173.252.95.17 - - [24/Jun/2023:13:51:54 -0500] "GET /proyecto-avantia-con-la-union-europea-busca-especialista-en-cambio-climatico.html HTTP/1.1" 206 814
172.22.2.4 - - [24/Jun/2023:13:52:58 -0500] "GET /BLA/boletinlegal/actos.php HTTP/1.1" 200 9682
172.22.2.4 - - [24/Jun/2023:13:52:59 -0500] "GET /BLA/boletinlegal/favicon.ico HTTP/1.1" 404 1326
172.22.2.4 - - [24/Jun/2023:13:53:00 -0500] "GET /BLA/boletinlegal/actos.php HTTP/1.1" 200 9682
172.22.2.4 - - [24/Jun/2023:13:53:01 -0500] "GET /BLA/boletinlegal/actos.php HTTP/1.1" 200 9682
181.71.17.251 - - [24/Jun/2023:13:53:03 -0500] "GET /BLA/resoluciones/ HTTP/1.1" 200 13502
181.71.17.251 - - [24/Jun/2023:13:53:03 -0500] "GET /favicon.ico HTTP/1.1" 200 7782
172.22.2.4 - - [24/Jun/2023:13:53:05 -0500] "GET /BLA/boletinlegal/images/screen_2.png HTTP/1.1" 200 362502
172.22.2.4 - - [24/Jun/2023:13:53:05 -0500] "GET /BLA/boletinlegal/images/screen_3.png HTTP/1.1" 200 210620
172.22.2.4 - - [24/Jun/2023:13:53:05 -0500] "GET /BLA/boletinlegal/images/screen_5.png HTTP/1.1" 200 368876
172.22.2.4 - - [24/Jun/2023:13:53:05 -0500] "GET /BLA/boletinlegal/images/arr_r.jpg HTTP/1.1" 200 1998
172.22.2.4 - - [24/Jun/2023:13:53:15 -0500] "GET /BLA/boletinlegal/images/pdf.gif HTTP/1.1" 200 567
181.71.17.251 - - [24/Jun/2023:13:53:17 -0500] "GET /BLA/resoluciones/index.php?dir=AUTOS+2022%2F HTTP/1.1" 200 497696
172.22.2.4 - - [24/Jun/2023:13:52:21 -0500] "HEAD /BLA/boletinlegal/ HTTP/1.1" 200 -
172.22.2.4 - - [24/Jun/2023:13:52:56 -0500] "GET /BLA/boletinlegal/ HTTP/1.1" 200 49188
201.245.192.253 - - [24/Jun/2023:13:54:36 -0500] "POST /kwsrmcab/Wsrmcab  HTTP/1.1" 200 40807
172.22.2.4 - - [24/Jun/2023:13:53:11 -0500] "GET /BLA/boletinlegal/ HTTP/1.1" 200 50801
173.252.95.119 - - [24/Jun/2023:13:55:19 -0500] "HEAD /acuerdos-de-conservacion-camaras-trampa-registran-fauna-en-la-reserva-umbral-cultural-horizontes.html HTTP/1.1" 206 -
216.245.221.92 - - [24/Jun/2023:13:56:22 -0500] "HEAD / HTTP/1.1" 200 -
69.171.231.6 - - [24/Jun/2023:13:58:37 -0500] "GET /secretaria-de-ambiente-entrego-balance-de-su-gestion-en-2022-y-presento-los-retos-para-el-2023.html HTTP/1.1" 200 968
201.245.192.253 - - [24/Jun/2023:13:59:35 -0500] "POST /kwsrmcab/Wsrmcab  HTTP/1.1" 200 40807
172.22.2.4 - - [24/Jun/2023:13:58:11 -0500] "HEAD /BLA/boletinlegal/ HTTP/1.1" 200 -
172.22.2.4 - - [24/Jun/2023:13:59:01 -0500] "GET /BLA/boletinlegal/ HTTP/1.1" 200 55337
216.245.221.92 - - [24/Jun/2023:14:01:22 -0500] "HEAD / HTTP/1.1" 200 -
45.156.129.7 - - [24/Jun/2023:14:04:25 -0500] "GET /favicon.ico HTTP/1.1" 200 7782
201.245.192.253 - - [24/Jun/2023:14:04:34 -0500] "POST /kwsrmcab/Wsrmcab  HTTP/1.1" 200 40807
172.22.2.4 - - [24/Jun/2023:14:04:01 -0500] "HEAD /BLA/boletinlegal/ HTTP/1.1" 200 -
216.245.221.92 - - [24/Jun/2023:14:06:22 -0500] "HEAD / HTTP/1.1" 200 -
172.22.2.4 - - [24/Jun/2023:14:04:51 -0500] "GET /BLA/boletinlegal/ HTTP/1.1" 200 58825
66.249.66.71 - - [24/Jun/2023:14:06:38 -0500] "GET /images/Di%CC%81a-de-la-Tierra-OPEL-banner.jpg HTTP/1.1" 404 1034
201.245.192.253 - - [24/Jun/2023:14:09:33 -0500] "POST /kwsrmcab/Wsrmcab  HTTP/1.1" 200 40807
201.244.142.228 - - [24/Jun/2023:14:11:16 -0500] "GET / HTTP/1.1" 200 4720
201.244.142.228 - - [24/Jun/2023:14:11:16 -0500] "GET /js/url.js HTTP/1.1" 404 1294
216.245.221.92 - - [24/Jun/2023:14:11:22 -0500] "HEAD / HTTP/1.1" 200 -
172.22.2.4 - - [24/Jun/2023:14:09:51 -0500] "HEAD /BLA/boletinlegal/ HTTP/1.1" 200 -
172.22.2.4 - - [24/Jun/2023:14:10:41 -0500] "GET /BLA/boletinlegal/ HTTP/1.1" 200 59192
157.90.254.89 - - [24/Jun/2023:14:12:33 -0500] "GET / HTTP/1.1" 200 4720
157.90.254.89 - - [24/Jun/2023:14:12:36 -0500] "GET / HTTP/1.1" 200 319
201.244.142.228 - - [24/Jun/2023:14:12:44 -0500] "POST /procesar.php HTTP/1.1" 200 977
201.244.142.228 - - [24/Jun/2023:14:12:53 -0500] "GET /mas-de-100-arboles-fueron-plantados-en-el-humedal-de-techo.html HTTP/1.1" 206 750
201.244.142.228 - - [24/Jun/2023:14:12:53 -0500] "GET /images/plantacion-humedal-techo.jpg HTTP/1.1" 206 96792
201.245.192.253 - - [24/Jun/2023:14:14:31 -0500] "POST /kwsrmcab/Wsrmcab  HTTP/1.1" 200 40807
186.31.152.127 - - [24/Jun/2023:14:15:08 -0500] "GET /mas-de-100-arboles-fueron-plantados-en-el-humedal-de-techo.html HTTP/1.1" 200 750
216.245.221.92 - - [24/Jun/2023:14:16:21 -0500] "HEAD / HTTP/1.1" 200 -
66.249.66.72 - - [24/Jun/2023:14:17:08 -0500] "GET /secretaria-de-ambiente-presenta-cartilla-con-el-protocolo-para-el-manejo-y-control-de-la-langostilla-de-rio.html HTTP/1.1" 200 857
172.22.2.4 - - [24/Jun/2023:14:15:41 -0500] "HEAD /BLA/boletinlegal/ HTTP/1.1" 200 -
172.22.2.4 - - [24/Jun/2023:14:16:31 -0500] "GET /BLA/boletinlegal/ HTTP/1.1" 200 57272
201.245.192.253 - - [24/Jun/2023:14:19:30 -0500] "POST /kwsrmcab/Wsrmcab  HTTP/1.1" 200 40807
201.245.192.253 - - [24/Jun/2023:14:19:50 -0500] "POST /kwsrmcab/Wsrmcab HTTP/1.1" 200 41923
201.245.192.253 - - [24/Jun/2023:14:19:53 -0500] "POST /kwsrmcab/Wsrmcab HTTP/1.1" 200 43344
173.252.95.17 - - [24/Jun/2023:14:20:05 -0500] "GET /acuerdos-de-conservacion-camaras-trampa-registran-fauna-en-la-reserva-umbral-cultural-horizontes.html HTTP/1.1" 200 818
173.252.95.13 - - [24/Jun/2023:14:20:05 -0500] "GET /acuerdos-de-conservacion-camaras-trampa-registran-fauna-en-la-reserva-umbral-cultural-horizontes.html HTTP/1.1" 200 818
173.252.95.13 - - [24/Jun/2023:14:20:05 -0500] "GET /acuerdos-de-conservacion-camaras-trampa-registran-fauna-en-la-reserva-umbral-cultural-horizontes.html HTTP/1.1" 200 818
69.171.230.5 - - [24/Jun/2023:14:20:47 -0500] "GET /images/serpiente-sabanera.jpeg HTTP/1.1" 200 167272
216.245.221.92 - - [24/Jun/2023:14:21:21 -0500] "HEAD / HTTP/1.1" 200 -
52.167.144.66 - - [24/Jun/2023:14:22:34 -0500] "GET /galeria/galeria/jquery.fancybox.js?v=2.1.5 HTTP/1.1" 200 48706
172.22.2.4 - - [24/Jun/2023:14:21:31 -0500] "HEAD /BLA/boletinlegal/ HTTP/1.1" 200 -
152.203.49.1 - - [24/Jun/2023:14:23:15 -0500] "OPTIONS /kwssiamovil/sm/setfile/f? HTTP/1.1" 200 13
152.203.49.1 - - [24/Jun/2023:14:23:15 -0500] "POST /kwssiamovil/sm/setfile/f? HTTP/1.1" 200 381
152.203.49.1 - - [24/Jun/2023:14:23:16 -0500] "OPTIONS /kwssiamovil/sm/setfile/f? HTTP/1.1" 200 13
152.203.49.1 - - [24/Jun/2023:14:23:17 -0500] "POST /kwssiamovil/sm/setfile/f? HTTP/1.1" 200 381
152.203.49.1 - - [24/Jun/2023:14:23:19 -0500] "OPTIONS /kwssiamovil/sm/setfile/f? HTTP/1.1" 200 13
152.203.49.1 - - [24/Jun/2023:14:23:19 -0500] "POST /kwssiamovil/sm/setfile/f? HTTP/1.1" 200 381
152.203.49.1 - - [24/Jun/2023:14:23:21 -0500] "OPTIONS /kwssiamovil/sm/setfile/f? HTTP/1.1" 200 13
152.203.49.1 - - [24/Jun/2023:14:23:22 -0500] "POST /kwssiamovil/sm/setfile/f? HTTP/1.1" 200 381
172.22.2.4 - - [24/Jun/2023:14:22:21 -0500] "GET /BLA/boletinlegal/ HTTP/1.1" 200 59192
152.203.49.1 - - [24/Jun/2023:14:24:17 -0500] "GET /kwssiamovil/sm/acme/a?s=U2FsdGVkX193E0iLzzdN+En/CdPOEitwJPaov9QdEFP6kKJe0zEXKW0vGFPKuwSLTBXDkxVk+Gf9SHK9v1zFMbxAmrzOlJf/FReFCO2SisiFDrTU656C44/Gl77G2nC4iRlT0Wc612UDbvFa1+AarhKxzkgRoAyajWaGEScp4+NYOv2DlOx0/1C82g9IvZQdociKLjkKCTTJJbedyZ8aKLaOLBwmYAYHB/Ivz+FxOS140/+wDFJqVFwi9gnYd1YTvLzwtzRjxeaa+Kt3L/DJdg==&u=U2FsdGVkX19J8ng2P7Qgkq2RDCrjPSgHISQSDFKODADqKg+6EfIY6uJcsCvCaBv/&y=U2FsdGVkX1+yNcmoVQp11xAy/meCROcOTBMZPxB7BBYpgJ426xpev4mC7mJV0g5f HTTP/1.1" 200 26
152.203.49.1 - - [24/Jun/2023:14:24:18 -0500] "GET /kwssiamovil/sm/acme/a?s=U2FsdGVkX1+3MymEmpnYAR1QpZBFPZ0RxebWB6e1QrJISok5IbJkaFl0BDcTC4hGxgk7tEp5JTQ66jB98dKa2qUsxi9zd1O8CNbr/kSKs5+QF/mYIGmlaY0a24LPqIkN9pmNUSuKmFW+nO+5ltakmZ3OE6zCQrWiq/Ti7kJGvLTE3tNiWTNOTnL7JzsBHc6Lz++tOw/ARJrbJMCxeBtomvSoviO6SIPmRQYau8WXkvLVRzpy8jKv2RpxhvADGZ+roKEpo9Uren6be9aDFij7c/FO+6g6xvlQKU49iVhwOqVnzuQHouxhYgmyeIt3pK/n75MNQQRPz7/OX/a6UrlFBpcbLmW+P2ahUzlf7e5Z/Zrcc+202s/3xEMebaGu2S0WFtVZ6+5cab1dIcJoSQGkwlnKZycRZUY8WfSx+g/qWeqtZe6Ly3n/Cm7khn5JDd/uAuhyHLItGYK5euaVucWOVMP1wkWKogy8RnAdfx6DG9B+roNYoFeIO/IPdKs9Nh5+wc4nMa0MTD/IMWw9WTQtl6tuhlBjU/MkjBf/E1LBAJO7gq98xdHvu5h8OV6gSm1nKokiM3ttzW/b79faBLqXibviKCaK53ozhFVezbE8oZ3KOh92iq5NYvXji68KK4tizerHb4SODFGes+F8qXmcUOf01mk7EkUQvYkfIsveHHAI+Q29H8ATMVA0K83RW+6/nQJ5j8QSjstHwakPHycoO/pbTYkfDGfdf0IK84itfWOQHQSCwUTtyj8tfSRhWJ6LGRwPZaNLqlOlgUUC5kRGT/vg+j+2NUh05RKU1d3qDAUzozwfr1vRZBEwV0lkEufUFXcC2T2NOGAGB0rgLbCFqvcDcV/xZ7zTdX0Snrh4H+RngfWi3FZlTrPkAeLySz6HXSf6s5F4GcJAbdEulYpNrHAc+DJo9RAKuNm7PQprcWhvI092EQHOau/AYttTfC2vAxJgsdEN/Vgv65mrH0ttNMKOLJMbnSbUDtSTJll4XgQLiqWVAkdR0rwzG8NCDZ2GWdfgNX+YY9Cw5kdxBtpybUYluwHu00UmjFaGKoYUm2+n/yL1XBkmVSg4zDLk56y78k4NWy1SPTYIXeEsNkVworGnVxWGSRTGtB32kN0s6ULJQhqphxj8q30WMJQgBi1S0IsL9eyUmQFoy8nrmb/y3+m4MrrYacHq/YucC6lt7ZH6MHj910R6gUoReS0LyZyw22MyDPAGqC8HJjWDiMX0RGKAr+8J5m0zwi0+shbp9NmM+cF1xOcCizw6DOmPf8vADP81f99JLpgxCpnYmkvcUG+frDIktepDU5UZ4XSA1OWjDOBsIf+RAP3AXt2o1wsPKErJZ6OIsNvqun9vY7Xa41iKrpcwd+z/H+U6mSrtZKceCI55+BvzTLRzb/bMgtZvOHShznPJVPWAkLtaozJNIu5a3W7VFPQWu4TN4I4jjY5XA7Whm9grl31ZRaiBFpapS3TaMTLAl0xdQwtgUxh1zPwD/Vv6PueN7iFQLO+6l9ELVJ4bfEcJJYEslSDM0E1oXWrILwPqrup+/dGFSqelHIc7NgMeQtLglnhN5mGLEI7MBSB1kocpLN0gHZmoijPumIwIZ94lAHm4L9gMB7BkkKQadL6GO1R8bQiZQOlEMqg=&u=U2FsdGVkX19J8ng2P7Qgkq2RDCrjPSgHISQSDFKODADqKg+6EfIY6uJcsCvCaBv/&y=U2FsdGVkX1+yNcmoVQp11xAy/meCROcOTBMZPxB7BBYpgJ426xpev4mC7mJV0g5f HTTP/1.1" 200 26
152.203.49.1 - - [24/Jun/2023:14:24:18 -0500] "GET /kwssiamovil/sm/acme/a?s=U2FsdGVkX1/1eBux1z+H549iNvL+D8KgloviCqI/1jx9L9ZEf14wpKlnXkoNQzZJJlNicrmLW3LJWeAa4tc+Xly4ntBROdpjJRMSznEi3zJejQQ91oYEglI8xdAGKeNv6+DKDkQT+gYgkXU57nh0HpPvraGzch1bjAOX0s19i34=&u=U2FsdGVkX19J8ng2P7Qgkq2RDCrjPSgHISQSDFKODADqKg+6EfIY6uJcsCvCaBv/&y=U2FsdGVkX1+yNcmoVQp11xAy/meCROcOTBMZPxB7BBYpgJ426xpev4mC7mJV0g5f HTTP/1.1" 200 26
152.203.49.1 - - [24/Jun/2023:14:24:18 -0500] "GET /kwssiamovil/sm/acme/a?s=U2FsdGVkX19RhF8uNVBQGGr8iG4xfKLMg6pd6oqkL+Nhke22DaFrB2+AtSLCQn7rL2siZgQoEazwEjme5+WP1HQSIebaQAUSNctHVNvTrOjMvptvOz/805qNMz1g/I6HgynEhNI+mlV9IJR/JITR8KGMxEQO+kfZ2Q9M760op5g=&u=U2FsdGVkX19J8ng2P7Qgkq2RDCrjPSgHISQSDFKODADqKg+6EfIY6uJcsCvCaBv/&y=U2FsdGVkX1+yNcmoVQp11xAy/meCROcOTBMZPxB7BBYpgJ426xpev4mC7mJV0g5f HTTP/1.1" 200 26
152.203.49.1 - - [24/Jun/2023:14:24:18 -0500] "GET /kwssiamovil/sm/acme/a?s=U2FsdGVkX19P2rSH/IuCJaDtJr6DFs9BYEXYlW5JWPlFDk0u2LJoUyCNhkviYpprj+dA2siBhdBk4JbNYllmRiDLzOZj/agfwNhNfIM3ViUBUAeFhrahuVDXKTRqTKbUQ8wd7y82JWZqTx4/6gESumP7RHIsRgNQiv2vvaNYc/k=&u=U2FsdGVkX19J8ng2P7Qgkq2RDCrjPSgHISQSDFKODADqKg+6EfIY6uJcsCvCaBv/&y=U2FsdGVkX1+yNcmoVQp11xAy/meCROcOTBMZPxB7BBYpgJ426xpev4mC7mJV0g5f HTTP/1.1" 200 26
152.203.49.1 - - [24/Jun/2023:14:24:18 -0500] "GET /kwssiamovil/sm/acme/a?s=U2FsdGVkX1+gR4iYbjGnNjjIXScyDXtQl+siTo7MT0j0aywqYYBWwFF3DS2xq+FIspTqUPm5qgVikCtVnMqrCq2IwO8lHgfu6ZyQT0ZDJkqSeyBuFY/VzO+VmBb77mldbU/EGtmr6HkjkXsMvy00WvISLd94TbHdnQt1GBWyK4UHQ/u+fMEJiJCt6G0gpC/vKbx4aRv5j0H3jHSphM0Yjg==&u=U2FsdGVkX19J8ng2P7Qgkq2RDCrjPSgHISQSDFKODADqKg+6EfIY6uJcsCvCaBv/&y=U2FsdGVkX1+yNcmoVQp11xAy/meCROcOTBMZPxB7BBYpgJ426xpev4mC7mJV0g5f HTTP/1.1" 200 26
152.203.49.1 - - [24/Jun/2023:14:24:18 -0500] "GET /kwssiamovil/sm/acme/a?s=U2FsdGVkX1/sgh7RSrGn5CGtB9SNBgrgbsLBaKtbDPKP0X9DFO2X570/5ubSg2CO4+XcKQQsHknzIOSRA2ftEsEyqwtPEhOMOHCkrGpsUuBJtso1GCl+nTAv5WeF4U94feNxmYj/4+j73y6gV4vvmjdei5MIaI1L7MJY0Skt+icQqu7uRSeDYRf/ZvkzqSUkJzZ/nO6SyQ4yTuLUfTxWUA==&u=U2FsdGVkX19J8ng2P7Qgkq2RDCrjPSgHISQSDFKODADqKg+6EfIY6uJcsCvCaBv/&y=U2FsdGVkX1+yNcmoVQp11xAy/meCROcOTBMZPxB7BBYpgJ426xpev4mC7mJV0g5f HTTP/1.1" 200 26
152.203.49.1 - - [24/Jun/2023:14:24:18 -0500] "GET /kwssiamovil/sm/acme/a?s=U2FsdGVkX19O8KdyDw6gEBwzPhlhS98NMwclNWkzhvukY/k3QZsWEB4G9IgBeXD5dZ/NzRIPqjM0c+ovdT1cJfUMqmc8/2PpV2j9UGWW4In1CTWSbfgavDHKPR9rtNgQDQjc+SPFYpGFTOvmD+PAJVYa+yPbhj4+rqoqTXMKlsiYa+BrpW8X85ZF5+fNe+fC&u=U2FsdGVkX19J8ng2P7Qgkq2RDCrjPSgHISQSDFKODADqKg+6EfIY6uJcsCvCaBv/&y=U2FsdGVkX1+yNcmoVQp11xAy/meCROcOTBMZPxB7BBYpgJ426xpev4mC7mJV0g5f HTTP/1.1" 200 26
152.203.49.1 - - [24/Jun/2023:14:24:19 -0500] "GET /kwssiamovil/sm/acme/a?s=U2FsdGVkX1+TSGX6kFsUiGZJ95IwHa5elIv/pi4+zb+2GkG3Z81qUP/maCtYmUbIoAQNJTrDMYSfxSFcXjNNw7wcYKnS/32clFrRziAiMRrAyEwoBnAq0AtXEj5EFpftv5uY84ijNmuER47zSp6wwSPRCfxhwdSGnQrV8Jg35YMBpKZHX9jo3HjtiJfsFsVHdlw3ADHqYjXbziC13Ra58g==&u=U2FsdGVkX19J8ng2P7Qgkq2RDCrjPSgHISQSDFKODADqKg+6EfIY6uJcsCvCaBv/&y=U2FsdGVkX1+yNcmoVQp11xAy/meCROcOTBMZPxB7BBYpgJ426xpev4mC7mJV0g5f HTTP/1.1" 200 26
152.203.49.1 - - [24/Jun/2023:14:24:19 -0500] "GET /kwssiamovil/sm/acme/a?s=U2FsdGVkX19PLK7z8EMJhEYZYCyd8+zRONhns9KIiwkOvnIWEX14wnz3xrPXKZ5Ak4BerdBIdAj4tDkOcbOfvEPj8a09FaosFzy5sl0/Zb+yhkqiMbW6ApDa4auOqsyRjIvJf8a/TDD4f1jldrchh2e+wGJWsgY4pxnfqs3e0XUi4Ti0oyJ3lvbZG+2EOGu9&u=U2FsdGVkX19J8ng2P7Qgkq2RDCrjPSgHISQSDFKODADqKg+6EfIY6uJcsCvCaBv/&y=U2FsdGVkX1+yNcmoVQp11xAy/meCROcOTBMZPxB7BBYpgJ426xpev4mC7mJV0g5f HTTP/1.1" 200 26
152.203.49.1 - - [24/Jun/2023:14:24:19 -0500] "GET /kwssiamovil/sm/acme/a?s=U2FsdGVkX1/L58ELur7Kea8v3NPVw3hhWlue3kgpcBA81mHpvRuZIGvCbphggS1BDeTUBXf44Sh7spzkouB64Zc7YiYrejI3bR48Q3NMl4U6OBWr0Iyz6PnoiyGyC1oSo1EziAMSBW3VmXFHdGsrPWL3uThTlhaCdrGi7vagWQYijTG7gL6301Bn9OpYNhk5PC48Y823E8Hz9deh1PRZNg==&u=U2FsdGVkX19J8ng2P7Qgkq2RDCrjPSgHISQSDFKODADqKg+6EfIY6uJcsCvCaBv/&y=U2FsdGVkX1+yNcmoVQp11xAy/meCROcOTBMZPxB7BBYpgJ426xpev4mC7mJV0g5f HTTP/1.1" 200 26
152.203.49.1 - - [24/Jun/2023:14:24:19 -0500] "GET /kwssiamovil/sm/acme/a?s=U2FsdGVkX18/EfAQhk/Rv1VKqE7QKMJZO3NvLe28h1Dq2DVhQBt/sD/U4OlJiS+5WG9VczCwe62oLbd87gah+JXc4dnWLbEiuhr3k/xWWnKjat5eZuXa8XsqFHqdC2YdeYLOJIhBukdc/Moy99y9sp9f9EBt6qyKZFZFZWrS7vWoEgLwy/xR32w4hpaBLmld&u=U2FsdGVkX19J8ng2P7Qgkq2RDCrjPSgHISQSDFKODADqKg+6EfIY6uJcsCvCaBv/&y=U2FsdGVkX1+yNcmoVQp11xAy/meCROcOTBMZPxB7BBYpgJ426xpev4mC7mJV0g5f HTTP/1.1" 200 26
152.203.49.1 - - [24/Jun/2023:14:24:19 -0500] "GET /kwssiamovil/sm/acme/a?s=U2FsdGVkX18mWK7lmirmVaN0VtHTiarJxATlI4x5ns/MVHiOZQrnCCfUdQZ0JHT9aVACqyk5dwjRZtcKa2qbRaQsTuctuFhyM3ESaVtcfCNXIaNX31oT67AOu1vRV0zDCr6P+c4h2Hf2y/8EceSpAqJ4iw/+NbWTnWuCIP1cmX9JoK/MA3GFjAo58KG0FOKUe+onegbrex1ntn2Z8J+msQ==&u=U2FsdGVkX19J8ng2P7Qgkq2RDCrjPSgHISQSDFKODADqKg+6EfIY6uJcsCvCaBv/&y=U2FsdGVkX1+yNcmoVQp11xAy/meCROcOTBMZPxB7BBYpgJ426xpev4mC7mJV0g5f HTTP/1.1" 200 26
152.203.49.1 - - [24/Jun/2023:14:24:19 -0500] "GET /kwssiamovil/sm/acme/a?s=U2FsdGVkX1/0XLN9LbuVHpYs4n1nlwcnt4+EIGqe7ahSRZ6AzlgVhI59AiNybf+CJO/JtlATnKvxdJD6ZvYxS3RZ09T9hHsxbUdvcjW0fTwfBFzhhJD1KKH6Khc08upT7IjSh+vSV7p0PVX0Uu7XcLT8zFQL7C1891WeDFJ9oXI48dHG1MSq4llF8QaTaBbaTdl2P0eGc2ttKaSj7i8xRw==&u=U2FsdGVkX19J8ng2P7Qgkq2RDCrjPSgHISQSDFKODADqKg+6EfIY6uJcsCvCaBv/&y=U2FsdGVkX1+yNcmoVQp11xAy/meCROcOTBMZPxB7BBYpgJ426xpev4mC7mJV0g5f HTTP/1.1" 200 26
201.245.192.253 - - [24/Jun/2023:14:24:28 -0500] "POST /kwsrmcab/Wsrmcab  HTTP/1.1" 200 40807
152.203.49.1 - - [24/Jun/2023:14:24:34 -0500] "GET /kwssiamovil/sm/acme/u?s=U2FsdGVkX1/Bxr/i3uSJwz5UGrGdo+FPR3btFAPpeRpx87TLQ6WDdgyADki+eyiZ71F7B72rrz7pJzdoMW11Ys54SLY/olsv4gOvrQM5jbnB+7BqhE0SIpzqXP9ooIs0lUv20PN7IQNbm9gW3ykAvkpAmjXcTSWUYwlPas0b+cU=&u=U2FsdGVkX19J8ng2P7Qgkq2RDCrjPSgHISQSDFKODADqKg+6EfIY6uJcsCvCaBv/&y=U2FsdGVkX1+yNcmoVQp11xAy/meCROcOTBMZPxB7BBYpgJ426xpev4mC7mJV0g5f HTTP/1.1" 200 60
138.201.48.205 - - [24/Jun/2023:14:26:20 -0500] "-" 408 -
216.245.221.92 - - [24/Jun/2023:14:26:22 -0500] "HEAD / HTTP/1.1" 200 -
52.167.144.66 - - [24/Jun/2023:14:28:56 -0500] "GET /sipse/faces/presentacion/sistema/anexos/cargarAnexoSolicitudProceso.xhtml HTTP/1.1" 302 -
52.167.144.66 - - [24/Jun/2023:14:28:56 -0500] "GET /sipse/faces/autenticacion.xhtml HTTP/1.1" 200 12179
172.22.2.4 - - [24/Jun/2023:14:27:21 -0500] "HEAD /BLA/boletinlegal/ HTTP/1.1" 200 -
201.245.192.253 - - [24/Jun/2023:14:29:27 -0500] "POST /kwsrmcab/Wsrmcab  HTTP/1.1" 200 40807
172.22.2.4 - - [24/Jun/2023:14:28:11 -0500] "GET /BLA/boletinlegal/ HTTP/1.1" 200 56100
201.245.192.253 - - [24/Jun/2023:14:29:49 -0500] "POST /kwsrmcab/Wsrmcab HTTP/1.1" 200 41923
45.238.181.89 - - [24/Jun/2023:14:29:53 -0500] "GET /BLA/boletinlegal/js/jquery.scrollShow.js HTTP/1.1" 200 4586
45.238.181.89 - - [24/Jun/2023:14:29:53 -0500] "GET /galeria/galeria/jquery.fancybox.css?v=2.1.5 HTTP/1.1" 200 4895
45.238.181.89 - - [24/Jun/2023:14:29:53 -0500] "GET /galeria/galeria/jquery.fancybox.js?v=2.1.5 HTTP/1.1" 200 48706
201.245.192.253 - - [24/Jun/2023:14:29:52 -0500] "POST /kwsrmcab/Wsrmcab HTTP/1.1" 200 43344
216.245.221.92 - - [24/Jun/2023:14:31:21 -0500] "HEAD / HTTP/1.1" 200 -
52.167.144.60 - - [24/Jun/2023:14:32:10 -0500] "GET /BLA/resoluciones/RESOLUCIONES%202021/0157.pdf HTTP/1.1" 200 4409484
157.55.39.208 - - [24/Jun/2023:14:32:47 -0500] "GET /documents/10184/4740387/pot-humedales-2023.jpg/2c34d385-5047-4c3b-b76d-97b90ad1b9c8?t=1685484750170 HTTP/1.1" 404 1034
201.245.192.253 - - [24/Jun/2023:14:34:26 -0500] "POST /kwsrmcab/Wsrmcab  HTTP/1.1" 200 40807
172.22.2.4 - - [24/Jun/2023:14:33:11 -0500] "HEAD /BLA/boletinlegal/ HTTP/1.1" 200 -
190.60.254.212 - - [24/Jun/2023:14:35:22 -0500] "GET /sipse/faces/index.xhtml HTTP/1.1" 200 677
190.60.254.212 - - [24/Jun/2023:14:35:22 -0500] "GET /sipse/faces/javax.faces.resource/theme.css?ln=primefaces-sipse HTTP/1.1" 304 -
190.60.254.212 - - [24/Jun/2023:14:35:22 -0500] "GET /sipse/faces/faces/autenticacion.xhtml HTTP/1.1" 200 12179
190.60.254.212 - - [24/Jun/2023:14:35:22 -0500] "GET /sipse/js/disable_browser_buttons.js HTTP/1.1" 304 -
190.60.254.212 - - [24/Jun/2023:14:35:22 -0500] "GET /sipse/css/custom_css_sg_prime_login.css HTTP/1.1" 304 -
190.60.254.212 - - [24/Jun/2023:14:35:22 -0500] "GET /sipse/faces/javax.faces.resource/theme.css?ln=primefaces-sipse HTTP/1.1" 304 -
190.60.254.212 - - [24/Jun/2023:14:35:22 -0500] "GET /sipse/faces/javax.faces.resource/primefaces.css?ln=primefaces&v=4.0 HTTP/1.1" 304 -
190.60.254.212 - - [24/Jun/2023:14:35:22 -0500] "GET /sipse/faces/javax.faces.resource/layout/layout.css?ln=primefaces&v=4.0 HTTP/1.1" 304 -
190.60.254.212 - - [24/Jun/2023:14:35:22 -0500] "GET /sipse/js/funciones.js HTTP/1.1" 304 -
190.60.254.212 - - [24/Jun/2023:14:35:22 -0500] "GET /sipse/faces/javax.faces.resource/jquery/jquery-plugins.js?ln=primefaces&v=4.0 HTTP/1.1" 304 -
190.60.254.212 - - [24/Jun/2023:14:35:22 -0500] "GET /sipse/faces/javax.faces.resource/jquery/jquery.js?ln=primefaces&v=4.0 HTTP/1.1" 304 -
190.60.254.212 - - [24/Jun/2023:14:35:22 -0500] "GET /sipse/faces/javax.faces.resource/primefaces.js?ln=primefaces&v=4.0 HTTP/1.1" 304 -
190.60.254.212 - - [24/Jun/2023:14:35:22 -0500] "GET /sipse/faces/javax.faces.resource/layout/layout.js?ln=primefaces&v=4.0 HTTP/1.1" 304 -
190.60.254.212 - - [24/Jun/2023:14:35:23 -0500] "GET /sipse/css/custom_css_sg.css HTTP/1.1" 304 -
190.60.254.212 - - [24/Jun/2023:14:35:23 -0500] "GET /sipse/css/imagen/logoSDG.png HTTP/1.1" 304 -
190.60.254.212 - - [24/Jun/2023:14:35:23 -0500] "GET /sipse/css/imagen/loginimg.png HTTP/1.1" 304 -
190.60.254.212 - - [24/Jun/2023:14:35:23 -0500] "GET /sipse/faces/javax.faces.resource/images/ui-icons_898989_256x240.png?ln=primefaces-aristo HTTP/1.1" 304 -
190.60.254.212 - - [24/Jun/2023:14:35:27 -0500] "POST /sipse/faces/autenticacion.xhtml HTTP/1.1" 200 2224
190.60.254.212 - - [24/Jun/2023:14:35:27 -0500] "GET /sipse/faces/javax.faces.resource/messages/messages.png?ln=primefaces&v=4.0 HTTP/1.1" 304 -
190.60.254.212 - - [24/Jun/2023:14:35:29 -0500] "POST /sipse/faces/autenticacion.xhtml HTTP/1.1" 200 16329
190.60.254.212 - - [24/Jun/2023:14:35:29 -0500] "GET /sipse/css/custom_css_sg_prime.css HTTP/1.1" 304 -
190.60.254.212 - - [24/Jun/2023:14:35:29 -0500] "GET /sipse/faces/javax.faces.resource/theme.css?ln=primefaces-sipse HTTP/1.1" 304 -
190.60.254.212 - - [24/Jun/2023:14:35:29 -0500] "GET /sipse/faces/javax.faces.resource/primefaces.css?ln=primefaces&v=4.0 HTTP/1.1" 304 -
190.60.254.212 - - [24/Jun/2023:14:35:29 -0500] "GET /sipse/faces/javax.faces.resource/layout/layout.css?ln=primefaces&v=4.0 HTTP/1.1" 304 -
190.60.254.212 - - [24/Jun/2023:14:35:29 -0500] "GET /sipse/js/jquery.min.js HTTP/1.1" 304 -
190.60.254.212 - - [24/Jun/2023:14:35:29 -0500] "GET /sipse/faces/javax.faces.resource/jquery/jquery.js?ln=primefaces&v=4.0 HTTP/1.1" 304 -
190.60.254.212 - - [24/Jun/2023:14:35:30 -0500] "GET /sipse/faces/javax.faces.resource/jquery/jquery-plugins.js?ln=primefaces&v=4.0 HTTP/1.1" 304 -
190.60.254.212 - - [24/Jun/2023:14:35:30 -0500] "GET /sipse/faces/javax.faces.resource/primefaces.js?ln=primefaces&v=4.0 HTTP/1.1" 304 -
190.60.254.212 - - [24/Jun/2023:14:35:30 -0500] "GET /sipse/faces/javax.faces.resource/layout/layout.js?ln=primefaces&v=4.0 HTTP/1.1" 304 -
190.60.254.212 - - [24/Jun/2023:14:35:30 -0500] "GET /sipse/css/v_mergente.css HTTP/1.1" 304 -
190.60.254.212 - - [24/Jun/2023:14:35:30 -0500] "GET /sipse/css/imagen/contrasena.png HTTP/1.1" 404 383
190.60.254.212 - - [24/Jun/2023:14:35:30 -0500] "GET /sipse/imagenes/cargando.gif HTTP/1.1" 304 -
190.60.254.212 - - [24/Jun/2023:14:35:30 -0500] "GET /sipse/imagenes/logoAplicacion.jpg HTTP/1.1" 304 -
190.60.254.212 - - [24/Jun/2023:14:35:33 -0500] "GET /sipse/faces/javax.faces.resource/images/ui-bg_flat_0_2d5972_40x100.png?ln=primefaces-aristo HTTP/1.1" 304 -
190.60.254.212 - - [24/Jun/2023:14:35:33 -0500] "POST /sipse/faces/bienvenido.xhtml HTTP/1.1" 200 2658
190.60.254.212 - - [24/Jun/2023:14:35:34 -0500] "POST /sipse/faces/bienvenido.xhtml HTTP/1.1" 200 64731
190.60.254.212 - - [24/Jun/2023:14:35:35 -0500] "GET /sipse/faces/javax.faces.resource/theme.css?ln=primefaces-sipse HTTP/1.1" 304 -
190.60.254.212 - - [24/Jun/2023:14:35:35 -0500] "GET /sipse/faces/javax.faces.resource/primefaces.css?ln=primefaces&v=4.0 HTTP/1.1" 304 -
190.60.254.212 - - [24/Jun/2023:14:35:35 -0500] "GET /sipse/faces/javax.faces.resource/layout/layout.css?ln=primefaces&v=4.0 HTTP/1.1" 304 -
190.60.254.212 - - [24/Jun/2023:14:35:35 -0500] "GET /sipse/faces/javax.faces.resource/jquery/jquery.js?ln=primefaces&v=4.0 HTTP/1.1" 304 -
190.60.254.212 - - [24/Jun/2023:14:35:35 -0500] "GET /sipse/faces/javax.faces.resource/jquery/jquery-plugins.js?ln=primefaces&v=4.0 HTTP/1.1" 304 -
190.60.254.212 - - [24/Jun/2023:14:35:35 -0500] "GET /sipse/faces/javax.faces.resource/primefaces.js?ln=primefaces&v=4.0 HTTP/1.1" 304 -
190.60.254.212 - - [24/Jun/2023:14:35:35 -0500] "GET /sipse/faces/javax.faces.resource/layout/layout.js?ln=primefaces&v=4.0 HTTP/1.1" 304 -
190.60.254.212 - - [24/Jun/2023:14:35:35 -0500] "POST /sipse/faces/presentacion/financiero/solicitudProceso/listarSolicitudProceso.xhtml HTTP/1.1" 200 1556
190.60.254.212 - - [24/Jun/2023:14:35:39 -0500] "POST /sipse/faces/presentacion/financiero/solicitudProceso/listarSolicitudProceso.xhtml HTTP/1.1" 200 23085
172.22.2.4 - - [24/Jun/2023:14:34:01 -0500] "GET /BLA/boletinlegal/ HTTP/1.1" 200 59192
172.22.2.4 - - [24/Jun/2023:14:35:44 -0500] "GET /BLA/boletinlegal/actos.php HTTP/1.1" 200 9682
172.22.2.4 - - [24/Jun/2023:14:35:44 -0500] "GET /BLA/boletinlegal/js/ajax_actos.js HTTP/1.1" 200 1322
172.22.2.4 - - [24/Jun/2023:14:35:44 -0500] "GET /BLA/boletinlegal/niceforms.js HTTP/1.1" 200 22876
172.22.2.4 - - [24/Jun/2023:14:35:44 -0500] "GET /BLA/boletinlegal/js/lib.js HTTP/1.1" 200 6474
172.22.2.4 - - [24/Jun/2023:14:35:44 -0500] "GET /BLA/boletinlegal/js/popup.js HTTP/1.1" 200 1270
172.22.2.4 - - [24/Jun/2023:14:35:44 -0500] "GET /BLA/boletinlegal/js/jquery1.js HTTP/1.1" 200 29846
172.22.2.4 - - [24/Jun/2023:14:35:44 -0500] "GET /BLA/boletinlegal/images/cabezote%20BLEGAL.jpg HTTP/1.1" 200 118164
172.22.2.4 - - [24/Jun/2023:14:35:44 -0500] "GET /BLA/boletinlegal/images/subscribe-icon-big.png HTTP/1.1" 200 47702
172.22.2.4 - - [24/Jun/2023:14:35:44 -0500] "GET /BLA/boletinlegal/images/historia.png HTTP/1.1" 200 52775
172.22.2.4 - - [24/Jun/2023:14:35:44 -0500] "GET /BLA/boletinlegal/images/registro-usuarios.png HTTP/1.1" 200 8106
172.22.2.4 - - [24/Jun/2023:14:35:44 -0500] "GET /BLA/boletinlegal/images/tel.png HTTP/1.1" 200 14477
172.22.2.4 - - [24/Jun/2023:14:35:44 -0500] "GET /BLA/boletinlegal/images/green-yellow-blue-pink-th.png HTTP/1.1" 200 7394
172.22.2.4 - - [24/Jun/2023:14:35:44 -0500] "GET /BLA/boletinlegal/images/icono-email.png HTTP/1.1" 200 5544
172.22.2.4 - - [24/Jun/2023:14:35:44 -0500] "GET /BLA/boletinlegal/images/body_bg.jpg HTTP/1.1" 200 1601
172.22.2.4 - - [24/Jun/2023:14:35:44 -0500] "GET /BLA/boletinlegal/images/menu_lft.gif HTTP/1.1" 200 1713
172.22.2.4 - - [24/Jun/2023:14:35:44 -0500] "GET /BLA/boletinlegal/images/bg_top.jpg HTTP/1.1" 200 522
172.22.2.4 - - [24/Jun/2023:14:35:44 -0500] "GET /BLA/boletinlegal/images/menu_rght.gif HTTP/1.1" 200 1627
172.22.2.4 - - [24/Jun/2023:14:35:44 -0500] "GET /BLA/boletinlegal/images/menu_bg.jpg HTTP/1.1" 200 620
172.22.2.4 - - [24/Jun/2023:14:35:44 -0500] "GET /BLA/boletinlegal/images/footer_bg.jpg HTTP/1.1" 200 586
172.22.2.4 - - [24/Jun/2023:14:35:44 -0500] "GET /BLA/boletinlegal/images/text.jpg HTTP/1.1" 200 568
172.22.2.4 - - [24/Jun/2023:14:35:44 -0500] "GET /BLA/boletinlegal/images/hover.jpg HTTP/1.1" 200 640
172.22.2.4 - - [24/Jun/2023:14:35:44 -0500] "GET /BLA/boletinlegal/images/footer_bg_l.jpg HTTP/1.1" 200 776
172.22.2.4 - - [24/Jun/2023:14:35:45 -0500] "GET /BLA/boletinlegal/img/0.png HTTP/1.1" 200 110
172.22.2.4 - - [24/Jun/2023:14:35:45 -0500] "GET /BLA/boletinlegal/img/select-left.png HTTP/1.1" 200 263
172.22.2.4 - - [24/Jun/2023:14:35:45 -0500] "GET /BLA/boletinlegal/img/select-right.png HTTP/1.1" 200 44019
172.22.2.4 - - [24/Jun/2023:14:35:45 -0500] "GET /BLA/boletinlegal/img/button.png HTTP/1.1" 200 43241
172.22.2.4 - - [24/Jun/2023:14:35:45 -0500] "GET /BLA/boletinlegal/img/button-right.png HTTP/1.1" 200 57878
172.22.2.4 - - [24/Jun/2023:14:35:45 -0500] "GET /BLA/boletinlegal/img/button-left.png HTTP/1.1" 200 57071
172.22.2.4 - - [24/Jun/2023:14:35:45 -0500] "GET /BLA/boletinlegal/favicon.ico HTTP/1.1" 404 1326
172.22.2.4 - - [24/Jun/2023:14:35:47 -0500] "GET /BLA/boletinlegal/favicon.ico HTTP/1.1" 404 1326
172.22.2.4 - - [24/Jun/2023:14:35:47 -0500] "GET /BLA/boletinlegal/favicon.ico HTTP/1.1" 404 1038
172.22.2.4 - - [24/Jun/2023:14:35:48 -0500] "GET /BLA/boletinlegal/consulta_actos.php?tipo=autos&no=&usuario=&sector=&fecha=2023&resuelve= HTTP/1.1" 200 347360
172.22.2.4 - - [24/Jun/2023:14:35:48 -0500] "GET /BLA/boletinlegal/images/pdf.gif HTTP/1.1" 200 567
172.22.2.4 - - [24/Jun/2023:14:35:53 -0500] "GET /BLA/boletinlegal/consulta_actos.php?tipo=resoluciones&no=&usuario=&sector=&fecha=2023&resuelve= HTTP/1.1" 200 103420
216.245.221.92 - - [24/Jun/2023:14:36:21 -0500] "HEAD / HTTP/1.1" 200 -
172.22.2.4 - - [24/Jun/2023:14:36:44 -0500] "GET /BLA/boletinlegal/conceptos.php HTTP/1.1" 200 7496
172.22.2.4 - - [24/Jun/2023:14:36:44 -0500] "GET /BLA/boletinlegal/conceptos.php HTTP/1.1" 200 7496
172.22.2.4 - - [24/Jun/2023:14:36:44 -0500] "GET /BLA/boletinlegal/js/ajax_conceptos.js HTTP/1.1" 200 1326
172.22.2.4 - - [24/Jun/2023:14:36:46 -0500] "GET /BLA/boletinlegal/consulta_conceptos.php?no=&solicitante=&radicado_entrada=&fecha_concepto=2023&objeto= HTTP/1.1" 200 14440
172.22.2.4 - - [24/Jun/2023:14:36:47 -0500] "GET /BLA/boletinlegal/favicon.ico HTTP/1.1" 404 1334
172.22.2.4 - - [24/Jun/2023:14:36:47 -0500] "GET /BLA/boletinlegal/favicon.ico HTTP/1.1" 404 1038
69.171.230.10 - - [24/Jun/2023:14:38:43 -0500] "GET /acuerdos-de-conservacion-camaras-trampa-registran-fauna-en-la-reserva-umbral-cultural-horizontes.html HTTP/1.1" 200 818
69.171.230.9 - - [24/Jun/2023:14:38:43 -0500] "GET /acuerdos-de-conservacion-camaras-trampa-registran-fauna-en-la-reserva-umbral-cultural-horizontes.html HTTP/1.1" 200 818
69.171.230.119 - - [24/Jun/2023:14:38:43 -0500] "GET /acuerdos-de-conservacion-camaras-trampa-registran-fauna-en-la-reserva-umbral-cultural-horizontes.html HTTP/1.1" 200 818
69.171.230.112 - - [24/Jun/2023:14:38:57 -0500] "GET /secretaria-de-ambiente-presenta-cartilla-con-el-protocolo-para-el-manejo-y-control-de-la-langostilla-de-rio.html HTTP/1.1" 200 857
69.171.230.2 - - [24/Jun/2023:14:38:57 -0500] "GET /secretaria-de-ambiente-presenta-cartilla-con-el-protocolo-para-el-manejo-y-control-de-la-langostilla-de-rio.html HTTP/1.1" 200 857
69.171.230.5 - - [24/Jun/2023:14:38:57 -0500] "GET /secretaria-de-ambiente-presenta-cartilla-con-el-protocolo-para-el-manejo-y-control-de-la-langostilla-de-rio.html HTTP/1.1" 200 857
173.252.95.119 - - [24/Jun/2023:14:39:14 -0500] "GET /mas-de-100-arboles-fueron-plantados-en-el-humedal-de-techo.html HTTP/1.1" 200 750
69.171.249.1 - - [24/Jun/2023:14:39:14 -0500] "GET /mas-de-100-arboles-fueron-plantados-en-el-humedal-de-techo.html HTTP/1.1" 206 750
173.252.95.17 - - [24/Jun/2023:14:39:14 -0500] "GET /mas-de-100-arboles-fueron-plantados-en-el-humedal-de-techo.html HTTP/1.1" 200 750
173.252.95.116 - - [24/Jun/2023:14:39:14 -0500] "GET /mas-de-100-arboles-fueron-plantados-en-el-humedal-de-techo.html HTTP/1.1" 200 750
173.252.111.1 - - [24/Jun/2023:14:39:15 -0500] "GET /mas-de-100-arboles-fueron-plantados-en-el-humedal-de-techo.html HTTP/1.1" 206 750
201.245.192.253 - - [24/Jun/2023:14:39:26 -0500] "POST /kwsrmcab/Wsrmcab  HTTP/1.1" 200 40807
201.245.192.253 - - [24/Jun/2023:14:39:49 -0500] "POST /kwsrmcab/Wsrmcab HTTP/1.1" 200 41923
152.203.49.1 - - [24/Jun/2023:14:39:54 -0500] "OPTIONS /kwssiamovil/sm/setfile/f? HTTP/1.1" 200 13
201.245.192.253 - - [24/Jun/2023:14:39:52 -0500] "POST /kwsrmcab/Wsrmcab HTTP/1.1" 200 43344
152.203.49.1 - - [24/Jun/2023:14:39:54 -0500] "POST /kwssiamovil/sm/setfile/f? HTTP/1.1" 200 381
152.203.49.1 - - [24/Jun/2023:14:39:57 -0500] "OPTIONS /kwssiamovil/sm/setfile/f? HTTP/1.1" 200 13
152.203.49.1 - - [24/Jun/2023:14:39:57 -0500] "POST /kwssiamovil/sm/setfile/f? HTTP/1.1" 200 381
152.203.49.1 - - [24/Jun/2023:14:39:59 -0500] "OPTIONS /kwssiamovil/sm/setfile/f? HTTP/1.1" 200 13
152.203.49.1 - - [24/Jun/2023:14:40:00 -0500] "POST /kwssiamovil/sm/setfile/f? HTTP/1.1" 200 381
152.203.49.1 - - [24/Jun/2023:14:40:02 -0500] "OPTIONS /kwssiamovil/sm/setfile/f? HTTP/1.1" 200 13
152.203.49.1 - - [24/Jun/2023:14:40:02 -0500] "POST /kwssiamovil/sm/setfile/f? HTTP/1.1" 200 381
152.203.49.1 - - [24/Jun/2023:14:40:04 -0500] "OPTIONS /kwssiamovil/sm/setfile/f? HTTP/1.1" 200 13
152.203.49.1 - - [24/Jun/2023:14:40:04 -0500] "POST /kwssiamovil/sm/setfile/f? HTTP/1.1" 200 381
152.203.49.1 - - [24/Jun/2023:14:40:15 -0500] "GET /kwssiamovil/sm/acme/a?s=U2FsdGVkX19zBLrgNdm6KQCm9EuZTQQhpj0Vq5ZND5EVLg9tXKkxlpmunVXYiCkdYBsRxsiiLW0Y5YGa2nUWL9R9FtFPLxtfkF3ekk/qOljMl6FLdBvUwLqLst95H8Yg21IsuFNT3ZbY9AYjbTiNRIWVMWUjE7WBdg+y0nm62VvtWcQV05xm71qaSG+S66BStr+dunIspWoist7YnR0VwKF3+5auOUi/qZj+fQ5m2YnbmjX7lvlt5hl1jUl3mQWsctOEaxerAWUJyWwxOmZjug==&u=U2FsdGVkX19J8ng2P7Qgkq2RDCrjPSgHISQSDFKODADqKg+6EfIY6uJcsCvCaBv/&y=U2FsdGVkX1+yNcmoVQp11xAy/meCROcOTBMZPxB7BBYpgJ426xpev4mC7mJV0g5f HTTP/1.1" 200 26
152.203.49.1 - - [24/Jun/2023:14:40:15 -0500] "GET /kwssiamovil/sm/acme/a?s=U2FsdGVkX1/BbOyxIQG/zIBNtBS43S+AA7QA0QKBJ8ZcH0N2r2NL4dWDjvfMSq9i5bGDaR7vzPc+bPuOh4Sstu38Ea6pgdnQvlikwy45GabQbBozzWKH1i3Da3+pzZOvXcy9mLHb1CZUMg71pD1ds9Cvgu/KKu6YS53wgHNXPSYdsx/U+oALm04pdkx2Ke46hgnx6jrAZ78migiXaruS7j33fjpnYDco9EQMawobY9gChID8AklcYFTSPc84vhDfCu90mZwSM8HvIOgjJ1HK0fACQ1ocC3COUsr8oUYoctQfaoSzkwgNw2zWGF9pMI4H6DQfAOG+epq4O/pEpxACZeIrbAwIYvVyAEpC1pF833K7zIrbJ9k7OOO87ammHj5hqLqE7GuSBp4MRtWKv27uf0fZeAbxo7aNAF47ec6Pex4SoSDl4HThy2aLEpJcgOqIxKFXmkn7v7n8GsX9fl+PQdDMZVJrGR0ofTvmb7R1pol6HQovgAKlxpK/UsHVvBda16eUtlW1seFeNr4wyYraMf9jlQy32turwgLif5CMI41g+yqOVOVFoUtCitwXdkX45d9rZJh70xWmDJq+U204bnZVRRWZbe+86mICho5GM/h4RNEW1LqzleGsXox5v/e3jcTijtlafl1zIC3BBUyGZB4xYvkX9zVz8+r5RTqi/cJb6x5dOEoQpi0kjjuAcTQjGUgTRbkJiMgvmrN6z57Q/av7Zb6rKdFxA+VKPjRkOIEq6PA8YAH9c/1wkjSpisPOA3Qa1MPgCI7FFO6SN24XXZMcKNjn2a2Hl8v4UE9dwa6y+6LLB9AlppkqRaYEummnzmNNwjV2V8yYMtzusfIy7tmiASkG54jaTRCHqLXNv76S9MaRBZcVjoH0LKiYgzoGps+vKaQkalPLurt1/Q38skKwO3eOcvgNWtm2xirni/6FHnzxLDlGJoURO6zHSrirGt6M4xf3l1S9ftEWesTKha2a3KB4Be9qcwmSFGiE3JssqxPjP6ztjR/ZIs90KJ47dk7BVr4i+AHDGlgVMgA3z16J4MJ7HmbAiJM4WreTbFflmbPcnbonanLPUOebha+orwqj1M0laQo7Et0EDJXLJChKdGVQk5k9PT8X5Qn5IkfIzteiiZn70XWdznix1AYXiNS0UKGnbrV2OKd1OEXsNyLNWaTqf9r6XKTInKJ/Y3BIv84VPilxzXE1eWU3Q+oyaMqKIqg860DEEk74eB/Tv9wsib6/SMc1wW2GVzeONp2XleuuLLYgg45aphA8d97SgrWJILinQw9prHSml+YEZ9u996k3rylwxNi/OmggOVHokQZLkuX56nsU+ODttsx5dcfW+g1Vajlxr6RmXPZEc/kq+UP/PB+mya9hQuXijdamQXOy319JQ9x2e6mHlbcV/wjAMl6fn/7RlZ3DiBCIvV2tF4AIfVd2hHp26/HTvwKfaTyYGhgvh8Ak6CkrM7/5zdLZtQIzowQ5NOkm+O+Tsm3TdGuOdTJf7TcoN/qujQbWAZTE2TrlVnahvTbRUPeBrTxIGVY2gr4wuoMcuNJ/0ChB7GYepitv+94PDdfRbTPb8lKbBlIENNBJQWhlHCcrz/lPHuChPCjzkWIqfTveGA==&u=U2FsdGVkX19J8ng2P7Qgkq2RDCrjPSgHISQSDFKODADqKg+6EfIY6uJcsCvCaBv/&y=U2FsdGVkX1+yNcmoVQp11xAy/meCROcOTBMZPxB7BBYpgJ426xpev4mC7mJV0g5f HTTP/1.1" 200 26
69.171.231.5 - - [24/Jun/2023:14:40:15 -0500] "GET /images/caminatas-ecol\xc3\xb3gicas-marzo---1920x1080_optimized.jpg HTTP/1.1" 404 1034
152.203.49.1 - - [24/Jun/2023:14:40:15 -0500] "GET /kwssiamovil/sm/acme/a?s=U2FsdGVkX19peWLJ/eomyTxR3QkYsASubl153hhWVds7GKP9gdm8TdhW3XRMOraphMz5p6CZVDyGLyfRnHHPPMGAU172/42EL2wGqzlNS+sDJycMFKM0R3G8G+m+L64U9SbVLhTn+Eaa/VW14ZMnd/pIk8ZYE5oENrd9A7rPQ0c=&u=U2FsdGVkX19J8ng2P7Qgkq2RDCrjPSgHISQSDFKODADqKg+6EfIY6uJcsCvCaBv/&y=U2FsdGVkX1+yNcmoVQp11xAy/meCROcOTBMZPxB7BBYpgJ426xpev4mC7mJV0g5f HTTP/1.1" 200 26
152.203.49.1 - - [24/Jun/2023:14:40:16 -0500] "GET /kwssiamovil/sm/acme/a?s=U2FsdGVkX1/s9GyxV59sf3qea5VDP9gJNaElG8gpq4jEa+1m1F+xViktit832GbkQyrKJv0/AWyNi30Qzh8HiSGevIZGQKaGf3ztBShJjhy5vZ2/IvsVBZVSxi81whVwmisaDrUepGwmon1e0buUMxtcU6FwMF6mDwJJ2JmQXzM=&u=U2FsdGVkX19J8ng2P7Qgkq2RDCrjPSgHISQSDFKODADqKg+6EfIY6uJcsCvCaBv/&y=U2FsdGVkX1+yNcmoVQp11xAy/meCROcOTBMZPxB7BBYpgJ426xpev4mC7mJV0g5f HTTP/1.1" 200 26
152.203.49.1 - - [24/Jun/2023:14:40:16 -0500] "GET /kwssiamovil/sm/acme/a?s=U2FsdGVkX1+2sLtPJ1yYaEAOv00ZLz4pXlBHwRxfoUteiin1DYWqxubatQMVOtq3JuAi4XDn4KFu6jStW+J1mEZv8f2vWEDY9tr+gOBkR002YVAWdh2m+WGLkVIvUcSxMGL09eHh1mOVCfscVarLdPqpJkjh5h1eS/X5ih9Iidg=&u=U2FsdGVkX19J8ng2P7Qgkq2RDCrjPSgHISQSDFKODADqKg+6EfIY6uJcsCvCaBv/&y=U2FsdGVkX1+yNcmoVQp11xAy/meCROcOTBMZPxB7BBYpgJ426xpev4mC7mJV0g5f HTTP/1.1" 200 26
152.203.49.1 - - [24/Jun/2023:14:40:16 -0500] "GET /kwssiamovil/sm/acme/a?s=U2FsdGVkX18zfoxV12hMjzC9b6VHgPYE/wbX0fg6Mm9yyYiwhvuHdGkzj0DayeB84k+OuCN1hOBFZXS+2xzsPXiOLCGKGhv0xQ1ye8oYnLhxzh5vyG0AgTCGnXuDP/chI4HasD3Cmg6b/mSGRUg7q/RQ/ijf0I8gpvQoSyWu0sbzIBjQiJYnXB17XAtF+cIp7lVSq/l7YGWoqpwdEMlWqg==&u=U2FsdGVkX19J8ng2P7Qgkq2RDCrjPSgHISQSDFKODADqKg+6EfIY6uJcsCvCaBv/&y=U2FsdGVkX1+yNcmoVQp11xAy/meCROcOTBMZPxB7BBYpgJ426xpev4mC7mJV0g5f HTTP/1.1" 200 26
152.203.49.1 - - [24/Jun/2023:14:40:16 -0500] "GET /kwssiamovil/sm/acme/a?s=U2FsdGVkX19UoXCPrYeYzSbvW1sq6NiOXWqEWj1eHMtJu0iiWZUnGLjf+Wf4+wurXt0f8Uh0nk8bvjqQIqEbgk4wOl3GwHa1YBW0+DiQbRx6cjnCavZleeLr8Vdw2WpkoZkq3grlNQgx+ApWQGcnhRN/CCWQKmRLd+1QvT+a26/FtpItQUdc1aoYDwfqtO5nBUktxnvZZzMw3CcH3J4Kng==&u=U2FsdGVkX19J8ng2P7Qgkq2RDCrjPSgHISQSDFKODADqKg+6EfIY6uJcsCvCaBv/&y=U2FsdGVkX1+yNcmoVQp11xAy/meCROcOTBMZPxB7BBYpgJ426xpev4mC7mJV0g5f HTTP/1.1" 200 26
152.203.49.1 - - [24/Jun/2023:14:40:16 -0500] "GET /kwssiamovil/sm/acme/a?s=U2FsdGVkX1+9j96LwQvgvaa24sXs1G/EtMOVOwsWPvfYzvYs/7Xjn89c/qroAIvW2bzl6MzMqUl578UGxrobYD8pT/2UYPccp8XRMKCXyKvEXlXVjLwahQIBces+r7kc77bkYUqbBGvNj0B0TUvIwaD1CaldoJWEBE8JKpNZS5UM05vArBrA2GytYq4dDEKG&u=U2FsdGVkX19J8ng2P7Qgkq2RDCrjPSgHISQSDFKODADqKg+6EfIY6uJcsCvCaBv/&y=U2FsdGVkX1+yNcmoVQp11xAy/meCROcOTBMZPxB7BBYpgJ426xpev4mC7mJV0g5f HTTP/1.1" 200 26
152.203.49.1 - - [24/Jun/2023:14:40:17 -0500] "GET /kwssiamovil/sm/acme/a?s=U2FsdGVkX193ial9lVczSLQgS4gY5pfoflOQD/ODDogGXlREux9UyOKtvPuU1A/SV5h5gYu5sYuR4UG9YIoXsqU4FerxsGarQzcQYO504buBxiFO5Hk2li0lWsCHbXvqzdqse7vmSmcNCeuP5lTn21vVuMD9esDM/aOX0Fw0XrLZ8Yj79eUfsG9/slB0RqA37rUqgQUQIBjvIBPoBb8DjQ==&u=U2FsdGVkX19J8ng2P7Qgkq2RDCrjPSgHISQSDFKODADqKg+6EfIY6uJcsCvCaBv/&y=U2FsdGVkX1+yNcmoVQp11xAy/meCROcOTBMZPxB7BBYpgJ426xpev4mC7mJV0g5f HTTP/1.1" 200 26
152.203.49.1 - - [24/Jun/2023:14:40:17 -0500] "GET /kwssiamovil/sm/acme/a?s=U2FsdGVkX18Z996ux+B4AtrFEOru0Dx31IPY1WI2Rs7J8mcURhzanyH/2fJKijpl5HNHrWTRebYLJIkYoGXhqo4T0kJpMGyy8C538cyw7fdU0VOW1Kxvc2w1ak2unlksEd84Kd20l0TfQdy6ntEeSmqm1/mzUK4ZVo3Nky8WEDoe6j45X0S1qOJovtEyGT2J&u=U2FsdGVkX19J8ng2P7Qgkq2RDCrjPSgHISQSDFKODADqKg+6EfIY6uJcsCvCaBv/&y=U2FsdGVkX1+yNcmoVQp11xAy/meCROcOTBMZPxB7BBYpgJ426xpev4mC7mJV0g5f HTTP/1.1" 200 26
152.203.49.1 - - [24/Jun/2023:14:40:17 -0500] "GET /kwssiamovil/sm/acme/a?s=U2FsdGVkX19XwxsHG2ZrJ0LjIhEjYS3jmveBJjF39dCGXMRow4bz2eNYKRbAs3BSaIsUDep1VWqQm1mOUX3h0eUKWzOEiuomwo1YQZIs0N9/2/hRvRCbviYRJy52MOWAOINiNke78OCgfSwaNfMl4b3eH+YZXG+pHfLA0Le6MB1zHjIRF6zrHsREuyLx7CsERd1Kk4pL7kpRGiATwaNoqQ==&u=U2FsdGVkX19J8ng2P7Qgkq2RDCrjPSgHISQSDFKODADqKg+6EfIY6uJcsCvCaBv/&y=U2FsdGVkX1+yNcmoVQp11xAy/meCROcOTBMZPxB7BBYpgJ426xpev4mC7mJV0g5f HTTP/1.1" 200 26
152.203.49.1 - - [24/Jun/2023:14:40:17 -0500] "GET /kwssiamovil/sm/acme/a?s=U2FsdGVkX185JqyIpx3Y/9xPM0P7oe0IDMcfynFIP4ToH100nLv7sfncycrbW+HolhUQSA7kyJwkQlzkfctZOZgqmqYqTYrsmynrg3Co0MPPEE2TLwBe6fVpE448w7xQ2BSnQmq4lfBQefeuZIL0ek1aAsmGdJKg4urlSpaoy+pJlJkEfDjypjPmpn9wgC7z&u=U2FsdGVkX19J8ng2P7Qgkq2RDCrjPSgHISQSDFKODADqKg+6EfIY6uJcsCvCaBv/&y=U2FsdGVkX1+yNcmoVQp11xAy/meCROcOTBMZPxB7BBYpgJ426xpev4mC7mJV0g5f HTTP/1.1" 200 26
152.203.49.1 - - [24/Jun/2023:14:40:17 -0500] "GET /kwssiamovil/sm/acme/a?s=U2FsdGVkX18od1GxQ1MQqATN6aYRGjv1D34DkGvk0ubBL5uvkR6H1hIFDnpIwC81bSn01yS9lHAO/yup5V5+0I0VHfemqNlJzCJ7s8YJDR6JA2r+TfMBOA4bms86YwoJJeerldHgbOuBodwHaI3Ggs7xyw3V0GUkNT1GjZyQ6XkXFj7z0ErQ724kHnqUuDEU8Qs8VbraXqg5/ok3M5ATKw==&u=U2FsdGVkX19J8ng2P7Qgkq2RDCrjPSgHISQSDFKODADqKg+6EfIY6uJcsCvCaBv/&y=U2FsdGVkX1+yNcmoVQp11xAy/meCROcOTBMZPxB7BBYpgJ426xpev4mC7mJV0g5f HTTP/1.1" 200 26
152.203.49.1 - - [24/Jun/2023:14:40:17 -0500] "GET /kwssiamovil/sm/acme/a?s=U2FsdGVkX187Fe46r7soPvf9viZIkEONxX4FL/os1MqiAePLuEcPv9mf2H4o40e/5gs7kDS7iGaaKMQxUUJUQPf1LGFNaakGPywDCEL692Sqlo/Z8TL6EBFd/AidmOYRs6MQGzlDaoSK10JHpW+0cL3h9b8VTY5CxkxpxKeQZr6oxo7BfAxRS703fgXyqMzH&u=U2FsdGVkX19J8ng2P7Qgkq2RDCrjPSgHISQSDFKODADqKg+6EfIY6uJcsCvCaBv/&y=U2FsdGVkX1+yNcmoVQp11xAy/meCROcOTBMZPxB7BBYpgJ426xpev4mC7mJV0g5f HTTP/1.1" 200 26
152.203.49.1 - - [24/Jun/2023:14:40:18 -0500] "GET /kwssiamovil/sm/acme/a?s=U2FsdGVkX19G6PkJnM/fiHRAMxvcRGKPAdFTPau1Il/jDAQmtY+qf7eYvSnPDGFfLjYcZLZO7kM4ui5x0AbIYZpLZROs80h5VOarfjGGk6GT3OCSb7G/GCnV28ySIuQEIJL2IUKHUyrVWC+naDM9eKYuTylde6m9oStlCq7yEh47LILUsF1mkHkQyzJFs3svCf4jw3eBkj2NBZqP91P5Wg==&u=U2FsdGVkX19J8ng2P7Qgkq2RDCrjPSgHISQSDFKODADqKg+6EfIY6uJcsCvCaBv/&y=U2FsdGVkX1+yNcmoVQp11xAy/meCROcOTBMZPxB7BBYpgJ426xpev4mC7mJV0g5f HTTP/1.1" 200 26
152.203.49.1 - - [24/Jun/2023:14:40:18 -0500] "GET /kwssiamovil/sm/acme/a?s=U2FsdGVkX19lzaQcQg8MSTU93QwlCsxMpFOqHq9zyR7iAPfNTfNThi70wQh8ssgztYoKS4h2LOK8HwVpf3Imd/WCj1kcWgTA2jHwoKjs8FrO8HHdvQ3N/QXmZxtGAwciujutWvKUSIs5vwMKGws+jtyC4lnoiX/M6USzSWhx8s8eYLQBuk80rg93uksPSoMT&u=U2FsdGVkX19J8ng2P7Qgkq2RDCrjPSgHISQSDFKODADqKg+6EfIY6uJcsCvCaBv/&y=U2FsdGVkX1+yNcmoVQp11xAy/meCROcOTBMZPxB7BBYpgJ426xpev4mC7mJV0g5f HTTP/1.1" 200 26
152.203.49.1 - - [24/Jun/2023:14:40:35 -0500] "GET /kwssiamovil/sm/acme/u?s=U2FsdGVkX18/W9rfShLt1Zx6pNN3Yn0aBxeMkDtQ9n4EtRv+1CAage7F8Fhkgr9JWEOiK1JLEemVK5PrzyZi8slGwkZ7MU/2qaglfKS+iBhii4TNGqKn73Rb+EfUqJQEFZE9cTOGCnFhSBdr5VWA3eqGxwkHSXppOv6TkGz3feo=&u=U2FsdGVkX19J8ng2P7Qgkq2RDCrjPSgHISQSDFKODADqKg+6EfIY6uJcsCvCaBv/&y=U2FsdGVkX1+yNcmoVQp11xAy/meCROcOTBMZPxB7BBYpgJ426xpev4mC7mJV0g5f HTTP/1.1" 200 60
172.22.2.4 - - [24/Jun/2023:14:39:01 -0500] "HEAD /BLA/boletinlegal/ HTTP/1.1" 200 -
172.22.2.4 - - [24/Jun/2023:14:40:50 -0500] "GET /BLA/boletinlegal/actos.php HTTP/1.1" 200 9682
172.22.2.4 - - [24/Jun/2023:14:40:50 -0500] "GET /BLA/boletinlegal/favicon.ico HTTP/1.1" 404 1326
186.154.167.59 - - [24/Jun/2023:14:40:52 -0500] "GET /BLA/resoluciones/ HTTP/1.1" 200 13502
186.154.167.59 - - [24/Jun/2023:14:41:02 -0500] "GET /BLA/resoluciones/index.php?dir=AUTOS+2023%2F HTTP/1.1" 200 121096
216.245.221.92 - - [24/Jun/2023:14:41:21 -0500] "HEAD / HTTP/1.1" 200 -
186.154.167.59 - - [24/Jun/2023:14:41:23 -0500] "GET /BLA/resoluciones/AUTOS%202023/1058.pdf HTTP/1.1" 200 815345
172.22.2.4 - - [24/Jun/2023:14:39:51 -0500] "GET /BLA/boletinlegal/ HTTP/1.1" 200 52855
172.22.2.4 - - [24/Jun/2023:14:40:47 -0500] "GET /BLA/boletinlegal/ HTTP/1.1" 200 24523
190.158.120.16 - - [24/Jun/2023:14:42:05 -0500] "GET /acuerdos-de-conservacion-camaras-trampa-registran-fauna-en-la-reserva-umbral-cultural-horizontes.html HTTP/1.1" 200 818
40.77.167.177 - - [24/Jun/2023:14:43:14 -0500] "GET /secretaria-de-ambiente-presenta-cartilla-con-el-protocolo-para-el-manejo-y-control-de-la-langostilla-de-rio.html HTTP/1.1" 200 857
201.245.192.253 - - [24/Jun/2023:14:44:25 -0500] "POST /kwsrmcab/Wsrmcab  HTTP/1.1" 200 40807
66.249.66.72 - - [24/Jun/2023:14:46:17 -0500] "GET /acuerdos-de-conservacion-camaras-trampa-registran-fauna-en-la-reserva-umbral-cultural-horizontes.html HTTP/1.1" 200 818
216.245.221.92 - - [24/Jun/2023:14:46:22 -0500] "HEAD / HTTP/1.1" 200 -
172.22.2.4 - - [24/Jun/2023:14:44:51 -0500] "HEAD /BLA/boletinlegal/ HTTP/1.1" 200 -
172.22.2.4 - - [24/Jun/2023:14:45:41 -0500] "GET /BLA/boletinlegal/ HTTP/1.1" 200 57272
201.245.192.253 - - [24/Jun/2023:14:49:23 -0500] "POST /kwsrmcab/Wsrmcab  HTTP/1.1" 200 40807
200.68.172.62 - - [24/Jun/2023:14:49:28 -0500] "GET /acuerdos-de-conservacion-camaras-trampa-registran-fauna-en-la-reserva-umbral-cultural-horizontes.html?fbclid=PAAaa6_dgihEQtzVvDnqnm5kJd_m5uCBHOkG5n_7PsddDPfPdA2FmuzPqQYJw_aem_AVRw76gnLDddsaNByYLzQg5oQpRdw10d2-lXA4dKBCWpO8xPwY-SjyZFL8buICEIVfU HTTP/1.1" 200 818
191.156.59.25 - - [24/Jun/2023:14:49:57 -0500] "GET /acuerdos-de-conservacion-camaras-trampa-registran-fauna-en-la-reserva-umbral-cultural-horizontes.html HTTP/1.1" 200 818
69.63.184.118 - - [24/Jun/2023:14:49:58 -0500] "GET /acuerdos-de-conservacion-camaras-trampa-registran-fauna-en-la-reserva-umbral-cultural-horizontes.html HTTP/1.1" 200 818
173.252.87.113 - - [24/Jun/2023:14:50:00 -0500] "GET /acuerdos-de-conservacion-camaras-trampa-registran-fauna-en-la-reserva-umbral-cultural-horizontes.html HTTP/1.1" 200 818
173.252.87.8 - - [24/Jun/2023:14:50:00 -0500] "GET /acuerdos-de-conservacion-camaras-trampa-registran-fauna-en-la-reserva-umbral-cultural-horizontes.html HTTP/1.1" 200 818
172.22.2.4 - - [24/Jun/2023:14:50:11 -0500] "GET /BLA/boletinlegal/actos.php HTTP/1.1" 200 9682
172.22.2.4 - - [24/Jun/2023:14:50:29 -0500] "GET /BLA/boletinlegal/consulta_actos.php?tipo=resoluciones&no=1951&usuario=&sector=&fecha=2019&resuelve= HTTP/1.1" 200 1338
186.30.32.166 - - [24/Jun/2023:14:50:32 -0500] "GET /BLA/resoluciones/RESOLUCIONES%202019/1951.pdf HTTP/1.1" 200 388845
186.30.32.166 - - [24/Jun/2023:14:50:33 -0500] "GET /BLA/resoluciones/RESOLUCIONES%202019/1951.pdf HTTP/1.1" 206 1025
186.30.32.166 - - [24/Jun/2023:14:50:33 -0500] "GET /BLA/resoluciones/RESOLUCIONES%202019/1951.pdf HTTP/1.1" 200 388845
216.245.221.92 - - [24/Jun/2023:14:51:21 -0500] "HEAD / HTTP/1.1" 200 -
172.22.2.4 - - [24/Jun/2023:14:50:41 -0500] "HEAD /BLA/boletinlegal/ HTTP/1.1" 200 -
172.22.2.4 - - [24/Jun/2023:14:52:44 -0500] "GET /BLA/boletinlegal/consulta_actos.php?tipo=resoluciones&no=0436&usuario=&sector=&fecha=2020&resuelve= HTTP/1.1" 200 1320
186.30.32.166 - - [24/Jun/2023:14:52:47 -0500] "GET /BLA/resoluciones/RESOLUCIONES%202020/0436.pdf HTTP/1.1" 200 508960
186.30.32.166 - - [24/Jun/2023:14:52:49 -0500] "GET /BLA/resoluciones/RESOLUCIONES%202020/0436.pdf HTTP/1.1" 200 508960
186.30.32.166 - - [24/Jun/2023:14:52:49 -0500] "GET /BLA/resoluciones/RESOLUCIONES%202020/0436.pdf HTTP/1.1" 206 1025
172.22.2.4 - - [24/Jun/2023:14:51:31 -0500] "GET /BLA/boletinlegal/ HTTP/1.1" 200 57272
201.245.192.253 - - [24/Jun/2023:14:54:22 -0500] "POST /kwsrmcab/Wsrmcab  HTTP/1.1" 200 40807
216.245.221.92 - - [24/Jun/2023:14:56:21 -0500] "HEAD / HTTP/1.1" 200 -
69.171.231.118 - - [24/Jun/2023:14:57:39 -0500] "GET /mas-de-100-arboles-fueron-plantados-en-el-humedal-de-techo.html HTTP/1.1" 206 750
69.171.231.9 - - [24/Jun/2023:14:57:39 -0500] "GET /mas-de-100-arboles-fueron-plantados-en-el-humedal-de-techo.html HTTP/1.1" 206 750
69.171.231.116 - - [24/Jun/2023:14:57:40 -0500] "GET /images/plantacion-humedal-techo.jpg HTTP/1.1" 200 96792
69.171.231.3 - - [24/Jun/2023:14:57:41 -0500] "GET /mas-de-100-arboles-fueron-plantados-en-el-humedal-de-techo.html HTTP/1.1" 200 750
69.171.231.7 - - [24/Jun/2023:14:57:41 -0500] "GET /mas-de-100-arboles-fueron-plantados-en-el-humedal-de-techo.html HTTP/1.1" 206 750
172.22.2.4 - - [24/Jun/2023:14:56:30 -0500] "HEAD /BLA/boletinlegal/ HTTP/1.1" 200 -
172.22.2.4 - - [24/Jun/2023:14:57:21 -0500] "GET /BLA/boletinlegal/ HTTP/1.1" 200 57272
173.252.127.2 - - [24/Jun/2023:14:59:19 -0500] "GET /mas-de-100-arboles-fueron-plantados-en-el-humedal-de-techo.html HTTP/1.1" 200 750
201.245.192.253 - - [24/Jun/2023:14:59:21 -0500] "POST /kwsrmcab/Wsrmcab  HTTP/1.1" 200 40807
216.245.221.92 - - [24/Jun/2023:15:01:21 -0500] "HEAD / HTTP/1.1" 200 -
69.63.189.1 - - [24/Jun/2023:15:03:53 -0500] "GET /mas-de-100-arboles-fueron-plantados-en-el-humedal-de-techo.html HTTP/1.1" 200 750
172.22.2.4 - - [24/Jun/2023:15:02:20 -0500] "HEAD /BLA/boletinlegal/ HTTP/1.1" 200 -
201.245.192.253 - - [24/Jun/2023:15:04:20 -0500] "POST /kwsrmcab/Wsrmcab  HTTP/1.1" 200 40807
172.22.2.4 - - [24/Jun/2023:15:03:11 -0500] "GET /BLA/boletinlegal/ HTTP/1.1" 200 57272
216.245.221.92 - - [24/Jun/2023:15:06:21 -0500] "HEAD / HTTP/1.1" 200 -
18.139.125.185 - - [24/Jun/2023:15:06:34 -0500] "GET /transparencia/financiera/Desagregado%20con%20modificaciones/? HTTP/1.1" 404 1464
201.245.192.253 - - [24/Jun/2023:15:09:19 -0500] "POST /kwsrmcab/Wsrmcab  HTTP/1.1" 200 40807
172.22.2.4 - - [24/Jun/2023:15:08:10 -0500] "HEAD /BLA/boletinlegal/ HTTP/1.1" 200 -
172.22.2.4 - - [24/Jun/2023:15:09:01 -0500] "GET /BLA/boletinlegal/ HTTP/1.1" 200 57272
157.55.39.208 - - [24/Jun/2023:15:11:12 -0500] "GET /mujeres-que-reverdecen-secretaria-de-ambiente-anuncia-el-inicio-de-la-tercera-fase.html HTTP/1.1" 200 954
216.245.221.92 - - [24/Jun/2023:15:11:21 -0500] "HEAD / HTTP/1.1" 200 -
201.245.192.253 - - [24/Jun/2023:15:14:18 -0500] "POST /kwsrmcab/Wsrmcab  HTTP/1.1" 200 40807
172.22.2.4 - - [24/Jun/2023:15:14:00 -0500] "HEAD /BLA/boletinlegal/ HTTP/1.1" 200 -
216.245.221.92 - - [24/Jun/2023:15:16:21 -0500] "HEAD / HTTP/1.1" 200 -
172.22.2.4 - - [24/Jun/2023:15:14:51 -0500] "GET /BLA/boletinlegal/ HTTP/1.1" 200 58474
201.245.192.253 - - [24/Jun/2023:15:19:16 -0500] "POST /kwsrmcab/Wsrmcab  HTTP/1.1" 200 40807
201.245.192.253 - - [24/Jun/2023:15:19:49 -0500] "POST /kwsrmcab/Wsrmcab HTTP/1.1" 200 42536
201.245.192.253 - - [24/Jun/2023:15:19:52 -0500] "POST /kwsrmcab/Wsrmcab HTTP/1.1" 200 43505
216.245.221.92 - - [24/Jun/2023:15:21:21 -0500] "HEAD / HTTP/1.1" 200 -
172.22.2.4 - - [24/Jun/2023:15:19:50 -0500] "HEAD /BLA/boletinlegal/ HTTP/1.1" 200 -
172.22.2.4 - - [24/Jun/2023:15:20:41 -0500] "GET /BLA/boletinlegal/ HTTP/1.1" 200 59192
201.245.192.253 - - [24/Jun/2023:15:24:15 -0500] "POST /kwsrmcab/Wsrmcab  HTTP/1.1" 200 40807
216.245.221.92 - - [24/Jun/2023:15:26:21 -0500] "HEAD / HTTP/1.1" 200 -
172.22.2.4 - - [24/Jun/2023:15:25:40 -0500] "HEAD /BLA/boletinlegal/ HTTP/1.1" 200 -
172.22.2.4 - - [24/Jun/2023:15:27:57 -0500] "GET /BLA/boletinlegal/robots.txt HTTP/1.1" 404 1038
172.22.2.4 - - [24/Jun/2023:15:26:31 -0500] "GET /BLA/boletinlegal/ HTTP/1.1" 200 57272
201.245.192.253 - - [24/Jun/2023:15:29:14 -0500] "POST /kwsrmcab/Wsrmcab  HTTP/1.1" 200 40807
172.22.2.4 - - [24/Jun/2023:15:27:57 -0500] "GET /BLA/boletinlegal/ HTTP/1.1" 200 59824
201.245.192.253 - - [24/Jun/2023:15:29:49 -0500] "POST /kwsrmcab/Wsrmcab HTTP/1.1" 200 42536
201.245.192.253 - - [24/Jun/2023:15:29:52 -0500] "POST /kwsrmcab/Wsrmcab HTTP/1.1" 200 43505
216.245.221.92 - - [24/Jun/2023:15:31:21 -0500] "HEAD / HTTP/1.1" 200 -
52.167.144.66 - - [24/Jun/2023:15:31:51 -0500] "GET /pdc/actos/568.pdf HTTP/1.1" 304 -
172.22.2.4 - - [24/Jun/2023:15:31:30 -0500] "HEAD /BLA/boletinlegal/ HTTP/1.1" 200 -
91.210.199.32 - - [24/Jun/2023:15:33:14 -0500] "GET / HTTP/1.1" 200 319
91.210.199.32 - - [24/Jun/2023:15:33:14 -0500] "GET / HTTP/1.1" 200 319
172.22.2.4 - - [24/Jun/2023:15:33:43 -0500] "GET /BLA/boletinlegal/robots.txt HTTP/1.1" 404 1037
172.22.2.4 - - [24/Jun/2023:15:33:43 -0500] "GET /BLA/boletinlegal/robots.txt HTTP/1.1" 404 1037
172.22.2.4 - - [24/Jun/2023:15:33:52 -0500] "GET /BLA/boletinlegal/images/tel.png HTTP/1.1" 200 14477
172.22.2.4 - - [24/Jun/2023:15:32:21 -0500] "GET /BLA/boletinlegal/ HTTP/1.1" 200 52855
201.245.192.253 - - [24/Jun/2023:15:34:13 -0500] "POST /kwsrmcab/Wsrmcab  HTTP/1.1" 200 40807
172.22.2.4 - - [24/Jun/2023:15:32:49 -0500] "GET /BLA/boletinlegal/ HTTP/1.1" 200 55337
216.245.221.92 - - [24/Jun/2023:15:36:21 -0500] "HEAD / HTTP/1.1" 200 -
172.22.2.4 - - [24/Jun/2023:15:36:42 -0500] "GET /BLA/boletinlegal/Circulares/2019/.pdf HTTP/1.1" 404 1218
172.22.2.4 - - [24/Jun/2023:15:37:20 -0500] "HEAD /BLA/boletinlegal/ HTTP/1.1" 200 -
201.245.192.253 - - [24/Jun/2023:15:39:11 -0500] "POST /kwsrmcab/Wsrmcab  HTTP/1.1" 200 40807
172.22.2.4 - - [24/Jun/2023:15:38:11 -0500] "GET /BLA/boletinlegal/ HTTP/1.1" 200 58825
201.245.192.253 - - [24/Jun/2023:15:39:50 -0500] "POST /kwsrmcab/Wsrmcab HTTP/1.1" 200 42536
201.245.192.253 - - [24/Jun/2023:15:39:53 -0500] "POST /kwsrmcab/Wsrmcab HTTP/1.1" 200 43505
45.227.254.49 - - [24/Jun/2023:15:40:13 -0500] "\x03" 400 226
216.245.221.92 - - [24/Jun/2023:15:41:21 -0500] "HEAD / HTTP/1.1" 200 -
201.245.192.253 - - [24/Jun/2023:15:44:10 -0500] "POST /kwsrmcab/Wsrmcab  HTTP/1.1" 200 40807
172.22.2.4 - - [24/Jun/2023:15:43:10 -0500] "HEAD /BLA/boletinlegal/ HTTP/1.1" 200 -
66.249.70.196 - - [24/Jun/2023:15:44:57 -0500] "-" 408 -
172.22.2.4 - - [24/Jun/2023:15:44:01 -0500] "GET /BLA/boletinlegal/ HTTP/1.1" 200 57272
216.245.221.92 - - [24/Jun/2023:15:46:21 -0500] "HEAD / HTTP/1.1" 200 -
186.102.96.229 - - [24/Jun/2023:15:47:06 -0500] "GET /galeria/galeria/jquery.fancybox.css?v=2.1.5 HTTP/1.1" 200 4895
186.102.96.229 - - [24/Jun/2023:15:47:22 -0500] "GET /appsia/controlador HTTP/1.1" 200 4799
186.102.96.229 - - [24/Jun/2023:15:47:38 -0500] "POST /appsia/controlador HTTP/1.1" 200 5437
186.102.96.229 - - [24/Jun/2023:15:47:39 -0500] "POST /appsia/controlador HTTP/1.1" 200 5437
186.102.96.229 - - [24/Jun/2023:15:47:43 -0500] "POST /appsia/controlador HTTP/1.1" 200 7791
186.102.96.229 - - [24/Jun/2023:15:47:47 -0500] "POST /appsia/controlador HTTP/1.1" 200 6660
186.102.96.229 - - [24/Jun/2023:15:47:49 -0500] "POST /appsia/controlador HTTP/1.1" 200 12503
52.167.144.39 - - [24/Jun/2023:15:48:41 -0500] "GET /sipse/faces/faces/autenticacion.xhtml HTTP/1.1" 200 12501
201.245.192.253 - - [24/Jun/2023:15:49:08 -0500] "POST /kwsrmcab/Wsrmcab  HTTP/1.1" 200 40807
172.22.2.4 - - [24/Jun/2023:15:49:00 -0500] "HEAD /BLA/boletinlegal/ HTTP/1.1" 200 -
191.111.46.40 - - [24/Jun/2023:15:50:46 -0500] "GET /sipse/faces/presentacion/financiero/solicitudProceso/solicitudProcesoOtrosPagos.xhtml HTTP/1.1" 302 -
