109.74.204.123 - - [24/Jun/2023:12:21:26 -0500] "GET /start.aspx HTTP/1.1" 404 1043
109.74.204.123 - - [24/Jun/2023:12:21:27 -0500] "GET /main.jsa HTTP/1.1" 404 1043
109.74.204.123 - - [24/Jun/2023:12:21:27 -0500] "GET /indice.jsp HTTP/1.1" 404 1043
109.74.204.123 - - [24/Jun/2023:12:21:28 -0500] "GET /start.html HTTP/1.1" 404 1043
109.74.204.123 - - [24/Jun/2023:12:21:28 -0500] "GET /admin.asp HTTP/1.1" 404 1043
109.74.204.123 - - [24/Jun/2023:12:21:29 -0500] "GET /indice.jsa HTTP/1.1" 404 1043
109.74.204.123 - - [24/Jun/2023:12:21:30 -0500] "\x16\x03\x01\x02" 400 226
172.22.2.4 - - [24/Jun/2023:12:19:51 -0500] "GET /BLA/boletinlegal/ HTTP/1.1" 200 55337
109.74.204.123 - - [24/Jun/2023:12:21:32 -0500] "GET / HTTP/1.0" 200 319
109.74.204.123 - - [24/Jun/2023:12:21:32 -0500] "GET / HTTP/1.1" 200 319
66.249.66.71 - - [24/Jun/2023:12:21:38 -0500] "GET /images/actividades-dia-de-la-tierra-2023.jpg HTTP/1.1" 200 85154
66.249.70.196 - - [24/Jun/2023:12:23:24 -0500] "-" 408 -
201.245.192.253 - - [24/Jun/2023:12:24:56 -0500] "POST /kwsrmcab/Wsrmcab  HTTP/1.1" 200 40807
173.252.107.116 - - [24/Jun/2023:12:25:20 -0500] "HEAD /acuerdos-de-conservacion-camaras-trampa-registran-fauna-en-la-reserva-umbral-cultural-horizontes.html HTTP/1.1" 206 -
173.252.107.116 - - [24/Jun/2023:12:25:31 -0500] "GET /secretaria-de-ambiente-impone-medidas-preventivas-a-un-privado-que-utilizaba-un-area-protegida-para-promocionar-proyectos.html HTTP/1.1" 200 866
173.252.107.10 - - [24/Jun/2023:12:25:31 -0500] "GET /distrito-inicia-pavimentacion-de-vias-para-mejorar-la-calidad-del-aire-de-bogota.html HTTP/1.1" 200 970
216.245.221.92 - - [24/Jun/2023:12:26:22 -0500] "HEAD / HTTP/1.1" 200 -
172.22.2.4 - - [24/Jun/2023:12:24:51 -0500] "HEAD /BLA/boletinlegal/ HTTP/1.1" 200 -
84.17.48.134 - - [24/Jun/2023:12:27:07 -0500] "GET / HTTP/1.1" 200 319
172.22.2.4 - - [24/Jun/2023:12:25:41 -0500] "GET /BLA/boletinlegal/ HTTP/1.1" 200 58825
173.252.95.17 - - [24/Jun/2023:12:28:40 -0500] "GET /images/caminatas-ecol\xc3\xb3gicas-marzo---1920x1080_optimized.jpg HTTP/1.1" 404 1034
201.245.192.253 - - [24/Jun/2023:12:29:49 -0500] "POST /kwsrmcab/Wsrmcab HTTP/1.1" 200 39311
201.245.192.253 - - [24/Jun/2023:12:29:52 -0500] "POST /kwsrmcab/Wsrmcab HTTP/1.1" 200 43224
201.245.192.253 - - [24/Jun/2023:12:29:54 -0500] "POST /kwsrmcab/Wsrmcab  HTTP/1.1" 200 40807
190.24.73.188 - - [24/Jun/2023:12:30:31 -0500] "GET /BLA/resoluciones/AUTOS%202020/1193.pdf HTTP/1.1" 200 837232
18.138.2.56 - - [24/Jun/2023:12:31:02 -0500] "GET /galeria/nivo-slider/demo/images/Banner%20canales%20virtuales.jpg HTTP/1.1" 200 209438
216.245.221.92 - - [24/Jun/2023:12:31:22 -0500] "HEAD / HTTP/1.1" 200 -
172.22.2.4 - - [24/Jun/2023:12:30:41 -0500] "HEAD /BLA/boletinlegal/ HTTP/1.1" 200 -
172.22.2.4 - - [24/Jun/2023:12:31:31 -0500] "GET /BLA/boletinlegal/ HTTP/1.1" 200 57272
54.254.155.145 - - [24/Jun/2023:12:34:10 -0500] "-" 408 -
172.22.2.4 - - [24/Jun/2023:12:34:46 -0500] "GET /BLA/boletinlegal/consulta_actos.php?tipo=resoluciones&no=0320&usuario=&sector=&fecha=2020&resuelve= HTTP/1.1" 200 1117
186.154.46.33 - - [24/Jun/2023:12:34:48 -0500] "GET /BLA/resoluciones/RESOLUCIONES%202020/0320.pdf HTTP/1.1" 200 472599
201.245.192.253 - - [24/Jun/2023:12:34:53 -0500] "POST /kwsrmcab/Wsrmcab  HTTP/1.1" 200 40807
172.22.2.4 - - [24/Jun/2023:12:35:21 -0500] "GET /BLA/boletinlegal/consulta_actos.php?tipo=resoluciones&no=0337&usuario=&sector=&fecha=2020&resuelve= HTTP/1.1" 200 1334
186.154.46.33 - - [24/Jun/2023:12:35:25 -0500] "GET /BLA/resoluciones/RESOLUCIONES%202020/0337.pdf HTTP/1.1" 200 516476
216.245.221.92 - - [24/Jun/2023:12:36:22 -0500] "HEAD / HTTP/1.1" 200 -
103.187.191.213 - - [24/Jun/2023:12:36:25 -0500] "\x16\x03\x01\x01 \x01" 400 226
172.22.2.4 - - [24/Jun/2023:12:36:31 -0500] "HEAD /BLA/boletinlegal/ HTTP/1.1" 200 -
157.230.241.242 - - [24/Jun/2023:12:38:19 -0500] "-" 408 -
173.252.79.116 - - [24/Jun/2023:12:38:44 -0500] "GET /images/caminatas-ecol\xc3\xb3gicas-marzo---1920x1080_optimized.jpg HTTP/1.1" 404 1034
172.22.2.4 - - [24/Jun/2023:12:37:22 -0500] "GET /BLA/boletinlegal/ HTTP/1.1" 200 57272
52.167.144.60 - - [24/Jun/2023:12:39:19 -0500] "GET /Publicaciones/2023EE89095.pdf HTTP/1.1" 404 227
201.245.192.253 - - [24/Jun/2023:12:39:50 -0500] "POST /kwsrmcab/Wsrmcab HTTP/1.1" 200 39311
201.245.192.253 - - [24/Jun/2023:12:39:52 -0500] "POST /kwsrmcab/Wsrmcab  HTTP/1.1" 200 40807
201.245.192.253 - - [24/Jun/2023:12:39:53 -0500] "POST /kwsrmcab/Wsrmcab HTTP/1.1" 200 43224
172.22.2.4 - - [24/Jun/2023:12:40:01 -0500] "GET /BLA/boletinlegal/consulta_actos.php?tipo=resoluciones&no=0569&usuario=&sector=&fecha=2020&resuelve= HTTP/1.1" 200 626
181.57.151.102 - - [24/Jun/2023:12:40:12 -0500] "GET / HTTP/1.1" 200 4720
181.57.151.102 - - [24/Jun/2023:12:40:12 -0500] "GET /js/url.js HTTP/1.1" 404 1294
181.57.151.102 - - [24/Jun/2023:12:40:12 -0500] "GET /fonts/icomoon/style.css HTTP/1.1" 200 79820
181.57.151.102 - - [24/Jun/2023:12:40:12 -0500] "GET /css/style.css HTTP/1.1" 200 3473
181.57.151.102 - - [24/Jun/2023:12:40:12 -0500] "GET /css/bootstrap.min.css HTTP/1.1" 200 178212
181.57.151.102 - - [24/Jun/2023:12:40:12 -0500] "GET /favicon.ico HTTP/1.1" 404 1294
216.245.221.92 - - [24/Jun/2023:12:41:22 -0500] "HEAD / HTTP/1.1" 200 -
69.63.184.1 - - [24/Jun/2023:12:41:37 -0500] "GET /images/caminatas-ecol\xc3\xb3gicas-marzo---1920x1080_optimized.jpg HTTP/1.1" 404 1034
172.22.2.4 - - [24/Jun/2023:12:43:06 -0500] "GET /BLA/boletinlegal/Circulares/2022/CIRCULAR%20No.%2000003%20DEL%2007%20DE%20MARZO%20DEL%202022.pdf HTTP/1.1" 200 311468
172.22.2.4 - - [24/Jun/2023:12:42:21 -0500] "HEAD /BLA/boletinlegal/ HTTP/1.1" 200 -
172.22.2.4 - - [24/Jun/2023:12:43:11 -0500] "GET /BLA/boletinlegal/ HTTP/1.1" 200 55337
201.245.192.253 - - [24/Jun/2023:12:44:51 -0500] "POST /kwsrmcab/Wsrmcab  HTTP/1.1" 200 40807
216.245.221.92 - - [24/Jun/2023:12:46:22 -0500] "HEAD / HTTP/1.1" 200 -
138.201.48.205 - - [24/Jun/2023:12:46:41 -0500] "GET /serpiente-sabanera-pone-huevos-en-area-protegida-de-bogota.html HTTP/1.1" 200 670
52.167.144.66 - - [24/Jun/2023:12:47:05 -0500] "GET /sipse/faces/presentacion/sistema/anexos/cargarAnexoSolicitudProceso.xhtml HTTP/1.1" 302 -
52.167.144.66 - - [24/Jun/2023:12:47:06 -0500] "GET /sipse/faces/autenticacion.xhtml HTTP/1.1" 200 12179
172.22.2.4 - - [24/Jun/2023:12:48:11 -0500] "HEAD /BLA/boletinlegal/ HTTP/1.1" 200 -
201.245.192.253 - - [24/Jun/2023:12:49:50 -0500] "POST /kwsrmcab/Wsrmcab  HTTP/1.1" 200 40807
172.22.2.4 - - [24/Jun/2023:12:49:01 -0500] "GET /BLA/boletinlegal/ HTTP/1.1" 200 59192
45.128.232.62 - - [24/Jun/2023:12:50:42 -0500] "POST /boaform/admin/formLogin HTTP/1.1" 404 1186
216.245.221.92 - - [24/Jun/2023:12:51:22 -0500] "HEAD / HTTP/1.1" 200 -
52.167.144.60 - - [24/Jun/2023:12:52:01 -0500] "GET /BLA/resoluciones/AUTOS%202019/4904.pdf HTTP/1.1" 200 394540
52.167.144.66 - - [24/Jun/2023:12:52:06 -0500] "GET /BLA/resoluciones/index.php?dir=AUTOS+2019%2F HTTP/1.1" 200 381466
40.77.189.195 - - [24/Jun/2023:12:52:11 -0500] "GET /BLA/resoluciones/dlf/styles.css HTTP/1.1" 200 3049
66.249.70.197 - - [24/Jun/2023:12:52:25 -0500] "-" 408 -
201.245.192.253 - - [24/Jun/2023:12:54:49 -0500] "POST /kwsrmcab/Wsrmcab  HTTP/1.1" 200 40807
172.22.2.4 - - [24/Jun/2023:12:54:01 -0500] "HEAD /BLA/boletinlegal/ HTTP/1.1" 200 -
172.22.2.4 - - [24/Jun/2023:12:56:01 -0500] "GET /BLA/boletinlegal/images/screen_2.png HTTP/1.1" 200 362502
172.22.2.4 - - [24/Jun/2023:12:56:01 -0500] "GET /BLA/boletinlegal/images/screen_3.png HTTP/1.1" 200 210620
172.22.2.4 - - [24/Jun/2023:12:56:02 -0500] "GET /BLA/boletinlegal/images/screen_5.png HTTP/1.1" 200 368876
172.22.2.4 - - [24/Jun/2023:12:56:02 -0500] "GET /BLA/boletinlegal/images/arr_r.jpg HTTP/1.1" 200 1998
216.245.221.92 - - [24/Jun/2023:12:56:22 -0500] "HEAD / HTTP/1.1" 200 -
172.22.2.4 - - [24/Jun/2023:12:54:51 -0500] "GET /BLA/boletinlegal/ HTTP/1.1" 200 55739
172.22.2.4 - - [24/Jun/2023:12:55:53 -0500] "GET /BLA/boletinlegal/ HTTP/1.1" 200 59824
172.22.2.4 - - [24/Jun/2023:12:57:49 -0500] "GET /BLA/boletinlegal/consulta_actos.php?tipo=resoluciones&no=2727&usuario=&sector=&fecha=2019&resuelve= HTTP/1.1" 200 626
172.22.2.4 - - [24/Jun/2023:12:57:57 -0500] "GET /BLA/boletinlegal/consulta_actos.php?tipo=resoluciones&no=2727&usuario=&sector=&fecha=2019&resuelve= HTTP/1.1" 200 626
172.22.2.4 - - [24/Jun/2023:12:57:57 -0500] "GET /BLA/boletinlegal/consulta_actos.php?tipo=resoluciones&no=2727&usuario=&sector=&fecha=2019&resuelve= HTTP/1.1" 200 626
172.22.2.4 - - [24/Jun/2023:12:57:58 -0500] "GET /BLA/boletinlegal/consulta_actos.php?tipo=resoluciones&no=2727&usuario=&sector=&fecha=2019&resuelve= HTTP/1.1" 200 626
172.22.2.4 - - [24/Jun/2023:12:59:46 -0500] "GET /BLA/boletinlegal/actos.php HTTP/1.1" 200 9682
201.245.192.253 - - [24/Jun/2023:12:59:48 -0500] "POST /kwsrmcab/Wsrmcab  HTTP/1.1" 200 40807
172.22.2.4 - - [24/Jun/2023:12:59:52 -0500] "GET /BLA/boletinlegal/consulta_actos.php?tipo=resoluciones&no=1169&usuario=&sector=&fecha=2023&resuelve= HTTP/1.1" 200 626
172.22.2.4 - - [24/Jun/2023:12:59:59 -0500] "GET /BLA/boletinlegal/consulta_actos.php?tipo=resoluciones&no=1169&usuario=&sector=&fecha=2021&resuelve= HTTP/1.1" 200 1102
191.104.112.27 - - [24/Jun/2023:13:00:01 -0500] "GET /BLA/resoluciones/RESOLUCIONES%202021/1169.pdf HTTP/1.1" 200 551038
181.237.226.66 - - [24/Jun/2023:13:00:54 -0500] "GET /inicia-la-convocatoria-2023-para-el-panel-distrital-de-cambio-climatico.html HTTP/1.1" 200 887
216.245.221.92 - - [24/Jun/2023:13:01:22 -0500] "HEAD / HTTP/1.1" 200 -
172.22.2.4 - - [24/Jun/2023:12:59:51 -0500] "HEAD /BLA/boletinlegal/ HTTP/1.1" 200 -
172.22.2.4 - - [24/Jun/2023:13:00:41 -0500] "GET /BLA/boletinlegal/ HTTP/1.1" 200 57272
201.245.192.253 - - [24/Jun/2023:13:04:47 -0500] "POST /kwsrmcab/Wsrmcab  HTTP/1.1" 200 40807
216.245.221.92 - - [24/Jun/2023:13:06:22 -0500] "HEAD / HTTP/1.1" 200 -
186.84.89.179 - - [24/Jun/2023:13:06:47 -0500] "GET /favicon.ico HTTP/1.1" 200 7782
66.249.70.196 - - [24/Jun/2023:13:07:02 -0500] "-" 408 -
172.22.2.4 - - [24/Jun/2023:13:05:41 -0500] "HEAD /BLA/boletinlegal/ HTTP/1.1" 200 -
181.53.114.212 - - [24/Jun/2023:13:07:23 -0500] "GET /sipse/faces/index.xhtml HTTP/1.1" 200 677
181.53.114.212 - - [24/Jun/2023:13:07:23 -0500] "GET /sipse/faces/javax.faces.resource/theme.css?ln=primefaces-sipse HTTP/1.1" 200 50058
181.53.114.212 - - [24/Jun/2023:13:07:24 -0500] "GET /favicon.ico HTTP/1.1" 200 7782
172.22.2.4 - - [24/Jun/2023:13:07:57 -0500] "GET /BLA/boletinlegal/favicon.ico HTTP/1.1" 404 1018
172.22.2.4 - - [24/Jun/2023:13:06:31 -0500] "GET /BLA/boletinlegal/ HTTP/1.1" 200 56816
201.245.192.253 - - [24/Jun/2023:13:09:46 -0500] "POST /kwsrmcab/Wsrmcab  HTTP/1.1" 200 40807
40.77.167.235 - - [24/Jun/2023:13:10:25 -0500] "GET /BLA/resoluciones/RESOLUCIONES%202021/0217.pdf HTTP/1.1" 200 511200
216.245.221.92 - - [24/Jun/2023:13:11:22 -0500] "HEAD / HTTP/1.1" 200 -
69.171.249.2 - - [24/Jun/2023:13:13:06 -0500] "GET /proyecto-avantia-con-la-union-europea-busca-especialista-en-cambio-climatico.html HTTP/1.1" 200 814
69.171.231.120 - - [24/Jun/2023:13:13:08 -0500] "GET /proyecto-avantia-con-la-union-europea-busca-especialista-en-cambio-climatico.html HTTP/1.1" 200 814
172.22.2.4 - - [24/Jun/2023:13:11:31 -0500] "HEAD /BLA/boletinlegal/ HTTP/1.1" 200 -
69.171.231.3 - - [24/Jun/2023:13:13:11 -0500] "GET /proyecto-avantia-con-la-union-europea-busca-especialista-en-cambio-climatico.html HTTP/1.1" 206 814
172.22.2.4 - - [24/Jun/2023:13:12:21 -0500] "GET /BLA/boletinlegal/ HTTP/1.1" 200 59192
178.33.230.232 - - [24/Jun/2023:13:14:05 -0500] "GET /calidad-del-aire-distrito-avanza-unido-por-un-nuevo-aire.html HTTP/1.1" 200 783
201.245.192.253 - - [24/Jun/2023:13:14:44 -0500] "POST /kwsrmcab/Wsrmcab  HTTP/1.1" 200 40807
162.55.175.138 - - [24/Jun/2023:13:14:49 -0500] "GET / HTTP/1.1" 200 319
162.55.175.138 - - [24/Jun/2023:13:14:49 -0500] "GET / HTTP/1.1" 200 4720
216.245.221.92 - - [24/Jun/2023:13:16:22 -0500] "HEAD / HTTP/1.1" 200 -
191.95.29.11 - - [24/Jun/2023:13:17:11 -0500] "GET /BLA/resoluciones/Notificaciones/RESOLUCIONES%202017/00164.pdf HTTP/1.1" 200 350828
191.95.29.11 - - [24/Jun/2023:13:18:04 -0500] "GET /BLA/resoluciones/Notificaciones/REGISTROS%202022/01693.pdf HTTP/1.1" 200 277469
172.22.2.4 - - [24/Jun/2023:13:17:21 -0500] "HEAD /BLA/boletinlegal/ HTTP/1.1" 200 -
152.203.49.1 - - [24/Jun/2023:13:19:02 -0500] "OPTIONS /kwssiamovil/sm/setfile/f? HTTP/1.1" 200 13
152.203.49.1 - - [24/Jun/2023:13:19:02 -0500] "POST /kwssiamovil/sm/setfile/f? HTTP/1.1" 200 381
152.203.49.1 - - [24/Jun/2023:13:19:03 -0500] "OPTIONS /kwssiamovil/sm/setfile/f? HTTP/1.1" 200 13
152.203.49.1 - - [24/Jun/2023:13:19:04 -0500] "POST /kwssiamovil/sm/setfile/f? HTTP/1.1" 200 381
152.203.49.1 - - [24/Jun/2023:13:19:06 -0500] "OPTIONS /kwssiamovil/sm/setfile/f? HTTP/1.1" 200 13
152.203.49.1 - - [24/Jun/2023:13:19:06 -0500] "POST /kwssiamovil/sm/setfile/f? HTTP/1.1" 200 381
152.203.49.1 - - [24/Jun/2023:13:19:09 -0500] "OPTIONS /kwssiamovil/sm/setfile/f? HTTP/1.1" 200 13
152.203.49.1 - - [24/Jun/2023:13:19:09 -0500] "POST /kwssiamovil/sm/setfile/f? HTTP/1.1" 200 381
152.203.49.1 - - [24/Jun/2023:13:19:11 -0500] "OPTIONS /kwssiamovil/sm/setfile/f? HTTP/1.1" 200 13
152.203.49.1 - - [24/Jun/2023:13:19:11 -0500] "POST /kwssiamovil/sm/setfile/f? HTTP/1.1" 200 381
152.203.49.1 - - [24/Jun/2023:13:19:13 -0500] "OPTIONS /kwssiamovil/sm/setfile/f? HTTP/1.1" 200 13
152.203.49.1 - - [24/Jun/2023:13:19:14 -0500] "POST /kwssiamovil/sm/setfile/f? HTTP/1.1" 200 381
201.245.192.253 - - [24/Jun/2023:13:19:43 -0500] "POST /kwsrmcab/Wsrmcab  HTTP/1.1" 200 40807
172.22.2.4 - - [24/Jun/2023:13:18:12 -0500] "GET /BLA/boletinlegal/ HTTP/1.1" 200 52495
201.245.192.253 - - [24/Jun/2023:13:19:50 -0500] "POST /kwsrmcab/Wsrmcab HTTP/1.1" 200 40677
201.245.192.253 - - [24/Jun/2023:13:19:53 -0500] "POST /kwsrmcab/Wsrmcab HTTP/1.1" 200 43514
52.167.144.60 - - [24/Jun/2023:13:20:14 -0500] "GET /BLA/resoluciones/RESOLUCIONES%202021/0166.pdf HTTP/1.1" 200 458439
168.119.49.52 - - [24/Jun/2023:13:20:35 -0500] "GET / HTTP/1.1" 200 319
168.119.49.52 - - [24/Jun/2023:13:20:37 -0500] "GET / HTTP/1.1" 200 4720
216.245.221.92 - - [24/Jun/2023:13:21:22 -0500] "HEAD / HTTP/1.1" 200 -
66.249.66.72 - - [24/Jun/2023:13:21:38 -0500] "GET /images/Secretaria-d%C3%ADa-del-arbol-2023-abril.jpg HTTP/1.1" 404 1034
40.77.167.177 - - [24/Jun/2023:13:21:45 -0500] "GET /portaldeninos/humedal-el-tunjo/ HTTP/1.1" 200 87661
157.55.39.208 - - [24/Jun/2023:13:22:00 -0500] "GET /portaldeninos/wp-content/themes/betheme/assets/animations/animations.min.js?ver=20.9.6 HTTP/1.1" 200 1896
157.55.39.208 - - [24/Jun/2023:13:22:00 -0500] "GET /portaldeninos/wp-content/themes/betheme/assets/jplayer/jplayer.min.js?ver=20.9.6 HTTP/1.1" 200 52702
157.55.39.208 - - [24/Jun/2023:13:22:01 -0500] "GET /portaldeninos/wp-content/themes/betheme/css/shortcodes.css?ver=20.9.6 HTTP/1.1" 200 138889
157.55.39.208 - - [24/Jun/2023:13:22:01 -0500] "GET /portaldeninos/wp-content/themes/betheme/js/plugins.js?ver=20.9.6 HTTP/1.1" 200 197151
157.55.39.208 - - [24/Jun/2023:13:22:02 -0500] "GET /portaldeninos/wp-content/themes/betheme/style.css?ver=20.9.6 HTTP/1.1" 200 287
157.55.39.208 - - [24/Jun/2023:13:22:02 -0500] "GET /portaldeninos/wp-includes/js/jquery/ui/core.min.js?ver=1.11.4 HTTP/1.1" 200 4000
157.55.39.208 - - [24/Jun/2023:13:22:02 -0500] "GET /portaldeninos/wp-includes/js/jquery/ui/sortable.min.js?ver=1.11.4 HTTP/1.1" 200 24899
157.55.39.208 - - [24/Jun/2023:13:22:03 -0500] "GET /portaldeninos/wp-includes/js/wp-emoji-release.min.js?ver=4.9.8 HTTP/1.1" 200 12026
52.167.144.71 - - [24/Jun/2023:13:22:06 -0500] "GET /portaldeninos/wp-content/plugins/gallery-videos/JS/Total-Soft-Gallery-Video-Widget.js?ver=4.9.8 HTTP/1.1" 200 80264
52.167.144.71 - - [24/Jun/2023:13:22:06 -0500] "GET /portaldeninos/wp-content/themes/betheme/assets/animations/animations.min.css?ver=20.9.6 HTTP/1.1" 200 58508
52.167.144.71 - - [24/Jun/2023:13:22:07 -0500] "GET /portaldeninos/wp-content/themes/betheme/js/menu.js?ver=20.9.6 HTTP/1.1" 200 2449
52.167.144.71 - - [24/Jun/2023:13:22:07 -0500] "GET /portaldeninos/wp-includes/js/jquery/ui/accordion.min.js?ver=1.11.4 HTTP/1.1" 200 8584
52.167.144.71 - - [24/Jun/2023:13:22:07 -0500] "GET /portaldeninos/wp-includes/js/jquery/ui/mouse.min.js?ver=1.11.4 HTTP/1.1" 200 3148
52.167.144.71 - - [24/Jun/2023:13:22:07 -0500] "GET /portaldeninos/wp-includes/js/jquery/ui/widget.min.js?ver=1.11.4 HTTP/1.1" 200 6908
52.167.144.71 - - [24/Jun/2023:13:22:07 -0500] "GET /portaldeninos/wp-includes/js/wp-embed.min.js?ver=4.9.8 HTTP/1.1" 200 1398
52.167.144.71 - - [24/Jun/2023:13:22:07 -0500] "GET /portaldeninos/wp-includes/js/jquery/ui/tabs.min.js?ver=1.11.4 HTTP/1.1" 200 12110
152.203.49.1 - - [24/Jun/2023:13:22:30 -0500] "GET /kwssiamovil/sm/acme/a?s=U2FsdGVkX18ojFF10Fv/5ELH8i/Q8R2NETONdL/R9qUc9riwWCPxfzCEOMlTGPEigCYuoZJ5IJPkA4YaGpGP/JoQNjpySZUjMNG9kbuu1Etq1TzbD7XoNjz2uFAqxEc2IrlIHjT7aDIc303nZE/KN7pCCkUM6TnQlnqcrLHqXmoTcqlUG4e6D0R6nvHDFb5RUwM9ukDEVh+2BKbBoWAZ40Fz8izVAxzA1mxXFfCTZlg0IOyrTiwyLoL1F4DcoH9fC9hIRBnqclr7Q396ZQj02A==&u=U2FsdGVkX19J8ng2P7Qgkq2RDCrjPSgHISQSDFKODADqKg+6EfIY6uJcsCvCaBv/&y=U2FsdGVkX1+yNcmoVQp11xAy/meCROcOTBMZPxB7BBYpgJ426xpev4mC7mJV0g5f HTTP/1.1" 200 26
152.203.49.1 - - [24/Jun/2023:13:22:30 -0500] "GET /kwssiamovil/sm/acme/a?s=U2FsdGVkX181TA38TAV4203epiZtLM0NANjNKsArPo3Xm/bHTk5LgKnS+3cMDpC5PCapCGBv+5S0eC8ZQxskuKFFONcckhfc7WwE0jo4tBbXsSo48uEW75ynfGFA6ddOIHUEkz6cy/FkvcmOxqVf0D8EFEZbbp8SsmVZDc7eEMwB12hucG213DAxN2VnOmnGNTd79cPKfZ3BYFiKY11Tw3P6SF9f7SvVSwZoZbYUL7j3BcERMq4QGrGf996voRngAVZVVu22KeSB6CGcQSmlpwvh0YFLoCAE7ToKnXGBOtHscvpGijpvEM6p4AaIbVWr4b6qZP8etHOCMq46DYTLqVxfavGP9iKrvackMNFNQhwPkuJ+0bw+AXq4SclBGK+b+MuGWOFesROS7HHvZWVwuvaa41arlgquGmvR+NbPVZDE/5p2928elnk6NtLIldENG6FlclSmuZspvbdzxbHOEXsXhmjJSNAmUip3Up5/62RvyQTjpiNUples6VY2XqPoEErduC7VdkMyqgc6qX+o/oR1HTzNI3erYTWLcKqMuJ39c1guxAWW3sg/lwIAqB3TCCAMqZ2h7bLFUAAs2x819dlXinOdPlg32eR28a2MDQMjJJy9FKaVjNIY7cn+nI2UGNXSuR9N4k1ivVIE9cDffk0HXao5mcay8FI3IwRDQjF46f6OodnX7dkUCAZbLuCE3K5ZkHbwaO68J+9DOE2iyImwZY/gVTwoU0wWxQTIQiS1HWGXvygPlgqBxtCrf0N1dTZfzyXUUDOeTxMk4SyrJqcGgn7e3EOqX3nIj7cOGETew8tjLVZTHb6pId2+rUerrQ6NxBCvCc2+yhXPsVIpD7ObLI+s+EAenVGTAUZHlsU8qhc7QsXRIQT+LeFUi99AG1m5lRQO+YQw2qBeOoe8ecpOu1aCU1Q6qJ2CQ8Hi8tHQKXZqp4ZgPjJHGOYOcfO20fM4aCrr6b5xmQQ9IQDIFThR4tV0NXGn54kFSgP+nD7BmXcLp5kTxB5vfy0IStYkfsIZA0EpYUWfFV8H2guvzXFl3Q5Y+OGvdSvFGvo9vK64P8SJ86UiIpZTsn7GChkR9FxbmypTMLHSy7S8T6jCkcKfU61Z7WIQNmlh7pWVCnYSXHxZ2FqGwQClMmStlg1FOwyg+S9J6PxIq3Xc64JJPkhJMw4paz3/SI4LYRY+hIT7kanpsmrQbcuY2DvUVHVEM36DrC7sqbrZAbTgNTq3KYSxCT37U8a8nHEDcmKh3RvlKw4euneRdo8lGpjfzsiBh3sAlfJ0eMsYllyhkrRwR9MPXOsBPVBVIXK77Jf0wIdf7wPJUaaxB7rsZYqq9lQk3Jhn+aPatoeIvjWpwMIZSGxlJ0URiaznNUwIyMWxP+PqRJvVCR+FP10ggiI3qnJVpthovhFPiL0K/RTwhiPF9pMhLkADxRJj+ALhruV+ng5ZMdydR0DkRTYdeDunzndeai/oO8p9UDuOX0Tlqk5FeJ5E7wZWRmWBCy4klGv/vtSpscmJPdT0LJ+eluZ4IyaBcHHkoeRsevzk0VtYm5k8C03qvrQAKFa3zZQ9/mKe7rvHDZTm+o71xFVqk3Z4Pihgs01toRAOvVQp5BK9yYPpHdhW8Nc0dwQDJAhFlyZ/MuMMHxAyNpcquw4QUMmzFBXX9/Z0JKsQWxZtOGCGx28/1Q==&u=U2FsdGVkX19J8ng2P7Qgkq2RDCrjPSgHISQSDFKODADqKg+6EfIY6uJcsCvCaBv/&y=U2FsdGVkX1+yNcmoVQp11xAy/meCROcOTBMZPxB7BBYpgJ426xpev4mC7mJV0g5f HTTP/1.1" 200 26
152.203.49.1 - - [24/Jun/2023:13:22:31 -0500] "GET /kwssiamovil/sm/acme/a?s=U2FsdGVkX1+YS8pTV6uQGl8rWT9SSi5lrGTu1QaHBym50kYfTJ1hl7WLYv3q3qzVJ3wBBe91Y7oysksIAF+W5xuG3eq78TB3Ocyi1PeIeoXBIwg/r3R0Kczdg7Ues9VLpnivNsf7Y9VNWb7b8G/i5ZfdbwgCJjsOSAtXyDKMPB4=&u=U2FsdGVkX19J8ng2P7Qgkq2RDCrjPSgHISQSDFKODADqKg+6EfIY6uJcsCvCaBv/&y=U2FsdGVkX1+yNcmoVQp11xAy/meCROcOTBMZPxB7BBYpgJ426xpev4mC7mJV0g5f HTTP/1.1" 200 26
152.203.49.1 - - [24/Jun/2023:13:22:31 -0500] "GET /kwssiamovil/sm/acme/a?s=U2FsdGVkX19ruhDYjumWN9uWzipes0COgDApAMf8zCtNrMN+83YH7A+iRsGcsyGR+YIxufrutqtNud9Zp089cyeLdOmQyEnR/GYBxhmCPT1UvRdrAKI5hQt0A9vXPld+Ofu2QktUUnM9vTMA9WERZs/tYXOnOHfrC3KSzL3TiPo=&u=U2FsdGVkX19J8ng2P7Qgkq2RDCrjPSgHISQSDFKODADqKg+6EfIY6uJcsCvCaBv/&y=U2FsdGVkX1+yNcmoVQp11xAy/meCROcOTBMZPxB7BBYpgJ426xpev4mC7mJV0g5f HTTP/1.1" 200 26
152.203.49.1 - - [24/Jun/2023:13:22:31 -0500] "GET /kwssiamovil/sm/acme/a?s=U2FsdGVkX18Gv0Ww4Sucl8Qp8yv07xGUXCOr+9KW5kbGl6ERzvGQ2tyYKxYVNs8J24H2Km4s9WHmSTJq77d0nS4AS06kMLUigL2TvZxUPdy0Xj3L5Tz5MCAi0uhy2v8dP/b+ZFjVKoZ6PPtSkBauPZP2qmgu0CrHikZK2j29xL8=&u=U2FsdGVkX19J8ng2P7Qgkq2RDCrjPSgHISQSDFKODADqKg+6EfIY6uJcsCvCaBv/&y=U2FsdGVkX1+yNcmoVQp11xAy/meCROcOTBMZPxB7BBYpgJ426xpev4mC7mJV0g5f HTTP/1.1" 200 26
152.203.49.1 - - [24/Jun/2023:13:22:31 -0500] "GET /kwssiamovil/sm/acme/a?s=U2FsdGVkX1/Azpi5QN37GvofxP5Zxj7EPO/zLWRsDDPaoeN7IRekjlNOaX0Ntw6k7wdt5JMrqxWJpOOdpphZ2Ie/ZYFVnsIW/lBigLMgviVQzO2mhvvR7nsocVBbhDYwlZONlBW5u2OHPM3Lw6hInuavp/ajLH8lUUhbG1WVaGnMPyL4vKrlNojfrPzZ5bRufPU15dpd389gMTTdS2FNXA==&u=U2FsdGVkX19J8ng2P7Qgkq2RDCrjPSgHISQSDFKODADqKg+6EfIY6uJcsCvCaBv/&y=U2FsdGVkX1+yNcmoVQp11xAy/meCROcOTBMZPxB7BBYpgJ426xpev4mC7mJV0g5f HTTP/1.1" 200 26
152.203.49.1 - - [24/Jun/2023:13:22:32 -0500] "GET /kwssiamovil/sm/acme/a?s=U2FsdGVkX1+KSPh1dYOze7zLg0mqMBgRlWY4mvb0I8x3M1+xBqZubzcaSDRqZ7v+Q2YqWZrOzyCXMdoIdyEUIVw2CB5Zpb2cBskcO7h0cOUUz7ES4uRZp1GTrN2XQXl9XQmMtQwylWQrHL5rlaH73Guj84xN29OEetNKUyBDZorYUpY903yXRFYG85EUckBoTKLULoTcrKWsQil7Qb6Q5A==&u=U2FsdGVkX19J8ng2P7Qgkq2RDCrjPSgHISQSDFKODADqKg+6EfIY6uJcsCvCaBv/&y=U2FsdGVkX1+yNcmoVQp11xAy/meCROcOTBMZPxB7BBYpgJ426xpev4mC7mJV0g5f HTTP/1.1" 200 26
152.203.49.1 - - [24/Jun/2023:13:22:32 -0500] "GET /kwssiamovil/sm/acme/a?s=U2FsdGVkX1/hw8/C5Zg8+vFHb4yKPIhdpsLNQBAWSXjNjTWrDON1cqfU9Qog//GjXT5kE7HchnViWCBeRqqvgw+cD2VwxKJ9mYA2No7arnsYzwuObyHzN2LEHkK7vvKWJHbazu6HsSFuU8M5oBQH9MeUfEw2bn+F+osGK4optnNH7KEDRR1+2GTLAnJ53tzi&u=U2FsdGVkX19J8ng2P7Qgkq2RDCrjPSgHISQSDFKODADqKg+6EfIY6uJcsCvCaBv/&y=U2FsdGVkX1+yNcmoVQp11xAy/meCROcOTBMZPxB7BBYpgJ426xpev4mC7mJV0g5f HTTP/1.1" 200 26
152.203.49.1 - - [24/Jun/2023:13:22:32 -0500] "GET /kwssiamovil/sm/acme/a?s=U2FsdGVkX1/N8SdNi4N+IIR0CkaRlrU8qNEJcKAGL3sPAjL/VwwoU40/5+AUeKtBxO1zSHL/i6v1r34kNHsF001UuBF91e526iKYlzEshP25VgfuimrkEEBuxW89kl7C5lyTI0vvcHBqTnVlColBmGEtjxSV3hVSzjwpcF5cbDR1Ix4kQi0DXAxGpFc/TdBntpPZ9FylYEtZE/d0rrdK9A==&u=U2FsdGVkX19J8ng2P7Qgkq2RDCrjPSgHISQSDFKODADqKg+6EfIY6uJcsCvCaBv/&y=U2FsdGVkX1+yNcmoVQp11xAy/meCROcOTBMZPxB7BBYpgJ426xpev4mC7mJV0g5f HTTP/1.1" 200 26
152.203.49.1 - - [24/Jun/2023:13:22:32 -0500] "GET /kwssiamovil/sm/acme/a?s=U2FsdGVkX19Ga9qu+5dbmRBQwqTnGg2mbHEQ9hVao7H95UH1K7SIfltCUMKtNP3+2eVr5OREUNQQzeh5W4QwUz4djKhf+8EXkQEdADGryZHWU3Ru5P7IsbF4Yg9OTw5vjOlaU4u5AhWpzp1sUPgxzI9dob7RaUr0puoCVjsvHhRmjJrb0DWXJRJHB7BKKb0w&u=U2FsdGVkX19J8ng2P7Qgkq2RDCrjPSgHISQSDFKODADqKg+6EfIY6uJcsCvCaBv/&y=U2FsdGVkX1+yNcmoVQp11xAy/meCROcOTBMZPxB7BBYpgJ426xpev4mC7mJV0g5f HTTP/1.1" 200 26
152.203.49.1 - - [24/Jun/2023:13:22:32 -0500] "GET /kwssiamovil/sm/acme/a?s=U2FsdGVkX18oVdydBS3JgKesuwCgRfOSr5RKHOyH0nKU7KJ/U6wWGjppY7JICR9Bw9//GAlE7YceLX3GcjqMr2A7ZTrBIo+Db6embBYDGU4raUXUp0+1oubU6Yh7Ocuy2Mhx1t15zSy+AI6GUQ7d7KcDR8th9zMHFolLtyUciEhlLPvkmFSyzDhLkvsx0myq9xV8EgUm9e4EOCv7OwbQow==&u=U2FsdGVkX19J8ng2P7Qgkq2RDCrjPSgHISQSDFKODADqKg+6EfIY6uJcsCvCaBv/&y=U2FsdGVkX1+yNcmoVQp11xAy/meCROcOTBMZPxB7BBYpgJ426xpev4mC7mJV0g5f HTTP/1.1" 200 26
152.203.49.1 - - [24/Jun/2023:13:22:32 -0500] "GET /kwssiamovil/sm/acme/a?s=U2FsdGVkX197+ejjV4sXKli2m7UZxewp4kjMq6ff5hrXLAHteOVBjplD4sSS6NpLRhtTouZS5Wv42DXjI/TfURjYi3AoGhu5c+ZdO14YtMe4xG2QEkkiO0GoR6EvsxH2fhphbBVdHeYH0GjWXuJFNmNJNPufL5oXM2vSDcYHBZg4S4Ncmb+rLNKXO/u/ull0&u=U2FsdGVkX19J8ng2P7Qgkq2RDCrjPSgHISQSDFKODADqKg+6EfIY6uJcsCvCaBv/&y=U2FsdGVkX1+yNcmoVQp11xAy/meCROcOTBMZPxB7BBYpgJ426xpev4mC7mJV0g5f HTTP/1.1" 200 26
152.203.49.1 - - [24/Jun/2023:13:22:32 -0500] "GET /kwssiamovil/sm/acme/a?s=U2FsdGVkX18Y74QnwxLoLn8Admtlqrd/wyRpJ083F02LlMYw1seN4WOf7VT+Xty7QqTv3Zg/jFKd/J/W64zN/8PL9eyNk9dld1ttwFjIblEojm1EKbs+1qOcKPBdW2XFuggI10QOPrMgVofHZLfRtfGhKvE3sSZelsthTyVWv5vsgpSA6mjpuremidu4ewQ5C8Nsvy3/kjKBx+ly/RDtBQ==&u=U2FsdGVkX19J8ng2P7Qgkq2RDCrjPSgHISQSDFKODADqKg+6EfIY6uJcsCvCaBv/&y=U2FsdGVkX1+yNcmoVQp11xAy/meCROcOTBMZPxB7BBYpgJ426xpev4mC7mJV0g5f HTTP/1.1" 200 26
152.203.49.1 - - [24/Jun/2023:13:22:33 -0500] "GET /kwssiamovil/sm/acme/a?s=U2FsdGVkX1+NTzzMMrAXbJ4ANci7QrC87UbBt7K+jcKtG59NefI20eNKPrCbtgb3WerZGSC7UIYuStaSWoBo/WuPmTI1upzyjIV3tXZAbifs+pN84h220L6cQhc9m0el/SKRL9O7OfLwslxtlY+r6Lhj4pRky6dyy3cg73R+kbyC4s/1HOqBKOM9CIIt7YuY&u=U2FsdGVkX19J8ng2P7Qgkq2RDCrjPSgHISQSDFKODADqKg+6EfIY6uJcsCvCaBv/&y=U2FsdGVkX1+yNcmoVQp11xAy/meCROcOTBMZPxB7BBYpgJ426xpev4mC7mJV0g5f HTTP/1.1" 200 26
152.203.49.1 - - [24/Jun/2023:13:22:33 -0500] "GET /kwssiamovil/sm/acme/a?s=U2FsdGVkX1+dXdL0/CG2kyLlVUMWcZ7moIpePIUrLcwn66K7//ahb+Tv9FZuz/ijfkGBeTWHIEYld5D+VSz2RrBvvm/+J+5Yts13PRNSes2UAkyaBIUEeaJRsLIz8S0aMgA3ZHdrUnkFqxTxhnujaZqpaKcjhkSCEInnJv3uPb1nDl8MlnCPe0QbxEYokg11cDmj7bgYqDo/igw7hVahQA==&u=U2FsdGVkX19J8ng2P7Qgkq2RDCrjPSgHISQSDFKODADqKg+6EfIY6uJcsCvCaBv/&y=U2FsdGVkX1+yNcmoVQp11xAy/meCROcOTBMZPxB7BBYpgJ426xpev4mC7mJV0g5f HTTP/1.1" 200 26
152.203.49.1 - - [24/Jun/2023:13:22:33 -0500] "GET /kwssiamovil/sm/acme/a?s=U2FsdGVkX1/UypH6dostqCcvPumKIFz6XLBkIWvdfx9VjdoEfT09PjdsyJmM6igBrHtEtRX+eJ+K4k9tzKA3Pb9LY96sLCc7oihPy0I7DdjZCQ2/RlHfkjAHZxclOx3DSww+fv8R8POzgRa4SR7MVU/Swad6LsxExyvl6YNq9uonasHBS0LX/ZNDkMuUl18A&u=U2FsdGVkX19J8ng2P7Qgkq2RDCrjPSgHISQSDFKODADqKg+6EfIY6uJcsCvCaBv/&y=U2FsdGVkX1+yNcmoVQp11xAy/meCROcOTBMZPxB7BBYpgJ426xpev4mC7mJV0g5f HTTP/1.1" 200 26
152.203.49.1 - - [24/Jun/2023:13:22:33 -0500] "GET /kwssiamovil/sm/acme/a?s=U2FsdGVkX19BgLSZM+uqXrSuaaojGnlXBPz4R2j5wur2udxVvdfbvDlcEXN2jjBffYVO9WhZwAxaHzaKcgRaNBj142hM9293IBKkcjsjqwnXEBgCpYiEAX0ygmilLm3XNVUWYYLnwtCI9MByIHmC3xZIMm2fcrv/77bxSD2clxD2fq3Vca+/jaYLV/51DgCWrWsZtk70PYGqjLUiUlF/aw==&u=U2FsdGVkX19J8ng2P7Qgkq2RDCrjPSgHISQSDFKODADqKg+6EfIY6uJcsCvCaBv/&y=U2FsdGVkX1+yNcmoVQp11xAy/meCROcOTBMZPxB7BBYpgJ426xpev4mC7mJV0g5f HTTP/1.1" 200 26
152.203.49.1 - - [24/Jun/2023:13:22:33 -0500] "GET /kwssiamovil/sm/acme/a?s=U2FsdGVkX1/4PmanvQ86DZX374FSYptMqPdNuFyPcOBFtJfSH35O0Txddqjz3Ub7rXOo4sjyJqeGq4rXvzn67rC1VUfxi/Aa8BQWyM5q+2igb5rnWn3Lpkua3mdEsRA/8jGyBOj4eQBcfHmCey7GXA3wh9egTDQVCqKEpbb60ZjpRueXaknkaqBRqDlSeTZ2&u=U2FsdGVkX19J8ng2P7Qgkq2RDCrjPSgHISQSDFKODADqKg+6EfIY6uJcsCvCaBv/&y=U2FsdGVkX1+yNcmoVQp11xAy/meCROcOTBMZPxB7BBYpgJ426xpev4mC7mJV0g5f HTTP/1.1" 200 26
20.26.80.129 - - [24/Jun/2023:13:24:08 -0500] "GET /Publicaciones/2023EE89095.pdf HTTP/1.1" 404 227
40.77.167.177 - - [24/Jun/2023:13:24:26 -0500] "GET /bogota-celebra-la-semana-de-los-insectos.html HTTP/1.1" 200 717
201.245.192.253 - - [24/Jun/2023:13:24:42 -0500] "POST /kwsrmcab/Wsrmcab  HTTP/1.1" 200 40807
172.22.2.4 - - [24/Jun/2023:13:23:11 -0500] "HEAD /BLA/boletinlegal/ HTTP/1.1" 200 -
172.22.2.4 - - [24/Jun/2023:13:24:01 -0500] "GET /BLA/boletinlegal/ HTTP/1.1" 200 59192
216.245.221.92 - - [24/Jun/2023:13:26:22 -0500] "HEAD / HTTP/1.1" 200 -
173.252.127.118 - - [24/Jun/2023:13:27:22 -0500] "GET /images/stand-secretaria-ambiente-fima.jpg HTTP/1.1" 200 42537
69.63.189.9 - - [24/Jun/2023:13:27:41 -0500] "GET /fima-2023-mas-de-700-personas-asistieron-al-stand-de-la-secretaria-de-ambiente.html HTTP/1.1" 200 857
69.63.189.8 - - [24/Jun/2023:13:27:53 -0500] "GET /fima-2023-mas-de-700-personas-asistieron-al-stand-de-la-secretaria-de-ambiente.html HTTP/1.1" 206 857
69.63.189.116 - - [24/Jun/2023:13:27:56 -0500] "GET /fima-2023-mas-de-700-personas-asistieron-al-stand-de-la-secretaria-de-ambiente.html HTTP/1.1" 206 857
69.63.189.1 - - [24/Jun/2023:13:27:57 -0500] "GET /fima-2023-mas-de-700-personas-asistieron-al-stand-de-la-secretaria-de-ambiente.html HTTP/1.1" 206 857
201.245.192.253 - - [24/Jun/2023:13:29:41 -0500] "POST /kwsrmcab/Wsrmcab  HTTP/1.1" 200 40807
173.252.111.1 - - [24/Jun/2023:13:29:43 -0500] "GET /chulo-o-gallinazo-un-carronero-que-cumple-un-papel-fundamental-en-los-ecosistemas.html HTTP/1.1" 200 784
201.245.192.253 - - [24/Jun/2023:13:29:49 -0500] "POST /kwsrmcab/Wsrmcab HTTP/1.1" 200 40677
201.245.192.253 - - [24/Jun/2023:13:29:52 -0500] "POST /kwsrmcab/Wsrmcab HTTP/1.1" 200 43514
173.252.95.120 - - [24/Jun/2023:13:30:05 -0500] "GET /images/caminatas-ecol\xc3\xb3gicas-marzo---1920x1080_optimized.jpg HTTP/1.1" 404 1034
186.84.22.167 - - [24/Jun/2023:13:30:29 -0500] "GET /galeria/galeria/jquery.fancybox.css?v=2.1.5 HTTP/1.1" 200 4895
186.84.22.167 - - [24/Jun/2023:13:30:30 -0500] "GET /BLA/boletinlegal/js/jquery.scrollShow.js HTTP/1.1" 200 4586
186.84.22.167 - - [24/Jun/2023:13:30:30 -0500] "GET /galeria/galeria/jquery.fancybox.js?v=2.1.5 HTTP/1.1" 200 48706
172.22.2.4 - - [24/Jun/2023:13:29:01 -0500] "HEAD /BLA/boletinlegal/ HTTP/1.1" 200 -
191.156.182.223 - - [24/Jun/2023:13:30:44 -0500] "GET /proyecto-avantia-con-la-union-europea-busca-especialista-en-cambio-climatico.html HTTP/1.1" 200 814
216.245.221.92 - - [24/Jun/2023:13:31:22 -0500] "HEAD / HTTP/1.1" 200 -
172.22.2.4 - - [24/Jun/2023:13:29:51 -0500] "GET /BLA/boletinlegal/ HTTP/1.1" 200 57272
173.252.111.5 - - [24/Jun/2023:13:32:20 -0500] "GET /si-te-gusta-la-pintura-el-dibujo-o-la-fotografia-el-concurso-a-vuelo-de-pajaro-es-para-ti.html HTTP/1.1" 200 861
201.245.192.253 - - [24/Jun/2023:13:34:40 -0500] "POST /kwsrmcab/Wsrmcab  HTTP/1.1" 200 40807
69.171.251.13 - - [24/Jun/2023:13:34:43 -0500] "GET /images/cr\xc3\xb3nica-29-nov-1_optimized.jpeg HTTP/1.1" 404 1034
173.252.111.1 - - [24/Jun/2023:13:34:45 -0500] "GET /images/semana-bosques-1_optimized.1.jpg HTTP/1.1" 200 102892
173.252.111.119 - - [24/Jun/2023:13:34:45 -0500] "GET /images/Sello%201%20JA-2.jpeg HTTP/1.1" 200 42236
173.252.111.119 - - [24/Jun/2023:13:34:45 -0500] "GET /images/17%20de%20febrero%20mujeres%20que%20reverdecen.jpeg HTTP/1.1" 200 85735
173.252.111.5 - - [24/Jun/2023:13:34:47 -0500] "GET /images/facebook-live-ivc-MAYO27.png HTTP/1.1" 200 480404
17.241.219.72 - - [24/Jun/2023:13:35:43 -0500] "-" 408 -
181.53.13.252 - - [24/Jun/2023:13:35:47 -0500] "GET /BLA/resoluciones/ HTTP/1.1" 200 13502
216.245.221.92 - - [24/Jun/2023:13:36:22 -0500] "HEAD / HTTP/1.1" 200 -
172.22.2.4 - - [24/Jun/2023:13:34:51 -0500] "HEAD /BLA/boletinlegal/ HTTP/1.1" 200 -
172.22.2.4 - - [24/Jun/2023:13:35:41 -0500] "GET /BLA/boletinlegal/ HTTP/1.1" 200 59192
40.77.188.35 - - [24/Jun/2023:13:37:55 -0500] "GET /portaldeninos/wp-content/uploads/useanyfont/uaf.css?ver=1589905315 HTTP/1.1" 200 408
40.77.189.87 - - [24/Jun/2023:13:37:55 -0500] "GET /portaldeninos/wp-content/plugins/gallery-videos/CSS/Total-Soft-Gallery-Video-Widget.css?ver=4.9.8 HTTP/1.1" 200 51554
40.77.189.116 - - [24/Jun/2023:13:37:55 -0500] "GET /portaldeninos/wp-content/plugins/gallery-videos/CSS/totalsoft.css?ver=4.9.8 HTTP/1.1" 200 40622
40.77.190.121 - - [24/Jun/2023:13:37:55 -0500] "GET /portaldeninos/wp-content/themes/betheme/css/base.css?ver=20.9.6 HTTP/1.1" 200 57283
40.77.189.153 - - [24/Jun/2023:13:37:56 -0500] "GET /portaldeninos/wp-content/themes/betheme/assets/jplayer/css/jplayer.blue.monday.css?ver=20.9.6 HTTP/1.1" 200 9834
40.77.188.35 - - [24/Jun/2023:13:37:56 -0500] "GET /portaldeninos/wp-content/themes/betheme/assets/ui/jquery.ui.all.css?ver=20.9.6 HTTP/1.1" 200 18765
40.77.190.149 - - [24/Jun/2023:13:37:55 -0500] "GET /portaldeninos/wp-content/themes/betheme/css/layout.css?ver=20.9.6 HTTP/1.1" 200 116639
40.77.190.121 - - [24/Jun/2023:13:37:56 -0500] "GET /portaldeninos/wp-includes/js/jquery/jquery-migrate.min.js?ver=1.4.1 HTTP/1.1" 200 10056
40.77.188.24 - - [24/Jun/2023:13:37:56 -0500] "GET /portaldeninos/wp-content/themes/betheme/css/responsive.css?ver=20.9.6 HTTP/1.1" 200 55740
40.77.188.35 - - [24/Jun/2023:13:37:56 -0500] "GET /portaldeninos/wp-content/plugins/gallery-videos/JS/modernizr.custom.js?ver=4.9.8 HTTP/1.1" 200 9019
40.77.189.116 - - [24/Jun/2023:13:37:56 -0500] "GET /portaldeninos/wp-includes/js/jquery/jquery.js?ver=1.12.4 HTTP/1.1" 200 97184
40.77.189.153 - - [24/Jun/2023:13:37:57 -0500] "GET /portaldeninos/wp-content/themes/betheme/js/scripts.js?ver=20.9.6 HTTP/1.1" 200 77162
40.77.190.121 - - [24/Jun/2023:13:37:57 -0500] "GET /portaldeninos/wp-content/themes/betheme/fonts/mfn-icons.woff?93978679 HTTP/1.1" 200 80932
186.102.2.16 - - [24/Jun/2023:13:39:10 -0500] "GET /acuerdos-de-conservacion-camaras-trampa-registran-fauna-en-la-reserva-umbral-cultural-horizontes.html HTTP/1.1" 200 818
181.53.13.252 - - [24/Jun/2023:13:39:10 -0500] "GET /BLA/resoluciones/index.php?dir=AUTOS+2016%2F HTTP/1.1" 200 330644
181.53.13.252 - - [24/Jun/2023:13:39:22 -0500] "GET /BLA/resoluciones/index.php?dir=AUTOS+2015%2F HTTP/1.1" 200 582864
168.119.253.13 - - [24/Jun/2023:13:39:39 -0500] "GET / HTTP/1.1" 200 4720
201.245.192.253 - - [24/Jun/2023:13:39:39 -0500] "POST /kwsrmcab/Wsrmcab  HTTP/1.1" 200 40807
168.119.253.13 - - [24/Jun/2023:13:39:42 -0500] "GET / HTTP/1.1" 200 319
173.252.95.117 - - [24/Jun/2023:13:39:43 -0500] "HEAD /mas-de-28-toneladas-de-residuos-se-recolectaron-en-la-primera-reciclaton-2023.html HTTP/1.1" 206 -
181.53.13.252 - - [24/Jun/2023:13:39:50 -0500] "GET /BLA/resoluciones/AUTOS%202015/6583.pdf HTTP/1.1" 200 493085
201.245.192.253 - - [24/Jun/2023:13:39:50 -0500] "POST /kwsrmcab/Wsrmcab HTTP/1.1" 200 40677
201.245.192.253 - - [24/Jun/2023:13:39:53 -0500] "POST /kwsrmcab/Wsrmcab HTTP/1.1" 200 43514
52.167.144.71 - - [24/Jun/2023:13:40:21 -0500] "GET /portaldeninos/parque-ecologico-distrital-humedal-santa-maria-del-lago/ HTTP/1.1" 200 90199
216.245.221.92 - - [24/Jun/2023:13:41:22 -0500] "HEAD / HTTP/1.1" 200 -
190.165.86.4 - - [24/Jun/2023:13:41:22 -0500] "GET /galeria/galeria/jquery.fancybox.js?v=2.1.5 HTTP/1.1" 200 48706
190.165.86.4 - - [24/Jun/2023:13:41:22 -0500] "GET /BLA/boletinlegal/js/jquery.scrollShow.js HTTP/1.1" 200 4586
190.165.86.4 - - [24/Jun/2023:13:41:22 -0500] "GET /galeria/galeria/jquery.fancybox.css?v=2.1.5 HTTP/1.1" 200 4895
172.22.2.4 - - [24/Jun/2023:13:40:41 -0500] "HEAD /BLA/boletinlegal/ HTTP/1.1" 200 -
172.22.2.4 - - [24/Jun/2023:13:41:31 -0500] "GET /BLA/boletinlegal/ HTTP/1.1" 200 57272
173.252.95.5 - - [24/Jun/2023:13:43:18 -0500] "GET /incautadas-tarantulas-que-iban-a-ser-exportadas-ilegalmente-desde-bogota-hasta-mexico.html HTTP/1.1" 200 899
172.22.2.4 - - [24/Jun/2023:13:44:34 -0500] "GET /BLA/boletinlegal/actos.php HTTP/1.1" 200 9682
172.22.2.4 - - [24/Jun/2023:13:44:35 -0500] "GET /BLA/boletinlegal/js/ajax_actos.js HTTP/1.1" 200 1322
172.22.2.4 - - [24/Jun/2023:13:44:35 -0500] "GET /BLA/boletinlegal/styles2.css HTTP/1.1" 200 1838
172.22.2.4 - - [24/Jun/2023:13:44:35 -0500] "GET /BLA/boletinlegal/niceforms-default.css HTTP/1.1" 200 6694
172.22.2.4 - - [24/Jun/2023:13:44:35 -0500] "GET /BLA/boletinlegal/style.css HTTP/1.1" 200 9406
172.22.2.4 - - [24/Jun/2023:13:44:35 -0500] "GET /BLA/boletinlegal/js/lib.js HTTP/1.1" 200 6474
172.22.2.4 - - [24/Jun/2023:13:44:35 -0500] "GET /BLA/boletinlegal/js/popup.js HTTP/1.1" 200 1270
172.22.2.4 - - [24/Jun/2023:13:44:35 -0500] "GET /BLA/boletinlegal/images/cabezote%20BLEGAL.jpg HTTP/1.1" 200 118164
172.22.2.4 - - [24/Jun/2023:13:44:35 -0500] "GET /BLA/boletinlegal/images/subscribe-icon-big.png HTTP/1.1" 200 47702
172.22.2.4 - - [24/Jun/2023:13:44:35 -0500] "GET /BLA/boletinlegal/images/historia.png HTTP/1.1" 200 52775
172.22.2.4 - - [24/Jun/2023:13:44:35 -0500] "GET /BLA/boletinlegal/images/menu_lft.gif HTTP/1.1" 200 1713
172.22.2.4 - - [24/Jun/2023:13:44:35 -0500] "GET /BLA/boletinlegal/images/menu_rght.gif HTTP/1.1" 200 1627
172.22.2.4 - - [24/Jun/2023:13:44:35 -0500] "GET /BLA/boletinlegal/images/body_bg.jpg HTTP/1.1" 200 1601
172.22.2.4 - - [24/Jun/2023:13:44:35 -0500] "GET /BLA/boletinlegal/images/bg_top.jpg HTTP/1.1" 200 522
172.22.2.4 - - [24/Jun/2023:13:44:35 -0500] "GET /BLA/boletinlegal/images/hover.jpg HTTP/1.1" 200 640
172.22.2.4 - - [24/Jun/2023:13:44:35 -0500] "GET /BLA/boletinlegal/images/menu_bg.jpg HTTP/1.1" 200 620
172.22.2.4 - - [24/Jun/2023:13:44:35 -0500] "GET /BLA/boletinlegal/images/text.jpg HTTP/1.1" 200 568
172.22.2.4 - - [24/Jun/2023:13:44:35 -0500] "GET /BLA/boletinlegal/images/footer_bg.jpg HTTP/1.1" 200 586
172.22.2.4 - - [24/Jun/2023:13:44:35 -0500] "GET /BLA/boletinlegal/images/footer_bg_l.jpg HTTP/1.1" 200 776
172.22.2.4 - - [24/Jun/2023:13:44:35 -0500] "GET /BLA/boletinlegal/img/0.png HTTP/1.1" 200 110
172.22.2.4 - - [24/Jun/2023:13:44:35 -0500] "GET /BLA/boletinlegal/img/button-left.png HTTP/1.1" 200 57071
172.22.2.4 - - [24/Jun/2023:13:44:35 -0500] "GET /BLA/boletinlegal/img/select-left.png HTTP/1.1" 200 263
172.22.2.4 - - [24/Jun/2023:13:44:35 -0500] "GET /BLA/boletinlegal/img/select-right.png HTTP/1.1" 200 44019
172.22.2.4 - - [24/Jun/2023:13:44:35 -0500] "GET /BLA/boletinlegal/img/button.png HTTP/1.1" 200 43241
172.22.2.4 - - [24/Jun/2023:13:44:35 -0500] "GET /BLA/boletinlegal/img/button-right.png HTTP/1.1" 200 57878
172.22.2.4 - - [24/Jun/2023:13:44:35 -0500] "GET /BLA/boletinlegal/favicon.ico HTTP/1.1" 404 1326
190.25.237.203 - - [24/Jun/2023:13:44:37 -0500] "GET /BLA/resoluciones/dlf/styles.css HTTP/1.1" 200 3049
190.25.237.203 - - [24/Jun/2023:13:44:36 -0500] "GET /BLA/resoluciones/index.php?dir=RESOLUCIONES+2021%2F HTTP/1.1" 200 441180
190.25.237.203 - - [24/Jun/2023:13:44:37 -0500] "GET /BLA/resoluciones/index.php?dir=AUTOS+2022%2F HTTP/1.1" 200 497696
201.245.192.253 - - [24/Jun/2023:13:44:38 -0500] "POST /kwsrmcab/Wsrmcab  HTTP/1.1" 200 40807
201.244.160.245 - - [24/Jun/2023:13:45:30 -0500] "GET /BLA/resoluciones/ HTTP/1.1" 200 13502
201.244.160.245 - - [24/Jun/2023:13:45:30 -0500] "GET /BLA/resoluciones/dlf/folder.png HTTP/1.1" 200 410
201.244.160.245 - - [24/Jun/2023:13:45:30 -0500] "GET /BLA/resoluciones/dlf/styles.css HTTP/1.1" 200 3049
201.244.160.245 - - [24/Jun/2023:13:45:30 -0500] "GET /BLA/resoluciones/dlf/bg.gif HTTP/1.1" 200 54
201.244.160.245 - - [24/Jun/2023:13:45:34 -0500] "GET /BLA/resoluciones/index.php?dir=RESOLUCIONES+1997%2F HTTP/1.1" 200 16815
201.244.160.245 - - [24/Jun/2023:13:45:34 -0500] "GET /BLA/resoluciones/dlf/pdf.gif HTTP/1.1" 200 272
201.244.160.245 - - [24/Jun/2023:13:45:34 -0500] "GET /BLA/resoluciones/dlf/dirup.png HTTP/1.1" 200 644
201.244.160.245 - - [24/Jun/2023:13:45:49 -0500] "GET /BLA/resoluciones/RESOLUCIONES%201997/RESOLUCION%20250%20DE%201997.pdf HTTP/1.1" 200 149529
152.203.49.1 - - [24/Jun/2023:13:46:21 -0500] "OPTIONS /kwssiamovil/sm/setfile/f? HTTP/1.1" 200 13
216.245.221.92 - - [24/Jun/2023:13:46:22 -0500] "HEAD / HTTP/1.1" 200 -
152.203.49.1 - - [24/Jun/2023:13:46:21 -0500] "POST /kwssiamovil/sm/setfile/f? HTTP/1.1" 200 381
152.203.49.1 - - [24/Jun/2023:13:46:23 -0500] "OPTIONS /kwssiamovil/sm/setfile/f? HTTP/1.1" 200 13
152.203.49.1 - - [24/Jun/2023:13:46:23 -0500] "POST /kwssiamovil/sm/setfile/f? HTTP/1.1" 200 381
152.203.49.1 - - [24/Jun/2023:13:46:25 -0500] "OPTIONS /kwssiamovil/sm/setfile/f? HTTP/1.1" 200 13
152.203.49.1 - - [24/Jun/2023:13:46:26 -0500] "POST /kwssiamovil/sm/setfile/f? HTTP/1.1" 200 381
152.203.49.1 - - [24/Jun/2023:13:46:28 -0500] "OPTIONS /kwssiamovil/sm/setfile/f? HTTP/1.1" 200 13
152.203.49.1 - - [24/Jun/2023:13:46:28 -0500] "POST /kwssiamovil/sm/setfile/f? HTTP/1.1" 200 381
152.203.49.1 - - [24/Jun/2023:13:46:30 -0500] "OPTIONS /kwssiamovil/sm/setfile/f? HTTP/1.1" 200 13
152.203.49.1 - - [24/Jun/2023:13:46:30 -0500] "POST /kwssiamovil/sm/setfile/f? HTTP/1.1" 200 381
172.22.2.4 - - [24/Jun/2023:13:46:31 -0500] "GET /BLA/boletinlegal/.env HTTP/1.1" 404 1038
152.203.49.1 - - [24/Jun/2023:13:46:39 -0500] "GET /kwssiamovil/sm/acme/a?s=U2FsdGVkX18S8SjwWpL7IIOw2bevA3KT8QiulsQXExwmLLJ0tS0D7TcOb7byXBjnx/wrYXhc3/+MiHJAsBipv/JqEuSALbUG8jycFIRYboM9vaW/LSdrGuSJV2AVEqNsYIM//Tm/MlaJtmDhn4gNkecsGJO7qT7MJD2dY2RF2ZMIhRN47VTkMsq2YuitwW6WcT+SuEo2KtsCge297Xkb3M0p6NI9gOi0CANV74cKxS2hOinVckdL0v3Pwf7Du8E929TLqn3JZLB7afUZkGVrsA==&u=U2FsdGVkX19J8ng2P7Qgkq2RDCrjPSgHISQSDFKODADqKg+6EfIY6uJcsCvCaBv/&y=U2FsdGVkX1+yNcmoVQp11xAy/meCROcOTBMZPxB7BBYpgJ426xpev4mC7mJV0g5f HTTP/1.1" 200 26
152.203.49.1 - - [24/Jun/2023:13:46:40 -0500] "GET /kwssiamovil/sm/acme/a?s=U2FsdGVkX19dRL14T8ibYub3DPme6aaba+1gJVmqUEcJnK5ztp5Xb2oqAWN0phbZfu8PzmCvikNAtPdAKfsSy0R/KqnJsg9oRcTZiHADJ3prxWMy0OFc5qd2dEuAq4ysgZU4Fob1JsT3sNdvwS+IaST0uFFcdOmlNXvAujjEMqlblyB2ATbGbeojYTpI20Ws1XqZgldk+zjiEn46Z87Q2XkWl7aiWvWDNAC537xCx2+8IMMriVjjTDSWo30W6VxhEOd/Onh9vIHjjDba3adD+x5iJUFl1XGfRU2m6jwt49WL9hXf4Cm2w/mlUcvYczCw66FiFeo2XDSatS9kUH7F7xkhVfT8fW3j7OiE4bmSZxMHWaGlkGMpDwjblyCM0Bn301XBxvVPuSacRefFqRRuVquT74SHq+2gXFDRuWgjaygv0VqU2GZ1DMEw7mjK1EXnbWzfib9RrnVVSTalVNHO9ZIqB5Vyb3ZopKF7te/nvQstTDnKFY2TFCjhCqrqIYEdCDKtFfAl86dV3A3t1MCfe85G/x7dAW7VaVnelGNx5Xq1frvoNWnbQWTG4vEJXq8C45qQU7/FQqzj08O+v09QPxYGGLBuJxalMHTJn++zJULAgGGwp3jgRI77fJrcTOQc/TXNZbrdYfHKuR4Qxj2TqM8cx+OImxYuRc4qHf6KpamakbhSHReLOCuaGmPkfKfiX+PEzDKXbOXRuK/S+ujFmcnEaeXZ5VS48FfrlsCEzlbs1RwpJJ2RyragbIpWRnIHlmlIP5EB1D8Ih6X5NqYki1Jpf6bgwjCifWnHcio4VD7VKdS16PYM0OlRN4otzh/q1Gp/LNca3tcHguTbPayS5YZZ2FdfWlZcywbRYUkWEsom5Y0158CwBy5d1+WibidkiiQBNvOhqXaHVasTjISjuEWO0bqeeiOD5BwqGSgYY/r+rawHTMu8+1zlvo/fyGwmTUqrLnz1r2c47V+DjTcHXK2/4DVcDApPXq/8aGzlZBTOVouyKMxMUuy+L7RGy4IYti3WCTv5ekVZYStGyAyODX/jP9LRnN7XToKJ1p6sKzAtPWFuLZSrVBZVdj+wgsdWPnXd82P5Uf8bfu3dEsA01bz37Fe2cBiVuOWJpqchNqajphjpeiB7UM11E+fd+m5orKXWrmaydBrNb8z5NI6LcA==&u=U2FsdGVkX19J8ng2P7Qgkq2RDCrjPSgHISQSDFKODADqKg+6EfIY6uJcsCvCaBv/&y=U2FsdGVkX1+yNcmoVQp11xAy/meCROcOTBMZPxB7BBYpgJ426xpev4mC7mJV0g5f HTTP/1.1" 200 26
152.203.49.1 - - [24/Jun/2023:13:46:40 -0500] "GET /kwssiamovil/sm/acme/a?s=U2FsdGVkX19xSKOTOrg6aeUHB8lqwzEsuXUlRbbSFxmyJ3OgDERvh4+ufP6ICa3dY7uvvV6H7D2EjjKcFUcNhDuaoDeXhCAn0mXPYIfPRUFpMKiO+CnbFiN3g1CTyEqvL17JSZ+s9gPeRv4CrywjDCRu9TwmDAab/sHC28YPISc=&u=U2FsdGVkX19J8ng2P7Qgkq2RDCrjPSgHISQSDFKODADqKg+6EfIY6uJcsCvCaBv/&y=U2FsdGVkX1+yNcmoVQp11xAy/meCROcOTBMZPxB7BBYpgJ426xpev4mC7mJV0g5f HTTP/1.1" 200 26
152.203.49.1 - - [24/Jun/2023:13:46:40 -0500] "GET /kwssiamovil/sm/acme/a?s=U2FsdGVkX18kL1Tlknhx2pIx6MdOIxDqHqySmiBbfRiNCsnFwXPzS0G4G1WwaX/XqygRozzp7/ZQ+Ybqn7lxgefiPKUj7ezXQWKyIm0g17+wCjQg2jAz49yOqeHhxmx/dE3WWjaTLanYBUNsqJaWlKOpohbF9B3xsUTqXRAUhA4=&u=U2FsdGVkX19J8ng2P7Qgkq2RDCrjPSgHISQSDFKODADqKg+6EfIY6uJcsCvCaBv/&y=U2FsdGVkX1+yNcmoVQp11xAy/meCROcOTBMZPxB7BBYpgJ426xpev4mC7mJV0g5f HTTP/1.1" 200 26
152.203.49.1 - - [24/Jun/2023:13:46:40 -0500] "GET /kwssiamovil/sm/acme/a?s=U2FsdGVkX19U6RGDDKis+HHlihPUBPkoFGabwxvSftOT8QavpR2du1j4G8j1gXrl413+FEn+1FAx0Uq6FNTzrwaMqy863Kv6iYQrjxeocLPE/axpwTI39w00k5MUvEUaZ6HOeEG9gCOwE0NaOl8s7ZwTfSGLLHopVYL1RdNlFNQ=&u=U2FsdGVkX19J8ng2P7Qgkq2RDCrjPSgHISQSDFKODADqKg+6EfIY6uJcsCvCaBv/&y=U2FsdGVkX1+yNcmoVQp11xAy/meCROcOTBMZPxB7BBYpgJ426xpev4mC7mJV0g5f HTTP/1.1" 200 26
152.203.49.1 - - [24/Jun/2023:13:46:40 -0500] "GET /kwssiamovil/sm/acme/a?s=U2FsdGVkX18Mr7CyiHb7JerxY4f3jO/q7x2n3JfhXXhnsQ7ZMfL01O1bMsuo1wTU3YhjBbb8wYnWHJ3NUMy0Ve41/o2irFbn+l0aLCdUN+7rPfDvw+sMZrb5AwH9vdCCuncMQIE/eiAnLs6rxKVTNSBzQ9hY/KOuh8znN19bqohMw0xy+WKLsCzzOi9tQtAsf0+gyYPgoTu7cz0b2/jUKQ==&u=U2FsdGVkX19J8ng2P7Qgkq2RDCrjPSgHISQSDFKODADqKg+6EfIY6uJcsCvCaBv/&y=U2FsdGVkX1+yNcmoVQp11xAy/meCROcOTBMZPxB7BBYpgJ426xpev4mC7mJV0g5f HTTP/1.1" 200 26
152.203.49.1 - - [24/Jun/2023:13:46:41 -0500] "GET /kwssiamovil/sm/acme/a?s=U2FsdGVkX1+0XDgBXlg7UwZRz8482QkqSGI40VbhSP9VCPAVfRUv3LwoRSzt83dX44KvpxWaTU+e18Yt2PfY/BrSzZ7J5aj0N4rnRqnD9y7jq9cKD5SG75o/U9tDRZx5xmMsCn9ydEsK2eH/v3blPrp5LJzHEDRHYtGDoBa3chAPMYNJAF+Ci95tmc2e/ubAeEFZlnsQ4nqQflIsANbXKA==&u=U2FsdGVkX19J8ng2P7Qgkq2RDCrjPSgHISQSDFKODADqKg+6EfIY6uJcsCvCaBv/&y=U2FsdGVkX1+yNcmoVQp11xAy/meCROcOTBMZPxB7BBYpgJ426xpev4mC7mJV0g5f HTTP/1.1" 200 26
152.203.49.1 - - [24/Jun/2023:13:46:41 -0500] "GET /kwssiamovil/sm/acme/a?s=U2FsdGVkX19HOjpBgNB9E9ThyPJqqb7vcvxDCQMnwPhDKF+QYLPV2+l+lFaaylfXmnld4goV4ZjnxlKuup0UZrnPyeyzkOaAHb9WV1OqbOahIaOodh4w9xlY2iq9nki8+P5fnv6tnyswDmkLimXQnExCdZxgQXVKtzPuC2i96/m/tIcRNf0kelpfMf4v3ZHJwKAMdbXQBLTUUJj/DqgzY6bANqdJAdK6GEctQib6rTzc5sbj/8SoOB8dyl77bdu55fermq3+oUz5WxcKn5eSEpngpbV2gkNKDbZ6mIIr8jX9vybGRQdapgqAveM5s+iLL4CGdoWFQSzGbHJ+B+6I+zaWLnJpC3gDfRsbFrsV5G1W3oNsPeMZzn2FE/mUOYdHlOSaXSxFD50+T3GNE5RxLxVoCPJ1e5jD60rWjPxRry3E+/rqiQsLR9LgFCLLUAJdPQNgU6H9PZQFGBxnVKD2qhZSJPwlmHH5o0nEr+T/I9U=&u=U2FsdGVkX19J8ng2P7Qgkq2RDCrjPSgHISQSDFKODADqKg+6EfIY6uJcsCvCaBv/&y=U2FsdGVkX1+yNcmoVQp11xAy/meCROcOTBMZPxB7BBYpgJ426xpev4mC7mJV0g5f HTTP/1.1" 200 25
152.203.49.1 - - [24/Jun/2023:13:46:41 -0500] "GET /kwssiamovil/sm/acme/a?s=U2FsdGVkX1++L3VbnaVvqVRWE12ZPm4P4Ls1qw3163efpJ58Ohc+P0TDXKSX6L9Xt+6O8RL8bBOC2IFORMXj4xdAql56cdBX9aaR8e09pYy46OrdK/hLDn/K3QiLe3bAFRRvPRMLPHzmFDrl7ytmkhqBGYfspOK5GDvqmWoQofa1oKQHboVqqkj91JhLCWcL&u=U2FsdGVkX19J8ng2P7Qgkq2RDCrjPSgHISQSDFKODADqKg+6EfIY6uJcsCvCaBv/&y=U2FsdGVkX1+yNcmoVQp11xAy/meCROcOTBMZPxB7BBYpgJ426xpev4mC7mJV0g5f HTTP/1.1" 200 26
152.203.49.1 - - [24/Jun/2023:13:46:41 -0500] "GET /kwssiamovil/sm/acme/a?s=U2FsdGVkX19Z8JlVbh6xUxMuQtQvxkPJ4Dp/puIt9SxV0R5gwq9EvIReNw04hbixRzMlB62LdcmCfB3TdJP4Eo6jl/9gQr8a/eIbFdyCDQbmjGDbYfczaUJkVcw7V386s4y/tx04x86qomll5aLpRe5BvN2VWHosnAgOCUHC8pOwjrFquI/lnSi0kBwbpkbxmRWIw+D9WfVSdSDhV5ihfz+xaoiu9T3FubiR6/A18jmYmRS6WtX2u0ZAm4E6+1TNz1yrKApMSnr4zWR3uKRcMmc2isFZ9pbB4lxnQUQUxcllUXjb9XTC0A9zu0yPd9RW51WN2RH20YOUK4PCnqS8iO/E5Lk0dtaqzQPbGK6Aw9iUWUMALt5RM8IMQgPnVQmmAyhlMMsgF6SGToeRgf73w8bMdnCz/o4ET2kI7slNUS2Ojgwf6IhQTmphlakVZhrt&u=U2FsdGVkX19J8ng2P7Qgkq2RDCrjPSgHISQSDFKODADqKg+6EfIY6uJcsCvCaBv/&y=U2FsdGVkX1+yNcmoVQp11xAy/meCROcOTBMZPxB7BBYpgJ426xpev4mC7mJV0g5f HTTP/1.1" 200 25
152.203.49.1 - - [24/Jun/2023:13:46:41 -0500] "GET /kwssiamovil/sm/acme/a?s=U2FsdGVkX18RdfpRbLnpMEZXEsylccWR1xfawo7x1QM4ES6J2Xfbcn2ryx/YpI81GBmZIFhIwoI47vWvcK4PUKDjzpdqlk7iEHwjR4RVCFy5Ug5/sLrUJf7NV2NJHLtahcSgKhFMXX9N7fWCXZtoVf40cfA9bh3g6XqEFvs2+R0kwbkGCa2wvOrobWQ+aMDX0Wq0xckmEexLoSXADcnT5Q==&u=U2FsdGVkX19J8ng2P7Qgkq2RDCrjPSgHISQSDFKODADqKg+6EfIY6uJcsCvCaBv/&y=U2FsdGVkX1+yNcmoVQp11xAy/meCROcOTBMZPxB7BBYpgJ426xpev4mC7mJV0g5f HTTP/1.1" 200 26
152.203.49.1 - - [24/Jun/2023:13:46:42 -0500] "GET /kwssiamovil/sm/acme/a?s=U2FsdGVkX1/Ustl2XJXjOS2uiDHO3Wso4A3MVWVGTntnUvTLN+HmMt7vkDThJNAGWoV5I1jQ24hHLZyR7kp1slKxasP4ZN07PqKIhZuaLP07QeN6KOYjeAeVeRpG4e7HBsZ7R/hlj+TVp4EdOs+Wf2JNeUGLYEaje2Q+4Du0L2GZK8chAW8xxls3UOO0RNHI&u=U2FsdGVkX19J8ng2P7Qgkq2RDCrjPSgHISQSDFKODADqKg+6EfIY6uJcsCvCaBv/&y=U2FsdGVkX1+yNcmoVQp11xAy/meCROcOTBMZPxB7BBYpgJ426xpev4mC7mJV0g5f HTTP/1.1" 200 26
152.203.49.1 - - [24/Jun/2023:13:46:42 -0500] "GET /kwssiamovil/sm/acme/a?s=U2FsdGVkX1+YMRu7BWlo03PaY7Htoh3hKZGRcLqY14cGS+hMhTF/qY+oumtlohi+ItPMR2N2H8yBcaxb8WYO0dz4OWHSuKhQrDTOo/pOGL/dtkJoTCyyuEFSyNzH0OytxTIjGYrOlVBWAw/ep4cyav38nm7nxCKFXJmF1p6cpJkmZaBiOtG6KdpofsMGi4JlQjb1OfxE/V6ZUSwz0jry+g==&u=U2FsdGVkX19J8ng2P7Qgkq2RDCrjPSgHISQSDFKODADqKg+6EfIY6uJcsCvCaBv/&y=U2FsdGVkX1+yNcmoVQp11xAy/meCROcOTBMZPxB7BBYpgJ426xpev4mC7mJV0g5f HTTP/1.1" 200 26
152.203.49.1 - - [24/Jun/2023:13:46:42 -0500] "GET /kwssiamovil/sm/acme/a?s=U2FsdGVkX18t/+tHPYt8BobQSI1tLJcfuDZwuK7WuFL14hKnTUfdYklBm0iMsnL4uSGZjTOf+7mNOve2izneILXdYzt+b6Ar3Wxuv8OAU91Wp4gWe6887WhHrTsLL0sua4kagubBkdda7WsLvmv5Ggmu5KC6jG0JXcdWVCrrxgkTWSVNktAxapK3czeeJ4RX&u=U2FsdGVkX19J8ng2P7Qgkq2RDCrjPSgHISQSDFKODADqKg+6EfIY6uJcsCvCaBv/&y=U2FsdGVkX1+yNcmoVQp11xAy/meCROcOTBMZPxB7BBYpgJ426xpev4mC7mJV0g5f HTTP/1.1" 200 26
152.203.49.1 - - [24/Jun/2023:13:46:42 -0500] "GET /kwssiamovil/sm/acme/a?s=U2FsdGVkX1+i04NOyGPFoYqSUAcZhX1iCHU27NfHBnUIi4HCEHUhqGPxLfuH6hC5gLxGszk8RrJoQmymTndeKX7bMPpRNxKhwExgX3KcZ3ofTh1hByXv1QyfIkn14a8fT7R44jCfYCvCAf+QwE2L0F/fct7YedzItWOUaP9LsA+aJWtbWnVw+ZVY5/aT6hRboyZBqD0blkUXacs3hdgKlA==&u=U2FsdGVkX19J8ng2P7Qgkq2RDCrjPSgHISQSDFKODADqKg+6EfIY6uJcsCvCaBv/&y=U2FsdGVkX1+yNcmoVQp11xAy/meCROcOTBMZPxB7BBYpgJ426xpev4mC7mJV0g5f HTTP/1.1" 200 26
152.203.49.1 - - [24/Jun/2023:13:46:42 -0500] "GET /kwssiamovil/sm/acme/a?s=U2FsdGVkX1/gwcg0SeqHkdtfGzc4+7Db9OZET6tsqeL/FYFJByTDlfDQkfgf4Zfm2lecEHezjuOJgvOxWz1gRJQ7ctayXFLH2vAvUoIh2rguGSwc1jEQheXS4K3pPMon0ZRLZl/IVSRbLz8NzCYb22iy1pWRRvsSPkXAHiYKKJLpCNl1+/Xd2iLqmhHWy5ZH&u=U2FsdGVkX19J8ng2P7Qgkq2RDCrjPSgHISQSDFKODADqKg+6EfIY6uJcsCvCaBv/&y=U2FsdGVkX1+yNcmoVQp11xAy/meCROcOTBMZPxB7BBYpgJ426xpev4mC7mJV0g5f HTTP/1.1" 200 26
172.22.2.4 - - [24/Jun/2023:13:46:31 -0500] "HEAD /BLA/boletinlegal/ HTTP/1.1" 200 -
172.22.2.4 - - [24/Jun/2023:13:47:54 -0500] "POST /BLA/boletinlegal/ HTTP/1.1" 200 24523
172.22.2.4 - - [24/Jun/2023:13:47:21 -0500] "GET /BLA/boletinlegal/ HTTP/1.1" 200 54942
172.22.2.4 - - [24/Jun/2023:13:49:26 -0500] "GET /BLA/boletinlegal/style.css HTTP/1.1" 200 9406
172.22.2.4 - - [24/Jun/2023:13:49:26 -0500] "GET /BLA/boletinlegal/js/jquery.scrollTo-min.js HTTP/1.1" 200 1150
172.22.2.4 - - [24/Jun/2023:13:49:26 -0500] "GET /BLA/boletinlegal/styles2.css HTTP/1.1" 200 1838
172.22.2.4 - - [24/Jun/2023:13:49:26 -0500] "GET /BLA/boletinlegal/js/jquery.js HTTP/1.1" 200 57254
172.22.2.4 - - [24/Jun/2023:13:49:26 -0500] "GET /BLA/boletinlegal/js/jquery.scrollShow.js HTTP/1.1" 200 4586
172.22.2.4 - - [24/Jun/2023:13:49:26 -0500] "GET /BLA/boletinlegal/images/cabezote%20BLEGAL.jpg HTTP/1.1" 200 118164
172.22.2.4 - - [24/Jun/2023:13:49:26 -0500] "GET /BLA/boletinlegal/images/subscribe-icon-big.png HTTP/1.1" 200 47702
172.22.2.4 - - [24/Jun/2023:13:49:26 -0500] "GET /BLA/boletinlegal/images/registro-usuarios.png HTTP/1.1" 200 8106
172.22.2.4 - - [24/Jun/2023:13:49:26 -0500] "GET /BLA/boletinlegal/images/historia.png HTTP/1.1" 200 52775
172.22.2.4 - - [24/Jun/2023:13:49:26 -0500] "GET /BLA/boletinlegal/images/arr_l.jpg HTTP/1.1" 200 1979
172.22.2.4 - - [24/Jun/2023:13:49:26 -0500] "GET /BLA/boletinlegal/images/bg_top.jpg HTTP/1.1" 200 522
172.22.2.4 - - [24/Jun/2023:13:49:26 -0500] "GET /BLA/boletinlegal/images/menu_lft.gif HTTP/1.1" 200 1713
172.22.2.4 - - [24/Jun/2023:13:49:26 -0500] "GET /BLA/boletinlegal/images/menu_bg.jpg HTTP/1.1" 200 620
172.22.2.4 - - [24/Jun/2023:13:49:26 -0500] "GET /BLA/boletinlegal/images/menu_rght.gif HTTP/1.1" 200 1627
172.22.2.4 - - [24/Jun/2023:13:49:26 -0500] "GET /BLA/boletinlegal/images/body_bg.jpg HTTP/1.1" 200 1601
172.22.2.4 - - [24/Jun/2023:13:49:26 -0500] "GET /BLA/boletinlegal/images/text.jpg HTTP/1.1" 200 568
172.22.2.4 - - [24/Jun/2023:13:49:26 -0500] "GET /BLA/boletinlegal/images/hover.jpg HTTP/1.1" 200 640
172.22.2.4 - - [24/Jun/2023:13:49:26 -0500] "GET /BLA/boletinlegal/images/screen_1.png HTTP/1.1" 200 202547
172.22.2.4 - - [24/Jun/2023:13:49:26 -0500] "GET /BLA/boletinlegal/images/launch.jpg HTTP/1.1" 200 14577
201.245.192.253 - - [24/Jun/2023:13:49:37 -0500] "POST /kwsrmcab/Wsrmcab  HTTP/1.1" 200 40807
172.22.2.4 - - [24/Jun/2023:13:49:26 -0500] "GET /BLA/boletinlegal/ HTTP/1.1" 200 24523
216.245.221.92 - - [24/Jun/2023:13:51:22 -0500] "HEAD / HTTP/1.1" 200 -
66.249.70.198 - - [24/Jun/2023:13:51:23 -0500] "-" 408 -
173.252.95.120 - - [24/Jun/2023:13:51:52 -0500] "GET /proyecto-avantia-con-la-union-europea-busca-especialista-en-cambio-climatico.html HTTP/1.1" 200 814
