186.29.6.97 - - [24/Jun/2023:07:48:58 -0500] "GET /BLA/resoluciones/AUTOS%202013/2570.pdf HTTP/1.1" 206 1025
54.169.26.163 - - [24/Jun/2023:07:49:00 -0500] "-" 408 -
69.63.184.112 - - [24/Jun/2023:07:49:45 -0500] "GET /images/Acuerdos%2001%20(1)%20(1).jpeg HTTP/1.1" 200 32884
202.89.129.1 - - [24/Jun/2023:07:49:53 -0500] "-" 408 -
201.245.192.253 - - [24/Jun/2023:07:50:59 -0500] "POST /kwsrmcab/Wsrmcab  HTTP/1.1" 200 40807
216.245.221.92 - - [24/Jun/2023:07:51:22 -0500] "HEAD / HTTP/1.1" 200 -
172.22.2.4 - - [24/Jun/2023:07:50:41 -0500] "HEAD /BLA/boletinlegal/ HTTP/1.1" 200 -
173.252.79.117 - - [24/Jun/2023:07:52:54 -0500] "GET /images/serpiente-sabanera.jpeg HTTP/1.1" 200 167272
172.22.2.4 - - [24/Jun/2023:07:51:31 -0500] "GET /BLA/boletinlegal/ HTTP/1.1" 200 58825
186.102.36.134 - - [24/Jun/2023:07:53:40 -0500] "GET /acuerdos-de-conservacion-camaras-trampa-registran-fauna-en-la-reserva-umbral-cultural-horizontes.html HTTP/1.1" 304 -
173.252.83.118 - - [24/Jun/2023:07:54:09 -0500] "GET /images/caminatas-ecol\xc3\xb3gicas-marzo---1920x1080_optimized.jpg HTTP/1.1" 404 1034
172.22.2.4 - - [24/Jun/2023:07:53:49 -0500] "HEAD /BLA/boletinlegal/ HTTP/1.1" 200 -
69.63.184.8 - - [24/Jun/2023:07:55:35 -0500] "GET /secretaria-de-ambiente-impone-medidas-preventivas-a-un-privado-que-utilizaba-un-area-protegida-para-promocionar-proyectos.html HTTP/1.1" 200 866
201.245.192.253 - - [24/Jun/2023:07:55:57 -0500] "POST /kwsrmcab/Wsrmcab  HTTP/1.1" 200 40807
172.22.2.4 - - [24/Jun/2023:07:54:29 -0500] "GET /BLA/boletinlegal/ HTTP/1.1" 200 58474
216.245.221.92 - - [24/Jun/2023:07:56:22 -0500] "HEAD / HTTP/1.1" 200 -
173.252.79.111 - - [24/Jun/2023:07:56:53 -0500] "GET /images/mercados-campesinos-5-mayo.jpg HTTP/1.1" 200 95848
140.228.21.56 - - [24/Jun/2023:07:56:56 -0500] "GET /wp-login.php HTTP/1.1" 404 1018
172.22.2.4 - - [24/Jun/2023:07:56:30 -0500] "HEAD /BLA/boletinlegal/ HTTP/1.1" 200 -
172.22.2.4 - - [24/Jun/2023:07:57:21 -0500] "GET /BLA/boletinlegal/ HTTP/1.1" 200 58474
152.203.49.1 - - [24/Jun/2023:07:59:21 -0500] "GET /kwssiamovil/sm/ldap/au?x=U2FsdGVkX19q94tnN1RFIHBdOy64RHQNNX2IsNWkb0/GkPRw4IulhLbNg20UdHdB&y=U2FsdGVkX1+yNcmoVQp11xAy/meCROcOTBMZPxB7BBYpgJ426xpev4mC7mJV0g5f HTTP/1.1" 200 30
152.203.49.1 - - [24/Jun/2023:07:59:21 -0500] "GET /kwssiamovil/sm/acme/s?s=U2FsdGVkX18JdRdrr9jA1ZO66hG8H3pYEZeNd5cmcBc/YToOEebc8hgVoxGje/C4w+rkbzYoFLEZCIeR7kXEJoKur0EOI9N9Ob0w2RhN0Y8=&u=U2FsdGVkX19J8ng2P7Qgkq2RDCrjPSgHISQSDFKODADqKg+6EfIY6uJcsCvCaBv/&y=U2FsdGVkX1+yNcmoVQp11xAy/meCROcOTBMZPxB7BBYpgJ426xpev4mC7mJV0g5f HTTP/1.1" 200 97
152.203.49.1 - - [24/Jun/2023:07:59:21 -0500] "GET /kwssiamovil/sm/acme/s?s=U2FsdGVkX1+aw4PTuJnz7OKelqogH0bV03Mkhczc0m9ReCVfBtHSuEhLzA4OeklYRvRAxb1Wah3kYktYQgZeiXLIBstlLIWJS3d+aOhHAl1TTZEPD9pPHYPxqrbC8aa5Ch6OD9BRlD6GfvxRtLS3yLdeu7hyxx8wpX1EPL0dYNyILlO8GNUBRym1jpFWqWQ4QmUMPpmw3CRsZVQ4zvJWLjKgKpHKax3mesGmXQHYj1pp5zHS6fSrbIL5c1CxgM2MMirRaUDBsNOHnZxx1yb9d/4+3/vwWgJBh9xexvXhgOYCXs7iy0R0ZDbD7x3OOlMtcqMPTjxHPqYkVWyz3ai6HcSDgSmUdM/10yRBTVcX3JZ2JA+YkS2VR7PnUp40yjSVuazpQdW5XZ/SZ6wCuwNHuSzOog47b3t123IlUOhDGDA3w413PA7yMg6uhoaa+c/pT20/14X+CeVZuTA6G7GEGd6xeysF9WRjvG+DguqnFB6HAGsDADEn8qSRlYclDxSGZjhrQVnKXbuQGsTjwcm20UmzNFo2lKI1XkTUv9nCnC9f30W7F5eo6BtdRWhDT5qWJFSHP9hqZDgFzSoemJAYfTj+J4Q+EJJ6oEsfUclXSyRDWlFEO1ZUZsk9PuIuLriehdl5m5fT2FBvM78v+P3Bmz2pxrRaxyWFG6dBUWIQSnVwm6X22hjRiZw00g0XA98zLJEkRRBC8o8tF4Nq3e0MpZvX985RA3L7QolBqeEA7F3ShbwfpfHjRvf2O+unb+4lti25ADqlSbWF0cX/bJbTyJILdVV38LGeri2TULlQivbXc9z9zj0ZND8rr7QrTt2PbdOP9ShYaJhm5mRIwcrepFM5RLYLDjkc4GOBTw0FgGwjaF1IP9vgk8c6pRHmQJQEvGZhJO78iQYvZr/OirxD+SSm6CXPPz1wYTjTfQvRn3BOV171MeH39qq14FleHoSA++/dcl5zOyOuSyErnbURmoZIr9Hw5JPrEUUS1ZEAqDmGHUJxYNUOisY7xLKBOvYJjxIL39Q43IZZE+zqYGJr+ZsAgANMEuvTNFgCQ5uPayyAgdJSOQXGkliJeyXGgW2eAW6cVPtFMVAkkTlKrshJWf6ONqdMq492gzVO2C+FHO2urRnk+343PPCu2tsv6QbcK3pHFFt55hdugdDCDZaH1Aw+K2Jy9M/s0M18iM/HyOBunvCiYvwNW2DgY5L+rI3hlFi6MMaCDGDXoP1mZrsLCpkjb+n/FcrxTCnoJ+12WJXGVuR+dnmk5xATvr+G7QGZUONQmVEWKB7EXxkPxjkazrQJX8mMr94lUQXNoDj7IZEFwB0Zh31ua0/hUKukWnI7lmivBaY27wVJcijZFKEIgaP0PpIYmVP5TC17yK4x17DAmpxibXyaIQ4iNuVKYZOCOBuFbny8zQd5ZMWHpmkK07ouqkyGq3yTxvcHTKH2syQ=&u=U2FsdGVkX19J8ng2P7Qgkq2RDCrjPSgHISQSDFKODADqKg+6EfIY6uJcsCvCaBv/&y=U2FsdGVkX1+yNcmoVQp11xAy/meCROcOTBMZPxB7BBYpgJ426xpev4mC7mJV0g5f HTTP/1.1" 200 1123
152.203.49.1 - - [24/Jun/2023:07:59:21 -0500] "GET /kwssiamovil/sm/acme/s?s=U2FsdGVkX18PhpTBMeYtFHaFsZMqqzQZBeq5XQa8X7fnJYOkfr9xYn6x7IK4zDtALmTXWI5XyxNG38J+C/RxjfTlBK5lvPIeshlqZiLr1vN3JiULZlNL9vt0vN/75Sex88cR5eJZhiidpH8yD8uEEZTke/obGwchLv/macKkdNv4MBV26mc3MGppCBcQl2H1bo7MhGKEoVm8CEp17BgJp+IVdDPtKPV1R+LNcUWl8vhJmlQd3bjPRMHTXcegFPI+3nfhUlTWG5y0KTB/DDfHSv/cteMSIVpuf2Fl+LC5se+9nHPiEKhELq9cxO51sChiw/LQXwRF2vgzoL6PiF07LVPY/rlAPqh0YsbELqkDvRs=&u=U2FsdGVkX19J8ng2P7Qgkq2RDCrjPSgHISQSDFKODADqKg+6EfIY6uJcsCvCaBv/&y=U2FsdGVkX1+yNcmoVQp11xAy/meCROcOTBMZPxB7BBYpgJ426xpev4mC7mJV0g5f HTTP/1.1" 200 196
152.203.49.1 - - [24/Jun/2023:07:59:21 -0500] "GET /kwssiamovil/sm/cjson/pre?f=1&x=U2FsdGVkX19q94tnN1RFIHBdOy64RHQNNX2IsNWkb0/GkPRw4IulhLbNg20UdHdB HTTP/1.1" 200 31032
191.156.234.197 - - [24/Jun/2023:07:59:38 -0500] "GET /acuerdos-de-conservacion-camaras-trampa-registran-fauna-en-la-reserva-umbral-cultural-horizontes.html HTTP/1.1" 200 818
201.245.192.253 - - [24/Jun/2023:08:00:56 -0500] "POST /kwsrmcab/Wsrmcab  HTTP/1.1" 200 40807
216.245.221.92 - - [24/Jun/2023:08:01:22 -0500] "HEAD / HTTP/1.1" 200 -
52.167.144.39 - - [24/Jun/2023:08:01:42 -0500] "GET /forest/ HTTP/1.1" 200 12041
190.146.106.2 - - [24/Jun/2023:08:02:03 -0500] "GET /BLA/resoluciones/index.php?dir=RESOLUCIONES+2015%2F HTTP/1.1" 200 130562
190.146.106.2 - - [24/Jun/2023:08:02:04 -0500] "GET /BLA/resoluciones/dlf/unknown.png HTTP/1.1" 200 266
190.146.106.2 - - [24/Jun/2023:08:02:04 -0500] "GET /BLA/resoluciones/index.php?dir=RESOLUCIONES+2015%2F HTTP/1.1" 200 130562
168.119.253.48 - - [24/Jun/2023:08:02:15 -0500] "GET / HTTP/1.1" 200 4720
168.119.253.48 - - [24/Jun/2023:08:02:16 -0500] "GET / HTTP/1.1" 200 319
172.22.2.4 - - [24/Jun/2023:08:01:00 -0500] "GET /BLA/boletinlegal/ HTTP/1.1" 200 60612
103.99.75.133 - - [24/Jun/2023:08:03:03 -0500] "GET /portaldeninos/wp-content/uploads/2020/06/mapa-humedales-de-bogot%C3%A1-1.jpg HTTP/1.1" 200 1170768
172.22.2.4 - - [24/Jun/2023:08:02:21 -0500] "HEAD /BLA/boletinlegal/ HTTP/1.1" 200 -
66.249.70.196 - - [24/Jun/2023:08:04:46 -0500] "-" 408 -
172.22.2.4 - - [24/Jun/2023:08:03:11 -0500] "GET /BLA/boletinlegal/ HTTP/1.1" 200 57272
201.245.192.253 - - [24/Jun/2023:08:05:55 -0500] "POST /kwsrmcab/Wsrmcab  HTTP/1.1" 200 40807
216.245.221.92 - - [24/Jun/2023:08:06:22 -0500] "HEAD / HTTP/1.1" 200 -
186.154.55.21 - - [24/Jun/2023:08:06:25 -0500] "GET /acuerdos-de-conservacion-camaras-trampa-registran-fauna-en-la-reserva-umbral-cultural-horizontes.html HTTP/1.1" 200 818
186.102.43.185 - - [24/Jun/2023:08:06:38 -0500] "GET /kwssiamovil/sm/ldap/au?x=U2FsdGVkX182WlUtHFyJxHk8MJ5WTGXnB1yEvWlYlk+274+EXS1AQ9GDONIHxYui&y=U2FsdGVkX19+Md6t9HbWhsY9plymSqgqtmMZ1zXFMgxbrJpq7LuBT0tmXuP9dwrM HTTP/1.1" 200 30
186.102.43.185 - - [24/Jun/2023:08:06:39 -0500] "GET /kwssiamovil/sm/acme/s?s=U2FsdGVkX1/JFaifUMZtLqAIjcnRGYJHfh1MBFIj2w4YA64SQRh0knWs8iAaGSVAJQV7lbL02SHlqby3jXZ7NLn9QTB7P/M69Ihxq3gpm8o=&u=U2FsdGVkX1+4VdtxfXVEttbwFb42mZMICArArGvGVV8=&y=U2FsdGVkX19+Md6t9HbWhsY9plymSqgqtmMZ1zXFMgxbrJpq7LuBT0tmXuP9dwrM HTTP/1.1" 200 97
186.102.43.185 - - [24/Jun/2023:08:06:39 -0500] "GET /kwssiamovil/sm/acme/s?s=U2FsdGVkX19lQTiYQwRFkWWJ7Ol/yugiSDvuWTQWMvjwA9nQ6TgnBmYZkz/e+MyrqMyoYLco8WfjAvPriYn/p7U69Rc9pt+XYSB9obssYnIZp56aAfKsqJCEWEP1FnL2hTLGoTUYXBzcYmrqOAaDdq1Cr+J2RVX5MrDanu1Z461NVPxvlyzjG887CznL0VRRfq1ipWSPv11EMl/K+7JDZRkRctpRRcfBEhmELv8F/TepXKsL2KFiaPLD8XP9/rxKovZABMS6E3YG6UpyvKyEfVZtpoSLN5KJ+K4k9b2I5CE5Km6Qr4G9xlbWmjVteO7nzdOGzasdt2vODge83Y4sKdkF91ZietydkrNa/8qwoZWT+VfNZ9ovMxsUvSGTGF0b8nTzxbWC0vWB0cZQGxltNwiyLa6my0jnpi0fb51tPVD51VMRLLOZlSkk3568XveIXj81u0Lf/1sIaeoE6iTZICCI9c/TOdqzQZyaJogCzwlyUNBaGIwbAoSYLAVNf3dnpxyzPdLqMBqQJ4efgaZ0r1dV65CneBJ3t6NN5vFXNbCwauo3cLGP0duEAI4uojRNwkzjWWB5FfrQQxxOV0qXZkqpJuenTZcvnH2HXEbNk5Tlow9MOzYxllakmdLEFAynFVhtLRgpWzdclbGDSzb3AGh2UBV9AiKf2vrTUFd/ZHcgic+gz0X9RkgeM/6UbsNLDyojtvTfvR0pJOqKiItHcgubmqny06Gqh0SC6V+d88k/EQjxO4zC+4iImIWjzHG7k1Qjq5jG6TpgrIAmQKEeJ98FKJPlDMa7/WSGPH8kx0ALKK1xc8AhtO1nOjJckvijCtayiptKQoHtRlVLL2YQ+mQlGPE+z0rOip4PbfxH60p0Yte1sontdsn54mzoeQ4rwSFfdDLKV0XkHRlK70ymeRPE2GE1LxnB8OXVj4rTxY/5UVofy2ssVrrK5d/TXx1dUYkZwVnSWly+sUOBsG0GmOD57ktBJqYBV3LT4h0WjzQ53AzXg1Uwjb7ftfrqydNkt9PeyOeLNuKvkAkFBZIJNnz/b2vzMymf+dMLczUvnr4SrSUD7FkKwYc4l+jB5vvgH+T9LF9vs/wCTE7Lrpd4QnWta8lBG2HXhlvXYWKZALXlSJu3bAL7J6xJcWuJR4+LeAH6f0HFz0Du8LQo2uJ/2/KwI/Q1D7kV010cD1Z98/jDLK2GCELeoH6TmBtxmBruZ8bgtzHcFbgkw8Lt/4HCgA+CIYKs2jEw3d5Vfn4L93lv7hKV8JBn55svQiljOj5E/IVcAVD8hJQHMtaeVIadPkjlGmhXbw/mC/rkB3Fx8m0MQ3YyOdT7EF4eQeTqR+ubOjLxtrFrBsU7GtJQMG8UjPWLFiMKBtUEmxgFw0syx49brQn5HMd8B+WYLRFVJ1x8ECF8esn310+3cGutgSn/FFClU18uEfDcdyJ7Y2WEV5qPe+4l7B2GhHIhW49y1jzRDfFMiOgNwHLqSVV/02nWxDWfYuYF6L+qJlbr/9vj7+ItcQkL6+Socm25X4rlqHU77NfWIs3x34PySNUqmC7qvJo7CpBgvuUOHzGaMH+PW8nosEOe+MSEejoh+wlxZTjGSTQaE161oiDCbsj6u/xAQrYP6iyFUVSZt80egzt44HES04D8Q7cXHiqP3BiNSzAd2sn2PP4W49wSzZoE849ojSC4zD/xiph821nbVrrpGT7AFMoGAttECanENM0iEoMc6GvFVKQxtr644JV1YZyPbiQ2MWqUjm4HVIAV64s5zIw=&u=U2FsdGVkX1+4VdtxfXVEttbwFb42mZMICArArGvGVV8=&y=U2FsdGVkX19+Md6t9HbWhsY9plymSqgqtmMZ1zXFMgxbrJpq7LuBT0tmXuP9dwrM HTTP/1.1" 200 1613
186.102.43.185 - - [24/Jun/2023:08:06:39 -0500] "GET /kwssiamovil/sm/acme/s?s=U2FsdGVkX1+6CnfmpmQpfahZrZGuoO+JUhErmbduKtcKKNjoAIQBdukA//8LxKJ09ue1u12l6NqkWzHcL3BF09N4JY14DKrMEkHK2gMDWW968aajgtP38Py2JpakwG+DylxEu8WJMn719sh75ZM8Y0MnoMmMPgmjRLDQPIE4YoX93d8eJon/H7+1Dym4u07tGN+bEYFDcSANz0W9vZbKN90mSnxR2tHmc5yuMHKRfE344L1iOOraR5pCJhXiYT+4ubO/gh4Z0E7gfS+HxPpLmx1APMx3uiTXhSFMDfg7AKtKOShmSHfviRiQgtuPc3XYp2BZh/lEQmwxPgATmP3olRKve+kHCGG8maZZx7R4WFhuvyTX0PmuvBnicgyc45F+Aibssd5fscrkRNW1Rm1IVlRsVJVxTWRcNsBjnAunyCbkD4rZ6TxocsGG+rwk/5mRSNean2MwLg3zXkojWAeFTWpg+TUZT4+1DNa3/5xEOxvziFooAYuTlMkcJ8CK5C3mudpM122awfSQTHYuDZxAQuZeTuss9tQh3/OjW8xNJZUPvIJv1pqJPDIUZ1TNQszckAOe1G3JF+qsaFbxrEiQ/kvlDmwZrTRNs/aQH2Td+Cy4dfesUiHSChsk9yOwdg1svp+It1VKjThPJO5bgDCCC2i+vqBHIl/4drjDqqdUjh7L6NoU3Q6PVH4Vipf6pBo6bB6JEufuabr4PM1r5s5CxF4NxuaacDVy4MNyll9IAhSCjxP62MCZEmZyNUUy7xB+&u=U2FsdGVkX1+4VdtxfXVEttbwFb42mZMICArArGvGVV8=&y=U2FsdGVkX19+Md6t9HbWhsY9plymSqgqtmMZ1zXFMgxbrJpq7LuBT0tmXuP9dwrM HTTP/1.1" 200 208
186.102.43.185 - - [24/Jun/2023:08:06:39 -0500] "GET /kwssiamovil/sm/cjson/pre?f=1&x=U2FsdGVkX182WlUtHFyJxHk8MJ5WTGXnB1yEvWlYlk+274+EXS1AQ9GDONIHxYui HTTP/1.1" 200 31032
52.167.144.39 - - [24/Jun/2023:08:06:43 -0500] "GET /BLA/resoluciones/RESOLUCIONES%202019/3332.pdf HTTP/1.1" 304 -
186.155.13.144 - - [24/Jun/2023:08:09:37 -0500] "GET /BLA/resoluciones/ HTTP/1.1" 200 13502
186.155.13.144 - - [24/Jun/2023:08:09:38 -0500] "GET /BLA/resoluciones/index.php?dir=AUTOS+2015%2F HTTP/1.1" 200 582864
66.249.66.77 - - [24/Jun/2023:08:09:48 -0500] "-" 408 -
186.155.13.144 - - [24/Jun/2023:08:09:50 -0500] "GET /BLA/resoluciones/AUTOS%202015/4112.pdf HTTP/1.1" 200 533264
172.22.2.4 - - [24/Jun/2023:08:08:11 -0500] "HEAD /BLA/boletinlegal/ HTTP/1.1" 200 -
69.171.249.3 - - [24/Jun/2023:08:10:09 -0500] "GET /bogota-celebra-la-semana-de-los-insectos.html HTTP/1.1" 206 717
69.171.249.119 - - [24/Jun/2023:08:10:09 -0500] "GET /bogota-celebra-la-semana-de-los-insectos.html HTTP/1.1" 200 717
186.155.61.40 - - [24/Jun/2023:08:10:09 -0500] "GET /bogota-celebra-la-semana-de-los-insectos.html?fbclid=IwAR1XFxfylrwvs4cK0h1_h1boQDfO3mG84SniQCBSmQEt-1-HhRHqD0owo_I HTTP/1.1" 200 717
69.171.249.7 - - [24/Jun/2023:08:10:09 -0500] "GET /bogota-celebra-la-semana-de-los-insectos.html HTTP/1.1" 200 717
69.171.249.3 - - [24/Jun/2023:08:10:10 -0500] "GET /bogota-celebra-la-semana-de-los-insectos.html HTTP/1.1" 206 717
66.220.149.120 - - [24/Jun/2023:08:10:16 -0500] "GET /images/camara-trampa.jpeg HTTP/1.1" 200 77809
173.252.79.10 - - [24/Jun/2023:08:10:20 -0500] "GET /images/stand-secretaria-ambiente-fima.jpg HTTP/1.1" 200 42537
186.155.61.40 - - [24/Jun/2023:08:10:31 -0500] "GET /serpiente-sabanera-pone-huevos-en-area-protegida-de-bogota.html?fbclid=IwAR0UW5Un9-L5Ti9S4Zxzgs-uFbxM8RW0aozuSRo_3Tyb9iUPEH65bac6oAU HTTP/1.1" 200 670
172.22.2.4 - - [24/Jun/2023:08:09:01 -0500] "GET /BLA/boletinlegal/ HTTP/1.1" 200 59192
201.245.192.253 - - [24/Jun/2023:08:10:54 -0500] "POST /kwsrmcab/Wsrmcab  HTTP/1.1" 200 40807
216.245.221.92 - - [24/Jun/2023:08:11:22 -0500] "HEAD / HTTP/1.1" 200 -
52.167.144.71 - - [24/Jun/2023:08:12:31 -0500] "GET /portaldeninos/aulas-ambientales/aula-ambiental-sorotama/ HTTP/1.1" 200 89596
181.189.24.251 - - [24/Jun/2023:08:13:27 -0500] "GET /POT-2013/dlf/styles.css HTTP/1.1" 200 3045
181.189.24.251 - - [24/Jun/2023:08:13:26 -0500] "GET /POT-2013/index.php?dir=Cartografia%2F HTTP/1.1" 200 11465
181.189.24.251 - - [24/Jun/2023:08:13:27 -0500] "GET /POT-2013/dlf/dirup.png HTTP/1.1" 200 644
181.189.24.251 - - [24/Jun/2023:08:13:27 -0500] "GET /POT-2013/dlf/pdf.gif HTTP/1.1" 200 272
181.189.24.251 - - [24/Jun/2023:08:13:27 -0500] "GET /POT-2013/dlf/bg.gif HTTP/1.1" 200 54
186.155.74.189 - - [24/Jun/2023:08:14:08 -0500] "GET /acuerdos-de-conservacion-camaras-trampa-registran-fauna-en-la-reserva-umbral-cultural-horizontes.html HTTP/1.1" 200 818
172.22.2.4 - - [24/Jun/2023:08:14:00 -0500] "HEAD /BLA/boletinlegal/ HTTP/1.1" 200 -
201.245.192.253 - - [24/Jun/2023:08:15:53 -0500] "POST /kwsrmcab/Wsrmcab  HTTP/1.1" 200 40807
216.245.221.92 - - [24/Jun/2023:08:16:22 -0500] "HEAD / HTTP/1.1" 200 -
172.22.2.4 - - [24/Jun/2023:08:14:51 -0500] "GET /BLA/boletinlegal/ HTTP/1.1" 200 57272
201.245.192.253 - - [24/Jun/2023:08:19:50 -0500] "POST /kwsrmcab/Wsrmcab HTTP/1.1" 200 35745
201.245.192.253 - - [24/Jun/2023:08:19:53 -0500] "POST /kwsrmcab/Wsrmcab HTTP/1.1" 200 43257
186.155.12.140 - - [24/Jun/2023:08:20:37 -0500] "GET /agendate-para-participar-en-las-caminatas-ecologicas-de-febrero.html HTTP/1.1" 200 830
201.245.192.253 - - [24/Jun/2023:08:20:52 -0500] "POST /kwsrmcab/Wsrmcab  HTTP/1.1" 200 40807
216.245.221.92 - - [24/Jun/2023:08:21:22 -0500] "HEAD / HTTP/1.1" 200 -
172.22.2.4 - - [24/Jun/2023:08:19:50 -0500] "HEAD /BLA/boletinlegal/ HTTP/1.1" 200 -
172.22.2.4 - - [24/Jun/2023:08:20:41 -0500] "GET /BLA/boletinlegal/ HTTP/1.1" 200 57272
172.22.2.4 - - [24/Jun/2023:08:25:21 -0500] "GET /BLA/boletinlegal/robots.txt HTTP/1.1" 404 1038
201.245.192.253 - - [24/Jun/2023:08:25:51 -0500] "POST /kwsrmcab/Wsrmcab  HTTP/1.1" 200 40807
191.111.25.195 - - [24/Jun/2023:08:26:14 -0500] "GET /acuerdos-de-conservacion-camaras-trampa-registran-fauna-en-la-reserva-umbral-cultural-horizontes.html HTTP/1.1" 200 818
216.245.221.92 - - [24/Jun/2023:08:26:22 -0500] "HEAD / HTTP/1.1" 200 -
172.22.2.4 - - [24/Jun/2023:08:25:40 -0500] "HEAD /BLA/boletinlegal/ HTTP/1.1" 200 -
172.22.2.4 - - [24/Jun/2023:08:26:31 -0500] "GET /BLA/boletinlegal/ HTTP/1.1" 200 57272
186.83.196.24 - - [24/Jun/2023:08:28:27 -0500] "GET /acuerdos-de-conservacion-camaras-trampa-registran-fauna-en-la-reserva-umbral-cultural-horizontes.html HTTP/1.1" 200 818
186.154.186.137 - - [24/Jun/2023:08:28:55 -0500] "GET /acuerdos-de-conservacion-camaras-trampa-registran-fauna-en-la-reserva-umbral-cultural-horizontes.html HTTP/1.1" 200 818
69.171.251.116 - - [24/Jun/2023:08:29:42 -0500] "GET /images/liberacion-animales-silvestres.jpg HTTP/1.1" 200 57397
201.245.192.253 - - [24/Jun/2023:08:29:51 -0500] "POST /kwsrmcab/Wsrmcab HTTP/1.1" 200 35745
201.245.192.253 - - [24/Jun/2023:08:29:54 -0500] "POST /kwsrmcab/Wsrmcab HTTP/1.1" 200 43257
181.32.182.228 - - [24/Jun/2023:08:30:51 -0500] "GET /sipse/faces/faces/autenticacion.xhtml HTTP/1.1" 200 12179
181.32.182.228 - - [24/Jun/2023:08:30:51 -0500] "GET /sipse/js/disable_browser_buttons.js HTTP/1.1" 304 -
181.32.182.228 - - [24/Jun/2023:08:30:51 -0500] "GET /sipse/js/funciones.js HTTP/1.1" 304 -
181.32.182.228 - - [24/Jun/2023:08:30:51 -0500] "GET /sipse/css/custom_css_sg.css HTTP/1.1" 304 -
181.32.182.228 - - [24/Jun/2023:08:30:51 -0500] "GET /sipse/faces/javax.faces.resource/theme.css?ln=primefaces-sipse HTTP/1.1" 304 -
181.32.182.228 - - [24/Jun/2023:08:30:51 -0500] "GET /sipse/css/custom_css_sg_prime_login.css HTTP/1.1" 304 -
181.32.182.228 - - [24/Jun/2023:08:30:51 -0500] "GET /sipse/faces/javax.faces.resource/primefaces.css?ln=primefaces&v=4.0 HTTP/1.1" 304 -
181.32.182.228 - - [24/Jun/2023:08:30:51 -0500] "GET /sipse/faces/javax.faces.resource/jquery/jquery.js?ln=primefaces&v=4.0 HTTP/1.1" 304 -
181.32.182.228 - - [24/Jun/2023:08:30:51 -0500] "GET /sipse/faces/javax.faces.resource/layout/layout.css?ln=primefaces&v=4.0 HTTP/1.1" 304 -
181.32.182.228 - - [24/Jun/2023:08:30:51 -0500] "GET /sipse/faces/javax.faces.resource/jquery/jquery-plugins.js?ln=primefaces&v=4.0 HTTP/1.1" 304 -
181.32.182.228 - - [24/Jun/2023:08:30:51 -0500] "GET /sipse/faces/javax.faces.resource/layout/layout.js?ln=primefaces&v=4.0 HTTP/1.1" 304 -
181.32.182.228 - - [24/Jun/2023:08:30:51 -0500] "GET /sipse/faces/javax.faces.resource/primefaces.js?ln=primefaces&v=4.0 HTTP/1.1" 304 -
181.32.182.228 - - [24/Jun/2023:08:30:51 -0500] "GET /sipse/css/imagen/logoSDG.png HTTP/1.1" 304 -
181.32.182.228 - - [24/Jun/2023:08:30:51 -0500] "GET /sipse/css/imagen/loginimg.png HTTP/1.1" 304 -
181.32.182.228 - - [24/Jun/2023:08:30:51 -0500] "GET /sipse/faces/javax.faces.resource/images/ui-icons_898989_256x240.png?ln=primefaces-aristo HTTP/1.1" 304 -
201.245.192.253 - - [24/Jun/2023:08:30:50 -0500] "POST /kwsrmcab/Wsrmcab  HTTP/1.1" 200 40807
181.32.182.228 - - [24/Jun/2023:08:30:55 -0500] "POST /sipse/faces/autenticacion.xhtml HTTP/1.1" 200 2223
181.32.182.228 - - [24/Jun/2023:08:30:55 -0500] "GET /sipse/faces/javax.faces.resource/messages/messages.png?ln=primefaces&v=4.0 HTTP/1.1" 304 -
181.32.182.228 - - [24/Jun/2023:08:30:56 -0500] "POST /sipse/faces/autenticacion.xhtml HTTP/1.1" 200 16341
181.32.182.228 - - [24/Jun/2023:08:30:56 -0500] "GET /sipse/css/custom_css_sg_prime.css HTTP/1.1" 304 -
181.32.182.228 - - [24/Jun/2023:08:30:56 -0500] "GET /sipse/faces/javax.faces.resource/theme.css?ln=primefaces-sipse HTTP/1.1" 304 -
181.32.182.228 - - [24/Jun/2023:08:30:56 -0500] "GET /sipse/faces/javax.faces.resource/primefaces.css?ln=primefaces&v=4.0 HTTP/1.1" 304 -
181.32.182.228 - - [24/Jun/2023:08:30:56 -0500] "GET /sipse/faces/javax.faces.resource/layout/layout.css?ln=primefaces&v=4.0 HTTP/1.1" 304 -
181.32.182.228 - - [24/Jun/2023:08:30:56 -0500] "GET /sipse/js/jquery.min.js HTTP/1.1" 304 -
181.32.182.228 - - [24/Jun/2023:08:30:56 -0500] "GET /sipse/faces/javax.faces.resource/jquery/jquery.js?ln=primefaces&v=4.0 HTTP/1.1" 304 -
181.32.182.228 - - [24/Jun/2023:08:30:57 -0500] "GET /sipse/faces/javax.faces.resource/jquery/jquery-plugins.js?ln=primefaces&v=4.0 HTTP/1.1" 304 -
181.32.182.228 - - [24/Jun/2023:08:30:57 -0500] "GET /sipse/faces/javax.faces.resource/primefaces.js?ln=primefaces&v=4.0 HTTP/1.1" 304 -
181.32.182.228 - - [24/Jun/2023:08:30:57 -0500] "GET /sipse/faces/javax.faces.resource/layout/layout.js?ln=primefaces&v=4.0 HTTP/1.1" 304 -
181.32.182.228 - - [24/Jun/2023:08:30:57 -0500] "GET /sipse/imagenes/cargando.gif HTTP/1.1" 304 -
181.32.182.228 - - [24/Jun/2023:08:30:57 -0500] "GET /sipse/css/v_mergente.css HTTP/1.1" 304 -
181.32.182.228 - - [24/Jun/2023:08:30:57 -0500] "GET /sipse/imagenes/logoAplicacion.jpg HTTP/1.1" 304 -
181.32.182.228 - - [24/Jun/2023:08:30:57 -0500] "GET /sipse/css/imagen/contrasena.png HTTP/1.1" 404 383
181.32.182.228 - - [24/Jun/2023:08:30:58 -0500] "GET /sipse/faces/javax.faces.resource/images/ui-bg_flat_0_2d5972_40x100.png?ln=primefaces-aristo HTTP/1.1" 304 -
181.32.182.228 - - [24/Jun/2023:08:30:58 -0500] "POST /sipse/faces/bienvenido.xhtml HTTP/1.1" 200 2073
181.32.182.228 - - [24/Jun/2023:08:30:59 -0500] "POST /sipse/faces/bienvenido.xhtml HTTP/1.1" 200 38980
181.32.182.228 - - [24/Jun/2023:08:30:59 -0500] "GET /sipse/faces/javax.faces.resource/primefaces.css?ln=primefaces&v=4.0 HTTP/1.1" 304 -
181.32.182.228 - - [24/Jun/2023:08:30:59 -0500] "GET /sipse/faces/javax.faces.resource/theme.css?ln=primefaces-sipse HTTP/1.1" 304 -
181.32.182.228 - - [24/Jun/2023:08:30:59 -0500] "GET /sipse/faces/javax.faces.resource/layout/layout.css?ln=primefaces&v=4.0 HTTP/1.1" 304 -
181.32.182.228 - - [24/Jun/2023:08:30:59 -0500] "GET /sipse/faces/javax.faces.resource/jquery/jquery.js?ln=primefaces&v=4.0 HTTP/1.1" 304 -
181.32.182.228 - - [24/Jun/2023:08:30:59 -0500] "GET /sipse/faces/javax.faces.resource/jquery/jquery-plugins.js?ln=primefaces&v=4.0 HTTP/1.1" 304 -
181.32.182.228 - - [24/Jun/2023:08:30:59 -0500] "GET /sipse/faces/javax.faces.resource/primefaces.js?ln=primefaces&v=4.0 HTTP/1.1" 304 -
181.32.182.228 - - [24/Jun/2023:08:30:59 -0500] "GET /sipse/faces/javax.faces.resource/layout/layout.js?ln=primefaces&v=4.0 HTTP/1.1" 304 -
181.32.182.228 - - [24/Jun/2023:08:31:02 -0500] "POST /sipse/faces/presentacion/financiero/solicitudProceso/consultar.xhtml HTTP/1.1" 200 12984
186.155.13.144 - - [24/Jun/2023:08:31:05 -0500] "GET /BLA/resoluciones/index.php?dir=AUTOS+2015%2F HTTP/1.1" 200 582864
216.245.221.92 - - [24/Jun/2023:08:31:22 -0500] "HEAD / HTTP/1.1" 200 -
172.22.2.4 - - [24/Jun/2023:08:31:30 -0500] "HEAD /BLA/boletinlegal/ HTTP/1.1" 200 -
31.13.127.18 - - [24/Jun/2023:08:33:53 -0500] "GET /fima-2023-mas-de-700-personas-asistieron-al-stand-de-la-secretaria-de-ambiente.html HTTP/1.1" 200 857
173.252.87.3 - - [24/Jun/2023:08:33:55 -0500] "GET /fima-2023-mas-de-700-personas-asistieron-al-stand-de-la-secretaria-de-ambiente.html HTTP/1.1" 200 857
172.22.2.4 - - [24/Jun/2023:08:32:21 -0500] "GET /BLA/boletinlegal/ HTTP/1.1" 200 57272
173.252.87.8 - - [24/Jun/2023:08:34:02 -0500] "GET /fima-2023-mas-de-700-personas-asistieron-al-stand-de-la-secretaria-de-ambiente.html HTTP/1.1" 206 857
168.119.253.11 - - [24/Jun/2023:08:34:14 -0500] "GET / HTTP/1.1" 200 319
168.119.253.11 - - [24/Jun/2023:08:34:14 -0500] "GET / HTTP/1.1" 200 4720
201.245.192.253 - - [24/Jun/2023:08:35:49 -0500] "POST /kwsrmcab/Wsrmcab  HTTP/1.1" 200 40807
216.245.221.92 - - [24/Jun/2023:08:36:22 -0500] "HEAD / HTTP/1.1" 200 -
172.22.2.4 - - [24/Jun/2023:08:37:20 -0500] "HEAD /BLA/boletinlegal/ HTTP/1.1" 200 -
172.22.2.4 - - [24/Jun/2023:08:38:11 -0500] "GET /BLA/boletinlegal/ HTTP/1.1" 200 56452
201.245.192.253 - - [24/Jun/2023:08:39:50 -0500] "POST /kwsrmcab/Wsrmcab HTTP/1.1" 200 35745
201.245.192.253 - - [24/Jun/2023:08:39:53 -0500] "POST /kwsrmcab/Wsrmcab HTTP/1.1" 200 43257
186.169.132.235 - - [24/Jun/2023:08:40:00 -0500] "GET /galeria/galeria/jquery.fancybox.css?v=2.1.5 HTTP/1.1" 200 4895
186.169.132.235 - - [24/Jun/2023:08:40:00 -0500] "GET /BLA/boletinlegal/js/jquery.scrollShow.js HTTP/1.1" 200 4586
186.169.132.235 - - [24/Jun/2023:08:40:00 -0500] "GET /galeria/galeria/jquery.fancybox.js?v=2.1.5 HTTP/1.1" 200 48706
201.245.192.253 - - [24/Jun/2023:08:40:47 -0500] "POST /kwsrmcab/Wsrmcab  HTTP/1.1" 200 40807
108.174.5.112 - - [24/Jun/2023:08:40:57 -0500] "GET /soratama-en-los-cerros-orientales-un-rincon-ideal-para-los-mamiferos.html HTTP/1.1" 206 804
190.60.254.215 - - [24/Jun/2023:08:41:18 -0500] "GET /acuerdos-de-conservacion-camaras-trampa-registran-fauna-en-la-reserva-umbral-cultural-horizontes.html HTTP/1.1" 200 818
216.245.221.92 - - [24/Jun/2023:08:41:22 -0500] "HEAD / HTTP/1.1" 200 -
173.252.107.5 - - [24/Jun/2023:08:41:55 -0500] "HEAD /acuerdos-de-conservacion-camaras-trampa-registran-fauna-en-la-reserva-umbral-cultural-horizontes.html HTTP/1.1" 206 -
189.201.6.147 - - [24/Jun/2023:08:41:58 -0500] "GET /acuerdos-de-conservacion-camaras-trampa-registran-fauna-en-la-reserva-umbral-cultural-horizontes.html HTTP/1.1" 200 818
191.156.235.139 - - [24/Jun/2023:08:42:25 -0500] "GET /acuerdos-de-conservacion-camaras-trampa-registran-fauna-en-la-reserva-umbral-cultural-horizontes.html?fbclid=IwAR0gD8UQXEStb6iVxHAoVZ5m6oT02_8YErSJC__D7XOumzfpRp8evv4mueA HTTP/1.1" 200 818
186.102.43.185 - - [24/Jun/2023:08:43:08 -0500] "GET /kwssiamovil/sm/ldap/au?x=U2FsdGVkX18SJwQGYv3tiSGlCdLBnoR9US4NntPBM3/MESIMaSwawnvNC8gjSQa+&y=U2FsdGVkX1+zrGUlwFmQaaiSD1aaHkZ+0MBT31u5mJlLq/UFPDqNTG43SvqBTuc7 HTTP/1.1" 200 30
186.102.43.185 - - [24/Jun/2023:08:43:08 -0500] "GET /kwssiamovil/sm/acme/s?s=U2FsdGVkX18ganJeFLBqFZApOLPORhrr6gcNZZc4BvnkR+53qRA1dhyvUns8qeIzmWCrjfwGdd8SNWFV+ZHIbmJM9oM3rIpAkFEuwTAdoWk=&u=U2FsdGVkX1+my+sdmdaP/EwJpsaLm/4Ls6wyZti3+5Q=&y=U2FsdGVkX1+zrGUlwFmQaaiSD1aaHkZ+0MBT31u5mJlLq/UFPDqNTG43SvqBTuc7 HTTP/1.1" 200 97
186.102.43.185 - - [24/Jun/2023:08:43:08 -0500] "GET /kwssiamovil/sm/acme/s?s=U2FsdGVkX18wA84v+WuoMeznrnTXGKf1oi8O/AXKgJQBnytY3/xeuUGfEbTWBlSIlVe/UowBP/Q4826qdLTUjhlivg94UdWivBQOKNBT0hqfVTmTLKe4N4KNcpFou8w2b1bXQIJWeWBAMVwOHImap33VI1AIR4EK9W0a1RIiUI9e5ZAFX7CvTjRoHZ0AWLFhztMYEqbdfAeQCB10fYtZ90VKM0q1TyLWnktjTgjXVSxnxsgoAtjbAQdFW5fXhzkDwY3G8r3A8HVQ7zQxCkTHK3R4Q3B8VjabRrIJUe8PrqMN2wtcR6ibbwDgqz9i7qBecIYZpydxNQcBPymC1jOQqwSpSwxSKVkv+AOHhcaHr+PEP6vKyquYGPjP2OvkjoZ8Ur5OxXxpbSL8fvkeYGtzZYKbz4Cf5hyDwGc56W0d9qfK/FtbByEOfhf4+wJb8sZmKzXbEHeMB8drbzzHY7/Ekx+5SaRJIWRMV3qFRK1+Tgo3lmlmMFszGNoHZ7IjauPxYI30XY86z9xGLVXV/SeSZjSl8KQBmnHbbyXyjBFjuPcBowuknYNx2qDTxPXa/MDqy0Rk1iPJjFh/OKINaTj1FD/L6dozt/BRaJVSOCaUdctJn65/aglmAmdRh8KBA9SoNEyUVBBor6DryAP6eh5kPDiW/H+WW8WbAHGvhWq6+sek2W5/Rax/zGAinjPGtFuIwanmMFo9zxvQab7Fa2SJZA8cOXeWXxzNLvKMjy6YMJr8shgWqWxnxMRzddi91s2n6VGQxKZ0t3sRxBqNaa6UnOf/pwUlPXP4UhXmc4JGSq9vBCmORHVPvl3euItW3MtUh/1omvB9QaypcTxPzV+wq+APFPNltaza98FaPjN+hzTu1wSVn4uB/2sW0Ffce09M4+NGgXP5qX7CkD8AmQoNjRZ07elYCRYxA1YyFZOwQDo0GsPNdJXmH2c2pn1bqQU57N5wRx+wmmt0jN59l87vIOwnIN7Ex5g9JTadxOFQAV3EVPyzQoUtaId5umRyAavDNVs47/iHgcomdch1P9fACBj0uDuIl+D50ggBJF/hmz2IzBV0sStz4KfFNqWsar8NzOt4JlTulS5SSghumNGeg6lRKYpVP2zyrtwioIajtUKjPAKa3YgbGJwaCZIHW05rKh0brMDAtl1zylAVr0yvaA0XfTf9l9W7NvEm3bnfEM4SrhnRuKHXvHoRf6Ne5HlzFK4DSJaVi+yRBAD7cJ1buKFJopNYOxWaw4ep004mRB7aDmewjIQiFM0UjyXYiEcA1+g3JHDlGgKlZDLmzhhGiaiDsg3Jl/DspYp77jlw6377GFYzWFBx642qTWywNyHYbiOqNFKmo3gnn+c9aa1yDvihx67KM9mWc0FAMv9sDA08mAMqdSkJ9NY2lD5E4Nt6AuPi4KV68Tq+Mgq56WOmz47XC5ahf1sydNkenKUcrsPS3XBhmhpf1KcAd5sqUxKOsgC90PmA6cetnnb3THdTl1K9yJ1OHbMeZwfnGo3kN4F+z7lzBhXAMRs9liJS8nOA47lSyMnwYfJtAt4VVo2L3L/OzILKaWONze+024RnVz7IO0qMsvodTJEGAjVFhYJXpBtly6OW11bg8Qcy/FqAXdIh2FdyMYbpX+O2UxsvPwDhZ8khSvNjT/yDKrgB/6DmSSNIsBVC114KdqEqi2NrF98lP4BSMy+bkovt6h9fc3rIMmizjrGj1qH5TS/9M3t4RbMfrdsxgpKIr18zUaOPcEgDwfmsDFE6RrthAirx90c=&u=U2FsdGVkX1+my+sdmdaP/EwJpsaLm/4Ls6wyZti3+5Q=&y=U2FsdGVkX1+zrGUlwFmQaaiSD1aaHkZ+0MBT31u5mJlLq/UFPDqNTG43SvqBTuc7 HTTP/1.1" 200 1613
186.102.43.185 - - [24/Jun/2023:08:43:09 -0500] "GET /kwssiamovil/sm/acme/s?s=U2FsdGVkX1+RfRX2EM1YVX2tcnrWhKhmhIYgucwlgg4STNmm9JZGEQF8xUzVBr1RHqTdNpnXEJ2jJGsrwrGIZd0CfKLnIVuzuVZ41PLO79k6pyCODg2Wdbc8BZ0Zw7Pfbl+qMMh8z5HXoDrW5q2LXD8VwGtDEIup4QBaop1+TEAmSbnkDN8M6KC38I/RmdzhZpqWxvZtgb5NMbxCPHF+oFaoxExGFCVBT2ul3+OHp9SigxcrOdqBCqNVgQn7v1O0kbD1/x9AKC/C4lcvO0Q+XT843gbU0vOWe0FhvMJxxJtIcfQLEeCGPpg81k4hhEGwkMrtSVF6AFr9yMy2AJ9HhUpT1qnxn0/TPzozQPR5JR91+kTiO4GtiHZTgLiSrcG4GVNCJwP6a1lFjkGEIn8E8sbTNobBwOB93uMEatQ8wZ8DxVHlWUFVm0Hk6wsCHHeOSXXPWjGODHDIqw89kcWppK1KCdIunIB7HNYLQ9eL+XQbhzT3ltgDPguxgnitXWs3YJJ+ivuwbvMZUWB4ENoReE5TQPccA3RkidWoHRoP1BBqnHmDiZmHgm3KcLRwFuFXsmtZ8pPq2dXNwX6B0lB8CmJh5ey/U3oz+JhgCyQqWvTSCjMXpyVCxsXnRpGo5pNTfsyyIRZUt3JkVAeVAFQy61iZV++9o8Y3iY6xpfGQpoZkmhzYMFSSJASgHxXdWbD+X7QK9qUvTKcyvArMnOqHv5BcUXwYwo5pUPzGFndW3cfupqMnF2Wzbgo+TJYyOunn&u=U2FsdGVkX1+my+sdmdaP/EwJpsaLm/4Ls6wyZti3+5Q=&y=U2FsdGVkX1+zrGUlwFmQaaiSD1aaHkZ+0MBT31u5mJlLq/UFPDqNTG43SvqBTuc7 HTTP/1.1" 200 208
186.102.43.185 - - [24/Jun/2023:08:43:09 -0500] "GET /kwssiamovil/sm/cjson/pre?f=1&x=U2FsdGVkX18SJwQGYv3tiSGlCdLBnoR9US4NntPBM3/MESIMaSwawnvNC8gjSQa+ HTTP/1.1" 200 31032
172.22.2.4 - - [24/Jun/2023:08:43:10 -0500] "HEAD /BLA/boletinlegal/ HTTP/1.1" 200 -
186.155.13.144 - - [24/Jun/2023:08:44:52 -0500] "GET /BLA/resoluciones/index.php?dir=AUTOS+2015%2F HTTP/1.1" 200 582864
186.155.13.144 - - [24/Jun/2023:08:44:56 -0500] "GET /BLA/resoluciones/AUTOS%202015/6800.pdf HTTP/1.1" 200 572991
172.22.2.4 - - [24/Jun/2023:08:44:01 -0500] "GET /BLA/boletinlegal/ HTTP/1.1" 200 55337
201.245.192.253 - - [24/Jun/2023:08:45:46 -0500] "POST /kwsrmcab/Wsrmcab  HTTP/1.1" 200 40807
216.245.221.92 - - [24/Jun/2023:08:46:22 -0500] "HEAD / HTTP/1.1" 200 -
181.134.15.78 - - [24/Jun/2023:08:46:29 -0500] "GET /acuerdos-de-conservacion-camaras-trampa-registran-fauna-en-la-reserva-umbral-cultural-horizontes.html HTTP/1.1" 200 818
172.226.172.2 - - [24/Jun/2023:08:46:40 -0500] "GET /acuerdos-de-conservacion-camaras-trampa-registran-fauna-en-la-reserva-umbral-cultural-horizontes.html HTTP/1.1" 200 818
189.201.6.147 - - [24/Jun/2023:08:48:19 -0500] "GET /acuerdos-de-conservacion-camaras-trampa-registran-fauna-en-la-reserva-umbral-cultural-horizontes.html HTTP/1.1" 200 818
186.29.49.143 - - [24/Jun/2023:08:48:37 -0500] "GET /acuerdos-de-conservacion-camaras-trampa-registran-fauna-en-la-reserva-umbral-cultural-horizontes.html HTTP/1.1" 200 818
173.252.107.5 - - [24/Jun/2023:08:49:31 -0500] "GET /images/caminatas-ecol\xc3\xb3gicas-marzo---1920x1080_optimized.jpg HTTP/1.1" 404 1034
172.22.2.4 - - [24/Jun/2023:08:49:00 -0500] "HEAD /BLA/boletinlegal/ HTTP/1.1" 200 -
201.245.192.253 - - [24/Jun/2023:08:50:44 -0500] "POST /kwsrmcab/Wsrmcab  HTTP/1.1" 200 40807
216.245.221.92 - - [24/Jun/2023:08:51:22 -0500] "HEAD / HTTP/1.1" 200 -
66.249.70.197 - - [24/Jun/2023:08:51:23 -0500] "-" 408 -
172.22.2.4 - - [24/Jun/2023:08:49:51 -0500] "GET /BLA/boletinlegal/ HTTP/1.1" 200 54942
186.86.34.17 - - [24/Jun/2023:08:53:11 -0500] "GET /acuerdos-de-conservacion-camaras-trampa-registran-fauna-en-la-reserva-umbral-cultural-horizontes.html HTTP/1.1" 200 818
186.155.74.189 - - [24/Jun/2023:08:53:30 -0500] "GET /appsia/controlador HTTP/1.1" 200 4799
186.155.74.189 - - [24/Jun/2023:08:53:30 -0500] "GET /appsia/css/estilos.css HTTP/1.1" 200 4804
186.155.74.189 - - [24/Jun/2023:08:53:30 -0500] "GET /appsia/scripts/validarIngreso.js HTTP/1.1" 200 851
186.155.74.189 - - [24/Jun/2023:08:53:30 -0500] "GET /appsia/images/logo_bogota_p.png HTTP/1.1" 200 14951
186.155.74.189 - - [24/Jun/2023:08:53:30 -0500] "GET /appsia/images/cabezoteHojaVida.png HTTP/1.1" 200 32493
186.155.74.189 - - [24/Jun/2023:08:53:37 -0500] "POST /appsia/controlador HTTP/1.1" 200 5437
199.16.157.183 - - [24/Jun/2023:08:53:39 -0500] "GET /images/Red%20de%20Monitoreo%20febrero%2025.png HTTP/1.1" 200 93489
186.155.74.189 - - [24/Jun/2023:08:53:43 -0500] "POST /appsia/controlador HTTP/1.1" 200 7783
191.156.235.189 - - [24/Jun/2023:08:53:47 -0500] "GET /galeria/galeria/jquery.fancybox.css?v=2.1.5 HTTP/1.1" 200 4895
191.156.235.189 - - [24/Jun/2023:08:53:47 -0500] "GET /BLA/boletinlegal/js/jquery.scrollShow.js HTTP/1.1" 200 4586
191.156.235.189 - - [24/Jun/2023:08:53:47 -0500] "GET /galeria/galeria/jquery.fancybox.js?v=2.1.5 HTTP/1.1" 200 48706
186.155.74.189 - - [24/Jun/2023:08:53:47 -0500] "POST /appsia/controlador HTTP/1.1" 200 6648
186.155.74.189 - - [24/Jun/2023:08:53:53 -0500] "POST /appsia/controlador HTTP/1.1" 200 11349
172.22.2.4 - - [24/Jun/2023:08:54:32 -0500] "GET /BLA/boletinlegal/actos.php HTTP/1.1" 200 9682
172.22.2.4 - - [24/Jun/2023:08:54:33 -0500] "GET /BLA/boletinlegal/favicon.ico HTTP/1.1" 404 1326
172.22.2.4 - - [24/Jun/2023:08:54:34 -0500] "GET /BLA/boletinlegal/actos.php HTTP/1.1" 200 9682
186.30.172.207 - - [24/Jun/2023:08:54:36 -0500] "GET /BLA/resoluciones/ HTTP/1.1" 200 13502
52.167.144.71 - - [24/Jun/2023:08:54:55 -0500] "GET /portaldeninos/aulas-ambientales/aula-ambiental-sorotama/ HTTP/1.1" 200 89596
186.30.172.207 - - [24/Jun/2023:08:54:58 -0500] "GET /BLA/resoluciones/index.php?dir=AUTOS+2019%2F HTTP/1.1" 200 381466
186.30.172.207 - - [24/Jun/2023:08:54:59 -0500] "GET /BLA/resoluciones/dlf/archive.png HTTP/1.1" 200 632
31.13.127.9 - - [24/Jun/2023:08:55:07 -0500] "GET /serpiente-sabanera-pone-huevos-en-area-protegida-de-bogota.html HTTP/1.1" 200 670
31.13.127.21 - - [24/Jun/2023:08:55:11 -0500] "GET /serpiente-sabanera-pone-huevos-en-area-protegida-de-bogota.html HTTP/1.1" 206 670
201.245.192.253 - - [24/Jun/2023:08:55:43 -0500] "POST /kwsrmcab/Wsrmcab  HTTP/1.1" 200 40807
186.30.172.207 - - [24/Jun/2023:08:56:10 -0500] "GET /BLA/resoluciones/AUTOS%202019/4904.pdf HTTP/1.1" 200 394540
186.30.172.207 - - [24/Jun/2023:08:56:10 -0500] "GET /BLA/resoluciones/AUTOS%202019/4904.pdf HTTP/1.1" 206 1025
216.245.221.92 - - [24/Jun/2023:08:56:22 -0500] "HEAD / HTTP/1.1" 200 -
172.22.2.4 - - [24/Jun/2023:08:54:50 -0500] "HEAD /BLA/boletinlegal/ HTTP/1.1" 200 -
191.156.181.212 - - [24/Jun/2023:08:56:46 -0500] "GET /acuerdos-de-conservacion-camaras-trampa-registran-fauna-en-la-reserva-umbral-cultural-horizontes.html HTTP/1.1" 200 818
172.22.2.4 - - [24/Jun/2023:08:55:41 -0500] "GET /BLA/boletinlegal/ HTTP/1.1" 200 57272
190.27.153.245 - - [24/Jun/2023:08:58:40 -0500] "GET /acuerdos-de-conservacion-camaras-trampa-registran-fauna-en-la-reserva-umbral-cultural-horizontes.html HTTP/1.1" 200 818
52.167.144.23 - - [24/Jun/2023:08:58:43 -0500] "GET /acuerdos-de-conservacion-camaras-trampa-registran-fauna-en-la-reserva-umbral-cultural-horizontes.html HTTP/1.1" 200 818
172.22.2.4 - - [24/Jun/2023:08:59:06 -0500] "GET /BLA/boletinlegal/index.php?s=/Index/\\think\\app/invokefunction&function=call_user_func_array&vars[0]=md5&vars[1][]=HelloThinkPHP21 HTTP/1.1" 200 32715
52.167.144.71 - - [24/Jun/2023:08:59:56 -0500] "GET /mas-de-28-toneladas-de-residuos-se-recolectaron-en-la-primera-reciclaton-2023.html HTTP/1.1" 200 726
201.245.192.253 - - [24/Jun/2023:09:00:42 -0500] "POST /kwsrmcab/Wsrmcab  HTTP/1.1" 200 40807
40.77.167.177 - - [24/Jun/2023:09:01:21 -0500] "GET /con-actividades-pedagogicas-y-recreativas-bogota-disfruto-y-conmemoro-la-semana-ambiental.html HTTP/1.1" 200 821
216.245.221.92 - - [24/Jun/2023:09:01:22 -0500] "HEAD / HTTP/1.1" 200 -
52.167.144.49 - - [24/Jun/2023:09:01:58 -0500] "GET /images/actividades-pedagogicas.jpg HTTP/1.1" 200 98979
191.95.60.53 - - [24/Jun/2023:09:02:10 -0500] "GET /sipse/faces/faces/autenticacion.xhtml HTTP/1.1" 200 12501
191.95.60.53 - - [24/Jun/2023:09:02:10 -0500] "GET /sipse/faces/faces/autenticacion.xhtml HTTP/1.1" 200 12501
191.95.60.53 - - [24/Jun/2023:09:02:10 -0500] "GET /sipse/faces/javax.faces.resource/layout/layout.css;jsessionid=yWDxESvsoCIP5lD1BTg11TCS.undefined?ln=primefaces&v=4.0 HTTP/1.1" 200 542
191.95.60.53 - - [24/Jun/2023:09:02:10 -0500] "GET /sipse/css/custom_css_sg.css HTTP/1.1" 304 -
191.95.60.53 - - [24/Jun/2023:09:02:10 -0500] "GET /sipse/css/custom_css_sg_prime_login.css HTTP/1.1" 304 -
191.95.60.53 - - [24/Jun/2023:09:02:10 -0500] "GET /sipse/js/funciones.js HTTP/1.1" 304 -
191.95.60.53 - - [24/Jun/2023:09:02:10 -0500] "GET /sipse/js/disable_browser_buttons.js HTTP/1.1" 304 -
191.95.60.53 - - [24/Jun/2023:09:02:10 -0500] "GET /sipse/faces/javax.faces.resource/theme.css?ln=primefaces-sipse HTTP/1.1" 304 -
191.95.60.53 - - [24/Jun/2023:09:02:10 -0500] "GET /sipse/faces/javax.faces.resource/primefaces.css;jsessionid=yWDxESvsoCIP5lD1BTg11TCS.undefined?ln=primefaces&v=4.0 HTTP/1.1" 200 53295
191.95.60.53 - - [24/Jun/2023:09:02:10 -0500] "GET /sipse/faces/javax.faces.resource/layout/layout.js;jsessionid=yWDxESvsoCIP5lD1BTg11TCS.undefined?ln=primefaces&v=4.0 HTTP/1.1" 200 87560
191.95.60.53 - - [24/Jun/2023:09:02:10 -0500] "GET /sipse/faces/javax.faces.resource/layout/layout.css;jsessionid=FKmbMb-S0Pp3kavmTdBlmHfZ.undefined?ln=primefaces&v=4.0 HTTP/1.1" 200 542
191.95.60.53 - - [24/Jun/2023:09:02:10 -0500] "GET /sipse/faces/javax.faces.resource/jquery/jquery.js;jsessionid=yWDxESvsoCIP5lD1BTg11TCS.undefined?ln=primefaces&v=4.0 HTTP/1.1" 200 105384
191.95.60.53 - - [24/Jun/2023:09:02:10 -0500] "GET /sipse/faces/javax.faces.resource/primefaces.css;jsessionid=FKmbMb-S0Pp3kavmTdBlmHfZ.undefined?ln=primefaces&v=4.0 HTTP/1.1" 200 53295
191.95.60.53 - - [24/Jun/2023:09:02:10 -0500] "GET /sipse/faces/javax.faces.resource/primefaces.js;jsessionid=yWDxESvsoCIP5lD1BTg11TCS.undefined?ln=primefaces&v=4.0 HTTP/1.1" 200 276924
191.95.60.53 - - [24/Jun/2023:09:02:10 -0500] "GET /sipse/faces/javax.faces.resource/jquery/jquery-plugins.js;jsessionid=yWDxESvsoCIP5lD1BTg11TCS.undefined?ln=primefaces&v=4.0 HTTP/1.1" 200 220526
191.95.60.53 - - [24/Jun/2023:09:02:10 -0500] "GET /sipse/faces/javax.faces.resource/jquery/jquery.js;jsessionid=FKmbMb-S0Pp3kavmTdBlmHfZ.undefined?ln=primefaces&v=4.0 HTTP/1.1" 200 105384
191.95.60.53 - - [24/Jun/2023:09:02:10 -0500] "GET /sipse/faces/javax.faces.resource/layout/layout.js;jsessionid=FKmbMb-S0Pp3kavmTdBlmHfZ.undefined?ln=primefaces&v=4.0 HTTP/1.1" 200 87560
191.95.60.53 - - [24/Jun/2023:09:02:11 -0500] "GET /sipse/js/disable_browser_buttons.js HTTP/1.1" 304 -
191.95.60.53 - - [24/Jun/2023:09:02:11 -0500] "GET /sipse/faces/javax.faces.resource/theme.css?ln=primefaces-sipse HTTP/1.1" 304 -
191.95.60.53 - - [24/Jun/2023:09:02:11 -0500] "GET /sipse/js/funciones.js HTTP/1.1" 304 -
191.95.60.53 - - [24/Jun/2023:09:02:11 -0500] "GET /sipse/css/custom_css_sg.css HTTP/1.1" 304 -
191.95.60.53 - - [24/Jun/2023:09:02:11 -0500] "GET /sipse/css/custom_css_sg_prime_login.css HTTP/1.1" 304 -
191.95.60.53 - - [24/Jun/2023:09:02:11 -0500] "GET /sipse/css/imagen/logoSDG.png HTTP/1.1" 304 -
191.95.60.53 - - [24/Jun/2023:09:02:11 -0500] "GET /sipse/faces/javax.faces.resource/images/ui-icons_898989_256x240.png?ln=primefaces-aristo HTTP/1.1" 304 -
191.95.60.53 - - [24/Jun/2023:09:02:10 -0500] "GET /sipse/faces/javax.faces.resource/primefaces.js;jsessionid=FKmbMb-S0Pp3kavmTdBlmHfZ.undefined?ln=primefaces&v=4.0 HTTP/1.1" 200 276924
191.95.60.53 - - [24/Jun/2023:09:02:10 -0500] "GET /sipse/faces/javax.faces.resource/jquery/jquery-plugins.js;jsessionid=FKmbMb-S0Pp3kavmTdBlmHfZ.undefined?ln=primefaces&v=4.0 HTTP/1.1" 200 220526
191.95.60.53 - - [24/Jun/2023:09:02:11 -0500] "GET /sipse/css/imagen/logoSDG.png HTTP/1.1" 304 -
191.95.60.53 - - [24/Jun/2023:09:02:11 -0500] "GET /sipse/faces/javax.faces.resource/images/ui-icons_898989_256x240.png?ln=primefaces-aristo HTTP/1.1" 304 -
191.95.60.53 - - [24/Jun/2023:09:02:11 -0500] "GET /sipse/css/imagen/loginimg.png HTTP/1.1" 304 -
172.22.2.4 - - [24/Jun/2023:09:00:40 -0500] "HEAD /BLA/boletinlegal/ HTTP/1.1" 200 -
172.22.2.4 - - [24/Jun/2023:09:01:31 -0500] "GET /BLA/boletinlegal/ HTTP/1.1" 200 58825
188.241.178.25 - - [24/Jun/2023:09:04:17 -0500] "GET /bogota-celebra-la-semana-de-los-insectos.html HTTP/1.1" 200 717
31.13.127.2 - - [24/Jun/2023:09:04:46 -0500] "GET /images/serpiente-sabanera.jpeg HTTP/1.1" 200 167272
69.63.184.116 - - [24/Jun/2023:09:04:48 -0500] "GET /serpiente-sabanera-pone-huevos-en-area-protegida-de-bogota.html HTTP/1.1" 200 670
69.63.184.10 - - [24/Jun/2023:09:04:48 -0500] "GET /serpiente-sabanera-pone-huevos-en-area-protegida-de-bogota.html HTTP/1.1" 200 670
201.245.192.253 - - [24/Jun/2023:09:05:42 -0500] "POST /kwsrmcab/Wsrmcab  HTTP/1.1" 200 40807
173.252.95.13 - - [24/Jun/2023:09:06:02 -0500] "GET /images/caminatas-ecol\xc3\xb3gicas-marzo---1920x1080_optimized.jpg HTTP/1.1" 404 1034
172.22.2.4 - - [24/Jun/2023:09:06:07 -0500] "GET /BLA/boletinlegal/owa/auth/logon.aspx?url=https%3a%2f%2f1%2fecp%2f HTTP/1.1" 404 1018
216.245.221.92 - - [24/Jun/2023:09:06:22 -0500] "HEAD / HTTP/1.1" 200 -
172.22.2.4 - - [24/Jun/2023:09:06:30 -0500] "HEAD /BLA/boletinlegal/ HTTP/1.1" 200 -
186.84.130.238 - - [24/Jun/2023:09:08:27 -0500] "GET /acuerdos-de-conservacion-camaras-trampa-registran-fauna-en-la-reserva-umbral-cultural-horizontes.html?fbclid=IwAR2klrrMh_prBEHug7bfoC-F0_fmrh4pI7gOKgy27M-GMxmmII-j9aT6g28_aem_AUyO99STeckC_STiJqdBG7NbUjQqHKk710eFZkFR_TzZHb2bqtugTfY0w573l2k-Zm4 HTTP/1.1" 200 818
172.22.2.4 - - [24/Jun/2023:09:07:21 -0500] "GET /BLA/boletinlegal/ HTTP/1.1" 200 56100
186.102.83.236 - - [24/Jun/2023:09:10:13 -0500] "GET /acuerdos-de-conservacion-camaras-trampa-registran-fauna-en-la-reserva-umbral-cultural-horizontes.html HTTP/1.1" 200 818
69.171.249.119 - - [24/Jun/2023:09:10:29 -0500] "GET /images/cr\xc3\xb3nica-29-nov-1_optimized.jpeg HTTP/1.1" 404 1034
201.245.192.253 - - [24/Jun/2023:09:10:41 -0500] "POST /kwsrmcab/Wsrmcab  HTTP/1.1" 200 40807
216.245.221.92 - - [24/Jun/2023:09:11:22 -0500] "HEAD / HTTP/1.1" 200 -
186.102.43.185 - - [24/Jun/2023:09:12:40 -0500] "GET /kwssiamovil/sm/ldap/au?x=U2FsdGVkX18zcpReESfxRHLJHN8OONJQmTDrZrpKSou8HR7TRvoxfo16BTA6j2L9&y=U2FsdGVkX18b7uamjUvyBbx2SrJCk/eq7viUwVt8IENlc3R6V85HiSlZ/oqO93Nh HTTP/1.1" 200 30
186.102.43.185 - - [24/Jun/2023:09:12:40 -0500] "GET /kwssiamovil/sm/acme/s?s=U2FsdGVkX1/1WVn7xH4meULjUWcoGaYfzoTgvziH9HTikctbme4AcaeoDDP0T4q+Dh7g1WvW1PJ5Q+gyQ/PPmGtmu7d3ZiHrlcb8CEGKg9k=&u=U2FsdGVkX1/8Dbgnur1kCTG5y1axt8MVYH4SNd8ICJ0=&y=U2FsdGVkX18b7uamjUvyBbx2SrJCk/eq7viUwVt8IENlc3R6V85HiSlZ/oqO93Nh HTTP/1.1" 200 97
186.102.43.185 - - [24/Jun/2023:09:12:40 -0500] "GET /kwssiamovil/sm/acme/s?s=U2FsdGVkX1/kLXuyauEK5JGxBkcIgRS5UtNhrDdo7/B0mu0zrL+JhYchAWOvH3nOWfSchf6iYsryWBwABh0aLLIPw41P/qtAa100LiN33tJoRG5q83gHcoU+eBHKnYI4LQCXnCDyldjChFy0okshcIcW0/NahaNcfO3WPQCAv3cG1dqMZD8fVel/XP3rLIBGWJSkY9kzrOzKJ6GStohSobIblFdDjCM4Rgz/QHZSTT/o/McFmYNyIRWOc5xge8DQZ2ljZPWpNvCP2u+sB1Sbb4GMuHxHu32JhP3kt3uOZj+q7XdW3wdTDUPI5ObViHgp8LZVH5ArnMw76QcZ1pDPkM5PEupj/atkdAMiuaXhptxMlbL9biV9wflQqh7eaccHKn4Hx9nZxzUbRDDd6qRJa4ndZe047+KZ7xUajOiZTxv564t7Rjef3mrxfm9sJxHDp/b0jtfYieOYWuAEraknnTFAJC4HXNY5xxbYizWwspgOWGIHbXfNjW7jte31SfY0YqLRM9PN8mKKMe3ScWvsEETpPVPdANFcpk+g+df20Bf8lfiAI64bXfi3Jved8NrjK7qy8KHWE+sns/MjUMIUlxR1pOhOkKUeQCu6faUFpc3oBvSKLXTrVdI4A/MQADp0L5WUAQ6PjQBius2h3yP+MwQwXFOac7FyjXZS/+WELa39IZSny8I02ivan4iOyGqeTBr6BUdwIO1aQxkP+Rc2/KoGLfAH0speQc6YZFSohkRmitmc+JLYpieUakyuxxRJPBSNo11EvosvzfMhXBIKflAqIFeFVVA4Da4wmD/U5TMlxIq0d6SY+cj+I3sBg3NllMMQdcEwWvyV4cOkQag9NGyQtdqjQ14cosUMOXRwjyW7u2Lvoy2ZlyVGOqTX71ZT/EA6xxS+SiDTGy9+sWEG0Y2nkZxU/zByNzxRBkdu3l4iTKcWNx/PKVEdQD/4FYAZ3CdjMU6R8SBE4B967DTGMLhiXFKOfK/3T2dFj9HxefkmOjZ72NiEqdQp4rwgNn5aQB1+3KezwhIIlFbjcQ2vS1zKAEROjzMP7Xf+YhQBd+HwbgYJYtAwhuCD0SOzP2F9iPh6o5TSG3lr3CttDZf989K1otlkVtYK6N8uVO8EwTkQrVpqLV5HHH6Cyi8xd7CKTrltoFPccP6YJTA+9wZ9glDS4+82kQjG4Sm57bpfzVvjaHKivfdaCDqFS4BsffglKR2olCePjywtFaWHmNlDLjVnrMBBJdDe+Tck4B61a0ALyDTO9OE4EP96U/zrKCA55SQUJaHrKw2C46eip3B4cHhI6RqEyPMB7KOP/u3p5H2AmWTRXwp6fITGE4Kmv5N8EF4E/UpwHNj437tBgoiCRbHsLStrDfo+xwvxgO2KZHorXDKI1KFVsFVmh0TlW8aQC5IU1ubWJT0K1adfiKnXAxaIB1RiBy59XNT1qP+hhAzhmwI++P8QI/2ew2tWOrynzaPL1L+6u/34E2ohvIRWSNqRbddR2gU9EmWMQxgMwrwyIcSe8UtVX1WHoKCtNCnC2fcs+oIeQTugEAixd9aOJEhy+82/dTHYm3nWEhUS8W4flTM7wsIzJrSG6e/RkLFjoR8S3g+F5w4rAsf+K0nDaNBnJSNojQOXygopK4vGLzERLGFKB34YFH6vTVYPwi9XdAqcIWPkG5aqI1p5q+L0fglage6Wuy5oIaM5AOfmbEUT0a2xBmRXYDrGNFWs/589zMBe0y96TnDNsKUvwQkeH3Pj5nAiP7WwXF91mNxLXQU=&u=U2FsdGVkX1/8Dbgnur1kCTG5y1axt8MVYH4SNd8ICJ0=&y=U2FsdGVkX18b7uamjUvyBbx2SrJCk/eq7viUwVt8IENlc3R6V85HiSlZ/oqO93Nh HTTP/1.1" 200 1613
186.102.43.185 - - [24/Jun/2023:09:12:40 -0500] "GET /kwssiamovil/sm/acme/s?s=U2FsdGVkX191uwhopY2jXAoct8Vf7SIKsrYnJ40RYpDK85SbXwcbl6KYCBP1Gyhj7dot4YZ7gvtUpbLU+QUhgmaCruKAx4y+G3WrwrR9T57H/OXEVW6UDtKlmox5uIIY23fhuVdot5FZ1axKnO/toFEkw8cRHsv7PdgI7QaHIPE9+V78psa6iJmiECj9fh1/pT9qIu39y931sKBl9nSnmpqFbvH5Nj/zJUY6PAbk8EY4JlBhXl+X89lXoic8Fq6V6GkH+EKJ0V2hyOle4NngJ5/NXYM/KgiuOlquI/WFiFNESDp3qXMOhJgWMsCYAykgFTDVFrgfhJ+mnNYGXB9VarETx28lGRrLvMAgax17SgmY1NQmUhriuziM4t9YnIhrBVt0rlK9v1oJ2giTsmwhyZc1+/4zKrhbQ50JoKm4Q/q748N6uzh7nGY03EiHkxtA8AjmVGOEg/CM96x6VatVHPnItJ3YnISzko3PRe9qnZXypeW+APDmgkEuoMDnyfl2U0vdYph44fnrUvLyvpIQRytnDPM2XESRQI4Ns8dYWCAHGWceNafMtUah06P3+qD8vzgLil/ICWZdVsTcc4/RphchQjY61EvMQ2H91oFsn+9wOd0HJ0jUCpBVA5mH+C/w5Wh9fRMCPDfNUVhaI5+hVnxWjVtgFDnGnPulKFaT3IIzgGgxtvP+QVlk1CeYzckmK+xViRS8etO4BD/VxfxgCJzWuCBSApQfyU4VXi0ly/FKSuJY1oJpOGFcwYILF/La&u=U2FsdGVkX1/8Dbgnur1kCTG5y1axt8MVYH4SNd8ICJ0=&y=U2FsdGVkX18b7uamjUvyBbx2SrJCk/eq7viUwVt8IENlc3R6V85HiSlZ/oqO93Nh HTTP/1.1" 200 208
186.102.43.185 - - [24/Jun/2023:09:12:40 -0500] "GET /kwssiamovil/sm/cjson/pre?f=1&x=U2FsdGVkX18zcpReESfxRHLJHN8OONJQmTDrZrpKSou8HR7TRvoxfo16BTA6j2L9 HTTP/1.1" 200 31032
172.22.2.4 - - [24/Jun/2023:09:12:20 -0500] "HEAD /BLA/boletinlegal/ HTTP/1.1" 200 -
186.102.43.185 - - [24/Jun/2023:09:14:40 -0500] "GET /kwssiamovil/sm/ldap/au?x=U2FsdGVkX1/knj3J1lzN/u0UhhpNPCVcZ6yu7Q3BDBNEwQMZpkpn478KU7ebPdti&y=U2FsdGVkX18Fot5aJopGeiqXIuN1Jov1QOXuDOheNm+3Pwg22lS9WLquUgut+s7Z HTTP/1.1" 200 31
172.22.2.4 - - [24/Jun/2023:09:13:11 -0500] "GET /BLA/boletinlegal/ HTTP/1.1" 200 56816
186.102.43.185 - - [24/Jun/2023:09:14:56 -0500] "GET /kwssiamovil/sm/ldap/au?x=U2FsdGVkX18dNGwi8sCbfWXFSCJ09s3FLfgdaClqbRxo9pNlIm7OLPb0ocry91Ge&y=U2FsdGVkX19h4Ikix/zG7I+Q3nItVhIedJK1nEtqnzri9JwaQAvMWzFVT3VTiNaU HTTP/1.1" 200 30
186.102.43.185 - - [24/Jun/2023:09:14:56 -0500] "GET /kwssiamovil/sm/acme/s?s=U2FsdGVkX1/gAAQTQr0pyKS6mK9rdrmZJsSOr94LMh5UP9KIHtTyUAa5O2bmdkB1hudeGGga8O0uJ+tKs9KfI1etEvCDVSzJjanH9pgCj24=&u=U2FsdGVkX19rDjRjE/Qc3mIcWFqApwU78IuIKvlRCQg=&y=U2FsdGVkX19h4Ikix/zG7I+Q3nItVhIedJK1nEtqnzri9JwaQAvMWzFVT3VTiNaU HTTP/1.1" 200 97
186.102.43.185 - - [24/Jun/2023:09:14:56 -0500] "GET /kwssiamovil/sm/acme/s?s=U2FsdGVkX1+7KmSNTJ1r/3iL56xfzXj2HxnzY/pDbWV1C7F1H4tFqWxt5rN/gPsnz3AerZ3DxzWpVqqzFR8/2SI+a979jGnwxO/tyKN8mK3z1Y4bLDuek03osw00L6BvPqbgm6xapXEJ7pVqRt/tgR+NJaflceZFPWcMvpmS5EDg/NhDD5DXFPRO217ZcmUypLQJ9CRl5DfDtqc+PLDq4o4gsfSfjwNfBzvg8bQjwYnKt+ig/YiCG68daVi0ww7GXFUtsf3npPJBLPqXR7qPUZjU4UCw1CwWS9dHpTodSpQXUlO5sRyxNCQBr/HWmiLYvVcHLlB97K99tm5s1jzTtPOUPO2LnRU3/YSYZ6XocB3G3wxraAHI+ckVYFUUPqCi/5mb3vFpS/QfoK/h1wFJt+sfJ3+ZsC3xKP99gSJA4AqahErefDQs8naOTiIhoFt01mTWJf0UpZio5hU5kS2VjWkFpO1drO54cWlMCWtG18tTCgqq6C+TxSrjSIrsPnOi8d4+SOPIxwN8zKzwWWBr9rtKnDjD3b30HYpzJD8zdnnQk69h10Yr4UIGwlcYgd61PEPURmMnVSymi6o4LqvVgfdiAxFPy9AmK5Fxwvlwd/DvVmSbn2GIjKOeEG14VQsIpZrFvN0RuA5EeO/cdkNQo5fbhcpEhywX8HmxP//8UN94hBUFEortZdWblM6Ic45QQctibm7rTS2o8ks3f3fBK68F8NSeW4VRX7nOT2CISRb6DV0vy0jM+rLS4B7cIHH7hYURu1zSvtP/Sr9AhKjL+4/tSEnrVKT154SHYXQ3ywqH/0G8oRZ+rvdOUpR/aLPazUzXSW90nUttB4iqe64KVeblwFvPFxdojZVylausKMnzwprqxzeum2AeBvPNHgvufwXI4IySG9BlOpMv5wRp/Yj5DolU8So0J9I0/RhPq2l5Yzhdz7G0svY666OQtdmG9sL7bQhMcFW5JcMFWo436q3cstRUyqd4w74jdz1TwDfDw/SMefe0WuiZQqQzY5QN9/MQlDHifTudcMD23sny0PBdUF8HCWEgUbIkIUbrd5DM/WSf3f2ADToS57VaPh01G49lyaxAlXoNiDQlXf4/wfc8Ou09CK+KhcrAcwUSXGsQwNDaGbtCY/HPTTyfznHhfxorMRrcPLMQfsFcz7Bzr4oMgItr51JzQMC6CEtvzvLjorRZ9cCrQq9UPhzkxxQn3ZNquRW+MUyDIhfg8AxEPrd72dE6hnriHbnSceaD3fBAHfkXNk5Um+EIAf/YjG+VySernnVyBYSbjDEHf0IviDNkL8WFgsNWVpqmcxNSE3L1sk38PmAH9euEYXj4tgC1HjEKjvXqlq1J2uS5teHOTHkz3JnBpmdS8b4SlqyhD47grKqobBtur7QEe1lyuSEU1TOhl+eJ6ShbkVEbOq5r5c27ltnOFpff17y8VDAtnT5bMqMmPcw1ln5WtzWp+dLQMJi4I1d2f43FQUYHrLc1yC6gcNxOQdfBiOr+vfqXhQYmsG/pitEA6upEJeBx6pgvqvv7M9ZGiVo5++ctGfVeXB3y9u5IcY7KKp4UoNd6ejgmuH4AMVNziRGiZe0xxKinu67OtI1ZfqZUUT+mhtr1D6qfe5qDeaFvgQICVaTyLWx3RAgQjcb/+6WKOB9d0GAHF3lb9R1NfseBAYdZ8wItezS3ovt28L50F7QBSHZfNEErL9gvnusyhJ3YOaRGcoc/Jyd4/DOGbqhSEfuKfSRgmWzuuNRUqqW+JgOirHZDNRw=&u=U2FsdGVkX19rDjRjE/Qc3mIcWFqApwU78IuIKvlRCQg=&y=U2FsdGVkX19h4Ikix/zG7I+Q3nItVhIedJK1nEtqnzri9JwaQAvMWzFVT3VTiNaU HTTP/1.1" 200 1613
186.102.43.185 - - [24/Jun/2023:09:14:56 -0500] "GET /kwssiamovil/sm/acme/s?s=U2FsdGVkX1/aGQdHqFWM2jUK3He+XFv62YZTdWjrojzbblvNK7u1VHEgZSlbN45WAQ6tFv0Sr6f0vLsMmjM0ZK+NpTZhrFlWM3kADnwle+oNS/qotNedcOOaHqT/lUv293c1UhW2WL126pGqLqE4kF1AUVfUoDEl724jFQ6l1Dm4t8mMyzz9NXhXSeMy+gSyuLuEmD+Wiv7f+L5rzCzRIUU0+V98sXBZYD/NhmxubsXcGxpKwfvGF66doUjAN5MWndiyhT1VljincK24OkQxKfpP4ZpKHYcnR71JQS/XNuUuOYVXnst9eGaQR+mDidxuEiYltlBy0Op7ZHSkryrYUb7bYsdGZEqKzEJZXN63+eMMuXz9n/bNRBd1X+QSlyUMuDczV25/m8p1zg8H1TtAqIQAdBu8lpzDKraRTuf6E/DcI5RWV+dw+XA6C/vSK2eEAV/4SbQ8+9fsxYFO5Ugqbrs4o6UUuvE/r5lJ4bVefz6UOUSq6VmthtN2CxYVxr8cvM2UPlfSF7tJBwTFJj66ENy1wxP2rfL0QZZEi8k5um34grv7ljr1cNFR0n4DJTdzv+nX3Zpl0GNiCS3fgp600Oivc+mv+FaypgQDrZVH1eOAudPymiMqqO7rvEm9GQHTgg5LOac7LvTKVsG33BGRrqYVpMYcpiqHFj6DeIeEc0VuvLWSSHFosqPkSe+KwbZWkBCRPr3y1BcuZNYt5zZlkW/z9Xharu+d4TGl2goA6Zhv2FNRFciwf9sY3GU3ccDr&u=U2FsdGVkX19rDjRjE/Qc3mIcWFqApwU78IuIKvlRCQg=&y=U2FsdGVkX19h4Ikix/zG7I+Q3nItVhIedJK1nEtqnzri9JwaQAvMWzFVT3VTiNaU HTTP/1.1" 200 208
186.102.43.185 - - [24/Jun/2023:09:14:56 -0500] "GET /kwssiamovil/sm/cjson/pre?f=1&x=U2FsdGVkX18dNGwi8sCbfWXFSCJ09s3FLfgdaClqbRxo9pNlIm7OLPb0ocry91Ge HTTP/1.1" 200 31032
201.245.192.253 - - [24/Jun/2023:09:15:39 -0500] "POST /kwsrmcab/Wsrmcab  HTTP/1.1" 200 40807
186.102.43.185 - - [24/Jun/2023:09:16:15 -0500] "GET /kwssiamovil/sm/ldap/au?x=U2FsdGVkX1+UqbHFjTbERFC5KfBDvlylIYBZTPRJw/V3kjFjh6KWfwVkHWi8elH5&y=U2FsdGVkX19ij80MzSfsM+L+DTFrxa+LvRUpjqOAs3TkGtEqGRxfn2zT3CVyQyZt HTTP/1.1" 200 30
186.102.43.185 - - [24/Jun/2023:09:16:15 -0500] "GET /kwssiamovil/sm/acme/s?s=U2FsdGVkX19FDz1fyiWrgEzTrqsSf+tTb26s8Y2sMLvtsMMGsbJZAvZ/RH9N662xtoTOpJYSrYhiKEijWnVGgDB9OAXxID7UcigkCwlYeZw=&u=U2FsdGVkX19ueRDJi1Drvkr0LNQLG6p7wPWGxJVoB/Y=&y=U2FsdGVkX19ij80MzSfsM+L+DTFrxa+LvRUpjqOAs3TkGtEqGRxfn2zT3CVyQyZt HTTP/1.1" 200 97
