201.245.192.253 - - [26/Jun/2023:03:53:39 -0500] "POST /kwsrmcab/Wsrmcab  HTTP/1.1" 200 40807
172.22.2.4 - - [26/Jun/2023:03:53:26 -0500] "HEAD /BLA/boletinlegal/ HTTP/1.1" 200 -
172.22.2.4 - - [26/Jun/2023:03:54:17 -0500] "GET /BLA/boletinlegal/ HTTP/1.1" 200 58825
40.77.167.224 - - [26/Jun/2023:03:56:34 -0500] "GET /BLA/resoluciones/RESOLUCIONES%202023/0767.pdf HTTP/1.1" 200 350908
172.22.2.4 - - [26/Jun/2023:03:56:40 -0500] "GET /BLA/boletinlegal/robots.txt HTTP/1.1" 404 1038
172.22.2.4 - - [26/Jun/2023:03:55:55 -0500] "GET /BLA/boletinlegal/ HTTP/1.1" 200 57680
172.22.2.4 - - [26/Jun/2023:03:57:47 -0500] "GET /BLA/boletinlegal/js/jquery.scrollShow.js HTTP/1.1" 200 4586
216.245.221.92 - - [26/Jun/2023:03:57:52 -0500] "HEAD / HTTP/1.1" 200 -
172.22.2.4 - - [26/Jun/2023:03:58:17 -0500] "POST /BLA/boletinlegal/mifs/.;/services/LogService HTTP/1.1" 404 1158
172.22.2.4 - - [26/Jun/2023:03:56:42 -0500] "GET /BLA/boletinlegal/ HTTP/1.1" 200 57680
201.245.192.253 - - [26/Jun/2023:03:58:37 -0500] "POST /kwsrmcab/Wsrmcab  HTTP/1.1" 200 40807
64.124.8.153 - - [26/Jun/2023:04:00:06 -0500] "-" 408 -
172.22.2.4 - - [26/Jun/2023:03:59:16 -0500] "HEAD /BLA/boletinlegal/ HTTP/1.1" 200 -
172.22.2.4 - - [26/Jun/2023:04:00:07 -0500] "GET /BLA/boletinlegal/ HTTP/1.1" 200 57272
216.245.221.92 - - [26/Jun/2023:04:02:52 -0500] "HEAD / HTTP/1.1" 200 -
201.245.192.253 - - [26/Jun/2023:04:03:36 -0500] "POST /kwsrmcab/Wsrmcab  HTTP/1.1" 200 40807
40.77.167.240 - - [26/Jun/2023:04:06:20 -0500] "GET /BLA/resoluciones/AUTOS%202021/2341.pdf HTTP/1.1" 304 -
172.22.2.4 - - [26/Jun/2023:04:05:06 -0500] "HEAD /BLA/boletinlegal/ HTTP/1.1" 200 -
172.22.2.4 - - [26/Jun/2023:04:05:56 -0500] "GET /BLA/boletinlegal/ HTTP/1.1" 200 57272
216.245.221.92 - - [26/Jun/2023:04:07:52 -0500] "HEAD / HTTP/1.1" 200 -
201.245.192.253 - - [26/Jun/2023:04:08:35 -0500] "POST /kwsrmcab/Wsrmcab  HTTP/1.1" 200 40807
52.167.144.39 - - [26/Jun/2023:04:09:02 -0500] "GET /BLA/resoluciones/RESOLUCIONES%202023/0886.pdf HTTP/1.1" 200 1084887
172.22.2.4 - - [26/Jun/2023:04:09:32 -0500] "GET /BLA/boletinlegal/documentos-importantes.php HTTP/1.1" 200 4829
172.22.2.4 - - [26/Jun/2023:04:10:56 -0500] "HEAD /BLA/boletinlegal/ HTTP/1.1" 200 -
216.245.221.92 - - [26/Jun/2023:04:12:52 -0500] "HEAD / HTTP/1.1" 200 -
172.22.2.4 - - [26/Jun/2023:04:11:47 -0500] "GET /BLA/boletinlegal/ HTTP/1.1" 200 58825
201.245.192.253 - - [26/Jun/2023:04:13:34 -0500] "POST /kwsrmcab/Wsrmcab  HTTP/1.1" 200 40807
172.22.2.4 - - [26/Jun/2023:04:14:08 -0500] "GET /BLA/boletinlegal/ HTTP/1.1" 200 20427
172.22.2.4 - - [26/Jun/2023:04:13:24 -0500] "GET /BLA/boletinlegal/index.php HTTP/1.1" 200 58825
172.22.2.4 - - [26/Jun/2023:04:15:07 -0500] "GET /BLA/boletinlegal/js/jquery.scrollShow.js HTTP/1.1" 200 4586
168.119.49.52 - - [26/Jun/2023:04:16:49 -0500] "GET / HTTP/1.1" 200 319
168.119.49.52 - - [26/Jun/2023:04:16:51 -0500] "GET / HTTP/1.1" 200 4720
66.249.66.73 - - [26/Jun/2023:04:17:48 -0500] "-" 408 -
216.245.221.92 - - [26/Jun/2023:04:17:52 -0500] "HEAD / HTTP/1.1" 200 -
172.22.2.4 - - [26/Jun/2023:04:16:46 -0500] "HEAD /BLA/boletinlegal/ HTTP/1.1" 200 -
201.245.192.253 - - [26/Jun/2023:04:18:33 -0500] "POST /kwsrmcab/Wsrmcab  HTTP/1.1" 200 40807
172.22.2.4 - - [26/Jun/2023:04:17:36 -0500] "GET /BLA/boletinlegal/ HTTP/1.1" 200 59192
201.245.192.253 - - [26/Jun/2023:04:19:42 -0500] "POST /kwsrmcab/Wsrmcab HTTP/1.1" 200 43027
201.245.192.253 - - [26/Jun/2023:04:19:45 -0500] "POST /kwsrmcab/Wsrmcab HTTP/1.1" 200 42939
64.124.8.153 - - [26/Jun/2023:04:21:43 -0500] "GET /AFLUENTESYEFUENTES/files/mobile/index.html HTTP/1.1" 304 -
216.245.221.92 - - [26/Jun/2023:04:22:52 -0500] "HEAD / HTTP/1.1" 200 -
201.245.192.253 - - [26/Jun/2023:04:23:32 -0500] "POST /kwsrmcab/Wsrmcab  HTTP/1.1" 200 40807
172.22.2.4 - - [26/Jun/2023:04:22:36 -0500] "HEAD /BLA/boletinlegal/ HTTP/1.1" 200 -
219.131.138.236 - - [26/Jun/2023:04:24:58 -0500] "GET /galeria/galeria/fotos/Humedal-la-conejera3P.jpg HTTP/1.1" 200 31355
172.22.2.4 - - [26/Jun/2023:04:23:26 -0500] "GET /BLA/boletinlegal/ HTTP/1.1" 200 57272
216.245.221.92 - - [26/Jun/2023:04:27:52 -0500] "HEAD / HTTP/1.1" 200 -
52.167.144.39 - - [26/Jun/2023:04:28:00 -0500] "GET /appsia/controlador HTTP/1.1" 200 4799
201.245.192.253 - - [26/Jun/2023:04:28:31 -0500] "POST /kwsrmcab/Wsrmcab  HTTP/1.1" 200 40807
201.245.192.253 - - [26/Jun/2023:04:29:41 -0500] "POST /kwsrmcab/Wsrmcab HTTP/1.1" 200 43027
201.245.192.253 - - [26/Jun/2023:04:29:44 -0500] "POST /kwsrmcab/Wsrmcab HTTP/1.1" 200 42939
172.22.2.4 - - [26/Jun/2023:04:28:26 -0500] "HEAD /BLA/boletinlegal/ HTTP/1.1" 200 -
172.22.2.4 - - [26/Jun/2023:04:29:17 -0500] "GET /BLA/boletinlegal/ HTTP/1.1" 200 54942
157.90.254.89 - - [26/Jun/2023:04:32:05 -0500] "GET / HTTP/1.1" 200 4720
157.90.254.89 - - [26/Jun/2023:04:32:08 -0500] "GET / HTTP/1.1" 200 319
216.245.221.92 - - [26/Jun/2023:04:32:52 -0500] "HEAD / HTTP/1.1" 200 -
201.245.192.253 - - [26/Jun/2023:04:33:30 -0500] "POST /kwsrmcab/Wsrmcab  HTTP/1.1" 200 40807
52.167.144.66 - - [26/Jun/2023:04:34:19 -0500] "GET /BLA/resoluciones/AUTOS%202022/1871.pdf HTTP/1.1" 200 391210
168.119.253.21 - - [26/Jun/2023:04:35:38 -0500] "GET / HTTP/1.1" 200 319
168.119.253.21 - - [26/Jun/2023:04:35:38 -0500] "GET / HTTP/1.1" 200 4720
172.22.2.4 - - [26/Jun/2023:04:34:16 -0500] "HEAD /BLA/boletinlegal/ HTTP/1.1" 200 -
172.22.2.4 - - [26/Jun/2023:04:35:07 -0500] "GET /BLA/boletinlegal/ HTTP/1.1" 200 58825
64.124.8.153 - - [26/Jun/2023:04:37:39 -0500] "GET /BLA/boletinlegal/jurisprudencia/analisis/analisis%20C-595-2010.doc HTTP/1.1" 200 39424
216.245.221.92 - - [26/Jun/2023:04:37:52 -0500] "HEAD / HTTP/1.1" 200 -
201.245.192.253 - - [26/Jun/2023:04:38:28 -0500] "POST /kwsrmcab/Wsrmcab  HTTP/1.1" 200 40807
201.245.192.253 - - [26/Jun/2023:04:39:42 -0500] "POST /kwsrmcab/Wsrmcab HTTP/1.1" 200 43027
201.245.192.253 - - [26/Jun/2023:04:39:45 -0500] "POST /kwsrmcab/Wsrmcab HTTP/1.1" 200 42939
52.167.144.66 - - [26/Jun/2023:04:41:45 -0500] "GET /BLA/resoluciones/RESOLUCIONES%202022/2967.pdf HTTP/1.1" 304 -
172.22.2.4 - - [26/Jun/2023:04:40:06 -0500] "HEAD /BLA/boletinlegal/ HTTP/1.1" 200 -
172.22.2.4 - - [26/Jun/2023:04:40:56 -0500] "GET /BLA/boletinlegal/ HTTP/1.1" 200 59192
216.245.221.92 - - [26/Jun/2023:04:42:52 -0500] "HEAD / HTTP/1.1" 200 -
201.245.192.253 - - [26/Jun/2023:04:43:25 -0500] "POST /kwsrmcab/Wsrmcab  HTTP/1.1" 200 40807
172.22.2.4 - - [26/Jun/2023:04:45:56 -0500] "HEAD /BLA/boletinlegal/ HTTP/1.1" 200 -
216.245.221.92 - - [26/Jun/2023:04:47:52 -0500] "HEAD / HTTP/1.1" 200 -
69.63.189.120 - - [26/Jun/2023:04:48:23 -0500] "GET /images/jardines-verticales-4-marzo.jpg HTTP/1.1" 200 54804
201.245.192.253 - - [26/Jun/2023:04:48:24 -0500] "POST /kwsrmcab/Wsrmcab  HTTP/1.1" 200 40807
172.22.2.4 - - [26/Jun/2023:04:46:47 -0500] "GET /BLA/boletinlegal/ HTTP/1.1" 200 58825
173.252.107.117 - - [26/Jun/2023:04:50:00 -0500] "GET /secretaria-de-ambiente-presente-en-la-feria-internacional-del-ambiente-2023.html HTTP/1.1" 200 841
64.124.8.153 - - [26/Jun/2023:04:51:20 -0500] "GET /Residuos/vehiculos/vehiculos.html HTTP/1.1" 304 -
216.245.221.92 - - [26/Jun/2023:04:52:52 -0500] "HEAD / HTTP/1.1" 200 -
64.124.8.153 - - [26/Jun/2023:04:53:09 -0500] "-" 408 -
201.245.192.253 - - [26/Jun/2023:04:53:23 -0500] "POST /kwsrmcab/Wsrmcab  HTTP/1.1" 200 40807
172.22.2.4 - - [26/Jun/2023:04:51:46 -0500] "HEAD /BLA/boletinlegal/ HTTP/1.1" 200 -
162.55.41.96 - - [26/Jun/2023:04:54:01 -0500] "GET / HTTP/1.1" 200 4720
162.55.41.96 - - [26/Jun/2023:04:54:03 -0500] "GET / HTTP/1.1" 200 319
186.102.7.130 - - [26/Jun/2023:04:54:06 -0500] "GET /kwssiamovil/sm/acme/a?s=U2FsdGVkX18yYUO8OLKHx55Biy+JT9U4d/dCcvQvRUz7t0cnqsbGkI6DdchiASp7XQHvHwLFZSGIbKUqlyZwsvIDeU9YRkJruqIzBNG5HyixWCfJTXKY6JiZG8YN4W/3AwoVUBEfvxUJdEKjX49MjbbFxV5lByKXYs9BBhV6VgPPTj461WwQuKgGil6U79VjxjOXMSoTUhjGkJrui3x3tvR8v6PYzpby1cS/y8W0AT+WPumJ0aY8x13bWSZpsK/yxIC1434Yd1NXa6YRHltZ7A==&u=U2FsdGVkX1++jxoC3DVy0TH4uMYYBP7IvTYZ6hqG+KM=&y=U2FsdGVkX18xH/YxPSFJRZl2pvYX64kogwxNLpL7rtY= HTTP/1.1" 200 26
186.102.7.130 - - [26/Jun/2023:04:54:07 -0500] "GET /kwssiamovil/sm/acme/a?s=U2FsdGVkX19bQ829HV975MuxIYgmW3dt+pxmWi5zvkTD1oxGziPu4I4r8c+tNlq6HkYaCeeTW3Zz57/7BIk4JenKg2BBfFBddJ+mOfDqj4gjB8s/QXngg2vvYDCnPGnb446gHBo8Y0ul8sJYSoDb/4ajjbqI0NGsbrcG9tjZf8LEBaDvqJYkg1c/h67wTtjD5uOHa99qqXxPru0qug7xX/MsCW4rvWakgZbX+VijoVXgO8OVI5//G/j1deu+JMr4QgbIedhzeTzwDxQglPyToZSbO15TENUaa1sejTcpKCGD74FvKLcHlZg2fl5+pB1+rrLzrgmNuDL58XFNUm9ry6i74adDCEiu4V0Z0XOWOIT1EglYgOwHRlmgmDblChZUtkh6mw6xDmuzFWN8CO+lsNYy/F+174MNPTbSeCq+2JjqhguMeY4rLRU66j4NqSXyvbLClwnZ9PlLrnb+Q+eIMZeykWpmpfhGqlgRK5WAryDcXxDClttbHWYQ8xCRWtLnFHF0mYXN6RDbXocSdTLykRgKHCtGU5u8lX1YLAt+hfsornxQJdA8+Zeb5BIwPR+RGdmaqx7lUWQZrE5eESIGLeWPtMLjLOJhmOReEeFxgyksNdaErbvmSrAQyokf0pE2UiPYWr22FQnipqq5tD4ZIMDWRR76/du2xj7u7pDiTMwhlmt9eBF9OVLOyMd+DEhvdpvw1LIbrCix9Lh5YYdNEMdBwAfozw6gfC0mk//s8nM876YoEDcpArfElkIZgGmLWfOKZKN8HIlzigXuS1otBvOfAOz2ROo7AHiZ8Cn6ZhNMTJGeu+yAG2LuTZuQ0VJkIuDbQIztT3p6zXhV2vwYZgy3bSCAOZ0uWqijCea/IyMWmRgPizHORrLFnqXdF1qtYM8TRqLcjBBY534aP5jHIoSfaUMN8RiJZeADxoujfsF58YapwVVH102Frn0Ujzes1js7FrTFlJSSl+gDlpXLdCbo5RbyHg2FxZTOMWDEhgQl5BNWKDh6b3gEzITU8nUPv16Msi6CTBb/FGJSSsxuExZfPXKUVBG4RrAQiqGFZZjRcp98QKvOxZRLeMd2yXvyvypM/SamcM8sCToViGelddzXQU3r0pG0Q8C8mblFVw0uMFJbWtAfh38tZNpqHO1kr33aXr9VCqaXAWR29EHo3pzXuZzKAyk0nWDbia4nmZhZv4D4DZWvjF0LWIvH6aGVITYZdPOmTmS5U3iogTdY75hloeI3f+rS/OM1YmPv+pFs5rpsxDLDP3oosp2HMEXEDfcTK3zRIiZn33EvXJ34AhWoNTqwMwCXxu8QFF/5eSh9LqZvQaXRaC9GmiZYRdf41HMcIAxKd5AfcbJtiFbDQ5aM6UfxGRc/+8QhEFr4pdSaL6Y8b8EVvtkuIcMmuzShbDStDCh5ttKMxxzdEubrEkIDb5yGRbIubqqb6py6JjZHmJkgmh9dfTk8xUjTCtPj6QUSoOE3vomxzDjAIvgmHralFHd/3g0WyCFc4cmhR98w4Z5VZjaYbwGHenI0VYr/NbDqOaaqPISQsUhi+TZ/ThTlSljw5dwAmmwMKlaPISV88xpBj9XD7s1Yt4/cgruZimHIt7IB58/68S9sIquCAHO/YpVAolEwYFNcIX2UDc8rh+647Nshsp8eLNXSExCifBN3w04z5fOzHdjZUEf9aKja2WlTWXe7fEB7XVu8VFSdPqa6Bk5X4C67WZ6awHVrSTT5EM4cRSycBZDXB8eydFyS218Rsr/sumrzYLMht50FfdaN1ABbtNLvwSfKVduCZtWlMFrCSuQUNi5Wqf1Kazq0yVMkcLBpE8tWd8PnJ3XryDFqEDTdUegTCbv5ofUzAjQr+Q8dan/ocYckpvLB6wHmQJVqksiXMwYVYOQvgK70LlrYyxr1gJ5md4bcyT4R14v7eU1G/zBq50LOb/i3JqMQq57yVGZBSlb6ck5POUf5diicFTweMaudpBY9zOY5OSILlrRIrtYx2I6AZMUUXYS2lxPnVN2gbV/tmtvo8IpvRkNP6DjU8TWvLGySFdklNKdYykLqPV9ybG6BtILbHJU9Xx2J2JGcSs2t7PTFoJiXThDQMZ0duUy2H6ifriJT9k7m9mVS2BpIKYw5S66GyUW1o3nWWOXJk3NY5imZi+P+fWM00r/wIdrqpKqWA1ghSrDHBwBwDB7feR68ePVCL96qO/FiDuG9YK54hlJ6dTOZ8d8U/0mj0D/lDCePAH5RMg7khO+gR3/7U/C9z4fOOHcmAlbjrMUlOKjzWxONmKz3jP7WSNdlk82BpjtXnDF7PAOqiR69h39flAEWOipTMuc7ti4MpoHOHwGYYQeByTHQKRRo2GYD+sLWQcvuTf8+sPJFOfdnHjDwyADqSVK3Q4rFwpHyXz41u/bowcwFNqlGlr6Onj1iVHpwXxJxNBS9t/DjommkZoX/oGJnDUzaKC7tYxe0jJBT6KqHSOt3MVg=&u=U2FsdGVkX1++jxoC3DVy0TH4uMYYBP7IvTYZ6hqG+KM=&y=U2FsdGVkX18xH/YxPSFJRZl2pvYX64kogwxNLpL7rtY= HTTP/1.1" 200 26
186.102.7.130 - - [26/Jun/2023:04:54:07 -0500] "GET /kwssiamovil/sm/acme/a?s=U2FsdGVkX18cGoOy6cgLX7kf0DmrI73Na75fZ4bTomTwIEfNr4HPKWerH4bCtcctxsPzLqPICRmJnV5jLVbWFoj3YLjxSl23rfE7l2PqlLhDXEWEHvAKyt86ilgrNcP3zO83adXkjdA+13v/oADciUUnEaTNF/zFeryrz4qY7d0=&u=U2FsdGVkX1++jxoC3DVy0TH4uMYYBP7IvTYZ6hqG+KM=&y=U2FsdGVkX18xH/YxPSFJRZl2pvYX64kogwxNLpL7rtY= HTTP/1.1" 200 26
186.102.7.130 - - [26/Jun/2023:04:54:07 -0500] "GET /kwssiamovil/sm/acme/a?s=U2FsdGVkX1/ezc3QQ8cehZYRTYCoWoewo6vGZfBcaTMq+r4E7g5BmwJERUhv44m+X/z7NDVRWMFnhWqxe7qb7mrXTWWwmXgxFetuDnqCVsx6Z2KGwp9/2DeEQAyFhVNxUInPOko0QLALEEDpuRJvidQQLyqwGcPgzhbWfaPOhkc=&u=U2FsdGVkX1++jxoC3DVy0TH4uMYYBP7IvTYZ6hqG+KM=&y=U2FsdGVkX18xH/YxPSFJRZl2pvYX64kogwxNLpL7rtY= HTTP/1.1" 200 26
186.102.7.130 - - [26/Jun/2023:04:54:08 -0500] "GET /kwssiamovil/sm/acme/a?s=U2FsdGVkX1+nWwFxjWJLUrMmt5h4qIVeMNIYU38IPLZ7Ga+2p5fUH4PpPTnZvgfG3AZewa593xorVCOYiplFhkowCci7WH7O8ph4jv+wgvHTPtsAHzVnDXBHcostm4q3zEu4EA70lJnp/l584SEefaoN5T58KlxErSeOhNtdnOw=&u=U2FsdGVkX1++jxoC3DVy0TH4uMYYBP7IvTYZ6hqG+KM=&y=U2FsdGVkX18xH/YxPSFJRZl2pvYX64kogwxNLpL7rtY= HTTP/1.1" 200 26
186.102.7.130 - - [26/Jun/2023:04:54:08 -0500] "GET /kwssiamovil/sm/acme/a?s=U2FsdGVkX1+LgX+huX9l4sygA3pNv9rz1PLBgYVreYx0Hxy8Le0+WVql/n6dyh9OrHaf5uA79oQ13srKeckGI+bqnhBt/99/FlhdXT1WS5K+50aXSdBrqfzpWjLrD4SW8RNeZDhulkKzjcKA8xTt0BVowZDveCxgt8AwCoDDVgMATxSkDWdlx/C82ZqjqhlB&u=U2FsdGVkX1++jxoC3DVy0TH4uMYYBP7IvTYZ6hqG+KM=&y=U2FsdGVkX18xH/YxPSFJRZl2pvYX64kogwxNLpL7rtY= HTTP/1.1" 200 26
172.22.2.4 - - [26/Jun/2023:04:52:36 -0500] "GET /BLA/boletinlegal/ HTTP/1.1" 200 54942
64.124.8.153 - - [26/Jun/2023:04:57:23 -0500] "GET /BLA/boletinlegal/jurisprudencia/analisis/G__Jurisp.%20Junio%202014_ANALISIS%20JURISPRUDENCIA%20C-634-12%20DECOMISO.docx HTTP/1.1" 304 -
172.22.2.4 - - [26/Jun/2023:04:55:43 -0500] "GET /BLA/boletinlegal/index.php HTTP/1.1" 200 61779
172.22.2.4 - - [26/Jun/2023:04:57:34 -0500] "GET /BLA/boletinlegal/style.css HTTP/1.1" 200 9406
172.22.2.4 - - [26/Jun/2023:04:57:34 -0500] "GET /BLA/boletinlegal/js/jquery.js HTTP/1.1" 200 57254
172.22.2.4 - - [26/Jun/2023:04:57:34 -0500] "GET /BLA/boletinlegal/styles2.css HTTP/1.1" 200 1838
216.245.221.92 - - [26/Jun/2023:04:57:52 -0500] "HEAD / HTTP/1.1" 200 -
201.245.192.253 - - [26/Jun/2023:04:58:22 -0500] "POST /kwsrmcab/Wsrmcab  HTTP/1.1" 200 40807
64.124.8.153 - - [26/Jun/2023:04:59:14 -0500] "GET /isolucionsda/%22./Content/font-awesome.min.css%22 HTTP/1.1" 200 2397
172.22.2.4 - - [26/Jun/2023:04:57:36 -0500] "HEAD /BLA/boletinlegal/ HTTP/1.1" 200 -
172.22.2.4 - - [26/Jun/2023:04:58:26 -0500] "GET /BLA/boletinlegal/ HTTP/1.1" 200 58825
172.22.2.4 - - [26/Jun/2023:05:02:28 -0500] "GET /BLA/boletinlegal/console/ HTTP/1.1" 404 1018
199.16.157.183 - - [26/Jun/2023:05:02:45 -0500] "GET /con-pinceles-y-acuarelas-veronica-martinez-protege-la-biodiversidad.html HTTP/1.1" 200 990
199.16.157.182 - - [26/Jun/2023:05:02:46 -0500] "GET /images/cronica-mujer-biodiveridad-30-noviembre.jpg HTTP/1.1" 200 63270
216.245.221.92 - - [26/Jun/2023:05:02:52 -0500] "HEAD / HTTP/1.1" 200 -
201.245.192.253 - - [26/Jun/2023:05:03:21 -0500] "POST /kwsrmcab/Wsrmcab  HTTP/1.1" 200 40807
172.22.2.4 - - [26/Jun/2023:05:03:26 -0500] "HEAD /BLA/boletinlegal/ HTTP/1.1" 200 -
52.167.144.71 - - [26/Jun/2023:05:05:18 -0500] "GET / HTTP/1.1" 200 4720
172.22.2.4 - - [26/Jun/2023:05:04:16 -0500] "GET /BLA/boletinlegal/ HTTP/1.1" 200 57272
216.245.221.92 - - [26/Jun/2023:05:07:52 -0500] "HEAD / HTTP/1.1" 200 -
201.245.192.253 - - [26/Jun/2023:05:08:20 -0500] "POST /kwsrmcab/Wsrmcab  HTTP/1.1" 200 40807
172.22.2.4 - - [26/Jun/2023:05:09:16 -0500] "HEAD /BLA/boletinlegal/ HTTP/1.1" 200 -
172.22.2.4 - - [26/Jun/2023:05:11:36 -0500] "GET /BLA/boletinlegal/actos.php HTTP/1.1" 200 9682
172.22.2.4 - - [26/Jun/2023:05:11:36 -0500] "GET /BLA/boletinlegal/styles2.css HTTP/1.1" 200 1838
172.22.2.4 - - [26/Jun/2023:05:11:36 -0500] "GET /BLA/boletinlegal/js/ajax_actos.js HTTP/1.1" 200 1322
172.22.2.4 - - [26/Jun/2023:05:11:36 -0500] "GET /BLA/boletinlegal/niceforms-default.css HTTP/1.1" 200 6694
172.22.2.4 - - [26/Jun/2023:05:11:36 -0500] "GET /BLA/boletinlegal/style.css HTTP/1.1" 200 9406
172.22.2.4 - - [26/Jun/2023:05:11:36 -0500] "GET /BLA/boletinlegal/niceforms.js HTTP/1.1" 200 22876
172.22.2.4 - - [26/Jun/2023:05:11:36 -0500] "GET /BLA/boletinlegal/js/popup.js HTTP/1.1" 200 1270
172.22.2.4 - - [26/Jun/2023:05:11:36 -0500] "GET /BLA/boletinlegal/js/lib.js HTTP/1.1" 200 6474
172.22.2.4 - - [26/Jun/2023:05:11:36 -0500] "GET /BLA/boletinlegal/js/jquery1.js HTTP/1.1" 200 29846
172.22.2.4 - - [26/Jun/2023:05:11:36 -0500] "GET /BLA/boletinlegal/images/subscribe-icon-big.png HTTP/1.1" 200 47702
172.22.2.4 - - [26/Jun/2023:05:11:36 -0500] "GET /BLA/boletinlegal/images/cabezote%20BLEGAL.jpg HTTP/1.1" 200 118164
172.22.2.4 - - [26/Jun/2023:05:11:36 -0500] "GET /BLA/boletinlegal/images/historia.png HTTP/1.1" 200 52775
172.22.2.4 - - [26/Jun/2023:05:11:36 -0500] "GET /BLA/boletinlegal/images/registro-usuarios.png HTTP/1.1" 200 8106
172.22.2.4 - - [26/Jun/2023:05:11:36 -0500] "GET /BLA/boletinlegal/images/green-yellow-blue-pink-th.png HTTP/1.1" 200 7394
172.22.2.4 - - [26/Jun/2023:05:11:36 -0500] "GET /BLA/boletinlegal/images/tel.png HTTP/1.1" 200 14477
172.22.2.4 - - [26/Jun/2023:05:11:36 -0500] "GET /BLA/boletinlegal/images/body_bg.jpg HTTP/1.1" 200 1601
172.22.2.4 - - [26/Jun/2023:05:11:36 -0500] "GET /BLA/boletinlegal/images/icono-email.png HTTP/1.1" 200 5544
172.22.2.4 - - [26/Jun/2023:05:11:36 -0500] "GET /BLA/boletinlegal/images/menu_lft.gif HTTP/1.1" 200 1713
172.22.2.4 - - [26/Jun/2023:05:11:36 -0500] "GET /BLA/boletinlegal/images/bg_top.jpg HTTP/1.1" 200 522
172.22.2.4 - - [26/Jun/2023:05:11:36 -0500] "GET /BLA/boletinlegal/images/menu_rght.gif HTTP/1.1" 200 1627
172.22.2.4 - - [26/Jun/2023:05:11:36 -0500] "GET /BLA/boletinlegal/images/hover.jpg HTTP/1.1" 200 640
172.22.2.4 - - [26/Jun/2023:05:11:36 -0500] "GET /BLA/boletinlegal/images/menu_bg.jpg HTTP/1.1" 200 620
172.22.2.4 - - [26/Jun/2023:05:11:36 -0500] "GET /BLA/boletinlegal/images/text.jpg HTTP/1.1" 200 568
172.22.2.4 - - [26/Jun/2023:05:11:36 -0500] "GET /BLA/boletinlegal/images/footer_bg.jpg HTTP/1.1" 200 586
172.22.2.4 - - [26/Jun/2023:05:11:36 -0500] "GET /BLA/boletinlegal/images/footer_bg_l.jpg HTTP/1.1" 200 776
172.22.2.4 - - [26/Jun/2023:05:11:37 -0500] "GET /BLA/boletinlegal/img/0.png HTTP/1.1" 200 110
172.22.2.4 - - [26/Jun/2023:05:11:37 -0500] "GET /BLA/boletinlegal/img/select-left.png HTTP/1.1" 200 263
172.22.2.4 - - [26/Jun/2023:05:11:37 -0500] "GET /BLA/boletinlegal/img/select-right.png HTTP/1.1" 200 44019
172.22.2.4 - - [26/Jun/2023:05:11:37 -0500] "GET /BLA/boletinlegal/img/button-left.png HTTP/1.1" 200 57071
172.22.2.4 - - [26/Jun/2023:05:11:37 -0500] "GET /BLA/boletinlegal/img/button-right.png HTTP/1.1" 200 57878
172.22.2.4 - - [26/Jun/2023:05:11:37 -0500] "GET /BLA/boletinlegal/img/button.png HTTP/1.1" 200 43241
172.22.2.4 - - [26/Jun/2023:05:11:37 -0500] "GET /BLA/boletinlegal/favicon.ico HTTP/1.1" 404 1326
181.54.228.54 - - [26/Jun/2023:05:11:38 -0500] "GET /BLA/resoluciones/ HTTP/1.1" 200 13502
181.54.228.54 - - [26/Jun/2023:05:11:38 -0500] "GET /BLA/resoluciones/dlf/styles.css HTTP/1.1" 200 3049
181.54.228.54 - - [26/Jun/2023:05:11:38 -0500] "GET /BLA/resoluciones/dlf/folder.png HTTP/1.1" 200 410
181.54.228.54 - - [26/Jun/2023:05:11:38 -0500] "GET /BLA/resoluciones/dlf/bg.gif HTTP/1.1" 200 54
181.54.228.54 - - [26/Jun/2023:05:11:38 -0500] "GET /favicon.ico HTTP/1.1" 200 7782
172.22.2.4 - - [26/Jun/2023:05:10:08 -0500] "GET /BLA/boletinlegal/ HTTP/1.1" 200 58474
181.54.228.54 - - [26/Jun/2023:05:11:51 -0500] "GET /BLA/resoluciones/dlf/dirup.png HTTP/1.1" 200 644
181.54.228.54 - - [26/Jun/2023:05:11:51 -0500] "GET /BLA/resoluciones/dlf/pdf.gif HTTP/1.1" 200 272
181.54.228.54 - - [26/Jun/2023:05:11:51 -0500] "GET /BLA/resoluciones/dlf/archive.png HTTP/1.1" 200 632
181.54.228.54 - - [26/Jun/2023:05:11:51 -0500] "GET /BLA/resoluciones/index.php?dir=AUTOS+2022%2F HTTP/1.1" 200 497696
186.102.11.34 - - [26/Jun/2023:05:12:27 -0500] "GET /moda-circular-manos-reparadoras-la-estrategia-del-distrito-para-restaurar-prendas-usadas.html HTTP/1.1" 200 901
64.124.8.153 - - [26/Jun/2023:05:12:33 -0500] "GET /BLA/boletinlegal/jurisprudencia/analisis/CUADRO%20SENTENCIA%20C-222%20DE%202011.doc HTTP/1.1" 304 -
216.245.221.92 - - [26/Jun/2023:05:12:52 -0500] "HEAD / HTTP/1.1" 200 -
201.245.192.253 - - [26/Jun/2023:05:13:18 -0500] "POST /kwsrmcab/Wsrmcab  HTTP/1.1" 200 40807
52.167.144.39 - - [26/Jun/2023:05:15:17 -0500] "GET /BLA/resoluciones/AUTOS%202023/0129.pdf HTTP/1.1" 200 2275258
52.167.144.39 - - [26/Jun/2023:05:15:35 -0500] "GET /sipse/faces/faces/autenticacion.xhtml HTTP/1.1" 200 12499
172.22.2.4 - - [26/Jun/2023:05:15:06 -0500] "HEAD /BLA/boletinlegal/ HTTP/1.1" 200 -
179.43.177.244 - - [26/Jun/2023:05:16:49 -0500] "GET / HTTP/1.1" 200 319
172.22.2.4 - - [26/Jun/2023:05:15:56 -0500] "GET /BLA/boletinlegal/ HTTP/1.1" 200 57680
52.167.144.66 - - [26/Jun/2023:05:17:44 -0500] "GET /BLA/resoluciones/AUTOS%202021/0505.pdf HTTP/1.1" 304 -
216.245.221.92 - - [26/Jun/2023:05:17:52 -0500] "HEAD / HTTP/1.1" 200 -
40.77.167.241 - - [26/Jun/2023:05:17:52 -0500] "GET /portaldeninos/humedal-la-conejera-2/ HTTP/1.1" 200 88020
201.245.192.253 - - [26/Jun/2023:05:18:17 -0500] "POST /kwsrmcab/Wsrmcab  HTTP/1.1" 200 40807
64.124.8.153 - - [26/Jun/2023:05:19:34 -0500] "GET /sipse/ HTTP/1.1" 302 -
201.245.192.253 - - [26/Jun/2023:05:19:41 -0500] "POST /kwsrmcab/Wsrmcab HTTP/1.1" 200 42854
201.245.192.253 - - [26/Jun/2023:05:19:44 -0500] "POST /kwsrmcab/Wsrmcab HTTP/1.1" 200 42951
66.249.66.71 - - [26/Jun/2023:05:20:49 -0500] "-" 408 -
31.13.127.12 - - [26/Jun/2023:05:20:55 -0500] "GET /images/Reciclaton-2023.jpg HTTP/1.1" 200 68883
172.22.2.4 - - [26/Jun/2023:05:21:20 -0500] "GET /BLA/boletinlegal/Public/home/js/check.js HTTP/1.1" 404 1018
172.22.2.4 - - [26/Jun/2023:05:21:21 -0500] "GET /BLA/boletinlegal/static/admin/javascript/hetong.js HTTP/1.1" 404 1018
172.22.2.4 - - [26/Jun/2023:05:19:49 -0500] "GET /BLA/boletinlegal/ HTTP/1.1" 200 54453
172.22.2.4 - - [26/Jun/2023:05:20:38 -0500] "GET /BLA/boletinlegal/ HTTP/1.1" 200 32715
172.22.2.4 - - [26/Jun/2023:05:21:31 -0500] "GET /BLA/boletinlegal/ HTTP/1.1" 200 32715
172.22.2.4 - - [26/Jun/2023:05:20:56 -0500] "HEAD /BLA/boletinlegal/ HTTP/1.1" 200 -
172.22.2.4 - - [26/Jun/2023:05:21:46 -0500] "GET /BLA/boletinlegal/ HTTP/1.1" 200 32715
216.245.221.92 - - [26/Jun/2023:05:22:52 -0500] "HEAD / HTTP/1.1" 200 -
201.245.192.253 - - [26/Jun/2023:05:23:16 -0500] "POST /kwsrmcab/Wsrmcab  HTTP/1.1" 200 40807
172.22.2.4 - - [26/Jun/2023:05:21:46 -0500] "GET /BLA/boletinlegal/ HTTP/1.1" 200 53248
52.167.144.66 - - [26/Jun/2023:05:25:48 -0500] "GET /BLA/resoluciones/AUTOS%202021/4435.pdf HTTP/1.1" 304 -
69.171.251.7 - - [26/Jun/2023:05:26:30 -0500] "GET /images/24%20de%20febrero%20Sendero%20guadalupe%202.jpeg HTTP/1.1" 200 70964
216.245.221.92 - - [26/Jun/2023:05:27:52 -0500] "HEAD / HTTP/1.1" 200 -
201.245.192.253 - - [26/Jun/2023:05:28:15 -0500] "POST /kwsrmcab/Wsrmcab  HTTP/1.1" 200 40807
172.22.2.4 - - [26/Jun/2023:05:26:46 -0500] "HEAD /BLA/boletinlegal/ HTTP/1.1" 200 -
172.22.2.4 - - [26/Jun/2023:05:27:36 -0500] "GET /BLA/boletinlegal/ HTTP/1.1" 200 57272
201.245.192.253 - - [26/Jun/2023:05:29:41 -0500] "POST /kwsrmcab/Wsrmcab HTTP/1.1" 200 42854
201.245.192.253 - - [26/Jun/2023:05:29:44 -0500] "POST /kwsrmcab/Wsrmcab HTTP/1.1" 200 42951
216.245.221.92 - - [26/Jun/2023:05:32:52 -0500] "HEAD / HTTP/1.1" 200 -
52.167.144.66 - - [26/Jun/2023:05:32:55 -0500] "GET /BLA/resoluciones/index.php?dir=RESOLUCIONES+2023%2F HTTP/1.1" 200 33677
201.245.192.253 - - [26/Jun/2023:05:33:13 -0500] "POST /kwsrmcab/Wsrmcab  HTTP/1.1" 200 40807
172.22.2.4 - - [26/Jun/2023:05:33:38 -0500] "GET /BLA/boletinlegal/Circulares/2013/Circular%20No.%206%20del%2019%20de%20julio%20de%202013.pdf HTTP/1.1" 200 4210437
172.22.2.4 - - [26/Jun/2023:05:32:36 -0500] "HEAD /BLA/boletinlegal/ HTTP/1.1" 200 -
172.22.2.4 - - [26/Jun/2023:05:33:26 -0500] "GET /BLA/boletinlegal/ HTTP/1.1" 200 57680
66.249.66.71 - - [26/Jun/2023:05:36:58 -0500] "-" 408 -
197.248.223.135 - - [26/Jun/2023:05:37:16 -0500] "GET / HTTP/1.1" 200 319
216.245.221.92 - - [26/Jun/2023:05:37:52 -0500] "HEAD / HTTP/1.1" 200 -
201.245.192.253 - - [26/Jun/2023:05:38:12 -0500] "POST /kwsrmcab/Wsrmcab  HTTP/1.1" 200 40807
66.220.149.2 - - [26/Jun/2023:05:39:36 -0500] "GET /images/caminatas-ecol\xc3\xb3gicas-marzo---1920x1080_optimized.jpg HTTP/1.1" 404 1034
201.245.192.253 - - [26/Jun/2023:05:39:41 -0500] "POST /kwsrmcab/Wsrmcab HTTP/1.1" 200 42854
201.245.192.253 - - [26/Jun/2023:05:39:45 -0500] "POST /kwsrmcab/Wsrmcab HTTP/1.1" 200 42951
172.22.2.4 - - [26/Jun/2023:05:38:26 -0500] "HEAD /BLA/boletinlegal/ HTTP/1.1" 200 -
172.22.2.4 - - [26/Jun/2023:05:39:16 -0500] "GET /BLA/boletinlegal/ HTTP/1.1" 200 57272
172.22.2.4 - - [26/Jun/2023:05:41:14 -0500] "GET /BLA/boletinlegal/ HTTP/1.1" 200 36811
52.167.144.39 - - [26/Jun/2023:05:42:37 -0500] "GET /BLA/resoluciones/AUTOS%202023/1387.pdf HTTP/1.1" 304 -
216.245.221.92 - - [26/Jun/2023:05:42:52 -0500] "HEAD / HTTP/1.1" 200 -
201.245.192.253 - - [26/Jun/2023:05:43:11 -0500] "POST /kwsrmcab/Wsrmcab  HTTP/1.1" 200 40807
213.186.1.154 - - [26/Jun/2023:05:43:41 -0500] "GET /images/actividades-pedagogicas.jpg HTTP/1.1" 200 98979
172.105.128.12 - - [26/Jun/2023:05:44:47 -0500] "GET / HTTP/1.1" 200 319
186.84.20.231 - - [26/Jun/2023:05:45:20 -0500] "GET /BLA/resoluciones/ HTTP/1.1" 200 13502
186.84.20.231 - - [26/Jun/2023:05:45:26 -0500] "GET /BLA/resoluciones/index.php?dir=RESOLUCIONES+2019%2F HTTP/1.1" 200 252228
186.84.20.231 - - [26/Jun/2023:05:45:35 -0500] "GET /BLA/resoluciones/RESOLUCIONES%202019/0311.pdf HTTP/1.1" 200 419407
186.84.20.231 - - [26/Jun/2023:05:45:35 -0500] "GET /BLA/resoluciones/RESOLUCIONES%202019/0311.pdf HTTP/1.1" 206 1025
186.84.20.231 - - [26/Jun/2023:05:45:35 -0500] "GET /BLA/resoluciones/RESOLUCIONES%202019/0311.pdf HTTP/1.1" 200 419407
191.156.149.217 - - [26/Jun/2023:05:45:51 -0500] "GET /secretaria-de-ambiente-presenta-cartilla-con-el-protocolo-para-el-manejo-y-control-de-la-langostilla-de-rio.html HTTP/1.1" 200 857
191.156.149.217 - - [26/Jun/2023:05:45:51 -0500] "GET /images/animal-langostilla.jpg HTTP/1.1" 200 27334
172.22.2.4 - - [26/Jun/2023:05:44:16 -0500] "HEAD /BLA/boletinlegal/ HTTP/1.1" 200 -
52.167.144.71 - - [26/Jun/2023:05:46:43 -0500] "GET /images/pieza-residuos-hospitalarios-11-febrero.jpg HTTP/1.1" 200 38755
172.22.2.4 - - [26/Jun/2023:05:45:06 -0500] "GET /BLA/boletinlegal/ HTTP/1.1" 200 59192
216.245.221.92 - - [26/Jun/2023:05:47:52 -0500] "HEAD / HTTP/1.1" 200 -
201.245.192.253 - - [26/Jun/2023:05:48:10 -0500] "POST /kwsrmcab/Wsrmcab  HTTP/1.1" 200 40807
52.167.144.60 - - [26/Jun/2023:05:48:41 -0500] "GET /BLA/resoluciones/RESOLUCIONES%202019/3384.pdf HTTP/1.1" 304 -
172.22.2.4 - - [26/Jun/2023:05:50:06 -0500] "HEAD /BLA/boletinlegal/ HTTP/1.1" 200 -
172.22.2.4 - - [26/Jun/2023:05:50:56 -0500] "GET /BLA/boletinlegal/ HTTP/1.1" 200 53643
173.252.107.7 - - [26/Jun/2023:05:52:48 -0500] "GET /mujeres-secretaria-de-ambiente-abre-nueva-convocatoria-para-aprender-sobre-el-cuidado-de-los-humedales.html HTTP/1.1" 200 853
216.245.221.92 - - [26/Jun/2023:05:52:52 -0500] "HEAD / HTTP/1.1" 200 -
201.245.192.253 - - [26/Jun/2023:05:53:09 -0500] "POST /kwsrmcab/Wsrmcab  HTTP/1.1" 200 40807
52.167.144.66 - - [26/Jun/2023:05:56:59 -0500] "GET /catalogoisis/ HTTP/1.1" 200 8575
172.22.2.4 - - [26/Jun/2023:05:55:56 -0500] "HEAD /BLA/boletinlegal/ HTTP/1.1" 200 -
216.245.221.92 - - [26/Jun/2023:05:57:52 -0500] "HEAD / HTTP/1.1" 200 -
51.159.214.49 - - [26/Jun/2023:05:57:54 -0500] "GET / HTTP/1.1" 200 319
51.159.214.49 - - [26/Jun/2023:05:57:55 -0500] "GET /favicon.ico HTTP/1.1" 200 7782
201.245.192.253 - - [26/Jun/2023:05:58:08 -0500] "POST /kwsrmcab/Wsrmcab  HTTP/1.1" 200 40807
172.22.2.4 - - [26/Jun/2023:05:56:46 -0500] "GET /BLA/boletinlegal/ HTTP/1.1" 200 59192
186.84.20.231 - - [26/Jun/2023:05:59:48 -0500] "GET /BLA/resoluciones/RESOLUCIONES%202019/0457.pdf HTTP/1.1" 200 460700
186.84.20.231 - - [26/Jun/2023:05:59:48 -0500] "GET /BLA/resoluciones/RESOLUCIONES%202019/0457.pdf HTTP/1.1" 200 460700
186.84.20.231 - - [26/Jun/2023:05:59:48 -0500] "GET /BLA/resoluciones/RESOLUCIONES%202019/0457.pdf HTTP/1.1" 206 1025
186.155.13.144 - - [26/Jun/2023:06:01:03 -0500] "GET /BLA/resoluciones/ HTTP/1.1" 200 13502
186.155.13.144 - - [26/Jun/2023:06:01:05 -0500] "GET /BLA/resoluciones/index.php?dir=AUTOS+2015%2F HTTP/1.1" 200 582864
64.124.8.153 - - [26/Jun/2023:06:01:38 -0500] "-" 408 -
216.245.221.92 - - [26/Jun/2023:06:02:52 -0500] "HEAD / HTTP/1.1" 200 -
201.245.192.253 - - [26/Jun/2023:06:03:07 -0500] "POST /kwsrmcab/Wsrmcab  HTTP/1.1" 200 40807
172.22.2.4 - - [26/Jun/2023:06:01:46 -0500] "HEAD /BLA/boletinlegal/ HTTP/1.1" 200 -
52.167.144.39 - - [26/Jun/2023:06:03:29 -0500] "GET /Publicaciones/2023EE94750.pdf HTTP/1.1" 404 227
172.22.2.4 - - [26/Jun/2023:06:02:36 -0500] "GET /BLA/boletinlegal/ HTTP/1.1" 200 56100
216.245.221.92 - - [26/Jun/2023:06:07:52 -0500] "HEAD / HTTP/1.1" 200 -
201.245.192.253 - - [26/Jun/2023:06:08:06 -0500] "POST /kwsrmcab/Wsrmcab  HTTP/1.1" 200 40807
172.22.2.4 - - [26/Jun/2023:06:07:36 -0500] "HEAD /BLA/boletinlegal/ HTTP/1.1" 200 -
172.22.2.4 - - [26/Jun/2023:06:09:28 -0500] "GET /BLA/boletinlegal/_ignition/execute-solution HTTP/1.1" 404 1018
172.22.2.4 - - [26/Jun/2023:06:08:26 -0500] "GET /BLA/boletinlegal/ HTTP/1.1" 200 59192
192.168.171.214 - - [26/Jun/2023:06:11:45 -0500] "GET /en-junio-conectate-con-la-naturaleza-y-el-medioambiente-a-traves-de-estas-caminatas-ecologicas.html HTTP/1.1" 200 900
52.167.144.66 - - [26/Jun/2023:06:12:21 -0500] "GET /BLA/resoluciones/RESOLUCIONES%202014/2205.pdf HTTP/1.1" 200 441292
216.245.221.92 - - [26/Jun/2023:06:12:52 -0500] "HEAD / HTTP/1.1" 200 -
201.245.192.253 - - [26/Jun/2023:06:13:05 -0500] "POST /kwsrmcab/Wsrmcab  HTTP/1.1" 200 40807
186.155.13.144 - - [26/Jun/2023:06:13:18 -0500] "GET /BLA/resoluciones/index.php?dir=AUTOS+2015%2F HTTP/1.1" 200 582864
172.22.2.4 - - [26/Jun/2023:06:13:26 -0500] "HEAD /BLA/boletinlegal/ HTTP/1.1" 200 -
172.22.2.4 - - [26/Jun/2023:06:14:16 -0500] "GET /BLA/boletinlegal/ HTTP/1.1" 200 56100
64.124.8.153 - - [26/Jun/2023:06:17:35 -0500] "-" 408 -
216.245.221.92 - - [26/Jun/2023:06:17:52 -0500] "HEAD / HTTP/1.1" 200 -
201.245.192.253 - - [26/Jun/2023:06:18:03 -0500] "POST /kwsrmcab/Wsrmcab  HTTP/1.1" 200 40807
201.245.192.253 - - [26/Jun/2023:06:18:08 -0500] "GET /appsia/controlador HTTP/1.1" 200 4799
201.245.192.253 - - [26/Jun/2023:06:18:08 -0500] "GET /appsia/scripts/validarIngreso.js HTTP/1.1" 200 851
201.245.192.253 - - [26/Jun/2023:06:18:08 -0500] "GET /appsia/css/estilos.css HTTP/1.1" 200 4804
201.245.192.253 - - [26/Jun/2023:06:18:08 -0500] "GET /appsia/images/cabezoteHojaVida.png HTTP/1.1" 200 32493
201.245.192.253 - - [26/Jun/2023:06:18:08 -0500] "GET /appsia/images/logo_bogota_p.png HTTP/1.1" 200 14951
201.245.192.253 - - [26/Jun/2023:06:18:08 -0500] "GET /favicon.ico HTTP/1.1" 200 7782
130.211.54.158 - - [26/Jun/2023:06:18:13 -0500] "GET / HTTP/1.1" 200 319
201.245.192.253 - - [26/Jun/2023:06:19:42 -0500] "POST /kwsrmcab/Wsrmcab HTTP/1.1" 200 42888
201.245.192.253 - - [26/Jun/2023:06:19:45 -0500] "POST /kwsrmcab/Wsrmcab HTTP/1.1" 200 42969
172.22.2.4 - - [26/Jun/2023:06:19:16 -0500] "HEAD /BLA/boletinlegal/ HTTP/1.1" 200 -
172.22.2.4 - - [26/Jun/2023:06:20:06 -0500] "GET /BLA/boletinlegal/ HTTP/1.1" 200 56100
172.22.2.4 - - [26/Jun/2023:06:22:10 -0500] "GET /BLA/boletinlegal/ HTTP/1.1" 200 32715
216.245.221.92 - - [26/Jun/2023:06:22:52 -0500] "HEAD / HTTP/1.1" 200 -
201.245.192.253 - - [26/Jun/2023:06:23:02 -0500] "POST /kwsrmcab/Wsrmcab  HTTP/1.1" 200 40807
172.22.2.4 - - [26/Jun/2023:06:25:06 -0500] "HEAD /BLA/boletinlegal/ HTTP/1.1" 200 -
172.22.2.4 - - [26/Jun/2023:06:25:56 -0500] "GET /BLA/boletinlegal/ HTTP/1.1" 200 57272
216.245.221.92 - - [26/Jun/2023:06:27:52 -0500] "HEAD / HTTP/1.1" 200 -
201.245.192.253 - - [26/Jun/2023:06:28:00 -0500] "POST /kwsrmcab/Wsrmcab  HTTP/1.1" 200 40807
201.245.192.253 - - [26/Jun/2023:06:29:41 -0500] "POST /kwsrmcab/Wsrmcab HTTP/1.1" 200 42888
201.245.192.253 - - [26/Jun/2023:06:29:44 -0500] "POST /kwsrmcab/Wsrmcab HTTP/1.1" 200 42969
64.124.8.153 - - [26/Jun/2023:06:31:15 -0500] "-" 408 -
40.77.167.187 - - [26/Jun/2023:06:31:25 -0500] "-" 408 -
172.22.2.4 - - [26/Jun/2023:06:30:56 -0500] "HEAD /BLA/boletinlegal/ HTTP/1.1" 200 -
201.221.172.178 - - [26/Jun/2023:06:32:46 -0500] "GET /mujeres-que-reverdecen-secretaria-de-ambiente-anuncia-el-inicio-de-la-tercera-fase.html HTTP/1.1" 200 954
216.245.221.92 - - [26/Jun/2023:06:32:52 -0500] "HEAD / HTTP/1.1" 200 -
201.245.192.253 - - [26/Jun/2023:06:32:59 -0500] "POST /kwsrmcab/Wsrmcab  HTTP/1.1" 200 40807
198.176.97.15 - - [26/Jun/2023:06:33:05 -0500] "GET /galeria/galeria/fotos/Humedal-techo1P.jpg HTTP/1.1" 200 33428
172.22.2.4 - - [26/Jun/2023:06:31:46 -0500] "GET /BLA/boletinlegal/ HTTP/1.1" 200 57272
52.167.144.39 - - [26/Jun/2023:06:35:05 -0500] "GET /BLA/resoluciones/AUTOS%202021/6647.pdf HTTP/1.1" 304 -
18.138.24.39 - - [26/Jun/2023:06:35:32 -0500] "GET /BLA/boletinlegal/js/jquery.scrollShow.js HTTP/1.1" 200 4586
18.138.24.39 - - [26/Jun/2023:06:35:32 -0500] "GET /galeria/galeria/jquery.fancybox.css?v=2.1.5 HTTP/1.1" 200 4895
18.138.24.39 - - [26/Jun/2023:06:35:32 -0500] "GET /galeria/galeria/jquery.fancybox.js?v=2.1.5 HTTP/1.1" 200 48706
35.203.210.189 - - [26/Jun/2023:06:36:49 -0500] "GET / HTTP/1.1" 200 319
64.124.8.153 - - [26/Jun/2023:06:37:18 -0500] "-" 408 -
172.22.2.4 - - [26/Jun/2023:06:37:18 -0500] "GET /BLA/boletinlegal/styles2.css HTTP/1.1" 200 1838
172.22.2.4 - - [26/Jun/2023:06:37:18 -0500] "GET /BLA/boletinlegal/style.css HTTP/1.1" 200 9406
172.22.2.4 - - [26/Jun/2023:06:37:18 -0500] "GET /BLA/boletinlegal/js/jquery.js HTTP/1.1" 200 57254
172.22.2.4 - - [26/Jun/2023:06:37:18 -0500] "GET /BLA/boletinlegal/js/jquery.scrollTo-min.js HTTP/1.1" 200 1150
172.22.2.4 - - [26/Jun/2023:06:37:18 -0500] "GET /BLA/boletinlegal/js/jquery.scrollShow.js HTTP/1.1" 200 4586
172.22.2.4 - - [26/Jun/2023:06:37:18 -0500] "GET /BLA/boletinlegal/images/cabezote%20BLEGAL.jpg HTTP/1.1" 200 118164
172.22.2.4 - - [26/Jun/2023:06:37:18 -0500] "GET /BLA/boletinlegal/images/subscribe-icon-big.png HTTP/1.1" 200 47702
172.22.2.4 - - [26/Jun/2023:06:37:18 -0500] "GET /BLA/boletinlegal/images/historia.png HTTP/1.1" 200 52775
172.22.2.4 - - [26/Jun/2023:06:37:18 -0500] "GET /BLA/boletinlegal/images/registro-usuarios.png HTTP/1.1" 200 8106
172.22.2.4 - - [26/Jun/2023:06:37:18 -0500] "GET /BLA/boletinlegal/images/arr_l.jpg HTTP/1.1" 200 1979
172.22.2.4 - - [26/Jun/2023:06:37:18 -0500] "GET /BLA/boletinlegal/images/screen_1.png HTTP/1.1" 200 202547
172.22.2.4 - - [26/Jun/2023:06:37:18 -0500] "GET /BLA/boletinlegal/images/launch.jpg HTTP/1.1" 200 14577
172.22.2.4 - - [26/Jun/2023:06:37:29 -0500] "GET /BLA/boletinlegal/images/screen_3.png HTTP/1.1" 200 210620
172.22.2.4 - - [26/Jun/2023:06:37:29 -0500] "GET /BLA/boletinlegal/images/screen_2.png HTTP/1.1" 200 362502
172.22.2.4 - - [26/Jun/2023:06:37:29 -0500] "GET /BLA/boletinlegal/images/arr_r.jpg HTTP/1.1" 200 1998
172.22.2.4 - - [26/Jun/2023:06:37:29 -0500] "GET /BLA/boletinlegal/images/screen_5.png HTTP/1.1" 200 368876
216.245.221.92 - - [26/Jun/2023:06:37:52 -0500] "HEAD / HTTP/1.1" 200 -
201.245.192.253 - - [26/Jun/2023:06:37:58 -0500] "POST /kwsrmcab/Wsrmcab  HTTP/1.1" 200 14501
172.22.2.4 - - [26/Jun/2023:06:37:18 -0500] "GET /BLA/boletinlegal/ HTTP/1.1" 200 32715
172.22.2.4 - - [26/Jun/2023:06:36:46 -0500] "HEAD /BLA/boletinlegal/ HTTP/1.1" 200 -
66.249.73.106 - - [26/Jun/2023:06:39:00 -0500] "-" 408 -
64.124.8.153 - - [26/Jun/2023:06:39:09 -0500] "-" 408 -
201.245.192.253 - - [26/Jun/2023:06:39:07 -0500] "POST /kwsrmcab/Wsrmcab  HTTP/1.1" 200 40807
172.22.2.4 - - [26/Jun/2023:06:37:36 -0500] "GET /BLA/boletinlegal/ HTTP/1.1" 200 48778
201.245.192.253 - - [26/Jun/2023:06:39:41 -0500] "POST /kwsrmcab/Wsrmcab HTTP/1.1" 200 42888
201.245.192.253 - - [26/Jun/2023:06:39:44 -0500] "POST /kwsrmcab/Wsrmcab HTTP/1.1" 200 42969
201.245.192.253 - - [26/Jun/2023:06:40:09 -0500] "POST /kwsrmcab/Wsrmcab  HTTP/1.1" 200 40807
173.252.95.7 - - [26/Jun/2023:06:41:47 -0500] "GET /images/Acuerdos%2001%20(1)%20(1).jpeg HTTP/1.1" 200 32884
216.245.221.92 - - [26/Jun/2023:06:42:52 -0500] "HEAD / HTTP/1.1" 200 -
69.171.249.9 - - [26/Jun/2023:06:43:18 -0500] "GET /secretaria-de-ambiente-y-universidad-de-la-salle-firman-acuerdo-de-conservacion-en-17-hectareas.html HTTP/1.1" 200 990
52.167.144.66 - - [26/Jun/2023:06:44:05 -0500] "GET /BLA/resoluciones/AUTOS%202022/2003.pdf HTTP/1.1" 304 -
172.22.2.4 - - [26/Jun/2023:06:42:36 -0500] "HEAD /BLA/boletinlegal/ HTTP/1.1" 200 -
172.22.2.4 - - [26/Jun/2023:06:43:26 -0500] "GET /BLA/boletinlegal/ HTTP/1.1" 200 57272
201.245.192.253 - - [26/Jun/2023:06:45:08 -0500] "POST /kwsrmcab/Wsrmcab  HTTP/1.1" 200 40807
216.245.221.92 - - [26/Jun/2023:06:47:52 -0500] "HEAD / HTTP/1.1" 200 -
172.22.2.4 - - [26/Jun/2023:06:48:10 -0500] "GET /BLA/boletinlegal/style.css HTTP/1.1" 200 9406
172.22.2.4 - - [26/Jun/2023:06:48:10 -0500] "GET /BLA/boletinlegal/styles2.css HTTP/1.1" 200 1838
172.22.2.4 - - [26/Jun/2023:06:48:11 -0500] "GET /BLA/boletinlegal/js/jquery.scrollTo-min.js HTTP/1.1" 200 1150
172.22.2.4 - - [26/Jun/2023:06:48:11 -0500] "GET /BLA/boletinlegal/js/jquery.js HTTP/1.1" 200 57254
172.22.2.4 - - [26/Jun/2023:06:48:11 -0500] "GET /BLA/boletinlegal/js/jquery.scrollShow.js HTTP/1.1" 200 4586
172.22.2.4 - - [26/Jun/2023:06:48:11 -0500] "GET /BLA/boletinlegal/images/cabezote%20BLEGAL.jpg HTTP/1.1" 200 118164
172.22.2.4 - - [26/Jun/2023:06:48:11 -0500] "GET /BLA/boletinlegal/images/subscribe-icon-big.png HTTP/1.1" 200 47702
172.22.2.4 - - [26/Jun/2023:06:48:11 -0500] "GET /BLA/boletinlegal/images/historia.png HTTP/1.1" 200 52775
172.22.2.4 - - [26/Jun/2023:06:48:11 -0500] "GET /BLA/boletinlegal/images/registro-usuarios.png HTTP/1.1" 200 8106
172.22.2.4 - - [26/Jun/2023:06:48:11 -0500] "GET /BLA/boletinlegal/images/screen_1.png HTTP/1.1" 200 202547
172.22.2.4 - - [26/Jun/2023:06:48:11 -0500] "GET /BLA/boletinlegal/images/arr_l.jpg HTTP/1.1" 200 1979
172.22.2.4 - - [26/Jun/2023:06:48:11 -0500] "GET /BLA/boletinlegal/images/launch.jpg HTTP/1.1" 200 14577
172.22.2.4 - - [26/Jun/2023:06:48:11 -0500] "GET /BLA/boletinlegal/images/body_bg.jpg HTTP/1.1" 200 1601
172.22.2.4 - - [26/Jun/2023:06:48:11 -0500] "GET /BLA/boletinlegal/images/menu_lft.gif HTTP/1.1" 200 1713
172.22.2.4 - - [26/Jun/2023:06:48:11 -0500] "GET /BLA/boletinlegal/images/menu_rght.gif HTTP/1.1" 200 1627
172.22.2.4 - - [26/Jun/2023:06:48:11 -0500] "GET /BLA/boletinlegal/images/bg_top.jpg HTTP/1.1" 200 522
172.22.2.4 - - [26/Jun/2023:06:48:11 -0500] "GET /BLA/boletinlegal/images/menu_bg.jpg HTTP/1.1" 200 620
172.22.2.4 - - [26/Jun/2023:06:48:11 -0500] "GET /BLA/boletinlegal/images/hover.jpg HTTP/1.1" 200 640
172.22.2.4 - - [26/Jun/2023:06:48:11 -0500] "GET /BLA/boletinlegal/images/text.jpg HTTP/1.1" 200 568
172.22.2.4 - - [26/Jun/2023:06:48:12 -0500] "GET /BLA/boletinlegal/actos.php HTTP/1.1" 200 9682
172.22.2.4 - - [26/Jun/2023:06:48:12 -0500] "GET /BLA/boletinlegal/niceforms.js HTTP/1.1" 200 22876
172.22.2.4 - - [26/Jun/2023:06:48:12 -0500] "GET /BLA/boletinlegal/niceforms-default.css HTTP/1.1" 200 6694
172.22.2.4 - - [26/Jun/2023:06:48:12 -0500] "GET /BLA/boletinlegal/js/popup.js HTTP/1.1" 200 1270
172.22.2.4 - - [26/Jun/2023:06:48:12 -0500] "GET /BLA/boletinlegal/js/lib.js HTTP/1.1" 200 6474
172.22.2.4 - - [26/Jun/2023:06:48:12 -0500] "GET /BLA/boletinlegal/js/jquery1.js HTTP/1.1" 200 29846
172.22.2.4 - - [26/Jun/2023:06:48:12 -0500] "GET /BLA/boletinlegal/js/ajax_actos.js HTTP/1.1" 200 1322
172.22.2.4 - - [26/Jun/2023:06:48:12 -0500] "GET /BLA/boletinlegal/images/green-yellow-blue-pink-th.png HTTP/1.1" 200 7394
172.22.2.4 - - [26/Jun/2023:06:48:12 -0500] "GET /BLA/boletinlegal/images/tel.png HTTP/1.1" 200 14477
172.22.2.4 - - [26/Jun/2023:06:48:12 -0500] "GET /BLA/boletinlegal/images/icono-email.png HTTP/1.1" 200 5544
172.22.2.4 - - [26/Jun/2023:06:48:12 -0500] "GET /BLA/boletinlegal/images/footer_bg.jpg HTTP/1.1" 200 586
172.22.2.4 - - [26/Jun/2023:06:48:12 -0500] "GET /BLA/boletinlegal/images/footer_bg_l.jpg HTTP/1.1" 200 776
172.22.2.4 - - [26/Jun/2023:06:48:12 -0500] "GET /BLA/boletinlegal/img/0.png HTTP/1.1" 200 110
172.22.2.4 - - [26/Jun/2023:06:48:12 -0500] "GET /BLA/boletinlegal/img/select-left.png HTTP/1.1" 200 263
172.22.2.4 - - [26/Jun/2023:06:48:12 -0500] "GET /BLA/boletinlegal/img/select-right.png HTTP/1.1" 200 44019
172.22.2.4 - - [26/Jun/2023:06:48:12 -0500] "GET /BLA/boletinlegal/img/button-left.png HTTP/1.1" 200 57071
172.22.2.4 - - [26/Jun/2023:06:48:12 -0500] "GET /BLA/boletinlegal/img/button.png HTTP/1.1" 200 43241
172.22.2.4 - - [26/Jun/2023:06:48:12 -0500] "GET /BLA/boletinlegal/img/button-right.png HTTP/1.1" 200 57878
172.22.2.4 - - [26/Jun/2023:06:48:12 -0500] "GET /BLA/boletinlegal/favicon.ico HTTP/1.1" 404 1326
172.22.2.4 - - [26/Jun/2023:06:48:26 -0500] "GET /BLA/boletinlegal/consulta_actos.php?tipo=resoluciones&no=4383&usuario=&sector=&fecha=2021&resuelve= HTTP/1.1" 200 1104
172.22.2.4 - - [26/Jun/2023:06:48:27 -0500] "GET /BLA/boletinlegal/images/pdf.gif HTTP/1.1" 200 567
181.32.184.81 - - [26/Jun/2023:06:48:28 -0500] "GET /BLA/resoluciones/RESOLUCIONES%202021/4383.pdf HTTP/1.1" 200 504140
181.32.184.81 - - [26/Jun/2023:06:48:28 -0500] "GET /favicon.ico HTTP/1.1" 200 7782
172.22.2.4 - - [26/Jun/2023:06:48:10 -0500] "GET /BLA/boletinlegal/ HTTP/1.1" 200 24523
186.155.13.144 - - [26/Jun/2023:06:49:15 -0500] "GET /BLA/resoluciones/index.php?dir=AUTOS+2015%2F HTTP/1.1" 200 582864
181.53.12.60 - - [26/Jun/2023:06:49:25 -0500] "GET /kwssiamovil/sm/acme/a?s=U2FsdGVkX19ntX5R2D5mvZEMF3q//63bShmqwKm5tETGGmDnoaVF8LnE2Z24KVttUl7Hm8NvE2BYjCEdAiuHedErkp/S+fGTbTYLkCqQoxh5mbk7LhBFUO3Y6zMFvLD7AkNoHpn8EYDJMaayThg1ePCTOjNLevjTI3zz0jEjlXj0BFP3QlkdCe6ZRwjnD1jGdJ9iJBjzPYFmXf7pFDpuFZn8xYqjQc8irGhoL6yGmXgWrfb2PtaXCN6R8Ml0DbPp5VESEJXpIaIrslwCqfKmQQ==&u=U2FsdGVkX18bWp+lb6x/x7ksEuFZ1iJXCMKAWOOjSyo=&y=U2FsdGVkX18rac5+NXgCbQvXGxnkX8bOzBm0YMQPWhAMnQY4QFnSHkFgMGikbBYe HTTP/1.1" 200 26
181.53.12.60 - - [26/Jun/2023:06:49:25 -0500] "GET /kwssiamovil/sm/acme/a?s=U2FsdGVkX192gqpFFHHNBjaiO8EauRFQGUMMKoHt+DWhxJf4xxx6wxRJMffuQx9JHbvpcDeDRf6F5ksFTZUJIfoG7udWpa2bs4wl+I7fzzAMaTtTQz3Vtt2L+6F6sD+BViQLqByQTFqUQHkNBKnowVxUpl2GHXFoDRPyPFh6FtG+LPgUdX+XiKayctu3lYtZcjzgELf7EaYctQ2cYqvtpYxtA8lzSKJWm/KAr2i4ISviI5dwmUL9DxNlHC73CDDRsKU7rITp7W/a2tWBhalCNSImC1a+n+Tto4MTNl3ESdL/EsdH+nm2pHibtxyury7bGMMBFtBLlVcpt0IJyAP9EqsXls2774Xll3Abvwab6P5h2I1yLO+xbpe3z9kUT6wjI4YddRpp1Ir7ybPEgiIREroAAbL3SLPA2Nibim2/g2c4IcN5wRgHIq4TwxFxkO7SO8b8YChZi4NMW9XU4Ig2PGISUoFdo3ml90A1oSq7CDCqmV7T8Ytwx3ro/jQw7u16DseYWHzPlhdpvqr1k5n8BKlll+sF6kz99yD01JPerJXpDkyxv7FEX1KrkkSUFSR7Mu5PdaQHL207xZuAdXD8REuK5SuPLqKiDT48ZtOyatcJ9mrJJJrOKX/D3NIKDMl5W0I46v9KlYNtUNU9lJYXeRxeQyQDWVnrJJyM8LFC6bhHmfZ7L2Z5H3PzftaWgCcv2t9TZHJ2UK40BQt/A+VP+qHxzC9dQ/t7oQWj7enzBs/JRGLQZql9qDio5FQ+oDVec4sq+RfCX3fXYWVn/+oFYxCVOCbrM5chBIdVNZPRuSojr9nzWFO6L6vcrwGTCj3dfFrT3ObqMEJ8WgVZO1qBIHbbsEQ7SBTV6MqbzxfwBKnkYuqYCiB/fC2el+6/sCmBuIwMrdGZo2wUGML+mevYYcaHnQbt+57EoxfRs21yfvaIh/GMN94eYKZ6/SyZZquvC9YM3qhwMPRQOBWUGbSMElv5KcrmR3tVx1YvjbNLLplbE3N4txj7kpOU6tP5R2LLQVePcHvt0aWyMzIvA6ztuY03BjlzIDuOLMrofaeZFuiQdH5r7G60W0XRw++IcOjh/NXg0mGf3Lv8hto4a6XKNVAQvWJQsroUAHi25K1KNdtH9UlhWnxEi2iJrJvEJv2M6mebm/Tft08b2NWt5yGYYMuD2q079LkbfUTv6m4dE8RiNSkHuW6cn8LCe+S2i3eF7GV3wpyNEFjs3z+VjzjrnLZO3P1AUDxiN/G1AUzC8tuYaJ0qv8Y2UOo0YERn5G5b1eVfHhKiyvSpoXFWgIzFKHQzLt5UtAMP3axKnllccDJ6CNsCVL3y5mY5BetGQbyPvOa1/iw29yHhXfLcEq1U4XExMMTDfaFHkprmRChHtv9e0iMkoXBYBU4+JNLHQ8U+o9Y/8ovg+2GTJYFobWWXSK/o/Fsuphi94luX3qWjQGP9jo8LZ/jQPJbvEpTNkRWJIuLcvVGnWgprW9j9DNfXkvn9ux3+FVbrYD7ZKyabmQtBtq1glRRYlsU8zWy4w5OGDSgygp1Px9QNEOsi8ldk7VToHqWc8Szae0TyAG5yyR6HlFzmBioTSRtJ2yN40JE655vd/XF770S4StyEhz77M3i8OmizRo9vP3VGp0M2DM4Mn5687NK9zxUnNJ2WzO7WNTbcWITP1k/RXwpNKfWQ3V2100Huz1b9DWyokGRiRBBqxx3D62NgAZCQ2memvSd/jkeiHT4GxAaSz2fqmo0XPz5hgTdUXzC2EI3p1XvAtu+DJMWNzBypNbNNs5nZLiN1ZhIfV+lYZOtzoycGqXH9G6PMCLOigMqrazZ40KlfT8nmJDuK9ojR2KPMPmLjQbzkentVgSH+dv6VVXG1sSptVz6z2ZzT+O/abTX5OLMwYY7ZtFDuNP/x4zrbqAhwc26F39X5Dh5rSKxYSICA3/9oXPIXoF3OWSm+4G4r014arhryiJZQeH5yw3it1CHOq5v6&u=U2FsdGVkX18bWp+lb6x/x7ksEuFZ1iJXCMKAWOOjSyo=&y=U2FsdGVkX18rac5+NXgCbQvXGxnkX8bOzBm0YMQPWhAMnQY4QFnSHkFgMGikbBYe HTTP/1.1" 200 26
181.53.12.60 - - [26/Jun/2023:06:49:26 -0500] "GET /kwssiamovil/sm/acme/a?s=U2FsdGVkX19IwrXJAS8VfPsWanQquEI110+p9HRPA6iQEM7HhlDbKRKzBgsKCtOy50vMaW2oms3I+b3T+4B6XwIgq8s0X5U3vT5GguF2YkC8ELo/duCcdSf5d+w2tlnqaybP3hggEQbI843oCc8CBLzbf/ZzQeAnkC2EW6+CcWc=&u=U2FsdGVkX18bWp+lb6x/x7ksEuFZ1iJXCMKAWOOjSyo=&y=U2FsdGVkX18rac5+NXgCbQvXGxnkX8bOzBm0YMQPWhAMnQY4QFnSHkFgMGikbBYe HTTP/1.1" 200 26
181.53.12.60 - - [26/Jun/2023:06:49:26 -0500] "GET /kwssiamovil/sm/acme/a?s=U2FsdGVkX198enWgI6U/6VQBWcWNMpQobx9pW7VxGN9p/CrkzS7fJL8tu8v4X/QiSGxsmjpl3MwiCIOzmQEMgYSM3yWM7t4GHurBM3y9brLv+i2a0z2UxlEecElsqy2nra7L2sO0V5sV2eTbDEJ7odQOSFyVWNk6TR6eR3iz2dE=&u=U2FsdGVkX18bWp+lb6x/x7ksEuFZ1iJXCMKAWOOjSyo=&y=U2FsdGVkX18rac5+NXgCbQvXGxnkX8bOzBm0YMQPWhAMnQY4QFnSHkFgMGikbBYe HTTP/1.1" 200 26
181.53.12.60 - - [26/Jun/2023:06:49:26 -0500] "GET /kwssiamovil/sm/acme/a?s=U2FsdGVkX1/H3zrSB9Vo9RJIFD75ojEefGqWKptXRXeHjjbf0Z+Ja+VqKe2EVSHwV0aK9tWmq1ktFBJO6m6C63EoQqkadpuCWmvkwlCF490evItlRKNlVJp2thUR+LB9ijbFXs2//rJ38k5kH3/0fOIXmgtHBhougIc1cG/0b1E=&u=U2FsdGVkX18bWp+lb6x/x7ksEuFZ1iJXCMKAWOOjSyo=&y=U2FsdGVkX18rac5+NXgCbQvXGxnkX8bOzBm0YMQPWhAMnQY4QFnSHkFgMGikbBYe HTTP/1.1" 200 26
181.53.12.60 - - [26/Jun/2023:06:49:26 -0500] "GET /kwssiamovil/sm/acme/a?s=U2FsdGVkX19I9OpzpVVxNvpyaldEjFXlx53KA4abOwdMv6msyMJbhKQMLalKzTSFntBTz+7Az/twQyIpREw4STSaE+llJwx45a1ogB9rq0DhV6Ud3WU87ZEqWPPMS2lrQ7V/lWBRHZsFtcCCwcaWyJ46xia+bHBpRBNv2AwiBRqhRZE+6N7fnNvbfi4C5EHA&u=U2FsdGVkX18bWp+lb6x/x7ksEuFZ1iJXCMKAWOOjSyo=&y=U2FsdGVkX18rac5+NXgCbQvXGxnkX8bOzBm0YMQPWhAMnQY4QFnSHkFgMGikbBYe HTTP/1.1" 200 26
172.22.2.4 - - [26/Jun/2023:06:48:26 -0500] "HEAD /BLA/boletinlegal/ HTTP/1.1" 200 -
201.245.192.253 - - [26/Jun/2023:06:50:06 -0500] "POST /kwsrmcab/Wsrmcab  HTTP/1.1" 200 40807
172.22.2.4 - - [26/Jun/2023:06:49:16 -0500] "GET /BLA/boletinlegal/ HTTP/1.1" 200 57272
172.22.2.4 - - [26/Jun/2023:06:51:39 -0500] "GET /BLA/boletinlegal/jurisprudencia/analisis/Analisis%20jurisprudencial%20Sentencia%20C-366-11.doc HTTP/1.1" 304 -
66.249.66.71 - - [26/Jun/2023:06:51:49 -0500] "GET /mas-de-28-toneladas-de-residuos-se-recolectaron-en-la-primera-reciclaton-2023.html HTTP/1.1" 200 726
64.124.8.153 - - [26/Jun/2023:06:52:28 -0500] "-" 408 -
216.245.221.92 - - [26/Jun/2023:06:52:52 -0500] "HEAD / HTTP/1.1" 200 -
52.167.144.66 - - [26/Jun/2023:06:54:37 -0500] "GET /galeria/galeria/jquery.fancybox.js?v=2.1.5 HTTP/1.1" 200 48706
201.245.192.253 - - [26/Jun/2023:06:55:04 -0500] "POST /kwsrmcab/Wsrmcab  HTTP/1.1" 200 40807
172.22.2.4 - - [26/Jun/2023:06:54:16 -0500] "HEAD /BLA/boletinlegal/ HTTP/1.1" 200 -
52.167.144.60 - - [26/Jun/2023:06:56:03 -0500] "GET /BLA/resoluciones/RESOLUCIONES%202021/4471.pdf HTTP/1.1" 304 -
172.22.2.4 - - [26/Jun/2023:06:55:06 -0500] "GET /BLA/boletinlegal/ HTTP/1.1" 200 58825
216.245.221.92 - - [26/Jun/2023:06:57:52 -0500] "HEAD / HTTP/1.1" 200 -
173.252.95.117 - - [26/Jun/2023:06:58:00 -0500] "GET /images/camino-cerros-orientales-guadalupe.jpg HTTP/1.1" 200 68101
40.77.167.177 - - [26/Jun/2023:06:58:24 -0500] "GET /portaldeninos/wp-content/uploads/2020/05/fb.jpg HTTP/1.1" 200 9893
172.22.2.4 - - [26/Jun/2023:06:58:54 -0500] "GET /BLA/boletinlegal/consulta_actos.php?tipo=resoluciones&no=0913&usuario=&sector=&fecha=2020&resuelve= HTTP/1.1" 200 1102
172.22.2.4 - - [26/Jun/2023:06:58:55 -0500] "GET /BLA/boletinlegal/consulta_actos.php?tipo=resoluciones&no=0913&usuario=&sector=&fecha=2020&resuelve= HTTP/1.1" 200 1102
181.32.184.81 - - [26/Jun/2023:06:58:59 -0500] "GET /BLA/resoluciones/RESOLUCIONES%202020/0913.pdf HTTP/1.1" 200 645938
172.22.2.4 - - [26/Jun/2023:06:58:18 -0500] "GET /BLA/boletinlegal/ HTTP/1.1" 200 32715
173.252.95.4 - - [26/Jun/2023:06:59:20 -0500] "GET /images/camara-trampa.jpeg HTTP/1.1" 200 77809
64.124.8.153 - - [26/Jun/2023:06:59:29 -0500] "-" 408 -
201.245.192.253 - - [26/Jun/2023:07:00:03 -0500] "POST /kwsrmcab/Wsrmcab  HTTP/1.1" 200 40807
173.252.107.5 - - [26/Jun/2023:07:00:21 -0500] "GET /proyecto-avantia-con-la-union-europea-busca-especialista-en-cambio-climatico.html HTTP/1.1" 200 814
173.252.107.3 - - [26/Jun/2023:07:00:21 -0500] "GET /proyecto-avantia-con-la-union-europea-busca-especialista-en-cambio-climatico.html HTTP/1.1" 200 814
173.252.83.4 - - [26/Jun/2023:07:00:22 -0500] "GET /images/stand-secretaria-ambiente-fima.jpg HTTP/1.1" 200 42537
173.252.87.10 - - [26/Jun/2023:07:00:22 -0500] "GET /images/aire-bogota.jpeg HTTP/1.1" 200 169194
172.22.2.4 - - [26/Jun/2023:07:00:06 -0500] "HEAD /BLA/boletinlegal/ HTTP/1.1" 200 -
186.155.13.144 - - [26/Jun/2023:07:02:03 -0500] "GET /BLA/resoluciones/index.php?dir=AUTOS+2016%2F HTTP/1.1" 200 330644
64.124.8.52 - - [26/Jun/2023:07:02:15 -0500] "GET /BLA/boletinlegal/jurisprudencia/analisis/analisis%20sentencia%20C-1007-2011-1.doc HTTP/1.1" 304 -
172.22.2.4 - - [26/Jun/2023:07:00:56 -0500] "GET /BLA/boletinlegal/ HTTP/1.1" 200 57272
216.245.221.92 - - [26/Jun/2023:07:02:52 -0500] "HEAD / HTTP/1.1" 200 -
157.55.39.208 - - [26/Jun/2023:07:04:26 -0500] "GET /images/liberacion-aves-10-marzo.jpg HTTP/1.1" 200 55386
186.155.13.144 - - [26/Jun/2023:07:04:36 -0500] "GET /BLA/resoluciones/AUTOS%202016/2164.pdf HTTP/1.1" 200 616519
201.245.192.253 - - [26/Jun/2023:07:05:02 -0500] "POST /kwsrmcab/Wsrmcab  HTTP/1.1" 200 40807
173.252.107.120 - - [26/Jun/2023:07:05:26 -0500] "GET /bogota-circular-el-desafio-de-transformar-los-servicios-publicos-para-construir-una-ciudad-prospera-y-sostenible.html HTTP/1.1" 200 787
172.22.2.4 - - [26/Jun/2023:07:05:48 -0500] "GET /BLA/boletinlegal/consulta_actos.php?tipo=resoluciones&no=3527&usuario=&sector=&fecha=2019&resuelve= HTTP/1.1" 200 1550
172.22.2.4 - - [26/Jun/2023:07:05:48 -0500] "GET /BLA/boletinlegal/images/background.gif HTTP/1.1" 200 -
181.32.184.81 - - [26/Jun/2023:07:05:55 -0500] "GET /BLA/resoluciones/RESOLUCIONES%202019/3527.pdf HTTP/1.1" 200 353840
173.252.107.112 - - [26/Jun/2023:07:06:45 -0500] "GET /760-llantas-fueron-recolectadas-en-el-primer-dia-de-llantaton-en-bogota.html HTTP/1.1" 200 768
172.22.2.4 - - [26/Jun/2023:07:05:56 -0500] "HEAD /BLA/boletinlegal/ HTTP/1.1" 200 -
216.245.221.92 - - [26/Jun/2023:07:07:51 -0500] "HEAD / HTTP/1.1" 200 -
172.22.2.4 - - [26/Jun/2023:07:06:46 -0500] "GET /BLA/boletinlegal/ HTTP/1.1" 200 59192
5.161.118.72 - - [26/Jun/2023:07:09:02 -0500] "GET /BLA/boletinlegal/index.php HTTP/1.1" 200 20427
172.22.2.4 - - [26/Jun/2023:07:09:35 -0500] "GET /BLA/boletinlegal/Circulares/2012/Circular%20No.%2015%20del%2022%20de%20octubre%20de%202012.pdf HTTP/1.1" 200 486506
201.245.192.253 - - [26/Jun/2023:07:10:01 -0500] "POST /kwsrmcab/Wsrmcab  HTTP/1.1" 200 40807
66.249.73.106 - - [26/Jun/2023:07:10:16 -0500] "-" 408 -
216.245.221.92 - - [26/Jun/2023:07:12:51 -0500] "HEAD / HTTP/1.1" 200 -
52.167.144.39 - - [26/Jun/2023:07:12:55 -0500] "GET /BLA/resoluciones/RESOLUCIONES%202010/0460.pdf HTTP/1.1" 200 101120
52.167.144.66 - - [26/Jun/2023:07:13:00 -0500] "GET /BLA/resoluciones/RESOLUCIONES%202010/4660.pdf HTTP/1.1" 200 485703
40.77.189.164 - - [26/Jun/2023:07:13:06 -0500] "GET /BLA/resoluciones/dlf/styles.css HTTP/1.1" 200 3049
