181.53.13.26 - - [26/Jun/2023:12:29:52 -0500] "GET /sipse/faces/javax.faces.resource/images/ui-bg_flat_0_2d5972_40x100.png?ln=primefaces-aristo HTTP/1.1" 200 183
181.53.13.26 - - [26/Jun/2023:12:29:52 -0500] "POST /sipse/faces/bienvenido.xhtml HTTP/1.1" 200 3812
181.53.13.26 - - [26/Jun/2023:12:29:53 -0500] "POST /sipse/faces/bienvenido.xhtml HTTP/1.1" 200 35223
181.53.13.26 - - [26/Jun/2023:12:29:53 -0500] "GET /sipse/faces/javax.faces.resource/jquery/jquery.js?ln=primefaces&v=4.0 HTTP/1.1" 304 -
181.53.13.26 - - [26/Jun/2023:12:29:53 -0500] "GET /sipse/faces/javax.faces.resource/jquery/jquery-plugins.js?ln=primefaces&v=4.0 HTTP/1.1" 304 -
181.53.13.26 - - [26/Jun/2023:12:29:54 -0500] "GET /sipse/faces/javax.faces.resource/primefaces.js?ln=primefaces&v=4.0 HTTP/1.1" 304 -
181.53.13.26 - - [26/Jun/2023:12:29:54 -0500] "GET /sipse/faces/javax.faces.resource/layout/layout.js?ln=primefaces&v=4.0 HTTP/1.1" 304 -
186.30.126.20 - - [26/Jun/2023:12:29:54 -0500] "POST /sipse/faces/presentacion/financiero/solicitudProceso/consultarSolicitudProceso.xhtml HTTP/1.1" 200 23917
186.30.126.20 - - [26/Jun/2023:12:29:54 -0500] "GET /sipse/faces/javax.faces.resource/theme.css?ln=primefaces-sipse HTTP/1.1" 304 -
186.30.126.20 - - [26/Jun/2023:12:29:54 -0500] "GET /sipse/faces/javax.faces.resource/primefaces.css?ln=primefaces&v=4.0 HTTP/1.1" 304 -
186.30.126.20 - - [26/Jun/2023:12:29:54 -0500] "GET /sipse/faces/javax.faces.resource/layout/layout.css?ln=primefaces&v=4.0 HTTP/1.1" 304 -
186.30.126.20 - - [26/Jun/2023:12:29:54 -0500] "GET /sipse/faces/javax.faces.resource/jquery/jquery.js?ln=primefaces&v=4.0 HTTP/1.1" 304 -
186.30.126.20 - - [26/Jun/2023:12:29:54 -0500] "GET /sipse/faces/javax.faces.resource/jquery/jquery-plugins.js?ln=primefaces&v=4.0 HTTP/1.1" 304 -
186.30.126.20 - - [26/Jun/2023:12:29:54 -0500] "GET /sipse/faces/javax.faces.resource/primefaces.js?ln=primefaces&v=4.0 HTTP/1.1" 304 -
186.30.126.20 - - [26/Jun/2023:12:29:54 -0500] "GET /sipse/faces/javax.faces.resource/layout/layout.js?ln=primefaces&v=4.0 HTTP/1.1" 304 -
172.22.2.4 - - [26/Jun/2023:12:29:55 -0500] "GET /BLA/boletinlegal/actos.php HTTP/1.1" 200 9682
172.22.2.4 - - [26/Jun/2023:12:29:56 -0500] "GET /BLA/boletinlegal/niceforms.js HTTP/1.1" 200 22876
172.22.2.4 - - [26/Jun/2023:12:29:56 -0500] "GET /BLA/boletinlegal/js/ajax_actos.js HTTP/1.1" 200 1322
172.22.2.4 - - [26/Jun/2023:12:29:56 -0500] "GET /BLA/boletinlegal/niceforms-default.css HTTP/1.1" 200 6694
172.22.2.4 - - [26/Jun/2023:12:29:56 -0500] "GET /BLA/boletinlegal/js/lib.js HTTP/1.1" 200 6474
172.22.2.4 - - [26/Jun/2023:12:29:56 -0500] "GET /BLA/boletinlegal/js/popup.js HTTP/1.1" 200 1270
172.22.2.4 - - [26/Jun/2023:12:29:56 -0500] "GET /BLA/boletinlegal/js/jquery1.js HTTP/1.1" 200 29846
172.22.2.4 - - [26/Jun/2023:12:29:56 -0500] "GET /BLA/boletinlegal/images/green-yellow-blue-pink-th.png HTTP/1.1" 200 7394
172.22.2.4 - - [26/Jun/2023:12:29:56 -0500] "GET /BLA/boletinlegal/images/tel.png HTTP/1.1" 200 14477
172.22.2.4 - - [26/Jun/2023:12:29:56 -0500] "GET /BLA/boletinlegal/images/icono-email.png HTTP/1.1" 200 5544
172.22.2.4 - - [26/Jun/2023:12:29:56 -0500] "GET /BLA/boletinlegal/images/footer_bg_l.jpg HTTP/1.1" 200 776
172.22.2.4 - - [26/Jun/2023:12:29:56 -0500] "GET /BLA/boletinlegal/img/select-left.png HTTP/1.1" 200 263
172.22.2.4 - - [26/Jun/2023:12:29:56 -0500] "GET /BLA/boletinlegal/img/0.png HTTP/1.1" 200 110
172.22.2.4 - - [26/Jun/2023:12:29:56 -0500] "GET /BLA/boletinlegal/img/select-right.png HTTP/1.1" 200 44019
172.22.2.4 - - [26/Jun/2023:12:29:56 -0500] "GET /BLA/boletinlegal/img/button.png HTTP/1.1" 200 43241
172.22.2.4 - - [26/Jun/2023:12:29:56 -0500] "GET /BLA/boletinlegal/img/button-left.png HTTP/1.1" 200 57071
172.22.2.4 - - [26/Jun/2023:12:29:56 -0500] "GET /BLA/boletinlegal/img/button-right.png HTTP/1.1" 200 57878
172.22.2.4 - - [26/Jun/2023:12:29:56 -0500] "GET /BLA/boletinlegal/favicon.ico HTTP/1.1" 404 1326
181.53.13.26 - - [26/Jun/2023:12:30:11 -0500] "POST /sipse/faces/presentacion/workflow/reasignarReenrutar.xhtml HTTP/1.1" 200 15480
181.53.13.26 - - [26/Jun/2023:12:30:11 -0500] "POST /sipse/faces/presentacion/workflow/reasignarReenrutar.xhtml HTTP/1.1" 200 17829
181.53.13.26 - - [26/Jun/2023:12:30:12 -0500] "POST /sipse/faces/presentacion/workflow/reasignarReenrutar.xhtml HTTP/1.1" 200 156275
181.53.13.26 - - [26/Jun/2023:12:30:14 -0500] "GET /sipse/faces/javax.faces.resource/jquery/jquery.js?ln=primefaces&v=4.0 HTTP/1.1" 304 -
181.53.13.26 - - [26/Jun/2023:12:30:14 -0500] "GET /sipse/faces/javax.faces.resource/jquery/jquery-plugins.js?ln=primefaces&v=4.0 HTTP/1.1" 304 -
181.53.13.26 - - [26/Jun/2023:12:30:14 -0500] "GET /sipse/faces/javax.faces.resource/primefaces.js?ln=primefaces&v=4.0 HTTP/1.1" 304 -
181.53.13.26 - - [26/Jun/2023:12:30:14 -0500] "GET /sipse/faces/javax.faces.resource/layout/layout.js?ln=primefaces&v=4.0 HTTP/1.1" 304 -
172.22.2.4 - - [26/Jun/2023:12:30:17 -0500] "GET /BLA/boletinlegal/consulta_actos.php?tipo=resoluciones&no=3221&usuario=&sector=&fecha=2018&resuelve= HTTP/1.1" 200 1064
172.22.2.4 - - [26/Jun/2023:12:30:17 -0500] "GET /BLA/boletinlegal/images/pdf.gif HTTP/1.1" 200 567
186.30.126.20 - - [26/Jun/2023:12:30:18 -0500] "POST /sipse/faces/presentacion/financiero/viabilidad/expedirViabilidad.xhtml HTTP/1.1" 200 122744
186.30.126.20 - - [26/Jun/2023:12:30:19 -0500] "GET /sipse/faces/javax.faces.resource/theme.css?ln=primefaces-sipse HTTP/1.1" 304 -
186.30.126.20 - - [26/Jun/2023:12:30:19 -0500] "GET /sipse/faces/javax.faces.resource/primefaces.css?ln=primefaces&v=4.0 HTTP/1.1" 304 -
186.30.126.20 - - [26/Jun/2023:12:30:19 -0500] "GET /sipse/faces/javax.faces.resource/layout/layout.css?ln=primefaces&v=4.0 HTTP/1.1" 304 -
186.30.126.20 - - [26/Jun/2023:12:30:19 -0500] "GET /sipse/faces/javax.faces.resource/jquery/jquery.js?ln=primefaces&v=4.0 HTTP/1.1" 304 -
186.30.126.20 - - [26/Jun/2023:12:30:19 -0500] "GET /sipse/faces/javax.faces.resource/jquery/jquery-plugins.js?ln=primefaces&v=4.0 HTTP/1.1" 304 -
186.30.126.20 - - [26/Jun/2023:12:30:19 -0500] "GET /sipse/faces/javax.faces.resource/primefaces.js?ln=primefaces&v=4.0 HTTP/1.1" 304 -
186.30.126.20 - - [26/Jun/2023:12:30:19 -0500] "GET /sipse/faces/javax.faces.resource/layout/layout.js?ln=primefaces&v=4.0 HTTP/1.1" 304 -
186.30.32.166 - - [26/Jun/2023:12:30:19 -0500] "GET /BLA/resoluciones/RESOLUCIONES%202018/3221.pdf HTTP/1.1" 200 407565
181.53.13.26 - - [26/Jun/2023:12:30:21 -0500] "GET /sipse/faces/javax.faces.resource/theme.css?ln=primefaces-sipse HTTP/1.1" 304 -
181.53.13.26 - - [26/Jun/2023:12:30:21 -0500] "GET /sipse/faces/javax.faces.resource/layout/layout.css?ln=primefaces&v=4.0 HTTP/1.1" 304 -
181.53.13.26 - - [26/Jun/2023:12:30:21 -0500] "GET /sipse/faces/javax.faces.resource/primefaces.css?ln=primefaces&v=4.0 HTTP/1.1" 304 -
181.53.13.26 - - [26/Jun/2023:12:30:21 -0500] "GET /sipse/faces/javax.faces.resource/jquery/jquery.js?ln=primefaces&v=4.0 HTTP/1.1" 304 -
181.53.13.26 - - [26/Jun/2023:12:30:21 -0500] "GET /sipse/faces/javax.faces.resource/jquery/jquery-plugins.js?ln=primefaces&v=4.0 HTTP/1.1" 304 -
181.53.13.26 - - [26/Jun/2023:12:30:21 -0500] "GET /sipse/faces/javax.faces.resource/primefaces.js?ln=primefaces&v=4.0 HTTP/1.1" 304 -
181.53.13.26 - - [26/Jun/2023:12:30:21 -0500] "GET /sipse/faces/javax.faces.resource/layout/layout.js?ln=primefaces&v=4.0 HTTP/1.1" 304 -
181.53.13.26 - - [26/Jun/2023:12:30:21 -0500] "GET /sipse/faces/javax.faces.resource/images/ui-icons_898989_256x240.png?ln=primefaces-aristo HTTP/1.1" 200 5355
181.53.13.26 - - [26/Jun/2023:12:30:19 -0500] "POST /sipse/faces/presentacion/financiero/solicitudProceso/consultarSolicitudProceso.xhtml HTTP/1.1" 200 56605
186.30.32.166 - - [26/Jun/2023:12:30:21 -0500] "GET /BLA/resoluciones/RESOLUCIONES%202018/3221.pdf HTTP/1.1" 206 1025
186.30.32.166 - - [26/Jun/2023:12:30:21 -0500] "GET /BLA/resoluciones/RESOLUCIONES%202018/3221.pdf HTTP/1.1" 200 407565
172.22.2.4 - - [26/Jun/2023:12:29:43 -0500] "GET /BLA/boletinlegal/ HTTP/1.1" 200 32715
186.30.126.20 - - [26/Jun/2023:12:30:23 -0500] "POST /sipse/faces/presentacion/financiero/solicitudProceso/consultarSolicitudProceso.xhtml HTTP/1.1" 200 32932
186.30.126.20 - - [26/Jun/2023:12:30:26 -0500] "GET /sipse/faces/javax.faces.resource/layout/layout.css?ln=primefaces&v=4.0 HTTP/1.1" 304 -
186.30.126.20 - - [26/Jun/2023:12:30:26 -0500] "GET /sipse/faces/javax.faces.resource/theme.css?ln=primefaces-sipse HTTP/1.1" 304 -
186.30.126.20 - - [26/Jun/2023:12:30:26 -0500] "GET /sipse/faces/javax.faces.resource/primefaces.css?ln=primefaces&v=4.0 HTTP/1.1" 304 -
186.30.126.20 - - [26/Jun/2023:12:30:26 -0500] "GET /sipse/faces/javax.faces.resource/jquery/jquery.js?ln=primefaces&v=4.0 HTTP/1.1" 304 -
186.30.126.20 - - [26/Jun/2023:12:30:26 -0500] "GET /sipse/faces/javax.faces.resource/jquery/jquery-plugins.js?ln=primefaces&v=4.0 HTTP/1.1" 304 -
186.30.126.20 - - [26/Jun/2023:12:30:26 -0500] "GET /sipse/faces/javax.faces.resource/primefaces.js?ln=primefaces&v=4.0 HTTP/1.1" 304 -
186.30.126.20 - - [26/Jun/2023:12:30:26 -0500] "GET /sipse/faces/javax.faces.resource/layout/layout.js?ln=primefaces&v=4.0 HTTP/1.1" 304 -
186.30.126.20 - - [26/Jun/2023:12:30:26 -0500] "POST /sipse/faces/presentacion/financiero/solicitudProceso/listarSolicitudProceso.xhtml HTTP/1.1" 200 1376
186.30.126.20 - - [26/Jun/2023:12:30:29 -0500] "POST /sipse/faces/presentacion/financiero/solicitudProceso/listarSolicitudProceso.xhtml HTTP/1.1" 200 25823
186.30.126.20 - - [26/Jun/2023:12:30:29 -0500] "POST /sipse/faces/presentacion/financiero/solicitudProceso/listarSolicitudProceso.xhtml HTTP/1.1" 200 25823
186.30.126.20 - - [26/Jun/2023:12:30:29 -0500] "POST /sipse/faces/presentacion/financiero/solicitudProceso/listarSolicitudProceso.xhtml HTTP/1.1" 200 25823
186.30.126.20 - - [26/Jun/2023:12:30:30 -0500] "POST /sipse/faces/presentacion/financiero/solicitudProceso/listarSolicitudProceso.xhtml HTTP/1.1" 200 25823
186.30.126.20 - - [26/Jun/2023:12:30:30 -0500] "POST /sipse/faces/presentacion/financiero/solicitudProceso/listarSolicitudProceso.xhtml HTTP/1.1" 200 1376
186.30.126.20 - - [26/Jun/2023:12:30:30 -0500] "POST /sipse/faces/presentacion/financiero/solicitudProceso/listarSolicitudProceso.xhtml HTTP/1.1" 200 1384
186.30.126.20 - - [26/Jun/2023:12:30:30 -0500] "POST /sipse/faces/presentacion/financiero/solicitudProceso/listarSolicitudProceso.xhtml HTTP/1.1" 200 1380
186.30.126.20 - - [26/Jun/2023:12:30:30 -0500] "POST /sipse/faces/presentacion/financiero/solicitudProceso/listarSolicitudProceso.xhtml HTTP/1.1" 200 1384
186.30.126.20 - - [26/Jun/2023:12:30:32 -0500] "POST /sipse/faces/presentacion/financiero/solicitudProceso/listarSolicitudProceso.xhtml HTTP/1.1" 200 911
181.48.167.56 - - [26/Jun/2023:12:30:37 -0500] "GET /en-junio-conectate-con-la-naturaleza-y-el-medioambiente-a-traves-de-estas-caminatas-ecologicas.html HTTP/1.1" 200 900
181.48.167.56 - - [26/Jun/2023:12:30:37 -0500] "GET /favicon.ico HTTP/1.1" 404 1492
186.84.89.153 - - [26/Jun/2023:12:30:40 -0500] "GET /BLA/boletinlegal/js/jquery.scrollShow.js HTTP/1.1" 200 4586
186.84.89.153 - - [26/Jun/2023:12:30:40 -0500] "GET /galeria/galeria/jquery.fancybox.css?v=2.1.5 HTTP/1.1" 200 4895
186.84.89.153 - - [26/Jun/2023:12:30:40 -0500] "GET /galeria/galeria/jquery.fancybox.js?v=2.1.5 HTTP/1.1" 200 48706
172.22.2.4 - - [26/Jun/2023:12:30:46 -0500] "GET /BLA/boletinlegal/normativa.php HTTP/1.1" 200 8343
172.22.2.4 - - [26/Jun/2023:12:30:46 -0500] "GET /BLA/boletinlegal/styles2.css HTTP/1.1" 200 1838
172.22.2.4 - - [26/Jun/2023:12:30:46 -0500] "GET /BLA/boletinlegal/js/ajax_normativa.js HTTP/1.1" 200 1154
172.22.2.4 - - [26/Jun/2023:12:30:46 -0500] "GET /BLA/boletinlegal/niceforms-default.css HTTP/1.1" 200 6694
172.22.2.4 - - [26/Jun/2023:12:30:47 -0500] "GET /BLA/boletinlegal/style.css HTTP/1.1" 200 9406
172.22.2.4 - - [26/Jun/2023:12:30:47 -0500] "GET /BLA/boletinlegal/niceforms.js HTTP/1.1" 200 22876
172.22.2.4 - - [26/Jun/2023:12:30:47 -0500] "GET /BLA/boletinlegal/images/cabezote%20BLEGAL.jpg HTTP/1.1" 200 118164
172.22.2.4 - - [26/Jun/2023:12:30:47 -0500] "GET /BLA/boletinlegal/images/registro-usuarios.png HTTP/1.1" 200 8106
172.22.2.4 - - [26/Jun/2023:12:30:47 -0500] "GET /BLA/boletinlegal/images/tel.png HTTP/1.1" 200 14477
172.22.2.4 - - [26/Jun/2023:12:30:47 -0500] "GET /BLA/boletinlegal/images/subscribe-icon-big.png HTTP/1.1" 200 47702
172.22.2.4 - - [26/Jun/2023:12:30:47 -0500] "GET /BLA/boletinlegal/images/historia.png HTTP/1.1" 200 52775
172.22.2.4 - - [26/Jun/2023:12:30:47 -0500] "GET /BLA/boletinlegal/images/icono-email.png HTTP/1.1" 200 5544
172.22.2.4 - - [26/Jun/2023:12:30:47 -0500] "GET /BLA/boletinlegal/images/hover.jpg HTTP/1.1" 200 640
172.22.2.4 - - [26/Jun/2023:12:30:47 -0500] "GET /BLA/boletinlegal/images/footer_bg.jpg HTTP/1.1" 200 586
172.22.2.4 - - [26/Jun/2023:12:30:47 -0500] "GET /BLA/boletinlegal/images/menu_rght.gif HTTP/1.1" 200 1627
172.22.2.4 - - [26/Jun/2023:12:30:47 -0500] "GET /BLA/boletinlegal/images/menu_bg.jpg HTTP/1.1" 200 620
172.22.2.4 - - [26/Jun/2023:12:30:47 -0500] "GET /BLA/boletinlegal/images/bg_top.jpg HTTP/1.1" 200 522
172.22.2.4 - - [26/Jun/2023:12:30:47 -0500] "GET /BLA/boletinlegal/images/menu_lft.gif HTTP/1.1" 200 1713
172.22.2.4 - - [26/Jun/2023:12:30:47 -0500] "GET /BLA/boletinlegal/images/text.jpg HTTP/1.1" 200 568
172.22.2.4 - - [26/Jun/2023:12:30:47 -0500] "GET /BLA/boletinlegal/images/body_bg.jpg HTTP/1.1" 200 1601
172.22.2.4 - - [26/Jun/2023:12:30:47 -0500] "GET /BLA/boletinlegal/images/footer_bg_l.jpg HTTP/1.1" 200 776
172.22.2.4 - - [26/Jun/2023:12:30:47 -0500] "GET /BLA/boletinlegal/img/0.png HTTP/1.1" 200 110
172.22.2.4 - - [26/Jun/2023:12:30:47 -0500] "GET /BLA/boletinlegal/img/select-left.png HTTP/1.1" 200 263
172.22.2.4 - - [26/Jun/2023:12:30:47 -0500] "GET /BLA/boletinlegal/img/button-left.png HTTP/1.1" 200 57071
172.22.2.4 - - [26/Jun/2023:12:30:47 -0500] "GET /BLA/boletinlegal/img/select-right.png HTTP/1.1" 200 44019
172.22.2.4 - - [26/Jun/2023:12:30:47 -0500] "GET /BLA/boletinlegal/img/button.png HTTP/1.1" 200 43241
172.22.2.4 - - [26/Jun/2023:12:30:47 -0500] "GET /BLA/boletinlegal/img/button-right.png HTTP/1.1" 200 57878
172.22.2.4 - - [26/Jun/2023:12:30:47 -0500] "GET /BLA/boletinlegal/favicon.ico HTTP/1.1" 404 1238
172.22.2.4 - - [26/Jun/2023:12:31:00 -0500] "GET /BLA/boletinlegal/consulta_normativa.php?tipo=&sector=licencia&ano=&resuelve= HTTP/1.1" 200 5398
172.22.2.4 - - [26/Jun/2023:12:31:00 -0500] "GET /BLA/boletinlegal/images/docs.png HTTP/1.1" 200 10288
172.22.2.4 - - [26/Jun/2023:12:31:00 -0500] "GET /BLA/boletinlegal/images/background.gif HTTP/1.1" 200 -
200.118.64.109 - - [26/Jun/2023:12:31:04 -0500] "POST /forms/lservlet;jsessionid=ac16012b30d6d292514a66794281bba3ecdb96987d97.e3iSbxaKaheRe3mKbh8Ta3yPby1ynknvrkLOlQzNp65In0 HTTP/1.1" 200 2
181.53.13.26 - - [26/Jun/2023:12:31:24 -0500] "GET /sipse/faces/javax.faces.resource/images/ui-bg_flat_0_2d5972_40x100.png?ln=primefaces-aristo HTTP/1.1" 304 -
181.53.13.26 - - [26/Jun/2023:12:31:24 -0500] "POST /sipse/faces/presentacion/financiero/solicitudProceso/consultarHistorialSolProceso.xhtml HTTP/1.1" 200 35223
181.53.13.26 - - [26/Jun/2023:12:31:25 -0500] "GET /sipse/faces/javax.faces.resource/jquery/jquery.js?ln=primefaces&v=4.0 HTTP/1.1" 304 -
181.53.13.26 - - [26/Jun/2023:12:31:25 -0500] "GET /sipse/faces/javax.faces.resource/jquery/jquery-plugins.js?ln=primefaces&v=4.0 HTTP/1.1" 304 -
181.53.13.26 - - [26/Jun/2023:12:31:25 -0500] "GET /sipse/faces/javax.faces.resource/primefaces.js?ln=primefaces&v=4.0 HTTP/1.1" 304 -
181.53.13.26 - - [26/Jun/2023:12:31:25 -0500] "GET /sipse/faces/javax.faces.resource/layout/layout.js?ln=primefaces&v=4.0 HTTP/1.1" 304 -
181.53.13.26 - - [26/Jun/2023:12:31:26 -0500] "POST /sipse/faces/presentacion/workflow/reasignarReenrutar.xhtml HTTP/1.1" 200 15523
181.53.13.26 - - [26/Jun/2023:12:31:28 -0500] "POST /sipse/faces/presentacion/workflow/reasignarReenrutar.xhtml HTTP/1.1" 200 15573
181.53.13.26 - - [26/Jun/2023:12:31:28 -0500] "POST /sipse/faces/presentacion/workflow/reasignarReenrutar.xhtml HTTP/1.1" 200 16036
181.53.13.26 - - [26/Jun/2023:12:31:28 -0500] "GET /sipse/faces/javax.faces.resource/messages/messages.png?ln=primefaces&v=4.0 HTTP/1.1" 304 -
181.53.13.26 - - [26/Jun/2023:12:31:29 -0500] "POST /sipse/faces/presentacion/workflow/reasignarReenrutar.xhtml HTTP/1.1" 200 23254
181.53.13.26 - - [26/Jun/2023:12:31:40 -0500] "POST /sipse/faces/presentacion/workflow/reasignarReenrutar.xhtml HTTP/1.1" 200 75524
172.22.2.4 - - [26/Jun/2023:12:31:47 -0500] "GET /BLA/boletinlegal/consulta_actos.php?tipo=resoluciones&no=0569&usuario=&sector=&fecha=2020&resuelve= HTTP/1.1" 200 626
181.53.13.26 - - [26/Jun/2023:12:31:50 -0500] "POST /sipse/faces/presentacion/workflow/reasignarReenrutar.xhtml HTTP/1.1" 200 75544
172.22.2.4 - - [26/Jun/2023:12:31:50 -0500] "GET /BLA/boletinlegal/consulta_actos.php?tipo=resoluciones&no=0569&usuario=&sector=&fecha=2019&resuelve= HTTP/1.1" 200 1089
181.53.13.26 - - [26/Jun/2023:12:31:51 -0500] "POST /sipse/faces/presentacion/workflow/reasignarReenrutar.xhtml HTTP/1.1" 200 76006
186.116.76.155 - - [26/Jun/2023:12:31:59 -0500] "GET /BLA/resoluciones/RESOLUCIONES%202010/4001.pdf HTTP/1.1" 200 492401
186.116.76.155 - - [26/Jun/2023:12:31:59 -0500] "GET /favicon.ico HTTP/1.1" 200 7782
181.53.13.26 - - [26/Jun/2023:12:32:02 -0500] "POST /sipse/faces/presentacion/workflow/reasignarReenrutar.xhtml HTTP/1.1" 200 76130
181.53.13.26 - - [26/Jun/2023:12:32:11 -0500] "POST /sipse/faces/presentacion/workflow/reasignarReenrutar.xhtml HTTP/1.1" 200 76149
181.53.13.26 - - [26/Jun/2023:12:32:12 -0500] "POST /sipse/faces/presentacion/workflow/reasignarReenrutar.xhtml HTTP/1.1" 200 5005
201.245.192.253 - - [26/Jun/2023:12:32:17 -0500] "POST /sipse/faces/presentacion/contratacion/contrato/listarContrato.xhtml HTTP/1.1" 200 17145
201.245.192.253 - - [26/Jun/2023:12:32:18 -0500] "POST /sipse/faces/presentacion/contratacion/contrato/listarContrato.xhtml HTTP/1.1" 200 2720
201.245.192.253 - - [26/Jun/2023:12:32:19 -0500] "POST /sipse/faces/presentacion/contratacion/contrato/listarContrato.xhtml HTTP/1.1" 200 13864
201.245.192.253 - - [26/Jun/2023:12:32:29 -0500] "POST /sipse/faces/presentacion/contratacion/contrato/listarContrato.xhtml HTTP/1.1" 200 13952
201.245.192.253 - - [26/Jun/2023:12:32:36 -0500] "POST /sipse/faces/presentacion/contratacion/contrato/listarContrato.xhtml HTTP/1.1" 200 17145
201.245.192.253 - - [26/Jun/2023:12:32:36 -0500] "POST /sipse/faces/presentacion/contratacion/contrato/listarContrato.xhtml HTTP/1.1" 200 2720
201.245.192.253 - - [26/Jun/2023:12:32:38 -0500] "POST /sipse/faces/presentacion/contratacion/contrato/listarContrato.xhtml HTTP/1.1" 200 10876
201.245.192.253 - - [26/Jun/2023:12:32:48 -0500] "POST /sipse/faces/presentacion/contratacion/contrato/listarContrato.xhtml HTTP/1.1" 200 14044
216.245.221.92 - - [26/Jun/2023:12:32:51 -0500] "HEAD / HTTP/1.1" 200 -
200.118.64.109 - - [26/Jun/2023:12:33:04 -0500] "POST /forms/lservlet;jsessionid=ac16012b30d6d292514a66794281bba3ecdb96987d97.e3iSbxaKaheRe3mKbh8Ta3yPby1ynknvrkLOlQzNp65In0 HTTP/1.1" 200 2
181.53.13.26 - - [26/Jun/2023:12:33:10 -0500] "POST /sipse/faces/presentacion/workflow/reasignarReenrutar.xhtml HTTP/1.1" 200 911
201.245.192.253 - - [26/Jun/2023:12:33:50 -0500] "POST /kwsrmcab/Wsrmcab  HTTP/1.1" 200 40807
172.22.2.4 - - [26/Jun/2023:12:32:36 -0500] "HEAD /BLA/boletinlegal/ HTTP/1.1" 200 -
172.22.2.4 - - [26/Jun/2023:12:34:49 -0500] "GET /BLA/boletinlegal/consulta_actos.php?tipo=resoluciones&no=&usuario=&sector=&fecha=2023&resuelve= HTTP/1.1" 200 104377
172.22.2.4 - - [26/Jun/2023:12:34:49 -0500] "GET /BLA/boletinlegal/images/pdf.gif HTTP/1.1" 200 567
172.22.2.4 - - [26/Jun/2023:12:34:49 -0500] "GET /BLA/boletinlegal/images/background.gif HTTP/1.1" 200 -
186.102.19.11 - - [26/Jun/2023:12:34:53 -0500] "OPTIONS /kwssiamovil/sm/setfile/f? HTTP/1.1" 200 13
181.56.171.197 - - [26/Jun/2023:12:35:01 -0500] "GET /sipse/faces/javax.faces.resource/images/ui-bg_flat_0_2d5972_40x100.png?ln=primefaces-aristo HTTP/1.1" 304 -
181.56.171.197 - - [26/Jun/2023:12:35:01 -0500] "POST /sipse/faces/presentacion/financiero/solicitudProceso/consultarSolicitudProceso.xhtml HTTP/1.1" 200 5241
181.56.171.197 - - [26/Jun/2023:12:35:02 -0500] "POST /sipse/faces/presentacion/financiero/solicitudProceso/consultarSolicitudProceso.xhtml HTTP/1.1" 200 40734
181.56.171.197 - - [26/Jun/2023:12:35:02 -0500] "GET /sipse/faces/javax.faces.resource/theme.css?ln=primefaces-sipse HTTP/1.1" 304 -
181.56.171.197 - - [26/Jun/2023:12:35:02 -0500] "GET /sipse/faces/javax.faces.resource/primefaces.css?ln=primefaces&v=4.0 HTTP/1.1" 304 -
181.56.171.197 - - [26/Jun/2023:12:35:02 -0500] "GET /sipse/faces/javax.faces.resource/jquery/jquery.js?ln=primefaces&v=4.0 HTTP/1.1" 304 -
181.56.171.197 - - [26/Jun/2023:12:35:03 -0500] "GET /sipse/faces/javax.faces.resource/layout/layout.css?ln=primefaces&v=4.0 HTTP/1.1" 304 -
181.56.171.197 - - [26/Jun/2023:12:35:03 -0500] "GET /sipse/faces/javax.faces.resource/jquery/jquery-plugins.js?ln=primefaces&v=4.0 HTTP/1.1" 304 -
181.56.171.197 - - [26/Jun/2023:12:35:03 -0500] "GET /sipse/faces/javax.faces.resource/primefaces.js?ln=primefaces&v=4.0 HTTP/1.1" 304 -
181.56.171.197 - - [26/Jun/2023:12:35:03 -0500] "GET /sipse/faces/javax.faces.resource/layout/layout.js?ln=primefaces&v=4.0 HTTP/1.1" 304 -
181.56.171.197 - - [26/Jun/2023:12:35:03 -0500] "POST /sipse/faces/presentacion/financiero/solicitudProceso/consultar.xhtml HTTP/1.1" 200 34149
181.56.171.197 - - [26/Jun/2023:12:35:03 -0500] "POST /sipse/faces/presentacion/financiero/solicitudProceso/consultar.xhtml HTTP/1.1" 200 34149
181.56.171.197 - - [26/Jun/2023:12:35:03 -0500] "POST /sipse/faces/presentacion/financiero/solicitudProceso/consultar.xhtml HTTP/1.1" 200 34149
181.56.171.197 - - [26/Jun/2023:12:35:03 -0500] "POST /sipse/faces/presentacion/financiero/solicitudProceso/consultar.xhtml HTTP/1.1" 200 34149
200.118.64.109 - - [26/Jun/2023:12:35:04 -0500] "POST /forms/lservlet;jsessionid=ac16012b30d6d292514a66794281bba3ecdb96987d97.e3iSbxaKaheRe3mKbh8Ta3yPby1ynknvrkLOlQzNp65In0 HTTP/1.1" 200 2
186.102.19.11 - - [26/Jun/2023:12:34:53 -0500] "POST /kwssiamovil/sm/setfile/f? HTTP/1.1" 200 381
186.102.19.11 - - [26/Jun/2023:12:35:05 -0500] "OPTIONS /kwssiamovil/sm/setfile/f? HTTP/1.1" 200 13
172.22.2.4 - - [26/Jun/2023:12:33:26 -0500] "GET /BLA/boletinlegal/ HTTP/1.1" 200 56816
181.56.171.197 - - [26/Jun/2023:12:35:08 -0500] "POST /sipse/faces/presentacion/financiero/solicitudProceso/consultar.xhtml HTTP/1.1" 200 12899
186.102.19.11 - - [26/Jun/2023:12:35:06 -0500] "POST /kwssiamovil/sm/setfile/f? HTTP/1.1" 200 381
186.102.19.11 - - [26/Jun/2023:12:35:13 -0500] "OPTIONS /kwssiamovil/sm/setfile/f? HTTP/1.1" 200 13
190.25.106.68 - - [26/Jun/2023:12:35:14 -0500] "GET /BLA/resoluciones/RESOLUCIONES%202023/4767.pdf HTTP/1.1" 200 500322
190.25.106.68 - - [26/Jun/2023:12:35:15 -0500] "GET /BLA/resoluciones/RESOLUCIONES%202023/4767.pdf HTTP/1.1" 200 500322
190.25.106.68 - - [26/Jun/2023:12:35:15 -0500] "GET /BLA/resoluciones/RESOLUCIONES%202023/4767.pdf HTTP/1.1" 206 1025
186.102.19.11 - - [26/Jun/2023:12:35:13 -0500] "POST /kwssiamovil/sm/setfile/f? HTTP/1.1" 200 381
186.102.19.11 - - [26/Jun/2023:12:35:20 -0500] "OPTIONS /kwssiamovil/sm/setfile/f? HTTP/1.1" 200 13
192.99.44.57 - - [26/Jun/2023:12:35:21 -0500] "GET /ruta-de-la-libertad-mas-de-400-animales-silvestres-fueron-liberados-por-la-secretaria-de-ambiente-en-el-cesar.html HTTP/1.1" 200 853
186.102.19.11 - - [26/Jun/2023:12:35:21 -0500] "POST /kwssiamovil/sm/setfile/f? HTTP/1.1" 200 381
181.56.171.197 - - [26/Jun/2023:12:35:33 -0500] "POST /sipse/faces/presentacion/financiero/solicitudProceso/consultar.xhtml HTTP/1.1" 200 152459
181.56.171.197 - - [26/Jun/2023:12:35:34 -0500] "GET /sipse/faces/javax.faces.resource/layout/layout.css?ln=primefaces&v=4.0 HTTP/1.1" 304 -
181.56.171.197 - - [26/Jun/2023:12:35:34 -0500] "GET /sipse/faces/javax.faces.resource/theme.css?ln=primefaces-sipse HTTP/1.1" 304 -
181.56.171.197 - - [26/Jun/2023:12:35:34 -0500] "GET /sipse/faces/javax.faces.resource/jquery/jquery.js?ln=primefaces&v=4.0 HTTP/1.1" 304 -
181.56.171.197 - - [26/Jun/2023:12:35:34 -0500] "GET /sipse/faces/javax.faces.resource/primefaces.css?ln=primefaces&v=4.0 HTTP/1.1" 304 -
181.56.171.197 - - [26/Jun/2023:12:35:34 -0500] "GET /sipse/faces/javax.faces.resource/jquery/jquery-plugins.js?ln=primefaces&v=4.0 HTTP/1.1" 304 -
181.56.171.197 - - [26/Jun/2023:12:35:35 -0500] "GET /sipse/faces/javax.faces.resource/primefaces.js?ln=primefaces&v=4.0 HTTP/1.1" 304 -
181.56.171.197 - - [26/Jun/2023:12:35:35 -0500] "GET /sipse/faces/javax.faces.resource/layout/layout.js?ln=primefaces&v=4.0 HTTP/1.1" 304 -
186.102.19.11 - - [26/Jun/2023:12:35:39 -0500] "GET /kwssiamovil/sm/acme/a?s=U2FsdGVkX1/S7aWDoapJaqGxvZuiX4DAVJTDqLydd0/CB/CXGQ4xfBrNQy8NWt0CNT/B74rU1Uw438h326ylWOVnJ4yjGJ/pJM7p0kZcjFu+qhltuTX3/yVAoXq0vJw+kYprpkm7+Tuoo1CsRwAaK+VHC6b/c9wGDCtbjs8jqwSGG6ofrN4aPFS8dOjptjLOwe6qfCfIU4MIouI9hW3p3jfv7IkknlJ2E0u1Vtm2JBYnnbG79cMrW05seL6+1VabrRBDnE2T1UHkvcU9pNd1Ng==&u=U2FsdGVkX19EIlDxiK9+tf63w7/gqqJTn6QBCf71IZo=&y=U2FsdGVkX19vqmN1ZA+96jnLlfxOf/nucwZndi+UAWA6qn1Ca8pCk/vHKD/LgQ/L HTTP/1.1" 200 26
186.102.19.11 - - [26/Jun/2023:12:35:40 -0500] "GET /kwssiamovil/sm/acme/a?s=U2FsdGVkX190PmIqlr4T0N2TOycN6sNJ8E67R7Osn1NHzM60A/ylIxXD+c+iyE3ULDjWxrbEjexSoxIIcM3nDk/MzPpk9y9hsPnDq4ITVXL5YaObQ8gKWfndcsoBdnuCswStVg8XPbH70u804ijQO4Cpi6QDAA7avwFUAvhzTPSIrQ6zHB6wjsGU/88SVW/V1BcAWyd3nOFIrylsDwLgba2e4UNnsMt3d1T7wHBX79XZxfyZzQX+CUhWyt24iKJNpDK6bPWHiL9T/5kvb568xajnbvqscitiY+GR2wJoK0lKuB7DB4bsxeTHMkPtZ++ei015DtpFiu6eTSlzvpntRoufxGWjQJiBE7pfHxhjHfJeRIo/IXkar2JpnzshS79HH2oLaQYVt9+90Uth4Dc/sif1QxxzfR1+stIL0Spzr8OQVhrH4d0p8jtgkg5Gqzkv4JO7mBSDo9HUzirL8Q1c6C0ek9Z1MlUOBQkgxB18JHIK20ONCTTpljrbcShA/r0UaZYasKSH9CRPyDMeBOc7sb2I6d5QaL+wi+mV3l62O+uxdFKAezCglCMz77JaMWiNyr9pPvw8w69fIgCJkFiF1IuPy+rwn+sF3lkvY337LUC7MsXEBCrnW8q1KJ+LCZ8plz5bgqpm/ae2qcx6WtEZFsVwYXBrDSG3tqtnKUu1EvInJNN2PE8n8FIptdRB8fYbF22kki6q0me0jcwIlAO3mVIqEn99Ryw86bikdNdTkRmjsyPcU6PAWQwZSI1UgC8kUlhrpYoDQzm3b+iaAIZ05hg9ji1UZaCd95qrnF1f1Ojo9PsEgdyMNCv7cEzP7V3043eiUjlbYT7T9B8DZFhT8rnD/VGACXf4Z6JljrI+z4uZDCpDFKT7VSOiJm7PQi9//zx7pUsmfpwLzVdlrjRRMzi8nnuY2ymQMCdu67Z6+Fj4DEjddrDHCrb34ncX0geavmoUrLncLYmzIbs4H5xNeF+3TXNQr1jr76hJ7I1qtdl6mE6pN3kuajLZ05H3/pyAa9hsSjJKxAaK1ev+TBfeAppDYqvG9hSLIaiy81kO6U8Wfs2umPV7m0ibpm371IOpcbzjk5iYD0Tc446ym3jqaMVKtvXirSZZ2sYx1Y5q2A+WyrIieehXTkTnXjtPd9nK2QckQX5uU8mcZrXN/zfdoEozsdvlxTXcQ1GWQT561hi9VsxI30YmGzEeJSepZivt4bQmkyAsVABwN22GwT0BogQvkRGzy5oA6TWDERuo1UVlbcyaLBjmZzDr3XzpuhvCUAzQKxE0+vfcArMJpM6zL23dPqDmqJPk7/VZhunC2kRvefkRP/AcqxiqyDPcpok+fGQZ+pDQXToTEb/PVSmanJBg18dP8EQ0aqoBkO57PLAP/bSuKXqaKMbQ99bleKZ5BmkWQaBJJ0w1hnY+SD4rjlA+OcNmCNBl9LtJRWlyH+EKwHIX7rbyue05Pf7wET/2yTh7oz0iPe3QKFjXoKAiw+cAZvx24u9/EIoXUKIYNq75cXeiXNMiHDlD8kz2EPPGbIaV9PVsp5cObZzvSc86PGxB+u9BxG+3bJqOZj/8mWoT1qtIAeMT5z2AKI2pc4FzxRGijUBlHKy8ZWdAOc/HPN4p/dv/zF+i2CEM8kNo2al7z4zihBmX/ZamtZxl3XtY4PV4x7iKJw0Rn3zPNP9z6Aey/jpBCbRP+lQESpNE1hhDXtL/3i0p2HpuzI8wk27pu7e4RORv/abD2iO1SVF0mFJXIHJc0x6Hc6A7exvlFxbiA/p/cf2ugOVcJ20TTbglHzmuWMFrxasyUovfbywrIqxWmP9K5G+tv5tDdpH1KooS5UuFl6NV17MtDQ+nCAp7R5IZZVSkOWjFnR8ZrS0Ev0fso8dY8omx1zFp+4Pi/10=&u=U2FsdGVkX19EIlDxiK9+tf63w7/gqqJTn6QBCf71IZo=&y=U2FsdGVkX19vqmN1ZA+96jnLlfxOf/nucwZndi+UAWA6qn1Ca8pCk/vHKD/LgQ/L HTTP/1.1" 200 26
186.102.19.11 - - [26/Jun/2023:12:35:40 -0500] "GET /kwssiamovil/sm/acme/a?s=U2FsdGVkX1+P5vZwUL7wWr1tHDkfwAxGaObVSFSsGCKFVQCeghgCFLbBtrlkNaa6XRVJJpfMjsKqs1rGRiDaRum3h+EVGhpOqdrNwsW4aMl/ZDBHEg07g7W6oYnbrP3/ruKo9EmJU+WgvLJE7jSTWk5BrNh+2GIm5hGfKhVdjAI=&u=U2FsdGVkX19EIlDxiK9+tf63w7/gqqJTn6QBCf71IZo=&y=U2FsdGVkX19vqmN1ZA+96jnLlfxOf/nucwZndi+UAWA6qn1Ca8pCk/vHKD/LgQ/L HTTP/1.1" 200 26
186.102.19.11 - - [26/Jun/2023:12:35:40 -0500] "GET /kwssiamovil/sm/acme/a?s=U2FsdGVkX19H5mh2mV6tmVrtHdo7kDrVqW2Sp0CMbuTzTUmvVlIB4M7WvrDuGpPhDFEnAh2cCaXc1r2ucywvEQxVIsp5lM0irWg06e0ZJO4s4bo46a9VcnfVGSZPogyWXQbtHzglcur/86BPFYb6f0xv+KdDtFPuNWZhHiDyNmM=&u=U2FsdGVkX19EIlDxiK9+tf63w7/gqqJTn6QBCf71IZo=&y=U2FsdGVkX19vqmN1ZA+96jnLlfxOf/nucwZndi+UAWA6qn1Ca8pCk/vHKD/LgQ/L HTTP/1.1" 200 26
186.102.19.11 - - [26/Jun/2023:12:35:41 -0500] "GET /kwssiamovil/sm/acme/a?s=U2FsdGVkX1/r7g2JRHOG7Ak8EDIEu9tgc3j2mfaA3DZ+5FnxuyHm9KtiYcc7C9m4R3LBNbLlCJ6s6MnLChIK/8rASt2tS6cuSH88ta9jz0Fw5tWjOkFPJ484wIictV2AXUmysElhyoNCu9xm1GWugWv0YQXKNYC+nE+AytNyuaw=&u=U2FsdGVkX19EIlDxiK9+tf63w7/gqqJTn6QBCf71IZo=&y=U2FsdGVkX19vqmN1ZA+96jnLlfxOf/nucwZndi+UAWA6qn1Ca8pCk/vHKD/LgQ/L HTTP/1.1" 200 26
186.102.19.11 - - [26/Jun/2023:12:35:41 -0500] "GET /kwssiamovil/sm/acme/a?s=U2FsdGVkX18OjYiSOSFfiYJn9LbM06lNuCxQ7u6NwGikj24D+t7Q0NsqCKho8q4Y4XjvSzTJyJm7eBvtabo0mETavmyLVd8Sc4GEw8Lb1WV7HYacuA2mBD51tIO2fVVxGE0jTuwPXCODx2j2lJoLrhm4N8Rdm5hKDAJQfNsYAeyAMEfjTsAD6RBBJImB5bnFP21FWIOC8tea92/63d4Pmw==&u=U2FsdGVkX19EIlDxiK9+tf63w7/gqqJTn6QBCf71IZo=&y=U2FsdGVkX19vqmN1ZA+96jnLlfxOf/nucwZndi+UAWA6qn1Ca8pCk/vHKD/LgQ/L HTTP/1.1" 200 26
186.102.19.11 - - [26/Jun/2023:12:35:41 -0500] "GET /kwssiamovil/sm/acme/a?s=U2FsdGVkX1/o1tbQLgjmXeJm5aknOdKhDYT+7oCTESDLU0LgQQxGsGkq+esH0Omv7xYMzoUM2Vz/14xK6NmNWlJf4TOnCfycGvlpEKucxfYnqhuQV0TWe0N/uCB3HID8QwOZbyR94Bfrdt/rr88GysJj7abDXGjJG0lwBPLw/xDofUMP8nQ1EylECSGIiLYP3cCnzEjX+h8SNUaZuXUsqQ==&u=U2FsdGVkX19EIlDxiK9+tf63w7/gqqJTn6QBCf71IZo=&y=U2FsdGVkX19vqmN1ZA+96jnLlfxOf/nucwZndi+UAWA6qn1Ca8pCk/vHKD/LgQ/L HTTP/1.1" 200 26
186.102.19.11 - - [26/Jun/2023:12:35:41 -0500] "GET /kwssiamovil/sm/acme/a?s=U2FsdGVkX19vXLYZ0M30jtJf2YmeSmAOlebuIauiFzl/oK+ESRsCtaczGPAqPD00Xh6QkQYyJpPwwGvWogUSBrGtM4zBpCgYzMu32CRIw5btbJo4BTtWfgM/UHVfIwgUr4SK0KCiqZSbJDK+k8yu4K7E6qlwNqwUBULdIz3GGXwlf7iq7Q7/VTJBi+EQ/ohp&u=U2FsdGVkX19EIlDxiK9+tf63w7/gqqJTn6QBCf71IZo=&y=U2FsdGVkX19vqmN1ZA+96jnLlfxOf/nucwZndi+UAWA6qn1Ca8pCk/vHKD/LgQ/L HTTP/1.1" 200 26
186.102.19.11 - - [26/Jun/2023:12:35:41 -0500] "GET /kwssiamovil/sm/acme/a?s=U2FsdGVkX1/hv7S/8wuUceQ0uryiZO4YTjeuf0IKTUwiRlJNug3/OpwCy75grP3VunenAECrgeSPsc7KReB952pswCI2HjWNakiBdoOWWlRMtHXlKY5EdvWPgbWltCpCbtLCJ4xnFYEl8j881ryCJTPnvLwdk0QNKaPemduL12DJXgN4FAHIufeJdxZaVFeP3ckPh4lVfo5xFoqvVFdUVw==&u=U2FsdGVkX19EIlDxiK9+tf63w7/gqqJTn6QBCf71IZo=&y=U2FsdGVkX19vqmN1ZA+96jnLlfxOf/nucwZndi+UAWA6qn1Ca8pCk/vHKD/LgQ/L HTTP/1.1" 200 26
186.102.19.11 - - [26/Jun/2023:12:35:42 -0500] "GET /kwssiamovil/sm/acme/a?s=U2FsdGVkX1+siQp79ORpT3AkGIea5Db8BclbKUmhnaXV8Z56ek4jwt+onXvcen6VGJWUPOtntz+hQrg0V2QGC92AtL8rUQrrVWP4CU9sn2Pij4N0yu5KPvNi/Mk1Xoc71KOvdHcbE0c2fS2lSwQ++RBkodCYNec8UEVCnJ7ug+l8ogKqv98H/uthgJp+m8Ea&u=U2FsdGVkX19EIlDxiK9+tf63w7/gqqJTn6QBCf71IZo=&y=U2FsdGVkX19vqmN1ZA+96jnLlfxOf/nucwZndi+UAWA6qn1Ca8pCk/vHKD/LgQ/L HTTP/1.1" 200 26
186.102.19.11 - - [26/Jun/2023:12:35:42 -0500] "GET /kwssiamovil/sm/acme/a?s=U2FsdGVkX18keIdN/AsHU2T327X674U0IxlItfCx4iRNL6aGUgFVzjY7Htiaqs85tXbvRZAfPxCUQQY4UL0Mz9FJirVZxDcQH0ljtFEMcWp54Zwsm4Hr+keJ5YIO8j4cp49b+4AAsYNL/JejZtALd9Ipu0LIWQfY51bSnZ7HpYgmay8yumH2+FaJiP0biyuuJjaeAbnr9SrPOjUt0cYG8Q==&u=U2FsdGVkX19EIlDxiK9+tf63w7/gqqJTn6QBCf71IZo=&y=U2FsdGVkX19vqmN1ZA+96jnLlfxOf/nucwZndi+UAWA6qn1Ca8pCk/vHKD/LgQ/L HTTP/1.1" 200 26
186.102.19.11 - - [26/Jun/2023:12:35:42 -0500] "GET /kwssiamovil/sm/acme/a?s=U2FsdGVkX18HzUN5+mO9i1I4cQf9IGNd2wGSIMmZJtkrBoxydC0lCsznIeH1r2l8E1LSFsC8C5wmy8fZIHeOjdw4zBaz3KRw00pDGhkChVIUxGKsIXldP06mDR/MIdlmyowWFWlf+g5YwfuCBnJN851blTX3U2WG9V1PCueDX4dE4pHZXtpei/6toAiE/ZlW&u=U2FsdGVkX19EIlDxiK9+tf63w7/gqqJTn6QBCf71IZo=&y=U2FsdGVkX19vqmN1ZA+96jnLlfxOf/nucwZndi+UAWA6qn1Ca8pCk/vHKD/LgQ/L HTTP/1.1" 200 26
186.102.19.11 - - [26/Jun/2023:12:35:42 -0500] "GET /kwssiamovil/sm/acme/a?s=U2FsdGVkX19ok8iUEpS4R+i6wczhWbgxtwBo2ZMlCkQht8lSec5XWtNdXPTa+Sl1NLAFbHybj75NioaXrnLIPLHhH+C0IvyzLTs3uTbVeCXkfaWfezjUqYdZnOU3QHqMh707pCfafDZbFZxkkj/5MozZGcyfmAygpDNMB3Vpw9pkSGMuJF4x08Ov++sDvAkSrA8yelxyClbqYAsmgn+cOg==&u=U2FsdGVkX19EIlDxiK9+tf63w7/gqqJTn6QBCf71IZo=&y=U2FsdGVkX19vqmN1ZA+96jnLlfxOf/nucwZndi+UAWA6qn1Ca8pCk/vHKD/LgQ/L HTTP/1.1" 200 26
186.102.19.11 - - [26/Jun/2023:12:35:42 -0500] "GET /kwssiamovil/sm/acme/a?s=U2FsdGVkX1/5LPL/yNxH1PYVzKNKxKHyozadWmRM07RgzdhQG0+jZGP3yHojY0+yfVBMiRjUQjLJQucuZHEZCegWvSyX7Pg/kEkxCtbcTP4vMZ1TZMIwzJAMWUrMEyTcZxgD2f37L63awDblnSitbNryLkY2eN4EH8XLze2kmOAWHfdwqLUX3GEmNoV2dk32XPAhw1UpCWLio2ugZPzltg==&u=U2FsdGVkX19EIlDxiK9+tf63w7/gqqJTn6QBCf71IZo=&y=U2FsdGVkX19vqmN1ZA+96jnLlfxOf/nucwZndi+UAWA6qn1Ca8pCk/vHKD/LgQ/L HTTP/1.1" 200 26
181.56.171.197 - - [26/Jun/2023:12:35:46 -0500] "POST /sipse/faces/presentacion/financiero/solicitudProceso/consultarSolicitudProceso.xhtml HTTP/1.1" 200 160140
108.174.5.112 - - [26/Jun/2023:12:35:47 -0500] "GET /se-viene-la-reciclaton-empresarial-%C3%82%C2%A1inscribete-y-participa.html HTTP/1.1" 206 993
66.249.73.105 - - [26/Jun/2023:12:36:04 -0500] "-" 408 -
172.22.2.4 - - [26/Jun/2023:12:36:26 -0500] "GET /BLA/boletinlegal/consulta_normativa.php?tipo=&sector=concesion&ano=&resuelve= HTTP/1.1" 200 4161
200.118.64.109 - - [26/Jun/2023:12:37:04 -0500] "POST /forms/lservlet;jsessionid=ac16012b30d6d292514a66794281bba3ecdb96987d97.e3iSbxaKaheRe3mKbh8Ta3yPby1ynknvrkLOlQzNp65In0 HTTP/1.1" 200 2
191.95.56.148 - - [26/Jun/2023:12:37:37 -0500] "GET /reportes_sipse/jsp/inicio.jsp HTTP/1.1" 200 2935
181.56.171.197 - - [26/Jun/2023:12:37:46 -0500] "POST /sipse/faces/presentacion/financiero/solicitudProceso/consultarSolicitudProceso.xhtml HTTP/1.1" 200 2577408
216.245.221.92 - - [26/Jun/2023:12:37:51 -0500] "HEAD / HTTP/1.1" 200 -
191.95.56.148 - - [26/Jun/2023:12:38:23 -0500] "POST /reportes_sipse/sdg/ServletReporte?adquisiciones_sipse_detallado& HTTP/1.1" 200 6273
186.29.180.69 - - [26/Jun/2023:12:38:35 -0500] "GET /sipse/faces/presentacion/financiero/solicitudAnulacion/solicitudAnulacion.xhtml HTTP/1.1" 302 -
186.29.180.69 - - [26/Jun/2023:12:38:35 -0500] "GET /sipse/faces/autenticacion.xhtml HTTP/1.1" 200 12177
201.245.192.253 - - [26/Jun/2023:12:38:49 -0500] "POST /kwsrmcab/Wsrmcab  HTTP/1.1" 200 40807
200.118.64.109 - - [26/Jun/2023:12:39:04 -0500] "POST /forms/lservlet;jsessionid=ac16012b30d6d292514a66794281bba3ecdb96987d97.e3iSbxaKaheRe3mKbh8Ta3yPby1ynknvrkLOlQzNp65In0 HTTP/1.1" 200 2
201.245.192.253 - - [26/Jun/2023:12:39:41 -0500] "POST /sipse/faces/presentacion/financiero/solicitudProceso/listarSolicitudProceso.xhtml HTTP/1.1" 200 31768
201.245.192.253 - - [26/Jun/2023:12:39:40 -0500] "POST /kwsrmcab/Wsrmcab HTTP/1.1" 200 40575
201.245.192.253 - - [26/Jun/2023:12:39:44 -0500] "POST /kwsrmcab/Wsrmcab HTTP/1.1" 200 40280
172.22.2.4 - - [26/Jun/2023:12:38:26 -0500] "HEAD /BLA/boletinlegal/ HTTP/1.1" 200 -
181.56.171.197 - - [26/Jun/2023:12:40:11 -0500] "POST /sipse/faces/presentacion/financiero/solicitudProceso/consultarSolicitudProceso.xhtml HTTP/1.1" 200 160140
52.167.144.39 - - [26/Jun/2023:12:40:50 -0500] "GET /BLA/resoluciones/AUTOS%202021/4231.pdf HTTP/1.1" 304 -
172.22.2.4 - - [26/Jun/2023:12:39:16 -0500] "GET /BLA/boletinlegal/ HTTP/1.1" 200 57680
200.118.64.109 - - [26/Jun/2023:12:41:04 -0500] "POST /forms/lservlet;jsessionid=ac16012b30d6d292514a66794281bba3ecdb96987d97.e3iSbxaKaheRe3mKbh8Ta3yPby1ynknvrkLOlQzNp65In0 HTTP/1.1" 200 2
52.167.144.60 - - [26/Jun/2023:12:41:08 -0500] "GET /BLA/resoluciones/RESOLUCIONES%202023/0746.pdf HTTP/1.1" 200 915201
181.56.171.197 - - [26/Jun/2023:12:41:09 -0500] "POST /sipse/faces/presentacion/financiero/solicitudProceso/consultarSolicitudProceso.xhtml HTTP/1.1" 200 295115
201.245.192.253 - - [26/Jun/2023:12:41:41 -0500] "POST /sipse/faces/presentacion/financiero/solicitudProceso/listarSolicitudProceso.xhtml HTTP/1.1" 200 31866
201.245.192.253 - - [26/Jun/2023:12:41:55 -0500] "POST /sipse/faces/presentacion/financiero/solicitudProceso/listarSolicitudProceso.xhtml HTTP/1.1" 200 22920
201.245.192.253 - - [26/Jun/2023:12:42:05 -0500] "POST /sipse/faces/presentacion/contratacion/contrato/listarContrato.xhtml HTTP/1.1" 200 17145
201.245.192.253 - - [26/Jun/2023:12:42:05 -0500] "POST /sipse/faces/presentacion/contratacion/contrato/listarContrato.xhtml HTTP/1.1" 200 2720
201.245.192.253 - - [26/Jun/2023:12:42:09 -0500] "POST /sipse/faces/presentacion/contratacion/contrato/listarContrato.xhtml HTTP/1.1" 200 7914
201.245.192.253 - - [26/Jun/2023:12:42:10 -0500] "POST /sipse/faces/presentacion/contratacion/contrato/listarContrato.xhtml HTTP/1.1" 200 10917
201.245.192.253 - - [26/Jun/2023:12:42:16 -0500] "POST /sipse/faces/presentacion/contratacion/contrato/listarContrato.xhtml HTTP/1.1" 200 10925
186.29.209.61 - - [26/Jun/2023:12:42:32 -0500] "GET /ruta-de-la-libertad-mas-de-400-animales-silvestres-fueron-liberados-por-la-secretaria-de-ambiente-en-el-cesar.html HTTP/1.1" 200 853
181.56.171.197 - - [26/Jun/2023:12:42:33 -0500] "POST /sipse/faces/presentacion/financiero/solicitudProceso/consultarSolicitudProceso.xhtml HTTP/1.1" 200 293701
216.245.221.92 - - [26/Jun/2023:12:42:51 -0500] "HEAD / HTTP/1.1" 200 -
201.245.192.253 - - [26/Jun/2023:12:42:59 -0500] "POST /sipse/faces/presentacion/contratacion/contrato/listarContrato.xhtml HTTP/1.1" 200 17141
201.245.192.253 - - [26/Jun/2023:12:42:59 -0500] "POST /sipse/faces/presentacion/contratacion/contrato/listarContrato.xhtml HTTP/1.1" 200 2724
200.118.64.109 - - [26/Jun/2023:12:43:04 -0500] "POST /forms/lservlet;jsessionid=ac16012b30d6d292514a66794281bba3ecdb96987d97.e3iSbxaKaheRe3mKbh8Ta3yPby1ynknvrkLOlQzNp65In0 HTTP/1.1" 200 2
201.245.192.253 - - [26/Jun/2023:12:43:08 -0500] "POST /sipse/faces/presentacion/contratacion/contrato/listarContrato.xhtml HTTP/1.1" 200 10917
201.245.192.253 - - [26/Jun/2023:12:43:48 -0500] "POST /kwsrmcab/Wsrmcab  HTTP/1.1" 200 40807
181.56.171.197 - - [26/Jun/2023:12:44:46 -0500] "POST /sipse/faces/presentacion/financiero/solicitudProceso/consultarSolicitudProceso.xhtml HTTP/1.1" 200 46988
172.22.2.4 - - [26/Jun/2023:12:44:48 -0500] "GET /BLA/boletinlegal/consulta_actos.php?tipo=resoluciones&no=0569&usuario=&sector=&fecha=2020&resuelve= HTTP/1.1" 200 626
200.118.64.109 - - [26/Jun/2023:12:45:04 -0500] "POST /forms/lservlet;jsessionid=ac16012b30d6d292514a66794281bba3ecdb96987d97.e3iSbxaKaheRe3mKbh8Ta3yPby1ynknvrkLOlQzNp65In0 HTTP/1.1" 200 2
173.252.95.16 - - [26/Jun/2023:12:45:36 -0500] "GET /en-esta-navidad-bogota-esta-mejorando-con-mas-espacios-verdes-para-el-disfrute-de-la-ciudadania.html HTTP/1.1" 200 1114
172.22.2.4 - - [26/Jun/2023:12:44:16 -0500] "HEAD /BLA/boletinlegal/ HTTP/1.1" 200 -
172.22.2.4 - - [26/Jun/2023:12:45:06 -0500] "GET /BLA/boletinlegal/ HTTP/1.1" 200 55739
200.118.64.109 - - [26/Jun/2023:12:47:04 -0500] "POST /forms/lservlet;jsessionid=ac16012b30d6d292514a66794281bba3ecdb96987d97.e3iSbxaKaheRe3mKbh8Ta3yPby1ynknvrkLOlQzNp65In0 HTTP/1.1" 200 2
216.245.221.92 - - [26/Jun/2023:12:47:51 -0500] "HEAD / HTTP/1.1" 200 -
186.84.20.231 - - [26/Jun/2023:12:48:38 -0500] "GET /BLA/resoluciones/ HTTP/1.1" 200 13502
186.84.20.231 - - [26/Jun/2023:12:48:45 -0500] "GET /BLA/resoluciones/index.php?dir=RESOLUCIONES+2021%2F HTTP/1.1" 200 441180
201.245.192.253 - - [26/Jun/2023:12:48:46 -0500] "POST /kwsrmcab/Wsrmcab  HTTP/1.1" 200 40807
186.84.20.231 - - [26/Jun/2023:12:48:51 -0500] "GET /BLA/resoluciones/RESOLUCIONES%202021/5308.pdf HTTP/1.1" 200 619237
186.84.20.231 - - [26/Jun/2023:12:48:51 -0500] "GET /BLA/resoluciones/RESOLUCIONES%202021/5308.pdf HTTP/1.1" 206 1025
186.84.20.231 - - [26/Jun/2023:12:48:51 -0500] "GET /BLA/resoluciones/RESOLUCIONES%202021/5308.pdf HTTP/1.1" 200 619237
200.118.64.109 - - [26/Jun/2023:12:49:04 -0500] "POST /forms/lservlet;jsessionid=ac16012b30d6d292514a66794281bba3ecdb96987d97.e3iSbxaKaheRe3mKbh8Ta3yPby1ynknvrkLOlQzNp65In0 HTTP/1.1" 200 2
201.245.192.253 - - [26/Jun/2023:12:50:57 -0500] "POST /sipse/faces/presentacion/financiero/solicitudProceso/consultar.xhtml HTTP/1.1" 200 12992
201.245.192.253 - - [26/Jun/2023:12:50:57 -0500] "POST /sipse/faces/presentacion/financiero/solicitudProceso/consultar.xhtml HTTP/1.1" 200 12992
200.118.64.109 - - [26/Jun/2023:12:51:04 -0500] "POST /forms/lservlet;jsessionid=ac16012b30d6d292514a66794281bba3ecdb96987d97.e3iSbxaKaheRe3mKbh8Ta3yPby1ynknvrkLOlQzNp65In0 HTTP/1.1" 200 2
172.22.2.4 - - [26/Jun/2023:12:51:35 -0500] "GET /BLA/boletinlegal/actos.php HTTP/1.1" 200 9682
172.22.2.4 - - [26/Jun/2023:12:51:35 -0500] "GET /BLA/boletinlegal/favicon.ico HTTP/1.1" 404 1326
191.111.35.240 - - [26/Jun/2023:12:51:39 -0500] "GET /BLA/resoluciones/ HTTP/1.1" 200 13502
191.111.35.240 - - [26/Jun/2023:12:51:41 -0500] "GET /BLA/resoluciones/index.php?dir=AUTOS+2022%2F HTTP/1.1" 200 498674
172.22.2.4 - - [26/Jun/2023:12:50:06 -0500] "HEAD /BLA/boletinlegal/ HTTP/1.1" 200 -
66.249.66.38 - - [26/Jun/2023:12:51:49 -0500] "GET /images/Secretaria-d%C3%ADa-del-arbol-2023-abril.jpg HTTP/1.1" 404 1034
172.22.2.4 - - [26/Jun/2023:12:50:56 -0500] "GET /BLA/boletinlegal/ HTTP/1.1" 200 57272
216.245.221.92 - - [26/Jun/2023:12:52:51 -0500] "HEAD / HTTP/1.1" 200 -
200.118.64.109 - - [26/Jun/2023:12:53:04 -0500] "POST /forms/lservlet;jsessionid=ac16012b30d6d292514a66794281bba3ecdb96987d97.e3iSbxaKaheRe3mKbh8Ta3yPby1ynknvrkLOlQzNp65In0 HTTP/1.1" 200 2
201.245.192.253 - - [26/Jun/2023:12:53:17 -0500] "POST /sipse/faces/presentacion/financiero/solicitudProceso/listarSolicitudProceso.xhtml HTTP/1.1" 200 31866
201.245.192.253 - - [26/Jun/2023:12:53:20 -0500] "POST /sipse/faces/presentacion/financiero/solicitudProceso/listarSolicitudProceso.xhtml HTTP/1.1" 200 22920
186.30.116.46 - - [26/Jun/2023:12:53:20 -0500] "GET /sipse/faces/index.xhtml HTTP/1.1" 200 677
186.30.116.46 - - [26/Jun/2023:12:53:20 -0500] "GET /sipse/faces/javax.faces.resource/theme.css?ln=primefaces-sipse HTTP/1.1" 200 50058
186.30.116.46 - - [26/Jun/2023:12:53:20 -0500] "GET /sipse/faces/faces/autenticacion.xhtml HTTP/1.1" 200 12177
186.30.116.46 - - [26/Jun/2023:12:53:21 -0500] "GET /sipse/js/funciones.js HTTP/1.1" 200 12592
186.30.116.46 - - [26/Jun/2023:12:53:21 -0500] "GET /sipse/css/custom_css_sg.css HTTP/1.1" 200 9694
186.30.116.46 - - [26/Jun/2023:12:53:21 -0500] "GET /sipse/js/disable_browser_buttons.js HTTP/1.1" 304 -
186.30.116.46 - - [26/Jun/2023:12:53:21 -0500] "GET /sipse/css/custom_css_sg_prime_login.css HTTP/1.1" 304 -
186.30.116.46 - - [26/Jun/2023:12:53:21 -0500] "GET /sipse/faces/javax.faces.resource/theme.css?ln=primefaces-sipse HTTP/1.1" 304 -
186.30.116.46 - - [26/Jun/2023:12:53:21 -0500] "GET /sipse/faces/javax.faces.resource/layout/layout.css?ln=primefaces&v=4.0 HTTP/1.1" 304 -
186.30.116.46 - - [26/Jun/2023:12:53:21 -0500] "GET /sipse/faces/javax.faces.resource/layout/layout.js?ln=primefaces&v=4.0 HTTP/1.1" 200 87560
186.30.116.46 - - [26/Jun/2023:12:53:21 -0500] "GET /sipse/faces/javax.faces.resource/jquery/jquery.js?ln=primefaces&v=4.0 HTTP/1.1" 200 105384
186.30.116.46 - - [26/Jun/2023:12:53:21 -0500] "GET /sipse/faces/javax.faces.resource/jquery/jquery-plugins.js?ln=primefaces&v=4.0 HTTP/1.1" 200 220526
186.30.116.46 - - [26/Jun/2023:12:53:21 -0500] "GET /sipse/faces/javax.faces.resource/primefaces.css?ln=primefaces&v=4.0 HTTP/1.1" 200 53295
186.30.116.46 - - [26/Jun/2023:12:53:21 -0500] "GET /sipse/faces/javax.faces.resource/primefaces.js?ln=primefaces&v=4.0 HTTP/1.1" 200 276924
186.30.116.46 - - [26/Jun/2023:12:53:21 -0500] "GET /sipse/css/imagen/loginimg.png HTTP/1.1" 200 71635
186.30.116.46 - - [26/Jun/2023:12:53:21 -0500] "GET /sipse/css/imagen/logoSDG.png HTTP/1.1" 200 53064
186.30.116.46 - - [26/Jun/2023:12:53:21 -0500] "GET /sipse/faces/javax.faces.resource/images/ui-icons_898989_256x240.png?ln=primefaces-aristo HTTP/1.1" 304 -
186.30.116.46 - - [26/Jun/2023:12:53:25 -0500] "POST /sipse/faces/autenticacion.xhtml HTTP/1.1" 200 2223
186.30.116.46 - - [26/Jun/2023:12:53:25 -0500] "GET /sipse/faces/javax.faces.resource/messages/messages.png?ln=primefaces&v=4.0 HTTP/1.1" 200 27209
186.30.116.46 - - [26/Jun/2023:12:53:28 -0500] "POST /sipse/faces/autenticacion.xhtml HTTP/1.1" 200 16340
186.30.116.46 - - [26/Jun/2023:12:53:28 -0500] "GET /sipse/css/custom_css_sg_prime.css HTTP/1.1" 304 -
186.30.116.46 - - [26/Jun/2023:12:53:28 -0500] "GET /sipse/faces/javax.faces.resource/layout/layout.css?ln=primefaces&v=4.0 HTTP/1.1" 304 -
186.30.116.46 - - [26/Jun/2023:12:53:28 -0500] "GET /sipse/faces/javax.faces.resource/primefaces.css?ln=primefaces&v=4.0 HTTP/1.1" 304 -
186.30.116.46 - - [26/Jun/2023:12:53:28 -0500] "GET /sipse/faces/javax.faces.resource/theme.css?ln=primefaces-sipse HTTP/1.1" 304 -
186.30.116.46 - - [26/Jun/2023:12:53:28 -0500] "GET /sipse/js/jquery.min.js HTTP/1.1" 200 85582
186.30.116.46 - - [26/Jun/2023:12:53:28 -0500] "GET /sipse/faces/javax.faces.resource/jquery/jquery.js?ln=primefaces&v=4.0 HTTP/1.1" 304 -
186.30.116.46 - - [26/Jun/2023:12:53:29 -0500] "GET /sipse/faces/javax.faces.resource/jquery/jquery-plugins.js?ln=primefaces&v=4.0 HTTP/1.1" 304 -
186.30.116.46 - - [26/Jun/2023:12:53:29 -0500] "GET /sipse/faces/javax.faces.resource/primefaces.js?ln=primefaces&v=4.0 HTTP/1.1" 304 -
186.30.116.46 - - [26/Jun/2023:12:53:29 -0500] "GET /sipse/faces/javax.faces.resource/layout/layout.js?ln=primefaces&v=4.0 HTTP/1.1" 304 -
186.30.116.46 - - [26/Jun/2023:12:53:29 -0500] "GET /sipse/css/imagen/contrasena.png HTTP/1.1" 404 383
186.30.116.46 - - [26/Jun/2023:12:53:29 -0500] "GET /sipse/css/v_mergente.css HTTP/1.1" 304 -
186.30.116.46 - - [26/Jun/2023:12:53:29 -0500] "GET /sipse/imagenes/cargando.gif HTTP/1.1" 200 36959
186.30.116.46 - - [26/Jun/2023:12:53:29 -0500] "GET /sipse/imagenes/logoAplicacion.jpg HTTP/1.1" 200 155084
186.30.116.46 - - [26/Jun/2023:12:53:34 -0500] "GET /sipse/faces/javax.faces.resource/images/ui-bg_flat_0_2d5972_40x100.png?ln=primefaces-aristo HTTP/1.1" 304 -
186.30.116.46 - - [26/Jun/2023:12:53:34 -0500] "POST /sipse/faces/bienvenido.xhtml HTTP/1.1" 200 2658
186.30.116.46 - - [26/Jun/2023:12:53:36 -0500] "POST /sipse/faces/bienvenido.xhtml HTTP/1.1" 200 63056
186.30.116.46 - - [26/Jun/2023:12:53:37 -0500] "GET /sipse/faces/javax.faces.resource/layout/layout.css?ln=primefaces&v=4.0 HTTP/1.1" 304 -
186.30.116.46 - - [26/Jun/2023:12:53:37 -0500] "GET /sipse/faces/javax.faces.resource/primefaces.css?ln=primefaces&v=4.0 HTTP/1.1" 304 -
186.30.116.46 - - [26/Jun/2023:12:53:37 -0500] "GET /sipse/faces/javax.faces.resource/theme.css?ln=primefaces-sipse HTTP/1.1" 304 -
186.30.116.46 - - [26/Jun/2023:12:53:37 -0500] "GET /sipse/faces/javax.faces.resource/jquery/jquery.js?ln=primefaces&v=4.0 HTTP/1.1" 304 -
186.30.116.46 - - [26/Jun/2023:12:53:37 -0500] "GET /sipse/faces/javax.faces.resource/jquery/jquery-plugins.js?ln=primefaces&v=4.0 HTTP/1.1" 304 -
186.30.116.46 - - [26/Jun/2023:12:53:37 -0500] "GET /sipse/faces/javax.faces.resource/primefaces.js?ln=primefaces&v=4.0 HTTP/1.1" 304 -
186.30.116.46 - - [26/Jun/2023:12:53:37 -0500] "GET /sipse/faces/javax.faces.resource/layout/layout.js?ln=primefaces&v=4.0 HTTP/1.1" 304 -
186.30.116.46 - - [26/Jun/2023:12:53:38 -0500] "POST /sipse/faces/presentacion/financiero/solicitudProceso/listarSolicitudProceso.xhtml HTTP/1.1" 200 1556
201.245.192.253 - - [26/Jun/2023:12:53:45 -0500] "POST /kwsrmcab/Wsrmcab  HTTP/1.1" 200 40807
181.56.171.197 - - [26/Jun/2023:12:53:49 -0500] "POST /sipse/faces/presentacion/financiero/solicitudProceso/consultarSolicitudProceso.xhtml HTTP/1.1" 200 295115
186.30.116.46 - - [26/Jun/2023:12:53:57 -0500] "POST /sipse/faces/presentacion/financiero/solicitudProceso/listarSolicitudProceso.xhtml HTTP/1.1" 200 59033
186.30.116.46 - - [26/Jun/2023:12:53:57 -0500] "GET /sipse/faces/javax.faces.resource/primefaces.css?ln=primefaces&v=4.0 HTTP/1.1" 304 -
186.30.116.46 - - [26/Jun/2023:12:53:57 -0500] "GET /sipse/faces/javax.faces.resource/theme.css?ln=primefaces-sipse HTTP/1.1" 304 -
186.30.116.46 - - [26/Jun/2023:12:53:57 -0500] "GET /sipse/faces/javax.faces.resource/layout/layout.css?ln=primefaces&v=4.0 HTTP/1.1" 304 -
186.30.116.46 - - [26/Jun/2023:12:53:57 -0500] "GET /sipse/faces/javax.faces.resource/jquery/jquery.js?ln=primefaces&v=4.0 HTTP/1.1" 304 -
186.30.116.46 - - [26/Jun/2023:12:53:57 -0500] "GET /sipse/faces/javax.faces.resource/jquery/jquery-plugins.js?ln=primefaces&v=4.0 HTTP/1.1" 304 -
186.30.116.46 - - [26/Jun/2023:12:53:57 -0500] "GET /sipse/faces/javax.faces.resource/primefaces.js?ln=primefaces&v=4.0 HTTP/1.1" 304 -
186.30.116.46 - - [26/Jun/2023:12:53:57 -0500] "GET /sipse/faces/javax.faces.resource/layout/layout.js?ln=primefaces&v=4.0 HTTP/1.1" 304 -
200.118.64.109 - - [26/Jun/2023:12:55:04 -0500] "POST /forms/lservlet;jsessionid=ac16012b30d6d292514a66794281bba3ecdb96987d97.e3iSbxaKaheRe3mKbh8Ta3yPby1ynknvrkLOlQzNp65In0 HTTP/1.1" 200 2
201.221.172.235 - - [26/Jun/2023:12:56:48 -0500] "GET /kwssiamovil/sm/des/ldap/au?x=U2FsdGVkX1+Kl/sV9uiLaFEC1/Yxl9WYgRbUQJvn+9oMu2cGWVz88P0cziU1Huw/&y=U2FsdGVkX1+P4WZoJvgWBpon56I5LrPClE+7o4hgfdjOgeFz9bU6OOL2g7aD+2c2 HTTP/1.1" 200 30
201.221.172.235 - - [26/Jun/2023:12:56:48 -0500] "GET /kwssiamovil/sm/des/acme/s?s=U2FsdGVkX1+v9pvfm3j2c2xBEmOA6t8EGvx/LJUaTVO0hSFEJnCoZZFlD2HGb2fCfkvOwag3KelqizjIf+Zy64Jcaru3hrJWATxbnHrog6Y=&u=U2FsdGVkX1/EEnpUEZ4c4gEBOCsG9a+EQEU8lRMjX1I=&y=U2FsdGVkX1+P4WZoJvgWBpon56I5LrPClE+7o4hgfdjOgeFz9bU6OOL2g7aD+2c2 HTTP/1.1" 200 97
