201.221.172.235 - - [26/Jun/2023:12:56:48 -0500] "GET /kwssiamovil/sm/des/acme/s?s=U2FsdGVkX1958Ge1CgxjUwr2DNJVIVYOSBKr9YrMuUcX6Ro7FLNd4YfnnZxUoTEUOrpc1NSGhqOsys1UDhQn7Io+aPOE/uv1Oh6G7nP6+TfCrdMd9oxRPUZePbVwbO46gfggzgOAtiv0yQBwi4HqUyJftZpYTiQ2R0voYxDhUBFSm2CSHeCcDG5lUTcjH/ciJjznAEEX9FZndIJurZwMWaUiPsJWK66ptk7zLp5Dl0PKJcBwIqqp8WiZ4yVeVYBiwodWl/6fK0cjWjfGxPaVkIXmDh2Ow/HJKxz1DYZciZBe70nG+RNryi5jB1wRR/MHc5Nl4aDLhdfB7a166wJwcfL6o+J6NBMmWo99pMgklxI6u+UneHYUSA3zSRt491hwfLvb/Bdv5NxyCjOHHGZhFVIyYeW4xvIb/DMGT/JZUiJD8DBOZ4yG89Dx1YHEE407Jt2kDjpxOXIK31MDBXCmDYccOJWfsY006zD7LqSO8/kBsPWhCU6OfzSBanjshOwJUrixqYY7LbCNUOYp1AJy6rwd43xF1MH9g9XyVc68FStqjtU+G/tm8HvQA3LIyjU7UPR6eBo+dho0uOntPqswUen9cvY04aZj/8uTnubnbjQcfz0DjgT+uV5w5uinE34p9tcerf+ci+MK/0QkD37b/6qIMOr0XHPZPNuX5Pibn7qZmC4FIZthzpmmJEvyZ9n9/JMW2YMnA4SUrkQtqRlsUjfZHUqiDg3GNAW6kUSNI0xsKjXNA/Vzf7qUzk/bmhfi+RbAGahLbhxIOw+Zj2EOB5S+tIgD/Xzk0zvPxaLuO2LnwH7KdktSnLhUx3ImR204/JAfxDISXPAbUW/tEFgnEzGt2MTQjJ+IM4Q0dWns2fL0MbfMDtJyONmExaUl0q0AUhRSGGzXh4hMxLWHDXjVHw19fRVbe10AReWeQPbzebknHadH53u/4f5bnBjaJoPz9uDOPQ3krWjLDQFZrOXTaSmsvxb4N8K9i5TZjAGwsRZo/cfg6AgQ4xpo5cyyK7+BEgquo7kXf+VrcD4qZDMnzWKB7TWv2w3w+AbuX0JIy+LjYeKQeHZ/qZpCpundduvuGjQdvjuJgyH0knqEICrdXifpphSvcYbDLlrzKSQTv5XcnYZFxa6DtrQEdOAMGp7uScPNkacxY3PQunizXCfp2gr/d9gtRR/adEmVoBXeBRKkhjogeaTSxPifhHaINigp4MJ2anllaJQznsZNxI1QLLsQo+oF5NoMwEo0d2ciCwkfQIR9dRQiSuNgd7Tm3wBK1lLC2SgsHno047v8w7xY9FQfS8lC0mNHtVqCOWS0wUQW5efr5ngtt28aP7JQwGBooi7zQEIk+Wt/9g/tO0XbQVw20/DzhG8dcXuvBfmW1R/+CL5KKzRF5U44FkHo0a9VvMvs22g/xsXHM2jLfKBylxlqm5eFdczvH1rJi0BuuUW4+YjZJCExpBUKp71M8Xnkv9Ov5out99dXi04rVBUvkV2lTRqfGU1mwNEzCkbIGnU675sDSZLyoHqSc3DSAx4PCLMFY2710fqZRPnVy8hGUd8D5vbCKxFMDGbeS7M6H+QYoDIRsJjF4/ZFg3srF9tiolMIqzlJB+IJvQinhhRx2idSrDPZV/a0TUwG0Q7HU+/rx4gefC7bbCPz8pglxwlxi7owPPZoKQK/8ZFTq6orgyIFFfwJP0WgrZfsO1abd0lqXnxznyX5Yx6zD1pjJfOpV78Vwq5XuNgC1GYGnXFPym4OJRHfbKYJZwqdxqvrWyU=&u=U2FsdGVkX1/EEnpUEZ4c4gEBOCsG9a+EQEU8lRMjX1I=&y=U2FsdGVkX1+P4WZoJvgWBpon56I5LrPClE+7o4hgfdjOgeFz9bU6OOL2g7aD+2c2 HTTP/1.1" 200 362
201.221.172.235 - - [26/Jun/2023:12:56:49 -0500] "GET /kwssiamovil/sm/des/acme/s?s=U2FsdGVkX1+K/YR6iYZRTMN8qd79dWPFG/o8T4Y0OVSpQYMlotQVKhrwwIv74NTgJL0gT4B3yGJHM0JJ8LQL/9eEsO/xggHEa1nxnHHXIM9nC/Btn8DQWOhF2wGaT74JGzHOY8vly/zgvASwLkg2LngKs5c1niaG0qsDqPdsEINAG26qWRk7vGL4ScRpdTaYc/8kjRK0v3tpxxCGndSuiPSnjTLM8MevBxbmiVXnxS0V5UzUOi8pnwrSP1vku3sRyjulH73oU44cL/AigYr6jQbiXIhZvV4n3/tMF5jfQqw+NMz2ok+vtHHccvQ7TgyhUUTp6Vx+Lbp+J/EZVWVLWHPBpbhYAiNtkrF8ynfpo7ojA/WkSM4hahz/k/OiCU940rnjlp64WCO3aZQ+VjL1kDHc95EPhLwmLN5L4esFElyVYqYiZLi6efADKJMq5LhhCezr2Hj0wOiqu7fvImX/7fMQIIXalfBgzEm6fd2j9mdRS+Dw55jtOqEKODulEUU3wY9YRz0uqIv5hV1ztAkM96/t9LA3jRr8wOP8GWt0mVj1JbImanLQYsSmssQ5nCeUPsSoree7so3JLSzZwBTg3hUvfi7zmSPHZg0yw9SKX25Blns3DpocP28L4NHLc/tszS4T2bfFcvYUH1VRHQ8EOHtDhFpsyU/B0lyeDzosevHVepexceDFZZgzheYl2qQZLZR67PE4/k3H0Oi4CsTQ7YvE+GXO6c+Whulv55Ap9/qJf0G//vZx6BrXHQ7FAyAf&u=U2FsdGVkX1/EEnpUEZ4c4gEBOCsG9a+EQEU8lRMjX1I=&y=U2FsdGVkX1+P4WZoJvgWBpon56I5LrPClE+7o4hgfdjOgeFz9bU6OOL2g7aD+2c2 HTTP/1.1" 200 208
186.30.116.46 - - [26/Jun/2023:12:56:50 -0500] "POST /sipse/faces/presentacion/financiero/solicitudProceso/crearModificarSolicitudProceso.xhtml HTTP/1.1" 200 26673
201.221.172.235 - - [26/Jun/2023:12:56:49 -0500] "GET /kwssiamovil/sm/des/cjson/pre?f=1&x=U2FsdGVkX1+Kl/sV9uiLaFEC1/Yxl9WYgRbUQJvn+9oMu2cGWVz88P0cziU1Huw/ HTTP/1.1" 200 31032
66.249.73.104 - - [26/Jun/2023:12:57:01 -0500] "-" 408 -
200.118.64.109 - - [26/Jun/2023:12:57:04 -0500] "POST /forms/lservlet;jsessionid=ac16012b30d6d292514a66794281bba3ecdb96987d97.e3iSbxaKaheRe3mKbh8Ta3yPby1ynknvrkLOlQzNp65In0 HTTP/1.1" 200 2
172.22.2.4 - - [26/Jun/2023:12:55:56 -0500] "HEAD /BLA/boletinlegal/ HTTP/1.1" 200 -
213.186.1.246 - - [26/Jun/2023:12:57:47 -0500] "-" 408 -
216.245.221.92 - - [26/Jun/2023:12:57:51 -0500] "HEAD / HTTP/1.1" 200 -
172.22.2.4 - - [26/Jun/2023:12:56:46 -0500] "GET /BLA/boletinlegal/ HTTP/1.1" 200 52495
52.167.144.66 - - [26/Jun/2023:12:58:29 -0500] "GET /BLA/resoluciones/AUTOS%202022/2191.pdf HTTP/1.1" 200 369991
186.30.116.46 - - [26/Jun/2023:12:58:43 -0500] "POST /sipse/faces/presentacion/financiero/solicitudProceso/crearModificarSolicitudProceso.xhtml HTTP/1.1" 200 24603
186.30.116.46 - - [26/Jun/2023:12:58:44 -0500] "GET /sipse/faces/javax.faces.resource/theme.css?ln=primefaces-sipse HTTP/1.1" 304 -
186.30.116.46 - - [26/Jun/2023:12:58:44 -0500] "GET /sipse/faces/javax.faces.resource/primefaces.css?ln=primefaces&v=4.0 HTTP/1.1" 304 -
186.30.116.46 - - [26/Jun/2023:12:58:44 -0500] "GET /sipse/faces/javax.faces.resource/layout/layout.css?ln=primefaces&v=4.0 HTTP/1.1" 304 -
186.30.116.46 - - [26/Jun/2023:12:58:44 -0500] "GET /sipse/faces/javax.faces.resource/jquery/jquery.js?ln=primefaces&v=4.0 HTTP/1.1" 304 -
186.30.116.46 - - [26/Jun/2023:12:58:44 -0500] "GET /sipse/faces/javax.faces.resource/jquery/jquery-plugins.js?ln=primefaces&v=4.0 HTTP/1.1" 304 -
186.30.116.46 - - [26/Jun/2023:12:58:44 -0500] "GET /sipse/faces/javax.faces.resource/primefaces.js?ln=primefaces&v=4.0 HTTP/1.1" 304 -
186.30.116.46 - - [26/Jun/2023:12:58:44 -0500] "GET /sipse/faces/javax.faces.resource/layout/layout.js?ln=primefaces&v=4.0 HTTP/1.1" 304 -
186.30.116.46 - - [26/Jun/2023:12:58:44 -0500] "GET /sipse/faces/javax.faces.resource/images/ui-icons_898989_256x240.png?ln=primefaces-aristo HTTP/1.1" 304 -
201.245.192.253 - - [26/Jun/2023:12:58:44 -0500] "POST /kwsrmcab/Wsrmcab  HTTP/1.1" 200 40807
201.245.192.253 - - [26/Jun/2023:12:58:48 -0500] "POST /sipse/faces/presentacion/contratacion/contrato/listarContrato.xhtml HTTP/1.1" 200 7914
201.245.192.253 - - [26/Jun/2023:12:58:55 -0500] "POST /sipse/faces/presentacion/contratacion/contrato/listarContrato.xhtml HTTP/1.1" 200 7906
201.245.192.253 - - [26/Jun/2023:12:58:56 -0500] "POST /sipse/faces/presentacion/contratacion/contrato/listarContrato.xhtml HTTP/1.1" 200 7914
201.245.192.253 - - [26/Jun/2023:12:59:03 -0500] "POST /sipse/faces/presentacion/contratacion/contrato/listarContrato.xhtml HTTP/1.1" 200 7906
201.245.192.253 - - [26/Jun/2023:12:59:04 -0500] "POST /sipse/faces/presentacion/contratacion/contrato/listarContrato.xhtml HTTP/1.1" 200 7914
201.245.192.253 - - [26/Jun/2023:12:59:04 -0500] "POST /sipse/faces/presentacion/contratacion/contrato/listarContrato.xhtml HTTP/1.1" 200 7906
200.118.64.109 - - [26/Jun/2023:12:59:05 -0500] "POST /forms/lservlet;jsessionid=ac16012b30d6d292514a66794281bba3ecdb96987d97.e3iSbxaKaheRe3mKbh8Ta3yPby1ynknvrkLOlQzNp65In0 HTTP/1.1" 200 2
201.245.192.253 - - [26/Jun/2023:12:59:16 -0500] "POST /sipse/faces/presentacion/contratacion/contrato/listarContrato.xhtml HTTP/1.1" 200 17145
201.245.192.253 - - [26/Jun/2023:12:59:16 -0500] "POST /sipse/faces/presentacion/contratacion/contrato/listarContrato.xhtml HTTP/1.1" 200 2720
201.245.192.253 - - [26/Jun/2023:12:59:16 -0500] "POST /sipse/faces/presentacion/contratacion/contrato/listarContrato.xhtml HTTP/1.1" 200 17145
201.245.192.253 - - [26/Jun/2023:12:59:17 -0500] "POST /sipse/faces/presentacion/contratacion/contrato/listarContrato.xhtml HTTP/1.1" 200 2720
201.245.192.253 - - [26/Jun/2023:12:59:20 -0500] "POST /sipse/faces/presentacion/contratacion/contrato/listarContrato.xhtml HTTP/1.1" 200 10963
186.30.116.46 - - [26/Jun/2023:12:59:23 -0500] "GET /sipse/faces/javax.faces.resource/images/ui-bg_flat_0_2d5972_40x100.png?ln=primefaces-aristo HTTP/1.1" 304 -
186.30.116.46 - - [26/Jun/2023:12:59:23 -0500] "POST /sipse/faces/presentacion/financiero/solicitudProyectoActividad/asociarProyectoSolicitud.xhtml HTTP/1.1" 200 6805
201.245.192.253 - - [26/Jun/2023:12:59:27 -0500] "POST /sipse/faces/presentacion/contratacion/contrato/listarContrato.xhtml HTTP/1.1" 200 10933
201.245.192.253 - - [26/Jun/2023:12:59:36 -0500] "POST /sipse/faces/presentacion/contratacion/contrato/listarContrato.xhtml HTTP/1.1" 200 10979
190.60.254.221 - - [26/Jun/2023:12:59:45 -0500] "GET /ruta-de-la-libertad-mas-de-400-animales-silvestres-fueron-liberados-por-la-secretaria-de-ambiente-en-el-cesar.html HTTP/1.1" 200 853
186.30.116.46 - - [26/Jun/2023:12:59:59 -0500] "POST /sipse/faces/presentacion/financiero/solicitudProyectoActividad/asociarProyectoSolicitud.xhtml HTTP/1.1" 200 1696
40.77.190.31 - - [26/Jun/2023:13:00:18 -0500] "GET /galeria/galeria/jquery.fancybox.js?v=2.1.5 HTTP/1.1" 200 48706
186.30.116.46 - - [26/Jun/2023:13:00:30 -0500] "POST /sipse/faces/presentacion/financiero/solicitudProyectoActividad/asociarProyectoSolicitud.xhtml HTTP/1.1" 200 77225
186.30.116.46 - - [26/Jun/2023:13:00:31 -0500] "GET /sipse/faces/javax.faces.resource/theme.css?ln=primefaces-sipse HTTP/1.1" 304 -
186.30.116.46 - - [26/Jun/2023:13:00:31 -0500] "GET /sipse/faces/javax.faces.resource/primefaces.css?ln=primefaces&v=4.0 HTTP/1.1" 304 -
186.30.116.46 - - [26/Jun/2023:13:00:31 -0500] "GET /sipse/faces/javax.faces.resource/layout/layout.css?ln=primefaces&v=4.0 HTTP/1.1" 304 -
186.30.116.46 - - [26/Jun/2023:13:00:31 -0500] "GET /sipse/faces/javax.faces.resource/jquery/jquery.js?ln=primefaces&v=4.0 HTTP/1.1" 304 -
186.30.116.46 - - [26/Jun/2023:13:00:31 -0500] "GET /sipse/faces/javax.faces.resource/jquery/jquery-plugins.js?ln=primefaces&v=4.0 HTTP/1.1" 304 -
186.30.116.46 - - [26/Jun/2023:13:00:31 -0500] "GET /sipse/faces/javax.faces.resource/primefaces.js?ln=primefaces&v=4.0 HTTP/1.1" 304 -
186.30.116.46 - - [26/Jun/2023:13:00:31 -0500] "GET /sipse/faces/javax.faces.resource/layout/layout.js?ln=primefaces&v=4.0 HTTP/1.1" 304 -
186.30.116.46 - - [26/Jun/2023:13:01:04 -0500] "POST /sipse/faces/presentacion/financiero/solicitudProyectoActividad/asociarActividadSolicitud.xhtml HTTP/1.1" 200 58372
186.30.116.46 - - [26/Jun/2023:13:01:05 -0500] "GET /sipse/faces/javax.faces.resource/theme.css?ln=primefaces-sipse HTTP/1.1" 304 -
186.30.116.46 - - [26/Jun/2023:13:01:05 -0500] "GET /sipse/faces/javax.faces.resource/primefaces.css?ln=primefaces&v=4.0 HTTP/1.1" 304 -
186.30.116.46 - - [26/Jun/2023:13:01:05 -0500] "GET /sipse/faces/javax.faces.resource/layout/layout.css?ln=primefaces&v=4.0 HTTP/1.1" 304 -
200.118.64.109 - - [26/Jun/2023:13:01:05 -0500] "POST /forms/lservlet;jsessionid=ac16012b30d6d292514a66794281bba3ecdb96987d97.e3iSbxaKaheRe3mKbh8Ta3yPby1ynknvrkLOlQzNp65In0 HTTP/1.1" 200 2
186.30.116.46 - - [26/Jun/2023:13:01:05 -0500] "GET /sipse/faces/javax.faces.resource/jquery/jquery.js?ln=primefaces&v=4.0 HTTP/1.1" 304 -
186.30.116.46 - - [26/Jun/2023:13:01:05 -0500] "GET /sipse/faces/javax.faces.resource/jquery/jquery-plugins.js?ln=primefaces&v=4.0 HTTP/1.1" 304 -
186.30.116.46 - - [26/Jun/2023:13:01:05 -0500] "GET /sipse/faces/javax.faces.resource/primefaces.js?ln=primefaces&v=4.0 HTTP/1.1" 304 -
186.30.116.46 - - [26/Jun/2023:13:01:05 -0500] "GET /sipse/faces/javax.faces.resource/layout/layout.js?ln=primefaces&v=4.0 HTTP/1.1" 304 -
186.30.116.46 - - [26/Jun/2023:13:01:05 -0500] "GET /sipse/css/imagen/contrasena.png HTTP/1.1" 404 383
186.30.116.46 - - [26/Jun/2023:13:01:16 -0500] "POST /sipse/faces/presentacion/financiero/solicitudProceso/crearModificarSolicitudProceso.xhtml HTTP/1.1" 200 24776
186.30.116.46 - - [26/Jun/2023:13:01:20 -0500] "POST /sipse/faces/presentacion/financiero/solicitudProceso/crearModificarSolicitudProceso.xhtml HTTP/1.1" 200 44645
186.30.116.46 - - [26/Jun/2023:13:01:24 -0500] "GET /sipse/faces/javax.faces.resource/theme.css?ln=primefaces-sipse HTTP/1.1" 304 -
186.30.116.46 - - [26/Jun/2023:13:01:24 -0500] "GET /sipse/faces/javax.faces.resource/layout/layout.js?ln=primefaces&v=4.0 HTTP/1.1" 304 -
186.30.116.46 - - [26/Jun/2023:13:01:24 -0500] "GET /sipse/faces/javax.faces.resource/jquery/jquery.js?ln=primefaces&v=4.0 HTTP/1.1" 304 -
186.30.116.46 - - [26/Jun/2023:13:01:24 -0500] "GET /sipse/faces/javax.faces.resource/layout/layout.css?ln=primefaces&v=4.0 HTTP/1.1" 304 -
186.30.116.46 - - [26/Jun/2023:13:01:24 -0500] "GET /sipse/faces/javax.faces.resource/primefaces.css?ln=primefaces&v=4.0 HTTP/1.1" 304 -
186.30.116.46 - - [26/Jun/2023:13:01:24 -0500] "GET /sipse/faces/javax.faces.resource/jquery/jquery-plugins.js?ln=primefaces&v=4.0 HTTP/1.1" 304 -
186.30.116.46 - - [26/Jun/2023:13:01:24 -0500] "GET /sipse/faces/javax.faces.resource/primefaces.js?ln=primefaces&v=4.0 HTTP/1.1" 304 -
107.189.11.166 - - [26/Jun/2023:13:01:53 -0500] "GET /wp-content/plugins/woocommerce/readme.txt HTTP/1.1" 404 1035
216.245.221.92 - - [26/Jun/2023:13:02:51 -0500] "HEAD / HTTP/1.1" 200 -
191.156.177.114 - - [26/Jun/2023:13:03:02 -0500] "GET /mas-de-100-arboles-fueron-plantados-en-el-humedal-de-techo.html HTTP/1.1" 200 750
200.118.64.109 - - [26/Jun/2023:13:03:05 -0500] "POST /forms/lservlet;jsessionid=ac16012b30d6d292514a66794281bba3ecdb96987d97.e3iSbxaKaheRe3mKbh8Ta3yPby1ynknvrkLOlQzNp65In0 HTTP/1.1" 200 2
186.30.116.46 - - [26/Jun/2023:13:03:08 -0500] "POST /sipse/faces/presentacion/financiero/contrato/consultarContratosSolicitudProceso.xhtml HTTP/1.1" 200 59179
186.30.116.46 - - [26/Jun/2023:13:03:09 -0500] "GET /sipse/faces/javax.faces.resource/theme.css?ln=primefaces-sipse HTTP/1.1" 304 -
186.30.116.46 - - [26/Jun/2023:13:03:09 -0500] "GET /sipse/faces/javax.faces.resource/primefaces.css?ln=primefaces&v=4.0 HTTP/1.1" 304 -
186.30.116.46 - - [26/Jun/2023:13:03:09 -0500] "GET /sipse/faces/javax.faces.resource/layout/layout.css?ln=primefaces&v=4.0 HTTP/1.1" 304 -
186.30.116.46 - - [26/Jun/2023:13:03:09 -0500] "GET /sipse/faces/javax.faces.resource/jquery/jquery.js?ln=primefaces&v=4.0 HTTP/1.1" 304 -
186.30.116.46 - - [26/Jun/2023:13:03:09 -0500] "GET /sipse/faces/javax.faces.resource/jquery/jquery-plugins.js?ln=primefaces&v=4.0 HTTP/1.1" 304 -
186.30.116.46 - - [26/Jun/2023:13:03:09 -0500] "GET /sipse/faces/javax.faces.resource/primefaces.js?ln=primefaces&v=4.0 HTTP/1.1" 304 -
186.30.116.46 - - [26/Jun/2023:13:03:09 -0500] "GET /sipse/faces/javax.faces.resource/layout/layout.js?ln=primefaces&v=4.0 HTTP/1.1" 304 -
172.22.2.4 - - [26/Jun/2023:13:01:46 -0500] "HEAD /BLA/boletinlegal/ HTTP/1.1" 200 -
52.167.144.60 - - [26/Jun/2023:13:03:35 -0500] "GET /sipse/faces/autenticacion.xhtml HTTP/1.1" 200 12499
201.245.192.253 - - [26/Jun/2023:13:03:42 -0500] "POST /kwsrmcab/Wsrmcab  HTTP/1.1" 200 40807
172.22.2.4 - - [26/Jun/2023:13:02:36 -0500] "GET /BLA/boletinlegal/ HTTP/1.1" 200 57272
201.245.192.253 - - [26/Jun/2023:13:04:36 -0500] "POST /sipse/faces/presentacion/contratacion/contrato/listarContrato.xhtml HTTP/1.1" 200 17141
201.245.192.253 - - [26/Jun/2023:13:04:36 -0500] "POST /sipse/faces/presentacion/contratacion/contrato/listarContrato.xhtml HTTP/1.1" 200 2724
201.245.192.253 - - [26/Jun/2023:13:04:38 -0500] "POST /sipse/faces/presentacion/contratacion/contrato/listarContrato.xhtml HTTP/1.1" 200 5831
201.245.192.253 - - [26/Jun/2023:13:04:39 -0500] "POST /sipse/faces/presentacion/contratacion/contrato/listarContrato.xhtml HTTP/1.1" 200 44982
201.245.192.253 - - [26/Jun/2023:13:04:39 -0500] "GET /sipse/faces/javax.faces.resource/jquery/jquery.js?ln=primefaces&v=4.0 HTTP/1.1" 304 -
201.245.192.253 - - [26/Jun/2023:13:04:39 -0500] "GET /sipse/faces/javax.faces.resource/jquery/jquery-plugins.js?ln=primefaces&v=4.0 HTTP/1.1" 304 -
201.245.192.253 - - [26/Jun/2023:13:04:39 -0500] "GET /sipse/faces/javax.faces.resource/primefaces.js?ln=primefaces&v=4.0 HTTP/1.1" 304 -
201.245.192.253 - - [26/Jun/2023:13:04:39 -0500] "GET /sipse/faces/javax.faces.resource/layout/layout.js?ln=primefaces&v=4.0 HTTP/1.1" 304 -
201.245.192.253 - - [26/Jun/2023:13:04:39 -0500] "POST /sipse/faces/presentacion/financiero/solicitudProceso/consultar.xhtml HTTP/1.1" 200 38401
201.245.192.253 - - [26/Jun/2023:13:04:42 -0500] "POST /sipse/faces/presentacion/financiero/solicitudProceso/consultar.xhtml HTTP/1.1" 200 12887
201.245.192.253 - - [26/Jun/2023:13:04:46 -0500] "POST /sipse/faces/presentacion/financiero/solicitudProceso/consultar.xhtml HTTP/1.1" 200 145709
201.245.192.253 - - [26/Jun/2023:13:04:47 -0500] "GET /sipse/faces/javax.faces.resource/jquery/jquery.js?ln=primefaces&v=4.0 HTTP/1.1" 304 -
201.245.192.253 - - [26/Jun/2023:13:04:47 -0500] "GET /sipse/faces/javax.faces.resource/jquery/jquery-plugins.js?ln=primefaces&v=4.0 HTTP/1.1" 304 -
201.245.192.253 - - [26/Jun/2023:13:04:47 -0500] "GET /sipse/faces/javax.faces.resource/primefaces.js?ln=primefaces&v=4.0 HTTP/1.1" 304 -
201.245.192.253 - - [26/Jun/2023:13:04:47 -0500] "GET /sipse/faces/javax.faces.resource/layout/layout.js?ln=primefaces&v=4.0 HTTP/1.1" 304 -
191.75.198.250 - - [26/Jun/2023:13:04:58 -0500] "-" 408 -
200.118.64.109 - - [26/Jun/2023:13:05:05 -0500] "POST /forms/lservlet;jsessionid=ac16012b30d6d292514a66794281bba3ecdb96987d97.e3iSbxaKaheRe3mKbh8Ta3yPby1ynknvrkLOlQzNp65In0 HTTP/1.1" 200 2
200.118.64.109 - - [26/Jun/2023:13:07:05 -0500] "POST /forms/lservlet;jsessionid=ac16012b30d6d292514a66794281bba3ecdb96987d97.e3iSbxaKaheRe3mKbh8Ta3yPby1ynknvrkLOlQzNp65In0 HTTP/1.1" 200 2
186.155.19.176 - - [26/Jun/2023:13:07:41 -0500] "GET /convocatoria-conviertete-en-nuestro-corresponsal-ambiental-y-aporta-a-la-transformacion-de-tu-localidad.html HTTP/1.1" 200 818
216.245.221.92 - - [26/Jun/2023:13:07:51 -0500] "HEAD / HTTP/1.1" 200 -
201.245.192.253 - - [26/Jun/2023:13:07:54 -0500] "POST /sipse/faces/presentacion/financiero/solicitudProceso/listarSolicitudProceso.xhtml HTTP/1.1" 200 31866
201.245.192.253 - - [26/Jun/2023:13:08:04 -0500] "POST /sipse/faces/presentacion/financiero/solicitudProceso/listarSolicitudProceso.xhtml HTTP/1.1" 200 31874
201.245.192.253 - - [26/Jun/2023:13:08:06 -0500] "POST /sipse/faces/presentacion/financiero/solicitudProceso/listarSolicitudProceso.xhtml HTTP/1.1" 200 22916
66.249.73.104 - - [26/Jun/2023:13:08:41 -0500] "-" 408 -
201.245.192.253 - - [26/Jun/2023:13:08:41 -0500] "POST /kwsrmcab/Wsrmcab  HTTP/1.1" 200 40807
200.118.64.109 - - [26/Jun/2023:13:09:05 -0500] "POST /forms/lservlet;jsessionid=ac16012b30d6d292514a66794281bba3ecdb96987d97.e3iSbxaKaheRe3mKbh8Ta3yPby1ynknvrkLOlQzNp65In0 HTTP/1.1" 200 2
172.22.2.4 - - [26/Jun/2023:13:07:36 -0500] "HEAD /BLA/boletinlegal/ HTTP/1.1" 200 -
172.22.2.4 - - [26/Jun/2023:13:08:26 -0500] "GET /BLA/boletinlegal/ HTTP/1.1" 200 59192
200.118.64.109 - - [26/Jun/2023:13:11:05 -0500] "POST /forms/lservlet;jsessionid=ac16012b30d6d292514a66794281bba3ecdb96987d97.e3iSbxaKaheRe3mKbh8Ta3yPby1ynknvrkLOlQzNp65In0 HTTP/1.1" 200 2
216.245.221.92 - - [26/Jun/2023:13:12:51 -0500] "HEAD / HTTP/1.1" 200 -
200.118.64.109 - - [26/Jun/2023:13:13:05 -0500] "POST /forms/lservlet;jsessionid=ac16012b30d6d292514a66794281bba3ecdb96987d97.e3iSbxaKaheRe3mKbh8Ta3yPby1ynknvrkLOlQzNp65In0 HTTP/1.1" 200 2
201.245.192.253 - - [26/Jun/2023:13:13:40 -0500] "POST /kwsrmcab/Wsrmcab  HTTP/1.1" 200 40807
66.249.73.104 - - [26/Jun/2023:13:15:02 -0500] "-" 408 -
200.118.64.109 - - [26/Jun/2023:13:15:05 -0500] "POST /forms/lservlet;jsessionid=ac16012b30d6d292514a66794281bba3ecdb96987d97.e3iSbxaKaheRe3mKbh8Ta3yPby1ynknvrkLOlQzNp65In0 HTTP/1.1" 200 2
172.22.2.4 - - [26/Jun/2023:13:13:26 -0500] "HEAD /BLA/boletinlegal/ HTTP/1.1" 200 -
69.63.184.9 - - [26/Jun/2023:13:15:18 -0500] "GET /secretaria-de-ambiente-abre-inscripciones-para-la-ruta-de-emprendimiento-verde-2022.html HTTP/1.1" 200 902
172.22.2.4 - - [26/Jun/2023:13:14:16 -0500] "GET /BLA/boletinlegal/ HTTP/1.1" 200 59192
69.63.184.120 - - [26/Jun/2023:13:16:17 -0500] "GET /images/caminatas-ecol\xc3\xb3gicas-marzo---1920x1080_optimized.jpg HTTP/1.1" 404 1034
31.13.127.8 - - [26/Jun/2023:13:16:31 -0500] "GET /ruta-de-la-libertad-mas-de-400-animales-silvestres-fueron-liberados-por-la-secretaria-de-ambiente-en-el-cesar.html HTTP/1.1" 200 853
31.13.127.19 - - [26/Jun/2023:13:16:31 -0500] "GET /ruta-de-la-libertad-mas-de-400-animales-silvestres-fueron-liberados-por-la-secretaria-de-ambiente-en-el-cesar.html HTTP/1.1" 200 853
31.13.127.119 - - [26/Jun/2023:13:16:32 -0500] "GET /ruta-de-la-libertad-mas-de-400-animales-silvestres-fueron-liberados-por-la-secretaria-de-ambiente-en-el-cesar.html HTTP/1.1" 200 853
200.118.64.109 - - [26/Jun/2023:13:17:05 -0500] "POST /forms/lservlet;jsessionid=ac16012b30d6d292514a66794281bba3ecdb96987d97.e3iSbxaKaheRe3mKbh8Ta3yPby1ynknvrkLOlQzNp65In0 HTTP/1.1" 200 2
31.13.127.18 - - [26/Jun/2023:13:17:10 -0500] "GET /ruta-de-la-libertad-mas-de-400-animales-silvestres-fueron-liberados-por-la-secretaria-de-ambiente-en-el-cesar.html?fbclid=IwAR04rpGzPF31sO10-ikhHAT7uUR3c1VWuwhbu9n1Uv-SRLq10Q3Ilz-dwBU HTTP/1.1" 200 853
216.245.221.92 - - [26/Jun/2023:13:17:51 -0500] "HEAD / HTTP/1.1" 200 -
201.245.192.253 - - [26/Jun/2023:13:18:38 -0500] "POST /kwsrmcab/Wsrmcab  HTTP/1.1" 200 40807
200.118.64.109 - - [26/Jun/2023:13:19:05 -0500] "POST /forms/lservlet;jsessionid=ac16012b30d6d292514a66794281bba3ecdb96987d97.e3iSbxaKaheRe3mKbh8Ta3yPby1ynknvrkLOlQzNp65In0 HTTP/1.1" 200 2
201.245.192.253 - - [26/Jun/2023:13:19:24 -0500] "POST /sipse/faces/presentacion/financiero/solicitudProceso/consultarSolicitudProceso.xhtml HTTP/1.1" 200 38556
201.245.192.253 - - [26/Jun/2023:13:19:29 -0500] "GET /sipse/faces/javax.faces.resource/jquery/jquery.js?ln=primefaces&v=4.0 HTTP/1.1" 304 -
201.245.192.253 - - [26/Jun/2023:13:19:29 -0500] "GET /sipse/faces/javax.faces.resource/jquery/jquery-plugins.js?ln=primefaces&v=4.0 HTTP/1.1" 304 -
201.245.192.253 - - [26/Jun/2023:13:19:29 -0500] "GET /sipse/faces/javax.faces.resource/primefaces.js?ln=primefaces&v=4.0 HTTP/1.1" 304 -
201.245.192.253 - - [26/Jun/2023:13:19:29 -0500] "GET /sipse/faces/javax.faces.resource/layout/layout.js?ln=primefaces&v=4.0 HTTP/1.1" 304 -
201.245.192.253 - - [26/Jun/2023:13:19:29 -0500] "POST /sipse/faces/presentacion/contratacion/contrato/listarContrato.xhtml HTTP/1.1" 200 31977
201.245.192.253 - - [26/Jun/2023:13:19:30 -0500] "POST /sipse/faces/presentacion/contratacion/contrato/listarContrato.xhtml HTTP/1.1" 200 31977
201.245.192.253 - - [26/Jun/2023:13:19:30 -0500] "POST /sipse/faces/presentacion/contratacion/contrato/listarContrato.xhtml HTTP/1.1" 200 31977
201.245.192.253 - - [26/Jun/2023:13:19:37 -0500] "POST /sipse/faces/presentacion/contratacion/contrato/listarContrato.xhtml HTTP/1.1" 200 69471
201.245.192.253 - - [26/Jun/2023:13:19:40 -0500] "POST /kwsrmcab/Wsrmcab HTTP/1.1" 200 40020
201.245.192.253 - - [26/Jun/2023:13:19:46 -0500] "POST /sipse/faces/presentacion/contratacion/contrato/listarContrato.xhtml HTTP/1.1" 200 10993
201.245.192.253 - - [26/Jun/2023:13:19:43 -0500] "POST /kwsrmcab/Wsrmcab HTTP/1.1" 200 40200
201.245.192.253 - - [26/Jun/2023:13:19:51 -0500] "POST /sipse/faces/presentacion/financiero/solicitudProceso/consultar.xhtml HTTP/1.1" 200 12992
201.245.192.253 - - [26/Jun/2023:13:19:52 -0500] "POST /sipse/faces/presentacion/financiero/solicitudProceso/consultar.xhtml HTTP/1.1" 200 12992
201.245.192.253 - - [26/Jun/2023:13:20:06 -0500] "POST /sipse/faces/presentacion/contratacion/contrato/listarContrato.xhtml HTTP/1.1" 200 17217
201.245.192.253 - - [26/Jun/2023:13:20:06 -0500] "POST /sipse/faces/presentacion/contratacion/contrato/listarContrato.xhtml HTTP/1.1" 200 2796
172.22.2.4 - - [26/Jun/2023:13:19:16 -0500] "HEAD /BLA/boletinlegal/ HTTP/1.1" 200 -
201.245.192.253 - - [26/Jun/2023:13:20:56 -0500] "GET /sipse/faces/index.xhtml HTTP/1.1" 200 677
201.245.192.253 - - [26/Jun/2023:13:20:56 -0500] "GET /sipse/faces/javax.faces.resource/theme.css?ln=primefaces-sipse HTTP/1.1" 304 -
201.245.192.253 - - [26/Jun/2023:13:20:56 -0500] "GET /sipse/faces/faces/autenticacion.xhtml HTTP/1.1" 200 12177
201.245.192.253 - - [26/Jun/2023:13:20:57 -0500] "GET /sipse/js/funciones.js HTTP/1.1" 304 -
201.245.192.253 - - [26/Jun/2023:13:20:57 -0500] "GET /sipse/js/disable_browser_buttons.js HTTP/1.1" 304 -
201.245.192.253 - - [26/Jun/2023:13:20:57 -0500] "GET /sipse/css/custom_css_sg.css HTTP/1.1" 304 -
201.245.192.253 - - [26/Jun/2023:13:20:57 -0500] "GET /sipse/faces/javax.faces.resource/jquery/jquery.js?ln=primefaces&v=4.0 HTTP/1.1" 304 -
201.245.192.253 - - [26/Jun/2023:13:20:57 -0500] "GET /sipse/faces/javax.faces.resource/layout/layout.css?ln=primefaces&v=4.0 HTTP/1.1" 304 -
201.245.192.253 - - [26/Jun/2023:13:20:57 -0500] "GET /sipse/css/custom_css_sg_prime_login.css HTTP/1.1" 304 -
201.245.192.253 - - [26/Jun/2023:13:20:57 -0500] "GET /sipse/faces/javax.faces.resource/theme.css?ln=primefaces-sipse HTTP/1.1" 304 -
201.245.192.253 - - [26/Jun/2023:13:20:57 -0500] "GET /sipse/faces/javax.faces.resource/primefaces.css?ln=primefaces&v=4.0 HTTP/1.1" 304 -
201.245.192.253 - - [26/Jun/2023:13:20:57 -0500] "GET /sipse/faces/javax.faces.resource/jquery/jquery-plugins.js?ln=primefaces&v=4.0 HTTP/1.1" 304 -
201.245.192.253 - - [26/Jun/2023:13:20:57 -0500] "GET /sipse/faces/javax.faces.resource/primefaces.js?ln=primefaces&v=4.0 HTTP/1.1" 304 -
201.245.192.253 - - [26/Jun/2023:13:20:57 -0500] "GET /sipse/faces/javax.faces.resource/layout/layout.js?ln=primefaces&v=4.0 HTTP/1.1" 304 -
201.245.192.253 - - [26/Jun/2023:13:20:57 -0500] "GET /sipse/css/imagen/loginimg.png HTTP/1.1" 304 -
201.245.192.253 - - [26/Jun/2023:13:20:58 -0500] "GET /sipse/faces/javax.faces.resource/images/ui-icons_898989_256x240.png?ln=primefaces-aristo HTTP/1.1" 304 -
201.245.192.253 - - [26/Jun/2023:13:20:58 -0500] "GET /sipse/css/imagen/logoSDG.png HTTP/1.1" 304 -
200.118.64.109 - - [26/Jun/2023:13:21:05 -0500] "POST /forms/lservlet;jsessionid=ac16012b30d6d292514a66794281bba3ecdb96987d97.e3iSbxaKaheRe3mKbh8Ta3yPby1ynknvrkLOlQzNp65In0 HTTP/1.1" 200 2
201.245.192.253 - - [26/Jun/2023:13:21:09 -0500] "POST /sipse/faces/autenticacion.xhtml HTTP/1.1" 200 2224
201.245.192.253 - - [26/Jun/2023:13:21:09 -0500] "GET /sipse/faces/javax.faces.resource/messages/messages.png?ln=primefaces&v=4.0 HTTP/1.1" 304 -
201.245.192.253 - - [26/Jun/2023:13:21:11 -0500] "POST /sipse/faces/autenticacion.xhtml HTTP/1.1" 200 16351
201.245.192.253 - - [26/Jun/2023:13:21:11 -0500] "GET /sipse/css/custom_css_sg_prime.css HTTP/1.1" 304 -
201.245.192.253 - - [26/Jun/2023:13:21:11 -0500] "GET /sipse/faces/javax.faces.resource/theme.css?ln=primefaces-sipse HTTP/1.1" 304 -
201.245.192.253 - - [26/Jun/2023:13:21:11 -0500] "GET /sipse/faces/javax.faces.resource/primefaces.css?ln=primefaces&v=4.0 HTTP/1.1" 304 -
201.245.192.253 - - [26/Jun/2023:13:21:11 -0500] "GET /sipse/faces/javax.faces.resource/layout/layout.css?ln=primefaces&v=4.0 HTTP/1.1" 304 -
201.245.192.253 - - [26/Jun/2023:13:21:11 -0500] "GET /sipse/js/jquery.min.js HTTP/1.1" 304 -
201.245.192.253 - - [26/Jun/2023:13:21:11 -0500] "GET /sipse/faces/javax.faces.resource/jquery/jquery.js?ln=primefaces&v=4.0 HTTP/1.1" 304 -
201.245.192.253 - - [26/Jun/2023:13:21:11 -0500] "GET /sipse/faces/javax.faces.resource/jquery/jquery-plugins.js?ln=primefaces&v=4.0 HTTP/1.1" 304 -
201.245.192.253 - - [26/Jun/2023:13:21:11 -0500] "GET /sipse/faces/javax.faces.resource/primefaces.js?ln=primefaces&v=4.0 HTTP/1.1" 304 -
201.245.192.253 - - [26/Jun/2023:13:21:11 -0500] "GET /sipse/faces/javax.faces.resource/layout/layout.js?ln=primefaces&v=4.0 HTTP/1.1" 304 -
201.245.192.253 - - [26/Jun/2023:13:21:11 -0500] "GET /sipse/css/v_mergente.css HTTP/1.1" 304 -
201.245.192.253 - - [26/Jun/2023:13:21:11 -0500] "GET /sipse/css/imagen/contrasena.png HTTP/1.1" 404 383
201.245.192.253 - - [26/Jun/2023:13:21:11 -0500] "GET /sipse/imagenes/cargando.gif HTTP/1.1" 304 -
201.245.192.253 - - [26/Jun/2023:13:21:11 -0500] "GET /sipse/imagenes/logoAplicacion.jpg HTTP/1.1" 304 -
201.245.192.253 - - [26/Jun/2023:13:21:34 -0500] "POST /sipse/faces/presentacion/financiero/solicitudProceso/consultar.xhtml HTTP/1.1" 200 12992
201.245.192.253 - - [26/Jun/2023:13:21:35 -0500] "POST /sipse/faces/presentacion/financiero/solicitudProceso/consultar.xhtml HTTP/1.1" 200 12992
201.245.192.253 - - [26/Jun/2023:13:21:35 -0500] "POST /sipse/faces/presentacion/financiero/solicitudProceso/consultar.xhtml HTTP/1.1" 200 12992
201.245.192.253 - - [26/Jun/2023:13:21:40 -0500] "GET /sipse/faces/javax.faces.resource/images/ui-bg_flat_0_2d5972_40x100.png?ln=primefaces-aristo HTTP/1.1" 304 -
201.245.192.253 - - [26/Jun/2023:13:21:41 -0500] "POST /sipse/faces/bienvenido.xhtml HTTP/1.1" 200 2073
201.245.192.253 - - [26/Jun/2023:13:21:42 -0500] "POST /sipse/faces/bienvenido.xhtml HTTP/1.1" 200 38990
201.245.192.253 - - [26/Jun/2023:13:21:44 -0500] "GET /sipse/faces/javax.faces.resource/theme.css?ln=primefaces-sipse HTTP/1.1" 304 -
201.245.192.253 - - [26/Jun/2023:13:21:44 -0500] "GET /sipse/faces/javax.faces.resource/layout/layout.css?ln=primefaces&v=4.0 HTTP/1.1" 304 -
201.245.192.253 - - [26/Jun/2023:13:21:44 -0500] "GET /sipse/faces/javax.faces.resource/primefaces.css?ln=primefaces&v=4.0 HTTP/1.1" 304 -
201.245.192.253 - - [26/Jun/2023:13:21:44 -0500] "GET /sipse/faces/javax.faces.resource/jquery/jquery.js?ln=primefaces&v=4.0 HTTP/1.1" 304 -
201.245.192.253 - - [26/Jun/2023:13:21:44 -0500] "GET /sipse/faces/javax.faces.resource/jquery/jquery-plugins.js?ln=primefaces&v=4.0 HTTP/1.1" 304 -
201.245.192.253 - - [26/Jun/2023:13:21:44 -0500] "GET /sipse/faces/javax.faces.resource/primefaces.js?ln=primefaces&v=4.0 HTTP/1.1" 304 -
201.245.192.253 - - [26/Jun/2023:13:21:44 -0500] "GET /sipse/faces/javax.faces.resource/layout/layout.js?ln=primefaces&v=4.0 HTTP/1.1" 304 -
172.22.2.4 - - [26/Jun/2023:13:20:06 -0500] "GET /BLA/boletinlegal/ HTTP/1.1" 200 57680
201.245.192.253 - - [26/Jun/2023:13:21:47 -0500] "POST /sipse/faces/presentacion/financiero/solicitudProceso/consultar.xhtml HTTP/1.1" 200 3790
201.245.192.253 - - [26/Jun/2023:13:21:49 -0500] "POST /sipse/faces/presentacion/financiero/solicitudProceso/consultar.xhtml HTTP/1.1" 200 66379
201.245.192.253 - - [26/Jun/2023:13:21:55 -0500] "GET /sipse/faces/javax.faces.resource/primefaces.css?ln=primefaces&v=4.0 HTTP/1.1" 304 -
201.245.192.253 - - [26/Jun/2023:13:21:55 -0500] "GET /sipse/faces/javax.faces.resource/layout/layout.css?ln=primefaces&v=4.0 HTTP/1.1" 304 -
201.245.192.253 - - [26/Jun/2023:13:21:55 -0500] "GET /sipse/faces/javax.faces.resource/jquery/jquery.js?ln=primefaces&v=4.0 HTTP/1.1" 304 -
201.245.192.253 - - [26/Jun/2023:13:21:55 -0500] "GET /sipse/faces/javax.faces.resource/theme.css?ln=primefaces-sipse HTTP/1.1" 304 -
201.245.192.253 - - [26/Jun/2023:13:21:56 -0500] "GET /sipse/faces/javax.faces.resource/jquery/jquery-plugins.js?ln=primefaces&v=4.0 HTTP/1.1" 304 -
201.245.192.253 - - [26/Jun/2023:13:21:56 -0500] "GET /sipse/faces/javax.faces.resource/primefaces.js?ln=primefaces&v=4.0 HTTP/1.1" 304 -
201.245.192.253 - - [26/Jun/2023:13:21:56 -0500] "GET /sipse/faces/javax.faces.resource/layout/layout.js?ln=primefaces&v=4.0 HTTP/1.1" 304 -
201.245.192.253 - - [26/Jun/2023:13:21:57 -0500] "POST /sipse/faces/presentacion/financiero/solicitudProceso/listarSolicitudProceso.xhtml HTTP/1.1" 200 59754
201.245.192.253 - - [26/Jun/2023:13:21:58 -0500] "POST /sipse/faces/presentacion/financiero/solicitudProceso/listarSolicitudProceso.xhtml HTTP/1.1" 200 1556
201.245.192.253 - - [26/Jun/2023:13:22:00 -0500] "POST /sipse/faces/presentacion/financiero/solicitudProceso/listarSolicitudProceso.xhtml HTTP/1.1" 200 1560
66.249.73.104 - - [26/Jun/2023:13:22:03 -0500] "-" 408 -
201.245.192.253 - - [26/Jun/2023:13:22:03 -0500] "POST /sipse/faces/presentacion/financiero/solicitudProceso/listarSolicitudProceso.xhtml HTTP/1.1" 200 44517
201.245.192.253 - - [26/Jun/2023:13:22:05 -0500] "POST /sipse/faces/presentacion/financiero/solicitudProceso/listarSolicitudProceso.xhtml HTTP/1.1" 200 44513
201.245.192.253 - - [26/Jun/2023:13:22:08 -0500] "POST /sipse/faces/presentacion/financiero/solicitudProceso/listarSolicitudProceso.xhtml HTTP/1.1" 200 39634
201.245.192.253 - - [26/Jun/2023:13:22:11 -0500] "POST /sipse/faces/presentacion/financiero/solicitudProceso/listarSolicitudProceso.xhtml HTTP/1.1" 200 39634
201.245.192.253 - - [26/Jun/2023:13:22:14 -0500] "POST /sipse/faces/presentacion/financiero/solicitudProceso/listarSolicitudProceso.xhtml HTTP/1.1" 200 39634
201.245.192.253 - - [26/Jun/2023:13:22:15 -0500] "POST /sipse/faces/presentacion/financiero/solicitudProceso/listarSolicitudProceso.xhtml HTTP/1.1" 200 39634
201.245.192.253 - - [26/Jun/2023:13:22:18 -0500] "POST /sipse/faces/presentacion/financiero/solicitudProceso/listarSolicitudProceso.xhtml HTTP/1.1" 200 17845
201.245.192.253 - - [26/Jun/2023:13:22:25 -0500] "POST /sipse/faces/presentacion/financiero/solicitudProceso/listarSolicitudProceso.xhtml HTTP/1.1" 200 44513
201.245.192.253 - - [26/Jun/2023:13:22:27 -0500] "POST /sipse/faces/presentacion/financiero/solicitudProceso/listarSolicitudProceso.xhtml HTTP/1.1" 200 44517
201.245.192.253 - - [26/Jun/2023:13:22:28 -0500] "POST /sipse/faces/presentacion/financiero/solicitudProceso/listarSolicitudProceso.xhtml HTTP/1.1" 200 44513
201.245.192.253 - - [26/Jun/2023:13:22:30 -0500] "POST /sipse/faces/presentacion/financiero/solicitudProceso/listarSolicitudProceso.xhtml HTTP/1.1" 200 44885
201.245.192.253 - - [26/Jun/2023:13:22:32 -0500] "POST /sipse/faces/presentacion/financiero/solicitudProceso/listarSolicitudProceso.xhtml HTTP/1.1" 200 44629
201.245.192.253 - - [26/Jun/2023:13:22:34 -0500] "POST /sipse/faces/presentacion/financiero/solicitudProceso/listarSolicitudProceso.xhtml HTTP/1.1" 200 44629
216.245.221.92 - - [26/Jun/2023:13:22:51 -0500] "HEAD / HTTP/1.1" 200 -
200.118.64.109 - - [26/Jun/2023:13:23:05 -0500] "POST /forms/lservlet;jsessionid=ac16012b30d6d292514a66794281bba3ecdb96987d97.e3iSbxaKaheRe3mKbh8Ta3yPby1ynknvrkLOlQzNp65In0 HTTP/1.1" 200 2
201.245.192.253 - - [26/Jun/2023:13:23:05 -0500] "POST /sipse/faces/presentacion/financiero/solicitudProceso/listarSolicitudProceso.xhtml HTTP/1.1" 200 17714
201.245.192.253 - - [26/Jun/2023:13:23:13 -0500] "POST /sipse/faces/presentacion/financiero/solicitudProceso/listarSolicitudProceso.xhtml HTTP/1.1" 200 17714
201.245.192.253 - - [26/Jun/2023:13:23:24 -0500] "POST /sipse/faces/presentacion/financiero/solicitudProceso/listarSolicitudProceso.xhtml HTTP/1.1" 200 17714
201.245.192.253 - - [26/Jun/2023:13:23:28 -0500] "POST /sipse/faces/presentacion/financiero/solicitudProceso/listarSolicitudProceso.xhtml HTTP/1.1" 200 44880
173.252.95.4 - - [26/Jun/2023:13:23:30 -0500] "GET /images/reciclaton-mayo-3-mayo.jpg HTTP/1.1" 200 278453
201.245.192.253 - - [26/Jun/2023:13:23:30 -0500] "POST /sipse/faces/presentacion/financiero/solicitudProceso/listarSolicitudProceso.xhtml HTTP/1.1" 200 20696
173.252.83.5 - - [26/Jun/2023:13:23:31 -0500] "GET /images/reciclaton-mayo-3-mayo.jpg HTTP/1.1" 200 278453
201.245.192.253 - - [26/Jun/2023:13:23:31 -0500] "POST /sipse/faces/presentacion/financiero/solicitudProceso/listarSolicitudProceso.xhtml HTTP/1.1" 200 44880
201.245.192.253 - - [26/Jun/2023:13:23:35 -0500] "POST /sipse/faces/presentacion/financiero/solicitudProceso/listarSolicitudProceso.xhtml HTTP/1.1" 200 23694
201.245.192.253 - - [26/Jun/2023:13:23:37 -0500] "POST /sipse/faces/presentacion/financiero/solicitudProceso/listarSolicitudProceso.xhtml HTTP/1.1" 200 23694
201.245.192.253 - - [26/Jun/2023:13:23:39 -0500] "POST /sipse/faces/presentacion/financiero/solicitudProceso/listarSolicitudProceso.xhtml HTTP/1.1" 200 23694
201.245.192.253 - - [26/Jun/2023:13:23:36 -0500] "POST /kwsrmcab/Wsrmcab  HTTP/1.1" 200 40807
201.245.192.253 - - [26/Jun/2023:13:23:51 -0500] "POST /sipse/faces/presentacion/financiero/solicitudProceso/listarSolicitudProceso.xhtml HTTP/1.1" 200 17773
52.167.144.66 - - [26/Jun/2023:13:24:01 -0500] "GET /catalogoisis/ HTTP/1.1" 200 8575
170.78.42.69 - - [26/Jun/2023:13:24:06 -0500] "GET /Autoliquidacion/ HTTP/1.1" 200 7098
170.78.42.69 - - [26/Jun/2023:13:24:06 -0500] "GET /Autoliquidacion/dlf/styles.css HTTP/1.1" 200 3045
170.78.42.69 - - [26/Jun/2023:13:24:06 -0500] "GET /Autoliquidacion/dlf/folder.png HTTP/1.1" 200 410
170.78.42.69 - - [26/Jun/2023:13:24:06 -0500] "GET /Autoliquidacion/dlf/bg.gif HTTP/1.1" 200 54
170.78.42.69 - - [26/Jun/2023:13:24:06 -0500] "GET /favicon.ico HTTP/1.1" 200 7782
173.252.87.7 - - [26/Jun/2023:13:24:53 -0500] "GET /images/plantacion-humedal-techo.jpg HTTP/1.1" 200 96792
173.252.111.8 - - [26/Jun/2023:13:24:54 -0500] "GET /mas-de-100-arboles-fueron-plantados-en-el-humedal-de-techo.html HTTP/1.1" 200 750
186.29.180.69 - - [26/Jun/2023:13:24:55 -0500] "GET /sipse/faces/javax.faces.resource/theme.css?ln=primefaces-sipse HTTP/1.1" 304 -
186.29.180.69 - - [26/Jun/2023:13:24:55 -0500] "GET /sipse/faces/javax.faces.resource/primefaces.css?ln=primefaces&v=4.0 HTTP/1.1" 304 -
186.29.180.69 - - [26/Jun/2023:13:24:55 -0500] "GET /sipse/faces/javax.faces.resource/layout/layout.css?ln=primefaces&v=4.0 HTTP/1.1" 304 -
186.29.180.69 - - [26/Jun/2023:13:24:55 -0500] "GET /sipse/faces/javax.faces.resource/jquery/jquery.js?ln=primefaces&v=4.0 HTTP/1.1" 304 -
186.29.180.69 - - [26/Jun/2023:13:24:55 -0500] "GET /sipse/faces/javax.faces.resource/layout/layout.js?ln=primefaces&v=4.0 HTTP/1.1" 304 -
186.29.180.69 - - [26/Jun/2023:13:24:55 -0500] "GET /sipse/faces/javax.faces.resource/primefaces.js?ln=primefaces&v=4.0 HTTP/1.1" 304 -
186.29.180.69 - - [26/Jun/2023:13:24:55 -0500] "GET /sipse/faces/javax.faces.resource/jquery/jquery-plugins.js?ln=primefaces&v=4.0 HTTP/1.1" 304 -
186.29.180.69 - - [26/Jun/2023:13:24:55 -0500] "GET /sipse/faces/javax.faces.resource/images/ui-icons_898989_256x240.png?ln=primefaces-aristo HTTP/1.1" 304 -
186.29.180.69 - - [26/Jun/2023:13:24:56 -0500] "GET /sipse/faces/index.xhtml HTTP/1.1" 200 677
186.29.180.69 - - [26/Jun/2023:13:24:56 -0500] "GET /sipse/faces/javax.faces.resource/theme.css?ln=primefaces-sipse HTTP/1.1" 304 -
186.29.180.69 - - [26/Jun/2023:13:24:56 -0500] "GET /sipse/faces/faces/autenticacion.xhtml HTTP/1.1" 200 12177
186.29.180.69 - - [26/Jun/2023:13:24:56 -0500] "GET /sipse/faces/javax.faces.resource/theme.css?ln=primefaces-sipse HTTP/1.1" 304 -
186.29.180.69 - - [26/Jun/2023:13:24:56 -0500] "GET /sipse/faces/javax.faces.resource/primefaces.css?ln=primefaces&v=4.0 HTTP/1.1" 304 -
186.29.180.69 - - [26/Jun/2023:13:24:56 -0500] "GET /sipse/faces/javax.faces.resource/jquery/jquery-plugins.js?ln=primefaces&v=4.0 HTTP/1.1" 304 -
186.29.180.69 - - [26/Jun/2023:13:24:56 -0500] "GET /sipse/faces/javax.faces.resource/jquery/jquery.js?ln=primefaces&v=4.0 HTTP/1.1" 304 -
186.29.180.69 - - [26/Jun/2023:13:24:56 -0500] "GET /sipse/faces/javax.faces.resource/primefaces.js?ln=primefaces&v=4.0 HTTP/1.1" 304 -
186.29.180.69 - - [26/Jun/2023:13:24:56 -0500] "GET /sipse/faces/javax.faces.resource/layout/layout.css?ln=primefaces&v=4.0 HTTP/1.1" 304 -
186.29.180.69 - - [26/Jun/2023:13:24:56 -0500] "GET /sipse/faces/javax.faces.resource/layout/layout.js?ln=primefaces&v=4.0 HTTP/1.1" 304 -
200.118.64.109 - - [26/Jun/2023:13:25:05 -0500] "POST /forms/lservlet;jsessionid=ac16012b30d6d292514a66794281bba3ecdb96987d97.e3iSbxaKaheRe3mKbh8Ta3yPby1ynknvrkLOlQzNp65In0 HTTP/1.1" 200 2
172.22.2.4 - - [26/Jun/2023:13:26:09 -0500] "HEAD /BLA/boletinlegal/actos.php HTTP/1.1" 200 -
172.22.2.4 - - [26/Jun/2023:13:26:09 -0500] "GET /BLA/boletinlegal/actos.php HTTP/1.1" 200 9682
172.22.2.4 - - [26/Jun/2023:13:25:06 -0500] "HEAD /BLA/boletinlegal/ HTTP/1.1" 200 -
69.63.184.3 - - [26/Jun/2023:13:26:46 -0500] "GET /images/caminatas-ecol\xc3\xb3gicas-marzo---1920x1080_optimized.jpg HTTP/1.1" 404 1034
200.118.64.109 - - [26/Jun/2023:13:27:06 -0500] "POST /forms/lservlet;jsessionid=ac16012b30d6d292514a66794281bba3ecdb96987d97.e3iSbxaKaheRe3mKbh8Ta3yPby1ynknvrkLOlQzNp65In0 HTTP/1.1" 200 2
172.22.2.4 - - [26/Jun/2023:13:25:56 -0500] "GET /BLA/boletinlegal/ HTTP/1.1" 200 57272
66.249.73.104 - - [26/Jun/2023:13:27:48 -0500] "-" 408 -
216.245.221.92 - - [26/Jun/2023:13:27:51 -0500] "HEAD / HTTP/1.1" 200 -
201.245.192.253 - - [26/Jun/2023:13:28:31 -0500] "POST /sipse/faces/presentacion/financiero/solicitudProceso/listarSolicitudProceso.xhtml HTTP/1.1" 200 17832
186.102.21.150 - - [26/Jun/2023:13:28:34 -0500] "GET /kwssiamovil/sm/ldap/au?x=U2FsdGVkX18Ak18lWOYEa2xjXwFbqsIOKJVZ0kTCjEoojo5fZlb0D5aKdzQU6/bC&y=U2FsdGVkX19VKO43RsyH3aILngJmyMvC2fYnFi3WE5P/yIeILuyNTvpGnesOKRc1 HTTP/1.1" 200 30
186.102.21.150 - - [26/Jun/2023:13:28:34 -0500] "GET /kwssiamovil/sm/acme/s?s=U2FsdGVkX18foRC8qnOQcMWMtdSpn3vss1IJ7afzjxQh6UxuZy3gVdbN2Rp+ot+80ejc2G8PoY4U2NE889jcCatYmfVDBzUm+YotBBZO8rw=&u=U2FsdGVkX1+/I6KaigHV2g+tEEU8QqjxWorMuFWhYco=&y=U2FsdGVkX19VKO43RsyH3aILngJmyMvC2fYnFi3WE5P/yIeILuyNTvpGnesOKRc1 HTTP/1.1" 200 97
186.102.21.150 - - [26/Jun/2023:13:28:35 -0500] "GET /kwssiamovil/sm/acme/s?s=U2FsdGVkX18fYtAr6fjICe76zAbh9yvilOO0CU8JMtXociE4Pa6FVoH+6jJrtabMeOz/qj1OB+iGV8GjzFCFXjnwYViqVjkE19FDxHx1ZSzgCjt4u0WyXZB6+uSkpi59xmbG61brQk5Ip0cbJMppHndrLD8xF2SflpLmRpY6hhHc5gKBug5N+h+eSMpNh64hNgrcBv6VBMBXSrzSCaCk8MxlyzUibWcb2+KuP5LHP1eDjmUUIXpXH8PGmwMPe0ygI/wj5vkd/ZH8GGK5Pk8jf31XHdszNCJDsie4CbQR8Cu4AT6STcwyMPyAMPB12Q7jU8f3SEtJB71EfCeC0P/00u9OaUjM/l4I8T3l4VN6CBK1yyQ/PQW6R4Uj3JokA6bpHNstFvpC+lrgV3Av39DHPk7aJpgDteaWVMic4+dP5Pxhxc07kXpLWrcV9vgl79ezaNySxY+5O7mZz+PwW9323nx5aozUyA0CJu6sLrrLbDSep6DNkcrpmHW8EzhtPTUymx8O269qbsTaTVmiEkkjwdDiQQYFughHCtOkS7eDbWVhaAn+Efd0te+AGQ2tGFXXomCW0QoSxaDf1J5uk9NXvostv1Py3/KPKV7B2KsA4Bh4p44Bf3SB28xUxX0u9YNSXo0cyUrtWCmOjqQvKmEZmXFUa58rjCBrVGyyIgU/ofqN8s8ogk+ugQKvZ44DgWCwk9Tzgg15fQw/TCBeRH7K8I47mq+wLjNS92vrghgF0ScsNZgDOPxvJhjbPDBL3bbbZJ8GohgFD7Qqe97/JEO2joGhvbgk8H6v7Th41QZMjSj4OfkvYK3F5YwDOMDIO7Km0NxFvIujwvjj0q18RCJEExtVwzt7ufDA+dWnr+iKKoZAQ1C3HuQr3AdRgWDXWCX2hlD5wLX8dnSoM+baAos8gIiv3CoGO99QJ/B/RsLnhRpSIj00Y2jb6H+k6NW0a1ekYO/1jbmtaT/mqXzt7Enxa6JaE/T6pig68awTUE0qgdFLtw5+7xUq0290TYcB3IR74FhVCfmvVrfPecqpz8lPq457I8mMl5kWKSry9RLZOMLCJ5irx0O0pGePEUIxbPkIW+xc0xVMKBLNoAaLgWbniqJkAMBDh388N7VsIWAdlM6RpQ0Goho6Yn0PeupEEccdVKt+J0rlSIpDdXDgSRK+AXzMXA+7oK02u/hPlOcQNSEe+zgFhQBMHOsUsBPAU6mTEZv74f9QaFL6qh5/dxqOnoKdM08N1Qt4WDwwy4t6SncZf6vnE4bgHFHM9VvLUb6HEF6cDgItPpCqtFvpDqXgvvoSTvVu+FbZfSo5pHJu3evCO9xLVGvBMaTcAfRF5aSsWSV3+ZtF6jPf/P2VmfBaOIUGKTMj+nCETKI8VjY9caUn7hTsyDa8L0LGY0g64u1e+AgBECJgYv4pIrm+JbLFcMS6I0HBamc8p9kFuw0zMqc=&u=U2FsdGVkX1+/I6KaigHV2g+tEEU8QqjxWorMuFWhYco=&y=U2FsdGVkX19VKO43RsyH3aILngJmyMvC2fYnFi3WE5P/yIeILuyNTvpGnesOKRc1 HTTP/1.1" 200 2902
186.102.21.150 - - [26/Jun/2023:13:28:35 -0500] "GET /kwssiamovil/sm/acme/s?s=U2FsdGVkX19D9TXPtbBTMFurByL8sknfWdh7aANI2HpIBeVNP/B13HnzkIYhETlL+crqWE53MeUnT7sx1FnirNCvYvGO9Pgphs3E4zIF6aT9wLujqzJP4/erazvVPI/X7HtrWs5u4QjPKeCMTLY14RO51fKvTuWIGUS39d4U/90NSLRGbHxYKOoIiQdceXAI5CUAULKXfxF501DNxjlpgsfkQjjwKKkSMmiHW1yBmwOdbPk1vHmtC+2+E3lKnp2PGFeG2CyU/N8WbLP/b3UVxsmvmMs91R2qHOKrsJfyoWOki9OMDne4jpQr67o39qfRspaiNSTKoR5J+7OI537j0w==&u=U2FsdGVkX1+/I6KaigHV2g+tEEU8QqjxWorMuFWhYco=&y=U2FsdGVkX19VKO43RsyH3aILngJmyMvC2fYnFi3WE5P/yIeILuyNTvpGnesOKRc1 HTTP/1.1" 200 196
186.102.21.150 - - [26/Jun/2023:13:28:35 -0500] "GET /kwssiamovil/sm/cjson/pre?f=1&x=U2FsdGVkX18Ak18lWOYEa2xjXwFbqsIOKJVZ0kTCjEoojo5fZlb0D5aKdzQU6/bC HTTP/1.1" 200 31032
201.245.192.253 - - [26/Jun/2023:13:28:35 -0500] "POST /sipse/faces/presentacion/financiero/solicitudProceso/listarSolicitudProceso.xhtml HTTP/1.1" 200 158846
201.245.192.253 - - [26/Jun/2023:13:28:36 -0500] "GET /sipse/faces/javax.faces.resource/theme.css?ln=primefaces-sipse HTTP/1.1" 304 -
201.245.192.253 - - [26/Jun/2023:13:28:36 -0500] "GET /sipse/faces/javax.faces.resource/primefaces.css?ln=primefaces&v=4.0 HTTP/1.1" 304 -
201.245.192.253 - - [26/Jun/2023:13:28:36 -0500] "GET /sipse/faces/javax.faces.resource/layout/layout.css?ln=primefaces&v=4.0 HTTP/1.1" 304 -
201.245.192.253 - - [26/Jun/2023:13:28:36 -0500] "GET /sipse/faces/javax.faces.resource/jquery/jquery.js?ln=primefaces&v=4.0 HTTP/1.1" 304 -
201.245.192.253 - - [26/Jun/2023:13:28:36 -0500] "GET /sipse/faces/javax.faces.resource/jquery/jquery-plugins.js?ln=primefaces&v=4.0 HTTP/1.1" 304 -
201.245.192.253 - - [26/Jun/2023:13:28:36 -0500] "GET /sipse/faces/javax.faces.resource/primefaces.js?ln=primefaces&v=4.0 HTTP/1.1" 304 -
201.245.192.253 - - [26/Jun/2023:13:28:36 -0500] "GET /sipse/faces/javax.faces.resource/layout/layout.js?ln=primefaces&v=4.0 HTTP/1.1" 304 -
201.245.192.253 - - [26/Jun/2023:13:28:36 -0500] "POST /kwsrmcab/Wsrmcab  HTTP/1.1" 200 40807
200.118.64.109 - - [26/Jun/2023:13:29:06 -0500] "POST /forms/lservlet;jsessionid=ac16012b30d6d292514a66794281bba3ecdb96987d97.e3iSbxaKaheRe3mKbh8Ta3yPby1ynknvrkLOlQzNp65In0 HTTP/1.1" 200 2
201.245.192.253 - - [26/Jun/2023:13:29:12 -0500] "POST /sipse/faces/presentacion/financiero/solicitudProceso/consultarSolicitudProceso.xhtml HTTP/1.1" 200 38089
201.245.192.253 - - [26/Jun/2023:13:29:12 -0500] "GET /sipse/faces/javax.faces.resource/theme.css?ln=primefaces-sipse HTTP/1.1" 304 -
201.245.192.253 - - [26/Jun/2023:13:29:12 -0500] "GET /sipse/faces/javax.faces.resource/primefaces.css?ln=primefaces&v=4.0 HTTP/1.1" 304 -
201.245.192.253 - - [26/Jun/2023:13:29:12 -0500] "GET /sipse/faces/javax.faces.resource/layout/layout.css?ln=primefaces&v=4.0 HTTP/1.1" 304 -
201.245.192.253 - - [26/Jun/2023:13:29:12 -0500] "GET /sipse/faces/javax.faces.resource/jquery/jquery.js?ln=primefaces&v=4.0 HTTP/1.1" 304 -
201.245.192.253 - - [26/Jun/2023:13:29:13 -0500] "GET /sipse/faces/javax.faces.resource/jquery/jquery-plugins.js?ln=primefaces&v=4.0 HTTP/1.1" 304 -
201.245.192.253 - - [26/Jun/2023:13:29:13 -0500] "GET /sipse/faces/javax.faces.resource/primefaces.js?ln=primefaces&v=4.0 HTTP/1.1" 304 -
201.245.192.253 - - [26/Jun/2023:13:29:13 -0500] "GET /sipse/faces/javax.faces.resource/layout/layout.js?ln=primefaces&v=4.0 HTTP/1.1" 304 -
201.245.192.253 - - [26/Jun/2023:13:29:13 -0500] "POST /sipse/faces/presentacion/financiero/solicitudProceso/listarSolicitudProceso.xhtml HTTP/1.1" 200 31464
201.245.192.253 - - [26/Jun/2023:13:29:13 -0500] "POST /sipse/faces/presentacion/financiero/solicitudProceso/listarSolicitudProceso.xhtml HTTP/1.1" 200 31464
201.245.192.253 - - [26/Jun/2023:13:29:14 -0500] "POST /sipse/faces/presentacion/financiero/solicitudProceso/listarSolicitudProceso.xhtml HTTP/1.1" 200 31464
201.245.192.253 - - [26/Jun/2023:13:29:15 -0500] "POST /sipse/faces/presentacion/financiero/solicitudProceso/listarSolicitudProceso.xhtml HTTP/1.1" 200 1400
201.245.192.253 - - [26/Jun/2023:13:29:15 -0500] "POST /sipse/faces/presentacion/financiero/solicitudProceso/listarSolicitudProceso.xhtml HTTP/1.1" 200 1396
201.245.192.253 - - [26/Jun/2023:13:29:16 -0500] "POST /sipse/faces/presentacion/financiero/solicitudProceso/listarSolicitudProceso.xhtml HTTP/1.1" 200 1400
201.245.192.253 - - [26/Jun/2023:13:29:17 -0500] "POST /sipse/faces/presentacion/financiero/solicitudProceso/listarSolicitudProceso.xhtml HTTP/1.1" 200 1396
201.245.192.253 - - [26/Jun/2023:13:29:19 -0500] "POST /sipse/faces/presentacion/financiero/solicitudProceso/listarSolicitudProceso.xhtml HTTP/1.1" 200 60215
201.245.192.253 - - [26/Jun/2023:13:29:19 -0500] "GET /sipse/faces/javax.faces.resource/theme.css?ln=primefaces-sipse HTTP/1.1" 304 -
201.245.192.253 - - [26/Jun/2023:13:29:19 -0500] "GET /sipse/faces/javax.faces.resource/primefaces.css?ln=primefaces&v=4.0 HTTP/1.1" 304 -
201.245.192.253 - - [26/Jun/2023:13:29:19 -0500] "GET /sipse/faces/javax.faces.resource/layout/layout.css?ln=primefaces&v=4.0 HTTP/1.1" 304 -
201.245.192.253 - - [26/Jun/2023:13:29:19 -0500] "GET /sipse/faces/javax.faces.resource/jquery/jquery.js?ln=primefaces&v=4.0 HTTP/1.1" 304 -
201.245.192.253 - - [26/Jun/2023:13:29:19 -0500] "GET /sipse/faces/javax.faces.resource/jquery/jquery-plugins.js?ln=primefaces&v=4.0 HTTP/1.1" 304 -
201.245.192.253 - - [26/Jun/2023:13:29:19 -0500] "GET /sipse/faces/javax.faces.resource/primefaces.js?ln=primefaces&v=4.0 HTTP/1.1" 304 -
201.245.192.253 - - [26/Jun/2023:13:29:19 -0500] "GET /sipse/faces/javax.faces.resource/layout/layout.js?ln=primefaces&v=4.0 HTTP/1.1" 304 -
201.245.192.253 - - [26/Jun/2023:13:29:25 -0500] "POST /sipse/faces/presentacion/financiero/solicitudProceso/crearModificarSolicitudProceso.xhtml HTTP/1.1" 200 26673
201.245.192.253 - - [26/Jun/2023:13:29:39 -0500] "POST /kwsrmcab/Wsrmcab HTTP/1.1" 200 40020
201.245.192.253 - - [26/Jun/2023:13:29:42 -0500] "POST /kwsrmcab/Wsrmcab HTTP/1.1" 200 40200
173.252.95.12 - - [26/Jun/2023:13:29:47 -0500] "GET /reciclaton-empresarial-2023-como-inscribirse-a-la-primera-jornada-del-ano.html HTTP/1.1" 200 705
201.245.192.253 - - [26/Jun/2023:13:30:12 -0500] "GET /sipse/faces/presentacion/financiero/solicitudProceso/consultarSolicitudProceso.xhtml HTTP/1.1" 302 -
201.245.192.253 - - [26/Jun/2023:13:30:12 -0500] "GET /sipse/faces/autenticacion.xhtml HTTP/1.1" 200 12177
201.245.192.253 - - [26/Jun/2023:13:30:12 -0500] "GET /sipse/js/disable_browser_buttons.js HTTP/1.1" 304 -
201.245.192.253 - - [26/Jun/2023:13:30:12 -0500] "GET /sipse/css/custom_css_sg.css HTTP/1.1" 304 -
201.245.192.253 - - [26/Jun/2023:13:30:12 -0500] "GET /sipse/js/funciones.js HTTP/1.1" 304 -
201.245.192.253 - - [26/Jun/2023:13:30:12 -0500] "GET /sipse/css/custom_css_sg_prime_login.css HTTP/1.1" 304 -
201.245.192.253 - - [26/Jun/2023:13:30:12 -0500] "GET /sipse/faces/javax.faces.resource/theme.css?ln=primefaces-sipse HTTP/1.1" 304 -
201.245.192.253 - - [26/Jun/2023:13:30:12 -0500] "GET /sipse/faces/javax.faces.resource/layout/layout.css?ln=primefaces&v=4.0 HTTP/1.1" 304 -
201.245.192.253 - - [26/Jun/2023:13:30:12 -0500] "GET /sipse/faces/javax.faces.resource/primefaces.css?ln=primefaces&v=4.0 HTTP/1.1" 304 -
201.245.192.253 - - [26/Jun/2023:13:30:12 -0500] "GET /sipse/faces/javax.faces.resource/jquery/jquery.js?ln=primefaces&v=4.0 HTTP/1.1" 304 -
201.245.192.253 - - [26/Jun/2023:13:30:12 -0500] "GET /sipse/faces/javax.faces.resource/primefaces.js?ln=primefaces&v=4.0 HTTP/1.1" 304 -
201.245.192.253 - - [26/Jun/2023:13:30:12 -0500] "GET /sipse/faces/javax.faces.resource/jquery/jquery-plugins.js?ln=primefaces&v=4.0 HTTP/1.1" 304 -
201.245.192.253 - - [26/Jun/2023:13:30:12 -0500] "GET /sipse/faces/javax.faces.resource/layout/layout.js?ln=primefaces&v=4.0 HTTP/1.1" 304 -
201.245.192.253 - - [26/Jun/2023:13:30:12 -0500] "GET /sipse/css/imagen/logoSDG.png HTTP/1.1" 304 -
201.245.192.253 - - [26/Jun/2023:13:30:13 -0500] "GET /sipse/css/imagen/loginimg.png HTTP/1.1" 304 -
201.245.192.253 - - [26/Jun/2023:13:30:13 -0500] "GET /sipse/faces/javax.faces.resource/images/ui-icons_898989_256x240.png?ln=primefaces-aristo HTTP/1.1" 304 -
201.245.192.253 - - [26/Jun/2023:13:30:13 -0500] "GET /sipse/faces/index.xhtml HTTP/1.1" 200 677
201.245.192.253 - - [26/Jun/2023:13:30:13 -0500] "GET /sipse/faces/javax.faces.resource/theme.css?ln=primefaces-sipse HTTP/1.1" 304 -
201.245.192.253 - - [26/Jun/2023:13:30:13 -0500] "GET /sipse/faces/faces/autenticacion.xhtml HTTP/1.1" 200 12177
