172.22.2.4 - - [26/Jun/2023:10:55:00 -0500] "GET /BLA/boletinlegal/images/arr_l.jpg HTTP/1.1" 200 1979
172.22.2.4 - - [26/Jun/2023:10:55:00 -0500] "GET /BLA/boletinlegal/images/registro-usuarios.png HTTP/1.1" 200 8106
172.22.2.4 - - [26/Jun/2023:10:55:00 -0500] "GET /BLA/boletinlegal/images/launch.jpg HTTP/1.1" 200 14577
172.22.2.4 - - [26/Jun/2023:10:55:00 -0500] "GET /BLA/boletinlegal/images/historia.png HTTP/1.1" 200 52775
172.22.2.4 - - [26/Jun/2023:10:55:01 -0500] "GET /BLA/boletinlegal/images/body_bg.jpg HTTP/1.1" 200 1601
172.22.2.4 - - [26/Jun/2023:10:55:01 -0500] "GET /BLA/boletinlegal/images/menu_lft.gif HTTP/1.1" 200 1713
172.22.2.4 - - [26/Jun/2023:10:55:01 -0500] "GET /BLA/boletinlegal/images/menu_rght.gif HTTP/1.1" 200 1627
172.22.2.4 - - [26/Jun/2023:10:55:01 -0500] "GET /BLA/boletinlegal/images/hover.jpg HTTP/1.1" 200 640
172.22.2.4 - - [26/Jun/2023:10:55:01 -0500] "GET /BLA/boletinlegal/images/bg_top.jpg HTTP/1.1" 200 522
172.22.2.4 - - [26/Jun/2023:10:55:01 -0500] "GET /BLA/boletinlegal/images/menu_bg.jpg HTTP/1.1" 200 620
172.22.2.4 - - [26/Jun/2023:10:55:01 -0500] "GET /BLA/boletinlegal/images/text.jpg HTTP/1.1" 200 568
172.22.2.4 - - [26/Jun/2023:10:55:04 -0500] "GET /BLA/boletinlegal/actos.php HTTP/1.1" 200 9682
172.22.2.4 - - [26/Jun/2023:10:55:04 -0500] "GET /BLA/boletinlegal/js/ajax_actos.js HTTP/1.1" 200 1322
172.22.2.4 - - [26/Jun/2023:10:55:04 -0500] "GET /BLA/boletinlegal/js/lib.js HTTP/1.1" 200 6474
172.22.2.4 - - [26/Jun/2023:10:55:04 -0500] "GET /BLA/boletinlegal/niceforms.js HTTP/1.1" 200 22876
172.22.2.4 - - [26/Jun/2023:10:55:04 -0500] "GET /BLA/boletinlegal/niceforms-default.css HTTP/1.1" 200 6694
172.22.2.4 - - [26/Jun/2023:10:55:04 -0500] "GET /BLA/boletinlegal/js/popup.js HTTP/1.1" 200 1270
172.22.2.4 - - [26/Jun/2023:10:55:04 -0500] "GET /BLA/boletinlegal/js/jquery1.js HTTP/1.1" 200 29846
172.22.2.4 - - [26/Jun/2023:10:55:04 -0500] "GET /BLA/boletinlegal/images/green-yellow-blue-pink-th.png HTTP/1.1" 200 7394
172.22.2.4 - - [26/Jun/2023:10:55:04 -0500] "GET /BLA/boletinlegal/images/tel.png HTTP/1.1" 200 14477
172.22.2.4 - - [26/Jun/2023:10:55:04 -0500] "GET /BLA/boletinlegal/images/icono-email.png HTTP/1.1" 200 5544
172.22.2.4 - - [26/Jun/2023:10:55:05 -0500] "GET /BLA/boletinlegal/images/footer_bg.jpg HTTP/1.1" 200 586
172.22.2.4 - - [26/Jun/2023:10:55:05 -0500] "GET /BLA/boletinlegal/images/footer_bg_l.jpg HTTP/1.1" 200 776
172.22.2.4 - - [26/Jun/2023:10:55:05 -0500] "GET /BLA/boletinlegal/img/0.png HTTP/1.1" 200 110
172.22.2.4 - - [26/Jun/2023:10:55:05 -0500] "GET /BLA/boletinlegal/img/select-right.png HTTP/1.1" 200 44019
172.22.2.4 - - [26/Jun/2023:10:55:05 -0500] "GET /BLA/boletinlegal/img/button-left.png HTTP/1.1" 200 57071
172.22.2.4 - - [26/Jun/2023:10:55:05 -0500] "GET /BLA/boletinlegal/img/select-left.png HTTP/1.1" 200 263
172.22.2.4 - - [26/Jun/2023:10:55:05 -0500] "GET /BLA/boletinlegal/img/button-right.png HTTP/1.1" 200 57878
172.22.2.4 - - [26/Jun/2023:10:55:05 -0500] "GET /BLA/boletinlegal/img/button.png HTTP/1.1" 200 43241
172.22.2.4 - - [26/Jun/2023:10:55:05 -0500] "GET /BLA/boletinlegal/favicon.ico HTTP/1.1" 404 1326
172.22.2.4 - - [26/Jun/2023:10:53:25 -0500] "HEAD /BLA/boletinlegal/ HTTP/1.1" 200 -
172.22.2.4 - - [26/Jun/2023:10:55:19 -0500] "GET /BLA/boletinlegal/consulta_actos.php?tipo=resoluciones&no=&usuario=&sector=COMPETENCIA&fecha=2006&resuelve= HTTP/1.1" 200 25152
172.22.2.4 - - [26/Jun/2023:10:55:19 -0500] "GET /BLA/boletinlegal/images/pdf.gif HTTP/1.1" 200 567
172.22.2.4 - - [26/Jun/2023:10:55:19 -0500] "GET /BLA/boletinlegal/images/background.gif HTTP/1.1" 200 -
181.115.134.17 - - [26/Jun/2023:10:55:28 -0500] "GET /BLA/boletinlegal/js/jquery.scrollShow.js HTTP/1.1" 200 4586
181.115.134.17 - - [26/Jun/2023:10:55:28 -0500] "GET /galeria/galeria/jquery.fancybox.css?v=2.1.5 HTTP/1.1" 200 4895
181.115.134.17 - - [26/Jun/2023:10:55:28 -0500] "GET /galeria/galeria/jquery.fancybox.js?v=2.1.5 HTTP/1.1" 200 48706
172.22.2.4 - - [26/Jun/2023:10:55:33 -0500] "GET /BLA/boletinlegal/style.css HTTP/1.1" 200 9406
172.22.2.4 - - [26/Jun/2023:10:55:33 -0500] "GET /BLA/boletinlegal/styles2.css HTTP/1.1" 200 1838
172.22.2.4 - - [26/Jun/2023:10:55:33 -0500] "GET /BLA/boletinlegal/js/jquery.js HTTP/1.1" 200 57254
172.22.2.4 - - [26/Jun/2023:10:55:33 -0500] "GET /BLA/boletinlegal/js/jquery.scrollTo-min.js HTTP/1.1" 200 1150
172.22.2.4 - - [26/Jun/2023:10:55:33 -0500] "GET /BLA/boletinlegal/js/jquery.scrollShow.js HTTP/1.1" 200 4586
172.22.2.4 - - [26/Jun/2023:10:55:34 -0500] "GET /BLA/boletinlegal/images/cabezote%20BLEGAL.jpg HTTP/1.1" 200 118164
172.22.2.4 - - [26/Jun/2023:10:55:34 -0500] "GET /BLA/boletinlegal/images/historia.png HTTP/1.1" 200 52775
172.22.2.4 - - [26/Jun/2023:10:55:34 -0500] "GET /BLA/boletinlegal/images/subscribe-icon-big.png HTTP/1.1" 200 47702
172.22.2.4 - - [26/Jun/2023:10:55:34 -0500] "GET /BLA/boletinlegal/images/registro-usuarios.png HTTP/1.1" 200 8106
172.22.2.4 - - [26/Jun/2023:10:55:34 -0500] "GET /BLA/boletinlegal/images/arr_l.jpg HTTP/1.1" 200 1979
172.22.2.4 - - [26/Jun/2023:10:55:34 -0500] "GET /BLA/boletinlegal/images/screen_1.png HTTP/1.1" 200 202547
172.22.2.4 - - [26/Jun/2023:10:55:34 -0500] "GET /BLA/boletinlegal/images/launch.jpg HTTP/1.1" 200 14577
172.22.2.4 - - [26/Jun/2023:10:55:35 -0500] "GET /BLA/boletinlegal/actos.php HTTP/1.1" 200 9682
172.22.2.4 - - [26/Jun/2023:10:55:35 -0500] "GET /BLA/boletinlegal/favicon.ico HTTP/1.1" 404 1326
172.22.2.4 - - [26/Jun/2023:10:54:57 -0500] "GET /BLA/boletinlegal/ HTTP/1.1" 200 24523
172.22.2.4 - - [26/Jun/2023:10:55:43 -0500] "GET /BLA/boletinlegal/actos.php HTTP/1.1" 200 9682
172.22.2.4 - - [26/Jun/2023:10:55:43 -0500] "GET /BLA/boletinlegal/styles2.css HTTP/1.1" 200 1838
172.22.2.4 - - [26/Jun/2023:10:55:43 -0500] "GET /BLA/boletinlegal/js/ajax_actos.js HTTP/1.1" 200 1322
172.22.2.4 - - [26/Jun/2023:10:55:43 -0500] "GET /BLA/boletinlegal/niceforms-default.css HTTP/1.1" 200 6694
172.22.2.4 - - [26/Jun/2023:10:55:43 -0500] "GET /BLA/boletinlegal/style.css HTTP/1.1" 200 9406
172.22.2.4 - - [26/Jun/2023:10:55:43 -0500] "GET /BLA/boletinlegal/niceforms.js HTTP/1.1" 200 22876
172.22.2.4 - - [26/Jun/2023:10:55:43 -0500] "GET /BLA/boletinlegal/js/lib.js HTTP/1.1" 200 6474
172.22.2.4 - - [26/Jun/2023:10:55:43 -0500] "GET /BLA/boletinlegal/js/popup.js HTTP/1.1" 200 1270
172.22.2.4 - - [26/Jun/2023:10:55:43 -0500] "GET /BLA/boletinlegal/js/jquery1.js HTTP/1.1" 200 29846
172.22.2.4 - - [26/Jun/2023:10:55:43 -0500] "GET /BLA/boletinlegal/images/subscribe-icon-big.png HTTP/1.1" 200 47702
172.22.2.4 - - [26/Jun/2023:10:55:43 -0500] "GET /BLA/boletinlegal/images/cabezote%20BLEGAL.jpg HTTP/1.1" 200 118164
172.22.2.4 - - [26/Jun/2023:10:55:43 -0500] "GET /BLA/boletinlegal/images/historia.png HTTP/1.1" 200 52775
172.22.2.4 - - [26/Jun/2023:10:55:43 -0500] "GET /BLA/boletinlegal/images/registro-usuarios.png HTTP/1.1" 200 8106
172.22.2.4 - - [26/Jun/2023:10:55:43 -0500] "GET /BLA/boletinlegal/images/green-yellow-blue-pink-th.png HTTP/1.1" 200 7394
172.22.2.4 - - [26/Jun/2023:10:55:43 -0500] "GET /BLA/boletinlegal/images/tel.png HTTP/1.1" 200 14477
172.22.2.4 - - [26/Jun/2023:10:55:44 -0500] "GET /BLA/boletinlegal/images/body_bg.jpg HTTP/1.1" 200 1601
172.22.2.4 - - [26/Jun/2023:10:55:44 -0500] "GET /BLA/boletinlegal/images/icono-email.png HTTP/1.1" 200 5544
172.22.2.4 - - [26/Jun/2023:10:55:44 -0500] "GET /BLA/boletinlegal/images/menu_lft.gif HTTP/1.1" 200 1713
172.22.2.4 - - [26/Jun/2023:10:55:44 -0500] "GET /BLA/boletinlegal/images/bg_top.jpg HTTP/1.1" 200 522
172.22.2.4 - - [26/Jun/2023:10:55:44 -0500] "GET /BLA/boletinlegal/images/menu_rght.gif HTTP/1.1" 200 1627
172.22.2.4 - - [26/Jun/2023:10:55:44 -0500] "GET /BLA/boletinlegal/images/menu_bg.jpg HTTP/1.1" 200 620
172.22.2.4 - - [26/Jun/2023:10:55:44 -0500] "GET /BLA/boletinlegal/images/hover.jpg HTTP/1.1" 200 640
172.22.2.4 - - [26/Jun/2023:10:55:44 -0500] "GET /BLA/boletinlegal/images/text.jpg HTTP/1.1" 200 568
172.22.2.4 - - [26/Jun/2023:10:55:44 -0500] "GET /BLA/boletinlegal/images/footer_bg.jpg HTTP/1.1" 200 586
172.22.2.4 - - [26/Jun/2023:10:55:44 -0500] "GET /BLA/boletinlegal/images/footer_bg_l.jpg HTTP/1.1" 200 776
172.22.2.4 - - [26/Jun/2023:10:55:44 -0500] "GET /BLA/boletinlegal/images/screen_2.png HTTP/1.1" 200 362502
172.22.2.4 - - [26/Jun/2023:10:55:44 -0500] "GET /BLA/boletinlegal/images/screen_3.png HTTP/1.1" 200 210620
172.22.2.4 - - [26/Jun/2023:10:55:44 -0500] "GET /BLA/boletinlegal/images/screen_5.png HTTP/1.1" 200 368876
172.22.2.4 - - [26/Jun/2023:10:55:44 -0500] "GET /BLA/boletinlegal/images/arr_r.jpg HTTP/1.1" 200 1998
172.22.2.4 - - [26/Jun/2023:10:55:44 -0500] "GET /BLA/boletinlegal/img/0.png HTTP/1.1" 200 110
172.22.2.4 - - [26/Jun/2023:10:55:44 -0500] "GET /BLA/boletinlegal/img/select-left.png HTTP/1.1" 200 263
172.22.2.4 - - [26/Jun/2023:10:55:44 -0500] "GET /BLA/boletinlegal/img/select-right.png HTTP/1.1" 200 44019
172.22.2.4 - - [26/Jun/2023:10:55:44 -0500] "GET /BLA/boletinlegal/img/button-left.png HTTP/1.1" 200 57071
172.22.2.4 - - [26/Jun/2023:10:55:44 -0500] "GET /BLA/boletinlegal/img/button.png HTTP/1.1" 200 43241
172.22.2.4 - - [26/Jun/2023:10:55:44 -0500] "GET /BLA/boletinlegal/img/button-right.png HTTP/1.1" 200 57878
172.22.2.4 - - [26/Jun/2023:10:55:44 -0500] "GET /BLA/boletinlegal/favicon.ico HTTP/1.1" 404 1326
172.22.2.4 - - [26/Jun/2023:10:55:47 -0500] "GET /BLA/boletinlegal/consulta_actos.php?tipo=resoluciones&no=&usuario=&sector=COMPETENCIA&fecha=2007&resuelve= HTTP/1.1" 200 36484
172.22.2.4 - - [26/Jun/2023:10:54:15 -0500] "GET /BLA/boletinlegal/ HTTP/1.1" 200 51193
172.22.2.4 - - [26/Jun/2023:10:55:56 -0500] "GET /BLA/boletinlegal/images/pdf.gif HTTP/1.1" 200 567
172.22.2.4 - - [26/Jun/2023:10:55:57 -0500] "GET /BLA/boletinlegal/images/body_bg.jpg HTTP/1.1" 200 1601
172.22.2.4 - - [26/Jun/2023:10:55:57 -0500] "GET /BLA/boletinlegal/images/menu_lft.gif HTTP/1.1" 200 1713
172.22.2.4 - - [26/Jun/2023:10:55:57 -0500] "GET /BLA/boletinlegal/images/menu_rght.gif HTTP/1.1" 200 1627
172.22.2.4 - - [26/Jun/2023:10:55:57 -0500] "GET /BLA/boletinlegal/images/bg_top.jpg HTTP/1.1" 200 522
172.22.2.4 - - [26/Jun/2023:10:55:57 -0500] "GET /BLA/boletinlegal/images/menu_bg.jpg HTTP/1.1" 200 620
172.22.2.4 - - [26/Jun/2023:10:55:58 -0500] "GET /BLA/boletinlegal/images/hover.jpg HTTP/1.1" 200 640
172.22.2.4 - - [26/Jun/2023:10:55:58 -0500] "GET /BLA/boletinlegal/images/text.jpg HTTP/1.1" 200 568
172.22.2.4 - - [26/Jun/2023:10:55:58 -0500] "GET /BLA/boletinlegal/images/footer_bg.jpg HTTP/1.1" 200 586
172.22.2.4 - - [26/Jun/2023:10:56:00 -0500] "GET /BLA/boletinlegal/actos.php HTTP/1.1" 200 9682
172.22.2.4 - - [26/Jun/2023:10:56:00 -0500] "GET /BLA/boletinlegal/js/ajax_actos.js HTTP/1.1" 200 1322
172.22.2.4 - - [26/Jun/2023:10:56:01 -0500] "GET /BLA/boletinlegal/niceforms.js HTTP/1.1" 200 22876
172.22.2.4 - - [26/Jun/2023:10:56:01 -0500] "GET /BLA/boletinlegal/niceforms-default.css HTTP/1.1" 200 6694
172.22.2.4 - - [26/Jun/2023:10:56:01 -0500] "GET /BLA/boletinlegal/js/lib.js HTTP/1.1" 200 6474
172.22.2.4 - - [26/Jun/2023:10:56:01 -0500] "GET /BLA/boletinlegal/js/popup.js HTTP/1.1" 200 1270
172.22.2.4 - - [26/Jun/2023:10:56:01 -0500] "GET /BLA/boletinlegal/js/jquery1.js HTTP/1.1" 200 29846
172.22.2.4 - - [26/Jun/2023:10:56:01 -0500] "GET /BLA/boletinlegal/images/green-yellow-blue-pink-th.png HTTP/1.1" 200 7394
172.22.2.4 - - [26/Jun/2023:10:56:01 -0500] "GET /BLA/boletinlegal/images/tel.png HTTP/1.1" 200 14477
172.22.2.4 - - [26/Jun/2023:10:56:01 -0500] "GET /BLA/boletinlegal/images/icono-email.png HTTP/1.1" 200 5544
172.22.2.4 - - [26/Jun/2023:10:56:02 -0500] "GET /BLA/boletinlegal/images/footer_bg_l.jpg HTTP/1.1" 200 776
201.244.142.228 - - [26/Jun/2023:10:56:02 -0500] "GET /ruta-de-la-libertad-mas-de-400-animales-silvestres-fueron-liberados-por-la-secretaria-de-ambiente-en-el-cesar.html HTTP/1.1" 206 853
201.244.142.228 - - [26/Jun/2023:10:56:02 -0500] "GET /images/animales-silvestres-cesar.jpeg HTTP/1.1" 206 102021
172.22.2.4 - - [26/Jun/2023:10:56:03 -0500] "GET /BLA/boletinlegal/img/0.png HTTP/1.1" 200 110
172.22.2.4 - - [26/Jun/2023:10:56:03 -0500] "GET /BLA/boletinlegal/img/select-left.png HTTP/1.1" 200 263
172.22.2.4 - - [26/Jun/2023:10:56:03 -0500] "GET /BLA/boletinlegal/img/select-right.png HTTP/1.1" 200 44019
172.22.2.4 - - [26/Jun/2023:10:56:03 -0500] "GET /BLA/boletinlegal/img/button-left.png HTTP/1.1" 200 57071
172.22.2.4 - - [26/Jun/2023:10:56:03 -0500] "GET /BLA/boletinlegal/img/button.png HTTP/1.1" 200 43241
172.22.2.4 - - [26/Jun/2023:10:56:03 -0500] "GET /BLA/boletinlegal/img/button-right.png HTTP/1.1" 200 57878
172.22.2.4 - - [26/Jun/2023:10:56:03 -0500] "GET /BLA/boletinlegal/favicon.ico HTTP/1.1" 404 1326
181.53.13.239 - - [26/Jun/2023:10:56:08 -0500] "GET /BLA/resoluciones/RESOLUCIONES%202007/4102.pdf HTTP/1.1" 200 567773
181.53.13.239 - - [26/Jun/2023:10:56:09 -0500] "GET /favicon.ico HTTP/1.1" 200 7782
172.22.2.4 - - [26/Jun/2023:10:56:23 -0500] "GET /BLA/boletinlegal/consulta_actos.php?tipo=resoluciones&no=5504&usuario=&sector=&fecha=2020&resuelve= HTTP/1.1" 200 626
181.53.13.239 - - [26/Jun/2023:10:56:37 -0500] "GET /BLA/resoluciones/RESOLUCIONES%202007/4089.pdf HTTP/1.1" 200 902707
186.154.34.147 - - [26/Jun/2023:10:56:39 -0500] "GET /ruta-de-la-libertad-mas-de-400-animales-silvestres-fueron-liberados-por-la-secretaria-de-ambiente-en-el-cesar.html HTTP/1.1" 200 853
172.22.2.4 - - [26/Jun/2023:10:56:42 -0500] "GET /BLA/boletinlegal/consulta_actos.php?tipo=resoluciones&no=5504&usuario=&sector=VERTIMIENTOS&fecha=2020&resuelve= HTTP/1.1" 200 626
172.22.2.4 - - [26/Jun/2023:10:56:45 -0500] "GET /BLA/boletinlegal/consulta_actos.php?tipo=resoluciones&no=5504&usuario=&sector=VERTIMIENTOS&fecha=2020&resuelve= HTTP/1.1" 200 626
172.22.2.4 - - [26/Jun/2023:10:56:45 -0500] "GET /BLA/boletinlegal/consulta_actos.php?tipo=resoluciones&no=5504&usuario=&sector=VERTIMIENTOS&fecha=2020&resuelve= HTTP/1.1" 200 626
172.22.2.4 - - [26/Jun/2023:10:56:46 -0500] "GET /BLA/boletinlegal/consulta_actos.php?tipo=resoluciones&no=5504&usuario=&sector=VERTIMIENTOS&fecha=2020&resuelve= HTTP/1.1" 200 626
172.22.2.4 - - [26/Jun/2023:10:56:46 -0500] "GET /BLA/boletinlegal/consulta_actos.php?tipo=resoluciones&no=5504&usuario=&sector=VERTIMIENTOS&fecha=2020&resuelve= HTTP/1.1" 200 626
199.16.157.181 - - [26/Jun/2023:10:56:47 -0500] "GET /ruta-de-la-libertad HTTP/1.1" 404 1034
172.22.2.4 - - [26/Jun/2023:10:56:54 -0500] "GET /BLA/boletinlegal/consulta_actos.php?tipo=resoluciones&no=2081&usuario=&sector=VERTIMIENTOS&fecha=2020&resuelve= HTTP/1.1" 200 626
172.22.2.4 - - [26/Jun/2023:10:56:55 -0500] "GET /BLA/boletinlegal/consulta_actos.php?tipo=resoluciones&no=2081&usuario=&sector=VERTIMIENTOS&fecha=2020&resuelve= HTTP/1.1" 200 626
201.245.192.253 - - [26/Jun/2023:10:56:57 -0500] "GET /BLA/resoluciones/ HTTP/1.1" 200 13502
201.245.192.253 - - [26/Jun/2023:10:56:57 -0500] "GET /BLA/resoluciones/dlf/styles.css HTTP/1.1" 200 3049
201.245.192.253 - - [26/Jun/2023:10:56:57 -0500] "GET /BLA/resoluciones/dlf/folder.png HTTP/1.1" 200 410
201.245.192.253 - - [26/Jun/2023:10:56:57 -0500] "GET /BLA/resoluciones/dlf/bg.gif HTTP/1.1" 200 54
201.245.192.253 - - [26/Jun/2023:10:56:57 -0500] "GET /favicon.ico HTTP/1.1" 200 7782
201.245.192.253 - - [26/Jun/2023:10:57:01 -0500] "GET /BLA/resoluciones/dlf/dirup.png HTTP/1.1" 200 644
201.245.192.253 - - [26/Jun/2023:10:57:01 -0500] "GET /BLA/resoluciones/dlf/pdf.gif HTTP/1.1" 200 272
201.245.192.253 - - [26/Jun/2023:10:57:01 -0500] "GET /BLA/resoluciones/index.php?dir=RESOLUCIONES+2020%2F HTTP/1.1" 200 168722
201.245.192.253 - - [26/Jun/2023:10:57:01 -0500] "GET /BLA/resoluciones/dlf/archive.png HTTP/1.1" 200 632
181.53.13.239 - - [26/Jun/2023:10:57:04 -0500] "GET /BLA/resoluciones/RESOLUCIONES%202007/4088.pdf HTTP/1.1" 200 61677
173.252.95.9 - - [26/Jun/2023:10:57:05 -0500] "GET /reciclaton-empresarial-2023-como-inscribirse-a-la-primera-jornada-del-ano.html HTTP/1.1" 200 705
172.22.2.4 - - [26/Jun/2023:10:55:33 -0500] "GET /BLA/boletinlegal/ HTTP/1.1" 200 58474
201.245.192.253 - - [26/Jun/2023:10:57:21 -0500] "GET /BLA/resoluciones/RESOLUCIONES%202020/2081.pdf HTTP/1.1" 200 6830071
172.22.2.4 - - [26/Jun/2023:10:57:34 -0500] "GET /BLA/boletinlegal/consulta_actos.php?tipo=resoluciones&no=0022&usuario=&sector=VERTIMIENTOS&fecha=1997&resuelve=consolata HTTP/1.1" 200 626
186.102.44.217 - - [26/Jun/2023:10:57:39 -0500] "GET /kwssiamovil/sm/ldap/au?x=U2FsdGVkX18CCgJncRg5GP8hesaOsrYlsgILJSuBTlYiXrfLTvFIxHxG7PPu15rl&y=U2FsdGVkX1+vW9zj25ZtGWob/JiLggDr+qQCeJpZun4= HTTP/1.1" 200 30
186.102.44.217 - - [26/Jun/2023:10:57:39 -0500] "GET /kwssiamovil/sm/acme/s?s=U2FsdGVkX1+6HAFJUI5NvfHaUT21W5CZfAnF/9kZQjQfRarTOkd9w0uFO7lJthfXhEC/gWUrd3/P2FIPR1nOyky7LwkXcGvxKjFsAZ3iG90=&u=U2FsdGVkX1+QsdEEYgegJTGdj0NMlngZ5R7l6Itu6Wc=&y=U2FsdGVkX1+vW9zj25ZtGWob/JiLggDr+qQCeJpZun4= HTTP/1.1" 200 97
186.102.44.217 - - [26/Jun/2023:10:57:40 -0500] "GET /kwssiamovil/sm/acme/s?s=U2FsdGVkX1/fCc8odTXiXcubgDE6S6WVrYjEQPuy64FaRJtH64hu+zPm8X3mPDU6kETitJeqd1zQqgt95Mw8FGu6N6kdAEB3KKdcArDRFs8BioRp7ndVq6PyCFC7nR4ht7MdpDTczmJnBdHQM70Kz4Nuo4McaIWYOKE5uIrTTMabx2J6U6aPevuJCrDA+/Sw+GVa/hJ4WzlbABkFOGflughwy24GEYMyXOa68kJKp3OznRV2l8vnVp7BGI3+1zev60MQ/hpHqAcMBVmyddwtA6ubo+iXhhcQ7xavm4VM0jOsmdAq20uLlQTp+xbgaibYahgAYZcaqwI4kUemf+4CqZkJQ020CzsgkqfzMHftvk6Eo59n0xi91bKnIbO94RhXtmcyvjv+3YuFS5kcYhY62xQ84mtJUHvu4cladrK16liD9QSmvQqKR4acqOslByrttO0ZZ7JcuWfqmlox+gEphsp+Y+vo165hf897r9kYcfNTZkiXuB4tv8BS1RycN1xkt8YRvR3BoX3t845l04xBa14OB27wTfiLo1b6z7GX7MaDPQeImnW2W6SkT5Lfi82c0qq04kMULyAiGQOeerzWAGnpAfZ1mV8QlyYg8koJSMxSpDeW5ZEC3A2CyWAo//7I9E9pSQ6idvojhMZhV2jvj60nWiQBtodKCoPgZmSNG4lxr7aar2CWe0CSRJfexzC1LeYtBQgbsDbkmNT1wGUtxuw0bn109MPv3pMiSnj7qmHjfsxtbg8I+VEeTcQ0+WTigrhndo4iMDgMtIpCprPwbb0BCgBtSi2H54iR2X70LYzZMFVi0YjyKmQXBzTdedlH4I0AkurhLYZMPGi+ybnqyYwCA/Porc8yEXWMEPcPieMVq4dkbx9Sq/ebseY109ykAJhWRiYEc+JRBpxh1BvxAZkNkPaKxlTO63YZsHS0Nju4vJvv+7yU6y9Mwv0ZrT+SIzugOSbVW+2Zq44xW8Ua4Vf11yTe1lGl533mXIZ+E8tvGR2rXwM9MGVHewdIfYGcetbfnGVEgnFgNHyvKlX6mLpg3mmntOBvR24k3BYzlUTNwe3GJdXE0ldOseN+f2GjEQa0VKNRDguWcAEOXZwH63tU/Cce2qLjiQ9Q9SOSIpV6BbnwyOX2WpDA1Q1+jgFEvrCqO6G3kvpNSx2KYj1MjTEfHvDTqNEz5YN94g10DDTHofvNa+kBSQ7wf+zZV0LxwyJ4FgwpQtOnQHQVswD6Ckya0WyHgMoqGgJa0cQhoZywJ406fcwZPZMO7OvGMZEbQxZd3/k16w6l0iDbhROVpuksoW9xp6S4ImqwXFmRF2JQRHUH+e0qAAJyMsUfN8PNTh2+sbGBCdOBq9he2/ESvXmbpkskdRpr0ndxZe4rgaE13VG15ONrGWPGOhARL0BKA7aUoyME+Wr9Ke82tNNwAOGJ/rJSqTeq8YlK7UkBZMk=&u=U2FsdGVkX1+QsdEEYgegJTGdj0NMlngZ5R7l6Itu6Wc=&y=U2FsdGVkX1+vW9zj25ZtGWob/JiLggDr+qQCeJpZun4= HTTP/1.1" 200 2852
186.102.44.217 - - [26/Jun/2023:10:57:40 -0500] "GET /kwssiamovil/sm/acme/s?s=U2FsdGVkX1/9UPYvEcElEBUIGoTQk5k7BVbMi1hYwhDaL/951LH6Qwexmvy4atHL4aGdU1gejd9aUj/RR2h1v/3VaZmXQEOeWruWaIFvSEz9IU3vf9I3EjI2C0Uyv6u1syDLTyzt/lYGzPzfThkTqZhiOz6XvFkD8amUMyz8ORxZtnPkA/EJmvGNLwaeoLAFK23gKiBM9tzGU8MCkoNtYCJP2HXPRGD2Ggk5xlWWOyD8K4ONoZUnHxC8k1Iii3yDk8WYd6IjmcuuB+QvfS4rHdV8UD+Q18F3WCfxAS47sgJ/oGCCz0mYOal1cc/Px6WqMbwT3fSW2dAzAWLDuS2Kxw==&u=U2FsdGVkX1+QsdEEYgegJTGdj0NMlngZ5R7l6Itu6Wc=&y=U2FsdGVkX1+vW9zj25ZtGWob/JiLggDr+qQCeJpZun4= HTTP/1.1" 200 196
186.102.44.217 - - [26/Jun/2023:10:57:40 -0500] "GET /kwssiamovil/sm/cjson/pre?f=1&x=U2FsdGVkX18CCgJncRg5GP8hesaOsrYlsgILJSuBTlYiXrfLTvFIxHxG7PPu15rl HTTP/1.1" 200 31032
181.53.13.239 - - [26/Jun/2023:10:57:43 -0500] "GET /BLA/resoluciones/RESOLUCIONES%202007/3958.pdf HTTP/1.1" 200 485619
186.84.21.166 - - [26/Jun/2023:10:57:45 -0500] "POST /sipse/faces/presentacion/financiero/solicitudProceso/consultarSolicitudProceso.xhtml HTTP/1.1" 200 44115
186.84.21.166 - - [26/Jun/2023:10:57:45 -0500] "GET /sipse/faces/javax.faces.resource/theme.css?ln=primefaces-sipse HTTP/1.1" 304 -
186.84.21.166 - - [26/Jun/2023:10:57:45 -0500] "GET /sipse/faces/javax.faces.resource/primefaces.css?ln=primefaces&v=4.0 HTTP/1.1" 304 -
186.84.21.166 - - [26/Jun/2023:10:57:45 -0500] "GET /sipse/faces/javax.faces.resource/layout/layout.css?ln=primefaces&v=4.0 HTTP/1.1" 304 -
186.84.21.166 - - [26/Jun/2023:10:57:45 -0500] "GET /sipse/faces/javax.faces.resource/jquery/jquery.js?ln=primefaces&v=4.0 HTTP/1.1" 304 -
186.84.21.166 - - [26/Jun/2023:10:57:45 -0500] "GET /sipse/faces/javax.faces.resource/jquery/jquery-plugins.js?ln=primefaces&v=4.0 HTTP/1.1" 304 -
186.84.21.166 - - [26/Jun/2023:10:57:45 -0500] "GET /sipse/faces/javax.faces.resource/primefaces.js?ln=primefaces&v=4.0 HTTP/1.1" 304 -
186.84.21.166 - - [26/Jun/2023:10:57:45 -0500] "GET /sipse/faces/javax.faces.resource/layout/layout.js?ln=primefaces&v=4.0 HTTP/1.1" 304 -
186.84.21.166 - - [26/Jun/2023:10:57:46 -0500] "POST /sipse/faces/presentacion/financiero/solicitudProceso/consultar.xhtml HTTP/1.1" 200 37520
186.84.21.166 - - [26/Jun/2023:10:57:46 -0500] "POST /sipse/faces/presentacion/financiero/solicitudProceso/consultar.xhtml HTTP/1.1" 200 37520
186.84.21.166 - - [26/Jun/2023:10:57:46 -0500] "POST /sipse/faces/presentacion/financiero/solicitudProceso/consultar.xhtml HTTP/1.1" 200 37520
186.84.21.166 - - [26/Jun/2023:10:57:46 -0500] "POST /sipse/faces/presentacion/financiero/solicitudProceso/consultar.xhtml HTTP/1.1" 200 37520
186.84.21.166 - - [26/Jun/2023:10:57:46 -0500] "POST /sipse/faces/presentacion/financiero/solicitudProceso/consultar.xhtml HTTP/1.1" 200 37520
186.84.21.166 - - [26/Jun/2023:10:57:47 -0500] "POST /sipse/faces/presentacion/financiero/solicitudProceso/consultar.xhtml HTTP/1.1" 200 37520
186.84.21.166 - - [26/Jun/2023:10:57:47 -0500] "POST /sipse/faces/presentacion/financiero/solicitudProceso/consultar.xhtml HTTP/1.1" 200 37520
186.84.21.166 - - [26/Jun/2023:10:57:47 -0500] "POST /sipse/faces/presentacion/financiero/solicitudProceso/consultar.xhtml HTTP/1.1" 200 37520
186.84.21.166 - - [26/Jun/2023:10:57:47 -0500] "POST /sipse/faces/presentacion/financiero/solicitudProceso/consultar.xhtml HTTP/1.1" 200 37520
186.84.21.166 - - [26/Jun/2023:10:57:47 -0500] "POST /sipse/faces/presentacion/financiero/solicitudProceso/consultar.xhtml HTTP/1.1" 200 37520
186.84.21.166 - - [26/Jun/2023:10:57:48 -0500] "POST /sipse/faces/presentacion/financiero/solicitudProceso/consultar.xhtml HTTP/1.1" 200 37520
186.84.21.166 - - [26/Jun/2023:10:57:48 -0500] "POST /sipse/faces/presentacion/financiero/solicitudProceso/consultar.xhtml HTTP/1.1" 200 37520
186.84.21.166 - - [26/Jun/2023:10:57:48 -0500] "POST /sipse/faces/presentacion/financiero/solicitudProceso/consultar.xhtml HTTP/1.1" 200 37520
181.59.2.106 - - [26/Jun/2023:10:57:48 -0500] "GET /BLA/resoluciones/ HTTP/1.1" 200 13502
181.59.2.106 - - [26/Jun/2023:10:57:48 -0500] "GET /BLA/resoluciones/dlf/styles.css HTTP/1.1" 200 3049
181.59.2.106 - - [26/Jun/2023:10:57:48 -0500] "GET /BLA/resoluciones/dlf/folder.png HTTP/1.1" 200 410
181.59.2.106 - - [26/Jun/2023:10:57:48 -0500] "GET /BLA/resoluciones/dlf/bg.gif HTTP/1.1" 200 54
181.59.2.106 - - [26/Jun/2023:10:57:48 -0500] "GET /favicon.ico HTTP/1.1" 200 7782
216.245.221.92 - - [26/Jun/2023:10:57:51 -0500] "HEAD / HTTP/1.1" 200 -
181.59.2.106 - - [26/Jun/2023:10:57:54 -0500] "GET /BLA/resoluciones/index.php?dir=RESOLUCIONES+1997%2F HTTP/1.1" 200 16815
181.59.2.106 - - [26/Jun/2023:10:57:54 -0500] "GET /BLA/resoluciones/dlf/pdf.gif HTTP/1.1" 200 272
181.59.2.106 - - [26/Jun/2023:10:57:54 -0500] "GET /BLA/resoluciones/dlf/dirup.png HTTP/1.1" 200 644
181.53.13.239 - - [26/Jun/2023:10:58:00 -0500] "GET /BLA/resoluciones/RESOLUCIONES%202007/3754.pdf HTTP/1.1" 200 110439
181.53.13.239 - - [26/Jun/2023:10:58:06 -0500] "GET /BLA/resoluciones/RESOLUCIONES%202007/3422.pdf HTTP/1.1" 200 520299
191.156.224.197 - - [26/Jun/2023:10:58:04 -0500] "POST /sipse/faces/presentacion/financiero/solicitudProceso/listarSolicitudProceso.xhtml HTTP/1.1" 200 145909
191.156.224.197 - - [26/Jun/2023:10:58:08 -0500] "GET /sipse/faces/javax.faces.resource/jquery/jquery.js?ln=primefaces&v=4.0 HTTP/1.1" 304 -
191.156.224.197 - - [26/Jun/2023:10:58:08 -0500] "GET /sipse/faces/javax.faces.resource/jquery/jquery-plugins.js?ln=primefaces&v=4.0 HTTP/1.1" 304 -
191.156.224.197 - - [26/Jun/2023:10:58:09 -0500] "GET /sipse/faces/javax.faces.resource/primefaces.js?ln=primefaces&v=4.0 HTTP/1.1" 304 -
191.156.224.197 - - [26/Jun/2023:10:58:09 -0500] "GET /sipse/faces/javax.faces.resource/layout/layout.js?ln=primefaces&v=4.0 HTTP/1.1" 304 -
186.84.21.166 - - [26/Jun/2023:10:58:14 -0500] "GET /sipse/faces/javax.faces.resource/theme.css?ln=primefaces-sipse HTTP/1.1" 304 -
181.53.13.239 - - [26/Jun/2023:10:58:14 -0500] "GET /BLA/resoluciones/RESOLUCIONES%202007/3419.pdf HTTP/1.1" 200 22682
186.84.21.166 - - [26/Jun/2023:10:58:14 -0500] "GET /sipse/faces/faces/autenticacion.xhtml HTTP/1.1" 200 12186
186.84.21.166 - - [26/Jun/2023:10:58:14 -0500] "GET /sipse/faces/javax.faces.resource/theme.css?ln=primefaces-sipse HTTP/1.1" 304 -
186.84.21.166 - - [26/Jun/2023:10:58:14 -0500] "GET /sipse/faces/javax.faces.resource/jquery/jquery.js?ln=primefaces&v=4.0 HTTP/1.1" 304 -
186.84.21.166 - - [26/Jun/2023:10:58:14 -0500] "GET /sipse/faces/javax.faces.resource/layout/layout.css?ln=primefaces&v=4.0 HTTP/1.1" 304 -
186.84.21.166 - - [26/Jun/2023:10:58:14 -0500] "GET /sipse/faces/javax.faces.resource/primefaces.css?ln=primefaces&v=4.0 HTTP/1.1" 304 -
186.84.21.166 - - [26/Jun/2023:10:58:14 -0500] "GET /sipse/faces/javax.faces.resource/jquery/jquery-plugins.js?ln=primefaces&v=4.0 HTTP/1.1" 304 -
186.84.21.166 - - [26/Jun/2023:10:58:14 -0500] "GET /sipse/faces/javax.faces.resource/layout/layout.js?ln=primefaces&v=4.0 HTTP/1.1" 304 -
186.84.21.166 - - [26/Jun/2023:10:58:14 -0500] "GET /sipse/faces/javax.faces.resource/primefaces.js?ln=primefaces&v=4.0 HTTP/1.1" 304 -
186.84.21.166 - - [26/Jun/2023:10:58:15 -0500] "GET /sipse/faces/javax.faces.resource/images/ui-icons_898989_256x240.png?ln=primefaces-aristo HTTP/1.1" 304 -
66.249.66.71 - - [26/Jun/2023:10:58:25 -0500] "GET /calidad-del-aire-distrito-avanza-unido-por-un-nuevo-aire.html HTTP/1.1" 200 783
181.53.13.239 - - [26/Jun/2023:10:58:31 -0500] "GET /BLA/resoluciones/RESOLUCIONES%202007/3259.pdf HTTP/1.1" 200 98509
181.53.13.239 - - [26/Jun/2023:10:58:37 -0500] "GET /BLA/resoluciones/RESOLUCIONES%202007/3181.pdf HTTP/1.1" 200 1054732
181.50.236.27 - - [26/Jun/2023:10:58:38 -0500] "GET /siipev/Diseno%20de%20Elementos%20de%20Mobiliario%20Urbano/Diseno%20pertenecientes%20al%20mobiliario%20urbano%20M10-M160/PARTE%20A/Dise%C3%B1o%20de%20Elementos%20M-10.pdf HTTP/1.1" 200 2286537
181.50.236.27 - - [26/Jun/2023:10:58:38 -0500] "GET /favicon.ico HTTP/1.1" 200 7782
181.50.236.27 - - [26/Jun/2023:10:58:40 -0500] "GET /siipev/Diseno%20de%20Elementos%20de%20Mobiliario%20Urbano/Diseno%20pertenecientes%20al%20mobiliario%20urbano%20M10-M160/PARTE%20A/Dise%C3%B1o%20de%20Elementos%20M-160.pdf HTTP/1.1" 200 1047174
181.53.13.239 - - [26/Jun/2023:10:58:42 -0500] "GET /BLA/resoluciones/RESOLUCIONES%202007/3075.pdf HTTP/1.1" 200 154411
201.245.192.253 - - [26/Jun/2023:10:58:49 -0500] "GET /appsia/controlador HTTP/1.1" 200 4799
201.245.192.253 - - [26/Jun/2023:10:58:49 -0500] "GET /appsia/css/estilos.css HTTP/1.1" 200 4804
201.245.192.253 - - [26/Jun/2023:10:58:49 -0500] "GET /appsia/scripts/validarIngreso.js HTTP/1.1" 200 851
201.245.192.253 - - [26/Jun/2023:10:58:49 -0500] "GET /appsia/images/logo_bogota_p.png HTTP/1.1" 200 14951
181.53.13.239 - - [26/Jun/2023:10:58:49 -0500] "GET /BLA/resoluciones/RESOLUCIONES%202007/2839.pdf HTTP/1.1" 200 57616
201.245.192.253 - - [26/Jun/2023:10:58:49 -0500] "GET /appsia/images/cabezoteHojaVida.png HTTP/1.1" 200 32493
201.245.192.253 - - [26/Jun/2023:10:58:49 -0500] "GET /favicon.ico HTTP/1.1" 200 7782
181.53.13.239 - - [26/Jun/2023:10:59:00 -0500] "GET /BLA/resoluciones/RESOLUCIONES%202007/2331.pdf HTTP/1.1" 200 109526
186.84.21.166 - - [26/Jun/2023:10:59:06 -0500] "POST /sipse/faces/presentacion/financiero/solicitudProceso/consultar.xhtml HTTP/1.1" 200 37520
201.245.192.253 - - [26/Jun/2023:10:59:06 -0500] "GET /BLA/resoluciones/ HTTP/1.1" 200 13502
186.84.21.166 - - [26/Jun/2023:10:59:06 -0500] "POST /sipse/faces/presentacion/financiero/solicitudProceso/consultar.xhtml HTTP/1.1" 200 37520
172.22.2.4 - - [26/Jun/2023:10:59:06 -0500] "GET /BLA/boletinlegal/actos.php HTTP/1.1" 200 9682
186.84.21.166 - - [26/Jun/2023:10:59:06 -0500] "POST /sipse/faces/presentacion/financiero/solicitudProceso/consultar.xhtml HTTP/1.1" 200 37520
181.53.13.239 - - [26/Jun/2023:10:59:06 -0500] "GET /BLA/resoluciones/RESOLUCIONES%202007/2212.pdf HTTP/1.1" 200 120222
172.22.2.4 - - [26/Jun/2023:10:59:07 -0500] "GET /BLA/boletinlegal/styles2.css HTTP/1.1" 200 1838
172.22.2.4 - - [26/Jun/2023:10:59:07 -0500] "GET /BLA/boletinlegal/js/ajax_actos.js HTTP/1.1" 200 1322
172.22.2.4 - - [26/Jun/2023:10:59:07 -0500] "GET /BLA/boletinlegal/niceforms-default.css HTTP/1.1" 200 6694
172.22.2.4 - - [26/Jun/2023:10:59:07 -0500] "GET /BLA/boletinlegal/style.css HTTP/1.1" 200 9406
172.22.2.4 - - [26/Jun/2023:10:59:07 -0500] "GET /BLA/boletinlegal/niceforms.js HTTP/1.1" 200 22876
172.22.2.4 - - [26/Jun/2023:10:59:07 -0500] "GET /BLA/boletinlegal/js/lib.js HTTP/1.1" 200 6474
186.84.21.166 - - [26/Jun/2023:10:59:06 -0500] "POST /sipse/faces/presentacion/financiero/solicitudProceso/consultar.xhtml HTTP/1.1" 200 37520
186.84.21.166 - - [26/Jun/2023:10:59:07 -0500] "POST /sipse/faces/presentacion/financiero/solicitudProceso/consultar.xhtml HTTP/1.1" 200 37520
172.22.2.4 - - [26/Jun/2023:10:59:07 -0500] "GET /BLA/boletinlegal/js/popup.js HTTP/1.1" 200 1270
172.22.2.4 - - [26/Jun/2023:10:59:07 -0500] "GET /BLA/boletinlegal/js/jquery1.js HTTP/1.1" 200 29846
186.84.21.166 - - [26/Jun/2023:10:59:07 -0500] "POST /sipse/faces/presentacion/financiero/solicitudProceso/consultar.xhtml HTTP/1.1" 200 37520
186.84.21.166 - - [26/Jun/2023:10:59:07 -0500] "POST /sipse/faces/presentacion/financiero/solicitudProceso/consultar.xhtml HTTP/1.1" 200 37520
172.22.2.4 - - [26/Jun/2023:10:59:07 -0500] "GET /BLA/boletinlegal/images/cabezote%20BLEGAL.jpg HTTP/1.1" 200 118164
172.22.2.4 - - [26/Jun/2023:10:59:07 -0500] "GET /BLA/boletinlegal/images/subscribe-icon-big.png HTTP/1.1" 200 47702
172.22.2.4 - - [26/Jun/2023:10:59:07 -0500] "GET /BLA/boletinlegal/images/historia.png HTTP/1.1" 200 52775
172.22.2.4 - - [26/Jun/2023:10:59:07 -0500] "GET /BLA/boletinlegal/images/green-yellow-blue-pink-th.png HTTP/1.1" 200 7394
172.22.2.4 - - [26/Jun/2023:10:59:07 -0500] "GET /BLA/boletinlegal/images/registro-usuarios.png HTTP/1.1" 200 8106
172.22.2.4 - - [26/Jun/2023:10:59:07 -0500] "GET /BLA/boletinlegal/images/tel.png HTTP/1.1" 200 14477
172.22.2.4 - - [26/Jun/2023:10:59:07 -0500] "GET /BLA/boletinlegal/images/icono-email.png HTTP/1.1" 200 5544
172.22.2.4 - - [26/Jun/2023:10:59:07 -0500] "GET /BLA/boletinlegal/images/body_bg.jpg HTTP/1.1" 200 1601
172.22.2.4 - - [26/Jun/2023:10:59:07 -0500] "GET /BLA/boletinlegal/images/hover.jpg HTTP/1.1" 200 640
172.22.2.4 - - [26/Jun/2023:10:59:07 -0500] "GET /BLA/boletinlegal/images/footer_bg.jpg HTTP/1.1" 200 586
172.22.2.4 - - [26/Jun/2023:10:59:07 -0500] "GET /BLA/boletinlegal/images/menu_rght.gif HTTP/1.1" 200 1627
172.22.2.4 - - [26/Jun/2023:10:59:07 -0500] "GET /BLA/boletinlegal/images/bg_top.jpg HTTP/1.1" 200 522
172.22.2.4 - - [26/Jun/2023:10:59:07 -0500] "GET /BLA/boletinlegal/images/menu_bg.jpg HTTP/1.1" 200 620
172.22.2.4 - - [26/Jun/2023:10:59:07 -0500] "GET /BLA/boletinlegal/images/text.jpg HTTP/1.1" 200 568
172.22.2.4 - - [26/Jun/2023:10:59:07 -0500] "GET /BLA/boletinlegal/images/menu_lft.gif HTTP/1.1" 200 1713
172.22.2.4 - - [26/Jun/2023:10:59:07 -0500] "GET /BLA/boletinlegal/images/footer_bg_l.jpg HTTP/1.1" 200 776
186.84.21.166 - - [26/Jun/2023:10:59:07 -0500] "POST /sipse/faces/presentacion/financiero/solicitudProceso/consultar.xhtml HTTP/1.1" 200 37520
186.84.21.166 - - [26/Jun/2023:10:59:08 -0500] "POST /sipse/faces/presentacion/financiero/solicitudProceso/consultar.xhtml HTTP/1.1" 200 37520
186.84.21.166 - - [26/Jun/2023:10:59:08 -0500] "POST /sipse/faces/presentacion/financiero/solicitudProceso/consultar.xhtml HTTP/1.1" 200 37520
186.84.21.166 - - [26/Jun/2023:10:59:08 -0500] "POST /sipse/faces/presentacion/financiero/solicitudProceso/consultar.xhtml HTTP/1.1" 200 37520
186.84.21.166 - - [26/Jun/2023:10:59:08 -0500] "POST /sipse/faces/presentacion/financiero/solicitudProceso/consultar.xhtml HTTP/1.1" 200 37520
172.22.2.4 - - [26/Jun/2023:10:59:08 -0500] "GET /BLA/boletinlegal/img/0.png HTTP/1.1" 200 110
172.22.2.4 - - [26/Jun/2023:10:59:08 -0500] "GET /BLA/boletinlegal/img/select-left.png HTTP/1.1" 200 263
172.22.2.4 - - [26/Jun/2023:10:59:08 -0500] "GET /BLA/boletinlegal/img/select-right.png HTTP/1.1" 200 44019
172.22.2.4 - - [26/Jun/2023:10:59:08 -0500] "GET /BLA/boletinlegal/img/button.png HTTP/1.1" 200 43241
172.22.2.4 - - [26/Jun/2023:10:59:08 -0500] "GET /BLA/boletinlegal/img/button-left.png HTTP/1.1" 200 57071
172.22.2.4 - - [26/Jun/2023:10:59:08 -0500] "GET /BLA/boletinlegal/img/button-right.png HTTP/1.1" 200 57878
172.22.2.4 - - [26/Jun/2023:10:59:08 -0500] "GET /BLA/boletinlegal/favicon.ico HTTP/1.1" 404 1326
186.84.21.166 - - [26/Jun/2023:10:59:08 -0500] "POST /sipse/faces/presentacion/financiero/solicitudProceso/consultar.xhtml HTTP/1.1" 200 37520
186.84.21.166 - - [26/Jun/2023:10:59:09 -0500] "POST /sipse/faces/presentacion/financiero/solicitudProceso/consultar.xhtml HTTP/1.1" 200 37520
201.245.192.253 - - [26/Jun/2023:10:59:09 -0500] "GET /BLA/resoluciones/index.php?dir=RESOLUCIONES+2020%2F HTTP/1.1" 200 168722
186.84.21.166 - - [26/Jun/2023:10:59:09 -0500] "POST /sipse/faces/presentacion/financiero/solicitudProceso/consultar.xhtml HTTP/1.1" 200 37520
201.245.192.253 - - [26/Jun/2023:10:59:08 -0500] "POST /kwsrmcab/Wsrmcab  HTTP/1.1" 200 40807
181.53.13.239 - - [26/Jun/2023:10:59:13 -0500] "GET /BLA/resoluciones/RESOLUCIONES%202007/1873.pdf HTTP/1.1" 200 59773
66.249.73.106 - - [26/Jun/2023:10:59:19 -0500] "-" 408 -
201.245.192.253 - - [26/Jun/2023:10:59:20 -0500] "GET /BLA/resoluciones/index.php?dir= HTTP/1.1" 200 13502
172.22.2.4 - - [26/Jun/2023:10:59:23 -0500] "GET /BLA/boletinlegal/consulta_actos.php?tipo=autos&no=2903&usuario=&sector=&fecha=2020&resuelve= HTTP/1.1" 200 1121
172.22.2.4 - - [26/Jun/2023:10:59:23 -0500] "GET /BLA/boletinlegal/images/pdf.gif HTTP/1.1" 200 567
181.53.13.239 - - [26/Jun/2023:10:59:24 -0500] "GET /BLA/resoluciones/RESOLUCIONES%202007/1870.pdf HTTP/1.1" 200 2428610
201.245.192.253 - - [26/Jun/2023:10:59:24 -0500] "GET /BLA/resoluciones/index.php?dir=RESOLUCIONES+2020%2F HTTP/1.1" 200 168722
186.84.21.166 - - [26/Jun/2023:10:59:24 -0500] "POST /sipse/faces/presentacion/financiero/solicitudProceso/consultar.xhtml HTTP/1.1" 200 34599
186.84.21.166 - - [26/Jun/2023:10:59:24 -0500] "GET /sipse/faces/javax.faces.resource/theme.css?ln=primefaces-sipse HTTP/1.1" 304 -
186.84.21.166 - - [26/Jun/2023:10:59:24 -0500] "GET /sipse/faces/javax.faces.resource/primefaces.css?ln=primefaces&v=4.0 HTTP/1.1" 304 -
186.84.21.166 - - [26/Jun/2023:10:59:24 -0500] "GET /sipse/faces/javax.faces.resource/layout/layout.css?ln=primefaces&v=4.0 HTTP/1.1" 304 -
186.84.21.166 - - [26/Jun/2023:10:59:24 -0500] "GET /sipse/faces/javax.faces.resource/jquery/jquery.js?ln=primefaces&v=4.0 HTTP/1.1" 304 -
186.84.21.166 - - [26/Jun/2023:10:59:24 -0500] "GET /sipse/faces/javax.faces.resource/jquery/jquery-plugins.js?ln=primefaces&v=4.0 HTTP/1.1" 304 -
186.84.21.166 - - [26/Jun/2023:10:59:24 -0500] "GET /sipse/faces/javax.faces.resource/primefaces.js?ln=primefaces&v=4.0 HTTP/1.1" 304 -
186.84.21.166 - - [26/Jun/2023:10:59:24 -0500] "GET /sipse/faces/javax.faces.resource/layout/layout.js?ln=primefaces&v=4.0 HTTP/1.1" 304 -
186.84.21.166 - - [26/Jun/2023:10:59:24 -0500] "POST /sipse/faces/presentacion/financiero/solicitudProceso/listarSolicitudProceso.xhtml HTTP/1.1" 200 27978
186.84.21.166 - - [26/Jun/2023:10:59:25 -0500] "POST /sipse/faces/presentacion/financiero/solicitudProceso/listarSolicitudProceso.xhtml HTTP/1.1" 200 27978
186.84.21.166 - - [26/Jun/2023:10:59:25 -0500] "POST /sipse/faces/presentacion/financiero/solicitudProceso/listarSolicitudProceso.xhtml HTTP/1.1" 200 27978
186.84.21.166 - - [26/Jun/2023:10:59:25 -0500] "POST /sipse/faces/presentacion/financiero/solicitudProceso/listarSolicitudProceso.xhtml HTTP/1.1" 200 27978
186.84.21.166 - - [26/Jun/2023:10:59:26 -0500] "POST /sipse/faces/presentacion/financiero/solicitudProceso/listarSolicitudProceso.xhtml HTTP/1.1" 200 27978
186.84.21.166 - - [26/Jun/2023:10:59:26 -0500] "POST /sipse/faces/presentacion/financiero/solicitudProceso/listarSolicitudProceso.xhtml HTTP/1.1" 200 27978
186.84.21.166 - - [26/Jun/2023:10:59:26 -0500] "POST /sipse/faces/presentacion/financiero/solicitudProceso/listarSolicitudProceso.xhtml HTTP/1.1" 200 27978
186.84.21.166 - - [26/Jun/2023:10:59:27 -0500] "POST /sipse/faces/presentacion/financiero/solicitudProceso/listarSolicitudProceso.xhtml HTTP/1.1" 200 27978
186.84.21.166 - - [26/Jun/2023:10:59:27 -0500] "POST /sipse/faces/presentacion/financiero/solicitudProceso/listarSolicitudProceso.xhtml HTTP/1.1" 200 27978
152.200.176.117 - - [26/Jun/2023:10:59:27 -0500] "GET /BLA/resoluciones/AUTOS%202020/2903.pdf HTTP/1.1" 200 377299
186.84.21.166 - - [26/Jun/2023:10:59:27 -0500] "POST /sipse/faces/presentacion/financiero/solicitudProceso/listarSolicitudProceso.xhtml HTTP/1.1" 200 27978
186.84.21.166 - - [26/Jun/2023:10:59:27 -0500] "POST /sipse/faces/presentacion/financiero/solicitudProceso/listarSolicitudProceso.xhtml HTTP/1.1" 200 27978
186.84.21.166 - - [26/Jun/2023:10:59:28 -0500] "POST /sipse/faces/presentacion/financiero/solicitudProceso/listarSolicitudProceso.xhtml HTTP/1.1" 200 27978
186.84.21.166 - - [26/Jun/2023:10:59:28 -0500] "POST /sipse/faces/presentacion/financiero/solicitudProceso/listarSolicitudProceso.xhtml HTTP/1.1" 200 27978
186.84.21.166 - - [26/Jun/2023:10:59:28 -0500] "POST /sipse/faces/presentacion/financiero/solicitudProceso/listarSolicitudProceso.xhtml HTTP/1.1" 200 27978
186.102.44.217 - - [26/Jun/2023:10:59:28 -0500] "GET /kwssiamovil/sm/ldap/au?x=U2FsdGVkX1/xS9C9L16Lmb1HIsaehZbCDN6M6Fiv36Pdr1rouT9nVF1fJBmwdnbZ&y=U2FsdGVkX18uDZaD+eFbLjdlWY8aYjSkSRkbOAwNq6k= HTTP/1.1" 200 30
186.84.21.166 - - [26/Jun/2023:10:59:29 -0500] "POST /sipse/faces/presentacion/financiero/solicitudProceso/listarSolicitudProceso.xhtml HTTP/1.1" 200 1376
186.102.44.217 - - [26/Jun/2023:10:59:29 -0500] "GET /kwssiamovil/sm/acme/s?s=U2FsdGVkX18O5VoYm0NgRFbw2AXXzttr1wOpArqm8PbRMlanWG5pvol24NyTo9byZ/ZEeyGrnvALCXXAJlbltrxGJtT9OY+Cuivw0GBE4rk=&u=U2FsdGVkX18maSV/BVeQGQ/B+3kYg8LQdEHUU7PMnoI=&y=U2FsdGVkX18uDZaD+eFbLjdlWY8aYjSkSRkbOAwNq6k= HTTP/1.1" 200 97
186.84.21.166 - - [26/Jun/2023:10:59:29 -0500] "POST /sipse/faces/presentacion/financiero/solicitudProceso/listarSolicitudProceso.xhtml HTTP/1.1" 200 1384
186.84.21.166 - - [26/Jun/2023:10:59:29 -0500] "POST /sipse/faces/presentacion/financiero/solicitudProceso/listarSolicitudProceso.xhtml HTTP/1.1" 200 1380
186.102.44.217 - - [26/Jun/2023:10:59:29 -0500] "GET /kwssiamovil/sm/acme/s?s=U2FsdGVkX19BgUH0plD9OowihK/+k5lU/cXhrXEKuz6JNtBq7Wgy/M3ZFtv3CsOV+r5IqEVLvQ2NCuqslBXe8DoCog/FgQopK3xhA7tMqJdtmfpRtH6Hmxis89fkYNPxsLnGCbawRyOiHMJTeYPH2zR0cCUJl+CVv3GWotf7guhXmjbFzUR/+JszQ7FbgmGnpE0Hmd1CJGC/5PKmlPY7zgCnGiQ3hJlvp2VTHHxl3yHHwDyLXmQvqyDZUcHbvs6Jr2E6whhObY4QbznQretoGWR4VFAtHyfEx5UMDJyw5wPdI0O4AByL3AET2aXyvQtXfQiPDn9Cl4fTRmpN5YhzLQ5Jn145K5DCXYtrSWlM9MiQjgOwbX8AAkyuwFEq6XuFYSTg/22mTm5F7ic5hne9oatdk12iQ48rJXk7HkKFxkQjBMqm5kzbckrLezB/mTb01w8OohFT3SznWrss/E68GhpoOaiKDXxohXr9SwhRDpT/zx0vxIi2jPXY6f0B4to5b1YmVG7GSRS0X2d9/G+5MX0AUNCMCJauIr0Dewmu7oKAeiKyoIlquD/2g7CuZ38eF4myQG32e/nKrMnsHAGoa04Ag1kOaAhX5lxtwrvXNNSbuOqddWBjX+62/u21l16Xxin5nlBDdIfsxQnK9GC+m3lMSGt3Sjj60VzelBBbJwSpMAOajPaRtUFrBpQVi8ea5BKQgAVCQbGmwAHqfo6dGB7WT9N/Bw1D7ueL9AyopE+U8xWGh3l7+4CfB0Wq1qqodwetu4hKS46ZuEzynzIRO7i+lSpBkx5bIxzZWfXa3DErD8vwZ7Gpa9fvz7X6YCy+uGMiFQgo1fbPtEOdYyvrK10ioVvvEBv5iLyGAEq4n2tQs5DEUQr89twcd2ks137/3ROvTHoQ5zp7dJrDcOtBYi4QDkj75QZKnCx0bgHtL/spJOWplDfM31CI7CAoGR3H7SqiJ8iEKCCQtzTF7P1Je8zpEnYn8YPR3tdPo8YKfsbFaX8VNgy2QCsERj/u0eqYzQN4blzurfwZXmFgxkp4SOpjHj7Gd5lyygonl9aswJJQJNqhOLJAvlFYrRbU4GhmBL9keBY7pVveth25fPMPaRINW07qi0VNyzwR3C4rKr/ELbAEe/wqH8vnsL0+moQmgZd+WLKyYi9crW6neoZGdtFj0RUdr+8/9a/ySfiPM0v6tUeZmtdXt6rS9YQ7qhm0DsFtrZ1BO+v+whs3ZNUuK/d9W8TY16H2C6tTzWCyjWLpHQI7PQCXDti1nWa6tBv5qsa8KsJ8Hj7OfF1587beu74jHRM8Xcm5Jcbgg+jygvnhN1F5ozqinNuK3uy9icm/qr0DTGmR97wJwIBfo24tBgnhtflDW+KouON2M8Ge3CK0aoyVPESSMNqAYw17VtkXoG10AXiMgiJW2znx4MjzWQi5cON0yl3M60l+pQ3/zCI=&u=U2FsdGVkX18maSV/BVeQGQ/B+3kYg8LQdEHUU7PMnoI=&y=U2FsdGVkX18uDZaD+eFbLjdlWY8aYjSkSRkbOAwNq6k= HTTP/1.1" 200 2852
186.84.21.166 - - [26/Jun/2023:10:59:29 -0500] "POST /sipse/faces/presentacion/financiero/solicitudProceso/listarSolicitudProceso.xhtml HTTP/1.1" 200 1384
186.102.44.217 - - [26/Jun/2023:10:59:29 -0500] "GET /kwssiamovil/sm/acme/s?s=U2FsdGVkX1/N5k+VsKg/5BPvuYjzf3iIoBduBxHMg7AURLl6DM/tXh1uKOPjofM+MrKn++PXc3aQdoKxNSiFi/kEJ962zJUE9G+EiIkUOOF66wIhVlmaNhe5CMWpJcsDuIP8/TGQiEYakNNj3rFOwmnTl/ZYSCSbbhIyOykeK37rZnwMWvpzf0cRFBK7cTBr/tVD1lgbe6YUlQ8SsTUYNZXMiNFtH1TFwvaXNyjPuyZijNw/eD5YVfUnAWmpveQ8SHIt4DBMo0NRd/Nf4ssQ0YN4Ktzk1j7b/9Wn+FMsx1N7oV7T7DBLGkgs2yEn7TbYM8RdRJxHE9jiN1No/Xsk+Q==&u=U2FsdGVkX18maSV/BVeQGQ/B+3kYg8LQdEHUU7PMnoI=&y=U2FsdGVkX18uDZaD+eFbLjdlWY8aYjSkSRkbOAwNq6k= HTTP/1.1" 200 196
186.84.21.166 - - [26/Jun/2023:10:59:29 -0500] "POST /sipse/faces/presentacion/financiero/solicitudProceso/listarSolicitudProceso.xhtml HTTP/1.1" 200 1380
186.84.21.166 - - [26/Jun/2023:10:59:30 -0500] "POST /sipse/faces/presentacion/financiero/solicitudProceso/listarSolicitudProceso.xhtml HTTP/1.1" 200 1380
186.84.21.166 - - [26/Jun/2023:10:59:30 -0500] "POST /sipse/faces/presentacion/financiero/solicitudProceso/listarSolicitudProceso.xhtml HTTP/1.1" 200 1380
186.84.21.166 - - [26/Jun/2023:10:59:30 -0500] "POST /sipse/faces/presentacion/financiero/solicitudProceso/listarSolicitudProceso.xhtml HTTP/1.1" 200 1384
186.102.44.217 - - [26/Jun/2023:10:59:30 -0500] "GET /kwssiamovil/sm/cjson/pre?f=1&x=U2FsdGVkX1/xS9C9L16Lmb1HIsaehZbCDN6M6Fiv36Pdr1rouT9nVF1fJBmwdnbZ HTTP/1.1" 200 31032
186.84.21.166 - - [26/Jun/2023:10:59:30 -0500] "POST /sipse/faces/presentacion/financiero/solicitudProceso/listarSolicitudProceso.xhtml HTTP/1.1" 200 1380
186.84.21.166 - - [26/Jun/2023:10:59:31 -0500] "POST /sipse/faces/presentacion/financiero/solicitudProceso/listarSolicitudProceso.xhtml HTTP/1.1" 200 1384
186.84.21.166 - - [26/Jun/2023:10:59:31 -0500] "POST /sipse/faces/presentacion/financiero/solicitudProceso/listarSolicitudProceso.xhtml HTTP/1.1" 200 1380
186.84.21.166 - - [26/Jun/2023:10:59:31 -0500] "POST /sipse/faces/presentacion/financiero/solicitudProceso/listarSolicitudProceso.xhtml HTTP/1.1" 200 1380
186.84.21.166 - - [26/Jun/2023:10:59:31 -0500] "POST /sipse/faces/presentacion/financiero/solicitudProceso/listarSolicitudProceso.xhtml HTTP/1.1" 200 1380
186.84.21.166 - - [26/Jun/2023:10:59:31 -0500] "POST /sipse/faces/presentacion/financiero/solicitudProceso/listarSolicitudProceso.xhtml HTTP/1.1" 200 1380
186.84.21.166 - - [26/Jun/2023:10:59:32 -0500] "POST /sipse/faces/presentacion/financiero/solicitudProceso/listarSolicitudProceso.xhtml HTTP/1.1" 200 1380
186.84.21.166 - - [26/Jun/2023:10:59:34 -0500] "POST /sipse/faces/presentacion/financiero/solicitudProceso/listarSolicitudProceso.xhtml HTTP/1.1" 200 34182
186.84.21.166 - - [26/Jun/2023:10:59:34 -0500] "POST /sipse/faces/presentacion/financiero/solicitudProceso/listarSolicitudProceso.xhtml HTTP/1.1" 200 47379
186.84.21.166 - - [26/Jun/2023:10:59:35 -0500] "POST /sipse/faces/presentacion/financiero/solicitudProceso/listarSolicitudProceso.xhtml HTTP/1.1" 200 34182
181.53.13.239 - - [26/Jun/2023:10:59:38 -0500] "GET /BLA/resoluciones/RESOLUCIONES%202007/1828.pdf HTTP/1.1" 200 378221
186.84.21.166 - - [26/Jun/2023:10:59:38 -0500] "POST /sipse/faces/presentacion/financiero/solicitudProceso/listarSolicitudProceso.xhtml HTTP/1.1" 200 13232
181.53.13.239 - - [26/Jun/2023:10:59:45 -0500] "GET /BLA/resoluciones/RESOLUCIONES%202007/1730.pdf HTTP/1.1" 200 1197478
186.84.21.166 - - [26/Jun/2023:10:59:48 -0500] "POST /sipse/faces/presentacion/financiero/solicitudProceso/listarSolicitudProceso.xhtml HTTP/1.1" 200 35107
181.53.13.239 - - [26/Jun/2023:10:59:50 -0500] "GET /BLA/resoluciones/RESOLUCIONES%202007/1288.pdf HTTP/1.1" 200 159278
181.53.13.239 - - [26/Jun/2023:10:59:56 -0500] "GET /BLA/resoluciones/RESOLUCIONES%202007/1258.pdf HTTP/1.1" 200 1232726
186.84.21.166 - - [26/Jun/2023:10:59:59 -0500] "POST /sipse/faces/presentacion/financiero/solicitudProceso/listarSolicitudProceso.xhtml HTTP/1.1" 200 110078
186.84.21.166 - - [26/Jun/2023:11:00:00 -0500] "GET /sipse/faces/javax.faces.resource/theme.css?ln=primefaces-sipse HTTP/1.1" 304 -
186.84.21.166 - - [26/Jun/2023:11:00:00 -0500] "GET /sipse/faces/javax.faces.resource/primefaces.css?ln=primefaces&v=4.0 HTTP/1.1" 304 -
186.84.21.166 - - [26/Jun/2023:11:00:00 -0500] "GET /sipse/faces/javax.faces.resource/layout/layout.css?ln=primefaces&v=4.0 HTTP/1.1" 304 -
186.84.21.166 - - [26/Jun/2023:11:00:00 -0500] "GET /sipse/faces/javax.faces.resource/jquery/jquery.js?ln=primefaces&v=4.0 HTTP/1.1" 304 -
186.84.21.166 - - [26/Jun/2023:11:00:00 -0500] "GET /sipse/faces/javax.faces.resource/jquery/jquery-plugins.js?ln=primefaces&v=4.0 HTTP/1.1" 304 -
186.84.21.166 - - [26/Jun/2023:11:00:00 -0500] "GET /sipse/faces/javax.faces.resource/primefaces.js?ln=primefaces&v=4.0 HTTP/1.1" 304 -
186.84.21.166 - - [26/Jun/2023:11:00:00 -0500] "GET /sipse/faces/javax.faces.resource/layout/layout.js?ln=primefaces&v=4.0 HTTP/1.1" 304 -
181.53.13.239 - - [26/Jun/2023:11:00:03 -0500] "GET /BLA/resoluciones/RESOLUCIONES%202007/1184.pdf HTTP/1.1" 200 426605
181.53.13.239 - - [26/Jun/2023:11:00:08 -0500] "GET /BLA/resoluciones/RESOLUCIONES%202007/1058.pdf HTTP/1.1" 200 28840
186.84.21.166 - - [26/Jun/2023:11:00:10 -0500] "POST /sipse/faces/presentacion/financiero/solicitudProceso/consultarSolicitudProceso.xhtml HTTP/1.1" 200 65844
186.84.21.166 - - [26/Jun/2023:11:00:10 -0500] "GET /sipse/faces/javax.faces.resource/layout/layout.css?ln=primefaces&v=4.0 HTTP/1.1" 304 -
186.84.21.166 - - [26/Jun/2023:11:00:10 -0500] "GET /sipse/faces/javax.faces.resource/theme.css?ln=primefaces-sipse HTTP/1.1" 304 -
186.84.21.166 - - [26/Jun/2023:11:00:10 -0500] "GET /sipse/faces/javax.faces.resource/primefaces.css?ln=primefaces&v=4.0 HTTP/1.1" 304 -
186.84.21.166 - - [26/Jun/2023:11:00:11 -0500] "GET /sipse/faces/javax.faces.resource/jquery/jquery.js?ln=primefaces&v=4.0 HTTP/1.1" 304 -
186.84.21.166 - - [26/Jun/2023:11:00:11 -0500] "GET /sipse/faces/javax.faces.resource/jquery/jquery-plugins.js?ln=primefaces&v=4.0 HTTP/1.1" 304 -
186.84.21.166 - - [26/Jun/2023:11:00:11 -0500] "GET /sipse/faces/javax.faces.resource/primefaces.js?ln=primefaces&v=4.0 HTTP/1.1" 304 -
186.84.21.166 - - [26/Jun/2023:11:00:11 -0500] "GET /sipse/faces/javax.faces.resource/layout/layout.js?ln=primefaces&v=4.0 HTTP/1.1" 304 -
186.84.21.166 - - [26/Jun/2023:11:00:11 -0500] "POST /sipse/faces/presentacion/financiero/solicitudProceso/listarSolicitudProceso.xhtml HTTP/1.1" 200 59223
186.84.21.166 - - [26/Jun/2023:11:00:11 -0500] "POST /sipse/faces/presentacion/financiero/solicitudProceso/listarSolicitudProceso.xhtml HTTP/1.1" 200 59223
186.84.21.166 - - [26/Jun/2023:11:00:11 -0500] "POST /sipse/faces/presentacion/financiero/solicitudProceso/listarSolicitudProceso.xhtml HTTP/1.1" 200 59223
186.84.21.166 - - [26/Jun/2023:11:00:12 -0500] "POST /sipse/faces/presentacion/financiero/solicitudProceso/listarSolicitudProceso.xhtml HTTP/1.1" 200 59223
186.84.21.166 - - [26/Jun/2023:11:00:13 -0500] "POST /sipse/faces/presentacion/financiero/solicitudProceso/listarSolicitudProceso.xhtml HTTP/1.1" 200 59223
186.84.21.166 - - [26/Jun/2023:11:00:13 -0500] "POST /sipse/faces/presentacion/financiero/solicitudProceso/listarSolicitudProceso.xhtml HTTP/1.1" 200 59223
186.84.21.166 - - [26/Jun/2023:11:00:13 -0500] "POST /sipse/faces/presentacion/financiero/solicitudProceso/listarSolicitudProceso.xhtml HTTP/1.1" 200 59223
186.84.21.166 - - [26/Jun/2023:11:00:14 -0500] "POST /sipse/faces/presentacion/financiero/solicitudProceso/listarSolicitudProceso.xhtml HTTP/1.1" 200 59223
186.84.21.166 - - [26/Jun/2023:11:00:14 -0500] "POST /sipse/faces/presentacion/financiero/solicitudProceso/listarSolicitudProceso.xhtml HTTP/1.1" 200 59223
186.84.21.166 - - [26/Jun/2023:11:00:14 -0500] "POST /sipse/faces/presentacion/financiero/solicitudProceso/listarSolicitudProceso.xhtml HTTP/1.1" 200 59223
186.84.21.166 - - [26/Jun/2023:11:00:15 -0500] "POST /sipse/faces/presentacion/financiero/solicitudProceso/listarSolicitudProceso.xhtml HTTP/1.1" 200 59223
181.53.13.239 - - [26/Jun/2023:11:00:15 -0500] "GET /BLA/resoluciones/RESOLUCIONES%202007/0639.pdf HTTP/1.1" 200 258892
186.84.21.166 - - [26/Jun/2023:11:00:15 -0500] "POST /sipse/faces/presentacion/financiero/solicitudProceso/listarSolicitudProceso.xhtml HTTP/1.1" 200 59223
186.84.21.166 - - [26/Jun/2023:11:00:15 -0500] "POST /sipse/faces/presentacion/financiero/solicitudProceso/listarSolicitudProceso.xhtml HTTP/1.1" 200 59223
186.84.21.166 - - [26/Jun/2023:11:00:16 -0500] "POST /sipse/faces/presentacion/financiero/solicitudProceso/listarSolicitudProceso.xhtml HTTP/1.1" 200 59223
186.84.21.166 - - [26/Jun/2023:11:00:16 -0500] "POST /sipse/faces/presentacion/financiero/solicitudProceso/listarSolicitudProceso.xhtml HTTP/1.1" 200 59223
186.84.21.166 - - [26/Jun/2023:11:00:16 -0500] "POST /sipse/faces/presentacion/financiero/solicitudProceso/listarSolicitudProceso.xhtml HTTP/1.1" 200 59223
186.84.21.166 - - [26/Jun/2023:11:00:17 -0500] "POST /sipse/faces/presentacion/financiero/solicitudProceso/listarSolicitudProceso.xhtml HTTP/1.1" 200 1556
186.84.21.166 - - [26/Jun/2023:11:00:17 -0500] "POST /sipse/faces/presentacion/financiero/solicitudProceso/listarSolicitudProceso.xhtml HTTP/1.1" 200 1560
186.84.21.166 - - [26/Jun/2023:11:00:17 -0500] "POST /sipse/faces/presentacion/financiero/solicitudProceso/listarSolicitudProceso.xhtml HTTP/1.1" 200 1560
186.84.21.166 - - [26/Jun/2023:11:00:17 -0500] "POST /sipse/faces/presentacion/financiero/solicitudProceso/listarSolicitudProceso.xhtml HTTP/1.1" 200 1564
186.84.21.166 - - [26/Jun/2023:11:00:18 -0500] "POST /sipse/faces/presentacion/financiero/solicitudProceso/listarSolicitudProceso.xhtml HTTP/1.1" 200 1556
