!C99Shell v. 1.0 pre-release build #13!

Software: Apache. PHP/5.5.15 

uname -a: Windows NT SVR-DMZ 6.1 build 7600 (Windows Server 2008 R2 Enterprise Edition) i586 

SYSTEM 

Safe-mode: OFF (not secure)

E:\nuevo\apache\logs\   drwxrwxrwx
Free 7.33 GB of 239.26 GB (3.07%)
Detected drives: [ a ] [ c ] [ d ] [ e ] [ f ]
Home    Back    Forward    UPDIR    Refresh    Search    Buffer    Encoder    Tools    Proc.    FTP brute    Sec.    SQL    PHP-code    Update    Feedback    Self remove    Logout    


Viewing file:     access.2023.06.26.log (4.4 MB)      -rw-rw-rw-
Select action/file-type:
(+) | (+) | (+) | Code (+) | Session (+) | (+) | SDB (+) | (+) | (+) | (+) | (+) | (+) |
173.252.107.5 - - [26/Jun/2023:00:00:39 -0500] "GET /se-abre-convocatoria-a-organizaciones-ambientales-para-generar-1-070-empleos-verdes-dirigidos-a-mujeres.html HTTP/1.1" 200 1128
201.245.192.253 - - [26/Jun/2023:00:01:30 -0500] "POST /kwsrmcab/Wsrmcab  HTTP/1.1" 200 40807
172.22.2.4 - - [26/Jun/2023:00:00:07 -0500] "HEAD /BLA/boletinlegal/ HTTP/1.1" 200 -
64.124.8.153 - - [26/Jun/2023:00:02:00 -0500] "-" 408 -
172.22.2.4 - - [26/Jun/2023:00:00:57 -0500] "GET /BLA/boletinlegal/ HTTP/1.1" 200 59192
216.245.221.92 - - [26/Jun/2023:00:02:52 -0500] "HEAD / HTTP/1.1" 200 -
69.63.184.3 - - [26/Jun/2023:00:04:29 -0500] "GET /calidad-del-aire-distrito-avanza-unido-por-un-nuevo-aire.html HTTP/1.1" 200 783
186.28.63.200 - - [26/Jun/2023:00:04:30 -0500] "GET /calidad-del-aire-distrito-avanza-unido-por-un-nuevo-aire.html HTTP/1.1" 200 783
52.167.144.25 - - [26/Jun/2023:00:05:11 -0500] "GET /BLA/resoluciones/RESOLUCIONES%202021/3872.pdf HTTP/1.1" 304 -
201.245.192.253 - - [26/Jun/2023:00:06:29 -0500] "POST /kwsrmcab/Wsrmcab  HTTP/1.1" 200 40807
199.16.157.181 - - [26/Jun/2023:00:06:37 -0500] "GET /images/secretaria-de-ambiente-carolina-urrutia-manos-reparadoras.jpg HTTP/1.1" 200 46600
186.28.223.193 - - [26/Jun/2023:00:06:39 -0500] "GET /acuerdos-de-conservacion-camaras-trampa-registran-fauna-en-la-reserva-umbral-cultural-horizontes.html?fbclid=IwAR2h6NX2lZH2rj3k2RJJn8teFomm8AsPXrGbc-PZnBVqCSAaGm23zB0Xu9w HTTP/1.1" 200 818
66.249.70.196 - - [26/Jun/2023:00:07:29 -0500] "-" 408 -
172.22.2.4 - - [26/Jun/2023:00:05:57 -0500] "HEAD /BLA/boletinlegal/ HTTP/1.1" 200 -
216.245.221.92 - - [26/Jun/2023:00:07:53 -0500] "HEAD / HTTP/1.1" 200 -
186.102.96.130 - - [26/Jun/2023:00:08:02 -0500] "GET /kwssiamovil/sm/acme/a?s=U2FsdGVkX18S1S3nQq5o+dbZslB0ik5JmtvdntSxxVcaqz2a4nzW2b3FhD6/X+dmZ8PFPXaRXGH8r130V5wqcJaUpzScSqPUmQPwJjymJmZxLrq5ct7Qw0ugxM5qGJB8/68Q9TTYKL/7p3iSt7fFR1u/VRhViF/ksM9UcjQHAKeWgWvRjUnN5BxKLXz3U379REtWYUg4dUpc+AHyYMNfRRRNCeFiDyxVgq+yGxpuGnVS0jCtwRa5qa5nGa8djYWlZXkxRMNjnTB58nHSxUSUdg==&u=U2FsdGVkX1++jxoC3DVy0TH4uMYYBP7IvTYZ6hqG+KM=&y=U2FsdGVkX18xH/YxPSFJRZl2pvYX64kogwxNLpL7rtY= HTTP/1.1" 200 26
186.102.96.130 - - [26/Jun/2023:00:08:02 -0500] "GET /kwssiamovil/sm/acme/a?s=U2FsdGVkX18sGJCNHjOkXaTJUjfkLUJWQ+xaCn3HmkuuMKTfnYcOhORLB/XZ4xCVcrTyqJL5TppaF7byACPYKEaKULQLDjXS23MAJGVbl+u0SbOY0aWfmHUhznQEnTWI8E0hZGehlNsj7QuMwEHFzpT3fN+11DAXACMgFHS7P6+/wm4BkMQKS4Hm0X9ipQSzJh8g6e8Owm4fH5ljgYTDl/6sLgBy58GLSu1GvQ6k27E+EAKCegs4lHy5ymCQqAfAP+HaL90vjsXsj+FJxEqSelS50whtY0lsO4nRZxk8/PKfRiMD7g6hIJkkDx8TJmShlGMPCofKfWA66dr1bnQYMEw7y+j9jT42uIHO7T6OhZ1qSw1Klzb3tr5HlvqBjyfqAKpcrvFXX4JUdbV0FzMo5uoqwDrQNBSFv66lCMPcQFeMuQehTn2Lipl+ax2+PwBbPdMLKDBkDAZzMO2KV+NIoTBN5hwFp4+cAYvFAmgzvKbGOMGsOiKQA8wmRY8EhZWKhHq3jocjlXuEo3fUd/zUcJ/YSrcMt6XAl80fEgSrVtq1iXJ9aZ+PViQikiwe+fflBLb1goNhscVeaNVJdmXkwlQvOQ61cHwsR/ayGCiPhMP/6dSMqotbyWqttuc2bVzEaoASqQT/nH+wEOlDyk6b2o8/33XgqyIbDMfLfhkoz2ST75IHxpYkmqBNq8+g52D0rD5Fwy7PoccsMJ634rQ2RcISGCbDzIY2dVRTej4opxt0jOB7p+yTyOaBIZla4cQPDGjF91gkxkd7aDFrDlL6FDhBEvWw6mS3/umcH++if5PlyDlvIPA6QK/ukZTMsZPiiWMaPU37ybPdpq81Ocgxc3V9MHlyMne1Xn0/q0GaBi4fYZJFBiYzdTXA/2e6ixPNLl8IDfrJ+W508bfui2eLjpFXGKKyhMEA7ccYFf5/ja7ShG/aatF0Mr6hMyJUainqRdIn281161juu8rcV0+q4vNaJiAzWjB6AS3Nv5qrDNElVRFmC+tgfzWa5mUZfQ2ThUn59LXYwIKy4cmcQz7YX7pfrVVGCQnwD02XaINyFXFrnCjNTq14kn+Y/wlnl4CLQKuN4dZFsZZxZgrUBBYIkkJ9D9Ij5puXMbxNsSaIb9F258o6stgwTRS6OAsTKW+hspqVUtPE99aElUP/R5WMOxF57bBNmJvt2UtMLbQVQS3qMA3pzi48e/2O4E2AgS1mf8b+Dw7tGl8kZ2bUDgRZBJfoE2fODhmUEPdv3la2wWbCEzvoVYb6cTNTez2NlzaaU7n8DUXMQIEEg+SpL2GOvIs8U4LHFoxLvGdheBcT6DBaBcHqYXXydLl/VJAULto09s9Y8fStBzhtDzFx3Lu8TZos4Afl79/QWKm/Rnsmg+kDr2rawB4rAJwK/yyyOeTgmK9MsfJZMSoBXwmOihnC8tGhmX1sJ4Bzg2jXxJghonubrtz5VlsoHhR45p5dinpF2+E1yuYSri7aB3cbjbfreYqnQWAAX9dJTSlGLEDtWMaEQOZ9dsBu3XE26vaz11bpJPI9GiVW+ogznCtEVoazDad8jCdOuKcR8/jdYJp4H4QqK0Bged93GPLu8s0J9zZ+wCldxhPXYb15i026KldxrI05B2L98ePiEW8Dm2u5nOfIFgQ009trGWjRiCFHbbWxpx4AbVPQUYuKWChnIX1gFGLpJVh6OvszKR7c5jN/6m2tWwBYXG5Qo7evyrf/RYVs7p4gtoqW12XFhu+aVx3Jh3ffQWRscdu6ZHIoRt9O8hTYXUXpIRNwXC469RiuUutGgDu6U9G81Rl5behYCEcn/VZn13N+RT/ggRUVGs4A0xqZLvysuTRCLWgZQbZdEaLmqcM/KeywqqTd/nwsv9JPGiFZnQBne3+2SYh/TR36+x7ZYWfPh709se5M/M+a7aVGS8bx13mfOn8GSDFU5kTiUf/AnL1OZK17iJRKhTfHE/ix7tAHghpa3ZGTBAsDLLuOR4gCEyIbqJsZhfYS00LBmj6ztC8PldrTQxBFksqEdRx1Dg/sjJ9PJKJmGbCUNtmtltkQO6pJwXED5UBcxVyi0rqXfGlRFSfag8QQ+RPX7svL5JM1cyTiozEnHnKx5oFp3wZkBRcW468jYTg3ur56B2Q4DHtasTjL+Fskqos1wEExoFL+eCuGwqaXyLtDGBjwIALh1EGlaZbgGje7E1fpzRWQD2gDcO4s70C2DL+WRZTkwcX2tXeJeMI8mEy7TlljKTD2NeO/8yxOuyXbuXdXKKYYeqIjNFi8IguKkrRqdDnHOrmlQkKdeFZlXOcQjH25HqyxgrDtpx3lzvq8geQNC/iBtCBHLnIq45xNCwP69opcwmuIcGzu/mTdQ/59RnotK+DMUrg3nwLNoRdvHQefjzfZmlJywkayr8Xl2/fnD9UGMsBIWIF1YxjDQ9+ZfmpQ&u=U2FsdGVkX1++jxoC3DVy0TH4uMYYBP7IvTYZ6hqG+KM=&y=U2FsdGVkX18xH/YxPSFJRZl2pvYX64kogwxNLpL7rtY= HTTP/1.1" 200 26
186.102.96.130 - - [26/Jun/2023:00:08:03 -0500] "GET /kwssiamovil/sm/acme/a?s=U2FsdGVkX19ieZ1dO5fluHqsVhOfi8iXaomC3AbeWlIlrNOgzTFfIUIAZhw8TxfhQDtjKFDHSPFmbBGkk1VtX4HkOmOrfb0592EBxNRAX0qcRVU9MzNdKWfCsGEKZd4F+JEVH5z0mtLTMg3UEkofrw9YCkNtvpC+EGEWO8BEfnA=&u=U2FsdGVkX1++jxoC3DVy0TH4uMYYBP7IvTYZ6hqG+KM=&y=U2FsdGVkX18xH/YxPSFJRZl2pvYX64kogwxNLpL7rtY= HTTP/1.1" 200 26
186.102.96.130 - - [26/Jun/2023:00:08:03 -0500] "GET /kwssiamovil/sm/acme/a?s=U2FsdGVkX18hxO96nyBs7plMg8LMqAgeXILDjLL0MhLLYQxAWLPLueN/s38oYyRs2jWLUyHS+5+2JpOf/dswz90/cVK168WevyDvQc3fCkfgLbA++BmhG+rjXj3RaZSj7J8ZoxRga5/QPcOKBlY7uu5NYRRViwEtIbmd25+6NVQ=&u=U2FsdGVkX1++jxoC3DVy0TH4uMYYBP7IvTYZ6hqG+KM=&y=U2FsdGVkX18xH/YxPSFJRZl2pvYX64kogwxNLpL7rtY= HTTP/1.1" 200 26
186.102.96.130 - - [26/Jun/2023:00:08:03 -0500] "GET /kwssiamovil/sm/acme/a?s=U2FsdGVkX1/MOXKk10jfFKdKeZP3K9VYqDZKR6dud/01iOn5PkSExuQInRZcVmU87apmaALxz3pQL1mEi3t3hDUw4czYIlfxZ/nCy9yUi9VkHcZ6J86r1WKGC1rLvj31me4qLkHDVG+Z4SZ1abEEoeWV4yLRr7ZZAmRPRDliYsE=&u=U2FsdGVkX1++jxoC3DVy0TH4uMYYBP7IvTYZ6hqG+KM=&y=U2FsdGVkX18xH/YxPSFJRZl2pvYX64kogwxNLpL7rtY= HTTP/1.1" 200 26
186.102.96.130 - - [26/Jun/2023:00:08:04 -0500] "GET /kwssiamovil/sm/acme/a?s=U2FsdGVkX1/ZGQznCp16Tq1SvCefdGadLLebX5/17nerGuscasSqznNhVSo3W1tJg7iTd1A1AycriX7TlvVixn1EM2kSMyaFOq+IWlsI1ufOnFxMdaoiHUTa7CKLP1YMi2sTUGjXYkubglBQCsSEMbxEUp4FerqPGueXVpcv267ltDdG0pP+sonzGgPJaxUe&u=U2FsdGVkX1++jxoC3DVy0TH4uMYYBP7IvTYZ6hqG+KM=&y=U2FsdGVkX18xH/YxPSFJRZl2pvYX64kogwxNLpL7rtY= HTTP/1.1" 200 26
172.22.2.4 - - [26/Jun/2023:00:06:47 -0500] "GET /BLA/boletinlegal/ HTTP/1.1" 200 57272
172.22.2.4 - - [26/Jun/2023:00:11:25 -0500] "GET /BLA/boletinlegal/normativa.php HTTP/1.1" 200 8343
172.22.2.4 - - [26/Jun/2023:00:11:25 -0500] "GET /BLA/boletinlegal/styles2.css HTTP/1.1" 200 1838
172.22.2.4 - - [26/Jun/2023:00:11:25 -0500] "GET /BLA/boletinlegal/js/ajax_normativa.js HTTP/1.1" 200 1154
172.22.2.4 - - [26/Jun/2023:00:11:25 -0500] "GET /BLA/boletinlegal/niceforms-default.css HTTP/1.1" 200 6694
172.22.2.4 - - [26/Jun/2023:00:11:25 -0500] "GET /BLA/boletinlegal/style.css HTTP/1.1" 200 9406
172.22.2.4 - - [26/Jun/2023:00:11:25 -0500] "GET /BLA/boletinlegal/niceforms.js HTTP/1.1" 200 22876
172.22.2.4 - - [26/Jun/2023:00:11:25 -0500] "GET /BLA/boletinlegal/images/subscribe-icon-big.png HTTP/1.1" 200 47702
172.22.2.4 - - [26/Jun/2023:00:11:25 -0500] "GET /BLA/boletinlegal/images/cabezote%20BLEGAL.jpg HTTP/1.1" 200 118164
172.22.2.4 - - [26/Jun/2023:00:11:25 -0500] "GET /BLA/boletinlegal/images/historia.png HTTP/1.1" 200 52775
172.22.2.4 - - [26/Jun/2023:00:11:25 -0500] "GET /BLA/boletinlegal/images/registro-usuarios.png HTTP/1.1" 200 8106
172.22.2.4 - - [26/Jun/2023:00:11:25 -0500] "GET /BLA/boletinlegal/images/tel.png HTTP/1.1" 200 14477
172.22.2.4 - - [26/Jun/2023:00:11:25 -0500] "GET /BLA/boletinlegal/images/icono-email.png HTTP/1.1" 200 5544
172.22.2.4 - - [26/Jun/2023:00:11:25 -0500] "GET /BLA/boletinlegal/images/body_bg.jpg HTTP/1.1" 200 1601
172.22.2.4 - - [26/Jun/2023:00:11:25 -0500] "GET /BLA/boletinlegal/images/menu_lft.gif HTTP/1.1" 200 1713
172.22.2.4 - - [26/Jun/2023:00:11:25 -0500] "GET /BLA/boletinlegal/images/menu_rght.gif HTTP/1.1" 200 1627
172.22.2.4 - - [26/Jun/2023:00:11:25 -0500] "GET /BLA/boletinlegal/images/bg_top.jpg HTTP/1.1" 200 522
172.22.2.4 - - [26/Jun/2023:00:11:25 -0500] "GET /BLA/boletinlegal/images/menu_bg.jpg HTTP/1.1" 200 620
172.22.2.4 - - [26/Jun/2023:00:11:25 -0500] "GET /BLA/boletinlegal/images/footer_bg.jpg HTTP/1.1" 200 586
172.22.2.4 - - [26/Jun/2023:00:11:25 -0500] "GET /BLA/boletinlegal/images/hover.jpg HTTP/1.1" 200 640
172.22.2.4 - - [26/Jun/2023:00:11:25 -0500] "GET /BLA/boletinlegal/images/text.jpg HTTP/1.1" 200 568
172.22.2.4 - - [26/Jun/2023:00:11:25 -0500] "GET /BLA/boletinlegal/images/footer_bg_l.jpg HTTP/1.1" 200 776
172.22.2.4 - - [26/Jun/2023:00:11:25 -0500] "GET /BLA/boletinlegal/img/select-left.png HTTP/1.1" 200 263
172.22.2.4 - - [26/Jun/2023:00:11:25 -0500] "GET /BLA/boletinlegal/img/0.png HTTP/1.1" 200 110
172.22.2.4 - - [26/Jun/2023:00:11:25 -0500] "GET /BLA/boletinlegal/img/button.png HTTP/1.1" 200 43241
172.22.2.4 - - [26/Jun/2023:00:11:25 -0500] "GET /BLA/boletinlegal/img/select-right.png HTTP/1.1" 200 44019
172.22.2.4 - - [26/Jun/2023:00:11:25 -0500] "GET /BLA/boletinlegal/img/button-right.png HTTP/1.1" 200 57878
172.22.2.4 - - [26/Jun/2023:00:11:25 -0500] "GET /BLA/boletinlegal/img/button-left.png HTTP/1.1" 200 57071
172.22.2.4 - - [26/Jun/2023:00:11:25 -0500] "GET /BLA/boletinlegal/favicon.ico HTTP/1.1" 404 1334
201.245.192.253 - - [26/Jun/2023:00:11:29 -0500] "POST /kwsrmcab/Wsrmcab  HTTP/1.1" 200 40807
172.22.2.4 - - [26/Jun/2023:00:11:35 -0500] "GET /BLA/boletinlegal/normativa.php HTTP/1.1" 200 8343
172.22.2.4 - - [26/Jun/2023:00:11:37 -0500] "GET /BLA/boletinlegal/jurisprudencia.php HTTP/1.1" 200 17583
172.22.2.4 - - [26/Jun/2023:00:11:37 -0500] "GET /BLA/boletinlegal/js/lib.js HTTP/1.1" 200 6474
172.22.2.4 - - [26/Jun/2023:00:11:37 -0500] "GET /BLA/boletinlegal/js/popup.js HTTP/1.1" 200 1270
172.22.2.4 - - [26/Jun/2023:00:11:37 -0500] "GET /BLA/boletinlegal/js/jquery1.js HTTP/1.1" 200 29846
172.22.2.4 - - [26/Jun/2023:00:11:37 -0500] "GET /BLA/boletinlegal/images/sub_ul_li.gif HTTP/1.1" 200 343
172.22.2.4 - - [26/Jun/2023:00:11:37 -0500] "GET /BLA/boletinlegal/images/jurisprudencia.png HTTP/1.1" 200 66721
172.22.2.4 - - [26/Jun/2023:00:11:38 -0500] "GET /BLA/boletinlegal/conceptos.php HTTP/1.1" 200 7496
172.22.2.4 - - [26/Jun/2023:00:11:38 -0500] "GET /BLA/boletinlegal/js/ajax_conceptos.js HTTP/1.1" 200 1326
172.22.2.4 - - [26/Jun/2023:00:11:39 -0500] "GET /BLA/boletinlegal/jurisprudencia.php HTTP/1.1" 200 17583
172.22.2.4 - - [26/Jun/2023:00:11:41 -0500] "GET /BLA/boletinlegal/images/hover.png HTTP/1.1" 200 59469
172.22.2.4 - - [26/Jun/2023:00:11:43 -0500] "GET /BLA/boletinlegal/js/jquery.js HTTP/1.1" 200 57254
172.22.2.4 - - [26/Jun/2023:00:11:43 -0500] "GET /BLA/boletinlegal/js/jquery.scrollTo-min.js HTTP/1.1" 200 1150
172.22.2.4 - - [26/Jun/2023:00:11:43 -0500] "GET /BLA/boletinlegal/js/jquery.scrollShow.js HTTP/1.1" 200 4586
172.22.2.4 - - [26/Jun/2023:00:11:43 -0500] "GET /BLA/boletinlegal/images/arr_l.jpg HTTP/1.1" 200 1979
172.22.2.4 - - [26/Jun/2023:00:11:43 -0500] "GET /BLA/boletinlegal/images/launch.jpg HTTP/1.1" 200 14577
172.22.2.4 - - [26/Jun/2023:00:11:43 -0500] "GET /BLA/boletinlegal/images/screen_1.png HTTP/1.1" 200 202547
172.22.2.4 - - [26/Jun/2023:00:11:50 -0500] "GET /BLA/boletinlegal/images/screen_2.png HTTP/1.1" 200 362502
172.22.2.4 - - [26/Jun/2023:00:11:50 -0500] "GET /BLA/boletinlegal/images/screen_5.png HTTP/1.1" 200 368876
172.22.2.4 - - [26/Jun/2023:00:11:50 -0500] "GET /BLA/boletinlegal/images/screen_3.png HTTP/1.1" 200 210620
172.22.2.4 - - [26/Jun/2023:00:11:50 -0500] "GET /BLA/boletinlegal/images/arr_r.jpg HTTP/1.1" 200 1998
172.22.2.4 - - [26/Jun/2023:00:11:59 -0500] "GET /BLA/boletinlegal/images/pdf.gif HTTP/1.1" 200 567
66.249.66.72 - - [26/Jun/2023:00:12:48 -0500] "-" 408 -
216.245.221.92 - - [26/Jun/2023:00:12:53 -0500] "HEAD / HTTP/1.1" 200 -
172.22.2.4 - - [26/Jun/2023:00:12:53 -0500] "GET /BLA/boletinlegal/normativa.php HTTP/1.1" 200 8343
172.22.2.4 - - [26/Jun/2023:00:11:43 -0500] "GET /BLA/boletinlegal/index.php HTTP/1.1" 200 54079
172.22.2.4 - - [26/Jun/2023:00:11:47 -0500] "HEAD /BLA/boletinlegal/ HTTP/1.1" 200 -
172.22.2.4 - - [26/Jun/2023:00:12:37 -0500] "GET /BLA/boletinlegal/ HTTP/1.1" 200 55739
173.252.107.3 - - [26/Jun/2023:00:14:28 -0500] "GET /distrito-firma-acuerdos-de-conservacion-con-academia-y-sociedad-civil-para-proteger-22-hectareas-en-suba-y-cerros-orientales.html HTTP/1.1" 200 1062
173.252.107.2 - - [26/Jun/2023:00:14:28 -0500] "GET /distrito-firma-acuerdos-de-conservacion-con-academia-y-sociedad-civil-para-proteger-22-hectareas-en-suba-y-cerros-orientales.html HTTP/1.1" 200 1062
173.252.127.119 - - [26/Jun/2023:00:14:29 -0500] "GET /images/Acuerdos1.jpeg HTTP/1.1" 200 59889
201.245.192.253 - - [26/Jun/2023:00:16:27 -0500] "POST /kwsrmcab/Wsrmcab  HTTP/1.1" 200 40807
52.167.144.20 - - [26/Jun/2023:00:16:50 -0500] "GET /portaldeninos/aulas-ambientales/aula-ambiental-sorotama/ HTTP/1.1" 200 89596
216.245.221.92 - - [26/Jun/2023:00:17:52 -0500] "HEAD / HTTP/1.1" 200 -
172.22.2.4 - - [26/Jun/2023:00:18:26 -0500] "GET /BLA/boletinlegal/normativa.php HTTP/1.1" 200 8343
172.22.2.4 - - [26/Jun/2023:00:18:30 -0500] "GET /BLA/boletinlegal/actos.php HTTP/1.1" 200 9682
172.22.2.4 - - [26/Jun/2023:00:18:30 -0500] "GET /BLA/boletinlegal/js/ajax_actos.js HTTP/1.1" 200 1322
172.22.2.4 - - [26/Jun/2023:00:18:30 -0500] "GET /BLA/boletinlegal/images/green-yellow-blue-pink-th.png HTTP/1.1" 200 7394
172.22.2.4 - - [26/Jun/2023:00:18:31 -0500] "GET /BLA/boletinlegal/normativa.php HTTP/1.1" 200 8343
172.22.2.4 - - [26/Jun/2023:00:18:57 -0500] "GET /BLA/boletinlegal/consulta_normativa.php?tipo=&sector=Aire&ano=&resuelve= HTTP/1.1" 200 949
172.22.2.4 - - [26/Jun/2023:00:18:57 -0500] "GET /BLA/boletinlegal/images/docs.png HTTP/1.1" 200 10288
52.167.144.39 - - [26/Jun/2023:00:18:58 -0500] "GET /BLA/resoluciones/RESOLUCIONES%202022/5531.pdf HTTP/1.1" 304 -
172.22.2.4 - - [26/Jun/2023:00:19:04 -0500] "GET /BLA/boletinlegal/consulta_normativa.php?tipo=&sector=competencia-estructura&ano=&resuelve= HTTP/1.1" 200 116017
172.22.2.4 - - [26/Jun/2023:00:19:04 -0500] "GET /BLA/boletinlegal/images/background.gif HTTP/1.1" 200 -
172.22.2.4 - - [26/Jun/2023:00:17:37 -0500] "HEAD /BLA/boletinlegal/ HTTP/1.1" 200 -
201.245.192.253 - - [26/Jun/2023:00:19:43 -0500] "POST /kwsrmcab/Wsrmcab HTTP/1.1" 200 43018
201.245.192.253 - - [26/Jun/2023:00:19:46 -0500] "POST /kwsrmcab/Wsrmcab HTTP/1.1" 200 43061
172.22.2.4 - - [26/Jun/2023:00:19:55 -0500] "GET /BLA/boletinlegal/consulta_normativa.php?tipo=&sector=competencia-estructura&ano=&resuelve=estructura HTTP/1.1" 200 3682
172.22.2.4 - - [26/Jun/2023:00:18:27 -0500] "GET /BLA/boletinlegal/ HTTP/1.1" 200 58474
201.245.192.253 - - [26/Jun/2023:00:21:27 -0500] "POST /kwsrmcab/Wsrmcab  HTTP/1.1" 200 40807
172.22.2.4 - - [26/Jun/2023:00:21:49 -0500] "GET /BLA/boletinlegal/consulta_normativa.php?tipo=&sector=competencia-estructura&ano=&resuelve=competencias HTTP/1.1" 200 1039
172.22.2.4 - - [26/Jun/2023:00:22:01 -0500] "GET /BLA/boletinlegal/consulta_normativa.php?tipo=&sector=competencia-estructura&ano=&resuelve=dependencias HTTP/1.1" 200 965
172.22.2.4 - - [26/Jun/2023:00:22:07 -0500] "GET /BLA/boletinlegal/consulta_normativa.php?tipo=&sector=competencia-estructura&ano=&resuelve= HTTP/1.1" 200 116017
152.61.192.232 - - [26/Jun/2023:00:22:12 -0500] "GET / HTTP/1.1" 200 319
66.249.66.71 - - [26/Jun/2023:00:22:25 -0500] "-" 408 -
216.245.221.92 - - [26/Jun/2023:00:22:52 -0500] "HEAD / HTTP/1.1" 200 -
152.32.206.73 - - [26/Jun/2023:00:24:03 -0500] "GET / HTTP/1.1" 200 319
152.32.206.73 - - [26/Jun/2023:00:24:06 -0500] "\x16\x03\x01" 400 226
172.22.2.4 - - [26/Jun/2023:00:23:27 -0500] "HEAD /BLA/boletinlegal/ HTTP/1.1" 200 -
172.22.2.4 - - [26/Jun/2023:00:24:17 -0500] "GET /BLA/boletinlegal/ HTTP/1.1" 200 57272
201.245.192.253 - - [26/Jun/2023:00:26:26 -0500] "POST /kwsrmcab/Wsrmcab  HTTP/1.1" 200 40807
216.245.221.92 - - [26/Jun/2023:00:27:52 -0500] "HEAD / HTTP/1.1" 200 -
167.0.155.211 - - [26/Jun/2023:00:28:15 -0500] "GET /galeria/galeria/jquery.fancybox.css?v=2.1.5 HTTP/1.1" 200 4895
167.0.155.211 - - [26/Jun/2023:00:28:15 -0500] "GET /BLA/boletinlegal/js/jquery.scrollShow.js HTTP/1.1" 200 4586
167.0.155.211 - - [26/Jun/2023:00:28:15 -0500] "GET /galeria/galeria/jquery.fancybox.js?v=2.1.5 HTTP/1.1" 200 48706
172.22.2.4 - - [26/Jun/2023:00:28:41 -0500] "POST /BLA/boletinlegal/vendor/phpunit/phpunit/src/Util/PHP/eval-stdin.php HTTP/1.1" 404 1018
201.245.192.253 - - [26/Jun/2023:00:29:42 -0500] "POST /kwsrmcab/Wsrmcab HTTP/1.1" 200 43018
201.245.192.253 - - [26/Jun/2023:00:29:45 -0500] "POST /kwsrmcab/Wsrmcab HTTP/1.1" 200 43061
66.249.70.198 - - [26/Jun/2023:00:29:59 -0500] "-" 408 -
52.167.144.66 - - [26/Jun/2023:00:30:03 -0500] "GET /BLA/resoluciones/AUTOS%202022/0310.pdf HTTP/1.1" 304 -
173.252.107.9 - - [26/Jun/2023:00:30:28 -0500] "GET /images/camara-trampa.jpeg HTTP/1.1" 200 77809
173.252.107.5 - - [26/Jun/2023:00:30:28 -0500] "GET /images/aire-bogota.jpeg HTTP/1.1" 200 169194
173.252.107.3 - - [26/Jun/2023:00:30:30 -0500] "GET /images/liberacion-animales-silvestres.jpg HTTP/1.1" 200 57397
173.252.107.4 - - [26/Jun/2023:00:30:30 -0500] "GET /images/manos-reparadoras-plaza-americas-1.jpg HTTP/1.1" 200 47593
172.22.2.4 - - [26/Jun/2023:00:29:17 -0500] "HEAD /BLA/boletinlegal/ HTTP/1.1" 200 -
201.245.192.253 - - [26/Jun/2023:00:31:25 -0500] "POST /kwsrmcab/Wsrmcab  HTTP/1.1" 200 40807
172.22.2.4 - - [26/Jun/2023:00:30:07 -0500] "GET /BLA/boletinlegal/ HTTP/1.1" 200 59192
66.249.66.75 - - [26/Jun/2023:00:32:04 -0500] "-" 408 -
216.245.221.92 - - [26/Jun/2023:00:32:52 -0500] "HEAD / HTTP/1.1" 200 -
118.193.59.15 - - [26/Jun/2023:00:33:22 -0500] "GET / HTTP/1.1" 200 319
118.193.59.15 - - [26/Jun/2023:00:33:23 -0500] "GET /favicon.ico HTTP/1.1" 200 7782
118.193.59.15 - - [26/Jun/2023:00:33:24 -0500] "GET /sitemap.xml HTTP/1.1" 404 1018
152.61.128.50 - - [26/Jun/2023:00:33:45 -0500] "GET / HTTP/1.1" 200 319
118.193.59.15 - - [26/Jun/2023:00:33:55 -0500] "GET /axis2-admin/ HTTP/1.1" 404 1018
118.193.59.15 - - [26/Jun/2023:00:33:55 -0500] "GET /axis2/ HTTP/1.1" 404 1018
118.193.59.15 - - [26/Jun/2023:00:33:56 -0500] "GET /axis2/axis2-admin/ HTTP/1.1" 404 1018
52.167.144.66 - - [26/Jun/2023:00:35:02 -0500] "GET /galeria/galeria/jquery.fancybox.js?v=2.1.5 HTTP/1.1" 200 48706
52.167.144.39 - - [26/Jun/2023:00:35:09 -0500] "GET /BLA/boletinlegal/js/jquery.scrollShow.js HTTP/1.1" 200 4586
52.167.144.39 - - [26/Jun/2023:00:35:09 -0500] "GET /galeria/galeria/jquery.fancybox.css?v=2.1.5 HTTP/1.1" 200 4895
201.245.192.253 - - [26/Jun/2023:00:36:24 -0500] "POST /kwsrmcab/Wsrmcab  HTTP/1.1" 200 40807
172.22.2.4 - - [26/Jun/2023:00:35:07 -0500] "HEAD /BLA/boletinlegal/ HTTP/1.1" 200 -
172.22.2.4 - - [26/Jun/2023:00:35:57 -0500] "GET /BLA/boletinlegal/ HTTP/1.1" 200 57272
216.245.221.92 - - [26/Jun/2023:00:37:52 -0500] "HEAD / HTTP/1.1" 200 -
201.245.192.253 - - [26/Jun/2023:00:39:42 -0500] "POST /kwsrmcab/Wsrmcab HTTP/1.1" 200 43018
201.245.192.253 - - [26/Jun/2023:00:39:45 -0500] "POST /kwsrmcab/Wsrmcab HTTP/1.1" 200 43061
201.245.192.253 - - [26/Jun/2023:00:41:23 -0500] "POST /kwsrmcab/Wsrmcab  HTTP/1.1" 200 40807
173.252.83.1 - - [26/Jun/2023:00:41:43 -0500] "GET /images/negocios-verdes-mayo-2022.jpg HTTP/1.1" 200 48000
172.22.2.4 - - [26/Jun/2023:00:40:57 -0500] "HEAD /BLA/boletinlegal/ HTTP/1.1" 200 -
64.124.8.151 - - [26/Jun/2023:00:42:49 -0500] "-" 408 -
216.245.221.92 - - [26/Jun/2023:00:42:52 -0500] "HEAD / HTTP/1.1" 200 -
173.252.87.2 - - [26/Jun/2023:00:43:26 -0500] "GET /images/caminatas-ecol\xc3\xb3gicas-marzo---1920x1080_optimized.jpg HTTP/1.1" 404 1034
66.249.66.73 - - [26/Jun/2023:00:43:26 -0500] "-" 408 -
172.22.2.4 - - [26/Jun/2023:00:41:47 -0500] "GET /BLA/boletinlegal/ HTTP/1.1" 200 57272
157.55.39.208 - - [26/Jun/2023:00:44:39 -0500] "GET /images/IMG_3028%20(1).jpg HTTP/1.1" 200 435206
201.245.192.253 - - [26/Jun/2023:00:46:21 -0500] "POST /kwsrmcab/Wsrmcab  HTTP/1.1" 200 40807
216.245.221.92 - - [26/Jun/2023:00:47:52 -0500] "HEAD / HTTP/1.1" 200 -
172.22.2.4 - - [26/Jun/2023:00:46:47 -0500] "HEAD /BLA/boletinlegal/ HTTP/1.1" 200 -
172.22.2.4 - - [26/Jun/2023:00:47:37 -0500] "GET /BLA/boletinlegal/ HTTP/1.1" 200 54453
40.77.202.64 - - [26/Jun/2023:00:51:00 -0500] "GET /BLA/boletinlegal/js/jquery.scrollShow.js HTTP/1.1" 200 4586
40.77.202.36 - - [26/Jun/2023:00:51:00 -0500] "GET /galeria/galeria/jquery.fancybox.js?v=2.1.5 HTTP/1.1" 200 48706
40.77.202.64 - - [26/Jun/2023:00:51:00 -0500] "GET /galeria/galeria/jquery.fancybox.css?v=2.1.5 HTTP/1.1" 200 4895
201.245.192.253 - - [26/Jun/2023:00:51:21 -0500] "POST /kwsrmcab/Wsrmcab  HTTP/1.1" 200 40807
58.251.94.154 - - [26/Jun/2023:00:51:36 -0500] "HEAD / HTTP/1.1" 200 -
172.22.2.4 - - [26/Jun/2023:00:51:44 -0500] "GET /BLA/boletinlegal/jurisprudencia.php HTTP/1.1" 200 17583
172.22.2.4 - - [26/Jun/2023:00:51:56 -0500] "GET /BLA/boletinlegal/js/jquery1.js HTTP/1.1" 200 29846
172.22.2.4 - - [26/Jun/2023:00:51:56 -0500] "GET /BLA/boletinlegal/js/popup.js HTTP/1.1" 200 1270
172.22.2.4 - - [26/Jun/2023:00:52:00 -0500] "GET /BLA/boletinlegal/js/lib.js HTTP/1.1" 200 6474
200.118.60.119 - - [26/Jun/2023:00:52:02 -0500] "GET /BLA/resoluciones/index.php?dir=AUTOS+2014%2F HTTP/1.1" 200 12235
200.118.60.119 - - [26/Jun/2023:00:52:02 -0500] "GET /BLA/resoluciones/index.php?dir=AUTOS+2014%2F HTTP/1.1" 200 890036
66.249.70.197 - - [26/Jun/2023:00:52:29 -0500] "-" 408 -
216.245.221.92 - - [26/Jun/2023:00:52:52 -0500] "HEAD / HTTP/1.1" 200 -
172.22.2.4 - - [26/Jun/2023:00:52:36 -0500] "HEAD /BLA/boletinlegal/ HTTP/1.1" 200 -
172.22.2.4 - - [26/Jun/2023:00:53:27 -0500] "GET /BLA/boletinlegal/ HTTP/1.1" 200 57272
201.245.192.253 - - [26/Jun/2023:00:56:20 -0500] "POST /kwsrmcab/Wsrmcab  HTTP/1.1" 200 40807
152.61.192.232 - - [26/Jun/2023:00:57:39 -0500] "GET /arcgis/services/Calidad_del_Agua_WQI/MapServer/WMSServer?request=GetCapabilities&service=WMS HTTP/1.1" 503 1020
152.61.192.232 - - [26/Jun/2023:00:57:41 -0500] "GET /arcgis/services/Calidad_del_Agua_WQI/MapServer/WMSServer?SERVICE=WMS&REQUEST=GetCapabilities HTTP/1.1" 503 1020
152.61.192.232 - - [26/Jun/2023:00:57:41 -0500] "GET /arcgis/services/Calidad_del_Agua_WQI/MapServer/WMSServer?WMTVER=1.0.0&REQUEST=capabilities HTTP/1.1" 503 1020
216.245.221.92 - - [26/Jun/2023:00:57:52 -0500] "HEAD / HTTP/1.1" 200 -
52.167.144.39 - - [26/Jun/2023:00:59:39 -0500] "GET /BLA/resoluciones/AUTOS%202014/5840.pdf HTTP/1.1" 200 465824
66.249.66.71 - - [26/Jun/2023:00:59:51 -0500] "-" 408 -
172.22.2.4 - - [26/Jun/2023:00:58:26 -0500] "HEAD /BLA/boletinlegal/ HTTP/1.1" 200 -
172.22.2.4 - - [26/Jun/2023:00:59:17 -0500] "GET /BLA/boletinlegal/ HTTP/1.1" 200 58825
201.245.192.253 - - [26/Jun/2023:01:01:18 -0500] "POST /kwsrmcab/Wsrmcab  HTTP/1.1" 200 40807
216.245.221.92 - - [26/Jun/2023:01:02:52 -0500] "HEAD / HTTP/1.1" 200 -
172.22.2.4 - - [26/Jun/2023:01:04:16 -0500] "HEAD /BLA/boletinlegal/ HTTP/1.1" 200 -
201.245.192.253 - - [26/Jun/2023:01:06:18 -0500] "POST /kwsrmcab/Wsrmcab  HTTP/1.1" 200 40807
172.22.2.4 - - [26/Jun/2023:01:05:07 -0500] "GET /BLA/boletinlegal/ HTTP/1.1" 200 59192
216.245.221.92 - - [26/Jun/2023:01:07:52 -0500] "HEAD / HTTP/1.1" 200 -
3.140.11.254 - - [26/Jun/2023:01:09:18 -0500] "HEAD /secretaria-de-ambiente-presenta-cartilla-con-el-protocolo-para-el-manejo-y-control-de-la-langostilla-de-rio.html HTTP/1.1" 200 -
3.140.11.254 - - [26/Jun/2023:01:09:35 -0500] "HEAD /calidad-del-aire-distrito-avanza-unido-por-un-nuevo-aire.html HTTP/1.1" 200 -
3.140.11.254 - - [26/Jun/2023:01:10:42 -0500] "HEAD /secretaria-de-ambiente-presenta-cartilla-con-el-protocolo-para-el-manejo-y-control-de-la-langostilla-de-rio.html HTTP/1.1" 200 -
201.245.192.253 - - [26/Jun/2023:01:11:17 -0500] "POST /kwsrmcab/Wsrmcab  HTTP/1.1" 200 40807
172.22.2.4 - - [26/Jun/2023:01:10:06 -0500] "HEAD /BLA/boletinlegal/ HTTP/1.1" 200 -
172.22.2.4 - - [26/Jun/2023:01:10:57 -0500] "GET /BLA/boletinlegal/ HTTP/1.1" 200 55739
216.245.221.92 - - [26/Jun/2023:01:12:52 -0500] "HEAD / HTTP/1.1" 200 -
46.4.105.251 - - [26/Jun/2023:01:15:15 -0500] "-" 408 -
172.22.2.4 - - [26/Jun/2023:01:15:33 -0500] "GET /BLA/boletinlegal/Directivas/2019/Directiva%20No.%200001%20del%2011%20de%20junio%20de%202019.pdf HTTP/1.1" 304 -
201.245.192.253 - - [26/Jun/2023:01:16:16 -0500] "POST /kwsrmcab/Wsrmcab  HTTP/1.1" 200 40807
66.249.70.197 - - [26/Jun/2023:01:16:43 -0500] "-" 408 -
172.22.2.4 - - [26/Jun/2023:01:15:56 -0500] "HEAD /BLA/boletinlegal/ HTTP/1.1" 200 -
216.245.221.92 - - [26/Jun/2023:01:17:52 -0500] "HEAD / HTTP/1.1" 200 -
172.22.2.4 - - [26/Jun/2023:01:16:47 -0500] "GET /BLA/boletinlegal/ HTTP/1.1" 200 57272
52.167.144.60 - - [26/Jun/2023:01:18:52 -0500] "GET /BLA/resoluciones/AUTOS%202021/4966.pdf HTTP/1.1" 304 -
201.245.192.253 - - [26/Jun/2023:01:19:42 -0500] "POST /kwsrmcab/Wsrmcab HTTP/1.1" 200 43036
201.245.192.253 - - [26/Jun/2023:01:19:46 -0500] "POST /kwsrmcab/Wsrmcab HTTP/1.1" 200 43199
201.245.192.253 - - [26/Jun/2023:01:21:15 -0500] "POST /kwsrmcab/Wsrmcab  HTTP/1.1" 200 40807
172.22.2.4 - - [26/Jun/2023:01:20:31 -0500] "GET /BLA/boletinlegal/index.php HTTP/1.1" 200 60612
172.22.2.4 - - [26/Jun/2023:01:22:29 -0500] "GET /BLA/boletinlegal/js/jquery.js HTTP/1.1" 200 57254
172.22.2.4 - - [26/Jun/2023:01:22:31 -0500] "GET /BLA/boletinlegal/style.css HTTP/1.1" 200 9406
172.22.2.4 - - [26/Jun/2023:01:22:33 -0500] "GET /BLA/boletinlegal/js/jquery.scrollShow.js HTTP/1.1" 200 4586
172.22.2.4 - - [26/Jun/2023:01:22:33 -0500] "GET /BLA/boletinlegal/js/jquery.scrollTo-min.js HTTP/1.1" 200 1150
172.22.2.4 - - [26/Jun/2023:01:22:33 -0500] "GET /BLA/boletinlegal/styles2.css HTTP/1.1" 200 1838
216.245.221.92 - - [26/Jun/2023:01:22:52 -0500] "HEAD / HTTP/1.1" 200 -
172.22.2.4 - - [26/Jun/2023:01:21:46 -0500] "HEAD /BLA/boletinlegal/ HTTP/1.1" 200 -
172.22.2.4 - - [26/Jun/2023:01:22:37 -0500] "GET /BLA/boletinlegal/ HTTP/1.1" 200 59192
152.61.128.50 - - [26/Jun/2023:01:25:05 -0500] "GET /arcgis/services/Calidad_del_Agua_WQI/MapServer/WMSServer?request=GetCapabilities&service=WMS HTTP/1.1" 503 1020
152.61.128.50 - - [26/Jun/2023:01:25:06 -0500] "GET /arcgis/services/Calidad_del_Agua_WQI/MapServer/WMSServer?SERVICE=WMS&REQUEST=GetCapabilities HTTP/1.1" 503 1020
152.61.128.50 - - [26/Jun/2023:01:25:07 -0500] "GET /arcgis/services/Calidad_del_Agua_WQI/MapServer/WMSServer?WMTVER=1.0.0&REQUEST=capabilities HTTP/1.1" 503 1020
66.249.66.76 - - [26/Jun/2023:01:25:29 -0500] "-" 408 -
201.245.192.253 - - [26/Jun/2023:01:26:13 -0500] "POST /kwsrmcab/Wsrmcab  HTTP/1.1" 200 40807
52.167.144.60 - - [26/Jun/2023:01:26:47 -0500] "GET /BLA/resoluciones/AUTOS%202021/1510.pdf HTTP/1.1" 304 -
216.245.221.92 - - [26/Jun/2023:01:27:52 -0500] "HEAD / HTTP/1.1" 200 -
172.22.2.4 - - [26/Jun/2023:01:27:36 -0500] "HEAD /BLA/boletinlegal/ HTTP/1.1" 200 -
64.124.8.153 - - [26/Jun/2023:01:29:30 -0500] "-" 408 -
201.245.192.253 - - [26/Jun/2023:01:29:42 -0500] "POST /kwsrmcab/Wsrmcab HTTP/1.1" 200 43036
201.245.192.253 - - [26/Jun/2023:01:29:45 -0500] "POST /kwsrmcab/Wsrmcab HTTP/1.1" 200 43199
157.55.39.208 - - [26/Jun/2023:01:29:56 -0500] "GET /portaldeninos/2021/06/16/en-el-festival-de-la-colombiodiversidad-se-resalto-la-importancia-de-las-aves-bogotanas/ HTTP/1.1" 200 106902
172.22.2.4 - - [26/Jun/2023:01:28:27 -0500] "GET /BLA/boletinlegal/ HTTP/1.1" 200 57272
172.22.2.4 - - [26/Jun/2023:01:30:09 -0500] "GET /BLA/boletinlegal/favicon.ico HTTP/1.1" 404 1038
201.245.192.253 - - [26/Jun/2023:01:31:12 -0500] "POST /kwsrmcab/Wsrmcab  HTTP/1.1" 200 40807
52.167.144.60 - - [26/Jun/2023:01:32:43 -0500] "GET /BLA/resoluciones/RESOLUCIONES%202023/0504.pdf HTTP/1.1" 200 403561
216.245.221.92 - - [26/Jun/2023:01:32:52 -0500] "HEAD / HTTP/1.1" 200 -
172.22.2.4 - - [26/Jun/2023:01:34:22 -0500] "GET /BLA/boletinlegal/favicon.ico HTTP/1.1" 404 1037
172.22.2.4 - - [26/Jun/2023:01:34:32 -0500] "GET /BLA/boletinlegal/favicon.ico HTTP/1.1" 404 1038
172.22.2.4 - - [26/Jun/2023:01:33:08 -0500] "GET /BLA/boletinlegal/ HTTP/1.1" 200 36811
172.22.2.4 - - [26/Jun/2023:01:34:35 -0500] "GET /BLA/boletinlegal/favicon.ico HTTP/1.1" 404 1043
64.124.8.153 - - [26/Jun/2023:01:34:36 -0500] "GET /transparencia/financiera/Ejecucion%20Presupuestal/Historico/EJECUCION%20RESERVAS%20DICIEMBRE%202017.xlsx HTTP/1.1" 404 1018
172.22.2.4 - - [26/Jun/2023:01:33:26 -0500] "HEAD /BLA/boletinlegal/ HTTP/1.1" 200 -
172.22.2.4 - - [26/Jun/2023:01:34:14 -0500] "GET /BLA/boletinlegal/ HTTP/1.1" 200 24523
172.22.2.4 - - [26/Jun/2023:01:34:11 -0500] "GET /BLA/boletinlegal/ HTTP/1.1" 200 24523
172.22.2.4 - - [26/Jun/2023:01:34:02 -0500] "GET /BLA/boletinlegal/ HTTP/1.1" 200 24523
172.22.2.4 - - [26/Jun/2023:01:34:20 -0500] "GET /BLA/boletinlegal/ HTTP/1.1" 200 24523
172.22.2.4 - - [26/Jun/2023:01:34:14 -0500] "GET /BLA/boletinlegal/ HTTP/1.1" 200 24523
172.22.2.4 - - [26/Jun/2023:01:34:17 -0500] "GET /BLA/boletinlegal/ HTTP/1.1" 200 33793
172.22.2.4 - - [26/Jun/2023:01:34:26 -0500] "GET /BLA/boletinlegal/ HTTP/1.1" 200 24523
201.245.192.253 - - [26/Jun/2023:01:36:10 -0500] "POST /kwsrmcab/Wsrmcab  HTTP/1.1" 503 1020
201.245.192.253 - - [26/Jun/2023:01:37:11 -0500] "POST /kwsrmcab/Wsrmcab  HTTP/1.1" 503 1020
34.206.217.125 - - [26/Jun/2023:01:37:14 -0500] "HEAD /proyecto-avantia-con-la-union-europea-busca-especialista-en-cambio-climatico.html HTTP/1.1" 200 -
34.206.217.125 - - [26/Jun/2023:01:37:14 -0500] "GET /proyecto-avantia-con-la-union-europea-busca-especialista-en-cambio-climatico.html HTTP/1.1" 200 814
172.22.2.4 - - [26/Jun/2023:01:37:37 -0500] "GET /BLA/boletinlegal/robots.txt HTTP/1.1" 404 1038
172.22.2.4 - - [26/Jun/2023:01:37:38 -0500] "GET /BLA/boletinlegal/Circulares/2018/CIRCULAR%20COJUNTA%20042%20DE%202018.pdf HTTP/1.1" 200 515008
172.22.2.4 - - [26/Jun/2023:01:37:39 -0500] "GET /BLA/boletinlegal/vendor/phpunit/phpunit/src/Util/PHP/eval-stdin.php HTTP/1.1" 404 1018
216.245.221.92 - - [26/Jun/2023:01:37:52 -0500] "HEAD / HTTP/1.1" 200 -
201.245.192.253 - - [26/Jun/2023:01:38:10 -0500] "POST /kwsrmcab/Wsrmcab  HTTP/1.1" 200 40807
201.245.192.253 - - [26/Jun/2023:01:39:11 -0500] "POST /kwsrmcab/Wsrmcab  HTTP/1.1" 200 40807
201.245.192.253 - - [26/Jun/2023:01:39:42 -0500] "POST /kwsrmcab/Wsrmcab HTTP/1.1" 200 43036
201.245.192.253 - - [26/Jun/2023:01:39:45 -0500] "POST /kwsrmcab/Wsrmcab HTTP/1.1" 200 43199
172.22.2.4 - - [26/Jun/2023:01:39:16 -0500] "HEAD /BLA/boletinlegal/ HTTP/1.1" 200 -
172.22.2.4 - - [26/Jun/2023:01:40:07 -0500] "GET /BLA/boletinlegal/ HTTP/1.1" 200 57272
216.245.221.92 - - [26/Jun/2023:01:42:52 -0500] "HEAD / HTTP/1.1" 200 -
201.245.192.253 - - [26/Jun/2023:01:44:10 -0500] "POST /kwsrmcab/Wsrmcab  HTTP/1.1" 200 40807
40.77.167.240 - - [26/Jun/2023:01:44:36 -0500] "GET /sipse/css/custom_css_sg_prime_login.css HTTP/1.1" 200 443
40.77.167.240 - - [26/Jun/2023:01:44:36 -0500] "GET /sipse/faces/javax.faces.resource/layout/layout.js?ln=primefaces&v=4.0 HTTP/1.1" 200 87560
52.167.144.66 - - [26/Jun/2023:01:44:40 -0500] "GET /sipse/faces/javax.faces.resource/layout/layout.css?ln=primefaces&v=4.0 HTTP/1.1" 200 542
52.167.144.66 - - [26/Jun/2023:01:44:40 -0500] "GET /sipse/js/funciones.js HTTP/1.1" 200 12592
52.167.144.60 - - [26/Jun/2023:01:44:49 -0500] "GET /sipse/css/custom_css_sg.css HTTP/1.1" 200 9694
52.167.144.60 - - [26/Jun/2023:01:44:49 -0500] "GET /sipse/faces/javax.faces.resource/jquery/jquery.js?ln=primefaces&v=4.0 HTTP/1.1" 200 105384
52.167.144.60 - - [26/Jun/2023:01:44:50 -0500] "GET /sipse/faces/javax.faces.resource/primefaces.css?ln=primefaces&v=4.0 HTTP/1.1" 200 53295
52.167.144.60 - - [26/Jun/2023:01:44:50 -0500] "GET /sipse/faces/javax.faces.resource/primefaces.js?ln=primefaces&v=4.0 HTTP/1.1" 200 276924
52.167.144.60 - - [26/Jun/2023:01:44:50 -0500] "GET /sipse/faces/javax.faces.resource/theme.css?ln=primefaces-sipse HTTP/1.1" 200 50058
52.167.144.60 - - [26/Jun/2023:01:44:51 -0500] "GET /sipse/js/disable_browser_buttons.js HTTP/1.1" 200 3230
172.22.2.4 - - [26/Jun/2023:01:45:06 -0500] "HEAD /BLA/boletinlegal/ HTTP/1.1" 200 -
173.252.95.1 - - [26/Jun/2023:01:46:48 -0500] "GET /images/caminatas-ecol\xc3\xb3gicas-marzo---1920x1080_optimized.jpg HTTP/1.1" 404 1034
172.22.2.4 - - [26/Jun/2023:01:45:57 -0500] "GET /BLA/boletinlegal/ HTTP/1.1" 200 59192
216.245.221.92 - - [26/Jun/2023:01:47:52 -0500] "HEAD / HTTP/1.1" 200 -
66.249.66.72 - - [26/Jun/2023:01:47:59 -0500] "-" 408 -
64.124.8.52 - - [26/Jun/2023:01:48:18 -0500] "GET /BLA/boletinlegal/jurisprudencia/analisis/CUADRO%20SENTENCIA%20T-299%20DE%202008.doc HTTP/1.1" 304 -
201.245.192.253 - - [26/Jun/2023:01:49:08 -0500] "POST /kwsrmcab/Wsrmcab  HTTP/1.1" 200 40807
172.22.2.4 - - [26/Jun/2023:01:50:56 -0500] "HEAD /BLA/boletinlegal/ HTTP/1.1" 200 -
216.245.221.92 - - [26/Jun/2023:01:52:52 -0500] "HEAD / HTTP/1.1" 200 -
172.22.2.4 - - [26/Jun/2023:01:51:47 -0500] "GET /BLA/boletinlegal/ HTTP/1.1" 200 56452
201.245.192.253 - - [26/Jun/2023:01:54:08 -0500] "POST /kwsrmcab/Wsrmcab  HTTP/1.1" 200 40807
172.22.2.4 - - [26/Jun/2023:01:55:41 -0500] "GET /BLA/boletinlegal/ HTTP/1.1" 200 40907
216.245.221.92 - - [26/Jun/2023:01:57:52 -0500] "HEAD / HTTP/1.1" 200 -
172.22.2.4 - - [26/Jun/2023:01:56:46 -0500] "HEAD /BLA/boletinlegal/ HTTP/1.1" 200 -
201.245.192.253 - - [26/Jun/2023:01:59:06 -0500] "POST /kwsrmcab/Wsrmcab  HTTP/1.1" 200 40807
172.22.2.4 - - [26/Jun/2023:01:57:37 -0500] "GET /BLA/boletinlegal/ HTTP/1.1" 200 56816
136.243.19.35 - - [26/Jun/2023:01:59:30 -0500] "GET /secretaria-de-ambiente-presenta-cartilla-con-el-protocolo-para-el-manejo-y-control-de-la-langostilla-de-rio.html HTTP/1.1" 200 857
40.77.188.27 - - [26/Jun/2023:02:00:31 -0500] "GET /sipse/faces/presentacion/sistema/faces/index.xhtml HTTP/1.1" 500 383
64.124.8.153 - - [26/Jun/2023:02:01:49 -0500] "GET /Isolucionsda/PaginaLogin.aspx HTTP/1.1" 404 1018
216.245.221.92 - - [26/Jun/2023:02:02:52 -0500] "HEAD / HTTP/1.1" 200 -
172.22.2.4 - - [26/Jun/2023:02:03:09 -0500] "GET /BLA/boletinlegal/index.php?s=/Index/\\think\\app/invokefunction&function=call_user_func_array&vars[0]=md5&vars[1][]=HelloThinkPHP21 HTTP/1.1" 200 32715
201.245.192.253 - - [26/Jun/2023:02:04:06 -0500] "POST /kwsrmcab/Wsrmcab  HTTP/1.1" 200 40807
172.22.2.4 - - [26/Jun/2023:02:02:36 -0500] "HEAD /BLA/boletinlegal/ HTTP/1.1" 200 -
172.22.2.4 - - [26/Jun/2023:02:03:27 -0500] "GET /BLA/boletinlegal/ HTTP/1.1" 200 55739
52.167.144.71 - - [26/Jun/2023:02:07:03 -0500] "GET /images/D%C3%ADa%20Voluntariado%20(1)%20(1).jpeg HTTP/1.1" 404 1034
216.245.221.92 - - [26/Jun/2023:02:07:52 -0500] "HEAD / HTTP/1.1" 200 -
172.22.2.4 - - [26/Jun/2023:02:08:26 -0500] "GET /BLA/boletinlegal/actos.php HTTP/1.1" 200 9682
172.22.2.4 - - [26/Jun/2023:02:08:26 -0500] "GET /BLA/boletinlegal/favicon.ico HTTP/1.1" 404 1326
201.185.97.236 - - [26/Jun/2023:02:08:30 -0500] "GET /BLA/resoluciones/ HTTP/1.1" 200 13502
201.185.97.236 - - [26/Jun/2023:02:08:31 -0500] "GET /favicon.ico HTTP/1.1" 200 7782
201.185.97.236 - - [26/Jun/2023:02:08:33 -0500] "GET /BLA/resoluciones/index.php?dir=AUTOS+2022%2F HTTP/1.1" 200 12235
201.185.97.236 - - [26/Jun/2023:02:08:33 -0500] "GET /BLA/resoluciones/index.php?dir=AUTOS+2022%2F HTTP/1.1" 200 497696
201.245.192.253 - - [26/Jun/2023:02:09:04 -0500] "POST /kwsrmcab/Wsrmcab  HTTP/1.1" 200 40807
95.214.27.50 - - [26/Jun/2023:02:09:58 -0500] "GET /config/getuser?index=0 HTTP/1.1" 404 1018
172.22.2.4 - - [26/Jun/2023:02:08:26 -0500] "HEAD /BLA/boletinlegal/ HTTP/1.1" 200 -
66.249.66.71 - - [26/Jun/2023:02:10:29 -0500] "-" 408 -
172.22.2.4 - - [26/Jun/2023:02:09:17 -0500] "GET /BLA/boletinlegal/ HTTP/1.1" 200 59192
216.245.221.92 - - [26/Jun/2023:02:12:52 -0500] "HEAD / HTTP/1.1" 200 -
118.193.59.15 - - [26/Jun/2023:02:13:24 -0500] "-" 408 -
201.245.192.253 - - [26/Jun/2023:02:14:03 -0500] "POST /kwsrmcab/Wsrmcab  HTTP/1.1" 200 40807
173.252.79.9 - - [26/Jun/2023:02:15:30 -0500] "GET /images/energia-eficiencia-26-mayo.jpg HTTP/1.1" 200 46417
173.252.107.3 - - [26/Jun/2023:02:15:43 -0500] "GET /si-estas-buscando-productos-y-servicios-sostenibles-participa-en-la-feria-de-negocios-verdes-en-bogota.html HTTP/1.1" 200 996
66.220.149.116 - - [26/Jun/2023:02:15:43 -0500] "GET /images/negocios-verdes-3-marzo.jpg HTTP/1.1" 200 33179
173.252.107.116 - - [26/Jun/2023:02:15:44 -0500] "GET /images/negocios-verdes-3-marzo.jpg HTTP/1.1" 200 33179
69.63.184.120 - - [26/Jun/2023:02:15:49 -0500] "GET /proyecto-de-eficiencia-energetica-y-energia-solar-para-entidades-publicas-de-bogota-recibira-apoyo-de-c40.html HTTP/1.1" 200 890
172.22.2.4 - - [26/Jun/2023:02:14:16 -0500] "HEAD /BLA/boletinlegal/ HTTP/1.1" 200 -
172.22.2.4 - - [26/Jun/2023:02:15:07 -0500] "GET /BLA/boletinlegal/ HTTP/1.1" 200 57272
216.245.221.92 - - [26/Jun/2023:02:17:52 -0500] "HEAD / HTTP/1.1" 200 -
172.22.2.4 - - [26/Jun/2023:02:17:52 -0500] "GET /BLA/boletinlegal/ HTTP/1.1" 200 20427
201.245.192.253 - - [26/Jun/2023:02:19:02 -0500] "POST /kwsrmcab/Wsrmcab  HTTP/1.1" 200 40807
200.118.60.119 - - [26/Jun/2023:02:19:14 -0500] "GET /BLA/resoluciones/index.php?dir=AUTOS+2015%2F HTTP/1.1" 200 582864
201.245.192.253 - - [26/Jun/2023:02:19:42 -0500] "POST /kwsrmcab/Wsrmcab HTTP/1.1" 200 43201
201.245.192.253 - - [26/Jun/2023:02:19:45 -0500] "POST /kwsrmcab/Wsrmcab HTTP/1.1" 200 42650
64.124.8.153 - - [26/Jun/2023:02:20:11 -0500] "GET /IsolucionSDA/BancoConocimiento/R/Resolucion4287Diciembre29de2007/Resolucion4287Diciembre29de2007.asp HTTP/1.1" 404 5012
86.178.231.155 - - [26/Jun/2023:02:20:50 -0500] "GET / HTTP/1.1" 200 319
172.22.2.4 - - [26/Jun/2023:02:20:06 -0500] "HEAD /BLA/boletinlegal/ HTTP/1.1" 200 -
172.22.2.4 - - [26/Jun/2023:02:20:57 -0500] "GET /BLA/boletinlegal/ HTTP/1.1" 200 56452
216.245.221.92 - - [26/Jun/2023:02:22:52 -0500] "HEAD / HTTP/1.1" 200 -
172.22.2.4 - - [26/Jun/2023:02:22:00 -0500] "OPTIONS /BLA/boletinlegal/ HTTP/1.1" 200 45003
201.245.192.253 - - [26/Jun/2023:02:24:00 -0500] "POST /kwsrmcab/Wsrmcab  HTTP/1.1" 200 40807
66.249.66.71 - - [26/Jun/2023:02:26:35 -0500] "-" 408 -
172.22.2.4 - - [26/Jun/2023:02:25:56 -0500] "HEAD /BLA/boletinlegal/ HTTP/1.1" 200 -
216.245.221.92 - - [26/Jun/2023:02:27:52 -0500] "HEAD / HTTP/1.1" 200 -
172.22.2.4 - - [26/Jun/2023:02:26:47 -0500] "GET /BLA/boletinlegal/ HTTP/1.1" 200 53248
46.4.105.251 - - [26/Jun/2023:02:28:38 -0500] "-" 408 -
201.245.192.253 - - [26/Jun/2023:02:28:58 -0500] "POST /kwsrmcab/Wsrmcab  HTTP/1.1" 200 40807
172.22.2.4 - - [26/Jun/2023:02:29:43 -0500] "GET /BLA/boletinlegal/favicon.ico HTTP/1.1" 404 1018
201.245.192.253 - - [26/Jun/2023:02:29:42 -0500] "POST /kwsrmcab/Wsrmcab HTTP/1.1" 200 43201
201.245.192.253 - - [26/Jun/2023:02:29:45 -0500] "POST /kwsrmcab/Wsrmcab HTTP/1.1" 200 42650
66.220.149.17 - - [26/Jun/2023:02:29:59 -0500] "GET /acuerdos-de-conservacion-camaras-trampa-registran-fauna-en-la-reserva-umbral-cultural-horizontes.html HTTP/1.1" 200 818
172.22.2.4 - - [26/Jun/2023:02:29:18 -0500] "GET /BLA/boletinlegal/ HTTP/1.1" 200 36811
66.249.70.196 - - [26/Jun/2023:02:31:51 -0500] "-" 408 -
216.245.221.92 - - [26/Jun/2023:02:32:52 -0500] "HEAD / HTTP/1.1" 200 -
172.22.2.4 - - [26/Jun/2023:02:31:46 -0500] "HEAD /BLA/boletinlegal/ HTTP/1.1" 200 -
201.245.192.253 - - [26/Jun/2023:02:33:57 -0500] "POST /kwsrmcab/Wsrmcab  HTTP/1.1" 200 40807
172.22.2.4 - - [26/Jun/2023:02:32:37 -0500] "GET /BLA/boletinlegal/ HTTP/1.1" 200 50283
66.249.66.71 - - [26/Jun/2023:02:34:48 -0500] "-" 408 -
216.245.221.92 - - [26/Jun/2023:02:37:52 -0500] "HEAD / HTTP/1.1" 200 -
201.245.192.253 - - [26/Jun/2023:02:38:56 -0500] "POST /kwsrmcab/Wsrmcab  HTTP/1.1" 200 40807
172.22.2.4 - - [26/Jun/2023:02:37:36 -0500] "HEAD /BLA/boletinlegal/ HTTP/1.1" 200 -
201.245.192.253 - - [26/Jun/2023:02:39:42 -0500] "POST /kwsrmcab/Wsrmcab HTTP/1.1" 200 43201
201.245.192.253 - - [26/Jun/2023:02:39:45 -0500] "POST /kwsrmcab/Wsrmcab HTTP/1.1" 200 42650
52.167.144.60 - - [26/Jun/2023:02:39:54 -0500] "GET /BLA/resoluciones/AUTOS%202022/0703.pdf HTTP/1.1" 304 -
172.22.2.4 - - [26/Jun/2023:02:38:27 -0500] "GET /BLA/boletinlegal/ HTTP/1.1" 200 56100
179.43.177.244 - - [26/Jun/2023:02:40:26 -0500] "POST /boaform/admin/formLogin HTTP/1.1" 404 1186
183.136.225.32 - - [26/Jun/2023:02:42:25 -0500] "GET / HTTP/1.1" 200 319
114.116.251.38 - - [26/Jun/2023:02:42:46 -0500] "GET / HTTP/1.1" 200 319
216.245.221.92 - - [26/Jun/2023:02:42:52 -0500] "HEAD / HTTP/1.1" 200 -
52.167.144.39 - - [26/Jun/2023:02:43:44 -0500] "GET /BLA/resoluciones/AUTOS%202023/0142.pdf HTTP/1.1" 304 -
201.245.192.253 - - [26/Jun/2023:02:43:55 -0500] "POST /kwsrmcab/Wsrmcab  HTTP/1.1" 200 40807
172.22.2.4 - - [26/Jun/2023:02:43:26 -0500] "HEAD /BLA/boletinlegal/ HTTP/1.1" 200 -
172.22.2.4 - - [26/Jun/2023:02:44:17 -0500] "GET /BLA/boletinlegal/ HTTP/1.1" 200 56816
216.245.221.92 - - [26/Jun/2023:02:47:52 -0500] "HEAD / HTTP/1.1" 200 -
201.245.192.253 - - [26/Jun/2023:02:48:54 -0500] "POST /kwsrmcab/Wsrmcab  HTTP/1.1" 200 40807
172.22.2.4 - - [26/Jun/2023:02:49:16 -0500] "HEAD /BLA/boletinlegal/ HTTP/1.1" 200 -
172.22.2.4 - - [26/Jun/2023:02:50:07 -0500] "GET /BLA/boletinlegal/ HTTP/1.1" 200 57272
216.245.221.92 - - [26/Jun/2023:02:52:52 -0500] "HEAD / HTTP/1.1" 200 -
52.167.144.60 - - [26/Jun/2023:02:53:08 -0500] "GET /BLA/resoluciones/RESOLUCIONES%202023/0682.pdf HTTP/1.1" 200 468679
201.245.192.253 - - [26/Jun/2023:02:53:52 -0500] "POST /kwsrmcab/Wsrmcab  HTTP/1.1" 200 40807
183.136.225.32 - - [26/Jun/2023:02:54:25 -0500] "GET /favicon.ico HTTP/1.1" 200 7782
45.12.253.143 - - [26/Jun/2023:02:55:50 -0500] "GET /BLA/boletinlegal/admin/index.php HTTP/1.1" 200 2324
45.12.253.143 - - [26/Jun/2023:02:55:50 -0500] "GET /BLA/boletinlegal/admin/index.php/wp-login.php HTTP/1.1" 200 2324
45.12.253.143 - - [26/Jun/2023:02:55:51 -0500] "GET /BLA/boletinlegal/admin/index.php/administrator/ HTTP/1.1" 200 2324
45.12.253.143 - - [26/Jun/2023:02:55:51 -0500] "GET /BLA/boletinlegal/admin/index.php/user/login/ HTTP/1.1" 200 2324
45.12.253.143 - - [26/Jun/2023:02:55:51 -0500] "GET /BLA/boletinlegal/admin/index.php/admin/ HTTP/1.1" 200 2324
45.12.253.143 - - [26/Jun/2023:02:55:52 -0500] "GET /BLA/boletinlegal/admin/index.php/login.php?do=login HTTP/1.1" 200 2324
45.12.253.143 - - [26/Jun/2023:02:55:52 -0500] "GET /BLA/boletinlegal/admin/index.php/typo3/ HTTP/1.1" 200 2324
45.12.253.143 - - [26/Jun/2023:02:55:53 -0500] "GET /BLA/boletinlegal/admin/index.php/ucp.php?mode=login HTTP/1.1" 200 2324
45.12.253.143 - - [26/Jun/2023:02:55:53 -0500] "GET /BLA/boletinlegal/admin/index.php/member.php?action=login HTTP/1.1" 200 2324
45.12.253.143 - - [26/Jun/2023:02:55:53 -0500] "GET /BLA/boletinlegal/admin/index.php/ HTTP/1.1" 200 2324
45.12.253.143 - - [26/Jun/2023:02:55:54 -0500] "GET /BLA/boletinlegal/admin/index.php/index.php?action=login HTTP/1.1" 200 2324
45.12.253.143 - - [26/Jun/2023:02:55:54 -0500] "GET /BLA/boletinlegal/admin/index.php/entry/signin/ HTTP/1.1" 200 2324
173.252.111.4 - - [26/Jun/2023:02:56:40 -0500] "GET /con-actividades-pedagogicas-y-recreativas-bogota-disfruto-y-conmemoro-la-semana-ambiental.html HTTP/1.1" 200 821
172.22.2.4 - - [26/Jun/2023:02:55:06 -0500] "HEAD /BLA/boletinlegal/ HTTP/1.1" 200 -
172.22.2.4 - - [26/Jun/2023:02:55:57 -0500] "GET /BLA/boletinlegal/ HTTP/1.1" 200 58825
216.245.221.92 - - [26/Jun/2023:02:57:52 -0500] "HEAD / HTTP/1.1" 200 -
52.167.144.60 - - [26/Jun/2023:02:58:35 -0500] "GET /BLA/resoluciones/RESOLUCIONES%202021/4048.pdf HTTP/1.1" 304 -
201.245.192.253 - - [26/Jun/2023:02:58:50 -0500] "POST /kwsrmcab/Wsrmcab  HTTP/1.1" 200 40807
66.220.149.16 - - [26/Jun/2023:03:01:19 -0500] "GET /secretaria-de-ambiente-presenta-cartilla-con-el-protocolo-para-el-manejo-y-control-de-la-langostilla-de-rio.html HTTP/1.1" 200 857
52.167.144.23 - - [26/Jun/2023:03:02:10 -0500] "GET /sipse/faces/presentacion/sistema/anexos/cargarAnexoSolicitudProceso.xhtml HTTP/1.1" 302 -
52.167.144.23 - - [26/Jun/2023:03:02:11 -0500] "GET /sipse/faces/autenticacion.xhtml HTTP/1.1" 200 12177
172.22.2.4 - - [26/Jun/2023:03:00:56 -0500] "HEAD /BLA/boletinlegal/ HTTP/1.1" 200 -
216.245.221.92 - - [26/Jun/2023:03:02:52 -0500] "HEAD / HTTP/1.1" 200 -
172.22.2.4 - - [26/Jun/2023:03:01:47 -0500] "GET /BLA/boletinlegal/ HTTP/1.1" 200 58825
201.245.192.253 - - [26/Jun/2023:03:03:49 -0500] "POST /kwsrmcab/Wsrmcab  HTTP/1.1" 200 40807
216.245.221.92 - - [26/Jun/2023:03:07:52 -0500] "HEAD / HTTP/1.1" 200 -
172.22.2.4 - - [26/Jun/2023:03:06:46 -0500] "HEAD /BLA/boletinlegal/ HTTP/1.1" 200 -
201.245.192.253 - - [26/Jun/2023:03:08:47 -0500] "POST /kwsrmcab/Wsrmcab  HTTP/1.1" 200 40807
172.22.2.4 - - [26/Jun/2023:03:07:37 -0500] "GET /BLA/boletinlegal/ HTTP/1.1" 200 59192
216.245.221.92 - - [26/Jun/2023:03:12:52 -0500] "HEAD / HTTP/1.1" 200 -
64.124.8.153 - - [26/Jun/2023:03:13:14 -0500] "GET /BLA/boletinlegal/jurisprudencia/analisis/ANALISIST-672-14.docx HTTP/1.1" 304 -
201.245.192.253 - - [26/Jun/2023:03:13:47 -0500] "POST /kwsrmcab/Wsrmcab  HTTP/1.1" 200 40807
172.22.2.4 - - [26/Jun/2023:03:12:36 -0500] "HEAD /BLA/boletinlegal/ HTTP/1.1" 200 -
64.124.8.153 - - [26/Jun/2023:03:14:32 -0500] "-" 408 -
172.22.2.4 - - [26/Jun/2023:03:13:27 -0500] "GET /BLA/boletinlegal/ HTTP/1.1" 200 55739
66.249.66.71 - - [26/Jun/2023:03:15:48 -0500] "-" 408 -
216.245.221.92 - - [26/Jun/2023:03:17:52 -0500] "HEAD / HTTP/1.1" 200 -
98.64.96.27 - - [26/Jun/2023:03:18:13 -0500] "GET /Publicaciones/2023EE96318.pdf HTTP/1.1" 404 227
201.245.192.253 - - [26/Jun/2023:03:18:45 -0500] "POST /kwsrmcab/Wsrmcab  HTTP/1.1" 200 40807
181.51.84.139 - - [26/Jun/2023:03:19:22 -0500] "GET /BLA/resoluciones/index.php HTTP/1.1" 200 13502
181.51.84.139 - - [26/Jun/2023:03:19:23 -0500] "GET /BLA/resoluciones/index.php?dir=AUTOS+2023%2F HTTP/1.1" 200 121096
181.51.84.139 - - [26/Jun/2023:03:19:21 -0500] "GET /BLA/resoluciones/index.php?dir=AUTOS+2022%2F HTTP/1.1" 200 12235
69.171.249.2 - - [26/Jun/2023:03:19:38 -0500] "GET /mas-de-100-arboles-fueron-plantados-en-el-humedal-de-techo.html HTTP/1.1" 200 750
69.171.249.6 - - [26/Jun/2023:03:19:38 -0500] "GET /mas-de-100-arboles-fueron-plantados-en-el-humedal-de-techo.html HTTP/1.1" 200 750
201.245.192.253 - - [26/Jun/2023:03:19:42 -0500] "POST /kwsrmcab/Wsrmcab HTTP/1.1" 200 43035
201.245.192.253 - - [26/Jun/2023:03:19:45 -0500] "POST /kwsrmcab/Wsrmcab HTTP/1.1" 200 42936
172.22.2.4 - - [26/Jun/2023:03:18:26 -0500] "HEAD /BLA/boletinlegal/ HTTP/1.1" 200 -
172.22.2.4 - - [26/Jun/2023:03:19:17 -0500] "GET /BLA/boletinlegal/ HTTP/1.1" 200 59192
172.22.2.4 - - [26/Jun/2023:03:21:19 -0500] "GET /BLA/boletinlegal/?XDEBUG_SESSION_START=phpstorm HTTP/1.1" 200 36811
66.249.66.71 - - [26/Jun/2023:03:22:24 -0500] "-" 408 -
216.245.221.92 - - [26/Jun/2023:03:22:52 -0500] "HEAD / HTTP/1.1" 200 -
201.245.192.253 - - [26/Jun/2023:03:23:46 -0500] "POST /kwsrmcab/Wsrmcab  HTTP/1.1" 200 40807
172.22.2.4 - - [26/Jun/2023:03:24:16 -0500] "HEAD /BLA/boletinlegal/ HTTP/1.1" 200 -
172.22.2.4 - - [26/Jun/2023:03:25:07 -0500] "GET /BLA/boletinlegal/ HTTP/1.1" 200 58825
216.245.221.92 - - [26/Jun/2023:03:27:52 -0500] "HEAD / HTTP/1.1" 200 -
64.124.8.52 - - [26/Jun/2023:03:28:13 -0500] "-" 408 -
201.245.192.253 - - [26/Jun/2023:03:28:45 -0500] "POST /kwsrmcab/Wsrmcab  HTTP/1.1" 200 40807
79.131.46.187 - - [26/Jun/2023:03:29:01 -0500] "GET / HTTP/1.1" 200 319
201.245.192.253 - - [26/Jun/2023:03:29:42 -0500] "POST /kwsrmcab/Wsrmcab HTTP/1.1" 200 43035
201.245.192.253 - - [26/Jun/2023:03:29:45 -0500] "POST /kwsrmcab/Wsrmcab HTTP/1.1" 200 42936
172.22.2.4 - - [26/Jun/2023:03:30:06 -0500] "HEAD /BLA/boletinlegal/ HTTP/1.1" 200 -
172.22.2.4 - - [26/Jun/2023:03:30:57 -0500] "GET /BLA/boletinlegal/ HTTP/1.1" 200 57272
216.245.221.92 - - [26/Jun/2023:03:32:52 -0500] "HEAD / HTTP/1.1" 200 -
201.245.192.253 - - [26/Jun/2023:03:33:44 -0500] "POST /kwsrmcab/Wsrmcab  HTTP/1.1" 200 40807
52.167.144.39 - - [26/Jun/2023:03:36:26 -0500] "GET /bla/resoluciones/resoluciones%202007/res%202007%202401%20al%202500/RESOLUCION%202488%20DE%202007.pdf HTTP/1.1" 304 -
35.189.66.149 - - [26/Jun/2023:03:36:35 -0500] "\x16\x03\x01" 400 226
35.189.66.149 - - [26/Jun/2023:03:36:38 -0500] "OPTIONS / HTTP/1.0" 200 -
172.22.2.4 - - [26/Jun/2023:03:35:56 -0500] "HEAD /BLA/boletinlegal/ HTTP/1.1" 200 -
216.245.221.92 - - [26/Jun/2023:03:37:52 -0500] "HEAD / HTTP/1.1" 200 -
172.22.2.4 - - [26/Jun/2023:03:36:47 -0500] "GET /BLA/boletinlegal/ HTTP/1.1" 200 59192
201.245.192.253 - - [26/Jun/2023:03:38:43 -0500] "POST /kwsrmcab/Wsrmcab  HTTP/1.1" 200 40807
201.245.192.253 - - [26/Jun/2023:03:39:42 -0500] "POST /kwsrmcab/Wsrmcab HTTP/1.1" 200 43035
201.245.192.253 - - [26/Jun/2023:03:39:45 -0500] "POST /kwsrmcab/Wsrmcab HTTP/1.1" 200 42936
64.124.8.153 - - [26/Jun/2023:03:41:45 -0500] "-" 408 -
216.245.221.92 - - [26/Jun/2023:03:42:52 -0500] "HEAD / HTTP/1.1" 200 -
172.22.2.4 - - [26/Jun/2023:03:41:46 -0500] "HEAD /BLA/boletinlegal/ HTTP/1.1" 200 -
201.245.192.253 - - [26/Jun/2023:03:43:41 -0500] "POST /kwsrmcab/Wsrmcab  HTTP/1.1" 200 40807
172.22.2.4 - - [26/Jun/2023:03:42:37 -0500] "GET /BLA/boletinlegal/ HTTP/1.1" 200 57680
216.245.221.92 - - [26/Jun/2023:03:47:52 -0500] "HEAD / HTTP/1.1" 200 -
201.245.192.253 - - [26/Jun/2023:03:48:40 -0500] "POST /kwsrmcab/Wsrmcab  HTTP/1.1" 200 40807
172.22.2.4 - - [26/Jun/2023:03:47:36 -0500] "HEAD /BLA/boletinlegal/ HTTP/1.1" 200 -
172.22.2.4 - - [26/Jun/2023:03:48:27 -0500] "GET /BLA/boletinlegal/ HTTP/1.1" 200 57272
216.245.221.92 - - [26/Jun/2023:03:52:52 -0500] "HEAD / HTTP/1.1" 200 -
52.167.144.39 - - [26/Jun/2023:03:53:02 -0500] "GET /BLA/resoluciones/RESOLUCIONES%202023/0479.pdf HTTP/1.1" 200 442989
