216.245.221.92 - - [14/Jul/2023:04:34:52 -0500] "HEAD / HTTP/1.1" 200 -
52.167.144.28 - - [14/Jul/2023:04:36:41 -0500] "GET /BLA/boletinlegal/Circulares/2011/Circular%20No.%203%20del%2016%20de%20Junio%20de%202011.pdf HTTP/1.1" 304 -
40.77.167.184 - - [14/Jul/2023:04:37:29 -0500] "-" 408 -
52.167.144.139 - - [14/Jul/2023:04:37:55 -0500] "GET /portaldeninos/parque-ecologico-distrital-humedal-santa-maria-del-lago/ HTTP/1.1" 503 1037
201.245.192.253 - - [14/Jul/2023:04:38:23 -0500] "POST /kwsrmcab/Wsrmcab  HTTP/1.1" 200 42295
52.167.144.139 - - [14/Jul/2023:04:38:35 -0500] "GET /portaldeninos/parque-ecologico-distrital-humedal-santa-maria-del-lago/ HTTP/1.1" 503 1037
172.22.2.4 - - [14/Jul/2023:04:38:49 -0500] "GET /BLA/boletinlegal/norma_menu.php HTTP/1.1" 200 6328
172.22.2.4 - - [14/Jul/2023:04:39:03 -0500] "GET /BLA/boletinlegal/style.css HTTP/1.1" 200 9406
172.22.2.4 - - [14/Jul/2023:04:39:04 -0500] "GET /BLA/boletinlegal/styles2.css HTTP/1.1" 200 1838
172.22.2.4 - - [14/Jul/2023:04:39:08 -0500] "GET /BLA/boletinlegal/js/ajax.js HTTP/1.1" 200 772
172.22.2.4 - - [14/Jul/2023:04:39:08 -0500] "GET /BLA/boletinlegal/js/jquery1.js HTTP/1.1" 200 29846
172.22.2.4 - - [14/Jul/2023:04:39:08 -0500] "GET /BLA/boletinlegal/js/popup.js HTTP/1.1" 200 1270
172.22.2.4 - - [14/Jul/2023:04:39:08 -0500] "GET /BLA/boletinlegal/swfobject.js HTTP/1.1" 200 9763
201.245.192.253 - - [14/Jul/2023:04:40:16 -0500] "POST /kwsrmcab/Wsrmcab HTTP/1.1" 200 42872
52.167.144.100 - - [14/Jul/2023:04:40:19 -0500] "GET /BLA/resoluciones/AUTOS%202021/2340.pdf HTTP/1.1" 304 -
201.245.192.253 - - [14/Jul/2023:04:40:19 -0500] "POST /kwsrmcab/Wsrmcab HTTP/1.1" 200 43549
172.22.2.4 - - [14/Jul/2023:04:38:56 -0500] "HEAD /BLA/boletinlegal/ HTTP/1.1" 200 -
216.245.221.92 - - [14/Jul/2023:04:40:53 -0500] "HEAD / HTTP/1.1" 200 -
172.22.2.4 - - [14/Jul/2023:04:39:47 -0500] "GET /BLA/boletinlegal/ HTTP/1.1" 200 57272
66.249.70.196 - - [14/Jul/2023:04:42:10 -0500] "-" 408 -
191.156.51.85 - - [14/Jul/2023:04:43:17 -0500] "GET /calidad-del-aire-distrito-avanza-unido-por-un-nuevo-aire.html?utm_source=Meta_DIGI&utm_medium=CPMa&utm_campaign=Aire&utm_id=Julio_2023&fbclid=IwAR1YoTcIAJbdW3v2ZKdNvRZC8DsKYgqIoz8sXSuRj8joBvfVmhKLFI9PBcE_aem_Aecu6aIKDGBl2t87dRXnMxvhZtbsC8SyWq3uLXCH7_pzNY0PiOf18kefEZiYEjA-2CE-BgM3hbJwZlMinAAFTYrs HTTP/1.1" 200 783
201.245.192.253 - - [14/Jul/2023:04:43:22 -0500] "POST /kwsrmcab/Wsrmcab  HTTP/1.1" 200 42295
52.167.144.28 - - [14/Jul/2023:04:44:40 -0500] "GET /BLA/resoluciones/index.php?dir=RESOLUCIONES+2022%2F HTTP/1.1" 200 310592
216.245.221.92 - - [14/Jul/2023:04:45:53 -0500] "HEAD / HTTP/1.1" 200 -
172.22.2.4 - - [14/Jul/2023:04:44:46 -0500] "HEAD /BLA/boletinlegal/ HTTP/1.1" 200 -
172.22.2.4 - - [14/Jul/2023:04:45:36 -0500] "GET /BLA/boletinlegal/ HTTP/1.1" 200 57272
201.245.192.253 - - [14/Jul/2023:04:48:22 -0500] "POST /kwsrmcab/Wsrmcab  HTTP/1.1" 200 42295
216.245.221.92 - - [14/Jul/2023:04:50:53 -0500] "HEAD / HTTP/1.1" 200 -
66.249.70.196 - - [14/Jul/2023:04:51:17 -0500] "-" 408 -
172.22.2.4 - - [14/Jul/2023:04:50:36 -0500] "HEAD /BLA/boletinlegal/ HTTP/1.1" 200 -
201.185.143.71 - - [14/Jul/2023:04:52:26 -0500] "GET /calidad-del-aire-distrito-avanza-unido-por-un-nuevo-aire.html?utm_source=Meta_DIGI&utm_medium=CPMa&utm_campaign=Aire&utm_id=Julio_2023 HTTP/1.1" 200 783
52.167.144.100 - - [14/Jul/2023:04:52:42 -0500] "GET /Publicaciones/2023EE128963.pdf HTTP/1.1" 404 228
186.102.51.177 - - [14/Jul/2023:04:52:51 -0500] "GET /calidad-del-aire-distrito-avanza-unido-por-un-nuevo-aire.html?utm_source=Meta_DIGI&utm_medium=CPMa&utm_campaign=Aire&utm_id=Julio_2023 HTTP/1.1" 200 783
172.22.2.4 - - [14/Jul/2023:04:51:26 -0500] "GET /BLA/boletinlegal/ HTTP/1.1" 200 57272
201.245.192.253 - - [14/Jul/2023:04:53:20 -0500] "POST /kwsrmcab/Wsrmcab  HTTP/1.1" 200 42295
172.22.2.4 - - [14/Jul/2023:04:54:58 -0500] "GET /BLA/boletinlegal/js/lib.js HTTP/1.1" 200 6474
191.156.60.152 - - [14/Jul/2023:04:55:30 -0500] "GET /calidad-del-aire-distrito-avanza-unido-por-un-nuevo-aire.html?utm_source=Meta_DIGI&utm_medium=CPMa&utm_campaign=Aire&utm_id=Julio_2023 HTTP/1.1" 200 783
216.245.221.92 - - [14/Jul/2023:04:55:53 -0500] "HEAD / HTTP/1.1" 200 -
172.22.2.4 - - [14/Jul/2023:04:56:26 -0500] "HEAD /BLA/boletinlegal/ HTTP/1.1" 200 -
201.245.192.253 - - [14/Jul/2023:04:58:19 -0500] "POST /kwsrmcab/Wsrmcab  HTTP/1.1" 200 42295
66.249.70.196 - - [14/Jul/2023:04:58:31 -0500] "-" 408 -
172.22.2.4 - - [14/Jul/2023:04:57:16 -0500] "GET /BLA/boletinlegal/ HTTP/1.1" 200 59192
104.233.215.50 - - [14/Jul/2023:04:59:15 -0500] "GET /galeria/galeria/fotos/Entrenube3P.jpg HTTP/1.1" 200 8487
172.22.2.4 - - [14/Jul/2023:05:00:35 -0500] "GET /BLA/boletinlegal/jurisprudencia/analisis/Analisis%20jurisprudencial%20Sentencia%20C-366-11.doc HTTP/1.1" 304 -
216.245.221.92 - - [14/Jul/2023:05:00:53 -0500] "HEAD / HTTP/1.1" 200 -
172.22.2.4 - - [14/Jul/2023:05:01:14 -0500] "GET /BLA/boletinlegal/actos.php HTTP/1.1" 200 9682
172.22.2.4 - - [14/Jul/2023:05:01:15 -0500] "GET /BLA/boletinlegal/favicon.ico HTTP/1.1" 404 1326
201.185.97.236 - - [14/Jul/2023:05:01:19 -0500] "GET /BLA/resoluciones/ HTTP/1.1" 200 13502
201.185.97.236 - - [14/Jul/2023:05:01:21 -0500] "GET /BLA/resoluciones/index.php?dir=AUTOS+2023%2F HTTP/1.1" 200 152937
201.245.192.253 - - [14/Jul/2023:05:03:17 -0500] "POST /kwsrmcab/Wsrmcab  HTTP/1.1" 200 42295
172.22.2.4 - - [14/Jul/2023:05:02:16 -0500] "HEAD /BLA/boletinlegal/ HTTP/1.1" 200 -
172.22.2.4 - - [14/Jul/2023:05:03:06 -0500] "GET /BLA/boletinlegal/ HTTP/1.1" 200 54079
216.245.221.92 - - [14/Jul/2023:05:05:53 -0500] "HEAD / HTTP/1.1" 200 -
191.156.229.202 - - [14/Jul/2023:05:06:36 -0500] "GET /calidad-del-aire-distrito-avanza-unido-por-un-nuevo-aire.html?utm_source=Meta_DIGI&utm_medium=CPMa&utm_campaign=Aire&utm_id=Julio_2023&fbclid=IwAR07adOQUIfpzoWso8A3sc9NlSoJbWFhze2Olhx0zBcvKjXX5fZ3okD79sI_aem_Aee3O3-emQ6Ml7P3CEuseZNbD_6ej9Xyux0-bAjffQLmHKwoFjLM17pUn27m1uUr6ui5_qDcgiIpM6X6bq6zobmG HTTP/1.1" 200 783
201.245.192.253 - - [14/Jul/2023:05:08:16 -0500] "POST /kwsrmcab/Wsrmcab  HTTP/1.1" 200 42295
172.22.2.4 - - [14/Jul/2023:05:08:49 -0500] "GET /BLA/boletinlegal/robots.txt HTTP/1.1" 404 1139
172.22.2.4 - - [14/Jul/2023:05:08:06 -0500] "HEAD /BLA/boletinlegal/ HTTP/1.1" 200 -
66.249.70.196 - - [14/Jul/2023:05:10:23 -0500] "-" 408 -
172.22.2.4 - - [14/Jul/2023:05:08:56 -0500] "GET /BLA/boletinlegal/ HTTP/1.1" 200 56816
216.245.221.92 - - [14/Jul/2023:05:10:53 -0500] "HEAD / HTTP/1.1" 200 -
191.156.238.125 - - [14/Jul/2023:05:11:05 -0500] "GET /calidad-del-aire-distrito-avanza-unido-por-un-nuevo-aire.html?utm_source=Meta_DIGI&utm_medium=CPMa&utm_campaign=Aire&utm_id=Julio_2023 HTTP/1.1" 200 783
191.156.238.125 - - [14/Jul/2023:05:11:10 -0500] "GET /favicon.ico HTTP/1.1" 404 1566
52.167.144.139 - - [14/Jul/2023:05:11:38 -0500] "GET /convocatoria-conviertete-en-nuestro-corresponsal-ambiental-y-aporta-a-la-transformacion-de-tu-localidad.html HTTP/1.1" 304 -
201.245.192.253 - - [14/Jul/2023:05:13:15 -0500] "POST /kwsrmcab/Wsrmcab  HTTP/1.1" 200 42295
172.22.2.4 - - [14/Jul/2023:05:13:56 -0500] "HEAD /BLA/boletinlegal/ HTTP/1.1" 200 -
216.245.221.92 - - [14/Jul/2023:05:15:53 -0500] "HEAD / HTTP/1.1" 200 -
69.171.249.118 - - [14/Jul/2023:05:16:16 -0500] "GET /calidad-del-aire-distrito-avanza-unido-por-un-nuevo-aire.html?utm_source=Meta_DIGI&utm_medium=CPMa&utm_campaign=Aire&utm_id=Julio_2023 HTTP/1.1" 206 783
69.171.249.5 - - [14/Jul/2023:05:16:17 -0500] "GET /calidad-del-aire-distrito-avanza-unido-por-un-nuevo-aire.html?utm_id=Julio_2023 HTTP/1.1" 206 783
172.22.2.4 - - [14/Jul/2023:05:14:46 -0500] "GET /BLA/boletinlegal/ HTTP/1.1" 200 58825
199.16.157.180 - - [14/Jul/2023:05:16:44 -0500] "GET /representantes-de-colombia-y-europa-se-reunieron-para-desarrollar-estrategias-innovadoras-en-la-gestion-del-plastico.html HTTP/1.1" 200 851
199.16.157.180 - - [14/Jul/2023:05:16:44 -0500] "GET /images/pl%C3%A1sticos%20foto%201..jpg HTTP/1.1" 404 1034
201.245.192.253 - - [14/Jul/2023:05:18:14 -0500] "POST /kwsrmcab/Wsrmcab  HTTP/1.1" 200 42295
201.245.192.253 - - [14/Jul/2023:05:20:16 -0500] "POST /kwsrmcab/Wsrmcab HTTP/1.1" 200 43036
201.245.192.253 - - [14/Jul/2023:05:20:19 -0500] "POST /kwsrmcab/Wsrmcab HTTP/1.1" 200 43577
216.245.221.92 - - [14/Jul/2023:05:20:53 -0500] "HEAD / HTTP/1.1" 200 -
199.16.157.181 - - [14/Jul/2023:05:21:19 -0500] "GET /images/cronica-amanda-rodriguez-30-abril.jpg HTTP/1.1" 200 26304
172.22.2.4 - - [14/Jul/2023:05:19:46 -0500] "HEAD /BLA/boletinlegal/ HTTP/1.1" 200 -
52.167.144.100 - - [14/Jul/2023:05:21:44 -0500] "GET /BLA/resoluciones/RESOLUCIONES%202022/5465.pdf HTTP/1.1" 200 308341
172.22.2.4 - - [14/Jul/2023:05:20:36 -0500] "GET /BLA/boletinlegal/ HTTP/1.1" 200 57272
191.156.181.212 - - [14/Jul/2023:05:22:37 -0500] "GET /calidad-del-aire-distrito-avanza-unido-por-un-nuevo-aire.html?utm_source=Meta_DIGI&utm_medium=CPMa&utm_campaign=Aire&utm_id=Julio_2023&fbclid=IwAR3edyzVWtmOK4ItERUtjwKbmrkY1HNgW31E7jeAkUdqpjiHrMphjHCWf2Y_aem_AedVjLVhP91cXZxDQokYkQzYY0iwM8rjeyZSVcIHRL0pa4wgd94vohadWBOr9HkyxdqatLBRemaE9aYxKuQavJB5 HTTP/1.1" 200 783
201.245.192.253 - - [14/Jul/2023:05:23:13 -0500] "POST /kwsrmcab/Wsrmcab  HTTP/1.1" 200 42295
66.249.70.196 - - [14/Jul/2023:05:24:40 -0500] "-" 408 -
66.249.66.194 - - [14/Jul/2023:05:25:00 -0500] "GET /images/liberacion-buho-la-conejera.jpg HTTP/1.1" 200 36270
186.80.168.218 - - [14/Jul/2023:05:25:08 -0500] "GET /calidad-del-aire-distrito-avanza-unido-por-un-nuevo-aire.html?utm_source=Meta_DIGI&utm_medium=CPMa&utm_campaign=Aire&utm_id=Julio_2023 HTTP/1.1" 200 783
216.245.221.92 - - [14/Jul/2023:05:25:53 -0500] "HEAD / HTTP/1.1" 200 -
172.22.2.4 - - [14/Jul/2023:05:25:36 -0500] "HEAD /BLA/boletinlegal/ HTTP/1.1" 200 -
173.252.107.3 - - [14/Jul/2023:05:28:03 -0500] "GET /images/calidad-del-aire-1.jpg HTTP/1.1" 200 30813
173.252.87.8 - - [14/Jul/2023:05:28:04 -0500] "GET /images/calidad-del-aire-1.jpg HTTP/1.1" 200 30813
172.22.2.4 - - [14/Jul/2023:05:26:26 -0500] "GET /BLA/boletinlegal/ HTTP/1.1" 200 57680
201.245.192.253 - - [14/Jul/2023:05:28:12 -0500] "POST /kwsrmcab/Wsrmcab  HTTP/1.1" 200 42295
191.156.145.150 - - [14/Jul/2023:05:28:22 -0500] "GET /calidad-del-aire-distrito-avanza-unido-por-un-nuevo-aire.html?utm_source=Meta_DIGI&utm_medium=CPMa&utm_campaign=Aire&utm_id=Julio_2023&fbclid=IwAR1tO1IJEopDQtj4w8U5VsoAEr4j2zmdrFU3neKCGXlmpU_m9Paazxiy7m0_aem_Aee6VOP40gjkR1RadpkEccVbJRoeLq-SDBvrmrpY8aUqDP92Qu0FEZo8KjRThBc60VOEhk1RQPxMLoxE7JIuwz0V HTTP/1.1" 200 783
201.245.192.253 - - [14/Jul/2023:05:30:16 -0500] "POST /kwsrmcab/Wsrmcab HTTP/1.1" 200 43036
201.245.192.253 - - [14/Jul/2023:05:30:19 -0500] "POST /kwsrmcab/Wsrmcab HTTP/1.1" 200 43577
216.245.221.92 - - [14/Jul/2023:05:30:53 -0500] "HEAD / HTTP/1.1" 200 -
181.32.217.179 - - [14/Jul/2023:05:32:27 -0500] "GET /calidad-del-aire-distrito-avanza-unido-por-un-nuevo-aire.html?utm_source=Meta_DIGI&utm_medium=CPMa&utm_campaign=Aire&utm_id=Julio_2023&fbclid=IwAR0sSBFRDm8GIy3KXhLcRXCaLwK45eiuUEOzImnLfH0sTZGrH4RXC24JDlU_aem_AefmLE6BOOanBISW2qxotaZMK01SovN_4GV-tSBIR8PPIlmsdUoA7dnoTJe8g_zPhG7fXbDcPIK23JLPabn_sY3E HTTP/1.1" 200 783
66.249.70.196 - - [14/Jul/2023:05:33:04 -0500] "-" 408 -
172.22.2.4 - - [14/Jul/2023:05:31:26 -0500] "HEAD /BLA/boletinlegal/ HTTP/1.1" 200 -
201.245.192.253 - - [14/Jul/2023:05:33:10 -0500] "POST /kwsrmcab/Wsrmcab  HTTP/1.1" 200 42295
172.22.2.4 - - [14/Jul/2023:05:32:16 -0500] "GET /BLA/boletinlegal/ HTTP/1.1" 200 59192
216.245.221.92 - - [14/Jul/2023:05:35:53 -0500] "HEAD / HTTP/1.1" 200 -
172.22.2.4 - - [14/Jul/2023:05:36:09 -0500] "GET /BLA/boletinlegal/Circulares/2015/Circular%20No.%202%20del%201%20de%20julio%20de%202015.pdf HTTP/1.1" 304 -
201.245.192.253 - - [14/Jul/2023:05:38:10 -0500] "POST /kwsrmcab/Wsrmcab  HTTP/1.1" 200 42295
172.22.2.4 - - [14/Jul/2023:05:37:16 -0500] "HEAD /BLA/boletinlegal/ HTTP/1.1" 200 -
66.249.70.196 - - [14/Jul/2023:05:38:56 -0500] "-" 408 -
40.77.167.161 - - [14/Jul/2023:05:39:19 -0500] "GET /BLA/resoluciones/AUTOS%202017/0280.pdf HTTP/1.1" 200 555681
172.22.2.4 - - [14/Jul/2023:05:38:06 -0500] "GET /BLA/boletinlegal/ HTTP/1.1" 200 58079
201.245.192.253 - - [14/Jul/2023:05:40:16 -0500] "POST /kwsrmcab/Wsrmcab HTTP/1.1" 200 43036
201.245.192.253 - - [14/Jul/2023:05:40:19 -0500] "POST /kwsrmcab/Wsrmcab HTTP/1.1" 200 43577
191.95.55.219 - - [14/Jul/2023:05:40:41 -0500] "GET /calidad-del-aire-distrito-avanza-unido-por-un-nuevo-aire.html?utm_source=Meta_DIGI&utm_medium=CPMa&utm_campaign=Aire&utm_id=Julio_2023&fbclid=IwAR2HFMcw3O_mEbpMUodjsUGbL2pj3WNmbnLqXQaU6K4CZ6DZXvNUk2LAVHA_aem_Aedl0eRKZMGSrB4eWiffV-G8N-vjQtXUa1BlgzL1SCQIObrmRp6IJJoz122-jkZR0ZcqTJikOYGoWGTGzPOsmzFE HTTP/1.1" 200 783
216.245.221.92 - - [14/Jul/2023:05:40:53 -0500] "HEAD / HTTP/1.1" 200 -
201.245.192.253 - - [14/Jul/2023:05:43:08 -0500] "POST /kwsrmcab/Wsrmcab  HTTP/1.1" 200 42295
191.156.146.233 - - [14/Jul/2023:05:44:39 -0500] "GET /calidad-del-aire-distrito-avanza-unido-por-un-nuevo-aire.html?utm_source=Meta_DIGI&utm_medium=CPMa&utm_campaign=Aire&utm_id=Julio_2023 HTTP/1.1" 200 783
172.22.2.4 - - [14/Jul/2023:05:43:06 -0500] "HEAD /BLA/boletinlegal/ HTTP/1.1" 200 -
66.249.70.196 - - [14/Jul/2023:05:45:21 -0500] "-" 408 -
172.22.2.4 - - [14/Jul/2023:05:43:56 -0500] "GET /BLA/boletinlegal/ HTTP/1.1" 200 52495
216.245.221.92 - - [14/Jul/2023:05:45:53 -0500] "HEAD / HTTP/1.1" 200 -
201.245.192.253 - - [14/Jul/2023:05:48:07 -0500] "POST /kwsrmcab/Wsrmcab  HTTP/1.1" 200 42295
186.84.90.167 - - [14/Jul/2023:05:50:28 -0500] "GET /calidad-del-aire-distrito-avanza-unido-por-un-nuevo-aire.html?utm_source=Meta_DIGI&utm_medium=CPMa&utm_campaign=Aire&utm_id=Julio_2023&fbclid=IwAR2_7vNCYo3n7o0RG9lSPMceGYFxtzDtZdtVyieAFvyU6Ybb7N7NmFlbRLU_aem_Aee68YTn3QX6SEICgmjnMpdSHl-nmwf6WpyrbEO6srzsZjVGkZL_noaMd82oJPtAYa-6ef5k0U2lhWUzRYzIC6kh HTTP/1.1" 200 783
172.22.2.4 - - [14/Jul/2023:05:48:56 -0500] "HEAD /BLA/boletinlegal/ HTTP/1.1" 200 -
216.245.221.92 - - [14/Jul/2023:05:50:53 -0500] "HEAD / HTTP/1.1" 200 -
191.156.229.55 - - [14/Jul/2023:05:51:17 -0500] "GET /calidad-del-aire-distrito-avanza-unido-por-un-nuevo-aire.html?utm_source=Meta_DIGI&utm_medium=CPMa&utm_campaign=Aire&utm_id=Julio_2023 HTTP/1.1" 200 783
172.22.2.4 - - [14/Jul/2023:05:49:46 -0500] "GET /BLA/boletinlegal/ HTTP/1.1" 200 59192
172.22.2.4 - - [14/Jul/2023:05:52:53 -0500] "GET /BLA/boletinlegal/ab2g HTTP/1.1" 404 1018
172.22.2.4 - - [14/Jul/2023:05:52:54 -0500] "GET /BLA/boletinlegal/ab2h HTTP/1.1" 404 1018
201.245.192.253 - - [14/Jul/2023:05:53:06 -0500] "POST /kwsrmcab/Wsrmcab  HTTP/1.1" 200 42295
66.249.70.196 - - [14/Jul/2023:05:53:29 -0500] "-" 408 -
191.156.58.5 - - [14/Jul/2023:05:54:29 -0500] "GET /calidad-del-aire-distrito-avanza-unido-por-un-nuevo-aire.html?utm_source=Meta_DIGI&utm_medium=CPMa&utm_campaign=Aire&utm_id=Julio_2023 HTTP/1.1" 200 783
52.167.144.24 - - [14/Jul/2023:05:54:33 -0500] "GET /portaldeninos/glosario/ HTTP/1.1" 503 1037
181.56.228.32 - - [14/Jul/2023:05:55:37 -0500] "GET /calidad-del-aire-distrito-avanza-unido-por-un-nuevo-aire.html?utm_source=Meta_DIGI&utm_medium=CPMa&utm_campaign=Aire&utm_id=Julio_2023&fbclid=IwAR3r7fmG7rzOBD46zN6EHjrbCXP6E8smVP6qV-XYF0Mn92zLmmbiIYT4ZY4_aem_AedW-7Yy21Fm6zSqhYZ9VP55x8b-pXztZtSbkXqK2RGf9-kmF7t2SGz7NZxq-POn24gmmyO2hJTfftiMpjR1MlXZ HTTP/1.1" 200 783
216.245.221.92 - - [14/Jul/2023:05:55:53 -0500] "HEAD / HTTP/1.1" 200 -
172.22.2.4 - - [14/Jul/2023:05:54:46 -0500] "HEAD /BLA/boletinlegal/ HTTP/1.1" 200 -
69.63.184.7 - - [14/Jul/2023:05:56:46 -0500] "GET /images/calidad-del-aire-1.jpg HTTP/1.1" 200 30813
172.22.2.4 - - [14/Jul/2023:05:55:36 -0500] "GET /BLA/boletinlegal/ HTTP/1.1" 200 57272
201.245.192.253 - - [14/Jul/2023:05:58:06 -0500] "POST /kwsrmcab/Wsrmcab  HTTP/1.1" 200 42295
66.249.70.196 - - [14/Jul/2023:05:59:12 -0500] "-" 408 -
216.245.221.92 - - [14/Jul/2023:06:00:53 -0500] "HEAD / HTTP/1.1" 200 -
172.22.2.4 - - [14/Jul/2023:06:00:36 -0500] "HEAD /BLA/boletinlegal/ HTTP/1.1" 200 -
201.245.192.253 - - [14/Jul/2023:06:03:04 -0500] "POST /kwsrmcab/Wsrmcab  HTTP/1.1" 200 42295
172.22.2.4 - - [14/Jul/2023:06:01:26 -0500] "GET /BLA/boletinlegal/ HTTP/1.1" 200 58825
66.249.70.196 - - [14/Jul/2023:06:03:34 -0500] "-" 408 -
179.15.168.179 - - [14/Jul/2023:06:04:02 -0500] "GET /calidad-del-aire-distrito-avanza-unido-por-un-nuevo-aire.html?utm_source=Meta_DIGI&utm_medium=CPMa&utm_campaign=Aire&utm_id=Julio_2023&fbclid=IwAR0gLxcgRS2dCXKC4Hp5A4wqyjq3TyI1B4-5tTNu73Lu1-AM7CgdnGGYz8M_aem_Aec-yxNZ0WhVoUbGGF1F2SNxXC7yCmmLh3frXdKNoMK4Z8b1L5sf2pwI03aRMLkwngzKfQCYSJIMbj6rYksRWSyi HTTP/1.1" 200 783
191.95.57.26 - - [14/Jul/2023:06:04:03 -0500] "GET /calidad-del-aire-distrito-avanza-unido-por-un-nuevo-aire.html?utm_source=Meta_DIGI&utm_medium=CPMa&utm_campaign=Aire&utm_id=Julio_2023 HTTP/1.1" 200 783
186.31.151.16 - - [14/Jul/2023:06:04:29 -0500] "GET /calidad-del-aire-distrito-avanza-unido-por-un-nuevo-aire.html?utm_source=Meta_DIGI&utm_medium=CPMa&utm_campaign=Aire&utm_id=Julio_2023 HTTP/1.1" 200 783
186.31.151.16 - - [14/Jul/2023:06:04:30 -0500] "GET /favicon.ico HTTP/1.1" 404 1136
172.22.2.4 - - [14/Jul/2023:06:05:37 -0500] "GET /BLA/boletinlegal/robots.txt HTTP/1.1" 404 1038
172.22.2.4 - - [14/Jul/2023:06:05:37 -0500] "GET /BLA/boletinlegal/Circulares/2023/CIRCULAR%20No.%2000002%20DEL%2020%20DE%20FEBRERO%20DEL%202023.pdf HTTP/1.1" 304 -
216.245.221.92 - - [14/Jul/2023:06:05:53 -0500] "HEAD / HTTP/1.1" 200 -
186.145.91.234 - - [14/Jul/2023:06:06:54 -0500] "GET /sipse/faces/faces/autenticacion.xhtml HTTP/1.1" 200 12501
186.145.91.234 - - [14/Jul/2023:06:06:55 -0500] "GET /sipse/faces/javax.faces.resource/theme.css?ln=primefaces-sipse HTTP/1.1" 304 -
186.145.91.234 - - [14/Jul/2023:06:06:55 -0500] "GET /sipse/faces/javax.faces.resource/layout/layout.css;jsessionid=QKOKU8B704asByTs+eM+z8zy.undefined?ln=primefaces&v=4.0 HTTP/1.1" 200 542
186.145.91.234 - - [14/Jul/2023:06:06:55 -0500] "GET /sipse/faces/javax.faces.resource/primefaces.css;jsessionid=QKOKU8B704asByTs+eM+z8zy.undefined?ln=primefaces&v=4.0 HTTP/1.1" 200 53295
186.145.91.234 - - [14/Jul/2023:06:06:55 -0500] "GET /sipse/faces/javax.faces.resource/layout/layout.js;jsessionid=QKOKU8B704asByTs+eM+z8zy.undefined?ln=primefaces&v=4.0 HTTP/1.1" 200 87560
186.145.91.234 - - [14/Jul/2023:06:06:55 -0500] "GET /sipse/faces/javax.faces.resource/jquery/jquery.js;jsessionid=QKOKU8B704asByTs+eM+z8zy.undefined?ln=primefaces&v=4.0 HTTP/1.1" 200 105384
186.145.91.234 - - [14/Jul/2023:06:06:55 -0500] "GET /sipse/faces/javax.faces.resource/primefaces.js;jsessionid=QKOKU8B704asByTs+eM+z8zy.undefined?ln=primefaces&v=4.0 HTTP/1.1" 200 276924
186.145.91.234 - - [14/Jul/2023:06:06:55 -0500] "GET /sipse/faces/javax.faces.resource/jquery/jquery-plugins.js;jsessionid=QKOKU8B704asByTs+eM+z8zy.undefined?ln=primefaces&v=4.0 HTTP/1.1" 200 220526
186.145.91.234 - - [14/Jul/2023:06:06:55 -0500] "GET /sipse/faces/javax.faces.resource/images/ui-icons_898989_256x240.png?ln=primefaces-aristo HTTP/1.1" 304 -
186.145.91.234 - - [14/Jul/2023:06:06:55 -0500] "GET /sipse/faces/faces/index.xhtml HTTP/1.1" 200 677
186.145.91.234 - - [14/Jul/2023:06:06:56 -0500] "GET /sipse/faces/javax.faces.resource/theme.css?ln=primefaces-sipse HTTP/1.1" 304 -
186.145.91.234 - - [14/Jul/2023:06:06:56 -0500] "GET /sipse/faces/faces/faces/autenticacion.xhtml HTTP/1.1" 200 12179
186.145.91.234 - - [14/Jul/2023:06:06:56 -0500] "GET /sipse/faces/javax.faces.resource/primefaces.css?ln=primefaces&v=4.0 HTTP/1.1" 304 -
186.145.91.234 - - [14/Jul/2023:06:06:56 -0500] "GET /sipse/faces/javax.faces.resource/theme.css?ln=primefaces-sipse HTTP/1.1" 304 -
186.145.91.234 - - [14/Jul/2023:06:06:56 -0500] "GET /sipse/faces/javax.faces.resource/layout/layout.css?ln=primefaces&v=4.0 HTTP/1.1" 304 -
186.145.91.234 - - [14/Jul/2023:06:06:56 -0500] "GET /sipse/faces/javax.faces.resource/jquery/jquery.js?ln=primefaces&v=4.0 HTTP/1.1" 304 -
186.145.91.234 - - [14/Jul/2023:06:06:56 -0500] "GET /sipse/faces/javax.faces.resource/jquery/jquery-plugins.js?ln=primefaces&v=4.0 HTTP/1.1" 304 -
186.145.91.234 - - [14/Jul/2023:06:06:56 -0500] "GET /sipse/faces/javax.faces.resource/primefaces.js?ln=primefaces&v=4.0 HTTP/1.1" 304 -
186.145.91.234 - - [14/Jul/2023:06:06:56 -0500] "GET /sipse/faces/javax.faces.resource/layout/layout.js?ln=primefaces&v=4.0 HTTP/1.1" 304 -
186.145.91.234 - - [14/Jul/2023:06:06:58 -0500] "POST /sipse/faces/autenticacion.xhtml HTTP/1.1" 200 11189
186.145.91.234 - - [14/Jul/2023:06:06:58 -0500] "GET /sipse/faces/javax.faces.resource/theme.css?ln=primefaces-sipse HTTP/1.1" 304 -
186.145.91.234 - - [14/Jul/2023:06:06:58 -0500] "GET /sipse/faces/javax.faces.resource/primefaces.css?ln=primefaces&v=4.0 HTTP/1.1" 304 -
186.145.91.234 - - [14/Jul/2023:06:06:58 -0500] "GET /sipse/faces/javax.faces.resource/layout/layout.css?ln=primefaces&v=4.0 HTTP/1.1" 304 -
186.145.91.234 - - [14/Jul/2023:06:06:58 -0500] "GET /sipse/faces/javax.faces.resource/jquery/jquery.js?ln=primefaces&v=4.0 HTTP/1.1" 304 -
186.145.91.234 - - [14/Jul/2023:06:06:59 -0500] "GET /sipse/faces/javax.faces.resource/jquery/jquery-plugins.js?ln=primefaces&v=4.0 HTTP/1.1" 304 -
186.145.91.234 - - [14/Jul/2023:06:06:59 -0500] "GET /sipse/faces/javax.faces.resource/primefaces.js?ln=primefaces&v=4.0 HTTP/1.1" 304 -
186.145.91.234 - - [14/Jul/2023:06:06:59 -0500] "GET /sipse/faces/javax.faces.resource/layout/layout.js?ln=primefaces&v=4.0 HTTP/1.1" 304 -
186.145.91.234 - - [14/Jul/2023:06:06:59 -0500] "GET /sipse/faces/javax.faces.resource/messages/messages.png?ln=primefaces&v=4.0 HTTP/1.1" 304 -
186.145.91.234 - - [14/Jul/2023:06:07:00 -0500] "GET /sipse/faces/javax.faces.resource/images/ui-icons_898989_256x240.png?ln=primefaces-aristo HTTP/1.1" 304 -
66.249.66.194 - - [14/Jul/2023:06:07:01 -0500] "GET /en-junio-conectate-con-la-naturaleza-y-el-medioambiente-a-traves-de-estas-caminatas-ecologicas.html HTTP/1.1" 200 900
186.145.91.234 - - [14/Jul/2023:06:07:01 -0500] "POST /sipse/faces/presentacion/sistema/seguridad/seleccionRol.xhtml HTTP/1.1" 200 5624
186.145.91.234 - - [14/Jul/2023:06:07:02 -0500] "POST /sipse/faces/presentacion/sistema/seguridad/seleccionRol.xhtml HTTP/1.1" 200 15134
186.145.91.234 - - [14/Jul/2023:06:07:03 -0500] "GET /sipse/faces/javax.faces.resource/theme.css?ln=primefaces-sipse HTTP/1.1" 304 -
186.145.91.234 - - [14/Jul/2023:06:07:03 -0500] "GET /sipse/faces/javax.faces.resource/primefaces.css?ln=primefaces&v=4.0 HTTP/1.1" 304 -
186.145.91.234 - - [14/Jul/2023:06:07:03 -0500] "GET /sipse/faces/javax.faces.resource/layout/layout.css?ln=primefaces&v=4.0 HTTP/1.1" 304 -
186.145.91.234 - - [14/Jul/2023:06:07:03 -0500] "GET /sipse/faces/javax.faces.resource/jquery/jquery.js?ln=primefaces&v=4.0 HTTP/1.1" 304 -
186.145.91.234 - - [14/Jul/2023:06:07:03 -0500] "GET /sipse/faces/javax.faces.resource/jquery/jquery-plugins.js?ln=primefaces&v=4.0 HTTP/1.1" 304 -
186.145.91.234 - - [14/Jul/2023:06:07:03 -0500] "GET /sipse/faces/javax.faces.resource/primefaces.js?ln=primefaces&v=4.0 HTTP/1.1" 304 -
186.145.91.234 - - [14/Jul/2023:06:07:03 -0500] "GET /sipse/faces/javax.faces.resource/layout/layout.js?ln=primefaces&v=4.0 HTTP/1.1" 304 -
186.145.91.234 - - [14/Jul/2023:06:07:03 -0500] "GET /sipse/css/imagen/contrasena.png HTTP/1.1" 404 383
186.145.91.234 - - [14/Jul/2023:06:07:05 -0500] "GET /sipse/faces/javax.faces.resource/images/ui-bg_flat_0_2d5972_40x100.png?ln=primefaces-aristo HTTP/1.1" 304 -
186.145.91.234 - - [14/Jul/2023:06:07:05 -0500] "POST /sipse/faces/bienvenido.xhtml HTTP/1.1" 200 3246
191.156.57.88 - - [14/Jul/2023:06:07:05 -0500] "GET /calidad-del-aire-distrito-avanza-unido-por-un-nuevo-aire.html?utm_source=Meta_DIGI&utm_medium=CPMa&utm_campaign=Aire&utm_id=Julio_2023 HTTP/1.1" 200 783
186.145.91.234 - - [14/Jul/2023:06:07:06 -0500] "POST /sipse/faces/bienvenido.xhtml HTTP/1.1" 200 63132
186.145.91.234 - - [14/Jul/2023:06:07:06 -0500] "GET /sipse/faces/javax.faces.resource/theme.css?ln=primefaces-sipse HTTP/1.1" 304 -
186.145.91.234 - - [14/Jul/2023:06:07:06 -0500] "GET /sipse/faces/javax.faces.resource/layout/layout.css?ln=primefaces&v=4.0 HTTP/1.1" 304 -
186.145.91.234 - - [14/Jul/2023:06:07:06 -0500] "GET /sipse/faces/javax.faces.resource/primefaces.css?ln=primefaces&v=4.0 HTTP/1.1" 304 -
186.145.91.234 - - [14/Jul/2023:06:07:07 -0500] "GET /sipse/faces/javax.faces.resource/jquery/jquery.js?ln=primefaces&v=4.0 HTTP/1.1" 304 -
186.145.91.234 - - [14/Jul/2023:06:07:07 -0500] "GET /sipse/faces/javax.faces.resource/jquery/jquery-plugins.js?ln=primefaces&v=4.0 HTTP/1.1" 304 -
186.145.91.234 - - [14/Jul/2023:06:07:07 -0500] "GET /sipse/faces/javax.faces.resource/primefaces.js?ln=primefaces&v=4.0 HTTP/1.1" 304 -
186.145.91.234 - - [14/Jul/2023:06:07:07 -0500] "GET /sipse/faces/javax.faces.resource/layout/layout.js?ln=primefaces&v=4.0 HTTP/1.1" 304 -
186.145.91.234 - - [14/Jul/2023:06:07:07 -0500] "POST /sipse/faces/presentacion/financiero/solicitudProceso/listarSolicitudProceso.xhtml HTTP/1.1" 200 1556
186.145.91.234 - - [14/Jul/2023:06:07:11 -0500] "POST /sipse/faces/presentacion/financiero/solicitudProceso/listarSolicitudProceso.xhtml HTTP/1.1" 200 46138
186.145.91.234 - - [14/Jul/2023:06:07:12 -0500] "POST /sipse/faces/presentacion/financiero/solicitudProceso/listarSolicitudProceso.xhtml HTTP/1.1" 200 1556
186.145.91.234 - - [14/Jul/2023:06:07:13 -0500] "POST /sipse/faces/presentacion/financiero/solicitudProceso/listarSolicitudProceso.xhtml HTTP/1.1" 200 1861
186.145.91.234 - - [14/Jul/2023:06:07:13 -0500] "POST /sipse/faces/presentacion/financiero/solicitudProceso/listarSolicitudProceso.xhtml HTTP/1.1" 200 13354
191.156.230.196 - - [14/Jul/2023:06:07:49 -0500] "GET /calidad-del-aire-distrito-avanza-unido-por-un-nuevo-aire.html?utm_source=Meta_DIGI&utm_medium=CPMa&utm_campaign=Aire&utm_id=Julio_2023 HTTP/1.1" 200 783
201.245.192.253 - - [14/Jul/2023:06:08:02 -0500] "POST /kwsrmcab/Wsrmcab  HTTP/1.1" 200 42295
172.22.2.4 - - [14/Jul/2023:06:06:26 -0500] "HEAD /BLA/boletinlegal/ HTTP/1.1" 200 -
172.22.2.4 - - [14/Jul/2023:06:07:16 -0500] "GET /BLA/boletinlegal/ HTTP/1.1" 200 59192
66.249.70.196 - - [14/Jul/2023:06:09:19 -0500] "-" 408 -
216.245.221.92 - - [14/Jul/2023:06:10:53 -0500] "HEAD / HTTP/1.1" 200 -
186.84.21.179 - - [14/Jul/2023:06:11:38 -0500] "GET /calidad-del-aire-distrito-avanza-unido-por-un-nuevo-aire.html?utm_source=Meta_DIGI&utm_medium=CPMa&utm_campaign=Aire&utm_id=Julio_2023 HTTP/1.1" 200 783
181.249.234.101 - - [14/Jul/2023:06:12:14 -0500] "GET /calidad-del-aire-distrito-avanza-unido-por-un-nuevo-aire.html?utm_source=Meta_DIGI&utm_medium=CPMa&utm_campaign=Aire&utm_id=Julio_2023 HTTP/1.1" 200 783
201.245.192.253 - - [14/Jul/2023:06:13:02 -0500] "POST /kwsrmcab/Wsrmcab  HTTP/1.1" 200 42295
172.22.2.4 - - [14/Jul/2023:06:12:16 -0500] "HEAD /BLA/boletinlegal/ HTTP/1.1" 200 -
172.22.2.4 - - [14/Jul/2023:06:13:06 -0500] "GET /BLA/boletinlegal/ HTTP/1.1" 200 58825
216.245.221.92 - - [14/Jul/2023:06:15:53 -0500] "HEAD / HTTP/1.1" 200 -
66.249.70.196 - - [14/Jul/2023:06:17:31 -0500] "-" 408 -
201.245.192.253 - - [14/Jul/2023:06:18:01 -0500] "POST /kwsrmcab/Wsrmcab  HTTP/1.1" 200 42295
200.91.247.91 - - [14/Jul/2023:06:18:30 -0500] "GET /calidad-del-aire-distrito-avanza-unido-por-un-nuevo-aire.html?utm_source=Meta_DIGI&utm_medium=CPMa&utm_campaign=Aire&utm_id=Julio_2023 HTTP/1.1" 200 783
201.185.224.134 - - [14/Jul/2023:06:18:51 -0500] "GET /calidad-del-aire-distrito-avanza-unido-por-un-nuevo-aire.html?utm_source=Meta_DIGI&utm_medium=CPMa&utm_campaign=Aire&utm_id=Julio_2023 HTTP/1.1" 200 783
191.95.171.101 - - [14/Jul/2023:06:19:03 -0500] "GET /calidad-del-aire-distrito-avanza-unido-por-un-nuevo-aire.html?utm_source=Meta_DIGI&utm_medium=CPMa&utm_campaign=Aire&utm_id=Julio_2023 HTTP/1.1" 200 783
191.156.180.160 - - [14/Jul/2023:06:19:43 -0500] "GET /calidad-del-aire-distrito-avanza-unido-por-un-nuevo-aire.html?utm_source=Meta_DIGI&utm_medium=CPMa&utm_campaign=Aire&utm_id=Julio_2023 HTTP/1.1" 200 783
172.22.2.4 - - [14/Jul/2023:06:18:06 -0500] "HEAD /BLA/boletinlegal/ HTTP/1.1" 200 -
201.245.192.253 - - [14/Jul/2023:06:20:16 -0500] "POST /kwsrmcab/Wsrmcab HTTP/1.1" 200 43071
201.245.192.253 - - [14/Jul/2023:06:20:19 -0500] "POST /kwsrmcab/Wsrmcab HTTP/1.1" 200 43557
190.27.167.61 - - [14/Jul/2023:06:20:23 -0500] "GET /calidad-del-aire-distrito-avanza-unido-por-un-nuevo-aire.html?utm_source=Meta_DIGI&utm_medium=CPMa&utm_campaign=Aire&utm_id=Julio_2023 HTTP/1.1" 200 783
172.22.2.4 - - [14/Jul/2023:06:18:56 -0500] "GET /BLA/boletinlegal/ HTTP/1.1" 200 58079
216.245.221.92 - - [14/Jul/2023:06:20:53 -0500] "HEAD / HTTP/1.1" 200 -
201.245.192.253 - - [14/Jul/2023:06:22:59 -0500] "POST /kwsrmcab/Wsrmcab  HTTP/1.1" 200 42295
66.249.70.196 - - [14/Jul/2023:06:23:32 -0500] "-" 408 -
172.22.2.4 - - [14/Jul/2023:06:22:36 -0500] "GET /BLA/boletinlegal/ HTTP/1.1" 200 60612
172.22.2.4 - - [14/Jul/2023:06:24:27 -0500] "GET /BLA/boletinlegal/robots.txt HTTP/1.1" 404 1140
52.167.144.100 - - [14/Jul/2023:06:24:49 -0500] "GET /galeria/galeria/fotos/Huemdal-el-Tunjo2G.jpg HTTP/1.1" 200 388331
172.22.2.4 - - [14/Jul/2023:06:23:56 -0500] "HEAD /BLA/boletinlegal/ HTTP/1.1" 200 -
181.237.88.251 - - [14/Jul/2023:06:25:46 -0500] "GET /calidad-del-aire-distrito-avanza-unido-por-un-nuevo-aire.html?utm_source=Meta_DIGI&utm_medium=CPMa&utm_campaign=Aire&utm_id=Julio_2023 HTTP/1.1" 200 783
54.167.23.57 - - [14/Jul/2023:06:25:49 -0500] "GET /en-julio-programate-para-asistir-a-las-caminatas-ecologicas-y-conectarte-con-la-naturaleza.html HTTP/1.1" 200 773
216.245.221.92 - - [14/Jul/2023:06:25:53 -0500] "HEAD / HTTP/1.1" 200 -
190.90.147.98 - - [14/Jul/2023:06:26:16 -0500] "GET /calidad-del-aire-distrito-avanza-unido-por-un-nuevo-aire.html?utm_source=Meta_DIGI&utm_medium=CPMa&utm_campaign=Aire&utm_id=Julio_2023 HTTP/1.1" 200 783
172.22.2.4 - - [14/Jul/2023:06:24:46 -0500] "GET /BLA/boletinlegal/ HTTP/1.1" 200 57272
13.214.64.111 - - [14/Jul/2023:06:26:37 -0500] "GET /galeria/nivo-slider/demo/images/Banner%20canales%20virtuales.jpg HTTP/1.1" 200 209438
54.167.23.57 - - [14/Jul/2023:06:26:30 -0500] "GET /portaldeninos/ HTTP/1.1" 503 1037
172.22.2.4 - - [14/Jul/2023:06:26:57 -0500] "GET /BLA/boletinlegal/actos.php HTTP/1.1" 200 9682
201.245.192.253 - - [14/Jul/2023:06:27:58 -0500] "POST /kwsrmcab/Wsrmcab  HTTP/1.1" 200 42295
66.249.70.196 - - [14/Jul/2023:06:29:21 -0500] "-" 408 -
201.245.192.253 - - [14/Jul/2023:06:30:15 -0500] "POST /kwsrmcab/Wsrmcab HTTP/1.1" 200 43071
201.245.192.253 - - [14/Jul/2023:06:30:18 -0500] "POST /kwsrmcab/Wsrmcab HTTP/1.1" 200 43557
186.84.90.225 - - [14/Jul/2023:06:30:45 -0500] "-" 408 -
216.245.221.92 - - [14/Jul/2023:06:30:53 -0500] "HEAD / HTTP/1.1" 200 -
172.22.2.4 - - [14/Jul/2023:06:29:46 -0500] "HEAD /BLA/boletinlegal/ HTTP/1.1" 200 -
172.22.2.4 - - [14/Jul/2023:06:30:36 -0500] "GET /BLA/boletinlegal/ HTTP/1.1" 200 58474
186.86.32.103 - - [14/Jul/2023:06:32:55 -0500] "GET /calidad-del-aire-distrito-avanza-unido-por-un-nuevo-aire.html?utm_source=Meta_DIGI&utm_medium=CPMa&utm_campaign=Aire&utm_id=Julio_2023 HTTP/1.1" 200 783
201.245.192.253 - - [14/Jul/2023:06:32:56 -0500] "POST /kwsrmcab/Wsrmcab  HTTP/1.1" 200 42295
66.249.70.196 - - [14/Jul/2023:06:35:16 -0500] "-" 408 -
216.245.221.92 - - [14/Jul/2023:06:35:53 -0500] "HEAD / HTTP/1.1" 200 -
181.136.132.165 - - [14/Jul/2023:06:36:55 -0500] "GET /calidad-del-aire-distrito-avanza-unido-por-un-nuevo-aire.html?utm_source=Meta_DIGI&utm_medium=CPMa&utm_campaign=Aire&utm_id=Julio_2023 HTTP/1.1" 200 783
18.143.226.94 - - [14/Jul/2023:06:37:46 -0500] "GET /galeria/nivo-slider/demo/images/Banner%20canales%20virtuales.jpg HTTP/1.1" 200 209438
201.245.192.253 - - [14/Jul/2023:06:37:54 -0500] "POST /kwsrmcab/Wsrmcab  HTTP/1.1" 200 42295
172.22.2.4 - - [14/Jul/2023:06:36:26 -0500] "GET /BLA/boletinlegal/ HTTP/1.1" 200 61779
52.167.144.100 - - [14/Jul/2023:06:38:31 -0500] "GET /bla/resoluciones/autos%202012/1566.pdf HTTP/1.1" 200 333240
186.155.207.27 - - [14/Jul/2023:06:39:12 -0500] "GET /calidad-del-aire-distrito-avanza-unido-por-un-nuevo-aire.html?utm_source=Meta_DIGI&utm_medium=CPMa&utm_campaign=Aire&utm_id=Julio_2023 HTTP/1.1" 200 783
186.102.79.39 - - [14/Jul/2023:06:39:42 -0500] "GET /calidad-del-aire-distrito-avanza-unido-por-un-nuevo-aire.html?utm_source=Meta_DIGI&utm_medium=CPMa&utm_campaign=Aire&utm_id=Julio_2023 HTTP/1.1" 200 783
186.29.35.121 - - [14/Jul/2023:06:39:58 -0500] "GET /calidad-del-aire-distrito-avanza-unido-por-un-nuevo-aire.html?utm_source=Meta_DIGI&utm_medium=CPMa&utm_campaign=Aire&utm_id=Julio_2023 HTTP/1.1" 200 783
201.245.192.253 - - [14/Jul/2023:06:40:16 -0500] "POST /kwsrmcab/Wsrmcab HTTP/1.1" 200 43071
201.245.192.253 - - [14/Jul/2023:06:40:19 -0500] "POST /kwsrmcab/Wsrmcab HTTP/1.1" 200 43557
216.245.221.92 - - [14/Jul/2023:06:40:53 -0500] "HEAD / HTTP/1.1" 200 -
191.95.173.9 - - [14/Jul/2023:06:41:51 -0500] "GET /calidad-del-aire-distrito-avanza-unido-por-un-nuevo-aire.html?utm_source=Meta_DIGI&utm_medium=CPMa&utm_campaign=Aire&utm_id=Julio_2023 HTTP/1.1" 200 783
191.95.173.9 - - [14/Jul/2023:06:41:55 -0500] "GET /favicon.ico HTTP/1.1" 404 1566
201.245.192.253 - - [14/Jul/2023:06:42:53 -0500] "POST /kwsrmcab/Wsrmcab  HTTP/1.1" 200 42295
172.22.2.4 - - [14/Jul/2023:06:42:16 -0500] "GET /BLA/boletinlegal/ HTTP/1.1" 200 61779
66.249.70.196 - - [14/Jul/2023:06:44:10 -0500] "-" 408 -
216.245.221.92 - - [14/Jul/2023:06:45:53 -0500] "HEAD / HTTP/1.1" 200 -
162.55.175.144 - - [14/Jul/2023:06:45:53 -0500] "GET / HTTP/1.1" 200 4720
162.55.175.144 - - [14/Jul/2023:06:45:57 -0500] "GET / HTTP/1.1" 200 319
191.156.145.150 - - [14/Jul/2023:06:46:06 -0500] "GET /calidad-del-aire-distrito-avanza-unido-por-un-nuevo-aire.html?utm_source=Meta_DIGI&utm_medium=CPMa&utm_campaign=Aire&utm_id=Julio_2023 HTTP/1.1" 200 783
173.252.107.5 - - [14/Jul/2023:06:46:14 -0500] "GET /secretaria-de-ambiente-presenta-cartilla-con-el-protocolo-para-el-manejo-y-control-de-la-langostilla-de-rio.html HTTP/1.1" 200 857
201.245.192.253 - - [14/Jul/2023:06:47:53 -0500] "POST /kwsrmcab/Wsrmcab  HTTP/1.1" 200 42295
200.118.60.125 - - [14/Jul/2023:06:48:33 -0500] "GET /calidad-del-aire-distrito-avanza-unido-por-un-nuevo-aire.html?utm_source=Meta_DIGI&utm_medium=CPMa&utm_campaign=Aire&utm_id=Julio_2023 HTTP/1.1" 200 783
172.22.2.4 - - [14/Jul/2023:06:47:16 -0500] "HEAD /BLA/boletinlegal/ HTTP/1.1" 200 -
222.89.191.156 - - [14/Jul/2023:06:49:35 -0500] "HEAD / HTTP/1.1" 200 -
222.89.191.156 - - [14/Jul/2023:06:49:35 -0500] "GET / HTTP/1.1" 200 319
172.22.2.4 - - [14/Jul/2023:06:48:06 -0500] "GET /BLA/boletinlegal/ HTTP/1.1" 200 56816
181.59.2.178 - - [14/Jul/2023:06:50:24 -0500] "GET /calidad-del-aire-distrito-avanza-unido-por-un-nuevo-aire.html?utm_source=Meta_DIGI&utm_medium=CPMa&utm_campaign=Aire&utm_id=Julio_2023&fbclid=IwAR2wjVE79MeIA45p1YaucFgh2r8NMMqcBpT8EtzAeIdZSi7mnED2W4Et3Gw_aem_Aecuqa1TupPIu1_LetfgsiIu8GYGzZrBnabG3liKH_ZrPpWnJ5_qXIjcYQHE0RnsqSS4doVP5BySpBeHrdT4HmLP HTTP/1.1" 200 783
216.245.221.92 - - [14/Jul/2023:06:50:53 -0500] "HEAD / HTTP/1.1" 200 -
128.199.204.232 - - [14/Jul/2023:06:51:00 -0500] "GET / HTTP/1.1" 200 319
186.84.21.183 - - [14/Jul/2023:06:51:22 -0500] "GET /sipse/faces/faces/autenticacion.xhtml HTTP/1.1" 200 12501
186.84.21.183 - - [14/Jul/2023:06:51:22 -0500] "GET /sipse/js/disable_browser_buttons.js HTTP/1.1" 304 -
186.84.21.183 - - [14/Jul/2023:06:51:22 -0500] "GET /sipse/js/funciones.js HTTP/1.1" 304 -
186.84.21.183 - - [14/Jul/2023:06:51:22 -0500] "GET /sipse/faces/javax.faces.resource/layout/layout.css;jsessionid=zywtAAmweJ7AoSAx6zxH-Iw5.undefined?ln=primefaces&v=4.0 HTTP/1.1" 200 542
186.84.21.183 - - [14/Jul/2023:06:51:22 -0500] "GET /sipse/faces/javax.faces.resource/theme.css?ln=primefaces-sipse HTTP/1.1" 304 -
186.84.21.183 - - [14/Jul/2023:06:51:22 -0500] "GET /sipse/css/custom_css_sg_prime_login.css HTTP/1.1" 304 -
186.84.21.183 - - [14/Jul/2023:06:51:22 -0500] "GET /sipse/css/custom_css_sg.css HTTP/1.1" 304 -
186.84.21.183 - - [14/Jul/2023:06:51:22 -0500] "GET /sipse/faces/javax.faces.resource/layout/layout.js;jsessionid=zywtAAmweJ7AoSAx6zxH-Iw5.undefined?ln=primefaces&v=4.0 HTTP/1.1" 200 87560
186.84.21.183 - - [14/Jul/2023:06:51:22 -0500] "GET /sipse/faces/javax.faces.resource/jquery/jquery.js;jsessionid=zywtAAmweJ7AoSAx6zxH-Iw5.undefined?ln=primefaces&v=4.0 HTTP/1.1" 200 105384
186.84.21.183 - - [14/Jul/2023:06:51:22 -0500] "GET /sipse/faces/javax.faces.resource/primefaces.css;jsessionid=zywtAAmweJ7AoSAx6zxH-Iw5.undefined?ln=primefaces&v=4.0 HTTP/1.1" 200 53295
186.84.21.183 - - [14/Jul/2023:06:51:22 -0500] "GET /sipse/faces/javax.faces.resource/jquery/jquery-plugins.js;jsessionid=zywtAAmweJ7AoSAx6zxH-Iw5.undefined?ln=primefaces&v=4.0 HTTP/1.1" 200 220526
186.84.21.183 - - [14/Jul/2023:06:51:22 -0500] "GET /sipse/faces/javax.faces.resource/primefaces.js;jsessionid=zywtAAmweJ7AoSAx6zxH-Iw5.undefined?ln=primefaces&v=4.0 HTTP/1.1" 200 276924
186.84.21.183 - - [14/Jul/2023:06:51:22 -0500] "GET /sipse/faces/javax.faces.resource/images/ui-icons_898989_256x240.png?ln=primefaces-aristo HTTP/1.1" 304 -
186.84.21.183 - - [14/Jul/2023:06:51:22 -0500] "GET /sipse/css/imagen/logoSDG.png HTTP/1.1" 200 53064
186.84.21.183 - - [14/Jul/2023:06:51:22 -0500] "GET /sipse/css/imagen/loginimg.png HTTP/1.1" 200 71635
186.84.21.183 - - [14/Jul/2023:06:51:22 -0500] "GET /sipse/faces/faces/index.xhtml HTTP/1.1" 200 677
186.84.21.183 - - [14/Jul/2023:06:51:22 -0500] "GET /sipse/faces/javax.faces.resource/theme.css?ln=primefaces-sipse HTTP/1.1" 304 -
186.84.21.183 - - [14/Jul/2023:06:51:23 -0500] "GET /sipse/faces/faces/faces/autenticacion.xhtml HTTP/1.1" 200 12179
186.84.21.183 - - [14/Jul/2023:06:51:23 -0500] "GET /sipse/faces/javax.faces.resource/theme.css?ln=primefaces-sipse HTTP/1.1" 304 -
186.84.21.183 - - [14/Jul/2023:06:51:23 -0500] "GET /sipse/faces/javax.faces.resource/layout/layout.css?ln=primefaces&v=4.0 HTTP/1.1" 200 542
186.84.21.183 - - [14/Jul/2023:06:51:23 -0500] "GET /sipse/faces/javax.faces.resource/jquery/jquery.js?ln=primefaces&v=4.0 HTTP/1.1" 304 -
186.84.21.183 - - [14/Jul/2023:06:51:23 -0500] "GET /sipse/faces/javax.faces.resource/jquery/jquery-plugins.js?ln=primefaces&v=4.0 HTTP/1.1" 304 -
186.84.21.183 - - [14/Jul/2023:06:51:23 -0500] "GET /sipse/faces/javax.faces.resource/primefaces.js?ln=primefaces&v=4.0 HTTP/1.1" 304 -
186.84.21.183 - - [14/Jul/2023:06:51:23 -0500] "GET /sipse/faces/javax.faces.resource/layout/layout.js?ln=primefaces&v=4.0 HTTP/1.1" 304 -
186.84.21.183 - - [14/Jul/2023:06:51:23 -0500] "GET /sipse/faces/javax.faces.resource/primefaces.css?ln=primefaces&v=4.0 HTTP/1.1" 200 53295
186.84.21.183 - - [14/Jul/2023:06:51:23 -0500] "GET /sipse/faces/javax.faces.resource/images/ui-icons_898989_256x240.png?ln=primefaces-aristo HTTP/1.1" 304 -
186.84.21.183 - - [14/Jul/2023:06:51:25 -0500] "POST /sipse/faces/autenticacion.xhtml HTTP/1.1" 200 11158
186.84.21.183 - - [14/Jul/2023:06:51:25 -0500] "GET /sipse/css/custom_css_sg_prime.css HTTP/1.1" 200 5201
186.84.21.183 - - [14/Jul/2023:06:51:25 -0500] "GET /sipse/faces/javax.faces.resource/jquery/jquery.js?ln=primefaces&v=4.0 HTTP/1.1" 304 -
186.84.21.183 - - [14/Jul/2023:06:51:25 -0500] "GET /sipse/faces/javax.faces.resource/jquery/jquery-plugins.js?ln=primefaces&v=4.0 HTTP/1.1" 304 -
186.84.21.183 - - [14/Jul/2023:06:51:25 -0500] "GET /sipse/faces/javax.faces.resource/primefaces.js?ln=primefaces&v=4.0 HTTP/1.1" 304 -
186.84.21.183 - - [14/Jul/2023:06:51:26 -0500] "GET /sipse/faces/javax.faces.resource/layout/layout.js?ln=primefaces&v=4.0 HTTP/1.1" 304 -
186.84.21.183 - - [14/Jul/2023:06:51:26 -0500] "GET /sipse/faces/javax.faces.resource/messages/messages.png?ln=primefaces&v=4.0 HTTP/1.1" 200 27209
186.84.21.183 - - [14/Jul/2023:06:51:29 -0500] "POST /sipse/faces/presentacion/sistema/seguridad/seleccionRol.xhtml HTTP/1.1" 200 5865
186.84.21.183 - - [14/Jul/2023:06:51:30 -0500] "GET /sipse/faces/javax.faces.resource/images/ui-bg_flat_0_2d5972_40x100.png?ln=primefaces-aristo HTTP/1.1" 200 183
186.84.21.183 - - [14/Jul/2023:06:51:31 -0500] "POST /sipse/faces/presentacion/sistema/seguridad/seleccionRol.xhtml HTTP/1.1" 200 16347
186.84.21.183 - - [14/Jul/2023:06:51:31 -0500] "GET /sipse/js/jquery.min.js HTTP/1.1" 200 85582
186.84.21.183 - - [14/Jul/2023:06:51:32 -0500] "GET /sipse/faces/javax.faces.resource/jquery/jquery.js?ln=primefaces&v=4.0 HTTP/1.1" 304 -
186.84.21.183 - - [14/Jul/2023:06:51:32 -0500] "GET /sipse/faces/javax.faces.resource/jquery/jquery-plugins.js?ln=primefaces&v=4.0 HTTP/1.1" 304 -
128.199.204.232 - - [14/Jul/2023:06:51:16 -0500] "GET / HTTP/1.1" 200 319
186.84.21.183 - - [14/Jul/2023:06:51:32 -0500] "GET /sipse/faces/javax.faces.resource/primefaces.js?ln=primefaces&v=4.0 HTTP/1.1" 304 -
186.84.21.183 - - [14/Jul/2023:06:51:32 -0500] "GET /sipse/faces/javax.faces.resource/layout/layout.js?ln=primefaces&v=4.0 HTTP/1.1" 304 -
186.84.21.183 - - [14/Jul/2023:06:51:32 -0500] "GET /sipse/css/v_mergente.css HTTP/1.1" 200 1505
186.84.21.183 - - [14/Jul/2023:06:51:32 -0500] "GET /sipse/imagenes/cargando.gif HTTP/1.1" 200 36959
186.84.21.183 - - [14/Jul/2023:06:51:32 -0500] "GET /sipse/css/imagen/contrasena.png HTTP/1.1" 404 383
186.84.21.183 - - [14/Jul/2023:06:51:32 -0500] "GET /sipse/imagenes/logoAplicacion.jpg HTTP/1.1" 200 155084
186.84.21.183 - - [14/Jul/2023:06:51:35 -0500] "POST /sipse/faces/bienvenido.xhtml HTTP/1.1" 200 2060
186.84.21.183 - - [14/Jul/2023:06:51:37 -0500] "POST /sipse/faces/bienvenido.xhtml HTTP/1.1" 200 6185
186.84.21.183 - - [14/Jul/2023:06:51:42 -0500] "POST /sipse/faces/bienvenido.xhtml HTTP/1.1" 200 32184
186.84.21.183 - - [14/Jul/2023:06:51:42 -0500] "GET /sipse/faces/javax.faces.resource/jquery/jquery.js?ln=primefaces&v=4.0 HTTP/1.1" 304 -
186.84.21.183 - - [14/Jul/2023:06:51:43 -0500] "GET /sipse/faces/javax.faces.resource/jquery/jquery-plugins.js?ln=primefaces&v=4.0 HTTP/1.1" 304 -
186.84.21.183 - - [14/Jul/2023:06:51:43 -0500] "GET /sipse/faces/javax.faces.resource/primefaces.js?ln=primefaces&v=4.0 HTTP/1.1" 304 -
186.84.21.183 - - [14/Jul/2023:06:51:43 -0500] "GET /sipse/faces/javax.faces.resource/layout/layout.js?ln=primefaces&v=4.0 HTTP/1.1" 304 -
128.199.204.232 - - [14/Jul/2023:06:51:32 -0500] "GET /wp-includes/wlwmanifest.xml HTTP/1.1" 404 1022
186.84.21.183 - - [14/Jul/2023:06:51:48 -0500] "POST /sipse/faces/presentacion/sistema/reporte/listarReportes.xhtml HTTP/1.1" 200 23462
186.84.21.183 - - [14/Jul/2023:06:51:48 -0500] "GET /sipse/faces/javax.faces.resource/theme.css?ln=primefaces-sipse HTTP/1.1" 304 -
186.84.21.183 - - [14/Jul/2023:06:51:48 -0500] "GET /sipse/faces/javax.faces.resource/jquery/jquery.js?ln=primefaces&v=4.0 HTTP/1.1" 304 -
186.84.21.183 - - [14/Jul/2023:06:51:48 -0500] "GET /sipse/faces/javax.faces.resource/layout/layout.css?ln=primefaces&v=4.0 HTTP/1.1" 200 542
186.84.21.183 - - [14/Jul/2023:06:51:48 -0500] "GET /sipse/faces/javax.faces.resource/layout/layout.js?ln=primefaces&v=4.0 HTTP/1.1" 304 -
186.84.21.183 - - [14/Jul/2023:06:51:48 -0500] "GET /sipse/faces/javax.faces.resource/primefaces.js?ln=primefaces&v=4.0 HTTP/1.1" 304 -
186.84.21.183 - - [14/Jul/2023:06:51:48 -0500] "GET /sipse/faces/javax.faces.resource/jquery/jquery-plugins.js?ln=primefaces&v=4.0 HTTP/1.1" 304 -
186.84.21.183 - - [14/Jul/2023:06:51:48 -0500] "GET /sipse/faces/javax.faces.resource/primefaces.css?ln=primefaces&v=4.0 HTTP/1.1" 200 53295
186.84.21.183 - - [14/Jul/2023:06:51:49 -0500] "GET /sipse/faces/javax.faces.resource/images/ui-icons_898989_256x240.png?ln=primefaces-aristo HTTP/1.1" 304 -
66.249.70.196 - - [14/Jul/2023:06:51:53 -0500] "-" 408 -
128.199.204.232 - - [14/Jul/2023:06:51:49 -0500] "GET /xmlrpc.php?rsd HTTP/1.1" 404 1022
128.199.204.232 - - [14/Jul/2023:06:52:05 -0500] "GET / HTTP/1.1" 200 319
128.199.204.232 - - [14/Jul/2023:06:52:21 -0500] "GET /blog/wp-includes/wlwmanifest.xml HTTP/1.1" 404 1022
128.199.204.232 - - [14/Jul/2023:06:52:37 -0500] "GET /web/wp-includes/wlwmanifest.xml HTTP/1.1" 404 1022
201.245.192.253 - - [14/Jul/2023:06:52:52 -0500] "POST /kwsrmcab/Wsrmcab  HTTP/1.1" 200 42295
54.151.142.23 - - [14/Jul/2023:06:53:07 -0500] "GET /transparencia/financiera/Desagregado%20con%20modificaciones/? HTTP/1.1" 404 1464
128.199.204.232 - - [14/Jul/2023:06:52:53 -0500] "GET /wordpress/wp-includes/wlwmanifest.xml HTTP/1.1" 404 1022
54.151.142.23 - - [14/Jul/2023:06:53:10 -0500] "GET /transparencia/financiera/Desagregado%20con%20modificaciones/? HTTP/1.1" 404 1464
128.199.204.232 - - [14/Jul/2023:06:53:10 -0500] "GET /website/wp-includes/wlwmanifest.xml HTTP/1.1" 404 1022
52.167.144.28 - - [14/Jul/2023:06:53:29 -0500] "GET /Publicaciones/2023EE124773.pdf HTTP/1.1" 404 228
128.199.204.232 - - [14/Jul/2023:06:53:26 -0500] "GET /wp/wp-includes/wlwmanifest.xml HTTP/1.1" 404 1022
128.199.204.232 - - [14/Jul/2023:06:53:42 -0500] "GET /news/wp-includes/wlwmanifest.xml HTTP/1.1" 404 1022
128.199.204.232 - - [14/Jul/2023:06:53:58 -0500] "GET /2018/wp-includes/wlwmanifest.xml HTTP/1.1" 404 1022
128.199.204.232 - - [14/Jul/2023:06:54:14 -0500] "GET /2019/wp-includes/wlwmanifest.xml HTTP/1.1" 404 1022
186.102.36.19 - - [14/Jul/2023:06:54:38 -0500] "GET /calidad-del-aire-distrito-avanza-unido-por-un-nuevo-aire.html?utm_source=Meta_DIGI&utm_medium=CPMa&utm_campaign=Aire&utm_id=Julio_2023&fbclid=IwAR36LEypPgSSXA8ox99INpFxpz-GlFsYX2yeWQXtF5XzdBayKFx6Zp_MTkI_aem_Aed7ksgqYHYduJFUrdLJmJwxGWD1SpyzHlQ7oT53HFPE27PFo7_l12LpmH4BAlVZBp4cZlnL5GOD2oFdfJDuFyOL HTTP/1.1" 200 783
172.22.2.4 - - [14/Jul/2023:06:53:06 -0500] "HEAD /BLA/boletinlegal/ HTTP/1.1" 200 -
128.199.204.232 - - [14/Jul/2023:06:54:30 -0500] "GET /shop/wp-includes/wlwmanifest.xml HTTP/1.1" 404 1022
170.64.156.198 - - [14/Jul/2023:06:54:52 -0500] "\x16\x03\x01" 400 226
170.64.156.198 - - [14/Jul/2023:06:54:52 -0500] "\x16\x03\x01" 400 226
170.64.156.198 - - [14/Jul/2023:06:54:53 -0500] "GET / HTTP/1.1" 200 319
170.64.156.198 - - [14/Jul/2023:06:54:53 -0500] "GET /client/get_targets HTTP/1.1" 404 1018
170.64.156.198 - - [14/Jul/2023:06:54:54 -0500] "GET /upl.php HTTP/1.1" 404 1018
170.64.156.198 - - [14/Jul/2023:06:54:55 -0500] "\x16\x03\x01" 400 226
170.64.156.198 - - [14/Jul/2023:06:54:55 -0500] "GET / HTTP/1.1" 200 319
128.199.204.232 - - [14/Jul/2023:06:54:47 -0500] "GET /wp1/wp-includes/wlwmanifest.xml HTTP/1.1" 404 1022
173.252.107.116 - - [14/Jul/2023:06:55:12 -0500] "GET /manos-reparadoras-protagonistas-en-la-segunda-feria-de-moda-sostenible.html HTTP/1.1" 200 774
173.252.107.1 - - [14/Jul/2023:06:55:12 -0500] "GET /dia-mundial-del-medio-ambiente-distrito-liberara-animales-silvestres-plantara-arboles-y-desarrollara-actividades-pedagogicas.html HTTP/1.1" 200 856
173.252.107.10 - - [14/Jul/2023:06:55:12 -0500] "GET /manos-reparadoras-protagonistas-en-la-segunda-feria-de-moda-sostenible.html HTTP/1.1" 200 774
173.252.107.3 - - [14/Jul/2023:06:55:12 -0500] "GET /dia-mundial-del-medio-ambiente-distrito-liberara-animales-silvestres-plantara-arboles-y-desarrollara-actividades-pedagogicas.html HTTP/1.1" 200 856
173.252.127.18 - - [14/Jul/2023:06:55:14 -0500] "GET /images/manos-reparadoras-plaza-americas-1.jpg HTTP/1.1" 200 47593
173.252.79.7 - - [14/Jul/2023:06:55:14 -0500] "GET /images/liberacion-animales-silvestres.jpg HTTP/1.1" 200 57397
128.199.204.232 - - [14/Jul/2023:06:55:03 -0500] "GET /test/wp-includes/wlwmanifest.xml HTTP/1.1" 404 1022
128.199.204.232 - - [14/Jul/2023:06:55:19 -0500] "GET /media/wp-includes/wlwmanifest.xml HTTP/1.1" 404 1022
172.22.2.4 - - [14/Jul/2023:06:53:56 -0500] "GET /BLA/boletinlegal/ HTTP/1.1" 200 57272
181.53.12.77 - - [14/Jul/2023:06:55:43 -0500] "GET /calidad-del-aire-distrito-avanza-unido-por-un-nuevo-aire.html?utm_source=Meta_DIGI&utm_medium=CPMa&utm_campaign=Aire&utm_id=Julio_2023&fbclid=IwAR2vEi4ps2WUCDGWbL3HAlJpydeFb92k7w0ycrSoahP3pHyM3zPM10MphB8_aem_ATUrwz8oeNZAZgLWb_7JEZKlS1XLqGmAixcuKKnjNz2TUTIS3lwNWmGN1QbwKsaPPTM_93jxuR9AErr9NRvNsUiv HTTP/1.1" 200 783
128.199.204.232 - - [14/Jul/2023:06:55:35 -0500] "GET /wp2/wp-includes/wlwmanifest.xml HTTP/1.1" 404 1022
216.245.221.92 - - [14/Jul/2023:06:55:53 -0500] "HEAD / HTTP/1.1" 200 -
128.199.204.232 - - [14/Jul/2023:06:55:51 -0500] "GET /site/wp-includes/wlwmanifest.xml HTTP/1.1" 404 1022
128.199.204.232 - - [14/Jul/2023:06:56:08 -0500] "GET /cms/wp-includes/wlwmanifest.xml HTTP/1.1" 404 1022
173.252.107.9 - - [14/Jul/2023:06:56:23 -0500] "GET /inscribete-y-participa-en-las-caminatas-ecologicas-de-marzo.html HTTP/1.1" 200 924
186.86.33.245 - - [14/Jul/2023:06:56:30 -0500] "GET /sipse/faces/index.xhtml HTTP/1.1" 200 677
186.86.33.245 - - [14/Jul/2023:06:56:30 -0500] "GET /sipse/faces/javax.faces.resource/theme.css?ln=primefaces-sipse HTTP/1.1" 304 -
186.86.33.245 - - [14/Jul/2023:06:56:31 -0500] "GET /sipse/js/disable_browser_buttons.js HTTP/1.1" 304 -
186.86.33.245 - - [14/Jul/2023:06:56:31 -0500] "GET /sipse/faces/faces/autenticacion.xhtml HTTP/1.1" 200 12179
186.86.33.245 - - [14/Jul/2023:06:56:31 -0500] "GET /sipse/js/funciones.js HTTP/1.1" 304 -
186.86.33.245 - - [14/Jul/2023:06:56:31 -0500] "GET /sipse/css/custom_css_sg_prime_login.css HTTP/1.1" 304 -
186.86.33.245 - - [14/Jul/2023:06:56:31 -0500] "GET /sipse/faces/javax.faces.resource/jquery/jquery.js?ln=primefaces&v=4.0 HTTP/1.1" 304 -
186.86.33.245 - - [14/Jul/2023:06:56:31 -0500] "GET /sipse/faces/javax.faces.resource/theme.css?ln=primefaces-sipse HTTP/1.1" 304 -
186.86.33.245 - - [14/Jul/2023:06:56:31 -0500] "GET /sipse/faces/javax.faces.resource/layout/layout.css?ln=primefaces&v=4.0 HTTP/1.1" 304 -
186.86.33.245 - - [14/Jul/2023:06:56:31 -0500] "GET /sipse/faces/javax.faces.resource/primefaces.css?ln=primefaces&v=4.0 HTTP/1.1" 304 -
186.86.33.245 - - [14/Jul/2023:06:56:31 -0500] "GET /sipse/faces/javax.faces.resource/jquery/jquery-plugins.js?ln=primefaces&v=4.0 HTTP/1.1" 304 -
186.86.33.245 - - [14/Jul/2023:06:56:31 -0500] "GET /sipse/faces/javax.faces.resource/layout/layout.js?ln=primefaces&v=4.0 HTTP/1.1" 304 -
186.86.33.245 - - [14/Jul/2023:06:56:31 -0500] "GET /sipse/css/custom_css_sg.css HTTP/1.1" 304 -
186.86.33.245 - - [14/Jul/2023:06:56:31 -0500] "GET /sipse/faces/javax.faces.resource/primefaces.js?ln=primefaces&v=4.0 HTTP/1.1" 304 -
186.86.33.245 - - [14/Jul/2023:06:56:31 -0500] "GET /sipse/faces/javax.faces.resource/images/ui-icons_898989_256x240.png?ln=primefaces-aristo HTTP/1.1" 304 -
