172.22.2.4 - - [17/Jul/2023:11:33:15 -0500] "GET /BLA/boletinlegal/consulta_actos.php?tipo=autos&no=5360&usuario=&sector=&fecha=2018&resuelve= HTTP/1.1" 200 626
186.86.33.245 - - [17/Jul/2023:11:33:15 -0500] "POST /sipse/faces/presentacion/financiero/solicitudProceso/listarSolicitudProceso.xhtml HTTP/1.1" 200 1488
172.22.2.4 - - [17/Jul/2023:11:33:22 -0500] "GET /BLA/boletinlegal/consulta_actos.php?tipo=autos&no=5361&usuario=&sector=&fecha=2018&resuelve= HTTP/1.1" 200 626
201.245.192.253 - - [17/Jul/2023:11:33:23 -0500] "POST /sipse/faces/presentacion/financiero/solicitudProceso/listarSolicitudProceso.xhtml HTTP/1.1" 200 25210
172.22.2.4 - - [17/Jul/2023:11:33:29 -0500] "GET /BLA/boletinlegal/consulta_actos.php?tipo=autos&no=5362&usuario=&sector=&fecha=2018&resuelve= HTTP/1.1" 200 1079
201.245.192.253 - - [17/Jul/2023:11:33:33 -0500] "GET /BLA/resoluciones/AUTOS%202018/5362.pdf HTTP/1.1" 200 251980
201.245.192.253 - - [17/Jul/2023:11:33:33 -0500] "GET /BLA/resoluciones/AUTOS%202018/5362.pdf HTTP/1.1" 206 1025
201.245.192.253 - - [17/Jul/2023:11:33:33 -0500] "GET /BLA/resoluciones/AUTOS%202018/5362.pdf HTTP/1.1" 200 251980
172.22.2.4 - - [17/Jul/2023:11:32:00 -0500] "GET /BLA/boletinlegal/ HTTP/1.1" 200 61404
201.245.192.253 - - [17/Jul/2023:11:33:40 -0500] "POST /sipse/faces/presentacion/proyectos/proyecto/presupuesto/presupuestoEntreActividades/resumen.xhtml HTTP/1.1" 200 2528
201.245.192.253 - - [17/Jul/2023:11:33:41 -0500] "POST /sipse/faces/presentacion/proyectos/proyecto/presupuesto/presupuestoEntreActividades/resumen.xhtml HTTP/1.1" 200 2364
201.245.192.253 - - [17/Jul/2023:11:33:43 -0500] "POST /sipse/faces/presentacion/proyectos/proyecto/presupuesto/presupuestoEntreActividades/resumen.xhtml HTTP/1.1" 200 2528
157.55.39.216 - - [17/Jul/2023:11:34:02 -0500] "GET /distrito-firma-siete-nuevos-pagos-por-servicios-ambientales-en-la-ruralidad-de-bogota-ya-van-mas-de-1100-hectareas.html HTTP/1.1" 200 853
162.55.165.184 - - [17/Jul/2023:11:34:08 -0500] "GET / HTTP/1.1" 200 4720
191.156.180.160 - - [17/Jul/2023:11:34:08 -0500] "GET /sipse/faces/index.xhtml HTTP/1.1" 200 677
191.156.180.160 - - [17/Jul/2023:11:34:09 -0500] "GET /sipse/faces/javax.faces.resource/theme.css?ln=primefaces-sipse HTTP/1.1" 304 -
191.156.180.160 - - [17/Jul/2023:11:34:09 -0500] "GET /sipse/faces/faces/autenticacion.xhtml HTTP/1.1" 200 12187
191.156.181.76 - - [17/Jul/2023:11:34:09 -0500] "GET /sipse/faces/javax.faces.resource/theme.css?ln=primefaces-sipse HTTP/1.1" 304 -
191.156.191.66 - - [17/Jul/2023:11:34:09 -0500] "GET /sipse/faces/javax.faces.resource/primefaces.css?ln=primefaces&v=4.0 HTTP/1.1" 304 -
191.156.178.196 - - [17/Jul/2023:11:34:09 -0500] "GET /sipse/faces/javax.faces.resource/layout/layout.css?ln=primefaces&v=4.0 HTTP/1.1" 304 -
191.156.180.160 - - [17/Jul/2023:11:34:09 -0500] "GET /sipse/faces/javax.faces.resource/jquery/jquery-plugins.js?ln=primefaces&v=4.0 HTTP/1.1" 304 -
191.156.186.1 - - [17/Jul/2023:11:34:09 -0500] "GET /sipse/faces/javax.faces.resource/layout/layout.js?ln=primefaces&v=4.0 HTTP/1.1" 304 -
191.156.180.160 - - [17/Jul/2023:11:34:09 -0500] "GET /sipse/faces/javax.faces.resource/jquery/jquery.js?ln=primefaces&v=4.0 HTTP/1.1" 304 -
172.22.2.4 - - [17/Jul/2023:11:34:09 -0500] "GET /BLA/boletinlegal/images/body_bg.jpg HTTP/1.1" 200 1601
172.22.2.4 - - [17/Jul/2023:11:34:09 -0500] "GET /BLA/boletinlegal/images/menu_lft.gif HTTP/1.1" 200 1713
172.22.2.4 - - [17/Jul/2023:11:34:09 -0500] "GET /BLA/boletinlegal/images/menu_rght.gif HTTP/1.1" 200 1627
191.156.191.66 - - [17/Jul/2023:11:34:09 -0500] "GET /sipse/faces/javax.faces.resource/primefaces.js?ln=primefaces&v=4.0 HTTP/1.1" 304 -
172.22.2.4 - - [17/Jul/2023:11:34:09 -0500] "GET /BLA/boletinlegal/images/bg_top.jpg HTTP/1.1" 200 522
172.22.2.4 - - [17/Jul/2023:11:34:09 -0500] "GET /BLA/boletinlegal/images/menu_bg.jpg HTTP/1.1" 200 620
172.22.2.4 - - [17/Jul/2023:11:34:09 -0500] "GET /BLA/boletinlegal/images/text.jpg HTTP/1.1" 200 568
172.22.2.4 - - [17/Jul/2023:11:34:09 -0500] "GET /BLA/boletinlegal/images/footer_bg.jpg HTTP/1.1" 200 586
172.22.2.4 - - [17/Jul/2023:11:34:09 -0500] "GET /BLA/boletinlegal/images/hover.jpg HTTP/1.1" 200 640
172.22.2.4 - - [17/Jul/2023:11:34:09 -0500] "GET /BLA/boletinlegal/favicon.ico HTTP/1.1" 404 1308
191.156.181.76 - - [17/Jul/2023:11:34:10 -0500] "GET /sipse/faces/javax.faces.resource/images/ui-icons_898989_256x240.png?ln=primefaces-aristo HTTP/1.1" 304 -
201.245.192.253 - - [17/Jul/2023:11:34:11 -0500] "POST /sipse/faces/presentacion/proyectos/proyecto/presupuesto/presupuestoEntreActividades/resumen.xhtml HTTP/1.1" 200 65014
201.245.192.253 - - [17/Jul/2023:11:34:13 -0500] "GET /sipse/faces/javax.faces.resource/jquery/jquery.js?ln=primefaces&v=4.0 HTTP/1.1" 304 -
201.245.192.253 - - [17/Jul/2023:11:34:13 -0500] "GET /sipse/faces/javax.faces.resource/jquery/jquery-plugins.js?ln=primefaces&v=4.0 HTTP/1.1" 304 -
201.245.192.253 - - [17/Jul/2023:11:34:13 -0500] "GET /sipse/faces/javax.faces.resource/primefaces.js?ln=primefaces&v=4.0 HTTP/1.1" 304 -
201.245.192.253 - - [17/Jul/2023:11:34:14 -0500] "GET /sipse/faces/javax.faces.resource/layout/layout.js?ln=primefaces&v=4.0 HTTP/1.1" 304 -
201.245.192.253 - - [17/Jul/2023:11:34:14 -0500] "POST /sipse/faces/presentacion/proyectos/proyecto/proyecto.xhtml HTTP/1.1" 200 3417
191.156.181.76 - - [17/Jul/2023:11:34:16 -0500] "POST /sipse/faces/autenticacion.xhtml HTTP/1.1" 200 2225
191.156.181.76 - - [17/Jul/2023:11:34:16 -0500] "GET /sipse/faces/javax.faces.resource/messages/messages.png?ln=primefaces&v=4.0 HTTP/1.1" 304 -
191.156.181.76 - - [17/Jul/2023:11:34:18 -0500] "POST /sipse/faces/autenticacion.xhtml HTTP/1.1" 200 16372
191.156.181.76 - - [17/Jul/2023:11:34:19 -0500] "GET /sipse/faces/javax.faces.resource/theme.css?ln=primefaces-sipse HTTP/1.1" 304 -
191.156.177.175 - - [17/Jul/2023:11:34:19 -0500] "GET /sipse/faces/javax.faces.resource/primefaces.css?ln=primefaces&v=4.0 HTTP/1.1" 304 -
191.156.186.1 - - [17/Jul/2023:11:34:19 -0500] "GET /sipse/faces/javax.faces.resource/layout/layout.css?ln=primefaces&v=4.0 HTTP/1.1" 304 -
191.156.177.175 - - [17/Jul/2023:11:34:19 -0500] "GET /sipse/faces/javax.faces.resource/jquery/jquery.js?ln=primefaces&v=4.0 HTTP/1.1" 304 -
191.156.177.175 - - [17/Jul/2023:11:34:19 -0500] "GET /sipse/faces/javax.faces.resource/jquery/jquery-plugins.js?ln=primefaces&v=4.0 HTTP/1.1" 304 -
191.156.177.175 - - [17/Jul/2023:11:34:20 -0500] "GET /sipse/faces/javax.faces.resource/primefaces.js?ln=primefaces&v=4.0 HTTP/1.1" 304 -
191.156.177.175 - - [17/Jul/2023:11:34:20 -0500] "GET /sipse/faces/javax.faces.resource/layout/layout.js?ln=primefaces&v=4.0 HTTP/1.1" 304 -
191.156.177.175 - - [17/Jul/2023:11:34:20 -0500] "GET /sipse/css/imagen/contrasena.png HTTP/1.1" 404 383
186.84.22.253 - - [17/Jul/2023:11:34:20 -0500] "GET /galeria/galeria/jquery.fancybox.css?v=2.1.5 HTTP/1.1" 200 4895
186.84.22.253 - - [17/Jul/2023:11:34:20 -0500] "GET /galeria/galeria/jquery.fancybox.js?v=2.1.5 HTTP/1.1" 200 48706
186.84.22.253 - - [17/Jul/2023:11:34:20 -0500] "GET /BLA/boletinlegal/js/jquery.scrollShow.js HTTP/1.1" 200 4586
186.84.22.253 - - [17/Jul/2023:11:34:21 -0500] "GET /autoliquidacion2020 HTTP/1.1" 301 250
186.84.22.253 - - [17/Jul/2023:11:34:21 -0500] "GET /autoliquidacion2020/ HTTP/1.1" 200 6146
186.84.22.253 - - [17/Jul/2023:11:34:22 -0500] "GET /autoliquidacion2020/dlf/styles.css HTTP/1.1" 200 3045
186.84.22.253 - - [17/Jul/2023:11:34:22 -0500] "GET /autoliquidacion2020/dlf/folder.png HTTP/1.1" 200 410
186.84.22.253 - - [17/Jul/2023:11:34:22 -0500] "GET /autoliquidacion2020/dlf/bg.gif HTTP/1.1" 200 54
191.156.177.175 - - [17/Jul/2023:11:34:24 -0500] "GET /sipse/faces/javax.faces.resource/images/ui-bg_flat_0_2d5972_40x100.png?ln=primefaces-aristo HTTP/1.1" 304 -
191.156.190.14 - - [17/Jul/2023:11:34:24 -0500] "POST /sipse/faces/bienvenido.xhtml HTTP/1.1" 200 2658
201.245.192.253 - - [17/Jul/2023:11:34:22 -0500] "POST /sipse/faces/presentacion/proyectos/proyecto/proyecto.xhtml HTTP/1.1" 200 45277
201.245.192.253 - - [17/Jul/2023:11:34:25 -0500] "POST /sipse/faces/presentacion/proyectos/proyecto/proyecto.xhtml HTTP/1.1" 200 3997
191.156.190.14 - - [17/Jul/2023:11:34:27 -0500] "POST /sipse/faces/bienvenido.xhtml HTTP/1.1" 200 33029
191.156.190.14 - - [17/Jul/2023:11:34:28 -0500] "GET /sipse/faces/javax.faces.resource/theme.css?ln=primefaces-sipse HTTP/1.1" 304 -
191.156.177.175 - - [17/Jul/2023:11:34:28 -0500] "GET /sipse/faces/javax.faces.resource/primefaces.css?ln=primefaces&v=4.0 HTTP/1.1" 304 -
191.156.176.50 - - [17/Jul/2023:11:34:28 -0500] "GET /sipse/faces/javax.faces.resource/jquery/jquery.js?ln=primefaces&v=4.0 HTTP/1.1" 304 -
191.156.190.14 - - [17/Jul/2023:11:34:28 -0500] "GET /sipse/faces/javax.faces.resource/layout/layout.css?ln=primefaces&v=4.0 HTTP/1.1" 304 -
191.156.176.50 - - [17/Jul/2023:11:34:28 -0500] "GET /sipse/faces/javax.faces.resource/jquery/jquery-plugins.js?ln=primefaces&v=4.0 HTTP/1.1" 304 -
191.156.176.50 - - [17/Jul/2023:11:34:28 -0500] "GET /sipse/faces/javax.faces.resource/primefaces.js?ln=primefaces&v=4.0 HTTP/1.1" 304 -
191.156.176.50 - - [17/Jul/2023:11:34:28 -0500] "GET /sipse/faces/javax.faces.resource/layout/layout.js?ln=primefaces&v=4.0 HTTP/1.1" 304 -
191.156.176.50 - - [17/Jul/2023:11:34:29 -0500] "POST /sipse/faces/presentacion/financiero/solicitudProceso/listarSolicitudProceso.xhtml HTTP/1.1" 200 1376
201.245.192.253 - - [17/Jul/2023:11:34:29 -0500] "POST /sipse/faces/presentacion/proyectos/proyecto/proyecto.xhtml HTTP/1.1" 200 73488
191.156.178.196 - - [17/Jul/2023:11:34:33 -0500] "POST /sipse/faces/presentacion/financiero/solicitudProceso/listarSolicitudProceso.xhtml HTTP/1.1" 200 2685
191.156.178.196 - - [17/Jul/2023:11:34:35 -0500] "POST /sipse/faces/presentacion/financiero/solicitudProceso/listarSolicitudProceso.xhtml HTTP/1.1" 200 40735
191.156.178.196 - - [17/Jul/2023:11:34:35 -0500] "GET /sipse/faces/javax.faces.resource/theme.css?ln=primefaces-sipse HTTP/1.1" 304 -
191.156.180.160 - - [17/Jul/2023:11:34:35 -0500] "GET /sipse/faces/javax.faces.resource/jquery/jquery.js?ln=primefaces&v=4.0 HTTP/1.1" 304 -
191.156.184.32 - - [17/Jul/2023:11:34:35 -0500] "GET /sipse/faces/javax.faces.resource/primefaces.css?ln=primefaces&v=4.0 HTTP/1.1" 304 -
191.156.176.50 - - [17/Jul/2023:11:34:35 -0500] "GET /sipse/faces/javax.faces.resource/layout/layout.css?ln=primefaces&v=4.0 HTTP/1.1" 304 -
191.156.180.160 - - [17/Jul/2023:11:34:36 -0500] "GET /sipse/faces/javax.faces.resource/jquery/jquery-plugins.js?ln=primefaces&v=4.0 HTTP/1.1" 304 -
191.156.180.160 - - [17/Jul/2023:11:34:36 -0500] "GET /sipse/faces/javax.faces.resource/primefaces.js?ln=primefaces&v=4.0 HTTP/1.1" 304 -
191.156.180.160 - - [17/Jul/2023:11:34:36 -0500] "GET /sipse/faces/javax.faces.resource/layout/layout.js?ln=primefaces&v=4.0 HTTP/1.1" 304 -
191.156.180.160 - - [17/Jul/2023:11:34:36 -0500] "POST /sipse/faces/presentacion/financiero/solicitudProceso/consultar.xhtml HTTP/1.1" 200 34149
201.244.111.27 - - [17/Jul/2023:11:34:38 -0500] "POST /sipse/faces/presentacion/financiero/solicitudProceso/consultarSolicitudProceso.xhtml HTTP/1.1" 200 68331
201.244.111.27 - - [17/Jul/2023:11:34:39 -0500] "GET /sipse/faces/javax.faces.resource/theme.css?ln=primefaces-sipse HTTP/1.1" 304 -
201.244.111.27 - - [17/Jul/2023:11:34:39 -0500] "GET /sipse/faces/javax.faces.resource/layout/layout.css?ln=primefaces&v=4.0 HTTP/1.1" 304 -
201.244.111.27 - - [17/Jul/2023:11:34:39 -0500] "GET /sipse/faces/javax.faces.resource/primefaces.css?ln=primefaces&v=4.0 HTTP/1.1" 304 -
201.244.111.27 - - [17/Jul/2023:11:34:39 -0500] "GET /sipse/faces/javax.faces.resource/jquery/jquery.js?ln=primefaces&v=4.0 HTTP/1.1" 304 -
201.244.111.27 - - [17/Jul/2023:11:34:39 -0500] "GET /sipse/faces/javax.faces.resource/jquery/jquery-plugins.js?ln=primefaces&v=4.0 HTTP/1.1" 304 -
201.244.111.27 - - [17/Jul/2023:11:34:39 -0500] "GET /sipse/faces/javax.faces.resource/primefaces.js?ln=primefaces&v=4.0 HTTP/1.1" 304 -
201.244.111.27 - - [17/Jul/2023:11:34:39 -0500] "GET /sipse/faces/javax.faces.resource/layout/layout.js?ln=primefaces&v=4.0 HTTP/1.1" 304 -
201.244.111.27 - - [17/Jul/2023:11:34:39 -0500] "GET /sipse/faces/javax.faces.resource/images/ui-icons_898989_256x240.png?ln=primefaces-aristo HTTP/1.1" 304 -
201.244.111.27 - - [17/Jul/2023:11:34:40 -0500] "GET /sipse/faces/javax.faces.resource/images/ui-bg_flat_0_2d5972_40x100.png?ln=primefaces-aristo HTTP/1.1" 304 -
172.22.2.4 - - [17/Jul/2023:11:34:40 -0500] "GET /BLA/boletinlegal/consulta_actos.php?tipo=autos&no=5363&usuario=&sector=&fecha=2018&resuelve= HTTP/1.1" 200 626
201.244.111.27 - - [17/Jul/2023:11:34:40 -0500] "POST /sipse/faces/presentacion/financiero/solicitudProceso/listarSolicitudProceso.xhtml HTTP/1.1" 200 1556
186.84.22.253 - - [17/Jul/2023:11:34:40 -0500] "GET /autoliquidacion2020/index.php?dir=Grupo+Forestal+-+Silvicultura%2F HTTP/1.1" 200 2799
186.84.22.253 - - [17/Jul/2023:11:34:40 -0500] "GET /autoliquidacion2020/dlf/dirup.png HTTP/1.1" 200 644
186.84.22.253 - - [17/Jul/2023:11:34:41 -0500] "GET /autoliquidacion2020/dlf/html.gif HTTP/1.1" 200 632
201.244.111.27 - - [17/Jul/2023:11:34:40 -0500] "POST /sipse/faces/presentacion/financiero/solicitudProceso/listarSolicitudProceso.xhtml HTTP/1.1" 200 1556
201.244.111.27 - - [17/Jul/2023:11:34:43 -0500] "POST /sipse/faces/presentacion/financiero/solicitudProceso/listarSolicitudProceso.xhtml HTTP/1.1" 200 16589
172.22.2.4 - - [17/Jul/2023:11:34:45 -0500] "GET /BLA/boletinlegal/consulta_actos.php?tipo=autos&no=5363&usuario=&sector=&fecha=2018&resuelve= HTTP/1.1" 200 626
186.84.22.253 - - [17/Jul/2023:11:34:45 -0500] "GET /autoliquidacion2020/index.php?dir=Grupo+Forestal+-+Silvicultura%2FControl+y+Seguimiento+a+las+Actividades+Silviculturales%2F HTTP/1.1" 200 3539
186.84.22.253 - - [17/Jul/2023:11:34:45 -0500] "GET /autoliquidacion2020/dlf/xls.gif HTTP/1.1" 200 636
186.84.22.253 - - [17/Jul/2023:11:34:45 -0500] "GET /autoliquidacion2020/dlf/unknown.png HTTP/1.1" 200 266
201.244.111.27 - - [17/Jul/2023:11:34:48 -0500] "POST /sipse/faces/presentacion/financiero/solicitudProceso/listarSolicitudProceso.xhtml HTTP/1.1" 200 32065
172.22.2.4 - - [17/Jul/2023:11:34:48 -0500] "GET /BLA/boletinlegal/consulta_actos.php?tipo=autos&no=5363&usuario=&sector=&fecha=2018&resuelve= HTTP/1.1" 200 626
186.84.22.253 - - [17/Jul/2023:11:34:53 -0500] "GET /autoliquidacion2020/index.php?dir=Licencia+Ambiental%2F HTTP/1.1" 200 4260
186.84.22.253 - - [17/Jul/2023:11:34:53 -0500] "GET /autoliquidacion2020/dlf/pdf.gif HTTP/1.1" 200 272
186.84.22.253 - - [17/Jul/2023:11:34:53 -0500] "GET /autoliquidacion2020/dlf/doc.gif HTTP/1.1" 200 1079
191.156.181.76 - - [17/Jul/2023:11:34:54 -0500] "POST /sipse/faces/presentacion/financiero/solicitudProceso/consultar.xhtml HTTP/1.1" 200 13029
191.156.184.32 - - [17/Jul/2023:11:35:02 -0500] "POST /sipse/faces/presentacion/financiero/solicitudProceso/consultar.xhtml HTTP/1.1" 200 165351
191.156.184.32 - - [17/Jul/2023:11:35:04 -0500] "GET /sipse/faces/javax.faces.resource/theme.css?ln=primefaces-sipse HTTP/1.1" 304 -
191.156.176.50 - - [17/Jul/2023:11:35:04 -0500] "GET /sipse/faces/javax.faces.resource/primefaces.css?ln=primefaces&v=4.0 HTTP/1.1" 304 -
191.156.177.115 - - [17/Jul/2023:11:35:04 -0500] "GET /sipse/faces/javax.faces.resource/layout/layout.css?ln=primefaces&v=4.0 HTTP/1.1" 304 -
191.156.184.32 - - [17/Jul/2023:11:35:04 -0500] "GET /sipse/faces/javax.faces.resource/jquery/jquery.js?ln=primefaces&v=4.0 HTTP/1.1" 304 -
191.156.177.115 - - [17/Jul/2023:11:35:04 -0500] "GET /sipse/faces/javax.faces.resource/jquery/jquery-plugins.js?ln=primefaces&v=4.0 HTTP/1.1" 304 -
191.156.177.115 - - [17/Jul/2023:11:35:04 -0500] "GET /sipse/faces/javax.faces.resource/primefaces.js?ln=primefaces&v=4.0 HTTP/1.1" 304 -
191.156.177.115 - - [17/Jul/2023:11:35:04 -0500] "GET /sipse/faces/javax.faces.resource/layout/layout.js?ln=primefaces&v=4.0 HTTP/1.1" 304 -
201.245.192.253 - - [17/Jul/2023:11:35:01 -0500] "POST /sipse/faces/presentacion/proyectos/proyecto/proyecto.xhtml HTTP/1.1" 200 53013
191.156.177.115 - - [17/Jul/2023:11:35:05 -0500] "GET /sipse/faces/javax.faces.resource/dynamiccontent.properties?ln=primefaces&pfdrid=XjOR5%2F%2FfPAZAuY9TpWQeCiM0BhlXxYRBGKi%2FQcXXfeA%3D&pfdrid_c=false HTTP/1.1" 500 383
172.22.2.4 - - [17/Jul/2023:11:35:09 -0500] "GET /BLA/boletinlegal/consulta_actos.php?tipo=autos&no=5364&usuario=&sector=&fecha=2018&resuelve= HTTP/1.1" 200 626
172.22.2.4 - - [17/Jul/2023:11:35:10 -0500] "GET /BLA/boletinlegal/consulta_actos.php?tipo=autos&no=5363&usuario=&sector=&fecha=2018&resuelve= HTTP/1.1" 200 626
186.84.22.253 - - [17/Jul/2023:11:35:11 -0500] "GET /autoliquidacion2020/index.php?dir=Grupo+Forestal+-+Silvicultura%2F HTTP/1.1" 200 2799
172.22.2.4 - - [17/Jul/2023:11:35:15 -0500] "GET /BLA/boletinlegal/consulta_actos.php?tipo=autos&no=5364&usuario=&sector=&fecha=2018&resuelve= HTTP/1.1" 200 626
186.84.22.253 - - [17/Jul/2023:11:35:15 -0500] "GET /autoliquidacion2020/index.php?dir=Grupo+Forestal+-+Silvicultura%2FControl+y+Seguimiento+a+las+Actividades+Silviculturales%2F HTTP/1.1" 200 3539
172.22.2.4 - - [17/Jul/2023:11:35:15 -0500] "GET /BLA/boletinlegal/consulta_actos.php?tipo=autos&no=5364&usuario=&sector=&fecha=2018&resuelve= HTTP/1.1" 200 626
172.22.2.4 - - [17/Jul/2023:11:35:16 -0500] "GET /BLA/boletinlegal/consulta_actos.php?tipo=autos&no=5364&usuario=&sector=&fecha=2018&resuelve= HTTP/1.1" 200 626
186.84.22.253 - - [17/Jul/2023:11:35:23 -0500] "GET /autoliquidacion2020/index.php?dir=Grupo+Forestal+-+Silvicultura%2FPermiso+o+autorizaci%F3n+para+aprovechamiento+forestal+de+%E1rboles+aislados%2F HTTP/1.1" 200 3777
172.22.2.4 - - [17/Jul/2023:11:35:25 -0500] "GET /BLA/boletinlegal/consulta_actos.php?tipo=autos&no=5365&usuario=&sector=&fecha=2018&resuelve= HTTP/1.1" 200 626
201.245.192.253 - - [17/Jul/2023:11:35:22 -0500] "POST /kwsrmcab/Wsrmcab  HTTP/1.1" 200 42295
172.22.2.4 - - [17/Jul/2023:11:35:26 -0500] "GET /BLA/boletinlegal/consulta_actos.php?tipo=autos&no=5365&usuario=&sector=&fecha=2018&resuelve= HTTP/1.1" 200 626
172.22.2.4 - - [17/Jul/2023:11:35:27 -0500] "GET /BLA/boletinlegal/consulta_actos.php?tipo=autos&no=5365&usuario=&sector=&fecha=2018&resuelve= HTTP/1.1" 200 626
172.22.2.4 - - [17/Jul/2023:11:35:27 -0500] "GET /BLA/boletinlegal/consulta_actos.php?tipo=autos&no=5365&usuario=&sector=&fecha=2018&resuelve= HTTP/1.1" 200 626
172.22.2.4 - - [17/Jul/2023:11:35:27 -0500] "GET /BLA/boletinlegal/consulta_actos.php?tipo=autos&no=5365&usuario=&sector=&fecha=2018&resuelve= HTTP/1.1" 200 626
190.217.54.222 - - [17/Jul/2023:11:35:32 -0500] "POST /sipse/faces/presentacion/financiero/solicitudProceso/consultarSolicitudProceso.xhtml HTTP/1.1" 200 52463
190.217.54.222 - - [17/Jul/2023:11:35:34 -0500] "GET /sipse/faces/javax.faces.resource/theme.css?ln=primefaces-sipse HTTP/1.1" 304 -
190.217.54.222 - - [17/Jul/2023:11:35:34 -0500] "GET /sipse/faces/javax.faces.resource/primefaces.css?ln=primefaces&v=4.0 HTTP/1.1" 304 -
190.217.54.222 - - [17/Jul/2023:11:35:34 -0500] "GET /sipse/faces/javax.faces.resource/layout/layout.css?ln=primefaces&v=4.0 HTTP/1.1" 304 -
190.217.54.222 - - [17/Jul/2023:11:35:34 -0500] "GET /sipse/faces/javax.faces.resource/jquery/jquery.js?ln=primefaces&v=4.0 HTTP/1.1" 304 -
186.84.22.253 - - [17/Jul/2023:11:35:34 -0500] "GET /autoliquidacion2020/index.php?dir=Solicitud+de+expedici%F3n+de+certificados+de+estado+de+conservaci%F3n+ambiental+%28CECA%29%2F HTTP/1.1" 200 3775
190.217.54.222 - - [17/Jul/2023:11:35:35 -0500] "GET /sipse/faces/javax.faces.resource/jquery/jquery-plugins.js?ln=primefaces&v=4.0 HTTP/1.1" 304 -
190.217.54.222 - - [17/Jul/2023:11:35:36 -0500] "GET /sipse/faces/javax.faces.resource/primefaces.js?ln=primefaces&v=4.0 HTTP/1.1" 304 -
190.217.54.222 - - [17/Jul/2023:11:35:36 -0500] "GET /sipse/faces/javax.faces.resource/layout/layout.js?ln=primefaces&v=4.0 HTTP/1.1" 304 -
190.217.54.222 - - [17/Jul/2023:11:35:38 -0500] "POST /sipse/faces/presentacion/financiero/solicitudProceso/listarSolicitudProceso.xhtml HTTP/1.1" 200 45860
172.22.2.4 - - [17/Jul/2023:11:35:39 -0500] "GET /BLA/boletinlegal/consulta_actos.php?tipo=autos&no=5366&usuario=&sector=&fecha=2018&resuelve= HTTP/1.1" 200 626
190.217.54.222 - - [17/Jul/2023:11:35:39 -0500] "POST /sipse/faces/presentacion/financiero/solicitudProceso/listarSolicitudProceso.xhtml HTTP/1.1" 200 45860
190.217.54.222 - - [17/Jul/2023:11:35:40 -0500] "POST /sipse/faces/presentacion/financiero/solicitudProceso/listarSolicitudProceso.xhtml HTTP/1.1" 200 45860
190.217.54.222 - - [17/Jul/2023:11:35:40 -0500] "POST /sipse/faces/presentacion/financiero/solicitudProceso/listarSolicitudProceso.xhtml HTTP/1.1" 200 45860
172.22.2.4 - - [17/Jul/2023:11:35:41 -0500] "GET /BLA/boletinlegal/consulta_actos.php?tipo=autos&no=5366&usuario=&sector=&fecha=2018&resuelve= HTTP/1.1" 200 626
191.156.176.50 - - [17/Jul/2023:11:35:23 -0500] "POST /sipse/faces/presentacion/financiero/solicitudProceso/consultarSolicitudProceso.xhtml HTTP/1.1" 200 23831
191.156.176.50 - - [17/Jul/2023:11:35:41 -0500] "GET /sipse/faces/javax.faces.resource/theme.css?ln=primefaces-sipse HTTP/1.1" 304 -
190.217.54.222 - - [17/Jul/2023:11:35:41 -0500] "POST /sipse/faces/presentacion/financiero/solicitudProceso/listarSolicitudProceso.xhtml HTTP/1.1" 200 45860
191.156.176.50 - - [17/Jul/2023:11:35:41 -0500] "GET /sipse/faces/javax.faces.resource/layout/layout.css?ln=primefaces&v=4.0 HTTP/1.1" 304 -
191.156.181.76 - - [17/Jul/2023:11:35:41 -0500] "GET /sipse/faces/javax.faces.resource/jquery/jquery-plugins.js?ln=primefaces&v=4.0 HTTP/1.1" 304 -
191.156.180.160 - - [17/Jul/2023:11:35:41 -0500] "GET /sipse/faces/javax.faces.resource/primefaces.css?ln=primefaces&v=4.0 HTTP/1.1" 304 -
191.156.176.50 - - [17/Jul/2023:11:35:41 -0500] "GET /sipse/faces/javax.faces.resource/layout/layout.js?ln=primefaces&v=4.0 HTTP/1.1" 304 -
191.156.178.196 - - [17/Jul/2023:11:35:41 -0500] "GET /sipse/faces/javax.faces.resource/primefaces.js?ln=primefaces&v=4.0 HTTP/1.1" 304 -
191.156.177.115 - - [17/Jul/2023:11:35:41 -0500] "GET /sipse/faces/javax.faces.resource/jquery/jquery.js?ln=primefaces&v=4.0 HTTP/1.1" 304 -
191.156.181.76 - - [17/Jul/2023:11:35:41 -0500] "GET /sipse/faces/javax.faces.resource/spacer/dot_clear.gif?ln=primefaces&v=4.0 HTTP/1.1" 200 42
172.22.2.4 - - [17/Jul/2023:11:35:41 -0500] "GET /BLA/boletinlegal/consulta_actos.php?tipo=autos&no=5366&usuario=&sector=&fecha=2018&resuelve= HTTP/1.1" 200 626
190.217.54.222 - - [17/Jul/2023:11:35:41 -0500] "POST /sipse/faces/presentacion/financiero/solicitudProceso/listarSolicitudProceso.xhtml HTTP/1.1" 200 45860
172.22.2.4 - - [17/Jul/2023:11:35:41 -0500] "GET /BLA/boletinlegal/consulta_actos.php?tipo=autos&no=5366&usuario=&sector=&fecha=2018&resuelve= HTTP/1.1" 200 626
190.217.54.222 - - [17/Jul/2023:11:35:41 -0500] "POST /sipse/faces/presentacion/financiero/solicitudProceso/listarSolicitudProceso.xhtml HTTP/1.1" 200 45860
172.22.2.4 - - [17/Jul/2023:11:35:41 -0500] "GET /BLA/boletinlegal/consulta_actos.php?tipo=autos&no=5366&usuario=&sector=&fecha=2018&resuelve= HTTP/1.1" 200 626
190.217.54.222 - - [17/Jul/2023:11:35:42 -0500] "POST /sipse/faces/presentacion/financiero/solicitudProceso/listarSolicitudProceso.xhtml HTTP/1.1" 200 45860
172.22.2.4 - - [17/Jul/2023:11:35:42 -0500] "GET /BLA/boletinlegal/consulta_actos.php?tipo=autos&no=5366&usuario=&sector=&fecha=2018&resuelve= HTTP/1.1" 200 626
172.22.2.4 - - [17/Jul/2023:11:35:42 -0500] "GET /BLA/boletinlegal/consulta_actos.php?tipo=autos&no=5366&usuario=&sector=&fecha=2018&resuelve= HTTP/1.1" 200 626
190.217.54.222 - - [17/Jul/2023:11:35:42 -0500] "POST /sipse/faces/presentacion/financiero/solicitudProceso/listarSolicitudProceso.xhtml HTTP/1.1" 200 45860
190.217.54.222 - - [17/Jul/2023:11:35:42 -0500] "POST /sipse/faces/presentacion/financiero/solicitudProceso/listarSolicitudProceso.xhtml HTTP/1.1" 200 45860
172.22.2.4 - - [17/Jul/2023:11:35:43 -0500] "GET /BLA/boletinlegal/consulta_actos.php?tipo=autos&no=5366&usuario=&sector=&fecha=2018&resuelve= HTTP/1.1" 200 626
172.22.2.4 - - [17/Jul/2023:11:35:43 -0500] "GET /BLA/boletinlegal/consulta_actos.php?tipo=autos&no=5366&usuario=&sector=&fecha=2018&resuelve= HTTP/1.1" 200 626
190.217.54.222 - - [17/Jul/2023:11:35:43 -0500] "POST /sipse/faces/presentacion/financiero/solicitudProceso/listarSolicitudProceso.xhtml HTTP/1.1" 200 1524
172.22.2.4 - - [17/Jul/2023:11:35:43 -0500] "GET /BLA/boletinlegal/consulta_actos.php?tipo=autos&no=5366&usuario=&sector=&fecha=2018&resuelve= HTTP/1.1" 200 626
190.217.54.222 - - [17/Jul/2023:11:35:43 -0500] "POST /sipse/faces/presentacion/financiero/solicitudProceso/listarSolicitudProceso.xhtml HTTP/1.1" 200 1528
172.22.2.4 - - [17/Jul/2023:11:35:43 -0500] "GET /BLA/boletinlegal/consulta_actos.php?tipo=autos&no=5366&usuario=&sector=&fecha=2018&resuelve= HTTP/1.1" 200 626
190.217.54.222 - - [17/Jul/2023:11:35:44 -0500] "POST /sipse/faces/presentacion/financiero/solicitudProceso/listarSolicitudProceso.xhtml HTTP/1.1" 200 1528
190.217.54.222 - - [17/Jul/2023:11:35:44 -0500] "POST /sipse/faces/presentacion/financiero/solicitudProceso/listarSolicitudProceso.xhtml HTTP/1.1" 200 1528
190.217.54.222 - - [17/Jul/2023:11:35:44 -0500] "POST /sipse/faces/presentacion/financiero/solicitudProceso/listarSolicitudProceso.xhtml HTTP/1.1" 200 1528
190.217.54.222 - - [17/Jul/2023:11:35:45 -0500] "POST /sipse/faces/presentacion/financiero/solicitudProceso/listarSolicitudProceso.xhtml HTTP/1.1" 200 1528
190.217.54.222 - - [17/Jul/2023:11:35:45 -0500] "POST /sipse/faces/presentacion/financiero/solicitudProceso/listarSolicitudProceso.xhtml HTTP/1.1" 200 1524
190.217.54.222 - - [17/Jul/2023:11:35:45 -0500] "POST /sipse/faces/presentacion/financiero/solicitudProceso/listarSolicitudProceso.xhtml HTTP/1.1" 200 1528
190.217.54.222 - - [17/Jul/2023:11:35:46 -0500] "POST /sipse/faces/presentacion/financiero/solicitudProceso/listarSolicitudProceso.xhtml HTTP/1.1" 200 1528
190.217.54.222 - - [17/Jul/2023:11:35:46 -0500] "POST /sipse/faces/presentacion/financiero/solicitudProceso/listarSolicitudProceso.xhtml HTTP/1.1" 200 1528
190.217.54.222 - - [17/Jul/2023:11:35:46 -0500] "POST /sipse/faces/presentacion/financiero/solicitudProceso/listarSolicitudProceso.xhtml HTTP/1.1" 200 1524
172.22.2.4 - - [17/Jul/2023:11:35:53 -0500] "GET /BLA/boletinlegal/consulta_actos.php?tipo=autos&no=5367&usuario=&sector=&fecha=2018&resuelve= HTTP/1.1" 200 1045
186.84.22.253 - - [17/Jul/2023:11:35:54 -0500] "GET /autoliquidacion2020/index.php?dir=Clasificaci%F3n+de+impacto+ambiental+para+tr%E1mites+de+licencia+de+construcci%F3n+en+el+Distrito+Capital%2F HTTP/1.1" 200 3837
201.245.192.253 - - [17/Jul/2023:11:35:57 -0500] "GET /BLA/resoluciones/AUTOS%202018/5367.pdf HTTP/1.1" 200 305305
201.245.192.253 - - [17/Jul/2023:11:35:58 -0500] "GET /BLA/resoluciones/AUTOS%202018/5367.pdf HTTP/1.1" 200 305305
201.245.192.253 - - [17/Jul/2023:11:35:58 -0500] "GET /BLA/resoluciones/AUTOS%202018/5367.pdf HTTP/1.1" 206 1025
190.217.54.222 - - [17/Jul/2023:11:35:59 -0500] "POST /sipse/faces/presentacion/financiero/solicitudProceso/listarSolicitudProceso.xhtml HTTP/1.1" 200 115189
190.217.54.222 - - [17/Jul/2023:11:36:00 -0500] "GET /sipse/faces/javax.faces.resource/theme.css?ln=primefaces-sipse HTTP/1.1" 304 -
190.217.54.222 - - [17/Jul/2023:11:36:00 -0500] "GET /sipse/faces/javax.faces.resource/primefaces.css?ln=primefaces&v=4.0 HTTP/1.1" 304 -
190.217.54.222 - - [17/Jul/2023:11:36:00 -0500] "GET /sipse/faces/javax.faces.resource/layout/layout.css?ln=primefaces&v=4.0 HTTP/1.1" 304 -
190.217.54.222 - - [17/Jul/2023:11:36:00 -0500] "GET /sipse/faces/javax.faces.resource/jquery/jquery.js?ln=primefaces&v=4.0 HTTP/1.1" 304 -
190.217.54.222 - - [17/Jul/2023:11:36:01 -0500] "GET /sipse/faces/javax.faces.resource/jquery/jquery-plugins.js?ln=primefaces&v=4.0 HTTP/1.1" 304 -
190.217.54.222 - - [17/Jul/2023:11:36:01 -0500] "GET /sipse/faces/javax.faces.resource/primefaces.js?ln=primefaces&v=4.0 HTTP/1.1" 304 -
190.217.54.222 - - [17/Jul/2023:11:36:01 -0500] "GET /sipse/faces/javax.faces.resource/layout/layout.js?ln=primefaces&v=4.0 HTTP/1.1" 304 -
190.217.54.222 - - [17/Jul/2023:11:36:02 -0500] "GET /sipse/faces/javax.faces.resource/dynamiccontent.properties?ln=primefaces&pfdrid=XjOR5%2F%2FfPAZAuY9TpWQeCiM0BhlXxYRBGKi%2FQcXXfeA%3D&pfdrid_c=false HTTP/1.1" 500 383
186.84.22.253 - - [17/Jul/2023:11:36:10 -0500] "GET /autoliquidacion2020/Clasificaci%C3%B3n%20de%20impacto%20ambiental%20para%20tr%C3%A1mites%20de%20licencia%20de%20construcci%C3%B3n%20en%20el%20Distrito%20Capital/PM04-PR34-F1Solicitud%20clasificacion%20de%20impacto%20ambiental%20lista%20chequeo.xls HTTP/1.1" 200 159744
172.22.2.4 - - [17/Jul/2023:11:34:48 -0500] "HEAD /BLA/boletinlegal/ HTTP/1.1" 200 -
181.53.69.246 - - [17/Jul/2023:11:36:38 -0500] "GET /galeria/galeria/jquery.fancybox.css?v=2.1.5 HTTP/1.1" 200 4895
181.53.69.246 - - [17/Jul/2023:11:36:44 -0500] "GET /BLA/boletinlegal/js/jquery.scrollShow.js HTTP/1.1" 200 4586
181.53.69.246 - - [17/Jul/2023:11:36:44 -0500] "GET /galeria/galeria/jquery.fancybox.js?v=2.1.5 HTTP/1.1" 200 48706
66.249.70.196 - - [17/Jul/2023:11:36:46 -0500] "-" 408 -
186.84.22.253 - - [17/Jul/2023:11:36:56 -0500] "GET /autoliquidacion2020/index.php?dir=Aceites-Residuos-Estaciones-%2F HTTP/1.1" 200 3691
186.84.22.253 - - [17/Jul/2023:11:36:59 -0500] "GET /autoliquidacion2020/index.php?dir=Aceites-Residuos-Estaciones-%2FEvaluaci%F3n+de+solicitudes+de+inscripci%F3n+como+acopiador+primario+de+aceites+usados+en+el+Distrito%2F HTTP/1.1" 200 3366
110.249.202.57 - - [17/Jul/2023:11:36:59 -0500] "GET /BLA/resoluciones/AUTOS%202009/0534.pdf HTTP/1.1" 200 181041
186.102.62.227 - - [17/Jul/2023:11:37:00 -0500] "GET /kwssiamovil/sm/ldap/au?x=U2FsdGVkX19JTqDnX8uDIv4Gr/zaz9Tw9UOTZ8el6+M0Zza8ouCAc4XNyzkLq2Aa&y=U2FsdGVkX1/7Pdv/l8x747wAFQTwhheIkrL1pQ4XEP0OB+jSRdNhXhYxKHhsivNF HTTP/1.1" 200 30
186.102.62.227 - - [17/Jul/2023:11:37:00 -0500] "GET /kwssiamovil/sm/acme/s?s=U2FsdGVkX19luXbkTqOrqlKXub2lr3VLskwl9nBf/W6TCAOZbeGMlSHML2P8VnyzvWvTBoh64gxNBQdutQIC1RqVidQmW6A1Gxw7wF9a7Ng=&u=U2FsdGVkX18kVhJ1WlG0nG0muPq5IZuY6JniP3WDvK6q9BfFZUk7ngiTsBLrOIHY&y=U2FsdGVkX1/7Pdv/l8x747wAFQTwhheIkrL1pQ4XEP0OB+jSRdNhXhYxKHhsivNF HTTP/1.1" 200 97
186.102.62.227 - - [17/Jul/2023:11:37:00 -0500] "GET /kwssiamovil/sm/acme/s?s=U2FsdGVkX19eD7jgtNXIDgBrUFujRj5Xk06xnjX2cHlxT+I75T0UgJ4LXpA6bu9iJAyRR4wqtgNGKJoQVAsht/1TnpTAyPDTs75UIjefgeMJVc8UMhnhOMgmZ21zRtddP4PbLgC9etAjReywC9dmFoByoioU0cNWIIJJZ3sU6v/hmkWWlkocYyxPZ+/pQc1QOP4r808PkDRdCZXaZMfRaRT+ex9mXbXL6lFkvjx3HYs/7rC9Ax3uVO2njq9mQfB/xM4aLVEk0ZgpsDxfI37wbF4238NqD10pPMoI3LUrhxj5UYfFwz/31Jtpi8+Kj28mFRd3137zbJKQL6oemeHFFdXpETe8iSOe7zHz+KYKjIzyuxlvBtZRQqc9tHTLK6dNjFMtb9F1385ynrNZgHEKesplKFwoWe33/dGIMXxIi5doSUbBXHFNTkL9NhiXnSeWZszEaBtcFdI6uo51mWxPT6mVwVdTicCvGs1BCrioZv+JWnR51t+nsCZAdiL8kl0iaYx3gYHLhsu6cFc6V0jnetX91vbWa/UOnIkXAYgkJVo2SkJtPnSXERuWfrdv+9mLin8mmjnNv6PfBXIo/fCz1zjqhND4NFumQuhxQGbHn5T5if3kvmk1T+kDS/vHFcMrTMPaRGbAu+pdnya8LzItQ5mL60LySiDuAmu3L9L3OXIDGIf1BaIQ7Yzop+3vx8oo4HwxyTnn50VubsReYrN4u7GFQLEcQvVZL5VVxg9LkW+9HxKH1Pv2u7QtUVE9xjPSS0t98S23LwLs1Bc77lDnrBqOVwYktE1hoqEZ6f/qQYmRyk/J3BPi3v0qcIwFRe18gagp9c81tX1xnUYMdLlIRmJptlhp3udpxmT8A0tc9IH1guAB/WJHXWpCEIkQQTG7oRfmTjAQ99LIFYYmuK5lNyFUyBYGEYO+43t5mhQ+aKxAAEj9Z8fcQsEtMqNX2WWykhashGwR2tFirTy5BlTN2/pm1p1ckisHKjEsDQYygkRanYCA9G4Fg5vEeb0eOE2MYR7L05dxQ58IG6S7AcQEfCrFJE9rwIwcay4UR8gLIIZ2pllfRBgkcAogLSL6y8x8M4rVke4bkpAcg9rJ6Vlx+9Orik9DQTA5Do325L4k6MSStPwVF61QW+XuUiQZtHbrEzkeSdeRbKcG9zvnBeo1h3vdWkxUwuXuqpusrmVSbUKKeZYFtUtZmKSrmsi/5scJENWQ/NPnQhNLwi2dwcf8wT5WapyGQFHdMuDpfIvzowmjqbnwHa5lRuSsMJuC1kVejKohsBreQPzH0jeE/GdV/BbuXEF+eQJ4tj2SZDechmV1wEhumBXalsNBQ+4JI7gYIOc6W9sWIftEE0XXKGKiXrHNVkvl9W+dw4G0cLf5XRPi0At6zI86fmt++SosUnyHF81qLABpk6kOiMx1HZTZ/lGdSOsrudaNL851llaCJp1Z8VfdUl29LRD6KNS7bGqzXqfji0dogY5iw7bO8D0401NEAmDbH5FVb7NQvNEtD8uaaeoS5FE+LyN7G3vAymRfZ99J6pzp8WA8edN5mlFOcMCrkD55a9usM1nVzrLEWD0ZPt7qQZH69mplK7ULfWSgQD1UKXCDQqo1TqL585NJWpiHaveiborA+jMDbq1cKgOeItBJfzDR5r/wMkrtPT0+cl5UucsuB8QAObqJzwc+ThK+TmtFuQ7jIlYY7pPmynbZ1a3pIcz5cd6nD+j1m2DSbEMWWVoZ2XOlp+u9d2IOVkkKOf3y15fg3TZOcGB0J13Fz0EKhS3hZBpQAqkp0sqB&u=U2FsdGVkX18kVhJ1WlG0nG0muPq5IZuY6JniP3WDvK6q9BfFZUk7ngiTsBLrOIHY&y=U2FsdGVkX1/7Pdv/l8x747wAFQTwhheIkrL1pQ4XEP0OB+jSRdNhXhYxKHhsivNF HTTP/1.1" 200 5161
186.102.62.227 - - [17/Jul/2023:11:37:00 -0500] "GET /kwssiamovil/sm/acme/s?s=U2FsdGVkX19Kbf/1my+tiWxFZLpjdl2U7S9kBuPv0BDW1IA468mF2+VqNZ8q/5nK6iURFyEPBgEQYOcTkaFarA7InpwyiRW0FLmA2N5/4BZuOmzSJ/ewF+zv0DWCUkV5iF+0y+aaVrwTq6TNkrpyj4GU911ZH7QFC5qZUT1Nq8GBzEnG4CK9NqPVNcdthdi7rY9kBap22ZSBsJAxDg9Cq9CAmmFRxlY+2XOykWFlCiC5omAaYQWCP5a2mTJfRgeWerOO/sd5kgp1vcUhM795EKNq+Wz2ZmFPOVa8/AicdPmnCV7h9CwLbHPqZ+8SfAfpMXmlR2jmx5a0M9anyBnCROz9IXg/a86wii0iu6YxGyBHaBTsBBfeF4zGqkzq3veCEJKe3LWdnIehvGL9I1chHq2zZZMKJXCECPK0Uqoxh+kvEM5+fXOQFJWQrGQ8cupdS8oKf7uqFnjpAUY0n8/WBWU8LbeB0964xrjXaSf2cAgAAhgKJaYBxUUxBF1o+5bFl7J/hmD4Zg4xZfQa+608rvpTeXA92dR5XSMFUpjWvLzH2Ls1tn+N8VPY31jBHnXIh9RuffX2uHEpK4HAPU9ET2DBKcSPGXg7wBm2BVlTEVeR6iGYaH4Psuks/plrUEiiEuz3bXbPTLQqjxT0N+JRtaCFQG/paJaBvrMj5k5npHSN8o6QsWjyRqYU3KklYvsP1jFgXm8DzQOnKxDIMmWk+RlxliwZj3IaHX9UBi5ayjWspPUuyAcU62umfnYl6CAEcqUSByERPGbEiOgoYNptFw==&u=U2FsdGVkX18kVhJ1WlG0nG0muPq5IZuY6JniP3WDvK6q9BfFZUk7ngiTsBLrOIHY&y=U2FsdGVkX1/7Pdv/l8x747wAFQTwhheIkrL1pQ4XEP0OB+jSRdNhXhYxKHhsivNF HTTP/1.1" 200 354
186.102.62.227 - - [17/Jul/2023:11:37:00 -0500] "GET /kwssiamovil/sm/cjson/pre?f=1&x=U2FsdGVkX19JTqDnX8uDIv4Gr/zaz9Tw9UOTZ8el6+M0Zza8ouCAc4XNyzkLq2Aa HTTP/1.1" 200 31032
186.102.62.227 - - [17/Jul/2023:11:37:00 -0500] "GET /kwssiamovil/sm/cjson/pre?f=18&x=U2FsdGVkX19JTqDnX8uDIv4Gr/zaz9Tw9UOTZ8el6+M0Zza8ouCAc4XNyzkLq2Aa HTTP/1.1" 200 32849
201.245.192.253 - - [17/Jul/2023:11:37:03 -0500] "GET /mesa/contrasena.pdf HTTP/1.1" 200 443199
201.245.192.253 - - [17/Jul/2023:11:37:04 -0500] "GET /mesa/contrasena.pdf HTTP/1.1" 206 1
201.245.192.253 - - [17/Jul/2023:11:37:04 -0500] "GET /mesa/contrasena.pdf HTTP/1.1" 206 190891
186.84.22.253 - - [17/Jul/2023:11:37:07 -0500] "GET /autoliquidacion2020/index.php?dir=Aceites-Residuos-Estaciones-%2FTr%E1mite+de+registro+de+movilizaci%F3n+de+aceites+usados+en+el+%E1rea+urbana+del+Distrito+Capital%2F HTTP/1.1" 200 3565
186.84.22.253 - - [17/Jul/2023:11:37:14 -0500] "GET /autoliquidacion2020/index.php?dir=Aceites-Residuos-Estaciones-%2FEvaluaci%F3n+de+solicitudes+de+inscripci%F3n+como+acopiador+primario+de+aceites+usados+en+el+Distrito%2F HTTP/1.1" 200 3366
190.217.54.222 - - [17/Jul/2023:11:37:15 -0500] "POST /sipse/faces/presentacion/financiero/solicitudProceso/consultarSolicitudProceso.xhtml HTTP/1.1" 200 263935
190.217.54.222 - - [17/Jul/2023:11:37:19 -0500] "POST /sipse/faces/presentacion/financiero/solicitudProceso/consultarSolicitudProceso.xhtml HTTP/1.1" 200 60206
172.22.2.4 - - [17/Jul/2023:11:35:40 -0500] "GET /BLA/boletinlegal/ HTTP/1.1" 200 56452
186.84.22.253 - - [17/Jul/2023:11:37:20 -0500] "GET /autoliquidacion2020/index.php?dir=Aceites-Residuos-Estaciones-%2FRegistro+aceite+vegetal+usado%2F HTTP/1.1" 200 2367
190.217.54.222 - - [17/Jul/2023:11:37:21 -0500] "POST /sipse/faces/presentacion/financiero/solicitudProceso/consultarSolicitudProceso.xhtml HTTP/1.1" 200 517547
190.217.54.222 - - [17/Jul/2023:11:37:22 -0500] "POST /sipse/faces/presentacion/financiero/solicitudProceso/consultarSolicitudProceso.xhtml HTTP/1.1" 200 811305
186.84.22.253 - - [17/Jul/2023:11:37:24 -0500] "GET /autoliquidacion2020/index.php?dir=Aceites-Residuos-Estaciones-%2FTr%E1mite+de+registro+de+movilizaci%F3n+de+aceites+usados+en+el+%E1rea+urbana+del+Distrito+Capital%2F HTTP/1.1" 200 3565
190.217.54.222 - - [17/Jul/2023:11:37:25 -0500] "POST /sipse/faces/presentacion/financiero/solicitudProceso/consultarSolicitudProceso.xhtml HTTP/1.1" 200 3036991
190.217.54.222 - - [17/Jul/2023:11:37:27 -0500] "POST /sipse/faces/presentacion/financiero/solicitudProceso/consultarSolicitudProceso.xhtml HTTP/1.1" 200 57069
186.102.62.227 - - [17/Jul/2023:11:37:28 -0500] "GET /kwssiamovil/sm/ldap/au?x=U2FsdGVkX182yXngJRrmq6P7CJClhFwhc/5WeouoFMmZgr6zmuEs9dDgHroaAOCB&y=U2FsdGVkX1+qX0wAOjIgozKZr2cpvDL/1xp6Zm2PeBNybnsp3cTBt9EZnWZDp5PF HTTP/1.1" 200 30
186.102.62.227 - - [17/Jul/2023:11:37:28 -0500] "GET /kwssiamovil/sm/acme/s?s=U2FsdGVkX1+RMRif1+xZRCXWLxK006AFKQlxpZtvbdBPBLClOM7vyafOTYfTpeLBUCyvYwWWuwVwZTJI2pNFmdT1+XCghA3R5tEI+yrDcqc=&u=U2FsdGVkX18t+x6aI9nonb52Nd7GLnHdcjEq1mIXvCdqN2AMMxtSDBQzWzOUT0SV&y=U2FsdGVkX1+qX0wAOjIgozKZr2cpvDL/1xp6Zm2PeBNybnsp3cTBt9EZnWZDp5PF HTTP/1.1" 200 97
186.102.62.227 - - [17/Jul/2023:11:37:28 -0500] "GET /kwssiamovil/sm/acme/s?s=U2FsdGVkX1/l3ER6cBsGAPC9EPGmT+o3hoB8W1iy85nP8bdHXNhGHe6PAqNIcC30WujjfdDF6d+vAyLkbgPpx/L5BReVpLMOkoOL2A3+pUonSQdIigmyhzdj2gwDlH6zVPCzmJGvOads+sb4DnEHe70dEZ6JOsbQ+AH37W8D/Hg2Q+JHm4jxvWV/w30waFu78+JK2cLoNXn0KORa5gq1Oxr+tu29pLliw/Di/0eUSHW9MPXtdpb8Ud57SiGlvhIMDkGySUGmoaZ+IGEtn2wcx80PR1wAAIGd/XGEozMt5TBLoXgdChkBhsmJK54wWa4DZZm69YfG5Xvu6XgJPyRbuYiZNHYHwVndkzGyPWWWaRexBZFyh9cFqaYf/ul/jTJ7LiVapohsNG21inlJCWF/bV6QHnkDL7mqH5Ztl8W9hBsC5e6le3bmW77B2mMbLflMFEfZ/K/E1a9eJIVkJpkqeE1ZmydHK0M7zjgIbHhsybuS5FicIJkNn0bl+I4tZQUk+wYuFL9mwQW3Lx2ZoSLOE5lGS+5R93R3zSjilDFO3AzaVS/YKy0uY3ao0VjexaW5G1vyS1fGK/m5vUkAOnlm0AGHxss5xD8s4WzHWrCN4yHXB2F6qBp6WWDKaMbkFEfCkwTprclz/tSzexhURLhEv6qWYojfDcw3fUHiL1kPXTFq6o+6RnVwvVpBH+y2yUZyBCGFZfD9hP56I6C7lidxVuXNsQGfUtXJAr4D0ai/OGpa1KbtOfVdqRCpn+337uDBVVwiSTU41Q+vsF+iwMR2Bz/h3UPDWdArJRGHgmI3c4PYu74qb3zonxKd0YQBDAHgPEFIjLL//pUU2q2MeJpNJ5VBo+v2BvWhoWm+W5ZMiHytBrjI5qzY3kb6d3evu3sn1Fg7u2wj8FvZuuvLr+jr28X09CI4OwxCk6tx8q2MVPtSeELtbUNDiA87C3xZ0ml62HBY2S1GHB3o8iX/eNxPpTHhGdBASfwzVO48gv7Do2tkPXkmuRFqbIzUauVnKZBhuFUqeBZYUTAQ3xxXoGby7w2QWGvckuvMpCN1z2FUZJuiNFS5vdhsZVQrkoBfWhV6W6DSyFeZ0ibK7Ni7AnlEq91j/vYJC9PZXa/h+wFgC5mfuYo7ZLnTQa3Jxx494fGVVcRsFmWoqVzSGm0W38mdeyHeE3nrvVJlCJrBdc2ZFGR9AEGVbncIlyTypBNcwmMuFAp9GbIokrwfTEkxyedOjzXEE+IzDyCoIQk06EEbyzGQYAsWiKIDi/RL483FHKexjIViOs71XFK84iz9aL+IlZ0gNBk2SjhO6sjgySvLtCChDlhmdRjtoIuFkQbrWLt1fn6bKTaqn/mKDP5bo77el74CSUa/+X4JvxVeK6i184djN4+/AZLFvbyVYCTU+Mzk+gRTA54ecZ0IRPqhscBAumC8jbKOpe13J9kdGIvQxR9YkwYK3zlRGn1+dBQn+JC5kJWsuF6haLPalKN3WVtS6VuMsBX3FOgc74WcNr4eSuneb0qMnw/hNm9g6HqlVPXDHUiMea3WGMG7MMgnkQ0bZ8R7uWPGWpAdoNj+ktKzVKbmGAMX8c9xn5FPH1o9AGvl17YJ1Y9zrHltg6rhC3xyxZGuqBGyAe6ExxtGcMu5UTBBvpzdNoKiOWxiCPVNcDwlrwK7YyUNT1YIIZm9r27ObWlCVsqeweZs9oU0T5JeAWNP9sl36nLSn37eSh/x8ybql5XWxEKMxWUBtI/0QR1N5UW3aU5Wqnu7b6fxip/SQuDTomO5sY9VGwWdyfAkgth6&u=U2FsdGVkX18t+x6aI9nonb52Nd7GLnHdcjEq1mIXvCdqN2AMMxtSDBQzWzOUT0SV&y=U2FsdGVkX1+qX0wAOjIgozKZr2cpvDL/1xp6Zm2PeBNybnsp3cTBt9EZnWZDp5PF HTTP/1.1" 200 5161
186.102.62.227 - - [17/Jul/2023:11:37:29 -0500] "GET /kwssiamovil/sm/acme/s?s=U2FsdGVkX18qRXRaQylf8IetTa4bs4Y3CiJ3s4yi6A0KaOtWn+uJsejCb0Z78emqwGZFOvI6Xbw2X/WAAOkxPEnLGmq1y0e+W7WBtOXp5enJ7zC6RhR8JR7ew5KZgkln8srh27KMxSpvzjyEct5S9hz3QrCYp8MGl9dzvqY2OLV0mkORxqueVDsteAab94/S/LhjB6nFZDg0pfVjpkpa2ITJg7S7f5/zv2J4u+M+UC3yQMCsrtOqzQq9gUNO82+GX//fjzUu7rNbPSLyl2U/zdWTdzzHne5GZGtHcseWFHEpjw3HRe2irkEWRIS+ww5y7miJxs++cmFYVsDHMYAhC3Ag4+9eDRuG1ECEMjfhpNbZX03tAvLjFHLLhgL88csXqciu3fAtzWeNQohAJOa/TiQED7eVl3qQ7vBHEndt/9hmPS2WS08+rTnCudGj9Y40PPDeaa4V+1WhJDNxQI0/TIu2H5FPB7KauUT2ZZEku7cdCo1KnwQdErwJ52qtzoe9VCY5WvZ4zwECeUVd+nB6io5kNwHR7Ies6MB2W2NjlGkEDD5oiudS8gB8G5TW4z+1EcOkQB00b9pmW1XuK8ZilrOSdfcHuUIUPhvSp7YX5jpk7h46qdiQroWhnuC35fl5lVl54dlvDaYiJAVTZb4Wjs/5ZeZwREsUrOJ+aL+HbF7tUUA/cwfxEQZPas9SUezAddRRVGYEggQkcgi4vgxOgA1qwlfUb64Qo3WnnQIZpc4VrlZL//p0jhXMMizvzc/dtGB4jxvvknoC3wMpSBEmNQ==&u=U2FsdGVkX18t+x6aI9nonb52Nd7GLnHdcjEq1mIXvCdqN2AMMxtSDBQzWzOUT0SV&y=U2FsdGVkX1+qX0wAOjIgozKZr2cpvDL/1xp6Zm2PeBNybnsp3cTBt9EZnWZDp5PF HTTP/1.1" 200 354
186.102.62.227 - - [17/Jul/2023:11:37:29 -0500] "GET /kwssiamovil/sm/cjson/pre?f=1&x=U2FsdGVkX182yXngJRrmq6P7CJClhFwhc/5WeouoFMmZgr6zmuEs9dDgHroaAOCB HTTP/1.1" 200 31032
186.102.62.227 - - [17/Jul/2023:11:37:29 -0500] "GET /kwssiamovil/sm/cjson/pre?f=18&x=U2FsdGVkX182yXngJRrmq6P7CJClhFwhc/5WeouoFMmZgr6zmuEs9dDgHroaAOCB HTTP/1.1" 200 32849
186.84.22.253 - - [17/Jul/2023:11:37:33 -0500] "GET /autoliquidacion2020/index.php?dir=Aguas+Subterraneas%2F HTTP/1.1" 200 3305
186.84.22.253 - - [17/Jul/2023:11:37:37 -0500] "GET /autoliquidacion2020/index.php?dir=Aguas+Subterraneas%2FConcesi%F3n+de+aguas+subterr%E1neas%2F HTTP/1.1" 200 2864
186.84.22.253 - - [17/Jul/2023:11:37:43 -0500] "GET /autoliquidacion2020/index.php?dir=Aguas+Subterraneas%2FPermiso+de+prospecci%F3n+y+exploraci%F3n+de+aguas+subterr%E1neas%2F HTTP/1.1" 200 3145
186.84.22.253 - - [17/Jul/2023:11:37:47 -0500] "GET /autoliquidacion2020/index.php?dir=Aguas+Subterraneas%2FSolicitud+modificaci%F3n+de+concesi%F3n+aguas+subterr%E1neas%2F HTTP/1.1" 200 3087
186.84.22.253 - - [17/Jul/2023:11:37:51 -0500] "GET /autoliquidacion2020/index.php?dir=Aguas+Subterraneas%2FSolicitud+pr%F3rroga+de+concesi%F3n+aguas+subterr%E1neas+vigente%2F HTTP/1.1" 200 3155
186.84.22.253 - - [17/Jul/2023:11:37:58 -0500] "GET /autoliquidacion2020/index.php?dir=Clasificaci%F3n+de+impacto+ambiental+para+tr%E1mites+de+licencia+de+construcci%F3n+en+el+Distrito+Capital%2F HTTP/1.1" 200 3837
186.84.22.253 - - [17/Jul/2023:11:38:09 -0500] "GET /autoliquidacion2020/index.php?dir=Cobro+Clasificacion+Uso+De+Vivenda+En+Suelo+Restringido%2F HTTP/1.1" 200 2539
186.84.22.253 - - [17/Jul/2023:11:38:10 -0500] "GET /autoliquidacion2020/index.php?dir=Cobro+Clasificacion+Uso+De+Vivenda+En+Suelo+Restringido%2FCOMPATIBILIDAD+USO+DE+VIVIENDA%2F HTTP/1.1" 200 2741
216.245.221.92 - - [17/Jul/2023:11:38:11 -0500] "HEAD / HTTP/1.1" 200 -
172.22.2.4 - - [17/Jul/2023:11:38:17 -0500] "GET /BLA/boletinlegal/images/background.gif HTTP/1.1" 200 -
172.22.2.4 - - [17/Jul/2023:11:38:18 -0500] "GET /BLA/boletinlegal/consulta_actos.php?tipo=autos&no=5365&usuario=&sector=&fecha=2018&resuelve= HTTP/1.1" 200 626
172.22.2.4 - - [17/Jul/2023:11:38:18 -0500] "GET /BLA/boletinlegal/consulta_actos.php?tipo=autos&no=5365&usuario=&sector=&fecha=2018&resuelve= HTTP/1.1" 200 626
172.22.2.4 - - [17/Jul/2023:11:38:19 -0500] "GET /BLA/boletinlegal/consulta_actos.php?tipo=autos&no=5365&usuario=&sector=&fecha=2018&resuelve= HTTP/1.1" 200 626
172.22.2.4 - - [17/Jul/2023:11:38:19 -0500] "GET /BLA/boletinlegal/consulta_actos.php?tipo=autos&no=5365&usuario=&sector=&fecha=2018&resuelve= HTTP/1.1" 200 626
172.22.2.4 - - [17/Jul/2023:11:38:21 -0500] "GET /BLA/boletinlegal/normativa.php HTTP/1.1" 200 8343
172.22.2.4 - - [17/Jul/2023:11:38:21 -0500] "GET /BLA/boletinlegal/niceforms.js HTTP/1.1" 200 22876
172.22.2.4 - - [17/Jul/2023:11:38:21 -0500] "GET /BLA/boletinlegal/niceforms-default.css HTTP/1.1" 200 6694
172.22.2.4 - - [17/Jul/2023:11:38:21 -0500] "GET /BLA/boletinlegal/images/tel.png HTTP/1.1" 200 14477
172.22.2.4 - - [17/Jul/2023:11:38:21 -0500] "GET /BLA/boletinlegal/images/icono-email.png HTTP/1.1" 200 5544
172.22.2.4 - - [17/Jul/2023:11:38:22 -0500] "GET /BLA/boletinlegal/consulta_actos.php?tipo=autos&no=5365&usuario=&sector=&fecha=2018&resuelve= HTTP/1.1" 200 626
172.22.2.4 - - [17/Jul/2023:11:38:25 -0500] "GET /BLA/boletinlegal/consulta_actos.php?tipo=autos&no=5365&usuario=&sector=&fecha=2018&resuelve= HTTP/1.1" 200 626
172.22.2.4 - - [17/Jul/2023:11:38:26 -0500] "GET /BLA/boletinlegal/consulta_actos.php?tipo=autos&no=5355&usuario=&sector=&fecha=2018&resuelve= HTTP/1.1" 200 626
186.84.22.253 - - [17/Jul/2023:11:38:27 -0500] "GET /autoliquidacion2020/index.php?dir=Cobro+Evaluacion+Certificaci%F3n+Para+La+Deducci%F3n+Por+Inversi%F3n+En+Medio+Ambiente%2F HTTP/1.1" 200 2806
172.22.2.4 - - [17/Jul/2023:11:38:27 -0500] "GET /BLA/boletinlegal/consulta_actos.php?tipo=autos&no=5355&usuario=&sector=&fecha=2018&resuelve= HTTP/1.1" 200 626
172.22.2.4 - - [17/Jul/2023:11:38:28 -0500] "GET /BLA/boletinlegal/consulta_actos.php?tipo=autos&no=5355&usuario=&sector=&fecha=2018&resuelve= HTTP/1.1" 200 626
172.22.2.4 - - [17/Jul/2023:11:38:28 -0500] "GET /BLA/boletinlegal/consulta_actos.php?tipo=autos&no=5355&usuario=&sector=&fecha=2018&resuelve= HTTP/1.1" 200 626
172.22.2.4 - - [17/Jul/2023:11:38:29 -0500] "GET /BLA/boletinlegal/consulta_actos.php?tipo=autos&no=5355&usuario=&sector=&fecha=2018&resuelve= HTTP/1.1" 200 626
172.22.2.4 - - [17/Jul/2023:11:38:29 -0500] "GET /BLA/boletinlegal/consulta_actos.php?tipo=autos&no=5355&usuario=&sector=&fecha=2018&resuelve= HTTP/1.1" 200 626
172.22.2.4 - - [17/Jul/2023:11:38:29 -0500] "GET /BLA/boletinlegal/consulta_actos.php?tipo=autos&no=5355&usuario=&sector=&fecha=2018&resuelve= HTTP/1.1" 200 626
172.22.2.4 - - [17/Jul/2023:11:38:30 -0500] "GET /BLA/boletinlegal/consulta_actos.php?tipo=autos&no=5355&usuario=&sector=&fecha=2018&resuelve= HTTP/1.1" 200 626
172.22.2.4 - - [17/Jul/2023:11:38:30 -0500] "GET /BLA/boletinlegal/consulta_actos.php?tipo=autos&no=5355&usuario=&sector=&fecha=2018&resuelve= HTTP/1.1" 200 626
172.22.2.4 - - [17/Jul/2023:11:38:30 -0500] "GET /BLA/boletinlegal/consulta_actos.php?tipo=autos&no=5355&usuario=&sector=&fecha=2018&resuelve= HTTP/1.1" 200 626
186.84.22.253 - - [17/Jul/2023:11:38:32 -0500] "GET /autoliquidacion2020/index.php?dir=Fauna+silvestre%2F HTTP/1.1" 200 3403
186.84.22.253 - - [17/Jul/2023:11:38:34 -0500] "GET /autoliquidacion2020/index.php?dir=Fauna+silvestre%2FAutorizaci%F3n+para+exportar+o+importar+espec%EDmenes+de+fauna+silvestre+Cites+y+No+Cites%2F HTTP/1.1" 200 3311
186.84.22.253 - - [17/Jul/2023:11:38:39 -0500] "GET /autoliquidacion2020/index.php?dir=Fauna+silvestre%2FEvaluaci%F3n+de+Permisos+de+Aprovechamiento+de+Fauna+Silvestre%2F HTTP/1.1" 200 4469
172.22.2.4 - - [17/Jul/2023:11:38:43 -0500] "GET /BLA/boletinlegal/consulta_actos.php?tipo=autos&no=5356&usuario=&sector=&fecha=2018&resuelve= HTTP/1.1" 200 626
172.22.2.4 - - [17/Jul/2023:11:38:44 -0500] "GET /BLA/boletinlegal/consulta_actos.php?tipo=autos&no=5356&usuario=&sector=&fecha=2018&resuelve= HTTP/1.1" 200 626
172.22.2.4 - - [17/Jul/2023:11:38:44 -0500] "GET /BLA/boletinlegal/consulta_actos.php?tipo=autos&no=5356&usuario=&sector=&fecha=2018&resuelve= HTTP/1.1" 200 626
172.22.2.4 - - [17/Jul/2023:11:38:44 -0500] "GET /BLA/boletinlegal/consulta_actos.php?tipo=autos&no=5356&usuario=&sector=&fecha=2018&resuelve= HTTP/1.1" 200 626
172.22.2.4 - - [17/Jul/2023:11:38:44 -0500] "GET /BLA/boletinlegal/consulta_actos.php?tipo=autos&no=5356&usuario=&sector=&fecha=2018&resuelve= HTTP/1.1" 200 626
172.22.2.4 - - [17/Jul/2023:11:38:44 -0500] "GET /BLA/boletinlegal/consulta_actos.php?tipo=autos&no=5356&usuario=&sector=&fecha=2018&resuelve= HTTP/1.1" 200 626
186.84.22.253 - - [17/Jul/2023:11:38:47 -0500] "GET /autoliquidacion2020/index.php?dir=Fauna+silvestre%2FManual+tramite+en+linea%2F HTTP/1.1" 200 2556
186.84.22.253 - - [17/Jul/2023:11:38:52 -0500] "GET /autoliquidacion2020/index.php?dir=Fauna+silvestre%2FSalvoconducto+%FAnico+nacional+para+la+movilizaci%F3n+de+espec%EDmenes+de+la+diversidad%2F HTTP/1.1" 200 3372
186.84.22.253 - - [17/Jul/2023:11:39:02 -0500] "GET /autoliquidacion2020/index.php?dir=Grupo+Forestal+-+Industria+de+la+Madera%2F HTTP/1.1" 200 3628
186.84.22.253 - - [17/Jul/2023:11:39:04 -0500] "GET /autoliquidacion2020/index.php?dir=Grupo+Forestal+-+Industria+de+la+Madera%2FCertificaci%F3n+de+exportaci%F3n+e+importaci%F3n+flora+silvestre%2F HTTP/1.1" 200 2897
186.84.22.253 - - [17/Jul/2023:11:39:08 -0500] "GET /autoliquidacion2020/index.php?dir=Grupo+Forestal+-+Industria+de+la+Madera%2FRegistro+del+libro+de+operaciones+forestales%2F HTTP/1.1" 200 3973
186.84.22.253 - - [17/Jul/2023:11:39:12 -0500] "GET /autoliquidacion2020/index.php?dir=Grupo+Forestal+-+Industria+de+la+Madera%2FSalvoconducto+%FAnico+nacional+en+linea+SUNL+-+flora+y+arbolado+urbano%2F HTTP/1.1" 200 3903
186.84.22.253 - - [17/Jul/2023:11:39:16 -0500] "GET /autoliquidacion2020/index.php?dir=Grupo+Forestal+-+Industria+de+la+Madera%2FVerificaci%F3n+para+exportar+o+importar+espec%EDmenes+de+flora%2F HTTP/1.1" 200 2959
186.84.22.253 - - [17/Jul/2023:11:39:25 -0500] "GET /autoliquidacion2020/index.php?dir=Grupo+Forestal+-+Silvicultura%2F HTTP/1.1" 200 2799
186.84.22.253 - - [17/Jul/2023:11:39:26 -0500] "GET /autoliquidacion2020/index.php?dir=Grupo+Forestal+-+Silvicultura%2FControl+y+Seguimiento+a+las+Actividades+Silviculturales%2F HTTP/1.1" 200 3539
186.84.22.253 - - [17/Jul/2023:11:39:32 -0500] "GET /autoliquidacion2020/index.php?dir=Grupo+Forestal+-+Silvicultura%2FControl+y+Seguimiento+a+las+Actividades+Silviculturales%2F HTTP/1.1" 200 3539
186.84.22.253 - - [17/Jul/2023:11:39:32 -0500] "GET /autoliquidacion2020/Grupo%20Forestal%20-%20Silvicultura/Control%20y%20Seguimiento%20a%20las%20Actividades%20Silviculturales/PM04-PR29-F6%20Ficha%20de%20actualizacion%20del%20catastro%20de%20%20arboles.xls HTTP/1.1" 200 16274432
186.84.22.253 - - [17/Jul/2023:11:39:36 -0500] "GET /autoliquidacion2020/index.php?dir=Grupo+Forestal+-+Silvicultura%2FPermiso+o+autorizaci%F3n+para+aprovechamiento+forestal+de+%E1rboles+aislados%2F HTTP/1.1" 200 3777
186.84.22.253 - - [17/Jul/2023:11:39:36 -0500] "GET /autoliquidacion2020/Grupo%20Forestal%20-%20Silvicultura/Permiso%20o%20autorizaci%C3%B3n%20para%20aprovechamiento%20forestal%20de%20%C3%A1rboles%20aislados/PM04-PR30-F2%20Formulario%20de%20recolecci%C3%B3n%20de%20informaci%C3%B3n%20silvicultural%20por%20individuo.xls HTTP/1.1" 200 261632
190.27.14.130 - - [17/Jul/2023:11:39:38 -0500] "POST /sipse/faces/presentacion/financiero/solicitudProceso/consultarSolicitudProceso.xhtml HTTP/1.1" 200 42580
190.27.14.130 - - [17/Jul/2023:11:39:39 -0500] "GET /sipse/faces/javax.faces.resource/theme.css?ln=primefaces-sipse HTTP/1.1" 304 -
190.27.14.130 - - [17/Jul/2023:11:39:39 -0500] "GET /sipse/faces/javax.faces.resource/primefaces.css?ln=primefaces&v=4.0 HTTP/1.1" 304 -
190.27.14.130 - - [17/Jul/2023:11:39:39 -0500] "GET /sipse/faces/javax.faces.resource/layout/layout.css?ln=primefaces&v=4.0 HTTP/1.1" 304 -
190.27.14.130 - - [17/Jul/2023:11:39:39 -0500] "GET /sipse/faces/javax.faces.resource/jquery/jquery.js?ln=primefaces&v=4.0 HTTP/1.1" 304 -
190.27.14.130 - - [17/Jul/2023:11:39:39 -0500] "GET /sipse/faces/javax.faces.resource/jquery/jquery-plugins.js?ln=primefaces&v=4.0 HTTP/1.1" 304 -
190.27.14.130 - - [17/Jul/2023:11:39:39 -0500] "GET /sipse/css/imagen/contrasena.png HTTP/1.1" 404 383
190.27.14.130 - - [17/Jul/2023:11:39:39 -0500] "GET /sipse/faces/javax.faces.resource/primefaces.js?ln=primefaces&v=4.0 HTTP/1.1" 304 -
