!C99Shell v. 1.0 pre-release build #13!

Software: Apache. PHP/5.5.15 

uname -a: Windows NT SVR-DMZ 6.1 build 7600 (Windows Server 2008 R2 Enterprise Edition) i586 

SYSTEM 

Safe-mode: OFF (not secure)

E:\nuevo\apache\logs\   drwxrwxrwx
Free 7.33 GB of 239.26 GB (3.07%)
Detected drives: [ a ] [ c ] [ d ] [ e ] [ f ]
Home    Back    Forward    UPDIR    Refresh    Search    Buffer    Encoder    Tools    Proc.    FTP brute    Sec.    SQL    PHP-code    Update    Feedback    Self remove    Logout    


Viewing file:     access.2023.07.17.log (3.91 MB)      -rw-rw-rw-
Select action/file-type:
(+) | (+) | (+) | Code (+) | Session (+) | (+) | SDB (+) | (+) | (+) | (+) | (+) | (+) |
110.249.201.54 - - [17/Jul/2023:00:00:20 -0500] "GET /BLA/resoluciones/RESOLUCIONES%202020/1824.pdf HTTP/1.1" 200 513035
201.245.192.253 - - [17/Jul/2023:00:00:34 -0500] "POST /kwsrmcab/Wsrmcab  HTTP/1.1" 200 42295
31.13.103.2 - - [17/Jul/2023:00:01:31 -0500] "GET /calidad-del-aire-distrito-avanza-unido-por-un-nuevo-aire.html?utm_id=Julio_2023 HTTP/1.1" 200 783
172.22.2.4 - - [17/Jul/2023:00:01:15 -0500] "HEAD /BLA/boletinlegal/ HTTP/1.1" 200 -
66.249.75.163 - - [17/Jul/2023:00:03:18 -0500] "-" 408 -
172.22.2.4 - - [17/Jul/2023:00:02:06 -0500] "GET /BLA/boletinlegal/ HTTP/1.1" 200 54453
216.245.221.92 - - [17/Jul/2023:00:04:03 -0500] "HEAD / HTTP/1.1" 200 -
110.249.201.201 - - [17/Jul/2023:00:04:20 -0500] "GET /BLA/resoluciones/AUTOS%202009/0981.pdf HTTP/1.1" 200 178015
201.245.192.253 - - [17/Jul/2023:00:05:32 -0500] "POST /kwsrmcab/Wsrmcab  HTTP/1.1" 200 42295
186.102.13.127 - - [17/Jul/2023:00:05:46 -0500] "GET /calidad-del-aire-distrito-avanza-unido-por-un-nuevo-aire.html?utm_source=Meta_DIGI&utm_medium=CPMa&utm_campaign=Aire&utm_id=Julio_2023&fbclid=IwAR3chzfgtoSIzndNkLJAqWx8HlPFk3PnGNNX9YkP0_eSUsETkPhqAIXyA_U_aem_AVk3M73X_voME3sJR35BgDnE0sYJ_oPtX0RylSmLdZwSPzVTLpxO8tGEnadEF_TYG262hlTUB_Jm32TaobipIsV6 HTTP/1.1" 200 783
79.137.65.46 - - [17/Jul/2023:00:07:49 -0500] "GET /favicon.ico HTTP/1.1" 200 7782
111.225.149.13 - - [17/Jul/2023:00:08:20 -0500] "GET /BLA/resoluciones/AUTOS%202012/1566.pdf HTTP/1.1" 200 333240
186.82.157.149 - - [17/Jul/2023:00:08:32 -0500] "GET /calidad-del-aire-distrito-avanza-unido-por-un-nuevo-aire.html?utm_source=Meta_DIGI&utm_medium=CPMa&utm_campaign=Aire&utm_id=Julio_2023&fbclid=IwAR3lXlGnskWgGDwPBk3u8nfp9Adv_OzlaDvxdeFpw2DeRIwf0-aJ2NBrx34_aem_AVl2go_88EqcfhoGBWgr0E_UOmDAK62U8zg_7kzEKNg6aza6lzz7ZfemIVMHK9vg-Cj-rZiM6tI2Me9KMxTeTRXt HTTP/1.1" 200 783
216.245.221.92 - - [17/Jul/2023:00:09:03 -0500] "HEAD / HTTP/1.1" 200 -
172.22.2.4 - - [17/Jul/2023:00:07:56 -0500] "GET /BLA/boletinlegal/ HTTP/1.1" 200 61404
64.227.127.27 - - [17/Jul/2023:00:10:23 -0500] "GET / HTTP/1.1" 200 319
201.245.192.253 - - [17/Jul/2023:00:10:31 -0500] "POST /kwsrmcab/Wsrmcab  HTTP/1.1" 200 42295
111.225.149.245 - - [17/Jul/2023:00:12:21 -0500] "GET /BLA/resoluciones/RESOLUCIONES%202012/0609.pdf HTTP/1.1" 200 340495
191.102.224.201 - - [17/Jul/2023:00:13:37 -0500] "-" 408 -
216.245.221.92 - - [17/Jul/2023:00:14:03 -0500] "HEAD / HTTP/1.1" 200 -
152.61.192.232 - - [17/Jul/2023:00:14:30 -0500] "GET / HTTP/1.1" 200 319
172.22.2.4 - - [17/Jul/2023:00:12:55 -0500] "HEAD /BLA/boletinlegal/ HTTP/1.1" 200 -
179.19.192.255 - - [17/Jul/2023:00:14:49 -0500] "GET /calidad-del-aire-distrito-avanza-unido-por-un-nuevo-aire.html?utm_source=Meta_DIGI&utm_medium=CPMa&utm_campaign=Aire&utm_id=Julio_2023&fbclid=IwAR0xmTu9Xa95RSOLWSQzXktcZBAwYXbLk3ZAOAOEhXrmXrEP1sWnMHcIJf4_aem_AVn4F5XMePntIeIwcBWsc3_PpZfhL48TSTIjIFkteh0x7SYLBU0h8zmyAj_bQ31XfWEOP99bpHioGMDgTd8ROlUH HTTP/1.1" 200 783
186.84.91.62 - - [17/Jul/2023:00:15:21 -0500] "GET /calidad-del-aire-distrito-avanza-unido-por-un-nuevo-aire.html?utm_source=Meta_DIGI&utm_medium=CPMa&utm_campaign=Aire&utm_id=Julio_2023&fbclid=IwAR1g4Vlv1ZfQ52HI8d0zT8xhPsH_9865fPOvNnOk0J-or0MzFpp8hlUjli4_aem_AVlMqjWBWODV7Bxax4O1AeyqyL0fGr6XRJWUl0rgJyZkMoA5OVMArJ43FwGR5csh7juxf6BpMkhL37mYzaIQsugF HTTP/1.1" 200 783
172.22.2.4 - - [17/Jul/2023:00:13:46 -0500] "GET /BLA/boletinlegal/ HTTP/1.1" 200 53643
201.245.192.253 - - [17/Jul/2023:00:15:31 -0500] "POST /kwsrmcab/Wsrmcab  HTTP/1.1" 200 42295
111.225.148.139 - - [17/Jul/2023:00:16:21 -0500] "GET /BLA/resoluciones/RESOLUCIONES%202016/1836.pdf HTTP/1.1" 200 365502
20.120.74.197 - - [17/Jul/2023:00:17:24 -0500] "GET /BLA/resoluciones/RESOLUCIONES%202012/0288.pdf HTTP/1.1" 200 418763
52.167.144.66 - - [17/Jul/2023:00:17:59 -0500] "GET /BLA/resoluciones/RESOLUCIONES%202019/2304.pdf HTTP/1.1" 304 -
216.245.221.92 - - [17/Jul/2023:00:19:03 -0500] "HEAD / HTTP/1.1" 200 -
186.103.23.233 - - [17/Jul/2023:00:19:07 -0500] "GET /calidad-del-aire-distrito-avanza-unido-por-un-nuevo-aire.html?utm_source=Meta_DIGI&utm_medium=CPMa&utm_campaign=Aire&utm_id=Julio_2023&fbclid=IwAR0WzXyxsmjH1N7Q1AaqjN23VheMmxbQFsa8sKEpGBhXbE4y3sK5Wjmz78A_aem_AVla3uSRwESYZVaCBAYHPm6Xtlugc8xGsKMTr5uHeVKyQuFH3UNX3_wLWKWeZy61Lyayu8EzAPe3mq4e_s7CoM06 HTTP/1.1" 200 783
181.61.206.55 - - [17/Jul/2023:00:19:11 -0500] "GET /calidad-del-aire-distrito-avanza-unido-por-un-nuevo-aire.html?utm_source=Meta_DIGI&utm_medium=CPMa&utm_campaign=Aire&utm_id=Julio_2023&fbclid=IwAR1_ys6Mx76nWweaMEk6kWV7_9rYsnB0igFNv-ec1yVKsQJpPMnGUGYJaJg_aem_AVmqkXj5wPLKYMz-keePXDjaxyXKIFrvpUM5KXUdjiyBnR_QMa8V8jHA8ine2yyCemw8eIHr6dqm6kTeqTsd1EMy HTTP/1.1" 200 783
191.156.233.107 - - [17/Jul/2023:00:19:16 -0500] "GET /calidad-del-aire-distrito-avanza-unido-por-un-nuevo-aire.html?utm_source=Meta_DIGI&utm_medium=CPMa&utm_campaign=Aire&utm_id=Julio_2023&fbclid=IwAR3GcpvpVJqTPKY-zvSn1uq-xUosJ-OF7iWKGpCzBLrTBNop2zNUjg4EfoU_aem_AVki7HK9He_l2cPjOcYaszlvsk4B1RHSoxyrKgBk9L-Ratd77sPcxsHznLCTU90TF_Sw8XciupKkxOcFO-oqMNqE HTTP/1.1" 200 783
201.245.192.253 - - [17/Jul/2023:00:20:02 -0500] "POST /kwsrmcab/Wsrmcab HTTP/1.1" 200 43497
201.245.192.253 - - [17/Jul/2023:00:20:05 -0500] "POST /kwsrmcab/Wsrmcab HTTP/1.1" 200 43081
111.225.148.55 - - [17/Jul/2023:00:20:22 -0500] "GET /BLA/resoluciones/RESOLUCIONES%202008/0926.pdf HTTP/1.1" 200 194707
172.22.2.4 - - [17/Jul/2023:00:18:45 -0500] "HEAD /BLA/boletinlegal/ HTTP/1.1" 200 -
201.245.192.253 - - [17/Jul/2023:00:20:30 -0500] "POST /kwsrmcab/Wsrmcab  HTTP/1.1" 200 42295
31.13.103.119 - - [17/Jul/2023:00:20:33 -0500] "GET /quieres-que-tu-proyecto-de-construccion-sostenible-sea-reconocido-enterate-como-postularte.html HTTP/1.1" 200 869
66.220.149.116 - - [17/Jul/2023:00:20:37 -0500] "GET /images/construccion-sostenible-.jpg HTTP/1.1" 200 82949
172.22.2.4 - - [17/Jul/2023:00:19:36 -0500] "GET /BLA/boletinlegal/ HTTP/1.1" 200 55337
165.1.173.142 - - [17/Jul/2023:00:22:00 -0500] "GET /siipev/Diseno%20de%20Elementos%20de%20Mobiliario%20Urbano/Otros%20Elementos/Infografia/Parte2/M-120.png HTTP/1.1" 304 -
65.154.226.170 - - [17/Jul/2023:00:22:07 -0500] "GET /siipev/diseno%20de%20elementos%20de%20mobiliario%20urbano/otros%20elementos/infografia/parte2/m-120.png HTTP/1.1" 200 14640
66.249.73.38 - - [17/Jul/2023:00:22:27 -0500] "-" 408 -
162.55.170.174 - - [17/Jul/2023:00:23:43 -0500] "GET / HTTP/1.1" 200 319
162.55.170.174 - - [17/Jul/2023:00:23:43 -0500] "GET / HTTP/1.1" 200 4720
216.245.221.92 - - [17/Jul/2023:00:24:03 -0500] "HEAD / HTTP/1.1" 200 -
172.22.2.4 - - [17/Jul/2023:00:22:44 -0500] "GET /BLA/boletinlegal/ HTTP/1.1" 200 53195
165.1.173.142 - - [17/Jul/2023:00:24:38 -0500] "GET /galeria/nivo-slider/demo/images/banner%20proredes.jpg HTTP/1.1" 304 -
201.245.192.253 - - [17/Jul/2023:00:25:29 -0500] "POST /kwsrmcab/Wsrmcab  HTTP/1.1" 200 42295
152.61.128.50 - - [17/Jul/2023:00:26:55 -0500] "GET / HTTP/1.1" 200 319
172.22.2.4 - - [17/Jul/2023:00:25:26 -0500] "GET /BLA/boletinlegal/ HTTP/1.1" 200 61035
52.167.144.100 - - [17/Jul/2023:00:28:21 -0500] "GET /Autoliquidacion/Fauna%20Silvestre/Manual%20tramite%20en%20linea/Aplicativo.html HTTP/1.1" 200 359
110.249.202.236 - - [17/Jul/2023:00:28:21 -0500] "GET /BLA/resoluciones/AUTOS%202015/1797.pdf HTTP/1.1" 200 575719
216.245.221.92 - - [17/Jul/2023:00:29:03 -0500] "HEAD / HTTP/1.1" 200 -
201.245.192.253 - - [17/Jul/2023:00:30:03 -0500] "POST /kwsrmcab/Wsrmcab HTTP/1.1" 200 43497
201.245.192.253 - - [17/Jul/2023:00:30:06 -0500] "POST /kwsrmcab/Wsrmcab HTTP/1.1" 200 43081
190.71.33.174 - - [17/Jul/2023:00:30:14 -0500] "GET / HTTP/1.1" 200 319
201.245.192.253 - - [17/Jul/2023:00:30:28 -0500] "POST /kwsrmcab/Wsrmcab  HTTP/1.1" 200 42295
111.225.148.78 - - [17/Jul/2023:00:32:22 -0500] "GET /BLA/resoluciones/AUTOS%202018/6301.pdf HTTP/1.1" 200 295414
172.22.2.4 - - [17/Jul/2023:00:31:16 -0500] "GET /BLA/boletinlegal/ HTTP/1.1" 200 61404
216.245.221.92 - - [17/Jul/2023:00:34:03 -0500] "HEAD / HTTP/1.1" 200 -
201.245.192.253 - - [17/Jul/2023:00:35:27 -0500] "POST /kwsrmcab/Wsrmcab  HTTP/1.1" 200 42295
191.108.37.25 - - [17/Jul/2023:00:35:53 -0500] "GET /calidad-del-aire-distrito-avanza-unido-por-un-nuevo-aire.html?utm_source=Meta_DIGI&utm_medium=CPMa&utm_campaign=Aire&utm_id=Julio_2023&gclid=EAIaIQobChMIuqGrv4KVgAMV3TdECB2EngsIEAEYASAAEgJik_D_BwE HTTP/1.1" 200 783
110.249.201.150 - - [17/Jul/2023:00:36:22 -0500] "GET /BLA/resoluciones/RESOLUCIONES%202015/1030.pdf HTTP/1.1" 200 625691
165.1.173.142 - - [17/Jul/2023:00:36:44 -0500] "GET /siipev/Diseno%20de%20Elementos%20de%20Mobiliario%20Urbano/Otros%20Elementos/Infografia/Parte2/M-144.png HTTP/1.1" 304 -
165.1.173.142 - - [17/Jul/2023:00:36:45 -0500] "GET /siipev/Diseno%20de%20Elementos%20de%20Mobiliario%20Urbano/Otros%20Elementos/Infografia/Parte2/M-121.png HTTP/1.1" 304 -
172.22.2.4 - - [17/Jul/2023:00:36:15 -0500] "HEAD /BLA/boletinlegal/ HTTP/1.1" 200 -
191.156.48.184 - - [17/Jul/2023:00:38:09 -0500] "GET /calidad-del-aire-distrito-avanza-unido-por-un-nuevo-aire.html?utm_source=Meta_DIGI&utm_medium=CPMa&utm_campaign=Aire&utm_id=Julio_2023&fbclid=IwAR1WzZoxZi_E0cPlqAXtkj1C5ymDZ7BwSaYhm8LOnM_h-dELMsEQRHOiUvc_aem_AVlJvxVPxudaa8wNjYOgCU4_EICeCRNqtGS6iTRI9aDW6ts8zwoT9xmT8Fx6POx7wkMe9By1eUd9k2a9syW431CC HTTP/1.1" 200 783
216.245.221.92 - - [17/Jul/2023:00:39:03 -0500] "HEAD / HTTP/1.1" 200 -
191.156.150.210 - - [17/Jul/2023:00:39:23 -0500] "GET /calidad-del-aire-distrito-avanza-unido-por-un-nuevo-aire.html?utm_source=Meta_DIGI&utm_medium=CPMa&utm_campaign=Aire&utm_id=Julio_2023&gclid=EAIaIQobChMIsv_-ooOVgAMVkj1ECB3jDAbIEAEYASAAEgI4tvD_BwE HTTP/1.1" 200 783
201.245.192.253 - - [17/Jul/2023:00:40:02 -0500] "POST /kwsrmcab/Wsrmcab HTTP/1.1" 200 43497
201.245.192.253 - - [17/Jul/2023:00:40:07 -0500] "POST /kwsrmcab/Wsrmcab HTTP/1.1" 200 43081
172.22.2.4 - - [17/Jul/2023:00:38:29 -0500] "GET /BLA/boletinlegal/ HTTP/1.1" 200 54453
172.22.2.4 - - [17/Jul/2023:00:38:30 -0500] "GET /BLA/boletinlegal/ HTTP/1.1" 200 53643
111.225.149.131 - - [17/Jul/2023:00:40:22 -0500] "GET /BLA/resoluciones/AUTOS%202017/3578.pdf HTTP/1.1" 200 273694
186.84.20.197 - - [17/Jul/2023:00:40:28 -0500] "GET /calidad-del-aire-distrito-avanza-unido-por-un-nuevo-aire.html?utm_source=Meta_DIGI&utm_medium=CPMa&utm_campaign=Aire&utm_id=Julio_2023&gclid=EAIaIQobChMI8_e7wIOVgAMVTaSfCh1vcgPPEAEYASAAEgLdffD_BwE HTTP/1.1" 200 783
201.245.192.253 - - [17/Jul/2023:00:40:26 -0500] "POST /kwsrmcab/Wsrmcab  HTTP/1.1" 200 42295
186.30.36.14 - - [17/Jul/2023:00:41:03 -0500] "GET /calidad-del-aire-distrito-avanza-unido-por-un-nuevo-aire.html?utm_source=Meta_DIGI&utm_medium=CPMa&utm_campaign=Aire&utm_id=Julio_2023&fbclid=IwAR3-6JyEwEHfl0kpdZPKzv4zecNXaJ28O2c1h2kNct1HkcNIrhxUpomWAds_aem_AVlsdL08vC9YKxk13UZ_gzuFztywTyCeaog2GWnDeNAfKLrwOq6WInBC85BgE4jHQ9UIPqaYo19iVMIWlMSC91F1 HTTP/1.1" 200 783
181.237.254.180 - - [17/Jul/2023:00:41:29 -0500] "GET /calidad-del-aire-distrito-avanza-unido-por-un-nuevo-aire.html?utm_source=Meta_DIGI&utm_medium=CPMa&utm_campaign=Aire&utm_id=Julio_2023&fbclid=IwAR2o9ZZ44zZQj_XBuATQ07jznWObg0GP7a1_fIsYeQbAbSoq9G-D4pTd-zc_aem_AVmfzXPMpIb9ptVCU3aGrg-8pNQc4gocp-r_0mj3YK3Vo1ueE32je53AioTHJ2xwPDcFQ4QfMOa6uii7LOirn28S HTTP/1.1" 200 783
31.13.127.11 - - [17/Jul/2023:00:43:20 -0500] "GET /images/camino-guadalupe-aguanoso.jpg HTTP/1.1" 200 103489
165.1.173.142 - - [17/Jul/2023:00:43:37 -0500] "GET /siipev/Diseno%20de%20Elementos%20de%20Mobiliario%20Urbano/Otros%20Elementos/Infografia/Parte2/M-62.png HTTP/1.1" 304 -
172.22.2.4 - - [17/Jul/2023:00:42:05 -0500] "HEAD /BLA/boletinlegal/ HTTP/1.1" 200 -
216.245.221.92 - - [17/Jul/2023:00:44:03 -0500] "HEAD / HTTP/1.1" 200 -
111.225.149.137 - - [17/Jul/2023:00:44:22 -0500] "GET /BLA/resoluciones/AUTOS%202012/2329.pdf HTTP/1.1" 200 1037609
181.237.38.242 - - [17/Jul/2023:00:44:33 -0500] "GET /calidad-del-aire-distrito-avanza-unido-por-un-nuevo-aire.html?utm_source=Meta_DIGI&utm_medium=CPMa&utm_campaign=Aire&utm_id=Julio_2023&gclid=EAIaIQobChMI16jYjISVgAMV1khHAR1xrg4yEAEYASAAEgIaxfD_BwE HTTP/1.1" 200 783
172.22.2.4 - - [17/Jul/2023:00:42:55 -0500] "GET /BLA/boletinlegal/ HTTP/1.1" 200 58079
201.245.192.253 - - [17/Jul/2023:00:45:25 -0500] "POST /kwsrmcab/Wsrmcab  HTTP/1.1" 200 42295
152.61.192.232 - - [17/Jul/2023:00:47:23 -0500] "GET /arcgis/services/Calidad_del_Agua_WQI/MapServer/WMSServer?request=GetCapabilities&service=WMS HTTP/1.1" 503 1020
152.61.192.232 - - [17/Jul/2023:00:47:24 -0500] "GET /arcgis/services/Calidad_del_Agua_WQI/MapServer/WMSServer?SERVICE=WMS&REQUEST=GetCapabilities HTTP/1.1" 503 1020
152.61.192.232 - - [17/Jul/2023:00:47:24 -0500] "GET /arcgis/services/Calidad_del_Agua_WQI/MapServer/WMSServer?WMTVER=1.0.0&REQUEST=capabilities HTTP/1.1" 503 1020
173.252.79.3 - - [17/Jul/2023:00:48:12 -0500] "GET /images/construccion-sostenible-.jpg HTTP/1.1" 200 82949
173.252.79.5 - - [17/Jul/2023:00:48:12 -0500] "GET /images/camino-guadalupe-aguanoso.jpg HTTP/1.1" 200 103489
173.252.79.119 - - [17/Jul/2023:00:48:12 -0500] "GET /images/Caminatas-ecologicas-julio.jpg HTTP/1.1" 200 480557
110.249.201.201 - - [17/Jul/2023:00:48:22 -0500] "GET /BLA/resoluciones/RESOLUCIONES%202015/0444.pdf HTTP/1.1" 200 991653
216.245.221.92 - - [17/Jul/2023:00:49:03 -0500] "HEAD / HTTP/1.1" 200 -
172.22.2.4 - - [17/Jul/2023:00:47:55 -0500] "HEAD /BLA/boletinlegal/ HTTP/1.1" 200 -
172.22.2.4 - - [17/Jul/2023:00:48:45 -0500] "GET /BLA/boletinlegal/ HTTP/1.1" 200 54453
201.245.192.253 - - [17/Jul/2023:00:50:25 -0500] "POST /kwsrmcab/Wsrmcab  HTTP/1.1" 200 42295
191.95.53.55 - - [17/Jul/2023:00:50:51 -0500] "GET /calidad-del-aire-distrito-avanza-unido-por-un-nuevo-aire.html?utm_source=Meta_DIGI&utm_medium=CPMa&utm_campaign=Aire&utm_id=Julio_2023&fbclid=IwAR2MidbVUwJ3O_CBKBGRHjokwEoHizhWfJolttPCr_q_StGSrCF_fauYds4_aem_AVlAkmpmJTNFj0s2JLPiIFaHTWDuQjReTRyvfJEF0_aTHNBI1caqlrTyVXJ2NUtmomnfjZ3vLUOHZlXQNxDThimS HTTP/1.1" 200 783
111.225.149.153 - - [17/Jul/2023:00:52:22 -0500] "GET /BLA/resoluciones/AUTOS%202010/5637.pdf HTTP/1.1" 200 416092
216.245.221.92 - - [17/Jul/2023:00:54:03 -0500] "HEAD / HTTP/1.1" 200 -
191.95.56.59 - - [17/Jul/2023:00:54:40 -0500] "GET /calidad-del-aire-distrito-avanza-unido-por-un-nuevo-aire.html?utm_source=Meta_DIGI&utm_medium=CPMa&utm_campaign=Aire&utm_id=Julio_2023&fbclid=IwAR3eskUQ-UNfU6qGdn7H9PDNjrSFQUzYSw7VTvCkCFY215fGXH_aNhAnZWs_aem_AVnON9TXjg3VPqF9M4zzjHAcATEyOXrY0lB2JyqS-3arxxH-QZc-HHZqylobyPIsH5yGqwZ59a1KDLEa_0VqGqa1 HTTP/1.1" 200 783
172.22.2.4 - - [17/Jul/2023:00:53:45 -0500] "HEAD /BLA/boletinlegal/ HTTP/1.1" 200 -
201.245.192.253 - - [17/Jul/2023:00:55:24 -0500] "POST /kwsrmcab/Wsrmcab  HTTP/1.1" 200 42295
172.22.2.4 - - [17/Jul/2023:00:54:35 -0500] "GET /BLA/boletinlegal/ HTTP/1.1" 200 56452
110.249.201.85 - - [17/Jul/2023:00:56:23 -0500] "GET /BLA/resoluciones/AUTOS%202016/3145.pdf HTTP/1.1" 200 357199
94.102.61.10 - - [17/Jul/2023:00:58:33 -0500] "GET /portaldeninos/ HTTP/1.1" 200 14393
216.245.221.92 - - [17/Jul/2023:00:59:03 -0500] "HEAD / HTTP/1.1" 200 -
111.225.149.131 - - [17/Jul/2023:01:00:22 -0500] "GET /BLA/resoluciones/AUTOS%202016/1416.pdf HTTP/1.1" 200 363623
201.245.192.253 - - [17/Jul/2023:01:00:22 -0500] "POST /kwsrmcab/Wsrmcab  HTTP/1.1" 200 42295
40.77.167.161 - - [17/Jul/2023:01:00:45 -0500] "GET /galeria/galeria/fotos/Capellania2G.jpg HTTP/1.1" 200 523013
173.252.95.119 - - [17/Jul/2023:01:00:50 -0500] "GET /calidad-del-aire-distrito-avanza-unido-por-un-nuevo-aire.html?utm_id=Julio_2023 HTTP/1.1" 200 783
165.1.173.142 - - [17/Jul/2023:01:01:55 -0500] "GET /siipev/Diseno%20de%20Elementos%20de%20Mobiliario%20Urbano/Otros%20Elementos/Infografia/Parte2/M-145.png HTTP/1.1" 304 -
65.154.226.169 - - [17/Jul/2023:01:02:00 -0500] "GET /siipev/diseno%20de%20elementos%20de%20mobiliario%20urbano/otros%20elementos/infografia/parte2/m-145.png HTTP/1.1" 200 24761
66.249.77.197 - - [17/Jul/2023:01:02:05 -0500] "-" 408 -
172.22.2.4 - - [17/Jul/2023:01:00:26 -0500] "GET /BLA/boletinlegal/ HTTP/1.1" 200 61404
190.27.140.167 - - [17/Jul/2023:01:03:30 -0500] "GET /calidad-del-aire-distrito-avanza-unido-por-un-nuevo-aire.html?utm_source=Meta_DIGI&utm_medium=CPMa&utm_campaign=Aire&utm_id=Julio_2023&gclid=EAIaIQobChMIy6a4sIeVgAMVlx3QBB3mKQ-DEAEYASAAEgK2_vD_BwE HTTP/1.1" 200 783
190.67.151.202 - - [17/Jul/2023:01:03:48 -0500] "GET /kwssiamovil/sm/acme/a?s=U2FsdGVkX1+JrEzQfF2ZpNEvx3q4UBvyEzV2aEPp0xS9WR6RbKZHDOACqmdcNfqBT445BJPMcjMOtknNVg4E8te2jHYUnm8eS+hmXBBarVKIDfGH9SdohnwmkXqfzIvRE1pLbOe8ckuz7Rllwff3DPs6q7sfkPfbzqmJq734H0rp+jRCe8dkNyOtyqrKyxA2cg1joHOghyfnA98nWOMoYEFimNndHHJoEKL4vSlenFyR74YiEyX/IMxHmYcpwZ0f6FGnaqeXK/eqM4vpAxYweg==&u=U2FsdGVkX19/n+yg0Twkd6ujvc6Sg1rjRA/wHFM21YlgW8ySh8WwUssyitWF9KsC&y=U2FsdGVkX1/5VoPadtlnOz+g24ghNGO7pMbjyG00WN8ESP/R95XUr4lDn2x3a7I+ HTTP/1.1" 200 26
190.67.151.202 - - [17/Jul/2023:01:03:49 -0500] "GET /kwssiamovil/sm/acme/a?s=U2FsdGVkX18Y5ByvWnMv4BVAZakokezuzo6ePZRLxnBiYpFZzbFL49OGHR/pb7PDaRSx5Y1CSzZ1M66KY+jHyCj1F41XyaZwYJXfQxZ2anDJzmEWEhaQeUtt0J7JypBgjQUTvpM64SX5jO0YadCIl45NUtYfYhjAnYMYSc0xiDZI5CvfDuBGKxh0hCBE31Ofam72BDUf4YbfGPXb7KFQIGHjuuYkH5tMgfLhpf0ph0gxJS+Dij7Uq0yAQQY814vgCMon7kLtp/7UodngSwuxE3X/Arpr63kGedB0YBt7vQV1Qj9JR1IVPf9xpHPxoTctBGl2hIHmNsgMGH9NeYX9DqAPGpqT86LBLfGMva+iFOeyEeeLmVimAWMExKcFpaG+/RetXsmtSHGy4So0bTcSoUy80oxF5EuWD6hFuJ9br2T8w4YrEwrKlAXdfy/FXOK3n5OlOxZDeO+Ai6YuqXpD+rBFDrAT0Z4rlFmMc/0hphcXWoWJFDq9X7u/yWxBqEDfpAF7xONow97k+rV3oQ/cc75e4bSaP+p6WjK6qf6Jbn45hQ/E0GmWOJBPcd/E+kZe2fkFHtOQMRk8PaTFdAMe5RE51Zq/yp7UVpTaRZ05DXipxkdbu6s/5DloTOMEPZwq+RESOQh3vSYaRLciSx70PrpB/g9lobfGj3rOo+SzgRodLuk5Y+t/jWjDDQqBNvhkopcbQ8+aDQ5fWqL5n+XJMdutsR4Q8DNBnUkZmdtorR0unLPq8j+NyENFg8w4OF/T6StFsXEhmDu7asjs9R/KqfcDY7spbYSNv77TxOsMNn6Mr1RNqoBZiuXVlFoe1mCoV/YWgReZH1fq7HzXeJOA/myiJEm8ua1/Oem/yCXVB6YxHHBrOSKvTErsIxXtuQovAqgJ7PenOv3GiL/jxoflQUi6uk3Qjs014TS9G0d9rQY+vP6lhp9T+OcaBY2qjUdUxZtFZOfjssYhjowz6ieo/d/LFXFp8Gg0dhYuAwWmlTpwgX9pUAUC1ILZPvXdWCT9aYFNpcurzKS9cO8Yy5j+Cz5pu4aLAVE6d+N3Acd/L23Xv7i/qAkTVpUXDGqOAdm/rzF+lH8kXiqEiVjUVbnGUkoWgc63cf3exfIXxQz3xBlmCpbJ8k1LP0IaFOAgCxRjzLXJikaE4Z1mHo7OfQPnMTWjbvzouADFZ/fEZGArFkKoHxkuxzOKjJb3ZeI3RoUwuSaaMrIiZNMycLabbuNHnpKZT4ex2MbhPCV64Ewmk0AqLwDWZOCEAoR8XjsMGtZuTsBJ2uSGBcfThtlbS3k+qLGUrC6a105PDJwhyQ4dgTvdL7IGMfrsaQih/NrlQHveWPkhsgHToco4hGIPvPGBTdS0Z7e1NvDLJ0DO8GmBV2P4mR0CYueKT7kJ3kDG61usj51d48EqUlPuoJJUXcPS5uWDb1BsYQf1GZvF/qiemKdQenbu3uU2pyQCRMfATqyd6TJcIVzm/wM3CoCsukDvQY9LeD5Q8c2i4EkGhRS0rQoQFrKB5fKguo0fAjbDgXSmgV4MjtQmYJd7KTyDm6J9Dy1ZBw8a+oJeebgLejkEgKdA7IMvSZRNqC1+ToCZUYH6f820AOAjO7LI+EOn6fBiakrFHx8m5pyVOQnhGYNE/XaFrwN38rah7nTolSuvzYjiywFaXWX0cSXJmxmGT04b+BCGPw5+T2OAvvQyhWc5lfsn4k6g1+W9pZLGDISKz//dhhp6N5RarHRzxMAr9JE0lNYABp0/K8NCeVPE+a4DyawFAIskQbrlUZf6bwfECcKzGd7AsySklnU6hXyerspM29uqI5BuZUxuCNcJ395naRRb1Nzojbm1Y0O+HI3wGE0PCNvRUfu9fdpGLY3rzAwYvYi+IteCb7UfATT2/5urooUliOhWHCZqgyAttJLpEwa+3/FY2BPA+HOAzSImkkT7PZX0/iwm/56WBnO4arvEGQOqv6XjGhB1ZrwBG4f109iRc8oeX9up0oMn8U0PwcMYf2QQdxKCZq4j/eqNOMTWgsP3tuX9lK2nRc7+ksbFnUCwpB0JfZCW16lTUf7c1sNgx4oyuHOzezA7GBGqBAQYdmpy5t0cM+VBLEsinNG7o3XnRyEY9D6Mf8xOUQAQ0r7f05MQwnQO4wvxR1lwK4kyQYHo5gIvD8Y2IRz/F/fbHFSaMDjfJ8zXcNXz/5E6tarOTHnsrTtK6dpaEQffxR4YgK8tFG/EBiJEnklKpGZ/E3/+0DU9tIBNYv5/BqV9cne91tWY4xbFU80D7jo3ab7pexLGAoFEs3MPH8SFyMPW6vweemqVq9GLk601+YHbVJh5oQla897sV0YpAQrOS+X0BEjH1MuTvPExNbOVkXaAZjeQzgcp1L2sukCgEQwOHsAwf5EzfaTFWGtWw/ZhQSE/YlLrDF8ru25AOE9jFtBHTcQfJG00OMJ6VcEFdZ35lRfijOL+0txJR+m+H2e1HhRA+PKRpTl8RMQYNcioMmWaYdVyywqv9IPcM2UmD10Wfj5miueuPRZDwIws2tl0UVcqcRZ9cq1pS1CjkLokm1kI2ewIrpW8M0vgt8gmeMMxmyQ8qBy2RrToVS+8qO5NCWg5bXVsE1HlHap/Hxk/I9zeqpJz2gMHfNbucUcdPNWELddAmTYTAyXOUDL8S/PjtngJk6sRpV7aJgd3kbbLeKbDNc38&u=U2FsdGVkX19/n+yg0Twkd6ujvc6Sg1rjRA/wHFM21YlgW8ySh8WwUssyitWF9KsC&y=U2FsdGVkX1/5VoPadtlnOz+g24ghNGO7pMbjyG00WN8ESP/R95XUr4lDn2x3a7I+ HTTP/1.1" 200 26
190.67.151.202 - - [17/Jul/2023:01:03:49 -0500] "GET /kwssiamovil/sm/acme/a?s=U2FsdGVkX1+yX6dfLaoQftPVg0kV8YrqynWdh46vfx2+Ng78UCz8M7rwCzlMN05+wXkWej68ydAQ3rmXbO1MdlQCpI2vuc3IUBV2myBBG+S09lGsIhyElS4JFiXMMsJ/+8Pq2W+Zzy4ar0wkhJqd5faJg9U29iJtOVpZmVba86g=&u=U2FsdGVkX19/n+yg0Twkd6ujvc6Sg1rjRA/wHFM21YlgW8ySh8WwUssyitWF9KsC&y=U2FsdGVkX1/5VoPadtlnOz+g24ghNGO7pMbjyG00WN8ESP/R95XUr4lDn2x3a7I+ HTTP/1.1" 200 26
190.67.151.202 - - [17/Jul/2023:01:03:50 -0500] "GET /kwssiamovil/sm/acme/a?s=U2FsdGVkX18JtQkzhkCWkSf8r89GIQi2AKBjSjpD0ddqf10AQBEDx21n9DW7PW+gxGOFZbBBN0+yzn9KctTLgek1sTub420dR858Eh4nCNaZCfFMFD/uHKoCb9FrqLC6itv+qFiHdPzY4GIUwtreLIw7vgZIZX3pzCyX1hruivg=&u=U2FsdGVkX19/n+yg0Twkd6ujvc6Sg1rjRA/wHFM21YlgW8ySh8WwUssyitWF9KsC&y=U2FsdGVkX1/5VoPadtlnOz+g24ghNGO7pMbjyG00WN8ESP/R95XUr4lDn2x3a7I+ HTTP/1.1" 200 26
190.67.151.202 - - [17/Jul/2023:01:03:50 -0500] "GET /kwssiamovil/sm/acme/a?s=U2FsdGVkX1/wRAxsmX55UFYKIQW7h8KM66ECJZhzZqgGq9cbqQlYND+4c7uHhAfFhhbyogXBnkso8rUYaJ3tGmupoYaI9CQT12VW0k0RQkJ5oBiU4pAZJGSJCGjQQAxHV/7DMCz6SfB9AmkRB+MUi/5omMWj/MMquZ56HQIUPjY=&u=U2FsdGVkX19/n+yg0Twkd6ujvc6Sg1rjRA/wHFM21YlgW8ySh8WwUssyitWF9KsC&y=U2FsdGVkX1/5VoPadtlnOz+g24ghNGO7pMbjyG00WN8ESP/R95XUr4lDn2x3a7I+ HTTP/1.1" 200 26
190.67.151.202 - - [17/Jul/2023:01:03:50 -0500] "GET /kwssiamovil/sm/acme/a?s=U2FsdGVkX18Woj2FrjU7vsUA0qgYf91LakE7OAOcZtrRH4irXUS1kuYKQuNSE0LtveCYpvgfObTuqz+xK8EIzTrAxO18EZllKp54x1iZ9GAbYDu3zUEdBJrxgyQm0JLVpe9uSqfZmik4oSDY5WTj4HpkqI2FZZEQlhIGjhy8gbvgC55o9keVibHjPwlIJoWyxw+GRtmMGypH1yFMimZN+w==&u=U2FsdGVkX19/n+yg0Twkd6ujvc6Sg1rjRA/wHFM21YlgW8ySh8WwUssyitWF9KsC&y=U2FsdGVkX1/5VoPadtlnOz+g24ghNGO7pMbjyG00WN8ESP/R95XUr4lDn2x3a7I+ HTTP/1.1" 200 26
216.245.221.92 - - [17/Jul/2023:01:04:03 -0500] "HEAD / HTTP/1.1" 200 -
110.249.201.64 - - [17/Jul/2023:01:04:23 -0500] "GET /BLA/resoluciones/AUTOS%202019/3201.pdf HTTP/1.1" 200 284042
172.22.2.4 - - [17/Jul/2023:01:04:10 -0500] "GET /BLA/boletinlegal/?XDEBUG_SESSION_START=phpstorm HTTP/1.1" 200 24523
201.245.192.253 - - [17/Jul/2023:01:05:20 -0500] "POST /kwsrmcab/Wsrmcab  HTTP/1.1" 200 42295
172.22.2.4 - - [17/Jul/2023:01:05:25 -0500] "HEAD /BLA/boletinlegal/ HTTP/1.1" 200 -
172.22.2.4 - - [17/Jul/2023:01:06:15 -0500] "GET /BLA/boletinlegal/ HTTP/1.1" 200 54079
111.225.148.65 - - [17/Jul/2023:01:08:24 -0500] "GET /BLA/resoluciones/RESOLUCIONES%202011/2409.pdf HTTP/1.1" 200 312318
34.78.249.41 - - [17/Jul/2023:01:08:36 -0500] "GET / HTTP/1.1" 200 319
216.245.221.92 - - [17/Jul/2023:01:09:03 -0500] "HEAD / HTTP/1.1" 200 -
201.221.172.75 - - [17/Jul/2023:01:10:00 -0500] "GET /calidad-del-aire-distrito-avanza-unido-por-un-nuevo-aire.html?utm_source=Meta_DIGI&utm_medium=CPMa&utm_campaign=Aire&utm_id=Julio_2023&fbclid=IwAR0RJaJj9zq1UYFo4LoWSFfemgWXyyg_BKWMbwDD5dkakfGNm015y_dhLrA_aem_AVkwsJpV41kntIdTNMZXxmVVWWDvBZNovxJYADDVRexJh6DQeUGauUsif6xd70y3DiJWvclq_oBCf8X89wlOuTWq HTTP/1.1" 200 783
172.104.35.161 - - [17/Jul/2023:01:10:00 -0500] "GET /.env HTTP/1.1" 404 1034
172.104.35.161 - - [17/Jul/2023:01:10:01 -0500] "POST / HTTP/1.1" 200 4720
201.245.192.253 - - [17/Jul/2023:01:10:19 -0500] "POST /kwsrmcab/Wsrmcab  HTTP/1.1" 200 42295
172.104.35.161 - - [17/Jul/2023:01:10:36 -0500] "GET /sendgrid/.env HTTP/1.1" 404 1034
172.104.35.161 - - [17/Jul/2023:01:10:36 -0500] "POST / HTTP/1.1" 200 4720
172.104.35.161 - - [17/Jul/2023:01:10:59 -0500] "GET /.env HTTP/1.1" 404 1034
111.225.149.197 - - [17/Jul/2023:01:12:24 -0500] "GET /BLA/resoluciones/AUTOS%202018/6291.pdf HTTP/1.1" 200 256460
172.22.2.4 - - [17/Jul/2023:01:11:15 -0500] "HEAD /BLA/boletinlegal/ HTTP/1.1" 200 -
172.22.2.4 - - [17/Jul/2023:01:12:05 -0500] "GET /BLA/boletinlegal/ HTTP/1.1" 200 56816
216.245.221.92 - - [17/Jul/2023:01:14:03 -0500] "HEAD / HTTP/1.1" 200 -
52.167.144.24 - - [17/Jul/2023:01:14:38 -0500] "GET /BLA/resoluciones/AUTOS%202023/3472.pdf HTTP/1.1" 200 429930
201.245.192.253 - - [17/Jul/2023:01:15:18 -0500] "POST /kwsrmcab/Wsrmcab  HTTP/1.1" 200 42295
69.171.251.6 - - [17/Jul/2023:01:15:30 -0500] "GET /quieres-que-tu-proyecto-de-construccion-sostenible-sea-reconocido-enterate-como-postularte.html HTTP/1.1" 200 869
111.225.148.181 - - [17/Jul/2023:01:16:25 -0500] "GET /BLA/resoluciones/RESOLUCIONES%202012/0746.pdf HTTP/1.1" 200 279355
165.1.173.142 - - [17/Jul/2023:01:16:51 -0500] "GET /siipev/Diseno%20de%20Elementos%20de%20Mobiliario%20Urbano/Otros%20Elementos/Infografia/Parte2/M-71.png HTTP/1.1" 304 -
69.63.184.118 - - [17/Jul/2023:01:17:25 -0500] "GET /images/camino-guadalupe-aguanoso.jpg HTTP/1.1" 200 103489
186.84.20.228 - - [17/Jul/2023:01:18:04 -0500] "GET /calidad-del-aire-distrito-avanza-unido-por-un-nuevo-aire.html?utm_source=Meta_DIGI&utm_medium=CPMa&utm_campaign=Aire&utm_id=Julio_2023&gclid=EAIaIQobChMI5duo-IuVgAMVbdHjBx3T9A3xEAEYASAAEgJ2uPD_BwE HTTP/1.1" 200 783
172.22.2.4 - - [17/Jul/2023:01:17:05 -0500] "HEAD /BLA/boletinlegal/ HTTP/1.1" 200 -
216.245.221.92 - - [17/Jul/2023:01:19:03 -0500] "HEAD / HTTP/1.1" 200 -
172.22.2.4 - - [17/Jul/2023:01:17:55 -0500] "GET /BLA/boletinlegal/ HTTP/1.1" 200 55337
201.245.192.253 - - [17/Jul/2023:01:20:03 -0500] "POST /kwsrmcab/Wsrmcab HTTP/1.1" 200 43215
201.245.192.253 - - [17/Jul/2023:01:20:06 -0500] "POST /kwsrmcab/Wsrmcab HTTP/1.1" 200 42784
201.245.192.253 - - [17/Jul/2023:01:20:16 -0500] "POST /kwsrmcab/Wsrmcab  HTTP/1.1" 200 42295
111.225.149.133 - - [17/Jul/2023:01:20:28 -0500] "GET /BLA/resoluciones/AUTOS%202009/0556.pdf HTTP/1.1" 200 124434
216.245.221.92 - - [17/Jul/2023:01:24:03 -0500] "HEAD / HTTP/1.1" 200 -
111.225.149.115 - - [17/Jul/2023:01:24:26 -0500] "GET /BLA/resoluciones/AUTOS%202015/3982.pdf HTTP/1.1" 200 713546
172.22.2.4 - - [17/Jul/2023:01:22:55 -0500] "HEAD /BLA/boletinlegal/ HTTP/1.1" 200 -
172.22.2.4 - - [17/Jul/2023:01:24:57 -0500] "GET /BLA/boletinlegal/consulta_actos.php?tipo=resoluciones&no=&usuario=&sector=&fecha=2023&resuelve= HTTP/1.1" 200 139739
172.22.2.4 - - [17/Jul/2023:01:24:57 -0500] "GET /BLA/boletinlegal/images/background.gif HTTP/1.1" 200 -
201.245.192.253 - - [17/Jul/2023:01:25:14 -0500] "POST /kwsrmcab/Wsrmcab  HTTP/1.1" 200 42295
172.22.2.4 - - [17/Jul/2023:01:23:45 -0500] "GET /BLA/boletinlegal/ HTTP/1.1" 200 56100
172.22.2.4 - - [17/Jul/2023:01:25:34 -0500] "GET /BLA/boletinlegal/actos.php HTTP/1.1" 200 9682
172.22.2.4 - - [17/Jul/2023:01:25:34 -0500] "GET /BLA/boletinlegal/js/ajax_actos.js HTTP/1.1" 200 1322
172.22.2.4 - - [17/Jul/2023:01:25:34 -0500] "GET /BLA/boletinlegal/niceforms-default.css HTTP/1.1" 200 6694
172.22.2.4 - - [17/Jul/2023:01:25:34 -0500] "GET /BLA/boletinlegal/style.css HTTP/1.1" 200 9406
172.22.2.4 - - [17/Jul/2023:01:25:34 -0500] "GET /BLA/boletinlegal/niceforms.js HTTP/1.1" 200 22876
172.22.2.4 - - [17/Jul/2023:01:25:34 -0500] "GET /BLA/boletinlegal/js/lib.js HTTP/1.1" 200 6474
172.22.2.4 - - [17/Jul/2023:01:25:34 -0500] "GET /BLA/boletinlegal/js/popup.js HTTP/1.1" 200 1270
172.22.2.4 - - [17/Jul/2023:01:25:34 -0500] "GET /BLA/boletinlegal/js/jquery1.js HTTP/1.1" 200 29846
172.22.2.4 - - [17/Jul/2023:01:25:34 -0500] "GET /BLA/boletinlegal/styles2.css HTTP/1.1" 200 1838
172.22.2.4 - - [17/Jul/2023:01:25:34 -0500] "GET /BLA/boletinlegal/images/cabezote%20BLEGAL.jpg HTTP/1.1" 200 118164
172.22.2.4 - - [17/Jul/2023:01:25:34 -0500] "GET /BLA/boletinlegal/images/subscribe-icon-big.png HTTP/1.1" 200 47702
172.22.2.4 - - [17/Jul/2023:01:25:34 -0500] "GET /BLA/boletinlegal/images/historia.png HTTP/1.1" 200 52775
172.22.2.4 - - [17/Jul/2023:01:25:34 -0500] "GET /BLA/boletinlegal/images/registro-usuarios.png HTTP/1.1" 200 8106
172.22.2.4 - - [17/Jul/2023:01:25:34 -0500] "GET /BLA/boletinlegal/images/green-yellow-blue-pink-th.png HTTP/1.1" 200 7394
172.22.2.4 - - [17/Jul/2023:01:25:34 -0500] "GET /BLA/boletinlegal/images/tel.png HTTP/1.1" 200 14477
172.22.2.4 - - [17/Jul/2023:01:25:34 -0500] "GET /BLA/boletinlegal/images/icono-email.png HTTP/1.1" 200 5544
172.22.2.4 - - [17/Jul/2023:01:25:34 -0500] "GET /BLA/boletinlegal/images/body_bg.jpg HTTP/1.1" 200 1601
172.22.2.4 - - [17/Jul/2023:01:25:34 -0500] "GET /BLA/boletinlegal/images/bg_top.jpg HTTP/1.1" 200 522
172.22.2.4 - - [17/Jul/2023:01:25:34 -0500] "GET /BLA/boletinlegal/images/footer_bg.jpg HTTP/1.1" 200 586
172.22.2.4 - - [17/Jul/2023:01:25:34 -0500] "GET /BLA/boletinlegal/images/menu_lft.gif HTTP/1.1" 200 1713
172.22.2.4 - - [17/Jul/2023:01:25:34 -0500] "GET /BLA/boletinlegal/images/menu_rght.gif HTTP/1.1" 200 1627
172.22.2.4 - - [17/Jul/2023:01:25:34 -0500] "GET /BLA/boletinlegal/images/menu_bg.jpg HTTP/1.1" 200 620
172.22.2.4 - - [17/Jul/2023:01:25:34 -0500] "GET /BLA/boletinlegal/images/text.jpg HTTP/1.1" 200 568
172.22.2.4 - - [17/Jul/2023:01:25:34 -0500] "GET /BLA/boletinlegal/images/footer_bg_l.jpg HTTP/1.1" 200 776
172.22.2.4 - - [17/Jul/2023:01:25:34 -0500] "GET /BLA/boletinlegal/images/hover.jpg HTTP/1.1" 200 640
172.22.2.4 - - [17/Jul/2023:01:25:34 -0500] "GET /BLA/boletinlegal/img/button-left.png HTTP/1.1" 200 57071
172.22.2.4 - - [17/Jul/2023:01:25:34 -0500] "GET /BLA/boletinlegal/img/select-right.png HTTP/1.1" 200 44019
172.22.2.4 - - [17/Jul/2023:01:25:34 -0500] "GET /BLA/boletinlegal/img/0.png HTTP/1.1" 200 110
172.22.2.4 - - [17/Jul/2023:01:25:34 -0500] "GET /BLA/boletinlegal/img/select-left.png HTTP/1.1" 200 263
172.22.2.4 - - [17/Jul/2023:01:25:34 -0500] "GET /BLA/boletinlegal/img/button.png HTTP/1.1" 200 43241
172.22.2.4 - - [17/Jul/2023:01:25:34 -0500] "GET /BLA/boletinlegal/img/button-right.png HTTP/1.1" 200 57878
172.22.2.4 - - [17/Jul/2023:01:25:34 -0500] "GET /BLA/boletinlegal/favicon.ico HTTP/1.1" 404 1326
172.22.2.4 - - [17/Jul/2023:01:25:40 -0500] "GET /BLA/boletinlegal/consulta_actos.php?tipo=resoluciones&no=&usuario=&sector=&fecha=2023&resuelve= HTTP/1.1" 200 139739
69.171.249.6 - - [17/Jul/2023:01:26:13 -0500] "GET /images/construccion-sostenible-.jpg HTTP/1.1" 200 82949
152.61.128.50 - - [17/Jul/2023:01:27:14 -0500] "GET /arcgis/services/Calidad_del_Agua_WQI/MapServer/WMSServer?request=GetCapabilities&service=WMS HTTP/1.1" 503 1020
152.61.128.50 - - [17/Jul/2023:01:27:15 -0500] "GET /arcgis/services/Calidad_del_Agua_WQI/MapServer/WMSServer?SERVICE=WMS&REQUEST=GetCapabilities HTTP/1.1" 503 1020
152.61.128.50 - - [17/Jul/2023:01:27:15 -0500] "GET /arcgis/services/Calidad_del_Agua_WQI/MapServer/WMSServer?WMTVER=1.0.0&REQUEST=capabilities HTTP/1.1" 503 1020
111.225.148.203 - - [17/Jul/2023:01:28:25 -0500] "GET /BLA/resoluciones/AUTOS%202009/0994.pdf HTTP/1.1" 200 183670
40.77.167.161 - - [17/Jul/2023:01:28:48 -0500] "GET /BLA/resoluciones/AUTOS%202022/0121.pdf HTTP/1.1" 304 -
216.245.221.92 - - [17/Jul/2023:01:29:03 -0500] "HEAD / HTTP/1.1" 200 -
201.245.192.253 - - [17/Jul/2023:01:30:02 -0500] "POST /kwsrmcab/Wsrmcab HTTP/1.1" 200 43215
201.245.192.253 - - [17/Jul/2023:01:30:05 -0500] "POST /kwsrmcab/Wsrmcab HTTP/1.1" 200 42784
201.245.192.253 - - [17/Jul/2023:01:30:13 -0500] "POST /kwsrmcab/Wsrmcab  HTTP/1.1" 200 42295
172.22.2.4 - - [17/Jul/2023:01:28:45 -0500] "HEAD /BLA/boletinlegal/ HTTP/1.1" 200 -
172.22.2.4 - - [17/Jul/2023:01:29:35 -0500] "GET /BLA/boletinlegal/ HTTP/1.1" 200 55739
110.249.202.75 - - [17/Jul/2023:01:32:25 -0500] "GET /BLA/resoluciones/RESOLUCIONES%202014/1348.pdf HTTP/1.1" 200 544716
157.90.254.89 - - [17/Jul/2023:01:32:34 -0500] "GET / HTTP/1.1" 200 4720
157.90.254.89 - - [17/Jul/2023:01:32:36 -0500] "GET / HTTP/1.1" 200 319
216.245.221.92 - - [17/Jul/2023:01:34:03 -0500] "HEAD / HTTP/1.1" 200 -
201.245.192.253 - - [17/Jul/2023:01:35:12 -0500] "POST /kwsrmcab/Wsrmcab  HTTP/1.1" 200 42295
172.22.2.4 - - [17/Jul/2023:01:34:35 -0500] "HEAD /BLA/boletinlegal/ HTTP/1.1" 200 -
52.221.155.142 - - [17/Jul/2023:01:36:22 -0500] "-" 408 -
110.249.201.11 - - [17/Jul/2023:01:36:26 -0500] "GET /BLA/resoluciones/AUTOS%202017/3716.pdf HTTP/1.1" 200 275182
172.22.2.4 - - [17/Jul/2023:01:35:25 -0500] "GET /BLA/boletinlegal/ HTTP/1.1" 200 56100
172.22.2.4 - - [17/Jul/2023:01:39:09 -0500] "GET /BLA/boletinlegal/Circulares/2012/Circular%20No.%204%20del%2019%20de%20abril%20de%202012.pdf HTTP/1.1" 200 253045
207.46.13.206 - - [17/Jul/2023:01:39:26 -0500] "GET /humedal-guaymaral-refugio-de-animales-silvestres.html HTTP/1.1" 200 728
216.245.221.92 - - [17/Jul/2023:01:39:53 -0500] "GET / HTTP/1.1" 200 319
201.245.192.253 - - [17/Jul/2023:01:40:02 -0500] "POST /kwsrmcab/Wsrmcab HTTP/1.1" 200 43215
201.245.192.253 - - [17/Jul/2023:01:40:05 -0500] "POST /kwsrmcab/Wsrmcab HTTP/1.1" 200 42784
201.245.192.253 - - [17/Jul/2023:01:40:11 -0500] "POST /kwsrmcab/Wsrmcab  HTTP/1.1" 200 42295
110.249.201.104 - - [17/Jul/2023:01:40:26 -0500] "GET /BLA/resoluciones/RESOLUCIONES%202011/0692.pdf HTTP/1.1" 200 89571
172.22.2.4 - - [17/Jul/2023:01:40:25 -0500] "HEAD /BLA/boletinlegal/ HTTP/1.1" 200 -
186.154.34.96 - - [17/Jul/2023:01:42:11 -0500] "GET /calidad-del-aire-distrito-avanza-unido-por-un-nuevo-aire.html?utm_source=Meta_DIGI&utm_medium=CPMa&utm_campaign=Aire&utm_id=Julio_2023&fbclid=IwAR3otZ_fdM2CPzlNGt8RaCkLbdqp0v_SU599VIhpTuoWT7sAPvTrSr7PiLg_aem_AVmc_GjUr5jlxOs5jgpO0ItKXXU6Gwv7VCwAecw0in2lUe-Qhg7H76bF-lm7wScefV7lXzBp3LKXzovb4scidyvs HTTP/1.1" 200 783
66.249.73.38 - - [17/Jul/2023:01:42:34 -0500] "-" 408 -
172.22.2.4 - - [17/Jul/2023:01:41:15 -0500] "GET /BLA/boletinlegal/ HTTP/1.1" 200 57680
167.248.133.52 - - [17/Jul/2023:01:44:12 -0500] "GET / HTTP/1.1" 200 319
167.248.133.52 - - [17/Jul/2023:01:44:12 -0500] "GET / HTTP/1.1" 200 319
167.248.133.52 - - [17/Jul/2023:01:44:12 -0500] "PRI * HTTP/2.0" 400 946
167.248.133.52 - - [17/Jul/2023:01:44:13 -0500] "GET /favicon.ico HTTP/1.1" 200 7782
111.225.149.95 - - [17/Jul/2023:01:44:26 -0500] "GET /BLA/resoluciones/RESOLUCIONES%202011/2777.pdf HTTP/1.1" 200 881040
216.245.221.92 - - [17/Jul/2023:01:44:53 -0500] "HEAD / HTTP/1.1" 200 -
201.245.192.253 - - [17/Jul/2023:01:45:11 -0500] "POST /kwsrmcab/Wsrmcab  HTTP/1.1" 200 42295
172.22.2.4 - - [17/Jul/2023:01:46:15 -0500] "HEAD /BLA/boletinlegal/ HTTP/1.1" 200 -
173.252.79.10 - - [17/Jul/2023:01:48:03 -0500] "GET /images/Caminatas-ecologicas-julio.jpg HTTP/1.1" 200 480557
173.252.79.5 - - [17/Jul/2023:01:48:03 -0500] "GET /images/camino-guadalupe-aguanoso.jpg HTTP/1.1" 200 103489
110.249.202.184 - - [17/Jul/2023:01:48:26 -0500] "GET /BLA/resoluciones/RESOLUCIONES%202014/1157.pdf HTTP/1.1" 200 650342
172.22.2.4 - - [17/Jul/2023:01:47:05 -0500] "GET /BLA/boletinlegal/ HTTP/1.1" 200 56100
52.167.144.49 - - [17/Jul/2023:01:48:58 -0500] "GET /images/liberacion-aves-10-marzo.jpg HTTP/1.1" 200 55386
186.84.89.161 - - [17/Jul/2023:01:49:47 -0500] "GET /calidad-del-aire-distrito-avanza-unido-por-un-nuevo-aire.html?utm_source=Meta_DIGI&utm_medium=CPMa&utm_campaign=Aire&utm_id=Julio_2023&gclid=EAIaIQobChMIpLLKhZOVgAMV44LRBB3MnQQ2EAEYASAAEgL7IPD_BwE HTTP/1.1" 200 783
216.245.221.92 - - [17/Jul/2023:01:49:53 -0500] "HEAD / HTTP/1.1" 200 -
201.245.192.253 - - [17/Jul/2023:01:50:10 -0500] "POST /kwsrmcab/Wsrmcab  HTTP/1.1" 200 42295
110.249.202.180 - - [17/Jul/2023:01:52:27 -0500] "GET /BLA/resoluciones/AUTOS%202020/0005.pdf HTTP/1.1" 200 1137784
198.235.24.235 - - [17/Jul/2023:01:53:16 -0500] "\x16\x03\x01" 400 226
69.171.231.120 - - [17/Jul/2023:01:53:17 -0500] "GET /en-julio-programate-para-asistir-a-las-caminatas-ecologicas-y-conectarte-con-la-naturaleza.html HTTP/1.1" 200 773
172.22.2.4 - - [17/Jul/2023:01:52:05 -0500] "HEAD /BLA/boletinlegal/ HTTP/1.1" 200 -
216.245.221.92 - - [17/Jul/2023:01:54:53 -0500] "HEAD / HTTP/1.1" 200 -
201.245.192.253 - - [17/Jul/2023:01:55:09 -0500] "POST /kwsrmcab/Wsrmcab  HTTP/1.1" 200 42295
172.22.2.4 - - [17/Jul/2023:01:54:20 -0500] "GET /BLA/boletinlegal/ HTTP/1.1" 200 54079
172.22.2.4 - - [17/Jul/2023:01:54:20 -0500] "GET /BLA/boletinlegal/ HTTP/1.1" 200 53643
110.249.201.64 - - [17/Jul/2023:01:56:27 -0500] "GET /BLA/resoluciones/RESOLUCIONES%202018/0719.pdf HTTP/1.1" 200 348711
20.120.74.197 - - [17/Jul/2023:01:56:56 -0500] "-" 408 -
216.245.221.92 - - [17/Jul/2023:01:59:53 -0500] "HEAD / HTTP/1.1" 200 -
201.245.192.253 - - [17/Jul/2023:02:00:08 -0500] "POST /kwsrmcab/Wsrmcab  HTTP/1.1" 200 42295
172.22.2.4 - - [17/Jul/2023:01:58:45 -0500] "GET /BLA/boletinlegal/ HTTP/1.1" 200 61404
111.225.149.158 - - [17/Jul/2023:02:00:27 -0500] "GET /BLA/resoluciones/AUTOS%202015/3084.pdf HTTP/1.1" 200 688271
143.198.201.39 - - [17/Jul/2023:02:04:23 -0500] "-" 408 -
110.249.201.68 - - [17/Jul/2023:02:04:28 -0500] "GET /BLA/resoluciones/AUTOS%202017/0011.pdf HTTP/1.1" 200 614675
216.245.221.92 - - [17/Jul/2023:02:04:53 -0500] "HEAD / HTTP/1.1" 200 -
201.245.192.253 - - [17/Jul/2023:02:05:07 -0500] "POST /kwsrmcab/Wsrmcab  HTTP/1.1" 200 42295
23.154.177.15 - - [17/Jul/2023:02:05:16 -0500] "GET /wp-login.php HTTP/1.1" 404 1035
172.22.2.4 - - [17/Jul/2023:02:04:35 -0500] "GET /BLA/boletinlegal/ HTTP/1.1" 200 61404
52.167.144.100 - - [17/Jul/2023:02:06:39 -0500] "GET /forest/ HTTP/1.1" 200 12041
69.171.249.4 - - [17/Jul/2023:02:07:23 -0500] "GET /images/camino-guadalupe-aguanoso.jpg HTTP/1.1" 200 103489
69.171.249.8 - - [17/Jul/2023:02:07:35 -0500] "GET /images/camara-trampa.jpeg HTTP/1.1" 200 77809
69.171.249.120 - - [17/Jul/2023:02:07:35 -0500] "GET /images/aire-bogota.jpeg HTTP/1.1" 200 169194
69.171.249.3 - - [17/Jul/2023:02:07:35 -0500] "GET /images/stand-secretaria-ambiente-fima.jpg HTTP/1.1" 200 42537
111.225.149.145 - - [17/Jul/2023:02:08:27 -0500] "GET /BLA/resoluciones/RESOLUCIONES%202019/3805.pdf HTTP/1.1" 200 709520
66.249.75.164 - - [17/Jul/2023:02:09:38 -0500] "-" 408 -
172.22.2.4 - - [17/Jul/2023:02:09:40 -0500] "GET /BLA/boletinlegal/actos.php HTTP/1.1" 200 9682
172.22.2.4 - - [17/Jul/2023:02:09:41 -0500] "GET /BLA/boletinlegal/styles2.css HTTP/1.1" 200 1838
172.22.2.4 - - [17/Jul/2023:02:09:41 -0500] "GET /BLA/boletinlegal/js/ajax_actos.js HTTP/1.1" 200 1322
172.22.2.4 - - [17/Jul/2023:02:09:41 -0500] "GET /BLA/boletinlegal/niceforms-default.css HTTP/1.1" 200 6694
172.22.2.4 - - [17/Jul/2023:02:09:41 -0500] "GET /BLA/boletinlegal/js/popup.js HTTP/1.1" 200 1270
172.22.2.4 - - [17/Jul/2023:02:09:41 -0500] "GET /BLA/boletinlegal/style.css HTTP/1.1" 200 9406
172.22.2.4 - - [17/Jul/2023:02:09:41 -0500] "GET /BLA/boletinlegal/js/lib.js HTTP/1.1" 200 6474
172.22.2.4 - - [17/Jul/2023:02:09:41 -0500] "GET /BLA/boletinlegal/niceforms.js HTTP/1.1" 200 22876
172.22.2.4 - - [17/Jul/2023:02:09:41 -0500] "GET /BLA/boletinlegal/js/jquery1.js HTTP/1.1" 200 29846
172.22.2.4 - - [17/Jul/2023:02:09:41 -0500] "GET /BLA/boletinlegal/images/cabezote%20BLEGAL.jpg HTTP/1.1" 200 118164
172.22.2.4 - - [17/Jul/2023:02:09:41 -0500] "GET /BLA/boletinlegal/images/subscribe-icon-big.png HTTP/1.1" 200 47702
172.22.2.4 - - [17/Jul/2023:02:09:41 -0500] "GET /BLA/boletinlegal/images/historia.png HTTP/1.1" 200 52775
172.22.2.4 - - [17/Jul/2023:02:09:41 -0500] "GET /BLA/boletinlegal/images/registro-usuarios.png HTTP/1.1" 200 8106
172.22.2.4 - - [17/Jul/2023:02:09:41 -0500] "GET /BLA/boletinlegal/images/tel.png HTTP/1.1" 200 14477
172.22.2.4 - - [17/Jul/2023:02:09:41 -0500] "GET /BLA/boletinlegal/images/green-yellow-blue-pink-th.png HTTP/1.1" 200 7394
172.22.2.4 - - [17/Jul/2023:02:09:41 -0500] "GET /BLA/boletinlegal/images/icono-email.png HTTP/1.1" 200 5544
172.22.2.4 - - [17/Jul/2023:02:09:41 -0500] "GET /BLA/boletinlegal/images/body_bg.jpg HTTP/1.1" 200 1601
172.22.2.4 - - [17/Jul/2023:02:09:41 -0500] "GET /BLA/boletinlegal/images/menu_lft.gif HTTP/1.1" 200 1713
172.22.2.4 - - [17/Jul/2023:02:09:41 -0500] "GET /BLA/boletinlegal/images/menu_rght.gif HTTP/1.1" 200 1627
172.22.2.4 - - [17/Jul/2023:02:09:41 -0500] "GET /BLA/boletinlegal/images/bg_top.jpg HTTP/1.1" 200 522
172.22.2.4 - - [17/Jul/2023:02:09:41 -0500] "GET /BLA/boletinlegal/images/hover.jpg HTTP/1.1" 200 640
172.22.2.4 - - [17/Jul/2023:02:09:41 -0500] "GET /BLA/boletinlegal/images/menu_bg.jpg HTTP/1.1" 200 620
172.22.2.4 - - [17/Jul/2023:02:09:41 -0500] "GET /BLA/boletinlegal/images/text.jpg HTTP/1.1" 200 568
172.22.2.4 - - [17/Jul/2023:02:09:41 -0500] "GET /BLA/boletinlegal/images/footer_bg.jpg HTTP/1.1" 200 586
172.22.2.4 - - [17/Jul/2023:02:09:41 -0500] "GET /BLA/boletinlegal/images/footer_bg_l.jpg HTTP/1.1" 200 776
172.22.2.4 - - [17/Jul/2023:02:09:42 -0500] "GET /BLA/boletinlegal/img/0.png HTTP/1.1" 200 110
172.22.2.4 - - [17/Jul/2023:02:09:42 -0500] "GET /BLA/boletinlegal/img/select-right.png HTTP/1.1" 200 44019
172.22.2.4 - - [17/Jul/2023:02:09:42 -0500] "GET /BLA/boletinlegal/img/button.png HTTP/1.1" 200 43241
172.22.2.4 - - [17/Jul/2023:02:09:42 -0500] "GET /BLA/boletinlegal/img/button-left.png HTTP/1.1" 200 57071
172.22.2.4 - - [17/Jul/2023:02:09:42 -0500] "GET /BLA/boletinlegal/img/select-left.png HTTP/1.1" 200 263
172.22.2.4 - - [17/Jul/2023:02:09:42 -0500] "GET /BLA/boletinlegal/img/button-right.png HTTP/1.1" 200 57878
172.22.2.4 - - [17/Jul/2023:02:09:42 -0500] "GET /BLA/boletinlegal/favicon.ico HTTP/1.1" 404 1326
181.53.14.136 - - [17/Jul/2023:02:09:51 -0500] "GET /BLA/resoluciones/ HTTP/1.1" 200 13502
181.53.14.136 - - [17/Jul/2023:02:09:51 -0500] "GET /BLA/resoluciones/dlf/styles.css HTTP/1.1" 200 3049
181.53.14.136 - - [17/Jul/2023:02:09:51 -0500] "GET /BLA/resoluciones/dlf/folder.png HTTP/1.1" 200 410
181.53.14.136 - - [17/Jul/2023:02:09:51 -0500] "GET /BLA/resoluciones/dlf/bg.gif HTTP/1.1" 200 54
181.53.14.136 - - [17/Jul/2023:02:09:51 -0500] "GET /favicon.ico HTTP/1.1" 200 7782
216.245.221.92 - - [17/Jul/2023:02:09:53 -0500] "HEAD / HTTP/1.1" 200 -
181.53.14.136 - - [17/Jul/2023:02:09:53 -0500] "GET /BLA/resoluciones/index.php?dir=AUTOS+2010%2F HTTP/1.1" 200 279882
181.53.14.136 - - [17/Jul/2023:02:09:54 -0500] "GET /BLA/resoluciones/dlf/pdf.gif HTTP/1.1" 200 272
181.53.14.136 - - [17/Jul/2023:02:09:54 -0500] "GET /BLA/resoluciones/dlf/dirup.png HTTP/1.1" 200 644
181.53.14.136 - - [17/Jul/2023:02:09:59 -0500] "GET /BLA/resoluciones/AUTOS%202010/6357.pdf HTTP/1.1" 200 168274
201.245.192.253 - - [17/Jul/2023:02:10:06 -0500] "POST /kwsrmcab/Wsrmcab  HTTP/1.1" 200 42295
181.53.14.136 - - [17/Jul/2023:02:10:14 -0500] "GET /BLA/resoluciones/AUTOS%202010/6397.pdf HTTP/1.1" 200 169163
168.119.101.10 - - [17/Jul/2023:02:10:52 -0500] "GET / HTTP/1.1" 200 4720
168.119.101.10 - - [17/Jul/2023:02:10:54 -0500] "GET / HTTP/1.1" 200 319
181.237.163.84 - - [17/Jul/2023:02:11:05 -0500] "GET /calidad-del-aire-distrito-avanza-unido-por-un-nuevo-aire.html?utm_source=Meta_DIGI&utm_medium=CPMa&utm_campaign=Aire&utm_id=Julio_2023&gclid=EAIaIQobChMIhd_f4ZeVgAMVT6RaBR3B0wsNEAEYASAAEgLX3fD_BwE HTTP/1.1" 200 783
172.22.2.4 - - [17/Jul/2023:02:09:35 -0500] "HEAD /BLA/boletinlegal/ HTTP/1.1" 200 -
172.22.2.4 - - [17/Jul/2023:02:10:25 -0500] "GET /BLA/boletinlegal/ HTTP/1.1" 200 54453
173.252.107.2 - - [17/Jul/2023:02:12:14 -0500] "GET /dia-mundial-del-medio-ambiente-con-3-500-beneficiarias-comienza-la-segunda-fase-de-mujeres-que-reverdecen.html HTTP/1.1" 200 845
172.22.2.4 - - [17/Jul/2023:02:12:19 -0500] "POST /BLA/boletinlegal/mifs/.;/services/LogService HTTP/1.1" 404 1158
111.225.148.13 - - [17/Jul/2023:02:12:27 -0500] "GET /BLA/resoluciones/AUTOS%202017/3485.pdf HTTP/1.1" 200 619150
66.249.73.38 - - [17/Jul/2023:02:12:35 -0500] "-" 408 -
172.22.2.4 - - [17/Jul/2023:02:12:24 -0500] "GET /BLA/boletinlegal/ HTTP/1.1" 200 61035
213.186.1.154 - - [17/Jul/2023:02:14:27 -0500] "GET /images/textiles-bog.jpg HTTP/1.1" 200 60515
216.245.221.92 - - [17/Jul/2023:02:14:53 -0500] "HEAD / HTTP/1.1" 200 -
172.22.2.4 - - [17/Jul/2023:02:15:01 -0500] "GET /BLA/boletinlegal/js/jquery.scrollTo-min.js HTTP/1.1" 200 1150
201.245.192.253 - - [17/Jul/2023:02:15:05 -0500] "POST /kwsrmcab/Wsrmcab  HTTP/1.1" 200 42295
110.249.202.70 - - [17/Jul/2023:02:16:28 -0500] "GET /BLA/resoluciones/AUTOS%202008/2427.pdf HTTP/1.1" 200 329587
69.63.184.6 - - [17/Jul/2023:02:16:45 -0500] "GET /cerca-de-40-personas-fueron-certificadas-en-proceso-de-formacion-dinamizadores-ambientales-para-el-turismo-en-bogota.html HTTP/1.1" 200 1071
69.171.249.4 - - [17/Jul/2023:02:16:46 -0500] "GET /cerca-de-40-personas-fueron-certificadas-en-proceso-de-formacion-dinamizadores-ambientales-para-el-turismo-en-bogota.html HTTP/1.1" 200 1071
172.22.2.4 - - [17/Jul/2023:02:15:25 -0500] "HEAD /BLA/boletinlegal/ HTTP/1.1" 200 -
66.249.77.197 - - [17/Jul/2023:02:17:34 -0500] "-" 408 -
172.22.2.4 - - [17/Jul/2023:02:16:33 -0500] "OPTIONS /BLA/boletinlegal/ HTTP/1.1" 200 40907
172.22.2.4 - - [17/Jul/2023:02:16:15 -0500] "GET /BLA/boletinlegal/ HTTP/1.1" 200 49188
207.46.13.206 - - [17/Jul/2023:02:19:50 -0500] "GET /distrito-firma-siete-nuevos-pagos-por-servicios-ambientales-en-la-ruralidad-de-bogota-ya-van-mas-de-1100-hectareas.html HTTP/1.1" 200 853
216.245.221.92 - - [17/Jul/2023:02:19:53 -0500] "HEAD / HTTP/1.1" 200 -
201.245.192.253 - - [17/Jul/2023:02:20:02 -0500] "POST /kwsrmcab/Wsrmcab HTTP/1.1" 200 43337
201.245.192.253 - - [17/Jul/2023:02:20:04 -0500] "POST /kwsrmcab/Wsrmcab  HTTP/1.1" 200 42295
201.245.192.253 - - [17/Jul/2023:02:20:05 -0500] "POST /kwsrmcab/Wsrmcab HTTP/1.1" 200 43092
111.225.148.65 - - [17/Jul/2023:02:20:28 -0500] "GET /BLA/resoluciones/RESOLUCIONES%202011/6782.pdf HTTP/1.1" 200 682998
104.248.40.240 - - [17/Jul/2023:02:22:04 -0500] "GET /1.php HTTP/1.1" 404 1018
104.248.40.240 - - [17/Jul/2023:02:22:04 -0500] "GET /bundle.js HTTP/1.1" 404 1018
104.248.40.240 - - [17/Jul/2023:02:22:05 -0500] "GET /files/ HTTP/1.1" 404 1018
172.22.2.4 - - [17/Jul/2023:02:21:15 -0500] "HEAD /BLA/boletinlegal/ HTTP/1.1" 200 -
66.249.75.163 - - [17/Jul/2023:02:23:12 -0500] "-" 408 -
172.22.2.4 - - [17/Jul/2023:02:22:05 -0500] "GET /BLA/boletinlegal/ HTTP/1.1" 200 57272
110.249.202.161 - - [17/Jul/2023:02:24:30 -0500] "GET /BLA/resoluciones/AUTOS%202015/1398.pdf HTTP/1.1" 200 888022
216.245.221.92 - - [17/Jul/2023:02:24:53 -0500] "HEAD / HTTP/1.1" 200 -
201.245.192.253 - - [17/Jul/2023:02:25:02 -0500] "POST /kwsrmcab/Wsrmcab  HTTP/1.1" 200 42295
110.249.202.98 - - [17/Jul/2023:02:28:31 -0500] "GET /BLA/resoluciones/RESOLUCIONES%202012/1496.pdf HTTP/1.1" 200 529161
172.22.2.4 - - [17/Jul/2023:02:27:55 -0500] "GET /BLA/boletinlegal/ HTTP/1.1" 200 61404
216.245.221.92 - - [17/Jul/2023:02:29:53 -0500] "HEAD / HTTP/1.1" 200 -
201.245.192.253 - - [17/Jul/2023:02:30:01 -0500] "POST /kwsrmcab/Wsrmcab  HTTP/1.1" 200 42295
201.245.192.253 - - [17/Jul/2023:02:30:02 -0500] "POST /kwsrmcab/Wsrmcab HTTP/1.1" 200 43337
201.245.192.253 - - [17/Jul/2023:02:30:05 -0500] "POST /kwsrmcab/Wsrmcab HTTP/1.1" 200 43092
207.46.13.206 - - [17/Jul/2023:02:30:49 -0500] "GET /portaldeninos/wp-content/uploads/2021/09/infograf%C3%ADa-aire-septiembre-768x3052.jpg HTTP/1.1" 200 332170
110.249.201.7 - - [17/Jul/2023:02:32:30 -0500] "GET /BLA/resoluciones/RESOLUCIONES%202000/RESOLUCION%20871%20DE%202000.pdf HTTP/1.1" 200 178076
172.22.2.4 - - [17/Jul/2023:02:32:55 -0500] "HEAD /BLA/boletinlegal/ HTTP/1.1" 200 -
216.245.221.92 - - [17/Jul/2023:02:34:53 -0500] "HEAD / HTTP/1.1" 200 -
201.245.192.253 - - [17/Jul/2023:02:35:00 -0500] "POST /kwsrmcab/Wsrmcab  HTTP/1.1" 200 42295
110.249.201.104 - - [17/Jul/2023:02:36:31 -0500] "GET /BLA/resoluciones/AUTOS%202009/2073.pdf HTTP/1.1" 200 100593
172.22.2.4 - - [17/Jul/2023:02:35:15 -0500] "GET /BLA/boletinlegal/ HTTP/1.1" 200 61404
31.13.103.8 - - [17/Jul/2023:02:39:13 -0500] "GET /calidad-del-aire-distrito-avanza-unido-por-un-nuevo-aire.html?utm_id=Julio_2023 HTTP/1.1" 200 783
216.245.221.92 - - [17/Jul/2023:02:39:53 -0500] "HEAD / HTTP/1.1" 200 -
179.19.69.34 - - [17/Jul/2023:02:39:56 -0500] "GET /calidad-del-aire-distrito-avanza-unido-por-un-nuevo-aire.html?utm_source=Meta_DIGI&utm_medium=CPMa&utm_campaign=Aire&utm_id=Julio_2023&fbclid=IwAR215b4masTShXJ3NnIk9SKuu3hwMlLshSJyfMTTkuHhk8fE2eqf0mol6y8_aem_AVm5N2hGjvcDw3_RFzklxAujAsoKjhbig8tqG7nAjMiYBhLFvLIRU2SzBOekYV08WV61z9r-T46WY3fbAZmtxKB0 HTTP/1.1" 200 783
201.245.192.253 - - [17/Jul/2023:02:39:58 -0500] "POST /kwsrmcab/Wsrmcab  HTTP/1.1" 200 42295
201.245.192.253 - - [17/Jul/2023:02:40:02 -0500] "POST /kwsrmcab/Wsrmcab HTTP/1.1" 200 43337
201.245.192.253 - - [17/Jul/2023:02:40:05 -0500] "POST /kwsrmcab/Wsrmcab HTTP/1.1" 200 43092
172.22.2.4 - - [17/Jul/2023:02:40:29 -0500] "GET /BLA/boletinlegal/robots.txt HTTP/1.1" 404 1038
172.22.2.4 - - [17/Jul/2023:02:40:30 -0500] "GET /BLA/boletinlegal/images/screen_5.png HTTP/1.1" 304 -
111.225.149.196 - - [17/Jul/2023:02:40:32 -0500] "GET /BLA/resoluciones/RESOLUCIONES%202011/1012.pdf HTTP/1.1" 200 70787
69.63.184.120 - - [17/Jul/2023:02:42:08 -0500] "GET /quieres-que-tu-proyecto-de-construccion-sostenible-sea-reconocido-enterate-como-postularte.html HTTP/1.1" 200 869
69.171.249.119 - - [17/Jul/2023:02:42:17 -0500] "GET /quieres-que-tu-proyecto-de-construccion-sostenible-sea-reconocido-enterate-como-postularte.html HTTP/1.1" 206 869
69.171.249.8 - - [17/Jul/2023:02:42:17 -0500] "GET /quieres-que-tu-proyecto-de-construccion-sostenible-sea-reconocido-enterate-como-postularte.html HTTP/1.1" 200 869
69.171.249.10 - - [17/Jul/2023:02:42:17 -0500] "GET /quieres-que-tu-proyecto-de-construccion-sostenible-sea-reconocido-enterate-como-postularte.html HTTP/1.1" 200 869
69.171.249.116 - - [17/Jul/2023:02:42:20 -0500] "GET /quieres-que-tu-proyecto-de-construccion-sostenible-sea-reconocido-enterate-como-postularte.html HTTP/1.1" 206 869
27.74.240.14 - - [17/Jul/2023:02:42:53 -0500] "GET /api/.env HTTP/1.1" 404 1018
115.78.10.124 - - [17/Jul/2023:02:42:53 -0500] "POST /api HTTP/1.1" 404 1018
172.22.2.4 - - [17/Jul/2023:02:41:58 -0500] "GET /BLA/boletinlegal/ HTTP/1.1" 200 61404
111.225.149.105 - - [17/Jul/2023:02:44:31 -0500] "GET /BLA/resoluciones/AUTOS%202015/0585.pdf HTTP/1.1" 200 318306
216.245.221.92 - - [17/Jul/2023:02:44:53 -0500] "HEAD / HTTP/1.1" 200 -
201.245.192.253 - - [17/Jul/2023:02:44:57 -0500] "POST /kwsrmcab/Wsrmcab  HTTP/1.1" 200 42295
52.167.144.66 - - [17/Jul/2023:02:47:23 -0500] "GET /BLA/resoluciones/AUTOS%202023/3441.pdf HTTP/1.1" 200 451361
110.249.201.89 - - [17/Jul/2023:02:48:31 -0500] "GET /BLA/resoluciones/AUTOS%202010/0809.pdf HTTP/1.1" 200 181679
172.22.2.4 - - [17/Jul/2023:02:46:58 -0500] "HEAD /BLA/boletinlegal/ HTTP/1.1" 200 -
