201.245.192.253 - - [17/Jul/2023:10:42:59 -0500] "GET /sipse/faces/javax.faces.resource/jquery/jquery-plugins.js?ln=primefaces&v=4.0 HTTP/1.1" 304 -
201.245.192.253 - - [17/Jul/2023:10:42:59 -0500] "GET /sipse/faces/javax.faces.resource/primefaces.js?ln=primefaces&v=4.0 HTTP/1.1" 304 -
201.245.192.253 - - [17/Jul/2023:10:42:59 -0500] "GET /sipse/faces/javax.faces.resource/layout/layout.js?ln=primefaces&v=4.0 HTTP/1.1" 304 -
201.245.192.253 - - [17/Jul/2023:10:42:59 -0500] "POST /sipse/faces/presentacion/financiero/solicitudProceso/consultar.xhtml HTTP/1.1" 200 37146
201.245.192.253 - - [17/Jul/2023:10:43:00 -0500] "POST /sipse/faces/presentacion/financiero/solicitudProceso/consultar.xhtml HTTP/1.1" 200 37146
201.245.192.253 - - [17/Jul/2023:10:43:00 -0500] "POST /sipse/faces/presentacion/financiero/solicitudProceso/consultar.xhtml HTTP/1.1" 200 37146
201.245.192.253 - - [17/Jul/2023:10:43:00 -0500] "POST /sipse/faces/presentacion/financiero/solicitudProceso/consultar.xhtml HTTP/1.1" 200 37146
201.245.192.253 - - [17/Jul/2023:10:43:00 -0500] "POST /sipse/faces/presentacion/financiero/solicitudProceso/consultar.xhtml HTTP/1.1" 200 37146
191.156.181.76 - - [17/Jul/2023:10:43:00 -0500] "GET /BLA/resoluciones/RESOLUCIONES%202018/1661.pdf HTTP/1.1" 200 489193
201.245.192.253 - - [17/Jul/2023:10:43:01 -0500] "POST /sipse/faces/presentacion/financiero/solicitudProceso/consultar.xhtml HTTP/1.1" 200 37146
172.22.2.4 - - [17/Jul/2023:10:43:01 -0500] "GET /BLA/boletinlegal/consulta_actos.php?tipo=autos&no=5340&usuario=&sector=&fecha=2018&resuelve= HTTP/1.1" 200 626
201.245.192.253 - - [17/Jul/2023:10:43:01 -0500] "POST /sipse/faces/presentacion/financiero/solicitudProceso/consultar.xhtml HTTP/1.1" 200 37146
201.245.192.253 - - [17/Jul/2023:10:43:01 -0500] "POST /sipse/faces/presentacion/financiero/solicitudProceso/consultar.xhtml HTTP/1.1" 200 37146
186.28.78.169 - - [17/Jul/2023:10:43:06 -0500] "GET /mesa/contrasena.pdf HTTP/1.1" 200 443199
201.245.192.253 - - [17/Jul/2023:10:43:09 -0500] "POST /sipse/faces/presentacion/financiero/solicitudProceso/consultar.xhtml HTTP/1.1" 200 12776
186.86.33.245 - - [17/Jul/2023:10:43:09 -0500] "POST /sipse/faces/presentacion/financiero/solicitudProceso/consultarSolicitudProceso.xhtml HTTP/1.1" 200 38040
186.86.33.245 - - [17/Jul/2023:10:43:10 -0500] "GET /sipse/faces/javax.faces.resource/theme.css?ln=primefaces-sipse HTTP/1.1" 304 -
186.86.33.245 - - [17/Jul/2023:10:43:10 -0500] "GET /sipse/faces/javax.faces.resource/layout/layout.css?ln=primefaces&v=4.0 HTTP/1.1" 304 -
186.86.33.245 - - [17/Jul/2023:10:43:10 -0500] "GET /sipse/faces/javax.faces.resource/primefaces.css?ln=primefaces&v=4.0 HTTP/1.1" 304 -
186.86.33.245 - - [17/Jul/2023:10:43:10 -0500] "GET /sipse/faces/javax.faces.resource/jquery/jquery.js?ln=primefaces&v=4.0 HTTP/1.1" 304 -
186.86.33.245 - - [17/Jul/2023:10:43:10 -0500] "GET /sipse/faces/javax.faces.resource/jquery/jquery-plugins.js?ln=primefaces&v=4.0 HTTP/1.1" 304 -
186.86.33.245 - - [17/Jul/2023:10:43:11 -0500] "GET /sipse/faces/javax.faces.resource/primefaces.js?ln=primefaces&v=4.0 HTTP/1.1" 304 -
186.86.33.245 - - [17/Jul/2023:10:43:11 -0500] "GET /sipse/faces/javax.faces.resource/layout/layout.js?ln=primefaces&v=4.0 HTTP/1.1" 304 -
186.86.33.245 - - [17/Jul/2023:10:43:11 -0500] "GET /sipse/faces/javax.faces.resource/images/ui-icons_898989_256x240.png?ln=primefaces-aristo HTTP/1.1" 304 -
186.86.33.245 - - [17/Jul/2023:10:43:11 -0500] "GET /sipse/faces/javax.faces.resource/images/ui-bg_flat_0_2d5972_40x100.png?ln=primefaces-aristo HTTP/1.1" 200 183
186.86.33.245 - - [17/Jul/2023:10:43:11 -0500] "POST /sipse/faces/presentacion/financiero/solicitudProceso/listarSolicitudProceso.xhtml HTTP/1.1" 200 1400
186.86.33.245 - - [17/Jul/2023:10:43:11 -0500] "POST /sipse/faces/presentacion/financiero/solicitudProceso/listarSolicitudProceso.xhtml HTTP/1.1" 200 1392
216.245.221.92 - - [17/Jul/2023:10:43:11 -0500] "HEAD / HTTP/1.1" 200 -
186.28.78.169 - - [17/Jul/2023:10:43:12 -0500] "GET /mesa/contrasena.pdf HTTP/1.1" 200 443199
186.86.33.245 - - [17/Jul/2023:10:43:21 -0500] "POST /sipse/faces/presentacion/financiero/solicitudProceso/listarSolicitudProceso.xhtml HTTP/1.1" 200 19365
186.28.78.169 - - [17/Jul/2023:10:43:21 -0500] "GET /favicon.ico HTTP/1.1" 200 7782
201.245.192.253 - - [17/Jul/2023:10:43:13 -0500] "POST /sipse/faces/presentacion/financiero/solicitudProceso/consultar.xhtml HTTP/1.1" 200 42999
66.249.70.196 - - [17/Jul/2023:10:43:25 -0500] "-" 408 -
201.245.192.253 - - [17/Jul/2023:10:43:38 -0500] "POST /sipse/faces/presentacion/financiero/solicitudProceso/consultar.xhtml HTTP/1.1" 200 66580
201.245.192.253 - - [17/Jul/2023:10:43:39 -0500] "GET /sipse/faces/javax.faces.resource/theme.css?ln=primefaces-sipse HTTP/1.1" 304 -
201.245.192.253 - - [17/Jul/2023:10:43:39 -0500] "GET /sipse/faces/javax.faces.resource/layout/layout.css?ln=primefaces&v=4.0 HTTP/1.1" 304 -
201.245.192.253 - - [17/Jul/2023:10:43:39 -0500] "GET /sipse/faces/javax.faces.resource/primefaces.css?ln=primefaces&v=4.0 HTTP/1.1" 304 -
201.245.192.253 - - [17/Jul/2023:10:43:39 -0500] "GET /sipse/faces/javax.faces.resource/jquery/jquery.js?ln=primefaces&v=4.0 HTTP/1.1" 304 -
201.245.192.253 - - [17/Jul/2023:10:43:39 -0500] "GET /sipse/faces/javax.faces.resource/jquery/jquery-plugins.js?ln=primefaces&v=4.0 HTTP/1.1" 304 -
201.245.192.253 - - [17/Jul/2023:10:43:39 -0500] "GET /sipse/faces/javax.faces.resource/primefaces.js?ln=primefaces&v=4.0 HTTP/1.1" 304 -
201.245.192.253 - - [17/Jul/2023:10:43:39 -0500] "GET /sipse/faces/javax.faces.resource/layout/layout.js?ln=primefaces&v=4.0 HTTP/1.1" 304 -
158.50.77.251 - - [17/Jul/2023:10:43:39 -0500] "GET /secretaria-de-ambiente-presenta-cartilla-con-el-protocolo-para-el-manejo-y-control-de-la-langostilla-de-rio.html HTTP/1.1" 200 857
201.245.192.253 - - [17/Jul/2023:10:43:39 -0500] "POST /sipse/faces/presentacion/financiero/solicitudProceso/listarSolicitudProceso.xhtml HTTP/1.1" 200 59955
201.245.192.253 - - [17/Jul/2023:10:43:39 -0500] "POST /sipse/faces/presentacion/financiero/solicitudProceso/listarSolicitudProceso.xhtml HTTP/1.1" 200 59955
152.203.200.44 - - [17/Jul/2023:10:43:40 -0500] "OPTIONS /kwssiamovil/sm/setfile/f? HTTP/1.1" 200 13
201.245.192.253 - - [17/Jul/2023:10:43:40 -0500] "POST /sipse/faces/presentacion/financiero/solicitudProceso/listarSolicitudProceso.xhtml HTTP/1.1" 200 59955
201.245.192.253 - - [17/Jul/2023:10:43:41 -0500] "POST /sipse/faces/presentacion/financiero/solicitudProceso/listarSolicitudProceso.xhtml HTTP/1.1" 200 59955
152.203.200.44 - - [17/Jul/2023:10:43:40 -0500] "POST /kwssiamovil/sm/setfile/f? HTTP/1.1" 200 381
152.203.200.44 - - [17/Jul/2023:10:43:42 -0500] "OPTIONS /kwssiamovil/sm/setfile/f? HTTP/1.1" 200 13
201.245.192.253 - - [17/Jul/2023:10:43:41 -0500] "POST /sipse/faces/presentacion/financiero/solicitudProceso/listarSolicitudProceso.xhtml HTTP/1.1" 200 59955
152.203.200.44 - - [17/Jul/2023:10:43:42 -0500] "POST /kwssiamovil/sm/setfile/f? HTTP/1.1" 200 381
201.245.192.253 - - [17/Jul/2023:10:43:43 -0500] "POST /sipse/faces/presentacion/financiero/solicitudProceso/listarSolicitudProceso.xhtml HTTP/1.1" 200 59955
201.245.192.253 - - [17/Jul/2023:10:43:44 -0500] "POST /sipse/faces/presentacion/financiero/solicitudProceso/listarSolicitudProceso.xhtml HTTP/1.1" 200 59955
152.203.200.44 - - [17/Jul/2023:10:43:44 -0500] "OPTIONS /kwssiamovil/sm/setfile/f? HTTP/1.1" 200 13
201.245.192.253 - - [17/Jul/2023:10:43:44 -0500] "POST /sipse/faces/presentacion/financiero/solicitudProceso/listarSolicitudProceso.xhtml HTTP/1.1" 200 59955
201.245.192.253 - - [17/Jul/2023:10:43:45 -0500] "POST /sipse/faces/presentacion/financiero/solicitudProceso/listarSolicitudProceso.xhtml HTTP/1.1" 200 59955
152.203.200.44 - - [17/Jul/2023:10:43:44 -0500] "POST /kwssiamovil/sm/setfile/f? HTTP/1.1" 200 381
201.245.192.253 - - [17/Jul/2023:10:43:45 -0500] "POST /sipse/faces/presentacion/financiero/solicitudProceso/listarSolicitudProceso.xhtml HTTP/1.1" 200 1556
152.203.200.44 - - [17/Jul/2023:10:43:47 -0500] "OPTIONS /kwssiamovil/sm/setfile/f? HTTP/1.1" 200 13
201.245.192.253 - - [17/Jul/2023:10:43:46 -0500] "POST /sipse/faces/presentacion/financiero/solicitudProceso/listarSolicitudProceso.xhtml HTTP/1.1" 200 1556
152.203.200.44 - - [17/Jul/2023:10:43:47 -0500] "POST /kwssiamovil/sm/setfile/f? HTTP/1.1" 200 381
201.245.192.253 - - [17/Jul/2023:10:43:48 -0500] "POST /sipse/faces/presentacion/financiero/solicitudProceso/listarSolicitudProceso.xhtml HTTP/1.1" 200 1556
152.203.200.44 - - [17/Jul/2023:10:43:49 -0500] "OPTIONS /kwssiamovil/sm/setfile/f? HTTP/1.1" 200 13
201.245.192.253 - - [17/Jul/2023:10:43:49 -0500] "POST /sipse/faces/presentacion/financiero/solicitudProceso/listarSolicitudProceso.xhtml HTTP/1.1" 200 1556
172.22.2.4 - - [17/Jul/2023:10:43:50 -0500] "GET /BLA/boletinlegal/consulta_actos.php?tipo=autos&no=5341&usuario=&sector=&fecha=2018&resuelve= HTTP/1.1" 200 626
152.203.200.44 - - [17/Jul/2023:10:43:49 -0500] "POST /kwssiamovil/sm/setfile/f? HTTP/1.1" 200 381
201.245.192.253 - - [17/Jul/2023:10:43:50 -0500] "POST /sipse/faces/presentacion/financiero/solicitudProceso/listarSolicitudProceso.xhtml HTTP/1.1" 200 1556
201.245.192.253 - - [17/Jul/2023:10:43:50 -0500] "POST /sipse/faces/presentacion/financiero/solicitudProceso/listarSolicitudProceso.xhtml HTTP/1.1" 200 1556
201.245.192.253 - - [17/Jul/2023:10:43:51 -0500] "POST /sipse/faces/presentacion/financiero/solicitudProceso/listarSolicitudProceso.xhtml HTTP/1.1" 200 1556
172.22.2.4 - - [17/Jul/2023:10:43:52 -0500] "GET /BLA/boletinlegal/consulta_actos.php?tipo=autos&no=5341&usuario=&sector=&fecha=2018&resuelve= HTTP/1.1" 200 626
201.245.192.253 - - [17/Jul/2023:10:43:52 -0500] "POST /sipse/faces/presentacion/financiero/solicitudProceso/listarSolicitudProceso.xhtml HTTP/1.1" 200 1556
201.245.192.253 - - [17/Jul/2023:10:43:53 -0500] "POST /sipse/faces/presentacion/financiero/solicitudProceso/listarSolicitudProceso.xhtml HTTP/1.1" 200 1556
201.245.192.253 - - [17/Jul/2023:10:43:54 -0500] "POST /sipse/faces/presentacion/financiero/solicitudProceso/listarSolicitudProceso.xhtml HTTP/1.1" 200 1556
201.245.192.253 - - [17/Jul/2023:10:43:58 -0500] "POST /sipse/faces/presentacion/financiero/solicitudProceso/listarSolicitudProceso.xhtml HTTP/1.1" 200 44717
201.245.192.253 - - [17/Jul/2023:10:44:00 -0500] "POST /sipse/faces/presentacion/financiero/solicitudProceso/listarSolicitudProceso.xhtml HTTP/1.1" 200 20867
201.245.192.253 - - [17/Jul/2023:10:44:01 -0500] "POST /sipse/faces/presentacion/financiero/solicitudProceso/listarSolicitudProceso.xhtml HTTP/1.1" 200 20879
201.245.192.253 - - [17/Jul/2023:10:44:02 -0500] "POST /sipse/faces/presentacion/financiero/solicitudProceso/listarSolicitudProceso.xhtml HTTP/1.1" 200 20867
152.203.200.44 - - [17/Jul/2023:10:44:04 -0500] "GET /kwssiamovil/sm/acme/a?s=U2FsdGVkX18wWsRbVveLdT5y+rJ8BzkgOsCbwiOl2vsyIttCit/gR6aKCFcSoPNX89w2Uu99wCqTvjqvuw7JUIMEeyEDNHD6kkqZOK/1Yc48s64MOm1PSy+rLFFV1cpcRb2mhpWhFozETWP3xyJDd7QPmigLwXgPoQ7Kxb/GztWpYZJVqg1c57cyNyI0Q1PdDhTeM16C9fZ+KpkE13DhRMjw7GMX11j5CD3Rf8hqxP11/MLw+KER/mGKlPm/jKKEP2Stc8YBq74j4lofZh029g==&u=U2FsdGVkX18OWFs4cCeqNmhLTk+fnGHjFNZY5gaSzAQLSdfVI8Jle5J3Sk2cL2Fb&y=U2FsdGVkX19UYFSZJfb+GJEVF++DlyaP76KUMQaKRY0/rx3xlfDELYL/U5oexCVU HTTP/1.1" 200 26
152.203.200.44 - - [17/Jul/2023:10:44:04 -0500] "GET /kwssiamovil/sm/acme/a?s=U2FsdGVkX19mx/UnZg6fS85InrZ8lrM8sFrIe8nfJTzvj+mAF41I8KSk9hHM+dD0pt1CAlBKftHOvVGbYWIgS4OP6ZUzLBndH3qT2NPX9iBPjc+U9dzDm7nEpezXVJBafhg6bbi6SQBfm0wIcAFKCFy9+nCd/DIf2WasuwkmlEO17Yn+e+c0PLfGAX3rIoxsYxCoeNqtGeS/HBnNLCH4x6/kFRFmXu35qj9Ul1FTJCkvFpzWBWq3MO3nesHphSCf+JYHAH/tgHpG0gx5uac8o5iAG1njp1l+GhgUBadUCuca+DQD3XhikYIwj7x2pi6PqdA8DAHa10Cg9pzx7Tzchg1XHBmmSc1pdCnl3qAv9TMBNrD84KcmZCkMMnCfEMK4bxUQARGBCJk4zC8OYy7ExDwH0SGKFSEAXO7E5xmFaNqgTXmwyOihY51327kbe6Kh449fj0ljx0eFp+3Q65hstjWYsaTZyJnl0WFXz6jIIKrLqmGTH6thrA3rlAZ799BAj7C6ORadlXbOiz6DwxDtGfB+pFnws950073rcT0WCt8yBzpY+mlg75x2Y7lXl1qL1W6EzmfGG6EU+RSwgedM9IH8MHpEgOBFz9N2qIef1KMN6nRhXLraK2VLIsNLKheDXCagMtEytKP3liGkk8BNOU9L45q5gKwibe0JER1S+E8y2aW4Z2eMqxXXD013zIPZmQfuUo17YEucDxHOddZMB8vr2CQ8jefrjeGUoP1k3Ha7OYnujmLKw6TyQZAIvG5kD1nKN874FkSHXESDXyFOnPiB2u0vz2EPRMo5ejQkz9giuBGXnhBp0pAn11abV+Dq4cJhChQ6ED/iyQ8rhQGO5v14FXh9BUoAkpjY7LlZSii1Iw1nfT+QPpxWpyuYctrybNmLQvGtoTEXrd/9hxz4czrlX+TSQknxhldf6gtXu6tGoSvfDOQ5Iz4EFxhHGjbt4LJLZ07ah6wubw69oNEXlYXCHfmwiiJn4xe49pP2OTsUu/ziWG3+OPmNShj7/hnqfaFulcPzpq00QVZaP3/A7qCVbxHW2DUk6tQ9wL4112kE9c3btZRZtTaZ5vsQfZ86g5Bs4hmE0il+N1IUVfgMtETG8nC/pO54bJfLJz3yh5ffgmnfxbY0WsQ3lH/6HbCOfx/dfW7EZwHBHTWyEc9+IPBm4AfXXEhaJpFZZPH7csbtVZ2G24muv3lRS14d95ZfNcFyUIM8SpfhjfeEOuV8H4z6kGXfHq0PlFF586XkB2KxSeDMp3nnGy/tcoKtQzg7CgNj0eIiYXJAbtppcMmGbeYfqb03H4j8OtmnrwAf33I2WZb1DCKL9prYHpIsvj0+IPxYxIflqVIxYnXH4FjcqJu/jEwVSoiehqQDBD0o1wI=&u=U2FsdGVkX18OWFs4cCeqNmhLTk+fnGHjFNZY5gaSzAQLSdfVI8Jle5J3Sk2cL2Fb&y=U2FsdGVkX19UYFSZJfb+GJEVF++DlyaP76KUMQaKRY0/rx3xlfDELYL/U5oexCVU HTTP/1.1" 200 26
152.203.200.44 - - [17/Jul/2023:10:44:04 -0500] "GET /kwssiamovil/sm/acme/a?s=U2FsdGVkX1/pz3q+lWY5yzwkauaR6pd6b4xBAN5gmZZOuFa7P1wilNcnoLHCJVNenY5TT+DCqXBPXCZIyxDFRs38xovSuTEL6Tepp9ovBKX35dqsiiFPhDcgJSI8sK5MGYfAL2dUf2mVdSXHVvIhU5Mm3s2hkvjZpm06J67xmGM=&u=U2FsdGVkX18OWFs4cCeqNmhLTk+fnGHjFNZY5gaSzAQLSdfVI8Jle5J3Sk2cL2Fb&y=U2FsdGVkX19UYFSZJfb+GJEVF++DlyaP76KUMQaKRY0/rx3xlfDELYL/U5oexCVU HTTP/1.1" 200 26
152.203.200.44 - - [17/Jul/2023:10:44:04 -0500] "GET /kwssiamovil/sm/acme/a?s=U2FsdGVkX1/uzWq0gJZt7G5qJslRAEmrri77IyVJRq22HcNDmpFMuPdp1E2mtoc23YtJoW1XHMRg4mkG/uA9jFnRyaHTL4VMtfY9Ld9e4AZ9Y660ggR/KUG7N8pped185+qhAFYO4qvpvfSeqDODWzQqNkWybV9xE9F97emqPRk=&u=U2FsdGVkX18OWFs4cCeqNmhLTk+fnGHjFNZY5gaSzAQLSdfVI8Jle5J3Sk2cL2Fb&y=U2FsdGVkX19UYFSZJfb+GJEVF++DlyaP76KUMQaKRY0/rx3xlfDELYL/U5oexCVU HTTP/1.1" 200 26
152.203.200.44 - - [17/Jul/2023:10:44:05 -0500] "GET /kwssiamovil/sm/acme/a?s=U2FsdGVkX1/VNYC3/dtRxScShWz/cbgsS97fcfqcqF+1uYWGkWMnsrgeVHKWAehaGwpTr5PtpD1eaaY3Szh+uBr0wlbLwlVb8hfKps5q9NnXebBF+96QxoSEMKNLXE87mQU35D1T2JIdCNPthPi8xLk6gMS0cF4O038+OoQ2v1M=&u=U2FsdGVkX18OWFs4cCeqNmhLTk+fnGHjFNZY5gaSzAQLSdfVI8Jle5J3Sk2cL2Fb&y=U2FsdGVkX19UYFSZJfb+GJEVF++DlyaP76KUMQaKRY0/rx3xlfDELYL/U5oexCVU HTTP/1.1" 200 26
152.203.200.44 - - [17/Jul/2023:10:44:05 -0500] "GET /kwssiamovil/sm/acme/a?s=U2FsdGVkX19zliExmmFdicfqIDj3cy/okQp2y+Eqs/wMsAXgsQeuC80lJrBTmWlpiH6/elJny87uUA/Ux2bgtP+MoCMKqeTTW9JW0jjTQwrbbRwnHgdXQ6IdRLi2slbvsbNe+Osn4Ud5DuiG2a3boUD6sIDmM8/ND2prjOE97oMMl9ZfFytaC6YgSC1+lwwyhpxHTIXirKL+YVEjAcxX4A==&u=U2FsdGVkX18OWFs4cCeqNmhLTk+fnGHjFNZY5gaSzAQLSdfVI8Jle5J3Sk2cL2Fb&y=U2FsdGVkX19UYFSZJfb+GJEVF++DlyaP76KUMQaKRY0/rx3xlfDELYL/U5oexCVU HTTP/1.1" 200 26
152.203.200.44 - - [17/Jul/2023:10:44:05 -0500] "GET /kwssiamovil/sm/acme/a?s=U2FsdGVkX19LhVUqL+nAeb9xoj01GWbUDuKymJcTSwQnmkX5ASqVuy72Qb5Ne1yQxH5hqSLqlQfj0CVtSdW4KbAsgaxb5SbfVeolqPuAQoiijKiaub9EPNMBCVieI7F9bP6GS8Tdk4hrXC+j3qJso0QVa4BHk5mkpQgTokbX19dN+0KUO8LKePiUzJFV0eimpL3XB0DPejO/+WNH6Ep2bw==&u=U2FsdGVkX18OWFs4cCeqNmhLTk+fnGHjFNZY5gaSzAQLSdfVI8Jle5J3Sk2cL2Fb&y=U2FsdGVkX19UYFSZJfb+GJEVF++DlyaP76KUMQaKRY0/rx3xlfDELYL/U5oexCVU HTTP/1.1" 200 26
152.203.200.44 - - [17/Jul/2023:10:44:05 -0500] "GET /kwssiamovil/sm/acme/a?s=U2FsdGVkX1+NZlDT7r0MnxGOfToBw5AE+Brp+zNJ6pQdaN9RFv6x+XbRZzUu2Ub3gdvlSFde6SEdl6PQ80LgW2FL6KTWX/ROXRx4+4FgkCQ0CuYy5zQwG0zsMqOeRnvfgXDmgeRCZS508szvr4Q6Scangqpbhzw67QBqGnoH/vKliR3HAZgf+iBKs8ovN9vz&u=U2FsdGVkX18OWFs4cCeqNmhLTk+fnGHjFNZY5gaSzAQLSdfVI8Jle5J3Sk2cL2Fb&y=U2FsdGVkX19UYFSZJfb+GJEVF++DlyaP76KUMQaKRY0/rx3xlfDELYL/U5oexCVU HTTP/1.1" 200 26
152.203.200.44 - - [17/Jul/2023:10:44:06 -0500] "GET /kwssiamovil/sm/acme/a?s=U2FsdGVkX1/Ssg9b/dzImnh5uwp60Ep5mxHjxPatwNayxSYzSZ6Maq/oqNlpzKT9c74mMsiI7FNSU2sHDIqfm7Bagd5b6iJOr2M9jHyiyuRvdGQjRcDpl+cupfuZ4lZFXCAt0fJndCNfT+1eaccyNIBRCSwh43AW6fdFqK/zhadMWtaYf1ksSZETG9ByQIcHTQ0AQWEc5g9sp/7ytgscxg==&u=U2FsdGVkX18OWFs4cCeqNmhLTk+fnGHjFNZY5gaSzAQLSdfVI8Jle5J3Sk2cL2Fb&y=U2FsdGVkX19UYFSZJfb+GJEVF++DlyaP76KUMQaKRY0/rx3xlfDELYL/U5oexCVU HTTP/1.1" 200 26
152.203.200.44 - - [17/Jul/2023:10:44:06 -0500] "GET /kwssiamovil/sm/acme/a?s=U2FsdGVkX187OwYN0dRlSHaPWEEfkEnJd/eM3q3V/6bYLgVswDtM8v6tkMk5+rJQXjfYX2UEw0R0bWxlyog0adonPs/g6AzfisJyyaJoAT5XLKUX2iE54EysbhRr/t+63alB54gSgw5FRrMP3XYhK+Vua64eJTwSbJTPYT7PTX1Og+Pdtp4hRpoqGPAbEcyF&u=U2FsdGVkX18OWFs4cCeqNmhLTk+fnGHjFNZY5gaSzAQLSdfVI8Jle5J3Sk2cL2Fb&y=U2FsdGVkX19UYFSZJfb+GJEVF++DlyaP76KUMQaKRY0/rx3xlfDELYL/U5oexCVU HTTP/1.1" 200 26
152.203.200.44 - - [17/Jul/2023:10:44:06 -0500] "GET /kwssiamovil/sm/acme/a?s=U2FsdGVkX1+kPPrmFL0Q6DXHSX5fMzrdBXrG6cH5Q1v57SURHf8QJAhX2dx4LyXAvX8uhDRHO5oucZjyGThDNjoxc9ji9QfKTjEqzXy6lB5LvM0bZe6R/FHkjGD2pX/RrkKrQ8Bm+kO1llKtp77a970N3sCW8n+0zRu14Uj+PGDn7SAadbdlVV/BXPSk3wmd9Ww1NqU9XcSzN3fEc+39yQ==&u=U2FsdGVkX18OWFs4cCeqNmhLTk+fnGHjFNZY5gaSzAQLSdfVI8Jle5J3Sk2cL2Fb&y=U2FsdGVkX19UYFSZJfb+GJEVF++DlyaP76KUMQaKRY0/rx3xlfDELYL/U5oexCVU HTTP/1.1" 200 26
152.203.200.44 - - [17/Jul/2023:10:44:06 -0500] "GET /kwssiamovil/sm/acme/a?s=U2FsdGVkX18V6tnLwlSLS2h8IS/fSYWsWHZUQ4ZotZitnfrvAolxyCH78HVVK84QnFTGE5hotxpV1J6gOKkWh+vaqY6b4Ni80Ady7zEHP0AGqlw0A4BEPY1kt5asdBzUggZYgpUotueRl11j0bUm9oILTwvbsH2HdpdmySM0NEN/2wtyhY6UAIlOumRoCuD7&u=U2FsdGVkX18OWFs4cCeqNmhLTk+fnGHjFNZY5gaSzAQLSdfVI8Jle5J3Sk2cL2Fb&y=U2FsdGVkX19UYFSZJfb+GJEVF++DlyaP76KUMQaKRY0/rx3xlfDELYL/U5oexCVU HTTP/1.1" 200 26
152.203.200.44 - - [17/Jul/2023:10:44:06 -0500] "GET /kwssiamovil/sm/acme/a?s=U2FsdGVkX18otDfuJwHYSR2FLGTfn5D4QrfrT+EbVhi7R05rlvv2mgWMM/Dwi6lJaIsTuL1ynJcvwcuh6S0zNjbxRPPyffeFBPv9BnvvuPecRRHcoIuHotDrLz0GTzGxQ+kPkfIa0O32t1f5QCJaSeqYOvXc7/2yY+sP7eRCPmgaUK5es5pa3GOj4IwZ+6xfkIIg2tIlnr6ws2JfFbVfRQ==&u=U2FsdGVkX18OWFs4cCeqNmhLTk+fnGHjFNZY5gaSzAQLSdfVI8Jle5J3Sk2cL2Fb&y=U2FsdGVkX19UYFSZJfb+GJEVF++DlyaP76KUMQaKRY0/rx3xlfDELYL/U5oexCVU HTTP/1.1" 200 26
152.203.200.44 - - [17/Jul/2023:10:44:06 -0500] "GET /kwssiamovil/sm/acme/a?s=U2FsdGVkX18Ade8+sd1v5WRJ2hAgNl03wVRhgIfeO/B42h0xHSI0IXxaQtIPBkRqsPZj8RqYU6LcUJX/c1Yvi+BAOwmA2LbjrZJHkFZciPJcU+6dCxVtTfGnzutJjZ/vf6aR33c6tSwhTqPIJOGpmHgkq1zNAk4pgbAgC/PhGiTuWmXcSSqrG7UVmz8IrigZ&u=U2FsdGVkX18OWFs4cCeqNmhLTk+fnGHjFNZY5gaSzAQLSdfVI8Jle5J3Sk2cL2Fb&y=U2FsdGVkX19UYFSZJfb+GJEVF++DlyaP76KUMQaKRY0/rx3xlfDELYL/U5oexCVU HTTP/1.1" 200 26
152.203.200.44 - - [17/Jul/2023:10:44:07 -0500] "GET /kwssiamovil/sm/acme/a?s=U2FsdGVkX1/Iudq+DMR482uPeMWy1qsbHSTqwf3eUZOnbUqkDgnY+WgZP1L16XZxSSRIcj9BbQ1+J7HQA/RXsFdJzDhLY8NMPJhO2fto3jvnhL2RYjyRki17i2LM8DyKN9vJQUNoPNdES9+nLK9kvZFajIvk5KU2OWiYNflDx3KEhkkfhmA9occHG+XCPA4wXb/7k6/PcujYfsr3zma0RQ==&u=U2FsdGVkX18OWFs4cCeqNmhLTk+fnGHjFNZY5gaSzAQLSdfVI8Jle5J3Sk2cL2Fb&y=U2FsdGVkX19UYFSZJfb+GJEVF++DlyaP76KUMQaKRY0/rx3xlfDELYL/U5oexCVU HTTP/1.1" 200 26
152.203.200.44 - - [17/Jul/2023:10:44:07 -0500] "GET /kwssiamovil/sm/acme/a?s=U2FsdGVkX1+doVMnebQeSWvOHWn2gA73tS9h7OYhgY1wAMdHTRLOjgkbbu9X671KfE74G1VmTiEec7j64fOtjFfYL5NERt8z6+jdULqrXq/eIFXJw7kctTfUXCSuxX5sFwmVQ1htgkiyH4GGNP5JRJuyB8eFKbCbCLGyCIv+oZMB7H3r6H/90FjQaXAEDSq+&u=U2FsdGVkX18OWFs4cCeqNmhLTk+fnGHjFNZY5gaSzAQLSdfVI8Jle5J3Sk2cL2Fb&y=U2FsdGVkX19UYFSZJfb+GJEVF++DlyaP76KUMQaKRY0/rx3xlfDELYL/U5oexCVU HTTP/1.1" 200 26
201.245.192.253 - - [17/Jul/2023:10:44:08 -0500] "POST /sipse/faces/presentacion/financiero/solicitudProceso/listarSolicitudProceso.xhtml HTTP/1.1" 200 17805
201.245.192.253 - - [17/Jul/2023:10:44:11 -0500] "POST /sipse/faces/presentacion/financiero/solicitudProceso/listarSolicitudProceso.xhtml HTTP/1.1" 200 106203
201.245.192.253 - - [17/Jul/2023:10:44:12 -0500] "GET /sipse/faces/javax.faces.resource/theme.css?ln=primefaces-sipse HTTP/1.1" 304 -
201.245.192.253 - - [17/Jul/2023:10:44:12 -0500] "GET /sipse/faces/javax.faces.resource/layout/layout.css?ln=primefaces&v=4.0 HTTP/1.1" 304 -
201.245.192.253 - - [17/Jul/2023:10:44:12 -0500] "GET /sipse/faces/javax.faces.resource/primefaces.css?ln=primefaces&v=4.0 HTTP/1.1" 304 -
201.245.192.253 - - [17/Jul/2023:10:44:12 -0500] "GET /sipse/faces/javax.faces.resource/jquery/jquery.js?ln=primefaces&v=4.0 HTTP/1.1" 304 -
201.245.192.253 - - [17/Jul/2023:10:44:12 -0500] "GET /sipse/faces/javax.faces.resource/jquery/jquery-plugins.js?ln=primefaces&v=4.0 HTTP/1.1" 304 -
201.245.192.253 - - [17/Jul/2023:10:44:12 -0500] "GET /sipse/faces/javax.faces.resource/primefaces.js?ln=primefaces&v=4.0 HTTP/1.1" 304 -
201.245.192.253 - - [17/Jul/2023:10:44:12 -0500] "GET /sipse/faces/javax.faces.resource/layout/layout.js?ln=primefaces&v=4.0 HTTP/1.1" 304 -
179.1.101.12 - - [17/Jul/2023:10:44:21 -0500] "GET /calidad-del-aire-distrito-avanza-unido-por-un-nuevo-aire.html?utm_source=Meta_DIGI&utm_medium=CPMa&utm_campaign=Aire&utm_id=Julio_2023&fbclid=IwAR28jZJknxE4022bh_th1zUCgalfSKba6CXb_lyliA3n38G6tRxH8QyE5qs_aem_AX4PSZAmnzloxV54Vg_3kP66dF-N7AylRxp5BAdN4SLf3YPwaBaReppFW80bOA6NIwt9cyM3at9gLcgUSv3mhGG8 HTTP/1.1" 200 783
152.203.200.44 - - [17/Jul/2023:10:44:23 -0500] "GET /kwssiamovil/sm/acme/u?s=U2FsdGVkX186UCnPdr67bshtd9bqvk+xTtAqz0h9m56iHkP5MGJTRjEK744NPa4FMd/Ry1pcQ1X+wW/ofvw8brtzTdkeM8iNcM5idtE84FlFBKhJP/+oDnzXvl0ydWxO6RTfIRnw/dNEdkTvaKaFGztuVBUCcf6HxTxMr0/+9BM=&u=U2FsdGVkX18OWFs4cCeqNmhLTk+fnGHjFNZY5gaSzAQLSdfVI8Jle5J3Sk2cL2Fb&y=U2FsdGVkX19UYFSZJfb+GJEVF++DlyaP76KUMQaKRY0/rx3xlfDELYL/U5oexCVU HTTP/1.1" 200 60
201.245.192.253 - - [17/Jul/2023:10:44:29 -0500] "POST /sipse/faces/presentacion/financiero/solicitudProceso/consultarSolicitudProceso.xhtml HTTP/1.1" 200 23629
201.245.192.253 - - [17/Jul/2023:10:44:29 -0500] "GET /sipse/faces/javax.faces.resource/theme.css?ln=primefaces-sipse HTTP/1.1" 304 -
201.245.192.253 - - [17/Jul/2023:10:44:29 -0500] "GET /sipse/faces/javax.faces.resource/primefaces.css?ln=primefaces&v=4.0 HTTP/1.1" 304 -
201.245.192.253 - - [17/Jul/2023:10:44:29 -0500] "GET /sipse/faces/javax.faces.resource/jquery/jquery.js?ln=primefaces&v=4.0 HTTP/1.1" 304 -
201.245.192.253 - - [17/Jul/2023:10:44:29 -0500] "GET /sipse/faces/javax.faces.resource/jquery/jquery-plugins.js?ln=primefaces&v=4.0 HTTP/1.1" 304 -
201.245.192.253 - - [17/Jul/2023:10:44:29 -0500] "GET /sipse/faces/javax.faces.resource/layout/layout.css?ln=primefaces&v=4.0 HTTP/1.1" 304 -
201.245.192.253 - - [17/Jul/2023:10:44:29 -0500] "GET /sipse/faces/javax.faces.resource/primefaces.js?ln=primefaces&v=4.0 HTTP/1.1" 304 -
201.245.192.253 - - [17/Jul/2023:10:44:29 -0500] "GET /sipse/faces/javax.faces.resource/layout/layout.js?ln=primefaces&v=4.0 HTTP/1.1" 304 -
201.245.192.253 - - [17/Jul/2023:10:44:29 -0500] "GET /sipse/faces/javax.faces.resource/spacer/dot_clear.gif?ln=primefaces&v=4.0 HTTP/1.1" 200 42
201.245.192.253 - - [17/Jul/2023:10:44:45 -0500] "GET /sipse/faces/javax.faces.resource/theme.css?ln=primefaces-sipse HTTP/1.1" 304 -
201.245.192.253 - - [17/Jul/2023:10:44:45 -0500] "GET /sipse/faces/javax.faces.resource/primefaces.css?ln=primefaces&v=4.0 HTTP/1.1" 304 -
201.245.192.253 - - [17/Jul/2023:10:44:45 -0500] "GET /sipse/faces/javax.faces.resource/layout/layout.css?ln=primefaces&v=4.0 HTTP/1.1" 304 -
201.245.192.253 - - [17/Jul/2023:10:44:45 -0500] "GET /sipse/faces/javax.faces.resource/primefaces.js?ln=primefaces&v=4.0 HTTP/1.1" 304 -
201.245.192.253 - - [17/Jul/2023:10:44:45 -0500] "GET /sipse/faces/javax.faces.resource/layout/layout.js?ln=primefaces&v=4.0 HTTP/1.1" 304 -
201.245.192.253 - - [17/Jul/2023:10:44:45 -0500] "GET /sipse/faces/javax.faces.resource/jquery/jquery-plugins.js?ln=primefaces&v=4.0 HTTP/1.1" 304 -
201.245.192.253 - - [17/Jul/2023:10:44:44 -0500] "POST /sipse/faces/presentacion/proyectos/proyecto/actividad/consultarActividadSolicitud.xhtml HTTP/1.1" 200 150317
201.245.192.253 - - [17/Jul/2023:10:44:45 -0500] "GET /sipse/faces/javax.faces.resource/jquery/jquery.js?ln=primefaces&v=4.0 HTTP/1.1" 304 -
201.245.192.253 - - [17/Jul/2023:10:44:55 -0500] "POST /sipse/faces/presentacion/financiero/solicitudProceso/consultarSolicitudProceso.xhtml HTTP/1.1" 200 22302
201.245.192.253 - - [17/Jul/2023:10:44:55 -0500] "GET /sipse/faces/javax.faces.resource/primefaces.css?ln=primefaces&v=4.0 HTTP/1.1" 304 -
201.245.192.253 - - [17/Jul/2023:10:44:55 -0500] "GET /sipse/faces/javax.faces.resource/theme.css?ln=primefaces-sipse HTTP/1.1" 304 -
201.245.192.253 - - [17/Jul/2023:10:44:55 -0500] "GET /sipse/faces/javax.faces.resource/jquery/jquery.js?ln=primefaces&v=4.0 HTTP/1.1" 304 -
201.245.192.253 - - [17/Jul/2023:10:44:55 -0500] "GET /sipse/faces/javax.faces.resource/layout/layout.css?ln=primefaces&v=4.0 HTTP/1.1" 304 -
201.245.192.253 - - [17/Jul/2023:10:44:55 -0500] "GET /sipse/faces/javax.faces.resource/jquery/jquery-plugins.js?ln=primefaces&v=4.0 HTTP/1.1" 304 -
201.245.192.253 - - [17/Jul/2023:10:44:55 -0500] "GET /sipse/faces/javax.faces.resource/fileupload/fileupload.css?ln=primefaces&v=4.0 HTTP/1.1" 304 -
201.245.192.253 - - [17/Jul/2023:10:44:55 -0500] "GET /sipse/faces/javax.faces.resource/primefaces.js?ln=primefaces&v=4.0 HTTP/1.1" 304 -
201.245.192.253 - - [17/Jul/2023:10:44:55 -0500] "GET /sipse/faces/javax.faces.resource/layout/layout.js?ln=primefaces&v=4.0 HTTP/1.1" 304 -
201.245.192.253 - - [17/Jul/2023:10:44:55 -0500] "GET /sipse/faces/javax.faces.resource/fileupload/fileupload.js?ln=primefaces&v=4.0 HTTP/1.1" 304 -
111.225.148.157 - - [17/Jul/2023:10:44:58 -0500] "GET /BLA/resoluciones/AUTOS%202016/1195.pdf HTTP/1.1" 200 323903
201.245.192.253 - - [17/Jul/2023:10:45:18 -0500] "GET /sipse/faces/javax.faces.resource/theme.css?ln=primefaces-sipse HTTP/1.1" 304 -
201.245.192.253 - - [17/Jul/2023:10:45:18 -0500] "GET /sipse/faces/javax.faces.resource/layout/layout.css?ln=primefaces&v=4.0 HTTP/1.1" 304 -
201.245.192.253 - - [17/Jul/2023:10:45:18 -0500] "GET /sipse/faces/javax.faces.resource/primefaces.css?ln=primefaces&v=4.0 HTTP/1.1" 304 -
201.245.192.253 - - [17/Jul/2023:10:45:18 -0500] "GET /sipse/faces/javax.faces.resource/jquery/jquery.js?ln=primefaces&v=4.0 HTTP/1.1" 304 -
201.245.192.253 - - [17/Jul/2023:10:45:18 -0500] "GET /sipse/faces/javax.faces.resource/primefaces.js?ln=primefaces&v=4.0 HTTP/1.1" 304 -
201.245.192.253 - - [17/Jul/2023:10:45:18 -0500] "GET /sipse/faces/javax.faces.resource/jquery/jquery-plugins.js?ln=primefaces&v=4.0 HTTP/1.1" 304 -
201.245.192.253 - - [17/Jul/2023:10:45:18 -0500] "GET /sipse/faces/javax.faces.resource/layout/layout.js?ln=primefaces&v=4.0 HTTP/1.1" 304 -
201.245.192.253 - - [17/Jul/2023:10:45:17 -0500] "POST /sipse/faces/presentacion/sistema/anexos/cargarAnexoSolicitudProceso.xhtml HTTP/1.1" 200 152001
201.245.192.253 - - [17/Jul/2023:10:45:27 -0500] "GET /sipse/faces/javax.faces.resource/theme.css?ln=primefaces-sipse HTTP/1.1" 304 -
201.245.192.253 - - [17/Jul/2023:10:45:27 -0500] "GET /sipse/faces/javax.faces.resource/primefaces.css?ln=primefaces&v=4.0 HTTP/1.1" 304 -
201.245.192.253 - - [17/Jul/2023:10:45:27 -0500] "GET /sipse/faces/javax.faces.resource/layout/layout.css?ln=primefaces&v=4.0 HTTP/1.1" 304 -
201.245.192.253 - - [17/Jul/2023:10:45:27 -0500] "GET /sipse/faces/javax.faces.resource/jquery/jquery.js?ln=primefaces&v=4.0 HTTP/1.1" 304 -
201.245.192.253 - - [17/Jul/2023:10:45:27 -0500] "POST /sipse/faces/presentacion/financiero/solicitudProceso/consultarSolicitudProceso.xhtml HTTP/1.1" 200 22302
201.245.192.253 - - [17/Jul/2023:10:45:27 -0500] "GET /sipse/faces/javax.faces.resource/jquery/jquery-plugins.js?ln=primefaces&v=4.0 HTTP/1.1" 304 -
201.245.192.253 - - [17/Jul/2023:10:45:27 -0500] "GET /sipse/faces/javax.faces.resource/primefaces.js?ln=primefaces&v=4.0 HTTP/1.1" 304 -
201.245.192.253 - - [17/Jul/2023:10:45:27 -0500] "GET /sipse/faces/javax.faces.resource/layout/layout.js?ln=primefaces&v=4.0 HTTP/1.1" 304 -
201.245.192.253 - - [17/Jul/2023:10:45:27 -0500] "GET /sipse/faces/javax.faces.resource/fileupload/fileupload.css?ln=primefaces&v=4.0 HTTP/1.1" 304 -
201.245.192.253 - - [17/Jul/2023:10:45:27 -0500] "GET /sipse/faces/javax.faces.resource/fileupload/fileupload.js?ln=primefaces&v=4.0 HTTP/1.1" 304 -
201.245.192.253 - - [17/Jul/2023:10:45:34 -0500] "GET /sipse/faces/javax.faces.resource/primefaces.css?ln=primefaces&v=4.0 HTTP/1.1" 304 -
201.245.192.253 - - [17/Jul/2023:10:45:34 -0500] "GET /sipse/faces/javax.faces.resource/theme.css?ln=primefaces-sipse HTTP/1.1" 304 -
201.245.192.253 - - [17/Jul/2023:10:45:34 -0500] "GET /sipse/faces/javax.faces.resource/layout/layout.css?ln=primefaces&v=4.0 HTTP/1.1" 304 -
201.245.192.253 - - [17/Jul/2023:10:45:34 -0500] "GET /sipse/faces/javax.faces.resource/jquery/jquery-plugins.js?ln=primefaces&v=4.0 HTTP/1.1" 304 -
201.245.192.253 - - [17/Jul/2023:10:45:34 -0500] "GET /sipse/faces/javax.faces.resource/jquery/jquery.js?ln=primefaces&v=4.0 HTTP/1.1" 304 -
201.245.192.253 - - [17/Jul/2023:10:45:34 -0500] "GET /sipse/faces/javax.faces.resource/primefaces.js?ln=primefaces&v=4.0 HTTP/1.1" 304 -
201.245.192.253 - - [17/Jul/2023:10:45:34 -0500] "GET /sipse/faces/javax.faces.resource/layout/layout.js?ln=primefaces&v=4.0 HTTP/1.1" 304 -
201.245.192.253 - - [17/Jul/2023:10:45:33 -0500] "POST /sipse/faces/presentacion/sistema/anexos/cargarAnexoSolicitudProceso.xhtml HTTP/1.1" 200 153800
201.245.192.253 - - [17/Jul/2023:10:45:32 -0500] "POST /kwsrmcab/Wsrmcab  HTTP/1.1" 200 42295
201.245.192.253 - - [17/Jul/2023:10:45:38 -0500] "POST /sipse/faces/presentacion/financiero/solicitudProceso/consultarSolicitudProceso.xhtml HTTP/1.1" 200 22302
201.245.192.253 - - [17/Jul/2023:10:45:38 -0500] "GET /sipse/faces/javax.faces.resource/theme.css?ln=primefaces-sipse HTTP/1.1" 304 -
201.245.192.253 - - [17/Jul/2023:10:45:38 -0500] "GET /sipse/faces/javax.faces.resource/fileupload/fileupload.css?ln=primefaces&v=4.0 HTTP/1.1" 304 -
201.245.192.253 - - [17/Jul/2023:10:45:38 -0500] "GET /sipse/faces/javax.faces.resource/layout/layout.js?ln=primefaces&v=4.0 HTTP/1.1" 304 -
201.245.192.253 - - [17/Jul/2023:10:45:38 -0500] "GET /sipse/faces/javax.faces.resource/jquery/jquery-plugins.js?ln=primefaces&v=4.0 HTTP/1.1" 304 -
201.245.192.253 - - [17/Jul/2023:10:45:38 -0500] "GET /sipse/faces/javax.faces.resource/primefaces.js?ln=primefaces&v=4.0 HTTP/1.1" 304 -
201.245.192.253 - - [17/Jul/2023:10:45:38 -0500] "GET /sipse/faces/javax.faces.resource/primefaces.css?ln=primefaces&v=4.0 HTTP/1.1" 304 -
201.245.192.253 - - [17/Jul/2023:10:45:38 -0500] "GET /sipse/faces/javax.faces.resource/jquery/jquery.js?ln=primefaces&v=4.0 HTTP/1.1" 304 -
201.245.192.253 - - [17/Jul/2023:10:45:38 -0500] "GET /sipse/faces/javax.faces.resource/layout/layout.css?ln=primefaces&v=4.0 HTTP/1.1" 304 -
201.245.192.253 - - [17/Jul/2023:10:45:38 -0500] "GET /sipse/faces/javax.faces.resource/fileupload/fileupload.js?ln=primefaces&v=4.0 HTTP/1.1" 304 -
201.245.192.253 - - [17/Jul/2023:10:45:54 -0500] "GET /sipse/faces/javax.faces.resource/theme.css?ln=primefaces-sipse HTTP/1.1" 304 -
201.245.192.253 - - [17/Jul/2023:10:45:54 -0500] "GET /sipse/faces/javax.faces.resource/jquery/jquery.js?ln=primefaces&v=4.0 HTTP/1.1" 304 -
201.245.192.253 - - [17/Jul/2023:10:45:54 -0500] "GET /sipse/faces/javax.faces.resource/layout/layout.css?ln=primefaces&v=4.0 HTTP/1.1" 304 -
201.245.192.253 - - [17/Jul/2023:10:45:54 -0500] "GET /sipse/faces/javax.faces.resource/primefaces.css?ln=primefaces&v=4.0 HTTP/1.1" 304 -
201.245.192.253 - - [17/Jul/2023:10:45:54 -0500] "POST /sipse/faces/presentacion/sistema/anexos/cargarAnexoSolicitudProceso.xhtml HTTP/1.1" 200 22594
201.245.192.253 - - [17/Jul/2023:10:45:54 -0500] "GET /sipse/faces/javax.faces.resource/primefaces.js?ln=primefaces&v=4.0 HTTP/1.1" 304 -
201.245.192.253 - - [17/Jul/2023:10:45:54 -0500] "GET /sipse/faces/javax.faces.resource/jquery/jquery-plugins.js?ln=primefaces&v=4.0 HTTP/1.1" 304 -
201.245.192.253 - - [17/Jul/2023:10:45:54 -0500] "GET /sipse/faces/javax.faces.resource/fileupload/fileupload.css?ln=primefaces&v=4.0 HTTP/1.1" 304 -
201.245.192.253 - - [17/Jul/2023:10:45:54 -0500] "GET /sipse/faces/javax.faces.resource/layout/layout.js?ln=primefaces&v=4.0 HTTP/1.1" 304 -
201.245.192.253 - - [17/Jul/2023:10:45:54 -0500] "GET /sipse/faces/javax.faces.resource/fileupload/fileupload.js?ln=primefaces&v=4.0 HTTP/1.1" 304 -
186.84.21.166 - - [17/Jul/2023:10:46:00 -0500] "GET /sipse/faces/index.xhtml HTTP/1.1" 200 677
186.84.21.166 - - [17/Jul/2023:10:46:01 -0500] "GET /sipse/faces/javax.faces.resource/theme.css?ln=primefaces-sipse HTTP/1.1" 304 -
186.84.21.166 - - [17/Jul/2023:10:46:01 -0500] "GET /sipse/faces/faces/autenticacion.xhtml HTTP/1.1" 200 12184
186.84.21.166 - - [17/Jul/2023:10:46:01 -0500] "GET /sipse/faces/javax.faces.resource/theme.css?ln=primefaces-sipse HTTP/1.1" 304 -
186.84.21.166 - - [17/Jul/2023:10:46:01 -0500] "GET /sipse/faces/javax.faces.resource/jquery/jquery.js?ln=primefaces&v=4.0 HTTP/1.1" 304 -
186.84.21.166 - - [17/Jul/2023:10:46:01 -0500] "GET /sipse/faces/javax.faces.resource/primefaces.css?ln=primefaces&v=4.0 HTTP/1.1" 304 -
186.84.21.166 - - [17/Jul/2023:10:46:01 -0500] "GET /sipse/faces/javax.faces.resource/jquery/jquery-plugins.js?ln=primefaces&v=4.0 HTTP/1.1" 304 -
186.84.21.166 - - [17/Jul/2023:10:46:01 -0500] "GET /sipse/faces/javax.faces.resource/layout/layout.js?ln=primefaces&v=4.0 HTTP/1.1" 304 -
186.84.21.166 - - [17/Jul/2023:10:46:01 -0500] "GET /sipse/faces/javax.faces.resource/primefaces.js?ln=primefaces&v=4.0 HTTP/1.1" 304 -
186.84.21.166 - - [17/Jul/2023:10:46:01 -0500] "GET /sipse/faces/javax.faces.resource/layout/layout.css?ln=primefaces&v=4.0 HTTP/1.1" 304 -
186.84.21.166 - - [17/Jul/2023:10:46:01 -0500] "GET /sipse/faces/javax.faces.resource/images/ui-icons_898989_256x240.png?ln=primefaces-aristo HTTP/1.1" 304 -
201.245.192.253 - - [17/Jul/2023:10:46:02 -0500] "POST /sipse/faces/presentacion/sistema/anexos/cargarAnexoSolicitudProceso.xhtml HTTP/1.1" 200 155599
201.245.192.253 - - [17/Jul/2023:10:46:03 -0500] "GET /sipse/faces/javax.faces.resource/jquery/jquery-plugins.js?ln=primefaces&v=4.0 HTTP/1.1" 304 -
201.245.192.253 - - [17/Jul/2023:10:46:03 -0500] "GET /sipse/faces/javax.faces.resource/layout/layout.css?ln=primefaces&v=4.0 HTTP/1.1" 304 -
201.245.192.253 - - [17/Jul/2023:10:46:03 -0500] "GET /sipse/faces/javax.faces.resource/theme.css?ln=primefaces-sipse HTTP/1.1" 304 -
201.245.192.253 - - [17/Jul/2023:10:46:03 -0500] "GET /sipse/faces/javax.faces.resource/jquery/jquery.js?ln=primefaces&v=4.0 HTTP/1.1" 304 -
201.245.192.253 - - [17/Jul/2023:10:46:03 -0500] "GET /sipse/faces/javax.faces.resource/primefaces.css?ln=primefaces&v=4.0 HTTP/1.1" 304 -
201.245.192.253 - - [17/Jul/2023:10:46:03 -0500] "GET /sipse/faces/javax.faces.resource/primefaces.js?ln=primefaces&v=4.0 HTTP/1.1" 304 -
201.245.192.253 - - [17/Jul/2023:10:46:03 -0500] "GET /sipse/faces/javax.faces.resource/layout/layout.js?ln=primefaces&v=4.0 HTTP/1.1" 304 -
186.84.21.166 - - [17/Jul/2023:10:46:05 -0500] "POST /sipse/faces/autenticacion.xhtml HTTP/1.1" 200 2222
186.84.21.166 - - [17/Jul/2023:10:46:05 -0500] "GET /sipse/faces/javax.faces.resource/messages/messages.png?ln=primefaces&v=4.0 HTTP/1.1" 304 -
186.84.21.166 - - [17/Jul/2023:10:46:07 -0500] "POST /sipse/faces/autenticacion.xhtml HTTP/1.1" 200 16381
186.84.21.166 - - [17/Jul/2023:10:46:07 -0500] "GET /sipse/faces/javax.faces.resource/theme.css?ln=primefaces-sipse HTTP/1.1" 304 -
186.84.21.166 - - [17/Jul/2023:10:46:07 -0500] "GET /sipse/faces/javax.faces.resource/primefaces.css?ln=primefaces&v=4.0 HTTP/1.1" 304 -
186.84.21.166 - - [17/Jul/2023:10:46:07 -0500] "GET /sipse/faces/javax.faces.resource/layout/layout.css?ln=primefaces&v=4.0 HTTP/1.1" 304 -
186.84.21.166 - - [17/Jul/2023:10:46:07 -0500] "GET /sipse/faces/javax.faces.resource/jquery/jquery.js?ln=primefaces&v=4.0 HTTP/1.1" 304 -
186.84.21.166 - - [17/Jul/2023:10:46:07 -0500] "GET /sipse/faces/javax.faces.resource/jquery/jquery-plugins.js?ln=primefaces&v=4.0 HTTP/1.1" 304 -
186.84.21.166 - - [17/Jul/2023:10:46:07 -0500] "GET /sipse/faces/javax.faces.resource/primefaces.js?ln=primefaces&v=4.0 HTTP/1.1" 304 -
186.84.21.166 - - [17/Jul/2023:10:46:07 -0500] "GET /sipse/faces/javax.faces.resource/layout/layout.js?ln=primefaces&v=4.0 HTTP/1.1" 304 -
186.84.21.166 - - [17/Jul/2023:10:46:07 -0500] "GET /sipse/css/imagen/contrasena.png HTTP/1.1" 404 383
201.245.192.253 - - [17/Jul/2023:10:46:09 -0500] "GET /appsia/controlador HTTP/1.1" 200 4799
201.245.192.253 - - [17/Jul/2023:10:46:09 -0500] "GET /appsia/css/estilos.css HTTP/1.1" 200 4804
201.245.192.253 - - [17/Jul/2023:10:46:09 -0500] "GET /appsia/scripts/validarIngreso.js HTTP/1.1" 200 851
201.245.192.253 - - [17/Jul/2023:10:46:09 -0500] "GET /appsia/images/cabezoteHojaVida.png HTTP/1.1" 200 32493
201.245.192.253 - - [17/Jul/2023:10:46:09 -0500] "GET /appsia/images/logo_bogota_p.png HTTP/1.1" 200 14951
186.84.21.166 - - [17/Jul/2023:10:46:09 -0500] "GET /sipse/faces/javax.faces.resource/images/ui-bg_flat_0_2d5972_40x100.png?ln=primefaces-aristo HTTP/1.1" 304 -
186.84.21.166 - - [17/Jul/2023:10:46:09 -0500] "POST /sipse/faces/bienvenido.xhtml HTTP/1.1" 200 2073
186.84.21.166 - - [17/Jul/2023:10:46:10 -0500] "POST /sipse/faces/bienvenido.xhtml HTTP/1.1" 200 193
186.84.21.166 - - [17/Jul/2023:10:46:10 -0500] "GET /sipse/faces/javax.faces.resource/primefaces.css?ln=primefaces&v=4.0 HTTP/1.1" 304 -
186.84.21.166 - - [17/Jul/2023:10:46:10 -0500] "GET /sipse/faces/javax.faces.resource/theme.css?ln=primefaces-sipse HTTP/1.1" 304 -
186.84.21.166 - - [17/Jul/2023:10:46:10 -0500] "GET /sipse/faces/javax.faces.resource/jquery/jquery-plugins.js?ln=primefaces&v=4.0 HTTP/1.1" 304 -
186.84.21.166 - - [17/Jul/2023:10:46:10 -0500] "GET /sipse/faces/javax.faces.resource/layout/layout.css?ln=primefaces&v=4.0 HTTP/1.1" 304 -
186.84.21.166 - - [17/Jul/2023:10:46:10 -0500] "GET /sipse/faces/javax.faces.resource/jquery/jquery.js?ln=primefaces&v=4.0 HTTP/1.1" 304 -
186.84.21.166 - - [17/Jul/2023:10:46:10 -0500] "GET /sipse/faces/javax.faces.resource/layout/layout.js?ln=primefaces&v=4.0 HTTP/1.1" 304 -
186.84.21.166 - - [17/Jul/2023:10:46:10 -0500] "GET /sipse/faces/javax.faces.resource/primefaces.js?ln=primefaces&v=4.0 HTTP/1.1" 304 -
186.84.21.166 - - [17/Jul/2023:10:46:10 -0500] "GET /sipse/faces/presentacion/financiero/solicitudAnulacion/consultarSolicitudAnulacion.xhtml HTTP/1.1" 200 35251
186.84.21.166 - - [17/Jul/2023:10:46:11 -0500] "POST /sipse/faces/presentacion/financiero/solicitudAnulacion/consultarSolicitudAnulacion.xhtml HTTP/1.1" 200 10620
186.84.21.166 - - [17/Jul/2023:10:46:14 -0500] "POST /sipse/faces/presentacion/financiero/solicitudAnulacion/consultarSolicitudAnulacion.xhtml HTTP/1.1" 200 3468
172.22.2.4 - - [17/Jul/2023:10:46:18 -0500] "GET /BLA/boletinlegal/consulta_actos.php?tipo=autos&no=534&usuario=&sector=&fecha=2018&resuelve= HTTP/1.1" 200 4755
172.22.2.4 - - [17/Jul/2023:10:46:18 -0500] "GET /BLA/boletinlegal/images/background.gif HTTP/1.1" 200 -
186.84.21.166 - - [17/Jul/2023:10:46:20 -0500] "POST /sipse/faces/presentacion/financiero/solicitudAnulacion/consultarSolicitudAnulacion.xhtml HTTP/1.1" 200 4078
186.84.21.166 - - [17/Jul/2023:10:46:21 -0500] "POST /sipse/faces/presentacion/financiero/solicitudAnulacion/consultarSolicitudAnulacion.xhtml HTTP/1.1" 200 184
186.84.21.166 - - [17/Jul/2023:10:46:22 -0500] "GET /sipse/faces/javax.faces.resource/theme.css?ln=primefaces-sipse HTTP/1.1" 304 -
186.84.21.166 - - [17/Jul/2023:10:46:22 -0500] "GET /sipse/faces/javax.faces.resource/primefaces.css?ln=primefaces&v=4.0 HTTP/1.1" 304 -
186.84.21.166 - - [17/Jul/2023:10:46:22 -0500] "GET /sipse/faces/javax.faces.resource/layout/layout.css?ln=primefaces&v=4.0 HTTP/1.1" 304 -
186.84.21.166 - - [17/Jul/2023:10:46:22 -0500] "GET /sipse/faces/javax.faces.resource/jquery/jquery.js?ln=primefaces&v=4.0 HTTP/1.1" 304 -
186.84.21.166 - - [17/Jul/2023:10:46:22 -0500] "GET /sipse/faces/javax.faces.resource/jquery/jquery-plugins.js?ln=primefaces&v=4.0 HTTP/1.1" 304 -
186.84.21.166 - - [17/Jul/2023:10:46:22 -0500] "GET /sipse/faces/javax.faces.resource/primefaces.js?ln=primefaces&v=4.0 HTTP/1.1" 304 -
186.84.21.166 - - [17/Jul/2023:10:46:22 -0500] "GET /sipse/faces/javax.faces.resource/layout/layout.js?ln=primefaces&v=4.0 HTTP/1.1" 304 -
186.84.21.166 - - [17/Jul/2023:10:46:21 -0500] "GET /sipse/faces/presentacion/financiero/solicitudAnulacion/solicitudAnulacion.xhtml HTTP/1.1" 200 33979
186.102.100.131 - - [17/Jul/2023:10:46:22 -0500] "GET /kwssiamovil/sm/ldap/au?x=U2FsdGVkX19MefbHNscmhUzIZxXDo8510EFi+v89aOqbaSjGSxTSgD6y1Inl+N/r&y=U2FsdGVkX1/C1ZM6cXxpmdHovB507IHviGsJq1Hw7Ig= HTTP/1.1" 200 30
201.245.192.253 - - [17/Jul/2023:10:46:25 -0500] "POST /appsia/controlador HTTP/1.1" 200 5437
186.84.21.166 - - [17/Jul/2023:10:46:25 -0500] "POST /sipse/faces/presentacion/financiero/solicitudAnulacion/solicitudAnulacion.xhtml HTTP/1.1" 200 17069
201.245.192.253 - - [17/Jul/2023:10:46:25 -0500] "POST /sipse/faces/presentacion/financiero/solicitudProceso/consultarSolicitudProceso.xhtml HTTP/1.1" 200 38742
201.245.192.253 - - [17/Jul/2023:10:46:28 -0500] "GET /sipse/faces/javax.faces.resource/theme.css?ln=primefaces-sipse HTTP/1.1" 304 -
201.245.192.253 - - [17/Jul/2023:10:46:28 -0500] "GET /sipse/faces/javax.faces.resource/primefaces.css?ln=primefaces&v=4.0 HTTP/1.1" 304 -
201.245.192.253 - - [17/Jul/2023:10:46:28 -0500] "GET /sipse/faces/javax.faces.resource/layout/layout.css?ln=primefaces&v=4.0 HTTP/1.1" 304 -
201.245.192.253 - - [17/Jul/2023:10:46:28 -0500] "GET /sipse/faces/javax.faces.resource/jquery/jquery.js?ln=primefaces&v=4.0 HTTP/1.1" 304 -
201.245.192.253 - - [17/Jul/2023:10:46:28 -0500] "GET /sipse/faces/javax.faces.resource/jquery/jquery-plugins.js?ln=primefaces&v=4.0 HTTP/1.1" 304 -
201.245.192.253 - - [17/Jul/2023:10:46:28 -0500] "GET /sipse/faces/javax.faces.resource/primefaces.js?ln=primefaces&v=4.0 HTTP/1.1" 304 -
201.245.192.253 - - [17/Jul/2023:10:46:28 -0500] "GET /sipse/faces/javax.faces.resource/layout/layout.js?ln=primefaces&v=4.0 HTTP/1.1" 304 -
201.245.192.253 - - [17/Jul/2023:10:46:29 -0500] "POST /sipse/faces/presentacion/financiero/solicitudProceso/listarSolicitudProceso.xhtml HTTP/1.1" 200 1400
201.245.192.253 - - [17/Jul/2023:10:46:30 -0500] "GET /appsia/images/logo_escudo.png HTTP/1.1" 200 36965
201.245.192.253 - - [17/Jul/2023:10:46:30 -0500] "POST /appsia/controlador HTTP/1.1" 200 50496
201.245.192.253 - - [17/Jul/2023:10:46:33 -0500] "POST /sipse/faces/presentacion/financiero/solicitudProceso/listarSolicitudProceso.xhtml HTTP/1.1" 200 73948
172.22.2.4 - - [17/Jul/2023:10:46:33 -0500] "GET /BLA/boletinlegal/consulta_actos.php?tipo=autos&no=5342&usuario=&sector=&fecha=2018&resuelve= HTTP/1.1" 200 1075
201.245.192.253 - - [17/Jul/2023:10:46:34 -0500] "GET /sipse/faces/javax.faces.resource/theme.css?ln=primefaces-sipse HTTP/1.1" 304 -
201.245.192.253 - - [17/Jul/2023:10:46:34 -0500] "GET /sipse/faces/javax.faces.resource/layout/layout.css?ln=primefaces&v=4.0 HTTP/1.1" 304 -
201.245.192.253 - - [17/Jul/2023:10:46:34 -0500] "GET /sipse/faces/javax.faces.resource/primefaces.css?ln=primefaces&v=4.0 HTTP/1.1" 304 -
201.245.192.253 - - [17/Jul/2023:10:46:34 -0500] "GET /sipse/faces/javax.faces.resource/jquery/jquery.js?ln=primefaces&v=4.0 HTTP/1.1" 304 -
201.245.192.253 - - [17/Jul/2023:10:46:34 -0500] "GET /sipse/faces/javax.faces.resource/jquery/jquery-plugins.js?ln=primefaces&v=4.0 HTTP/1.1" 304 -
201.245.192.253 - - [17/Jul/2023:10:46:34 -0500] "GET /sipse/faces/javax.faces.resource/primefaces.js?ln=primefaces&v=4.0 HTTP/1.1" 304 -
201.245.192.253 - - [17/Jul/2023:10:46:34 -0500] "GET /sipse/faces/javax.faces.resource/layout/layout.js?ln=primefaces&v=4.0 HTTP/1.1" 304 -
201.245.192.253 - - [17/Jul/2023:10:46:34 -0500] "POST /sipse/faces/presentacion/financiero/solicitudProceso/consultar.xhtml HTTP/1.1" 200 67349
186.102.62.227 - - [17/Jul/2023:10:46:34 -0500] "GET /kwssiamovil/sm/ldap/au?x=U2FsdGVkX1+OTIpAQElgvnqmyfblOSB91BkNTGDhJdh9ftUKeN7UpNsrTjNdb/n/&y=U2FsdGVkX18425nPhPLGljSM5OA7GGOZSPn0k2D3pax6Y8qXzgyBrjl+hGNefQHY HTTP/1.1" 200 31
201.245.192.253 - - [17/Jul/2023:10:46:36 -0500] "GET /BLA/resoluciones/AUTOS%202018/5342.pdf HTTP/1.1" 200 314415
201.245.192.253 - - [17/Jul/2023:10:46:37 -0500] "GET /favicon.ico HTTP/1.1" 200 7782
201.245.192.253 - - [17/Jul/2023:10:46:37 -0500] "GET /BLA/resoluciones/AUTOS%202018/5342.pdf HTTP/1.1" 200 314415
201.245.192.253 - - [17/Jul/2023:10:46:37 -0500] "GET /BLA/resoluciones/AUTOS%202018/5342.pdf HTTP/1.1" 206 1025
186.102.62.227 - - [17/Jul/2023:10:46:37 -0500] "GET /kwssiamovil/sm/ldap/au?x=U2FsdGVkX18UzgYAsDyTCuuzOF+RgWX+5PjjXTSdgVhUCt9clu02nmjKgnP/838z&y=U2FsdGVkX1906EKZIxE+N2btzxJAilNqEE9BXBRCCWW0/F9N+pYeVLoOX4NkhEXO HTTP/1.1" 200 31
201.245.192.253 - - [17/Jul/2023:10:46:39 -0500] "POST /sipse/faces/presentacion/financiero/solicitudProceso/consultar.xhtml HTTP/1.1" 200 12796
186.102.62.227 - - [17/Jul/2023:10:47:00 -0500] "GET /kwssiamovil/sm/ldap/au?x=U2FsdGVkX1/W/E0XwR2olEwX/q9SyowASszIrGJPTvyNKxgtMLoOIZOkvMG1xLxX&y=U2FsdGVkX18QB+uSG+LELt2WeRNtM1AYG5jBPYbsC4MEehsOyg9fIbTA+zHpv/9o HTTP/1.1" 200 30
186.102.62.227 - - [17/Jul/2023:10:47:00 -0500] "GET /kwssiamovil/sm/acme/s?s=U2FsdGVkX1+ulzJeGxCexbFuQeh0k4BwCVF4hHDVPzMZB4C+YYD5+70MqR8CdoGk0I+hFnSYsfif8ET3n2ECC/aQs88uRpwbbPsYH8up5RE=&u=U2FsdGVkX18MX1OhMxHwJHtyEceYQenPLEEM5tx3hlg00uyNNHOMH0xWdC80Byo1&y=U2FsdGVkX18QB+uSG+LELt2WeRNtM1AYG5jBPYbsC4MEehsOyg9fIbTA+zHpv/9o HTTP/1.1" 200 97
186.102.62.227 - - [17/Jul/2023:10:47:00 -0500] "GET /kwssiamovil/sm/acme/s?s=U2FsdGVkX18HHbo82G0U8pYlxdqfgp5U1sdIRRixMx9rpX08FJJ1eXRbAndxRhAAsf+jvKg7y8PsDas2+AIBO7vmTaGet2GQi+/nAJa92EnBlEAKttvqroYY0rQdaVcEvX1grC4TDh+mp4k7tJHi4ml9/3MH0jq764uD3s1t/PN3NpGU2TK+q/b4rvXVCpC+1SVj7S/RsCHIiCDxU9oGu7BhQwFH2HtSzCD29RIGqLY+t1Njk+AAEfNS5UJdyYlLAxFlgnxJtEG+TQ7pOQ/l8nHiwTtAEpXZCEVZmOA1FGU9ciD6o529086f50N8meR0unzTrWnF+N5Eyev4xw/Sd7VvjBYGWluOq4YuI+UxWpoAvcwJyksf0mHubvLbgKWL+NFSA7CX0ZhJbxZ3h+XtVVaPIWGbNQ7v7IcpvREBh6btKMQdo/pEu+TC9/YtYoW7T4D1J7cqI/iDTZxYIExvE/NTu54acmggPFiZ41h0pWQkWIqGwtKUpeGUQ5mGYTTr7jc5RV45o7398VouwvJPoJvNePu9TJKQyBu7+ZK0fEbkH+GxiOls8KpIIOPyiZbsAxW71BjQTvAQU4OBFzuB4mzmXTR+EMbNz2rqnoWiqyV/TulliSDQKWVUV6KT5qt3f7v4xmzIYDI5K7QEdaUAsge86TzGu9fxXBbcNghojhzOLyPfz2y/mjPpNATMW2pLzmxd4oTgmDvKYylar9ZW5qEGi7yqcBU1wLCa6XxpNv9I+ersWbJJ73kwTsWdm4VTi5sxbji6GrljxL6r4mIg+sFH4gd9z+mUMGZ6V5iLWoK3hd9NO1tgzKoODtvFg61Lyuf5WzLoYnByKx074rr4RrEmqHmJSvmkafxM61YmaIQurjA9qMIH0Yg4T3k3eDHsyePv6i5tf9ScAbZtMiQxnvyqs0PvCpKgdfuXyaIeMIR1vBCAXMPjwUaGMfYlgNcqoXzVVd0QuyXY6R3B7tU31XY4WUX1rCj/8S8OySvJzKUjTxDVXdeB53KfEJ7MFl8IjTrDeVpiXk8mjCPXlt6N/yoUkQCMNRXsFPWA0ekkA2jmT2h/QkxXMVY2/Cx+yxA78boG6V6fVofUSg3qCew2epkCbW/N9yhz6kQHJ460gb/Kgw7ONFToYP7/ZW1hf2tcoxIr9G+GSuJxF5nSvJoYMxxmFHGkPz1h7oepexvOHgUCKcBov/GfaeS7SjHIez0+KEVqTb5GQhz05tC4zF/KG9mzydg9DKa/BLI2nb53zXRQBjygbZSKoI0w2+cC3ATcT0i/8HwDxQb3D/XcQfS0lHh9BEZWy4Jc6dTgzhPO9gYNRuH08Tj0KLNOh5E+SwMmysHayVukSzNd9CLh6Jv1mP8C/Tm9EC/05oIBgjK8miCS1D/K7cky2ZSx84Yq84zn8ysnw1a86JY1EChFiXBGGe7KiwawJuYJQlBX6vjJyUvVZBJJTpyn15OaROnJ0QvHgVSNbXDY2nkCdcv9gaBMI0mLZb1h2G4CvRwVBTshAHie6v3y11PKGn03Vik/L2S7N0CwLF8wsg/q2bVtBcKcKPWD9XCmdKN8blcU7C57ki/qi2KOFihRqtdYfR0davzFKjI63qEEIz2zO1w+Yb9zMehLX2Hwwm1T5Yq+DkAEv/6kotSYyOV2luQGJKdbW/vaHeaLwr5fA0+EGqvq/nGLH9rdRr8mDyO6QmhFQyy0o+YLcVNQ887vksMknhS6vGtS8ZCO/R+StKPK+AOhqkRqWh4XRV97xniFV3kJbtlUcbZ0/2vHoGMjzwOf4d0Ybh4l&u=U2FsdGVkX18MX1OhMxHwJHtyEceYQenPLEEM5tx3hlg00uyNNHOMH0xWdC80Byo1&y=U2FsdGVkX18QB+uSG+LELt2WeRNtM1AYG5jBPYbsC4MEehsOyg9fIbTA+zHpv/9o HTTP/1.1" 200 5161
186.102.62.227 - - [17/Jul/2023:10:47:01 -0500] "GET /kwssiamovil/sm/acme/s?s=U2FsdGVkX19VyQCG/63VFep2bYTu+fTSa0rGU8I1u1FvsOSwZPqzCv6JJCiJIDVhz0xOiqmBQFx0kufEKgB3dQzj2JZxMkzpC/Y81d64c3hc7EwK+9C81AQvvhs33SzMs6P2y9FWmwGnDrsXL8TIxfOOIow6ro/RIF+aOnpYGCG6rv53zOddO1crQHpxyKbp7ut8yZDjhBTvNGbIlpLLFEvvSK1XsEYBRqaf23KS36JrBnknfpge5CRkCXhEEAbDD9mJqSuMCtwRwn3iUSE55xurbehpUf5f7seRutM8DjTYRcKS4bAHFbLgWuHA2KWbP0ixpXMpjajzYhJtus+lSuzdScFBeNv/WkW4pxz/HoZG0JsxPHnsnLZ+2/1vm6Yb2Ed/bKtVTwbvqqZFh2mwMX9zMjuPmhMVG4rtUQrG0Hem8OwY/Y/b31M7oJIpUvX3hBuPdi0n8OyVXQixv4l6eEFFY2KOgagmjrRuQO+NQnYu9BfTcQ3x2snEn4gWClPbeheFKvuTBVToTFeLsk93YZf5Jvgkg3kO6HSqxmHbhWk6uy/Q0xAksP0iaPV6Ebz4eKHXBV0u16WdRMzm9yzlwuTssGgdAxlVIopRTNzuGznXXbIBg+Gp3GAPGW8ygCBLmDpiA1QWyWsWWAVrFlSEolvEUIsf3p7aAs+c5PQ7JSVV9EaxsqoGuJAcHKJmKJE3QmRqRkDt0vwaxuUkGYBzT4dZGTuzLwNCelgiQAEio/GnE6gKZA6xhnlGCKaYie4GsxKKN49yb5I2UAZNJeGfSQ==&u=U2FsdGVkX18MX1OhMxHwJHtyEceYQenPLEEM5tx3hlg00uyNNHOMH0xWdC80Byo1&y=U2FsdGVkX18QB+uSG+LELt2WeRNtM1AYG5jBPYbsC4MEehsOyg9fIbTA+zHpv/9o HTTP/1.1" 200 354
186.102.62.227 - - [17/Jul/2023:10:47:01 -0500] "GET /kwssiamovil/sm/cjson/pre?f=1&x=U2FsdGVkX1/W/E0XwR2olEwX/q9SyowASszIrGJPTvyNKxgtMLoOIZOkvMG1xLxX HTTP/1.1" 200 31032
186.102.62.227 - - [17/Jul/2023:10:47:01 -0500] "GET /kwssiamovil/sm/cjson/pre?f=18&x=U2FsdGVkX1/W/E0XwR2olEwX/q9SyowASszIrGJPTvyNKxgtMLoOIZOkvMG1xLxX HTTP/1.1" 200 32849
201.245.192.253 - - [17/Jul/2023:10:47:24 -0500] "POST /sipse/faces/presentacion/financiero/solicitudProceso/consultar.xhtml HTTP/1.1" 200 12960
201.245.192.253 - - [17/Jul/2023:10:47:28 -0500] "POST /sipse/faces/presentacion/financiero/solicitudProceso/consultar.xhtml HTTP/1.1" 200 153378
201.245.192.253 - - [17/Jul/2023:10:47:29 -0500] "GET /sipse/faces/javax.faces.resource/theme.css?ln=primefaces-sipse HTTP/1.1" 304 -
201.245.192.253 - - [17/Jul/2023:10:47:29 -0500] "GET /sipse/faces/javax.faces.resource/primefaces.css?ln=primefaces&v=4.0 HTTP/1.1" 304 -
201.245.192.253 - - [17/Jul/2023:10:47:29 -0500] "GET /sipse/faces/javax.faces.resource/layout/layout.css?ln=primefaces&v=4.0 HTTP/1.1" 304 -
201.245.192.253 - - [17/Jul/2023:10:47:29 -0500] "GET /sipse/faces/javax.faces.resource/jquery/jquery.js?ln=primefaces&v=4.0 HTTP/1.1" 304 -
201.245.192.253 - - [17/Jul/2023:10:47:29 -0500] "GET /sipse/faces/javax.faces.resource/jquery/jquery-plugins.js?ln=primefaces&v=4.0 HTTP/1.1" 304 -
201.245.192.253 - - [17/Jul/2023:10:47:29 -0500] "GET /sipse/faces/javax.faces.resource/primefaces.js?ln=primefaces&v=4.0 HTTP/1.1" 304 -
201.245.192.253 - - [17/Jul/2023:10:47:30 -0500] "GET /sipse/faces/javax.faces.resource/layout/layout.js?ln=primefaces&v=4.0 HTTP/1.1" 304 -
201.245.192.253 - - [17/Jul/2023:10:47:39 -0500] "POST /sipse/faces/presentacion/financiero/solicitudProceso/consultarSolicitudProceso.xhtml HTTP/1.1" 200 474041
181.32.185.181 - - [17/Jul/2023:10:47:53 -0500] "GET /sipse/faces/index.xhtml HTTP/1.1" 200 677
181.32.185.181 - - [17/Jul/2023:10:47:54 -0500] "GET /sipse/faces/javax.faces.resource/theme.css?ln=primefaces-sipse HTTP/1.1" 200 50058
201.245.192.253 - - [17/Jul/2023:10:47:54 -0500] "POST /sipse/faces/presentacion/financiero/solicitudProceso/consultarSolicitudProceso.xhtml HTTP/1.1" 200 43817
