191.156.190.7 - - [27/Jul/2023:02:31:10 -0500] "GET /calidad-del-aire-distrito-avanza-unido-por-un-nuevo-aire.html?utm_source=Meta_DIGI&utm_medium=CPMa&utm_campaign=Aire&utm_id=Julio_2023&fbclid=IwAR39CjdoRHsKHCOufyc2K-yYsSUIURhGfiD7k_RPvGyfcoi5iKUUb1PqdA0_aem_AVdkipXt-ZZgDWbIK9SPuNAxb_RfsUGcxkt5JXOY-BEeoiAX8nadjeXt-GV4H6bkIzcQZ-ntiz1DueDrQ0WGWEMG HTTP/1.1" 200 783
172.22.2.4 - - [27/Jul/2023:02:32:01 -0500] "HEAD /BLA/boletinlegal/ HTTP/1.1" 200 -
45.156.128.12 - - [27/Jul/2023:02:33:43 -0500] "GET /portaldeninos/ HTTP/1.1" 200 110197
172.22.2.4 - - [27/Jul/2023:02:32:52 -0500] "GET /BLA/boletinlegal/ HTTP/1.1" 200 59824
201.245.192.253 - - [27/Jul/2023:02:35:58 -0500] "POST /kwsrmcab/Wsrmcab  HTTP/1.1" 200 213
216.245.221.92 - - [27/Jul/2023:02:36:03 -0500] "HEAD / HTTP/1.1" 200 -
162.55.166.12 - - [27/Jul/2023:02:36:07 -0500] "GET / HTTP/1.1" 200 4720
162.55.166.12 - - [27/Jul/2023:02:36:09 -0500] "GET / HTTP/1.1" 200 319
173.252.107.117 - - [27/Jul/2023:02:37:12 -0500] "GET /inscribete-en-este-proceso-de-formacion-para-ser-un-lider-o-una-lideresa-ambiental-en-tu-localidad.html HTTP/1.1" 200 903
52.167.144.147 - - [27/Jul/2023:02:38:24 -0500] "GET /Publicaciones/2023EE128735.pdf HTTP/1.1" 404 228
172.22.2.4 - - [27/Jul/2023:02:39:09 -0500] "GET /BLA/boletinlegal/Directivas/2013/Directiva%20No.%201%20del%2004%20de%20Abril%20de%202013.pdf HTTP/1.1" 200 472003
201.245.192.253 - - [27/Jul/2023:02:39:14 -0500] "POST /kwsrmcab/Wsrmcab HTTP/1.1" 200 42545
172.22.2.4 - - [27/Jul/2023:02:37:51 -0500] "HEAD /BLA/boletinlegal/ HTTP/1.1" 200 -
143.244.50.173 - - [27/Jul/2023:02:40:16 -0500] "POST /boaform/admin/formLogin HTTP/1.1" 404 1186
216.245.221.92 - - [27/Jul/2023:02:41:03 -0500] "HEAD / HTTP/1.1" 200 -
172.22.2.4 - - [27/Jul/2023:02:40:00 -0500] "GET /BLA/boletinlegal/ HTTP/1.1" 200 61779
52.167.144.147 - - [27/Jul/2023:02:42:14 -0500] "GET /Publicaciones/2023EE129383.pdf HTTP/1.1" 404 228
201.245.192.253 - - [27/Jul/2023:02:45:56 -0500] "POST /kwsrmcab/Wsrmcab  HTTP/1.1" 200 213
216.245.221.92 - - [27/Jul/2023:02:46:03 -0500] "HEAD / HTTP/1.1" 200 -
172.22.2.4 - - [27/Jul/2023:02:48:05 -0500] "GET /BLA/boletinlegal/ HTTP/1.1" 200 57680
172.22.2.4 - - [27/Jul/2023:02:48:06 -0500] "GET /BLA/boletinlegal/ HTTP/1.1" 200 57680
216.245.221.92 - - [27/Jul/2023:02:51:03 -0500] "HEAD / HTTP/1.1" 200 -
128.199.29.99 - - [27/Jul/2023:02:51:30 -0500] "GET /client/get_targets HTTP/1.1" 404 1018
128.199.29.99 - - [27/Jul/2023:02:51:31 -0500] "GET /upl.php HTTP/1.1" 404 1018
128.199.29.99 - - [27/Jul/2023:02:51:32 -0500] "GET /bundle.js HTTP/1.1" 404 1018
172.22.2.4 - - [27/Jul/2023:02:51:41 -0500] "HEAD /BLA/boletinlegal/ HTTP/1.1" 200 -
40.77.167.245 - - [27/Jul/2023:02:54:07 -0500] "GET /sipse/faces/faces/autenticacion.xhtml HTTP/1.1" 200 12500
172.22.2.4 - - [27/Jul/2023:02:53:57 -0500] "GET /BLA/boletinlegal/ HTTP/1.1" 200 61779
216.245.221.92 - - [27/Jul/2023:02:56:03 -0500] "HEAD / HTTP/1.1" 200 -
40.77.167.245 - - [27/Jul/2023:02:57:56 -0500] "GET /BLA/resoluciones/AUTOS%202022/3282.pdf HTTP/1.1" 304 -
201.245.192.253 - - [27/Jul/2023:03:00:51 -0500] "POST /kwsrmcab/Wsrmcab  HTTP/1.1" 200 213
216.245.221.92 - - [27/Jul/2023:03:01:03 -0500] "HEAD / HTTP/1.1" 200 -
58.57.119.12 - - [27/Jul/2023:03:02:13 -0500] "GET /galeria/galeria/fotos/2humedal-Burro2P.jpg HTTP/1.1" 200 8996
172.22.2.4 - - [27/Jul/2023:03:00:41 -0500] "GET /BLA/boletinlegal/ HTTP/1.1" 200 61779
51.255.62.11 - - [27/Jul/2023:03:03:50 -0500] "GET /Autoliquidacion/ HTTP/1.1" 200 7098
51.255.62.1 - - [27/Jul/2023:03:03:50 -0500] "GET /catalogoisis/ HTTP/1.1" 200 8575
51.255.62.1 - - [27/Jul/2023:03:03:50 -0500] "GET /BLA/boletinlegal/ HTTP/1.1" 200 24523
216.245.221.92 - - [27/Jul/2023:03:06:03 -0500] "HEAD / HTTP/1.1" 200 -
66.249.70.197 - - [27/Jul/2023:03:07:20 -0500] "-" 408 -
172.22.2.4 - - [27/Jul/2023:03:05:41 -0500] "HEAD /BLA/boletinlegal/ HTTP/1.1" 200 -
45.136.153.217 - - [27/Jul/2023:03:08:00 -0500] "POST /boaform/admin/formLogin HTTP/1.1" 404 1186
172.22.2.4 - - [27/Jul/2023:03:06:32 -0500] "GET /BLA/boletinlegal/ HTTP/1.1" 200 57680
201.245.192.253 - - [27/Jul/2023:03:10:50 -0500] "POST /kwsrmcab/Wsrmcab  HTTP/1.1" 200 213
216.245.221.92 - - [27/Jul/2023:03:11:03 -0500] "HEAD / HTTP/1.1" 200 -
172.22.2.4 - - [27/Jul/2023:03:11:31 -0500] "HEAD /BLA/boletinlegal/ HTTP/1.1" 200 -
172.22.2.4 - - [27/Jul/2023:03:12:22 -0500] "GET /BLA/boletinlegal/ HTTP/1.1" 200 53643
201.245.192.253 - - [27/Jul/2023:03:15:49 -0500] "POST /kwsrmcab/Wsrmcab  HTTP/1.1" 200 213
216.245.221.92 - - [27/Jul/2023:03:16:03 -0500] "HEAD / HTTP/1.1" 200 -
52.167.144.33 - - [27/Jul/2023:03:18:51 -0500] "GET /BLA/resoluciones/AUTOS%202016/1794.pdf HTTP/1.1" 200 495946
172.22.2.4 - - [27/Jul/2023:03:17:21 -0500] "HEAD /BLA/boletinlegal/ HTTP/1.1" 200 -
201.245.192.253 - - [27/Jul/2023:03:19:13 -0500] "POST /kwsrmcab/Wsrmcab HTTP/1.1" 200 42422
201.245.192.253 - - [27/Jul/2023:03:19:16 -0500] "POST /kwsrmcab/Wsrmcab HTTP/1.1" 200 43708
172.22.2.4 - - [27/Jul/2023:03:18:12 -0500] "GET /BLA/boletinlegal/ HTTP/1.1" 200 59824
69.63.189.119 - - [27/Jul/2023:03:20:36 -0500] "GET /images/construccion-sostenible-.jpg HTTP/1.1" 200 82949
69.63.189.119 - - [27/Jul/2023:03:20:36 -0500] "GET /images/Caminatas-ecologicas-julio.jpg HTTP/1.1" 200 480557
69.63.189.119 - - [27/Jul/2023:03:20:37 -0500] "GET /images/camino-guadalupe-aguanoso.jpg HTTP/1.1" 200 103489
201.245.192.253 - - [27/Jul/2023:03:20:47 -0500] "POST /kwsrmcab/Wsrmcab  HTTP/1.1" 200 213
216.245.221.92 - - [27/Jul/2023:03:21:03 -0500] "HEAD / HTTP/1.1" 200 -
172.22.2.4 - - [27/Jul/2023:03:24:02 -0500] "GET /BLA/boletinlegal/ HTTP/1.1" 200 61779
216.245.221.92 - - [27/Jul/2023:03:26:03 -0500] "HEAD / HTTP/1.1" 200 -
66.249.70.198 - - [27/Jul/2023:03:27:31 -0500] "-" 408 -
192.133.77.14 - - [27/Jul/2023:03:29:09 -0500] "-" 408 -
201.245.192.253 - - [27/Jul/2023:03:30:14 -0500] "POST /kwsrmcab/Wsrmcab HTTP/1.1" 200 43708
165.1.173.142 - - [27/Jul/2023:03:30:20 -0500] "GET /galeria/nivo-slider/demo/images/Bannerwebhumedales.jpg HTTP/1.1" 304 -
216.245.221.92 - - [27/Jul/2023:03:30:31 -0500] "HEAD / HTTP/1.1" 200 -
191.156.230.139 - - [27/Jul/2023:03:30:45 -0500] "GET /calidad-del-aire-distrito-avanza-unido-por-un-nuevo-aire.html?utm_source=Meta_DIGI&utm_medium=CPMa&utm_campaign=Aire&utm_id=Julio_2023&fbclid=IwAR3pbg4PHqXQoZp45o8dNkBgNgc_eM_don-_GE428c-qLO3NxtDuDr134c4_aem_AffZW0TpE-cDho1IkRONgsD6hbe1R83ZdD0z07icrhl1lZH8haIRiUcNw2F7WZYG3b9x1BDOKE1eM1HiFybYaqlw HTTP/1.1" 200 783
201.245.192.253 - - [27/Jul/2023:03:30:44 -0500] "POST /kwsrmcab/Wsrmcab  HTTP/1.1" 200 213
172.22.2.4 - - [27/Jul/2023:03:32:57 -0500] "GET /BLA/boletinlegal/ HTTP/1.1" 200 61779
201.245.192.253 - - [27/Jul/2023:03:35:43 -0500] "POST /kwsrmcab/Wsrmcab  HTTP/1.1" 200 213
216.245.221.92 - - [27/Jul/2023:03:36:20 -0500] "GET / HTTP/1.1" 200 319
185.189.182.234 - - [27/Jul/2023:03:36:37 -0500] "GET / HTTP/1.1" 400 946
201.245.192.253 - - [27/Jul/2023:03:39:14 -0500] "POST /kwsrmcab/Wsrmcab HTTP/1.1" 200 42422
201.245.192.253 - - [27/Jul/2023:03:39:17 -0500] "POST /kwsrmcab/Wsrmcab HTTP/1.1" 200 43708
172.22.2.4 - - [27/Jul/2023:03:38:48 -0500] "GET /BLA/boletinlegal/ HTTP/1.1" 200 61779
201.245.192.253 - - [27/Jul/2023:03:40:43 -0500] "POST /kwsrmcab/Wsrmcab  HTTP/1.1" 200 213
216.245.221.92 - - [27/Jul/2023:03:41:20 -0500] "HEAD / HTTP/1.1" 200 -
172.22.2.4 - - [27/Jul/2023:03:43:47 -0500] "HEAD /BLA/boletinlegal/ HTTP/1.1" 200 -
172.22.2.4 - - [27/Jul/2023:03:44:38 -0500] "GET /BLA/boletinlegal/ HTTP/1.1" 200 53248
216.245.221.92 - - [27/Jul/2023:03:46:20 -0500] "HEAD / HTTP/1.1" 200 -
199.16.157.180 - - [27/Jul/2023:03:48:15 -0500] "GET /images/cronica-mujer-biodiveridad-30-noviembre.jpg HTTP/1.1" 200 63270
172.22.2.4 - - [27/Jul/2023:03:49:37 -0500] "HEAD /BLA/boletinlegal/ HTTP/1.1" 200 -
172.22.2.4 - - [27/Jul/2023:03:50:28 -0500] "GET /BLA/boletinlegal/ HTTP/1.1" 200 36811
114.119.145.140 - - [27/Jul/2023:03:55:27 -0500] "-" 408 -
201.245.192.253 - - [27/Jul/2023:03:55:39 -0500] "POST /kwsrmcab/Wsrmcab  HTTP/1.1" 200 213
216.245.221.92 - - [27/Jul/2023:03:58:15 -0500] "HEAD / HTTP/1.1" 200 -
172.22.2.4 - - [27/Jul/2023:03:57:44 -0500] "GET /BLA/boletinlegal/ HTTP/1.1" 200 24523
201.245.192.253 - - [27/Jul/2023:04:00:37 -0500] "POST /kwsrmcab/Wsrmcab  HTTP/1.1" 200 213
172.22.2.4 - - [27/Jul/2023:04:00:15 -0500] "HEAD /BLA/boletinlegal/ HTTP/1.1" 200 -
31.13.127.1 - - [27/Jul/2023:04:02:08 -0500] "GET /calidad-del-aire-distrito-avanza-unido-por-un-nuevo-aire.html?utm_id=Julio_2023 HTTP/1.1" 200 783
40.77.167.245 - - [27/Jul/2023:04:02:35 -0500] "GET /Publicaciones/2023EE128781.pdf HTTP/1.1" 404 228
69.63.189.10 - - [27/Jul/2023:04:02:37 -0500] "GET /calidad-del-aire-distrito-avanza-unido-por-un-nuevo-aire.html?utm_id=Julio_2023 HTTP/1.1" 200 783
216.245.221.92 - - [27/Jul/2023:04:03:14 -0500] "HEAD / HTTP/1.1" 200 -
20.15.133.188 - - [27/Jul/2023:04:04:04 -0500] "-" 408 -
172.22.2.4 - - [27/Jul/2023:04:02:26 -0500] "GET /BLA/boletinlegal/ HTTP/1.1" 200 61779
201.245.192.253 - - [27/Jul/2023:04:05:36 -0500] "POST /kwsrmcab/Wsrmcab  HTTP/1.1" 200 213
168.119.252.243 - - [27/Jul/2023:04:07:46 -0500] "GET / HTTP/1.1" 200 319
168.119.252.243 - - [27/Jul/2023:04:07:48 -0500] "GET / HTTP/1.1" 200 4720
216.245.221.92 - - [27/Jul/2023:04:08:14 -0500] "HEAD / HTTP/1.1" 200 -
172.22.2.4 - - [27/Jul/2023:04:09:09 -0500] "GET /BLA/boletinlegal/ HTTP/1.1" 200 61779
172.22.2.4 - - [27/Jul/2023:04:12:22 -0500] "GET /BLA/boletinlegal/ HTTP/1.1" 200 24523
216.245.221.92 - - [27/Jul/2023:04:13:14 -0500] "HEAD / HTTP/1.1" 200 -
104.152.52.87 - - [27/Jul/2023:04:14:16 -0500] "GET / HTTP/1.0" 200 319
201.245.192.253 - - [27/Jul/2023:04:15:33 -0500] "POST /kwsrmcab/Wsrmcab  HTTP/1.1" 200 213
172.22.2.4 - - [27/Jul/2023:04:14:08 -0500] "HEAD /BLA/boletinlegal/ HTTP/1.1" 200 -
172.22.2.4 - - [27/Jul/2023:04:14:59 -0500] "GET /BLA/boletinlegal/ HTTP/1.1" 200 45003
173.252.87.4 - - [27/Jul/2023:04:17:43 -0500] "GET /images/reunion-planta-termovalorizacion-11-mayo.jpg HTTP/1.1" 200 34782
201.245.192.253 - - [27/Jul/2023:04:19:13 -0500] "POST /kwsrmcab/Wsrmcab HTTP/1.1" 200 42241
201.245.192.253 - - [27/Jul/2023:04:19:16 -0500] "POST /kwsrmcab/Wsrmcab HTTP/1.1" 200 43696
201.245.192.253 - - [27/Jul/2023:04:20:32 -0500] "POST /kwsrmcab/Wsrmcab  HTTP/1.1" 200 213
66.249.70.196 - - [27/Jul/2023:04:24:23 -0500] "-" 408 -
201.245.192.253 - - [27/Jul/2023:04:25:31 -0500] "POST /kwsrmcab/Wsrmcab  HTTP/1.1" 200 213
216.245.221.92 - - [27/Jul/2023:04:25:59 -0500] "HEAD / HTTP/1.1" 200 -
172.22.2.4 - - [27/Jul/2023:04:24:26 -0500] "HEAD /BLA/boletinlegal/ HTTP/1.1" 200 -
172.22.2.4 - - [27/Jul/2023:04:26:37 -0500] "GET /BLA/boletinlegal/ HTTP/1.1" 200 53643
172.22.2.4 - - [27/Jul/2023:04:26:37 -0500] "GET /BLA/boletinlegal/ HTTP/1.1" 200 53643
201.245.192.253 - - [27/Jul/2023:04:30:13 -0500] "POST /kwsrmcab/Wsrmcab HTTP/1.1" 200 43696
201.245.192.253 - - [27/Jul/2023:04:30:29 -0500] "POST /kwsrmcab/Wsrmcab  HTTP/1.1" 200 213
216.245.221.92 - - [27/Jul/2023:04:30:59 -0500] "HEAD / HTTP/1.1" 200 -
172.22.2.4 - - [27/Jul/2023:04:30:17 -0500] "HEAD /BLA/boletinlegal/ HTTP/1.1" 200 -
110.249.201.14 - - [27/Jul/2023:04:32:21 -0500] "GET /BLA/resoluciones/AUTOS%202008/0232.pdf HTTP/1.1" 200 182808
122.96.50.67 - - [27/Jul/2023:04:32:19 -0500] "POST /HNAP1/ HTTP/1.0" 400 945
172.22.2.4 - - [27/Jul/2023:04:31:08 -0500] "GET /BLA/boletinlegal/ HTTP/1.1" 200 56452
172.22.2.4 - - [27/Jul/2023:04:32:49 -0500] "GET /BLA/boletinlegal/normativa.php HTTP/1.1" 200 8343
110.249.201.186 - - [27/Jul/2023:04:33:10 -0500] "GET /BLA/resoluciones/AUTOS%202008/0460.pdf HTTP/1.1" 200 101849
110.249.202.121 - - [27/Jul/2023:04:33:53 -0500] "GET /BLA/resoluciones/AUTOS%202008/1123.pdf HTTP/1.1" 200 171529
110.249.201.7 - - [27/Jul/2023:04:34:39 -0500] "GET /BLA/resoluciones/AUTOS%202008/0015.pdf HTTP/1.1" 200 74441
201.245.192.253 - - [27/Jul/2023:04:35:27 -0500] "POST /kwsrmcab/Wsrmcab  HTTP/1.1" 200 213
110.249.201.169 - - [27/Jul/2023:04:35:30 -0500] "GET /BLA/resoluciones/AUTOS%202008/0509.pdf HTTP/1.1" 200 111470
216.245.221.92 - - [27/Jul/2023:04:35:59 -0500] "HEAD / HTTP/1.1" 200 -
110.249.202.43 - - [27/Jul/2023:04:36:20 -0500] "GET /BLA/resoluciones/AUTOS%202009/1096.pdf HTTP/1.1" 200 87656
111.225.148.199 - - [27/Jul/2023:04:37:04 -0500] "GET /BLA/resoluciones/AUTOS%202010/0377.pdf HTTP/1.1" 200 190755
172.22.2.4 - - [27/Jul/2023:04:36:07 -0500] "HEAD /BLA/boletinlegal/ HTTP/1.1" 200 -
110.249.202.131 - - [27/Jul/2023:04:37:48 -0500] "GET /BLA/resoluciones/AUTOS%202009/0855.pdf HTTP/1.1" 200 82871
185.180.143.188 - - [27/Jul/2023:04:38:19 -0500] "GET / HTTP/1.1" 200 319
111.225.148.141 - - [27/Jul/2023:04:38:37 -0500] "GET /BLA/resoluciones/AUTOS%202008/0039.pdf HTTP/1.1" 200 92891
110.249.201.244 - - [27/Jul/2023:04:39:25 -0500] "GET /BLA/resoluciones/AUTOS%202009/2267.pdf HTTP/1.1" 200 122137
172.22.2.4 - - [27/Jul/2023:04:38:27 -0500] "GET /BLA/boletinlegal/ HTTP/1.1" 200 61779
111.225.148.194 - - [27/Jul/2023:04:40:12 -0500] "GET /BLA/resoluciones/AUTOS%202009/0920.pdf HTTP/1.1" 200 122083
201.245.192.253 - - [27/Jul/2023:04:40:13 -0500] "POST /kwsrmcab/Wsrmcab HTTP/1.1" 200 43696
201.245.192.253 - - [27/Jul/2023:04:40:26 -0500] "POST /kwsrmcab/Wsrmcab  HTTP/1.1" 200 213
110.249.202.21 - - [27/Jul/2023:04:40:58 -0500] "GET /BLA/resoluciones/AUTOS%202013/0730.pdf HTTP/1.1" 200 1787643
173.252.107.117 - - [27/Jul/2023:04:41:19 -0500] "GET /bogota-sostenible-articulacion-entre-el-distrito-y-el-sector-privado-claves-del-exito.html HTTP/1.1" 200 868
173.252.107.9 - - [27/Jul/2023:04:41:19 -0500] "GET /bogota-sostenible-articulacion-entre-el-distrito-y-el-sector-privado-claves-del-exito.html HTTP/1.1" 200 868
110.249.201.144 - - [27/Jul/2023:04:41:44 -0500] "GET /BLA/resoluciones/AUTOS%202009/0680.pdf HTTP/1.1" 200 74599
216.245.221.92 - - [27/Jul/2023:04:41:49 -0500] "GET / HTTP/1.1" 200 319
111.225.149.79 - - [27/Jul/2023:04:42:32 -0500] "GET /BLA/resoluciones/AUTOS%202012/2622.pdf HTTP/1.1" 200 1294300
111.225.148.170 - - [27/Jul/2023:04:43:16 -0500] "GET /BLA/resoluciones/AUTOS%202009/0496.pdf HTTP/1.1" 200 397036
111.225.149.185 - - [27/Jul/2023:04:44:07 -0500] "GET /BLA/resoluciones/AUTOS%202008/2772.pdf HTTP/1.1" 200 101503
66.249.70.196 - - [27/Jul/2023:04:44:47 -0500] "-" 408 -
110.249.201.173 - - [27/Jul/2023:04:44:51 -0500] "GET /BLA/resoluciones/AUTOS%202009/0575.pdf HTTP/1.1" 200 125998
201.245.192.253 - - [27/Jul/2023:04:45:28 -0500] "POST /kwsrmcab/Wsrmcab  HTTP/1.1" 200 213
111.225.148.3 - - [27/Jul/2023:04:45:37 -0500] "GET /BLA/resoluciones/AUTOS%202008/0567.pdf HTTP/1.1" 200 149629
111.225.148.99 - - [27/Jul/2023:04:46:24 -0500] "GET /BLA/resoluciones/AUTOS%202008/1846.pdf HTTP/1.1" 200 340627
40.86.31.34 - - [27/Jul/2023:04:46:33 -0500] "-" 408 -
216.245.221.92 - - [27/Jul/2023:04:46:49 -0500] "HEAD / HTTP/1.1" 200 -
111.225.149.94 - - [27/Jul/2023:04:47:08 -0500] "GET /BLA/resoluciones/AUTOS%202013/0756.pdf HTTP/1.1" 200 1358704
190.156.89.17 - - [27/Jul/2023:04:47:31 -0500] "GET /sipse/faces/index.xhtml HTTP/1.1" 200 677
190.156.89.17 - - [27/Jul/2023:04:47:31 -0500] "GET /sipse/faces/javax.faces.resource/theme.css?ln=primefaces-sipse HTTP/1.1" 200 50058
190.156.89.17 - - [27/Jul/2023:04:47:32 -0500] "GET /favicon.ico HTTP/1.1" 200 7782
190.156.89.17 - - [27/Jul/2023:04:47:53 -0500] "GET /sipse/faces/index.xhtml HTTP/1.1" 200 677
190.156.89.17 - - [27/Jul/2023:04:47:53 -0500] "GET /sipse/faces/javax.faces.resource/theme.css?ln=primefaces-sipse HTTP/1.1" 304 -
190.156.89.17 - - [27/Jul/2023:04:47:53 -0500] "GET /sipse/faces/faces/autenticacion.xhtml HTTP/1.1" 200 12178
190.156.89.17 - - [27/Jul/2023:04:47:53 -0500] "GET /sipse/js/disable_browser_buttons.js HTTP/1.1" 200 3230
190.156.89.17 - - [27/Jul/2023:04:47:53 -0500] "GET /sipse/css/custom_css_sg_prime_login.css HTTP/1.1" 200 443
190.156.89.17 - - [27/Jul/2023:04:47:53 -0500] "GET /sipse/css/custom_css_sg.css HTTP/1.1" 200 9694
190.156.89.17 - - [27/Jul/2023:04:47:53 -0500] "GET /sipse/js/funciones.js HTTP/1.1" 200 12592
190.156.89.17 - - [27/Jul/2023:04:47:53 -0500] "GET /sipse/faces/javax.faces.resource/layout/layout.css?ln=primefaces&v=4.0 HTTP/1.1" 200 542
190.156.89.17 - - [27/Jul/2023:04:47:53 -0500] "GET /sipse/faces/javax.faces.resource/theme.css?ln=primefaces-sipse HTTP/1.1" 304 -
190.156.89.17 - - [27/Jul/2023:04:47:54 -0500] "GET /sipse/faces/javax.faces.resource/layout/layout.js?ln=primefaces&v=4.0 HTTP/1.1" 200 87560
190.156.89.17 - - [27/Jul/2023:04:47:53 -0500] "GET /sipse/faces/javax.faces.resource/jquery/jquery.js?ln=primefaces&v=4.0 HTTP/1.1" 200 105384
190.156.89.17 - - [27/Jul/2023:04:47:53 -0500] "GET /sipse/faces/javax.faces.resource/primefaces.css?ln=primefaces&v=4.0 HTTP/1.1" 200 53295
190.156.89.17 - - [27/Jul/2023:04:47:54 -0500] "GET /sipse/faces/javax.faces.resource/jquery/jquery-plugins.js?ln=primefaces&v=4.0 HTTP/1.1" 200 220526
190.156.89.17 - - [27/Jul/2023:04:47:54 -0500] "GET /sipse/faces/javax.faces.resource/primefaces.js?ln=primefaces&v=4.0 HTTP/1.1" 200 276924
190.156.89.17 - - [27/Jul/2023:04:47:54 -0500] "GET /sipse/faces/javax.faces.resource/images/ui-icons_898989_256x240.png?ln=primefaces-aristo HTTP/1.1" 200 5355
190.156.89.17 - - [27/Jul/2023:04:47:54 -0500] "GET /sipse/css/imagen/logoSDG.png HTTP/1.1" 200 53064
190.156.89.17 - - [27/Jul/2023:04:47:54 -0500] "GET /sipse/css/imagen/loginimg.png HTTP/1.1" 200 71635
110.249.202.240 - - [27/Jul/2023:04:47:58 -0500] "GET /BLA/resoluciones/AUTOS%202009/0349.pdf HTTP/1.1" 200 560763
172.22.2.4 - - [27/Jul/2023:04:46:29 -0500] "GET /BLA/boletinlegal/ HTTP/1.1" 200 57680
172.22.2.4 - - [27/Jul/2023:04:46:30 -0500] "GET /BLA/boletinlegal/ HTTP/1.1" 200 57680
190.156.89.17 - - [27/Jul/2023:04:48:29 -0500] "POST /sipse/faces/autenticacion.xhtml HTTP/1.1" 200 11368
190.156.89.17 - - [27/Jul/2023:04:48:29 -0500] "GET /sipse/css/custom_css_sg_prime.css HTTP/1.1" 200 5201
190.156.89.17 - - [27/Jul/2023:04:48:29 -0500] "GET /sipse/faces/javax.faces.resource/jquery/jquery.js?ln=primefaces&v=4.0 HTTP/1.1" 304 -
190.156.89.17 - - [27/Jul/2023:04:48:29 -0500] "GET /sipse/faces/javax.faces.resource/primefaces.css?ln=primefaces&v=4.0 HTTP/1.1" 304 -
190.156.89.17 - - [27/Jul/2023:04:48:29 -0500] "GET /sipse/faces/javax.faces.resource/theme.css?ln=primefaces-sipse HTTP/1.1" 304 -
190.156.89.17 - - [27/Jul/2023:04:48:29 -0500] "GET /sipse/faces/javax.faces.resource/layout/layout.css?ln=primefaces&v=4.0 HTTP/1.1" 304 -
190.156.89.17 - - [27/Jul/2023:04:48:29 -0500] "GET /sipse/faces/javax.faces.resource/jquery/jquery-plugins.js?ln=primefaces&v=4.0 HTTP/1.1" 304 -
190.156.89.17 - - [27/Jul/2023:04:48:30 -0500] "GET /sipse/faces/javax.faces.resource/primefaces.js?ln=primefaces&v=4.0 HTTP/1.1" 304 -
190.156.89.17 - - [27/Jul/2023:04:48:30 -0500] "GET /sipse/faces/javax.faces.resource/layout/layout.js?ln=primefaces&v=4.0 HTTP/1.1" 304 -
190.156.89.17 - - [27/Jul/2023:04:48:30 -0500] "GET /sipse/faces/javax.faces.resource/messages/messages.png?ln=primefaces&v=4.0 HTTP/1.1" 200 27209
190.156.89.17 - - [27/Jul/2023:04:48:35 -0500] "POST /sipse/faces/presentacion/sistema/seguridad/seleccionRol.xhtml HTTP/1.1" 200 5803
190.156.89.17 - - [27/Jul/2023:04:48:36 -0500] "POST /sipse/faces/presentacion/sistema/seguridad/seleccionRol.xhtml HTTP/1.1" 200 16336
190.156.89.17 - - [27/Jul/2023:04:48:36 -0500] "GET /sipse/faces/javax.faces.resource/theme.css?ln=primefaces-sipse HTTP/1.1" 304 -
190.156.89.17 - - [27/Jul/2023:04:48:36 -0500] "GET /sipse/faces/javax.faces.resource/primefaces.css?ln=primefaces&v=4.0 HTTP/1.1" 304 -
190.156.89.17 - - [27/Jul/2023:04:48:36 -0500] "GET /sipse/faces/javax.faces.resource/layout/layout.css?ln=primefaces&v=4.0 HTTP/1.1" 304 -
190.156.89.17 - - [27/Jul/2023:04:48:36 -0500] "GET /sipse/js/jquery.min.js HTTP/1.1" 200 85582
190.156.89.17 - - [27/Jul/2023:04:48:36 -0500] "GET /sipse/faces/javax.faces.resource/jquery/jquery.js?ln=primefaces&v=4.0 HTTP/1.1" 304 -
190.156.89.17 - - [27/Jul/2023:04:48:36 -0500] "GET /sipse/faces/javax.faces.resource/jquery/jquery-plugins.js?ln=primefaces&v=4.0 HTTP/1.1" 304 -
190.156.89.17 - - [27/Jul/2023:04:48:36 -0500] "GET /sipse/faces/javax.faces.resource/primefaces.js?ln=primefaces&v=4.0 HTTP/1.1" 304 -
190.156.89.17 - - [27/Jul/2023:04:48:36 -0500] "GET /sipse/faces/javax.faces.resource/layout/layout.js?ln=primefaces&v=4.0 HTTP/1.1" 304 -
190.156.89.17 - - [27/Jul/2023:04:48:36 -0500] "GET /sipse/css/v_mergente.css HTTP/1.1" 200 1505
190.156.89.17 - - [27/Jul/2023:04:48:36 -0500] "GET /sipse/css/imagen/contrasena.png HTTP/1.1" 404 383
190.156.89.17 - - [27/Jul/2023:04:48:36 -0500] "GET /sipse/imagenes/cargando.gif HTTP/1.1" 200 36959
190.156.89.17 - - [27/Jul/2023:04:48:36 -0500] "GET /sipse/imagenes/logoAplicacion.jpg HTTP/1.1" 200 155084
190.156.89.17 - - [27/Jul/2023:04:48:38 -0500] "GET /sipse/faces/javax.faces.resource/images/ui-bg_flat_0_2d5972_40x100.png?ln=primefaces-aristo HTTP/1.1" 200 183
190.156.89.17 - - [27/Jul/2023:04:48:38 -0500] "POST /sipse/faces/bienvenido.xhtml HTTP/1.1" 200 9852
190.156.89.17 - - [27/Jul/2023:04:48:41 -0500] "POST /sipse/faces/bienvenido.xhtml HTTP/1.1" 200 2658
110.249.202.118 - - [27/Jul/2023:04:48:42 -0500] "GET /BLA/resoluciones/AUTOS%202009/1671.pdf HTTP/1.1" 200 124364
190.156.89.17 - - [27/Jul/2023:04:48:42 -0500] "POST /sipse/faces/bienvenido.xhtml HTTP/1.1" 200 44930
190.156.89.17 - - [27/Jul/2023:04:48:43 -0500] "GET /sipse/faces/javax.faces.resource/theme.css?ln=primefaces-sipse HTTP/1.1" 304 -
190.156.89.17 - - [27/Jul/2023:04:48:43 -0500] "GET /sipse/faces/javax.faces.resource/primefaces.css?ln=primefaces&v=4.0 HTTP/1.1" 304 -
190.156.89.17 - - [27/Jul/2023:04:48:43 -0500] "GET /sipse/faces/javax.faces.resource/layout/layout.css?ln=primefaces&v=4.0 HTTP/1.1" 304 -
190.156.89.17 - - [27/Jul/2023:04:48:43 -0500] "GET /sipse/faces/javax.faces.resource/jquery/jquery.js?ln=primefaces&v=4.0 HTTP/1.1" 304 -
190.156.89.17 - - [27/Jul/2023:04:48:43 -0500] "GET /sipse/faces/javax.faces.resource/jquery/jquery-plugins.js?ln=primefaces&v=4.0 HTTP/1.1" 304 -
190.156.89.17 - - [27/Jul/2023:04:48:43 -0500] "GET /sipse/faces/javax.faces.resource/primefaces.js?ln=primefaces&v=4.0 HTTP/1.1" 304 -
190.156.89.17 - - [27/Jul/2023:04:48:43 -0500] "GET /sipse/faces/javax.faces.resource/layout/layout.js?ln=primefaces&v=4.0 HTTP/1.1" 304 -
190.156.89.17 - - [27/Jul/2023:04:48:43 -0500] "POST /sipse/faces/presentacion/financiero/solicitudProceso/listarSolicitudProceso.xhtml HTTP/1.1" 200 1456
190.156.89.17 - - [27/Jul/2023:04:49:00 -0500] "POST /sipse/faces/presentacion/financiero/solicitudProceso/listarSolicitudProceso.xhtml HTTP/1.1" 200 911
190.156.89.17 - - [27/Jul/2023:04:49:02 -0500] "GET /sipse/faces/faces/faces/autenticacion HTTP/1.1" 302 -
190.156.89.17 - - [27/Jul/2023:04:49:02 -0500] "GET /sipse/faces/autenticacion.xhtml HTTP/1.1" 200 12178
190.156.89.17 - - [27/Jul/2023:04:49:02 -0500] "GET /sipse/faces/javax.faces.resource/theme.css?ln=primefaces-sipse HTTP/1.1" 304 -
190.156.89.17 - - [27/Jul/2023:04:49:02 -0500] "GET /sipse/faces/javax.faces.resource/primefaces.css?ln=primefaces&v=4.0 HTTP/1.1" 304 -
190.156.89.17 - - [27/Jul/2023:04:49:02 -0500] "GET /sipse/faces/javax.faces.resource/layout/layout.css?ln=primefaces&v=4.0 HTTP/1.1" 304 -
190.156.89.17 - - [27/Jul/2023:04:49:02 -0500] "GET /sipse/faces/javax.faces.resource/jquery/jquery.js?ln=primefaces&v=4.0 HTTP/1.1" 304 -
190.156.89.17 - - [27/Jul/2023:04:49:02 -0500] "GET /sipse/faces/javax.faces.resource/jquery/jquery-plugins.js?ln=primefaces&v=4.0 HTTP/1.1" 304 -
190.156.89.17 - - [27/Jul/2023:04:49:02 -0500] "GET /sipse/faces/javax.faces.resource/primefaces.js?ln=primefaces&v=4.0 HTTP/1.1" 304 -
190.156.89.17 - - [27/Jul/2023:04:49:02 -0500] "GET /sipse/faces/javax.faces.resource/layout/layout.js?ln=primefaces&v=4.0 HTTP/1.1" 304 -
110.249.201.100 - - [27/Jul/2023:04:49:32 -0500] "GET /BLA/resoluciones/AUTOS%202010/1516.pdf HTTP/1.1" 200 490095
111.225.148.173 - - [27/Jul/2023:04:50:16 -0500] "GET /BLA/resoluciones/AUTOS%202013/0477.pdf HTTP/1.1" 200 774205
201.245.192.253 - - [27/Jul/2023:04:50:23 -0500] "POST /kwsrmcab/Wsrmcab  HTTP/1.1" 200 213
110.249.202.184 - - [27/Jul/2023:04:51:01 -0500] "GET /BLA/resoluciones/AUTOS%202009/0135.pdf HTTP/1.1" 200 227875
52.167.144.140 - - [27/Jul/2023:04:51:03 -0500] "GET /portaldeninos/gestion-del-riesgo-incendios-forestales/ HTTP/1.1" 200 86825
216.245.221.92 - - [27/Jul/2023:04:51:49 -0500] "HEAD / HTTP/1.1" 200 -
111.225.148.15 - - [27/Jul/2023:04:51:49 -0500] "GET /BLA/resoluciones/AUTOS%202009/1381.pdf HTTP/1.1" 200 123179
172.22.2.4 - - [27/Jul/2023:04:50:11 -0500] "HEAD /BLA/boletinlegal/ HTTP/1.1" 200 -
172.22.2.4 - - [27/Jul/2023:04:52:00 -0500] "GET /BLA/boletinlegal/_ignition/execute-solution HTTP/1.1" 404 1018
110.249.202.15 - - [27/Jul/2023:04:52:36 -0500] "GET /BLA/resoluciones/AUTOS%202010/0622.pdf HTTP/1.1" 200 272983
172.22.2.4 - - [27/Jul/2023:04:51:02 -0500] "GET /BLA/boletinlegal/ HTTP/1.1" 200 57680
111.225.148.57 - - [27/Jul/2023:04:53:22 -0500] "GET /BLA/resoluciones/AUTOS%202008/0156.pdf HTTP/1.1" 200 227772
172.22.2.4 - - [27/Jul/2023:04:53:40 -0500] "GET /BLA/boletinlegal/actos.php HTTP/1.1" 200 9682
172.22.2.4 - - [27/Jul/2023:04:53:40 -0500] "GET /BLA/boletinlegal/styles2.css HTTP/1.1" 200 1838
172.22.2.4 - - [27/Jul/2023:04:53:40 -0500] "GET /BLA/boletinlegal/niceforms-default.css HTTP/1.1" 200 6694
172.22.2.4 - - [27/Jul/2023:04:53:40 -0500] "GET /BLA/boletinlegal/js/ajax_actos.js HTTP/1.1" 200 1322
172.22.2.4 - - [27/Jul/2023:04:53:40 -0500] "GET /BLA/boletinlegal/niceforms.js HTTP/1.1" 200 22876
172.22.2.4 - - [27/Jul/2023:04:53:40 -0500] "GET /BLA/boletinlegal/js/lib.js HTTP/1.1" 200 6474
172.22.2.4 - - [27/Jul/2023:04:53:40 -0500] "GET /BLA/boletinlegal/js/jquery1.js HTTP/1.1" 200 29846
111.225.148.243 - - [27/Jul/2023:04:54:07 -0500] "GET /BLA/resoluciones/AUTOS%202011/0843.pdf HTTP/1.1" 200 162215
111.225.149.182 - - [27/Jul/2023:04:54:55 -0500] "GET /BLA/resoluciones/AUTOS%202008/0883.pdf HTTP/1.1" 200 128800
201.245.192.253 - - [27/Jul/2023:04:55:21 -0500] "POST /kwsrmcab/Wsrmcab  HTTP/1.1" 200 213
111.225.148.12 - - [27/Jul/2023:04:55:39 -0500] "GET /BLA/resoluciones/AUTOS%202010/4612.pdf HTTP/1.1" 200 380203
172.22.2.4 - - [27/Jul/2023:04:55:52 -0500] "GET /BLA/boletinlegal/images/icono-email.png HTTP/1.1" 200 5544
172.22.2.4 - - [27/Jul/2023:04:55:52 -0500] "GET /BLA/boletinlegal/images/cabezote%20BLEGAL.jpg HTTP/1.1" 200 118164
172.22.2.4 - - [27/Jul/2023:04:55:52 -0500] "GET /BLA/boletinlegal/images/subscribe-icon-big.png HTTP/1.1" 200 47702
172.22.2.4 - - [27/Jul/2023:04:55:52 -0500] "GET /BLA/boletinlegal/images/historia.png HTTP/1.1" 200 52775
172.22.2.4 - - [27/Jul/2023:04:55:52 -0500] "GET /BLA/boletinlegal/images/registro-usuarios.png HTTP/1.1" 200 8106
172.22.2.4 - - [27/Jul/2023:04:55:52 -0500] "GET /BLA/boletinlegal/images/green-yellow-blue-pink-th.png HTTP/1.1" 200 7394
172.22.2.4 - - [27/Jul/2023:04:55:52 -0500] "GET /BLA/boletinlegal/images/tel.png HTTP/1.1" 200 14477
172.22.2.4 - - [27/Jul/2023:04:55:52 -0500] "GET /BLA/boletinlegal/img/0.png HTTP/1.1" 200 110
172.22.2.4 - - [27/Jul/2023:04:55:52 -0500] "GET /BLA/boletinlegal/img/select-left.png HTTP/1.1" 200 263
172.22.2.4 - - [27/Jul/2023:04:55:52 -0500] "GET /BLA/boletinlegal/img/button-left.png HTTP/1.1" 200 57071
172.22.2.4 - - [27/Jul/2023:04:55:52 -0500] "GET /BLA/boletinlegal/img/button.png HTTP/1.1" 200 43241
172.22.2.4 - - [27/Jul/2023:04:55:52 -0500] "GET /BLA/boletinlegal/img/button-right.png HTTP/1.1" 200 57878
172.22.2.4 - - [27/Jul/2023:04:55:52 -0500] "GET /BLA/boletinlegal/img/select-right.png HTTP/1.1" 200 44019
172.22.2.4 - - [27/Jul/2023:04:55:52 -0500] "GET /BLA/boletinlegal/favicon.ico HTTP/1.1" 404 1326
172.22.2.4 - - [27/Jul/2023:04:56:17 -0500] "GET /BLA/boletinlegal/actos.php HTTP/1.1" 200 9682
172.22.2.4 - - [27/Jul/2023:04:56:18 -0500] "GET /BLA/boletinlegal/style.css HTTP/1.1" 200 9406
172.22.2.4 - - [27/Jul/2023:04:56:18 -0500] "GET /BLA/boletinlegal/js/popup.js HTTP/1.1" 200 1270
172.22.2.4 - - [27/Jul/2023:04:56:18 -0500] "GET /BLA/boletinlegal/images/body_bg.jpg HTTP/1.1" 200 1601
172.22.2.4 - - [27/Jul/2023:04:56:18 -0500] "GET /BLA/boletinlegal/images/menu_lft.gif HTTP/1.1" 200 1713
172.22.2.4 - - [27/Jul/2023:04:56:18 -0500] "GET /BLA/boletinlegal/images/footer_bg.jpg HTTP/1.1" 200 586
172.22.2.4 - - [27/Jul/2023:04:56:18 -0500] "GET /BLA/boletinlegal/images/text.jpg HTTP/1.1" 200 568
172.22.2.4 - - [27/Jul/2023:04:56:18 -0500] "GET /BLA/boletinlegal/images/footer_bg_l.jpg HTTP/1.1" 200 776
172.22.2.4 - - [27/Jul/2023:04:56:18 -0500] "GET /BLA/boletinlegal/images/bg_top.jpg HTTP/1.1" 200 522
172.22.2.4 - - [27/Jul/2023:04:56:18 -0500] "GET /BLA/boletinlegal/images/menu_bg.jpg HTTP/1.1" 200 620
172.22.2.4 - - [27/Jul/2023:04:56:18 -0500] "GET /BLA/boletinlegal/images/menu_rght.gif HTTP/1.1" 200 1627
172.22.2.4 - - [27/Jul/2023:04:56:18 -0500] "GET /BLA/boletinlegal/images/hover.jpg HTTP/1.1" 200 640
172.22.2.4 - - [27/Jul/2023:04:56:23 -0500] "GET /BLA/boletinlegal/consulta_actos.php?tipo=resoluciones&no=&usuario=&sector=&fecha=2023&resuelve= HTTP/1.1" 200 146368
172.22.2.4 - - [27/Jul/2023:04:56:23 -0500] "GET /BLA/boletinlegal/images/pdf.gif HTTP/1.1" 200 567
172.22.2.4 - - [27/Jul/2023:04:56:23 -0500] "GET /BLA/boletinlegal/images/background.gif HTTP/1.1" 200 -
110.249.202.114 - - [27/Jul/2023:04:56:27 -0500] "GET /BLA/resoluciones/AUTOS%202009/1756.pdf HTTP/1.1" 200 197653
216.245.221.92 - - [27/Jul/2023:04:56:49 -0500] "HEAD / HTTP/1.1" 200 -
190.156.89.17 - - [27/Jul/2023:04:56:53 -0500] "GET /BLA/resoluciones/RESOLUCIONES%202023/1101.pdf HTTP/1.1" 200 343485
191.102.224.199 - - [27/Jul/2023:04:56:55 -0500] "GET /BLA/resoluciones/RESOLUCIONES%202023/1101.pdf HTTP/1.1" 200 343485
111.225.148.241 - - [27/Jul/2023:04:57:18 -0500] "GET /BLA/resoluciones/AUTOS%202011/2984.pdf HTTP/1.1" 200 210074
172.22.2.4 - - [27/Jul/2023:04:56:01 -0500] "HEAD /BLA/boletinlegal/ HTTP/1.1" 200 -
66.249.66.38 - - [27/Jul/2023:04:57:51 -0500] "GET /inscribete-en-este-proceso-de-formacion-para-ser-un-lider-o-una-lideresa-ambiental-en-tu-localidad.html HTTP/1.1" 200 903
190.156.89.17 - - [27/Jul/2023:04:58:00 -0500] "GET /BLA/resoluciones/RESOLUCIONES%202023/1045.pdf HTTP/1.1" 200 327752
111.225.148.104 - - [27/Jul/2023:04:58:03 -0500] "GET /BLA/resoluciones/AUTOS%202009/0432.pdf HTTP/1.1" 200 133908
172.22.2.4 - - [27/Jul/2023:04:56:52 -0500] "GET /BLA/boletinlegal/ HTTP/1.1" 200 57680
111.225.149.85 - - [27/Jul/2023:04:58:48 -0500] "GET /BLA/resoluciones/AUTOS%202008/1787.pdf HTTP/1.1" 200 201062
52.167.144.33 - - [27/Jul/2023:04:59:28 -0500] "GET /BLA/resoluciones/AUTOS%202022/2180.pdf HTTP/1.1" 304 -
110.249.202.166 - - [27/Jul/2023:04:59:36 -0500] "GET /BLA/resoluciones/AUTOS%202008/1826.pdf HTTP/1.1" 200 252012
110.249.202.151 - - [27/Jul/2023:05:00:20 -0500] "GET /BLA/resoluciones/AUTOS%202013/0106.pdf HTTP/1.1" 200 1449361
13.67.179.205 - - [27/Jul/2023:05:00:20 -0500] "-" 408 -
201.245.192.253 - - [27/Jul/2023:05:00:20 -0500] "POST /kwsrmcab/Wsrmcab  HTTP/1.1" 200 213
110.249.201.68 - - [27/Jul/2023:05:01:07 -0500] "GET /BLA/resoluciones/AUTOS%202009/2780.pdf HTTP/1.1" 200 111026
216.245.221.92 - - [27/Jul/2023:05:01:49 -0500] "HEAD / HTTP/1.1" 200 -
110.249.202.120 - - [27/Jul/2023:05:01:53 -0500] "GET /BLA/resoluciones/AUTOS%202008/0788.pdf HTTP/1.1" 200 68514
111.225.148.12 - - [27/Jul/2023:05:02:39 -0500] "GET /BLA/resoluciones/AUTOS%202010/6583.pdf HTTP/1.1" 200 148271
111.225.149.19 - - [27/Jul/2023:05:03:28 -0500] "GET /BLA/resoluciones/AUTOS%202009/1779.pdf HTTP/1.1" 200 97386
52.167.144.33 - - [27/Jul/2023:05:03:30 -0500] "GET /sipse/faces/autenticacion.xhtml HTTP/1.1" 200 12500
172.22.2.4 - - [27/Jul/2023:05:01:51 -0500] "HEAD /BLA/boletinlegal/ HTTP/1.1" 200 -
111.225.148.135 - - [27/Jul/2023:05:04:12 -0500] "GET /BLA/resoluciones/AUTOS%202011/1729.pdf HTTP/1.1" 200 321612
172.22.2.4 - - [27/Jul/2023:05:02:42 -0500] "GET /BLA/boletinlegal/ HTTP/1.1" 200 59824
111.225.149.94 - - [27/Jul/2023:05:04:58 -0500] "GET /BLA/resoluciones/AUTOS%202011/3050.pdf HTTP/1.1" 200 159437
201.245.192.253 - - [27/Jul/2023:05:05:20 -0500] "POST /kwsrmcab/Wsrmcab  HTTP/1.1" 200 213
173.252.107.112 - - [27/Jul/2023:05:05:40 -0500] "GET /ojo-con-los-arboles-en-la-temporada-de-vientos.html HTTP/1.1" 200 769
173.252.107.4 - - [27/Jul/2023:05:05:40 -0500] "GET /ojo-con-los-arboles-en-la-temporada-de-vientos.html HTTP/1.1" 200 769
111.225.149.235 - - [27/Jul/2023:05:05:43 -0500] "GET /BLA/resoluciones/AUTOS%202009/0848.pdf HTTP/1.1" 200 72489
54.39.177.173 - - [27/Jul/2023:05:05:59 -0500] "GET /mas-de-1300-tinguas-fueron-recuperadas-en-epoca-migratoria-en-bogota.html HTTP/1.1" 200 724
110.249.202.159 - - [27/Jul/2023:05:06:30 -0500] "GET /BLA/resoluciones/AUTOS%202008/1018.pdf HTTP/1.1" 200 124820
216.245.221.92 - - [27/Jul/2023:05:06:49 -0500] "HEAD / HTTP/1.1" 200 -
111.225.149.156 - - [27/Jul/2023:05:07:16 -0500] "GET /BLA/resoluciones/AUTOS%202008/1006.pdf HTTP/1.1" 200 240181
110.249.202.174 - - [27/Jul/2023:05:08:02 -0500] "GET /BLA/resoluciones/AUTOS%202008/0817.pdf HTTP/1.1" 200 184865
111.225.148.236 - - [27/Jul/2023:05:08:56 -0500] "GET /BLA/resoluciones/AUTOS%202011/3660.pdf HTTP/1.1" 200 230775
110.249.202.82 - - [27/Jul/2023:05:09:35 -0500] "GET /BLA/resoluciones/AUTOS%202008/2737.pdf HTTP/1.1" 200 104481
172.22.2.4 - - [27/Jul/2023:05:08:32 -0500] "GET /BLA/boletinlegal/ HTTP/1.1" 200 61779
201.245.192.253 - - [27/Jul/2023:05:10:17 -0500] "POST /kwsrmcab/Wsrmcab  HTTP/1.1" 200 213
110.249.201.64 - - [27/Jul/2023:05:10:19 -0500] "GET /BLA/resoluciones/AUTOS%202012/0954.pdf HTTP/1.1" 200 1131157
110.249.201.175 - - [27/Jul/2023:05:11:07 -0500] "GET /BLA/resoluciones/AUTOS%202012/1936.pdf HTTP/1.1" 200 399373
216.245.221.92 - - [27/Jul/2023:05:11:49 -0500] "HEAD / HTTP/1.1" 200 -
110.249.201.16 - - [27/Jul/2023:05:11:54 -0500] "GET /BLA/resoluciones/AUTOS%202010/5279.pdf HTTP/1.1" 200 193289
111.225.148.172 - - [27/Jul/2023:05:12:43 -0500] "GET /BLA/resoluciones/AUTOS%202011/3701.pdf HTTP/1.1" 200 323681
110.249.202.138 - - [27/Jul/2023:05:13:26 -0500] "GET /BLA/resoluciones/AUTOS%202013/1762.pdf HTTP/1.1" 200 251854
110.249.201.198 - - [27/Jul/2023:05:14:13 -0500] "GET /BLA/resoluciones/AUTOS%202008/1157.pdf HTTP/1.1" 200 141669
13.89.0.131 - - [27/Jul/2023:05:14:36 -0500] "-" 408 -
110.249.201.140 - - [27/Jul/2023:05:15:00 -0500] "GET /BLA/resoluciones/AUTOS%202009/1997.pdf HTTP/1.1" 200 101423
172.22.2.4 - - [27/Jul/2023:05:13:31 -0500] "HEAD /BLA/boletinlegal/ HTTP/1.1" 200 -
201.245.192.253 - - [27/Jul/2023:05:15:16 -0500] "POST /kwsrmcab/Wsrmcab  HTTP/1.1" 200 213
111.225.148.135 - - [27/Jul/2023:05:15:44 -0500] "GET /BLA/resoluciones/AUTOS%202009/1351.pdf HTTP/1.1" 200 78093
172.22.2.4 - - [27/Jul/2023:05:15:47 -0500] "GET /BLA/boletinlegal/ HTTP/1.1" 200 5828
110.249.201.164 - - [27/Jul/2023:05:16:32 -0500] "GET /BLA/resoluciones/AUTOS%202008/0876.pdf HTTP/1.1" 200 166811
216.245.221.92 - - [27/Jul/2023:05:16:49 -0500] "HEAD / HTTP/1.1" 200 -
110.249.201.148 - - [27/Jul/2023:05:17:21 -0500] "GET /BLA/resoluciones/AUTOS%202012/1114.pdf HTTP/1.1" 200 172012
172.22.2.4 - - [27/Jul/2023:05:15:45 -0500] "GET /BLA/boletinlegal/ HTTP/1.1" 200 61779
110.249.201.164 - - [27/Jul/2023:05:18:08 -0500] "GET /BLA/resoluciones/AUTOS%202010/0122.pdf HTTP/1.1" 200 272657
52.173.85.129 - - [27/Jul/2023:05:18:40 -0500] "-" 408 -
110.249.202.191 - - [27/Jul/2023:05:18:54 -0500] "GET /BLA/resoluciones/AUTOS%202013/0941.pdf HTTP/1.1" 200 967699
201.245.192.253 - - [27/Jul/2023:05:19:13 -0500] "POST /kwsrmcab/Wsrmcab HTTP/1.1" 200 42567
201.245.192.253 - - [27/Jul/2023:05:19:16 -0500] "POST /kwsrmcab/Wsrmcab HTTP/1.1" 200 43707
111.225.148.75 - - [27/Jul/2023:05:19:40 -0500] "GET /BLA/resoluciones/AUTOS%202013/0067.pdf HTTP/1.1" 200 2185228
111.225.149.71 - - [27/Jul/2023:05:20:26 -0500] "GET /BLA/resoluciones/AUTOS%202008/0909.pdf HTTP/1.1" 200 91041
172.22.2.4 - - [27/Jul/2023:05:19:22 -0500] "HEAD /BLA/boletinlegal/ HTTP/1.1" 200 -
111.225.149.232 - - [27/Jul/2023:05:21:11 -0500] "GET /BLA/resoluciones/AUTOS%202011/0874.pdf HTTP/1.1" 200 103788
216.245.221.92 - - [27/Jul/2023:05:21:49 -0500] "HEAD / HTTP/1.1" 200 -
111.225.148.83 - - [27/Jul/2023:05:21:58 -0500] "GET /BLA/resoluciones/AUTOS%202008/1668.pdf HTTP/1.1" 200 81086
111.225.149.230 - - [27/Jul/2023:05:22:44 -0500] "GET /BLA/resoluciones/AUTOS%202012/2846.pdf HTTP/1.1" 200 376543
172.22.2.4 - - [27/Jul/2023:05:21:32 -0500] "GET /BLA/boletinlegal/ HTTP/1.1" 200 61779
111.225.148.187 - - [27/Jul/2023:05:23:30 -0500] "GET /BLA/resoluciones/AUTOS%202011/2735.pdf HTTP/1.1" 200 315005
110.249.202.79 - - [27/Jul/2023:05:24:15 -0500] "GET /BLA/resoluciones/AUTOS%202011/0769.pdf HTTP/1.1" 200 158493
110.249.202.86 - - [27/Jul/2023:05:25:02 -0500] "GET /BLA/resoluciones/AUTOS%202013/0775.pdf HTTP/1.1" 200 979549
201.245.192.253 - - [27/Jul/2023:05:25:15 -0500] "POST /kwsrmcab/Wsrmcab  HTTP/1.1" 200 213
172.22.2.4 - - [27/Jul/2023:05:23:40 -0500] "GET /BLA/boletinlegal/ HTTP/1.1" 200 61779
172.22.2.4 - - [27/Jul/2023:05:25:22 -0500] "GET /BLA/boletinlegal/js/jquery.js HTTP/1.1" 200 57254
190.156.89.17 - - [27/Jul/2023:05:25:36 -0500] "POST /sipse/faces/autenticacion.xhtml HTTP/1.1" 200 11368
190.156.89.17 - - [27/Jul/2023:05:25:36 -0500] "GET /sipse/faces/javax.faces.resource/theme.css?ln=primefaces-sipse HTTP/1.1" 304 -
190.156.89.17 - - [27/Jul/2023:05:25:37 -0500] "GET /sipse/faces/javax.faces.resource/primefaces.css?ln=primefaces&v=4.0 HTTP/1.1" 304 -
190.156.89.17 - - [27/Jul/2023:05:25:37 -0500] "GET /sipse/faces/javax.faces.resource/jquery/jquery.js?ln=primefaces&v=4.0 HTTP/1.1" 304 -
190.156.89.17 - - [27/Jul/2023:05:25:37 -0500] "GET /sipse/faces/javax.faces.resource/layout/layout.css?ln=primefaces&v=4.0 HTTP/1.1" 304 -
190.156.89.17 - - [27/Jul/2023:05:25:37 -0500] "GET /sipse/faces/javax.faces.resource/jquery/jquery-plugins.js?ln=primefaces&v=4.0 HTTP/1.1" 304 -
190.156.89.17 - - [27/Jul/2023:05:25:37 -0500] "GET /sipse/faces/javax.faces.resource/primefaces.js?ln=primefaces&v=4.0 HTTP/1.1" 304 -
190.156.89.17 - - [27/Jul/2023:05:25:37 -0500] "GET /sipse/faces/javax.faces.resource/layout/layout.js?ln=primefaces&v=4.0 HTTP/1.1" 304 -
190.156.89.17 - - [27/Jul/2023:05:25:37 -0500] "GET /sipse/faces/javax.faces.resource/images/ui-icons_898989_256x240.png?ln=primefaces-aristo HTTP/1.1" 304 -
190.156.89.17 - - [27/Jul/2023:05:25:37 -0500] "GET /sipse/faces/javax.faces.resource/messages/messages.png?ln=primefaces&v=4.0 HTTP/1.1" 304 -
190.156.89.17 - - [27/Jul/2023:05:25:43 -0500] "POST /sipse/faces/presentacion/sistema/seguridad/seleccionRol.xhtml HTTP/1.1" 200 1687
190.156.89.17 - - [27/Jul/2023:05:25:49 -0500] "POST /sipse/faces/presentacion/sistema/seguridad/seleccionRol.xhtml HTTP/1.1" 200 5807
110.249.202.82 - - [27/Jul/2023:05:25:49 -0500] "GET /BLA/resoluciones/AUTOS%202009/2821.pdf HTTP/1.1" 200 97699
190.156.89.17 - - [27/Jul/2023:05:25:50 -0500] "POST /sipse/faces/presentacion/sistema/seguridad/seleccionRol.xhtml HTTP/1.1" 200 16336
190.156.89.17 - - [27/Jul/2023:05:25:50 -0500] "GET /sipse/faces/javax.faces.resource/theme.css?ln=primefaces-sipse HTTP/1.1" 304 -
190.156.89.17 - - [27/Jul/2023:05:25:50 -0500] "GET /sipse/faces/javax.faces.resource/primefaces.css?ln=primefaces&v=4.0 HTTP/1.1" 304 -
190.156.89.17 - - [27/Jul/2023:05:25:50 -0500] "GET /sipse/faces/javax.faces.resource/layout/layout.css?ln=primefaces&v=4.0 HTTP/1.1" 304 -
190.156.89.17 - - [27/Jul/2023:05:25:50 -0500] "GET /sipse/faces/javax.faces.resource/jquery/jquery.js?ln=primefaces&v=4.0 HTTP/1.1" 304 -
190.156.89.17 - - [27/Jul/2023:05:25:50 -0500] "GET /sipse/faces/javax.faces.resource/jquery/jquery-plugins.js?ln=primefaces&v=4.0 HTTP/1.1" 304 -
190.156.89.17 - - [27/Jul/2023:05:25:50 -0500] "GET /sipse/faces/javax.faces.resource/primefaces.js?ln=primefaces&v=4.0 HTTP/1.1" 304 -
190.156.89.17 - - [27/Jul/2023:05:25:50 -0500] "GET /sipse/faces/javax.faces.resource/layout/layout.js?ln=primefaces&v=4.0 HTTP/1.1" 304 -
190.156.89.17 - - [27/Jul/2023:05:25:50 -0500] "GET /sipse/css/imagen/contrasena.png HTTP/1.1" 404 383
190.156.89.17 - - [27/Jul/2023:05:26:21 -0500] "GET /sipse/faces/javax.faces.resource/images/ui-bg_flat_0_2d5972_40x100.png?ln=primefaces-aristo HTTP/1.1" 304 -
190.156.89.17 - - [27/Jul/2023:05:26:21 -0500] "POST /sipse/faces/bienvenido.xhtml HTTP/1.1" 200 911
190.156.89.17 - - [27/Jul/2023:05:26:23 -0500] "GET /sipse/faces/faces/autenticacion HTTP/1.1" 302 -
190.156.89.17 - - [27/Jul/2023:05:26:23 -0500] "GET /sipse/faces/autenticacion.xhtml HTTP/1.1" 200 12178
190.156.89.17 - - [27/Jul/2023:05:26:23 -0500] "GET /sipse/faces/javax.faces.resource/theme.css?ln=primefaces-sipse HTTP/1.1" 304 -
190.156.89.17 - - [27/Jul/2023:05:26:23 -0500] "GET /sipse/faces/javax.faces.resource/primefaces.css?ln=primefaces&v=4.0 HTTP/1.1" 304 -
190.156.89.17 - - [27/Jul/2023:05:26:23 -0500] "GET /sipse/faces/javax.faces.resource/layout/layout.css?ln=primefaces&v=4.0 HTTP/1.1" 304 -
190.156.89.17 - - [27/Jul/2023:05:26:23 -0500] "GET /sipse/faces/javax.faces.resource/jquery/jquery.js?ln=primefaces&v=4.0 HTTP/1.1" 304 -
190.156.89.17 - - [27/Jul/2023:05:26:23 -0500] "GET /sipse/faces/javax.faces.resource/jquery/jquery-plugins.js?ln=primefaces&v=4.0 HTTP/1.1" 304 -
190.156.89.17 - - [27/Jul/2023:05:26:23 -0500] "GET /sipse/faces/javax.faces.resource/primefaces.js?ln=primefaces&v=4.0 HTTP/1.1" 304 -
190.156.89.17 - - [27/Jul/2023:05:26:23 -0500] "GET /sipse/faces/javax.faces.resource/layout/layout.js?ln=primefaces&v=4.0 HTTP/1.1" 304 -
111.225.148.61 - - [27/Jul/2023:05:26:33 -0500] "GET /BLA/resoluciones/AUTOS%202009/0100.pdf HTTP/1.1" 200 102991
216.245.221.92 - - [27/Jul/2023:05:26:49 -0500] "HEAD / HTTP/1.1" 200 -
110.249.202.17 - - [27/Jul/2023:05:27:21 -0500] "GET /BLA/resoluciones/AUTOS%202008/1016.pdf HTTP/1.1" 200 141913
172.22.2.4 - - [27/Jul/2023:05:25:43 -0500] "GET /BLA/boletinlegal/ HTTP/1.1" 200 61779
111.225.148.144 - - [27/Jul/2023:05:28:07 -0500] "GET /BLA/resoluciones/AUTOS%202013/1839.pdf HTTP/1.1" 200 260774
110.249.202.98 - - [27/Jul/2023:05:28:57 -0500] "GET /BLA/resoluciones/AUTOS%202011/2405.pdf HTTP/1.1" 200 410660
201.245.192.253 - - [27/Jul/2023:05:29:13 -0500] "POST /kwsrmcab/Wsrmcab HTTP/1.1" 200 42567
172.22.2.4 - - [27/Jul/2023:05:29:18 -0500] "GET /BLA/boletinlegal/style.css HTTP/1.1" 200 9406
201.245.192.253 - - [27/Jul/2023:05:29:16 -0500] "POST /kwsrmcab/Wsrmcab HTTP/1.1" 200 43707
77.83.88.140 - - [27/Jul/2023:05:29:24 -0500] "GET / HTTP/1.1" 200 319
111.225.149.15 - - [27/Jul/2023:05:29:40 -0500] "GET /BLA/resoluciones/AUTOS%202009/2019.pdf HTTP/1.1" 200 100465
172.22.2.4 - - [27/Jul/2023:05:28:17 -0500] "GET /BLA/boletinlegal/ HTTP/1.1" 200 61779
201.245.192.253 - - [27/Jul/2023:05:30:14 -0500] "POST /kwsrmcab/Wsrmcab  HTTP/1.1" 200 213
110.249.201.103 - - [27/Jul/2023:05:30:26 -0500] "GET /BLA/resoluciones/AUTOS%202012/2919.pdf HTTP/1.1" 200 3990092
111.225.149.5 - - [27/Jul/2023:05:31:12 -0500] "GET /BLA/resoluciones/AUTOS%202010/1459.pdf HTTP/1.1" 200 155692
216.245.221.92 - - [27/Jul/2023:05:31:49 -0500] "HEAD / HTTP/1.1" 200 -
111.225.149.20 - - [27/Jul/2023:05:32:00 -0500] "GET /BLA/resoluciones/AUTOS%202008/2339.pdf HTTP/1.1" 200 122398
191.156.50.227 - - [27/Jul/2023:05:32:19 -0500] "GET /inscribete-al-monitoreo-nocturno-en-celebracion-de-la-semana-de-las-polillas.html HTTP/1.1" 200 756
168.119.253.13 - - [27/Jul/2023:05:32:37 -0500] "GET / HTTP/1.1" 200 4720
168.119.253.13 - - [27/Jul/2023:05:32:40 -0500] "GET / HTTP/1.1" 200 319
110.249.202.15 - - [27/Jul/2023:05:32:44 -0500] "GET /BLA/resoluciones/AUTOS%202008/2995.pdf HTTP/1.1" 200 175893
110.249.202.184 - - [27/Jul/2023:05:33:32 -0500] "GET /BLA/resoluciones/AUTOS%202008/2579.pdf HTTP/1.1" 200 46774
110.249.201.236 - - [27/Jul/2023:05:34:20 -0500] "GET /BLA/resoluciones/AUTOS%202009/3181.pdf HTTP/1.1" 200 130937
52.167.144.33 - - [27/Jul/2023:05:34:53 -0500] "GET /BLA/resoluciones/AUTOS%202023/1939.pdf HTTP/1.1" 200 442507
172.22.2.4 - - [27/Jul/2023:05:33:16 -0500] "HEAD /BLA/boletinlegal/ HTTP/1.1" 200 -
110.249.202.195 - - [27/Jul/2023:05:35:03 -0500] "GET /BLA/resoluciones/AUTOS%202009/0513.pdf HTTP/1.1" 200 384899
201.245.192.253 - - [27/Jul/2023:05:35:13 -0500] "POST /kwsrmcab/Wsrmcab  HTTP/1.1" 200 213
111.225.149.111 - - [27/Jul/2023:05:35:57 -0500] "GET /BLA/resoluciones/AUTOS%202008/3464.pdf HTTP/1.1" 200 82928
111.225.149.120 - - [27/Jul/2023:05:36:40 -0500] "GET /BLA/resoluciones/AUTOS%202009/0383.pdf HTTP/1.1" 200 86397
216.245.221.92 - - [27/Jul/2023:05:36:49 -0500] "HEAD / HTTP/1.1" 200 -
172.22.2.4 - - [27/Jul/2023:05:35:26 -0500] "GET /BLA/boletinlegal/ HTTP/1.1" 200 61387
110.249.201.178 - - [27/Jul/2023:05:37:26 -0500] "GET /BLA/resoluciones/AUTOS%202011/2444.pdf HTTP/1.1" 200 173740
110.249.202.185 - - [27/Jul/2023:05:38:11 -0500] "GET /BLA/resoluciones/AUTOS%202012/1697.pdf HTTP/1.1" 200 602035
110.249.201.192 - - [27/Jul/2023:05:38:57 -0500] "GET /BLA/resoluciones/AUTOS%202008/2654.pdf HTTP/1.1" 200 67187
201.245.192.253 - - [27/Jul/2023:05:39:13 -0500] "POST /kwsrmcab/Wsrmcab HTTP/1.1" 200 42567
201.245.192.253 - - [27/Jul/2023:05:39:16 -0500] "POST /kwsrmcab/Wsrmcab HTTP/1.1" 200 43707
110.249.202.68 - - [27/Jul/2023:05:39:41 -0500] "GET /BLA/resoluciones/AUTOS%202008/1211.pdf HTTP/1.1" 200 84414
201.245.192.253 - - [27/Jul/2023:05:40:12 -0500] "POST /kwsrmcab/Wsrmcab  HTTP/1.1" 200 213
111.225.149.10 - - [27/Jul/2023:05:40:28 -0500] "GET /BLA/resoluciones/AUTOS%202011/0882.pdf HTTP/1.1" 200 303789
110.249.201.77 - - [27/Jul/2023:05:41:16 -0500] "GET /BLA/resoluciones/AUTOS%202009/2820.pdf HTTP/1.1" 200 99443
216.245.221.92 - - [27/Jul/2023:05:41:49 -0500] "HEAD / HTTP/1.1" 200 -
110.249.201.247 - - [27/Jul/2023:05:41:59 -0500] "GET /BLA/resoluciones/AUTOS%202009/1253.pdf HTTP/1.1" 200 171446
110.249.202.10 - - [27/Jul/2023:05:42:46 -0500] "GET /BLA/resoluciones/AUTOS%202011/2066.pdf HTTP/1.1" 200 206577
40.77.167.250 - - [27/Jul/2023:05:42:50 -0500] "GET /secretaria-de-ambiente-libero-12-animales-silvestres-en-parque-entrenubes-en-los-ultimos-tres-anos-ya-han-retornado-a-la-libertad-12-800.html HTTP/1.1" 200 914
110.249.202.12 - - [27/Jul/2023:05:43:32 -0500] "GET /BLA/resoluciones/AUTOS%202008/1402.pdf HTTP/1.1" 200 234533
110.249.201.110 - - [27/Jul/2023:05:44:19 -0500] "GET /BLA/resoluciones/AUTOS%202008/1492.pdf HTTP/1.1" 200 312201
172.22.2.4 - - [27/Jul/2023:05:44:53 -0500] "GET /BLA/boletinlegal/actos.php HTTP/1.1" 200 9682
111.225.148.49 - - [27/Jul/2023:05:45:06 -0500] "GET /BLA/resoluciones/AUTOS%202009/2903.pdf HTTP/1.1" 200 88972
201.245.192.253 - - [27/Jul/2023:05:45:10 -0500] "POST /kwsrmcab/Wsrmcab  HTTP/1.1" 200 213
181.234.210.57 - - [27/Jul/2023:05:45:33 -0500] "GET /BLA/resoluciones/ HTTP/1.1" 200 13502
181.234.210.57 - - [27/Jul/2023:05:45:38 -0500] "GET /BLA/resoluciones/index.php?dir=AUTOS+2019%2F HTTP/1.1" 200 16331
181.234.210.57 - - [27/Jul/2023:05:45:38 -0500] "GET /BLA/resoluciones/dlf/archive.png HTTP/1.1" 200 632
181.234.210.57 - - [27/Jul/2023:05:45:38 -0500] "GET /BLA/resoluciones/index.php?dir=AUTOS+2019%2F HTTP/1.1" 200 382770
111.225.149.42 - - [27/Jul/2023:05:45:49 -0500] "GET /BLA/resoluciones/AUTOS%202012/0016.pdf HTTP/1.1" 200 250394
110.249.202.91 - - [27/Jul/2023:05:46:36 -0500] "GET /BLA/resoluciones/AUTOS%202008/2851.pdf HTTP/1.1" 200 73366
172.22.2.4 - - [27/Jul/2023:05:45:37 -0500] "GET /BLA/boletinlegal/ HTTP/1.1" 200 61779
111.225.148.89 - - [27/Jul/2023:05:47:21 -0500] "GET /BLA/resoluciones/AUTOS%202010/3610.pdf HTTP/1.1" 200 2017287
216.245.221.92 - - [27/Jul/2023:05:47:39 -0500] "GET / HTTP/1.1" 200 319
110.249.201.99 - - [27/Jul/2023:05:48:10 -0500] "GET /BLA/resoluciones/AUTOS%202011/2454.pdf HTTP/1.1" 200 137240
110.249.201.102 - - [27/Jul/2023:05:48:59 -0500] "GET /BLA/resoluciones/AUTOS%202008/1911.pdf HTTP/1.1" 200 89481
111.225.149.145 - - [27/Jul/2023:05:49:46 -0500] "GET /BLA/resoluciones/AUTOS%202009/0309.pdf HTTP/1.1" 200 198289
201.245.192.253 - - [27/Jul/2023:05:50:08 -0500] "POST /kwsrmcab/Wsrmcab  HTTP/1.1" 200 213
111.225.149.147 - - [27/Jul/2023:05:50:31 -0500] "GET /BLA/resoluciones/AUTOS%202012/0699.pdf HTTP/1.1" 200 225792
111.225.149.185 - - [27/Jul/2023:05:51:16 -0500] "GET /BLA/resoluciones/AUTOS%202009/1559.pdf HTTP/1.1" 200 122210
69.171.231.6 - - [27/Jul/2023:05:52:00 -0500] "GET /bogota-sostenible-articulacion-entre-el-distrito-y-el-sector-privado-claves-del-exito.html HTTP/1.1" 200 868
111.225.148.174 - - [27/Jul/2023:05:52:04 -0500] "GET /BLA/resoluciones/AUTOS%202008/3039.pdf HTTP/1.1" 200 64212
186.22.56.191 - - [27/Jul/2023:05:52:11 -0500] "GET /galeria/galeria/jquery.fancybox.css?v=2.1.5 HTTP/1.1" 200 4895
186.22.56.191 - - [27/Jul/2023:05:52:11 -0500] "GET /galeria/galeria/jquery.fancybox.js?v=2.1.5 HTTP/1.1" 200 48706
186.22.56.191 - - [27/Jul/2023:05:52:11 -0500] "GET /BLA/boletinlegal/js/jquery.scrollShow.js HTTP/1.1" 200 4586
186.22.56.191 - - [27/Jul/2023:05:52:13 -0500] "GET /galeria/carrusel/Carrusel/jquery.thumbnailScroller.css HTTP/1.1" 200 2066
186.22.56.191 - - [27/Jul/2023:05:52:13 -0500] "GET /galeria/carrusel/Carrusel/jquery-ui-1.8.13.custom.min.js HTTP/1.1" 200 10800
186.22.56.191 - - [27/Jul/2023:05:52:13 -0500] "GET /galeria/carrusel/Carrusel/jquery.thumbnailScroller.js HTTP/1.1" 200 8157
186.22.56.191 - - [27/Jul/2023:05:52:14 -0500] "GET /galeria/nivo-slider/demo/banner.html HTTP/1.1" 200 5446
186.22.56.191 - - [27/Jul/2023:05:52:14 -0500] "GET /galeria/nivo-slider/themes/default/default.css HTTP/1.1" 200 1569
186.22.56.191 - - [27/Jul/2023:05:52:14 -0500] "GET /galeria/nivo-slider/nivo-slider.css HTTP/1.1" 200 1507
186.22.56.191 - - [27/Jul/2023:05:52:14 -0500] "GET /galeria/nivo-slider/themes/orman/orman.css HTTP/1.1" 200 2152
186.22.56.191 - - [27/Jul/2023:05:52:14 -0500] "GET /galeria/nivo-slider/themes/pascal/pascal.css HTTP/1.1" 200 2258
186.22.56.191 - - [27/Jul/2023:05:52:14 -0500] "GET /galeria/nivo-slider/demo/style.css HTTP/1.1" 200 2222
