111.225.148.154 - - [08/Aug/2023:12:09:20 -0500] "GET /BLA/resoluciones/AUTOS%202015/3389.pdf HTTP/1.1" 200 634359
111.225.149.6 - - [08/Aug/2023:12:09:44 -0500] "GET /BLA/resoluciones/AUTOS%202010/4583.pdf HTTP/1.1" 200 172691
201.245.192.253 - - [08/Aug/2023:12:10:03 -0500] "POST /forms/lservlet;jsessionid=ac16012b30d6581616cf8e6847209433d5cf7802bbac.e3iSbxaKaheRe34KbxiPbh0Naxr0n6jAmljGr5XDqQLvpAe HTTP/1.1" 200 2
201.245.192.253 - - [08/Aug/2023:12:10:07 -0500] "POST /forms/lservlet;jsessionid=ac16012b30d6581616cf8e6847209433d5cf7802bbac.e3iSbxaKaheRe34KbxiPbh0Naxr0n6jAmljGr5XDqQLvpAe HTTP/1.1" 200 529
201.245.192.253 - - [08/Aug/2023:12:10:07 -0500] "POST /forms/lservlet;jsessionid=ac16012b30d6581616cf8e6847209433d5cf7802bbac.e3iSbxaKaheRe34KbxiPbh0Naxr0n6jAmljGr5XDqQLvpAe HTTP/1.1" 200 8
201.245.192.253 - - [08/Aug/2023:12:10:07 -0500] "POST /forms/lservlet;jsessionid=ac16012b30d6581616cf8e6847209433d5cf7802bbac.e3iSbxaKaheRe34KbxiPbh0Naxr0n6jAmljGr5XDqQLvpAe HTTP/1.1" 200 2
201.245.192.253 - - [08/Aug/2023:12:10:07 -0500] "POST /sipse/faces/presentacion/financiero/solicitudProceso/consultarSolicitudProceso.xhtml HTTP/1.1" 200 31374
201.245.192.253 - - [08/Aug/2023:12:10:07 -0500] "GET /sipse/faces/javax.faces.resource/theme.css?ln=primefaces-sipse HTTP/1.1" 304 -
201.245.192.253 - - [08/Aug/2023:12:10:07 -0500] "GET /sipse/faces/javax.faces.resource/primefaces.css?ln=primefaces&v=4.0 HTTP/1.1" 304 -
201.245.192.253 - - [08/Aug/2023:12:10:07 -0500] "GET /sipse/faces/javax.faces.resource/layout/layout.css?ln=primefaces&v=4.0 HTTP/1.1" 304 -
201.245.192.253 - - [08/Aug/2023:12:10:07 -0500] "GET /sipse/faces/javax.faces.resource/jquery/jquery.js?ln=primefaces&v=4.0 HTTP/1.1" 304 -
201.245.192.253 - - [08/Aug/2023:12:10:07 -0500] "GET /sipse/faces/javax.faces.resource/jquery/jquery-plugins.js?ln=primefaces&v=4.0 HTTP/1.1" 304 -
201.245.192.253 - - [08/Aug/2023:12:10:08 -0500] "GET /sipse/faces/javax.faces.resource/primefaces.js?ln=primefaces&v=4.0 HTTP/1.1" 304 -
201.245.192.253 - - [08/Aug/2023:12:10:08 -0500] "GET /sipse/faces/javax.faces.resource/layout/layout.js?ln=primefaces&v=4.0 HTTP/1.1" 304 -
111.225.149.177 - - [08/Aug/2023:12:10:08 -0500] "GET /BLA/resoluciones/AUTOS%202009/1778.pdf HTTP/1.1" 200 99437
201.245.192.253 - - [08/Aug/2023:12:10:10 -0500] "POST /forms/lservlet;jsessionid=ac16012b30d6581616cf8e6847209433d5cf7802bbac.e3iSbxaKaheRe34KbxiPbh0Naxr0n6jAmljGr5XDqQLvpAe HTTP/1.1" 200 42
201.245.192.253 - - [08/Aug/2023:12:10:10 -0500] "POST /forms/lservlet;jsessionid=ac16012b30d6581616cf8e6847209433d5cf7802bbac.e3iSbxaKaheRe34KbxiPbh0Naxr0n6jAmljGr5XDqQLvpAe HTTP/1.1" 200 2
201.245.192.253 - - [08/Aug/2023:12:10:10 -0500] "POST /forms/lservlet;jsessionid=ac16012b30d6581616cf8e6847209433d5cf7802bbac.e3iSbxaKaheRe34KbxiPbh0Naxr0n6jAmljGr5XDqQLvpAe HTTP/1.1" 200 8
201.245.192.253 - - [08/Aug/2023:12:10:10 -0500] "POST /forms/lservlet;jsessionid=ac16012b30d6581616cf8e6847209433d5cf7802bbac.e3iSbxaKaheRe34KbxiPbh0Naxr0n6jAmljGr5XDqQLvpAe HTTP/1.1" 200 2
201.245.192.253 - - [08/Aug/2023:12:10:12 -0500] "POST /forms/lservlet;jsessionid=ac16012b30d6581616cf8e6847209433d5cf7802bbac.e3iSbxaKaheRe34KbxiPbh0Naxr0n6jAmljGr5XDqQLvpAe HTTP/1.1" 200 814
201.245.192.253 - - [08/Aug/2023:12:10:12 -0500] "GET /imagenes/rt_save.gif HTTP/1.1" 200 903
201.245.192.253 - - [08/Aug/2023:12:10:12 -0500] "GET /imagenes/rt_radd.gif HTTP/1.1" 200 907
201.245.192.253 - - [08/Aug/2023:12:10:12 -0500] "GET /imagenes/rt_rdel.gif HTTP/1.1" 200 899
201.245.192.253 - - [08/Aug/2023:12:10:13 -0500] "POST /forms/lservlet;jsessionid=ac16012b30d6581616cf8e6847209433d5cf7802bbac.e3iSbxaKaheRe34KbxiPbh0Naxr0n6jAmljGr5XDqQLvpAe HTTP/1.1" 200 1164
201.245.192.253 - - [08/Aug/2023:12:10:14 -0500] "POST /forms/lservlet;jsessionid=ac16012b30d6581616cf8e6847209433d5cf7802bbac.e3iSbxaKaheRe34KbxiPbh0Naxr0n6jAmljGr5XDqQLvpAe HTTP/1.1" 200 613
201.245.192.253 - - [08/Aug/2023:12:10:14 -0500] "POST /forms/lservlet;jsessionid=ac16012b30d6581616cf8e6847209433d5cf7802bbac.e3iSbxaKaheRe34KbxiPbh0Naxr0n6jAmljGr5XDqQLvpAe HTTP/1.1" 200 602
201.245.192.253 - - [08/Aug/2023:12:10:15 -0500] "GET /sipse/faces/javax.faces.resource/images/ui-icons_898989_256x240.png?ln=primefaces-aristo HTTP/1.1" 304 -
201.245.192.253 - - [08/Aug/2023:12:10:15 -0500] "POST /forms/lservlet;jsessionid=ac16012b30d6581616cf8e6847209433d5cf7802bbac.e3iSbxaKaheRe34KbxiPbh0Naxr0n6jAmljGr5XDqQLvpAe HTTP/1.1" 200 910
201.245.192.253 - - [08/Aug/2023:12:10:15 -0500] "POST /forms/lservlet;jsessionid=ac16012b30d6581616cf8e6847209433d5cf7802bbac.e3iSbxaKaheRe34KbxiPbh0Naxr0n6jAmljGr5XDqQLvpAe HTTP/1.1" 200 691
201.245.192.253 - - [08/Aug/2023:12:10:16 -0500] "POST /forms/lservlet;jsessionid=ac16012b30d6581616cf8e6847209433d5cf7802bbac.e3iSbxaKaheRe34KbxiPbh0Naxr0n6jAmljGr5XDqQLvpAe HTTP/1.1" 200 582
201.245.192.253 - - [08/Aug/2023:12:10:16 -0500] "POST /forms/lservlet;jsessionid=ac16012b30d6581616cf8e6847209433d5cf7802bbac.e3iSbxaKaheRe34KbxiPbh0Naxr0n6jAmljGr5XDqQLvpAe HTTP/1.1" 200 685
201.245.192.253 - - [08/Aug/2023:12:10:16 -0500] "POST /forms/lservlet;jsessionid=ac16012b30d6581616cf8e6847209433d5cf7802bbac.e3iSbxaKaheRe34KbxiPbh0Naxr0n6jAmljGr5XDqQLvpAe HTTP/1.1" 200 637
201.245.192.253 - - [08/Aug/2023:12:10:17 -0500] "POST /forms/lservlet;jsessionid=ac16012b30d6581616cf8e6847209433d5cf7802bbac.e3iSbxaKaheRe34KbxiPbh0Naxr0n6jAmljGr5XDqQLvpAe HTTP/1.1" 200 681
201.245.192.253 - - [08/Aug/2023:12:10:17 -0500] "POST /forms/lservlet;jsessionid=ac16012b30d6581616cf8e6847209433d5cf7802bbac.e3iSbxaKaheRe34KbxiPbh0Naxr0n6jAmljGr5XDqQLvpAe HTTP/1.1" 200 815
201.245.192.253 - - [08/Aug/2023:12:10:18 -0500] "POST /forms/lservlet;jsessionid=ac16012b30d6581616cf8e6847209433d5cf7802bbac.e3iSbxaKaheRe34KbxiPbh0Naxr0n6jAmljGr5XDqQLvpAe HTTP/1.1" 200 740
201.245.192.253 - - [08/Aug/2023:12:10:19 -0500] "POST /forms/lservlet;jsessionid=ac16012b30d6581616cf8e6847209433d5cf7802bbac.e3iSbxaKaheRe34KbxiPbh0Naxr0n6jAmljGr5XDqQLvpAe HTTP/1.1" 200 881
201.245.192.253 - - [08/Aug/2023:12:10:20 -0500] "POST /forms/lservlet;jsessionid=ac16012b30d6581616cf8e6847209433d5cf7802bbac.e3iSbxaKaheRe34KbxiPbh0Naxr0n6jAmljGr5XDqQLvpAe HTTP/1.1" 200 907
201.245.192.253 - - [08/Aug/2023:12:10:21 -0500] "POST /forms/lservlet;jsessionid=ac16012b30d6581616cf8e6847209433d5cf7802bbac.e3iSbxaKaheRe34KbxiPbh0Naxr0n6jAmljGr5XDqQLvpAe HTTP/1.1" 200 639
201.245.192.253 - - [08/Aug/2023:12:10:21 -0500] "POST /forms/lservlet;jsessionid=ac16012b30d6581616cf8e6847209433d5cf7802bbac.e3iSbxaKaheRe34KbxiPbh0Naxr0n6jAmljGr5XDqQLvpAe HTTP/1.1" 200 822
201.245.192.253 - - [08/Aug/2023:12:10:22 -0500] "POST /forms/lservlet;jsessionid=ac16012b30d6581616cf8e6847209433d5cf7802bbac.e3iSbxaKaheRe34KbxiPbh0Naxr0n6jAmljGr5XDqQLvpAe HTTP/1.1" 200 734
201.245.192.253 - - [08/Aug/2023:12:10:23 -0500] "POST /forms/lservlet;jsessionid=ac16012b30d6581616cf8e6847209433d5cf7802bbac.e3iSbxaKaheRe34KbxiPbh0Naxr0n6jAmljGr5XDqQLvpAe HTTP/1.1" 200 505
201.245.192.253 - - [08/Aug/2023:12:10:24 -0500] "POST /forms/lservlet;jsessionid=ac16012b30d6581616cf8e6847209433d5cf7802bbac.e3iSbxaKaheRe34KbxiPbh0Naxr0n6jAmljGr5XDqQLvpAe HTTP/1.1" 200 500
201.245.192.253 - - [08/Aug/2023:12:10:24 -0500] "POST /forms/lservlet;jsessionid=ac16012b30d6581616cf8e6847209433d5cf7802bbac.e3iSbxaKaheRe34KbxiPbh0Naxr0n6jAmljGr5XDqQLvpAe HTTP/1.1" 200 627
201.245.192.253 - - [08/Aug/2023:12:10:25 -0500] "POST /forms/lservlet;jsessionid=ac16012b30d6581616cf8e6847209433d5cf7802bbac.e3iSbxaKaheRe34KbxiPbh0Naxr0n6jAmljGr5XDqQLvpAe HTTP/1.1" 200 753
201.245.192.253 - - [08/Aug/2023:12:10:26 -0500] "POST /forms/lservlet;jsessionid=ac16012b30d6581616cf8e6847209433d5cf7802bbac.e3iSbxaKaheRe34KbxiPbh0Naxr0n6jAmljGr5XDqQLvpAe HTTP/1.1" 200 661
201.245.192.253 - - [08/Aug/2023:12:10:26 -0500] "POST /forms/lservlet;jsessionid=ac16012b30d6581616cf8e6847209433d5cf7802bbac.e3iSbxaKaheRe34KbxiPbh0Naxr0n6jAmljGr5XDqQLvpAe HTTP/1.1" 200 534
201.245.192.253 - - [08/Aug/2023:12:10:27 -0500] "POST /forms/lservlet;jsessionid=ac16012b30d6581616cf8e6847209433d5cf7802bbac.e3iSbxaKaheRe34KbxiPbh0Naxr0n6jAmljGr5XDqQLvpAe HTTP/1.1" 200 848
201.245.192.253 - - [08/Aug/2023:12:10:27 -0500] "POST /forms/lservlet;jsessionid=ac16012b30d6581616cf8e6847209433d5cf7802bbac.e3iSbxaKaheRe34KbxiPbh0Naxr0n6jAmljGr5XDqQLvpAe HTTP/1.1" 200 884
201.245.192.253 - - [08/Aug/2023:12:10:28 -0500] "POST /forms/lservlet;jsessionid=ac16012b30d6581616cf8e6847209433d5cf7802bbac.e3iSbxaKaheRe34KbxiPbh0Naxr0n6jAmljGr5XDqQLvpAe HTTP/1.1" 200 976
110.249.201.81 - - [08/Aug/2023:12:10:33 -0500] "GET /BLA/resoluciones/AUTOS%202016/1250.pdf HTTP/1.1" 200 466389
201.245.192.253 - - [08/Aug/2023:12:10:36 -0500] "POST /forms/lservlet;jsessionid=ac16012b30d6581616cf8e6847209433d5cf7802bbac.e3iSbxaKaheRe34KbxiPbh0Naxr0n6jAmljGr5XDqQLvpAe HTTP/1.1" 200 646
201.245.192.253 - - [08/Aug/2023:12:10:37 -0500] "POST /forms/lservlet;jsessionid=ac16012b30d6581616cf8e6847209433d5cf7802bbac.e3iSbxaKaheRe34KbxiPbh0Naxr0n6jAmljGr5XDqQLvpAe HTTP/1.1" 200 611
201.245.192.253 - - [08/Aug/2023:12:10:37 -0500] "POST /forms/lservlet;jsessionid=ac16012b30d6581616cf8e6847209433d5cf7802bbac.e3iSbxaKaheRe34KbxiPbh0Naxr0n6jAmljGr5XDqQLvpAe HTTP/1.1" 200 913
172.22.2.4 - - [08/Aug/2023:12:10:45 -0500] "GET /BLA/boletinlegal/Circulares/2023/CIRCULAR%20No.%2000001%20DEL%2020%20DE%20FEBRERO%20DEL%202023.pdf HTTP/1.1" 200 317520
172.22.2.4 - - [08/Aug/2023:12:10:46 -0500] "GET /BLA/boletinlegal/Circulares/2023/CIRCULAR%20No.%2000001%20DEL%2020%20DE%20FEBRERO%20DEL%202023.pdf HTTP/1.1" 206 1025
172.22.2.4 - - [08/Aug/2023:12:10:46 -0500] "GET /BLA/boletinlegal/Circulares/2023/CIRCULAR%20No.%2000001%20DEL%2020%20DE%20FEBRERO%20DEL%202023.pdf HTTP/1.1" 200 317520
207.46.13.215 - - [08/Aug/2023:12:10:54 -0500] "GET /portaldeninos/wp-content/uploads/2018/11/caneca.jpg HTTP/1.1" 200 262661
110.249.202.57 - - [08/Aug/2023:12:10:57 -0500] "GET /BLA/resoluciones/AUTOS%202008/0541.pdf HTTP/1.1" 200 175642
66.249.70.197 - - [08/Aug/2023:12:10:57 -0500] "GET /BLA/resoluciones/RESOLUCIONES%202011/5576.pdf HTTP/1.1" 200 456847
201.245.192.253 - - [08/Aug/2023:12:11:11 -0500] "POST /forms/lservlet;jsessionid=ac16012b30d6b0caa5b3998f4732b23bfd681e503f1d.e3iSbxaKaheRe34KbxiPbh0Naxr0n6jAmljGr5XDqQLvpAe HTTP/1.1" 200 2
216.245.221.92 - - [08/Aug/2023:12:11:11 -0500] "HEAD / HTTP/1.1" 200 -
66.249.70.196 - - [08/Aug/2023:12:11:13 -0500] "GET /resoluciones/RESOLUCIONES%202007/RES%202007%202301%20AL%202400/RESOLUCION%202370%20DE%202007.pdf HTTP/1.1" 404 1018
110.249.201.87 - - [08/Aug/2023:12:11:21 -0500] "GET /BLA/resoluciones/AUTOS%202010/1603.pdf HTTP/1.1" 200 127996
201.245.192.253 - - [08/Aug/2023:12:11:19 -0500] "POST /kwsrmcab/Wsrmcab  HTTP/1.1" 200 42098
66.249.70.196 - - [08/Aug/2023:12:11:25 -0500] "GET /BLA/resoluciones/RESOLUCIONES%202009/8599.pdf HTTP/1.1" 200 299284
172.22.1.61 - - [08/Aug/2023:12:09:30 -0500] "GET /reportes_sipse/sdg/ServletFirma?solicitud=21883 HTTP/1.1" 200 1776
111.225.149.155 - - [08/Aug/2023:12:11:45 -0500] "GET /BLA/resoluciones/AUTOS%202015/0800.pdf HTTP/1.1" 200 521296
201.245.192.253 - - [08/Aug/2023:12:12:03 -0500] "POST /forms/lservlet;jsessionid=ac16012b30d6581616cf8e6847209433d5cf7802bbac.e3iSbxaKaheRe34KbxiPbh0Naxr0n6jAmljGr5XDqQLvpAe HTTP/1.1" 200 2
110.249.201.209 - - [08/Aug/2023:12:12:09 -0500] "GET /BLA/resoluciones/AUTOS%202010/6664.pdf HTTP/1.1" 200 247890
66.249.70.197 - - [08/Aug/2023:12:12:16 -0500] "GET /resoluciones/RESOLUCIONES%202008/1916.pdf HTTP/1.1" 404 1018
201.245.192.253 - - [08/Aug/2023:12:10:18 -0500] "POST /sipse/faces/presentacion/financiero/solicitudProceso/asignarContratacion.xhtml HTTP/1.1" 200 36565
201.245.192.253 - - [08/Aug/2023:12:12:26 -0500] "GET /sipse/faces/javax.faces.resource/primefaces.css?ln=primefaces&v=4.0 HTTP/1.1" 304 -
201.245.192.253 - - [08/Aug/2023:12:12:26 -0500] "GET /sipse/faces/javax.faces.resource/theme.css?ln=primefaces-sipse HTTP/1.1" 304 -
201.245.192.253 - - [08/Aug/2023:12:12:26 -0500] "GET /sipse/faces/javax.faces.resource/layout/layout.css?ln=primefaces&v=4.0 HTTP/1.1" 304 -
201.245.192.253 - - [08/Aug/2023:12:12:26 -0500] "GET /sipse/faces/javax.faces.resource/jquery/jquery.js?ln=primefaces&v=4.0 HTTP/1.1" 304 -
201.245.192.253 - - [08/Aug/2023:12:12:26 -0500] "GET /sipse/faces/javax.faces.resource/jquery/jquery-plugins.js?ln=primefaces&v=4.0 HTTP/1.1" 304 -
201.245.192.253 - - [08/Aug/2023:12:12:26 -0500] "GET /sipse/faces/javax.faces.resource/primefaces.js?ln=primefaces&v=4.0 HTTP/1.1" 304 -
201.245.192.253 - - [08/Aug/2023:12:12:26 -0500] "GET /sipse/faces/javax.faces.resource/layout/layout.js?ln=primefaces&v=4.0 HTTP/1.1" 304 -
201.245.192.253 - - [08/Aug/2023:12:12:26 -0500] "POST /sipse/faces/presentacion/financiero/solicitudProceso/listarSolicitudProceso.xhtml HTTP/1.1" 200 1400
172.22.2.4 - - [08/Aug/2023:12:10:51 -0500] "HEAD /BLA/boletinlegal/ HTTP/1.1" 200 -
110.249.201.12 - - [08/Aug/2023:12:12:33 -0500] "GET /BLA/resoluciones/AUTOS%202008/0667.pdf HTTP/1.1" 200 168024
201.245.192.253 - - [08/Aug/2023:12:12:35 -0500] "POST /sipse/faces/presentacion/financiero/solicitudProceso/listarSolicitudProceso.xhtml HTTP/1.1" 200 149730
201.245.192.253 - - [08/Aug/2023:12:12:36 -0500] "GET /sipse/faces/javax.faces.resource/layout/layout.css?ln=primefaces&v=4.0 HTTP/1.1" 304 -
201.245.192.253 - - [08/Aug/2023:12:12:36 -0500] "GET /sipse/faces/javax.faces.resource/theme.css?ln=primefaces-sipse HTTP/1.1" 304 -
201.245.192.253 - - [08/Aug/2023:12:12:36 -0500] "GET /sipse/faces/javax.faces.resource/primefaces.css?ln=primefaces&v=4.0 HTTP/1.1" 304 -
201.245.192.253 - - [08/Aug/2023:12:12:36 -0500] "GET /sipse/faces/javax.faces.resource/jquery/jquery.js?ln=primefaces&v=4.0 HTTP/1.1" 304 -
201.245.192.253 - - [08/Aug/2023:12:12:36 -0500] "GET /sipse/faces/javax.faces.resource/jquery/jquery-plugins.js?ln=primefaces&v=4.0 HTTP/1.1" 304 -
201.245.192.253 - - [08/Aug/2023:12:12:36 -0500] "GET /sipse/faces/javax.faces.resource/primefaces.js?ln=primefaces&v=4.0 HTTP/1.1" 304 -
201.245.192.253 - - [08/Aug/2023:12:12:36 -0500] "GET /sipse/faces/javax.faces.resource/layout/layout.js?ln=primefaces&v=4.0 HTTP/1.1" 304 -
201.245.192.253 - - [08/Aug/2023:12:12:43 -0500] "POST /sipse/faces/presentacion/financiero/solicitudProceso/consultarSolicitudProceso.xhtml HTTP/1.1" 200 31439
201.245.192.253 - - [08/Aug/2023:12:12:44 -0500] "GET /sipse/faces/javax.faces.resource/primefaces.css?ln=primefaces&v=4.0 HTTP/1.1" 304 -
201.245.192.253 - - [08/Aug/2023:12:12:44 -0500] "GET /sipse/faces/javax.faces.resource/layout/layout.css?ln=primefaces&v=4.0 HTTP/1.1" 304 -
201.245.192.253 - - [08/Aug/2023:12:12:44 -0500] "GET /sipse/faces/javax.faces.resource/theme.css?ln=primefaces-sipse HTTP/1.1" 304 -
201.245.192.253 - - [08/Aug/2023:12:12:44 -0500] "GET /sipse/faces/javax.faces.resource/jquery/jquery.js?ln=primefaces&v=4.0 HTTP/1.1" 304 -
201.245.192.253 - - [08/Aug/2023:12:12:44 -0500] "GET /sipse/faces/javax.faces.resource/jquery/jquery-plugins.js?ln=primefaces&v=4.0 HTTP/1.1" 304 -
201.245.192.253 - - [08/Aug/2023:12:12:44 -0500] "GET /sipse/faces/javax.faces.resource/primefaces.js?ln=primefaces&v=4.0 HTTP/1.1" 304 -
201.245.192.253 - - [08/Aug/2023:12:12:44 -0500] "GET /sipse/faces/javax.faces.resource/layout/layout.js?ln=primefaces&v=4.0 HTTP/1.1" 304 -
110.249.202.73 - - [08/Aug/2023:12:12:57 -0500] "GET /BLA/resoluciones/AUTOS%202013/3687.pdf HTTP/1.1" 200 260995
201.245.192.253 - - [08/Aug/2023:12:13:00 -0500] "POST /forms/lservlet;jsessionid=ac16012b30d6581616cf8e6847209433d5cf7802bbac.e3iSbxaKaheRe34KbxiPbh0Naxr0n6jAmljGr5XDqQLvpAe HTTP/1.1" 200 13
201.245.192.253 - - [08/Aug/2023:12:13:01 -0500] "POST /forms/lservlet;jsessionid=ac16012b30d6581616cf8e6847209433d5cf7802bbac.e3iSbxaKaheRe34KbxiPbh0Naxr0n6jAmljGr5XDqQLvpAe HTTP/1.1" 200 708
201.245.192.253 - - [08/Aug/2023:12:13:01 -0500] "POST /forms/lservlet;jsessionid=ac16012b30d6581616cf8e6847209433d5cf7802bbac.e3iSbxaKaheRe34KbxiPbh0Naxr0n6jAmljGr5XDqQLvpAe HTTP/1.1" 200 10
201.245.192.253 - - [08/Aug/2023:12:13:02 -0500] "POST /forms/lservlet;jsessionid=ac16012b30d6581616cf8e6847209433d5cf7802bbac.e3iSbxaKaheRe34KbxiPbh0Naxr0n6jAmljGr5XDqQLvpAe HTTP/1.1" 200 8
201.245.192.253 - - [08/Aug/2023:12:13:02 -0500] "POST /forms/lservlet;jsessionid=ac16012b30d6581616cf8e6847209433d5cf7802bbac.e3iSbxaKaheRe34KbxiPbh0Naxr0n6jAmljGr5XDqQLvpAe HTTP/1.1" 200 8
201.245.192.253 - - [08/Aug/2023:12:13:02 -0500] "POST /forms/lservlet;jsessionid=ac16012b30d6581616cf8e6847209433d5cf7802bbac.e3iSbxaKaheRe34KbxiPbh0Naxr0n6jAmljGr5XDqQLvpAe HTTP/1.1" 200 2
201.245.192.253 - - [08/Aug/2023:12:13:05 -0500] "POST /forms/lservlet;jsessionid=ac16012b30d6581616cf8e6847209433d5cf7802bbac.e3iSbxaKaheRe34KbxiPbh0Naxr0n6jAmljGr5XDqQLvpAe HTTP/1.1" 200 1173
201.245.192.253 - - [08/Aug/2023:12:13:08 -0500] "POST /forms/lservlet;jsessionid=ac16012b30d6581616cf8e6847209433d5cf7802bbac.e3iSbxaKaheRe34KbxiPbh0Naxr0n6jAmljGr5XDqQLvpAe HTTP/1.1" 200 605
201.245.192.253 - - [08/Aug/2023:12:13:10 -0500] "POST /forms/lservlet;jsessionid=ac16012b30d6581616cf8e6847209433d5cf7802bbac.e3iSbxaKaheRe34KbxiPbh0Naxr0n6jAmljGr5XDqQLvpAe HTTP/1.1" 200 13
201.245.192.253 - - [08/Aug/2023:12:13:11 -0500] "POST /forms/lservlet;jsessionid=ac16012b30d6b0caa5b3998f4732b23bfd681e503f1d.e3iSbxaKaheRe34KbxiPbh0Naxr0n6jAmljGr5XDqQLvpAe HTTP/1.1" 200 2
201.245.192.253 - - [08/Aug/2023:12:13:11 -0500] "POST /forms/lservlet;jsessionid=ac16012b30d6581616cf8e6847209433d5cf7802bbac.e3iSbxaKaheRe34KbxiPbh0Naxr0n6jAmljGr5XDqQLvpAe HTTP/1.1" 200 12
172.22.2.4 - - [08/Aug/2023:12:11:41 -0500] "GET /BLA/boletinlegal/ HTTP/1.1" 200 61035
111.225.149.242 - - [08/Aug/2023:12:13:21 -0500] "GET /BLA/resoluciones/AUTOS%202013/0489.pdf HTTP/1.1" 200 1615039
111.225.148.89 - - [08/Aug/2023:12:13:45 -0500] "GET /BLA/resoluciones/AUTOS%202011/1407.pdf HTTP/1.1" 200 348870
201.245.192.253 - - [08/Aug/2023:12:14:03 -0500] "POST /forms/lservlet;jsessionid=ac16012b30d6581616cf8e6847209433d5cf7802bbac.e3iSbxaKaheRe34KbxiPbh0Naxr0n6jAmljGr5XDqQLvpAe HTTP/1.1" 200 2
110.249.201.88 - - [08/Aug/2023:12:14:09 -0500] "GET /BLA/resoluciones/AUTOS%202015/6300.pdf HTTP/1.1" 200 558097
152.203.247.58 - - [08/Aug/2023:12:14:17 -0500] "OPTIONS /kwssiamovil/sm/setfile/f? HTTP/1.1" 200 13
152.203.247.58 - - [08/Aug/2023:12:14:17 -0500] "POST /kwssiamovil/sm/setfile/f? HTTP/1.1" 200 381
152.203.247.58 - - [08/Aug/2023:12:14:19 -0500] "OPTIONS /kwssiamovil/sm/setfile/f? HTTP/1.1" 200 13
152.203.247.58 - - [08/Aug/2023:12:14:20 -0500] "POST /kwssiamovil/sm/setfile/f? HTTP/1.1" 200 381
152.203.247.58 - - [08/Aug/2023:12:14:23 -0500] "OPTIONS /kwssiamovil/sm/setfile/f? HTTP/1.1" 200 13
152.203.247.58 - - [08/Aug/2023:12:14:23 -0500] "POST /kwssiamovil/sm/setfile/f? HTTP/1.1" 200 381
152.203.247.58 - - [08/Aug/2023:12:14:26 -0500] "OPTIONS /kwssiamovil/sm/setfile/f? HTTP/1.1" 200 13
201.245.192.253 - - [08/Aug/2023:12:14:27 -0500] "POST /forms/lservlet;jsessionid=ac16012b30d6581616cf8e6847209433d5cf7802bbac.e3iSbxaKaheRe34KbxiPbh0Naxr0n6jAmljGr5XDqQLvpAe HTTP/1.1" 200 693
201.245.192.253 - - [08/Aug/2023:12:14:27 -0500] "POST /forms/lservlet;jsessionid=ac16012b30d6581616cf8e6847209433d5cf7802bbac.e3iSbxaKaheRe34KbxiPbh0Naxr0n6jAmljGr5XDqQLvpAe HTTP/1.1" 200 598
201.245.192.253 - - [08/Aug/2023:12:14:28 -0500] "POST /forms/lservlet;jsessionid=ac16012b30d6581616cf8e6847209433d5cf7802bbac.e3iSbxaKaheRe34KbxiPbh0Naxr0n6jAmljGr5XDqQLvpAe HTTP/1.1" 200 511
201.245.192.253 - - [08/Aug/2023:12:14:28 -0500] "POST /forms/lservlet;jsessionid=ac16012b30d6581616cf8e6847209433d5cf7802bbac.e3iSbxaKaheRe34KbxiPbh0Naxr0n6jAmljGr5XDqQLvpAe HTTP/1.1" 200 549
152.203.247.58 - - [08/Aug/2023:12:14:26 -0500] "POST /kwssiamovil/sm/setfile/f? HTTP/1.1" 200 381
201.245.192.253 - - [08/Aug/2023:12:14:28 -0500] "POST /forms/lservlet;jsessionid=ac16012b30d6581616cf8e6847209433d5cf7802bbac.e3iSbxaKaheRe34KbxiPbh0Naxr0n6jAmljGr5XDqQLvpAe HTTP/1.1" 200 512
152.203.247.58 - - [08/Aug/2023:12:14:29 -0500] "OPTIONS /kwssiamovil/sm/setfile/f? HTTP/1.1" 200 13
201.245.192.253 - - [08/Aug/2023:12:14:29 -0500] "POST /forms/lservlet;jsessionid=ac16012b30d6581616cf8e6847209433d5cf7802bbac.e3iSbxaKaheRe34KbxiPbh0Naxr0n6jAmljGr5XDqQLvpAe HTTP/1.1" 200 7
201.245.192.253 - - [08/Aug/2023:12:14:30 -0500] "POST /forms/lservlet;jsessionid=ac16012b30d6581616cf8e6847209433d5cf7802bbac.e3iSbxaKaheRe34KbxiPbh0Naxr0n6jAmljGr5XDqQLvpAe HTTP/1.1" 200 512
201.245.192.253 - - [08/Aug/2023:12:14:30 -0500] "POST /forms/lservlet;jsessionid=ac16012b30d6581616cf8e6847209433d5cf7802bbac.e3iSbxaKaheRe34KbxiPbh0Naxr0n6jAmljGr5XDqQLvpAe HTTP/1.1" 200 544
201.245.192.253 - - [08/Aug/2023:12:14:30 -0500] "POST /forms/lservlet;jsessionid=ac16012b30d6581616cf8e6847209433d5cf7802bbac.e3iSbxaKaheRe34KbxiPbh0Naxr0n6jAmljGr5XDqQLvpAe HTTP/1.1" 200 514
201.245.192.253 - - [08/Aug/2023:12:14:31 -0500] "POST /forms/lservlet;jsessionid=ac16012b30d6581616cf8e6847209433d5cf7802bbac.e3iSbxaKaheRe34KbxiPbh0Naxr0n6jAmljGr5XDqQLvpAe HTTP/1.1" 200 766
201.245.192.253 - - [08/Aug/2023:12:14:31 -0500] "POST /forms/lservlet;jsessionid=ac16012b30d6581616cf8e6847209433d5cf7802bbac.e3iSbxaKaheRe34KbxiPbh0Naxr0n6jAmljGr5XDqQLvpAe HTTP/1.1" 200 576
201.245.192.253 - - [08/Aug/2023:12:14:31 -0500] "POST /forms/lservlet;jsessionid=ac16012b30d6581616cf8e6847209433d5cf7802bbac.e3iSbxaKaheRe34KbxiPbh0Naxr0n6jAmljGr5XDqQLvpAe HTTP/1.1" 200 496
201.245.192.253 - - [08/Aug/2023:12:14:31 -0500] "POST /forms/lservlet;jsessionid=ac16012b30d6581616cf8e6847209433d5cf7802bbac.e3iSbxaKaheRe34KbxiPbh0Naxr0n6jAmljGr5XDqQLvpAe HTTP/1.1" 200 768
152.203.247.58 - - [08/Aug/2023:12:14:29 -0500] "POST /kwssiamovil/sm/setfile/f? HTTP/1.1" 200 381
201.245.192.253 - - [08/Aug/2023:12:14:31 -0500] "POST /forms/lservlet;jsessionid=ac16012b30d6581616cf8e6847209433d5cf7802bbac.e3iSbxaKaheRe34KbxiPbh0Naxr0n6jAmljGr5XDqQLvpAe HTTP/1.1" 200 583
201.245.192.253 - - [08/Aug/2023:12:14:32 -0500] "POST /forms/lservlet;jsessionid=ac16012b30d6581616cf8e6847209433d5cf7802bbac.e3iSbxaKaheRe34KbxiPbh0Naxr0n6jAmljGr5XDqQLvpAe HTTP/1.1" 200 603
201.245.192.253 - - [08/Aug/2023:12:14:32 -0500] "POST /forms/lservlet;jsessionid=ac16012b30d6581616cf8e6847209433d5cf7802bbac.e3iSbxaKaheRe34KbxiPbh0Naxr0n6jAmljGr5XDqQLvpAe HTTP/1.1" 200 562
201.245.192.253 - - [08/Aug/2023:12:14:32 -0500] "POST /forms/lservlet;jsessionid=ac16012b30d6581616cf8e6847209433d5cf7802bbac.e3iSbxaKaheRe34KbxiPbh0Naxr0n6jAmljGr5XDqQLvpAe HTTP/1.1" 200 593
152.203.247.58 - - [08/Aug/2023:12:14:32 -0500] "OPTIONS /kwssiamovil/sm/setfile/f? HTTP/1.1" 200 13
201.245.192.253 - - [08/Aug/2023:12:14:32 -0500] "POST /forms/lservlet;jsessionid=ac16012b30d6581616cf8e6847209433d5cf7802bbac.e3iSbxaKaheRe34KbxiPbh0Naxr0n6jAmljGr5XDqQLvpAe HTTP/1.1" 200 442
201.245.192.253 - - [08/Aug/2023:12:14:32 -0500] "POST /forms/lservlet;jsessionid=ac16012b30d6581616cf8e6847209433d5cf7802bbac.e3iSbxaKaheRe34KbxiPbh0Naxr0n6jAmljGr5XDqQLvpAe HTTP/1.1" 200 508
201.245.192.253 - - [08/Aug/2023:12:14:33 -0500] "POST /forms/lservlet;jsessionid=ac16012b30d6581616cf8e6847209433d5cf7802bbac.e3iSbxaKaheRe34KbxiPbh0Naxr0n6jAmljGr5XDqQLvpAe HTTP/1.1" 200 730
201.245.192.253 - - [08/Aug/2023:12:14:33 -0500] "POST /forms/lservlet;jsessionid=ac16012b30d6581616cf8e6847209433d5cf7802bbac.e3iSbxaKaheRe34KbxiPbh0Naxr0n6jAmljGr5XDqQLvpAe HTTP/1.1" 200 557
201.245.192.253 - - [08/Aug/2023:12:14:33 -0500] "POST /forms/lservlet;jsessionid=ac16012b30d6581616cf8e6847209433d5cf7802bbac.e3iSbxaKaheRe34KbxiPbh0Naxr0n6jAmljGr5XDqQLvpAe HTTP/1.1" 200 583
201.245.192.253 - - [08/Aug/2023:12:14:33 -0500] "POST /forms/lservlet;jsessionid=ac16012b30d6581616cf8e6847209433d5cf7802bbac.e3iSbxaKaheRe34KbxiPbh0Naxr0n6jAmljGr5XDqQLvpAe HTTP/1.1" 200 612
201.245.192.253 - - [08/Aug/2023:12:14:33 -0500] "POST /forms/lservlet;jsessionid=ac16012b30d6581616cf8e6847209433d5cf7802bbac.e3iSbxaKaheRe34KbxiPbh0Naxr0n6jAmljGr5XDqQLvpAe HTTP/1.1" 200 535
110.249.201.152 - - [08/Aug/2023:12:14:34 -0500] "GET /BLA/resoluciones/AUTOS%202016/1489.pdf HTTP/1.1" 200 297162
201.245.192.253 - - [08/Aug/2023:12:14:34 -0500] "POST /forms/lservlet;jsessionid=ac16012b30d6581616cf8e6847209433d5cf7802bbac.e3iSbxaKaheRe34KbxiPbh0Naxr0n6jAmljGr5XDqQLvpAe HTTP/1.1" 200 650
201.245.192.253 - - [08/Aug/2023:12:14:34 -0500] "POST /forms/lservlet;jsessionid=ac16012b30d6581616cf8e6847209433d5cf7802bbac.e3iSbxaKaheRe34KbxiPbh0Naxr0n6jAmljGr5XDqQLvpAe HTTP/1.1" 200 513
201.245.192.253 - - [08/Aug/2023:12:14:34 -0500] "POST /forms/lservlet;jsessionid=ac16012b30d6581616cf8e6847209433d5cf7802bbac.e3iSbxaKaheRe34KbxiPbh0Naxr0n6jAmljGr5XDqQLvpAe HTTP/1.1" 200 665
201.245.192.253 - - [08/Aug/2023:12:14:34 -0500] "POST /forms/lservlet;jsessionid=ac16012b30d6581616cf8e6847209433d5cf7802bbac.e3iSbxaKaheRe34KbxiPbh0Naxr0n6jAmljGr5XDqQLvpAe HTTP/1.1" 200 523
66.249.70.196 - - [08/Aug/2023:12:14:34 -0500] "GET /BLA/resoluciones/RESOLUCIONES%202009/6889.pdf HTTP/1.1" 200 337057
201.245.192.253 - - [08/Aug/2023:12:14:34 -0500] "POST /forms/lservlet;jsessionid=ac16012b30d6581616cf8e6847209433d5cf7802bbac.e3iSbxaKaheRe34KbxiPbh0Naxr0n6jAmljGr5XDqQLvpAe HTTP/1.1" 200 615
201.245.192.253 - - [08/Aug/2023:12:14:35 -0500] "POST /forms/lservlet;jsessionid=ac16012b30d6581616cf8e6847209433d5cf7802bbac.e3iSbxaKaheRe34KbxiPbh0Naxr0n6jAmljGr5XDqQLvpAe HTTP/1.1" 200 585
152.203.247.58 - - [08/Aug/2023:12:14:32 -0500] "POST /kwssiamovil/sm/setfile/f? HTTP/1.1" 200 381
201.245.192.253 - - [08/Aug/2023:12:14:36 -0500] "POST /forms/lservlet;jsessionid=ac16012b30d6581616cf8e6847209433d5cf7802bbac.e3iSbxaKaheRe34KbxiPbh0Naxr0n6jAmljGr5XDqQLvpAe HTTP/1.1" 200 644
201.245.192.253 - - [08/Aug/2023:12:14:36 -0500] "POST /forms/lservlet;jsessionid=ac16012b30d6581616cf8e6847209433d5cf7802bbac.e3iSbxaKaheRe34KbxiPbh0Naxr0n6jAmljGr5XDqQLvpAe HTTP/1.1" 200 511
201.245.192.253 - - [08/Aug/2023:12:14:37 -0500] "POST /forms/lservlet;jsessionid=ac16012b30d6581616cf8e6847209433d5cf7802bbac.e3iSbxaKaheRe34KbxiPbh0Naxr0n6jAmljGr5XDqQLvpAe HTTP/1.1" 200 485
201.245.192.253 - - [08/Aug/2023:12:14:41 -0500] "POST /forms/lservlet;jsessionid=ac16012b30d6581616cf8e6847209433d5cf7802bbac.e3iSbxaKaheRe34KbxiPbh0Naxr0n6jAmljGr5XDqQLvpAe HTTP/1.1" 200 562
201.245.192.253 - - [08/Aug/2023:12:14:47 -0500] "POST /forms/lservlet;jsessionid=ac16012b30d6581616cf8e6847209433d5cf7802bbac.e3iSbxaKaheRe34KbxiPbh0Naxr0n6jAmljGr5XDqQLvpAe HTTP/1.1" 200 487
201.245.192.253 - - [08/Aug/2023:12:14:47 -0500] "POST /forms/lservlet;jsessionid=ac16012b30d6581616cf8e6847209433d5cf7802bbac.e3iSbxaKaheRe34KbxiPbh0Naxr0n6jAmljGr5XDqQLvpAe HTTP/1.1" 200 521
201.245.192.253 - - [08/Aug/2023:12:14:47 -0500] "POST /forms/lservlet;jsessionid=ac16012b30d6581616cf8e6847209433d5cf7802bbac.e3iSbxaKaheRe34KbxiPbh0Naxr0n6jAmljGr5XDqQLvpAe HTTP/1.1" 200 693
201.245.192.253 - - [08/Aug/2023:12:14:48 -0500] "POST /forms/lservlet;jsessionid=ac16012b30d6581616cf8e6847209433d5cf7802bbac.e3iSbxaKaheRe34KbxiPbh0Naxr0n6jAmljGr5XDqQLvpAe HTTP/1.1" 200 608
201.245.192.253 - - [08/Aug/2023:12:14:48 -0500] "POST /forms/lservlet;jsessionid=ac16012b30d6581616cf8e6847209433d5cf7802bbac.e3iSbxaKaheRe34KbxiPbh0Naxr0n6jAmljGr5XDqQLvpAe HTTP/1.1" 200 571
201.245.192.253 - - [08/Aug/2023:12:14:48 -0500] "POST /forms/lservlet;jsessionid=ac16012b30d6581616cf8e6847209433d5cf7802bbac.e3iSbxaKaheRe34KbxiPbh0Naxr0n6jAmljGr5XDqQLvpAe HTTP/1.1" 200 607
152.203.247.58 - - [08/Aug/2023:12:14:48 -0500] "GET /kwssiamovil/sm/acme/a?s=U2FsdGVkX1/BmBM3F2MG9/WjXxYCV5ejooB6/fMjD75RUy83dTMvp3ZZ58tazh3541VT/l5ZDs0e8FglCa5+ya/az5lCowYqjFEvcueDo9czdhxU2Yywfmp1u9RrWtK/4gmG0LKHw0E3HYI26MtAuOvOeiEUo9sg/gvpd55UOf9jt+h+e8siDyJe27y2q5hEpPsEMphY/m5Ro/dpy9vZ1aClVACdl3qX+avjt6Wjp09kXMFUOVF+bC9uNaaBouPuaohOit4EASqy9LS3W7PsFg==&u=U2FsdGVkX1+eQSIefjtqtZ96Dcr8p2N4tajZ/BVqYClf15YQ5eS57ZB83DTljxCz&y=U2FsdGVkX1+KoPFkap7U4CIWRQclFRLzx0gvBdP+4motJHpu06e7khOmbx6xKDmz HTTP/1.1" 200 26
201.245.192.253 - - [08/Aug/2023:12:14:48 -0500] "POST /forms/lservlet;jsessionid=ac16012b30d6581616cf8e6847209433d5cf7802bbac.e3iSbxaKaheRe34KbxiPbh0Naxr0n6jAmljGr5XDqQLvpAe HTTP/1.1" 200 565
201.245.192.253 - - [08/Aug/2023:12:14:48 -0500] "POST /forms/lservlet;jsessionid=ac16012b30d6581616cf8e6847209433d5cf7802bbac.e3iSbxaKaheRe34KbxiPbh0Naxr0n6jAmljGr5XDqQLvpAe HTTP/1.1" 200 667
201.245.192.253 - - [08/Aug/2023:12:14:48 -0500] "POST /forms/lservlet;jsessionid=ac16012b30d6581616cf8e6847209433d5cf7802bbac.e3iSbxaKaheRe34KbxiPbh0Naxr0n6jAmljGr5XDqQLvpAe HTTP/1.1" 200 521
152.203.247.58 - - [08/Aug/2023:12:14:49 -0500] "GET /kwssiamovil/sm/acme/a?s=U2FsdGVkX1+ezSSu2PhNrC3rZuTJ8TuS2XPOuhUfQuhRJjiEm1QQJYfl4ZMZ34DBDIH7oHmBO2shJ66/2m5pd77zXvVkv8FgCnaG2GWLA0Z1THsnbmePebsdfRHEt9JODhRYA2JSRnh8pYVahS+USf2gQgkBXyEb+irLTpS3d10bh22DOXhGkubNe8+HOncqJdgYRMb0CdeB9yGXDJJ6XMOYQEMK4K7HQXvbpXygWv9duhW1QrHmKlD8M5b7vj5KA/mDBa8EvWRNEiGU+/EWa4caiqT1FCWeu3o808xz3FDJr4tsDiQBQ4RJIeYNcx26KDjBh7clDLCzB2ijTMLqHAZqLfJNdDbjV8E4j3CjIX6Khz5Rd7o9bXUCXU8z31wwjAhfyMr4OxQzQYpQsSWBo0arL7bhZFbKi4I/Li0iuaMHHszIey71RlmYGcPfhX2fQ/ON715igJiKoceyhv6hw/v/YrEhiMWvQod0io5fdXLDRy5Ikaz+r03wZ6WOZQ3Z7qupX0i8DR6AwUb1d6D7XyKcDYnA2RScbEQi5Z3HEejZy61RBCN6J5SiVAymfCLlNdt00GM+jROGra8bZ7dsNbTncYeG8UThdYD6gEprH0iim9Ybzz9OUCD4qSE75kGr2xaDBbrex+H+O2Qa805UJprRTHPVJFAbW+Z/8iwakAaQ9+5BLe2rcnPpanPMPvgQvm/Yk9E5sPYVzjLrbHy1KIE59UkYZHXpwNKkG58tJrynzxC5zsmaR+2P2QloEnkWec4vWsP/skoJwB3TfkF5u0HLvkUgMJGKUID3Lby9S7/pioSSIbNk7qdvnapy8lbcsyOn/HUHv8tbLbqHMVmExe9hPrELuwcURMrlS8D8LL6GwuM3GkGqpJ1HVUKtYWm3zi7KpCfXAWZQ7vbOwoEH9nRRk5eM3+hKMGpGTFqRAo0ErJEiCWzURjW8M0HO/iK42c9rdrgnaa/NuvWXiiTi+FhHiaKWcqdhaBrTPW/8PCEhiequXJXT1BsRu3ensOLROd/5ad59UZ3E3FM85PqXEexzTp7QwhRHfoc2IcSNRYMLhlARXQwStGTcrYI4r9+dpjscd44j3LwMGT7gLqs6HAqWSAOcFRTFgJOAspnVzjXJ4J01FTDWONwNho+YTfaIGrRvJfDk2rlEqMruK6OicSu8DaFoi20euSWacdAJ4e+vdbx8NGCIywCMjyvp0XcxgyEsgPFaN/gZuF7MWPPLqrkfrNtpp0DZ2D5ZHYxUQO6pMrHPdM/5ojEBSSLTiTiUixXOcM5fpc5FV3Ge9ZNeuDbx4oxrK/SX2cGxkpa3HCqqKPt9mmhPZQT7C4JByatu&u=U2FsdGVkX1+eQSIefjtqtZ96Dcr8p2N4tajZ/BVqYClf15YQ5eS57ZB83DTljxCz&y=U2FsdGVkX1+KoPFkap7U4CIWRQclFRLzx0gvBdP+4motJHpu06e7khOmbx6xKDmz HTTP/1.1" 200 26
201.245.192.253 - - [08/Aug/2023:12:14:49 -0500] "POST /forms/lservlet;jsessionid=ac16012b30d6581616cf8e6847209433d5cf7802bbac.e3iSbxaKaheRe34KbxiPbh0Naxr0n6jAmljGr5XDqQLvpAe HTTP/1.1" 200 566
152.203.247.58 - - [08/Aug/2023:12:14:49 -0500] "GET /kwssiamovil/sm/acme/a?s=U2FsdGVkX1/Smcu2OHYGa+DgrjXaIKzam/Grz27+mgqZV16C4ORrrwcL2CgMIOwDr4eYSNYYGXQ99nC7G1mdkyauQYGxGHVTNeWVPAubmgCQAcV31+AsGC2pcog61FMNPiQQ67iArk4pQsjHZk8/tKR3Rbsoupo+Uyax0uxR3fU=&u=U2FsdGVkX1+eQSIefjtqtZ96Dcr8p2N4tajZ/BVqYClf15YQ5eS57ZB83DTljxCz&y=U2FsdGVkX1+KoPFkap7U4CIWRQclFRLzx0gvBdP+4motJHpu06e7khOmbx6xKDmz HTTP/1.1" 200 26
152.203.247.58 - - [08/Aug/2023:12:14:49 -0500] "GET /kwssiamovil/sm/acme/a?s=U2FsdGVkX1+v+YG8VbEfGqUczjMzJdr2tgXHYHm4KAI3vFGXco3Qh4OvspaUKnxqKEzWbRFdzp8LqTLu0va1yIKEXWCoofVsA6UopN7PoT262oxqKQHobiKfiBTu/ovDHUZCNQr8FqjpIMtZLDVFvyX1V3zyuPF1LaucPCMtivM=&u=U2FsdGVkX1+eQSIefjtqtZ96Dcr8p2N4tajZ/BVqYClf15YQ5eS57ZB83DTljxCz&y=U2FsdGVkX1+KoPFkap7U4CIWRQclFRLzx0gvBdP+4motJHpu06e7khOmbx6xKDmz HTTP/1.1" 200 26
152.203.247.58 - - [08/Aug/2023:12:14:49 -0500] "GET /kwssiamovil/sm/acme/a?s=U2FsdGVkX1+aF+TnA9v2RnwxYJk4Vx+qgxjFXzKVVvGYA9bLLAsPpzR4xkiGTgHoaljgXH6miYktoYZgWVEomO62aggU4ExysBikWr9C7f/mUZnSBirNa+L3cV0+/UyrxaM+OezeB66mx+atsAvJo8IHhzUf9+bHfduLWfGt4YQ=&u=U2FsdGVkX1+eQSIefjtqtZ96Dcr8p2N4tajZ/BVqYClf15YQ5eS57ZB83DTljxCz&y=U2FsdGVkX1+KoPFkap7U4CIWRQclFRLzx0gvBdP+4motJHpu06e7khOmbx6xKDmz HTTP/1.1" 200 26
152.203.247.58 - - [08/Aug/2023:12:14:50 -0500] "GET /kwssiamovil/sm/acme/a?s=U2FsdGVkX18WBhSrQZIPdHg5BiNk77LmviheAsxZHNZhMO7Qh+t8AO0tReYB46IXG+0trzCA8bWEyVsrDDDQBlv6HBUdvI+14oL5BqACt5/MzUa0S1cnVe7DRp085b0qQC8N1xAiAYpUrd3HFsDA9vC0tZpDHd0eG8mljjwL6YGTtsMPt7Z+O/uAnY2ZF9sBMeimZ7/GbzcAzeQuNfxkwg==&u=U2FsdGVkX1+eQSIefjtqtZ96Dcr8p2N4tajZ/BVqYClf15YQ5eS57ZB83DTljxCz&y=U2FsdGVkX1+KoPFkap7U4CIWRQclFRLzx0gvBdP+4motJHpu06e7khOmbx6xKDmz HTTP/1.1" 200 26
152.203.247.58 - - [08/Aug/2023:12:14:50 -0500] "GET /kwssiamovil/sm/acme/a?s=U2FsdGVkX19gJzIEjvTTviA56njA7WSHaDiA1o9r7iWhPm8RxXii0cfQB3eHKhKoG9ZCqHpb5tIXaZLsNGbbgWAwVQHWE7NxgLmPVIT0ukpKqMHNGUXqgKFy4YdicwrYDBqdbsvpEjlqOX6Ehdfzm85Y4Xbc4lWgTUyCfornIDei+yPelNWPfsvP8rlP4E0p39zQaduNKptwzQ86yrtcoQ==&u=U2FsdGVkX1+eQSIefjtqtZ96Dcr8p2N4tajZ/BVqYClf15YQ5eS57ZB83DTljxCz&y=U2FsdGVkX1+KoPFkap7U4CIWRQclFRLzx0gvBdP+4motJHpu06e7khOmbx6xKDmz HTTP/1.1" 200 26
152.203.247.58 - - [08/Aug/2023:12:14:50 -0500] "GET /kwssiamovil/sm/acme/a?s=U2FsdGVkX19KLC6OyNRiZb4iSl7hBcQ29NEFHsw8jpi8PfZyUNLPuylZGalTb0vz0EuEpnhkBXViZUihwtkxDx4i1ZDAQlC2ogNCeBH63VGPgWnoQe0jX1NvAWBp8CLvCbF6in4Uuwpf48cd98/GK4/Idsdmor/WxLOrsv7uzpwY42jlFmdJa63suleU9aia&u=U2FsdGVkX1+eQSIefjtqtZ96Dcr8p2N4tajZ/BVqYClf15YQ5eS57ZB83DTljxCz&y=U2FsdGVkX1+KoPFkap7U4CIWRQclFRLzx0gvBdP+4motJHpu06e7khOmbx6xKDmz HTTP/1.1" 200 26
201.245.192.253 - - [08/Aug/2023:12:14:51 -0500] "POST /forms/lservlet;jsessionid=ac16012b30d6581616cf8e6847209433d5cf7802bbac.e3iSbxaKaheRe34KbxiPbh0Naxr0n6jAmljGr5XDqQLvpAe HTTP/1.1" 200 708
201.245.192.253 - - [08/Aug/2023:12:14:51 -0500] "POST /forms/lservlet;jsessionid=ac16012b30d6581616cf8e6847209433d5cf7802bbac.e3iSbxaKaheRe34KbxiPbh0Naxr0n6jAmljGr5XDqQLvpAe HTTP/1.1" 200 10
152.203.247.58 - - [08/Aug/2023:12:14:51 -0500] "GET /kwssiamovil/sm/acme/a?s=U2FsdGVkX1+1X6utd4O9Bb5QXGxO9Q9rdMs/2mQ0dPUwJFjMiGpW9EQ76WiqiF+SjBgW/fWIcsaNv61o3CMxZiF7WqEk8xVHgKEHp1w284KZN3oayKrYHJgMe7mgoHmRt6b2npaxv9aC2IxOC0CnM+mZJVd1A2i+Mdxd2qSHubtRb4tAH9QAXZkAHBZZbbaGraEIXY1R4qLq/UEOF3fuxA==&u=U2FsdGVkX1+eQSIefjtqtZ96Dcr8p2N4tajZ/BVqYClf15YQ5eS57ZB83DTljxCz&y=U2FsdGVkX1+KoPFkap7U4CIWRQclFRLzx0gvBdP+4motJHpu06e7khOmbx6xKDmz HTTP/1.1" 200 26
152.203.247.58 - - [08/Aug/2023:12:14:51 -0500] "GET /kwssiamovil/sm/acme/a?s=U2FsdGVkX1+lR3+u6wk7erpUh7jHgMp1jDAeANIiuZsbsUvmZmx/XTuzYN9910Vc1/dzc37pIkqcIPdCqrmev9HCeTAaELVxE3qkjZ9DUEzIt4wGUi52jSdAmSkvWqTv2ySnZgbmv91TIuaYQt9PXucsS0/E0gQgQZzgjGtBTLAoGhRNe35MeM0pxvw96H4O&u=U2FsdGVkX1+eQSIefjtqtZ96Dcr8p2N4tajZ/BVqYClf15YQ5eS57ZB83DTljxCz&y=U2FsdGVkX1+KoPFkap7U4CIWRQclFRLzx0gvBdP+4motJHpu06e7khOmbx6xKDmz HTTP/1.1" 200 26
152.203.247.58 - - [08/Aug/2023:12:14:51 -0500] "GET /kwssiamovil/sm/acme/a?s=U2FsdGVkX18260wpA7Gk7bqwxyA6WLdCezjBLL3oxiZWITQZLOTwMGjT0Zm9z6nnZMIKtG3oCBCd4x8rOwXpuzUFREYozAGo4V+ddiOIdbZoqJBwfhwB4y7nxKbL7A4OuUSwP62esdpFNXcPOsG2pidTdpIjtXErqfEjeHIG96CD0VWn6U61KqfQ4Su6/TNshwiooTRBANRkcdyqCqSTXQ==&u=U2FsdGVkX1+eQSIefjtqtZ96Dcr8p2N4tajZ/BVqYClf15YQ5eS57ZB83DTljxCz&y=U2FsdGVkX1+KoPFkap7U4CIWRQclFRLzx0gvBdP+4motJHpu06e7khOmbx6xKDmz HTTP/1.1" 200 26
152.203.247.58 - - [08/Aug/2023:12:14:51 -0500] "GET /kwssiamovil/sm/acme/a?s=U2FsdGVkX1/8IPTeMjiKibFAfmQdAc9bmOz1XZ3RQMoCvqp2CP+7RD4EQFIcxBqR2fBgmzo4Sqr4C+DhKNoNFWC9E/plCip62ncrlhcoINbwWZulmprNcfhjGqUJBZr29IwIN55rbCNM8AmxfvyoSMfDcMzlFzHReTBvu+KTHON6toUzzkGyVqaIMxfviUEw&u=U2FsdGVkX1+eQSIefjtqtZ96Dcr8p2N4tajZ/BVqYClf15YQ5eS57ZB83DTljxCz&y=U2FsdGVkX1+KoPFkap7U4CIWRQclFRLzx0gvBdP+4motJHpu06e7khOmbx6xKDmz HTTP/1.1" 200 26
152.203.247.58 - - [08/Aug/2023:12:14:51 -0500] "GET /kwssiamovil/sm/acme/a?s=U2FsdGVkX1+cIEkrq35nINo/tfblqxKK2FzSLCnbSrD5pGWmXi/2wyAdbzDr8osO109vMjJI2bryCz22kd8oH/d0pGNUqGMXEg3TQEEjjujU2Uu30WPHIEPVawProKZjAW2OSYtXdhTB4jTt6wraAxS/a4V9YvWLGMO5XHHaOC9k51Rx+fLcFk9cwjF768qBv95WNwNIbDmfbqLog3WGdw==&u=U2FsdGVkX1+eQSIefjtqtZ96Dcr8p2N4tajZ/BVqYClf15YQ5eS57ZB83DTljxCz&y=U2FsdGVkX1+KoPFkap7U4CIWRQclFRLzx0gvBdP+4motJHpu06e7khOmbx6xKDmz HTTP/1.1" 200 26
201.245.192.253 - - [08/Aug/2023:12:14:51 -0500] "POST /forms/lservlet;jsessionid=ac16012b30d6581616cf8e6847209433d5cf7802bbac.e3iSbxaKaheRe34KbxiPbh0Naxr0n6jAmljGr5XDqQLvpAe HTTP/1.1" 200 1186
152.203.247.58 - - [08/Aug/2023:12:14:52 -0500] "GET /kwssiamovil/sm/acme/a?s=U2FsdGVkX19EJE8788njZ1EYVtxbjBGUlkpc5TNs8Q2tF8nJ7+KNhXa1AZN0C4wry0xscC3XmgTjd5f5yyETlBhO/Ur5n7MtqqsZmhmYuCDaKI7LcNm6iPjp8VmbQVpB6xU7dvpO2zeK+90aXhP+nX9BD65E4ax4Q/qskiFrBtxvxrmL0nn1lUj1RUoL8C92&u=U2FsdGVkX1+eQSIefjtqtZ96Dcr8p2N4tajZ/BVqYClf15YQ5eS57ZB83DTljxCz&y=U2FsdGVkX1+KoPFkap7U4CIWRQclFRLzx0gvBdP+4motJHpu06e7khOmbx6xKDmz HTTP/1.1" 200 26
152.203.247.58 - - [08/Aug/2023:12:14:52 -0500] "GET /kwssiamovil/sm/acme/a?s=U2FsdGVkX19vuQx4k3TK5LEl/hDI1svKDheVJlDuYtyb6Qpme5pJ9FvHFovkoON4dNhDqTNa9+S7iJmMZ5j/18gqUr6jGeEyhq/VbCxgg2WVKFEsqneqAKUJ6ZNz7c4K0k+l9LyYp2F5k9humOWMNzN65u6U+vbtKCQSGlDO4Hudhbjjh4Zq8RSmS1qHI3oDCHhbCVfIfuMHLn+zN8x4jw==&u=U2FsdGVkX1+eQSIefjtqtZ96Dcr8p2N4tajZ/BVqYClf15YQ5eS57ZB83DTljxCz&y=U2FsdGVkX1+KoPFkap7U4CIWRQclFRLzx0gvBdP+4motJHpu06e7khOmbx6xKDmz HTTP/1.1" 200 26
152.203.247.58 - - [08/Aug/2023:12:14:52 -0500] "GET /kwssiamovil/sm/acme/a?s=U2FsdGVkX18GGKD9wi6+w1luCBsaThL5HwKggmtFXBFYSBOAL+1Eie4hCxYeSB4N32jlZsNd24zmVrwFQxnUvdRe+ZhjuTxogBmpSYTC+ofykgojUED3YZlFDpM6trxNgcFVpRvgXrmjdHo5ExO6rvakUITxhJAltRNm3J4tHHhAhyB92iPXtiqZLBMsHegqolqB+Y97x1Cbh1wVv/vXTA==&u=U2FsdGVkX1+eQSIefjtqtZ96Dcr8p2N4tajZ/BVqYClf15YQ5eS57ZB83DTljxCz&y=U2FsdGVkX1+KoPFkap7U4CIWRQclFRLzx0gvBdP+4motJHpu06e7khOmbx6xKDmz HTTP/1.1" 200 26
152.203.247.58 - - [08/Aug/2023:12:14:52 -0500] "GET /kwssiamovil/sm/acme/a?s=U2FsdGVkX1/sifDkJVG0GtpnAWuT0AHaDhPzoytO7aftWdZV+q+bZRI3KfzzoTOsVhrUTL0D+V/txhLuKljDmPL7IZQruUQVBlP2f+l0CJEBUiMmoO9dpAgiIiAnqTmfrydZYN1XZpS+LK6efjGLFa4vC4oiFsTC8V/cKnRZUoqIqNgtDZP+QUklNBuSnuirJeTRZMfQ7E/HVVwriEF8Vw==&u=U2FsdGVkX1+eQSIefjtqtZ96Dcr8p2N4tajZ/BVqYClf15YQ5eS57ZB83DTljxCz&y=U2FsdGVkX1+KoPFkap7U4CIWRQclFRLzx0gvBdP+4motJHpu06e7khOmbx6xKDmz HTTP/1.1" 200 26
201.245.192.253 - - [08/Aug/2023:12:14:52 -0500] "POST /forms/lservlet;jsessionid=ac16012b30d6581616cf8e6847209433d5cf7802bbac.e3iSbxaKaheRe34KbxiPbh0Naxr0n6jAmljGr5XDqQLvpAe HTTP/1.1" 200 610
152.203.247.58 - - [08/Aug/2023:12:14:53 -0500] "GET /kwssiamovil/sm/acme/a?s=U2FsdGVkX1/kCvKzxVdbQN34sbjJIdQMZ1Lcx3bED4QCL+yTN9AxOlLymg2tGyMCWB2JWGzPq7fl3l0bdnJkrgRgmJ4mb/Q3EKwbNOXZrUpLZFhmcyfRdf88RloN7BiwhxcQ5nZYV59VnFfBDK+HWL0EYjQYLRl6f3XxLHWi5jKgLN+SlIiyC9CRX+g/djnR8kyYt0K2fLtvKKgrQ3NvSg==&u=U2FsdGVkX1+eQSIefjtqtZ96Dcr8p2N4tajZ/BVqYClf15YQ5eS57ZB83DTljxCz&y=U2FsdGVkX1+KoPFkap7U4CIWRQclFRLzx0gvBdP+4motJHpu06e7khOmbx6xKDmz HTTP/1.1" 200 26
201.245.192.253 - - [08/Aug/2023:12:14:53 -0500] "POST /forms/lservlet;jsessionid=ac16012b30d6581616cf8e6847209433d5cf7802bbac.e3iSbxaKaheRe34KbxiPbh0Naxr0n6jAmljGr5XDqQLvpAe HTTP/1.1" 200 606
201.245.192.253 - - [08/Aug/2023:12:14:53 -0500] "POST /forms/lservlet;jsessionid=ac16012b30d6581616cf8e6847209433d5cf7802bbac.e3iSbxaKaheRe34KbxiPbh0Naxr0n6jAmljGr5XDqQLvpAe HTTP/1.1" 200 902
201.245.192.253 - - [08/Aug/2023:12:14:53 -0500] "POST /forms/lservlet;jsessionid=ac16012b30d6581616cf8e6847209433d5cf7802bbac.e3iSbxaKaheRe34KbxiPbh0Naxr0n6jAmljGr5XDqQLvpAe HTTP/1.1" 200 691
201.245.192.253 - - [08/Aug/2023:12:14:53 -0500] "POST /forms/lservlet;jsessionid=ac16012b30d6581616cf8e6847209433d5cf7802bbac.e3iSbxaKaheRe34KbxiPbh0Naxr0n6jAmljGr5XDqQLvpAe HTTP/1.1" 200 582
201.245.192.253 - - [08/Aug/2023:12:14:54 -0500] "POST /forms/lservlet;jsessionid=ac16012b30d6581616cf8e6847209433d5cf7802bbac.e3iSbxaKaheRe34KbxiPbh0Naxr0n6jAmljGr5XDqQLvpAe HTTP/1.1" 200 685
201.245.192.253 - - [08/Aug/2023:12:14:54 -0500] "POST /forms/lservlet;jsessionid=ac16012b30d6581616cf8e6847209433d5cf7802bbac.e3iSbxaKaheRe34KbxiPbh0Naxr0n6jAmljGr5XDqQLvpAe HTTP/1.1" 200 637
201.245.192.253 - - [08/Aug/2023:12:14:54 -0500] "POST /forms/lservlet;jsessionid=ac16012b30d6581616cf8e6847209433d5cf7802bbac.e3iSbxaKaheRe34KbxiPbh0Naxr0n6jAmljGr5XDqQLvpAe HTTP/1.1" 200 681
201.245.192.253 - - [08/Aug/2023:12:14:54 -0500] "POST /forms/lservlet;jsessionid=ac16012b30d6581616cf8e6847209433d5cf7802bbac.e3iSbxaKaheRe34KbxiPbh0Naxr0n6jAmljGr5XDqQLvpAe HTTP/1.1" 200 815
201.245.192.253 - - [08/Aug/2023:12:14:55 -0500] "POST /forms/lservlet;jsessionid=ac16012b30d6581616cf8e6847209433d5cf7802bbac.e3iSbxaKaheRe34KbxiPbh0Naxr0n6jAmljGr5XDqQLvpAe HTTP/1.1" 200 740
201.245.192.253 - - [08/Aug/2023:12:14:55 -0500] "POST /forms/lservlet;jsessionid=ac16012b30d6581616cf8e6847209433d5cf7802bbac.e3iSbxaKaheRe34KbxiPbh0Naxr0n6jAmljGr5XDqQLvpAe HTTP/1.1" 200 881
201.245.192.253 - - [08/Aug/2023:12:14:55 -0500] "POST /forms/lservlet;jsessionid=ac16012b30d6581616cf8e6847209433d5cf7802bbac.e3iSbxaKaheRe34KbxiPbh0Naxr0n6jAmljGr5XDqQLvpAe HTTP/1.1" 200 907
201.245.192.253 - - [08/Aug/2023:12:14:55 -0500] "POST /forms/lservlet;jsessionid=ac16012b30d6581616cf8e6847209433d5cf7802bbac.e3iSbxaKaheRe34KbxiPbh0Naxr0n6jAmljGr5XDqQLvpAe HTTP/1.1" 200 639
201.245.192.253 - - [08/Aug/2023:12:14:55 -0500] "POST /forms/lservlet;jsessionid=ac16012b30d6581616cf8e6847209433d5cf7802bbac.e3iSbxaKaheRe34KbxiPbh0Naxr0n6jAmljGr5XDqQLvpAe HTTP/1.1" 200 822
201.245.192.253 - - [08/Aug/2023:12:14:56 -0500] "POST /forms/lservlet;jsessionid=ac16012b30d6581616cf8e6847209433d5cf7802bbac.e3iSbxaKaheRe34KbxiPbh0Naxr0n6jAmljGr5XDqQLvpAe HTTP/1.1" 200 734
172.22.2.4 - - [08/Aug/2023:12:14:56 -0500] "GET /BLA/boletinlegal/actos.php HTTP/1.1" 200 9682
201.245.192.253 - - [08/Aug/2023:12:14:56 -0500] "POST /forms/lservlet;jsessionid=ac16012b30d6581616cf8e6847209433d5cf7802bbac.e3iSbxaKaheRe34KbxiPbh0Naxr0n6jAmljGr5XDqQLvpAe HTTP/1.1" 200 565
201.245.192.253 - - [08/Aug/2023:12:12:49 -0500] "POST /sipse/faces/presentacion/financiero/solicitudProceso/asignarContratacion.xhtml HTTP/1.1" 200 33513
201.245.192.253 - - [08/Aug/2023:12:14:57 -0500] "GET /sipse/faces/javax.faces.resource/theme.css?ln=primefaces-sipse HTTP/1.1" 304 -
201.245.192.253 - - [08/Aug/2023:12:14:57 -0500] "GET /sipse/faces/javax.faces.resource/layout/layout.css?ln=primefaces&v=4.0 HTTP/1.1" 304 -
201.245.192.253 - - [08/Aug/2023:12:14:57 -0500] "GET /sipse/faces/javax.faces.resource/primefaces.css?ln=primefaces&v=4.0 HTTP/1.1" 304 -
201.245.192.253 - - [08/Aug/2023:12:14:57 -0500] "GET /sipse/faces/javax.faces.resource/jquery/jquery.js?ln=primefaces&v=4.0 HTTP/1.1" 304 -
201.245.192.253 - - [08/Aug/2023:12:14:57 -0500] "GET /sipse/faces/javax.faces.resource/jquery/jquery-plugins.js?ln=primefaces&v=4.0 HTTP/1.1" 304 -
201.245.192.253 - - [08/Aug/2023:12:14:57 -0500] "GET /sipse/faces/javax.faces.resource/primefaces.js?ln=primefaces&v=4.0 HTTP/1.1" 304 -
201.245.192.253 - - [08/Aug/2023:12:14:57 -0500] "GET /sipse/faces/javax.faces.resource/layout/layout.js?ln=primefaces&v=4.0 HTTP/1.1" 304 -
172.22.2.4 - - [08/Aug/2023:12:14:57 -0500] "GET /BLA/boletinlegal/favicon.ico HTTP/1.1" 404 1326
201.245.192.253 - - [08/Aug/2023:12:14:57 -0500] "GET /sipse/faces/javax.faces.resource/messages/messages.png?ln=primefaces&v=4.0 HTTP/1.1" 304 -
201.245.192.253 - - [08/Aug/2023:12:14:57 -0500] "GET /sipse/faces/javax.faces.resource/images/ui-bg_flat_0_2d5972_40x100.png?ln=primefaces-aristo HTTP/1.1" 304 -
201.245.192.253 - - [08/Aug/2023:12:14:57 -0500] "POST /sipse/faces/presentacion/financiero/solicitudProceso/listarSolicitudProceso.xhtml HTTP/1.1" 200 1376
111.225.149.120 - - [08/Aug/2023:12:14:58 -0500] "GET /BLA/resoluciones/AUTOS%202018/0398.pdf HTTP/1.1" 200 342676
172.22.2.4 - - [08/Aug/2023:12:14:59 -0500] "GET /BLA/boletinlegal/actos.php HTTP/1.1" 200 9682
201.245.192.253 - - [08/Aug/2023:12:15:00 -0500] "POST /forms/lservlet;jsessionid=ac16012b30d6581616cf8e6847209433d5cf7802bbac.e3iSbxaKaheRe34KbxiPbh0Naxr0n6jAmljGr5XDqQLvpAe HTTP/1.1" 200 542
201.245.192.253 - - [08/Aug/2023:12:15:05 -0500] "POST /forms/lservlet;jsessionid=ac16012b30d6581616cf8e6847209433d5cf7802bbac.e3iSbxaKaheRe34KbxiPbh0Naxr0n6jAmljGr5XDqQLvpAe HTTP/1.1" 200 547
201.245.192.253 - - [08/Aug/2023:12:15:06 -0500] "POST /forms/lservlet;jsessionid=ac16012b30d6581616cf8e6847209433d5cf7802bbac.e3iSbxaKaheRe34KbxiPbh0Naxr0n6jAmljGr5XDqQLvpAe HTTP/1.1" 200 843
66.249.70.197 - - [08/Aug/2023:12:15:08 -0500] "GET /BLA/resoluciones/RESOLUCIONES%202012/1132.pdf HTTP/1.1" 200 363833
201.245.192.253 - - [08/Aug/2023:12:15:08 -0500] "POST /forms/lservlet;jsessionid=ac16012b30d6581616cf8e6847209433d5cf7802bbac.e3iSbxaKaheRe34KbxiPbh0Naxr0n6jAmljGr5XDqQLvpAe HTTP/1.1" 200 711
201.245.192.253 - - [08/Aug/2023:12:15:11 -0500] "POST /forms/lservlet;jsessionid=ac16012b30d6b0caa5b3998f4732b23bfd681e503f1d.e3iSbxaKaheRe34KbxiPbh0Naxr0n6jAmljGr5XDqQLvpAe HTTP/1.1" 200 2
172.22.2.4 - - [08/Aug/2023:12:15:13 -0500] "GET /BLA/boletinlegal/consulta_actos.php?tipo=resoluciones&no=0353&usuario=&sector=&fecha=2021&resuelve= HTTP/1.1" 200 1138
172.22.2.4 - - [08/Aug/2023:12:15:14 -0500] "GET /BLA/boletinlegal/images/pdf.gif HTTP/1.1" 200 567
201.245.192.253 - - [08/Aug/2023:12:15:17 -0500] "POST /forms/lservlet;jsessionid=ac16012b30d6581616cf8e6847209433d5cf7802bbac.e3iSbxaKaheRe34KbxiPbh0Naxr0n6jAmljGr5XDqQLvpAe HTTP/1.1" 200 562
201.245.192.253 - - [08/Aug/2023:12:15:18 -0500] "POST /forms/lservlet;jsessionid=ac16012b30d6581616cf8e6847209433d5cf7802bbac.e3iSbxaKaheRe34KbxiPbh0Naxr0n6jAmljGr5XDqQLvpAe HTTP/1.1" 200 528
201.245.192.253 - - [08/Aug/2023:12:15:18 -0500] "POST /forms/lservlet;jsessionid=ac16012b30d6581616cf8e6847209433d5cf7802bbac.e3iSbxaKaheRe34KbxiPbh0Naxr0n6jAmljGr5XDqQLvpAe HTTP/1.1" 200 783
111.225.148.205 - - [08/Aug/2023:12:15:22 -0500] "GET /BLA/resoluciones/AUTOS%202011/2146.pdf HTTP/1.1" 200 248503
201.245.192.253 - - [08/Aug/2023:12:15:23 -0500] "POST /forms/lservlet;jsessionid=ac16012b30d6581616cf8e6847209433d5cf7802bbac.e3iSbxaKaheRe34KbxiPbh0Naxr0n6jAmljGr5XDqQLvpAe HTTP/1.1" 200 682
201.245.192.253 - - [08/Aug/2023:12:15:26 -0500] "POST /forms/lservlet;jsessionid=ac16012b30d6581616cf8e6847209433d5cf7802bbac.e3iSbxaKaheRe34KbxiPbh0Naxr0n6jAmljGr5XDqQLvpAe HTTP/1.1" 200 707
201.245.192.253 - - [08/Aug/2023:12:15:28 -0500] "POST /forms/lservlet;jsessionid=ac16012b30d6581616cf8e6847209433d5cf7802bbac.e3iSbxaKaheRe34KbxiPbh0Naxr0n6jAmljGr5XDqQLvpAe HTTP/1.1" 200 727
172.22.2.4 - - [08/Aug/2023:12:15:37 -0500] "GET /BLA/boletinlegal/consulta_actos.php?tipo=resoluciones&no=3539&usuario=&sector=&fecha=2021&resuelve= HTTP/1.1" 200 626
201.245.192.253 - - [08/Aug/2023:12:15:39 -0500] "POST /forms/lservlet;jsessionid=ac16012b30d6581616cf8e6847209433d5cf7802bbac.e3iSbxaKaheRe34KbxiPbh0Naxr0n6jAmljGr5XDqQLvpAe HTTP/1.1" 200 535
172.22.2.4 - - [08/Aug/2023:12:15:40 -0500] "GET /BLA/boletinlegal/consulta_actos.php?tipo=resoluciones&no=3539&usuario=&sector=&fecha=2021&resuelve= HTTP/1.1" 200 626
201.245.192.253 - - [08/Aug/2023:12:15:41 -0500] "POST /forms/lservlet;jsessionid=ac16012b30d6581616cf8e6847209433d5cf7802bbac.e3iSbxaKaheRe34KbxiPbh0Naxr0n6jAmljGr5XDqQLvpAe HTTP/1.1" 200 532
111.225.149.97 - - [08/Aug/2023:12:15:46 -0500] "GET /BLA/resoluciones/AUTOS%202017/1481.pdf HTTP/1.1" 200 389713
172.22.2.4 - - [08/Aug/2023:12:15:52 -0500] "GET /BLA/boletinlegal/consulta_actos.php?tipo=resoluciones&no=3539&usuario=&sector=&fecha=2021&resuelve= HTTP/1.1" 200 626
186.84.89.20 - - [08/Aug/2023:12:15:57 -0500] "GET /BLA/resoluciones/ HTTP/1.1" 200 13502
186.84.89.20 - - [08/Aug/2023:12:15:57 -0500] "GET /BLA/resoluciones/dlf/styles.css HTTP/1.1" 200 3049
186.84.89.20 - - [08/Aug/2023:12:15:57 -0500] "GET /BLA/resoluciones/dlf/folder.png HTTP/1.1" 200 410
186.84.89.20 - - [08/Aug/2023:12:15:58 -0500] "GET /BLA/resoluciones/dlf/bg.gif HTTP/1.1" 200 54
201.245.192.253 - - [08/Aug/2023:12:16:03 -0500] "POST /forms/lservlet;jsessionid=ac16012b30d6581616cf8e6847209433d5cf7802bbac.e3iSbxaKaheRe34KbxiPbh0Naxr0n6jAmljGr5XDqQLvpAe HTTP/1.1" 200 2
186.84.89.20 - - [08/Aug/2023:12:16:03 -0500] "GET /BLA/resoluciones/dlf/dirup.png HTTP/1.1" 200 644
186.84.89.20 - - [08/Aug/2023:12:16:03 -0500] "GET /BLA/resoluciones/dlf/pdf.gif HTTP/1.1" 200 272
186.84.89.20 - - [08/Aug/2023:12:16:03 -0500] "GET /BLA/resoluciones/dlf/archive.png HTTP/1.1" 200 632
186.84.89.20 - - [08/Aug/2023:12:16:03 -0500] "GET /BLA/resoluciones/index.php?dir=RESOLUCIONES+2021%2F HTTP/1.1" 200 442371
110.249.201.2 - - [08/Aug/2023:12:16:10 -0500] "GET /BLA/resoluciones/AUTOS%202011/0821.pdf HTTP/1.1" 200 155481
216.245.221.92 - - [08/Aug/2023:12:16:11 -0500] "HEAD / HTTP/1.1" 200 -
201.245.192.253 - - [08/Aug/2023:12:16:18 -0500] "POST /kwsrmcab/Wsrmcab  HTTP/1.1" 200 42098
201.245.192.253 - - [08/Aug/2023:12:16:33 -0500] "POST /forms/lservlet;jsessionid=ac16012b30d6581616cf8e6847209433d5cf7802bbac.e3iSbxaKaheRe34KbxiPbh0Naxr0n6jAmljGr5XDqQLvpAe HTTP/1.1" 200 13
111.225.148.16 - - [08/Aug/2023:12:16:34 -0500] "GET /BLA/resoluciones/AUTOS%202008/0058.pdf HTTP/1.1" 200 65090
201.245.192.253 - - [08/Aug/2023:12:16:34 -0500] "POST /forms/lservlet;jsessionid=ac16012b30d6581616cf8e6847209433d5cf7802bbac.e3iSbxaKaheRe34KbxiPbh0Naxr0n6jAmljGr5XDqQLvpAe HTTP/1.1" 200 530
201.245.192.253 - - [08/Aug/2023:12:16:35 -0500] "POST /forms/lservlet;jsessionid=ac16012b30d6581616cf8e6847209433d5cf7802bbac.e3iSbxaKaheRe34KbxiPbh0Naxr0n6jAmljGr5XDqQLvpAe HTTP/1.1" 200 528
201.245.192.253 - - [08/Aug/2023:12:16:36 -0500] "POST /forms/lservlet;jsessionid=ac16012b30d6581616cf8e6847209433d5cf7802bbac.e3iSbxaKaheRe34KbxiPbh0Naxr0n6jAmljGr5XDqQLvpAe HTTP/1.1" 200 583
201.245.192.253 - - [08/Aug/2023:12:16:36 -0500] "POST /forms/lservlet;jsessionid=ac16012b30d6581616cf8e6847209433d5cf7802bbac.e3iSbxaKaheRe34KbxiPbh0Naxr0n6jAmljGr5XDqQLvpAe HTTP/1.1" 200 743
201.245.192.253 - - [08/Aug/2023:12:16:36 -0500] "POST /forms/lservlet;jsessionid=ac16012b30d6581616cf8e6847209433d5cf7802bbac.e3iSbxaKaheRe34KbxiPbh0Naxr0n6jAmljGr5XDqQLvpAe HTTP/1.1" 200 881
201.245.192.253 - - [08/Aug/2023:12:16:37 -0500] "POST /forms/lservlet;jsessionid=ac16012b30d6581616cf8e6847209433d5cf7802bbac.e3iSbxaKaheRe34KbxiPbh0Naxr0n6jAmljGr5XDqQLvpAe HTTP/1.1" 200 903
201.245.192.253 - - [08/Aug/2023:12:16:37 -0500] "POST /forms/lservlet;jsessionid=ac16012b30d6581616cf8e6847209433d5cf7802bbac.e3iSbxaKaheRe34KbxiPbh0Naxr0n6jAmljGr5XDqQLvpAe HTTP/1.1" 200 635
201.245.192.253 - - [08/Aug/2023:12:16:38 -0500] "POST /forms/lservlet;jsessionid=ac16012b30d6581616cf8e6847209433d5cf7802bbac.e3iSbxaKaheRe34KbxiPbh0Naxr0n6jAmljGr5XDqQLvpAe HTTP/1.1" 200 818
201.245.192.253 - - [08/Aug/2023:12:16:38 -0500] "POST /forms/lservlet;jsessionid=ac16012b30d6581616cf8e6847209433d5cf7802bbac.e3iSbxaKaheRe34KbxiPbh0Naxr0n6jAmljGr5XDqQLvpAe HTTP/1.1" 200 730
201.245.192.253 - - [08/Aug/2023:12:16:38 -0500] "POST /forms/lservlet;jsessionid=ac16012b30d6581616cf8e6847209433d5cf7802bbac.e3iSbxaKaheRe34KbxiPbh0Naxr0n6jAmljGr5XDqQLvpAe HTTP/1.1" 200 505
