201.245.192.253 - - [08/Aug/2023:12:53:23 -0500] "POST /forms/lservlet;jsessionid=ac16012b30d69971b815efd24721bc909aacf17b6376.e3iSbxaKaheRe34KbxiPbh0Naxr0n6jAmljGr5XDqQLvpAe HTTP/1.1" 200 2
172.22.2.4 - - [08/Aug/2023:12:53:27 -0500] "GET /BLA/boletinlegal/consulta_actos.php?tipo=autos&no=3083&usuario=&sector=&fecha=2023&resuelve= HTTP/1.1" 200 1083
201.245.192.253 - - [08/Aug/2023:12:53:28 -0500] "POST /forms/lservlet;jsessionid=ac16012b30d69971b815efd24721bc909aacf17b6376.e3iSbxaKaheRe34KbxiPbh0Naxr0n6jAmljGr5XDqQLvpAe HTTP/1.1" 200 10856
201.245.192.253 - - [08/Aug/2023:12:53:28 -0500] "HEAD /imagenes/msh_close.gif HTTP/1.1" 404 -
201.245.192.253 - - [08/Aug/2023:12:53:28 -0500] "POST /forms/lservlet;jsessionid=ac16012b30d69971b815efd24721bc909aacf17b6376.e3iSbxaKaheRe34KbxiPbh0Naxr0n6jAmljGr5XDqQLvpAe HTTP/1.1" 200 10
201.245.192.253 - - [08/Aug/2023:12:53:28 -0500] "POST /forms/lservlet;jsessionid=ac16012b30d69971b815efd24721bc909aacf17b6376.e3iSbxaKaheRe34KbxiPbh0Naxr0n6jAmljGr5XDqQLvpAe HTTP/1.1" 200 2
201.245.192.253 - - [08/Aug/2023:12:53:30 -0500] "POST /forms/lservlet;jsessionid=ac16012b30d69971b815efd24721bc909aacf17b6376.e3iSbxaKaheRe34KbxiPbh0Naxr0n6jAmljGr5XDqQLvpAe HTTP/1.1" 200 1202
111.225.149.192 - - [08/Aug/2023:12:53:31 -0500] "GET /BLA/resoluciones/AUTOS%202015/3241.pdf HTTP/1.1" 200 544271
201.245.192.253 - - [08/Aug/2023:12:53:33 -0500] "POST /forms/lservlet;jsessionid=ac16012b30d69971b815efd24721bc909aacf17b6376.e3iSbxaKaheRe34KbxiPbh0Naxr0n6jAmljGr5XDqQLvpAe HTTP/1.1" 200 613
201.245.192.253 - - [08/Aug/2023:12:53:33 -0500] "POST /forms/lservlet;jsessionid=ac16012b30d69971b815efd24721bc909aacf17b6376.e3iSbxaKaheRe34KbxiPbh0Naxr0n6jAmljGr5XDqQLvpAe HTTP/1.1" 200 639
201.245.192.253 - - [08/Aug/2023:12:53:34 -0500] "POST /forms/lservlet;jsessionid=ac16012b30d69971b815efd24721bc909aacf17b6376.e3iSbxaKaheRe34KbxiPbh0Naxr0n6jAmljGr5XDqQLvpAe HTTP/1.1" 200 910
201.245.192.253 - - [08/Aug/2023:12:53:34 -0500] "POST /forms/lservlet;jsessionid=ac16012b30d69971b815efd24721bc909aacf17b6376.e3iSbxaKaheRe34KbxiPbh0Naxr0n6jAmljGr5XDqQLvpAe HTTP/1.1" 200 691
201.245.192.253 - - [08/Aug/2023:12:53:34 -0500] "POST /forms/lservlet;jsessionid=ac16012b30d69971b815efd24721bc909aacf17b6376.e3iSbxaKaheRe34KbxiPbh0Naxr0n6jAmljGr5XDqQLvpAe HTTP/1.1" 200 574
201.245.192.253 - - [08/Aug/2023:12:53:41 -0500] "GET /BLA/boletinlegal/admin/notificaciones/detalle.php?id=11805 HTTP/1.1" 404 1344
172.22.2.4 - - [08/Aug/2023:12:53:42 -0500] "GET /BLA/boletinlegal/consulta_actos.php?tipo=autos&no=3088&usuario=&sector=&fecha=2023&resuelve= HTTP/1.1" 200 1078
110.249.201.63 - - [08/Aug/2023:12:53:55 -0500] "GET /BLA/resoluciones/AUTOS%202008/0306.pdf HTTP/1.1" 200 110574
172.22.2.4 - - [08/Aug/2023:12:53:55 -0500] "GET /BLA/boletinlegal/consulta_actos.php?tipo=autos&no=3096&usuario=&sector=&fecha=2023&resuelve= HTTP/1.1" 200 1070
172.22.2.4 - - [08/Aug/2023:12:54:08 -0500] "GET /BLA/boletinlegal/consulta_actos.php?tipo=autos&no=3103&usuario=&sector=&fecha=2023&resuelve= HTTP/1.1" 200 1078
172.22.2.4 - - [08/Aug/2023:12:52:31 -0500] "GET /BLA/boletinlegal/ HTTP/1.1" 200 55337
111.225.149.6 - - [08/Aug/2023:12:54:19 -0500] "GET /BLA/resoluciones/AUTOS%202016/0828.pdf HTTP/1.1" 200 478624
172.22.2.4 - - [08/Aug/2023:12:54:22 -0500] "GET /BLA/boletinlegal/consulta_actos.php?tipo=autos&no=3123&usuario=&sector=&fecha=2023&resuelve= HTTP/1.1" 200 1062
172.22.2.4 - - [08/Aug/2023:12:54:36 -0500] "GET /BLA/boletinlegal/consulta_actos.php?tipo=autos&no=3170&usuario=&sector=&fecha=2023&resuelve= HTTP/1.1" 200 1064
110.249.202.75 - - [08/Aug/2023:12:54:43 -0500] "GET /BLA/resoluciones/AUTOS%202015/1741.pdf HTTP/1.1" 200 788131
172.22.2.4 - - [08/Aug/2023:12:54:49 -0500] "GET /BLA/boletinlegal/consulta_actos.php?tipo=autos&no=3172&usuario=&sector=&fecha=2023&resuelve= HTTP/1.1" 200 1072
201.245.192.253 - - [08/Aug/2023:12:54:54 -0500] "POST /forms/lservlet;jsessionid=ac16012b30d69971b815efd24721bc909aacf17b6376.e3iSbxaKaheRe34KbxiPbh0Naxr0n6jAmljGr5XDqQLvpAe HTTP/1.1" 200 529
201.245.192.253 - - [08/Aug/2023:12:54:55 -0500] "POST /forms/lservlet;jsessionid=ac16012b30d69971b815efd24721bc909aacf17b6376.e3iSbxaKaheRe34KbxiPbh0Naxr0n6jAmljGr5XDqQLvpAe HTTP/1.1" 200 572
201.245.192.253 - - [08/Aug/2023:12:54:56 -0500] "POST /forms/lservlet;jsessionid=ac16012b30d69971b815efd24721bc909aacf17b6376.e3iSbxaKaheRe34KbxiPbh0Naxr0n6jAmljGr5XDqQLvpAe HTTP/1.1" 200 534
172.22.2.4 - - [08/Aug/2023:12:55:00 -0500] "GET /BLA/boletinlegal/consulta_actos.php?tipo=autos&no=3174&usuario=&sector=&fecha=2023&resuelve= HTTP/1.1" 200 1066
111.225.149.18 - - [08/Aug/2023:12:55:07 -0500] "GET /BLA/resoluciones/AUTOS%202009/1769.pdf HTTP/1.1" 200 97579
201.245.192.253 - - [08/Aug/2023:12:55:11 -0500] "POST /forms/lservlet;jsessionid=ac16012b30d6b0caa5b3998f4732b23bfd681e503f1d.e3iSbxaKaheRe34KbxiPbh0Naxr0n6jAmljGr5XDqQLvpAe HTTP/1.1" 200 2
201.245.192.253 - - [08/Aug/2023:12:55:16 -0500] "POST /forms/lservlet;jsessionid=ac16012b30d69971b815efd24721bc909aacf17b6376.e3iSbxaKaheRe34KbxiPbh0Naxr0n6jAmljGr5XDqQLvpAe HTTP/1.1" 200 2
172.22.2.4 - - [08/Aug/2023:12:55:25 -0500] "GET /BLA/boletinlegal/consulta_actos.php?tipo=autos&no=3182&usuario=&sector=&fecha=2023&resuelve= HTTP/1.1" 200 1074
110.249.202.160 - - [08/Aug/2023:12:55:31 -0500] "GET /BLA/resoluciones/AUTOS%202015/2154.pdf HTTP/1.1" 200 574524
172.22.2.4 - - [08/Aug/2023:12:55:38 -0500] "GET /BLA/boletinlegal/consulta_actos.php?tipo=autos&no=3183&usuario=&sector=&fecha=2023&resuelve= HTTP/1.1" 200 1078
172.22.2.4 - - [08/Aug/2023:12:55:50 -0500] "GET /BLA/boletinlegal/consulta_actos.php?tipo=autos&no=3190&usuario=&sector=&fecha=2023&resuelve= HTTP/1.1" 200 1073
110.249.202.151 - - [08/Aug/2023:12:55:55 -0500] "GET /BLA/resoluciones/AUTOS%202010/4390.pdf HTTP/1.1" 200 143387
172.22.2.4 - - [08/Aug/2023:12:56:01 -0500] "GET /BLA/boletinlegal/consulta_actos.php?tipo=autos&no=3191&usuario=&sector=&fecha=2023&resuelve= HTTP/1.1" 200 1072
172.22.2.4 - - [08/Aug/2023:12:56:02 -0500] "GET /BLA/boletinlegal/actos.php HTTP/1.1" 200 9682
201.245.192.253 - - [08/Aug/2023:12:56:06 -0500] "POST /kwsrmcab/Wsrmcab  HTTP/1.1" 200 42098
172.22.2.4 - - [08/Aug/2023:12:56:11 -0500] "GET /BLA/boletinlegal/consulta_actos.php?tipo=autos&no=3194&usuario=&sector=&fecha=2023&resuelve= HTTP/1.1" 200 1074
216.245.221.92 - - [08/Aug/2023:12:56:11 -0500] "HEAD / HTTP/1.1" 200 -
172.22.2.4 - - [08/Aug/2023:12:56:14 -0500] "GET /BLA/boletinlegal/images/screen_2.png HTTP/1.1" 200 362502
172.22.2.4 - - [08/Aug/2023:12:56:14 -0500] "GET /BLA/boletinlegal/images/screen_3.png HTTP/1.1" 200 210620
172.22.2.4 - - [08/Aug/2023:12:56:14 -0500] "GET /BLA/boletinlegal/images/screen_5.png HTTP/1.1" 200 368876
172.22.2.4 - - [08/Aug/2023:12:56:15 -0500] "GET /BLA/boletinlegal/images/arr_r.jpg HTTP/1.1" 200 1998
111.225.149.174 - - [08/Aug/2023:12:56:19 -0500] "GET /BLA/resoluciones/AUTOS%202010/4835.pdf HTTP/1.1" 200 396557
172.22.2.4 - - [08/Aug/2023:12:56:23 -0500] "GET /BLA/boletinlegal/consulta_actos.php?tipo=autos&no=3203&usuario=&sector=&fecha=2023&resuelve= HTTP/1.1" 200 1073
172.22.2.4 - - [08/Aug/2023:12:56:34 -0500] "GET /BLA/boletinlegal/consulta_actos.php?tipo=autos&no=3205&usuario=&sector=&fecha=2023&resuelve= HTTP/1.1" 200 1076
110.249.202.72 - - [08/Aug/2023:12:56:43 -0500] "GET /BLA/resoluciones/AUTOS%202012/0130.pdf HTTP/1.1" 200 254126
172.22.2.4 - - [08/Aug/2023:12:56:46 -0500] "GET /BLA/boletinlegal/consulta_actos.php?tipo=autos&no=3206&usuario=&sector=&fecha=2023&resuelve= HTTP/1.1" 200 1072
172.22.2.4 - - [08/Aug/2023:12:56:07 -0500] "GET /BLA/boletinlegal/index.php HTTP/1.1" 200 32715
172.22.2.4 - - [08/Aug/2023:12:56:56 -0500] "GET /BLA/boletinlegal/consulta_actos.php?tipo=autos&no=3217&usuario=&sector=&fecha=2023&resuelve= HTTP/1.1" 200 1124
201.245.192.253 - - [08/Aug/2023:12:57:07 -0500] "POST /forms/lservlet;jsessionid=ac16012b30d69971b815efd24721bc909aacf17b6376.e3iSbxaKaheRe34KbxiPbh0Naxr0n6jAmljGr5XDqQLvpAe HTTP/1.1" 200 582
110.249.202.153 - - [08/Aug/2023:12:57:07 -0500] "GET /BLA/resoluciones/AUTOS%202008/2321.pdf HTTP/1.1" 200 89607
201.245.192.253 - - [08/Aug/2023:12:57:08 -0500] "POST /forms/lservlet;jsessionid=ac16012b30d69971b815efd24721bc909aacf17b6376.e3iSbxaKaheRe34KbxiPbh0Naxr0n6jAmljGr5XDqQLvpAe HTTP/1.1" 200 527
172.22.2.4 - - [08/Aug/2023:12:57:08 -0500] "GET /BLA/boletinlegal/consulta_actos.php?tipo=autos&no=3221&usuario=&sector=&fecha=2023&resuelve= HTTP/1.1" 200 1069
201.245.192.253 - - [08/Aug/2023:12:57:09 -0500] "POST /forms/lservlet;jsessionid=ac16012b30d69971b815efd24721bc909aacf17b6376.e3iSbxaKaheRe34KbxiPbh0Naxr0n6jAmljGr5XDqQLvpAe HTTP/1.1" 200 574
201.245.192.253 - - [08/Aug/2023:12:57:10 -0500] "POST /forms/lservlet;jsessionid=ac16012b30d69971b815efd24721bc909aacf17b6376.e3iSbxaKaheRe34KbxiPbh0Naxr0n6jAmljGr5XDqQLvpAe HTTP/1.1" 200 534
201.245.192.253 - - [08/Aug/2023:12:57:11 -0500] "POST /forms/lservlet;jsessionid=ac16012b30d69971b815efd24721bc909aacf17b6376.e3iSbxaKaheRe34KbxiPbh0Naxr0n6jAmljGr5XDqQLvpAe HTTP/1.1" 200 527
201.245.192.253 - - [08/Aug/2023:12:57:11 -0500] "POST /forms/lservlet;jsessionid=ac16012b30d6b0caa5b3998f4732b23bfd681e503f1d.e3iSbxaKaheRe34KbxiPbh0Naxr0n6jAmljGr5XDqQLvpAe HTTP/1.1" 200 2
201.245.192.253 - - [08/Aug/2023:12:57:12 -0500] "POST /forms/lservlet;jsessionid=ac16012b30d69971b815efd24721bc909aacf17b6376.e3iSbxaKaheRe34KbxiPbh0Naxr0n6jAmljGr5XDqQLvpAe HTTP/1.1" 200 527
201.245.192.253 - - [08/Aug/2023:12:57:13 -0500] "POST /forms/lservlet;jsessionid=ac16012b30d69971b815efd24721bc909aacf17b6376.e3iSbxaKaheRe34KbxiPbh0Naxr0n6jAmljGr5XDqQLvpAe HTTP/1.1" 200 527
201.245.192.253 - - [08/Aug/2023:12:57:13 -0500] "POST /forms/lservlet;jsessionid=ac16012b30d69971b815efd24721bc909aacf17b6376.e3iSbxaKaheRe34KbxiPbh0Naxr0n6jAmljGr5XDqQLvpAe HTTP/1.1" 200 687
201.245.192.253 - - [08/Aug/2023:12:57:14 -0500] "POST /forms/lservlet;jsessionid=ac16012b30d69971b815efd24721bc909aacf17b6376.e3iSbxaKaheRe34KbxiPbh0Naxr0n6jAmljGr5XDqQLvpAe HTTP/1.1" 200 641
201.245.192.253 - - [08/Aug/2023:12:57:16 -0500] "POST /forms/lservlet;jsessionid=ac16012b30d69971b815efd24721bc909aacf17b6376.e3iSbxaKaheRe34KbxiPbh0Naxr0n6jAmljGr5XDqQLvpAe HTTP/1.1" 200 2
172.22.2.4 - - [08/Aug/2023:12:57:20 -0500] "GET /BLA/boletinlegal/consulta_actos.php?tipo=autos&no=3229&usuario=&sector=&fecha=2023&resuelve= HTTP/1.1" 200 1077
201.245.192.253 - - [08/Aug/2023:12:57:22 -0500] "GET /BLA/resoluciones/Notificaciones/AUTOS%202022/5690.pdf HTTP/1.1" 200 347616
111.225.148.49 - - [08/Aug/2023:12:57:31 -0500] "GET /BLA/resoluciones/AUTOS%202008/1497.pdf HTTP/1.1" 200 302840
172.22.2.4 - - [08/Aug/2023:12:57:32 -0500] "GET /BLA/boletinlegal/consulta_actos.php?tipo=autos&no=3255&usuario=&sector=&fecha=2023&resuelve= HTTP/1.1" 200 1087
172.22.2.4 - - [08/Aug/2023:12:57:41 -0500] "GET /BLA/boletinlegal/consulta_actos.php?tipo=autos&no=3256&usuario=&sector=&fecha=2023&resuelve= HTTP/1.1" 200 1080
111.225.148.131 - - [08/Aug/2023:12:57:55 -0500] "GET /BLA/resoluciones/AUTOS%202017/0612.pdf HTTP/1.1" 200 541229
172.22.2.4 - - [08/Aug/2023:12:57:56 -0500] "GET /BLA/boletinlegal/consulta_actos.php?tipo=autos&no=3209&usuario=&sector=&fecha=2023&resuelve= HTTP/1.1" 200 1074
172.22.2.4 - - [08/Aug/2023:12:58:18 -0500] "GET /BLA/boletinlegal/consulta_actos.php?tipo=autos&no=1740&usuario=&sector=&fecha=2023&resuelve= HTTP/1.1" 200 1101
110.249.202.99 - - [08/Aug/2023:12:58:19 -0500] "GET /BLA/resoluciones/AUTOS%202016/0588.pdf HTTP/1.1" 200 478677
172.22.2.4 - - [08/Aug/2023:12:58:28 -0500] "GET /BLA/boletinlegal/consulta_actos.php?tipo=autos&no=1736&usuario=&sector=&fecha=2023&resuelve= HTTP/1.1" 200 1080
201.245.192.253 - - [08/Aug/2023:12:58:31 -0500] "POST /forms/lservlet;jsessionid=ac16012b30d69971b815efd24721bc909aacf17b6376.e3iSbxaKaheRe34KbxiPbh0Naxr0n6jAmljGr5XDqQLvpAe HTTP/1.1" 200 681
201.245.192.253 - - [08/Aug/2023:12:58:32 -0500] "POST /forms/lservlet;jsessionid=ac16012b30d69971b815efd24721bc909aacf17b6376.e3iSbxaKaheRe34KbxiPbh0Naxr0n6jAmljGr5XDqQLvpAe HTTP/1.1" 200 815
201.245.192.253 - - [08/Aug/2023:12:58:33 -0500] "POST /forms/lservlet;jsessionid=ac16012b30d69971b815efd24721bc909aacf17b6376.e3iSbxaKaheRe34KbxiPbh0Naxr0n6jAmljGr5XDqQLvpAe HTTP/1.1" 200 740
201.245.192.253 - - [08/Aug/2023:12:58:33 -0500] "POST /forms/lservlet;jsessionid=ac16012b30d69971b815efd24721bc909aacf17b6376.e3iSbxaKaheRe34KbxiPbh0Naxr0n6jAmljGr5XDqQLvpAe HTTP/1.1" 200 881
201.245.192.253 - - [08/Aug/2023:12:58:34 -0500] "POST /forms/lservlet;jsessionid=ac16012b30d69971b815efd24721bc909aacf17b6376.e3iSbxaKaheRe34KbxiPbh0Naxr0n6jAmljGr5XDqQLvpAe HTTP/1.1" 200 907
172.22.2.4 - - [08/Aug/2023:12:58:43 -0500] "GET /BLA/boletinlegal/consulta_actos.php?tipo=autos&no=1761&usuario=&sector=&fecha=2023&resuelve= HTTP/1.1" 200 1083
111.225.148.7 - - [08/Aug/2023:12:58:43 -0500] "GET /BLA/resoluciones/AUTOS%202017/2689.pdf HTTP/1.1" 200 312674
186.102.13.238 - - [08/Aug/2023:12:58:50 -0500] "GET /kwssiamovil/sm/ldap/au?x=U2FsdGVkX19BhCq5ceECfZmFIpL0HgRJkuWPUwQuWr4gcJNJFLBg0RWfjhC29ICV&y=U2FsdGVkX1/r2xv8MGOXVVhnCvL0YljvAeBBCwTX+bYN+WIDYh0kH2yI+01cPNe9 HTTP/1.1" 200 30
186.102.13.238 - - [08/Aug/2023:12:58:50 -0500] "GET /kwssiamovil/sm/acme/s?s=U2FsdGVkX1//74pQ67YoULMMkUP89EWKXz3Rkxh+Cxm0sr0G341e+Goc8n/8ngjo+Eqk0bw0GvbPASHCh3gOPJvPbHwH9K49epUDAXDjsjI=&u=U2FsdGVkX186hfc03RLP1GkB5E9RP5S8g0cN6o96b6g=&y=U2FsdGVkX1/r2xv8MGOXVVhnCvL0YljvAeBBCwTX+bYN+WIDYh0kH2yI+01cPNe9 HTTP/1.1" 200 97
186.102.13.238 - - [08/Aug/2023:12:58:50 -0500] "GET /kwssiamovil/sm/acme/s?s=U2FsdGVkX1/rYNWHSTtxlbJEGpj+ajw82Fn8y3Ix9AEWbDLjttVJfFAnZ0kZYopV3WwmzTYLFbSnVGOWMzCdwz/KsAYY01s9r8WLt9fvL32LdOdGGlGB/DffdXQbawoJXjl4rthk/1j4z+KwhDI3SpDTuorAvVEHPLAo+ojA7KadV8GynK1zbnD/vWJ6/j/C45talUWZu35RbNNvvGp4Syha1/49NS5W2ZPkWtH4BOTALsFj3WryJFxdVEQaTbCfzsyuc/YslbBVW8m8dBLBs0XzeQS6t/gSPy/UA2tr8eeCfdvbm0UACgHoKXcHh8mkn+0I9z9B0akwZuElo26lpKmocY7DjdoA7JhIZ80q4KP+Za8jQDONxxY18goR1VWazU3G42GjeNq+JxdhQ3bl0a6CH+AhGwnJYh7emJ3lmWivLEFjMyz9/EJX+TJRHGAzZGL6cyzl6yfZxb8Wm4COSOSkw7kCqXIgztB2XiFoajmjpfyI4YatjJytr9u2Vc88wJeIiOhQiDbT8ok9z1Zfl5yDlMISS00J4Kt9eG3dKi0JhrUEBOqFSgBNj08+4Q8IIveMI6x1llyl2KCSIerJ8l6v5qRKuhAbKRsrbs38rKvWLx3vX5gLSSmqj0XbgCUbz0RQcMlpiQl+8jXI3mEb+hzxhLmBf6yRMFaLBQgH/Mkv2SSYTf62SJwDl2xkfAZ7FayJdcADhlnROp7YcRMz25Ez+8PToHub5K67orc2f0O3y0XXQqi1+CD2//7RAuO8R68k7ZsVL4Fz6tNy0/n7/nrkg0BPhbOPkuAbCPhBkkNxv4A2jWOjFPmaRqtqwr1gXCYpfGeNu8FSEbuBzC0RgKKwpLnOMRdWRhDbs5qVyu0OGAUKC/SWLkAly3Bkoj9SWRqfUhMkBRaP8gYC2d0z/DiDjCGqXSduwWfEEOsOiT2aZunklmwiu5hyM1CL+zuzsLThcgmUvQ7UYEyJMA73G8AVGT3RxsaR8BC9hCsngq34C7g2+mcJ7WoOoLp3mJ4M4YOmaDQHfSqgUwRXZKebkG87X6QCcBd8xxEw3v+Ic3jww48o042NzDqRLpEwUYDG5UahZNzQ04yjumDN16XPeG7+ZR/UfANS/cw+7z5mh31xaFBCg9XMO2LKEPHfevs5wZD9Kfh+9FgDU8X7aEDYBlVxwvHL3fHm5U0ozu1av+Ka+Lo9I3oVU6+Leb8KVOS6zvbdWrFysf5q3ZapD6lZws9n0oKbHjAMIbwEFwZaIBx7pbmoCynZVI1ara1EtyVgWuc/rLQGLiEO8IQR5lCseMGzPSU3UuBvKU+HOmVVQOnIL+8rkvKS85vJ3k9/ejPYyiDbomV9AWgUscgHfU5NcGbIsH1rSOH7xmWvp1m1ppx7HB71f2U4R51szSt1oQuXznGAVYyOft1/cL0ZIGBHQzQK77BShXQcuD3huUO+JqU=&u=U2FsdGVkX186hfc03RLP1GkB5E9RP5S8g0cN6o96b6g=&y=U2FsdGVkX1/r2xv8MGOXVVhnCvL0YljvAeBBCwTX+bYN+WIDYh0kH2yI+01cPNe9 HTTP/1.1" 200 785
186.102.13.238 - - [08/Aug/2023:12:58:51 -0500] "GET /kwssiamovil/sm/acme/s?s=U2FsdGVkX1+eKfF/KX23UY6rjWKqAMW4SICkmsy1NR55UEqMlIsOM1Kh9CuYjgcTrPaTobJBzhGUoRvawz9zyDDMr/0z8tXbWhdBOxo06qTZCyF/Z9aMwAP2bN8P+qHPeQiM5k4bFyUlUkVhv2cB8xO2/aZR0XLs3AVzOi/YKKFESBZW28A05LgnpuxrNTTbgegxcS09dDzvvlpB2euIT+DVVciTe2XxDjra72rHuxLdzAwDvTZQeqUcSr1NpbHmgRYWEC7DJvxR8AIZlj5YGN0KkYvWKcWP8ZZN4ClUMqStaSOkewY4dO3LmncocjNxeEPp8IkEGLudDYYI/nMrKjLp0anjLt0wfdBB2loXUJc=&u=U2FsdGVkX186hfc03RLP1GkB5E9RP5S8g0cN6o96b6g=&y=U2FsdGVkX1/r2xv8MGOXVVhnCvL0YljvAeBBCwTX+bYN+WIDYh0kH2yI+01cPNe9 HTTP/1.1" 200 196
186.102.13.238 - - [08/Aug/2023:12:58:51 -0500] "GET /kwssiamovil/sm/cjson/pre?f=1&x=U2FsdGVkX19BhCq5ceECfZmFIpL0HgRJkuWPUwQuWr4gcJNJFLBg0RWfjhC29ICV HTTP/1.1" 200 31032
110.249.202.140 - - [08/Aug/2023:12:59:07 -0500] "GET /BLA/resoluciones/AUTOS%202017/1583.pdf HTTP/1.1" 200 273808
172.22.2.4 - - [08/Aug/2023:12:57:31 -0500] "HEAD /BLA/boletinlegal/ HTTP/1.1" 200 -
201.245.192.253 - - [08/Aug/2023:12:59:11 -0500] "POST /forms/lservlet;jsessionid=ac16012b30d6b0caa5b3998f4732b23bfd681e503f1d.e3iSbxaKaheRe34KbxiPbh0Naxr0n6jAmljGr5XDqQLvpAe HTTP/1.1" 200 2
201.245.192.253 - - [08/Aug/2023:12:59:16 -0500] "POST /forms/lservlet;jsessionid=ac16012b30d69971b815efd24721bc909aacf17b6376.e3iSbxaKaheRe34KbxiPbh0Naxr0n6jAmljGr5XDqQLvpAe HTTP/1.1" 200 2
111.225.149.172 - - [08/Aug/2023:12:59:32 -0500] "GET /BLA/resoluciones/AUTOS%202017/3887.pdf HTTP/1.1" 200 261668
111.225.149.15 - - [08/Aug/2023:12:59:56 -0500] "GET /BLA/resoluciones/AUTOS%202008/3066.pdf HTTP/1.1" 200 80642
172.22.2.4 - - [08/Aug/2023:12:58:21 -0500] "GET /BLA/boletinlegal/ HTTP/1.1" 200 60185
110.249.202.49 - - [08/Aug/2023:13:00:20 -0500] "GET /BLA/resoluciones/AUTOS%202008/0535.pdf HTTP/1.1" 200 95150
111.225.148.98 - - [08/Aug/2023:13:00:47 -0500] "GET /BLA/resoluciones/AUTOS%202011/0966.pdf HTTP/1.1" 200 187234
201.245.192.253 - - [08/Aug/2023:13:01:05 -0500] "POST /kwsrmcab/Wsrmcab  HTTP/1.1" 200 42098
110.249.202.167 - - [08/Aug/2023:13:01:08 -0500] "GET /BLA/resoluciones/AUTOS%202011/3073.pdf HTTP/1.1" 200 240181
201.245.192.253 - - [08/Aug/2023:13:01:11 -0500] "POST /forms/lservlet;jsessionid=ac16012b30d6b0caa5b3998f4732b23bfd681e503f1d.e3iSbxaKaheRe34KbxiPbh0Naxr0n6jAmljGr5XDqQLvpAe HTTP/1.1" 200 2
216.245.221.92 - - [08/Aug/2023:13:01:11 -0500] "HEAD / HTTP/1.1" 200 -
201.245.192.253 - - [08/Aug/2023:13:01:16 -0500] "POST /forms/lservlet;jsessionid=ac16012b30d69971b815efd24721bc909aacf17b6376.e3iSbxaKaheRe34KbxiPbh0Naxr0n6jAmljGr5XDqQLvpAe HTTP/1.1" 200 2
111.225.148.209 - - [08/Aug/2023:13:01:32 -0500] "GET /BLA/resoluciones/AUTOS%202010/1879.pdf HTTP/1.1" 200 89060
111.225.148.80 - - [08/Aug/2023:13:01:56 -0500] "GET /BLA/resoluciones/AUTOS%202018/0679.pdf HTTP/1.1" 200 266473
201.245.192.253 - - [08/Aug/2023:13:02:13 -0500] "POST /BLA/boletinlegal/admin/notificaciones/ingresar.php HTTP/1.1" 200 30281
201.245.192.253 - - [08/Aug/2023:13:02:13 -0500] "GET /css/global/buttons.css HTTP/1.1" 404 1324
110.249.201.98 - - [08/Aug/2023:13:02:20 -0500] "GET /BLA/resoluciones/AUTOS%202016/2900.pdf HTTP/1.1" 200 1524593
110.249.202.165 - - [08/Aug/2023:13:02:44 -0500] "GET /BLA/resoluciones/AUTOS%202011/2948.pdf HTTP/1.1" 200 482678
110.249.202.113 - - [08/Aug/2023:13:03:08 -0500] "GET /BLA/resoluciones/AUTOS%202009/1908.pdf HTTP/1.1" 200 230249
201.245.192.253 - - [08/Aug/2023:13:03:11 -0500] "POST /forms/lservlet;jsessionid=ac16012b30d6b0caa5b3998f4732b23bfd681e503f1d.e3iSbxaKaheRe34KbxiPbh0Naxr0n6jAmljGr5XDqQLvpAe HTTP/1.1" 200 2
186.28.85.54 - - [08/Aug/2023:13:03:14 -0500] "GET /kwssiamovil/sm/des/ldap/au?x=U2FsdGVkX1/tsNLUhEDStoCQCpQuSBxmX8dppEIpyhBT9jSyloBCCFXiwnd3fAJq&y=U2FsdGVkX19jHMo+Ilxaxb0N5Qkgy0ViP3MryMubPNPcVofq7MaE0LxmOOs+M9rB HTTP/1.1" 200 30
186.28.85.54 - - [08/Aug/2023:13:03:14 -0500] "GET /kwssiamovil/sm/des/acme/s?s=U2FsdGVkX1+n4HcI+T0LXLMmqtZnz/o9yyFM3UIA0ptujZUIT9YVtfcPMdX+8UZpSgPdTspTauA8AUz5lmLAYcdDw3zj2FjaWUP546ZTbeM=&u=U2FsdGVkX19pdNheccuWxmB+kF4gxVpQT0nleWzinkQ=&y=U2FsdGVkX19jHMo+Ilxaxb0N5Qkgy0ViP3MryMubPNPcVofq7MaE0LxmOOs+M9rB HTTP/1.1" 200 97
186.28.85.54 - - [08/Aug/2023:13:03:14 -0500] "GET /kwssiamovil/sm/des/acme/s?s=U2FsdGVkX1+2FOjoXIm/iNtPI+JceC042Vt8H64oqpgCnouUxNb3afQUtc08DSy+IVjiJrjk2xChxxfGpm5PuaHntewxzY8qPIy9d3ZnlUwPmR6Nt4JR6FywEoz1G47R4Zq39R1WesDDWK2eGyFFguhqPGhedt4sa8Gc1bIYsCgZ229d9ZPcjm6SXR5/S3psCdH89lz4PsvcsaR0MOVQzdp3ULA0pXX2I4TJMpWZ86tFrzf3cMUFqUBTVdNORWYL94ZDnuPxtUI4j1QulE6qdwIi58OpywhmMCzkT8+WdNfTAnhNAB2j35w0gjCxupBmnLvWiovgtG7ePgis8BVBrkcsFaGENgb/fygLEQeTvjYGKKzTn1T9G7eYjWyE4DnerCPDRxEwECvLMfG18HT6lEZuG50SqWa0AtiUQ3kUv+kdWkPVkrqaZFMI8Exj4ivn0dWzJ669bcL+FaEVRARebWx44d3vrQHAuMBHqUna+o5rrn0TYunvCnh7HxinidU40ur1ccYrURb6xOzkfmBI3SCPdFkb4x2fjrxdxJ0hLtIiJysY6cbmB6sjNPFl17tABB8Uq12sv5Xb1fA/+F6L+Xio4BF++ooQ4drvrOuu0SB83qgpzDECm1M3Vz/Vym2p5zvRVBsbhim9qfsZv2njZbJ31+2L08JnRajyhjMBclXC+kCAb+eSQpNNBhk4mc6CVdNnhLm7ZR3z8ADCgqMnieo7O70BTcpgLHiaodOkJje2J28pSYR/8WQFJjTS9EQdfQ6mKCANfC57NIsoccZFuRMrpkVSkiQSG/sp//8gtsi+quEH5mR6uHHHd4AuY3UdHkZRAfqvXpLnzxnhyfmd7wBMEwptKHffA1wmMrPKQv+aG8sQwjXK6c3KBgOzARWZ77cLurjDkh/fV8yz/YpbxicjQBBwUQWwFCvlotf9SIj4pgl4UCfbKoKK98yqsmLsi5ZGT8ZC/h8PBNncEYnGjrBxxAPHw8YEDnmP8Wl+bBsMyPkivnJ0zR0jWMuYkG0EWrny+zAac44oy4mvP6XdI8Va6rQ8XPq229wdhRY4Qqg6FHcZBveBvJeUcctMsRQsTIw3sY/jFMcbVAe8AJa5Yo6OajPbGTGuNjjjWaSZSD67gKyDexvKLTB9144oNLIHW6XNe/aNceP1iCLqssegeUUYwGMa6lfSyGd5GqFVt128GmZI3JtTnAmegTkOtRprjAYipsCGagcaux4ZrElJbl9oZqONLfF8RltChGDk0occSerZUj7aV1Nv4+NmouDaT871O7nV+LmqfrvQnCS2nm6BA528pfa87vp72daGwypB/cDfuhQ/Ald3vJxZNrlABXVrbBuiHTBXI0n7VixWLcN+RZ99jCY8JZflVyC6teixp9LO1kjRifh4dRHIp70Wcj7UAwOk8AcKebSp4PFUW047AuUPX8oZUlHr/s9VCKndaW/u5fOrodSSiiaAkaGMaM0etvK2Mnqk1td+HHrZ3GUCBg1qpgPVNZe47X4fWvmPzc6XFaunae2B+SC3RijoStcvHpwVsrxTNzyvqNYLzPmOCMBO6ivVjFmGZcgmd1SXYSAJZWaDmbtki6naKejmS7SINPIq0hhEdBSqOtxbDYPgcKFxNIpqxp5QkzEhJPc0jtSqh4JIPsciBdMMElK9BCK8L09Gjb5Rks7ua/d00HEtjX2TxVW/Fjl/6JX6zWl0y5HROl/Gir4r0HP6kdNTq4XKZnDZryqJdU98NEWNoplTBzEpOYQrxH1dru8BfXA=&u=U2FsdGVkX19pdNheccuWxmB+kF4gxVpQT0nleWzinkQ=&y=U2FsdGVkX19jHMo+Ilxaxb0N5Qkgy0ViP3MryMubPNPcVofq7MaE0LxmOOs+M9rB HTTP/1.1" 200 521
186.28.85.54 - - [08/Aug/2023:13:03:14 -0500] "GET /kwssiamovil/sm/des/acme/s?s=U2FsdGVkX1/XMCYRXGDaPs3EjoGKx0GCJDdGFcnkmEZY8AM3ffV89Sal0JQu8xKnlhadpn9hXDy4edn0GiUoiL77GBhu9G5MfS+W+W5YdYSMNtBfl8Y7oO3+w2zPKzbDSEOhShUxnYUwZHclI4kJeQxvD1dhwrz5yPoJKZdd1Dt/PbgQfHSmgwgtKFMXiTdonidXZSGsu3qf318MTg8CTaaGigbLQl0yY6tKa+iIHpIYJxk9u/gD9Of+O+011DK5RjkQGyv7CnMV0p0O/igrRdsZ9L6+HY7Mc1SBm7gLQydDkN26M7mK4jY/ujwS1ZrSLxoh685Gd9ttTUkNXynZJ6aRbd1+R0PrR6OHPjGgGihCRGKY5GWA2F+StG8GmUWnASWpRvZWN+urEHhwriPohD0CI9cF5/3PWEv9yuBn6Jb/L12wBDmDvB2kDPRgX5HEFMqr+IEZKNZNJTiWioBeV2O7z5LmEBwh7XQr+y5lcIYUVtCQPWqdzFIwzI+1ixC67XC8KPy0N2DYI0esMAHz5QMx38DxGv7EfyvBxMdcDIlxONoYOU3NCXFRWuooE4ZlZtrh3J0IdbR1qAgoZm9MNKZihj7glrUz8Lpol+AZ2epp+rqPvlaAPubCDcfDvLFrY8EWEDL5AHazPBT/rT2/ahR1m07hX71li7CWC9bHuEvpws8BWKHWmDi33xuovKeIwvN1A4sKHpeEAuzY5zJ3nXQLZz8wTpi6mmOdKr8mMl2fa3cIDn3VGXL/P83GnS1v&u=U2FsdGVkX19pdNheccuWxmB+kF4gxVpQT0nleWzinkQ=&y=U2FsdGVkX19jHMo+Ilxaxb0N5Qkgy0ViP3MryMubPNPcVofq7MaE0LxmOOs+M9rB HTTP/1.1" 200 640
201.245.192.253 - - [08/Aug/2023:13:03:16 -0500] "POST /forms/lservlet;jsessionid=ac16012b30d69971b815efd24721bc909aacf17b6376.e3iSbxaKaheRe34KbxiPbh0Naxr0n6jAmljGr5XDqQLvpAe HTTP/1.1" 200 2
186.28.85.54 - - [08/Aug/2023:13:03:14 -0500] "GET /kwssiamovil/sm/des/cjson/pre?f=1&x=U2FsdGVkX1/tsNLUhEDStoCQCpQuSBxmX8dppEIpyhBT9jSyloBCCFXiwnd3fAJq HTTP/1.1" 200 31032
186.28.85.54 - - [08/Aug/2023:13:03:14 -0500] "GET /kwssiamovil/sm/des/cjson/pre?f=9&x=U2FsdGVkX1/tsNLUhEDStoCQCpQuSBxmX8dppEIpyhBT9jSyloBCCFXiwnd3fAJq HTTP/1.1" 200 25142
186.28.85.54 - - [08/Aug/2023:13:03:14 -0500] "GET /kwssiamovil/sm/des/cjson/pre?f=18&x=U2FsdGVkX1/tsNLUhEDStoCQCpQuSBxmX8dppEIpyhBT9jSyloBCCFXiwnd3fAJq HTTP/1.1" 200 32849
186.28.85.54 - - [08/Aug/2023:13:03:14 -0500] "GET /kwssiamovil/sm/des/cjson/pre?f=19&x=U2FsdGVkX1/tsNLUhEDStoCQCpQuSBxmX8dppEIpyhBT9jSyloBCCFXiwnd3fAJq HTTP/1.1" 200 51330
111.225.149.137 - - [08/Aug/2023:13:03:32 -0500] "GET /BLA/resoluciones/AUTOS%202011/2934.pdf HTTP/1.1" 200 513868
52.167.144.33 - - [08/Aug/2023:13:03:51 -0500] "GET /BLA/resoluciones/RESOLUCIONES%202021/2297.pdf HTTP/1.1" 200 348160
110.249.201.187 - - [08/Aug/2023:13:03:56 -0500] "GET /BLA/resoluciones/AUTOS%202015/7254.pdf HTTP/1.1" 200 223925
40.77.167.233 - - [08/Aug/2023:13:04:13 -0500] "GET /BLA/resoluciones/AUTOS%202015/2978.pdf HTTP/1.1" 200 506987
111.225.149.89 - - [08/Aug/2023:13:04:21 -0500] "GET /BLA/resoluciones/AUTOS%202011/1540.pdf HTTP/1.1" 200 149897
110.249.202.120 - - [08/Aug/2023:13:04:45 -0500] "GET /BLA/resoluciones/AUTOS%202017/3312.pdf HTTP/1.1" 200 301832
172.22.2.4 - - [08/Aug/2023:13:03:22 -0500] "HEAD /BLA/boletinlegal/ HTTP/1.1" 200 -
110.249.201.147 - - [08/Aug/2023:13:05:09 -0500] "GET /BLA/resoluciones/AUTOS%202010/1368.pdf HTTP/1.1" 200 301170
52.167.144.153 - - [08/Aug/2023:13:05:11 -0500] "GET /BLA/resoluciones/RESOLUCIONES%202010/4200.pdf HTTP/1.1" 200 1170351
201.245.192.253 - - [08/Aug/2023:13:05:11 -0500] "POST /forms/lservlet;jsessionid=ac16012b30d6b0caa5b3998f4732b23bfd681e503f1d.e3iSbxaKaheRe34KbxiPbh0Naxr0n6jAmljGr5XDqQLvpAe HTTP/1.1" 200 2
201.245.192.253 - - [08/Aug/2023:13:05:16 -0500] "POST /forms/lservlet;jsessionid=ac16012b30d69971b815efd24721bc909aacf17b6376.e3iSbxaKaheRe34KbxiPbh0Naxr0n6jAmljGr5XDqQLvpAe HTTP/1.1" 200 2
110.249.202.56 - - [08/Aug/2023:13:05:33 -0500] "GET /BLA/resoluciones/AUTOS%202016/0998.pdf HTTP/1.1" 200 200149
172.22.2.4 - - [08/Aug/2023:13:04:12 -0500] "GET /BLA/boletinlegal/ HTTP/1.1" 200 52495
111.225.148.7 - - [08/Aug/2023:13:05:57 -0500] "GET /BLA/resoluciones/AUTOS%202009/2388.pdf HTTP/1.1" 200 178624
201.245.192.253 - - [08/Aug/2023:13:06:03 -0500] "POST /kwsrmcab/Wsrmcab  HTTP/1.1" 200 42098
216.245.221.92 - - [08/Aug/2023:13:06:11 -0500] "HEAD / HTTP/1.1" 200 -
201.245.192.253 - - [08/Aug/2023:13:06:14 -0500] "POST /BLA/boletinlegal/admin/notificaciones/ingresar.php HTTP/1.1" 200 30281
201.245.192.253 - - [08/Aug/2023:13:06:14 -0500] "GET /css/global/buttons.css HTTP/1.1" 404 1324
110.249.202.241 - - [08/Aug/2023:13:06:21 -0500] "GET /BLA/resoluciones/AUTOS%202015/3536.pdf HTTP/1.1" 200 546034
111.225.148.187 - - [08/Aug/2023:13:06:45 -0500] "GET /BLA/resoluciones/AUTOS%202008/2059.pdf HTTP/1.1" 200 212481
111.225.148.51 - - [08/Aug/2023:13:07:09 -0500] "GET /BLA/resoluciones/AUTOS%202015/3041.pdf HTTP/1.1" 200 496206
201.245.192.253 - - [08/Aug/2023:13:07:11 -0500] "POST /forms/lservlet;jsessionid=ac16012b30d6b0caa5b3998f4732b23bfd681e503f1d.e3iSbxaKaheRe34KbxiPbh0Naxr0n6jAmljGr5XDqQLvpAe HTTP/1.1" 200 2
201.245.192.253 - - [08/Aug/2023:13:07:16 -0500] "POST /forms/lservlet;jsessionid=ac16012b30d69971b815efd24721bc909aacf17b6376.e3iSbxaKaheRe34KbxiPbh0Naxr0n6jAmljGr5XDqQLvpAe HTTP/1.1" 200 2
110.249.202.111 - - [08/Aug/2023:13:07:33 -0500] "GET /BLA/resoluciones/AUTOS%202015/0128.pdf HTTP/1.1" 200 566227
111.225.149.182 - - [08/Aug/2023:13:08:00 -0500] "GET /BLA/resoluciones/AUTOS%202010/2272.pdf HTTP/1.1" 200 1779500
110.249.202.245 - - [08/Aug/2023:13:08:21 -0500] "GET /BLA/resoluciones/AUTOS%202010/6947.pdf HTTP/1.1" 200 205865
110.249.201.138 - - [08/Aug/2023:13:08:45 -0500] "GET /BLA/resoluciones/AUTOS%202010/5892.pdf HTTP/1.1" 200 198039
110.249.201.148 - - [08/Aug/2023:13:09:09 -0500] "GET /BLA/resoluciones/AUTOS%202015/1113.pdf HTTP/1.1" 200 528302
201.245.192.253 - - [08/Aug/2023:13:09:11 -0500] "POST /forms/lservlet;jsessionid=ac16012b30d6b0caa5b3998f4732b23bfd681e503f1d.e3iSbxaKaheRe34KbxiPbh0Naxr0n6jAmljGr5XDqQLvpAe HTTP/1.1" 200 2
201.245.192.253 - - [08/Aug/2023:13:09:16 -0500] "POST /forms/lservlet;jsessionid=ac16012b30d69971b815efd24721bc909aacf17b6376.e3iSbxaKaheRe34KbxiPbh0Naxr0n6jAmljGr5XDqQLvpAe HTTP/1.1" 200 2
110.249.202.157 - - [08/Aug/2023:13:09:33 -0500] "GET /BLA/resoluciones/AUTOS%202015/1771.pdf HTTP/1.1" 200 853202
110.249.201.104 - - [08/Aug/2023:13:09:58 -0500] "GET /BLA/resoluciones/AUTOS%202013/2589.pdf HTTP/1.1" 200 794671
110.249.201.172 - - [08/Aug/2023:13:10:22 -0500] "GET /BLA/resoluciones/AUTOS%202010/4834.pdf HTTP/1.1" 200 386547
52.167.144.33 - - [08/Aug/2023:13:10:42 -0500] "GET /BLA/resoluciones/ HTTP/1.1" 200 13502
110.249.202.90 - - [08/Aug/2023:13:10:46 -0500] "GET /BLA/resoluciones/AUTOS%202008/1915.pdf HTTP/1.1" 200 93442
172.22.2.4 - - [08/Aug/2023:13:09:11 -0500] "HEAD /BLA/boletinlegal/ HTTP/1.1" 200 -
201.245.192.253 - - [08/Aug/2023:13:11:02 -0500] "POST /kwsrmcab/Wsrmcab  HTTP/1.1" 200 42098
111.225.148.232 - - [08/Aug/2023:13:11:10 -0500] "GET /BLA/resoluciones/AUTOS%202016/2101.pdf HTTP/1.1" 200 377849
201.245.192.253 - - [08/Aug/2023:13:11:11 -0500] "POST /forms/lservlet;jsessionid=ac16012b30d6b0caa5b3998f4732b23bfd681e503f1d.e3iSbxaKaheRe34KbxiPbh0Naxr0n6jAmljGr5XDqQLvpAe HTTP/1.1" 200 2
216.245.221.92 - - [08/Aug/2023:13:11:11 -0500] "HEAD / HTTP/1.1" 200 -
201.245.192.253 - - [08/Aug/2023:13:11:16 -0500] "POST /forms/lservlet;jsessionid=ac16012b30d69971b815efd24721bc909aacf17b6376.e3iSbxaKaheRe34KbxiPbh0Naxr0n6jAmljGr5XDqQLvpAe HTTP/1.1" 200 2
111.225.148.42 - - [08/Aug/2023:13:11:34 -0500] "GET /BLA/resoluciones/AUTOS%202011/2203.pdf HTTP/1.1" 200 107798
172.22.2.4 - - [08/Aug/2023:13:10:03 -0500] "GET /BLA/boletinlegal/ HTTP/1.1" 200 52495
200.75.42.226 - - [08/Aug/2023:13:11:50 -0500] "GET /sipse/faces/index.xhtml HTTP/1.1" 200 677
200.75.42.226 - - [08/Aug/2023:13:11:50 -0500] "GET /sipse/faces/javax.faces.resource/theme.css?ln=primefaces-sipse HTTP/1.1" 304 -
200.75.42.226 - - [08/Aug/2023:13:11:50 -0500] "GET /sipse/faces/faces/autenticacion.xhtml HTTP/1.1" 200 12176
200.75.42.226 - - [08/Aug/2023:13:11:51 -0500] "GET /sipse/faces/javax.faces.resource/theme.css?ln=primefaces-sipse HTTP/1.1" 304 -
200.75.42.226 - - [08/Aug/2023:13:11:51 -0500] "GET /sipse/faces/javax.faces.resource/primefaces.css?ln=primefaces&v=4.0 HTTP/1.1" 304 -
200.75.42.226 - - [08/Aug/2023:13:11:51 -0500] "GET /sipse/faces/javax.faces.resource/jquery/jquery.js?ln=primefaces&v=4.0 HTTP/1.1" 304 -
200.75.42.226 - - [08/Aug/2023:13:11:51 -0500] "GET /sipse/faces/javax.faces.resource/layout/layout.css?ln=primefaces&v=4.0 HTTP/1.1" 304 -
200.75.42.226 - - [08/Aug/2023:13:11:51 -0500] "GET /sipse/faces/javax.faces.resource/jquery/jquery-plugins.js?ln=primefaces&v=4.0 HTTP/1.1" 304 -
200.75.42.226 - - [08/Aug/2023:13:11:51 -0500] "GET /sipse/faces/javax.faces.resource/primefaces.js?ln=primefaces&v=4.0 HTTP/1.1" 304 -
200.75.42.226 - - [08/Aug/2023:13:11:51 -0500] "GET /sipse/faces/javax.faces.resource/layout/layout.js?ln=primefaces&v=4.0 HTTP/1.1" 304 -
200.75.42.226 - - [08/Aug/2023:13:11:52 -0500] "GET /sipse/faces/javax.faces.resource/images/ui-icons_898989_256x240.png?ln=primefaces-aristo HTTP/1.1" 304 -
200.75.42.226 - - [08/Aug/2023:13:11:56 -0500] "POST /sipse/faces/autenticacion.xhtml HTTP/1.1" 200 2221
200.75.42.226 - - [08/Aug/2023:13:11:56 -0500] "GET /sipse/faces/javax.faces.resource/messages/messages.png?ln=primefaces&v=4.0 HTTP/1.1" 304 -
200.75.42.226 - - [08/Aug/2023:13:11:57 -0500] "POST /sipse/faces/autenticacion.xhtml HTTP/1.1" 200 16377
110.249.201.249 - - [08/Aug/2023:13:11:58 -0500] "GET /BLA/resoluciones/AUTOS%202013/2357.pdf HTTP/1.1" 200 303783
200.75.42.226 - - [08/Aug/2023:13:11:58 -0500] "GET /sipse/faces/javax.faces.resource/theme.css?ln=primefaces-sipse HTTP/1.1" 304 -
200.75.42.226 - - [08/Aug/2023:13:11:58 -0500] "GET /sipse/faces/javax.faces.resource/primefaces.css?ln=primefaces&v=4.0 HTTP/1.1" 304 -
200.75.42.226 - - [08/Aug/2023:13:11:58 -0500] "GET /sipse/faces/javax.faces.resource/layout/layout.css?ln=primefaces&v=4.0 HTTP/1.1" 304 -
200.75.42.226 - - [08/Aug/2023:13:11:58 -0500] "GET /sipse/faces/javax.faces.resource/jquery/jquery.js?ln=primefaces&v=4.0 HTTP/1.1" 304 -
200.75.42.226 - - [08/Aug/2023:13:11:58 -0500] "GET /sipse/faces/javax.faces.resource/jquery/jquery-plugins.js?ln=primefaces&v=4.0 HTTP/1.1" 304 -
200.75.42.226 - - [08/Aug/2023:13:11:59 -0500] "GET /sipse/faces/javax.faces.resource/primefaces.js?ln=primefaces&v=4.0 HTTP/1.1" 304 -
200.75.42.226 - - [08/Aug/2023:13:11:59 -0500] "GET /sipse/faces/javax.faces.resource/layout/layout.js?ln=primefaces&v=4.0 HTTP/1.1" 304 -
200.75.42.226 - - [08/Aug/2023:13:11:59 -0500] "GET /sipse/css/imagen/contrasena.png HTTP/1.1" 404 383
200.75.42.226 - - [08/Aug/2023:13:12:01 -0500] "GET /sipse/faces/javax.faces.resource/images/ui-bg_flat_0_2d5972_40x100.png?ln=primefaces-aristo HTTP/1.1" 304 -
200.75.42.226 - - [08/Aug/2023:13:12:01 -0500] "POST /sipse/faces/bienvenido.xhtml HTTP/1.1" 200 2658
200.75.42.226 - - [08/Aug/2023:13:12:03 -0500] "POST /sipse/faces/bienvenido.xhtml HTTP/1.1" 200 184
200.75.42.226 - - [08/Aug/2023:13:12:04 -0500] "GET /sipse/faces/presentacion/financiero/solicitudAnulacion/solicitudAnulacion.xhtml HTTP/1.1" 200 36398
200.75.42.226 - - [08/Aug/2023:13:12:04 -0500] "GET /sipse/faces/javax.faces.resource/primefaces.css?ln=primefaces&v=4.0 HTTP/1.1" 304 -
200.75.42.226 - - [08/Aug/2023:13:12:04 -0500] "GET /sipse/faces/javax.faces.resource/theme.css?ln=primefaces-sipse HTTP/1.1" 304 -
200.75.42.226 - - [08/Aug/2023:13:12:04 -0500] "GET /sipse/faces/javax.faces.resource/jquery/jquery.js?ln=primefaces&v=4.0 HTTP/1.1" 304 -
200.75.42.226 - - [08/Aug/2023:13:12:04 -0500] "GET /sipse/faces/javax.faces.resource/jquery/jquery-plugins.js?ln=primefaces&v=4.0 HTTP/1.1" 304 -
200.75.42.226 - - [08/Aug/2023:13:12:04 -0500] "GET /sipse/faces/javax.faces.resource/layout/layout.css?ln=primefaces&v=4.0 HTTP/1.1" 304 -
200.75.42.226 - - [08/Aug/2023:13:12:04 -0500] "GET /sipse/faces/javax.faces.resource/primefaces.js?ln=primefaces&v=4.0 HTTP/1.1" 304 -
200.75.42.226 - - [08/Aug/2023:13:12:04 -0500] "GET /sipse/faces/javax.faces.resource/layout/layout.js?ln=primefaces&v=4.0 HTTP/1.1" 304 -
200.75.42.226 - - [08/Aug/2023:13:12:05 -0500] "POST /sipse/faces/presentacion/financiero/solicitudAnulacion/solicitudAnulacion.xhtml HTTP/1.1" 200 14780
200.75.42.226 - - [08/Aug/2023:13:12:09 -0500] "POST /sipse/faces/presentacion/financiero/solicitudAnulacion/solicitudAnulacion.xhtml HTTP/1.1" 200 51597
200.75.42.226 - - [08/Aug/2023:13:12:09 -0500] "GET /sipse/faces/javax.faces.resource/layout/layout.css?ln=primefaces&v=4.0 HTTP/1.1" 304 -
200.75.42.226 - - [08/Aug/2023:13:12:09 -0500] "GET /sipse/faces/javax.faces.resource/primefaces.css?ln=primefaces&v=4.0 HTTP/1.1" 304 -
200.75.42.226 - - [08/Aug/2023:13:12:09 -0500] "GET /sipse/faces/javax.faces.resource/theme.css?ln=primefaces-sipse HTTP/1.1" 304 -
200.75.42.226 - - [08/Aug/2023:13:12:09 -0500] "GET /sipse/faces/javax.faces.resource/fileupload/fileupload.css?ln=primefaces&v=4.0 HTTP/1.1" 304 -
200.75.42.226 - - [08/Aug/2023:13:12:09 -0500] "GET /sipse/faces/javax.faces.resource/jquery/jquery.js?ln=primefaces&v=4.0 HTTP/1.1" 304 -
200.75.42.226 - - [08/Aug/2023:13:12:10 -0500] "GET /sipse/faces/javax.faces.resource/jquery/jquery-plugins.js?ln=primefaces&v=4.0 HTTP/1.1" 304 -
200.75.42.226 - - [08/Aug/2023:13:12:10 -0500] "GET /sipse/faces/javax.faces.resource/primefaces.js?ln=primefaces&v=4.0 HTTP/1.1" 304 -
200.75.42.226 - - [08/Aug/2023:13:12:10 -0500] "GET /sipse/faces/javax.faces.resource/layout/layout.js?ln=primefaces&v=4.0 HTTP/1.1" 304 -
200.75.42.226 - - [08/Aug/2023:13:12:10 -0500] "GET /sipse/faces/javax.faces.resource/fileupload/fileupload.js?ln=primefaces&v=4.0 HTTP/1.1" 304 -
110.249.201.202 - - [08/Aug/2023:13:12:22 -0500] "GET /BLA/resoluciones/AUTOS%202012/0959.pdf HTTP/1.1" 200 175173
200.75.42.226 - - [08/Aug/2023:13:12:28 -0500] "POST /sipse/faces/presentacion/financiero/solicitudAnulacion/registrarSolicitudAnulacion.xhtml HTTP/1.1" 200 33418
200.75.42.226 - - [08/Aug/2023:13:12:28 -0500] "GET /sipse/faces/javax.faces.resource/theme.css?ln=primefaces-sipse HTTP/1.1" 304 -
200.75.42.226 - - [08/Aug/2023:13:12:28 -0500] "GET /sipse/faces/javax.faces.resource/primefaces.css?ln=primefaces&v=4.0 HTTP/1.1" 304 -
200.75.42.226 - - [08/Aug/2023:13:12:28 -0500] "GET /sipse/faces/javax.faces.resource/layout/layout.css?ln=primefaces&v=4.0 HTTP/1.1" 304 -
200.75.42.226 - - [08/Aug/2023:13:12:28 -0500] "GET /sipse/faces/javax.faces.resource/jquery/jquery.js?ln=primefaces&v=4.0 HTTP/1.1" 304 -
200.75.42.226 - - [08/Aug/2023:13:12:28 -0500] "GET /sipse/faces/javax.faces.resource/jquery/jquery-plugins.js?ln=primefaces&v=4.0 HTTP/1.1" 304 -
200.75.42.226 - - [08/Aug/2023:13:12:29 -0500] "GET /sipse/faces/javax.faces.resource/primefaces.js?ln=primefaces&v=4.0 HTTP/1.1" 304 -
200.75.42.226 - - [08/Aug/2023:13:12:29 -0500] "GET /sipse/faces/javax.faces.resource/layout/layout.js?ln=primefaces&v=4.0 HTTP/1.1" 304 -
200.75.42.226 - - [08/Aug/2023:13:12:29 -0500] "POST /sipse/faces/presentacion/financiero/solicitudAnulacion/solicitudAnulacion.xhtml HTTP/1.1" 200 14780
200.75.42.226 - - [08/Aug/2023:13:12:30 -0500] "POST /sipse/faces/presentacion/financiero/solicitudAnulacion/solicitudAnulacion.xhtml HTTP/1.1" 200 51597
200.75.42.226 - - [08/Aug/2023:13:12:31 -0500] "GET /sipse/faces/javax.faces.resource/fileupload/fileupload.css?ln=primefaces&v=4.0 HTTP/1.1" 304 -
200.75.42.226 - - [08/Aug/2023:13:12:31 -0500] "GET /sipse/faces/javax.faces.resource/primefaces.css?ln=primefaces&v=4.0 HTTP/1.1" 304 -
200.75.42.226 - - [08/Aug/2023:13:12:31 -0500] "GET /sipse/faces/javax.faces.resource/theme.css?ln=primefaces-sipse HTTP/1.1" 304 -
200.75.42.226 - - [08/Aug/2023:13:12:31 -0500] "GET /sipse/faces/javax.faces.resource/layout/layout.css?ln=primefaces&v=4.0 HTTP/1.1" 304 -
200.75.42.226 - - [08/Aug/2023:13:12:31 -0500] "GET /sipse/faces/javax.faces.resource/jquery/jquery.js?ln=primefaces&v=4.0 HTTP/1.1" 304 -
200.75.42.226 - - [08/Aug/2023:13:12:31 -0500] "GET /sipse/faces/javax.faces.resource/jquery/jquery-plugins.js?ln=primefaces&v=4.0 HTTP/1.1" 304 -
200.75.42.226 - - [08/Aug/2023:13:12:31 -0500] "GET /sipse/faces/javax.faces.resource/primefaces.js?ln=primefaces&v=4.0 HTTP/1.1" 304 -
200.75.42.226 - - [08/Aug/2023:13:12:32 -0500] "GET /sipse/faces/javax.faces.resource/layout/layout.js?ln=primefaces&v=4.0 HTTP/1.1" 304 -
200.75.42.226 - - [08/Aug/2023:13:12:32 -0500] "GET /sipse/faces/javax.faces.resource/fileupload/fileupload.js?ln=primefaces&v=4.0 HTTP/1.1" 304 -
200.75.42.226 - - [08/Aug/2023:13:12:34 -0500] "POST /sipse/faces/presentacion/financiero/solicitudAnulacion/registrarSolicitudAnulacion.xhtml HTTP/1.1" 200 614404
111.225.148.95 - - [08/Aug/2023:13:12:46 -0500] "GET /BLA/resoluciones/AUTOS%202011/1272.pdf HTTP/1.1" 200 195891
200.75.42.226 - - [08/Aug/2023:13:12:47 -0500] "POST /sipse/faces/presentacion/financiero/solicitudAnulacion/registrarSolicitudAnulacion.xhtml HTTP/1.1" 200 184
200.75.42.226 - - [08/Aug/2023:13:12:47 -0500] "POST /sipse/faces/presentacion/financiero/solicitudAnulacion/registrarSolicitudAnulacion.xhtml HTTP/1.1" 200 184
200.75.42.226 - - [08/Aug/2023:13:12:47 -0500] "GET /sipse/faces/presentacion/financiero/solicitudAnulacion/solicitudAnulacion.xhtml HTTP/1.1" 200 36398
200.75.42.226 - - [08/Aug/2023:13:12:47 -0500] "GET /sipse/faces/javax.faces.resource/theme.css?ln=primefaces-sipse HTTP/1.1" 304 -
200.75.42.226 - - [08/Aug/2023:13:12:47 -0500] "GET /sipse/faces/javax.faces.resource/jquery/jquery-plugins.js?ln=primefaces&v=4.0 HTTP/1.1" 304 -
200.75.42.226 - - [08/Aug/2023:13:12:47 -0500] "GET /sipse/faces/javax.faces.resource/jquery/jquery.js?ln=primefaces&v=4.0 HTTP/1.1" 304 -
200.75.42.226 - - [08/Aug/2023:13:12:47 -0500] "GET /sipse/faces/javax.faces.resource/layout/layout.css?ln=primefaces&v=4.0 HTTP/1.1" 304 -
200.75.42.226 - - [08/Aug/2023:13:12:47 -0500] "GET /sipse/faces/javax.faces.resource/primefaces.css?ln=primefaces&v=4.0 HTTP/1.1" 304 -
200.75.42.226 - - [08/Aug/2023:13:12:47 -0500] "GET /sipse/faces/javax.faces.resource/primefaces.js?ln=primefaces&v=4.0 HTTP/1.1" 304 -
200.75.42.226 - - [08/Aug/2023:13:12:48 -0500] "GET /sipse/faces/javax.faces.resource/layout/layout.js?ln=primefaces&v=4.0 HTTP/1.1" 304 -
200.75.42.226 - - [08/Aug/2023:13:12:48 -0500] "POST /sipse/faces/presentacion/financiero/solicitudAnulacion/solicitudAnulacion.xhtml HTTP/1.1" 200 14780
200.75.42.226 - - [08/Aug/2023:13:12:50 -0500] "POST /sipse/faces/presentacion/financiero/solicitudAnulacion/solicitudAnulacion.xhtml HTTP/1.1" 200 36063
200.75.42.226 - - [08/Aug/2023:13:12:50 -0500] "GET /sipse/faces/javax.faces.resource/primefaces.css?ln=primefaces&v=4.0 HTTP/1.1" 304 -
200.75.42.226 - - [08/Aug/2023:13:12:50 -0500] "GET /sipse/faces/javax.faces.resource/layout/layout.css?ln=primefaces&v=4.0 HTTP/1.1" 304 -
200.75.42.226 - - [08/Aug/2023:13:12:50 -0500] "GET /sipse/faces/javax.faces.resource/theme.css?ln=primefaces-sipse HTTP/1.1" 304 -
200.75.42.226 - - [08/Aug/2023:13:12:50 -0500] "GET /sipse/faces/javax.faces.resource/fileupload/fileupload.css?ln=primefaces&v=4.0 HTTP/1.1" 304 -
200.75.42.226 - - [08/Aug/2023:13:12:50 -0500] "GET /sipse/faces/javax.faces.resource/jquery/jquery.js?ln=primefaces&v=4.0 HTTP/1.1" 304 -
200.75.42.226 - - [08/Aug/2023:13:12:50 -0500] "GET /sipse/faces/javax.faces.resource/jquery/jquery-plugins.js?ln=primefaces&v=4.0 HTTP/1.1" 304 -
200.75.42.226 - - [08/Aug/2023:13:12:51 -0500] "GET /sipse/faces/javax.faces.resource/primefaces.js?ln=primefaces&v=4.0 HTTP/1.1" 304 -
200.75.42.226 - - [08/Aug/2023:13:12:51 -0500] "GET /sipse/faces/javax.faces.resource/layout/layout.js?ln=primefaces&v=4.0 HTTP/1.1" 304 -
200.75.42.226 - - [08/Aug/2023:13:12:51 -0500] "GET /sipse/faces/javax.faces.resource/fileupload/fileupload.js?ln=primefaces&v=4.0 HTTP/1.1" 304 -
200.75.42.226 - - [08/Aug/2023:13:12:54 -0500] "POST /sipse/faces/presentacion/financiero/solicitudAnulacion/registrarSolicitudAnulacion.xhtml HTTP/1.1" 200 19439
200.75.42.226 - - [08/Aug/2023:13:12:55 -0500] "POST /sipse/faces/presentacion/financiero/solicitudAnulacion/registrarSolicitudAnulacion.xhtml HTTP/1.1" 200 19453
190.249.31.99 - - [08/Aug/2023:13:12:58 -0500] "GET /kwssiamovil/sm/acme/a?s=U2FsdGVkX1/YgUXDupfkOk+agDj3MgXJlNzWWGqgPTmjkHv60s06NKyEB3k2bf+6gPzx7s4YL3yGBngxrQVjHi8p/tJIRQq3my33PLoy01Rl15q8NdNfSPpcVEsAglWDwpVA2AIpBEbR1DQx8P7tO0+kX7NfxXAKcmf607VeoMCDPHnquCgIvz2gu4280kL85aAadjY4jSub7khUYGLhSu1TbdSPm7QyhADb0hqWB9dumxQvtkIUQqEX/YopxM1Z6Ci4TfxKSvozE5KHwqRyVw==&u=U2FsdGVkX1/Dmh/p4H+nG+ObgmiW1ubJblDs5ygUAOs=&y=U2FsdGVkX1/BdckXtTQujsTH/oLb0vbLCRKgASMpBNNy8nZG8KXmqYISPHdQt2sT HTTP/1.1" 200 26
190.249.31.99 - - [08/Aug/2023:13:12:59 -0500] "GET /kwssiamovil/sm/acme/a?s=U2FsdGVkX193jgvj8DxJt2U96Skb4c9TlnHGUjrjcYFCpzzOtrADzgykqYQ3ZFEGv0KvUDAhoQW4khUISEOo/5ZmMGjQCvC9sr7Jj97Yfb0apUr1KLeJm3FI89GDHs+jIh+czlTotfZNlNPytcw62WFXcNGChVr88Vq1MJJEj/c/UQ4/NL5XhXdpEPKFOJo+egl67me1SimMdGVD2y+KxrxGVnKLTviD9heLVANB+LYfDsjFZ7iC82ZH9tOdnTnP9/IjyLWpAP0XbrKFI4mv3+mbZRvosW4PYQA0c4tWRLapC4vSFkO7mCr7c7iM+ueE94VGDpmNntZKf0E/54EqAwFkMelyjAzwU56Cp7CRqUhu3z2JuBKJ76nu90UxTe3jnWOkVFobCqOJiAHKhluNaZOGnFwp66SAOssPsKCpfw0tf64SmHBWi+LmeMaj6Uvpewdxe76g2g71YGSUji17JGgEMKALKfyDzQudyvN+ezQU7IfJ7uePY4zhqiqDveM86J2k9bFgpAWKuVPHuH83OETvHHY3c1gBQe7Ydb7E6NO3LWXnGethyvXsUnJUAwwMJXF9Ti/C71vudkSbMYtBuuMjH9vndFPLLuTCPcDx0h6HFaHxqNkgQQWto4cD2dY+zfpvsaJIOr+fu+NmNaYoOu+45GpXGEf7P0uAPxldHcZAb/x9MXTV+VFuQmGRUBjd6j90+HGhZdAX/LmInWOrB9IuiyPQen4nTakHVMHUywF91Uou+RInUGcKOBG/oieZEeigWMbfhSaj9N/EZIB+nCcOmONFDTVfp8cEYma6Q/rDU+0ocvC4ZqhA+uNVVyxGUtBIe7vvTRes9g3zLsDIehSWA3ypM/qc9B8Z6lpClXu/Q2QwNKJuRQVbljUxqIMHLeG8C2IxifoD2tKxcrrLHqxscFtl1O0MWjNFM0IFsuyrXjLMaSoZwICPwlOKzLifGio1CuPsu5ra5VIyHyV8mgI/VAfmQjyMFE2WfvZuXTirGP0px3+GPhyzG/wHj0xIXQMkobJt2eXwzmUR2CxGNgmE0BSQUxlHc0lQUg24GuqEituu0C02eBq1thc7aCrUDgnuERnKvTby+GTNtQxGLXtbRMYeMrrWVVbJKBMyL5bvNuiBVJrz7yMrSgITSUeXkNGoFwdktPqn/DOhS+JZCdtbOQBnol3M11Q0+vwnIOcXz4uXpWwS1z2KeY2uO6Xs9QZaRbbOtjGLyhqF9BscZC0jnfKDctPOIW64fFFFFlzcuRsPxMGCEkaOCt4KkfGuGdsWrCh1Wx6/K69Ypbw0UkoKzZllT2610Fj0hdnizCdhvpWQ4GnpoPMQe2g8F+KsTZ1r/gr9JKcvssOB322CfhK7gB4o350aW5FgStHU4H7da4epuJJZ5wR/n2vSpdi1spXG6kWc4EMfb4ZnYg4f+rAR4iSFzy+yoyBJRP+OCpC/HuiAwwdipQRepdGqh4xU9SJHHxQHFGPFcs9lO8kpvquRtalczhARjqHVKK2gXaTon675/RorMOeDq1MWUEykbbieCLx6pG7JVuCWyriX4srWnj9OrPahymzDWorhmqA+vQbK/xrb3FblgKeOFTjICxG8E4RxgJb2RlCL6BZoBRH2QwhGMPxZpygIK3SsolH4kcwyj8AzSxYvawraVyQpCyX5nypUiK0DHI0Cnr7fMqFmlHtMOuPveyWwfUH0ld2Y6x6lbwQT6hjNRIWT3EVWNbE5Z8biVi0jrvC4zMpRtFZFLysa1B9FV+Q6vrRlu7JLE/vtpjLGjusTRdeXq1T7ItAnzvZngABScqCUa16Uc0n6/s+zWVbkSQu0wSE4i+h/KkjjSLhRdNKd2o8s7dVrbOYxauY3yuZe78jHQa2/QXq32+BzyA39ATASPdGh1zD3/ncrs9X30VVv2WgZCRrvvhGQeyPHevYRHsEaqS+EvxHGiN9Ufm1lu/JuEq0G9AdLvhsfDKrXUQv2ppe/biHRTgZ2lrkY7fi4nPjtNjtuLdo3joNIhZppwYhe9yfDzzYHbxKkJLLBFDzZ0FwTvOic2zO62SlD7ejQVjOcdrKkfp7mVPALEbBqwsiqbJ86sd2Y4axg/sTcJtCxaZAufk3/Wsxg6cuUY2aU++X5lkgETm5wibqXAkAdugqlJHKkoZE=&u=U2FsdGVkX1/Dmh/p4H+nG+ObgmiW1ubJblDs5ygUAOs=&y=U2FsdGVkX1/BdckXtTQujsTH/oLb0vbLCRKgASMpBNNy8nZG8KXmqYISPHdQt2sT HTTP/1.1" 200 26
190.249.31.99 - - [08/Aug/2023:13:12:59 -0500] "GET /kwssiamovil/sm/acme/a?s=U2FsdGVkX192anCPfF3Hr0G/5iFhTW9MSMYC+CmB5usjZtPlQhNsc9l0CSYHXZlaS8QTLO6O2BqJ7s5bAj9E639JHDQ3e5LUq5CnQOUOdCne306x77ant4WpELUJL+C8u1By8nnTUtvLPLeOChjm7B52QhD4QTATdVeH5oZQLIY=&u=U2FsdGVkX1/Dmh/p4H+nG+ObgmiW1ubJblDs5ygUAOs=&y=U2FsdGVkX1/BdckXtTQujsTH/oLb0vbLCRKgASMpBNNy8nZG8KXmqYISPHdQt2sT HTTP/1.1" 200 26
190.249.31.99 - - [08/Aug/2023:13:12:59 -0500] "GET /kwssiamovil/sm/acme/a?s=U2FsdGVkX1+eFFcvWsARd2JjX33nVbdMktemBmOE6cgYPRvpsLHvQoDea5H8qIe3GObzul8M9ARAa3wnSFExTCVu4bUUkOhMmknP7hajSBV9mYOPLS7nBblQZLn6vJFjT0Rrq4deuSdsYYkxbm8Eq/HeN5oSZPMxLoqjm9Piklc=&u=U2FsdGVkX1/Dmh/p4H+nG+ObgmiW1ubJblDs5ygUAOs=&y=U2FsdGVkX1/BdckXtTQujsTH/oLb0vbLCRKgASMpBNNy8nZG8KXmqYISPHdQt2sT HTTP/1.1" 200 26
190.249.31.99 - - [08/Aug/2023:13:12:59 -0500] "GET /kwssiamovil/sm/acme/a?s=U2FsdGVkX18QKW/6rVcaQh1G/8IZ8hupx74cRsEomIA3cccAppTOQbgQydRvnTqgWEG+sHdeXFgaM/EdUhBNN6tWFVz9R2cVJhEb3w98N0ykqJJQPVVxG1P0b8ps/68KH/9jcZVy4NBkPCAFcbnSYKc5poH0j3CRPpFc1ZZzQCg=&u=U2FsdGVkX1/Dmh/p4H+nG+ObgmiW1ubJblDs5ygUAOs=&y=U2FsdGVkX1/BdckXtTQujsTH/oLb0vbLCRKgASMpBNNy8nZG8KXmqYISPHdQt2sT HTTP/1.1" 200 26
190.249.31.99 - - [08/Aug/2023:13:13:00 -0500] "GET /kwssiamovil/sm/acme/a?s=U2FsdGVkX19YXfNiVXIUXKTYqSKAc1rHj7hzgbAIyX47XZkcVFIuHgHruDjt0N2KdMdBmlQMO/33lR9ILwlj0GzxtLCGBl0QJ2Of5jvV9HgA2Ou3SoX1ODZ+4mx17AylPMgsgQoDZjlwGs7U8INB0ZNGdNlDzLMXbE0mrunTnByDTNIIE6k5xpmn4dqiIhpx&u=U2FsdGVkX1/Dmh/p4H+nG+ObgmiW1ubJblDs5ygUAOs=&y=U2FsdGVkX1/BdckXtTQujsTH/oLb0vbLCRKgASMpBNNy8nZG8KXmqYISPHdQt2sT HTTP/1.1" 200 26
111.225.149.170 - - [08/Aug/2023:13:13:10 -0500] "GET /BLA/resoluciones/AUTOS%202015/0207.pdf HTTP/1.1" 200 523696
200.75.42.226 - - [08/Aug/2023:13:13:11 -0500] "POST /sipse/faces/presentacion/financiero/solicitudAnulacion/registrarSolicitudAnulacion.xhtml HTTP/1.1" 200 3866
201.245.192.253 - - [08/Aug/2023:13:13:11 -0500] "POST /forms/lservlet;jsessionid=ac16012b30d6b0caa5b3998f4732b23bfd681e503f1d.e3iSbxaKaheRe34KbxiPbh0Naxr0n6jAmljGr5XDqQLvpAe HTTP/1.1" 200 2
201.245.192.253 - - [08/Aug/2023:13:13:16 -0500] "POST /forms/lservlet;jsessionid=ac16012b30d69971b815efd24721bc909aacf17b6376.e3iSbxaKaheRe34KbxiPbh0Naxr0n6jAmljGr5XDqQLvpAe HTTP/1.1" 200 2
111.225.149.166 - - [08/Aug/2023:13:13:34 -0500] "GET /BLA/resoluciones/AUTOS%202009/2602.pdf HTTP/1.1" 200 104111
200.75.42.226 - - [08/Aug/2023:13:13:41 -0500] "POST /sipse/faces/presentacion/financiero/solicitudAnulacion/registrarSolicitudAnulacion.xhtml HTTP/1.1" 200 40755
200.75.42.226 - - [08/Aug/2023:13:13:42 -0500] "GET /sipse/faces/javax.faces.resource/theme.css?ln=primefaces-sipse HTTP/1.1" 304 -
200.75.42.226 - - [08/Aug/2023:13:13:42 -0500] "GET /sipse/faces/javax.faces.resource/primefaces.css?ln=primefaces&v=4.0 HTTP/1.1" 304 -
200.75.42.226 - - [08/Aug/2023:13:13:42 -0500] "GET /sipse/faces/javax.faces.resource/layout/layout.css?ln=primefaces&v=4.0 HTTP/1.1" 304 -
200.75.42.226 - - [08/Aug/2023:13:13:42 -0500] "GET /sipse/faces/javax.faces.resource/jquery/jquery.js?ln=primefaces&v=4.0 HTTP/1.1" 304 -
200.75.42.226 - - [08/Aug/2023:13:13:42 -0500] "GET /sipse/faces/javax.faces.resource/jquery/jquery-plugins.js?ln=primefaces&v=4.0 HTTP/1.1" 304 -
200.75.42.226 - - [08/Aug/2023:13:13:42 -0500] "GET /sipse/faces/javax.faces.resource/primefaces.js?ln=primefaces&v=4.0 HTTP/1.1" 304 -
200.75.42.226 - - [08/Aug/2023:13:13:43 -0500] "GET /sipse/faces/javax.faces.resource/layout/layout.js?ln=primefaces&v=4.0 HTTP/1.1" 304 -
200.75.42.226 - - [08/Aug/2023:13:13:46 -0500] "POST /sipse/faces/presentacion/financiero/solicitudProceso/consultar.xhtml HTTP/1.1" 200 12703
200.75.42.226 - - [08/Aug/2023:13:13:48 -0500] "POST /sipse/faces/presentacion/financiero/solicitudProceso/consultar.xhtml HTTP/1.1" 200 48345
200.75.42.226 - - [08/Aug/2023:13:13:49 -0500] "GET /sipse/faces/javax.faces.resource/primefaces.css?ln=primefaces&v=4.0 HTTP/1.1" 304 -
200.75.42.226 - - [08/Aug/2023:13:13:49 -0500] "GET /sipse/faces/javax.faces.resource/fileupload/fileupload.css?ln=primefaces&v=4.0 HTTP/1.1" 304 -
200.75.42.226 - - [08/Aug/2023:13:13:49 -0500] "GET /sipse/faces/javax.faces.resource/layout/layout.css?ln=primefaces&v=4.0 HTTP/1.1" 304 -
200.75.42.226 - - [08/Aug/2023:13:13:49 -0500] "GET /sipse/faces/javax.faces.resource/theme.css?ln=primefaces-sipse HTTP/1.1" 304 -
200.75.42.226 - - [08/Aug/2023:13:13:49 -0500] "GET /sipse/faces/javax.faces.resource/jquery/jquery.js?ln=primefaces&v=4.0 HTTP/1.1" 304 -
200.75.42.226 - - [08/Aug/2023:13:13:49 -0500] "GET /sipse/faces/javax.faces.resource/jquery/jquery-plugins.js?ln=primefaces&v=4.0 HTTP/1.1" 304 -
200.75.42.226 - - [08/Aug/2023:13:13:49 -0500] "GET /sipse/faces/javax.faces.resource/primefaces.js?ln=primefaces&v=4.0 HTTP/1.1" 304 -
200.75.42.226 - - [08/Aug/2023:13:13:50 -0500] "GET /sipse/faces/javax.faces.resource/layout/layout.js?ln=primefaces&v=4.0 HTTP/1.1" 304 -
200.75.42.226 - - [08/Aug/2023:13:13:50 -0500] "GET /sipse/faces/javax.faces.resource/fileupload/fileupload.js?ln=primefaces&v=4.0 HTTP/1.1" 304 -
110.249.202.8 - - [08/Aug/2023:13:13:58 -0500] "GET /BLA/resoluciones/AUTOS%202008/3240.pdf HTTP/1.1" 200 60880
200.75.42.226 - - [08/Aug/2023:13:14:06 -0500] "POST /sipse/faces/presentacion/financiero/solicitudAnulacion/registrarSolicitudAnulacion.xhtml HTTP/1.1" 200 10058
111.225.149.58 - - [08/Aug/2023:13:14:23 -0500] "GET /BLA/resoluciones/AUTOS%202016/0444.pdf HTTP/1.1" 200 811436
200.75.42.226 - - [08/Aug/2023:13:14:30 -0500] "POST /sipse/faces/presentacion/financiero/solicitudAnulacion/registrarSolicitudAnulacion.xhtml HTTP/1.1" 200 57023
200.75.42.226 - - [08/Aug/2023:13:14:31 -0500] "GET /sipse/faces/javax.faces.resource/primefaces.css?ln=primefaces&v=4.0 HTTP/1.1" 304 -
200.75.42.226 - - [08/Aug/2023:13:14:31 -0500] "GET /sipse/faces/javax.faces.resource/theme.css?ln=primefaces-sipse HTTP/1.1" 304 -
200.75.42.226 - - [08/Aug/2023:13:14:31 -0500] "GET /sipse/faces/javax.faces.resource/layout/layout.css?ln=primefaces&v=4.0 HTTP/1.1" 304 -
200.75.42.226 - - [08/Aug/2023:13:14:31 -0500] "GET /sipse/faces/javax.faces.resource/jquery/jquery.js?ln=primefaces&v=4.0 HTTP/1.1" 304 -
200.75.42.226 - - [08/Aug/2023:13:14:31 -0500] "GET /sipse/faces/javax.faces.resource/fileupload/fileupload.css?ln=primefaces&v=4.0 HTTP/1.1" 304 -
