201.245.192.253 - - [08/Aug/2023:09:33:44 -0500] "POST /forms/lservlet;jsessionid=ac16012b30d6581616cf8e6847209433d5cf7802bbac.e3iSbxaKaheRe34KbxiPbh0Naxr0n6jAmljGr5XDqQLvpAe HTTP/1.1" 200 2
111.225.149.4 - - [08/Aug/2023:09:33:48 -0500] "GET /BLA/resoluciones/AUTOS%202008/2532.pdf HTTP/1.1" 200 89735
111.225.148.105 - - [08/Aug/2023:09:34:12 -0500] "GET /BLA/resoluciones/AUTOS%202013/3181.pdf HTTP/1.1" 200 538661
200.118.80.45 - - [08/Aug/2023:09:32:10 -0500] "POST /sipse/faces/presentacion/financiero/solicitudProceso/consultarSolicitudProceso.xhtml HTTP/1.1" 200 37450
200.118.80.45 - - [08/Aug/2023:09:34:18 -0500] "GET /sipse/faces/javax.faces.resource/theme.css?ln=primefaces-sipse HTTP/1.1" 304 -
200.118.80.45 - - [08/Aug/2023:09:34:19 -0500] "GET /sipse/faces/javax.faces.resource/primefaces.css?ln=primefaces&v=4.0 HTTP/1.1" 304 -
200.118.80.45 - - [08/Aug/2023:09:34:19 -0500] "GET /sipse/faces/javax.faces.resource/jquery/jquery.js?ln=primefaces&v=4.0 HTTP/1.1" 304 -
200.118.80.45 - - [08/Aug/2023:09:34:19 -0500] "GET /sipse/faces/javax.faces.resource/jquery/jquery-plugins.js?ln=primefaces&v=4.0 HTTP/1.1" 304 -
200.118.80.45 - - [08/Aug/2023:09:34:19 -0500] "GET /sipse/faces/javax.faces.resource/primefaces.js?ln=primefaces&v=4.0 HTTP/1.1" 304 -
200.118.80.45 - - [08/Aug/2023:09:34:19 -0500] "GET /sipse/faces/javax.faces.resource/layout/layout.js?ln=primefaces&v=4.0 HTTP/1.1" 304 -
200.118.80.45 - - [08/Aug/2023:09:34:19 -0500] "GET /sipse/faces/javax.faces.resource/layout/layout.css?ln=primefaces&v=4.0 HTTP/1.1" 304 -
200.118.80.45 - - [08/Aug/2023:09:34:19 -0500] "POST /sipse/faces/presentacion/financiero/solicitudProceso/listarSolicitudProceso.xhtml HTTP/1.1" 200 1400
111.225.149.159 - - [08/Aug/2023:09:34:37 -0500] "GET /BLA/resoluciones/AUTOS%202015/1449.pdf HTTP/1.1" 200 174700
40.77.167.233 - - [08/Aug/2023:09:34:44 -0500] "GET /BLA/resoluciones/RESOLUCIONES%202023/0897.pdf HTTP/1.1" 200 509328
200.118.80.45 - - [08/Aug/2023:09:34:49 -0500] "POST /sipse/faces/presentacion/financiero/solicitudProceso/listarSolicitudProceso.xhtml HTTP/1.1" 200 17666
201.245.192.253 - - [08/Aug/2023:09:34:58 -0500] "POST /forms/lservlet;jsessionid=ac16012b30d6b0caa5b3998f4732b23bfd681e503f1d.e3iSbxaKaheRe34KbxiPbh0Naxr0n6jAmljGr5XDqQLvpAe HTTP/1.1" 200 2
172.22.2.4 - - [08/Aug/2023:09:33:21 -0500] "HEAD /BLA/boletinlegal/ HTTP/1.1" 200 -
111.225.149.165 - - [08/Aug/2023:09:35:04 -0500] "GET /BLA/resoluciones/AUTOS%202008/2031.pdf HTTP/1.1" 200 150042
111.225.148.201 - - [08/Aug/2023:09:35:25 -0500] "GET /BLA/resoluciones/AUTOS%202013/1693.pdf HTTP/1.1" 200 319799
201.245.192.253 - - [08/Aug/2023:09:35:44 -0500] "POST /forms/lservlet;jsessionid=ac16012b30d6581616cf8e6847209433d5cf7802bbac.e3iSbxaKaheRe34KbxiPbh0Naxr0n6jAmljGr5XDqQLvpAe HTTP/1.1" 200 2
110.249.202.139 - - [08/Aug/2023:09:35:49 -0500] "GET /BLA/resoluciones/AUTOS%202009/1122.pdf HTTP/1.1" 200 95970
172.22.2.4 - - [08/Aug/2023:09:34:11 -0500] "GET /BLA/boletinlegal/ HTTP/1.1" 200 58474
66.249.70.197 - - [08/Aug/2023:09:35:52 -0500] "GET /BLA/resoluciones/RESOLUCIONES%202013/2315.pdf HTTP/1.1" 200 688475
186.29.124.186 - - [08/Aug/2023:09:36:06 -0500] "GET /appsia/controlador HTTP/1.1" 200 4799
186.29.124.186 - - [08/Aug/2023:09:36:06 -0500] "GET /appsia/scripts/validarIngreso.js HTTP/1.1" 200 851
186.29.124.186 - - [08/Aug/2023:09:36:06 -0500] "GET /appsia/css/estilos.css HTTP/1.1" 200 4804
186.29.124.186 - - [08/Aug/2023:09:36:06 -0500] "GET /appsia/images/cabezoteHojaVida.png HTTP/1.1" 200 32493
186.29.124.186 - - [08/Aug/2023:09:36:06 -0500] "GET /appsia/images/logo_bogota_p.png HTTP/1.1" 200 14951
186.29.124.186 - - [08/Aug/2023:09:36:06 -0500] "GET /favicon.ico HTTP/1.1" 200 7782
216.245.221.92 - - [08/Aug/2023:09:36:12 -0500] "HEAD / HTTP/1.1" 200 -
186.29.124.186 - - [08/Aug/2023:09:36:15 -0500] "POST /appsia/controlador HTTP/1.1" 200 5437
186.28.85.54 - - [08/Aug/2023:09:36:13 -0500] "GET /kwssiamovil/sm/des/cjson/pre?f=9&x=U2FsdGVkX19vpnVF0nGKqtyvKUUNkEhKq88669L91bXFJyEn1vsy1xIOXVn/GyYw HTTP/1.1" 200 25142
186.28.85.54 - - [08/Aug/2023:09:36:19 -0500] "GET /favicon.ico HTTP/1.1" 200 7782
186.29.124.186 - - [08/Aug/2023:09:36:19 -0500] "POST /appsia/controlador HTTP/1.1" 200 7783
52.167.144.33 - - [08/Aug/2023:09:36:21 -0500] "GET /BLA/resoluciones/RESOLUCIONES%202017/3644.pdf HTTP/1.1" 200 374362
111.225.148.205 - - [08/Aug/2023:09:36:22 -0500] "GET /BLA/resoluciones/AUTOS%202011/1337.pdf HTTP/1.1" 200 182932
186.29.124.186 - - [08/Aug/2023:09:36:23 -0500] "POST /appsia/controlador HTTP/1.1" 200 6648
186.28.85.54 - - [08/Aug/2023:09:36:20 -0500] "GET /kwssiamovil/sm/des/cjson/pre?f=3&x=U2FsdGVkX19vpnVF0nGKqtyvKUUNkEhKq88669L91bXFJyEn1vsy1xIOXVn/GyYw HTTP/1.1" 200 94900
186.29.124.186 - - [08/Aug/2023:09:36:25 -0500] "POST /appsia/controlador HTTP/1.1" 200 11662
40.77.167.233 - - [08/Aug/2023:09:36:25 -0500] "GET /BLA/resoluciones/index.php?dir=RESOLUCIONES+2017%2F HTTP/1.1" 200 286491
40.77.190.150 - - [08/Aug/2023:09:36:28 -0500] "GET /BLA/resoluciones/dlf/styles.css HTTP/1.1" 200 3049
181.48.255.196 - - [08/Aug/2023:09:36:28 -0500] "GET /appsia/controlador HTTP/1.1" 200 4799
181.48.255.196 - - [08/Aug/2023:09:36:29 -0500] "GET /appsia/scripts/validarIngreso.js HTTP/1.1" 200 851
186.29.124.186 - - [08/Aug/2023:09:36:27 -0500] "POST /appsia/controlador HTTP/1.1" 200 17851
186.29.124.186 - - [08/Aug/2023:09:36:29 -0500] "POST /appsia/controlador HTTP/1.1" 200 76019
181.48.255.196 - - [08/Aug/2023:09:36:30 -0500] "GET /appsia/images/cabezoteHojaVida.png HTTP/1.1" 200 32493
181.48.255.196 - - [08/Aug/2023:09:36:30 -0500] "GET /appsia/css/estilos.css HTTP/1.1" 200 4804
181.48.255.196 - - [08/Aug/2023:09:36:30 -0500] "GET /appsia/images/logo_bogota_p.png HTTP/1.1" 200 14951
186.28.85.54 - - [08/Aug/2023:09:36:30 -0500] "GET /kwssiamovil/sm/cjson/pre?f=3&x=U2FsdGVkX19vpnVF0nGKqtyvKUUNkEhKq88669L91bXFJyEn1vsy1xIOXVn/GyYw HTTP/1.1" 200 94900
192.168.176.52 - - [08/Aug/2023:09:36:35 -0500] "GET /BLA/boletinlegal/admin/actos/ingresar.php HTTP/1.1" 200 7209
192.168.176.52 - - [08/Aug/2023:09:36:36 -0500] "GET /BLA/boletinlegal/images/favicon.ico HTTP/1.1" 404 1316
110.249.201.48 - - [08/Aug/2023:09:36:38 -0500] "GET /BLA/resoluciones/AUTOS%202017/1336.pdf HTTP/1.1" 200 285367
186.80.108.8 - - [08/Aug/2023:09:36:54 -0500] "POST /sipse/faces/presentacion/financiero/solicitudProceso/consultarSolicitudProceso.xhtml HTTP/1.1" 200 30129
186.80.108.8 - - [08/Aug/2023:09:36:54 -0500] "GET /sipse/faces/javax.faces.resource/theme.css?ln=primefaces-sipse HTTP/1.1" 304 -
186.80.108.8 - - [08/Aug/2023:09:36:55 -0500] "GET /sipse/faces/javax.faces.resource/primefaces.css?ln=primefaces&v=4.0 HTTP/1.1" 304 -
186.80.108.8 - - [08/Aug/2023:09:36:55 -0500] "GET /sipse/faces/javax.faces.resource/layout/layout.css?ln=primefaces&v=4.0 HTTP/1.1" 304 -
186.80.108.8 - - [08/Aug/2023:09:36:55 -0500] "GET /sipse/css/imagen/contrasena.png HTTP/1.1" 404 383
186.80.108.8 - - [08/Aug/2023:09:36:55 -0500] "GET /sipse/faces/javax.faces.resource/jquery/jquery.js?ln=primefaces&v=4.0 HTTP/1.1" 304 -
186.80.108.8 - - [08/Aug/2023:09:36:55 -0500] "GET /sipse/faces/javax.faces.resource/jquery/jquery-plugins.js?ln=primefaces&v=4.0 HTTP/1.1" 304 -
186.80.108.8 - - [08/Aug/2023:09:36:55 -0500] "GET /sipse/faces/javax.faces.resource/primefaces.js?ln=primefaces&v=4.0 HTTP/1.1" 304 -
186.80.108.8 - - [08/Aug/2023:09:36:55 -0500] "GET /sipse/faces/javax.faces.resource/layout/layout.js?ln=primefaces&v=4.0 HTTP/1.1" 304 -
186.80.108.8 - - [08/Aug/2023:09:36:55 -0500] "GET /sipse/faces/javax.faces.resource/images/ui-icons_898989_256x240.png?ln=primefaces-aristo HTTP/1.1" 304 -
186.80.108.8 - - [08/Aug/2023:09:36:59 -0500] "GET /sipse/faces/javax.faces.resource/images/ui-bg_flat_0_2d5972_40x100.png?ln=primefaces-aristo HTTP/1.1" 304 -
186.80.108.8 - - [08/Aug/2023:09:36:59 -0500] "POST /sipse/faces/presentacion/financiero/solicitudProceso/solicitudProcesoOtrosPagos.xhtml HTTP/1.1" 200 54365
186.80.108.8 - - [08/Aug/2023:09:37:00 -0500] "GET /sipse/faces/javax.faces.resource/theme.css?ln=primefaces-sipse HTTP/1.1" 304 -
186.80.108.8 - - [08/Aug/2023:09:37:00 -0500] "GET /sipse/faces/javax.faces.resource/primefaces.css?ln=primefaces&v=4.0 HTTP/1.1" 304 -
186.80.108.8 - - [08/Aug/2023:09:37:00 -0500] "GET /sipse/faces/javax.faces.resource/fileupload/fileupload.css?ln=primefaces&v=4.0 HTTP/1.1" 304 -
186.80.108.8 - - [08/Aug/2023:09:37:00 -0500] "GET /sipse/faces/javax.faces.resource/layout/layout.css?ln=primefaces&v=4.0 HTTP/1.1" 304 -
186.80.108.8 - - [08/Aug/2023:09:37:00 -0500] "GET /sipse/faces/javax.faces.resource/jquery/jquery.js?ln=primefaces&v=4.0 HTTP/1.1" 304 -
186.80.108.8 - - [08/Aug/2023:09:37:00 -0500] "GET /sipse/faces/javax.faces.resource/jquery/jquery-plugins.js?ln=primefaces&v=4.0 HTTP/1.1" 304 -
186.80.108.8 - - [08/Aug/2023:09:37:00 -0500] "GET /sipse/faces/javax.faces.resource/primefaces.js?ln=primefaces&v=4.0 HTTP/1.1" 304 -
186.80.108.8 - - [08/Aug/2023:09:37:00 -0500] "GET /sipse/faces/javax.faces.resource/layout/layout.js?ln=primefaces&v=4.0 HTTP/1.1" 304 -
186.80.108.8 - - [08/Aug/2023:09:37:00 -0500] "GET /sipse/faces/javax.faces.resource/fileupload/fileupload.js?ln=primefaces&v=4.0 HTTP/1.1" 304 -
66.249.70.198 - - [08/Aug/2023:09:37:00 -0500] "GET /BLA/resoluciones/RESOLUCIONES%202009/6781.pdf HTTP/1.1" 200 641452
201.245.192.253 - - [08/Aug/2023:09:36:58 -0500] "POST /kwsrmcab/Wsrmcab  HTTP/1.1" 200 42098
201.245.192.253 - - [08/Aug/2023:09:37:01 -0500] "POST /forms/lservlet;jsessionid=ac16012b30d6b0caa5b3998f4732b23bfd681e503f1d.e3iSbxaKaheRe34KbxiPbh0Naxr0n6jAmljGr5XDqQLvpAe HTTP/1.1" 200 2
111.225.149.166 - - [08/Aug/2023:09:37:05 -0500] "GET /BLA/resoluciones/AUTOS%202008/0025.pdf HTTP/1.1" 200 86358
192.168.176.52 - - [08/Aug/2023:09:37:06 -0500] "POST /BLA/boletinlegal/admin/actos/ingresar.php HTTP/1.1" 200 7302
110.249.202.162 - - [08/Aug/2023:09:37:26 -0500] "GET /BLA/resoluciones/AUTOS%202013/1764.pdf HTTP/1.1" 200 519503
201.245.192.253 - - [08/Aug/2023:09:37:44 -0500] "POST /forms/lservlet;jsessionid=ac16012b30d6581616cf8e6847209433d5cf7802bbac.e3iSbxaKaheRe34KbxiPbh0Naxr0n6jAmljGr5XDqQLvpAe HTTP/1.1" 200 2
110.249.201.5 - - [08/Aug/2023:09:37:50 -0500] "GET /BLA/resoluciones/AUTOS%202012/2733.pdf HTTP/1.1" 200 395805
110.249.201.139 - - [08/Aug/2023:09:38:14 -0500] "GET /BLA/resoluciones/AUTOS%202015/1833.pdf HTTP/1.1" 200 508786
192.168.176.52 - - [08/Aug/2023:09:38:21 -0500] "POST /BLA/boletinlegal/admin/actos/ingresar.php HTTP/1.1" 200 7302
110.249.202.69 - - [08/Aug/2023:09:38:38 -0500] "GET /BLA/resoluciones/AUTOS%202011/2465.pdf HTTP/1.1" 200 156467
186.80.108.8 - - [08/Aug/2023:09:38:41 -0500] "POST /sipse/faces/presentacion/financiero/solicitudProceso/detalleSolicitudProcesoOtrosPagos.xhtml HTTP/1.1" 200 13726
186.80.108.8 - - [08/Aug/2023:09:38:41 -0500] "GET /sipse/faces/javax.faces.resource/theme.css?ln=primefaces-sipse HTTP/1.1" 304 -
186.80.108.8 - - [08/Aug/2023:09:38:41 -0500] "GET /sipse/faces/javax.faces.resource/primefaces.css?ln=primefaces&v=4.0 HTTP/1.1" 304 -
186.80.108.8 - - [08/Aug/2023:09:38:41 -0500] "GET /sipse/faces/javax.faces.resource/layout/layout.css?ln=primefaces&v=4.0 HTTP/1.1" 304 -
186.80.108.8 - - [08/Aug/2023:09:38:41 -0500] "GET /sipse/faces/javax.faces.resource/jquery/jquery.js?ln=primefaces&v=4.0 HTTP/1.1" 304 -
186.80.108.8 - - [08/Aug/2023:09:38:41 -0500] "GET /sipse/faces/javax.faces.resource/jquery/jquery-plugins.js?ln=primefaces&v=4.0 HTTP/1.1" 304 -
186.80.108.8 - - [08/Aug/2023:09:38:41 -0500] "GET /sipse/faces/javax.faces.resource/primefaces.js?ln=primefaces&v=4.0 HTTP/1.1" 304 -
186.80.108.8 - - [08/Aug/2023:09:38:41 -0500] "GET /sipse/faces/javax.faces.resource/layout/layout.js?ln=primefaces&v=4.0 HTTP/1.1" 304 -
172.22.2.4 - - [08/Aug/2023:09:38:49 -0500] "GET /BLA/boletinlegal/images/historia.png HTTP/1.1" 200 52775
172.22.2.4 - - [08/Aug/2023:09:38:49 -0500] "GET /BLA/boletinlegal/js/jquery.js HTTP/1.1" 200 57254
172.22.2.4 - - [08/Aug/2023:09:38:49 -0500] "GET /BLA/boletinlegal/images/registro-usuarios.png HTTP/1.1" 200 8106
172.22.2.4 - - [08/Aug/2023:09:38:49 -0500] "GET /BLA/boletinlegal/images/screen_1.png HTTP/1.1" 200 202547
172.22.2.4 - - [08/Aug/2023:09:38:49 -0500] "GET /BLA/boletinlegal/images/menu_lft.gif HTTP/1.1" 200 1713
172.22.2.4 - - [08/Aug/2023:09:38:49 -0500] "GET /BLA/boletinlegal/images/hover.jpg HTTP/1.1" 200 640
172.22.2.4 - - [08/Aug/2023:09:38:55 -0500] "GET /BLA/boletinlegal/actos.php HTTP/1.1" 200 9682
172.22.2.4 - - [08/Aug/2023:09:38:55 -0500] "GET /BLA/boletinlegal/js/jquery1.js HTTP/1.1" 200 29846
172.22.2.4 - - [08/Aug/2023:09:38:55 -0500] "GET /BLA/boletinlegal/images/green-yellow-blue-pink-th.png HTTP/1.1" 200 7394
172.22.2.4 - - [08/Aug/2023:09:38:55 -0500] "GET /BLA/boletinlegal/images/footer_bg_l.jpg HTTP/1.1" 200 776
172.22.2.4 - - [08/Aug/2023:09:38:55 -0500] "GET /BLA/boletinlegal/img/0.png HTTP/1.1" 200 110
172.22.2.4 - - [08/Aug/2023:09:38:55 -0500] "GET /BLA/boletinlegal/img/select-right.png HTTP/1.1" 200 44019
172.22.2.4 - - [08/Aug/2023:09:38:55 -0500] "GET /BLA/boletinlegal/img/button-right.png HTTP/1.1" 200 57878
172.22.2.4 - - [08/Aug/2023:09:38:55 -0500] "GET /BLA/boletinlegal/img/button-left.png HTTP/1.1" 200 57071
172.22.2.4 - - [08/Aug/2023:09:38:56 -0500] "GET /BLA/boletinlegal/apple-touch-icon-precomposed.png HTTP/1.1" 404 1140
172.22.2.4 - - [08/Aug/2023:09:38:56 -0500] "GET /BLA/boletinlegal/apple-touch-icon.png HTTP/1.1" 404 1140
186.144.252.26 - - [08/Aug/2023:09:39:00 -0500] "GET /BLA/resoluciones/ HTTP/1.1" 200 13502
186.144.252.26 - - [08/Aug/2023:09:39:00 -0500] "GET /BLA/resoluciones/dlf/folder.png HTTP/1.1" 200 410
186.144.252.26 - - [08/Aug/2023:09:39:00 -0500] "GET /apple-touch-icon-precomposed.png HTTP/1.1" 404 1120
186.144.252.26 - - [08/Aug/2023:09:39:00 -0500] "GET /apple-touch-icon.png HTTP/1.1" 404 1120
201.245.192.253 - - [08/Aug/2023:09:39:01 -0500] "POST /forms/lservlet;jsessionid=ac16012b30d6b0caa5b3998f4732b23bfd681e503f1d.e3iSbxaKaheRe34KbxiPbh0Naxr0n6jAmljGr5XDqQLvpAe HTTP/1.1" 200 2
110.249.201.172 - - [08/Aug/2023:09:39:02 -0500] "GET /BLA/resoluciones/AUTOS%202016/1262.pdf HTTP/1.1" 200 472791
186.80.108.8 - - [08/Aug/2023:09:39:02 -0500] "POST /sipse/faces/presentacion/financiero/solicitudProceso/anotacionesSolicitudProcesoOtrosPagos.xhtml HTTP/1.1" 200 54365
186.80.108.8 - - [08/Aug/2023:09:39:02 -0500] "GET /sipse/faces/javax.faces.resource/theme.css?ln=primefaces-sipse HTTP/1.1" 304 -
186.80.108.8 - - [08/Aug/2023:09:39:02 -0500] "GET /sipse/faces/javax.faces.resource/jquery/jquery.js?ln=primefaces&v=4.0 HTTP/1.1" 304 -
186.80.108.8 - - [08/Aug/2023:09:39:02 -0500] "GET /sipse/faces/javax.faces.resource/primefaces.css?ln=primefaces&v=4.0 HTTP/1.1" 304 -
186.80.108.8 - - [08/Aug/2023:09:39:02 -0500] "GET /sipse/faces/javax.faces.resource/layout/layout.css?ln=primefaces&v=4.0 HTTP/1.1" 304 -
186.80.108.8 - - [08/Aug/2023:09:39:02 -0500] "GET /sipse/faces/javax.faces.resource/fileupload/fileupload.css?ln=primefaces&v=4.0 HTTP/1.1" 304 -
186.80.108.8 - - [08/Aug/2023:09:39:02 -0500] "GET /sipse/faces/javax.faces.resource/jquery/jquery-plugins.js?ln=primefaces&v=4.0 HTTP/1.1" 304 -
186.80.108.8 - - [08/Aug/2023:09:39:02 -0500] "GET /sipse/faces/javax.faces.resource/primefaces.js?ln=primefaces&v=4.0 HTTP/1.1" 304 -
186.80.108.8 - - [08/Aug/2023:09:39:03 -0500] "GET /sipse/faces/javax.faces.resource/layout/layout.js?ln=primefaces&v=4.0 HTTP/1.1" 304 -
186.80.108.8 - - [08/Aug/2023:09:39:03 -0500] "GET /sipse/faces/javax.faces.resource/fileupload/fileupload.js?ln=primefaces&v=4.0 HTTP/1.1" 304 -
186.144.252.26 - - [08/Aug/2023:09:39:05 -0500] "GET /BLA/resoluciones/dlf/pdf.gif HTTP/1.1" 200 272
186.144.252.26 - - [08/Aug/2023:09:39:05 -0500] "GET /BLA/resoluciones/index.php?dir=AUTOS+2018%2F HTTP/1.1" 200 462202
186.144.252.26 - - [08/Aug/2023:09:39:06 -0500] "GET /BLA/resoluciones/dlf/archive.png HTTP/1.1" 200 632
186.80.108.8 - - [08/Aug/2023:09:39:06 -0500] "POST /sipse/faces/presentacion/financiero/solicitudProceso/detalleSolicitudProcesoOtrosPagos.xhtml HTTP/1.1" 200 3511
201.245.192.253 - - [08/Aug/2023:09:39:20 -0500] "POST /kwsrmcab/Wsrmcab HTTP/1.1" 200 42969
201.245.192.253 - - [08/Aug/2023:09:39:23 -0500] "POST /kwsrmcab/Wsrmcab HTTP/1.1" 200 42527
192.168.176.52 - - [08/Aug/2023:09:39:25 -0500] "POST /BLA/boletinlegal/admin/actos/ingresar.php HTTP/1.1" 200 7302
111.225.148.74 - - [08/Aug/2023:09:39:26 -0500] "GET /BLA/resoluciones/AUTOS%202008/0908.pdf HTTP/1.1" 200 70531
172.22.2.4 - - [08/Aug/2023:09:38:49 -0500] "GET /BLA/boletinlegal/ HTTP/1.1" 200 24523
172.22.2.4 - - [08/Aug/2023:09:38:52 -0500] "GET /BLA/boletinlegal/ HTTP/1.1" 200 24523
201.245.192.253 - - [08/Aug/2023:09:39:47 -0500] "POST /forms/lservlet;jsessionid=ac16012b30d6581616cf8e6847209433d5cf7802bbac.e3iSbxaKaheRe34KbxiPbh0Naxr0n6jAmljGr5XDqQLvpAe HTTP/1.1" 200 2
110.249.201.105 - - [08/Aug/2023:09:39:50 -0500] "GET /BLA/resoluciones/AUTOS%202008/2061.pdf HTTP/1.1" 200 139384
185.180.140.6 - - [08/Aug/2023:09:39:59 -0500] "GET /portaldeninos/ HTTP/1.1" 200 110197
172.22.2.4 - - [08/Aug/2023:09:40:04 -0500] "GET /BLA/boletinlegal/actos.php HTTP/1.1" 200 9682
201.245.192.253 - - [08/Aug/2023:09:40:13 -0500] "GET /sipse/faces/index.xhtml HTTP/1.1" 200 677
201.245.192.253 - - [08/Aug/2023:09:40:13 -0500] "GET /sipse/faces/javax.faces.resource/theme.css?ln=primefaces-sipse HTTP/1.1" 304 -
201.245.192.253 - - [08/Aug/2023:09:40:14 -0500] "GET /sipse/faces/faces/autenticacion.xhtml HTTP/1.1" 200 12170
201.245.192.253 - - [08/Aug/2023:09:40:14 -0500] "GET /sipse/js/disable_browser_buttons.js HTTP/1.1" 200 3230
201.245.192.253 - - [08/Aug/2023:09:40:14 -0500] "GET /sipse/css/custom_css_sg.css HTTP/1.1" 200 9694
201.245.192.253 - - [08/Aug/2023:09:40:14 -0500] "GET /sipse/faces/javax.faces.resource/primefaces.css?ln=primefaces&v=4.0 HTTP/1.1" 304 -
201.245.192.253 - - [08/Aug/2023:09:40:14 -0500] "GET /sipse/css/custom_css_sg_prime_login.css HTTP/1.1" 200 443
201.245.192.253 - - [08/Aug/2023:09:40:14 -0500] "GET /sipse/faces/javax.faces.resource/theme.css?ln=primefaces-sipse HTTP/1.1" 304 -
201.245.192.253 - - [08/Aug/2023:09:40:14 -0500] "GET /sipse/faces/javax.faces.resource/layout/layout.css?ln=primefaces&v=4.0 HTTP/1.1" 304 -
201.245.192.253 - - [08/Aug/2023:09:40:14 -0500] "GET /sipse/js/funciones.js HTTP/1.1" 200 12592
201.245.192.253 - - [08/Aug/2023:09:40:14 -0500] "GET /sipse/faces/javax.faces.resource/jquery/jquery.js?ln=primefaces&v=4.0 HTTP/1.1" 304 -
201.245.192.253 - - [08/Aug/2023:09:40:14 -0500] "GET /sipse/faces/javax.faces.resource/primefaces.js?ln=primefaces&v=4.0 HTTP/1.1" 304 -
201.245.192.253 - - [08/Aug/2023:09:40:14 -0500] "GET /sipse/faces/javax.faces.resource/jquery/jquery-plugins.js?ln=primefaces&v=4.0 HTTP/1.1" 304 -
201.245.192.253 - - [08/Aug/2023:09:40:14 -0500] "GET /sipse/faces/javax.faces.resource/layout/layout.js?ln=primefaces&v=4.0 HTTP/1.1" 304 -
172.22.2.4 - - [08/Aug/2023:09:40:14 -0500] "GET /BLA/boletinlegal/consulta_actos.php?tipo=resoluciones&no=1347&usuario=&sector=&fecha=2018&resuelve= HTTP/1.1" 200 626
201.245.192.253 - - [08/Aug/2023:09:40:14 -0500] "GET /sipse/faces/javax.faces.resource/images/ui-icons_898989_256x240.png?ln=primefaces-aristo HTTP/1.1" 304 -
110.249.202.187 - - [08/Aug/2023:09:40:14 -0500] "GET /BLA/resoluciones/AUTOS%202009/0362.pdf HTTP/1.1" 200 267005
201.245.192.253 - - [08/Aug/2023:09:40:14 -0500] "GET /sipse/css/imagen/logoSDG.png HTTP/1.1" 200 53064
172.22.2.4 - - [08/Aug/2023:09:40:16 -0500] "GET /BLA/boletinlegal/autodiscover/autodiscover.json?@zdi/Powershell HTTP/1.1" 404 1018
201.245.192.253 - - [08/Aug/2023:09:40:16 -0500] "GET /BLA/resoluciones/ HTTP/1.1" 200 13502
201.245.192.253 - - [08/Aug/2023:09:40:14 -0500] "GET /sipse/css/imagen/loginimg.png HTTP/1.1" 200 71635
201.245.192.253 - - [08/Aug/2023:09:40:20 -0500] "GET /BLA/resoluciones/index.php?dir=RESOLUCIONES+2018%2F HTTP/1.1" 200 276877
201.245.192.253 - - [08/Aug/2023:09:40:27 -0500] "POST /sipse/faces/autenticacion.xhtml HTTP/1.1" 200 16169
201.245.192.253 - - [08/Aug/2023:09:40:28 -0500] "GET /sipse/css/custom_css_sg_prime.css HTTP/1.1" 200 5201
201.245.192.253 - - [08/Aug/2023:09:40:28 -0500] "GET /sipse/faces/javax.faces.resource/primefaces.css?ln=primefaces&v=4.0 HTTP/1.1" 304 -
201.245.192.253 - - [08/Aug/2023:09:40:28 -0500] "GET /sipse/faces/javax.faces.resource/theme.css?ln=primefaces-sipse HTTP/1.1" 304 -
192.168.176.52 - - [08/Aug/2023:09:40:32 -0500] "POST /BLA/boletinlegal/admin/actos/ingresar.php HTTP/1.1" 200 7302
201.245.192.253 - - [08/Aug/2023:09:40:28 -0500] "GET /sipse/js/jquery.min.js HTTP/1.1" 200 85582
201.245.192.253 - - [08/Aug/2023:09:40:34 -0500] "GET /sipse/faces/javax.faces.resource/jquery/jquery.js?ln=primefaces&v=4.0 HTTP/1.1" 304 -
201.245.192.253 - - [08/Aug/2023:09:40:34 -0500] "GET /sipse/faces/javax.faces.resource/jquery/jquery-plugins.js?ln=primefaces&v=4.0 HTTP/1.1" 304 -
201.245.192.253 - - [08/Aug/2023:09:40:35 -0500] "GET /sipse/faces/javax.faces.resource/primefaces.js?ln=primefaces&v=4.0 HTTP/1.1" 304 -
201.245.192.253 - - [08/Aug/2023:09:40:35 -0500] "GET /sipse/faces/javax.faces.resource/layout/layout.js?ln=primefaces&v=4.0 HTTP/1.1" 304 -
201.245.192.253 - - [08/Aug/2023:09:40:35 -0500] "GET /sipse/faces/javax.faces.resource/layout/layout.css?ln=primefaces&v=4.0 HTTP/1.1" 304 -
201.245.192.253 - - [08/Aug/2023:09:40:35 -0500] "GET /sipse/css/v_mergente.css HTTP/1.1" 200 1505
201.245.192.253 - - [08/Aug/2023:09:40:36 -0500] "GET /sipse/css/imagen/contrasena.png HTTP/1.1" 404 383
201.245.192.253 - - [08/Aug/2023:09:40:35 -0500] "GET /sipse/imagenes/logoAplicacion.jpg HTTP/1.1" 200 155084
201.245.192.253 - - [08/Aug/2023:09:40:35 -0500] "GET /sipse/imagenes/cargando.gif HTTP/1.1" 200 36959
110.249.202.87 - - [08/Aug/2023:09:40:39 -0500] "GET /BLA/resoluciones/AUTOS%202017/3016.pdf HTTP/1.1" 200 276526
201.245.192.253 - - [08/Aug/2023:09:40:39 -0500] "GET /sipse/faces/javax.faces.resource/messages/messages.png?ln=primefaces&v=4.0 HTTP/1.1" 304 -
201.245.192.253 - - [08/Aug/2023:09:40:43 -0500] "GET /sipse/faces/javax.faces.resource/images/ui-bg_flat_0_2d5972_40x100.png?ln=primefaces-aristo HTTP/1.1" 304 -
201.245.192.253 - - [08/Aug/2023:09:40:43 -0500] "POST /sipse/faces/bienvenido.xhtml HTTP/1.1" 200 1473
201.245.192.253 - - [08/Aug/2023:09:40:44 -0500] "POST /sipse/faces/bienvenido.xhtml HTTP/1.1" 200 37757
201.245.192.253 - - [08/Aug/2023:09:40:45 -0500] "GET /sipse/faces/javax.faces.resource/theme.css?ln=primefaces-sipse HTTP/1.1" 304 -
201.245.192.253 - - [08/Aug/2023:09:40:45 -0500] "GET /sipse/faces/javax.faces.resource/layout/layout.css?ln=primefaces&v=4.0 HTTP/1.1" 304 -
201.245.192.253 - - [08/Aug/2023:09:40:45 -0500] "GET /sipse/faces/javax.faces.resource/primefaces.css?ln=primefaces&v=4.0 HTTP/1.1" 304 -
201.245.192.253 - - [08/Aug/2023:09:40:45 -0500] "GET /sipse/faces/javax.faces.resource/jquery/jquery.js?ln=primefaces&v=4.0 HTTP/1.1" 304 -
201.245.192.253 - - [08/Aug/2023:09:40:46 -0500] "GET /sipse/faces/javax.faces.resource/jquery/jquery-plugins.js?ln=primefaces&v=4.0 HTTP/1.1" 304 -
201.245.192.253 - - [08/Aug/2023:09:40:46 -0500] "GET /sipse/faces/javax.faces.resource/primefaces.js?ln=primefaces&v=4.0 HTTP/1.1" 304 -
201.245.192.253 - - [08/Aug/2023:09:40:46 -0500] "GET /sipse/faces/javax.faces.resource/layout/layout.js?ln=primefaces&v=4.0 HTTP/1.1" 304 -
201.245.192.253 - - [08/Aug/2023:09:40:51 -0500] "POST /sipse/faces/presentacion/financiero/solicitudProceso/consultar.xhtml HTTP/1.1" 200 12779
172.22.2.4 - - [08/Aug/2023:09:39:11 -0500] "HEAD /BLA/boletinlegal/ HTTP/1.1" 200 -
201.245.192.253 - - [08/Aug/2023:09:40:58 -0500] "GET /BLA/resoluciones/index.php?dir= HTTP/1.1" 200 13502
201.245.192.253 - - [08/Aug/2023:09:40:56 -0500] "POST /sipse/faces/presentacion/financiero/solicitudProceso/consultar.xhtml HTTP/1.1" 200 143313
201.245.192.253 - - [08/Aug/2023:09:40:59 -0500] "GET /sipse/faces/javax.faces.resource/primefaces.css?ln=primefaces&v=4.0 HTTP/1.1" 304 -
201.245.192.253 - - [08/Aug/2023:09:40:59 -0500] "GET /sipse/faces/javax.faces.resource/theme.css?ln=primefaces-sipse HTTP/1.1" 304 -
201.245.192.253 - - [08/Aug/2023:09:40:59 -0500] "GET /sipse/faces/javax.faces.resource/layout/layout.css?ln=primefaces&v=4.0 HTTP/1.1" 304 -
201.245.192.253 - - [08/Aug/2023:09:41:00 -0500] "GET /sipse/faces/javax.faces.resource/jquery/jquery.js?ln=primefaces&v=4.0 HTTP/1.1" 304 -
201.245.192.253 - - [08/Aug/2023:09:41:00 -0500] "GET /sipse/faces/javax.faces.resource/jquery/jquery-plugins.js?ln=primefaces&v=4.0 HTTP/1.1" 304 -
201.245.192.253 - - [08/Aug/2023:09:41:00 -0500] "GET /sipse/faces/javax.faces.resource/primefaces.js?ln=primefaces&v=4.0 HTTP/1.1" 304 -
201.245.192.253 - - [08/Aug/2023:09:41:00 -0500] "GET /sipse/faces/javax.faces.resource/layout/layout.js?ln=primefaces&v=4.0 HTTP/1.1" 304 -
201.245.192.253 - - [08/Aug/2023:09:41:01 -0500] "POST /forms/lservlet;jsessionid=ac16012b30d6b0caa5b3998f4732b23bfd681e503f1d.e3iSbxaKaheRe34KbxiPbh0Naxr0n6jAmljGr5XDqQLvpAe HTTP/1.1" 200 2
110.249.201.164 - - [08/Aug/2023:09:41:03 -0500] "GET /BLA/resoluciones/AUTOS%202008/0330.pdf HTTP/1.1" 200 97747
201.245.192.253 - - [08/Aug/2023:09:41:04 -0500] "GET /sipse/faces/javax.faces.resource/theme.css?ln=primefaces-sipse HTTP/1.1" 304 -
201.245.192.253 - - [08/Aug/2023:09:41:04 -0500] "GET /sipse/faces/javax.faces.resource/primefaces.css?ln=primefaces&v=4.0 HTTP/1.1" 304 -
201.245.192.253 - - [08/Aug/2023:09:41:04 -0500] "GET /sipse/faces/javax.faces.resource/layout/layout.css?ln=primefaces&v=4.0 HTTP/1.1" 304 -
201.245.192.253 - - [08/Aug/2023:09:41:04 -0500] "GET /sipse/faces/javax.faces.resource/jquery/jquery.js?ln=primefaces&v=4.0 HTTP/1.1" 304 -
201.245.192.253 - - [08/Aug/2023:09:41:04 -0500] "GET /sipse/faces/javax.faces.resource/jquery/jquery-plugins.js?ln=primefaces&v=4.0 HTTP/1.1" 304 -
201.245.192.253 - - [08/Aug/2023:09:41:04 -0500] "GET /sipse/faces/javax.faces.resource/layout/layout.js?ln=primefaces&v=4.0 HTTP/1.1" 304 -
201.245.192.253 - - [08/Aug/2023:09:41:04 -0500] "GET /sipse/faces/javax.faces.resource/primefaces.js?ln=primefaces&v=4.0 HTTP/1.1" 304 -
201.245.192.253 - - [08/Aug/2023:09:41:03 -0500] "POST /sipse/faces/presentacion/financiero/solicitudProceso/consultarSolicitudProceso.xhtml HTTP/1.1" 200 41000
201.245.192.253 - - [08/Aug/2023:09:41:02 -0500] "GET /BLA/resoluciones/index.php?dir=RESOLUCIONES+2019%2F HTTP/1.1" 200 255801
216.245.221.92 - - [08/Aug/2023:09:41:12 -0500] "HEAD / HTTP/1.1" 200 -
66.249.70.197 - - [08/Aug/2023:09:41:15 -0500] "GET /BLA/resoluciones/AUTOS%202011/4529.pdf HTTP/1.1" 200 190734
111.225.148.190 - - [08/Aug/2023:09:41:27 -0500] "GET /BLA/resoluciones/AUTOS%202008/2535.pdf HTTP/1.1" 200 93229
66.249.70.197 - - [08/Aug/2023:09:41:39 -0500] "GET /BLA/resoluciones/RESOLUCIONES%202009/1148.pdf HTTP/1.1" 200 438707
172.22.2.4 - - [08/Aug/2023:09:40:01 -0500] "GET /BLA/boletinlegal/ HTTP/1.1" 200 58079
201.245.192.253 - - [08/Aug/2023:09:41:50 -0500] "POST /forms/lservlet;jsessionid=ac16012b30d6581616cf8e6847209433d5cf7802bbac.e3iSbxaKaheRe34KbxiPbh0Naxr0n6jAmljGr5XDqQLvpAe HTTP/1.1" 200 2
110.249.202.64 - - [08/Aug/2023:09:41:51 -0500] "GET /BLA/resoluciones/AUTOS%202010/2363.pdf HTTP/1.1" 200 78840
201.245.192.253 - - [08/Aug/2023:09:41:56 -0500] "POST /kwsrmcab/Wsrmcab  HTTP/1.1" 200 42098
110.249.202.190 - - [08/Aug/2023:09:42:15 -0500] "GET /BLA/resoluciones/AUTOS%202012/2683.pdf HTTP/1.1" 200 384986
111.225.148.144 - - [08/Aug/2023:09:42:39 -0500] "GET /BLA/resoluciones/AUTOS%202010/3849.pdf HTTP/1.1" 200 128582
66.249.70.197 - - [08/Aug/2023:09:42:59 -0500] "GET /BLA/resoluciones/RESOLUCIONES%202010/6026.pdf HTTP/1.1" 200 736523
201.245.192.253 - - [08/Aug/2023:09:43:01 -0500] "POST /forms/lservlet;jsessionid=ac16012b30d6b0caa5b3998f4732b23bfd681e503f1d.e3iSbxaKaheRe34KbxiPbh0Naxr0n6jAmljGr5XDqQLvpAe HTTP/1.1" 200 2
110.249.201.131 - - [08/Aug/2023:09:43:03 -0500] "GET /BLA/resoluciones/AUTOS%202016/2792.pdf HTTP/1.1" 200 420658
110.249.201.238 - - [08/Aug/2023:09:43:27 -0500] "GET /BLA/resoluciones/AUTOS%202017/3259.pdf HTTP/1.1" 200 2301560
200.25.254.134 - - [08/Aug/2023:09:43:37 -0500] "GET /como-hacer-uso-de-la-publicidad-exterior-visual-en-epoca-electoral.html HTTP/1.1" 200 843
181.237.167.58 - - [08/Aug/2023:09:43:41 -0500] "GET /kwssiamovil/sm/acme/a?s=U2FsdGVkX1/geZGrvLkjxssyQBbNKhTT7aN10K/lISSQC3uqpuowvnBvSJ3H34XzCEkhI1gw8qUjiJ4rN6DMj7uQvgwxS0PsTt9YUggVw1f1Yyt9vLo+YQAnaVLqGTLAzz5OrX5Y0/yhN7BwqdW1fiXspekuWKhXdZLhgZezxc8/yLWAmt1SE507xgb7xScTb4IhfPrNgilkXybB1xZSUJJq3yVvEsNG6ODbMB+3H/UmiU4JmAU8UmV81a5WZUhmdQddhTCWv62yIZVhYUOtUw==&u=U2FsdGVkX18P6gva4IkTesvICoCUMgoe2y9+A1Fak0Q=&y=U2FsdGVkX19X5xrXmOsriK4j8jyQh8DwFOcgjSVx/YdZti3M5bQX+EU5/pR6YGXM HTTP/1.1" 200 26
181.237.167.58 - - [08/Aug/2023:09:43:41 -0500] "GET /kwssiamovil/sm/acme/a?s=U2FsdGVkX189oCD66PvLpSWiZfFnBejqSQToMezuOjeLhQHIZvS0LF4riBv0+X9ADPoOMafXbQT/6PaBc9xekZeXo1Vl+IYpqp3qdpavvHSL8mb1Vw7UqeCTA6O1HNuTWtF28RwjjB/BtiS+2BjyKzMEr0sxtvxzbjP2AfbukNMExoQuXoipJWSZb/byj57HWy91aLShMYbXf92/VJn2gwTBt5EL9jiV+Ba0gxv/LThWH2sZS0uHpsb5OBsLqI42BlDzyVZEBKo8CwePFUJEH14fO6jQtLhzkD1XNJe0rr1YeZKq5r3siouwrPy1MQ/RC2B9QIcS00BXRJQEfwrndxkHU1vWX7se3pD2CM0SY5U8VpmlPyLQTwvoiVgDl/GSbboml1RUeLnAJW3/IkqVtPN4jZOCcWdVMtCvRrFfHsncXG5Msq0HCyJcPzE1fQjHSD2aVua32es3pIupUarIXd/xU30Dy/vWOI2KhBHcwOJ5mFMa5wUeJ6UdIdv+TBUUmK1pi8gg08zmkc1M3EcmbhSGUVfoEx3AOtrxkfnvhgG4gu5gAvt6RcOULWfgArL4SjXoBNEF26dqaMvk1JDuwCARHD21nysg5x0z1NioOxKxWAowiVZCDetFoKhKjJ1DrWlyNQSBULFiVm7YqjhbjgGPVvJV2ry7c1pNziR4jxgdkPfaK4tA3d+VElyWWPzuIsVBx7a1eqGXojwcJV50RAUT0cUU7RUPGOz5PEtjEHw60pRZBWs92v3jbWSC6kgmwMfJWPOBTZBra4mmeYsmkduvSW63Te3btENN9RCEZHkk/wqWUMwdRkLyirtQqb2CCEezZejgpQSIqctzt8j1VuQ/nx+qGuDz9b+GCc0jU3OCFwXjR9wv4ugGxaWtxFgQwyrK4wC2wxG9Q/8OlQprL40vDvdd3iPoeO5tyHGtnj2O/vNt5RFoS9sKgvgksZSIjr1ws5pfenUuqDH4ruNsysj7YqVK7JpeBlFiQubYpl44dEWvYGGkz4jc+s1mR1u+PDR5Nqka1tnO/SzYPFVzXCDQA4Z8gk3ojnI5iSjj1/w05okLQHFaBBgNU9I3NnW5qfFMUdgM1ZI2FXgIsp1PWDg7Y17LOsYwuJFl89XtUU9hWGMm/0skWCyQzlEtYnP98nLGqa7rLQMWe9guGXG4mg7vqFcv8Rc77rxZ0m/Fsfp4D5gCsYyBRhfpu/57e8xdJBFo/S0lyYnJ2hiH1SJj4Mn4M28hASGbBe6MtazowYM=&u=U2FsdGVkX18P6gva4IkTesvICoCUMgoe2y9+A1Fak0Q=&y=U2FsdGVkX19X5xrXmOsriK4j8jyQh8DwFOcgjSVx/YdZti3M5bQX+EU5/pR6YGXM HTTP/1.1" 200 26
181.237.167.58 - - [08/Aug/2023:09:43:42 -0500] "GET /kwssiamovil/sm/acme/a?s=U2FsdGVkX1/LmHJWTREhDP9kKNFcLVXYtkIPz2GcghUlWkSRt0l6ao3bEXQ4dvuQdrI/PiIdWY1s00bZAXxkAR73tXiVpwCxzivDT5/dm5ZYFT7Fjff/reQ6RTuTzNXMT6jBvtBTsjvvqvd9suiZqJZKiIDf2H1SubU874oIDmA=&u=U2FsdGVkX18P6gva4IkTesvICoCUMgoe2y9+A1Fak0Q=&y=U2FsdGVkX19X5xrXmOsriK4j8jyQh8DwFOcgjSVx/YdZti3M5bQX+EU5/pR6YGXM HTTP/1.1" 200 26
181.237.167.58 - - [08/Aug/2023:09:43:42 -0500] "GET /kwssiamovil/sm/acme/a?s=U2FsdGVkX1/4WN9KHGoCmmqtXxd08GSbm+osgCoDHSHFuTkJhtBnMpjw1gOlhdTqDSL3y7aWZk+kEUSsbFy5613qhX2mWMlRAsmRcz6sI4Q+tDq5dwfBkFaVXqvm5o/cScc0kKduv0lBLP1+waVGC0pyomBqLqJsGrAwTYmVqn4=&u=U2FsdGVkX18P6gva4IkTesvICoCUMgoe2y9+A1Fak0Q=&y=U2FsdGVkX19X5xrXmOsriK4j8jyQh8DwFOcgjSVx/YdZti3M5bQX+EU5/pR6YGXM HTTP/1.1" 200 26
181.237.167.58 - - [08/Aug/2023:09:43:42 -0500] "GET /kwssiamovil/sm/acme/a?s=U2FsdGVkX1/pRmqyyBNGp7LizbGlWon2ytR+6PAzSyPPbN7z+LS7y8yRhRzwDXyiMAi2Hf4+AFjiBYeNbTqk721p9NAbfcLTW48V7kOEF1GfYTGhziTM4fSw9nT9C2pwBhiMUjhST/UCuZH6tGP9M/xR8d1A7I8yfU85hT8gOyE=&u=U2FsdGVkX18P6gva4IkTesvICoCUMgoe2y9+A1Fak0Q=&y=U2FsdGVkX19X5xrXmOsriK4j8jyQh8DwFOcgjSVx/YdZti3M5bQX+EU5/pR6YGXM HTTP/1.1" 200 26
181.237.167.58 - - [08/Aug/2023:09:43:42 -0500] "GET /kwssiamovil/sm/acme/a?s=U2FsdGVkX19tcD6w3GKEpGJyPvlIzvCh4FBvJsfnwhaJJUqRaGhnfLS25RzC/yxdyDBn2bNPXU+Cx//0Ho0KW3Nyfrv1mP9UpoJ3/7ebCcEdiR49Bf30sJF/XcE3eL9f4XTDfLCRsBWuLbrFPSxJbFLHY5Uc6wvWZtaQTVNjcOQOHMeGwutaeGdL1j72Z7E6&u=U2FsdGVkX18P6gva4IkTesvICoCUMgoe2y9+A1Fak0Q=&y=U2FsdGVkX19X5xrXmOsriK4j8jyQh8DwFOcgjSVx/YdZti3M5bQX+EU5/pR6YGXM HTTP/1.1" 200 26
201.245.192.253 - - [08/Aug/2023:09:43:50 -0500] "POST /forms/lservlet;jsessionid=ac16012b30d6581616cf8e6847209433d5cf7802bbac.e3iSbxaKaheRe34KbxiPbh0Naxr0n6jAmljGr5XDqQLvpAe HTTP/1.1" 200 2
110.249.202.112 - - [08/Aug/2023:09:43:51 -0500] "GET /BLA/resoluciones/AUTOS%202011/2469.pdf HTTP/1.1" 200 163183
110.249.202.134 - - [08/Aug/2023:09:44:15 -0500] "GET /BLA/resoluciones/AUTOS%202008/2659.pdf HTTP/1.1" 200 61056
186.80.108.8 - - [08/Aug/2023:09:44:38 -0500] "POST /sipse/faces/presentacion/financiero/solicitudProceso/detalleSolicitudProcesoOtrosPagos.xhtml HTTP/1.1" 200 3511
110.249.201.157 - - [08/Aug/2023:09:44:39 -0500] "GET /BLA/resoluciones/AUTOS%202017/2371.pdf HTTP/1.1" 200 3498269
201.245.192.253 - - [08/Aug/2023:09:45:01 -0500] "POST /forms/lservlet;jsessionid=ac16012b30d6b0caa5b3998f4732b23bfd681e503f1d.e3iSbxaKaheRe34KbxiPbh0Naxr0n6jAmljGr5XDqQLvpAe HTTP/1.1" 200 2
111.225.148.166 - - [08/Aug/2023:09:45:03 -0500] "GET /BLA/resoluciones/AUTOS%202017/2172.pdf HTTP/1.1" 200 284633
111.225.148.56 - - [08/Aug/2023:09:45:27 -0500] "GET /BLA/resoluciones/AUTOS%202017/3446.pdf HTTP/1.1" 200 309323
66.249.70.196 - - [08/Aug/2023:09:45:41 -0500] "GET /BLA/resoluciones/RESOLUCIONES%202011/3042.pdf HTTP/1.1" 200 708278
201.245.192.253 - - [08/Aug/2023:09:45:50 -0500] "POST /forms/lservlet;jsessionid=ac16012b30d6581616cf8e6847209433d5cf7802bbac.e3iSbxaKaheRe34KbxiPbh0Naxr0n6jAmljGr5XDqQLvpAe HTTP/1.1" 200 2
110.249.201.158 - - [08/Aug/2023:09:45:52 -0500] "GET /BLA/resoluciones/AUTOS%202013/0989.pdf HTTP/1.1" 200 2180266
66.249.70.196 - - [08/Aug/2023:09:45:57 -0500] "GET /BLA/resoluciones/RESOLUCIONES%202008/0392.pdf HTTP/1.1" 200 273552
17.241.219.109 - - [08/Aug/2023:09:46:09 -0500] "GET /robots.txt HTTP/1.1" 404 1034
17.241.219.109 - - [08/Aug/2023:09:46:10 -0500] "GET /mujeres-lideran-estrategias-para-enfrentar-el-cambio-climatico-en-bogota.html HTTP/1.1" 200 876
216.245.221.92 - - [08/Aug/2023:09:46:12 -0500] "HEAD / HTTP/1.1" 200 -
110.249.201.83 - - [08/Aug/2023:09:46:15 -0500] "GET /BLA/resoluciones/AUTOS%202013/1488.pdf HTTP/1.1" 200 859437
66.249.70.196 - - [08/Aug/2023:09:46:28 -0500] "GET /BLA/resoluciones/RESOLUCIONES%202008/2523.pdf HTTP/1.1" 200 424388
111.225.149.168 - - [08/Aug/2023:09:46:40 -0500] "GET /BLA/resoluciones/AUTOS%202010/4581.pdf HTTP/1.1" 200 11680
172.22.2.4 - - [08/Aug/2023:09:45:01 -0500] "HEAD /BLA/boletinlegal/ HTTP/1.1" 200 -
66.249.70.196 - - [08/Aug/2023:09:46:57 -0500] "GET /resoluciones/RESOLUCIONES%202008/2978.pdf HTTP/1.1" 404 1018
201.245.192.253 - - [08/Aug/2023:09:46:55 -0500] "POST /kwsrmcab/Wsrmcab  HTTP/1.1" 200 42098
40.88.21.235 - - [08/Aug/2023:09:46:59 -0500] "GET / HTTP/1.1" 200 319
40.88.21.235 - - [08/Aug/2023:09:46:59 -0500] "GET /favicon.ico HTTP/1.1" 200 7782
201.245.192.253 - - [08/Aug/2023:09:47:01 -0500] "POST /forms/lservlet;jsessionid=ac16012b30d6b0caa5b3998f4732b23bfd681e503f1d.e3iSbxaKaheRe34KbxiPbh0Naxr0n6jAmljGr5XDqQLvpAe HTTP/1.1" 200 2
111.225.148.186 - - [08/Aug/2023:09:47:04 -0500] "GET /BLA/resoluciones/AUTOS%202017/4733.pdf HTTP/1.1" 200 316223
110.249.202.169 - - [08/Aug/2023:09:47:28 -0500] "GET /BLA/resoluciones/AUTOS%202013/2378.pdf HTTP/1.1" 200 431613
172.22.2.4 - - [08/Aug/2023:09:45:52 -0500] "GET /BLA/boletinlegal/ HTTP/1.1" 200 52495
201.245.192.253 - - [08/Aug/2023:09:47:50 -0500] "POST /forms/lservlet;jsessionid=ac16012b30d6581616cf8e6847209433d5cf7802bbac.e3iSbxaKaheRe34KbxiPbh0Naxr0n6jAmljGr5XDqQLvpAe HTTP/1.1" 200 2
110.249.202.200 - - [08/Aug/2023:09:47:52 -0500] "GET /BLA/resoluciones/AUTOS%202017/1289.pdf HTTP/1.1" 200 307920
192.168.176.52 - - [08/Aug/2023:09:47:57 -0500] "POST /BLA/boletinlegal/admin/actos/ingresar.php HTTP/1.1" 200 7302
172.22.2.4 - - [08/Aug/2023:09:47:58 -0500] "GET /BLA/boletinlegal/robots.txt HTTP/1.1" 404 1038
111.225.148.58 - - [08/Aug/2023:09:48:16 -0500] "GET /BLA/resoluciones/AUTOS%202015/6700.pdf HTTP/1.1" 200 424558
111.225.148.97 - - [08/Aug/2023:09:48:40 -0500] "GET /BLA/resoluciones/AUTOS%202016/2336.pdf HTTP/1.1" 200 703133
201.245.192.253 - - [08/Aug/2023:09:49:01 -0500] "POST /forms/lservlet;jsessionid=ac16012b30d6b0caa5b3998f4732b23bfd681e503f1d.e3iSbxaKaheRe34KbxiPbh0Naxr0n6jAmljGr5XDqQLvpAe HTTP/1.1" 200 2
110.249.201.234 - - [08/Aug/2023:09:49:04 -0500] "GET /BLA/resoluciones/AUTOS%202017/3440.pdf HTTP/1.1" 200 317382
192.168.176.52 - - [08/Aug/2023:09:49:06 -0500] "POST /BLA/boletinlegal/admin/actos/ingresar.php HTTP/1.1" 200 7302
110.249.201.10 - - [08/Aug/2023:09:49:28 -0500] "GET /BLA/resoluciones/AUTOS%202012/0714.pdf HTTP/1.1" 200 198116
172.22.2.4 - - [08/Aug/2023:09:48:00 -0500] "GET /BLA/boletinlegal/ HTTP/1.1" 200 61035
172.22.2.4 - - [08/Aug/2023:09:49:03 -0500] "GET /BLA/boletinlegal/ HTTP/1.1" 200 32715
201.245.192.253 - - [08/Aug/2023:09:49:50 -0500] "POST /forms/lservlet;jsessionid=ac16012b30d6581616cf8e6847209433d5cf7802bbac.e3iSbxaKaheRe34KbxiPbh0Naxr0n6jAmljGr5XDqQLvpAe HTTP/1.1" 200 2
111.225.149.110 - - [08/Aug/2023:09:49:53 -0500] "GET /BLA/resoluciones/AUTOS%202010/1312.pdf HTTP/1.1" 200 227257
192.168.176.52 - - [08/Aug/2023:09:50:07 -0500] "POST /BLA/boletinlegal/admin/actos/ingresar.php HTTP/1.1" 200 7302
110.249.202.74 - - [08/Aug/2023:09:50:16 -0500] "GET /BLA/resoluciones/AUTOS%202017/1959.pdf HTTP/1.1" 200 647364
111.225.149.168 - - [08/Aug/2023:09:50:41 -0500] "GET /BLA/resoluciones/AUTOS%202015/3571.pdf HTTP/1.1" 200 654490
201.245.192.253 - - [08/Aug/2023:09:51:01 -0500] "POST /forms/lservlet;jsessionid=ac16012b30d6b0caa5b3998f4732b23bfd681e503f1d.e3iSbxaKaheRe34KbxiPbh0Naxr0n6jAmljGr5XDqQLvpAe HTTP/1.1" 200 2
111.225.149.118 - - [08/Aug/2023:09:51:05 -0500] "GET /BLA/resoluciones/AUTOS%202008/1682.pdf HTTP/1.1" 200 215402
192.168.176.52 - - [08/Aug/2023:09:51:08 -0500] "POST /BLA/boletinlegal/admin/actos/ingresar.php HTTP/1.1" 200 7302
173.252.95.5 - - [08/Aug/2023:09:51:11 -0500] "GET /images/cr\xc3\xb3nica-29-nov-1_optimized.jpeg HTTP/1.1" 404 1034
216.245.221.92 - - [08/Aug/2023:09:51:12 -0500] "HEAD / HTTP/1.1" 200 -
111.225.148.74 - - [08/Aug/2023:09:51:32 -0500] "GET /BLA/resoluciones/AUTOS%202008/2308.pdf HTTP/1.1" 200 67837
66.249.70.198 - - [08/Aug/2023:09:51:36 -0500] "GET /BLA/resoluciones/RESOLUCIONES%202010/1451.pdf HTTP/1.1" 200 356600
173.252.87.12 - - [08/Aug/2023:09:51:37 -0500] "GET /images/mercados-campesinos-5-mayo.jpg HTTP/1.1" 200 95848
201.245.192.253 - - [08/Aug/2023:09:51:50 -0500] "POST /forms/lservlet;jsessionid=ac16012b30d6581616cf8e6847209433d5cf7802bbac.e3iSbxaKaheRe34KbxiPbh0Naxr0n6jAmljGr5XDqQLvpAe HTTP/1.1" 200 2
110.249.202.2 - - [08/Aug/2023:09:51:53 -0500] "GET /BLA/resoluciones/AUTOS%202016/1540.pdf HTTP/1.1" 200 485773
192.133.77.16 - - [08/Aug/2023:09:51:54 -0500] "GET /images/Musgo%20SDA%20(1)%20(1).png HTTP/1.1" 200 302122
201.245.192.253 - - [08/Aug/2023:09:51:54 -0500] "POST /kwsrmcab/Wsrmcab  HTTP/1.1" 200 42098
66.249.70.196 - - [08/Aug/2023:09:52:03 -0500] "GET /resoluciones/RESOLUCIONES%202010/2029.pdf HTTP/1.1" 404 1018
192.168.176.52 - - [08/Aug/2023:09:52:14 -0500] "POST /BLA/boletinlegal/admin/actos/ingresar.php HTTP/1.1" 200 7302
111.225.148.170 - - [08/Aug/2023:09:52:17 -0500] "GET /BLA/resoluciones/AUTOS%202010/1372.pdf HTTP/1.1" 200 296872
172.22.2.4 - - [08/Aug/2023:09:50:51 -0500] "HEAD /BLA/boletinlegal/ HTTP/1.1" 200 -
94.102.61.10 - - [08/Aug/2023:09:52:29 -0500] "GET /portaldeninos/ HTTP/1.1" 200 110197
66.249.70.196 - - [08/Aug/2023:09:52:36 -0500] "GET /BLA/resoluciones/RESOLUCIONES%202012/1038.pdf HTTP/1.1" 200 331960
201.245.192.253 - - [08/Aug/2023:09:52:39 -0500] "GET /sipse/faces/index.xhtml HTTP/1.1" 200 677
201.245.192.253 - - [08/Aug/2023:09:52:39 -0500] "GET /sipse/faces/javax.faces.resource/theme.css?ln=primefaces-sipse HTTP/1.1" 304 -
201.245.192.253 - - [08/Aug/2023:09:52:39 -0500] "GET /sipse/faces/faces/autenticacion.xhtml HTTP/1.1" 200 12170
201.245.192.253 - - [08/Aug/2023:09:52:39 -0500] "GET /sipse/js/disable_browser_buttons.js HTTP/1.1" 200 3230
201.245.192.253 - - [08/Aug/2023:09:52:39 -0500] "GET /sipse/css/custom_css_sg.css HTTP/1.1" 200 9694
201.245.192.253 - - [08/Aug/2023:09:52:39 -0500] "GET /sipse/js/funciones.js HTTP/1.1" 200 12592
201.245.192.253 - - [08/Aug/2023:09:52:39 -0500] "GET /sipse/css/custom_css_sg_prime_login.css HTTP/1.1" 200 443
201.245.192.253 - - [08/Aug/2023:09:52:39 -0500] "GET /sipse/faces/javax.faces.resource/layout/layout.css?ln=primefaces&v=4.0 HTTP/1.1" 304 -
201.245.192.253 - - [08/Aug/2023:09:52:39 -0500] "GET /sipse/faces/javax.faces.resource/primefaces.css?ln=primefaces&v=4.0 HTTP/1.1" 304 -
201.245.192.253 - - [08/Aug/2023:09:52:39 -0500] "GET /sipse/faces/javax.faces.resource/theme.css?ln=primefaces-sipse HTTP/1.1" 304 -
201.245.192.253 - - [08/Aug/2023:09:52:39 -0500] "GET /sipse/faces/javax.faces.resource/jquery/jquery.js?ln=primefaces&v=4.0 HTTP/1.1" 304 -
201.245.192.253 - - [08/Aug/2023:09:52:39 -0500] "GET /sipse/faces/javax.faces.resource/jquery/jquery-plugins.js?ln=primefaces&v=4.0 HTTP/1.1" 304 -
201.245.192.253 - - [08/Aug/2023:09:52:39 -0500] "GET /sipse/faces/javax.faces.resource/primefaces.js?ln=primefaces&v=4.0 HTTP/1.1" 304 -
201.245.192.253 - - [08/Aug/2023:09:52:39 -0500] "GET /sipse/faces/javax.faces.resource/layout/layout.js?ln=primefaces&v=4.0 HTTP/1.1" 304 -
201.245.192.253 - - [08/Aug/2023:09:52:39 -0500] "GET /sipse/faces/javax.faces.resource/images/ui-icons_898989_256x240.png?ln=primefaces-aristo HTTP/1.1" 304 -
201.245.192.253 - - [08/Aug/2023:09:52:39 -0500] "GET /sipse/css/imagen/logoSDG.png HTTP/1.1" 200 53064
201.245.192.253 - - [08/Aug/2023:09:52:39 -0500] "GET /sipse/css/imagen/loginimg.png HTTP/1.1" 200 71635
111.225.149.174 - - [08/Aug/2023:09:52:41 -0500] "GET /BLA/resoluciones/AUTOS%202013/1660.pdf HTTP/1.1" 200 176051
201.245.192.253 - - [08/Aug/2023:09:52:41 -0500] "POST /sipse/faces/autenticacion.xhtml HTTP/1.1" 200 16174
201.245.192.253 - - [08/Aug/2023:09:52:41 -0500] "GET /sipse/css/custom_css_sg_prime.css HTTP/1.1" 200 5201
201.245.192.253 - - [08/Aug/2023:09:52:41 -0500] "GET /sipse/faces/javax.faces.resource/theme.css?ln=primefaces-sipse HTTP/1.1" 304 -
201.245.192.253 - - [08/Aug/2023:09:52:41 -0500] "GET /sipse/faces/javax.faces.resource/primefaces.css?ln=primefaces&v=4.0 HTTP/1.1" 304 -
201.245.192.253 - - [08/Aug/2023:09:52:41 -0500] "GET /sipse/faces/javax.faces.resource/layout/layout.css?ln=primefaces&v=4.0 HTTP/1.1" 304 -
201.245.192.253 - - [08/Aug/2023:09:52:41 -0500] "GET /sipse/js/jquery.min.js HTTP/1.1" 200 85582
201.245.192.253 - - [08/Aug/2023:09:52:41 -0500] "GET /sipse/faces/javax.faces.resource/jquery/jquery.js?ln=primefaces&v=4.0 HTTP/1.1" 304 -
201.245.192.253 - - [08/Aug/2023:09:52:41 -0500] "GET /sipse/faces/javax.faces.resource/jquery/jquery-plugins.js?ln=primefaces&v=4.0 HTTP/1.1" 304 -
201.245.192.253 - - [08/Aug/2023:09:52:41 -0500] "GET /sipse/faces/javax.faces.resource/primefaces.js?ln=primefaces&v=4.0 HTTP/1.1" 304 -
201.245.192.253 - - [08/Aug/2023:09:52:41 -0500] "GET /sipse/faces/javax.faces.resource/layout/layout.js?ln=primefaces&v=4.0 HTTP/1.1" 304 -
201.245.192.253 - - [08/Aug/2023:09:52:41 -0500] "GET /sipse/css/v_mergente.css HTTP/1.1" 200 1505
201.245.192.253 - - [08/Aug/2023:09:52:41 -0500] "GET /sipse/css/imagen/contrasena.png HTTP/1.1" 404 383
201.245.192.253 - - [08/Aug/2023:09:52:41 -0500] "GET /sipse/imagenes/cargando.gif HTTP/1.1" 200 36959
201.245.192.253 - - [08/Aug/2023:09:52:41 -0500] "GET /sipse/imagenes/logoAplicacion.jpg HTTP/1.1" 200 155084
201.245.192.253 - - [08/Aug/2023:09:52:41 -0500] "GET /sipse/faces/javax.faces.resource/messages/messages.png?ln=primefaces&v=4.0 HTTP/1.1" 304 -
201.245.192.253 - - [08/Aug/2023:09:52:43 -0500] "GET /sipse/faces/javax.faces.resource/images/ui-bg_flat_0_2d5972_40x100.png?ln=primefaces-aristo HTTP/1.1" 304 -
201.245.192.253 - - [08/Aug/2023:09:52:43 -0500] "POST /sipse/faces/bienvenido.xhtml HTTP/1.1" 200 1471
201.245.192.253 - - [08/Aug/2023:09:52:44 -0500] "POST /sipse/faces/bienvenido.xhtml HTTP/1.1" 200 62975
201.245.192.253 - - [08/Aug/2023:09:52:44 -0500] "GET /sipse/faces/javax.faces.resource/theme.css?ln=primefaces-sipse HTTP/1.1" 304 -
201.245.192.253 - - [08/Aug/2023:09:52:44 -0500] "GET /sipse/faces/javax.faces.resource/layout/layout.css?ln=primefaces&v=4.0 HTTP/1.1" 304 -
201.245.192.253 - - [08/Aug/2023:09:52:44 -0500] "GET /sipse/faces/javax.faces.resource/primefaces.css?ln=primefaces&v=4.0 HTTP/1.1" 304 -
201.245.192.253 - - [08/Aug/2023:09:52:44 -0500] "GET /sipse/faces/javax.faces.resource/jquery/jquery.js?ln=primefaces&v=4.0 HTTP/1.1" 304 -
201.245.192.253 - - [08/Aug/2023:09:52:44 -0500] "GET /sipse/faces/javax.faces.resource/jquery/jquery-plugins.js?ln=primefaces&v=4.0 HTTP/1.1" 304 -
201.245.192.253 - - [08/Aug/2023:09:52:44 -0500] "GET /sipse/faces/javax.faces.resource/primefaces.js?ln=primefaces&v=4.0 HTTP/1.1" 304 -
201.245.192.253 - - [08/Aug/2023:09:52:44 -0500] "GET /sipse/faces/javax.faces.resource/layout/layout.js?ln=primefaces&v=4.0 HTTP/1.1" 304 -
201.245.192.253 - - [08/Aug/2023:09:52:44 -0500] "POST /sipse/faces/presentacion/financiero/solicitudProceso/listarSolicitudProceso.xhtml HTTP/1.1" 200 1556
201.245.192.253 - - [08/Aug/2023:09:53:01 -0500] "POST /forms/lservlet;jsessionid=ac16012b30d6b0caa5b3998f4732b23bfd681e503f1d.e3iSbxaKaheRe34KbxiPbh0Naxr0n6jAmljGr5XDqQLvpAe HTTP/1.1" 200 2
111.225.149.85 - - [08/Aug/2023:09:53:05 -0500] "GET /BLA/resoluciones/AUTOS%202015/0064.pdf HTTP/1.1" 200 570626
172.22.2.4 - - [08/Aug/2023:09:51:41 -0500] "GET /BLA/boletinlegal/ HTTP/1.1" 200 58079
192.168.176.52 - - [08/Aug/2023:09:53:23 -0500] "POST /BLA/boletinlegal/admin/actos/ingresar.php HTTP/1.1" 200 7302
111.225.148.15 - - [08/Aug/2023:09:53:32 -0500] "GET /BLA/resoluciones/AUTOS%202017/3763.pdf HTTP/1.1" 200 276689
201.245.192.253 - - [08/Aug/2023:09:53:41 -0500] "POST /sipse/faces/presentacion/financiero/solicitudProceso/listarSolicitudProceso.xhtml HTTP/1.1" 200 156270
201.245.192.253 - - [08/Aug/2023:09:53:42 -0500] "GET /sipse/faces/javax.faces.resource/theme.css?ln=primefaces-sipse HTTP/1.1" 304 -
201.245.192.253 - - [08/Aug/2023:09:53:42 -0500] "GET /sipse/faces/javax.faces.resource/primefaces.css?ln=primefaces&v=4.0 HTTP/1.1" 304 -
201.245.192.253 - - [08/Aug/2023:09:53:42 -0500] "GET /sipse/faces/javax.faces.resource/layout/layout.css?ln=primefaces&v=4.0 HTTP/1.1" 304 -
201.245.192.253 - - [08/Aug/2023:09:53:42 -0500] "GET /sipse/faces/javax.faces.resource/jquery/jquery.js?ln=primefaces&v=4.0 HTTP/1.1" 304 -
201.245.192.253 - - [08/Aug/2023:09:53:42 -0500] "GET /sipse/faces/javax.faces.resource/jquery/jquery-plugins.js?ln=primefaces&v=4.0 HTTP/1.1" 304 -
201.245.192.253 - - [08/Aug/2023:09:53:42 -0500] "GET /sipse/faces/javax.faces.resource/primefaces.js?ln=primefaces&v=4.0 HTTP/1.1" 304 -
201.245.192.253 - - [08/Aug/2023:09:53:42 -0500] "GET /sipse/faces/javax.faces.resource/layout/layout.js?ln=primefaces&v=4.0 HTTP/1.1" 304 -
201.245.192.253 - - [08/Aug/2023:09:53:50 -0500] "POST /forms/lservlet;jsessionid=ac16012b30d6581616cf8e6847209433d5cf7802bbac.e3iSbxaKaheRe34KbxiPbh0Naxr0n6jAmljGr5XDqQLvpAe HTTP/1.1" 200 2
110.249.201.65 - - [08/Aug/2023:09:53:53 -0500] "GET /BLA/resoluciones/AUTOS%202016/2332.pdf HTTP/1.1" 200 556108
201.245.192.253 - - [08/Aug/2023:09:54:10 -0500] "GET /BLA/resoluciones/index.php?dir= HTTP/1.1" 200 13502
201.245.192.253 - - [08/Aug/2023:09:54:13 -0500] "GET /BLA/resoluciones/index.php?dir=RESOLUCIONES+2018%2F HTTP/1.1" 200 276877
111.225.149.114 - - [08/Aug/2023:09:54:17 -0500] "GET /BLA/resoluciones/AUTOS%202017/2234.pdf HTTP/1.1" 200 413628
192.168.176.52 - - [08/Aug/2023:09:54:27 -0500] "POST /BLA/boletinlegal/admin/actos/ingresar.php HTTP/1.1" 200 7302
111.225.149.246 - - [08/Aug/2023:09:54:41 -0500] "GET /BLA/resoluciones/AUTOS%202015/3321.pdf HTTP/1.1" 200 306844
190.249.31.99 - - [08/Aug/2023:09:54:49 -0500] "OPTIONS /kwssiamovil/sm/setfile/f? HTTP/1.1" 200 13
190.249.31.99 - - [08/Aug/2023:09:54:49 -0500] "POST /kwssiamovil/sm/setfile/f? HTTP/1.1" 200 381
66.249.70.198 - - [08/Aug/2023:09:54:59 -0500] "GET /BLA/resoluciones/AUTOS%202014/4176.pdf HTTP/1.1" 200 266222
201.245.192.253 - - [08/Aug/2023:09:55:01 -0500] "POST /forms/lservlet;jsessionid=ac16012b30d6b0caa5b3998f4732b23bfd681e503f1d.e3iSbxaKaheRe34KbxiPbh0Naxr0n6jAmljGr5XDqQLvpAe HTTP/1.1" 200 2
111.225.148.74 - - [08/Aug/2023:09:55:05 -0500] "GET /BLA/resoluciones/AUTOS%202017/4387.pdf HTTP/1.1" 200 501897
190.27.155.251 - - [08/Aug/2023:09:55:22 -0500] "GET /BLA/resoluciones/index.php HTTP/1.1" 200 13502
190.27.155.251 - - [08/Aug/2023:09:55:23 -0500] "GET /apple-touch-icon-precomposed.png HTTP/1.1" 404 1120
190.27.155.251 - - [08/Aug/2023:09:55:23 -0500] "GET /apple-touch-icon.png HTTP/1.1" 404 1120
110.249.201.181 - - [08/Aug/2023:09:55:29 -0500] "GET /BLA/resoluciones/AUTOS%202013/2234.pdf HTTP/1.1" 200 294759
201.245.192.253 - - [08/Aug/2023:09:55:30 -0500] "POST /sipse/faces/presentacion/financiero/solicitudProceso/consultarHistorialSolProceso.xhtml HTTP/1.1" 200 31458
190.27.155.251 - - [08/Aug/2023:09:55:30 -0500] "GET /BLA/resoluciones/index.php?dir=AUTOS+2020%2F HTTP/1.1" 200 329753
201.245.192.253 - - [08/Aug/2023:09:55:32 -0500] "POST /sipse/faces/presentacion/financiero/solicitudProceso/consultarHistorialSolProceso.xhtml HTTP/1.1" 200 31458
201.245.192.253 - - [08/Aug/2023:09:55:33 -0500] "POST /sipse/faces/presentacion/financiero/solicitudProceso/consultarHistorialSolProceso.xhtml HTTP/1.1" 200 2121
66.249.70.197 - - [08/Aug/2023:09:55:35 -0500] "GET /BLA/resoluciones/AUTOS%202013/0761.pdf HTTP/1.1" 200 1680685
201.245.192.253 - - [08/Aug/2023:09:55:35 -0500] "POST /sipse/faces/presentacion/financiero/solicitudProceso/consultarHistorialSolProceso.xhtml HTTP/1.1" 200 40761
201.245.192.253 - - [08/Aug/2023:09:55:35 -0500] "GET /sipse/faces/javax.faces.resource/theme.css?ln=primefaces-sipse HTTP/1.1" 304 -
201.245.192.253 - - [08/Aug/2023:09:55:35 -0500] "GET /sipse/css/imagen/contrasena.png HTTP/1.1" 404 383
201.245.192.253 - - [08/Aug/2023:09:55:35 -0500] "GET /sipse/faces/javax.faces.resource/primefaces.css?ln=primefaces&v=4.0 HTTP/1.1" 304 -
201.245.192.253 - - [08/Aug/2023:09:55:35 -0500] "GET /sipse/faces/javax.faces.resource/layout/layout.css?ln=primefaces&v=4.0 HTTP/1.1" 304 -
