34.106.28.217 - - [13/Aug/2023:13:08:58 -0500] "GET /BLA/boletinlegal/js/jquery.scrollShow.js HTTP/1.1" 200 4586
34.106.28.217 - - [13/Aug/2023:13:09:01 -0500] "GET /galeria/carrusel/Carrusel/jquery.thumbnailScroller.css HTTP/1.1" 200 2066
172.22.2.4 - - [13/Aug/2023:13:09:01 -0500] "GET /BLA/boletinlegal/consulta_actos.php?tipo=autos&no=2291&usuario=&sector=&fecha=2023&resuelve= HTTP/1.1" 200 1085
34.106.28.217 - - [13/Aug/2023:13:09:02 -0500] "GET /galeria/carrusel/Carrusel/jquery-ui-1.8.13.custom.min.js HTTP/1.1" 200 10800
34.106.28.217 - - [13/Aug/2023:13:09:02 -0500] "GET /galeria/carrusel/Carrusel/jquery.thumbnailScroller.js HTTP/1.1" 200 8157
34.106.28.217 - - [13/Aug/2023:13:09:03 -0500] "GET /galeria/nivo-slider/demo/banner.html HTTP/1.1" 200 5446
34.106.28.217 - - [13/Aug/2023:13:09:04 -0500] "GET /galeria/nivo-slider/themes/default/default.css HTTP/1.1" 200 1569
34.106.28.217 - - [13/Aug/2023:13:09:04 -0500] "GET /galeria/nivo-slider/themes/pascal/pascal.css HTTP/1.1" 200 2258
34.106.28.217 - - [13/Aug/2023:13:09:04 -0500] "GET /galeria/nivo-slider/themes/orman/orman.css HTTP/1.1" 200 2152
34.106.28.217 - - [13/Aug/2023:13:09:05 -0500] "GET /galeria/nivo-slider/demo/style.css HTTP/1.1" 200 2222
34.106.28.217 - - [13/Aug/2023:13:09:05 -0500] "GET /galeria/nivo-slider/nivo-slider.css HTTP/1.1" 200 1507
34.106.28.217 - - [13/Aug/2023:13:09:05 -0500] "GET /galeria/nivo-slider/jquery.nivo.slider.pack.js HTTP/1.1" 200 11561
34.106.28.217 - - [13/Aug/2023:13:09:05 -0500] "GET /galeria/nivo-slider/demo/scripts/jquery-1.7.1.min.js HTTP/1.1" 200 93868
34.106.28.217 - - [13/Aug/2023:13:09:05 -0500] "GET /galeria/nivo-slider/demo/images/bannertortuga_optimized.jpg HTTP/1.1" 200 39066
34.106.28.217 - - [13/Aug/2023:13:09:05 -0500] "GET /galeria/nivo-slider/demo/images/Bannermujeresquereverdecen.jpg HTTP/1.1" 200 46558
34.106.28.217 - - [13/Aug/2023:13:09:05 -0500] "GET /galeria/nivo-slider/demo/images/bannertrafico_optimized.jpg HTTP/1.1" 200 42578
34.106.28.217 - - [13/Aug/2023:13:09:05 -0500] "GET /galeria/nivo-slider/demo/images/Bannersedeelectronica.jpg HTTP/1.1" 200 40383
34.106.28.217 - - [13/Aug/2023:13:09:06 -0500] "GET /galeria/nivo-slider/demo/images/bannerrutaesperanza.jpg HTTP/1.1" 200 55560
34.106.28.217 - - [13/Aug/2023:13:09:06 -0500] "GET /galeria/nivo-slider/demo/images/4Simple_Slider.png HTTP/1.1" 200 11722
34.106.28.217 - - [13/Aug/2023:13:09:07 -0500] "GET /galeria/nivo-slider/themes/default/loading.gif HTTP/1.1" 200 1737
34.106.28.217 - - [13/Aug/2023:13:09:07 -0500] "GET /galeria/nivo-slider/demo/images/banneraire2021.jpg HTTP/1.1" 200 265101
34.106.28.217 - - [13/Aug/2023:13:09:07 -0500] "GET /galeria/nivo-slider/demo/images/Bannerplasticosseptiembre.jpg HTTP/1.1" 200 45633
34.106.28.217 - - [13/Aug/2023:13:09:07 -0500] "GET /galeria/nivo-slider/demo/images/bannerresiduoshospitalariosagosto.jpg HTTP/1.1" 200 36499
34.106.28.217 - - [13/Aug/2023:13:09:07 -0500] "GET /galeria/nivo-slider/demo/images/banneraccionpopularcrr68.jpg HTTP/1.1" 200 51887
34.106.28.217 - - [13/Aug/2023:13:09:07 -0500] "GET /galeria/nivo-slider/demo/images/banneraccionpopular.jpeg HTTP/1.1" 200 41707
34.106.28.217 - - [13/Aug/2023:13:09:08 -0500] "GET /galeria/nivo-slider/demo/images/bannerclases2021.jpg HTTP/1.1" 200 68230
34.106.28.217 - - [13/Aug/2023:13:09:08 -0500] "GET /galeria/nivo-slider/demo/images/bannercapacitacionesbogota.jpg HTTP/1.1" 200 42416
34.106.28.217 - - [13/Aug/2023:13:09:08 -0500] "GET /galeria/nivo-slider/demo/images/Bannerenvases.jpg HTTP/1.1" 200 37316
34.106.28.217 - - [13/Aug/2023:13:09:08 -0500] "GET /galeria/nivo-slider/demo/images/Bannervirtualescanales.jpg HTTP/1.1" 200 174544
34.106.28.217 - - [13/Aug/2023:13:09:15 -0500] "GET /galeria/nivo-slider/themes/default/arrows.png HTTP/1.1" 200 824
34.106.28.217 - - [13/Aug/2023:13:09:15 -0500] "GET /galeria/nivo-slider/themes/default/bullets.png HTTP/1.1" 200 1281
201.245.192.253 - - [13/Aug/2023:13:10:00 -0500] "POST /kwsrmcab/Wsrmcab  HTTP/1.1" 200 213
172.22.2.4 - - [13/Aug/2023:13:09:04 -0500] "HEAD /BLA/boletinlegal/ HTTP/1.1" 200 -
172.22.2.4 - - [13/Aug/2023:13:10:50 -0500] "GET /BLA/boletinlegal/consulta_actos.php?tipo=autos&no=2295&usuario=&sector=&fecha=2023&resuelve= HTTP/1.1" 200 1097
172.22.2.4 - - [13/Aug/2023:13:09:54 -0500] "GET /BLA/boletinlegal/ HTTP/1.1" 200 58187
172.22.2.4 - - [13/Aug/2023:13:12:56 -0500] "GET /BLA/boletinlegal/consulta_actos.php?tipo=autos&no=2732&usuario=&sector=&fecha=2023&resuelve= HTTP/1.1" 200 1078
216.245.221.92 - - [13/Aug/2023:13:13:17 -0500] "HEAD / HTTP/1.1" 200 -
172.22.2.4 - - [13/Aug/2023:13:13:40 -0500] "GET /BLA/boletinlegal/consulta_actos.php?tipo=autos&no=2732&usuario=&sector=&fecha=2023&resuelve= HTTP/1.1" 200 1078
172.22.2.4 - - [13/Aug/2023:13:13:43 -0500] "GET /BLA/boletinlegal/consulta_actos.php?tipo=autos&no=2424&usuario=&sector=&fecha=2023&resuelve= HTTP/1.1" 200 1071
34.106.28.217 - - [13/Aug/2023:13:14:28 -0500] "GET /galeria/galeria/jquery.fancybox.css?v=2.1.5 HTTP/1.1" 200 4895
34.106.28.217 - - [13/Aug/2023:13:14:28 -0500] "GET /BLA/boletinlegal/js/jquery.scrollShow.js HTTP/1.1" 200 4586
34.106.28.217 - - [13/Aug/2023:13:14:28 -0500] "GET /galeria/galeria/jquery.fancybox.js?v=2.1.5 HTTP/1.1" 200 48706
34.106.28.217 - - [13/Aug/2023:13:14:31 -0500] "GET /galeria/carrusel/Carrusel/jquery.thumbnailScroller.css HTTP/1.1" 200 2066
34.106.28.217 - - [13/Aug/2023:13:14:32 -0500] "GET /galeria/carrusel/Carrusel/jquery-ui-1.8.13.custom.min.js HTTP/1.1" 200 10800
34.106.28.217 - - [13/Aug/2023:13:14:32 -0500] "GET /galeria/carrusel/Carrusel/jquery.thumbnailScroller.js HTTP/1.1" 200 8157
34.106.28.217 - - [13/Aug/2023:13:14:34 -0500] "GET /galeria/nivo-slider/demo/banner.html HTTP/1.1" 200 5446
34.106.28.217 - - [13/Aug/2023:13:14:34 -0500] "GET /galeria/nivo-slider/themes/default/default.css HTTP/1.1" 200 1569
34.106.28.217 - - [13/Aug/2023:13:14:34 -0500] "GET /galeria/nivo-slider/themes/pascal/pascal.css HTTP/1.1" 200 2258
34.106.28.217 - - [13/Aug/2023:13:14:35 -0500] "GET /galeria/nivo-slider/themes/orman/orman.css HTTP/1.1" 200 2152
34.106.28.217 - - [13/Aug/2023:13:14:35 -0500] "GET /galeria/nivo-slider/demo/style.css HTTP/1.1" 200 2222
34.106.28.217 - - [13/Aug/2023:13:14:35 -0500] "GET /galeria/nivo-slider/nivo-slider.css HTTP/1.1" 200 1507
34.106.28.217 - - [13/Aug/2023:13:14:35 -0500] "GET /galeria/nivo-slider/demo/scripts/jquery-1.7.1.min.js HTTP/1.1" 200 93868
34.106.28.217 - - [13/Aug/2023:13:14:36 -0500] "GET /galeria/nivo-slider/demo/images/bannertortuga_optimized.jpg HTTP/1.1" 200 39066
34.106.28.217 - - [13/Aug/2023:13:14:36 -0500] "GET /galeria/nivo-slider/jquery.nivo.slider.pack.js HTTP/1.1" 200 11561
34.106.28.217 - - [13/Aug/2023:13:14:36 -0500] "GET /galeria/nivo-slider/demo/images/Bannermujeresquereverdecen.jpg HTTP/1.1" 200 46558
34.106.28.217 - - [13/Aug/2023:13:14:36 -0500] "GET /galeria/nivo-slider/demo/images/bannertrafico_optimized.jpg HTTP/1.1" 200 42578
34.106.28.217 - - [13/Aug/2023:13:14:36 -0500] "GET /galeria/nivo-slider/demo/images/Bannersedeelectronica.jpg HTTP/1.1" 200 40383
34.106.28.217 - - [13/Aug/2023:13:14:37 -0500] "GET /galeria/nivo-slider/demo/images/4Simple_Slider.png HTTP/1.1" 200 11722
34.106.28.217 - - [13/Aug/2023:13:14:38 -0500] "GET /galeria/nivo-slider/themes/default/loading.gif HTTP/1.1" 200 1737
34.106.28.217 - - [13/Aug/2023:13:14:39 -0500] "GET /galeria/nivo-slider/demo/images/bannerrutaesperanza.jpg HTTP/1.1" 200 55560
34.106.28.217 - - [13/Aug/2023:13:14:39 -0500] "GET /galeria/nivo-slider/demo/images/banneraire2021.jpg HTTP/1.1" 200 265101
34.106.28.217 - - [13/Aug/2023:13:14:39 -0500] "GET /galeria/nivo-slider/demo/images/Bannerplasticosseptiembre.jpg HTTP/1.1" 200 45633
34.106.28.217 - - [13/Aug/2023:13:14:39 -0500] "GET /galeria/nivo-slider/demo/images/bannerresiduoshospitalariosagosto.jpg HTTP/1.1" 200 36499
34.106.28.217 - - [13/Aug/2023:13:14:39 -0500] "GET /galeria/nivo-slider/demo/images/banneraccionpopularcrr68.jpg HTTP/1.1" 200 51887
34.106.28.217 - - [13/Aug/2023:13:14:39 -0500] "GET /galeria/nivo-slider/demo/images/banneraccionpopular.jpeg HTTP/1.1" 200 41707
34.106.28.217 - - [13/Aug/2023:13:14:40 -0500] "GET /galeria/nivo-slider/demo/images/bannerclases2021.jpg HTTP/1.1" 200 68230
34.106.28.217 - - [13/Aug/2023:13:14:40 -0500] "GET /galeria/nivo-slider/demo/images/bannercapacitacionesbogota.jpg HTTP/1.1" 200 42416
34.106.28.217 - - [13/Aug/2023:13:14:41 -0500] "GET /galeria/nivo-slider/demo/images/Bannerenvases.jpg HTTP/1.1" 200 37316
34.106.28.217 - - [13/Aug/2023:13:14:42 -0500] "GET /galeria/nivo-slider/demo/images/Bannervirtualescanales.jpg HTTP/1.1" 200 174544
34.106.28.217 - - [13/Aug/2023:13:14:48 -0500] "GET /galeria/nivo-slider/themes/default/arrows.png HTTP/1.1" 200 824
34.106.28.217 - - [13/Aug/2023:13:14:48 -0500] "GET /galeria/nivo-slider/themes/default/bullets.png HTTP/1.1" 200 1281
201.245.192.253 - - [13/Aug/2023:13:14:59 -0500] "POST /kwsrmcab/Wsrmcab  HTTP/1.1" 200 213
172.22.2.4 - - [13/Aug/2023:13:15:06 -0500] "GET /BLA/boletinlegal/consulta_actos.php?tipo=autos&no=2423&usuario=&sector=&fecha=2023&resuelve= HTTP/1.1" 200 1077
87.236.176.105 - - [13/Aug/2023:13:15:59 -0500] "GET /portaldeninos/ HTTP/1.1" 200 110197
172.22.2.4 - - [13/Aug/2023:13:16:18 -0500] "GET /BLA/boletinlegal/consulta_actos.php?tipo=autos&no=2360&usuario=&sector=&fecha=2023&resuelve= HTTP/1.1" 200 1073
172.22.2.4 - - [13/Aug/2023:13:14:54 -0500] "HEAD /BLA/boletinlegal/ HTTP/1.1" 200 -
172.22.2.4 - - [13/Aug/2023:13:17:04 -0500] "GET /BLA/boletinlegal/conceptos.php HTTP/1.1" 200 7496
172.22.2.4 - - [13/Aug/2023:13:15:44 -0500] "GET /BLA/boletinlegal/ HTTP/1.1" 200 58597
172.22.2.4 - - [13/Aug/2023:13:17:39 -0500] "GET /BLA/boletinlegal/consulta_actos.php?tipo=autos&no=2434&usuario=&sector=&fecha=2023&resuelve= HTTP/1.1" 200 1066
216.245.221.92 - - [13/Aug/2023:13:18:17 -0500] "HEAD / HTTP/1.1" 200 -
172.22.2.4 - - [13/Aug/2023:13:18:45 -0500] "GET /BLA/boletinlegal/consulta_actos.php?tipo=autos&no=3438&usuario=&sector=&fecha=2023&resuelve= HTTP/1.1" 200 1083
201.245.192.253 - - [13/Aug/2023:13:18:55 -0500] "POST /kwsrmcab/Wsrmcab HTTP/1.1" 200 43503
201.245.192.253 - - [13/Aug/2023:13:18:58 -0500] "POST /kwsrmcab/Wsrmcab HTTP/1.1" 200 41829
172.22.2.4 - - [13/Aug/2023:13:19:03 -0500] "GET /BLA/boletinlegal/robots.txt HTTP/1.1" 404 1038
172.22.2.4 - - [13/Aug/2023:13:19:46 -0500] "GET /BLA/boletinlegal/consulta_actos.php?tipo=autos&no=2956&usuario=&sector=&fecha=2023&resuelve= HTTP/1.1" 200 1075
201.245.192.253 - - [13/Aug/2023:13:19:58 -0500] "POST /kwsrmcab/Wsrmcab  HTTP/1.1" 200 213
66.249.66.194 - - [13/Aug/2023:13:20:13 -0500] "GET /por-un-corazon-mas-verde-del-1-al-9-de-junio-se-celebrara-la-semana-ambiental-2023-en-bogota.html HTTP/1.1" 200 819
172.22.2.4 - - [13/Aug/2023:13:19:05 -0500] "GET /BLA/boletinlegal/index.php HTTP/1.1" 200 62795
172.22.2.4 - - [13/Aug/2023:13:21:07 -0500] "GET /BLA/boletinlegal/consulta_actos.php?tipo=autos&no=3419&usuario=&sector=&fecha=2023&resuelve= HTTP/1.1" 200 1072
172.22.2.4 - - [13/Aug/2023:13:21:47 -0500] "GET /BLA/boletinlegal/consulta_actos.php?tipo=autos&no=3408&usuario=&sector=&fecha=2023&resuelve= HTTP/1.1" 200 1071
172.22.2.4 - - [13/Aug/2023:13:22:06 -0500] "GET /BLA/boletinlegal/consulta_actos.php?tipo=autos&no=3474&usuario=&sector=&fecha=2023&resuelve= HTTP/1.1" 200 1139
191.95.153.35 - - [13/Aug/2023:13:22:12 -0500] "GET / HTTP/1.1" 200 4720
191.95.153.35 - - [13/Aug/2023:13:22:12 -0500] "GET /js/url.js HTTP/1.1" 404 1294
191.95.153.35 - - [13/Aug/2023:13:22:12 -0500] "GET /css/bootstrap.min.css HTTP/1.1" 200 178212
191.95.153.35 - - [13/Aug/2023:13:22:17 -0500] "GET / HTTP/1.1" 200 4720
191.95.153.35 - - [13/Aug/2023:13:22:17 -0500] "GET /css/bootstrap.min.css HTTP/1.1" 200 178212
191.95.153.35 - - [13/Aug/2023:13:22:17 -0500] "GET /js/url.js HTTP/1.1" 404 1294
191.95.153.35 - - [13/Aug/2023:13:22:17 -0500] "GET /favicon.ico HTTP/1.1" 404 1294
172.22.2.4 - - [13/Aug/2023:13:20:44 -0500] "HEAD /BLA/boletinlegal/ HTTP/1.1" 200 -
172.22.2.4 - - [13/Aug/2023:13:21:34 -0500] "GET /BLA/boletinlegal/ HTTP/1.1" 200 58597
216.245.221.92 - - [13/Aug/2023:13:23:17 -0500] "HEAD / HTTP/1.1" 200 -
173.252.87.117 - - [13/Aug/2023:13:24:43 -0500] "GET /images/asistentes%20Foro%20sobre%20movilidad%20sostenible.jpg HTTP/1.1" 200 46965
66.249.70.7 - - [13/Aug/2023:13:24:51 -0500] "GET /BLA/resoluciones/Notificaciones/AUTOS%202022/7852.pdf HTTP/1.1" 304 -
201.245.192.253 - - [13/Aug/2023:13:24:57 -0500] "POST /kwsrmcab/Wsrmcab  HTTP/1.1" 200 213
40.77.167.208 - - [13/Aug/2023:13:25:55 -0500] "GET /BLA/resoluciones/AUTOS%202022/4320.pdf HTTP/1.1" 304 -
199.16.157.181 - - [13/Aug/2023:13:26:05 -0500] "GET /robots.txt HTTP/1.1" 404 1034
199.16.157.181 - - [13/Aug/2023:13:26:06 -0500] "GET /images/cr%C3%B3nica-29-nov-1_optimized.jpeg HTTP/1.1" 404 1034
172.22.2.4 - - [13/Aug/2023:13:27:47 -0500] "GET /BLA/boletinlegal/robots.txt HTTP/1.1" 404 1037
172.22.2.4 - - [13/Aug/2023:13:26:34 -0500] "HEAD /BLA/boletinlegal/ HTTP/1.1" 200 -
216.245.221.92 - - [13/Aug/2023:13:28:17 -0500] "HEAD / HTTP/1.1" 200 -
173.252.87.118 - - [13/Aug/2023:13:28:31 -0500] "GET /entrenubes-raton-de-montana-se-alimenta-de-hongos-presentes-en-este-ecosistema-del-suroriente-de-bogota.html HTTP/1.1" 200 843
52.167.144.153 - - [13/Aug/2023:13:28:32 -0500] "GET /sipse/faces/index.xhtml HTTP/1.1" 200 677
201.245.192.253 - - [13/Aug/2023:13:28:54 -0500] "POST /kwsrmcab/Wsrmcab HTTP/1.1" 200 43503
201.245.192.253 - - [13/Aug/2023:13:28:57 -0500] "POST /kwsrmcab/Wsrmcab HTTP/1.1" 200 41829
172.22.2.4 - - [13/Aug/2023:13:27:24 -0500] "GET /BLA/boletinlegal/ HTTP/1.1" 200 57790
201.245.192.253 - - [13/Aug/2023:13:29:57 -0500] "POST /kwsrmcab/Wsrmcab  HTTP/1.1" 200 213
216.245.221.92 - - [13/Aug/2023:13:33:17 -0500] "HEAD / HTTP/1.1" 200 -
104.28.92.30 - - [13/Aug/2023:13:33:49 -0500] "GET /sipse/faces/index.xhtml HTTP/1.1" 200 677
104.28.92.30 - - [13/Aug/2023:13:33:49 -0500] "GET /sipse/faces/javax.faces.resource/theme.css?ln=primefaces-sipse HTTP/1.1" 304 -
104.28.92.30 - - [13/Aug/2023:13:33:49 -0500] "GET /sipse/faces/faces/autenticacion.xhtml HTTP/1.1" 200 12172
104.28.92.30 - - [13/Aug/2023:13:33:49 -0500] "GET /sipse/js/funciones.js HTTP/1.1" 200 12592
104.28.92.30 - - [13/Aug/2023:13:33:49 -0500] "GET /sipse/faces/javax.faces.resource/layout/layout.css?ln=primefaces&v=4.0 HTTP/1.1" 304 -
104.28.92.30 - - [13/Aug/2023:13:33:49 -0500] "GET /sipse/css/custom_css_sg.css HTTP/1.1" 304 -
104.28.92.30 - - [13/Aug/2023:13:33:49 -0500] "GET /sipse/js/disable_browser_buttons.js HTTP/1.1" 304 -
104.28.92.30 - - [13/Aug/2023:13:33:49 -0500] "GET /sipse/css/custom_css_sg_prime_login.css HTTP/1.1" 200 443
104.28.92.30 - - [13/Aug/2023:13:33:49 -0500] "GET /sipse/faces/javax.faces.resource/theme.css?ln=primefaces-sipse HTTP/1.1" 304 -
104.28.92.30 - - [13/Aug/2023:13:33:50 -0500] "GET /sipse/faces/javax.faces.resource/primefaces.css?ln=primefaces&v=4.0 HTTP/1.1" 304 -
104.28.92.30 - - [13/Aug/2023:13:33:50 -0500] "GET /sipse/faces/javax.faces.resource/layout/layout.js?ln=primefaces&v=4.0 HTTP/1.1" 304 -
104.28.92.30 - - [13/Aug/2023:13:33:49 -0500] "GET /sipse/faces/javax.faces.resource/jquery/jquery.js?ln=primefaces&v=4.0 HTTP/1.1" 200 105384
104.28.92.30 - - [13/Aug/2023:13:33:50 -0500] "GET /sipse/faces/javax.faces.resource/jquery/jquery-plugins.js?ln=primefaces&v=4.0 HTTP/1.1" 200 220526
104.28.92.30 - - [13/Aug/2023:13:33:50 -0500] "GET /sipse/faces/javax.faces.resource/primefaces.js?ln=primefaces&v=4.0 HTTP/1.1" 200 276924
104.28.92.30 - - [13/Aug/2023:13:33:50 -0500] "GET /sipse/css/imagen/loginimg.png HTTP/1.1" 304 -
104.28.92.30 - - [13/Aug/2023:13:33:50 -0500] "GET /sipse/css/imagen/logoSDG.png HTTP/1.1" 304 -
104.28.92.30 - - [13/Aug/2023:13:33:50 -0500] "GET /sipse/faces/javax.faces.resource/images/ui-icons_898989_256x240.png?ln=primefaces-aristo HTTP/1.1" 304 -
179.1.87.75 - - [13/Aug/2023:13:33:52 -0500] "GET /bogota-empieza-la-consolidacion-de-la-estrategia-de-bosques-urbanos-con-el-brazo-salitre-en-barrios-unidos.html?utm_source=Youtube_DIGI&utm_medium=CPV&utm_campaign=BosquesUrbanos&utm_id=Agosto_2023&gclid=CjwKCAjw_uGmBhBREiwAeOfsd2PcF2ac7mj1b2HYMNi8smcI0SLk2OPm1cNsftp05uHX2RSXwxQkxRoCCaoQAvD_BwE HTTP/1.1" 200 892
172.22.2.4 - - [13/Aug/2023:13:32:24 -0500] "HEAD /BLA/boletinlegal/ HTTP/1.1" 200 -
172.22.2.4 - - [13/Aug/2023:13:33:14 -0500] "GET /BLA/boletinlegal/ HTTP/1.1" 200 58981
201.245.192.253 - - [13/Aug/2023:13:34:56 -0500] "POST /kwsrmcab/Wsrmcab  HTTP/1.1" 200 213
5.196.102.66 - - [13/Aug/2023:13:36:45 -0500] "GET /favicon.ico HTTP/1.1" 200 7782
216.245.221.92 - - [13/Aug/2023:13:38:17 -0500] "HEAD / HTTP/1.1" 200 -
201.245.192.253 - - [13/Aug/2023:13:38:55 -0500] "POST /kwsrmcab/Wsrmcab HTTP/1.1" 200 43503
201.245.192.253 - - [13/Aug/2023:13:38:58 -0500] "POST /kwsrmcab/Wsrmcab HTTP/1.1" 200 41829
172.22.2.4 - - [13/Aug/2023:13:38:14 -0500] "HEAD /BLA/boletinlegal/ HTTP/1.1" 200 -
201.245.192.253 - - [13/Aug/2023:13:39:55 -0500] "POST /kwsrmcab/Wsrmcab  HTTP/1.1" 200 213
172.22.2.4 - - [13/Aug/2023:13:39:04 -0500] "GET /BLA/boletinlegal/ HTTP/1.1" 200 54960
216.245.221.92 - - [13/Aug/2023:13:43:17 -0500] "HEAD / HTTP/1.1" 200 -
201.245.192.253 - - [13/Aug/2023:13:44:54 -0500] "POST /kwsrmcab/Wsrmcab  HTTP/1.1" 200 213
201.221.172.189 - - [13/Aug/2023:13:45:37 -0500] "-" 408 -
172.22.2.4 - - [13/Aug/2023:13:44:04 -0500] "HEAD /BLA/boletinlegal/ HTTP/1.1" 200 -
186.30.105.84 - - [13/Aug/2023:13:46:29 -0500] "GET /agendate-para-participar-en-las-caminatas-ecologicas-de-febrero.html HTTP/1.1" 200 830
172.22.2.4 - - [13/Aug/2023:13:44:54 -0500] "GET /BLA/boletinlegal/ HTTP/1.1" 200 58597
216.245.221.92 - - [13/Aug/2023:13:48:17 -0500] "HEAD / HTTP/1.1" 200 -
66.249.70.7 - - [13/Aug/2023:13:49:17 -0500] "GET /Publicaciones/2023EE100792.pdf HTTP/1.1" 404 228
66.249.70.7 - - [13/Aug/2023:13:49:18 -0500] "GET /BLA/resoluciones/Notificaciones/REGISTROS%202023/00241.pdf HTTP/1.1" 200 281089
66.249.70.6 - - [13/Aug/2023:13:49:20 -0500] "GET /isolucionsda/FrameSetGeneral.asp?Pagina=RetencionDocumental.asp HTTP/1.1" 200 6376
66.249.70.6 - - [13/Aug/2023:13:49:20 -0500] "GET /Publicaciones/2023EE169938.pdf HTTP/1.1" 404 228
66.249.70.5 - - [13/Aug/2023:13:49:20 -0500] "GET /BLA/resoluciones/Notificaciones/AUTOS%202022/6051.pdf HTTP/1.1" 200 466423
66.249.70.6 - - [13/Aug/2023:13:49:22 -0500] "GET /isolucionsda/Administracion/Salaedicion/Articulo.asp?IdArticulo=%20%%3E&Accion=Editar&AccionPreview.x= HTTP/1.1" 500 7321
66.249.70.5 - - [13/Aug/2023:13:49:22 -0500] "GET /BLA/resoluciones/RESOLUCIONES%202016/1034.pdf HTTP/1.1" 200 265358
66.249.70.6 - - [13/Aug/2023:13:49:23 -0500] "GET /BLA/resoluciones/Notificaciones/AUTOS%202022/1431.pdf HTTP/1.1" 200 665773
66.249.70.6 - - [13/Aug/2023:13:49:24 -0500] "GET /isolucionsda/Encabezado.asp HTTP/1.1" 200 11400
66.249.70.5 - - [13/Aug/2023:13:49:24 -0500] "GET /Publicaciones/2023EE85070.pdf HTTP/1.1" 404 227
66.249.70.6 - - [13/Aug/2023:13:49:25 -0500] "GET /BLA/resoluciones/Notificaciones/AUTOS%202023/173.pdf HTTP/1.1" 200 2095494
66.249.70.7 - - [13/Aug/2023:13:49:26 -0500] "GET /BLA/resoluciones/Notificaciones/RESOLUCIONES%202023/430.pdf HTTP/1.1" 200 433059
66.249.70.7 - - [13/Aug/2023:13:49:26 -0500] "GET /Publicaciones/2023EE99687.pdf HTTP/1.1" 404 227
66.249.70.5 - - [13/Aug/2023:13:49:26 -0500] "GET /transparencia/financiera/General%20Asignado/Historico HTTP/1.1" 404 1018
66.249.70.7 - - [13/Aug/2023:13:49:27 -0500] "GET /BLA/resoluciones/Notificaciones/RESOLUCIONES%202018/3753.pdf HTTP/1.1" 200 288686
66.249.70.7 - - [13/Aug/2023:13:49:27 -0500] "GET /BLA/boletinlegal/Circulares/2018/CIRCULAR%20COJUNTA%20042%20DE%202018.pdf HTTP/1.1" 200 515008
66.249.70.5 - - [13/Aug/2023:13:49:36 -0500] "GET /isolucionsda/Scripts/customRequired/toasterConfiguration.js HTTP/1.1" 200 1446
201.245.192.253 - - [13/Aug/2023:13:49:53 -0500] "POST /kwsrmcab/Wsrmcab  HTTP/1.1" 200 213
172.22.2.4 - - [13/Aug/2023:13:49:54 -0500] "HEAD /BLA/boletinlegal/ HTTP/1.1" 200 -
40.77.167.208 - - [13/Aug/2023:13:52:17 -0500] "GET /BLA/resoluciones/RESOLUCIONES%202022/0424.pdf HTTP/1.1" 304 -
172.22.2.4 - - [13/Aug/2023:13:50:44 -0500] "GET /BLA/boletinlegal/ HTTP/1.1" 200 58187
191.156.147.197 - - [13/Aug/2023:13:52:38 -0500] "GET /bogota-empieza-la-consolidacion-de-la-estrategia-de-bosques-urbanos-con-el-brazo-salitre-en-barrios-unidos.html?utm_source=Youtube_DIGI&utm_medium=CPV&utm_campaign=BosquesUrbanos&utm_id=Agosto_2023&wbraid=ClIKCQjw29ymBhCQARJBAJJxnRyO4wauJoqKfj53KlJGr8rXkk8MuiPa5WOhCQS_B45QDHJ1m7CfsaW4nZ_xnRiwVHFpF5v0twFyQhM6zZsaAnPM HTTP/1.1" 200 892
216.245.221.92 - - [13/Aug/2023:13:53:17 -0500] "HEAD / HTTP/1.1" 200 -
191.95.162.70 - - [13/Aug/2023:13:54:29 -0500] "GET /bogota-empieza-la-consolidacion-de-la-estrategia-de-bosques-urbanos-con-el-brazo-salitre-en-barrios-unidos.html?utm_source=Youtube_DIGI&utm_medium=CPV&utm_campaign=BosquesUrbanos&utm_id=Agosto_2023&gclid=EAIaIQobChMI_uK0hJ7agAMVIAeHAx2huwCxEAEYASAAEgL92PD_BwE HTTP/1.1" 200 892
201.245.192.253 - - [13/Aug/2023:13:54:52 -0500] "POST /kwsrmcab/Wsrmcab  HTTP/1.1" 200 213
173.252.107.7 - - [13/Aug/2023:13:57:06 -0500] "GET /animales-recuperados-en-san-cristobal-y-ciudad-bolivar-son-atendidos-en-el-centro-de-flora-de-la-secretaria-de-ambiente.html HTTP/1.1" 200 1056
172.22.2.4 - - [13/Aug/2023:13:55:44 -0500] "HEAD /BLA/boletinlegal/ HTTP/1.1" 200 -
172.22.2.4 - - [13/Aug/2023:13:56:35 -0500] "GET /BLA/boletinlegal/ HTTP/1.1" 200 58597
216.245.221.92 - - [13/Aug/2023:13:58:17 -0500] "HEAD / HTTP/1.1" 200 -
201.245.192.253 - - [13/Aug/2023:13:59:50 -0500] "POST /kwsrmcab/Wsrmcab  HTTP/1.1" 200 213
172.22.2.4 - - [13/Aug/2023:14:00:25 -0500] "GET /BLA/boletinlegal/consulta_actos.php?tipo=resoluciones&no=0376&usuario=&sector=&fecha=2019&resuelve= HTTP/1.1" 200 1334
186.154.51.51 - - [13/Aug/2023:14:00:30 -0500] "GET /BLA/resoluciones/RESOLUCIONES%202019/0376.pdf HTTP/1.1" 200 380116
172.22.2.4 - - [13/Aug/2023:14:01:34 -0500] "HEAD /BLA/boletinlegal/ HTTP/1.1" 200 -
216.245.221.92 - - [13/Aug/2023:14:03:17 -0500] "HEAD / HTTP/1.1" 200 -
172.22.2.4 - - [13/Aug/2023:14:02:24 -0500] "GET /BLA/boletinlegal/ HTTP/1.1" 200 57790
201.245.192.253 - - [13/Aug/2023:14:04:48 -0500] "POST /kwsrmcab/Wsrmcab  HTTP/1.1" 200 213
186.29.144.221 - - [13/Aug/2023:14:05:26 -0500] "GET /sipse/faces/faces/autenticacion.xhtml HTTP/1.1" 200 12494
186.29.144.221 - - [13/Aug/2023:14:05:27 -0500] "GET /sipse/js/funciones.js HTTP/1.1" 200 12592
186.29.144.221 - - [13/Aug/2023:14:05:27 -0500] "GET /sipse/css/custom_css_sg_prime_login.css HTTP/1.1" 200 443
186.29.144.221 - - [13/Aug/2023:14:05:27 -0500] "GET /sipse/css/custom_css_sg.css HTTP/1.1" 200 9694
186.29.144.221 - - [13/Aug/2023:14:05:27 -0500] "GET /sipse/js/disable_browser_buttons.js HTTP/1.1" 200 3230
186.29.144.221 - - [13/Aug/2023:14:05:27 -0500] "GET /sipse/faces/javax.faces.resource/layout/layout.css;jsessionid=Om+oe9l9Ux91Uvx4rs3kwx4H.undefined?ln=primefaces&v=4.0 HTTP/1.1" 200 542
186.29.144.221 - - [13/Aug/2023:14:05:27 -0500] "GET /sipse/faces/javax.faces.resource/theme.css?ln=primefaces-sipse HTTP/1.1" 200 50058
186.29.144.221 - - [13/Aug/2023:14:05:27 -0500] "GET /sipse/faces/javax.faces.resource/primefaces.css;jsessionid=Om+oe9l9Ux91Uvx4rs3kwx4H.undefined?ln=primefaces&v=4.0 HTTP/1.1" 200 53295
186.29.144.221 - - [13/Aug/2023:14:05:27 -0500] "GET /sipse/faces/javax.faces.resource/layout/layout.js;jsessionid=Om+oe9l9Ux91Uvx4rs3kwx4H.undefined?ln=primefaces&v=4.0 HTTP/1.1" 200 87560
186.29.144.221 - - [13/Aug/2023:14:05:27 -0500] "GET /sipse/faces/javax.faces.resource/jquery/jquery.js;jsessionid=Om+oe9l9Ux91Uvx4rs3kwx4H.undefined?ln=primefaces&v=4.0 HTTP/1.1" 200 105384
186.29.144.221 - - [13/Aug/2023:14:05:27 -0500] "GET /sipse/faces/javax.faces.resource/jquery/jquery-plugins.js;jsessionid=Om+oe9l9Ux91Uvx4rs3kwx4H.undefined?ln=primefaces&v=4.0 HTTP/1.1" 200 220526
186.29.144.221 - - [13/Aug/2023:14:05:27 -0500] "GET /sipse/faces/javax.faces.resource/primefaces.js;jsessionid=Om+oe9l9Ux91Uvx4rs3kwx4H.undefined?ln=primefaces&v=4.0 HTTP/1.1" 200 276924
186.29.144.221 - - [13/Aug/2023:14:05:27 -0500] "GET /sipse/faces/javax.faces.resource/images/ui-icons_898989_256x240.png?ln=primefaces-aristo HTTP/1.1" 200 5355
186.29.144.221 - - [13/Aug/2023:14:05:27 -0500] "GET /sipse/css/imagen/logoSDG.png HTTP/1.1" 200 53064
186.29.144.221 - - [13/Aug/2023:14:05:27 -0500] "GET /sipse/css/imagen/loginimg.png HTTP/1.1" 200 71635
186.29.144.221 - - [13/Aug/2023:14:05:27 -0500] "GET /sipse/faces/faces/index.xhtml HTTP/1.1" 200 677
186.29.144.221 - - [13/Aug/2023:14:05:27 -0500] "GET /sipse/faces/javax.faces.resource/theme.css?ln=primefaces-sipse HTTP/1.1" 200 50058
172.22.2.4 - - [13/Aug/2023:14:07:43 -0500] "GET /BLA/boletinlegal/conceptos.php HTTP/1.1" 200 7496
216.245.221.92 - - [13/Aug/2023:14:08:17 -0500] "HEAD / HTTP/1.1" 200 -
181.78.85.226 - - [13/Aug/2023:14:08:27 -0500] "GET /bogota-empieza-la-consolidacion-de-la-estrategia-de-bosques-urbanos-con-el-brazo-salitre-en-barrios-unidos.html?utm_source=Youtube_DIGI&utm_medium=CPV&utm_campaign=BosquesUrbanos&utm_id=Agosto_2023&gclid=CjwKCAjw_uGmBhBREiwAeOfsd4c4nDGoxwY6IlnEBbWfIuUPqmhNqBzoVVycueFpCMt-XbOMdf-GhxoCgicQAvD_BwE HTTP/1.1" 200 892
173.252.107.116 - - [13/Aug/2023:14:08:40 -0500] "GET /todo-un-exito-la-primera-jornada-de-adopcion-en-la-santamaria-15-perros-y-gatos-encontraron-un-nuevo-hogar-en-bogota.html HTTP/1.1" 200 994
172.22.2.4 - - [13/Aug/2023:14:07:24 -0500] "HEAD /BLA/boletinlegal/ HTTP/1.1" 200 -
201.245.192.253 - - [13/Aug/2023:14:09:47 -0500] "POST /kwsrmcab/Wsrmcab  HTTP/1.1" 200 213
172.22.2.4 - - [13/Aug/2023:14:09:54 -0500] "GET /BLA/boletinlegal/jurisprudencia.php HTTP/1.1" 200 17583
172.22.2.4 - - [13/Aug/2023:14:08:14 -0500] "GET /BLA/boletinlegal/ HTTP/1.1" 200 59699
186.102.191.199 - - [13/Aug/2023:14:10:14 -0500] "GET /bogota-empieza-la-consolidacion-de-la-estrategia-de-bosques-urbanos-con-el-brazo-salitre-en-barrios-unidos.html?utm_source=Youtube_DIGI&utm_medium=CPV&utm_campaign=BosquesUrbanos&utm_id=Agosto_2023&gclid=EAIaIQobChMIyJKFkaXagAMVeeYoBR3PVQCdEAEYAiAAEgL7EPD_BwE HTTP/1.1" 200 892
172.22.2.4 - - [13/Aug/2023:14:11:24 -0500] "GET /BLA/boletinlegal/consulta_actos.php?tipo=resoluciones&no=2094&usuario=&sector=&fecha=2019&resuelve= HTTP/1.1" 200 1080
186.154.51.51 - - [13/Aug/2023:14:11:29 -0500] "GET /BLA/resoluciones/RESOLUCIONES%202019/2094. HTTP/1.1" 404 1120
172.22.2.4 - - [13/Aug/2023:14:13:16 -0500] "GET /BLA/boletinlegal/jurisprudencia/analisis/G__Jurisp.%20Junio%202014_Sent%20Tutela%20Drumond.docx HTTP/1.1" 200 25380
216.245.221.92 - - [13/Aug/2023:14:13:17 -0500] "HEAD / HTTP/1.1" 200 -
191.95.61.4 - - [13/Aug/2023:14:13:51 -0500] "GET /bogota-reverdece-219-nuevos-arboles-plantados-en-ciudad-bolivar.html HTTP/1.1" 200 849
201.245.192.253 - - [13/Aug/2023:14:14:47 -0500] "POST /kwsrmcab/Wsrmcab  HTTP/1.1" 200 213
172.22.2.4 - - [13/Aug/2023:14:13:14 -0500] "HEAD /BLA/boletinlegal/ HTTP/1.1" 200 -
162.19.71.151 - - [13/Aug/2023:14:15:14 -0500] "GET /.env HTTP/1.1" 404 1034
162.19.71.151 - - [13/Aug/2023:14:15:15 -0500] "GET /vendor/phpunit/phpunit/src/Util/PHP/eval-stdin.php HTTP/1.1" 404 1034
172.22.2.4 - - [13/Aug/2023:14:14:04 -0500] "GET /BLA/boletinlegal/ HTTP/1.1" 200 60692
69.171.249.117 - - [13/Aug/2023:14:15:48 -0500] "GET /movilidad-sostenible-para-mitigar-el-cambio-climatico.html HTTP/1.1" 200 768
216.245.221.92 - - [13/Aug/2023:14:18:17 -0500] "HEAD / HTTP/1.1" 200 -
201.245.192.253 - - [13/Aug/2023:14:18:55 -0500] "POST /kwsrmcab/Wsrmcab HTTP/1.1" 200 43661
201.245.192.253 - - [13/Aug/2023:14:18:57 -0500] "POST /kwsrmcab/Wsrmcab HTTP/1.1" 200 41831
201.245.192.253 - - [13/Aug/2023:14:19:46 -0500] "POST /kwsrmcab/Wsrmcab  HTTP/1.1" 200 213
66.220.149.4 - - [13/Aug/2023:14:20:21 -0500] "GET /images/cr\xc3\xb3nica-29-nov-1_optimized.jpeg HTTP/1.1" 404 1034
172.22.2.4 - - [13/Aug/2023:14:19:04 -0500] "HEAD /BLA/boletinlegal/ HTTP/1.1" 200 -
172.22.2.4 - - [13/Aug/2023:14:19:54 -0500] "GET /BLA/boletinlegal/ HTTP/1.1" 200 60692
172.22.2.4 - - [13/Aug/2023:14:21:56 -0500] "GET /BLA/boletinlegal/js/jquery.js HTTP/1.1" 200 57254
172.22.2.4 - - [13/Aug/2023:14:21:56 -0500] "GET /BLA/boletinlegal/js/jquery.scrollShow.js HTTP/1.1" 200 4586
172.22.2.4 - - [13/Aug/2023:14:21:56 -0500] "GET /BLA/boletinlegal/js/jquery.scrollTo-min.js HTTP/1.1" 200 1150
172.22.2.4 - - [13/Aug/2023:14:21:56 -0500] "GET /BLA/boletinlegal/images/arr_l.jpg HTTP/1.1" 200 1979
172.22.2.4 - - [13/Aug/2023:14:21:56 -0500] "GET /BLA/boletinlegal/images/screen_1.png HTTP/1.1" 200 202547
172.22.2.4 - - [13/Aug/2023:14:21:56 -0500] "GET /BLA/boletinlegal/images/launch.jpg HTTP/1.1" 200 14577
172.22.2.4 - - [13/Aug/2023:14:21:58 -0500] "GET /BLA/boletinlegal/images/screen_2.png HTTP/1.1" 200 362502
172.22.2.4 - - [13/Aug/2023:14:21:58 -0500] "GET /BLA/boletinlegal/images/screen_3.png HTTP/1.1" 200 210620
172.22.2.4 - - [13/Aug/2023:14:21:58 -0500] "GET /BLA/boletinlegal/images/screen_5.png HTTP/1.1" 200 368876
172.22.2.4 - - [13/Aug/2023:14:21:58 -0500] "GET /BLA/boletinlegal/images/arr_r.jpg HTTP/1.1" 200 1998
172.22.2.4 - - [13/Aug/2023:14:22:12 -0500] "GET /BLA/boletinlegal/actos.php HTTP/1.1" 200 9682
172.22.2.4 - - [13/Aug/2023:14:22:20 -0500] "GET /BLA/boletinlegal/consulta_actos.php?tipo=autos&no=2023&usuario=&sector=&fecha=2016&resuelve= HTTP/1.1" 200 626
172.22.2.4 - - [13/Aug/2023:14:22:25 -0500] "GET /BLA/boletinlegal/consulta_actos.php?tipo=resoluciones&no=2023&usuario=&sector=&fecha=2016&resuelve= HTTP/1.1" 200 1073
186.154.51.51 - - [13/Aug/2023:14:22:27 -0500] "GET /BLA/resoluciones/RESOLUCIONES%202016/2023.pdf HTTP/1.1" 200 769599
162.55.41.96 - - [13/Aug/2023:14:22:37 -0500] "GET / HTTP/1.1" 200 4720
162.55.41.96 - - [13/Aug/2023:14:22:39 -0500] "GET / HTTP/1.1" 200 319
172.22.2.4 - - [13/Aug/2023:14:23:00 -0500] "GET /BLA/boletinlegal/actos.php HTTP/1.1" 200 9682
216.245.221.92 - - [13/Aug/2023:14:23:17 -0500] "HEAD / HTTP/1.1" 200 -
172.22.2.4 - - [13/Aug/2023:14:23:19 -0500] "GET /BLA/boletinlegal/consulta_actos.php?tipo=resoluciones&no=4787&usuario=&sector=&fecha=2010&resuelve= HTTP/1.1" 200 1081
181.58.60.135 - - [13/Aug/2023:14:23:23 -0500] "GET /BLA/resoluciones/RESOLUCIONES%202010/4787.pdf HTTP/1.1" 200 335568
172.22.2.4 - - [13/Aug/2023:14:21:51 -0500] "GET /BLA/boletinlegal/ HTTP/1.1" 200 59699
172.22.2.4 - - [13/Aug/2023:14:22:58 -0500] "GET /BLA/boletinlegal/ HTTP/1.1" 200 24523
201.245.192.253 - - [13/Aug/2023:14:24:44 -0500] "POST /kwsrmcab/Wsrmcab  HTTP/1.1" 200 213
172.22.2.4 - - [13/Aug/2023:14:24:54 -0500] "HEAD /BLA/boletinlegal/ HTTP/1.1" 200 -
172.22.2.4 - - [13/Aug/2023:14:25:44 -0500] "GET /BLA/boletinlegal/ HTTP/1.1" 200 60692
216.245.221.92 - - [13/Aug/2023:14:28:17 -0500] "HEAD / HTTP/1.1" 200 -
201.245.192.253 - - [13/Aug/2023:14:28:54 -0500] "POST /kwsrmcab/Wsrmcab HTTP/1.1" 200 43661
201.245.192.253 - - [13/Aug/2023:14:28:57 -0500] "POST /kwsrmcab/Wsrmcab HTTP/1.1" 200 41831
191.95.153.35 - - [13/Aug/2023:14:29:12 -0500] "GET / HTTP/1.1" 200 4720
191.95.153.35 - - [13/Aug/2023:14:29:12 -0500] "GET /js/url.js HTTP/1.1" 404 1294
201.245.192.253 - - [13/Aug/2023:14:29:44 -0500] "POST /kwsrmcab/Wsrmcab  HTTP/1.1" 200 213
172.22.2.4 - - [13/Aug/2023:14:30:44 -0500] "HEAD /BLA/boletinlegal/ HTTP/1.1" 200 -
172.22.2.4 - - [13/Aug/2023:14:31:34 -0500] "GET /BLA/boletinlegal/ HTTP/1.1" 200 52656
216.245.221.92 - - [13/Aug/2023:14:33:17 -0500] "HEAD / HTTP/1.1" 200 -
40.77.167.208 - - [13/Aug/2023:14:33:43 -0500] "GET /BLA/resoluciones/index.php?dir=RESOLUCIONES%202005/RES%202005%20%201601-1650/&sort=name&order=desc HTTP/1.1" 200 12425
201.245.192.253 - - [13/Aug/2023:14:34:43 -0500] "POST /kwsrmcab/Wsrmcab  HTTP/1.1" 200 213
207.46.13.215 - - [13/Aug/2023:14:35:29 -0500] "GET /BLA/resoluciones/RESOLUCIONES%202022/0539.pdf HTTP/1.1" 304 -
186.190.226.195 - - [13/Aug/2023:14:37:02 -0500] "GET /galeria/galeria/jquery.fancybox.css?v=2.1.5 HTTP/1.1" 200 4895
186.190.226.195 - - [13/Aug/2023:14:37:02 -0500] "GET /BLA/boletinlegal/js/jquery.scrollShow.js HTTP/1.1" 200 4586
186.190.226.195 - - [13/Aug/2023:14:37:02 -0500] "GET /galeria/galeria/jquery.fancybox.js?v=2.1.5 HTTP/1.1" 200 48706
172.22.2.4 - - [13/Aug/2023:14:36:34 -0500] "HEAD /BLA/boletinlegal/ HTTP/1.1" 200 -
216.245.221.92 - - [13/Aug/2023:14:38:16 -0500] "HEAD / HTTP/1.1" 200 -
201.245.192.253 - - [13/Aug/2023:14:38:55 -0500] "POST /kwsrmcab/Wsrmcab HTTP/1.1" 200 43661
201.245.192.253 - - [13/Aug/2023:14:38:57 -0500] "POST /kwsrmcab/Wsrmcab HTTP/1.1" 200 41831
172.22.2.4 - - [13/Aug/2023:14:37:24 -0500] "GET /BLA/boletinlegal/ HTTP/1.1" 200 58597
201.245.192.253 - - [13/Aug/2023:14:39:42 -0500] "POST /kwsrmcab/Wsrmcab  HTTP/1.1" 200 213
52.167.144.153 - - [13/Aug/2023:14:41:57 -0500] "GET /Publicaciones/2023EE115477.pdf HTTP/1.1" 404 228
172.22.2.4 - - [13/Aug/2023:14:42:51 -0500] "GET /BLA/boletinlegal/robots.txt HTTP/1.1" 404 1038
172.22.2.4 - - [13/Aug/2023:14:42:52 -0500] "GET /BLA/boletinlegal/Directivas/2015/Directiva%20No.%2001%20del%2014%20de%20Enero%20de%202015.pdf HTTP/1.1" 200 1416322
216.245.221.92 - - [13/Aug/2023:14:43:16 -0500] "HEAD / HTTP/1.1" 200 -
172.22.2.4 - - [13/Aug/2023:14:42:24 -0500] "HEAD /BLA/boletinlegal/ HTTP/1.1" 200 -
201.245.192.253 - - [13/Aug/2023:14:44:41 -0500] "POST /kwsrmcab/Wsrmcab  HTTP/1.1" 200 213
173.252.107.117 - - [13/Aug/2023:14:44:46 -0500] "GET /sin-raza-pero-con-casa-nuevas-jornadas-de-adopcion-en-el-distrito.html HTTP/1.1" 200 742
172.22.2.4 - - [13/Aug/2023:14:43:14 -0500] "GET /BLA/boletinlegal/ HTTP/1.1" 200 53013
186.236.231.131 - - [13/Aug/2023:14:45:36 -0500] "GET /robots.txt HTTP/1.1" 404 1018
52.167.144.81 - - [13/Aug/2023:14:46:02 -0500] "GET /portaldeninos/2021/06/05/celebracion-del-dia-mundial-del-medio-ambiente-comenzo-desde-uno-de-los-pulmones-de-bogota/ HTTP/1.1" 200 104357
216.245.221.92 - - [13/Aug/2023:14:48:16 -0500] "HEAD / HTTP/1.1" 200 -
201.245.192.253 - - [13/Aug/2023:14:49:39 -0500] "POST /kwsrmcab/Wsrmcab  HTTP/1.1" 200 213
172.22.2.4 - - [13/Aug/2023:14:48:14 -0500] "HEAD /BLA/boletinlegal/ HTTP/1.1" 200 -
172.22.2.4 - - [13/Aug/2023:14:50:26 -0500] "GET /BLA/boletinlegal/robots.txt HTTP/1.1" 404 1038
172.22.2.4 - - [13/Aug/2023:14:49:04 -0500] "GET /BLA/boletinlegal/ HTTP/1.1" 200 56607
172.22.2.4 - - [13/Aug/2023:14:50:28 -0500] "GET /BLA/boletinlegal/ HTTP/1.1" 200 61130
186.29.33.120 - - [13/Aug/2023:14:52:43 -0500] "GET /BLA/resoluciones/ HTTP/1.1" 200 13502
186.29.33.120 - - [13/Aug/2023:14:52:47 -0500] "GET /BLA/resoluciones/index.php?dir=AUTOS+2020%2F HTTP/1.1" 200 330405
172.22.2.4 - - [13/Aug/2023:14:52:53 -0500] "GET /BLA/boletinlegal/Circulares/2023/CIRCULAR%20No.%2000003%20DEL%2021%20DE%20FEBRERO%20DEL%202023.pdf HTTP/1.1" 200 355302
186.29.33.120 - - [13/Aug/2023:14:52:53 -0500] "GET /BLA/resoluciones/AUTOS%202020/0406.pdf HTTP/1.1" 200 1613981
216.245.221.92 - - [13/Aug/2023:14:53:16 -0500] "HEAD / HTTP/1.1" 200 -
201.245.192.253 - - [13/Aug/2023:14:54:38 -0500] "POST /kwsrmcab/Wsrmcab  HTTP/1.1" 200 213
186.146.5.61 - - [13/Aug/2023:14:55:04 -0500] "GET /favicon.ico HTTP/1.1" 200 7782
172.22.2.4 - - [13/Aug/2023:14:54:04 -0500] "HEAD /BLA/boletinlegal/ HTTP/1.1" 200 -
172.22.2.4 - - [13/Aug/2023:14:54:54 -0500] "GET /BLA/boletinlegal/ HTTP/1.1" 200 56257
173.252.87.7 - - [13/Aug/2023:14:57:18 -0500] "GET /images/foto%202.jpg HTTP/1.1" 200 63300
69.171.231.10 - - [13/Aug/2023:14:57:30 -0500] "GET /movilidad-sostenible-para-mitigar-el-cambio-climatico.html HTTP/1.1" 200 768
69.171.231.116 - - [13/Aug/2023:14:57:33 -0500] "GET /movilidad-sostenible-para-mitigar-el-cambio-climatico.html HTTP/1.1" 206 768
69.171.231.116 - - [13/Aug/2023:14:57:37 -0500] "GET /movilidad-sostenible-para-mitigar-el-cambio-climatico.html HTTP/1.1" 206 768
216.245.221.92 - - [13/Aug/2023:14:58:16 -0500] "HEAD / HTTP/1.1" 200 -
201.245.192.253 - - [13/Aug/2023:14:59:36 -0500] "POST /kwsrmcab/Wsrmcab  HTTP/1.1" 200 213
172.22.2.4 - - [13/Aug/2023:14:59:53 -0500] "HEAD /BLA/boletinlegal/ HTTP/1.1" 200 -
66.249.70.6 - - [13/Aug/2023:15:01:46 -0500] "GET /BLA/resoluciones/Notificaciones/RESOLUCIONES%202022/5144.pdf HTTP/1.1" 304 -
191.156.51.132 - - [13/Aug/2023:15:01:50 -0500] "GET /css/fondos.css HTTP/1.1" 404 1254
191.156.61.147 - - [13/Aug/2023:15:01:50 -0500] "GET /css/date_blue.css HTTP/1.1" 404 1254
191.156.56.101 - - [13/Aug/2023:15:01:50 -0500] "GET /css/textos.css HTTP/1.1" 404 1254
191.156.56.101 - - [13/Aug/2023:15:01:54 -0500] "GET /css/bordes.css HTTP/1.1" 404 1254
172.22.2.4 - - [13/Aug/2023:15:00:44 -0500] "GET /BLA/boletinlegal/ HTTP/1.1" 200 58187
216.245.221.92 - - [13/Aug/2023:15:03:16 -0500] "HEAD / HTTP/1.1" 200 -
186.30.42.229 - - [13/Aug/2023:15:03:22 -0500] "GET /kwssiamovil/sm/ldap/au?x=U2FsdGVkX19y70IiAkrc/TFLTo50WJxR7U5ouHw50ZaheADQPIo4443ht+ZIv8mf&y=U2FsdGVkX1/AUKs7l/EBx2ADYT4/PY7iIodGqKqImhfKPsl4uywrgSb0691uXf/S HTTP/1.1" 200 30
186.30.42.229 - - [13/Aug/2023:15:03:22 -0500] "GET /kwssiamovil/sm/acme/s?s=U2FsdGVkX1/0HXiMh2WkLTavVKG4/CiWqbpe1G7WWAZ9ga28WTPstTyi27lXWtEg8IFmiE2/1UitDFpPMKXv2xfy1zkTPAx+iY2haIlEC1A=&u=U2FsdGVkX1+6FyJuy52yxNhXJ4F3UcxZnOlwvNlf021/vkXlHm166XiadLmIL9lv&y=U2FsdGVkX1/AUKs7l/EBx2ADYT4/PY7iIodGqKqImhfKPsl4uywrgSb0691uXf/S HTTP/1.1" 200 97
186.30.42.229 - - [13/Aug/2023:15:03:22 -0500] "GET /kwssiamovil/sm/acme/s?s=U2FsdGVkX19b7CI5uP+xd50gQaV1lL4oI0DTd3S4pEaqrj0R+5k4R6y8lgHpP7wGRFjk5v8pXRs7jIHCqCxntuUiKo5IWCZzC3KpHw4AsXSecpJ9e46+LsGjGxEaiurKSOECJ/UWxhyhUoigS32EpjxcI3G+Fx84ow8O4o7zdzgGjWuG7HmT/9JQlqt8GziErMJB/8Q2dd0vjNgXFoiZkuEKFjI1HK74RFM+oeeZbX8pFauHdP9B6iD2hkIwMMInA3elO0Uwvh93qUqfLyf7OeNEU3cc3aCzpyCt4mIGcVIVeF0k1qzpJf6waAP8vJ2Yj3W4bOeQyv/f2E7osRMhGdLnSo/xTdeTnJt4Wg7U73CGRODL+bmsHwx+GRE+FwfQlnnqkX6BD/gD9f3DCNqlhZ+0ntBrj2zcW5nfh1P2hg73Hr4Ja2dlq1VhQgBxcOShW/HedhUrKuW1U4TB5cGVp+yv8icaaobtwZX9FV4Z7OsYj5zw/cNp1pIxN7p6l+gP/kJbTZFkxVyymlqr50Z/XmWmrBCUuFDMAoGutQer4ROVp0mJn0sX4QsKYUndFRbtWn7Jiaz9MIMJnnA06H2ZcsHkOHs3tFwVICs2uQihf/LQ0JCiTpwuFuvAy1RghNl/CK5baZt/ICc1PtNzTeHm6HZnDW2DqQnF6Ur6G380O+7bIilj5z0QsOVSRAztO9M5A6wLKh449HQReC6arrDtD/7dmPWvm14GDO4ok6GLemI7UMgF4Imkv0ldEg4zetgGN3caGxwZCNWFc232yStTPYyHBjn7OL6RPLfj01ksiJUYGMrLbCxDHRBsMxthcto5qwmKk42VxToSuoV+D8BSmSnEe9ChPijgCvVYVWk1eCp5uwylcy/v+yqXg5dfamlQmqI7iFHwkY+meU4Nn6nFcB7+w+9lDBUhtzbVNPs92ZgMgRRM6bROudacsrcJjaEaRShXQgykJM1dwvNvhnK5NnyMGa4FBoOGUM7NfMkNYc5P8S4EO2ooamtB4lpyVofnxYp/vNMIOP3fgZEbpeRYGqTHLRG8udVhrEYrf3xak/lJfRj6rujOD5lpGgOjFI8ag3B6G53Ln5YvS0vu1j8+0DdiBa9SiPMG55ni960OlaCkd+1NZwgAWKrn1Ye9vYdTZZIfII8eHjz7RR7CaBGXHSRLAUvejQOUnIoTNvtUmJjMigLuwwUNJ+e3AtzD/JeQ9q8djhsvOZizXQi6XRsqKOxyvkAr/49ojUIqzdECeOKErPnvLnvGJXERjXMryh833mF1B2dMwksX/lFUpoc7OpDx+DQbeROcDPI3atB5l3wRIb+Jz06CkdjqMU5559ljqf/qyO8Y0NIjpwnuS5pL55eSN7sYk3rviKBcbfmQk+aZCrQz6MLlfWCrXURfiP8Lr1hTqfm1aN1MZJviB2XjEOXkkdwZRhTR8d/dEfmH8EA=&u=U2FsdGVkX1+6FyJuy52yxNhXJ4F3UcxZnOlwvNlf021/vkXlHm166XiadLmIL9lv&y=U2FsdGVkX1/AUKs7l/EBx2ADYT4/PY7iIodGqKqImhfKPsl4uywrgSb0691uXf/S HTTP/1.1" 200 930
186.30.42.229 - - [13/Aug/2023:15:03:22 -0500] "GET /kwssiamovil/sm/acme/s?s=U2FsdGVkX19MJHIGjoq+1R+O0aueiBmwNyNblD1BbBdl015jgs6dmghSnuiqOBI8wbak6Cu8mlHNgu0Ojh3yLlpCHs/WLkr/aSx9wjNpq0TQI0t09q8ghjursF/dDdPoMs1pIP7n0qELR5lxHoK0zDx3/0OMOXO9UJgRGPknrlFqrBGpengtrwXB6HIAOA/h6LuVUG3HUQv7B1Yhmx2p5WNzCiu7CJxIGeCkD+mYavs/PKtOIJlmyVKgwVW8cUEk1tT+PXskroxBCmBZ5nwjiTJJ4Y2DvT28XrEuXqUiRit++GNO0u8cAQTeAATkucWALbYagouTOJXyuiP9ZbspUR1gVfoOl5z4lC4Yni7YsGs=&u=U2FsdGVkX1+6FyJuy52yxNhXJ4F3UcxZnOlwvNlf021/vkXlHm166XiadLmIL9lv&y=U2FsdGVkX1/AUKs7l/EBx2ADYT4/PY7iIodGqKqImhfKPsl4uywrgSb0691uXf/S HTTP/1.1" 200 196
186.30.42.229 - - [13/Aug/2023:15:03:22 -0500] "GET /kwssiamovil/sm/cjson/pre?f=1&x=U2FsdGVkX19y70IiAkrc/TFLTo50WJxR7U5ouHw50ZaheADQPIo4443ht+ZIv8mf HTTP/1.1" 200 31032
186.30.42.229 - - [13/Aug/2023:15:03:33 -0500] "GET /kwssiamovil/sm/acme/u?s=U2FsdGVkX1+ME0+ATPhgPLxWEDrO1rq+Hw98i27mf2a6oU/9OjHUb0IZhqsJ7J5XaERdgsuD07BdVXRE1Vbl4N0QhrMCeh3EIrDIpJCKqyUZTLG/GcjFox+INGWjkWEYYobBe5q7BUW536BY9IK9LL7NgpYqTJe7nThEUcTfmzs=&u=U2FsdGVkX1+6FyJuy52yxNhXJ4F3UcxZnOlwvNlf021/vkXlHm166XiadLmIL9lv&y=U2FsdGVkX1/AUKs7l/EBx2ADYT4/PY7iIodGqKqImhfKPsl4uywrgSb0691uXf/S HTTP/1.1" 200 60
52.167.144.220 - - [13/Aug/2023:15:03:46 -0500] "GET /galeria/nivo-slider/themes/default/default.css HTTP/1.1" 200 1569
88.181.109.19 - - [13/Aug/2023:15:04:29 -0500] "GET /AA.BB?aa.bb HTTP/1.1" 404 1015
201.245.192.253 - - [13/Aug/2023:15:04:35 -0500] "POST /kwsrmcab/Wsrmcab  HTTP/1.1" 200 213
40.77.167.208 - - [13/Aug/2023:15:05:16 -0500] "GET /BLA/resoluciones/AUTOS%202022/1579.pdf HTTP/1.1" 304 -
173.252.95.120 - - [13/Aug/2023:15:05:35 -0500] "GET /images/cr\xc3\xb3nica-29-nov-1_optimized.jpeg HTTP/1.1" 404 1034
162.55.43.55 - - [13/Aug/2023:15:07:01 -0500] "GET / HTTP/1.1" 200 4720
162.55.43.55 - - [13/Aug/2023:15:07:03 -0500] "GET / HTTP/1.1" 200 319
172.22.2.4 - - [13/Aug/2023:15:05:43 -0500] "HEAD /BLA/boletinlegal/ HTTP/1.1" 200 -
172.22.2.4 - - [13/Aug/2023:15:06:34 -0500] "GET /BLA/boletinlegal/ HTTP/1.1" 200 60692
216.245.221.92 - - [13/Aug/2023:15:08:16 -0500] "HEAD / HTTP/1.1" 200 -
186.86.32.107 - - [13/Aug/2023:15:08:33 -0500] "GET /sipse/faces/index.xhtml HTTP/1.1" 200 677
186.86.32.107 - - [13/Aug/2023:15:08:33 -0500] "GET /sipse/faces/javax.faces.resource/theme.css?ln=primefaces-sipse HTTP/1.1" 304 -
186.86.32.107 - - [13/Aug/2023:15:08:33 -0500] "GET /sipse/faces/faces/autenticacion.xhtml HTTP/1.1" 200 12172
186.86.32.107 - - [13/Aug/2023:15:08:33 -0500] "GET /sipse/css/custom_css_sg.css HTTP/1.1" 304 -
186.86.32.107 - - [13/Aug/2023:15:08:33 -0500] "GET /sipse/js/disable_browser_buttons.js HTTP/1.1" 304 -
186.86.32.107 - - [13/Aug/2023:15:08:33 -0500] "GET /sipse/faces/javax.faces.resource/jquery/jquery.js?ln=primefaces&v=4.0 HTTP/1.1" 304 -
186.86.32.107 - - [13/Aug/2023:15:08:33 -0500] "GET /sipse/faces/javax.faces.resource/layout/layout.css?ln=primefaces&v=4.0 HTTP/1.1" 304 -
186.86.32.107 - - [13/Aug/2023:15:08:33 -0500] "GET /sipse/css/custom_css_sg_prime_login.css HTTP/1.1" 304 -
186.86.32.107 - - [13/Aug/2023:15:08:33 -0500] "GET /sipse/faces/javax.faces.resource/theme.css?ln=primefaces-sipse HTTP/1.1" 304 -
186.86.32.107 - - [13/Aug/2023:15:08:33 -0500] "GET /sipse/js/funciones.js HTTP/1.1" 304 -
186.86.32.107 - - [13/Aug/2023:15:08:33 -0500] "GET /sipse/faces/javax.faces.resource/primefaces.css?ln=primefaces&v=4.0 HTTP/1.1" 304 -
186.86.32.107 - - [13/Aug/2023:15:08:33 -0500] "GET /sipse/faces/javax.faces.resource/jquery/jquery-plugins.js?ln=primefaces&v=4.0 HTTP/1.1" 304 -
186.86.32.107 - - [13/Aug/2023:15:08:33 -0500] "GET /sipse/faces/javax.faces.resource/layout/layout.js?ln=primefaces&v=4.0 HTTP/1.1" 304 -
186.86.32.107 - - [13/Aug/2023:15:08:33 -0500] "GET /sipse/faces/javax.faces.resource/primefaces.js?ln=primefaces&v=4.0 HTTP/1.1" 304 -
186.86.32.107 - - [13/Aug/2023:15:08:33 -0500] "GET /sipse/css/imagen/logoSDG.png HTTP/1.1" 304 -
186.86.32.107 - - [13/Aug/2023:15:08:33 -0500] "GET /sipse/css/imagen/loginimg.png HTTP/1.1" 304 -
186.86.32.107 - - [13/Aug/2023:15:08:33 -0500] "GET /sipse/faces/javax.faces.resource/images/ui-icons_898989_256x240.png?ln=primefaces-aristo HTTP/1.1" 304 -
186.86.32.107 - - [13/Aug/2023:15:08:46 -0500] "POST /sipse/faces/autenticacion.xhtml HTTP/1.1" 200 2224
186.86.32.107 - - [13/Aug/2023:15:08:46 -0500] "GET /sipse/faces/javax.faces.resource/messages/messages.png?ln=primefaces&v=4.0 HTTP/1.1" 304 -
186.86.32.107 - - [13/Aug/2023:15:08:54 -0500] "POST /sipse/faces/autenticacion.xhtml HTTP/1.1" 200 16354
186.86.32.107 - - [13/Aug/2023:15:08:55 -0500] "GET /sipse/css/custom_css_sg_prime.css HTTP/1.1" 304 -
186.86.32.107 - - [13/Aug/2023:15:08:55 -0500] "GET /sipse/js/jquery.min.js HTTP/1.1" 304 -
186.86.32.107 - - [13/Aug/2023:15:08:55 -0500] "GET /sipse/faces/javax.faces.resource/theme.css?ln=primefaces-sipse HTTP/1.1" 304 -
186.86.32.107 - - [13/Aug/2023:15:08:55 -0500] "GET /sipse/faces/javax.faces.resource/layout/layout.css?ln=primefaces&v=4.0 HTTP/1.1" 304 -
186.86.32.107 - - [13/Aug/2023:15:08:55 -0500] "GET /sipse/faces/javax.faces.resource/primefaces.css?ln=primefaces&v=4.0 HTTP/1.1" 304 -
186.86.32.107 - - [13/Aug/2023:15:08:55 -0500] "GET /sipse/faces/javax.faces.resource/jquery/jquery.js?ln=primefaces&v=4.0 HTTP/1.1" 304 -
186.86.32.107 - - [13/Aug/2023:15:08:55 -0500] "GET /sipse/faces/javax.faces.resource/jquery/jquery-plugins.js?ln=primefaces&v=4.0 HTTP/1.1" 304 -
186.86.32.107 - - [13/Aug/2023:15:08:55 -0500] "GET /sipse/faces/javax.faces.resource/primefaces.js?ln=primefaces&v=4.0 HTTP/1.1" 304 -
186.86.32.107 - - [13/Aug/2023:15:08:55 -0500] "GET /sipse/faces/javax.faces.resource/layout/layout.js?ln=primefaces&v=4.0 HTTP/1.1" 304 -
186.86.32.107 - - [13/Aug/2023:15:08:55 -0500] "GET /sipse/css/v_mergente.css HTTP/1.1" 304 -
186.86.32.107 - - [13/Aug/2023:15:08:55 -0500] "GET /sipse/css/imagen/contrasena.png HTTP/1.1" 404 383
186.86.32.107 - - [13/Aug/2023:15:08:55 -0500] "GET /sipse/imagenes/cargando.gif HTTP/1.1" 304 -
186.86.32.107 - - [13/Aug/2023:15:08:55 -0500] "GET /sipse/imagenes/logoAplicacion.jpg HTTP/1.1" 304 -
186.86.32.107 - - [13/Aug/2023:15:08:55 -0500] "POST /sipse/faces/bienvenido.xhtml HTTP/1.1" 200 732
186.86.32.107 - - [13/Aug/2023:15:09:01 -0500] "GET /sipse/faces/javax.faces.resource/images/ui-bg_flat_0_2d5972_40x100.png?ln=primefaces-aristo HTTP/1.1" 304 -
186.86.32.107 - - [13/Aug/2023:15:09:01 -0500] "POST /sipse/faces/bienvenido.xhtml HTTP/1.1" 200 2658
201.245.192.253 - - [13/Aug/2023:15:09:35 -0500] "POST /kwsrmcab/Wsrmcab  HTTP/1.1" 200 213
186.86.32.107 - - [13/Aug/2023:15:11:36 -0500] "POST /sipse/faces/bienvenido.xhtml HTTP/1.1" 200 9852
186.86.32.107 - - [13/Aug/2023:15:11:39 -0500] "POST /sipse/faces/bienvenido.xhtml HTTP/1.1" 200 2658
186.86.32.107 - - [13/Aug/2023:15:11:41 -0500] "POST /sipse/faces/bienvenido.xhtml HTTP/1.1" 200 65183
186.86.32.107 - - [13/Aug/2023:15:11:44 -0500] "GET /sipse/faces/javax.faces.resource/theme.css?ln=primefaces-sipse HTTP/1.1" 304 -
186.86.32.107 - - [13/Aug/2023:15:11:44 -0500] "GET /sipse/faces/javax.faces.resource/primefaces.css?ln=primefaces&v=4.0 HTTP/1.1" 304 -
186.86.32.107 - - [13/Aug/2023:15:11:44 -0500] "GET /sipse/faces/javax.faces.resource/layout/layout.css?ln=primefaces&v=4.0 HTTP/1.1" 304 -
186.86.32.107 - - [13/Aug/2023:15:11:44 -0500] "GET /sipse/faces/javax.faces.resource/jquery/jquery.js?ln=primefaces&v=4.0 HTTP/1.1" 304 -
186.86.32.107 - - [13/Aug/2023:15:11:44 -0500] "GET /sipse/faces/javax.faces.resource/jquery/jquery-plugins.js?ln=primefaces&v=4.0 HTTP/1.1" 304 -
186.86.32.107 - - [13/Aug/2023:15:11:44 -0500] "GET /sipse/faces/javax.faces.resource/primefaces.js?ln=primefaces&v=4.0 HTTP/1.1" 304 -
186.86.32.107 - - [13/Aug/2023:15:11:44 -0500] "GET /sipse/faces/javax.faces.resource/layout/layout.js?ln=primefaces&v=4.0 HTTP/1.1" 304 -
186.86.32.107 - - [13/Aug/2023:15:11:44 -0500] "POST /sipse/faces/presentacion/financiero/solicitudProceso/listarSolicitudProceso.xhtml HTTP/1.1" 200 1556
186.86.32.107 - - [13/Aug/2023:15:11:48 -0500] "POST /sipse/faces/presentacion/financiero/solicitudProceso/listarSolicitudProceso.xhtml HTTP/1.1" 200 59041
186.86.32.107 - - [13/Aug/2023:15:11:48 -0500] "GET /sipse/faces/javax.faces.resource/theme.css?ln=primefaces-sipse HTTP/1.1" 304 -
186.86.32.107 - - [13/Aug/2023:15:11:48 -0500] "GET /sipse/faces/javax.faces.resource/primefaces.css?ln=primefaces&v=4.0 HTTP/1.1" 304 -
186.86.32.107 - - [13/Aug/2023:15:11:48 -0500] "GET /sipse/faces/javax.faces.resource/layout/layout.css?ln=primefaces&v=4.0 HTTP/1.1" 304 -
186.86.32.107 - - [13/Aug/2023:15:11:48 -0500] "GET /sipse/faces/javax.faces.resource/jquery/jquery.js?ln=primefaces&v=4.0 HTTP/1.1" 304 -
186.86.32.107 - - [13/Aug/2023:15:11:48 -0500] "GET /sipse/faces/javax.faces.resource/jquery/jquery-plugins.js?ln=primefaces&v=4.0 HTTP/1.1" 304 -
186.86.32.107 - - [13/Aug/2023:15:11:48 -0500] "GET /sipse/faces/javax.faces.resource/primefaces.js?ln=primefaces&v=4.0 HTTP/1.1" 304 -
186.86.32.107 - - [13/Aug/2023:15:11:48 -0500] "GET /sipse/faces/javax.faces.resource/layout/layout.js?ln=primefaces&v=4.0 HTTP/1.1" 304 -
172.22.2.4 - - [13/Aug/2023:15:11:33 -0500] "HEAD /BLA/boletinlegal/ HTTP/1.1" 200 -
216.245.221.92 - - [13/Aug/2023:15:13:16 -0500] "HEAD / HTTP/1.1" 200 -
172.22.2.4 - - [13/Aug/2023:15:12:24 -0500] "GET /BLA/boletinlegal/ HTTP/1.1" 200 57790
186.86.32.107 - - [13/Aug/2023:15:14:31 -0500] "POST /sipse/faces/presentacion/financiero/solicitudProceso/crearModificarSolicitudProceso.xhtml HTTP/1.1" 200 51772
162.55.35.116 - - [13/Aug/2023:15:14:35 -0500] "GET / HTTP/1.1" 200 319
162.55.35.116 - - [13/Aug/2023:15:14:36 -0500] "GET / HTTP/1.1" 200 4720
201.245.192.253 - - [13/Aug/2023:15:14:34 -0500] "POST /kwsrmcab/Wsrmcab  HTTP/1.1" 200 213
186.86.32.107 - - [13/Aug/2023:15:15:21 -0500] "POST /sipse/faces/presentacion/financiero/solicitudProceso/crearModificarSolicitudProceso.xhtml HTTP/1.1" 200 6291
186.86.32.107 - - [13/Aug/2023:15:16:11 -0500] "POST /sipse/faces/presentacion/financiero/solicitudProceso/crearModificarSolicitudProceso.xhtml HTTP/1.1" 200 9544
186.30.42.229 - - [13/Aug/2023:15:17:35 -0500] "GET /kwssiamovil/sm/acme/a?s=U2FsdGVkX18LuINdPhD4hNUvwKz5ocqkJ/1ARwIhnOFIcZYJ7HmmEC4YRO1DtH7X3rob5JefxqeUtEVrHHBVSuPCfIq/cSRNwR4EoSjZO/n0EIaT3Hf35VHkIRet83s8k3pDyHEIgqiD0FG6ac2Q1Vo99LE3JBGp8Xg9iHnKgLVj48LtPHP32wVFfrc/I1bboJtDFQbgmDJ9aggcIi6H+rT4JLiZqGwsYCQ1Jwa6H+NCyjMYmhyb6rvwcVC/BFyPVErA4FsSMyFvftR9lnOtxg==&u=U2FsdGVkX1+6FyJuy52yxNhXJ4F3UcxZnOlwvNlf021/vkXlHm166XiadLmIL9lv&y=U2FsdGVkX1/AUKs7l/EBx2ADYT4/PY7iIodGqKqImhfKPsl4uywrgSb0691uXf/S HTTP/1.1" 200 26
