192.133.77.15 - - [13/Aug/2023:16:06:48 -0500] "GET /images/SDA02.jpeg HTTP/1.1" 200 131832
179.12.235.26 - - [13/Aug/2023:16:07:31 -0500] "GET /sipse/faces/faces/autenticacion.xhtml HTTP/1.1" 200 12181
179.12.235.26 - - [13/Aug/2023:16:07:31 -0500] "GET /sipse/faces/javax.faces.resource/theme.css?ln=primefaces-sipse HTTP/1.1" 304 -
179.12.235.26 - - [13/Aug/2023:16:07:31 -0500] "GET /sipse/faces/javax.faces.resource/primefaces.css?ln=primefaces&v=4.0 HTTP/1.1" 304 -
179.12.235.26 - - [13/Aug/2023:16:07:31 -0500] "GET /sipse/faces/javax.faces.resource/layout/layout.css?ln=primefaces&v=4.0 HTTP/1.1" 304 -
179.12.235.26 - - [13/Aug/2023:16:07:31 -0500] "GET /sipse/faces/javax.faces.resource/jquery/jquery.js?ln=primefaces&v=4.0 HTTP/1.1" 304 -
179.12.235.26 - - [13/Aug/2023:16:07:31 -0500] "GET /sipse/faces/javax.faces.resource/primefaces.js?ln=primefaces&v=4.0 HTTP/1.1" 304 -
179.12.235.26 - - [13/Aug/2023:16:07:31 -0500] "GET /sipse/faces/javax.faces.resource/jquery/jquery-plugins.js?ln=primefaces&v=4.0 HTTP/1.1" 304 -
179.12.235.26 - - [13/Aug/2023:16:07:31 -0500] "GET /sipse/faces/javax.faces.resource/layout/layout.js?ln=primefaces&v=4.0 HTTP/1.1" 304 -
179.12.235.26 - - [13/Aug/2023:16:07:37 -0500] "POST /sipse/faces/autenticacion.xhtml HTTP/1.1" 200 2224
179.12.235.26 - - [13/Aug/2023:16:07:52 -0500] "GET /sipse/faces/faces/autenticacion.xhtml HTTP/1.1" 200 12181
179.12.235.26 - - [13/Aug/2023:16:07:52 -0500] "GET /sipse/faces/javax.faces.resource/theme.css?ln=primefaces-sipse HTTP/1.1" 304 -
179.12.235.26 - - [13/Aug/2023:16:07:52 -0500] "GET /sipse/faces/javax.faces.resource/layout/layout.css?ln=primefaces&v=4.0 HTTP/1.1" 304 -
179.12.235.26 - - [13/Aug/2023:16:07:52 -0500] "GET /sipse/faces/javax.faces.resource/primefaces.css?ln=primefaces&v=4.0 HTTP/1.1" 304 -
179.12.235.26 - - [13/Aug/2023:16:07:52 -0500] "GET /sipse/faces/javax.faces.resource/jquery/jquery.js?ln=primefaces&v=4.0 HTTP/1.1" 304 -
179.12.235.26 - - [13/Aug/2023:16:07:52 -0500] "GET /sipse/faces/javax.faces.resource/primefaces.js?ln=primefaces&v=4.0 HTTP/1.1" 304 -
179.12.235.26 - - [13/Aug/2023:16:07:52 -0500] "GET /sipse/faces/javax.faces.resource/jquery/jquery-plugins.js?ln=primefaces&v=4.0 HTTP/1.1" 304 -
179.12.235.26 - - [13/Aug/2023:16:07:52 -0500] "GET /sipse/faces/javax.faces.resource/layout/layout.js?ln=primefaces&v=4.0 HTTP/1.1" 304 -
179.12.235.26 - - [13/Aug/2023:16:08:12 -0500] "POST /sipse/faces/autenticacion.xhtml HTTP/1.1" 200 2224
179.12.235.26 - - [13/Aug/2023:16:08:13 -0500] "POST /sipse/faces/autenticacion.xhtml HTTP/1.1" 200 16388
179.12.235.26 - - [13/Aug/2023:16:08:13 -0500] "GET /sipse/faces/javax.faces.resource/theme.css?ln=primefaces-sipse HTTP/1.1" 304 -
179.12.235.26 - - [13/Aug/2023:16:08:13 -0500] "GET /sipse/faces/javax.faces.resource/layout/layout.css?ln=primefaces&v=4.0 HTTP/1.1" 304 -
179.12.235.26 - - [13/Aug/2023:16:08:13 -0500] "GET /sipse/faces/javax.faces.resource/jquery/jquery.js?ln=primefaces&v=4.0 HTTP/1.1" 304 -
179.12.235.26 - - [13/Aug/2023:16:08:13 -0500] "GET /sipse/faces/javax.faces.resource/primefaces.css?ln=primefaces&v=4.0 HTTP/1.1" 304 -
179.12.235.26 - - [13/Aug/2023:16:08:13 -0500] "GET /sipse/faces/javax.faces.resource/jquery/jquery-plugins.js?ln=primefaces&v=4.0 HTTP/1.1" 304 -
179.12.235.26 - - [13/Aug/2023:16:08:13 -0500] "GET /sipse/faces/javax.faces.resource/primefaces.js?ln=primefaces&v=4.0 HTTP/1.1" 304 -
179.12.235.26 - - [13/Aug/2023:16:08:13 -0500] "GET /sipse/faces/javax.faces.resource/layout/layout.js?ln=primefaces&v=4.0 HTTP/1.1" 304 -
179.12.235.26 - - [13/Aug/2023:16:08:16 -0500] "POST /sipse/faces/bienvenido.xhtml HTTP/1.1" 200 2658
216.245.221.92 - - [13/Aug/2023:16:08:16 -0500] "HEAD / HTTP/1.1" 200 -
179.12.235.26 - - [13/Aug/2023:16:08:17 -0500] "POST /sipse/faces/bienvenido.xhtml HTTP/1.1" 200 65241
179.12.235.26 - - [13/Aug/2023:16:08:20 -0500] "GET /sipse/faces/javax.faces.resource/theme.css?ln=primefaces-sipse HTTP/1.1" 304 -
179.12.235.26 - - [13/Aug/2023:16:08:20 -0500] "GET /sipse/faces/javax.faces.resource/primefaces.css?ln=primefaces&v=4.0 HTTP/1.1" 304 -
179.12.235.26 - - [13/Aug/2023:16:08:20 -0500] "GET /sipse/faces/javax.faces.resource/layout/layout.css?ln=primefaces&v=4.0 HTTP/1.1" 304 -
179.12.235.26 - - [13/Aug/2023:16:08:20 -0500] "GET /sipse/faces/javax.faces.resource/jquery/jquery.js?ln=primefaces&v=4.0 HTTP/1.1" 304 -
179.12.235.26 - - [13/Aug/2023:16:08:20 -0500] "GET /sipse/faces/javax.faces.resource/jquery/jquery-plugins.js?ln=primefaces&v=4.0 HTTP/1.1" 304 -
179.12.235.26 - - [13/Aug/2023:16:08:20 -0500] "GET /sipse/faces/javax.faces.resource/primefaces.js?ln=primefaces&v=4.0 HTTP/1.1" 304 -
179.12.235.26 - - [13/Aug/2023:16:08:20 -0500] "GET /sipse/faces/javax.faces.resource/layout/layout.js?ln=primefaces&v=4.0 HTTP/1.1" 304 -
179.12.235.26 - - [13/Aug/2023:16:08:20 -0500] "POST /sipse/faces/presentacion/financiero/solicitudProceso/listarSolicitudProceso.xhtml HTTP/1.1" 200 1556
179.12.235.26 - - [13/Aug/2023:16:08:26 -0500] "GET /sipse/faces/faces/autenticacion.xhtml HTTP/1.1" 200 12181
179.12.235.26 - - [13/Aug/2023:16:08:26 -0500] "GET /sipse/faces/javax.faces.resource/theme.css?ln=primefaces-sipse HTTP/1.1" 304 -
179.12.235.26 - - [13/Aug/2023:16:08:26 -0500] "GET /sipse/faces/javax.faces.resource/layout/layout.css?ln=primefaces&v=4.0 HTTP/1.1" 304 -
179.12.235.26 - - [13/Aug/2023:16:08:26 -0500] "GET /sipse/faces/javax.faces.resource/primefaces.css?ln=primefaces&v=4.0 HTTP/1.1" 304 -
179.12.235.26 - - [13/Aug/2023:16:08:26 -0500] "GET /sipse/faces/javax.faces.resource/jquery/jquery.js?ln=primefaces&v=4.0 HTTP/1.1" 304 -
179.12.235.26 - - [13/Aug/2023:16:08:26 -0500] "GET /sipse/faces/javax.faces.resource/layout/layout.js?ln=primefaces&v=4.0 HTTP/1.1" 304 -
179.12.235.26 - - [13/Aug/2023:16:08:26 -0500] "GET /sipse/faces/javax.faces.resource/jquery/jquery-plugins.js?ln=primefaces&v=4.0 HTTP/1.1" 304 -
179.12.235.26 - - [13/Aug/2023:16:08:26 -0500] "GET /sipse/faces/javax.faces.resource/primefaces.js?ln=primefaces&v=4.0 HTTP/1.1" 304 -
179.12.235.26 - - [13/Aug/2023:16:08:30 -0500] "POST /sipse/faces/autenticacion.xhtml HTTP/1.1" 200 2224
179.12.235.26 - - [13/Aug/2023:16:08:31 -0500] "POST /sipse/faces/autenticacion.xhtml HTTP/1.1" 200 16386
179.12.235.26 - - [13/Aug/2023:16:08:31 -0500] "GET /sipse/faces/javax.faces.resource/theme.css?ln=primefaces-sipse HTTP/1.1" 304 -
179.12.235.26 - - [13/Aug/2023:16:08:31 -0500] "GET /sipse/faces/javax.faces.resource/primefaces.css?ln=primefaces&v=4.0 HTTP/1.1" 304 -
179.12.235.26 - - [13/Aug/2023:16:08:31 -0500] "GET /sipse/faces/javax.faces.resource/layout/layout.css?ln=primefaces&v=4.0 HTTP/1.1" 304 -
179.12.235.26 - - [13/Aug/2023:16:08:31 -0500] "GET /sipse/faces/javax.faces.resource/jquery/jquery.js?ln=primefaces&v=4.0 HTTP/1.1" 304 -
179.12.235.26 - - [13/Aug/2023:16:08:31 -0500] "GET /sipse/faces/javax.faces.resource/jquery/jquery-plugins.js?ln=primefaces&v=4.0 HTTP/1.1" 304 -
179.12.235.26 - - [13/Aug/2023:16:08:31 -0500] "GET /sipse/faces/javax.faces.resource/primefaces.js?ln=primefaces&v=4.0 HTTP/1.1" 304 -
179.12.235.26 - - [13/Aug/2023:16:08:31 -0500] "GET /sipse/faces/javax.faces.resource/layout/layout.js?ln=primefaces&v=4.0 HTTP/1.1" 304 -
179.12.235.26 - - [13/Aug/2023:16:08:33 -0500] "POST /sipse/faces/bienvenido.xhtml HTTP/1.1" 200 2658
179.12.235.26 - - [13/Aug/2023:16:08:34 -0500] "POST /sipse/faces/bienvenido.xhtml HTTP/1.1" 200 65241
179.12.235.26 - - [13/Aug/2023:16:08:37 -0500] "GET /sipse/faces/javax.faces.resource/primefaces.css?ln=primefaces&v=4.0 HTTP/1.1" 304 -
179.12.235.26 - - [13/Aug/2023:16:08:37 -0500] "GET /sipse/faces/javax.faces.resource/theme.css?ln=primefaces-sipse HTTP/1.1" 304 -
179.12.235.26 - - [13/Aug/2023:16:08:37 -0500] "GET /sipse/faces/javax.faces.resource/layout/layout.css?ln=primefaces&v=4.0 HTTP/1.1" 304 -
179.12.235.26 - - [13/Aug/2023:16:08:37 -0500] "GET /sipse/faces/javax.faces.resource/jquery/jquery.js?ln=primefaces&v=4.0 HTTP/1.1" 304 -
179.12.235.26 - - [13/Aug/2023:16:08:37 -0500] "GET /sipse/faces/javax.faces.resource/jquery/jquery-plugins.js?ln=primefaces&v=4.0 HTTP/1.1" 304 -
179.12.235.26 - - [13/Aug/2023:16:08:37 -0500] "GET /sipse/faces/javax.faces.resource/primefaces.js?ln=primefaces&v=4.0 HTTP/1.1" 304 -
179.12.235.26 - - [13/Aug/2023:16:08:37 -0500] "GET /sipse/faces/javax.faces.resource/layout/layout.js?ln=primefaces&v=4.0 HTTP/1.1" 304 -
179.12.235.26 - - [13/Aug/2023:16:08:37 -0500] "POST /sipse/faces/presentacion/financiero/solicitudProceso/listarSolicitudProceso.xhtml HTTP/1.1" 200 1556
179.12.235.26 - - [13/Aug/2023:16:08:40 -0500] "POST /sipse/faces/presentacion/financiero/solicitudProceso/listarSolicitudProceso.xhtml HTTP/1.1" 200 59041
179.12.235.26 - - [13/Aug/2023:16:08:40 -0500] "GET /sipse/faces/javax.faces.resource/theme.css?ln=primefaces-sipse HTTP/1.1" 304 -
179.12.235.26 - - [13/Aug/2023:16:08:40 -0500] "GET /sipse/faces/javax.faces.resource/primefaces.css?ln=primefaces&v=4.0 HTTP/1.1" 304 -
179.12.235.26 - - [13/Aug/2023:16:08:40 -0500] "GET /sipse/faces/javax.faces.resource/layout/layout.css?ln=primefaces&v=4.0 HTTP/1.1" 304 -
179.12.235.26 - - [13/Aug/2023:16:08:40 -0500] "GET /sipse/faces/javax.faces.resource/jquery/jquery.js?ln=primefaces&v=4.0 HTTP/1.1" 304 -
179.12.235.26 - - [13/Aug/2023:16:08:40 -0500] "GET /sipse/faces/javax.faces.resource/jquery/jquery-plugins.js?ln=primefaces&v=4.0 HTTP/1.1" 304 -
179.12.235.26 - - [13/Aug/2023:16:08:40 -0500] "GET /sipse/faces/javax.faces.resource/primefaces.js?ln=primefaces&v=4.0 HTTP/1.1" 304 -
179.12.235.26 - - [13/Aug/2023:16:08:40 -0500] "GET /sipse/faces/javax.faces.resource/layout/layout.js?ln=primefaces&v=4.0 HTTP/1.1" 304 -
179.12.235.26 - - [13/Aug/2023:16:09:10 -0500] "POST /sipse/faces/presentacion/financiero/solicitudProceso/crearModificarSolicitudProceso.xhtml HTTP/1.1" 200 50663
179.12.235.26 - - [13/Aug/2023:16:09:10 -0500] "POST /sipse/faces/presentacion/financiero/solicitudProceso/crearModificarSolicitudProceso.xhtml HTTP/1.1" 200 50663
179.12.235.26 - - [13/Aug/2023:16:09:11 -0500] "POST /sipse/faces/presentacion/financiero/solicitudProceso/crearModificarSolicitudProceso.xhtml HTTP/1.1" 200 50663
179.12.235.26 - - [13/Aug/2023:16:09:14 -0500] "POST /sipse/faces/presentacion/financiero/solicitudProceso/crearModificarSolicitudProceso.xhtml HTTP/1.1" 200 4069
179.12.235.26 - - [13/Aug/2023:16:09:16 -0500] "POST /sipse/faces/presentacion/financiero/solicitudProceso/crearModificarSolicitudProceso.xhtml HTTP/1.1" 200 38981
179.12.235.26 - - [13/Aug/2023:16:09:16 -0500] "GET /sipse/faces/javax.faces.resource/theme.css?ln=primefaces-sipse HTTP/1.1" 304 -
179.12.235.26 - - [13/Aug/2023:16:09:16 -0500] "GET /sipse/faces/javax.faces.resource/layout/layout.css?ln=primefaces&v=4.0 HTTP/1.1" 304 -
179.12.235.26 - - [13/Aug/2023:16:09:16 -0500] "GET /sipse/faces/javax.faces.resource/primefaces.css?ln=primefaces&v=4.0 HTTP/1.1" 304 -
179.12.235.26 - - [13/Aug/2023:16:09:16 -0500] "GET /sipse/faces/javax.faces.resource/jquery/jquery.js?ln=primefaces&v=4.0 HTTP/1.1" 304 -
179.12.235.26 - - [13/Aug/2023:16:09:16 -0500] "GET /sipse/faces/javax.faces.resource/jquery/jquery-plugins.js?ln=primefaces&v=4.0 HTTP/1.1" 304 -
179.12.235.26 - - [13/Aug/2023:16:09:16 -0500] "GET /sipse/faces/javax.faces.resource/primefaces.js?ln=primefaces&v=4.0 HTTP/1.1" 304 -
179.12.235.26 - - [13/Aug/2023:16:09:16 -0500] "GET /sipse/faces/javax.faces.resource/layout/layout.js?ln=primefaces&v=4.0 HTTP/1.1" 304 -
179.12.235.26 - - [13/Aug/2023:16:09:16 -0500] "POST /sipse/faces/presentacion/financiero/solicitudProceso/consultar.xhtml HTTP/1.1" 200 32379
179.12.235.26 - - [13/Aug/2023:16:09:16 -0500] "POST /sipse/faces/presentacion/financiero/solicitudProceso/consultar.xhtml HTTP/1.1" 200 32379
179.12.235.26 - - [13/Aug/2023:16:09:20 -0500] "POST /sipse/faces/presentacion/financiero/solicitudProceso/consultar.xhtml HTTP/1.1" 200 12678
201.245.192.253 - - [13/Aug/2023:16:09:21 -0500] "POST /kwsrmcab/Wsrmcab  HTTP/1.1" 200 213
179.12.235.26 - - [13/Aug/2023:16:09:23 -0500] "POST /sipse/faces/presentacion/financiero/solicitudProceso/consultar.xhtml HTTP/1.1" 200 130633
179.12.235.26 - - [13/Aug/2023:16:09:24 -0500] "GET /sipse/faces/javax.faces.resource/theme.css?ln=primefaces-sipse HTTP/1.1" 304 -
179.12.235.26 - - [13/Aug/2023:16:09:24 -0500] "GET /sipse/faces/javax.faces.resource/primefaces.css?ln=primefaces&v=4.0 HTTP/1.1" 304 -
179.12.235.26 - - [13/Aug/2023:16:09:24 -0500] "GET /sipse/faces/javax.faces.resource/layout/layout.css?ln=primefaces&v=4.0 HTTP/1.1" 304 -
179.12.235.26 - - [13/Aug/2023:16:09:24 -0500] "GET /sipse/faces/javax.faces.resource/jquery/jquery.js?ln=primefaces&v=4.0 HTTP/1.1" 304 -
179.12.235.26 - - [13/Aug/2023:16:09:24 -0500] "GET /sipse/faces/javax.faces.resource/jquery/jquery-plugins.js?ln=primefaces&v=4.0 HTTP/1.1" 304 -
179.12.235.26 - - [13/Aug/2023:16:09:24 -0500] "GET /sipse/faces/javax.faces.resource/primefaces.js?ln=primefaces&v=4.0 HTTP/1.1" 304 -
179.12.235.26 - - [13/Aug/2023:16:09:24 -0500] "GET /sipse/faces/javax.faces.resource/layout/layout.js?ln=primefaces&v=4.0 HTTP/1.1" 304 -
172.22.2.4 - - [13/Aug/2023:16:09:50 -0500] "GET /BLA/boletinlegal/consulta_actos.php?tipo=autos&no=&usuario=&sector=PEV&fecha=2023&resuelve= HTTP/1.1" 200 150072
172.22.2.4 - - [13/Aug/2023:16:09:50 -0500] "GET /BLA/boletinlegal/images/background.gif HTTP/1.1" 200 -
172.22.2.4 - - [13/Aug/2023:16:09:53 -0500] "GET /BLA/boletinlegal/consulta_actos.php?tipo=autos&no=&usuario=&sector=PEV&fecha=2023&resuelve=sancion HTTP/1.1" 200 135972
186.29.33.120 - - [13/Aug/2023:16:09:58 -0500] "GET /BLA/resoluciones/AUTOS%202023/3536.pdf HTTP/1.1" 200 682816
186.29.33.120 - - [13/Aug/2023:16:10:05 -0500] "GET /BLA/resoluciones/AUTOS%202023/3498.pdf HTTP/1.1" 200 3980315
186.29.33.120 - - [13/Aug/2023:16:10:13 -0500] "GET /BLA/resoluciones/AUTOS%202023/3448.pdf HTTP/1.1" 200 1341640
186.29.33.120 - - [13/Aug/2023:16:11:24 -0500] "GET /BLA/resoluciones/AUTOS%202023/3425.pdf HTTP/1.1" 200 673262
186.29.33.120 - - [13/Aug/2023:16:11:30 -0500] "GET /BLA/resoluciones/AUTOS%202023/3424.pdf HTTP/1.1" 200 683449
172.22.2.4 - - [13/Aug/2023:16:09:54 -0500] "HEAD /BLA/boletinlegal/ HTTP/1.1" 200 -
186.29.33.120 - - [13/Aug/2023:16:11:37 -0500] "GET /BLA/resoluciones/AUTOS%202023/3421.pdf HTTP/1.1" 200 480856
186.29.33.120 - - [13/Aug/2023:16:11:43 -0500] "GET /BLA/resoluciones/AUTOS%202023/3420.pdf HTTP/1.1" 200 471080
186.29.33.120 - - [13/Aug/2023:16:11:49 -0500] "GET /BLA/resoluciones/AUTOS%202023/3419.pdf HTTP/1.1" 200 512061
186.29.33.120 - - [13/Aug/2023:16:11:56 -0500] "GET /BLA/resoluciones/AUTOS%202023/3406.pdf HTTP/1.1" 200 2533309
186.29.33.120 - - [13/Aug/2023:16:12:05 -0500] "GET /BLA/resoluciones/AUTOS%202023/3397.pdf HTTP/1.1" 200 1542221
186.29.33.120 - - [13/Aug/2023:16:12:13 -0500] "GET /BLA/resoluciones/AUTOS%202023/3183.pdf HTTP/1.1" 200 1373644
186.29.33.120 - - [13/Aug/2023:16:12:21 -0500] "GET /BLA/resoluciones/AUTOS%202023/3182.pdf HTTP/1.1" 200 2270026
172.22.2.4 - - [13/Aug/2023:16:10:45 -0500] "GET /BLA/boletinlegal/ HTTP/1.1" 200 58187
186.29.33.120 - - [13/Aug/2023:16:12:29 -0500] "GET /BLA/resoluciones/AUTOS%202023/3172.pdf HTTP/1.1" 200 1513550
66.249.70.7 - - [13/Aug/2023:16:12:32 -0500] "GET /Publicaciones/2023EE173760.pdf HTTP/1.1" 304 -
186.29.33.120 - - [13/Aug/2023:16:12:34 -0500] "GET /BLA/resoluciones/AUTOS%202023/3123.pdf HTTP/1.1" 200 1375872
186.29.33.120 - - [13/Aug/2023:16:12:41 -0500] "GET /BLA/resoluciones/AUTOS%202023/3102.pdf HTTP/1.1" 200 1404415
186.29.33.120 - - [13/Aug/2023:16:12:52 -0500] "GET /BLA/resoluciones/AUTOS%202023/3083.pdf HTTP/1.1" 200 1110236
186.29.33.120 - - [13/Aug/2023:16:12:58 -0500] "GET /BLA/resoluciones/AUTOS%202023/2902.pdf HTTP/1.1" 200 513438
186.29.33.120 - - [13/Aug/2023:16:13:06 -0500] "GET /BLA/resoluciones/AUTOS%202023/2892.pdf HTTP/1.1" 200 1576321
186.29.33.120 - - [13/Aug/2023:16:13:15 -0500] "GET /BLA/resoluciones/AUTOS%202023/2891.pdf HTTP/1.1" 200 1654277
216.245.221.92 - - [13/Aug/2023:16:13:16 -0500] "HEAD / HTTP/1.1" 200 -
186.29.33.120 - - [13/Aug/2023:16:13:28 -0500] "GET /BLA/resoluciones/AUTOS%202023/2880.pdf HTTP/1.1" 200 966533
186.29.33.120 - - [13/Aug/2023:16:13:34 -0500] "GET /BLA/resoluciones/AUTOS%202023/2861.pdf HTTP/1.1" 200 1507032
186.29.33.120 - - [13/Aug/2023:16:13:42 -0500] "GET /BLA/resoluciones/AUTOS%202023/2857.pdf HTTP/1.1" 200 1696286
186.29.33.120 - - [13/Aug/2023:16:13:50 -0500] "GET /BLA/resoluciones/AUTOS%202023/2846.pdf HTTP/1.1" 200 686261
186.29.33.120 - - [13/Aug/2023:16:13:59 -0500] "GET /BLA/resoluciones/AUTOS%202023/2784.pdf HTTP/1.1" 200 1813049
179.12.235.26 - - [13/Aug/2023:16:06:52 -0500] "POST /sipse/faces/presentacion/financiero/solicitudProceso/consultarSolicitudProceso.xhtml HTTP/1.1" 200 16107
186.29.33.120 - - [13/Aug/2023:16:14:08 -0500] "GET /BLA/resoluciones/AUTOS%202023/2773.pdf HTTP/1.1" 200 1799122
186.29.33.120 - - [13/Aug/2023:16:14:14 -0500] "GET /BLA/resoluciones/AUTOS%202023/2769.pdf HTTP/1.1" 200 843986
201.245.192.253 - - [13/Aug/2023:16:14:20 -0500] "POST /kwsrmcab/Wsrmcab  HTTP/1.1" 200 213
186.29.33.120 - - [13/Aug/2023:16:14:25 -0500] "GET /BLA/resoluciones/AUTOS%202023/2761.pdf HTTP/1.1" 200 2262240
186.29.33.120 - - [13/Aug/2023:16:14:32 -0500] "GET /BLA/resoluciones/AUTOS%202023/2760.pdf HTTP/1.1" 200 702843
186.29.33.120 - - [13/Aug/2023:16:14:44 -0500] "GET /BLA/resoluciones/AUTOS%202023/2759.pdf HTTP/1.1" 200 1774376
186.29.33.120 - - [13/Aug/2023:16:14:52 -0500] "GET /BLA/resoluciones/AUTOS%202023/2758.pdf HTTP/1.1" 200 682310
186.29.33.120 - - [13/Aug/2023:16:15:01 -0500] "GET /BLA/resoluciones/AUTOS%202023/2707.pdf HTTP/1.1" 200 993185
186.29.33.120 - - [13/Aug/2023:16:15:07 -0500] "GET /BLA/resoluciones/AUTOS%202023/2705.pdf HTTP/1.1" 200 1062075
186.29.33.120 - - [13/Aug/2023:16:15:12 -0500] "GET /BLA/resoluciones/AUTOS%202023/2704.pdf HTTP/1.1" 200 999226
186.29.33.120 - - [13/Aug/2023:16:15:17 -0500] "GET /BLA/resoluciones/AUTOS%202023/2698.pdf HTTP/1.1" 200 1192776
52.167.144.153 - - [13/Aug/2023:16:15:18 -0500] "GET /BLA/resoluciones/AUTOS%202022/1872.pdf HTTP/1.1" 304 -
186.29.33.120 - - [13/Aug/2023:16:15:34 -0500] "GET /BLA/resoluciones/AUTOS%202023/2666.pdf HTTP/1.1" 200 880337
186.29.33.120 - - [13/Aug/2023:16:15:52 -0500] "GET /BLA/resoluciones/AUTOS%202023/2615.pdf HTTP/1.1" 200 1307413
172.22.2.4 - - [13/Aug/2023:16:15:58 -0500] "GET /BLA/boletinlegal/favicon.ico HTTP/1.1" 404 1326
186.29.33.120 - - [13/Aug/2023:16:16:04 -0500] "GET /BLA/resoluciones/AUTOS%202023/2605.pdf HTTP/1.1" 200 943810
186.29.33.120 - - [13/Aug/2023:16:16:11 -0500] "GET /BLA/resoluciones/AUTOS%202023/2594.pdf HTTP/1.1" 200 5953336
186.29.33.120 - - [13/Aug/2023:16:16:18 -0500] "GET /BLA/resoluciones/AUTOS%202023/2593.pdf HTTP/1.1" 200 2396056
31.13.115.116 - - [13/Aug/2023:16:16:22 -0500] "GET /movilidad-sostenible-para-mitigar-el-cambio-climatico.html HTTP/1.1" 200 768
186.29.33.120 - - [13/Aug/2023:16:16:23 -0500] "GET /BLA/resoluciones/AUTOS%202023/2590.pdf HTTP/1.1" 200 1475954
186.29.33.120 - - [13/Aug/2023:16:16:29 -0500] "GET /BLA/resoluciones/AUTOS%202023/2570.pdf HTTP/1.1" 200 1475968
186.29.33.120 - - [13/Aug/2023:16:16:35 -0500] "GET /BLA/resoluciones/AUTOS%202023/2566.pdf HTTP/1.1" 200 789412
186.29.33.120 - - [13/Aug/2023:16:16:41 -0500] "GET /BLA/resoluciones/AUTOS%202023/2545.pdf HTTP/1.1" 200 1859128
186.29.33.120 - - [13/Aug/2023:16:16:48 -0500] "GET /BLA/resoluciones/AUTOS%202023/2544.pdf HTTP/1.1" 200 1020796
186.29.33.120 - - [13/Aug/2023:16:16:57 -0500] "GET /BLA/resoluciones/AUTOS%202023/2543.pdf HTTP/1.1" 200 1669903
186.29.33.120 - - [13/Aug/2023:16:17:05 -0500] "GET /BLA/resoluciones/AUTOS%202023/2542.pdf HTTP/1.1" 200 1189003
186.29.33.120 - - [13/Aug/2023:16:17:12 -0500] "GET /BLA/resoluciones/AUTOS%202023/2541.pdf HTTP/1.1" 200 1778400
186.29.33.120 - - [13/Aug/2023:16:17:19 -0500] "GET /BLA/resoluciones/AUTOS%202023/2539.pdf HTTP/1.1" 200 801421
172.22.2.4 - - [13/Aug/2023:16:15:44 -0500] "HEAD /BLA/boletinlegal/ HTTP/1.1" 200 -
186.29.33.120 - - [13/Aug/2023:16:17:27 -0500] "GET /BLA/resoluciones/AUTOS%202023/2537.pdf HTTP/1.1" 200 1126950
186.29.33.120 - - [13/Aug/2023:16:17:41 -0500] "GET /BLA/resoluciones/AUTOS%202023/2528.pdf HTTP/1.1" 200 817527
186.29.33.120 - - [13/Aug/2023:16:17:50 -0500] "GET /BLA/resoluciones/AUTOS%202023/2524.pdf HTTP/1.1" 200 670064
186.29.33.120 - - [13/Aug/2023:16:17:56 -0500] "GET /BLA/resoluciones/AUTOS%202023/2517.pdf HTTP/1.1" 200 1898942
172.22.2.4 - - [13/Aug/2023:16:16:35 -0500] "GET /BLA/boletinlegal/ HTTP/1.1" 200 60692
186.29.33.120 - - [13/Aug/2023:16:18:16 -0500] "GET /BLA/resoluciones/AUTOS%202023/2513.pdf HTTP/1.1" 200 3316369
216.245.221.92 - - [13/Aug/2023:16:18:16 -0500] "HEAD / HTTP/1.1" 200 -
186.29.33.120 - - [13/Aug/2023:16:18:27 -0500] "GET /BLA/resoluciones/AUTOS%202023/2434.pdf HTTP/1.1" 200 627327
186.29.33.120 - - [13/Aug/2023:16:18:34 -0500] "GET /BLA/resoluciones/AUTOS%202023/2433.pdf HTTP/1.1" 200 1311104
186.29.33.120 - - [13/Aug/2023:16:18:43 -0500] "GET /BLA/resoluciones/AUTOS%202023/2430.pdf HTTP/1.1" 200 1658455
186.29.33.120 - - [13/Aug/2023:16:18:54 -0500] "GET /BLA/resoluciones/AUTOS%202023/2429.pdf HTTP/1.1" 200 1251490
201.245.192.253 - - [13/Aug/2023:16:18:54 -0500] "POST /kwsrmcab/Wsrmcab HTTP/1.1" 200 44161
201.245.192.253 - - [13/Aug/2023:16:18:57 -0500] "POST /kwsrmcab/Wsrmcab HTTP/1.1" 200 41825
186.29.33.120 - - [13/Aug/2023:16:19:02 -0500] "GET /BLA/resoluciones/AUTOS%202023/2424.pdf HTTP/1.1" 200 1916442
179.12.235.26 - - [13/Aug/2023:16:19:05 -0500] "POST /sipse/faces/presentacion/financiero/solicitudProceso/consultarSolicitudProceso.xhtml HTTP/1.1" 200 5722
179.12.235.26 - - [13/Aug/2023:16:19:06 -0500] "POST /sipse/faces/presentacion/financiero/solicitudProceso/consultarSolicitudProceso.xhtml HTTP/1.1" 200 66414
179.12.235.26 - - [13/Aug/2023:16:19:06 -0500] "GET /sipse/faces/javax.faces.resource/theme.css?ln=primefaces-sipse HTTP/1.1" 304 -
179.12.235.26 - - [13/Aug/2023:16:19:06 -0500] "GET /sipse/faces/javax.faces.resource/layout/layout.css?ln=primefaces&v=4.0 HTTP/1.1" 304 -
179.12.235.26 - - [13/Aug/2023:16:19:06 -0500] "GET /sipse/faces/javax.faces.resource/primefaces.css?ln=primefaces&v=4.0 HTTP/1.1" 304 -
179.12.235.26 - - [13/Aug/2023:16:19:06 -0500] "GET /sipse/css/imagen/contrasena.png HTTP/1.1" 404 383
179.12.235.26 - - [13/Aug/2023:16:19:06 -0500] "GET /sipse/faces/javax.faces.resource/jquery/jquery.js?ln=primefaces&v=4.0 HTTP/1.1" 304 -
179.12.235.26 - - [13/Aug/2023:16:19:07 -0500] "GET /sipse/faces/javax.faces.resource/jquery/jquery-plugins.js?ln=primefaces&v=4.0 HTTP/1.1" 304 -
179.12.235.26 - - [13/Aug/2023:16:19:07 -0500] "GET /sipse/faces/javax.faces.resource/primefaces.js?ln=primefaces&v=4.0 HTTP/1.1" 304 -
179.12.235.26 - - [13/Aug/2023:16:19:07 -0500] "GET /sipse/faces/javax.faces.resource/layout/layout.js?ln=primefaces&v=4.0 HTTP/1.1" 304 -
179.12.235.26 - - [13/Aug/2023:16:19:07 -0500] "GET /sipse/faces/javax.faces.resource/images/ui-icons_898989_256x240.png?ln=primefaces-aristo HTTP/1.1" 304 -
179.12.235.26 - - [13/Aug/2023:16:19:07 -0500] "POST /sipse/faces/presentacion/financiero/solicitudProceso/listarSolicitudProceso.xhtml HTTP/1.1" 200 59786
179.12.235.26 - - [13/Aug/2023:16:19:07 -0500] "GET /sipse/faces/javax.faces.resource/images/ui-bg_flat_0_2d5972_40x100.png?ln=primefaces-aristo HTTP/1.1" 304 -
179.12.235.26 - - [13/Aug/2023:16:19:07 -0500] "POST /sipse/faces/presentacion/financiero/solicitudProceso/listarSolicitudProceso.xhtml HTTP/1.1" 200 59786
179.12.235.26 - - [13/Aug/2023:16:19:08 -0500] "POST /sipse/faces/presentacion/financiero/solicitudProceso/listarSolicitudProceso.xhtml HTTP/1.1" 200 59786
179.12.235.26 - - [13/Aug/2023:16:19:09 -0500] "POST /sipse/faces/presentacion/financiero/solicitudProceso/listarSolicitudProceso.xhtml HTTP/1.1" 200 59786
179.12.235.26 - - [13/Aug/2023:16:19:09 -0500] "POST /sipse/faces/presentacion/financiero/solicitudProceso/listarSolicitudProceso.xhtml HTTP/1.1" 200 1556
179.12.235.26 - - [13/Aug/2023:16:19:10 -0500] "POST /sipse/faces/presentacion/financiero/solicitudProceso/listarSolicitudProceso.xhtml HTTP/1.1" 200 1560
179.12.235.26 - - [13/Aug/2023:16:19:11 -0500] "POST /sipse/faces/presentacion/financiero/solicitudProceso/listarSolicitudProceso.xhtml HTTP/1.1" 200 1560
186.29.33.120 - - [13/Aug/2023:16:19:13 -0500] "GET /BLA/resoluciones/AUTOS%202023/2423.pdf HTTP/1.1" 200 911726
179.12.235.26 - - [13/Aug/2023:16:19:12 -0500] "POST /sipse/faces/presentacion/financiero/solicitudProceso/listarSolicitudProceso.xhtml HTTP/1.1" 200 1560
179.12.235.26 - - [13/Aug/2023:16:19:13 -0500] "POST /sipse/faces/presentacion/financiero/solicitudProceso/listarSolicitudProceso.xhtml HTTP/1.1" 200 1560
186.29.33.120 - - [13/Aug/2023:16:19:19 -0500] "GET /BLA/resoluciones/AUTOS%202023/2422.pdf HTTP/1.1" 200 673614
201.245.192.253 - - [13/Aug/2023:16:19:18 -0500] "POST /kwsrmcab/Wsrmcab  HTTP/1.1" 200 213
186.29.33.120 - - [13/Aug/2023:16:19:27 -0500] "GET /BLA/resoluciones/AUTOS%202023/2421.pdf HTTP/1.1" 200 681748
186.29.33.120 - - [13/Aug/2023:16:19:35 -0500] "GET /BLA/resoluciones/AUTOS%202023/2420.pdf HTTP/1.1" 200 827566
186.29.33.120 - - [13/Aug/2023:16:19:50 -0500] "GET /BLA/resoluciones/AUTOS%202023/2404.pdf HTTP/1.1" 200 2289229
179.12.235.26 - - [13/Aug/2023:16:19:57 -0500] "POST /sipse/faces/presentacion/financiero/solicitudProceso/listarSolicitudProceso.xhtml HTTP/1.1" 200 60214
179.12.235.26 - - [13/Aug/2023:16:19:57 -0500] "GET /sipse/faces/javax.faces.resource/theme.css?ln=primefaces-sipse HTTP/1.1" 304 -
179.12.235.26 - - [13/Aug/2023:16:19:57 -0500] "GET /sipse/faces/javax.faces.resource/primefaces.css?ln=primefaces&v=4.0 HTTP/1.1" 304 -
179.12.235.26 - - [13/Aug/2023:16:19:57 -0500] "GET /sipse/faces/javax.faces.resource/jquery/jquery.js?ln=primefaces&v=4.0 HTTP/1.1" 304 -
179.12.235.26 - - [13/Aug/2023:16:19:57 -0500] "GET /sipse/faces/javax.faces.resource/layout/layout.css?ln=primefaces&v=4.0 HTTP/1.1" 304 -
179.12.235.26 - - [13/Aug/2023:16:19:57 -0500] "GET /sipse/faces/javax.faces.resource/jquery/jquery-plugins.js?ln=primefaces&v=4.0 HTTP/1.1" 304 -
179.12.235.26 - - [13/Aug/2023:16:19:57 -0500] "GET /sipse/faces/javax.faces.resource/primefaces.js?ln=primefaces&v=4.0 HTTP/1.1" 304 -
179.12.235.26 - - [13/Aug/2023:16:19:57 -0500] "GET /sipse/faces/javax.faces.resource/layout/layout.js?ln=primefaces&v=4.0 HTTP/1.1" 304 -
179.12.235.26 - - [13/Aug/2023:16:20:34 -0500] "POST /sipse/faces/presentacion/financiero/solicitudProceso/crearModificarSolicitudProceso.xhtml HTTP/1.1" 200 8530
179.12.235.26 - - [13/Aug/2023:16:20:38 -0500] "POST /sipse/faces/presentacion/financiero/solicitudProceso/crearModificarSolicitudProceso.xhtml HTTP/1.1" 200 6312
40.77.167.208 - - [13/Aug/2023:16:20:42 -0500] "GET /BLA/resoluciones/AUTOS%202022/3543.pdf HTTP/1.1" 304 -
179.12.235.26 - - [13/Aug/2023:16:20:54 -0500] "POST /sipse/faces/presentacion/financiero/solicitudProceso/crearModificarSolicitudProceso.xhtml HTTP/1.1" 200 26721
172.22.2.4 - - [13/Aug/2023:16:21:35 -0500] "HEAD /BLA/boletinlegal/ HTTP/1.1" 200 -
216.245.221.92 - - [13/Aug/2023:16:23:16 -0500] "HEAD / HTTP/1.1" 200 -
172.22.2.4 - - [13/Aug/2023:16:22:25 -0500] "GET /BLA/boletinlegal/ HTTP/1.1" 200 58187
201.245.192.253 - - [13/Aug/2023:16:24:18 -0500] "POST /kwsrmcab/Wsrmcab  HTTP/1.1" 200 213
40.77.167.255 - - [13/Aug/2023:16:26:24 -0500] "GET /BLA/resoluciones/AUTOS%202014/1341.pdf HTTP/1.1" 304 -
186.102.87.174 - - [13/Aug/2023:16:26:25 -0500] "OPTIONS /kwssiamovil/sm/setfile/f? HTTP/1.1" 200 13
186.102.87.174 - - [13/Aug/2023:16:26:25 -0500] "POST /kwssiamovil/sm/setfile/f? HTTP/1.1" 200 381
186.102.87.174 - - [13/Aug/2023:16:26:44 -0500] "GET /kwssiamovil/sm/acme/a?s=U2FsdGVkX184j4G0iBM3Yw++bnyTZ5qO0o6Z7tdxO+nfAaa/9S99FprOluNSIrlTEnB7pziCjyPyxovgnunxvzV74VOBuYKij0UrZs9b5drwGNFtU+7OOnNHbPuPcD7c6hOI4tzZAFGQ2t+U30yiXFWmVqiObGaphcJ7z0HiUlS6TtL1BXKJasCKNhL0AIf4EyDXIAeUnBnJNfm0KHWjMx8JqUZHCMjilY4cZHGKP1NjXgX0OG9qN26GlKAIp0oIVt2QfEE1LcH13zfziJNArQ==&u=U2FsdGVkX1+t+a6AKU27m7UWbq2RjSLaM8cfZk2Sz6MMKmx1ugom3Xbg4qEEfwZV&y=U2FsdGVkX1+cXHnVZH6swumfSuaYy41swfXlSbWilQCVxltKi/3COX7zxd3N4e6o HTTP/1.1" 200 26
186.102.87.174 - - [13/Aug/2023:16:26:45 -0500] "GET /kwssiamovil/sm/acme/a?s=U2FsdGVkX18KCwvlpeDtwfZC1dFvL+KdS9PaXx8HHlekKGImnNM3KYxoG2BkqvnNDm4MpODsJhOFGsiT+MG8KRLT5FfoKYPInNcVRxGNiCyneITxIq+moR1pPphHaQ+j/XOo5i7q627Upz9VBwK5fwvzKdY0ucsaXOj2i3sP/Q6sV5VyMAp+nn733UNn7c4R8uGT9d+qwUKjzZEhjpc1gashMloDfMSWD/hlHXCW/jFN+fFhXoPm97pTD499Wn7GLQt8hv1Gzgdy/743tcaoRHUrpWQ336e+QIysd2ol/slz94RHXfpWnCbRTRaJMPp1RZl1MhJ8EZ6gs3a4rtwVNoubsUcBBuxDTRPUSAELK7PsMTIa+npxvZrql82uIZoYRb0/UFLRWXuz+WVxeCldG7t0d4u4yf3THdnKbkNv01OPl6KqC88spJ9NeyP3+RJkw5c2ytZFxkl9YXsxK8rwXkiMZyxZ6XsONGYjymzEw+kSSedLiDhPW14A0qL40GZh/7uIq5BeMHUMJ1RA6rR9E2L+kdUqq1kCRDnWNhc8I5HrtX3lW369Qr0XCs6d885Qcwm2OYNwVEdecTBV4JZfC9lZTC/tcENuw0wEOulsdK+xTkJu9XUw2YpZcp6N8upcAyFJnOiSw/SxJJSXu861zEbsFg40Sm32U6laHjYFiepu8fRc+6bk8Mejyg9UEDh6gt6JfACwGVMsr8mdrm9vQzIi0G8pncwFv7vjyaNxhZg34WZ1mmTwHmJznGugmL8Utn/mQJ6+gyLJGFvMZdBYPEKBJBL2wyLutbTrc6IwyETyoy2Mbx3HBAwlovCZM3jqbNSnAu83NvCLQm2UuEFPclTzBwdeYML4xNp2kD4G15HPF10WKML7xBV1hJ4hWlApref4WenUihMQAGtduWwtoBe7R7c0T8BqLV0XiQFl2K6ki40sO4BEpbnLOc1XRUgUrBHZyAx7EHoW4qsZPxO4C9Ktkh8kSa2cvKBXzeS5GaJi5frGIDzgduamk2WSP4lTLOD0ZP+w60r+OMUlFjnZtbc62Utz69NUi5ZITTVSP9ujiLZZ+CIp85GPQYK/cCW7oCSsCYUkLCjjbsYLevDA0pQJdFav83NT5SwNNIULSiDSuoM1nMOWrL/PDlmt770JSopA3fQm7WgmBoQT0kTADFFst6KaobcsPWR5vV6LddL0uTkbF3YJlCTlM/RYpDKOK3YiLHUWxlsY+FSAQ12G5IxYjIezmmRErr2Ii6p6p1oG0nN4PRJUmCHF52MCx7nTWM9+dwAIkJUhcMYfES+1hG3p2aVlEpUrsoDOsRH8tvnFs5rfu512cr2Cx2+vh4SwsVs11tdLApFVKquSdfG4nsgq9B74wdrTzxSDVZr9BEAouZAn5E0MbfyrFq5Do+vHKStvNQQjnHMOvzN8f+mI8QS7VzzVWq7fOk7KYhjqgttjOvtavsWweYGCphqEZTKN0UXnX7vtdUAlO4WzORI7EmXCY32gaCBdbyI9PSj/hgQdiI2Heq1/YKddso8/UA2Hllw0uXt1Nro6ju8wM4KCqDRbNv+UK7YIUvXXUmF4mVaGZQMx1r80x/BhzG5hpTjRe28NYXyWEFoz0AGE3Wzj4/CRtq/hzzAZVyXzDuL11DD5CcLnFh/y/RNFPUbztL0qHR6nXiJ/PQDBaFlYbpjXv+sNpQ1FnuH8QpmTJ+RKgkeB46jSdpATzUx8u2hZ/dVWAbNrQJZRgKA78BpIKA2LZhjOZwZK7a2TYRx5/e2DhXKk3sHtO7pXgw9C4+HGmaybgi5Uulsq1rngu001+Nq1v7R50tL9NLx+fx4AGDhvZy4uI7NL6iXPp7p4PccOPPqHccDz43PICoYeZnfTVNmOYlHm6hDaitdufsLy1/+rw1/6BTx2yD+8eh3VCgDHsUQNeT0OB8INOTFfFKH08oN8eEJxyb6JpHIZ/GFmpf5rIoEa2fKMykRENcgwkij0ySbeZQ38v2MN+rebyj+hVph9Dhk6mB+OSPZLnY5ISuxKZuyVRGz8qBUX55X2TgOS2BUQEmapR9MuFlnCNpmCPYuFbe5XoTRB2zMec6UD/F2mJ2KT6ZLVkvXIWTl7c8NUliBceL/wZdcGWnl/pWHIBuIcKVa7ihwCkbVevHzl8lq6POYhE4uhfQhByUsNcy/rvF94IUn42BlQbC4wu0WB1tL6VHD2QMvI7Gh+QjBUdWxXhsM3pbMjvDHaJt+Qu4CcIC3krt2WC2Lx/1achRcgUpgSgiG3/fBxuynQAG/oU1dsxl0koXh8pu5x5jULnmjBzVKvnEXTaqDpvOd+nvf0AmoGLwzsKV6NMBsCKZqjTxlAkfrA22T9r1gxZfmD4Tw+fwzN&u=U2FsdGVkX1+t+a6AKU27m7UWbq2RjSLaM8cfZk2Sz6MMKmx1ugom3Xbg4qEEfwZV&y=U2FsdGVkX1+cXHnVZH6swumfSuaYy41swfXlSbWilQCVxltKi/3COX7zxd3N4e6o HTTP/1.1" 200 26
186.102.87.174 - - [13/Aug/2023:16:26:45 -0500] "GET /kwssiamovil/sm/acme/a?s=U2FsdGVkX1/mNwues1s7GDFC1eR1breY5b0zcr1iBHdaahJnTVzUkhh+m54fT9XGRsp0fXrI41yi8yK+Hy3vWvjqCk3f2zhgqcy/3eBcdwQmVP0EZY0CwH4WaDx8BSHRJviaqzwreE6YmmIqkR+CS/YrreM/zraoFO4aviClNaU=&u=U2FsdGVkX1+t+a6AKU27m7UWbq2RjSLaM8cfZk2Sz6MMKmx1ugom3Xbg4qEEfwZV&y=U2FsdGVkX1+cXHnVZH6swumfSuaYy41swfXlSbWilQCVxltKi/3COX7zxd3N4e6o HTTP/1.1" 200 26
186.102.87.174 - - [13/Aug/2023:16:26:45 -0500] "GET /kwssiamovil/sm/acme/a?s=U2FsdGVkX18WcPg5Qc5iVkRICa5RasoyQ/5c0VJwoF21JjB84J+XTKRXQ6iiN1j0yKTPS4bUHvev0gDzDatnWiWE8abpaw5U+Z37J/wW9Xkzmw+tKFv7nUCGt4N3DyKCfB38r7xJoCuJkr2FHuxaXtegGc9xoeQcJvqH+IzuZI8=&u=U2FsdGVkX1+t+a6AKU27m7UWbq2RjSLaM8cfZk2Sz6MMKmx1ugom3Xbg4qEEfwZV&y=U2FsdGVkX1+cXHnVZH6swumfSuaYy41swfXlSbWilQCVxltKi/3COX7zxd3N4e6o HTTP/1.1" 200 26
186.102.87.174 - - [13/Aug/2023:16:26:46 -0500] "GET /kwssiamovil/sm/acme/a?s=U2FsdGVkX1+CQjvFWKL9oBbsE1h0qEXO3qRSoJZHnkF6ygYaon5AQV+Vmc+jiQUv8VdI9DVAZlFFof50Uwb9Pyjef6NP/GahDbJf3SUgn8SJu0yxweyOFowUlWGsfq6lYBAtmtW24WTro6J1TfFzXJ80PxDII2XPnf6BJCrPEfQ=&u=U2FsdGVkX1+t+a6AKU27m7UWbq2RjSLaM8cfZk2Sz6MMKmx1ugom3Xbg4qEEfwZV&y=U2FsdGVkX1+cXHnVZH6swumfSuaYy41swfXlSbWilQCVxltKi/3COX7zxd3N4e6o HTTP/1.1" 200 26
186.102.87.174 - - [13/Aug/2023:16:26:46 -0500] "GET /kwssiamovil/sm/acme/a?s=U2FsdGVkX1+L4abtzE+Rlh+uy1FYkuFc5TfS2PGYaeav9/U4gUggM3QFLuhUz72s7M9RwEDnStzlK4XJM8g51mV3SrBCB2+DrgU9Z2x+d9C1KOgf57//yjGGK9X4rdCKT9odYR6cEsgElHSonGeqm/8nFcKK7iM2dhukgpK9sO9C+cxr9/GZ97iz0MvZizKhvAoXbF9vFL2evUwu9Awl6g==&u=U2FsdGVkX1+t+a6AKU27m7UWbq2RjSLaM8cfZk2Sz6MMKmx1ugom3Xbg4qEEfwZV&y=U2FsdGVkX1+cXHnVZH6swumfSuaYy41swfXlSbWilQCVxltKi/3COX7zxd3N4e6o HTTP/1.1" 200 26
186.102.87.174 - - [13/Aug/2023:16:26:46 -0500] "GET /kwssiamovil/sm/acme/a?s=U2FsdGVkX19sbKT7RrwBGk/hwZ6cUwQiaTgbkaf2LGNb61yfiPT1RbtccPDJSUu0WnJleRkpQi/zG4RgisUpTJkMbawINocUI4oz5jhtlCoZklPFMBN4ZW7/kCwtPMU0nWwS0sTvoydMcZNHWwS6iWMuCDkmXB7ftomcevt+Z5VRVPfLHGSltTNo5jvZlNk+7MTFJTI33BRaOcY40X/7zpTOZynkP0RXLe+X6LWqfIkCT1hfLuJaqLPyzgSIXYtsofy9YbrWJPevuw6L7dmrimGv4/RCV6cHrnKZSxLOe1acJTz4krl366wOZhT08OoLTigHwWj+Br8erDo/oFwFxgb21gE32wrt9MuAG6H9IoDjiecqiSisDl7GNvGf+kjJak8MLmX9mt9iv5+7lOXmexddveaElfK7UFHg7wARapmJfVny0vFZmm8QUFGVx/NK9LlYkU9JF2pO/jUJTcNEzEMiceIBRziwNsqH9VJipt+1Y+Hm8AKC8/19CO3F/nzqthCJkoTHATBFmnvt7+qZrc2xbtXkcFBvtmrGqb4nD3U=&u=U2FsdGVkX1+t+a6AKU27m7UWbq2RjSLaM8cfZk2Sz6MMKmx1ugom3Xbg4qEEfwZV&y=U2FsdGVkX1+cXHnVZH6swumfSuaYy41swfXlSbWilQCVxltKi/3COX7zxd3N4e6o HTTP/1.1" 200 25
186.102.87.174 - - [13/Aug/2023:16:26:47 -0500] "GET /kwssiamovil/sm/acme/a?s=U2FsdGVkX1+p/Klg1AmfeAwhQIkxWwfyqUI5xnu1srBSNVTWehllb7m89AYQAAye+jtyRMOSuTU4gNMTX1pkZtLios2ne5+c1knAlsRmeC5KGW6Trb6wReyxP+y9CpkSa7hiWjGquDFLMgfFkDcvSLiN8A0QkpidlzDH3w4HLJEXSQDCcZlDQSo0NR4wYPYSEVFuZo0RPHHpPfcJLzynevhqZhbmQLH2JKAKhNX6m1owvyTwwZd85wASNycAzSudnPLrLEisa91s+Rba3bbbY5LO4Vq/7AiM/QhHWJPI63pTWYlXmP3faTkI0h41KAfa3I0KCw+C8HV9U5p/iu6fFbi2jxDnQspSNFNPVRxp2G/nDOcrZDlwWUihCbFJqxFjDcKpXgHNTjqETycoEoqv+bRKTzxWLp8omTnfP0CJ1RkBi+NOYzcFd6vwStDHUK90bS+Y0vef3qe16XZUUYaLG888bWofhWwCjQklZvXOWOfLr8lxKhpYAHpsjB7yCVNA&u=U2FsdGVkX1+t+a6AKU27m7UWbq2RjSLaM8cfZk2Sz6MMKmx1ugom3Xbg4qEEfwZV&y=U2FsdGVkX1+cXHnVZH6swumfSuaYy41swfXlSbWilQCVxltKi/3COX7zxd3N4e6o HTTP/1.1" 200 25
173.252.111.4 - - [13/Aug/2023:16:28:03 -0500] "GET /images/avistamiento-aves.jpg HTTP/1.1" 200 104313
173.252.111.119 - - [13/Aug/2023:16:28:08 -0500] "GET /images/camino-guadalupe-aguanoso.jpg HTTP/1.1" 200 103489
173.252.111.9 - - [13/Aug/2023:16:28:08 -0500] "GET /images/Caminatas-ecologicas-julio.jpg HTTP/1.1" 200 480557
173.252.111.116 - - [13/Aug/2023:16:28:08 -0500] "GET /images/construccion-sostenible-.jpg HTTP/1.1" 200 82949
216.245.221.92 - - [13/Aug/2023:16:28:16 -0500] "HEAD / HTTP/1.1" 200 -
201.245.192.253 - - [13/Aug/2023:16:28:54 -0500] "POST /kwsrmcab/Wsrmcab HTTP/1.1" 200 44161
201.245.192.253 - - [13/Aug/2023:16:28:56 -0500] "POST /kwsrmcab/Wsrmcab HTTP/1.1" 200 41825
172.22.2.4 - - [13/Aug/2023:16:27:25 -0500] "HEAD /BLA/boletinlegal/ HTTP/1.1" 200 -
201.245.192.253 - - [13/Aug/2023:16:29:17 -0500] "POST /kwsrmcab/Wsrmcab  HTTP/1.1" 200 213
172.22.2.4 - - [13/Aug/2023:16:28:15 -0500] "GET /BLA/boletinlegal/ HTTP/1.1" 200 57790
179.12.235.26 - - [13/Aug/2023:16:30:57 -0500] "POST /sipse/faces/presentacion/financiero/solicitudProceso/crearModificarSolicitudProceso.xhtml HTTP/1.1" 200 24601
179.12.235.26 - - [13/Aug/2023:16:30:57 -0500] "GET /sipse/faces/javax.faces.resource/theme.css?ln=primefaces-sipse HTTP/1.1" 304 -
179.12.235.26 - - [13/Aug/2023:16:30:57 -0500] "GET /sipse/faces/javax.faces.resource/primefaces.css?ln=primefaces&v=4.0 HTTP/1.1" 304 -
179.12.235.26 - - [13/Aug/2023:16:30:57 -0500] "GET /sipse/faces/javax.faces.resource/jquery/jquery-plugins.js?ln=primefaces&v=4.0 HTTP/1.1" 304 -
179.12.235.26 - - [13/Aug/2023:16:30:57 -0500] "GET /sipse/faces/javax.faces.resource/layout/layout.css?ln=primefaces&v=4.0 HTTP/1.1" 304 -
179.12.235.26 - - [13/Aug/2023:16:30:57 -0500] "GET /sipse/faces/javax.faces.resource/jquery/jquery.js?ln=primefaces&v=4.0 HTTP/1.1" 304 -
179.12.235.26 - - [13/Aug/2023:16:30:57 -0500] "GET /sipse/faces/javax.faces.resource/layout/layout.js?ln=primefaces&v=4.0 HTTP/1.1" 304 -
179.12.235.26 - - [13/Aug/2023:16:30:57 -0500] "GET /sipse/faces/javax.faces.resource/primefaces.js?ln=primefaces&v=4.0 HTTP/1.1" 304 -
179.12.235.26 - - [13/Aug/2023:16:30:57 -0500] "GET /sipse/faces/javax.faces.resource/images/ui-icons_898989_256x240.png?ln=primefaces-aristo HTTP/1.1" 304 -
179.12.235.26 - - [13/Aug/2023:16:31:12 -0500] "GET /sipse/faces/javax.faces.resource/images/ui-bg_flat_0_2d5972_40x100.png?ln=primefaces-aristo HTTP/1.1" 304 -
179.12.235.26 - - [13/Aug/2023:16:31:12 -0500] "POST /sipse/faces/presentacion/financiero/solicitudProyectoActividad/asociarProyectoSolicitud.xhtml HTTP/1.1" 200 6605
179.12.235.26 - - [13/Aug/2023:16:31:15 -0500] "POST /sipse/faces/presentacion/financiero/solicitudProyectoActividad/asociarProyectoSolicitud.xhtml HTTP/1.1" 200 1696
179.12.235.26 - - [13/Aug/2023:16:31:20 -0500] "POST /sipse/faces/presentacion/financiero/solicitudProyectoActividad/asociarProyectoSolicitud.xhtml HTTP/1.1" 200 75622
179.12.235.26 - - [13/Aug/2023:16:31:20 -0500] "GET /sipse/faces/javax.faces.resource/theme.css?ln=primefaces-sipse HTTP/1.1" 304 -
179.12.235.26 - - [13/Aug/2023:16:31:20 -0500] "GET /sipse/faces/javax.faces.resource/primefaces.css?ln=primefaces&v=4.0 HTTP/1.1" 304 -
179.12.235.26 - - [13/Aug/2023:16:31:20 -0500] "GET /sipse/faces/javax.faces.resource/layout/layout.css?ln=primefaces&v=4.0 HTTP/1.1" 304 -
179.12.235.26 - - [13/Aug/2023:16:31:20 -0500] "GET /sipse/faces/javax.faces.resource/jquery/jquery.js?ln=primefaces&v=4.0 HTTP/1.1" 304 -
179.12.235.26 - - [13/Aug/2023:16:31:20 -0500] "GET /sipse/faces/javax.faces.resource/jquery/jquery-plugins.js?ln=primefaces&v=4.0 HTTP/1.1" 304 -
179.12.235.26 - - [13/Aug/2023:16:31:20 -0500] "GET /sipse/faces/javax.faces.resource/primefaces.js?ln=primefaces&v=4.0 HTTP/1.1" 304 -
179.12.235.26 - - [13/Aug/2023:16:31:20 -0500] "GET /sipse/faces/javax.faces.resource/layout/layout.js?ln=primefaces&v=4.0 HTTP/1.1" 304 -
52.167.144.78 - - [13/Aug/2023:16:31:39 -0500] "GET /BLA/resoluciones/AUTOS%202013/0860.pdf HTTP/1.1" 304 -
179.12.235.26 - - [13/Aug/2023:16:31:43 -0500] "GET /sipse/faces/javax.faces.resource/images/ui-bg_flat_0_2d5972_40x100.png?ln=primefaces-aristo HTTP/1.1" 304 -
179.12.235.26 - - [13/Aug/2023:16:31:43 -0500] "POST /sipse/faces/presentacion/financiero/solicitudProyectoActividad/asociarActividadSolicitud.xhtml HTTP/1.1" 200 61252
66.220.149.15 - - [13/Aug/2023:16:31:55 -0500] "GET /images/Reciclaton-2023.jpg HTTP/1.1" 200 68883
179.12.235.26 - - [13/Aug/2023:16:31:56 -0500] "POST /sipse/faces/presentacion/financiero/solicitudProyectoActividad/asociarActividadSolicitud.xhtml HTTP/1.1" 200 61178
179.12.235.26 - - [13/Aug/2023:16:31:57 -0500] "GET /sipse/faces/javax.faces.resource/theme.css?ln=primefaces-sipse HTTP/1.1" 304 -
179.12.235.26 - - [13/Aug/2023:16:31:57 -0500] "GET /sipse/faces/javax.faces.resource/primefaces.css?ln=primefaces&v=4.0 HTTP/1.1" 304 -
179.12.235.26 - - [13/Aug/2023:16:31:57 -0500] "GET /sipse/faces/javax.faces.resource/layout/layout.css?ln=primefaces&v=4.0 HTTP/1.1" 304 -
179.12.235.26 - - [13/Aug/2023:16:31:57 -0500] "GET /sipse/faces/javax.faces.resource/jquery/jquery.js?ln=primefaces&v=4.0 HTTP/1.1" 304 -
179.12.235.26 - - [13/Aug/2023:16:31:57 -0500] "GET /sipse/faces/javax.faces.resource/jquery/jquery-plugins.js?ln=primefaces&v=4.0 HTTP/1.1" 304 -
179.12.235.26 - - [13/Aug/2023:16:31:57 -0500] "GET /sipse/faces/javax.faces.resource/primefaces.js?ln=primefaces&v=4.0 HTTP/1.1" 304 -
179.12.235.26 - - [13/Aug/2023:16:31:57 -0500] "GET /sipse/faces/javax.faces.resource/layout/layout.js?ln=primefaces&v=4.0 HTTP/1.1" 304 -
179.12.235.26 - - [13/Aug/2023:16:31:57 -0500] "GET /sipse/css/imagen/contrasena.png HTTP/1.1" 404 383
179.12.235.26 - - [13/Aug/2023:16:32:03 -0500] "POST /sipse/faces/presentacion/financiero/solicitudProceso/crearModificarSolicitudProceso.xhtml HTTP/1.1" 200 29664
179.12.235.26 - - [13/Aug/2023:16:32:08 -0500] "POST /sipse/faces/presentacion/financiero/solicitudProceso/crearModificarSolicitudProceso.xhtml HTTP/1.1" 200 45825
179.12.235.26 - - [13/Aug/2023:16:32:12 -0500] "GET /sipse/faces/javax.faces.resource/theme.css?ln=primefaces-sipse HTTP/1.1" 304 -
179.12.235.26 - - [13/Aug/2023:16:32:12 -0500] "GET /sipse/faces/javax.faces.resource/primefaces.css?ln=primefaces&v=4.0 HTTP/1.1" 304 -
179.12.235.26 - - [13/Aug/2023:16:32:12 -0500] "GET /sipse/faces/javax.faces.resource/layout/layout.css?ln=primefaces&v=4.0 HTTP/1.1" 304 -
179.12.235.26 - - [13/Aug/2023:16:32:13 -0500] "GET /sipse/faces/javax.faces.resource/jquery/jquery.js?ln=primefaces&v=4.0 HTTP/1.1" 304 -
179.12.235.26 - - [13/Aug/2023:16:32:13 -0500] "GET /sipse/faces/javax.faces.resource/primefaces.js?ln=primefaces&v=4.0 HTTP/1.1" 304 -
179.12.235.26 - - [13/Aug/2023:16:32:13 -0500] "GET /sipse/faces/javax.faces.resource/layout/layout.js?ln=primefaces&v=4.0 HTTP/1.1" 304 -
179.12.235.26 - - [13/Aug/2023:16:32:13 -0500] "GET /sipse/faces/javax.faces.resource/jquery/jquery-plugins.js?ln=primefaces&v=4.0 HTTP/1.1" 304 -
179.12.235.26 - - [13/Aug/2023:16:32:13 -0500] "GET /sipse/css/imagen/contrasena.png HTTP/1.1" 404 383
179.12.235.26 - - [13/Aug/2023:16:32:14 -0500] "GET /sipse/faces/javax.faces.resource/images/ui-icons_898989_256x240.png?ln=primefaces-aristo HTTP/1.1" 304 -
179.12.235.26 - - [13/Aug/2023:16:32:19 -0500] "GET /sipse/faces/javax.faces.resource/images/ui-bg_flat_0_2d5972_40x100.png?ln=primefaces-aristo HTTP/1.1" 304 -
179.12.235.26 - - [13/Aug/2023:16:32:19 -0500] "POST /sipse/faces/presentacion/financiero/contrato/consultarContratosSolicitudProceso.xhtml HTTP/1.1" 200 61616
179.12.235.26 - - [13/Aug/2023:16:32:20 -0500] "POST /sipse/faces/presentacion/financiero/contrato/consultarContratosSolicitudProceso.xhtml HTTP/1.1" 200 61632
179.12.235.26 - - [13/Aug/2023:16:32:22 -0500] "POST /sipse/faces/presentacion/financiero/contrato/consultarContratosSolicitudProceso.xhtml HTTP/1.1" 200 61620
179.12.235.26 - - [13/Aug/2023:16:32:25 -0500] "POST /sipse/faces/presentacion/financiero/contrato/consultarContratosSolicitudProceso.xhtml HTTP/1.1" 200 67136
179.12.235.26 - - [13/Aug/2023:16:32:28 -0500] "POST /sipse/faces/presentacion/financiero/contrato/consultarContratosSolicitudProceso.xhtml HTTP/1.1" 200 74072
179.12.235.26 - - [13/Aug/2023:16:32:30 -0500] "POST /sipse/faces/presentacion/financiero/contrato/consultarContratosSolicitudProceso.xhtml HTTP/1.1" 200 74085
179.12.235.26 - - [13/Aug/2023:16:32:33 -0500] "POST /sipse/faces/presentacion/financiero/contrato/consultarContratosSolicitudProceso.xhtml HTTP/1.1" 200 73992
179.12.235.26 - - [13/Aug/2023:16:32:35 -0500] "POST /sipse/faces/presentacion/financiero/contrato/consultarContratosSolicitudProceso.xhtml HTTP/1.1" 200 74008
179.12.235.26 - - [13/Aug/2023:16:32:37 -0500] "POST /sipse/faces/presentacion/financiero/contrato/consultarContratosSolicitudProceso.xhtml HTTP/1.1" 200 69880
179.12.235.26 - - [13/Aug/2023:16:32:40 -0500] "POST /sipse/faces/presentacion/financiero/contrato/consultarContratosSolicitudProceso.xhtml HTTP/1.1" 200 61627
179.12.235.26 - - [13/Aug/2023:16:32:52 -0500] "POST /sipse/faces/presentacion/financiero/contrato/consultarContratosSolicitudProceso.xhtml HTTP/1.1" 200 61981
179.12.235.26 - - [13/Aug/2023:16:32:52 -0500] "GET /sipse/faces/javax.faces.resource/theme.css?ln=primefaces-sipse HTTP/1.1" 304 -
179.12.235.26 - - [13/Aug/2023:16:32:52 -0500] "GET /sipse/faces/javax.faces.resource/primefaces.css?ln=primefaces&v=4.0 HTTP/1.1" 304 -
179.12.235.26 - - [13/Aug/2023:16:32:52 -0500] "GET /sipse/faces/javax.faces.resource/layout/layout.css?ln=primefaces&v=4.0 HTTP/1.1" 304 -
179.12.235.26 - - [13/Aug/2023:16:32:52 -0500] "GET /sipse/faces/javax.faces.resource/jquery/jquery.js?ln=primefaces&v=4.0 HTTP/1.1" 304 -
179.12.235.26 - - [13/Aug/2023:16:32:52 -0500] "GET /sipse/faces/javax.faces.resource/jquery/jquery-plugins.js?ln=primefaces&v=4.0 HTTP/1.1" 304 -
179.12.235.26 - - [13/Aug/2023:16:32:52 -0500] "GET /sipse/faces/javax.faces.resource/primefaces.js?ln=primefaces&v=4.0 HTTP/1.1" 304 -
179.12.235.26 - - [13/Aug/2023:16:32:53 -0500] "GET /sipse/faces/javax.faces.resource/layout/layout.js?ln=primefaces&v=4.0 HTTP/1.1" 304 -
179.12.235.26 - - [13/Aug/2023:16:33:07 -0500] "POST /sipse/faces/presentacion/financiero/solicitudProceso/crearModificarSolicitudProceso.xhtml HTTP/1.1" 200 22305
179.12.235.26 - - [13/Aug/2023:16:33:08 -0500] "GET /sipse/faces/javax.faces.resource/theme.css?ln=primefaces-sipse HTTP/1.1" 304 -
179.12.235.26 - - [13/Aug/2023:16:33:08 -0500] "GET /sipse/faces/javax.faces.resource/primefaces.css?ln=primefaces&v=4.0 HTTP/1.1" 304 -
179.12.235.26 - - [13/Aug/2023:16:33:08 -0500] "GET /sipse/faces/javax.faces.resource/layout/layout.css?ln=primefaces&v=4.0 HTTP/1.1" 304 -
179.12.235.26 - - [13/Aug/2023:16:33:08 -0500] "GET /sipse/faces/javax.faces.resource/fileupload/fileupload.css?ln=primefaces&v=4.0 HTTP/1.1" 304 -
179.12.235.26 - - [13/Aug/2023:16:33:08 -0500] "GET /sipse/faces/javax.faces.resource/jquery/jquery-plugins.js?ln=primefaces&v=4.0 HTTP/1.1" 304 -
179.12.235.26 - - [13/Aug/2023:16:33:08 -0500] "GET /sipse/faces/javax.faces.resource/primefaces.js?ln=primefaces&v=4.0 HTTP/1.1" 304 -
179.12.235.26 - - [13/Aug/2023:16:33:08 -0500] "GET /sipse/faces/javax.faces.resource/jquery/jquery.js?ln=primefaces&v=4.0 HTTP/1.1" 304 -
179.12.235.26 - - [13/Aug/2023:16:33:08 -0500] "GET /sipse/faces/javax.faces.resource/layout/layout.js?ln=primefaces&v=4.0 HTTP/1.1" 304 -
179.12.235.26 - - [13/Aug/2023:16:33:08 -0500] "GET /sipse/faces/javax.faces.resource/fileupload/fileupload.js?ln=primefaces&v=4.0 HTTP/1.1" 304 -
216.245.221.92 - - [13/Aug/2023:16:33:16 -0500] "HEAD / HTTP/1.1" 200 -
69.171.249.116 - - [13/Aug/2023:16:33:23 -0500] "GET /images/cr\xc3\xb3nica-29-nov-1_optimized.jpeg HTTP/1.1" 404 1034
201.245.192.253 - - [13/Aug/2023:16:34:15 -0500] "POST /kwsrmcab/Wsrmcab  HTTP/1.1" 200 213
172.22.2.4 - - [13/Aug/2023:16:33:10 -0500] "GET /BLA/boletinlegal/ HTTP/1.1" 200 52068
172.22.2.4 - - [13/Aug/2023:16:33:14 -0500] "HEAD /BLA/boletinlegal/ HTTP/1.1" 200 -
186.29.33.120 - - [13/Aug/2023:16:35:29 -0500] "GET /BLA/resoluciones/AUTOS%202023/2400.pdf HTTP/1.1" 200 704345
186.29.33.120 - - [13/Aug/2023:16:35:42 -0500] "GET /BLA/resoluciones/AUTOS%202023/2399.pdf HTTP/1.1" 200 904786
172.22.2.4 - - [13/Aug/2023:16:34:05 -0500] "GET /BLA/boletinlegal/ HTTP/1.1" 200 50177
179.12.235.26 - - [13/Aug/2023:16:35:56 -0500] "GET /sipse/faces/presentacion/sistema/anexos/cargarAnexoSolicitudProceso.xhtml HTTP/1.1" 200 22305
179.12.235.26 - - [13/Aug/2023:16:35:56 -0500] "GET /sipse/faces/javax.faces.resource/theme.css?ln=primefaces-sipse HTTP/1.1" 304 -
179.12.235.26 - - [13/Aug/2023:16:35:56 -0500] "GET /sipse/faces/javax.faces.resource/jquery/jquery.js?ln=primefaces&v=4.0 HTTP/1.1" 304 -
179.12.235.26 - - [13/Aug/2023:16:35:56 -0500] "GET /sipse/faces/javax.faces.resource/primefaces.css?ln=primefaces&v=4.0 HTTP/1.1" 304 -
179.12.235.26 - - [13/Aug/2023:16:35:56 -0500] "GET /sipse/faces/javax.faces.resource/fileupload/fileupload.css?ln=primefaces&v=4.0 HTTP/1.1" 304 -
179.12.235.26 - - [13/Aug/2023:16:35:56 -0500] "GET /sipse/faces/javax.faces.resource/layout/layout.css?ln=primefaces&v=4.0 HTTP/1.1" 304 -
179.12.235.26 - - [13/Aug/2023:16:35:56 -0500] "GET /sipse/faces/javax.faces.resource/jquery/jquery-plugins.js?ln=primefaces&v=4.0 HTTP/1.1" 304 -
179.12.235.26 - - [13/Aug/2023:16:35:56 -0500] "GET /sipse/faces/javax.faces.resource/primefaces.js?ln=primefaces&v=4.0 HTTP/1.1" 304 -
179.12.235.26 - - [13/Aug/2023:16:35:56 -0500] "GET /sipse/faces/javax.faces.resource/fileupload/fileupload.js?ln=primefaces&v=4.0 HTTP/1.1" 304 -
179.12.235.26 - - [13/Aug/2023:16:35:56 -0500] "GET /sipse/faces/javax.faces.resource/layout/layout.js?ln=primefaces&v=4.0 HTTP/1.1" 304 -
179.12.235.26 - - [13/Aug/2023:16:35:56 -0500] "GET /sipse/css/imagen/contrasena.png HTTP/1.1" 404 383
179.12.235.26 - - [13/Aug/2023:16:35:56 -0500] "GET /sipse/faces/javax.faces.resource/images/ui-icons_898989_256x240.png?ln=primefaces-aristo HTTP/1.1" 304 -
186.29.33.120 - - [13/Aug/2023:16:35:58 -0500] "GET /BLA/resoluciones/AUTOS%202023/2398.pdf HTTP/1.1" 200 842470
186.29.33.120 - - [13/Aug/2023:16:36:06 -0500] "GET /BLA/resoluciones/AUTOS%202023/2395.pdf HTTP/1.1" 200 1416935
186.29.33.120 - - [13/Aug/2023:16:36:14 -0500] "GET /BLA/resoluciones/AUTOS%202023/2341.pdf HTTP/1.1" 200 2246059
179.12.235.26 - - [13/Aug/2023:16:36:23 -0500] "GET /sipse/faces/javax.faces.resource/theme.css?ln=primefaces-sipse HTTP/1.1" 304 -
179.12.235.26 - - [13/Aug/2023:16:36:22 -0500] "POST /sipse/faces/presentacion/sistema/anexos/cargarAnexoSolicitudProceso.xhtml HTTP/1.1" 200 68359
179.12.235.26 - - [13/Aug/2023:16:36:23 -0500] "GET /sipse/faces/javax.faces.resource/primefaces.css?ln=primefaces&v=4.0 HTTP/1.1" 304 -
179.12.235.26 - - [13/Aug/2023:16:36:23 -0500] "GET /sipse/faces/javax.faces.resource/jquery/jquery.js?ln=primefaces&v=4.0 HTTP/1.1" 304 -
179.12.235.26 - - [13/Aug/2023:16:36:23 -0500] "GET /sipse/faces/javax.faces.resource/jquery/jquery-plugins.js?ln=primefaces&v=4.0 HTTP/1.1" 304 -
179.12.235.26 - - [13/Aug/2023:16:36:23 -0500] "GET /sipse/faces/javax.faces.resource/layout/layout.css?ln=primefaces&v=4.0 HTTP/1.1" 304 -
179.12.235.26 - - [13/Aug/2023:16:36:23 -0500] "GET /sipse/faces/javax.faces.resource/primefaces.js?ln=primefaces&v=4.0 HTTP/1.1" 304 -
179.12.235.26 - - [13/Aug/2023:16:36:23 -0500] "GET /sipse/faces/javax.faces.resource/layout/layout.js?ln=primefaces&v=4.0 HTTP/1.1" 304 -
179.12.235.26 - - [13/Aug/2023:16:36:23 -0500] "GET /sipse/faces/javax.faces.resource/images/ui-icons_898989_256x240.png?ln=primefaces-aristo HTTP/1.1" 304 -
186.29.33.120 - - [13/Aug/2023:16:36:22 -0500] "GET /BLA/resoluciones/AUTOS%202023/2330.pdf HTTP/1.1" 200 3999630
186.29.33.120 - - [13/Aug/2023:16:36:36 -0500] "GET /BLA/resoluciones/AUTOS%202023/2324.pdf HTTP/1.1" 200 2237074
179.12.235.26 - - [13/Aug/2023:16:36:40 -0500] "POST /sipse/faces/presentacion/financiero/solicitudProceso/crearModificarSolicitudProceso.xhtml HTTP/1.1" 200 22305
