!C99Shell v. 1.0 pre-release build #13!

Software: Apache. PHP/5.5.15 

uname -a: Windows NT SVR-DMZ 6.1 build 7600 (Windows Server 2008 R2 Enterprise Edition) i586 

SYSTEM 

Safe-mode: OFF (not secure)

E:\nuevo\apache\logs\   drwxrwxrwx
Free 7.33 GB of 239.26 GB (3.07%)
Detected drives: [ a ] [ c ] [ d ] [ e ] [ f ]
Home    Back    Forward    UPDIR    Refresh    Search    Buffer    Encoder    Tools    Proc.    FTP brute    Sec.    SQL    PHP-code    Update    Feedback    Self remove    Logout    


Viewing file:     access.2023.08.28.log (2.35 MB)      -rw-rw-rw-
Select action/file-type:
(+) | (+) | (+) | Code (+) | Session (+) | (+) | SDB (+) | (+) | (+) | (+) | (+) | (+) |
216.245.221.92 - - [28/Aug/2023:00:01:10 -0500] "HEAD / HTTP/1.1" 200 -
186.118.237.229 - - [28/Aug/2023:00:01:11 -0500] "GET /BLA/resoluciones/dlf/archive.png HTTP/1.1" 200 632
186.118.237.229 - - [28/Aug/2023:00:01:11 -0500] "GET /BLA/resoluciones/index.php?dir=AUTOS+2019%2F HTTP/1.1" 200 384400
172.22.2.4 - - [27/Aug/2023:23:59:46 -0500] "HEAD /BLA/boletinlegal/ HTTP/1.1" 200 -
18.134.246.89 - - [28/Aug/2023:00:01:39 -0500] "\x16\x03\x01" 400 226
172.22.2.4 - - [28/Aug/2023:00:00:37 -0500] "GET /BLA/boletinlegal/ HTTP/1.1" 200 57790
18.134.246.89 - - [28/Aug/2023:00:03:21 -0500] "GET /+CSCOE+/logon.html HTTP/1.1" 404 1018
201.245.192.253 - - [28/Aug/2023:00:03:27 -0500] "POST /kwsrmcab/Wsrmcab  HTTP/1.1" 200 41818
216.245.221.92 - - [28/Aug/2023:00:06:10 -0500] "HEAD / HTTP/1.1" 200 -
18.134.246.89 - - [28/Aug/2023:00:06:28 -0500] "\x16\x03\x01" 400 226
40.77.167.1 - - [28/Aug/2023:00:07:14 -0500] "GET /Publicaciones/2023EE195181.pdf HTTP/1.1" 200 690324
172.22.2.4 - - [28/Aug/2023:00:05:36 -0500] "HEAD /BLA/boletinlegal/ HTTP/1.1" 200 -
18.134.246.89 - - [28/Aug/2023:00:07:56 -0500] "GET /cgi-bin/login.cgi HTTP/1.1" 404 1018
172.22.2.4 - - [28/Aug/2023:00:06:27 -0500] "GET /BLA/boletinlegal/ HTTP/1.1" 200 54597
201.245.192.253 - - [28/Aug/2023:00:08:26 -0500] "POST /kwsrmcab/Wsrmcab  HTTP/1.1" 200 41818
18.134.246.89 - - [28/Aug/2023:00:11:00 -0500] "\x16\x03\x01" 400 226
216.245.221.92 - - [28/Aug/2023:00:11:10 -0500] "HEAD / HTTP/1.1" 200 -
18.134.246.89 - - [28/Aug/2023:00:12:41 -0500] "GET / HTTP/1.1" 200 319
172.22.2.4 - - [28/Aug/2023:00:11:26 -0500] "HEAD /BLA/boletinlegal/ HTTP/1.1" 200 -
201.245.192.253 - - [28/Aug/2023:00:13:26 -0500] "POST /kwsrmcab/Wsrmcab  HTTP/1.1" 200 41818
172.22.2.4 - - [28/Aug/2023:00:12:17 -0500] "GET /BLA/boletinlegal/ HTTP/1.1" 200 58187
152.61.192.232 - - [28/Aug/2023:00:14:26 -0500] "GET / HTTP/1.1" 200 319
216.245.221.92 - - [28/Aug/2023:00:16:10 -0500] "HEAD / HTTP/1.1" 200 -
201.245.192.253 - - [28/Aug/2023:00:18:24 -0500] "POST /kwsrmcab/Wsrmcab  HTTP/1.1" 200 41818
201.245.192.253 - - [28/Aug/2023:00:18:45 -0500] "POST /kwsrmcab/Wsrmcab HTTP/1.1" 200 42226
201.245.192.253 - - [28/Aug/2023:00:18:48 -0500] "POST /kwsrmcab/Wsrmcab HTTP/1.1" 200 43651
172.22.2.4 - - [28/Aug/2023:00:17:16 -0500] "HEAD /BLA/boletinlegal/ HTTP/1.1" 200 -
172.22.2.4 - - [28/Aug/2023:00:18:07 -0500] "GET /BLA/boletinlegal/ HTTP/1.1" 200 58187
216.245.221.92 - - [28/Aug/2023:00:21:10 -0500] "HEAD / HTTP/1.1" 200 -
201.245.192.253 - - [28/Aug/2023:00:23:23 -0500] "POST /kwsrmcab/Wsrmcab  HTTP/1.1" 200 41818
66.249.66.192 - - [28/Aug/2023:00:23:56 -0500] "GET /entrenubes-raton-de-montana-se-alimenta-de-hongos-presentes-en-este-ecosistema-del-suroriente-de-bogota.html HTTP/1.1" 304 -
172.22.2.4 - - [28/Aug/2023:00:23:06 -0500] "HEAD /BLA/boletinlegal/ HTTP/1.1" 200 -
52.167.144.160 - - [28/Aug/2023:00:25:25 -0500] "GET /Publicaciones/2023EE195734.pdf HTTP/1.1" 200 231877
172.22.2.4 - - [28/Aug/2023:00:23:57 -0500] "GET /BLA/boletinlegal/ HTTP/1.1" 200 58187
216.245.221.92 - - [28/Aug/2023:00:26:10 -0500] "HEAD / HTTP/1.1" 200 -
52.167.144.215 - - [28/Aug/2023:00:28:16 -0500] "GET /Publicaciones/2023EE194842.pdf HTTP/1.1" 200 1497918
201.245.192.253 - - [28/Aug/2023:00:28:23 -0500] "POST /kwsrmcab/Wsrmcab  HTTP/1.1" 200 41818
152.61.128.50 - - [28/Aug/2023:00:28:36 -0500] "GET / HTTP/1.1" 200 319
201.245.192.253 - - [28/Aug/2023:00:28:45 -0500] "POST /kwsrmcab/Wsrmcab HTTP/1.1" 200 42226
201.245.192.253 - - [28/Aug/2023:00:28:48 -0500] "POST /kwsrmcab/Wsrmcab HTTP/1.1" 200 43651
172.22.2.4 - - [28/Aug/2023:00:28:56 -0500] "HEAD /BLA/boletinlegal/ HTTP/1.1" 200 -
216.245.221.92 - - [28/Aug/2023:00:31:10 -0500] "HEAD / HTTP/1.1" 200 -
172.22.2.4 - - [28/Aug/2023:00:29:47 -0500] "GET /BLA/boletinlegal/ HTTP/1.1" 200 58597
52.167.144.215 - - [28/Aug/2023:00:31:36 -0500] "GET /BLA/resoluciones/AUTOS%202022/3591.pdf HTTP/1.1" 304 -
201.245.192.253 - - [28/Aug/2023:00:33:21 -0500] "POST /kwsrmcab/Wsrmcab  HTTP/1.1" 200 41818
216.245.221.92 - - [28/Aug/2023:00:36:10 -0500] "HEAD / HTTP/1.1" 200 -
52.167.144.215 - - [28/Aug/2023:00:36:16 -0500] "GET /Publicaciones/2023EE195463.pdf HTTP/1.1" 200 232031
172.22.2.4 - - [28/Aug/2023:00:34:40 -0500] "GET /BLA/boletinlegal/index.php HTTP/1.1" 200 52656
190.24.123.143 - - [28/Aug/2023:00:36:22 -0500] "GET /como-hacer-uso-de-la-publicidad-exterior-visual-en-epoca-electoral.html HTTP/1.1" 200 843
190.24.123.143 - - [28/Aug/2023:00:36:22 -0500] "GET /images/publicidad-exterior-2023-oct.jpg HTTP/1.1" 200 38992
172.22.2.4 - - [28/Aug/2023:00:34:46 -0500] "HEAD /BLA/boletinlegal/ HTTP/1.1" 200 -
172.22.2.4 - - [28/Aug/2023:00:35:37 -0500] "GET /BLA/boletinlegal/ HTTP/1.1" 200 53013
52.167.144.215 - - [28/Aug/2023:00:37:36 -0500] "GET /Publicaciones/2023EE195731.pdf HTTP/1.1" 200 231550
201.245.192.253 - - [28/Aug/2023:00:38:20 -0500] "POST /kwsrmcab/Wsrmcab  HTTP/1.1" 200 41818
152.61.192.232 - - [28/Aug/2023:00:38:42 -0500] "GET /arcgis/services/Calidad_del_Agua_WQI/MapServer/WMSServer?request=GetCapabilities&service=WMS HTTP/1.1" 503 1020
152.61.192.232 - - [28/Aug/2023:00:38:44 -0500] "GET /arcgis/services/Calidad_del_Agua_WQI/MapServer/WMSServer?SERVICE=WMS&REQUEST=GetCapabilities HTTP/1.1" 503 1020
152.61.192.232 - - [28/Aug/2023:00:38:44 -0500] "GET /arcgis/services/Calidad_del_Agua_WQI/MapServer/WMSServer?WMTVER=1.0.0&REQUEST=capabilities HTTP/1.1" 503 1020
201.245.192.253 - - [28/Aug/2023:00:38:45 -0500] "POST /kwsrmcab/Wsrmcab HTTP/1.1" 200 42226
201.245.192.253 - - [28/Aug/2023:00:38:49 -0500] "POST /kwsrmcab/Wsrmcab HTTP/1.1" 200 43651
66.249.66.193 - - [28/Aug/2023:00:40:56 -0500] "GET /alianza-entre-secretaria-de-ambiente-y-universidad-piloto-para-capacitar-y-fortalecer-a-las-mujeres-que- HTTP/1.1" 404 1034
66.249.66.192 - - [28/Aug/2023:00:40:57 -0500] "GET /camino-guadalupe-aguanoso-abierto-de-nuevo-al-publico.html HTTP/1.1" 304 -
216.245.221.92 - - [28/Aug/2023:00:41:10 -0500] "HEAD / HTTP/1.1" 200 -
172.22.2.4 - - [28/Aug/2023:00:40:36 -0500] "HEAD /BLA/boletinlegal/ HTTP/1.1" 200 -
172.22.2.4 - - [28/Aug/2023:00:41:27 -0500] "GET /BLA/boletinlegal/ HTTP/1.1" 200 55844
172.22.2.4 - - [28/Aug/2023:00:43:15 -0500] "GET /BLA/boletinlegal/consulta_conceptos.php?no=&solicitante=&radicado_entrada=&fecha_concepto=2023&objeto= HTTP/1.1" 200 18147
172.22.2.4 - - [28/Aug/2023:00:43:16 -0500] "GET /BLA/boletinlegal/images/background.gif HTTP/1.1" 200 -
172.22.2.4 - - [28/Aug/2023:00:43:16 -0500] "GET /BLA/boletinlegal/images/pdf.gif HTTP/1.1" 200 567
201.245.192.253 - - [28/Aug/2023:00:43:19 -0500] "POST /kwsrmcab/Wsrmcab  HTTP/1.1" 200 41818
186.118.237.229 - - [28/Aug/2023:00:43:45 -0500] "GET /BLA/resoluciones/index.php?dir=AUTOS+2019%2F HTTP/1.1" 200 384400
172.22.2.4 - - [28/Aug/2023:00:43:48 -0500] "GET /BLA/boletinlegal/conceptos/2023/35.pdf HTTP/1.1" 200 409476
172.22.2.4 - - [28/Aug/2023:00:44:33 -0500] "GET /BLA/boletinlegal/conceptos/2023/34.pdf HTTP/1.1" 200 396452
172.22.2.4 - - [28/Aug/2023:00:44:33 -0500] "GET /BLA/boletinlegal/conceptos/2023/34.pdf HTTP/1.1" 206 16384
172.22.2.4 - - [28/Aug/2023:00:45:14 -0500] "GET /BLA/boletinlegal/conceptos/2023/33.pdf HTTP/1.1" 200 409372
172.22.2.4 - - [28/Aug/2023:00:45:30 -0500] "GET /BLA/boletinlegal/conceptos/2023/32.pdf HTTP/1.1" 200 418502
172.22.2.4 - - [28/Aug/2023:00:45:30 -0500] "GET /BLA/boletinlegal/conceptos/2023/32.pdf HTTP/1.1" 206 16384
216.245.221.92 - - [28/Aug/2023:00:46:10 -0500] "HEAD / HTTP/1.1" 200 -
172.22.2.4 - - [28/Aug/2023:00:46:43 -0500] "GET /BLA/boletinlegal/jurisprudencia/analisis/Analisis%20Jurisprudencia%20Sent%202000-00005-01.doc HTTP/1.1" 200 52736
172.22.2.4 - - [28/Aug/2023:00:46:26 -0500] "HEAD /BLA/boletinlegal/ HTTP/1.1" 200 -
201.245.192.253 - - [28/Aug/2023:00:48:18 -0500] "POST /kwsrmcab/Wsrmcab  HTTP/1.1" 200 41818
201.244.242.6 - - [28/Aug/2023:00:48:38 -0500] "-" 408 -
201.244.242.6 - - [28/Aug/2023:00:48:38 -0500] "-" 408 -
200.118.60.55 - - [28/Aug/2023:00:48:40 -0500] "GET /BLA/resoluciones/index.php?dir=AUTOS+2014%2F HTTP/1.1" 200 890525
200.118.60.55 - - [28/Aug/2023:00:48:41 -0500] "GET /BLA/resoluciones/dlf/unknown.png HTTP/1.1" 200 266
172.22.2.4 - - [28/Aug/2023:00:47:17 -0500] "GET /BLA/boletinlegal/ HTTP/1.1" 200 53013
66.249.66.193 - - [28/Aug/2023:00:49:00 -0500] "GET /cooperacion-internacional-postulate-para-la-coordinacion-ambiental-de-proyecto-con-la-union-europea-avantia.html HTTP/1.1" 200 1020
52.167.144.168 - - [28/Aug/2023:00:49:27 -0500] "GET /Publicaciones/2023EE111075.pdf HTTP/1.1" 404 228
69.171.249.6 - - [28/Aug/2023:00:49:41 -0500] "GET /images/avistamiento-aves.jpg HTTP/1.1" 200 104313
172.22.2.4 - - [28/Aug/2023:00:49:50 -0500] "GET /BLA/boletinlegal/ HTTP/1.1" 200 24523
216.245.221.92 - - [28/Aug/2023:00:51:10 -0500] "HEAD / HTTP/1.1" 200 -
201.245.192.253 - - [28/Aug/2023:00:53:17 -0500] "POST /kwsrmcab/Wsrmcab  HTTP/1.1" 200 41818
52.167.144.168 - - [28/Aug/2023:00:53:49 -0500] "GET /BLA/resoluciones/AUTOS%202022/1575.pdf HTTP/1.1" 304 -
172.22.2.4 - - [28/Aug/2023:00:52:16 -0500] "HEAD /BLA/boletinlegal/ HTTP/1.1" 200 -
52.167.144.168 - - [28/Aug/2023:00:54:08 -0500] "GET /Publicaciones/2023EE195467.pdf HTTP/1.1" 200 231486
172.22.2.4 - - [28/Aug/2023:00:54:19 -0500] "GET /BLA/boletinlegal/Directivas/2009/Directiva%20No.%20del%2023%20de%20Diciembre%20de%202009.pdf HTTP/1.1" 304 -
172.22.2.4 - - [28/Aug/2023:00:53:07 -0500] "GET /BLA/boletinlegal/ HTTP/1.1" 200 61130
80.76.51.50 - - [28/Aug/2023:00:55:07 -0500] "POST /boaform/admin/formLogin HTTP/1.1" 404 1186
66.249.66.194 - - [28/Aug/2023:00:55:56 -0500] "GET /carolina-urrutia-tener-trazado-un-camino-en-el-que-cada-sector-sepa-lo-que-invierte-sacrifica-y-gana-es-lo-que-dejara-la-politica-de-accion-climatica-para-bogota.html HTTP/1.1" 200 856
216.245.221.92 - - [28/Aug/2023:00:56:10 -0500] "HEAD / HTTP/1.1" 200 -
66.249.66.86 - - [28/Aug/2023:00:57:18 -0500] "GET /robots.txt HTTP/1.1" 404 1035
201.245.192.253 - - [28/Aug/2023:00:58:16 -0500] "POST /kwsrmcab/Wsrmcab  HTTP/1.1" 200 41818
181.53.13.9 - - [28/Aug/2023:00:59:17 -0500] "GET /secretaria-de-ambiente-suspende-actividades-de-industria-que-operaba-en-usme-sin-permisos-ambientales.html?fbclid=IwAR3DEn0L6ljt9TQa9xbtW_QiBUoHme8zlAK1o64ECkkNxy50gaetXZC6CV8 HTTP/1.1" 200 864
172.22.2.4 - - [28/Aug/2023:00:58:06 -0500] "HEAD /BLA/boletinlegal/ HTTP/1.1" 200 -
172.22.2.4 - - [28/Aug/2023:00:58:57 -0500] "GET /BLA/boletinlegal/ HTTP/1.1" 200 58597
216.245.221.92 - - [28/Aug/2023:01:01:10 -0500] "HEAD / HTTP/1.1" 200 -
201.245.192.253 - - [28/Aug/2023:01:03:15 -0500] "POST /kwsrmcab/Wsrmcab  HTTP/1.1" 200 41818
66.249.66.193 - - [28/Aug/2023:01:04:56 -0500] "GET /si-eres-sujeto-del-pago-de-tasa-retributiva-no-olvides-enviarnos-tu-formulario-de-autodeclaracion-de-vertimientos-de-2021.html HTTP/1.1" 200 1165
172.22.2.4 - - [28/Aug/2023:01:03:56 -0500] "HEAD /BLA/boletinlegal/ HTTP/1.1" 200 -
216.245.221.92 - - [28/Aug/2023:01:06:10 -0500] "HEAD / HTTP/1.1" 200 -
172.22.2.4 - - [28/Aug/2023:01:04:47 -0500] "GET /BLA/boletinlegal/ HTTP/1.1" 200 52068
52.167.144.210 - - [28/Aug/2023:01:06:30 -0500] "GET /Publicaciones/2023EE195628.pdf HTTP/1.1" 200 2735543
201.245.192.253 - - [28/Aug/2023:01:08:14 -0500] "POST /kwsrmcab/Wsrmcab  HTTP/1.1" 200 41818
66.249.66.192 - - [28/Aug/2023:01:08:56 -0500] "GET /privados-y-distrito-inauguraron-vivero-en-la-reserva-van-der-hammen-con-capacidad-para-producir-50-mil-arboles-al-ano.html HTTP/1.1" 304 -
216.245.221.92 - - [28/Aug/2023:01:11:10 -0500] "HEAD / HTTP/1.1" 200 -
172.22.2.4 - - [28/Aug/2023:01:09:46 -0500] "HEAD /BLA/boletinlegal/ HTTP/1.1" 200 -
172.22.2.4 - - [28/Aug/2023:01:10:36 -0500] "GET /BLA/boletinlegal/ HTTP/1.1" 200 58597
205.210.31.90 - - [28/Aug/2023:01:12:41 -0500] "GET / HTTP/1.0" 200 319
201.245.192.253 - - [28/Aug/2023:01:13:13 -0500] "POST /kwsrmcab/Wsrmcab  HTTP/1.1" 200 41818
216.245.221.92 - - [28/Aug/2023:01:16:10 -0500] "HEAD / HTTP/1.1" 200 -
172.22.2.4 - - [28/Aug/2023:01:15:36 -0500] "HEAD /BLA/boletinlegal/ HTTP/1.1" 200 -
172.22.2.4 - - [28/Aug/2023:01:16:27 -0500] "GET /BLA/boletinlegal/ HTTP/1.1" 200 58187
201.245.192.253 - - [28/Aug/2023:01:18:13 -0500] "POST /kwsrmcab/Wsrmcab  HTTP/1.1" 200 41818
201.245.192.253 - - [28/Aug/2023:01:18:45 -0500] "POST /kwsrmcab/Wsrmcab HTTP/1.1" 200 42218
201.245.192.253 - - [28/Aug/2023:01:18:49 -0500] "POST /kwsrmcab/Wsrmcab HTTP/1.1" 200 43674
216.245.221.92 - - [28/Aug/2023:01:21:10 -0500] "HEAD / HTTP/1.1" 200 -
152.61.128.50 - - [28/Aug/2023:01:22:04 -0500] "GET /arcgis/services/Calidad_del_Agua_WQI/MapServer/WMSServer?request=GetCapabilities&service=WMS HTTP/1.1" 503 1020
152.61.128.50 - - [28/Aug/2023:01:22:06 -0500] "GET /arcgis/services/Calidad_del_Agua_WQI/MapServer/WMSServer?SERVICE=WMS&REQUEST=GetCapabilities HTTP/1.1" 503 1020
152.61.128.50 - - [28/Aug/2023:01:22:06 -0500] "GET /arcgis/services/Calidad_del_Agua_WQI/MapServer/WMSServer?WMTVER=1.0.0&REQUEST=capabilities HTTP/1.1" 503 1020
64.124.8.44 - - [28/Aug/2023:01:22:19 -0500] "GET /transparencia/financiera/1%20Ejecucion%20Presupuestal/1%20Vigencia%20actual/12%20Ejecucion%20vigencia%20enero%202023.xlsx HTTP/1.1" 200 96320
172.22.2.4 - - [28/Aug/2023:01:21:26 -0500] "HEAD /BLA/boletinlegal/ HTTP/1.1" 200 -
201.245.192.253 - - [28/Aug/2023:01:23:13 -0500] "POST /kwsrmcab/Wsrmcab  HTTP/1.1" 200 41818
172.22.2.4 - - [28/Aug/2023:01:22:16 -0500] "GET /BLA/boletinlegal/ HTTP/1.1" 200 56970
52.167.144.108 - - [28/Aug/2023:01:24:21 -0500] "GET /Publicaciones/2023EE194290.pdf HTTP/1.1" 200 5663926
216.245.221.92 - - [28/Aug/2023:01:26:10 -0500] "HEAD / HTTP/1.1" 200 -
52.167.144.145 - - [28/Aug/2023:01:26:42 -0500] "GET /Publicaciones/2023EE195468.pdf HTTP/1.1" 200 232050
172.22.2.4 - - [28/Aug/2023:01:26:57 -0500] "GET /BLA/boletinlegal/jurisprudencia/analisis/AnalisisT-146-16.docx HTTP/1.1" 304 -
201.245.192.253 - - [28/Aug/2023:01:28:11 -0500] "POST /kwsrmcab/Wsrmcab  HTTP/1.1" 200 41818
201.245.192.253 - - [28/Aug/2023:01:28:45 -0500] "POST /kwsrmcab/Wsrmcab HTTP/1.1" 200 42218
201.245.192.253 - - [28/Aug/2023:01:28:48 -0500] "POST /kwsrmcab/Wsrmcab HTTP/1.1" 200 43674
172.22.2.4 - - [28/Aug/2023:01:27:16 -0500] "HEAD /BLA/boletinlegal/ HTTP/1.1" 200 -
172.22.2.4 - - [28/Aug/2023:01:28:06 -0500] "GET /BLA/boletinlegal/ HTTP/1.1" 200 53362
216.245.221.92 - - [28/Aug/2023:01:31:10 -0500] "HEAD / HTTP/1.1" 200 -
201.245.192.253 - - [28/Aug/2023:01:33:11 -0500] "POST /kwsrmcab/Wsrmcab  HTTP/1.1" 200 41818
157.90.254.89 - - [28/Aug/2023:01:33:17 -0500] "GET / HTTP/1.1" 200 4720
157.90.254.89 - - [28/Aug/2023:01:33:20 -0500] "GET / HTTP/1.1" 200 319
66.249.66.193 - - [28/Aug/2023:01:34:00 -0500] "GET /acercar-programa-del-distrito-para-ayudar-a-las-empresas-a-crecer-de-manera-sostenible.html HTTP/1.1" 200 979
35.203.210.202 - - [28/Aug/2023:01:34:43 -0500] "GET / HTTP/1.1" 200 319
172.22.2.4 - - [28/Aug/2023:01:33:06 -0500] "HEAD /BLA/boletinlegal/ HTTP/1.1" 200 -
172.22.2.4 - - [28/Aug/2023:01:33:56 -0500] "GET /BLA/boletinlegal/ HTTP/1.1" 200 58187
216.245.221.92 - - [28/Aug/2023:01:36:10 -0500] "HEAD / HTTP/1.1" 200 -
64.124.8.30 - - [28/Aug/2023:01:36:51 -0500] "GET /robots.txt HTTP/1.1" 404 1049
64.124.8.30 - - [28/Aug/2023:01:36:52 -0500] "GET /BLA/boletinlegal/jurisprudencia/analisis/CUADRO%20ANALISIS%20SENTENCIA%20C-554%20DE%202007.doc HTTP/1.1" 200 35328
201.245.192.253 - - [28/Aug/2023:01:38:10 -0500] "POST /kwsrmcab/Wsrmcab  HTTP/1.1" 200 41818
52.167.144.145 - - [28/Aug/2023:01:38:23 -0500] "GET /Publicaciones/2023EE195459.pdf HTTP/1.1" 200 231931
201.245.192.253 - - [28/Aug/2023:01:38:44 -0500] "POST /kwsrmcab/Wsrmcab HTTP/1.1" 200 42218
201.245.192.253 - - [28/Aug/2023:01:38:48 -0500] "POST /kwsrmcab/Wsrmcab HTTP/1.1" 200 43674
172.22.2.4 - - [28/Aug/2023:01:38:56 -0500] "HEAD /BLA/boletinlegal/ HTTP/1.1" 200 -
216.245.221.92 - - [28/Aug/2023:01:41:10 -0500] "HEAD / HTTP/1.1" 200 -
172.22.2.4 - - [28/Aug/2023:01:39:47 -0500] "GET /BLA/boletinlegal/ HTTP/1.1" 200 61130
201.245.192.253 - - [28/Aug/2023:01:43:09 -0500] "POST /kwsrmcab/Wsrmcab  HTTP/1.1" 200 41818
40.77.167.61 - - [28/Aug/2023:01:44:23 -0500] "GET /BLA/resoluciones/RESOLUCIONES%202019/1536.pdf HTTP/1.1" 200 363532
216.245.221.92 - - [28/Aug/2023:01:46:10 -0500] "HEAD / HTTP/1.1" 200 -
172.22.2.4 - - [28/Aug/2023:01:44:46 -0500] "HEAD /BLA/boletinlegal/ HTTP/1.1" 200 -
172.22.2.4 - - [28/Aug/2023:01:45:36 -0500] "GET /BLA/boletinlegal/ HTTP/1.1" 200 53013
201.245.192.253 - - [28/Aug/2023:01:48:09 -0500] "POST /kwsrmcab/Wsrmcab  HTTP/1.1" 200 41818
52.167.144.160 - - [28/Aug/2023:01:48:42 -0500] "GET /Publicaciones/2023EE136381.pdf HTTP/1.1" 404 228
190.24.57.178 - - [28/Aug/2023:01:51:02 -0500] "GET /secretaria-de-ambiente-suspende-actividades-de-industria-que-operaba-en-usme-sin-permisos-ambientales.html?fbclid=IwAR0LBBKP9GWxy-PfAp2EACJ4pTvhmQ3iNjDmMqlDB5I76RkJL1M8G2yBTEY HTTP/1.1" 200 864
216.245.221.92 - - [28/Aug/2023:01:51:10 -0500] "HEAD / HTTP/1.1" 200 -
172.22.2.4 - - [28/Aug/2023:01:50:36 -0500] "HEAD /BLA/boletinlegal/ HTTP/1.1" 200 -
172.22.2.4 - - [28/Aug/2023:01:51:26 -0500] "GET /BLA/boletinlegal/ HTTP/1.1" 200 52656
201.245.192.253 - - [28/Aug/2023:01:53:07 -0500] "POST /kwsrmcab/Wsrmcab  HTTP/1.1" 200 41818
216.245.221.92 - - [28/Aug/2023:01:56:10 -0500] "HEAD / HTTP/1.1" 200 -
64.124.8.44 - - [28/Aug/2023:01:57:22 -0500] "GET /calculadora/ HTTP/1.1" 200 5879
172.22.2.4 - - [28/Aug/2023:01:56:26 -0500] "HEAD /BLA/boletinlegal/ HTTP/1.1" 200 -
201.245.192.253 - - [28/Aug/2023:01:58:07 -0500] "POST /kwsrmcab/Wsrmcab  HTTP/1.1" 200 41818
172.22.2.4 - - [28/Aug/2023:01:57:16 -0500] "GET /BLA/boletinlegal/ HTTP/1.1" 200 52656
200.118.60.55 - - [28/Aug/2023:02:00:36 -0500] "GET /BLA/resoluciones/index.php?dir=AUTOS+2013%2F HTTP/1.1" 200 407591
216.245.221.92 - - [28/Aug/2023:02:01:10 -0500] "HEAD / HTTP/1.1" 200 -
190.84.119.147 - - [28/Aug/2023:02:02:28 -0500] "GET /BLA/resoluciones/index.php?dir=AUTOS+2020%2F HTTP/1.1" 200 330405
66.249.84.64 - - [28/Aug/2023:02:02:37 -0500] "GET /BLA/boletinlegal/js/jquery.scrollShow.js HTTP/1.1" 200 4586
66.249.84.64 - - [28/Aug/2023:02:02:37 -0500] "GET /galeria/galeria/jquery.fancybox.css?v=2.1.5 HTTP/1.1" 200 4895
66.249.84.64 - - [28/Aug/2023:02:02:37 -0500] "GET /galeria/galeria/jquery.fancybox.js?v=2.1.5 HTTP/1.1" 200 48706
201.245.192.253 - - [28/Aug/2023:02:03:05 -0500] "POST /kwsrmcab/Wsrmcab  HTTP/1.1" 200 41818
181.59.3.197 - - [28/Aug/2023:02:03:19 -0500] "GET /galeria/galeria/jquery.fancybox.css?v=2.1.5 HTTP/1.1" 200 4895
181.59.3.197 - - [28/Aug/2023:02:03:19 -0500] "GET /BLA/boletinlegal/js/jquery.scrollShow.js HTTP/1.1" 200 4586
181.59.3.197 - - [28/Aug/2023:02:03:19 -0500] "GET /galeria/galeria/jquery.fancybox.js?v=2.1.5 HTTP/1.1" 200 48706
172.22.2.4 - - [28/Aug/2023:02:02:16 -0500] "HEAD /BLA/boletinlegal/ HTTP/1.1" 200 -
172.22.2.4 - - [28/Aug/2023:02:03:06 -0500] "GET /BLA/boletinlegal/ HTTP/1.1" 200 58187
216.245.221.92 - - [28/Aug/2023:02:06:10 -0500] "HEAD / HTTP/1.1" 200 -
201.245.192.253 - - [28/Aug/2023:02:08:03 -0500] "POST /kwsrmcab/Wsrmcab  HTTP/1.1" 200 41818
172.22.2.4 - - [28/Aug/2023:02:08:06 -0500] "HEAD /BLA/boletinlegal/ HTTP/1.1" 200 -
172.22.2.4 - - [28/Aug/2023:02:08:56 -0500] "GET /BLA/boletinlegal/ HTTP/1.1" 200 53013
216.245.221.92 - - [28/Aug/2023:02:11:10 -0500] "HEAD / HTTP/1.1" 200 -
52.167.144.136 - - [28/Aug/2023:02:12:46 -0500] "GET /BLA/resoluciones/RESOLUCIONES%202004/RESOLUCION%201001%20DE%202004.PDF HTTP/1.1" 200 401977
201.245.192.253 - - [28/Aug/2023:02:13:02 -0500] "POST /kwsrmcab/Wsrmcab  HTTP/1.1" 200 41818
172.22.2.4 - - [28/Aug/2023:02:13:56 -0500] "HEAD /BLA/boletinlegal/ HTTP/1.1" 200 -
216.245.221.92 - - [28/Aug/2023:02:16:10 -0500] "HEAD / HTTP/1.1" 200 -
172.22.2.4 - - [28/Aug/2023:02:14:47 -0500] "GET /BLA/boletinlegal/ HTTP/1.1" 200 51319
172.22.2.4 - - [28/Aug/2023:02:15:55 -0500] "GET /BLA/boletinlegal/ HTTP/1.1" 200 32715
201.245.192.253 - - [28/Aug/2023:02:18:01 -0500] "POST /kwsrmcab/Wsrmcab  HTTP/1.1" 200 41818
173.252.83.7 - - [28/Aug/2023:02:18:43 -0500] "GET /images/pieza-grafica-semana-ambiental-30.jpg HTTP/1.1" 200 38850
201.245.192.253 - - [28/Aug/2023:02:18:44 -0500] "POST /kwsrmcab/Wsrmcab HTTP/1.1" 200 42230
201.245.192.253 - - [28/Aug/2023:02:18:48 -0500] "POST /kwsrmcab/Wsrmcab HTTP/1.1" 200 43657
216.245.221.92 - - [28/Aug/2023:02:21:10 -0500] "HEAD / HTTP/1.1" 200 -
172.22.2.4 - - [28/Aug/2023:02:19:46 -0500] "HEAD /BLA/boletinlegal/ HTTP/1.1" 200 -
172.22.2.4 - - [28/Aug/2023:02:20:36 -0500] "GET /BLA/boletinlegal/ HTTP/1.1" 200 51319
172.22.2.4 - - [28/Aug/2023:02:21:47 -0500] "OPTIONS /BLA/boletinlegal/ HTTP/1.1" 200 45003
201.245.192.253 - - [28/Aug/2023:02:23:00 -0500] "POST /kwsrmcab/Wsrmcab  HTTP/1.1" 200 41818
172.22.2.4 - - [28/Aug/2023:02:25:51 -0500] "GET /BLA/boletinlegal/.env HTTP/1.1" 404 1018
216.245.221.92 - - [28/Aug/2023:02:26:10 -0500] "HEAD / HTTP/1.1" 200 -
172.22.2.4 - - [28/Aug/2023:02:25:36 -0500] "HEAD /BLA/boletinlegal/ HTTP/1.1" 200 -
201.245.192.253 - - [28/Aug/2023:02:27:59 -0500] "POST /kwsrmcab/Wsrmcab  HTTP/1.1" 200 41818
172.22.2.4 - - [28/Aug/2023:02:26:26 -0500] "GET /BLA/boletinlegal/ HTTP/1.1" 200 60692
201.245.192.253 - - [28/Aug/2023:02:28:44 -0500] "POST /kwsrmcab/Wsrmcab HTTP/1.1" 200 42230
201.245.192.253 - - [28/Aug/2023:02:28:48 -0500] "POST /kwsrmcab/Wsrmcab HTTP/1.1" 200 43657
216.245.221.92 - - [28/Aug/2023:02:31:10 -0500] "HEAD / HTTP/1.1" 200 -
168.119.253.85 - - [28/Aug/2023:02:32:01 -0500] "GET / HTTP/1.1" 200 4720
168.119.253.85 - - [28/Aug/2023:02:32:03 -0500] "GET / HTTP/1.1" 200 319
201.245.192.253 - - [28/Aug/2023:02:32:58 -0500] "POST /kwsrmcab/Wsrmcab  HTTP/1.1" 200 41818
172.22.2.4 - - [28/Aug/2023:02:31:26 -0500] "HEAD /BLA/boletinlegal/ HTTP/1.1" 200 -
172.22.2.4 - - [28/Aug/2023:02:32:16 -0500] "GET /BLA/boletinlegal/ HTTP/1.1" 200 61130
216.245.221.92 - - [28/Aug/2023:02:36:10 -0500] "HEAD / HTTP/1.1" 200 -
40.77.167.18 - - [28/Aug/2023:02:36:27 -0500] "GET /Publicaciones/2023EE194528.pdf HTTP/1.1" 200 794915
201.245.192.253 - - [28/Aug/2023:02:37:57 -0500] "POST /kwsrmcab/Wsrmcab  HTTP/1.1" 200 41818
201.245.192.253 - - [28/Aug/2023:02:38:45 -0500] "POST /kwsrmcab/Wsrmcab HTTP/1.1" 200 42230
201.245.192.253 - - [28/Aug/2023:02:38:48 -0500] "POST /kwsrmcab/Wsrmcab HTTP/1.1" 200 43657
172.22.2.4 - - [28/Aug/2023:02:37:16 -0500] "HEAD /BLA/boletinlegal/ HTTP/1.1" 200 -
172.22.2.4 - - [28/Aug/2023:02:38:06 -0500] "GET /BLA/boletinlegal/ HTTP/1.1" 200 53362
216.245.221.92 - - [28/Aug/2023:02:41:10 -0500] "HEAD / HTTP/1.1" 200 -
201.245.192.253 - - [28/Aug/2023:02:42:56 -0500] "POST /kwsrmcab/Wsrmcab  HTTP/1.1" 200 41818
172.22.2.4 - - [28/Aug/2023:02:43:06 -0500] "HEAD /BLA/boletinlegal/ HTTP/1.1" 200 -
172.22.2.4 - - [28/Aug/2023:02:43:56 -0500] "GET /BLA/boletinlegal/ HTTP/1.1" 200 53013
216.245.221.92 - - [28/Aug/2023:02:46:10 -0500] "HEAD / HTTP/1.1" 200 -
66.249.66.193 - - [28/Aug/2023:02:47:56 -0500] "GET /como-obtener-el-certificado-de-estado-de-conservacion-ambiental-ceca.html HTTP/1.1" 304 -
201.245.192.253 - - [28/Aug/2023:02:47:55 -0500] "POST /kwsrmcab/Wsrmcab  HTTP/1.1" 200 41818
66.249.66.87 - - [28/Aug/2023:02:49:56 -0500] "GET /portaldeninos/ HTTP/1.1" 200 110175
66.249.66.86 - - [28/Aug/2023:02:49:59 -0500] "GET /portaldeninos/wp-content/themes/betheme/assets/jplayer/css/jplayer.blue.monday.css?ver=20.9.6 HTTP/1.1" 200 9834
66.249.66.87 - - [28/Aug/2023:02:50:00 -0500] "GET /portaldeninos/wp-content/themes/betheme/css/responsive.css?ver=20.9.6 HTTP/1.1" 200 55740
66.249.66.85 - - [28/Aug/2023:02:50:01 -0500] "GET /portaldeninos/wp-includes/js/wp-emoji-release.min.js?ver=4.9.8 HTTP/1.1" 200 12026
66.249.66.86 - - [28/Aug/2023:02:50:02 -0500] "GET /portaldeninos/wp-content/plugins/popup-maker/assets/css/site.min.css?ver=1.8.14 HTTP/1.1" 200 8260
66.249.66.85 - - [28/Aug/2023:02:50:03 -0500] "GET /portaldeninos/wp-content/plugins/gallery-videos/JS/modernizr.custom.js?ver=4.9.8 HTTP/1.1" 200 9019
66.249.66.85 - - [28/Aug/2023:02:50:04 -0500] "GET /portaldeninos/wp-includes/js/jquery/ui/widget.min.js?ver=1.11.4 HTTP/1.1" 200 6908
66.249.66.86 - - [28/Aug/2023:02:50:05 -0500] "GET /portaldeninos/wp-content/themes/betheme/assets/animations/animations.min.js?ver=20.9.6 HTTP/1.1" 200 1896
186.84.91.62 - - [28/Aug/2023:02:50:33 -0500] "GET /galeria/galeria/jquery.fancybox.css?v=2.1.5 HTTP/1.1" 200 4895
186.84.91.62 - - [28/Aug/2023:02:50:33 -0500] "GET /galeria/galeria/jquery.fancybox.js?v=2.1.5 HTTP/1.1" 200 48706
186.84.91.62 - - [28/Aug/2023:02:50:33 -0500] "GET /BLA/boletinlegal/js/jquery.scrollShow.js HTTP/1.1" 200 4586
172.22.2.4 - - [28/Aug/2023:02:48:56 -0500] "HEAD /BLA/boletinlegal/ HTTP/1.1" 200 -
216.245.221.92 - - [28/Aug/2023:02:51:10 -0500] "HEAD / HTTP/1.1" 200 -
172.22.2.4 - - [28/Aug/2023:02:49:46 -0500] "GET /BLA/boletinlegal/ HTTP/1.1" 200 58597
201.245.192.253 - - [28/Aug/2023:02:52:54 -0500] "POST /kwsrmcab/Wsrmcab  HTTP/1.1" 200 41818
216.245.221.92 - - [28/Aug/2023:02:56:10 -0500] "HEAD / HTTP/1.1" 200 -
172.22.2.4 - - [28/Aug/2023:02:54:46 -0500] "HEAD /BLA/boletinlegal/ HTTP/1.1" 200 -
172.22.2.4 - - [28/Aug/2023:02:55:36 -0500] "GET /BLA/boletinlegal/ HTTP/1.1" 200 52656
201.245.192.253 - - [28/Aug/2023:02:57:53 -0500] "POST /kwsrmcab/Wsrmcab  HTTP/1.1" 200 41818
216.245.221.92 - - [28/Aug/2023:03:01:10 -0500] "HEAD / HTTP/1.1" 200 -
172.22.2.4 - - [28/Aug/2023:03:00:36 -0500] "HEAD /BLA/boletinlegal/ HTTP/1.1" 200 -
201.245.192.253 - - [28/Aug/2023:03:02:52 -0500] "POST /kwsrmcab/Wsrmcab  HTTP/1.1" 200 41818
213.180.203.54 - - [28/Aug/2023:03:03:04 -0500] "GET /robots.txt HTTP/1.1" 404 1018
213.180.203.55 - - [28/Aug/2023:03:03:05 -0500] "GET / HTTP/1.1" 200 319
172.22.2.4 - - [28/Aug/2023:03:01:26 -0500] "GET /BLA/boletinlegal/ HTTP/1.1" 200 59343
66.249.66.194 - - [28/Aug/2023:03:04:57 -0500] "GET /el-ejemplo-comienza-por-casa-alcaldia-de-bogota-expide-decreto-para-reducir-plasticos-de-un-solo-uso-en-las-entidades-del-distrito.html HTTP/1.1" 304 -
64.124.8.44 - - [28/Aug/2023:03:05:03 -0500] "GET /transparencia/financiera/1%20Ejecucion%20Presupuestal/1%20Vigencia%20actual/08%20Ejecucion%20vigencia%20mayo%202023.xlsx HTTP/1.1" 200 118210
216.245.221.92 - - [28/Aug/2023:03:06:10 -0500] "HEAD / HTTP/1.1" 200 -
201.245.192.253 - - [28/Aug/2023:03:07:51 -0500] "POST /kwsrmcab/Wsrmcab  HTTP/1.1" 200 41818
172.22.2.4 - - [28/Aug/2023:03:06:26 -0500] "HEAD /BLA/boletinlegal/ HTTP/1.1" 200 -
172.22.2.4 - - [28/Aug/2023:03:07:16 -0500] "GET /BLA/boletinlegal/ HTTP/1.1" 200 58597
216.245.221.92 - - [28/Aug/2023:03:11:10 -0500] "HEAD / HTTP/1.1" 200 -
201.245.192.253 - - [28/Aug/2023:03:12:50 -0500] "POST /kwsrmcab/Wsrmcab  HTTP/1.1" 200 41818
172.22.2.4 - - [28/Aug/2023:03:12:16 -0500] "HEAD /BLA/boletinlegal/ HTTP/1.1" 200 -
172.22.2.4 - - [28/Aug/2023:03:13:06 -0500] "GET /BLA/boletinlegal/ HTTP/1.1" 200 52656
52.167.144.136 - - [28/Aug/2023:03:15:31 -0500] "GET /BLA/resoluciones/RESOLUCIONES%202010/2387.pdf HTTP/1.1" 200 495759
216.245.221.92 - - [28/Aug/2023:03:16:10 -0500] "HEAD / HTTP/1.1" 200 -
201.245.192.253 - - [28/Aug/2023:03:17:49 -0500] "POST /kwsrmcab/Wsrmcab  HTTP/1.1" 200 41818
201.245.192.253 - - [28/Aug/2023:03:18:45 -0500] "POST /kwsrmcab/Wsrmcab HTTP/1.1" 200 42241
201.245.192.253 - - [28/Aug/2023:03:18:48 -0500] "POST /kwsrmcab/Wsrmcab HTTP/1.1" 200 43657
172.22.2.4 - - [28/Aug/2023:03:18:06 -0500] "HEAD /BLA/boletinlegal/ HTTP/1.1" 200 -
172.22.2.4 - - [28/Aug/2023:03:18:56 -0500] "GET /BLA/boletinlegal/ HTTP/1.1" 200 53013
216.245.221.92 - - [28/Aug/2023:03:21:10 -0500] "HEAD / HTTP/1.1" 200 -
201.245.192.253 - - [28/Aug/2023:03:22:48 -0500] "POST /kwsrmcab/Wsrmcab  HTTP/1.1" 200 41818
66.249.66.194 - - [28/Aug/2023:03:25:26 -0500] "GET /con-actividades-de-educacion-ambiental-cuidado-y-embellecimiento-bogota-celebro-el-dia-mundial-de-la-tierra.html HTTP/1.1" 304 -
172.22.2.4 - - [28/Aug/2023:03:23:56 -0500] "HEAD /BLA/boletinlegal/ HTTP/1.1" 200 -
171.33.248.213 - - [28/Aug/2023:03:26:07 -0500] "GET / HTTP/1.1" 200 319
216.245.221.92 - - [28/Aug/2023:03:26:10 -0500] "HEAD / HTTP/1.1" 200 -
172.22.2.4 - - [28/Aug/2023:03:24:46 -0500] "GET /BLA/boletinlegal/ HTTP/1.1" 200 56257
172.22.2.4 - - [28/Aug/2023:03:25:53 -0500] "GET /BLA/boletinlegal/ HTTP/1.1" 200 24523
201.245.192.253 - - [28/Aug/2023:03:27:47 -0500] "POST /kwsrmcab/Wsrmcab  HTTP/1.1" 200 41818
201.245.192.253 - - [28/Aug/2023:03:28:44 -0500] "POST /kwsrmcab/Wsrmcab HTTP/1.1" 200 42241
201.245.192.253 - - [28/Aug/2023:03:28:48 -0500] "POST /kwsrmcab/Wsrmcab HTTP/1.1" 200 43657
216.245.221.92 - - [28/Aug/2023:03:31:10 -0500] "HEAD / HTTP/1.1" 200 -
172.22.2.4 - - [28/Aug/2023:03:29:46 -0500] "HEAD /BLA/boletinlegal/ HTTP/1.1" 200 -
172.22.2.4 - - [28/Aug/2023:03:30:36 -0500] "GET /BLA/boletinlegal/ HTTP/1.1" 200 58187
201.245.192.253 - - [28/Aug/2023:03:32:47 -0500] "POST /kwsrmcab/Wsrmcab  HTTP/1.1" 200 41818
66.249.66.86 - - [28/Aug/2023:03:34:56 -0500] "GET /portaldeninos/ HTTP/1.1" 200 110175
66.249.66.86 - - [28/Aug/2023:03:35:00 -0500] "GET /portaldeninos/wp-content/plugins/gallery-videos/JS/modernizr.custom.js?ver=4.9.8 HTTP/1.1" 200 9019
66.249.66.85 - - [28/Aug/2023:03:35:01 -0500] "GET /portaldeninos/wp-content/themes/betheme/css/shortcodes.css?ver=20.9.6 HTTP/1.1" 200 138889
66.249.66.85 - - [28/Aug/2023:03:35:02 -0500] "GET /portaldeninos/wp-content/plugins/gallery-videos/CSS/Total-Soft-Gallery-Video-Widget.css?ver=4.9.8 HTTP/1.1" 200 51554
66.249.66.86 - - [28/Aug/2023:03:35:03 -0500] "GET /portaldeninos/wp-content/themes/betheme/assets/animations/animations.min.css?ver=20.9.6 HTTP/1.1" 200 58508
66.249.66.85 - - [28/Aug/2023:03:35:04 -0500] "GET /portaldeninos/wp-content/themes/betheme/css/base.css?ver=20.9.6 HTTP/1.1" 200 57283
216.245.221.92 - - [28/Aug/2023:03:36:10 -0500] "HEAD / HTTP/1.1" 200 -
172.22.2.4 - - [28/Aug/2023:03:35:36 -0500] "HEAD /BLA/boletinlegal/ HTTP/1.1" 200 -
172.22.2.4 - - [28/Aug/2023:03:37:23 -0500] "GET /BLA/boletinlegal/favicon.ico HTTP/1.1" 404 1018
201.245.192.253 - - [28/Aug/2023:03:37:46 -0500] "POST /kwsrmcab/Wsrmcab  HTTP/1.1" 200 41818
172.22.2.4 - - [28/Aug/2023:03:36:26 -0500] "GET /BLA/boletinlegal/ HTTP/1.1" 200 45101
172.22.2.4 - - [28/Aug/2023:03:36:54 -0500] "GET /BLA/boletinlegal/ HTTP/1.1" 200 40981
201.245.192.253 - - [28/Aug/2023:03:38:45 -0500] "POST /kwsrmcab/Wsrmcab HTTP/1.1" 200 42241
172.22.2.4 - - [28/Aug/2023:03:37:08 -0500] "GET /BLA/boletinlegal/ HTTP/1.1" 200 43133
201.245.192.253 - - [28/Aug/2023:03:38:48 -0500] "POST /kwsrmcab/Wsrmcab HTTP/1.1" 200 43657
71.6.232.28 - - [28/Aug/2023:03:39:35 -0500] "GET / HTTP/1.1" 200 319
216.245.221.92 - - [28/Aug/2023:03:41:10 -0500] "HEAD / HTTP/1.1" 200 -
201.245.192.253 - - [28/Aug/2023:03:42:45 -0500] "POST /kwsrmcab/Wsrmcab  HTTP/1.1" 200 41818
172.22.2.4 - - [28/Aug/2023:03:41:26 -0500] "HEAD /BLA/boletinlegal/ HTTP/1.1" 200 -
172.22.2.4 - - [28/Aug/2023:03:42:16 -0500] "GET /BLA/boletinlegal/ HTTP/1.1" 200 58597
172.22.2.4 - - [28/Aug/2023:03:44:13 -0500] "GET /BLA/boletinlegal/favicon.ico HTTP/1.1" 404 1018
172.22.2.4 - - [28/Aug/2023:03:43:58 -0500] "GET /BLA/boletinlegal/ HTTP/1.1" 200 20427
172.22.2.4 - - [28/Aug/2023:03:43:58 -0500] "GET /BLA/boletinlegal/ HTTP/1.1" 200 32715
216.245.221.92 - - [28/Aug/2023:03:46:10 -0500] "HEAD / HTTP/1.1" 200 -
172.22.2.4 - - [28/Aug/2023:03:46:20 -0500] "GET /BLA/boletinlegal/robots.txt HTTP/1.1" 404 1038
201.245.192.253 - - [28/Aug/2023:03:47:44 -0500] "POST /kwsrmcab/Wsrmcab  HTTP/1.1" 200 41818
172.22.2.4 - - [28/Aug/2023:03:46:20 -0500] "GET /BLA/boletinlegal/ HTTP/1.1" 200 61130
162.55.175.141 - - [28/Aug/2023:03:48:50 -0500] "GET / HTTP/1.1" 200 319
162.55.175.141 - - [28/Aug/2023:03:48:51 -0500] "GET / HTTP/1.1" 200 4720
172.22.2.4 - - [28/Aug/2023:03:47:16 -0500] "HEAD /BLA/boletinlegal/ HTTP/1.1" 200 -
172.22.2.4 - - [28/Aug/2023:03:48:06 -0500] "GET /BLA/boletinlegal/ HTTP/1.1" 200 58597
216.245.221.92 - - [28/Aug/2023:03:51:10 -0500] "HEAD / HTTP/1.1" 200 -
201.245.192.253 - - [28/Aug/2023:03:52:43 -0500] "POST /kwsrmcab/Wsrmcab  HTTP/1.1" 200 41818
172.22.2.4 - - [28/Aug/2023:03:53:06 -0500] "HEAD /BLA/boletinlegal/ HTTP/1.1" 200 -
172.22.2.4 - - [28/Aug/2023:03:53:56 -0500] "GET /BLA/boletinlegal/ HTTP/1.1" 200 48235
40.77.167.26 - - [28/Aug/2023:03:55:37 -0500] "GET /portaldeninos/parque-ecologico-distrital-humedal-santa-maria-del-lago/ HTTP/1.1" 200 90199
40.77.167.26 - - [28/Aug/2023:03:55:47 -0500] "GET /portaldeninos/wp-content/plugins/gallery-videos/CSS/totalsoft.css?ver=4.9.8 HTTP/1.1" 200 40622
40.77.167.26 - - [28/Aug/2023:03:55:47 -0500] "GET /portaldeninos/wp-content/themes/betheme/assets/animations/animations.min.css?ver=20.9.6 HTTP/1.1" 200 58508
40.77.167.26 - - [28/Aug/2023:03:55:48 -0500] "GET /portaldeninos/wp-content/themes/betheme/assets/jplayer/css/jplayer.blue.monday.css?ver=20.9.6 HTTP/1.1" 200 9834
40.77.167.26 - - [28/Aug/2023:03:55:48 -0500] "GET /portaldeninos/wp-content/themes/betheme/assets/jplayer/jplayer.min.js?ver=20.9.6 HTTP/1.1" 200 52702
40.77.167.26 - - [28/Aug/2023:03:55:48 -0500] "GET /portaldeninos/wp-content/themes/betheme/js/plugins.js?ver=20.9.6 HTTP/1.1" 200 197151
40.77.167.26 - - [28/Aug/2023:03:55:49 -0500] "GET /portaldeninos/wp-content/themes/betheme/css/base.css?ver=20.9.6 HTTP/1.1" 200 57283
40.77.167.213 - - [28/Aug/2023:03:55:52 -0500] "GET /portaldeninos/wp-content/plugins/gallery-videos/CSS/Total-Soft-Gallery-Video-Widget.css?ver=4.9.8 HTTP/1.1" 200 51554
40.77.167.213 - - [28/Aug/2023:03:55:56 -0500] "GET /portaldeninos/wp-content/themes/betheme/style.css?ver=20.9.6 HTTP/1.1" 200 287
162.55.175.142 - - [28/Aug/2023:03:55:59 -0500] "GET / HTTP/1.1" 200 319
162.55.175.142 - - [28/Aug/2023:03:55:59 -0500] "GET / HTTP/1.1" 200 4720
157.55.39.207 - - [28/Aug/2023:03:56:00 -0500] "GET /portaldeninos/wp-includes/js/jquery/ui/mouse.min.js?ver=1.11.4 HTTP/1.1" 200 3148
157.55.39.207 - - [28/Aug/2023:03:56:00 -0500] "GET /portaldeninos/wp-includes/js/wp-embed.min.js?ver=4.9.8 HTTP/1.1" 200 1398
40.77.167.26 - - [28/Aug/2023:03:55:49 -0500] "GET /portaldeninos/wp-content/uploads/2021/07/Humedal-Santa-Maria-del-Lago.mp4 HTTP/1.1" 200 13449041
40.77.167.26 - - [28/Aug/2023:03:56:03 -0500] "GET /portaldeninos/wp-includes/js/jquery/jquery-migrate.min.js?ver=1.4.1 HTTP/1.1" 200 10056
40.77.167.26 - - [28/Aug/2023:03:56:03 -0500] "GET /portaldeninos/wp-includes/js/jquery/ui/accordion.min.js?ver=1.11.4 HTTP/1.1" 200 8584
40.77.167.26 - - [28/Aug/2023:03:56:03 -0500] "GET /portaldeninos/wp-includes/js/jquery/ui/core.min.js?ver=1.11.4 HTTP/1.1" 200 4000
40.77.167.26 - - [28/Aug/2023:03:56:04 -0500] "GET /portaldeninos/wp-includes/js/jquery/ui/tabs.min.js?ver=1.11.4 HTTP/1.1" 200 12110
40.77.167.26 - - [28/Aug/2023:03:56:04 -0500] "GET /portaldeninos/wp-includes/js/jquery/ui/widget.min.js?ver=1.11.4 HTTP/1.1" 200 6908
40.77.167.26 - - [28/Aug/2023:03:56:04 -0500] "GET /portaldeninos/wp-includes/js/wp-emoji-release.min.js?ver=4.9.8 HTTP/1.1" 200 12026
172.22.2.4 - - [28/Aug/2023:03:54:25 -0500] "GET /BLA/boletinlegal/ HTTP/1.1" 200 54960
40.77.167.213 - - [28/Aug/2023:03:56:05 -0500] "GET /portaldeninos/wp-content/plugins/gallery-videos/JS/modernizr.custom.js?ver=4.9.8 HTTP/1.1" 200 9019
40.77.167.213 - - [28/Aug/2023:03:56:05 -0500] "GET /portaldeninos/wp-content/themes/betheme/js/scripts.js?ver=20.9.6 HTTP/1.1" 200 77162
40.77.167.213 - - [28/Aug/2023:03:56:06 -0500] "GET /portaldeninos/wp-content/uploads/useanyfont/uaf.css?ver=1589905315 HTTP/1.1" 200 408
216.245.221.92 - - [28/Aug/2023:03:56:10 -0500] "HEAD / HTTP/1.1" 200 -
172.22.2.4 - - [28/Aug/2023:03:56:19 -0500] "GET /BLA/boletinlegal/styles2.css HTTP/1.1" 200 1838
201.245.192.253 - - [28/Aug/2023:03:57:42 -0500] "POST /kwsrmcab/Wsrmcab  HTTP/1.1" 200 41818
207.46.13.208 - - [28/Aug/2023:03:58:36 -0500] "GET /Publicaciones/2023EE194841.pdf HTTP/1.1" 200 318709
172.22.2.4 - - [28/Aug/2023:03:58:56 -0500] "HEAD /BLA/boletinlegal/ HTTP/1.1" 200 -
79.49.28.27 - - [28/Aug/2023:04:01:04 -0500] "GET / HTTP/1.0" 200 319
216.245.221.92 - - [28/Aug/2023:04:01:09 -0500] "HEAD / HTTP/1.1" 200 -
172.22.2.4 - - [28/Aug/2023:03:59:46 -0500] "GET /BLA/boletinlegal/ HTTP/1.1" 200 58187
201.245.192.253 - - [28/Aug/2023:04:02:41 -0500] "POST /kwsrmcab/Wsrmcab  HTTP/1.1" 200 41818
52.167.144.206 - - [28/Aug/2023:04:04:17 -0500] "GET /sitemaps.xml HTTP/1.1" 404 1018
52.167.144.206 - - [28/Aug/2023:04:05:45 -0500] "GET /BLA/resoluciones/AUTOS%202020/1585.pdf HTTP/1.1" 304 -
216.245.221.92 - - [28/Aug/2023:04:06:10 -0500] "HEAD / HTTP/1.1" 200 -
172.22.2.4 - - [28/Aug/2023:04:04:46 -0500] "HEAD /BLA/boletinlegal/ HTTP/1.1" 200 -
172.22.2.4 - - [28/Aug/2023:04:05:36 -0500] "GET /BLA/boletinlegal/ HTTP/1.1" 200 58597
201.245.192.253 - - [28/Aug/2023:04:07:40 -0500] "POST /kwsrmcab/Wsrmcab  HTTP/1.1" 200 41818
87.250.224.254 - - [28/Aug/2023:04:07:51 -0500] "GET /robots.txt HTTP/1.1" 404 1018
213.180.203.110 - - [28/Aug/2023:04:07:52 -0500] "GET / HTTP/1.1" 200 319
78.183.28.82 - - [28/Aug/2023:04:08:44 -0500] "GET / HTTP/1.0" 200 319
40.77.167.247 - - [28/Aug/2023:04:08:45 -0500] "GET /Publicaciones/2023EE192946.pdf HTTP/1.1" 200 6793231
216.245.221.92 - - [28/Aug/2023:04:11:10 -0500] "HEAD / HTTP/1.1" 200 -
52.167.144.230 - - [28/Aug/2023:04:11:21 -0500] "GET /sitemap_index.xml HTTP/1.1" 404 1034
40.77.188.189 - - [28/Aug/2023:04:11:49 -0500] "GET /portaldeninos/wp-content/themes/betheme/fonts/mfn-icons.woff?93978679 HTTP/1.1" 200 80932
40.77.189.59 - - [28/Aug/2023:04:11:49 -0500] "GET /portaldeninos/wp-content/uploads/2021/07/Humedal-Santa-Maria-del-Lago.mp4 HTTP/1.1" 200 13449041
172.22.2.4 - - [28/Aug/2023:04:10:36 -0500] "HEAD /BLA/boletinlegal/ HTTP/1.1" 200 -
201.245.192.253 - - [28/Aug/2023:04:12:38 -0500] "POST /kwsrmcab/Wsrmcab  HTTP/1.1" 200 41818
172.22.2.4 - - [28/Aug/2023:04:11:26 -0500] "GET /BLA/boletinlegal/ HTTP/1.1" 200 60342
40.77.167.7 - - [28/Aug/2023:04:15:18 -0500] "GET /BLA/resoluciones/AUTOS%202022/3503.pdf HTTP/1.1" 304 -
216.245.221.92 - - [28/Aug/2023:04:16:09 -0500] "HEAD / HTTP/1.1" 200 -
172.22.2.4 - - [28/Aug/2023:04:14:42 -0500] "GET /BLA/boletinlegal/index.php HTTP/1.1" 200 62795
172.22.2.4 - - [28/Aug/2023:04:16:24 -0500] "GET /BLA/boletinlegal/js/jquery.js HTTP/1.1" 200 57254
64.124.8.30 - - [28/Aug/2023:04:16:27 -0500] "GET /BLA/boletinlegal/norma_menu.php HTTP/1.1" 200 6328
64.124.8.44 - - [28/Aug/2023:04:16:48 -0500] "GET /transparencia/financiera/1%20Ejecucion%20Presupuestal/2%20Historico/EJECUCUION%20DE%20RESERVAS%202019%20a%2031-12-2020.xlsx HTTP/1.1" 200 22999
201.245.192.253 - - [28/Aug/2023:04:17:37 -0500] "POST /kwsrmcab/Wsrmcab  HTTP/1.1" 200 41818
172.22.2.4 - - [28/Aug/2023:04:16:26 -0500] "HEAD /BLA/boletinlegal/ HTTP/1.1" 200 -
201.245.192.253 - - [28/Aug/2023:04:18:44 -0500] "POST /kwsrmcab/Wsrmcab HTTP/1.1" 200 42231
201.245.192.253 - - [28/Aug/2023:04:18:47 -0500] "POST /kwsrmcab/Wsrmcab HTTP/1.1" 200 43664
172.22.2.4 - - [28/Aug/2023:04:17:16 -0500] "GET /BLA/boletinlegal/ HTTP/1.1" 200 54150
40.77.167.208 - - [28/Aug/2023:04:20:46 -0500] "GET /Publicaciones/2023EE92724.pdf HTTP/1.1" 404 227
216.245.221.92 - - [28/Aug/2023:04:21:09 -0500] "HEAD / HTTP/1.1" 200 -
172.22.2.4 - - [28/Aug/2023:04:21:16 -0500] "GET /BLA/boletinlegal/robots.txt HTTP/1.1" 404 1038
201.245.192.253 - - [28/Aug/2023:04:22:36 -0500] "POST /kwsrmcab/Wsrmcab  HTTP/1.1" 200 41818
172.22.2.4 - - [28/Aug/2023:04:21:17 -0500] "GET /BLA/boletinlegal/ HTTP/1.1" 200 47438
87.250.224.232 - - [28/Aug/2023:04:23:00 -0500] "GET / HTTP/1.1" 200 319
172.22.2.4 - - [28/Aug/2023:04:21:44 -0500] "GET /BLA/boletinlegal/ HTTP/1.1" 200 41922
172.22.2.4 - - [28/Aug/2023:04:23:26 -0500] "GET /BLA/boletinlegal/js/jquery.scrollShow.js HTTP/1.1" 200 4586
221.194.175.23 - - [28/Aug/2023:04:23:44 -0500] "GET /galeria/galeria/fotos/mirador4P.jpg HTTP/1.0" 200 11757
172.22.2.4 - - [28/Aug/2023:04:22:16 -0500] "HEAD /BLA/boletinlegal/ HTTP/1.1" 200 -
172.22.2.4 - - [28/Aug/2023:04:23:06 -0500] "GET /BLA/boletinlegal/ HTTP/1.1" 200 45671
216.245.221.92 - - [28/Aug/2023:04:26:09 -0500] "HEAD / HTTP/1.1" 200 -
201.245.192.253 - - [28/Aug/2023:04:27:35 -0500] "POST /kwsrmcab/Wsrmcab  HTTP/1.1" 200 41818
201.245.192.253 - - [28/Aug/2023:04:28:44 -0500] "POST /kwsrmcab/Wsrmcab HTTP/1.1" 200 42231
201.245.192.253 - - [28/Aug/2023:04:28:47 -0500] "POST /kwsrmcab/Wsrmcab HTTP/1.1" 200 43664
172.22.2.4 - - [28/Aug/2023:04:28:06 -0500] "HEAD /BLA/boletinlegal/ HTTP/1.1" 200 -
172.22.2.4 - - [28/Aug/2023:04:28:56 -0500] "GET /BLA/boletinlegal/ HTTP/1.1" 200 53013
216.245.221.92 - - [28/Aug/2023:04:31:09 -0500] "HEAD / HTTP/1.1" 200 -
201.245.192.253 - - [28/Aug/2023:04:32:34 -0500] "POST /kwsrmcab/Wsrmcab  HTTP/1.1" 200 41818
31.13.127.11 - - [28/Aug/2023:04:35:19 -0500] "GET /images/ecosistema-dia-internacional-tierra-21-abril.jpg HTTP/1.1" 200 30098
172.22.2.4 - - [28/Aug/2023:04:33:56 -0500] "HEAD /BLA/boletinlegal/ HTTP/1.1" 200 -
216.245.221.92 - - [28/Aug/2023:04:36:09 -0500] "HEAD / HTTP/1.1" 200 -
172.22.2.4 - - [28/Aug/2023:04:34:46 -0500] "GET /BLA/boletinlegal/ HTTP/1.1" 200 52656
201.245.192.253 - - [28/Aug/2023:04:37:33 -0500] "POST /kwsrmcab/Wsrmcab  HTTP/1.1" 200 41818
190.240.2.133 - - [28/Aug/2023:04:37:55 -0500] "GET /inscribete-y-participa-en-la-convencion-internacional-de-emergencia-climatica-bogota-2023.html HTTP/1.1" 200 895
201.245.192.253 - - [28/Aug/2023:04:38:44 -0500] "GET /kwsrmcab/Wsrmcab?wsdl HTTP/1.1" 200 6948
201.245.192.253 - - [28/Aug/2023:04:38:44 -0500] "POST /kwsrmcab/Wsrmcab HTTP/1.1" 200 42231
201.245.192.253 - - [28/Aug/2023:04:38:47 -0500] "POST /kwsrmcab/Wsrmcab HTTP/1.1" 200 43664
216.245.221.92 - - [28/Aug/2023:04:41:09 -0500] "HEAD / HTTP/1.1" 200 -
172.22.2.4 - - [28/Aug/2023:04:39:46 -0500] "HEAD /BLA/boletinlegal/ HTTP/1.1" 200 -
172.22.2.4 - - [28/Aug/2023:04:40:36 -0500] "GET /BLA/boletinlegal/ HTTP/1.1" 200 57323
201.245.192.253 - - [28/Aug/2023:04:42:31 -0500] "POST /kwsrmcab/Wsrmcab  HTTP/1.1" 200 41818
216.245.221.92 - - [28/Aug/2023:04:46:09 -0500] "HEAD / HTTP/1.1" 200 -
172.22.2.4 - - [28/Aug/2023:04:45:35 -0500] "HEAD /BLA/boletinlegal/ HTTP/1.1" 200 -
64.124.8.58 - - [28/Aug/2023:04:47:26 -0500] "GET /portaldeninos/2021/06/01/secretaria-de-ambiente-invita-a-ciudadania-a-participar-en-concurso-de-relatos-sobre-ecosistemas-bogotanos/ HTTP/1.1" 200 105709
201.245.192.253 - - [28/Aug/2023:04:47:31 -0500] "POST /kwsrmcab/Wsrmcab  HTTP/1.1" 200 41818
172.22.2.4 - - [28/Aug/2023:04:46:26 -0500] "GET /BLA/boletinlegal/ HTTP/1.1" 200 58187
82.217.88.204 - - [28/Aug/2023:04:50:45 -0500] "GET / HTTP/1.0" 200 319
216.245.221.92 - - [28/Aug/2023:04:51:09 -0500] "HEAD / HTTP/1.1" 200 -
52.167.144.232 - - [28/Aug/2023:04:51:11 -0500] "GET /svr-ciudadano/ HTTP/1.1" 200 116466
201.245.192.253 - - [28/Aug/2023:04:52:30 -0500] "POST /kwsrmcab/Wsrmcab  HTTP/1.1" 200 41818
172.22.2.4 - - [28/Aug/2023:04:51:25 -0500] "HEAD /BLA/boletinlegal/ HTTP/1.1" 200 -
172.22.2.4 - - [28/Aug/2023:04:52:16 -0500] "GET /BLA/boletinlegal/ HTTP/1.1" 200 60692
172.22.2.4 - - [28/Aug/2023:04:53:56 -0500] "GET /BLA/boletinlegal/ HTTP/1.1" 200 40907
216.245.221.92 - - [28/Aug/2023:04:56:09 -0500] "HEAD / HTTP/1.1" 200 -
64.124.8.58 - - [28/Aug/2023:04:56:16 -0500] "GET /portaldeninos/ruido/ HTTP/1.1" 200 88494
172.22.2.4 - - [28/Aug/2023:04:57:08 -0500] "GET /BLA/boletinlegal/Circulares/2010/Circular%2006%20de%208%20de%20septiembre%20de%202010.pdf HTTP/1.1" 304 -
49.7.20.122 - - [28/Aug/2023:04:57:21 -0500] "GET / HTTP/1.1" 200 319
201.245.192.253 - - [28/Aug/2023:04:57:29 -0500] "POST /kwsrmcab/Wsrmcab  HTTP/1.1" 200 41818
172.22.2.4 - - [28/Aug/2023:04:57:15 -0500] "HEAD /BLA/boletinlegal/ HTTP/1.1" 200 -
172.22.2.4 - - [28/Aug/2023:04:58:06 -0500] "GET /BLA/boletinlegal/ HTTP/1.1" 200 58597
52.167.144.108 - - [28/Aug/2023:05:00:01 -0500] "GET /BLA/resoluciones/AUTOS%202022/1191.pdf HTTP/1.1" 304 -
216.245.221.92 - - [28/Aug/2023:05:01:09 -0500] "HEAD / HTTP/1.1" 200 -
201.245.192.253 - - [28/Aug/2023:05:02:28 -0500] "POST /kwsrmcab/Wsrmcab  HTTP/1.1" 200 41818
172.22.2.4 - - [28/Aug/2023:05:04:13 -0500] "GET /BLA/boletinlegal/jurisprudencia/analisis/CUADRO%20ANALISIS%20SENTENCIA%20T-411%20DE%201992.doc HTTP/1.1" 304 -
190.156.212.95 - - [28/Aug/2023:05:04:22 -0500] "GET /secretaria-de-ambiente-abre-convocatoria-para-el-proceso-de-formacion-mujeres-cuidadoras-de-humedales.html?fbclid=IwAR0gfo6moO67hldMmT69U8c9AGW1CZQO0Ln_dSxF4X8RSMStzyrRXxmmQYA HTTP/1.1" 200 943
172.22.2.4 - - [28/Aug/2023:05:03:05 -0500] "HEAD /BLA/boletinlegal/ HTTP/1.1" 200 -
172.22.2.4 - - [28/Aug/2023:05:03:56 -0500] "GET /BLA/boletinlegal/ HTTP/1.1" 200 59699
216.245.221.92 - - [28/Aug/2023:05:06:09 -0500] "HEAD / HTTP/1.1" 200 -
201.245.192.253 - - [28/Aug/2023:05:07:28 -0500] "POST /kwsrmcab/Wsrmcab  HTTP/1.1" 200 41818
172.22.2.4 - - [28/Aug/2023:05:07:40 -0500] "GET /BLA/boletinlegal/jurisprudencia.php HTTP/1.1" 200 17583
172.22.2.4 - - [28/Aug/2023:05:08:30 -0500] "GET /BLA/boletinlegal/ HTTP/1.1" 200 47438
172.22.2.4 - - [28/Aug/2023:05:08:55 -0500] "HEAD /BLA/boletinlegal/ HTTP/1.1" 200 -
216.245.221.92 - - [28/Aug/2023:05:11:09 -0500] "HEAD / HTTP/1.1" 200 -
172.22.2.4 - - [28/Aug/2023:05:09:46 -0500] "GET /BLA/boletinlegal/ HTTP/1.1" 200 53362
201.245.192.253 - - [28/Aug/2023:05:12:28 -0500] "POST /kwsrmcab/Wsrmcab  HTTP/1.1" 200 41818
191.95.63.247 - - [28/Aug/2023:05:12:46 -0500] "GET / HTTP/1.1" 200 4720
191.95.63.247 - - [28/Aug/2023:05:12:46 -0500] "GET /js/url.js HTTP/1.1" 404 1294
191.95.63.247 - - [28/Aug/2023:05:12:46 -0500] "GET /favicon.ico HTTP/1.1" 404 1294
216.245.221.92 - - [28/Aug/2023:05:16:09 -0500] "HEAD / HTTP/1.1" 200 -
172.22.2.4 - - [28/Aug/2023:05:14:45 -0500] "HEAD /BLA/boletinlegal/ HTTP/1.1" 200 -
172.22.2.4 - - [28/Aug/2023:05:15:36 -0500] "GET /BLA/boletinlegal/ HTTP/1.1" 200 61130
201.245.192.253 - - [28/Aug/2023:05:17:26 -0500] "POST /kwsrmcab/Wsrmcab  HTTP/1.1" 200 41818
201.245.192.253 - - [28/Aug/2023:05:18:44 -0500] "POST /kwsrmcab/Wsrmcab HTTP/1.1" 200 42251
201.245.192.253 - - [28/Aug/2023:05:18:47 -0500] "POST /kwsrmcab/Wsrmcab HTTP/1.1" 200 43514
216.245.221.92 - - [28/Aug/2023:05:21:09 -0500] "HEAD / HTTP/1.1" 200 -
172.22.2.4 - - [28/Aug/2023:05:20:35 -0500] "HEAD /BLA/boletinlegal/ HTTP/1.1" 200 -
201.245.192.253 - - [28/Aug/2023:05:22:26 -0500] "POST /kwsrmcab/Wsrmcab  HTTP/1.1" 200 41818
172.22.2.4 - - [28/Aug/2023:05:21:26 -0500] "GET /BLA/boletinlegal/ HTTP/1.1" 200 58187
172.22.2.4 - - [28/Aug/2023:05:24:45 -0500] "GET /BLA/boletinlegal/robots.txt HTTP/1.1" 404 1038
172.22.2.4 - - [28/Aug/2023:05:24:56 -0500] "GET /BLA/boletinlegal/robots.txt HTTP/1.1" 404 1038
172.22.2.4 - - [28/Aug/2023:05:24:57 -0500] "GET /BLA/boletinlegal/actos.php HTTP/1.1" 200 9682
216.245.221.92 - - [28/Aug/2023:05:26:09 -0500] "HEAD / HTTP/1.1" 200 -
172.22.2.4 - - [28/Aug/2023:05:27:00 -0500] "GET /BLA/boletinlegal/documentos-importantes.php HTTP/1.1" 200 4829
172.22.2.4 - - [28/Aug/2023:05:27:03 -0500] "GET /BLA/boletinlegal/normativa.php HTTP/1.1" 200 8343
172.22.2.4 - - [28/Aug/2023:05:27:06 -0500] "GET /BLA/boletinlegal/doctrina.php HTTP/1.1" 200 5614
172.22.2.4 - - [28/Aug/2023:05:27:07 -0500] "GET /BLA/boletinlegal/conceptos.php HTTP/1.1" 200 7496
172.22.2.4 - - [28/Aug/2023:05:27:09 -0500] "GET /BLA/boletinlegal/sugerencias.php HTTP/1.1" 200 8615
172.22.2.4 - - [28/Aug/2023:05:27:11 -0500] "GET /BLA/boletinlegal/actos.php HTTP/1.1" 200 9682
201.245.192.253 - - [28/Aug/2023:05:27:25 -0500] "POST /kwsrmcab/Wsrmcab  HTTP/1.1" 200 41818
172.22.2.4 - - [28/Aug/2023:05:26:25 -0500] "HEAD /BLA/boletinlegal/ HTTP/1.1" 200 -
201.245.192.253 - - [28/Aug/2023:05:28:44 -0500] "POST /kwsrmcab/Wsrmcab HTTP/1.1" 200 42251
201.245.192.253 - - [28/Aug/2023:05:28:47 -0500] "POST /kwsrmcab/Wsrmcab HTTP/1.1" 200 43514
172.22.2.4 - - [28/Aug/2023:05:27:13 -0500] "GET /BLA/boletinlegal/index.php HTTP/1.1" 200 51700
172.22.2.4 - - [28/Aug/2023:05:27:16 -0500] "GET /BLA/boletinlegal/ HTTP/1.1" 200 52068
186.28.77.15 - - [28/Aug/2023:05:29:22 -0500] "GET /secretaria-de-ambiente-abre-convocatoria-para-el-proceso-de-formacion-mujeres-cuidadoras-de-humedales.html?fbclid=IwAR1EOxBxHqds6rkRCRzoT8TwMNrTqdRCEOy2gqoR2aJx-hC2RbR-8swDZ88 HTTP/1.1" 200 943
179.43.191.194 - - [28/Aug/2023:05:30:44 -0500] "POST /boaform/admin/formLogin HTTP/1.1" 404 1186
216.245.221.92 - - [28/Aug/2023:05:31:09 -0500] "HEAD / HTTP/1.1" 200 -
201.245.192.253 - - [28/Aug/2023:05:32:23 -0500] "POST /kwsrmcab/Wsrmcab  HTTP/1.1" 200 41818
172.22.2.4 - - [28/Aug/2023:05:32:15 -0500] "HEAD /BLA/boletinlegal/ HTTP/1.1" 200 -
172.22.2.4 - - [28/Aug/2023:05:33:06 -0500] "GET /BLA/boletinlegal/ HTTP/1.1" 200 58597
66.249.66.86 - - [28/Aug/2023:05:34:57 -0500] "GET /portaldeninos/ HTTP/1.1" 200 110175
66.249.66.87 - - [28/Aug/2023:05:35:01 -0500] "GET /portaldeninos/wp-content/themes/betheme/css/base.css?ver=20.9.6 HTTP/1.1" 200 57283
66.249.66.86 - - [28/Aug/2023:05:35:02 -0500] "GET /portaldeninos/wp-content/themes/betheme/css/shortcodes.css?ver=20.9.6 HTTP/1.1" 200 138889
66.249.66.86 - - [28/Aug/2023:05:35:04 -0500] "GET /portaldeninos/wp-content/plugins/google-analytics-for-wordpress/assets/js/frontend-gtag.min.js?ver=8.5.0 HTTP/1.1" 200 11801
216.245.221.92 - - [28/Aug/2023:05:36:09 -0500] "HEAD / HTTP/1.1" 200 -
207.46.13.208 - - [28/Aug/2023:05:36:44 -0500] "GET /Publicaciones/2023EE119057.pdf HTTP/1.1" 404 228
201.245.192.253 - - [28/Aug/2023:05:37:22 -0500] "POST /kwsrmcab/Wsrmcab  HTTP/1.1" 200 41818
