200.118.80.110 - - [28/Aug/2023:14:32:26 -0500] "GET /sipse/faces/javax.faces.resource/messages/messages.png?ln=primefaces&v=4.0 HTTP/1.1" 304 -
200.118.80.110 - - [28/Aug/2023:14:32:26 -0500] "POST /sipse/faces/presentacion/financiero/solicitudProceso/listarSolicitudProceso.xhtml HTTP/1.1" 200 1400
200.118.80.110 - - [28/Aug/2023:14:32:32 -0500] "POST /sipse/faces/presentacion/financiero/solicitudProceso/listarSolicitudProceso.xhtml HTTP/1.1" 200 17526
201.245.192.253 - - [28/Aug/2023:14:32:40 -0500] "POST /kwsrmcab/Wsrmcab  HTTP/1.1" 200 41818
66.249.65.104 - - [28/Aug/2023:14:33:12 -0500] "HEAD /autoliquidacion2020/Grupo%2520Forestal%2520-%2520Silvicultura/Permiso%2520o%2520autorizaci%25C3%25B3n%2520para%2520aprovechamiento%2520forestal%2520de%2520%25C3%25A1rboles%2520aislados/PM04-PR30-F2%2520Recoleccion%2520informacion%2520silvicultural%2520individuo%2520ficha1.xls HTTP/1.1" 404 -
66.249.65.107 - - [28/Aug/2023:14:33:13 -0500] "HEAD /autoliquidacion2020/Calidad%2520del%2520aire%2520auditiva%2520y%2520visual-/Registro%2520de%2520la%2520publicidad%2520exterior%2520visual/PM04-PR16-F1Lista%2520de%2520Chequeo%2520Documentos%2520Solicitud%2520de%2520Registro%2520PEV.xls HTTP/1.1" 404 -
66.249.65.104 - - [28/Aug/2023:14:33:13 -0500] "HEAD /autoliquidacion2020/Grupo%2520Forestal%2520-%2520Silvicultura/Permiso%2520o%2520autorizaci%25C3%25B3n%2520para%2520aprovechamiento%2520forestal%2520de%2520%25C3%25A1rboles%2520aislados/PM04-PR30-F1%2520Formulario%2520solicitud%2520manejo%2520aprovechamiento%2520forestal.xlsx HTTP/1.1" 404 -
66.249.65.104 - - [28/Aug/2023:14:33:13 -0500] "HEAD /autoliquidacion2020/Calidad%2520del%2520aire%2520auditiva%2520y%2520visual-/Registro%2520de%2520la%2520publicidad%2520exterior%2520visual/Aplicativo%2520PEV%25202020%2520Tarifas%2520de%2520Cobro%2520por%2520servicio%2520de%2520evaluaci%25C3%25B3n.xls HTTP/1.1" 404 -
66.249.65.106 - - [28/Aug/2023:14:33:14 -0500] "HEAD /autoliquidacion2020/Calidad%2520del%2520aire%2520auditiva%2520y%2520visual-/Registro%2520de%2520la%2520publicidad%2520exterior%2520visual/PM04-PR16-F2%2520Formulario%2520Solicitud%2520de%2520Registro%2520PEV.xls HTTP/1.1" 404 -
201.244.254.28 - - [28/Aug/2023:14:33:35 -0500] "POST /BLA/boletinlegal/admin/actos/ingresar.php HTTP/1.1" 200 7302
201.245.192.253 - - [28/Aug/2023:14:33:36 -0500] "POST /forms/lservlet;jsessionid=ac16012b30d6231e11beb4184fc196bef4201a195e46.e3iSbxaKaheRe34Rch0Ra3mLchv0n6jAmljGr5XDqQLvpAe HTTP/1.1" 200 2
201.245.192.253 - - [28/Aug/2023:14:33:55 -0500] "GET /sipse/faces/autenticacion.xhtml HTTP/1.1" 200 12492
201.245.192.253 - - [28/Aug/2023:14:33:55 -0500] "GET /sipse/js/disable_browser_buttons.js HTTP/1.1" 200 3230
201.245.192.253 - - [28/Aug/2023:14:33:55 -0500] "GET /sipse/faces/javax.faces.resource/theme.css?ln=primefaces-sipse HTTP/1.1" 304 -
201.245.192.253 - - [28/Aug/2023:14:33:55 -0500] "GET /sipse/faces/javax.faces.resource/layout/layout.css;jsessionid=V9yUwhA170inEWCMSSM5MfeY.undefined?ln=primefaces&v=4.0 HTTP/1.1" 200 542
201.245.192.253 - - [28/Aug/2023:14:33:55 -0500] "GET /sipse/faces/javax.faces.resource/jquery/jquery.js;jsessionid=V9yUwhA170inEWCMSSM5MfeY.undefined?ln=primefaces&v=4.0 HTTP/1.1" 200 105384
201.245.192.253 - - [28/Aug/2023:14:33:55 -0500] "GET /sipse/faces/javax.faces.resource/layout/layout.js;jsessionid=V9yUwhA170inEWCMSSM5MfeY.undefined?ln=primefaces&v=4.0 HTTP/1.1" 200 87560
201.245.192.253 - - [28/Aug/2023:14:33:55 -0500] "GET /sipse/faces/javax.faces.resource/primefaces.css;jsessionid=V9yUwhA170inEWCMSSM5MfeY.undefined?ln=primefaces&v=4.0 HTTP/1.1" 200 53295
201.245.192.253 - - [28/Aug/2023:14:33:55 -0500] "GET /sipse/faces/javax.faces.resource/primefaces.js;jsessionid=V9yUwhA170inEWCMSSM5MfeY.undefined?ln=primefaces&v=4.0 HTTP/1.1" 200 276924
201.245.192.253 - - [28/Aug/2023:14:33:55 -0500] "GET /sipse/faces/javax.faces.resource/jquery/jquery-plugins.js;jsessionid=V9yUwhA170inEWCMSSM5MfeY.undefined?ln=primefaces&v=4.0 HTTP/1.1" 200 220526
201.245.192.253 - - [28/Aug/2023:14:33:55 -0500] "GET /sipse/faces/javax.faces.resource/images/ui-icons_898989_256x240.png?ln=primefaces-aristo HTTP/1.1" 200 5355
201.245.192.253 - - [28/Aug/2023:14:33:55 -0500] "GET /sipse/css/imagen/loginimg.png HTTP/1.1" 200 71635
201.245.192.253 - - [28/Aug/2023:14:33:55 -0500] "GET /sipse/css/imagen/logoSDG.png HTTP/1.1" 200 53064
201.245.192.253 - - [28/Aug/2023:14:33:55 -0500] "GET /favicon.ico HTTP/1.1" 200 7782
201.245.192.253 - - [28/Aug/2023:14:33:55 -0500] "GET /sipse/faces/index.xhtml HTTP/1.1" 200 677
201.245.192.253 - - [28/Aug/2023:14:33:55 -0500] "GET /sipse/faces/javax.faces.resource/theme.css?ln=primefaces-sipse HTTP/1.1" 304 -
201.245.192.253 - - [28/Aug/2023:14:33:55 -0500] "GET /sipse/faces/faces/autenticacion.xhtml HTTP/1.1" 200 12170
201.245.192.253 - - [28/Aug/2023:14:33:55 -0500] "GET /sipse/faces/javax.faces.resource/theme.css?ln=primefaces-sipse HTTP/1.1" 304 -
201.245.192.253 - - [28/Aug/2023:14:33:55 -0500] "GET /sipse/faces/javax.faces.resource/layout/layout.css?ln=primefaces&v=4.0 HTTP/1.1" 200 542
201.245.192.253 - - [28/Aug/2023:14:33:55 -0500] "GET /sipse/faces/javax.faces.resource/primefaces.js?ln=primefaces&v=4.0 HTTP/1.1" 304 -
201.245.192.253 - - [28/Aug/2023:14:33:55 -0500] "GET /sipse/faces/javax.faces.resource/jquery/jquery.js?ln=primefaces&v=4.0 HTTP/1.1" 200 105384
201.245.192.253 - - [28/Aug/2023:14:33:55 -0500] "GET /sipse/faces/javax.faces.resource/layout/layout.js?ln=primefaces&v=4.0 HTTP/1.1" 200 87560
201.245.192.253 - - [28/Aug/2023:14:33:55 -0500] "GET /sipse/faces/javax.faces.resource/primefaces.css?ln=primefaces&v=4.0 HTTP/1.1" 200 53295
201.245.192.253 - - [28/Aug/2023:14:33:55 -0500] "GET /sipse/faces/javax.faces.resource/jquery/jquery-plugins.js?ln=primefaces&v=4.0 HTTP/1.1" 200 220526
201.245.192.253 - - [28/Aug/2023:14:33:55 -0500] "GET /sipse/faces/javax.faces.resource/images/ui-icons_898989_256x240.png?ln=primefaces-aristo HTTP/1.1" 304 -
201.245.192.253 - - [28/Aug/2023:14:33:59 -0500] "POST /sipse/faces/autenticacion.xhtml HTTP/1.1" 200 11840
201.245.192.253 - - [28/Aug/2023:14:33:59 -0500] "GET /sipse/css/custom_css_sg_prime.css HTTP/1.1" 200 5201
201.245.192.253 - - [28/Aug/2023:14:33:59 -0500] "GET /sipse/faces/javax.faces.resource/jquery/jquery.js?ln=primefaces&v=4.0 HTTP/1.1" 304 -
201.245.192.253 - - [28/Aug/2023:14:33:59 -0500] "GET /sipse/faces/javax.faces.resource/jquery/jquery-plugins.js?ln=primefaces&v=4.0 HTTP/1.1" 304 -
201.245.192.253 - - [28/Aug/2023:14:33:59 -0500] "GET /sipse/faces/javax.faces.resource/primefaces.js?ln=primefaces&v=4.0 HTTP/1.1" 304 -
201.245.192.253 - - [28/Aug/2023:14:34:00 -0500] "GET /sipse/faces/javax.faces.resource/layout/layout.js?ln=primefaces&v=4.0 HTTP/1.1" 304 -
201.245.192.253 - - [28/Aug/2023:14:34:00 -0500] "GET /sipse/faces/javax.faces.resource/messages/messages.png?ln=primefaces&v=4.0 HTTP/1.1" 200 27209
201.245.192.253 - - [28/Aug/2023:14:34:02 -0500] "POST /sipse/faces/presentacion/sistema/seguridad/seleccionRol.xhtml HTTP/1.1" 200 6275
201.245.192.253 - - [28/Aug/2023:14:34:02 -0500] "POST /forms/lservlet;jsessionid=ac16012b30d6d413b32b58ed42358a09f8ce180300aa.e3iSbxaKaheRe34Rch0Ra3mLchv0n6jAmljGr5XDqQLvpAe HTTP/1.1" 200 2
201.245.192.253 - - [28/Aug/2023:14:34:03 -0500] "POST /sipse/faces/presentacion/sistema/seguridad/seleccionRol.xhtml HTTP/1.1" 200 15107
201.245.192.253 - - [28/Aug/2023:14:34:03 -0500] "GET /sipse/js/jquery.min.js HTTP/1.1" 200 85582
201.245.192.253 - - [28/Aug/2023:14:34:03 -0500] "GET /sipse/faces/javax.faces.resource/jquery/jquery.js?ln=primefaces&v=4.0 HTTP/1.1" 304 -
201.245.192.253 - - [28/Aug/2023:14:34:03 -0500] "GET /sipse/faces/javax.faces.resource/jquery/jquery-plugins.js?ln=primefaces&v=4.0 HTTP/1.1" 304 -
201.245.192.253 - - [28/Aug/2023:14:34:03 -0500] "GET /sipse/faces/javax.faces.resource/primefaces.js?ln=primefaces&v=4.0 HTTP/1.1" 304 -
201.245.192.253 - - [28/Aug/2023:14:34:03 -0500] "GET /sipse/faces/javax.faces.resource/layout/layout.js?ln=primefaces&v=4.0 HTTP/1.1" 304 -
201.245.192.253 - - [28/Aug/2023:14:34:03 -0500] "GET /sipse/css/v_mergente.css HTTP/1.1" 200 1505
201.245.192.253 - - [28/Aug/2023:14:34:03 -0500] "GET /sipse/imagenes/cargando.gif HTTP/1.1" 200 36959
201.245.192.253 - - [28/Aug/2023:14:34:03 -0500] "GET /sipse/css/imagen/contrasena.png HTTP/1.1" 404 383
201.245.192.253 - - [28/Aug/2023:14:34:03 -0500] "GET /sipse/imagenes/logoAplicacion.jpg HTTP/1.1" 200 155084
201.245.192.253 - - [28/Aug/2023:14:34:04 -0500] "GET /sipse/faces/javax.faces.resource/images/ui-bg_flat_0_2d5972_40x100.png?ln=primefaces-aristo HTTP/1.1" 200 183
201.245.192.253 - - [28/Aug/2023:14:34:04 -0500] "POST /sipse/faces/bienvenido.xhtml HTTP/1.1" 200 2073
201.245.192.253 - - [28/Aug/2023:14:34:05 -0500] "POST /sipse/faces/bienvenido.xhtml HTTP/1.1" 200 37734
201.245.192.253 - - [28/Aug/2023:14:34:05 -0500] "GET /sipse/faces/javax.faces.resource/jquery/jquery.js?ln=primefaces&v=4.0 HTTP/1.1" 304 -
201.245.192.253 - - [28/Aug/2023:14:34:05 -0500] "GET /sipse/faces/javax.faces.resource/jquery/jquery-plugins.js?ln=primefaces&v=4.0 HTTP/1.1" 304 -
201.245.192.253 - - [28/Aug/2023:14:34:05 -0500] "GET /sipse/faces/javax.faces.resource/primefaces.js?ln=primefaces&v=4.0 HTTP/1.1" 304 -
201.245.192.253 - - [28/Aug/2023:14:34:05 -0500] "GET /sipse/faces/javax.faces.resource/layout/layout.js?ln=primefaces&v=4.0 HTTP/1.1" 304 -
201.245.192.253 - - [28/Aug/2023:14:34:07 -0500] "POST /sipse/faces/presentacion/financiero/solicitudProceso/consultar.xhtml HTTP/1.1" 200 12837
172.22.2.4 - - [28/Aug/2023:14:32:38 -0500] "GET /BLA/boletinlegal/ HTTP/1.1" 200 63248
172.22.2.4 - - [28/Aug/2023:14:34:20 -0500] "GET /BLA/boletinlegal/js/jquery.scrollShow.js HTTP/1.1" 200 4586
201.244.254.28 - - [28/Aug/2023:14:34:47 -0500] "POST /BLA/boletinlegal/admin/actos/ingresar.php HTTP/1.1" 200 7302
181.54.236.238 - - [28/Aug/2023:14:35:07 -0500] "GET /BLA/resoluciones/index.php?dir=RESOLUCIONES+2005%2FRES+2005+1851-1900%2F HTTP/1.1" 200 12356
181.54.236.238 - - [28/Aug/2023:14:35:09 -0500] "GET /BLA/resoluciones/RESOLUCIONES%202005/RES%202005%201851-1900/00001859.tif HTTP/1.1" 200 4424604
201.245.192.253 - - [28/Aug/2023:14:35:36 -0500] "POST /forms/lservlet;jsessionid=ac16012b30d6231e11beb4184fc196bef4201a195e46.e3iSbxaKaheRe34Rch0Ra3mLchv0n6jAmljGr5XDqQLvpAe HTTP/1.1" 200 2
201.244.254.28 - - [28/Aug/2023:14:35:55 -0500] "POST /BLA/boletinlegal/admin/actos/ingresar.php HTTP/1.1" 200 7302
152.203.205.14 - - [28/Aug/2023:14:35:58 -0500] "GET /kwssiamovil/sm/ldap/au?x=U2FsdGVkX1+h41gC75sxd3rqMK4h5NlXpMyJe/88ojpOLfZBo7OMDnd0zVtAWxLq&y=U2FsdGVkX1+GUMWuI+tgOQlzlxXch8G7OQcvMYFec2FnunQICkwkwbyIakf53Kze HTTP/1.1" 200 30
152.203.205.14 - - [28/Aug/2023:14:35:58 -0500] "GET /kwssiamovil/sm/acme/s?s=U2FsdGVkX1/5Tz9dQ6BLsF7COopbCRedyme2fH27jjztMhptN7gTBhR5IN49aOPcaCwxGBgvuGDwVF8m1hjNabrqsdScsC23RBEvj4vtttk=&u=U2FsdGVkX189FLoA2OihG63/3Ni6KXLjpNQ6T5vKclQSzRJkZ4ALTV8qWP8KZH9J&y=U2FsdGVkX1+GUMWuI+tgOQlzlxXch8G7OQcvMYFec2FnunQICkwkwbyIakf53Kze HTTP/1.1" 200 97
152.203.205.14 - - [28/Aug/2023:14:35:58 -0500] "GET /kwssiamovil/sm/acme/s?s=U2FsdGVkX1/GyKUYdap+BEOl87PPrVUG/n044dPnS740sg+AYLh3F00fXecg0QxJj/Soj0uq5QSjEA762W2luhpwd8nEB/S44KMHAEp/MynERZrqpE4+PhqSd8BrmOnZil2wG2Eqp/0QY4TFTRr9HaINOFUQr8W69sOzfua8gN+fsHRTn7XSgyqJvdJMlUiRuxvxbgmXe7IE/3hG2/gUb9liIanuZtdKdf8/d/HFsfMJZVFg23JJeJgcbBKEecMQTrd7tO1FM32xEmmo7SoufRYC0p9JpCeYaWAc2yBTEhdqnorBo6Y5Rt9dYH4uhaIEhsYiXupaZ8v2BmCETDBPL0K8F+/b8HBTrKemq3az7XkZp1HtGls/0/jvZrIinIPs3dzD6EBOCeHIm1gbsDw5/TCNzZPK8e4iFZZhqlBnkkv23FwI7klXfxbNEW/9Gx3edXGyIPVjklaJ4jpqvM5IvKMccixPZtbxDEP/3AqljoHCGYsmplXvPTu2krbZeYVaMiTSKsjRiK+AsK0GJqFkZG2AYBM8weVJb/rLy5Fw+OTwDH3Hjhn3zfAb2UZ2shIblDs6bvJi+lCzYtKEi1CCuc9NB7qArUvxBrAe1dX6WGT1za1fmjwDtMd2D7pjWBwNbPFEDgeC+gZzFUQ1OizCHPQF3GTggjJlX916WmJNYxM7jrMhcIZYxt7GjMN2zdD0E/f/tOKW3lNmQfXFUL+ED+0SlkbhSDTKW/gMcA0wSlU3FgIyixUPxz+cjAVW4YU6om7Y6qdkQzA0lKGzK3nM/WPkMoewSG1FrKLjrX4B0C/T4+X84AIzhDA1rDhSV140C6aVxNjVH6kTIk8VKzyEJzW73DR5XX1d95ephtXLGpV/Bys3ZN/FqVwqqEHjN4Cvvtdc3cURWddD88NEsx3RHgbL7qBsgx3QQYZ0B02KXHkEXDurjiy3/tDLRO7Mv6hDgG+9pkrNQfCn478d2tvrbTLi3pUu22LXp3zj+m3itKuDEyn6+Ny7TiOoGlbECptwMS/OZqZNo7v/6V0Twvv3QKAY4r4niVaWeiBmNt1BkhunfG2DNR2RC+iHPorvKwOVtIPB9fZi1L/8lk902+m7IqJO8cIlv22iZZepxvJ4aFzbjYov/G/NWS/PLEq0WSbp5L1R/BSxAn6AiapTtUz1ULVIsCGMC81I0XZPJd2CaRIxbsMax5LvJ5GHYYOTbGv0AMl9x8HJ7O5Igxykf5vLJ/htwjHAeY7lgH05ZPCCGoXEYMgGQ7C1ihHUwisCNI14jZ7MWEsILzfKB/d3sJsyCaFFkz4kAWkVswN7KMSkk3K36VOA6O9waZhTIPj3pJa4wZ08419AqVZhEZAlP4HYXa+1QnLs+/bnYpOGwBKVwpRcuCr4WlIo08/9uC2ArIKoAq/1dH/ZQsa2Rrid4Mg6IS830Bs+46wzj5Hz1QEDqxU=&u=U2FsdGVkX189FLoA2OihG63/3Ni6KXLjpNQ6T5vKclQSzRJkZ4ALTV8qWP8KZH9J&y=U2FsdGVkX1+GUMWuI+tgOQlzlxXch8G7OQcvMYFec2FnunQICkwkwbyIakf53Kze HTTP/1.1" 200 2207
152.203.205.14 - - [28/Aug/2023:14:35:58 -0500] "GET /kwssiamovil/sm/acme/s?s=U2FsdGVkX18+DuxIcz5QoZN1o2F7Tu3Try/5ysnkZsdsqgHG+d7sl18b3LVwwEoWYvuUDBQq+PHRLWp4sxfxGALtaNu6xrsRgr/GOcejxDWSdsXXCHo5d6YjVhvgiw3oAluEflhkTmxJ7Z9xn52DhSGC/VR4/AbAMiZszggUkCPEa8LQKu2cPZ9xK7JUD8DdVu31joRJO71R3urhuSjGzWbO4w+PC+RbhuDDxoQmK8IGcztS+Ix5/jvZPE+cFUwgHa8MRyGgaJRn0bcqZnH5rSVw6ap5SKhps/Nm+cPdl2GA4bPSY4ZJP3u7edCSqN48rTzukOn6iNGa4T5dtCbYG+1BbdBxFMhNJEkBbytQz/4=&u=U2FsdGVkX189FLoA2OihG63/3Ni6KXLjpNQ6T5vKclQSzRJkZ4ALTV8qWP8KZH9J&y=U2FsdGVkX1+GUMWuI+tgOQlzlxXch8G7OQcvMYFec2FnunQICkwkwbyIakf53Kze HTTP/1.1" 200 196
152.203.205.14 - - [28/Aug/2023:14:35:58 -0500] "GET /kwssiamovil/sm/cjson/pre?f=1&x=U2FsdGVkX1+h41gC75sxd3rqMK4h5NlXpMyJe/88ojpOLfZBo7OMDnd0zVtAWxLq HTTP/1.1" 200 31032
172.22.2.4 - - [28/Aug/2023:14:35:59 -0500] "GET /BLA/boletinlegal/actos.php HTTP/1.1" 200 9682
201.245.192.253 - - [28/Aug/2023:14:36:02 -0500] "POST /forms/lservlet;jsessionid=ac16012b30d6d413b32b58ed42358a09f8ce180300aa.e3iSbxaKaheRe34Rch0Ra3mLchv0n6jAmljGr5XDqQLvpAe HTTP/1.1" 200 2
216.245.221.92 - - [28/Aug/2023:14:36:08 -0500] "HEAD / HTTP/1.1" 200 -
172.22.2.4 - - [28/Aug/2023:14:36:14 -0500] "GET /BLA/boletinlegal/consulta_actos.php?tipo=autos&no=&usuario=&sector=&fecha=2023&resuelve= HTTP/1.1" 200 735259
172.22.2.4 - - [28/Aug/2023:14:34:44 -0500] "HEAD /BLA/boletinlegal/ HTTP/1.1" 200 -
152.203.205.14 - - [28/Aug/2023:14:36:53 -0500] "GET /kwssiamovil/sm/acme/a?s=U2FsdGVkX1+bclw386m1W2iqFAtodBpIxcH5ftIAC1a/K/CFQIlUOsglNSWNCWDpbDVaFGCOqne8d2ql8ZbREZ75amya3x4ZGG+ZQs64vCg7ZoVxOWnnrc6XjubuqvJhquJSD5zzOin1ybv8d47+q4hrhl8a0LxQOXOtaWdcvvVBFkNQ1LJZI1oTBpNKOqwCH3k4inglZKneUqzmTsub3hWxgmwsHDIMV2rJ5GXRQ07lklpPkcy26dR9v7cs1HhPiRqnOl9L3Mvh7FarcCzuxw==&u=U2FsdGVkX189FLoA2OihG63/3Ni6KXLjpNQ6T5vKclQSzRJkZ4ALTV8qWP8KZH9J&y=U2FsdGVkX1+GUMWuI+tgOQlzlxXch8G7OQcvMYFec2FnunQICkwkwbyIakf53Kze HTTP/1.1" 200 26
201.244.254.28 - - [28/Aug/2023:14:37:07 -0500] "POST /BLA/boletinlegal/admin/actos/ingresar.php HTTP/1.1" 200 7302
186.84.20.121 - - [28/Aug/2023:14:37:10 -0500] "-" 408 -
181.54.236.238 - - [28/Aug/2023:14:37:10 -0500] "POST /BLA/boletinlegal/admin/actos/ingresar.php HTTP/1.1" 200 2102
181.54.236.238 - - [28/Aug/2023:14:37:12 -0500] "GET /BLA/boletinlegal/admin/actos/ingresar.php HTTP/1.1" 200 7209
172.22.2.4 - - [28/Aug/2023:14:35:35 -0500] "GET /BLA/boletinlegal/ HTTP/1.1" 200 54960
152.203.205.14 - - [28/Aug/2023:14:37:15 -0500] "GET /kwssiamovil/sm/acme/u?s=U2FsdGVkX1+v1GgOkMFnwnntXbzT/AXeanKJfge91clLhaDx+psQDxcpWO08jbcBKjkB92kqvIHEJ93/EJjxWqfb25Z3HY9lMp07HJeJbvPHIhMCwPXIG476w/4icInz5Q2uxVeShmcOGmIU0KFPSIm1WCO7kfFWS3Cn5hujkHQ=&u=U2FsdGVkX189FLoA2OihG63/3Ni6KXLjpNQ6T5vKclQSzRJkZ4ALTV8qWP8KZH9J&y=U2FsdGVkX1+GUMWuI+tgOQlzlxXch8G7OQcvMYFec2FnunQICkwkwbyIakf53Kze HTTP/1.1" 200 60
201.245.192.253 - - [28/Aug/2023:14:37:36 -0500] "POST /forms/lservlet;jsessionid=ac16012b30d6231e11beb4184fc196bef4201a195e46.e3iSbxaKaheRe34Rch0Ra3mLchv0n6jAmljGr5XDqQLvpAe HTTP/1.1" 200 2
201.245.192.253 - - [28/Aug/2023:14:37:37 -0500] "POST /kwsrmcab/Wsrmcab  HTTP/1.1" 200 41818
152.203.205.14 - - [28/Aug/2023:14:38:01 -0500] "OPTIONS /kwssiamovil/sm/setfile/f? HTTP/1.1" 200 13
152.203.205.14 - - [28/Aug/2023:14:38:01 -0500] "POST /kwssiamovil/sm/setfile/f? HTTP/1.1" 200 381
201.245.192.253 - - [28/Aug/2023:14:38:02 -0500] "POST /forms/lservlet;jsessionid=ac16012b30d6d413b32b58ed42358a09f8ce180300aa.e3iSbxaKaheRe34Rch0Ra3mLchv0n6jAmljGr5XDqQLvpAe HTTP/1.1" 200 2
152.203.205.14 - - [28/Aug/2023:14:38:03 -0500] "OPTIONS /kwssiamovil/sm/setfile/f? HTTP/1.1" 200 13
152.203.205.14 - - [28/Aug/2023:14:38:03 -0500] "POST /kwssiamovil/sm/setfile/f? HTTP/1.1" 200 381
152.203.205.14 - - [28/Aug/2023:14:38:06 -0500] "OPTIONS /kwssiamovil/sm/setfile/f? HTTP/1.1" 200 13
152.203.205.14 - - [28/Aug/2023:14:38:06 -0500] "POST /kwssiamovil/sm/setfile/f? HTTP/1.1" 200 381
152.203.205.14 - - [28/Aug/2023:14:38:09 -0500] "OPTIONS /kwssiamovil/sm/setfile/f? HTTP/1.1" 200 13
152.203.205.14 - - [28/Aug/2023:14:38:09 -0500] "POST /kwssiamovil/sm/setfile/f? HTTP/1.1" 200 381
172.22.2.4 - - [28/Aug/2023:14:38:14 -0500] "GET /BLA/boletinlegal/js/jquery.js HTTP/1.1" 200 57254
172.22.2.4 - - [28/Aug/2023:14:38:14 -0500] "GET /BLA/boletinlegal/js/jquery.scrollTo-min.js HTTP/1.1" 200 1150
172.22.2.4 - - [28/Aug/2023:14:38:14 -0500] "GET /BLA/boletinlegal/js/jquery.scrollShow.js HTTP/1.1" 200 4586
201.244.254.28 - - [28/Aug/2023:14:38:19 -0500] "POST /BLA/boletinlegal/admin/actos/ingresar.php HTTP/1.1" 200 7302
152.203.205.14 - - [28/Aug/2023:14:38:22 -0500] "GET /kwssiamovil/sm/acme/a?s=U2FsdGVkX19WMKKJeHij1wlxyXLyD+RMpwX9BOEnAq37Bw8D3dNz+hmiYhe9k5YTN9Of8Pk6AkKQ5JRN/uzRJaijfrFekHUYI7jGnYYtfhAB6E8Ous9WpsnKn90KGvHtSOHURz0CNAb8rlG7+y7DlNYvDylZJMf4IvwaYSM2NOIq5CDS7YqMbqkbgKaTy84OF6SaT6T34HfQV6V7Mx6sk/Wh50PQnkPxhK06P6P3UPfOROBMx4J5dd/nH7mebXhtEV0kt1vXmw2eseXc6Vm3ig==&u=U2FsdGVkX189FLoA2OihG63/3Ni6KXLjpNQ6T5vKclQSzRJkZ4ALTV8qWP8KZH9J&y=U2FsdGVkX1+GUMWuI+tgOQlzlxXch8G7OQcvMYFec2FnunQICkwkwbyIakf53Kze HTTP/1.1" 200 26
152.203.205.14 - - [28/Aug/2023:14:38:22 -0500] "GET /kwssiamovil/sm/acme/a?s=U2FsdGVkX1+YLJkivshHejZjzn8LfFrHDpyuu6bGoPc94W4Ng4hCKnObWt0xw4K7LW/O7FteRWGy1SqEhlEeg1p9Axts5/vCulsLLaFfsZIJregsS4O18eo3pqPk9Gm6rSWdP53yLYZFCyuvuXdbkUtadVNtYXtgto2mhGuGdu+nv+JdzbtpBRFZFRoD8XRPd48ZnoOAG5pkpEQnFBQJiKwz8z1BuhO/RNarck39yAciIm99R8TdcUNFgLRa+eTlny2ITUc+5jFjhSA24YLFPwW++qXTORr+JDj8YbMSjX5wH+um4V3UBafXj+R3Iojg3TWel+p3is5VeEJyn7fNYfB8uHhsL5YJOnOpt9dCwFqIV5RqrkUPdQhWow8e6vZct1xdXWFjGG2MbdVPZsBuAbyuziBqAVIl8YUVfNj9uiEX1eyxxRr70tjrQ0Uf4D/BXyLAxMyxHiOzpXJRV9ztUwMSN+M77JqUS5Z14ysBDDsx0mhDhZi3O/o2wwn9WPGlVGuknMsVWrTW6COrb14wg19GlCiNuNmxy76/NL6rPgVFW67sWJyuC51D8G2ObW+/nEr12nNB/FDFQKRWFxMzpGzx8zjuyNYIx8TqGOn3/CXL4UwvD+p8gwN2QTvv1PxHi3eMDRty8D8sNFlehf+FiOHYgvv6Kbms2VhWLOvKejvimCbVnArRjDHRguBU25erlcAMhlJiTWP8gqznG4AKCiNqEOb8JcOLHzcazBM0YAn1k2MEybM0R18EmoJUk1h1K6ncIMu5cYlLqYbdREzwaRESfFGTaMFNcduZi5tX+B9HMI3au0z3qAI245YIsNNEzFELkUVOSDnBjoqTmthAiuYe+1fwMivQhACcpZjTOYhGxvBMGcUIhsQqR1a+VI+l5BxGLzpKyOQejqwSyDkr5yThlWd3uaI+wEBC6G3+emEWlIoB5h6ZITRSqzY0mtGpQQra1AczCHcmI8ZD2wa3c07QqDvgbXBUwf3i0pkHwd97YbndKTRDp6xQ4wVAweqOxn+4lyLHCl09oTw6wUxv00WT7CFYyKyC2STqk6gEUFzojVRf3cLjFp4bn3QrCnQxhdAVW/GTetgdosAP7dYnOzyuaCb0Tk7JdHN0NU6cVcv6YCXqmbwl/L8l+c7lL/nxr2RwGK21o56jjc0RJ6IP9+jn2E3tYkJ7VF+UhJJqgOxjvi8rgkRuzQE0gLQ9jivHFvu+/C5WsulGqJKiqbCuLC2gOn5NEdYFtIMe8ZoAaB3xmcAmzwGRNqTm30/wAs+V&u=U2FsdGVkX189FLoA2OihG63/3Ni6KXLjpNQ6T5vKclQSzRJkZ4ALTV8qWP8KZH9J&y=U2FsdGVkX1+GUMWuI+tgOQlzlxXch8G7OQcvMYFec2FnunQICkwkwbyIakf53Kze HTTP/1.1" 200 26
152.203.205.14 - - [28/Aug/2023:14:38:22 -0500] "GET /kwssiamovil/sm/acme/a?s=U2FsdGVkX1+2z2BKYi8A7zhxDTGsCg2AA12jJ4YIZkDZmAm8fpAb2fbK3rp6yTgwejeGiD6yCLcNB7YQ0EpzcSs0uK4diIkwMjfIYSWdWhQhMooTynOcLjexbJIw+9zLglZ2zRgEQUb5hkM58Q9BC4MxT09WmIwLYNrEcPjxmcM=&u=U2FsdGVkX189FLoA2OihG63/3Ni6KXLjpNQ6T5vKclQSzRJkZ4ALTV8qWP8KZH9J&y=U2FsdGVkX1+GUMWuI+tgOQlzlxXch8G7OQcvMYFec2FnunQICkwkwbyIakf53Kze HTTP/1.1" 200 26
152.203.205.14 - - [28/Aug/2023:14:38:23 -0500] "GET /kwssiamovil/sm/acme/a?s=U2FsdGVkX187iQPjpsqZopBlSGFfgeHn/kCowOLhVP6Hm+a0485ygeI6A4+CyMONfDDOdffDwa3prfJ63XA5SAhsjPSNw/7VGQPxqJCnJX+QbrL/9WJEezESLNmnzrdfCF2wF5zCnG+RgoNXbnOBsuqBG4DoLDAdUCq51+EElHQ=&u=U2FsdGVkX189FLoA2OihG63/3Ni6KXLjpNQ6T5vKclQSzRJkZ4ALTV8qWP8KZH9J&y=U2FsdGVkX1+GUMWuI+tgOQlzlxXch8G7OQcvMYFec2FnunQICkwkwbyIakf53Kze HTTP/1.1" 200 26
152.203.205.14 - - [28/Aug/2023:14:38:23 -0500] "GET /kwssiamovil/sm/acme/a?s=U2FsdGVkX1/NO4U3bwqHhODozmIUmnrXNT1OhZIzYYI7bwyoBVTT/vKujtm80MO5vdiuUKp6JF5I0LGmRLGxEnbbP0sul38G9i4YayzSotZ4AdAIWU+H/zT83Bue2VpCKzX74vd0NuKSHNj32MkLIfRr+JYseVgunh/od8Fdxns=&u=U2FsdGVkX189FLoA2OihG63/3Ni6KXLjpNQ6T5vKclQSzRJkZ4ALTV8qWP8KZH9J&y=U2FsdGVkX1+GUMWuI+tgOQlzlxXch8G7OQcvMYFec2FnunQICkwkwbyIakf53Kze HTTP/1.1" 200 26
152.203.205.14 - - [28/Aug/2023:14:38:23 -0500] "GET /kwssiamovil/sm/acme/a?s=U2FsdGVkX1+Lwwupg8rLYXO6N9SDjX17JC9oMvJG2DuMENANbWe4aOrEi/zoaCJbXDADXrc5KWqjy8ceIm9QWMXP79vwOgrq2wyAv6NB3KwJpClRb5p0syfKtOgSAy50VOCogr3P8sa9XypjiKZSLlKz428/QT1MEuMo9nRUK0bjImJVV1WxdOUtk9txpVZvj8p0d7CYdg0a3crphsaWOw==&u=U2FsdGVkX189FLoA2OihG63/3Ni6KXLjpNQ6T5vKclQSzRJkZ4ALTV8qWP8KZH9J&y=U2FsdGVkX1+GUMWuI+tgOQlzlxXch8G7OQcvMYFec2FnunQICkwkwbyIakf53Kze HTTP/1.1" 200 26
152.203.205.14 - - [28/Aug/2023:14:38:23 -0500] "GET /kwssiamovil/sm/acme/a?s=U2FsdGVkX1/DPH8tGxXuF8/KMRDiZ+XGW65sia0CrZSAn4BJBZ3kWvjs2WZToUi1d8PYNgk6bTsSUWAkykJms6rmrCQ6dWoK7fd2BInyuKpDmgGuDpvDdI8Lwi9ByHEHm8CMCwNvJpi732MOcd5FjjKWEqQIlfZf7HGOMVIGBn+jcxheXHTgzTuohtyTppVOzJa0rOJ/Foh/zEDx4AvpJA==&u=U2FsdGVkX189FLoA2OihG63/3Ni6KXLjpNQ6T5vKclQSzRJkZ4ALTV8qWP8KZH9J&y=U2FsdGVkX1+GUMWuI+tgOQlzlxXch8G7OQcvMYFec2FnunQICkwkwbyIakf53Kze HTTP/1.1" 200 26
152.203.205.14 - - [28/Aug/2023:14:38:23 -0500] "GET /kwssiamovil/sm/acme/a?s=U2FsdGVkX1/0/m8LeO86eM7CX71z5e6ZiwEwrhTxj7ai+dV9UdYWKeNK1hq2xJn97AK2o5mPIe+vhs7hVQR1bhFHSR7J57u+Wa1rtl3IRs/s9SymA29ook7v+0c8g5GiI6xOpkS8a1y19vI4uzPdw7sg1S8dOPKj8cz6SyqHwIUljDReYvJPAUoZ0PuPqvwz&u=U2FsdGVkX189FLoA2OihG63/3Ni6KXLjpNQ6T5vKclQSzRJkZ4ALTV8qWP8KZH9J&y=U2FsdGVkX1+GUMWuI+tgOQlzlxXch8G7OQcvMYFec2FnunQICkwkwbyIakf53Kze HTTP/1.1" 200 26
152.203.205.14 - - [28/Aug/2023:14:38:24 -0500] "GET /kwssiamovil/sm/acme/a?s=U2FsdGVkX1+qITMJwY2X7g7MsPuM/vf6qJBEIfiX94xC1rbQcnOF7XeM8a+VisfrCBl34DPvXalizpfN8IOjCH6y9URzE5a9PEi/rR21NA6eeFsoKAkFhGslEnSdfZW4ThGlqCLYmvrFjhazQJutNdkghTfZy2KPDpovxlnZmNnlgqDCy7WbGYj4+8IKv3/HNy3FBnYRVba6ab4kH+4Iwg==&u=U2FsdGVkX189FLoA2OihG63/3Ni6KXLjpNQ6T5vKclQSzRJkZ4ALTV8qWP8KZH9J&y=U2FsdGVkX1+GUMWuI+tgOQlzlxXch8G7OQcvMYFec2FnunQICkwkwbyIakf53Kze HTTP/1.1" 200 26
152.203.205.14 - - [28/Aug/2023:14:38:24 -0500] "GET /kwssiamovil/sm/acme/a?s=U2FsdGVkX19DsXAbPu491zOu+wQ1UNcLSNwI8wUOAR3EPOjSpprvpNVCaS6J7LgEu1+h6al8RNfyyG2MHrOUoYaqnBrHvalzapPTRnmxvVKL2p28NRTxPTZTkJHy8yVqTSs+WXgUyyUjiciZ2bQatSCHUvxf1oHsd5XTc488+9FzdViyVaTqUxAAD4t+C4+y&u=U2FsdGVkX189FLoA2OihG63/3Ni6KXLjpNQ6T5vKclQSzRJkZ4ALTV8qWP8KZH9J&y=U2FsdGVkX1+GUMWuI+tgOQlzlxXch8G7OQcvMYFec2FnunQICkwkwbyIakf53Kze HTTP/1.1" 200 26
152.203.205.14 - - [28/Aug/2023:14:38:24 -0500] "GET /kwssiamovil/sm/acme/a?s=U2FsdGVkX19ClQzIxoajEhfY0k/XD5B3JFKGd6CzeUpfTCMk15aL3nHZftuBnJqRN+hWvCoEvCxbvnzvL9JmFRwUHM6V70oXQRHc8AQxTIbnlgb/P4uqY34C6nj3Nqx8Wgr8UB0If0qVbPUa5iD0wrTs5ZW/pfwXw/G8XSC2BRaUxaqYMpfr+m6vDs9SGHupOXZV8wrf2C/srWNewO7RTg==&u=U2FsdGVkX189FLoA2OihG63/3Ni6KXLjpNQ6T5vKclQSzRJkZ4ALTV8qWP8KZH9J&y=U2FsdGVkX1+GUMWuI+tgOQlzlxXch8G7OQcvMYFec2FnunQICkwkwbyIakf53Kze HTTP/1.1" 200 26
152.203.205.14 - - [28/Aug/2023:14:38:24 -0500] "GET /kwssiamovil/sm/acme/a?s=U2FsdGVkX19Vf/39iS/ZYexyk4g4dCw/phk3tCyyTCZR0GWgNIJrfYmh8dFyoOGLW8PR81mJQXk40MrMzK+rVCUl0rsl8qpdtXjslp2XCPDpnDGxvhIxsvGif3pHW9HHKqYZZOdoY9suHv65wqWjCyBMnkuQ3WwTt44d6lAERyLXa7pyxj81qiie0dEEuEGi&u=U2FsdGVkX189FLoA2OihG63/3Ni6KXLjpNQ6T5vKclQSzRJkZ4ALTV8qWP8KZH9J&y=U2FsdGVkX1+GUMWuI+tgOQlzlxXch8G7OQcvMYFec2FnunQICkwkwbyIakf53Kze HTTP/1.1" 200 26
152.203.205.14 - - [28/Aug/2023:14:38:24 -0500] "GET /kwssiamovil/sm/acme/a?s=U2FsdGVkX1+3qy2brOefl7J1VeMJpZ8sgyxbSMVpA/Q07/aVxidgLCxg7Yo6kKAe6hzPHxPoUHaddGXcbIsva/U9B6Zec3tDnaU7wUSbVcNWPW9CrhzNYnQ8+477LSdThmS7+CANesoNtnYILyoV22qbvT5bcBTyBpV9UNCHu2owPWXgN+bqrKHmlk5EDNRHvFRTKLpP87ixbqBNdx22wQ==&u=U2FsdGVkX189FLoA2OihG63/3Ni6KXLjpNQ6T5vKclQSzRJkZ4ALTV8qWP8KZH9J&y=U2FsdGVkX1+GUMWuI+tgOQlzlxXch8G7OQcvMYFec2FnunQICkwkwbyIakf53Kze HTTP/1.1" 200 26
152.203.205.14 - - [28/Aug/2023:14:38:25 -0500] "GET /kwssiamovil/sm/acme/a?s=U2FsdGVkX18pknrYhMxUdLPnzrOW3lGzAw2pUI93yRBV75hcqlUA5H+zwQf8076fi/0/RsgenlzcyjuyLZJ8SKEttD97bXXJdVouAlNOPaJgV68rXL/mZaL3XhZ5NfKRUmfRe0cneIQWLnCeYxaM5lnXX31AJR10HFtMnMMhjGrwNtRuqM1vK9S7kiniegUO&u=U2FsdGVkX189FLoA2OihG63/3Ni6KXLjpNQ6T5vKclQSzRJkZ4ALTV8qWP8KZH9J&y=U2FsdGVkX1+GUMWuI+tgOQlzlxXch8G7OQcvMYFec2FnunQICkwkwbyIakf53Kze HTTP/1.1" 200 26
190.159.184.39 - - [28/Aug/2023:14:38:35 -0500] "GET /BLA/resoluciones/ HTTP/1.1" 200 13502
181.54.236.238 - - [28/Aug/2023:14:38:42 -0500] "POST /BLA/boletinlegal/admin/actos/ingresar.php HTTP/1.1" 200 2102
181.54.236.238 - - [28/Aug/2023:14:38:44 -0500] "GET /BLA/boletinlegal/admin/actos/ingresar.php HTTP/1.1" 200 7209
172.22.2.4 - - [28/Aug/2023:14:38:04 -0500] "GET /BLA/boletinlegal/ HTTP/1.1" 200 32715
201.245.192.253 - - [28/Aug/2023:14:38:42 -0500] "POST /kwsrmcab/Wsrmcab HTTP/1.1" 200 42205
190.159.184.39 - - [28/Aug/2023:14:38:46 -0500] "GET /BLA/resoluciones/index.php?dir=AUTOS+2023%2F HTTP/1.1" 200 254162
152.203.205.14 - - [28/Aug/2023:14:38:47 -0500] "GET /kwssiamovil/sm/acme/u?s=U2FsdGVkX18B09+GtKrxnCp2Pya0MJbP1Wh0x+7Mte3ANfrKUfkJSvwe3rCipUwlifz02ZyT3NJT44r0P2GrdiEp5ko7P7osapGdvk+Oe3t+WadXizp4O4krmgSQJuyLqncq7T9HBZ+5BiShG1vpfdAu2rPLTnOdTyyZDm48HBk=&u=U2FsdGVkX189FLoA2OihG63/3Ni6KXLjpNQ6T5vKclQSzRJkZ4ALTV8qWP8KZH9J&y=U2FsdGVkX1+GUMWuI+tgOQlzlxXch8G7OQcvMYFec2FnunQICkwkwbyIakf53Kze HTTP/1.1" 200 60
201.245.192.253 - - [28/Aug/2023:14:38:46 -0500] "POST /kwsrmcab/Wsrmcab HTTP/1.1" 200 42887
172.22.2.4 - - [28/Aug/2023:14:38:55 -0500] "GET /BLA/boletinlegal/consulta_actos.php?tipo=resoluciones&no=0962&usuario=&sector=&fecha=2003&resuelve= HTTP/1.1" 200 626
181.54.236.238 - - [28/Aug/2023:14:39:18 -0500] "GET /BLA/resoluciones/index.php HTTP/1.1" 200 13502
172.22.2.4 - - [28/Aug/2023:14:39:19 -0500] "GET /BLA/boletinlegal/jurisprudencia/analisis/AnalisisT-095-16.docx HTTP/1.1" 304 -
201.244.254.28 - - [28/Aug/2023:14:39:35 -0500] "POST /BLA/boletinlegal/admin/actos/ingresar.php HTTP/1.1" 200 7302
201.245.192.253 - - [28/Aug/2023:14:39:36 -0500] "POST /forms/lservlet;jsessionid=ac16012b30d6231e11beb4184fc196bef4201a195e46.e3iSbxaKaheRe34Rch0Ra3mLchv0n6jAmljGr5XDqQLvpAe HTTP/1.1" 200 2
201.245.192.253 - - [28/Aug/2023:14:39:37 -0500] "POST /forms/lservlet;jsessionid=ac16012b30d6d413b32b58ed42358a09f8ce180300aa.e3iSbxaKaheRe34Rch0Ra3mLchv0n6jAmljGr5XDqQLvpAe HTTP/1.1" 200 33
201.245.192.253 - - [28/Aug/2023:14:39:37 -0500] "POST /forms/lservlet;jsessionid=ac16012b30d6d413b32b58ed42358a09f8ce180300aa.e3iSbxaKaheRe34Rch0Ra3mLchv0n6jAmljGr5XDqQLvpAe HTTP/1.1" 200 8
201.245.192.253 - - [28/Aug/2023:14:39:37 -0500] "POST /forms/lservlet;jsessionid=ac16012b30d6d413b32b58ed42358a09f8ce180300aa.e3iSbxaKaheRe34Rch0Ra3mLchv0n6jAmljGr5XDqQLvpAe HTTP/1.1" 200 2
201.245.192.253 - - [28/Aug/2023:14:39:40 -0500] "POST /forms/lservlet;jsessionid=ac16012b30d6d413b32b58ed42358a09f8ce180300aa.e3iSbxaKaheRe34Rch0Ra3mLchv0n6jAmljGr5XDqQLvpAe HTTP/1.1" 200 77
201.245.192.253 - - [28/Aug/2023:14:39:41 -0500] "POST /forms/lservlet;jsessionid=ac16012b30d6d413b32b58ed42358a09f8ce180300aa.e3iSbxaKaheRe34Rch0Ra3mLchv0n6jAmljGr5XDqQLvpAe HTTP/1.1" 200 25
201.245.192.253 - - [28/Aug/2023:14:39:41 -0500] "POST /forms/lservlet;jsessionid=ac16012b30d6d413b32b58ed42358a09f8ce180300aa.e3iSbxaKaheRe34Rch0Ra3mLchv0n6jAmljGr5XDqQLvpAe HTTP/1.1" 200 8
201.245.192.253 - - [28/Aug/2023:14:39:41 -0500] "POST /forms/lservlet;jsessionid=ac16012b30d6d413b32b58ed42358a09f8ce180300aa.e3iSbxaKaheRe34Rch0Ra3mLchv0n6jAmljGr5XDqQLvpAe HTTP/1.1" 200 2
201.245.192.253 - - [28/Aug/2023:14:39:43 -0500] "POST /forms/lservlet;jsessionid=ac16012b30d6d413b32b58ed42358a09f8ce180300aa.e3iSbxaKaheRe34Rch0Ra3mLchv0n6jAmljGr5XDqQLvpAe HTTP/1.1" 200 87
201.245.192.253 - - [28/Aug/2023:14:39:46 -0500] "POST /forms/lservlet;jsessionid=ac16012b30d6d413b32b58ed42358a09f8ce180300aa.e3iSbxaKaheRe34Rch0Ra3mLchv0n6jAmljGr5XDqQLvpAe HTTP/1.1" 200 2
201.245.192.253 - - [28/Aug/2023:14:39:46 -0500] "POST /forms/lservlet;jsessionid=ac16012b30d6d413b32b58ed42358a09f8ce180300aa.e3iSbxaKaheRe34Rch0Ra3mLchv0n6jAmljGr5XDqQLvpAe HTTP/1.1" 200 1117
201.245.192.253 - - [28/Aug/2023:14:39:46 -0500] "POST /forms/lservlet;jsessionid=ac16012b30d6d413b32b58ed42358a09f8ce180300aa.e3iSbxaKaheRe34Rch0Ra3mLchv0n6jAmljGr5XDqQLvpAe HTTP/1.1" 200 2
201.245.192.253 - - [28/Aug/2023:14:40:02 -0500] "POST /forms/lservlet;jsessionid=ac16012b30d6d413b32b58ed42358a09f8ce180300aa.e3iSbxaKaheRe34Rch0Ra3mLchv0n6jAmljGr5XDqQLvpAe HTTP/1.1" 200 2
186.84.21.166 - - [28/Aug/2023:14:40:18 -0500] "GET /sipse/faces/javax.faces.resource/theme.css?ln=primefaces-sipse HTTP/1.1" 304 -
186.84.21.166 - - [28/Aug/2023:14:40:19 -0500] "GET /sipse/faces/faces/autenticacion.xhtml HTTP/1.1" 200 12170
186.84.21.166 - - [28/Aug/2023:14:40:19 -0500] "GET /sipse/faces/javax.faces.resource/primefaces.css?ln=primefaces&v=4.0 HTTP/1.1" 304 -
186.84.21.166 - - [28/Aug/2023:14:40:19 -0500] "GET /sipse/faces/javax.faces.resource/theme.css?ln=primefaces-sipse HTTP/1.1" 304 -
186.84.21.166 - - [28/Aug/2023:14:40:19 -0500] "GET /sipse/faces/javax.faces.resource/layout/layout.css?ln=primefaces&v=4.0 HTTP/1.1" 304 -
186.84.21.166 - - [28/Aug/2023:14:40:19 -0500] "GET /sipse/faces/javax.faces.resource/jquery/jquery.js?ln=primefaces&v=4.0 HTTP/1.1" 304 -
186.84.21.166 - - [28/Aug/2023:14:40:19 -0500] "GET /sipse/faces/javax.faces.resource/jquery/jquery-plugins.js?ln=primefaces&v=4.0 HTTP/1.1" 304 -
186.84.21.166 - - [28/Aug/2023:14:40:19 -0500] "GET /sipse/faces/javax.faces.resource/layout/layout.js?ln=primefaces&v=4.0 HTTP/1.1" 304 -
186.84.21.166 - - [28/Aug/2023:14:40:19 -0500] "GET /sipse/faces/javax.faces.resource/primefaces.js?ln=primefaces&v=4.0 HTTP/1.1" 304 -
186.84.21.166 - - [28/Aug/2023:14:40:19 -0500] "GET /sipse/faces/javax.faces.resource/images/ui-icons_898989_256x240.png?ln=primefaces-aristo HTTP/1.1" 304 -
152.200.172.102 - - [28/Aug/2023:14:41:08 -0500] "GET /BLA/resoluciones/AUTOS%202023/4740.pdf HTTP/1.1" 200 420187
216.245.221.92 - - [28/Aug/2023:14:41:08 -0500] "HEAD / HTTP/1.1" 200 -
152.200.172.102 - - [28/Aug/2023:14:41:08 -0500] "GET /favicon.ico HTTP/1.1" 200 7782
201.244.254.28 - - [28/Aug/2023:14:41:15 -0500] "POST /BLA/boletinlegal/admin/actos/ingresar.php HTTP/1.1" 200 7302
201.245.192.253 - - [28/Aug/2023:14:41:36 -0500] "POST /forms/lservlet;jsessionid=ac16012b30d6231e11beb4184fc196bef4201a195e46.e3iSbxaKaheRe34Rch0Ra3mLchv0n6jAmljGr5XDqQLvpAe HTTP/1.1" 200 2
201.245.192.253 - - [28/Aug/2023:14:42:02 -0500] "POST /forms/lservlet;jsessionid=ac16012b30d6d413b32b58ed42358a09f8ce180300aa.e3iSbxaKaheRe34Rch0Ra3mLchv0n6jAmljGr5XDqQLvpAe HTTP/1.1" 200 2
181.54.236.238 - - [28/Aug/2023:14:42:09 -0500] "GET /BLA/resoluciones/index.php?dir=RESOLUCIONES+2003%2F HTTP/1.1" 200 32587
181.54.236.238 - - [28/Aug/2023:14:42:12 -0500] "GET /BLA/resoluciones/RESOLUCIONES%202003/RESOLUCION%20926%20DE%202003.PDF HTTP/1.1" 200 259970
181.54.236.238 - - [28/Aug/2023:14:42:13 -0500] "GET /BLA/resoluciones/RESOLUCIONES%202003/RESOLUCION%20926%20DE%202003.PDF HTTP/1.1" 206 1025
181.54.236.238 - - [28/Aug/2023:14:42:13 -0500] "GET /BLA/resoluciones/RESOLUCIONES%202003/RESOLUCION%20926%20DE%202003.PDF HTTP/1.1" 200 259970
172.22.2.4 - - [28/Aug/2023:14:40:34 -0500] "HEAD /BLA/boletinlegal/ HTTP/1.1" 200 -
201.244.254.28 - - [28/Aug/2023:14:42:27 -0500] "POST /BLA/boletinlegal/admin/actos/ingresar.php HTTP/1.1" 200 7302
172.22.2.4 - - [28/Aug/2023:14:42:31 -0500] "GET /BLA/boletinlegal/actuator/gateway/routes HTTP/1.1" 404 1018
201.245.192.253 - - [28/Aug/2023:14:42:37 -0500] "POST /kwsrmcab/Wsrmcab  HTTP/1.1" 200 41818
172.22.2.4 - - [28/Aug/2023:14:42:39 -0500] "GET /BLA/boletinlegal/consulta_actos.php?tipo=resoluciones&no=&usuario=&sector=&fecha=2023&resuelve= HTTP/1.1" 200 203859
172.22.2.4 - - [28/Aug/2023:14:41:25 -0500] "GET /BLA/boletinlegal/ HTTP/1.1" 200 58187
201.245.192.253 - - [28/Aug/2023:14:43:36 -0500] "POST /forms/lservlet;jsessionid=ac16012b30d6231e11beb4184fc196bef4201a195e46.e3iSbxaKaheRe34Rch0Ra3mLchv0n6jAmljGr5XDqQLvpAe HTTP/1.1" 200 2
201.244.254.28 - - [28/Aug/2023:14:43:40 -0500] "POST /BLA/boletinlegal/admin/actos/ingresar.php HTTP/1.1" 200 7302
201.245.192.253 - - [28/Aug/2023:14:44:02 -0500] "POST /forms/lservlet;jsessionid=ac16012b30d6d413b32b58ed42358a09f8ce180300aa.e3iSbxaKaheRe34Rch0Ra3mLchv0n6jAmljGr5XDqQLvpAe HTTP/1.1" 200 2
201.245.172.17 - - [28/Aug/2023:14:44:21 -0500] "GET /sipse/faces/index.xhtml HTTP/1.1" 200 677
201.245.172.17 - - [28/Aug/2023:14:44:21 -0500] "GET /sipse/faces/javax.faces.resource/theme.css?ln=primefaces-sipse HTTP/1.1" 304 -
201.245.172.17 - - [28/Aug/2023:14:44:23 -0500] "GET /sipse/faces/faces/autenticacion.xhtml HTTP/1.1" 200 12170
201.245.172.17 - - [28/Aug/2023:14:44:23 -0500] "GET /sipse/faces/javax.faces.resource/theme.css?ln=primefaces-sipse HTTP/1.1" 304 -
201.245.172.17 - - [28/Aug/2023:14:44:23 -0500] "GET /sipse/faces/javax.faces.resource/primefaces.css?ln=primefaces&v=4.0 HTTP/1.1" 304 -
201.245.172.17 - - [28/Aug/2023:14:44:23 -0500] "GET /sipse/faces/javax.faces.resource/layout/layout.css?ln=primefaces&v=4.0 HTTP/1.1" 304 -
201.245.172.17 - - [28/Aug/2023:14:44:23 -0500] "GET /sipse/faces/javax.faces.resource/jquery/jquery.js?ln=primefaces&v=4.0 HTTP/1.1" 304 -
201.245.172.17 - - [28/Aug/2023:14:44:23 -0500] "GET /sipse/faces/javax.faces.resource/jquery/jquery-plugins.js?ln=primefaces&v=4.0 HTTP/1.1" 304 -
201.245.172.17 - - [28/Aug/2023:14:44:23 -0500] "GET /sipse/faces/javax.faces.resource/layout/layout.js?ln=primefaces&v=4.0 HTTP/1.1" 304 -
201.245.172.17 - - [28/Aug/2023:14:44:23 -0500] "GET /sipse/faces/javax.faces.resource/primefaces.js?ln=primefaces&v=4.0 HTTP/1.1" 304 -
201.245.172.17 - - [28/Aug/2023:14:44:24 -0500] "GET /sipse/faces/javax.faces.resource/images/ui-icons_898989_256x240.png?ln=primefaces-aristo HTTP/1.1" 304 -
201.245.172.17 - - [28/Aug/2023:14:44:34 -0500] "POST /sipse/faces/autenticacion.xhtml HTTP/1.1" 200 2225
172.22.2.4 - - [28/Aug/2023:14:44:34 -0500] "GET /BLA/boletinlegal/consulta_actos.php?tipo=resoluciones&no=1444&usuario=&sector=&fecha=2013&resuelve= HTTP/1.1" 200 1816
201.245.172.17 - - [28/Aug/2023:14:44:35 -0500] "GET /sipse/faces/javax.faces.resource/messages/messages.png?ln=primefaces&v=4.0 HTTP/1.1" 304 -
201.245.172.17 - - [28/Aug/2023:14:44:37 -0500] "POST /sipse/faces/autenticacion.xhtml HTTP/1.1" 200 16339
201.245.172.17 - - [28/Aug/2023:14:44:38 -0500] "GET /sipse/faces/javax.faces.resource/theme.css?ln=primefaces-sipse HTTP/1.1" 304 -
201.245.172.17 - - [28/Aug/2023:14:44:38 -0500] "GET /sipse/faces/javax.faces.resource/primefaces.css?ln=primefaces&v=4.0 HTTP/1.1" 304 -
201.245.172.17 - - [28/Aug/2023:14:44:38 -0500] "GET /sipse/faces/javax.faces.resource/layout/layout.css?ln=primefaces&v=4.0 HTTP/1.1" 304 -
201.245.172.17 - - [28/Aug/2023:14:44:39 -0500] "GET /sipse/faces/javax.faces.resource/jquery/jquery.js?ln=primefaces&v=4.0 HTTP/1.1" 304 -
201.245.172.17 - - [28/Aug/2023:14:44:39 -0500] "GET /sipse/faces/javax.faces.resource/jquery/jquery-plugins.js?ln=primefaces&v=4.0 HTTP/1.1" 304 -
201.245.172.17 - - [28/Aug/2023:14:44:39 -0500] "GET /sipse/faces/javax.faces.resource/primefaces.js?ln=primefaces&v=4.0 HTTP/1.1" 304 -
201.245.172.17 - - [28/Aug/2023:14:44:39 -0500] "GET /sipse/faces/javax.faces.resource/layout/layout.js?ln=primefaces&v=4.0 HTTP/1.1" 304 -
201.245.172.17 - - [28/Aug/2023:14:44:40 -0500] "GET /sipse/css/imagen/contrasena.png HTTP/1.1" 404 383
201.245.172.17 - - [28/Aug/2023:14:44:42 -0500] "GET /sipse/faces/javax.faces.resource/images/ui-bg_flat_0_2d5972_40x100.png?ln=primefaces-aristo HTTP/1.1" 304 -
201.245.172.17 - - [28/Aug/2023:14:44:42 -0500] "POST /sipse/faces/bienvenido.xhtml HTTP/1.1" 200 2658
201.245.172.17 - - [28/Aug/2023:14:44:45 -0500] "POST /sipse/faces/bienvenido.xhtml HTTP/1.1" 200 51317
201.245.172.17 - - [28/Aug/2023:14:44:45 -0500] "GET /sipse/faces/javax.faces.resource/theme.css?ln=primefaces-sipse HTTP/1.1" 304 -
201.245.172.17 - - [28/Aug/2023:14:44:45 -0500] "GET /sipse/faces/javax.faces.resource/jquery/jquery.js?ln=primefaces&v=4.0 HTTP/1.1" 304 -
201.245.172.17 - - [28/Aug/2023:14:44:45 -0500] "GET /sipse/faces/javax.faces.resource/primefaces.css?ln=primefaces&v=4.0 HTTP/1.1" 304 -
201.245.172.17 - - [28/Aug/2023:14:44:45 -0500] "GET /sipse/faces/javax.faces.resource/layout/layout.css?ln=primefaces&v=4.0 HTTP/1.1" 304 -
201.245.172.17 - - [28/Aug/2023:14:44:45 -0500] "GET /sipse/faces/javax.faces.resource/jquery/jquery-plugins.js?ln=primefaces&v=4.0 HTTP/1.1" 304 -
201.245.172.17 - - [28/Aug/2023:14:44:46 -0500] "GET /sipse/faces/javax.faces.resource/primefaces.js?ln=primefaces&v=4.0 HTTP/1.1" 304 -
201.245.172.17 - - [28/Aug/2023:14:44:46 -0500] "GET /sipse/faces/javax.faces.resource/layout/layout.js?ln=primefaces&v=4.0 HTTP/1.1" 304 -
201.245.172.17 - - [28/Aug/2023:14:44:46 -0500] "POST /sipse/faces/presentacion/financiero/solicitudProceso/listarSolicitudProceso.xhtml HTTP/1.1" 200 1492
201.244.254.28 - - [28/Aug/2023:14:44:52 -0500] "POST /BLA/boletinlegal/admin/actos/ingresar.php HTTP/1.1" 200 7302
201.245.172.17 - - [28/Aug/2023:14:44:58 -0500] "POST /sipse/faces/presentacion/financiero/solicitudProceso/listarSolicitudProceso.xhtml HTTP/1.1" 200 132680
201.245.172.17 - - [28/Aug/2023:14:44:59 -0500] "GET /sipse/faces/javax.faces.resource/theme.css?ln=primefaces-sipse HTTP/1.1" 304 -
201.245.172.17 - - [28/Aug/2023:14:44:59 -0500] "GET /sipse/faces/javax.faces.resource/primefaces.css?ln=primefaces&v=4.0 HTTP/1.1" 304 -
201.245.172.17 - - [28/Aug/2023:14:44:59 -0500] "GET /sipse/faces/javax.faces.resource/layout/layout.css?ln=primefaces&v=4.0 HTTP/1.1" 304 -
201.245.172.17 - - [28/Aug/2023:14:44:59 -0500] "GET /sipse/faces/javax.faces.resource/jquery/jquery.js?ln=primefaces&v=4.0 HTTP/1.1" 304 -
201.245.172.17 - - [28/Aug/2023:14:45:00 -0500] "GET /sipse/faces/javax.faces.resource/jquery/jquery-plugins.js?ln=primefaces&v=4.0 HTTP/1.1" 304 -
201.245.172.17 - - [28/Aug/2023:14:45:00 -0500] "GET /sipse/faces/javax.faces.resource/primefaces.js?ln=primefaces&v=4.0 HTTP/1.1" 304 -
201.245.172.17 - - [28/Aug/2023:14:45:00 -0500] "GET /sipse/faces/javax.faces.resource/layout/layout.js?ln=primefaces&v=4.0 HTTP/1.1" 304 -
201.245.172.17 - - [28/Aug/2023:14:45:31 -0500] "POST /sipse/faces/presentacion/financiero/solicitudProceso/consultarSolicitudProceso.xhtml HTTP/1.1" 200 35857
201.245.172.17 - - [28/Aug/2023:14:45:33 -0500] "GET /sipse/faces/javax.faces.resource/layout/layout.css?ln=primefaces&v=4.0 HTTP/1.1" 304 -
201.245.172.17 - - [28/Aug/2023:14:45:33 -0500] "GET /sipse/faces/javax.faces.resource/jquery/jquery.js?ln=primefaces&v=4.0 HTTP/1.1" 304 -
201.245.172.17 - - [28/Aug/2023:14:45:33 -0500] "GET /sipse/faces/javax.faces.resource/jquery/jquery-plugins.js?ln=primefaces&v=4.0 HTTP/1.1" 304 -
201.245.172.17 - - [28/Aug/2023:14:45:33 -0500] "GET /sipse/faces/javax.faces.resource/layout/layout.js?ln=primefaces&v=4.0 HTTP/1.1" 304 -
201.245.172.17 - - [28/Aug/2023:14:45:33 -0500] "GET /sipse/faces/javax.faces.resource/primefaces.js?ln=primefaces&v=4.0 HTTP/1.1" 304 -
201.245.172.17 - - [28/Aug/2023:14:45:33 -0500] "GET /sipse/faces/javax.faces.resource/theme.css?ln=primefaces-sipse HTTP/1.1" 304 -
201.245.172.17 - - [28/Aug/2023:14:45:33 -0500] "GET /sipse/faces/javax.faces.resource/primefaces.css?ln=primefaces&v=4.0 HTTP/1.1" 304 -
181.54.236.238 - - [28/Aug/2023:14:45:35 -0500] "POST /BLA/boletinlegal/admin/actos/ingresar.php HTTP/1.1" 200 2102
201.245.192.253 - - [28/Aug/2023:14:45:36 -0500] "POST /forms/lservlet;jsessionid=ac16012b30d6231e11beb4184fc196bef4201a195e46.e3iSbxaKaheRe34Rch0Ra3mLchv0n6jAmljGr5XDqQLvpAe HTTP/1.1" 200 2
181.54.236.238 - - [28/Aug/2023:14:45:37 -0500] "GET /BLA/boletinlegal/admin/actos/ingresar.php HTTP/1.1" 200 7209
201.245.172.17 - - [28/Aug/2023:14:45:54 -0500] "POST /sipse/faces/presentacion/financiero/solicitudProceso/consultarHistorialSolProceso.xhtml HTTP/1.1" 200 25130
201.245.172.17 - - [28/Aug/2023:14:45:57 -0500] "POST /sipse/faces/presentacion/financiero/solicitudProceso/consultarHistorialSolProceso.xhtml HTTP/1.1" 200 25130
201.245.172.17 - - [28/Aug/2023:14:45:58 -0500] "POST /sipse/faces/presentacion/financiero/solicitudProceso/consultarHistorialSolProceso.xhtml HTTP/1.1" 200 3306
201.245.172.17 - - [28/Aug/2023:14:46:00 -0500] "POST /sipse/faces/presentacion/financiero/solicitudProceso/consultarHistorialSolProceso.xhtml HTTP/1.1" 200 51317
201.245.172.17 - - [28/Aug/2023:14:46:00 -0500] "GET /sipse/faces/javax.faces.resource/theme.css?ln=primefaces-sipse HTTP/1.1" 304 -
201.245.172.17 - - [28/Aug/2023:14:46:00 -0500] "GET /sipse/faces/javax.faces.resource/layout/layout.css?ln=primefaces&v=4.0 HTTP/1.1" 304 -
201.245.172.17 - - [28/Aug/2023:14:46:00 -0500] "GET /sipse/faces/javax.faces.resource/primefaces.css?ln=primefaces&v=4.0 HTTP/1.1" 304 -
201.245.172.17 - - [28/Aug/2023:14:46:00 -0500] "GET /sipse/faces/javax.faces.resource/jquery/jquery.js?ln=primefaces&v=4.0 HTTP/1.1" 304 -
201.245.172.17 - - [28/Aug/2023:14:46:00 -0500] "GET /sipse/faces/javax.faces.resource/jquery/jquery-plugins.js?ln=primefaces&v=4.0 HTTP/1.1" 304 -
201.245.172.17 - - [28/Aug/2023:14:46:00 -0500] "GET /sipse/faces/javax.faces.resource/primefaces.js?ln=primefaces&v=4.0 HTTP/1.1" 304 -
201.245.172.17 - - [28/Aug/2023:14:46:00 -0500] "GET /sipse/faces/javax.faces.resource/layout/layout.js?ln=primefaces&v=4.0 HTTP/1.1" 304 -
201.245.172.17 - - [28/Aug/2023:14:46:00 -0500] "POST /sipse/faces/presentacion/financiero/solicitudProceso/listarSolicitudProceso.xhtml HTTP/1.1" 200 1492
201.245.172.17 - - [28/Aug/2023:14:46:02 -0500] "POST /sipse/faces/presentacion/financiero/solicitudProceso/listarSolicitudProceso.xhtml HTTP/1.1" 200 59022
201.245.172.17 - - [28/Aug/2023:14:46:02 -0500] "GET /sipse/faces/javax.faces.resource/theme.css?ln=primefaces-sipse HTTP/1.1" 304 -
201.245.172.17 - - [28/Aug/2023:14:46:02 -0500] "GET /sipse/faces/javax.faces.resource/primefaces.css?ln=primefaces&v=4.0 HTTP/1.1" 304 -
201.245.172.17 - - [28/Aug/2023:14:46:02 -0500] "GET /sipse/faces/javax.faces.resource/layout/layout.css?ln=primefaces&v=4.0 HTTP/1.1" 304 -
201.245.172.17 - - [28/Aug/2023:14:46:02 -0500] "GET /sipse/faces/javax.faces.resource/jquery/jquery.js?ln=primefaces&v=4.0 HTTP/1.1" 304 -
201.245.172.17 - - [28/Aug/2023:14:46:02 -0500] "GET /sipse/faces/javax.faces.resource/jquery/jquery-plugins.js?ln=primefaces&v=4.0 HTTP/1.1" 304 -
201.245.172.17 - - [28/Aug/2023:14:46:02 -0500] "GET /sipse/faces/javax.faces.resource/primefaces.js?ln=primefaces&v=4.0 HTTP/1.1" 304 -
201.245.172.17 - - [28/Aug/2023:14:46:02 -0500] "GET /sipse/faces/javax.faces.resource/layout/layout.js?ln=primefaces&v=4.0 HTTP/1.1" 304 -
201.245.192.253 - - [28/Aug/2023:14:46:02 -0500] "POST /forms/lservlet;jsessionid=ac16012b30d6d413b32b58ed42358a09f8ce180300aa.e3iSbxaKaheRe34Rch0Ra3mLchv0n6jAmljGr5XDqQLvpAe HTTP/1.1" 200 2
201.244.254.28 - - [28/Aug/2023:14:46:06 -0500] "POST /BLA/boletinlegal/admin/actos/ingresar.php HTTP/1.1" 200 7302
216.245.221.92 - - [28/Aug/2023:14:46:08 -0500] "HEAD / HTTP/1.1" 200 -
201.245.172.17 - - [28/Aug/2023:14:46:12 -0500] "POST /sipse/faces/presentacion/financiero/solicitudProceso/crearModificarSolicitudProceso.xhtml HTTP/1.1" 200 51772
201.245.172.17 - - [28/Aug/2023:14:46:25 -0500] "POST /sipse/faces/presentacion/financiero/solicitudProceso/crearModificarSolicitudProceso.xhtml HTTP/1.1" 200 25141
181.54.236.238 - - [28/Aug/2023:14:46:51 -0500] "POST /BLA/boletinlegal/admin/actos/ingresar.php HTTP/1.1" 200 2102
181.54.236.238 - - [28/Aug/2023:14:46:52 -0500] "GET /BLA/boletinlegal/admin/actos/ingresar.php HTTP/1.1" 200 7209
172.22.2.4 - - [28/Aug/2023:14:47:05 -0500] "GET /BLA/boletinlegal/consulta_actos.php?tipo=resoluciones&no=0926&usuario=&sector=&fecha=2003&resuelve= HTTP/1.1" 200 1565
201.244.254.28 - - [28/Aug/2023:14:47:17 -0500] "POST /BLA/boletinlegal/admin/actos/ingresar.php HTTP/1.1" 200 7302
181.54.236.238 - - [28/Aug/2023:14:47:17 -0500] "GET /BLA/resoluciones/index.php?dir=RESOLUCIONES+2003%2F HTTP/1.1" 200 32587
181.54.236.238 - - [28/Aug/2023:14:47:17 -0500] "GET /favicon.ico HTTP/1.1" 200 7782
201.245.192.253 - - [28/Aug/2023:14:47:36 -0500] "POST /forms/lservlet;jsessionid=ac16012b30d6231e11beb4184fc196bef4201a195e46.e3iSbxaKaheRe34Rch0Ra3mLchv0n6jAmljGr5XDqQLvpAe HTTP/1.1" 200 2
201.245.192.253 - - [28/Aug/2023:14:47:35 -0500] "POST /kwsrmcab/Wsrmcab  HTTP/1.1" 200 41818
201.245.172.17 - - [28/Aug/2023:14:47:57 -0500] "POST /sipse/faces/presentacion/financiero/solicitudProceso/crearModificarSolicitudProceso.xhtml HTTP/1.1" 200 6303
201.245.192.253 - - [28/Aug/2023:14:48:02 -0500] "POST /forms/lservlet;jsessionid=ac16012b30d6d413b32b58ed42358a09f8ce180300aa.e3iSbxaKaheRe34Rch0Ra3mLchv0n6jAmljGr5XDqQLvpAe HTTP/1.1" 200 2
172.22.2.4 - - [28/Aug/2023:14:46:24 -0500] "HEAD /BLA/boletinlegal/ HTTP/1.1" 200 -
201.245.172.17 - - [28/Aug/2023:14:48:07 -0500] "POST /sipse/faces/presentacion/financiero/solicitudProceso/crearModificarSolicitudProceso.xhtml HTTP/1.1" 200 9548
186.117.206.151 - - [28/Aug/2023:14:48:11 -0500] "GET /galeria/galeria/jquery.fancybox.css?v=2.1.5 HTTP/1.1" 200 4895
186.117.206.151 - - [28/Aug/2023:14:48:11 -0500] "GET /BLA/boletinlegal/js/jquery.scrollShow.js HTTP/1.1" 200 4586
186.117.206.151 - - [28/Aug/2023:14:48:11 -0500] "GET /galeria/galeria/jquery.fancybox.js?v=2.1.5 HTTP/1.1" 200 48706
186.117.206.151 - - [28/Aug/2023:14:48:20 -0500] "GET /catalogoisis/ HTTP/1.1" 200 8575
186.117.206.151 - - [28/Aug/2023:14:48:20 -0500] "GET /catalogoisis/Css/Busqueda.css HTTP/1.1" 200 1995
186.117.206.151 - - [28/Aug/2023:14:48:20 -0500] "GET /catalogoisis/Js/AceptarLimpiar.js HTTP/1.1" 200 331
186.117.206.151 - - [28/Aug/2023:14:48:20 -0500] "GET /catalogoisis/Js/Remote.js HTTP/1.1" 200 436
186.117.206.151 - - [28/Aug/2023:14:48:20 -0500] "GET /catalogoisis/Js/LimpiarCombinada.js HTTP/1.1" 200 207
186.117.206.151 - - [28/Aug/2023:14:48:20 -0500] "GET /catalogoisis/Js/Cookies.js HTTP/1.1" 200 1369
186.117.206.151 - - [28/Aug/2023:14:48:20 -0500] "GET /catalogoisis/Js/CriterioCombinada.js HTTP/1.1" 200 1843
186.117.206.151 - - [28/Aug/2023:14:48:20 -0500] "GET /catalogoisis/Js/Numero.js HTTP/1.1" 200 398
186.117.206.151 - - [28/Aug/2023:14:48:20 -0500] "GET /catalogoisis/Js/Go.js HTTP/1.1" 200 364
186.117.206.151 - - [28/Aug/2023:14:48:20 -0500] "GET /catalogoisis/Js/Enter.js HTTP/1.1" 200 1208
186.117.206.151 - - [28/Aug/2023:14:48:20 -0500] "GET /catalogoisis/imagenes/br1c1.gif HTTP/1.1" 200 172
186.117.206.151 - - [28/Aug/2023:14:48:20 -0500] "GET /catalogoisis/imagenes/Header.gif HTTP/1.1" 200 30313
186.117.206.151 - - [28/Aug/2023:14:48:20 -0500] "GET /catalogoisis/imagenes/aceptar1.gif HTTP/1.1" 200 604
186.117.206.151 - - [28/Aug/2023:14:48:20 -0500] "GET /catalogoisis/imagenes/limpiar1.gif HTTP/1.1" 200 606
186.117.206.151 - - [28/Aug/2023:14:48:20 -0500] "GET /catalogoisis/imagenes/Turnbo1.gif HTTP/1.1" 200 227
186.117.206.151 - - [28/Aug/2023:14:48:20 -0500] "GET /catalogoisis/imagenes/br3c1.gif HTTP/1.1" 200 177
186.117.206.151 - - [28/Aug/2023:14:48:20 -0500] "GET /catalogoisis/imagenes/br1c3.gif HTTP/1.1" 200 302
186.117.206.151 - - [28/Aug/2023:14:48:20 -0500] "GET /catalogoisis/imagenes/br2c2.gif HTTP/1.1" 200 302
186.117.206.151 - - [28/Aug/2023:14:48:20 -0500] "GET /catalogoisis/imagenes/br2c1.gif HTTP/1.1" 200 297
186.117.206.151 - - [28/Aug/2023:14:48:20 -0500] "GET /catalogoisis/imagenes/br2c3.gif HTTP/1.1" 200 416
186.117.206.151 - - [28/Aug/2023:14:48:20 -0500] "GET /catalogoisis/imagenes/br1c2.gif HTTP/1.1" 200 297
186.117.206.151 - - [28/Aug/2023:14:48:20 -0500] "GET /catalogoisis/imagenes/br3c3.gif HTTP/1.1" 200 186
186.117.206.151 - - [28/Aug/2023:14:48:20 -0500] "GET /catalogoisis/imagenes/br3c2.gif HTTP/1.1" 200 285
186.117.206.151 - - [28/Aug/2023:14:48:20 -0500] "GET /favicon.ico HTTP/1.1" 200 7782
201.245.172.17 - - [28/Aug/2023:14:48:23 -0500] "POST /sipse/faces/presentacion/financiero/solicitudProceso/crearModificarSolicitudProceso.xhtml HTTP/1.1" 200 9550
201.245.172.17 - - [28/Aug/2023:14:48:30 -0500] "POST /sipse/faces/presentacion/financiero/solicitudProceso/crearModificarSolicitudProceso.xhtml HTTP/1.1" 200 6692
201.244.254.28 - - [28/Aug/2023:14:48:30 -0500] "POST /BLA/boletinlegal/admin/actos/ingresar.php HTTP/1.1" 200 7302
172.22.2.4 - - [28/Aug/2023:14:47:15 -0500] "GET /BLA/boletinlegal/ HTTP/1.1" 200 58597
201.245.192.253 - - [28/Aug/2023:14:49:36 -0500] "POST /forms/lservlet;jsessionid=ac16012b30d6231e11beb4184fc196bef4201a195e46.e3iSbxaKaheRe34Rch0Ra3mLchv0n6jAmljGr5XDqQLvpAe HTTP/1.1" 200 2
201.245.192.253 - - [28/Aug/2023:14:50:02 -0500] "POST /forms/lservlet;jsessionid=ac16012b30d6d413b32b58ed42358a09f8ce180300aa.e3iSbxaKaheRe34Rch0Ra3mLchv0n6jAmljGr5XDqQLvpAe HTTP/1.1" 200 2
201.244.254.28 - - [28/Aug/2023:14:50:28 -0500] "POST /BLA/boletinlegal/admin/actos/ingresar.php HTTP/1.1" 200 7302
216.245.221.92 - - [28/Aug/2023:14:51:08 -0500] "HEAD / HTTP/1.1" 200 -
198.235.24.82 - - [28/Aug/2023:14:51:23 -0500] "GET / HTTP/1.1" 200 319
201.245.192.253 - - [28/Aug/2023:14:51:36 -0500] "POST /forms/lservlet;jsessionid=ac16012b30d6231e11beb4184fc196bef4201a195e46.e3iSbxaKaheRe34Rch0Ra3mLchv0n6jAmljGr5XDqQLvpAe HTTP/1.1" 200 2
191.66.242.193 - - [28/Aug/2023:14:51:42 -0500] "GET /appsia/controlador HTTP/1.1" 200 4799
191.66.242.193 - - [28/Aug/2023:14:51:42 -0500] "GET /appsia/css/estilos.css HTTP/1.1" 200 4804
191.66.242.193 - - [28/Aug/2023:14:51:42 -0500] "GET /appsia/scripts/validarIngreso.js HTTP/1.1" 200 851
191.66.242.193 - - [28/Aug/2023:14:51:42 -0500] "GET /appsia/images/logo_bogota_p.png HTTP/1.1" 200 14951
191.66.242.193 - - [28/Aug/2023:14:51:42 -0500] "GET /appsia/images/cabezoteHojaVida.png HTTP/1.1" 200 32493
191.66.242.193 - - [28/Aug/2023:14:51:42 -0500] "GET /favicon.ico HTTP/1.1" 200 7782
201.244.254.28 - - [28/Aug/2023:14:51:44 -0500] "POST /BLA/boletinlegal/admin/actos/ingresar.php HTTP/1.1" 200 7302
181.61.255.197 - - [28/Aug/2023:14:51:54 -0500] "GET /inscribete-y-participa-en-la-convencion-internacional-de-emergencia-climatica-bogota-2023.html HTTP/1.1" 200 895
