201.245.192.253 - - [28/Aug/2023:14:52:02 -0500] "POST /forms/lservlet;jsessionid=ac16012b30d6d413b32b58ed42358a09f8ce180300aa.e3iSbxaKaheRe34Rch0Ra3mLchv0n6jAmljGr5XDqQLvpAe HTTP/1.1" 200 2
191.66.242.193 - - [28/Aug/2023:14:52:06 -0500] "POST /appsia/controlador HTTP/1.1" 200 5437
191.66.242.193 - - [28/Aug/2023:14:52:09 -0500] "POST /appsia/controlador HTTP/1.1" 200 7727
191.66.242.193 - - [28/Aug/2023:14:52:09 -0500] "GET /appsia/images/logo_escudo.png HTTP/1.1" 200 36965
201.245.172.17 - - [28/Aug/2023:14:52:31 -0500] "POST /sipse/faces/presentacion/financiero/solicitudProceso/crearModificarSolicitudProceso.xhtml HTTP/1.1" 200 24586
201.245.172.17 - - [28/Aug/2023:14:52:31 -0500] "GET /sipse/faces/javax.faces.resource/theme.css?ln=primefaces-sipse HTTP/1.1" 304 -
201.245.172.17 - - [28/Aug/2023:14:52:31 -0500] "GET /sipse/faces/javax.faces.resource/primefaces.css?ln=primefaces&v=4.0 HTTP/1.1" 304 -
201.245.172.17 - - [28/Aug/2023:14:52:31 -0500] "GET /sipse/faces/javax.faces.resource/layout/layout.css?ln=primefaces&v=4.0 HTTP/1.1" 304 -
201.245.172.17 - - [28/Aug/2023:14:52:31 -0500] "GET /sipse/faces/javax.faces.resource/primefaces.js?ln=primefaces&v=4.0 HTTP/1.1" 304 -
201.245.172.17 - - [28/Aug/2023:14:52:31 -0500] "GET /sipse/faces/javax.faces.resource/layout/layout.js?ln=primefaces&v=4.0 HTTP/1.1" 304 -
201.245.172.17 - - [28/Aug/2023:14:52:31 -0500] "GET /sipse/faces/javax.faces.resource/jquery/jquery-plugins.js?ln=primefaces&v=4.0 HTTP/1.1" 304 -
201.245.172.17 - - [28/Aug/2023:14:52:31 -0500] "GET /sipse/faces/javax.faces.resource/jquery/jquery.js?ln=primefaces&v=4.0 HTTP/1.1" 304 -
201.245.172.17 - - [28/Aug/2023:14:52:31 -0500] "GET /sipse/faces/javax.faces.resource/images/ui-icons_898989_256x240.png?ln=primefaces-aristo HTTP/1.1" 304 -
201.245.172.17 - - [28/Aug/2023:14:52:35 -0500] "GET /sipse/faces/javax.faces.resource/images/ui-bg_flat_0_2d5972_40x100.png?ln=primefaces-aristo HTTP/1.1" 304 -
201.245.192.253 - - [28/Aug/2023:14:52:34 -0500] "POST /kwsrmcab/Wsrmcab  HTTP/1.1" 200 41818
201.245.172.17 - - [28/Aug/2023:14:52:35 -0500] "POST /sipse/faces/presentacion/financiero/solicitudProyectoActividad/asociarProyectoSolicitud.xhtml HTTP/1.1" 200 13161
201.244.254.28 - - [28/Aug/2023:14:52:52 -0500] "POST /BLA/boletinlegal/admin/actos/ingresar.php HTTP/1.1" 200 7302
201.245.172.17 - - [28/Aug/2023:14:53:05 -0500] "POST /sipse/faces/presentacion/financiero/solicitudProyectoActividad/asociarProyectoSolicitud.xhtml HTTP/1.1" 200 1696
201.245.172.17 - - [28/Aug/2023:14:53:07 -0500] "POST /sipse/faces/presentacion/financiero/solicitudProyectoActividad/asociarProyectoSolicitud.xhtml HTTP/1.1" 200 77764
201.245.172.17 - - [28/Aug/2023:14:53:08 -0500] "GET /sipse/faces/javax.faces.resource/theme.css?ln=primefaces-sipse HTTP/1.1" 304 -
201.245.172.17 - - [28/Aug/2023:14:53:08 -0500] "GET /sipse/faces/javax.faces.resource/primefaces.css?ln=primefaces&v=4.0 HTTP/1.1" 304 -
201.245.172.17 - - [28/Aug/2023:14:53:08 -0500] "GET /sipse/faces/javax.faces.resource/layout/layout.css?ln=primefaces&v=4.0 HTTP/1.1" 304 -
201.245.172.17 - - [28/Aug/2023:14:53:08 -0500] "GET /sipse/faces/javax.faces.resource/jquery/jquery.js?ln=primefaces&v=4.0 HTTP/1.1" 304 -
201.245.172.17 - - [28/Aug/2023:14:53:08 -0500] "GET /sipse/faces/javax.faces.resource/jquery/jquery-plugins.js?ln=primefaces&v=4.0 HTTP/1.1" 304 -
201.245.172.17 - - [28/Aug/2023:14:53:08 -0500] "GET /sipse/faces/javax.faces.resource/primefaces.js?ln=primefaces&v=4.0 HTTP/1.1" 304 -
201.245.172.17 - - [28/Aug/2023:14:53:08 -0500] "GET /sipse/faces/javax.faces.resource/layout/layout.js?ln=primefaces&v=4.0 HTTP/1.1" 304 -
172.22.2.4 - - [28/Aug/2023:14:53:20 -0500] "GET /BLA/boletinlegal/actos.php HTTP/1.1" 200 9682
201.245.192.253 - - [28/Aug/2023:14:53:36 -0500] "POST /forms/lservlet;jsessionid=ac16012b30d6231e11beb4184fc196bef4201a195e46.e3iSbxaKaheRe34Rch0Ra3mLchv0n6jAmljGr5XDqQLvpAe HTTP/1.1" 200 2
201.245.172.17 - - [28/Aug/2023:14:53:47 -0500] "POST /sipse/faces/presentacion/financiero/solicitudProyectoActividad/asociarActividadSolicitud.xhtml HTTP/1.1" 200 20154
201.245.172.17 - - [28/Aug/2023:14:53:48 -0500] "GET /sipse/faces/javax.faces.resource/theme.css?ln=primefaces-sipse HTTP/1.1" 304 -
201.245.172.17 - - [28/Aug/2023:14:53:48 -0500] "GET /sipse/faces/javax.faces.resource/jquery/jquery.js?ln=primefaces&v=4.0 HTTP/1.1" 304 -
201.245.172.17 - - [28/Aug/2023:14:53:48 -0500] "GET /sipse/faces/javax.faces.resource/layout/layout.css?ln=primefaces&v=4.0 HTTP/1.1" 304 -
201.245.172.17 - - [28/Aug/2023:14:53:48 -0500] "GET /sipse/faces/javax.faces.resource/primefaces.css?ln=primefaces&v=4.0 HTTP/1.1" 304 -
201.245.172.17 - - [28/Aug/2023:14:53:48 -0500] "GET /sipse/faces/javax.faces.resource/jquery/jquery-plugins.js?ln=primefaces&v=4.0 HTTP/1.1" 304 -
201.245.172.17 - - [28/Aug/2023:14:53:48 -0500] "GET /sipse/faces/javax.faces.resource/primefaces.js?ln=primefaces&v=4.0 HTTP/1.1" 304 -
201.245.172.17 - - [28/Aug/2023:14:53:48 -0500] "GET /sipse/faces/javax.faces.resource/layout/layout.js?ln=primefaces&v=4.0 HTTP/1.1" 304 -
172.22.2.4 - - [28/Aug/2023:14:52:14 -0500] "HEAD /BLA/boletinlegal/ HTTP/1.1" 200 -
201.245.192.253 - - [28/Aug/2023:14:54:02 -0500] "POST /forms/lservlet;jsessionid=ac16012b30d6d413b32b58ed42358a09f8ce180300aa.e3iSbxaKaheRe34Rch0Ra3mLchv0n6jAmljGr5XDqQLvpAe HTTP/1.1" 200 2
201.244.254.28 - - [28/Aug/2023:14:54:04 -0500] "POST /BLA/boletinlegal/admin/actos/ingresar.php HTTP/1.1" 200 7302
172.22.2.4 - - [28/Aug/2023:14:54:20 -0500] "GET /BLA/boletinlegal/actos.php HTTP/1.1" 200 9682
172.22.2.4 - - [28/Aug/2023:14:54:20 -0500] "GET /BLA/boletinlegal/style.css HTTP/1.1" 200 9406
172.22.2.4 - - [28/Aug/2023:14:54:20 -0500] "GET /BLA/boletinlegal/niceforms-default.css HTTP/1.1" 200 6694
172.22.2.4 - - [28/Aug/2023:14:54:20 -0500] "GET /BLA/boletinlegal/js/ajax_actos.js HTTP/1.1" 200 1322
172.22.2.4 - - [28/Aug/2023:14:54:20 -0500] "GET /BLA/boletinlegal/styles2.css HTTP/1.1" 200 1838
172.22.2.4 - - [28/Aug/2023:14:54:20 -0500] "GET /BLA/boletinlegal/niceforms.js HTTP/1.1" 200 22876
172.22.2.4 - - [28/Aug/2023:14:54:20 -0500] "GET /BLA/boletinlegal/js/lib.js HTTP/1.1" 200 6474
172.22.2.4 - - [28/Aug/2023:14:54:20 -0500] "GET /BLA/boletinlegal/js/popup.js HTTP/1.1" 200 1270
172.22.2.4 - - [28/Aug/2023:14:54:20 -0500] "GET /BLA/boletinlegal/images/cabezote%20BLEGAL.jpg HTTP/1.1" 200 118164
172.22.2.4 - - [28/Aug/2023:14:54:20 -0500] "GET /BLA/boletinlegal/js/jquery1.js HTTP/1.1" 200 29846
172.22.2.4 - - [28/Aug/2023:14:54:20 -0500] "GET /BLA/boletinlegal/images/subscribe-icon-big.png HTTP/1.1" 200 47702
172.22.2.4 - - [28/Aug/2023:14:54:20 -0500] "GET /BLA/boletinlegal/images/historia.png HTTP/1.1" 200 52775
172.22.2.4 - - [28/Aug/2023:14:54:20 -0500] "GET /BLA/boletinlegal/images/registro-usuarios.png HTTP/1.1" 200 8106
172.22.2.4 - - [28/Aug/2023:14:54:20 -0500] "GET /BLA/boletinlegal/images/green-yellow-blue-pink-th.png HTTP/1.1" 200 7394
172.22.2.4 - - [28/Aug/2023:14:54:20 -0500] "GET /BLA/boletinlegal/images/tel.png HTTP/1.1" 200 14477
172.22.2.4 - - [28/Aug/2023:14:54:20 -0500] "GET /BLA/boletinlegal/images/icono-email.png HTTP/1.1" 200 5544
172.22.2.4 - - [28/Aug/2023:14:54:20 -0500] "GET /BLA/boletinlegal/images/body_bg.jpg HTTP/1.1" 200 1601
172.22.2.4 - - [28/Aug/2023:14:54:20 -0500] "GET /BLA/boletinlegal/images/menu_lft.gif HTTP/1.1" 200 1713
172.22.2.4 - - [28/Aug/2023:14:54:20 -0500] "GET /BLA/boletinlegal/images/menu_rght.gif HTTP/1.1" 200 1627
172.22.2.4 - - [28/Aug/2023:14:54:20 -0500] "GET /BLA/boletinlegal/images/bg_top.jpg HTTP/1.1" 200 522
172.22.2.4 - - [28/Aug/2023:14:54:20 -0500] "GET /BLA/boletinlegal/images/text.jpg HTTP/1.1" 200 568
172.22.2.4 - - [28/Aug/2023:14:54:20 -0500] "GET /BLA/boletinlegal/images/hover.jpg HTTP/1.1" 200 640
172.22.2.4 - - [28/Aug/2023:14:54:20 -0500] "GET /BLA/boletinlegal/images/menu_bg.jpg HTTP/1.1" 200 620
172.22.2.4 - - [28/Aug/2023:14:54:20 -0500] "GET /BLA/boletinlegal/images/footer_bg.jpg HTTP/1.1" 200 586
172.22.2.4 - - [28/Aug/2023:14:54:20 -0500] "GET /BLA/boletinlegal/images/footer_bg_l.jpg HTTP/1.1" 200 776
172.22.2.4 - - [28/Aug/2023:14:54:20 -0500] "GET /BLA/boletinlegal/img/0.png HTTP/1.1" 200 110
172.22.2.4 - - [28/Aug/2023:14:54:20 -0500] "GET /BLA/boletinlegal/img/select-left.png HTTP/1.1" 200 263
172.22.2.4 - - [28/Aug/2023:14:54:20 -0500] "GET /BLA/boletinlegal/img/select-right.png HTTP/1.1" 200 44019
172.22.2.4 - - [28/Aug/2023:14:54:20 -0500] "GET /BLA/boletinlegal/img/button-left.png HTTP/1.1" 200 57071
172.22.2.4 - - [28/Aug/2023:14:54:20 -0500] "GET /BLA/boletinlegal/img/button.png HTTP/1.1" 200 43241
172.22.2.4 - - [28/Aug/2023:14:54:20 -0500] "GET /BLA/boletinlegal/img/button-right.png HTTP/1.1" 200 57878
172.22.2.4 - - [28/Aug/2023:14:54:20 -0500] "GET /BLA/boletinlegal/favicon.ico HTTP/1.1" 404 1326
186.84.21.55 - - [28/Aug/2023:14:54:27 -0500] "GET / HTTP/1.1" 200 319
186.84.21.55 - - [28/Aug/2023:14:54:27 -0500] "GET /favicon.ico HTTP/1.1" 200 7782
172.22.2.4 - - [28/Aug/2023:14:54:32 -0500] "GET /BLA/boletinlegal/owa/auth/x.js HTTP/1.1" 404 1018
201.245.172.17 - - [28/Aug/2023:14:54:32 -0500] "POST /sipse/faces/presentacion/financiero/solicitudProyectoActividad/asociarFuentesSolicitud.xhtml HTTP/1.1" 200 81520
201.245.172.17 - - [28/Aug/2023:14:54:33 -0500] "GET /sipse/faces/javax.faces.resource/theme.css?ln=primefaces-sipse HTTP/1.1" 304 -
201.245.172.17 - - [28/Aug/2023:14:54:33 -0500] "GET /sipse/faces/javax.faces.resource/primefaces.css?ln=primefaces&v=4.0 HTTP/1.1" 304 -
201.245.172.17 - - [28/Aug/2023:14:54:33 -0500] "GET /sipse/faces/javax.faces.resource/jquery/jquery.js?ln=primefaces&v=4.0 HTTP/1.1" 304 -
201.245.172.17 - - [28/Aug/2023:14:54:33 -0500] "GET /sipse/faces/javax.faces.resource/layout/layout.css?ln=primefaces&v=4.0 HTTP/1.1" 304 -
201.245.172.17 - - [28/Aug/2023:14:54:33 -0500] "GET /sipse/faces/javax.faces.resource/layout/layout.js?ln=primefaces&v=4.0 HTTP/1.1" 304 -
201.245.172.17 - - [28/Aug/2023:14:54:33 -0500] "GET /sipse/faces/javax.faces.resource/jquery/jquery-plugins.js?ln=primefaces&v=4.0 HTTP/1.1" 304 -
201.245.172.17 - - [28/Aug/2023:14:54:33 -0500] "GET /sipse/faces/javax.faces.resource/primefaces.js?ln=primefaces&v=4.0 HTTP/1.1" 304 -
201.245.172.17 - - [28/Aug/2023:14:54:34 -0500] "GET /sipse/css/imagen/contrasena.png HTTP/1.1" 404 383
201.245.172.17 - - [28/Aug/2023:14:54:34 -0500] "GET /sipse/faces/javax.faces.resource/images/ui-icons_898989_256x240.png?ln=primefaces-aristo HTTP/1.1" 304 -
172.22.2.4 - - [28/Aug/2023:14:53:04 -0500] "GET /BLA/boletinlegal/ HTTP/1.1" 200 53766
173.252.87.9 - - [28/Aug/2023:14:54:46 -0500] "GET /images/Acuerdos%2001%20(1)%20(1).jpeg HTTP/1.1" 200 32884
172.22.2.4 - - [28/Aug/2023:14:54:56 -0500] "GET /BLA/boletinlegal/actos.php HTTP/1.1" 200 9682
172.22.2.4 - - [28/Aug/2023:14:54:57 -0500] "GET /BLA/boletinlegal/niceforms.js HTTP/1.1" 200 22876
172.22.2.4 - - [28/Aug/2023:14:54:57 -0500] "GET /BLA/boletinlegal/styles2.css HTTP/1.1" 200 1838
172.22.2.4 - - [28/Aug/2023:14:54:57 -0500] "GET /BLA/boletinlegal/js/ajax_actos.js HTTP/1.1" 200 1322
172.22.2.4 - - [28/Aug/2023:14:54:57 -0500] "GET /BLA/boletinlegal/niceforms-default.css HTTP/1.1" 200 6694
172.22.2.4 - - [28/Aug/2023:14:54:57 -0500] "GET /BLA/boletinlegal/style.css HTTP/1.1" 200 9406
172.22.2.4 - - [28/Aug/2023:14:54:57 -0500] "GET /BLA/boletinlegal/js/lib.js HTTP/1.1" 200 6474
172.22.2.4 - - [28/Aug/2023:14:54:58 -0500] "GET /BLA/boletinlegal/js/jquery1.js HTTP/1.1" 200 29846
172.22.2.4 - - [28/Aug/2023:14:54:58 -0500] "GET /BLA/boletinlegal/js/popup.js HTTP/1.1" 200 1270
172.22.2.4 - - [28/Aug/2023:14:54:58 -0500] "GET /BLA/boletinlegal/images/cabezote%20BLEGAL.jpg HTTP/1.1" 200 118164
172.22.2.4 - - [28/Aug/2023:14:54:58 -0500] "GET /BLA/boletinlegal/images/historia.png HTTP/1.1" 200 52775
172.22.2.4 - - [28/Aug/2023:14:54:58 -0500] "GET /BLA/boletinlegal/images/subscribe-icon-big.png HTTP/1.1" 200 47702
172.22.2.4 - - [28/Aug/2023:14:55:02 -0500] "GET /BLA/boletinlegal/favicon.ico HTTP/1.1" 404 1326
201.245.172.17 - - [28/Aug/2023:14:54:49 -0500] "POST /sipse/faces/presentacion/financiero/solicitudProceso/crearModificarSolicitudProceso.xhtml HTTP/1.1" 200 45539
201.245.172.17 - - [28/Aug/2023:14:55:04 -0500] "GET /sipse/faces/javax.faces.resource/theme.css?ln=primefaces-sipse HTTP/1.1" 304 -
201.245.172.17 - - [28/Aug/2023:14:55:04 -0500] "GET /sipse/faces/javax.faces.resource/layout/layout.css?ln=primefaces&v=4.0 HTTP/1.1" 304 -
201.245.172.17 - - [28/Aug/2023:14:55:04 -0500] "GET /sipse/faces/javax.faces.resource/primefaces.css?ln=primefaces&v=4.0 HTTP/1.1" 304 -
201.245.172.17 - - [28/Aug/2023:14:55:04 -0500] "GET /sipse/faces/javax.faces.resource/primefaces.js?ln=primefaces&v=4.0 HTTP/1.1" 304 -
201.245.172.17 - - [28/Aug/2023:14:55:04 -0500] "GET /sipse/faces/javax.faces.resource/jquery/jquery-plugins.js?ln=primefaces&v=4.0 HTTP/1.1" 304 -
201.245.172.17 - - [28/Aug/2023:14:55:04 -0500] "GET /sipse/faces/javax.faces.resource/jquery/jquery.js?ln=primefaces&v=4.0 HTTP/1.1" 304 -
201.245.172.17 - - [28/Aug/2023:14:55:04 -0500] "GET /sipse/faces/javax.faces.resource/layout/layout.js?ln=primefaces&v=4.0 HTTP/1.1" 304 -
201.244.254.28 - - [28/Aug/2023:14:55:15 -0500] "POST /BLA/boletinlegal/admin/actos/ingresar.php HTTP/1.1" 200 7302
201.245.192.253 - - [28/Aug/2023:14:55:36 -0500] "POST /forms/lservlet;jsessionid=ac16012b30d6231e11beb4184fc196bef4201a195e46.e3iSbxaKaheRe34Rch0Ra3mLchv0n6jAmljGr5XDqQLvpAe HTTP/1.1" 200 2
201.245.172.17 - - [28/Aug/2023:14:55:34 -0500] "POST /sipse/faces/presentacion/financiero/solicitudBienServicio/asociarBienServicioSolicitud.xhtml HTTP/1.1" 200 25946
181.63.8.141 - - [28/Aug/2023:14:55:45 -0500] "GET /sipse/faces/faces/autenticacion.xhtml HTTP/1.1" 200 12170
181.63.8.141 - - [28/Aug/2023:14:55:46 -0500] "GET /sipse/js/disable_browser_buttons.js HTTP/1.1" 304 -
181.63.8.141 - - [28/Aug/2023:14:55:46 -0500] "GET /sipse/js/funciones.js HTTP/1.1" 304 -
181.63.8.141 - - [28/Aug/2023:14:55:46 -0500] "GET /sipse/faces/javax.faces.resource/primefaces.css?ln=primefaces&v=4.0 HTTP/1.1" 304 -
181.63.8.141 - - [28/Aug/2023:14:55:46 -0500] "GET /sipse/css/custom_css_sg.css HTTP/1.1" 304 -
181.63.8.141 - - [28/Aug/2023:14:55:46 -0500] "GET /sipse/css/custom_css_sg_prime_login.css HTTP/1.1" 304 -
181.63.8.141 - - [28/Aug/2023:14:55:46 -0500] "GET /sipse/faces/javax.faces.resource/layout/layout.css?ln=primefaces&v=4.0 HTTP/1.1" 304 -
181.63.8.141 - - [28/Aug/2023:14:55:46 -0500] "GET /sipse/faces/javax.faces.resource/jquery/jquery-plugins.js?ln=primefaces&v=4.0 HTTP/1.1" 304 -
181.63.8.141 - - [28/Aug/2023:14:55:46 -0500] "GET /sipse/faces/javax.faces.resource/theme.css?ln=primefaces-sipse HTTP/1.1" 304 -
181.63.8.141 - - [28/Aug/2023:14:55:46 -0500] "GET /sipse/faces/javax.faces.resource/primefaces.js?ln=primefaces&v=4.0 HTTP/1.1" 304 -
181.63.8.141 - - [28/Aug/2023:14:55:46 -0500] "GET /sipse/faces/javax.faces.resource/layout/layout.js?ln=primefaces&v=4.0 HTTP/1.1" 304 -
181.63.8.141 - - [28/Aug/2023:14:55:46 -0500] "GET /sipse/faces/javax.faces.resource/jquery/jquery.js?ln=primefaces&v=4.0 HTTP/1.1" 304 -
181.63.8.141 - - [28/Aug/2023:14:55:46 -0500] "GET /sipse/css/imagen/logoSDG.png HTTP/1.1" 304 -
181.63.8.141 - - [28/Aug/2023:14:55:46 -0500] "GET /sipse/css/imagen/loginimg.png HTTP/1.1" 304 -
181.63.8.141 - - [28/Aug/2023:14:55:46 -0500] "GET /sipse/faces/javax.faces.resource/images/ui-icons_898989_256x240.png?ln=primefaces-aristo HTTP/1.1" 304 -
181.63.8.141 - - [28/Aug/2023:14:55:46 -0500] "GET /sipse/faces/faces/index.xhtml HTTP/1.1" 200 677
181.63.8.141 - - [28/Aug/2023:14:55:46 -0500] "GET /sipse/faces/javax.faces.resource/theme.css?ln=primefaces-sipse HTTP/1.1" 304 -
181.63.8.141 - - [28/Aug/2023:14:55:46 -0500] "GET /sipse/faces/faces/faces/autenticacion.xhtml HTTP/1.1" 200 12170
181.63.8.141 - - [28/Aug/2023:14:55:46 -0500] "GET /sipse/faces/javax.faces.resource/theme.css?ln=primefaces-sipse HTTP/1.1" 304 -
181.63.8.141 - - [28/Aug/2023:14:55:46 -0500] "GET /sipse/faces/javax.faces.resource/jquery/jquery.js?ln=primefaces&v=4.0 HTTP/1.1" 304 -
181.63.8.141 - - [28/Aug/2023:14:55:46 -0500] "GET /sipse/faces/javax.faces.resource/layout/layout.css?ln=primefaces&v=4.0 HTTP/1.1" 304 -
181.63.8.141 - - [28/Aug/2023:14:55:46 -0500] "GET /sipse/faces/javax.faces.resource/primefaces.css?ln=primefaces&v=4.0 HTTP/1.1" 304 -
181.63.8.141 - - [28/Aug/2023:14:55:46 -0500] "GET /sipse/faces/javax.faces.resource/primefaces.js?ln=primefaces&v=4.0 HTTP/1.1" 304 -
181.63.8.141 - - [28/Aug/2023:14:55:46 -0500] "GET /sipse/faces/javax.faces.resource/jquery/jquery-plugins.js?ln=primefaces&v=4.0 HTTP/1.1" 304 -
181.63.8.141 - - [28/Aug/2023:14:55:46 -0500] "GET /sipse/faces/javax.faces.resource/layout/layout.js?ln=primefaces&v=4.0 HTTP/1.1" 304 -
172.22.2.4 - - [28/Aug/2023:14:55:48 -0500] "GET /BLA/boletinlegal/consulta_actos.php?tipo=resoluciones&no=1999&usuario=&sector=&fecha=1999&resuelve= HTTP/1.1" 200 626
181.63.8.141 - - [28/Aug/2023:14:55:51 -0500] "POST /sipse/faces/autenticacion.xhtml HTTP/1.1" 200 2224
181.63.8.141 - - [28/Aug/2023:14:55:51 -0500] "GET /sipse/faces/javax.faces.resource/messages/messages.png?ln=primefaces&v=4.0 HTTP/1.1" 304 -
181.63.8.141 - - [28/Aug/2023:14:55:52 -0500] "GET /sipse/faces/javax.faces.resource/images/ui-icons_898989_256x240.png?ln=primefaces-aristo HTTP/1.1" 304 -
181.63.8.141 - - [28/Aug/2023:14:55:52 -0500] "POST /sipse/faces/autenticacion.xhtml HTTP/1.1" 200 16348
181.63.8.141 - - [28/Aug/2023:14:55:53 -0500] "GET /sipse/css/custom_css_sg_prime.css HTTP/1.1" 304 -
181.63.8.141 - - [28/Aug/2023:14:55:53 -0500] "GET /sipse/faces/javax.faces.resource/theme.css?ln=primefaces-sipse HTTP/1.1" 304 -
181.63.8.141 - - [28/Aug/2023:14:55:53 -0500] "GET /sipse/faces/javax.faces.resource/layout/layout.css?ln=primefaces&v=4.0 HTTP/1.1" 304 -
181.63.8.141 - - [28/Aug/2023:14:55:53 -0500] "GET /sipse/faces/javax.faces.resource/primefaces.css?ln=primefaces&v=4.0 HTTP/1.1" 304 -
181.63.8.141 - - [28/Aug/2023:14:55:53 -0500] "GET /sipse/js/jquery.min.js HTTP/1.1" 304 -
181.63.8.141 - - [28/Aug/2023:14:55:53 -0500] "GET /sipse/faces/javax.faces.resource/jquery/jquery.js?ln=primefaces&v=4.0 HTTP/1.1" 304 -
181.63.8.141 - - [28/Aug/2023:14:55:53 -0500] "GET /sipse/faces/javax.faces.resource/jquery/jquery-plugins.js?ln=primefaces&v=4.0 HTTP/1.1" 304 -
181.63.8.141 - - [28/Aug/2023:14:55:53 -0500] "GET /sipse/faces/javax.faces.resource/primefaces.js?ln=primefaces&v=4.0 HTTP/1.1" 304 -
181.63.8.141 - - [28/Aug/2023:14:55:53 -0500] "GET /sipse/faces/javax.faces.resource/layout/layout.js?ln=primefaces&v=4.0 HTTP/1.1" 304 -
181.63.8.141 - - [28/Aug/2023:14:55:53 -0500] "GET /sipse/css/v_mergente.css HTTP/1.1" 304 -
181.63.8.141 - - [28/Aug/2023:14:55:53 -0500] "GET /sipse/imagenes/logoAplicacion.jpg HTTP/1.1" 304 -
181.63.8.141 - - [28/Aug/2023:14:55:53 -0500] "GET /sipse/imagenes/cargando.gif HTTP/1.1" 304 -
181.63.8.141 - - [28/Aug/2023:14:55:53 -0500] "GET /sipse/css/imagen/contrasena.png HTTP/1.1" 404 383
181.63.8.141 - - [28/Aug/2023:14:55:55 -0500] "GET /sipse/faces/javax.faces.resource/images/ui-bg_flat_0_2d5972_40x100.png?ln=primefaces-aristo HTTP/1.1" 304 -
181.63.8.141 - - [28/Aug/2023:14:55:55 -0500] "POST /sipse/faces/bienvenido.xhtml HTTP/1.1" 200 2073
181.63.8.141 - - [28/Aug/2023:14:55:57 -0500] "POST /sipse/faces/bienvenido.xhtml HTTP/1.1" 200 38975
181.63.8.141 - - [28/Aug/2023:14:55:57 -0500] "GET /sipse/faces/javax.faces.resource/theme.css?ln=primefaces-sipse HTTP/1.1" 304 -
181.63.8.141 - - [28/Aug/2023:14:55:57 -0500] "GET /sipse/faces/javax.faces.resource/layout/layout.css?ln=primefaces&v=4.0 HTTP/1.1" 304 -
181.63.8.141 - - [28/Aug/2023:14:55:57 -0500] "GET /sipse/faces/javax.faces.resource/primefaces.css?ln=primefaces&v=4.0 HTTP/1.1" 304 -
181.63.8.141 - - [28/Aug/2023:14:55:57 -0500] "GET /sipse/faces/javax.faces.resource/jquery/jquery.js?ln=primefaces&v=4.0 HTTP/1.1" 304 -
181.63.8.141 - - [28/Aug/2023:14:55:57 -0500] "GET /sipse/faces/javax.faces.resource/jquery/jquery-plugins.js?ln=primefaces&v=4.0 HTTP/1.1" 304 -
181.63.8.141 - - [28/Aug/2023:14:55:57 -0500] "GET /sipse/faces/javax.faces.resource/primefaces.js?ln=primefaces&v=4.0 HTTP/1.1" 304 -
181.63.8.141 - - [28/Aug/2023:14:55:57 -0500] "GET /sipse/faces/javax.faces.resource/layout/layout.js?ln=primefaces&v=4.0 HTTP/1.1" 304 -
201.245.192.253 - - [28/Aug/2023:14:56:02 -0500] "POST /forms/lservlet;jsessionid=ac16012b30d6d413b32b58ed42358a09f8ce180300aa.e3iSbxaKaheRe34Rch0Ra3mLchv0n6jAmljGr5XDqQLvpAe HTTP/1.1" 200 2
201.245.172.17 - - [28/Aug/2023:14:55:49 -0500] "POST /sipse/faces/presentacion/financiero/solicitudBienServicio/asociarBienServicioSolicitud.xhtml HTTP/1.1" 200 28565
172.22.2.4 - - [28/Aug/2023:14:56:06 -0500] "GET /BLA/boletinlegal/consulta_actos.php?tipo=resoluciones&no=1999&usuario=830122379&sector=&fecha=1999&resuelve= HTTP/1.1" 200 626
216.245.221.92 - - [28/Aug/2023:14:56:08 -0500] "HEAD / HTTP/1.1" 200 -
172.22.2.4 - - [28/Aug/2023:14:56:10 -0500] "GET /BLA/boletinlegal/consulta_actos.php?tipo=resoluciones&no=1999&usuario=830122379&sector=&fecha=1999&resuelve= HTTP/1.1" 200 626
172.22.2.4 - - [28/Aug/2023:14:56:11 -0500] "GET /BLA/boletinlegal/consulta_actos.php?tipo=resoluciones&no=1999&usuario=830122379&sector=&fecha=1999&resuelve= HTTP/1.1" 200 626
172.22.2.4 - - [28/Aug/2023:14:56:11 -0500] "GET /BLA/boletinlegal/consulta_actos.php?tipo=resoluciones&no=1999&usuario=830122379&sector=&fecha=1999&resuelve= HTTP/1.1" 200 626
172.22.2.4 - - [28/Aug/2023:14:56:11 -0500] "GET /BLA/boletinlegal/consulta_actos.php?tipo=resoluciones&no=1999&usuario=830122379&sector=&fecha=1999&resuelve= HTTP/1.1" 200 626
172.22.2.4 - - [28/Aug/2023:14:56:12 -0500] "GET /BLA/boletinlegal/consulta_actos.php?tipo=resoluciones&no=1999&usuario=830122379&sector=&fecha=1999&resuelve= HTTP/1.1" 200 626
181.63.8.141 - - [28/Aug/2023:14:55:59 -0500] "POST /sipse/faces/presentacion/financiero/solicitudProceso/consultar.xhtml HTTP/1.1" 200 41253
172.22.2.4 - - [28/Aug/2023:14:56:16 -0500] "GET /BLA/boletinlegal/consulta_actos.php?tipo=resoluciones&no=1999&usuario=830122379&sector=PEV&fecha=1999&resuelve= HTTP/1.1" 200 626
172.22.2.4 - - [28/Aug/2023:14:56:18 -0500] "GET /BLA/boletinlegal/consulta_actos.php?tipo=resoluciones&no=1999&usuario=830122379&sector=PEV&fecha=1999&resuelve= HTTP/1.1" 200 626
172.22.2.4 - - [28/Aug/2023:14:56:18 -0500] "GET /BLA/boletinlegal/consulta_actos.php?tipo=resoluciones&no=1999&usuario=830122379&sector=PEV&fecha=1999&resuelve= HTTP/1.1" 200 626
172.22.2.4 - - [28/Aug/2023:14:56:19 -0500] "GET /BLA/boletinlegal/consulta_actos.php?tipo=resoluciones&no=1999&usuario=830122379&sector=PEV&fecha=1999&resuelve= HTTP/1.1" 200 626
172.22.2.4 - - [28/Aug/2023:14:56:19 -0500] "GET /BLA/boletinlegal/consulta_actos.php?tipo=resoluciones&no=1999&usuario=830122379&sector=PEV&fecha=1999&resuelve= HTTP/1.1" 200 626
201.245.172.17 - - [28/Aug/2023:14:56:05 -0500] "POST /sipse/faces/presentacion/financiero/solicitudBienServicio/asociarBienServicioSolicitud.xhtml HTTP/1.1" 200 28569
172.22.2.4 - - [28/Aug/2023:14:56:19 -0500] "GET /BLA/boletinlegal/consulta_actos.php?tipo=resoluciones&no=1999&usuario=830122379&sector=PEV&fecha=1999&resuelve= HTTP/1.1" 200 626
172.22.2.4 - - [28/Aug/2023:14:56:24 -0500] "GET /BLA/boletinlegal/actos.php HTTP/1.1" 200 9682
201.245.172.17 - - [28/Aug/2023:14:56:19 -0500] "POST /sipse/faces/presentacion/financiero/solicitudBienServicio/asociarBienServicioSolicitud.xhtml HTTP/1.1" 200 28565
201.244.254.28 - - [28/Aug/2023:14:56:32 -0500] "POST /BLA/boletinlegal/admin/actos/ingresar.php HTTP/1.1" 200 7302
181.63.8.141 - - [28/Aug/2023:14:56:39 -0500] "POST /sipse/faces/presentacion/financiero/solicitudProceso/consultar.xhtml HTTP/1.1" 200 3378
181.63.8.141 - - [28/Aug/2023:14:56:40 -0500] "POST /sipse/faces/presentacion/financiero/solicitudProceso/consultar.xhtml HTTP/1.1" 200 30657
201.245.172.17 - - [28/Aug/2023:14:56:30 -0500] "POST /sipse/faces/presentacion/financiero/solicitudBienServicio/asociarBienServicioSolicitud.xhtml HTTP/1.1" 200 28569
181.63.8.141 - - [28/Aug/2023:14:56:51 -0500] "POST /sipse/faces/presentacion/financiero/solicitudProceso/consultar.xhtml HTTP/1.1" 200 30872
201.245.172.17 - - [28/Aug/2023:14:56:41 -0500] "POST /sipse/faces/presentacion/financiero/solicitudBienServicio/asociarBienServicioSolicitud.xhtml HTTP/1.1" 200 28565
181.63.8.141 - - [28/Aug/2023:14:56:54 -0500] "POST /sipse/faces/presentacion/financiero/solicitudProceso/consultar.xhtml HTTP/1.1" 200 5925
172.22.2.4 - - [28/Aug/2023:14:56:55 -0500] "GET /BLA/boletinlegal/consulta_actos.php?tipo=resoluciones&no=1999&usuario=830122379&sector=PEV&fecha=1999&resuelve= HTTP/1.1" 200 626
181.63.8.141 - - [28/Aug/2023:14:56:57 -0500] "POST /sipse/faces/presentacion/financiero/solicitudProceso/consultar.xhtml HTTP/1.1" 200 30824
172.22.2.4 - - [28/Aug/2023:14:56:57 -0500] "GET /BLA/boletinlegal/consulta_actos.php?tipo=resoluciones&no=1999&usuario=830122379&sector=PEV&fecha=1999&resuelve= HTTP/1.1" 200 626
172.22.2.4 - - [28/Aug/2023:14:56:58 -0500] "GET /BLA/boletinlegal/consulta_actos.php?tipo=resoluciones&no=1999&usuario=830122379&sector=PEV&fecha=1999&resuelve= HTTP/1.1" 200 626
172.22.2.4 - - [28/Aug/2023:14:56:58 -0500] "GET /BLA/boletinlegal/consulta_actos.php?tipo=resoluciones&no=1999&usuario=830122379&sector=PEV&fecha=1999&resuelve= HTTP/1.1" 200 626
181.63.8.141 - - [28/Aug/2023:14:56:59 -0500] "POST /sipse/faces/presentacion/financiero/solicitudProceso/consultar.xhtml HTTP/1.1" 200 30872
201.245.172.17 - - [28/Aug/2023:14:56:52 -0500] "POST /sipse/faces/presentacion/financiero/solicitudBienServicio/asociarBienServicioSolicitud.xhtml HTTP/1.1" 200 28569
181.63.8.141 - - [28/Aug/2023:14:57:05 -0500] "POST /sipse/faces/presentacion/financiero/solicitudProceso/consultar.xhtml HTTP/1.1" 200 30956
201.245.172.17 - - [28/Aug/2023:14:57:02 -0500] "POST /sipse/faces/presentacion/financiero/solicitudBienServicio/asociarBienServicioSolicitud.xhtml HTTP/1.1" 200 28565
172.22.2.4 - - [28/Aug/2023:14:57:15 -0500] "GET /BLA/boletinlegal/consulta_actos.php?tipo=resoluciones&no=1999&usuario=MARKETING*&sector=PEV&fecha=1999&resuelve= HTTP/1.1" 200 626
172.22.2.4 - - [28/Aug/2023:14:57:17 -0500] "GET /BLA/boletinlegal/consulta_actos.php?tipo=resoluciones&no=1999&usuario=MARKETING*&sector=PEV&fecha=1999&resuelve= HTTP/1.1" 200 626
181.63.8.141 - - [28/Aug/2023:14:57:21 -0500] "POST /sipse/faces/presentacion/financiero/solicitudProceso/consultar.xhtml HTTP/1.1" 200 30625
181.63.8.141 - - [28/Aug/2023:14:57:22 -0500] "POST /sipse/faces/presentacion/financiero/solicitudProceso/consultar.xhtml HTTP/1.1" 200 30920
201.245.172.17 - - [28/Aug/2023:14:57:18 -0500] "POST /sipse/faces/presentacion/financiero/solicitudBienServicio/asociarBienServicioSolicitud.xhtml HTTP/1.1" 200 29955
181.63.8.141 - - [28/Aug/2023:14:57:30 -0500] "POST /sipse/faces/presentacion/financiero/solicitudProceso/consultar.xhtml HTTP/1.1" 200 30855
181.63.8.141 - - [28/Aug/2023:14:57:35 -0500] "POST /sipse/faces/presentacion/financiero/solicitudProceso/consultar.xhtml HTTP/1.1" 200 30520
201.245.192.253 - - [28/Aug/2023:14:57:33 -0500] "POST /kwsrmcab/Wsrmcab  HTTP/1.1" 200 41818
201.245.192.253 - - [28/Aug/2023:14:57:36 -0500] "POST /forms/lservlet;jsessionid=ac16012b30d6231e11beb4184fc196bef4201a195e46.e3iSbxaKaheRe34Rch0Ra3mLchv0n6jAmljGr5XDqQLvpAe HTTP/1.1" 200 2
40.94.31.13 - - [28/Aug/2023:14:57:36 -0500] "GET /galeria/galeria/jquery.fancybox.css?v=2.1.5 HTTP/1.1" 200 4895
40.94.31.74 - - [28/Aug/2023:14:57:36 -0500] "GET /BLA/boletinlegal/js/jquery.scrollShow.js HTTP/1.1" 200 4586
40.94.31.28 - - [28/Aug/2023:14:57:36 -0500] "GET /galeria/galeria/jquery.fancybox.js?v=2.1.5 HTTP/1.1" 200 48706
201.245.172.17 - - [28/Aug/2023:14:57:31 -0500] "POST /sipse/faces/presentacion/financiero/solicitudBienServicio/asociarBienServicioSolicitud.xhtml HTTP/1.1" 200 29955
181.63.8.141 - - [28/Aug/2023:14:57:44 -0500] "POST /sipse/faces/presentacion/financiero/solicitudProceso/consultar.xhtml HTTP/1.1" 200 5917
201.244.254.28 - - [28/Aug/2023:14:57:49 -0500] "POST /BLA/boletinlegal/admin/actos/ingresar.php HTTP/1.1" 200 7302
201.245.172.17 - - [28/Aug/2023:14:57:42 -0500] "POST /sipse/faces/presentacion/financiero/solicitudBienServicio/asociarBienServicioSolicitud.xhtml HTTP/1.1" 200 29955
181.50.17.68 - - [28/Aug/2023:14:58:00 -0500] "GET /BLA/resoluciones/ HTTP/1.1" 200 13502
181.63.8.141 - - [28/Aug/2023:14:57:59 -0500] "POST /sipse/faces/presentacion/financiero/solicitudProceso/consultar.xhtml HTTP/1.1" 200 128916
181.63.8.141 - - [28/Aug/2023:14:58:00 -0500] "GET /sipse/faces/javax.faces.resource/theme.css?ln=primefaces-sipse HTTP/1.1" 304 -
181.63.8.141 - - [28/Aug/2023:14:58:00 -0500] "GET /sipse/faces/javax.faces.resource/primefaces.css?ln=primefaces&v=4.0 HTTP/1.1" 304 -
181.63.8.141 - - [28/Aug/2023:14:58:00 -0500] "GET /sipse/faces/javax.faces.resource/layout/layout.css?ln=primefaces&v=4.0 HTTP/1.1" 304 -
181.63.8.141 - - [28/Aug/2023:14:58:00 -0500] "GET /sipse/faces/javax.faces.resource/jquery/jquery.js?ln=primefaces&v=4.0 HTTP/1.1" 304 -
181.50.17.68 - - [28/Aug/2023:14:58:00 -0500] "GET /BLA/resoluciones/dlf/folder.png HTTP/1.1" 200 410
181.50.17.68 - - [28/Aug/2023:14:58:00 -0500] "GET /BLA/resoluciones/dlf/styles.css HTTP/1.1" 200 3049
181.63.8.141 - - [28/Aug/2023:14:58:00 -0500] "GET /sipse/faces/javax.faces.resource/jquery/jquery-plugins.js?ln=primefaces&v=4.0 HTTP/1.1" 304 -
181.50.17.68 - - [28/Aug/2023:14:58:00 -0500] "GET /BLA/resoluciones/dlf/bg.gif HTTP/1.1" 200 54
181.63.8.141 - - [28/Aug/2023:14:58:00 -0500] "GET /sipse/faces/javax.faces.resource/primefaces.js?ln=primefaces&v=4.0 HTTP/1.1" 304 -
181.63.8.141 - - [28/Aug/2023:14:58:00 -0500] "GET /sipse/faces/javax.faces.resource/layout/layout.js?ln=primefaces&v=4.0 HTTP/1.1" 304 -
201.245.192.253 - - [28/Aug/2023:14:58:03 -0500] "POST /forms/lservlet;jsessionid=ac16012b30d6d413b32b58ed42358a09f8ce180300aa.e3iSbxaKaheRe34Rch0Ra3mLchv0n6jAmljGr5XDqQLvpAe HTTP/1.1" 200 2
181.63.8.141 - - [28/Aug/2023:14:58:11 -0500] "POST /sipse/faces/presentacion/financiero/solicitudProceso/consultarSolicitudProceso.xhtml HTTP/1.1" 200 32340
181.63.8.141 - - [28/Aug/2023:14:58:11 -0500] "GET /sipse/faces/javax.faces.resource/theme.css?ln=primefaces-sipse HTTP/1.1" 304 -
181.63.8.141 - - [28/Aug/2023:14:58:11 -0500] "GET /sipse/faces/javax.faces.resource/primefaces.css?ln=primefaces&v=4.0 HTTP/1.1" 304 -
181.63.8.141 - - [28/Aug/2023:14:58:11 -0500] "GET /sipse/faces/javax.faces.resource/layout/layout.css?ln=primefaces&v=4.0 HTTP/1.1" 304 -
181.63.8.141 - - [28/Aug/2023:14:58:11 -0500] "GET /sipse/faces/javax.faces.resource/jquery/jquery.js?ln=primefaces&v=4.0 HTTP/1.1" 304 -
181.63.8.141 - - [28/Aug/2023:14:58:11 -0500] "GET /sipse/faces/javax.faces.resource/jquery/jquery-plugins.js?ln=primefaces&v=4.0 HTTP/1.1" 304 -
181.63.8.141 - - [28/Aug/2023:14:58:11 -0500] "GET /sipse/faces/javax.faces.resource/primefaces.js?ln=primefaces&v=4.0 HTTP/1.1" 304 -
181.63.8.141 - - [28/Aug/2023:14:58:11 -0500] "GET /sipse/faces/javax.faces.resource/layout/layout.js?ln=primefaces&v=4.0 HTTP/1.1" 304 -
172.22.2.4 - - [28/Aug/2023:14:58:20 -0500] "GET /BLA/boletinlegal/consulta_actos.php?tipo=resoluciones&no=1999&usuario=MARKETING*&sector=PEV&fecha=2009&resuelve= HTTP/1.1" 200 626
181.63.8.141 - - [28/Aug/2023:14:58:20 -0500] "POST /sipse/faces/presentacion/financiero/solicitudProceso/consultarHistorialSolProceso.xhtml HTTP/1.1" 200 70449
181.63.8.141 - - [28/Aug/2023:14:58:21 -0500] "GET /sipse/faces/javax.faces.resource/theme.css?ln=primefaces-sipse HTTP/1.1" 304 -
181.63.8.141 - - [28/Aug/2023:14:58:21 -0500] "GET /sipse/faces/javax.faces.resource/primefaces.css?ln=primefaces&v=4.0 HTTP/1.1" 304 -
181.63.8.141 - - [28/Aug/2023:14:58:21 -0500] "GET /sipse/faces/javax.faces.resource/layout/layout.css?ln=primefaces&v=4.0 HTTP/1.1" 304 -
181.63.8.141 - - [28/Aug/2023:14:58:21 -0500] "GET /sipse/faces/javax.faces.resource/jquery/jquery.js?ln=primefaces&v=4.0 HTTP/1.1" 304 -
181.63.8.141 - - [28/Aug/2023:14:58:21 -0500] "GET /sipse/faces/javax.faces.resource/jquery/jquery-plugins.js?ln=primefaces&v=4.0 HTTP/1.1" 304 -
181.63.8.141 - - [28/Aug/2023:14:58:21 -0500] "GET /sipse/faces/javax.faces.resource/primefaces.js?ln=primefaces&v=4.0 HTTP/1.1" 304 -
181.63.8.141 - - [28/Aug/2023:14:58:21 -0500] "GET /sipse/faces/javax.faces.resource/layout/layout.js?ln=primefaces&v=4.0 HTTP/1.1" 304 -
172.22.2.4 - - [28/Aug/2023:14:58:21 -0500] "GET /BLA/boletinlegal/consulta_actos.php?tipo=resoluciones&no=1999&usuario=MARKETING*&sector=PEV&fecha=2009&resuelve= HTTP/1.1" 200 626
181.63.8.141 - - [28/Aug/2023:14:58:25 -0500] "POST /sipse/faces/presentacion/financiero/solicitudProceso/consultar.xhtml HTTP/1.1" 200 911
172.22.2.4 - - [28/Aug/2023:14:58:35 -0500] "GET /BLA/boletinlegal/consulta_actos.php?tipo=resoluciones&no=1999&usuario=830122379&sector=PEV&fecha=2009&resuelve= HTTP/1.1" 200 626
172.22.2.4 - - [28/Aug/2023:14:58:35 -0500] "GET /BLA/boletinlegal/consulta_actos.php?tipo=resoluciones&no=1999&usuario=830122379&sector=PEV&fecha=2009&resuelve= HTTP/1.1" 200 626
172.22.2.4 - - [28/Aug/2023:14:58:35 -0500] "GET /BLA/boletinlegal/consulta_actos.php?tipo=resoluciones&no=1999&usuario=830122379&sector=PEV&fecha=2009&resuelve= HTTP/1.1" 200 626
172.22.2.4 - - [28/Aug/2023:14:58:36 -0500] "GET /BLA/boletinlegal/consulta_actos.php?tipo=resoluciones&no=1999&usuario=830122379&sector=PEV&fecha=2009&resuelve= HTTP/1.1" 200 626
172.22.2.4 - - [28/Aug/2023:14:58:38 -0500] "GET /BLA/boletinlegal/actos.php HTTP/1.1" 200 9682
201.245.172.17 - - [28/Aug/2023:14:58:38 -0500] "POST /sipse/faces/presentacion/financiero/solicitudBienServicio/asociarBienServicioSolicitud.xhtml HTTP/1.1" 200 77382
201.245.172.17 - - [28/Aug/2023:14:58:38 -0500] "GET /sipse/faces/javax.faces.resource/theme.css?ln=primefaces-sipse HTTP/1.1" 304 -
201.245.172.17 - - [28/Aug/2023:14:58:38 -0500] "GET /sipse/faces/javax.faces.resource/primefaces.css?ln=primefaces&v=4.0 HTTP/1.1" 304 -
201.245.172.17 - - [28/Aug/2023:14:58:38 -0500] "GET /sipse/faces/javax.faces.resource/layout/layout.css?ln=primefaces&v=4.0 HTTP/1.1" 304 -
201.245.172.17 - - [28/Aug/2023:14:58:38 -0500] "GET /sipse/faces/javax.faces.resource/jquery/jquery.js?ln=primefaces&v=4.0 HTTP/1.1" 304 -
201.245.172.17 - - [28/Aug/2023:14:58:38 -0500] "GET /sipse/faces/javax.faces.resource/jquery/jquery-plugins.js?ln=primefaces&v=4.0 HTTP/1.1" 304 -
201.245.172.17 - - [28/Aug/2023:14:58:38 -0500] "GET /sipse/faces/javax.faces.resource/primefaces.js?ln=primefaces&v=4.0 HTTP/1.1" 304 -
201.245.172.17 - - [28/Aug/2023:14:58:38 -0500] "GET /sipse/faces/javax.faces.resource/layout/layout.js?ln=primefaces&v=4.0 HTTP/1.1" 304 -
201.245.172.17 - - [28/Aug/2023:14:58:39 -0500] "GET /sipse/css/imagen/contrasena.png HTTP/1.1" 404 383
172.22.2.4 - - [28/Aug/2023:14:58:59 -0500] "GET /BLA/boletinlegal/consulta_actos.php?tipo=resoluciones&no=1999&usuario=&sector=PEV&fecha=2009&resuelve= HTTP/1.1" 200 1078
172.22.2.4 - - [28/Aug/2023:14:58:59 -0500] "GET /BLA/boletinlegal/images/pdf.gif HTTP/1.1" 200 567
201.244.254.28 - - [28/Aug/2023:14:59:01 -0500] "POST /BLA/boletinlegal/admin/actos/ingresar.php HTTP/1.1" 200 7302
186.117.206.151 - - [28/Aug/2023:14:59:01 -0500] "GET /BLA/resoluciones/RESOLUCIONES%202009/1999.pdf HTTP/1.1" 200 743612
201.245.172.17 - - [28/Aug/2023:14:58:46 -0500] "POST /sipse/faces/presentacion/financiero/solicitudProceso/crearModificarSolicitudProceso.xhtml HTTP/1.1" 200 45539
201.245.172.17 - - [28/Aug/2023:14:59:02 -0500] "GET /sipse/faces/javax.faces.resource/primefaces.css?ln=primefaces&v=4.0 HTTP/1.1" 304 -
201.245.172.17 - - [28/Aug/2023:14:59:02 -0500] "GET /sipse/faces/javax.faces.resource/theme.css?ln=primefaces-sipse HTTP/1.1" 304 -
201.245.172.17 - - [28/Aug/2023:14:59:02 -0500] "GET /sipse/faces/javax.faces.resource/jquery/jquery-plugins.js?ln=primefaces&v=4.0 HTTP/1.1" 304 -
201.245.172.17 - - [28/Aug/2023:14:59:02 -0500] "GET /sipse/faces/javax.faces.resource/layout/layout.css?ln=primefaces&v=4.0 HTTP/1.1" 304 -
201.245.172.17 - - [28/Aug/2023:14:59:02 -0500] "GET /sipse/faces/javax.faces.resource/jquery/jquery.js?ln=primefaces&v=4.0 HTTP/1.1" 304 -
201.245.172.17 - - [28/Aug/2023:14:59:02 -0500] "GET /sipse/faces/javax.faces.resource/primefaces.js?ln=primefaces&v=4.0 HTTP/1.1" 304 -
201.245.172.17 - - [28/Aug/2023:14:59:02 -0500] "GET /sipse/faces/javax.faces.resource/layout/layout.js?ln=primefaces&v=4.0 HTTP/1.1" 304 -
201.245.172.17 - - [28/Aug/2023:14:59:09 -0500] "POST /sipse/faces/presentacion/financiero/solicitudBienServicio/asociarBienServicioSolicitud.xhtml HTTP/1.1" 200 1591
191.156.186.138 - - [28/Aug/2023:14:59:25 -0500] "GET /secretaria-de-ambiente-abre-convocatoria-para-el-proceso-de-formacion-mujeres-cuidadoras-de-humedales.html?fbclid=IwAR0BKhU2HoYDwZUWQzhw2j-SZrVs8oPPp0Ww9YZyjRIHWrbVX_lUpJPmGmI HTTP/1.1" 200 943
201.245.172.17 - - [28/Aug/2023:14:59:23 -0500] "POST /sipse/faces/presentacion/financiero/solicitudBienServicio/asociarBienServicioSolicitud.xhtml HTTP/1.1" 200 2692
201.245.192.253 - - [28/Aug/2023:14:59:36 -0500] "POST /forms/lservlet;jsessionid=ac16012b30d6231e11beb4184fc196bef4201a195e46.e3iSbxaKaheRe34Rch0Ra3mLchv0n6jAmljGr5XDqQLvpAe HTTP/1.1" 200 2
172.22.2.4 - - [28/Aug/2023:14:58:04 -0500] "HEAD /BLA/boletinlegal/ HTTP/1.1" 200 -
172.22.2.4 - - [28/Aug/2023:14:58:06 -0500] "GET /BLA/boletinlegal/ HTTP/1.1" 200 53362
201.245.172.17 - - [28/Aug/2023:14:59:48 -0500] "POST /sipse/faces/presentacion/financiero/solicitudBienServicio/asociarBienServicioSolicitud.xhtml HTTP/1.1" 200 2696
201.245.192.253 - - [28/Aug/2023:15:00:03 -0500] "POST /forms/lservlet;jsessionid=ac16012b30d6d413b32b58ed42358a09f8ce180300aa.e3iSbxaKaheRe34Rch0Ra3mLchv0n6jAmljGr5XDqQLvpAe HTTP/1.1" 200 2
201.244.254.28 - - [28/Aug/2023:15:00:13 -0500] "POST /BLA/boletinlegal/admin/actos/ingresar.php HTTP/1.1" 200 7302
201.245.172.17 - - [28/Aug/2023:15:00:04 -0500] "POST /sipse/faces/presentacion/financiero/solicitudBienServicio/asociarBienServicioSolicitud.xhtml HTTP/1.1" 200 2692
201.245.172.17 - - [28/Aug/2023:15:00:15 -0500] "POST /sipse/faces/presentacion/financiero/solicitudBienServicio/asociarBienServicioSolicitud.xhtml HTTP/1.1" 200 2692
172.22.2.4 - - [28/Aug/2023:15:00:30 -0500] "GET /BLA/boletinlegal/consulta_actos.php?tipo=resoluciones&no=5251&usuario=&sector=PEV&fecha=2011&resuelve= HTTP/1.1" 200 1120
172.22.2.4 - - [28/Aug/2023:14:58:55 -0500] "GET /BLA/boletinlegal/ HTTP/1.1" 200 57323
201.245.172.17 - - [28/Aug/2023:15:00:25 -0500] "POST /sipse/faces/presentacion/financiero/solicitudBienServicio/asociarBienServicioSolicitud.xhtml HTTP/1.1" 200 2692
172.22.2.4 - - [28/Aug/2023:15:00:38 -0500] "GET /BLA/boletinlegal/consulta_actos.php?tipo=resoluciones&no=&usuario=&sector=&fecha=2023&resuelve= HTTP/1.1" 200 203859
172.22.2.4 - - [28/Aug/2023:15:00:38 -0500] "GET /BLA/boletinlegal/images/pdf.gif HTTP/1.1" 200 567
172.22.2.4 - - [28/Aug/2023:15:00:38 -0500] "GET /BLA/boletinlegal/images/background.gif HTTP/1.1" 200 -
190.25.106.68 - - [28/Aug/2023:15:00:50 -0500] "GET /BLA/resoluciones/RESOLUCIONES%202023/1545.pdf HTTP/1.1" 200 464651
190.25.106.68 - - [28/Aug/2023:15:00:51 -0500] "GET /favicon.ico HTTP/1.1" 200 7782
190.25.106.68 - - [28/Aug/2023:15:00:52 -0500] "GET /BLA/resoluciones/RESOLUCIONES%202023/1545.pdf HTTP/1.1" 200 464651
190.25.106.68 - - [28/Aug/2023:15:00:52 -0500] "GET /BLA/resoluciones/RESOLUCIONES%202023/1545.pdf HTTP/1.1" 206 1025
201.245.172.17 - - [28/Aug/2023:15:00:43 -0500] "POST /sipse/faces/presentacion/financiero/solicitudBienServicio/asociarBienServicioSolicitud.xhtml HTTP/1.1" 200 25946
191.156.178.226 - - [28/Aug/2023:15:00:59 -0500] "GET /alianza-entre-secretaria-de-ambiente-y-universidad-piloto-para-capacitar-y-fortalecer-a-las-mujeres-que-reverdecen.html?fbclid=IwAR3FgNVeQ5O9q4Xs4SeuOqquI1_qIVms743e0FccTb_CSwG_wnLaZHePai8 HTTP/1.1" 200 950
201.245.172.17 - - [28/Aug/2023:15:00:53 -0500] "POST /sipse/faces/presentacion/financiero/solicitudBienServicio/asociarBienServicioSolicitud.xhtml HTTP/1.1" 200 25946
216.245.221.92 - - [28/Aug/2023:15:01:08 -0500] "HEAD / HTTP/1.1" 200 -
201.245.172.17 - - [28/Aug/2023:15:01:07 -0500] "POST /sipse/faces/presentacion/financiero/solicitudBienServicio/asociarBienServicioSolicitud.xhtml HTTP/1.1" 200 25946
172.22.2.4 - - [28/Aug/2023:15:01:17 -0500] "GET /BLA/boletinlegal/consulta_actos.php?tipo=resoluciones&no=2231&usuario=&sector=PEV&fecha=2018&resuelve= HTTP/1.1" 200 1133
186.117.206.151 - - [28/Aug/2023:15:01:18 -0500] "GET /BLA/resoluciones/RESOLUCIONES%202018/2231.pdf HTTP/1.1" 200 3049492
201.244.254.28 - - [28/Aug/2023:15:01:22 -0500] "POST /BLA/boletinlegal/admin/actos/ingresar.php HTTP/1.1" 200 7302
201.245.192.253 - - [28/Aug/2023:15:01:36 -0500] "POST /forms/lservlet;jsessionid=ac16012b30d6231e11beb4184fc196bef4201a195e46.e3iSbxaKaheRe34Rch0Ra3mLchv0n6jAmljGr5XDqQLvpAe HTTP/1.1" 200 2
152.203.231.166 - - [28/Aug/2023:15:01:36 -0500] "GET /catalogoisis/ HTTP/1.1" 200 8575
152.203.231.166 - - [28/Aug/2023:15:01:36 -0500] "GET /catalogoisis/Css/Busqueda.css HTTP/1.1" 200 1995
152.203.231.166 - - [28/Aug/2023:15:01:36 -0500] "GET /catalogoisis/Js/AceptarLimpiar.js HTTP/1.1" 200 331
152.203.231.166 - - [28/Aug/2023:15:01:36 -0500] "GET /catalogoisis/Js/Remote.js HTTP/1.1" 200 436
152.203.231.166 - - [28/Aug/2023:15:01:36 -0500] "GET /catalogoisis/Js/Cookies.js HTTP/1.1" 200 1369
152.203.231.166 - - [28/Aug/2023:15:01:36 -0500] "GET /catalogoisis/Js/CriterioCombinada.js HTTP/1.1" 200 1843
152.203.231.166 - - [28/Aug/2023:15:01:36 -0500] "GET /catalogoisis/Js/LimpiarCombinada.js HTTP/1.1" 200 207
152.203.231.166 - - [28/Aug/2023:15:01:36 -0500] "GET /catalogoisis/Js/Go.js HTTP/1.1" 200 364
152.203.231.166 - - [28/Aug/2023:15:01:36 -0500] "GET /catalogoisis/Js/Numero.js HTTP/1.1" 200 398
152.203.231.166 - - [28/Aug/2023:15:01:36 -0500] "GET /catalogoisis/Js/Enter.js HTTP/1.1" 200 1208
152.203.231.166 - - [28/Aug/2023:15:01:36 -0500] "GET /catalogoisis/imagenes/limpiar1.gif HTTP/1.1" 200 606
152.203.231.166 - - [28/Aug/2023:15:01:36 -0500] "GET /catalogoisis/imagenes/br1c1.gif HTTP/1.1" 200 172
152.203.231.166 - - [28/Aug/2023:15:01:36 -0500] "GET /catalogoisis/imagenes/br3c1.gif HTTP/1.1" 200 177
152.203.231.166 - - [28/Aug/2023:15:01:36 -0500] "GET /catalogoisis/imagenes/br3c2.gif HTTP/1.1" 200 285
152.203.231.166 - - [28/Aug/2023:15:01:36 -0500] "GET /catalogoisis/imagenes/aceptar1.gif HTTP/1.1" 200 604
152.203.231.166 - - [28/Aug/2023:15:01:36 -0500] "GET /catalogoisis/imagenes/br1c3.gif HTTP/1.1" 200 302
152.203.231.166 - - [28/Aug/2023:15:01:36 -0500] "GET /catalogoisis/imagenes/Turnbo1.gif HTTP/1.1" 200 227
152.203.231.166 - - [28/Aug/2023:15:01:36 -0500] "GET /catalogoisis/imagenes/br3c3.gif HTTP/1.1" 200 186
152.203.231.166 - - [28/Aug/2023:15:01:36 -0500] "GET /catalogoisis/imagenes/br1c2.gif HTTP/1.1" 200 297
152.203.231.166 - - [28/Aug/2023:15:01:36 -0500] "GET /catalogoisis/imagenes/Header.gif HTTP/1.1" 200 30313
152.203.231.166 - - [28/Aug/2023:15:01:36 -0500] "GET /catalogoisis/imagenes/br2c3.gif HTTP/1.1" 200 416
152.203.231.166 - - [28/Aug/2023:15:01:36 -0500] "GET /catalogoisis/imagenes/br2c1.gif HTTP/1.1" 200 297
152.203.231.166 - - [28/Aug/2023:15:01:36 -0500] "GET /catalogoisis/imagenes/br2c2.gif HTTP/1.1" 200 302
152.203.231.166 - - [28/Aug/2023:15:01:36 -0500] "GET /favicon.ico HTTP/1.1" 200 7782
201.245.172.17 - - [28/Aug/2023:15:01:26 -0500] "POST /sipse/faces/presentacion/financiero/solicitudBienServicio/asociarBienServicioSolicitud.xhtml HTTP/1.1" 200 2860
201.245.172.17 - - [28/Aug/2023:15:01:40 -0500] "GET /sipse/faces/javax.faces.resource/images/ui-icons_898989_256x240.png?ln=primefaces-aristo HTTP/1.1" 304 -
201.245.172.17 - - [28/Aug/2023:15:01:42 -0500] "POST /sipse/faces/presentacion/financiero/solicitudBienServicio/asociarBienServicioSolicitud.xhtml HTTP/1.1" 200 78573
201.245.172.17 - - [28/Aug/2023:15:01:42 -0500] "GET /sipse/faces/javax.faces.resource/theme.css?ln=primefaces-sipse HTTP/1.1" 304 -
201.245.172.17 - - [28/Aug/2023:15:01:42 -0500] "GET /sipse/faces/javax.faces.resource/primefaces.css?ln=primefaces&v=4.0 HTTP/1.1" 304 -
201.245.172.17 - - [28/Aug/2023:15:01:42 -0500] "GET /sipse/faces/javax.faces.resource/layout/layout.css?ln=primefaces&v=4.0 HTTP/1.1" 304 -
201.245.172.17 - - [28/Aug/2023:15:01:42 -0500] "GET /sipse/faces/javax.faces.resource/jquery/jquery.js?ln=primefaces&v=4.0 HTTP/1.1" 304 -
201.245.172.17 - - [28/Aug/2023:15:01:42 -0500] "GET /sipse/faces/javax.faces.resource/jquery/jquery-plugins.js?ln=primefaces&v=4.0 HTTP/1.1" 304 -
201.245.172.17 - - [28/Aug/2023:15:01:42 -0500] "GET /sipse/faces/javax.faces.resource/primefaces.js?ln=primefaces&v=4.0 HTTP/1.1" 304 -
201.245.172.17 - - [28/Aug/2023:15:01:42 -0500] "GET /sipse/faces/javax.faces.resource/layout/layout.js?ln=primefaces&v=4.0 HTTP/1.1" 304 -
190.27.113.194 - - [28/Aug/2023:15:01:45 -0500] "GET /BLA/resoluciones/RESOLUCIONES%202023/1545.pdf HTTP/1.1" 200 464651
190.27.113.194 - - [28/Aug/2023:15:01:47 -0500] "GET /BLA/resoluciones/RESOLUCIONES%202023/1545.pdf HTTP/1.1" 200 464651
190.27.113.194 - - [28/Aug/2023:15:01:47 -0500] "GET /BLA/resoluciones/RESOLUCIONES%202023/1545.pdf HTTP/1.1" 206 1025
152.203.231.166 - - [28/Aug/2023:15:01:47 -0500] "GET /catalogoisis/Diccionario.php?i=0&form=0&element=2&prefix=au-&first=yes HTTP/1.1" 200 4197
152.203.231.166 - - [28/Aug/2023:15:01:47 -0500] "GET /catalogoisis/Js/CriterioDiccionario.js HTTP/1.1" 200 608
152.203.231.166 - - [28/Aug/2023:15:01:47 -0500] "GET /catalogoisis/Css/Diccionario.css HTTP/1.1" 200 1478
152.203.231.166 - - [28/Aug/2023:15:01:47 -0500] "GET /catalogoisis/Js/LimpiarDiccionario.js HTTP/1.1" 200 98
152.203.231.166 - - [28/Aug/2023:15:01:47 -0500] "GET /catalogoisis/Js/Diccionario.js HTTP/1.1" 200 999
162.55.175.141 - - [28/Aug/2023:15:01:55 -0500] "GET / HTTP/1.1" 200 319
162.55.175.141 - - [28/Aug/2023:15:01:56 -0500] "GET / HTTP/1.1" 200 4720
201.245.192.253 - - [28/Aug/2023:15:02:03 -0500] "POST /forms/lservlet;jsessionid=ac16012b30d6d413b32b58ed42358a09f8ce180300aa.e3iSbxaKaheRe34Rch0Ra3mLchv0n6jAmljGr5XDqQLvpAe HTTP/1.1" 200 2
152.203.231.166 - - [28/Aug/2023:15:02:07 -0500] "GET /catalogoisis/imagenes/aceptar2.gif HTTP/1.1" 200 586
201.245.192.253 - - [28/Aug/2023:15:02:17 -0500] "POST /sipse/faces/presentacion/financiero/solicitudProceso/listarSolicitudProceso.xhtml HTTP/1.1" 200 25229
201.245.192.253 - - [28/Aug/2023:15:02:17 -0500] "POST /sipse/faces/presentacion/financiero/solicitudProceso/listarSolicitudProceso.xhtml HTTP/1.1" 200 25229
201.245.192.253 - - [28/Aug/2023:15:02:18 -0500] "POST /sipse/faces/presentacion/financiero/solicitudProceso/listarSolicitudProceso.xhtml HTTP/1.1" 200 25229
201.245.192.253 - - [28/Aug/2023:15:02:18 -0500] "POST /sipse/faces/presentacion/financiero/solicitudProceso/listarSolicitudProceso.xhtml HTTP/1.1" 200 25229
201.245.192.253 - - [28/Aug/2023:15:02:18 -0500] "POST /sipse/faces/presentacion/financiero/solicitudProceso/listarSolicitudProceso.xhtml HTTP/1.1" 200 25229
201.245.192.253 - - [28/Aug/2023:15:02:18 -0500] "POST /sipse/faces/presentacion/financiero/solicitudProceso/listarSolicitudProceso.xhtml HTTP/1.1" 200 1376
201.245.192.253 - - [28/Aug/2023:15:02:19 -0500] "POST /sipse/faces/presentacion/financiero/solicitudProceso/listarSolicitudProceso.xhtml HTTP/1.1" 200 1380
201.245.192.253 - - [28/Aug/2023:15:02:19 -0500] "POST /sipse/faces/presentacion/financiero/solicitudProceso/listarSolicitudProceso.xhtml HTTP/1.1" 200 1380
201.245.192.253 - - [28/Aug/2023:15:02:19 -0500] "POST /sipse/faces/presentacion/financiero/solicitudProceso/listarSolicitudProceso.xhtml HTTP/1.1" 200 1380
201.245.192.253 - - [28/Aug/2023:15:02:19 -0500] "POST /sipse/faces/presentacion/financiero/solicitudProceso/listarSolicitudProceso.xhtml HTTP/1.1" 200 1380
181.206.61.164 - - [28/Aug/2023:15:02:21 -0500] "GET /BLA/resoluciones/RESOLUCIONES%202023/1545.pdf HTTP/1.1" 200 464651
181.206.61.164 - - [28/Aug/2023:15:02:21 -0500] "GET /favicon.ico HTTP/1.1" 200 7782
152.203.231.166 - - [28/Aug/2023:15:02:22 -0500] "GET /catalogoisis/imagenes/aceptar2.gif HTTP/1.1" 200 586
152.203.231.166 - - [28/Aug/2023:15:02:22 -0500] "GET /catalogoisis/imagenes/aceptar2.gif HTTP/1.1" 200 586
201.245.192.253 - - [28/Aug/2023:15:02:23 -0500] "POST /sipse/faces/presentacion/financiero/solicitudProceso/listarSolicitudProceso.xhtml HTTP/1.1" 200 24763
201.245.192.253 - - [28/Aug/2023:15:02:24 -0500] "POST /sipse/faces/presentacion/financiero/solicitudProceso/listarSolicitudProceso.xhtml HTTP/1.1" 200 24763
201.245.192.253 - - [28/Aug/2023:15:02:24 -0500] "POST /sipse/faces/presentacion/financiero/solicitudProceso/listarSolicitudProceso.xhtml HTTP/1.1" 200 24763
201.245.192.253 - - [28/Aug/2023:15:02:24 -0500] "POST /sipse/faces/presentacion/financiero/solicitudProceso/listarSolicitudProceso.xhtml HTTP/1.1" 200 24763
201.245.192.253 - - [28/Aug/2023:15:02:25 -0500] "POST /sipse/faces/presentacion/financiero/solicitudProceso/listarSolicitudProceso.xhtml HTTP/1.1" 200 24763
201.245.192.253 - - [28/Aug/2023:15:02:25 -0500] "POST /sipse/faces/presentacion/financiero/solicitudProceso/listarSolicitudProceso.xhtml HTTP/1.1" 200 1428
201.245.192.253 - - [28/Aug/2023:15:02:26 -0500] "POST /sipse/faces/presentacion/financiero/solicitudProceso/listarSolicitudProceso.xhtml HTTP/1.1" 200 1432
201.245.192.253 - - [28/Aug/2023:15:02:26 -0500] "POST /sipse/faces/presentacion/financiero/solicitudProceso/listarSolicitudProceso.xhtml HTTP/1.1" 200 1428
201.245.192.253 - - [28/Aug/2023:15:02:26 -0500] "POST /sipse/faces/presentacion/financiero/solicitudProceso/listarSolicitudProceso.xhtml HTTP/1.1" 200 1428
201.245.192.253 - - [28/Aug/2023:15:02:26 -0500] "POST /sipse/faces/presentacion/financiero/solicitudProceso/listarSolicitudProceso.xhtml HTTP/1.1" 200 1432
152.203.231.166 - - [28/Aug/2023:15:02:29 -0500] "GET /catalogoisis/imagenes/limpiar2.gif HTTP/1.1" 200 589
152.203.231.166 - - [28/Aug/2023:15:02:29 -0500] "GET /catalogoisis/imagenes/limpiar2.gif HTTP/1.1" 200 589
