190.25.103.110 - - [03/Sep/2023:17:42:47 -0500] "POST /sipse/faces/presentacion/financiero/solicitudAnulacion/consultarSolicitudAnulacion.xhtml HTTP/1.1" 200 40914
190.25.103.110 - - [03/Sep/2023:17:42:48 -0500] "GET /sipse/faces/javax.faces.resource/theme.css?ln=primefaces-sipse HTTP/1.1" 304 -
190.25.103.110 - - [03/Sep/2023:17:42:48 -0500] "GET /sipse/faces/javax.faces.resource/primefaces.css?ln=primefaces&v=4.0 HTTP/1.1" 304 -
190.25.103.110 - - [03/Sep/2023:17:42:48 -0500] "GET /sipse/faces/javax.faces.resource/layout/layout.css?ln=primefaces&v=4.0 HTTP/1.1" 304 -
190.25.103.110 - - [03/Sep/2023:17:42:48 -0500] "GET /sipse/faces/javax.faces.resource/fileupload/fileupload.css?ln=primefaces&v=4.0 HTTP/1.1" 304 -
190.25.103.110 - - [03/Sep/2023:17:42:48 -0500] "GET /sipse/faces/javax.faces.resource/jquery/jquery.js?ln=primefaces&v=4.0 HTTP/1.1" 304 -
190.25.103.110 - - [03/Sep/2023:17:42:48 -0500] "GET /sipse/faces/javax.faces.resource/jquery/jquery-plugins.js?ln=primefaces&v=4.0 HTTP/1.1" 304 -
190.25.103.110 - - [03/Sep/2023:17:42:48 -0500] "GET /sipse/faces/javax.faces.resource/primefaces.js?ln=primefaces&v=4.0 HTTP/1.1" 304 -
190.25.103.110 - - [03/Sep/2023:17:42:48 -0500] "GET /sipse/faces/javax.faces.resource/layout/layout.js?ln=primefaces&v=4.0 HTTP/1.1" 304 -
190.25.103.110 - - [03/Sep/2023:17:42:48 -0500] "GET /sipse/faces/javax.faces.resource/fileupload/fileupload.js?ln=primefaces&v=4.0 HTTP/1.1" 304 -
190.25.103.110 - - [03/Sep/2023:17:42:52 -0500] "POST /sipse/faces/presentacion/financiero/solicitudAnulacion/registrarSolicitudAnulacion.xhtml HTTP/1.1" 200 25653
190.25.103.110 - - [03/Sep/2023:17:42:52 -0500] "GET /sipse/faces/javax.faces.resource/theme.css?ln=primefaces-sipse HTTP/1.1" 304 -
190.25.103.110 - - [03/Sep/2023:17:42:52 -0500] "GET /sipse/faces/javax.faces.resource/primefaces.css?ln=primefaces&v=4.0 HTTP/1.1" 304 -
190.25.103.110 - - [03/Sep/2023:17:42:52 -0500] "GET /sipse/faces/javax.faces.resource/layout/layout.css?ln=primefaces&v=4.0 HTTP/1.1" 304 -
190.25.103.110 - - [03/Sep/2023:17:42:52 -0500] "GET /sipse/faces/javax.faces.resource/jquery/jquery.js?ln=primefaces&v=4.0 HTTP/1.1" 304 -
190.25.103.110 - - [03/Sep/2023:17:42:53 -0500] "GET /sipse/faces/javax.faces.resource/jquery/jquery-plugins.js?ln=primefaces&v=4.0 HTTP/1.1" 304 -
190.25.103.110 - - [03/Sep/2023:17:42:53 -0500] "GET /sipse/faces/javax.faces.resource/primefaces.js?ln=primefaces&v=4.0 HTTP/1.1" 304 -
190.25.103.110 - - [03/Sep/2023:17:42:53 -0500] "GET /sipse/faces/javax.faces.resource/layout/layout.js?ln=primefaces&v=4.0 HTTP/1.1" 304 -
190.25.103.110 - - [03/Sep/2023:17:44:37 -0500] "POST /sipse/faces/presentacion/financiero/solicitudProceso/consultarHistorialSolProceso.xhtml HTTP/1.1" 200 40722
190.25.103.110 - - [03/Sep/2023:17:44:38 -0500] "GET /sipse/faces/javax.faces.resource/theme.css?ln=primefaces-sipse HTTP/1.1" 304 -
190.25.103.110 - - [03/Sep/2023:17:44:38 -0500] "GET /sipse/faces/javax.faces.resource/primefaces.css?ln=primefaces&v=4.0 HTTP/1.1" 304 -
190.25.103.110 - - [03/Sep/2023:17:44:38 -0500] "GET /sipse/faces/javax.faces.resource/layout/layout.css?ln=primefaces&v=4.0 HTTP/1.1" 304 -
190.25.103.110 - - [03/Sep/2023:17:44:38 -0500] "GET /sipse/faces/javax.faces.resource/jquery/jquery.js?ln=primefaces&v=4.0 HTTP/1.1" 304 -
190.25.103.110 - - [03/Sep/2023:17:44:38 -0500] "GET /sipse/faces/javax.faces.resource/jquery/jquery-plugins.js?ln=primefaces&v=4.0 HTTP/1.1" 304 -
190.25.103.110 - - [03/Sep/2023:17:44:38 -0500] "GET /sipse/faces/javax.faces.resource/primefaces.js?ln=primefaces&v=4.0 HTTP/1.1" 304 -
190.25.103.110 - - [03/Sep/2023:17:44:38 -0500] "GET /sipse/faces/javax.faces.resource/layout/layout.js?ln=primefaces&v=4.0 HTTP/1.1" 304 -
190.25.103.110 - - [03/Sep/2023:17:44:38 -0500] "POST /sipse/faces/presentacion/financiero/solicitudProceso/consultar.xhtml HTTP/1.1" 200 34137
190.25.103.110 - - [03/Sep/2023:17:44:38 -0500] "POST /sipse/faces/presentacion/financiero/solicitudProceso/consultar.xhtml HTTP/1.1" 200 34137
190.25.103.110 - - [03/Sep/2023:17:44:40 -0500] "POST /sipse/faces/presentacion/financiero/solicitudProceso/consultar.xhtml HTTP/1.1" 200 34201
190.25.103.110 - - [03/Sep/2023:17:44:40 -0500] "GET /sipse/faces/javax.faces.resource/layout/layout.css?ln=primefaces&v=4.0 HTTP/1.1" 304 -
190.25.103.110 - - [03/Sep/2023:17:44:40 -0500] "GET /sipse/faces/javax.faces.resource/primefaces.css?ln=primefaces&v=4.0 HTTP/1.1" 304 -
190.25.103.110 - - [03/Sep/2023:17:44:40 -0500] "GET /sipse/faces/javax.faces.resource/theme.css?ln=primefaces-sipse HTTP/1.1" 304 -
190.25.103.110 - - [03/Sep/2023:17:44:40 -0500] "GET /sipse/faces/javax.faces.resource/jquery/jquery.js?ln=primefaces&v=4.0 HTTP/1.1" 304 -
190.25.103.110 - - [03/Sep/2023:17:44:40 -0500] "GET /sipse/faces/javax.faces.resource/jquery/jquery-plugins.js?ln=primefaces&v=4.0 HTTP/1.1" 304 -
190.25.103.110 - - [03/Sep/2023:17:44:40 -0500] "GET /sipse/faces/javax.faces.resource/primefaces.js?ln=primefaces&v=4.0 HTTP/1.1" 304 -
190.25.103.110 - - [03/Sep/2023:17:44:40 -0500] "GET /sipse/faces/javax.faces.resource/layout/layout.js?ln=primefaces&v=4.0 HTTP/1.1" 304 -
190.25.103.110 - - [03/Sep/2023:17:44:40 -0500] "POST /sipse/faces/presentacion/financiero/solicitudProceso/listarSolicitudProceso.xhtml HTTP/1.1" 200 27590
190.25.103.110 - - [03/Sep/2023:17:44:40 -0500] "POST /sipse/faces/presentacion/financiero/solicitudProceso/listarSolicitudProceso.xhtml HTTP/1.1" 200 27590
190.25.103.110 - - [03/Sep/2023:17:44:41 -0500] "POST /sipse/faces/presentacion/financiero/solicitudProceso/listarSolicitudProceso.xhtml HTTP/1.1" 200 27590
190.25.103.110 - - [03/Sep/2023:17:44:41 -0500] "POST /sipse/faces/presentacion/financiero/solicitudProceso/listarSolicitudProceso.xhtml HTTP/1.1" 200 1376
190.25.103.110 - - [03/Sep/2023:17:44:41 -0500] "POST /sipse/faces/presentacion/financiero/solicitudProceso/listarSolicitudProceso.xhtml HTTP/1.1" 200 1380
190.25.103.110 - - [03/Sep/2023:17:44:41 -0500] "POST /sipse/faces/presentacion/financiero/solicitudProceso/listarSolicitudProceso.xhtml HTTP/1.1" 200 1380
190.25.103.110 - - [03/Sep/2023:17:44:41 -0500] "POST /sipse/faces/presentacion/financiero/solicitudProceso/listarSolicitudProceso.xhtml HTTP/1.1" 200 1380
216.245.221.92 - - [03/Sep/2023:17:44:44 -0500] "HEAD / HTTP/1.1" 200 -
190.25.103.110 - - [03/Sep/2023:17:45:28 -0500] "POST /sipse/faces/presentacion/financiero/solicitudProceso/listarSolicitudProceso.xhtml HTTP/1.1" 200 193
190.25.103.110 - - [03/Sep/2023:17:45:28 -0500] "POST /sipse/faces/presentacion/financiero/solicitudProceso/listarSolicitudProceso.xhtml HTTP/1.1" 200 193
190.25.103.110 - - [03/Sep/2023:17:45:29 -0500] "POST /sipse/faces/presentacion/financiero/solicitudProceso/listarSolicitudProceso.xhtml HTTP/1.1" 200 193
190.25.103.110 - - [03/Sep/2023:17:45:29 -0500] "GET /sipse/faces/presentacion/financiero/solicitudAnulacion/consultarSolicitudAnulacion.xhtml HTTP/1.1" 200 29664
190.25.103.110 - - [03/Sep/2023:17:45:29 -0500] "POST /sipse/faces/presentacion/financiero/solicitudProceso/listarSolicitudProceso.xhtml HTTP/1.1" 200 193
190.25.103.110 - - [03/Sep/2023:17:45:29 -0500] "GET /sipse/faces/presentacion/financiero/solicitudAnulacion/consultarSolicitudAnulacion.xhtml HTTP/1.1" 200 15776
190.25.103.110 - - [03/Sep/2023:17:45:29 -0500] "POST /sipse/faces/presentacion/financiero/solicitudProceso/listarSolicitudProceso.xhtml HTTP/1.1" 200 193
190.25.103.110 - - [03/Sep/2023:17:45:29 -0500] "GET /sipse/faces/presentacion/financiero/solicitudAnulacion/consultarSolicitudAnulacion.xhtml HTTP/1.1" 200 16132
190.25.103.110 - - [03/Sep/2023:17:45:29 -0500] "GET /sipse/faces/presentacion/financiero/solicitudAnulacion/consultarSolicitudAnulacion.xhtml HTTP/1.1" 200 16132
190.25.103.110 - - [03/Sep/2023:17:45:29 -0500] "GET /sipse/faces/presentacion/financiero/solicitudAnulacion/consultarSolicitudAnulacion.xhtml HTTP/1.1" 200 39680
190.25.103.110 - - [03/Sep/2023:17:45:29 -0500] "GET /sipse/faces/javax.faces.resource/theme.css?ln=primefaces-sipse HTTP/1.1" 304 -
190.25.103.110 - - [03/Sep/2023:17:45:29 -0500] "GET /sipse/faces/javax.faces.resource/primefaces.css?ln=primefaces&v=4.0 HTTP/1.1" 304 -
190.25.103.110 - - [03/Sep/2023:17:45:29 -0500] "GET /sipse/faces/javax.faces.resource/layout/layout.css?ln=primefaces&v=4.0 HTTP/1.1" 304 -
190.25.103.110 - - [03/Sep/2023:17:45:29 -0500] "GET /sipse/faces/javax.faces.resource/jquery/jquery.js?ln=primefaces&v=4.0 HTTP/1.1" 304 -
190.25.103.110 - - [03/Sep/2023:17:45:29 -0500] "GET /sipse/faces/javax.faces.resource/jquery/jquery-plugins.js?ln=primefaces&v=4.0 HTTP/1.1" 304 -
190.25.103.110 - - [03/Sep/2023:17:45:29 -0500] "GET /sipse/faces/javax.faces.resource/primefaces.js?ln=primefaces&v=4.0 HTTP/1.1" 304 -
190.25.103.110 - - [03/Sep/2023:17:45:29 -0500] "GET /sipse/faces/javax.faces.resource/layout/layout.js?ln=primefaces&v=4.0 HTTP/1.1" 304 -
190.25.103.110 - - [03/Sep/2023:17:45:29 -0500] "POST /sipse/faces/presentacion/financiero/solicitudAnulacion/consultarSolicitudAnulacion.xhtml HTTP/1.1" 200 10632
190.25.103.110 - - [03/Sep/2023:17:45:33 -0500] "POST /sipse/faces/presentacion/financiero/solicitudAnulacion/consultarSolicitudAnulacion.xhtml HTTP/1.1" 200 17008
172.22.2.4 - - [03/Sep/2023:17:44:45 -0500] "HEAD /BLA/boletinlegal/ HTTP/1.1" 200 -
201.245.192.253 - - [03/Sep/2023:17:46:29 -0500] "POST /kwsrmcab/Wsrmcab  HTTP/1.1" 200 43358
69.63.184.119 - - [03/Sep/2023:17:47:12 -0500] "GET /bogota-ya-cuenta-con-el-protocolo-para-el-manejo-y-control-de-la-langostilla-de-rio.html HTTP/1.1" 200 1088
69.63.184.1 - - [03/Sep/2023:17:47:13 -0500] "GET /images/animal-langostilla-protocolo-11-noviembre.jpg HTTP/1.1" 200 117767
172.22.2.4 - - [03/Sep/2023:17:45:36 -0500] "GET /BLA/boletinlegal/ HTTP/1.1" 200 58187
173.252.95.8 - - [03/Sep/2023:17:49:44 -0500] "GET /te-contamos-como-instalar-un-contenedor-para-baterias-de-litio-en-tu-establecimiento.html HTTP/1.1" 200 892
216.245.221.92 - - [03/Sep/2023:17:49:44 -0500] "HEAD / HTTP/1.1" 200 -
173.252.95.116 - - [03/Sep/2023:17:50:57 -0500] "GET /dia-mundial-del-agua-2022-bogota-exalta-el-papel-de-la-educacion-ambiental.html HTTP/1.1" 200 884
201.245.192.253 - - [03/Sep/2023:17:51:27 -0500] "POST /kwsrmcab/Wsrmcab  HTTP/1.1" 200 43358
157.55.39.212 - - [03/Sep/2023:17:52:06 -0500] "GET /BLA/resoluciones/RESOLUCIONES%202023/0455.pdf HTTP/1.1" 200 449280
172.22.2.4 - - [03/Sep/2023:17:50:35 -0500] "HEAD /BLA/boletinlegal/ HTTP/1.1" 200 -
172.22.2.4 - - [03/Sep/2023:17:51:26 -0500] "GET /BLA/boletinlegal/ HTTP/1.1" 200 58187
66.249.66.193 - - [03/Sep/2023:17:53:36 -0500] "GET /los-tramites-y-servicios-que-ofrece-la-secretaria-de-ambiente-de-bogota.html HTTP/1.1" 200 911
52.167.144.163 - - [03/Sep/2023:17:53:38 -0500] "GET /Publicaciones/2023EE63440.pdf HTTP/1.1" 404 227
216.245.221.92 - - [03/Sep/2023:17:54:44 -0500] "HEAD / HTTP/1.1" 200 -
40.77.167.73 - - [03/Sep/2023:17:55:32 -0500] "GET /portaldeninos/parque-mirador-de-los-nevados/ HTTP/1.1" 200 89855
201.245.192.253 - - [03/Sep/2023:17:56:27 -0500] "POST /kwsrmcab/Wsrmcab  HTTP/1.1" 200 43358
172.22.2.4 - - [03/Sep/2023:17:56:25 -0500] "HEAD /BLA/boletinlegal/ HTTP/1.1" 200 -
172.22.2.4 - - [03/Sep/2023:17:58:13 -0500] "GET /BLA/boletinlegal/.git/config HTTP/1.1" 404 1018
69.63.184.1 - - [03/Sep/2023:17:58:14 -0500] "GET /images/Acuerdos%2001%20(1)%20(1).jpeg HTTP/1.1" 200 32884
172.22.2.4 - - [03/Sep/2023:17:57:16 -0500] "GET /BLA/boletinlegal/ HTTP/1.1" 200 58187
216.245.221.92 - - [03/Sep/2023:17:59:44 -0500] "HEAD / HTTP/1.1" 200 -
40.77.167.208 - - [03/Sep/2023:17:59:47 -0500] "GET /BLA/resoluciones/RESOLUCIONES%202023/1018.pdf HTTP/1.1" 200 439689
201.245.192.253 - - [03/Sep/2023:18:01:26 -0500] "POST /kwsrmcab/Wsrmcab  HTTP/1.1" 200 43358
66.249.66.87 - - [03/Sep/2023:18:01:47 -0500] "GET /portaldeninos/wp-content/uploads/2021/11/pieza-relatos-semana-ambiental-bogota-1-junio-80x80.jpg HTTP/1.1" 200 2966
172.22.2.4 - - [03/Sep/2023:18:02:15 -0500] "HEAD /BLA/boletinlegal/ HTTP/1.1" 200 -
69.171.251.8 - - [03/Sep/2023:18:04:37 -0500] "GET /images/mercados-campesinos-5-mayo.jpg HTTP/1.1" 200 95848
216.245.221.92 - - [03/Sep/2023:18:04:44 -0500] "HEAD / HTTP/1.1" 200 -
172.22.2.4 - - [03/Sep/2023:18:03:06 -0500] "GET /BLA/boletinlegal/ HTTP/1.1" 200 58597
201.245.192.253 - - [03/Sep/2023:18:06:24 -0500] "POST /kwsrmcab/Wsrmcab  HTTP/1.1" 200 43358
52.167.144.168 - - [03/Sep/2023:18:07:31 -0500] "GET /BLA/resoluciones/RESOLUCIONES%202023/1251.pdf HTTP/1.1" 200 356459
52.167.144.168 - - [03/Sep/2023:18:07:31 -0500] "GET /BLA/resoluciones/RESOLUCIONES%202023/1321.pdf HTTP/1.1" 200 552420
40.77.167.208 - - [03/Sep/2023:18:07:58 -0500] "GET /BLA/resoluciones/RESOLUCIONES%202023/0998.pdf HTTP/1.1" 200 446898
172.22.2.4 - - [03/Sep/2023:18:07:13 -0500] "GET /BLA/boletinlegal/ HTTP/1.1" 200 58981
216.245.221.92 - - [03/Sep/2023:18:09:44 -0500] "HEAD / HTTP/1.1" 200 -
172.22.2.4 - - [03/Sep/2023:18:08:06 -0500] "HEAD /BLA/boletinlegal/ HTTP/1.1" 200 -
85.208.96.212 - - [03/Sep/2023:18:10:09 -0500] "GET /portaldeninos/relatos-urbanos-de-los-ecosistemas-bogotanos-2/ HTTP/1.1" 200 88374
54.175.64.20 - - [03/Sep/2023:18:10:22 -0500] "GET /inscribete-y-participa-en-la-convencion-internacional-de-emergencia-climatica-bogota-2023.html HTTP/1.1" 200 895
172.22.2.4 - - [03/Sep/2023:18:08:57 -0500] "GET /BLA/boletinlegal/ HTTP/1.1" 200 58597
54.175.64.20 - - [03/Sep/2023:18:11:02 -0500] "GET /portaldeninos/ HTTP/1.1" 200 110175
172.22.2.4 - - [03/Sep/2023:18:11:06 -0500] "GET /BLA/boletinlegal/actos.php HTTP/1.1" 200 9682
201.245.192.253 - - [03/Sep/2023:18:11:24 -0500] "POST /kwsrmcab/Wsrmcab  HTTP/1.1" 200 43358
172.22.2.4 - - [03/Sep/2023:18:11:46 -0500] "GET /BLA/boletinlegal/consulta_actos.php?tipo=resoluciones&no=2437&usuario=&sector=&fecha=2021&resuelve= HTTP/1.1" 200 1139
181.50.57.142 - - [03/Sep/2023:18:11:47 -0500] "GET /BLA/resoluciones/RESOLUCIONES%202021/2437.pdf HTTP/1.1" 200 569868
173.252.95.5 - - [03/Sep/2023:18:14:24 -0500] "GET /experiencias-exitosas-en-la-implementacion-de-buenas-practicas-ambientales-en-entidades-del-distrito.html HTTP/1.1" 200 821
173.252.95.118 - - [03/Sep/2023:18:14:24 -0500] "GET /experiencias-exitosas-en-la-implementacion-de-buenas-practicas-ambientales-en-entidades-del-distrito.html HTTP/1.1" 200 821
173.252.83.7 - - [03/Sep/2023:18:14:29 -0500] "GET /images/Junio%2002-experiencias-jardines-verticales-sda.jpeg HTTP/1.1" 200 31171
216.245.221.92 - - [03/Sep/2023:18:14:44 -0500] "HEAD / HTTP/1.1" 200 -
172.22.2.4 - - [03/Sep/2023:18:13:56 -0500] "HEAD /BLA/boletinlegal/ HTTP/1.1" 200 -
201.245.192.253 - - [03/Sep/2023:18:16:22 -0500] "POST /kwsrmcab/Wsrmcab  HTTP/1.1" 200 43358
172.22.2.4 - - [03/Sep/2023:18:14:47 -0500] "GET /BLA/boletinlegal/ HTTP/1.1" 200 53362
52.167.144.16 - - [03/Sep/2023:18:16:28 -0500] "GET /BLA/resoluciones/RESOLUCIONES%202023/1367.pdf HTTP/1.1" 200 386737
172.22.2.4 - - [03/Sep/2023:18:18:01 -0500] "GET /BLA/boletinlegal/Circulares/2022/CIRCULAR%20No.%2000005%20DEL%2030%20DE%20JUNIO%20DEL%202022.pdf HTTP/1.1" 304 -
201.245.192.253 - - [03/Sep/2023:18:18:12 -0500] "POST /kwsrmcab/Wsrmcab HTTP/1.1" 200 43361
201.245.192.253 - - [03/Sep/2023:18:18:16 -0500] "POST /kwsrmcab/Wsrmcab HTTP/1.1" 200 42535
181.61.4.6 - - [03/Sep/2023:18:18:43 -0500] "GET /kwssiamovil/sm/des/ldap/au?x=U2FsdGVkX18p0VC/32r+uu8SgILZYguw38t6DWKaEo2hO1NqIrAENsIyZMvKjPOL&y=U2FsdGVkX18lZdZ5vpuum6ZGe5yTkCmaYYEnxBOkAMKIL4lEoi8aW72CgsQq3dtC HTTP/1.1" 200 30
181.61.4.6 - - [03/Sep/2023:18:18:43 -0500] "GET /kwssiamovil/sm/des/acme/s?s=U2FsdGVkX1/+jqRjriFBCQvRmEOCjijDDmfS6j8jBs3TEBThZRFYOKaiwvpu9KsWfnoC6cMOBXDZIHA+sifgvVohOb0S5bMdcW3taCau2oY=&u=U2FsdGVkX1/s1uFGwki2HEZbk2Stm4DYRy70TwxAGGM=&y=U2FsdGVkX18lZdZ5vpuum6ZGe5yTkCmaYYEnxBOkAMKIL4lEoi8aW72CgsQq3dtC HTTP/1.1" 200 97
181.61.4.6 - - [03/Sep/2023:18:18:45 -0500] "GET /kwssiamovil/sm/des/acme/s?s=U2FsdGVkX18BEvzB2aIN9UrDKhh2l3x1sPwsvhTIBi5P8w2nY0mzFLKRH1fltcy2lnPnUZn5PKqbwX4I4jOUM73aJtkdSs1mkjEeQydNbJZZVjVsyLHvBHJQmPiEdK8/+8YHmjXATxMKuaa3imUUEGrdNZMZuCys5u506GoNd6HQMuR3XISgZXJbZHoNPLFzGolTOzxYnkQJAJAVEUBKjcP/AYU6behdz5AASNvLGoe/hH3avA0YEt9irFNB0S8Pf2qvYx6l7hWeINEPt0WizF/TGP6g1HpjoXQzAHCq9G0v8hP3fHctAO7w2/pSnLk+5vG3BUtsPPucOz0acjn6HKuFcERgXvWuPe/SrMyqG16Kbct7v5U6OJkG7i5xpUQUe44bB52/k7RZwEEwFgpeDEvsjpQ7vbePyXMG5/pVTT0lLV2xF5LAG1GIchYqlZVEOMVzWRm5wEQctBbhxJj1KNbd7N7iNuca0i1hz05DgjxgEQNCJrS2ncrBouW3nm2ER1fQfPkzAbE93VtROS4Ze1dM5ajFr8sSiNfGjxO97yQ90/vE1sLjgcY6HBFyPyNhj47wJgWP4tfIntB66h9SHkAw5ZA68Nz60KZbfk6LFopnQa543Iz2hGaenzZQGxTXklLD5NxFq3BOvZKr9IX62knccSaCvto8iUcNDKA66Nz9/xgrOpn40MC7wI4B7XaXjJAXuEhCmlyKkhT4ebPn+BXDPa6J/yq35nhVAYhun+ERBdFkd8ZvYJmYSTC8pul/0FgsAepMIlUshxnW7DuoTXbCKu+/vwaHB6rSojlB9y5v/f2+ri/+g+j6A2/BpRkVPVE9dBbTxEkdtr55gDoM10rgn79BPZa/KtzPksEY4nAsB9PzJ9gHonl1u724nv3MXysrzl3qcuVnUZnXRB3Hyxe7r42iIF5q0DGcpCjFYfah4yfNgm26yabdhKLX5L2oyg2Ceoxa9tg9z6N7S6OnQtVMIn7gcyW3p02oVsijowNXFzwBaNX4qqB5093fz+tnnB0m3LgOgbPn6Xi1UxBrjcTH8laI/F/S3aKnPBmRzVRjXp/JZNKofVOrl3dEt+6GYe2GlaOMBQICySn7frFN2A3hj5Pu4Sf87Ozt/iZLTlkQqdFlPouDfN+6Gc5hPxy1QKTBCalWeXZuA8YSGgGUSrncAkJpMX+7KFduJ6V2bh7ytxTTKn+9aeinNeqo2VT+Rys/m0hz9TqGZ9HxdrmFiQRg2NKyjh8nN3kmhPO7OIwAulGYZZC7FSeycmeMb+xPw6qMWPi8V54LnICw/40xPzGoBC8SlGjTr5TUfiv3P5nOrbkzHLkUeeuTX0wNsFbf1mumiALPBi46obsllbD+H9lQTkXEslZgTCNl+PlgLTKD+odHlz/UC4J0hEVxD21o4TlmPLcooFC0X4qxFts6hJjSxwPP3HLqY9vgV/JPed3n4iHsI0KcEHjxLw3uQ9C/0lSXCKB+5/0QVhxmlhs0FBxhjIk2fgSCXMLW3ivywXgkD806mQnSH5F08l9ywqnokL6IdCQtEcjO1w+oI3ypVbVVbCTicugWesCJHF1IxdrpGyMovljzDI9dLdd7f8EqxB2Gy0J6ecmPjMeNOQrFWMHZSVOVzVygExtDpd725MGaaIEXLmfR2zA1NRKow4RRvLcES3V1B5VL8TbEJ3cSrtxLbQRBp6gmMBAb11Zl54RPJpw986u57z8O6F0E1j8SjERCeBldaMJ8m00gwUPrMqMyWWHiF3Ks3aJcUyHv7dc=&u=U2FsdGVkX1/s1uFGwki2HEZbk2Stm4DYRy70TwxAGGM=&y=U2FsdGVkX18lZdZ5vpuum6ZGe5yTkCmaYYEnxBOkAMKIL4lEoi8aW72CgsQq3dtC HTTP/1.1" 200 825
181.61.4.6 - - [03/Sep/2023:18:18:46 -0500] "GET /kwssiamovil/sm/des/acme/s?s=U2FsdGVkX1/zaPhzUXtedmcrmbQ8mm1Xg5Egb9TUSWzidzKEeaJ0v1AIDMwYNXfZI3/FnivRZ3gf4/03SIZ4FTVq5F0XPL5sADxuUP53aNmAAzDbJ+MSydyum6yObR4afWfi/uwn/4UrECnjd3mDsxv+J1GitCUmVSd4+MKbAkPyETwtm221c0kMQcIliCHuVFMRZoW8qktDnwCY258uTXjVM6KWIzCsJFEhG+CfkSPfqvMaHCGlQwYUkMN6hcg/V+BYKla+Qrwj1S+Cc6ZlnhA0yEpIMRMkSDTIzs/mqFIAxb97aMs40seTXu2mXXqjemZdjEiWgGtyLdsxtbTw6wfYqkgrdDzstc+ZnOIdxTy3KfJ96kLnNNSq7K7yFTWBAeDN/hmYZThfoRadzzB9BIT8lRd45xotA9RJdyfmImEsUz9M1Yk4VMnNn/V4B7HtImPNMxpZeDBjGvXt+wVWR5DUFdE5K1LAvC4WUkK7svFXeT6HiABsweoUxa1XN7TNPuUiYMfpuZBd+mAjH6CdRzgGnxkIzhdT35E+UZDSVIWBaqNWY6j6JgVXz0d2s3TJUu5MX/9CfYlTCv9Ch4fVj+CrNyj98IoxCgLeXc7xjKcwZZyouzLcymy1pOrRsMAOP1i633APhK48Eydy1kGQdOpKW+0cjFe3lq/4spTqyqeoUCdx259x2grz6qgKqgdQrIu0PY3dsCZbGWJuh/dLg9Gccg8T9Ms9rnANeKQpED35v7qb8pBo/Zx1R5jLzJ8m&u=U2FsdGVkX1/s1uFGwki2HEZbk2Stm4DYRy70TwxAGGM=&y=U2FsdGVkX18lZdZ5vpuum6ZGe5yTkCmaYYEnxBOkAMKIL4lEoi8aW72CgsQq3dtC HTTP/1.1" 200 359
181.61.4.6 - - [03/Sep/2023:18:18:46 -0500] "GET /kwssiamovil/sm/des/cjson/pre?f=1&x=U2FsdGVkX18p0VC/32r+uu8SgILZYguw38t6DWKaEo2hO1NqIrAENsIyZMvKjPOL HTTP/1.1" 200 31032
181.61.4.6 - - [03/Sep/2023:18:18:46 -0500] "GET /kwssiamovil/sm/des/cjson/pre?f=19&x=U2FsdGVkX18p0VC/32r+uu8SgILZYguw38t6DWKaEo2hO1NqIrAENsIyZMvKjPOL HTTP/1.1" 200 51978
216.245.221.92 - - [03/Sep/2023:18:19:44 -0500] "HEAD / HTTP/1.1" 200 -
52.167.144.108 - - [03/Sep/2023:18:20:30 -0500] "GET /BLA/resoluciones/RESOLUCIONES%202023/1371.pdf HTTP/1.1" 200 412392
201.245.192.253 - - [03/Sep/2023:18:21:21 -0500] "POST /kwsrmcab/Wsrmcab  HTTP/1.1" 200 43358
172.22.2.4 - - [03/Sep/2023:18:19:46 -0500] "HEAD /BLA/boletinlegal/ HTTP/1.1" 200 -
172.22.2.4 - - [03/Sep/2023:18:20:37 -0500] "GET /BLA/boletinlegal/ HTTP/1.1" 200 58597
172.22.2.4 - - [03/Sep/2023:18:23:48 -0500] "HEAD /BLA/boletinlegal/epa/scripts/win/nsepa_setup.exe HTTP/1.1" 404 -
216.245.221.92 - - [03/Sep/2023:18:24:44 -0500] "HEAD / HTTP/1.1" 200 -
40.77.167.30 - - [03/Sep/2023:18:25:38 -0500] "GET /BLA/resoluciones/RESOLUCIONES%202023/0693.pdf HTTP/1.1" 200 360113
52.167.144.108 - - [03/Sep/2023:18:26:10 -0500] "GET /BLA/resoluciones/RESOLUCIONES%202023/0481.pdf HTTP/1.1" 200 441224
201.245.192.253 - - [03/Sep/2023:18:26:21 -0500] "POST /kwsrmcab/Wsrmcab  HTTP/1.1" 200 43358
172.22.2.4 - - [03/Sep/2023:18:25:36 -0500] "HEAD /BLA/boletinlegal/ HTTP/1.1" 200 -
172.22.2.4 - - [03/Sep/2023:18:26:27 -0500] "GET /BLA/boletinlegal/ HTTP/1.1" 200 58597
201.245.192.253 - - [03/Sep/2023:18:28:12 -0500] "POST /kwsrmcab/Wsrmcab HTTP/1.1" 200 43361
201.245.192.253 - - [03/Sep/2023:18:28:16 -0500] "POST /kwsrmcab/Wsrmcab HTTP/1.1" 200 42535
216.245.221.92 - - [03/Sep/2023:18:29:44 -0500] "HEAD / HTTP/1.1" 200 -
103.170.72.243 - - [03/Sep/2023:18:31:12 -0500] "GET /BLA/boletinlegal/admin/index.php/wp-login.php HTTP/1.1" 200 2324
201.245.192.253 - - [03/Sep/2023:18:31:19 -0500] "POST /kwsrmcab/Wsrmcab  HTTP/1.1" 200 43358
109.205.213.94 - - [03/Sep/2023:18:32:22 -0500] "GET / HTTP/1.1" 200 319
172.22.2.4 - - [03/Sep/2023:18:31:26 -0500] "HEAD /BLA/boletinlegal/ HTTP/1.1" 200 -
40.77.167.73 - - [03/Sep/2023:18:33:12 -0500] "GET / HTTP/1.1" 200 319
172.22.2.4 - - [03/Sep/2023:18:32:17 -0500] "GET /BLA/boletinlegal/ HTTP/1.1" 200 53013
172.22.2.4 - - [03/Sep/2023:18:32:47 -0500] "GET /BLA/boletinlegal/ HTTP/1.1" 200 55844
40.77.167.73 - - [03/Sep/2023:18:34:41 -0500] "GET /Publicaciones/2023EE91741.pdf HTTP/1.1" 404 227
216.245.221.92 - - [03/Sep/2023:18:34:44 -0500] "HEAD / HTTP/1.1" 200 -
172.22.2.4 - - [03/Sep/2023:18:34:49 -0500] "GET /BLA/boletinlegal/Circulares/2022/CIRCULAR%20No.%2000003%20DEL%2007%20DE%20MARZO%20DEL%202022.pdf HTTP/1.1" 200 311468
172.22.2.4 - - [03/Sep/2023:18:34:49 -0500] "GET /BLA/boletinlegal/favicon.ico HTTP/1.1" 404 1498
172.22.2.4 - - [03/Sep/2023:18:36:15 -0500] "GET /BLA/boletinlegal/style.css HTTP/1.1" 200 9406
172.22.2.4 - - [03/Sep/2023:18:36:15 -0500] "GET /BLA/boletinlegal/js/jquery.js HTTP/1.1" 200 57254
172.22.2.4 - - [03/Sep/2023:18:36:15 -0500] "GET /BLA/boletinlegal/styles2.css HTTP/1.1" 200 1838
172.22.2.4 - - [03/Sep/2023:18:36:18 -0500] "GET /BLA/boletinlegal/js/jquery.scrollTo-min.js HTTP/1.1" 200 1150
172.22.2.4 - - [03/Sep/2023:18:36:19 -0500] "GET /BLA/boletinlegal/js/jquery.scrollShow.js HTTP/1.1" 200 4586
201.245.192.253 - - [03/Sep/2023:18:36:18 -0500] "POST /kwsrmcab/Wsrmcab  HTTP/1.1" 200 43358
172.22.2.4 - - [03/Sep/2023:18:36:23 -0500] "GET /BLA/boletinlegal/images/cabezote%20BLEGAL.jpg HTTP/1.1" 200 118164
172.22.2.4 - - [03/Sep/2023:18:36:23 -0500] "GET /BLA/boletinlegal/images/subscribe-icon-big.png HTTP/1.1" 200 47702
172.22.2.4 - - [03/Sep/2023:18:36:23 -0500] "GET /BLA/boletinlegal/images/historia.png HTTP/1.1" 200 52775
172.22.2.4 - - [03/Sep/2023:18:36:27 -0500] "GET /BLA/boletinlegal/images/registro-usuarios.png HTTP/1.1" 200 8106
172.22.2.4 - - [03/Sep/2023:18:36:27 -0500] "GET /BLA/boletinlegal/images/arr_l.jpg HTTP/1.1" 200 1979
172.22.2.4 - - [03/Sep/2023:18:36:28 -0500] "GET /BLA/boletinlegal/images/screen_1.png HTTP/1.1" 200 202547
172.22.2.4 - - [03/Sep/2023:18:36:31 -0500] "GET /BLA/boletinlegal/images/launch.jpg HTTP/1.1" 200 14577
172.22.2.4 - - [03/Sep/2023:18:36:31 -0500] "GET /BLA/boletinlegal/images/screen_2.png HTTP/1.1" 200 362502
172.22.2.4 - - [03/Sep/2023:18:36:35 -0500] "GET /BLA/boletinlegal/images/screen_3.png HTTP/1.1" 200 210620
172.22.2.4 - - [03/Sep/2023:18:36:36 -0500] "GET /BLA/boletinlegal/images/screen_5.png HTTP/1.1" 200 368876
172.22.2.4 - - [03/Sep/2023:18:36:37 -0500] "GET /BLA/boletinlegal/images/arr_r.jpg HTTP/1.1" 200 1998
172.22.2.4 - - [03/Sep/2023:18:36:39 -0500] "GET /BLA/boletinlegal/images/pdf.gif HTTP/1.1" 200 567
172.22.2.4 - - [03/Sep/2023:18:36:40 -0500] "GET /BLA/boletinlegal/Circulares/2019/.pdf HTTP/1.1" 404 1218
172.22.2.4 - - [03/Sep/2023:18:36:41 -0500] "GET /BLA/boletinlegal/images/body_bg.jpg HTTP/1.1" 200 1601
172.22.2.4 - - [03/Sep/2023:18:36:41 -0500] "GET /BLA/boletinlegal/images/menu_lft.gif HTTP/1.1" 200 1713
172.22.2.4 - - [03/Sep/2023:18:36:44 -0500] "GET /BLA/boletinlegal/images/menu_rght.gif HTTP/1.1" 200 1627
172.22.2.4 - - [03/Sep/2023:18:36:44 -0500] "GET /BLA/boletinlegal/images/bg_top.jpg HTTP/1.1" 200 522
172.22.2.4 - - [03/Sep/2023:18:36:44 -0500] "GET /BLA/boletinlegal/images/menu_bg.jpg HTTP/1.1" 200 620
172.22.2.4 - - [03/Sep/2023:18:36:48 -0500] "GET /BLA/boletinlegal/images/text.jpg HTTP/1.1" 200 568
172.22.2.4 - - [03/Sep/2023:18:36:48 -0500] "GET /BLA/boletinlegal/images/hover.jpg HTTP/1.1" 200 640
172.22.2.4 - - [03/Sep/2023:18:36:48 -0500] "GET /BLA/boletinlegal/images/footer_bg.jpg HTTP/1.1" 200 586
40.77.167.73 - - [03/Sep/2023:18:37:53 -0500] "GET /BLA/resoluciones/RESOLUCIONES%202019/2074.pdf HTTP/1.1" 200 423098
172.22.2.4 - - [03/Sep/2023:18:36:14 -0500] "GET /BLA/boletinlegal/ HTTP/1.1" 200 59343
172.22.2.4 - - [03/Sep/2023:18:38:05 -0500] "GET /BLA/boletinlegal/favicon.ico HTTP/1.1" 404 1308
201.245.192.253 - - [03/Sep/2023:18:38:12 -0500] "POST /kwsrmcab/Wsrmcab HTTP/1.1" 200 43361
201.245.192.253 - - [03/Sep/2023:18:38:15 -0500] "POST /kwsrmcab/Wsrmcab HTTP/1.1" 200 42535
172.22.2.4 - - [03/Sep/2023:18:37:16 -0500] "HEAD /BLA/boletinlegal/ HTTP/1.1" 200 -
216.245.221.92 - - [03/Sep/2023:18:39:44 -0500] "HEAD / HTTP/1.1" 200 -
172.22.2.4 - - [03/Sep/2023:18:38:07 -0500] "GET /BLA/boletinlegal/ HTTP/1.1" 200 58597
66.249.70.5 - - [03/Sep/2023:18:39:48 -0500] "GET /BLA/resoluciones/Notificaciones/AUTOS%202017/03326.pdf HTTP/1.1" 200 273425
64.124.8.24 - - [03/Sep/2023:18:39:57 -0500] "GET /BLA/boletinlegal/images/green-yellow-blue-pink-th.png HTTP/1.1" 200 7394
64.124.8.24 - - [03/Sep/2023:18:39:59 -0500] "GET /galeria/galeria/fotos/mirador3P.jpg HTTP/1.1" 200 9765
64.124.8.24 - - [03/Sep/2023:18:39:59 -0500] "GET /galeria/nivo-slider/demo/images/bannerresiduos.jpg HTTP/1.1" 304 -
64.124.8.24 - - [03/Sep/2023:18:39:59 -0500] "GET /galeria/nivo-slider/demo/images/bannerclases2021.jpg HTTP/1.1" 304 -
64.124.8.24 - - [03/Sep/2023:18:39:59 -0500] "GET /galeria/galeria/fotos/mirador3G.jpg HTTP/1.1" 200 131992
64.124.8.24 - - [03/Sep/2023:18:40:00 -0500] "GET /galeria/galeria/fotos/Entrenube3P.jpg HTTP/1.1" 304 -
64.124.8.24 - - [03/Sep/2023:18:40:02 -0500] "GET /galeria/nivo-slider/demo/images/Bannerplasticosseptiembre.jpg HTTP/1.1" 200 45633
64.124.8.24 - - [03/Sep/2023:18:40:02 -0500] "GET /galeria/galeria/fotos/juan-%0A%0Aamarillo1G.jpg HTTP/1.1" 403 1006
64.124.8.24 - - [03/Sep/2023:18:40:02 -0500] "GET /galeria/galeria/fotos/1GuaymaralTorcaP1.jpg HTTP/1.1" 304 -
64.124.8.24 - - [03/Sep/2023:18:40:04 -0500] "GET /catalogoisis/imagenes/Header.gif HTTP/1.1" 304 -
64.124.8.24 - - [03/Sep/2023:18:40:04 -0500] "GET /galeria/galeria/fotos/Jaboque2G.jpg HTTP/1.1" 200 322400
64.124.8.24 - - [03/Sep/2023:18:40:05 -0500] "GET /galeria/galeria/fotos/%0A%0AHumedal-la-conejera1G.jpg HTTP/1.1" 403 1006
64.124.8.24 - - [03/Sep/2023:18:40:05 -0500] "GET /galeria/nivo-slider/demo/images/bannerrutaesperanza.jpg HTTP/1.1" 200 55560
64.124.8.24 - - [03/Sep/2023:18:40:07 -0500] "GET /galeria/nivo-slider/demo/images/Bannercuidate.jpg HTTP/1.1" 200 75508
64.124.8.24 - - [03/Sep/2023:18:40:07 -0500] "GET /desprendiblespago/images/cabezoteHojaVida.jpg HTTP/1.1" 304 -
64.124.8.24 - - [03/Sep/2023:18:40:07 -0500] "GET /BLA/boletinlegal/images/historia.png HTTP/1.1" 304 -
64.124.8.24 - - [03/Sep/2023:18:40:08 -0500] "GET /galeria/galeria/fotos/MeandrodelSay1G.jpg HTTP/1.1" 304 -
64.124.8.24 - - [03/Sep/2023:18:40:08 -0500] "GET /galeria/galeria/fotos/Humedal-Santa-Mar%C3%ADa-del-Lago3G.jpg HTTP/1.1" 200 271832
64.124.8.24 - - [03/Sep/2023:18:40:10 -0500] "GET /galeria/galeria/fotos/Jaboque4G.jpg HTTP/1.1" 304 -
64.124.8.24 - - [03/Sep/2023:18:40:10 -0500] "GET /galeria/galeria/fotos/MeandrodelSay1P.jpg HTTP/1.1" 200 27908
64.124.8.24 - - [03/Sep/2023:18:40:10 -0500] "GET /galeria/galeria/fotos/Entrenube1G.jpg HTTP/1.1" 200 98766
64.124.8.24 - - [03/Sep/2023:18:40:10 -0500] "GET /galeria/galeria/fotos/Jaboque1G.jpg HTTP/1.1" 304 -
64.124.8.24 - - [03/Sep/2023:18:40:11 -0500] "GET /galeria/nivo-slider/demo/images/banneraccionpopularcrr68.jpg HTTP/1.1" 304 -
64.124.8.24 - - [03/Sep/2023:18:40:18 -0500] "GET /galeria/galeria/fotos/Capellania4G.jpg HTTP/1.1" 304 -
64.124.8.24 - - [03/Sep/2023:18:40:18 -0500] "GET /galeria/galeria/fotos/Soratama4P.jpg HTTP/1.1" 200 10482
64.124.8.24 - - [03/Sep/2023:18:40:18 -0500] "GET /galeria/galeria/fotos/juan-amarillo3P.jpg HTTP/1.1" 200 28033
64.124.8.24 - - [03/Sep/2023:18:40:18 -0500] "GET /catalogoisis/imagenes/br1c3.gif HTTP/1.1" 304 -
64.124.8.24 - - [03/Sep/2023:18:40:18 -0500] "GET /galeria/nivo-slider/demo/images/bannerjardin.jpg HTTP/1.1" 200 302761
64.124.8.24 - - [03/Sep/2023:18:40:19 -0500] "GET /catalogoisis/imagenes/limpiar1.gif HTTP/1.1" 200 606
64.124.8.24 - - [03/Sep/2023:18:40:19 -0500] "GET /galeria/galeria/fotos/Humedal-Tibanica1P.jpg HTTP/1.1" 200 26376
201.245.192.253 - - [03/Sep/2023:18:41:17 -0500] "POST /kwsrmcab/Wsrmcab  HTTP/1.1" 200 43358
40.77.167.208 - - [03/Sep/2023:18:42:01 -0500] "GET /BLA/resoluciones/RESOLUCIONES%202023/1245.pdf HTTP/1.1" 200 505529
216.245.221.92 - - [03/Sep/2023:18:44:44 -0500] "HEAD / HTTP/1.1" 200 -
172.22.2.4 - - [03/Sep/2023:18:43:06 -0500] "HEAD /BLA/boletinlegal/ HTTP/1.1" 200 -
172.22.2.4 - - [03/Sep/2023:18:43:57 -0500] "GET /BLA/boletinlegal/ HTTP/1.1" 200 53013
201.245.192.253 - - [03/Sep/2023:18:46:17 -0500] "POST /kwsrmcab/Wsrmcab  HTTP/1.1" 200 43358
66.249.66.86 - - [03/Sep/2023:18:46:47 -0500] "GET /portaldeninos/wp-content/uploads/2021/11/monitoreo-animales-fauna-11-julio-1024x768.jpg HTTP/1.1" 200 149612
51.222.253.13 - - [03/Sep/2023:18:46:57 -0500] "GET /robots.txt HTTP/1.1" 404 1018
216.245.221.92 - - [03/Sep/2023:18:49:44 -0500] "HEAD / HTTP/1.1" 200 -
52.167.144.185 - - [03/Sep/2023:18:49:54 -0500] "GET /BLA/resoluciones/RESOLUCIONES%202018/3663.pdf HTTP/1.1" 200 290005
172.22.2.4 - - [03/Sep/2023:18:48:56 -0500] "HEAD /BLA/boletinlegal/ HTTP/1.1" 200 -
201.245.192.253 - - [03/Sep/2023:18:51:15 -0500] "POST /kwsrmcab/Wsrmcab  HTTP/1.1" 200 43358
172.22.2.4 - - [03/Sep/2023:18:49:47 -0500] "GET /BLA/boletinlegal/ HTTP/1.1" 200 61130
172.22.2.4 - - [03/Sep/2023:18:54:15 -0500] "GET /BLA/boletinlegal/robots.txt HTTP/1.1" 404 1038
172.22.2.4 - - [03/Sep/2023:18:54:19 -0500] "GET /BLA/boletinlegal/jurisprudencia.php HTTP/1.1" 200 17583
172.22.2.4 - - [03/Sep/2023:18:54:38 -0500] "GET /BLA/boletinlegal/js/popup.js HTTP/1.1" 200 1270
172.22.2.4 - - [03/Sep/2023:18:54:42 -0500] "GET /BLA/boletinlegal/js/jquery1.js HTTP/1.1" 200 29846
172.22.2.4 - - [03/Sep/2023:18:54:42 -0500] "GET /BLA/boletinlegal/js/lib.js HTTP/1.1" 200 6474
216.245.221.92 - - [03/Sep/2023:18:54:44 -0500] "HEAD / HTTP/1.1" 200 -
198.235.24.96 - - [03/Sep/2023:18:55:30 -0500] "GET / HTTP/1.0" 200 319
201.245.192.253 - - [03/Sep/2023:18:56:15 -0500] "POST /kwsrmcab/Wsrmcab  HTTP/1.1" 200 43358
52.167.144.196 - - [03/Sep/2023:18:56:25 -0500] "GET /BLA/resoluciones/RESOLUCIONES%202023/1248.pdf HTTP/1.1" 200 427101
172.22.2.4 - - [03/Sep/2023:18:54:46 -0500] "HEAD /BLA/boletinlegal/ HTTP/1.1" 200 -
172.22.2.4 - - [03/Sep/2023:18:55:37 -0500] "GET /BLA/boletinlegal/ HTTP/1.1" 200 52656
216.245.221.92 - - [03/Sep/2023:18:59:44 -0500] "HEAD / HTTP/1.1" 200 -
201.245.192.253 - - [03/Sep/2023:19:01:14 -0500] "POST /kwsrmcab/Wsrmcab  HTTP/1.1" 200 43358
172.22.2.4 - - [03/Sep/2023:19:00:36 -0500] "HEAD /BLA/boletinlegal/ HTTP/1.1" 200 -
172.22.2.4 - - [03/Sep/2023:19:01:27 -0500] "GET /BLA/boletinlegal/ HTTP/1.1" 200 58187
216.245.221.92 - - [03/Sep/2023:19:04:44 -0500] "HEAD / HTTP/1.1" 200 -
162.55.37.148 - - [03/Sep/2023:19:05:38 -0500] "GET / HTTP/1.1" 200 4720
162.55.37.148 - - [03/Sep/2023:19:05:41 -0500] "GET / HTTP/1.1" 200 319
201.245.192.253 - - [03/Sep/2023:19:06:13 -0500] "POST /kwsrmcab/Wsrmcab  HTTP/1.1" 200 43358
36.41.75.167 - - [03/Sep/2023:19:08:00 -0500] "GET / HTTP/1.1" 200 319
172.22.2.4 - - [03/Sep/2023:19:06:26 -0500] "HEAD /BLA/boletinlegal/ HTTP/1.1" 200 -
172.22.2.4 - - [03/Sep/2023:19:08:49 -0500] "GET /BLA/boletinlegal/consulta_actos.php?tipo=resoluciones&no=3032&usuario=&sector=&fecha=2015&resuelve= HTTP/1.1" 200 1110
181.50.57.142 - - [03/Sep/2023:19:08:53 -0500] "GET /BLA/resoluciones/RESOLUCIONES%202015/3032.pdf HTTP/1.1" 200 562368
172.22.2.4 - - [03/Sep/2023:19:07:17 -0500] "GET /BLA/boletinlegal/ HTTP/1.1" 200 54960
52.167.144.184 - - [03/Sep/2023:19:09:15 -0500] "GET /BLA/resoluciones/RESOLUCIONES%202019/3093.pdf HTTP/1.1" 200 292489
216.245.221.92 - - [03/Sep/2023:19:09:44 -0500] "HEAD / HTTP/1.1" 200 -
201.245.192.253 - - [03/Sep/2023:19:11:11 -0500] "POST /kwsrmcab/Wsrmcab  HTTP/1.1" 200 43358
172.22.2.4 - - [03/Sep/2023:19:11:40 -0500] "GET /BLA/boletinlegal/actos.php HTTP/1.1" 200 9682
172.22.2.4 - - [03/Sep/2023:19:11:40 -0500] "GET /BLA/boletinlegal/styles2.css HTTP/1.1" 200 1838
172.22.2.4 - - [03/Sep/2023:19:11:40 -0500] "GET /BLA/boletinlegal/js/ajax_actos.js HTTP/1.1" 200 1322
172.22.2.4 - - [03/Sep/2023:19:11:40 -0500] "GET /BLA/boletinlegal/js/lib.js HTTP/1.1" 200 6474
172.22.2.4 - - [03/Sep/2023:19:11:40 -0500] "GET /BLA/boletinlegal/js/popup.js HTTP/1.1" 200 1270
172.22.2.4 - - [03/Sep/2023:19:11:40 -0500] "GET /BLA/boletinlegal/js/jquery1.js HTTP/1.1" 200 29846
172.22.2.4 - - [03/Sep/2023:19:11:40 -0500] "GET /BLA/boletinlegal/niceforms-default.css HTTP/1.1" 200 6694
172.22.2.4 - - [03/Sep/2023:19:11:40 -0500] "GET /BLA/boletinlegal/style.css HTTP/1.1" 200 9406
172.22.2.4 - - [03/Sep/2023:19:11:40 -0500] "GET /BLA/boletinlegal/niceforms.js HTTP/1.1" 200 22876
172.22.2.4 - - [03/Sep/2023:19:11:40 -0500] "GET /BLA/boletinlegal/images/cabezote%20BLEGAL.jpg HTTP/1.1" 200 118164
172.22.2.4 - - [03/Sep/2023:19:11:40 -0500] "GET /BLA/boletinlegal/images/subscribe-icon-big.png HTTP/1.1" 200 47702
172.22.2.4 - - [03/Sep/2023:19:11:40 -0500] "GET /BLA/boletinlegal/images/historia.png HTTP/1.1" 200 52775
172.22.2.4 - - [03/Sep/2023:19:11:40 -0500] "GET /BLA/boletinlegal/images/registro-usuarios.png HTTP/1.1" 200 8106
172.22.2.4 - - [03/Sep/2023:19:11:40 -0500] "GET /BLA/boletinlegal/images/green-yellow-blue-pink-th.png HTTP/1.1" 200 7394
172.22.2.4 - - [03/Sep/2023:19:11:40 -0500] "GET /BLA/boletinlegal/images/tel.png HTTP/1.1" 200 14477
172.22.2.4 - - [03/Sep/2023:19:11:40 -0500] "GET /BLA/boletinlegal/images/icono-email.png HTTP/1.1" 200 5544
172.22.2.4 - - [03/Sep/2023:19:11:40 -0500] "GET /BLA/boletinlegal/images/body_bg.jpg HTTP/1.1" 200 1601
172.22.2.4 - - [03/Sep/2023:19:11:40 -0500] "GET /BLA/boletinlegal/images/hover.jpg HTTP/1.1" 200 640
172.22.2.4 - - [03/Sep/2023:19:11:40 -0500] "GET /BLA/boletinlegal/images/menu_bg.jpg HTTP/1.1" 200 620
172.22.2.4 - - [03/Sep/2023:19:11:40 -0500] "GET /BLA/boletinlegal/images/menu_rght.gif HTTP/1.1" 200 1627
172.22.2.4 - - [03/Sep/2023:19:11:40 -0500] "GET /BLA/boletinlegal/images/footer_bg.jpg HTTP/1.1" 200 586
172.22.2.4 - - [03/Sep/2023:19:11:40 -0500] "GET /BLA/boletinlegal/images/bg_top.jpg HTTP/1.1" 200 522
172.22.2.4 - - [03/Sep/2023:19:11:40 -0500] "GET /BLA/boletinlegal/images/menu_lft.gif HTTP/1.1" 200 1713
172.22.2.4 - - [03/Sep/2023:19:11:40 -0500] "GET /BLA/boletinlegal/images/text.jpg HTTP/1.1" 200 568
172.22.2.4 - - [03/Sep/2023:19:11:40 -0500] "GET /BLA/boletinlegal/images/footer_bg_l.jpg HTTP/1.1" 200 776
172.22.2.4 - - [03/Sep/2023:19:11:40 -0500] "GET /BLA/boletinlegal/img/0.png HTTP/1.1" 200 110
172.22.2.4 - - [03/Sep/2023:19:11:40 -0500] "GET /BLA/boletinlegal/img/select-left.png HTTP/1.1" 200 263
172.22.2.4 - - [03/Sep/2023:19:11:40 -0500] "GET /BLA/boletinlegal/img/button.png HTTP/1.1" 200 43241
172.22.2.4 - - [03/Sep/2023:19:11:40 -0500] "GET /BLA/boletinlegal/img/select-right.png HTTP/1.1" 200 44019
172.22.2.4 - - [03/Sep/2023:19:11:40 -0500] "GET /BLA/boletinlegal/img/button-left.png HTTP/1.1" 200 57071
172.22.2.4 - - [03/Sep/2023:19:11:40 -0500] "GET /BLA/boletinlegal/img/button-right.png HTTP/1.1" 200 57878
172.22.2.4 - - [03/Sep/2023:19:11:40 -0500] "GET /BLA/boletinlegal/favicon.ico HTTP/1.1" 404 1230
190.66.247.222 - - [03/Sep/2023:19:11:43 -0500] "GET /BLA/resoluciones/ HTTP/1.1" 200 13502
190.66.247.222 - - [03/Sep/2023:19:11:43 -0500] "GET /BLA/resoluciones/dlf/styles.css HTTP/1.1" 200 3049
190.66.247.222 - - [03/Sep/2023:19:11:43 -0500] "GET /BLA/resoluciones/dlf/folder.png HTTP/1.1" 200 410
190.66.247.222 - - [03/Sep/2023:19:11:43 -0500] "GET /BLA/resoluciones/dlf/bg.gif HTTP/1.1" 200 54
190.66.247.222 - - [03/Sep/2023:19:11:43 -0500] "GET /favicon.ico HTTP/1.1" 200 7782
190.66.247.222 - - [03/Sep/2023:19:11:46 -0500] "GET /BLA/resoluciones/index.php?dir=AUTOS+2006%2F HTTP/1.1" 200 9681
190.66.247.222 - - [03/Sep/2023:19:11:46 -0500] "GET /BLA/resoluciones/dlf/dirup.png HTTP/1.1" 200 644
190.66.247.222 - - [03/Sep/2023:19:11:46 -0500] "GET /BLA/resoluciones/dlf/pdf.gif HTTP/1.1" 200 272
190.66.247.222 - - [03/Sep/2023:19:12:20 -0500] "GET /BLA/resoluciones/index.php?dir=AUTOS+2006%2F HTTP/1.1" 200 9681
190.66.247.222 - - [03/Sep/2023:19:12:24 -0500] "GET /BLA/resoluciones/dlf/unknown.png HTTP/1.1" 200 266
190.66.247.222 - - [03/Sep/2023:19:12:24 -0500] "GET /BLA/resoluciones/index.php?dir=AUTOS+2006%2FAUTOS+2006+1401+-+1500%2F HTTP/1.1" 200 13545
190.66.247.222 - - [03/Sep/2023:19:12:35 -0500] "GET /BLA/resoluciones/index.php?dir=AUTOS+2006%2FAUTOS+2006+1501+-+1600%2F HTTP/1.1" 200 22232
190.66.247.222 - - [03/Sep/2023:19:12:39 -0500] "GET /BLA/resoluciones/index.php?dir=AUTOS+2006%2FAUTOS+2006+1401+-+1500%2F HTTP/1.1" 200 13545
190.66.247.222 - - [03/Sep/2023:19:12:46 -0500] "GET /BLA/resoluciones/AUTOS%202006/AUTOS%202006%201401%20-%201500/INDEX.DAT HTTP/1.1" 200 4000
172.22.2.4 - - [03/Sep/2023:19:12:16 -0500] "HEAD /BLA/boletinlegal/ HTTP/1.1" 200 -
216.245.221.92 - - [03/Sep/2023:19:14:44 -0500] "HEAD / HTTP/1.1" 200 -
172.22.2.4 - - [03/Sep/2023:19:13:07 -0500] "GET /BLA/boletinlegal/ HTTP/1.1" 200 61130
201.245.192.253 - - [03/Sep/2023:19:16:10 -0500] "POST /kwsrmcab/Wsrmcab  HTTP/1.1" 200 43358
20.15.133.182 - - [03/Sep/2023:19:16:13 -0500] "GET /Publicaciones/2023EE187665.pdf HTTP/1.1" 404 228
172.22.2.4 - - [03/Sep/2023:19:15:53 -0500] "GET /BLA/boletinlegal/ HTTP/1.1" 200 20427
201.245.192.253 - - [03/Sep/2023:19:18:12 -0500] "POST /kwsrmcab/Wsrmcab HTTP/1.1" 200 43334
201.245.192.253 - - [03/Sep/2023:19:18:15 -0500] "POST /kwsrmcab/Wsrmcab HTTP/1.1" 200 42499
31.13.127.17 - - [03/Sep/2023:19:19:02 -0500] "GET /bogota-empieza-la-consolidacion-de-la-estrategia-de-bosques-urbanos-con-el-brazo-salitre-en-barrios-unidos.html HTTP/1.1" 200 892
216.245.221.92 - - [03/Sep/2023:19:19:44 -0500] "HEAD / HTTP/1.1" 200 -
172.22.2.4 - - [03/Sep/2023:19:18:06 -0500] "HEAD /BLA/boletinlegal/ HTTP/1.1" 200 -
172.22.2.4 - - [03/Sep/2023:19:18:57 -0500] "GET /BLA/boletinlegal/ HTTP/1.1" 200 57790
201.245.192.253 - - [03/Sep/2023:19:21:10 -0500] "POST /kwsrmcab/Wsrmcab  HTTP/1.1" 200 43358
173.252.83.6 - - [03/Sep/2023:19:21:37 -0500] "GET /images/cr\xc3\xb3nica-29-nov-1_optimized.jpeg HTTP/1.1" 404 1034
20.15.133.182 - - [03/Sep/2023:19:22:01 -0500] "GET /Publicaciones/2023EE187665.pdf HTTP/1.1" 404 228
66.249.66.192 - - [03/Sep/2023:19:23:36 -0500] "GET /1-7-millones-de-personas-participaron-activamente-en-el-simulacro-distrital-de-evacuacion.html HTTP/1.1" 200 882
40.77.167.9 - - [03/Sep/2023:19:24:42 -0500] "GET /BLA/resoluciones/RESOLUCIONES%202023/0968.pdf HTTP/1.1" 200 488843
216.245.221.92 - - [03/Sep/2023:19:24:44 -0500] "HEAD / HTTP/1.1" 200 -
172.22.2.4 - - [03/Sep/2023:19:25:23 -0500] "GET /BLA/boletinlegal/style.css HTTP/1.1" 200 9406
172.22.2.4 - - [03/Sep/2023:19:25:23 -0500] "GET /BLA/boletinlegal/styles2.css HTTP/1.1" 200 1838
172.22.2.4 - - [03/Sep/2023:19:25:23 -0500] "GET /BLA/boletinlegal/js/jquery.js HTTP/1.1" 200 57254
172.22.2.4 - - [03/Sep/2023:19:25:23 -0500] "GET /BLA/boletinlegal/js/jquery.scrollTo-min.js HTTP/1.1" 200 1150
172.22.2.4 - - [03/Sep/2023:19:25:23 -0500] "GET /BLA/boletinlegal/js/jquery.scrollShow.js HTTP/1.1" 200 4586
172.22.2.4 - - [03/Sep/2023:19:25:23 -0500] "GET /BLA/boletinlegal/images/cabezote%20BLEGAL.jpg HTTP/1.1" 200 118164
172.22.2.4 - - [03/Sep/2023:19:25:24 -0500] "GET /BLA/boletinlegal/images/historia.png HTTP/1.1" 200 52775
172.22.2.4 - - [03/Sep/2023:19:25:24 -0500] "GET /BLA/boletinlegal/images/subscribe-icon-big.png HTTP/1.1" 200 47702
172.22.2.4 - - [03/Sep/2023:19:25:24 -0500] "GET /BLA/boletinlegal/images/registro-usuarios.png HTTP/1.1" 200 8106
172.22.2.4 - - [03/Sep/2023:19:25:24 -0500] "GET /BLA/boletinlegal/images/arr_l.jpg HTTP/1.1" 200 1979
172.22.2.4 - - [03/Sep/2023:19:25:24 -0500] "GET /BLA/boletinlegal/images/screen_1.png HTTP/1.1" 200 202547
172.22.2.4 - - [03/Sep/2023:19:25:24 -0500] "GET /BLA/boletinlegal/images/launch.jpg HTTP/1.1" 200 14577
172.22.2.4 - - [03/Sep/2023:19:25:24 -0500] "GET /BLA/boletinlegal/images/body_bg.jpg HTTP/1.1" 200 1601
172.22.2.4 - - [03/Sep/2023:19:25:24 -0500] "GET /BLA/boletinlegal/images/menu_rght.gif HTTP/1.1" 200 1627
172.22.2.4 - - [03/Sep/2023:19:25:24 -0500] "GET /BLA/boletinlegal/images/menu_lft.gif HTTP/1.1" 200 1713
172.22.2.4 - - [03/Sep/2023:19:25:24 -0500] "GET /BLA/boletinlegal/images/bg_top.jpg HTTP/1.1" 200 522
172.22.2.4 - - [03/Sep/2023:19:25:24 -0500] "GET /BLA/boletinlegal/images/menu_bg.jpg HTTP/1.1" 200 620
172.22.2.4 - - [03/Sep/2023:19:25:24 -0500] "GET /BLA/boletinlegal/images/text.jpg HTTP/1.1" 200 568
172.22.2.4 - - [03/Sep/2023:19:25:24 -0500] "GET /BLA/boletinlegal/images/hover.jpg HTTP/1.1" 200 640
172.22.2.4 - - [03/Sep/2023:19:25:34 -0500] "GET /BLA/boletinlegal/images/screen_2.png HTTP/1.1" 200 362502
172.22.2.4 - - [03/Sep/2023:19:25:34 -0500] "GET /BLA/boletinlegal/images/screen_3.png HTTP/1.1" 200 210620
172.22.2.4 - - [03/Sep/2023:19:25:34 -0500] "GET /BLA/boletinlegal/images/screen_5.png HTTP/1.1" 200 368876
172.22.2.4 - - [03/Sep/2023:19:25:34 -0500] "GET /BLA/boletinlegal/images/arr_r.jpg HTTP/1.1" 200 1998
172.22.2.4 - - [03/Sep/2023:19:25:36 -0500] "GET /BLA/boletinlegal/images/footer_bg.jpg HTTP/1.1" 200 586
172.22.2.4 - - [03/Sep/2023:19:23:56 -0500] "HEAD /BLA/boletinlegal/ HTTP/1.1" 200 -
186.29.201.82 - - [03/Sep/2023:19:25:53 -0500] "GET /BLA/resoluciones/index.php?dir= HTTP/1.1" 200 13502
186.29.201.82 - - [03/Sep/2023:19:25:55 -0500] "GET /BLA/resoluciones/index.php?dir=AUTOS+2023%2F HTTP/1.1" 200 264450
64.124.8.52 - - [03/Sep/2023:19:26:05 -0500] "GET /portaldeninos/wp-content/uploads/2021/07/auambari-foto-portal-ni%C3%B1os.jpg HTTP/1.1" 200 36962
201.245.192.253 - - [03/Sep/2023:19:26:09 -0500] "POST /kwsrmcab/Wsrmcab  HTTP/1.1" 200 43358
172.22.2.4 - - [03/Sep/2023:19:24:47 -0500] "GET /BLA/boletinlegal/ HTTP/1.1" 200 41412
172.22.2.4 - - [03/Sep/2023:19:25:23 -0500] "GET /BLA/boletinlegal/ HTTP/1.1" 200 32715
172.22.2.4 - - [03/Sep/2023:19:26:31 -0500] "GET /BLA/boletinlegal/actos.php HTTP/1.1" 200 9682
172.22.2.4 - - [03/Sep/2023:19:26:31 -0500] "GET /BLA/boletinlegal/styles2.css HTTP/1.1" 200 1838
172.22.2.4 - - [03/Sep/2023:19:26:31 -0500] "GET /BLA/boletinlegal/js/ajax_actos.js HTTP/1.1" 200 1322
172.22.2.4 - - [03/Sep/2023:19:26:31 -0500] "GET /BLA/boletinlegal/niceforms-default.css HTTP/1.1" 200 6694
172.22.2.4 - - [03/Sep/2023:19:26:31 -0500] "GET /BLA/boletinlegal/niceforms.js HTTP/1.1" 200 22876
172.22.2.4 - - [03/Sep/2023:19:26:31 -0500] "GET /BLA/boletinlegal/js/popup.js HTTP/1.1" 200 1270
172.22.2.4 - - [03/Sep/2023:19:26:31 -0500] "GET /BLA/boletinlegal/style.css HTTP/1.1" 200 9406
172.22.2.4 - - [03/Sep/2023:19:26:31 -0500] "GET /BLA/boletinlegal/js/jquery1.js HTTP/1.1" 200 29846
172.22.2.4 - - [03/Sep/2023:19:26:31 -0500] "GET /BLA/boletinlegal/js/lib.js HTTP/1.1" 200 6474
172.22.2.4 - - [03/Sep/2023:19:26:31 -0500] "GET /BLA/boletinlegal/images/cabezote%20BLEGAL.jpg HTTP/1.1" 200 118164
172.22.2.4 - - [03/Sep/2023:19:26:31 -0500] "GET /BLA/boletinlegal/images/subscribe-icon-big.png HTTP/1.1" 200 47702
172.22.2.4 - - [03/Sep/2023:19:26:31 -0500] "GET /BLA/boletinlegal/images/historia.png HTTP/1.1" 200 52775
172.22.2.4 - - [03/Sep/2023:19:26:31 -0500] "GET /BLA/boletinlegal/images/registro-usuarios.png HTTP/1.1" 200 8106
172.22.2.4 - - [03/Sep/2023:19:26:31 -0500] "GET /BLA/boletinlegal/images/green-yellow-blue-pink-th.png HTTP/1.1" 200 7394
172.22.2.4 - - [03/Sep/2023:19:26:31 -0500] "GET /BLA/boletinlegal/images/tel.png HTTP/1.1" 200 14477
172.22.2.4 - - [03/Sep/2023:19:26:31 -0500] "GET /BLA/boletinlegal/images/body_bg.jpg HTTP/1.1" 200 1601
172.22.2.4 - - [03/Sep/2023:19:26:31 -0500] "GET /BLA/boletinlegal/images/icono-email.png HTTP/1.1" 200 5544
172.22.2.4 - - [03/Sep/2023:19:26:31 -0500] "GET /BLA/boletinlegal/images/menu_lft.gif HTTP/1.1" 200 1713
172.22.2.4 - - [03/Sep/2023:19:26:31 -0500] "GET /BLA/boletinlegal/images/bg_top.jpg HTTP/1.1" 200 522
172.22.2.4 - - [03/Sep/2023:19:26:31 -0500] "GET /BLA/boletinlegal/images/menu_rght.gif HTTP/1.1" 200 1627
172.22.2.4 - - [03/Sep/2023:19:26:31 -0500] "GET /BLA/boletinlegal/images/menu_bg.jpg HTTP/1.1" 200 620
172.22.2.4 - - [03/Sep/2023:19:26:31 -0500] "GET /BLA/boletinlegal/images/text.jpg HTTP/1.1" 200 568
172.22.2.4 - - [03/Sep/2023:19:26:31 -0500] "GET /BLA/boletinlegal/images/footer_bg.jpg HTTP/1.1" 200 586
172.22.2.4 - - [03/Sep/2023:19:26:31 -0500] "GET /BLA/boletinlegal/images/hover.jpg HTTP/1.1" 200 640
172.22.2.4 - - [03/Sep/2023:19:26:31 -0500] "GET /BLA/boletinlegal/images/footer_bg_l.jpg HTTP/1.1" 200 776
172.22.2.4 - - [03/Sep/2023:19:26:31 -0500] "GET /BLA/boletinlegal/img/select-right.png HTTP/1.1" 200 44019
172.22.2.4 - - [03/Sep/2023:19:26:31 -0500] "GET /BLA/boletinlegal/img/select-left.png HTTP/1.1" 200 263
172.22.2.4 - - [03/Sep/2023:19:26:31 -0500] "GET /BLA/boletinlegal/img/0.png HTTP/1.1" 200 110
172.22.2.4 - - [03/Sep/2023:19:26:31 -0500] "GET /BLA/boletinlegal/img/button-left.png HTTP/1.1" 200 57071
172.22.2.4 - - [03/Sep/2023:19:26:31 -0500] "GET /BLA/boletinlegal/img/button-right.png HTTP/1.1" 200 57878
172.22.2.4 - - [03/Sep/2023:19:26:31 -0500] "GET /BLA/boletinlegal/img/button.png HTTP/1.1" 200 43241
64.124.8.52 - - [03/Sep/2023:19:26:35 -0500] "GET /portaldeninos/wp-content/uploads/2016/02/home_toy_pic5-80x80.jpg HTTP/1.1" 304 -
40.77.167.9 - - [03/Sep/2023:19:28:09 -0500] "GET /BLA/resoluciones/AUTOS%202017/2721.pdf HTTP/1.1" 200 237816
173.252.107.119 - - [03/Sep/2023:19:28:10 -0500] "GET /calidad-del-aire-que-es-el-plan-de-intervencion-de-la-zona-suroccidental-pizso.html HTTP/1.1" 200 1044
173.252.107.5 - - [03/Sep/2023:19:28:11 -0500] "GET /calidad-del-aire-que-es-el-plan-de-intervencion-de-la-zona-suroccidental-pizso.html HTTP/1.1" 200 1044
173.252.95.13 - - [03/Sep/2023:19:28:12 -0500] "GET /images/calidad-del-aire-suroccidental_optimized.jpeg HTTP/1.1" 200 175446
201.245.192.253 - - [03/Sep/2023:19:28:12 -0500] "POST /kwsrmcab/Wsrmcab HTTP/1.1" 200 43334
201.245.192.253 - - [03/Sep/2023:19:28:15 -0500] "POST /kwsrmcab/Wsrmcab HTTP/1.1" 200 42499
173.252.107.2 - - [03/Sep/2023:19:28:28 -0500] "GET /ascenso-tecnologico-distrito-firma-decreto-que-permitira-renovar-parte-de-los-vehiculos-de-carga-y-asi-reducir-emisiones-contaminantes.html HTTP/1.1" 200 1058
173.252.107.7 - - [03/Sep/2023:19:28:28 -0500] "GET /ascenso-tecnologico-distrito-firma-decreto-que-permitira-renovar-parte-de-los-vehiculos-de-carga-y-asi-reducir-emisiones-contaminantes.html HTTP/1.1" 200 1058
173.252.83.4 - - [03/Sep/2023:19:28:29 -0500] "GET /images/Sello%201%20JA-2.jpeg HTTP/1.1" 200 42236
173.252.79.4 - - [03/Sep/2023:19:28:29 -0500] "GET /images/Secretarias%20Fondo%20carga%206%20de%20febrero.jpeg HTTP/1.1" 200 55460
173.252.107.117 - - [03/Sep/2023:19:28:33 -0500] "GET /inicia-la-convocatoria-2023-para-el-panel-distrital-de-cambio-climatico.html HTTP/1.1" 200 887
173.252.107.4 - - [03/Sep/2023:19:28:52 -0500] "GET /secretaria-de-ambiente-suspende-tres-hornos-crematorios-de-bogota-por-contaminacion-del-aire.html HTTP/1.1" 200 927
173.252.107.10 - - [03/Sep/2023:19:28:52 -0500] "GET /secretaria-de-ambiente-suspende-tres-hornos-crematorios-de-bogota-por-contaminacion-del-aire.html HTTP/1.1" 200 927
173.252.83.116 - - [03/Sep/2023:19:28:53 -0500] "GET /images/1%20de%20febrer%20Operativo%20hornos.jpg HTTP/1.1" 200 69569
173.252.107.8 - - [03/Sep/2023:19:29:07 -0500] "GET /conoce-las-medidas-de-prevencion-y-mitigacion-contempladas-en-la-alerta-fase-1-por-calidad-del-aire.htmli HTTP/1.1" 404 1034
173.252.107.8 - - [03/Sep/2023:19:29:07 -0500] "GET /bogota-mantiene-alerta-fase-1-por-calidad-del-aire-y-adopta-algunas-medidas.html HTTP/1.1" 200 1023
216.245.221.92 - - [03/Sep/2023:19:29:44 -0500] "HEAD / HTTP/1.1" 200 -
201.245.192.253 - - [03/Sep/2023:19:31:08 -0500] "POST /kwsrmcab/Wsrmcab  HTTP/1.1" 200 43358
172.22.2.4 - - [03/Sep/2023:19:29:46 -0500] "HEAD /BLA/boletinlegal/ HTTP/1.1" 200 -
66.249.66.85 - - [03/Sep/2023:19:31:47 -0500] "GET /portaldeninos/wp-content/uploads/2016/02/home_toy_pic5.jpg HTTP/1.1" 200 58607
172.22.2.4 - - [03/Sep/2023:19:30:37 -0500] "GET /BLA/boletinlegal/ HTTP/1.1" 200 59343
186.84.21.193 - - [03/Sep/2023:19:32:17 -0500] "GET /kwssiamovil/sm/ldap/au?x=U2FsdGVkX18kyArX7OGkryvQKpLnfllY72zjwgBsB0I9B9K1wJXZzzkmP3LRJq3/+56sGG8JF4K9p9I7OPBC1g==&y=U2FsdGVkX19jgotWwmXuXDfauEW7520UJEloUeGjdUZIFYSxOBtfPeDT+4yV9H19 HTTP/1.1" 200 30
186.84.21.193 - - [03/Sep/2023:19:32:18 -0500] "GET /kwssiamovil/sm/acme/s?s=U2FsdGVkX18CVOG6Vz475qs8j3OJaiInpXBAhZ8+rdzuA2Ylb9LaFgmxhHaPdVM1XdoJNjOISoLWUg+O5i5zuAO0FIBlnDYt3OzZXxKU2Oo=&u=U2FsdGVkX18JKBqK2brpk/YlyyTSt4YGeoNqBATNL5ATbihwpmKPP4I/Ff/mszVu&y=U2FsdGVkX19jgotWwmXuXDfauEW7520UJEloUeGjdUZIFYSxOBtfPeDT+4yV9H19 HTTP/1.1" 200 97
