186.102.69.73 - - [03/Sep/2023:12:27:45 -0500] "GET /kwssiamovil/sm/acme/a?s=U2FsdGVkX18RUuYSuuopwxXlfa9H/UYl/IjwJRRCl7MiyJ+eMwnbznnFebupvw0+rshTg0/ez3RsSCCfom3zUTeixkCWQsfnaylJb7CbRAA0hH++Rj8Js5QLWgcex1J1STSa2xFqa1zaZtBXMulR/Onjc0vczrPtovOUwGYs8C90NIYf6yWcQgWUGlP6XzCX4bymev6p0oGP+vwGfh1IZ0dBQPBIciO6omStYkRdg5HrKoXkeDMm6hlpGmaYKdC4uCOyyPaQq7DbO+/nNseRR6kkiWeJX5Xn54zkV15/nvd2uAo8AF3CkW0Yll/ZhBjSX2013JP6ta4QYezHGlzk1qzrgI+dyX4cQ1mmfH+o1opkIRNKZ7gf9yj+qjJ2LeTIM/5Cg2vXOrABNsL6wULv+w==&u=U2FsdGVkX19Wxrc5CMES+jI93udJkCPWgi3G4fM8qp1uaSQ4310CQR1xlwS4yZ0o&y=U2FsdGVkX1/GKiygZMTeXuXrgcM1lM3A+obdYcCBiUlHT2029nstuOsZyXSQY+GD HTTP/1.1" 200 25
201.245.192.253 - - [03/Sep/2023:12:28:14 -0500] "POST /kwsrmcab/Wsrmcab HTTP/1.1" 200 42133
201.245.192.253 - - [03/Sep/2023:12:28:17 -0500] "POST /kwsrmcab/Wsrmcab HTTP/1.1" 200 42521
52.167.144.222 - - [03/Sep/2023:12:29:00 -0500] "GET /Publicaciones/2023EE202210.pdf HTTP/1.1" 200 231957
216.245.221.92 - - [03/Sep/2023:12:29:45 -0500] "HEAD / HTTP/1.1" 200 -
172.22.2.4 - - [03/Sep/2023:12:29:51 -0500] "GET /BLA/boletinlegal/ HTTP/1.1" 200 20427
172.22.2.4 - - [03/Sep/2023:12:29:46 -0500] "HEAD /BLA/boletinlegal/ HTTP/1.1" 200 -
172.22.2.4 - - [03/Sep/2023:12:30:37 -0500] "GET /BLA/boletinlegal/ HTTP/1.1" 200 58597
201.245.192.253 - - [03/Sep/2023:12:32:34 -0500] "POST /kwsrmcab/Wsrmcab  HTTP/1.1" 200 43358
66.249.66.193 - - [03/Sep/2023:12:34:36 -0500] "GET /secretaria-de-ambiente-entrego-balance-de-su-gestion-en-2022-y-presento-los-retos-para-el-2023.html HTTP/1.1" 304 -
216.245.221.92 - - [03/Sep/2023:12:34:45 -0500] "HEAD / HTTP/1.1" 200 -
66.249.66.193 - - [03/Sep/2023:12:35:38 -0500] "GET /el-ejemplo-comienza-por-casa-alcaldia-de-bogota-expide-decreto-para-reducir-plasticos-de-un-solo-uso-en-las-entidades-del-distrito.html HTTP/1.1" 304 -
172.22.2.4 - - [03/Sep/2023:12:35:36 -0500] "HEAD /BLA/boletinlegal/ HTTP/1.1" 200 -
201.245.192.253 - - [03/Sep/2023:12:37:33 -0500] "POST /kwsrmcab/Wsrmcab  HTTP/1.1" 200 43358
179.43.191.194 - - [03/Sep/2023:12:37:26 -0500] "POST /boaform/admin/formLogin HTTP/1.1" 404 1186
69.63.189.5 - - [03/Sep/2023:12:37:45 -0500] "GET /dia-mundial-de-los-humedales-mas-de-60-aves-alzaron-vuelo-en-el-humedal-el-tunjo.html HTTP/1.1" 200 885
157.55.39.212 - - [03/Sep/2023:12:37:57 -0500] "GET /BLA/resoluciones/RESOLUCIONES%202023/1224.pdf HTTP/1.1" 200 450526
172.22.2.4 - - [03/Sep/2023:12:36:27 -0500] "GET /BLA/boletinlegal/ HTTP/1.1" 200 60692
201.245.192.253 - - [03/Sep/2023:12:38:14 -0500] "POST /kwsrmcab/Wsrmcab HTTP/1.1" 200 42133
201.245.192.253 - - [03/Sep/2023:12:38:17 -0500] "POST /kwsrmcab/Wsrmcab HTTP/1.1" 200 42521
190.25.103.110 - - [03/Sep/2023:12:39:28 -0500] "GET /sipse/faces/index.xhtml HTTP/1.1" 200 677
190.25.103.110 - - [03/Sep/2023:12:39:29 -0500] "GET /sipse/faces/javax.faces.resource/theme.css?ln=primefaces-sipse HTTP/1.1" 304 -
190.25.103.110 - - [03/Sep/2023:12:39:30 -0500] "GET /sipse/faces/faces/autenticacion.xhtml HTTP/1.1" 200 12175
190.25.103.110 - - [03/Sep/2023:12:39:31 -0500] "GET /sipse/faces/javax.faces.resource/theme.css?ln=primefaces-sipse HTTP/1.1" 304 -
190.25.103.110 - - [03/Sep/2023:12:39:31 -0500] "GET /sipse/faces/javax.faces.resource/primefaces.css?ln=primefaces&v=4.0 HTTP/1.1" 304 -
190.25.103.110 - - [03/Sep/2023:12:39:31 -0500] "GET /sipse/faces/javax.faces.resource/layout/layout.js?ln=primefaces&v=4.0 HTTP/1.1" 304 -
190.25.103.110 - - [03/Sep/2023:12:39:31 -0500] "GET /sipse/faces/javax.faces.resource/layout/layout.css?ln=primefaces&v=4.0 HTTP/1.1" 304 -
190.25.103.110 - - [03/Sep/2023:12:39:31 -0500] "GET /sipse/faces/javax.faces.resource/jquery/jquery.js?ln=primefaces&v=4.0 HTTP/1.1" 304 -
190.25.103.110 - - [03/Sep/2023:12:39:31 -0500] "GET /sipse/faces/javax.faces.resource/jquery/jquery-plugins.js?ln=primefaces&v=4.0 HTTP/1.1" 304 -
190.25.103.110 - - [03/Sep/2023:12:39:31 -0500] "GET /sipse/faces/javax.faces.resource/primefaces.js?ln=primefaces&v=4.0 HTTP/1.1" 304 -
190.25.103.110 - - [03/Sep/2023:12:39:31 -0500] "GET /sipse/faces/javax.faces.resource/images/ui-icons_898989_256x240.png?ln=primefaces-aristo HTTP/1.1" 304 -
190.25.103.110 - - [03/Sep/2023:12:39:35 -0500] "POST /sipse/faces/autenticacion.xhtml HTTP/1.1" 200 16779
190.25.103.110 - - [03/Sep/2023:12:39:35 -0500] "GET /sipse/faces/javax.faces.resource/theme.css?ln=primefaces-sipse HTTP/1.1" 304 -
190.25.103.110 - - [03/Sep/2023:12:39:35 -0500] "GET /sipse/faces/javax.faces.resource/primefaces.css?ln=primefaces&v=4.0 HTTP/1.1" 304 -
190.25.103.110 - - [03/Sep/2023:12:39:35 -0500] "GET /sipse/faces/javax.faces.resource/layout/layout.css?ln=primefaces&v=4.0 HTTP/1.1" 304 -
190.25.103.110 - - [03/Sep/2023:12:39:35 -0500] "GET /sipse/faces/javax.faces.resource/jquery/jquery.js?ln=primefaces&v=4.0 HTTP/1.1" 304 -
190.25.103.110 - - [03/Sep/2023:12:39:35 -0500] "GET /sipse/faces/javax.faces.resource/jquery/jquery-plugins.js?ln=primefaces&v=4.0 HTTP/1.1" 304 -
190.25.103.110 - - [03/Sep/2023:12:39:35 -0500] "GET /sipse/faces/javax.faces.resource/primefaces.js?ln=primefaces&v=4.0 HTTP/1.1" 304 -
190.25.103.110 - - [03/Sep/2023:12:39:36 -0500] "GET /sipse/faces/javax.faces.resource/layout/layout.js?ln=primefaces&v=4.0 HTTP/1.1" 304 -
190.25.103.110 - - [03/Sep/2023:12:39:36 -0500] "GET /sipse/css/imagen/contrasena.png HTTP/1.1" 404 383
190.25.103.110 - - [03/Sep/2023:12:39:36 -0500] "GET /sipse/faces/javax.faces.resource/messages/messages.png?ln=primefaces&v=4.0 HTTP/1.1" 304 -
66.249.66.193 - - [03/Sep/2023:12:39:36 -0500] "GET /secretaria-de- HTTP/1.1" 404 1034
190.25.103.110 - - [03/Sep/2023:12:39:38 -0500] "GET /sipse/faces/javax.faces.resource/images/ui-bg_flat_0_2d5972_40x100.png?ln=primefaces-aristo HTTP/1.1" 304 -
190.25.103.110 - - [03/Sep/2023:12:39:38 -0500] "POST /sipse/faces/bienvenido.xhtml HTTP/1.1" 200 2073
190.25.103.110 - - [03/Sep/2023:12:39:39 -0500] "POST /sipse/faces/bienvenido.xhtml HTTP/1.1" 200 38964
190.25.103.110 - - [03/Sep/2023:12:39:39 -0500] "GET /sipse/faces/javax.faces.resource/theme.css?ln=primefaces-sipse HTTP/1.1" 304 -
190.25.103.110 - - [03/Sep/2023:12:39:39 -0500] "GET /sipse/faces/javax.faces.resource/layout/layout.css?ln=primefaces&v=4.0 HTTP/1.1" 304 -
190.25.103.110 - - [03/Sep/2023:12:39:39 -0500] "GET /sipse/faces/javax.faces.resource/primefaces.css?ln=primefaces&v=4.0 HTTP/1.1" 304 -
190.25.103.110 - - [03/Sep/2023:12:39:39 -0500] "GET /sipse/faces/javax.faces.resource/jquery/jquery.js?ln=primefaces&v=4.0 HTTP/1.1" 304 -
190.25.103.110 - - [03/Sep/2023:12:39:39 -0500] "GET /sipse/faces/javax.faces.resource/jquery/jquery-plugins.js?ln=primefaces&v=4.0 HTTP/1.1" 304 -
190.25.103.110 - - [03/Sep/2023:12:39:39 -0500] "GET /sipse/faces/javax.faces.resource/primefaces.js?ln=primefaces&v=4.0 HTTP/1.1" 304 -
190.25.103.110 - - [03/Sep/2023:12:39:39 -0500] "GET /sipse/faces/javax.faces.resource/layout/layout.js?ln=primefaces&v=4.0 HTTP/1.1" 304 -
190.25.103.110 - - [03/Sep/2023:12:39:44 -0500] "POST /sipse/faces/presentacion/financiero/solicitudProceso/consultar.xhtml HTTP/1.1" 200 12848
216.245.221.92 - - [03/Sep/2023:12:39:45 -0500] "HEAD / HTTP/1.1" 200 -
190.25.103.110 - - [03/Sep/2023:12:39:47 -0500] "POST /sipse/faces/presentacion/financiero/solicitudProceso/consultar.xhtml HTTP/1.1" 200 157982
190.25.103.110 - - [03/Sep/2023:12:39:48 -0500] "GET /sipse/faces/javax.faces.resource/theme.css?ln=primefaces-sipse HTTP/1.1" 304 -
190.25.103.110 - - [03/Sep/2023:12:39:48 -0500] "GET /sipse/faces/javax.faces.resource/layout/layout.css?ln=primefaces&v=4.0 HTTP/1.1" 304 -
190.25.103.110 - - [03/Sep/2023:12:39:48 -0500] "GET /sipse/faces/javax.faces.resource/primefaces.css?ln=primefaces&v=4.0 HTTP/1.1" 304 -
190.25.103.110 - - [03/Sep/2023:12:39:48 -0500] "GET /sipse/faces/javax.faces.resource/jquery/jquery.js?ln=primefaces&v=4.0 HTTP/1.1" 304 -
190.25.103.110 - - [03/Sep/2023:12:39:48 -0500] "GET /sipse/faces/javax.faces.resource/jquery/jquery-plugins.js?ln=primefaces&v=4.0 HTTP/1.1" 304 -
190.25.103.110 - - [03/Sep/2023:12:39:48 -0500] "GET /sipse/faces/javax.faces.resource/primefaces.js?ln=primefaces&v=4.0 HTTP/1.1" 304 -
190.25.103.110 - - [03/Sep/2023:12:39:48 -0500] "GET /sipse/faces/javax.faces.resource/layout/layout.js?ln=primefaces&v=4.0 HTTP/1.1" 304 -
190.25.103.110 - - [03/Sep/2023:12:39:56 -0500] "POST /sipse/faces/presentacion/financiero/solicitudProceso/consultarSolicitudProceso.xhtml HTTP/1.1" 200 105700
52.142.43.125 - - [03/Sep/2023:12:41:56 -0500] "GET /portaldeninos/ruido/ HTTP/1.1" 200 88494
52.142.43.125 - - [03/Sep/2023:12:41:56 -0500] "GET /portaldeninos/aulas-ambientales/ HTTP/1.1" 200 88416
52.142.43.125 - - [03/Sep/2023:12:41:56 -0500] "GET /portaldeninos/contactanos/ HTTP/1.1" 200 88135
52.142.43.125 - - [03/Sep/2023:12:41:56 -0500] "GET /portaldeninos/publicidad/ HTTP/1.1" 200 87569
172.22.2.4 - - [03/Sep/2023:12:41:58 -0500] "GET /BLA/boletinlegal/Directivas/2022/DIRECTIVA%20No.%2000002%20DEL%2022%20DE%20JUNIO%20DEL%202022.pdf HTTP/1.1" 200 384175
172.22.2.4 - - [03/Sep/2023:12:42:02 -0500] "GET /BLA/boletinlegal/Directivas/2018/Directiva%20No.%2026%20del%2028%20de%20diciembre%20de%202018.pdf HTTP/1.1" 200 332220
172.22.2.4 - - [03/Sep/2023:12:42:04 -0500] "GET /BLA/boletinlegal/Directivas/2019/Directiva%20008%20del%2001%20de%20noviembre%20de%202019.pdf HTTP/1.1" 200 1382642
172.22.2.4 - - [03/Sep/2023:12:42:07 -0500] "GET /BLA/boletinlegal/sugerencias.php HTTP/1.1" 200 8615
201.245.192.253 - - [03/Sep/2023:12:42:31 -0500] "POST /kwsrmcab/Wsrmcab  HTTP/1.1" 200 43358
172.22.2.4 - - [03/Sep/2023:12:43:03 -0500] "GET /BLA/boletinlegal/actos.php HTTP/1.1" 200 9682
172.22.2.4 - - [03/Sep/2023:12:41:26 -0500] "HEAD /BLA/boletinlegal/ HTTP/1.1" 200 -
66.249.66.193 - - [03/Sep/2023:12:43:09 -0500] "GET /un-arbol-por-cada-ano-de-bogota-asi-se-siguen-celebrando-los-485-anos-de-la-ciudad.html HTTP/1.1" 200 892
172.22.2.4 - - [03/Sep/2023:12:41:59 -0500] "GET /BLA/boletinlegal/ HTTP/1.1" 200 36811
172.22.2.4 - - [03/Sep/2023:12:42:00 -0500] "GET /BLA/boletinlegal/index.php HTTP/1.1" 200 36811
172.22.2.4 - - [03/Sep/2023:12:42:17 -0500] "GET /BLA/boletinlegal/ HTTP/1.1" 200 49695
94.102.61.10 - - [03/Sep/2023:12:43:58 -0500] "GET /portaldeninos/ HTTP/1.1" 200 110175
216.245.221.92 - - [03/Sep/2023:12:44:45 -0500] "HEAD / HTTP/1.1" 200 -
201.245.192.253 - - [03/Sep/2023:12:47:30 -0500] "POST /kwsrmcab/Wsrmcab  HTTP/1.1" 200 43358
185.191.171.15 - - [03/Sep/2023:12:48:25 -0500] "GET /robots.txt HTTP/1.1" 404 1035
85.208.96.208 - - [03/Sep/2023:12:48:25 -0500] "GET /portaldeninos/contactanos/ HTTP/1.1" 200 88135
172.22.2.4 - - [03/Sep/2023:12:47:16 -0500] "HEAD /BLA/boletinlegal/ HTTP/1.1" 200 -
216.245.221.92 - - [03/Sep/2023:12:49:45 -0500] "HEAD / HTTP/1.1" 200 -
172.22.2.4 - - [03/Sep/2023:12:48:07 -0500] "GET /BLA/boletinlegal/ HTTP/1.1" 200 58187
173.252.95.10 - - [03/Sep/2023:12:51:50 -0500] "GET /secretaria-de-ambiente-libero-12-animales-silvestres-en-parque-entrenubes-en-los-ultimos-tres-anos-ya-han-retornado-a-la-libertad-12-800.html HTTP/1.1" 200 914
173.252.95.120 - - [03/Sep/2023:12:51:55 -0500] "GET /fauna-silvestre-41-animales-fueron-liberados-por-la-secretaria-de-ambiente.html HTTP/1.1" 200 825
173.252.95.8 - - [03/Sep/2023:12:52:17 -0500] "GET /mas-de-100-arboles-fueron-plantados-en-el-humedal-de-techo.html HTTP/1.1" 200 750
173.252.95.7 - - [03/Sep/2023:12:52:29 -0500] "GET /serrania-el-zuque-de-cantera-en-los-anos-60-a-espacio-de-restauracion-ambiental-y-mitigacion-del-riesgo.html HTTP/1.1" 200 841
201.245.192.253 - - [03/Sep/2023:12:52:29 -0500] "POST /kwsrmcab/Wsrmcab  HTTP/1.1" 200 43358
173.252.111.4 - - [03/Sep/2023:12:52:53 -0500] "GET /la-propuesta-de-pot-esta-pensada-para-que-bogota-enfrente-la-crisis-climatica.html HTTP/1.1" 200 919
216.245.221.92 - - [03/Sep/2023:12:54:45 -0500] "HEAD / HTTP/1.1" 200 -
172.22.2.4 - - [03/Sep/2023:12:53:06 -0500] "HEAD /BLA/boletinlegal/ HTTP/1.1" 200 -
66.220.149.9 - - [03/Sep/2023:12:55:19 -0500] "GET /images/Juan%20Rey%20febrero%2013.jpg HTTP/1.1" 200 55934
172.22.2.4 - - [03/Sep/2023:12:53:57 -0500] "GET /BLA/boletinlegal/ HTTP/1.1" 200 58597
201.245.192.253 - - [03/Sep/2023:12:57:27 -0500] "POST /kwsrmcab/Wsrmcab  HTTP/1.1" 200 43358
216.245.221.92 - - [03/Sep/2023:12:59:45 -0500] "HEAD / HTTP/1.1" 200 -
172.22.2.4 - - [03/Sep/2023:12:58:56 -0500] "HEAD /BLA/boletinlegal/ HTTP/1.1" 200 -
172.22.2.4 - - [03/Sep/2023:12:59:46 -0500] "GET /BLA/boletinlegal/ HTTP/1.1" 200 53013
52.142.43.125 - - [03/Sep/2023:13:01:59 -0500] "GET /portaldeninos/relatos-urbanos-de-los-ecosistemas-bogotanos-2/ HTTP/1.1" 200 88374
52.142.43.125 - - [03/Sep/2023:13:01:59 -0500] "GET /portaldeninos/corresponsal-ambiental/ HTTP/1.1" 200 93768
52.142.43.125 - - [03/Sep/2023:13:01:59 -0500] "GET /portaldeninos/los-arboles/ HTTP/1.1" 200 87546
52.167.144.190 - - [03/Sep/2023:13:02:03 -0500] "GET /BLA/resoluciones/RESOLUCIONES%202023/1304.pdf HTTP/1.1" 200 461392
201.245.192.253 - - [03/Sep/2023:13:02:26 -0500] "POST /kwsrmcab/Wsrmcab  HTTP/1.1" 200 43358
172.22.2.4 - - [03/Sep/2023:13:03:36 -0500] "GET /BLA/boletinlegal/images/icono-email.png HTTP/1.1" 200 5544
173.252.95.8 - - [03/Sep/2023:13:03:59 -0500] "GET /images/acuerdos-conservacion-08-23.jpg HTTP/1.1" 200 55051
186.28.100.183 - - [03/Sep/2023:13:04:18 -0500] "GET /portaldeninos/wp-content/uploads/2019/06/CabezoteAMBIENTIC.mp4 HTTP/1.1" 206 2
186.28.100.183 - - [03/Sep/2023:13:04:18 -0500] "GET /portaldeninos/wp-content/uploads/2022/01/Conoce-lo-que-hace-la-Secretar%C3%ADa-de-Ambiente.mp4 HTTP/1.1" 206 2
186.28.100.183 - - [03/Sep/2023:13:04:18 -0500] "GET /portaldeninos/wp-content/uploads/2019/06/CabezoteAMBIENTIC.mp4 HTTP/1.1" 206 1104102
186.28.100.183 - - [03/Sep/2023:13:04:18 -0500] "GET /portaldeninos/wp-content/uploads/2022/01/Conoce-lo-que-hace-la-Secretar%C3%ADa-de-Ambiente.mp4 HTTP/1.1" 206 974566
186.28.100.183 - - [03/Sep/2023:13:04:19 -0500] "GET /portaldeninos/wp-json/pum/v1/analytics/?event=open&pid=1126&_cache=1693764249146 HTTP/1.1" 204 -
186.28.100.183 - - [03/Sep/2023:13:04:18 -0500] "GET /portaldeninos/wp-content/uploads/2022/01/Conoce-lo-que-hace-la-Secretar%C3%ADa-de-Ambiente.mp4 HTTP/1.1" 206 5974769
186.28.100.183 - - [03/Sep/2023:13:04:18 -0500] "GET /portaldeninos/wp-content/uploads/2019/06/CabezoteAMBIENTIC.mp4 HTTP/1.1" 206 7617960
66.249.66.192 - - [03/Sep/2023:13:04:35 -0500] "GET /en-julio-programate-para-asistir-a-las-caminatas-ecologicas-y-conectarte-con-la-naturaleza.html HTTP/1.1" 304 -
216.245.221.92 - - [03/Sep/2023:13:04:45 -0500] "HEAD / HTTP/1.1" 200 -
172.22.2.4 - - [03/Sep/2023:13:06:03 -0500] "GET /BLA/boletinlegal/actos.php HTTP/1.1" 200 9682
186.29.33.120 - - [03/Sep/2023:13:06:05 -0500] "GET /BLA/resoluciones/ HTTP/1.1" 200 13502
172.22.2.4 - - [03/Sep/2023:13:06:12 -0500] "GET /BLA/boletinlegal/images/screen_2.png HTTP/1.1" 200 362502
172.22.2.4 - - [03/Sep/2023:13:06:12 -0500] "GET /BLA/boletinlegal/images/screen_5.png HTTP/1.1" 200 368876
172.22.2.4 - - [03/Sep/2023:13:06:12 -0500] "GET /BLA/boletinlegal/images/screen_3.png HTTP/1.1" 200 210620
172.22.2.4 - - [03/Sep/2023:13:06:13 -0500] "GET /BLA/boletinlegal/images/arr_r.jpg HTTP/1.1" 200 1998
186.29.33.120 - - [03/Sep/2023:13:06:14 -0500] "GET /BLA/resoluciones/index.php?dir=AUTOS+2021%2F HTTP/1.1" 200 398544
172.22.2.4 - - [03/Sep/2023:13:04:46 -0500] "HEAD /BLA/boletinlegal/ HTTP/1.1" 200 -
172.22.2.4 - - [03/Sep/2023:13:06:26 -0500] "GET /BLA/boletinlegal/images/pdf.gif HTTP/1.1" 200 567
186.29.33.120 - - [03/Sep/2023:13:06:27 -0500] "GET /BLA/resoluciones/AUTOS%202021/3085.pdf HTTP/1.1" 200 360505
172.22.2.4 - - [03/Sep/2023:13:07:15 -0500] "GET /BLA/boletinlegal/.env HTTP/1.1" 404 1038
172.22.2.4 - - [03/Sep/2023:13:05:37 -0500] "GET /BLA/boletinlegal/ HTTP/1.1" 200 43133
201.245.192.253 - - [03/Sep/2023:13:07:25 -0500] "POST /kwsrmcab/Wsrmcab  HTTP/1.1" 200 43358
172.22.2.4 - - [03/Sep/2023:13:05:59 -0500] "GET /BLA/boletinlegal/ HTTP/1.1" 200 45671
52.167.144.173 - - [03/Sep/2023:13:08:16 -0500] "GET /portaldeninos/parque-ecologico-distrital-humedal-santa-maria-del-lago/ HTTP/1.1" 200 90199
52.167.144.138 - - [03/Sep/2023:13:08:56 -0500] "GET /bla/resoluciones/notificaciones/registros%202020/0847.pdf HTTP/1.1" 200 272556
179.19.82.17 - - [03/Sep/2023:13:09:45 -0500] "GET /kwssiamovil/sm/acme/a?s=U2FsdGVkX1++f8eFzc3sYg0AqnLIgeEZVyfse8hx+2G5Hj6IiLF9qta9dvnJOrEIwgleSQdFETJOSx3qaMn6hqKU7pO4yThFjchCRFar59jUZJ6fK57sw/Uv06x5MBci/p2xmenRgn0oX5784cdUyBcSZdpy3uEAMuTAW1JzfgnQXVOaUy+DlboF2fo1ZHw+89tHviz1yE0JNvDELitzxQfvLK40OohXk0zd2xecrWzXq488cAZT6BysGPPZpd7nkcAijIyx7DvcsSOr2zLG+w==&u=U2FsdGVkX1/lKhHhXl7Z7MXw55mhRpbhlecCUHMZjC0=&y=U2FsdGVkX18tkOtBOQ4P58MOEQFdXZp3CjOnAwfMt7o5W9WrLq7k7Zdu/fg/UL0p HTTP/1.1" 200 26
216.245.221.92 - - [03/Sep/2023:13:09:45 -0500] "HEAD / HTTP/1.1" 200 -
179.19.82.17 - - [03/Sep/2023:13:09:45 -0500] "GET /kwssiamovil/sm/acme/a?s=U2FsdGVkX1+iNalsMJBFB+tGWAmN8+qmqFg1nmYb4AuMh0ebAqlcJaJTO0so4kXKKMci1Y1X2Y0hgUdn3P/Ps0kgQVp+krYZaqJrsrUi1GnW2hBN0p+7sCurBu1eqyRq+ggFPKlG4ZcAXXt7KclZTzamwWdeuwRa+L9BxrpZdEnBkYrotN12910QW4FBevufYOIXcnehPDq9UKeweCu/92OzjIPK4PFr3bTnngcR0OLHoW5nKSyW+VkboqXhG6Jn2HSp3Z9jeP6/ypXBQnP0V5Q2cOVPV1LgRwMttFF/uvmVhFU+BatlshwAqHYydFcKgbbQkx06OQfhYm2+RNmIkkFcB6XgOD5qcM8vtQHR8XdcGXUtv3hGYVnudGwNlTf6iN+WNrF8BEMOXh/T+lwSvVCqZR4MW/o1PzJXblTSzWDtUqtMASHpo/jutjcrnNsGNDSQLgtNPeBbaM3ZrnGALbKJXwgz85U5C1zqrs8yVyZQ2kiuhZRRAVq7i7q+tleVGBuVZJYPJb56Plht6vh03tsaprLAC/Ul7KOAeK964svVQk9ZboJCJ8tl6cglV6JMO91rLBOEmqkQFkoQATYv9BJxMlu0aFKltVJQqq643Iy3DduoDL01d9qCAc0O/F7ReJQSqybGisPXkEjPYBEkflp9q44L7HKVjnRcyyAjTsHHml2lqvO4uibEPwm82mbS4vPzT8VSQ69xY6mncPfIBbyfkWiBNPvvBS0Y+uWmLxpiuaOAk1Iez2dlMD8oVtZ512Zbd9i0OIayn2i5niaAUPZ+zGDxz8bLd0zeNO47Ki4bmdrOwNWp5w+AtZgzYvVwprco1eXzIta9ItV/zmjqvefZe2rjF6cr8fi/b479CSIP/hGsvVyu4BP9S3f24PHl1m4vuA08wmRUN6DM6n03JxgLaVoLXUNPYU8MZQkHny24R1aV5+rS/uJgnjeGk3aJQSGWWLe4zRAHpwGiGBEqlA4wiHstTsTIcH9oX7GAo1zPSEf1PcOxHf1Tk9DTZ99XDaW8S0ftOFR7rctrYYFagpshcIXnNEo5qIM3KPBlUnKdl5UAr/N/gKGLcTNEDxDoVJbIXvEKayj3NKS8ocxnVjZo9FXDq4Hv4FALOCaedZwBOmmb7kQkycA+QXJG+r42rA7JfIjcGUOnehIYGqA/VjlJJNjTx7bhRwDpRrsJNpRNPyPw/XT61g39NGldLp40ug6PiknKEuMpBcZf5tuZ17glLbT/ptHRr5ZNBcICZIQgbi2Eo9PRsWIvbYK7IwdUR52wxyzJyVbUPyU4AKct8ie/uV94fMGAjtfGm3BmItnMBwZ7AsFaz3xQhq7+sQQvph7HmN5dWXz8T0kTbQaox6kXaNFgrLd56q1zL7P5Wg2a1IPolP8PoYoQQK50APYgOCGXMMs/C6NxTEnZXJj96urxYX7zdGQSQLA7kD+4b9eym1bcmsxnWdcAGrKRU4cCwJ/MYTw3iyq5vtNETlSb/TFt0PNsO+eWADqWfz9RMt8fZcRTks0LDUxN0IH5oPS1nXRmqm/et8od5hyA9zClpzrewF67guV+toMCXTsHUhsusjuuF3G1uaoPR6HYjRKe+NN+TJmsZo/4y7m52fyrPt8Eb5nIQM+mRy00hZIAJb3aEv2TGuNMd0l5UBbzF3EfgVYB7C73wzXQl2DTH5tjMvsYmaQHkFzJd2RFmEJwUqMq9H7TziLaad6Dg15BFSPDWvlVHClbzBw0pB4uj/osGFprQSLHxH+iuhkhO9E4J/djBQY5fqh/vunQb/cLX/X4gYKBXEiKc4HchqGORowg7RWWddaBMnZe3RmLUT5/Slz20iQEduMKN5nysGbMKx/7ZT9zEr1PY1w4x4km4Wdc+AQ1Jh7IZZUMW74QFuF58zBtxs7iQLfbud9z+rfzv0U8MQEqiDi+hpNjG/GbthDKrgP4z4hL0eRbBnToI5gPEi4ubnf2FQXOIUYIk1r3NGGqpDo5J0InQwVmbVmnz+MwBLz9v9hW+JOR1k6losQFTQE=&u=U2FsdGVkX1/lKhHhXl7Z7MXw55mhRpbhlecCUHMZjC0=&y=U2FsdGVkX18tkOtBOQ4P58MOEQFdXZp3CjOnAwfMt7o5W9WrLq7k7Zdu/fg/UL0p HTTP/1.1" 200 26
179.19.82.17 - - [03/Sep/2023:13:09:46 -0500] "GET /kwssiamovil/sm/acme/a?s=U2FsdGVkX19GrY5S7vyYFgkA+3ZMERoIbiacV+Q9JR2FLj63yqJ50yTyqGhYnh4homkxMzQcZHjsJuL3oKn3vJ+sxjWp7VI3w7deNhfwjCsg+q9mzhg8a872hImUteg5Per6TIqU41ulsmKOBmEeuNZwIQUwFXTyCouELk0rRcI=&u=U2FsdGVkX1/lKhHhXl7Z7MXw55mhRpbhlecCUHMZjC0=&y=U2FsdGVkX18tkOtBOQ4P58MOEQFdXZp3CjOnAwfMt7o5W9WrLq7k7Zdu/fg/UL0p HTTP/1.1" 200 26
179.19.82.17 - - [03/Sep/2023:13:09:46 -0500] "GET /kwssiamovil/sm/acme/a?s=U2FsdGVkX1+El39rfXJ1c+QbHhiPhoWCR1ZeyD/9ffATeVQTLpO8of7pxmi8KXNDl5CcyMancJkCelY67FCyi4b5A/LA57H1kyuF1lPeqSXEzpW/xghb83aGnPFZPF+7v0ul3kkwDUe8Z33yqDXSw178rgYTad0LPMKEdfxJuog=&u=U2FsdGVkX1/lKhHhXl7Z7MXw55mhRpbhlecCUHMZjC0=&y=U2FsdGVkX18tkOtBOQ4P58MOEQFdXZp3CjOnAwfMt7o5W9WrLq7k7Zdu/fg/UL0p HTTP/1.1" 200 26
179.19.82.17 - - [03/Sep/2023:13:09:46 -0500] "GET /kwssiamovil/sm/acme/a?s=U2FsdGVkX1/6giZW/SM0yFEa7mAMaE2f2Dk7S555URFXMVUYyfF+dLPT1YGNXSzi9fPFV+kV+eOq3zzHy0xrKFJK10pHL62oMrAkInsUQJVrndjePMm8tNmWmXllitjeQtFon8eIjB81jvqdk9ZwEjNqRUA7VHF5F7Tmmum9hTo=&u=U2FsdGVkX1/lKhHhXl7Z7MXw55mhRpbhlecCUHMZjC0=&y=U2FsdGVkX18tkOtBOQ4P58MOEQFdXZp3CjOnAwfMt7o5W9WrLq7k7Zdu/fg/UL0p HTTP/1.1" 200 26
179.19.82.17 - - [03/Sep/2023:13:09:47 -0500] "GET /kwssiamovil/sm/acme/a?s=U2FsdGVkX1+lMihVET0N2GYsBTfd2iD0GMvavbimgccauoErK/aVR0BcdN1iDhmihQNasZhstJy9Qcx99t2qOuUNDMsnQreIrSvzei7by1NnI2AXRAu9M4VjVxrcMNF4DSTBYkADgXpMU8EPY1x6DenFfUoFXvZH+ozETBgBG3r2SqvRRXdbo3Gmi33Rrj+7zzngLKjCjIGzrRpvj4qgIg==&u=U2FsdGVkX1/lKhHhXl7Z7MXw55mhRpbhlecCUHMZjC0=&y=U2FsdGVkX18tkOtBOQ4P58MOEQFdXZp3CjOnAwfMt7o5W9WrLq7k7Zdu/fg/UL0p HTTP/1.1" 200 26
179.19.82.17 - - [03/Sep/2023:13:10:11 -0500] "GET /kwssiamovil/sm/acme/u?s=U2FsdGVkX1/pshcjsKK7NOV+yHMLEu+ewezIDVk4uNvggW33G3COgNPNl3cN3ZXFHeQ4E4gUbmbOc/uUW+pbfUoGIpaGZYrKiHr2KS8tpxY1sRLQwXZCxe9VhIV+fl8qQXA/4GC8a+fQRNsrag/UNDiMS3wvZdIlJWUt1seLQ6E=&u=U2FsdGVkX1/lKhHhXl7Z7MXw55mhRpbhlecCUHMZjC0=&y=U2FsdGVkX18tkOtBOQ4P58MOEQFdXZp3CjOnAwfMt7o5W9WrLq7k7Zdu/fg/UL0p HTTP/1.1" 200 60
52.142.43.125 - - [03/Sep/2023:13:11:03 -0500] "GET /portaldeninos/los-arboles/tips/ HTTP/1.1" 200 87677
52.142.43.125 - - [03/Sep/2023:13:11:03 -0500] "GET /portaldeninos/parque-ecologico-distrital-humedal-santa-maria-del-lago/ HTTP/1.1" 200 90199
52.142.43.125 - - [03/Sep/2023:13:11:03 -0500] "GET /portaldeninos/parque-mirador-de-los-nevados/ HTTP/1.1" 200 89855
52.142.43.125 - - [03/Sep/2023:13:11:03 -0500] "GET /portaldeninos/humedal-tibanica-2/ HTTP/1.1" 200 87771
52.142.43.125 - - [03/Sep/2023:13:11:03 -0500] "GET /portaldeninos/glosario/ HTTP/1.1" 200 97198
172.22.2.4 - - [03/Sep/2023:13:10:36 -0500] "HEAD /BLA/boletinlegal/ HTTP/1.1" 200 -
201.245.192.253 - - [03/Sep/2023:13:12:24 -0500] "POST /kwsrmcab/Wsrmcab  HTTP/1.1" 200 43358
172.22.2.4 - - [03/Sep/2023:13:11:27 -0500] "GET /BLA/boletinlegal/ HTTP/1.1" 200 58187
216.245.221.92 - - [03/Sep/2023:13:14:45 -0500] "HEAD / HTTP/1.1" 200 -
181.50.190.241 - - [03/Sep/2023:13:16:11 -0500] "GET /portaldeninos/humedal-jaboque-2/ HTTP/1.1" 200 87846
181.50.190.241 - - [03/Sep/2023:13:16:11 -0500] "GET /portaldeninos/wp-includes/js/wp-emoji-release.min.js?ver=4.9.8 HTTP/1.1" 200 12026
181.50.190.241 - - [03/Sep/2023:13:16:11 -0500] "GET /portaldeninos/wp-content/uploads/useanyfont/uaf.css?ver=1589905315 HTTP/1.1" 200 408
181.50.190.241 - - [03/Sep/2023:13:16:11 -0500] "GET /portaldeninos/wp-content/themes/betheme/style.css?ver=20.9.6 HTTP/1.1" 200 287
181.50.190.241 - - [03/Sep/2023:13:16:11 -0500] "GET /portaldeninos/wp-content/plugins/gallery-videos/CSS/Total-Soft-Gallery-Video-Widget.css?ver=4.9.8 HTTP/1.1" 200 51554
181.50.190.241 - - [03/Sep/2023:13:16:11 -0500] "GET /portaldeninos/wp-content/plugins/gallery-videos/CSS/totalsoft.css?ver=4.9.8 HTTP/1.1" 200 40622
181.50.190.241 - - [03/Sep/2023:13:16:11 -0500] "GET /portaldeninos/wp-content/themes/betheme/css/shortcodes.css?ver=20.9.6 HTTP/1.1" 200 138889
181.50.190.241 - - [03/Sep/2023:13:16:11 -0500] "GET /portaldeninos/wp-content/themes/betheme/css/base.css?ver=20.9.6 HTTP/1.1" 200 57283
181.50.190.241 - - [03/Sep/2023:13:16:11 -0500] "GET /portaldeninos/wp-content/themes/betheme/assets/ui/jquery.ui.all.css?ver=20.9.6 HTTP/1.1" 200 18765
181.50.190.241 - - [03/Sep/2023:13:16:11 -0500] "GET /portaldeninos/wp-content/themes/betheme/assets/jplayer/css/jplayer.blue.monday.css?ver=20.9.6 HTTP/1.1" 200 9834
181.50.190.241 - - [03/Sep/2023:13:16:11 -0500] "GET /portaldeninos/wp-content/themes/betheme/css/layout.css?ver=20.9.6 HTTP/1.1" 200 116639
181.50.190.241 - - [03/Sep/2023:13:16:11 -0500] "GET /portaldeninos/wp-content/plugins/google-analytics-for-wordpress/assets/js/frontend-gtag.min.js?ver=8.5.0 HTTP/1.1" 200 11801
181.50.190.241 - - [03/Sep/2023:13:16:11 -0500] "GET /portaldeninos/wp-includes/js/jquery/jquery-migrate.min.js?ver=1.4.1 HTTP/1.1" 200 10056
181.50.190.241 - - [03/Sep/2023:13:16:11 -0500] "GET /portaldeninos/wp-content/themes/betheme/css/responsive.css?ver=20.9.6 HTTP/1.1" 200 55740
181.50.190.241 - - [03/Sep/2023:13:16:11 -0500] "GET /portaldeninos/wp-includes/js/jquery/ui/core.min.js?ver=1.11.4 HTTP/1.1" 200 4000
181.50.190.241 - - [03/Sep/2023:13:16:11 -0500] "GET /portaldeninos/wp-includes/js/jquery/jquery.js?ver=1.12.4 HTTP/1.1" 200 97184
181.50.190.241 - - [03/Sep/2023:13:16:11 -0500] "GET /portaldeninos/wp-content/themes/betheme/assets/animations/animations.min.css?ver=20.9.6 HTTP/1.1" 200 58508
181.50.190.241 - - [03/Sep/2023:13:16:11 -0500] "GET /portaldeninos/wp-content/plugins/gallery-videos/JS/modernizr.custom.js?ver=4.9.8 HTTP/1.1" 200 9019
181.50.190.241 - - [03/Sep/2023:13:16:11 -0500] "GET /portaldeninos/wp-content/uploads/2020/11/Jaboque-B-1024x576.jpg HTTP/1.1" 200 113926
181.50.190.241 - - [03/Sep/2023:13:16:11 -0500] "GET /portaldeninos/wp-content/plugins/gallery-videos/JS/Total-Soft-Gallery-Video-Widget.js?ver=4.9.8 HTTP/1.1" 200 80264
181.50.190.241 - - [03/Sep/2023:13:16:11 -0500] "GET /portaldeninos/wp-content/uploads/2019/08/Logo-Ambientic.png HTTP/1.1" 200 22941
181.50.190.241 - - [03/Sep/2023:13:16:11 -0500] "GET /portaldeninos/wp-includes/js/jquery/ui/widget.min.js?ver=1.11.4 HTTP/1.1" 200 6908
181.50.190.241 - - [03/Sep/2023:13:16:11 -0500] "GET /portaldeninos/wp-includes/js/jquery/ui/mouse.min.js?ver=1.11.4 HTTP/1.1" 200 3148
181.50.190.241 - - [03/Sep/2023:13:16:12 -0500] "GET /portaldeninos/wp-includes/js/jquery/ui/accordion.min.js?ver=1.11.4 HTTP/1.1" 200 8584
181.50.190.241 - - [03/Sep/2023:13:16:12 -0500] "GET /portaldeninos/wp-includes/js/jquery/ui/tabs.min.js?ver=1.11.4 HTTP/1.1" 200 12110
181.50.190.241 - - [03/Sep/2023:13:16:12 -0500] "GET /portaldeninos/wp-content/themes/betheme/js/menu.js?ver=20.9.6 HTTP/1.1" 200 2449
181.50.190.241 - - [03/Sep/2023:13:16:12 -0500] "GET /portaldeninos/wp-content/themes/betheme/assets/animations/animations.min.js?ver=20.9.6 HTTP/1.1" 200 1896
181.50.190.241 - - [03/Sep/2023:13:16:12 -0500] "GET /portaldeninos/wp-includes/js/jquery/ui/sortable.min.js?ver=1.11.4 HTTP/1.1" 200 24899
181.50.190.241 - - [03/Sep/2023:13:16:12 -0500] "GET /portaldeninos/wp-includes/js/wp-embed.min.js?ver=4.9.8 HTTP/1.1" 200 1398
181.50.190.241 - - [03/Sep/2023:13:16:12 -0500] "GET /portaldeninos/wp-content/themes/betheme/images/box_shadow.png HTTP/1.1" 200 108
181.50.190.241 - - [03/Sep/2023:13:16:12 -0500] "GET /portaldeninos/wp-content/themes/betheme/assets/jplayer/jplayer.min.js?ver=20.9.6 HTTP/1.1" 200 52702
181.50.190.241 - - [03/Sep/2023:13:16:12 -0500] "GET /portaldeninos/wp-content/themes/betheme/js/plugins.js?ver=20.9.6 HTTP/1.1" 200 197151
181.50.190.241 - - [03/Sep/2023:13:16:12 -0500] "GET /portaldeninos/wp-content/themes/betheme/js/scripts.js?ver=20.9.6 HTTP/1.1" 200 77162
181.50.190.241 - - [03/Sep/2023:13:16:12 -0500] "GET /portaldeninos/wp-content/themes/betheme/fonts/mfn-icons.woff?93978679 HTTP/1.1" 200 80932
49.70.238.114 - - [03/Sep/2023:13:16:42 -0500] "GET /inscribete-y-participa-en-la-convencion-internacional-de-emergencia-climatica-bogota-2023.html HTTP/1.1" 200 895
172.22.2.4 - - [03/Sep/2023:13:16:43 -0500] "GET /BLA/boletinlegal/actos.php HTTP/1.1" 200 9682
49.70.238.114 - - [03/Sep/2023:13:16:43 -0500] "GET /portaldeninos/ HTTP/1.1" 200 110175
52.167.144.222 - - [03/Sep/2023:13:17:04 -0500] "GET /Publicaciones/2023EE201021.pdf HTTP/1.1" 200 426364
173.252.95.5 - - [03/Sep/2023:13:17:06 -0500] "GET /unidos-por-un-nuevo-aire-un-ano-de-pacto-del-compromiso-por-bogota.html HTTP/1.1" 200 764
173.252.95.11 - - [03/Sep/2023:13:17:07 -0500] "GET /unidos-por-un-nuevo-aire-un-ano-de-pacto-del-compromiso-por-bogota.html HTTP/1.1" 200 764
173.252.83.3 - - [03/Sep/2023:13:17:07 -0500] "GET /images/prueba3.jpeg HTTP/1.1" 200 88955
173.252.95.15 - - [03/Sep/2023:13:17:08 -0500] "GET /images/prueba3.jpeg HTTP/1.1" 200 88955
192.46.229.88 - - [03/Sep/2023:13:17:06 -0500] "GET / HTTP/1.1" 200 319
49.70.238.114 - - [03/Sep/2023:13:17:16 -0500] "GET /portaldeninos/contactanos/ HTTP/1.1" 200 88135
201.245.192.253 - - [03/Sep/2023:13:17:23 -0500] "POST /kwsrmcab/Wsrmcab  HTTP/1.1" 200 43358
49.70.238.114 - - [03/Sep/2023:13:17:28 -0500] "GET /portaldeninos/wp-json/oembed/1.0/embed?url=http%3a%2f%2fambientic.ambientebogota.gov.co%2fportaldeninos%2fcontactanos%2f HTTP/1.1" 200 2384
49.70.238.114 - - [03/Sep/2023:13:17:28 -0500] "GET /portaldeninos/wp-json/oembed/1.0/embed?format=xml&url=http%3a%2f%2fambientic.ambientebogota.gov.co%2fportaldeninos%2fcontactanos%2f HTTP/1.1" 200 2477
192.46.229.88 - - [03/Sep/2023:13:17:22 -0500] "GET /wp-includes/wlwmanifest.xml HTTP/1.1" 404 1022
192.46.229.88 - - [03/Sep/2023:13:17:38 -0500] "GET /xmlrpc.php?rsd HTTP/1.1" 404 1022
172.22.2.4 - - [03/Sep/2023:13:16:26 -0500] "HEAD /BLA/boletinlegal/ HTTP/1.1" 200 -
192.46.229.88 - - [03/Sep/2023:13:17:55 -0500] "GET / HTTP/1.1" 200 319
201.245.192.253 - - [03/Sep/2023:13:18:13 -0500] "POST /kwsrmcab/Wsrmcab HTTP/1.1" 200 42142
201.245.192.253 - - [03/Sep/2023:13:18:16 -0500] "POST /kwsrmcab/Wsrmcab HTTP/1.1" 200 42373
172.22.2.4 - - [03/Sep/2023:13:16:40 -0500] "GET /BLA/boletinlegal/ HTTP/1.1" 200 46180
192.46.229.88 - - [03/Sep/2023:13:18:11 -0500] "GET /web/wp-includes/wlwmanifest.xml HTTP/1.1" 404 1022
192.46.229.88 - - [03/Sep/2023:13:18:27 -0500] "GET /wordpress/wp-includes/wlwmanifest.xml HTTP/1.1" 404 1022
172.22.2.4 - - [03/Sep/2023:13:17:18 -0500] "GET /BLA/boletinlegal/ HTTP/1.1" 200 50790
192.46.229.88 - - [03/Sep/2023:13:18:43 -0500] "GET /website/wp-includes/wlwmanifest.xml HTTP/1.1" 404 1022
192.46.229.88 - - [03/Sep/2023:13:18:59 -0500] "GET /wp/wp-includes/wlwmanifest.xml HTTP/1.1" 404 1022
192.46.229.88 - - [03/Sep/2023:13:19:15 -0500] "GET /news/wp-includes/wlwmanifest.xml HTTP/1.1" 404 1022
216.245.221.92 - - [03/Sep/2023:13:19:45 -0500] "HEAD / HTTP/1.1" 200 -
192.46.229.88 - - [03/Sep/2023:13:19:31 -0500] "GET /2018/wp-includes/wlwmanifest.xml HTTP/1.1" 404 1022
192.46.229.88 - - [03/Sep/2023:13:19:47 -0500] "GET /2019/wp-includes/wlwmanifest.xml HTTP/1.1" 404 1022
192.46.229.88 - - [03/Sep/2023:13:20:04 -0500] "GET /shop/wp-includes/wlwmanifest.xml HTTP/1.1" 404 1022
192.46.229.88 - - [03/Sep/2023:13:20:20 -0500] "GET /wp1/wp-includes/wlwmanifest.xml HTTP/1.1" 404 1022
192.46.229.88 - - [03/Sep/2023:13:20:36 -0500] "GET /test/wp-includes/wlwmanifest.xml HTTP/1.1" 404 1022
192.46.229.88 - - [03/Sep/2023:13:20:52 -0500] "GET /media/wp-includes/wlwmanifest.xml HTTP/1.1" 404 1022
192.46.229.88 - - [03/Sep/2023:13:21:08 -0500] "GET /wp2/wp-includes/wlwmanifest.xml HTTP/1.1" 404 1022
192.46.229.88 - - [03/Sep/2023:13:21:24 -0500] "GET /site/wp-includes/wlwmanifest.xml HTTP/1.1" 404 1022
192.46.229.88 - - [03/Sep/2023:13:21:41 -0500] "GET /cms/wp-includes/wlwmanifest.xml HTTP/1.1" 404 1022
192.46.229.88 - - [03/Sep/2023:13:21:57 -0500] "GET /sito/wp-includes/wlwmanifest.xml HTTP/1.1" 404 1022
201.245.192.253 - - [03/Sep/2023:13:22:23 -0500] "POST /kwsrmcab/Wsrmcab  HTTP/1.1" 200 43358
172.22.2.4 - - [03/Sep/2023:13:22:16 -0500] "HEAD /BLA/boletinlegal/ HTTP/1.1" 200 -
216.245.221.92 - - [03/Sep/2023:13:24:45 -0500] "HEAD / HTTP/1.1" 200 -
172.22.2.4 - - [03/Sep/2023:13:23:06 -0500] "GET /BLA/boletinlegal/ HTTP/1.1" 200 53013
66.249.70.5 - - [03/Sep/2023:13:25:48 -0500] "GET /BLA/resoluciones/RESOLUCIONES%202008/5608.pdf HTTP/1.1" 200 263910
66.249.70.5 - - [03/Sep/2023:13:25:49 -0500] "GET /BLA/resoluciones/RESOLUCIONES%202016/0400.pdf HTTP/1.1" 200 766210
157.55.39.212 - - [03/Sep/2023:13:25:51 -0500] "GET /BLA/resoluciones/AUTOS%202023/0904.pdf HTTP/1.1" 200 820884
52.167.144.238 - - [03/Sep/2023:13:26:30 -0500] "GET /BLA/resoluciones/RESOLUCIONES%202023/1049.pdf HTTP/1.1" 200 473354
201.245.192.253 - - [03/Sep/2023:13:27:22 -0500] "POST /kwsrmcab/Wsrmcab  HTTP/1.1" 200 43358
172.22.2.4 - - [03/Sep/2023:13:27:56 -0500] "GET /BLA/boletinlegal/style.css HTTP/1.1" 200 9406
172.22.2.4 - - [03/Sep/2023:13:27:56 -0500] "GET /BLA/boletinlegal/styles2.css HTTP/1.1" 200 1838
172.22.2.4 - - [03/Sep/2023:13:27:56 -0500] "GET /BLA/boletinlegal/js/jquery.js HTTP/1.1" 200 57254
172.22.2.4 - - [03/Sep/2023:13:27:56 -0500] "GET /BLA/boletinlegal/js/jquery.scrollShow.js HTTP/1.1" 200 4586
172.22.2.4 - - [03/Sep/2023:13:27:56 -0500] "GET /BLA/boletinlegal/js/jquery.scrollTo-min.js HTTP/1.1" 200 1150
172.22.2.4 - - [03/Sep/2023:13:27:56 -0500] "GET /BLA/boletinlegal/images/historia.png HTTP/1.1" 200 52775
172.22.2.4 - - [03/Sep/2023:13:27:56 -0500] "GET /BLA/boletinlegal/images/cabezote%20BLEGAL.jpg HTTP/1.1" 200 118164
172.22.2.4 - - [03/Sep/2023:13:27:56 -0500] "GET /BLA/boletinlegal/images/subscribe-icon-big.png HTTP/1.1" 200 47702
172.22.2.4 - - [03/Sep/2023:13:27:56 -0500] "GET /BLA/boletinlegal/images/registro-usuarios.png HTTP/1.1" 200 8106
172.22.2.4 - - [03/Sep/2023:13:27:56 -0500] "GET /BLA/boletinlegal/images/arr_l.jpg HTTP/1.1" 200 1979
172.22.2.4 - - [03/Sep/2023:13:27:56 -0500] "GET /BLA/boletinlegal/images/screen_1.png HTTP/1.1" 200 202547
172.22.2.4 - - [03/Sep/2023:13:27:56 -0500] "GET /BLA/boletinlegal/images/launch.jpg HTTP/1.1" 200 14577
172.22.2.4 - - [03/Sep/2023:13:28:03 -0500] "GET /BLA/boletinlegal/images/screen_2.png HTTP/1.1" 200 362502
172.22.2.4 - - [03/Sep/2023:13:28:03 -0500] "GET /BLA/boletinlegal/images/screen_3.png HTTP/1.1" 200 210620
172.22.2.4 - - [03/Sep/2023:13:28:03 -0500] "GET /BLA/boletinlegal/images/arr_r.jpg HTTP/1.1" 200 1998
172.22.2.4 - - [03/Sep/2023:13:28:03 -0500] "GET /BLA/boletinlegal/images/screen_5.png HTTP/1.1" 200 368876
172.22.2.4 - - [03/Sep/2023:13:28:11 -0500] "GET /BLA/boletinlegal/images/pdf.gif HTTP/1.1" 200 567
201.245.192.253 - - [03/Sep/2023:13:28:14 -0500] "POST /kwsrmcab/Wsrmcab HTTP/1.1" 200 42142
201.245.192.253 - - [03/Sep/2023:13:28:17 -0500] "POST /kwsrmcab/Wsrmcab HTTP/1.1" 200 42373
172.22.2.4 - - [03/Sep/2023:13:27:56 -0500] "GET /BLA/boletinlegal/ HTTP/1.1" 200 53362
216.245.221.92 - - [03/Sep/2023:13:29:45 -0500] "HEAD / HTTP/1.1" 200 -
172.22.2.4 - - [03/Sep/2023:13:28:08 -0500] "HEAD /BLA/boletinlegal/ HTTP/1.1" 200 -
172.22.2.4 - - [03/Sep/2023:13:28:57 -0500] "GET /BLA/boletinlegal/ HTTP/1.1" 200 53013
157.55.39.212 - - [03/Sep/2023:13:32:12 -0500] "GET /BLA/resoluciones/RESOLUCIONES%202023/1447.pdf HTTP/1.1" 200 312722
201.245.192.253 - - [03/Sep/2023:13:32:20 -0500] "POST /kwsrmcab/Wsrmcab  HTTP/1.1" 200 43358
52.167.144.207 - - [03/Sep/2023:13:32:44 -0500] "GET /galeria/galeria/fotos/Entrenube1G.jpg HTTP/1.1" 200 98766
52.167.144.207 - - [03/Sep/2023:13:32:46 -0500] "GET /BLA/resoluciones/RESOLUCIONES%202023/1030.pdf HTTP/1.1" 200 477960
66.220.149.119 - - [03/Sep/2023:13:33:51 -0500] "GET /images/Rmasar%2018%20de%20febrero%20Grupo.jpg HTTP/1.1" 200 68398
216.245.221.92 - - [03/Sep/2023:13:34:45 -0500] "HEAD / HTTP/1.1" 200 -
172.22.2.4 - - [03/Sep/2023:13:33:56 -0500] "HEAD /BLA/boletinlegal/ HTTP/1.1" 200 -
190.93.141.207 - - [03/Sep/2023:13:35:44 -0500] "GET /BLA/resoluciones/RESOLUCIONES%202009/7755.pdf HTTP/1.1" 200 373502
172.22.2.4 - - [03/Sep/2023:13:35:45 -0500] "GET /BLA/boletinlegal/favicon.ico HTTP/1.1" 404 1326
190.93.141.207 - - [03/Sep/2023:13:35:45 -0500] "GET /favicon.ico HTTP/1.1" 200 7782
71.6.134.235 - - [03/Sep/2023:13:35:59 -0500] "GET / HTTP/1.1" 200 319
172.22.2.4 - - [03/Sep/2023:13:34:46 -0500] "GET /BLA/boletinlegal/ HTTP/1.1" 200 60692
201.245.192.253 - - [03/Sep/2023:13:37:19 -0500] "POST /kwsrmcab/Wsrmcab  HTTP/1.1" 200 43358
52.142.43.125 - - [03/Sep/2023:13:37:41 -0500] "GET /portaldeninos/tipos-de-arboles-en-bogota/ HTTP/1.1" 200 109802
52.142.43.125 - - [03/Sep/2023:13:37:41 -0500] "GET /portaldeninos/aulas-ambientales-2/parque-ecologico-distrital-de-montana-entrenubes/ HTTP/1.1" 200 90406
52.142.43.125 - - [03/Sep/2023:13:37:42 -0500] "GET /portaldeninos/fauna/ HTTP/1.1" 200 88429
52.142.43.125 - - [03/Sep/2023:13:37:42 -0500] "GET /portaldeninos/humedales-ramsar/ HTTP/1.1" 200 89255
52.142.43.125 - - [03/Sep/2023:13:37:42 -0500] "GET /portaldeninos/aire/ HTTP/1.1" 200 88215
52.142.43.125 - - [03/Sep/2023:13:37:42 -0500] "GET /portaldeninos/aula-ambiental-artistica-itinerante-auambari/ HTTP/1.1" 200 89306
52.142.43.125 - - [03/Sep/2023:13:37:42 -0500] "GET /portaldeninos/aulas-ambientales/aula-ambiental-sorotama/ HTTP/1.1" 200 89596
201.245.192.253 - - [03/Sep/2023:13:38:13 -0500] "POST /kwsrmcab/Wsrmcab HTTP/1.1" 200 42142
201.245.192.253 - - [03/Sep/2023:13:38:17 -0500] "POST /kwsrmcab/Wsrmcab HTTP/1.1" 200 42373
85.208.96.201 - - [03/Sep/2023:13:38:37 -0500] "GET /portaldeninos/humedal-tibanica-2/ HTTP/1.1" 200 87771
216.245.221.92 - - [03/Sep/2023:13:39:45 -0500] "HEAD / HTTP/1.1" 200 -
172.22.2.4 - - [03/Sep/2023:13:39:46 -0500] "HEAD /BLA/boletinlegal/ HTTP/1.1" 200 -
172.22.2.4 - - [03/Sep/2023:13:40:36 -0500] "GET /BLA/boletinlegal/ HTTP/1.1" 200 58187
201.245.192.253 - - [03/Sep/2023:13:42:18 -0500] "POST /kwsrmcab/Wsrmcab  HTTP/1.1" 200 43358
40.77.167.208 - - [03/Sep/2023:13:42:53 -0500] "GET /BLA/resoluciones/RESOLUCIONES%202023/1031.pdf HTTP/1.1" 200 476360
216.245.221.92 - - [03/Sep/2023:13:44:45 -0500] "HEAD / HTTP/1.1" 200 -
172.22.2.4 - - [03/Sep/2023:13:45:36 -0500] "HEAD /BLA/boletinlegal/ HTTP/1.1" 200 -
201.245.192.253 - - [03/Sep/2023:13:47:17 -0500] "POST /kwsrmcab/Wsrmcab  HTTP/1.1" 200 43358
182.42.111.213 - - [03/Sep/2023:13:47:22 -0500] "GET / HTTP/1.1" 200 319
172.22.2.4 - - [03/Sep/2023:13:46:27 -0500] "GET /BLA/boletinlegal/ HTTP/1.1" 200 58597
216.245.221.92 - - [03/Sep/2023:13:49:45 -0500] "HEAD / HTTP/1.1" 200 -
216.244.66.246 - - [03/Sep/2023:13:51:24 -0500] "GET /robots.txt HTTP/1.1" 404 1034
52.167.144.182 - - [03/Sep/2023:13:51:46 -0500] "GET /BLA/resoluciones/RESOLUCIONES%202023/0768.pdf HTTP/1.1" 200 455039
71.6.134.235 - - [03/Sep/2023:13:52:04 -0500] "\x16\x03\x01" 400 226
201.245.192.253 - - [03/Sep/2023:13:52:16 -0500] "POST /kwsrmcab/Wsrmcab  HTTP/1.1" 200 43358
172.22.2.4 - - [03/Sep/2023:13:52:57 -0500] "GET /BLA/boletinlegal/actos.php HTTP/1.1" 200 9682
172.22.2.4 - - [03/Sep/2023:13:52:58 -0500] "GET /BLA/boletinlegal/favicon.ico HTTP/1.1" 404 1326
186.31.96.144 - - [03/Sep/2023:13:53:00 -0500] "GET /BLA/resoluciones/ HTTP/1.1" 200 13502
172.22.2.4 - - [03/Sep/2023:13:51:26 -0500] "HEAD /BLA/boletinlegal/ HTTP/1.1" 200 -
186.31.96.144 - - [03/Sep/2023:13:53:10 -0500] "GET /BLA/resoluciones/index.php?dir=RESOLUCIONES+2011%2F HTTP/1.1" 200 746823
162.55.167.166 - - [03/Sep/2023:13:53:34 -0500] "GET / HTTP/1.1" 200 4720
162.55.167.166 - - [03/Sep/2023:13:53:35 -0500] "GET / HTTP/1.1" 200 319
172.22.2.4 - - [03/Sep/2023:13:52:16 -0500] "GET /BLA/boletinlegal/ HTTP/1.1" 200 58981
40.77.167.14 - - [03/Sep/2023:13:54:08 -0500] "GET /BLA/resoluciones/AUTOS%202023/3340.pdf HTTP/1.1" 200 980440
172.22.2.4 - - [03/Sep/2023:13:54:13 -0500] "GET /BLA/boletinlegal/jurisprudencia/analisis/AnalisisT-606-15.docx HTTP/1.1" 200 26698
172.22.2.4 - - [03/Sep/2023:13:54:14 -0500] "GET /BLA/boletinlegal/apple-touch-icon-120x120-precomposed.png HTTP/1.1" 404 1140
172.22.2.4 - - [03/Sep/2023:13:54:14 -0500] "GET /BLA/boletinlegal/apple-touch-icon-120x120.png HTTP/1.1" 404 1140
172.22.2.4 - - [03/Sep/2023:13:54:14 -0500] "GET /BLA/boletinlegal/apple-touch-icon-precomposed.png HTTP/1.1" 404 1140
172.22.2.4 - - [03/Sep/2023:13:54:14 -0500] "GET /BLA/boletinlegal/apple-touch-icon.png HTTP/1.1" 404 1140
172.22.2.4 - - [03/Sep/2023:13:54:14 -0500] "GET /BLA/boletinlegal/favicon.ico HTTP/1.1" 404 1140
172.22.2.4 - - [03/Sep/2023:13:54:14 -0500] "GET /BLA/boletinlegal/apple-touch-icon-120x120-precomposed.png HTTP/1.1" 404 1140
172.22.2.4 - - [03/Sep/2023:13:54:14 -0500] "GET /BLA/boletinlegal/apple-touch-icon-120x120.png HTTP/1.1" 404 1140
172.22.2.4 - - [03/Sep/2023:13:54:14 -0500] "GET /BLA/boletinlegal/apple-touch-icon-precomposed.png HTTP/1.1" 404 1140
172.22.2.4 - - [03/Sep/2023:13:54:14 -0500] "GET /BLA/boletinlegal/apple-touch-icon.png HTTP/1.1" 404 1140
172.22.2.4 - - [03/Sep/2023:13:54:14 -0500] "GET /BLA/boletinlegal/favicon.ico HTTP/1.1" 404 1140
172.22.2.4 - - [03/Sep/2023:13:54:21 -0500] "GET /BLA/boletinlegal/robots.txt HTTP/1.1" 404 1038
172.22.2.4 - - [03/Sep/2023:13:54:23 -0500] "GET /BLA/boletinlegal/norma_menu.php HTTP/1.1" 200 6328
216.245.221.92 - - [03/Sep/2023:13:54:45 -0500] "HEAD / HTTP/1.1" 200 -
201.245.192.253 - - [03/Sep/2023:13:57:15 -0500] "POST /kwsrmcab/Wsrmcab  HTTP/1.1" 200 43358
66.249.66.192 - - [03/Sep/2023:13:57:36 -0500] "GET /mujeres-que-reverdecen-secretaria-de-ambiente-anuncia-300-cupos-para-la-tercera-fase-del-programa.html HTTP/1.1" 200 823
66.249.66.192 - - [03/Sep/2023:13:57:37 -0500] "GET /moda-circular-manos-reparadoras-la-estrategia-del-distrito-para-restaurar-prendas-usadas.html HTTP/1.1" 304 -
179.43.191.194 - - [03/Sep/2023:13:58:50 -0500] "GET / HTTP/1.1" 200 319
172.22.2.4 - - [03/Sep/2023:13:57:16 -0500] "HEAD /BLA/boletinlegal/ HTTP/1.1" 200 -
172.22.2.4 - - [03/Sep/2023:13:58:35 -0500] "GET /BLA/boletinlegal/ HTTP/1.1" 200 24523
216.245.221.92 - - [03/Sep/2023:13:59:45 -0500] "HEAD / HTTP/1.1" 200 -
172.22.2.4 - - [03/Sep/2023:13:58:06 -0500] "GET /BLA/boletinlegal/ HTTP/1.1" 200 42736
52.167.144.19 - - [03/Sep/2023:14:01:27 -0500] "GET /BLA/resoluciones/RESOLUCIONES%202023/1085.pdf HTTP/1.1" 200 548820
52.167.144.19 - - [03/Sep/2023:14:01:28 -0500] "GET /Publicaciones/2023EE202208.pdf HTTP/1.1" 200 232016
52.167.144.19 - - [03/Sep/2023:14:01:29 -0500] "GET /BLA/resoluciones/AUTOS%202016/1968.pdf HTTP/1.1" 304 -
201.245.192.253 - - [03/Sep/2023:14:02:14 -0500] "POST /kwsrmcab/Wsrmcab  HTTP/1.1" 200 43358
66.249.66.194 - - [03/Sep/2023:14:04:36 -0500] "GET /compania-nacional-de-chocolates-cerescos-y-cablemovil-entre-las-empresas-que-han-implementado-proyectos-ambientales-exitosos.html HTTP/1.1" 304 -
216.245.221.92 - - [03/Sep/2023:14:04:45 -0500] "HEAD / HTTP/1.1" 200 -
172.22.2.4 - - [03/Sep/2023:14:03:06 -0500] "HEAD /BLA/boletinlegal/ HTTP/1.1" 200 -
216.244.66.246 - - [03/Sep/2023:14:04:46 -0500] "GET /reciclaton-universidad-de-la-salle-se-une-a-esta-iniciativa.html HTTP/1.1" 200 753
172.22.2.4 - - [03/Sep/2023:14:03:56 -0500] "GET /BLA/boletinlegal/ HTTP/1.1" 200 53013
52.167.144.189 - - [03/Sep/2023:14:06:36 -0500] "GET /BLA/resoluciones/index.php?dir=RESOLUCIONES+2011%2F HTTP/1.1" 200 746823
52.167.144.189 - - [03/Sep/2023:14:06:38 -0500] "GET /BLA/resoluciones/RESOLUCIONES%202019/3232.pdf HTTP/1.1" 200 379253
40.77.188.173 - - [03/Sep/2023:14:06:40 -0500] "GET /BLA/resoluciones/dlf/styles.css HTTP/1.1" 200 3049
201.245.192.253 - - [03/Sep/2023:14:07:13 -0500] "POST /kwsrmcab/Wsrmcab  HTTP/1.1" 200 43358
216.245.221.92 - - [03/Sep/2023:14:09:45 -0500] "HEAD / HTTP/1.1" 200 -
172.22.2.4 - - [03/Sep/2023:14:08:56 -0500] "HEAD /BLA/boletinlegal/ HTTP/1.1" 200 -
172.22.2.4 - - [03/Sep/2023:14:09:46 -0500] "GET /BLA/boletinlegal/ HTTP/1.1" 200 59343
201.245.192.253 - - [03/Sep/2023:14:12:12 -0500] "POST /kwsrmcab/Wsrmcab  HTTP/1.1" 200 43358
186.112.21.50 - - [03/Sep/2023:14:12:25 -0500] "GET /BLA/resoluciones/index.php?dir= HTTP/1.1" 200 13502
186.112.21.50 - - [03/Sep/2023:14:12:27 -0500] "GET /BLA/resoluciones/index.php?dir=AUTOS+2017%2F HTTP/1.1" 200 470115
186.112.21.50 - - [03/Sep/2023:14:12:32 -0500] "GET /BLA/resoluciones/AUTOS%202017/1351.pdf HTTP/1.1" 200 542478
52.167.144.189 - - [03/Sep/2023:14:14:30 -0500] "GET /BLA/resoluciones/index.php?dir=RESOLUCIONES+2006%2FRES+2006+751-800%2F HTTP/1.1" 200 12235
216.245.221.92 - - [03/Sep/2023:14:14:45 -0500] "HEAD / HTTP/1.1" 200 -
52.167.144.108 - - [03/Sep/2023:14:15:57 -0500] "GET /BLA/resoluciones/RESOLUCIONES%202023/0857.pdf HTTP/1.1" 200 459384
172.22.2.4 - - [03/Sep/2023:14:14:46 -0500] "HEAD /BLA/boletinlegal/ HTTP/1.1" 200 -
201.245.192.253 - - [03/Sep/2023:14:17:11 -0500] "POST /kwsrmcab/Wsrmcab  HTTP/1.1" 200 43358
172.22.2.4 - - [03/Sep/2023:14:15:36 -0500] "GET /BLA/boletinlegal/ HTTP/1.1" 200 60692
201.245.192.253 - - [03/Sep/2023:14:18:13 -0500] "POST /kwsrmcab/Wsrmcab HTTP/1.1" 200 42316
201.245.192.253 - - [03/Sep/2023:14:18:17 -0500] "POST /kwsrmcab/Wsrmcab HTTP/1.1" 200 42536
216.245.221.92 - - [03/Sep/2023:14:19:45 -0500] "HEAD / HTTP/1.1" 200 -
64.124.8.48 - - [03/Sep/2023:14:21:34 -0500] "GET /catalogoisis/imagenes/br1c1.gif HTTP/1.1" 200 172
172.22.2.4 - - [03/Sep/2023:14:21:36 -0500] "GET /BLA/boletinlegal/actos.php HTTP/1.1" 200 9682
172.22.2.4 - - [03/Sep/2023:14:21:36 -0500] "GET /BLA/boletinlegal/styles2.css HTTP/1.1" 200 1838
172.22.2.4 - - [03/Sep/2023:14:21:36 -0500] "GET /BLA/boletinlegal/js/ajax_actos.js HTTP/1.1" 200 1322
172.22.2.4 - - [03/Sep/2023:14:21:36 -0500] "GET /BLA/boletinlegal/niceforms-default.css HTTP/1.1" 200 6694
172.22.2.4 - - [03/Sep/2023:14:21:36 -0500] "GET /BLA/boletinlegal/style.css HTTP/1.1" 200 9406
172.22.2.4 - - [03/Sep/2023:14:21:36 -0500] "GET /BLA/boletinlegal/niceforms.js HTTP/1.1" 200 22876
172.22.2.4 - - [03/Sep/2023:14:21:36 -0500] "GET /BLA/boletinlegal/js/lib.js HTTP/1.1" 200 6474
172.22.2.4 - - [03/Sep/2023:14:21:36 -0500] "GET /BLA/boletinlegal/js/popup.js HTTP/1.1" 200 1270
172.22.2.4 - - [03/Sep/2023:14:21:36 -0500] "GET /BLA/boletinlegal/js/jquery1.js HTTP/1.1" 200 29846
172.22.2.4 - - [03/Sep/2023:14:21:36 -0500] "GET /BLA/boletinlegal/images/cabezote%20BLEGAL.jpg HTTP/1.1" 200 118164
172.22.2.4 - - [03/Sep/2023:14:21:36 -0500] "GET /BLA/boletinlegal/images/subscribe-icon-big.png HTTP/1.1" 200 47702
172.22.2.4 - - [03/Sep/2023:14:21:36 -0500] "GET /BLA/boletinlegal/images/historia.png HTTP/1.1" 200 52775
172.22.2.4 - - [03/Sep/2023:14:21:36 -0500] "GET /BLA/boletinlegal/images/registro-usuarios.png HTTP/1.1" 200 8106
172.22.2.4 - - [03/Sep/2023:14:21:36 -0500] "GET /BLA/boletinlegal/images/green-yellow-blue-pink-th.png HTTP/1.1" 200 7394
172.22.2.4 - - [03/Sep/2023:14:21:36 -0500] "GET /BLA/boletinlegal/images/tel.png HTTP/1.1" 200 14477
172.22.2.4 - - [03/Sep/2023:14:21:36 -0500] "GET /BLA/boletinlegal/images/icono-email.png HTTP/1.1" 200 5544
172.22.2.4 - - [03/Sep/2023:14:21:36 -0500] "GET /BLA/boletinlegal/images/body_bg.jpg HTTP/1.1" 200 1601
172.22.2.4 - - [03/Sep/2023:14:21:36 -0500] "GET /BLA/boletinlegal/images/menu_lft.gif HTTP/1.1" 200 1713
172.22.2.4 - - [03/Sep/2023:14:21:36 -0500] "GET /BLA/boletinlegal/images/menu_rght.gif HTTP/1.1" 200 1627
172.22.2.4 - - [03/Sep/2023:14:21:36 -0500] "GET /BLA/boletinlegal/images/bg_top.jpg HTTP/1.1" 200 522
172.22.2.4 - - [03/Sep/2023:14:21:36 -0500] "GET /BLA/boletinlegal/images/menu_bg.jpg HTTP/1.1" 200 620
172.22.2.4 - - [03/Sep/2023:14:21:36 -0500] "GET /BLA/boletinlegal/images/hover.jpg HTTP/1.1" 200 640
172.22.2.4 - - [03/Sep/2023:14:21:36 -0500] "GET /BLA/boletinlegal/images/text.jpg HTTP/1.1" 200 568
172.22.2.4 - - [03/Sep/2023:14:21:36 -0500] "GET /BLA/boletinlegal/images/footer_bg.jpg HTTP/1.1" 200 586
172.22.2.4 - - [03/Sep/2023:14:21:36 -0500] "GET /BLA/boletinlegal/images/footer_bg_l.jpg HTTP/1.1" 200 776
172.22.2.4 - - [03/Sep/2023:14:21:36 -0500] "GET /BLA/boletinlegal/img/0.png HTTP/1.1" 200 110
172.22.2.4 - - [03/Sep/2023:14:21:36 -0500] "GET /BLA/boletinlegal/img/select-left.png HTTP/1.1" 200 263
172.22.2.4 - - [03/Sep/2023:14:21:36 -0500] "GET /BLA/boletinlegal/img/button-left.png HTTP/1.1" 200 57071
172.22.2.4 - - [03/Sep/2023:14:21:36 -0500] "GET /BLA/boletinlegal/img/select-right.png HTTP/1.1" 200 44019
172.22.2.4 - - [03/Sep/2023:14:21:36 -0500] "GET /BLA/boletinlegal/img/button.png HTTP/1.1" 200 43241
172.22.2.4 - - [03/Sep/2023:14:21:36 -0500] "GET /BLA/boletinlegal/img/button-right.png HTTP/1.1" 200 57878
172.22.2.4 - - [03/Sep/2023:14:21:36 -0500] "GET /BLA/boletinlegal/favicon.ico HTTP/1.1" 404 1326
64.124.8.48 - - [03/Sep/2023:14:21:41 -0500] "GET /BLA/boletinlegal/images/cabezote%20BLEGAL.jpg HTTP/1.1" 200 118164
201.245.192.253 - - [03/Sep/2023:14:22:10 -0500] "POST /kwsrmcab/Wsrmcab  HTTP/1.1" 200 43358
172.22.2.4 - - [03/Sep/2023:14:20:36 -0500] "HEAD /BLA/boletinlegal/ HTTP/1.1" 200 -
172.22.2.4 - - [03/Sep/2023:14:23:00 -0500] "GET /BLA/boletinlegal/actos.php HTTP/1.1" 200 9682
186.31.96.144 - - [03/Sep/2023:14:23:02 -0500] "GET /BLA/resoluciones/ HTTP/1.1" 200 13502
172.22.2.4 - - [03/Sep/2023:14:21:26 -0500] "GET /BLA/boletinlegal/ HTTP/1.1" 200 58187
186.31.96.144 - - [03/Sep/2023:14:23:07 -0500] "GET /BLA/resoluciones/index.php?dir=RESOLUCIONES+2005%2F HTTP/1.1" 200 49518
64.124.8.52 - - [03/Sep/2023:14:24:43 -0500] "GET /galeria/nivo-slider/demo/images/Bannervirtualescanales.jpg HTTP/1.1" 304 -
216.245.221.92 - - [03/Sep/2023:14:24:45 -0500] "HEAD / HTTP/1.1" 200 -
66.249.70.7 - - [03/Sep/2023:14:25:48 -0500] "GET /Publicaciones/2023EE193329.pdf HTTP/1.1" 200 231954
64.124.8.52 - - [03/Sep/2023:14:25:55 -0500] "GET /galeria/nivo-slider/demo/images/bannercovid.jpg HTTP/1.1" 304 -
64.124.8.52 - - [03/Sep/2023:14:25:55 -0500] "GET /galeria/galeria/fotos/Humedal-techo3P.jpg HTTP/1.1" 200 8516
64.124.8.52 - - [03/Sep/2023:14:25:55 -0500] "GET /galeria/nivo-slider/demo/images/banneraccionpopular.jpeg HTTP/1.1" 304 -
64.124.8.52 - - [03/Sep/2023:14:25:55 -0500] "GET /galeria/nivo-slider/demo/images/bannerwebvela.png HTTP/1.1" 200 230431
64.124.8.52 - - [03/Sep/2023:14:25:55 -0500] "GET /galeria/galeria/fotos/Capellania1G.jpg HTTP/1.1" 200 373859
64.124.8.52 - - [03/Sep/2023:14:25:56 -0500] "GET /galeria/galeria/fotos/Jaboque3P.jpg HTTP/1.1" 304 -
64.124.8.52 - - [03/Sep/2023:14:25:56 -0500] "GET /galeria/nivo-slider/demo/images/bannerdesarrollo2020.jpg HTTP/1.1" 304 -
64.124.8.52 - - [03/Sep/2023:14:25:56 -0500] "GET /galeria/nivo-slider/demo/images/bannertrafico_optimized.jpg HTTP/1.1" 200 42578
64.124.8.52 - - [03/Sep/2023:14:25:56 -0500] "GET /galeria/galeria/fotos/juan-amarillo1P.jpg HTTP/1.1" 200 30845
64.124.8.52 - - [03/Sep/2023:14:25:56 -0500] "GET /galeria/galeria/fotos/Entrenube1P.jpg HTTP/1.1" 200 6959
64.124.8.52 - - [03/Sep/2023:14:25:56 -0500] "GET /galeria/galeria/fotos/Humedal-la-Isla2G.jpg HTTP/1.1" 200 207490
64.124.8.52 - - [03/Sep/2023:14:25:56 -0500] "GET /galeria/galeria/fotos/mirador4G.jpg HTTP/1.1" 200 159827
64.124.8.52 - - [03/Sep/2023:14:25:56 -0500] "GET /galeria/galeria/fotos/1GuaymaralTorcaG1.jpg HTTP/1.1" 200 36592
64.124.8.52 - - [03/Sep/2023:14:25:56 -0500] "GET /appsia/images/logo_bogota_p.png HTTP/1.1" 304 -
64.124.8.52 - - [03/Sep/2023:14:25:57 -0500] "GET /galeria/galeria/fotos/juan-%0A%0Aamarillo2G.jpg HTTP/1.1" 403 1006
