186.84.21.193 - - [03/Sep/2023:19:32:18 -0500] "GET /kwssiamovil/sm/acme/s?s=U2FsdGVkX19Kvt08XF5VLH6orN78kn5g7l+X8NMEvu5N2X170L/A4B12pnwkEWVnVuEmsnSJI7y0lcdAf8N4bGCGiuWBq8T5I2cJpS/OlD6bd4PBvQVlI1V61NiYWmaCZRi4PPZlT0BHzlgXvnsapp5XzNJPHNZzlDxKjTopNkr/hp7ihvUkz9KGRWuVkBMLYrxaSiEMtGcpOIKGCALXqK8MFwZ+PH3y4cKq5sljbL1lAtr3Gh2XEMHqsTSjw89qo11tXr2F8VHemo+98fuWD+YQ369Bl9mUa6vwjPOOW1/P9lJc2BsDpVvYMdIi8rjNyUUClo6hPd5QFiLnZv+TdBEui15qxGX7alhQfwVOQl6tWU7Vb2AaJoTqncPR2M9PZohmtdZK1/hZwd5rmXYZe2m2HtKXbgFWdFwkB5m3P8xhNQqgNWtltcD+WTh0xaVt8sWkG1ZlBFRJ4c8fxJ+If8a26o5e4HUOildOSLQ+lMzpOkw0vzPNg+WvpEmcepZiymd4GLWWkjHmIdOdrY74sNkxhGkXQVxrXedU1zH8pR7lXqpGSOy6WByLUNAYBdvVbognJ9dXRzl0wzIxwqHGGpF59yVG12UZyBHOi+Ei6N0uxI+XZMYrJZNApiXBE4EKl99+b/ARGOEHZJikuJN83ATYqUo+XmFDBe1MoJufzIqYvcUgiMP7pklRbpvWEdhN8VTuXaGn11SfuCU7PIrGI9D6PouqzF1CaSfdMHZMQ7790/XkeGrDxSHu9OE3qoZ7sq0MRejUSpYXYHWjG3wOo9LnlaiLVFo5bCPfo6YLjaPMQwXgt59xZwRlXrDWECjHDK1O2xyDZ7NX1LVbLv3/snsloQfaAFkVVWn50aFcTA4dctwWQQhF7iQAL556Ke+DiVfxVWDNP1qPuqiQOBdfwdbdCIosTVQugnBzg5/YIJdEGkknhqEwvsdUwYB9zzX9fnqnE/aOzjfQJfHk+Y2gJOylwHjYrRMiaIMy7RatUlVA/FAF/852NeYXvMt2oRUvbaQFqsLkqhaNs7PBhfIpQhEGl3d/VK72CseVfTzNm3x+5V+aiiUyTns/Q9CBtOAWCmT+xFIhzTX5hRQzEE2Enh+2CSqLYQ/lZuRhj23qv/7TDfeNmx06dLzCO4w1nphMStMNG13vzIJE6VjjT+jPJMujOLrT7/QFv+eZSq15J9xN/gTZinAOv2fvRiZJslIm1cf0m2v0N2cVRjKIvz9/Z+MekMCbyeKTVSvcaJn+jjssbECIhnaTIQRyh/tg7seZYOY3beS3/HhnWhC1PoM4Aq72AmgwhT71GgyOBp92Z0is/GZDGFAe1DHQWWbj4xHAcyYLPv6KlQYjOu6nvUjMXfOCv78wPVtQno1XHwG3d1BrW5bDlOpwmO4DMzMph0kC0CqYzwKaNOldm4elgFK8T3JOsdCfi3q7giHear+AKIpZ0GpfgMZp+Q2tlgfRlZEkgNu2s0L1MCTpyOFd/JruJCAeV/nW3LN4Ssu+SVH7bRBor+XxJyWQA2Bcu/ZvnPar+kzSoa0LW8uGY6RI62jgbpAjprsMNwnndl+KMSwUj86VgSgdrT95pzWS5rmPG4jxXYukXZgrs9oalObt3yiEbrfzUUQAXaNGS6l6quUWeIqkIx6RVnxWkJHuMqeZH0T7NngXh//ip1qColUcC5F5mCpccnubVNDyOzrBnqZppWNgzMi991ZG4C8mt6aOY8LoAFhR3672W5X+OVJcA1Dmj6oINe8sy1SH9Q67FUzjqk9+7RRfwxXlgt4hFpRmEb/E&u=U2FsdGVkX18JKBqK2brpk/YlyyTSt4YGeoNqBATNL5ATbihwpmKPP4I/Ff/mszVu&y=U2FsdGVkX19jgotWwmXuXDfauEW7520UJEloUeGjdUZIFYSxOBtfPeDT+4yV9H19 HTTP/1.1" 200 4059
186.84.21.193 - - [03/Sep/2023:19:32:18 -0500] "GET /kwssiamovil/sm/acme/s?s=U2FsdGVkX1+L6Uj6QEB00oeIFiEN3eYAulnqerp4OGHLcLq874JWUh4pqE1uvN4x4UVb9SB9lYg2g45RZ+jjLiWbJ7t5ifZN4L1icUKatun8XCC5FNZRzORd7++BBrCU4Q89o2NzmHWgQLDTVViP4f077LALV65vXKkl1AnVUiofXjyT7fDPYjQpNTby9rqMe0lWGHex7hDoQSk1Uunukz9Ag53sR8GsIer62Mwp573Yj5X+0cNcVLmntY9kxZIIpumdbvWRzJ5hlxFbj5B0i8TF5Pu1oW+M7PUPrF2O/6USKDwwj3yX0ZNVy2MMFkLpLL9M14m3r8uUXm2BjH8GfvhFdJdKYuMbBLXHrCJH8RseawN5c1aU/KDR6MGW3TvVnKI+Ba2ZGxoZ7w4GSttEwoe5dCnsJsDFxzQYOKoWeeEihzEOg6J99Giwig9juFt7WOV+A4esIaHvxsVYZcGrKWZdZcnlMEBddj8vp57vqSYbUMrIo9+fHLRb4YthPSh5a/T14c2FZL6uBHxEZk2TH+Mh5KfXionZgunpdd1EXMDxwTSX1UMBx70JTFnO/u7DnsTkauE/47L+hzV9OLtERF158Ld3HDgmjcd3Xa6eLhJWdQccqvgiWtee0RuxlFCS6YJtE5FXzE2rILFXhCs5Yvzt/QyK8vW4laTGK1yQ5tBAMWfRBKUbULh+jb4t/7XyJyzQGRa+B0fCLlh58qiQOCf2CZ8fbZ9p92J3cdBrTJ3cGSikIEQ3BBdatRSsF2z2L290nvcW/zhause4nI9hxw==&u=U2FsdGVkX18JKBqK2brpk/YlyyTSt4YGeoNqBATNL5ATbihwpmKPP4I/Ff/mszVu&y=U2FsdGVkX19jgotWwmXuXDfauEW7520UJEloUeGjdUZIFYSxOBtfPeDT+4yV9H19 HTTP/1.1" 200 354
186.84.21.193 - - [03/Sep/2023:19:32:18 -0500] "GET /kwssiamovil/sm/cjson/pre?f=1&x=U2FsdGVkX18kyArX7OGkryvQKpLnfllY72zjwgBsB0I9B9K1wJXZzzkmP3LRJq3/+56sGG8JF4K9p9I7OPBC1g== HTTP/1.1" 200 31032
186.84.21.193 - - [03/Sep/2023:19:32:18 -0500] "GET /kwssiamovil/sm/cjson/pre?f=18&x=U2FsdGVkX18kyArX7OGkryvQKpLnfllY72zjwgBsB0I9B9K1wJXZzzkmP3LRJq3/+56sGG8JF4K9p9I7OPBC1g== HTTP/1.1" 200 32849
172.22.2.4 - - [03/Sep/2023:19:32:24 -0500] "GET /BLA/boletinlegal/ HTTP/1.1" 200 62795
216.245.221.92 - - [03/Sep/2023:19:34:44 -0500] "HEAD / HTTP/1.1" 200 -
201.245.192.253 - - [03/Sep/2023:19:36:07 -0500] "POST /kwsrmcab/Wsrmcab  HTTP/1.1" 200 43358
172.22.2.4 - - [03/Sep/2023:19:36:20 -0500] "GET /BLA/boletinlegal/Circulares/2019/.pdf HTTP/1.1" 404 1218
172.22.2.4 - - [03/Sep/2023:19:36:29 -0500] "GET /BLA/boletinlegal/Circulares/2012/Circular%20No.%2010%20del%2026%20de%20Enero%20de%202012.pdf HTTP/1.1" 404 1218
172.22.2.4 - - [03/Sep/2023:19:35:37 -0500] "HEAD /BLA/boletinlegal/ HTTP/1.1" 200 -
186.31.177.62 - - [03/Sep/2023:19:37:42 -0500] "GET /sipse/faces/javax.faces.resource/theme.css?ln=primefaces-sipse HTTP/1.1" 304 -
186.31.177.62 - - [03/Sep/2023:19:37:43 -0500] "GET /sipse/faces/faces/autenticacion.xhtml HTTP/1.1" 200 12175
186.31.177.62 - - [03/Sep/2023:19:37:44 -0500] "GET /sipse/js/disable_browser_buttons.js HTTP/1.1" 304 -
186.31.177.62 - - [03/Sep/2023:19:37:44 -0500] "GET /sipse/js/funciones.js HTTP/1.1" 304 -
186.31.177.62 - - [03/Sep/2023:19:37:44 -0500] "GET /sipse/faces/javax.faces.resource/theme.css?ln=primefaces-sipse HTTP/1.1" 304 -
186.31.177.62 - - [03/Sep/2023:19:37:44 -0500] "GET /sipse/css/custom_css_sg.css HTTP/1.1" 304 -
186.31.177.62 - - [03/Sep/2023:19:37:44 -0500] "GET /sipse/faces/javax.faces.resource/layout/layout.css?ln=primefaces&v=4.0 HTTP/1.1" 304 -
186.31.177.62 - - [03/Sep/2023:19:37:44 -0500] "GET /sipse/faces/javax.faces.resource/primefaces.css?ln=primefaces&v=4.0 HTTP/1.1" 304 -
186.31.177.62 - - [03/Sep/2023:19:37:44 -0500] "GET /sipse/css/custom_css_sg_prime_login.css HTTP/1.1" 304 -
186.31.177.62 - - [03/Sep/2023:19:37:44 -0500] "GET /sipse/faces/javax.faces.resource/jquery/jquery.js?ln=primefaces&v=4.0 HTTP/1.1" 304 -
186.31.177.62 - - [03/Sep/2023:19:37:44 -0500] "GET /sipse/faces/javax.faces.resource/primefaces.js?ln=primefaces&v=4.0 HTTP/1.1" 304 -
186.31.177.62 - - [03/Sep/2023:19:37:44 -0500] "GET /sipse/faces/javax.faces.resource/jquery/jquery-plugins.js?ln=primefaces&v=4.0 HTTP/1.1" 304 -
186.31.177.62 - - [03/Sep/2023:19:37:44 -0500] "GET /sipse/faces/javax.faces.resource/layout/layout.js?ln=primefaces&v=4.0 HTTP/1.1" 304 -
186.31.177.62 - - [03/Sep/2023:19:37:48 -0500] "GET /sipse/faces/javax.faces.resource/images/ui-icons_898989_256x240.png?ln=primefaces-aristo HTTP/1.1" 200 5355
186.31.177.62 - - [03/Sep/2023:19:37:48 -0500] "GET /sipse/css/imagen/logoSDG.png HTTP/1.1" 200 53064
186.31.177.62 - - [03/Sep/2023:19:38:00 -0500] "POST /sipse/faces/autenticacion.xhtml HTTP/1.1" 200 16172
186.31.177.62 - - [03/Sep/2023:19:38:01 -0500] "GET /sipse/css/custom_css_sg_prime.css HTTP/1.1" 304 -
186.31.177.62 - - [03/Sep/2023:19:38:02 -0500] "GET /sipse/faces/javax.faces.resource/theme.css?ln=primefaces-sipse HTTP/1.1" 304 -
186.31.177.62 - - [03/Sep/2023:19:38:02 -0500] "GET /sipse/faces/javax.faces.resource/primefaces.css?ln=primefaces&v=4.0 HTTP/1.1" 304 -
186.31.177.62 - - [03/Sep/2023:19:38:02 -0500] "GET /sipse/faces/javax.faces.resource/layout/layout.css?ln=primefaces&v=4.0 HTTP/1.1" 304 -
186.31.177.62 - - [03/Sep/2023:19:38:02 -0500] "GET /sipse/js/jquery.min.js HTTP/1.1" 304 -
186.31.177.62 - - [03/Sep/2023:19:38:02 -0500] "GET /sipse/faces/javax.faces.resource/jquery/jquery.js?ln=primefaces&v=4.0 HTTP/1.1" 304 -
186.31.177.62 - - [03/Sep/2023:19:38:02 -0500] "GET /sipse/faces/javax.faces.resource/jquery/jquery-plugins.js?ln=primefaces&v=4.0 HTTP/1.1" 304 -
186.31.177.62 - - [03/Sep/2023:19:38:02 -0500] "GET /sipse/faces/javax.faces.resource/primefaces.js?ln=primefaces&v=4.0 HTTP/1.1" 304 -
186.31.177.62 - - [03/Sep/2023:19:38:02 -0500] "GET /sipse/faces/javax.faces.resource/layout/layout.js?ln=primefaces&v=4.0 HTTP/1.1" 304 -
186.31.177.62 - - [03/Sep/2023:19:38:03 -0500] "GET /sipse/css/v_mergente.css HTTP/1.1" 304 -
186.31.177.62 - - [03/Sep/2023:19:38:03 -0500] "GET /sipse/css/imagen/contrasena.png HTTP/1.1" 404 383
186.31.177.62 - - [03/Sep/2023:19:38:03 -0500] "GET /sipse/imagenes/cargando.gif HTTP/1.1" 304 -
186.31.177.62 - - [03/Sep/2023:19:38:03 -0500] "GET /sipse/faces/javax.faces.resource/messages/messages.png?ln=primefaces&v=4.0 HTTP/1.1" 304 -
186.31.177.62 - - [03/Sep/2023:19:38:03 -0500] "GET /sipse/imagenes/logoAplicacion.jpg HTTP/1.1" 304 -
172.22.2.4 - - [03/Sep/2023:19:36:27 -0500] "GET /BLA/boletinlegal/ HTTP/1.1" 200 58187
201.245.192.253 - - [03/Sep/2023:19:38:12 -0500] "POST /kwsrmcab/Wsrmcab HTTP/1.1" 200 43334
201.245.192.253 - - [03/Sep/2023:19:38:15 -0500] "POST /kwsrmcab/Wsrmcab HTTP/1.1" 200 42499
66.249.70.7 - - [03/Sep/2023:19:38:48 -0500] "GET /Publicaciones/2023EE201246.pdf HTTP/1.1" 200 1188056
66.249.70.6 - - [03/Sep/2023:19:38:50 -0500] "GET /BLA/resoluciones/Notificaciones/RESOLUCIONES%202022/5144.pdf HTTP/1.1" 304 -
52.167.144.108 - - [03/Sep/2023:19:39:36 -0500] "GET /BLA/resoluciones/AUTOS%202023/1326.pdf HTTP/1.1" 200 489980
216.245.221.92 - - [03/Sep/2023:19:39:44 -0500] "HEAD / HTTP/1.1" 200 -
201.245.192.253 - - [03/Sep/2023:19:41:06 -0500] "POST /kwsrmcab/Wsrmcab  HTTP/1.1" 200 43358
52.167.144.108 - - [03/Sep/2023:19:41:27 -0500] "GET /BLA/resoluciones/RESOLUCIONES%202023/0737.pdf HTTP/1.1" 200 458629
172.22.2.4 - - [03/Sep/2023:19:41:26 -0500] "HEAD /BLA/boletinlegal/ HTTP/1.1" 200 -
157.55.39.212 - - [03/Sep/2023:19:43:37 -0500] "GET /Publicaciones/2023EE201011.pdf HTTP/1.1" 200 235815
172.22.2.4 - - [03/Sep/2023:19:42:17 -0500] "GET /BLA/boletinlegal/ HTTP/1.1" 200 59699
216.245.221.92 - - [03/Sep/2023:19:44:44 -0500] "HEAD / HTTP/1.1" 200 -
181.32.208.99 - - [03/Sep/2023:19:45:50 -0500] "GET /appsia/controlador HTTP/1.1" 200 4799
181.32.208.99 - - [03/Sep/2023:19:45:51 -0500] "GET /appsia/scripts/validarIngreso.js HTTP/1.1" 200 851
181.32.208.99 - - [03/Sep/2023:19:45:51 -0500] "GET /appsia/css/estilos.css HTTP/1.1" 200 4804
181.32.208.99 - - [03/Sep/2023:19:45:51 -0500] "GET /appsia/images/cabezoteHojaVida.png HTTP/1.1" 200 32493
181.32.208.99 - - [03/Sep/2023:19:45:51 -0500] "GET /appsia/images/logo_bogota_p.png HTTP/1.1" 200 14951
181.32.208.99 - - [03/Sep/2023:19:45:54 -0500] "GET /favicon.ico HTTP/1.1" 200 7782
201.245.192.253 - - [03/Sep/2023:19:46:05 -0500] "POST /kwsrmcab/Wsrmcab  HTTP/1.1" 200 43358
52.167.144.108 - - [03/Sep/2023:19:46:17 -0500] "GET /BLA/resoluciones/AUTOS%202023/3403.pdf HTTP/1.1" 200 1265306
181.32.208.99 - - [03/Sep/2023:19:46:55 -0500] "POST /appsia/controlador HTTP/1.1" 200 5437
181.32.208.99 - - [03/Sep/2023:19:47:04 -0500] "POST /appsia/controlador HTTP/1.1" 200 7759
181.32.208.99 - - [03/Sep/2023:19:47:10 -0500] "POST /appsia/controlador HTTP/1.1" 200 5218
66.249.70.6 - - [03/Sep/2023:19:47:18 -0500] "GET /BLA/resoluciones/Notificaciones/AUTOS%202017/03326.pdf HTTP/1.1" 200 273425
181.32.208.99 - - [03/Sep/2023:19:47:28 -0500] "GET /appsia/controlador?comando=regresar&id=19361168&funcionario=RICARDO+RAMIREZ&desde=19361168&hasta=19361168&version=19361168 HTTP/1.1" 200 7759
181.32.208.99 - - [03/Sep/2023:19:47:35 -0500] "POST /appsia/controlador HTTP/1.1" 200 6624
181.32.208.99 - - [03/Sep/2023:19:47:39 -0500] "POST /appsia/controlador HTTP/1.1" 200 11641
40.77.167.30 - - [03/Sep/2023:19:47:58 -0500] "GET /Publicaciones/2023EE188360.pdf HTTP/1.1" 404 228
172.22.2.4 - - [03/Sep/2023:19:47:16 -0500] "HEAD /BLA/boletinlegal/ HTTP/1.1" 200 -
172.22.2.4 - - [03/Sep/2023:19:49:29 -0500] "GET /BLA/boletinlegal/robots.txt HTTP/1.1" 404 1038
216.245.221.92 - - [03/Sep/2023:19:49:44 -0500] "HEAD / HTTP/1.1" 200 -
172.22.2.4 - - [03/Sep/2023:19:48:07 -0500] "GET /BLA/boletinlegal/ HTTP/1.1" 200 57323
201.245.192.253 - - [03/Sep/2023:19:51:04 -0500] "POST /kwsrmcab/Wsrmcab  HTTP/1.1" 200 43358
172.22.2.4 - - [03/Sep/2023:19:49:31 -0500] "GET /BLA/boletinlegal/index.php HTTP/1.1" 200 62286
157.55.39.212 - - [03/Sep/2023:19:51:38 -0500] "GET /BLA/resoluciones/RESOLUCIONES%202023/1308.pdf HTTP/1.1" 200 520735
40.77.167.208 - - [03/Sep/2023:19:53:57 -0500] "GET /BLA/resoluciones/RESOLUCIONES%202023/0730.pdf HTTP/1.1" 200 513284
216.245.221.92 - - [03/Sep/2023:19:54:44 -0500] "HEAD / HTTP/1.1" 200 -
172.22.2.4 - - [03/Sep/2023:19:53:06 -0500] "HEAD /BLA/boletinlegal/ HTTP/1.1" 200 -
185.191.171.17 - - [03/Sep/2023:19:55:00 -0500] "GET /robots.txt HTTP/1.1" 404 1035
85.208.96.204 - - [03/Sep/2023:19:55:00 -0500] "GET /portaldeninos/corresponsal-ambiental/ HTTP/1.1" 200 93768
172.22.2.4 - - [03/Sep/2023:19:53:57 -0500] "GET /BLA/boletinlegal/ HTTP/1.1" 200 56607
201.245.192.253 - - [03/Sep/2023:19:56:03 -0500] "POST /kwsrmcab/Wsrmcab  HTTP/1.1" 200 43358
40.77.167.208 - - [03/Sep/2023:19:56:58 -0500] "GET /BLA/resoluciones/RESOLUCIONES%202023/1545.pdf HTTP/1.1" 200 464651
69.171.249.6 - - [03/Sep/2023:19:57:11 -0500] "GET /semana-ecoempresarial-herramientas-para-que-el-sector-economico-de-bogota-pueda-tener-un-crecimiento-verde.html HTTP/1.1" 200 918
186.84.88.242 - - [03/Sep/2023:19:59:00 -0500] "GET /BLA/resoluciones/index.php?dir= HTTP/1.1" 200 13502
186.84.88.242 - - [03/Sep/2023:19:59:04 -0500] "GET /BLA/resoluciones/index.php?dir=AUTOS+2014%2F HTTP/1.1" 200 890525
172.22.2.4 - - [03/Sep/2023:19:59:20 -0500] "GET /BLA/boletinlegal/actos.php HTTP/1.1" 200 9682
216.245.221.92 - - [03/Sep/2023:19:59:44 -0500] "HEAD / HTTP/1.1" 200 -
40.77.167.208 - - [03/Sep/2023:20:00:07 -0500] "GET /BLA/resoluciones/RESOLUCIONES%202021/2903.pdf HTTP/1.1" 304 -
172.22.2.4 - - [03/Sep/2023:20:00:15 -0500] "GET /BLA/boletinlegal/favicon.ico HTTP/1.1" 404 1230
172.22.2.4 - - [03/Sep/2023:19:58:56 -0500] "HEAD /BLA/boletinlegal/ HTTP/1.1" 200 -
201.245.192.253 - - [03/Sep/2023:20:01:01 -0500] "POST /kwsrmcab/Wsrmcab  HTTP/1.1" 200 43358
172.22.2.4 - - [03/Sep/2023:19:59:47 -0500] "GET /BLA/boletinlegal/ HTTP/1.1" 200 54960
181.32.208.99 - - [03/Sep/2023:20:02:48 -0500] "POST /appsia/controlador HTTP/1.1" 200 76001
181.32.208.99 - - [03/Sep/2023:20:03:25 -0500] "POST /appsia/controlador HTTP/1.1" 200 76001
52.167.144.222 - - [03/Sep/2023:20:03:50 -0500] "GET /BLA/resoluciones/RESOLUCIONES%202021/1863.pdf HTTP/1.1" 200 473835
181.32.208.99 - - [03/Sep/2023:20:03:58 -0500] "POST /appsia/controlador HTTP/1.1" 200 76001
181.32.208.99 - - [03/Sep/2023:20:04:24 -0500] "POST /appsia/controlador HTTP/1.1" 200 76001
216.245.221.92 - - [03/Sep/2023:20:04:44 -0500] "HEAD / HTTP/1.1" 200 -
181.32.208.99 - - [03/Sep/2023:20:04:47 -0500] "POST /appsia/controlador HTTP/1.1" 200 76001
181.32.208.99 - - [03/Sep/2023:20:05:28 -0500] "POST /appsia/controlador HTTP/1.1" 200 76001
201.245.192.253 - - [03/Sep/2023:20:06:00 -0500] "POST /kwsrmcab/Wsrmcab  HTTP/1.1" 200 43358
186.84.88.242 - - [03/Sep/2023:20:06:16 -0500] "GET /BLA/resoluciones/index.php?dir= HTTP/1.1" 200 13502
136.243.228.194 - - [03/Sep/2023:20:06:17 -0500] "GET /cuales-son-los-tramites-ambientales-mas-solicitados-de-bogota.html HTTP/1.1" 200 840
181.32.208.99 - - [03/Sep/2023:20:06:17 -0500] "POST /appsia/controlador HTTP/1.1" 200 76001
172.22.2.4 - - [03/Sep/2023:20:04:46 -0500] "HEAD /BLA/boletinlegal/ HTTP/1.1" 200 -
186.84.88.242 - - [03/Sep/2023:20:06:40 -0500] "GET /BLA/resoluciones/index.php?dir=AUTOS+2017%2F HTTP/1.1" 200 470115
172.22.2.4 - - [03/Sep/2023:20:05:36 -0500] "GET /BLA/boletinlegal/ HTTP/1.1" 200 58597
181.32.208.99 - - [03/Sep/2023:20:09:25 -0500] "POST /appsia/controlador HTTP/1.1" 200 76001
181.32.208.99 - - [03/Sep/2023:20:09:26 -0500] "POST /appsia/controlador HTTP/1.1" 200 76001
216.245.221.92 - - [03/Sep/2023:20:09:44 -0500] "HEAD / HTTP/1.1" 200 -
173.252.107.7 - - [03/Sep/2023:20:10:06 -0500] "GET /mujeres-que-reverdecen-secretaria-de-ambiente-anuncia-300-cupos-para-la-tercera-fase-del-programa.html HTTP/1.1" 200 823
201.245.192.253 - - [03/Sep/2023:20:10:59 -0500] "POST /kwsrmcab/Wsrmcab  HTTP/1.1" 200 43358
172.22.2.4 - - [03/Sep/2023:20:10:36 -0500] "HEAD /BLA/boletinlegal/ HTTP/1.1" 200 -
181.32.208.99 - - [03/Sep/2023:20:12:23 -0500] "POST /appsia/controlador HTTP/1.1" 200 7759
172.22.2.4 - - [03/Sep/2023:20:11:26 -0500] "GET /BLA/boletinlegal/ HTTP/1.1" 200 58187
186.84.20.162 - - [03/Sep/2023:20:14:38 -0500] "GET /BLA/resoluciones/index.php?dir=AUTOS+2022%2F HTTP/1.1" 200 503896
216.245.221.92 - - [03/Sep/2023:20:14:44 -0500] "HEAD / HTTP/1.1" 200 -
201.245.192.253 - - [03/Sep/2023:20:15:57 -0500] "POST /kwsrmcab/Wsrmcab  HTTP/1.1" 200 43358
66.249.66.87 - - [03/Sep/2023:20:16:46 -0500] "GET /portaldeninos/wp-content/uploads/2018/11/tigrillo.jpg HTTP/1.1" 304 -
172.22.2.4 - - [03/Sep/2023:20:16:26 -0500] "HEAD /BLA/boletinlegal/ HTTP/1.1" 200 -
201.245.192.253 - - [03/Sep/2023:20:18:12 -0500] "POST /kwsrmcab/Wsrmcab HTTP/1.1" 200 43144
201.245.192.253 - - [03/Sep/2023:20:18:15 -0500] "POST /kwsrmcab/Wsrmcab HTTP/1.1" 200 42499
157.55.39.212 - - [03/Sep/2023:20:18:49 -0500] "GET /BLA/resoluciones/AUTOS%202023/0758.pdf HTTP/1.1" 200 400241
172.22.2.4 - - [03/Sep/2023:20:17:16 -0500] "GET /BLA/boletinlegal/ HTTP/1.1" 200 60692
216.245.221.92 - - [03/Sep/2023:20:19:44 -0500] "HEAD / HTTP/1.1" 200 -
201.245.192.253 - - [03/Sep/2023:20:20:57 -0500] "POST /kwsrmcab/Wsrmcab  HTTP/1.1" 200 43358
168.119.253.48 - - [03/Sep/2023:20:21:32 -0500] "GET / HTTP/1.1" 200 4720
168.119.253.48 - - [03/Sep/2023:20:21:33 -0500] "GET / HTTP/1.1" 200 319
172.22.2.4 - - [03/Sep/2023:20:22:54 -0500] "POST /BLA/boletinlegal/scripts/WPnBr.dll HTTP/1.1" 404 1043
172.22.2.4 - - [03/Sep/2023:20:22:54 -0500] "GET /BLA/boletinlegal/M8mj HTTP/1.1" 404 1043
172.22.2.4 - - [03/Sep/2023:20:22:54 -0500] "GET /BLA/boletinlegal/start.asp HTTP/1.1" 404 1043
172.22.2.4 - - [03/Sep/2023:20:22:54 -0500] "POST /BLA/boletinlegal/sdk HTTP/1.1" 404 1043
172.22.2.4 - - [03/Sep/2023:20:22:54 -0500] "GET /BLA/boletinlegal/CSS/Miniweb.css HTTP/1.1" 404 1043
172.22.2.4 - - [03/Sep/2023:20:22:54 -0500] "GET /BLA/boletinlegal/Portal0000.htm HTTP/1.1" 404 1043
172.22.2.4 - - [03/Sep/2023:20:22:54 -0500] "GET /BLA/boletinlegal/Portal/Portal.mwsl HTTP/1.1" 404 1043
172.22.2.4 - - [03/Sep/2023:20:22:55 -0500] "GET /BLA/boletinlegal/.git/HEAD HTTP/1.1" 404 1043
172.22.2.4 - - [03/Sep/2023:20:22:55 -0500] "GET /BLA/boletinlegal/nmaplowercheck1693790564 HTTP/1.1" 404 1043
172.22.2.4 - - [03/Sep/2023:20:22:55 -0500] "GET /BLA/boletinlegal/menu.html HTTP/1.1" 404 1043
172.22.2.4 - - [03/Sep/2023:20:22:55 -0500] "GET /BLA/boletinlegal/__Additional HTTP/1.1" 404 1043
172.22.2.4 - - [03/Sep/2023:20:22:55 -0500] "GET /BLA/boletinlegal/docs/cplugError.html/ HTTP/1.1" 404 1043
172.22.2.4 - - [03/Sep/2023:20:22:55 -0500] "GET /BLA/boletinlegal/HNAP1 HTTP/1.1" 404 1043
172.22.2.4 - - [03/Sep/2023:20:22:55 -0500] "GET /BLA/boletinlegal/pools/default/buckets HTTP/1.1" 404 1043
172.22.2.4 - - [03/Sep/2023:20:22:56 -0500] "GET /BLA/boletinlegal/start.cgi HTTP/1.1" 404 1043
172.22.2.4 - - [03/Sep/2023:20:22:56 -0500] "GET /BLA/boletinlegal/pools HTTP/1.1" 404 1043
172.22.2.4 - - [03/Sep/2023:20:22:56 -0500] "GET /BLA/boletinlegal/index.pl HTTP/1.1" 404 1043
172.22.2.4 - - [03/Sep/2023:20:22:57 -0500] "GET /BLA/boletinlegal/localstart.jsp HTTP/1.1" 404 1043
172.22.2.4 - - [03/Sep/2023:20:22:58 -0500] "GET /BLA/boletinlegal/default.cfm HTTP/1.1" 404 1043
172.22.2.4 - - [03/Sep/2023:20:22:59 -0500] "GET /BLA/boletinlegal/indice.html HTTP/1.1" 404 1043
172.22.2.4 - - [03/Sep/2023:20:22:59 -0500] "GET /BLA/boletinlegal/index.jsa HTTP/1.1" 404 1043
172.22.2.4 - - [03/Sep/2023:20:23:00 -0500] "GET /BLA/boletinlegal/main.shtml HTTP/1.1" 404 1043
172.22.2.4 - - [03/Sep/2023:20:23:01 -0500] "GET /BLA/boletinlegal/start.jsa HTTP/1.1" 404 1043
172.22.2.4 - - [03/Sep/2023:20:23:02 -0500] "GET /BLA/boletinlegal/readme.txt HTTP/1.1" 404 1043
172.22.2.4 - - [03/Sep/2023:20:23:02 -0500] "GET /BLA/boletinlegal/admin.shtml HTTP/1.1" 404 1043
172.22.2.4 - - [03/Sep/2023:20:23:03 -0500] "GET /BLA/boletinlegal/start.shtml HTTP/1.1" 404 1043
172.22.2.4 - - [03/Sep/2023:20:23:04 -0500] "GET /BLA/boletinlegal/base.jsa HTTP/1.1" 404 1043
172.22.2.4 - - [03/Sep/2023:20:22:16 -0500] "HEAD /BLA/boletinlegal/ HTTP/1.1" 200 -
85.208.96.206 - - [03/Sep/2023:20:24:02 -0500] "GET /portaldeninos/humedal-jaboque-2/ HTTP/1.1" 200 87846
172.22.2.4 - - [03/Sep/2023:20:22:54 -0500] "GET /BLA/boletinlegal/ HTTP/1.1" 200 24523
172.22.2.4 - - [03/Sep/2023:20:23:05 -0500] "GET /BLA/boletinlegal/ HTTP/1.1" 200 20427
172.22.2.4 - - [03/Sep/2023:20:23:04 -0500] "GET /BLA/boletinlegal/ HTTP/1.1" 200 20427
172.22.2.4 - - [03/Sep/2023:20:22:53 -0500] "GET /BLA/boletinlegal/ HTTP/1.1" 200 20427
172.22.2.4 - - [03/Sep/2023:20:22:54 -0500] "GET /BLA/boletinlegal/ HTTP/1.1" 200 24523
172.22.2.4 - - [03/Sep/2023:20:22:55 -0500] "GET /BLA/boletinlegal/?=PHPE9568F36-D428-11d2-A769-00AA001ACF42 HTTP/1.1" 200 24523
172.22.2.4 - - [03/Sep/2023:20:22:55 -0500] "GET /BLA/boletinlegal/ HTTP/1.1" 200 24523
172.22.2.4 - - [03/Sep/2023:20:23:03 -0500] "GET /BLA/boletinlegal/?=PHPB8B5F2A0-3C92-11d3-A3A9-4C7B08C10000 HTTP/1.1" 200 24523
172.22.2.4 - - [03/Sep/2023:20:23:02 -0500] "GET /BLA/boletinlegal/ HTTP/1.1" 200 24523
216.245.221.92 - - [03/Sep/2023:20:24:44 -0500] "HEAD / HTTP/1.1" 200 -
172.22.2.4 - - [03/Sep/2023:20:23:07 -0500] "GET /BLA/boletinlegal/ HTTP/1.1" 200 28619
69.171.251.8 - - [03/Sep/2023:20:25:58 -0500] "GET /images/reunion-planta-termovalorizacion-11-mayo.jpg HTTP/1.1" 200 34782
201.245.192.253 - - [03/Sep/2023:20:25:55 -0500] "POST /kwsrmcab/Wsrmcab  HTTP/1.1" 200 43358
172.22.2.4 - - [03/Sep/2023:20:24:56 -0500] "GET /BLA/boletinlegal/ HTTP/1.1" 200 47010
172.22.2.4 - - [03/Sep/2023:20:24:57 -0500] "GET /BLA/boletinlegal/ HTTP/1.1" 200 47010
201.245.192.253 - - [03/Sep/2023:20:28:11 -0500] "POST /kwsrmcab/Wsrmcab HTTP/1.1" 200 43144
201.245.192.253 - - [03/Sep/2023:20:28:15 -0500] "POST /kwsrmcab/Wsrmcab HTTP/1.1" 200 42499
173.252.87.112 - - [03/Sep/2023:20:29:19 -0500] "GET /images/Acuerdos%2001%20(1)%20(1).jpeg HTTP/1.1" 200 32884
216.245.221.92 - - [03/Sep/2023:20:29:44 -0500] "HEAD / HTTP/1.1" 200 -
172.22.2.4 - - [03/Sep/2023:20:28:06 -0500] "HEAD /BLA/boletinlegal/ HTTP/1.1" 200 -
172.22.2.4 - - [03/Sep/2023:20:28:56 -0500] "GET /BLA/boletinlegal/ HTTP/1.1" 200 60692
201.245.192.253 - - [03/Sep/2023:20:30:55 -0500] "POST /kwsrmcab/Wsrmcab  HTTP/1.1" 200 43358
185.191.171.6 - - [03/Sep/2023:20:31:40 -0500] "GET /portaldeninos/que-es-cambio-climatico/ HTTP/1.1" 200 86727
66.249.70.5 - - [03/Sep/2023:20:33:49 -0500] "GET /BLA/resoluciones/Notificaciones/RESOLUCIONES%202022/5144.pdf HTTP/1.1" 304 -
172.22.2.4 - - [03/Sep/2023:20:32:39 -0500] "GET /BLA/boletinlegal/ HTTP/1.1" 200 62286
216.245.221.92 - - [03/Sep/2023:20:34:44 -0500] "HEAD / HTTP/1.1" 200 -
40.77.167.36 - - [03/Sep/2023:20:34:54 -0500] "GET /BLA/resoluciones/RESOLUCIONES%202022/3226.pdf HTTP/1.1" 200 373631
137.184.226.250 - - [03/Sep/2023:20:35:22 -0500] "GET /aaa9 HTTP/1.1" 404 1018
172.22.2.4 - - [03/Sep/2023:20:33:56 -0500] "HEAD /BLA/boletinlegal/ HTTP/1.1" 200 -
137.184.226.250 - - [03/Sep/2023:20:35:37 -0500] "GET /aab8 HTTP/1.1" 404 1018
137.184.226.250 - - [03/Sep/2023:20:35:45 -0500] "GET / HTTP/1.1" 200 319
201.245.192.253 - - [03/Sep/2023:20:35:53 -0500] "POST /kwsrmcab/Wsrmcab  HTTP/1.1" 200 43358
40.77.167.36 - - [03/Sep/2023:20:36:04 -0500] "GET /BLA/resoluciones/AUTOS%202023/1910.pdf HTTP/1.1" 200 407314
172.22.2.4 - - [03/Sep/2023:20:34:46 -0500] "GET /BLA/boletinlegal/ HTTP/1.1" 200 58187
172.22.2.4 - - [03/Sep/2023:20:36:36 -0500] "GET /BLA/boletinlegal/Circulares/2019/.pdf HTTP/1.1" 404 1218
172.22.2.4 - - [03/Sep/2023:20:36:47 -0500] "GET /BLA/boletinlegal/Circulares/2012/Circular%20No.%2010%20del%2026%20de%20Enero%20de%202012.pdf HTTP/1.1" 404 1218
168.119.253.69 - - [03/Sep/2023:20:37:39 -0500] "GET / HTTP/1.1" 200 319
168.119.253.69 - - [03/Sep/2023:20:37:41 -0500] "GET / HTTP/1.1" 200 4720
201.245.192.253 - - [03/Sep/2023:20:38:12 -0500] "POST /kwsrmcab/Wsrmcab HTTP/1.1" 200 43144
201.245.192.253 - - [03/Sep/2023:20:38:15 -0500] "POST /kwsrmcab/Wsrmcab HTTP/1.1" 200 42499
173.252.127.19 - - [03/Sep/2023:20:39:09 -0500] "GET /images/Rmasar%2018%20de%20febrero%20Grupo.jpg HTTP/1.1" 200 68398
216.245.221.92 - - [03/Sep/2023:20:39:44 -0500] "HEAD / HTTP/1.1" 200 -
172.22.2.4 - - [03/Sep/2023:20:40:30 -0500] "GET /BLA/boletinlegal/actos.php HTTP/1.1" 200 9682
201.245.192.253 - - [03/Sep/2023:20:40:52 -0500] "POST /kwsrmcab/Wsrmcab  HTTP/1.1" 200 43358
172.22.2.4 - - [03/Sep/2023:20:39:46 -0500] "HEAD /BLA/boletinlegal/ HTTP/1.1" 200 -
172.22.2.4 - - [03/Sep/2023:20:40:36 -0500] "GET /BLA/boletinlegal/ HTTP/1.1" 200 54960
186.84.90.159 - - [03/Sep/2023:20:44:16 -0500] "GET /sipse/faces/index.xhtml HTTP/1.1" 200 677
186.84.90.159 - - [03/Sep/2023:20:44:16 -0500] "GET /sipse/faces/javax.faces.resource/theme.css?ln=primefaces-sipse HTTP/1.1" 304 -
186.84.90.159 - - [03/Sep/2023:20:44:16 -0500] "GET /sipse/faces/faces/autenticacion.xhtml HTTP/1.1" 200 12175
186.84.90.159 - - [03/Sep/2023:20:44:16 -0500] "GET /sipse/js/disable_browser_buttons.js HTTP/1.1" 304 -
186.84.90.159 - - [03/Sep/2023:20:44:16 -0500] "GET /sipse/css/custom_css_sg_prime_login.css HTTP/1.1" 200 443
186.84.90.159 - - [03/Sep/2023:20:44:16 -0500] "GET /sipse/js/funciones.js HTTP/1.1" 304 -
186.84.90.159 - - [03/Sep/2023:20:44:16 -0500] "GET /sipse/css/custom_css_sg.css HTTP/1.1" 304 -
186.84.90.159 - - [03/Sep/2023:20:44:16 -0500] "GET /sipse/faces/javax.faces.resource/theme.css?ln=primefaces-sipse HTTP/1.1" 304 -
186.84.90.159 - - [03/Sep/2023:20:44:16 -0500] "GET /sipse/faces/javax.faces.resource/primefaces.css?ln=primefaces&v=4.0 HTTP/1.1" 304 -
186.84.90.159 - - [03/Sep/2023:20:44:16 -0500] "GET /sipse/faces/javax.faces.resource/jquery/jquery.js?ln=primefaces&v=4.0 HTTP/1.1" 304 -
186.84.90.159 - - [03/Sep/2023:20:44:16 -0500] "GET /sipse/faces/javax.faces.resource/layout/layout.css?ln=primefaces&v=4.0 HTTP/1.1" 304 -
186.84.90.159 - - [03/Sep/2023:20:44:16 -0500] "GET /sipse/faces/javax.faces.resource/jquery/jquery-plugins.js?ln=primefaces&v=4.0 HTTP/1.1" 304 -
186.84.90.159 - - [03/Sep/2023:20:44:16 -0500] "GET /sipse/faces/javax.faces.resource/primefaces.js?ln=primefaces&v=4.0 HTTP/1.1" 304 -
186.84.90.159 - - [03/Sep/2023:20:44:16 -0500] "GET /sipse/faces/javax.faces.resource/layout/layout.js?ln=primefaces&v=4.0 HTTP/1.1" 304 -
186.84.90.159 - - [03/Sep/2023:20:44:17 -0500] "GET /favicon.ico HTTP/1.1" 200 7782
186.84.90.159 - - [03/Sep/2023:20:44:17 -0500] "GET /sipse/css/imagen/logoSDG.png HTTP/1.1" 200 53064
186.84.90.159 - - [03/Sep/2023:20:44:17 -0500] "GET /sipse/css/imagen/loginimg.png HTTP/1.1" 200 71635
186.84.90.159 - - [03/Sep/2023:20:44:17 -0500] "GET /sipse/faces/javax.faces.resource/images/ui-icons_898989_256x240.png?ln=primefaces-aristo HTTP/1.1" 200 5355
186.84.90.159 - - [03/Sep/2023:20:44:23 -0500] "POST /sipse/faces/autenticacion.xhtml HTTP/1.1" 200 2183
186.84.90.159 - - [03/Sep/2023:20:44:23 -0500] "GET /sipse/faces/javax.faces.resource/messages/messages.png?ln=primefaces&v=4.0 HTTP/1.1" 200 27209
186.84.90.159 - - [03/Sep/2023:20:44:29 -0500] "POST /sipse/faces/autenticacion.xhtml HTTP/1.1" 200 2228
186.84.90.159 - - [03/Sep/2023:20:44:32 -0500] "POST /sipse/faces/autenticacion.xhtml HTTP/1.1" 200 16341
186.84.90.159 - - [03/Sep/2023:20:44:32 -0500] "GET /sipse/css/custom_css_sg_prime.css HTTP/1.1" 304 -
186.84.90.159 - - [03/Sep/2023:20:44:32 -0500] "GET /sipse/faces/javax.faces.resource/layout/layout.css?ln=primefaces&v=4.0 HTTP/1.1" 304 -
186.84.90.159 - - [03/Sep/2023:20:44:32 -0500] "GET /sipse/faces/javax.faces.resource/theme.css?ln=primefaces-sipse HTTP/1.1" 304 -
186.84.90.159 - - [03/Sep/2023:20:44:32 -0500] "GET /sipse/faces/javax.faces.resource/primefaces.css?ln=primefaces&v=4.0 HTTP/1.1" 304 -
186.84.90.159 - - [03/Sep/2023:20:44:32 -0500] "GET /sipse/js/jquery.min.js HTTP/1.1" 304 -
186.84.90.159 - - [03/Sep/2023:20:44:32 -0500] "GET /sipse/faces/javax.faces.resource/jquery/jquery.js?ln=primefaces&v=4.0 HTTP/1.1" 304 -
186.84.90.159 - - [03/Sep/2023:20:44:32 -0500] "GET /sipse/faces/javax.faces.resource/jquery/jquery-plugins.js?ln=primefaces&v=4.0 HTTP/1.1" 304 -
186.84.90.159 - - [03/Sep/2023:20:44:32 -0500] "GET /sipse/faces/javax.faces.resource/primefaces.js?ln=primefaces&v=4.0 HTTP/1.1" 304 -
186.84.90.159 - - [03/Sep/2023:20:44:32 -0500] "GET /sipse/faces/javax.faces.resource/layout/layout.js?ln=primefaces&v=4.0 HTTP/1.1" 304 -
186.84.90.159 - - [03/Sep/2023:20:44:32 -0500] "GET /sipse/css/v_mergente.css HTTP/1.1" 200 1505
186.84.90.159 - - [03/Sep/2023:20:44:32 -0500] "GET /sipse/css/imagen/contrasena.png HTTP/1.1" 404 383
186.84.90.159 - - [03/Sep/2023:20:44:32 -0500] "GET /sipse/imagenes/cargando.gif HTTP/1.1" 200 36959
186.84.90.159 - - [03/Sep/2023:20:44:32 -0500] "GET /sipse/imagenes/logoAplicacion.jpg HTTP/1.1" 200 155084
216.245.221.92 - - [03/Sep/2023:20:44:44 -0500] "HEAD / HTTP/1.1" 200 -
40.88.21.235 - - [03/Sep/2023:20:45:12 -0500] "GET / HTTP/1.1" 200 319
40.88.21.235 - - [03/Sep/2023:20:45:12 -0500] "GET /favicon.ico HTTP/1.1" 200 7782
201.245.192.253 - - [03/Sep/2023:20:45:51 -0500] "POST /kwsrmcab/Wsrmcab  HTTP/1.1" 200 43358
66.249.70.7 - - [03/Sep/2023:20:46:18 -0500] "GET /BLA/resoluciones/Notificaciones/RESOLUCIONES%202023/429.pdf HTTP/1.1" 304 -
172.22.2.4 - - [03/Sep/2023:20:45:36 -0500] "HEAD /BLA/boletinlegal/ HTTP/1.1" 200 -
52.167.144.163 - - [03/Sep/2023:20:48:05 -0500] "GET /BLA/resoluciones/AUTOS%202023/1258.pdf HTTP/1.1" 200 463480
172.22.2.4 - - [03/Sep/2023:20:46:26 -0500] "GET /BLA/boletinlegal/ HTTP/1.1" 200 53013
52.167.144.163 - - [03/Sep/2023:20:48:36 -0500] "GET /sipse/faces/autenticacion.xhtml HTTP/1.1" 200 12497
216.245.221.92 - - [03/Sep/2023:20:49:44 -0500] "HEAD / HTTP/1.1" 200 -
172.22.2.4 - - [03/Sep/2023:20:50:48 -0500] "GET /BLA/boletinlegal/autodiscover/autodiscover.json?@zdi/Powershell HTTP/1.1" 404 1018
201.245.192.253 - - [03/Sep/2023:20:50:50 -0500] "POST /kwsrmcab/Wsrmcab  HTTP/1.1" 200 43358
186.84.90.159 - - [03/Sep/2023:20:51:19 -0500] "GET /sipse/faces/javax.faces.resource/images/ui-bg_flat_0_2d5972_40x100.png?ln=primefaces-aristo HTTP/1.1" 200 183
186.84.90.159 - - [03/Sep/2023:20:51:19 -0500] "POST /sipse/faces/bienvenido.xhtml HTTP/1.1" 200 2658
186.84.90.159 - - [03/Sep/2023:20:51:22 -0500] "POST /sipse/faces/bienvenido.xhtml HTTP/1.1" 200 64194
186.84.90.159 - - [03/Sep/2023:20:51:25 -0500] "GET /sipse/faces/javax.faces.resource/theme.css?ln=primefaces-sipse HTTP/1.1" 304 -
186.84.90.159 - - [03/Sep/2023:20:51:25 -0500] "GET /sipse/faces/javax.faces.resource/primefaces.css?ln=primefaces&v=4.0 HTTP/1.1" 304 -
186.84.90.159 - - [03/Sep/2023:20:51:25 -0500] "GET /sipse/faces/javax.faces.resource/layout/layout.css?ln=primefaces&v=4.0 HTTP/1.1" 304 -
186.84.90.159 - - [03/Sep/2023:20:51:25 -0500] "GET /sipse/faces/javax.faces.resource/jquery/jquery.js?ln=primefaces&v=4.0 HTTP/1.1" 304 -
186.84.90.159 - - [03/Sep/2023:20:51:25 -0500] "GET /sipse/faces/javax.faces.resource/jquery/jquery-plugins.js?ln=primefaces&v=4.0 HTTP/1.1" 304 -
186.84.90.159 - - [03/Sep/2023:20:51:25 -0500] "GET /sipse/faces/javax.faces.resource/primefaces.js?ln=primefaces&v=4.0 HTTP/1.1" 304 -
186.84.90.159 - - [03/Sep/2023:20:51:25 -0500] "GET /sipse/faces/javax.faces.resource/layout/layout.js?ln=primefaces&v=4.0 HTTP/1.1" 304 -
186.84.90.159 - - [03/Sep/2023:20:51:25 -0500] "POST /sipse/faces/presentacion/financiero/solicitudProceso/listarSolicitudProceso.xhtml HTTP/1.1" 200 1556
186.84.90.159 - - [03/Sep/2023:20:51:27 -0500] "POST /sipse/faces/presentacion/financiero/solicitudProceso/listarSolicitudProceso.xhtml HTTP/1.1" 200 59025
186.84.90.159 - - [03/Sep/2023:20:51:28 -0500] "GET /sipse/faces/javax.faces.resource/theme.css?ln=primefaces-sipse HTTP/1.1" 304 -
186.84.90.159 - - [03/Sep/2023:20:51:28 -0500] "GET /sipse/faces/javax.faces.resource/primefaces.css?ln=primefaces&v=4.0 HTTP/1.1" 304 -
186.84.90.159 - - [03/Sep/2023:20:51:28 -0500] "GET /sipse/faces/javax.faces.resource/layout/layout.css?ln=primefaces&v=4.0 HTTP/1.1" 304 -
186.84.90.159 - - [03/Sep/2023:20:51:28 -0500] "GET /sipse/faces/javax.faces.resource/jquery/jquery.js?ln=primefaces&v=4.0 HTTP/1.1" 304 -
186.84.90.159 - - [03/Sep/2023:20:51:28 -0500] "GET /sipse/faces/javax.faces.resource/jquery/jquery-plugins.js?ln=primefaces&v=4.0 HTTP/1.1" 304 -
186.84.90.159 - - [03/Sep/2023:20:51:28 -0500] "GET /sipse/faces/javax.faces.resource/primefaces.js?ln=primefaces&v=4.0 HTTP/1.1" 304 -
186.84.90.159 - - [03/Sep/2023:20:51:28 -0500] "GET /sipse/faces/javax.faces.resource/layout/layout.js?ln=primefaces&v=4.0 HTTP/1.1" 304 -
186.84.90.159 - - [03/Sep/2023:20:51:37 -0500] "POST /sipse/faces/presentacion/financiero/solicitudProceso/crearModificarSolicitudProceso.xhtml HTTP/1.1" 200 26689
186.84.90.159 - - [03/Sep/2023:20:52:32 -0500] "POST /sipse/faces/presentacion/financiero/solicitudProceso/crearModificarSolicitudProceso.xhtml HTTP/1.1" 200 24588
186.84.90.159 - - [03/Sep/2023:20:52:32 -0500] "GET /sipse/faces/javax.faces.resource/primefaces.css?ln=primefaces&v=4.0 HTTP/1.1" 304 -
186.84.90.159 - - [03/Sep/2023:20:52:32 -0500] "GET /sipse/faces/javax.faces.resource/theme.css?ln=primefaces-sipse HTTP/1.1" 304 -
186.84.90.159 - - [03/Sep/2023:20:52:32 -0500] "GET /sipse/faces/javax.faces.resource/layout/layout.css?ln=primefaces&v=4.0 HTTP/1.1" 304 -
186.84.90.159 - - [03/Sep/2023:20:52:32 -0500] "GET /sipse/faces/javax.faces.resource/jquery/jquery-plugins.js?ln=primefaces&v=4.0 HTTP/1.1" 304 -
186.84.90.159 - - [03/Sep/2023:20:52:32 -0500] "GET /sipse/faces/javax.faces.resource/jquery/jquery.js?ln=primefaces&v=4.0 HTTP/1.1" 304 -
186.84.90.159 - - [03/Sep/2023:20:52:32 -0500] "GET /sipse/faces/javax.faces.resource/layout/layout.js?ln=primefaces&v=4.0 HTTP/1.1" 304 -
186.84.90.159 - - [03/Sep/2023:20:52:32 -0500] "GET /sipse/faces/javax.faces.resource/primefaces.js?ln=primefaces&v=4.0 HTTP/1.1" 304 -
186.84.90.159 - - [03/Sep/2023:20:52:43 -0500] "POST /sipse/faces/presentacion/financiero/solicitudProyectoActividad/asociarProyectoSolicitud.xhtml HTTP/1.1" 200 6801
186.84.90.159 - - [03/Sep/2023:20:52:46 -0500] "GET /sipse/faces/javax.faces.resource/images/ui-icons_898989_256x240.png?ln=primefaces-aristo HTTP/1.1" 304 -
186.84.90.159 - - [03/Sep/2023:20:52:46 -0500] "POST /sipse/faces/presentacion/financiero/solicitudProyectoActividad/asociarProyectoSolicitud.xhtml HTTP/1.1" 200 1696
186.84.90.159 - - [03/Sep/2023:20:52:50 -0500] "POST /sipse/faces/presentacion/financiero/solicitudProyectoActividad/asociarProyectoSolicitud.xhtml HTTP/1.1" 200 77323
186.84.90.159 - - [03/Sep/2023:20:52:50 -0500] "GET /sipse/faces/javax.faces.resource/theme.css?ln=primefaces-sipse HTTP/1.1" 304 -
186.84.90.159 - - [03/Sep/2023:20:52:50 -0500] "GET /sipse/faces/javax.faces.resource/primefaces.css?ln=primefaces&v=4.0 HTTP/1.1" 304 -
186.84.90.159 - - [03/Sep/2023:20:52:50 -0500] "GET /sipse/faces/javax.faces.resource/layout/layout.css?ln=primefaces&v=4.0 HTTP/1.1" 304 -
186.84.90.159 - - [03/Sep/2023:20:52:50 -0500] "GET /sipse/faces/javax.faces.resource/jquery/jquery.js?ln=primefaces&v=4.0 HTTP/1.1" 304 -
186.84.90.159 - - [03/Sep/2023:20:52:50 -0500] "GET /sipse/faces/javax.faces.resource/jquery/jquery-plugins.js?ln=primefaces&v=4.0 HTTP/1.1" 304 -
186.84.90.159 - - [03/Sep/2023:20:52:50 -0500] "GET /sipse/faces/javax.faces.resource/primefaces.js?ln=primefaces&v=4.0 HTTP/1.1" 304 -
186.84.90.159 - - [03/Sep/2023:20:52:50 -0500] "GET /sipse/faces/javax.faces.resource/layout/layout.js?ln=primefaces&v=4.0 HTTP/1.1" 304 -
186.84.90.159 - - [03/Sep/2023:20:53:00 -0500] "POST /sipse/faces/presentacion/financiero/solicitudProyectoActividad/asociarActividadSolicitud.xhtml HTTP/1.1" 200 59015
186.84.90.159 - - [03/Sep/2023:20:53:00 -0500] "GET /sipse/faces/javax.faces.resource/layout/layout.css?ln=primefaces&v=4.0 HTTP/1.1" 304 -
186.84.90.159 - - [03/Sep/2023:20:53:00 -0500] "GET /sipse/faces/javax.faces.resource/primefaces.css?ln=primefaces&v=4.0 HTTP/1.1" 304 -
186.84.90.159 - - [03/Sep/2023:20:53:00 -0500] "GET /sipse/faces/javax.faces.resource/theme.css?ln=primefaces-sipse HTTP/1.1" 304 -
186.84.90.159 - - [03/Sep/2023:20:53:00 -0500] "GET /sipse/faces/javax.faces.resource/jquery/jquery.js?ln=primefaces&v=4.0 HTTP/1.1" 304 -
186.84.90.159 - - [03/Sep/2023:20:53:00 -0500] "GET /sipse/faces/javax.faces.resource/jquery/jquery-plugins.js?ln=primefaces&v=4.0 HTTP/1.1" 304 -
186.84.90.159 - - [03/Sep/2023:20:53:00 -0500] "GET /sipse/faces/javax.faces.resource/primefaces.js?ln=primefaces&v=4.0 HTTP/1.1" 304 -
186.84.90.159 - - [03/Sep/2023:20:53:01 -0500] "GET /sipse/faces/javax.faces.resource/layout/layout.js?ln=primefaces&v=4.0 HTTP/1.1" 304 -
186.84.90.159 - - [03/Sep/2023:20:53:01 -0500] "GET /sipse/css/imagen/contrasena.png HTTP/1.1" 404 383
172.22.2.4 - - [03/Sep/2023:20:51:26 -0500] "HEAD /BLA/boletinlegal/ HTTP/1.1" 200 -
186.84.90.159 - - [03/Sep/2023:20:53:11 -0500] "POST /sipse/faces/presentacion/financiero/solicitudProceso/crearModificarSolicitudProceso.xhtml HTTP/1.1" 200 44663
186.84.90.159 - - [03/Sep/2023:20:53:19 -0500] "GET /sipse/faces/javax.faces.resource/theme.css?ln=primefaces-sipse HTTP/1.1" 304 -
186.84.90.159 - - [03/Sep/2023:20:53:19 -0500] "GET /sipse/faces/javax.faces.resource/primefaces.css?ln=primefaces&v=4.0 HTTP/1.1" 304 -
186.84.90.159 - - [03/Sep/2023:20:53:19 -0500] "GET /sipse/faces/javax.faces.resource/jquery/jquery.js?ln=primefaces&v=4.0 HTTP/1.1" 304 -
186.84.90.159 - - [03/Sep/2023:20:53:19 -0500] "GET /sipse/faces/javax.faces.resource/primefaces.js?ln=primefaces&v=4.0 HTTP/1.1" 304 -
186.84.90.159 - - [03/Sep/2023:20:53:19 -0500] "GET /sipse/faces/javax.faces.resource/jquery/jquery-plugins.js?ln=primefaces&v=4.0 HTTP/1.1" 304 -
186.84.90.159 - - [03/Sep/2023:20:53:19 -0500] "GET /sipse/faces/javax.faces.resource/layout/layout.css?ln=primefaces&v=4.0 HTTP/1.1" 304 -
186.84.90.159 - - [03/Sep/2023:20:53:19 -0500] "GET /sipse/faces/javax.faces.resource/layout/layout.js?ln=primefaces&v=4.0 HTTP/1.1" 304 -
186.84.90.159 - - [03/Sep/2023:20:53:19 -0500] "GET /sipse/css/imagen/contrasena.png HTTP/1.1" 404 383
186.84.90.159 - - [03/Sep/2023:20:53:26 -0500] "POST /sipse/faces/presentacion/financiero/contrato/consultarContratosSolicitudProceso.xhtml HTTP/1.1" 200 74100
186.84.90.159 - - [03/Sep/2023:20:53:31 -0500] "POST /sipse/faces/presentacion/financiero/contrato/consultarContratosSolicitudProceso.xhtml HTTP/1.1" 200 74156
186.84.90.159 - - [03/Sep/2023:20:53:33 -0500] "POST /sipse/faces/presentacion/financiero/contrato/consultarContratosSolicitudProceso.xhtml HTTP/1.1" 200 74140
186.84.90.159 - - [03/Sep/2023:20:53:35 -0500] "POST /sipse/faces/presentacion/financiero/contrato/consultarContratosSolicitudProceso.xhtml HTTP/1.1" 200 74156
186.84.90.159 - - [03/Sep/2023:20:53:37 -0500] "POST /sipse/faces/presentacion/financiero/contrato/consultarContratosSolicitudProceso.xhtml HTTP/1.1" 200 74144
186.84.90.159 - - [03/Sep/2023:20:53:38 -0500] "POST /sipse/faces/presentacion/financiero/contrato/consultarContratosSolicitudProceso.xhtml HTTP/1.1" 200 74156
186.84.90.159 - - [03/Sep/2023:20:53:45 -0500] "POST /sipse/faces/presentacion/financiero/contrato/consultarContratosSolicitudProceso.xhtml HTTP/1.1" 200 74109
186.84.90.159 - - [03/Sep/2023:20:53:47 -0500] "POST /sipse/faces/presentacion/financiero/contrato/consultarContratosSolicitudProceso.xhtml HTTP/1.1" 200 74125
186.84.90.159 - - [03/Sep/2023:20:53:49 -0500] "POST /sipse/faces/presentacion/financiero/contrato/consultarContratosSolicitudProceso.xhtml HTTP/1.1" 200 74082
186.84.90.159 - - [03/Sep/2023:20:53:52 -0500] "POST /sipse/faces/presentacion/financiero/contrato/consultarContratosSolicitudProceso.xhtml HTTP/1.1" 200 72690
186.84.90.159 - - [03/Sep/2023:20:53:54 -0500] "POST /sipse/faces/presentacion/financiero/contrato/consultarContratosSolicitudProceso.xhtml HTTP/1.1" 200 61668
172.22.2.4 - - [03/Sep/2023:20:52:16 -0500] "GET /BLA/boletinlegal/ HTTP/1.1" 200 58187
186.84.90.159 - - [03/Sep/2023:20:54:13 -0500] "POST /sipse/faces/presentacion/financiero/contrato/consultarContratosSolicitudProceso.xhtml HTTP/1.1" 200 59832
186.84.90.159 - - [03/Sep/2023:20:54:13 -0500] "GET /sipse/faces/javax.faces.resource/theme.css?ln=primefaces-sipse HTTP/1.1" 304 -
186.84.90.159 - - [03/Sep/2023:20:54:13 -0500] "GET /sipse/faces/javax.faces.resource/layout/layout.css?ln=primefaces&v=4.0 HTTP/1.1" 304 -
186.84.90.159 - - [03/Sep/2023:20:54:13 -0500] "GET /sipse/faces/javax.faces.resource/primefaces.css?ln=primefaces&v=4.0 HTTP/1.1" 304 -
186.84.90.159 - - [03/Sep/2023:20:54:13 -0500] "GET /sipse/faces/javax.faces.resource/jquery/jquery.js?ln=primefaces&v=4.0 HTTP/1.1" 304 -
186.84.90.159 - - [03/Sep/2023:20:54:13 -0500] "GET /sipse/faces/javax.faces.resource/jquery/jquery-plugins.js?ln=primefaces&v=4.0 HTTP/1.1" 304 -
186.84.90.159 - - [03/Sep/2023:20:54:14 -0500] "GET /sipse/faces/javax.faces.resource/primefaces.js?ln=primefaces&v=4.0 HTTP/1.1" 304 -
186.84.90.159 - - [03/Sep/2023:20:54:14 -0500] "GET /sipse/faces/javax.faces.resource/layout/layout.js?ln=primefaces&v=4.0 HTTP/1.1" 304 -
66.249.66.193 - - [03/Sep/2023:20:54:36 -0500] "GET /secretaria-de-ambiente-suspende-tres-hornos-crematorios-de-bogota-por-contaminacion-del-aire.html HTTP/1.1" 200 927
186.84.90.159 - - [03/Sep/2023:20:54:39 -0500] "POST /sipse/faces/presentacion/financiero/solicitudProceso/crearModificarSolicitudProceso.xhtml HTTP/1.1" 200 21119
186.84.90.159 - - [03/Sep/2023:20:54:39 -0500] "GET /sipse/faces/javax.faces.resource/theme.css?ln=primefaces-sipse HTTP/1.1" 304 -
186.84.90.159 - - [03/Sep/2023:20:54:39 -0500] "GET /sipse/faces/javax.faces.resource/primefaces.css?ln=primefaces&v=4.0 HTTP/1.1" 304 -
186.84.90.159 - - [03/Sep/2023:20:54:39 -0500] "GET /sipse/faces/javax.faces.resource/layout/layout.css?ln=primefaces&v=4.0 HTTP/1.1" 304 -
186.84.90.159 - - [03/Sep/2023:20:54:39 -0500] "GET /sipse/faces/javax.faces.resource/jquery/jquery-plugins.js?ln=primefaces&v=4.0 HTTP/1.1" 304 -
186.84.90.159 - - [03/Sep/2023:20:54:39 -0500] "GET /sipse/faces/javax.faces.resource/fileupload/fileupload.css?ln=primefaces&v=4.0 HTTP/1.1" 304 -
186.84.90.159 - - [03/Sep/2023:20:54:39 -0500] "GET /sipse/faces/javax.faces.resource/primefaces.js?ln=primefaces&v=4.0 HTTP/1.1" 304 -
186.84.90.159 - - [03/Sep/2023:20:54:39 -0500] "GET /sipse/faces/javax.faces.resource/jquery/jquery.js?ln=primefaces&v=4.0 HTTP/1.1" 304 -
186.84.90.159 - - [03/Sep/2023:20:54:39 -0500] "GET /sipse/faces/javax.faces.resource/layout/layout.js?ln=primefaces&v=4.0 HTTP/1.1" 304 -
186.84.90.159 - - [03/Sep/2023:20:54:39 -0500] "GET /sipse/faces/javax.faces.resource/fileupload/fileupload.js?ln=primefaces&v=4.0 HTTP/1.1" 304 -
186.84.90.159 - - [03/Sep/2023:20:54:39 -0500] "GET /sipse/css/imagen/contrasena.png HTTP/1.1" 404 383
216.245.221.92 - - [03/Sep/2023:20:54:44 -0500] "HEAD / HTTP/1.1" 200 -
186.84.90.159 - - [03/Sep/2023:20:55:05 -0500] "GET /sipse/faces/javax.faces.resource/theme.css?ln=primefaces-sipse HTTP/1.1" 304 -
186.84.90.159 - - [03/Sep/2023:20:55:05 -0500] "POST /sipse/faces/presentacion/sistema/anexos/cargarAnexoSolicitudProceso.xhtml HTTP/1.1" 200 65538
186.84.90.159 - - [03/Sep/2023:20:55:05 -0500] "GET /sipse/faces/javax.faces.resource/primefaces.css?ln=primefaces&v=4.0 HTTP/1.1" 304 -
186.84.90.159 - - [03/Sep/2023:20:55:05 -0500] "GET /sipse/faces/javax.faces.resource/layout/layout.css?ln=primefaces&v=4.0 HTTP/1.1" 304 -
186.84.90.159 - - [03/Sep/2023:20:55:05 -0500] "GET /sipse/faces/javax.faces.resource/jquery/jquery.js?ln=primefaces&v=4.0 HTTP/1.1" 304 -
186.84.90.159 - - [03/Sep/2023:20:55:05 -0500] "GET /sipse/faces/javax.faces.resource/jquery/jquery-plugins.js?ln=primefaces&v=4.0 HTTP/1.1" 304 -
186.84.90.159 - - [03/Sep/2023:20:55:05 -0500] "GET /sipse/faces/javax.faces.resource/primefaces.js?ln=primefaces&v=4.0 HTTP/1.1" 304 -
186.84.90.159 - - [03/Sep/2023:20:55:05 -0500] "GET /sipse/faces/javax.faces.resource/layout/layout.js?ln=primefaces&v=4.0 HTTP/1.1" 304 -
186.84.90.159 - - [03/Sep/2023:20:55:05 -0500] "GET /sipse/css/imagen/contrasena.png HTTP/1.1" 404 383
186.84.90.159 - - [03/Sep/2023:20:55:24 -0500] "POST /sipse/faces/presentacion/financiero/solicitudProceso/crearModificarSolicitudProceso.xhtml HTTP/1.1" 200 21119
186.84.90.159 - - [03/Sep/2023:20:55:24 -0500] "GET /sipse/faces/javax.faces.resource/theme.css?ln=primefaces-sipse HTTP/1.1" 304 -
186.84.90.159 - - [03/Sep/2023:20:55:24 -0500] "GET /sipse/faces/javax.faces.resource/primefaces.css?ln=primefaces&v=4.0 HTTP/1.1" 304 -
186.84.90.159 - - [03/Sep/2023:20:55:24 -0500] "GET /sipse/faces/javax.faces.resource/layout/layout.css?ln=primefaces&v=4.0 HTTP/1.1" 304 -
186.84.90.159 - - [03/Sep/2023:20:55:24 -0500] "GET /sipse/faces/javax.faces.resource/primefaces.js?ln=primefaces&v=4.0 HTTP/1.1" 304 -
186.84.90.159 - - [03/Sep/2023:20:55:24 -0500] "GET /sipse/faces/javax.faces.resource/jquery/jquery.js?ln=primefaces&v=4.0 HTTP/1.1" 304 -
186.84.90.159 - - [03/Sep/2023:20:55:24 -0500] "GET /sipse/faces/javax.faces.resource/jquery/jquery-plugins.js?ln=primefaces&v=4.0 HTTP/1.1" 304 -
186.84.90.159 - - [03/Sep/2023:20:55:24 -0500] "GET /sipse/faces/javax.faces.resource/layout/layout.js?ln=primefaces&v=4.0 HTTP/1.1" 304 -
186.84.90.159 - - [03/Sep/2023:20:55:24 -0500] "GET /sipse/faces/javax.faces.resource/fileupload/fileupload.css?ln=primefaces&v=4.0 HTTP/1.1" 304 -
186.84.90.159 - - [03/Sep/2023:20:55:24 -0500] "GET /sipse/faces/javax.faces.resource/fileupload/fileupload.js?ln=primefaces&v=4.0 HTTP/1.1" 304 -
186.84.90.159 - - [03/Sep/2023:20:55:24 -0500] "GET /sipse/css/imagen/contrasena.png HTTP/1.1" 404 383
186.84.90.159 - - [03/Sep/2023:20:55:21 -0500] "POST /sipse/faces/presentacion/financiero/solicitudProceso/crearModificarSolicitudProceso.xhtml HTTP/1.1" 200 21119
186.84.90.159 - - [03/Sep/2023:20:55:30 -0500] "POST /sipse/faces/presentacion/sistema/anexos/cargarAnexoSolicitudProceso.xhtml HTTP/1.1" 200 66165
186.84.90.159 - - [03/Sep/2023:20:55:30 -0500] "GET /sipse/faces/javax.faces.resource/theme.css?ln=primefaces-sipse HTTP/1.1" 304 -
186.84.90.159 - - [03/Sep/2023:20:55:30 -0500] "GET /sipse/faces/javax.faces.resource/primefaces.css?ln=primefaces&v=4.0 HTTP/1.1" 304 -
186.84.90.159 - - [03/Sep/2023:20:55:30 -0500] "GET /sipse/faces/javax.faces.resource/layout/layout.css?ln=primefaces&v=4.0 HTTP/1.1" 304 -
186.84.90.159 - - [03/Sep/2023:20:55:30 -0500] "GET /sipse/faces/javax.faces.resource/jquery/jquery-plugins.js?ln=primefaces&v=4.0 HTTP/1.1" 304 -
186.84.90.159 - - [03/Sep/2023:20:55:30 -0500] "GET /sipse/faces/javax.faces.resource/jquery/jquery.js?ln=primefaces&v=4.0 HTTP/1.1" 304 -
186.84.90.159 - - [03/Sep/2023:20:55:30 -0500] "GET /sipse/faces/javax.faces.resource/primefaces.js?ln=primefaces&v=4.0 HTTP/1.1" 304 -
186.84.90.159 - - [03/Sep/2023:20:55:30 -0500] "GET /sipse/faces/javax.faces.resource/layout/layout.js?ln=primefaces&v=4.0 HTTP/1.1" 304 -
186.84.90.159 - - [03/Sep/2023:20:55:30 -0500] "GET /sipse/css/imagen/contrasena.png HTTP/1.1" 404 383
52.167.144.166 - - [03/Sep/2023:20:55:32 -0500] "GET /images/prueba3.jpeg HTTP/1.1" 200 88955
186.84.90.159 - - [03/Sep/2023:20:55:34 -0500] "POST /sipse/faces/presentacion/financiero/solicitudProceso/crearModificarSolicitudProceso.xhtml HTTP/1.1" 200 21119
186.84.90.159 - - [03/Sep/2023:20:55:34 -0500] "GET /sipse/faces/javax.faces.resource/primefaces.css?ln=primefaces&v=4.0 HTTP/1.1" 304 -
186.84.90.159 - - [03/Sep/2023:20:55:34 -0500] "GET /sipse/faces/javax.faces.resource/jquery/jquery.js?ln=primefaces&v=4.0 HTTP/1.1" 304 -
186.84.90.159 - - [03/Sep/2023:20:55:34 -0500] "GET /sipse/faces/javax.faces.resource/theme.css?ln=primefaces-sipse HTTP/1.1" 304 -
186.84.90.159 - - [03/Sep/2023:20:55:34 -0500] "GET /sipse/faces/javax.faces.resource/jquery/jquery-plugins.js?ln=primefaces&v=4.0 HTTP/1.1" 304 -
186.84.90.159 - - [03/Sep/2023:20:55:34 -0500] "GET /sipse/faces/javax.faces.resource/primefaces.js?ln=primefaces&v=4.0 HTTP/1.1" 304 -
186.84.90.159 - - [03/Sep/2023:20:55:34 -0500] "GET /sipse/faces/javax.faces.resource/layout/layout.css?ln=primefaces&v=4.0 HTTP/1.1" 304 -
186.84.90.159 - - [03/Sep/2023:20:55:34 -0500] "GET /sipse/faces/javax.faces.resource/layout/layout.js?ln=primefaces&v=4.0 HTTP/1.1" 304 -
186.84.90.159 - - [03/Sep/2023:20:55:34 -0500] "GET /sipse/faces/javax.faces.resource/fileupload/fileupload.css?ln=primefaces&v=4.0 HTTP/1.1" 304 -
186.84.90.159 - - [03/Sep/2023:20:55:34 -0500] "GET /sipse/faces/javax.faces.resource/fileupload/fileupload.js?ln=primefaces&v=4.0 HTTP/1.1" 304 -
186.84.90.159 - - [03/Sep/2023:20:55:34 -0500] "GET /sipse/css/imagen/contrasena.png HTTP/1.1" 404 383
186.84.90.159 - - [03/Sep/2023:20:55:41 -0500] "POST /sipse/faces/presentacion/sistema/anexos/cargarAnexoSolicitudProceso.xhtml HTTP/1.1" 200 66793
186.84.90.159 - - [03/Sep/2023:20:55:41 -0500] "GET /sipse/faces/javax.faces.resource/theme.css?ln=primefaces-sipse HTTP/1.1" 304 -
186.84.90.159 - - [03/Sep/2023:20:55:41 -0500] "GET /sipse/faces/javax.faces.resource/primefaces.css?ln=primefaces&v=4.0 HTTP/1.1" 304 -
186.84.90.159 - - [03/Sep/2023:20:55:41 -0500] "GET /sipse/faces/javax.faces.resource/layout/layout.css?ln=primefaces&v=4.0 HTTP/1.1" 304 -
186.84.90.159 - - [03/Sep/2023:20:55:41 -0500] "GET /sipse/faces/javax.faces.resource/jquery/jquery.js?ln=primefaces&v=4.0 HTTP/1.1" 304 -
186.84.90.159 - - [03/Sep/2023:20:55:41 -0500] "GET /sipse/faces/javax.faces.resource/jquery/jquery-plugins.js?ln=primefaces&v=4.0 HTTP/1.1" 304 -
186.84.90.159 - - [03/Sep/2023:20:55:42 -0500] "GET /sipse/faces/javax.faces.resource/primefaces.js?ln=primefaces&v=4.0 HTTP/1.1" 304 -
186.84.90.159 - - [03/Sep/2023:20:55:42 -0500] "GET /sipse/faces/javax.faces.resource/layout/layout.js?ln=primefaces&v=4.0 HTTP/1.1" 304 -
186.84.90.159 - - [03/Sep/2023:20:55:42 -0500] "GET /sipse/css/imagen/contrasena.png HTTP/1.1" 404 383
186.84.90.159 - - [03/Sep/2023:20:55:47 -0500] "POST /sipse/faces/presentacion/financiero/solicitudProceso/crearModificarSolicitudProceso.xhtml HTTP/1.1" 200 21119
186.84.90.159 - - [03/Sep/2023:20:55:47 -0500] "GET /sipse/faces/javax.faces.resource/theme.css?ln=primefaces-sipse HTTP/1.1" 304 -
186.84.90.159 - - [03/Sep/2023:20:55:47 -0500] "GET /sipse/faces/javax.faces.resource/primefaces.css?ln=primefaces&v=4.0 HTTP/1.1" 304 -
186.84.90.159 - - [03/Sep/2023:20:55:47 -0500] "GET /sipse/faces/javax.faces.resource/layout/layout.css?ln=primefaces&v=4.0 HTTP/1.1" 304 -
186.84.90.159 - - [03/Sep/2023:20:55:47 -0500] "GET /sipse/faces/javax.faces.resource/primefaces.js?ln=primefaces&v=4.0 HTTP/1.1" 304 -
186.84.90.159 - - [03/Sep/2023:20:55:47 -0500] "GET /sipse/faces/javax.faces.resource/jquery/jquery-plugins.js?ln=primefaces&v=4.0 HTTP/1.1" 304 -
186.84.90.159 - - [03/Sep/2023:20:55:47 -0500] "GET /sipse/faces/javax.faces.resource/jquery/jquery.js?ln=primefaces&v=4.0 HTTP/1.1" 304 -
