64.124.8.52 - - [03/Sep/2023:14:25:57 -0500] "GET /BLA/boletinlegal/images/pdf.gif HTTP/1.1" 200 567
64.124.8.52 - - [03/Sep/2023:14:25:57 -0500] "GET /galeria/nivo-slider/demo/images/bannerhorarios.jpg HTTP/1.1" 200 50157
64.124.8.52 - - [03/Sep/2023:14:25:57 -0500] "GET /galeria/galeria/fotos/mirador2P.jpg HTTP/1.1" 304 -
64.124.8.52 - - [03/Sep/2023:14:25:57 -0500] "GET /galeria/galeria/fotos/Humedal-Santa-Mar%C3%ADa-del-Lago1G.jpg HTTP/1.1" 304 -
64.124.8.52 - - [03/Sep/2023:14:25:57 -0500] "GET /galeria/nivo-slider/demo/images/bannertortuga_optimized.jpg HTTP/1.1" 304 -
64.124.8.52 - - [03/Sep/2023:14:25:57 -0500] "GET /galeria/galeria/fotos/Huemdal-Cordoba2G.jpg HTTP/1.1" 304 -
64.124.8.52 - - [03/Sep/2023:14:25:57 -0500] "GET /galeria/galeria/fotos/Humedal-Tibanica3G.jpg HTTP/1.1" 304 -
64.124.8.52 - - [03/Sep/2023:14:25:57 -0500] "GET /galeria/galeria/fotos/Humedal-Vaca3P.jpg HTTP/1.1" 200 38460
64.124.8.52 - - [03/Sep/2023:14:25:57 -0500] "GET /galeria/galeria/fotos/Capellania4P.jpg HTTP/1.1" 304 -
64.124.8.52 - - [03/Sep/2023:14:25:57 -0500] "GET /BLA/boletinlegal/images/registro-usuarios.png HTTP/1.1" 304 -
64.124.8.52 - - [03/Sep/2023:14:25:57 -0500] "GET /galeria/galeria/fotos/Humedal-vaca6P.jpg HTTP/1.1" 304 -
64.124.8.52 - - [03/Sep/2023:14:25:57 -0500] "GET /galeria/galeria/fotos/Soratama1G.jpg HTTP/1.1" 200 127762
64.124.8.52 - - [03/Sep/2023:14:25:58 -0500] "GET /galeria/galeria/fotos/Huemdal-el-Tunjo3G.jpg HTTP/1.1" 200 320385
64.124.8.52 - - [03/Sep/2023:14:26:06 -0500] "GET /galeria/galeria/fotos/Huemdal-%0A%0ACordoba2P.jpg HTTP/1.1" 403 1006
201.245.192.253 - - [03/Sep/2023:14:27:09 -0500] "POST /kwsrmcab/Wsrmcab  HTTP/1.1" 200 43358
172.22.2.4 - - [03/Sep/2023:14:26:26 -0500] "HEAD /BLA/boletinlegal/ HTTP/1.1" 200 -
201.245.192.253 - - [03/Sep/2023:14:28:13 -0500] "POST /kwsrmcab/Wsrmcab HTTP/1.1" 200 42316
201.245.192.253 - - [03/Sep/2023:14:28:16 -0500] "POST /kwsrmcab/Wsrmcab HTTP/1.1" 200 42536
52.149.22.88 - - [03/Sep/2023:14:28:54 -0500] "GET /Publicaciones/2023EE137430.pdf HTTP/1.1" 404 228
172.22.2.4 - - [03/Sep/2023:14:27:16 -0500] "GET /BLA/boletinlegal/ HTTP/1.1" 200 61130
216.245.221.92 - - [03/Sep/2023:14:29:45 -0500] "HEAD / HTTP/1.1" 200 -
52.167.144.181 - - [03/Sep/2023:14:32:10 -0500] "GET /galeria/galeria/fotos/Huemdal-el-Tunjo3G.jpg HTTP/1.1" 200 320385
201.245.192.253 - - [03/Sep/2023:14:32:08 -0500] "POST /kwsrmcab/Wsrmcab  HTTP/1.1" 200 43358
118.179.59.1 - - [03/Sep/2023:14:33:10 -0500] "GET / HTTP/1.1" 200 319
172.22.2.4 - - [03/Sep/2023:14:32:16 -0500] "HEAD /BLA/boletinlegal/ HTTP/1.1" 200 -
216.245.221.92 - - [03/Sep/2023:14:34:45 -0500] "HEAD / HTTP/1.1" 200 -
172.22.2.4 - - [03/Sep/2023:14:33:06 -0500] "GET /BLA/boletinlegal/ HTTP/1.1" 200 61130
52.167.144.181 - - [03/Sep/2023:14:36:29 -0500] "GET /BLA/resoluciones/index.php?dir=RESOLUCIONES+2005%2F HTTP/1.1" 200 49518
201.245.192.253 - - [03/Sep/2023:14:37:07 -0500] "POST /kwsrmcab/Wsrmcab  HTTP/1.1" 200 43358
201.245.192.253 - - [03/Sep/2023:14:38:13 -0500] "POST /kwsrmcab/Wsrmcab HTTP/1.1" 200 42316
201.245.192.253 - - [03/Sep/2023:14:38:17 -0500] "POST /kwsrmcab/Wsrmcab HTTP/1.1" 200 42536
52.167.144.53 - - [03/Sep/2023:14:39:05 -0500] "GET /BLA/resoluciones/RESOLUCIONES%202005/0995.tif HTTP/1.1" 200 194202
52.167.144.128 - - [03/Sep/2023:14:39:10 -0500] "GET /BLA/resoluciones/RESOLUCIONES%202005/0986.tif HTTP/1.1" 200 152990
52.167.144.128 - - [03/Sep/2023:14:39:10 -0500] "GET /BLA/resoluciones/RESOLUCIONES%202005/1195.tif HTTP/1.1" 200 223684
52.167.144.128 - - [03/Sep/2023:14:39:10 -0500] "GET /BLA/resoluciones/RESOLUCIONES%202005/1009.tif HTTP/1.1" 200 129232
52.167.144.50 - - [03/Sep/2023:14:39:15 -0500] "GET /BLA/resoluciones/RESOLUCIONES%202005/0993.tif HTTP/1.1" 200 333610
216.245.221.92 - - [03/Sep/2023:14:39:45 -0500] "HEAD / HTTP/1.1" 200 -
172.22.2.4 - - [03/Sep/2023:14:38:06 -0500] "HEAD /BLA/boletinlegal/ HTTP/1.1" 200 -
172.22.2.4 - - [03/Sep/2023:14:38:56 -0500] "GET /BLA/boletinlegal/ HTTP/1.1" 200 53013
201.245.192.253 - - [03/Sep/2023:14:42:06 -0500] "POST /kwsrmcab/Wsrmcab  HTTP/1.1" 200 43358
52.167.144.182 - - [03/Sep/2023:14:42:53 -0500] "GET /BLA/resoluciones/AUTOS%202023/3468.pdf HTTP/1.1" 200 915822
216.245.221.92 - - [03/Sep/2023:14:44:45 -0500] "HEAD / HTTP/1.1" 200 -
211.130.63.227 - - [03/Sep/2023:14:44:32 -0500] "GET /portaldeninos/wp-content/uploads/2020/01/Tierra-escenario.jpg HTTP/1.1" 200 181491
172.22.2.4 - - [03/Sep/2023:14:43:56 -0500] "HEAD /BLA/boletinlegal/ HTTP/1.1" 200 -
172.22.2.4 - - [03/Sep/2023:14:45:38 -0500] "GET /BLA/boletinlegal/owa/auth/logon.aspx HTTP/1.1" 404 1018
156.146.36.205 - - [03/Sep/2023:14:45:43 -0500] "GET / HTTP/1.1" 200 319
172.22.2.4 - - [03/Sep/2023:14:44:46 -0500] "GET /BLA/boletinlegal/ HTTP/1.1" 200 58187
201.245.192.253 - - [03/Sep/2023:14:47:05 -0500] "POST /kwsrmcab/Wsrmcab  HTTP/1.1" 200 43358
47.88.6.178 - - [03/Sep/2023:14:49:22 -0500] "GET /portaldeninos/ HTTP/1.1" 200 110175
216.245.221.92 - - [03/Sep/2023:14:49:45 -0500] "HEAD / HTTP/1.1" 200 -
172.22.2.4 - - [03/Sep/2023:14:49:46 -0500] "HEAD /BLA/boletinlegal/ HTTP/1.1" 200 -
66.249.66.193 - - [03/Sep/2023:14:51:36 -0500] "GET /con-actividades-de-educacion-ambiental-cuidado-y-embellecimiento-bogota-celebro-el-dia-mundial-de-la-tierra.html HTTP/1.1" 304 -
201.245.192.253 - - [03/Sep/2023:14:52:04 -0500] "POST /kwsrmcab/Wsrmcab  HTTP/1.1" 200 43358
172.22.2.4 - - [03/Sep/2023:14:50:36 -0500] "GET /BLA/boletinlegal/ HTTP/1.1" 200 60692
157.55.39.212 - - [03/Sep/2023:14:52:29 -0500] "GET /BLA/resoluciones/AUTOS%202022/7279.pdf HTTP/1.1" 200 432316
52.167.144.225 - - [03/Sep/2023:14:52:33 -0500] "GET /galeria/galeria/fotos/2GuaymaralTorcaG2.jpg HTTP/1.1" 200 28916
191.156.148.152 - - [03/Sep/2023:14:53:32 -0500] "GET /css/textos.css HTTP/1.1" 404 1254
191.156.148.190 - - [03/Sep/2023:14:53:32 -0500] "GET /css/date_blue.css HTTP/1.1" 404 1254
191.156.153.187 - - [03/Sep/2023:14:53:32 -0500] "GET /css/fondos.css HTTP/1.1" 404 1254
191.156.148.190 - - [03/Sep/2023:14:53:33 -0500] "GET /css/bordes.css HTTP/1.1" 404 1254
216.245.221.92 - - [03/Sep/2023:14:54:45 -0500] "HEAD / HTTP/1.1" 200 -
66.249.70.6 - - [03/Sep/2023:14:55:49 -0500] "GET /Residuos/impresion/files/guia_impresionlit.pdf HTTP/1.1" 404 1018
52.167.144.225 - - [03/Sep/2023:14:56:13 -0500] "GET /BLA/resoluciones/RESOLUCIONES%202023/0855.pdf HTTP/1.1" 200 640828
201.245.192.253 - - [03/Sep/2023:14:57:03 -0500] "POST /kwsrmcab/Wsrmcab  HTTP/1.1" 200 43358
172.22.2.4 - - [03/Sep/2023:14:55:36 -0500] "HEAD /BLA/boletinlegal/ HTTP/1.1" 200 -
172.22.2.4 - - [03/Sep/2023:14:56:26 -0500] "GET /BLA/boletinlegal/ HTTP/1.1" 200 56257
52.167.144.108 - - [03/Sep/2023:14:58:10 -0500] "GET /BLA/resoluciones/AUTOS%202023/3453.pdf HTTP/1.1" 200 414625
216.245.221.92 - - [03/Sep/2023:14:59:45 -0500] "HEAD / HTTP/1.1" 200 -
40.77.167.49 - - [03/Sep/2023:15:01:04 -0500] "GET /BLA/resoluciones/AUTOS%202023/2827.pdf HTTP/1.1" 200 410835
201.245.192.253 - - [03/Sep/2023:15:02:02 -0500] "POST /kwsrmcab/Wsrmcab  HTTP/1.1" 200 43358
172.22.2.4 - - [03/Sep/2023:15:01:26 -0500] "HEAD /BLA/boletinlegal/ HTTP/1.1" 200 -
172.22.2.4 - - [03/Sep/2023:15:02:16 -0500] "GET /BLA/boletinlegal/ HTTP/1.1" 200 58187
64.227.137.232 - - [03/Sep/2023:15:03:57 -0500] "GET / HTTP/1.1" 200 319
40.77.167.49 - - [03/Sep/2023:15:04:18 -0500] "GET /sipse/faces/autenticacion.xhtml HTTP/1.1" 200 12497
216.245.221.92 - - [03/Sep/2023:15:04:45 -0500] "HEAD / HTTP/1.1" 200 -
66.249.66.194 - - [03/Sep/2023:15:05:37 -0500] "GET /el-plan-de-accion-climatica-de-bogota-inspirador-para-otras-ciudades-del-mundo.html HTTP/1.1" 200 876
168.119.252.253 - - [03/Sep/2023:15:06:02 -0500] "GET / HTTP/1.1" 200 319
168.119.252.253 - - [03/Sep/2023:15:06:04 -0500] "GET / HTTP/1.1" 200 4720
172.22.2.4 - - [03/Sep/2023:15:06:30 -0500] "GET /BLA/boletinlegal/actos.php HTTP/1.1" 200 9682
201.245.192.253 - - [03/Sep/2023:15:07:00 -0500] "POST /kwsrmcab/Wsrmcab  HTTP/1.1" 200 43358
40.77.167.49 - - [03/Sep/2023:15:08:36 -0500] "GET /BLA/resoluciones/AUTOS%202023/3704.pdf HTTP/1.1" 200 321959
172.22.2.4 - - [03/Sep/2023:15:07:16 -0500] "HEAD /BLA/boletinlegal/ HTTP/1.1" 200 -
216.245.221.92 - - [03/Sep/2023:15:09:45 -0500] "HEAD / HTTP/1.1" 200 -
172.22.2.4 - - [03/Sep/2023:15:08:06 -0500] "GET /BLA/boletinlegal/ HTTP/1.1" 200 58981
201.245.192.253 - - [03/Sep/2023:15:12:00 -0500] "POST /kwsrmcab/Wsrmcab  HTTP/1.1" 200 43358
52.167.144.206 - - [03/Sep/2023:15:13:27 -0500] "GET /portaldeninos/wp-content/uploads/2022/08/Infograf%C3%ADa-humedales-actualizada.png HTTP/1.1" 200 588022
216.245.221.92 - - [03/Sep/2023:15:14:45 -0500] "HEAD / HTTP/1.1" 200 -
172.22.2.4 - - [03/Sep/2023:15:13:06 -0500] "HEAD /BLA/boletinlegal/ HTTP/1.1" 200 -
172.22.2.4 - - [03/Sep/2023:15:13:56 -0500] "GET /BLA/boletinlegal/ HTTP/1.1" 200 58597
201.245.192.253 - - [03/Sep/2023:15:16:59 -0500] "POST /kwsrmcab/Wsrmcab  HTTP/1.1" 200 43358
201.245.192.253 - - [03/Sep/2023:15:18:13 -0500] "POST /kwsrmcab/Wsrmcab HTTP/1.1" 200 43494
201.245.192.253 - - [03/Sep/2023:15:18:16 -0500] "POST /kwsrmcab/Wsrmcab HTTP/1.1" 200 42529
168.119.253.61 - - [03/Sep/2023:15:18:26 -0500] "GET / HTTP/1.1" 200 319
168.119.253.61 - - [03/Sep/2023:15:18:29 -0500] "GET / HTTP/1.1" 200 4720
172.22.2.4 - - [03/Sep/2023:15:17:02 -0500] "GET /BLA/boletinlegal/ HTTP/1.1" 200 62795
186.155.14.87 - - [03/Sep/2023:15:18:46 -0500] "GET /BLA/resoluciones/ HTTP/1.1" 200 13502
186.155.14.87 - - [03/Sep/2023:15:18:50 -0500] "GET /BLA/resoluciones/index.php?dir=RESOLUCIONES+2009%2F HTTP/1.1" 200 1694101
186.155.14.87 - - [03/Sep/2023:15:18:53 -0500] "GET /BLA/resoluciones/RESOLUCIONES%202009/0011.pdf HTTP/1.1" 200 277090
216.245.221.92 - - [03/Sep/2023:15:19:45 -0500] "HEAD / HTTP/1.1" 200 -
172.22.2.4 - - [03/Sep/2023:15:18:56 -0500] "HEAD /BLA/boletinlegal/ HTTP/1.1" 200 -
40.77.167.30 - - [03/Sep/2023:15:20:59 -0500] "GET /BLA/resoluciones/AUTOS%202023/2943.pdf HTTP/1.1" 200 424710
172.22.2.4 - - [03/Sep/2023:15:19:47 -0500] "GET /BLA/boletinlegal/ HTTP/1.1" 200 61130
172.22.2.4 - - [03/Sep/2023:15:21:40 -0500] "GET /BLA/boletinlegal/robots.txt HTTP/1.1" 404 1038
201.245.192.253 - - [03/Sep/2023:15:21:58 -0500] "POST /kwsrmcab/Wsrmcab  HTTP/1.1" 200 43358
172.22.2.4 - - [03/Sep/2023:15:21:42 -0500] "GET /BLA/boletinlegal/index.php HTTP/1.1" 200 62795
216.245.221.92 - - [03/Sep/2023:15:24:45 -0500] "HEAD / HTTP/1.1" 200 -
66.249.70.6 - - [03/Sep/2023:15:25:48 -0500] "GET /BLA/resoluciones/AUTOS%202015/7257.pdf HTTP/1.1" 200 437418
66.249.70.6 - - [03/Sep/2023:15:25:49 -0500] "GET /Residuos/impresion/files/guia_impresionlit.pdf HTTP/1.1" 404 1018
66.249.70.5 - - [03/Sep/2023:15:25:49 -0500] "GET /BLA/resoluciones/AUTOS%202012/1806.pdf HTTP/1.1" 200 273852
66.249.70.7 - - [03/Sep/2023:15:25:50 -0500] "GET /Publicaciones/2020EE163518.pdf HTTP/1.1" 404 228
66.249.70.5 - - [03/Sep/2023:15:25:50 -0500] "GET /BLA/resoluciones/AUTOS%202008/0738.pdf HTTP/1.1" 200 78576
172.22.2.4 - - [03/Sep/2023:15:24:46 -0500] "HEAD /BLA/boletinlegal/ HTTP/1.1" 200 -
52.167.144.215 - - [03/Sep/2023:15:26:46 -0500] "GET /BLA/resoluciones/RESOLUCIONES%202019/1513.pdf HTTP/1.1" 200 378162
201.245.192.253 - - [03/Sep/2023:15:26:57 -0500] "POST /kwsrmcab/Wsrmcab  HTTP/1.1" 200 43358
172.22.2.4 - - [03/Sep/2023:15:25:36 -0500] "GET /BLA/boletinlegal/ HTTP/1.1" 200 58187
66.249.66.85 - - [03/Sep/2023:15:27:36 -0500] "GET /robots.txt HTTP/1.1" 404 1035
66.249.66.86 - - [03/Sep/2023:15:27:36 -0500] "GET /portaldeninos/gestion-del-riesgo-incendios-forestales/ HTTP/1.1" 200 86825
201.245.192.253 - - [03/Sep/2023:15:28:13 -0500] "POST /kwsrmcab/Wsrmcab HTTP/1.1" 200 43494
201.245.192.253 - - [03/Sep/2023:15:28:16 -0500] "POST /kwsrmcab/Wsrmcab HTTP/1.1" 200 42529
216.245.221.92 - - [03/Sep/2023:15:29:45 -0500] "HEAD / HTTP/1.1" 200 -
198.199.118.114 - - [03/Sep/2023:15:30:18 -0500] "GET / HTTP/1.1" 200 319
66.249.66.193 - - [03/Sep/2023:15:31:39 -0500] "GET /un-arbol-por-cada-ano-de-bogota-asi-se-siguen-celebrando-los-485-anos-de-la-ciudad.html HTTP/1.1" 200 892
85.208.96.196 - - [03/Sep/2023:15:31:48 -0500] "GET /robots.txt HTTP/1.1" 404 1035
85.208.96.202 - - [03/Sep/2023:15:31:49 -0500] "GET /portaldeninos/humedal-cordoba-2/ HTTP/1.1" 200 88041
201.245.192.253 - - [03/Sep/2023:15:31:55 -0500] "POST /kwsrmcab/Wsrmcab  HTTP/1.1" 200 43358
172.22.2.4 - - [03/Sep/2023:15:30:36 -0500] "HEAD /BLA/boletinlegal/ HTTP/1.1" 200 -
149.102.247.249 - - [03/Sep/2023:15:32:45 -0500] "GET /.env HTTP/1.1" 404 1018
172.22.2.4 - - [03/Sep/2023:15:31:26 -0500] "GET /BLA/boletinlegal/ HTTP/1.1" 200 57790
172.22.2.4 - - [03/Sep/2023:15:32:52 -0500] "GET /BLA/boletinlegal/ HTTP/1.1" 200 62286
66.249.66.193 - - [03/Sep/2023:15:34:36 -0500] "GET /compania-nacional-de-chocolates-cerescos-y-cablemovil-entre-las-empresas-que-han-implementado-proyectos-ambientales-exitosos.html HTTP/1.1" 304 -
216.245.221.92 - - [03/Sep/2023:15:34:45 -0500] "HEAD / HTTP/1.1" 200 -
66.249.66.193 - - [03/Sep/2023:15:35:36 -0500] "GET /por-un-corazon-mas-verde-del-1-al-9-de-junio-se-celebrara-la-semana-ambiental-2023-en-bogota.html HTTP/1.1" 200 819
172.22.2.4 - - [03/Sep/2023:15:36:47 -0500] "GET /BLA/boletinlegal/Circulares/2019/.pdf HTTP/1.1" 404 1218
172.22.2.4 - - [03/Sep/2023:15:36:56 -0500] "GET /BLA/boletinlegal/Circulares/2012/Circular%20No.%2010%20del%2026%20de%20Enero%20de%202012.pdf HTTP/1.1" 404 1218
52.167.144.180 - - [03/Sep/2023:15:36:56 -0500] "GET /BLA/resoluciones/AUTOS%202023/2881.pdf HTTP/1.1" 200 1362582
201.245.192.253 - - [03/Sep/2023:15:36:54 -0500] "POST /kwsrmcab/Wsrmcab  HTTP/1.1" 200 43358
172.22.2.4 - - [03/Sep/2023:15:36:26 -0500] "HEAD /BLA/boletinlegal/ HTTP/1.1" 200 -
201.245.192.253 - - [03/Sep/2023:15:38:12 -0500] "POST /kwsrmcab/Wsrmcab HTTP/1.1" 200 43494
201.245.192.253 - - [03/Sep/2023:15:38:16 -0500] "POST /kwsrmcab/Wsrmcab HTTP/1.1" 200 42529
172.22.2.4 - - [03/Sep/2023:15:38:47 -0500] "GET /BLA/boletinlegal/ews/exchange/ HTTP/1.1" 404 1018
172.22.2.4 - - [03/Sep/2023:15:37:16 -0500] "GET /BLA/boletinlegal/ HTTP/1.1" 200 53013
85.208.96.194 - - [03/Sep/2023:15:39:08 -0500] "GET /portaldeninos/los-arboles/ HTTP/1.1" 200 87546
216.245.221.92 - - [03/Sep/2023:15:39:45 -0500] "HEAD / HTTP/1.1" 200 -
179.19.74.142 - - [03/Sep/2023:15:41:04 -0500] "GET /secretaria-de-ambiente-reconoce-82-empresas-que-dejaron-de-emitir-17-7-toneladas-de-material-particulado-en-los-ultimos-tres-anos.html?fbclid=IwAR1wwMokwka79Ta6PbqyoOwTdJHddCaXxH5gPEGFLM3Mn-5K_xwtC0oppAA HTTP/1.1" 200 900
201.245.192.253 - - [03/Sep/2023:15:41:53 -0500] "POST /kwsrmcab/Wsrmcab  HTTP/1.1" 200 43358
201.245.192.253 - - [03/Sep/2023:15:43:07 -0500] "GET /sipse/faces/faces/faces/index.xhtml HTTP/1.1" 200 677
201.245.192.253 - - [03/Sep/2023:15:43:07 -0500] "GET /sipse/faces/javax.faces.resource/theme.css?ln=primefaces-sipse HTTP/1.1" 304 -
201.245.192.253 - - [03/Sep/2023:15:43:07 -0500] "GET /sipse/faces/faces/faces/faces/autenticacion.xhtml HTTP/1.1" 200 12175
201.245.192.253 - - [03/Sep/2023:15:43:07 -0500] "GET /sipse/js/disable_browser_buttons.js HTTP/1.1" 304 -
201.245.192.253 - - [03/Sep/2023:15:43:07 -0500] "GET /sipse/js/funciones.js HTTP/1.1" 304 -
201.245.192.253 - - [03/Sep/2023:15:43:07 -0500] "GET /sipse/css/custom_css_sg.css HTTP/1.1" 304 -
201.245.192.253 - - [03/Sep/2023:15:43:07 -0500] "GET /sipse/css/custom_css_sg_prime_login.css HTTP/1.1" 200 443
201.245.192.253 - - [03/Sep/2023:15:43:07 -0500] "GET /sipse/faces/javax.faces.resource/primefaces.css?ln=primefaces&v=4.0 HTTP/1.1" 304 -
201.245.192.253 - - [03/Sep/2023:15:43:07 -0500] "GET /sipse/faces/javax.faces.resource/jquery/jquery-plugins.js?ln=primefaces&v=4.0 HTTP/1.1" 304 -
201.245.192.253 - - [03/Sep/2023:15:43:07 -0500] "GET /sipse/faces/javax.faces.resource/jquery/jquery.js?ln=primefaces&v=4.0 HTTP/1.1" 304 -
201.245.192.253 - - [03/Sep/2023:15:43:07 -0500] "GET /sipse/faces/javax.faces.resource/theme.css?ln=primefaces-sipse HTTP/1.1" 304 -
201.245.192.253 - - [03/Sep/2023:15:43:07 -0500] "GET /sipse/faces/javax.faces.resource/layout/layout.css?ln=primefaces&v=4.0 HTTP/1.1" 304 -
201.245.192.253 - - [03/Sep/2023:15:43:07 -0500] "GET /sipse/faces/javax.faces.resource/primefaces.js?ln=primefaces&v=4.0 HTTP/1.1" 304 -
201.245.192.253 - - [03/Sep/2023:15:43:07 -0500] "GET /sipse/faces/javax.faces.resource/layout/layout.js?ln=primefaces&v=4.0 HTTP/1.1" 304 -
201.245.192.253 - - [03/Sep/2023:15:43:07 -0500] "GET /sipse/faces/javax.faces.resource/images/ui-icons_898989_256x240.png?ln=primefaces-aristo HTTP/1.1" 304 -
201.245.192.253 - - [03/Sep/2023:15:43:07 -0500] "GET /sipse/css/imagen/loginimg.png HTTP/1.1" 200 71635
201.245.192.253 - - [03/Sep/2023:15:43:07 -0500] "GET /sipse/css/imagen/logoSDG.png HTTP/1.1" 200 53064
201.245.192.253 - - [03/Sep/2023:15:43:10 -0500] "POST /sipse/faces/autenticacion.xhtml HTTP/1.1" 200 11169
201.245.192.253 - - [03/Sep/2023:15:43:10 -0500] "GET /sipse/css/custom_css_sg_prime.css HTTP/1.1" 200 5201
201.245.192.253 - - [03/Sep/2023:15:43:10 -0500] "GET /sipse/faces/javax.faces.resource/jquery/jquery.js?ln=primefaces&v=4.0 HTTP/1.1" 304 -
201.245.192.253 - - [03/Sep/2023:15:43:10 -0500] "GET /sipse/faces/javax.faces.resource/jquery/jquery-plugins.js?ln=primefaces&v=4.0 HTTP/1.1" 304 -
201.245.192.253 - - [03/Sep/2023:15:43:10 -0500] "GET /sipse/faces/javax.faces.resource/primefaces.js?ln=primefaces&v=4.0 HTTP/1.1" 304 -
201.245.192.253 - - [03/Sep/2023:15:43:10 -0500] "GET /sipse/faces/javax.faces.resource/layout/layout.js?ln=primefaces&v=4.0 HTTP/1.1" 304 -
201.245.192.253 - - [03/Sep/2023:15:43:11 -0500] "GET /sipse/faces/javax.faces.resource/messages/messages.png?ln=primefaces&v=4.0 HTTP/1.1" 304 -
201.245.192.253 - - [03/Sep/2023:15:43:14 -0500] "POST /sipse/faces/presentacion/sistema/seguridad/seleccionRol.xhtml HTTP/1.1" 200 5600
201.245.192.253 - - [03/Sep/2023:15:43:15 -0500] "POST /sipse/faces/presentacion/sistema/seguridad/seleccionRol.xhtml HTTP/1.1" 200 17561
201.245.192.253 - - [03/Sep/2023:15:43:15 -0500] "GET /sipse/js/jquery.min.js HTTP/1.1" 304 -
201.245.192.253 - - [03/Sep/2023:15:43:15 -0500] "GET /sipse/faces/javax.faces.resource/jquery/jquery.js?ln=primefaces&v=4.0 HTTP/1.1" 304 -
201.245.192.253 - - [03/Sep/2023:15:43:15 -0500] "GET /sipse/faces/javax.faces.resource/jquery/jquery-plugins.js?ln=primefaces&v=4.0 HTTP/1.1" 304 -
201.245.192.253 - - [03/Sep/2023:15:43:15 -0500] "GET /sipse/faces/javax.faces.resource/primefaces.js?ln=primefaces&v=4.0 HTTP/1.1" 304 -
201.245.192.253 - - [03/Sep/2023:15:43:15 -0500] "GET /sipse/faces/javax.faces.resource/layout/layout.js?ln=primefaces&v=4.0 HTTP/1.1" 304 -
201.245.192.253 - - [03/Sep/2023:15:43:15 -0500] "GET /sipse/imagenes/cargando.gif HTTP/1.1" 200 36959
201.245.192.253 - - [03/Sep/2023:15:43:15 -0500] "GET /sipse/css/v_mergente.css HTTP/1.1" 200 1505
201.245.192.253 - - [03/Sep/2023:15:43:15 -0500] "GET /sipse/css/imagen/contrasena.png HTTP/1.1" 404 383
201.245.192.253 - - [03/Sep/2023:15:43:15 -0500] "GET /sipse/imagenes/logoAplicacion.jpg HTTP/1.1" 200 155084
201.245.192.253 - - [03/Sep/2023:15:43:19 -0500] "GET /sipse/faces/javax.faces.resource/images/ui-bg_flat_0_2d5972_40x100.png?ln=primefaces-aristo HTTP/1.1" 304 -
201.245.192.253 - - [03/Sep/2023:15:43:19 -0500] "POST /sipse/faces/bienvenido.xhtml HTTP/1.1" 200 3246
201.245.192.253 - - [03/Sep/2023:15:43:21 -0500] "POST /sipse/faces/bienvenido.xhtml HTTP/1.1" 200 29643
201.245.192.253 - - [03/Sep/2023:15:43:21 -0500] "GET /sipse/faces/javax.faces.resource/jquery/jquery.js?ln=primefaces&v=4.0 HTTP/1.1" 304 -
201.245.192.253 - - [03/Sep/2023:15:43:21 -0500] "GET /sipse/faces/javax.faces.resource/jquery/jquery-plugins.js?ln=primefaces&v=4.0 HTTP/1.1" 304 -
201.245.192.253 - - [03/Sep/2023:15:43:21 -0500] "GET /sipse/faces/javax.faces.resource/primefaces.js?ln=primefaces&v=4.0 HTTP/1.1" 304 -
201.245.192.253 - - [03/Sep/2023:15:43:21 -0500] "GET /sipse/faces/javax.faces.resource/layout/layout.js?ln=primefaces&v=4.0 HTTP/1.1" 304 -
201.245.192.253 - - [03/Sep/2023:15:43:23 -0500] "POST /sipse/faces/presentacion/financiero/solicitudProceso/solicitudProcesoOtrosPagos.xhtml HTTP/1.1" 200 184
201.245.192.253 - - [03/Sep/2023:15:43:23 -0500] "POST /sipse/faces/presentacion/financiero/solicitudProceso/solicitudProcesoOtrosPagos.xhtml HTTP/1.1" 200 184
201.245.192.253 - - [03/Sep/2023:15:43:23 -0500] "GET /sipse/faces/presentacion/financiero/solicitudAnulacion/solicitudAnulacion.xhtml HTTP/1.1" 200 15776
201.245.192.253 - - [03/Sep/2023:15:43:23 -0500] "GET /sipse/faces/presentacion/financiero/solicitudAnulacion/solicitudAnulacion.xhtml HTTP/1.1" 200 33458
201.245.192.253 - - [03/Sep/2023:15:43:23 -0500] "GET /sipse/faces/javax.faces.resource/primefaces.css?ln=primefaces&v=4.0 HTTP/1.1" 304 -
201.245.192.253 - - [03/Sep/2023:15:43:23 -0500] "GET /sipse/faces/javax.faces.resource/layout/layout.css?ln=primefaces&v=4.0 HTTP/1.1" 304 -
201.245.192.253 - - [03/Sep/2023:15:43:23 -0500] "GET /sipse/faces/javax.faces.resource/jquery/jquery-plugins.js?ln=primefaces&v=4.0 HTTP/1.1" 304 -
201.245.192.253 - - [03/Sep/2023:15:43:23 -0500] "GET /sipse/faces/javax.faces.resource/primefaces.js?ln=primefaces&v=4.0 HTTP/1.1" 304 -
201.245.192.253 - - [03/Sep/2023:15:43:23 -0500] "GET /sipse/faces/javax.faces.resource/theme.css?ln=primefaces-sipse HTTP/1.1" 304 -
201.245.192.253 - - [03/Sep/2023:15:43:23 -0500] "GET /sipse/faces/javax.faces.resource/jquery/jquery.js?ln=primefaces&v=4.0 HTTP/1.1" 304 -
201.245.192.253 - - [03/Sep/2023:15:43:23 -0500] "GET /sipse/faces/javax.faces.resource/layout/layout.js?ln=primefaces&v=4.0 HTTP/1.1" 304 -
201.245.192.253 - - [03/Sep/2023:15:43:24 -0500] "GET /sipse/faces/javax.faces.resource/images/ui-icons_898989_256x240.png?ln=primefaces-aristo HTTP/1.1" 304 -
201.245.192.253 - - [03/Sep/2023:15:43:24 -0500] "GET /sipse/faces/javax.faces.resource/images/ui-bg_flat_0_2d5972_40x100.png?ln=primefaces-aristo HTTP/1.1" 304 -
201.245.192.253 - - [03/Sep/2023:15:43:24 -0500] "POST /sipse/faces/presentacion/financiero/solicitudAnulacion/solicitudAnulacion.xhtml HTTP/1.1" 200 10464
201.245.192.253 - - [03/Sep/2023:15:43:24 -0500] "GET /sipse/faces/javax.faces.resource/messages/messages.png?ln=primefaces&v=4.0 HTTP/1.1" 304 -
201.245.192.253 - - [03/Sep/2023:15:43:25 -0500] "POST /sipse/faces/presentacion/financiero/solicitudAnulacion/solicitudAnulacion.xhtml HTTP/1.1" 200 34840
201.245.192.253 - - [03/Sep/2023:15:43:25 -0500] "GET /sipse/faces/javax.faces.resource/jquery/jquery.js?ln=primefaces&v=4.0 HTTP/1.1" 304 -
201.245.192.253 - - [03/Sep/2023:15:43:25 -0500] "GET /sipse/faces/javax.faces.resource/jquery/jquery-plugins.js?ln=primefaces&v=4.0 HTTP/1.1" 304 -
201.245.192.253 - - [03/Sep/2023:15:43:25 -0500] "GET /sipse/faces/javax.faces.resource/primefaces.js?ln=primefaces&v=4.0 HTTP/1.1" 304 -
201.245.192.253 - - [03/Sep/2023:15:43:26 -0500] "GET /sipse/faces/javax.faces.resource/layout/layout.js?ln=primefaces&v=4.0 HTTP/1.1" 304 -
201.245.192.253 - - [03/Sep/2023:15:43:26 -0500] "POST /sipse/faces/presentacion/financiero/solicitudProceso/listarSolicitudProceso.xhtml HTTP/1.1" 200 1376
201.245.192.253 - - [03/Sep/2023:15:43:28 -0500] "POST /sipse/faces/presentacion/financiero/solicitudProceso/listarSolicitudProceso.xhtml HTTP/1.1" 200 2655
172.22.2.4 - - [03/Sep/2023:15:42:16 -0500] "HEAD /BLA/boletinlegal/ HTTP/1.1" 200 -
201.245.192.253 - - [03/Sep/2023:15:43:29 -0500] "POST /sipse/faces/presentacion/financiero/solicitudProceso/listarSolicitudProceso.xhtml HTTP/1.1" 200 83930
201.245.192.253 - - [03/Sep/2023:15:44:08 -0500] "GET /sipse/faces/javax.faces.resource/jquery/jquery.js?ln=primefaces&v=4.0 HTTP/1.1" 304 -
201.245.192.253 - - [03/Sep/2023:15:44:08 -0500] "GET /sipse/faces/javax.faces.resource/jquery/jquery-plugins.js?ln=primefaces&v=4.0 HTTP/1.1" 304 -
201.245.192.253 - - [03/Sep/2023:15:44:09 -0500] "GET /sipse/faces/javax.faces.resource/primefaces.js?ln=primefaces&v=4.0 HTTP/1.1" 304 -
201.245.192.253 - - [03/Sep/2023:15:44:09 -0500] "GET /sipse/faces/javax.faces.resource/layout/layout.js?ln=primefaces&v=4.0 HTTP/1.1" 304 -
201.245.192.253 - - [03/Sep/2023:15:44:09 -0500] "POST /sipse/faces/presentacion/proyectos/proyecto/listarProyecto.xhtml HTTP/1.1" 200 77360
201.245.192.253 - - [03/Sep/2023:15:44:12 -0500] "POST /sipse/faces/presentacion/proyectos/proyecto/listarProyecto.xhtml HTTP/1.1" 200 163
201.245.192.253 - - [03/Sep/2023:15:44:14 -0500] "GET /sipse/faces/presentacion/proyectos/proyecto/proyecto.xhtml HTTP/1.1" 200 89784
201.245.192.253 - - [03/Sep/2023:15:44:16 -0500] "GET /sipse/faces/javax.faces.resource/theme.css?ln=primefaces-sipse HTTP/1.1" 304 -
201.245.192.253 - - [03/Sep/2023:15:44:16 -0500] "GET /sipse/faces/javax.faces.resource/primefaces.css?ln=primefaces&v=4.0 HTTP/1.1" 304 -
201.245.192.253 - - [03/Sep/2023:15:44:16 -0500] "GET /sipse/faces/javax.faces.resource/jquery/jquery.js?ln=primefaces&v=4.0 HTTP/1.1" 304 -
201.245.192.253 - - [03/Sep/2023:15:44:16 -0500] "GET /sipse/faces/javax.faces.resource/layout/layout.js?ln=primefaces&v=4.0 HTTP/1.1" 304 -
201.245.192.253 - - [03/Sep/2023:15:44:16 -0500] "GET /sipse/faces/javax.faces.resource/layout/layout.css?ln=primefaces&v=4.0 HTTP/1.1" 304 -
201.245.192.253 - - [03/Sep/2023:15:44:16 -0500] "GET /sipse/faces/javax.faces.resource/jquery/jquery-plugins.js?ln=primefaces&v=4.0 HTTP/1.1" 304 -
201.245.192.253 - - [03/Sep/2023:15:44:16 -0500] "GET /sipse/faces/javax.faces.resource/primefaces.js?ln=primefaces&v=4.0 HTTP/1.1" 304 -
201.245.192.253 - - [03/Sep/2023:15:44:16 -0500] "GET /sipse/faces/javax.faces.resource/images/ui-icons_898989_256x240.png?ln=primefaces-aristo HTTP/1.1" 304 -
201.245.192.253 - - [03/Sep/2023:15:44:16 -0500] "GET /sipse/faces/javax.faces.resource/images/ui-bg_flat_0_2d5972_40x100.png?ln=primefaces-aristo HTTP/1.1" 304 -
201.245.192.253 - - [03/Sep/2023:15:44:16 -0500] "POST /sipse/faces/presentacion/proyectos/proyecto/proyecto.xhtml HTTP/1.1" 200 3265
216.245.221.92 - - [03/Sep/2023:15:44:45 -0500] "HEAD / HTTP/1.1" 200 -
172.22.2.4 - - [03/Sep/2023:15:43:06 -0500] "GET /BLA/boletinlegal/ HTTP/1.1" 200 53013
40.77.167.65 - - [03/Sep/2023:15:44:49 -0500] "GET /BLA/resoluciones/RESOLUCIONES%202023/1040.pdf HTTP/1.1" 200 504360
201.245.192.253 - - [03/Sep/2023:15:44:55 -0500] "POST /sipse/faces/presentacion/proyectos/proyecto/proyecto.xhtml HTTP/1.1" 200 46440
201.245.192.253 - - [03/Sep/2023:15:44:59 -0500] "GET /sipse/faces/javax.faces.resource/spacer/dot_clear.gif?ln=primefaces&v=4.0 HTTP/1.1" 200 42
201.245.192.253 - - [03/Sep/2023:15:44:59 -0500] "POST /sipse/faces/presentacion/proyectos/proyecto/proyecto.xhtml HTTP/1.1" 200 3950
201.245.192.253 - - [03/Sep/2023:15:45:10 -0500] "POST /sipse/faces/presentacion/proyectos/proyecto/proyecto.xhtml HTTP/1.1" 200 76358
52.167.144.223 - - [03/Sep/2023:15:46:07 -0500] "GET /BLA/resoluciones/RESOLUCIONES%202019/2331.pdf HTTP/1.1" 200 366917
201.245.192.253 - - [03/Sep/2023:15:46:52 -0500] "POST /kwsrmcab/Wsrmcab  HTTP/1.1" 200 43358
216.245.221.92 - - [03/Sep/2023:15:49:45 -0500] "HEAD / HTTP/1.1" 200 -
172.22.2.4 - - [03/Sep/2023:15:48:06 -0500] "HEAD /BLA/boletinlegal/ HTTP/1.1" 200 -
172.22.2.4 - - [03/Sep/2023:15:48:56 -0500] "GET /BLA/boletinlegal/ HTTP/1.1" 200 58597
191.156.182.23 - - [03/Sep/2023:15:50:38 -0500] "GET /secretaria-de-ambiente-abre-convocatoria-para-el-proceso-de-formacion-mujeres-cuidadoras-de-humedales.html HTTP/1.1" 200 943
172.22.2.4 - - [03/Sep/2023:15:51:03 -0500] "GET /BLA/boletinlegal/actos.php HTTP/1.1" 200 9682
186.31.96.144 - - [03/Sep/2023:15:51:05 -0500] "GET /BLA/resoluciones/ HTTP/1.1" 200 13502
186.31.96.144 - - [03/Sep/2023:15:51:08 -0500] "GET /BLA/resoluciones/index.php?dir=RESOLUCIONES+2005%2F HTTP/1.1" 200 49518
186.31.96.144 - - [03/Sep/2023:15:51:27 -0500] "GET /BLA/resoluciones/index.php?dir=RESOLUCIONES+2005%2FRES+2005+3001-3050%2F HTTP/1.1" 200 12364
186.31.96.144 - - [03/Sep/2023:15:51:33 -0500] "GET /BLA/resoluciones/RESOLUCIONES%202005/RES%202005%203001-3050/00003005.tif HTTP/1.1" 200 218746
201.245.192.253 - - [03/Sep/2023:15:51:51 -0500] "POST /kwsrmcab/Wsrmcab  HTTP/1.1" 200 43358
186.31.96.144 - - [03/Sep/2023:15:52:16 -0500] "GET /BLA/resoluciones/index.php?dir=RESOLUCIONES+2005%2FRES+2005+2801-2850%2F HTTP/1.1" 200 11939
186.31.96.144 - - [03/Sep/2023:15:52:19 -0500] "GET /BLA/resoluciones/RESOLUCIONES%202005/RES%202005%202801-2850/00002806.tif HTTP/1.1" 200 308686
201.245.192.253 - - [03/Sep/2023:15:53:45 -0500] "POST /sipse/faces/presentacion/proyectos/proyecto/proyecto.xhtml HTTP/1.1" 200 83930
201.245.192.253 - - [03/Sep/2023:15:53:45 -0500] "GET /sipse/faces/javax.faces.resource/jquery/jquery.js?ln=primefaces&v=4.0 HTTP/1.1" 304 -
201.245.192.253 - - [03/Sep/2023:15:53:45 -0500] "GET /sipse/faces/javax.faces.resource/jquery/jquery-plugins.js?ln=primefaces&v=4.0 HTTP/1.1" 304 -
201.245.192.253 - - [03/Sep/2023:15:53:45 -0500] "GET /sipse/faces/javax.faces.resource/primefaces.js?ln=primefaces&v=4.0 HTTP/1.1" 304 -
201.245.192.253 - - [03/Sep/2023:15:53:45 -0500] "GET /sipse/faces/javax.faces.resource/layout/layout.js?ln=primefaces&v=4.0 HTTP/1.1" 304 -
201.245.192.253 - - [03/Sep/2023:15:53:55 -0500] "POST /sipse/faces/presentacion/proyectos/proyecto/listarProyecto.xhtml HTTP/1.1" 200 163
201.245.192.253 - - [03/Sep/2023:15:53:56 -0500] "GET /sipse/faces/presentacion/proyectos/proyecto/proyecto.xhtml HTTP/1.1" 200 90355
201.245.192.253 - - [03/Sep/2023:15:53:58 -0500] "GET /sipse/faces/javax.faces.resource/theme.css?ln=primefaces-sipse HTTP/1.1" 304 -
201.245.192.253 - - [03/Sep/2023:15:53:58 -0500] "GET /sipse/faces/javax.faces.resource/jquery/jquery-plugins.js?ln=primefaces&v=4.0 HTTP/1.1" 304 -
201.245.192.253 - - [03/Sep/2023:15:53:58 -0500] "GET /sipse/faces/javax.faces.resource/layout/layout.css?ln=primefaces&v=4.0 HTTP/1.1" 304 -
201.245.192.253 - - [03/Sep/2023:15:53:58 -0500] "GET /sipse/faces/javax.faces.resource/jquery/jquery.js?ln=primefaces&v=4.0 HTTP/1.1" 304 -
201.245.192.253 - - [03/Sep/2023:15:53:58 -0500] "GET /sipse/faces/javax.faces.resource/primefaces.css?ln=primefaces&v=4.0 HTTP/1.1" 304 -
201.245.192.253 - - [03/Sep/2023:15:53:58 -0500] "GET /sipse/faces/javax.faces.resource/layout/layout.js?ln=primefaces&v=4.0 HTTP/1.1" 304 -
201.245.192.253 - - [03/Sep/2023:15:53:58 -0500] "GET /sipse/faces/javax.faces.resource/primefaces.js?ln=primefaces&v=4.0 HTTP/1.1" 304 -
201.245.192.253 - - [03/Sep/2023:15:53:58 -0500] "GET /sipse/faces/javax.faces.resource/images/ui-icons_898989_256x240.png?ln=primefaces-aristo HTTP/1.1" 304 -
201.245.192.253 - - [03/Sep/2023:15:53:58 -0500] "GET /sipse/faces/javax.faces.resource/images/ui-bg_flat_0_2d5972_40x100.png?ln=primefaces-aristo HTTP/1.1" 304 -
201.245.192.253 - - [03/Sep/2023:15:53:58 -0500] "POST /sipse/faces/presentacion/proyectos/proyecto/proyecto.xhtml HTTP/1.1" 200 3265
201.245.192.253 - - [03/Sep/2023:15:54:03 -0500] "POST /sipse/faces/presentacion/proyectos/proyecto/proyecto.xhtml HTTP/1.1" 200 43624
201.245.192.253 - - [03/Sep/2023:15:54:08 -0500] "GET /sipse/faces/javax.faces.resource/spacer/dot_clear.gif?ln=primefaces&v=4.0 HTTP/1.1" 304 -
201.245.192.253 - - [03/Sep/2023:15:54:08 -0500] "POST /sipse/faces/presentacion/proyectos/proyecto/proyecto.xhtml HTTP/1.1" 200 3948
201.245.192.253 - - [03/Sep/2023:15:54:13 -0500] "POST /sipse/faces/presentacion/proyectos/proyecto/proyecto.xhtml HTTP/1.1" 200 64662
216.245.221.92 - - [03/Sep/2023:15:54:45 -0500] "HEAD / HTTP/1.1" 200 -
172.22.2.4 - - [03/Sep/2023:15:53:56 -0500] "HEAD /BLA/boletinlegal/ HTTP/1.1" 200 -
172.22.2.4 - - [03/Sep/2023:15:54:46 -0500] "GET /BLA/boletinlegal/ HTTP/1.1" 200 53013
201.245.192.253 - - [03/Sep/2023:15:56:49 -0500] "POST /kwsrmcab/Wsrmcab  HTTP/1.1" 200 43358
52.167.144.199 - - [03/Sep/2023:15:57:16 -0500] "GET /BLA/resoluciones/index.php?dir=RESOLUCIONES+2005%2FRES+2005+2801-2850%2F HTTP/1.1" 200 11939
52.167.144.199 - - [03/Sep/2023:15:57:17 -0500] "GET /BLA/resoluciones/index.php?dir=RESOLUCIONES+2005%2FRES+2005+3001-3050%2F HTTP/1.1" 200 12364
201.245.192.253 - - [03/Sep/2023:15:57:34 -0500] "POST /sipse/faces/presentacion/proyectos/proyecto/proyecto.xhtml HTTP/1.1" 200 83930
201.245.192.253 - - [03/Sep/2023:15:57:34 -0500] "GET /sipse/faces/javax.faces.resource/jquery/jquery.js?ln=primefaces&v=4.0 HTTP/1.1" 304 -
201.245.192.253 - - [03/Sep/2023:15:57:34 -0500] "GET /sipse/faces/javax.faces.resource/jquery/jquery-plugins.js?ln=primefaces&v=4.0 HTTP/1.1" 304 -
201.245.192.253 - - [03/Sep/2023:15:57:34 -0500] "GET /sipse/faces/javax.faces.resource/primefaces.js?ln=primefaces&v=4.0 HTTP/1.1" 304 -
201.245.192.253 - - [03/Sep/2023:15:57:34 -0500] "GET /sipse/faces/javax.faces.resource/layout/layout.js?ln=primefaces&v=4.0 HTTP/1.1" 304 -
201.245.192.253 - - [03/Sep/2023:15:57:42 -0500] "POST /sipse/faces/presentacion/proyectos/proyecto/listarProyecto.xhtml HTTP/1.1" 200 163
201.245.192.253 - - [03/Sep/2023:15:57:44 -0500] "GET /sipse/faces/presentacion/proyectos/proyecto/proyecto.xhtml HTTP/1.1" 200 91130
201.245.192.253 - - [03/Sep/2023:15:57:46 -0500] "GET /sipse/faces/javax.faces.resource/theme.css?ln=primefaces-sipse HTTP/1.1" 304 -
201.245.192.253 - - [03/Sep/2023:15:57:46 -0500] "GET /sipse/faces/javax.faces.resource/primefaces.css?ln=primefaces&v=4.0 HTTP/1.1" 304 -
201.245.192.253 - - [03/Sep/2023:15:57:46 -0500] "GET /sipse/faces/javax.faces.resource/layout/layout.css?ln=primefaces&v=4.0 HTTP/1.1" 304 -
201.245.192.253 - - [03/Sep/2023:15:57:46 -0500] "GET /sipse/faces/javax.faces.resource/jquery/jquery-plugins.js?ln=primefaces&v=4.0 HTTP/1.1" 304 -
201.245.192.253 - - [03/Sep/2023:15:57:46 -0500] "GET /sipse/faces/javax.faces.resource/jquery/jquery.js?ln=primefaces&v=4.0 HTTP/1.1" 304 -
201.245.192.253 - - [03/Sep/2023:15:57:46 -0500] "GET /sipse/faces/javax.faces.resource/layout/layout.js?ln=primefaces&v=4.0 HTTP/1.1" 304 -
201.245.192.253 - - [03/Sep/2023:15:57:46 -0500] "GET /sipse/faces/javax.faces.resource/primefaces.js?ln=primefaces&v=4.0 HTTP/1.1" 304 -
201.245.192.253 - - [03/Sep/2023:15:57:46 -0500] "GET /sipse/faces/javax.faces.resource/images/ui-icons_898989_256x240.png?ln=primefaces-aristo HTTP/1.1" 304 -
201.245.192.253 - - [03/Sep/2023:15:57:46 -0500] "GET /sipse/faces/javax.faces.resource/images/ui-bg_flat_0_2d5972_40x100.png?ln=primefaces-aristo HTTP/1.1" 304 -
201.245.192.253 - - [03/Sep/2023:15:57:46 -0500] "POST /sipse/faces/presentacion/proyectos/proyecto/proyecto.xhtml HTTP/1.1" 200 3265
201.245.192.253 - - [03/Sep/2023:15:57:52 -0500] "POST /sipse/faces/presentacion/proyectos/proyecto/proyecto.xhtml HTTP/1.1" 200 44530
201.245.192.253 - - [03/Sep/2023:15:57:56 -0500] "GET /sipse/faces/javax.faces.resource/spacer/dot_clear.gif?ln=primefaces&v=4.0 HTTP/1.1" 304 -
201.245.192.253 - - [03/Sep/2023:15:57:56 -0500] "POST /sipse/faces/presentacion/proyectos/proyecto/proyecto.xhtml HTTP/1.1" 200 3950
201.245.192.253 - - [03/Sep/2023:15:58:02 -0500] "POST /sipse/faces/presentacion/proyectos/proyecto/proyecto.xhtml HTTP/1.1" 200 72835
40.77.167.27 - - [03/Sep/2023:15:58:28 -0500] "GET /BLA/resoluciones/RESOLUCIONES%202023/1260.pdf HTTP/1.1" 200 439455
201.245.192.253 - - [03/Sep/2023:15:59:25 -0500] "POST /sipse/faces/presentacion/proyectos/proyecto/proyecto.xhtml HTTP/1.1" 200 60288
216.245.221.92 - - [03/Sep/2023:15:59:45 -0500] "HEAD / HTTP/1.1" 200 -
172.22.2.4 - - [03/Sep/2023:15:59:46 -0500] "HEAD /BLA/boletinlegal/ HTTP/1.1" 200 -
201.245.192.253 - - [03/Sep/2023:16:01:30 -0500] "POST /sipse/faces/presentacion/proyectos/proyecto/proyecto.xhtml HTTP/1.1" 200 72927
201.245.192.253 - - [03/Sep/2023:16:01:49 -0500] "POST /kwsrmcab/Wsrmcab  HTTP/1.1" 200 43358
172.22.2.4 - - [03/Sep/2023:16:00:36 -0500] "GET /BLA/boletinlegal/ HTTP/1.1" 200 53013
201.245.192.253 - - [03/Sep/2023:16:03:20 -0500] "POST /sipse/faces/presentacion/proyectos/proyecto/proyecto.xhtml HTTP/1.1" 200 60288
201.245.192.253 - - [03/Sep/2023:16:04:22 -0500] "POST /sipse/faces/presentacion/proyectos/proyecto/proyecto.xhtml HTTP/1.1" 200 72927
216.245.221.92 - - [03/Sep/2023:16:04:44 -0500] "HEAD / HTTP/1.1" 200 -
172.22.2.4 - - [03/Sep/2023:16:04:56 -0500] "GET /BLA/boletinlegal/ HTTP/1.1" 200 20427
66.249.70.7 - - [03/Sep/2023:16:05:39 -0500] "GET /Publicaciones/2021EE278129.pdf HTTP/1.1" 404 228
40.77.167.30 - - [03/Sep/2023:16:06:10 -0500] "GET /BLA/resoluciones/AUTOS%202023/0720.pdf HTTP/1.1" 200 1035256
201.245.192.253 - - [03/Sep/2023:16:06:13 -0500] "POST /sipse/faces/presentacion/proyectos/proyecto/proyecto.xhtml HTTP/1.1" 200 60288
201.245.192.253 - - [03/Sep/2023:16:06:47 -0500] "POST /kwsrmcab/Wsrmcab  HTTP/1.1" 200 43358
172.22.2.4 - - [03/Sep/2023:16:05:36 -0500] "HEAD /BLA/boletinlegal/ HTTP/1.1" 200 -
172.22.2.4 - - [03/Sep/2023:16:06:26 -0500] "GET /BLA/boletinlegal/ HTTP/1.1" 200 56607
172.22.2.4 - - [03/Sep/2023:16:07:50 -0500] "GET /BLA/boletinlegal/ HTTP/1.1" 200 24523
181.52.221.100 - - [03/Sep/2023:16:08:49 -0500] "GET /forest/ HTTP/1.1" 200 12041
216.245.221.92 - - [03/Sep/2023:16:09:44 -0500] "HEAD / HTTP/1.1" 200 -
201.245.192.253 - - [03/Sep/2023:16:11:46 -0500] "POST /kwsrmcab/Wsrmcab  HTTP/1.1" 200 43358
181.52.221.100 - - [03/Sep/2023:16:12:41 -0500] "POST /forest/index.php HTTP/1.1" 200 12268
172.22.2.4 - - [03/Sep/2023:16:11:26 -0500] "HEAD /BLA/boletinlegal/ HTTP/1.1" 200 -
172.22.2.4 - - [03/Sep/2023:16:12:16 -0500] "GET /BLA/boletinlegal/ HTTP/1.1" 200 53013
212.235.15.144 - - [03/Sep/2023:16:14:23 -0500] "GET /robots.txt HTTP/1.1" 404 1034
212.235.15.144 - - [03/Sep/2023:16:14:23 -0500] "GET / HTTP/1.1" 200 4720
216.245.221.92 - - [03/Sep/2023:16:14:44 -0500] "HEAD / HTTP/1.1" 200 -
212.29.221.107 - - [03/Sep/2023:16:14:59 -0500] "GET /robots.txt HTTP/1.1" 404 1035
212.29.221.107 - - [03/Sep/2023:16:14:59 -0500] "GET / HTTP/1.1" 200 319
52.167.144.191 - - [03/Sep/2023:16:16:41 -0500] "GET /BLA/resoluciones/RESOLUCIONES%202023/1039.pdf HTTP/1.1" 200 544625
201.245.192.253 - - [03/Sep/2023:16:16:44 -0500] "POST /kwsrmcab/Wsrmcab  HTTP/1.1" 200 43358
205.210.31.15 - - [03/Sep/2023:16:17:05 -0500] "GET / HTTP/1.1" 200 319
201.245.192.253 - - [03/Sep/2023:16:18:13 -0500] "POST /kwsrmcab/Wsrmcab HTTP/1.1" 200 43508
201.245.192.253 - - [03/Sep/2023:16:18:16 -0500] "POST /kwsrmcab/Wsrmcab HTTP/1.1" 200 42517
172.22.2.4 - - [03/Sep/2023:16:17:16 -0500] "HEAD /BLA/boletinlegal/ HTTP/1.1" 200 -
216.245.221.92 - - [03/Sep/2023:16:19:44 -0500] "HEAD / HTTP/1.1" 200 -
172.22.2.4 - - [03/Sep/2023:16:18:06 -0500] "GET /BLA/boletinlegal/ HTTP/1.1" 200 53013
172.22.2.4 - - [03/Sep/2023:16:21:02 -0500] "GET /BLA/boletinlegal/robots.txt HTTP/1.1" 404 1037
172.22.2.4 - - [03/Sep/2023:16:21:02 -0500] "GET /BLA/boletinlegal/Circulares/2022/CIRCULAR%20No.%2000009%20DEL%2010%20DE%20OCTUBRE%20DEL%202022.pdf HTTP/1.1" 304 -
173.252.111.5 - - [03/Sep/2023:16:21:33 -0500] "GET /images/avistamiento-aves.jpg HTTP/1.1" 200 104313
186.102.70.134 - - [03/Sep/2023:16:21:38 -0500] "GET /kwssiamovil/sm/acme/a?s=U2FsdGVkX19Rbd4SR8I6YxehlEhk/icYs+uyWQNfceP0DkMkMBTB01PbDHnQD+qSDqP3pV1rJSLUkA15mPwWMvrJwU+f2mw8GiTm0ZlFsIEfA+KM3RPHLP5+N6TDia8BqR1hEIr+KvYI5190l3rApXY633O1dAKgdTtP4gNRsK+ZnXEJND4mnooWItqvulA6jhjpkv5uRotUxRaDcAZKtj2Tsb3TCHCiV0UVNX6mqi1N93+4PKsUMUsFedMH71WweeL8KAFKwi4njl0gI1Xnvw==&u=U2FsdGVkX18wt/pQv/r03R8h/VdCxIuTZF+JAKabyblc218Vu8I9To9mqkJHjRuV&y=U2FsdGVkX1/cGfp6UqvqZHuDFn+oLkl+TbewH/Wqdl6NyiWPUYnWHTjxT3klcuk2 HTTP/1.1" 200 26
186.102.70.134 - - [03/Sep/2023:16:21:38 -0500] "GET /kwssiamovil/sm/acme/a?s=U2FsdGVkX1+3XzP0ERlAkBqzCUsY/TFpXWM/JHeLTXNFYDbOpUAQmK5v1m1+n917NWt/ZAs2seVfiIPYk4OSbGB6rnw725RtZxQcTztpe+KyYPomOfb/VRXlkTJW6Eaj/4EjtgVFXnW13AQbMKaTCfUW+7i9zaN0lyi1bgMLQ0mxsP8zC7sHmrg8buxwpcsYiUwp7jiPQ5eu8raVPX5TKqMG/BtVKs0IgDtApboPSezKxfpQGZgx3lR4tcJGc+cB4gfUKMa9i3hmYZOwNW3FewUDZf4xfzMzi7/5vwxKi4Rdh1oOLfvoAOvF60au+/NJaX+c+I+xBCGdthR0NNRmtxHeWnka8ZwoVXjwykhQRHlYL5G6Lxh3OJzncrSYIf+Ncf4HsISxabu6g8zL+lTySSOsh00DCIlO638Gbupr82UFcmBHwqtR5jWAoOg0vwvUIb8EF8oIoSMMLRsevmfzb7U11v8XM55nUnbaE9R6TZaLbelqa9jo5mPZVbDdgfLuWQda0oOch2+vquL2RQ5xoOoXGzqCFsLjDtn6xMwvLW6U32COtV/o9f2AOyZWMi8kbsYRgDD9IFkFQaniQ77DWZEOsviXU3rdtTekNsHJwK1bD0kxRP42cEvB1KWAHg/9FQrUS5D3FxImKLyepOebRADIjdR2YyJ/Eu52LbDc7JD97LaDP44N/Hao7/XF8SvIX6LOrSzmU7d+qzJ/QajT74vawUpu1aj5yk40DgiuMGusosb+3deXQ3YwHaLT2+4B/HeQ8m0uHC84miylYdx0akJZpnSrGD4Foa16HxsS5jaOZZtcU37q9zr5F/X8d+Nv+rkLyn1ydJSvJYd8SkhdkISMFGrjHFX/FGAsiOGBZkyIjiPYpwX21wIW+iyLZ0B50HLAJuTHL5/wbPU5muEbaKSytiTVvZJO7SkYW3MQWymPhzIXBhgVIxo6NoONmxg0bm2iJq/SsEEv4DrgT/PPwyjN6Gsrof+tLfeXNGZRAQpiyCZOV/QR9MtY0WBgeDoHDru6P2n2RIulG83E5DcOANaEoLe7v439yxAna3+2oWCTfvPeN6JAUcja6GOJREHMl5Vlteok3PgW4W1HupG0PELGwlzoDPZp2ytL7RQ81tZgS8D3faZoc5iXywFvEeDxDawUc3tEY9p+fB9ESGhEafTSHnYr0O+bn1LsCug1vwPqsybZXzjRbjCVTXmZtZpd0wVH/kRjrkXZABdByB6G8OKVqh9NzBLoEuKbidj1fE+Lh33U3VT8eq5BoLkMj5K5vYfrNcJmhGc3IzC8YMwnzVBdcekcG0a/gAfwq/iGzCZ/mN9GpcVbdLvHiDOfz5M7nZmBvk+987f77Tg9z3fpq2v8mWi2XrjKFLbpg1DapnEZIFHsP7My0u+suCkqgQhEVdy+l5LbLXSkddykl5K9Yd32+N8NUm3feCRAzPT2HTk5nG+BtpqTa/8XjVSLTf3WbvhHYzNRsNT3LNaXUw3YrAt1yK46PxBA5ih612TghAhpmfWMSVj2Nf51eQjFR0nZ8MooQ/+Q0cr1FB31sm+5Hj/9UM6EIbYPM9pQSP48bbMhSisICyHH4H3ZIfbV47A4meUdDjNXSDbI1SKxB7a79YM6Fd1fnrJeMm39KSfwy8jtOmonbYEyLJ2BZ1UESDewcDcjIsmHGs1fK71UElL4Bg==&u=U2FsdGVkX18wt/pQv/r03R8h/VdCxIuTZF+JAKabyblc218Vu8I9To9mqkJHjRuV&y=U2FsdGVkX1/cGfp6UqvqZHuDFn+oLkl+TbewH/Wqdl6NyiWPUYnWHTjxT3klcuk2 HTTP/1.1" 200 26
186.102.70.134 - - [03/Sep/2023:16:21:39 -0500] "GET /kwssiamovil/sm/acme/a?s=U2FsdGVkX18kD6WTevXK0XaUeyF3oMBKF9wlCzyOUm49dG8qDgcsc3CWPGnGuuwYTEF6dLE+/uslCLPSb5dGjwx9LxSEEUNCdrL4MIHkS/QL9LEuiPimzjQYXmouim1q/dfWIVXFT8uK2iedWm/dQwdCnsvBmW6P6XkXlJLHIqc=&u=U2FsdGVkX18wt/pQv/r03R8h/VdCxIuTZF+JAKabyblc218Vu8I9To9mqkJHjRuV&y=U2FsdGVkX1/cGfp6UqvqZHuDFn+oLkl+TbewH/Wqdl6NyiWPUYnWHTjxT3klcuk2 HTTP/1.1" 200 26
186.102.70.134 - - [03/Sep/2023:16:21:39 -0500] "GET /kwssiamovil/sm/acme/a?s=U2FsdGVkX195rkNeA9bBky80QwYeqCoFWMSgJIByhEswxmRgmxa175KoYnmMiPNQeuv3XrgacTppHSFRYCqBYLvbp1VAEF3JY2/EzDsCVk1tSFTdEdBHuCk1xHjn7dyuABHZGwqMzEwGwIWA+UENe40jDqpNZogMOeXE/qjFEdw=&u=U2FsdGVkX18wt/pQv/r03R8h/VdCxIuTZF+JAKabyblc218Vu8I9To9mqkJHjRuV&y=U2FsdGVkX1/cGfp6UqvqZHuDFn+oLkl+TbewH/Wqdl6NyiWPUYnWHTjxT3klcuk2 HTTP/1.1" 200 26
186.102.70.134 - - [03/Sep/2023:16:21:39 -0500] "GET /kwssiamovil/sm/acme/a?s=U2FsdGVkX188UJDZ+szo5DAP91clOo4NcydYaOSXCIohgIp0RxwEEV9KbLXuHWUpdrM4fIE7IHNfXLDJ3ruy/ZYJU+iB/p8QlBafUtmaMuxnvugrctfD3RfooSIiYKu6RwVMrKzF74gPhyecIXwUppl/JT9N09QyYX6uIcTlex0=&u=U2FsdGVkX18wt/pQv/r03R8h/VdCxIuTZF+JAKabyblc218Vu8I9To9mqkJHjRuV&y=U2FsdGVkX1/cGfp6UqvqZHuDFn+oLkl+TbewH/Wqdl6NyiWPUYnWHTjxT3klcuk2 HTTP/1.1" 200 26
186.102.70.134 - - [03/Sep/2023:16:21:39 -0500] "GET /kwssiamovil/sm/acme/a?s=U2FsdGVkX19KHI0GO4UsyeCjsvFHVLun5rZxxwEzwrQ+svouoVvdxy18TTe/xQrbfYu3i+3QCSkHzdg17uAu16JBlKEVu7vgjeLZ6kkhcXwczrGU5nqUgtF1w4VaPx4KjPrSNv+FunRiNY/yK+TjbAApjcV6JTZQP4ZU18zZSxq5itgzhksDFJ0QTfm6fF6yjlH2CK+2m3gW+zNDEexYtg==&u=U2FsdGVkX18wt/pQv/r03R8h/VdCxIuTZF+JAKabyblc218Vu8I9To9mqkJHjRuV&y=U2FsdGVkX1/cGfp6UqvqZHuDFn+oLkl+TbewH/Wqdl6NyiWPUYnWHTjxT3klcuk2 HTTP/1.1" 200 26
201.245.192.253 - - [03/Sep/2023:16:21:43 -0500] "POST /kwsrmcab/Wsrmcab  HTTP/1.1" 200 43358
181.53.12.115 - - [03/Sep/2023:16:21:52 -0500] "GET /sipse/faces/index.xhtml HTTP/1.1" 200 677
181.53.12.115 - - [03/Sep/2023:16:21:53 -0500] "GET /sipse/faces/javax.faces.resource/theme.css?ln=primefaces-sipse HTTP/1.1" 304 -
181.53.12.115 - - [03/Sep/2023:16:21:53 -0500] "GET /sipse/faces/faces/autenticacion.xhtml HTTP/1.1" 200 12175
181.53.12.115 - - [03/Sep/2023:16:21:53 -0500] "GET /sipse/js/disable_browser_buttons.js HTTP/1.1" 304 -
181.53.12.115 - - [03/Sep/2023:16:21:53 -0500] "GET /sipse/css/custom_css_sg_prime_login.css HTTP/1.1" 304 -
181.53.12.115 - - [03/Sep/2023:16:21:53 -0500] "GET /sipse/css/custom_css_sg.css HTTP/1.1" 304 -
181.53.12.115 - - [03/Sep/2023:16:21:53 -0500] "GET /sipse/faces/javax.faces.resource/primefaces.css?ln=primefaces&v=4.0 HTTP/1.1" 304 -
181.53.12.115 - - [03/Sep/2023:16:21:53 -0500] "GET /sipse/faces/javax.faces.resource/theme.css?ln=primefaces-sipse HTTP/1.1" 304 -
181.53.12.115 - - [03/Sep/2023:16:21:53 -0500] "GET /sipse/js/funciones.js HTTP/1.1" 304 -
181.53.12.115 - - [03/Sep/2023:16:21:53 -0500] "GET /sipse/faces/javax.faces.resource/layout/layout.css?ln=primefaces&v=4.0 HTTP/1.1" 304 -
181.53.12.115 - - [03/Sep/2023:16:21:53 -0500] "GET /sipse/faces/javax.faces.resource/jquery/jquery.js?ln=primefaces&v=4.0 HTTP/1.1" 304 -
181.53.12.115 - - [03/Sep/2023:16:21:53 -0500] "GET /sipse/faces/javax.faces.resource/primefaces.js?ln=primefaces&v=4.0 HTTP/1.1" 304 -
181.53.12.115 - - [03/Sep/2023:16:21:53 -0500] "GET /sipse/faces/javax.faces.resource/jquery/jquery-plugins.js?ln=primefaces&v=4.0 HTTP/1.1" 304 -
181.53.12.115 - - [03/Sep/2023:16:21:53 -0500] "GET /sipse/faces/javax.faces.resource/layout/layout.js?ln=primefaces&v=4.0 HTTP/1.1" 304 -
181.53.12.115 - - [03/Sep/2023:16:21:53 -0500] "GET /sipse/css/imagen/logoSDG.png HTTP/1.1" 304 -
181.53.12.115 - - [03/Sep/2023:16:21:53 -0500] "GET /sipse/css/imagen/loginimg.png HTTP/1.1" 304 -
181.53.12.115 - - [03/Sep/2023:16:21:53 -0500] "GET /sipse/faces/javax.faces.resource/images/ui-icons_898989_256x240.png?ln=primefaces-aristo HTTP/1.1" 304 -
181.53.12.115 - - [03/Sep/2023:16:21:57 -0500] "POST /sipse/faces/autenticacion.xhtml HTTP/1.1" 200 2225
181.53.12.115 - - [03/Sep/2023:16:21:57 -0500] "GET /sipse/faces/javax.faces.resource/messages/messages.png?ln=primefaces&v=4.0 HTTP/1.1" 304 -
181.53.12.115 - - [03/Sep/2023:16:21:59 -0500] "POST /sipse/faces/autenticacion.xhtml HTTP/1.1" 200 16344
181.53.12.115 - - [03/Sep/2023:16:21:59 -0500] "GET /sipse/css/custom_css_sg_prime.css HTTP/1.1" 304 -
181.53.12.115 - - [03/Sep/2023:16:21:59 -0500] "GET /sipse/js/jquery.min.js HTTP/1.1" 304 -
181.53.12.115 - - [03/Sep/2023:16:21:59 -0500] "GET /sipse/faces/javax.faces.resource/theme.css?ln=primefaces-sipse HTTP/1.1" 304 -
181.53.12.115 - - [03/Sep/2023:16:21:59 -0500] "GET /sipse/faces/javax.faces.resource/primefaces.css?ln=primefaces&v=4.0 HTTP/1.1" 304 -
181.53.12.115 - - [03/Sep/2023:16:21:59 -0500] "GET /sipse/faces/javax.faces.resource/layout/layout.css?ln=primefaces&v=4.0 HTTP/1.1" 304 -
181.53.12.115 - - [03/Sep/2023:16:21:59 -0500] "GET /sipse/faces/javax.faces.resource/jquery/jquery.js?ln=primefaces&v=4.0 HTTP/1.1" 304 -
181.53.12.115 - - [03/Sep/2023:16:21:59 -0500] "GET /sipse/faces/javax.faces.resource/jquery/jquery-plugins.js?ln=primefaces&v=4.0 HTTP/1.1" 304 -
181.53.12.115 - - [03/Sep/2023:16:21:59 -0500] "GET /sipse/faces/javax.faces.resource/primefaces.js?ln=primefaces&v=4.0 HTTP/1.1" 304 -
181.53.12.115 - - [03/Sep/2023:16:21:59 -0500] "GET /sipse/faces/javax.faces.resource/layout/layout.js?ln=primefaces&v=4.0 HTTP/1.1" 304 -
181.53.12.115 - - [03/Sep/2023:16:21:59 -0500] "GET /sipse/css/v_mergente.css HTTP/1.1" 304 -
181.53.12.115 - - [03/Sep/2023:16:21:59 -0500] "GET /sipse/css/imagen/contrasena.png HTTP/1.1" 404 383
181.53.12.115 - - [03/Sep/2023:16:21:59 -0500] "GET /sipse/imagenes/cargando.gif HTTP/1.1" 304 -
181.53.12.115 - - [03/Sep/2023:16:21:59 -0500] "GET /sipse/imagenes/logoAplicacion.jpg HTTP/1.1" 304 -
40.77.167.213 - - [03/Sep/2023:16:22:18 -0500] "GET /cuales-son-los-tramites-ambientales-mas-solicitados-de-bogota.html HTTP/1.1" 200 840
52.167.144.195 - - [03/Sep/2023:16:24:24 -0500] "GET /Publicaciones/2023EE201304.pdf HTTP/1.1" 200 232029
216.245.221.92 - - [03/Sep/2023:16:24:44 -0500] "HEAD / HTTP/1.1" 200 -
172.22.2.4 - - [03/Sep/2023:16:23:06 -0500] "HEAD /BLA/boletinlegal/ HTTP/1.1" 200 -
181.53.12.115 - - [03/Sep/2023:16:24:53 -0500] "GET /sipse/faces/javax.faces.resource/images/ui-bg_flat_0_2d5972_40x100.png?ln=primefaces-aristo HTTP/1.1" 304 -
181.53.12.115 - - [03/Sep/2023:16:24:53 -0500] "POST /sipse/faces/bienvenido.xhtml HTTP/1.1" 200 2658
181.53.12.115 - - [03/Sep/2023:16:24:54 -0500] "POST /sipse/faces/bienvenido.xhtml HTTP/1.1" 200 63323
181.53.12.115 - - [03/Sep/2023:16:24:55 -0500] "GET /sipse/faces/javax.faces.resource/theme.css?ln=primefaces-sipse HTTP/1.1" 304 -
181.53.12.115 - - [03/Sep/2023:16:24:55 -0500] "GET /sipse/faces/javax.faces.resource/primefaces.css?ln=primefaces&v=4.0 HTTP/1.1" 304 -
181.53.12.115 - - [03/Sep/2023:16:24:55 -0500] "GET /sipse/faces/javax.faces.resource/jquery/jquery.js?ln=primefaces&v=4.0 HTTP/1.1" 304 -
181.53.12.115 - - [03/Sep/2023:16:24:55 -0500] "GET /sipse/faces/javax.faces.resource/layout/layout.css?ln=primefaces&v=4.0 HTTP/1.1" 304 -
181.53.12.115 - - [03/Sep/2023:16:24:55 -0500] "GET /sipse/faces/javax.faces.resource/jquery/jquery-plugins.js?ln=primefaces&v=4.0 HTTP/1.1" 304 -
181.53.12.115 - - [03/Sep/2023:16:24:55 -0500] "GET /sipse/faces/javax.faces.resource/primefaces.js?ln=primefaces&v=4.0 HTTP/1.1" 304 -
181.53.12.115 - - [03/Sep/2023:16:24:55 -0500] "GET /sipse/faces/javax.faces.resource/layout/layout.js?ln=primefaces&v=4.0 HTTP/1.1" 304 -
181.53.12.115 - - [03/Sep/2023:16:24:56 -0500] "POST /sipse/faces/presentacion/financiero/solicitudProceso/listarSolicitudProceso.xhtml HTTP/1.1" 200 1556
66.249.66.193 - - [03/Sep/2023:16:25:09 -0500] "GET /distrito-alcanza-ya-15-acuerdos-de-conservacion-por-174-02-hectareas-para-consolidar-varios-ecosistemas-estrategicos-de-bogota.html HTTP/1.1" 304 -
181.53.12.115 - - [03/Sep/2023:16:25:15 -0500] "POST /sipse/faces/presentacion/financiero/solicitudProceso/listarSolicitudProceso.xhtml HTTP/1.1" 200 131098
181.53.12.115 - - [03/Sep/2023:16:25:17 -0500] "GET /sipse/faces/javax.faces.resource/theme.css?ln=primefaces-sipse HTTP/1.1" 304 -
181.53.12.115 - - [03/Sep/2023:16:25:17 -0500] "GET /sipse/faces/javax.faces.resource/layout/layout.css?ln=primefaces&v=4.0 HTTP/1.1" 304 -
181.53.12.115 - - [03/Sep/2023:16:25:17 -0500] "GET /sipse/faces/javax.faces.resource/jquery/jquery.js?ln=primefaces&v=4.0 HTTP/1.1" 304 -
181.53.12.115 - - [03/Sep/2023:16:25:17 -0500] "GET /sipse/faces/javax.faces.resource/primefaces.css?ln=primefaces&v=4.0 HTTP/1.1" 304 -
181.53.12.115 - - [03/Sep/2023:16:25:17 -0500] "GET /sipse/faces/javax.faces.resource/jquery/jquery-plugins.js?ln=primefaces&v=4.0 HTTP/1.1" 304 -
181.53.12.115 - - [03/Sep/2023:16:25:17 -0500] "GET /sipse/faces/javax.faces.resource/primefaces.js?ln=primefaces&v=4.0 HTTP/1.1" 304 -
