201.245.192.253 - - [06/Sep/2023:14:15:59 -0500] "GET /sipse/css/custom_css_sg_prime_login.css HTTP/1.1" 200 443
201.245.192.253 - - [06/Sep/2023:14:15:59 -0500] "GET /sipse/css/custom_css_sg.css HTTP/1.1" 200 9694
201.245.192.253 - - [06/Sep/2023:14:15:59 -0500] "GET /sipse/faces/javax.faces.resource/layout/layout.css?ln=primefaces&v=4.0 HTTP/1.1" 304 -
201.245.192.253 - - [06/Sep/2023:14:15:59 -0500] "GET /sipse/faces/javax.faces.resource/jquery/jquery.js?ln=primefaces&v=4.0 HTTP/1.1" 304 -
201.245.192.253 - - [06/Sep/2023:14:15:59 -0500] "GET /sipse/faces/javax.faces.resource/jquery/jquery-plugins.js?ln=primefaces&v=4.0 HTTP/1.1" 304 -
201.245.192.253 - - [06/Sep/2023:14:15:59 -0500] "GET /sipse/faces/javax.faces.resource/primefaces.js?ln=primefaces&v=4.0 HTTP/1.1" 304 -
201.245.192.253 - - [06/Sep/2023:14:15:59 -0500] "GET /sipse/faces/javax.faces.resource/layout/layout.js?ln=primefaces&v=4.0 HTTP/1.1" 304 -
201.245.192.253 - - [06/Sep/2023:14:16:00 -0500] "GET /sipse/css/imagen/logoSDG.png HTTP/1.1" 200 53064
201.245.192.253 - - [06/Sep/2023:14:16:00 -0500] "GET /sipse/css/imagen/loginimg.png HTTP/1.1" 200 71635
201.245.192.253 - - [06/Sep/2023:14:16:00 -0500] "GET /sipse/faces/javax.faces.resource/images/ui-icons_898989_256x240.png?ln=primefaces-aristo HTTP/1.1" 304 -
216.244.66.195 - - [06/Sep/2023:14:16:04 -0500] "GET /BLA/resoluciones/AUTOS%202010/5423.pdf HTTP/1.1" 200 437894
191.156.59.251 - - [06/Sep/2023:14:16:14 -0500] "GET /secretaria-de-ambiente-abre-convocatoria-para-el-proceso-de-formacion-mujeres-cuidadoras-de-humedales.html HTTP/1.1" 200 943
216.244.66.195 - - [06/Sep/2023:14:16:28 -0500] "GET /BLA/resoluciones/AUTOS%202010/5560.pdf HTTP/1.1" 200 205073
216.244.66.195 - - [06/Sep/2023:14:16:50 -0500] "GET /BLA/resoluciones/AUTOS%202010/5566.pdf HTTP/1.1" 200 584220
216.244.66.195 - - [06/Sep/2023:14:17:25 -0500] "GET /BLA/resoluciones/AUTOS%202011/3847.pdf HTTP/1.1" 200 130797
201.245.192.253 - - [06/Sep/2023:14:17:42 -0500] "POST /forms/lservlet;jsessionid=ac16012b30d62f4415040f2249ea9738ec9c1b9579b0.e3iSbxaKaheRe34Rch0Ra3mLchv0n6jAmljGr5XDqQLvpAe HTTP/1.1" 200 2
216.244.66.195 - - [06/Sep/2023:14:17:53 -0500] "GET /BLA/resoluciones/RESOLUCIONES%202016/0372.pdf HTTP/1.1" 200 276772
181.59.148.83 - - [06/Sep/2023:14:18:03 -0500] "GET /secretaria-de-ambiente-abre-convocatoria-para-el-proceso-de-formacion-mujeres-cuidadoras-de-humedales.html HTTP/1.1" 200 943
173.252.87.9 - - [06/Sep/2023:14:18:17 -0500] "GET /experiencias-exitosas-en-la-implementacion-de-buenas-practicas-ambientales-en-entidades-del-distrito.html HTTP/1.1" 200 821
216.244.66.195 - - [06/Sep/2023:14:18:27 -0500] "GET /BLA/resoluciones/RESOLUCIONES%202016/0688.pdf HTTP/1.1" 200 475332
216.244.66.195 - - [06/Sep/2023:14:18:54 -0500] "GET /BLA/resoluciones/RESOLUCIONES%202016/0792.pdf HTTP/1.1" 200 396180
201.245.192.253 - - [06/Sep/2023:14:18:59 -0500] "POST /kwsrmcab/Wsrmcab HTTP/1.1" 200 42198
201.245.192.253 - - [06/Sep/2023:14:19:02 -0500] "POST /kwsrmcab/Wsrmcab HTTP/1.1" 200 40346
216.244.66.195 - - [06/Sep/2023:14:19:24 -0500] "GET /BLA/resoluciones/RESOLUCIONES%202016/1234.pdf HTTP/1.1" 200 517316
167.0.143.45 - - [06/Sep/2023:14:19:30 -0500] "GET /BLA/resoluciones/Notificaciones/AUTOS%202023/1273.pdf HTTP/1.1" 200 425476
201.245.192.253 - - [06/Sep/2023:14:19:42 -0500] "POST /forms/lservlet;jsessionid=ac16012b30d62f4415040f2249ea9738ec9c1b9579b0.e3iSbxaKaheRe34Rch0Ra3mLchv0n6jAmljGr5XDqQLvpAe HTTP/1.1" 200 2
216.244.66.195 - - [06/Sep/2023:14:19:52 -0500] "GET /BLA/resoluciones/RESOLUCIONES%202016/1369.pdf HTTP/1.1" 200 626076
172.22.2.4 - - [06/Sep/2023:14:18:18 -0500] "HEAD /BLA/boletinlegal/ HTTP/1.1" 200 -
201.245.192.253 - - [06/Sep/2023:14:19:56 -0500] "POST /kwsrmcab/Wsrmcab  HTTP/1.1" 200 42865
186.29.60.142 - - [06/Sep/2023:14:20:27 -0500] "GET /inscribete-y-participa-en-la-convencion-internacional-de-emergencia-climatica-bogota-2023.html HTTP/1.1" 200 895
216.244.66.195 - - [06/Sep/2023:14:20:30 -0500] "GET /BLA/resoluciones/RESOLUCIONES%202016/1877.pdf HTTP/1.1" 200 361310
216.245.221.92 - - [06/Sep/2023:14:20:35 -0500] "HEAD / HTTP/1.1" 200 -
172.22.2.4 - - [06/Sep/2023:14:19:08 -0500] "GET /BLA/boletinlegal/ HTTP/1.1" 200 52656
216.244.66.195 - - [06/Sep/2023:14:21:01 -0500] "GET /BLA/resoluciones/RESOLUCIONES%202016/1994.pdf HTTP/1.1" 200 358567
52.167.144.44 - - [06/Sep/2023:14:21:13 -0500] "GET /svr-ciudadano/ HTTP/1.1" 200 69700
216.244.66.195 - - [06/Sep/2023:14:21:30 -0500] "GET /BLA/resoluciones/RESOLUCIONES%202016/2243.pdf HTTP/1.1" 200 293870
201.245.192.253 - - [06/Sep/2023:14:21:42 -0500] "POST /forms/lservlet;jsessionid=ac16012b30d62f4415040f2249ea9738ec9c1b9579b0.e3iSbxaKaheRe34Rch0Ra3mLchv0n6jAmljGr5XDqQLvpAe HTTP/1.1" 200 2
216.244.66.195 - - [06/Sep/2023:14:22:01 -0500] "GET /BLA/resoluciones/RESOLUCIONES%202017/0247.pdf HTTP/1.1" 200 1118456
216.244.66.195 - - [06/Sep/2023:14:22:30 -0500] "GET /BLA/resoluciones/RESOLUCIONES%202017/0349.pdf HTTP/1.1" 200 413151
52.167.144.108 - - [06/Sep/2023:14:22:39 -0500] "GET /Publicaciones/2023EE205892.pdf HTTP/1.1" 200 231593
52.167.144.44 - - [06/Sep/2023:14:22:42 -0500] "GET /Publicaciones/2023EE205815.pdf HTTP/1.1" 200 1449408
40.77.167.208 - - [06/Sep/2023:14:22:41 -0500] "GET /Publicaciones/2023EE205564.pdf HTTP/1.1" 200 4581318
40.77.167.208 - - [06/Sep/2023:14:22:50 -0500] "GET /Publicaciones/2023EE205624.pdf HTTP/1.1" 200 369727
216.244.66.195 - - [06/Sep/2023:14:22:56 -0500] "GET /BLA/resoluciones/RESOLUCIONES%202017/1658.pdf HTTP/1.1" 200 443869
52.167.144.180 - - [06/Sep/2023:14:23:18 -0500] "GET /Publicaciones/2023EE205761.pdf HTTP/1.1" 200 232007
52.167.144.180 - - [06/Sep/2023:14:23:18 -0500] "GET /Publicaciones/2023EE205767.pdf HTTP/1.1" 200 231985
216.244.66.195 - - [06/Sep/2023:14:23:22 -0500] "GET /BLA/resoluciones/RESOLUCIONES%202017/1882.pdf HTTP/1.1" 200 604449
201.245.192.253 - - [06/Sep/2023:14:23:42 -0500] "POST /forms/lservlet;jsessionid=ac16012b30d62f4415040f2249ea9738ec9c1b9579b0.e3iSbxaKaheRe34Rch0Ra3mLchv0n6jAmljGr5XDqQLvpAe HTTP/1.1" 200 2
216.244.66.195 - - [06/Sep/2023:14:23:49 -0500] "GET /BLA/resoluciones/RESOLUCIONES%202017/2516.pdf HTTP/1.1" 200 332473
186.154.33.59 - - [06/Sep/2023:14:23:57 -0500] "GET /BLA/resoluciones/index.php?dir=RESOLUCIONES+2009%2F HTTP/1.1" 200 1694101
186.154.33.59 - - [06/Sep/2023:14:24:01 -0500] "GET /BLA/resoluciones/RESOLUCIONES%202009/0610.pdf HTTP/1.1" 200 303448
216.244.66.195 - - [06/Sep/2023:14:24:13 -0500] "GET /BLA/resoluciones/RESOLUCIONES%202017/2765.pdf HTTP/1.1" 200 1050470
216.244.66.195 - - [06/Sep/2023:14:24:52 -0500] "GET /BLA/resoluciones/RESOLUCIONES%202017/2949.pdf HTTP/1.1" 200 540897
201.245.192.253 - - [06/Sep/2023:14:24:55 -0500] "POST /kwsrmcab/Wsrmcab  HTTP/1.1" 200 42865
216.244.66.195 - - [06/Sep/2023:14:25:23 -0500] "GET /BLA/resoluciones/RESOLUCIONES%202019/0069.pdf HTTP/1.1" 200 370621
216.245.221.92 - - [06/Sep/2023:14:25:35 -0500] "HEAD / HTTP/1.1" 200 -
201.245.192.253 - - [06/Sep/2023:14:25:42 -0500] "POST /forms/lservlet;jsessionid=ac16012b30d62f4415040f2249ea9738ec9c1b9579b0.e3iSbxaKaheRe34Rch0Ra3mLchv0n6jAmljGr5XDqQLvpAe HTTP/1.1" 200 2
172.22.2.4 - - [06/Sep/2023:14:24:08 -0500] "HEAD /BLA/boletinlegal/ HTTP/1.1" 200 -
216.244.66.195 - - [06/Sep/2023:14:25:52 -0500] "GET /BLA/resoluciones/RESOLUCIONES%202019/0073.pdf HTTP/1.1" 200 371910
216.244.66.195 - - [06/Sep/2023:14:26:21 -0500] "GET /BLA/resoluciones/RESOLUCIONES%202019/0432.pdf HTTP/1.1" 200 370236
172.22.2.4 - - [06/Sep/2023:14:24:58 -0500] "GET /BLA/boletinlegal/ HTTP/1.1" 200 58187
52.167.144.177 - - [06/Sep/2023:14:26:39 -0500] "GET /Publicaciones/2023EE71359.pdf HTTP/1.1" 404 227
216.244.66.195 - - [06/Sep/2023:14:26:48 -0500] "GET /BLA/resoluciones/RESOLUCIONES%202001/RESOLUCION%20314%20DE%202001.pdf HTTP/1.1" 200 58550
216.244.66.195 - - [06/Sep/2023:14:27:14 -0500] "GET /BLA/resoluciones/AUTOS%202007/0017.pdf HTTP/1.1" 200 177622
216.244.66.195 - - [06/Sep/2023:14:27:41 -0500] "GET /BLA/resoluciones/AUTOS%202007/0052.pdf HTTP/1.1" 200 216544
201.245.192.253 - - [06/Sep/2023:14:27:42 -0500] "POST /forms/lservlet;jsessionid=ac16012b30d62f4415040f2249ea9738ec9c1b9579b0.e3iSbxaKaheRe34Rch0Ra3mLchv0n6jAmljGr5XDqQLvpAe HTTP/1.1" 200 2
66.249.70.7 - - [06/Sep/2023:14:27:49 -0500] "GET /BLA/resoluciones/AUTOS%202018/2718.pdf HTTP/1.1" 200 310446
66.249.70.7 - - [06/Sep/2023:14:27:50 -0500] "GET /BLA/resoluciones/AUTOS%202016/1835.pdf HTTP/1.1" 200 472506
66.249.70.5 - - [06/Sep/2023:14:27:51 -0500] "GET /BLA/resoluciones/AUTOS%202007/0884.pdf HTTP/1.1" 200 126371
66.249.70.7 - - [06/Sep/2023:14:27:51 -0500] "GET /BLA/resoluciones/RESOLUCIONES%202016/2355.pdf HTTP/1.1" 200 687200
66.249.70.7 - - [06/Sep/2023:14:27:52 -0500] "GET /BLA/resoluciones/RESOLUCIONES%25202012/0288.pdf HTTP/1.1" 404 1018
66.249.70.5 - - [06/Sep/2023:14:27:52 -0500] "GET /BLA/resoluciones/RESOLUCIONES%202010/6811.pdf HTTP/1.1" 200 2461119
66.249.70.5 - - [06/Sep/2023:14:27:54 -0500] "GET /BLA/resoluciones/AUTOS%202017/4260.pdf HTTP/1.1" 200 842843
66.249.70.5 - - [06/Sep/2023:14:27:54 -0500] "GET /BLA/resoluciones/AUTOS%202015/3408.pdf HTTP/1.1" 200 1013670
216.244.66.195 - - [06/Sep/2023:14:28:06 -0500] "GET /BLA/resoluciones/AUTOS%202007/0160.pdf HTTP/1.1" 200 48700
216.244.66.195 - - [06/Sep/2023:14:28:29 -0500] "GET /BLA/resoluciones/AUTOS%202007/0546.pdf HTTP/1.1" 200 68593
201.245.192.253 - - [06/Sep/2023:14:28:35 -0500] "GET /sipse/faces/index.xhtml HTTP/1.1" 200 677
201.245.192.253 - - [06/Sep/2023:14:28:35 -0500] "GET /sipse/faces/javax.faces.resource/theme.css?ln=primefaces-sipse HTTP/1.1" 200 50058
201.245.192.253 - - [06/Sep/2023:14:28:35 -0500] "GET /favicon.ico HTTP/1.1" 200 7782
201.245.192.253 - - [06/Sep/2023:14:28:35 -0500] "GET /sipse/faces/faces/autenticacion.xhtml HTTP/1.1" 200 12178
201.245.192.253 - - [06/Sep/2023:14:28:35 -0500] "GET /sipse/css/custom_css_sg.css HTTP/1.1" 200 9694
201.245.192.253 - - [06/Sep/2023:14:28:35 -0500] "GET /sipse/css/custom_css_sg_prime_login.css HTTP/1.1" 200 443
201.245.192.253 - - [06/Sep/2023:14:28:35 -0500] "GET /sipse/faces/javax.faces.resource/theme.css?ln=primefaces-sipse HTTP/1.1" 304 -
201.245.192.253 - - [06/Sep/2023:14:28:35 -0500] "GET /sipse/faces/javax.faces.resource/layout/layout.css?ln=primefaces&v=4.0 HTTP/1.1" 200 542
201.245.192.253 - - [06/Sep/2023:14:28:35 -0500] "GET /sipse/faces/javax.faces.resource/jquery/jquery.js?ln=primefaces&v=4.0 HTTP/1.1" 304 -
201.245.192.253 - - [06/Sep/2023:14:28:35 -0500] "GET /sipse/faces/javax.faces.resource/primefaces.css?ln=primefaces&v=4.0 HTTP/1.1" 200 53295
201.245.192.253 - - [06/Sep/2023:14:28:36 -0500] "GET /sipse/faces/javax.faces.resource/jquery/jquery-plugins.js?ln=primefaces&v=4.0 HTTP/1.1" 304 -
201.245.192.253 - - [06/Sep/2023:14:28:36 -0500] "GET /sipse/faces/javax.faces.resource/primefaces.js?ln=primefaces&v=4.0 HTTP/1.1" 304 -
201.245.192.253 - - [06/Sep/2023:14:28:36 -0500] "GET /sipse/faces/javax.faces.resource/layout/layout.js?ln=primefaces&v=4.0 HTTP/1.1" 304 -
201.245.192.253 - - [06/Sep/2023:14:28:36 -0500] "GET /sipse/faces/javax.faces.resource/images/ui-icons_898989_256x240.png?ln=primefaces-aristo HTTP/1.1" 200 5355
201.245.192.253 - - [06/Sep/2023:14:28:36 -0500] "GET /sipse/css/imagen/logoSDG.png HTTP/1.1" 200 53064
201.245.192.253 - - [06/Sep/2023:14:28:36 -0500] "GET /sipse/css/imagen/loginimg.png HTTP/1.1" 200 71635
216.244.66.195 - - [06/Sep/2023:14:28:52 -0500] "GET /BLA/resoluciones/AUTOS%202007/0571.pdf HTTP/1.1" 200 218338
201.245.192.253 - - [06/Sep/2023:14:28:59 -0500] "POST /kwsrmcab/Wsrmcab HTTP/1.1" 200 42198
201.245.192.253 - - [06/Sep/2023:14:29:05 -0500] "POST /sipse/faces/autenticacion.xhtml HTTP/1.1" 200 11973
201.245.192.253 - - [06/Sep/2023:14:29:05 -0500] "GET /sipse/css/custom_css_sg_prime.css HTTP/1.1" 200 5201
201.245.192.253 - - [06/Sep/2023:14:29:05 -0500] "GET /sipse/faces/javax.faces.resource/jquery/jquery.js?ln=primefaces&v=4.0 HTTP/1.1" 304 -
201.245.192.253 - - [06/Sep/2023:14:29:05 -0500] "GET /sipse/faces/javax.faces.resource/jquery/jquery-plugins.js?ln=primefaces&v=4.0 HTTP/1.1" 304 -
201.245.192.253 - - [06/Sep/2023:14:29:05 -0500] "GET /sipse/faces/javax.faces.resource/primefaces.js?ln=primefaces&v=4.0 HTTP/1.1" 304 -
201.245.192.253 - - [06/Sep/2023:14:29:02 -0500] "POST /kwsrmcab/Wsrmcab HTTP/1.1" 200 40346
201.245.192.253 - - [06/Sep/2023:14:29:05 -0500] "GET /sipse/faces/javax.faces.resource/layout/layout.js?ln=primefaces&v=4.0 HTTP/1.1" 304 -
201.245.192.253 - - [06/Sep/2023:14:29:05 -0500] "GET /sipse/faces/javax.faces.resource/messages/messages.png?ln=primefaces&v=4.0 HTTP/1.1" 200 27209
201.245.192.253 - - [06/Sep/2023:14:29:08 -0500] "POST /sipse/faces/presentacion/sistema/seguridad/seleccionRol.xhtml HTTP/1.1" 200 6403
201.245.192.253 - - [06/Sep/2023:14:29:10 -0500] "POST /sipse/faces/presentacion/sistema/seguridad/seleccionRol.xhtml HTTP/1.1" 200 18786
201.245.192.253 - - [06/Sep/2023:14:29:10 -0500] "GET /sipse/js/jquery.min.js HTTP/1.1" 304 -
201.245.192.253 - - [06/Sep/2023:14:29:11 -0500] "GET /sipse/faces/javax.faces.resource/jquery/jquery.js?ln=primefaces&v=4.0 HTTP/1.1" 304 -
201.245.192.253 - - [06/Sep/2023:14:29:11 -0500] "GET /sipse/faces/javax.faces.resource/jquery/jquery-plugins.js?ln=primefaces&v=4.0 HTTP/1.1" 304 -
201.245.192.253 - - [06/Sep/2023:14:29:11 -0500] "GET /sipse/faces/javax.faces.resource/primefaces.js?ln=primefaces&v=4.0 HTTP/1.1" 304 -
201.245.192.253 - - [06/Sep/2023:14:29:11 -0500] "GET /sipse/faces/javax.faces.resource/layout/layout.js?ln=primefaces&v=4.0 HTTP/1.1" 304 -
201.245.192.253 - - [06/Sep/2023:14:29:11 -0500] "GET /sipse/imagenes/cargando.gif HTTP/1.1" 200 36959
201.245.192.253 - - [06/Sep/2023:14:29:11 -0500] "GET /sipse/css/v_mergente.css HTTP/1.1" 200 1505
201.245.192.253 - - [06/Sep/2023:14:29:11 -0500] "GET /sipse/css/imagen/contrasena.png HTTP/1.1" 404 383
201.245.192.253 - - [06/Sep/2023:14:29:11 -0500] "GET /sipse/imagenes/logoAplicacion.jpg HTTP/1.1" 200 155084
216.244.66.195 - - [06/Sep/2023:14:29:15 -0500] "GET /BLA/resoluciones/AUTOS%202007/0714.pdf HTTP/1.1" 200 79843
201.245.192.253 - - [06/Sep/2023:14:29:21 -0500] "GET /sipse/faces/javax.faces.resource/images/ui-bg_flat_0_2d5972_40x100.png?ln=primefaces-aristo HTTP/1.1" 200 183
201.245.192.253 - - [06/Sep/2023:14:29:21 -0500] "POST /sipse/faces/bienvenido.xhtml HTTP/1.1" 200 3887
201.245.192.253 - - [06/Sep/2023:14:29:21 -0500] "POST /sipse/faces/bienvenido.xhtml HTTP/1.1" 200 43227
201.245.192.253 - - [06/Sep/2023:14:29:22 -0500] "GET /sipse/faces/javax.faces.resource/jquery/jquery.js?ln=primefaces&v=4.0 HTTP/1.1" 304 -
201.245.192.253 - - [06/Sep/2023:14:29:22 -0500] "GET /sipse/faces/javax.faces.resource/jquery/jquery-plugins.js?ln=primefaces&v=4.0 HTTP/1.1" 304 -
201.245.192.253 - - [06/Sep/2023:14:29:22 -0500] "GET /sipse/faces/javax.faces.resource/primefaces.js?ln=primefaces&v=4.0 HTTP/1.1" 304 -
201.245.192.253 - - [06/Sep/2023:14:29:22 -0500] "GET /sipse/faces/javax.faces.resource/layout/layout.js?ln=primefaces&v=4.0 HTTP/1.1" 304 -
216.244.66.195 - - [06/Sep/2023:14:29:35 -0500] "GET /BLA/resoluciones/AUTOS%202007/0790.pdf HTTP/1.1" 200 188474
201.245.192.253 - - [06/Sep/2023:14:29:42 -0500] "POST /forms/lservlet;jsessionid=ac16012b30d62f4415040f2249ea9738ec9c1b9579b0.e3iSbxaKaheRe34Rch0Ra3mLchv0n6jAmljGr5XDqQLvpAe HTTP/1.1" 200 2
216.244.66.195 - - [06/Sep/2023:14:29:55 -0500] "GET /BLA/resoluciones/AUTOS%202007/0794.pdf HTTP/1.1" 200 138767
201.245.192.253 - - [06/Sep/2023:14:29:54 -0500] "POST /kwsrmcab/Wsrmcab  HTTP/1.1" 200 42865
124.235.138.44 - - [06/Sep/2023:14:29:57 -0500] "GET / HTTP/1.1" 200 319
223.166.22.110 - - [06/Sep/2023:14:29:57 -0500] "GET /favicon.ico HTTP/1.1" 200 7782
216.244.66.195 - - [06/Sep/2023:14:30:13 -0500] "GET /BLA/resoluciones/AUTOS%202007/0838.pdf HTTP/1.1" 200 104461
216.244.66.195 - - [06/Sep/2023:14:30:32 -0500] "GET /BLA/resoluciones/AUTOS%202007/0962.pdf HTTP/1.1" 200 99661
216.245.221.92 - - [06/Sep/2023:14:30:35 -0500] "HEAD / HTTP/1.1" 200 -
216.244.66.195 - - [06/Sep/2023:14:30:48 -0500] "GET /BLA/resoluciones/AUTOS%202007/0983.pdf HTTP/1.1" 200 82928
216.244.66.195 - - [06/Sep/2023:14:31:03 -0500] "GET /BLA/resoluciones/AUTOS%202007/1007.pdf HTTP/1.1" 200 41128
216.244.66.195 - - [06/Sep/2023:14:31:17 -0500] "GET /BLA/resoluciones/AUTOS%202007/1118.pdf HTTP/1.1" 200 77561
172.22.2.4 - - [06/Sep/2023:14:31:21 -0500] "GET /BLA/boletinlegal/actos.php HTTP/1.1" 200 9682
172.22.2.4 - - [06/Sep/2023:14:31:22 -0500] "GET /BLA/boletinlegal/favicon.ico HTTP/1.1" 404 1326
172.22.2.4 - - [06/Sep/2023:14:31:28 -0500] "GET /BLA/boletinlegal/consulta_actos.php?tipo=autos&no=&usuario=&sector=SILVICULTURA&fecha=2023&resuelve= HTTP/1.1" 200 182232
216.244.66.195 - - [06/Sep/2023:14:31:30 -0500] "GET /BLA/resoluciones/AUTOS%202007/1159.pdf HTTP/1.1" 200 47115
181.51.33.111 - - [06/Sep/2023:14:31:35 -0500] "GET /BLA/resoluciones/AUTOS%202023/5310.pdf HTTP/1.1" 200 409153
172.22.2.4 - - [06/Sep/2023:14:29:58 -0500] "HEAD /BLA/boletinlegal/ HTTP/1.1" 200 -
216.244.66.195 - - [06/Sep/2023:14:31:41 -0500] "GET /BLA/resoluciones/AUTOS%202007/1183.pdf HTTP/1.1" 200 26237
201.245.192.253 - - [06/Sep/2023:14:31:42 -0500] "POST /forms/lservlet;jsessionid=ac16012b30d62f4415040f2249ea9738ec9c1b9579b0.e3iSbxaKaheRe34Rch0Ra3mLchv0n6jAmljGr5XDqQLvpAe HTTP/1.1" 200 2
20.15.133.167 - - [06/Sep/2023:14:31:45 -0500] "GET /robots.txt HTTP/1.1" 404 1018
216.244.66.195 - - [06/Sep/2023:14:31:52 -0500] "GET /BLA/resoluciones/AUTOS%202007/1467.pdf HTTP/1.1" 200 24341
20.15.133.163 - - [06/Sep/2023:14:31:58 -0500] "GET /bla/resoluciones/autos%202022/1893.pdf HTTP/1.1" 200 412454
201.245.192.253 - - [06/Sep/2023:14:32:00 -0500] "POST /sipse/faces/presentacion/financiero/solicitudProceso/consultar.xhtml HTTP/1.1" 200 12838
201.245.192.253 - - [06/Sep/2023:14:32:02 -0500] "POST /sipse/faces/presentacion/financiero/solicitudProceso/consultar.xhtml HTTP/1.1" 200 130279
201.245.192.253 - - [06/Sep/2023:14:32:03 -0500] "GET /sipse/faces/javax.faces.resource/jquery/jquery.js?ln=primefaces&v=4.0 HTTP/1.1" 304 -
201.245.192.253 - - [06/Sep/2023:14:32:03 -0500] "GET /sipse/faces/javax.faces.resource/jquery/jquery-plugins.js?ln=primefaces&v=4.0 HTTP/1.1" 304 -
201.245.192.253 - - [06/Sep/2023:14:32:03 -0500] "GET /sipse/faces/javax.faces.resource/primefaces.js?ln=primefaces&v=4.0 HTTP/1.1" 304 -
201.245.192.253 - - [06/Sep/2023:14:32:03 -0500] "GET /sipse/faces/javax.faces.resource/layout/layout.js?ln=primefaces&v=4.0 HTTP/1.1" 304 -
201.245.192.253 - - [06/Sep/2023:14:32:03 -0500] "GET /sipse/faces/javax.faces.resource/dynamiccontent.properties?ln=primefaces&pfdrid=XjOR5%2F%2FfPAZAuY9TpWQeCiM0BhlXxYRBGKi%2FQcXXfeA%3D&pfdrid_c=false HTTP/1.1" 500 383
216.244.66.195 - - [06/Sep/2023:14:32:06 -0500] "GET /BLA/resoluciones/AUTOS%202007/1724.pdf HTTP/1.1" 200 35020
51.222.253.14 - - [06/Sep/2023:14:32:10 -0500] "GET /cuales-son-los-tramites-ambientales-mas-solicitados-de-bogota.html HTTP/1.1" 200 840
201.245.192.253 - - [06/Sep/2023:14:32:12 -0500] "POST /sipse/faces/presentacion/financiero/solicitudProceso/consultarSolicitudProceso.xhtml HTTP/1.1" 200 46293
201.245.192.253 - - [06/Sep/2023:14:32:12 -0500] "GET /sipse/faces/javax.faces.resource/jquery/jquery.js?ln=primefaces&v=4.0 HTTP/1.1" 304 -
201.245.192.253 - - [06/Sep/2023:14:32:12 -0500] "GET /sipse/faces/javax.faces.resource/jquery/jquery-plugins.js?ln=primefaces&v=4.0 HTTP/1.1" 304 -
201.245.192.253 - - [06/Sep/2023:14:32:12 -0500] "GET /sipse/faces/javax.faces.resource/primefaces.js?ln=primefaces&v=4.0 HTTP/1.1" 304 -
201.245.192.253 - - [06/Sep/2023:14:32:13 -0500] "GET /sipse/faces/javax.faces.resource/layout/layout.js?ln=primefaces&v=4.0 HTTP/1.1" 304 -
201.245.192.253 - - [06/Sep/2023:14:32:13 -0500] "POST /sipse/faces/presentacion/financiero/solicitudProceso/consultar.xhtml HTTP/1.1" 200 39703
201.245.192.253 - - [06/Sep/2023:14:32:13 -0500] "POST /sipse/faces/presentacion/financiero/solicitudProceso/consultar.xhtml HTTP/1.1" 200 39703
201.245.192.253 - - [06/Sep/2023:14:32:15 -0500] "POST /sipse/faces/presentacion/financiero/solicitudProceso/consultar.xhtml HTTP/1.1" 200 12561
216.244.66.195 - - [06/Sep/2023:14:32:15 -0500] "GET /BLA/resoluciones/AUTOS%202007/1817.pdf HTTP/1.1" 200 28983
201.245.192.253 - - [06/Sep/2023:14:32:17 -0500] "POST /sipse/faces/presentacion/financiero/solicitudProceso/consultar.xhtml HTTP/1.1" 200 105547
201.245.192.253 - - [06/Sep/2023:14:32:17 -0500] "GET /sipse/faces/javax.faces.resource/jquery/jquery.js?ln=primefaces&v=4.0 HTTP/1.1" 304 -
201.245.192.253 - - [06/Sep/2023:14:32:17 -0500] "GET /sipse/faces/javax.faces.resource/jquery/jquery-plugins.js?ln=primefaces&v=4.0 HTTP/1.1" 304 -
201.245.192.253 - - [06/Sep/2023:14:32:17 -0500] "GET /sipse/faces/javax.faces.resource/primefaces.js?ln=primefaces&v=4.0 HTTP/1.1" 304 -
201.245.192.253 - - [06/Sep/2023:14:32:18 -0500] "GET /sipse/faces/javax.faces.resource/layout/layout.js?ln=primefaces&v=4.0 HTTP/1.1" 304 -
201.245.192.253 - - [06/Sep/2023:14:32:18 -0500] "GET /sipse/faces/javax.faces.resource/dynamiccontent.properties?ln=primefaces&pfdrid=XjOR5%2F%2FfPAZAuY9TpWQeCiM0BhlXxYRBGKi%2FQcXXfeA%3D&pfdrid_c=false HTTP/1.1" 500 383
216.244.66.195 - - [06/Sep/2023:14:32:24 -0500] "GET /BLA/resoluciones/AUTOS%202009/0907.pdf HTTP/1.1" 200 121899
201.245.192.253 - - [06/Sep/2023:14:32:26 -0500] "POST /sipse/faces/presentacion/financiero/solicitudProceso/consultarSolicitudProceso.xhtml HTTP/1.1" 200 46016
201.245.192.253 - - [06/Sep/2023:14:32:26 -0500] "GET /sipse/faces/javax.faces.resource/jquery/jquery.js?ln=primefaces&v=4.0 HTTP/1.1" 304 -
201.245.192.253 - - [06/Sep/2023:14:32:27 -0500] "GET /sipse/faces/javax.faces.resource/jquery/jquery-plugins.js?ln=primefaces&v=4.0 HTTP/1.1" 304 -
201.245.192.253 - - [06/Sep/2023:14:32:27 -0500] "GET /sipse/faces/javax.faces.resource/primefaces.js?ln=primefaces&v=4.0 HTTP/1.1" 304 -
201.245.192.253 - - [06/Sep/2023:14:32:27 -0500] "GET /sipse/faces/javax.faces.resource/layout/layout.js?ln=primefaces&v=4.0 HTTP/1.1" 304 -
201.245.192.253 - - [06/Sep/2023:14:32:27 -0500] "POST /sipse/faces/presentacion/financiero/solicitudProceso/consultar.xhtml HTTP/1.1" 200 39426
201.245.192.253 - - [06/Sep/2023:14:32:27 -0500] "POST /sipse/faces/presentacion/financiero/solicitudProceso/consultar.xhtml HTTP/1.1" 200 39426
201.245.192.253 - - [06/Sep/2023:14:32:27 -0500] "POST /sipse/faces/presentacion/financiero/solicitudProceso/consultar.xhtml HTTP/1.1" 200 39426
201.245.192.253 - - [06/Sep/2023:14:32:27 -0500] "POST /sipse/faces/presentacion/financiero/solicitudProceso/consultar.xhtml HTTP/1.1" 200 39426
172.22.2.4 - - [06/Sep/2023:14:30:48 -0500] "GET /BLA/boletinlegal/ HTTP/1.1" 200 49695
201.245.192.253 - - [06/Sep/2023:14:32:29 -0500] "POST /sipse/faces/presentacion/financiero/solicitudProceso/consultar.xhtml HTTP/1.1" 200 12607
201.245.192.253 - - [06/Sep/2023:14:32:30 -0500] "POST /sipse/faces/presentacion/financiero/solicitudProceso/consultar.xhtml HTTP/1.1" 200 103957
201.245.192.253 - - [06/Sep/2023:14:32:31 -0500] "GET /sipse/faces/javax.faces.resource/jquery/jquery.js?ln=primefaces&v=4.0 HTTP/1.1" 304 -
201.245.192.253 - - [06/Sep/2023:14:32:31 -0500] "GET /sipse/faces/javax.faces.resource/jquery/jquery-plugins.js?ln=primefaces&v=4.0 HTTP/1.1" 304 -
201.245.192.253 - - [06/Sep/2023:14:32:31 -0500] "GET /sipse/faces/javax.faces.resource/primefaces.js?ln=primefaces&v=4.0 HTTP/1.1" 304 -
201.245.192.253 - - [06/Sep/2023:14:32:31 -0500] "GET /sipse/faces/javax.faces.resource/layout/layout.js?ln=primefaces&v=4.0 HTTP/1.1" 304 -
201.245.192.253 - - [06/Sep/2023:14:32:31 -0500] "GET /sipse/faces/javax.faces.resource/dynamiccontent.properties?ln=primefaces&pfdrid=XjOR5%2F%2FfPAZAuY9TpWQeCiM0BhlXxYRBGKi%2FQcXXfeA%3D&pfdrid_c=false HTTP/1.1" 500 383
216.244.66.195 - - [06/Sep/2023:14:32:33 -0500] "GET /BLA/resoluciones/AUTOS%202009/1078.pdf HTTP/1.1" 200 100919
172.22.2.4 - - [06/Sep/2023:14:30:58 -0500] "GET /BLA/boletinlegal/ HTTP/1.1" 200 50790
201.245.192.253 - - [06/Sep/2023:14:32:39 -0500] "POST /sipse/faces/presentacion/financiero/solicitudProceso/consultarSolicitudProceso.xhtml HTTP/1.1" 200 46062
201.245.192.253 - - [06/Sep/2023:14:32:39 -0500] "GET /sipse/faces/javax.faces.resource/jquery/jquery.js?ln=primefaces&v=4.0 HTTP/1.1" 304 -
201.245.192.253 - - [06/Sep/2023:14:32:39 -0500] "GET /sipse/faces/javax.faces.resource/jquery/jquery-plugins.js?ln=primefaces&v=4.0 HTTP/1.1" 304 -
201.245.192.253 - - [06/Sep/2023:14:32:39 -0500] "GET /sipse/faces/javax.faces.resource/primefaces.js?ln=primefaces&v=4.0 HTTP/1.1" 304 -
201.245.192.253 - - [06/Sep/2023:14:32:39 -0500] "GET /sipse/faces/javax.faces.resource/layout/layout.js?ln=primefaces&v=4.0 HTTP/1.1" 304 -
201.245.192.253 - - [06/Sep/2023:14:32:39 -0500] "POST /sipse/faces/presentacion/financiero/solicitudProceso/consultar.xhtml HTTP/1.1" 200 39472
201.245.192.253 - - [06/Sep/2023:14:32:39 -0500] "POST /sipse/faces/presentacion/financiero/solicitudProceso/consultar.xhtml HTTP/1.1" 200 39472
201.245.192.253 - - [06/Sep/2023:14:32:39 -0500] "POST /sipse/faces/presentacion/financiero/solicitudProceso/consultar.xhtml HTTP/1.1" 200 39472
216.244.66.195 - - [06/Sep/2023:14:32:39 -0500] "GET /BLA/resoluciones/AUTOS%202009/1120.pdf HTTP/1.1" 200 66811
201.245.192.253 - - [06/Sep/2023:14:32:39 -0500] "POST /sipse/faces/presentacion/financiero/solicitudProceso/consultar.xhtml HTTP/1.1" 200 39472
201.245.192.253 - - [06/Sep/2023:14:32:39 -0500] "POST /sipse/faces/presentacion/financiero/solicitudProceso/consultar.xhtml HTTP/1.1" 200 39472
201.245.192.253 - - [06/Sep/2023:14:32:40 -0500] "POST /sipse/faces/presentacion/financiero/solicitudProceso/consultar.xhtml HTTP/1.1" 200 39472
40.77.167.208 - - [06/Sep/2023:14:32:41 -0500] "GET /BLA/resoluciones/AUTOS%202023/1749.pdf HTTP/1.1" 200 425976
172.22.2.4 - - [06/Sep/2023:14:32:41 -0500] "GET /BLA/boletinlegal/actos.php HTTP/1.1" 200 9682
172.22.2.4 - - [06/Sep/2023:14:32:42 -0500] "GET /BLA/boletinlegal/favicon.ico HTTP/1.1" 404 1326
201.245.192.253 - - [06/Sep/2023:14:32:44 -0500] "POST /sipse/faces/presentacion/financiero/solicitudProceso/consultar.xhtml HTTP/1.1" 200 12816
216.244.66.195 - - [06/Sep/2023:14:32:45 -0500] "GET /BLA/resoluciones/AUTOS%202009/1784.pdf HTTP/1.1" 200 99102
201.245.192.253 - - [06/Sep/2023:14:32:46 -0500] "POST /sipse/faces/presentacion/financiero/solicitudProceso/consultar.xhtml HTTP/1.1" 200 116534
201.245.192.253 - - [06/Sep/2023:14:32:46 -0500] "GET /sipse/faces/javax.faces.resource/jquery/jquery.js?ln=primefaces&v=4.0 HTTP/1.1" 304 -
201.245.192.253 - - [06/Sep/2023:14:32:46 -0500] "GET /sipse/faces/javax.faces.resource/jquery/jquery-plugins.js?ln=primefaces&v=4.0 HTTP/1.1" 304 -
201.245.192.253 - - [06/Sep/2023:14:32:46 -0500] "GET /sipse/faces/javax.faces.resource/primefaces.js?ln=primefaces&v=4.0 HTTP/1.1" 304 -
201.245.192.253 - - [06/Sep/2023:14:32:47 -0500] "GET /sipse/faces/javax.faces.resource/layout/layout.js?ln=primefaces&v=4.0 HTTP/1.1" 304 -
201.245.192.253 - - [06/Sep/2023:14:32:47 -0500] "GET /sipse/faces/javax.faces.resource/dynamiccontent.properties?ln=primefaces&pfdrid=XjOR5%2F%2FfPAZAuY9TpWQeCiM0BhlXxYRBGKi%2FQcXXfeA%3D&pfdrid_c=false HTTP/1.1" 500 383
191.104.130.161 - - [06/Sep/2023:14:32:48 -0500] "GET /BLA/resoluciones/ HTTP/1.1" 200 13696
216.244.66.195 - - [06/Sep/2023:14:32:50 -0500] "GET /BLA/resoluciones/AUTOS%202009/1830.pdf HTTP/1.1" 200 128482
216.244.66.195 - - [06/Sep/2023:14:32:54 -0500] "GET /BLA/resoluciones/AUTOS%202009/1839.pdf HTTP/1.1" 200 102331
216.244.66.195 - - [06/Sep/2023:14:32:58 -0500] "GET /BLA/resoluciones/AUTOS%202009/1859.pdf HTTP/1.1" 200 99180
201.245.192.253 - - [06/Sep/2023:14:33:01 -0500] "POST /sipse/faces/presentacion/financiero/solicitudProceso/consultarSolicitudProceso.xhtml HTTP/1.1" 200 46271
201.245.192.253 - - [06/Sep/2023:14:33:01 -0500] "GET /sipse/faces/javax.faces.resource/jquery/jquery.js?ln=primefaces&v=4.0 HTTP/1.1" 304 -
201.245.192.253 - - [06/Sep/2023:14:33:01 -0500] "GET /sipse/faces/javax.faces.resource/jquery/jquery-plugins.js?ln=primefaces&v=4.0 HTTP/1.1" 304 -
201.245.192.253 - - [06/Sep/2023:14:33:01 -0500] "GET /sipse/faces/javax.faces.resource/primefaces.js?ln=primefaces&v=4.0 HTTP/1.1" 304 -
201.245.192.253 - - [06/Sep/2023:14:33:01 -0500] "GET /sipse/faces/javax.faces.resource/layout/layout.js?ln=primefaces&v=4.0 HTTP/1.1" 304 -
201.245.192.253 - - [06/Sep/2023:14:33:02 -0500] "POST /sipse/faces/presentacion/financiero/solicitudProceso/consultar.xhtml HTTP/1.1" 200 39681
201.245.192.253 - - [06/Sep/2023:14:33:02 -0500] "POST /sipse/faces/presentacion/financiero/solicitudProceso/consultar.xhtml HTTP/1.1" 200 39681
201.245.192.253 - - [06/Sep/2023:14:33:02 -0500] "POST /sipse/faces/presentacion/financiero/solicitudProceso/consultar.xhtml HTTP/1.1" 200 39681
201.245.192.253 - - [06/Sep/2023:14:33:02 -0500] "POST /sipse/faces/presentacion/financiero/solicitudProceso/consultar.xhtml HTTP/1.1" 200 39681
216.244.66.195 - - [06/Sep/2023:14:33:02 -0500] "GET /BLA/resoluciones/AUTOS%202009/2160.pdf HTTP/1.1" 200 82096
201.245.192.253 - - [06/Sep/2023:14:33:02 -0500] "POST /sipse/faces/presentacion/financiero/solicitudProceso/consultar.xhtml HTTP/1.1" 200 39681
201.245.192.253 - - [06/Sep/2023:14:33:02 -0500] "POST /sipse/faces/presentacion/financiero/solicitudProceso/consultar.xhtml HTTP/1.1" 200 39681
201.245.192.253 - - [06/Sep/2023:14:33:02 -0500] "POST /sipse/faces/presentacion/financiero/solicitudProceso/consultar.xhtml HTTP/1.1" 200 39681
201.245.192.253 - - [06/Sep/2023:14:33:02 -0500] "POST /sipse/faces/presentacion/financiero/solicitudProceso/consultar.xhtml HTTP/1.1" 200 39681
191.104.130.161 - - [06/Sep/2023:14:33:03 -0500] "GET /BLA/resoluciones/index.php?dir=RESOLUCIONES+2019%2F HTTP/1.1" 200 258011
201.245.192.253 - - [06/Sep/2023:14:33:04 -0500] "POST /sipse/faces/presentacion/financiero/solicitudProceso/consultar.xhtml HTTP/1.1" 200 12876
216.244.66.195 - - [06/Sep/2023:14:33:05 -0500] "GET /BLA/resoluciones/AUTOS%202009/2197.pdf HTTP/1.1" 200 113120
201.245.192.253 - - [06/Sep/2023:14:33:06 -0500] "POST /sipse/faces/presentacion/financiero/solicitudProceso/consultar.xhtml HTTP/1.1" 200 117322
201.245.192.253 - - [06/Sep/2023:14:33:07 -0500] "GET /sipse/faces/javax.faces.resource/jquery/jquery.js?ln=primefaces&v=4.0 HTTP/1.1" 304 -
201.245.192.253 - - [06/Sep/2023:14:33:07 -0500] "GET /sipse/faces/javax.faces.resource/jquery/jquery-plugins.js?ln=primefaces&v=4.0 HTTP/1.1" 304 -
201.245.192.253 - - [06/Sep/2023:14:33:07 -0500] "GET /sipse/faces/javax.faces.resource/primefaces.js?ln=primefaces&v=4.0 HTTP/1.1" 304 -
201.245.192.253 - - [06/Sep/2023:14:33:07 -0500] "GET /sipse/faces/javax.faces.resource/layout/layout.js?ln=primefaces&v=4.0 HTTP/1.1" 304 -
201.245.192.253 - - [06/Sep/2023:14:33:07 -0500] "GET /sipse/faces/javax.faces.resource/dynamiccontent.properties?ln=primefaces&pfdrid=XjOR5%2F%2FfPAZAuY9TpWQeCiM0BhlXxYRBGKi%2FQcXXfeA%3D&pfdrid_c=false HTTP/1.1" 500 383
201.245.192.253 - - [06/Sep/2023:14:33:17 -0500] "POST /sipse/faces/presentacion/financiero/solicitudProceso/consultarSolicitudProceso.xhtml HTTP/1.1" 200 46331
201.245.192.253 - - [06/Sep/2023:14:33:17 -0500] "GET /sipse/faces/javax.faces.resource/jquery/jquery.js?ln=primefaces&v=4.0 HTTP/1.1" 304 -
201.245.192.253 - - [06/Sep/2023:14:33:17 -0500] "GET /sipse/faces/javax.faces.resource/jquery/jquery-plugins.js?ln=primefaces&v=4.0 HTTP/1.1" 304 -
201.245.192.253 - - [06/Sep/2023:14:33:17 -0500] "GET /sipse/faces/javax.faces.resource/primefaces.js?ln=primefaces&v=4.0 HTTP/1.1" 304 -
216.244.66.195 - - [06/Sep/2023:14:33:18 -0500] "GET /BLA/resoluciones/AUTOS%202009/2584.pdf HTTP/1.1" 200 106044
201.245.192.253 - - [06/Sep/2023:14:33:18 -0500] "GET /sipse/faces/javax.faces.resource/layout/layout.js?ln=primefaces&v=4.0 HTTP/1.1" 304 -
201.245.192.253 - - [06/Sep/2023:14:33:18 -0500] "POST /sipse/faces/presentacion/financiero/solicitudProceso/consultar.xhtml HTTP/1.1" 200 39741
201.245.192.253 - - [06/Sep/2023:14:33:18 -0500] "POST /sipse/faces/presentacion/financiero/solicitudProceso/consultar.xhtml HTTP/1.1" 200 39741
201.245.192.253 - - [06/Sep/2023:14:33:18 -0500] "POST /sipse/faces/presentacion/financiero/solicitudProceso/consultar.xhtml HTTP/1.1" 200 39741
201.245.192.253 - - [06/Sep/2023:14:33:18 -0500] "POST /sipse/faces/presentacion/financiero/solicitudProceso/consultar.xhtml HTTP/1.1" 200 39741
201.245.192.253 - - [06/Sep/2023:14:33:18 -0500] "POST /sipse/faces/presentacion/financiero/solicitudProceso/consultar.xhtml HTTP/1.1" 200 39741
201.245.192.253 - - [06/Sep/2023:14:33:18 -0500] "POST /sipse/faces/presentacion/financiero/solicitudProceso/consultar.xhtml HTTP/1.1" 200 39741
201.245.192.253 - - [06/Sep/2023:14:33:18 -0500] "POST /sipse/faces/presentacion/financiero/solicitudProceso/consultar.xhtml HTTP/1.1" 200 39741
201.245.192.253 - - [06/Sep/2023:14:33:18 -0500] "POST /sipse/faces/presentacion/financiero/solicitudProceso/consultar.xhtml HTTP/1.1" 200 39741
201.245.192.253 - - [06/Sep/2023:14:33:18 -0500] "POST /sipse/faces/presentacion/financiero/solicitudProceso/consultar.xhtml HTTP/1.1" 200 39741
201.245.192.253 - - [06/Sep/2023:14:33:18 -0500] "POST /sipse/faces/presentacion/financiero/solicitudProceso/consultar.xhtml HTTP/1.1" 200 39741
216.244.66.195 - - [06/Sep/2023:14:33:27 -0500] "GET /BLA/resoluciones/AUTOS%202009/2632.pdf HTTP/1.1" 200 97320
216.244.66.195 - - [06/Sep/2023:14:33:35 -0500] "GET /BLA/resoluciones/AUTOS%202009/2708.pdf HTTP/1.1" 200 89665
201.245.192.253 - - [06/Sep/2023:14:33:42 -0500] "POST /forms/lservlet;jsessionid=ac16012b30d62f4415040f2249ea9738ec9c1b9579b0.e3iSbxaKaheRe34Rch0Ra3mLchv0n6jAmljGr5XDqQLvpAe HTTP/1.1" 200 2
216.244.66.195 - - [06/Sep/2023:14:33:44 -0500] "GET /BLA/resoluciones/AUTOS%202009/2756.pdf HTTP/1.1" 200 92605
216.244.66.195 - - [06/Sep/2023:14:33:51 -0500] "GET /BLA/resoluciones/AUTOS%202011/0019.pdf HTTP/1.1" 200 177002
40.77.167.63 - - [06/Sep/2023:14:33:52 -0500] "GET /bla/resoluciones/autos%202010/2298.pdf HTTP/1.1" 200 1581752
201.245.192.253 - - [06/Sep/2023:14:33:54 -0500] "POST /sipse/faces/presentacion/financiero/solicitudProceso/consultar.xhtml HTTP/1.1" 200 12933
201.245.192.253 - - [06/Sep/2023:14:33:55 -0500] "POST /sipse/faces/presentacion/financiero/solicitudProceso/consultar.xhtml HTTP/1.1" 200 110754
201.245.192.253 - - [06/Sep/2023:14:33:56 -0500] "GET /sipse/faces/javax.faces.resource/jquery/jquery.js?ln=primefaces&v=4.0 HTTP/1.1" 304 -
201.245.192.253 - - [06/Sep/2023:14:33:56 -0500] "GET /sipse/faces/javax.faces.resource/jquery/jquery-plugins.js?ln=primefaces&v=4.0 HTTP/1.1" 304 -
201.245.192.253 - - [06/Sep/2023:14:33:56 -0500] "GET /sipse/faces/javax.faces.resource/primefaces.js?ln=primefaces&v=4.0 HTTP/1.1" 304 -
201.245.192.253 - - [06/Sep/2023:14:33:56 -0500] "GET /sipse/faces/javax.faces.resource/layout/layout.js?ln=primefaces&v=4.0 HTTP/1.1" 304 -
201.245.192.253 - - [06/Sep/2023:14:33:56 -0500] "GET /sipse/faces/javax.faces.resource/dynamiccontent.properties?ln=primefaces&pfdrid=XjOR5%2F%2FfPAZAuY9TpWQeCiM0BhlXxYRBGKi%2FQcXXfeA%3D&pfdrid_c=false HTTP/1.1" 500 383
216.244.66.195 - - [06/Sep/2023:14:33:59 -0500] "GET /BLA/resoluciones/AUTOS%202011/0125.pdf HTTP/1.1" 200 141465
216.244.66.195 - - [06/Sep/2023:14:34:11 -0500] "GET /BLA/resoluciones/AUTOS%202011/0147.pdf HTTP/1.1" 200 262299
216.244.66.195 - - [06/Sep/2023:14:34:20 -0500] "GET /BLA/resoluciones/AUTOS%202011/0249.pdf HTTP/1.1" 200 155697
216.244.66.195 - - [06/Sep/2023:14:34:52 -0500] "GET /BLA/resoluciones/AUTOS%202011/0523.pdf HTTP/1.1" 200 103316
201.245.192.253 - - [06/Sep/2023:14:34:53 -0500] "POST /kwsrmcab/Wsrmcab  HTTP/1.1" 200 42865
201.245.192.253 - - [06/Sep/2023:14:35:15 -0500] "POST /sipse/faces/presentacion/financiero/solicitudProceso/consultarSolicitudProceso.xhtml HTTP/1.1" 200 46388
201.245.192.253 - - [06/Sep/2023:14:35:15 -0500] "GET /sipse/faces/javax.faces.resource/jquery/jquery.js?ln=primefaces&v=4.0 HTTP/1.1" 304 -
201.245.192.253 - - [06/Sep/2023:14:35:15 -0500] "GET /sipse/faces/javax.faces.resource/jquery/jquery-plugins.js?ln=primefaces&v=4.0 HTTP/1.1" 304 -
201.245.192.253 - - [06/Sep/2023:14:35:15 -0500] "GET /sipse/faces/javax.faces.resource/primefaces.js?ln=primefaces&v=4.0 HTTP/1.1" 304 -
201.245.192.253 - - [06/Sep/2023:14:35:15 -0500] "GET /sipse/faces/javax.faces.resource/layout/layout.js?ln=primefaces&v=4.0 HTTP/1.1" 304 -
201.245.192.253 - - [06/Sep/2023:14:35:15 -0500] "POST /sipse/faces/presentacion/financiero/solicitudProceso/consultar.xhtml HTTP/1.1" 200 39798
201.245.192.253 - - [06/Sep/2023:14:35:15 -0500] "POST /sipse/faces/presentacion/financiero/solicitudProceso/consultar.xhtml HTTP/1.1" 200 39798
201.245.192.253 - - [06/Sep/2023:14:35:15 -0500] "POST /sipse/faces/presentacion/financiero/solicitudProceso/consultar.xhtml HTTP/1.1" 200 39798
201.245.192.253 - - [06/Sep/2023:14:35:15 -0500] "POST /sipse/faces/presentacion/financiero/solicitudProceso/consultar.xhtml HTTP/1.1" 200 39798
201.245.192.253 - - [06/Sep/2023:14:35:15 -0500] "POST /sipse/faces/presentacion/financiero/solicitudProceso/consultar.xhtml HTTP/1.1" 200 39798
201.245.192.253 - - [06/Sep/2023:14:35:15 -0500] "POST /sipse/faces/presentacion/financiero/solicitudProceso/consultar.xhtml HTTP/1.1" 200 39798
201.245.192.253 - - [06/Sep/2023:14:35:16 -0500] "POST /sipse/faces/presentacion/financiero/solicitudProceso/consultar.xhtml HTTP/1.1" 200 39798
201.245.192.253 - - [06/Sep/2023:14:35:16 -0500] "POST /sipse/faces/presentacion/financiero/solicitudProceso/consultar.xhtml HTTP/1.1" 200 39798
201.245.192.253 - - [06/Sep/2023:14:35:16 -0500] "POST /sipse/faces/presentacion/financiero/solicitudProceso/consultar.xhtml HTTP/1.1" 200 39798
201.245.192.253 - - [06/Sep/2023:14:35:16 -0500] "POST /sipse/faces/presentacion/financiero/solicitudProceso/consultar.xhtml HTTP/1.1" 200 39798
201.245.192.253 - - [06/Sep/2023:14:35:16 -0500] "POST /sipse/faces/presentacion/financiero/solicitudProceso/consultar.xhtml HTTP/1.1" 200 39798
201.245.192.253 - - [06/Sep/2023:14:35:16 -0500] "POST /sipse/faces/presentacion/financiero/solicitudProceso/consultar.xhtml HTTP/1.1" 200 39798
216.244.66.195 - - [06/Sep/2023:14:35:18 -0500] "GET /BLA/resoluciones/AUTOS%202011/0700.pdf HTTP/1.1" 200 99421
201.245.192.253 - - [06/Sep/2023:14:35:23 -0500] "POST /sipse/faces/presentacion/financiero/solicitudProceso/consultar.xhtml HTTP/1.1" 200 12881
201.245.192.253 - - [06/Sep/2023:14:35:26 -0500] "POST /sipse/faces/presentacion/financiero/solicitudProceso/consultar.xhtml HTTP/1.1" 200 114264
201.245.192.253 - - [06/Sep/2023:14:35:26 -0500] "GET /sipse/faces/javax.faces.resource/jquery/jquery.js?ln=primefaces&v=4.0 HTTP/1.1" 304 -
191.92.180.90 - - [06/Sep/2023:14:35:27 -0500] "GET /secretaria-de-ambiente-abr HTTP/1.1" 404 1136
201.245.192.253 - - [06/Sep/2023:14:35:27 -0500] "GET /sipse/faces/javax.faces.resource/jquery/jquery-plugins.js?ln=primefaces&v=4.0 HTTP/1.1" 304 -
201.245.192.253 - - [06/Sep/2023:14:35:27 -0500] "GET /sipse/faces/javax.faces.resource/primefaces.js?ln=primefaces&v=4.0 HTTP/1.1" 304 -
191.92.180.90 - - [06/Sep/2023:14:35:27 -0500] "GET /favicon.ico HTTP/1.1" 404 1346
201.245.192.253 - - [06/Sep/2023:14:35:27 -0500] "GET /sipse/faces/javax.faces.resource/layout/layout.js?ln=primefaces&v=4.0 HTTP/1.1" 304 -
201.245.192.253 - - [06/Sep/2023:14:35:27 -0500] "GET /sipse/faces/javax.faces.resource/dynamiccontent.properties?ln=primefaces&pfdrid=XjOR5%2F%2FfPAZAuY9TpWQeCiM0BhlXxYRBGKi%2FQcXXfeA%3D&pfdrid_c=false HTTP/1.1" 500 383
201.245.192.253 - - [06/Sep/2023:14:35:34 -0500] "POST /sipse/faces/presentacion/financiero/solicitudProceso/consultarSolicitudProceso.xhtml HTTP/1.1" 200 46336
201.245.192.253 - - [06/Sep/2023:14:35:34 -0500] "GET /sipse/faces/javax.faces.resource/jquery/jquery.js?ln=primefaces&v=4.0 HTTP/1.1" 304 -
201.245.192.253 - - [06/Sep/2023:14:35:34 -0500] "GET /sipse/faces/javax.faces.resource/jquery/jquery-plugins.js?ln=primefaces&v=4.0 HTTP/1.1" 304 -
201.245.192.253 - - [06/Sep/2023:14:35:34 -0500] "GET /sipse/faces/javax.faces.resource/primefaces.js?ln=primefaces&v=4.0 HTTP/1.1" 304 -
201.245.192.253 - - [06/Sep/2023:14:35:34 -0500] "GET /sipse/faces/javax.faces.resource/layout/layout.js?ln=primefaces&v=4.0 HTTP/1.1" 304 -
201.245.192.253 - - [06/Sep/2023:14:35:34 -0500] "POST /sipse/faces/presentacion/financiero/solicitudProceso/consultar.xhtml HTTP/1.1" 200 39746
201.245.192.253 - - [06/Sep/2023:14:35:34 -0500] "POST /sipse/faces/presentacion/financiero/solicitudProceso/consultar.xhtml HTTP/1.1" 200 39746
201.245.192.253 - - [06/Sep/2023:14:35:34 -0500] "POST /sipse/faces/presentacion/financiero/solicitudProceso/consultar.xhtml HTTP/1.1" 200 39746
201.245.192.253 - - [06/Sep/2023:14:35:34 -0500] "POST /sipse/faces/presentacion/financiero/solicitudProceso/consultar.xhtml HTTP/1.1" 200 39746
201.245.192.253 - - [06/Sep/2023:14:35:34 -0500] "POST /sipse/faces/presentacion/financiero/solicitudProceso/consultar.xhtml HTTP/1.1" 200 39746
201.245.192.253 - - [06/Sep/2023:14:35:35 -0500] "POST /sipse/faces/presentacion/financiero/solicitudProceso/consultar.xhtml HTTP/1.1" 200 39746
216.245.221.92 - - [06/Sep/2023:14:35:35 -0500] "HEAD / HTTP/1.1" 200 -
201.245.192.253 - - [06/Sep/2023:14:35:35 -0500] "POST /sipse/faces/presentacion/financiero/solicitudProceso/consultar.xhtml HTTP/1.1" 200 39746
201.245.192.253 - - [06/Sep/2023:14:35:35 -0500] "POST /sipse/faces/presentacion/financiero/solicitudProceso/consultar.xhtml HTTP/1.1" 200 39746
201.245.192.253 - - [06/Sep/2023:14:35:35 -0500] "POST /sipse/faces/presentacion/financiero/solicitudProceso/consultar.xhtml HTTP/1.1" 200 39746
201.245.192.253 - - [06/Sep/2023:14:35:35 -0500] "POST /sipse/faces/presentacion/financiero/solicitudProceso/consultar.xhtml HTTP/1.1" 200 39746
201.245.192.253 - - [06/Sep/2023:14:35:35 -0500] "POST /sipse/faces/presentacion/financiero/solicitudProceso/consultar.xhtml HTTP/1.1" 200 39746
201.245.192.253 - - [06/Sep/2023:14:35:36 -0500] "POST /sipse/faces/presentacion/financiero/solicitudProceso/consultar.xhtml HTTP/1.1" 200 39746
201.245.192.253 - - [06/Sep/2023:14:35:36 -0500] "POST /sipse/faces/presentacion/financiero/solicitudProceso/consultar.xhtml HTTP/1.1" 200 39746
201.245.192.253 - - [06/Sep/2023:14:35:36 -0500] "POST /sipse/faces/presentacion/financiero/solicitudProceso/consultar.xhtml HTTP/1.1" 200 39746
201.245.192.253 - - [06/Sep/2023:14:35:39 -0500] "POST /sipse/faces/presentacion/financiero/solicitudProceso/consultar.xhtml HTTP/1.1" 200 13426
201.245.192.253 - - [06/Sep/2023:14:35:41 -0500] "POST /sipse/faces/presentacion/financiero/solicitudProceso/consultar.xhtml HTTP/1.1" 200 109552
201.245.192.253 - - [06/Sep/2023:14:35:41 -0500] "GET /sipse/faces/javax.faces.resource/jquery/jquery.js?ln=primefaces&v=4.0 HTTP/1.1" 304 -
201.245.192.253 - - [06/Sep/2023:14:35:41 -0500] "GET /sipse/faces/javax.faces.resource/jquery/jquery-plugins.js?ln=primefaces&v=4.0 HTTP/1.1" 304 -
201.245.192.253 - - [06/Sep/2023:14:35:41 -0500] "GET /sipse/faces/javax.faces.resource/primefaces.js?ln=primefaces&v=4.0 HTTP/1.1" 304 -
201.245.192.253 - - [06/Sep/2023:14:35:41 -0500] "GET /sipse/faces/javax.faces.resource/layout/layout.js?ln=primefaces&v=4.0 HTTP/1.1" 304 -
201.245.192.253 - - [06/Sep/2023:14:35:41 -0500] "GET /sipse/faces/javax.faces.resource/dynamiccontent.properties?ln=primefaces&pfdrid=XjOR5%2F%2FfPAZAuY9TpWQeCiM0BhlXxYRBGKi%2FQcXXfeA%3D&pfdrid_c=false HTTP/1.1" 500 383
201.245.192.253 - - [06/Sep/2023:14:35:42 -0500] "POST /forms/lservlet;jsessionid=ac16012b30d62f4415040f2249ea9738ec9c1b9579b0.e3iSbxaKaheRe34Rch0Ra3mLchv0n6jAmljGr5XDqQLvpAe HTTP/1.1" 200 2
201.245.192.253 - - [06/Sep/2023:14:35:53 -0500] "POST /sipse/faces/presentacion/financiero/solicitudProceso/consultarSolicitudProceso.xhtml HTTP/1.1" 200 46881
201.245.192.253 - - [06/Sep/2023:14:35:53 -0500] "GET /sipse/faces/javax.faces.resource/jquery/jquery.js?ln=primefaces&v=4.0 HTTP/1.1" 304 -
201.245.192.253 - - [06/Sep/2023:14:35:53 -0500] "GET /sipse/faces/javax.faces.resource/jquery/jquery-plugins.js?ln=primefaces&v=4.0 HTTP/1.1" 304 -
201.245.192.253 - - [06/Sep/2023:14:35:53 -0500] "GET /sipse/faces/javax.faces.resource/primefaces.js?ln=primefaces&v=4.0 HTTP/1.1" 304 -
201.245.192.253 - - [06/Sep/2023:14:35:54 -0500] "GET /sipse/faces/javax.faces.resource/layout/layout.js?ln=primefaces&v=4.0 HTTP/1.1" 304 -
201.245.192.253 - - [06/Sep/2023:14:35:54 -0500] "POST /sipse/faces/presentacion/financiero/solicitudProceso/consultar.xhtml HTTP/1.1" 200 40291
201.245.192.253 - - [06/Sep/2023:14:35:54 -0500] "POST /sipse/faces/presentacion/financiero/solicitudProceso/consultar.xhtml HTTP/1.1" 200 40291
201.245.192.253 - - [06/Sep/2023:14:35:54 -0500] "POST /sipse/faces/presentacion/financiero/solicitudProceso/consultar.xhtml HTTP/1.1" 200 40291
201.245.192.253 - - [06/Sep/2023:14:35:54 -0500] "POST /sipse/faces/presentacion/financiero/solicitudProceso/consultar.xhtml HTTP/1.1" 200 40291
201.245.192.253 - - [06/Sep/2023:14:35:54 -0500] "POST /sipse/faces/presentacion/financiero/solicitudProceso/consultar.xhtml HTTP/1.1" 200 40291
201.245.192.253 - - [06/Sep/2023:14:35:54 -0500] "POST /sipse/faces/presentacion/financiero/solicitudProceso/consultar.xhtml HTTP/1.1" 200 40291
201.245.192.253 - - [06/Sep/2023:14:35:54 -0500] "POST /sipse/faces/presentacion/financiero/solicitudProceso/consultar.xhtml HTTP/1.1" 200 40291
201.245.192.253 - - [06/Sep/2023:14:35:54 -0500] "POST /sipse/faces/presentacion/financiero/solicitudProceso/consultar.xhtml HTTP/1.1" 200 40291
201.245.192.253 - - [06/Sep/2023:14:35:54 -0500] "POST /sipse/faces/presentacion/financiero/solicitudProceso/consultar.xhtml HTTP/1.1" 200 40291
201.245.192.253 - - [06/Sep/2023:14:35:54 -0500] "POST /sipse/faces/presentacion/financiero/solicitudProceso/consultar.xhtml HTTP/1.1" 200 40291
201.245.192.253 - - [06/Sep/2023:14:35:54 -0500] "POST /sipse/faces/presentacion/financiero/solicitudProceso/consultar.xhtml HTTP/1.1" 200 40291
201.245.192.253 - - [06/Sep/2023:14:35:54 -0500] "POST /sipse/faces/presentacion/financiero/solicitudProceso/consultar.xhtml HTTP/1.1" 200 40291
201.245.192.253 - - [06/Sep/2023:14:35:54 -0500] "POST /sipse/faces/presentacion/financiero/solicitudProceso/consultar.xhtml HTTP/1.1" 200 40291
201.245.192.253 - - [06/Sep/2023:14:35:54 -0500] "POST /sipse/faces/presentacion/financiero/solicitudProceso/consultar.xhtml HTTP/1.1" 200 40291
201.245.192.253 - - [06/Sep/2023:14:35:54 -0500] "POST /sipse/faces/presentacion/financiero/solicitudProceso/consultar.xhtml HTTP/1.1" 200 40291
201.245.192.253 - - [06/Sep/2023:14:35:54 -0500] "POST /sipse/faces/presentacion/financiero/solicitudProceso/consultar.xhtml HTTP/1.1" 200 40291
201.245.192.253 - - [06/Sep/2023:14:35:58 -0500] "POST /sipse/faces/presentacion/financiero/solicitudProceso/consultar.xhtml HTTP/1.1" 200 13343
201.245.192.253 - - [06/Sep/2023:14:36:00 -0500] "POST /sipse/faces/presentacion/financiero/solicitudProceso/consultar.xhtml HTTP/1.1" 200 110106
201.245.192.253 - - [06/Sep/2023:14:36:00 -0500] "GET /sipse/faces/javax.faces.resource/jquery/jquery.js?ln=primefaces&v=4.0 HTTP/1.1" 304 -
201.245.192.253 - - [06/Sep/2023:14:36:00 -0500] "GET /sipse/faces/javax.faces.resource/jquery/jquery-plugins.js?ln=primefaces&v=4.0 HTTP/1.1" 304 -
201.245.192.253 - - [06/Sep/2023:14:36:00 -0500] "GET /sipse/faces/javax.faces.resource/primefaces.js?ln=primefaces&v=4.0 HTTP/1.1" 304 -
201.245.192.253 - - [06/Sep/2023:14:36:00 -0500] "GET /sipse/faces/javax.faces.resource/layout/layout.js?ln=primefaces&v=4.0 HTTP/1.1" 304 -
201.245.192.253 - - [06/Sep/2023:14:36:00 -0500] "GET /sipse/faces/javax.faces.resource/dynamiccontent.properties?ln=primefaces&pfdrid=XjOR5%2F%2FfPAZAuY9TpWQeCiM0BhlXxYRBGKi%2FQcXXfeA%3D&pfdrid_c=false HTTP/1.1" 500 383
201.245.192.253 - - [06/Sep/2023:14:36:11 -0500] "POST /sipse/faces/presentacion/financiero/solicitudProceso/consultarSolicitudProceso.xhtml HTTP/1.1" 200 46798
201.245.192.253 - - [06/Sep/2023:14:36:11 -0500] "GET /sipse/faces/javax.faces.resource/jquery/jquery.js?ln=primefaces&v=4.0 HTTP/1.1" 304 -
201.245.192.253 - - [06/Sep/2023:14:36:11 -0500] "GET /sipse/faces/javax.faces.resource/jquery/jquery-plugins.js?ln=primefaces&v=4.0 HTTP/1.1" 304 -
201.245.192.253 - - [06/Sep/2023:14:36:12 -0500] "GET /sipse/faces/javax.faces.resource/primefaces.js?ln=primefaces&v=4.0 HTTP/1.1" 304 -
201.245.192.253 - - [06/Sep/2023:14:36:12 -0500] "GET /sipse/faces/javax.faces.resource/layout/layout.js?ln=primefaces&v=4.0 HTTP/1.1" 304 -
201.245.192.253 - - [06/Sep/2023:14:36:12 -0500] "POST /sipse/faces/presentacion/financiero/solicitudProceso/consultar.xhtml HTTP/1.1" 200 40208
201.245.192.253 - - [06/Sep/2023:14:36:12 -0500] "POST /sipse/faces/presentacion/financiero/solicitudProceso/consultar.xhtml HTTP/1.1" 200 40208
201.245.192.253 - - [06/Sep/2023:14:36:12 -0500] "POST /sipse/faces/presentacion/financiero/solicitudProceso/consultar.xhtml HTTP/1.1" 200 40208
201.245.192.253 - - [06/Sep/2023:14:36:12 -0500] "POST /sipse/faces/presentacion/financiero/solicitudProceso/consultar.xhtml HTTP/1.1" 200 40208
201.245.192.253 - - [06/Sep/2023:14:36:12 -0500] "POST /sipse/faces/presentacion/financiero/solicitudProceso/consultar.xhtml HTTP/1.1" 200 40208
201.245.192.253 - - [06/Sep/2023:14:36:12 -0500] "POST /sipse/faces/presentacion/financiero/solicitudProceso/consultar.xhtml HTTP/1.1" 200 40208
201.245.192.253 - - [06/Sep/2023:14:36:12 -0500] "POST /sipse/faces/presentacion/financiero/solicitudProceso/consultar.xhtml HTTP/1.1" 200 40208
201.245.192.253 - - [06/Sep/2023:14:36:12 -0500] "POST /sipse/faces/presentacion/financiero/solicitudProceso/consultar.xhtml HTTP/1.1" 200 40208
201.245.192.253 - - [06/Sep/2023:14:36:12 -0500] "POST /sipse/faces/presentacion/financiero/solicitudProceso/consultar.xhtml HTTP/1.1" 200 40208
201.245.192.253 - - [06/Sep/2023:14:36:12 -0500] "POST /sipse/faces/presentacion/financiero/solicitudProceso/consultar.xhtml HTTP/1.1" 200 40208
