201.245.192.253 - - [06/Sep/2023:13:50:02 -0500] "POST /kwsrmcab/Wsrmcab  HTTP/1.1" 200 42865
106.119.167.146 - - [06/Sep/2023:13:50:11 -0500] "GET / HTTP/1.1" 200 319
201.221.172.70 - - [06/Sep/2023:13:50:20 -0500] "GET /secretaria-de-ambiente-abr HTTP/1.1" 404 1136
216.245.221.92 - - [06/Sep/2023:13:50:35 -0500] "HEAD / HTTP/1.1" 200 -
172.22.2.4 - - [06/Sep/2023:13:48:08 -0500] "HEAD /BLA/boletinlegal/ HTTP/1.1" 200 -
172.22.2.4 - - [06/Sep/2023:13:50:54 -0500] "GET /BLA/boletinlegal/ HTTP/1.1" 200 20427
216.244.66.195 - - [06/Sep/2023:13:51:32 -0500] "GET /robots.txt HTTP/1.1" 404 1018
172.22.2.4 - - [06/Sep/2023:13:48:58 -0500] "GET /BLA/boletinlegal/ HTTP/1.1" 200 60342
201.245.192.253 - - [06/Sep/2023:13:51:42 -0500] "POST /forms/lservlet;jsessionid=ac16012b30d62f4415040f2249ea9738ec9c1b9579b0.e3iSbxaKaheRe34Rch0Ra3mLchv0n6jAmljGr5XDqQLvpAe HTTP/1.1" 200 2
186.85.212.95 - - [06/Sep/2023:13:52:22 -0500] "GET /sipse/faces/javax.faces.resource/theme.css?ln=primefaces-sipse HTTP/1.1" 304 -
186.85.212.95 - - [06/Sep/2023:13:52:22 -0500] "GET /sipse/faces/faces/autenticacion.xhtml HTTP/1.1" 200 12187
186.85.212.95 - - [06/Sep/2023:13:52:22 -0500] "GET /sipse/faces/javax.faces.resource/primefaces.css?ln=primefaces&v=4.0 HTTP/1.1" 304 -
186.85.212.95 - - [06/Sep/2023:13:52:22 -0500] "GET /sipse/faces/javax.faces.resource/theme.css?ln=primefaces-sipse HTTP/1.1" 304 -
186.85.212.95 - - [06/Sep/2023:13:52:22 -0500] "GET /sipse/faces/javax.faces.resource/layout/layout.css?ln=primefaces&v=4.0 HTTP/1.1" 304 -
186.85.212.95 - - [06/Sep/2023:13:52:22 -0500] "GET /sipse/faces/javax.faces.resource/layout/layout.js?ln=primefaces&v=4.0 HTTP/1.1" 304 -
186.85.212.95 - - [06/Sep/2023:13:52:22 -0500] "GET /sipse/faces/javax.faces.resource/primefaces.js?ln=primefaces&v=4.0 HTTP/1.1" 304 -
186.85.212.95 - - [06/Sep/2023:13:52:22 -0500] "GET /sipse/faces/javax.faces.resource/jquery/jquery-plugins.js?ln=primefaces&v=4.0 HTTP/1.1" 304 -
186.85.212.95 - - [06/Sep/2023:13:52:22 -0500] "GET /sipse/faces/javax.faces.resource/jquery/jquery.js?ln=primefaces&v=4.0 HTTP/1.1" 304 -
186.85.212.95 - - [06/Sep/2023:13:52:22 -0500] "GET /sipse/faces/javax.faces.resource/images/ui-icons_898989_256x240.png?ln=primefaces-aristo HTTP/1.1" 304 -
186.85.212.95 - - [06/Sep/2023:13:52:24 -0500] "GET /sipse/faces/javax.faces.resource/theme.css?ln=primefaces-sipse HTTP/1.1" 304 -
186.85.212.95 - - [06/Sep/2023:13:52:25 -0500] "GET /sipse/faces/faces/autenticacion.xhtml HTTP/1.1" 200 12187
186.85.212.95 - - [06/Sep/2023:13:52:25 -0500] "GET /sipse/faces/javax.faces.resource/primefaces.css?ln=primefaces&v=4.0 HTTP/1.1" 304 -
186.85.212.95 - - [06/Sep/2023:13:52:25 -0500] "GET /sipse/faces/javax.faces.resource/jquery/jquery.js?ln=primefaces&v=4.0 HTTP/1.1" 304 -
186.85.212.95 - - [06/Sep/2023:13:52:25 -0500] "GET /sipse/faces/javax.faces.resource/theme.css?ln=primefaces-sipse HTTP/1.1" 304 -
186.85.212.95 - - [06/Sep/2023:13:52:25 -0500] "GET /sipse/faces/javax.faces.resource/layout/layout.css?ln=primefaces&v=4.0 HTTP/1.1" 304 -
186.85.212.95 - - [06/Sep/2023:13:52:25 -0500] "GET /sipse/faces/javax.faces.resource/jquery/jquery-plugins.js?ln=primefaces&v=4.0 HTTP/1.1" 304 -
186.85.212.95 - - [06/Sep/2023:13:52:25 -0500] "GET /sipse/faces/javax.faces.resource/primefaces.js?ln=primefaces&v=4.0 HTTP/1.1" 304 -
186.85.212.95 - - [06/Sep/2023:13:52:25 -0500] "GET /sipse/faces/javax.faces.resource/layout/layout.js?ln=primefaces&v=4.0 HTTP/1.1" 304 -
186.85.212.95 - - [06/Sep/2023:13:52:25 -0500] "GET /sipse/faces/javax.faces.resource/images/ui-icons_898989_256x240.png?ln=primefaces-aristo HTTP/1.1" 304 -
186.85.212.95 - - [06/Sep/2023:13:52:26 -0500] "GET /sipse/faces/javax.faces.resource/theme.css?ln=primefaces-sipse HTTP/1.1" 304 -
186.85.212.95 - - [06/Sep/2023:13:52:26 -0500] "GET /sipse/faces/faces/autenticacion.xhtml HTTP/1.1" 200 12187
186.85.212.95 - - [06/Sep/2023:13:52:27 -0500] "GET /sipse/faces/javax.faces.resource/layout/layout.css?ln=primefaces&v=4.0 HTTP/1.1" 304 -
186.85.212.95 - - [06/Sep/2023:13:52:27 -0500] "GET /sipse/faces/javax.faces.resource/primefaces.css?ln=primefaces&v=4.0 HTTP/1.1" 304 -
186.85.212.95 - - [06/Sep/2023:13:52:27 -0500] "GET /sipse/faces/javax.faces.resource/jquery/jquery.js?ln=primefaces&v=4.0 HTTP/1.1" 304 -
186.85.212.95 - - [06/Sep/2023:13:52:27 -0500] "GET /sipse/faces/javax.faces.resource/theme.css?ln=primefaces-sipse HTTP/1.1" 304 -
186.85.212.95 - - [06/Sep/2023:13:52:27 -0500] "GET /sipse/faces/javax.faces.resource/jquery/jquery-plugins.js?ln=primefaces&v=4.0 HTTP/1.1" 304 -
186.85.212.95 - - [06/Sep/2023:13:52:27 -0500] "GET /sipse/faces/javax.faces.resource/primefaces.js?ln=primefaces&v=4.0 HTTP/1.1" 304 -
186.85.212.95 - - [06/Sep/2023:13:52:27 -0500] "GET /sipse/faces/javax.faces.resource/layout/layout.js?ln=primefaces&v=4.0 HTTP/1.1" 304 -
186.85.212.95 - - [06/Sep/2023:13:52:28 -0500] "GET /sipse/faces/javax.faces.resource/images/ui-icons_898989_256x240.png?ln=primefaces-aristo HTTP/1.1" 304 -
172.22.2.4 - - [06/Sep/2023:13:53:36 -0500] "POST /BLA/boletinlegal/sdk HTTP/1.1" 404 1018
172.22.2.4 - - [06/Sep/2023:13:53:36 -0500] "GET /BLA/boletinlegal/1694026356 HTTP/1.1" 404 1018
172.22.2.4 - - [06/Sep/2023:13:53:36 -0500] "GET /BLA/boletinlegal/evox/about HTTP/1.1" 404 1018
172.22.2.4 - - [06/Sep/2023:13:53:36 -0500] "GET /BLA/boletinlegal/HNAP1 HTTP/1.1" 404 1018
201.245.192.253 - - [06/Sep/2023:13:53:42 -0500] "POST /forms/lservlet;jsessionid=ac16012b30d62f4415040f2249ea9738ec9c1b9579b0.e3iSbxaKaheRe34Rch0Ra3mLchv0n6jAmljGr5XDqQLvpAe HTTP/1.1" 200 2
172.22.2.4 - - [06/Sep/2023:13:53:57 -0500] "GET /BLA/boletinlegal/ HTTP/1.1" 200 20427
172.22.2.4 - - [06/Sep/2023:13:53:57 -0500] "GET /BLA/boletinlegal/ HTTP/1.1" 200 20427
186.102.50.166 - - [06/Sep/2023:13:54:48 -0500] "GET /kwssiamovil/sm/ldap/au?x=U2FsdGVkX1/Py9B4V4HWDOfr8SY9lllSM9G5pCpjbVUHVQvrRfG7vwYdGKORaT5l&y=U2FsdGVkX18/0EpFpuqVk10TT0NlLRh2nzYL4+kztMM= HTTP/1.1" 200 30
186.102.50.166 - - [06/Sep/2023:13:54:48 -0500] "GET /kwssiamovil/sm/acme/s?s=U2FsdGVkX1+SolVg/vbfaVBuAAjM+PzzjaThMvfMrdCwmGtONmNBTTTTz1Wrp9rD8aja6F5WLJqyDeJE6SyglJyueHoMgI3dlIh5lvyx7S4=&u=U2FsdGVkX19uMl5AWa1eceIfrNPj3nIjdxeHKlQBX0g=&y=U2FsdGVkX18/0EpFpuqVk10TT0NlLRh2nzYL4+kztMM= HTTP/1.1" 200 97
186.102.50.166 - - [06/Sep/2023:13:54:48 -0500] "GET /kwssiamovil/sm/acme/s?s=U2FsdGVkX1+wppVe8AoyiWPw0nHaCKeEMCb8Cy1p9x+baotXRfpnwtHPJksPzDNGfOMEiSXEuzTwnAIkbmCvhGLdTf04EcOeOAIVLIlCc1+rMUWp5lMKADQ0MuWu3omgcGzFxBD3T3x2xu4UuImgskHSKPXB/WZHemMYh6rj/mM9zcjwbVx+FH7bo+dzttItxsENb7yYO7DvMZ/hdb+RBLTLhAfLzTfcwWziI5AoD51mt4lUyjACZOr2E5Mf7Yq/gtzRToMg/9tliPUOAeaB8Vge7nzKJ2CtQULBPw9dN2CA+/P0XFFDHmV6N0XN5O40mvJn+o8rdRSolIxslHBKB1XjmW3LdnCqfAOAFxnzWPGUga9k9t5MhiJJiAhNgR1stfbfiZ0LXdYQrY+Py6Gqy6bvddB6kmBdZAd9CrULUbJR4zapOAxvlNJdcjCexmMFh0Sey0zzGcYZo3e37cF+HUcPPmZ/hvfgD7d0iUKPN3ZlHFm7aEMnuJnEyAkF2/ONQqA2B/h/BF+yCU0MWqzswT/mOqrnc0S+bIcHDF+A0xOyPwCNAwc0KnwPRi1khqvRQzDvds5D/bWDWPcrovssS2nJ4s4Im/8sKfc0pcoO/lsjanVUK+pY3uXcvlyjHgeRQDz5kowEfvURaBqIBUuJh0GrEoOO4vfsIr+KRolhMSR3TZU4ztvcm+Je3kEOsqiFucAhI88Iij7FC8K5WCrlpgGXIoKx1fyDOVjO5PKGAjTPWWlZoKVu7akiyrBJ7bjfUGUiG9UMVX8Yn7SJVYY5hnyVH0jNk8F17TvsWli0G3duDZS2SPintaJbAt6W/5SXuvZ8+OAWtr/WbYTRaOnx8up0EhZLvkR0tysOEWFDt7kejKkNYaCVdrPtD1EPIxf44d8uvij7YOm8ZR9ToyeGFA5wO9YmxentYHoMW20f6/+CZ0lCfavjTDqcAWRumEbHiHcvKEwLXb2jkK5W5q8346t0PPAhoFMjFGyOub4ArjWRdLTbci+CBf6eNXMYGSSSiHhcmxqKJl2Kf+fngaGM08nVcS/buiZ2jrxEu5B9CHa1xmo4au6gJJxgDiWSV/iUHnz8Tgeapj7AmaGiNElTaJW2NNAu3sCU6+0PP1Xp8def+G6NXRPnV1D/0Xu6vKh9Ckb4XzTed2u5AIdwfZPJzHU6zvM2t6hW0irG4vgvSjFCJ7TLY5VbIyz6I6WkwZg8WOOv1s3qkqgrCQQhtdRne54/vx/IGv9v9hwcZ41wKjG4R81LOzMdpbXFyYtAuS0ezTh/CZUzbTSX5wizGCHl2u5NxG+lNBNkBQbPGI29AtutO9Rx0TENQJVjBYxDSECtnGjxWQJEtfVc8ec2gQQZSYxctfkp/S0HDeScP+fUSuHWEr5kVUXkFNADLHID+npzWTi2UNWuHyzYrfEQ1r3xYilETk5OovCwX9JeGjbDjkfH4if7LGRjIhAZx07W6E9wwwEIFzudjYoPnRXc6tFcWzHhCgdYwLaeiFOPkYaMw3zKDTDzv9y21tdfnQE4kJuDlg+sazVC1UN7w2QxpnDKg9y0Btsd+z9qAbw78k6LqHxiUZZnQzPBpngIx451Ajz/sc6SSfWst8NRaCl5x68WTa5gYKCQoMDuB/4AIEMuoszIZgwU21OVdrTsFAjK1vq1qnXhEFbS45uLoxFlCoYcniQeqJQKIYFv2zDm1ApR7i84mL0TV9msWF3EBFnsBk91cjJm+Ce85eQqla7LSfh2uJV2eQewBH8i9L1KyG+bM5c=&u=U2FsdGVkX19uMl5AWa1eceIfrNPj3nIjdxeHKlQBX0g=&y=U2FsdGVkX18/0EpFpuqVk10TT0NlLRh2nzYL4+kztMM= HTTP/1.1" 200 405
186.102.50.166 - - [06/Sep/2023:13:54:48 -0500] "GET /kwssiamovil/sm/acme/s?s=U2FsdGVkX1/j46L0n6tHiAspwS8Gyg7Ay5Fup4QrGuCs3q63Dj2o32lXSIDdLH6IyXRifBVuiMCf6Ny1YsC7QvBjXFjjKML+/5fIsnPYHNpS/8VM0LpCJzjLgIAkO67Sf1LOHYeGMoq35cjwKeHIx5DKkgNMndE5k4Q9EU6uEte+Y5DJsEteS4B5Rlkhn36Nm2ylPxTN4CkdMB8xp03TQ5ELRrLdbwSAmjTQWu1pXvf7tMxv0/5doQw6st9At+PNxPWuckxZwUX0U0bSCA+b5e6ANDrNGcvronm8nYDQ1+iA0Lhr+linT55JL+MAsov7xkC2pvd8/m8U2oaoPAvlpw6ZeEGVOhfUxXmoWSgKj4k+aeZ3dGyZiqCq6hdl0FpSn3yCtVdo1hhizn20FxKxDRFP8Nt56Necg2DGJ4U5F0Fy6+Cpu/jowEOdtaGnbP8V3taCDfL6dnrmYvyjp5qG3osRJVExjYWiYFcqKopU1KpfKVyKPY2lAZU3i5F4n7ZSXVuDArzgFRSQiNHjDle5Vg/BrMN20Jv1ibEsmHYCzqgKhHQfeK2Oion7hcycqSlm+UrDUvqvUnWgWcKzepYW/dJJ4Jqa4EG1C8J+1M+B4pmTLz3fAHs/2Yg2GGPiReMvdoc4Sl/WxGvnEMeGQViAv12GA5xaWAURmmlBQ0FnzpE2wN4DcOyZjmMkUEU0r0bZCkqDKiIntDXpTrI4SjvHnct5T7ZY7YhQv2RnytBkqp5b+hbZMKPXZZOiMMysmOnP&u=U2FsdGVkX19uMl5AWa1eceIfrNPj3nIjdxeHKlQBX0g=&y=U2FsdGVkX18/0EpFpuqVk10TT0NlLRh2nzYL4+kztMM= HTTP/1.1" 200 1095
186.102.50.166 - - [06/Sep/2023:13:54:49 -0500] "GET /kwssiamovil/sm/cjson/pre?f=17&x=U2FsdGVkX1/Py9B4V4HWDOfr8SY9lllSM9G5pCpjbVUHVQvrRfG7vwYdGKORaT5l HTTP/1.1" 200 12747
186.102.50.166 - - [06/Sep/2023:13:54:49 -0500] "GET /kwssiamovil/sm/cjson/pre?f=6&x=U2FsdGVkX1/Py9B4V4HWDOfr8SY9lllSM9G5pCpjbVUHVQvrRfG7vwYdGKORaT5l HTTP/1.1" 200 34953
186.102.50.166 - - [06/Sep/2023:13:54:49 -0500] "GET /kwssiamovil/sm/cjson/pre?f=7&x=U2FsdGVkX1/Py9B4V4HWDOfr8SY9lllSM9G5pCpjbVUHVQvrRfG7vwYdGKORaT5l HTTP/1.1" 200 93332
186.102.50.166 - - [06/Sep/2023:13:54:49 -0500] "GET /kwssiamovil/sm/cjson/pre?f=4&x=U2FsdGVkX1/Py9B4V4HWDOfr8SY9lllSM9G5pCpjbVUHVQvrRfG7vwYdGKORaT5l HTTP/1.1" 200 33589
186.102.50.166 - - [06/Sep/2023:13:54:50 -0500] "GET /kwssiamovil/sm/cjson/pre?f=8&x=U2FsdGVkX1/Py9B4V4HWDOfr8SY9lllSM9G5pCpjbVUHVQvrRfG7vwYdGKORaT5l HTTP/1.1" 200 36010
186.102.50.166 - - [06/Sep/2023:13:54:49 -0500] "GET /kwssiamovil/sm/cjson/pre?f=5&x=U2FsdGVkX1/Py9B4V4HWDOfr8SY9lllSM9G5pCpjbVUHVQvrRfG7vwYdGKORaT5l HTTP/1.1" 200 96431
186.102.50.166 - - [06/Sep/2023:13:54:49 -0500] "GET /kwssiamovil/sm/cjson/pre?f=3&x=U2FsdGVkX1/Py9B4V4HWDOfr8SY9lllSM9G5pCpjbVUHVQvrRfG7vwYdGKORaT5l HTTP/1.1" 200 94843
201.245.192.253 - - [06/Sep/2023:13:55:01 -0500] "POST /kwsrmcab/Wsrmcab  HTTP/1.1" 200 42865
172.22.2.4 - - [06/Sep/2023:13:55:14 -0500] "GET /BLA/boletinlegal/favicon.ico HTTP/1.1" 404 1018
172.22.2.4 - - [06/Sep/2023:13:55:15 -0500] "GET /BLA/boletinlegal/robots.txt HTTP/1.1" 404 1018
216.245.221.92 - - [06/Sep/2023:13:55:35 -0500] "HEAD / HTTP/1.1" 200 -
172.22.2.4 - - [06/Sep/2023:13:53:58 -0500] "GET /BLA/boletinlegal/ HTTP/1.1" 200 40232
201.245.192.253 - - [06/Sep/2023:13:55:42 -0500] "POST /forms/lservlet;jsessionid=ac16012b30d62f4415040f2249ea9738ec9c1b9579b0.e3iSbxaKaheRe34Rch0Ra3mLchv0n6jAmljGr5XDqQLvpAe HTTP/1.1" 200 2
40.77.167.65 - - [06/Sep/2023:13:55:48 -0500] "GET /Publicaciones/2023EE203321.pdf HTTP/1.1" 200 231962
172.22.2.4 - - [06/Sep/2023:13:54:23 -0500] "GET /BLA/boletinlegal/ HTTP/1.1" 200 40981
191.156.182.23 - - [06/Sep/2023:13:56:04 -0500] "GET /favicon.ico HTTP/1.1" 404 1346
172.22.2.4 - - [06/Sep/2023:13:54:32 -0500] "GET /BLA/boletinlegal/ HTTP/1.1" 200 45101
172.22.2.4 - - [06/Sep/2023:13:54:49 -0500] "GET /BLA/boletinlegal/ HTTP/1.1" 200 42736
172.22.2.4 - - [06/Sep/2023:13:54:58 -0500] "HEAD /BLA/boletinlegal/ HTTP/1.1" 200 -
172.22.2.4 - - [06/Sep/2023:13:55:49 -0500] "GET /BLA/boletinlegal/ HTTP/1.1" 200 52656
201.245.192.253 - - [06/Sep/2023:13:57:42 -0500] "POST /forms/lservlet;jsessionid=ac16012b30d62f4415040f2249ea9738ec9c1b9579b0.e3iSbxaKaheRe34Rch0Ra3mLchv0n6jAmljGr5XDqQLvpAe HTTP/1.1" 200 2
54.226.244.180 - - [06/Sep/2023:13:57:43 -0500] "GET /inscribete-y-participa-en-la-convencion-internacional-de-emergencia-climatica-bogota-2023.html HTTP/1.1" 200 895
66.249.70.6 - - [06/Sep/2023:13:57:54 -0500] "GET /BLA/resoluciones/AUTOS%202014/6965.pdf HTTP/1.1" 200 608982
54.226.244.180 - - [06/Sep/2023:13:58:24 -0500] "GET /portaldeninos/ HTTP/1.1" 200 110175
172.22.2.4 - - [06/Sep/2023:13:58:28 -0500] "GET /BLA/boletinlegal/actos.php HTTP/1.1" 200 9682
191.92.180.90 - - [06/Sep/2023:13:58:56 -0500] "GET /secretaria-de-ambiente-abre-convocatoria-para-el-proceso-de-formacion-mujeres-cuidadoras-de-humedales.html HTTP/1.1" 200 943
201.245.192.253 - - [06/Sep/2023:13:59:42 -0500] "POST /forms/lservlet;jsessionid=ac16012b30d62f4415040f2249ea9738ec9c1b9579b0.e3iSbxaKaheRe34Rch0Ra3mLchv0n6jAmljGr5XDqQLvpAe HTTP/1.1" 200 2
201.245.192.253 - - [06/Sep/2023:14:00:00 -0500] "POST /kwsrmcab/Wsrmcab  HTTP/1.1" 200 42865
216.245.221.92 - - [06/Sep/2023:14:00:35 -0500] "HEAD / HTTP/1.1" 200 -
216.244.66.195 - - [06/Sep/2023:14:00:36 -0500] "GET /BLA/resoluciones/index.php?dir=&sort=date&order=asc HTTP/1.1" 200 13696
66.249.70.6 - - [06/Sep/2023:13:59:22 -0500] "HEAD /BLA/boletinlegal/index.php HTTP/1.1" 200 -
201.245.192.253 - - [06/Sep/2023:14:01:39 -0500] "POST /sipse/faces/presentacion/financiero/solicitudProceso/consultar.xhtml HTTP/1.1" 200 12799
201.245.192.253 - - [06/Sep/2023:14:01:39 -0500] "POST /sipse/faces/presentacion/financiero/solicitudProceso/consultar.xhtml HTTP/1.1" 200 12799
201.245.192.253 - - [06/Sep/2023:14:01:40 -0500] "POST /sipse/faces/presentacion/financiero/solicitudProceso/consultar.xhtml HTTP/1.1" 200 12799
201.245.192.253 - - [06/Sep/2023:14:01:41 -0500] "POST /sipse/faces/presentacion/financiero/solicitudProceso/consultar.xhtml HTTP/1.1" 200 12799
201.245.192.253 - - [06/Sep/2023:14:01:41 -0500] "POST /sipse/faces/presentacion/financiero/solicitudProceso/consultar.xhtml HTTP/1.1" 200 12799
201.245.192.253 - - [06/Sep/2023:14:01:42 -0500] "POST /forms/lservlet;jsessionid=ac16012b30d62f4415040f2249ea9738ec9c1b9579b0.e3iSbxaKaheRe34Rch0Ra3mLchv0n6jAmljGr5XDqQLvpAe HTTP/1.1" 200 2
201.245.192.253 - - [06/Sep/2023:14:01:43 -0500] "POST /sipse/faces/presentacion/financiero/solicitudProceso/consultar.xhtml HTTP/1.1" 200 12799
201.245.192.253 - - [06/Sep/2023:14:01:44 -0500] "POST /sipse/faces/presentacion/financiero/solicitudProceso/consultar.xhtml HTTP/1.1" 200 12799
172.22.2.4 - - [06/Sep/2023:14:00:48 -0500] "HEAD /BLA/boletinlegal/ HTTP/1.1" 200 -
216.244.66.195 - - [06/Sep/2023:14:02:46 -0500] "GET /BLA/resoluciones/AUTOS%202014/7387.pdf HTTP/1.1" 200 2226412
172.22.2.4 - - [06/Sep/2023:14:01:38 -0500] "GET /BLA/boletinlegal/ HTTP/1.1" 200 60692
201.245.192.253 - - [06/Sep/2023:14:03:42 -0500] "POST /forms/lservlet;jsessionid=ac16012b30d62f4415040f2249ea9738ec9c1b9579b0.e3iSbxaKaheRe34Rch0Ra3mLchv0n6jAmljGr5XDqQLvpAe HTTP/1.1" 200 2
40.77.167.65 - - [06/Sep/2023:14:04:28 -0500] "GET /BLA/resoluciones/AUTOS%202022/3603.pdf HTTP/1.1" 304 -
40.77.167.65 - - [06/Sep/2023:14:04:28 -0500] "GET /BLA/resoluciones/AUTOS%202023/4096.pdf HTTP/1.1" 200 3479399
201.245.192.253 - - [06/Sep/2023:14:04:59 -0500] "POST /kwsrmcab/Wsrmcab  HTTP/1.1" 200 42865
66.249.70.7 - - [06/Sep/2023:14:03:50 -0500] "HEAD /BLA/boletinlegal/index.php HTTP/1.1" 200 -
216.245.221.92 - - [06/Sep/2023:14:05:35 -0500] "HEAD / HTTP/1.1" 200 -
201.245.192.253 - - [06/Sep/2023:14:05:42 -0500] "POST /forms/lservlet;jsessionid=ac16012b30d62f4415040f2249ea9738ec9c1b9579b0.e3iSbxaKaheRe34Rch0Ra3mLchv0n6jAmljGr5XDqQLvpAe HTTP/1.1" 200 2
52.167.144.222 - - [06/Sep/2023:14:05:50 -0500] "GET /BLA/resoluciones/AUTOS%202023/3824.pdf HTTP/1.1" 200 2698224
216.244.66.195 - - [06/Sep/2023:14:05:59 -0500] "GET /pot-2013/cartografia/anexo01_sistema_hidrico.pdf HTTP/1.1" 200 5860035
190.70.197.103 - - [06/Sep/2023:14:06:10 -0500] "POST /sipse/faces/presentacion/financiero/solicitudProceso/listarSolicitudProceso.xhtml HTTP/1.1" 200 30145
190.70.197.103 - - [06/Sep/2023:14:06:11 -0500] "POST /sipse/faces/presentacion/financiero/solicitudProceso/listarSolicitudProceso.xhtml HTTP/1.1" 200 30145
190.70.197.103 - - [06/Sep/2023:14:06:12 -0500] "POST /sipse/faces/presentacion/financiero/solicitudProceso/listarSolicitudProceso.xhtml HTTP/1.1" 200 1400
190.70.197.103 - - [06/Sep/2023:14:06:13 -0500] "POST /sipse/faces/presentacion/financiero/solicitudProceso/listarSolicitudProceso.xhtml HTTP/1.1" 200 1396
216.244.66.195 - - [06/Sep/2023:14:06:20 -0500] "GET /BLA/resoluciones/AUTOS%202016/0611.pdf HTTP/1.1" 200 705106
190.70.197.103 - - [06/Sep/2023:14:06:33 -0500] "GET /sipse/faces/presentacion/financiero/solicitudProceso/consultarHistorialSolProceso.xhtml HTTP/1.1" 200 27593
190.70.197.103 - - [06/Sep/2023:14:06:34 -0500] "GET /sipse/js/disable_browser_buttons.js HTTP/1.1" 304 -
190.70.197.103 - - [06/Sep/2023:14:06:34 -0500] "GET /sipse/faces/javax.faces.resource/primefaces.css?ln=primefaces&v=4.0 HTTP/1.1" 304 -
190.70.197.103 - - [06/Sep/2023:14:06:34 -0500] "GET /sipse/faces/javax.faces.resource/theme.css?ln=primefaces-sipse HTTP/1.1" 304 -
190.70.197.103 - - [06/Sep/2023:14:06:34 -0500] "GET /sipse/css/custom_css_sg_prime.css HTTP/1.1" 304 -
190.70.197.103 - - [06/Sep/2023:14:06:34 -0500] "GET /sipse/js/jquery.min.js HTTP/1.1" 304 -
190.70.197.103 - - [06/Sep/2023:14:06:34 -0500] "GET /sipse/faces/javax.faces.resource/layout/layout.css?ln=primefaces&v=4.0 HTTP/1.1" 304 -
190.70.197.103 - - [06/Sep/2023:14:06:34 -0500] "GET /sipse/js/funciones.js HTTP/1.1" 304 -
190.70.197.103 - - [06/Sep/2023:14:06:34 -0500] "GET /sipse/css/custom_css_sg.css HTTP/1.1" 304 -
190.70.197.103 - - [06/Sep/2023:14:06:34 -0500] "GET /sipse/faces/javax.faces.resource/jquery/jquery.js?ln=primefaces&v=4.0 HTTP/1.1" 304 -
190.70.197.103 - - [06/Sep/2023:14:06:34 -0500] "GET /sipse/faces/javax.faces.resource/primefaces.js?ln=primefaces&v=4.0 HTTP/1.1" 304 -
190.70.197.103 - - [06/Sep/2023:14:06:34 -0500] "GET /sipse/faces/javax.faces.resource/jquery/jquery-plugins.js?ln=primefaces&v=4.0 HTTP/1.1" 304 -
190.70.197.103 - - [06/Sep/2023:14:06:34 -0500] "GET /sipse/faces/javax.faces.resource/layout/layout.js?ln=primefaces&v=4.0 HTTP/1.1" 304 -
190.70.197.103 - - [06/Sep/2023:14:06:34 -0500] "GET /sipse/imagenes/cargando.gif HTTP/1.1" 304 -
190.70.197.103 - - [06/Sep/2023:14:06:37 -0500] "POST /sipse/faces/presentacion/financiero/solicitudProceso/consultarHistorialSolProceso.xhtml HTTP/1.1" 200 184
190.70.197.103 - - [06/Sep/2023:14:06:37 -0500] "GET /sipse/faces/presentacion/financiero/solicitudAnulacion/solicitudAnulacion.xhtml HTTP/1.1" 200 78148
190.70.197.103 - - [06/Sep/2023:14:06:38 -0500] "GET /sipse/faces/javax.faces.resource/theme.css?ln=primefaces-sipse HTTP/1.1" 304 -
190.70.197.103 - - [06/Sep/2023:14:06:38 -0500] "GET /sipse/faces/javax.faces.resource/layout/layout.css?ln=primefaces&v=4.0 HTTP/1.1" 304 -
190.70.197.103 - - [06/Sep/2023:14:06:38 -0500] "GET /sipse/faces/javax.faces.resource/jquery/jquery.js?ln=primefaces&v=4.0 HTTP/1.1" 304 -
190.70.197.103 - - [06/Sep/2023:14:06:38 -0500] "GET /sipse/faces/javax.faces.resource/primefaces.css?ln=primefaces&v=4.0 HTTP/1.1" 304 -
190.70.197.103 - - [06/Sep/2023:14:06:38 -0500] "GET /sipse/faces/javax.faces.resource/jquery/jquery-plugins.js?ln=primefaces&v=4.0 HTTP/1.1" 304 -
190.70.197.103 - - [06/Sep/2023:14:06:38 -0500] "GET /sipse/faces/javax.faces.resource/primefaces.js?ln=primefaces&v=4.0 HTTP/1.1" 304 -
190.70.197.103 - - [06/Sep/2023:14:06:38 -0500] "GET /sipse/faces/javax.faces.resource/layout/layout.js?ln=primefaces&v=4.0 HTTP/1.1" 304 -
216.244.66.195 - - [06/Sep/2023:14:06:38 -0500] "GET /BLA/resoluciones/AUTOS%202016/0618.pdf HTTP/1.1" 200 702084
190.70.197.103 - - [06/Sep/2023:14:06:39 -0500] "POST /sipse/faces/presentacion/financiero/solicitudAnulacion/solicitudAnulacion.xhtml HTTP/1.1" 200 56299
190.70.197.103 - - [06/Sep/2023:14:06:41 -0500] "POST /sipse/faces/presentacion/financiero/solicitudAnulacion/solicitudAnulacion.xhtml HTTP/1.1" 200 36779
190.70.197.103 - - [06/Sep/2023:14:06:41 -0500] "GET /sipse/faces/javax.faces.resource/theme.css?ln=primefaces-sipse HTTP/1.1" 304 -
190.70.197.103 - - [06/Sep/2023:14:06:41 -0500] "GET /sipse/faces/javax.faces.resource/layout/layout.css?ln=primefaces&v=4.0 HTTP/1.1" 304 -
190.70.197.103 - - [06/Sep/2023:14:06:41 -0500] "GET /sipse/faces/javax.faces.resource/primefaces.css?ln=primefaces&v=4.0 HTTP/1.1" 304 -
190.70.197.103 - - [06/Sep/2023:14:06:41 -0500] "GET /sipse/faces/javax.faces.resource/jquery/jquery.js?ln=primefaces&v=4.0 HTTP/1.1" 304 -
190.70.197.103 - - [06/Sep/2023:14:06:41 -0500] "GET /sipse/faces/javax.faces.resource/jquery/jquery-plugins.js?ln=primefaces&v=4.0 HTTP/1.1" 304 -
190.70.197.103 - - [06/Sep/2023:14:06:42 -0500] "GET /sipse/faces/javax.faces.resource/primefaces.js?ln=primefaces&v=4.0 HTTP/1.1" 304 -
190.70.197.103 - - [06/Sep/2023:14:06:42 -0500] "GET /sipse/faces/javax.faces.resource/layout/layout.js?ln=primefaces&v=4.0 HTTP/1.1" 304 -
190.70.197.103 - - [06/Sep/2023:14:06:42 -0500] "POST /sipse/faces/presentacion/financiero/solicitudProceso/listarSolicitudProceso.xhtml HTTP/1.1" 200 1400
190.70.197.103 - - [06/Sep/2023:14:06:48 -0500] "POST /sipse/faces/presentacion/financiero/solicitudProceso/listarSolicitudProceso.xhtml HTTP/1.1" 200 14877
190.70.197.103 - - [06/Sep/2023:14:06:51 -0500] "POST /sipse/faces/presentacion/financiero/solicitudProceso/listarSolicitudProceso.xhtml HTTP/1.1" 200 14853
190.70.197.103 - - [06/Sep/2023:14:06:53 -0500] "POST /sipse/faces/presentacion/financiero/solicitudProceso/listarSolicitudProceso.xhtml HTTP/1.1" 200 27193
190.70.197.103 - - [06/Sep/2023:14:06:53 -0500] "POST /sipse/faces/presentacion/financiero/solicitudProceso/listarSolicitudProceso.xhtml HTTP/1.1" 200 27193
190.70.197.103 - - [06/Sep/2023:14:06:54 -0500] "POST /sipse/faces/presentacion/financiero/solicitudProceso/listarSolicitudProceso.xhtml HTTP/1.1" 200 1376
190.70.197.103 - - [06/Sep/2023:14:06:54 -0500] "POST /sipse/faces/presentacion/financiero/solicitudProceso/listarSolicitudProceso.xhtml HTTP/1.1" 200 1380
216.244.66.195 - - [06/Sep/2023:14:06:55 -0500] "GET /BLA/resoluciones/AUTOS%202016/0634.pdf HTTP/1.1" 200 493780
190.70.197.103 - - [06/Sep/2023:14:06:56 -0500] "POST /sipse/faces/presentacion/financiero/solicitudProceso/listarSolicitudProceso.xhtml HTTP/1.1" 200 184
190.70.197.103 - - [06/Sep/2023:14:06:56 -0500] "POST /sipse/faces/presentacion/financiero/solicitudProceso/listarSolicitudProceso.xhtml HTTP/1.1" 200 184
190.70.197.103 - - [06/Sep/2023:14:06:56 -0500] "GET /sipse/faces/presentacion/financiero/solicitudAnulacion/solicitudAnulacion.xhtml HTTP/1.1" 200 15776
190.70.197.103 - - [06/Sep/2023:14:06:56 -0500] "GET /sipse/faces/presentacion/financiero/solicitudAnulacion/solicitudAnulacion.xhtml HTTP/1.1" 200 78148
190.70.197.103 - - [06/Sep/2023:14:06:56 -0500] "GET /sipse/faces/javax.faces.resource/theme.css?ln=primefaces-sipse HTTP/1.1" 304 -
190.70.197.103 - - [06/Sep/2023:14:06:56 -0500] "GET /sipse/faces/javax.faces.resource/primefaces.css?ln=primefaces&v=4.0 HTTP/1.1" 304 -
190.70.197.103 - - [06/Sep/2023:14:06:56 -0500] "GET /sipse/faces/javax.faces.resource/layout/layout.css?ln=primefaces&v=4.0 HTTP/1.1" 304 -
190.70.197.103 - - [06/Sep/2023:14:06:56 -0500] "GET /sipse/faces/javax.faces.resource/jquery/jquery.js?ln=primefaces&v=4.0 HTTP/1.1" 304 -
190.70.197.103 - - [06/Sep/2023:14:06:56 -0500] "GET /sipse/faces/javax.faces.resource/jquery/jquery-plugins.js?ln=primefaces&v=4.0 HTTP/1.1" 304 -
190.70.197.103 - - [06/Sep/2023:14:06:56 -0500] "GET /sipse/faces/javax.faces.resource/primefaces.js?ln=primefaces&v=4.0 HTTP/1.1" 304 -
190.70.197.103 - - [06/Sep/2023:14:06:56 -0500] "GET /sipse/faces/javax.faces.resource/layout/layout.js?ln=primefaces&v=4.0 HTTP/1.1" 304 -
190.70.197.103 - - [06/Sep/2023:14:06:56 -0500] "POST /sipse/faces/presentacion/financiero/solicitudAnulacion/solicitudAnulacion.xhtml HTTP/1.1" 200 56299
190.70.197.103 - - [06/Sep/2023:14:06:59 -0500] "POST /sipse/faces/presentacion/financiero/solicitudAnulacion/solicitudAnulacion.xhtml HTTP/1.1" 200 66621
190.70.197.103 - - [06/Sep/2023:14:06:59 -0500] "POST /sipse/faces/presentacion/financiero/solicitudAnulacion/solicitudAnulacion.xhtml HTTP/1.1" 200 56359
190.70.197.103 - - [06/Sep/2023:14:07:03 -0500] "POST /sipse/faces/presentacion/financiero/solicitudAnulacion/solicitudAnulacion.xhtml HTTP/1.1" 200 66621
190.70.197.103 - - [06/Sep/2023:14:07:03 -0500] "POST /sipse/faces/presentacion/financiero/solicitudAnulacion/solicitudAnulacion.xhtml HTTP/1.1" 200 56363
190.70.197.103 - - [06/Sep/2023:14:07:05 -0500] "POST /sipse/faces/presentacion/financiero/solicitudAnulacion/solicitudAnulacion.xhtml HTTP/1.1" 200 3125
186.154.33.59 - - [06/Sep/2023:14:07:05 -0500] "GET /BLA/resoluciones/index.php?dir=RESOLUCIONES+2008%2F HTTP/1.1" 200 976272
190.70.197.103 - - [06/Sep/2023:14:07:06 -0500] "POST /sipse/faces/presentacion/financiero/solicitudAnulacion/solicitudAnulacion.xhtml HTTP/1.1" 200 38987
190.70.197.103 - - [06/Sep/2023:14:07:06 -0500] "GET /sipse/faces/javax.faces.resource/theme.css?ln=primefaces-sipse HTTP/1.1" 304 -
190.70.197.103 - - [06/Sep/2023:14:07:06 -0500] "GET /sipse/faces/javax.faces.resource/primefaces.css?ln=primefaces&v=4.0 HTTP/1.1" 304 -
190.70.197.103 - - [06/Sep/2023:14:07:06 -0500] "GET /sipse/faces/javax.faces.resource/layout/layout.css?ln=primefaces&v=4.0 HTTP/1.1" 304 -
190.70.197.103 - - [06/Sep/2023:14:07:06 -0500] "GET /sipse/faces/javax.faces.resource/jquery/jquery.js?ln=primefaces&v=4.0 HTTP/1.1" 304 -
190.70.197.103 - - [06/Sep/2023:14:07:06 -0500] "GET /sipse/faces/javax.faces.resource/jquery/jquery-plugins.js?ln=primefaces&v=4.0 HTTP/1.1" 304 -
190.70.197.103 - - [06/Sep/2023:14:07:06 -0500] "GET /sipse/faces/javax.faces.resource/primefaces.js?ln=primefaces&v=4.0 HTTP/1.1" 304 -
190.70.197.103 - - [06/Sep/2023:14:07:06 -0500] "GET /sipse/faces/javax.faces.resource/layout/layout.js?ln=primefaces&v=4.0 HTTP/1.1" 304 -
186.154.33.59 - - [06/Sep/2023:14:07:05 -0500] "GET /BLA/resoluciones/index.php?dir=RESOLUCIONES+2008%2F HTTP/1.1" 200 976272
216.244.66.195 - - [06/Sep/2023:14:07:11 -0500] "GET /BLA/resoluciones/AUTOS%202016/0691.pdf HTTP/1.1" 200 331995
190.70.197.103 - - [06/Sep/2023:14:07:12 -0500] "POST /sipse/faces/presentacion/financiero/solicitudProceso/consultar.xhtml HTTP/1.1" 200 2242
190.70.197.103 - - [06/Sep/2023:14:07:13 -0500] "POST /sipse/faces/presentacion/financiero/solicitudProceso/consultar.xhtml HTTP/1.1" 200 2246
190.70.197.103 - - [06/Sep/2023:14:07:13 -0500] "POST /sipse/faces/presentacion/financiero/solicitudProceso/consultar.xhtml HTTP/1.1" 200 2250
190.70.197.103 - - [06/Sep/2023:14:07:15 -0500] "POST /sipse/faces/presentacion/financiero/solicitudProceso/consultar.xhtml HTTP/1.1" 200 2250
190.70.197.103 - - [06/Sep/2023:14:07:16 -0500] "POST /sipse/faces/presentacion/financiero/solicitudProceso/consultar.xhtml HTTP/1.1" 200 2250
190.70.197.103 - - [06/Sep/2023:14:07:18 -0500] "POST /sipse/faces/presentacion/financiero/solicitudProceso/consultar.xhtml HTTP/1.1" 200 12867
216.244.66.195 - - [06/Sep/2023:14:07:25 -0500] "GET /BLA/resoluciones/AUTOS%202016/1302.pdf HTTP/1.1" 200 339774
190.70.197.103 - - [06/Sep/2023:14:07:25 -0500] "POST /sipse/faces/presentacion/financiero/solicitudProceso/consultar.xhtml HTTP/1.1" 200 5886
216.244.66.195 - - [06/Sep/2023:14:07:40 -0500] "GET /BLA/resoluciones/AUTOS%202016/1343.pdf HTTP/1.1" 200 529786
201.245.192.253 - - [06/Sep/2023:14:07:42 -0500] "POST /forms/lservlet;jsessionid=ac16012b30d62f4415040f2249ea9738ec9c1b9579b0.e3iSbxaKaheRe34Rch0Ra3mLchv0n6jAmljGr5XDqQLvpAe HTTP/1.1" 200 2
190.70.197.103 - - [06/Sep/2023:14:07:47 -0500] "GET /sipse/faces/autenticacion.xhtml HTTP/1.1" 200 12500
190.70.197.103 - - [06/Sep/2023:14:07:48 -0500] "GET /sipse/faces/javax.faces.resource/layout/layout.css;jsessionid=Q-YrtP7PZiwjoL4MSintt3CJ.undefined?ln=primefaces&v=4.0 HTTP/1.1" 200 542
190.70.197.103 - - [06/Sep/2023:14:07:48 -0500] "GET /sipse/css/custom_css_sg_prime_login.css HTTP/1.1" 304 -
190.70.197.103 - - [06/Sep/2023:14:07:48 -0500] "GET /sipse/faces/javax.faces.resource/theme.css?ln=primefaces-sipse HTTP/1.1" 304 -
190.70.197.103 - - [06/Sep/2023:14:07:48 -0500] "GET /sipse/faces/javax.faces.resource/primefaces.css;jsessionid=Q-YrtP7PZiwjoL4MSintt3CJ.undefined?ln=primefaces&v=4.0 HTTP/1.1" 200 53295
190.70.197.103 - - [06/Sep/2023:14:07:48 -0500] "GET /sipse/faces/javax.faces.resource/layout/layout.js;jsessionid=Q-YrtP7PZiwjoL4MSintt3CJ.undefined?ln=primefaces&v=4.0 HTTP/1.1" 200 87560
190.70.197.103 - - [06/Sep/2023:14:07:48 -0500] "GET /sipse/faces/javax.faces.resource/jquery/jquery.js;jsessionid=Q-YrtP7PZiwjoL4MSintt3CJ.undefined?ln=primefaces&v=4.0 HTTP/1.1" 200 105384
190.70.197.103 - - [06/Sep/2023:14:07:48 -0500] "GET /sipse/faces/javax.faces.resource/primefaces.js;jsessionid=Q-YrtP7PZiwjoL4MSintt3CJ.undefined?ln=primefaces&v=4.0 HTTP/1.1" 200 276924
190.70.197.103 - - [06/Sep/2023:14:07:48 -0500] "GET /sipse/faces/javax.faces.resource/jquery/jquery-plugins.js;jsessionid=Q-YrtP7PZiwjoL4MSintt3CJ.undefined?ln=primefaces&v=4.0 HTTP/1.1" 200 220526
190.70.197.103 - - [06/Sep/2023:14:07:48 -0500] "GET /sipse/css/imagen/logoSDG.png HTTP/1.1" 304 -
190.70.197.103 - - [06/Sep/2023:14:07:48 -0500] "GET /sipse/css/imagen/loginimg.png HTTP/1.1" 304 -
190.70.197.103 - - [06/Sep/2023:14:07:48 -0500] "GET /sipse/faces/javax.faces.resource/images/ui-icons_898989_256x240.png?ln=primefaces-aristo HTTP/1.1" 304 -
190.70.197.103 - - [06/Sep/2023:14:07:48 -0500] "GET /sipse/faces/index.xhtml HTTP/1.1" 200 677
190.70.197.103 - - [06/Sep/2023:14:07:48 -0500] "GET /sipse/faces/javax.faces.resource/theme.css?ln=primefaces-sipse HTTP/1.1" 304 -
190.70.197.103 - - [06/Sep/2023:14:07:48 -0500] "GET /sipse/faces/faces/autenticacion.xhtml HTTP/1.1" 200 12178
190.70.197.103 - - [06/Sep/2023:14:07:49 -0500] "GET /sipse/faces/javax.faces.resource/theme.css?ln=primefaces-sipse HTTP/1.1" 304 -
190.70.197.103 - - [06/Sep/2023:14:07:49 -0500] "GET /sipse/faces/javax.faces.resource/primefaces.css?ln=primefaces&v=4.0 HTTP/1.1" 304 -
190.70.197.103 - - [06/Sep/2023:14:07:49 -0500] "GET /sipse/faces/javax.faces.resource/layout/layout.css?ln=primefaces&v=4.0 HTTP/1.1" 304 -
190.70.197.103 - - [06/Sep/2023:14:07:49 -0500] "GET /sipse/faces/javax.faces.resource/jquery/jquery-plugins.js?ln=primefaces&v=4.0 HTTP/1.1" 304 -
190.70.197.103 - - [06/Sep/2023:14:07:49 -0500] "GET /sipse/faces/javax.faces.resource/jquery/jquery.js?ln=primefaces&v=4.0 HTTP/1.1" 304 -
190.70.197.103 - - [06/Sep/2023:14:07:49 -0500] "GET /sipse/faces/javax.faces.resource/primefaces.js?ln=primefaces&v=4.0 HTTP/1.1" 304 -
190.70.197.103 - - [06/Sep/2023:14:07:49 -0500] "GET /sipse/faces/javax.faces.resource/layout/layout.js?ln=primefaces&v=4.0 HTTP/1.1" 304 -
216.244.66.195 - - [06/Sep/2023:14:08:15 -0500] "GET /BLA/resoluciones/AUTOS%202016/1393.pdf HTTP/1.1" 200 398103
186.154.33.59 - - [06/Sep/2023:14:08:17 -0500] "GET /BLA/resoluciones/RESOLUCIONES%202008/0951.pdf HTTP/1.1" 200 421446
172.22.2.4 - - [06/Sep/2023:14:06:39 -0500] "HEAD /BLA/boletinlegal/ HTTP/1.1" 200 -
186.154.33.59 - - [06/Sep/2023:14:08:27 -0500] "GET /BLA/resoluciones/index.php?dir=RESOLUCIONES+2009%2F HTTP/1.1" 200 1694101
190.27.165.83 - - [06/Sep/2023:14:08:50 -0500] "OPTIONS /kwssiamovil/sm/setfile/f? HTTP/1.1" 200 13
190.27.165.83 - - [06/Sep/2023:14:08:50 -0500] "POST /kwssiamovil/sm/setfile/f? HTTP/1.1" 200 381
216.244.66.195 - - [06/Sep/2023:14:08:53 -0500] "GET /BLA/resoluciones/AUTOS%202016/1729.pdf HTTP/1.1" 200 468025
172.22.2.4 - - [06/Sep/2023:14:07:28 -0500] "GET /BLA/boletinlegal/ HTTP/1.1" 200 53013
186.155.33.207 - - [06/Sep/2023:14:09:12 -0500] "GET /secretaria-de-ambiente-abre-convocatoria-para-el-proceso-de-formacion-mujeres-cuidadoras-de-humedales.html HTTP/1.1" 200 943
190.27.165.83 - - [06/Sep/2023:14:09:16 -0500] "GET /kwssiamovil/sm/acme/a?s=U2FsdGVkX1+c9LzPUcrOg5SEcFYXXJgHe5WPU8VRy7V2wZpcONWKjh/EwWmHU7HgObz8GFe7uyq6hOUQgCqvDCMD5O2Q67SJE5JtNepGS+aPSR0c5EMjSD4Cn5o3TL96rPEjPr1Fbzu/sgL2xFK+WOWuJsGag212uqpSBGmArddALuAGbG178hf0K4CiAlnH5cTaoxJ/a43nEMXOE1GUcXPiaPZzDqtYIfS4ndDfQB5B7UjCzFutZxUfqBa8myGy/9YNNPknnTHz7ChFPPxO5g==&u=U2FsdGVkX1+F6MpcDr7mtzOgeRkixSpPUeTUmr2Mc7oRwpe+Wr/24iJ+Vgq0w9aq&y=U2FsdGVkX19DnCehkbgNM9YsO0VI4a+pns9Jj7gjIk0EdZaLY1q/VAmy1PEt875N HTTP/1.1" 200 26
190.27.165.83 - - [06/Sep/2023:14:09:17 -0500] "GET /kwssiamovil/sm/acme/a?s=U2FsdGVkX1/MUBXmDRVYHhakonDU2975idtJFfOct3CMAr97jwjiYT8Z1MpWFyvjxd9uj2xYzTPpiKa6u95EeJQo0Saz/0lB0DluqlBrh3ZG/AT6FJ92z9Nqgx5D4La0LI+hDEcGJk3JXxyBcXkAZ/6hgWPo6WaDzHYo3ZmV0Si2GOnngEtSAW7OikEo0DHK9iU9+3C/iWYVQWPpbOKX0viRKfWv5TI/K2My2/khYAUveXYPIx/TbxEd+NOaEXsnJkjQyxmUTaK+oaVZ7pvPl+xs6dD3wt8v3qs2/3AdyvsR6EOR+xAbLRvN1+LnXlXzp10FiaQ6Z/1XD5GWnOWu9n4ZC6/ilOYvD141UABU+Kps9vUN4V0Xp5802E4lx8ILYDQ45TceU1NSuUBhpHKM4FMj3KNGJp8Y9PrhgKFZQjpyw1xX0V6ES+12teIgWW2LQvCrfI/WwPLK8dm/o6wDtS9ewKEsfzbBOFCmcDmXGPRwqNu9RMH/1KMt3GBEURi8dpxpPWzy613Zq7QXkf0QX+uVhRBtxyIehidcGsXKZLXPrnVdDnAt8GJZ11dFtk4PzM8K0w5AVSfhLMfp8IsFCLkMZpyAQto7ch0bLa6g7KtnngPHNaoM7H34mV3Z8z4FHJxUsmPmheDHtB0kHlhrwmzRGBAVMpYY/x3UPfMB3HNYns1WvQeaqezTW/Me+SaOP8gVMR6H3h0tKDvRObVGQ4leQvAVJgDwm7yMtYn9peZIaJmjbX32oilKVbI7+eLGse6SL6OwM0JFwkkTP4aT889Rx5w/nfBDwFtE1Mdunh6EBRHSZWdkgVfuAbDZSkmhNgL+DnbKz5JdvI/PhHJ4aQIYDcpQVhb53ysMMvyPauAR+26+5uWlWqQAebKTRWCsm7TIJgybLbCbFnaeGB9kJEIKD6U1Ivx+8I+aI/HhE2NFrQ7amv0sGt8LD4/n9rj4tg+F80uwOGZwHeGya0BiU6PMPdA9/EbvAYYI4rlmJci+Kjxyv9lCIgS4HnB1kvr4ybq5wvOeOJ25UFP7nfXOrUwNXK38xgiUqsALeALzhQtZ0V/a2KbVyyQW/ont2ExwZ8lj0BD3h0Q/FxEfhRFSaZPS/IJXktiB1PrNcVBPAY3y31DhBnMfxzDfRH/dzj+1to0Fc1g6GejMtC85CLTAisODIwtv+e+O+bL6OoKtCz1nH2pGsY1fiw7ROI0OZ6dbBW8ciE2NIXlIKgGoEV8MkkToABxa7GqJCa8k6/ra9+bVEGWxpbvAg11A2ONOkWC7f88EGv9mdg3uC0mohDxRyNML9bWzo4Eyur0xHLovktBcoR63QV3FD2FfVcEMkcJtyRns9608BN/rQo3x2NjuX0v1TbStuhejk+MNMQtsT32zxJRa0SGhZkPPXzE7DniZQOOlo6tJAgWII4Gaj+bpd2LPjgdl/J7kftBnGKlvwiXsuNAuqKvqbZ0xjzWtucDq5rkj2Z1FgCqqDsus8PQcu2UqK6g5AhSKJrCFcqaN9ylJahXoMzQv0iPi2s6oNoje2dtRPwNEU2kKps3QPHRm2VmVET9mgiUjoY8MijtxHawQPwLU4juWT+1/F5NwHi43VCnKqNjombN8y2Q0I2Sp+z/bEvekHB3qV2JR/dkwvcTB14IXvwGSaYy5DkVlElnIlpi2HwVps489Hjt28p3g/GGfNQV4+WpsrvktXdMyWXryqyrVo/A0CBBWFVLhusvdqxz53/n9OEHitCAYaNFf0hT2A82SC0HwlOap9/KzlhtSmHVBMn1dUmxyy5JAjSZveToGH/qt1UrY/rJJZiXZo9nV0T7E+IdTbIdYvF1eWxNU7KTo3s0RjiiWpgCjmj4jB146Lgdyg7Yd+YtpGP4HkhTDiCkRELfptVFEUztK8gRNufx2BpFALfMw070rJiTts9Yn95C1gd69qSFiahbgOjLNWCPXMMfmr8n8o1r3xn+AOZyl6uuD0X6EGZIvqy73/g12kNmznxDDLwNZXY8DMQr36yzYiyhrSmG270prCmyAtcyOi5PSaaYlkFj+RnUWqRxlZFygOH4cGJSlDHzGyQalrnfu4OOOfjxbVW4yleZ028TBgezWTwqpwnBtL2u6qc7xE0tJjN1dYGmZGZ/GH5MyrnJVN1S0Bw1tJxXRmn6xGLlgGnJwYQSjEGFPxVVhMy59r16wyZPH/2xOV4HGZnh9cs4rj4nV2vpK/dlrn1XCx3FPE68iVA/8e9vlTqYkjAA60BbmSHa1jDfacxNDcoUeWVolB4VDUMetommTcVeATJVXBdM2d8Z27DmO7iq0Gc6InppiRgjcZEwbD9/jBxI9t0o527O8TNdo5VwENhXG0qyaeMIw0f+X4EwMN327I0NGDx4ka3csEdRBHSdoPgxUeh46cgH7CFWGKdwrEaLQYRl9uJmul9xdvx8WudY4DhqpsZXnTlwOKprE15gkIWk5ff32+BZCpm17L/gVxQYl1jksQ27vhHtzRZYwh3NCXMGFmGTaq+go+w08wOgdZlwSIFw6uQ9hAk25dxTVpjaxZcsSxieIAGCbuH1G0ZbNlRoq3LNx2qBiP4C/6TSdZlCfl13vhmjpO8fyzoHQ6SF4/wRhB9aG3HoA9TyftsdT55Ssqs7SesCF628vbzKHkyH+O80tsre9qNUBcuFLMgiSygWvkq+HidvdHJmb4kf/ETSsdICdq9aV9vyewAuSxTumn6X8T1WrwfYXp5HoylT1VHrVxYOambjhKzAB/KmrUAf6dK8Q/GC52BPAMFZnHvu/BIhsUp2L0bfN/CZ7+XBUWMr5Y9Ef+LadsX4SfTk0x6+T1L1I9KXUE0CNZGiqdbaFyBrOxYfSuI16eg5Est19Rz5ZUyUxu6YyesU1mSW3sVMA0tjOxMgbgNJLyEuThA3cy0r4WWpjZhRbNVzKCzSsSERotpb6I7o5QUUNh4yKHWWxJvZRue5ZMtVomjOqkMribKuNOPWGPOH7E7Mt/CKnvmtEcpYZ/wCdkyDRluRR05WOqiezP88VsRG5zM3i0XIjoecZsysFrWobjQGm5k3lSJmZQ08eFoeYQOrXnF5V1aHxnlMjoMYtZamOrosLQ77ZN98wiPasadjps0vQiwqfxX9Kbpstowl2B3dPmUdaJE1wCXv/09RiNB8XDBOv3jsC1ZVG8mC1Jlrrq90sin8RSFB3fbgEQY8n50lyRmyCnNHXZwC0AqgUC/TlR2SKD6sF/jbfnM+2JP+eIEDGdnByrFNlwSaaz1OsiGtZ8mpXSk7YZ0icwdKCkr0BkjXx1C7KepDNkoFcZEBbFi0ZVPJVFW+zwhLOqHOiwASZOHlklz5YQsywqlz3T7HDqnA58jaDJeEXbMH0jpaI3bBLXHoaUZ7WRR6Vj5H/Br8l4MoN/F/Bry5utsYUy6vwyqwPmyzXW5zZJGy1iKOtmTC4fuEYgGFseqWv3Dh2OGuIM304iz8XZV5vuMBRusfiAmanrsREG1vaY2ze19oueyW5YvDrwGfr62b+STnAlKK3ps+anrRWjw8PyA5U860CBE0/bxrRif0JbWaLiBf88/4BkmbPPTCqpRkz2ONGQ1mIH6XGW8TS0sjuVhkfFtXhe6fX8wEtbWlz+LFC5JUAOQ0+qHfnIE0uAHsxoYazbYrXQQQPwNIcYoxc9miXzGSJXtUKYT+vtcILz7CSACyCcDlgJEpHc54kCIp0Bzh4IaDuVJuzZGNzekr/qhJ7B2GD9W88aJjta/nejbptlpnonk+wIpHbMeAECt7Sppm9Sp5zSHQeR1L5UnKVfV9vmNoFWOrr9BI8rE4YOdEmfKeIKykZ5dXch51hW3+Kd/YFvADailRd61mufHBkfmMWI/g5ycKGhCS6MVTmx7JVLnhQk7OCI+XBoI3MaVR4qJEv8Awunabck3XPMSyYxHy0k0vBcO0ZETzWiqYyDU/JYKjGuIVMC0L2B5AEmqInT8c1BKZ6uYWZotmkA+oB66gjLACusfS7Hw==&u=U2FsdGVkX1+F6MpcDr7mtzOgeRkixSpPUeTUmr2Mc7oRwpe+Wr/24iJ+Vgq0w9aq&y=U2FsdGVkX19DnCehkbgNM9YsO0VI4a+pns9Jj7gjIk0EdZaLY1q/VAmy1PEt875N HTTP/1.1" 200 26
190.27.165.83 - - [06/Sep/2023:14:09:17 -0500] "GET /kwssiamovil/sm/acme/a?s=U2FsdGVkX19wxiqg0dQs11iYn3JxW392mpVz2C8yW5XKhjwmSK4+gsMMwfz3UYJTooG074U6ZyUr9ZDFf+JYhXCR0RpfTLctC2mszCGOgLZQcmqmJ1LzcJTJFur34/h5FLM8KSasYDmdCjsIbL+c4mGW6mnDzJey21Y8Mg/5vME=&u=U2FsdGVkX1+F6MpcDr7mtzOgeRkixSpPUeTUmr2Mc7oRwpe+Wr/24iJ+Vgq0w9aq&y=U2FsdGVkX19DnCehkbgNM9YsO0VI4a+pns9Jj7gjIk0EdZaLY1q/VAmy1PEt875N HTTP/1.1" 200 26
190.27.165.83 - - [06/Sep/2023:14:09:17 -0500] "GET /kwssiamovil/sm/acme/a?s=U2FsdGVkX1/wsILDMqtrhhkyjQ06COMGHFQSylPWqMaHIuGsQap4IOZqrrSyhdvS2P8WShI5hGSDa2FbbAm/XLSXempFxk9vAoCS5IEgOFR3tl5sYIUm0f2AdyuVzWq2I8AEI70tTJREVnqnDw2uerLmNslp9wnSiXtPjuP2HkE=&u=U2FsdGVkX1+F6MpcDr7mtzOgeRkixSpPUeTUmr2Mc7oRwpe+Wr/24iJ+Vgq0w9aq&y=U2FsdGVkX19DnCehkbgNM9YsO0VI4a+pns9Jj7gjIk0EdZaLY1q/VAmy1PEt875N HTTP/1.1" 200 26
190.27.165.83 - - [06/Sep/2023:14:09:17 -0500] "GET /kwssiamovil/sm/acme/a?s=U2FsdGVkX19PkMWFQnfYr+YIPiJ9X4aVQhOSzASvxfhAIdBqlTTXupoD6YgGBP4mEOWEYLquERh0iKOSj4aZScJejqMNLvCFsJ7ovK9r/dL0Q9dBwvZQvs+HNj3fxglhf1BcOU0XeGZaJIpV8WE/tCmwnWvAEiTADPxQ/E8Z8RY=&u=U2FsdGVkX1+F6MpcDr7mtzOgeRkixSpPUeTUmr2Mc7oRwpe+Wr/24iJ+Vgq0w9aq&y=U2FsdGVkX19DnCehkbgNM9YsO0VI4a+pns9Jj7gjIk0EdZaLY1q/VAmy1PEt875N HTTP/1.1" 200 26
190.27.165.83 - - [06/Sep/2023:14:09:18 -0500] "GET /kwssiamovil/sm/acme/a?s=U2FsdGVkX19GGSN/Eif3PsdzA838bbwlc9jBIsCOG/y0pNy2PI8SLnXVD2r2H5/RHvLj5R40GLo4jjOZeqqJF6ZariMfRuqR4inqzfNS4YQxdXWdInWGl1fKfBJGJz5a5QEteEfKumdwteiiDH9v2GraHYEhAFCBy1mLSK+iDZYDH6+oaK+Nh0spSMw1hdyrcd7UOyMzMfRE3evCyPxjvw==&u=U2FsdGVkX1+F6MpcDr7mtzOgeRkixSpPUeTUmr2Mc7oRwpe+Wr/24iJ+Vgq0w9aq&y=U2FsdGVkX19DnCehkbgNM9YsO0VI4a+pns9Jj7gjIk0EdZaLY1q/VAmy1PEt875N HTTP/1.1" 200 26
190.27.165.83 - - [06/Sep/2023:14:09:18 -0500] "GET /kwssiamovil/sm/acme/a?s=U2FsdGVkX1+T88Bd0zcHIkVWCbanUMHzhFIpLeDV0mDICUpkXzqRuWmtUHFkT9hUiKeO66m1AL1WWy6uk7HjH6kar5wuqH09hmdMNVYF2YkoOr16PnufEXsZG3A0dwhyJ2h0KWPbp4ToXwN2C10oZ3lDJmQTWFO4H/3GuaQ2ixksm3WMMe8DJ/Z0BKDFLtC5ZdKHVtnyU1VzDTFEx0jeNLMMEtUKo7rV9yv+NK8nkJPdENWTBHETze0C+imopz1NYB4xaCmgED631QYvsyzmve73Y1mK8g5DGWC/iSFrIxDVPovpl2IEM8hsLPSoDwILM+b/BhFYMxxjEC7pyl52TpaRAWbxHBTIa3QwNQY53ilcsDp99K1+Mb/vofpNJknCX9dnEDiuw/m+cRM69JDQvMXO/0N2RjYimfSZ4lpnAlUFpVQ2zz9Us75sQDjv7NpDjeh4NvLG0TwLBCLDZIYwHo0DcS5oWdKOgjWs1BbAJ17vWZtkWd0rywe087msUoBKo2J0WnSuQkW37nvs9pBedLZbBvd+BNOLPMkYeHitcN7XCdk6LbJPuMj3YGNvGswD&u=U2FsdGVkX1+F6MpcDr7mtzOgeRkixSpPUeTUmr2Mc7oRwpe+Wr/24iJ+Vgq0w9aq&y=U2FsdGVkX19DnCehkbgNM9YsO0VI4a+pns9Jj7gjIk0EdZaLY1q/VAmy1PEt875N HTTP/1.1" 200 25
190.27.165.83 - - [06/Sep/2023:14:09:18 -0500] "GET /kwssiamovil/sm/acme/a?s=U2FsdGVkX19e89meLaNZPRLBKDAwLdRMLtqN8FjFyFYSsiakU5OEgnh8xxM2qopBGTYN5ulPyCic0ohTiWKATvX/gRRJQPsPpS/Htgm2EoxxSJtwpvV+klafxPiFbG2DdCho/8Q9O9+iDFUN0+9ZJtOmxgwR1w9VKBTdi8Y8Kog6RJ7HobZjAWk/B49hyio3UJV/ij3qwG9bnGubFL3QFP69GPD42Dpp62kHblfcJCk1e44FcbSSRDKozHsM+f3CDZfblcbaIjQrRtsbNaF4WQq3plGQzCM6nWYXrJ8dIChSzt7ev5Tn21aW7c0uY42qRF1f1mPUy5xEeUYDa1SPzLjlGgAvaPPB0IVU3iBjNMQD4lQ4hac0txsaTg8oXerXWvUzhLcTRrb+Uzrz+ectTqK3HTr+902RVK75MceKIV3tvC44Z+QQZ3erao94eoyMT6ArvbQ4lk9FGrXX+hl9PD0e41+fNX5V65tQfxPg80DE2UE22stf5l7Ys10JTrLPXKh5lkmd46VbbTqcnKSiFA==&u=U2FsdGVkX1+F6MpcDr7mtzOgeRkixSpPUeTUmr2Mc7oRwpe+Wr/24iJ+Vgq0w9aq&y=U2FsdGVkX19DnCehkbgNM9YsO0VI4a+pns9Jj7gjIk0EdZaLY1q/VAmy1PEt875N HTTP/1.1" 200 25
216.244.66.195 - - [06/Sep/2023:14:09:24 -0500] "GET /BLA/resoluciones/AUTOS%202016/1789.pdf HTTP/1.1" 200 420861
201.245.192.253 - - [06/Sep/2023:14:09:42 -0500] "POST /forms/lservlet;jsessionid=ac16012b30d62f4415040f2249ea9738ec9c1b9579b0.e3iSbxaKaheRe34Rch0Ra3mLchv0n6jAmljGr5XDqQLvpAe HTTP/1.1" 200 2
216.244.66.195 - - [06/Sep/2023:14:09:53 -0500] "GET /BLA/resoluciones/AUTOS%202016/2212.pdf HTTP/1.1" 200 479405
66.249.70.6 - - [06/Sep/2023:14:08:16 -0500] "HEAD /BLA/boletinlegal/index.php HTTP/1.1" 200 -
201.245.192.253 - - [06/Sep/2023:14:09:58 -0500] "POST /kwsrmcab/Wsrmcab  HTTP/1.1" 200 42865
216.244.66.195 - - [06/Sep/2023:14:10:22 -0500] "GET /BLA/resoluciones/AUTOS%202016/2325.pdf HTTP/1.1" 200 473566
186.154.33.59 - - [06/Sep/2023:14:10:21 -0500] "GET /BLA/resoluciones/index.php?dir=RESOLUCIONES+2011%2F HTTP/1.1" 200 746823
186.154.33.59 - - [06/Sep/2023:14:10:22 -0500] "GET /BLA/resoluciones/index.php?dir=RESOLUCIONES+2011%2F HTTP/1.1" 200 746823
216.245.221.92 - - [06/Sep/2023:14:10:35 -0500] "HEAD / HTTP/1.1" 200 -
190.70.197.103 - - [06/Sep/2023:14:10:43 -0500] "POST /sipse/faces/autenticacion.xhtml HTTP/1.1" 200 2216
190.70.197.103 - - [06/Sep/2023:14:10:43 -0500] "GET /sipse/faces/javax.faces.resource/messages/messages.png?ln=primefaces&v=4.0 HTTP/1.1" 304 -
216.244.66.195 - - [06/Sep/2023:14:10:54 -0500] "GET /BLA/resoluciones/AUTOS%202016/2381.pdf HTTP/1.1" 200 611224
190.70.197.103 - - [06/Sep/2023:14:10:55 -0500] "GET /sipse/faces/javax.faces.resource/images/ui-icons_898989_256x240.png?ln=primefaces-aristo HTTP/1.1" 304 -
190.70.197.103 - - [06/Sep/2023:14:10:56 -0500] "POST /sipse/faces/autenticacion.xhtml HTTP/1.1" 200 16360
190.70.197.103 - - [06/Sep/2023:14:10:56 -0500] "GET /sipse/faces/javax.faces.resource/theme.css?ln=primefaces-sipse HTTP/1.1" 304 -
190.70.197.103 - - [06/Sep/2023:14:10:56 -0500] "GET /sipse/faces/javax.faces.resource/primefaces.css?ln=primefaces&v=4.0 HTTP/1.1" 304 -
190.70.197.103 - - [06/Sep/2023:14:10:56 -0500] "GET /sipse/faces/javax.faces.resource/layout/layout.css?ln=primefaces&v=4.0 HTTP/1.1" 304 -
190.70.197.103 - - [06/Sep/2023:14:10:56 -0500] "GET /sipse/faces/javax.faces.resource/jquery/jquery.js?ln=primefaces&v=4.0 HTTP/1.1" 304 -
190.70.197.103 - - [06/Sep/2023:14:10:56 -0500] "GET /sipse/faces/javax.faces.resource/jquery/jquery-plugins.js?ln=primefaces&v=4.0 HTTP/1.1" 304 -
190.70.197.103 - - [06/Sep/2023:14:10:56 -0500] "GET /sipse/faces/javax.faces.resource/primefaces.js?ln=primefaces&v=4.0 HTTP/1.1" 304 -
190.70.197.103 - - [06/Sep/2023:14:10:56 -0500] "GET /sipse/faces/javax.faces.resource/layout/layout.js?ln=primefaces&v=4.0 HTTP/1.1" 304 -
190.70.197.103 - - [06/Sep/2023:14:10:56 -0500] "GET /sipse/css/v_mergente.css HTTP/1.1" 304 -
190.70.197.103 - - [06/Sep/2023:14:10:56 -0500] "GET /sipse/css/imagen/contrasena.png HTTP/1.1" 404 383
190.70.197.103 - - [06/Sep/2023:14:10:56 -0500] "GET /sipse/imagenes/logoAplicacion.jpg HTTP/1.1" 304 -
190.70.197.103 - - [06/Sep/2023:14:10:59 -0500] "GET /sipse/faces/javax.faces.resource/images/ui-bg_flat_0_2d5972_40x100.png?ln=primefaces-aristo HTTP/1.1" 304 -
190.70.197.103 - - [06/Sep/2023:14:10:59 -0500] "POST /sipse/faces/bienvenido.xhtml HTTP/1.1" 200 2658
190.70.197.103 - - [06/Sep/2023:14:11:00 -0500] "POST /sipse/faces/bienvenido.xhtml HTTP/1.1" 200 65222
190.70.197.103 - - [06/Sep/2023:14:11:01 -0500] "GET /sipse/faces/javax.faces.resource/theme.css?ln=primefaces-sipse HTTP/1.1" 304 -
190.70.197.103 - - [06/Sep/2023:14:11:01 -0500] "GET /sipse/faces/javax.faces.resource/primefaces.css?ln=primefaces&v=4.0 HTTP/1.1" 304 -
190.70.197.103 - - [06/Sep/2023:14:11:01 -0500] "GET /sipse/faces/javax.faces.resource/layout/layout.css?ln=primefaces&v=4.0 HTTP/1.1" 304 -
190.70.197.103 - - [06/Sep/2023:14:11:01 -0500] "GET /sipse/faces/javax.faces.resource/jquery/jquery.js?ln=primefaces&v=4.0 HTTP/1.1" 304 -
190.70.197.103 - - [06/Sep/2023:14:11:01 -0500] "GET /sipse/faces/javax.faces.resource/jquery/jquery-plugins.js?ln=primefaces&v=4.0 HTTP/1.1" 304 -
190.70.197.103 - - [06/Sep/2023:14:11:01 -0500] "GET /sipse/faces/javax.faces.resource/primefaces.js?ln=primefaces&v=4.0 HTTP/1.1" 304 -
190.70.197.103 - - [06/Sep/2023:14:11:01 -0500] "GET /sipse/faces/javax.faces.resource/layout/layout.js?ln=primefaces&v=4.0 HTTP/1.1" 304 -
190.70.197.103 - - [06/Sep/2023:14:11:02 -0500] "POST /sipse/faces/presentacion/financiero/solicitudProceso/listarSolicitudProceso.xhtml HTTP/1.1" 200 1560
190.70.197.103 - - [06/Sep/2023:14:11:07 -0500] "POST /sipse/faces/presentacion/financiero/solicitudProceso/listarSolicitudProceso.xhtml HTTP/1.1" 200 17559
201.245.192.253 - - [06/Sep/2023:14:11:32 -0500] "GET /appsia/controlador HTTP/1.1" 200 4799
216.244.66.195 - - [06/Sep/2023:14:11:33 -0500] "GET /BLA/resoluciones/AUTOS%202016/2809.pdf HTTP/1.1" 200 521079
192.168.172.26 - - [06/Sep/2023:14:11:33 -0500] "POST /BLA/boletinlegal/admin/actos/ingresar.php HTTP/1.1" 200 7302
192.168.172.26 - - [06/Sep/2023:14:11:38 -0500] "GET /BLA/boletinlegal/actos.php HTTP/1.1" 200 9682
201.221.172.70 - - [06/Sep/2023:14:11:39 -0500] "GET /secretaria-de-ambiente-abr HTTP/1.1" 404 1136
201.221.172.70 - - [06/Sep/2023:14:11:40 -0500] "GET /favicon.ico HTTP/1.1" 404 1346
192.168.172.26 - - [06/Sep/2023:14:11:42 -0500] "GET /BLA/boletinlegal/consulta_actos.php?tipo=autos&no=4472&usuario=&sector=&fecha=2023&resuelve= HTTP/1.1" 200 626
201.245.192.253 - - [06/Sep/2023:14:11:42 -0500] "POST /forms/lservlet;jsessionid=ac16012b30d62f4415040f2249ea9738ec9c1b9579b0.e3iSbxaKaheRe34Rch0Ra3mLchv0n6jAmljGr5XDqQLvpAe HTTP/1.1" 200 2
192.168.172.26 - - [06/Sep/2023:14:11:50 -0500] "GET /BLA/boletinlegal/consulta_actos.php?tipo=autos&no=4472&usuario=&sector=&fecha=2023&resuelve= HTTP/1.1" 200 626
201.245.192.253 - - [06/Sep/2023:14:11:50 -0500] "POST /appsia/controlador HTTP/1.1" 200 5437
201.221.172.70 - - [06/Sep/2023:14:11:51 -0500] "GET / HTTP/1.1" 200 4720
201.221.172.70 - - [06/Sep/2023:14:11:51 -0500] "GET /js/url.js HTTP/1.1" 404 1294
201.221.172.70 - - [06/Sep/2023:14:11:51 -0500] "GET /fonts/icomoon/style.css HTTP/1.1" 200 79820
201.221.172.70 - - [06/Sep/2023:14:11:51 -0500] "GET /css/style.css HTTP/1.1" 200 3473
201.221.172.70 - - [06/Sep/2023:14:11:51 -0500] "GET /css/bootstrap.min.css HTTP/1.1" 200 178212
192.168.172.26 - - [06/Sep/2023:14:11:54 -0500] "GET /BLA/boletinlegal/consulta_actos.php?tipo=autos&no=4772&usuario=&sector=&fecha=2023&resuelve= HTTP/1.1" 200 1071
216.244.66.195 - - [06/Sep/2023:14:12:05 -0500] "GET /BLA/resoluciones/AUTOS%202016/2894.pdf HTTP/1.1" 200 555570
201.245.192.253 - - [06/Sep/2023:14:12:14 -0500] "POST /appsia/controlador HTTP/1.1" 200 9538
201.245.192.253 - - [06/Sep/2023:14:12:14 -0500] "GET /appsia/images/logo_escudo.png HTTP/1.1" 200 36965
201.221.172.70 - - [06/Sep/2023:14:12:16 -0500] "GET /secretaria-de-ambiente-abr HTTP/1.1" 404 1136
172.22.2.4 - - [06/Sep/2023:14:10:49 -0500] "GET /BLA/boletinlegal/ HTTP/1.1" 200 62795
216.244.66.195 - - [06/Sep/2023:14:12:38 -0500] "GET /BLA/resoluciones/AUTOS%202016/2978.pdf HTTP/1.1" 200 439077
66.249.66.193 - - [06/Sep/2023:14:12:39 -0500] "GET /agendate-para-las-ferias-de-servicios-ambientales-en-septiembre-en-suba-y-kennedy.html HTTP/1.1" 200 906
66.249.66.194 - - [06/Sep/2023:14:12:41 -0500] "GET /agendate-para-las-ferias-de-servicios-ambientales-en-septiembre-en-suba-y-kennedy.html HTTP/1.1" 200 906
201.245.192.253 - - [06/Sep/2023:14:13:03 -0500] "POST /appsia/controlador HTTP/1.1" 200 5437
201.245.192.253 - - [06/Sep/2023:14:13:04 -0500] "POST /appsia/controlador HTTP/1.1" 200 4799
216.244.66.195 - - [06/Sep/2023:14:13:10 -0500] "GET /BLA/resoluciones/AUTOS%202007/0827.pdf HTTP/1.1" 200 90483
216.244.66.195 - - [06/Sep/2023:14:13:38 -0500] "GET /BLA/resoluciones/AUTOS%202007/1976.pdf HTTP/1.1" 200 52486
201.245.192.253 - - [06/Sep/2023:14:13:42 -0500] "POST /forms/lservlet;jsessionid=ac16012b30d62f4415040f2249ea9738ec9c1b9579b0.e3iSbxaKaheRe34Rch0Ra3mLchv0n6jAmljGr5XDqQLvpAe HTTP/1.1" 200 2
201.245.192.253 - - [06/Sep/2023:14:13:46 -0500] "POST /appsia/controlador HTTP/1.1" 200 5437
201.245.192.253 - - [06/Sep/2023:14:13:48 -0500] "POST /appsia/controlador HTTP/1.1" 200 4799
173.252.107.118 - - [06/Sep/2023:14:13:52 -0500] "GET /images/Junio%2002-experiencias-jardines-verticales-sda.jpeg HTTP/1.1" 200 31171
216.244.66.195 - - [06/Sep/2023:14:14:05 -0500] "GET /BLA/resoluciones/AUTOS%202010/1155.pdf HTTP/1.1" 200 151236
172.22.2.4 - - [06/Sep/2023:14:12:28 -0500] "HEAD /BLA/boletinlegal/ HTTP/1.1" 200 -
216.244.66.195 - - [06/Sep/2023:14:14:32 -0500] "GET /BLA/resoluciones/AUTOS%202010/1156.pdf HTTP/1.1" 200 147520
216.244.66.195 - - [06/Sep/2023:14:14:57 -0500] "GET /BLA/resoluciones/AUTOS%202010/1477.pdf HTTP/1.1" 200 265509
172.22.2.4 - - [06/Sep/2023:14:13:18 -0500] "GET /BLA/boletinlegal/ HTTP/1.1" 200 60342
201.245.192.253 - - [06/Sep/2023:14:14:57 -0500] "POST /kwsrmcab/Wsrmcab  HTTP/1.1" 200 42865
216.244.66.195 - - [06/Sep/2023:14:15:20 -0500] "GET /BLA/resoluciones/AUTOS%202010/3571.pdf HTTP/1.1" 200 141926
216.245.221.92 - - [06/Sep/2023:14:15:35 -0500] "HEAD / HTTP/1.1" 200 -
191.156.54.202 - - [06/Sep/2023:14:15:37 -0500] "GET /secretaria-de-ambiente-abre-convocatoria-para-el-proceso-de-formacion-mujeres-cuidadoras-de-humedales.html HTTP/1.1" 200 943
201.245.192.253 - - [06/Sep/2023:14:15:42 -0500] "POST /forms/lservlet;jsessionid=ac16012b30d62f4415040f2249ea9738ec9c1b9579b0.e3iSbxaKaheRe34Rch0Ra3mLchv0n6jAmljGr5XDqQLvpAe HTTP/1.1" 200 2
216.244.66.195 - - [06/Sep/2023:14:15:44 -0500] "GET /BLA/resoluciones/AUTOS%202010/3590.pdf HTTP/1.1" 200 36500
201.245.192.253 - - [06/Sep/2023:14:15:59 -0500] "GET /sipse/faces/index.xhtml HTTP/1.1" 200 677
201.245.192.253 - - [06/Sep/2023:14:15:59 -0500] "GET /sipse/faces/javax.faces.resource/theme.css?ln=primefaces-sipse HTTP/1.1" 304 -
201.245.192.253 - - [06/Sep/2023:14:15:59 -0500] "GET /sipse/faces/faces/autenticacion.xhtml HTTP/1.1" 200 12178
201.245.192.253 - - [06/Sep/2023:14:15:59 -0500] "GET /sipse/js/disable_browser_buttons.js HTTP/1.1" 200 3230
201.245.192.253 - - [06/Sep/2023:14:15:59 -0500] "GET /sipse/js/funciones.js HTTP/1.1" 200 12592
201.245.192.253 - - [06/Sep/2023:14:15:59 -0500] "GET /sipse/faces/javax.faces.resource/primefaces.css?ln=primefaces&v=4.0 HTTP/1.1" 304 -
201.245.192.253 - - [06/Sep/2023:14:15:59 -0500] "GET /sipse/faces/javax.faces.resource/theme.css?ln=primefaces-sipse HTTP/1.1" 304 -
