66.249.66.194 - - [06/Sep/2023:12:46:01 -0500] "GET /en-julio-programate-para-asistir-a-las-caminatas-ecologicas-y-conectarte-con-la-naturaleza.html HTTP/1.1" 304 -
172.22.2.4 - - [06/Sep/2023:12:44:48 -0500] "GET /BLA/boletinlegal/ HTTP/1.1" 200 58187
201.245.192.253 - - [06/Sep/2023:12:46:42 -0500] "POST /forms/lservlet;jsessionid=ac16012b30d62f4415040f2249ea9738ec9c1b9579b0.e3iSbxaKaheRe34Rch0Ra3mLchv0n6jAmljGr5XDqQLvpAe HTTP/1.1" 200 2
201.245.192.253 - - [06/Sep/2023:12:48:42 -0500] "POST /forms/lservlet;jsessionid=ac16012b30d62f4415040f2249ea9738ec9c1b9579b0.e3iSbxaKaheRe34Rch0Ra3mLchv0n6jAmljGr5XDqQLvpAe HTTP/1.1" 200 2
201.245.192.253 - - [06/Sep/2023:12:49:16 -0500] "POST /kwsrmcab/Wsrmcab  HTTP/1.1" 200 42865
173.252.95.119 - - [06/Sep/2023:12:49:31 -0500] "GET /olga-romero-una-mujer-que-reverdece-con-corazon-inquieto-que-encontro-en-el-reciclaje-su-pasion.html HTTP/1.1" 200 798
216.245.221.92 - - [06/Sep/2023:12:49:35 -0500] "HEAD / HTTP/1.1" 200 -
186.102.62.142 - - [06/Sep/2023:12:50:15 -0500] "GET /kwssiamovil/sm/ldap/au?x=U2FsdGVkX18y6B4E0LWkqCzdpwG7NXRy27PkGJ7hRicjB8KRK0DKmje3BDozoEQY&y=U2FsdGVkX1++gxdUcog46G+yavGmHakEGq3BfVDqlEejE6QcX3tgesTvO9dM84U0 HTTP/1.1" 200 30
186.102.62.142 - - [06/Sep/2023:12:50:15 -0500] "GET /kwssiamovil/sm/acme/s?s=U2FsdGVkX19c24jhNktYQrXCEVMdMN8mSfg7fAhzOq/+bUFXOOhuWP+XKuSQ9VDFD7js6rZtpHkFvzp4+WiD5RFr/EcbunCU+5wn320Xt/g=&u=U2FsdGVkX19AXbeNiBlPkeLAbRDm4QIvhVhel34INAk=&y=U2FsdGVkX1++gxdUcog46G+yavGmHakEGq3BfVDqlEejE6QcX3tgesTvO9dM84U0 HTTP/1.1" 200 97
186.102.62.142 - - [06/Sep/2023:12:50:15 -0500] "GET /kwssiamovil/sm/acme/s?s=U2FsdGVkX1/YKQDVLiMdNQB8VsEmIm++ncu88kyifExHoV31UL+lVxqnJfe2fmDb5Df2wpdWFzhMFlnQYi6POOjxx239+7CnDjyhNfKZrXpJdhXJzVyGrDK6W8L21kS+2GEtvBLUgsmCQEDLQyCpht874z6u+tm/B6PJMWpx1rL9O8pmBdSkRf04vihIpevz6P7wM9TjiWMgVteP1FdGX2/UKlQIOQBd+DJCocMPw9nqflAG3jtbah57jev8y193g3955pDpp7RSS2brv7zbalaR3oKmyLS3Bs6FeurteIUXgvniod4YuLNZrZAlcXlP5taOL0nvPkpBOk9ze/xfeBiQ4e3aujD5QYhXeO7po8tsocy+PEO8A221jsOwJk6YhxFf5hEYpGM/mizJ7nQP7ATeihb2BfDozxfT9QxFS79lbSxnVSokhU6N/AekMTHdPz/fobQIsDuFybfBLVjJI2+PX61sG56WzHFJFNIVQqxZVyMXyu1H8tE5m4nVUWUTahX1ClrUHAG0+PrhOA/JaBs1hlIdDIIHbZgE6aJxcFvZv90XLCC0BVaeZ8MjOoxgFpHCQkiK6bCi+aA7R3jTz1PJr00A5+kEP+wFN4+HhIhZnuTwD7J8LQmhc4zHkk1vTytP0Qudi/EEVBkJhtM6WBZcEQWjqKvqGtI8dKbyRrkELjBnDc5GDsBk1gmN6Dvu3EcmNjIuznwcs2sGr+RVW4BmnSPdko4pe0xBn7QYIcFOran7Zj5oMVcUhD3tyfM9UXx+0pINQ300NXpNturpp7ZzkGB7j3umLAN6M30+2pHJQIcSLUmw5pBaBgUAP5bhg5z0HnS3wY/Nj15nNHeWj0QrgaXe5I+V6wFLjOzcCgz69XJOlDaI+qhNBnLjNyeTArzNFNfHjeP3+yZfYPJ3sE3pS9opwmjbYYGCWB6wkfsc9/xP7uw6VCHLVRs5bS2Y4dQhlfNLa2afevhNFuGJa4x9GAEjJ2Jz6Utg+sVQOxR/ep4JHqU/ocKS8BF/zItmZUDaLeFmyOt3w3LUKz39SWdItfZWq3di27eexn3CgI9834XuQhZ+MAAvToOj/LV6VxaVkRzB05zvK9CQHFg+3rocqcgl9JsTXnOa4Wm1V0kPl+VyhDqReYpYCakBpka2FlxiFTHTTUSBJao6D8tGrPF+faQdfSsverj51FT5mH1PZqUUmU0+uL/VUrw10Kjuz5757QcwMStJv9+IXscdnIgE12aIwcHdiitrfOOWU7mM0dFvOoDXVaBFkC1AYpl+MIN4JYOWUG5LlM8x9A6fUVmnmYBb1bFskOl3UtJuzew1xlzs6nzfL2ND9EnHSYXZYFiIf1JLAXoFNdHPW/pVFfjWc9SqgVpE1r6ypqIuf4jqGp/8NWi9csCOvyf5SM06m7deDUl9uHCFRFF/0/CqdYlqmDAcnkLtWuI8b2Ln//UtzzYi1KHD2gB4bqPmLp4ltUYOLZwm4IhB1DXJkJ69cBBD0HHp3lhlozgRnbnlUzITQIA/hx2/qRwHgloYxvymFmnyWDiWa4+6+l0MFX7oBV+S8JuEsr9TZsnSFYg9fSv7rUv2G1hErt56YTUN7PDTHZLVRt6fsMrxGmJyqq/Lp1LSKFKxxprjwmviXbE2VcLnnWyxrwC7yrcS0lmMfPHT5mgaKr5fjUrbhHsT3z2iMKv7K3LdIDymFEeGtaYBSfI96EZYwfj6DksZRiTG4VpGV6y+74CN7fQPXzuEyXi0opiWDK+mflE06cJf2ny+5UE=&u=U2FsdGVkX19AXbeNiBlPkeLAbRDm4QIvhVhel34INAk=&y=U2FsdGVkX1++gxdUcog46G+yavGmHakEGq3BfVDqlEejE6QcX3tgesTvO9dM84U0 HTTP/1.1" 200 3322
186.102.62.142 - - [06/Sep/2023:12:50:16 -0500] "GET /kwssiamovil/sm/acme/s?s=U2FsdGVkX18C+THXfgK6nGyaDbWEpiaL9Pr4SW+LlboBluWnwI3Q9CSYjjbPL9903yfAQz4JFNF+fWwoLIsPtj+ND56/V/RPYiSl/LpUOQVU7m8ZcTNnKgO4oYRfzXbETzjXcnNKSTya/qhSqsItl0CgAMAZdCszZooXTIs0zQhtpZh4GDr/lwZiUEBsFcxs4nx78vEjzmX0CmeRK03nArS8htVhdpfoszoFy74tqG62EwgP4xebaVW99gmst5LkMyK9ysUfJiu3W0SAvl2zU2KxSVMrYJf8sZB/CwG9viUANB6CH/AG9/rW1/B1vKKOrrxkZbQmXbIXZte9664PJg07CSduOwPS4i9MUb5M6IR/wPbm7U7Vy1CPUkRZW+jUgiWPIu/SihHW5i+G3Lc2KYWwQ39m2GP9EhgNMTvSIml9+Lz5eEQnb+QW1f9odHP0CHMUpc30n7yEumwHMo2rlrb+x2WMw3SP8+naJWyQch/hMk40DMPfumDIDNAqCR68hgpOJa79s9Na4oLTRjS9TogX8Q8i+b6GvCDxRzld6LkexK1xczejZVAo6d3I20J1CY41LEvO1aMZ/y8ZrHXRcpaSA5IzjlVrvNKxSqLDueNtRY7tBD3CWihm5fxtujaoFglvmKq5dA7G8i2jN/kxuHNudf5mlJtvCqZOwFwqMo+qrlt4eaVn1hqzHI7SDjR1/VmEsvdz+J1zv6vOmqz90OCahZdmgXOLCMtfx5mWwPuvZ1MW7+3Pvgduo14d1SyW&u=U2FsdGVkX19AXbeNiBlPkeLAbRDm4QIvhVhel34INAk=&y=U2FsdGVkX1++gxdUcog46G+yavGmHakEGq3BfVDqlEejE6QcX3tgesTvO9dM84U0 HTTP/1.1" 200 208
186.102.62.142 - - [06/Sep/2023:12:50:16 -0500] "GET /kwssiamovil/sm/cjson/pre?f=1&x=U2FsdGVkX18y6B4E0LWkqCzdpwG7NXRy27PkGJ7hRicjB8KRK0DKmje3BDozoEQY HTTP/1.1" 200 31032
172.22.2.4 - - [06/Sep/2023:12:50:18 -0500] "GET /BLA/boletinlegal/style.css HTTP/1.1" 200 9406
172.22.2.4 - - [06/Sep/2023:12:50:18 -0500] "GET /BLA/boletinlegal/styles2.css HTTP/1.1" 200 1838
172.22.2.4 - - [06/Sep/2023:12:50:18 -0500] "GET /BLA/boletinlegal/js/jquery.js HTTP/1.1" 200 57254
172.22.2.4 - - [06/Sep/2023:12:50:18 -0500] "GET /BLA/boletinlegal/js/jquery.scrollTo-min.js HTTP/1.1" 200 1150
172.22.2.4 - - [06/Sep/2023:12:50:18 -0500] "GET /BLA/boletinlegal/js/jquery.scrollShow.js HTTP/1.1" 200 4586
172.22.2.4 - - [06/Sep/2023:12:50:19 -0500] "GET /BLA/boletinlegal/images/cabezote%20BLEGAL.jpg HTTP/1.1" 200 118164
172.22.2.4 - - [06/Sep/2023:12:50:19 -0500] "GET /BLA/boletinlegal/images/screen_1.png HTTP/1.1" 200 202547
172.22.2.4 - - [06/Sep/2023:12:50:19 -0500] "GET /BLA/boletinlegal/images/subscribe-icon-big.png HTTP/1.1" 200 47702
172.22.2.4 - - [06/Sep/2023:12:50:19 -0500] "GET /BLA/boletinlegal/images/historia.png HTTP/1.1" 200 52775
172.22.2.4 - - [06/Sep/2023:12:50:20 -0500] "GET /BLA/boletinlegal/images/menu_lft.gif HTTP/1.1" 200 1713
172.22.2.4 - - [06/Sep/2023:12:50:20 -0500] "GET /BLA/boletinlegal/images/launch.jpg HTTP/1.1" 200 14577
172.22.2.4 - - [06/Sep/2023:12:50:20 -0500] "GET /BLA/boletinlegal/images/body_bg.jpg HTTP/1.1" 200 1601
172.22.2.4 - - [06/Sep/2023:12:50:20 -0500] "GET /BLA/boletinlegal/images/menu_rght.gif HTTP/1.1" 200 1627
172.22.2.4 - - [06/Sep/2023:12:50:20 -0500] "GET /BLA/boletinlegal/images/bg_top.jpg HTTP/1.1" 200 522
172.22.2.4 - - [06/Sep/2023:12:50:20 -0500] "GET /BLA/boletinlegal/images/text.jpg HTTP/1.1" 200 568
172.22.2.4 - - [06/Sep/2023:12:50:20 -0500] "GET /BLA/boletinlegal/images/registro-usuarios.png HTTP/1.1" 200 8106
172.22.2.4 - - [06/Sep/2023:12:50:20 -0500] "GET /BLA/boletinlegal/images/arr_l.jpg HTTP/1.1" 200 1979
172.22.2.4 - - [06/Sep/2023:12:50:20 -0500] "GET /BLA/boletinlegal/images/hover.jpg HTTP/1.1" 200 640
172.22.2.4 - - [06/Sep/2023:12:50:20 -0500] "GET /BLA/boletinlegal/images/menu_bg.jpg HTTP/1.1" 200 620
172.22.2.4 - - [06/Sep/2023:12:50:30 -0500] "GET /BLA/boletinlegal/images/screen_2.png HTTP/1.1" 200 362502
172.22.2.4 - - [06/Sep/2023:12:50:30 -0500] "GET /BLA/boletinlegal/images/screen_3.png HTTP/1.1" 200 210620
172.22.2.4 - - [06/Sep/2023:12:50:30 -0500] "GET /BLA/boletinlegal/images/arr_r.jpg HTTP/1.1" 200 1998
172.22.2.4 - - [06/Sep/2023:12:50:30 -0500] "GET /BLA/boletinlegal/images/screen_5.png HTTP/1.1" 200 368876
172.22.2.4 - - [06/Sep/2023:12:50:30 -0500] "GET /BLA/boletinlegal/images/footer_bg.jpg HTTP/1.1" 200 586
201.245.192.253 - - [06/Sep/2023:12:50:42 -0500] "POST /forms/lservlet;jsessionid=ac16012b30d62f4415040f2249ea9738ec9c1b9579b0.e3iSbxaKaheRe34Rch0Ra3mLchv0n6jAmljGr5XDqQLvpAe HTTP/1.1" 200 2
172.22.2.4 - - [06/Sep/2023:12:50:47 -0500] "GET /BLA/boletinlegal/images/pdf.gif HTTP/1.1" 200 567
172.22.2.4 - - [06/Sep/2023:12:49:36 -0500] "GET /BLA/boletinlegal/ HTTP/1.1" 200 48660
172.22.2.4 - - [06/Sep/2023:12:51:16 -0500] "GET /BLA/boletinlegal/js/jquery.scrollTo-min.js HTTP/1.1" 200 1150
172.22.2.4 - - [06/Sep/2023:12:49:48 -0500] "HEAD /BLA/boletinlegal/ HTTP/1.1" 200 -
172.22.2.4 - - [06/Sep/2023:12:50:18 -0500] "GET /BLA/boletinlegal/ HTTP/1.1" 200 36811
172.22.2.4 - - [06/Sep/2023:12:51:48 -0500] "GET /BLA/boletinlegal/consulta_actos.php?tipo=resoluciones&no=3207&usuario=&sector=&fecha=2019&resuelve= HTTP/1.1" 200 1190
172.22.2.4 - - [06/Sep/2023:12:51:54 -0500] "POST /BLA/boletinlegal/wp-plain.php HTTP/1.1" 404 1159
172.22.2.4 - - [06/Sep/2023:12:51:54 -0500] "GET /BLA/boletinlegal/lusueept.php?Fox=d3wL7 HTTP/1.1" 404 1159
172.22.2.4 - - [06/Sep/2023:12:50:38 -0500] "GET /BLA/boletinlegal/ HTTP/1.1" 200 50177
52.167.144.177 - - [06/Sep/2023:12:52:39 -0500] "GET /BLA/resoluciones/AUTOS%202023/1406.pdf HTTP/1.1" 200 394693
201.245.192.253 - - [06/Sep/2023:12:52:42 -0500] "POST /forms/lservlet;jsessionid=ac16012b30d62f4415040f2249ea9738ec9c1b9579b0.e3iSbxaKaheRe34Rch0Ra3mLchv0n6jAmljGr5XDqQLvpAe HTTP/1.1" 200 2
40.77.167.208 - - [06/Sep/2023:12:53:22 -0500] "GET /Publicaciones/2023EE203597.pdf HTTP/1.1" 200 321445
216.244.66.195 - - [06/Sep/2023:12:53:50 -0500] "GET /robots.txt HTTP/1.1" 404 1018
201.245.192.253 - - [06/Sep/2023:12:54:15 -0500] "POST /kwsrmcab/Wsrmcab  HTTP/1.1" 200 42865
216.245.221.92 - - [06/Sep/2023:12:54:34 -0500] "HEAD / HTTP/1.1" 200 -
201.245.192.253 - - [06/Sep/2023:12:54:42 -0500] "POST /forms/lservlet;jsessionid=ac16012b30d62f4415040f2249ea9738ec9c1b9579b0.e3iSbxaKaheRe34Rch0Ra3mLchv0n6jAmljGr5XDqQLvpAe HTTP/1.1" 200 2
172.22.2.4 - - [06/Sep/2023:12:54:53 -0500] "GET /BLA/boletinlegal/consulta_actos.php?tipo=resoluciones&no=4104&usuario=&sector=&fecha=2019&resuelve= HTTP/1.1" 200 626
172.22.2.4 - - [06/Sep/2023:12:55:18 -0500] "GET /BLA/boletinlegal/consulta_actos.php?tipo=resoluciones&no=4104&usuario=&sector=&fecha=2018&resuelve= HTTP/1.1" 200 1134
201.245.192.253 - - [06/Sep/2023:12:55:28 -0500] "GET /appsia/controlador HTTP/1.1" 200 4799
201.245.192.253 - - [06/Sep/2023:12:55:28 -0500] "GET /appsia/css/estilos.css HTTP/1.1" 200 4804
201.245.192.253 - - [06/Sep/2023:12:55:28 -0500] "GET /appsia/scripts/validarIngreso.js HTTP/1.1" 200 851
201.245.192.253 - - [06/Sep/2023:12:55:28 -0500] "GET /appsia/images/logo_bogota_p.png HTTP/1.1" 200 14951
201.245.192.253 - - [06/Sep/2023:12:55:28 -0500] "GET /appsia/images/cabezoteHojaVida.png HTTP/1.1" 200 32493
201.245.192.253 - - [06/Sep/2023:12:55:29 -0500] "GET /favicon.ico HTTP/1.1" 200 7782
201.245.192.253 - - [06/Sep/2023:12:55:34 -0500] "POST /appsia/controlador HTTP/1.1" 200 5437
201.245.192.253 - - [06/Sep/2023:12:55:35 -0500] "POST /appsia/controlador HTTP/1.1" 200 7733
201.245.192.253 - - [06/Sep/2023:12:55:35 -0500] "GET /appsia/images/logo_escudo.png HTTP/1.1" 200 36965
201.245.192.253 - - [06/Sep/2023:12:55:52 -0500] "POST /appsia/controlador HTTP/1.1" 200 5437
201.245.192.253 - - [06/Sep/2023:12:55:55 -0500] "POST /appsia/controlador HTTP/1.1" 200 7733
201.245.192.253 - - [06/Sep/2023:12:56:42 -0500] "POST /forms/lservlet;jsessionid=ac16012b30d62f4415040f2249ea9738ec9c1b9579b0.e3iSbxaKaheRe34Rch0Ra3mLchv0n6jAmljGr5XDqQLvpAe HTTP/1.1" 200 2
172.22.2.4 - - [06/Sep/2023:12:55:38 -0500] "HEAD /BLA/boletinlegal/ HTTP/1.1" 200 -
172.22.2.4 - - [06/Sep/2023:12:57:19 -0500] "GET /BLA/boletinlegal/actos.php HTTP/1.1" 200 9682
172.22.2.4 - - [06/Sep/2023:12:57:28 -0500] "GET /BLA/boletinlegal/consulta_actos.php?tipo=resoluciones&no=0232&usuario=&sector=&fecha=2020&resuelve= HTTP/1.1" 200 1868
181.53.12.253 - - [06/Sep/2023:12:57:29 -0500] "GET /BLA/resoluciones/RESOLUCIONES%202020/0232.pdf HTTP/1.1" 200 790152
181.53.12.253 - - [06/Sep/2023:12:57:30 -0500] "GET /favicon.ico HTTP/1.1" 200 7782
172.22.2.4 - - [06/Sep/2023:12:56:28 -0500] "GET /BLA/boletinlegal/ HTTP/1.1" 200 57790
201.245.192.253 - - [06/Sep/2023:12:58:42 -0500] "POST /forms/lservlet;jsessionid=ac16012b30d62f4415040f2249ea9738ec9c1b9579b0.e3iSbxaKaheRe34Rch0Ra3mLchv0n6jAmljGr5XDqQLvpAe HTTP/1.1" 200 2
201.245.192.253 - - [06/Sep/2023:12:59:14 -0500] "POST /kwsrmcab/Wsrmcab  HTTP/1.1" 200 42865
52.167.144.173 - - [06/Sep/2023:12:59:22 -0500] "GET /Publicaciones/2023EE203418.pdf HTTP/1.1" 200 708801
191.156.148.155 - - [06/Sep/2023:12:59:24 -0500] "GET /secretaria-de-ambiente-abr HTTP/1.1" 404 1136
191.156.148.155 - - [06/Sep/2023:12:59:29 -0500] "GET /secretaria-de-ambiente-abr HTTP/1.1" 404 1136
191.156.148.155 - - [06/Sep/2023:12:59:29 -0500] "GET /secretaria-de-ambiente-abr HTTP/1.1" 404 1136
191.156.148.155 - - [06/Sep/2023:12:59:31 -0500] "GET /favicon.ico HTTP/1.1" 404 1346
191.156.159.57 - - [06/Sep/2023:12:59:31 -0500] "GET /favicon.ico HTTP/1.1" 404 1346
216.245.221.92 - - [06/Sep/2023:12:59:34 -0500] "HEAD / HTTP/1.1" 200 -
181.53.12.138 - - [06/Sep/2023:12:59:40 -0500] "GET /secretaria-de-ambiente-abr HTTP/1.1" 404 1136
191.156.159.57 - - [06/Sep/2023:12:59:40 -0500] "GET /secretaria-de-ambiente-abr HTTP/1.1" 404 1136
181.53.12.138 - - [06/Sep/2023:12:59:41 -0500] "GET /favicon.ico HTTP/1.1" 404 1346
191.156.159.57 - - [06/Sep/2023:12:59:46 -0500] "GET /secretaria-de-ambiente-abr HTTP/1.1" 404 1136
191.156.176.63 - - [06/Sep/2023:13:00:32 -0500] "GET /secretaria-de-ambiente-abre-convocatoria-para-el-proceso-de-formacion-mujeres-cuidadoras-de-humedales.html HTTP/1.1" 200 943
201.245.192.253 - - [06/Sep/2023:13:00:42 -0500] "POST /forms/lservlet;jsessionid=ac16012b30d62f4415040f2249ea9738ec9c1b9579b0.e3iSbxaKaheRe34Rch0Ra3mLchv0n6jAmljGr5XDqQLvpAe HTTP/1.1" 200 2
179.19.72.195 - - [06/Sep/2023:13:01:47 -0500] "GET /secretaria-de-ambiente-abr HTTP/1.1" 404 1136
179.19.72.195 - - [06/Sep/2023:13:01:47 -0500] "GET /favicon.ico HTTP/1.1" 404 1346
191.156.234.29 - - [06/Sep/2023:13:01:47 -0500] "GET /secretaria-de-ambiente-abr HTTP/1.1" 404 1136
191.156.234.29 - - [06/Sep/2023:13:01:48 -0500] "GET /favicon.ico HTTP/1.1" 404 1346
191.156.234.29 - - [06/Sep/2023:13:02:01 -0500] "GET / HTTP/1.1" 200 4720
191.156.234.29 - - [06/Sep/2023:13:02:02 -0500] "GET /fonts/icomoon/style.css HTTP/1.1" 200 79820
191.156.234.29 - - [06/Sep/2023:13:02:02 -0500] "GET /js/url.js HTTP/1.1" 404 1294
191.156.236.130 - - [06/Sep/2023:13:02:02 -0500] "GET /css/style.css HTTP/1.1" 200 3473
191.156.234.29 - - [06/Sep/2023:13:02:02 -0500] "GET /css/bootstrap.min.css HTTP/1.1" 200 178212
201.245.192.253 - - [06/Sep/2023:13:02:42 -0500] "POST /forms/lservlet;jsessionid=ac16012b30d62f4415040f2249ea9738ec9c1b9579b0.e3iSbxaKaheRe34Rch0Ra3mLchv0n6jAmljGr5XDqQLvpAe HTTP/1.1" 200 2
191.156.236.130 - - [06/Sep/2023:13:03:05 -0500] "GET /secretaria-de-ambiente-abr HTTP/1.1" 404 1136
191.156.236.130 - - [06/Sep/2023:13:03:07 -0500] "GET / HTTP/1.1" 200 4720
191.156.236.130 - - [06/Sep/2023:13:03:07 -0500] "GET /js/url.js HTTP/1.1" 404 1294
172.22.2.4 - - [06/Sep/2023:13:01:27 -0500] "HEAD /BLA/boletinlegal/ HTTP/1.1" 200 -
191.156.156.196 - - [06/Sep/2023:13:03:36 -0500] "GET /secretaria-de-ambiente-abr HTTP/1.1" 404 1136
172.22.2.4 - - [06/Sep/2023:13:02:18 -0500] "GET /BLA/boletinlegal/ HTTP/1.1" 200 58187
201.245.192.253 - - [06/Sep/2023:13:04:13 -0500] "POST /kwsrmcab/Wsrmcab  HTTP/1.1" 200 42865
216.244.66.195 - - [06/Sep/2023:13:04:22 -0500] "GET /BLA/resoluciones/index.php?dir=AUTOS+2006%2FAUTOS+2006+1901+-+2000%2F HTTP/1.1" 200 22186
216.244.66.195 - - [06/Sep/2023:13:04:27 -0500] "GET /BLA/resoluciones/index.php?dir=RESOLUCIONES+2004%2FRES+2004+1301-1350%2F HTTP/1.1" 200 12341
216.245.221.92 - - [06/Sep/2023:13:04:34 -0500] "HEAD / HTTP/1.1" 200 -
191.95.51.27 - - [06/Sep/2023:13:04:40 -0500] "GET /secretaria-de-ambiente-abr HTTP/1.1" 404 1136
191.95.51.27 - - [06/Sep/2023:13:04:41 -0500] "GET /favicon.ico HTTP/1.1" 404 1346
201.245.192.253 - - [06/Sep/2023:13:04:42 -0500] "POST /forms/lservlet;jsessionid=ac16012b30d62f4415040f2249ea9738ec9c1b9579b0.e3iSbxaKaheRe34Rch0Ra3mLchv0n6jAmljGr5XDqQLvpAe HTTP/1.1" 200 2
191.156.236.130 - - [06/Sep/2023:13:05:39 -0500] "POST /procesar.php HTTP/1.1" 200 1062
216.244.66.195 - - [06/Sep/2023:13:05:57 -0500] "GET /BLA/resoluciones/index.php?dir=Notificaciones/RESOLUCIONES%202014/&sort=size&order=asc HTTP/1.1" 200 13932
191.95.56.89 - - [06/Sep/2023:13:06:23 -0500] "GET /secretaria-de-ambiente-abr HTTP/1.1" 404 1136
191.95.56.89 - - [06/Sep/2023:13:06:25 -0500] "GET /favicon.ico HTTP/1.1" 404 1346
52.167.144.173 - - [06/Sep/2023:13:06:34 -0500] "GET /BLA/resoluciones/AUTOS%202018/4453.pdf HTTP/1.1" 304 -
191.95.56.89 - - [06/Sep/2023:13:06:38 -0500] "GET /secretaria-de-ambiente-abre-convocatoria-para-el-proceso-de-formacion-mujeres-cuidadoras-de-humedales.html HTTP/1.1" 200 943
201.245.192.253 - - [06/Sep/2023:13:06:42 -0500] "POST /forms/lservlet;jsessionid=ac16012b30d62f4415040f2249ea9738ec9c1b9579b0.e3iSbxaKaheRe34Rch0Ra3mLchv0n6jAmljGr5XDqQLvpAe HTTP/1.1" 200 2
216.244.66.195 - - [06/Sep/2023:13:06:42 -0500] "GET /BLA/resoluciones/RESOLUCIONES%202017/1906.pdf HTTP/1.1" 200 433537
216.244.66.195 - - [06/Sep/2023:13:07:11 -0500] "GET /BLA/resoluciones/AUTOS%202013/2948.pdf HTTP/1.1" 200 610970
216.244.66.195 - - [06/Sep/2023:13:07:21 -0500] "GET /BLA/resoluciones/index.php?dir=RESOLUCIONES%202006/RES%202006%20251-300/&sort=size&order=asc HTTP/1.1" 200 12236
181.56.85.132 - - [06/Sep/2023:13:07:36 -0500] "GET /secretaria-de-ambiente-abr HTTP/1.1" 404 1136
181.56.85.132 - - [06/Sep/2023:13:07:37 -0500] "GET /favicon.ico HTTP/1.1" 404 1346
216.244.66.195 - - [06/Sep/2023:13:07:39 -0500] "GET /BLA/resoluciones/AUTOS%202016/0038.pdf HTTP/1.1" 200 462736
181.56.85.132 - - [06/Sep/2023:13:07:41 -0500] "GET / HTTP/1.1" 200 4720
181.56.85.132 - - [06/Sep/2023:13:07:42 -0500] "GET /js/url.js HTTP/1.1" 404 1294
181.56.85.132 - - [06/Sep/2023:13:07:42 -0500] "GET /fonts/icomoon/style.css HTTP/1.1" 200 79820
181.56.85.132 - - [06/Sep/2023:13:07:42 -0500] "GET /css/style.css HTTP/1.1" 200 3473
181.56.85.132 - - [06/Sep/2023:13:07:42 -0500] "GET /css/bootstrap.min.css HTTP/1.1" 200 178212
216.244.66.195 - - [06/Sep/2023:13:07:48 -0500] "GET /BLA/resoluciones/AUTOS%202016/0107.pdf HTTP/1.1" 200 531443
181.56.85.132 - - [06/Sep/2023:13:07:48 -0500] "GET /secretaria-de-ambiente-abr HTTP/1.1" 404 1136
52.167.144.108 - - [06/Sep/2023:13:07:52 -0500] "GET /siipev/Diseno%20de%20Elementos%20de%20Mobiliario%20Urbano/Otros%20Elementos/PARTE%20B/Dise%C3%B1o%20de%20Elementos%20M10.pdf HTTP/1.1" 200 508498
216.244.66.195 - - [06/Sep/2023:13:08:03 -0500] "GET /BLA/resoluciones/AUTOS%202016/0196.pdf HTTP/1.1" 200 442790
216.244.66.195 - - [06/Sep/2023:13:08:24 -0500] "GET /BLA/resoluciones/AUTOS%202016/0256.pdf HTTP/1.1" 200 586669
201.245.192.253 - - [06/Sep/2023:13:08:42 -0500] "POST /forms/lservlet;jsessionid=ac16012b30d62f4415040f2249ea9738ec9c1b9579b0.e3iSbxaKaheRe34Rch0Ra3mLchv0n6jAmljGr5XDqQLvpAe HTTP/1.1" 200 2
216.244.66.195 - - [06/Sep/2023:13:08:42 -0500] "GET /BLA/resoluciones/AUTOS%202016/0315.pdf HTTP/1.1" 200 662267
172.22.2.4 - - [06/Sep/2023:13:07:17 -0500] "HEAD /BLA/boletinlegal/ HTTP/1.1" 200 -
216.244.66.195 - - [06/Sep/2023:13:09:00 -0500] "GET /BLA/resoluciones/AUTOS%202016/0647.pdf HTTP/1.1" 200 794998
191.156.234.29 - - [06/Sep/2023:13:09:06 -0500] "GET / HTTP/1.1" 200 4720
191.156.234.29 - - [06/Sep/2023:13:09:06 -0500] "GET /js/url.js HTTP/1.1" 404 1294
52.167.144.44 - - [06/Sep/2023:13:09:12 -0500] "GET /BLA/resoluciones/AUTOS%202023/4153.pdf HTTP/1.1" 200 427557
201.245.192.253 - - [06/Sep/2023:13:09:12 -0500] "POST /kwsrmcab/Wsrmcab  HTTP/1.1" 200 42865
216.244.66.195 - - [06/Sep/2023:13:09:15 -0500] "GET /BLA/resoluciones/AUTOS%202016/0697.pdf HTTP/1.1" 200 526315
216.245.221.92 - - [06/Sep/2023:13:09:34 -0500] "HEAD / HTTP/1.1" 200 -
172.22.2.4 - - [06/Sep/2023:13:08:08 -0500] "GET /BLA/boletinlegal/ HTTP/1.1" 200 58187
216.244.66.195 - - [06/Sep/2023:13:09:50 -0500] "GET /BLA/resoluciones/AUTOS%202016/0871.pdf HTTP/1.1" 200 309584
216.244.66.195 - - [06/Sep/2023:13:10:19 -0500] "GET /BLA/resoluciones/AUTOS%202016/0944.pdf HTTP/1.1" 200 537158
201.245.192.253 - - [06/Sep/2023:13:10:42 -0500] "POST /forms/lservlet;jsessionid=ac16012b30d62f4415040f2249ea9738ec9c1b9579b0.e3iSbxaKaheRe34Rch0Ra3mLchv0n6jAmljGr5XDqQLvpAe HTTP/1.1" 200 2
216.244.66.195 - - [06/Sep/2023:13:10:51 -0500] "GET /BLA/resoluciones/AUTOS%202016/1004.pdf HTTP/1.1" 200 365721
191.156.234.29 - - [06/Sep/2023:13:11:14 -0500] "GET /favicon.ico HTTP/1.1" 404 1346
191.156.234.29 - - [06/Sep/2023:13:11:14 -0500] "GET /secretaria-de-ambiente-abr HTTP/1.1" 404 1136
191.156.234.29 - - [06/Sep/2023:13:11:17 -0500] "GET / HTTP/1.1" 200 4720
191.156.234.29 - - [06/Sep/2023:13:11:17 -0500] "GET /js/url.js HTTP/1.1" 404 1294
216.244.66.195 - - [06/Sep/2023:13:11:19 -0500] "GET /BLA/resoluciones/AUTOS%202016/1183.pdf HTTP/1.1" 200 400037
191.156.234.29 - - [06/Sep/2023:13:11:32 -0500] "GET / HTTP/1.1" 200 4720
191.156.234.29 - - [06/Sep/2023:13:11:32 -0500] "GET /js/url.js HTTP/1.1" 404 1294
216.244.66.195 - - [06/Sep/2023:13:11:45 -0500] "GET /BLA/resoluciones/AUTOS%202016/1310.pdf HTTP/1.1" 200 437020
191.156.236.130 - - [06/Sep/2023:13:12:11 -0500] "GET /secretaria-de-ambiente-abr HTTP/1.1" 404 1136
216.244.66.195 - - [06/Sep/2023:13:12:13 -0500] "GET /BLA/resoluciones/AUTOS%202016/1352.pdf HTTP/1.1" 200 310487
191.156.236.130 - - [06/Sep/2023:13:12:13 -0500] "GET / HTTP/1.1" 200 4720
191.156.234.29 - - [06/Sep/2023:13:12:14 -0500] "GET /js/url.js HTTP/1.1" 404 1294
216.244.66.195 - - [06/Sep/2023:13:12:37 -0500] "GET /BLA/resoluciones/AUTOS%202016/1529.pdf HTTP/1.1" 200 376415
201.245.192.253 - - [06/Sep/2023:13:12:42 -0500] "POST /forms/lservlet;jsessionid=ac16012b30d62f4415040f2249ea9738ec9c1b9579b0.e3iSbxaKaheRe34Rch0Ra3mLchv0n6jAmljGr5XDqQLvpAe HTTP/1.1" 200 2
216.244.66.195 - - [06/Sep/2023:13:13:01 -0500] "GET /BLA/resoluciones/AUTOS%202016/1635.pdf HTTP/1.1" 200 466736
216.244.66.195 - - [06/Sep/2023:13:13:23 -0500] "GET /BLA/resoluciones/AUTOS%202016/1643.pdf HTTP/1.1" 200 742050
40.77.167.73 - - [06/Sep/2023:13:13:23 -0500] "GET /BLA/resoluciones/RESOLUCIONES%202004/RESOLUCION%201728%20DE%202004.PDF HTTP/1.1" 200 525919
216.244.66.195 - - [06/Sep/2023:13:13:46 -0500] "GET /BLA/resoluciones/AUTOS%202016/1648.pdf HTTP/1.1" 200 588532
191.156.234.29 - - [06/Sep/2023:13:14:04 -0500] "GET /secretaria-de-ambiente-abr HTTP/1.1" 404 1136
216.244.66.195 - - [06/Sep/2023:13:14:08 -0500] "GET /BLA/resoluciones/AUTOS%202016/1732.pdf HTTP/1.1" 200 908548
191.156.234.29 - - [06/Sep/2023:13:14:08 -0500] "GET / HTTP/1.1" 200 4720
191.156.234.29 - - [06/Sep/2023:13:14:08 -0500] "GET /js/url.js HTTP/1.1" 404 1294
201.245.192.253 - - [06/Sep/2023:13:14:08 -0500] "GET /sipse/faces/index.xhtml HTTP/1.1" 200 677
201.245.192.253 - - [06/Sep/2023:13:14:08 -0500] "GET /sipse/faces/javax.faces.resource/theme.css?ln=primefaces-sipse HTTP/1.1" 304 -
201.245.192.253 - - [06/Sep/2023:13:14:08 -0500] "GET /sipse/faces/faces/autenticacion.xhtml HTTP/1.1" 200 12178
201.245.192.253 - - [06/Sep/2023:13:14:08 -0500] "GET /sipse/js/disable_browser_buttons.js HTTP/1.1" 304 -
201.245.192.253 - - [06/Sep/2023:13:14:08 -0500] "GET /sipse/js/funciones.js HTTP/1.1" 304 -
201.245.192.253 - - [06/Sep/2023:13:14:08 -0500] "GET /sipse/css/custom_css_sg.css HTTP/1.1" 304 -
201.245.192.253 - - [06/Sep/2023:13:14:08 -0500] "GET /sipse/css/custom_css_sg_prime_login.css HTTP/1.1" 304 -
201.245.192.253 - - [06/Sep/2023:13:14:08 -0500] "GET /sipse/faces/javax.faces.resource/theme.css?ln=primefaces-sipse HTTP/1.1" 304 -
201.245.192.253 - - [06/Sep/2023:13:14:08 -0500] "GET /sipse/faces/javax.faces.resource/jquery/jquery.js?ln=primefaces&v=4.0 HTTP/1.1" 304 -
201.245.192.253 - - [06/Sep/2023:13:14:08 -0500] "GET /sipse/faces/javax.faces.resource/primefaces.css?ln=primefaces&v=4.0 HTTP/1.1" 304 -
201.245.192.253 - - [06/Sep/2023:13:14:08 -0500] "GET /sipse/faces/javax.faces.resource/layout/layout.css?ln=primefaces&v=4.0 HTTP/1.1" 304 -
201.245.192.253 - - [06/Sep/2023:13:14:08 -0500] "GET /sipse/faces/javax.faces.resource/primefaces.js?ln=primefaces&v=4.0 HTTP/1.1" 304 -
201.245.192.253 - - [06/Sep/2023:13:14:08 -0500] "GET /sipse/faces/javax.faces.resource/jquery/jquery-plugins.js?ln=primefaces&v=4.0 HTTP/1.1" 304 -
201.245.192.253 - - [06/Sep/2023:13:14:08 -0500] "GET /sipse/faces/javax.faces.resource/layout/layout.js?ln=primefaces&v=4.0 HTTP/1.1" 304 -
201.245.192.253 - - [06/Sep/2023:13:14:09 -0500] "GET /sipse/css/imagen/logoSDG.png HTTP/1.1" 304 -
201.245.192.253 - - [06/Sep/2023:13:14:09 -0500] "GET /sipse/css/imagen/loginimg.png HTTP/1.1" 304 -
201.245.192.253 - - [06/Sep/2023:13:14:09 -0500] "GET /sipse/faces/javax.faces.resource/images/ui-icons_898989_256x240.png?ln=primefaces-aristo HTTP/1.1" 304 -
128.14.136.18 - - [06/Sep/2023:13:14:09 -0500] "GET / HTTP/1.1" 200 319
201.245.192.253 - - [06/Sep/2023:13:14:11 -0500] "POST /sipse/faces/autenticacion.xhtml HTTP/1.1" 200 16182
201.245.192.253 - - [06/Sep/2023:13:14:11 -0500] "GET /sipse/css/custom_css_sg_prime.css HTTP/1.1" 304 -
201.245.192.253 - - [06/Sep/2023:13:14:11 -0500] "GET /sipse/faces/javax.faces.resource/layout/layout.css?ln=primefaces&v=4.0 HTTP/1.1" 304 -
201.245.192.253 - - [06/Sep/2023:13:14:11 -0500] "GET /sipse/faces/javax.faces.resource/primefaces.css?ln=primefaces&v=4.0 HTTP/1.1" 304 -
201.245.192.253 - - [06/Sep/2023:13:14:11 -0500] "GET /sipse/faces/javax.faces.resource/theme.css?ln=primefaces-sipse HTTP/1.1" 304 -
201.245.192.253 - - [06/Sep/2023:13:14:11 -0500] "GET /sipse/js/jquery.min.js HTTP/1.1" 304 -
201.245.192.253 - - [06/Sep/2023:13:14:11 -0500] "GET /sipse/faces/javax.faces.resource/jquery/jquery.js?ln=primefaces&v=4.0 HTTP/1.1" 304 -
201.245.192.253 - - [06/Sep/2023:13:14:11 -0500] "GET /sipse/faces/javax.faces.resource/jquery/jquery-plugins.js?ln=primefaces&v=4.0 HTTP/1.1" 304 -
201.245.192.253 - - [06/Sep/2023:13:14:11 -0500] "GET /sipse/faces/javax.faces.resource/primefaces.js?ln=primefaces&v=4.0 HTTP/1.1" 304 -
201.245.192.253 - - [06/Sep/2023:13:14:11 -0500] "GET /sipse/faces/javax.faces.resource/layout/layout.js?ln=primefaces&v=4.0 HTTP/1.1" 304 -
201.245.192.253 - - [06/Sep/2023:13:14:11 -0500] "GET /sipse/css/v_mergente.css HTTP/1.1" 304 -
201.245.192.253 - - [06/Sep/2023:13:14:11 -0500] "GET /sipse/imagenes/cargando.gif HTTP/1.1" 304 -
201.245.192.253 - - [06/Sep/2023:13:14:11 -0500] "GET /sipse/imagenes/logoAplicacion.jpg HTTP/1.1" 304 -
201.245.192.253 - - [06/Sep/2023:13:14:11 -0500] "GET /sipse/css/imagen/contrasena.png HTTP/1.1" 404 383
201.245.192.253 - - [06/Sep/2023:13:14:11 -0500] "GET /sipse/faces/javax.faces.resource/messages/messages.png?ln=primefaces&v=4.0 HTTP/1.1" 304 -
201.245.192.253 - - [06/Sep/2023:13:14:10 -0500] "POST /kwsrmcab/Wsrmcab  HTTP/1.1" 200 42865
216.245.221.92 - - [06/Sep/2023:13:14:34 -0500] "HEAD / HTTP/1.1" 200 -
201.245.192.253 - - [06/Sep/2023:13:14:42 -0500] "POST /forms/lservlet;jsessionid=ac16012b30d62f4415040f2249ea9738ec9c1b9579b0.e3iSbxaKaheRe34Rch0Ra3mLchv0n6jAmljGr5XDqQLvpAe HTTP/1.1" 200 2
216.244.66.195 - - [06/Sep/2023:13:14:47 -0500] "GET /BLA/resoluciones/AUTOS%202016/1859.pdf HTTP/1.1" 200 312889
172.22.2.4 - - [06/Sep/2023:13:13:07 -0500] "HEAD /BLA/boletinlegal/ HTTP/1.1" 200 -
216.244.66.195 - - [06/Sep/2023:13:15:17 -0500] "GET /BLA/resoluciones/AUTOS%202016/2120.pdf HTTP/1.1" 200 491633
181.58.241.93 - - [06/Sep/2023:13:15:28 -0500] "GET /BLA/resoluciones/index.php?dir=AUTOS+2017%2F HTTP/1.1" 200 470115
172.22.2.4 - - [06/Sep/2023:13:13:58 -0500] "GET /BLA/boletinlegal/ HTTP/1.1" 200 58187
181.58.241.93 - - [06/Sep/2023:13:15:38 -0500] "GET /BLA/resoluciones/AUTOS%202017/0288.pdf HTTP/1.1" 200 342411
181.54.236.238 - - [06/Sep/2023:13:15:27 -0500] "GET /BLA/boletinlegal/admin/ HTTP/1.1" 200 15891
216.244.66.195 - - [06/Sep/2023:13:15:47 -0500] "GET /BLA/resoluciones/AUTOS%202016/2140.pdf HTTP/1.1" 200 289365
181.54.236.238 - - [06/Sep/2023:13:15:27 -0500] "GET /BLA/boletinlegal/admin/ HTTP/1.1" 200 15891
181.54.236.238 - - [06/Sep/2023:13:16:00 -0500] "GET /BLA/boletinlegal/admin/index_files/index_files/tback.gif HTTP/1.1" 404 1334
191.156.236.130 - - [06/Sep/2023:13:16:05 -0500] "GET /secretaria-de-ambiente-abr HTTP/1.1" 404 1136
191.156.236.130 - - [06/Sep/2023:13:16:07 -0500] "GET / HTTP/1.1" 200 4720
191.156.236.130 - - [06/Sep/2023:13:16:07 -0500] "GET /js/url.js HTTP/1.1" 404 1294
216.244.66.195 - - [06/Sep/2023:13:16:20 -0500] "GET /BLA/resoluciones/AUTOS%202016/2469.pdf HTTP/1.1" 200 654699
186.102.69.60 - - [06/Sep/2023:13:16:31 -0500] "GET /secretaria-de-ambiente-abre-convocatoria-para-el-proceso-de-formacion-mujeres-cuidadoras-de-humedales.html HTTP/1.1" 200 943
201.245.192.253 - - [06/Sep/2023:13:16:42 -0500] "POST /forms/lservlet;jsessionid=ac16012b30d62f4415040f2249ea9738ec9c1b9579b0.e3iSbxaKaheRe34Rch0Ra3mLchv0n6jAmljGr5XDqQLvpAe HTTP/1.1" 200 2
216.244.66.195 - - [06/Sep/2023:13:16:48 -0500] "GET /BLA/resoluciones/AUTOS%202016/2560.pdf HTTP/1.1" 200 380559
181.54.236.238 - - [06/Sep/2023:13:16:54 -0500] "GET /BLA/boletinlegal/admin/conceptos/ingresar.php HTTP/1.1" 200 32131
181.54.236.238 - - [06/Sep/2023:13:16:55 -0500] "GET /css/global/buttons.css HTTP/1.1" 404 1324
181.54.236.238 - - [06/Sep/2023:13:16:55 -0500] "GET /BLA/boletinlegal/admin/images/calendario.png HTTP/1.1" 200 4380
181.54.236.238 - - [06/Sep/2023:13:16:55 -0500] "GET /BLA/boletinlegal/images/favicon.ico HTTP/1.1" 404 1336
172.22.2.4 - - [06/Sep/2023:13:16:57 -0500] "GET /BLA/boletinlegal/actos.php HTTP/1.1" 200 9682
172.22.2.4 - - [06/Sep/2023:13:16:59 -0500] "GET /BLA/boletinlegal/favicon.ico HTTP/1.1" 404 1326
66.249.66.77 - - [06/Sep/2023:13:17:00 -0500] "GET /portaldeninos/2018/06/06/hola-mundo-2/ HTTP/1.1" 200 95483
181.54.236.238 - - [06/Sep/2023:13:17:04 -0500] "GET /BLA/boletinlegal/admin/conceptos/setvalue.php?month=9&year=2023 HTTP/1.1" 200 3182
181.54.236.238 - - [06/Sep/2023:13:17:06 -0500] "GET /BLA/boletinlegal/admin/conceptos/setvalue.php?month=8&year=2023 HTTP/1.1" 200 3262
172.22.2.4 - - [06/Sep/2023:13:17:09 -0500] "GET /BLA/boletinlegal/consulta_actos.php?tipo=resoluciones&no=3232&usuario=&sector=&fecha=2017&resuelve= HTTP/1.1" 200 1089
186.29.247.134 - - [06/Sep/2023:13:17:11 -0500] "GET /BLA/resoluciones/ HTTP/1.1" 200 13696
216.244.66.195 - - [06/Sep/2023:13:17:14 -0500] "GET /BLA/resoluciones/AUTOS%202016/2739.pdf HTTP/1.1" 200 715329
186.29.247.134 - - [06/Sep/2023:13:17:15 -0500] "GET /BLA/resoluciones/index.php?dir=RESOLUCIONES+2017%2F HTTP/1.1" 200 286661
186.29.247.134 - - [06/Sep/2023:13:17:15 -0500] "GET /BLA/resoluciones/dlf/archive.png HTTP/1.1" 200 632
191.156.234.29 - - [06/Sep/2023:13:17:18 -0500] "GET / HTTP/1.1" 200 4720
191.156.234.29 - - [06/Sep/2023:13:17:19 -0500] "GET /js/url.js HTTP/1.1" 404 1294
181.54.236.238 - - [06/Sep/2023:13:17:22 -0500] "GET /BLA/boletinlegal/admin/conceptos/setvaluef.php?month=9&year=2022 HTTP/1.1" 200 3212
181.54.236.238 - - [06/Sep/2023:13:17:23 -0500] "GET /BLA/boletinlegal/admin/conceptos/setvaluef.php?month=9&year=2023 HTTP/1.1" 200 3212
181.54.236.238 - - [06/Sep/2023:13:17:24 -0500] "GET /BLA/boletinlegal/admin/conceptos/setvaluef.php?month=8&year=2023 HTTP/1.1" 200 3293
216.244.66.195 - - [06/Sep/2023:13:17:40 -0500] "GET /BLA/resoluciones/AUTOS%202016/2755.pdf HTTP/1.1" 200 1342221
181.54.236.238 - - [06/Sep/2023:13:17:43 -0500] "GET /BLA/boletinlegal/admin/conceptos/setvalued.php?month=9&year=2023 HTTP/1.1" 200 3212
181.54.236.238 - - [06/Sep/2023:13:17:45 -0500] "GET /BLA/boletinlegal/admin/conceptos/setvalued.php?month=8&year=2023 HTTP/1.1" 200 3293
191.156.234.29 - - [06/Sep/2023:13:17:46 -0500] "GET /secretaria-de-ambiente-abr HTTP/1.1" 404 1136
191.156.234.29 - - [06/Sep/2023:13:17:48 -0500] "GET / HTTP/1.1" 200 4720
191.156.236.130 - - [06/Sep/2023:13:17:48 -0500] "GET /js/url.js HTTP/1.1" 404 1294
181.54.236.238 - - [06/Sep/2023:13:17:51 -0500] "POST /BLA/boletinlegal/admin/conceptos/ingresar.php HTTP/1.1" 200 32224
181.54.236.238 - - [06/Sep/2023:13:17:51 -0500] "GET /css/global/buttons.css HTTP/1.1" 404 1324
181.54.236.238 - - [06/Sep/2023:13:18:00 -0500] "GET /BLA/boletinlegal/admin/conceptos/setvalue.php?month=9&year=2023 HTTP/1.1" 200 3182
181.54.236.238 - - [06/Sep/2023:13:18:01 -0500] "GET /BLA/boletinlegal/admin/conceptos/setvalue.php?month=6&year=2023 HTTP/1.1" 200 3182
201.245.192.253 - - [06/Sep/2023:13:17:59 -0500] "POST /kwsrmcab/Wsrmcab HTTP/1.1" 200 42375
201.245.192.253 - - [06/Sep/2023:13:18:02 -0500] "POST /kwsrmcab/Wsrmcab HTTP/1.1" 200 39677
216.244.66.195 - - [06/Sep/2023:13:18:08 -0500] "GET /BLA/resoluciones/index.php?dir=AUTOS%202004/&sort=date&order=desc HTTP/1.1" 200 2785
181.54.236.238 - - [06/Sep/2023:13:18:22 -0500] "GET /BLA/boletinlegal/admin/conceptos/setvaluef.php?month=9&year=2023 HTTP/1.1" 200 3212
216.244.66.195 - - [06/Sep/2023:13:18:31 -0500] "GET /BLA/resoluciones/AUTOS%202015/0427.pdf HTTP/1.1" 200 630617
201.245.192.253 - - [06/Sep/2023:13:18:42 -0500] "POST /forms/lservlet;jsessionid=ac16012b30d62f4415040f2249ea9738ec9c1b9579b0.e3iSbxaKaheRe34Rch0Ra3mLchv0n6jAmljGr5XDqQLvpAe HTTP/1.1" 200 2
172.22.2.4 - - [06/Sep/2023:13:18:43 -0500] "GET /BLA/boletinlegal/actos.php HTTP/1.1" 200 9682
181.54.236.238 - - [06/Sep/2023:13:18:47 -0500] "GET /BLA/boletinlegal/admin/conceptos/setvalued.php?month=9&year=2023 HTTP/1.1" 200 3212
181.54.236.238 - - [06/Sep/2023:13:18:51 -0500] "POST /BLA/boletinlegal/admin/conceptos/ingresar.php HTTP/1.1" 200 32224
181.54.236.238 - - [06/Sep/2023:13:18:51 -0500] "GET /css/global/buttons.css HTTP/1.1" 404 1324
216.244.66.195 - - [06/Sep/2023:13:18:55 -0500] "GET /BLA/resoluciones/AUTOS%202007/1060.pdf HTTP/1.1" 200 90907
172.22.2.4 - - [06/Sep/2023:13:18:56 -0500] "GET /BLA/boletinlegal/consulta_actos.php?tipo=resoluciones&no=2972&usuario=&sector=SILVICULTURA&fecha=2022&resuelve= HTTP/1.1" 200 1113
181.54.236.238 - - [06/Sep/2023:13:19:01 -0500] "GET /BLA/boletinlegal/admin/conceptos/setvalue.php?month=9&year=2023 HTTP/1.1" 200 3182
181.54.236.238 - - [06/Sep/2023:13:19:02 -0500] "GET /BLA/boletinlegal/admin/conceptos/setvalue.php?month=8&year=2023 HTTP/1.1" 200 3262
201.245.192.253 - - [06/Sep/2023:13:19:10 -0500] "POST /kwsrmcab/Wsrmcab  HTTP/1.1" 200 42865
181.54.236.238 - - [06/Sep/2023:13:19:15 -0500] "GET /BLA/boletinlegal/admin/conceptos/setvaluef.php?month=9&year=2023 HTTP/1.1" 200 3212
191.156.234.29 - - [06/Sep/2023:13:19:16 -0500] "GET /secretaria-de-ambiente-abr HTTP/1.1" 404 1136
216.244.66.195 - - [06/Sep/2023:13:19:17 -0500] "GET /BLA/resoluciones/AUTOS%202007/1983.pdf HTTP/1.1" 200 40239
191.156.234.29 - - [06/Sep/2023:13:19:19 -0500] "GET / HTTP/1.1" 200 4720
191.156.234.29 - - [06/Sep/2023:13:19:19 -0500] "GET /js/url.js HTTP/1.1" 404 1294
181.54.236.238 - - [06/Sep/2023:13:19:34 -0500] "GET /BLA/boletinlegal/admin/conceptos/setvalued.php?month=9&year=2023 HTTP/1.1" 200 3212
216.245.221.92 - - [06/Sep/2023:13:19:34 -0500] "HEAD / HTTP/1.1" 200 -
216.244.66.195 - - [06/Sep/2023:13:19:37 -0500] "GET /BLA/resoluciones/AUTOS%202007/1996.pdf HTTP/1.1" 200 81126
181.54.236.238 - - [06/Sep/2023:13:19:39 -0500] "POST /BLA/boletinlegal/admin/conceptos/ingresar.php HTTP/1.1" 200 32224
181.54.236.238 - - [06/Sep/2023:13:19:39 -0500] "GET /css/global/buttons.css HTTP/1.1" 404 1324
191.156.236.130 - - [06/Sep/2023:13:19:43 -0500] "GET / HTTP/1.1" 200 4720
191.156.234.29 - - [06/Sep/2023:13:19:43 -0500] "GET /js/url.js HTTP/1.1" 404 1294
186.102.47.179 - - [06/Sep/2023:13:19:46 -0500] "GET /kwssiamovil/sm/ldap/au?x=U2FsdGVkX18SnFzTAhPvqqiG98kcM8E9P+pz9yTCBHHBlVHolGauluBt+tXsgxAE&y=U2FsdGVkX18UtyAta11XyL0cyymY9PNhdFqj8CLRVSf/ldj7PWT+zRLYhNlMQ4iF HTTP/1.1" 200 31
216.244.66.195 - - [06/Sep/2023:13:19:56 -0500] "GET /BLA/resoluciones/AUTOS%202010/1152.pdf HTTP/1.1" 200 150078
181.54.236.238 - - [06/Sep/2023:13:20:01 -0500] "GET /BLA/boletinlegal/admin/conceptos/setvaluef.php?month=9&year=2023 HTTP/1.1" 200 3212
216.244.66.195 - - [06/Sep/2023:13:20:15 -0500] "GET /BLA/resoluciones/AUTOS%202010/1368.pdf HTTP/1.1" 200 301170
181.54.236.238 - - [06/Sep/2023:13:20:19 -0500] "GET /BLA/boletinlegal/admin/conceptos/setvalued.php?month=9&year=2023 HTTP/1.1" 200 3212
181.54.236.238 - - [06/Sep/2023:13:20:24 -0500] "GET /css/global/buttons.css HTTP/1.1" 404 1324
181.54.236.238 - - [06/Sep/2023:13:20:24 -0500] "POST /BLA/boletinlegal/admin/conceptos/ingresar.php HTTP/1.1" 200 32224
216.244.66.195 - - [06/Sep/2023:13:20:33 -0500] "GET /BLA/resoluciones/AUTOS%202010/4420.pdf HTTP/1.1" 200 140545
172.22.2.4 - - [06/Sep/2023:13:18:57 -0500] "HEAD /BLA/boletinlegal/ HTTP/1.1" 200 -
181.54.236.238 - - [06/Sep/2023:13:20:39 -0500] "GET /BLA/boletinlegal/admin/conceptos/setvaluef.php?month=9&year=2023 HTTP/1.1" 200 3212
201.245.192.253 - - [06/Sep/2023:13:20:42 -0500] "POST /forms/lservlet;jsessionid=ac16012b30d62f4415040f2249ea9738ec9c1b9579b0.e3iSbxaKaheRe34Rch0Ra3mLchv0n6jAmljGr5XDqQLvpAe HTTP/1.1" 200 2
216.244.66.195 - - [06/Sep/2023:13:20:49 -0500] "GET /BLA/resoluciones/AUTOS%202010/4551.pdf HTTP/1.1" 200 137947
186.102.47.179 - - [06/Sep/2023:13:20:56 -0500] "GET /kwssiamovil/sm/ldap/au?x=U2FsdGVkX18QPOryOl+BrIyYdEwMmrRKFVhh/D7qqvWs1xwV6BItNfg97JACEZd/&y=U2FsdGVkX1/+M4Sy1Ow3lNd1XZQc+DKu4Gv+rqr4yWawSLs7qxgavkjCWaZ70+9W HTTP/1.1" 200 31
181.54.236.238 - - [06/Sep/2023:13:20:58 -0500] "GET /BLA/boletinlegal/admin/conceptos/setvalued.php?month=9&year=2023 HTTP/1.1" 200 3212
181.54.236.238 - - [06/Sep/2023:13:21:03 -0500] "POST /BLA/boletinlegal/admin/conceptos/ingresar.php HTTP/1.1" 200 32224
181.54.236.238 - - [06/Sep/2023:13:21:03 -0500] "GET /css/global/buttons.css HTTP/1.1" 404 1324
216.244.66.195 - - [06/Sep/2023:13:21:04 -0500] "GET /BLA/resoluciones/AUTOS%202010/4597.pdf HTTP/1.1" 200 26280
216.244.66.195 - - [06/Sep/2023:13:21:18 -0500] "GET /BLA/resoluciones/AUTOS%202010/4805.pdf HTTP/1.1" 200 240166
172.22.2.4 - - [06/Sep/2023:13:19:48 -0500] "GET /BLA/boletinlegal/ HTTP/1.1" 200 58187
181.54.236.238 - - [06/Sep/2023:13:21:30 -0500] "GET /BLA/boletinlegal/admin/conceptos/setvaluef.php?month=9&year=2023 HTTP/1.1" 200 3212
216.244.66.195 - - [06/Sep/2023:13:21:31 -0500] "GET /BLA/resoluciones/AUTOS%202010/5037.pdf HTTP/1.1" 200 729210
216.244.66.195 - - [06/Sep/2023:13:21:44 -0500] "GET /BLA/resoluciones/AUTOS%202010/5223.pdf HTTP/1.1" 200 162385
186.102.47.179 - - [06/Sep/2023:13:21:54 -0500] "GET /kwssiamovil/sm/ldap/au?x=U2FsdGVkX19lq1JsCT1bKnL9dkWcsrzXt8oFkaHjmkHkTqWwgmLSAagEaPEk+MLp&y=U2FsdGVkX1+/4m783ZgzTzxPMDnux+B++XCvz2XU3OPjgdgKqVwlBPw9a2OhI4HA HTTP/1.1" 200 30
186.102.47.179 - - [06/Sep/2023:13:21:54 -0500] "GET /kwssiamovil/sm/acme/s?s=U2FsdGVkX18DuTB2p4RXlE0bFNM1mC5jUxa78QQSb4AUrrZokT8gGQ/CYIa7HAWIdLWaMl/twcHaZ9j9vKDIwTWLNLml0cqyRjej8RJoi3g=&u=U2FsdGVkX19MaXR+FEn+7Fcarmz1eo9ISeg66t+wSggUrCiyoYD/4ZHwDoJjCY/p&y=U2FsdGVkX1+/4m783ZgzTzxPMDnux+B++XCvz2XU3OPjgdgKqVwlBPw9a2OhI4HA HTTP/1.1" 200 97
186.102.47.179 - - [06/Sep/2023:13:21:54 -0500] "GET /kwssiamovil/sm/acme/s?s=U2FsdGVkX19aRFdtqAmG4GM++B92a/lP+lpTmOfD8MusSx8iI3Nn1Cs1fo2zCXl5BixbNQYySmgN8QWGds5bRDV4Tyeml50gHddeDLOsD6dyKLEIx0O0QqhjjosF6N69DdF0M8sGb1wUuTDCfXWZ/XO1UvafdyCXiJyHeI7XPFWefuZrkLIal/iA3OGY9gi04hgd3tOK83LSKxjHPa/Zii1YRUwvlQxG0axpKuBIV6LPATu6ZTaLpfrsUwFxsFWLC2Sj4Qa8zFaMTPtMk94kFqbfjvivlA7P/ykiB7PVyEiRrr/x4S+UwT0ENQduYBweGzFvaemetKqZgmPy5Bi1M17SLMwXLAROq8JrINsRqblMvznNOSYGeqcXE4zNw6RxlEHZi+jndebK9Uclkzzp5lpFP/OSJdFf/YTiH+l8/tokK/PjJtrN76RVrLq+J7hbuXp6qNOdvRlt5imT+/ii/F9SmYfhOr45eN9cR91DVLCP7E3dkrASd/DmB7ovUWxN8knHohFqyoGl9tYai77oBEWWJKvzYhk/dRstVo/SiVqfKZPYyffDNj1ylSRDqUh57CC44Q9SEwvMznl5O+LFKsyoRvys9ZyAMLT04FVOJHeQF3JYMdNGTVVk9EVpW+Gchg4EGh5YwFI1yygSjtRSWUzVGR5PAX5lE1TRTTwWpZIjdbOHJgaUnJVfJB1BEk/jojDK28ikvg53CRKpQXZXh3oac+DsmaESg/JYxJ9NKyoQRwaWq38Ap0OIh4adv1E17hra0DhkuIuw/0f2XR3EJbPVUYFHhCSjS8P+NqXG6BpNdurj8Bcqz2yRvg9bfsSWLYe09THvIaMxlpaLm1X3/v47tTilBIKrA+ejWizbXI1ODcI0Wp6A9xSM2xpkS6uncD7iI4kn30vvxCy+Ynwmqpm2fFKnYm7DHhlbtN9xoR3rj3DnYHlEB4IvEI2lKIK3nxwpACD9XhGo5/Ne1T7ho5GUaMwjFepOXfAgbPfaWnL120bZWwdnmGeJVb1z2ZqwITzy2nMo22KMF9OL+kdqGApaeeyXvi09OBp+OhsE5jDegxZzprgWz8pDD2lwtb7e5eVSRDNpwjD0woI6B3GmZ2cDKGDMYeT0smqsisU6bvmKrLsf49Ou9aUrFYnIkC+f4R/wYZujLBPJWZ5h25h0fDVgUQh+7Uocq+N8x49LN5CF7PeZ19sUtPTjA9uHp/WQlcKwZFzPUhtagNrDhDUauimyvuTXk4YwuvHQ1dLa0SqMUF9qrIal2aC5LDxGuFccA8n7Xo1ZNyZMhZKan+1rogvpLCeEUx7NDHCIXKaNM5sxlwbahUDqLUwH6ZKrvzQ2+74t0tGrY7MWMyiRE9GbRiIncLJm/jfEut6o3BmXVOR60pBTWQD1/RJkb8fv6hB2DbeWSOk70BKUVXLq61UciztX4czedTZ1f1f87dc49GmNNl1DnvksH7c18a9NDkF/qxgskq5FHlak7AWPwg/kMJCzjW8XIekivpjtYMWJ9T0dbLqXCTXLtK0ZSI6J+VyvzRP2+1qEQJk6QmQHf6fTOQgJQPTj3udRZoEg4UCyWMTTGPMa6xyjoNtPbcCoZMgQ8Ui6bdoqmwJ4aLAG864fN02GBS1/HwOgxnrxYxfn/P5A1P34Gya4ClxjNX96WY/7QLqgeXNHcyBIU1Yv8VX61oKNP4b0hZfGN7c4FBBpCTU37JlM2kps4e6XuEhUCn6JspQmjcUn8WVszhQhUWI1lXSAb7TWj70CMCjx7szyGoEqy5E2Rsfl92XAKNCayqwE&u=U2FsdGVkX19MaXR+FEn+7Fcarmz1eo9ISeg66t+wSggUrCiyoYD/4ZHwDoJjCY/p&y=U2FsdGVkX1+/4m783ZgzTzxPMDnux+B++XCvz2XU3OPjgdgKqVwlBPw9a2OhI4HA HTTP/1.1" 200 407
186.102.47.179 - - [06/Sep/2023:13:21:54 -0500] "GET /kwssiamovil/sm/acme/s?s=U2FsdGVkX1/h+EOxTOxUVRsOaD+n1H4OWVqQWlnvbwtgu4zWI73nBLBbzMrXRxrevMCWnwehYDIS8tlCPMC/6ecuPuMfs22vBu452KEEb6OaDlWPJgSjStw/sotXlcqkqfK+nshEGjGu8SyekYBG9wDf9bns7+s+R9fEhZFR/YaEGJNgItsOKZekXIo4xi1YM0ZbfBIPg6juwksx61XyFjpeuQdZ4O3mh0SYW8f3JXiMx380EpnPVUQpG6yIN7kARJg6hntDanLovy1Ed6VmNWE9uDMPVV3mX3X4Q3lKofkc/Ws5bl8KXI5jHdalXn1TjlG/1ZEC9y8tDtAa7PukiwoEvnWsusuXx+J4D8XH0HEDJgMRSfX/0M/58fDnkGN93kDzwqyF9PwWfrfaRcHIMOs2dVL+6b1W9zDXTc99REu+TwYzaqIiXZhUtSpScdpelqlGWJJjEclb4nI6cgHUSXyoTYeImWkA3fibngG+dCqiSXwT3+5kAFJhVLsKH2jcRXUngCB+AyQee6MjnlhDrl588uRQLciXNnb6e2E6fCyt0j2fKMmk07TEpX5uWRbG3hrYaWzW3L8KZ97o2PnFJFUVs5Y2pGSexDIPc1zgrKFEnHElzlFGwv6A1JoCfjmp7XNH7BBOuJgar7crzrUpi8a1Vw63iQ5WV3jBoGKN0ogo+spqr4XxCpG9osbIzPcA999b1x+D21ruuZVDRlMS+bUDr0kICtvs9ZEBkWKS+TMprI9m+cz4V6STEQdiA/lHstjd9rdHv/7TdMBbevIdGQ==&u=U2FsdGVkX19MaXR+FEn+7Fcarmz1eo9ISeg66t+wSggUrCiyoYD/4ZHwDoJjCY/p&y=U2FsdGVkX1+/4m783ZgzTzxPMDnux+B++XCvz2XU3OPjgdgKqVwlBPw9a2OhI4HA HTTP/1.1" 200 1095
186.102.47.179 - - [06/Sep/2023:13:21:55 -0500] "GET /kwssiamovil/sm/cjson/pre?f=17&x=U2FsdGVkX19lq1JsCT1bKnL9dkWcsrzXt8oFkaHjmkHkTqWwgmLSAagEaPEk+MLp HTTP/1.1" 200 12747
216.244.66.195 - - [06/Sep/2023:13:21:56 -0500] "GET /BLA/resoluciones/AUTOS%202010/5399.pdf HTTP/1.1" 200 1208792
186.102.47.179 - - [06/Sep/2023:13:21:55 -0500] "GET /kwssiamovil/sm/cjson/pre?f=4&x=U2FsdGVkX19lq1JsCT1bKnL9dkWcsrzXt8oFkaHjmkHkTqWwgmLSAagEaPEk+MLp HTTP/1.1" 200 33589
186.102.47.179 - - [06/Sep/2023:13:21:55 -0500] "GET /kwssiamovil/sm/cjson/pre?f=8&x=U2FsdGVkX19lq1JsCT1bKnL9dkWcsrzXt8oFkaHjmkHkTqWwgmLSAagEaPEk+MLp HTTP/1.1" 200 36010
186.102.47.179 - - [06/Sep/2023:13:21:55 -0500] "GET /kwssiamovil/sm/cjson/pre?f=6&x=U2FsdGVkX19lq1JsCT1bKnL9dkWcsrzXt8oFkaHjmkHkTqWwgmLSAagEaPEk+MLp HTTP/1.1" 200 34953
186.102.47.179 - - [06/Sep/2023:13:21:55 -0500] "GET /kwssiamovil/sm/cjson/pre?f=7&x=U2FsdGVkX19lq1JsCT1bKnL9dkWcsrzXt8oFkaHjmkHkTqWwgmLSAagEaPEk+MLp HTTP/1.1" 200 93332
186.102.47.179 - - [06/Sep/2023:13:21:55 -0500] "GET /kwssiamovil/sm/cjson/pre?f=5&x=U2FsdGVkX19lq1JsCT1bKnL9dkWcsrzXt8oFkaHjmkHkTqWwgmLSAagEaPEk+MLp HTTP/1.1" 200 96431
186.102.47.179 - - [06/Sep/2023:13:21:55 -0500] "GET /kwssiamovil/sm/cjson/pre?f=3&x=U2FsdGVkX19lq1JsCT1bKnL9dkWcsrzXt8oFkaHjmkHkTqWwgmLSAagEaPEk+MLp HTTP/1.1" 200 94843
186.102.8.158 - - [06/Sep/2023:13:22:05 -0500] "GET /kwssiamovil/sm/acme/a?s=U2FsdGVkX1+Ihak0029g6K+9A757Mml2uMcpVm9L7P/yI14iFfdwDKWRLeioLPhKKeF0ZLpnpfoge35YE8V1B4G7cJItX1uUQlRx2geTyQNAkUoc3XZUrpX/EWV6t4NA64BXxiA2daNTupq9dB6DVG9T8FyIsv+/YVlFl8y+j8ohXj3Mr4gtmWqPWOqPgOpzeDU+DQXRQwOE1x0q5/9M5Ks6jSyzoQlZvZBOPT7XM/D3PDC1zUw3RuMLEq923E/kzo9IxleyqIU+eQfZBFLFvA==&u=U2FsdGVkX18Ha5PMKYDGnGAzUk7fGXYksTBjmyDushU=&y=U2FsdGVkX1+ZWqyyA0NnhShvjDJjDgo++qODc0hFksg= HTTP/1.1" 200 26
186.102.8.158 - - [06/Sep/2023:13:22:06 -0500] "GET /kwssiamovil/sm/acme/a?s=U2FsdGVkX18msEgww8c9tKWlub9XEn/kEIDWocpoiu+tLDwYHTpvCY/E6aCYaR+tlVfLCKiLyaJvQ/MKTEkuQQln9a4fx/mrQFwrLkJlTMlC+ENER6YzEYn+m2mJDe7u2Kkybdky4eGM3pJZMT06CfkQEQD3UOqluaOTPBVUqQj9teX454qgGudQPyo86wIKD4dUQCY006NY0rG5tHbtkvkiEwBIYF36dA8s61vfrQj22MT5uvXAhKnnk7Pq3djN1JLDRgzqJnAlAhYt7xkedorIr/HstBljmsWDgUUOkavbBSBPdufvfSsRg1fKaj5I+iyiovHnsA0hRINNvqBTmPO3DFI8ZHMAcK9Ll+Ot8DqRAbVC1KuTU6KWsfbGNcfNXwFB1no0Xf5yV3qXVaBKWPFqm0RRD9+XJa9GnWUBhXUpTD408tc2Bf3eloC7xaKOAm83uPAf7DEJf0yC+uixiJtxu7n0o3ezCHGWbcGzzyA98m+Y5MkXpIPEszBJc6VUi9LsF0e5rzXxwC7xr1aaO9q5oqvaKl3jyXvtqUDBVNYWJFhBJ3g+pioLJu4hfAAm3XwCmk4wgglSASLt+70+QkF4iy8au7EA3gmrPWcgr5le3l7JLpPK5/ZBdhByH2Q4o6TP7FIGTR4a4v9/s3K608zuqvNVN1KCr6tXJ3IV2Jj5Na1mUfYiT+O9rVKILSB7s8P8leIsp9BPlidnXjwFGGY7LEoxrXKuRvG4TH49R+fEQMbeEtcaCor2L9Y16zeVe4Kk94EgYhnZTzIQT80evWheMXEGtVlXa3qLHgSDrdGPSlJx0S2y028HoIE4U7/9WaSq32a2aGsFSqwZ5p//9PFHz7rS014TbiOvg4L74vd6QAs5Ni8iyKKfJBx4I1+dbWCXqDdKnJXpGvzWUfK5yg6f4tvAQfdhVqpLSGvQQRyQvKCpHIo3HxWCJxHdkoi7l9FfuhwmXQvRh7JXUX/quMPIbjByT+x3KSnMmLiePhgVMbJR3ZviJfy4+5HaimSJ/jsERUG0z7Lpk8tNZ+J0lPI185k+eztZ6JQJ+FC2WRG2mDtsvyZLjtHFd9tEGhmuNWn74NdhuHOGZ+e4xY4Rfk9iNlhDkPCIVvd0ZchL6phretUNANd0mf4oFNAmlTLodCjjBcRNGtNyS/Y0eTP4oiGEwVYaVxXjUhFRudx7ULeLWAoUO92I5RQQxOdw6yvddj9PEFCHaSaZAdhHpypwdW0wiS+hHmr4H71cR/ZWRypBh5uGFSpQO3JEyCqZYW0xTsCCep88HlCW+pYh9ZC9GDTq16VWglVKAubSRMDGBoQGAH8OKYO02siWR5BEv9YtEOfw9gwUC1wP+JB36QA+tXX318H6YbGW+9i74af7wGOS2uQ/hjNl6i+vS7V7rl6HWGwr0Lyb0S4ZOra1nHejQhYRo5LncEO06yDfFh0zTyQAPszZxRWWnEwRYL1QfBMnjI8jCcjDUEQTmR62F7UAwGlG0mMBQHkCH6/Dx4g8JC+1nblSNBbvxrmP+XmDEvuF/nyUyFfHwpFx1nXzYmsW1A==&u=U2FsdGVkX18Ha5PMKYDGnGAzUk7fGXYksTBjmyDushU=&y=U2FsdGVkX1+ZWqyyA0NnhShvjDJjDgo++qODc0hFksg= HTTP/1.1" 200 26
186.102.8.158 - - [06/Sep/2023:13:22:06 -0500] "GET /kwssiamovil/sm/acme/a?s=U2FsdGVkX1+Kqp5IMlOxKhq9w2IfAtZWBpeScUerh0O35XZ71T9F0wBloPTGD7MijXemxIw3bpvY7XtfPV+tUxwLNSeeHXookcAA5Yqm17YtgCBOXUCTavMNCKZFzR36uH+utV6nwk0ViVuNshncqdosfcu8TflJKML6pusGvEs=&u=U2FsdGVkX18Ha5PMKYDGnGAzUk7fGXYksTBjmyDushU=&y=U2FsdGVkX1+ZWqyyA0NnhShvjDJjDgo++qODc0hFksg= HTTP/1.1" 200 26
186.102.8.158 - - [06/Sep/2023:13:22:06 -0500] "GET /kwssiamovil/sm/acme/a?s=U2FsdGVkX19V4KAVGH6SA/z8Pa9pL0wF4EKHIno3z5CjxPr2jfxetxhaoGCcmPVSxva6ooDvKTu+5ofnIYp/kQpDKHZf3nNd6tGOMbGgshNC6YuouiK41KLt4Uma0OQ8Z3tfhP77q+lCW2lfx5Lsd+FA4OGOHNENMUqB5Xitz3w=&u=U2FsdGVkX18Ha5PMKYDGnGAzUk7fGXYksTBjmyDushU=&y=U2FsdGVkX1+ZWqyyA0NnhShvjDJjDgo++qODc0hFksg= HTTP/1.1" 200 26
186.102.8.158 - - [06/Sep/2023:13:22:07 -0500] "GET /kwssiamovil/sm/acme/a?s=U2FsdGVkX186RrG9wmYek8Su4z0rIFVNZDtICjPKfw7nR4p2HYU/llM7itLbDIjDEWVy2yzttBTpYiJJThJPTlNGAFHQQLneynLon4z9wU3aNRZWGb7mv7cQF/LngxFwdQPVlbHOd+2Tfvlr35ua5R5fkyWwkYM3EzpbBDZij3c=&u=U2FsdGVkX18Ha5PMKYDGnGAzUk7fGXYksTBjmyDushU=&y=U2FsdGVkX1+ZWqyyA0NnhShvjDJjDgo++qODc0hFksg= HTTP/1.1" 200 26
186.102.8.158 - - [06/Sep/2023:13:22:07 -0500] "GET /kwssiamovil/sm/acme/a?s=U2FsdGVkX1+aNHeonYSXfoXK1tJRzK3Mr1g3XH8GwA0uZ37OaYICCLoZBH3wZfr07g89FKCG2uIK7tOU8qLU5R7zczQUy8Ey9KZtjdWWCfRO24I1QkSwX/u18CxQVsVElhkgErZJKPq9ZSQWlz5Sj46waxuOQLArqAWM1nuKh2no4+LnzWyWXhgFnwJ0IUPF&u=U2FsdGVkX18Ha5PMKYDGnGAzUk7fGXYksTBjmyDushU=&y=U2FsdGVkX1+ZWqyyA0NnhShvjDJjDgo++qODc0hFksg= HTTP/1.1" 200 26
216.244.66.195 - - [06/Sep/2023:13:22:13 -0500] "GET /BLA/resoluciones/AUTOS%202010/5492.pdf HTTP/1.1" 200 336213
216.244.66.195 - - [06/Sep/2023:13:22:27 -0500] "GET /BLA/resoluciones/AUTOS%202010/5512.pdf HTTP/1.1" 200 154469
191.156.227.219 - - [06/Sep/2023:13:22:39 -0500] "GET /secretaria-de-ambiente-abr HTTP/1.1" 404 1136
191.156.227.219 - - [06/Sep/2023:13:22:41 -0500] "GET /favicon.ico HTTP/1.1" 404 1346
216.244.66.195 - - [06/Sep/2023:13:22:41 -0500] "GET /BLA/resoluciones/AUTOS%202010/5932.pdf HTTP/1.1" 200 163520
201.245.192.253 - - [06/Sep/2023:13:22:42 -0500] "POST /forms/lservlet;jsessionid=ac16012b30d62f4415040f2249ea9738ec9c1b9579b0.e3iSbxaKaheRe34Rch0Ra3mLchv0n6jAmljGr5XDqQLvpAe HTTP/1.1" 200 2
216.244.66.195 - - [06/Sep/2023:13:22:53 -0500] "GET /BLA/resoluciones/AUTOS%202010/6913.pdf HTTP/1.1" 200 146796
190.27.165.83 - - [06/Sep/2023:13:22:58 -0500] "GET /kwssiamovil/sm/ldap/au?x=U2FsdGVkX1/hLfgdvhBnNPIjVf8lArIGJXHkRhHxUPe6KsXvQhCnihP1Lw7gqXnR&y=U2FsdGVkX19DnCehkbgNM9YsO0VI4a+pns9Jj7gjIk0EdZaLY1q/VAmy1PEt875N HTTP/1.1" 200 30
190.27.165.83 - - [06/Sep/2023:13:22:58 -0500] "GET /kwssiamovil/sm/acme/s?s=U2FsdGVkX19rApQS/vDOg2NJTSxixqGwUaAr9+iYC9zCubjIRIr7z5Lrtmivwq3OtH8hHMYeRq7L9/m6BsvwZQam2whu7x6w2BodC1fBoss=&u=U2FsdGVkX1+F6MpcDr7mtzOgeRkixSpPUeTUmr2Mc7oRwpe+Wr/24iJ+Vgq0w9aq&y=U2FsdGVkX19DnCehkbgNM9YsO0VI4a+pns9Jj7gjIk0EdZaLY1q/VAmy1PEt875N HTTP/1.1" 200 97
190.27.165.83 - - [06/Sep/2023:13:22:59 -0500] "GET /kwssiamovil/sm/acme/s?s=U2FsdGVkX1881aqMyUTYkvEdI4wCIBeDQ0EaVVDvKmm2ZD935XbZlmjIFqVqQWdICVfj4XfmYVdkVrUASkgiGd66RBu0zVkiJ6VEoUdow9F/Jzi4fMORTjmrF6L55kcvws25VQtfoFkwMSwvNqoZ/NT2amYLjygvx287e7MggESWMgmrq1kq7XTyMMzvCmSHj6dIevle/QPWPR5QineyLJYXAuJZ4rJ7nZYzkFtyQuROdVyXby2nhpFKq5c/BzLlnnasnQhonkHm4PgeK16ErRHs7pCm3oPCeXkd9bYG8AvDqWzfDqp1mz3O56ORpmmRK2v1qjhZIlMf9PCljomAvaIohcMob8MOhcrEXtOcGFVgrg/dZ5sSj4nB/7vqzQDHrd2jltP71jUIg3CNvN35+J7HjftX8hZcgkn3EiVuVyYf0imudmxl5ae4Me9H7qmzCy9cLdHqgUBLpOWxDwyQQICx3N+DNs5bg1TEvXoUwcTy4NNsOulCwbfD5NNET8MbkF4pgRb4ftDze2qMI91wq4i/vHH0nVdMidgeyJoICGoRMUA1+PshBmyYFRoQj0XZEaLSOhigGvvvCgh4KrazirOCIcE8LYQluQVl7md+kyHG25uYImOPkZ3V2h8DpReDcs5y1SGmFVvdA0OyIuUSB+uLgBFiJnXsJcEABiUZrY0O9Y4pGbuMLOVymO35JUho3a+FSnvTEuMATZ9RxUD64oCh/5piuGyOjUePn1t78YSVVpZSQVmT/PeSPYFbeWrQVsKoL45OO35lcxXq4H6eWiSBqQq5LfOIS5L3CL2qCeun6ZPzFsY4kdygUtf2F2TSVmgGbqnL/mLQlUZePf7Yq/HhfMju70IV3LBFVwuluI4kK0IYtFbGmpNresGYkYkkLN/+QnNzm1OZ46N8cXQHALzwhqZ3qYgSlNzGnUFkynPgYzLuxibXRyL3P36TcpT60x1o0SVRXMRf3otvrRiANCqRVpu+yyGUdCs2EUmrx7xvfwX1bXHTMGEXXf8VNnRaeLIR+fF82eUD1aQ2ACE8K/LHHRlPA7nBlJTmlc6VUuwAR3lbJ023JjJkmi7OxArUu4EVUitWGaRguv66E6hnteVyHl7iNjePQYEF/EvZYdSASRM52xEtS+JksvHVLzUbhM8tql7vvZC875emOCObw3S+X42kAT+0vWwmiPTnVYuaMj0KOnQEFekFFZMecPr2I8Tjo+9BWVzHz2FjDCpGOtKc6ovOSe+EDZO/Kc7s9RkNkfYeaS07bfsnqNfUSOZqjwLQFZuYJM63vUetE7PkDwtdOZzUjQd7aLNuTL3HuOz3ajK6oj4jDl/9B6q0pppjvIT7z4gfRHl8SjvTav996FHcAiYW5eYSN8I1xZUt3Izvk03uCx/TENVEb6Z8hnp+oTXaOoRjF8zntLn9wTWMl5NGpEEHHTmOaAENnKcpTDA=&u=U2FsdGVkX1+F6MpcDr7mtzOgeRkixSpPUeTUmr2Mc7oRwpe+Wr/24iJ+Vgq0w9aq&y=U2FsdGVkX19DnCehkbgNM9YsO0VI4a+pns9Jj7gjIk0EdZaLY1q/VAmy1PEt875N HTTP/1.1" 200 2480
190.27.165.83 - - [06/Sep/2023:13:22:59 -0500] "GET /kwssiamovil/sm/acme/s?s=U2FsdGVkX18j5DB3RU7ZD7r9bvMlnc3dnvGlrxc0yOi+JZEN67UVHNeqSME6TO/RYjpS/e/DU0mAtItV0/1ipFj/AN2uB13tWd02Xg40Dylsqy8CtBHEk7HfTJu/ER9/+hWi8YeC3P7rc3z1gQ0JwcW6JiEYtVjPHXyvBKvBy/kku7U8G5IolIer/zK+NMGWp1pNiIlC3TjBp7Q/Mo9XvMBcv2nRv7+iz5H12XMdoEByllzX67EtEhHDIwSTGJytdl/FH8tR/ysA/iOLq1S3CjtdNeCY2KAL5IlSPHYsH6+aaNAozo5uO0fRtG8vCIXysbCWfgIquQFEmmgF3mbM+7OliHzrMXN4mKsWSZMvZP0=&u=U2FsdGVkX1+F6MpcDr7mtzOgeRkixSpPUeTUmr2Mc7oRwpe+Wr/24iJ+Vgq0w9aq&y=U2FsdGVkX19DnCehkbgNM9YsO0VI4a+pns9Jj7gjIk0EdZaLY1q/VAmy1PEt875N HTTP/1.1" 200 196
