201.245.192.253 - - [06/Sep/2023:11:34:17 -0500] "POST /sipse/faces/presentacion/financiero/solicitudProceso/listarSolicitudProceso.xhtml HTTP/1.1" 200 25229
201.245.192.253 - - [06/Sep/2023:11:34:17 -0500] "POST /sipse/faces/presentacion/financiero/solicitudProceso/listarSolicitudProceso.xhtml HTTP/1.1" 200 25229
201.245.192.253 - - [06/Sep/2023:11:34:17 -0500] "POST /sipse/faces/presentacion/financiero/solicitudProceso/listarSolicitudProceso.xhtml HTTP/1.1" 200 1376
201.245.192.253 - - [06/Sep/2023:11:34:17 -0500] "POST /sipse/faces/presentacion/financiero/solicitudProceso/listarSolicitudProceso.xhtml HTTP/1.1" 200 1380
201.245.192.253 - - [06/Sep/2023:11:34:17 -0500] "POST /sipse/faces/presentacion/financiero/solicitudProceso/listarSolicitudProceso.xhtml HTTP/1.1" 200 1384
201.245.192.253 - - [06/Sep/2023:11:34:17 -0500] "POST /sipse/faces/presentacion/financiero/solicitudProceso/listarSolicitudProceso.xhtml HTTP/1.1" 200 1380
201.245.192.253 - - [06/Sep/2023:11:34:17 -0500] "POST /sipse/faces/presentacion/financiero/solicitudProceso/listarSolicitudProceso.xhtml HTTP/1.1" 200 1380
201.245.192.253 - - [06/Sep/2023:11:34:17 -0500] "POST /sipse/faces/presentacion/financiero/solicitudProceso/listarSolicitudProceso.xhtml HTTP/1.1" 200 1380
201.245.192.253 - - [06/Sep/2023:11:34:18 -0500] "POST /sipse/faces/presentacion/financiero/solicitudProceso/listarSolicitudProceso.xhtml HTTP/1.1" 200 1380
201.245.192.253 - - [06/Sep/2023:11:34:18 -0500] "POST /sipse/faces/presentacion/financiero/solicitudProceso/listarSolicitudProceso.xhtml HTTP/1.1" 200 1380
201.245.192.253 - - [06/Sep/2023:11:34:18 -0500] "POST /sipse/faces/presentacion/financiero/solicitudProceso/listarSolicitudProceso.xhtml HTTP/1.1" 200 1380
172.22.2.4 - - [06/Sep/2023:11:34:19 -0500] "GET /BLA/boletinlegal/actos.php HTTP/1.1" 200 9682
172.22.2.4 - - [06/Sep/2023:11:34:20 -0500] "GET /BLA/boletinlegal/images/green-yellow-blue-pink-th.png HTTP/1.1" 200 7394
172.22.2.4 - - [06/Sep/2023:11:34:20 -0500] "GET /BLA/boletinlegal/js/ajax_actos.js HTTP/1.1" 200 1322
172.22.2.4 - - [06/Sep/2023:11:34:20 -0500] "GET /BLA/boletinlegal/images/tel.png HTTP/1.1" 200 14477
172.22.2.4 - - [06/Sep/2023:11:34:20 -0500] "GET /BLA/boletinlegal/images/footer_bg_l.jpg HTTP/1.1" 200 776
172.22.2.4 - - [06/Sep/2023:11:34:20 -0500] "GET /BLA/boletinlegal/apple-touch-icon-precomposed.png HTTP/1.1" 404 1140
172.22.2.4 - - [06/Sep/2023:11:34:20 -0500] "GET /BLA/boletinlegal/apple-touch-icon.png HTTP/1.1" 404 1140
186.30.167.141 - - [06/Sep/2023:11:34:26 -0500] "POST /BLA/boletinlegal/admin/actos/ingresar.php HTTP/1.1" 500 1135
186.30.167.141 - - [06/Sep/2023:11:34:26 -0500] "POST /BLA/boletinlegal/admin/actos/ingresar.php HTTP/1.1" 200 7302
201.245.192.253 - - [06/Sep/2023:11:34:32 -0500] "POST /kwsrmcab/Wsrmcab  HTTP/1.1" 200 42865
216.245.221.92 - - [06/Sep/2023:11:34:35 -0500] "HEAD / HTTP/1.1" 200 -
216.244.66.195 - - [06/Sep/2023:11:34:37 -0500] "GET /BLA/resoluciones/RESOLUCIONES%202016/1521.pdf HTTP/1.1" 200 1256771
201.245.192.253 - - [06/Sep/2023:11:34:41 -0500] "POST /forms/lservlet;jsessionid=ac16012b30d62f4415040f2249ea9738ec9c1b9579b0.e3iSbxaKaheRe34Rch0Ra3mLchv0n6jAmljGr5XDqQLvpAe HTTP/1.1" 200 2
172.22.2.4 - - [06/Sep/2023:11:34:10 -0500] "GET /BLA/boletinlegal/ HTTP/1.1" 200 24523
172.22.2.4 - - [06/Sep/2023:11:34:16 -0500] "GET /BLA/boletinlegal/ HTTP/1.1" 200 24523
191.111.25.77 - - [06/Sep/2023:11:35:13 -0500] "GET /BLA/resoluciones/index.php?dir=RESOLUCIONES+2011%2F HTTP/1.1" 200 746823
216.244.66.195 - - [06/Sep/2023:11:35:16 -0500] "GET /BLA/resoluciones/RESOLUCIONES%202016/1978.pdf HTTP/1.1" 200 367104
191.111.25.77 - - [06/Sep/2023:11:35:18 -0500] "GET /BLA/resoluciones/RESOLUCIONES%202011/3663.pdf HTTP/1.1" 200 533690
172.22.2.4 - - [06/Sep/2023:11:33:58 -0500] "HEAD /BLA/boletinlegal/ HTTP/1.1" 200 -
216.244.66.195 - - [06/Sep/2023:11:35:51 -0500] "GET /BLA/resoluciones/RESOLUCIONES%202016/2235.pdf HTTP/1.1" 200 486915
201.245.192.253 - - [06/Sep/2023:11:36:03 -0500] "GET /sipse/faces/index.xhtml HTTP/1.1" 200 677
201.245.192.253 - - [06/Sep/2023:11:36:03 -0500] "GET /sipse/faces/javax.faces.resource/theme.css?ln=primefaces-sipse HTTP/1.1" 304 -
201.245.192.253 - - [06/Sep/2023:11:36:03 -0500] "GET /sipse/faces/faces/autenticacion.xhtml HTTP/1.1" 200 12178
201.245.192.253 - - [06/Sep/2023:11:36:03 -0500] "GET /sipse/js/disable_browser_buttons.js HTTP/1.1" 304 -
201.245.192.253 - - [06/Sep/2023:11:36:03 -0500] "GET /sipse/js/funciones.js HTTP/1.1" 304 -
201.245.192.253 - - [06/Sep/2023:11:36:03 -0500] "GET /sipse/css/custom_css_sg.css HTTP/1.1" 304 -
201.245.192.253 - - [06/Sep/2023:11:36:03 -0500] "GET /sipse/css/custom_css_sg_prime_login.css HTTP/1.1" 304 -
201.245.192.253 - - [06/Sep/2023:11:36:03 -0500] "GET /sipse/faces/javax.faces.resource/theme.css?ln=primefaces-sipse HTTP/1.1" 304 -
201.245.192.253 - - [06/Sep/2023:11:36:03 -0500] "GET /sipse/faces/javax.faces.resource/jquery/jquery.js?ln=primefaces&v=4.0 HTTP/1.1" 304 -
201.245.192.253 - - [06/Sep/2023:11:36:03 -0500] "GET /sipse/faces/javax.faces.resource/primefaces.css?ln=primefaces&v=4.0 HTTP/1.1" 304 -
201.245.192.253 - - [06/Sep/2023:11:36:03 -0500] "GET /sipse/faces/javax.faces.resource/layout/layout.css?ln=primefaces&v=4.0 HTTP/1.1" 304 -
201.245.192.253 - - [06/Sep/2023:11:36:03 -0500] "GET /sipse/faces/javax.faces.resource/jquery/jquery-plugins.js?ln=primefaces&v=4.0 HTTP/1.1" 304 -
201.245.192.253 - - [06/Sep/2023:11:36:03 -0500] "GET /sipse/faces/javax.faces.resource/primefaces.js?ln=primefaces&v=4.0 HTTP/1.1" 304 -
201.245.192.253 - - [06/Sep/2023:11:36:03 -0500] "GET /sipse/faces/javax.faces.resource/layout/layout.js?ln=primefaces&v=4.0 HTTP/1.1" 304 -
201.245.192.253 - - [06/Sep/2023:11:36:03 -0500] "GET /sipse/css/imagen/logoSDG.png HTTP/1.1" 304 -
201.245.192.253 - - [06/Sep/2023:11:36:03 -0500] "GET /sipse/css/imagen/loginimg.png HTTP/1.1" 304 -
201.245.192.253 - - [06/Sep/2023:11:36:03 -0500] "GET /sipse/faces/javax.faces.resource/images/ui-icons_898989_256x240.png?ln=primefaces-aristo HTTP/1.1" 304 -
201.245.192.253 - - [06/Sep/2023:11:36:10 -0500] "POST /sipse/faces/autenticacion.xhtml HTTP/1.1" 200 16171
201.245.192.253 - - [06/Sep/2023:11:36:10 -0500] "GET /sipse/css/custom_css_sg_prime.css HTTP/1.1" 304 -
201.245.192.253 - - [06/Sep/2023:11:36:10 -0500] "GET /sipse/faces/javax.faces.resource/theme.css?ln=primefaces-sipse HTTP/1.1" 304 -
201.245.192.253 - - [06/Sep/2023:11:36:10 -0500] "GET /sipse/faces/javax.faces.resource/primefaces.css?ln=primefaces&v=4.0 HTTP/1.1" 304 -
201.245.192.253 - - [06/Sep/2023:11:36:10 -0500] "GET /sipse/faces/javax.faces.resource/layout/layout.css?ln=primefaces&v=4.0 HTTP/1.1" 304 -
201.245.192.253 - - [06/Sep/2023:11:36:10 -0500] "GET /sipse/js/jquery.min.js HTTP/1.1" 304 -
201.245.192.253 - - [06/Sep/2023:11:36:10 -0500] "GET /sipse/faces/javax.faces.resource/jquery/jquery.js?ln=primefaces&v=4.0 HTTP/1.1" 304 -
201.245.192.253 - - [06/Sep/2023:11:36:10 -0500] "GET /sipse/faces/javax.faces.resource/jquery/jquery-plugins.js?ln=primefaces&v=4.0 HTTP/1.1" 304 -
201.245.192.253 - - [06/Sep/2023:11:36:10 -0500] "GET /sipse/faces/javax.faces.resource/primefaces.js?ln=primefaces&v=4.0 HTTP/1.1" 304 -
201.245.192.253 - - [06/Sep/2023:11:36:10 -0500] "GET /sipse/faces/javax.faces.resource/layout/layout.js?ln=primefaces&v=4.0 HTTP/1.1" 304 -
201.245.192.253 - - [06/Sep/2023:11:36:10 -0500] "GET /sipse/css/v_mergente.css HTTP/1.1" 304 -
201.245.192.253 - - [06/Sep/2023:11:36:10 -0500] "GET /sipse/imagenes/cargando.gif HTTP/1.1" 304 -
201.245.192.253 - - [06/Sep/2023:11:36:10 -0500] "GET /sipse/imagenes/logoAplicacion.jpg HTTP/1.1" 304 -
201.245.192.253 - - [06/Sep/2023:11:36:10 -0500] "GET /sipse/css/imagen/contrasena.png HTTP/1.1" 404 383
201.245.192.253 - - [06/Sep/2023:11:36:10 -0500] "GET /sipse/faces/javax.faces.resource/messages/messages.png?ln=primefaces&v=4.0 HTTP/1.1" 304 -
201.245.192.253 - - [06/Sep/2023:11:36:13 -0500] "GET /sipse/faces/javax.faces.resource/images/ui-bg_flat_0_2d5972_40x100.png?ln=primefaces-aristo HTTP/1.1" 304 -
201.245.192.253 - - [06/Sep/2023:11:36:13 -0500] "POST /sipse/faces/bienvenido.xhtml HTTP/1.1" 200 1471
201.245.192.253 - - [06/Sep/2023:11:36:14 -0500] "POST /sipse/faces/bienvenido.xhtml HTTP/1.1" 200 34363
201.245.192.253 - - [06/Sep/2023:11:36:14 -0500] "GET /sipse/faces/javax.faces.resource/theme.css?ln=primefaces-sipse HTTP/1.1" 304 -
201.245.192.253 - - [06/Sep/2023:11:36:14 -0500] "GET /sipse/faces/javax.faces.resource/primefaces.css?ln=primefaces&v=4.0 HTTP/1.1" 304 -
201.245.192.253 - - [06/Sep/2023:11:36:14 -0500] "GET /sipse/faces/javax.faces.resource/layout/layout.css?ln=primefaces&v=4.0 HTTP/1.1" 304 -
201.245.192.253 - - [06/Sep/2023:11:36:14 -0500] "GET /sipse/faces/javax.faces.resource/jquery/jquery.js?ln=primefaces&v=4.0 HTTP/1.1" 304 -
201.245.192.253 - - [06/Sep/2023:11:36:14 -0500] "GET /sipse/faces/javax.faces.resource/jquery/jquery-plugins.js?ln=primefaces&v=4.0 HTTP/1.1" 304 -
201.245.192.253 - - [06/Sep/2023:11:36:14 -0500] "GET /sipse/faces/javax.faces.resource/primefaces.js?ln=primefaces&v=4.0 HTTP/1.1" 304 -
201.245.192.253 - - [06/Sep/2023:11:36:14 -0500] "GET /sipse/faces/javax.faces.resource/layout/layout.js?ln=primefaces&v=4.0 HTTP/1.1" 304 -
201.245.192.253 - - [06/Sep/2023:11:36:14 -0500] "POST /sipse/faces/presentacion/financiero/solicitudProceso/listarSolicitudProceso.xhtml HTTP/1.1" 200 1400
201.245.192.253 - - [06/Sep/2023:11:36:17 -0500] "POST /sipse/faces/presentacion/financiero/solicitudProceso/listarSolicitudProceso.xhtml HTTP/1.1" 200 2101
201.245.192.253 - - [06/Sep/2023:11:36:18 -0500] "POST /sipse/faces/presentacion/financiero/solicitudProceso/listarSolicitudProceso.xhtml HTTP/1.1" 200 38328
201.245.192.253 - - [06/Sep/2023:11:36:18 -0500] "GET /sipse/faces/javax.faces.resource/theme.css?ln=primefaces-sipse HTTP/1.1" 304 -
201.245.192.253 - - [06/Sep/2023:11:36:18 -0500] "GET /sipse/faces/javax.faces.resource/layout/layout.css?ln=primefaces&v=4.0 HTTP/1.1" 304 -
201.245.192.253 - - [06/Sep/2023:11:36:18 -0500] "GET /sipse/faces/javax.faces.resource/primefaces.css?ln=primefaces&v=4.0 HTTP/1.1" 304 -
201.245.192.253 - - [06/Sep/2023:11:36:18 -0500] "GET /sipse/faces/javax.faces.resource/jquery/jquery.js?ln=primefaces&v=4.0 HTTP/1.1" 304 -
201.245.192.253 - - [06/Sep/2023:11:36:18 -0500] "GET /sipse/faces/javax.faces.resource/jquery/jquery-plugins.js?ln=primefaces&v=4.0 HTTP/1.1" 304 -
201.245.192.253 - - [06/Sep/2023:11:36:18 -0500] "GET /sipse/faces/javax.faces.resource/primefaces.js?ln=primefaces&v=4.0 HTTP/1.1" 304 -
201.245.192.253 - - [06/Sep/2023:11:36:18 -0500] "GET /sipse/faces/javax.faces.resource/layout/layout.js?ln=primefaces&v=4.0 HTTP/1.1" 304 -
201.245.192.253 - - [06/Sep/2023:11:36:18 -0500] "POST /sipse/faces/presentacion/financiero/solicitudProceso/consultar.xhtml HTTP/1.1" 200 31741
201.245.192.253 - - [06/Sep/2023:11:36:21 -0500] "POST /sipse/faces/presentacion/financiero/solicitudProceso/consultar.xhtml HTTP/1.1" 200 12783
216.244.66.195 - - [06/Sep/2023:11:36:28 -0500] "GET /BLA/resoluciones/RESOLUCIONES%202016/2309.pdf HTTP/1.1" 200 366258
172.22.2.4 - - [06/Sep/2023:11:34:48 -0500] "GET /BLA/boletinlegal/ HTTP/1.1" 200 53766
201.245.192.253 - - [06/Sep/2023:11:36:41 -0500] "POST /forms/lservlet;jsessionid=ac16012b30d62f4415040f2249ea9738ec9c1b9579b0.e3iSbxaKaheRe34Rch0Ra3mLchv0n6jAmljGr5XDqQLvpAe HTTP/1.1" 200 2
192.168.176.38 - - [06/Sep/2023:11:36:54 -0500] "POST /BLA/boletinlegal/admin/actos/ingresar.php HTTP/1.1" 200 7302
216.244.66.195 - - [06/Sep/2023:11:36:59 -0500] "GET /BLA/resoluciones/RESOLUCIONES%202017/0010.pdf HTTP/1.1" 200 1066692
216.244.66.195 - - [06/Sep/2023:11:37:47 -0500] "GET /BLA/resoluciones/RESOLUCIONES%202017/0089.pdf HTTP/1.1" 200 573195
201.245.192.253 - - [06/Sep/2023:11:37:59 -0500] "POST /kwsrmcab/Wsrmcab HTTP/1.1" 200 42666
201.245.192.253 - - [06/Sep/2023:11:38:02 -0500] "POST /kwsrmcab/Wsrmcab HTTP/1.1" 200 40114
216.244.66.195 - - [06/Sep/2023:11:38:21 -0500] "GET /BLA/resoluciones/RESOLUCIONES%202017/0230.pdf HTTP/1.1" 200 466549
201.245.192.253 - - [06/Sep/2023:11:38:41 -0500] "POST /forms/lservlet;jsessionid=ac16012b30d62f4415040f2249ea9738ec9c1b9579b0.e3iSbxaKaheRe34Rch0Ra3mLchv0n6jAmljGr5XDqQLvpAe HTTP/1.1" 200 2
216.244.66.195 - - [06/Sep/2023:11:38:52 -0500] "GET /BLA/resoluciones/RESOLUCIONES%202017/0409.pdf HTTP/1.1" 200 314007
172.22.2.4 - - [06/Sep/2023:11:38:52 -0500] "GET /BLA/boletinlegal/consulta_actos.php?tipo=autos&no=4922&usuario=&sector=&fecha=2019&resuelve= HTTP/1.1" 200 1079
172.22.2.4 - - [06/Sep/2023:11:39:05 -0500] "GET /BLA/boletinlegal/consulta_actos.php?tipo=resoluciones&no=0123&usuario=&sector=&fecha=2018&resuelve= HTTP/1.1" 200 1126
172.22.2.4 - - [06/Sep/2023:11:39:19 -0500] "GET /BLA/boletinlegal/consulta_actos.php?tipo=resoluciones&no=0277&usuario=&sector=&fecha=2018&resuelve= HTTP/1.1" 200 626
216.244.66.195 - - [06/Sep/2023:11:39:20 -0500] "GET /BLA/resoluciones/RESOLUCIONES%202017/0475.pdf HTTP/1.1" 200 513068
201.245.192.253 - - [06/Sep/2023:11:39:31 -0500] "POST /kwsrmcab/Wsrmcab  HTTP/1.1" 200 42865
216.245.221.92 - - [06/Sep/2023:11:39:35 -0500] "HEAD / HTTP/1.1" 200 -
216.244.66.195 - - [06/Sep/2023:11:39:48 -0500] "GET /BLA/resoluciones/RESOLUCIONES%202017/0772.pdf HTTP/1.1" 200 1419971
192.168.176.38 - - [06/Sep/2023:11:39:50 -0500] "POST /BLA/boletinlegal/admin/actos/ingresar.php HTTP/1.1" 200 7302
216.244.66.195 - - [06/Sep/2023:11:40:32 -0500] "GET /BLA/resoluciones/RESOLUCIONES%202017/1533.pdf HTTP/1.1" 200 454855
201.245.192.253 - - [06/Sep/2023:11:40:41 -0500] "POST /forms/lservlet;jsessionid=ac16012b30d62f4415040f2249ea9738ec9c1b9579b0.e3iSbxaKaheRe34Rch0Ra3mLchv0n6jAmljGr5XDqQLvpAe HTTP/1.1" 200 2
216.244.66.195 - - [06/Sep/2023:11:41:05 -0500] "GET /BLA/resoluciones/RESOLUCIONES%202017/1726.pdf HTTP/1.1" 200 493566
192.168.176.38 - - [06/Sep/2023:11:41:26 -0500] "POST /BLA/boletinlegal/admin/actos/ingresar.php HTTP/1.1" 200 7302
172.22.2.4 - - [06/Sep/2023:11:39:48 -0500] "HEAD /BLA/boletinlegal/ HTTP/1.1" 200 -
186.30.167.141 - - [06/Sep/2023:11:41:34 -0500] "POST /BLA/boletinlegal/admin/notificaciones/ingresar.php HTTP/1.1" 200 30119
186.30.167.141 - - [06/Sep/2023:11:41:34 -0500] "GET /css/global/buttons.css HTTP/1.1" 404 1324
216.244.66.195 - - [06/Sep/2023:11:41:35 -0500] "GET /BLA/resoluciones/RESOLUCIONES%202017/2201.pdf HTTP/1.1" 200 274592
172.22.2.4 - - [06/Sep/2023:11:41:51 -0500] "GET /BLA/boletinlegal/actos.php HTTP/1.1" 200 9682
216.244.66.195 - - [06/Sep/2023:11:42:03 -0500] "GET /BLA/resoluciones/RESOLUCIONES%202017/2499.pdf HTTP/1.1" 200 313332
201.245.192.253 - - [06/Sep/2023:11:42:08 -0500] "POST /forms/lservlet;jsessionid=ac16012b30d62f4415040f2249ea9738ec9c1b9579b0.e3iSbxaKaheRe34Rch0Ra3mLchv0n6jAmljGr5XDqQLvpAe HTTP/1.1" 200 1323
201.245.192.253 - - [06/Sep/2023:11:42:08 -0500] "POST /forms/lservlet;jsessionid=ac16012b30d62f4415040f2249ea9738ec9c1b9579b0.e3iSbxaKaheRe34Rch0Ra3mLchv0n6jAmljGr5XDqQLvpAe HTTP/1.1" 200 10
201.245.192.253 - - [06/Sep/2023:11:42:12 -0500] "POST /forms/lservlet;jsessionid=ac16012b30d62f4415040f2249ea9738ec9c1b9579b0.e3iSbxaKaheRe34Rch0Ra3mLchv0n6jAmljGr5XDqQLvpAe HTTP/1.1" 200 24
172.22.2.4 - - [06/Sep/2023:11:40:38 -0500] "GET /BLA/boletinlegal/ HTTP/1.1" 200 57790
201.245.192.253 - - [06/Sep/2023:11:42:24 -0500] "POST /forms/lservlet;jsessionid=ac16012b30d62f4415040f2249ea9738ec9c1b9579b0.e3iSbxaKaheRe34Rch0Ra3mLchv0n6jAmljGr5XDqQLvpAe HTTP/1.1" 200 249
201.245.192.253 - - [06/Sep/2023:11:42:26 -0500] "POST /forms/lservlet;jsessionid=ac16012b30d62f4415040f2249ea9738ec9c1b9579b0.e3iSbxaKaheRe34Rch0Ra3mLchv0n6jAmljGr5XDqQLvpAe HTTP/1.1" 200 32
172.22.2.4 - - [06/Sep/2023:11:42:28 -0500] "GET /BLA/boletinlegal/consulta_actos.php?tipo=resoluciones&no=3630&usuario=&sector=&fecha=2019&resuelve= HTTP/1.1" 200 1702
216.244.66.195 - - [06/Sep/2023:11:42:35 -0500] "GET /BLA/resoluciones/RESOLUCIONES%202017/3670.pdf HTTP/1.1" 200 4454730
201.245.192.253 - - [06/Sep/2023:11:42:36 -0500] "POST /forms/lservlet;jsessionid=ac16012b30d62f4415040f2249ea9738ec9c1b9579b0.e3iSbxaKaheRe34Rch0Ra3mLchv0n6jAmljGr5XDqQLvpAe HTTP/1.1" 200 2600
201.245.192.253 - - [06/Sep/2023:11:42:36 -0500] "POST /forms/lservlet;jsessionid=ac16012b30d62f4415040f2249ea9738ec9c1b9579b0.e3iSbxaKaheRe34Rch0Ra3mLchv0n6jAmljGr5XDqQLvpAe HTTP/1.1" 200 2
201.245.192.253 - - [06/Sep/2023:11:42:40 -0500] "POST /forms/lservlet;jsessionid=ac16012b30d62f4415040f2249ea9738ec9c1b9579b0.e3iSbxaKaheRe34Rch0Ra3mLchv0n6jAmljGr5XDqQLvpAe HTTP/1.1" 200 13
201.245.192.253 - - [06/Sep/2023:11:42:41 -0500] "POST /forms/lservlet;jsessionid=ac16012b30d62f4415040f2249ea9738ec9c1b9579b0.e3iSbxaKaheRe34Rch0Ra3mLchv0n6jAmljGr5XDqQLvpAe HTTP/1.1" 200 2
201.245.192.253 - - [06/Sep/2023:11:42:49 -0500] "POST /forms/lservlet;jsessionid=ac16012b30d62f4415040f2249ea9738ec9c1b9579b0.e3iSbxaKaheRe34Rch0Ra3mLchv0n6jAmljGr5XDqQLvpAe HTTP/1.1" 200 12
186.30.167.141 - - [06/Sep/2023:11:42:54 -0500] "POST /BLA/boletinlegal/admin/notificaciones/ingresar.php HTTP/1.1" 500 1135
186.30.167.141 - - [06/Sep/2023:11:42:54 -0500] "GET /css/global/buttons.css HTTP/1.1" 404 1324
186.30.167.141 - - [06/Sep/2023:11:42:54 -0500] "POST /BLA/boletinlegal/admin/notificaciones/ingresar.php HTTP/1.1" 200 30119
201.245.192.253 - - [06/Sep/2023:11:43:15 -0500] "GET /BLA/resoluciones/RESOLUCIONES%202019/3630.pdf HTTP/1.1" 200 593812
216.244.66.195 - - [06/Sep/2023:11:43:17 -0500] "GET /BLA/resoluciones/RESOLUCIONES%202019/0755.pdf HTTP/1.1" 200 297466
181.56.229.242 - - [06/Sep/2023:11:43:27 -0500] "GET /forest/ HTTP/1.1" 200 12041
181.56.229.242 - - [06/Sep/2023:11:43:42 -0500] "POST /forest/index.php HTTP/1.1" 200 12268
216.244.66.195 - - [06/Sep/2023:11:43:48 -0500] "GET /BLA/resoluciones/RESOLUCIONES%202019/1070.pdf HTTP/1.1" 200 2897964
201.245.192.253 - - [06/Sep/2023:11:44:30 -0500] "POST /kwsrmcab/Wsrmcab  HTTP/1.1" 200 42865
216.245.221.92 - - [06/Sep/2023:11:44:35 -0500] "HEAD / HTTP/1.1" 200 -
201.245.192.253 - - [06/Sep/2023:11:44:41 -0500] "POST /forms/lservlet;jsessionid=ac16012b30d62f4415040f2249ea9738ec9c1b9579b0.e3iSbxaKaheRe34Rch0Ra3mLchv0n6jAmljGr5XDqQLvpAe HTTP/1.1" 200 2
216.244.66.195 - - [06/Sep/2023:11:44:44 -0500] "GET /BLA/resoluciones/RESOLUCIONES%202019/1944.pdf HTTP/1.1" 200 222463
186.30.167.141 - - [06/Sep/2023:11:45:10 -0500] "POST /BLA/boletinlegal/admin/notificaciones/ingresar.php HTTP/1.1" 500 1135
186.30.167.141 - - [06/Sep/2023:11:45:10 -0500] "POST /BLA/boletinlegal/admin/notificaciones/ingresar.php HTTP/1.1" 200 30119
186.30.167.141 - - [06/Sep/2023:11:45:10 -0500] "POST /BLA/boletinlegal/admin/notificaciones/ingresar.php HTTP/1.1" 200 30119
186.30.167.141 - - [06/Sep/2023:11:45:10 -0500] "GET /css/global/buttons.css HTTP/1.1" 404 1324
216.244.66.195 - - [06/Sep/2023:11:45:19 -0500] "GET /BLA/resoluciones/AUTOS%202007/0072.pdf HTTP/1.1" 200 48179
201.245.192.253 - - [06/Sep/2023:11:45:31 -0500] "POST /forms/lservlet;jsessionid=ac16012b30d62f4415040f2249ea9738ec9c1b9579b0.e3iSbxaKaheRe34Rch0Ra3mLchv0n6jAmljGr5XDqQLvpAe HTTP/1.1" 200 7
114.119.153.138 - - [06/Sep/2023:11:45:58 -0500] "GET /BLA/resoluciones/index.php?dir=RESOLUCIONES%2B2022/ HTTP/1.1" 200 13903
186.102.117.132 - - [06/Sep/2023:11:46:00 -0500] "GET /kwssiamovil/sm/acme/a?s=U2FsdGVkX18ku0CwKU8mSS5BRHaJMY+nJSadPlwO2aODZ5tY0wJ/ghE/iRT1rBw+mXrEDYP94h1Hoiyu4YcNY8KHhcCFG4X1Bj5Gvl5sA5K41IGNMEte6DyhJ+U/ro1wtx/7de11Fq4UX9PDrQHSapaXKeWIgdL75ky6NnT/wp5U6l3srdvmy0f13TUgmiytdLWZkJr3CVd7pSzNVL4tN23752nAUX4611qZSvQZSsM2NcsKFbHZA8BOCRJGdxbc6P4/jYfKCRonX1HKSEAZTw==&u=U2FsdGVkX1+Gcxz8lplW4JM0uE7X5oXC1yNNfdG9dnM=&y=U2FsdGVkX1/ZpuGywRC4D/8NlczXIgwaokj98PLqqDqa+QLid78QJihZwoNkDD1B HTTP/1.1" 200 26
186.102.117.132 - - [06/Sep/2023:11:46:00 -0500] "GET /kwssiamovil/sm/acme/a?s=U2FsdGVkX18EBPT7BTvyo11spHITZ2dXaEZnr/+YClFG2Yy9/y75nbtSeAkrbDngkQlG3iBBJ5bgrGcSr57VIfMlK08iUFW7a/ULxAB5f3CWr85AO5Husap3G504tO7sh6F4RA0QhCtPk4b5i5PHYM9jjrchITO/Gt3WKOiSKJozY3NrtayJRDBTxX7+ilmEdoEfXniA1YTtaBqyujRnTVHuKCl/qrZnGOe6jiw7tOlJ4kU7iiN0d5Sm2JGgcC6JPi9Tou2+SDJKMIOG0d4Dlz78Aye048QpHHRWEO763QPBc+h+Tk5zXpVjWXD7yHbCI5q0gyQ/w/OW8fBVjW9HhNRKICzt9ZaopH+t4O8KZKjMXg86OvS8o43noX+f+LBIABr83qIdhePkvg1fkvhXgWNKgDeRYHqGF0cKO76xhCyfC2E54ioRBUpHBZuqjPZ/gQlW9Amn5xcClBrQYyPL8e9av/jHi+bl4LyduU6Ly3HnbPRB45nuRVPUUubh4gRJ0Es+nWG+uuMQEWNcAaY6Z1o6GRKI9B6RBERrx+3gekn/os9kOPOZJRw1ICnvpk+iqj9Fr+T0ezPzJCBXjA4kGbI3rSsMn1VNnfRx+RpiWSS3mDDYxD4L+klj+2ET+Q6k7XfmfCx3Y9Vn0O0/zqLY+ZCF7eON7DySof/yPAL0s7A7onJ1AL+iP4DTGYXVVa+VsREO3B2hezOCpSUi278GAJc9nl7DtT8A1GWMyPVN2/I35/ZBBS+NU/FZu/p46AXZYTZ0JWS+yHd5s8L6Ly4CYo35mCfziRwH2jxLqiIE6g4eK/w+ZZ5iEp9l6yfnA1njkxKAP8CdCqnxWvDelhFTTJ/Ok5q5tUj7u6zBGqxzD6zo1BoqQGeR/0d7JAMsVuFx4pheGMmuvXx+5pGXkVKmYaua9suU1eQDt9rlzkI4WCqje44+Pi39DeiebDLQiXv5S8u6yioBtzINgvNVkhGG4kbKzFn0VG/DvemI2Yor89fIoXu0CHUBOioU5Xi6iO1t+tUtEsRfXCMrlMTxjptcuIKIIWwrF/V+H7OKizfNoa8eAP/rJg8GAxGS2JzPHBVAA+HCN92poab8NSaJpnWqpjGkk4Nv5MSfwWd+Zc5Fkbjq3n+IVKVldxR2THXzmKjt1OAEbKxMHvMTbwYMYk3L8jjtoiShPyQJ/nmo7MViEDheKtWJy/UaTbovx1N8BgWkDza4A+Vvj9+wS++OFQTV3TPY2mcA0doy9JBjzOshHZtAjestg8eLr7eSPALmeRlnbyY+agvYiT6Fm3XS7dM3rXJRlwJ8WGVfxLCXz4eRtS3WVNunuJ9nfiTbJm3kNb1RSnbWeRykw87c3rl8fmuOy67FF7VpFCiT2TFVNJWVoIkjZ5PeT20PVDzmyeVmnGJRI+DwhIjdmJAuERJe/EaVaVAicke81hUrWPBLIssEd8clHX/SxbpDCPxqINFtd0Bi6KueSJ6/z11U/jzPY3gT3jvJsqtYF6cz8S4FLZhi5NDD4FzJQMxTTcCHydx8zXKx/1YGs9Iu086GUsheho7iS3dHEgsn8NucPMzMlRopg8c01en6guO29JrelJyJNSkopXMUfM7IGJfIGGuNlPOjshiJ5mioldJV83Dm6sb8MeM=&u=U2FsdGVkX1+Gcxz8lplW4JM0uE7X5oXC1yNNfdG9dnM=&y=U2FsdGVkX1/ZpuGywRC4D/8NlczXIgwaokj98PLqqDqa+QLid78QJihZwoNkDD1B HTTP/1.1" 200 26
186.102.117.132 - - [06/Sep/2023:11:46:00 -0500] "GET /kwssiamovil/sm/acme/a?s=U2FsdGVkX18hreZMk/Bj2HabdHdGBaSrToAEbJapMONkbJs3rnRiJ+8nPkLRNbphppVId22nbxf2asNdZVHD6YE/Qi2WRq4Y+rkjCL5xNFQDCuboGspU0WCjeOB+4HePt4sFS4XvzuSYKWCR75X0glXDVhJKZtZvs7iFinsa3CQ=&u=U2FsdGVkX1+Gcxz8lplW4JM0uE7X5oXC1yNNfdG9dnM=&y=U2FsdGVkX1/ZpuGywRC4D/8NlczXIgwaokj98PLqqDqa+QLid78QJihZwoNkDD1B HTTP/1.1" 200 26
186.102.117.132 - - [06/Sep/2023:11:46:01 -0500] "GET /kwssiamovil/sm/acme/a?s=U2FsdGVkX1/nWngArssTgzpGFaoLpmYjMof6taxyYO2GcBqRvDQnZ+Dok2JOQXggMb7ijLPfZ+BAzCWCo0yJJMqcOt1bX8OHPYqSs3P0GqVk3fuUKPXrjqyOYWC85w+e+cZGZmQBZqisL1TwHoQvtNEb5oDH7KnlRttbYGxXQH8=&u=U2FsdGVkX1+Gcxz8lplW4JM0uE7X5oXC1yNNfdG9dnM=&y=U2FsdGVkX1/ZpuGywRC4D/8NlczXIgwaokj98PLqqDqa+QLid78QJihZwoNkDD1B HTTP/1.1" 200 26
186.102.117.132 - - [06/Sep/2023:11:46:01 -0500] "GET /kwssiamovil/sm/acme/a?s=U2FsdGVkX18V2hjkxnWqWwkWBaNj+MZEnXm+IcFKd27JyX6VNeZ/PHchCkvR7CFjLfwf0dKiePqykk6QW1RBmf6bH01yJxlETF53FCeDDjPawNYoR7ObUaLsnalKlN08mYNb5HHlkz9AGkx4I+68RisIlnR/Z+F/MVTbEyhIfuU=&u=U2FsdGVkX1+Gcxz8lplW4JM0uE7X5oXC1yNNfdG9dnM=&y=U2FsdGVkX1/ZpuGywRC4D/8NlczXIgwaokj98PLqqDqa+QLid78QJihZwoNkDD1B HTTP/1.1" 200 26
186.102.117.132 - - [06/Sep/2023:11:46:01 -0500] "GET /kwssiamovil/sm/acme/a?s=U2FsdGVkX183st3baY4mEZ8pdEminUubBlZ1TtEpwDO1gm3H1DoBzaAuRsssZd/exKTJpPxBpr7MX28L3J70l/iMafKcBkRJXw6z5b+q/wJe7MUtDdRGLxvYrqG+G058Zf355VNymRY7hOIv0gaSyBt2EF0Khi8iZ7Q124w7FaV5hVQ+vn7z3HSMhk5ahlB2&u=U2FsdGVkX1+Gcxz8lplW4JM0uE7X5oXC1yNNfdG9dnM=&y=U2FsdGVkX1/ZpuGywRC4D/8NlczXIgwaokj98PLqqDqa+QLid78QJihZwoNkDD1B HTTP/1.1" 200 26
191.111.25.77 - - [06/Sep/2023:11:46:19 -0500] "GET /BLA/resoluciones/index.php?dir=AUTOS+2009%2F HTTP/1.1" 200 399860
40.77.167.60 - - [06/Sep/2023:11:46:26 -0500] "GET /BLA/resoluciones/index.php?dir=RESOLUCIONES+2005%2FRES+2005+2801-2850%2F HTTP/1.1" 200 11939
201.245.192.253 - - [06/Sep/2023:11:46:41 -0500] "POST /forms/lservlet;jsessionid=ac16012b30d62f4415040f2249ea9738ec9c1b9579b0.e3iSbxaKaheRe34Rch0Ra3mLchv0n6jAmljGr5XDqQLvpAe HTTP/1.1" 200 2
66.249.66.76 - - [06/Sep/2023:11:47:00 -0500] "GET /portaldeninos/residuos/ HTTP/1.1" 200 87443
201.245.192.253 - - [06/Sep/2023:11:47:01 -0500] "POST /forms/lservlet;jsessionid=ac16012b30d62f4415040f2249ea9738ec9c1b9579b0.e3iSbxaKaheRe34Rch0Ra3mLchv0n6jAmljGr5XDqQLvpAe HTTP/1.1" 200 7
201.245.192.253 - - [06/Sep/2023:11:47:06 -0500] "POST /forms/lservlet;jsessionid=ac16012b30d62f4415040f2249ea9738ec9c1b9579b0.e3iSbxaKaheRe34Rch0Ra3mLchv0n6jAmljGr5XDqQLvpAe HTTP/1.1" 200 12
186.30.167.141 - - [06/Sep/2023:11:47:07 -0500] "POST /BLA/boletinlegal/admin/notificaciones/ingresar.php HTTP/1.1" 500 1135
186.30.167.141 - - [06/Sep/2023:11:47:07 -0500] "POST /BLA/boletinlegal/admin/notificaciones/ingresar.php HTTP/1.1" 200 30119
186.30.167.141 - - [06/Sep/2023:11:47:07 -0500] "GET /css/global/buttons.css HTTP/1.1" 404 1324
172.22.2.4 - - [06/Sep/2023:11:45:38 -0500] "HEAD /BLA/boletinlegal/ HTTP/1.1" 200 -
114.119.128.56 - - [06/Sep/2023:11:47:23 -0500] "GET /BLA/resoluciones/index.php?dir=RESOLUCIONES%2B2019/&sort=name&order=desc HTTP/1.1" 200 13902
172.22.2.4 - - [06/Sep/2023:11:46:28 -0500] "GET /BLA/boletinlegal/ HTTP/1.1" 200 58981
172.22.2.4 - - [06/Sep/2023:11:48:13 -0500] "GET /BLA/boletinlegal/actos.php HTTP/1.1" 200 9682
172.22.2.4 - - [06/Sep/2023:11:48:14 -0500] "GET /BLA/boletinlegal/styles2.css HTTP/1.1" 200 1838
172.22.2.4 - - [06/Sep/2023:11:48:14 -0500] "GET /BLA/boletinlegal/js/ajax_actos.js HTTP/1.1" 200 1322
172.22.2.4 - - [06/Sep/2023:11:48:14 -0500] "GET /BLA/boletinlegal/style.css HTTP/1.1" 200 9406
172.22.2.4 - - [06/Sep/2023:11:48:14 -0500] "GET /BLA/boletinlegal/niceforms.js HTTP/1.1" 200 22876
172.22.2.4 - - [06/Sep/2023:11:48:14 -0500] "GET /BLA/boletinlegal/js/jquery1.js HTTP/1.1" 200 29846
172.22.2.4 - - [06/Sep/2023:11:48:14 -0500] "GET /BLA/boletinlegal/niceforms-default.css HTTP/1.1" 200 6694
172.22.2.4 - - [06/Sep/2023:11:48:14 -0500] "GET /BLA/boletinlegal/js/lib.js HTTP/1.1" 200 6474
172.22.2.4 - - [06/Sep/2023:11:48:14 -0500] "GET /BLA/boletinlegal/js/popup.js HTTP/1.1" 200 1270
172.22.2.4 - - [06/Sep/2023:11:48:14 -0500] "GET /BLA/boletinlegal/images/cabezote%20BLEGAL.jpg HTTP/1.1" 200 118164
172.22.2.4 - - [06/Sep/2023:11:48:14 -0500] "GET /BLA/boletinlegal/images/subscribe-icon-big.png HTTP/1.1" 200 47702
172.22.2.4 - - [06/Sep/2023:11:48:14 -0500] "GET /BLA/boletinlegal/images/registro-usuarios.png HTTP/1.1" 200 8106
172.22.2.4 - - [06/Sep/2023:11:48:14 -0500] "GET /BLA/boletinlegal/images/green-yellow-blue-pink-th.png HTTP/1.1" 200 7394
172.22.2.4 - - [06/Sep/2023:11:48:14 -0500] "GET /BLA/boletinlegal/images/historia.png HTTP/1.1" 200 52775
172.22.2.4 - - [06/Sep/2023:11:48:14 -0500] "GET /BLA/boletinlegal/images/tel.png HTTP/1.1" 200 14477
172.22.2.4 - - [06/Sep/2023:11:48:14 -0500] "GET /BLA/boletinlegal/images/icono-email.png HTTP/1.1" 200 5544
172.22.2.4 - - [06/Sep/2023:11:48:14 -0500] "GET /BLA/boletinlegal/images/body_bg.jpg HTTP/1.1" 200 1601
172.22.2.4 - - [06/Sep/2023:11:48:14 -0500] "GET /BLA/boletinlegal/images/menu_lft.gif HTTP/1.1" 200 1713
172.22.2.4 - - [06/Sep/2023:11:48:14 -0500] "GET /BLA/boletinlegal/images/menu_rght.gif HTTP/1.1" 200 1627
172.22.2.4 - - [06/Sep/2023:11:48:14 -0500] "GET /BLA/boletinlegal/images/bg_top.jpg HTTP/1.1" 200 522
172.22.2.4 - - [06/Sep/2023:11:48:14 -0500] "GET /BLA/boletinlegal/images/menu_bg.jpg HTTP/1.1" 200 620
172.22.2.4 - - [06/Sep/2023:11:48:14 -0500] "GET /BLA/boletinlegal/images/hover.jpg HTTP/1.1" 200 640
172.22.2.4 - - [06/Sep/2023:11:48:14 -0500] "GET /BLA/boletinlegal/images/text.jpg HTTP/1.1" 200 568
172.22.2.4 - - [06/Sep/2023:11:48:14 -0500] "GET /BLA/boletinlegal/images/footer_bg.jpg HTTP/1.1" 200 586
172.22.2.4 - - [06/Sep/2023:11:48:14 -0500] "GET /BLA/boletinlegal/images/footer_bg_l.jpg HTTP/1.1" 200 776
172.22.2.4 - - [06/Sep/2023:11:48:14 -0500] "GET /BLA/boletinlegal/img/0.png HTTP/1.1" 200 110
172.22.2.4 - - [06/Sep/2023:11:48:14 -0500] "GET /BLA/boletinlegal/img/select-left.png HTTP/1.1" 200 263
172.22.2.4 - - [06/Sep/2023:11:48:14 -0500] "GET /BLA/boletinlegal/img/select-right.png HTTP/1.1" 200 44019
172.22.2.4 - - [06/Sep/2023:11:48:14 -0500] "GET /BLA/boletinlegal/img/button.png HTTP/1.1" 200 43241
172.22.2.4 - - [06/Sep/2023:11:48:14 -0500] "GET /BLA/boletinlegal/img/button-left.png HTTP/1.1" 200 57071
172.22.2.4 - - [06/Sep/2023:11:48:14 -0500] "GET /BLA/boletinlegal/img/button-right.png HTTP/1.1" 200 57878
172.22.2.4 - - [06/Sep/2023:11:48:14 -0500] "GET /BLA/boletinlegal/favicon.ico HTTP/1.1" 404 1326
172.22.2.4 - - [06/Sep/2023:11:48:23 -0500] "GET /BLA/boletinlegal/actos.php HTTP/1.1" 200 9682
172.22.2.4 - - [06/Sep/2023:11:48:24 -0500] "GET /BLA/boletinlegal/images/cabezote%20BLEGAL.jpg HTTP/1.1" 200 118164
192.168.172.26 - - [06/Sep/2023:11:48:25 -0500] "GET /BLA/boletinlegal/actos.php HTTP/1.1" 200 9682
201.245.192.253 - - [06/Sep/2023:11:48:26 -0500] "GET /BLA/resoluciones/ HTTP/1.1" 200 13696
201.245.192.253 - - [06/Sep/2023:11:48:27 -0500] "POST /forms/lservlet;jsessionid=ac16012b30d62f4415040f2249ea9738ec9c1b9579b0.e3iSbxaKaheRe34Rch0Ra3mLchv0n6jAmljGr5XDqQLvpAe HTTP/1.1" 200 7
201.245.192.253 - - [06/Sep/2023:11:48:29 -0500] "GET /BLA/resoluciones/index.php?dir=RESOLUCIONES+2023%2F HTTP/1.1" 200 66164
201.245.192.253 - - [06/Sep/2023:11:48:29 -0500] "POST /forms/lservlet;jsessionid=ac16012b30d62f4415040f2249ea9738ec9c1b9579b0.e3iSbxaKaheRe34Rch0Ra3mLchv0n6jAmljGr5XDqQLvpAe HTTP/1.1" 200 667
201.245.192.253 - - [06/Sep/2023:11:48:38 -0500] "GET /appsia/controlador HTTP/1.1" 200 4799
201.245.192.253 - - [06/Sep/2023:11:48:38 -0500] "GET /appsia/css/estilos.css HTTP/1.1" 200 4804
201.245.192.253 - - [06/Sep/2023:11:48:38 -0500] "GET /appsia/scripts/validarIngreso.js HTTP/1.1" 200 851
201.245.192.253 - - [06/Sep/2023:11:48:38 -0500] "GET /appsia/images/logo_bogota_p.png HTTP/1.1" 200 14951
201.245.192.253 - - [06/Sep/2023:11:48:38 -0500] "GET /appsia/images/cabezoteHojaVida.png HTTP/1.1" 200 32493
201.245.192.253 - - [06/Sep/2023:11:48:39 -0500] "POST /forms/lservlet;jsessionid=ac16012b30d62f4415040f2249ea9738ec9c1b9579b0.e3iSbxaKaheRe34Rch0Ra3mLchv0n6jAmljGr5XDqQLvpAe HTTP/1.1" 200 666
201.245.192.253 - - [06/Sep/2023:11:48:41 -0500] "POST /forms/lservlet;jsessionid=ac16012b30d62f4415040f2249ea9738ec9c1b9579b0.e3iSbxaKaheRe34Rch0Ra3mLchv0n6jAmljGr5XDqQLvpAe HTTP/1.1" 200 2
172.22.2.4 - - [06/Sep/2023:11:48:44 -0500] "GET /BLA/boletinlegal/consulta_actos.php?tipo=autos&no=&usuario=&sector=&fecha=2023&resuelve= HTTP/1.1" 200 817446
172.22.2.4 - - [06/Sep/2023:11:48:45 -0500] "GET /BLA/boletinlegal/images/pdf.gif HTTP/1.1" 200 567
172.22.2.4 - - [06/Sep/2023:11:48:45 -0500] "GET /BLA/boletinlegal/images/background.gif HTTP/1.1" 200 -
114.119.141.228 - - [06/Sep/2023:11:48:45 -0500] "GET /BLA/resoluciones/index.php?dir=RESOLUCIONES%2B2016/&sort=date&order=asc HTTP/1.1" 200 13903
201.245.192.253 - - [06/Sep/2023:11:48:46 -0500] "POST /appsia/controlador HTTP/1.1" 200 5437
201.245.192.253 - - [06/Sep/2023:11:48:48 -0500] "POST /appsia/controlador HTTP/1.1" 200 7783
201.245.192.253 - - [06/Sep/2023:11:48:50 -0500] "POST /forms/lservlet;jsessionid=ac16012b30d62f4415040f2249ea9738ec9c1b9579b0.e3iSbxaKaheRe34Rch0Ra3mLchv0n6jAmljGr5XDqQLvpAe HTTP/1.1" 200 13
201.245.192.253 - - [06/Sep/2023:11:48:54 -0500] "POST /appsia/controlador HTTP/1.1" 200 6648
201.245.192.253 - - [06/Sep/2023:11:48:55 -0500] "POST /appsia/controlador HTTP/1.1" 200 10592
201.245.192.253 - - [06/Sep/2023:11:48:57 -0500] "POST /appsia/controlador HTTP/1.1" 200 75873
40.77.167.49 - - [06/Sep/2023:11:48:58 -0500] "GET /dos-mamiferos-y-63-aves-volvieron-a-la-libertad-en-el-humedal-la-conejera.html HTTP/1.1" 200 877
172.22.2.4 - - [06/Sep/2023:11:49:11 -0500] "GET /BLA/boletinlegal/consulta_actos.php?tipo=resoluciones&no=&usuario=&sector=&fecha=2023&resuelve= HTTP/1.1" 200 209845
201.245.192.253 - - [06/Sep/2023:11:49:29 -0500] "POST /kwsrmcab/Wsrmcab  HTTP/1.1" 200 42865
216.245.221.92 - - [06/Sep/2023:11:49:35 -0500] "HEAD / HTTP/1.1" 200 -
192.168.176.38 - - [06/Sep/2023:11:49:39 -0500] "POST /BLA/boletinlegal/admin/actos/ingresar.php HTTP/1.1" 200 7302
201.245.192.253 - - [06/Sep/2023:11:49:48 -0500] "POST /sipse/faces/presentacion/financiero/solicitudProceso/listarSolicitudProceso.xhtml HTTP/1.1" 200 27828
201.245.192.253 - - [06/Sep/2023:11:49:48 -0500] "POST /sipse/faces/presentacion/financiero/solicitudProceso/listarSolicitudProceso.xhtml HTTP/1.1" 200 27828
201.245.192.253 - - [06/Sep/2023:11:49:48 -0500] "POST /sipse/faces/presentacion/financiero/solicitudProceso/listarSolicitudProceso.xhtml HTTP/1.1" 200 1400
201.245.192.253 - - [06/Sep/2023:11:49:48 -0500] "POST /sipse/faces/presentacion/financiero/solicitudProceso/listarSolicitudProceso.xhtml HTTP/1.1" 200 1396
201.245.192.253 - - [06/Sep/2023:11:49:53 -0500] "POST /sipse/faces/presentacion/financiero/solicitudProceso/listarSolicitudProceso.xhtml HTTP/1.1" 200 2113
201.245.192.253 - - [06/Sep/2023:11:49:53 -0500] "POST /sipse/faces/presentacion/financiero/solicitudProceso/listarSolicitudProceso.xhtml HTTP/1.1" 200 38327
201.245.192.253 - - [06/Sep/2023:11:49:54 -0500] "GET /sipse/faces/javax.faces.resource/theme.css?ln=primefaces-sipse HTTP/1.1" 304 -
201.245.192.253 - - [06/Sep/2023:11:49:54 -0500] "GET /sipse/faces/javax.faces.resource/primefaces.css?ln=primefaces&v=4.0 HTTP/1.1" 304 -
201.245.192.253 - - [06/Sep/2023:11:49:54 -0500] "GET /sipse/faces/javax.faces.resource/layout/layout.css?ln=primefaces&v=4.0 HTTP/1.1" 304 -
201.245.192.253 - - [06/Sep/2023:11:49:54 -0500] "GET /sipse/css/imagen/contrasena.png HTTP/1.1" 404 383
201.245.192.253 - - [06/Sep/2023:11:49:54 -0500] "GET /sipse/faces/javax.faces.resource/jquery/jquery.js?ln=primefaces&v=4.0 HTTP/1.1" 304 -
201.245.192.253 - - [06/Sep/2023:11:49:54 -0500] "GET /sipse/faces/javax.faces.resource/jquery/jquery-plugins.js?ln=primefaces&v=4.0 HTTP/1.1" 304 -
201.245.192.253 - - [06/Sep/2023:11:49:54 -0500] "GET /sipse/faces/javax.faces.resource/primefaces.js?ln=primefaces&v=4.0 HTTP/1.1" 304 -
201.245.192.253 - - [06/Sep/2023:11:49:54 -0500] "GET /sipse/faces/javax.faces.resource/layout/layout.js?ln=primefaces&v=4.0 HTTP/1.1" 304 -
201.245.192.253 - - [06/Sep/2023:11:49:54 -0500] "POST /sipse/faces/presentacion/financiero/solicitudProceso/consultar.xhtml HTTP/1.1" 200 31741
201.245.192.253 - - [06/Sep/2023:11:49:54 -0500] "GET /sipse/faces/javax.faces.resource/images/ui-icons_898989_256x240.png?ln=primefaces-aristo HTTP/1.1" 304 -
186.30.167.141 - - [06/Sep/2023:11:49:54 -0500] "POST /BLA/boletinlegal/admin/notificaciones/ingresar.php HTTP/1.1" 200 30119
186.30.167.141 - - [06/Sep/2023:11:49:55 -0500] "GET /css/global/buttons.css HTTP/1.1" 404 1324
201.245.192.253 - - [06/Sep/2023:11:49:57 -0500] "GET /sipse/faces/javax.faces.resource/images/ui-bg_flat_0_2d5972_40x100.png?ln=primefaces-aristo HTTP/1.1" 304 -
201.245.192.253 - - [06/Sep/2023:11:49:57 -0500] "POST /sipse/faces/presentacion/financiero/solicitudProceso/consultar.xhtml HTTP/1.1" 200 12825
201.245.192.253 - - [06/Sep/2023:11:50:02 -0500] "POST /sipse/faces/presentacion/financiero/solicitudProceso/consultar.xhtml HTTP/1.1" 200 175702
201.245.192.253 - - [06/Sep/2023:11:50:02 -0500] "GET /sipse/faces/javax.faces.resource/theme.css?ln=primefaces-sipse HTTP/1.1" 304 -
201.245.192.253 - - [06/Sep/2023:11:50:02 -0500] "GET /sipse/faces/javax.faces.resource/primefaces.css?ln=primefaces&v=4.0 HTTP/1.1" 304 -
201.245.192.253 - - [06/Sep/2023:11:50:02 -0500] "GET /sipse/faces/javax.faces.resource/layout/layout.css?ln=primefaces&v=4.0 HTTP/1.1" 304 -
201.245.192.253 - - [06/Sep/2023:11:50:02 -0500] "GET /sipse/faces/javax.faces.resource/jquery/jquery.js?ln=primefaces&v=4.0 HTTP/1.1" 304 -
201.245.192.253 - - [06/Sep/2023:11:50:02 -0500] "GET /sipse/faces/javax.faces.resource/jquery/jquery-plugins.js?ln=primefaces&v=4.0 HTTP/1.1" 304 -
201.245.192.253 - - [06/Sep/2023:11:50:02 -0500] "GET /sipse/faces/javax.faces.resource/primefaces.js?ln=primefaces&v=4.0 HTTP/1.1" 304 -
201.245.192.253 - - [06/Sep/2023:11:50:02 -0500] "GET /sipse/faces/javax.faces.resource/layout/layout.js?ln=primefaces&v=4.0 HTTP/1.1" 304 -
201.245.192.253 - - [06/Sep/2023:11:50:02 -0500] "GET /sipse/faces/javax.faces.resource/dynamiccontent.properties?ln=primefaces&pfdrid=XjOR5%2F%2FfPAZAuY9TpWQeCiM0BhlXxYRBGKi%2FQcXXfeA%3D&pfdrid_c=false HTTP/1.1" 500 383
172.22.2.4 - - [06/Sep/2023:11:50:17 -0500] "GET /BLA/boletinlegal/actos.php HTTP/1.1" 200 9682
201.245.192.253 - - [06/Sep/2023:11:50:21 -0500] "GET /BLA/resoluciones/ HTTP/1.1" 200 13696
201.245.192.253 - - [06/Sep/2023:11:50:22 -0500] "GET /BLA/resoluciones/dlf/archive.png HTTP/1.1" 200 632
201.245.192.253 - - [06/Sep/2023:11:50:22 -0500] "GET /BLA/resoluciones/index.php?dir=AUTOS+2023%2F HTTP/1.1" 200 281442
201.245.192.253 - - [06/Sep/2023:11:50:24 -0500] "POST /sipse/faces/presentacion/financiero/solicitudProceso/consultarSolicitudProceso.xhtml HTTP/1.1" 200 412441
114.119.137.177 - - [06/Sep/2023:11:50:26 -0500] "GET /BLA/resoluciones/index.php?dir=RESOLUCIONES%2B2015/&sort=date&order=asc HTTP/1.1" 200 13903
201.245.192.253 - - [06/Sep/2023:11:50:30 -0500] "GET /BLA/resoluciones/AUTOS%202023/3336.pdf HTTP/1.1" 200 1086781
201.245.192.253 - - [06/Sep/2023:11:50:41 -0500] "POST /forms/lservlet;jsessionid=ac16012b30d62f4415040f2249ea9738ec9c1b9579b0.e3iSbxaKaheRe34Rch0Ra3mLchv0n6jAmljGr5XDqQLvpAe HTTP/1.1" 200 2
201.245.192.253 - - [06/Sep/2023:11:50:42 -0500] "POST /sipse/faces/presentacion/financiero/solicitudProceso/consultarSolicitudProceso.xhtml HTTP/1.1" 200 412441
172.22.2.4 - - [06/Sep/2023:11:50:15 -0500] "GET /BLA/boletinlegal/ HTTP/1.1" 200 24523
201.245.192.253 - - [06/Sep/2023:11:50:56 -0500] "POST /sipse/faces/presentacion/financiero/solicitudProceso/consultarSolicitudProceso.xhtml HTTP/1.1" 200 41381
201.245.192.253 - - [06/Sep/2023:11:50:59 -0500] "GET /sipse/faces/javax.faces.resource/theme.css?ln=primefaces-sipse HTTP/1.1" 304 -
201.245.192.253 - - [06/Sep/2023:11:50:59 -0500] "GET /sipse/faces/javax.faces.resource/primefaces.css?ln=primefaces&v=4.0 HTTP/1.1" 304 -
201.245.192.253 - - [06/Sep/2023:11:50:59 -0500] "GET /sipse/faces/javax.faces.resource/layout/layout.css?ln=primefaces&v=4.0 HTTP/1.1" 304 -
201.245.192.253 - - [06/Sep/2023:11:50:59 -0500] "GET /sipse/faces/javax.faces.resource/jquery/jquery.js?ln=primefaces&v=4.0 HTTP/1.1" 304 -
201.245.192.253 - - [06/Sep/2023:11:50:59 -0500] "GET /sipse/faces/javax.faces.resource/jquery/jquery-plugins.js?ln=primefaces&v=4.0 HTTP/1.1" 304 -
201.245.192.253 - - [06/Sep/2023:11:50:59 -0500] "GET /sipse/faces/javax.faces.resource/primefaces.js?ln=primefaces&v=4.0 HTTP/1.1" 304 -
201.245.192.253 - - [06/Sep/2023:11:50:59 -0500] "GET /sipse/faces/javax.faces.resource/layout/layout.js?ln=primefaces&v=4.0 HTTP/1.1" 304 -
201.245.192.253 - - [06/Sep/2023:11:50:59 -0500] "POST /sipse/faces/presentacion/financiero/solicitudProceso/consultar.xhtml HTTP/1.1" 200 34795
201.245.192.253 - - [06/Sep/2023:11:50:59 -0500] "POST /sipse/faces/presentacion/financiero/solicitudProceso/consultar.xhtml HTTP/1.1" 200 34795
124.31.107.131 - - [06/Sep/2023:11:51:04 -0500] "GET / HTTP/1.0" 200 319
201.245.192.253 - - [06/Sep/2023:11:51:00 -0500] "POST /sipse/faces/presentacion/financiero/solicitudProceso/consultar.xhtml HTTP/1.1" 200 34795
111.33.20.64 - - [06/Sep/2023:11:51:13 -0500] "GET / HTTP/1.1" 200 319
201.245.192.253 - - [06/Sep/2023:11:51:13 -0500] "POST /sipse/faces/presentacion/financiero/solicitudProceso/consultar.xhtml HTTP/1.1" 200 12960
111.33.20.64 - - [06/Sep/2023:11:51:13 -0500] "GET /favicon.ico HTTP/1.1" 200 7782
201.245.192.253 - - [06/Sep/2023:11:51:15 -0500] "POST /sipse/faces/presentacion/financiero/solicitudProceso/consultar.xhtml HTTP/1.1" 200 162796
201.245.192.253 - - [06/Sep/2023:11:51:15 -0500] "GET /sipse/faces/javax.faces.resource/theme.css?ln=primefaces-sipse HTTP/1.1" 304 -
201.245.192.253 - - [06/Sep/2023:11:51:15 -0500] "GET /sipse/faces/javax.faces.resource/primefaces.css?ln=primefaces&v=4.0 HTTP/1.1" 304 -
201.245.192.253 - - [06/Sep/2023:11:51:15 -0500] "GET /sipse/faces/javax.faces.resource/layout/layout.css?ln=primefaces&v=4.0 HTTP/1.1" 304 -
201.245.192.253 - - [06/Sep/2023:11:51:15 -0500] "GET /sipse/faces/javax.faces.resource/jquery/jquery.js?ln=primefaces&v=4.0 HTTP/1.1" 304 -
201.245.192.253 - - [06/Sep/2023:11:51:15 -0500] "GET /sipse/faces/javax.faces.resource/jquery/jquery-plugins.js?ln=primefaces&v=4.0 HTTP/1.1" 304 -
201.245.192.253 - - [06/Sep/2023:11:51:15 -0500] "GET /sipse/faces/javax.faces.resource/primefaces.js?ln=primefaces&v=4.0 HTTP/1.1" 304 -
201.245.192.253 - - [06/Sep/2023:11:51:15 -0500] "GET /sipse/faces/javax.faces.resource/layout/layout.js?ln=primefaces&v=4.0 HTTP/1.1" 304 -
201.245.192.253 - - [06/Sep/2023:11:51:16 -0500] "GET /sipse/faces/javax.faces.resource/dynamiccontent.properties?ln=primefaces&pfdrid=XjOR5%2F%2FfPAZAuY9TpWQeCiM0BhlXxYRBGKi%2FQcXXfeA%3D&pfdrid_c=false HTTP/1.1" 500 383
201.245.192.253 - - [06/Sep/2023:11:51:21 -0500] "POST /sipse/faces/presentacion/financiero/solicitudProceso/consultarSolicitudProceso.xhtml HTTP/1.1" 200 323026
201.245.192.253 - - [06/Sep/2023:11:51:30 -0500] "POST /sipse/faces/presentacion/financiero/solicitudProceso/consultarSolicitudProceso.xhtml HTTP/1.1" 200 41516
201.245.192.253 - - [06/Sep/2023:11:51:31 -0500] "GET /sipse/faces/javax.faces.resource/theme.css?ln=primefaces-sipse HTTP/1.1" 304 -
201.245.192.253 - - [06/Sep/2023:11:51:31 -0500] "GET /sipse/faces/javax.faces.resource/primefaces.css?ln=primefaces&v=4.0 HTTP/1.1" 304 -
201.245.192.253 - - [06/Sep/2023:11:51:31 -0500] "GET /sipse/faces/javax.faces.resource/layout/layout.css?ln=primefaces&v=4.0 HTTP/1.1" 304 -
201.245.192.253 - - [06/Sep/2023:11:51:31 -0500] "GET /sipse/faces/javax.faces.resource/jquery/jquery.js?ln=primefaces&v=4.0 HTTP/1.1" 304 -
201.245.192.253 - - [06/Sep/2023:11:51:31 -0500] "GET /sipse/faces/javax.faces.resource/jquery/jquery-plugins.js?ln=primefaces&v=4.0 HTTP/1.1" 304 -
201.245.192.253 - - [06/Sep/2023:11:51:31 -0500] "GET /sipse/faces/javax.faces.resource/primefaces.js?ln=primefaces&v=4.0 HTTP/1.1" 304 -
201.245.192.253 - - [06/Sep/2023:11:51:31 -0500] "GET /sipse/faces/javax.faces.resource/layout/layout.js?ln=primefaces&v=4.0 HTTP/1.1" 304 -
201.245.192.253 - - [06/Sep/2023:11:51:31 -0500] "POST /sipse/faces/presentacion/financiero/solicitudProceso/consultar.xhtml HTTP/1.1" 200 34930
201.245.192.253 - - [06/Sep/2023:11:51:31 -0500] "POST /sipse/faces/presentacion/financiero/solicitudProceso/consultar.xhtml HTTP/1.1" 200 34930
201.245.192.253 - - [06/Sep/2023:11:51:31 -0500] "POST /sipse/faces/presentacion/financiero/solicitudProceso/consultar.xhtml HTTP/1.1" 200 34930
201.245.192.253 - - [06/Sep/2023:11:51:31 -0500] "POST /sipse/faces/presentacion/financiero/solicitudProceso/consultar.xhtml HTTP/1.1" 200 34930
201.245.192.253 - - [06/Sep/2023:11:51:31 -0500] "POST /sipse/faces/presentacion/financiero/solicitudProceso/consultar.xhtml HTTP/1.1" 200 34930
201.245.192.253 - - [06/Sep/2023:11:51:34 -0500] "POST /sipse/faces/presentacion/financiero/solicitudProceso/consultar.xhtml HTTP/1.1" 200 12885
201.245.192.253 - - [06/Sep/2023:11:51:36 -0500] "POST /sipse/faces/presentacion/financiero/solicitudProceso/consultar.xhtml HTTP/1.1" 200 159331
201.245.192.253 - - [06/Sep/2023:11:51:36 -0500] "GET /sipse/faces/javax.faces.resource/layout/layout.css?ln=primefaces&v=4.0 HTTP/1.1" 304 -
201.245.192.253 - - [06/Sep/2023:11:51:36 -0500] "GET /sipse/faces/javax.faces.resource/primefaces.css?ln=primefaces&v=4.0 HTTP/1.1" 304 -
201.245.192.253 - - [06/Sep/2023:11:51:36 -0500] "GET /sipse/faces/javax.faces.resource/theme.css?ln=primefaces-sipse HTTP/1.1" 304 -
201.245.192.253 - - [06/Sep/2023:11:51:36 -0500] "GET /sipse/faces/javax.faces.resource/jquery/jquery.js?ln=primefaces&v=4.0 HTTP/1.1" 304 -
201.245.192.253 - - [06/Sep/2023:11:51:36 -0500] "GET /sipse/faces/javax.faces.resource/jquery/jquery-plugins.js?ln=primefaces&v=4.0 HTTP/1.1" 304 -
201.245.192.253 - - [06/Sep/2023:11:51:36 -0500] "GET /sipse/faces/javax.faces.resource/primefaces.js?ln=primefaces&v=4.0 HTTP/1.1" 304 -
201.245.192.253 - - [06/Sep/2023:11:51:36 -0500] "GET /sipse/faces/javax.faces.resource/layout/layout.js?ln=primefaces&v=4.0 HTTP/1.1" 304 -
201.245.192.253 - - [06/Sep/2023:11:51:37 -0500] "GET /sipse/faces/javax.faces.resource/dynamiccontent.properties?ln=primefaces&pfdrid=XjOR5%2F%2FfPAZAuY9TpWQeCiM0BhlXxYRBGKi%2FQcXXfeA%3D&pfdrid_c=false HTTP/1.1" 500 383
191.111.25.77 - - [06/Sep/2023:11:51:39 -0500] "GET /BLA/resoluciones/index.php?dir=RESOLUCIONES+2009%2F HTTP/1.1" 200 1694101
201.245.192.253 - - [06/Sep/2023:11:51:41 -0500] "POST /sipse/faces/presentacion/financiero/solicitudProceso/consultarSolicitudProceso.xhtml HTTP/1.1" 200 391282
186.30.167.141 - - [06/Sep/2023:11:51:44 -0500] "POST /BLA/boletinlegal/admin/notificaciones/ingresar.php HTTP/1.1" 200 30119
186.30.167.141 - - [06/Sep/2023:11:51:45 -0500] "GET /css/global/buttons.css HTTP/1.1" 404 1324
201.245.192.253 - - [06/Sep/2023:11:51:46 -0500] "POST /sipse/faces/presentacion/financiero/solicitudProceso/consultarSolicitudProceso.xhtml HTTP/1.1" 200 41441
201.245.192.253 - - [06/Sep/2023:11:51:46 -0500] "GET /sipse/faces/javax.faces.resource/theme.css?ln=primefaces-sipse HTTP/1.1" 304 -
201.245.192.253 - - [06/Sep/2023:11:51:46 -0500] "GET /sipse/faces/javax.faces.resource/primefaces.css?ln=primefaces&v=4.0 HTTP/1.1" 304 -
201.245.192.253 - - [06/Sep/2023:11:51:46 -0500] "GET /sipse/faces/javax.faces.resource/layout/layout.css?ln=primefaces&v=4.0 HTTP/1.1" 304 -
201.245.192.253 - - [06/Sep/2023:11:51:46 -0500] "GET /sipse/faces/javax.faces.resource/jquery/jquery.js?ln=primefaces&v=4.0 HTTP/1.1" 304 -
201.245.192.253 - - [06/Sep/2023:11:51:46 -0500] "GET /sipse/faces/javax.faces.resource/jquery/jquery-plugins.js?ln=primefaces&v=4.0 HTTP/1.1" 304 -
201.245.192.253 - - [06/Sep/2023:11:51:46 -0500] "GET /sipse/faces/javax.faces.resource/primefaces.js?ln=primefaces&v=4.0 HTTP/1.1" 304 -
201.245.192.253 - - [06/Sep/2023:11:51:46 -0500] "GET /sipse/faces/javax.faces.resource/layout/layout.js?ln=primefaces&v=4.0 HTTP/1.1" 304 -
181.49.38.2 - - [06/Sep/2023:11:51:46 -0500] "GET /BLA/resoluciones/RESOLUCIONES%202023/0061.pdf HTTP/1.1" 200 388082
201.245.192.253 - - [06/Sep/2023:11:51:46 -0500] "POST /sipse/faces/presentacion/financiero/solicitudProceso/consultar.xhtml HTTP/1.1" 200 34855
201.245.192.253 - - [06/Sep/2023:11:51:46 -0500] "POST /sipse/faces/presentacion/financiero/solicitudProceso/consultar.xhtml HTTP/1.1" 200 34855
181.49.38.2 - - [06/Sep/2023:11:51:46 -0500] "GET /favicon.ico HTTP/1.1" 200 7782
201.245.192.253 - - [06/Sep/2023:11:51:47 -0500] "POST /sipse/faces/presentacion/financiero/solicitudProceso/consultar.xhtml HTTP/1.1" 200 34855
191.111.25.77 - - [06/Sep/2023:11:51:47 -0500] "GET /BLA/resoluciones/RESOLUCIONES%202009/3258.pdf HTTP/1.1" 200 730952
201.245.192.253 - - [06/Sep/2023:11:51:47 -0500] "POST /sipse/faces/presentacion/financiero/solicitudProceso/consultar.xhtml HTTP/1.1" 200 34855
201.245.192.253 - - [06/Sep/2023:11:51:47 -0500] "POST /sipse/faces/presentacion/financiero/solicitudProceso/consultar.xhtml HTTP/1.1" 200 34855
201.245.192.253 - - [06/Sep/2023:11:51:47 -0500] "POST /sipse/faces/presentacion/financiero/solicitudProceso/consultar.xhtml HTTP/1.1" 200 34855
201.245.192.253 - - [06/Sep/2023:11:51:47 -0500] "POST /sipse/faces/presentacion/financiero/solicitudProceso/consultar.xhtml HTTP/1.1" 200 34855
201.245.192.253 - - [06/Sep/2023:11:51:50 -0500] "POST /sipse/faces/presentacion/financiero/solicitudProceso/consultar.xhtml HTTP/1.1" 200 12866
201.245.192.253 - - [06/Sep/2023:11:51:52 -0500] "POST /sipse/faces/presentacion/financiero/solicitudProceso/consultar.xhtml HTTP/1.1" 200 153822
201.245.192.253 - - [06/Sep/2023:11:51:52 -0500] "GET /sipse/faces/javax.faces.resource/theme.css?ln=primefaces-sipse HTTP/1.1" 304 -
201.245.192.253 - - [06/Sep/2023:11:51:52 -0500] "GET /sipse/faces/javax.faces.resource/primefaces.css?ln=primefaces&v=4.0 HTTP/1.1" 304 -
201.245.192.253 - - [06/Sep/2023:11:51:52 -0500] "GET /sipse/faces/javax.faces.resource/layout/layout.css?ln=primefaces&v=4.0 HTTP/1.1" 304 -
201.245.192.253 - - [06/Sep/2023:11:51:52 -0500] "GET /sipse/faces/javax.faces.resource/jquery/jquery.js?ln=primefaces&v=4.0 HTTP/1.1" 304 -
201.245.192.253 - - [06/Sep/2023:11:51:52 -0500] "GET /sipse/faces/javax.faces.resource/jquery/jquery-plugins.js?ln=primefaces&v=4.0 HTTP/1.1" 304 -
201.245.192.253 - - [06/Sep/2023:11:51:52 -0500] "GET /sipse/faces/javax.faces.resource/primefaces.js?ln=primefaces&v=4.0 HTTP/1.1" 304 -
201.245.192.253 - - [06/Sep/2023:11:51:52 -0500] "GET /sipse/faces/javax.faces.resource/layout/layout.js?ln=primefaces&v=4.0 HTTP/1.1" 304 -
201.245.192.253 - - [06/Sep/2023:11:51:52 -0500] "GET /sipse/faces/javax.faces.resource/dynamiccontent.properties?ln=primefaces&pfdrid=XjOR5%2F%2FfPAZAuY9TpWQeCiM0BhlXxYRBGKi%2FQcXXfeA%3D&pfdrid_c=false HTTP/1.1" 500 383
201.245.192.253 - - [06/Sep/2023:11:51:56 -0500] "POST /sipse/faces/presentacion/financiero/solicitudProceso/consultarSolicitudProceso.xhtml HTTP/1.1" 200 181443
201.245.192.253 - - [06/Sep/2023:11:51:57 -0500] "POST /forms/lservlet;jsessionid=ac16012b30d62f4415040f2249ea9738ec9c1b9579b0.e3iSbxaKaheRe34Rch0Ra3mLchv0n6jAmljGr5XDqQLvpAe HTTP/1.1" 200 7
114.119.152.207 - - [06/Sep/2023:11:51:56 -0500] "GET /BLA/resoluciones/index.php?dir=RESOLUCIONES%2B1995/ HTTP/1.1" 200 13903
201.245.192.253 - - [06/Sep/2023:11:52:00 -0500] "POST /forms/lservlet;jsessionid=ac16012b30d62f4415040f2249ea9738ec9c1b9579b0.e3iSbxaKaheRe34Rch0Ra3mLchv0n6jAmljGr5XDqQLvpAe HTTP/1.1" 200 22
201.245.192.253 - - [06/Sep/2023:11:52:01 -0500] "POST /forms/lservlet;jsessionid=ac16012b30d62f4415040f2249ea9738ec9c1b9579b0.e3iSbxaKaheRe34Rch0Ra3mLchv0n6jAmljGr5XDqQLvpAe HTTP/1.1" 200 1978
201.245.192.253 - - [06/Sep/2023:11:52:01 -0500] "POST /forms/lservlet;jsessionid=ac16012b30d62f4415040f2249ea9738ec9c1b9579b0.e3iSbxaKaheRe34Rch0Ra3mLchv0n6jAmljGr5XDqQLvpAe HTTP/1.1" 200 10
201.245.192.253 - - [06/Sep/2023:11:52:02 -0500] "POST /forms/lservlet;jsessionid=ac16012b30d62f4415040f2249ea9738ec9c1b9579b0.e3iSbxaKaheRe34Rch0Ra3mLchv0n6jAmljGr5XDqQLvpAe HTTP/1.1" 200 24
201.245.192.253 - - [06/Sep/2023:11:52:03 -0500] "POST /forms/lservlet;jsessionid=ac16012b30d62f4415040f2249ea9738ec9c1b9579b0.e3iSbxaKaheRe34Rch0Ra3mLchv0n6jAmljGr5XDqQLvpAe HTTP/1.1" 200 22
