186.102.6.230 - - [06/Sep/2023:08:45:06 -0500] "GET /kwssiamovil/sm/acme/a?s=U2FsdGVkX18Sphj6RJ+14buSrxsiNnTNmSy1cSFOLimhDCPEdOHtpzkhR1db/bh4wOuV5c5VjYhE2yrqAk/heRzpqFgr8iqt6qv37fV9eCRDRlt4RFDaO+IesNHenYergO1V51HQduLuC0Yi9/KQ418eB8/8rIUvs+6lLhjGwEJ6uKA9GvXD6gd09jKdnYcUPOKJrYhs8gGwG6UUloDqSos/YdGHhjlgpc9PZKy9DVgahD3Se7VwubNMmd7GMR6HRj+/4dLrsRK0ZFcyXze+tpwXc9U6JXbStM7gtv3Cczzz8CAYrYMyeTIFvA4IiIdJ3/vs24eBvQjRnhSBfjEbHHh7pjVN7zZBZwPNCh0MDvgwR1iNbU8FbprFlUzxn1tKOD898r6261pSWgGXQff9IeGWqA/OKuL8k1yYBrAOrMGaoFXvdeaYEvTinENhfhyh149rDOc1pXWjDxgnMCoQyqACTiDqUeegm08LFAbtwutQfvnvJeC3pKd6rXvYHwdagqf3p2z5jjxb33+zYZ7znuOlFDup3SEEBnmL4CYzq2cpniL2YlxQJBDIIAiyARMweUB9VSk55mFw0I91KFSj0/g4vVF5QPZx4CrLEMlBIAKkQgtXFxR71RpfZNb9/isYCkt72g4NMjpReZ7h/6VeMi2GL3UyIrx5rstUjpZ1fwzMNbcTXzcvFy7byfXjSJK6Mq4ZuaJaK/ImpwtgON6k5yzHinIZ79LpJdC/8pPh3Ry8XBpraolhagm1DYDOOBeM7jB4ma3xA+rERwy/gl0SuezRq58/UgiF/M43XL5+JBMQ8P5rTiQJ3YEH3189i0IynaVZEPBSS5zBSAAvL+ECf7b7FNbOaP0tGXHArZTKGrkUm57CFl63BAQ8odclFtBnp+7ubvexKjnhcnxTM0l8byIIJsbzBxnKWBDg6z2zQRc5taNk7V47BuJviXz/Js9xnyw3h1tKOFc7CMnkcTnizUnoBsPsj/aqJa93UDvUC7fyMomza/C3g1nJBUFhiEGa6M/WCV/cjErsEoZwyRObh58ONnSIO4a4aAYd+iVdAAeOeSDHyFMMF3UIdXPgcmPGfrj41xymB2Gf3xYGwp3O+NvYAjQ/urtMT7UeUxvkEpgjm6rTuEYPHFwfYFDqcRp/FVjBm0JC+3LDPE6LsAWBgIx0qnmM0oUFqI5yyScZyRNVPLTPuJcoshPr6eaMn7BaHQwQvvRCSth+wn6S0JG7r3E4unfSgGvRQ+6dI1e32leLgMy6GmwvaB1YbzRRKybDwHIrZz3ttTcfJ73G5di1qWoQR1Py960ObaO4DnV9oDODc6mlVwZy7wN9fZ5Yec9SCPu8FbyypzNccamJxZa2uYG2KAIfsZFxMSYIkdXaddvEfgNPSHxIFc7lqtQ+17mdrXVkpwD1zxMcNSnlRA5XDUk2OCMOUrh4zaBwR+4IISHP/4tYQLksHC4dF1qubpDQ78DRtmrVdMoxtrDgKI9slNG6RWpnmWpTy3bHyUkYjSw=&u=U2FsdGVkX19cUjoqs89U+4VUPFZN6SxTqLjpxsv1Fzw=&y=U2FsdGVkX1+7aGnOE6hHcRIIGWpyhSUIKQrDvwhmVi7OsGxwzDmxs7YCdH4qot1/ HTTP/1.1" 200 26
216.244.66.195 - - [06/Sep/2023:08:45:07 -0500] "GET /BLA/resoluciones/AUTOS%202010/4476.pdf HTTP/1.1" 200 343750
186.102.6.230 - - [06/Sep/2023:08:45:07 -0500] "GET /kwssiamovil/sm/acme/a?s=U2FsdGVkX190v9Qh5FYzBF1TyLaQfBJ6msTwISJnxLoUpQA2Y3oABfntCrLQPcg35zs2snAhypkMewR/gcA4KMslZTNofx8qmLFb9Q8XK+Q64co/+PmlP3Chwh3H6kEdFNIswvCBhvqm8UNySKX3zHe3WYrUhf+cV4JCyDemSoU=&u=U2FsdGVkX19cUjoqs89U+4VUPFZN6SxTqLjpxsv1Fzw=&y=U2FsdGVkX1+7aGnOE6hHcRIIGWpyhSUIKQrDvwhmVi7OsGxwzDmxs7YCdH4qot1/ HTTP/1.1" 200 26
186.102.6.230 - - [06/Sep/2023:08:45:07 -0500] "GET /kwssiamovil/sm/acme/a?s=U2FsdGVkX19eNXTdfDqP3R3AN4BsBFDAevluti4ldnC9qBI4H71CLprvGHPWu6N9eq0Ubs+f+zPCjSm1F0XYa5IzqVXKzDyWZn4Z8oejTETi5YhqC842o9AXHWLQbHR4AktZP5RX8MlvjXYheYg+XyvMPHq5IJfYXFAUbdM6rGk=&u=U2FsdGVkX19cUjoqs89U+4VUPFZN6SxTqLjpxsv1Fzw=&y=U2FsdGVkX1+7aGnOE6hHcRIIGWpyhSUIKQrDvwhmVi7OsGxwzDmxs7YCdH4qot1/ HTTP/1.1" 200 26
186.102.6.230 - - [06/Sep/2023:08:45:07 -0500] "GET /kwssiamovil/sm/acme/a?s=U2FsdGVkX19UCg14V4yY2eNC8/Q5jVzcb4VUZ4g/o1aA2JQB8LHADMX5YLzVRquu7Ogs7oUjl0acokNahqzufjLKmk39DWTme6DpRPys0KUTzL/fXvBfUdsVLiDgMLOD5XSNEObhNGETkZEp8Bz+f5q4zF3mUzkpqLinDjkB3io=&u=U2FsdGVkX19cUjoqs89U+4VUPFZN6SxTqLjpxsv1Fzw=&y=U2FsdGVkX1+7aGnOE6hHcRIIGWpyhSUIKQrDvwhmVi7OsGxwzDmxs7YCdH4qot1/ HTTP/1.1" 200 26
186.102.6.230 - - [06/Sep/2023:08:45:07 -0500] "GET /kwssiamovil/sm/acme/a?s=U2FsdGVkX1+4RVIAdZ3TOe7GtgpjUdhhYmZTCQrpkw+rBkPyzTUDoXMtvTFSD8T6s4yBSWcXqf3tTFvGU2lNBEJktI09iPrwrxNYMv5dZuJNBjfhgh+F7y6pO/QhEIzUL93WKnk36gM/AASeN1/w1Z3IfOYVJ3Boaw36MXyfY/If+jCBD0Zyw6XLijk9n2fD&u=U2FsdGVkX19cUjoqs89U+4VUPFZN6SxTqLjpxsv1Fzw=&y=U2FsdGVkX1+7aGnOE6hHcRIIGWpyhSUIKQrDvwhmVi7OsGxwzDmxs7YCdH4qot1/ HTTP/1.1" 200 26
201.245.192.253 - - [06/Sep/2023:08:45:08 -0500] "POST /kwsrmcab/Wsrmcab  HTTP/1.1" 200 42865
172.22.2.4 - - [06/Sep/2023:08:45:19 -0500] "GET /BLA/boletinlegal/consulta_actos.php?tipo=resoluciones&no=6954&usuario=&sector=&fecha=2009&resuelve= HTTP/1.1" 200 1222
216.244.66.195 - - [06/Sep/2023:08:45:22 -0500] "GET /BLA/resoluciones/AUTOS%202010/4868.pdf HTTP/1.1" 200 250531
181.52.56.245 - - [06/Sep/2023:08:45:25 -0500] "GET /BLA/resoluciones/RESOLUCIONES%202019/0915.pdf HTTP/1.1" 200 443211
172.22.2.4 - - [06/Sep/2023:08:45:25 -0500] "GET /BLA/boletinlegal/consulta_actos.php?tipo=resoluciones&no=&usuario=&sector=&fecha=2023&resuelve= HTTP/1.1" 200 209344
172.22.2.4 - - [06/Sep/2023:08:45:26 -0500] "GET /BLA/boletinlegal/images/pdf.gif HTTP/1.1" 200 567
172.22.2.4 - - [06/Sep/2023:08:45:26 -0500] "GET /BLA/boletinlegal/images/background.gif HTTP/1.1" 200 -
216.244.66.195 - - [06/Sep/2023:08:45:38 -0500] "GET /BLA/resoluciones/AUTOS%202010/5127.pdf HTTP/1.1" 200 204736
172.22.2.4 - - [06/Sep/2023:08:45:42 -0500] "GET /BLA/boletinlegal/consulta_actos.php?tipo=resoluciones&no=6955&usuario=&sector=&fecha=2009&resuelve= HTTP/1.1" 200 2145
181.52.56.245 - - [06/Sep/2023:08:45:46 -0500] "GET /BLA/resoluciones/RESOLUCIONES%202012/1683.pdf HTTP/1.1" 200 270838
216.244.66.195 - - [06/Sep/2023:08:45:52 -0500] "GET /BLA/resoluciones/AUTOS%202010/5345.pdf HTTP/1.1" 200 1280374
54.82.67.132 - - [06/Sep/2023:08:45:54 -0500] "GET /inscribete-y-participa-en-la-convencion-internacional-de-emergencia-climatica-bogota-2023.html HTTP/1.1" 200 895
216.244.66.195 - - [06/Sep/2023:08:46:06 -0500] "GET /BLA/resoluciones/AUTOS%202010/6150.pdf HTTP/1.1" 200 213299
216.244.66.195 - - [06/Sep/2023:08:46:18 -0500] "GET /BLA/resoluciones/AUTOS%202010/6619.pdf HTTP/1.1" 200 155131
190.70.197.103 - - [06/Sep/2023:08:46:22 -0500] "GET /sipse/faces/autenticacion.xhtml HTTP/1.1" 200 12500
168.90.12.165 - - [06/Sep/2023:08:46:25 -0500] "GET /BLA/resoluciones/RESOLUCIONES%202023/0689.pdf HTTP/1.1" 200 380061
172.22.2.4 - - [06/Sep/2023:08:44:48 -0500] "HEAD /BLA/boletinlegal/ HTTP/1.1" 200 -
216.244.66.195 - - [06/Sep/2023:08:46:28 -0500] "GET /BLA/resoluciones/AUTOS%202011/3170.pdf HTTP/1.1" 200 226345
54.82.67.132 - - [06/Sep/2023:08:46:32 -0500] "GET /portaldeninos/ HTTP/1.1" 200 110175
172.22.2.4 - - [06/Sep/2023:08:46:36 -0500] "GET /BLA/boletinlegal/actos.php HTTP/1.1" 200 9682
201.245.192.253 - - [06/Sep/2023:08:46:37 -0500] "POST /forms/lservlet;jsessionid=ac16012b30d62f4415040f2249ea9738ec9c1b9579b0.e3iSbxaKaheRe34Rch0Ra3mLchv0n6jAmljGr5XDqQLvpAe HTTP/1.1" 200 2
216.244.66.195 - - [06/Sep/2023:08:46:38 -0500] "GET /BLA/resoluciones/AUTOS%202011/3826.pdf HTTP/1.1" 200 236921
216.244.66.195 - - [06/Sep/2023:08:46:47 -0500] "GET /BLA/resoluciones/AUTOS%202011/3970.pdf HTTP/1.1" 200 263702
190.70.197.103 - - [06/Sep/2023:08:46:50 -0500] "GET /sipse/js/disable_browser_buttons.js HTTP/1.1" 304 -
190.70.197.103 - - [06/Sep/2023:08:46:50 -0500] "GET /sipse/css/custom_css_sg_prime_login.css HTTP/1.1" 304 -
190.70.197.103 - - [06/Sep/2023:08:46:50 -0500] "GET /sipse/faces/javax.faces.resource/theme.css?ln=primefaces-sipse HTTP/1.1" 304 -
190.70.197.103 - - [06/Sep/2023:08:46:50 -0500] "GET /sipse/css/custom_css_sg.css HTTP/1.1" 304 -
190.70.197.103 - - [06/Sep/2023:08:46:50 -0500] "GET /sipse/faces/javax.faces.resource/layout/layout.css;jsessionid=SV8nX52rTLHtGSLdd2-21vnc.undefined?ln=primefaces&v=4.0 HTTP/1.1" 200 542
190.70.197.103 - - [06/Sep/2023:08:46:50 -0500] "GET /sipse/js/funciones.js HTTP/1.1" 304 -
190.70.197.103 - - [06/Sep/2023:08:46:50 -0500] "GET /sipse/faces/javax.faces.resource/primefaces.css;jsessionid=SV8nX52rTLHtGSLdd2-21vnc.undefined?ln=primefaces&v=4.0 HTTP/1.1" 200 53295
190.70.197.103 - - [06/Sep/2023:08:46:50 -0500] "GET /sipse/faces/javax.faces.resource/jquery/jquery-plugins.js;jsessionid=SV8nX52rTLHtGSLdd2-21vnc.undefined?ln=primefaces&v=4.0 HTTP/1.1" 200 220526
190.70.197.103 - - [06/Sep/2023:08:46:50 -0500] "GET /sipse/faces/javax.faces.resource/layout/layout.js;jsessionid=SV8nX52rTLHtGSLdd2-21vnc.undefined?ln=primefaces&v=4.0 HTTP/1.1" 200 87560
190.70.197.103 - - [06/Sep/2023:08:46:50 -0500] "GET /sipse/faces/javax.faces.resource/jquery/jquery.js;jsessionid=SV8nX52rTLHtGSLdd2-21vnc.undefined?ln=primefaces&v=4.0 HTTP/1.1" 200 105384
190.70.197.103 - - [06/Sep/2023:08:46:50 -0500] "GET /sipse/faces/javax.faces.resource/primefaces.js;jsessionid=SV8nX52rTLHtGSLdd2-21vnc.undefined?ln=primefaces&v=4.0 HTTP/1.1" 200 276924
190.70.197.103 - - [06/Sep/2023:08:46:53 -0500] "GET /sipse/css/imagen/loginimg.png HTTP/1.1" 304 -
190.70.197.103 - - [06/Sep/2023:08:46:53 -0500] "GET /sipse/faces/javax.faces.resource/images/ui-icons_898989_256x240.png?ln=primefaces-aristo HTTP/1.1" 304 -
190.70.197.103 - - [06/Sep/2023:08:46:53 -0500] "GET /sipse/css/imagen/logoSDG.png HTTP/1.1" 304 -
190.70.197.103 - - [06/Sep/2023:08:46:54 -0500] "GET /sipse/faces/index.xhtml HTTP/1.1" 200 677
190.70.197.103 - - [06/Sep/2023:08:46:54 -0500] "GET /sipse/faces/javax.faces.resource/theme.css?ln=primefaces-sipse HTTP/1.1" 304 -
190.70.197.103 - - [06/Sep/2023:08:46:54 -0500] "GET /sipse/faces/faces/autenticacion.xhtml HTTP/1.1" 200 12178
190.70.197.103 - - [06/Sep/2023:08:46:54 -0500] "GET /sipse/faces/javax.faces.resource/theme.css?ln=primefaces-sipse HTTP/1.1" 304 -
190.70.197.103 - - [06/Sep/2023:08:46:54 -0500] "GET /sipse/faces/javax.faces.resource/primefaces.css?ln=primefaces&v=4.0 HTTP/1.1" 304 -
190.70.197.103 - - [06/Sep/2023:08:46:55 -0500] "GET /sipse/faces/javax.faces.resource/layout/layout.css?ln=primefaces&v=4.0 HTTP/1.1" 304 -
190.70.197.103 - - [06/Sep/2023:08:46:55 -0500] "GET /sipse/faces/javax.faces.resource/jquery/jquery-plugins.js?ln=primefaces&v=4.0 HTTP/1.1" 304 -
190.70.197.103 - - [06/Sep/2023:08:46:55 -0500] "GET /sipse/faces/javax.faces.resource/jquery/jquery.js?ln=primefaces&v=4.0 HTTP/1.1" 304 -
190.70.197.103 - - [06/Sep/2023:08:46:55 -0500] "GET /sipse/faces/javax.faces.resource/primefaces.js?ln=primefaces&v=4.0 HTTP/1.1" 304 -
190.70.197.103 - - [06/Sep/2023:08:46:55 -0500] "GET /sipse/faces/javax.faces.resource/layout/layout.js?ln=primefaces&v=4.0 HTTP/1.1" 304 -
216.244.66.195 - - [06/Sep/2023:08:46:56 -0500] "GET /BLA/resoluciones/RESOLUCIONES%202016/0267.pdf HTTP/1.1" 200 1637745
190.70.197.103 - - [06/Sep/2023:08:47:01 -0500] "POST /sipse/faces/autenticacion.xhtml HTTP/1.1" 200 2216
190.70.197.103 - - [06/Sep/2023:08:47:01 -0500] "GET /sipse/faces/javax.faces.resource/messages/messages.png?ln=primefaces&v=4.0 HTTP/1.1" 304 -
190.70.197.103 - - [06/Sep/2023:08:47:02 -0500] "GET /sipse/faces/javax.faces.resource/images/ui-icons_898989_256x240.png?ln=primefaces-aristo HTTP/1.1" 304 -
190.70.197.103 - - [06/Sep/2023:08:47:03 -0500] "POST /sipse/faces/autenticacion.xhtml HTTP/1.1" 200 16360
190.70.197.103 - - [06/Sep/2023:08:47:03 -0500] "GET /sipse/css/custom_css_sg_prime.css HTTP/1.1" 304 -
190.70.197.103 - - [06/Sep/2023:08:47:03 -0500] "GET /sipse/js/jquery.min.js HTTP/1.1" 304 -
190.70.197.103 - - [06/Sep/2023:08:47:03 -0500] "GET /sipse/faces/javax.faces.resource/primefaces.css?ln=primefaces&v=4.0 HTTP/1.1" 304 -
190.70.197.103 - - [06/Sep/2023:08:47:03 -0500] "GET /sipse/faces/javax.faces.resource/layout/layout.css?ln=primefaces&v=4.0 HTTP/1.1" 304 -
190.70.197.103 - - [06/Sep/2023:08:47:03 -0500] "GET /sipse/faces/javax.faces.resource/theme.css?ln=primefaces-sipse HTTP/1.1" 304 -
190.70.197.103 - - [06/Sep/2023:08:47:03 -0500] "GET /sipse/faces/javax.faces.resource/jquery/jquery.js?ln=primefaces&v=4.0 HTTP/1.1" 304 -
190.70.197.103 - - [06/Sep/2023:08:47:03 -0500] "GET /sipse/faces/javax.faces.resource/jquery/jquery-plugins.js?ln=primefaces&v=4.0 HTTP/1.1" 304 -
190.70.197.103 - - [06/Sep/2023:08:47:04 -0500] "GET /sipse/faces/javax.faces.resource/primefaces.js?ln=primefaces&v=4.0 HTTP/1.1" 304 -
190.70.197.103 - - [06/Sep/2023:08:47:04 -0500] "GET /sipse/faces/javax.faces.resource/layout/layout.js?ln=primefaces&v=4.0 HTTP/1.1" 304 -
190.70.197.103 - - [06/Sep/2023:08:47:04 -0500] "GET /sipse/css/v_mergente.css HTTP/1.1" 304 -
190.70.197.103 - - [06/Sep/2023:08:47:04 -0500] "GET /sipse/css/imagen/contrasena.png HTTP/1.1" 404 383
190.70.197.103 - - [06/Sep/2023:08:47:04 -0500] "GET /sipse/imagenes/cargando.gif HTTP/1.1" 304 -
190.70.197.103 - - [06/Sep/2023:08:47:04 -0500] "GET /sipse/imagenes/logoAplicacion.jpg HTTP/1.1" 304 -
172.22.2.4 - - [06/Sep/2023:08:47:16 -0500] "GET /BLA/boletinlegal/conceptos.php HTTP/1.1" 200 7496
172.22.2.4 - - [06/Sep/2023:08:47:17 -0500] "GET /BLA/boletinlegal/js/ajax_conceptos.js HTTP/1.1" 200 1326
190.70.197.103 - - [06/Sep/2023:08:47:18 -0500] "GET /sipse/faces/javax.faces.resource/images/ui-bg_flat_0_2d5972_40x100.png?ln=primefaces-aristo HTTP/1.1" 304 -
190.70.197.103 - - [06/Sep/2023:08:47:18 -0500] "POST /sipse/faces/bienvenido.xhtml HTTP/1.1" 200 2658
172.22.2.4 - - [06/Sep/2023:08:45:39 -0500] "GET /BLA/boletinlegal/ HTTP/1.1" 200 56607
190.70.197.103 - - [06/Sep/2023:08:47:19 -0500] "POST /sipse/faces/bienvenido.xhtml HTTP/1.1" 200 65229
190.70.197.103 - - [06/Sep/2023:08:47:21 -0500] "GET /sipse/faces/javax.faces.resource/theme.css?ln=primefaces-sipse HTTP/1.1" 304 -
190.70.197.103 - - [06/Sep/2023:08:47:21 -0500] "GET /sipse/faces/javax.faces.resource/primefaces.css?ln=primefaces&v=4.0 HTTP/1.1" 304 -
190.70.197.103 - - [06/Sep/2023:08:47:21 -0500] "GET /sipse/faces/javax.faces.resource/layout/layout.css?ln=primefaces&v=4.0 HTTP/1.1" 304 -
190.70.197.103 - - [06/Sep/2023:08:47:21 -0500] "GET /sipse/faces/javax.faces.resource/jquery/jquery.js?ln=primefaces&v=4.0 HTTP/1.1" 304 -
190.70.197.103 - - [06/Sep/2023:08:47:21 -0500] "GET /sipse/faces/javax.faces.resource/jquery/jquery-plugins.js?ln=primefaces&v=4.0 HTTP/1.1" 304 -
190.70.197.103 - - [06/Sep/2023:08:47:21 -0500] "GET /sipse/faces/javax.faces.resource/primefaces.js?ln=primefaces&v=4.0 HTTP/1.1" 304 -
190.70.197.103 - - [06/Sep/2023:08:47:21 -0500] "GET /sipse/faces/javax.faces.resource/layout/layout.js?ln=primefaces&v=4.0 HTTP/1.1" 304 -
190.70.197.103 - - [06/Sep/2023:08:47:21 -0500] "POST /sipse/faces/presentacion/financiero/solicitudProceso/listarSolicitudProceso.xhtml HTTP/1.1" 200 1560
172.22.2.4 - - [06/Sep/2023:08:47:28 -0500] "GET /BLA/boletinlegal/consulta_actos.php?tipo=resoluciones&no=6956&usuario=&sector=&fecha=2009&resuelve= HTTP/1.1" 200 1573
190.70.197.103 - - [06/Sep/2023:08:47:29 -0500] "POST /sipse/faces/presentacion/financiero/solicitudProceso/listarSolicitudProceso.xhtml HTTP/1.1" 200 44761
190.70.197.103 - - [06/Sep/2023:08:47:30 -0500] "POST /sipse/faces/presentacion/financiero/solicitudProceso/listarSolicitudProceso.xhtml HTTP/1.1" 200 44489
181.52.56.245 - - [06/Sep/2023:08:47:31 -0500] "GET /BLA/resoluciones/RESOLUCIONES%202015/3112.pdf HTTP/1.1" 200 460260
190.70.197.103 - - [06/Sep/2023:08:47:31 -0500] "POST /sipse/faces/presentacion/financiero/solicitudProceso/listarSolicitudProceso.xhtml HTTP/1.1" 200 44353
216.244.66.195 - - [06/Sep/2023:08:47:38 -0500] "GET /BLA/resoluciones/RESOLUCIONES%202016/1146.pdf HTTP/1.1" 200 380015
172.22.2.4 - - [06/Sep/2023:08:47:46 -0500] "GET /BLA/boletinlegal/consulta_actos.php?tipo=resoluciones&no=7225&usuario=&sector=&fecha=2009&resuelve= HTTP/1.1" 200 1837
190.70.197.103 - - [06/Sep/2023:08:47:50 -0500] "POST /sipse/faces/presentacion/financiero/solicitudProceso/listarSolicitudProceso.xhtml HTTP/1.1" 200 29278
172.22.2.4 - - [06/Sep/2023:08:47:52 -0500] "GET /BLA/boletinlegal/consulta_conceptos.php?no=142&solicitante=&radicado_entrada=&fecha_concepto=2011&objeto= HTTP/1.1" 200 937
172.22.2.4 - - [06/Sep/2023:08:47:52 -0500] "GET /BLA/boletinlegal/images/pdf.gif HTTP/1.1" 200 567
172.22.2.4 - - [06/Sep/2023:08:47:55 -0500] "GET /BLA/boletinlegal/conceptos/2011/142.pdf HTTP/1.1" 200 975595
66.249.70.6 - - [06/Sep/2023:08:47:55 -0500] "GET /BLA/resoluciones/RESOLUCIONES%202010/6625.pdf HTTP/1.1" 304 -
66.249.70.5 - - [06/Sep/2023:08:47:56 -0500] "GET /Publicaciones/2023EE174379.pdf HTTP/1.1" 404 228
190.70.197.103 - - [06/Sep/2023:08:48:05 -0500] "POST /sipse/faces/presentacion/financiero/solicitudProceso/listarSolicitudProceso.xhtml HTTP/1.1" 200 113697
190.70.197.103 - - [06/Sep/2023:08:48:06 -0500] "GET /sipse/faces/javax.faces.resource/theme.css?ln=primefaces-sipse HTTP/1.1" 304 -
190.70.197.103 - - [06/Sep/2023:08:48:06 -0500] "GET /sipse/faces/javax.faces.resource/primefaces.css?ln=primefaces&v=4.0 HTTP/1.1" 304 -
190.70.197.103 - - [06/Sep/2023:08:48:06 -0500] "GET /sipse/faces/javax.faces.resource/layout/layout.css?ln=primefaces&v=4.0 HTTP/1.1" 304 -
190.70.197.103 - - [06/Sep/2023:08:48:06 -0500] "GET /sipse/faces/javax.faces.resource/jquery/jquery.js?ln=primefaces&v=4.0 HTTP/1.1" 304 -
190.70.197.103 - - [06/Sep/2023:08:48:06 -0500] "GET /sipse/faces/javax.faces.resource/jquery/jquery-plugins.js?ln=primefaces&v=4.0 HTTP/1.1" 304 -
190.70.197.103 - - [06/Sep/2023:08:48:06 -0500] "GET /sipse/faces/javax.faces.resource/primefaces.js?ln=primefaces&v=4.0 HTTP/1.1" 304 -
190.70.197.103 - - [06/Sep/2023:08:48:06 -0500] "GET /sipse/faces/javax.faces.resource/layout/layout.js?ln=primefaces&v=4.0 HTTP/1.1" 304 -
190.70.197.103 - - [06/Sep/2023:08:48:07 -0500] "GET /sipse/faces/javax.faces.resource/dynamiccontent.properties?ln=primefaces&pfdrid=XjOR5%2F%2FfPAZAuY9TpWQeCiM0BhlXxYRBGKi%2FQcXXfeA%3D&pfdrid_c=false HTTP/1.1" 500 383
216.244.66.195 - - [06/Sep/2023:08:48:09 -0500] "GET /BLA/resoluciones/RESOLUCIONES%202016/1826.pdf HTTP/1.1" 200 584028
190.70.197.103 - - [06/Sep/2023:08:48:16 -0500] "POST /sipse/faces/presentacion/financiero/solicitudProceso/consultarSolicitudProceso.xhtml HTTP/1.1" 200 27593
190.70.197.103 - - [06/Sep/2023:08:48:16 -0500] "GET /sipse/faces/javax.faces.resource/theme.css?ln=primefaces-sipse HTTP/1.1" 304 -
190.70.197.103 - - [06/Sep/2023:08:48:16 -0500] "GET /sipse/faces/javax.faces.resource/primefaces.css?ln=primefaces&v=4.0 HTTP/1.1" 304 -
190.70.197.103 - - [06/Sep/2023:08:48:16 -0500] "GET /sipse/faces/javax.faces.resource/layout/layout.css?ln=primefaces&v=4.0 HTTP/1.1" 304 -
190.70.197.103 - - [06/Sep/2023:08:48:16 -0500] "GET /sipse/faces/javax.faces.resource/jquery/jquery.js?ln=primefaces&v=4.0 HTTP/1.1" 304 -
190.70.197.103 - - [06/Sep/2023:08:48:16 -0500] "GET /sipse/faces/javax.faces.resource/jquery/jquery-plugins.js?ln=primefaces&v=4.0 HTTP/1.1" 304 -
190.70.197.103 - - [06/Sep/2023:08:48:16 -0500] "GET /sipse/faces/javax.faces.resource/layout/layout.js?ln=primefaces&v=4.0 HTTP/1.1" 304 -
190.70.197.103 - - [06/Sep/2023:08:48:16 -0500] "GET /sipse/faces/javax.faces.resource/primefaces.js?ln=primefaces&v=4.0 HTTP/1.1" 304 -
172.22.2.4 - - [06/Sep/2023:08:48:17 -0500] "GET /BLA/boletinlegal/consulta_actos.php?tipo=resoluciones&no=7226&usuario=&sector=&fecha=2009&resuelve= HTTP/1.1" 200 1443
181.52.56.245 - - [06/Sep/2023:08:48:21 -0500] "GET /BLA/resoluciones/RESOLUCIONES%202010/6518.pdf HTTP/1.1" 200 704805
190.70.197.103 - - [06/Sep/2023:08:48:22 -0500] "GET /sipse/faces/javax.faces.resource/theme.css?ln=primefaces-sipse HTTP/1.1" 304 -
190.70.197.103 - - [06/Sep/2023:08:48:22 -0500] "GET /sipse/faces/javax.faces.resource/layout/layout.css?ln=primefaces&v=4.0 HTTP/1.1" 304 -
190.70.197.103 - - [06/Sep/2023:08:48:22 -0500] "GET /sipse/faces/javax.faces.resource/jquery/jquery.js?ln=primefaces&v=4.0 HTTP/1.1" 304 -
190.70.197.103 - - [06/Sep/2023:08:48:22 -0500] "GET /sipse/faces/javax.faces.resource/primefaces.css?ln=primefaces&v=4.0 HTTP/1.1" 304 -
190.70.197.103 - - [06/Sep/2023:08:48:22 -0500] "GET /sipse/faces/javax.faces.resource/jquery/jquery-plugins.js?ln=primefaces&v=4.0 HTTP/1.1" 304 -
190.70.197.103 - - [06/Sep/2023:08:48:22 -0500] "GET /sipse/faces/javax.faces.resource/primefaces.js?ln=primefaces&v=4.0 HTTP/1.1" 304 -
190.70.197.103 - - [06/Sep/2023:08:48:22 -0500] "GET /sipse/faces/javax.faces.resource/layout/layout.js?ln=primefaces&v=4.0 HTTP/1.1" 304 -
190.70.197.103 - - [06/Sep/2023:08:48:22 -0500] "POST /sipse/faces/presentacion/financiero/solicitudProceso/consultarHistorialSolProceso.xhtml HTTP/1.1" 200 158195
190.70.197.103 - - [06/Sep/2023:08:48:22 -0500] "GET /sipse/faces/javax.faces.resource/dynamiccontent.properties?ln=primefaces&pfdrid=XjOR5%2F%2FfPAZAuY9TpWQeCiM0BhlXxYRBGKi%2FQcXXfeA%3D&pfdrid_c=false HTTP/1.1" 500 383
172.22.2.4 - - [06/Sep/2023:08:48:35 -0500] "GET /BLA/boletinlegal/consulta_actos.php?tipo=resoluciones&no=7227&usuario=&sector=&fecha=2009&resuelve= HTTP/1.1" 200 1474
201.245.192.253 - - [06/Sep/2023:08:48:37 -0500] "POST /forms/lservlet;jsessionid=ac16012b30d62f4415040f2249ea9738ec9c1b9579b0.e3iSbxaKaheRe34Rch0Ra3mLchv0n6jAmljGr5XDqQLvpAe HTTP/1.1" 200 2
181.52.56.245 - - [06/Sep/2023:08:48:38 -0500] "GET /BLA/resoluciones/RESOLUCIONES%202010/6519.pdf HTTP/1.1" 200 1514988
216.244.66.195 - - [06/Sep/2023:08:48:38 -0500] "GET /BLA/resoluciones/RESOLUCIONES%202016/2016.pdf HTTP/1.1" 200 492903
201.245.192.253 - - [06/Sep/2023:08:48:44 -0500] "POST /sipse/faces/presentacion/financiero/solicitudProceso/listarSolicitudProceso.xhtml HTTP/1.1" 200 911
201.245.192.253 - - [06/Sep/2023:08:48:46 -0500] "GET /sipse/faces/faces/autenticacion HTTP/1.1" 302 -
201.245.192.253 - - [06/Sep/2023:08:48:46 -0500] "GET /sipse/faces/autenticacion.xhtml HTTP/1.1" 200 12178
201.245.192.253 - - [06/Sep/2023:08:48:46 -0500] "GET /sipse/faces/javax.faces.resource/theme.css?ln=primefaces-sipse HTTP/1.1" 304 -
201.245.192.253 - - [06/Sep/2023:08:48:46 -0500] "GET /sipse/faces/javax.faces.resource/primefaces.css?ln=primefaces&v=4.0 HTTP/1.1" 304 -
201.245.192.253 - - [06/Sep/2023:08:48:46 -0500] "GET /sipse/faces/javax.faces.resource/jquery/jquery.js?ln=primefaces&v=4.0 HTTP/1.1" 304 -
201.245.192.253 - - [06/Sep/2023:08:48:46 -0500] "GET /sipse/faces/javax.faces.resource/jquery/jquery-plugins.js?ln=primefaces&v=4.0 HTTP/1.1" 304 -
201.245.192.253 - - [06/Sep/2023:08:48:46 -0500] "GET /sipse/faces/javax.faces.resource/layout/layout.js?ln=primefaces&v=4.0 HTTP/1.1" 304 -
201.245.192.253 - - [06/Sep/2023:08:48:46 -0500] "GET /sipse/faces/javax.faces.resource/layout/layout.css?ln=primefaces&v=4.0 HTTP/1.1" 304 -
201.245.192.253 - - [06/Sep/2023:08:48:46 -0500] "GET /sipse/faces/javax.faces.resource/primefaces.js?ln=primefaces&v=4.0 HTTP/1.1" 304 -
201.245.192.253 - - [06/Sep/2023:08:48:46 -0500] "GET /sipse/faces/javax.faces.resource/images/ui-icons_898989_256x240.png?ln=primefaces-aristo HTTP/1.1" 304 -
186.102.6.230 - - [06/Sep/2023:08:48:48 -0500] "GET /kwssiamovil/sm/acme/u?s=U2FsdGVkX18YB0kn0FHeObApdGyam6PLJ8xAhY4EpTOACWy4ksJ9kEg6Uc81uJ+0MA2MfvknMsNq01DeQLN5tEBZB1pVSUgKYQdm7kDUZZSRiYvEUddVjpO+hTOeOWnbOVSudt0Y20B8bLar7IIvKsDNFsOfApMyTFmHL9deNJw=&u=U2FsdGVkX19cUjoqs89U+4VUPFZN6SxTqLjpxsv1Fzw=&y=U2FsdGVkX1+7aGnOE6hHcRIIGWpyhSUIKQrDvwhmVi7OsGxwzDmxs7YCdH4qot1/ HTTP/1.1" 200 60
201.245.192.253 - - [06/Sep/2023:08:48:49 -0500] "POST /sipse/faces/autenticacion.xhtml HTTP/1.1" 200 16788
201.245.192.253 - - [06/Sep/2023:08:48:49 -0500] "GET /sipse/faces/javax.faces.resource/theme.css?ln=primefaces-sipse HTTP/1.1" 304 -
201.245.192.253 - - [06/Sep/2023:08:48:49 -0500] "GET /sipse/faces/javax.faces.resource/primefaces.css?ln=primefaces&v=4.0 HTTP/1.1" 304 -
201.245.192.253 - - [06/Sep/2023:08:48:49 -0500] "GET /sipse/faces/javax.faces.resource/layout/layout.css?ln=primefaces&v=4.0 HTTP/1.1" 304 -
201.245.192.253 - - [06/Sep/2023:08:48:49 -0500] "GET /sipse/faces/javax.faces.resource/jquery/jquery.js?ln=primefaces&v=4.0 HTTP/1.1" 304 -
201.245.192.253 - - [06/Sep/2023:08:48:49 -0500] "GET /sipse/faces/javax.faces.resource/jquery/jquery-plugins.js?ln=primefaces&v=4.0 HTTP/1.1" 304 -
201.245.192.253 - - [06/Sep/2023:08:48:49 -0500] "GET /sipse/faces/javax.faces.resource/primefaces.js?ln=primefaces&v=4.0 HTTP/1.1" 304 -
201.245.192.253 - - [06/Sep/2023:08:48:49 -0500] "GET /sipse/faces/javax.faces.resource/layout/layout.js?ln=primefaces&v=4.0 HTTP/1.1" 304 -
201.245.192.253 - - [06/Sep/2023:08:48:49 -0500] "GET /sipse/css/imagen/contrasena.png HTTP/1.1" 404 383
201.245.192.253 - - [06/Sep/2023:08:48:49 -0500] "GET /sipse/faces/javax.faces.resource/messages/messages.png?ln=primefaces&v=4.0 HTTP/1.1" 304 -
191.111.25.77 - - [06/Sep/2023:08:48:49 -0500] "GET /BLA/resoluciones/index.php?dir=AUTOS+2009%2F HTTP/1.1" 200 399860
191.111.25.77 - - [06/Sep/2023:08:48:50 -0500] "GET /BLA/resoluciones/dlf/styles.css HTTP/1.1" 200 3049
191.111.25.77 - - [06/Sep/2023:08:48:50 -0500] "GET /BLA/resoluciones/dlf/pdf.gif HTTP/1.1" 200 272
191.111.25.77 - - [06/Sep/2023:08:48:50 -0500] "GET /BLA/resoluciones/dlf/dirup.png HTTP/1.1" 200 644
191.111.25.77 - - [06/Sep/2023:08:48:50 -0500] "GET /BLA/resoluciones/dlf/bg.gif HTTP/1.1" 200 54
172.22.2.4 - - [06/Sep/2023:08:48:51 -0500] "GET /BLA/boletinlegal/consulta_actos.php?tipo=resoluciones&no=7228&usuario=&sector=&fecha=2009&resuelve= HTTP/1.1" 200 1468
201.245.192.253 - - [06/Sep/2023:08:48:51 -0500] "GET /sipse/faces/javax.faces.resource/images/ui-bg_flat_0_2d5972_40x100.png?ln=primefaces-aristo HTTP/1.1" 304 -
201.245.192.253 - - [06/Sep/2023:08:48:51 -0500] "POST /sipse/faces/bienvenido.xhtml HTTP/1.1" 200 1471
201.245.192.253 - - [06/Sep/2023:08:48:53 -0500] "POST /sipse/faces/bienvenido.xhtml HTTP/1.1" 200 31850
201.245.192.253 - - [06/Sep/2023:08:48:53 -0500] "GET /sipse/faces/javax.faces.resource/theme.css?ln=primefaces-sipse HTTP/1.1" 304 -
201.245.192.253 - - [06/Sep/2023:08:48:53 -0500] "GET /sipse/faces/javax.faces.resource/primefaces.css?ln=primefaces&v=4.0 HTTP/1.1" 304 -
201.245.192.253 - - [06/Sep/2023:08:48:53 -0500] "GET /sipse/faces/javax.faces.resource/layout/layout.css?ln=primefaces&v=4.0 HTTP/1.1" 304 -
201.245.192.253 - - [06/Sep/2023:08:48:53 -0500] "GET /sipse/faces/javax.faces.resource/jquery/jquery.js?ln=primefaces&v=4.0 HTTP/1.1" 304 -
201.245.192.253 - - [06/Sep/2023:08:48:53 -0500] "GET /sipse/faces/javax.faces.resource/jquery/jquery-plugins.js?ln=primefaces&v=4.0 HTTP/1.1" 304 -
201.245.192.253 - - [06/Sep/2023:08:48:53 -0500] "GET /sipse/faces/javax.faces.resource/primefaces.js?ln=primefaces&v=4.0 HTTP/1.1" 304 -
201.245.192.253 - - [06/Sep/2023:08:48:53 -0500] "GET /sipse/faces/javax.faces.resource/layout/layout.js?ln=primefaces&v=4.0 HTTP/1.1" 304 -
201.245.192.253 - - [06/Sep/2023:08:48:53 -0500] "POST /sipse/faces/presentacion/financiero/solicitudProceso/listarSolicitudProceso.xhtml HTTP/1.1" 200 1376
181.52.56.245 - - [06/Sep/2023:08:48:55 -0500] "GET /BLA/resoluciones/RESOLUCIONES%202010/6525.pdf HTTP/1.1" 200 273668
172.22.2.4 - - [06/Sep/2023:08:49:06 -0500] "GET /BLA/boletinlegal/consulta_actos.php?tipo=resoluciones&no=7229&usuario=&sector=&fecha=2009&resuelve= HTTP/1.1" 200 1456
216.244.66.195 - - [06/Sep/2023:08:49:07 -0500] "GET /BLA/resoluciones/RESOLUCIONES%202016/2280.pdf HTTP/1.1" 200 502882
181.52.56.245 - - [06/Sep/2023:08:49:09 -0500] "GET /BLA/resoluciones/RESOLUCIONES%202010/6522.pdf HTTP/1.1" 200 869621
52.167.144.108 - - [06/Sep/2023:08:49:18 -0500] "GET /sipse/faces/index.xhtml HTTP/1.1" 200 677
172.22.2.4 - - [06/Sep/2023:08:49:23 -0500] "GET /BLA/boletinlegal/consulta_actos.php?tipo=resoluciones&no=7230&usuario=&sector=&fecha=2009&resuelve= HTTP/1.1" 200 1457
181.52.56.245 - - [06/Sep/2023:08:49:28 -0500] "GET /BLA/resoluciones/RESOLUCIONES%202010/6524.pdf HTTP/1.1" 200 703910
216.245.221.92 - - [06/Sep/2023:08:49:35 -0500] "HEAD / HTTP/1.1" 200 -
216.244.66.195 - - [06/Sep/2023:08:49:37 -0500] "GET /BLA/resoluciones/RESOLUCIONES%202017/0410.pdf HTTP/1.1" 200 681967
190.70.197.103 - - [06/Sep/2023:08:49:39 -0500] "POST /sipse/faces/presentacion/financiero/solicitudProceso/consultarSolicitudProceso.xhtml HTTP/1.1" 200 63818
190.70.197.103 - - [06/Sep/2023:08:49:39 -0500] "GET /sipse/faces/javax.faces.resource/theme.css?ln=primefaces-sipse HTTP/1.1" 304 -
190.70.197.103 - - [06/Sep/2023:08:49:39 -0500] "GET /sipse/faces/javax.faces.resource/primefaces.css?ln=primefaces&v=4.0 HTTP/1.1" 304 -
190.70.197.103 - - [06/Sep/2023:08:49:39 -0500] "GET /sipse/faces/javax.faces.resource/layout/layout.css?ln=primefaces&v=4.0 HTTP/1.1" 304 -
190.70.197.103 - - [06/Sep/2023:08:49:39 -0500] "GET /sipse/faces/javax.faces.resource/jquery/jquery.js?ln=primefaces&v=4.0 HTTP/1.1" 304 -
190.70.197.103 - - [06/Sep/2023:08:49:39 -0500] "GET /sipse/faces/javax.faces.resource/jquery/jquery-plugins.js?ln=primefaces&v=4.0 HTTP/1.1" 304 -
190.70.197.103 - - [06/Sep/2023:08:49:39 -0500] "GET /sipse/faces/javax.faces.resource/primefaces.js?ln=primefaces&v=4.0 HTTP/1.1" 304 -
190.70.197.103 - - [06/Sep/2023:08:49:39 -0500] "GET /sipse/faces/javax.faces.resource/layout/layout.js?ln=primefaces&v=4.0 HTTP/1.1" 304 -
190.70.197.103 - - [06/Sep/2023:08:49:39 -0500] "POST /sipse/faces/presentacion/financiero/solicitudProceso/listarSolicitudProceso.xhtml HTTP/1.1" 200 1560
52.167.144.219 - - [06/Sep/2023:08:49:47 -0500] "GET /cucarron-de-mayo-insecto-que-se-puede-observar-por-estos-dias-en-varios-ecosistemas-de-bogota.html HTTP/1.1" 200 762
172.22.2.4 - - [06/Sep/2023:08:49:48 -0500] "GET /BLA/boletinlegal/consulta_actos.php?tipo=resoluciones&no=7231&usuario=&sector=&fecha=2009&resuelve= HTTP/1.1" 200 1456
181.52.56.245 - - [06/Sep/2023:08:49:52 -0500] "GET /BLA/resoluciones/RESOLUCIONES%202010/6523.pdf HTTP/1.1" 200 911057
114.119.129.148 - - [06/Sep/2023:08:49:55 -0500] "GET /BLA/resoluciones/index.php?dir=Notificaciones/RESOLUCIONES%2B2023/ HTTP/1.1" 200 13965
216.244.66.195 - - [06/Sep/2023:08:50:03 -0500] "GET /BLA/resoluciones/RESOLUCIONES%202017/0700.pdf HTTP/1.1" 200 305232
172.22.2.4 - - [06/Sep/2023:08:50:06 -0500] "GET /BLA/boletinlegal/consulta_actos.php?tipo=resoluciones&no=7233&usuario=&sector=&fecha=2009&resuelve= HTTP/1.1" 200 1518
181.52.56.245 - - [06/Sep/2023:08:50:09 -0500] "GET /BLA/resoluciones/RESOLUCIONES%202010/6526.pdf HTTP/1.1" 200 1230435
201.245.192.253 - - [06/Sep/2023:08:50:06 -0500] "POST /kwsrmcab/Wsrmcab  HTTP/1.1" 200 42865
172.22.2.4 - - [06/Sep/2023:08:50:20 -0500] "GET /BLA/boletinlegal/consulta_actos.php?tipo=resoluciones&no=7235&usuario=&sector=&fecha=2009&resuelve= HTTP/1.1" 200 1590
181.52.56.245 - - [06/Sep/2023:08:50:23 -0500] "GET /BLA/resoluciones/RESOLUCIONES%202009/0880.pdf HTTP/1.1" 200 62514
216.244.66.195 - - [06/Sep/2023:08:50:29 -0500] "GET /BLA/resoluciones/RESOLUCIONES%202017/0782.pdf HTTP/1.1" 200 788125
201.245.192.253 - - [06/Sep/2023:08:50:37 -0500] "POST /forms/lservlet;jsessionid=ac16012b30d62f4415040f2249ea9738ec9c1b9579b0.e3iSbxaKaheRe34Rch0Ra3mLchv0n6jAmljGr5XDqQLvpAe HTTP/1.1" 200 2
186.102.112.250 - - [06/Sep/2023:08:50:50 -0500] "GET /kwssiamovil/sm/ldap/au?x=U2FsdGVkX1+HoChz2OLJ0kOsVWPsgkod8N1scx8Y0FOjuOSmCmhhXAod+Zbpq7Wk&y=U2FsdGVkX1/15Rp/grp1Kkots4c2OlYZ71r559CO7b0= HTTP/1.1" 200 31
216.244.66.195 - - [06/Sep/2023:08:50:54 -0500] "GET /BLA/resoluciones/RESOLUCIONES%202017/1596.pdf HTTP/1.1" 200 258925
186.102.112.250 - - [06/Sep/2023:08:50:56 -0500] "GET /kwssiamovil/sm/ldap/au?x=U2FsdGVkX1/nmeu+0Px9J0CVFC75vbYVprBvOGO1JYz4HR/N5PF0Kd8dPSr+JDxY&y=U2FsdGVkX19EEmD4vkyQ5BY2J4OvRPbCWzDoYEhbTSc= HTTP/1.1" 200 31
186.102.112.250 - - [06/Sep/2023:08:51:01 -0500] "GET /kwssiamovil/sm/ldap/au?x=U2FsdGVkX18NF2Bw3p1Q6OkLrg7smddV/haF+9gTzEJ0gwSuhVMZQ67g+ISSU3iw&y=U2FsdGVkX18ix00WDI0JPvIqiJ35/C0IKykvQ41cyJ0= HTTP/1.1" 200 31
186.102.112.250 - - [06/Sep/2023:08:51:06 -0500] "GET /kwssiamovil/sm/ldap/au?x=U2FsdGVkX18jDqUT54KhIoa0G4KB5bjGZzbvz331vZB2f2p0tDytzWPuB/Pdr6RX&y=U2FsdGVkX1/pnUiFD71g+9x6vl6CcH0OnBFBD/aOmAo= HTTP/1.1" 200 31
186.102.112.250 - - [06/Sep/2023:08:51:16 -0500] "GET /kwssiamovil/sm/ldap/au?x=U2FsdGVkX18Bl10NlkB2LbZVbBcKWf80Nri7oVIQHO3AI+j91+OaZFAyV5jxjSGH&y=U2FsdGVkX19bvl2bO5Eyb7m8r2mxs/llZwzgEfurXYY= HTTP/1.1" 200 30
186.102.112.250 - - [06/Sep/2023:08:51:16 -0500] "GET /kwssiamovil/sm/acme/s?s=U2FsdGVkX1/DJk9SFCuSDAZ4CQzT103VppDTlzc//cj7Z5wkZAbzwkm4/rf3m2NhCvFRsYvXSs2lcsiA7lS0UV844y/Z76d3IvVJO3ChEJY=&u=U2FsdGVkX18H6S+dsp33g+ukfE2g1uwkjyjq9EVKjFs=&y=U2FsdGVkX19bvl2bO5Eyb7m8r2mxs/llZwzgEfurXYY= HTTP/1.1" 200 97
186.102.112.250 - - [06/Sep/2023:08:51:16 -0500] "GET /kwssiamovil/sm/acme/s?s=U2FsdGVkX185yOBsooE4hj5JPoghqztNc0+t004yJRR/C5O5zuRlvevB/7el3i+weNmEU/djmR2qqE3rOAXk8pKxIPDP/e7Wd51HarkA+4aDoYhHl+YAlB7wxhGi5PL6ya91T8hWQsfejIU7ZGw0OAFoiUOH5kx+VduDTbL2hzgWH6SiViveaLb6TtmKd6j8BJ4znehtXf2ClIlfqbrA3WXWEB6VksFcbeSQwAnAVY2j+5XSVWk96QmLIIfyWxXPG2u361gkrvae7gS5F38ezEh69bMKB4SDH0/nXaAMQbiGQAOXvBk2mwrqqiNd+WtKPxMffn582CUlugc1UJYk6TiWluK5myyYI0rhsw3J3IZn2sxVqk9FeuXh97y5fa6xI+L98gBN8VuR1MR0OYX5Fg3imay0sOcMZ8zMVjsrqK5IHyCx9l6vLhqhts+CxEny4hY081EFnLXD0ID7qJ5DdWA0VcqdostVr25f3Qj/c/eU9Kcc+iwajSzJraRaDFseWKdBYx14DwSyEBQbs3P5wBXyj/TWasXO8AHjMi8tfUakpPEmAqC4i3bmD6YmWcpHoUKQIisSfXJGIokgJ+DDXvMuNH8zXktDg3mtmll4gFTzOJaaVM4Wr6tXYW5z5Cs3l/G36XcE6XOUv5VpW6KCZoga2bpbh7LuErOymzCPVv1wJdn8N9j/V4Xpez8jxLtGrnut+L2PjVNTvbRZuXvEAbAIZRGAr1j5kSnYuowZr9PS0BjoOo5qG1pTtDSPBfLbvJntuMFm9lESZo38MuuCE0b1glvP8PFpFQzrCW2a3r+k3Vfj4uKMKO3ozUwD/IZdVs7LAPmVy6gFfpUOssw4CnzRxu2lWME4auP0tRClmq1UrjfEJ4B0+JDmAHrmU/rSSQFz8RAyPh/WkTA8RNZBdhRvQfis/I4k/H3u4bAORWqfCQH5BjfE+5ICvQ/cywafaHAiS+RDqlubhplvzLEHU+5UMqaqtROT66rgYyz2oQjmLzGI2Dt2PtOMsKPDgqlvLKcFi60Rf+8DLAYl5BvE+FlvLkSqKJlTmLKZnCKVOhLBvuhP6wz1SLtdVNEbxRyLGzQ70Mem6UVSWe2eHRO0W2fw1l6ouJm5k+8/Q+NQCb+6ozgmtGngLZAwLjjflIyCUJm9LBK1gWOi8wCe484CLyPDF5MK+R7BGDbgikqNWcwROifeqyXP7n6yW0ybePP7NJz6+iLdsqdCusUqWEGLzJiKXm7B9ZSJJNiAqqQJMxJ/nytOHS+1nt/aMCDfQPxlIvI7XpO8zo/QYLW19mbMFn4GA+MYBGdPzSzUOxpuqoxVYiYYrNKI2aftmJ1WYgYh1i8jF9izYkqOtobonJJMBA3QfFGzQruoySUqckk5ISVQftnXHnwrwWnXfANBtOoMylyit0qiOeM0D0BH0KgrUUri9HdF0cSJ3NfXYMCWpn7p5vM3v8B6g495lKxpsxrVDpGTKRn2tQqefXzIwVVTHQZ1L3JeiLG1la8KWnHJKxuTlNxRl6NVGjKJEdzBhZbpXA9QDjdGXYa3IxTqi2eC/b/QpCcYvgzam6jJjKrf6AV7tvEFb/Y/uNOlVJg2oheVPht4ixf0sa5yagbH7ZA9YgphQWlWT72c52Zk/rQ+DTPWMKU7nvf2/E7LPVNv2QmCm/G2Dj8DTJRrk6tA6VMB2EafDLCUL2+AV8e57c03eFqUhTu9qX956R9ralbrJov9cfX6UQHAoUuAnDzTsmjL25yURWhQn+mKhHpoSlSbpJI=&u=U2FsdGVkX18H6S+dsp33g+ukfE2g1uwkjyjq9EVKjFs=&y=U2FsdGVkX19bvl2bO5Eyb7m8r2mxs/llZwzgEfurXYY= HTTP/1.1" 200 3923
186.102.112.250 - - [06/Sep/2023:08:51:16 -0500] "GET /kwssiamovil/sm/acme/s?s=U2FsdGVkX19w/Y4AdmMdrst222eSwozd6eL/2z9XbLO8/LvaWvMFa/5sLt9v6a7k7RvPfTXrJMgWVQUh3lljIssUuJcP8QVrkvIbibITRPoF6douz40Fj6BF9GfAIFfyjdrsAz2VmAJjYnHWNMx7RwlMo7+9reRS5ZK+a4jZY+oA9R679Mg9Dco6HE/DH9IQado476iOQ831RchD09dgJ/rnUIp2/PIcRsP2HkfE8kQ/0j8qtWQL7qYiABAMbXoGSG+43jhOW/1ijvorQzYK5QHIMXHPZcv3dLL2P9Q6FcDxKHDllBhRNFCi//8C2Y6XqxcZOk04nc932nvkUbZUsOHfjP/0SRf/zhjfK8Ypq3CVmpL7Uieo0jubUhH3VQ8gj3RC2EcQa+NxM6Ie9GPcCUPaKRXfbjYpKO7mD/07O+H04ZK4OAAwzoIiS2rGNsNVLL0mj3ddW0RnjPKeo0N3ETOQSokHaJ2iglhA/0jtivjBmRf5IpJ0zzTjE3Bz/oadH0mDkB7h3W4Zvs7S5q+FD/dvIsKc9LM40q4YXpjXC28Goa112uyYSSUHbLX4OUvlQtp/eswLK+KFb4ngm1uK2HwZRPlK0WH/tazjnwiHk9Dxe7hB8a3nrlSo8wBqbdwxKfijdUDHMbdGqTRTP9w8/mg2hAbibPDeX+yxKS92V6S/VaKSMeKzHXSU8KARcyFBM419EPa9C03+ZGg04Xpf3VGv6szx4t7oKcrN7TyKR+Y9dPRRZRdbRh1DQFLA6rSQ&u=U2FsdGVkX18H6S+dsp33g+ukfE2g1uwkjyjq9EVKjFs=&y=U2FsdGVkX19bvl2bO5Eyb7m8r2mxs/llZwzgEfurXYY= HTTP/1.1" 200 208
186.102.112.250 - - [06/Sep/2023:08:51:17 -0500] "GET /kwssiamovil/sm/cjson/pre?f=1&x=U2FsdGVkX18Bl10NlkB2LbZVbBcKWf80Nri7oVIQHO3AI+j91+OaZFAyV5jxjSGH HTTP/1.1" 200 31032
216.244.66.195 - - [06/Sep/2023:08:51:21 -0500] "GET /BLA/resoluciones/RESOLUCIONES%202017/1657.pdf HTTP/1.1" 200 299914
216.244.66.195 - - [06/Sep/2023:08:51:44 -0500] "GET /BLA/resoluciones/RESOLUCIONES%202017/1704.pdf HTTP/1.1" 200 421739
216.244.66.195 - - [06/Sep/2023:08:52:07 -0500] "GET /BLA/resoluciones/RESOLUCIONES%202017/1719.pdf HTTP/1.1" 200 323055
172.22.2.4 - - [06/Sep/2023:08:50:38 -0500] "HEAD /BLA/boletinlegal/ HTTP/1.1" 200 -
216.244.66.195 - - [06/Sep/2023:08:52:27 -0500] "GET /BLA/resoluciones/RESOLUCIONES%202017/2251.pdf HTTP/1.1" 200 660520
201.245.192.253 - - [06/Sep/2023:08:52:37 -0500] "POST /forms/lservlet;jsessionid=ac16012b30d62f4415040f2249ea9738ec9c1b9579b0.e3iSbxaKaheRe34Rch0Ra3mLchv0n6jAmljGr5XDqQLvpAe HTTP/1.1" 200 2
181.52.56.245 - - [06/Sep/2023:08:52:47 -0500] "GET /BLA/resoluciones/RESOLUCIONES%202010/6788.pdf HTTP/1.1" 200 588209
216.244.66.195 - - [06/Sep/2023:08:52:47 -0500] "GET /BLA/resoluciones/RESOLUCIONES%202017/2396.pdf HTTP/1.1" 200 273676
172.22.2.4 - - [06/Sep/2023:08:52:58 -0500] "GET /BLA/boletinlegal/consulta_actos.php?tipo=resoluciones&no=7237&usuario=&sector=&fecha=2009&resuelve= HTTP/1.1" 200 1456
181.52.56.245 - - [06/Sep/2023:08:53:01 -0500] "GET /BLA/resoluciones/RESOLUCIONES%202010/7617.pdf HTTP/1.1" 200 107164
172.22.2.4 - - [06/Sep/2023:08:51:29 -0500] "GET /BLA/boletinlegal/ HTTP/1.1" 200 58187
216.244.66.195 - - [06/Sep/2023:08:53:09 -0500] "GET /BLA/resoluciones/RESOLUCIONES%202017/2686.pdf HTTP/1.1" 200 279004
172.22.2.4 - - [06/Sep/2023:08:53:14 -0500] "GET /BLA/boletinlegal/actos.php HTTP/1.1" 200 9682
172.22.2.4 - - [06/Sep/2023:08:53:16 -0500] "GET /BLA/boletinlegal/consulta_actos.php?tipo=resoluciones&no=7473&usuario=&sector=&fecha=2009&resuelve= HTTP/1.1" 200 1078
172.22.2.4 - - [06/Sep/2023:08:53:17 -0500] "GET /BLA/boletinlegal/favicon.ico HTTP/1.1" 404 1326
172.22.2.4 - - [06/Sep/2023:08:53:17 -0500] "GET /BLA/boletinlegal/favicon.ico HTTP/1.1" 404 1326
177.93.37.189 - - [06/Sep/2023:08:53:17 -0500] "GET /inscribete-y-participa-en-la-convencion-internacional-de-emergencia-climatica-bogota-2023.html HTTP/1.1" 200 895
172.22.2.4 - - [06/Sep/2023:08:53:17 -0500] "GET /BLA/boletinlegal/favicon.ico HTTP/1.1" 404 1038
172.22.2.4 - - [06/Sep/2023:08:53:32 -0500] "GET /BLA/boletinlegal/consulta_actos.php?tipo=resoluciones&no=7474&usuario=&sector=&fecha=2009&resuelve= HTTP/1.1" 200 1084
172.22.2.4 - - [06/Sep/2023:08:53:32 -0500] "GET /BLA/boletinlegal/consulta_actos.php?tipo=resoluciones&no=1169&usuario=&sector=&fecha=2021&resuelve= HTTP/1.1" 200 1102
186.87.228.14 - - [06/Sep/2023:08:53:36 -0500] "GET /BLA/resoluciones/RESOLUCIONES%202021/1169.pdf HTTP/1.1" 200 551038
172.22.2.4 - - [06/Sep/2023:08:53:44 -0500] "GET /BLA/boletinlegal/consulta_actos.php?tipo=resoluciones&no=7615&usuario=&sector=&fecha=2009&resuelve= HTTP/1.1" 200 1205
172.22.2.4 - - [06/Sep/2023:08:53:56 -0500] "GET /BLA/boletinlegal/consulta_actos.php?tipo=resoluciones&no=7691&usuario=&sector=&fecha=2009&resuelve= HTTP/1.1" 200 2116
181.52.56.245 - - [06/Sep/2023:08:53:59 -0500] "GET /BLA/resoluciones/RESOLUCIONES%202009/3581.pdf HTTP/1.1" 200 812525
181.52.56.245 - - [06/Sep/2023:08:54:03 -0500] "GET /BLA/resoluciones/RESOLUCIONES%202015/3157.pdf HTTP/1.1" 200 274573
181.52.56.245 - - [06/Sep/2023:08:54:10 -0500] "GET /BLA/resoluciones/RESOLUCIONES%202012/0565.pdf HTTP/1.1" 200 238292
172.22.2.4 - - [06/Sep/2023:08:54:33 -0500] "GET /BLA/boletinlegal/consulta_actos.php?tipo=resoluciones&no=7726&usuario=&sector=&fecha=2009&resuelve= HTTP/1.1" 200 1590
216.245.221.92 - - [06/Sep/2023:08:54:35 -0500] "HEAD / HTTP/1.1" 200 -
181.52.56.245 - - [06/Sep/2023:08:54:36 -0500] "GET /BLA/resoluciones/RESOLUCIONES%202008/3153.pdf HTTP/1.1" 200 132707
201.245.192.253 - - [06/Sep/2023:08:54:37 -0500] "POST /forms/lservlet;jsessionid=ac16012b30d62f4415040f2249ea9738ec9c1b9579b0.e3iSbxaKaheRe34Rch0Ra3mLchv0n6jAmljGr5XDqQLvpAe HTTP/1.1" 200 2
172.22.2.4 - - [06/Sep/2023:08:54:45 -0500] "GET /BLA/boletinlegal/consulta_actos.php?tipo=resoluciones&no=0750&usuario=&sector=&fecha=2023&resuelve= HTTP/1.1" 200 1535
186.87.228.14 - - [06/Sep/2023:08:54:47 -0500] "GET /BLA/resoluciones/RESOLUCIONES%202023/0750.pdf HTTP/1.1" 200 460899
181.52.56.245 - - [06/Sep/2023:08:54:47 -0500] "GET /BLA/resoluciones/RESOLUCIONES%202008/3154.pdf HTTP/1.1" 200 88819
186.154.33.59 - - [06/Sep/2023:08:54:49 -0500] "GET /BLA/resoluciones/ HTTP/1.1" 200 13696
172.22.2.4 - - [06/Sep/2023:08:54:58 -0500] "GET /BLA/boletinlegal/consulta_actos.php?tipo=resoluciones&no=7727&usuario=&sector=&fecha=2009&resuelve= HTTP/1.1" 200 1495
201.245.192.253 - - [06/Sep/2023:08:55:06 -0500] "POST /kwsrmcab/Wsrmcab  HTTP/1.1" 200 42865
172.22.2.4 - - [06/Sep/2023:08:55:15 -0500] "GET /BLA/boletinlegal/consulta_actos.php?tipo=resoluciones&no=7728&usuario=&sector=&fecha=2009&resuelve= HTTP/1.1" 200 1734
181.52.56.245 - - [06/Sep/2023:08:55:18 -0500] "GET /BLA/resoluciones/RESOLUCIONES%202010/5787.pdf HTTP/1.1" 200 218493
172.22.2.4 - - [06/Sep/2023:08:55:31 -0500] "GET /BLA/boletinlegal/consulta_actos.php?tipo=resoluciones&no=7954&usuario=&sector=&fecha=2009&resuelve= HTTP/1.1" 200 1629
181.52.56.245 - - [06/Sep/2023:08:55:34 -0500] "GET /BLA/resoluciones/RESOLUCIONES%202009/4102.pdf HTTP/1.1" 200 1629421
181.52.56.245 - - [06/Sep/2023:08:55:44 -0500] "GET /BLA/resoluciones/RESOLUCIONES%202010/3145.pdf HTTP/1.1" 200 222396
172.22.2.4 - - [06/Sep/2023:08:55:58 -0500] "GET /BLA/boletinlegal/consulta_actos.php?tipo=resoluciones&no=8015&usuario=&sector=&fecha=2009&resuelve= HTTP/1.1" 200 1483
181.52.56.245 - - [06/Sep/2023:08:56:01 -0500] "GET /BLA/resoluciones/RESOLUCIONES%202010/6201.pdf HTTP/1.1" 200 879823
45.55.129.226 - - [06/Sep/2023:08:56:11 -0500] "GET / HTTP/1.0" 200 319
172.22.2.4 - - [06/Sep/2023:08:56:15 -0500] "GET /BLA/boletinlegal/consulta_actos.php?tipo=resoluciones&no=8363&usuario=&sector=&fecha=2009&resuelve= HTTP/1.1" 200 3015
181.52.56.245 - - [06/Sep/2023:08:56:21 -0500] "GET /BLA/resoluciones/RESOLUCIONES%202009/5575.pdf HTTP/1.1" 200 1414220
181.52.56.245 - - [06/Sep/2023:08:56:25 -0500] "GET /BLA/resoluciones/RESOLUCIONES%202010/1334.pdf HTTP/1.1" 200 87277
181.52.56.245 - - [06/Sep/2023:08:56:32 -0500] "GET /BLA/resoluciones/RESOLUCIONES%202010/2002.pdf HTTP/1.1" 200 114912
45.55.129.226 - - [06/Sep/2023:08:56:34 -0500] "GET / HTTP/1.1" 200 319
45.55.129.226 - - [06/Sep/2023:08:56:35 -0500] "GET /favicon.ico HTTP/1.1" 200 7782
201.245.192.253 - - [06/Sep/2023:08:56:37 -0500] "POST /forms/lservlet;jsessionid=ac16012b30d62f4415040f2249ea9738ec9c1b9579b0.e3iSbxaKaheRe34Rch0Ra3mLchv0n6jAmljGr5XDqQLvpAe HTTP/1.1" 200 2
181.52.56.245 - - [06/Sep/2023:08:56:52 -0500] "GET /BLA/resoluciones/RESOLUCIONES%202014/3531.pdf HTTP/1.1" 200 403423
52.167.144.108 - - [06/Sep/2023:08:57:09 -0500] "GET /sipse/faces/faces/autenticacion.xhtml HTTP/1.1" 200 12500
172.22.2.4 - - [06/Sep/2023:08:57:23 -0500] "GET /BLA/boletinlegal/consulta_actos.php?tipo=resoluciones&no=8607&usuario=&sector=&fecha=2009&resuelve= HTTP/1.1" 200 2161
201.245.192.253 - - [06/Sep/2023:08:57:24 -0500] "GET /appsia/controlador HTTP/1.1" 200 4799
201.245.192.253 - - [06/Sep/2023:08:57:27 -0500] "GET /appsia/scripts/validarIngreso.js HTTP/1.1" 200 851
201.245.192.253 - - [06/Sep/2023:08:57:27 -0500] "GET /appsia/css/estilos.css HTTP/1.1" 200 4804
201.245.192.253 - - [06/Sep/2023:08:57:27 -0500] "GET /appsia/images/logo_bogota_p.png HTTP/1.1" 200 14951
201.245.192.253 - - [06/Sep/2023:08:57:27 -0500] "GET /appsia/images/cabezoteHojaVida.png HTTP/1.1" 200 32493
201.245.192.253 - - [06/Sep/2023:08:57:28 -0500] "GET /favicon.ico HTTP/1.1" 200 7782
52.167.144.182 - - [06/Sep/2023:08:57:28 -0500] "GET /sipse/css/custom_css_sg.css HTTP/1.1" 200 9694
52.167.144.182 - - [06/Sep/2023:08:57:29 -0500] "GET /sipse/css/custom_css_sg_prime_login.css HTTP/1.1" 200 443
52.167.144.182 - - [06/Sep/2023:08:57:31 -0500] "GET /sipse/faces/javax.faces.resource/jquery/jquery.js;jsessionid=lkdFdmROP-fn66U79iexF69n.undefined?ln=primefaces&v=4.0 HTTP/1.1" 200 105384
52.167.144.182 - - [06/Sep/2023:08:57:32 -0500] "GET /sipse/js/disable_browser_buttons.js HTTP/1.1" 200 3230
40.77.167.208 - - [06/Sep/2023:08:57:32 -0500] "GET /sipse/faces/javax.faces.resource/jquery/jquery-plugins.js;jsessionid=lkdFdmROP-fn66U79iexF69n.undefined?ln=primefaces&v=4.0 HTTP/1.1" 200 220526
52.167.144.182 - - [06/Sep/2023:08:57:33 -0500] "GET /sipse/js/funciones.js HTTP/1.1" 200 12592
40.77.167.208 - - [06/Sep/2023:08:57:33 -0500] "GET /sipse/faces/javax.faces.resource/theme.css?ln=primefaces-sipse HTTP/1.1" 200 50058
201.245.192.253 - - [06/Sep/2023:08:57:55 -0500] "POST /appsia/controlador HTTP/1.1" 200 5437
172.22.2.4 - - [06/Sep/2023:08:57:55 -0500] "GET /BLA/boletinlegal/consulta_actos.php?tipo=resoluciones&no=8726&usuario=&sector=&fecha=2009&resuelve= HTTP/1.1" 200 1114
201.245.192.253 - - [06/Sep/2023:08:57:57 -0500] "GET /appsia/images/logo_escudo.png HTTP/1.1" 200 36965
201.245.192.253 - - [06/Sep/2023:08:57:56 -0500] "POST /appsia/controlador HTTP/1.1" 200 298719
172.22.2.4 - - [06/Sep/2023:08:57:58 -0500] "GET /BLA/boletinlegal/style.css HTTP/1.1" 200 9406
172.22.2.4 - - [06/Sep/2023:08:57:58 -0500] "GET /BLA/boletinlegal/styles2.css HTTP/1.1" 200 1838
172.22.2.4 - - [06/Sep/2023:08:57:58 -0500] "GET /BLA/boletinlegal/js/jquery.js HTTP/1.1" 200 57254
172.22.2.4 - - [06/Sep/2023:08:57:58 -0500] "GET /BLA/boletinlegal/js/jquery.scrollTo-min.js HTTP/1.1" 200 1150
172.22.2.4 - - [06/Sep/2023:08:57:58 -0500] "GET /BLA/boletinlegal/js/jquery.scrollShow.js HTTP/1.1" 200 4586
172.22.2.4 - - [06/Sep/2023:08:57:58 -0500] "GET /BLA/boletinlegal/images/cabezote%20BLEGAL.jpg HTTP/1.1" 200 118164
172.22.2.4 - - [06/Sep/2023:08:57:58 -0500] "GET /BLA/boletinlegal/images/subscribe-icon-big.png HTTP/1.1" 200 47702
172.22.2.4 - - [06/Sep/2023:08:57:58 -0500] "GET /BLA/boletinlegal/images/registro-usuarios.png HTTP/1.1" 200 8106
172.22.2.4 - - [06/Sep/2023:08:57:58 -0500] "GET /BLA/boletinlegal/images/arr_l.jpg HTTP/1.1" 200 1979
172.22.2.4 - - [06/Sep/2023:08:57:58 -0500] "GET /BLA/boletinlegal/images/historia.png HTTP/1.1" 200 52775
172.22.2.4 - - [06/Sep/2023:08:57:59 -0500] "GET /BLA/boletinlegal/images/hover.jpg HTTP/1.1" 200 640
172.22.2.4 - - [06/Sep/2023:08:57:59 -0500] "GET /BLA/boletinlegal/images/bg_top.jpg HTTP/1.1" 200 522
172.22.2.4 - - [06/Sep/2023:08:57:59 -0500] "GET /BLA/boletinlegal/images/body_bg.jpg HTTP/1.1" 200 1601
172.22.2.4 - - [06/Sep/2023:08:57:59 -0500] "GET /BLA/boletinlegal/images/menu_lft.gif HTTP/1.1" 200 1713
172.22.2.4 - - [06/Sep/2023:08:57:59 -0500] "GET /BLA/boletinlegal/images/menu_rght.gif HTTP/1.1" 200 1627
172.22.2.4 - - [06/Sep/2023:08:57:59 -0500] "GET /BLA/boletinlegal/images/launch.jpg HTTP/1.1" 200 14577
172.22.2.4 - - [06/Sep/2023:08:57:59 -0500] "GET /BLA/boletinlegal/images/menu_bg.jpg HTTP/1.1" 200 620
172.22.2.4 - - [06/Sep/2023:08:57:59 -0500] "GET /BLA/boletinlegal/images/text.jpg HTTP/1.1" 200 568
172.22.2.4 - - [06/Sep/2023:08:57:59 -0500] "GET /BLA/boletinlegal/images/screen_1.png HTTP/1.1" 200 202547
172.22.2.4 - - [06/Sep/2023:08:58:01 -0500] "GET /BLA/boletinlegal/actos.php HTTP/1.1" 200 9682
172.22.2.4 - - [06/Sep/2023:08:58:01 -0500] "GET /BLA/boletinlegal/niceforms.js HTTP/1.1" 200 22876
172.22.2.4 - - [06/Sep/2023:08:58:01 -0500] "GET /BLA/boletinlegal/js/ajax_actos.js HTTP/1.1" 200 1322
172.22.2.4 - - [06/Sep/2023:08:58:01 -0500] "GET /BLA/boletinlegal/niceforms-default.css HTTP/1.1" 200 6694
172.22.2.4 - - [06/Sep/2023:08:58:01 -0500] "GET /BLA/boletinlegal/js/popup.js HTTP/1.1" 200 1270
172.22.2.4 - - [06/Sep/2023:08:58:01 -0500] "GET /BLA/boletinlegal/js/lib.js HTTP/1.1" 200 6474
172.22.2.4 - - [06/Sep/2023:08:58:01 -0500] "GET /BLA/boletinlegal/js/jquery1.js HTTP/1.1" 200 29846
172.22.2.4 - - [06/Sep/2023:08:58:01 -0500] "GET /BLA/boletinlegal/images/green-yellow-blue-pink-th.png HTTP/1.1" 200 7394
172.22.2.4 - - [06/Sep/2023:08:58:01 -0500] "GET /BLA/boletinlegal/images/tel.png HTTP/1.1" 200 14477
172.22.2.4 - - [06/Sep/2023:08:58:01 -0500] "GET /BLA/boletinlegal/images/icono-email.png HTTP/1.1" 200 5544
172.22.2.4 - - [06/Sep/2023:08:58:01 -0500] "GET /BLA/boletinlegal/images/footer_bg.jpg HTTP/1.1" 200 586
172.22.2.4 - - [06/Sep/2023:08:58:01 -0500] "GET /BLA/boletinlegal/images/footer_bg_l.jpg HTTP/1.1" 200 776
172.22.2.4 - - [06/Sep/2023:08:58:01 -0500] "GET /BLA/boletinlegal/img/select-left.png HTTP/1.1" 200 263
172.22.2.4 - - [06/Sep/2023:08:58:01 -0500] "GET /BLA/boletinlegal/img/0.png HTTP/1.1" 200 110
172.22.2.4 - - [06/Sep/2023:08:58:01 -0500] "GET /BLA/boletinlegal/img/select-right.png HTTP/1.1" 200 44019
172.22.2.4 - - [06/Sep/2023:08:58:01 -0500] "GET /BLA/boletinlegal/img/button-left.png HTTP/1.1" 200 57071
172.22.2.4 - - [06/Sep/2023:08:58:01 -0500] "GET /BLA/boletinlegal/img/button-right.png HTTP/1.1" 200 57878
172.22.2.4 - - [06/Sep/2023:08:58:01 -0500] "GET /BLA/boletinlegal/img/button.png HTTP/1.1" 200 43241
172.22.2.4 - - [06/Sep/2023:08:58:01 -0500] "GET /BLA/boletinlegal/favicon.ico HTTP/1.1" 404 1326
172.22.2.4 - - [06/Sep/2023:08:56:28 -0500] "HEAD /BLA/boletinlegal/ HTTP/1.1" 200 -
172.22.2.4 - - [06/Sep/2023:08:58:11 -0500] "GET /BLA/boletinlegal/consulta_actos.php?tipo=resoluciones&no=4186&usuario=&sector=&fecha=2021&resuelve= HTTP/1.1" 200 1101
172.22.2.4 - - [06/Sep/2023:08:58:12 -0500] "GET /BLA/boletinlegal/images/pdf.gif HTTP/1.1" 200 567
201.185.108.180 - - [06/Sep/2023:08:58:13 -0500] "GET /BLA/resoluciones/RESOLUCIONES%202021/4186.pdf HTTP/1.1" 200 2310005
172.22.2.4 - - [06/Sep/2023:08:58:14 -0500] "GET /BLA/boletinlegal/consulta_actos.php?tipo=resoluciones&no=8763&usuario=&sector=&fecha=2009&resuelve= HTTP/1.1" 200 1658
181.52.56.245 - - [06/Sep/2023:08:58:16 -0500] "GET /BLA/resoluciones/RESOLUCIONES%202013/0121.pdf HTTP/1.1" 200 586231
181.52.56.245 - - [06/Sep/2023:08:58:21 -0500] "GET /BLA/resoluciones/RESOLUCIONES%202014/3536.pdf HTTP/1.1" 200 398306
201.245.192.253 - - [06/Sep/2023:08:58:38 -0500] "POST /forms/lservlet;jsessionid=ac16012b30d62f4415040f2249ea9738ec9c1b9579b0.e3iSbxaKaheRe34Rch0Ra3mLchv0n6jAmljGr5XDqQLvpAe HTTP/1.1" 200 2
172.22.2.4 - - [06/Sep/2023:08:58:38 -0500] "GET /BLA/boletinlegal/consulta_actos.php?tipo=resoluciones&no=8820&usuario=&sector=&fecha=2009&resuelve= HTTP/1.1" 200 2197
201.245.192.253 - - [06/Sep/2023:08:58:38 -0500] "GET /forest/ HTTP/1.1" 200 12041
181.52.56.245 - - [06/Sep/2023:08:58:42 -0500] "GET /BLA/resoluciones/RESOLUCIONES%202009/0743.pdf HTTP/1.1" 200 43291
172.22.2.4 - - [06/Sep/2023:08:57:58 -0500] "GET /BLA/boletinlegal/ HTTP/1.1" 200 24523
181.52.56.245 - - [06/Sep/2023:08:58:51 -0500] "GET /BLA/resoluciones/RESOLUCIONES%202013/0880.pdf HTTP/1.1" 200 565879
181.52.56.245 - - [06/Sep/2023:08:58:56 -0500] "GET /BLA/resoluciones/RESOLUCIONES%202011/5915.pdf HTTP/1.1" 200 342490
172.22.2.4 - - [06/Sep/2023:08:57:19 -0500] "GET /BLA/boletinlegal/ HTTP/1.1" 200 46180
181.52.56.245 - - [06/Sep/2023:08:59:02 -0500] "GET /BLA/resoluciones/RESOLUCIONES%202015/0176.pdf HTTP/1.1" 200 493226
157.55.39.239 - - [06/Sep/2023:08:59:14 -0500] "GET /la-feria-de-servicios-ambientales-llega-a-la-localidad-rafael-uribe-uribe.html HTTP/1.1" 200 866
172.22.2.4 - - [06/Sep/2023:08:59:18 -0500] "GET /BLA/boletinlegal/consulta_actos.php?tipo=resoluciones&no=8852&usuario=&sector=&fecha=2009&resuelve= HTTP/1.1" 200 1735
216.245.221.92 - - [06/Sep/2023:08:59:35 -0500] "HEAD / HTTP/1.1" 200 -
