201.245.192.253 - - [07/Sep/2023:01:59:44 -0500] "POST /forms/lservlet;jsessionid=ac16012b30d62f4415040f2249ea9738ec9c1b9579b0.e3iSbxaKaheRe34Rch0Ra3mLchv0n6jAmljGr5XDqQLvpAe HTTP/1.1" 200 2
172.22.2.4 - - [07/Sep/2023:01:58:17 -0500] "HEAD /BLA/boletinlegal/ HTTP/1.1" 200 -
216.244.66.195 - - [07/Sep/2023:02:00:07 -0500] "GET /BLA/resoluciones/AUTOS%202016/2541.pdf HTTP/1.1" 200 514675
216.245.221.92 - - [07/Sep/2023:02:00:33 -0500] "HEAD / HTTP/1.1" 200 -
216.244.66.195 - - [07/Sep/2023:02:00:36 -0500] "GET /BLA/resoluciones/AUTOS%202016/2596.pdf HTTP/1.1" 200 375128
172.22.2.4 - - [07/Sep/2023:01:59:08 -0500] "GET /BLA/boletinlegal/ HTTP/1.1" 200 60692
216.244.66.195 - - [07/Sep/2023:02:01:04 -0500] "GET /BLA/resoluciones/AUTOS%202016/2677.pdf HTTP/1.1" 200 600887
216.244.66.195 - - [07/Sep/2023:02:01:32 -0500] "GET /BLA/resoluciones/AUTOS%202016/2833.pdf HTTP/1.1" 200 388770
201.245.192.253 - - [07/Sep/2023:02:01:44 -0500] "POST /forms/lservlet;jsessionid=ac16012b30d62f4415040f2249ea9738ec9c1b9579b0.e3iSbxaKaheRe34Rch0Ra3mLchv0n6jAmljGr5XDqQLvpAe HTTP/1.1" 200 2
216.244.66.195 - - [07/Sep/2023:02:01:57 -0500] "GET /BLA/resoluciones/AUTOS%202016/2868.pdf HTTP/1.1" 200 429925
216.244.66.195 - - [07/Sep/2023:02:02:25 -0500] "GET /BLA/resoluciones/AUTOS%202016/2900.pdf HTTP/1.1" 200 1524593
201.245.192.253 - - [07/Sep/2023:02:02:29 -0500] "POST /kwsrmcab/Wsrmcab  HTTP/1.1" 200 42865
216.244.66.195 - - [07/Sep/2023:02:03:15 -0500] "GET /BLA/resoluciones/AUTOS%202016/3035.pdf HTTP/1.1" 200 347034
201.245.192.253 - - [07/Sep/2023:02:03:44 -0500] "POST /forms/lservlet;jsessionid=ac16012b30d62f4415040f2249ea9738ec9c1b9579b0.e3iSbxaKaheRe34Rch0Ra3mLchv0n6jAmljGr5XDqQLvpAe HTTP/1.1" 200 2
216.244.66.195 - - [07/Sep/2023:02:03:46 -0500] "GET /BLA/resoluciones/AUTOS%202011/3923.pdf HTTP/1.1" 200 224431
216.244.66.195 - - [07/Sep/2023:02:04:17 -0500] "GET /BLA/resoluciones/AUTOS%202011/4055.pdf HTTP/1.1" 200 227071
216.244.66.195 - - [07/Sep/2023:02:04:48 -0500] "GET /BLA/resoluciones/AUTOS%202013/0351.pdf HTTP/1.1" 200 3118599
216.244.66.195 - - [07/Sep/2023:02:05:29 -0500] "GET /BLA/resoluciones/AUTOS%202007/1257.pdf HTTP/1.1" 200 96359
66.249.66.193 - - [07/Sep/2023:02:05:31 -0500] "GET /movilidad- HTTP/1.1" 404 1034
66.249.66.194 - - [07/Sep/2023:02:05:32 -0500] "GET /inscribete-y- HTTP/1.1" 404 1034
66.249.66.194 - - [07/Sep/2023:02:05:32 -0500] "GET /distrito-lanza-la-patrulla-cazachimeneas-un-vehiculo-que-hara-seguimiento-a-fuentes-moviles-contaminantes.html HTTP/1.1" 200 1010
66.249.66.192 - - [07/Sep/2023:02:05:33 -0500] "GET /mujeres-lideran-estrategias-para-enfrentar-el-cambio-climatico-en-bogota.html HTTP/1.1" 200 876
216.245.221.92 - - [07/Sep/2023:02:05:33 -0500] "HEAD / HTTP/1.1" 200 -
66.249.70.7 - - [07/Sep/2023:02:05:34 -0500] "GET /Publicaciones/2023EE193019.pdf HTTP/1.1" 404 228
201.245.192.253 - - [07/Sep/2023:02:05:44 -0500] "POST /forms/lservlet;jsessionid=ac16012b30d62f4415040f2249ea9738ec9c1b9579b0.e3iSbxaKaheRe34Rch0Ra3mLchv0n6jAmljGr5XDqQLvpAe HTTP/1.1" 200 2
172.22.2.4 - - [07/Sep/2023:02:04:07 -0500] "HEAD /BLA/boletinlegal/ HTTP/1.1" 200 -
216.244.66.195 - - [07/Sep/2023:02:05:59 -0500] "GET /BLA/resoluciones/AUTOS%202007/1879.pdf HTTP/1.1" 200 115090
216.244.66.195 - - [07/Sep/2023:02:06:28 -0500] "GET /BLA/resoluciones/AUTOS%202007/1988.pdf HTTP/1.1" 200 33894
172.22.2.4 - - [07/Sep/2023:02:04:57 -0500] "GET /BLA/boletinlegal/ HTTP/1.1" 200 58187
216.244.66.195 - - [07/Sep/2023:02:06:56 -0500] "GET /BLA/resoluciones/AUTOS%202010/0559.pdf HTTP/1.1" 200 679497
201.245.192.253 - - [07/Sep/2023:02:07:28 -0500] "POST /kwsrmcab/Wsrmcab  HTTP/1.1" 200 42865
216.244.66.195 - - [07/Sep/2023:02:07:34 -0500] "GET /BLA/resoluciones/AUTOS%202010/2179.pdf HTTP/1.1" 200 199088
201.245.192.253 - - [07/Sep/2023:02:07:44 -0500] "POST /forms/lservlet;jsessionid=ac16012b30d62f4415040f2249ea9738ec9c1b9579b0.e3iSbxaKaheRe34Rch0Ra3mLchv0n6jAmljGr5XDqQLvpAe HTTP/1.1" 200 2
216.244.66.195 - - [07/Sep/2023:02:08:04 -0500] "GET /BLA/resoluciones/AUTOS%202010/3971.pdf HTTP/1.1" 200 1059421
216.244.66.195 - - [07/Sep/2023:02:08:35 -0500] "GET /BLA/resoluciones/AUTOS%202010/4413.pdf HTTP/1.1" 200 140729
216.244.66.195 - - [07/Sep/2023:02:09:03 -0500] "GET /BLA/resoluciones/AUTOS%202010/4887.pdf HTTP/1.1" 200 164211
216.244.66.195 - - [07/Sep/2023:02:09:30 -0500] "GET /BLA/resoluciones/AUTOS%202010/5294.pdf HTTP/1.1" 200 151627
201.245.192.253 - - [07/Sep/2023:02:09:44 -0500] "POST /forms/lservlet;jsessionid=ac16012b30d62f4415040f2249ea9738ec9c1b9579b0.e3iSbxaKaheRe34Rch0Ra3mLchv0n6jAmljGr5XDqQLvpAe HTTP/1.1" 200 2
216.244.66.195 - - [07/Sep/2023:02:09:56 -0500] "GET /BLA/resoluciones/AUTOS%202010/5376.pdf HTTP/1.1" 200 2660292
216.245.221.92 - - [07/Sep/2023:02:10:33 -0500] "HEAD / HTTP/1.1" 200 -
216.244.66.195 - - [07/Sep/2023:02:10:33 -0500] "GET /BLA/resoluciones/AUTOS%202010/5453.pdf HTTP/1.1" 200 1304139
216.244.66.195 - - [07/Sep/2023:02:11:04 -0500] "GET /BLA/resoluciones/AUTOS%202010/5563.pdf HTTP/1.1" 200 673117
216.244.66.195 - - [07/Sep/2023:02:11:34 -0500] "GET /BLA/resoluciones/AUTOS%202010/5604.pdf HTTP/1.1" 200 182941
172.22.2.4 - - [07/Sep/2023:02:09:57 -0500] "HEAD /BLA/boletinlegal/ HTTP/1.1" 200 -
201.245.192.253 - - [07/Sep/2023:02:11:44 -0500] "POST /forms/lservlet;jsessionid=ac16012b30d62f4415040f2249ea9738ec9c1b9579b0.e3iSbxaKaheRe34Rch0Ra3mLchv0n6jAmljGr5XDqQLvpAe HTTP/1.1" 200 2
216.244.66.195 - - [07/Sep/2023:02:12:02 -0500] "GET /BLA/resoluciones/AUTOS%202010/5637.pdf HTTP/1.1" 200 416092
52.167.144.173 - - [07/Sep/2023:02:12:13 -0500] "GET /portaldeninos/aulas-ambientales/aula-ambiental-sorotama/ HTTP/1.1" 200 89596
172.22.2.4 - - [07/Sep/2023:02:10:47 -0500] "GET /BLA/boletinlegal/ HTTP/1.1" 200 58597
201.245.192.253 - - [07/Sep/2023:02:12:27 -0500] "POST /kwsrmcab/Wsrmcab  HTTP/1.1" 200 42865
216.244.66.195 - - [07/Sep/2023:02:12:30 -0500] "GET /BLA/resoluciones/AUTOS%202010/5649.pdf HTTP/1.1" 200 2017194
52.167.144.44 - - [07/Sep/2023:02:12:34 -0500] "GET /BLA/resoluciones/AUTOS%202023/3249.pdf HTTP/1.1" 200 827554
216.244.66.195 - - [07/Sep/2023:02:12:58 -0500] "GET /BLA/resoluciones/AUTOS%202010/6715.pdf HTTP/1.1" 200 209866
52.167.144.25 - - [07/Sep/2023:02:13:06 -0500] "GET /sipse/faces/presentacion/sistema/anexos/cargarAnexoSolicitudProceso.xhtml HTTP/1.1" 302 -
52.167.144.25 - - [07/Sep/2023:02:13:07 -0500] "GET /sipse/faces/autenticacion.xhtml HTTP/1.1" 200 12174
216.244.66.195 - - [07/Sep/2023:02:13:23 -0500] "GET /BLA/resoluciones/Decretos/Decreto%20565%20de%2020%20de%20octubre%20del%202017.pdf HTTP/1.1" 200 1187940
201.245.192.253 - - [07/Sep/2023:02:13:44 -0500] "POST /forms/lservlet;jsessionid=ac16012b30d62f4415040f2249ea9738ec9c1b9579b0.e3iSbxaKaheRe34Rch0Ra3mLchv0n6jAmljGr5XDqQLvpAe HTTP/1.1" 200 2
216.244.66.195 - - [07/Sep/2023:02:13:48 -0500] "GET /BLA/resoluciones/RESOLUCIONES%202016/0010.pdf HTTP/1.1" 200 258342
216.244.66.195 - - [07/Sep/2023:02:14:12 -0500] "GET /BLA/resoluciones/RESOLUCIONES%202016/0432.pdf HTTP/1.1" 200 907556
216.244.66.195 - - [07/Sep/2023:02:14:34 -0500] "GET /BLA/resoluciones/RESOLUCIONES%202016/0535.pdf HTTP/1.1" 200 522772
216.244.66.195 - - [07/Sep/2023:02:14:56 -0500] "GET /BLA/resoluciones/RESOLUCIONES%202016/0638.pdf HTTP/1.1" 200 525299
216.244.66.195 - - [07/Sep/2023:02:15:17 -0500] "GET /BLA/resoluciones/RESOLUCIONES%202016/0937.pdf HTTP/1.1" 200 546396
216.245.221.92 - - [07/Sep/2023:02:15:33 -0500] "HEAD / HTTP/1.1" 200 -
216.244.66.195 - - [07/Sep/2023:02:15:36 -0500] "GET /BLA/resoluciones/RESOLUCIONES%202016/1345.pdf HTTP/1.1" 200 711107
201.245.192.253 - - [07/Sep/2023:02:15:44 -0500] "POST /forms/lservlet;jsessionid=ac16012b30d62f4415040f2249ea9738ec9c1b9579b0.e3iSbxaKaheRe34Rch0Ra3mLchv0n6jAmljGr5XDqQLvpAe HTTP/1.1" 200 2
216.244.66.195 - - [07/Sep/2023:02:15:55 -0500] "GET /BLA/resoluciones/RESOLUCIONES%202016/1638.pdf HTTP/1.1" 200 313132
216.244.66.195 - - [07/Sep/2023:02:16:12 -0500] "GET /BLA/resoluciones/RESOLUCIONES%202016/1747.pdf HTTP/1.1" 200 567319
216.244.66.195 - - [07/Sep/2023:02:16:29 -0500] "GET /BLA/resoluciones/RESOLUCIONES%202016/2037.pdf HTTP/1.1" 200 367976
172.22.2.4 - - [07/Sep/2023:02:14:53 -0500] "GET /BLA/boletinlegal/ HTTP/1.1" 200 57323
216.244.66.195 - - [07/Sep/2023:02:16:46 -0500] "GET /BLA/resoluciones/RESOLUCIONES%202017/0132.pdf HTTP/1.1" 200 771046
216.244.66.195 - - [07/Sep/2023:02:17:01 -0500] "GET /BLA/resoluciones/RESOLUCIONES%202017/0155.pdf HTTP/1.1" 200 350123
216.244.66.195 - - [07/Sep/2023:02:17:14 -0500] "GET /BLA/resoluciones/RESOLUCIONES%202017/0229.pdf HTTP/1.1" 200 987723
216.244.66.195 - - [07/Sep/2023:02:17:27 -0500] "GET /BLA/resoluciones/RESOLUCIONES%202017/0396.pdf HTTP/1.1" 200 707186
172.22.2.4 - - [07/Sep/2023:02:15:47 -0500] "HEAD /BLA/boletinlegal/ HTTP/1.1" 200 -
201.245.192.253 - - [07/Sep/2023:02:17:25 -0500] "POST /kwsrmcab/Wsrmcab  HTTP/1.1" 200 42865
216.244.66.195 - - [07/Sep/2023:02:17:39 -0500] "GET /BLA/resoluciones/RESOLUCIONES%202017/0399.pdf HTTP/1.1" 200 454487
201.245.192.253 - - [07/Sep/2023:02:17:44 -0500] "POST /forms/lservlet;jsessionid=ac16012b30d62f4415040f2249ea9738ec9c1b9579b0.e3iSbxaKaheRe34Rch0Ra3mLchv0n6jAmljGr5XDqQLvpAe HTTP/1.1" 200 2
216.244.66.195 - - [07/Sep/2023:02:17:49 -0500] "GET /BLA/resoluciones/RESOLUCIONES%202017/0494.pdf HTTP/1.1" 200 489010
18.206.165.165 - - [07/Sep/2023:02:17:56 -0500] "GET /inscribete-y-participa-en-la-convencion-internacional-de-emergencia-climatica-bogota-2023.html HTTP/1.1" 200 895
216.244.66.195 - - [07/Sep/2023:02:17:59 -0500] "GET /BLA/resoluciones/RESOLUCIONES%202017/0601.pdf HTTP/1.1" 200 281574
216.244.66.195 - - [07/Sep/2023:02:18:07 -0500] "GET /BLA/resoluciones/RESOLUCIONES%202017/0693.pdf HTTP/1.1" 200 313501
216.244.66.195 - - [07/Sep/2023:02:18:14 -0500] "GET /BLA/resoluciones/RESOLUCIONES%202017/0721.pdf HTTP/1.1" 200 544335
172.22.2.4 - - [07/Sep/2023:02:16:37 -0500] "GET /BLA/boletinlegal/ HTTP/1.1" 200 58597
18.206.165.165 - - [07/Sep/2023:02:18:30 -0500] "GET /portaldeninos/ HTTP/1.1" 200 110175
216.244.66.195 - - [07/Sep/2023:02:18:32 -0500] "GET /BLA/resoluciones/RESOLUCIONES%202017/1190.pdf HTTP/1.1" 200 316273
172.22.2.4 - - [07/Sep/2023:02:18:34 -0500] "GET /BLA/boletinlegal/actos.php HTTP/1.1" 200 9682
52.167.144.25 - - [07/Sep/2023:02:18:44 -0500] "GET /BLA/resoluciones/AUTOS%202023/2555.pdf HTTP/1.1" 200 907875
216.244.66.195 - - [07/Sep/2023:02:18:46 -0500] "GET /BLA/resoluciones/RESOLUCIONES%202017/1610.pdf HTTP/1.1" 200 509519
216.244.66.195 - - [07/Sep/2023:02:18:59 -0500] "GET /BLA/resoluciones/RESOLUCIONES%202017/1746.pdf HTTP/1.1" 200 414405
201.245.192.253 - - [07/Sep/2023:02:18:56 -0500] "POST /kwsrmcab/Wsrmcab HTTP/1.1" 200 41609
201.245.192.253 - - [07/Sep/2023:02:18:59 -0500] "POST /kwsrmcab/Wsrmcab HTTP/1.1" 200 40807
216.244.66.195 - - [07/Sep/2023:02:19:10 -0500] "GET /BLA/resoluciones/RESOLUCIONES%202017/1778.pdf HTTP/1.1" 200 542149
216.244.66.195 - - [07/Sep/2023:02:19:21 -0500] "GET /BLA/resoluciones/RESOLUCIONES%202017/1843.pdf HTTP/1.1" 200 338474
216.244.66.195 - - [07/Sep/2023:02:19:30 -0500] "GET /BLA/resoluciones/RESOLUCIONES%202017/1929.pdf HTTP/1.1" 200 285444
216.244.66.195 - - [07/Sep/2023:02:19:39 -0500] "GET /BLA/resoluciones/RESOLUCIONES%202017/2582.pdf HTTP/1.1" 200 324335
201.245.192.253 - - [07/Sep/2023:02:19:44 -0500] "POST /forms/lservlet;jsessionid=ac16012b30d62f4415040f2249ea9738ec9c1b9579b0.e3iSbxaKaheRe34Rch0Ra3mLchv0n6jAmljGr5XDqQLvpAe HTTP/1.1" 200 2
216.244.66.195 - - [07/Sep/2023:02:19:47 -0500] "GET /BLA/resoluciones/RESOLUCIONES%202017/2731.pdf HTTP/1.1" 200 307589
216.244.66.195 - - [07/Sep/2023:02:19:54 -0500] "GET /BLA/resoluciones/RESOLUCIONES%202017/2888.pdf HTTP/1.1" 200 283804
216.244.66.195 - - [07/Sep/2023:02:20:00 -0500] "GET /BLA/resoluciones/RESOLUCIONES%202017/2898.pdf HTTP/1.1" 200 1183191
216.244.66.195 - - [07/Sep/2023:02:20:17 -0500] "GET /BLA/resoluciones/RESOLUCIONES%202017/3025.pdf HTTP/1.1" 200 1277531
216.245.221.92 - - [07/Sep/2023:02:20:33 -0500] "HEAD / HTTP/1.1" 200 -
201.245.192.253 - - [07/Sep/2023:02:21:44 -0500] "POST /forms/lservlet;jsessionid=ac16012b30d62f4415040f2249ea9738ec9c1b9579b0.e3iSbxaKaheRe34Rch0Ra3mLchv0n6jAmljGr5XDqQLvpAe HTTP/1.1" 200 2
201.245.192.253 - - [07/Sep/2023:02:22:24 -0500] "POST /kwsrmcab/Wsrmcab  HTTP/1.1" 200 42865
52.167.144.163 - - [07/Sep/2023:02:23:16 -0500] "GET /BLA/resoluciones/AUTOS%202023/4109.pdf HTTP/1.1" 200 388499
172.22.2.4 - - [07/Sep/2023:02:21:37 -0500] "HEAD /BLA/boletinlegal/ HTTP/1.1" 200 -
201.245.192.253 - - [07/Sep/2023:02:23:44 -0500] "POST /forms/lservlet;jsessionid=ac16012b30d62f4415040f2249ea9738ec9c1b9579b0.e3iSbxaKaheRe34Rch0Ra3mLchv0n6jAmljGr5XDqQLvpAe HTTP/1.1" 200 2
172.22.2.4 - - [07/Sep/2023:02:22:28 -0500] "GET /BLA/boletinlegal/ HTTP/1.1" 200 60342
216.245.221.92 - - [07/Sep/2023:02:25:33 -0500] "HEAD / HTTP/1.1" 200 -
201.245.192.253 - - [07/Sep/2023:02:25:44 -0500] "POST /forms/lservlet;jsessionid=ac16012b30d62f4415040f2249ea9738ec9c1b9579b0.e3iSbxaKaheRe34Rch0Ra3mLchv0n6jAmljGr5XDqQLvpAe HTTP/1.1" 200 2
205.210.31.85 - - [07/Sep/2023:02:26:37 -0500] "GET / HTTP/1.0" 200 319
201.245.192.253 - - [07/Sep/2023:02:27:23 -0500] "POST /kwsrmcab/Wsrmcab  HTTP/1.1" 200 42865
213.244.248.49 - - [07/Sep/2023:02:27:42 -0500] "GET /galeria/galeria/fotos/Capellania4P.jpg HTTP/1.1" 200 37377
201.245.192.253 - - [07/Sep/2023:02:27:44 -0500] "POST /forms/lservlet;jsessionid=ac16012b30d62f4415040f2249ea9738ec9c1b9579b0.e3iSbxaKaheRe34Rch0Ra3mLchv0n6jAmljGr5XDqQLvpAe HTTP/1.1" 200 2
201.245.192.253 - - [07/Sep/2023:02:28:57 -0500] "POST /kwsrmcab/Wsrmcab HTTP/1.1" 200 41609
201.245.192.253 - - [07/Sep/2023:02:29:00 -0500] "POST /kwsrmcab/Wsrmcab HTTP/1.1" 200 40807
172.22.2.4 - - [07/Sep/2023:02:27:27 -0500] "HEAD /BLA/boletinlegal/ HTTP/1.1" 200 -
201.245.192.253 - - [07/Sep/2023:02:29:44 -0500] "POST /forms/lservlet;jsessionid=ac16012b30d62f4415040f2249ea9738ec9c1b9579b0.e3iSbxaKaheRe34Rch0Ra3mLchv0n6jAmljGr5XDqQLvpAe HTTP/1.1" 200 2
172.22.2.4 - - [07/Sep/2023:02:28:17 -0500] "GET /BLA/boletinlegal/ HTTP/1.1" 200 60692
216.245.221.92 - - [07/Sep/2023:02:30:33 -0500] "HEAD / HTTP/1.1" 200 -
201.245.192.253 - - [07/Sep/2023:02:31:44 -0500] "POST /forms/lservlet;jsessionid=ac16012b30d62f4415040f2249ea9738ec9c1b9579b0.e3iSbxaKaheRe34Rch0Ra3mLchv0n6jAmljGr5XDqQLvpAe HTTP/1.1" 200 2
201.245.192.253 - - [07/Sep/2023:02:32:22 -0500] "POST /kwsrmcab/Wsrmcab  HTTP/1.1" 200 42865
201.245.192.253 - - [07/Sep/2023:02:33:44 -0500] "POST /forms/lservlet;jsessionid=ac16012b30d62f4415040f2249ea9738ec9c1b9579b0.e3iSbxaKaheRe34Rch0Ra3mLchv0n6jAmljGr5XDqQLvpAe HTTP/1.1" 200 2
216.244.66.195 - - [07/Sep/2023:02:33:55 -0500] "GET /robots.txt HTTP/1.1" 404 1018
172.22.2.4 - - [07/Sep/2023:02:33:17 -0500] "HEAD /BLA/boletinlegal/ HTTP/1.1" 200 -
66.249.70.7 - - [07/Sep/2023:02:35:07 -0500] "GET /BLA/resoluciones/Notificaciones/AUTOS%202022/7852.pdf HTTP/1.1" 304 -
216.245.221.92 - - [07/Sep/2023:02:35:33 -0500] "HEAD / HTTP/1.1" 200 -
201.245.192.253 - - [07/Sep/2023:02:35:44 -0500] "POST /forms/lservlet;jsessionid=ac16012b30d62f4415040f2249ea9738ec9c1b9579b0.e3iSbxaKaheRe34Rch0Ra3mLchv0n6jAmljGr5XDqQLvpAe HTTP/1.1" 200 2
172.22.2.4 - - [07/Sep/2023:02:34:07 -0500] "GET /BLA/boletinlegal/ HTTP/1.1" 200 58597
52.167.144.177 - - [07/Sep/2023:02:36:16 -0500] "GET /BLA/resoluciones/AUTOS%202022/3529.pdf HTTP/1.1" 304 -
201.245.192.253 - - [07/Sep/2023:02:37:21 -0500] "POST /kwsrmcab/Wsrmcab  HTTP/1.1" 200 42865
201.245.192.253 - - [07/Sep/2023:02:37:44 -0500] "POST /forms/lservlet;jsessionid=ac16012b30d62f4415040f2249ea9738ec9c1b9579b0.e3iSbxaKaheRe34Rch0Ra3mLchv0n6jAmljGr5XDqQLvpAe HTTP/1.1" 200 2
52.167.144.19 - - [07/Sep/2023:02:38:26 -0500] "GET /portaldeninos/aulas-ambientales/aula-ambiental-sorotama/ HTTP/1.1" 200 89596
52.167.144.177 - - [07/Sep/2023:02:38:28 -0500] "GET /BLA/resoluciones/RESOLUCIONES%202022/4409.pdf HTTP/1.1" 200 464892
201.245.192.253 - - [07/Sep/2023:02:38:57 -0500] "POST /kwsrmcab/Wsrmcab HTTP/1.1" 200 41609
201.245.192.253 - - [07/Sep/2023:02:39:00 -0500] "POST /kwsrmcab/Wsrmcab HTTP/1.1" 200 40807
201.245.192.253 - - [07/Sep/2023:02:39:44 -0500] "POST /forms/lservlet;jsessionid=ac16012b30d62f4415040f2249ea9738ec9c1b9579b0.e3iSbxaKaheRe34Rch0Ra3mLchv0n6jAmljGr5XDqQLvpAe HTTP/1.1" 200 2
216.245.221.92 - - [07/Sep/2023:02:40:33 -0500] "HEAD / HTTP/1.1" 200 -
52.167.144.177 - - [07/Sep/2023:02:40:39 -0500] "GET /BLA/resoluciones/AUTOS%202023/4684.pdf HTTP/1.1" 200 422371
172.22.2.4 - - [07/Sep/2023:02:39:07 -0500] "HEAD /BLA/boletinlegal/ HTTP/1.1" 200 -
172.22.2.4 - - [07/Sep/2023:02:39:57 -0500] "GET /BLA/boletinlegal/ HTTP/1.1" 200 54150
201.245.192.253 - - [07/Sep/2023:02:41:44 -0500] "POST /forms/lservlet;jsessionid=ac16012b30d62f4415040f2249ea9738ec9c1b9579b0.e3iSbxaKaheRe34Rch0Ra3mLchv0n6jAmljGr5XDqQLvpAe HTTP/1.1" 200 2
52.167.144.225 - - [07/Sep/2023:02:42:18 -0500] "GET /distrito-lanza-la-patrulla-cazachimeneas-un-vehiculo-que-hara-seguimiento-a-fuentes-moviles-contaminantes.html HTTP/1.1" 200 1010
216.244.66.195 - - [07/Sep/2023:02:42:16 -0500] "GET /BLA/resoluciones/index.php?dir=AUTOS+2016%2F HTTP/1.1" 200 331459
201.245.192.253 - - [07/Sep/2023:02:42:21 -0500] "POST /kwsrmcab/Wsrmcab  HTTP/1.1" 200 42865
216.244.66.195 - - [07/Sep/2023:02:42:25 -0500] "GET /BLA/resoluciones/index.php?dir=RESOLUCIONES+1998%2F HTTP/1.1" 200 14920
201.245.192.253 - - [07/Sep/2023:02:43:44 -0500] "POST /forms/lservlet;jsessionid=ac16012b30d62f4415040f2249ea9738ec9c1b9579b0.e3iSbxaKaheRe34Rch0Ra3mLchv0n6jAmljGr5XDqQLvpAe HTTP/1.1" 200 2
172.22.2.4 - - [07/Sep/2023:02:43:58 -0500] "GET /BLA/boletinlegal/ HTTP/1.1" 200 32715
167.71.229.198 - - [07/Sep/2023:02:44:57 -0500] "GET /Temporary_Listen_Addresses HTTP/1.1" 404 1018
216.245.221.92 - - [07/Sep/2023:02:45:33 -0500] "HEAD / HTTP/1.1" 200 -
201.245.192.253 - - [07/Sep/2023:02:45:44 -0500] "POST /forms/lservlet;jsessionid=ac16012b30d62f4415040f2249ea9738ec9c1b9579b0.e3iSbxaKaheRe34Rch0Ra3mLchv0n6jAmljGr5XDqQLvpAe HTTP/1.1" 200 2
216.244.66.195 - - [07/Sep/2023:02:45:59 -0500] "GET /videos/Comadreja.flv HTTP/1.1" 200 2770670
172.22.2.4 - - [07/Sep/2023:02:44:57 -0500] "HEAD /BLA/boletinlegal/ HTTP/1.1" 200 -
216.244.66.195 - - [07/Sep/2023:02:46:38 -0500] "GET /BLA/resoluciones/AUTOS%202016/1982.pdf HTTP/1.1" 200 485261
66.249.70.7 - - [07/Sep/2023:02:46:44 -0500] "GET /arcgis/services/Calidad_del_Agua_WQI/MapServer/WMSServer? HTTP/1.1" 503 1020
201.245.192.253 - - [07/Sep/2023:02:47:20 -0500] "POST /kwsrmcab/Wsrmcab  HTTP/1.1" 200 42865
172.22.2.4 - - [07/Sep/2023:02:45:48 -0500] "GET /BLA/boletinlegal/ HTTP/1.1" 200 58187
201.245.192.253 - - [07/Sep/2023:02:47:44 -0500] "POST /forms/lservlet;jsessionid=ac16012b30d62f4415040f2249ea9738ec9c1b9579b0.e3iSbxaKaheRe34Rch0Ra3mLchv0n6jAmljGr5XDqQLvpAe HTTP/1.1" 200 2
216.244.66.195 - - [07/Sep/2023:02:47:45 -0500] "GET /BLA/resoluciones/RESOLUCIONES%202017/2076.pdf HTTP/1.1" 200 672351
216.244.66.195 - - [07/Sep/2023:02:48:29 -0500] "GET /BLA/resoluciones/AUTOS%202014/6469.pdf HTTP/1.1" 200 407538
216.244.66.195 - - [07/Sep/2023:02:48:45 -0500] "GET /BLA/resoluciones/RESOLUCIONES%202011/1962.pdf HTTP/1.1" 200 317734
216.244.66.195 - - [07/Sep/2023:02:49:00 -0500] "GET /BLA/resoluciones/AUTOS%202016/0387.pdf HTTP/1.1" 200 653779
216.244.66.195 - - [07/Sep/2023:02:49:13 -0500] "GET /BLA/resoluciones/AUTOS%202016/0558.pdf HTTP/1.1" 200 487185
216.244.66.195 - - [07/Sep/2023:02:49:24 -0500] "GET /BLA/resoluciones/AUTOS%202016/0561.pdf HTTP/1.1" 200 440675
216.244.66.195 - - [07/Sep/2023:02:49:33 -0500] "GET /BLA/resoluciones/AUTOS%202016/0811.pdf HTTP/1.1" 200 441642
216.244.66.195 - - [07/Sep/2023:02:49:42 -0500] "GET /BLA/resoluciones/AUTOS%202016/1024.pdf HTTP/1.1" 200 236357
201.245.192.253 - - [07/Sep/2023:02:49:44 -0500] "POST /forms/lservlet;jsessionid=ac16012b30d62f4415040f2249ea9738ec9c1b9579b0.e3iSbxaKaheRe34Rch0Ra3mLchv0n6jAmljGr5XDqQLvpAe HTTP/1.1" 200 2
216.244.66.195 - - [07/Sep/2023:02:49:49 -0500] "GET /BLA/resoluciones/AUTOS%202016/1285.pdf HTTP/1.1" 200 483279
216.244.66.195 - - [07/Sep/2023:02:50:29 -0500] "GET /BLA/resoluciones/AUTOS%202016/1491.pdf HTTP/1.1" 200 342255
216.245.221.92 - - [07/Sep/2023:02:50:33 -0500] "HEAD / HTTP/1.1" 200 -
181.53.13.125 - - [07/Sep/2023:02:50:41 -0500] "GET /sipse/faces/javax.faces.resource/theme.css?ln=primefaces-sipse HTTP/1.1" 304 -
181.53.13.125 - - [07/Sep/2023:02:50:41 -0500] "GET /sipse/faces/faces/autenticacion.xhtml HTTP/1.1" 200 12174
181.53.13.125 - - [07/Sep/2023:02:50:41 -0500] "GET /sipse/faces/javax.faces.resource/theme.css?ln=primefaces-sipse HTTP/1.1" 304 -
181.53.13.125 - - [07/Sep/2023:02:50:41 -0500] "GET /sipse/faces/javax.faces.resource/primefaces.css?ln=primefaces&v=4.0 HTTP/1.1" 304 -
181.53.13.125 - - [07/Sep/2023:02:50:41 -0500] "GET /sipse/faces/javax.faces.resource/layout/layout.css?ln=primefaces&v=4.0 HTTP/1.1" 304 -
181.53.13.125 - - [07/Sep/2023:02:50:41 -0500] "GET /sipse/faces/javax.faces.resource/jquery/jquery.js?ln=primefaces&v=4.0 HTTP/1.1" 304 -
181.53.13.125 - - [07/Sep/2023:02:50:41 -0500] "GET /sipse/faces/javax.faces.resource/jquery/jquery-plugins.js?ln=primefaces&v=4.0 HTTP/1.1" 304 -
181.53.13.125 - - [07/Sep/2023:02:50:41 -0500] "GET /sipse/faces/javax.faces.resource/layout/layout.js?ln=primefaces&v=4.0 HTTP/1.1" 304 -
181.53.13.125 - - [07/Sep/2023:02:50:41 -0500] "GET /sipse/faces/javax.faces.resource/primefaces.js?ln=primefaces&v=4.0 HTTP/1.1" 304 -
181.53.13.125 - - [07/Sep/2023:02:50:42 -0500] "GET /sipse/faces/javax.faces.resource/images/ui-icons_898989_256x240.png?ln=primefaces-aristo HTTP/1.1" 304 -
216.244.66.195 - - [07/Sep/2023:02:51:04 -0500] "GET /BLA/resoluciones/AUTOS%202016/1866.pdf HTTP/1.1" 200 474411
216.244.66.195 - - [07/Sep/2023:02:51:38 -0500] "GET /BLA/resoluciones/AUTOS%202016/2139.pdf HTTP/1.1" 200 513109
201.245.192.253 - - [07/Sep/2023:02:51:44 -0500] "POST /forms/lservlet;jsessionid=ac16012b30d62f4415040f2249ea9738ec9c1b9579b0.e3iSbxaKaheRe34Rch0Ra3mLchv0n6jAmljGr5XDqQLvpAe HTTP/1.1" 200 2
40.77.167.27 - - [07/Sep/2023:02:51:59 -0500] "GET /BLA/resoluciones/AUTOS%202023/3186.pdf HTTP/1.1" 200 2279161
172.22.2.4 - - [07/Sep/2023:02:50:29 -0500] "GET /BLA/boletinlegal/ HTTP/1.1" 200 46180
52.167.144.108 - - [07/Sep/2023:02:52:18 -0500] "GET /Publicaciones/2023EE204814.pdf HTTP/1.1" 200 321447
216.244.66.195 - - [07/Sep/2023:02:52:21 -0500] "GET /BLA/resoluciones/AUTOS%202016/2318.pdf HTTP/1.1" 200 462141
201.245.192.253 - - [07/Sep/2023:02:52:19 -0500] "POST /kwsrmcab/Wsrmcab  HTTP/1.1" 200 42865
172.22.2.4 - - [07/Sep/2023:02:50:47 -0500] "HEAD /BLA/boletinlegal/ HTTP/1.1" 200 -
52.167.144.108 - - [07/Sep/2023:02:52:47 -0500] "GET /BLA/resoluciones/AUTOS%202023/3057.pdf HTTP/1.1" 200 1409562
216.244.66.195 - - [07/Sep/2023:02:52:54 -0500] "GET /BLA/resoluciones/AUTOS%202016/2391.pdf HTTP/1.1" 200 458344
172.22.2.4 - - [07/Sep/2023:02:51:37 -0500] "GET /BLA/boletinlegal/ HTTP/1.1" 200 52656
216.244.66.195 - - [07/Sep/2023:02:53:34 -0500] "GET /BLA/resoluciones/AUTOS%202016/2606.pdf HTTP/1.1" 200 402681
201.245.192.253 - - [07/Sep/2023:02:53:44 -0500] "POST /forms/lservlet;jsessionid=ac16012b30d62f4415040f2249ea9738ec9c1b9579b0.e3iSbxaKaheRe34Rch0Ra3mLchv0n6jAmljGr5XDqQLvpAe HTTP/1.1" 200 2
216.244.66.195 - - [07/Sep/2023:02:54:13 -0500] "GET /BLA/resoluciones/AUTOS%202016/2627.pdf HTTP/1.1" 200 353590
216.244.66.195 - - [07/Sep/2023:02:54:49 -0500] "GET /BLA/resoluciones/AUTOS%202014/7136.pdf HTTP/1.1" 200 182094
66.249.70.6 - - [07/Sep/2023:02:55:13 -0500] "GET /silvicultura/6.pdf HTTP/1.1" 200 215404
216.244.66.195 - - [07/Sep/2023:02:55:21 -0500] "GET /BLA/resoluciones/AUTOS%202004/0969.pdf HTTP/1.1" 200 47291
216.245.221.92 - - [07/Sep/2023:02:55:33 -0500] "HEAD / HTTP/1.1" 200 -
201.245.192.253 - - [07/Sep/2023:02:55:44 -0500] "POST /forms/lservlet;jsessionid=ac16012b30d62f4415040f2249ea9738ec9c1b9579b0.e3iSbxaKaheRe34Rch0Ra3mLchv0n6jAmljGr5XDqQLvpAe HTTP/1.1" 200 2
216.244.66.195 - - [07/Sep/2023:02:55:49 -0500] "GET /BLA/resoluciones/AUTOS%202010/0382.pdf HTTP/1.1" 200 184193
172.22.2.4 - - [07/Sep/2023:02:55:56 -0500] "GET /BLA/boletinlegal/robots.txt HTTP/1.1" 404 1038
172.22.2.4 - - [07/Sep/2023:02:55:56 -0500] "GET /BLA/boletinlegal/Circulares/2022/CIRCULAR%20No.%2000007%20DEL%2025%20DE%20JULIO%20DEL%202022.pdf HTTP/1.1" 200 277953
216.244.66.195 - - [07/Sep/2023:02:56:16 -0500] "GET /BLA/resoluciones/AUTOS%202010/1274.pdf HTTP/1.1" 200 382862
216.244.66.195 - - [07/Sep/2023:02:56:44 -0500] "GET /BLA/resoluciones/AUTOS%202010/1281.pdf HTTP/1.1" 200 273605
216.244.66.195 - - [07/Sep/2023:02:57:10 -0500] "GET /BLA/resoluciones/AUTOS%202010/1308.pdf HTTP/1.1" 200 356080
201.245.192.253 - - [07/Sep/2023:02:57:18 -0500] "POST /kwsrmcab/Wsrmcab  HTTP/1.1" 200 42865
216.244.66.195 - - [07/Sep/2023:02:57:38 -0500] "GET /BLA/resoluciones/AUTOS%202010/1438.pdf HTTP/1.1" 200 166364
201.245.192.253 - - [07/Sep/2023:02:57:44 -0500] "POST /forms/lservlet;jsessionid=ac16012b30d62f4415040f2249ea9738ec9c1b9579b0.e3iSbxaKaheRe34Rch0Ra3mLchv0n6jAmljGr5XDqQLvpAe HTTP/1.1" 200 2
216.244.66.195 - - [07/Sep/2023:02:58:02 -0500] "GET /BLA/resoluciones/AUTOS%202010/1472.pdf HTTP/1.1" 200 262969
172.22.2.4 - - [07/Sep/2023:02:56:37 -0500] "HEAD /BLA/boletinlegal/ HTTP/1.1" 200 -
216.244.66.195 - - [07/Sep/2023:02:58:24 -0500] "GET /BLA/resoluciones/AUTOS%202010/2096.pdf HTTP/1.1" 200 153231
172.22.2.4 - - [07/Sep/2023:02:58:29 -0500] "GET /BLA/boletinlegal/favicon.ico HTTP/1.1" 404 1018
216.244.66.195 - - [07/Sep/2023:02:58:45 -0500] "GET /BLA/resoluciones/AUTOS%202010/2283.pdf HTTP/1.1" 200 159643
172.22.2.4 - - [07/Sep/2023:02:57:27 -0500] "GET /BLA/boletinlegal/ HTTP/1.1" 200 57790
216.244.66.195 - - [07/Sep/2023:02:59:08 -0500] "GET /BLA/resoluciones/AUTOS%202010/2360.pdf HTTP/1.1" 200 86140
216.244.66.195 - - [07/Sep/2023:02:59:27 -0500] "GET /BLA/resoluciones/AUTOS%202010/2892.pdf HTTP/1.1" 200 165770
172.22.2.4 - - [07/Sep/2023:02:59:34 -0500] "GET /BLA/boletinlegal/favicon.ico HTTP/1.1" 404 1018
201.245.192.253 - - [07/Sep/2023:02:59:44 -0500] "POST /forms/lservlet;jsessionid=ac16012b30d62f4415040f2249ea9738ec9c1b9579b0.e3iSbxaKaheRe34Rch0Ra3mLchv0n6jAmljGr5XDqQLvpAe HTTP/1.1" 200 2
216.244.66.195 - - [07/Sep/2023:02:59:46 -0500] "GET /BLA/resoluciones/AUTOS%202010/4382.pdf HTTP/1.1" 200 143411
216.244.66.195 - - [07/Sep/2023:03:00:03 -0500] "GET /BLA/resoluciones/AUTOS%202010/4609.pdf HTTP/1.1" 200 377801
216.244.66.195 - - [07/Sep/2023:03:00:19 -0500] "GET /BLA/resoluciones/AUTOS%202010/4644.pdf HTTP/1.1" 200 323477
216.245.221.92 - - [07/Sep/2023:03:00:33 -0500] "HEAD / HTTP/1.1" 200 -
172.22.2.4 - - [07/Sep/2023:03:00:37 -0500] "GET /BLA/boletinlegal/manage/account/login HTTP/1.1" 404 1018
216.244.66.195 - - [07/Sep/2023:03:00:37 -0500] "GET /BLA/resoluciones/AUTOS%202010/4834.pdf HTTP/1.1" 200 386547
216.244.66.195 - - [07/Sep/2023:03:00:52 -0500] "GET /BLA/resoluciones/AUTOS%202010/4882.pdf HTTP/1.1" 200 1667700
216.244.66.195 - - [07/Sep/2023:03:01:21 -0500] "GET /BLA/resoluciones/AUTOS%202010/4926.pdf HTTP/1.1" 200 134238
216.244.66.195 - - [07/Sep/2023:03:01:44 -0500] "GET /BLA/resoluciones/AUTOS%202010/5477.pdf HTTP/1.1" 200 253521
201.245.192.253 - - [07/Sep/2023:03:01:44 -0500] "POST /forms/lservlet;jsessionid=ac16012b30d62f4415040f2249ea9738ec9c1b9579b0.e3iSbxaKaheRe34Rch0Ra3mLchv0n6jAmljGr5XDqQLvpAe HTTP/1.1" 200 2
216.244.66.195 - - [07/Sep/2023:03:02:08 -0500] "GET /BLA/resoluciones/AUTOS%202010/5517.pdf HTTP/1.1" 200 235755
201.245.192.253 - - [07/Sep/2023:03:02:17 -0500] "POST /kwsrmcab/Wsrmcab  HTTP/1.1" 200 42865
216.244.66.195 - - [07/Sep/2023:03:02:29 -0500] "GET /BLA/resoluciones/AUTOS%202010/5719.pdf HTTP/1.1" 200 253349
172.22.2.4 - - [07/Sep/2023:03:02:40 -0500] "GET /BLA/boletinlegal/manage/account/login HTTP/1.1" 404 1018
216.244.66.195 - - [07/Sep/2023:03:02:53 -0500] "GET /BLA/resoluciones/AUTOS%202010/6111.pdf HTTP/1.1" 200 321239
216.244.66.195 - - [07/Sep/2023:03:03:12 -0500] "GET /BLA/resoluciones/AUTOS%202011/3930.pdf HTTP/1.1" 200 614007
216.244.66.195 - - [07/Sep/2023:03:03:31 -0500] "GET /BLA/resoluciones/RESOLUCIONES%202016/0436.pdf HTTP/1.1" 200 925210
201.245.192.253 - - [07/Sep/2023:03:03:44 -0500] "POST /forms/lservlet;jsessionid=ac16012b30d62f4415040f2249ea9738ec9c1b9579b0.e3iSbxaKaheRe34Rch0Ra3mLchv0n6jAmljGr5XDqQLvpAe HTTP/1.1" 200 2
216.244.66.195 - - [07/Sep/2023:03:04:02 -0500] "GET /BLA/resoluciones/RESOLUCIONES%202016/1120.pdf HTTP/1.1" 200 616660
172.22.2.4 - - [07/Sep/2023:03:02:27 -0500] "HEAD /BLA/boletinlegal/ HTTP/1.1" 200 -
216.244.66.195 - - [07/Sep/2023:03:04:29 -0500] "GET /BLA/resoluciones/RESOLUCIONES%202016/1471.pdf HTTP/1.1" 200 305533
216.244.66.195 - - [07/Sep/2023:03:04:54 -0500] "GET /BLA/resoluciones/RESOLUCIONES%202016/1884.pdf HTTP/1.1" 200 366814
172.22.2.4 - - [07/Sep/2023:03:04:56 -0500] "GET /BLA/boletinlegal/admin/index.html HTTP/1.1" 200 1692
172.22.2.4 - - [07/Sep/2023:03:03:17 -0500] "GET /BLA/boletinlegal/ HTTP/1.1" 200 58597
216.244.66.195 - - [07/Sep/2023:03:05:17 -0500] "GET /BLA/resoluciones/RESOLUCIONES%202016/1944.pdf HTTP/1.1" 200 716996
216.245.221.92 - - [07/Sep/2023:03:05:33 -0500] "HEAD / HTTP/1.1" 200 -
216.244.66.195 - - [07/Sep/2023:03:05:40 -0500] "GET /BLA/resoluciones/RESOLUCIONES%202016/2006.pdf HTTP/1.1" 200 456572
201.245.192.253 - - [07/Sep/2023:03:05:44 -0500] "POST /forms/lservlet;jsessionid=ac16012b30d62f4415040f2249ea9738ec9c1b9579b0.e3iSbxaKaheRe34Rch0Ra3mLchv0n6jAmljGr5XDqQLvpAe HTTP/1.1" 200 2
216.244.66.195 - - [07/Sep/2023:03:06:02 -0500] "GET /BLA/resoluciones/RESOLUCIONES%202016/2516.pdf HTTP/1.1" 200 452272
216.244.66.195 - - [07/Sep/2023:03:06:23 -0500] "GET /BLA/resoluciones/RESOLUCIONES%202017/0232.pdf HTTP/1.1" 200 762692
216.244.66.195 - - [07/Sep/2023:03:06:43 -0500] "GET /BLA/resoluciones/RESOLUCIONES%202017/0314.pdf HTTP/1.1" 200 412367
216.244.66.195 - - [07/Sep/2023:03:07:01 -0500] "GET /BLA/resoluciones/RESOLUCIONES%202017/0423.pdf HTTP/1.1" 200 2177152
201.245.192.253 - - [07/Sep/2023:03:07:16 -0500] "POST /kwsrmcab/Wsrmcab  HTTP/1.1" 200 42865
172.22.2.4 - - [07/Sep/2023:03:07:29 -0500] "GET /BLA/boletinlegal/admin/index.html HTTP/1.1" 200 1692
216.244.66.195 - - [07/Sep/2023:03:07:34 -0500] "GET /BLA/resoluciones/RESOLUCIONES%202017/0751.pdf HTTP/1.1" 200 252654
201.245.192.253 - - [07/Sep/2023:03:07:44 -0500] "POST /forms/lservlet;jsessionid=ac16012b30d62f4415040f2249ea9738ec9c1b9579b0.e3iSbxaKaheRe34Rch0Ra3mLchv0n6jAmljGr5XDqQLvpAe HTTP/1.1" 200 2
216.244.66.195 - - [07/Sep/2023:03:08:04 -0500] "GET /BLA/resoluciones/RESOLUCIONES%202017/0954.pdf HTTP/1.1" 200 713241
216.244.66.195 - - [07/Sep/2023:03:08:34 -0500] "GET /BLA/resoluciones/RESOLUCIONES%202017/1765.pdf HTTP/1.1" 200 432966
52.167.144.186 - - [07/Sep/2023:03:08:51 -0500] "GET /BLA/resoluciones/AUTOS%202023/4079.pdf HTTP/1.1" 200 678004
216.244.66.195 - - [07/Sep/2023:03:09:02 -0500] "GET /BLA/resoluciones/RESOLUCIONES%202017/1928.pdf HTTP/1.1" 200 3117054
216.244.66.195 - - [07/Sep/2023:03:09:37 -0500] "GET /BLA/resoluciones/RESOLUCIONES%202017/2254.pdf HTTP/1.1" 200 295082
201.245.192.253 - - [07/Sep/2023:03:09:44 -0500] "POST /forms/lservlet;jsessionid=ac16012b30d62f4415040f2249ea9738ec9c1b9579b0.e3iSbxaKaheRe34Rch0Ra3mLchv0n6jAmljGr5XDqQLvpAe HTTP/1.1" 200 2
172.22.2.4 - - [07/Sep/2023:03:09:50 -0500] "GET /BLA/boletinlegal/index.html HTTP/1.1" 404 1018
172.22.2.4 - - [07/Sep/2023:03:08:17 -0500] "HEAD /BLA/boletinlegal/ HTTP/1.1" 200 -
216.244.66.195 - - [07/Sep/2023:03:10:08 -0500] "GET /BLA/resoluciones/RESOLUCIONES%202017/2259.pdf HTTP/1.1" 200 304046
5.196.102.66 - - [07/Sep/2023:03:10:26 -0500] "GET /portaldeninos/wp-content/uploads/2018/10/favicon-ambientic.jpg HTTP/1.1" 200 14837
216.245.221.92 - - [07/Sep/2023:03:10:33 -0500] "HEAD / HTTP/1.1" 200 -
216.244.66.195 - - [07/Sep/2023:03:10:37 -0500] "GET /BLA/resoluciones/RESOLUCIONES%202017/2644.pdf HTTP/1.1" 200 399870
172.22.2.4 - - [07/Sep/2023:03:09:07 -0500] "GET /BLA/boletinlegal/ HTTP/1.1" 200 60692
216.244.66.195 - - [07/Sep/2023:03:11:06 -0500] "GET /BLA/resoluciones/RESOLUCIONES%202017/2844.pdf HTTP/1.1" 200 278973
216.244.66.195 - - [07/Sep/2023:03:11:33 -0500] "GET /BLA/resoluciones/RESOLUCIONES%202017/2890.pdf HTTP/1.1" 200 289196
201.245.192.253 - - [07/Sep/2023:03:11:44 -0500] "POST /forms/lservlet;jsessionid=ac16012b30d62f4415040f2249ea9738ec9c1b9579b0.e3iSbxaKaheRe34Rch0Ra3mLchv0n6jAmljGr5XDqQLvpAe HTTP/1.1" 200 2
216.244.66.195 - - [07/Sep/2023:03:12:00 -0500] "GET /BLA/resoluciones/RESOLUCIONES%202017/2925.pdf HTTP/1.1" 200 388752
201.245.192.253 - - [07/Sep/2023:03:12:15 -0500] "POST /kwsrmcab/Wsrmcab  HTTP/1.1" 200 42865
216.244.66.195 - - [07/Sep/2023:03:12:26 -0500] "GET /BLA/resoluciones/RESOLUCIONES%202017/2940.pdf HTTP/1.1" 200 288759
172.22.2.4 - - [07/Sep/2023:03:12:31 -0500] "GET /BLA/boletinlegal/index.html HTTP/1.1" 404 1018
52.167.144.108 - - [07/Sep/2023:03:12:39 -0500] "GET /BLA/resoluciones/AUTOS%202023/4134.pdf HTTP/1.1" 200 416396
216.244.66.195 - - [07/Sep/2023:03:12:50 -0500] "GET /BLA/resoluciones/RESOLUCIONES%202017/3335.pdf HTTP/1.1" 200 345798
216.244.66.195 - - [07/Sep/2023:03:13:14 -0500] "GET /BLA/resoluciones/RESOLUCIONES%202017/3530.pdf HTTP/1.1" 200 286468
216.244.66.195 - - [07/Sep/2023:03:13:36 -0500] "GET /BLA/resoluciones/RESOLUCIONES%202017/3572.pdf HTTP/1.1" 200 329923
201.245.192.253 - - [07/Sep/2023:03:13:44 -0500] "POST /forms/lservlet;jsessionid=ac16012b30d62f4415040f2249ea9738ec9c1b9579b0.e3iSbxaKaheRe34Rch0Ra3mLchv0n6jAmljGr5XDqQLvpAe HTTP/1.1" 200 2
216.244.66.195 - - [07/Sep/2023:03:13:57 -0500] "GET /BLA/resoluciones/RESOLUCIONES%202017/3664.pdf HTTP/1.1" 200 252904
216.244.66.195 - - [07/Sep/2023:03:14:17 -0500] "GET /BLA/resoluciones/RESOLUCIONES%202019/0194.pdf HTTP/1.1" 200 398521
172.22.2.4 - - [07/Sep/2023:03:14:32 -0500] "GET /BLA/boletinlegal/+CSCOE+/logon.html HTTP/1.1" 404 1018
216.244.66.195 - - [07/Sep/2023:03:14:37 -0500] "GET /galeria/galeria/fotos/juan-amarillo3G.jpg HTTP/1.1" 200 328975
216.244.66.195 - - [07/Sep/2023:03:14:55 -0500] "GET /BLA/resoluciones/RESOLUCIONES%201997/RESOLUCION%20398%20DE%201997.pdf HTTP/1.1" 200 160220
216.244.66.195 - - [07/Sep/2023:03:15:12 -0500] "GET /BLA/resoluciones/RESOLUCIONES%202001/RESOLUCION%20391%20DE%202001.pdf HTTP/1.1" 200 2588162
213.244.248.48 - - [07/Sep/2023:03:15:17 -0500] "GET /galeria/galeria/fotos/1humedal-Burro1P.jpg HTTP/1.1" 200 7921
216.245.221.92 - - [07/Sep/2023:03:15:33 -0500] "HEAD / HTTP/1.1" 200 -
201.245.192.253 - - [07/Sep/2023:03:15:44 -0500] "POST /forms/lservlet;jsessionid=ac16012b30d62f4415040f2249ea9738ec9c1b9579b0.e3iSbxaKaheRe34Rch0Ra3mLchv0n6jAmljGr5XDqQLvpAe HTTP/1.1" 200 2
172.22.2.4 - - [07/Sep/2023:03:14:07 -0500] "HEAD /BLA/boletinlegal/ HTTP/1.1" 200 -
216.244.66.195 - - [07/Sep/2023:03:15:54 -0500] "GET /BLA/resoluciones/AUTOS%202007/0182.pdf HTTP/1.1" 200 59100
216.244.66.195 - - [07/Sep/2023:03:16:23 -0500] "GET /BLA/resoluciones/AUTOS%202007/0231.pdf HTTP/1.1" 200 19142
172.22.2.4 - - [07/Sep/2023:03:14:57 -0500] "GET /BLA/boletinlegal/ HTTP/1.1" 200 54597
52.167.144.44 - - [07/Sep/2023:03:16:39 -0500] "GET /BLA/resoluciones/AUTOS%202023/1869.pdf HTTP/1.1" 200 419887
172.22.2.4 - - [07/Sep/2023:03:16:41 -0500] "GET /BLA/boletinlegal/+CSCOE+/logon.html HTTP/1.1" 404 1018
216.244.66.195 - - [07/Sep/2023:03:16:52 -0500] "GET /BLA/resoluciones/AUTOS%202007/0239.pdf HTTP/1.1" 200 29233
201.245.192.253 - - [07/Sep/2023:03:17:13 -0500] "POST /kwsrmcab/Wsrmcab  HTTP/1.1" 200 42865
201.245.192.253 - - [07/Sep/2023:03:17:44 -0500] "POST /forms/lservlet;jsessionid=ac16012b30d62f4415040f2249ea9738ec9c1b9579b0.e3iSbxaKaheRe34Rch0Ra3mLchv0n6jAmljGr5XDqQLvpAe HTTP/1.1" 200 2
172.22.2.4 - - [07/Sep/2023:03:18:35 -0500] "GET /BLA/boletinlegal/cgi-bin/login.cgi HTTP/1.1" 404 1018
201.245.192.253 - - [07/Sep/2023:03:18:56 -0500] "POST /kwsrmcab/Wsrmcab HTTP/1.1" 200 41602
213.244.248.48 - - [07/Sep/2023:03:19:01 -0500] "GET /galeria/galeria/fotos/Jaboque4P.jpg HTTP/1.1" 200 27446
201.245.192.253 - - [07/Sep/2023:03:19:00 -0500] "POST /kwsrmcab/Wsrmcab HTTP/1.1" 200 40674
201.245.192.253 - - [07/Sep/2023:03:19:44 -0500] "POST /forms/lservlet;jsessionid=ac16012b30d62f4415040f2249ea9738ec9c1b9579b0.e3iSbxaKaheRe34Rch0Ra3mLchv0n6jAmljGr5XDqQLvpAe HTTP/1.1" 200 2
216.245.221.92 - - [07/Sep/2023:03:20:33 -0500] "HEAD / HTTP/1.1" 200 -
172.22.2.4 - - [07/Sep/2023:03:20:36 -0500] "GET /BLA/boletinlegal/cgi-bin/login.cgi HTTP/1.1" 404 1018
172.22.2.4 - - [07/Sep/2023:03:19:57 -0500] "HEAD /BLA/boletinlegal/ HTTP/1.1" 200 -
201.245.192.253 - - [07/Sep/2023:03:21:44 -0500] "POST /forms/lservlet;jsessionid=ac16012b30d62f4415040f2249ea9738ec9c1b9579b0.e3iSbxaKaheRe34Rch0Ra3mLchv0n6jAmljGr5XDqQLvpAe HTTP/1.1" 200 2
201.245.192.253 - - [07/Sep/2023:03:22:12 -0500] "POST /kwsrmcab/Wsrmcab  HTTP/1.1" 200 42865
172.22.2.4 - - [07/Sep/2023:03:20:47 -0500] "GET /BLA/boletinlegal/ HTTP/1.1" 200 58187
201.245.192.253 - - [07/Sep/2023:03:23:44 -0500] "POST /forms/lservlet;jsessionid=ac16012b30d62f4415040f2249ea9738ec9c1b9579b0.e3iSbxaKaheRe34Rch0Ra3mLchv0n6jAmljGr5XDqQLvpAe HTTP/1.1" 200 2
172.22.2.4 - - [07/Sep/2023:03:22:30 -0500] "GET /BLA/boletinlegal/ HTTP/1.1" 200 62795
216.245.221.92 - - [07/Sep/2023:03:25:33 -0500] "HEAD / HTTP/1.1" 200 -
201.245.192.253 - - [07/Sep/2023:03:25:44 -0500] "POST /forms/lservlet;jsessionid=ac16012b30d62f4415040f2249ea9738ec9c1b9579b0.e3iSbxaKaheRe34Rch0Ra3mLchv0n6jAmljGr5XDqQLvpAe HTTP/1.1" 200 2
66.249.70.7 - - [07/Sep/2023:03:26:32 -0500] "GET /Publicaciones/2023EE201246.pdf HTTP/1.1" 304 -
172.22.2.4 - - [07/Sep/2023:03:25:21 -0500] "GET /BLA/boletinlegal/ HTTP/1.1" 200 56607
201.245.192.253 - - [07/Sep/2023:03:27:11 -0500] "POST /kwsrmcab/Wsrmcab  HTTP/1.1" 200 42865
172.22.2.4 - - [07/Sep/2023:03:25:47 -0500] "HEAD /BLA/boletinlegal/ HTTP/1.1" 200 -
201.245.192.253 - - [07/Sep/2023:03:27:44 -0500] "POST /forms/lservlet;jsessionid=ac16012b30d62f4415040f2249ea9738ec9c1b9579b0.e3iSbxaKaheRe34Rch0Ra3mLchv0n6jAmljGr5XDqQLvpAe HTTP/1.1" 200 2
172.22.2.4 - - [07/Sep/2023:03:26:37 -0500] "GET /BLA/boletinlegal/ HTTP/1.1" 200 53362
201.245.192.253 - - [07/Sep/2023:03:28:56 -0500] "POST /kwsrmcab/Wsrmcab HTTP/1.1" 200 41602
201.245.192.253 - - [07/Sep/2023:03:29:00 -0500] "POST /kwsrmcab/Wsrmcab HTTP/1.1" 200 40674
201.245.192.253 - - [07/Sep/2023:03:29:44 -0500] "POST /forms/lservlet;jsessionid=ac16012b30d62f4415040f2249ea9738ec9c1b9579b0.e3iSbxaKaheRe34Rch0Ra3mLchv0n6jAmljGr5XDqQLvpAe HTTP/1.1" 200 2
216.245.221.92 - - [07/Sep/2023:03:30:33 -0500] "HEAD / HTTP/1.1" 200 -
201.245.192.253 - - [07/Sep/2023:03:31:44 -0500] "POST /forms/lservlet;jsessionid=ac16012b30d62f4415040f2249ea9738ec9c1b9579b0.e3iSbxaKaheRe34Rch0Ra3mLchv0n6jAmljGr5XDqQLvpAe HTTP/1.1" 200 2
216.244.66.195 - - [07/Sep/2023:03:32:06 -0500] "GET /robots.txt HTTP/1.1" 404 1018
201.245.192.253 - - [07/Sep/2023:03:32:10 -0500] "POST /kwsrmcab/Wsrmcab  HTTP/1.1" 200 42865
172.22.2.4 - - [07/Sep/2023:03:31:07 -0500] "GET /BLA/boletinlegal/ HTTP/1.1" 200 53195
52.167.144.108 - - [07/Sep/2023:03:33:01 -0500] "GET /appsia/controlador HTTP/1.1" 200 4799
52.167.144.211 - - [07/Sep/2023:03:33:05 -0500] "GET /BLA/resoluciones/AUTOS%202023/4011.pdf HTTP/1.1" 200 419945
172.22.2.4 - - [07/Sep/2023:03:31:37 -0500] "HEAD /BLA/boletinlegal/ HTTP/1.1" 200 -
201.245.192.253 - - [07/Sep/2023:03:33:44 -0500] "POST /forms/lservlet;jsessionid=ac16012b30d62f4415040f2249ea9738ec9c1b9579b0.e3iSbxaKaheRe34Rch0Ra3mLchv0n6jAmljGr5XDqQLvpAe HTTP/1.1" 200 2
172.22.2.4 - - [07/Sep/2023:03:32:27 -0500] "GET /BLA/boletinlegal/ HTTP/1.1" 200 56970
216.245.221.92 - - [07/Sep/2023:03:35:33 -0500] "HEAD / HTTP/1.1" 200 -
201.245.192.253 - - [07/Sep/2023:03:35:44 -0500] "POST /forms/lservlet;jsessionid=ac16012b30d62f4415040f2249ea9738ec9c1b9579b0.e3iSbxaKaheRe34Rch0Ra3mLchv0n6jAmljGr5XDqQLvpAe HTTP/1.1" 200 2
201.245.192.253 - - [07/Sep/2023:03:37:08 -0500] "POST /kwsrmcab/Wsrmcab  HTTP/1.1" 200 42865
52.167.144.211 - - [07/Sep/2023:03:37:22 -0500] "GET /BLA/resoluciones/AUTOS%202023/1738.pdf HTTP/1.1" 200 399088
201.245.192.253 - - [07/Sep/2023:03:37:44 -0500] "POST /forms/lservlet;jsessionid=ac16012b30d62f4415040f2249ea9738ec9c1b9579b0.e3iSbxaKaheRe34Rch0Ra3mLchv0n6jAmljGr5XDqQLvpAe HTTP/1.1" 200 2
172.22.2.4 - - [07/Sep/2023:03:37:55 -0500] "GET /BLA/boletinlegal/Temporary_Listen_Addresses HTTP/1.1" 404 1018
201.245.192.253 - - [07/Sep/2023:03:38:57 -0500] "POST /kwsrmcab/Wsrmcab HTTP/1.1" 200 41602
201.245.192.253 - - [07/Sep/2023:03:39:00 -0500] "POST /kwsrmcab/Wsrmcab HTTP/1.1" 200 40674
172.22.2.4 - - [07/Sep/2023:03:37:27 -0500] "HEAD /BLA/boletinlegal/ HTTP/1.1" 200 -
201.245.192.253 - - [07/Sep/2023:03:39:44 -0500] "POST /forms/lservlet;jsessionid=ac16012b30d62f4415040f2249ea9738ec9c1b9579b0.e3iSbxaKaheRe34Rch0Ra3mLchv0n6jAmljGr5XDqQLvpAe HTTP/1.1" 200 2
172.22.2.4 - - [07/Sep/2023:03:38:17 -0500] "GET /BLA/boletinlegal/ HTTP/1.1" 200 60692
172.22.2.4 - - [07/Sep/2023:03:40:03 -0500] "GET /BLA/boletinlegal/jurisprudencia.php HTTP/1.1" 200 17583
172.22.2.4 - - [07/Sep/2023:03:40:06 -0500] "GET /BLA/boletinlegal/js/popup.js HTTP/1.1" 200 1270
216.245.221.92 - - [07/Sep/2023:03:40:33 -0500] "HEAD / HTTP/1.1" 200 -
201.245.192.253 - - [07/Sep/2023:03:41:44 -0500] "POST /forms/lservlet;jsessionid=ac16012b30d62f4415040f2249ea9738ec9c1b9579b0.e3iSbxaKaheRe34Rch0Ra3mLchv0n6jAmljGr5XDqQLvpAe HTTP/1.1" 200 2
216.244.66.195 - - [07/Sep/2023:03:41:48 -0500] "GET /BLA/resoluciones/index.php?dir=RESOLUCIONES+2002%2FRES+2002+951-1000%2F HTTP/1.1" 200 12521
216.244.66.195 - - [07/Sep/2023:03:41:53 -0500] "GET /transparencia/directorioservidores/2017/junio.xlsx HTTP/1.1" 200 88217
40.77.167.143 - - [07/Sep/2023:03:42:05 -0500] "GET /Publicaciones/2023EE205024.pdf HTTP/1.1" 200 232039
201.245.192.253 - - [07/Sep/2023:03:42:07 -0500] "POST /kwsrmcab/Wsrmcab  HTTP/1.1" 200 42865
216.244.66.195 - - [07/Sep/2023:03:42:58 -0500] "GET /BLA/resoluciones/index.php?dir=RESOLUCIONES+2002%2FRES+2002+251-300%2F HTTP/1.1" 200 12034
216.244.66.195 - - [07/Sep/2023:03:43:42 -0500] "GET /galeria/galeria/fotos/diaSC13.jpg HTTP/1.1" 200 145086
40.77.167.143 - - [07/Sep/2023:03:43:44 -0500] "GET /BLA/resoluciones/AUTOS%202023/4108.pdf HTTP/1.1" 200 387325
201.245.192.253 - - [07/Sep/2023:03:43:44 -0500] "POST /forms/lservlet;jsessionid=ac16012b30d62f4415040f2249ea9738ec9c1b9579b0.e3iSbxaKaheRe34Rch0Ra3mLchv0n6jAmljGr5XDqQLvpAe HTTP/1.1" 200 2
52.167.144.108 - - [07/Sep/2023:03:44:03 -0500] "GET /Publicaciones/2023EE203408.pdf HTTP/1.1" 200 97527
181.41.206.226 - - [07/Sep/2023:03:44:05 -0500] "HEAD / HTTP/1.1" 200 -
216.244.66.195 - - [07/Sep/2023:03:44:36 -0500] "GET /BLA/boletinlegal/conceptos.php HTTP/1.1" 200 7496
216.244.66.195 - - [07/Sep/2023:03:44:38 -0500] "GET /BLA/resoluciones/AUTOS%202016/0048.pdf HTTP/1.1" 200 822626
52.167.144.108 - - [07/Sep/2023:03:44:42 -0500] "GET /BLA/resoluciones/AUTOS%202023/4092.pdf HTTP/1.1" 200 4103357
172.22.2.4 - - [07/Sep/2023:03:43:17 -0500] "HEAD /BLA/boletinlegal/ HTTP/1.1" 200 -
216.245.221.92 - - [07/Sep/2023:03:45:33 -0500] "HEAD / HTTP/1.1" 200 -
216.244.66.195 - - [07/Sep/2023:03:45:39 -0500] "GET /BLA/resoluciones/RESOLUCIONES%202017/2472.pdf HTTP/1.1" 200 301351
201.245.192.253 - - [07/Sep/2023:03:45:44 -0500] "POST /forms/lservlet;jsessionid=ac16012b30d62f4415040f2249ea9738ec9c1b9579b0.e3iSbxaKaheRe34Rch0Ra3mLchv0n6jAmljGr5XDqQLvpAe HTTP/1.1" 200 2
172.22.2.4 - - [07/Sep/2023:03:44:07 -0500] "GET /BLA/boletinlegal/ HTTP/1.1" 200 60692
216.244.66.195 - - [07/Sep/2023:03:46:12 -0500] "GET /galeria/galeria/fotos/reciclatonG.jpg HTTP/1.1" 200 161021
216.244.66.195 - - [07/Sep/2023:03:46:41 -0500] "GET /BLA/resoluciones/index.php?dir=RESOLUCIONES%202004/RES%202004%20651-700/&sort=date&order=asc HTTP/1.1" 200 12049
216.244.66.195 - - [07/Sep/2023:03:47:08 -0500] "GET /BLA/resoluciones/index.php?dir=RESOLUCIONES%202006/RES%202006%20251-300/&sort=date&order=asc HTTP/1.1" 200 12236
201.245.192.253 - - [07/Sep/2023:03:47:07 -0500] "POST /kwsrmcab/Wsrmcab  HTTP/1.1" 200 42865
216.244.66.195 - - [07/Sep/2023:03:47:35 -0500] "GET /BLA/resoluciones/AUTOS%202016/0031.pdf HTTP/1.1" 200 636126
172.22.2.4 - - [07/Sep/2023:03:45:56 -0500] "GET /BLA/boletinlegal/index.php HTTP/1.1" 200 62795
201.245.192.253 - - [07/Sep/2023:03:47:44 -0500] "POST /forms/lservlet;jsessionid=ac16012b30d62f4415040f2249ea9738ec9c1b9579b0.e3iSbxaKaheRe34Rch0Ra3mLchv0n6jAmljGr5XDqQLvpAe HTTP/1.1" 200 2
216.244.66.195 - - [07/Sep/2023:03:48:09 -0500] "GET /BLA/resoluciones/AUTOS%202016/0045.pdf HTTP/1.1" 200 984544
216.244.66.195 - - [07/Sep/2023:03:48:51 -0500] "GET /BLA/resoluciones/AUTOS%202016/0206.pdf HTTP/1.1" 200 482905
216.244.66.195 - - [07/Sep/2023:03:49:22 -0500] "GET /BLA/resoluciones/AUTOS%202016/0996.pdf HTTP/1.1" 200 203827
66.249.70.7 - - [07/Sep/2023:03:49:28 -0500] "GET /robots.txt HTTP/1.1" 404 1018
66.249.70.7 - - [07/Sep/2023:03:49:29 -0500] "GET /BLA/resoluciones/Notificaciones/RESOLUCIONES%202022/5244.pdf HTTP/1.1" 304 -
201.245.192.253 - - [07/Sep/2023:03:49:44 -0500] "POST /forms/lservlet;jsessionid=ac16012b30d62f4415040f2249ea9738ec9c1b9579b0.e3iSbxaKaheRe34Rch0Ra3mLchv0n6jAmljGr5XDqQLvpAe HTTP/1.1" 200 2
216.244.66.195 - - [07/Sep/2023:03:49:52 -0500] "GET /BLA/resoluciones/AUTOS%202016/1344.pdf HTTP/1.1" 200 401460
66.249.70.6 - - [07/Sep/2023:03:49:53 -0500] "GET /BLA/resoluciones/AUTOS%202011/5059.pdf HTTP/1.1" 200 170774
216.244.66.195 - - [07/Sep/2023:03:50:22 -0500] "GET /BLA/resoluciones/AUTOS%202016/1532.pdf HTTP/1.1" 200 1615050
216.245.221.92 - - [07/Sep/2023:03:50:33 -0500] "HEAD / HTTP/1.1" 200 -
172.22.2.4 - - [07/Sep/2023:03:49:07 -0500] "HEAD /BLA/boletinlegal/ HTTP/1.1" 200 -
216.244.66.195 - - [07/Sep/2023:03:51:12 -0500] "GET /BLA/resoluciones/AUTOS%202016/2017.pdf HTTP/1.1" 200 366217
172.22.2.4 - - [07/Sep/2023:03:49:57 -0500] "GET /BLA/boletinlegal/ HTTP/1.1" 200 58597
201.245.192.253 - - [07/Sep/2023:03:51:44 -0500] "POST /forms/lservlet;jsessionid=ac16012b30d62f4415040f2249ea9738ec9c1b9579b0.e3iSbxaKaheRe34Rch0Ra3mLchv0n6jAmljGr5XDqQLvpAe HTTP/1.1" 200 2
216.244.66.195 - - [07/Sep/2023:03:51:47 -0500] "GET /BLA/resoluciones/AUTOS%202016/2108.pdf HTTP/1.1" 200 465503
201.245.192.253 - - [07/Sep/2023:03:52:05 -0500] "POST /kwsrmcab/Wsrmcab  HTTP/1.1" 200 42865
216.244.66.195 - - [07/Sep/2023:03:52:17 -0500] "GET /BLA/resoluciones/AUTOS%202016/2328.pdf HTTP/1.1" 200 7399406
216.244.66.195 - - [07/Sep/2023:03:53:09 -0500] "GET /BLA/resoluciones/AUTOS%202016/2334.pdf HTTP/1.1" 200 304202
216.244.66.195 - - [07/Sep/2023:03:53:42 -0500] "GET /BLA/resoluciones/AUTOS%202016/2529.pdf HTTP/1.1" 200 541569
201.245.192.253 - - [07/Sep/2023:03:53:44 -0500] "POST /forms/lservlet;jsessionid=ac16012b30d62f4415040f2249ea9738ec9c1b9579b0.e3iSbxaKaheRe34Rch0Ra3mLchv0n6jAmljGr5XDqQLvpAe HTTP/1.1" 200 2
216.244.66.195 - - [07/Sep/2023:03:54:14 -0500] "GET /BLA/resoluciones/AUTOS%202016/2599.pdf HTTP/1.1" 200 385284
216.244.66.195 - - [07/Sep/2023:03:54:46 -0500] "GET /BLA/resoluciones/AUTOS%202016/2743.pdf HTTP/1.1" 200 564222
216.244.66.195 - - [07/Sep/2023:03:55:14 -0500] "GET /BLA/resoluciones/AUTOS%202016/2772.pdf HTTP/1.1" 200 529174
216.245.221.92 - - [07/Sep/2023:03:55:33 -0500] "HEAD / HTTP/1.1" 200 -
201.245.192.253 - - [07/Sep/2023:03:55:44 -0500] "POST /forms/lservlet;jsessionid=ac16012b30d62f4415040f2249ea9738ec9c1b9579b0.e3iSbxaKaheRe34Rch0Ra3mLchv0n6jAmljGr5XDqQLvpAe HTTP/1.1" 200 2
216.244.66.195 - - [07/Sep/2023:03:55:45 -0500] "GET /BLA/resoluciones/AUTOS%202016/3108.pdf HTTP/1.1" 200 317767
172.22.2.4 - - [07/Sep/2023:03:54:23 -0500] "GET /BLA/boletinlegal/ HTTP/1.1" 200 55844
216.244.66.195 - - [07/Sep/2023:03:56:11 -0500] "GET /BLA/resoluciones/AUTOS%202016/3116.pdf HTTP/1.1" 200 433569
216.244.66.195 - - [07/Sep/2023:03:56:36 -0500] "GET /BLA/resoluciones/RESOLUCIONES%202018/1456.pdf HTTP/1.1" 200 803986
172.22.2.4 - - [07/Sep/2023:03:54:57 -0500] "HEAD /BLA/boletinlegal/ HTTP/1.1" 200 -
216.244.66.195 - - [07/Sep/2023:03:57:06 -0500] "GET /BLA/resoluciones/AUTOS%202007/1966.pdf HTTP/1.1" 200 49026
201.245.192.253 - - [07/Sep/2023:03:57:04 -0500] "POST /kwsrmcab/Wsrmcab  HTTP/1.1" 200 42865
172.22.2.4 - - [07/Sep/2023:03:55:47 -0500] "GET /BLA/boletinlegal/ HTTP/1.1" 200 42297
216.244.66.195 - - [07/Sep/2023:03:57:29 -0500] "GET /BLA/resoluciones/AUTOS%202010/0808.pdf HTTP/1.1" 200 176537
172.22.2.4 - - [07/Sep/2023:03:55:59 -0500] "GET /BLA/boletinlegal/ HTTP/1.1" 200 43904
201.245.192.253 - - [07/Sep/2023:03:57:44 -0500] "POST /forms/lservlet;jsessionid=ac16012b30d62f4415040f2249ea9738ec9c1b9579b0.e3iSbxaKaheRe34Rch0Ra3mLchv0n6jAmljGr5XDqQLvpAe HTTP/1.1" 200 2
216.244.66.195 - - [07/Sep/2023:03:57:53 -0500] "GET /BLA/resoluciones/AUTOS%202010/2310.pdf HTTP/1.1" 200 1535060
216.244.66.195 - - [07/Sep/2023:03:58:26 -0500] "GET /BLA/resoluciones/AUTOS%202010/3426.pdf HTTP/1.1" 200 428429
216.244.66.195 - - [07/Sep/2023:03:58:52 -0500] "GET /BLA/resoluciones/AUTOS%202010/3767.pdf HTTP/1.1" 200 239557
216.244.66.195 - - [07/Sep/2023:03:59:17 -0500] "GET /BLA/resoluciones/AUTOS%202010/3786.pdf HTTP/1.1" 200 10220
216.244.66.195 - - [07/Sep/2023:03:59:41 -0500] "GET /BLA/resoluciones/AUTOS%202010/3856.pdf HTTP/1.1" 200 633007
201.245.192.253 - - [07/Sep/2023:03:59:44 -0500] "POST /forms/lservlet;jsessionid=ac16012b30d62f4415040f2249ea9738ec9c1b9579b0.e3iSbxaKaheRe34Rch0Ra3mLchv0n6jAmljGr5XDqQLvpAe HTTP/1.1" 200 2
216.244.66.195 - - [07/Sep/2023:04:00:07 -0500] "GET /BLA/resoluciones/AUTOS%202010/3919.pdf HTTP/1.1" 200 4500160
172.22.2.4 - - [07/Sep/2023:03:58:44 -0500] "GET /BLA/boletinlegal/ HTTP/1.1" 200 57291
216.245.221.92 - - [07/Sep/2023:04:00:33 -0500] "HEAD / HTTP/1.1" 200 -
216.244.66.195 - - [07/Sep/2023:04:00:52 -0500] "GET /BLA/resoluciones/AUTOS%202010/4898.pdf HTTP/1.1" 200 3402646
216.244.66.195 - - [07/Sep/2023:04:01:34 -0500] "GET /BLA/resoluciones/AUTOS%202010/4955.pdf HTTP/1.1" 200 356619
201.245.192.253 - - [07/Sep/2023:04:01:44 -0500] "POST /forms/lservlet;jsessionid=ac16012b30d62f4415040f2249ea9738ec9c1b9579b0.e3iSbxaKaheRe34Rch0Ra3mLchv0n6jAmljGr5XDqQLvpAe HTTP/1.1" 200 2
