181.197.146.69 - - [07/Sep/2023:07:12:00 -0500] "GET /sipse/faces/javax.faces.resource/primefaces.css?ln=primefaces&v=4.0 HTTP/1.1" 304 -
181.197.146.69 - - [07/Sep/2023:07:12:00 -0500] "GET /sipse/faces/javax.faces.resource/theme.css?ln=primefaces-sipse HTTP/1.1" 304 -
181.197.146.69 - - [07/Sep/2023:07:12:00 -0500] "GET /sipse/faces/javax.faces.resource/jquery/jquery.js?ln=primefaces&v=4.0 HTTP/1.1" 304 -
181.197.146.69 - - [07/Sep/2023:07:12:00 -0500] "GET /sipse/faces/javax.faces.resource/jquery/jquery-plugins.js?ln=primefaces&v=4.0 HTTP/1.1" 304 -
181.197.146.69 - - [07/Sep/2023:07:12:00 -0500] "GET /sipse/faces/javax.faces.resource/primefaces.js?ln=primefaces&v=4.0 HTTP/1.1" 304 -
181.197.146.69 - - [07/Sep/2023:07:12:01 -0500] "GET /sipse/faces/javax.faces.resource/layout/layout.js?ln=primefaces&v=4.0 HTTP/1.1" 304 -
186.102.96.219 - - [07/Sep/2023:07:12:05 -0500] "GET /kwssiamovil/sm/ldap/au?x=U2FsdGVkX19MyEIGggjx4ADbr49f5mxY+a2VRCiCI1qeU9B/bPa2RPkN0AXKSUTS&y=U2FsdGVkX18qeh0qTcC2UbJ3vsRVBKK/KZ4ZmdEGk912+Lsc3qlQPcOtwUnvDrFG HTTP/1.1" 200 30
186.102.96.219 - - [07/Sep/2023:07:12:05 -0500] "GET /kwssiamovil/sm/acme/s?s=U2FsdGVkX1+zMHoDGSGAY1fY7UmpipGJMcqKbqYxsuPwKNkvuZDXdOU66NRraC/L/kUVmVfrMNY9y2o4h50nfH/a9SfgYCu+SyPC8JKDAno=&u=U2FsdGVkX1+ySbweKs6jQGVjmPqKMqXRJImI2MV/h//QUaFAZuiSXWmmiD/Odnds&y=U2FsdGVkX18qeh0qTcC2UbJ3vsRVBKK/KZ4ZmdEGk912+Lsc3qlQPcOtwUnvDrFG HTTP/1.1" 200 97
186.102.96.219 - - [07/Sep/2023:07:12:05 -0500] "GET /kwssiamovil/sm/acme/s?s=U2FsdGVkX19TAsOtiRjkSVM9n4bL9lfgItNVtgKrx1OOLJByysMppUvcKMMPIY+qTuGloKsrJ4wvn6/mZmiJhMaJcJiK3GtrwOQf3ovPDwXaKUn3u5VGBJTceWVOg1PNkRK875L2GJJyL9r9555+nQC4pToV34XpV6C/ljIRz9vgVysn4UqPX7rYyzFaUO5aAB7puGIOJWHJS0XYweEXSHrzkxKMLfu8znBUN4wC6Ye6lPCgc6M7UJdhpCo7u2cDeqtcH/RnwvILYGgxltlimO8wwWCLJd2kEmI7j/uJzwfILv+zHqchA3Ti5aq6x0S0locAnshDLh+Nj4KavWff+75QyvlxC+cvd/hmipkk/QJw4YDjf+RCiFQAE/91slM/aseZK/RXQXPgCj3riCV3jfeqclM9bvo9j0Q2wQpLXQgNfCs+fdFSIIGK2+Fa7Ylwt1fNfzjDcYSqBktklwJY6vdgOXMtCE9CmY3+p79QUDR7h9I9zJrwEE+QIyymzclQt5tu96WQk0Q8uk8xf4gQ15qc3h3EQD2cdJkJ3pnY4THJotyKTTu/J+q0fI8eIvoSH2HNaHCOok8Q3vIrhuYFYHtIzPStivMnVJ3QroR2QYNgS0Os8b4KsSoTMjijO1IRYDLgxQQG210eajsOYd8LT2A9cMmc7ESb0KoQZP9nF9voKMwv8rgm39L+0T3EyFVSqrowhnxTnhW9M93NKyGVnAXGvCIHNzsaGTKtDzzFXJQ7ZhZmpy4gxNc3vcUm65NlJ20dZPEurTIv5g+EIp1sY1N39tgjb96IZTWgU4GRdz/Hh6aSrR8t4Oe4+8+V6n6kYbLioTW9vMgaQ2w57NB1f8S7+Y+swyLaxWRskN9cS8fQJTX+p/D2CAkTiDDnt7o9+b8TIjxzy7E0GM1SUMuKf4l/qjgC4EduIT05/h4OWs3CwJMpIHBkcdOrDMblYiMoEYxpiQ7LVEs7a0/rEKbQ0iBjviUR6089hqgaXismJvGMC9DM41zI7a0DYlJ6vzTcrCY0UQ6ZzcLOYKZs018nB11rKAsy+dPWOLB4dS92aH5tut+1YdrfnHJAMF5FM8oYhT1IO8Ep+DaMPj4NWkuj+Hw+dCp/Krh957YoquT9H2O+NB2QapTCr67AlUXr9qckaMTGhoF+Gj11H46DveUaiJSuoM3nk9Rii2ToyoqUrXCL+ALSprGlynRn7pnqlRKpJUjV3BIt52VV86EJtZh/nb9cKtrPt/hXhK9pwVzQFoQ2PJy5f032g5jxFlMSFy9F72+lTUlgtC2mcKKtBI3Y6DJwkIXWE4Zr7NglldGwWTkTqwkH63lX7XLVUOMPr66Vhko+RcuhfPhuLrInPEBQFuyKiCi99slhjPs9i7ATuXcDajQeJviEu8tTe9cAJfXdPszmK84ieWY1nw7Cn6aHTlY8gniLKjg5DZ8xmE5+ws2RLZ12bVngbvWUzG/80x/f6MnQnoY+eMps0QDHa/ktoBjtVq3Wd8RCv2sTQrQ0uS8IwRWckYOPhYYMiPLgrg5Josw0Vn6jHvXZYmBxbFLT2tHIQNpZKOGXzpw4x5yWoMzZdiMi4uGS4H8L6EWVPpfJZnOGKV5m/bqIlv/NdLwEktUIhRcn28SPt38kjOoRZLIiYulMqSiSA7/ZfFEOLB+nQY1c2lIQH2pLabk2O3dfBV6ySqApnp+o10n9PqnLJY0O4I/L9LySVWZZEMu3k1KzDiRq5nGJ+G8Xy7E2eQn77rdzw1TmxYtpxfG8K/F0CLd8lyrmi1O64SX7zb5r3aEa&u=U2FsdGVkX1+ySbweKs6jQGVjmPqKMqXRJImI2MV/h//QUaFAZuiSXWmmiD/Odnds&y=U2FsdGVkX18qeh0qTcC2UbJ3vsRVBKK/KZ4ZmdEGk912+Lsc3qlQPcOtwUnvDrFG HTTP/1.1" 200 2790
186.102.96.219 - - [07/Sep/2023:07:12:05 -0500] "GET /kwssiamovil/sm/acme/s?s=U2FsdGVkX19x7FsI1AGlglUh2k5kxlECkm1xZEI8uV+0JIZetmWBLrfx0S1bK+zGkRtfuo4yxI8CZEVq6ohlVTXZLJZsAW7XR98hyaPOgmviepaprZGGcWDkZaThHWhWzPhpn64GlK610hU3DnXldtPCW99WE1RwhYovrgDBbpz0vbFRldErq/dRd+pkZMEZ49RrY3/iCMHG+/8XIMzko9C0g2R9Cjj+KeWlsBralyh4GNkskO5GySWhshcgY5CDNAalFDOgcACRwPoS4P26h2Lrp4irDl4zWtgW7OXVGKaApP2yDKGzw66iDosKk3CGJoSIXA61HNC9VHdzz5HK2thR0P72aw3ZiI3ejisEFkhOoqYTG4lxj+u9iVB2NYJRwAlA55Nj9yuNGB/97IVT+2lksVCB9EpOc8+xpdM82rrHwNISmxqLDiAhoNCLUONqphZaSykGZFWhCdPG0IHTh9rfsNdI3SPYol/e6Gu1PAotPeKUark4aWEOnO1Rv7UbEhfXyX//51NP+H71FIUO5vRHba7xmAuOykYm7WzskMo5hik+WUhJNIHth798kOGV4izIgHOdcwDl2lm0Ul3yYpJth9Ul/syQDxdMuDqtuf0aKIN1QDkJlJs9qhPaapY5lqmUsMtPfGXv4cHvF4XCIUeAllk3IFdczJmp8xnLhkg+SwZnTxFUibpBltoggushyUD9sFvDNR3u2+hL645fhWel6pgcVLXVQdqjnhDyUn3cRU4XcgJLAMZG1ogSgzrl&u=U2FsdGVkX1+ySbweKs6jQGVjmPqKMqXRJImI2MV/h//QUaFAZuiSXWmmiD/Odnds&y=U2FsdGVkX18qeh0qTcC2UbJ3vsRVBKK/KZ4ZmdEGk912+Lsc3qlQPcOtwUnvDrFG HTTP/1.1" 200 208
186.102.96.219 - - [07/Sep/2023:07:12:06 -0500] "GET /kwssiamovil/sm/cjson/pre?f=1&x=U2FsdGVkX19MyEIGggjx4ADbr49f5mxY+a2VRCiCI1qeU9B/bPa2RPkN0AXKSUTS HTTP/1.1" 200 31032
201.245.192.253 - - [07/Sep/2023:07:13:45 -0500] "POST /forms/lservlet;jsessionid=ac16012b30d62f4415040f2249ea9738ec9c1b9579b0.e3iSbxaKaheRe34Rch0Ra3mLchv0n6jAmljGr5XDqQLvpAe HTTP/1.1" 200 2
52.167.144.195 - - [07/Sep/2023:07:14:14 -0500] "GET /BLA/resoluciones/AUTOS%202023/4245.pdf HTTP/1.1" 200 877179
190.25.31.235 - - [07/Sep/2023:07:14:20 -0500] "GET /secretaria-de-ambiente-abr HTTP/1.1" 404 1034
190.25.31.235 - - [07/Sep/2023:07:14:42 -0500] "GET /secretaria-de-ambiente-abr HTTP/1.1" 404 1136
190.25.31.235 - - [07/Sep/2023:07:14:44 -0500] "GET /favicon.ico HTTP/1.1" 404 1346
172.22.2.4 - - [07/Sep/2023:07:13:16 -0500] "HEAD /BLA/boletinlegal/ HTTP/1.1" 200 -
216.245.221.92 - - [07/Sep/2023:07:15:32 -0500] "HEAD / HTTP/1.1" 200 -
201.245.192.253 - - [07/Sep/2023:07:15:45 -0500] "POST /forms/lservlet;jsessionid=ac16012b30d62f4415040f2249ea9738ec9c1b9579b0.e3iSbxaKaheRe34Rch0Ra3mLchv0n6jAmljGr5XDqQLvpAe HTTP/1.1" 200 2
172.22.2.4 - - [07/Sep/2023:07:14:07 -0500] "GET /BLA/boletinlegal/ HTTP/1.1" 200 60692
190.25.31.235 - - [07/Sep/2023:07:16:00 -0500] "GET /secretaria-de-ambiente-abr HTTP/1.1" 404 1034
190.25.31.235 - - [07/Sep/2023:07:16:06 -0500] "GET /secretaria-de-ambiente-abr HTTP/1.1" 404 1136
201.245.192.253 - - [07/Sep/2023:07:16:23 -0500] "POST /kwsrmcab/Wsrmcab  HTTP/1.1" 200 42865
201.245.192.253 - - [07/Sep/2023:07:17:45 -0500] "POST /forms/lservlet;jsessionid=ac16012b30d62f4415040f2249ea9738ec9c1b9579b0.e3iSbxaKaheRe34Rch0Ra3mLchv0n6jAmljGr5XDqQLvpAe HTTP/1.1" 200 2
216.244.66.195 - - [07/Sep/2023:07:18:49 -0500] "GET /robots.txt HTTP/1.1" 404 1018
201.245.192.253 - - [07/Sep/2023:07:18:55 -0500] "POST /kwsrmcab/Wsrmcab HTTP/1.1" 200 41639
201.245.192.253 - - [07/Sep/2023:07:18:59 -0500] "POST /kwsrmcab/Wsrmcab HTTP/1.1" 200 40851
201.245.192.253 - - [07/Sep/2023:07:19:45 -0500] "POST /forms/lservlet;jsessionid=ac16012b30d62f4415040f2249ea9738ec9c1b9579b0.e3iSbxaKaheRe34Rch0Ra3mLchv0n6jAmljGr5XDqQLvpAe HTTP/1.1" 200 2
216.245.221.92 - - [07/Sep/2023:07:20:32 -0500] "HEAD / HTTP/1.1" 200 -
172.22.2.4 - - [07/Sep/2023:07:19:06 -0500] "HEAD /BLA/boletinlegal/ HTTP/1.1" 200 -
201.245.192.253 - - [07/Sep/2023:07:21:22 -0500] "POST /kwsrmcab/Wsrmcab  HTTP/1.1" 200 42865
172.22.2.4 - - [07/Sep/2023:07:19:57 -0500] "GET /BLA/boletinlegal/ HTTP/1.1" 200 60342
201.245.192.253 - - [07/Sep/2023:07:21:45 -0500] "POST /forms/lservlet;jsessionid=ac16012b30d62f4415040f2249ea9738ec9c1b9579b0.e3iSbxaKaheRe34Rch0Ra3mLchv0n6jAmljGr5XDqQLvpAe HTTP/1.1" 200 2
190.25.31.235 - - [07/Sep/2023:07:22:28 -0500] "GET /secretaria-de-ambiente-abr HTTP/1.1" 404 1034
190.25.31.235 - - [07/Sep/2023:07:22:40 -0500] "GET /secretaria-de-ambiente-abr HTTP/1.1" 404 1034
52.167.144.108 - - [07/Sep/2023:07:23:02 -0500] "GET /BLA/resoluciones/AUTOS%202023/3218.pdf HTTP/1.1" 200 348090
172.22.2.4 - - [07/Sep/2023:07:23:45 -0500] "GET /BLA/boletinlegal/jurisprudencia/analisis/ANALISIST-257-96.docx HTTP/1.1" 200 19486
201.245.192.253 - - [07/Sep/2023:07:23:45 -0500] "POST /forms/lservlet;jsessionid=ac16012b30d62f4415040f2249ea9738ec9c1b9579b0.e3iSbxaKaheRe34Rch0Ra3mLchv0n6jAmljGr5XDqQLvpAe HTTP/1.1" 200 2
123.126.68.97 - - [07/Sep/2023:07:25:15 -0500] "GET /silvicultura/9.pdf HTTP/1.1" 200 189358
216.245.221.92 - - [07/Sep/2023:07:25:32 -0500] "HEAD / HTTP/1.1" 200 -
201.245.192.253 - - [07/Sep/2023:07:25:45 -0500] "POST /forms/lservlet;jsessionid=ac16012b30d62f4415040f2249ea9738ec9c1b9579b0.e3iSbxaKaheRe34Rch0Ra3mLchv0n6jAmljGr5XDqQLvpAe HTTP/1.1" 200 2
201.245.192.253 - - [07/Sep/2023:07:26:21 -0500] "POST /kwsrmcab/Wsrmcab  HTTP/1.1" 200 42865
172.22.2.4 - - [07/Sep/2023:07:24:56 -0500] "HEAD /BLA/boletinlegal/ HTTP/1.1" 200 -
172.22.2.4 - - [07/Sep/2023:07:25:47 -0500] "GET /BLA/boletinlegal/ HTTP/1.1" 200 58597
201.245.192.253 - - [07/Sep/2023:07:27:45 -0500] "POST /forms/lservlet;jsessionid=ac16012b30d62f4415040f2249ea9738ec9c1b9579b0.e3iSbxaKaheRe34Rch0Ra3mLchv0n6jAmljGr5XDqQLvpAe HTTP/1.1" 200 2
216.244.66.195 - - [07/Sep/2023:07:27:56 -0500] "GET /BLA/resoluciones/index.php?dir=RESOLUCIONES%201994/&sort=size&order=asc HTTP/1.1" 200 2479
161.18.154.158 - - [07/Sep/2023:07:28:26 -0500] "GET /sipse/faces/index.xhtml HTTP/1.1" 200 677
161.18.154.158 - - [07/Sep/2023:07:28:28 -0500] "GET /sipse/faces/javax.faces.resource/theme.css?ln=primefaces-sipse HTTP/1.1" 200 50058
161.18.154.158 - - [07/Sep/2023:07:28:28 -0500] "GET /favicon.ico HTTP/1.1" 200 7782
161.18.154.158 - - [07/Sep/2023:07:28:57 -0500] "GET /sipse/faces/index.xhtml HTTP/1.1" 200 677
216.244.66.195 - - [07/Sep/2023:07:28:49 -0500] "GET /BLA/resoluciones/index.php?dir=AUTOS%202019/&sort=size&order=asc HTTP/1.1" 200 384889
161.18.154.158 - - [07/Sep/2023:07:28:58 -0500] "GET /sipse/faces/javax.faces.resource/theme.css?ln=primefaces-sipse HTTP/1.1" 304 -
161.18.154.158 - - [07/Sep/2023:07:28:58 -0500] "GET /sipse/faces/faces/autenticacion.xhtml HTTP/1.1" 200 12174
161.18.154.158 - - [07/Sep/2023:07:28:58 -0500] "GET /sipse/js/disable_browser_buttons.js HTTP/1.1" 200 3230
161.18.154.158 - - [07/Sep/2023:07:28:58 -0500] "GET /sipse/css/custom_css_sg.css HTTP/1.1" 200 9694
161.18.154.158 - - [07/Sep/2023:07:28:58 -0500] "GET /sipse/css/custom_css_sg_prime_login.css HTTP/1.1" 200 443
161.18.154.158 - - [07/Sep/2023:07:28:58 -0500] "GET /sipse/faces/javax.faces.resource/layout/layout.css?ln=primefaces&v=4.0 HTTP/1.1" 200 542
161.18.154.158 - - [07/Sep/2023:07:28:58 -0500] "GET /sipse/faces/javax.faces.resource/theme.css?ln=primefaces-sipse HTTP/1.1" 304 -
161.18.154.158 - - [07/Sep/2023:07:28:58 -0500] "GET /sipse/js/funciones.js HTTP/1.1" 200 12592
161.18.154.158 - - [07/Sep/2023:07:28:58 -0500] "GET /sipse/faces/javax.faces.resource/layout/layout.js?ln=primefaces&v=4.0 HTTP/1.1" 200 87560
161.18.154.158 - - [07/Sep/2023:07:28:58 -0500] "GET /sipse/faces/javax.faces.resource/jquery/jquery.js?ln=primefaces&v=4.0 HTTP/1.1" 200 105384
161.18.154.158 - - [07/Sep/2023:07:28:58 -0500] "GET /sipse/faces/javax.faces.resource/primefaces.css?ln=primefaces&v=4.0 HTTP/1.1" 200 53295
161.18.154.158 - - [07/Sep/2023:07:28:58 -0500] "GET /sipse/faces/javax.faces.resource/jquery/jquery-plugins.js?ln=primefaces&v=4.0 HTTP/1.1" 200 220526
161.18.154.158 - - [07/Sep/2023:07:28:58 -0500] "GET /sipse/faces/javax.faces.resource/primefaces.js?ln=primefaces&v=4.0 HTTP/1.1" 200 276924
201.245.192.253 - - [07/Sep/2023:07:28:55 -0500] "POST /kwsrmcab/Wsrmcab HTTP/1.1" 200 41639
161.18.154.158 - - [07/Sep/2023:07:28:59 -0500] "GET /sipse/faces/javax.faces.resource/images/ui-icons_898989_256x240.png?ln=primefaces-aristo HTTP/1.1" 200 5355
161.18.154.158 - - [07/Sep/2023:07:28:59 -0500] "GET /sipse/css/imagen/logoSDG.png HTTP/1.1" 200 53064
161.18.154.158 - - [07/Sep/2023:07:28:59 -0500] "GET /sipse/css/imagen/loginimg.png HTTP/1.1" 200 71635
201.245.192.253 - - [07/Sep/2023:07:28:59 -0500] "POST /kwsrmcab/Wsrmcab HTTP/1.1" 200 40851
161.18.154.158 - - [07/Sep/2023:07:29:04 -0500] "POST /sipse/faces/autenticacion.xhtml HTTP/1.1" 200 16784
161.18.154.158 - - [07/Sep/2023:07:29:04 -0500] "GET /sipse/css/custom_css_sg_prime.css HTTP/1.1" 200 5201
161.18.154.158 - - [07/Sep/2023:07:29:04 -0500] "GET /sipse/faces/javax.faces.resource/theme.css?ln=primefaces-sipse HTTP/1.1" 304 -
161.18.154.158 - - [07/Sep/2023:07:29:04 -0500] "GET /sipse/faces/javax.faces.resource/primefaces.css?ln=primefaces&v=4.0 HTTP/1.1" 304 -
161.18.154.158 - - [07/Sep/2023:07:29:04 -0500] "GET /sipse/faces/javax.faces.resource/layout/layout.css?ln=primefaces&v=4.0 HTTP/1.1" 304 -
161.18.154.158 - - [07/Sep/2023:07:29:04 -0500] "GET /sipse/js/jquery.min.js HTTP/1.1" 200 85582
161.18.154.158 - - [07/Sep/2023:07:29:04 -0500] "GET /sipse/faces/javax.faces.resource/jquery/jquery.js?ln=primefaces&v=4.0 HTTP/1.1" 304 -
161.18.154.158 - - [07/Sep/2023:07:29:04 -0500] "GET /sipse/faces/javax.faces.resource/jquery/jquery-plugins.js?ln=primefaces&v=4.0 HTTP/1.1" 304 -
161.18.154.158 - - [07/Sep/2023:07:29:04 -0500] "GET /sipse/faces/javax.faces.resource/primefaces.js?ln=primefaces&v=4.0 HTTP/1.1" 304 -
161.18.154.158 - - [07/Sep/2023:07:29:04 -0500] "GET /sipse/faces/javax.faces.resource/layout/layout.js?ln=primefaces&v=4.0 HTTP/1.1" 304 -
161.18.154.158 - - [07/Sep/2023:07:29:04 -0500] "GET /sipse/css/v_mergente.css HTTP/1.1" 200 1505
161.18.154.158 - - [07/Sep/2023:07:29:04 -0500] "GET /sipse/css/imagen/contrasena.png HTTP/1.1" 404 383
161.18.154.158 - - [07/Sep/2023:07:29:04 -0500] "GET /sipse/imagenes/cargando.gif HTTP/1.1" 200 36959
161.18.154.158 - - [07/Sep/2023:07:29:04 -0500] "GET /sipse/imagenes/logoAplicacion.jpg HTTP/1.1" 200 155084
161.18.154.158 - - [07/Sep/2023:07:29:04 -0500] "GET /sipse/faces/javax.faces.resource/messages/messages.png?ln=primefaces&v=4.0 HTTP/1.1" 200 27209
216.244.66.195 - - [07/Sep/2023:07:29:05 -0500] "GET /transparencia/directorioservidores/2017/diciembre.xlsx HTTP/1.1" 200 88941
161.18.154.158 - - [07/Sep/2023:07:29:09 -0500] "GET /sipse/faces/javax.faces.resource/images/ui-bg_flat_0_2d5972_40x100.png?ln=primefaces-aristo HTTP/1.1" 200 183
161.18.154.158 - - [07/Sep/2023:07:29:09 -0500] "POST /sipse/faces/bienvenido.xhtml HTTP/1.1" 200 1471
161.18.154.158 - - [07/Sep/2023:07:29:11 -0500] "POST /sipse/faces/bienvenido.xhtml HTTP/1.1" 200 34866
161.18.154.158 - - [07/Sep/2023:07:29:11 -0500] "GET /sipse/faces/javax.faces.resource/theme.css?ln=primefaces-sipse HTTP/1.1" 304 -
161.18.154.158 - - [07/Sep/2023:07:29:11 -0500] "GET /sipse/faces/javax.faces.resource/layout/layout.css?ln=primefaces&v=4.0 HTTP/1.1" 304 -
161.18.154.158 - - [07/Sep/2023:07:29:11 -0500] "GET /sipse/faces/javax.faces.resource/primefaces.css?ln=primefaces&v=4.0 HTTP/1.1" 304 -
161.18.154.158 - - [07/Sep/2023:07:29:11 -0500] "GET /sipse/faces/javax.faces.resource/jquery/jquery.js?ln=primefaces&v=4.0 HTTP/1.1" 304 -
161.18.154.158 - - [07/Sep/2023:07:29:11 -0500] "GET /sipse/faces/javax.faces.resource/jquery/jquery-plugins.js?ln=primefaces&v=4.0 HTTP/1.1" 304 -
161.18.154.158 - - [07/Sep/2023:07:29:11 -0500] "GET /sipse/faces/javax.faces.resource/primefaces.js?ln=primefaces&v=4.0 HTTP/1.1" 304 -
161.18.154.158 - - [07/Sep/2023:07:29:11 -0500] "GET /sipse/faces/javax.faces.resource/layout/layout.js?ln=primefaces&v=4.0 HTTP/1.1" 304 -
161.18.154.158 - - [07/Sep/2023:07:29:11 -0500] "POST /sipse/faces/presentacion/financiero/solicitudProceso/listarSolicitudProceso.xhtml HTTP/1.1" 200 1400
201.245.192.253 - - [07/Sep/2023:07:29:45 -0500] "POST /forms/lservlet;jsessionid=ac16012b30d62f4415040f2249ea9738ec9c1b9579b0.e3iSbxaKaheRe34Rch0Ra3mLchv0n6jAmljGr5XDqQLvpAe HTTP/1.1" 200 2
161.18.154.158 - - [07/Sep/2023:07:29:47 -0500] "POST /sipse/faces/presentacion/financiero/solicitudProceso/listarSolicitudProceso.xhtml HTTP/1.1" 200 112916
161.18.154.158 - - [07/Sep/2023:07:29:48 -0500] "GET /sipse/faces/javax.faces.resource/primefaces.css?ln=primefaces&v=4.0 HTTP/1.1" 304 -
161.18.154.158 - - [07/Sep/2023:07:29:48 -0500] "GET /sipse/faces/javax.faces.resource/theme.css?ln=primefaces-sipse HTTP/1.1" 304 -
161.18.154.158 - - [07/Sep/2023:07:29:48 -0500] "GET /sipse/faces/javax.faces.resource/layout/layout.css?ln=primefaces&v=4.0 HTTP/1.1" 304 -
161.18.154.158 - - [07/Sep/2023:07:29:48 -0500] "GET /sipse/faces/javax.faces.resource/jquery/jquery.js?ln=primefaces&v=4.0 HTTP/1.1" 304 -
161.18.154.158 - - [07/Sep/2023:07:29:48 -0500] "GET /sipse/faces/javax.faces.resource/jquery/jquery-plugins.js?ln=primefaces&v=4.0 HTTP/1.1" 304 -
161.18.154.158 - - [07/Sep/2023:07:29:48 -0500] "GET /sipse/faces/javax.faces.resource/primefaces.js?ln=primefaces&v=4.0 HTTP/1.1" 304 -
161.18.154.158 - - [07/Sep/2023:07:29:48 -0500] "GET /sipse/faces/javax.faces.resource/layout/layout.js?ln=primefaces&v=4.0 HTTP/1.1" 304 -
216.245.221.92 - - [07/Sep/2023:07:30:32 -0500] "HEAD / HTTP/1.1" 200 -
66.249.66.194 - - [07/Sep/2023:07:31:06 -0500] "GET /mejora-tu-bienestar-con-las-caminatas-ecologicas-%C3%82%C2%A1conoce-la-programacion-de-agosto.html HTTP/1.1" 304 -
66.249.66.194 - - [07/Sep/2023:07:31:06 -0500] "GET /habilitado-nuevo-camino-para-recorrer-los-cerros-guadalupe-aguanoso.html HTTP/1.1" 304 -
179.43.191.194 - - [07/Sep/2023:07:31:00 -0500] "POST /boaform/admin/formLogin HTTP/1.1" 404 1186
201.245.192.253 - - [07/Sep/2023:07:31:20 -0500] "POST /kwsrmcab/Wsrmcab  HTTP/1.1" 200 42865
201.245.192.253 - - [07/Sep/2023:07:31:45 -0500] "POST /forms/lservlet;jsessionid=ac16012b30d62f4415040f2249ea9738ec9c1b9579b0.e3iSbxaKaheRe34Rch0Ra3mLchv0n6jAmljGr5XDqQLvpAe HTTP/1.1" 200 2
40.77.167.208 - - [07/Sep/2023:07:31:55 -0500] "GET /portalsiaccapacitaciones/Listas%20de%20Asistencia%202017/Lista%20de%20Asistencia%20Buenas%20Practicas%20Ambientales.pdf HTTP/1.1" 200 4777090
167.0.148.24 - - [07/Sep/2023:07:32:03 -0500] "GET /catalogoisis/ HTTP/1.1" 200 8575
167.0.148.24 - - [07/Sep/2023:07:32:04 -0500] "GET /catalogoisis/Js/AceptarLimpiar.js HTTP/1.1" 200 331
167.0.148.24 - - [07/Sep/2023:07:32:04 -0500] "GET /catalogoisis/Js/Remote.js HTTP/1.1" 200 436
167.0.148.24 - - [07/Sep/2023:07:32:04 -0500] "GET /catalogoisis/Css/Busqueda.css HTTP/1.1" 200 1995
167.0.148.24 - - [07/Sep/2023:07:32:04 -0500] "GET /catalogoisis/Js/CriterioCombinada.js HTTP/1.1" 200 1843
167.0.148.24 - - [07/Sep/2023:07:32:04 -0500] "GET /catalogoisis/Js/LimpiarCombinada.js HTTP/1.1" 200 207
167.0.148.24 - - [07/Sep/2023:07:32:04 -0500] "GET /catalogoisis/Js/Cookies.js HTTP/1.1" 200 1369
167.0.148.24 - - [07/Sep/2023:07:32:04 -0500] "GET /catalogoisis/Js/Go.js HTTP/1.1" 200 364
167.0.148.24 - - [07/Sep/2023:07:32:04 -0500] "GET /catalogoisis/Js/Numero.js HTTP/1.1" 200 398
167.0.148.24 - - [07/Sep/2023:07:32:04 -0500] "GET /catalogoisis/Js/Enter.js HTTP/1.1" 200 1208
167.0.148.24 - - [07/Sep/2023:07:32:04 -0500] "GET /catalogoisis/imagenes/limpiar1.gif HTTP/1.1" 200 606
167.0.148.24 - - [07/Sep/2023:07:32:04 -0500] "GET /catalogoisis/imagenes/aceptar1.gif HTTP/1.1" 200 604
167.0.148.24 - - [07/Sep/2023:07:32:04 -0500] "GET /catalogoisis/imagenes/br1c1.gif HTTP/1.1" 200 172
167.0.148.24 - - [07/Sep/2023:07:32:04 -0500] "GET /catalogoisis/imagenes/br3c1.gif HTTP/1.1" 200 177
167.0.148.24 - - [07/Sep/2023:07:32:04 -0500] "GET /catalogoisis/imagenes/Header.gif HTTP/1.1" 200 27040
167.0.148.24 - - [07/Sep/2023:07:32:05 -0500] "GET /catalogoisis/imagenes/br2c2.gif HTTP/1.1" 200 302
167.0.148.24 - - [07/Sep/2023:07:32:04 -0500] "GET /catalogoisis/imagenes/Turnbo1.gif HTTP/1.1" 200 227
167.0.148.24 - - [07/Sep/2023:07:32:05 -0500] "GET /catalogoisis/imagenes/br2c1.gif HTTP/1.1" 200 297
167.0.148.24 - - [07/Sep/2023:07:32:04 -0500] "GET /catalogoisis/imagenes/br1c3.gif HTTP/1.1" 200 302
167.0.148.24 - - [07/Sep/2023:07:32:05 -0500] "GET /catalogoisis/imagenes/br1c2.gif HTTP/1.1" 200 297
167.0.148.24 - - [07/Sep/2023:07:32:05 -0500] "GET /catalogoisis/imagenes/br3c2.gif HTTP/1.1" 200 285
167.0.148.24 - - [07/Sep/2023:07:32:05 -0500] "GET /catalogoisis/imagenes/br2c3.gif HTTP/1.1" 200 416
167.0.148.24 - - [07/Sep/2023:07:32:05 -0500] "GET /catalogoisis/imagenes/br3c3.gif HTTP/1.1" 200 186
167.0.148.24 - - [07/Sep/2023:07:32:05 -0500] "GET /favicon.ico HTTP/1.1" 200 7782
172.22.2.4 - - [07/Sep/2023:07:30:46 -0500] "HEAD /BLA/boletinlegal/ HTTP/1.1" 200 -
216.244.66.195 - - [07/Sep/2023:07:32:35 -0500] "GET /BLA/resoluciones/AUTOS%202016/0946.pdf HTTP/1.1" 200 442201
172.22.2.4 - - [07/Sep/2023:07:31:37 -0500] "GET /BLA/boletinlegal/ HTTP/1.1" 200 58187
216.244.66.195 - - [07/Sep/2023:07:33:17 -0500] "GET /BLA/resoluciones/AUTOS%202016/1090.pdf HTTP/1.1" 200 588025
186.102.69.211 - - [07/Sep/2023:07:33:23 -0500] "GET /kwssiamovil/sm/acme/u?s=U2FsdGVkX19b1dcqyaObhvcldpnXE+oytK1hoi8Mf3srlXkBiS9lT3BojskvN/U1+BtEBDzPqbxFEbmN1qrraE+ZaU13JrMEdcxbWOJ4aOPzBfNxJYELHLBzgMZKRilOM9qM7qyTxLbppKbqVs12zTmEYIfsdNORrd+g+WHFhcU=&u=U2FsdGVkX1/vAivoKFI9e9/HFA7s4IEWbEmrf91gmq8=&y=U2FsdGVkX19QE+M72GhvwN2imqGULq4QdzyPlqgwNQg= HTTP/1.1" 200 60
172.22.2.4 - - [07/Sep/2023:07:33:38 -0500] "GET /BLA/boletinlegal/actos.php HTTP/1.1" 200 9682
172.22.2.4 - - [07/Sep/2023:07:33:39 -0500] "GET /BLA/boletinlegal/favicon.ico HTTP/1.1" 404 1326
201.245.192.253 - - [07/Sep/2023:07:33:45 -0500] "POST /forms/lservlet;jsessionid=ac16012b30d62f4415040f2249ea9738ec9c1b9579b0.e3iSbxaKaheRe34Rch0Ra3mLchv0n6jAmljGr5XDqQLvpAe HTTP/1.1" 200 2
216.244.66.195 - - [07/Sep/2023:07:33:49 -0500] "GET /BLA/resoluciones/AUTOS%202016/1337.pdf HTTP/1.1" 200 527904
172.22.2.4 - - [07/Sep/2023:07:33:50 -0500] "GET /BLA/boletinlegal/consulta_actos.php?tipo=resoluciones&no=4938&usuario=&sector=&fecha=2022&resuelve= HTTP/1.1" 200 626
172.22.2.4 - - [07/Sep/2023:07:33:52 -0500] "GET /BLA/boletinlegal/consulta_actos.php?tipo=resoluciones&no=4938&usuario=&sector=&fecha=2022&resuelve= HTTP/1.1" 200 626
66.249.70.7 - - [07/Sep/2023:07:33:59 -0500] "GET /Publicaciones/2023EE173788.pdf HTTP/1.1" 404 228
172.22.2.4 - - [07/Sep/2023:07:34:03 -0500] "GET /BLA/boletinlegal/consulta_actos.php?tipo=resoluciones&no=4938&usuario=&sector=&fecha=2022&resuelve= HTTP/1.1" 200 626
172.22.2.4 - - [07/Sep/2023:07:34:03 -0500] "GET /BLA/boletinlegal/consulta_actos.php?tipo=resoluciones&no=4938&usuario=&sector=&fecha=2022&resuelve= HTTP/1.1" 200 626
172.22.2.4 - - [07/Sep/2023:07:34:15 -0500] "GET /BLA/boletinlegal/consulta_actos.php?tipo=resoluciones&no=4938&usuario=&sector=&fecha=2022&resuelve= HTTP/1.1" 200 626
190.70.197.103 - - [07/Sep/2023:07:34:21 -0500] "GET /sipse/faces/autenticacion.xhtml HTTP/1.1" 200 12496
190.70.197.103 - - [07/Sep/2023:07:34:22 -0500] "GET /sipse/js/disable_browser_buttons.js HTTP/1.1" 304 -
190.70.197.103 - - [07/Sep/2023:07:34:22 -0500] "GET /sipse/faces/javax.faces.resource/layout/layout.css;jsessionid=NjvfZBAMDDpHAutEbEFSPX9d.undefined?ln=primefaces&v=4.0 HTTP/1.1" 200 542
190.70.197.103 - - [07/Sep/2023:07:34:22 -0500] "GET /sipse/css/custom_css_sg_prime_login.css HTTP/1.1" 304 -
190.70.197.103 - - [07/Sep/2023:07:34:22 -0500] "GET /sipse/css/custom_css_sg.css HTTP/1.1" 304 -
190.70.197.103 - - [07/Sep/2023:07:34:22 -0500] "GET /sipse/faces/javax.faces.resource/theme.css?ln=primefaces-sipse HTTP/1.1" 304 -
190.70.197.103 - - [07/Sep/2023:07:34:22 -0500] "GET /sipse/js/funciones.js HTTP/1.1" 304 -
190.70.197.103 - - [07/Sep/2023:07:34:22 -0500] "GET /sipse/faces/javax.faces.resource/layout/layout.js;jsessionid=NjvfZBAMDDpHAutEbEFSPX9d.undefined?ln=primefaces&v=4.0 HTTP/1.1" 200 87560
190.70.197.103 - - [07/Sep/2023:07:34:22 -0500] "GET /sipse/faces/javax.faces.resource/jquery/jquery-plugins.js;jsessionid=NjvfZBAMDDpHAutEbEFSPX9d.undefined?ln=primefaces&v=4.0 HTTP/1.1" 200 220526
190.70.197.103 - - [07/Sep/2023:07:34:22 -0500] "GET /sipse/faces/javax.faces.resource/primefaces.css;jsessionid=NjvfZBAMDDpHAutEbEFSPX9d.undefined?ln=primefaces&v=4.0 HTTP/1.1" 200 53295
190.70.197.103 - - [07/Sep/2023:07:34:22 -0500] "GET /sipse/faces/javax.faces.resource/jquery/jquery.js;jsessionid=NjvfZBAMDDpHAutEbEFSPX9d.undefined?ln=primefaces&v=4.0 HTTP/1.1" 200 105384
190.70.197.103 - - [07/Sep/2023:07:34:22 -0500] "GET /sipse/faces/javax.faces.resource/primefaces.js;jsessionid=NjvfZBAMDDpHAutEbEFSPX9d.undefined?ln=primefaces&v=4.0 HTTP/1.1" 200 276924
190.70.197.103 - - [07/Sep/2023:07:34:24 -0500] "GET /sipse/css/imagen/logoSDG.png HTTP/1.1" 304 -
190.70.197.103 - - [07/Sep/2023:07:34:24 -0500] "GET /sipse/css/imagen/loginimg.png HTTP/1.1" 304 -
190.70.197.103 - - [07/Sep/2023:07:34:24 -0500] "GET /sipse/faces/javax.faces.resource/images/ui-icons_898989_256x240.png?ln=primefaces-aristo HTTP/1.1" 304 -
190.70.197.103 - - [07/Sep/2023:07:34:24 -0500] "GET /sipse/faces/index.xhtml HTTP/1.1" 200 677
190.70.197.103 - - [07/Sep/2023:07:34:25 -0500] "GET /sipse/faces/javax.faces.resource/theme.css?ln=primefaces-sipse HTTP/1.1" 304 -
190.70.197.103 - - [07/Sep/2023:07:34:25 -0500] "GET /sipse/faces/faces/autenticacion.xhtml HTTP/1.1" 200 12174
190.70.197.103 - - [07/Sep/2023:07:34:26 -0500] "GET /sipse/faces/javax.faces.resource/theme.css?ln=primefaces-sipse HTTP/1.1" 304 -
190.70.197.103 - - [07/Sep/2023:07:34:26 -0500] "GET /sipse/faces/javax.faces.resource/primefaces.css?ln=primefaces&v=4.0 HTTP/1.1" 304 -
190.70.197.103 - - [07/Sep/2023:07:34:26 -0500] "GET /sipse/faces/javax.faces.resource/jquery/jquery.js?ln=primefaces&v=4.0 HTTP/1.1" 304 -
190.70.197.103 - - [07/Sep/2023:07:34:26 -0500] "GET /sipse/faces/javax.faces.resource/layout/layout.js?ln=primefaces&v=4.0 HTTP/1.1" 304 -
190.70.197.103 - - [07/Sep/2023:07:34:26 -0500] "GET /sipse/faces/javax.faces.resource/layout/layout.css?ln=primefaces&v=4.0 HTTP/1.1" 304 -
190.70.197.103 - - [07/Sep/2023:07:34:26 -0500] "GET /sipse/faces/javax.faces.resource/jquery/jquery-plugins.js?ln=primefaces&v=4.0 HTTP/1.1" 304 -
190.70.197.103 - - [07/Sep/2023:07:34:26 -0500] "GET /sipse/faces/javax.faces.resource/primefaces.js?ln=primefaces&v=4.0 HTTP/1.1" 304 -
172.22.2.4 - - [07/Sep/2023:07:34:26 -0500] "GET /BLA/boletinlegal/consulta_actos.php?tipo=resoluciones&no=4938&usuario=&sector=&fecha=2022&resuelve= HTTP/1.1" 200 626
216.244.66.195 - - [07/Sep/2023:07:34:27 -0500] "GET /BLA/resoluciones/AUTOS%202016/1577.pdf HTTP/1.1" 200 675118
190.70.197.103 - - [07/Sep/2023:07:34:32 -0500] "POST /sipse/faces/autenticacion.xhtml HTTP/1.1" 200 2216
190.70.197.103 - - [07/Sep/2023:07:34:32 -0500] "GET /sipse/faces/javax.faces.resource/messages/messages.png?ln=primefaces&v=4.0 HTTP/1.1" 304 -
190.70.197.103 - - [07/Sep/2023:07:34:33 -0500] "GET /sipse/faces/javax.faces.resource/images/ui-icons_898989_256x240.png?ln=primefaces-aristo HTTP/1.1" 304 -
190.70.197.103 - - [07/Sep/2023:07:34:34 -0500] "POST /sipse/faces/autenticacion.xhtml HTTP/1.1" 200 16356
190.70.197.103 - - [07/Sep/2023:07:34:34 -0500] "GET /sipse/css/custom_css_sg_prime.css HTTP/1.1" 304 -
190.70.197.103 - - [07/Sep/2023:07:34:34 -0500] "GET /sipse/faces/javax.faces.resource/primefaces.css?ln=primefaces&v=4.0 HTTP/1.1" 304 -
190.70.197.103 - - [07/Sep/2023:07:34:34 -0500] "GET /sipse/faces/javax.faces.resource/theme.css?ln=primefaces-sipse HTTP/1.1" 304 -
190.70.197.103 - - [07/Sep/2023:07:34:34 -0500] "GET /sipse/faces/javax.faces.resource/layout/layout.css?ln=primefaces&v=4.0 HTTP/1.1" 304 -
190.70.197.103 - - [07/Sep/2023:07:34:34 -0500] "GET /sipse/js/jquery.min.js HTTP/1.1" 304 -
190.70.197.103 - - [07/Sep/2023:07:34:34 -0500] "GET /sipse/faces/javax.faces.resource/jquery/jquery.js?ln=primefaces&v=4.0 HTTP/1.1" 304 -
190.70.197.103 - - [07/Sep/2023:07:34:34 -0500] "GET /sipse/faces/javax.faces.resource/jquery/jquery-plugins.js?ln=primefaces&v=4.0 HTTP/1.1" 304 -
190.70.197.103 - - [07/Sep/2023:07:34:34 -0500] "GET /sipse/faces/javax.faces.resource/primefaces.js?ln=primefaces&v=4.0 HTTP/1.1" 304 -
190.70.197.103 - - [07/Sep/2023:07:34:34 -0500] "GET /sipse/faces/javax.faces.resource/layout/layout.js?ln=primefaces&v=4.0 HTTP/1.1" 304 -
190.70.197.103 - - [07/Sep/2023:07:34:35 -0500] "GET /sipse/css/v_mergente.css HTTP/1.1" 304 -
190.70.197.103 - - [07/Sep/2023:07:34:35 -0500] "GET /sipse/css/imagen/contrasena.png HTTP/1.1" 404 383
190.70.197.103 - - [07/Sep/2023:07:34:35 -0500] "GET /sipse/imagenes/cargando.gif HTTP/1.1" 304 -
190.70.197.103 - - [07/Sep/2023:07:34:35 -0500] "GET /sipse/imagenes/logoAplicacion.jpg HTTP/1.1" 304 -
190.70.197.103 - - [07/Sep/2023:07:34:38 -0500] "GET /sipse/faces/javax.faces.resource/images/ui-bg_flat_0_2d5972_40x100.png?ln=primefaces-aristo HTTP/1.1" 304 -
190.70.197.103 - - [07/Sep/2023:07:34:38 -0500] "POST /sipse/faces/bienvenido.xhtml HTTP/1.1" 200 2073
190.70.197.103 - - [07/Sep/2023:07:34:40 -0500] "POST /sipse/faces/bienvenido.xhtml HTTP/1.1" 200 2658
190.70.197.103 - - [07/Sep/2023:07:34:41 -0500] "POST /sipse/faces/bienvenido.xhtml HTTP/1.1" 200 66448
190.70.197.103 - - [07/Sep/2023:07:34:42 -0500] "GET /sipse/faces/javax.faces.resource/theme.css?ln=primefaces-sipse HTTP/1.1" 304 -
190.70.197.103 - - [07/Sep/2023:07:34:42 -0500] "GET /sipse/faces/javax.faces.resource/primefaces.css?ln=primefaces&v=4.0 HTTP/1.1" 304 -
190.70.197.103 - - [07/Sep/2023:07:34:43 -0500] "GET /sipse/faces/javax.faces.resource/layout/layout.css?ln=primefaces&v=4.0 HTTP/1.1" 304 -
190.70.197.103 - - [07/Sep/2023:07:34:43 -0500] "GET /sipse/faces/javax.faces.resource/jquery/jquery.js?ln=primefaces&v=4.0 HTTP/1.1" 304 -
190.70.197.103 - - [07/Sep/2023:07:34:43 -0500] "GET /sipse/faces/javax.faces.resource/jquery/jquery-plugins.js?ln=primefaces&v=4.0 HTTP/1.1" 304 -
190.70.197.103 - - [07/Sep/2023:07:34:43 -0500] "GET /sipse/faces/javax.faces.resource/primefaces.js?ln=primefaces&v=4.0 HTTP/1.1" 304 -
190.70.197.103 - - [07/Sep/2023:07:34:43 -0500] "GET /sipse/faces/javax.faces.resource/layout/layout.js?ln=primefaces&v=4.0 HTTP/1.1" 304 -
190.70.197.103 - - [07/Sep/2023:07:34:43 -0500] "POST /sipse/faces/presentacion/financiero/solicitudProceso/listarSolicitudProceso.xhtml HTTP/1.1" 200 1560
190.70.197.103 - - [07/Sep/2023:07:34:47 -0500] "POST /sipse/faces/presentacion/financiero/solicitudProceso/listarSolicitudProceso.xhtml HTTP/1.1" 200 44761
190.70.197.103 - - [07/Sep/2023:07:34:48 -0500] "POST /sipse/faces/presentacion/financiero/solicitudProceso/listarSolicitudProceso.xhtml HTTP/1.1" 200 44489
190.70.197.103 - - [07/Sep/2023:07:34:49 -0500] "POST /sipse/faces/presentacion/financiero/solicitudProceso/listarSolicitudProceso.xhtml HTTP/1.1" 200 44204
190.70.197.103 - - [07/Sep/2023:07:34:51 -0500] "POST /sipse/faces/presentacion/financiero/solicitudProceso/listarSolicitudProceso.xhtml HTTP/1.1" 200 20390
190.70.197.103 - - [07/Sep/2023:07:34:52 -0500] "POST /sipse/faces/presentacion/financiero/solicitudProceso/listarSolicitudProceso.xhtml HTTP/1.1" 200 17559
190.70.197.103 - - [07/Sep/2023:07:34:58 -0500] "POST /sipse/faces/presentacion/financiero/solicitudProceso/listarSolicitudProceso.xhtml HTTP/1.1" 200 114844
190.70.197.103 - - [07/Sep/2023:07:34:59 -0500] "GET /sipse/faces/javax.faces.resource/theme.css?ln=primefaces-sipse HTTP/1.1" 304 -
190.70.197.103 - - [07/Sep/2023:07:34:59 -0500] "GET /sipse/faces/javax.faces.resource/primefaces.css?ln=primefaces&v=4.0 HTTP/1.1" 304 -
190.70.197.103 - - [07/Sep/2023:07:34:59 -0500] "GET /sipse/faces/javax.faces.resource/layout/layout.css?ln=primefaces&v=4.0 HTTP/1.1" 304 -
190.70.197.103 - - [07/Sep/2023:07:34:59 -0500] "GET /sipse/faces/javax.faces.resource/jquery/jquery.js?ln=primefaces&v=4.0 HTTP/1.1" 304 -
190.70.197.103 - - [07/Sep/2023:07:34:59 -0500] "GET /sipse/faces/javax.faces.resource/jquery/jquery-plugins.js?ln=primefaces&v=4.0 HTTP/1.1" 304 -
190.70.197.103 - - [07/Sep/2023:07:34:59 -0500] "GET /sipse/faces/javax.faces.resource/primefaces.js?ln=primefaces&v=4.0 HTTP/1.1" 304 -
190.70.197.103 - - [07/Sep/2023:07:34:59 -0500] "GET /sipse/faces/javax.faces.resource/layout/layout.js?ln=primefaces&v=4.0 HTTP/1.1" 304 -
216.244.66.195 - - [07/Sep/2023:07:35:05 -0500] "GET /BLA/resoluciones/AUTOS%202016/1959.pdf HTTP/1.1" 200 380800
216.245.221.92 - - [07/Sep/2023:07:35:32 -0500] "HEAD / HTTP/1.1" 200 -
201.245.192.253 - - [07/Sep/2023:07:35:45 -0500] "POST /forms/lservlet;jsessionid=ac16012b30d62f4415040f2249ea9738ec9c1b9579b0.e3iSbxaKaheRe34Rch0Ra3mLchv0n6jAmljGr5XDqQLvpAe HTTP/1.1" 200 2
216.244.66.195 - - [07/Sep/2023:07:35:45 -0500] "GET /BLA/resoluciones/AUTOS%202016/2026.pdf HTTP/1.1" 200 586366
172.22.2.4 - - [07/Sep/2023:07:35:35 -0500] "GET /BLA/boletinlegal/ HTTP/1.1" 200 24523
201.245.192.253 - - [07/Sep/2023:07:36:19 -0500] "POST /kwsrmcab/Wsrmcab  HTTP/1.1" 200 42865
216.244.66.195 - - [07/Sep/2023:07:36:29 -0500] "GET /BLA/resoluciones/AUTOS%202016/2157.pdf HTTP/1.1" 200 331501
216.244.66.195 - - [07/Sep/2023:07:36:59 -0500] "GET /BLA/resoluciones/AUTOS%202016/2247.pdf HTTP/1.1" 200 372625
216.244.66.195 - - [07/Sep/2023:07:37:29 -0500] "GET /BLA/resoluciones/AUTOS%202016/2354.pdf HTTP/1.1" 200 382848
201.245.192.253 - - [07/Sep/2023:07:37:45 -0500] "POST /forms/lservlet;jsessionid=ac16012b30d62f4415040f2249ea9738ec9c1b9579b0.e3iSbxaKaheRe34Rch0Ra3mLchv0n6jAmljGr5XDqQLvpAe HTTP/1.1" 200 2
216.244.66.195 - - [07/Sep/2023:07:38:01 -0500] "GET /BLA/resoluciones/AUTOS%202016/2461.pdf HTTP/1.1" 200 384070
172.22.2.4 - - [07/Sep/2023:07:36:36 -0500] "HEAD /BLA/boletinlegal/ HTTP/1.1" 200 -
216.244.66.195 - - [07/Sep/2023:07:38:28 -0500] "GET /BLA/resoluciones/AUTOS%202016/2505.pdf HTTP/1.1" 200 508252
201.245.192.253 - - [07/Sep/2023:07:38:55 -0500] "POST /kwsrmcab/Wsrmcab HTTP/1.1" 200 41639
216.244.66.195 - - [07/Sep/2023:07:38:59 -0500] "GET /BLA/resoluciones/AUTOS%202016/2534.pdf HTTP/1.1" 200 593359
201.245.192.253 - - [07/Sep/2023:07:38:58 -0500] "POST /kwsrmcab/Wsrmcab HTTP/1.1" 200 40851
172.22.2.4 - - [07/Sep/2023:07:37:27 -0500] "GET /BLA/boletinlegal/ HTTP/1.1" 200 60692
216.244.66.195 - - [07/Sep/2023:07:39:27 -0500] "GET /BLA/resoluciones/AUTOS%202016/2554.pdf HTTP/1.1" 200 321963
201.245.192.253 - - [07/Sep/2023:07:39:45 -0500] "POST /forms/lservlet;jsessionid=ac16012b30d62f4415040f2249ea9738ec9c1b9579b0.e3iSbxaKaheRe34Rch0Ra3mLchv0n6jAmljGr5XDqQLvpAe HTTP/1.1" 200 2
216.244.66.195 - - [07/Sep/2023:07:39:52 -0500] "GET /BLA/resoluciones/AUTOS%202016/2722.pdf HTTP/1.1" 200 389138
216.244.66.195 - - [07/Sep/2023:07:40:29 -0500] "GET /BLA/resoluciones/AUTOS%202016/2951.pdf HTTP/1.1" 200 851892
216.245.221.92 - - [07/Sep/2023:07:40:32 -0500] "HEAD / HTTP/1.1" 200 -
172.22.2.4 - - [07/Sep/2023:07:40:11 -0500] "GET /BLA/boletinlegal/ HTTP/1.1" 200 24523
216.244.66.195 - - [07/Sep/2023:07:41:04 -0500] "GET /BLA/resoluciones/AUTOS%202016/3117.pdf HTTP/1.1" 200 186387
216.244.66.195 - - [07/Sep/2023:07:41:34 -0500] "GET /BLA/resoluciones/AUTOS%202011/3993.pdf HTTP/1.1" 200 221719
201.245.192.253 - - [07/Sep/2023:07:41:45 -0500] "POST /forms/lservlet;jsessionid=ac16012b30d62f4415040f2249ea9738ec9c1b9579b0.e3iSbxaKaheRe34Rch0Ra3mLchv0n6jAmljGr5XDqQLvpAe HTTP/1.1" 200 2
216.244.66.195 - - [07/Sep/2023:07:42:03 -0500] "GET /BLA/resoluciones/AUTOS%202007/1424.pdf HTTP/1.1" 200 91441
181.53.118.25 - - [07/Sep/2023:07:42:04 -0500] "GET /portaldeninos/ HTTP/1.1" 200 110175
181.53.118.25 - - [07/Sep/2023:07:42:06 -0500] "GET /portaldeninos/wp-content/uploads/2023/08/Infografia-Web-Infantil.mp4 HTTP/1.1" 206 301287
181.53.118.25 - - [07/Sep/2023:07:42:07 -0500] "GET /portaldeninos/wp-content/uploads/2023/08/Infografia-Web-Infantil.mp4 HTTP/1.1" 206 88290
181.53.118.25 - - [07/Sep/2023:07:42:07 -0500] "GET /portaldeninos/wp-content/uploads/2023/08/Infografia-Web-Infantil.mp4 HTTP/1.1" 206 3702784
181.53.118.25 - - [07/Sep/2023:07:42:06 -0500] "GET /portaldeninos/wp-content/uploads/2019/06/CabezoteAMBIENTIC.mp4 HTTP/1.1" 206 16777216
181.53.118.25 - - [07/Sep/2023:07:42:19 -0500] "GET /portaldeninos/wp-content/uploads/2019/06/CabezoteAMBIENTIC.mp4 HTTP/1.1" 206 3851965
216.244.66.195 - - [07/Sep/2023:07:42:29 -0500] "GET /BLA/resoluciones/AUTOS%202007/1916.pdf HTTP/1.1" 200 157258
216.244.66.195 - - [07/Sep/2023:07:42:56 -0500] "GET /BLA/resoluciones/AUTOS%202010/1272.pdf HTTP/1.1" 200 397192
40.77.167.24 - - [07/Sep/2023:07:43:13 -0500] "GET /BLA/resoluciones/RESOLUCIONES%202023/1461.pdf HTTP/1.1" 200 4929280
216.244.66.195 - - [07/Sep/2023:07:43:21 -0500] "GET /BLA/resoluciones/AUTOS%202010/1597.pdf HTTP/1.1" 200 1262351
201.245.192.253 - - [07/Sep/2023:07:43:45 -0500] "POST /forms/lservlet;jsessionid=ac16012b30d62f4415040f2249ea9738ec9c1b9579b0.e3iSbxaKaheRe34Rch0Ra3mLchv0n6jAmljGr5XDqQLvpAe HTTP/1.1" 200 2
216.244.66.195 - - [07/Sep/2023:07:43:46 -0500] "GET /BLA/resoluciones/AUTOS%202010/1913.pdf HTTP/1.1" 200 42340
172.22.2.4 - - [07/Sep/2023:07:42:26 -0500] "HEAD /BLA/boletinlegal/ HTTP/1.1" 200 -
216.244.66.195 - - [07/Sep/2023:07:44:09 -0500] "GET /BLA/resoluciones/AUTOS%202010/3616.pdf HTTP/1.1" 200 2463714
172.22.2.4 - - [07/Sep/2023:07:42:38 -0500] "GET /BLA/boletinlegal/ HTTP/1.1" 200 45003
172.22.2.4 - - [07/Sep/2023:07:43:17 -0500] "GET /BLA/boletinlegal/ HTTP/1.1" 200 54150
216.244.66.195 - - [07/Sep/2023:07:45:00 -0500] "GET /BLA/resoluciones/AUTOS%202010/4410.pdf HTTP/1.1" 200 142315
216.244.66.195 - - [07/Sep/2023:07:45:30 -0500] "GET /BLA/resoluciones/AUTOS%202010/5411.pdf HTTP/1.1" 200 1081691
216.245.221.92 - - [07/Sep/2023:07:45:32 -0500] "HEAD / HTTP/1.1" 200 -
201.245.192.253 - - [07/Sep/2023:07:45:45 -0500] "POST /forms/lservlet;jsessionid=ac16012b30d62f4415040f2249ea9738ec9c1b9579b0.e3iSbxaKaheRe34Rch0Ra3mLchv0n6jAmljGr5XDqQLvpAe HTTP/1.1" 200 2
181.53.118.25 - - [07/Sep/2023:07:45:49 -0500] "GET /portaldeninos/corresponsal-ambiental/ HTTP/1.1" 200 93768
181.53.118.25 - - [07/Sep/2023:07:45:51 -0500] "GET /portaldeninos/wp-content/uploads/2021/07/Banners-pa%CC%81gina-de-nin%CC%83os15.jpg HTTP/1.1" 200 26763
181.53.118.25 - - [07/Sep/2023:07:45:51 -0500] "GET /portaldeninos/wp-content/uploads/2021/07/corresponsal-ambiental.jpg HTTP/1.1" 200 76114
181.53.118.25 - - [07/Sep/2023:07:45:51 -0500] "GET /portaldeninos/wp-content/uploads/2021/05/corresponsal-ambiental-10-mayo.jpg HTTP/1.1" 200 87975
181.53.118.25 - - [07/Sep/2023:07:45:59 -0500] "GET /portaldeninos/wp-content/uploads/2023/08/Infografia-Web-Infantil.mp4 HTTP/1.1" 206 171188
216.244.66.195 - - [07/Sep/2023:07:46:02 -0500] "GET /BLA/resoluciones/AUTOS%202010/6407.pdf HTTP/1.1" 200 165360
181.53.118.25 - - [07/Sep/2023:07:45:59 -0500] "GET /portaldeninos/wp-content/uploads/2019/06/CabezoteAMBIENTIC.mp4 HTTP/1.1" 206 4194304
181.53.118.25 - - [07/Sep/2023:07:46:03 -0500] "GET /portaldeninos/wp-content/uploads/2019/06/CabezoteAMBIENTIC.mp4 HTTP/1.1" 206 378141
181.53.118.25 - - [07/Sep/2023:07:46:00 -0500] "GET /portaldeninos/wp-content/uploads/2023/08/Infografia-Web-Infantil.mp4 HTTP/1.1" 206 3225568
181.53.118.25 - - [07/Sep/2023:07:46:03 -0500] "GET /portaldeninos/parque-mirador-de-los-nevados/ HTTP/1.1" 200 89855
181.53.118.25 - - [07/Sep/2023:07:46:04 -0500] "GET /portaldeninos/wp-content/uploads/2021/07/Banners-pa%CC%81gina-de-nin%CC%83os5.jpg HTTP/1.1" 200 33413
181.53.118.25 - - [07/Sep/2023:07:46:04 -0500] "GET /portaldeninos/wp-content/uploads/2021/07/imagenes-con-marcos-pa%CC%81gina-de-nin%CC%83os-parque-los-nevados.jpg HTTP/1.1" 200 48675
181.53.118.25 - - [07/Sep/2023:07:46:04 -0500] "GET /portaldeninos/wp-content/uploads/2021/07/Recorrido-Aula-Mirador-de-los-Nevados.mp4 HTTP/1.1" 206 6043318
216.244.66.195 - - [07/Sep/2023:07:46:30 -0500] "GET /BLA/resoluciones/AUTOS%202010/6613.pdf HTTP/1.1" 200 150091
201.245.192.253 - - [07/Sep/2023:07:46:45 -0500] "GET /appsia/controlador HTTP/1.1" 200 4799
201.245.192.253 - - [07/Sep/2023:07:46:45 -0500] "GET /appsia/scripts/validarIngreso.js HTTP/1.1" 200 851
201.245.192.253 - - [07/Sep/2023:07:46:45 -0500] "GET /appsia/css/estilos.css HTTP/1.1" 200 4804
201.245.192.253 - - [07/Sep/2023:07:46:45 -0500] "GET /appsia/images/cabezoteHojaVida.png HTTP/1.1" 200 32493
201.245.192.253 - - [07/Sep/2023:07:46:45 -0500] "GET /appsia/images/logo_bogota_p.png HTTP/1.1" 200 14951
201.245.192.253 - - [07/Sep/2023:07:46:45 -0500] "GET /favicon.ico HTTP/1.1" 200 7782
201.245.192.253 - - [07/Sep/2023:07:46:48 -0500] "POST /appsia/controlador HTTP/1.1" 200 5437
201.245.192.253 - - [07/Sep/2023:07:46:52 -0500] "POST /appsia/controlador HTTP/1.1" 200 17879
201.245.192.253 - - [07/Sep/2023:07:46:52 -0500] "GET /appsia/images/logo_escudo.png HTTP/1.1" 200 36965
216.244.66.195 - - [07/Sep/2023:07:46:57 -0500] "GET /BLA/resoluciones/AUTOS%202011/3825.pdf HTTP/1.1" 200 360246
173.252.107.4 - - [07/Sep/2023:07:46:57 -0500] "GET /mas-de-28-toneladas-de-residuos-se-recolectaron-en-la-primera-reciclaton-2023.html HTTP/1.1" 200 726
216.244.66.195 - - [07/Sep/2023:07:47:24 -0500] "GET /BLA/resoluciones/AUTOS%202011/4011.pdf HTTP/1.1" 200 294215
201.245.192.253 - - [07/Sep/2023:07:47:30 -0500] "POST /kwsrmcab/Wsrmcab  HTTP/1.1" 200 42865
201.245.192.253 - - [07/Sep/2023:07:47:45 -0500] "POST /forms/lservlet;jsessionid=ac16012b30d62f4415040f2249ea9738ec9c1b9579b0.e3iSbxaKaheRe34Rch0Ra3mLchv0n6jAmljGr5XDqQLvpAe HTTP/1.1" 200 2
216.244.66.195 - - [07/Sep/2023:07:47:50 -0500] "GET /BLA/resoluciones/Decretos/Decreto%20720%20del%2020%20de%20Diciembre%20de%202017.pdf HTTP/1.1" 200 2806577
186.102.51.48 - - [07/Sep/2023:07:48:23 -0500] "GET /kwssiamovil/sm/ldap/au?x=U2FsdGVkX18lyXIOZa67wAZc/F0dRbKf7NzuCQeCDxnUb2hXcfYOqs21EseTu7bW&y=U2FsdGVkX18U8grv2/BgmWH1KzbOlHJWvFPRMxzJrvdfZGD0WEQWqyg0M3no893X HTTP/1.1" 200 30
186.102.51.48 - - [07/Sep/2023:07:48:24 -0500] "GET /kwssiamovil/sm/acme/s?s=U2FsdGVkX19LWyBK+hCvFhvP+vU1Gb/JNmgnYOuRjdS0519YvAfNxYyMTlZjIHlewIccVCIE1IG+lCQJLNrASiBwoXEFOksovIhBrxI7fJI=&u=U2FsdGVkX1/9quv/nG40yj1f+GY8lUIy9NpWtLuHJGBLo42SYQ5fS091UskIjepe&y=U2FsdGVkX18U8grv2/BgmWH1KzbOlHJWvFPRMxzJrvdfZGD0WEQWqyg0M3no893X HTTP/1.1" 200 97
186.102.51.48 - - [07/Sep/2023:07:48:24 -0500] "GET /kwssiamovil/sm/acme/s?s=U2FsdGVkX1/SoCsYi0HUDDiliORlavXUgXMSbJdluf1MaDNowHp9CrvnBAiMsvHza/65oBxR237gEOXAo+nEuK0xlf2tQuYGhEgP2KxHjWAD+8mYSqtO3UM4ogfiSU07aT40PQ+upJK4wXu4IIw/ZtwPiDn6T0m335zykDCv9xq+1Fr9T6xDsqgJ2SavlacDfGoQQEROmog1AK+02y/Grx7CmWyVF/dXNeSzPnL7+X87a+aewwNB4QIpeKqBoazDhy5knQ6DsgBhhshRDLS/a9PoS/8giprvP0FxhKZiyXQNENY8+ymrVT8uP0UdzmhQlTmbfuTog/T3+m9vK3zTDVlT4FcwDuuE0ei9mEHmy6Yx7/26mNueEGwP4wQshoEPGSkwwybY+nL3jngDGX0MptgqhPVJu3V+9iFe+OB/U6qyh7VOLwnkwcla1EQMv26tUfhEDMXQOiDS98IsCjT6pHhWok50bkKBVasHBNKX98Fm0Ynpk7JnG2hL0hwDD3oa5nlbNU5A+o1Ij5OSBJ3HGJzUPovl0+qtE19jPKwSLVY98vyr5aylvociZR/+J/dqU7dOOP0jqBPeSsEgjOYRARV+PENkzjjkLh79OG2GiyOEXnU0RWJbFIITAyaxEVTkfW5OT3gAW+fHhAEg+HYjWkD6h/MVytqj8otUCtcPs8NpNmqw+KRZDXAqf+krqmgXaOZAdeDB77gpncJoPdJ50BrPyq48h4c2dGtPCXtHT65GQwBUBfRH706bWxzckntq5z5tlPfUTbbKf/TOk7vQI1/AMEty6Lf27nM+dEbYNorNAY6u5C075ecWDw9ynm+Z4FEWKJUYsnnhCsTyXRIRB5HUCW0eKTNz+RUcfpuANJ6rKohry4OWG7VQVWCusQaJHFc8bOHs1wbvzkT5GOpV1jzQSSasstwWQJddPLGJ184C40F0Jo76MtAJa278Y+ush9tAjbUEQhciOwkCXwMp/THk2iBOHVMxDu3WvX8dFiT4faSQ3iKoejR7YLBtQxTlNIrC8Z+fo3vAmmeM3tS0gAEleqRMXKoMcwV1+1Z8vrB0fUEML7p8IGQl2HdWvOyOEWnjxLx5HhLCeg7NkdtAOeGphXg+A6+XT2LdtpbKjOLtVcuZfLdYDHE5EIJB8qRtwmFmDL+GPCBhG72LUtWi/fz8CuDXUvSxSmKihmAbddSlUvgtpglemoIYxIBglLxbV9tx+zDp0KtfrReLeZs+3N+D1Du00V3ng7T5w4MTzFRZl3Tg6jWMAG+lF7QzYbPKFHGsHt51fGWq4FcrV7B/sZ0NWib1RC0TsmrvIvEGbHFEJfQhkiMvOpz1sYGnTiv02y3Eetwfg4rVYHHDJ51YWBTZOEM8qLnRJ/+DbUV8UPlWcV6LL601ABrhvFU6Oeo3aqzZUhi9KtJnRyZdpKAN0Y7wtCoNQsaTz5IwhDbAn9A=&u=U2FsdGVkX1/9quv/nG40yj1f+GY8lUIy9NpWtLuHJGBLo42SYQ5fS091UskIjepe&y=U2FsdGVkX18U8grv2/BgmWH1KzbOlHJWvFPRMxzJrvdfZGD0WEQWqyg0M3no893X HTTP/1.1" 200 2207
186.102.51.48 - - [07/Sep/2023:07:48:24 -0500] "GET /kwssiamovil/sm/acme/s?s=U2FsdGVkX1/mZKdKC9R9Y6qSThhhtQfH/10xXAXAtLN0unrBDxUGhsTIcfW2bF3jVzhGg8z0hc1onoqwz2mROHnjuagm9KYU+rYy5ZoG8nWb7H3ISm0qOG4eWlgOa/BDHl0r2a/tBE3cxz6Hy0oqlfaiHKV6Bi+odywQFgmj0J7j+5UJeNcy0WCmxjc6q/SbGwYIYUm9jzLh+w2lgVxEF0efqMOAhodNtGD5Szk+vW1p2GZgA/fzuHCw76hA5ch+OL1Tdm81AwINEXh7BMkj5x1adEWsML/vytkPrn12twqq1FSJF+vLW3W8OASYdr/Y7O14R3O+beJrRN25z29qiptHyAOPCeTi8kvH0ZiawsM=&u=U2FsdGVkX1/9quv/nG40yj1f+GY8lUIy9NpWtLuHJGBLo42SYQ5fS091UskIjepe&y=U2FsdGVkX18U8grv2/BgmWH1KzbOlHJWvFPRMxzJrvdfZGD0WEQWqyg0M3no893X HTTP/1.1" 200 196
186.102.51.48 - - [07/Sep/2023:07:48:24 -0500] "GET /kwssiamovil/sm/cjson/pre?f=1&x=U2FsdGVkX18lyXIOZa67wAZc/F0dRbKf7NzuCQeCDxnUb2hXcfYOqs21EseTu7bW HTTP/1.1" 200 31032
216.244.66.195 - - [07/Sep/2023:07:48:35 -0500] "GET /BLA/resoluciones/RESOLUCIONES%202016/0615.pdf HTTP/1.1" 200 480948
216.244.66.195 - - [07/Sep/2023:07:49:09 -0500] "GET /BLA/resoluciones/RESOLUCIONES%202016/0870.pdf HTTP/1.1" 200 364139
172.22.2.4 - - [07/Sep/2023:07:49:31 -0500] "GET /BLA/boletinlegal/favicon.ico HTTP/1.1" 404 1018
172.22.2.4 - - [07/Sep/2023:07:49:32 -0500] "GET /BLA/boletinlegal/robots.txt HTTP/1.1" 404 1018
172.22.2.4 - - [07/Sep/2023:07:49:33 -0500] "GET /BLA/boletinlegal/js/jquery.js HTTP/1.1" 200 57254
172.22.2.4 - - [07/Sep/2023:07:49:35 -0500] "GET /BLA/boletinlegal/js/jquery.scrollTo-min.js HTTP/1.1" 200 1150
172.22.2.4 - - [07/Sep/2023:07:49:36 -0500] "GET /BLA/boletinlegal/js/jquery.scrollShow.js HTTP/1.1" 200 4586
216.244.66.195 - - [07/Sep/2023:07:49:39 -0500] "GET /BLA/resoluciones/RESOLUCIONES%202016/1036.pdf HTTP/1.1" 200 409179
201.245.192.253 - - [07/Sep/2023:07:49:45 -0500] "POST /forms/lservlet;jsessionid=ac16012b30d62f4415040f2249ea9738ec9c1b9579b0.e3iSbxaKaheRe34Rch0Ra3mLchv0n6jAmljGr5XDqQLvpAe HTTP/1.1" 200 2
172.22.2.4 - - [07/Sep/2023:07:48:44 -0500] "GET /BLA/boletinlegal/ HTTP/1.1" 200 36811
172.22.2.4 - - [07/Sep/2023:07:48:16 -0500] "HEAD /BLA/boletinlegal/ HTTP/1.1" 200 -
216.244.66.195 - - [07/Sep/2023:07:50:07 -0500] "GET /BLA/resoluciones/RESOLUCIONES%202016/1387.pdf HTTP/1.1" 200 776901
172.22.2.4 - - [07/Sep/2023:07:49:04 -0500] "GET /BLA/boletinlegal/ HTTP/1.1" 200 36811
216.245.221.92 - - [07/Sep/2023:07:50:32 -0500] "HEAD / HTTP/1.1" 200 -
216.244.66.195 - - [07/Sep/2023:07:50:37 -0500] "GET /BLA/resoluciones/RESOLUCIONES%202016/1529.pdf HTTP/1.1" 200 853653
172.22.2.4 - - [07/Sep/2023:07:49:07 -0500] "GET /BLA/boletinlegal/ HTTP/1.1" 200 52068
216.244.66.195 - - [07/Sep/2023:07:51:05 -0500] "GET /BLA/resoluciones/RESOLUCIONES%202016/1546.pdf HTTP/1.1" 200 498573
216.244.66.195 - - [07/Sep/2023:07:51:31 -0500] "GET /BLA/resoluciones/RESOLUCIONES%202016/1698.pdf HTTP/1.1" 200 586527
201.245.192.253 - - [07/Sep/2023:07:51:45 -0500] "POST /forms/lservlet;jsessionid=ac16012b30d62f4415040f2249ea9738ec9c1b9579b0.e3iSbxaKaheRe34Rch0Ra3mLchv0n6jAmljGr5XDqQLvpAe HTTP/1.1" 200 2
216.244.66.195 - - [07/Sep/2023:07:51:55 -0500] "GET /BLA/resoluciones/RESOLUCIONES%202017/0158.pdf HTTP/1.1" 200 2480347
216.244.66.195 - - [07/Sep/2023:07:52:36 -0500] "GET /BLA/resoluciones/RESOLUCIONES%202017/0301.pdf HTTP/1.1" 200 395772
201.245.192.253 - - [07/Sep/2023:07:52:36 -0500] "POST /kwsrmcab/Wsrmcab  HTTP/1.1" 200 42865
216.244.66.195 - - [07/Sep/2023:07:53:07 -0500] "GET /BLA/resoluciones/RESOLUCIONES%202017/0760.pdf HTTP/1.1" 200 432133
216.244.66.195 - - [07/Sep/2023:07:53:36 -0500] "GET /BLA/resoluciones/RESOLUCIONES%202017/0800.pdf HTTP/1.1" 200 577127
201.245.192.253 - - [07/Sep/2023:07:53:45 -0500] "POST /forms/lservlet;jsessionid=ac16012b30d62f4415040f2249ea9738ec9c1b9579b0.e3iSbxaKaheRe34Rch0Ra3mLchv0n6jAmljGr5XDqQLvpAe HTTP/1.1" 200 2
104.28.92.33 - - [07/Sep/2023:07:53:57 -0500] "GET /sipse/faces/faces/autenticacion.xhtml HTTP/1.1" 200 12496
104.28.92.33 - - [07/Sep/2023:07:53:57 -0500] "GET /sipse/faces/javax.faces.resource/layout/layout.js;jsessionid=SpaQCfeTXFWiaaCsmFP77bu5.undefined?ln=primefaces&v=4.0 HTTP/1.1" 200 87560
104.28.92.33 - - [07/Sep/2023:07:53:57 -0500] "GET /sipse/faces/javax.faces.resource/layout/layout.css;jsessionid=SpaQCfeTXFWiaaCsmFP77bu5.undefined?ln=primefaces&v=4.0 HTTP/1.1" 200 542
104.28.92.33 - - [07/Sep/2023:07:53:57 -0500] "GET /sipse/faces/javax.faces.resource/primefaces.css;jsessionid=SpaQCfeTXFWiaaCsmFP77bu5.undefined?ln=primefaces&v=4.0 HTTP/1.1" 200 53295
104.28.92.33 - - [07/Sep/2023:07:53:57 -0500] "GET /sipse/js/funciones.js HTTP/1.1" 200 12592
104.28.92.33 - - [07/Sep/2023:07:53:57 -0500] "GET /sipse/js/disable_browser_buttons.js HTTP/1.1" 200 3230
104.28.92.33 - - [07/Sep/2023:07:53:57 -0500] "GET /sipse/faces/javax.faces.resource/jquery/jquery.js;jsessionid=SpaQCfeTXFWiaaCsmFP77bu5.undefined?ln=primefaces&v=4.0 HTTP/1.1" 200 105384
104.28.92.33 - - [07/Sep/2023:07:53:57 -0500] "GET /sipse/css/custom_css_sg.css HTTP/1.1" 200 9694
104.28.92.33 - - [07/Sep/2023:07:53:57 -0500] "GET /sipse/faces/javax.faces.resource/jquery/jquery-plugins.js;jsessionid=SpaQCfeTXFWiaaCsmFP77bu5.undefined?ln=primefaces&v=4.0 HTTP/1.1" 200 220526
104.28.92.33 - - [07/Sep/2023:07:53:58 -0500] "GET /sipse/css/custom_css_sg_prime_login.css HTTP/1.1" 200 443
104.28.92.33 - - [07/Sep/2023:07:53:58 -0500] "GET /sipse/faces/javax.faces.resource/theme.css?ln=primefaces-sipse HTTP/1.1" 304 -
104.28.92.33 - - [07/Sep/2023:07:53:57 -0500] "GET /sipse/faces/javax.faces.resource/primefaces.js;jsessionid=SpaQCfeTXFWiaaCsmFP77bu5.undefined?ln=primefaces&v=4.0 HTTP/1.1" 200 276924
104.28.92.33 - - [07/Sep/2023:07:53:58 -0500] "GET /sipse/faces/javax.faces.resource/images/ui-icons_898989_256x240.png?ln=primefaces-aristo HTTP/1.1" 200 5355
104.28.92.33 - - [07/Sep/2023:07:53:58 -0500] "GET /sipse/css/imagen/loginimg.png HTTP/1.1" 200 71635
104.28.92.33 - - [07/Sep/2023:07:53:58 -0500] "GET /sipse/css/imagen/logoSDG.png HTTP/1.1" 200 53064
104.28.92.33 - - [07/Sep/2023:07:53:58 -0500] "GET /sipse/faces/faces/index.xhtml HTTP/1.1" 200 677
104.28.92.33 - - [07/Sep/2023:07:53:59 -0500] "GET /sipse/faces/javax.faces.resource/theme.css?ln=primefaces-sipse HTTP/1.1" 304 -
104.28.92.33 - - [07/Sep/2023:07:53:59 -0500] "GET /sipse/faces/faces/faces/autenticacion.xhtml HTTP/1.1" 200 12174
104.28.92.33 - - [07/Sep/2023:07:53:59 -0500] "GET /sipse/faces/javax.faces.resource/layout/layout.css?ln=primefaces&v=4.0 HTTP/1.1" 304 -
104.28.92.33 - - [07/Sep/2023:07:53:59 -0500] "GET /sipse/faces/javax.faces.resource/theme.css?ln=primefaces-sipse HTTP/1.1" 304 -
104.28.92.33 - - [07/Sep/2023:07:53:59 -0500] "GET /sipse/faces/javax.faces.resource/primefaces.css?ln=primefaces&v=4.0 HTTP/1.1" 304 -
104.28.92.33 - - [07/Sep/2023:07:53:59 -0500] "GET /sipse/faces/javax.faces.resource/jquery/jquery-plugins.js?ln=primefaces&v=4.0 HTTP/1.1" 304 -
104.28.92.33 - - [07/Sep/2023:07:53:59 -0500] "GET /sipse/faces/javax.faces.resource/layout/layout.js?ln=primefaces&v=4.0 HTTP/1.1" 200 87560
104.28.92.33 - - [07/Sep/2023:07:53:59 -0500] "GET /sipse/faces/javax.faces.resource/jquery/jquery.js?ln=primefaces&v=4.0 HTTP/1.1" 200 105384
104.28.92.33 - - [07/Sep/2023:07:53:59 -0500] "GET /sipse/faces/javax.faces.resource/primefaces.js?ln=primefaces&v=4.0 HTTP/1.1" 304 -
