!C99Shell v. 1.0 pre-release build #13!

Software: Apache. PHP/5.5.15 

uname -a: Windows NT SVR-DMZ 6.1 build 7600 (Windows Server 2008 R2 Enterprise Edition) i586 

SYSTEM 

Safe-mode: OFF (not secure)

E:\nuevo\apache\logs\   drwxrwxrwx
Free 7.34 GB of 239.26 GB (3.07%)
Detected drives: [ a ] [ c ] [ d ] [ e ] [ f ]
Home    Back    Forward    UPDIR    Refresh    Search    Buffer    Encoder    Tools    Proc.    FTP brute    Sec.    SQL    PHP-code    Update    Feedback    Self remove    Logout    


Viewing file:     access.2023.09.07.log (3.23 MB)      -rw-rw-rw-
Select action/file-type:
(+) | (+) | (+) | Code (+) | Session (+) | (+) | SDB (+) | (+) | (+) | (+) | (+) | (+) |
216.244.66.195 - - [07/Sep/2023:00:00:04 -0500] "GET /BLA/resoluciones/AUTOS%202016/2517.pdf HTTP/1.1" 200 452055
216.245.221.92 - - [07/Sep/2023:00:00:33 -0500] "HEAD / HTTP/1.1" 200 -
216.244.66.195 - - [07/Sep/2023:00:00:35 -0500] "GET /BLA/resoluciones/AUTOS%202016/2525.pdf HTTP/1.1" 200 475364
216.244.66.195 - - [07/Sep/2023:00:01:06 -0500] "GET /BLA/resoluciones/AUTOS%202016/2686.pdf HTTP/1.1" 200 392733
216.244.66.195 - - [07/Sep/2023:00:01:35 -0500] "GET /BLA/resoluciones/AUTOS%202016/2697.pdf HTTP/1.1" 200 506978
201.245.192.253 - - [07/Sep/2023:00:01:44 -0500] "POST /forms/lservlet;jsessionid=ac16012b30d62f4415040f2249ea9738ec9c1b9579b0.e3iSbxaKaheRe34Rch0Ra3mLchv0n6jAmljGr5XDqQLvpAe HTTP/1.1" 200 2
216.244.66.195 - - [07/Sep/2023:00:02:07 -0500] "GET /BLA/resoluciones/AUTOS%202016/2829.pdf HTTP/1.1" 200 379731
216.244.66.195 - - [07/Sep/2023:00:02:33 -0500] "GET /BLA/resoluciones/AUTOS%202016/2869.pdf HTTP/1.1" 200 404482
201.245.192.253 - - [07/Sep/2023:00:02:56 -0500] "POST /kwsrmcab/Wsrmcab  HTTP/1.1" 200 42865
216.244.66.195 - - [07/Sep/2023:00:03:00 -0500] "GET /BLA/resoluciones/AUTOS%202007/1949.pdf HTTP/1.1" 200 94697
177.222.51.91 - - [07/Sep/2023:00:03:06 -0500] "GET / HTTP/1.1" 200 319
172.22.2.4 - - [07/Sep/2023:00:01:37 -0500] "HEAD /BLA/boletinlegal/ HTTP/1.1" 200 -
216.244.66.195 - - [07/Sep/2023:00:03:25 -0500] "GET /BLA/resoluciones/AUTOS%202004/0188.pdf HTTP/1.1" 200 41481
201.245.192.253 - - [07/Sep/2023:00:03:44 -0500] "POST /forms/lservlet;jsessionid=ac16012b30d62f4415040f2249ea9738ec9c1b9579b0.e3iSbxaKaheRe34Rch0Ra3mLchv0n6jAmljGr5XDqQLvpAe HTTP/1.1" 200 2
216.244.66.195 - - [07/Sep/2023:00:03:48 -0500] "GET /BLA/resoluciones/AUTOS%202010/0427.pdf HTTP/1.1" 200 301127
172.22.2.4 - - [07/Sep/2023:00:02:28 -0500] "GET /BLA/boletinlegal/ HTTP/1.1" 200 60692
216.244.66.195 - - [07/Sep/2023:00:04:11 -0500] "GET /BLA/resoluciones/AUTOS%202010/0602.pdf HTTP/1.1" 200 176459
216.244.66.195 - - [07/Sep/2023:00:04:33 -0500] "GET /BLA/resoluciones/AUTOS%202010/0699.pdf HTTP/1.1" 200 184401
216.244.66.195 - - [07/Sep/2023:00:04:54 -0500] "GET /BLA/resoluciones/AUTOS%202010/0774.pdf HTTP/1.1" 200 193547
216.244.66.195 - - [07/Sep/2023:00:05:14 -0500] "GET /BLA/resoluciones/AUTOS%202010/0852.pdf HTTP/1.1" 200 187169
216.244.66.195 - - [07/Sep/2023:00:05:33 -0500] "GET /BLA/resoluciones/AUTOS%202010/1380.pdf HTTP/1.1" 200 253161
216.245.221.92 - - [07/Sep/2023:00:05:33 -0500] "HEAD / HTTP/1.1" 200 -
201.245.192.253 - - [07/Sep/2023:00:05:44 -0500] "POST /forms/lservlet;jsessionid=ac16012b30d62f4415040f2249ea9738ec9c1b9579b0.e3iSbxaKaheRe34Rch0Ra3mLchv0n6jAmljGr5XDqQLvpAe HTTP/1.1" 200 2
52.167.144.206 - - [07/Sep/2023:00:05:53 -0500] "GET /BLA/resoluciones/AUTOS%202023/4166.pdf HTTP/1.1" 200 416637
216.244.66.195 - - [07/Sep/2023:00:05:53 -0500] "GET /BLA/resoluciones/AUTOS%202010/2459.pdf HTTP/1.1" 200 377786
216.244.66.195 - - [07/Sep/2023:00:06:31 -0500] "GET /BLA/resoluciones/AUTOS%202010/4435.pdf HTTP/1.1" 200 1224063
216.244.66.195 - - [07/Sep/2023:00:07:18 -0500] "GET /BLA/resoluciones/AUTOS%202010/4506.pdf HTTP/1.1" 200 326365
201.245.192.253 - - [07/Sep/2023:00:07:44 -0500] "POST /forms/lservlet;jsessionid=ac16012b30d62f4415040f2249ea9738ec9c1b9579b0.e3iSbxaKaheRe34Rch0Ra3mLchv0n6jAmljGr5XDqQLvpAe HTTP/1.1" 200 2
216.244.66.195 - - [07/Sep/2023:00:07:49 -0500] "GET /BLA/resoluciones/AUTOS%202010/4575.pdf HTTP/1.1" 200 170591
201.245.192.253 - - [07/Sep/2023:00:07:55 -0500] "POST /kwsrmcab/Wsrmcab  HTTP/1.1" 200 42865
216.244.66.195 - - [07/Sep/2023:00:08:21 -0500] "GET /BLA/resoluciones/AUTOS%202010/5239.pdf HTTP/1.1" 200 253523
216.244.66.195 - - [07/Sep/2023:00:08:49 -0500] "GET /BLA/resoluciones/AUTOS%202010/5380.pdf HTTP/1.1" 200 2689304
172.22.2.4 - - [07/Sep/2023:00:08:51 -0500] "GET /BLA/boletinlegal/robots.txt HTTP/1.1" 404 1038
172.22.2.4 - - [07/Sep/2023:00:07:27 -0500] "HEAD /BLA/boletinlegal/ HTTP/1.1" 200 -
216.244.66.195 - - [07/Sep/2023:00:09:29 -0500] "GET /BLA/resoluciones/AUTOS%202010/5434.pdf HTTP/1.1" 200 284872
201.245.192.253 - - [07/Sep/2023:00:09:44 -0500] "POST /forms/lservlet;jsessionid=ac16012b30d62f4415040f2249ea9738ec9c1b9579b0.e3iSbxaKaheRe34Rch0Ra3mLchv0n6jAmljGr5XDqQLvpAe HTTP/1.1" 200 2
172.22.2.4 - - [07/Sep/2023:00:08:18 -0500] "GET /BLA/boletinlegal/ HTTP/1.1" 200 47438
216.244.66.195 - - [07/Sep/2023:00:10:01 -0500] "GET /BLA/resoluciones/AUTOS%202010/5486.pdf HTTP/1.1" 200 139575
216.244.66.195 - - [07/Sep/2023:00:10:30 -0500] "GET /BLA/resoluciones/AUTOS%202010/5545.pdf HTTP/1.1" 200 911751
172.22.2.4 - - [07/Sep/2023:00:08:52 -0500] "GET /BLA/boletinlegal/ HTTP/1.1" 200 48660
216.245.221.92 - - [07/Sep/2023:00:10:33 -0500] "HEAD / HTTP/1.1" 200 -
216.244.66.195 - - [07/Sep/2023:00:10:59 -0500] "GET /BLA/resoluciones/AUTOS%202010/5801.pdf HTTP/1.1" 200 291751
216.244.66.195 - - [07/Sep/2023:00:11:26 -0500] "GET /BLA/resoluciones/AUTOS%202010/6221.pdf HTTP/1.1" 200 259513
201.245.192.253 - - [07/Sep/2023:00:11:44 -0500] "POST /forms/lservlet;jsessionid=ac16012b30d62f4415040f2249ea9738ec9c1b9579b0.e3iSbxaKaheRe34Rch0Ra3mLchv0n6jAmljGr5XDqQLvpAe HTTP/1.1" 200 2
216.244.66.195 - - [07/Sep/2023:00:11:56 -0500] "GET /BLA/resoluciones/AUTOS%202010/6356.pdf HTTP/1.1" 200 172061
216.244.66.195 - - [07/Sep/2023:00:12:21 -0500] "GET /BLA/resoluciones/RESOLUCIONES%202016/0427.pdf HTTP/1.1" 200 858762
216.244.66.195 - - [07/Sep/2023:00:12:47 -0500] "GET /BLA/resoluciones/RESOLUCIONES%202016/1093.pdf HTTP/1.1" 200 364194
201.245.192.253 - - [07/Sep/2023:00:12:54 -0500] "POST /kwsrmcab/Wsrmcab  HTTP/1.1" 200 42865
216.244.66.195 - - [07/Sep/2023:00:13:13 -0500] "GET /BLA/resoluciones/RESOLUCIONES%202016/1796.pdf HTTP/1.1" 200 669603
216.244.66.195 - - [07/Sep/2023:00:13:36 -0500] "GET /BLA/resoluciones/RESOLUCIONES%202016/2417.pdf HTTP/1.1" 200 761848
201.245.192.253 - - [07/Sep/2023:00:13:44 -0500] "POST /forms/lservlet;jsessionid=ac16012b30d62f4415040f2249ea9738ec9c1b9579b0.e3iSbxaKaheRe34Rch0Ra3mLchv0n6jAmljGr5XDqQLvpAe HTTP/1.1" 200 2
216.244.66.195 - - [07/Sep/2023:00:13:59 -0500] "GET /BLA/resoluciones/RESOLUCIONES%202016/2560.pdf HTTP/1.1" 200 326298
66.249.66.193 - - [07/Sep/2023:00:14:17 -0500] "GET /acuerdos-de-conservacion-herramienta-para-la-preservacion-y-conocimiento-de-la-biodiversidad.html HTTP/1.1" 200 865
216.244.66.195 - - [07/Sep/2023:00:14:20 -0500] "GET /BLA/resoluciones/RESOLUCIONES%202017/0261.pdf HTTP/1.1" 200 467494
216.244.66.195 - - [07/Sep/2023:00:14:42 -0500] "GET /BLA/resoluciones/RESOLUCIONES%202017/0603.pdf HTTP/1.1" 200 472538
52.167.144.195 - - [07/Sep/2023:00:14:45 -0500] "GET /BLA/resoluciones/RESOLUCIONES%202012/0649.pdf HTTP/1.1" 200 576499
172.22.2.4 - - [07/Sep/2023:00:13:17 -0500] "HEAD /BLA/boletinlegal/ HTTP/1.1" 200 -
216.244.66.195 - - [07/Sep/2023:00:15:02 -0500] "GET /BLA/resoluciones/RESOLUCIONES%202017/0696.pdf HTTP/1.1" 200 306709
152.61.192.232 - - [07/Sep/2023:00:15:15 -0500] "GET / HTTP/1.1" 200 319
216.244.66.195 - - [07/Sep/2023:00:15:21 -0500] "GET /BLA/resoluciones/RESOLUCIONES%202017/0888.pdf HTTP/1.1" 200 321938
216.245.221.92 - - [07/Sep/2023:00:15:33 -0500] "HEAD / HTTP/1.1" 200 -
216.244.66.195 - - [07/Sep/2023:00:15:38 -0500] "GET /BLA/resoluciones/RESOLUCIONES%202017/1301.pdf HTTP/1.1" 200 330528
52.167.144.108 - - [07/Sep/2023:00:15:44 -0500] "GET /Publicaciones/2023EE203646.pdf HTTP/1.1" 200 162087
201.245.192.253 - - [07/Sep/2023:00:15:44 -0500] "POST /forms/lservlet;jsessionid=ac16012b30d62f4415040f2249ea9738ec9c1b9579b0.e3iSbxaKaheRe34Rch0Ra3mLchv0n6jAmljGr5XDqQLvpAe HTTP/1.1" 200 2
172.22.2.4 - - [07/Sep/2023:00:14:08 -0500] "GET /BLA/boletinlegal/ HTTP/1.1" 200 60692
216.244.66.195 - - [07/Sep/2023:00:15:55 -0500] "GET /BLA/resoluciones/RESOLUCIONES%202017/1487.pdf HTTP/1.1" 200 405159
216.244.66.195 - - [07/Sep/2023:00:16:17 -0500] "GET /BLA/resoluciones/RESOLUCIONES%202017/1777.pdf HTTP/1.1" 200 1858192
216.244.66.195 - - [07/Sep/2023:00:17:04 -0500] "GET /BLA/resoluciones/RESOLUCIONES%202017/1830.pdf HTTP/1.1" 200 1080028
216.244.66.195 - - [07/Sep/2023:00:17:36 -0500] "GET /BLA/resoluciones/RESOLUCIONES%202017/1901.pdf HTTP/1.1" 200 412040
201.245.192.253 - - [07/Sep/2023:00:17:44 -0500] "POST /forms/lservlet;jsessionid=ac16012b30d62f4415040f2249ea9738ec9c1b9579b0.e3iSbxaKaheRe34Rch0Ra3mLchv0n6jAmljGr5XDqQLvpAe HTTP/1.1" 200 2
201.245.192.253 - - [07/Sep/2023:00:17:53 -0500] "POST /kwsrmcab/Wsrmcab  HTTP/1.1" 200 42865
216.244.66.195 - - [07/Sep/2023:00:18:06 -0500] "GET /BLA/resoluciones/RESOLUCIONES%202017/1923.pdf HTTP/1.1" 200 437842
40.77.167.208 - - [07/Sep/2023:00:18:35 -0500] "GET /BLA/resoluciones/AUTOS%202023/3257.pdf HTTP/1.1" 200 722003
216.244.66.195 - - [07/Sep/2023:00:18:37 -0500] "GET /BLA/resoluciones/RESOLUCIONES%202017/2064.pdf HTTP/1.1" 200 368405
201.245.192.253 - - [07/Sep/2023:00:18:57 -0500] "POST /kwsrmcab/Wsrmcab HTTP/1.1" 200 41605
201.245.192.253 - - [07/Sep/2023:00:19:01 -0500] "POST /kwsrmcab/Wsrmcab HTTP/1.1" 200 40675
216.244.66.195 - - [07/Sep/2023:00:19:04 -0500] "GET /BLA/resoluciones/RESOLUCIONES%202017/2410.pdf HTTP/1.1" 200 313274
216.244.66.195 - - [07/Sep/2023:00:19:31 -0500] "GET /BLA/resoluciones/RESOLUCIONES%202017/2695.pdf HTTP/1.1" 200 56481162
201.245.192.253 - - [07/Sep/2023:00:19:44 -0500] "POST /forms/lservlet;jsessionid=ac16012b30d62f4415040f2249ea9738ec9c1b9579b0.e3iSbxaKaheRe34Rch0Ra3mLchv0n6jAmljGr5XDqQLvpAe HTTP/1.1" 200 2
52.167.144.195 - - [07/Sep/2023:00:20:05 -0500] "GET /BLA/resoluciones/AUTOS%202023/2603.pdf HTTP/1.1" 200 1395677
216.244.66.195 - - [07/Sep/2023:00:20:06 -0500] "GET /BLA/resoluciones/RESOLUCIONES%202017/2754.pdf HTTP/1.1" 200 373465
216.245.221.92 - - [07/Sep/2023:00:20:33 -0500] "HEAD / HTTP/1.1" 200 -
216.244.66.195 - - [07/Sep/2023:00:20:37 -0500] "GET /BLA/resoluciones/RESOLUCIONES%202017/3077.pdf HTTP/1.1" 200 345784
172.22.2.4 - - [07/Sep/2023:00:19:07 -0500] "HEAD /BLA/boletinlegal/ HTTP/1.1" 200 -
66.249.66.194 - - [07/Sep/2023:00:20:59 -0500] "GET /inscribete-en-este-proceso-de-formacion-para-ser-un-lider-o-una-lideresa-ambiental-en-tu-localidad.html HTTP/1.1" 304 -
216.244.66.195 - - [07/Sep/2023:00:21:06 -0500] "GET /BLA/resoluciones/RESOLUCIONES%202017/3196.pdf HTTP/1.1" 200 394134
216.244.66.195 - - [07/Sep/2023:00:21:35 -0500] "GET /BLA/resoluciones/RESOLUCIONES%202017/3716.pdf HTTP/1.1" 200 283732
172.22.2.4 - - [07/Sep/2023:00:19:58 -0500] "GET /BLA/boletinlegal/ HTTP/1.1" 200 60692
201.245.192.253 - - [07/Sep/2023:00:21:44 -0500] "POST /forms/lservlet;jsessionid=ac16012b30d62f4415040f2249ea9738ec9c1b9579b0.e3iSbxaKaheRe34Rch0Ra3mLchv0n6jAmljGr5XDqQLvpAe HTTP/1.1" 200 2
216.244.66.195 - - [07/Sep/2023:00:22:02 -0500] "GET /BLA/resoluciones/RESOLUCIONES%202019/0094.pdf HTTP/1.1" 200 298744
216.244.66.195 - - [07/Sep/2023:00:22:29 -0500] "GET /BLA/resoluciones/RESOLUCIONES%202019/1269.pdf HTTP/1.1" 200 326502
201.245.192.253 - - [07/Sep/2023:00:22:51 -0500] "POST /kwsrmcab/Wsrmcab  HTTP/1.1" 200 42865
216.244.66.195 - - [07/Sep/2023:00:22:54 -0500] "GET /BLA/resoluciones/AUTOS%202007/0212.pdf HTTP/1.1" 200 13571
216.244.66.195 - - [07/Sep/2023:00:23:18 -0500] "GET /BLA/resoluciones/AUTOS%202007/0223.pdf HTTP/1.1" 200 19734
216.244.66.195 - - [07/Sep/2023:00:23:40 -0500] "GET /BLA/resoluciones/AUTOS%202007/0268.pdf HTTP/1.1" 200 82600
201.245.192.253 - - [07/Sep/2023:00:23:44 -0500] "POST /forms/lservlet;jsessionid=ac16012b30d62f4415040f2249ea9738ec9c1b9579b0.e3iSbxaKaheRe34Rch0Ra3mLchv0n6jAmljGr5XDqQLvpAe HTTP/1.1" 200 2
114.119.139.133 - - [07/Sep/2023:00:23:59 -0500] "GET /BLA/resoluciones/index.php?dir=RESOLUCIONES%2B2017/ HTTP/1.1" 200 13903
216.244.66.195 - - [07/Sep/2023:00:24:03 -0500] "GET /BLA/resoluciones/AUTOS%202007/0286.pdf HTTP/1.1" 200 69121
216.244.66.195 - - [07/Sep/2023:00:24:24 -0500] "GET /BLA/resoluciones/AUTOS%202007/0495.pdf HTTP/1.1" 200 17189
216.244.66.195 - - [07/Sep/2023:00:24:43 -0500] "GET /BLA/resoluciones/AUTOS%202007/0600.pdf HTTP/1.1" 200 65935
152.61.128.50 - - [07/Sep/2023:00:24:58 -0500] "GET / HTTP/1.1" 200 319
216.244.66.195 - - [07/Sep/2023:00:25:02 -0500] "GET /BLA/resoluciones/AUTOS%202007/0682.pdf HTTP/1.1" 200 203092
114.119.159.87 - - [07/Sep/2023:00:25:06 -0500] "GET /BLA/resoluciones/index.php?dir=Notificaciones/AUTOS%2B2022/ HTTP/1.1" 200 13944
216.244.66.195 - - [07/Sep/2023:00:25:21 -0500] "GET /BLA/resoluciones/AUTOS%202007/0863.pdf HTTP/1.1" 200 74722
216.245.221.92 - - [07/Sep/2023:00:25:33 -0500] "HEAD / HTTP/1.1" 200 -
216.244.66.195 - - [07/Sep/2023:00:25:37 -0500] "GET /BLA/resoluciones/AUTOS%202007/0913.pdf HTTP/1.1" 200 163425
162.55.173.23 - - [07/Sep/2023:00:25:39 -0500] "GET / HTTP/1.1" 200 4720
162.55.173.23 - - [07/Sep/2023:00:25:39 -0500] "GET / HTTP/1.1" 200 319
201.245.192.253 - - [07/Sep/2023:00:25:44 -0500] "POST /forms/lservlet;jsessionid=ac16012b30d62f4415040f2249ea9738ec9c1b9579b0.e3iSbxaKaheRe34Rch0Ra3mLchv0n6jAmljGr5XDqQLvpAe HTTP/1.1" 200 2
216.244.66.195 - - [07/Sep/2023:00:25:55 -0500] "GET /BLA/resoluciones/AUTOS%202007/0952.pdf HTTP/1.1" 200 24042
216.244.66.195 - - [07/Sep/2023:00:26:10 -0500] "GET /BLA/resoluciones/AUTOS%202007/1569.pdf HTTP/1.1" 200 31642
216.244.66.195 - - [07/Sep/2023:00:26:24 -0500] "GET /BLA/resoluciones/AUTOS%202007/1789.pdf HTTP/1.1" 200 43276
114.119.153.112 - - [07/Sep/2023:00:26:29 -0500] "GET /BLA/resoluciones/index.php?dir=AUTOS%2B2007/&sort=name&order=asc HTTP/1.1" 200 13882
172.22.2.4 - - [07/Sep/2023:00:24:57 -0500] "HEAD /BLA/boletinlegal/ HTTP/1.1" 200 -
216.244.66.195 - - [07/Sep/2023:00:26:37 -0500] "GET /BLA/resoluciones/AUTOS%202007/1795.pdf HTTP/1.1" 200 132646
216.244.66.195 - - [07/Sep/2023:00:26:50 -0500] "GET /BLA/resoluciones/AUTOS%202009/0819.pdf HTTP/1.1" 200 77573
216.244.66.195 - - [07/Sep/2023:00:27:01 -0500] "GET /BLA/resoluciones/AUTOS%202009/0852.pdf HTTP/1.1" 200 61414
216.244.66.195 - - [07/Sep/2023:00:27:10 -0500] "GET /BLA/resoluciones/AUTOS%202009/1660.pdf HTTP/1.1" 200 281409
216.244.66.195 - - [07/Sep/2023:00:27:20 -0500] "GET /BLA/resoluciones/AUTOS%202009/1671.pdf HTTP/1.1" 200 124364
172.22.2.4 - - [07/Sep/2023:00:25:48 -0500] "GET /BLA/boletinlegal/ HTTP/1.1" 200 58597
216.244.66.195 - - [07/Sep/2023:00:27:28 -0500] "GET /BLA/resoluciones/AUTOS%202009/1678.pdf HTTP/1.1" 200 122243
216.244.66.195 - - [07/Sep/2023:00:27:35 -0500] "GET /BLA/resoluciones/AUTOS%202009/1705.pdf HTTP/1.1" 200 124221
172.22.2.4 - - [07/Sep/2023:00:27:03 -0500] "GET /BLA/boletinlegal/ HTTP/1.1" 200 24523
216.244.66.195 - - [07/Sep/2023:00:27:41 -0500] "GET /BLA/resoluciones/AUTOS%202009/1940.pdf HTTP/1.1" 200 218255
201.245.192.253 - - [07/Sep/2023:00:27:44 -0500] "POST /forms/lservlet;jsessionid=ac16012b30d62f4415040f2249ea9738ec9c1b9579b0.e3iSbxaKaheRe34Rch0Ra3mLchv0n6jAmljGr5XDqQLvpAe HTTP/1.1" 200 2
216.244.66.195 - - [07/Sep/2023:00:27:47 -0500] "GET /BLA/resoluciones/AUTOS%202009/2031.pdf HTTP/1.1" 200 99876
201.245.192.253 - - [07/Sep/2023:00:27:51 -0500] "POST /kwsrmcab/Wsrmcab  HTTP/1.1" 200 42865
201.245.192.253 - - [07/Sep/2023:00:28:57 -0500] "POST /kwsrmcab/Wsrmcab HTTP/1.1" 200 41605
201.245.192.253 - - [07/Sep/2023:00:29:01 -0500] "POST /kwsrmcab/Wsrmcab HTTP/1.1" 200 40675
201.245.192.253 - - [07/Sep/2023:00:29:44 -0500] "POST /forms/lservlet;jsessionid=ac16012b30d62f4415040f2249ea9738ec9c1b9579b0.e3iSbxaKaheRe34Rch0Ra3mLchv0n6jAmljGr5XDqQLvpAe HTTP/1.1" 200 2
216.245.221.92 - - [07/Sep/2023:00:30:33 -0500] "HEAD / HTTP/1.1" 200 -
40.77.167.29 - - [07/Sep/2023:00:30:36 -0500] "GET /Publicaciones/2023EE202469.pdf HTTP/1.1" 200 404624
201.245.192.253 - - [07/Sep/2023:00:31:44 -0500] "POST /forms/lservlet;jsessionid=ac16012b30d62f4415040f2249ea9738ec9c1b9579b0.e3iSbxaKaheRe34Rch0Ra3mLchv0n6jAmljGr5XDqQLvpAe HTTP/1.1" 200 2
172.22.2.4 - - [07/Sep/2023:00:30:47 -0500] "HEAD /BLA/boletinlegal/ HTTP/1.1" 200 -
201.245.192.253 - - [07/Sep/2023:00:32:49 -0500] "POST /kwsrmcab/Wsrmcab  HTTP/1.1" 200 42865
172.22.2.4 - - [07/Sep/2023:00:31:38 -0500] "GET /BLA/boletinlegal/ HTTP/1.1" 200 60692
201.245.192.253 - - [07/Sep/2023:00:33:44 -0500] "POST /forms/lservlet;jsessionid=ac16012b30d62f4415040f2249ea9738ec9c1b9579b0.e3iSbxaKaheRe34Rch0Ra3mLchv0n6jAmljGr5XDqQLvpAe HTTP/1.1" 200 2
216.245.221.92 - - [07/Sep/2023:00:35:33 -0500] "HEAD / HTTP/1.1" 200 -
201.245.192.253 - - [07/Sep/2023:00:35:44 -0500] "POST /forms/lservlet;jsessionid=ac16012b30d62f4415040f2249ea9738ec9c1b9579b0.e3iSbxaKaheRe34Rch0Ra3mLchv0n6jAmljGr5XDqQLvpAe HTTP/1.1" 200 2
201.245.192.253 - - [07/Sep/2023:00:37:44 -0500] "POST /forms/lservlet;jsessionid=ac16012b30d62f4415040f2249ea9738ec9c1b9579b0.e3iSbxaKaheRe34Rch0Ra3mLchv0n6jAmljGr5XDqQLvpAe HTTP/1.1" 200 2
201.245.192.253 - - [07/Sep/2023:00:37:47 -0500] "POST /kwsrmcab/Wsrmcab  HTTP/1.1" 200 42865
172.22.2.4 - - [07/Sep/2023:00:36:37 -0500] "HEAD /BLA/boletinlegal/ HTTP/1.1" 200 -
52.167.144.44 - - [07/Sep/2023:00:38:35 -0500] "GET /galeria/galeria/fotos/Humedal-vaca7P.jpg HTTP/1.1" 200 11116
201.245.192.253 - - [07/Sep/2023:00:38:57 -0500] "POST /kwsrmcab/Wsrmcab HTTP/1.1" 200 41605
201.245.192.253 - - [07/Sep/2023:00:39:01 -0500] "POST /kwsrmcab/Wsrmcab HTTP/1.1" 200 40675
172.22.2.4 - - [07/Sep/2023:00:37:28 -0500] "GET /BLA/boletinlegal/ HTTP/1.1" 200 60692
201.245.192.253 - - [07/Sep/2023:00:39:44 -0500] "POST /forms/lservlet;jsessionid=ac16012b30d62f4415040f2249ea9738ec9c1b9579b0.e3iSbxaKaheRe34Rch0Ra3mLchv0n6jAmljGr5XDqQLvpAe HTTP/1.1" 200 2
52.167.144.239 - - [07/Sep/2023:00:40:28 -0500] "GET /BLA/resoluciones/AUTOS%202023/1762.pdf HTTP/1.1" 200 527793
216.245.221.92 - - [07/Sep/2023:00:40:33 -0500] "HEAD / HTTP/1.1" 200 -
216.244.66.195 - - [07/Sep/2023:00:41:23 -0500] "GET /robots.txt HTTP/1.1" 404 1018
201.245.192.253 - - [07/Sep/2023:00:41:44 -0500] "POST /forms/lservlet;jsessionid=ac16012b30d62f4415040f2249ea9738ec9c1b9579b0.e3iSbxaKaheRe34Rch0Ra3mLchv0n6jAmljGr5XDqQLvpAe HTTP/1.1" 200 2
172.22.2.4 - - [07/Sep/2023:00:41:55 -0500] "GET /BLA/boletinlegal/favicon.ico HTTP/1.1" 404 1018
172.22.2.4 - - [07/Sep/2023:00:41:25 -0500] "GET /BLA/boletinlegal/ HTTP/1.1" 200 32715
172.22.2.4 - - [07/Sep/2023:00:41:40 -0500] "GET /BLA/boletinlegal/ HTTP/1.1" 200 32715
201.245.192.253 - - [07/Sep/2023:00:42:46 -0500] "POST /kwsrmcab/Wsrmcab  HTTP/1.1" 200 42865
201.245.192.253 - - [07/Sep/2023:00:43:44 -0500] "POST /forms/lservlet;jsessionid=ac16012b30d62f4415040f2249ea9738ec9c1b9579b0.e3iSbxaKaheRe34Rch0Ra3mLchv0n6jAmljGr5XDqQLvpAe HTTP/1.1" 200 2
168.119.252.242 - - [07/Sep/2023:00:43:56 -0500] "GET / HTTP/1.1" 200 4720
168.119.252.242 - - [07/Sep/2023:00:43:58 -0500] "GET / HTTP/1.1" 200 319
172.22.2.4 - - [07/Sep/2023:00:42:27 -0500] "HEAD /BLA/boletinlegal/ HTTP/1.1" 200 -
172.22.2.4 - - [07/Sep/2023:00:43:18 -0500] "GET /BLA/boletinlegal/ HTTP/1.1" 200 60342
216.245.221.92 - - [07/Sep/2023:00:45:33 -0500] "HEAD / HTTP/1.1" 200 -
201.245.192.253 - - [07/Sep/2023:00:45:44 -0500] "POST /forms/lservlet;jsessionid=ac16012b30d62f4415040f2249ea9738ec9c1b9579b0.e3iSbxaKaheRe34Rch0Ra3mLchv0n6jAmljGr5XDqQLvpAe HTTP/1.1" 200 2
201.245.192.253 - - [07/Sep/2023:00:47:44 -0500] "POST /forms/lservlet;jsessionid=ac16012b30d62f4415040f2249ea9738ec9c1b9579b0.e3iSbxaKaheRe34Rch0Ra3mLchv0n6jAmljGr5XDqQLvpAe HTTP/1.1" 200 2
201.245.192.253 - - [07/Sep/2023:00:47:44 -0500] "POST /kwsrmcab/Wsrmcab  HTTP/1.1" 200 42865
152.61.192.232 - - [07/Sep/2023:00:48:17 -0500] "GET /arcgis/services/Calidad_del_Agua_WQI/MapServer/WMSServer?request=GetCapabilities&service=WMS HTTP/1.1" 503 1020
152.61.192.232 - - [07/Sep/2023:00:48:18 -0500] "GET /arcgis/services/Calidad_del_Agua_WQI/MapServer/WMSServer?SERVICE=WMS&REQUEST=GetCapabilities HTTP/1.1" 503 1020
152.61.192.232 - - [07/Sep/2023:00:48:18 -0500] "GET /arcgis/services/Calidad_del_Agua_WQI/MapServer/WMSServer?WMTVER=1.0.0&REQUEST=capabilities HTTP/1.1" 503 1020
201.245.192.253 - - [07/Sep/2023:00:49:44 -0500] "POST /forms/lservlet;jsessionid=ac16012b30d62f4415040f2249ea9738ec9c1b9579b0.e3iSbxaKaheRe34Rch0Ra3mLchv0n6jAmljGr5XDqQLvpAe HTTP/1.1" 200 2
172.22.2.4 - - [07/Sep/2023:00:48:17 -0500] "HEAD /BLA/boletinlegal/ HTTP/1.1" 200 -
216.244.66.195 - - [07/Sep/2023:00:50:07 -0500] "GET /BLA/resoluciones/index.php?dir=RESOLUCIONES+2016%2F HTTP/1.1" 200 172156
216.245.221.92 - - [07/Sep/2023:00:50:33 -0500] "HEAD / HTTP/1.1" 200 -
172.22.2.4 - - [07/Sep/2023:00:49:08 -0500] "GET /BLA/boletinlegal/ HTTP/1.1" 200 58186
66.249.70.7 - - [07/Sep/2023:00:51:01 -0500] "GET /BLA/resoluciones/Notificaciones/RESOLUCIONES%202022/5244.pdf HTTP/1.1" 304 -
61.135.159.148 - - [07/Sep/2023:00:51:10 -0500] "GET / HTTP/1.1" 200 319
201.245.192.253 - - [07/Sep/2023:00:51:44 -0500] "POST /forms/lservlet;jsessionid=ac16012b30d62f4415040f2249ea9738ec9c1b9579b0.e3iSbxaKaheRe34Rch0Ra3mLchv0n6jAmljGr5XDqQLvpAe HTTP/1.1" 200 2
216.244.66.195 - - [07/Sep/2023:00:52:28 -0500] "GET /Residuos/pinturas/pinturas.html HTTP/1.1" 200 1959
201.245.192.253 - - [07/Sep/2023:00:52:43 -0500] "POST /kwsrmcab/Wsrmcab  HTTP/1.1" 200 42865
201.245.192.253 - - [07/Sep/2023:00:53:44 -0500] "POST /forms/lservlet;jsessionid=ac16012b30d62f4415040f2249ea9738ec9c1b9579b0.e3iSbxaKaheRe34Rch0Ra3mLchv0n6jAmljGr5XDqQLvpAe HTTP/1.1" 200 2
216.244.66.195 - - [07/Sep/2023:00:54:12 -0500] "GET /BLA/resoluciones/AUTOS%202016/0089.pdf HTTP/1.1" 200 688513
216.244.66.195 - - [07/Sep/2023:00:54:18 -0500] "GET /BLA/resoluciones/AUTOS%202016/0429.pdf HTTP/1.1" 200 781661
216.244.66.195 - - [07/Sep/2023:00:54:24 -0500] "GET /BLA/resoluciones/AUTOS%202016/0562.pdf HTTP/1.1" 200 437116
216.244.66.195 - - [07/Sep/2023:00:54:29 -0500] "GET /BLA/resoluciones/AUTOS%202016/0564.pdf HTTP/1.1" 200 441374
216.244.66.195 - - [07/Sep/2023:00:54:35 -0500] "GET /BLA/resoluciones/AUTOS%202016/0688.pdf HTTP/1.1" 200 530683
216.244.66.195 - - [07/Sep/2023:00:54:40 -0500] "GET /BLA/resoluciones/AUTOS%202016/0689.pdf HTTP/1.1" 200 480575
216.244.66.195 - - [07/Sep/2023:00:54:49 -0500] "GET /BLA/resoluciones/AUTOS%202016/0808.pdf HTTP/1.1" 200 490616
216.244.66.195 - - [07/Sep/2023:00:54:55 -0500] "GET /BLA/resoluciones/AUTOS%202016/0833.pdf HTTP/1.1" 200 479782
162.55.175.142 - - [07/Sep/2023:00:55:11 -0500] "GET / HTTP/1.1" 200 319
162.55.175.142 - - [07/Sep/2023:00:55:11 -0500] "GET / HTTP/1.1" 200 4720
216.244.66.195 - - [07/Sep/2023:00:55:30 -0500] "GET /BLA/resoluciones/AUTOS%202016/0947.pdf HTTP/1.1" 200 442384
216.245.221.92 - - [07/Sep/2023:00:55:33 -0500] "HEAD / HTTP/1.1" 200 -
201.245.192.253 - - [07/Sep/2023:00:55:44 -0500] "POST /forms/lservlet;jsessionid=ac16012b30d62f4415040f2249ea9738ec9c1b9579b0.e3iSbxaKaheRe34Rch0Ra3mLchv0n6jAmljGr5XDqQLvpAe HTTP/1.1" 200 2
172.22.2.4 - - [07/Sep/2023:00:54:07 -0500] "HEAD /BLA/boletinlegal/ HTTP/1.1" 200 -
216.244.66.195 - - [07/Sep/2023:00:55:58 -0500] "GET /BLA/resoluciones/AUTOS%202016/1177.pdf HTTP/1.1" 200 385074
185.180.140.6 - - [07/Sep/2023:00:56:14 -0500] "GET / HTTP/1.1" 200 319
185.180.140.6 - - [07/Sep/2023:00:56:15 -0500] "GET /webfig/ HTTP/1.1" 404 1018
216.244.66.195 - - [07/Sep/2023:00:56:25 -0500] "GET /BLA/resoluciones/AUTOS%202016/1386.pdf HTTP/1.1" 200 582014
172.22.2.4 - - [07/Sep/2023:00:54:58 -0500] "GET /BLA/boletinlegal/ HTTP/1.1" 200 58187
216.244.66.195 - - [07/Sep/2023:00:56:52 -0500] "GET /BLA/resoluciones/AUTOS%202016/1410.pdf HTTP/1.1" 200 364882
216.244.66.195 - - [07/Sep/2023:00:57:17 -0500] "GET /BLA/resoluciones/AUTOS%202016/1687.pdf HTTP/1.1" 200 626182
216.244.66.195 - - [07/Sep/2023:00:57:41 -0500] "GET /BLA/resoluciones/AUTOS%202016/2237.pdf HTTP/1.1" 200 408891
201.245.192.253 - - [07/Sep/2023:00:57:44 -0500] "POST /forms/lservlet;jsessionid=ac16012b30d62f4415040f2249ea9738ec9c1b9579b0.e3iSbxaKaheRe34Rch0Ra3mLchv0n6jAmljGr5XDqQLvpAe HTTP/1.1" 200 2
201.245.192.253 - - [07/Sep/2023:00:57:42 -0500] "POST /kwsrmcab/Wsrmcab  HTTP/1.1" 200 42865
66.249.66.194 - - [07/Sep/2023:00:58:04 -0500] "GET /recuperados HTTP/1.1" 404 1034
216.244.66.195 - - [07/Sep/2023:00:58:10 -0500] "GET /BLA/resoluciones/AUTOS%202016/2785.pdf HTTP/1.1" 200 381495
216.244.66.195 - - [07/Sep/2023:00:58:38 -0500] "GET /BLA/resoluciones/AUTOS%202016/3014.pdf HTTP/1.1" 200 405102
216.244.66.195 - - [07/Sep/2023:00:59:05 -0500] "GET /BLA/resoluciones/AUTOS%202016/3025.pdf HTTP/1.1" 200 391418
216.244.66.195 - - [07/Sep/2023:00:59:43 -0500] "GET /BLA/resoluciones/AUTOS%202010/0148.pdf HTTP/1.1" 200 176115
201.245.192.253 - - [07/Sep/2023:00:59:44 -0500] "POST /forms/lservlet;jsessionid=ac16012b30d62f4415040f2249ea9738ec9c1b9579b0.e3iSbxaKaheRe34Rch0Ra3mLchv0n6jAmljGr5XDqQLvpAe HTTP/1.1" 200 2
216.244.66.195 - - [07/Sep/2023:01:00:13 -0500] "GET /BLA/resoluciones/AUTOS%202010/0153.pdf HTTP/1.1" 200 187921
216.245.221.92 - - [07/Sep/2023:01:00:33 -0500] "HEAD / HTTP/1.1" 200 -
216.244.66.195 - - [07/Sep/2023:01:00:43 -0500] "GET /BLA/resoluciones/AUTOS%202010/0165.pdf HTTP/1.1" 200 282821
52.167.144.180 - - [07/Sep/2023:01:00:46 -0500] "GET /BLA/resoluciones/AUTOS%202023/3964.pdf HTTP/1.1" 200 442577
216.244.66.195 - - [07/Sep/2023:01:01:20 -0500] "GET /BLA/resoluciones/AUTOS%202010/0429.pdf HTTP/1.1" 200 298373
114.119.134.95 - - [07/Sep/2023:01:01:21 -0500] "GET /BLA/resoluciones/index.php?dir=Notificaciones/REGISTROS%2B2019/ HTTP/1.1" 200 13956
172.22.2.4 - - [07/Sep/2023:00:59:57 -0500] "HEAD /BLA/boletinlegal/ HTTP/1.1" 200 -
52.167.144.180 - - [07/Sep/2023:01:01:39 -0500] "GET /Publicaciones/2023EE205027.pdf HTTP/1.1" 200 231983
201.245.192.253 - - [07/Sep/2023:01:01:44 -0500] "POST /forms/lservlet;jsessionid=ac16012b30d62f4415040f2249ea9738ec9c1b9579b0.e3iSbxaKaheRe34Rch0Ra3mLchv0n6jAmljGr5XDqQLvpAe HTTP/1.1" 200 2
216.244.66.195 - - [07/Sep/2023:01:01:54 -0500] "GET /BLA/resoluciones/AUTOS%202010/0568.pdf HTTP/1.1" 200 284795
172.22.2.4 - - [07/Sep/2023:01:00:48 -0500] "GET /BLA/boletinlegal/ HTTP/1.1" 200 58187
216.244.66.195 - - [07/Sep/2023:01:02:34 -0500] "GET /BLA/resoluciones/AUTOS%202010/0777.pdf HTTP/1.1" 200 190185
201.245.192.253 - - [07/Sep/2023:01:02:41 -0500] "POST /kwsrmcab/Wsrmcab  HTTP/1.1" 200 42865
216.244.66.195 - - [07/Sep/2023:01:03:05 -0500] "GET /BLA/resoluciones/AUTOS%202010/0805.pdf HTTP/1.1" 200 177083
216.244.66.195 - - [07/Sep/2023:01:03:38 -0500] "GET /BLA/resoluciones/AUTOS%202010/0806.pdf HTTP/1.1" 200 182993
201.245.192.253 - - [07/Sep/2023:01:03:44 -0500] "POST /forms/lservlet;jsessionid=ac16012b30d62f4415040f2249ea9738ec9c1b9579b0.e3iSbxaKaheRe34Rch0Ra3mLchv0n6jAmljGr5XDqQLvpAe HTTP/1.1" 200 2
216.244.66.195 - - [07/Sep/2023:01:04:08 -0500] "GET /BLA/resoluciones/AUTOS%202010/0845.pdf HTTP/1.1" 200 178021
216.244.66.195 - - [07/Sep/2023:01:04:37 -0500] "GET /BLA/resoluciones/AUTOS%202010/0848.pdf HTTP/1.1" 200 178563
216.244.66.195 - - [07/Sep/2023:01:05:07 -0500] "GET /BLA/resoluciones/AUTOS%202010/1096.pdf HTTP/1.1" 200 188283
216.244.66.195 - - [07/Sep/2023:01:05:32 -0500] "GET /BLA/resoluciones/AUTOS%202010/1154.pdf HTTP/1.1" 200 147222
216.245.221.92 - - [07/Sep/2023:01:05:33 -0500] "HEAD / HTTP/1.1" 200 -
201.245.192.253 - - [07/Sep/2023:01:05:44 -0500] "POST /forms/lservlet;jsessionid=ac16012b30d62f4415040f2249ea9738ec9c1b9579b0.e3iSbxaKaheRe34Rch0Ra3mLchv0n6jAmljGr5XDqQLvpAe HTTP/1.1" 200 2
216.244.66.195 - - [07/Sep/2023:01:05:56 -0500] "GET /BLA/resoluciones/AUTOS%202010/1309.pdf HTTP/1.1" 200 267883
216.244.66.195 - - [07/Sep/2023:01:06:20 -0500] "GET /BLA/resoluciones/AUTOS%202010/1375.pdf HTTP/1.1" 200 242770
216.244.66.195 - - [07/Sep/2023:01:06:46 -0500] "GET /BLA/resoluciones/AUTOS%202010/1443.pdf HTTP/1.1" 200 203739
216.244.66.195 - - [07/Sep/2023:01:07:10 -0500] "GET /BLA/resoluciones/AUTOS%202010/1461.pdf HTTP/1.1" 200 250993
172.22.2.4 - - [07/Sep/2023:01:05:47 -0500] "HEAD /BLA/boletinlegal/ HTTP/1.1" 200 -
216.244.66.195 - - [07/Sep/2023:01:07:31 -0500] "GET /BLA/resoluciones/AUTOS%202010/2227.pdf HTTP/1.1" 200 1953045
201.245.192.253 - - [07/Sep/2023:01:07:40 -0500] "POST /kwsrmcab/Wsrmcab  HTTP/1.1" 200 42865
201.245.192.253 - - [07/Sep/2023:01:07:44 -0500] "POST /forms/lservlet;jsessionid=ac16012b30d62f4415040f2249ea9738ec9c1b9579b0.e3iSbxaKaheRe34Rch0Ra3mLchv0n6jAmljGr5XDqQLvpAe HTTP/1.1" 200 2
172.22.2.4 - - [07/Sep/2023:01:08:04 -0500] "GET /BLA/boletinlegal/actos.php HTTP/1.1" 200 9682
216.244.66.195 - - [07/Sep/2023:01:08:16 -0500] "GET /BLA/resoluciones/AUTOS%202010/2358.pdf HTTP/1.1" 200 112420
172.22.2.4 - - [07/Sep/2023:01:06:38 -0500] "GET /BLA/boletinlegal/ HTTP/1.1" 200 60692
216.244.66.195 - - [07/Sep/2023:01:08:47 -0500] "GET /BLA/resoluciones/AUTOS%202010/2606.pdf HTTP/1.1" 200 158119
216.244.66.195 - - [07/Sep/2023:01:09:16 -0500] "GET /BLA/resoluciones/AUTOS%202010/3610.pdf HTTP/1.1" 200 2017287
201.245.192.253 - - [07/Sep/2023:01:09:44 -0500] "POST /forms/lservlet;jsessionid=ac16012b30d62f4415040f2249ea9738ec9c1b9579b0.e3iSbxaKaheRe34Rch0Ra3mLchv0n6jAmljGr5XDqQLvpAe HTTP/1.1" 200 2
216.244.66.195 - - [07/Sep/2023:01:09:59 -0500] "GET /BLA/resoluciones/AUTOS%202010/3756.pdf HTTP/1.1" 200 1489911
216.245.221.92 - - [07/Sep/2023:01:10:33 -0500] "HEAD / HTTP/1.1" 200 -
216.244.66.195 - - [07/Sep/2023:01:10:38 -0500] "GET /BLA/resoluciones/AUTOS%202010/4421.pdf HTTP/1.1" 200 142387
172.22.2.4 - - [07/Sep/2023:01:09:22 -0500] "GET /BLA/boletinlegal/ HTTP/1.1" 200 62795
216.244.66.195 - - [07/Sep/2023:01:11:10 -0500] "GET /BLA/resoluciones/AUTOS%202010/5307.pdf HTTP/1.1" 200 211073
172.22.2.4 - - [07/Sep/2023:01:11:11 -0500] "GET /BLA/boletinlegal/login.php HTTP/1.1" 404 1186
216.244.66.195 - - [07/Sep/2023:01:11:39 -0500] "GET /BLA/resoluciones/AUTOS%202010/5493.pdf HTTP/1.1" 200 214181
201.245.192.253 - - [07/Sep/2023:01:11:44 -0500] "POST /forms/lservlet;jsessionid=ac16012b30d62f4415040f2249ea9738ec9c1b9579b0.e3iSbxaKaheRe34Rch0Ra3mLchv0n6jAmljGr5XDqQLvpAe HTTP/1.1" 200 2
216.244.66.195 - - [07/Sep/2023:01:12:09 -0500] "GET /BLA/resoluciones/AUTOS%202010/5526.pdf HTTP/1.1" 200 195896
216.244.66.195 - - [07/Sep/2023:01:12:37 -0500] "GET /BLA/resoluciones/AUTOS%202010/5564.pdf HTTP/1.1" 200 1078234
201.245.192.253 - - [07/Sep/2023:01:12:39 -0500] "POST /kwsrmcab/Wsrmcab  HTTP/1.1" 200 42865
216.244.66.195 - - [07/Sep/2023:01:13:04 -0500] "GET /BLA/resoluciones/AUTOS%202010/5693.pdf HTTP/1.1" 200 172467
172.22.2.4 - - [07/Sep/2023:01:11:37 -0500] "HEAD /BLA/boletinlegal/ HTTP/1.1" 200 -
216.244.66.195 - - [07/Sep/2023:01:13:30 -0500] "GET /BLA/resoluciones/AUTOS%202010/6654.pdf HTTP/1.1" 200 155473
201.245.192.253 - - [07/Sep/2023:01:13:44 -0500] "POST /forms/lservlet;jsessionid=ac16012b30d62f4415040f2249ea9738ec9c1b9579b0.e3iSbxaKaheRe34Rch0Ra3mLchv0n6jAmljGr5XDqQLvpAe HTTP/1.1" 200 2
216.244.66.195 - - [07/Sep/2023:01:13:55 -0500] "GET /BLA/resoluciones/AUTOS%202011/2208.pdf HTTP/1.1" 200 218295
172.22.2.4 - - [07/Sep/2023:01:12:28 -0500] "GET /BLA/boletinlegal/ HTTP/1.1" 200 56970
216.244.66.195 - - [07/Sep/2023:01:14:21 -0500] "GET /BLA/resoluciones/AUTOS%202011/3823.pdf HTTP/1.1" 200 333346
216.244.66.195 - - [07/Sep/2023:01:14:43 -0500] "GET /BLA/resoluciones/AUTOS%202011/3841.pdf HTTP/1.1" 200 231133
216.244.66.195 - - [07/Sep/2023:01:15:05 -0500] "GET /BLA/resoluciones/RESOLUCIONES%202016/1861.pdf HTTP/1.1" 200 971992
216.245.221.92 - - [07/Sep/2023:01:15:33 -0500] "HEAD / HTTP/1.1" 200 -
216.244.66.195 - - [07/Sep/2023:01:15:44 -0500] "GET /BLA/resoluciones/RESOLUCIONES%202016/2220.pdf HTTP/1.1" 200 717166
201.245.192.253 - - [07/Sep/2023:01:15:44 -0500] "POST /forms/lservlet;jsessionid=ac16012b30d62f4415040f2249ea9738ec9c1b9579b0.e3iSbxaKaheRe34Rch0Ra3mLchv0n6jAmljGr5XDqQLvpAe HTTP/1.1" 200 2
216.244.66.195 - - [07/Sep/2023:01:16:15 -0500] "GET /BLA/resoluciones/RESOLUCIONES%202016/2303.pdf HTTP/1.1" 200 365062
74.125.212.225 - - [07/Sep/2023:01:16:31 -0500] "GET /bla/resoluciones/RESOLUCIONES%202009/4573.pdf HTTP/1.1" 200 3033915
216.244.66.195 - - [07/Sep/2023:01:16:45 -0500] "GET /BLA/resoluciones/RESOLUCIONES%202016/2337.pdf HTTP/1.1" 200 365243
216.244.66.195 - - [07/Sep/2023:01:17:14 -0500] "GET /BLA/resoluciones/RESOLUCIONES%202016/2428.pdf HTTP/1.1" 200 525416
201.245.192.253 - - [07/Sep/2023:01:17:39 -0500] "POST /kwsrmcab/Wsrmcab  HTTP/1.1" 200 42865
216.244.66.195 - - [07/Sep/2023:01:17:43 -0500] "GET /BLA/resoluciones/RESOLUCIONES%202016/2442.pdf HTTP/1.1" 200 472302
201.245.192.253 - - [07/Sep/2023:01:17:44 -0500] "POST /forms/lservlet;jsessionid=ac16012b30d62f4415040f2249ea9738ec9c1b9579b0.e3iSbxaKaheRe34Rch0Ra3mLchv0n6jAmljGr5XDqQLvpAe HTTP/1.1" 200 2
216.244.66.195 - - [07/Sep/2023:01:18:10 -0500] "GET /BLA/resoluciones/RESOLUCIONES%202017/0216.pdf HTTP/1.1" 200 766680
216.244.66.195 - - [07/Sep/2023:01:18:36 -0500] "GET /BLA/resoluciones/RESOLUCIONES%202017/0304.pdf HTTP/1.1" 200 400206
201.245.192.253 - - [07/Sep/2023:01:18:56 -0500] "POST /kwsrmcab/Wsrmcab HTTP/1.1" 200 41769
216.244.66.195 - - [07/Sep/2023:01:19:01 -0500] "GET /BLA/resoluciones/RESOLUCIONES%202017/0580.pdf HTTP/1.1" 200 507943
201.245.192.253 - - [07/Sep/2023:01:19:00 -0500] "POST /kwsrmcab/Wsrmcab HTTP/1.1" 200 40654
172.22.2.4 - - [07/Sep/2023:01:17:27 -0500] "HEAD /BLA/boletinlegal/ HTTP/1.1" 200 -
216.244.66.195 - - [07/Sep/2023:01:19:24 -0500] "GET /BLA/resoluciones/RESOLUCIONES%202017/0690.pdf HTTP/1.1" 200 744424
168.119.253.69 - - [07/Sep/2023:01:19:27 -0500] "GET / HTTP/1.1" 200 319
168.119.253.69 - - [07/Sep/2023:01:19:29 -0500] "GET / HTTP/1.1" 200 4720
172.22.2.4 - - [07/Sep/2023:01:18:03 -0500] "GET /BLA/boletinlegal/ HTTP/1.1" 200 50177
201.245.192.253 - - [07/Sep/2023:01:19:44 -0500] "POST /forms/lservlet;jsessionid=ac16012b30d62f4415040f2249ea9738ec9c1b9579b0.e3iSbxaKaheRe34Rch0Ra3mLchv0n6jAmljGr5XDqQLvpAe HTTP/1.1" 200 2
216.244.66.195 - - [07/Sep/2023:01:19:47 -0500] "GET /BLA/resoluciones/RESOLUCIONES%202017/1093.pdf HTTP/1.1" 200 544746
172.22.2.4 - - [07/Sep/2023:01:18:18 -0500] "GET /BLA/boletinlegal/ HTTP/1.1" 200 50790
216.244.66.195 - - [07/Sep/2023:01:20:10 -0500] "GET /BLA/resoluciones/RESOLUCIONES%202017/1104.pdf HTTP/1.1" 200 1888400
152.61.128.50 - - [07/Sep/2023:01:20:19 -0500] "GET /arcgis/services/Calidad_del_Agua_WQI/MapServer/WMSServer?request=GetCapabilities&service=WMS HTTP/1.1" 503 1020
152.61.128.50 - - [07/Sep/2023:01:20:21 -0500] "GET /arcgis/services/Calidad_del_Agua_WQI/MapServer/WMSServer?SERVICE=WMS&REQUEST=GetCapabilities HTTP/1.1" 503 1020
152.61.128.50 - - [07/Sep/2023:01:20:21 -0500] "GET /arcgis/services/Calidad_del_Agua_WQI/MapServer/WMSServer?WMTVER=1.0.0&REQUEST=capabilities HTTP/1.1" 503 1020
216.245.221.92 - - [07/Sep/2023:01:20:33 -0500] "HEAD / HTTP/1.1" 200 -
216.244.66.195 - - [07/Sep/2023:01:20:33 -0500] "GET /BLA/resoluciones/RESOLUCIONES%202017/1369.pdf HTTP/1.1" 200 407734
216.244.66.195 - - [07/Sep/2023:01:20:53 -0500] "GET /BLA/resoluciones/RESOLUCIONES%202017/1679.pdf HTTP/1.1" 200 424922
216.244.66.195 - - [07/Sep/2023:01:21:11 -0500] "GET /BLA/resoluciones/RESOLUCIONES%202017/1786.pdf HTTP/1.1" 200 380570
54.183.219.138 - - [07/Sep/2023:01:21:11 -0500] "GET /portaldeninos/ HTTP/1.1" 200 110175
216.244.66.195 - - [07/Sep/2023:01:21:29 -0500] "GET /BLA/resoluciones/RESOLUCIONES%202017/1862.pdf HTTP/1.1" 200 428713
201.245.192.253 - - [07/Sep/2023:01:21:44 -0500] "POST /forms/lservlet;jsessionid=ac16012b30d62f4415040f2249ea9738ec9c1b9579b0.e3iSbxaKaheRe34Rch0Ra3mLchv0n6jAmljGr5XDqQLvpAe HTTP/1.1" 200 2
216.244.66.195 - - [07/Sep/2023:01:21:45 -0500] "GET /BLA/resoluciones/RESOLUCIONES%202017/2153.pdf HTTP/1.1" 200 1691904
40.77.167.10 - - [07/Sep/2023:01:22:00 -0500] "GET /BLA/resoluciones/AUTOS%202023/4146.pdf HTTP/1.1" 200 408305
216.244.66.195 - - [07/Sep/2023:01:22:01 -0500] "GET /BLA/resoluciones/RESOLUCIONES%202017/2258.pdf HTTP/1.1" 200 304288
216.244.66.195 - - [07/Sep/2023:01:22:16 -0500] "GET /BLA/resoluciones/RESOLUCIONES%202017/2820.pdf HTTP/1.1" 200 279403
52.167.144.44 - - [07/Sep/2023:01:22:28 -0500] "GET /BLA/resoluciones/AUTOS%202023/2531.pdf HTTP/1.1" 200 796715
216.244.66.195 - - [07/Sep/2023:01:22:29 -0500] "GET /BLA/resoluciones/RESOLUCIONES%202017/3272.pdf HTTP/1.1" 200 347395
172.22.2.4 - - [07/Sep/2023:01:20:50 -0500] "GET /BLA/boletinlegal/ HTTP/1.1" 200 62795
182.70.66.0 - - [07/Sep/2023:01:22:36 -0500] "POST /appsia/controlador/xmlrpc.php HTTP/1.1" 405 104
117.4.1.83 - - [07/Sep/2023:01:22:36 -0500] "POST /xmlrpc.php HTTP/1.1" 404 1018
183.88.220.60 - - [07/Sep/2023:01:22:36 -0500] "POST /appsia/xmlrpc.php HTTP/1.1" 405 104
49.37.74.19 - - [07/Sep/2023:01:22:36 -0500] "POST /xmlrpc.php HTTP/1.1" 404 1018
47.11.27.160 - - [07/Sep/2023:01:22:36 -0500] "POST /appsia/xmlrpc.php HTTP/1.1" 405 104
223.206.243.135 - - [07/Sep/2023:01:22:36 -0500] "POST /appsia/controlador/xmlrpc.php HTTP/1.1" 405 104
201.245.192.253 - - [07/Sep/2023:01:22:38 -0500] "POST /kwsrmcab/Wsrmcab  HTTP/1.1" 200 42865
216.244.66.195 - - [07/Sep/2023:01:22:41 -0500] "GET /BLA/resoluciones/RESOLUCIONES%202017/3687.pdf HTTP/1.1" 200 3051986
103.215.237.211 - - [07/Sep/2023:01:22:43 -0500] "POST /xmlrpc.php HTTP/1.1" 404 1018
172.22.2.4 - - [07/Sep/2023:01:22:53 -0500] "GET /BLA/boletinlegal/actos.php HTTP/1.1" 200 9682
172.22.2.4 - - [07/Sep/2023:01:22:54 -0500] "GET /BLA/boletinlegal/favicon.ico HTTP/1.1" 404 1326
216.244.66.195 - - [07/Sep/2023:01:23:06 -0500] "GET /BLA/resoluciones/RESOLUCIONES%202017/3755.pdf HTTP/1.1" 200 2685796
172.22.2.4 - - [07/Sep/2023:01:23:21 -0500] "GET /BLA/boletinlegal/consulta_actos.php?tipo=resoluciones&no=3766&usuario=&sector=&fecha=2019&resuelve= HTTP/1.1" 200 1053
172.22.2.4 - - [07/Sep/2023:01:22:51 -0500] "GET /BLA/boletinlegal/ HTTP/1.1" 200 24523
216.244.66.195 - - [07/Sep/2023:01:23:39 -0500] "GET /BLA/resoluciones/RESOLUCIONES%202019/0017.pdf HTTP/1.1" 200 576273
181.58.60.135 - - [07/Sep/2023:01:23:43 -0500] "GET /BLA/resoluciones/ HTTP/1.1" 200 13696
181.58.60.135 - - [07/Sep/2023:01:23:43 -0500] "GET /favicon.ico HTTP/1.1" 200 7782
201.245.192.253 - - [07/Sep/2023:01:23:44 -0500] "POST /forms/lservlet;jsessionid=ac16012b30d62f4415040f2249ea9738ec9c1b9579b0.e3iSbxaKaheRe34Rch0Ra3mLchv0n6jAmljGr5XDqQLvpAe HTTP/1.1" 200 2
181.58.60.135 - - [07/Sep/2023:01:23:47 -0500] "GET /BLA/resoluciones/dlf/archive.png HTTP/1.1" 200 632
181.58.60.135 - - [07/Sep/2023:01:23:46 -0500] "GET /BLA/resoluciones/index.php?dir=AUTOS+2019%2F HTTP/1.1" 200 384889
216.244.66.195 - - [07/Sep/2023:01:24:10 -0500] "GET /BLA/resoluciones/RESOLUCIONES%202019/0661.pdf HTTP/1.1" 200 322768
216.244.66.195 - - [07/Sep/2023:01:24:39 -0500] "GET /BLA/resoluciones/RESOLUCIONES%202019/1908.pdf HTTP/1.1" 200 295523
191.104.130.161 - - [07/Sep/2023:01:24:39 -0500] "GET /BLA/resoluciones/index.php?dir=RESOLUCIONES+2018%2F HTTP/1.1" 200 278407
179.51.119.253 - - [07/Sep/2023:01:24:42 -0500] "-" 408 -
188.165.87.99 - - [07/Sep/2023:01:24:50 -0500] "GET /portaldeninos/xmlrpc.php HTTP/1.1" 405 42
172.22.2.4 - - [07/Sep/2023:01:23:17 -0500] "HEAD /BLA/boletinlegal/ HTTP/1.1" 200 -
188.165.87.96 - - [07/Sep/2023:01:24:50 -0500] "GET /portaldeninos/ HTTP/1.1" 200 110175
216.245.221.92 - - [07/Sep/2023:01:25:33 -0500] "HEAD / HTTP/1.1" 200 -
201.245.192.253 - - [07/Sep/2023:01:25:44 -0500] "POST /forms/lservlet;jsessionid=ac16012b30d62f4415040f2249ea9738ec9c1b9579b0.e3iSbxaKaheRe34Rch0Ra3mLchv0n6jAmljGr5XDqQLvpAe HTTP/1.1" 200 2
172.22.2.4 - - [07/Sep/2023:01:24:08 -0500] "GET /BLA/boletinlegal/ HTTP/1.1" 200 58597
201.245.192.253 - - [07/Sep/2023:01:27:36 -0500] "POST /kwsrmcab/Wsrmcab  HTTP/1.1" 200 42865
201.245.192.253 - - [07/Sep/2023:01:27:44 -0500] "POST /forms/lservlet;jsessionid=ac16012b30d62f4415040f2249ea9738ec9c1b9579b0.e3iSbxaKaheRe34Rch0Ra3mLchv0n6jAmljGr5XDqQLvpAe HTTP/1.1" 200 2
52.167.144.44 - - [07/Sep/2023:01:28:18 -0500] "GET /Publicaciones/2023EE204383.pdf HTTP/1.1" 200 244983
201.245.192.253 - - [07/Sep/2023:01:28:57 -0500] "POST /kwsrmcab/Wsrmcab HTTP/1.1" 200 41769
201.245.192.253 - - [07/Sep/2023:01:29:01 -0500] "POST /kwsrmcab/Wsrmcab HTTP/1.1" 200 40654
40.77.167.6 - - [07/Sep/2023:01:29:21 -0500] "GET /BLA/resoluciones/AUTOS%202023/2556.pdf HTTP/1.1" 200 1233524
201.245.192.253 - - [07/Sep/2023:01:29:44 -0500] "POST /forms/lservlet;jsessionid=ac16012b30d62f4415040f2249ea9738ec9c1b9579b0.e3iSbxaKaheRe34Rch0Ra3mLchv0n6jAmljGr5XDqQLvpAe HTTP/1.1" 200 2
216.245.221.92 - - [07/Sep/2023:01:30:33 -0500] "HEAD / HTTP/1.1" 200 -
172.22.2.4 - - [07/Sep/2023:01:29:07 -0500] "HEAD /BLA/boletinlegal/ HTTP/1.1" 200 -
40.77.167.208 - - [07/Sep/2023:01:30:51 -0500] "GET /Publicaciones/2023EE204830.pdf HTTP/1.1" 200 235815
172.22.2.4 - - [07/Sep/2023:01:29:58 -0500] "GET /BLA/boletinlegal/ HTTP/1.1" 200 60342
201.245.192.253 - - [07/Sep/2023:01:31:44 -0500] "POST /forms/lservlet;jsessionid=ac16012b30d62f4415040f2249ea9738ec9c1b9579b0.e3iSbxaKaheRe34Rch0Ra3mLchv0n6jAmljGr5XDqQLvpAe HTTP/1.1" 200 2
201.245.192.253 - - [07/Sep/2023:01:32:35 -0500] "POST /kwsrmcab/Wsrmcab  HTTP/1.1" 200 42865
40.77.167.6 - - [07/Sep/2023:01:33:20 -0500] "GET /Publicaciones/2023EE205033.pdf HTTP/1.1" 200 232111
201.245.192.253 - - [07/Sep/2023:01:33:44 -0500] "POST /forms/lservlet;jsessionid=ac16012b30d62f4415040f2249ea9738ec9c1b9579b0.e3iSbxaKaheRe34Rch0Ra3mLchv0n6jAmljGr5XDqQLvpAe HTTP/1.1" 200 2
40.77.167.6 - - [07/Sep/2023:01:34:00 -0500] "GET /BLA/resoluciones/AUTOS%202023/1742.pdf HTTP/1.1" 200 422342
216.245.221.92 - - [07/Sep/2023:01:35:33 -0500] "HEAD / HTTP/1.1" 200 -
201.245.192.253 - - [07/Sep/2023:01:35:44 -0500] "POST /forms/lservlet;jsessionid=ac16012b30d62f4415040f2249ea9738ec9c1b9579b0.e3iSbxaKaheRe34Rch0Ra3mLchv0n6jAmljGr5XDqQLvpAe HTTP/1.1" 200 2
66.249.70.6 - - [07/Sep/2023:01:36:00 -0500] "GET /BLA/resoluciones/Notificaciones/AUTOS%202022/7852.pdf HTTP/1.1" 304 -
172.22.2.4 - - [07/Sep/2023:01:34:57 -0500] "HEAD /BLA/boletinlegal/ HTTP/1.1" 200 -
216.244.66.195 - - [07/Sep/2023:01:36:42 -0500] "GET /robots.txt HTTP/1.1" 404 1018
192.241.237.34 - - [07/Sep/2023:01:36:46 -0500] "GET /druid/index.html HTTP/1.1" 404 1018
172.22.2.4 - - [07/Sep/2023:01:35:48 -0500] "GET /BLA/boletinlegal/ HTTP/1.1" 200 60342
40.77.167.101 - - [07/Sep/2023:01:37:31 -0500] "GET /robots.txt HTTP/1.1" 404 1034
201.245.192.253 - - [07/Sep/2023:01:37:35 -0500] "POST /kwsrmcab/Wsrmcab  HTTP/1.1" 200 42865
40.77.167.10 - - [07/Sep/2023:01:37:41 -0500] "GET /unidos-por-un-nuevo-aire-un-ano-de-pacto-del-compromiso-por-bogota.html HTTP/1.1" 200 764
201.245.192.253 - - [07/Sep/2023:01:37:44 -0500] "POST /forms/lservlet;jsessionid=ac16012b30d62f4415040f2249ea9738ec9c1b9579b0.e3iSbxaKaheRe34Rch0Ra3mLchv0n6jAmljGr5XDqQLvpAe HTTP/1.1" 200 2
201.245.192.253 - - [07/Sep/2023:01:38:57 -0500] "POST /kwsrmcab/Wsrmcab HTTP/1.1" 200 41769
201.245.192.253 - - [07/Sep/2023:01:39:00 -0500] "POST /kwsrmcab/Wsrmcab HTTP/1.1" 200 40654
172.22.2.4 - - [07/Sep/2023:01:37:42 -0500] "GET /BLA/boletinlegal/ HTTP/1.1" 200 62795
201.245.192.253 - - [07/Sep/2023:01:39:44 -0500] "POST /forms/lservlet;jsessionid=ac16012b30d62f4415040f2249ea9738ec9c1b9579b0.e3iSbxaKaheRe34Rch0Ra3mLchv0n6jAmljGr5XDqQLvpAe HTTP/1.1" 200 2
216.245.221.92 - - [07/Sep/2023:01:40:33 -0500] "HEAD / HTTP/1.1" 200 -
191.104.130.161 - - [07/Sep/2023:01:40:36 -0500] "GET /BLA/resoluciones/index.php?dir=RESOLUCIONES+2019%2F HTTP/1.1" 200 258011
159.138.37.119 - - [07/Sep/2023:01:41:11 -0500] "GET /BLA/boletinlegal/admin/index.php/wp-login.php HTTP/1.1" 200 2324
186.28.41.166 - - [07/Sep/2023:01:41:38 -0500] "GET /BLA/resoluciones/index.php HTTP/1.1" 200 13696
201.245.192.253 - - [07/Sep/2023:01:41:44 -0500] "POST /forms/lservlet;jsessionid=ac16012b30d62f4415040f2249ea9738ec9c1b9579b0.e3iSbxaKaheRe34Rch0Ra3mLchv0n6jAmljGr5XDqQLvpAe HTTP/1.1" 200 2
186.28.41.166 - - [07/Sep/2023:01:41:44 -0500] "GET /BLA/resoluciones/index.php?dir=AUTOS+2020%2F HTTP/1.1" 200 331220
172.22.2.4 - - [07/Sep/2023:01:40:47 -0500] "HEAD /BLA/boletinlegal/ HTTP/1.1" 200 -
201.245.192.253 - - [07/Sep/2023:01:42:33 -0500] "POST /kwsrmcab/Wsrmcab  HTTP/1.1" 200 42865
172.22.2.4 - - [07/Sep/2023:01:41:38 -0500] "GET /BLA/boletinlegal/ HTTP/1.1" 200 56257
201.245.192.253 - - [07/Sep/2023:01:43:25 -0500] "POST /kwsrmcab/Wsrmcab HTTP/1.1" 200 103106
201.245.192.253 - - [07/Sep/2023:01:43:44 -0500] "POST /forms/lservlet;jsessionid=ac16012b30d62f4415040f2249ea9738ec9c1b9579b0.e3iSbxaKaheRe34Rch0Ra3mLchv0n6jAmljGr5XDqQLvpAe HTTP/1.1" 200 2
216.244.66.195 - - [07/Sep/2023:01:45:28 -0500] "GET /BLA/resoluciones/index.php?dir=AUTOS+2019%2F HTTP/1.1" 200 384889
216.245.221.92 - - [07/Sep/2023:01:45:33 -0500] "HEAD / HTTP/1.1" 200 -
216.244.66.195 - - [07/Sep/2023:01:45:41 -0500] "GET /BLA/resoluciones/index.php?dir=RESOLUCIONES%202017/&sort=date&order=asc HTTP/1.1" 200 286661
201.245.192.253 - - [07/Sep/2023:01:45:44 -0500] "POST /forms/lservlet;jsessionid=ac16012b30d62f4415040f2249ea9738ec9c1b9579b0.e3iSbxaKaheRe34Rch0Ra3mLchv0n6jAmljGr5XDqQLvpAe HTTP/1.1" 200 2
201.245.192.253 - - [07/Sep/2023:01:47:33 -0500] "POST /kwsrmcab/Wsrmcab  HTTP/1.1" 200 42865
216.244.66.195 - - [07/Sep/2023:01:47:44 -0500] "GET /BLA/boletinlegal/doctrina.php HTTP/1.1" 200 5614
201.245.192.253 - - [07/Sep/2023:01:47:44 -0500] "POST /forms/lservlet;jsessionid=ac16012b30d62f4415040f2249ea9738ec9c1b9579b0.e3iSbxaKaheRe34Rch0Ra3mLchv0n6jAmljGr5XDqQLvpAe HTTP/1.1" 200 2
216.244.66.195 - - [07/Sep/2023:01:48:01 -0500] "GET /BLA/resoluciones/AUTOS%202016/0752.pdf HTTP/1.1" 200 576305
172.22.2.4 - - [07/Sep/2023:01:46:37 -0500] "HEAD /BLA/boletinlegal/ HTTP/1.1" 200 -
216.244.66.195 - - [07/Sep/2023:01:48:20 -0500] "GET /BLA/boletinlegal/jurisprudencia/sentencias/25000-23-41-000-2013-02202-01.zip HTTP/1.1" 200 2552921
216.244.66.195 - - [07/Sep/2023:01:49:03 -0500] "GET /BLA/resoluciones/RESOLUCIONES%202016/1392.pdf HTTP/1.1" 200 730802
172.22.2.4 - - [07/Sep/2023:01:47:28 -0500] "GET /BLA/boletinlegal/ HTTP/1.1" 200 60342
216.244.66.195 - - [07/Sep/2023:01:49:35 -0500] "GET /BLA/resoluciones/RESOLUCIONES%202017/2490.pdf HTTP/1.1" 200 287821
201.245.192.253 - - [07/Sep/2023:01:49:44 -0500] "POST /forms/lservlet;jsessionid=ac16012b30d62f4415040f2249ea9738ec9c1b9579b0.e3iSbxaKaheRe34Rch0Ra3mLchv0n6jAmljGr5XDqQLvpAe HTTP/1.1" 200 2
216.244.66.195 - - [07/Sep/2023:01:50:04 -0500] "GET /galeria/galeria/fotos/Huemdal-el-Tunjo1G.jpg HTTP/1.1" 200 393262
216.245.221.92 - - [07/Sep/2023:01:50:33 -0500] "HEAD / HTTP/1.1" 200 -
216.244.66.195 - - [07/Sep/2023:01:50:34 -0500] "GET /BLA/resoluciones/AUTOS%202016/0075.pdf HTTP/1.1" 200 639957
216.244.66.195 - - [07/Sep/2023:01:51:02 -0500] "GET /BLA/resoluciones/AUTOS%202016/0191.pdf HTTP/1.1" 200 442558
216.244.66.195 - - [07/Sep/2023:01:51:32 -0500] "GET /BLA/resoluciones/AUTOS%202016/0258.pdf HTTP/1.1" 200 569248
201.245.192.253 - - [07/Sep/2023:01:51:44 -0500] "POST /forms/lservlet;jsessionid=ac16012b30d62f4415040f2249ea9738ec9c1b9579b0.e3iSbxaKaheRe34Rch0Ra3mLchv0n6jAmljGr5XDqQLvpAe HTTP/1.1" 200 2
216.244.66.195 - - [07/Sep/2023:01:52:10 -0500] "GET /BLA/resoluciones/AUTOS%202016/0563.pdf HTTP/1.1" 200 441042
201.245.192.253 - - [07/Sep/2023:01:52:31 -0500] "POST /kwsrmcab/Wsrmcab  HTTP/1.1" 200 42865
216.244.66.195 - - [07/Sep/2023:01:52:44 -0500] "GET /BLA/resoluciones/AUTOS%202016/0812.pdf HTTP/1.1" 200 443207
213.244.248.49 - - [07/Sep/2023:01:52:45 -0500] "GET /galeria/galeria/fotos/diaSC6Peq.jpg HTTP/1.1" 200 17665
216.244.66.195 - - [07/Sep/2023:01:53:13 -0500] "GET /BLA/resoluciones/AUTOS%202016/1034.pdf HTTP/1.1" 200 547169
216.244.66.195 - - [07/Sep/2023:01:53:43 -0500] "GET /BLA/resoluciones/AUTOS%202016/1043.pdf HTTP/1.1" 200 228030
201.245.192.253 - - [07/Sep/2023:01:53:44 -0500] "POST /forms/lservlet;jsessionid=ac16012b30d62f4415040f2249ea9738ec9c1b9579b0.e3iSbxaKaheRe34Rch0Ra3mLchv0n6jAmljGr5XDqQLvpAe HTTP/1.1" 200 2
172.22.2.4 - - [07/Sep/2023:01:52:27 -0500] "HEAD /BLA/boletinlegal/ HTTP/1.1" 200 -
216.244.66.195 - - [07/Sep/2023:01:54:11 -0500] "GET /BLA/resoluciones/AUTOS%202016/1628.pdf HTTP/1.1" 200 419402
216.244.66.195 - - [07/Sep/2023:01:54:44 -0500] "GET /BLA/resoluciones/AUTOS%202016/1630.pdf HTTP/1.1" 200 591309
172.22.2.4 - - [07/Sep/2023:01:53:18 -0500] "GET /BLA/boletinlegal/ HTTP/1.1" 200 53766
216.244.66.195 - - [07/Sep/2023:01:55:27 -0500] "GET /BLA/resoluciones/AUTOS%202016/1661.pdf HTTP/1.1" 200 2103523
216.245.221.92 - - [07/Sep/2023:01:55:33 -0500] "HEAD / HTTP/1.1" 200 -
201.245.192.253 - - [07/Sep/2023:01:55:44 -0500] "POST /forms/lservlet;jsessionid=ac16012b30d62f4415040f2249ea9738ec9c1b9579b0.e3iSbxaKaheRe34Rch0Ra3mLchv0n6jAmljGr5XDqQLvpAe HTTP/1.1" 200 2
52.167.144.173 - - [07/Sep/2023:01:55:54 -0500] "GET /BLA/resoluciones/AUTOS%202023/4145.pdf HTTP/1.1" 200 420059
191.104.130.161 - - [07/Sep/2023:01:55:56 -0500] "GET /BLA/resoluciones/index.php?dir=RESOLUCIONES+2019%2F HTTP/1.1" 200 258011
216.244.66.195 - - [07/Sep/2023:01:56:17 -0500] "GET /BLA/resoluciones/AUTOS%202016/1711.pdf HTTP/1.1" 200 470025
216.244.66.195 - - [07/Sep/2023:01:56:59 -0500] "GET /BLA/resoluciones/AUTOS%202016/1864.pdf HTTP/1.1" 200 270378
201.245.192.253 - - [07/Sep/2023:01:57:31 -0500] "POST /kwsrmcab/Wsrmcab  HTTP/1.1" 200 42865
216.244.66.195 - - [07/Sep/2023:01:57:34 -0500] "GET /BLA/resoluciones/AUTOS%202016/1997.pdf HTTP/1.1" 200 364930
201.245.192.253 - - [07/Sep/2023:01:57:44 -0500] "POST /forms/lservlet;jsessionid=ac16012b30d62f4415040f2249ea9738ec9c1b9579b0.e3iSbxaKaheRe34Rch0Ra3mLchv0n6jAmljGr5XDqQLvpAe HTTP/1.1" 200 2
216.244.66.195 - - [07/Sep/2023:01:58:14 -0500] "GET /BLA/resoluciones/AUTOS%202016/2033.pdf HTTP/1.1" 200 591079
216.244.66.195 - - [07/Sep/2023:01:59:01 -0500] "GET /BLA/resoluciones/AUTOS%202016/2259.pdf HTTP/1.1" 200 466356
216.244.66.195 - - [07/Sep/2023:01:59:34 -0500] "GET /BLA/resoluciones/AUTOS%202016/2351.pdf HTTP/1.1" 200 524343
