216.244.66.195 - - [07/Sep/2023:04:02:06 -0500] "GET /BLA/resoluciones/AUTOS%202010/5135.pdf HTTP/1.1" 200 400092
201.245.192.253 - - [07/Sep/2023:04:02:03 -0500] "POST /kwsrmcab/Wsrmcab  HTTP/1.1" 200 42865
172.22.2.4 - - [07/Sep/2023:04:00:47 -0500] "HEAD /BLA/boletinlegal/ HTTP/1.1" 200 -
216.244.66.195 - - [07/Sep/2023:04:02:36 -0500] "GET /BLA/resoluciones/AUTOS%202010/5402.pdf HTTP/1.1" 200 1753226
172.22.2.4 - - [07/Sep/2023:04:01:37 -0500] "GET /BLA/boletinlegal/ HTTP/1.1" 200 60692
216.244.66.195 - - [07/Sep/2023:04:03:19 -0500] "GET /BLA/resoluciones/AUTOS%202010/5406.pdf HTTP/1.1" 200 1008047
201.245.192.253 - - [07/Sep/2023:04:03:44 -0500] "POST /forms/lservlet;jsessionid=ac16012b30d62f4415040f2249ea9738ec9c1b9579b0.e3iSbxaKaheRe34Rch0Ra3mLchv0n6jAmljGr5XDqQLvpAe HTTP/1.1" 200 2
216.244.66.195 - - [07/Sep/2023:04:03:51 -0500] "GET /BLA/resoluciones/AUTOS%202010/5623.pdf HTTP/1.1" 200 397806
216.244.66.195 - - [07/Sep/2023:04:04:21 -0500] "GET /BLA/resoluciones/AUTOS%202010/6258.pdf HTTP/1.1" 200 195654
216.244.66.195 - - [07/Sep/2023:04:04:50 -0500] "GET /BLA/resoluciones/AUTOS%202010/6419.pdf HTTP/1.1" 200 916168
216.244.66.195 - - [07/Sep/2023:04:05:23 -0500] "GET /BLA/resoluciones/AUTOS%202010/6677.pdf HTTP/1.1" 200 199243
216.245.221.92 - - [07/Sep/2023:04:05:33 -0500] "HEAD / HTTP/1.1" 200 -
201.245.192.253 - - [07/Sep/2023:04:05:44 -0500] "POST /forms/lservlet;jsessionid=ac16012b30d62f4415040f2249ea9738ec9c1b9579b0.e3iSbxaKaheRe34Rch0Ra3mLchv0n6jAmljGr5XDqQLvpAe HTTP/1.1" 200 2
216.244.66.195 - - [07/Sep/2023:04:05:50 -0500] "GET /BLA/resoluciones/AUTOS%202010/6709.pdf HTTP/1.1" 200 212906
216.244.66.195 - - [07/Sep/2023:04:06:17 -0500] "GET /BLA/resoluciones/AUTOS%202010/6843.pdf HTTP/1.1" 200 406189
216.244.66.195 - - [07/Sep/2023:04:06:42 -0500] "GET /BLA/resoluciones/AUTOS%202011/3953.pdf HTTP/1.1" 200 250249
201.245.192.253 - - [07/Sep/2023:04:07:02 -0500] "POST /kwsrmcab/Wsrmcab  HTTP/1.1" 200 42865
216.244.66.195 - - [07/Sep/2023:04:07:06 -0500] "GET /BLA/resoluciones/AUTOS%202011/4010.pdf HTTP/1.1" 200 343891
216.244.66.195 - - [07/Sep/2023:04:07:29 -0500] "GET /BLA/resoluciones/RESOLUCIONES%202016/0196.pdf HTTP/1.1" 200 1009008
201.245.192.253 - - [07/Sep/2023:04:07:44 -0500] "POST /forms/lservlet;jsessionid=ac16012b30d62f4415040f2249ea9738ec9c1b9579b0.e3iSbxaKaheRe34Rch0Ra3mLchv0n6jAmljGr5XDqQLvpAe HTTP/1.1" 200 2
216.244.66.195 - - [07/Sep/2023:04:07:52 -0500] "GET /BLA/resoluciones/RESOLUCIONES%202016/0371.pdf HTTP/1.1" 200 274563
216.244.66.195 - - [07/Sep/2023:04:08:13 -0500] "GET /BLA/resoluciones/RESOLUCIONES%202016/0536.pdf HTTP/1.1" 200 521932
172.22.2.4 - - [07/Sep/2023:04:06:37 -0500] "HEAD /BLA/boletinlegal/ HTTP/1.1" 200 -
216.244.66.195 - - [07/Sep/2023:04:08:35 -0500] "GET /BLA/resoluciones/RESOLUCIONES%202016/0617.pdf HTTP/1.1" 200 519238
216.244.66.195 - - [07/Sep/2023:04:08:55 -0500] "GET /BLA/resoluciones/RESOLUCIONES%202016/0699.pdf HTTP/1.1" 200 587393
172.22.2.4 - - [07/Sep/2023:04:07:27 -0500] "GET /BLA/boletinlegal/ HTTP/1.1" 200 60342
216.244.66.195 - - [07/Sep/2023:04:09:13 -0500] "GET /BLA/resoluciones/RESOLUCIONES%202016/0823.pdf HTTP/1.1" 200 339407
216.244.66.195 - - [07/Sep/2023:04:09:30 -0500] "GET /BLA/resoluciones/RESOLUCIONES%202016/1227.pdf HTTP/1.1" 200 645131
201.245.192.253 - - [07/Sep/2023:04:09:45 -0500] "POST /forms/lservlet;jsessionid=ac16012b30d62f4415040f2249ea9738ec9c1b9579b0.e3iSbxaKaheRe34Rch0Ra3mLchv0n6jAmljGr5XDqQLvpAe HTTP/1.1" 200 2
216.244.66.195 - - [07/Sep/2023:04:09:56 -0500] "GET /BLA/resoluciones/RESOLUCIONES%202016/1583.pdf HTTP/1.1" 200 774183
216.244.66.195 - - [07/Sep/2023:04:10:16 -0500] "GET /BLA/resoluciones/RESOLUCIONES%202016/2411.pdf HTTP/1.1" 200 934332
216.245.221.92 - - [07/Sep/2023:04:10:33 -0500] "HEAD / HTTP/1.1" 200 -
216.244.66.195 - - [07/Sep/2023:04:10:35 -0500] "GET /BLA/resoluciones/RESOLUCIONES%202017/0127.pdf HTTP/1.1" 200 500282
216.244.66.195 - - [07/Sep/2023:04:10:55 -0500] "GET /BLA/resoluciones/RESOLUCIONES%202017/0128.pdf HTTP/1.1" 200 390406
216.244.66.195 - - [07/Sep/2023:04:11:12 -0500] "GET /BLA/resoluciones/RESOLUCIONES%202017/0302.pdf HTTP/1.1" 200 412405
216.244.66.195 - - [07/Sep/2023:04:11:28 -0500] "GET /BLA/resoluciones/RESOLUCIONES%202017/0493.pdf HTTP/1.1" 200 325992
216.244.66.195 - - [07/Sep/2023:04:11:43 -0500] "GET /BLA/resoluciones/RESOLUCIONES%202017/0678.pdf HTTP/1.1" 200 574205
201.245.192.253 - - [07/Sep/2023:04:11:44 -0500] "POST /forms/lservlet;jsessionid=ac16012b30d62f4415040f2249ea9738ec9c1b9579b0.e3iSbxaKaheRe34Rch0Ra3mLchv0n6jAmljGr5XDqQLvpAe HTTP/1.1" 200 2
216.244.66.195 - - [07/Sep/2023:04:11:57 -0500] "GET /BLA/resoluciones/RESOLUCIONES%202017/0707.pdf HTTP/1.1" 200 306126
201.245.192.253 - - [07/Sep/2023:04:12:01 -0500] "POST /kwsrmcab/Wsrmcab  HTTP/1.1" 200 42865
216.244.66.195 - - [07/Sep/2023:04:12:10 -0500] "GET /BLA/resoluciones/RESOLUCIONES%202017/0739.pdf HTTP/1.1" 200 306389
216.244.66.195 - - [07/Sep/2023:04:12:21 -0500] "GET /BLA/resoluciones/RESOLUCIONES%202017/0843.pdf HTTP/1.1" 200 508045
216.244.66.195 - - [07/Sep/2023:04:12:33 -0500] "GET /BLA/resoluciones/RESOLUCIONES%202017/0864.pdf HTTP/1.1" 200 4636655
40.77.167.76 - - [07/Sep/2023:04:12:39 -0500] "GET /BLA/resoluciones/AUTOS%202023/3216.pdf HTTP/1.1" 200 372720
216.244.66.195 - - [07/Sep/2023:04:13:06 -0500] "GET /BLA/resoluciones/RESOLUCIONES%202017/0957.pdf HTTP/1.1" 200 789443
216.244.66.195 - - [07/Sep/2023:04:13:27 -0500] "GET /BLA/resoluciones/RESOLUCIONES%202017/1377.pdf HTTP/1.1" 200 292938
201.245.192.253 - - [07/Sep/2023:04:13:45 -0500] "POST /forms/lservlet;jsessionid=ac16012b30d62f4415040f2249ea9738ec9c1b9579b0.e3iSbxaKaheRe34Rch0Ra3mLchv0n6jAmljGr5XDqQLvpAe HTTP/1.1" 200 2
216.244.66.195 - - [07/Sep/2023:04:13:46 -0500] "GET /BLA/resoluciones/RESOLUCIONES%202017/1597.pdf HTTP/1.1" 200 402978
216.244.66.195 - - [07/Sep/2023:04:14:04 -0500] "GET /BLA/resoluciones/RESOLUCIONES%202017/1640.pdf HTTP/1.1" 200 455613
172.22.2.4 - - [07/Sep/2023:04:12:27 -0500] "HEAD /BLA/boletinlegal/ HTTP/1.1" 200 -
40.77.167.76 - - [07/Sep/2023:04:14:08 -0500] "GET /BLA/resoluciones/AUTOS%202023/3202.pdf HTTP/1.1" 200 763609
216.244.66.195 - - [07/Sep/2023:04:14:41 -0500] "GET /BLA/resoluciones/RESOLUCIONES%202017/1727.pdf HTTP/1.1" 200 407090
172.22.2.4 - - [07/Sep/2023:04:13:17 -0500] "GET /BLA/boletinlegal/ HTTP/1.1" 200 60692
216.245.221.92 - - [07/Sep/2023:04:15:33 -0500] "HEAD / HTTP/1.1" 200 -
201.245.192.253 - - [07/Sep/2023:04:15:45 -0500] "POST /forms/lservlet;jsessionid=ac16012b30d62f4415040f2249ea9738ec9c1b9579b0.e3iSbxaKaheRe34Rch0Ra3mLchv0n6jAmljGr5XDqQLvpAe HTTP/1.1" 200 2
201.245.192.253 - - [07/Sep/2023:04:17:00 -0500] "POST /kwsrmcab/Wsrmcab  HTTP/1.1" 200 42865
201.245.192.253 - - [07/Sep/2023:04:17:45 -0500] "POST /forms/lservlet;jsessionid=ac16012b30d62f4415040f2249ea9738ec9c1b9579b0.e3iSbxaKaheRe34Rch0Ra3mLchv0n6jAmljGr5XDqQLvpAe HTTP/1.1" 200 2
172.22.2.4 - - [07/Sep/2023:04:18:23 -0500] "GET /BLA/boletinlegal/Circulares/2020/Circular%2000010%20del%2027%20de%20julio%20de%202020.pdf HTTP/1.1" 304 -
172.22.2.4 - - [07/Sep/2023:04:17:45 -0500] "GET /BLA/boletinlegal/?XDEBUG_SESSION_START=phpstorm HTTP/1.1" 200 32715
201.245.192.253 - - [07/Sep/2023:04:18:56 -0500] "POST /kwsrmcab/Wsrmcab HTTP/1.1" 200 41439
201.245.192.253 - - [07/Sep/2023:04:18:59 -0500] "POST /kwsrmcab/Wsrmcab HTTP/1.1" 200 40839
201.245.192.253 - - [07/Sep/2023:04:19:45 -0500] "POST /forms/lservlet;jsessionid=ac16012b30d62f4415040f2249ea9738ec9c1b9579b0.e3iSbxaKaheRe34Rch0Ra3mLchv0n6jAmljGr5XDqQLvpAe HTTP/1.1" 200 2
172.22.2.4 - - [07/Sep/2023:04:18:17 -0500] "HEAD /BLA/boletinlegal/ HTTP/1.1" 200 -
216.245.221.92 - - [07/Sep/2023:04:20:33 -0500] "HEAD / HTTP/1.1" 200 -
172.22.2.4 - - [07/Sep/2023:04:19:07 -0500] "GET /BLA/boletinlegal/ HTTP/1.1" 200 60692
40.77.167.76 - - [07/Sep/2023:04:21:26 -0500] "GET /BLA/resoluciones/AUTOS%202023/3122.pdf HTTP/1.1" 200 1218543
201.245.192.253 - - [07/Sep/2023:04:21:45 -0500] "POST /forms/lservlet;jsessionid=ac16012b30d62f4415040f2249ea9738ec9c1b9579b0.e3iSbxaKaheRe34Rch0Ra3mLchv0n6jAmljGr5XDqQLvpAe HTTP/1.1" 200 2
201.245.192.253 - - [07/Sep/2023:04:21:59 -0500] "POST /kwsrmcab/Wsrmcab  HTTP/1.1" 200 42865
123.183.224.2 - - [07/Sep/2023:04:23:14 -0500] "GET /silvicultura/6.pdf HTTP/1.1" 200 215404
201.245.192.253 - - [07/Sep/2023:04:23:44 -0500] "POST /forms/lservlet;jsessionid=ac16012b30d62f4415040f2249ea9738ec9c1b9579b0.e3iSbxaKaheRe34Rch0Ra3mLchv0n6jAmljGr5XDqQLvpAe HTTP/1.1" 200 2
52.167.144.220 - - [07/Sep/2023:04:24:27 -0500] "GET /BLA/resoluciones/AUTOS%202023/1790.pdf HTTP/1.1" 200 418021
173.252.107.1 - - [07/Sep/2023:04:24:42 -0500] "GET /distrito-alcanza-meta-de-1000-hectareas-ya-con-pagos-por-servicios-ambientales.html HTTP/1.1" 200 828
52.167.144.220 - - [07/Sep/2023:04:24:57 -0500] "GET /BLA/resoluciones/AUTOS%202023/3219.pdf HTTP/1.1" 200 347661
216.245.221.92 - - [07/Sep/2023:04:25:33 -0500] "HEAD / HTTP/1.1" 200 -
201.245.192.253 - - [07/Sep/2023:04:25:45 -0500] "POST /forms/lservlet;jsessionid=ac16012b30d62f4415040f2249ea9738ec9c1b9579b0.e3iSbxaKaheRe34Rch0Ra3mLchv0n6jAmljGr5XDqQLvpAe HTTP/1.1" 200 2
172.22.2.4 - - [07/Sep/2023:04:24:07 -0500] "HEAD /BLA/boletinlegal/ HTTP/1.1" 200 -
49.7.21.71 - - [07/Sep/2023:04:25:56 -0500] "GET / HTTP/1.1" 200 319
172.22.2.4 - - [07/Sep/2023:04:24:57 -0500] "GET /BLA/boletinlegal/ HTTP/1.1" 200 60692
201.245.192.253 - - [07/Sep/2023:04:26:58 -0500] "POST /kwsrmcab/Wsrmcab  HTTP/1.1" 200 42865
201.245.192.253 - - [07/Sep/2023:04:27:45 -0500] "POST /forms/lservlet;jsessionid=ac16012b30d62f4415040f2249ea9738ec9c1b9579b0.e3iSbxaKaheRe34Rch0Ra3mLchv0n6jAmljGr5XDqQLvpAe HTTP/1.1" 200 2
216.244.66.195 - - [07/Sep/2023:04:28:26 -0500] "GET /robots.txt HTTP/1.1" 404 1018
201.245.192.253 - - [07/Sep/2023:04:28:57 -0500] "POST /kwsrmcab/Wsrmcab HTTP/1.1" 200 41439
201.245.192.253 - - [07/Sep/2023:04:29:00 -0500] "POST /kwsrmcab/Wsrmcab HTTP/1.1" 200 40839
201.245.192.253 - - [07/Sep/2023:04:29:45 -0500] "POST /forms/lservlet;jsessionid=ac16012b30d62f4415040f2249ea9738ec9c1b9579b0.e3iSbxaKaheRe34Rch0Ra3mLchv0n6jAmljGr5XDqQLvpAe HTTP/1.1" 200 2
216.245.221.92 - - [07/Sep/2023:04:30:33 -0500] "HEAD / HTTP/1.1" 200 -
172.22.2.4 - - [07/Sep/2023:04:29:57 -0500] "HEAD /BLA/boletinlegal/ HTTP/1.1" 200 -
201.245.192.253 - - [07/Sep/2023:04:31:45 -0500] "POST /forms/lservlet;jsessionid=ac16012b30d62f4415040f2249ea9738ec9c1b9579b0.e3iSbxaKaheRe34Rch0Ra3mLchv0n6jAmljGr5XDqQLvpAe HTTP/1.1" 200 2
201.245.192.253 - - [07/Sep/2023:04:31:57 -0500] "POST /kwsrmcab/Wsrmcab  HTTP/1.1" 200 42865
172.22.2.4 - - [07/Sep/2023:04:30:47 -0500] "GET /BLA/boletinlegal/ HTTP/1.1" 200 57790
52.167.144.220 - - [07/Sep/2023:04:32:48 -0500] "GET /Publicaciones/2023EE204137.pdf HTTP/1.1" 200 450285
201.245.192.253 - - [07/Sep/2023:04:33:45 -0500] "POST /forms/lservlet;jsessionid=ac16012b30d62f4415040f2249ea9738ec9c1b9579b0.e3iSbxaKaheRe34Rch0Ra3mLchv0n6jAmljGr5XDqQLvpAe HTTP/1.1" 200 2
216.245.221.92 - - [07/Sep/2023:04:35:33 -0500] "HEAD / HTTP/1.1" 200 -
201.245.192.253 - - [07/Sep/2023:04:35:45 -0500] "POST /forms/lservlet;jsessionid=ac16012b30d62f4415040f2249ea9738ec9c1b9579b0.e3iSbxaKaheRe34Rch0Ra3mLchv0n6jAmljGr5XDqQLvpAe HTTP/1.1" 200 2
216.244.66.195 - - [07/Sep/2023:04:36:43 -0500] "GET /BLA/resoluciones/index.php?dir=RESOLUCIONES+1996%2F HTTP/1.1" 200 9137
201.245.192.253 - - [07/Sep/2023:04:36:56 -0500] "POST /kwsrmcab/Wsrmcab  HTTP/1.1" 200 42865
172.22.2.4 - - [07/Sep/2023:04:35:47 -0500] "HEAD /BLA/boletinlegal/ HTTP/1.1" 200 -
201.245.192.253 - - [07/Sep/2023:04:37:45 -0500] "POST /forms/lservlet;jsessionid=ac16012b30d62f4415040f2249ea9738ec9c1b9579b0.e3iSbxaKaheRe34Rch0Ra3mLchv0n6jAmljGr5XDqQLvpAe HTTP/1.1" 200 2
172.22.2.4 - - [07/Sep/2023:04:36:37 -0500] "GET /BLA/boletinlegal/ HTTP/1.1" 200 52656
45.179.121.19 - - [07/Sep/2023:04:38:43 -0500] "GET / HTTP/1.1" 200 319
45.179.121.19 - - [07/Sep/2023:04:38:43 -0500] "GET /manager/html HTTP/1.1" 404 1018
172.22.2.4 - - [07/Sep/2023:04:38:50 -0500] "GET /BLA/boletinlegal/Circulares/2015/Circular%20No.%201%20del%2010%20de%20Febrero%20de%202015.pdf HTTP/1.1" 200 660637
201.245.192.253 - - [07/Sep/2023:04:38:56 -0500] "POST /kwsrmcab/Wsrmcab HTTP/1.1" 200 41439
201.245.192.253 - - [07/Sep/2023:04:38:59 -0500] "POST /kwsrmcab/Wsrmcab HTTP/1.1" 200 40839
201.245.192.253 - - [07/Sep/2023:04:39:45 -0500] "POST /forms/lservlet;jsessionid=ac16012b30d62f4415040f2249ea9738ec9c1b9579b0.e3iSbxaKaheRe34Rch0Ra3mLchv0n6jAmljGr5XDqQLvpAe HTTP/1.1" 200 2
216.245.221.92 - - [07/Sep/2023:04:40:33 -0500] "HEAD / HTTP/1.1" 200 -
201.245.192.253 - - [07/Sep/2023:04:41:45 -0500] "POST /forms/lservlet;jsessionid=ac16012b30d62f4415040f2249ea9738ec9c1b9579b0.e3iSbxaKaheRe34Rch0Ra3mLchv0n6jAmljGr5XDqQLvpAe HTTP/1.1" 200 2
216.244.66.195 - - [07/Sep/2023:04:41:49 -0500] "GET /BLA/resoluciones/index.php?dir=AUTOS+2017%2F HTTP/1.1" 200 470115
201.245.192.253 - - [07/Sep/2023:04:41:54 -0500] "POST /kwsrmcab/Wsrmcab  HTTP/1.1" 200 42865
216.244.66.195 - - [07/Sep/2023:04:42:20 -0500] "GET /BLA/resoluciones/AUTOS%202016/0010.pdf HTTP/1.1" 200 407397
216.244.66.195 - - [07/Sep/2023:04:42:54 -0500] "GET /BLA/resoluciones/AUTOS%202016/0288.pdf HTTP/1.1" 200 615961
172.22.2.4 - - [07/Sep/2023:04:41:37 -0500] "HEAD /BLA/boletinlegal/ HTTP/1.1" 200 -
216.244.66.195 - - [07/Sep/2023:04:43:27 -0500] "GET /BLA/resoluciones/AUTOS%202016/0319.pdf HTTP/1.1" 200 519033
201.245.192.253 - - [07/Sep/2023:04:43:45 -0500] "POST /forms/lservlet;jsessionid=ac16012b30d62f4415040f2249ea9738ec9c1b9579b0.e3iSbxaKaheRe34Rch0Ra3mLchv0n6jAmljGr5XDqQLvpAe HTTP/1.1" 200 2
216.244.66.195 - - [07/Sep/2023:04:44:04 -0500] "GET /BLA/resoluciones/AUTOS%202016/0527.pdf HTTP/1.1" 200 753104
172.22.2.4 - - [07/Sep/2023:04:42:27 -0500] "GET /BLA/boletinlegal/ HTTP/1.1" 200 58187
216.244.66.195 - - [07/Sep/2023:04:44:37 -0500] "GET /BLA/resoluciones/AUTOS%202016/0606.pdf HTTP/1.1" 200 440786
216.244.66.195 - - [07/Sep/2023:04:45:06 -0500] "GET /BLA/resoluciones/AUTOS%202016/0972.pdf HTTP/1.1" 200 579374
216.245.221.92 - - [07/Sep/2023:04:45:33 -0500] "HEAD / HTTP/1.1" 200 -
216.244.66.195 - - [07/Sep/2023:04:45:43 -0500] "GET /BLA/resoluciones/AUTOS%202016/1064.pdf HTTP/1.1" 200 235229
201.245.192.253 - - [07/Sep/2023:04:45:45 -0500] "POST /forms/lservlet;jsessionid=ac16012b30d62f4415040f2249ea9738ec9c1b9579b0.e3iSbxaKaheRe34Rch0Ra3mLchv0n6jAmljGr5XDqQLvpAe HTTP/1.1" 200 2
216.244.66.195 - - [07/Sep/2023:04:46:13 -0500] "GET /BLA/resoluciones/AUTOS%202016/1080.pdf HTTP/1.1" 200 234316
216.244.66.195 - - [07/Sep/2023:04:46:42 -0500] "GET /BLA/resoluciones/AUTOS%202016/1445.pdf HTTP/1.1" 200 272795
201.245.192.253 - - [07/Sep/2023:04:46:54 -0500] "POST /kwsrmcab/Wsrmcab  HTTP/1.1" 200 42865
216.244.66.195 - - [07/Sep/2023:04:47:12 -0500] "GET /BLA/resoluciones/AUTOS%202016/1595.pdf HTTP/1.1" 200 491822
216.244.66.195 - - [07/Sep/2023:04:47:42 -0500] "GET /BLA/resoluciones/AUTOS%202016/1805.pdf HTTP/1.1" 200 621514
201.245.192.253 - - [07/Sep/2023:04:47:45 -0500] "POST /forms/lservlet;jsessionid=ac16012b30d62f4415040f2249ea9738ec9c1b9579b0.e3iSbxaKaheRe34Rch0Ra3mLchv0n6jAmljGr5XDqQLvpAe HTTP/1.1" 200 2
216.244.66.195 - - [07/Sep/2023:04:48:11 -0500] "GET /BLA/resoluciones/AUTOS%202016/1891.pdf HTTP/1.1" 200 372854
216.244.66.195 - - [07/Sep/2023:04:48:36 -0500] "GET /BLA/resoluciones/AUTOS%202016/2010.pdf HTTP/1.1" 200 523907
172.22.2.4 - - [07/Sep/2023:04:47:27 -0500] "HEAD /BLA/boletinlegal/ HTTP/1.1" 200 -
216.244.66.195 - - [07/Sep/2023:04:49:12 -0500] "GET /BLA/resoluciones/AUTOS%202016/2104.pdf HTTP/1.1" 200 338765
52.167.144.231 - - [07/Sep/2023:04:49:24 -0500] "GET /BLA/resoluciones/AUTOS%202023/0545.pdf HTTP/1.1" 200 427491
216.244.66.195 - - [07/Sep/2023:04:49:40 -0500] "GET /BLA/resoluciones/AUTOS%202016/2327.pdf HTTP/1.1" 200 380919
201.245.192.253 - - [07/Sep/2023:04:49:45 -0500] "POST /forms/lservlet;jsessionid=ac16012b30d62f4415040f2249ea9738ec9c1b9579b0.e3iSbxaKaheRe34Rch0Ra3mLchv0n6jAmljGr5XDqQLvpAe HTTP/1.1" 200 2
172.22.2.4 - - [07/Sep/2023:04:48:17 -0500] "GET /BLA/boletinlegal/ HTTP/1.1" 200 60692
216.244.66.195 - - [07/Sep/2023:04:50:08 -0500] "GET /BLA/resoluciones/AUTOS%202016/2384.pdf HTTP/1.1" 200 402775
216.245.221.92 - - [07/Sep/2023:04:50:33 -0500] "HEAD / HTTP/1.1" 200 -
216.244.66.195 - - [07/Sep/2023:04:50:36 -0500] "GET /BLA/resoluciones/AUTOS%202016/2567.pdf HTTP/1.1" 200 336172
216.244.66.195 - - [07/Sep/2023:04:51:02 -0500] "GET /BLA/resoluciones/AUTOS%202016/2705.pdf HTTP/1.1" 200 517802
216.244.66.195 - - [07/Sep/2023:04:51:27 -0500] "GET /BLA/resoluciones/AUTOS%202016/2983.pdf HTTP/1.1" 200 359112
201.245.192.253 - - [07/Sep/2023:04:51:45 -0500] "POST /forms/lservlet;jsessionid=ac16012b30d62f4415040f2249ea9738ec9c1b9579b0.e3iSbxaKaheRe34Rch0Ra3mLchv0n6jAmljGr5XDqQLvpAe HTTP/1.1" 200 2
216.244.66.195 - - [07/Sep/2023:04:51:50 -0500] "GET /BLA/resoluciones/AUTOS%202007/1876.pdf HTTP/1.1" 200 158021
201.245.192.253 - - [07/Sep/2023:04:51:53 -0500] "POST /kwsrmcab/Wsrmcab  HTTP/1.1" 200 42865
216.244.66.195 - - [07/Sep/2023:04:52:13 -0500] "GET /BLA/resoluciones/AUTOS%202007/1921.pdf HTTP/1.1" 200 66639
216.244.66.195 - - [07/Sep/2023:04:52:36 -0500] "GET /BLA/resoluciones/AUTOS%202010/0130.pdf HTTP/1.1" 200 195023
52.167.144.231 - - [07/Sep/2023:04:52:36 -0500] "GET /Publicaciones/2023EE203649.pdf HTTP/1.1" 200 369552
216.244.66.195 - - [07/Sep/2023:04:52:56 -0500] "GET /BLA/resoluciones/AUTOS%202010/0348.pdf HTTP/1.1" 200 338199
216.244.66.195 - - [07/Sep/2023:04:53:16 -0500] "GET /BLA/resoluciones/AUTOS%202010/0486.pdf HTTP/1.1" 200 181727
172.22.2.4 - - [07/Sep/2023:04:51:49 -0500] "GET /BLA/boletinlegal/ HTTP/1.1" 200 62286
216.244.66.195 - - [07/Sep/2023:04:53:37 -0500] "GET /BLA/resoluciones/AUTOS%202010/0705.pdf HTTP/1.1" 200 190507
40.77.167.143 - - [07/Sep/2023:04:53:41 -0500] "GET /BLA/resoluciones/RESOLUCIONES%202023/1036.pdf HTTP/1.1" 200 502590
201.245.192.253 - - [07/Sep/2023:04:53:45 -0500] "POST /forms/lservlet;jsessionid=ac16012b30d62f4415040f2249ea9738ec9c1b9579b0.e3iSbxaKaheRe34Rch0Ra3mLchv0n6jAmljGr5XDqQLvpAe HTTP/1.1" 200 2
216.244.66.195 - - [07/Sep/2023:04:53:54 -0500] "GET /BLA/resoluciones/AUTOS%202010/0842.pdf HTTP/1.1" 200 187017
216.244.66.195 - - [07/Sep/2023:04:54:11 -0500] "GET /BLA/resoluciones/AUTOS%202010/1058.pdf HTTP/1.1" 200 1966936
216.244.66.195 - - [07/Sep/2023:04:54:35 -0500] "GET /BLA/resoluciones/AUTOS%202010/1110.pdf HTTP/1.1" 200 195015
216.244.66.195 - - [07/Sep/2023:04:54:55 -0500] "GET /BLA/resoluciones/AUTOS%202010/1278.pdf HTTP/1.1" 200 406174
172.22.2.4 - - [07/Sep/2023:04:53:17 -0500] "HEAD /BLA/boletinlegal/ HTTP/1.1" 200 -
216.244.66.195 - - [07/Sep/2023:04:55:13 -0500] "GET /BLA/resoluciones/AUTOS%202010/1363.pdf HTTP/1.1" 200 248131
216.244.66.195 - - [07/Sep/2023:04:55:30 -0500] "GET /BLA/resoluciones/AUTOS%202010/1400.pdf HTTP/1.1" 200 253409
216.245.221.92 - - [07/Sep/2023:04:55:33 -0500] "HEAD / HTTP/1.1" 200 -
201.245.192.253 - - [07/Sep/2023:04:55:45 -0500] "POST /forms/lservlet;jsessionid=ac16012b30d62f4415040f2249ea9738ec9c1b9579b0.e3iSbxaKaheRe34Rch0Ra3mLchv0n6jAmljGr5XDqQLvpAe HTTP/1.1" 200 2
216.244.66.195 - - [07/Sep/2023:04:55:46 -0500] "GET /BLA/resoluciones/AUTOS%202010/1671.pdf HTTP/1.1" 200 1350785
172.22.2.4 - - [07/Sep/2023:04:54:07 -0500] "GET /BLA/boletinlegal/ HTTP/1.1" 200 58187
216.244.66.195 - - [07/Sep/2023:04:56:25 -0500] "GET /BLA/resoluciones/AUTOS%202010/2889.pdf HTTP/1.1" 200 146313
201.245.192.253 - - [07/Sep/2023:04:56:52 -0500] "POST /kwsrmcab/Wsrmcab  HTTP/1.1" 200 42865
216.244.66.195 - - [07/Sep/2023:04:56:55 -0500] "GET /BLA/resoluciones/AUTOS%202010/3721.pdf HTTP/1.1" 200 167171
216.244.66.195 - - [07/Sep/2023:04:57:26 -0500] "GET /BLA/resoluciones/AUTOS%202010/5418.pdf HTTP/1.1" 200 1488169
201.245.192.253 - - [07/Sep/2023:04:57:45 -0500] "POST /forms/lservlet;jsessionid=ac16012b30d62f4415040f2249ea9738ec9c1b9579b0.e3iSbxaKaheRe34Rch0Ra3mLchv0n6jAmljGr5XDqQLvpAe HTTP/1.1" 200 2
216.244.66.195 - - [07/Sep/2023:04:58:07 -0500] "GET /BLA/resoluciones/AUTOS%202010/5534.pdf HTTP/1.1" 200 636902
216.244.66.195 - - [07/Sep/2023:04:58:43 -0500] "GET /BLA/resoluciones/AUTOS%202010/5626.pdf HTTP/1.1" 200 456554
216.244.66.195 - - [07/Sep/2023:04:59:13 -0500] "GET /BLA/resoluciones/AUTOS%202010/5627.pdf HTTP/1.1" 200 208465
216.244.66.195 - - [07/Sep/2023:04:59:41 -0500] "GET /BLA/resoluciones/AUTOS%202010/6631.pdf HTTP/1.1" 200 170809
201.245.192.253 - - [07/Sep/2023:04:59:45 -0500] "POST /forms/lservlet;jsessionid=ac16012b30d62f4415040f2249ea9738ec9c1b9579b0.e3iSbxaKaheRe34Rch0Ra3mLchv0n6jAmljGr5XDqQLvpAe HTTP/1.1" 200 2
216.244.66.195 - - [07/Sep/2023:05:00:08 -0500] "GET /BLA/resoluciones/AUTOS%202010/6665.pdf HTTP/1.1" 200 130642
216.245.221.92 - - [07/Sep/2023:05:00:33 -0500] "HEAD / HTTP/1.1" 200 -
216.244.66.195 - - [07/Sep/2023:05:00:34 -0500] "GET /BLA/resoluciones/AUTOS%202011/3210.pdf HTTP/1.1" 200 226563
172.22.2.4 - - [07/Sep/2023:04:59:07 -0500] "HEAD /BLA/boletinlegal/ HTTP/1.1" 200 -
216.244.66.195 - - [07/Sep/2023:05:01:01 -0500] "GET /BLA/resoluciones/AUTOS%202011/3949.pdf HTTP/1.1" 200 230477
216.244.66.195 - - [07/Sep/2023:05:01:26 -0500] "GET /BLA/resoluciones/AUTOS%202011/3973.pdf HTTP/1.1" 200 251775
172.22.2.4 - - [07/Sep/2023:04:59:57 -0500] "GET /BLA/boletinlegal/ HTTP/1.1" 200 58597
201.245.192.253 - - [07/Sep/2023:05:01:45 -0500] "POST /forms/lservlet;jsessionid=ac16012b30d62f4415040f2249ea9738ec9c1b9579b0.e3iSbxaKaheRe34Rch0Ra3mLchv0n6jAmljGr5XDqQLvpAe HTTP/1.1" 200 2
216.244.66.195 - - [07/Sep/2023:05:01:52 -0500] "GET /BLA/resoluciones/Decretos/DECRETO%20238%20DEL%2020%20DE%20ABRIL%20DEL%202018.pdf HTTP/1.1" 200 621487
201.245.192.253 - - [07/Sep/2023:05:01:51 -0500] "POST /kwsrmcab/Wsrmcab  HTTP/1.1" 200 42865
216.244.66.195 - - [07/Sep/2023:05:02:27 -0500] "GET /BLA/resoluciones/RESOLUCIONES%202016/0357.pdf HTTP/1.1" 200 1067689
216.244.66.195 - - [07/Sep/2023:05:03:06 -0500] "GET /BLA/resoluciones/RESOLUCIONES%202016/0668.pdf HTTP/1.1" 200 860960
216.244.66.195 - - [07/Sep/2023:05:03:38 -0500] "GET /BLA/resoluciones/RESOLUCIONES%202016/0745.pdf HTTP/1.1" 200 635078
201.245.192.253 - - [07/Sep/2023:05:03:45 -0500] "POST /forms/lservlet;jsessionid=ac16012b30d62f4415040f2249ea9738ec9c1b9579b0.e3iSbxaKaheRe34Rch0Ra3mLchv0n6jAmljGr5XDqQLvpAe HTTP/1.1" 200 2
168.119.253.11 - - [07/Sep/2023:05:03:59 -0500] "GET / HTTP/1.1" 200 319
168.119.253.11 - - [07/Sep/2023:05:04:00 -0500] "GET / HTTP/1.1" 200 4720
216.244.66.195 - - [07/Sep/2023:05:04:18 -0500] "GET /BLA/resoluciones/RESOLUCIONES%202016/0789.PDF HTTP/1.1" 200 1036335
216.244.66.195 - - [07/Sep/2023:05:04:57 -0500] "GET /BLA/resoluciones/RESOLUCIONES%202016/1096.pdf HTTP/1.1" 200 504303
162.55.37.148 - - [07/Sep/2023:05:05:01 -0500] "GET / HTTP/1.1" 200 4720
162.55.37.148 - - [07/Sep/2023:05:05:03 -0500] "GET / HTTP/1.1" 200 319
216.245.221.92 - - [07/Sep/2023:05:05:33 -0500] "HEAD / HTTP/1.1" 200 -
216.244.66.195 - - [07/Sep/2023:05:05:34 -0500] "GET /BLA/resoluciones/RESOLUCIONES%202016/1259.pdf HTTP/1.1" 200 780912
172.22.2.4 - - [07/Sep/2023:05:05:44 -0500] "GET /BLA/boletinlegal/Circulares/2011/Circular%20No.%204%20del%2012%20de%20Agosto%20de%202011.pdf HTTP/1.1" 304 -
201.245.192.253 - - [07/Sep/2023:05:05:45 -0500] "POST /forms/lservlet;jsessionid=ac16012b30d62f4415040f2249ea9738ec9c1b9579b0.e3iSbxaKaheRe34Rch0Ra3mLchv0n6jAmljGr5XDqQLvpAe HTTP/1.1" 200 2
172.22.2.4 - - [07/Sep/2023:05:05:00 -0500] "GET /BLA/boletinlegal/ HTTP/1.1" 200 32715
216.244.66.195 - - [07/Sep/2023:05:06:12 -0500] "GET /BLA/resoluciones/RESOLUCIONES%202016/1517.pdf HTTP/1.1" 200 3140577
66.249.70.6 - - [07/Sep/2023:05:06:20 -0500] "GET /BLA/resoluciones/RESOLUCIONES%202009/4311.pdf HTTP/1.1" 200 518741
172.22.2.4 - - [07/Sep/2023:05:04:57 -0500] "HEAD /BLA/boletinlegal/ HTTP/1.1" 200 -
201.245.192.253 - - [07/Sep/2023:05:06:50 -0500] "POST /kwsrmcab/Wsrmcab  HTTP/1.1" 200 42865
216.244.66.195 - - [07/Sep/2023:05:07:02 -0500] "GET /BLA/resoluciones/RESOLUCIONES%202016/2336.pdf HTTP/1.1" 200 363592
172.22.2.4 - - [07/Sep/2023:05:05:47 -0500] "GET /BLA/boletinlegal/ HTTP/1.1" 200 58187
216.244.66.195 - - [07/Sep/2023:05:07:35 -0500] "GET /BLA/resoluciones/RESOLUCIONES%202016/2493.pdf HTTP/1.1" 200 425669
201.245.192.253 - - [07/Sep/2023:05:07:45 -0500] "POST /forms/lservlet;jsessionid=ac16012b30d62f4415040f2249ea9738ec9c1b9579b0.e3iSbxaKaheRe34Rch0Ra3mLchv0n6jAmljGr5XDqQLvpAe HTTP/1.1" 200 2
216.244.66.195 - - [07/Sep/2023:05:08:07 -0500] "GET /BLA/resoluciones/RESOLUCIONES%202016/2545.pdf HTTP/1.1" 200 835472
216.244.66.195 - - [07/Sep/2023:05:08:47 -0500] "GET /BLA/resoluciones/RESOLUCIONES%202017/0311.pdf HTTP/1.1" 200 399471
52.167.144.160 - - [07/Sep/2023:05:09:09 -0500] "GET /BLA/resoluciones/AUTOS%202023/4138.pdf HTTP/1.1" 200 418778
216.244.66.195 - - [07/Sep/2023:05:09:22 -0500] "GET /BLA/resoluciones/RESOLUCIONES%202017/0440.pdf HTTP/1.1" 200 345136
201.245.192.253 - - [07/Sep/2023:05:09:45 -0500] "POST /forms/lservlet;jsessionid=ac16012b30d62f4415040f2249ea9738ec9c1b9579b0.e3iSbxaKaheRe34Rch0Ra3mLchv0n6jAmljGr5XDqQLvpAe HTTP/1.1" 200 2
216.244.66.195 - - [07/Sep/2023:05:09:51 -0500] "GET /BLA/resoluciones/RESOLUCIONES%202017/1149.pdf HTTP/1.1" 200 521430
216.244.66.195 - - [07/Sep/2023:05:10:30 -0500] "GET /BLA/resoluciones/RESOLUCIONES%202017/1299.pdf HTTP/1.1" 200 375004
216.245.221.92 - - [07/Sep/2023:05:10:33 -0500] "HEAD / HTTP/1.1" 200 -
216.244.66.195 - - [07/Sep/2023:05:11:04 -0500] "GET /BLA/resoluciones/RESOLUCIONES%202017/1513.pdf HTTP/1.1" 200 762054
213.244.248.43 - - [07/Sep/2023:05:11:29 -0500] "GET /portaldeninos/wp-content/uploads/2020/01/Tierra-escenario.jpg HTTP/1.1" 200 181491
216.244.66.195 - - [07/Sep/2023:05:11:34 -0500] "GET /BLA/resoluciones/RESOLUCIONES%202017/1825.pdf HTTP/1.1" 200 353750
201.245.192.253 - - [07/Sep/2023:05:11:45 -0500] "POST /forms/lservlet;jsessionid=ac16012b30d62f4415040f2249ea9738ec9c1b9579b0.e3iSbxaKaheRe34Rch0Ra3mLchv0n6jAmljGr5XDqQLvpAe HTTP/1.1" 200 2
201.245.192.253 - - [07/Sep/2023:05:11:49 -0500] "POST /kwsrmcab/Wsrmcab  HTTP/1.1" 200 42865
172.22.2.4 - - [07/Sep/2023:05:10:47 -0500] "HEAD /BLA/boletinlegal/ HTTP/1.1" 200 -
172.22.2.4 - - [07/Sep/2023:05:11:37 -0500] "GET /BLA/boletinlegal/ HTTP/1.1" 200 60692
201.245.192.253 - - [07/Sep/2023:05:13:45 -0500] "POST /forms/lservlet;jsessionid=ac16012b30d62f4415040f2249ea9738ec9c1b9579b0.e3iSbxaKaheRe34Rch0Ra3mLchv0n6jAmljGr5XDqQLvpAe HTTP/1.1" 200 2
172.22.2.4 - - [07/Sep/2023:05:14:09 -0500] "GET /BLA/boletinlegal/robots.txt HTTP/1.1" 404 1038
216.245.221.92 - - [07/Sep/2023:05:15:32 -0500] "HEAD / HTTP/1.1" 200 -
201.245.192.253 - - [07/Sep/2023:05:15:45 -0500] "POST /forms/lservlet;jsessionid=ac16012b30d62f4415040f2249ea9738ec9c1b9579b0.e3iSbxaKaheRe34Rch0Ra3mLchv0n6jAmljGr5XDqQLvpAe HTTP/1.1" 200 2
172.22.2.4 - - [07/Sep/2023:05:14:10 -0500] "GET /BLA/boletinlegal/ HTTP/1.1" 200 62795
52.167.144.108 - - [07/Sep/2023:05:16:41 -0500] "GET /BLA/resoluciones/RESOLUCIONES%202004/RESOLUCION%201575%20DE%202004.PDF HTTP/1.1" 200 326821
201.245.192.253 - - [07/Sep/2023:05:16:47 -0500] "POST /kwsrmcab/Wsrmcab  HTTP/1.1" 200 42865
201.245.192.253 - - [07/Sep/2023:05:17:45 -0500] "POST /forms/lservlet;jsessionid=ac16012b30d62f4415040f2249ea9738ec9c1b9579b0.e3iSbxaKaheRe34Rch0Ra3mLchv0n6jAmljGr5XDqQLvpAe HTTP/1.1" 200 2
172.22.2.4 - - [07/Sep/2023:05:16:21 -0500] "GET /BLA/boletinlegal/index.php HTTP/1.1" 200 54150
172.22.2.4 - - [07/Sep/2023:05:16:37 -0500] "HEAD /BLA/boletinlegal/ HTTP/1.1" 200 -
201.245.192.253 - - [07/Sep/2023:05:18:56 -0500] "POST /kwsrmcab/Wsrmcab HTTP/1.1" 200 41602
201.245.192.253 - - [07/Sep/2023:05:19:00 -0500] "POST /kwsrmcab/Wsrmcab HTTP/1.1" 200 40829
172.22.2.4 - - [07/Sep/2023:05:17:27 -0500] "GET /BLA/boletinlegal/ HTTP/1.1" 200 53362
52.167.144.44 - - [07/Sep/2023:05:19:31 -0500] "GET /BLA/resoluciones/AUTOS%202023/0752.pdf HTTP/1.1" 200 369623
201.245.192.253 - - [07/Sep/2023:05:19:45 -0500] "POST /forms/lservlet;jsessionid=ac16012b30d62f4415040f2249ea9738ec9c1b9579b0.e3iSbxaKaheRe34Rch0Ra3mLchv0n6jAmljGr5XDqQLvpAe HTTP/1.1" 200 2
216.245.221.92 - - [07/Sep/2023:05:20:32 -0500] "HEAD / HTTP/1.1" 200 -
201.245.192.253 - - [07/Sep/2023:05:21:45 -0500] "POST /forms/lservlet;jsessionid=ac16012b30d62f4415040f2249ea9738ec9c1b9579b0.e3iSbxaKaheRe34Rch0Ra3mLchv0n6jAmljGr5XDqQLvpAe HTTP/1.1" 200 2
201.245.192.253 - - [07/Sep/2023:05:21:47 -0500] "POST /kwsrmcab/Wsrmcab  HTTP/1.1" 200 42865
52.167.144.145 - - [07/Sep/2023:05:22:39 -0500] "GET /BLA/resoluciones/AUTOS%202023/0781.pdf HTTP/1.1" 200 515518
201.245.192.253 - - [07/Sep/2023:05:23:45 -0500] "POST /forms/lservlet;jsessionid=ac16012b30d62f4415040f2249ea9738ec9c1b9579b0.e3iSbxaKaheRe34Rch0Ra3mLchv0n6jAmljGr5XDqQLvpAe HTTP/1.1" 200 2
172.22.2.4 - - [07/Sep/2023:05:22:27 -0500] "HEAD /BLA/boletinlegal/ HTTP/1.1" 200 -
172.22.2.4 - - [07/Sep/2023:05:24:17 -0500] "GET /BLA/boletinlegal/normativa.php HTTP/1.1" 200 8343
216.244.66.195 - - [07/Sep/2023:05:24:22 -0500] "GET /robots.txt HTTP/1.1" 404 1018
172.22.2.4 - - [07/Sep/2023:05:23:17 -0500] "GET /BLA/boletinlegal/ HTTP/1.1" 200 58187
216.245.221.92 - - [07/Sep/2023:05:25:32 -0500] "HEAD / HTTP/1.1" 200 -
201.245.192.253 - - [07/Sep/2023:05:25:45 -0500] "POST /forms/lservlet;jsessionid=ac16012b30d62f4415040f2249ea9738ec9c1b9579b0.e3iSbxaKaheRe34Rch0Ra3mLchv0n6jAmljGr5XDqQLvpAe HTTP/1.1" 200 2
201.245.192.253 - - [07/Sep/2023:05:26:46 -0500] "POST /kwsrmcab/Wsrmcab  HTTP/1.1" 200 42865
201.245.192.253 - - [07/Sep/2023:05:27:45 -0500] "POST /forms/lservlet;jsessionid=ac16012b30d62f4415040f2249ea9738ec9c1b9579b0.e3iSbxaKaheRe34Rch0Ra3mLchv0n6jAmljGr5XDqQLvpAe HTTP/1.1" 200 2
201.245.192.253 - - [07/Sep/2023:05:28:56 -0500] "POST /kwsrmcab/Wsrmcab HTTP/1.1" 200 41602
201.245.192.253 - - [07/Sep/2023:05:29:00 -0500] "POST /kwsrmcab/Wsrmcab HTTP/1.1" 200 40829
201.245.192.253 - - [07/Sep/2023:05:29:45 -0500] "POST /forms/lservlet;jsessionid=ac16012b30d62f4415040f2249ea9738ec9c1b9579b0.e3iSbxaKaheRe34Rch0Ra3mLchv0n6jAmljGr5XDqQLvpAe HTTP/1.1" 200 2
172.22.2.4 - - [07/Sep/2023:05:28:17 -0500] "HEAD /BLA/boletinlegal/ HTTP/1.1" 200 -
216.245.221.92 - - [07/Sep/2023:05:30:32 -0500] "HEAD / HTTP/1.1" 200 -
172.22.2.4 - - [07/Sep/2023:05:29:07 -0500] "GET /BLA/boletinlegal/ HTTP/1.1" 200 60342
52.167.144.184 - - [07/Sep/2023:05:31:18 -0500] "GET /BLA/resoluciones/RESOLUCIONES%202021/4080.pdf HTTP/1.1" 304 -
172.22.2.4 - - [07/Sep/2023:05:31:19 -0500] "GET /BLA/boletinlegal/actuator/gateway/routes HTTP/1.1" 404 1018
201.245.192.253 - - [07/Sep/2023:05:31:45 -0500] "POST /forms/lservlet;jsessionid=ac16012b30d62f4415040f2249ea9738ec9c1b9579b0.e3iSbxaKaheRe34Rch0Ra3mLchv0n6jAmljGr5XDqQLvpAe HTTP/1.1" 200 2
201.245.192.253 - - [07/Sep/2023:05:31:45 -0500] "POST /kwsrmcab/Wsrmcab  HTTP/1.1" 200 42865
52.167.144.184 - - [07/Sep/2023:05:32:50 -0500] "GET /BLA/resoluciones/index.php?dir=RESOLUCIONES+2005%2FRES+2005+2801-2850%2F HTTP/1.1" 200 11939
201.245.192.253 - - [07/Sep/2023:05:33:45 -0500] "POST /forms/lservlet;jsessionid=ac16012b30d62f4415040f2249ea9738ec9c1b9579b0.e3iSbxaKaheRe34Rch0Ra3mLchv0n6jAmljGr5XDqQLvpAe HTTP/1.1" 200 2
216.244.66.195 - - [07/Sep/2023:05:35:11 -0500] "GET /BLA/resoluciones/index.php?dir=Acuerdos%2F HTTP/1.1" 200 3396
216.245.221.92 - - [07/Sep/2023:05:35:32 -0500] "HEAD / HTTP/1.1" 200 -
201.245.192.253 - - [07/Sep/2023:05:35:45 -0500] "POST /forms/lservlet;jsessionid=ac16012b30d62f4415040f2249ea9738ec9c1b9579b0.e3iSbxaKaheRe34Rch0Ra3mLchv0n6jAmljGr5XDqQLvpAe HTTP/1.1" 200 2
172.22.2.4 - - [07/Sep/2023:05:34:06 -0500] "HEAD /BLA/boletinlegal/ HTTP/1.1" 200 -
172.22.2.4 - - [07/Sep/2023:05:34:57 -0500] "GET /BLA/boletinlegal/ HTTP/1.1" 200 58597
201.245.192.253 - - [07/Sep/2023:05:36:44 -0500] "POST /kwsrmcab/Wsrmcab  HTTP/1.1" 200 42865
201.245.192.253 - - [07/Sep/2023:05:37:45 -0500] "POST /forms/lservlet;jsessionid=ac16012b30d62f4415040f2249ea9738ec9c1b9579b0.e3iSbxaKaheRe34Rch0Ra3mLchv0n6jAmljGr5XDqQLvpAe HTTP/1.1" 200 2
216.244.66.195 - - [07/Sep/2023:05:38:26 -0500] "GET /galeria/galeria/fotos/diaSC7.jpg HTTP/1.1" 200 138801
216.244.66.195 - - [07/Sep/2023:05:38:35 -0500] "GET /transparencia/directorioservidores/2018/agosto.xlsx HTTP/1.1" 404 1018
201.245.192.253 - - [07/Sep/2023:05:38:56 -0500] "POST /kwsrmcab/Wsrmcab HTTP/1.1" 200 41602
201.245.192.253 - - [07/Sep/2023:05:38:59 -0500] "POST /kwsrmcab/Wsrmcab HTTP/1.1" 200 40829
52.167.144.192 - - [07/Sep/2023:05:39:37 -0500] "GET /BLA/resoluciones/AUTOS%202023/1901.pdf HTTP/1.1" 200 402852
201.245.192.253 - - [07/Sep/2023:05:39:45 -0500] "POST /forms/lservlet;jsessionid=ac16012b30d62f4415040f2249ea9738ec9c1b9579b0.e3iSbxaKaheRe34Rch0Ra3mLchv0n6jAmljGr5XDqQLvpAe HTTP/1.1" 200 2
216.244.66.195 - - [07/Sep/2023:05:40:08 -0500] "GET /BLA/resoluciones/RESOLUCIONES%202016/1364.pdf HTTP/1.1" 200 821320
216.244.66.195 - - [07/Sep/2023:05:40:14 -0500] "GET /BLA/resoluciones/RESOLUCIONES%202017/2229.pdf HTTP/1.1" 200 1241537
216.245.221.92 - - [07/Sep/2023:05:40:32 -0500] "HEAD / HTTP/1.1" 200 -
216.244.66.195 - - [07/Sep/2023:05:40:53 -0500] "GET /BLA/resoluciones/AUTOS%202016/0088.pdf HTTP/1.1" 200 800110
216.244.66.195 - - [07/Sep/2023:05:41:33 -0500] "GET /BLA/resoluciones/AUTOS%202016/0170.pdf HTTP/1.1" 200 439172
172.22.2.4 - - [07/Sep/2023:05:39:56 -0500] "HEAD /BLA/boletinlegal/ HTTP/1.1" 200 -
201.245.192.253 - - [07/Sep/2023:05:41:45 -0500] "POST /forms/lservlet;jsessionid=ac16012b30d62f4415040f2249ea9738ec9c1b9579b0.e3iSbxaKaheRe34Rch0Ra3mLchv0n6jAmljGr5XDqQLvpAe HTTP/1.1" 200 2
201.245.192.253 - - [07/Sep/2023:05:41:42 -0500] "POST /kwsrmcab/Wsrmcab  HTTP/1.1" 200 42865
216.244.66.195 - - [07/Sep/2023:05:42:04 -0500] "GET /BLA/resoluciones/AUTOS%202016/0229.pdf HTTP/1.1" 200 588813
172.22.2.4 - - [07/Sep/2023:05:40:47 -0500] "GET /BLA/boletinlegal/ HTTP/1.1" 200 60692
216.244.66.195 - - [07/Sep/2023:05:42:36 -0500] "GET /BLA/resoluciones/AUTOS%202016/0281.pdf HTTP/1.1" 200 750889
216.244.66.195 - - [07/Sep/2023:05:43:09 -0500] "GET /BLA/resoluciones/AUTOS%202016/0636.pdf HTTP/1.1" 200 540756
216.244.66.195 - - [07/Sep/2023:05:43:37 -0500] "GET /BLA/resoluciones/AUTOS%202016/0695.pdf HTTP/1.1" 200 480987
201.245.192.253 - - [07/Sep/2023:05:43:45 -0500] "POST /forms/lservlet;jsessionid=ac16012b30d62f4415040f2249ea9738ec9c1b9579b0.e3iSbxaKaheRe34Rch0Ra3mLchv0n6jAmljGr5XDqQLvpAe HTTP/1.1" 200 2
216.244.66.195 - - [07/Sep/2023:05:44:08 -0500] "GET /BLA/resoluciones/AUTOS%202016/0733.pdf HTTP/1.1" 200 493229
185.142.236.40 - - [07/Sep/2023:05:44:25 -0500] "GET / HTTP/1.1" 200 319
185.142.236.40 - - [07/Sep/2023:05:44:28 -0500] "GET /robots.txt HTTP/1.1" 404 1018
185.142.236.40 - - [07/Sep/2023:05:44:29 -0500] "GET /sitemap.xml HTTP/1.1" 404 1018
185.142.236.40 - - [07/Sep/2023:05:44:31 -0500] "GET /.well-known/security.txt HTTP/1.1" 404 1018
185.142.236.40 - - [07/Sep/2023:05:44:33 -0500] "GET /favicon.ico HTTP/1.1" 200 7782
216.244.66.195 - - [07/Sep/2023:05:44:43 -0500] "GET /BLA/resoluciones/AUTOS%202016/1101.pdf HTTP/1.1" 200 204140
216.244.66.195 - - [07/Sep/2023:05:45:11 -0500] "GET /BLA/resoluciones/AUTOS%202016/1175.pdf HTTP/1.1" 200 370429
216.245.221.92 - - [07/Sep/2023:05:45:32 -0500] "HEAD / HTTP/1.1" 200 -
216.244.66.195 - - [07/Sep/2023:05:45:43 -0500] "GET /BLA/resoluciones/AUTOS%202016/1255.pdf HTTP/1.1" 200 471596
201.245.192.253 - - [07/Sep/2023:05:45:45 -0500] "POST /forms/lservlet;jsessionid=ac16012b30d62f4415040f2249ea9738ec9c1b9579b0.e3iSbxaKaheRe34Rch0Ra3mLchv0n6jAmljGr5XDqQLvpAe HTTP/1.1" 200 2
216.244.66.195 - - [07/Sep/2023:05:46:10 -0500] "GET /BLA/resoluciones/AUTOS%202016/1269.pdf HTTP/1.1" 200 445531
216.244.66.195 - - [07/Sep/2023:05:46:36 -0500] "GET /BLA/resoluciones/AUTOS%202016/1522.pdf HTTP/1.1" 200 478442
201.245.192.253 - - [07/Sep/2023:05:46:42 -0500] "POST /kwsrmcab/Wsrmcab  HTTP/1.1" 200 42865
216.244.66.195 - - [07/Sep/2023:05:47:12 -0500] "GET /BLA/resoluciones/AUTOS%202016/1667.pdf HTTP/1.1" 200 727752
172.22.2.4 - - [07/Sep/2023:05:45:46 -0500] "HEAD /BLA/boletinlegal/ HTTP/1.1" 200 -
201.245.192.253 - - [07/Sep/2023:05:47:45 -0500] "POST /forms/lservlet;jsessionid=ac16012b30d62f4415040f2249ea9738ec9c1b9579b0.e3iSbxaKaheRe34Rch0Ra3mLchv0n6jAmljGr5XDqQLvpAe HTTP/1.1" 200 2
216.244.66.195 - - [07/Sep/2023:05:47:50 -0500] "GET /BLA/resoluciones/AUTOS%202016/1701.pdf HTTP/1.1" 200 600719
172.22.2.4 - - [07/Sep/2023:05:46:37 -0500] "GET /BLA/boletinlegal/ HTTP/1.1" 200 60692
216.244.66.195 - - [07/Sep/2023:05:48:25 -0500] "GET /BLA/resoluciones/AUTOS%202016/1777.pdf HTTP/1.1" 200 268118
216.244.66.195 - - [07/Sep/2023:05:48:55 -0500] "GET /BLA/resoluciones/AUTOS%202016/1990.pdf HTTP/1.1" 200 525147
52.167.144.235 - - [07/Sep/2023:05:49:20 -0500] "GET /Publicaciones/2023EE202465.pdf HTTP/1.1" 200 426070
216.244.66.195 - - [07/Sep/2023:05:49:24 -0500] "GET /BLA/resoluciones/AUTOS%202016/2079.pdf HTTP/1.1" 200 979125
201.245.192.253 - - [07/Sep/2023:05:49:45 -0500] "POST /forms/lservlet;jsessionid=ac16012b30d62f4415040f2249ea9738ec9c1b9579b0.e3iSbxaKaheRe34Rch0Ra3mLchv0n6jAmljGr5XDqQLvpAe HTTP/1.1" 200 2
216.244.66.195 - - [07/Sep/2023:05:50:06 -0500] "GET /BLA/resoluciones/AUTOS%202016/2255.pdf HTTP/1.1" 200 400006
216.245.221.92 - - [07/Sep/2023:05:50:32 -0500] "HEAD / HTTP/1.1" 200 -
216.244.66.195 - - [07/Sep/2023:05:50:37 -0500] "GET /BLA/resoluciones/AUTOS%202016/2382.pdf HTTP/1.1" 200 385149
216.244.66.195 - - [07/Sep/2023:05:51:07 -0500] "GET /BLA/resoluciones/AUTOS%202016/2453.pdf HTTP/1.1" 200 442996
216.244.66.195 - - [07/Sep/2023:05:51:37 -0500] "GET /BLA/resoluciones/AUTOS%202016/2455.pdf HTTP/1.1" 200 386117
201.245.192.253 - - [07/Sep/2023:05:51:41 -0500] "POST /kwsrmcab/Wsrmcab  HTTP/1.1" 200 42865
201.245.192.253 - - [07/Sep/2023:05:51:45 -0500] "POST /forms/lservlet;jsessionid=ac16012b30d62f4415040f2249ea9738ec9c1b9579b0.e3iSbxaKaheRe34Rch0Ra3mLchv0n6jAmljGr5XDqQLvpAe HTTP/1.1" 200 2
216.244.66.195 - - [07/Sep/2023:05:52:09 -0500] "GET /BLA/resoluciones/AUTOS%202016/2570.pdf HTTP/1.1" 200 455836
172.22.2.4 - - [07/Sep/2023:05:52:23 -0500] "GET /BLA/boletinlegal/jurisprudencia.php HTTP/1.1" 200 17583
172.22.2.4 - - [07/Sep/2023:05:52:25 -0500] "GET /BLA/boletinlegal/js/lib.js HTTP/1.1" 200 6474
172.22.2.4 - - [07/Sep/2023:05:52:25 -0500] "GET /BLA/boletinlegal/style.css HTTP/1.1" 200 9406
172.22.2.4 - - [07/Sep/2023:05:52:26 -0500] "GET /BLA/boletinlegal/js/jquery1.js HTTP/1.1" 200 29846
172.22.2.4 - - [07/Sep/2023:05:52:26 -0500] "GET /BLA/boletinlegal/js/popup.js HTTP/1.1" 200 1270
216.244.66.195 - - [07/Sep/2023:05:52:38 -0500] "GET /BLA/resoluciones/AUTOS%202016/2727.pdf HTTP/1.1" 200 618508
172.22.2.4 - - [07/Sep/2023:05:51:24 -0500] "GET /BLA/boletinlegal/ HTTP/1.1" 200 52656
216.244.66.195 - - [07/Sep/2023:05:53:05 -0500] "GET /BLA/resoluciones/AUTOS%202016/2805.pdf HTTP/1.1" 200 429608
172.22.2.4 - - [07/Sep/2023:05:53:16 -0500] "GET /BLA/boletinlegal/login.php HTTP/1.1" 404 1186
172.22.2.4 - - [07/Sep/2023:05:51:36 -0500] "HEAD /BLA/boletinlegal/ HTTP/1.1" 200 -
216.244.66.195 - - [07/Sep/2023:05:53:30 -0500] "GET /BLA/resoluciones/AUTOS%202016/2819.pdf HTTP/1.1" 200 378072
201.245.192.253 - - [07/Sep/2023:05:53:45 -0500] "POST /forms/lservlet;jsessionid=ac16012b30d62f4415040f2249ea9738ec9c1b9579b0.e3iSbxaKaheRe34Rch0Ra3mLchv0n6jAmljGr5XDqQLvpAe HTTP/1.1" 200 2
216.244.66.195 - - [07/Sep/2023:05:53:53 -0500] "GET /BLA/resoluciones/AUTOS%202007/1855.pdf HTTP/1.1" 200 93852
172.22.2.4 - - [07/Sep/2023:05:52:27 -0500] "GET /BLA/boletinlegal/ HTTP/1.1" 200 54960
216.244.66.195 - - [07/Sep/2023:05:54:15 -0500] "GET /BLA/resoluciones/AUTOS%202007/1873.pdf HTTP/1.1" 200 67452
216.244.66.195 - - [07/Sep/2023:05:54:37 -0500] "GET /BLA/resoluciones/AUTOS%202007/1924.pdf HTTP/1.1" 200 157260
52.167.144.205 - - [07/Sep/2023:05:54:40 -0500] "GET /bogota-reverdece-219-nuevos-arboles-plantados-en-ciudad-bolivar.html HTTP/1.1" 200 849
216.244.66.195 - - [07/Sep/2023:05:54:58 -0500] "GET /BLA/resoluciones/AUTOS%202010/0133.pdf HTTP/1.1" 200 188041
66.249.66.194 - - [07/Sep/2023:05:55:06 -0500] "GET /robots.txt HTTP/1.1" 404 1034
66.249.66.192 - - [07/Sep/2023:05:55:06 -0500] "GET /secretaria-de-ambiente-suspende-tres-hornos-crematorios-de-bogota-por-contaminacion-del-aire.html HTTP/1.1" 200 927
216.244.66.195 - - [07/Sep/2023:05:55:19 -0500] "GET /BLA/resoluciones/AUTOS%202010/1115.pdf HTTP/1.1" 200 177951
216.245.221.92 - - [07/Sep/2023:05:55:32 -0500] "HEAD / HTTP/1.1" 200 -
216.244.66.195 - - [07/Sep/2023:05:55:37 -0500] "GET /BLA/resoluciones/AUTOS%202010/1410.pdf HTTP/1.1" 200 256328
201.245.192.253 - - [07/Sep/2023:05:55:45 -0500] "POST /forms/lservlet;jsessionid=ac16012b30d62f4415040f2249ea9738ec9c1b9579b0.e3iSbxaKaheRe34Rch0Ra3mLchv0n6jAmljGr5XDqQLvpAe HTTP/1.1" 200 2
216.244.66.195 - - [07/Sep/2023:05:55:54 -0500] "GET /BLA/resoluciones/AUTOS%202010/1602.pdf HTTP/1.1" 200 130680
216.244.66.195 - - [07/Sep/2023:05:56:10 -0500] "GET /BLA/resoluciones/AUTOS%202010/1900.pdf HTTP/1.1" 200 190299
216.244.66.195 - - [07/Sep/2023:05:56:25 -0500] "GET /BLA/resoluciones/AUTOS%202010/3510.pdf HTTP/1.1" 200 2339098
201.245.192.253 - - [07/Sep/2023:05:56:40 -0500] "POST /kwsrmcab/Wsrmcab  HTTP/1.1" 200 42865
216.244.66.195 - - [07/Sep/2023:05:56:58 -0500] "GET /BLA/resoluciones/AUTOS%202010/3920.pdf HTTP/1.1" 200 1151066
216.244.66.195 - - [07/Sep/2023:05:57:28 -0500] "GET /BLA/resoluciones/AUTOS%202010/4366.pdf HTTP/1.1" 200 154760
172.22.2.4 - - [07/Sep/2023:05:55:58 -0500] "GET /BLA/boletinlegal/ HTTP/1.1" 200 61922
52.167.144.190 - - [07/Sep/2023:05:57:44 -0500] "GET /BLA/resoluciones/AUTOS%202023/0653.pdf HTTP/1.1" 200 742994
201.245.192.253 - - [07/Sep/2023:05:57:45 -0500] "POST /forms/lservlet;jsessionid=ac16012b30d62f4415040f2249ea9738ec9c1b9579b0.e3iSbxaKaheRe34Rch0Ra3mLchv0n6jAmljGr5XDqQLvpAe HTTP/1.1" 200 2
216.244.66.195 - - [07/Sep/2023:05:57:55 -0500] "GET /BLA/resoluciones/AUTOS%202010/5451.pdf HTTP/1.1" 200 253327
216.244.66.195 - - [07/Sep/2023:05:58:21 -0500] "GET /BLA/resoluciones/AUTOS%202010/5617.pdf HTTP/1.1" 200 413816
216.244.66.195 - - [07/Sep/2023:05:58:47 -0500] "GET /BLA/resoluciones/AUTOS%202010/5629.pdf HTTP/1.1" 200 563334
172.22.2.4 - - [07/Sep/2023:05:57:26 -0500] "HEAD /BLA/boletinlegal/ HTTP/1.1" 200 -
216.244.66.195 - - [07/Sep/2023:05:59:13 -0500] "GET /BLA/resoluciones/AUTOS%202010/5642.pdf HTTP/1.1" 200 200335
216.244.66.195 - - [07/Sep/2023:05:59:36 -0500] "GET /BLA/resoluciones/AUTOS%202010/5648.pdf HTTP/1.1" 200 259900
201.245.192.253 - - [07/Sep/2023:05:59:45 -0500] "POST /forms/lservlet;jsessionid=ac16012b30d62f4415040f2249ea9738ec9c1b9579b0.e3iSbxaKaheRe34Rch0Ra3mLchv0n6jAmljGr5XDqQLvpAe HTTP/1.1" 200 2
172.22.2.4 - - [07/Sep/2023:05:58:17 -0500] "GET /BLA/boletinlegal/ HTTP/1.1" 200 60692
216.244.66.195 - - [07/Sep/2023:06:00:01 -0500] "GET /BLA/resoluciones/AUTOS%202010/6070.pdf HTTP/1.1" 200 208759
213.244.248.48 - - [07/Sep/2023:06:00:22 -0500] "GET /galeria/galeria/fotos/diaSC6Peq.jpg HTTP/1.1" 200 17665
216.244.66.195 - - [07/Sep/2023:06:00:26 -0500] "GET /BLA/resoluciones/AUTOS%202010/6105.pdf HTTP/1.1" 200 288511
216.245.221.92 - - [07/Sep/2023:06:00:32 -0500] "HEAD / HTTP/1.1" 200 -
216.244.66.195 - - [07/Sep/2023:06:00:47 -0500] "GET /BLA/resoluciones/AUTOS%202011/1903.pdf HTTP/1.1" 200 227299
216.244.66.195 - - [07/Sep/2023:06:01:08 -0500] "GET /BLA/resoluciones/AUTOS%202011/3287.pdf HTTP/1.1" 200 218615
216.244.66.195 - - [07/Sep/2023:06:01:28 -0500] "GET /BLA/resoluciones/RESOLUCIONES%202016/0077.pdf HTTP/1.1" 200 451848
201.245.192.253 - - [07/Sep/2023:06:01:38 -0500] "POST /kwsrmcab/Wsrmcab  HTTP/1.1" 200 42865
201.245.192.253 - - [07/Sep/2023:06:01:45 -0500] "POST /forms/lservlet;jsessionid=ac16012b30d62f4415040f2249ea9738ec9c1b9579b0.e3iSbxaKaheRe34Rch0Ra3mLchv0n6jAmljGr5XDqQLvpAe HTTP/1.1" 200 2
216.244.66.195 - - [07/Sep/2023:06:01:53 -0500] "GET /BLA/resoluciones/RESOLUCIONES%202016/0289.pdf HTTP/1.1" 200 3814858
216.244.66.195 - - [07/Sep/2023:06:02:26 -0500] "GET /BLA/resoluciones/RESOLUCIONES%202016/0542.pdf HTTP/1.1" 200 523827
216.244.66.195 - - [07/Sep/2023:06:02:57 -0500] "GET /BLA/resoluciones/RESOLUCIONES%202016/1235.pdf HTTP/1.1" 200 518686
52.167.144.108 - - [07/Sep/2023:06:03:15 -0500] "GET /BLA/resoluciones/AUTOS%202023/1908.pdf HTTP/1.1" 200 435617
216.244.66.195 - - [07/Sep/2023:06:03:26 -0500] "GET /BLA/resoluciones/RESOLUCIONES%202016/1385.pdf HTTP/1.1" 200 280509
201.245.192.253 - - [07/Sep/2023:06:03:45 -0500] "POST /forms/lservlet;jsessionid=ac16012b30d62f4415040f2249ea9738ec9c1b9579b0.e3iSbxaKaheRe34Rch0Ra3mLchv0n6jAmljGr5XDqQLvpAe HTTP/1.1" 200 2
216.244.66.195 - - [07/Sep/2023:06:03:59 -0500] "GET /BLA/resoluciones/RESOLUCIONES%202016/1993.pdf HTTP/1.1" 200 363037
216.244.66.195 - - [07/Sep/2023:06:04:26 -0500] "GET /BLA/resoluciones/RESOLUCIONES%202017/0013.pdf HTTP/1.1" 200 800196
168.119.253.48 - - [07/Sep/2023:06:04:56 -0500] "GET / HTTP/1.1" 200 4720
172.22.2.4 - - [07/Sep/2023:06:03:16 -0500] "HEAD /BLA/boletinlegal/ HTTP/1.1" 200 -
168.119.253.48 - - [07/Sep/2023:06:04:57 -0500] "GET / HTTP/1.1" 200 319
216.244.66.195 - - [07/Sep/2023:06:05:05 -0500] "GET /BLA/resoluciones/RESOLUCIONES%202017/0107.pdf HTTP/1.1" 200 520955
216.245.221.92 - - [07/Sep/2023:06:05:32 -0500] "HEAD / HTTP/1.1" 200 -
216.244.66.195 - - [07/Sep/2023:06:05:36 -0500] "GET /BLA/resoluciones/RESOLUCIONES%202017/0646.pdf HTTP/1.1" 200 816095
201.245.192.253 - - [07/Sep/2023:06:05:45 -0500] "POST /forms/lservlet;jsessionid=ac16012b30d62f4415040f2249ea9738ec9c1b9579b0.e3iSbxaKaheRe34Rch0Ra3mLchv0n6jAmljGr5XDqQLvpAe HTTP/1.1" 200 2
172.22.2.4 - - [07/Sep/2023:06:04:07 -0500] "GET /BLA/boletinlegal/ HTTP/1.1" 200 60692
216.244.66.195 - - [07/Sep/2023:06:06:06 -0500] "GET /BLA/resoluciones/RESOLUCIONES%202017/0686.pdf HTTP/1.1" 200 329080
216.244.66.195 - - [07/Sep/2023:06:06:35 -0500] "GET /BLA/resoluciones/RESOLUCIONES%202017/0710.pdf HTTP/1.1" 200 305618
201.245.192.253 - - [07/Sep/2023:06:06:37 -0500] "POST /kwsrmcab/Wsrmcab  HTTP/1.1" 200 42865
199.16.157.183 - - [07/Sep/2023:06:06:59 -0500] "GET /images/Red%20de%20Monitoreo%20febrero%2025.png HTTP/1.1" 200 93489
216.244.66.195 - - [07/Sep/2023:06:07:07 -0500] "GET /BLA/resoluciones/RESOLUCIONES%202017/0715.pdf HTTP/1.1" 200 432437
216.244.66.195 - - [07/Sep/2023:06:07:36 -0500] "GET /BLA/resoluciones/RESOLUCIONES%202017/1697.pdf HTTP/1.1" 200 399841
198.235.24.197 - - [07/Sep/2023:06:07:38 -0500] "\x16\x03\x01" 400 226
201.245.192.253 - - [07/Sep/2023:06:07:45 -0500] "POST /forms/lservlet;jsessionid=ac16012b30d62f4415040f2249ea9738ec9c1b9579b0.e3iSbxaKaheRe34Rch0Ra3mLchv0n6jAmljGr5XDqQLvpAe HTTP/1.1" 200 2
216.244.66.195 - - [07/Sep/2023:06:08:04 -0500] "GET /BLA/resoluciones/RESOLUCIONES%202017/2497.pdf HTTP/1.1" 200 315694
216.244.66.195 - - [07/Sep/2023:06:08:28 -0500] "GET /BLA/resoluciones/RESOLUCIONES%202017/2959.pdf HTTP/1.1" 200 294927
216.244.66.195 - - [07/Sep/2023:06:08:51 -0500] "GET /BLA/resoluciones/RESOLUCIONES%202017/2967.pdf HTTP/1.1" 200 267191
216.244.66.195 - - [07/Sep/2023:06:09:20 -0500] "GET /BLA/resoluciones/RESOLUCIONES%202017/2990.pdf HTTP/1.1" 200 661749
216.244.66.195 - - [07/Sep/2023:06:09:44 -0500] "GET /BLA/resoluciones/RESOLUCIONES%202017/3622.pdf HTTP/1.1" 200 393537
201.245.192.253 - - [07/Sep/2023:06:09:45 -0500] "POST /forms/lservlet;jsessionid=ac16012b30d62f4415040f2249ea9738ec9c1b9579b0.e3iSbxaKaheRe34Rch0Ra3mLchv0n6jAmljGr5XDqQLvpAe HTTP/1.1" 200 2
192.144.113.215 - - [07/Sep/2023:06:10:07 -0500] "GET /sipse/faces/index.xhtml HTTP/1.1" 200 677
192.144.113.215 - - [07/Sep/2023:06:10:07 -0500] "GET /sipse/faces/javax.faces.resource/theme.css?ln=primefaces-sipse HTTP/1.1" 200 50058
192.144.113.215 - - [07/Sep/2023:06:10:07 -0500] "GET /favicon.ico HTTP/1.1" 200 7782
216.245.221.92 - - [07/Sep/2023:06:10:32 -0500] "HEAD / HTTP/1.1" 200 -
172.22.2.4 - - [07/Sep/2023:06:09:06 -0500] "HEAD /BLA/boletinlegal/ HTTP/1.1" 200 -
172.22.2.4 - - [07/Sep/2023:06:09:57 -0500] "GET /BLA/boletinlegal/ HTTP/1.1" 200 60692
201.245.192.253 - - [07/Sep/2023:06:11:35 -0500] "POST /kwsrmcab/Wsrmcab  HTTP/1.1" 200 42865
201.245.192.253 - - [07/Sep/2023:06:11:45 -0500] "POST /forms/lservlet;jsessionid=ac16012b30d62f4415040f2249ea9738ec9c1b9579b0.e3iSbxaKaheRe34Rch0Ra3mLchv0n6jAmljGr5XDqQLvpAe HTTP/1.1" 200 2
213.244.248.48 - - [07/Sep/2023:06:12:47 -0500] "GET /galeria/galeria/fotos/Capellania4P.jpg HTTP/1.1" 200 37377
201.245.192.253 - - [07/Sep/2023:06:13:45 -0500] "POST /forms/lservlet;jsessionid=ac16012b30d62f4415040f2249ea9738ec9c1b9579b0.e3iSbxaKaheRe34Rch0Ra3mLchv0n6jAmljGr5XDqQLvpAe HTTP/1.1" 200 2
216.245.221.92 - - [07/Sep/2023:06:15:32 -0500] "HEAD / HTTP/1.1" 200 -
172.22.2.4 - - [07/Sep/2023:06:14:53 -0500] "GET /BLA/boletinlegal/ HTTP/1.1" 200 32715
201.245.192.253 - - [07/Sep/2023:06:15:45 -0500] "POST /forms/lservlet;jsessionid=ac16012b30d62f4415040f2249ea9738ec9c1b9579b0.e3iSbxaKaheRe34Rch0Ra3mLchv0n6jAmljGr5XDqQLvpAe HTTP/1.1" 200 2
52.167.144.17 - - [07/Sep/2023:06:16:32 -0500] "GET /portaldeninos/wp-content/uploads/2020/11/EL-Burro-B-1-768x432.jpg HTTP/1.1" 200 74878
172.22.2.4 - - [07/Sep/2023:06:14:56 -0500] "HEAD /BLA/boletinlegal/ HTTP/1.1" 200 -
201.245.192.253 - - [07/Sep/2023:06:16:35 -0500] "POST /kwsrmcab/Wsrmcab  HTTP/1.1" 200 42865
173.252.107.119 - - [07/Sep/2023:06:16:52 -0500] "GET /generadores-de-residuos-hospitalarios-son-responsables-solidarios-sobre-la-correcta-disposicion.html HTTP/1.1" 200 974
172.22.2.4 - - [07/Sep/2023:06:17:13 -0500] "GET /BLA/boletinlegal/Circulares/2019/Circular%2000020%20del%2020%20de%20diciembre%20de%202019.pdf HTTP/1.1" 200 145170
172.22.2.4 - - [07/Sep/2023:06:15:47 -0500] "GET /BLA/boletinlegal/ HTTP/1.1" 200 58187
201.245.192.253 - - [07/Sep/2023:06:17:45 -0500] "POST /forms/lservlet;jsessionid=ac16012b30d62f4415040f2249ea9738ec9c1b9579b0.e3iSbxaKaheRe34Rch0Ra3mLchv0n6jAmljGr5XDqQLvpAe HTTP/1.1" 200 2
201.245.192.253 - - [07/Sep/2023:06:18:56 -0500] "POST /kwsrmcab/Wsrmcab HTTP/1.1" 200 41475
201.245.192.253 - - [07/Sep/2023:06:18:59 -0500] "GET /kwsrmcab/Wsrmcab?wsdl HTTP/1.1" 200 6948
201.245.192.253 - - [07/Sep/2023:06:19:00 -0500] "POST /kwsrmcab/Wsrmcab HTTP/1.1" 200 40847
