172.22.2.4 - - [10/Sep/2023:05:53:29 -0500] "GET /BLA/boletinlegal/ HTTP/1.1" 200 56257
216.245.221.92 - - [10/Sep/2023:05:55:21 -0500] "HEAD / HTTP/1.1" 200 -
172.22.2.4 - - [10/Sep/2023:05:54:05 -0500] "HEAD /BLA/boletinlegal/ HTTP/1.1" 200 -
172.22.2.4 - - [10/Sep/2023:05:54:55 -0500] "GET /BLA/boletinlegal/ HTTP/1.1" 200 57790
54.91.0.248 - - [10/Sep/2023:05:57:10 -0500] "GET /portaldeninos/ HTTP/1.1" 200 110175
172.22.2.4 - - [10/Sep/2023:05:57:13 -0500] "GET /BLA/boletinlegal/actos.php HTTP/1.1" 200 9682
201.245.192.253 - - [10/Sep/2023:05:58:32 -0500] "POST /kwsrmcab/Wsrmcab  HTTP/1.1" 200 42865
157.55.39.214 - - [10/Sep/2023:05:58:23 -0500] "GET /portaldeninos/wp-content/uploads/2020/01/Fauna-gif.gif HTTP/1.1" 200 3779027
216.245.221.92 - - [10/Sep/2023:06:00:21 -0500] "HEAD / HTTP/1.1" 200 -
172.22.2.4 - - [10/Sep/2023:05:59:55 -0500] "HEAD /BLA/boletinlegal/ HTTP/1.1" 200 -
172.22.2.4 - - [10/Sep/2023:06:00:45 -0500] "GET /BLA/boletinlegal/ HTTP/1.1" 200 58187
52.167.144.184 - - [10/Sep/2023:06:02:36 -0500] "GET /BLA/resoluciones/AUTOS%202023/5311.pdf HTTP/1.1" 200 373498
201.245.192.253 - - [10/Sep/2023:06:03:31 -0500] "POST /kwsrmcab/Wsrmcab  HTTP/1.1" 200 42865
64.137.74.16 - - [10/Sep/2023:06:04:38 -0500] "GET /BLA/resoluciones/AUTOS%202021/3925.pdf HTTP/1.1" 200 394245
216.245.221.92 - - [10/Sep/2023:06:05:21 -0500] "HEAD / HTTP/1.1" 200 -
52.167.144.210 - - [10/Sep/2023:06:06:47 -0500] "GET /BLA/resoluciones/AUTOS%202022/6321.pdf HTTP/1.1" 200 442540
172.22.2.4 - - [10/Sep/2023:06:05:45 -0500] "HEAD /BLA/boletinlegal/ HTTP/1.1" 200 -
172.22.2.4 - - [10/Sep/2023:06:06:35 -0500] "GET /BLA/boletinlegal/ HTTP/1.1" 200 60692
201.245.192.253 - - [10/Sep/2023:06:08:30 -0500] "POST /kwsrmcab/Wsrmcab  HTTP/1.1" 200 42865
216.245.221.92 - - [10/Sep/2023:06:10:21 -0500] "HEAD / HTTP/1.1" 200 -
172.22.2.4 - - [10/Sep/2023:06:12:36 -0500] "GET /BLA/boletinlegal/robots.txt HTTP/1.1" 404 1038
172.22.2.4 - - [10/Sep/2023:06:11:35 -0500] "HEAD /BLA/boletinlegal/ HTTP/1.1" 200 -
201.245.192.253 - - [10/Sep/2023:06:13:29 -0500] "POST /kwsrmcab/Wsrmcab  HTTP/1.1" 200 42865
172.22.2.4 - - [10/Sep/2023:06:12:25 -0500] "GET /BLA/boletinlegal/ HTTP/1.1" 200 42736
172.22.2.4 - - [10/Sep/2023:06:12:36 -0500] "GET /BLA/boletinlegal/index.php HTTP/1.1" 200 43133
172.22.2.4 - - [10/Sep/2023:06:14:18 -0500] "GET /BLA/boletinlegal/styles2.css HTTP/1.1" 200 1838
216.245.221.92 - - [10/Sep/2023:06:15:21 -0500] "HEAD / HTTP/1.1" 200 -
172.22.2.4 - - [10/Sep/2023:06:15:48 -0500] "GET /BLA/boletinlegal/actos.php HTTP/1.1" 200 9682
216.244.66.195 - - [10/Sep/2023:06:16:13 -0500] "GET /BLA/resoluciones/RESOLUCIONES%202019/0561.pdf HTTP/1.1" 200 236596
216.244.66.195 - - [10/Sep/2023:06:16:55 -0500] "GET /BLA/resoluciones/RESOLUCIONES%202019/1062.pdf HTTP/1.1" 200 479545
216.244.66.195 - - [10/Sep/2023:06:17:41 -0500] "GET /BLA/resoluciones/RESOLUCIONES%202019/1388.pdf HTTP/1.1" 200 275584
216.244.66.195 - - [10/Sep/2023:06:18:17 -0500] "GET /BLA/resoluciones/RESOLUCIONES%202019/1462.pdf HTTP/1.1" 200 470845
201.245.192.253 - - [10/Sep/2023:06:18:28 -0500] "POST /kwsrmcab/Wsrmcab  HTTP/1.1" 200 42865
201.245.192.253 - - [10/Sep/2023:06:18:41 -0500] "POST /kwsrmcab/Wsrmcab HTTP/1.1" 200 39341
201.245.192.253 - - [10/Sep/2023:06:18:44 -0500] "POST /kwsrmcab/Wsrmcab HTTP/1.1" 200 41182
216.244.66.195 - - [10/Sep/2023:06:19:00 -0500] "GET /BLA/resoluciones/RESOLUCIONES%202019/2417.pdf HTTP/1.1" 200 425541
172.22.2.4 - - [10/Sep/2023:06:17:25 -0500] "HEAD /BLA/boletinlegal/ HTTP/1.1" 200 -
216.244.66.195 - - [10/Sep/2023:06:19:47 -0500] "GET /BLA/resoluciones/RESOLUCIONES%202019/3219.pdf HTTP/1.1" 200 386893
172.22.2.4 - - [10/Sep/2023:06:18:15 -0500] "GET /BLA/boletinlegal/ HTTP/1.1" 200 58597
216.245.221.92 - - [10/Sep/2023:06:20:21 -0500] "HEAD / HTTP/1.1" 200 -
216.244.66.195 - - [10/Sep/2023:06:20:29 -0500] "GET /BLA/resoluciones/RESOLUCIONES%202019/3220.pdf HTTP/1.1" 200 421210
216.244.66.195 - - [10/Sep/2023:06:21:10 -0500] "GET /BLA/resoluciones/RESOLUCIONES%202019/3287.pdf HTTP/1.1" 200 672705
216.244.66.195 - - [10/Sep/2023:06:21:51 -0500] "GET /BLA/resoluciones/RESOLUCIONES%202019/3365.pdf HTTP/1.1" 200 559130
168.119.252.242 - - [10/Sep/2023:06:22:07 -0500] "GET / HTTP/1.1" 200 319
216.244.66.195 - - [10/Sep/2023:06:22:31 -0500] "GET /BLA/resoluciones/RESOLUCIONES%202011/0009%20.PDF HTTP/1.1" 200 62412
216.244.66.195 - - [10/Sep/2023:06:23:02 -0500] "GET /BLA/resoluciones/RESOLUCIONES%202017/0087.pdf HTTP/1.1" 200 397993
201.245.192.253 - - [10/Sep/2023:06:23:27 -0500] "POST /kwsrmcab/Wsrmcab  HTTP/1.1" 200 42865
216.244.66.195 - - [10/Sep/2023:06:23:43 -0500] "GET /BLA/resoluciones/RESOLUCIONES%202017/1713.pdf HTTP/1.1" 200 300144
216.244.66.195 - - [10/Sep/2023:06:24:15 -0500] "GET /BLA/resoluciones/RESOLUCIONES%202017/2493.pdf HTTP/1.1" 200 279843
216.244.66.195 - - [10/Sep/2023:06:24:47 -0500] "GET /BLA/resoluciones/RESOLUCIONES%202017/3003.pdf HTTP/1.1" 200 431658
172.22.2.4 - - [10/Sep/2023:06:23:15 -0500] "HEAD /BLA/boletinlegal/ HTTP/1.1" 200 -
216.244.66.195 - - [10/Sep/2023:06:25:17 -0500] "GET /BLA/resoluciones/RESOLUCIONES%201997/0511.pdf HTTP/1.1" 200 55247
17.241.75.53 - - [10/Sep/2023:06:25:19 -0500] "GET /robots.txt HTTP/1.1" 404 1034
17.241.75.53 - - [10/Sep/2023:06:25:19 -0500] "GET /como-obtener-el-certificado-de-estado-de-conservacion-ambiental-ceca.html HTTP/1.1" 200 873
216.245.221.92 - - [10/Sep/2023:06:25:21 -0500] "HEAD / HTTP/1.1" 200 -
216.244.66.195 - - [10/Sep/2023:06:25:44 -0500] "GET /BLA/resoluciones/AUTOS%202014/1559.pdf HTTP/1.1" 200 312863
172.22.2.4 - - [10/Sep/2023:06:24:05 -0500] "GET /BLA/boletinlegal/ HTTP/1.1" 200 58187
216.244.66.195 - - [10/Sep/2023:06:26:15 -0500] "GET /BLA/resoluciones/AUTOS%202014/2012.pdf HTTP/1.1" 200 346230
216.244.66.195 - - [10/Sep/2023:06:26:44 -0500] "GET /BLA/resoluciones/AUTOS%202018/0099.pdf HTTP/1.1" 200 279024
216.244.66.195 - - [10/Sep/2023:06:27:08 -0500] "GET /BLA/resoluciones/AUTOS%202018/0112.pdf HTTP/1.1" 200 4062537
66.249.70.197 - - [10/Sep/2023:06:27:17 -0500] "GET /robots.txt HTTP/1.1" 404 1018
66.249.70.198 - - [10/Sep/2023:06:27:18 -0500] "GET /isolucionsda/FrameSetArticulo.asp?Pagina=/IsolucionSDA/bancoconocimiento/D/Decreto197del22deMayode2014/Decreto197del22deMayode2014.asp?IdArticulo=8132 HTTP/1.1" 200 527
216.244.66.195 - - [10/Sep/2023:06:27:57 -0500] "GET /BLA/resoluciones/AUTOS%202018/0476.pdf HTTP/1.1" 200 255959
186.84.90.154 - - [10/Sep/2023:06:28:09 -0500] "GET /catalogoisis/ HTTP/1.1" 200 8575
186.84.90.154 - - [10/Sep/2023:06:28:09 -0500] "GET /catalogoisis/Css/Busqueda.css HTTP/1.1" 200 1995
186.84.90.154 - - [10/Sep/2023:06:28:09 -0500] "GET /catalogoisis/Js/AceptarLimpiar.js HTTP/1.1" 200 331
186.84.90.154 - - [10/Sep/2023:06:28:09 -0500] "GET /catalogoisis/Js/Cookies.js HTTP/1.1" 200 1369
186.84.90.154 - - [10/Sep/2023:06:28:09 -0500] "GET /catalogoisis/Js/Remote.js HTTP/1.1" 200 436
186.84.90.154 - - [10/Sep/2023:06:28:09 -0500] "GET /catalogoisis/Js/Go.js HTTP/1.1" 200 364
186.84.90.154 - - [10/Sep/2023:06:28:09 -0500] "GET /catalogoisis/Js/CriterioCombinada.js HTTP/1.1" 200 1843
186.84.90.154 - - [10/Sep/2023:06:28:10 -0500] "GET /catalogoisis/Js/Numero.js HTTP/1.1" 200 398
186.84.90.154 - - [10/Sep/2023:06:28:10 -0500] "GET /catalogoisis/Js/Enter.js HTTP/1.1" 200 1208
186.84.90.154 - - [10/Sep/2023:06:28:09 -0500] "GET /catalogoisis/Js/LimpiarCombinada.js HTTP/1.1" 200 207
186.84.90.154 - - [10/Sep/2023:06:28:10 -0500] "GET /catalogoisis/imagenes/aceptar1.gif HTTP/1.1" 200 604
186.84.90.154 - - [10/Sep/2023:06:28:10 -0500] "GET /catalogoisis/imagenes/br1c1.gif HTTP/1.1" 200 172
186.84.90.154 - - [10/Sep/2023:06:28:10 -0500] "GET /catalogoisis/imagenes/Turnbo1.gif HTTP/1.1" 200 227
186.84.90.154 - - [10/Sep/2023:06:28:10 -0500] "GET /catalogoisis/imagenes/limpiar1.gif HTTP/1.1" 200 606
186.84.90.154 - - [10/Sep/2023:06:28:10 -0500] "GET /catalogoisis/imagenes/br1c3.gif HTTP/1.1" 200 302
186.84.90.154 - - [10/Sep/2023:06:28:10 -0500] "GET /catalogoisis/imagenes/br1c2.gif HTTP/1.1" 200 297
186.84.90.154 - - [10/Sep/2023:06:28:10 -0500] "GET /catalogoisis/imagenes/br2c2.gif HTTP/1.1" 200 302
186.84.90.154 - - [10/Sep/2023:06:28:10 -0500] "GET /catalogoisis/imagenes/br2c3.gif HTTP/1.1" 200 416
186.84.90.154 - - [10/Sep/2023:06:28:10 -0500] "GET /catalogoisis/imagenes/br2c1.gif HTTP/1.1" 200 297
186.84.90.154 - - [10/Sep/2023:06:28:10 -0500] "GET /catalogoisis/imagenes/br3c3.gif HTTP/1.1" 200 186
186.84.90.154 - - [10/Sep/2023:06:28:10 -0500] "GET /catalogoisis/imagenes/br3c2.gif HTTP/1.1" 200 285
186.84.90.154 - - [10/Sep/2023:06:28:10 -0500] "GET /catalogoisis/imagenes/Header.gif HTTP/1.1" 200 27040
186.84.90.154 - - [10/Sep/2023:06:28:10 -0500] "GET /catalogoisis/imagenes/br3c1.gif HTTP/1.1" 200 177
186.84.90.154 - - [10/Sep/2023:06:28:10 -0500] "GET /favicon.ico HTTP/1.1" 200 7782
201.245.192.253 - - [10/Sep/2023:06:28:25 -0500] "POST /kwsrmcab/Wsrmcab  HTTP/1.1" 200 42865
216.244.66.195 - - [10/Sep/2023:06:28:28 -0500] "GET /BLA/resoluciones/AUTOS%202018/0953.pdf HTTP/1.1" 200 260150
201.245.192.253 - - [10/Sep/2023:06:28:42 -0500] "POST /kwsrmcab/Wsrmcab HTTP/1.1" 200 39341
201.245.192.253 - - [10/Sep/2023:06:28:45 -0500] "GET /kwsrmcab/Wsrmcab?wsdl HTTP/1.1" 200 6948
201.245.192.253 - - [10/Sep/2023:06:28:45 -0500] "POST /kwsrmcab/Wsrmcab HTTP/1.1" 200 41182
216.244.66.195 - - [10/Sep/2023:06:28:57 -0500] "GET /BLA/resoluciones/AUTOS%202018/1404.pdf HTTP/1.1" 200 271123
216.244.66.195 - - [10/Sep/2023:06:29:25 -0500] "GET /BLA/resoluciones/AUTOS%202018/1946.pdf HTTP/1.1" 200 271209
216.244.66.195 - - [10/Sep/2023:06:29:53 -0500] "GET /BLA/resoluciones/AUTOS%202018/2087.pdf HTTP/1.1" 200 274785
173.252.83.6 - - [10/Sep/2023:06:30:16 -0500] "GET /abierta-convocatoria-para-postular-a-organizaciones-que-desarrollan-actividades-de-voluntariado-ambiental-en-bogota.html HTTP/1.1" 200 880
173.252.79.119 - - [10/Sep/2023:06:30:18 -0500] "GET /images/pieza-voluntariado-ambiental.jpeg HTTP/1.1" 200 51125
216.245.221.92 - - [10/Sep/2023:06:30:21 -0500] "HEAD / HTTP/1.1" 200 -
172.22.2.4 - - [10/Sep/2023:06:29:05 -0500] "HEAD /BLA/boletinlegal/ HTTP/1.1" 200 -
172.22.2.4 - - [10/Sep/2023:06:29:55 -0500] "GET /BLA/boletinlegal/ HTTP/1.1" 200 60692
201.245.192.253 - - [10/Sep/2023:06:33:24 -0500] "POST /kwsrmcab/Wsrmcab  HTTP/1.1" 200 42865
216.245.221.92 - - [10/Sep/2023:06:35:21 -0500] "HEAD / HTTP/1.1" 200 -
216.244.66.195 - - [10/Sep/2023:06:35:54 -0500] "GET /robots.txt HTTP/1.1" 404 1018
172.22.2.4 - - [10/Sep/2023:06:34:55 -0500] "HEAD /BLA/boletinlegal/ HTTP/1.1" 200 -
172.22.2.4 - - [10/Sep/2023:06:35:45 -0500] "GET /BLA/boletinlegal/ HTTP/1.1" 200 58597
40.77.167.50 - - [10/Sep/2023:06:37:59 -0500] "GET /BLA/resoluciones/AUTOS%202023/2824.pdf HTTP/1.1" 200 891343
201.245.192.253 - - [10/Sep/2023:06:38:23 -0500] "POST /kwsrmcab/Wsrmcab  HTTP/1.1" 200 42865
201.245.192.253 - - [10/Sep/2023:06:38:41 -0500] "POST /kwsrmcab/Wsrmcab HTTP/1.1" 200 39341
201.245.192.253 - - [10/Sep/2023:06:38:44 -0500] "POST /kwsrmcab/Wsrmcab HTTP/1.1" 200 41182
216.245.221.92 - - [10/Sep/2023:06:40:21 -0500] "HEAD / HTTP/1.1" 200 -
172.22.2.4 - - [10/Sep/2023:06:40:45 -0500] "HEAD /BLA/boletinlegal/ HTTP/1.1" 200 -
172.22.2.4 - - [10/Sep/2023:06:41:35 -0500] "GET /BLA/boletinlegal/ HTTP/1.1" 200 56257
201.245.192.253 - - [10/Sep/2023:06:43:22 -0500] "POST /kwsrmcab/Wsrmcab  HTTP/1.1" 200 42865
173.252.79.120 - - [10/Sep/2023:06:44:13 -0500] "GET /images/negocios-verdes-mayo-2022.jpg HTTP/1.1" 200 48000
66.220.149.6 - - [10/Sep/2023:06:44:13 -0500] "GET /images/negocios-verdes-mayo-2022.jpg HTTP/1.1" 200 48000
216.245.221.92 - - [10/Sep/2023:06:45:21 -0500] "HEAD / HTTP/1.1" 200 -
69.171.251.9 - - [10/Sep/2023:06:47:05 -0500] "GET /images/cr\xc3\xb3nica-29-nov-1_optimized.jpeg HTTP/1.1" 404 1034
172.22.2.4 - - [10/Sep/2023:06:46:35 -0500] "HEAD /BLA/boletinlegal/ HTTP/1.1" 200 -
201.245.192.253 - - [10/Sep/2023:06:48:21 -0500] "POST /kwsrmcab/Wsrmcab  HTTP/1.1" 200 42865
172.22.2.4 - - [10/Sep/2023:06:47:25 -0500] "GET /BLA/boletinlegal/ HTTP/1.1" 200 58187
216.245.221.92 - - [10/Sep/2023:06:50:21 -0500] "HEAD / HTTP/1.1" 200 -
201.245.192.253 - - [10/Sep/2023:06:53:20 -0500] "POST /kwsrmcab/Wsrmcab  HTTP/1.1" 200 42865
172.22.2.4 - - [10/Sep/2023:06:52:25 -0500] "HEAD /BLA/boletinlegal/ HTTP/1.1" 200 -
205.210.31.207 - - [10/Sep/2023:06:54:51 -0500] "GET / HTTP/1.1" 200 319
172.22.2.4 - - [10/Sep/2023:06:53:15 -0500] "GET /BLA/boletinlegal/ HTTP/1.1" 200 58187
216.245.221.92 - - [10/Sep/2023:06:55:21 -0500] "HEAD / HTTP/1.1" 200 -
152.201.92.200 - - [10/Sep/2023:06:56:27 -0500] "GET /abierta-convocatoria-para-postular-a-organizaciones-que-desarrollan-actividades-de-voluntariado-ambiental-en-bogota.html HTTP/1.1" 200 880
40.77.167.60 - - [10/Sep/2023:06:58:11 -0500] "GET /portaldeninos/humedal-torca-y-guaymaral-2/ HTTP/1.1" 200 88086
201.245.192.253 - - [10/Sep/2023:06:58:19 -0500] "POST /kwsrmcab/Wsrmcab  HTTP/1.1" 200 42865
157.55.39.239 - - [10/Sep/2023:06:58:28 -0500] "GET /portaldeninos/wp-includes/js/jquery/jquery-migrate.min.js?ver=1.4.1 HTTP/1.1" 200 10056
157.55.39.239 - - [10/Sep/2023:06:58:28 -0500] "GET /portaldeninos/wp-includes/js/jquery/jquery.js?ver=1.12.4 HTTP/1.1" 200 97184
40.77.167.98 - - [10/Sep/2023:06:58:31 -0500] "GET /portaldeninos/wp-content/plugins/gallery-videos/JS/Total-Soft-Gallery-Video-Widget.js?ver=4.9.8 HTTP/1.1" 200 80264
40.77.167.98 - - [10/Sep/2023:06:58:32 -0500] "GET /portaldeninos/wp-content/themes/betheme/assets/animations/animations.min.css?ver=20.9.6 HTTP/1.1" 200 58508
157.55.39.214 - - [10/Sep/2023:06:58:31 -0500] "GET /portaldeninos/wp-content/themes/betheme/css/shortcodes.css?ver=20.9.6 HTTP/1.1" 200 138889
40.77.167.60 - - [10/Sep/2023:06:58:39 -0500] "GET /portaldeninos/wp-content/plugins/gallery-videos/CSS/Total-Soft-Gallery-Video-Widget.css?ver=4.9.8 HTTP/1.1" 200 51554
40.77.167.60 - - [10/Sep/2023:06:58:39 -0500] "GET /portaldeninos/wp-content/plugins/gallery-videos/CSS/totalsoft.css?ver=4.9.8 HTTP/1.1" 200 40622
40.77.167.60 - - [10/Sep/2023:06:58:40 -0500] "GET /portaldeninos/wp-content/plugins/gallery-videos/JS/modernizr.custom.js?ver=4.9.8 HTTP/1.1" 200 9019
40.77.167.60 - - [10/Sep/2023:06:58:40 -0500] "GET /portaldeninos/wp-content/themes/betheme/assets/animations/animations.min.js?ver=20.9.6 HTTP/1.1" 200 1896
40.77.167.60 - - [10/Sep/2023:06:58:40 -0500] "GET /portaldeninos/wp-content/themes/betheme/assets/jplayer/css/jplayer.blue.monday.css?ver=20.9.6 HTTP/1.1" 200 9834
40.77.167.60 - - [10/Sep/2023:06:58:40 -0500] "GET /portaldeninos/wp-content/themes/betheme/assets/ui/jquery.ui.all.css?ver=20.9.6 HTTP/1.1" 200 18765
40.77.167.60 - - [10/Sep/2023:06:58:41 -0500] "GET /portaldeninos/wp-content/themes/betheme/assets/jplayer/jplayer.min.js?ver=20.9.6 HTTP/1.1" 200 52702
40.77.167.60 - - [10/Sep/2023:06:58:41 -0500] "GET /portaldeninos/wp-content/themes/betheme/css/base.css?ver=20.9.6 HTTP/1.1" 200 57283
40.77.167.60 - - [10/Sep/2023:06:58:42 -0500] "GET /portaldeninos/wp-content/themes/betheme/css/layout.css?ver=20.9.6 HTTP/1.1" 200 116639
40.77.167.60 - - [10/Sep/2023:06:58:45 -0500] "GET /portaldeninos/wp-content/themes/betheme/css/responsive.css?ver=20.9.6 HTTP/1.1" 200 55740
40.77.167.60 - - [10/Sep/2023:06:58:45 -0500] "GET /portaldeninos/wp-content/themes/betheme/js/menu.js?ver=20.9.6 HTTP/1.1" 200 2449
40.77.167.60 - - [10/Sep/2023:06:58:45 -0500] "GET /portaldeninos/wp-content/themes/betheme/js/plugins.js?ver=20.9.6 HTTP/1.1" 200 197151
40.77.167.60 - - [10/Sep/2023:06:58:46 -0500] "GET /portaldeninos/wp-content/themes/betheme/js/scripts.js?ver=20.9.6 HTTP/1.1" 200 77162
40.77.167.60 - - [10/Sep/2023:06:58:46 -0500] "GET /portaldeninos/wp-content/themes/betheme/style.css?ver=20.9.6 HTTP/1.1" 200 287
40.77.167.60 - - [10/Sep/2023:06:58:46 -0500] "GET /portaldeninos/wp-content/uploads/useanyfont/uaf.css?ver=1589905315 HTTP/1.1" 200 408
40.77.167.60 - - [10/Sep/2023:06:58:47 -0500] "GET /portaldeninos/wp-includes/js/jquery/ui/accordion.min.js?ver=1.11.4 HTTP/1.1" 200 8584
40.77.167.60 - - [10/Sep/2023:06:58:47 -0500] "GET /portaldeninos/wp-includes/js/jquery/ui/core.min.js?ver=1.11.4 HTTP/1.1" 200 4000
40.77.167.60 - - [10/Sep/2023:06:58:47 -0500] "GET /portaldeninos/wp-includes/js/jquery/ui/mouse.min.js?ver=1.11.4 HTTP/1.1" 200 3148
40.77.167.60 - - [10/Sep/2023:06:58:47 -0500] "GET /portaldeninos/wp-includes/js/jquery/ui/sortable.min.js?ver=1.11.4 HTTP/1.1" 200 24899
40.77.167.60 - - [10/Sep/2023:06:58:48 -0500] "GET /portaldeninos/wp-includes/js/jquery/ui/widget.min.js?ver=1.11.4 HTTP/1.1" 200 6908
40.77.167.60 - - [10/Sep/2023:06:58:48 -0500] "GET /portaldeninos/wp-includes/js/jquery/ui/tabs.min.js?ver=1.11.4 HTTP/1.1" 200 12110
40.77.167.60 - - [10/Sep/2023:06:58:48 -0500] "GET /portaldeninos/wp-includes/js/wp-embed.min.js?ver=4.9.8 HTTP/1.1" 200 1398
40.77.167.60 - - [10/Sep/2023:06:58:48 -0500] "GET /portaldeninos/wp-includes/js/wp-emoji-release.min.js?ver=4.9.8 HTTP/1.1" 200 12026
216.245.221.92 - - [10/Sep/2023:07:01:09 -0500] "HEAD / HTTP/1.1" 200 -
201.245.192.253 - - [10/Sep/2023:07:03:18 -0500] "POST /kwsrmcab/Wsrmcab  HTTP/1.1" 200 42865
216.245.221.92 - - [10/Sep/2023:07:06:08 -0500] "HEAD / HTTP/1.1" 200 -
216.244.66.195 - - [10/Sep/2023:07:07:03 -0500] "GET /BLA/resoluciones/RESOLUCIONES%202019/0424.pdf HTTP/1.1" 200 179653
216.244.66.195 - - [10/Sep/2023:07:07:09 -0500] "GET /BLA/resoluciones/RESOLUCIONES%202019/0554.pdf HTTP/1.1" 200 231357
172.22.2.4 - - [10/Sep/2023:07:05:52 -0500] "HEAD /BLA/boletinlegal/ HTTP/1.1" 200 -
216.244.66.195 - - [10/Sep/2023:07:07:34 -0500] "GET /BLA/resoluciones/RESOLUCIONES%202019/1260.pdf HTTP/1.1" 200 330272
216.244.66.195 - - [10/Sep/2023:07:08:12 -0500] "GET /BLA/resoluciones/RESOLUCIONES%202019/1376.pdf HTTP/1.1" 200 909010
201.245.192.253 - - [10/Sep/2023:07:08:17 -0500] "POST /kwsrmcab/Wsrmcab  HTTP/1.1" 200 42865
172.22.2.4 - - [10/Sep/2023:07:06:43 -0500] "GET /BLA/boletinlegal/ HTTP/1.1" 200 60692
216.244.66.195 - - [10/Sep/2023:07:08:54 -0500] "GET /BLA/resoluciones/RESOLUCIONES%202019/2289.pdf HTTP/1.1" 200 258249
216.244.66.195 - - [10/Sep/2023:07:09:28 -0500] "GET /BLA/resoluciones/RESOLUCIONES%202019/3208.pdf HTTP/1.1" 200 267344
216.244.66.195 - - [10/Sep/2023:07:09:58 -0500] "GET /BLA/resoluciones/RESOLUCIONES%202019/3353.pdf HTTP/1.1" 200 295426
216.244.66.195 - - [10/Sep/2023:07:10:28 -0500] "GET /BLA/resoluciones/RESOLUCIONES%202019/3695.pdf HTTP/1.1" 200 281454
186.86.32.147 - - [10/Sep/2023:07:10:30 -0500] "GET /abierta-convocatoria-para-postular-a-organizaciones-que-desarrollan-actividades-de-voluntariado-ambiental-en-bogota.html?fbclid=IwAR1tweJ3SS4Z-AVxGIKfGyw1xt-ETUmO0qqdLPHkEHlqQ4uLPm8wSF2bzRU HTTP/1.1" 200 880
216.244.66.195 - - [10/Sep/2023:07:10:57 -0500] "GET /BLA/resoluciones/RESOLUCIONES%202019/3705.pdf HTTP/1.1" 200 325129
216.245.221.92 - - [10/Sep/2023:07:11:08 -0500] "HEAD / HTTP/1.1" 200 -
216.244.66.195 - - [10/Sep/2023:07:11:23 -0500] "GET /BLA/resoluciones/RESOLUCIONES%202019/3894.pdf HTTP/1.1" 200 422327
216.244.66.195 - - [10/Sep/2023:07:12:01 -0500] "GET /BLA/resoluciones/RESOLUCIONES%202019/3897.pdf HTTP/1.1" 200 815380
216.244.66.195 - - [10/Sep/2023:07:12:37 -0500] "GET /BLA/resoluciones/RESOLUCIONES%202017/2482.pdf HTTP/1.1" 200 298081
52.167.144.199 - - [10/Sep/2023:07:12:45 -0500] "GET /dia-mundial-de-los-humedales-mas-de-60-aves-alzaron-vuelo-en-el-humedal-el-tunjo.html HTTP/1.1" 200 885
216.244.66.195 - - [10/Sep/2023:07:13:08 -0500] "GET /BLA/resoluciones/RESOLUCIONES%202017/2746.pdf HTTP/1.1" 200 310135
201.245.192.253 - - [10/Sep/2023:07:13:16 -0500] "POST /kwsrmcab/Wsrmcab  HTTP/1.1" 200 42865
172.22.2.4 - - [10/Sep/2023:07:11:43 -0500] "HEAD /BLA/boletinlegal/ HTTP/1.1" 200 -
216.244.66.195 - - [10/Sep/2023:07:13:38 -0500] "GET /BLA/resoluciones/RESOLUCIONES%202017/2797.pdf HTTP/1.1" 200 273323
172.22.2.4 - - [10/Sep/2023:07:12:33 -0500] "GET /BLA/boletinlegal/ HTTP/1.1" 200 60692
40.77.189.85 - - [10/Sep/2023:07:14:26 -0500] "GET /portaldeninos/wp-content/themes/betheme/fonts/mfn-icons.woff?93978679 HTTP/1.1" 200 80932
216.244.66.195 - - [10/Sep/2023:07:14:58 -0500] "GET /BLA/resoluciones/AUTOS%202011/3075.pdf HTTP/1.1" 200 368566
216.244.66.195 - - [10/Sep/2023:07:15:29 -0500] "GET /BLA/resoluciones/AUTOS%202014/0017.pdf HTTP/1.1" 200 322621
216.244.66.195 - - [10/Sep/2023:07:15:57 -0500] "GET /BLA/resoluciones/AUTOS%202014/0584.pdf HTTP/1.1" 200 479758
216.245.221.92 - - [10/Sep/2023:07:16:08 -0500] "HEAD / HTTP/1.1" 200 -
216.244.66.195 - - [10/Sep/2023:07:16:21 -0500] "GET /BLA/resoluciones/AUTOS%202014/0927.pdf HTTP/1.1" 200 332322
216.244.66.195 - - [10/Sep/2023:07:17:00 -0500] "GET /BLA/resoluciones/AUTOS%202015/2501.pdf HTTP/1.1" 200 344388
216.244.66.195 - - [10/Sep/2023:07:17:34 -0500] "GET /BLA/resoluciones/AUTOS%202018/1037.pdf HTTP/1.1" 200 250668
216.244.66.195 - - [10/Sep/2023:07:18:03 -0500] "GET /BLA/resoluciones/AUTOS%202018/1113.pdf HTTP/1.1" 200 325925
201.245.192.253 - - [10/Sep/2023:07:18:15 -0500] "POST /kwsrmcab/Wsrmcab  HTTP/1.1" 200 42865
216.244.66.195 - - [10/Sep/2023:07:18:31 -0500] "GET /BLA/resoluciones/AUTOS%202018/1195.pdf HTTP/1.1" 200 470039
201.245.192.253 - - [10/Sep/2023:07:18:41 -0500] "POST /kwsrmcab/Wsrmcab HTTP/1.1" 200 39050
201.245.192.253 - - [10/Sep/2023:07:18:45 -0500] "POST /kwsrmcab/Wsrmcab HTTP/1.1" 200 41186
216.244.66.195 - - [10/Sep/2023:07:18:59 -0500] "GET /BLA/resoluciones/AUTOS%202018/1693.pdf HTTP/1.1" 200 267833
172.22.2.4 - - [10/Sep/2023:07:17:33 -0500] "HEAD /BLA/boletinlegal/ HTTP/1.1" 200 -
216.244.66.195 - - [10/Sep/2023:07:19:25 -0500] "GET /BLA/resoluciones/AUTOS%202018/2374.pdf HTTP/1.1" 200 600229
216.244.66.195 - - [10/Sep/2023:07:19:51 -0500] "GET /BLA/resoluciones/AUTOS%202018/4027.pdf HTTP/1.1" 200 349772
172.22.2.4 - - [10/Sep/2023:07:18:23 -0500] "GET /BLA/boletinlegal/ HTTP/1.1" 200 58187
216.244.66.195 - - [10/Sep/2023:07:20:15 -0500] "GET /BLA/resoluciones/RESOLUCIONES%202003/1435.pdf HTTP/1.1" 200 126505
216.244.66.195 - - [10/Sep/2023:07:20:38 -0500] "GET /BLA/resoluciones/RESOLUCIONES%202004/0747.pdf HTTP/1.1" 200 290287
216.245.221.92 - - [10/Sep/2023:07:21:08 -0500] "HEAD / HTTP/1.1" 200 -
40.77.167.132 - - [10/Sep/2023:07:21:12 -0500] "GET /BLA/resoluciones/RESOLUCIONES%202021/4048.pdf HTTP/1.1" 304 -
201.245.192.253 - - [10/Sep/2023:07:23:14 -0500] "POST /kwsrmcab/Wsrmcab  HTTP/1.1" 200 42865
186.102.55.238 - - [10/Sep/2023:07:24:48 -0500] "GET /kwssiamovil/sm/ldap/au?x=U2FsdGVkX18oVoMW4quXp08FTTw+yncvdHtBcz0PjH9hIVxyUu3cErZ1IBwC0UdC&y=U2FsdGVkX1+hIk0Qf9Mbi8AQ04D/z4BWGxJF4Mc/XFc= HTTP/1.1" 200 30
186.102.55.238 - - [10/Sep/2023:07:24:48 -0500] "GET /kwssiamovil/sm/acme/s?s=U2FsdGVkX1/QcFzHcq7GyTRUN0v6AN8UcEvmKt2WO9Y7WKVXC0pK5MWl7ZYn/1cI/KGeuvcYzTIok16/YfDT8uTybWLK399LZYcc6iZanFo=&u=U2FsdGVkX1/VdLIAmNqXabq+lLtHzS9XBtesTzYRRR8=&y=U2FsdGVkX1+hIk0Qf9Mbi8AQ04D/z4BWGxJF4Mc/XFc= HTTP/1.1" 200 97
186.102.55.238 - - [10/Sep/2023:07:24:48 -0500] "GET /kwssiamovil/sm/acme/s?s=U2FsdGVkX1+G5vLtN5IC2OlL2o6wYC2h2QQqTmcyNLti/osEEs6FQqnIW86BxreAYicBYCCr5iOskygTgNU8R8IqGEpv33EKemMu4i+/wrFKvjAo5FqtoHvXWQMo0u17rXQE8KLVytoPE1Y5RYjOqIdZ7tVSQHsKI+X5ZkWDlX7OxsXpnvnxSsRgUoLCE6PdnPrQPJNIILQiJtiBhJUZFFBrRjUgw77jApuch115Izd8H56/oSoK/i6Z5n1IJKUqRKzyR0KdOppveMsHf7RnC1HJwhPDSDrlACyJ3q6UdorbHTXs31dq7CsLaZdl4rePYmvQ3qR8g9HQ5PrcyV06Hb3L7+4pVnXofFd7KNND6/d0HYYWAh35LOuIgLDa0Yv3KhcD7H04AQQsPbH9pt02FvVYIPkQyqVZrn4AfJ201gwiRrrsY+RtaVElOr4sX2KlMz2EYPqaaOy+kWZbovw5ml1yr69j5X0dOpQJrHjd/FWhlT+C/bZKShy4KG26datQXNav48f1IjsfpxR3SH1NzrImCn5PFjFhKWlemeRC8qUBKchQ85s1km91AZ1aThdWtfg0qNn5AN8Qb4s7pPAB6bip105MxWnbFYSVKJGVv8kviUh47UEP3391er6r6AGSx9Pd2U7mfCAItdH/SQlfXnRSV8Ul3wSJK0zY/iVF+2UAfeJw1E1/KhGNEYK15rQl40/2RwGqWQLTJIFMp9JzOftuGS3DtX0Tf3BROQLv2+VkTGAqdKZ6HW83EoLQqOzZueuG32C/cF/JhyQp++WzAzbI1c2CHUICrcC08Cz4VWwFuPaIerAzzT2Ccpz4CdsAEclHiwcWWbkgHJWwcxCWOvmI0BuJ9GCvKsApcmApesgdfjfG3uogQeOLm+MUce4fFa1t5PSayr7pmg0Iw7+BkoeLUQTclqXyIoLDOEbeFNi9Q2sJNud62oVVmyKrMnZ98TAQvXvpckKBCKIle7Du9E04dVJyG+HHcRCpkbTk0Rap0yQUFiCzWQ/8nIuxAkyW0ztp6noRGfU27jAQIeD4FyKuT3keptjGZOCr1SCAYOFFUo8Wo0wJ5T96BEzKE3HcP20FdzmTA510efhsmmgkCCjfo3DtcdGhUNWlbRgRffZ6FFP3unIOun0BVvkQTRNOpO+8KR5+frc8w2wbzdQDdBVYgshUcZbWLdzkbhXfAzUc88njhsoM9cuF/xIR+i7MLTCw5t9koKa1fKzibNVoK4DjLvzcO4treaIaIp8ge4ovOkYtUELULt0++vjHuWVoPY0qINeCaJv5xiGLstWrI4hzflKu3vYDzjNNmqef4AYTWNlWTbrwai+kB02Kz4478wgiLNsrU1DtD7LlFFKDOMBvyCL3cPI3gCu+MX2OkGWeeRBKUsrCCELEbN24OMLULgi9NtLYkcmDibHWZWgtyUvjeXeXLyf498esGCApakU=&u=U2FsdGVkX1/VdLIAmNqXabq+lLtHzS9XBtesTzYRRR8=&y=U2FsdGVkX1+hIk0Qf9Mbi8AQ04D/z4BWGxJF4Mc/XFc= HTTP/1.1" 200 8539
186.102.55.238 - - [10/Sep/2023:07:24:48 -0500] "GET /kwssiamovil/sm/acme/s?s=U2FsdGVkX1/Mn0iYe/tGWC1pN90DfIO4XO7UcczxgdjcO0t1Q3L8QFch3T9jquZcOJ/tJ8js6ghNI1wmCCKz2s64phOvWo6NCk8T5iLNVB5ZKtohfPGUtmeLaX12sxChZfnCKZl+ixozHX3Iu7okP76OTFqf9FTo3bEq0M5i8fcvABCfDyYSS8fM2aeBqXZKgiL/UAbf13Yh+C/vsOzcLW/vWPzALvZUKqO/5yJKrl4cAuu1qBdLktU+FTc+9dmcQgdT0TwxFF60uKruZGjIPyEgwyUpkp3Gm3ofP7obSCEE3mCUhbg8L3ijuOmq9dsBGOz8SsUSH+SLtXhjvZXEKw==&u=U2FsdGVkX1/VdLIAmNqXabq+lLtHzS9XBtesTzYRRR8=&y=U2FsdGVkX1+hIk0Qf9Mbi8AQ04D/z4BWGxJF4Mc/XFc= HTTP/1.1" 200 196
186.102.55.238 - - [10/Sep/2023:07:24:48 -0500] "GET /kwssiamovil/sm/cjson/pre?f=1&x=U2FsdGVkX18oVoMW4quXp08FTTw+yncvdHtBcz0PjH9hIVxyUu3cErZ1IBwC0UdC HTTP/1.1" 200 31032
172.22.2.4 - - [10/Sep/2023:07:23:23 -0500] "HEAD /BLA/boletinlegal/ HTTP/1.1" 200 -
216.244.66.195 - - [10/Sep/2023:07:25:35 -0500] "GET /robots.txt HTTP/1.1" 404 1018
172.22.2.4 - - [10/Sep/2023:07:24:13 -0500] "GET /BLA/boletinlegal/ HTTP/1.1" 200 55844
40.77.167.208 - - [10/Sep/2023:07:26:02 -0500] "GET /sipse/faces/autenticacion.xhtml HTTP/1.1" 200 12498
216.245.221.92 - - [10/Sep/2023:07:26:08 -0500] "HEAD / HTTP/1.1" 200 -
201.245.192.253 - - [10/Sep/2023:07:28:13 -0500] "POST /kwsrmcab/Wsrmcab  HTTP/1.1" 200 42865
172.22.2.4 - - [10/Sep/2023:07:28:37 -0500] "GET /BLA/boletinlegal/jurisprudencia/analisis/analisis%20C-595-2010.doc HTTP/1.1" 200 39424
223.226.212.181 - - [10/Sep/2023:07:28:38 -0500] "GET /pot-2013/cartografia/anexo01_sistema_hidrico.pdf HTTP/1.1" 200 5860035
201.245.192.253 - - [10/Sep/2023:07:28:41 -0500] "POST /kwsrmcab/Wsrmcab HTTP/1.1" 200 39050
201.245.192.253 - - [10/Sep/2023:07:28:44 -0500] "POST /kwsrmcab/Wsrmcab HTTP/1.1" 200 41186
40.77.167.30 - - [10/Sep/2023:07:30:14 -0500] "GET /BLA/resoluciones/AUTOS%202021/3132.pdf HTTP/1.1" 200 411832
186.102.55.238 - - [10/Sep/2023:07:30:21 -0500] "OPTIONS /kwssiamovil/sm/setfile/f? HTTP/1.1" 200 13
186.102.55.238 - - [10/Sep/2023:07:30:21 -0500] "POST /kwssiamovil/sm/setfile/f? HTTP/1.1" 200 381
186.102.55.238 - - [10/Sep/2023:07:30:26 -0500] "OPTIONS /kwssiamovil/sm/setfile/f? HTTP/1.1" 200 13
186.102.55.238 - - [10/Sep/2023:07:30:26 -0500] "POST /kwssiamovil/sm/setfile/f? HTTP/1.1" 200 381
186.102.55.238 - - [10/Sep/2023:07:30:39 -0500] "GET /kwssiamovil/sm/acme/a?s=U2FsdGVkX19U9WGyYselT+sj5ODQodrNniFWQQWwitvtHR5I9XFK4UrnaApa+oazVG05S6rqJjds0JXyCkW4VwKKxmCwBAwS/1mow8JienEbZJCH2kFLTv2QtEe9m4aPmob4J7HVi7rHXWQrjn5ICZcZZpbPWAlO41QI1DqPF67se3+epuZZ/4ihUY1fZ5UpZgU5FstgS07M8gKNT22TEYcMY8CDVk6CSEQsH+1Ha+pdeHPGqVUh11Tce9p4gYu2e/nLEEgVpSdWNG4o1BASsg==&u=U2FsdGVkX1/VdLIAmNqXabq+lLtHzS9XBtesTzYRRR8=&y=U2FsdGVkX1+hIk0Qf9Mbi8AQ04D/z4BWGxJF4Mc/XFc= HTTP/1.1" 200 26
186.102.55.238 - - [10/Sep/2023:07:30:40 -0500] "GET /kwssiamovil/sm/acme/a?s=U2FsdGVkX19Z6WXMt22FvF/KKThccIHfXey8PQ03JEChTO9wHlZ4RhbF3jX/XAd9tTAERHu3WdJqo3atawN5NXa7DI5XYVeyqOfqFsh+1mv2Lq4jV7U8uzv9pmxJ2do77M9RXp6M6O8tNsxjReRWbrYyd0rMZpDGQcapBzl2isa2kk6UVUyZd4nvekctndX3fBYZdTS+wQS8oylN86u1HTB4Smqnf4CVxPEkccxmkdwY+F2HoBByJ1fVS/QLO9uVK96N+61xlLPHBtpWyNKYL80upGCPi9XZYt5qkklQEnuAeF60SzwsnGQ2UQm8JU6fJNpVnC+/KSor/mFqp7pjvGAvZ830emXQodt/jOc541k/KhRCsHpRakZlCWCNGAYUtgRqRUS/P/eAD/YUdzLYcrfH3atuNyzCsBRYze8aGZoxwJgYAYMxaJibVYg4EIznfq/A8kusi5BBUJ32VzGYfy0Hgwot+nH+AD5bkBPA5Jv7FS/jPtgTC2Sp/9ls3HmnH2DrX1t7RvmcGt/dSTTxSY2uYnPmdtyiVchfP4o3zGxYbKPOZ4T1J0v1KnPWV32dJ/d7U3lOtrf/9wOutWkInaeb7TzzDd2Ml9RWfyrKzwYtMpbtO9zUvVMGgwSqIYjbyeT5HJe0pDoApDwdDj/Z657lbcDP49yykRolPN2NFe3FTuNdB5Ua5zGN86NteLDl6hxrZuOvKyDCefPA0ZLgV+NmCzHj9S2xmoQWM77C3i35VMmwrSDKqVBs4/f3zbwJG/ZTOpv0MQ3zb1jd02j9HOMW7uK3eJYbJ30UMHaQEhouX/YNbf1ar/qe9AyXuACgzbHP4+2yizlrDJ0YS363XUK0OkptPii9FildOngGnLHd+KYZseJOu7NsCjmed7NjIh5FUSvdHMEoUmhQsj2pB6HKVRpNcZ+3BD8s2rrq/tePYB6lt/hqlB+gAz0hKFhghu/P3u0eVD2U25hfmrQyJXdF0JqI4XpfaJkyw3GUxFfytrmPGKd9jfeQHrpT8PgBQk70QZAkDpuu5rRDSBrhLFCY5RvIpzh+UtJMZgjuv0io+2Ns1Zrc9guTbKFH03Tj+dn0pvxt+t3g8x2L7WrtX8baoWbFLRvcZd6npFCfJr3bz4OT1rXTYkXnFw0P2dxUJGgYNSX5wtew7F9iDTAX2FhLBPUtaCb0BYgm38sFXrvhTHYvqxnwJyLgLt7xpBhBwwHmOFwWTxE452uRO636Aa2VyEdU7C/yG+yO/M6EULd4hjW2FWDyrNUy+shCKdOT8BRx+hsDQTMvefw0JQ+dqzn10uK8eed9gY+26KmHhS3kiv6qXFNaWh0aicwJ3mrKHOeenYpDOjeDavYr5ql150h8nXJlRklO3l143/TlfPFu52uhtA/TGz/A8tlru/lopXoWyWI3paEL4bIvUVCcCqlC8ZWE/jMIt/RoluQ0Z+hB3PiUzru8X1afEbf13rOIrf5Yz3UW3yt+Sykz5V/fXWuHneYDujWEjoKDrMr0nMzDmgsKuIl9V7+2sC+I5V7eOWpjCsGKODtBsKu7II0ranFqsuNcSc4qg2tgo4nGn9R3pZ+leVSz/QGsoUzqZOFi0Ui18MuUJDxT4SS0kIqHl7OV576Az4bNovcBOpW80+s=&u=U2FsdGVkX1/VdLIAmNqXabq+lLtHzS9XBtesTzYRRR8=&y=U2FsdGVkX1+hIk0Qf9Mbi8AQ04D/z4BWGxJF4Mc/XFc= HTTP/1.1" 200 26
186.102.55.238 - - [10/Sep/2023:07:30:41 -0500] "GET /kwssiamovil/sm/acme/a?s=U2FsdGVkX1+iA2Z/gESBAIO6r6ls3k380mjr/KxOJaz7v/Z5Cl4kkJ1mtVC9/bYpJOG0TpHnmmdUFF4PUcSSxrFm3WxgYcSda7zmPS1n4Omrm9CunFk/t1Tcd4M3A0lk2ajk5rk7oYasRnAptGZUvmqhHv2UKRo6fUG6POYj44g=&u=U2FsdGVkX1/VdLIAmNqXabq+lLtHzS9XBtesTzYRRR8=&y=U2FsdGVkX1+hIk0Qf9Mbi8AQ04D/z4BWGxJF4Mc/XFc= HTTP/1.1" 200 26
186.102.55.238 - - [10/Sep/2023:07:30:41 -0500] "GET /kwssiamovil/sm/acme/a?s=U2FsdGVkX1/ySOuAJh+2ua4LRhhJLt/uVDirQxcxA0QevBHgdbrBxT47MrRVxpt9BBRUN0w0FdgXzcrZ5Wh+XnfHpMCRhyBJImeNvvU0pi+z1d9gUJHGNtogGuA4uWSab9VATpRinlwlC4SjlFrNeEGZ1OYnJUIZKOeZIYyoBFM=&u=U2FsdGVkX1/VdLIAmNqXabq+lLtHzS9XBtesTzYRRR8=&y=U2FsdGVkX1+hIk0Qf9Mbi8AQ04D/z4BWGxJF4Mc/XFc= HTTP/1.1" 200 26
186.102.55.238 - - [10/Sep/2023:07:30:41 -0500] "GET /kwssiamovil/sm/acme/a?s=U2FsdGVkX19SzYrEVXdTTMgkiDOv2EDZw/7E8mgOgXB52OAiwyYUGc7XCgW3TunbKkwdxCTQpTokn9MhOcxPcC1XBSZAPY447WszCkJDVigswYkd1JFdkWUwREM8b/2rgzr3VD7KPd+Hj66LjjnaGxmq+nJIsoRG+gYraYi8Vy0=&u=U2FsdGVkX1/VdLIAmNqXabq+lLtHzS9XBtesTzYRRR8=&y=U2FsdGVkX1+hIk0Qf9Mbi8AQ04D/z4BWGxJF4Mc/XFc= HTTP/1.1" 200 26
186.102.55.238 - - [10/Sep/2023:07:30:42 -0500] "GET /kwssiamovil/sm/acme/a?s=U2FsdGVkX1+yooG6dScckqXSLZrx1mPlHygb9zlWUv8p3ksB6UjC+ODfaIt0OGXhjpN3y2/Z0aumjYbxxnRa5FPVd/K1Y40jqAd3Ukr4GZ0SEW/uxh1qaY41lfFcd0p4umLjb3RO4W//DCH4Pc+HSt6yxKXEVc/b4GJtktS/+ZBQae7DOQ/9/buvLjHSdciK&u=U2FsdGVkX1/VdLIAmNqXabq+lLtHzS9XBtesTzYRRR8=&y=U2FsdGVkX1+hIk0Qf9Mbi8AQ04D/z4BWGxJF4Mc/XFc= HTTP/1.1" 200 26
186.102.55.238 - - [10/Sep/2023:07:30:42 -0500] "GET /kwssiamovil/sm/acme/a?s=U2FsdGVkX1/4OeiviVOZWqxqb0d2ANaLQfdKUmJclyICnxNDQhVFe/JHdFMZZBsVjjVTpBsNtTVdIaYsBzFG5jnqMTk21M7KWDMrQAMF2t85mBY0ATftHREHzk1445mA7qunwQtuEPPZ5TFfTEZZgzHtQ40aqgBmzDLksIOFh6GPMA1ROZFP9JoNHRIHgjpkBkqRE18qJm4Q1s2/ROnzh9H3XyIL7EquN8MtBEDeaAc=&u=U2FsdGVkX1/VdLIAmNqXabq+lLtHzS9XBtesTzYRRR8=&y=U2FsdGVkX1+hIk0Qf9Mbi8AQ04D/z4BWGxJF4Mc/XFc= HTTP/1.1" 200 26
186.102.55.238 - - [10/Sep/2023:07:30:42 -0500] "GET /kwssiamovil/sm/acme/a?s=U2FsdGVkX19t32RhDfBFsH+xWEQR1CfrB1eTyuy4vW9IoT26DyIRexH8UhVX4t74kUZN8Mw/klHUpOQRxEoTHhBl/W9SnLkq8008VBsq5e3jT1MNBxAmMj/gj1aAiDIl1TK8B5SMYBe7A5VH2dDmd6rIpG1UNOxMiAY6ScMP7ts7LB83Mx0Gi6UFou2xPgHXg0sc5L4EXsJ096s64kHu6g==&u=U2FsdGVkX1/VdLIAmNqXabq+lLtHzS9XBtesTzYRRR8=&y=U2FsdGVkX1+hIk0Qf9Mbi8AQ04D/z4BWGxJF4Mc/XFc= HTTP/1.1" 200 26
186.102.55.238 - - [10/Sep/2023:07:30:42 -0500] "GET /kwssiamovil/sm/acme/a?s=U2FsdGVkX1+zZ/uVAG0LjjGf85P0eaTdr9OFaSxbEbYWsAlvr12OZf37tws2f2CSWWpGG8Qt18KBpzXeWePwiPNCQWTcRqmU92nfKYnaagswHVu9bt2GPNa6YH5cprWQDzJz7vVR4FQBQvF2PGUbi46EZf0rxNxuVmMzhW3RMnBm7aAB5bxkKBnzB7OPKm3hj7Oz6WZ59BD0glVwWmzDdOEOrlFYc+HEPahSt2VWz+w=&u=U2FsdGVkX1/VdLIAmNqXabq+lLtHzS9XBtesTzYRRR8=&y=U2FsdGVkX1+hIk0Qf9Mbi8AQ04D/z4BWGxJF4Mc/XFc= HTTP/1.1" 200 26
186.102.55.238 - - [10/Sep/2023:07:30:43 -0500] "GET /kwssiamovil/sm/acme/a?s=U2FsdGVkX1+68+7YuAjVOI1RidNc0QoRq5RfY3Rvr2z5KgNeBVq4gVjv1v//Z32+9NqlNXRhaDATT0s+wMbLQGt24dK/Sl0LMB8mAN8wq3y3l8uWvQRnV88GmN+ZTAboMwNxpFB3wjcG0puN20qBnagcTOVKRStQC2HQEDkFxInqiUFbcyqGDz5XRm0rsTF1wbiEBCMoJrn5miFrgqzohg==&u=U2FsdGVkX1/VdLIAmNqXabq+lLtHzS9XBtesTzYRRR8=&y=U2FsdGVkX1+hIk0Qf9Mbi8AQ04D/z4BWGxJF4Mc/XFc= HTTP/1.1" 200 26
172.22.2.4 - - [10/Sep/2023:07:29:13 -0500] "HEAD /BLA/boletinlegal/ HTTP/1.1" 200 -
186.102.55.238 - - [10/Sep/2023:07:31:04 -0500] "GET /kwssiamovil/sm/acme/u?s=U2FsdGVkX18nSd8Pdl4uNslcIkFXMeOidtynPoSdyuTPYLfY+C0a/bq6ZA+iH+WAyjEUMlbudkttjTyYSWBhZXW/JqOX4DMR2fVbnvy6dxj8kFOiLTg4+RW+pppB4Om8r62uR0cWK+VKTy5BPrc7A7FUgxMNIcvLfsNH+16W178=&u=U2FsdGVkX1/VdLIAmNqXabq+lLtHzS9XBtesTzYRRR8=&y=U2FsdGVkX1+hIk0Qf9Mbi8AQ04D/z4BWGxJF4Mc/XFc= HTTP/1.1" 200 60
216.245.221.92 - - [10/Sep/2023:07:31:08 -0500] "HEAD / HTTP/1.1" 200 -
172.22.2.4 - - [10/Sep/2023:07:30:03 -0500] "GET /BLA/boletinlegal/ HTTP/1.1" 200 60692
201.245.192.253 - - [10/Sep/2023:07:33:13 -0500] "POST /kwsrmcab/Wsrmcab  HTTP/1.1" 200 42865
20.15.133.185 - - [10/Sep/2023:07:33:53 -0500] "GET /Publicaciones/2023EE192164.pdf HTTP/1.1" 404 228
69.63.189.113 - - [10/Sep/2023:07:34:08 -0500] "GET /images/pieza-voluntariado-ambiental.jpeg HTTP/1.1" 200 51125
216.245.221.92 - - [10/Sep/2023:07:36:08 -0500] "HEAD / HTTP/1.1" 200 -
172.22.2.4 - - [10/Sep/2023:07:35:03 -0500] "HEAD /BLA/boletinlegal/ HTTP/1.1" 200 -
52.167.144.186 - - [10/Sep/2023:07:37:05 -0500] "GET /bla/resoluciones/autos%202012/2654.pdf HTTP/1.1" 200 289636
172.22.2.4 - - [10/Sep/2023:07:35:53 -0500] "GET /BLA/boletinlegal/ HTTP/1.1" 200 60692
52.167.144.211 - - [10/Sep/2023:07:37:34 -0500] "GET /mejora-tu-bienestar-con-las-caminatas-ecologicas-%C3%82%C2%A1conoce-la-programacion-de-agosto.html HTTP/1.1" 200 873
52.167.144.211 - - [10/Sep/2023:07:38:04 -0500] "GET /distrito-declara-alerta-fase-i-en-suroccidente-de-bogota-por-altas-concentraciones-de-material-particulado.html HTTP/1.1" 200 883
201.245.192.253 - - [10/Sep/2023:07:38:12 -0500] "POST /kwsrmcab/Wsrmcab  HTTP/1.1" 200 42865
201.245.192.253 - - [10/Sep/2023:07:38:41 -0500] "POST /kwsrmcab/Wsrmcab HTTP/1.1" 200 39050
201.245.192.253 - - [10/Sep/2023:07:38:45 -0500] "POST /kwsrmcab/Wsrmcab HTTP/1.1" 200 41186
20.15.133.185 - - [10/Sep/2023:07:40:34 -0500] "GET /Publicaciones/2023EE192164.pdf HTTP/1.1" 404 228
216.245.221.92 - - [10/Sep/2023:07:41:08 -0500] "HEAD / HTTP/1.1" 200 -
172.22.2.4 - - [10/Sep/2023:07:40:53 -0500] "HEAD /BLA/boletinlegal/ HTTP/1.1" 200 -
201.245.192.253 - - [10/Sep/2023:07:43:11 -0500] "POST /kwsrmcab/Wsrmcab  HTTP/1.1" 200 42865
172.22.2.4 - - [10/Sep/2023:07:41:43 -0500] "GET /BLA/boletinlegal/ HTTP/1.1" 200 57790
111.202.101.87 - - [10/Sep/2023:07:43:37 -0500] "GET / HTTP/1.1" 200 319
216.245.221.92 - - [10/Sep/2023:07:46:08 -0500] "HEAD / HTTP/1.1" 200 -
172.22.2.4 - - [10/Sep/2023:07:45:25 -0500] "GET /BLA/boletinlegal/ HTTP/1.1" 200 60692
52.167.144.177 - - [10/Sep/2023:07:47:26 -0500] "GET /BLA/boletinlegal/conceptos.php HTTP/1.1" 200 7496
201.245.192.253 - - [10/Sep/2023:07:48:09 -0500] "POST /kwsrmcab/Wsrmcab  HTTP/1.1" 200 42865
172.22.2.4 - - [10/Sep/2023:07:46:43 -0500] "HEAD /BLA/boletinlegal/ HTTP/1.1" 200 -
196.2.8.130 - - [10/Sep/2023:07:48:43 -0500] "GET / HTTP/1.1" 200 319
172.22.2.4 - - [10/Sep/2023:07:47:33 -0500] "GET /BLA/boletinlegal/ HTTP/1.1" 200 54960
199.16.157.180 - - [10/Sep/2023:07:50:39 -0500] "GET /images/cr%C3%B3nica-29-nov-1_optimized.jpeg HTTP/1.1" 404 1034
216.245.221.92 - - [10/Sep/2023:07:51:08 -0500] "HEAD / HTTP/1.1" 200 -
201.245.192.253 - - [10/Sep/2023:07:53:09 -0500] "POST /kwsrmcab/Wsrmcab  HTTP/1.1" 200 42865
172.22.2.4 - - [10/Sep/2023:07:52:33 -0500] "HEAD /BLA/boletinlegal/ HTTP/1.1" 200 -
172.22.2.4 - - [10/Sep/2023:07:53:23 -0500] "GET /BLA/boletinlegal/ HTTP/1.1" 200 58187
216.245.221.92 - - [10/Sep/2023:07:56:08 -0500] "HEAD / HTTP/1.1" 200 -
201.245.192.253 - - [10/Sep/2023:07:58:08 -0500] "POST /kwsrmcab/Wsrmcab  HTTP/1.1" 200 42865
216.244.66.195 - - [10/Sep/2023:07:59:50 -0500] "GET /BLA/resoluciones/RESOLUCIONES%202019/0783.pdf HTTP/1.1" 200 816336
172.22.2.4 - - [10/Sep/2023:07:58:23 -0500] "HEAD /BLA/boletinlegal/ HTTP/1.1" 200 -
216.244.66.195 - - [10/Sep/2023:08:00:11 -0500] "GET /BLA/resoluciones/RESOLUCIONES%202019/1279.pdf HTTP/1.1" 200 438578
216.244.66.195 - - [10/Sep/2023:08:00:29 -0500] "GET /BLA/resoluciones/RESOLUCIONES%202019/1529.pdf HTTP/1.1" 200 518365
172.22.2.4 - - [10/Sep/2023:07:59:13 -0500] "GET /BLA/boletinlegal/ HTTP/1.1" 200 58187
216.245.221.92 - - [10/Sep/2023:08:01:08 -0500] "HEAD / HTTP/1.1" 200 -
216.244.66.195 - - [10/Sep/2023:08:01:09 -0500] "GET /BLA/resoluciones/RESOLUCIONES%202019/1991.pdf HTTP/1.1" 200 247450
216.244.66.195 - - [10/Sep/2023:08:01:40 -0500] "GET /BLA/resoluciones/RESOLUCIONES%202019/2031.pdf HTTP/1.1" 200 349603
216.244.66.195 - - [10/Sep/2023:08:02:10 -0500] "GET /BLA/resoluciones/RESOLUCIONES%202019/2240.pdf HTTP/1.1" 200 292766
216.244.66.195 - - [10/Sep/2023:08:02:42 -0500] "GET /BLA/resoluciones/RESOLUCIONES%202019/2331.pdf HTTP/1.1" 200 366917
216.244.66.195 - - [10/Sep/2023:08:03:09 -0500] "GET /BLA/resoluciones/RESOLUCIONES%202019/3157.pdf HTTP/1.1" 200 296000
201.245.192.253 - - [10/Sep/2023:08:03:07 -0500] "POST /kwsrmcab/Wsrmcab  HTTP/1.1" 200 42865
216.244.66.195 - - [10/Sep/2023:08:03:37 -0500] "GET /BLA/resoluciones/RESOLUCIONES%202019/3457.pdf HTTP/1.1" 200 294739
216.244.66.195 - - [10/Sep/2023:08:04:06 -0500] "GET /BLA/resoluciones/RESOLUCIONES%202019/3486.pdf HTTP/1.1" 200 321707
216.244.66.195 - - [10/Sep/2023:08:04:31 -0500] "GET /BLA/resoluciones/RESOLUCIONES%202019/3581.pdf HTTP/1.1" 200 384514
216.244.66.195 - - [10/Sep/2023:08:04:56 -0500] "GET /BLA/resoluciones/RESOLUCIONES%202019/3647.pdf HTTP/1.1" 200 1116813
216.244.66.195 - - [10/Sep/2023:08:05:26 -0500] "GET /BLA/resoluciones/RESOLUCIONES%202019/3783.pdf HTTP/1.1" 200 365796
216.244.66.195 - - [10/Sep/2023:08:05:50 -0500] "GET /BLA/resoluciones/RESOLUCIONES%202019/3833.pdf HTTP/1.1" 200 1058852
172.22.2.4 - - [10/Sep/2023:08:04:13 -0500] "HEAD /BLA/boletinlegal/ HTTP/1.1" 200 -
216.245.221.92 - - [10/Sep/2023:08:06:07 -0500] "HEAD / HTTP/1.1" 200 -
216.244.66.195 - - [10/Sep/2023:08:06:32 -0500] "GET /BLA/resoluciones/RESOLUCIONES%202017/0182.pdf HTTP/1.1" 200 343070
172.22.2.4 - - [10/Sep/2023:08:05:03 -0500] "GET /BLA/boletinlegal/ HTTP/1.1" 200 60692
216.244.66.195 - - [10/Sep/2023:08:07:03 -0500] "GET /BLA/resoluciones/RESOLUCIONES%202017/0657.pdf HTTP/1.1" 200 389289
216.244.66.195 - - [10/Sep/2023:08:07:32 -0500] "GET /BLA/resoluciones/AUTOS%202014/1474.pdf HTTP/1.1" 200 864769
216.244.66.195 - - [10/Sep/2023:08:08:01 -0500] "GET /BLA/resoluciones/AUTOS%202015/0653.pdf HTTP/1.1" 200 2358617
201.245.192.253 - - [10/Sep/2023:08:08:06 -0500] "POST /kwsrmcab/Wsrmcab  HTTP/1.1" 200 42865
216.244.66.195 - - [10/Sep/2023:08:08:35 -0500] "GET /BLA/resoluciones/AUTOS%202015/1779.pdf HTTP/1.1" 200 770245
172.22.2.4 - - [10/Sep/2023:08:08:25 -0500] "GET /BLA/boletinlegal/ HTTP/1.1" 200 24523
216.244.66.195 - - [10/Sep/2023:08:09:06 -0500] "GET /BLA/resoluciones/AUTOS%202015/3435.pdf HTTP/1.1" 200 300686
172.22.2.4 - - [10/Sep/2023:08:09:29 -0500] "GET /BLA/boletinlegal/actos.php HTTP/1.1" 200 9682
191.156.50.120 - - [10/Sep/2023:08:09:35 -0500] "GET /abierta-convocatoria-para-postular-a-organizaciones-que-desarrollan-actividades-de-voluntariado-ambiental-en-bogota.html HTTP/1.1" 200 880
216.244.66.195 - - [10/Sep/2023:08:09:37 -0500] "GET /BLA/resoluciones/AUTOS%202018/0932.pdf HTTP/1.1" 200 312967
216.244.66.195 - - [10/Sep/2023:08:10:05 -0500] "GET /BLA/resoluciones/AUTOS%202018/1349.pdf HTTP/1.1" 200 271932
186.84.21.183 - - [10/Sep/2023:08:10:27 -0500] "GET /sipse/faces/faces/autenticacion.xhtml HTTP/1.1" 200 12498
186.84.21.183 - - [10/Sep/2023:08:10:27 -0500] "GET /apple-touch-icon-precomposed.png HTTP/1.1" 404 1120
186.84.21.183 - - [10/Sep/2023:08:10:27 -0500] "GET /sipse/faces/faces/autenticacion.xhtml HTTP/1.1" 200 12498
186.84.21.183 - - [10/Sep/2023:08:10:27 -0500] "GET /sipse/faces/faces/faces/autenticacion.xhtml HTTP/1.1" 200 12498
186.84.21.183 - - [10/Sep/2023:08:10:27 -0500] "GET /apple-touch-icon.png HTTP/1.1" 404 1120
186.84.21.183 - - [10/Sep/2023:08:10:27 -0500] "GET /favicon.ico HTTP/1.1" 200 7782
186.84.21.183 - - [10/Sep/2023:08:10:27 -0500] "GET /sipse/js/disable_browser_buttons.js HTTP/1.1" 200 3230
186.84.21.183 - - [10/Sep/2023:08:10:27 -0500] "GET /sipse/js/funciones.js HTTP/1.1" 200 12592
186.84.21.183 - - [10/Sep/2023:08:10:27 -0500] "GET /sipse/faces/faces/autenticacion.xhtml HTTP/1.1" 200 12498
186.84.21.183 - - [10/Sep/2023:08:10:27 -0500] "GET /sipse/faces/javax.faces.resource/layout/layout.css;jsessionid=P+SbEqvBWzfmnUXMsHqJnHs0.undefined?ln=primefaces&v=4.0 HTTP/1.1" 200 542
186.84.21.183 - - [10/Sep/2023:08:10:27 -0500] "GET /sipse/faces/javax.faces.resource/jquery/jquery-plugins.js;jsessionid=P+SbEqvBWzfmnUXMsHqJnHs0.undefined?ln=primefaces&v=4.0 HTTP/1.1" 200 220526
186.84.21.183 - - [10/Sep/2023:08:10:28 -0500] "GET /sipse/css/custom_css_sg.css HTTP/1.1" 200 9694
186.84.21.183 - - [10/Sep/2023:08:10:28 -0500] "GET /sipse/faces/faces/faces/autenticacion.xhtml/favicon.ico HTTP/1.1" 302 -
186.84.21.183 - - [10/Sep/2023:08:10:28 -0500] "GET /sipse/faces/faces/autenticacion.xhtml/favicon.ico HTTP/1.1" 302 -
186.84.21.183 - - [10/Sep/2023:08:10:28 -0500] "GET /sipse/css/custom_css_sg_prime_login.css HTTP/1.1" 200 443
186.84.21.183 - - [10/Sep/2023:08:10:28 -0500] "GET /sipse/faces/javax.faces.resource/theme.css?ln=primefaces-sipse HTTP/1.1" 304 -
186.84.21.183 - - [10/Sep/2023:08:10:27 -0500] "GET /sipse/faces/javax.faces.resource/primefaces.css;jsessionid=P+SbEqvBWzfmnUXMsHqJnHs0.undefined?ln=primefaces&v=4.0 HTTP/1.1" 200 53295
186.84.21.183 - - [10/Sep/2023:08:10:28 -0500] "GET /sipse/faces/javax.faces.resource/layout/layout.js;jsessionid=P+SbEqvBWzfmnUXMsHqJnHs0.undefined?ln=primefaces&v=4.0 HTTP/1.1" 200 87560
186.84.21.183 - - [10/Sep/2023:08:10:28 -0500] "GET /sipse/faces/faces/autenticacion.xhtml HTTP/1.1" 200 12176
186.84.21.183 - - [10/Sep/2023:08:10:28 -0500] "GET /sipse/faces/autenticacion.xhtml HTTP/1.1" 200 12176
186.84.21.183 - - [10/Sep/2023:08:10:28 -0500] "GET /sipse/faces/autenticacion.xhtml HTTP/1.1" 200 12176
186.84.21.183 - - [10/Sep/2023:08:10:28 -0500] "GET /sipse/faces/javax.faces.resource/primefaces.js;jsessionid=P+SbEqvBWzfmnUXMsHqJnHs0.undefined?ln=primefaces&v=4.0 HTTP/1.1" 200 276924
186.84.21.183 - - [10/Sep/2023:08:10:27 -0500] "GET /sipse/faces/javax.faces.resource/jquery/jquery.js;jsessionid=P+SbEqvBWzfmnUXMsHqJnHs0.undefined?ln=primefaces&v=4.0 HTTP/1.1" 200 105384
186.84.21.183 - - [10/Sep/2023:08:10:28 -0500] "GET /sipse/faces/faces/autenticacion.xhtml/favicon.ico HTTP/1.1" 302 -
186.84.21.183 - - [10/Sep/2023:08:10:28 -0500] "GET /sipse/faces/javax.faces.resource/images/ui-icons_898989_256x240.png?ln=primefaces-aristo HTTP/1.1" 304 -
186.84.21.183 - - [10/Sep/2023:08:10:28 -0500] "GET /sipse/css/imagen/logoSDG.png HTTP/1.1" 200 53064
186.84.21.183 - - [10/Sep/2023:08:10:28 -0500] "GET /sipse/faces/autenticacion.xhtml HTTP/1.1" 200 12176
186.84.21.183 - - [10/Sep/2023:08:10:28 -0500] "GET /sipse/css/imagen/loginimg.png HTTP/1.1" 200 71635
186.84.21.183 - - [10/Sep/2023:08:10:28 -0500] "GET /sipse/faces/faces/index.xhtml HTTP/1.1" 200 677
186.84.21.183 - - [10/Sep/2023:08:10:28 -0500] "GET /sipse/faces/javax.faces.resource/theme.css?ln=primefaces-sipse HTTP/1.1" 304 -
186.84.21.183 - - [10/Sep/2023:08:10:28 -0500] "GET /sipse/faces/faces/faces/autenticacion.xhtml HTTP/1.1" 200 12176
186.84.21.183 - - [10/Sep/2023:08:10:28 -0500] "GET /sipse/faces/javax.faces.resource/layout/layout.css?ln=primefaces&v=4.0 HTTP/1.1" 304 -
186.84.21.183 - - [10/Sep/2023:08:10:28 -0500] "GET /sipse/faces/javax.faces.resource/primefaces.css?ln=primefaces&v=4.0 HTTP/1.1" 304 -
186.84.21.183 - - [10/Sep/2023:08:10:28 -0500] "GET /sipse/faces/javax.faces.resource/jquery/jquery-plugins.js?ln=primefaces&v=4.0 HTTP/1.1" 304 -
186.84.21.183 - - [10/Sep/2023:08:10:28 -0500] "GET /sipse/faces/javax.faces.resource/jquery/jquery.js?ln=primefaces&v=4.0 HTTP/1.1" 304 -
186.84.21.183 - - [10/Sep/2023:08:10:28 -0500] "GET /sipse/faces/javax.faces.resource/layout/layout.js?ln=primefaces&v=4.0 HTTP/1.1" 304 -
186.84.21.183 - - [10/Sep/2023:08:10:28 -0500] "GET /sipse/faces/javax.faces.resource/theme.css?ln=primefaces-sipse HTTP/1.1" 304 -
186.84.21.183 - - [10/Sep/2023:08:10:28 -0500] "GET /sipse/faces/javax.faces.resource/primefaces.js?ln=primefaces&v=4.0 HTTP/1.1" 304 -
186.84.21.183 - - [10/Sep/2023:08:10:28 -0500] "GET /sipse/faces/javax.faces.resource/images/ui-icons_898989_256x240.png?ln=primefaces-aristo HTTP/1.1" 304 -
186.84.21.183 - - [10/Sep/2023:08:10:28 -0500] "GET /favicon.ico HTTP/1.1" 200 7782
186.84.21.183 - - [10/Sep/2023:08:10:28 -0500] "GET /apple-touch-icon.png HTTP/1.1" 404 1120
186.84.21.183 - - [10/Sep/2023:08:10:28 -0500] "GET /apple-touch-icon-precomposed.png HTTP/1.1" 404 1120
186.84.21.183 - - [10/Sep/2023:08:10:28 -0500] "GET /sipse/faces/faces/index.xhtml HTTP/1.1" 200 677
186.84.21.183 - - [10/Sep/2023:08:10:28 -0500] "GET /sipse/faces/faces/index.xhtml HTTP/1.1" 200 677
186.84.21.183 - - [10/Sep/2023:08:10:29 -0500] "GET /sipse/faces/faces/index.xhtml/favicon.ico HTTP/1.1" 302 -
186.84.21.183 - - [10/Sep/2023:08:10:29 -0500] "GET /sipse/faces/autenticacion.xhtml HTTP/1.1" 200 12176
216.245.221.92 - - [10/Sep/2023:08:11:08 -0500] "HEAD / HTTP/1.1" 200 -
172.22.2.4 - - [10/Sep/2023:08:10:03 -0500] "HEAD /BLA/boletinlegal/ HTTP/1.1" 200 -
172.22.2.4 - - [10/Sep/2023:08:10:53 -0500] "GET /BLA/boletinlegal/ HTTP/1.1" 200 58187
201.245.192.253 - - [10/Sep/2023:08:13:05 -0500] "POST /kwsrmcab/Wsrmcab  HTTP/1.1" 200 42865
147.135.193.49 - - [10/Sep/2023:08:15:22 -0500] "GET /BLA/boletinlegal/images/screen_2.png HTTP/1.1" 200 362502
216.244.66.195 - - [10/Sep/2023:08:15:29 -0500] "GET /robots.txt HTTP/1.1" 404 1018
216.245.221.92 - - [10/Sep/2023:08:16:07 -0500] "HEAD / HTTP/1.1" 200 -
172.22.2.4 - - [10/Sep/2023:08:15:53 -0500] "HEAD /BLA/boletinlegal/ HTTP/1.1" 200 -
201.245.192.253 - - [10/Sep/2023:08:18:04 -0500] "POST /kwsrmcab/Wsrmcab  HTTP/1.1" 200 42865
172.22.2.4 - - [10/Sep/2023:08:16:43 -0500] "GET /BLA/boletinlegal/ HTTP/1.1" 200 58187
201.245.192.253 - - [10/Sep/2023:08:18:41 -0500] "POST /kwsrmcab/Wsrmcab HTTP/1.1" 200 39485
201.245.192.253 - - [10/Sep/2023:08:18:44 -0500] "POST /kwsrmcab/Wsrmcab HTTP/1.1" 200 41040
157.55.39.212 - - [10/Sep/2023:08:20:25 -0500] "GET /BLA/resoluciones/RESOLUCIONES%202023/1461.pdf HTTP/1.1" 200 4929280
168.119.253.48 - - [10/Sep/2023:08:20:53 -0500] "GET / HTTP/1.1" 200 319
216.245.221.92 - - [10/Sep/2023:08:21:07 -0500] "HEAD / HTTP/1.1" 200 -
52.167.144.177 - - [10/Sep/2023:08:21:39 -0500] "GET /Publicaciones/2023EE123398.pdf HTTP/1.1" 404 228
157.55.39.212 - - [10/Sep/2023:08:22:07 -0500] "GET /BLA/resoluciones/AUTOS%202023/1630.pdf HTTP/1.1" 200 4340189
201.245.192.253 - - [10/Sep/2023:08:23:03 -0500] "POST /kwsrmcab/Wsrmcab  HTTP/1.1" 200 42865
172.22.2.4 - - [10/Sep/2023:08:21:43 -0500] "HEAD /BLA/boletinlegal/ HTTP/1.1" 200 -
172.22.2.4 - - [10/Sep/2023:08:22:33 -0500] "GET /BLA/boletinlegal/ HTTP/1.1" 200 58187
216.245.221.92 - - [10/Sep/2023:08:26:07 -0500] "HEAD / HTTP/1.1" 200 -
201.245.192.253 - - [10/Sep/2023:08:28:02 -0500] "POST /kwsrmcab/Wsrmcab  HTTP/1.1" 200 42865
201.245.192.253 - - [10/Sep/2023:08:28:41 -0500] "POST /kwsrmcab/Wsrmcab HTTP/1.1" 200 39485
201.245.192.253 - - [10/Sep/2023:08:28:44 -0500] "POST /kwsrmcab/Wsrmcab HTTP/1.1" 200 41040
172.22.2.4 - - [10/Sep/2023:08:27:33 -0500] "HEAD /BLA/boletinlegal/ HTTP/1.1" 200 -
172.22.2.4 - - [10/Sep/2023:08:28:23 -0500] "GET /BLA/boletinlegal/ HTTP/1.1" 200 60692
157.55.39.212 - - [10/Sep/2023:08:30:47 -0500] "GET /BLA/resoluciones/AUTOS%202023/4252.pdf HTTP/1.1" 200 1090434
216.245.221.92 - - [10/Sep/2023:08:31:07 -0500] "HEAD / HTTP/1.1" 200 -
52.167.144.184 - - [10/Sep/2023:08:32:21 -0500] "GET /Publicaciones/2023EE205624.pdf HTTP/1.1" 200 369727
201.245.192.253 - - [10/Sep/2023:08:33:00 -0500] "POST /kwsrmcab/Wsrmcab  HTTP/1.1" 200 42865
172.22.2.4 - - [10/Sep/2023:08:33:22 -0500] "HEAD /BLA/boletinlegal/ HTTP/1.1" 200 -
172.22.2.4 - - [10/Sep/2023:08:34:13 -0500] "GET /BLA/boletinlegal/ HTTP/1.1" 200 58597
216.245.221.92 - - [10/Sep/2023:08:36:07 -0500] "HEAD / HTTP/1.1" 200 -
138.197.204.67 - - [10/Sep/2023:08:37:27 -0500] "GET / HTTP/1.0" 200 319
34.76.158.233 - - [10/Sep/2023:08:37:34 -0500] "GET / HTTP/1.1" 200 319
179.19.30.241 - - [10/Sep/2023:08:37:38 -0500] "GET /kwssiamovil/sm/ldap/au?x=U2FsdGVkX18O/HtEM6upCbs8WcrmbnlMIt0Ai581Vr139d/NX7BY0CTnA16CKvk8&y=U2FsdGVkX1/Jq9FkGIyN/EgVyORjOOe1aoTNlikAkkL+vwGCANbaFxZ4Knr2EE6T HTTP/1.1" 200 30
179.19.30.241 - - [10/Sep/2023:08:37:38 -0500] "GET /kwssiamovil/sm/acme/s?s=U2FsdGVkX18KRmbThVixfjGtLyoOer5pPAGp4X52ESkkB3r4L4r8srIKuNOEdTjC1npBcnxuxq7bmdyPSNXKUIzSjMlLiHr7RizETqrLB4A=&u=U2FsdGVkX1+axwWvmw3CBoNtVR5lBwndKznfz3KOLwg=&y=U2FsdGVkX1/Jq9FkGIyN/EgVyORjOOe1aoTNlikAkkL+vwGCANbaFxZ4Knr2EE6T HTTP/1.1" 200 97
