!C99Shell v. 1.0 pre-release build #13!

Software: Apache. PHP/5.5.15 

uname -a: Windows NT SVR-DMZ 6.1 build 7600 (Windows Server 2008 R2 Enterprise Edition) i586 

SYSTEM 

Safe-mode: OFF (not secure)

E:\nuevo\apache\logs\   drwxrwxrwx
Free 7.33 GB of 239.26 GB (3.07%)
Detected drives: [ a ] [ c ] [ d ] [ e ] [ f ]
Home    Back    Forward    UPDIR    Refresh    Search    Buffer    Encoder    Tools    Proc.    FTP brute    Sec.    SQL    PHP-code    Update    Feedback    Self remove    Logout    


Viewing file:     access.2023.09.10.log (766.43 KB)      -rw-rw-rw-
Select action/file-type:
(+) | (+) | (+) | Code (+) | Session (+) | (+) | SDB (+) | (+) | (+) | (+) | (+) | (+) |
216.244.66.195 - - [10/Sep/2023:00:00:17 -0500] "GET /BLA/resoluciones/AUTOS%202018/1169.pdf HTTP/1.1" 200 257276
216.245.221.92 - - [10/Sep/2023:00:00:22 -0500] "HEAD / HTTP/1.1" 200 -
172.22.2.4 - - [09/Sep/2023:23:59:06 -0500] "GET /BLA/boletinlegal/ HTTP/1.1" 200 46180
216.244.66.195 - - [10/Sep/2023:00:00:51 -0500] "GET /BLA/resoluciones/AUTOS%202018/1774.pdf HTTP/1.1" 200 335199
216.244.66.195 - - [10/Sep/2023:00:01:21 -0500] "GET /BLA/resoluciones/AUTOS%202018/2178.pdf HTTP/1.1" 200 279388
173.252.79.118 - - [10/Sep/2023:00:01:42 -0500] "GET /images/cr\xc3\xb3nica-29-nov-1_optimized.jpeg HTTP/1.1" 404 1034
216.244.66.195 - - [10/Sep/2023:00:01:53 -0500] "GET /BLA/resoluciones/AUTOS%202018/2682.pdf HTTP/1.1" 200 327834
216.244.66.195 - - [10/Sep/2023:00:02:22 -0500] "GET /BLA/resoluciones/AUTOS%202018/3016.pdf HTTP/1.1" 200 293851
216.244.66.195 - - [10/Sep/2023:00:02:51 -0500] "GET /BLA/resoluciones/AUTOS%202018/3502.pdf HTTP/1.1" 200 248137
216.244.66.195 - - [10/Sep/2023:00:03:18 -0500] "GET /BLA/resoluciones/RESOLUCIONES%202005/0986.tif HTTP/1.1" 200 152990
31.13.127.17 - - [10/Sep/2023:00:03:24 -0500] "GET /images/pieza-voluntariado-ambiental.jpeg HTTP/1.1" 200 51125
216.244.66.195 - - [10/Sep/2023:00:03:42 -0500] "GET /BLA/resoluciones/RESOLUCIONES%202019/1723.pdf HTTP/1.1" 200 378221
64.124.8.48 - - [10/Sep/2023:00:03:44 -0500] "GET /portaldeninos/humedal-santa-maria-del-lago/ HTTP/1.1" 200 14463
216.244.66.195 - - [10/Sep/2023:00:04:07 -0500] "GET /BLA/resoluciones/RESOLUCIONES%202019/2149.pdf HTTP/1.1" 200 316000
216.244.66.195 - - [10/Sep/2023:00:04:34 -0500] "GET /BLA/resoluciones/RESOLUCIONES%202019/2746.pdf HTTP/1.1" 200 356642
201.245.192.253 - - [10/Sep/2023:00:04:39 -0500] "POST /kwsrmcab/Wsrmcab  HTTP/1.1" 200 42865
216.244.66.195 - - [10/Sep/2023:00:04:58 -0500] "GET /BLA/resoluciones/RESOLUCIONES%201997/RESOLUCION%20727%20DE%201997.pdf HTTP/1.1" 200 43242
216.244.66.195 - - [10/Sep/2023:00:05:20 -0500] "GET /BLA/resoluciones/AUTOS%202007/0024.pdf HTTP/1.1" 200 49837
216.245.221.92 - - [10/Sep/2023:00:05:22 -0500] "HEAD / HTTP/1.1" 200 -
216.244.66.195 - - [10/Sep/2023:00:05:39 -0500] "GET /BLA/resoluciones/AUTOS%202007/0082.pdf HTTP/1.1" 200 47696
172.22.2.4 - - [10/Sep/2023:00:04:06 -0500] "HEAD /BLA/boletinlegal/ HTTP/1.1" 200 -
216.244.66.195 - - [10/Sep/2023:00:05:57 -0500] "GET /BLA/resoluciones/AUTOS%202007/0090.pdf HTTP/1.1" 200 115960
216.244.66.195 - - [10/Sep/2023:00:06:15 -0500] "GET /BLA/resoluciones/AUTOS%202007/0174.pdf HTTP/1.1" 200 150679
216.244.66.195 - - [10/Sep/2023:00:06:31 -0500] "GET /BLA/resoluciones/AUTOS%202007/0273.pdf HTTP/1.1" 200 143031
172.22.2.4 - - [10/Sep/2023:00:04:56 -0500] "GET /BLA/boletinlegal/ HTTP/1.1" 200 58597
216.244.66.195 - - [10/Sep/2023:00:06:46 -0500] "GET /BLA/resoluciones/AUTOS%202007/0331.pdf HTTP/1.1" 200 212637
216.244.66.195 - - [10/Sep/2023:00:07:00 -0500] "GET /BLA/resoluciones/AUTOS%202007/0752.pdf HTTP/1.1" 200 29635
216.244.66.195 - - [10/Sep/2023:00:07:13 -0500] "GET /BLA/resoluciones/AUTOS%202007/0868.pdf HTTP/1.1" 200 126365
216.244.66.195 - - [10/Sep/2023:00:07:25 -0500] "GET /BLA/resoluciones/AUTOS%202007/0944.pdf HTTP/1.1" 200 22017
216.244.66.195 - - [10/Sep/2023:00:07:36 -0500] "GET /BLA/resoluciones/AUTOS%202007/0979.pdf HTTP/1.1" 200 93742
216.244.66.195 - - [10/Sep/2023:00:07:46 -0500] "GET /BLA/resoluciones/AUTOS%202007/1046.pdf HTTP/1.1" 200 30778
216.244.66.195 - - [10/Sep/2023:00:07:55 -0500] "GET /BLA/resoluciones/AUTOS%202007/1077.pdf HTTP/1.1" 200 23973
216.244.66.195 - - [10/Sep/2023:00:08:03 -0500] "GET /BLA/resoluciones/AUTOS%202007/1114.pdf HTTP/1.1" 200 25135
216.244.66.195 - - [10/Sep/2023:00:08:09 -0500] "GET /BLA/resoluciones/AUTOS%202007/1160.pdf HTTP/1.1" 200 27755
216.244.66.195 - - [10/Sep/2023:00:08:15 -0500] "GET /BLA/resoluciones/AUTOS%202007/1225.pdf HTTP/1.1" 200 121049
216.244.66.195 - - [10/Sep/2023:00:08:20 -0500] "GET /BLA/resoluciones/AUTOS%202007/1264.pdf HTTP/1.1" 200 141119
216.244.66.195 - - [10/Sep/2023:00:08:25 -0500] "GET /BLA/resoluciones/AUTOS%202007/1316.pdf HTTP/1.1" 200 59457
216.244.66.195 - - [10/Sep/2023:00:08:29 -0500] "GET /BLA/resoluciones/AUTOS%202007/1326.pdf HTTP/1.1" 200 36527
216.244.66.195 - - [10/Sep/2023:00:08:33 -0500] "GET /BLA/resoluciones/AUTOS%202007/1340.pdf HTTP/1.1" 200 35769
216.244.66.195 - - [10/Sep/2023:00:08:36 -0500] "GET /BLA/resoluciones/AUTOS%202007/1459.pdf HTTP/1.1" 200 87688
216.244.66.195 - - [10/Sep/2023:00:08:39 -0500] "GET /BLA/resoluciones/AUTOS%202007/1516.pdf HTTP/1.1" 200 84264
40.77.167.6 - - [10/Sep/2023:00:08:43 -0500] "GET /BLA/resoluciones/AUTOS%202021/2343.pdf HTTP/1.1" 200 396502
216.244.66.195 - - [10/Sep/2023:00:08:44 -0500] "GET /BLA/resoluciones/AUTOS%202007/1641.pdf HTTP/1.1" 200 129380
216.244.66.195 - - [10/Sep/2023:00:08:48 -0500] "GET /BLA/resoluciones/AUTOS%202007/1690.pdf HTTP/1.1" 200 179101
216.244.66.195 - - [10/Sep/2023:00:08:57 -0500] "GET /BLA/resoluciones/AUTOS%202009/0753.pdf HTTP/1.1" 200 86690
216.244.66.195 - - [10/Sep/2023:00:09:03 -0500] "GET /BLA/resoluciones/AUTOS%202009/0985.pdf HTTP/1.1" 200 113334
216.244.66.195 - - [10/Sep/2023:00:09:10 -0500] "GET /BLA/resoluciones/AUTOS%202009/1051.pdf HTTP/1.1" 200 249220
216.244.66.195 - - [10/Sep/2023:00:09:22 -0500] "GET /BLA/resoluciones/AUTOS%202009/1114.pdf HTTP/1.1" 200 86846
216.244.66.195 - - [10/Sep/2023:00:09:30 -0500] "GET /BLA/resoluciones/AUTOS%202009/1347.pdf HTTP/1.1" 200 87525
216.244.66.195 - - [10/Sep/2023:00:09:38 -0500] "GET /BLA/resoluciones/AUTOS%202009/1566.pdf HTTP/1.1" 200 123745
201.245.192.253 - - [10/Sep/2023:00:09:38 -0500] "POST /kwsrmcab/Wsrmcab  HTTP/1.1" 200 42865
216.244.66.195 - - [10/Sep/2023:00:09:44 -0500] "GET /BLA/resoluciones/AUTOS%202009/1853.pdf HTTP/1.1" 200 103953
216.244.66.195 - - [10/Sep/2023:00:09:50 -0500] "GET /BLA/resoluciones/AUTOS%202009/1988.pdf HTTP/1.1" 200 406523
216.244.66.195 - - [10/Sep/2023:00:09:56 -0500] "GET /BLA/resoluciones/AUTOS%202009/2032.pdf HTTP/1.1" 200 103022
216.244.66.195 - - [10/Sep/2023:00:10:00 -0500] "GET /BLA/resoluciones/AUTOS%202009/2077.pdf HTTP/1.1" 200 98985
216.244.66.195 - - [10/Sep/2023:00:10:04 -0500] "GET /BLA/resoluciones/AUTOS%202009/2149.pdf HTTP/1.1" 200 93639
216.244.66.195 - - [10/Sep/2023:00:10:07 -0500] "GET /BLA/resoluciones/AUTOS%202009/2428.pdf HTTP/1.1" 200 101491
216.244.66.195 - - [10/Sep/2023:00:10:10 -0500] "GET /BLA/resoluciones/AUTOS%202011/0639.pdf HTTP/1.1" 200 159833
216.244.66.195 - - [10/Sep/2023:00:10:13 -0500] "GET /BLA/resoluciones/AUTOS%202011/1354.pdf HTTP/1.1" 200 213480
216.244.66.195 - - [10/Sep/2023:00:10:16 -0500] "GET /BLA/resoluciones/AUTOS%202011/1401.pdf HTTP/1.1" 200 96661
216.244.66.195 - - [10/Sep/2023:00:10:18 -0500] "GET /BLA/resoluciones/AUTOS%202011/1411.pdf HTTP/1.1" 200 97031
216.244.66.195 - - [10/Sep/2023:00:10:21 -0500] "GET /BLA/resoluciones/AUTOS%202011/1550.pdf HTTP/1.1" 200 246208
216.245.221.92 - - [10/Sep/2023:00:10:22 -0500] "HEAD / HTTP/1.1" 200 -
216.244.66.195 - - [10/Sep/2023:00:10:23 -0500] "GET /BLA/resoluciones/AUTOS%202011/1735.pdf HTTP/1.1" 200 158069
216.244.66.195 - - [10/Sep/2023:00:10:25 -0500] "GET /BLA/resoluciones/AUTOS%202011/2174.pdf HTTP/1.1" 200 133198
216.244.66.195 - - [10/Sep/2023:00:10:31 -0500] "GET /BLA/resoluciones/AUTOS%202011/2366.pdf HTTP/1.1" 200 142621
216.244.66.195 - - [10/Sep/2023:00:10:35 -0500] "GET /BLA/resoluciones/AUTOS%202011/2705.pdf HTTP/1.1" 200 274195
216.244.66.195 - - [10/Sep/2023:00:10:39 -0500] "GET /BLA/resoluciones/AUTOS%202011/2722.pdf HTTP/1.1" 200 205009
216.244.66.195 - - [10/Sep/2023:00:10:42 -0500] "GET /BLA/resoluciones/AUTOS%202011/2921.pdf HTTP/1.1" 200 521108
216.244.66.195 - - [10/Sep/2023:00:10:49 -0500] "GET /BLA/resoluciones/AUTOS%202011/2997.pdf HTTP/1.1" 200 198653
216.244.66.195 - - [10/Sep/2023:00:10:54 -0500] "GET /BLA/resoluciones/AUTOS%202011/3026.pdf HTTP/1.1" 200 135780
216.244.66.195 - - [10/Sep/2023:00:10:58 -0500] "GET /BLA/resoluciones/AUTOS%202011/3304.pdf HTTP/1.1" 200 205617
216.244.66.195 - - [10/Sep/2023:00:11:02 -0500] "GET /BLA/resoluciones/AUTOS%202011/3810.pdf HTTP/1.1" 200 271375
216.244.66.195 - - [10/Sep/2023:00:11:05 -0500] "GET /BLA/resoluciones/AUTOS%202012/0037.pdf HTTP/1.1" 200 238690
216.244.66.195 - - [10/Sep/2023:00:11:11 -0500] "GET /BLA/resoluciones/AUTOS%202012/0096.pdf HTTP/1.1" 200 155217
52.167.144.181 - - [10/Sep/2023:00:11:14 -0500] "GET /Publicaciones/2023EE207083.pdf HTTP/1.1" 200 231951
216.244.66.195 - - [10/Sep/2023:00:11:15 -0500] "GET /BLA/resoluciones/AUTOS%202012/0313.pdf HTTP/1.1" 200 175498
216.244.66.195 - - [10/Sep/2023:00:11:19 -0500] "GET /BLA/resoluciones/AUTOS%202012/0455.pdf HTTP/1.1" 200 265657
216.244.66.195 - - [10/Sep/2023:00:11:31 -0500] "GET /BLA/resoluciones/AUTOS%202012/0970.pdf HTTP/1.1" 200 270513
172.22.2.4 - - [10/Sep/2023:00:09:56 -0500] "HEAD /BLA/boletinlegal/ HTTP/1.1" 200 -
216.244.66.195 - - [10/Sep/2023:00:11:40 -0500] "GET /BLA/resoluciones/AUTOS%202012/1114.pdf HTTP/1.1" 200 172012
216.244.66.195 - - [10/Sep/2023:00:11:48 -0500] "GET /BLA/resoluciones/AUTOS%202012/1253.pdf HTTP/1.1" 200 219447
216.244.66.195 - - [10/Sep/2023:00:11:55 -0500] "GET /BLA/resoluciones/AUTOS%202012/1312.pdf HTTP/1.1" 200 218779
216.244.66.195 - - [10/Sep/2023:00:12:01 -0500] "GET /BLA/resoluciones/AUTOS%202012/1334.pdf HTTP/1.1" 200 160085
216.244.66.195 - - [10/Sep/2023:00:12:06 -0500] "GET /BLA/resoluciones/AUTOS%202012/1340.pdf HTTP/1.1" 200 163319
216.244.66.195 - - [10/Sep/2023:00:12:10 -0500] "GET /BLA/resoluciones/AUTOS%202012/1651.pdf HTTP/1.1" 200 332975
216.244.66.195 - - [10/Sep/2023:00:12:15 -0500] "GET /BLA/resoluciones/AUTOS%202012/1882.pdf HTTP/1.1" 200 515718
216.244.66.195 - - [10/Sep/2023:00:12:19 -0500] "GET /BLA/resoluciones/AUTOS%202012/2267.pdf HTTP/1.1" 200 199716
216.244.66.195 - - [10/Sep/2023:00:12:22 -0500] "GET /BLA/resoluciones/AUTOS%202012/2628.pdf HTTP/1.1" 200 219376
216.244.66.195 - - [10/Sep/2023:00:12:25 -0500] "GET /BLA/resoluciones/AUTOS%202012/2732.pdf HTTP/1.1" 200 818142
172.22.2.4 - - [10/Sep/2023:00:10:46 -0500] "GET /BLA/boletinlegal/ HTTP/1.1" 200 60692
216.244.66.195 - - [10/Sep/2023:00:12:30 -0500] "GET /BLA/resoluciones/AUTOS%202012/2743.pdf HTTP/1.1" 200 941819
216.244.66.195 - - [10/Sep/2023:00:12:35 -0500] "GET /BLA/resoluciones/AUTOS%202012/2923.pdf HTTP/1.1" 200 2460845
216.244.66.195 - - [10/Sep/2023:00:12:43 -0500] "GET /BLA/resoluciones/AUTOS%202013/0411.pdf HTTP/1.1" 200 249939
216.244.66.195 - - [10/Sep/2023:00:12:49 -0500] "GET /BLA/resoluciones/AUTOS%202013/0550.pdf HTTP/1.1" 200 1580619
216.244.66.195 - - [10/Sep/2023:00:13:28 -0500] "GET /BLA/resoluciones/AUTOS%202013/0756.pdf HTTP/1.1" 200 1358704
172.22.2.4 - - [10/Sep/2023:00:13:33 -0500] "GET /BLA/boletinlegal/wp-includes/PHPMailer/PHPMailer.php HTTP/1.1" 404 1018
216.244.66.195 - - [10/Sep/2023:00:13:59 -0500] "GET /BLA/resoluciones/AUTOS%202013/1128.pdf HTTP/1.1" 200 1235510
216.244.66.195 - - [10/Sep/2023:00:14:31 -0500] "GET /BLA/resoluciones/AUTOS%202013/1156.pdf HTTP/1.1" 200 828065
201.245.192.253 - - [10/Sep/2023:00:14:36 -0500] "POST /kwsrmcab/Wsrmcab  HTTP/1.1" 200 42865
52.167.144.181 - - [10/Sep/2023:00:14:55 -0500] "GET /BLA/resoluciones/RESOLUCIONES%202022/0969.pdf HTTP/1.1" 304 -
216.244.66.195 - - [10/Sep/2023:00:15:01 -0500] "GET /BLA/resoluciones/AUTOS%202013/1229.pdf HTTP/1.1" 200 1201093
216.245.221.92 - - [10/Sep/2023:00:15:22 -0500] "HEAD / HTTP/1.1" 200 -
152.61.192.232 - - [10/Sep/2023:00:15:28 -0500] "GET / HTTP/1.1" 200 319
216.244.66.195 - - [10/Sep/2023:00:15:29 -0500] "GET /BLA/resoluciones/AUTOS%202013/1272.pdf HTTP/1.1" 200 1618993
152.203.135.4 - - [10/Sep/2023:00:15:30 -0500] "GET /BLA/resoluciones/index.php?dir=AUTOS+2016%2F HTTP/1.1" 200 331459
172.22.2.4 - - [10/Sep/2023:00:15:46 -0500] "HEAD /BLA/boletinlegal/ HTTP/1.1" 200 -
172.22.2.4 - - [10/Sep/2023:00:16:36 -0500] "GET /BLA/boletinlegal/ HTTP/1.1" 200 57790
201.245.192.253 - - [10/Sep/2023:00:18:42 -0500] "POST /kwsrmcab/Wsrmcab HTTP/1.1" 200 39874
201.245.192.253 - - [10/Sep/2023:00:18:45 -0500] "POST /kwsrmcab/Wsrmcab HTTP/1.1" 200 41153
201.245.192.253 - - [10/Sep/2023:00:19:35 -0500] "POST /kwsrmcab/Wsrmcab  HTTP/1.1" 200 42865
216.244.66.195 - - [10/Sep/2023:00:19:51 -0500] "GET /robots.txt HTTP/1.1" 404 1018
216.245.221.92 - - [10/Sep/2023:00:20:22 -0500] "HEAD / HTTP/1.1" 200 -
172.22.2.4 - - [10/Sep/2023:00:21:36 -0500] "HEAD /BLA/boletinlegal/ HTTP/1.1" 200 -
172.22.2.4 - - [10/Sep/2023:00:22:26 -0500] "GET /BLA/boletinlegal/ HTTP/1.1" 200 58187
201.245.192.253 - - [10/Sep/2023:00:24:35 -0500] "POST /kwsrmcab/Wsrmcab  HTTP/1.1" 200 42865
216.245.221.92 - - [10/Sep/2023:00:25:22 -0500] "HEAD / HTTP/1.1" 200 -
18.117.94.240 - - [10/Sep/2023:00:25:40 -0500] "GET /ai.txt?t=1694307872.120176 HTTP/1.1" 404 1035
18.117.94.240 - - [10/Sep/2023:00:25:40 -0500] "GET /.well-known/ai.txt?t=1694307872.120176 HTTP/1.1" 404 1035
152.61.128.50 - - [10/Sep/2023:00:25:47 -0500] "GET / HTTP/1.1" 200 319
52.167.144.231 - - [10/Sep/2023:00:26:24 -0500] "GET /Publicaciones/2023EE89205.pdf HTTP/1.1" 404 227
20.240.13.246 - - [10/Sep/2023:00:26:27 -0500] "GET /Publicaciones/2023EE89205.pdf HTTP/1.1" 404 227
201.245.192.253 - - [10/Sep/2023:00:28:42 -0500] "POST /kwsrmcab/Wsrmcab HTTP/1.1" 200 39874
201.245.192.253 - - [10/Sep/2023:00:28:45 -0500] "POST /kwsrmcab/Wsrmcab HTTP/1.1" 200 41153
172.22.2.4 - - [10/Sep/2023:00:27:26 -0500] "HEAD /BLA/boletinlegal/ HTTP/1.1" 200 -
201.245.192.253 - - [10/Sep/2023:00:29:34 -0500] "POST /kwsrmcab/Wsrmcab  HTTP/1.1" 200 42865
172.22.2.4 - - [10/Sep/2023:00:28:16 -0500] "GET /BLA/boletinlegal/ HTTP/1.1" 200 60342
216.245.221.92 - - [10/Sep/2023:00:30:22 -0500] "HEAD / HTTP/1.1" 200 -
172.22.2.4 - - [10/Sep/2023:00:31:53 -0500] "GET /BLA/boletinlegal/Circulares/2017/Circular%20No.%202%20del%201%20de%20Septiembre%20de%202017.pdf HTTP/1.1" 200 152575
201.245.192.253 - - [10/Sep/2023:00:34:33 -0500] "POST /kwsrmcab/Wsrmcab  HTTP/1.1" 200 42865
172.22.2.4 - - [10/Sep/2023:00:33:16 -0500] "HEAD /BLA/boletinlegal/ HTTP/1.1" 200 -
216.245.221.92 - - [10/Sep/2023:00:35:22 -0500] "HEAD / HTTP/1.1" 200 -
172.22.2.4 - - [10/Sep/2023:00:34:06 -0500] "GET /BLA/boletinlegal/ HTTP/1.1" 200 60692
216.244.66.195 - - [10/Sep/2023:00:36:10 -0500] "GET /BLA/resoluciones/RESOLUCIONES%202019/2115.pdf HTTP/1.1" 200 282572
216.244.66.195 - - [10/Sep/2023:00:36:52 -0500] "GET /BLA/resoluciones/RESOLUCIONES%202019/2130.pdf HTTP/1.1" 200 289588
186.84.90.177 - - [10/Sep/2023:00:37:14 -0500] "GET /feria-de-emprendimiento-mujeres-que-reverdecen-expusieron-sus-proyectos.html HTTP/1.1" 200 889
216.244.66.195 - - [10/Sep/2023:00:37:26 -0500] "GET /BLA/resoluciones/RESOLUCIONES%202019/2550.pdf HTTP/1.1" 200 287984
216.244.66.195 - - [10/Sep/2023:00:38:09 -0500] "GET /BLA/resoluciones/RESOLUCIONES%202019/2709.pdf HTTP/1.1" 200 467698
201.245.192.253 - - [10/Sep/2023:00:38:43 -0500] "POST /kwsrmcab/Wsrmcab HTTP/1.1" 200 39874
201.245.192.253 - - [10/Sep/2023:00:38:46 -0500] "POST /kwsrmcab/Wsrmcab HTTP/1.1" 200 41153
172.22.2.4 - - [10/Sep/2023:00:38:11 -0500] "GET /BLA/boletinlegal/ HTTP/1.1" 200 32715
216.244.66.195 - - [10/Sep/2023:00:38:58 -0500] "GET /BLA/resoluciones/RESOLUCIONES%202019/2740.pdf HTTP/1.1" 200 702744
201.245.192.253 - - [10/Sep/2023:00:39:32 -0500] "POST /kwsrmcab/Wsrmcab  HTTP/1.1" 200 42865
216.244.66.195 - - [10/Sep/2023:00:39:48 -0500] "GET /BLA/resoluciones/RESOLUCIONES%202019/2747.pdf HTTP/1.1" 200 526238
216.245.221.92 - - [10/Sep/2023:00:40:22 -0500] "HEAD / HTTP/1.1" 200 -
216.244.66.195 - - [10/Sep/2023:00:40:40 -0500] "GET /BLA/resoluciones/RESOLUCIONES%202019/2852.zip HTTP/1.1" 200 271509
172.22.2.4 - - [10/Sep/2023:00:39:06 -0500] "HEAD /BLA/boletinlegal/ HTTP/1.1" 200 -
216.244.66.195 - - [10/Sep/2023:00:41:22 -0500] "GET /BLA/resoluciones/RESOLUCIONES%202019/3382.pdf HTTP/1.1" 200 315871
172.22.2.4 - - [10/Sep/2023:00:39:56 -0500] "GET /BLA/boletinlegal/ HTTP/1.1" 200 54597
216.244.66.195 - - [10/Sep/2023:00:42:06 -0500] "GET /BLA/resoluciones/RESOLUCIONES%202019/3446.pdf HTTP/1.1" 200 301853
216.244.66.195 - - [10/Sep/2023:00:42:48 -0500] "GET /BLA/resoluciones/RESOLUCIONES%202017/2059.pdf HTTP/1.1" 200 317638
216.244.66.195 - - [10/Sep/2023:00:43:38 -0500] "GET /BLA/resoluciones/RESOLUCIONES%202017/2492.pdf HTTP/1.1" 200 278742
165.22.42.143 - - [10/Sep/2023:00:44:20 -0500] "HEAD /portaldeninos/ HTTP/1.1" 200 -
216.244.66.195 - - [10/Sep/2023:00:44:21 -0500] "GET /BLA/resoluciones/RESOLUCIONES%202017/3717.pdf HTTP/1.1" 200 278038
201.245.192.253 - - [10/Sep/2023:00:44:31 -0500] "POST /kwsrmcab/Wsrmcab  HTTP/1.1" 200 42865
165.22.42.143 - - [10/Sep/2023:00:44:55 -0500] "GET /portaldeninos/ HTTP/1.1" 200 110175
165.22.42.143 - - [10/Sep/2023:00:45:01 -0500] "GET /portaldeninos/wp-includes/js/wp-emoji-release.min.js?ver=4.9.8 HTTP/1.1" 200 12026
165.22.42.143 - - [10/Sep/2023:00:45:01 -0500] "GET /portaldeninos/wp-content/plugins/google-analytics-for-wordpress/assets/js/frontend-gtag.min.js?ver=8.5.0 HTTP/1.1" 200 11801
165.22.42.143 - - [10/Sep/2023:00:45:01 -0500] "GET /portaldeninos/wp-includes/js/jquery/jquery-migrate.min.js?ver=1.4.1 HTTP/1.1" 200 10056
165.22.42.143 - - [10/Sep/2023:00:45:01 -0500] "GET /portaldeninos/wp-includes/js/jquery/ui/core.min.js?ver=1.11.4 HTTP/1.1" 200 4000
165.22.42.143 - - [10/Sep/2023:00:45:01 -0500] "GET /portaldeninos/wp-content/plugins/gallery-videos/JS/modernizr.custom.js?ver=4.9.8 HTTP/1.1" 200 9019
216.244.66.195 - - [10/Sep/2023:00:45:01 -0500] "GET /BLA/resoluciones/RESOLUCIONES%202001/1224.pdf HTTP/1.1" 200 203254
165.22.42.143 - - [10/Sep/2023:00:45:01 -0500] "GET /portaldeninos/wp-content/plugins/gallery-videos/JS/Total-Soft-Gallery-Video-Widget.js?ver=4.9.8 HTTP/1.1" 200 80264
165.22.42.143 - - [10/Sep/2023:00:45:01 -0500] "GET /portaldeninos/wp-includes/js/jquery/jquery.js?ver=1.12.4 HTTP/1.1" 200 97184
165.22.42.143 - - [10/Sep/2023:00:45:05 -0500] "GET /portaldeninos/wp-includes/js/jquery/ui/widget.min.js?ver=1.11.4 HTTP/1.1" 200 6908
165.22.42.143 - - [10/Sep/2023:00:45:05 -0500] "GET /portaldeninos/wp-includes/js/jquery/ui/mouse.min.js?ver=1.11.4 HTTP/1.1" 200 3148
165.22.42.143 - - [10/Sep/2023:00:45:05 -0500] "GET /portaldeninos/wp-includes/js/jquery/ui/tabs.min.js?ver=1.11.4 HTTP/1.1" 200 12110
165.22.42.143 - - [10/Sep/2023:00:45:05 -0500] "GET /portaldeninos/wp-includes/js/jquery/ui/accordion.min.js?ver=1.11.4 HTTP/1.1" 200 8584
165.22.42.143 - - [10/Sep/2023:00:45:05 -0500] "GET /portaldeninos/wp-content/themes/betheme/js/menu.js?ver=20.9.6 HTTP/1.1" 200 2449
165.22.42.143 - - [10/Sep/2023:00:45:05 -0500] "GET /portaldeninos/wp-includes/js/jquery/ui/sortable.min.js?ver=1.11.4 HTTP/1.1" 200 24899
165.22.42.143 - - [10/Sep/2023:00:45:06 -0500] "GET /portaldeninos/wp-content/themes/betheme/assets/animations/animations.min.js?ver=20.9.6 HTTP/1.1" 200 1896
165.22.42.143 - - [10/Sep/2023:00:45:06 -0500] "GET /portaldeninos/wp-includes/js/jquery/ui/position.min.js?ver=1.11.4 HTTP/1.1" 200 6527
165.22.42.143 - - [10/Sep/2023:00:45:06 -0500] "GET /portaldeninos/wp-includes/js/wp-embed.min.js?ver=4.9.8 HTTP/1.1" 200 1398
165.22.42.143 - - [10/Sep/2023:00:45:06 -0500] "GET /portaldeninos/wp-content/themes/betheme/js/scripts.js?ver=20.9.6 HTTP/1.1" 200 77162
165.22.42.143 - - [10/Sep/2023:00:45:06 -0500] "GET /portaldeninos/wp-content/themes/betheme/assets/jplayer/jplayer.min.js?ver=20.9.6 HTTP/1.1" 200 52702
165.22.42.143 - - [10/Sep/2023:00:45:06 -0500] "GET /portaldeninos/wp-content/plugins/popup-maker/assets/js/site.min.js?defer&ver=1.8.14 HTTP/1.1" 200 48457
165.22.42.143 - - [10/Sep/2023:00:45:05 -0500] "GET /portaldeninos/wp-content/themes/betheme/js/plugins.js?ver=20.9.6 HTTP/1.1" 200 197151
165.22.42.143 - - [10/Sep/2023:00:45:10 -0500] "GET /portaldeninos/wp-json/pum/v1/analytics/?event=open&pid=1126&_cache=1694324660090 HTTP/1.1" 204 -
216.245.221.92 - - [10/Sep/2023:00:45:22 -0500] "HEAD / HTTP/1.1" 200 -
66.249.66.193 - - [10/Sep/2023:00:45:25 -0500] "GET /distrito-inicia-pavimentacion-de-vias-para-mejorar-la-calidad-del-aire-de-bogota.html HTTP/1.1" 304 -
216.244.66.195 - - [10/Sep/2023:00:45:40 -0500] "GET /BLA/resoluciones/RESOLUCIONES%202001/1349.pdf HTTP/1.1" 200 112811
216.244.66.195 - - [10/Sep/2023:00:46:20 -0500] "GET /BLA/resoluciones/RESOLUCIONES%202001/1480.pdf HTTP/1.1" 200 88801
172.22.2.4 - - [10/Sep/2023:00:44:56 -0500] "HEAD /BLA/boletinlegal/ HTTP/1.1" 200 -
216.244.66.195 - - [10/Sep/2023:00:46:56 -0500] "GET /BLA/resoluciones/AUTOS%202013/2596.pdf HTTP/1.1" 200 387421
172.22.2.4 - - [10/Sep/2023:00:45:46 -0500] "GET /BLA/boletinlegal/ HTTP/1.1" 200 58597
216.244.66.195 - - [10/Sep/2023:00:47:42 -0500] "GET /BLA/resoluciones/AUTOS%202015/1479.pdf HTTP/1.1" 200 416645
54.36.148.240 - - [10/Sep/2023:00:48:14 -0500] "GET /robots.txt HTTP/1.1" 404 1018
165.22.42.143 - - [10/Sep/2023:00:48:18 -0500] "GET /portaldeninos/ HTTP/1.1" 200 110175
165.22.42.143 - - [10/Sep/2023:00:48:19 -0500] "GET /favicon.ico HTTP/1.1" 200 7782
216.244.66.195 - - [10/Sep/2023:00:48:24 -0500] "GET /BLA/resoluciones/AUTOS%202018/0856.pdf HTTP/1.1" 200 317724
216.244.66.195 - - [10/Sep/2023:00:48:59 -0500] "GET /BLA/resoluciones/AUTOS%202018/1772.pdf HTTP/1.1" 200 2917162
66.249.70.196 - - [10/Sep/2023:00:49:08 -0500] "GET /BLA/resoluciones/AUTOS%202012/2566.pdf HTTP/1.1" 304 -
201.245.192.253 - - [10/Sep/2023:00:49:30 -0500] "POST /kwsrmcab/Wsrmcab  HTTP/1.1" 200 42865
216.244.66.195 - - [10/Sep/2023:00:49:49 -0500] "GET /BLA/resoluciones/AUTOS%202018/1988.pdf HTTP/1.1" 200 281069
216.245.221.92 - - [10/Sep/2023:00:50:22 -0500] "HEAD / HTTP/1.1" 200 -
216.244.66.195 - - [10/Sep/2023:00:50:31 -0500] "GET /BLA/resoluciones/AUTOS%202018/3302.pdf HTTP/1.1" 200 288626
152.61.192.232 - - [10/Sep/2023:00:50:35 -0500] "GET /arcgis/services/Calidad_del_Agua_WQI/MapServer/WMSServer?request=GetCapabilities&service=WMS HTTP/1.1" 503 1020
152.61.192.232 - - [10/Sep/2023:00:50:37 -0500] "GET /arcgis/services/Calidad_del_Agua_WQI/MapServer/WMSServer?SERVICE=WMS&REQUEST=GetCapabilities HTTP/1.1" 503 1020
152.61.192.232 - - [10/Sep/2023:00:50:37 -0500] "GET /arcgis/services/Calidad_del_Agua_WQI/MapServer/WMSServer?WMTVER=1.0.0&REQUEST=capabilities HTTP/1.1" 503 1020
216.244.66.195 - - [10/Sep/2023:00:51:09 -0500] "GET /BLA/resoluciones/AUTOS%202018/3350.pdf HTTP/1.1" 200 267480
216.244.66.195 - - [10/Sep/2023:00:51:41 -0500] "GET /BLA/resoluciones/AUTOS%202018/3538.pdf HTTP/1.1" 200 287560
216.244.66.195 - - [10/Sep/2023:00:52:15 -0500] "GET /BLA/resoluciones/RESOLUCIONES%202004/0829.pdf HTTP/1.1" 200 22476
172.22.2.4 - - [10/Sep/2023:00:50:46 -0500] "HEAD /BLA/boletinlegal/ HTTP/1.1" 200 -
216.244.66.195 - - [10/Sep/2023:00:52:42 -0500] "GET /BLA/resoluciones/RESOLUCIONES%202005/0666.pdf HTTP/1.1" 200 349752
216.244.66.195 - - [10/Sep/2023:00:53:13 -0500] "GET /BLA/resoluciones/RESOLUCIONES%202017/2794.pdf HTTP/1.1" 200 306044
172.22.2.4 - - [10/Sep/2023:00:51:36 -0500] "GET /BLA/boletinlegal/ HTTP/1.1" 200 56970
52.167.144.168 - - [10/Sep/2023:00:53:18 -0500] "GET /BLA/resoluciones/index.php?dir=AUTOS+2018%2F HTTP/1.1" 200 463344
61.135.159.147 - - [10/Sep/2023:00:53:26 -0500] "GET / HTTP/1.1" 200 319
216.244.66.195 - - [10/Sep/2023:00:53:42 -0500] "GET /BLA/resoluciones/RESOLUCIONES%202017/2855.pdf HTTP/1.1" 200 280300
216.244.66.195 - - [10/Sep/2023:00:54:07 -0500] "GET /BLA/resoluciones/RESOLUCIONES%202017/2983.pdf HTTP/1.1" 200 305886
216.244.66.195 - - [10/Sep/2023:00:54:32 -0500] "GET /BLA/resoluciones/RESOLUCIONES%202017/3452.pdf HTTP/1.1" 200 1226703
201.245.192.253 - - [10/Sep/2023:00:54:29 -0500] "POST /kwsrmcab/Wsrmcab  HTTP/1.1" 200 42865
216.244.66.195 - - [10/Sep/2023:00:55:20 -0500] "GET /BLA/resoluciones/RESOLUCIONES%202019/0071.pdf HTTP/1.1" 200 373419
216.245.221.92 - - [10/Sep/2023:00:55:22 -0500] "HEAD / HTTP/1.1" 200 -
216.244.66.195 - - [10/Sep/2023:00:55:51 -0500] "GET /BLA/resoluciones/RESOLUCIONES%202019/0427.pdf HTTP/1.1" 200 265237
216.244.66.195 - - [10/Sep/2023:00:56:22 -0500] "GET /BLA/resoluciones/RESOLUCIONES%202019/1769.pdf HTTP/1.1" 200 527866
216.244.66.195 - - [10/Sep/2023:00:56:50 -0500] "GET /BLA/resoluciones/RESOLUCIONES%202019/1831.pdf HTTP/1.1" 200 253430
216.244.66.195 - - [10/Sep/2023:00:57:18 -0500] "GET /BLA/resoluciones/RESOLUCIONES%202019/2058.pdf HTTP/1.1" 200 312857
216.244.66.195 - - [10/Sep/2023:00:57:55 -0500] "GET /BLA/resoluciones/RESOLUCIONES%202019/2984.pdf HTTP/1.1" 200 266379
172.22.2.4 - - [10/Sep/2023:00:56:36 -0500] "HEAD /BLA/boletinlegal/ HTTP/1.1" 200 -
216.244.66.195 - - [10/Sep/2023:00:58:25 -0500] "GET /BLA/resoluciones/RESOLUCIONES%201997/RESOLUCION%201591%20DE%201997.pdf HTTP/1.1" 200 25476
40.77.167.50 - - [10/Sep/2023:00:58:47 -0500] "GET /BLA/resoluciones/AUTOS%202018/6602.pdf HTTP/1.1" 200 262495
40.77.167.50 - - [10/Sep/2023:00:58:48 -0500] "GET /BLA/resoluciones/RESOLUCIONES%202011/0380.pdf HTTP/1.1" 200 259144
66.249.66.85 - - [10/Sep/2023:00:58:48 -0500] "GET /portaldeninos/2021/06/06/ciudadanos-disfrutaron-del-tunel-ambiental-en-el-parque-de-los-novios/ HTTP/1.1" 200 105118
216.244.66.195 - - [10/Sep/2023:00:58:54 -0500] "GET /BLA/resoluciones/RESOLUCIONES%201997/RESOLUCION%20970%20DE%201997.pdf HTTP/1.1" 200 311506
172.22.2.4 - - [10/Sep/2023:00:57:26 -0500] "GET /BLA/boletinlegal/ HTTP/1.1" 200 58187
216.244.66.195 - - [10/Sep/2023:00:59:22 -0500] "GET /galeria/galeria/fotos/Daisy.jpg HTTP/1.1" 200 2133736
201.245.192.253 - - [10/Sep/2023:00:59:28 -0500] "POST /kwsrmcab/Wsrmcab  HTTP/1.1" 200 42865
216.244.66.195 - - [10/Sep/2023:00:59:57 -0500] "GET /BLA/resoluciones/AUTOS%202007/0070.pdf HTTP/1.1" 200 177441
103.178.228.47 - - [10/Sep/2023:01:00:07 -0500] "GET / HTTP/1.1" 200 319
216.245.221.92 - - [10/Sep/2023:01:00:22 -0500] "HEAD / HTTP/1.1" 200 -
66.249.66.194 - - [10/Sep/2023:01:00:25 -0500] "GET /ciudadanos-pueden-enviar-comentarios-y-propuestas-al-proyecto-de-decreto-para-reducir-la-utilizacion-de-plasticos-de-un-solo-uso-en-las-entidades-del-distrito.html HTTP/1.1" 304 -
216.244.66.195 - - [10/Sep/2023:01:00:27 -0500] "GET /BLA/resoluciones/AUTOS%202007/0153.pdf HTTP/1.1" 200 408653
216.244.66.195 - - [10/Sep/2023:01:00:56 -0500] "GET /BLA/resoluciones/AUTOS%202007/0244.pdf HTTP/1.1" 200 16753
66.249.70.198 - - [10/Sep/2023:01:00:58 -0500] "GET /Residuos/cosmeticos/files/guia_cosmeticos-aseo.pdf HTTP/1.1" 304 -
216.244.66.195 - - [10/Sep/2023:01:01:24 -0500] "GET /BLA/resoluciones/AUTOS%202007/0415.pdf HTTP/1.1" 200 59347
216.244.66.195 - - [10/Sep/2023:01:01:51 -0500] "GET /BLA/resoluciones/AUTOS%202007/0457.pdf HTTP/1.1" 200 17301
52.167.144.199 - - [10/Sep/2023:01:02:06 -0500] "GET /portaldeninos/wp-content/uploads/2020/01/Fauna-gif.gif HTTP/1.1" 200 3779027
216.244.66.195 - - [10/Sep/2023:01:02:16 -0500] "GET /BLA/resoluciones/AUTOS%202007/0491.pdf HTTP/1.1" 200 15863
216.244.66.195 - - [10/Sep/2023:01:02:41 -0500] "GET /BLA/resoluciones/AUTOS%202007/0609.pdf HTTP/1.1" 200 131296
216.244.66.195 - - [10/Sep/2023:01:03:05 -0500] "GET /BLA/resoluciones/AUTOS%202007/0716.pdf HTTP/1.1" 200 110576
216.244.66.195 - - [10/Sep/2023:01:03:28 -0500] "GET /BLA/resoluciones/AUTOS%202007/0929.pdf HTTP/1.1" 200 76440
216.244.66.195 - - [10/Sep/2023:01:03:51 -0500] "GET /BLA/resoluciones/AUTOS%202007/0993.pdf HTTP/1.1" 200 25011
172.22.2.4 - - [10/Sep/2023:01:02:26 -0500] "HEAD /BLA/boletinlegal/ HTTP/1.1" 200 -
216.244.66.195 - - [10/Sep/2023:01:04:11 -0500] "GET /BLA/resoluciones/AUTOS%202007/1053.pdf HTTP/1.1" 200 21756
201.245.192.253 - - [10/Sep/2023:01:04:27 -0500] "POST /kwsrmcab/Wsrmcab  HTTP/1.1" 200 42865
52.167.144.196 - - [10/Sep/2023:01:04:48 -0500] "GET /Publicaciones/2023EE206569.pdf HTTP/1.1" 200 591502
172.22.2.4 - - [10/Sep/2023:01:03:16 -0500] "GET /BLA/boletinlegal/ HTTP/1.1" 200 58187
216.245.221.92 - - [10/Sep/2023:01:05:21 -0500] "HEAD / HTTP/1.1" 200 -
168.119.253.13 - - [10/Sep/2023:01:07:22 -0500] "GET / HTTP/1.1" 200 319
54.39.177.173 - - [10/Sep/2023:01:08:42 -0500] "GET /abierta-convocatoria-para-postular-a-organizaciones-que-desarrollan-actividades-de-voluntariado-ambiental-en-bogota.html HTTP/1.1" 200 880
216.244.66.195 - - [10/Sep/2023:01:09:09 -0500] "GET /robots.txt HTTP/1.1" 404 1018
172.22.2.4 - - [10/Sep/2023:01:09:22 -0500] "GET /BLA/boletinlegal/actos.php HTTP/1.1" 200 9682
201.245.192.253 - - [10/Sep/2023:01:09:25 -0500] "POST /kwsrmcab/Wsrmcab  HTTP/1.1" 200 42865
172.22.2.4 - - [10/Sep/2023:01:08:16 -0500] "HEAD /BLA/boletinlegal/ HTTP/1.1" 200 -
216.245.221.92 - - [10/Sep/2023:01:10:21 -0500] "HEAD / HTTP/1.1" 200 -
52.167.144.173 - - [10/Sep/2023:01:10:28 -0500] "GET /encontre-un-refugio-y-un-consuelo-en-la-naturaleza-ingrid-romero-una-mujer-que-lucha-para-proteger-el-humedal-jaboque.html HTTP/1.1" 200 847
172.22.2.4 - - [10/Sep/2023:01:09:06 -0500] "GET /BLA/boletinlegal/ HTTP/1.1" 200 52656
201.245.192.253 - - [10/Sep/2023:01:14:25 -0500] "POST /kwsrmcab/Wsrmcab  HTTP/1.1" 200 42865
186.169.132.63 - - [10/Sep/2023:01:14:34 -0500] "GET /BLA/resoluciones/index.php?dir=AUTOS+2017%2F HTTP/1.1" 200 470115
216.245.221.92 - - [10/Sep/2023:01:15:21 -0500] "HEAD / HTTP/1.1" 200 -
66.249.66.193 - - [10/Sep/2023:01:15:25 -0500] "GET /camino-guadalupe-aguanoso-abierto-de-nuevo-al-publico.html HTTP/1.1" 304 -
172.22.2.4 - - [10/Sep/2023:01:14:06 -0500] "HEAD /BLA/boletinlegal/ HTTP/1.1" 200 -
172.22.2.4 - - [10/Sep/2023:01:14:56 -0500] "GET /BLA/boletinlegal/ HTTP/1.1" 200 60342
152.61.128.50 - - [10/Sep/2023:01:17:33 -0500] "GET /arcgis/services/Calidad_del_Agua_WQI/MapServer/WMSServer?request=GetCapabilities&service=WMS HTTP/1.1" 503 1020
152.61.128.50 - - [10/Sep/2023:01:17:34 -0500] "GET /arcgis/services/Calidad_del_Agua_WQI/MapServer/WMSServer?SERVICE=WMS&REQUEST=GetCapabilities HTTP/1.1" 503 1020
152.61.128.50 - - [10/Sep/2023:01:17:35 -0500] "GET /arcgis/services/Calidad_del_Agua_WQI/MapServer/WMSServer?WMTVER=1.0.0&REQUEST=capabilities HTTP/1.1" 503 1020
52.167.144.198 - - [10/Sep/2023:01:17:42 -0500] "GET /BLA/resoluciones/AUTOS%202016/1806.pdf HTTP/1.1" 304 -
172.22.2.4 - - [10/Sep/2023:01:18:05 -0500] "GET /BLA/boletinlegal/actos.php HTTP/1.1" 200 9682
201.245.192.253 - - [10/Sep/2023:01:18:43 -0500] "POST /kwsrmcab/Wsrmcab HTTP/1.1" 200 39550
201.245.192.253 - - [10/Sep/2023:01:18:46 -0500] "POST /kwsrmcab/Wsrmcab HTTP/1.1" 200 41004
201.245.192.253 - - [10/Sep/2023:01:19:24 -0500] "POST /kwsrmcab/Wsrmcab  HTTP/1.1" 200 42865
52.167.144.198 - - [10/Sep/2023:01:20:01 -0500] "GET /BLA/resoluciones/AUTOS%202023/2778.pdf HTTP/1.1" 200 1623423
216.245.221.92 - - [10/Sep/2023:01:20:21 -0500] "HEAD / HTTP/1.1" 200 -
172.22.2.4 - - [10/Sep/2023:01:19:56 -0500] "HEAD /BLA/boletinlegal/ HTTP/1.1" 200 -
172.22.2.4 - - [10/Sep/2023:01:20:46 -0500] "GET /BLA/boletinlegal/ HTTP/1.1" 200 58187
201.245.192.253 - - [10/Sep/2023:01:24:23 -0500] "POST /kwsrmcab/Wsrmcab  HTTP/1.1" 200 42865
216.245.221.92 - - [10/Sep/2023:01:25:21 -0500] "HEAD / HTTP/1.1" 200 -
216.244.66.195 - - [10/Sep/2023:01:25:32 -0500] "GET /BLA/resoluciones/RESOLUCIONES%202019/0223.pdf HTTP/1.1" 200 260530
216.244.66.195 - - [10/Sep/2023:01:26:15 -0500] "GET /BLA/resoluciones/RESOLUCIONES%202019/1550.pdf HTTP/1.1" 200 260625
216.244.66.195 - - [10/Sep/2023:01:26:51 -0500] "GET /BLA/resoluciones/RESOLUCIONES%202019/2373.pdf HTTP/1.1" 200 285065
172.22.2.4 - - [10/Sep/2023:01:27:02 -0500] "GET /BLA/boletinlegal/normativa.php HTTP/1.1" 200 8343
172.22.2.4 - - [10/Sep/2023:01:27:03 -0500] "GET /BLA/boletinlegal/styles2.css HTTP/1.1" 200 1838
172.22.2.4 - - [10/Sep/2023:01:27:03 -0500] "GET /BLA/boletinlegal/niceforms-default.css HTTP/1.1" 200 6694
172.22.2.4 - - [10/Sep/2023:01:27:03 -0500] "GET /BLA/boletinlegal/style.css HTTP/1.1" 200 9406
172.22.2.4 - - [10/Sep/2023:01:27:03 -0500] "GET /BLA/boletinlegal/js/ajax_normativa.js HTTP/1.1" 200 1154
172.22.2.4 - - [10/Sep/2023:01:27:03 -0500] "GET /BLA/boletinlegal/images/cabezote%20BLEGAL.jpg HTTP/1.1" 200 118164
172.22.2.4 - - [10/Sep/2023:01:27:03 -0500] "GET /BLA/boletinlegal/niceforms.js HTTP/1.1" 200 22876
172.22.2.4 - - [10/Sep/2023:01:27:04 -0500] "GET /BLA/boletinlegal/images/historia.png HTTP/1.1" 200 52775
172.22.2.4 - - [10/Sep/2023:01:27:04 -0500] "GET /BLA/boletinlegal/images/subscribe-icon-big.png HTTP/1.1" 200 47702
172.22.2.4 - - [10/Sep/2023:01:27:04 -0500] "GET /BLA/boletinlegal/images/icono-email.png HTTP/1.1" 200 5544
172.22.2.4 - - [10/Sep/2023:01:27:04 -0500] "GET /BLA/boletinlegal/images/tel.png HTTP/1.1" 200 14477
172.22.2.4 - - [10/Sep/2023:01:27:04 -0500] "GET /BLA/boletinlegal/images/registro-usuarios.png HTTP/1.1" 200 8106
172.22.2.4 - - [10/Sep/2023:01:27:04 -0500] "GET /BLA/boletinlegal/images/bg_top.jpg HTTP/1.1" 200 522
172.22.2.4 - - [10/Sep/2023:01:27:04 -0500] "GET /BLA/boletinlegal/images/body_bg.jpg HTTP/1.1" 200 1601
172.22.2.4 - - [10/Sep/2023:01:27:04 -0500] "GET /BLA/boletinlegal/images/menu_rght.gif HTTP/1.1" 200 1627
172.22.2.4 - - [10/Sep/2023:01:27:04 -0500] "GET /BLA/boletinlegal/images/menu_lft.gif HTTP/1.1" 200 1713
172.22.2.4 - - [10/Sep/2023:01:27:05 -0500] "GET /BLA/boletinlegal/images/menu_bg.jpg HTTP/1.1" 200 620
172.22.2.4 - - [10/Sep/2023:01:27:05 -0500] "GET /BLA/boletinlegal/images/text.jpg HTTP/1.1" 200 568
172.22.2.4 - - [10/Sep/2023:01:27:05 -0500] "GET /BLA/boletinlegal/images/footer_bg.jpg HTTP/1.1" 200 586
172.22.2.4 - - [10/Sep/2023:01:27:05 -0500] "GET /BLA/boletinlegal/images/hover.jpg HTTP/1.1" 200 640
172.22.2.4 - - [10/Sep/2023:01:27:05 -0500] "GET /BLA/boletinlegal/images/footer_bg_l.jpg HTTP/1.1" 200 776
172.22.2.4 - - [10/Sep/2023:01:27:05 -0500] "GET /BLA/boletinlegal/img/0.png HTTP/1.1" 200 110
172.22.2.4 - - [10/Sep/2023:01:27:05 -0500] "GET /BLA/boletinlegal/img/select-left.png HTTP/1.1" 200 263
172.22.2.4 - - [10/Sep/2023:01:27:05 -0500] "GET /BLA/boletinlegal/img/button-left.png HTTP/1.1" 200 57071
172.22.2.4 - - [10/Sep/2023:01:27:05 -0500] "GET /BLA/boletinlegal/img/select-right.png HTTP/1.1" 200 44019
172.22.2.4 - - [10/Sep/2023:01:27:05 -0500] "GET /BLA/boletinlegal/img/button.png HTTP/1.1" 200 43241
172.22.2.4 - - [10/Sep/2023:01:27:05 -0500] "GET /BLA/boletinlegal/img/button-right.png HTTP/1.1" 200 57878
172.22.2.4 - - [10/Sep/2023:01:27:05 -0500] "GET /BLA/boletinlegal/favicon.ico HTTP/1.1" 404 1334
172.22.2.4 - - [10/Sep/2023:01:27:18 -0500] "GET /BLA/boletinlegal/consulta_normativa.php?tipo=&sector=Aire&ano=&resuelve= HTTP/1.1" 200 949
172.22.2.4 - - [10/Sep/2023:01:27:18 -0500] "GET /BLA/boletinlegal/images/docs.png HTTP/1.1" 200 10288
52.167.144.196 - - [10/Sep/2023:01:27:21 -0500] "GET /BLA/resoluciones/AUTOS%202023/2914.pdf HTTP/1.1" 200 416058
216.244.66.195 - - [10/Sep/2023:01:27:24 -0500] "GET /BLA/resoluciones/RESOLUCIONES%202019/2788.pdf HTTP/1.1" 200 306835
172.22.2.4 - - [10/Sep/2023:01:25:46 -0500] "HEAD /BLA/boletinlegal/ HTTP/1.1" 200 -
66.249.70.196 - - [10/Sep/2023:01:28:06 -0500] "GET /Residuos/cosmeticos/files/guia_cosmeticos-aseo.pdf HTTP/1.1" 304 -
216.244.66.195 - - [10/Sep/2023:01:28:12 -0500] "GET /BLA/resoluciones/RESOLUCIONES%202019/2851.pdf HTTP/1.1" 200 287666
172.22.2.4 - - [10/Sep/2023:01:26:36 -0500] "GET /BLA/boletinlegal/ HTTP/1.1" 200 58187
216.244.66.195 - - [10/Sep/2023:01:28:45 -0500] "GET /BLA/resoluciones/RESOLUCIONES%202019/3212.pdf HTTP/1.1" 200 258380
201.245.192.253 - - [10/Sep/2023:01:28:42 -0500] "POST /kwsrmcab/Wsrmcab HTTP/1.1" 200 39550
201.245.192.253 - - [10/Sep/2023:01:28:46 -0500] "POST /kwsrmcab/Wsrmcab HTTP/1.1" 200 41004
172.22.2.4 - - [10/Sep/2023:01:28:58 -0500] "GET /BLA/boletinlegal/js/jquery.js HTTP/1.1" 200 57254
172.22.2.4 - - [10/Sep/2023:01:28:58 -0500] "GET /BLA/boletinlegal/js/jquery.scrollTo-min.js HTTP/1.1" 200 1150
172.22.2.4 - - [10/Sep/2023:01:28:58 -0500] "GET /BLA/boletinlegal/js/jquery.scrollShow.js HTTP/1.1" 200 4586
172.22.2.4 - - [10/Sep/2023:01:28:58 -0500] "GET /BLA/boletinlegal/images/screen_1.png HTTP/1.1" 200 202547
172.22.2.4 - - [10/Sep/2023:01:28:58 -0500] "GET /BLA/boletinlegal/images/arr_l.jpg HTTP/1.1" 200 1979
172.22.2.4 - - [10/Sep/2023:01:28:58 -0500] "GET /BLA/boletinlegal/images/launch.jpg HTTP/1.1" 200 14577
172.22.2.4 - - [10/Sep/2023:01:29:05 -0500] "GET /BLA/boletinlegal/images/screen_2.png HTTP/1.1" 200 362502
172.22.2.4 - - [10/Sep/2023:01:29:05 -0500] "GET /BLA/boletinlegal/images/screen_3.png HTTP/1.1" 200 210620
172.22.2.4 - - [10/Sep/2023:01:29:05 -0500] "GET /BLA/boletinlegal/images/screen_5.png HTTP/1.1" 200 368876
172.22.2.4 - - [10/Sep/2023:01:29:05 -0500] "GET /BLA/boletinlegal/images/arr_r.jpg HTTP/1.1" 200 1998
172.22.2.4 - - [10/Sep/2023:01:29:14 -0500] "GET /BLA/boletinlegal/images/pdf.gif HTTP/1.1" 200 567
216.244.66.195 - - [10/Sep/2023:01:29:24 -0500] "GET /BLA/resoluciones/RESOLUCIONES%202019/3266.pdf HTTP/1.1" 200 646629
201.245.192.253 - - [10/Sep/2023:01:29:22 -0500] "POST /kwsrmcab/Wsrmcab  HTTP/1.1" 200 42865
216.244.66.195 - - [10/Sep/2023:01:30:14 -0500] "GET /BLA/resoluciones/RESOLUCIONES%202019/3297.pdf HTTP/1.1" 200 510388
216.245.221.92 - - [10/Sep/2023:01:30:21 -0500] "HEAD / HTTP/1.1" 200 -
66.249.66.193 - - [10/Sep/2023:01:30:25 -0500] "GET /secretaria-de-ambiente-abre-convocatoria-para-el-proceso-de-formacion-mujeres-cuidadoras-de-humedales.html HTTP/1.1" 304 -
172.22.2.4 - - [10/Sep/2023:01:28:58 -0500] "GET /BLA/boletinlegal/ HTTP/1.1" 200 62795
216.244.66.195 - - [10/Sep/2023:01:31:03 -0500] "GET /BLA/resoluciones/RESOLUCIONES%202019/3798.pdf HTTP/1.1" 200 375732
216.244.66.195 - - [10/Sep/2023:01:31:43 -0500] "GET /BLA/resoluciones/RESOLUCIONES%202017/0153.pdf HTTP/1.1" 200 468255
52.167.144.163 - - [10/Sep/2023:01:31:50 -0500] "GET /BLA/resoluciones/AUTOS%202022/5362.pdf HTTP/1.1" 200 361071
216.244.66.195 - - [10/Sep/2023:01:32:22 -0500] "GET /BLA/resoluciones/RESOLUCIONES%202017/1625.pdf HTTP/1.1" 200 1026675
216.244.66.195 - - [10/Sep/2023:01:33:13 -0500] "GET /BLA/resoluciones/RESOLUCIONES%202017/1703.pdf HTTP/1.1" 200 420564
172.22.2.4 - - [10/Sep/2023:01:31:36 -0500] "HEAD /BLA/boletinlegal/ HTTP/1.1" 200 -
152.203.135.4 - - [10/Sep/2023:01:33:19 -0500] "GET /BLA/resoluciones/index.php?dir=RESOLUCIONES+2018%2F HTTP/1.1" 200 278577
216.244.66.195 - - [10/Sep/2023:01:33:57 -0500] "GET /BLA/resoluciones/RESOLUCIONES%202017/2057.pdf HTTP/1.1" 200 327529
172.22.2.4 - - [10/Sep/2023:01:32:26 -0500] "GET /BLA/boletinlegal/ HTTP/1.1" 200 60692
201.245.192.253 - - [10/Sep/2023:01:34:21 -0500] "POST /kwsrmcab/Wsrmcab  HTTP/1.1" 200 42865
216.244.66.195 - - [10/Sep/2023:01:34:29 -0500] "GET /BLA/resoluciones/RESOLUCIONES%201997/1074.pdf HTTP/1.1" 200 239539
216.244.66.195 - - [10/Sep/2023:01:35:06 -0500] "GET /BLA/resoluciones/RESOLUCIONES%202001/0423.pdf HTTP/1.1" 200 79899
69.63.189.118 - - [10/Sep/2023:01:35:08 -0500] "GET /abierta-convocatoria-para-postular-a-organizaciones-que-desarrollan-actividades-de-voluntariado-ambiental-en-bogota.html HTTP/1.1" 200 880
173.252.79.1 - - [10/Sep/2023:01:35:14 -0500] "GET /abierta-convocatoria-para-postular-a-organizaciones-que-desarrollan-actividades-de-voluntariado-ambiental-en-bogota.html HTTP/1.1" 200 880
216.245.221.92 - - [10/Sep/2023:01:35:21 -0500] "HEAD / HTTP/1.1" 200 -
216.244.66.195 - - [10/Sep/2023:01:35:36 -0500] "GET /BLA/resoluciones/AUTOS%202011/3971.pdf HTTP/1.1" 200 433769
216.244.66.195 - - [10/Sep/2023:01:36:11 -0500] "GET /BLA/resoluciones/AUTOS%202015/1737.pdf HTTP/1.1" 200 326864
216.244.66.195 - - [10/Sep/2023:01:36:53 -0500] "GET /BLA/resoluciones/AUTOS%202018/0204.pdf HTTP/1.1" 200 261009
216.244.66.195 - - [10/Sep/2023:01:37:27 -0500] "GET /BLA/resoluciones/AUTOS%202018/0668.pdf HTTP/1.1" 200 283657
59.182.13.210 - - [10/Sep/2023:01:37:36 -0500] "GET / HTTP/1.1" 200 319
216.244.66.195 - - [10/Sep/2023:01:38:03 -0500] "GET /BLA/resoluciones/AUTOS%202018/1415.pdf HTTP/1.1" 200 248505
40.77.167.30 - - [10/Sep/2023:01:38:22 -0500] "GET /Publicaciones/2023EE206543.pdf HTTP/1.1" 200 1439892
216.244.66.195 - - [10/Sep/2023:01:38:37 -0500] "GET /BLA/resoluciones/AUTOS%202018/2750.pdf HTTP/1.1" 200 284801
201.245.192.253 - - [10/Sep/2023:01:38:42 -0500] "POST /kwsrmcab/Wsrmcab HTTP/1.1" 200 39550
201.245.192.253 - - [10/Sep/2023:01:38:46 -0500] "POST /kwsrmcab/Wsrmcab HTTP/1.1" 200 41004
172.22.2.4 - - [10/Sep/2023:01:37:26 -0500] "HEAD /BLA/boletinlegal/ HTTP/1.1" 200 -
216.244.66.195 - - [10/Sep/2023:01:39:19 -0500] "GET /BLA/resoluciones/AUTOS%202018/3591.pdf HTTP/1.1" 200 258504
201.245.192.253 - - [10/Sep/2023:01:39:20 -0500] "POST /kwsrmcab/Wsrmcab  HTTP/1.1" 200 42865
179.43.191.18 - - [10/Sep/2023:01:39:27 -0500] "GET /mailman/listinfo/mailman HTTP/1.1" 404 1018
216.244.66.195 - - [10/Sep/2023:01:39:51 -0500] "GET /BLA/resoluciones/AUTOS%202018/3724.pdf HTTP/1.1" 200 284353
172.22.2.4 - - [10/Sep/2023:01:38:16 -0500] "GET /BLA/boletinlegal/ HTTP/1.1" 200 57790
216.244.66.195 - - [10/Sep/2023:01:40:20 -0500] "GET /BLA/resoluciones/RESOLUCIONES%202002/1524.pdf HTTP/1.1" 200 69642
216.245.221.92 - - [10/Sep/2023:01:40:21 -0500] "HEAD / HTTP/1.1" 200 -
216.244.66.195 - - [10/Sep/2023:01:40:49 -0500] "GET /BLA/resoluciones/RESOLUCIONES%202003/0556.pdf HTTP/1.1" 200 831871
216.244.66.195 - - [10/Sep/2023:01:41:36 -0500] "GET /BLA/resoluciones/RESOLUCIONES%202003/2033.pdf HTTP/1.1" 200 943120
216.244.66.195 - - [10/Sep/2023:01:42:13 -0500] "GET /BLA/resoluciones/RESOLUCIONES%202017/0616.pdf HTTP/1.1" 200 339191
216.244.66.195 - - [10/Sep/2023:01:42:42 -0500] "GET /BLA/resoluciones/RESOLUCIONES%202017/0623.pdf HTTP/1.1" 200 943107
216.244.66.195 - - [10/Sep/2023:01:43:23 -0500] "GET /BLA/resoluciones/RESOLUCIONES%202017/0878.pdf HTTP/1.1" 200 2468659
216.244.66.195 - - [10/Sep/2023:01:44:14 -0500] "GET /BLA/resoluciones/RESOLUCIONES%202017/1132.pdf HTTP/1.1" 200 321953
201.245.192.253 - - [10/Sep/2023:01:44:19 -0500] "POST /kwsrmcab/Wsrmcab  HTTP/1.1" 200 42865
157.55.39.212 - - [10/Sep/2023:01:44:36 -0500] "GET /BLA/resoluciones/AUTOS%202023/2834.pdf HTTP/1.1" 200 467634
216.244.66.195 - - [10/Sep/2023:01:44:44 -0500] "GET /BLA/resoluciones/RESOLUCIONES%202017/2118.pdf HTTP/1.1" 200 2207173
172.22.2.4 - - [10/Sep/2023:01:43:16 -0500] "HEAD /BLA/boletinlegal/ HTTP/1.1" 200 -
216.245.221.92 - - [10/Sep/2023:01:45:21 -0500] "HEAD / HTTP/1.1" 200 -
66.249.66.192 - - [10/Sep/2023:01:45:25 -0500] "GET /serpiente-sabanera-pone-huevos-en-area-protegida-de-bogota.html HTTP/1.1" 304 -
216.244.66.195 - - [10/Sep/2023:01:45:32 -0500] "GET /BLA/resoluciones/RESOLUCIONES%202017/2406.pdf HTTP/1.1" 200 312297
172.22.2.4 - - [10/Sep/2023:01:44:06 -0500] "GET /BLA/boletinlegal/ HTTP/1.1" 200 53013
69.171.251.117 - - [10/Sep/2023:01:45:49 -0500] "GET /garza-azul-nueva-ave-registrada-en-el-humedal-el-burro.html HTTP/1.1" 200 890
216.244.66.195 - - [10/Sep/2023:01:46:05 -0500] "GET /BLA/resoluciones/RESOLUCIONES%202017/2803.pdf HTTP/1.1" 200 437698
216.244.66.195 - - [10/Sep/2023:01:46:35 -0500] "GET /BLA/resoluciones/RESOLUCIONES%202017/3010.pdf HTTP/1.1" 200 305181
216.244.66.195 - - [10/Sep/2023:01:47:06 -0500] "GET /BLA/resoluciones/RESOLUCIONES%202017/3206.pdf HTTP/1.1" 200 344721
216.244.66.195 - - [10/Sep/2023:01:47:35 -0500] "GET /BLA/resoluciones/RESOLUCIONES%202017/3532.pdf HTTP/1.1" 200 295814
216.244.66.195 - - [10/Sep/2023:01:48:01 -0500] "GET /BLA/resoluciones/RESOLUCIONES%202019/0635.pdf HTTP/1.1" 200 301427
216.244.66.195 - - [10/Sep/2023:01:48:27 -0500] "GET /BLA/resoluciones/RESOLUCIONES%202019/2758.pdf HTTP/1.1" 200 372776
216.244.66.195 - - [10/Sep/2023:01:48:51 -0500] "GET /BLA/resoluciones/RESOLUCIONES%202001/2001%201400-1449.tif HTTP/1.1" 200 8467759
201.245.192.253 - - [10/Sep/2023:01:49:18 -0500] "POST /kwsrmcab/Wsrmcab  HTTP/1.1" 200 42865
216.244.66.195 - - [10/Sep/2023:01:49:24 -0500] "GET /galeria/galeria/fotos/micos5G.jpg HTTP/1.1" 200 318352
216.244.66.195 - - [10/Sep/2023:01:49:54 -0500] "GET /BLA/resoluciones/AUTOS%202007/0037.pdf HTTP/1.1" 200 103770
216.245.221.92 - - [10/Sep/2023:01:50:21 -0500] "HEAD / HTTP/1.1" 200 -
216.244.66.195 - - [10/Sep/2023:01:50:23 -0500] "GET /BLA/resoluciones/AUTOS%202007/0071.pdf HTTP/1.1" 200 47261
66.249.70.197 - - [10/Sep/2023:01:50:36 -0500] "GET /Residuos/cosmeticos/files/guia_cosmeticos-aseo.pdf HTTP/1.1" 304 -
172.22.2.4 - - [10/Sep/2023:01:49:06 -0500] "HEAD /BLA/boletinlegal/ HTTP/1.1" 200 -
216.244.66.195 - - [10/Sep/2023:01:50:51 -0500] "GET /BLA/resoluciones/AUTOS%202007/0138.pdf HTTP/1.1" 200 99448
216.244.66.195 - - [10/Sep/2023:01:51:18 -0500] "GET /BLA/resoluciones/AUTOS%202007/0220.pdf HTTP/1.1" 200 17400
172.22.2.4 - - [10/Sep/2023:01:49:56 -0500] "GET /BLA/boletinlegal/ HTTP/1.1" 200 57790
216.244.66.195 - - [10/Sep/2023:01:51:44 -0500] "GET /BLA/resoluciones/AUTOS%202007/0262.pdf HTTP/1.1" 200 173397
216.244.66.195 - - [10/Sep/2023:01:52:09 -0500] "GET /BLA/resoluciones/AUTOS%202007/0319.pdf HTTP/1.1" 200 58953
216.244.66.195 - - [10/Sep/2023:01:52:34 -0500] "GET /BLA/resoluciones/AUTOS%202007/0445.pdf HTTP/1.1" 200 13650
40.77.167.208 - - [10/Sep/2023:01:52:43 -0500] "GET /BLA/resoluciones/AUTOS%202023/2775.pdf HTTP/1.1" 200 2618769
152.203.135.4 - - [10/Sep/2023:01:52:50 -0500] "GET /BLA/resoluciones/index.php?dir=RESOLUCIONES+2019%2F HTTP/1.1" 200 258011
216.244.66.195 - - [10/Sep/2023:01:52:56 -0500] "GET /BLA/resoluciones/AUTOS%202007/0480.pdf HTTP/1.1" 200 31337
216.244.66.195 - - [10/Sep/2023:01:53:18 -0500] "GET /BLA/resoluciones/AUTOS%202007/0630.pdf HTTP/1.1" 200 86984
201.245.192.253 - - [10/Sep/2023:01:54:17 -0500] "POST /kwsrmcab/Wsrmcab  HTTP/1.1" 200 42865
172.22.2.4 - - [10/Sep/2023:01:54:23 -0500] "GET /BLA/boletinlegal/favicon.ico HTTP/1.1" 404 1018
172.22.2.4 - - [10/Sep/2023:01:54:07 -0500] "GET /BLA/boletinlegal/ HTTP/1.1" 200 20427
172.22.2.4 - - [10/Sep/2023:01:54:08 -0500] "GET /BLA/boletinlegal/ HTTP/1.1" 200 32715
216.245.221.92 - - [10/Sep/2023:01:55:21 -0500] "HEAD / HTTP/1.1" 200 -
172.22.2.4 - - [10/Sep/2023:01:54:55 -0500] "HEAD /BLA/boletinlegal/ HTTP/1.1" 200 -
172.22.2.4 - - [10/Sep/2023:01:55:46 -0500] "GET /BLA/boletinlegal/ HTTP/1.1" 200 60692
200.69.83.4 - - [10/Sep/2023:01:58:09 -0500] "GET /distrito-firmo-resolucion-de-etiquetado-vehicular-ambiental-herramienta-para-clasificar-vehiculos-segun-sus-niveles-de-emisiones.html HTTP/1.1" 200 841
216.244.66.195 - - [10/Sep/2023:01:58:10 -0500] "GET /robots.txt HTTP/1.1" 404 1018
201.245.192.253 - - [10/Sep/2023:01:59:15 -0500] "POST /kwsrmcab/Wsrmcab  HTTP/1.1" 200 42865
216.245.221.92 - - [10/Sep/2023:02:00:21 -0500] "HEAD / HTTP/1.1" 200 -
52.167.144.180 - - [10/Sep/2023:02:00:24 -0500] "GET /BLA/resoluciones/AUTOS%202023/1287.pdf HTTP/1.1" 200 1900393
172.22.2.4 - - [10/Sep/2023:02:00:00 -0500] "GET /BLA/boletinlegal/?XDEBUG_SESSION_START=phpstorm HTTP/1.1" 200 32715
172.22.2.4 - - [10/Sep/2023:02:00:45 -0500] "HEAD /BLA/boletinlegal/ HTTP/1.1" 200 -
172.22.2.4 - - [10/Sep/2023:02:01:36 -0500] "GET /BLA/boletinlegal/ HTTP/1.1" 200 57790
201.245.192.253 - - [10/Sep/2023:02:04:15 -0500] "POST /kwsrmcab/Wsrmcab  HTTP/1.1" 200 42865
216.245.221.92 - - [10/Sep/2023:02:05:21 -0500] "HEAD / HTTP/1.1" 200 -
172.22.2.4 - - [10/Sep/2023:02:06:35 -0500] "HEAD /BLA/boletinlegal/ HTTP/1.1" 200 -
172.22.2.4 - - [10/Sep/2023:02:07:42 -0500] "GET /BLA/boletinlegal/ HTTP/1.1" 200 20427
172.22.2.4 - - [10/Sep/2023:02:07:26 -0500] "GET /BLA/boletinlegal/ HTTP/1.1" 200 56257
201.245.192.253 - - [10/Sep/2023:02:09:14 -0500] "POST /kwsrmcab/Wsrmcab  HTTP/1.1" 200 42865
216.245.221.92 - - [10/Sep/2023:02:10:21 -0500] "HEAD / HTTP/1.1" 200 -
40.77.167.247 - - [10/Sep/2023:02:13:56 -0500] "GET /BLA/resoluciones/AUTOS%202023/1492.pdf HTTP/1.1" 200 527251
172.22.2.4 - - [10/Sep/2023:02:12:25 -0500] "HEAD /BLA/boletinlegal/ HTTP/1.1" 200 -
201.245.192.253 - - [10/Sep/2023:02:14:14 -0500] "POST /kwsrmcab/Wsrmcab  HTTP/1.1" 200 42865
172.22.2.4 - - [10/Sep/2023:02:13:16 -0500] "GET /BLA/boletinlegal/ HTTP/1.1" 200 53013
216.245.221.92 - - [10/Sep/2023:02:15:21 -0500] "HEAD / HTTP/1.1" 200 -
172.22.2.4 - - [10/Sep/2023:02:13:43 -0500] "GET /BLA/boletinlegal/ HTTP/1.1" 200 55460
172.22.2.4 - - [10/Sep/2023:02:15:39 -0500] "GET /BLA/boletinlegal/js/jquery.scrollTo-min.js HTTP/1.1" 200 1150
172.22.2.4 - - [10/Sep/2023:02:15:43 -0500] "GET /BLA/boletinlegal/js/jquery.js HTTP/1.1" 200 57254
172.22.2.4 - - [10/Sep/2023:02:15:43 -0500] "GET /BLA/boletinlegal/js/jquery.scrollShow.js HTTP/1.1" 200 4586
172.22.2.4 - - [10/Sep/2023:02:15:44 -0500] "GET /BLA/boletinlegal/styles2.css HTTP/1.1" 200 1838
201.245.192.253 - - [10/Sep/2023:02:18:42 -0500] "POST /kwsrmcab/Wsrmcab HTTP/1.1" 200 39726
201.245.192.253 - - [10/Sep/2023:02:18:45 -0500] "POST /kwsrmcab/Wsrmcab HTTP/1.1" 200 40873
201.245.192.253 - - [10/Sep/2023:02:19:13 -0500] "POST /kwsrmcab/Wsrmcab  HTTP/1.1" 200 42865
172.22.2.4 - - [10/Sep/2023:02:18:15 -0500] "HEAD /BLA/boletinlegal/ HTTP/1.1" 200 -
216.245.221.92 - - [10/Sep/2023:02:20:21 -0500] "HEAD / HTTP/1.1" 200 -
172.22.2.4 - - [10/Sep/2023:02:19:06 -0500] "GET /BLA/boletinlegal/ HTTP/1.1" 200 60692
172.22.2.4 - - [10/Sep/2023:02:21:17 -0500] "GET /BLA/boletinlegal/ HTTP/1.1" 200 20427
157.55.39.212 - - [10/Sep/2023:02:24:00 -0500] "GET /BLA/resoluciones/AUTOS%202023/1212.pdf HTTP/1.1" 200 406106
201.245.192.253 - - [10/Sep/2023:02:24:11 -0500] "POST /kwsrmcab/Wsrmcab  HTTP/1.1" 200 42865
216.245.221.92 - - [10/Sep/2023:02:25:21 -0500] "HEAD / HTTP/1.1" 200 -
172.22.2.4 - - [10/Sep/2023:02:24:05 -0500] "HEAD /BLA/boletinlegal/ HTTP/1.1" 200 -
40.77.167.63 - - [10/Sep/2023:02:26:27 -0500] "GET /Publicaciones/2023EE207071.pdf HTTP/1.1" 200 231843
