179.19.30.241 - - [10/Sep/2023:11:20:41 -0500] "GET /kwssiamovil/sm/acme/a?s=U2FsdGVkX18YAxo+4aEx9i/XGbzL9DVVEkuXJQTSva+tPByJp7mdIQvOxruSyrj6m7rUx3QPXCbgnYJZDCgdpg+gnVp2iDv81vzu1Tk5CfS81gM+Q8jAQtQufJENzxRblg3UR9C0ZOEGQ6QgT/wKkanXv8IA8dYT2I2WD1idTz6k0Wb0qU8EIgZPP97Y5z7mu4rSrukm6drE/Uqyam3RB4k1lqi6BdLTZxWLrqBC4rq2pxX6UuS9gXF5WL43dY9Lq5xCHxvoNNvP3fHVsj28fTjqTIz3HCkBoyvz9ooQ6gKfNmJUp/EVOvY88twJrmSKPD0z2Xf4QFfW0HPQ70Rrz/6NrIfoKZLYkvmnewfaHIOLPtuwZZeLudf0PwK5wA4WBeRLuTgaclngDdExLkfOrDX+MHZSFhj7muXyIAK12qHaBmZPbbs2D2dpGQhCgv/Z&u=U2FsdGVkX1+axwWvmw3CBoNtVR5lBwndKznfz3KOLwg=&y=U2FsdGVkX1/Jq9FkGIyN/EgVyORjOOe1aoTNlikAkkL+vwGCANbaFxZ4Knr2EE6T HTTP/1.1" 200 25
64.124.8.51 - - [10/Sep/2023:11:21:03 -0500] "GET /portaldeninos/wp-content/uploads/2021/07/Banners-pa%CC%81gina-de-nin%CC%83os13.jpg HTTP/1.1" 304 -
64.124.8.51 - - [10/Sep/2023:11:21:04 -0500] "GET /portaldeninos/wp-content/uploads/2021/11/cronica-mujer-junio-29-junio-ambiente.png HTTP/1.1" 304 -
216.245.221.92 - - [10/Sep/2023:11:21:07 -0500] "HEAD / HTTP/1.1" 200 -
64.124.8.51 - - [10/Sep/2023:11:21:07 -0500] "GET /portaldeninos/wp-content/uploads/2019/09/Categorias-%C3%A1rboles.jpg HTTP/1.1" 304 -
172.22.2.4 - - [10/Sep/2023:11:21:08 -0500] "GET /BLA/boletinlegal/actos.php HTTP/1.1" 200 9682
172.22.2.4 - - [10/Sep/2023:11:21:09 -0500] "GET /BLA/boletinlegal/styles2.css HTTP/1.1" 200 1838
172.22.2.4 - - [10/Sep/2023:11:21:09 -0500] "GET /BLA/boletinlegal/js/ajax_actos.js HTTP/1.1" 200 1322
172.22.2.4 - - [10/Sep/2023:11:21:09 -0500] "GET /BLA/boletinlegal/niceforms-default.css HTTP/1.1" 200 6694
172.22.2.4 - - [10/Sep/2023:11:21:09 -0500] "GET /BLA/boletinlegal/style.css HTTP/1.1" 200 9406
172.22.2.4 - - [10/Sep/2023:11:21:09 -0500] "GET /BLA/boletinlegal/js/popup.js HTTP/1.1" 200 1270
172.22.2.4 - - [10/Sep/2023:11:21:09 -0500] "GET /BLA/boletinlegal/niceforms.js HTTP/1.1" 200 22876
172.22.2.4 - - [10/Sep/2023:11:21:09 -0500] "GET /BLA/boletinlegal/js/lib.js HTTP/1.1" 200 6474
172.22.2.4 - - [10/Sep/2023:11:21:09 -0500] "GET /BLA/boletinlegal/js/jquery1.js HTTP/1.1" 200 29846
172.22.2.4 - - [10/Sep/2023:11:21:09 -0500] "GET /BLA/boletinlegal/images/cabezote%20BLEGAL.jpg HTTP/1.1" 200 118164
172.22.2.4 - - [10/Sep/2023:11:21:09 -0500] "GET /BLA/boletinlegal/images/subscribe-icon-big.png HTTP/1.1" 200 47702
172.22.2.4 - - [10/Sep/2023:11:21:09 -0500] "GET /BLA/boletinlegal/images/registro-usuarios.png HTTP/1.1" 200 8106
172.22.2.4 - - [10/Sep/2023:11:21:09 -0500] "GET /BLA/boletinlegal/images/green-yellow-blue-pink-th.png HTTP/1.1" 200 7394
172.22.2.4 - - [10/Sep/2023:11:21:09 -0500] "GET /BLA/boletinlegal/images/historia.png HTTP/1.1" 200 52775
172.22.2.4 - - [10/Sep/2023:11:21:09 -0500] "GET /BLA/boletinlegal/images/tel.png HTTP/1.1" 200 14477
172.22.2.4 - - [10/Sep/2023:11:21:09 -0500] "GET /BLA/boletinlegal/images/menu_bg.jpg HTTP/1.1" 200 620
172.22.2.4 - - [10/Sep/2023:11:21:09 -0500] "GET /BLA/boletinlegal/images/menu_lft.gif HTTP/1.1" 200 1713
172.22.2.4 - - [10/Sep/2023:11:21:09 -0500] "GET /BLA/boletinlegal/images/hover.jpg HTTP/1.1" 200 640
172.22.2.4 - - [10/Sep/2023:11:21:09 -0500] "GET /BLA/boletinlegal/images/bg_top.jpg HTTP/1.1" 200 522
172.22.2.4 - - [10/Sep/2023:11:21:09 -0500] "GET /BLA/boletinlegal/images/text.jpg HTTP/1.1" 200 568
172.22.2.4 - - [10/Sep/2023:11:21:09 -0500] "GET /BLA/boletinlegal/images/footer_bg.jpg HTTP/1.1" 200 586
172.22.2.4 - - [10/Sep/2023:11:21:09 -0500] "GET /BLA/boletinlegal/images/body_bg.jpg HTTP/1.1" 200 1601
172.22.2.4 - - [10/Sep/2023:11:21:09 -0500] "GET /BLA/boletinlegal/images/menu_rght.gif HTTP/1.1" 200 1627
172.22.2.4 - - [10/Sep/2023:11:21:09 -0500] "GET /BLA/boletinlegal/images/icono-email.png HTTP/1.1" 200 5544
172.22.2.4 - - [10/Sep/2023:11:21:09 -0500] "GET /BLA/boletinlegal/images/footer_bg_l.jpg HTTP/1.1" 200 776
172.22.2.4 - - [10/Sep/2023:11:21:09 -0500] "GET /BLA/boletinlegal/img/0.png HTTP/1.1" 200 110
172.22.2.4 - - [10/Sep/2023:11:21:09 -0500] "GET /BLA/boletinlegal/img/select-left.png HTTP/1.1" 200 263
172.22.2.4 - - [10/Sep/2023:11:21:09 -0500] "GET /BLA/boletinlegal/img/button-left.png HTTP/1.1" 200 57071
172.22.2.4 - - [10/Sep/2023:11:21:09 -0500] "GET /BLA/boletinlegal/img/button-right.png HTTP/1.1" 200 57878
172.22.2.4 - - [10/Sep/2023:11:21:09 -0500] "GET /BLA/boletinlegal/img/select-right.png HTTP/1.1" 200 44019
172.22.2.4 - - [10/Sep/2023:11:21:09 -0500] "GET /BLA/boletinlegal/img/button.png HTTP/1.1" 200 43241
172.22.2.4 - - [10/Sep/2023:11:21:09 -0500] "GET /BLA/boletinlegal/favicon.ico HTTP/1.1" 404 1326
64.124.8.51 - - [10/Sep/2023:11:21:23 -0500] "GET /portaldeninos/wp-content/uploads/2021/11/tunel-ambiente-6-junio-1024x574.jpg HTTP/1.1" 200 94163
172.22.2.4 - - [10/Sep/2023:11:21:26 -0500] "GET /BLA/boletinlegal/conceptos.php HTTP/1.1" 200 7496
172.22.2.4 - - [10/Sep/2023:11:21:26 -0500] "GET /BLA/boletinlegal/js/ajax_conceptos.js HTTP/1.1" 200 1326
201.245.192.253 - - [10/Sep/2023:11:22:25 -0500] "POST /kwsrmcab/Wsrmcab  HTTP/1.1" 200 42865
172.22.2.4 - - [10/Sep/2023:11:22:32 -0500] "HEAD /BLA/boletinlegal/ HTTP/1.1" 200 -
31.13.127.7 - - [10/Sep/2023:11:24:17 -0500] "GET /images/pieza-voluntariado-ambiental.jpeg HTTP/1.1" 200 51125
69.63.184.1 - - [10/Sep/2023:11:24:19 -0500] "GET /images/pieza-voluntariado-ambiental.jpeg HTTP/1.1" 200 51125
172.22.2.4 - - [10/Sep/2023:11:23:23 -0500] "GET /BLA/boletinlegal/ HTTP/1.1" 200 60692
216.245.221.92 - - [10/Sep/2023:11:26:07 -0500] "HEAD / HTTP/1.1" 200 -
52.167.144.160 - - [10/Sep/2023:11:27:16 -0500] "GET /BLA/resoluciones/RESOLUCIONES%202010/6215.pdf HTTP/1.1" 200 602326
201.245.192.253 - - [10/Sep/2023:11:27:25 -0500] "POST /kwsrmcab/Wsrmcab  HTTP/1.1" 200 42865
201.245.192.253 - - [10/Sep/2023:11:28:40 -0500] "POST /kwsrmcab/Wsrmcab HTTP/1.1" 200 37291
201.245.192.253 - - [10/Sep/2023:11:28:56 -0500] "POST /kwsrmcab/Wsrmcab HTTP/1.1" 200 41430
173.252.95.117 - - [10/Sep/2023:11:29:07 -0500] "GET /abierta-convocatoria-para-postular-a-organizaciones-que-desarrollan-actividades-de-voluntariado-ambiental-en-bogota.html HTTP/1.1" 200 880
173.252.83.1 - - [10/Sep/2023:11:29:13 -0500] "GET /abierta-convocatoria-para-postular-a-organizaciones-que-desarrollan-actividades-de-voluntariado-ambiental-en-bogota.html HTTP/1.1" 206 880
173.252.83.117 - - [10/Sep/2023:11:29:17 -0500] "GET /abierta-convocatoria-para-postular-a-organizaciones-que-desarrollan-actividades-de-voluntariado-ambiental-en-bogota.html HTTP/1.1" 200 880
173.252.83.5 - - [10/Sep/2023:11:29:17 -0500] "GET /abierta-convocatoria-para-postular-a-organizaciones-que-desarrollan-actividades-de-voluntariado-ambiental-en-bogota.html HTTP/1.1" 200 880
172.22.2.4 - - [10/Sep/2023:11:28:22 -0500] "HEAD /BLA/boletinlegal/ HTTP/1.1" 200 -
172.22.2.4 - - [10/Sep/2023:11:29:13 -0500] "GET /BLA/boletinlegal/ HTTP/1.1" 200 53013
216.245.221.92 - - [10/Sep/2023:11:31:07 -0500] "HEAD / HTTP/1.1" 200 -
201.245.192.253 - - [10/Sep/2023:11:32:24 -0500] "POST /kwsrmcab/Wsrmcab  HTTP/1.1" 200 42865
172.22.2.4 - - [10/Sep/2023:11:33:58 -0500] "GET /BLA/boletinlegal/js/jquery.scrollTo-min.js HTTP/1.1" 200 1150
172.22.2.4 - - [10/Sep/2023:11:33:58 -0500] "GET /BLA/boletinlegal/js/jquery.scrollShow.js HTTP/1.1" 200 4586
172.22.2.4 - - [10/Sep/2023:11:33:58 -0500] "GET /BLA/boletinlegal/js/jquery.js HTTP/1.1" 200 57254
172.22.2.4 - - [10/Sep/2023:11:34:01 -0500] "GET /BLA/boletinlegal/js/jquery.scrollTo-min.js HTTP/1.1" 200 1150
172.22.2.4 - - [10/Sep/2023:11:34:01 -0500] "GET /BLA/boletinlegal/js/jquery.scrollShow.js HTTP/1.1" 200 4586
172.22.2.4 - - [10/Sep/2023:11:34:02 -0500] "GET /BLA/boletinlegal/js/jquery.js HTTP/1.1" 200 57254
190.145.240.18 - - [10/Sep/2023:11:34:13 -0500] "GET /abierta-convocatoria-para-postular-a-organizaciones-que-desarrollan-actividades-de-voluntariado-ambiental-en-bogota.html HTTP/1.1" 200 880
168.119.52.80 - - [10/Sep/2023:11:34:25 -0500] "GET / HTTP/1.1" 200 319
172.22.2.4 - - [10/Sep/2023:11:33:52 -0500] "GET /BLA/boletinlegal/ HTTP/1.1" 200 20427
172.22.2.4 - - [10/Sep/2023:11:33:52 -0500] "GET /BLA/boletinlegal/ HTTP/1.1" 200 20427
172.22.2.4 - - [10/Sep/2023:11:33:52 -0500] "GET /BLA/boletinlegal/ HTTP/1.1" 200 20427
185.180.143.81 - - [10/Sep/2023:11:34:58 -0500] "GET / HTTP/1.1" 200 319
172.22.2.4 - - [10/Sep/2023:11:33:50 -0500] "GET /BLA/boletinlegal/ HTTP/1.1" 200 20427
172.22.2.4 - - [10/Sep/2023:11:33:54 -0500] "GET /BLA/boletinlegal/ HTTP/1.1" 200 20427
172.22.2.4 - - [10/Sep/2023:11:33:49 -0500] "GET /BLA/boletinlegal/ HTTP/1.1" 200 20427
172.22.2.4 - - [10/Sep/2023:11:33:49 -0500] "GET /BLA/boletinlegal/ HTTP/1.1" 200 20427
185.180.143.81 - - [10/Sep/2023:11:35:12 -0500] "GET / HTTP/1.1" 200 319
185.180.143.81 - - [10/Sep/2023:11:35:12 -0500] "GET /favicon.ico HTTP/1.1" 200 7782
185.180.143.81 - - [10/Sep/2023:11:35:12 -0500] "GET /favicon.ico HTTP/1.1" 200 7782
186.28.117.190 - - [10/Sep/2023:11:35:16 -0500] "GET /BLA/resoluciones/index.php?dir=AUTOS+2018%2F HTTP/1.1" 200 463344
172.22.2.4 - - [10/Sep/2023:11:33:44 -0500] "GET /BLA/boletinlegal/ HTTP/1.1" 200 29847
185.180.143.81 - - [10/Sep/2023:11:35:27 -0500] "GET /sugar_version.json HTTP/1.1" 404 1018
186.102.99.111 - - [10/Sep/2023:11:35:33 -0500] "GET /kwssiamovil/sm/ldap/au?x=U2FsdGVkX1/ViYhtgYRs4qJ/Xx7cpBpvmha8Z/7FxXaZkcJFly68LiWXRMUmMOLBZp41Ef0jgpvCCsnCo1CFxA==&y=U2FsdGVkX1+zbt24yhaRF/XyoPvKGjOO6fCwDvBlPT13xzncH2xu7Gw9OmfDKZvT HTTP/1.1" 200 30
186.102.99.111 - - [10/Sep/2023:11:35:34 -0500] "GET /kwssiamovil/sm/acme/s?s=U2FsdGVkX1+9qlrPV6pfdkngZ3UujSxFvduhkRH3feHxDalOlVuKaZy4Dp7JdYQMT18Lc+fItASXcZVHFMDMgy1BXwEgCQgb8Hv1Gf2cKvY=&u=U2FsdGVkX190etCgswzqXKvJJ/hhFL8c6ukD9JgN5H9F2dyfO9meRmWVYrwl5/Ub&y=U2FsdGVkX1+zbt24yhaRF/XyoPvKGjOO6fCwDvBlPT13xzncH2xu7Gw9OmfDKZvT HTTP/1.1" 200 97
186.102.99.111 - - [10/Sep/2023:11:35:34 -0500] "GET /kwssiamovil/sm/acme/s?s=U2FsdGVkX19hXrQp5KC56NBz8gnPMgcyD+/QHgXmOz/vJ8Bq93I/y53fUmacV653PXVzfootZwbBmMnxiACXyzLk/VgNt7zyv+bIc1/ZKwyRZC3daIg9erByd2qR5dzsLuMEVuFeJaolqLI6umb+dAqQS8xzYr3f5UIf5vhZXc/kEX9J1AI1SQPLc1ZyMB99j/Z31WEopzpMDR70k/meBUGhd7M/lCRbu+2qa0vmqlu642GRNkNkVmMf1D41bhavyuxXIXg534pt6NoHpJYbHZ0VmyXkvgnG88CNTKQYQ9ZCKHMNdbWKbpVXSzPu4L/K+A1Vfub+hO/bQjg/e73jA91DZ4oyxkC+uIqCvZ+MYZltg/y/dPYVtfOKlQyWqFkWyrpLDBbxgeeluFLdAtUW575x9TMljwBxMJTGWlQ4qK6qdQVN96+ohCrqDg6gSZ1HR2OJJMaDy+tswPTkUQc9YcijYN/R8IePEwNo9WuVNj8Etm+WLO4ljqogfRpz4qF30iw35mrZ12jU7DNCFNso/HA2SKCI0X8wuvLDO3oO1cX3nhHLJ7um1sviqQlO9jZy0eDK1ZaYnp1xyER6BR7+UrV7jhBnxwhNAy81qCMDCXwnSitT8r+oCQpGhR6WqT54njymZS+pSzz6c79TAm5sHZcWV2cKY0iNRkT7xy7TjFgzD3U/B8a4BELWTzqyYHN57FoUNATArr+nzUt7AdcZXZWaeEzGJFdrzLwU+WFZzracnlPMVMMGnZIUeOMI0lRO+AK7iCPVttB92OwKaURdy8PyhpQGwox2142jTJEpl1zL6lBFR7PxskzunjHiNlruA7BCM7gJJYzqcv9hCTNyOJhMWHoAQ5SJtusv6CnB+90MEZtaCRtfi8hJkajYAHq0Nq7YPpgjCYZDW7p2840huos9Mx6Od6SYzJXvi9QbXxlkdzYpkPTInVwpPzF/E64gsFifY7QSZ1Iv4bFmexMEkSEZ1gTsZXKiMG7s4Gj0P36aZ2tzSvswrERKypIXu8mbQX2Rj+Q+I+TKZPBmtia/dBU7zxpLiLEL85HVlmmc33aQXhCdnbAEOQD55p8/4AkSPe49dKRyuiH+9IBYxhgB6YwQUjMTycJ3gQ4Q72rjJPFRjqFD+YMafiYGICmnkj2VTpRd58vJ2HjlUlJSti/XhACRmV65fy/kxCeSZOLa4IIGtD4d+NO3Lqnmn1+S45Yrwc+6JyTM9YGXDUMsF6ppAs7g/e3iWlZrSyafIBNJ0ck52bt+RmfqHdfd5FjpR9PimqFuxOAhIJvSnUzjODW+HdooMh42Tvb/GmCnuvSgsql4uMuXaTaeWQ/h2iBIC/0Zq9XFyeHwNxZ737LyD+GrbSZR99l+SnNrsackP258pwdJxdWZRVvlPxk5Z+Fpq0bsIMYLWk8EOjGAahKSiNfqCI96L5x1cSQ9Z5gqdPepuZwOVNTP+o2rNWP6yaABiS3NSMdU5a4q5VR+ZCyox6QDJ8M2IQDv+hqt7DYkdjbcUmJp4oAlcWSMMVVUd06uGRuKT52MxSj+1t6O86FEpLBwjpmhLhEnlQspRVZxFbDxTXTg/7t4IgEu3aPI1GcSpJ2ZdSbFpdIj8EKMiWryXZpbDNl3zCmr+XK0oErqYAOV4KGne+VHcokC6+T4XcyfRzP6oAw5TxVh++GqZgOyZw6iIbWjtwcSGBUHgRyAh1JNbaMbVYUU39SeDsZMOd4oqQexcbvJV2B3V1m0GQ7rtjHW3vdNLGLvPgjbDiRqxLPgDcPqe4K2M+BqDv6J+1rIrSwk&u=U2FsdGVkX190etCgswzqXKvJJ/hhFL8c6ukD9JgN5H9F2dyfO9meRmWVYrwl5/Ub&y=U2FsdGVkX1+zbt24yhaRF/XyoPvKGjOO6fCwDvBlPT13xzncH2xu7Gw9OmfDKZvT HTTP/1.1" 200 572
186.102.99.111 - - [10/Sep/2023:11:35:36 -0500] "GET /kwssiamovil/sm/acme/s?s=U2FsdGVkX1+jsNw0fZWqYrawfP2iSsQemwzCYMg7hrj0eDupiNMuWmv+gpG5jZMD3REjyeWn2bDnp6Datax+mPIewRKqo4bcmzShgIu341C9Wk1ut1yAPRNJkpfGxrAE1rZfbN1zmkHaS3P6hxIZzWp979rhN3aqPtYLdMUOf9I8opoVXdpmWDyxFbaeILSzNZMqLZ940Ge7H9UzzjBhajpcyZ57tsy9+zC/BmdBfLz3xRSH/2ZR19ZJpcTdAvqfTzmcZ27yJBngn4YuDA5AHrDAXsm4iH8KvgD+4us4EYrs/5oumFaO4nyT9z7Ey54zLCTvXwiC/xkyjnOOqt5KHbZ+u0AZHRNI5GNEmVx8uh8QalPMYWOstGAv/riqhV6vjV48Pa3NDLNY5jsz7aChPB0qBBRPL3of43cG7Zm6StaOcfsAZ7GjRhW7PykL4EbdzQ88uxtU6Sb5tclr6JHLE82pTnNQpxce6tjH2nYH4rT1KZi0YnqD6JvuWEUVlPYETxRZ6Su6YfwZyDWVvyWQR/86pLlSPH2wCp/3WZiBayvP11apsJPgEGCLUcyXEGpGzcQVJriO6Zq3ilaZV0bQhbiRAEZUEsKRM0wIvsfhgRVuR003jQC6lQNRtDPHcxkVj1kIxB9nxxPBYBQhi14d2i75Kzz4CUITmDyfjhLPYbnJF64hYnhnD9iBlt1rQIEIVztTMQ6zXRTRFIaxMtxeaWRpRf7jMAVQPghccoD4HDOz8+puSIEimbSEJffr4VoE6FNRU/20khuBgxOIH7DcDQ==&u=U2FsdGVkX190etCgswzqXKvJJ/hhFL8c6ukD9JgN5H9F2dyfO9meRmWVYrwl5/Ub&y=U2FsdGVkX1+zbt24yhaRF/XyoPvKGjOO6fCwDvBlPT13xzncH2xu7Gw9OmfDKZvT HTTP/1.1" 200 352
185.180.143.81 - - [10/Sep/2023:11:35:45 -0500] "GET /webfig/ HTTP/1.1" 404 1018
186.102.99.111 - - [10/Sep/2023:11:35:39 -0500] "GET /kwssiamovil/sm/cjson/pre?f=9&x=U2FsdGVkX1/ViYhtgYRs4qJ/Xx7cpBpvmha8Z/7FxXaZkcJFly68LiWXRMUmMOLBZp41Ef0jgpvCCsnCo1CFxA== HTTP/1.1" 200 25142
186.102.99.111 - - [10/Sep/2023:11:35:42 -0500] "GET /kwssiamovil/sm/cjson/pre?f=18&x=U2FsdGVkX1/ViYhtgYRs4qJ/Xx7cpBpvmha8Z/7FxXaZkcJFly68LiWXRMUmMOLBZp41Ef0jgpvCCsnCo1CFxA== HTTP/1.1" 200 32849
172.22.2.4 - - [10/Sep/2023:11:34:12 -0500] "HEAD /BLA/boletinlegal/ HTTP/1.1" 200 -
185.180.143.81 - - [10/Sep/2023:11:36:03 -0500] "GET /admin/ HTTP/1.1" 404 1018
185.180.143.81 - - [10/Sep/2023:11:36:03 -0500] "GET / HTTP/1.1" 200 319
185.180.143.81 - - [10/Sep/2023:11:36:03 -0500] "GET /static/historypage.js HTTP/1.1" 404 1018
216.245.221.92 - - [10/Sep/2023:11:36:07 -0500] "HEAD / HTTP/1.1" 200 -
185.180.143.81 - - [10/Sep/2023:11:36:19 -0500] "GET /cgi-bin/authLogin.cgi HTTP/1.1" 404 1018
186.28.117.190 - - [10/Sep/2023:11:36:20 -0500] "GET /BLA/resoluciones/AUTOS%202018/1398.pdf HTTP/1.1" 200 294405
185.180.143.81 - - [10/Sep/2023:11:36:35 -0500] "HEAD /icons/sphere1.png HTTP/1.1" 200 -
185.180.143.81 - - [10/Sep/2023:11:36:35 -0500] "HEAD /icons/.%%32%65/.%%32%65/apache2/icons/non-existant-image.png HTTP/1.1" 400 -
185.180.143.81 - - [10/Sep/2023:11:36:35 -0500] "HEAD /icons/.%%32%65/.%%32%65/apache2/icons/sphere1.png HTTP/1.1" 400 -
185.180.143.81 - - [10/Sep/2023:11:36:35 -0500] "HEAD /icons/.%2e/%2e%2e/apache2/icons/sphere1.png HTTP/1.1" 400 -
185.180.143.81 - - [10/Sep/2023:11:36:36 -0500] "GET /solr/ HTTP/1.1" 404 1018
216.244.66.195 - - [10/Sep/2023:11:36:43 -0500] "GET /transparencia/directorioservidores/2017/septiembre.xlsx HTTP/1.1" 200 88755
172.22.2.4 - - [10/Sep/2023:11:35:03 -0500] "GET /BLA/boletinlegal/ HTTP/1.1" 200 57790
185.180.143.81 - - [10/Sep/2023:11:36:50 -0500] "GET /Telerik.Web.UI.WebResource.axd?type=rau HTTP/1.1" 404 1018
185.180.143.81 - - [10/Sep/2023:11:37:03 -0500] "GET /showLogin.cc HTTP/1.1" 404 1018
185.180.143.81 - - [10/Sep/2023:11:37:15 -0500] "GET /api/session/properties HTTP/1.1" 404 1018
185.180.143.81 - - [10/Sep/2023:11:37:28 -0500] "GET / HTTP/1.1" 200 319
186.102.99.111 - - [10/Sep/2023:11:37:28 -0500] "GET /kwssiamovil/sm/acme/u?s=U2FsdGVkX19NyxRGg92Loqk7ErYyxzUi2JukO86QzgrbAR/Loc+6HhGFfcqKwn4sc9kGkFDSdeW/U5fZ0xQWGcTXrtr6erdnAbHxQ+0Uu5mgaZPDz0DJR/eRmVazDtGxkivNbi78PLUviYZJIkqASkmAhkyamRStytkD2GKNG3EZfhZ8wSTV2X+7VMlDIBEg/7KH/HVCJ8voyNArQXvnUfVFZ6myEbg3nHYxoJCiRPY=&u=U2FsdGVkX190etCgswzqXKvJJ/hhFL8c6ukD9JgN5H9F2dyfO9meRmWVYrwl5/Ub&y=U2FsdGVkX1+zbt24yhaRF/XyoPvKGjOO6fCwDvBlPT13xzncH2xu7Gw9OmfDKZvT HTTP/1.1" 200 60
186.102.99.111 - - [10/Sep/2023:11:37:28 -0500] "GET /kwssiamovil/sm/acme/u?s=U2FsdGVkX1/CHU08KtAoN3GfBPDUQKXacEiYGUaZuNaeqDOKXWvKqa1kiT4cNmj1mmhgb9OpmJQayhpUFbekh19cIpSqYQS6Ii11R06GkoMoGHFWW85eooJEeQKrDWo7zVHMcwgbmxp8if24ogcSndDPNcwrnuwlQUAMucZ6M4YcFHXtIT1z3ZyXdUbCpJ+EVJ3no5EJgQrhWDg6fuDRyl59E+aPEfmMBKtgZ1ThgMY=&u=U2FsdGVkX190etCgswzqXKvJJ/hhFL8c6ukD9JgN5H9F2dyfO9meRmWVYrwl5/Ub&y=U2FsdGVkX1+zbt24yhaRF/XyoPvKGjOO6fCwDvBlPT13xzncH2xu7Gw9OmfDKZvT HTTP/1.1" 200 60
186.102.99.111 - - [10/Sep/2023:11:37:28 -0500] "GET /kwssiamovil/sm/acme/u?s=U2FsdGVkX18w8D7rOQ/IbpOwvYB5xdanqPbip9RtVs/rROZ0TcbxsEsGiMqVAtBkZFnXcUXSfmAzABEX6ENOzzFfhbZ/YC/InD9RPvCMFHKcKNUnnPWRagB3YckA6apOoWztMQekJZUjnm21OgYPueolnBfKWQJHAHa08Ey0GcajAdR+0Bd2Cnoyq57UJtm3URt+8MLVV9pod98aj3cLYCTSSt2EfF3Vm3UxvQjWD7U=&u=U2FsdGVkX190etCgswzqXKvJJ/hhFL8c6ukD9JgN5H9F2dyfO9meRmWVYrwl5/Ub&y=U2FsdGVkX1+zbt24yhaRF/XyoPvKGjOO6fCwDvBlPT13xzncH2xu7Gw9OmfDKZvT HTTP/1.1" 200 60
186.102.99.111 - - [10/Sep/2023:11:37:28 -0500] "GET /kwssiamovil/sm/acme/u?s=U2FsdGVkX19MNNfFKBOUFHHGIMlTQ56ryyTLEBkSoGtEaC/2gzq42ahEn639x0H4zO/KU/FdclSpx31KETjxv11zTwqB/SfEdPP0umCa4S9Dlytbm85HDHJFEHCExfWpx3LLboMv8HG4cp7kwqK7GItjQBfXetFX3CyTPhNQ92Ss4VzcENDtKfOFKfmTtpyB6qBIzQqVXMp7AOeP53p1KfOTiB0rTS3kl0qrvd0eqbE=&u=U2FsdGVkX190etCgswzqXKvJJ/hhFL8c6ukD9JgN5H9F2dyfO9meRmWVYrwl5/Ub&y=U2FsdGVkX1+zbt24yhaRF/XyoPvKGjOO6fCwDvBlPT13xzncH2xu7Gw9OmfDKZvT HTTP/1.1" 200 60
201.245.192.253 - - [10/Sep/2023:11:37:23 -0500] "POST /kwsrmcab/Wsrmcab  HTTP/1.1" 200 42865
201.245.192.253 - - [10/Sep/2023:11:38:33 -0500] "POST /kwsrmcab/Wsrmcab  HTTP/1.1" 200 42865
201.245.192.253 - - [10/Sep/2023:11:38:40 -0500] "POST /kwsrmcab/Wsrmcab HTTP/1.1" 200 37291
201.245.192.253 - - [10/Sep/2023:11:38:43 -0500] "POST /kwsrmcab/Wsrmcab HTTP/1.1" 200 41430
191.102.117.217 - - [10/Sep/2023:11:38:46 -0500] "GET /forest/ HTTP/1.1" 200 12041
191.102.117.217 - - [10/Sep/2023:11:38:50 -0500] "POST /forest/index.php HTTP/1.1" 200 12268
179.43.191.194 - - [10/Sep/2023:11:39:05 -0500] "POST /boaform/admin/formLogin HTTP/1.1" 404 1186
201.245.192.253 - - [10/Sep/2023:11:39:40 -0500] "POST /kwsrmcab/Wsrmcab  HTTP/1.1" 200 42865
216.245.221.92 - - [10/Sep/2023:11:41:07 -0500] "HEAD / HTTP/1.1" 200 -
172.22.2.4 - - [10/Sep/2023:11:40:02 -0500] "HEAD /BLA/boletinlegal/ HTTP/1.1" 200 -
52.167.144.25 - - [10/Sep/2023:11:41:49 -0500] "GET /BLA/resoluciones/AUTOS%202023/5311.pdf HTTP/1.1" 200 373498
66.249.70.196 - - [10/Sep/2023:11:42:16 -0500] "GET /Residuos/cosmeticos/files/guia_cosmeticos-aseo.pdf HTTP/1.1" 200 13926317
172.22.2.4 - - [10/Sep/2023:11:40:54 -0500] "GET /BLA/boletinlegal/ HTTP/1.1" 200 58597
69.63.184.2 - - [10/Sep/2023:11:43:05 -0500] "GET /distrito-inicia-pavimentacion-de-vias-para-mejorar-la-calidad-del-aire-de-bogota.html HTTP/1.1" 200 970
69.63.184.119 - - [10/Sep/2023:11:43:11 -0500] "GET /secretaria-de-ambiente-impone-medidas-preventivas-a-un-privado-que-utilizaba-un-area-protegida-para-promocionar-proyectos.html HTTP/1.1" 200 866
201.245.192.253 - - [10/Sep/2023:11:44:39 -0500] "POST /kwsrmcab/Wsrmcab  HTTP/1.1" 200 14501
172.22.2.4 - - [10/Sep/2023:11:45:13 -0500] "GET /BLA/boletinlegal/jurisprudencia/analisis/AnalisisT-606-15.docx HTTP/1.1" 200 26698
172.22.2.4 - - [10/Sep/2023:11:45:13 -0500] "GET /BLA/boletinlegal/apple-touch-icon-120x120-precomposed.png HTTP/1.1" 404 1140
172.22.2.4 - - [10/Sep/2023:11:45:13 -0500] "GET /BLA/boletinlegal/apple-touch-icon-120x120.png HTTP/1.1" 404 1140
172.22.2.4 - - [10/Sep/2023:11:45:13 -0500] "GET /BLA/boletinlegal/apple-touch-icon-precomposed.png HTTP/1.1" 404 1140
172.22.2.4 - - [10/Sep/2023:11:45:14 -0500] "GET /BLA/boletinlegal/apple-touch-icon.png HTTP/1.1" 404 1140
172.22.2.4 - - [10/Sep/2023:11:45:14 -0500] "GET /BLA/boletinlegal/favicon.ico HTTP/1.1" 404 1140
172.22.2.4 - - [10/Sep/2023:11:45:14 -0500] "GET /BLA/boletinlegal/apple-touch-icon-120x120-precomposed.png HTTP/1.1" 404 1140
172.22.2.4 - - [10/Sep/2023:11:45:14 -0500] "GET /BLA/boletinlegal/apple-touch-icon-120x120.png HTTP/1.1" 404 1140
172.22.2.4 - - [10/Sep/2023:11:45:14 -0500] "GET /BLA/boletinlegal/apple-touch-icon-precomposed.png HTTP/1.1" 404 1140
172.22.2.4 - - [10/Sep/2023:11:45:14 -0500] "GET /BLA/boletinlegal/apple-touch-icon.png HTTP/1.1" 404 1140
172.22.2.4 - - [10/Sep/2023:11:45:14 -0500] "GET /BLA/boletinlegal/favicon.ico HTTP/1.1" 404 1140
201.245.192.253 - - [10/Sep/2023:11:45:48 -0500] "POST /kwsrmcab/Wsrmcab  HTTP/1.1" 200 14501
216.245.221.92 - - [10/Sep/2023:11:46:07 -0500] "HEAD / HTTP/1.1" 200 -
201.245.192.253 - - [10/Sep/2023:11:46:56 -0500] "POST /kwsrmcab/Wsrmcab  HTTP/1.1" 200 42865
172.22.2.4 - - [10/Sep/2023:11:45:54 -0500] "HEAD /BLA/boletinlegal/ HTTP/1.1" 200 -
201.245.192.253 - - [10/Sep/2023:11:48:01 -0500] "POST /kwsrmcab/Wsrmcab  HTTP/1.1" 200 42865
172.22.2.4 - - [10/Sep/2023:11:46:45 -0500] "GET /BLA/boletinlegal/ HTTP/1.1" 200 60342
186.154.166.86 - - [10/Sep/2023:11:50:56 -0500] "GET /appsia/controlador HTTP/1.1" 200 4799
186.154.166.86 - - [10/Sep/2023:11:50:57 -0500] "GET /appsia/css/estilos.css HTTP/1.1" 200 4804
186.154.166.86 - - [10/Sep/2023:11:50:57 -0500] "GET /appsia/scripts/validarIngreso.js HTTP/1.1" 200 851
186.154.166.86 - - [10/Sep/2023:11:50:57 -0500] "GET /appsia/images/logo_bogota_p.png HTTP/1.1" 200 14951
186.154.166.86 - - [10/Sep/2023:11:50:57 -0500] "GET /appsia/images/cabezoteHojaVida.png HTTP/1.1" 200 32493
186.154.166.86 - - [10/Sep/2023:11:50:57 -0500] "GET /favicon.ico HTTP/1.1" 200 7782
216.245.221.92 - - [10/Sep/2023:11:51:07 -0500] "HEAD / HTTP/1.1" 200 -
167.94.138.34 - - [10/Sep/2023:11:51:12 -0500] "GET / HTTP/1.1" 200 319
167.94.138.34 - - [10/Sep/2023:11:51:12 -0500] "GET / HTTP/1.1" 200 319
167.94.138.34 - - [10/Sep/2023:11:51:13 -0500] "PRI * HTTP/2.0" 400 946
167.94.138.34 - - [10/Sep/2023:11:51:13 -0500] "GET /favicon.ico HTTP/1.1" 200 7782
186.154.166.86 - - [10/Sep/2023:11:51:20 -0500] "GET /sipse/faces/index.xhtml HTTP/1.1" 200 677
186.154.166.86 - - [10/Sep/2023:11:51:20 -0500] "GET /sipse/faces/javax.faces.resource/theme.css?ln=primefaces-sipse HTTP/1.1" 200 50058
66.249.66.193 - - [10/Sep/2023:11:51:27 -0500] "GET /robots.txt HTTP/1.1" 404 1034
66.249.66.194 - - [10/Sep/2023:11:51:27 -0500] "GET /conoce-las- HTTP/1.1" 404 1034
66.249.66.194 - - [10/Sep/2023:11:51:28 -0500] "GET /secretaria-de-ambiente-invita-al-conversatorio-sobre-publicidad-exterior-electoral.html HTTP/1.1" 304 -
216.244.66.195 - - [10/Sep/2023:11:51:54 -0500] "GET /BLA/resoluciones/RESOLUCIONES%202019/1554.pdf HTTP/1.1" 200 260085
216.244.66.195 - - [10/Sep/2023:11:52:35 -0500] "GET /BLA/resoluciones/RESOLUCIONES%202019/1736.pdf HTTP/1.1" 200 286741
201.245.192.253 - - [10/Sep/2023:11:52:59 -0500] "POST /kwsrmcab/Wsrmcab  HTTP/1.1" 200 42865
216.244.66.195 - - [10/Sep/2023:11:53:18 -0500] "GET /BLA/resoluciones/RESOLUCIONES%202019/2298.pdf HTTP/1.1" 200 329203
172.22.2.4 - - [10/Sep/2023:11:51:44 -0500] "HEAD /BLA/boletinlegal/ HTTP/1.1" 200 -
216.244.66.195 - - [10/Sep/2023:11:54:03 -0500] "GET /BLA/resoluciones/RESOLUCIONES%202019/2436.pdf HTTP/1.1" 200 408612
172.22.2.4 - - [10/Sep/2023:11:52:35 -0500] "GET /BLA/boletinlegal/ HTTP/1.1" 200 60692
216.244.66.195 - - [10/Sep/2023:11:54:43 -0500] "GET /BLA/resoluciones/RESOLUCIONES%202019/2571.pdf HTTP/1.1" 200 287827
173.252.79.1 - - [10/Sep/2023:11:54:54 -0500] "GET /images/pieza-voluntariado-ambiental.jpeg HTTP/1.1" 200 51125
162.55.165.184 - - [10/Sep/2023:11:55:22 -0500] "GET / HTTP/1.1" 200 319
216.244.66.195 - - [10/Sep/2023:11:55:24 -0500] "GET /BLA/resoluciones/RESOLUCIONES%202019/2897.pdf HTTP/1.1" 200 884087
216.245.221.92 - - [10/Sep/2023:11:56:07 -0500] "HEAD / HTTP/1.1" 200 -
216.244.66.195 - - [10/Sep/2023:11:56:14 -0500] "GET /BLA/resoluciones/RESOLUCIONES%202019/3187.pdf HTTP/1.1" 200 1287095
216.244.66.195 - - [10/Sep/2023:11:57:06 -0500] "GET /BLA/resoluciones/RESOLUCIONES%202019/3557.pdf HTTP/1.1" 200 243576
216.244.66.195 - - [10/Sep/2023:11:57:38 -0500] "GET /BLA/resoluciones/RESOLUCIONES%202019/3779.pdf HTTP/1.1" 200 323675
201.245.192.253 - - [10/Sep/2023:11:57:57 -0500] "POST /kwsrmcab/Wsrmcab  HTTP/1.1" 200 42865
52.167.144.192 - - [10/Sep/2023:11:58:20 -0500] "GET /BLA/resoluciones/Notificaciones/AUTOS%202017/1154.pdf HTTP/1.1" 200 287920
216.244.66.195 - - [10/Sep/2023:11:58:21 -0500] "GET /BLA/resoluciones/AUTOS%202016/1026.pdf HTTP/1.1" 200 541135
216.244.66.195 - - [10/Sep/2023:11:58:59 -0500] "GET /BLA/resoluciones/RESOLUCIONES%202017/0009.pdf HTTP/1.1" 200 1168102
52.167.144.19 - - [10/Sep/2023:11:59:09 -0500] "GET /images/Llantaton-2023-06-08.jpg HTTP/1.1" 200 58634
172.22.2.4 - - [10/Sep/2023:11:57:34 -0500] "HEAD /BLA/boletinlegal/ HTTP/1.1" 200 -
216.244.66.195 - - [10/Sep/2023:11:59:45 -0500] "GET /BLA/resoluciones/RESOLUCIONES%202017/0981.pdf HTTP/1.1" 200 316011
172.22.2.4 - - [10/Sep/2023:11:58:24 -0500] "GET /BLA/boletinlegal/ HTTP/1.1" 200 57790
216.244.66.195 - - [10/Sep/2023:12:00:19 -0500] "GET /BLA/resoluciones/RESOLUCIONES%202017/1095.pdf HTTP/1.1" 200 335333
216.245.221.92 - - [10/Sep/2023:12:01:07 -0500] "HEAD / HTTP/1.1" 200 -
201.245.192.253 - - [10/Sep/2023:12:02:56 -0500] "POST /kwsrmcab/Wsrmcab  HTTP/1.1" 200 42865
172.22.2.4 - - [10/Sep/2023:12:04:23 -0500] "GET /BLA/boletinlegal/jurisprudencia/analisis/CUADRO%20ANALISIS%20SENTENCIA%20T-411%20DE%201992.doc HTTP/1.1" 200 41984
172.22.2.4 - - [10/Sep/2023:12:03:24 -0500] "HEAD /BLA/boletinlegal/ HTTP/1.1" 200 -
172.22.2.4 - - [10/Sep/2023:12:04:15 -0500] "GET /BLA/boletinlegal/ HTTP/1.1" 200 58597
216.245.221.92 - - [10/Sep/2023:12:06:07 -0500] "HEAD / HTTP/1.1" 200 -
40.77.167.49 - - [10/Sep/2023:12:07:19 -0500] "GET /BLA/resoluciones/AUTOS%202021/3624.pdf HTTP/1.1" 304 -
216.244.66.195 - - [10/Sep/2023:12:07:40 -0500] "GET /robots.txt HTTP/1.1" 404 1018
201.245.192.253 - - [10/Sep/2023:12:07:55 -0500] "POST /kwsrmcab/Wsrmcab  HTTP/1.1" 200 42865
172.22.2.4 - - [10/Sep/2023:12:09:14 -0500] "HEAD /BLA/boletinlegal/ HTTP/1.1" 200 -
216.245.221.92 - - [10/Sep/2023:12:11:07 -0500] "HEAD / HTTP/1.1" 200 -
172.22.2.4 - - [10/Sep/2023:12:10:04 -0500] "GET /BLA/boletinlegal/ HTTP/1.1" 200 60692
201.245.192.253 - - [10/Sep/2023:12:12:54 -0500] "POST /kwsrmcab/Wsrmcab  HTTP/1.1" 200 42865
173.252.87.8 - - [10/Sep/2023:12:13:07 -0500] "GET /images/prueba3.jpeg HTTP/1.1" 200 88955
173.252.107.5 - - [10/Sep/2023:12:13:08 -0500] "GET /images/Cabildo1.jpeg HTTP/1.1" 200 32341
69.171.251.6 - - [10/Sep/2023:12:13:08 -0500] "GET /images/pieza-grafica-noviembre-17.jpg HTTP/1.1" 200 48558
173.252.87.120 - - [10/Sep/2023:12:13:17 -0500] "GET /aprende-a-conocer-el-boletin-legal-ambiental.html HTTP/1.1" 200 892
216.245.221.92 - - [10/Sep/2023:12:16:07 -0500] "HEAD / HTTP/1.1" 200 -
172.22.2.4 - - [10/Sep/2023:12:15:04 -0500] "HEAD /BLA/boletinlegal/ HTTP/1.1" 200 -
172.22.2.4 - - [10/Sep/2023:12:15:54 -0500] "GET /BLA/boletinlegal/ HTTP/1.1" 200 60692
201.245.192.253 - - [10/Sep/2023:12:17:53 -0500] "POST /kwsrmcab/Wsrmcab  HTTP/1.1" 200 42865
201.245.192.253 - - [10/Sep/2023:12:18:40 -0500] "POST /kwsrmcab/Wsrmcab HTTP/1.1" 200 38554
201.245.192.253 - - [10/Sep/2023:12:18:43 -0500] "POST /kwsrmcab/Wsrmcab HTTP/1.1" 200 41430
216.244.66.195 - - [10/Sep/2023:12:19:46 -0500] "GET /BLA/resoluciones/index.php?dir=AUTOS%202004/&sort=date&order=asc HTTP/1.1" 200 2786
181.130.48.187 - - [10/Sep/2023:12:19:47 -0500] "GET /abierta-convocatoria-para-postular-a-organizaciones-que-desarrollan-actividades-de-voluntariado-ambiental-en-bogota.html HTTP/1.1" 200 880
216.245.221.92 - - [10/Sep/2023:12:21:07 -0500] "HEAD / HTTP/1.1" 200 -
40.77.167.152 - - [10/Sep/2023:12:22:02 -0500] "GET /Publicaciones/2023EE206272.pdf HTTP/1.1" 200 2769010
172.22.2.4 - - [10/Sep/2023:12:20:54 -0500] "HEAD /BLA/boletinlegal/ HTTP/1.1" 200 -
201.245.192.253 - - [10/Sep/2023:12:22:52 -0500] "POST /kwsrmcab/Wsrmcab  HTTP/1.1" 200 42865
186.29.35.167 - - [10/Sep/2023:12:23:06 -0500] "GET /BLA/resoluciones/ HTTP/1.1" 200 13696
186.29.35.167 - - [10/Sep/2023:12:23:06 -0500] "GET /BLA/resoluciones/dlf/folder.png HTTP/1.1" 200 410
186.29.35.167 - - [10/Sep/2023:12:23:06 -0500] "GET /BLA/resoluciones/dlf/styles.css HTTP/1.1" 200 3049
186.29.35.167 - - [10/Sep/2023:12:23:06 -0500] "GET /BLA/resoluciones/dlf/bg.gif HTTP/1.1" 200 54
186.29.35.167 - - [10/Sep/2023:12:23:06 -0500] "GET /favicon.ico HTTP/1.1" 200 7782
186.29.35.167 - - [10/Sep/2023:12:23:22 -0500] "GET /BLA/resoluciones/dlf/dirup.png HTTP/1.1" 200 644
186.29.35.167 - - [10/Sep/2023:12:23:22 -0500] "GET /BLA/resoluciones/dlf/pdf.gif HTTP/1.1" 200 272
186.29.35.167 - - [10/Sep/2023:12:23:22 -0500] "GET /BLA/resoluciones/dlf/unknown.png HTTP/1.1" 200 266
186.29.35.167 - - [10/Sep/2023:12:23:22 -0500] "GET /BLA/resoluciones/index.php?dir=RESOLUCIONES+2016%2F HTTP/1.1" 200 172156
172.22.2.4 - - [10/Sep/2023:12:21:44 -0500] "GET /BLA/boletinlegal/ HTTP/1.1" 200 60342
186.29.35.167 - - [10/Sep/2023:12:23:31 -0500] "GET /BLA/resoluciones/dlf/archive.png HTTP/1.1" 200 632
186.29.35.167 - - [10/Sep/2023:12:23:31 -0500] "GET /BLA/resoluciones/index.php?dir=RESOLUCIONES+2019%2F HTTP/1.1" 200 258011
216.245.221.92 - - [10/Sep/2023:12:26:07 -0500] "HEAD / HTTP/1.1" 200 -
216.244.66.195 - - [10/Sep/2023:12:26:46 -0500] "GET /transparencia/directorioservidores/noviembre2015.xlsx HTTP/1.1" 200 36996
186.102.86.238 - - [10/Sep/2023:12:27:23 -0500] "GET /kwssiamovil/sm/ldap/au?x=U2FsdGVkX18QpLOCEuVFeHcNInxDp7JWY5Tefb+mkJTxsTmzrwy+SnNqjJG3xYDn&y=U2FsdGVkX18TvCXvUK7IyMFD6uFbijmRxq5mvGRM0dI= HTTP/1.1" 200 30
186.102.86.238 - - [10/Sep/2023:12:27:23 -0500] "GET /kwssiamovil/sm/acme/s?s=U2FsdGVkX19b3rja0at6jXjlh930e2YCtfc4pKzffiWc/q5UOoPHbFFUIc9fzWBUadhGOgSucZGuEQGb2fHoKxUU61OB8exWUKtsX0zHZCI=&u=U2FsdGVkX19TnnBbcBcmpJ3471udfSJYjVLtZWPoCWE=&y=U2FsdGVkX18TvCXvUK7IyMFD6uFbijmRxq5mvGRM0dI= HTTP/1.1" 200 97
186.102.86.238 - - [10/Sep/2023:12:27:23 -0500] "GET /kwssiamovil/sm/acme/s?s=U2FsdGVkX1+HqPNeioQzp5QhARhU7eMMnSTpWBENJiJlaw8ct8eo4mMcQkh9OnPqFxWRdGnvh+mJXhKTfo55dgo9TWZWDFKmqXJeMjZ2/NygGHIv0QJmZE+fzW1akzjJ0w18nwhuoM606dVEctzMeWKVm1SglBqPR88hlMcWkBsPS93ueZrLAUnG6dwfHKenVPNbDMhECD1a7VJki5k/F3GUGnq7GL9y1ciEeS0MT9m6ioL3eAV+tHU/ZVzIbqIFAbC1sy9hcm5/kt4TuVFRRuiaijyPFLteE1wy0J+4u+EXUTzKPsHLz9FRjRg8/iSy1+mKHfIXeSfe/zYkusqRPyFuYlSiRkgf9OSMonwdwTDuEF+cb9rRBtpZ1hFnlec3alMTkL2sBhpdnbDxQrCn4XeeGCtonBY8p2voKGcvAuYkwQcJbV73Y8icLmmKWcBEbJkap3236q5wYUYRCoLNcQI5AmJVpX0VTcqLAwYPpVrNs0DdPkRqEMkP3nsSXyoG7NmywqsBCS9szN4U9BizQs1p6V93dv0/9Yhui9ACptC5GgnOE1QJl4ZxkdmCZd8x18fw+rnQkW4IUzw/uc5ktped8MW5kEE3goMnahryIJj2fy6NG+Xoq7e5Ic3snVzoYFX/JITeiPcQEbdYhMvUBHtOJ9NMwcd9fG7OWMDJMEtQuxGmCaKLGiKDfUF7NZ6GEjiOnSNmkN151WP1YbCAwDaBGPI8MGV7xrV6CxuULh9De1Bp8Czs1u+pG7u961jTFkErURD7uyRfk3R1oP6xlcFwGS8naYLwhFS+mAQENuPj3dprWEv1GLbv9AAbYwrgT7rrh2ZGp1MqjxCYfUCAluaySBMeTAs9pPetMlN5zPETV+j5vzfpUZelwtx5A3K6uTbgykYWT9H9MeymvVokBiAQcutXSo0LUiWovGmB6dTUnZqo7Ba+qNIV6E8AB+xkDIG4VMPwcaQTWySDVp9ERbS/2cpM+UWoYry/N8JmyyQeB4ovgtcUWULi7kHIr5XWeoDGO8Cz6ULuielaWnKzHEb+6j8ANtJd41tqC8eOb6yx2FKmB9IkjehAf5f6Z+aal1a6QthgZ4s5V2ttawMYrYWVTsQBTRp6lg58fifbBh3sM3bYjY4aIDkvPHElBpuIkgKCHyxR0G9SsxhqJpXyLndrqFP1enuDHo5Phk4/MYcz9YTvVMLjxpa/XKX5GKRsMpnHs3Ztra6FbtorkGGm5e7HvF9QSSPxc7wvp/cX9i68zxyeGQR7SNfNUkTdb8hMzu4lWXdaXySfTz2nolfHaM6LbnFDZPBNkRv2Iq6XAUdqTCI2imt6WjOQymVJhqzkN+sH4qc6dxwm0+exw7QeapxbzLcna0TajGW96atl1UMwOjG1OdeLfeOGEhq0LYvNYMSfzy/Ib6hQof6ZM5sJp+Pzdu16qn4YguXjZnK0LPs=&u=U2FsdGVkX19TnnBbcBcmpJ3471udfSJYjVLtZWPoCWE=&y=U2FsdGVkX18TvCXvUK7IyMFD6uFbijmRxq5mvGRM0dI= HTTP/1.1" 200 8257
186.102.86.238 - - [10/Sep/2023:12:27:24 -0500] "GET /kwssiamovil/sm/acme/s?s=U2FsdGVkX18Y0LAa6OtnV7k7C+pPQ2hM9LeyGMLtJuM8E/gV0DZAHb4ThEC0l65YqXh6M9y9BMnmYPvVGUZL2wc+punUH5v2cXchTVMocUl33IOcg6tbqK2lgJ0J2N0k/urw2EkeQPlMvxqtwfV3U5nOTrShzaLL7lkoHY9gHjTsPVIlBvHo0J5Mc9Ycavcjib+gcs4yl5g02ZWL21BldeN/+IRwryRmyIcDWVX/EkifxrqOhcz/pFY6vG3tSTWW+GcRwn6zSrJqGMCu9nb7NYkrMA6uKLUYEZ+70ccbXwlnE6RXx3DBo/Vdk/kWZ30nMoD8nmIXaRbG6RolsgsP8Q==&u=U2FsdGVkX19TnnBbcBcmpJ3471udfSJYjVLtZWPoCWE=&y=U2FsdGVkX18TvCXvUK7IyMFD6uFbijmRxq5mvGRM0dI= HTTP/1.1" 200 196
186.102.86.238 - - [10/Sep/2023:12:27:24 -0500] "GET /kwssiamovil/sm/cjson/pre?f=1&x=U2FsdGVkX18QpLOCEuVFeHcNInxDp7JWY5Tefb+mkJTxsTmzrwy+SnNqjJG3xYDn HTTP/1.1" 200 31032
201.245.192.253 - - [10/Sep/2023:12:27:51 -0500] "POST /kwsrmcab/Wsrmcab  HTTP/1.1" 200 42865
172.22.2.4 - - [10/Sep/2023:12:26:44 -0500] "HEAD /BLA/boletinlegal/ HTTP/1.1" 200 -
201.245.192.253 - - [10/Sep/2023:12:28:40 -0500] "POST /kwsrmcab/Wsrmcab HTTP/1.1" 200 38554
201.245.192.253 - - [10/Sep/2023:12:28:42 -0500] "POST /kwsrmcab/Wsrmcab HTTP/1.1" 200 41430
172.22.2.4 - - [10/Sep/2023:12:27:34 -0500] "GET /BLA/boletinlegal/ HTTP/1.1" 200 60342
216.245.221.92 - - [10/Sep/2023:12:31:07 -0500] "HEAD / HTTP/1.1" 200 -
201.245.192.253 - - [10/Sep/2023:12:32:50 -0500] "POST /kwsrmcab/Wsrmcab  HTTP/1.1" 200 42865
172.22.2.4 - - [10/Sep/2023:12:32:34 -0500] "HEAD /BLA/boletinlegal/ HTTP/1.1" 200 -
172.225.238.98 - - [10/Sep/2023:12:34:44 -0500] "GET /sipse/faces/faces/faces/faces/index.xhtml HTTP/1.1" 200 677
172.225.238.98 - - [10/Sep/2023:12:34:44 -0500] "GET /sipse/faces/javax.faces.resource/theme.css?ln=primefaces-sipse HTTP/1.1" 304 -
172.225.238.98 - - [10/Sep/2023:12:34:44 -0500] "GET /sipse/faces/faces/faces/faces/faces/autenticacion.xhtml HTTP/1.1" 200 12176
172.225.238.98 - - [10/Sep/2023:12:34:44 -0500] "GET /sipse/js/funciones.js HTTP/1.1" 304 -
172.225.238.98 - - [10/Sep/2023:12:34:45 -0500] "GET /sipse/faces/javax.faces.resource/layout/layout.css?ln=primefaces&v=4.0 HTTP/1.1" 304 -
172.225.238.98 - - [10/Sep/2023:12:34:45 -0500] "GET /sipse/faces/javax.faces.resource/jquery/jquery.js?ln=primefaces&v=4.0 HTTP/1.1" 304 -
172.225.238.98 - - [10/Sep/2023:12:34:45 -0500] "GET /sipse/css/custom_css_sg_prime_login.css HTTP/1.1" 304 -
172.225.238.98 - - [10/Sep/2023:12:34:45 -0500] "GET /sipse/css/custom_css_sg.css HTTP/1.1" 304 -
172.225.238.98 - - [10/Sep/2023:12:34:45 -0500] "GET /sipse/js/disable_browser_buttons.js HTTP/1.1" 304 -
172.225.238.98 - - [10/Sep/2023:12:34:45 -0500] "GET /sipse/faces/javax.faces.resource/primefaces.css?ln=primefaces&v=4.0 HTTP/1.1" 304 -
172.225.238.98 - - [10/Sep/2023:12:34:45 -0500] "GET /sipse/faces/javax.faces.resource/theme.css?ln=primefaces-sipse HTTP/1.1" 304 -
172.225.238.98 - - [10/Sep/2023:12:34:45 -0500] "GET /sipse/faces/javax.faces.resource/jquery/jquery-plugins.js?ln=primefaces&v=4.0 HTTP/1.1" 304 -
172.225.238.98 - - [10/Sep/2023:12:34:45 -0500] "GET /sipse/faces/javax.faces.resource/layout/layout.js?ln=primefaces&v=4.0 HTTP/1.1" 304 -
172.225.238.98 - - [10/Sep/2023:12:34:45 -0500] "GET /sipse/faces/javax.faces.resource/primefaces.js?ln=primefaces&v=4.0 HTTP/1.1" 304 -
172.225.238.98 - - [10/Sep/2023:12:34:45 -0500] "GET /sipse/css/imagen/logoSDG.png HTTP/1.1" 304 -
172.225.238.98 - - [10/Sep/2023:12:34:45 -0500] "GET /sipse/css/imagen/loginimg.png HTTP/1.1" 304 -
172.225.238.98 - - [10/Sep/2023:12:34:45 -0500] "GET /sipse/faces/javax.faces.resource/images/ui-icons_898989_256x240.png?ln=primefaces-aristo HTTP/1.1" 304 -
172.22.2.4 - - [10/Sep/2023:12:33:24 -0500] "GET /BLA/boletinlegal/ HTTP/1.1" 200 58187
216.245.221.92 - - [10/Sep/2023:12:36:07 -0500] "HEAD / HTTP/1.1" 200 -
201.245.192.253 - - [10/Sep/2023:12:37:49 -0500] "POST /kwsrmcab/Wsrmcab  HTTP/1.1" 200 42865
201.245.192.253 - - [10/Sep/2023:12:38:40 -0500] "POST /kwsrmcab/Wsrmcab HTTP/1.1" 200 38554
201.245.192.253 - - [10/Sep/2023:12:38:43 -0500] "POST /kwsrmcab/Wsrmcab HTTP/1.1" 200 41430
52.167.144.211 - - [10/Sep/2023:12:39:24 -0500] "GET /Publicaciones/2023EE206530.pdf HTTP/1.1" 200 419166
172.22.2.4 - - [10/Sep/2023:12:38:24 -0500] "HEAD /BLA/boletinlegal/ HTTP/1.1" 200 -
172.22.2.4 - - [10/Sep/2023:12:39:14 -0500] "GET /BLA/boletinlegal/ HTTP/1.1" 200 58187
216.245.221.92 - - [10/Sep/2023:12:41:07 -0500] "HEAD / HTTP/1.1" 200 -
216.244.66.195 - - [10/Sep/2023:12:42:44 -0500] "GET /BLA/resoluciones/RESOLUCIONES%202019/0154.pdf HTTP/1.1" 200 330074
201.245.192.253 - - [10/Sep/2023:12:42:48 -0500] "POST /kwsrmcab/Wsrmcab  HTTP/1.1" 200 42865
172.22.2.4 - - [10/Sep/2023:12:43:19 -0500] "GET /BLA/boletinlegal/jurisprudencia/analisis/AnalisisT-095-16.docx HTTP/1.1" 200 20284
216.244.66.195 - - [10/Sep/2023:12:43:26 -0500] "GET /BLA/resoluciones/RESOLUCIONES%202019/2052.pdf HTTP/1.1" 200 288292
216.244.66.195 - - [10/Sep/2023:12:44:04 -0500] "GET /BLA/resoluciones/RESOLUCIONES%202019/2280.pdf HTTP/1.1" 200 338587
216.244.66.195 - - [10/Sep/2023:12:44:35 -0500] "GET /BLA/resoluciones/RESOLUCIONES%202019/2346.pdf HTTP/1.1" 200 256611
66.220.149.117 - - [10/Sep/2023:12:44:53 -0500] "GET /images/Acuerdos%2001%20(1)%20(1).jpeg HTTP/1.1" 200 32884
216.244.66.195 - - [10/Sep/2023:12:45:14 -0500] "GET /BLA/resoluciones/RESOLUCIONES%202019/2547.pdf HTTP/1.1" 200 289731
216.244.66.195 - - [10/Sep/2023:12:45:48 -0500] "GET /BLA/resoluciones/RESOLUCIONES%202019/2570.pdf HTTP/1.1" 200 280755
172.22.2.4 - - [10/Sep/2023:12:44:14 -0500] "HEAD /BLA/boletinlegal/ HTTP/1.1" 200 -
216.245.221.92 - - [10/Sep/2023:12:46:07 -0500] "HEAD / HTTP/1.1" 200 -
216.244.66.195 - - [10/Sep/2023:12:46:27 -0500] "GET /BLA/resoluciones/RESOLUCIONES%202019/2954.pdf HTTP/1.1" 200 484120
190.85.197.173 - - [10/Sep/2023:12:46:32 -0500] "GET /guadalupe-aguanoso-un-nuevo-tramo-de-camino-para-disfrutar-en-los-cerros-orientales.html HTTP/1.1" 200 795
172.22.2.4 - - [10/Sep/2023:12:45:04 -0500] "GET /BLA/boletinlegal/ HTTP/1.1" 200 60342
216.244.66.195 - - [10/Sep/2023:12:47:06 -0500] "GET /BLA/resoluciones/RESOLUCIONES%202019/3044.pdf HTTP/1.1" 200 294293
186.84.22.194 - - [10/Sep/2023:12:47:33 -0500] "GET /si-tienes-ropa-y-calzado-que-ya-no-usas-aca-te-presentamos-seis-puntos-a-donde-los-puedes-llevar.html HTTP/1.1" 200 872
216.244.66.195 - - [10/Sep/2023:12:47:38 -0500] "GET /BLA/resoluciones/RESOLUCIONES%202019/3106.pdf HTTP/1.1" 200 668799
52.167.144.211 - - [10/Sep/2023:12:47:44 -0500] "GET /Publicaciones/2023EE207067.pdf HTTP/1.1" 200 232105
201.245.192.253 - - [10/Sep/2023:12:47:48 -0500] "POST /kwsrmcab/Wsrmcab  HTTP/1.1" 200 42865
216.244.66.195 - - [10/Sep/2023:12:48:13 -0500] "GET /BLA/resoluciones/RESOLUCIONES%202019/3136.pdf HTTP/1.1" 200 320226
216.244.66.195 - - [10/Sep/2023:12:48:41 -0500] "GET /BLA/resoluciones/RESOLUCIONES%202019/3384.pdf HTTP/1.1" 200 293880
179.19.30.241 - - [10/Sep/2023:12:49:09 -0500] "GET /kwssiamovil/sm/acme/a?s=U2FsdGVkX18isB4PSCK2sIdXCpLXGBebvtppFo3e53LxqQdjEJw7FfgxE1+CCQivx5R0kgo8z0XKlHxeyhP0OZotGRLqeBcGPCM5H/+ECTG7qAM+oz7PquObzEYSYQWzDqf6UAYn9VQsrK3oiR2ZzFmhNbxCkmO7MrwDwwpT+Yvn7HCad1jNinx8PyLnlz5jqB8NNdMg7pzbDS4URy95aRQk3WRmHObI9nX16BKHbK6xKeuTr1asVxL3js+yvr8Rml1+60FB26Lc+/4qznPXsQ==&u=U2FsdGVkX1+axwWvmw3CBoNtVR5lBwndKznfz3KOLwg=&y=U2FsdGVkX1/Jq9FkGIyN/EgVyORjOOe1aoTNlikAkkL+vwGCANbaFxZ4Knr2EE6T HTTP/1.1" 200 26
179.19.30.241 - - [10/Sep/2023:12:49:09 -0500] "GET /kwssiamovil/sm/acme/a?s=U2FsdGVkX19HG7XL2+am5S1tkyMZjAFYF+SGeLeNFae4arDihoMwITFbxIyHGxvBjSGbvxaabJj9XWrzHVjwp73uFgfW56paSGh9g1VYpFLM9RZUytIOCVAEN1mQ29fPGRaU1RKQMgpnT2mKNsHCXBzQEPTxHaMl8jrNd3HekmmS/VVSi6C5K0V9hd40HD9fVZgc+KHwwLEO/5Hz5W0scuWmKKD0FiuPs91KGHqOdrfODQEHMFjyYpDztBfFYExNVP3tVl+Y2T2X9OhsAW7mtDAz9fDDItgYNpTV62QxEdqqCCXlGX7olrPAcuFI3jqkw7zxQrgTNslJ6t15bTZhIymOco5YTz9M3+4wPNY5WQUMRZ4FDwvve5KEOLvQI5dc6AOp1HzPDuzeHjdEuYww/ixMiyZi/B6HryfhvT8D2VQ0IZP8O1tLpVIMPRTx6Of5jg30rUx/5urWvp0qnTb8uuVeAN64iyd/2HdHrQluO7iNhZBHAnC1uy4tG+SGPAdSXzxebkfkFo9WyuIKhvVSMNpGctPOSiKbp7cqqgcPCEqtBaVOva6RwInMlkYLzPZCmzCbGd1cdchGgGUUogqoNjXxF22TQrrM1uJljb7J6MH6+Rkg5L5r1QPHiwdiu2HW1Y62hmFOUzi3zYf3XVF7SCNaxwL0dL0CmACTm8Z37SNHpRAGfETBY78ykuFwMTXamoH/aa7twZk/avypnfG7xx0fW2tvjxmsAtVJ+8WiTTPf/bFj8qlWy+yHnvB34g9J+egaHBB74eNbXfea2Zc0wM5sfM3oNFuNZ7L3L4qTsjUEQgl3RRqsvzRQpscUNw60P+gQ8GeqEaf8ZCMzujLOYjP/yWnu707TD/Y813N6nK8Ynh/6Mz8xCowYcZOFPls2ByVHxhDOwM0eizceE3PxBfvDkZjr7DRni4l/jQEzVAXUfAmKnANec766kkE6p5RZ+sK90KomKsIJVffiSvW+TYmw9afAqxHu5igdTJOTnB0MQm0go/JTW0mYs/6mfz6rz232G5CRlrHAvZoMTzsQ1YNRUNI9NCS5US2AU3J8Vyb5yE1OGu3oxfk98vfvi2osjf/j1nPJbCIGAFalP50fKzVjHg9XPN5vfGF6FtXA0rMiLEnHQSRabdobJ45IDakFnlHjvf0uYJk4p4j+4AalJLevziv3LgsqFKD5bumuKs1v6Va7KYp9qGa7L1EIbzvaz2/Bf9l+o34DwFCwlzEK2XQe6jgBsf6NzYRUabZI19FdHOjwaoezbwRZaUA4D3KWJhoAzHfmXgV3zVXklzUMo3nV9zxS4JPf4KgK0sBMtyGLQQxgMN0XAB3nw5MkATRcSk43Tkb8jRflXU2lrazj6cew+t/+SY3BFKPGxvjzZvIBeWsy2o0B2KQPu4G8kcYde3NbtqgDsKPURHOehPlsag==&u=U2FsdGVkX1+axwWvmw3CBoNtVR5lBwndKznfz3KOLwg=&y=U2FsdGVkX1/Jq9FkGIyN/EgVyORjOOe1aoTNlikAkkL+vwGCANbaFxZ4Knr2EE6T HTTP/1.1" 200 26
179.19.30.241 - - [10/Sep/2023:12:49:10 -0500] "GET /kwssiamovil/sm/acme/a?s=U2FsdGVkX188Ol7Ew37z+qjsY8zV4f8YtFxbaJwhDUrmR7oqqOMH35WKET1PkLG1adv+VDaBee6ChztnPdms03p1feqyOfEcPdpklVUlNWgwuCnntp0f18d/zSY3ukzrdrPdOp1yMB7+nPLgbSuBaZTc3PnPMlqGuShR0aVylUY=&u=U2FsdGVkX1+axwWvmw3CBoNtVR5lBwndKznfz3KOLwg=&y=U2FsdGVkX1/Jq9FkGIyN/EgVyORjOOe1aoTNlikAkkL+vwGCANbaFxZ4Knr2EE6T HTTP/1.1" 200 26
179.19.30.241 - - [10/Sep/2023:12:49:10 -0500] "GET /kwssiamovil/sm/acme/a?s=U2FsdGVkX1+Gj9nWOZtRCtxoksQhtYLBAhnzum6iVJKFke5iV7NwBRuVr0Nydok7AisxjzPXNeqU23sweoyiNxu32/8/0B7C2/jhXiU/BIOK6yhV3S30iBDc7+LY9GSg1MJK2OhUJKFBXqDKQgSQr84bmHgOaBFGndNnxTr35X0=&u=U2FsdGVkX1+axwWvmw3CBoNtVR5lBwndKznfz3KOLwg=&y=U2FsdGVkX1/Jq9FkGIyN/EgVyORjOOe1aoTNlikAkkL+vwGCANbaFxZ4Knr2EE6T HTTP/1.1" 200 26
179.19.30.241 - - [10/Sep/2023:12:49:10 -0500] "GET /kwssiamovil/sm/acme/a?s=U2FsdGVkX18cCmAofEo5c92zucZDPPH4SyDBhE5/5f2XwpXiGk/oaje1gnlBw1z1jUezs9vXsyCryqlTk+tUA843gcqSNMY0NYsuwpfVrPiPWzXD5i9FzVE8Cjuu53pfCjVey8iWF2Or1LWC7cZv7Sv1IBV7z8tKBSkLIomRohY=&u=U2FsdGVkX1+axwWvmw3CBoNtVR5lBwndKznfz3KOLwg=&y=U2FsdGVkX1/Jq9FkGIyN/EgVyORjOOe1aoTNlikAkkL+vwGCANbaFxZ4Knr2EE6T HTTP/1.1" 200 26
179.19.30.241 - - [10/Sep/2023:12:49:11 -0500] "GET /kwssiamovil/sm/acme/a?s=U2FsdGVkX18xmJXu0aQE41eeXUX6BWyUgxH5w3uSn1DFGsDCCIxgs5Zzwv6xTcnEeih8RpWgvxaOcZJVUixcS3iKw45TJdmh7Xc5Euau2/bn3N4ogbJAO4FJFKVbcoEUKNpVOvSwvLXHcb5PYfJHrtNCHexTBkoifcnvWzmewq5+UWtHgES+fZZYewrv74c5Y0yYMetoDO9PKz2zEBr+ig==&u=U2FsdGVkX1+axwWvmw3CBoNtVR5lBwndKznfz3KOLwg=&y=U2FsdGVkX1/Jq9FkGIyN/EgVyORjOOe1aoTNlikAkkL+vwGCANbaFxZ4Knr2EE6T HTTP/1.1" 200 26
216.244.66.195 - - [10/Sep/2023:12:49:11 -0500] "GET /BLA/resoluciones/RESOLUCIONES%202019/3421.pdf HTTP/1.1" 200 297720
216.244.66.195 - - [10/Sep/2023:12:49:37 -0500] "GET /BLA/resoluciones/RESOLUCIONES%202019/3573.pdf HTTP/1.1" 200 323315
216.244.66.195 - - [10/Sep/2023:12:50:03 -0500] "GET /BLA/resoluciones/RESOLUCIONES%202019/3698.pdf HTTP/1.1" 200 277854
216.244.66.195 - - [10/Sep/2023:12:50:27 -0500] "GET /BLA/resoluciones/RESOLUCIONES%202019/3737.pdf HTTP/1.1" 200 223097
216.244.66.195 - - [10/Sep/2023:12:50:52 -0500] "GET /BLA/resoluciones/RESOLUCIONES%202019/3925.pdf HTTP/1.1" 200 617695
216.245.221.92 - - [10/Sep/2023:12:51:07 -0500] "HEAD / HTTP/1.1" 200 -
216.244.66.195 - - [10/Sep/2023:12:51:16 -0500] "GET /bla/resoluciones/RESOLUCIONES%202011/6562.pdf HTTP/1.1" 200 2065007
172.22.2.4 - - [10/Sep/2023:12:50:04 -0500] "HEAD /BLA/boletinlegal/ HTTP/1.1" 200 -
216.244.66.195 - - [10/Sep/2023:12:51:44 -0500] "GET /BLA/resoluciones/RESOLUCIONES%202017/0522.pdf HTTP/1.1" 200 293446
172.22.2.4 - - [10/Sep/2023:12:50:07 -0500] "GET /BLA/boletinlegal/ HTTP/1.1" 200 50177
172.22.2.4 - - [10/Sep/2023:12:51:56 -0500] "GET /BLA/boletinlegal/login.php HTTP/1.1" 404 1186
216.244.66.195 - - [10/Sep/2023:12:52:07 -0500] "GET /BLA/resoluciones/RESOLUCIONES%202017/2849.pdf HTTP/1.1" 200 277358
172.22.2.4 - - [10/Sep/2023:12:50:54 -0500] "GET /BLA/boletinlegal/ HTTP/1.1" 200 52656
201.245.192.253 - - [10/Sep/2023:12:52:47 -0500] "POST /kwsrmcab/Wsrmcab  HTTP/1.1" 200 42865
172.22.2.4 - - [10/Sep/2023:12:53:01 -0500] "GET /BLA/boletinlegal/robots.txt HTTP/1.1" 404 1038
172.22.2.4 - - [10/Sep/2023:12:53:06 -0500] "HEAD /BLA/boletinlegal/images/tel.png HTTP/1.1" 200 -
216.244.66.195 - - [10/Sep/2023:12:55:57 -0500] "GET /robots.txt HTTP/1.1" 404 1018
216.245.221.92 - - [10/Sep/2023:12:56:07 -0500] "HEAD / HTTP/1.1" 200 -
172.22.2.4 - - [10/Sep/2023:12:55:54 -0500] "HEAD /BLA/boletinlegal/ HTTP/1.1" 200 -
201.245.192.253 - - [10/Sep/2023:12:57:46 -0500] "POST /kwsrmcab/Wsrmcab  HTTP/1.1" 200 42865
123.6.49.50 - - [10/Sep/2023:12:57:59 -0500] "GET / HTTP/1.1" 200 319
172.22.2.4 - - [10/Sep/2023:12:56:44 -0500] "GET /BLA/boletinlegal/ HTTP/1.1" 200 53766
179.43.191.194 - - [10/Sep/2023:13:00:39 -0500] "GET / HTTP/1.1" 200 319
216.245.221.92 - - [10/Sep/2023:13:01:07 -0500] "HEAD / HTTP/1.1" 200 -
172.22.2.4 - - [10/Sep/2023:13:01:10 -0500] "GET /BLA/boletinlegal/jurisprudencia/analisis/AnalisisT-606-15.docx HTTP/1.1" 200 26698
172.22.2.4 - - [10/Sep/2023:13:01:10 -0500] "GET /BLA/boletinlegal/apple-touch-icon-120x120-precomposed.png HTTP/1.1" 404 1140
172.22.2.4 - - [10/Sep/2023:13:01:10 -0500] "GET /BLA/boletinlegal/apple-touch-icon-120x120.png HTTP/1.1" 404 1140
172.22.2.4 - - [10/Sep/2023:13:01:10 -0500] "GET /BLA/boletinlegal/apple-touch-icon-precomposed.png HTTP/1.1" 404 1140
172.22.2.4 - - [10/Sep/2023:13:01:10 -0500] "GET /BLA/boletinlegal/apple-touch-icon.png HTTP/1.1" 404 1140
172.22.2.4 - - [10/Sep/2023:13:01:10 -0500] "GET /BLA/boletinlegal/favicon.ico HTTP/1.1" 404 1140
172.22.2.4 - - [10/Sep/2023:13:01:10 -0500] "GET /BLA/boletinlegal/apple-touch-icon-120x120-precomposed.png HTTP/1.1" 404 1140
172.22.2.4 - - [10/Sep/2023:13:01:11 -0500] "GET /BLA/boletinlegal/apple-touch-icon-120x120.png HTTP/1.1" 404 1140
172.22.2.4 - - [10/Sep/2023:13:01:11 -0500] "GET /BLA/boletinlegal/apple-touch-icon-precomposed.png HTTP/1.1" 404 1140
172.22.2.4 - - [10/Sep/2023:13:01:11 -0500] "GET /BLA/boletinlegal/apple-touch-icon.png HTTP/1.1" 404 1140
172.22.2.4 - - [10/Sep/2023:13:01:11 -0500] "GET /BLA/boletinlegal/favicon.ico HTTP/1.1" 404 1140
201.245.192.253 - - [10/Sep/2023:13:02:45 -0500] "POST /kwsrmcab/Wsrmcab  HTTP/1.1" 200 42865
172.22.2.4 - - [10/Sep/2023:13:01:44 -0500] "HEAD /BLA/boletinlegal/ HTTP/1.1" 200 -
172.22.2.4 - - [10/Sep/2023:13:02:34 -0500] "GET /BLA/boletinlegal/ HTTP/1.1" 200 58187
216.245.221.92 - - [10/Sep/2023:13:06:07 -0500] "HEAD / HTTP/1.1" 200 -
66.249.66.192 - - [10/Sep/2023:13:06:26 -0500] "GET /privados-y-distrito-inauguraron-vivero-en-la-reserva-van-der-hammen-con-capacidad-para-producir-50-mil-arboles-al-ano.html HTTP/1.1" 304 -
201.245.192.253 - - [10/Sep/2023:13:07:44 -0500] "POST /kwsrmcab/Wsrmcab  HTTP/1.1" 200 42865
52.167.144.199 - - [10/Sep/2023:13:08:25 -0500] "GET /portaldeninos/aulas-ambientales/aula-ambiental-sorotama/ HTTP/1.1" 200 89596
172.22.2.4 - - [10/Sep/2023:13:07:34 -0500] "HEAD /BLA/boletinlegal/ HTTP/1.1" 200 -
172.22.2.4 - - [10/Sep/2023:13:08:24 -0500] "GET /BLA/boletinlegal/ HTTP/1.1" 200 58187
64.124.8.24 - - [10/Sep/2023:13:10:49 -0500] "GET /robots.txt HTTP/1.1" 404 1035
64.124.8.24 - - [10/Sep/2023:13:10:50 -0500] "GET /portaldeninos/contactanos/ HTTP/1.1" 200 88135
216.245.221.92 - - [10/Sep/2023:13:11:07 -0500] "HEAD / HTTP/1.1" 200 -
8.242.126.83 - - [10/Sep/2023:13:11:54 -0500] "GET /kwssiamovil/sm/ldap/au?x=U2FsdGVkX183JnUrlAO6HO0+8RtKgZEuv5Sb7k0JSx5kTMjMNgooMnIll0ukT5w0&y=U2FsdGVkX1/c6ujYW5eeg4p3A8EpG5gaTVZ00kgVG8TFO9+JRArrSVv0c/rcJwhb HTTP/1.1" 200 30
8.242.126.83 - - [10/Sep/2023:13:11:54 -0500] "GET /kwssiamovil/sm/acme/s?s=U2FsdGVkX18c6MS6y2EfRlQJClaYaoBzyEWusVEkjMDXXcY56z2CmAI1BKtNsLUj2PusKz4jT7N6kbIbj4Stt4x96x96UzxQjjPCjbIh/EA=&u=U2FsdGVkX19kIiPKLwpg9hX0jkKcrX+Ehv5xNBdheGE=&y=U2FsdGVkX1/c6ujYW5eeg4p3A8EpG5gaTVZ00kgVG8TFO9+JRArrSVv0c/rcJwhb HTTP/1.1" 200 97
8.242.126.83 - - [10/Sep/2023:13:11:54 -0500] "GET /kwssiamovil/sm/acme/s?s=U2FsdGVkX19m0/08u5nqRgfvkOqSCaq1qYDfcBSOTJbKpmjZNNWhVE7oBaJasn8uulUynM7BcbZZheDYq7fAyQ7GPoheGbf8NJ/4S50uKA2itAfElgS+iaKiq0bLurht7o/2uFHaPt2RCzk7yt0Whg6pI7CTpQQYhAkX9bejt2Fk3S+CaoDpERR7uyB9DxEHVHLF7vY5w74RBgBCuYozC2X4PJ/+9gifG6NNYqwDO7r9jfIeJtlkr0QEriG87aIRMvsDHUJsW7bQaOivIuGeaPdUDzEFYfbCIRLKAjPqcufGlAh5ic4NdQ5d3GS+t/d28zNLEXS3uu0gDRUCJlaq4S0RMTSA8HtteNPCVxSbOmEGrJpHnKltLIEIT6QPHNypE9K5rRRoRvsFUAkkEJLihlevBAOAoAJfz7AMwxjwwb59PTpMD0NeVDTvAQT5H0CDNtwqFQN4eNTW8cHa0CdMruzSxz8fBowxdxgXLRXJZ0DY/DTwkL/RkHb8PBc1+jU5UlJLdxnAOTTnjRPvc556pPa/MHwtb/wq5mJcfQMXvpJqrxdwkyJ7Fz8ffUYDkSjgffRpSwNFp1jAJ2p/6TG3HXMUE0wLJElbVlKvV5CMQ5GzG7Bsc4WFpmIjERc5nWPmq+DDWrlnCqttOQpULlyc13VUrL0g+IaqGpGD1hhmofDlCcCbQBRTucg+LfaDUsumRyx3yd8WGqTvzh7cWE+XcP+oaMJ0JI6ysS+LXgMwbehH3/ScszN+TJPIQCtRED0dQLiumH0fgKUoWYWeEPThx+83d4U8udedDNMyc7c2Fr6U1rGP7vUWg481KuHgDlfyrl+Mq+6AO+qJ15+vmwxMiY3usMecD3LGyT5X4SwP+osWG8zXkywLnmmwMiYe09U39ct9Cr2nbzcScnMnid0ldhPRZ0NtBliLQzoZvVgRcs94+lPO8QvqLcG6w5QN5Ls+LaL4BRvhDsxiV748rzZizs+eReOEjIjLQGuCaHh754dR2JpdipMOcO7Yeb1lsODDTF8mQNlZ1dOd+Bd4nTXOMv1fXgU+GHCgP+jZItUJUU2IYC3Oy7hT5rXqDv8+Y7lKM6Jp8R1uTYLHLn0C18v6Xq1aoFhSZEOttOi4lp2Eie2yI6wm5HR0ynmhermPF1LhmAxwgRa4H81kpZGCzws2jTXPKUlp6dg8dy1A8unFSr5GHME7IbL9CFNNUzf1oQvnpoeAuYDHS3mZSVDHyGlpXK9fZUYQQv349DLDp0gdJaGYKD+gXl+BfgxbECT3AGdkGYGj1hZi5/+21f+imU7/cSqU4otpyBaF+sR9F07sq2eRdp/Rqc3uEM2Ofu6438cQwd/eEk+7H/dzGLQIvNwMPFXWxe5xhBt/petm86SiULOJqwS5Zcb7kSLYNciHG+dTgNX/23aEWsnyiTkpk9bncZJfRaY/360HL700e2pxP4s=&u=U2FsdGVkX19kIiPKLwpg9hX0jkKcrX+Ehv5xNBdheGE=&y=U2FsdGVkX1/c6ujYW5eeg4p3A8EpG5gaTVZ00kgVG8TFO9+JRArrSVv0c/rcJwhb HTTP/1.1" 200 2080
8.242.126.83 - - [10/Sep/2023:13:11:54 -0500] "GET /kwssiamovil/sm/acme/s?s=U2FsdGVkX1/HugtexvffOUvrlCEkp1P7wnqLPWE8aJGwy0a8o0sqa7oBSlEeL+9t5jNgXqPvlE/xj7pC3k2v4a1xGc/Y+apbf1yvmkslY5q/lsVrF1VuRAXFC8vRBJ+9HLBTF3ZYGnGQXoh4A1qqi8BjsgqpnEBxYYDB1SVKxGlYkz+/BtopZQSh3BEIN5RIGQk3xPd+WSlaXEjp/zCpgCkwA+dedFqKEQAmVUjnSkIOhQXEpbowa6TSAWrW6ncVQVUauCJXZBKoWjpY4AylwBzC1MXQAPdw6YSV1Cx04Lz/diDx66Gx/q3FCS/Xb3oNMBeFifdcNTg3+B3/4EqUyQ==&u=U2FsdGVkX19kIiPKLwpg9hX0jkKcrX+Ehv5xNBdheGE=&y=U2FsdGVkX1/c6ujYW5eeg4p3A8EpG5gaTVZ00kgVG8TFO9+JRArrSVv0c/rcJwhb HTTP/1.1" 200 196
8.242.126.83 - - [10/Sep/2023:13:11:54 -0500] "GET /kwssiamovil/sm/cjson/pre?f=1&x=U2FsdGVkX183JnUrlAO6HO0+8RtKgZEuv5Sb7k0JSx5kTMjMNgooMnIll0ukT5w0 HTTP/1.1" 200 31032
8.242.126.83 - - [10/Sep/2023:13:12:43 -0500] "GET /kwssiamovil/sm/acme/u?s=U2FsdGVkX18C+oTiCxColn5BFdaPL/yR7KyaT4X6RvBvuDDVZ6QouZdHJVVoGYWYhZhH8BQh0zEQcfmg69N0ZyYoNht6KmhTyj90Zn24SQPG8mLy4gfF595A7jXOIbbevYcQr0bSZ2c9Uk8IUZ1AxTYIRhKhczjC8e2lXGmacAs=&u=U2FsdGVkX19kIiPKLwpg9hX0jkKcrX+Ehv5xNBdheGE=&y=U2FsdGVkX1/c6ujYW5eeg4p3A8EpG5gaTVZ00kgVG8TFO9+JRArrSVv0c/rcJwhb HTTP/1.1" 200 60
201.245.192.253 - - [10/Sep/2023:13:12:43 -0500] "POST /kwsrmcab/Wsrmcab  HTTP/1.1" 200 42865
212.29.233.211 - - [10/Sep/2023:13:13:58 -0500] "GET /robots.txt HTTP/1.1" 404 1035
212.29.233.211 - - [10/Sep/2023:13:13:58 -0500] "GET / HTTP/1.1" 200 319
172.22.2.4 - - [10/Sep/2023:13:13:24 -0500] "HEAD /BLA/boletinlegal/ HTTP/1.1" 200 -
172.22.2.4 - - [10/Sep/2023:13:14:14 -0500] "GET /BLA/boletinlegal/ HTTP/1.1" 200 60692
216.245.221.92 - - [10/Sep/2023:13:16:07 -0500] "HEAD / HTTP/1.1" 200 -
216.244.66.195 - - [10/Sep/2023:13:17:13 -0500] "GET /BLA/resoluciones/index.php?dir=RESOLUCIONES%202018/&sort=date&order=asc HTTP/1.1" 200 278577
