186.86.32.107 - - [11/Sep/2023:10:27:25 -0500] "POST /sipse/faces/presentacion/financiero/solicitudProceso/listarSolicitudProceso.xhtml HTTP/1.1" 200 1396
201.245.192.253 - - [11/Sep/2023:10:27:33 -0500] "POST /forms/lservlet;jsessionid=ac16012b30d627276427471b49389da38067db1bcabb.e3iSbxaKaheRe34Rch0Ra3mLchv0n6jAmljGr5XDqQLvpAe HTTP/1.1" 200 2
201.245.192.253 - - [11/Sep/2023:10:27:32 -0500] "POST /sipse/faces/presentacion/financiero/solicitudProceso/consultarSolicitudProceso.xhtml HTTP/1.1" 200 34799
201.245.192.253 - - [11/Sep/2023:10:27:34 -0500] "GET /sipse/faces/javax.faces.resource/theme.css?ln=primefaces-sipse HTTP/1.1" 304 -
201.245.192.253 - - [11/Sep/2023:10:27:34 -0500] "GET /sipse/faces/javax.faces.resource/primefaces.css?ln=primefaces&v=4.0 HTTP/1.1" 304 -
201.245.192.253 - - [11/Sep/2023:10:27:34 -0500] "GET /sipse/faces/javax.faces.resource/layout/layout.css?ln=primefaces&v=4.0 HTTP/1.1" 304 -
201.245.192.253 - - [11/Sep/2023:10:27:34 -0500] "GET /sipse/faces/javax.faces.resource/jquery/jquery.js?ln=primefaces&v=4.0 HTTP/1.1" 304 -
201.245.192.253 - - [11/Sep/2023:10:27:34 -0500] "GET /sipse/faces/javax.faces.resource/jquery/jquery-plugins.js?ln=primefaces&v=4.0 HTTP/1.1" 304 -
201.245.192.253 - - [11/Sep/2023:10:27:34 -0500] "GET /sipse/faces/javax.faces.resource/primefaces.js?ln=primefaces&v=4.0 HTTP/1.1" 304 -
201.245.192.253 - - [11/Sep/2023:10:27:35 -0500] "GET /sipse/faces/javax.faces.resource/layout/layout.js?ln=primefaces&v=4.0 HTTP/1.1" 304 -
201.245.192.253 - - [11/Sep/2023:10:27:35 -0500] "POST /sipse/faces/presentacion/financiero/solicitudProceso/listarSolicitudProceso.xhtml HTTP/1.1" 200 1400
172.22.2.4 - - [11/Sep/2023:10:25:55 -0500] "GET /BLA/boletinlegal/ HTTP/1.1" 200 44302
201.245.192.253 - - [11/Sep/2023:10:27:36 -0500] "POST /forms/lservlet;jsessionid=ac16012b30d6a8bf9815d2ae418fb3eef4eacf8d6c20.e3iSbxaKaheRe34Rch0Ra3mLchv0n6jAmljGr5XDqQLvpAe HTTP/1.1" 200 545
201.245.192.253 - - [11/Sep/2023:10:27:36 -0500] "POST /forms/lservlet;jsessionid=ac16012b30d6a8bf9815d2ae418fb3eef4eacf8d6c20.e3iSbxaKaheRe34Rch0Ra3mLchv0n6jAmljGr5XDqQLvpAe HTTP/1.1" 200 10
201.245.192.253 - - [11/Sep/2023:10:27:37 -0500] "POST /forms/lservlet;jsessionid=ac16012b30d6a8bf9815d2ae418fb3eef4eacf8d6c20.e3iSbxaKaheRe34Rch0Ra3mLchv0n6jAmljGr5XDqQLvpAe HTTP/1.1" 200 21
201.245.192.253 - - [11/Sep/2023:10:27:45 -0500] "POST /forms/lservlet;jsessionid=ac16012b30d6a8bf9815d2ae418fb3eef4eacf8d6c20.e3iSbxaKaheRe34Rch0Ra3mLchv0n6jAmljGr5XDqQLvpAe HTTP/1.1" 200 1598
172.22.2.4 - - [11/Sep/2023:10:26:24 -0500] "GET /BLA/boletinlegal/ HTTP/1.1" 200 36811
201.245.192.253 - - [11/Sep/2023:10:27:47 -0500] "POST /forms/lservlet;jsessionid=ac16012b30d6a8bf9815d2ae418fb3eef4eacf8d6c20.e3iSbxaKaheRe34Rch0Ra3mLchv0n6jAmljGr5XDqQLvpAe HTTP/1.1" 200 596
201.245.192.253 - - [11/Sep/2023:10:27:47 -0500] "POST /forms/lservlet;jsessionid=ac16012b30d6a8bf9815d2ae418fb3eef4eacf8d6c20.e3iSbxaKaheRe34Rch0Ra3mLchv0n6jAmljGr5XDqQLvpAe HTTP/1.1" 200 11
66.249.70.197 - - [11/Sep/2023:10:27:49 -0500] "GET /BLA/resoluciones/RESOLUCIONES%202011/3325.pdf HTTP/1.1" 200 767058
201.245.192.253 - - [11/Sep/2023:10:27:49 -0500] "POST /forms/lservlet;jsessionid=ac16012b30d6a8bf9815d2ae418fb3eef4eacf8d6c20.e3iSbxaKaheRe34Rch0Ra3mLchv0n6jAmljGr5XDqQLvpAe HTTP/1.1" 200 14
201.245.192.253 - - [11/Sep/2023:10:27:49 -0500] "POST /forms/lservlet;jsessionid=ac16012b30d6a8bf9815d2ae418fb3eef4eacf8d6c20.e3iSbxaKaheRe34Rch0Ra3mLchv0n6jAmljGr5XDqQLvpAe HTTP/1.1" 200 83
201.245.192.253 - - [11/Sep/2023:10:27:50 -0500] "POST /forms/lservlet;jsessionid=ac16012b30d6a8bf9815d2ae418fb3eef4eacf8d6c20.e3iSbxaKaheRe34Rch0Ra3mLchv0n6jAmljGr5XDqQLvpAe HTTP/1.1" 200 32
186.86.32.107 - - [11/Sep/2023:10:27:51 -0500] "POST /sipse/faces/presentacion/financiero/solicitudProceso/listarSolicitudProceso.xhtml HTTP/1.1" 200 31358
186.86.32.107 - - [11/Sep/2023:10:27:52 -0500] "POST /sipse/faces/presentacion/financiero/solicitudProceso/listarSolicitudProceso.xhtml HTTP/1.1" 200 31358
201.245.192.253 - - [11/Sep/2023:10:27:52 -0500] "POST /forms/lservlet;jsessionid=ac16012b30d6a8bf9815d2ae418fb3eef4eacf8d6c20.e3iSbxaKaheRe34Rch0Ra3mLchv0n6jAmljGr5XDqQLvpAe HTTP/1.1" 200 34
201.245.192.253 - - [11/Sep/2023:10:27:52 -0500] "GET /sipse/faces/index.xhtml HTTP/1.1" 200 677
201.245.192.253 - - [11/Sep/2023:10:27:53 -0500] "GET /sipse/faces/javax.faces.resource/theme.css?ln=primefaces-sipse HTTP/1.1" 304 -
201.245.192.253 - - [11/Sep/2023:10:27:53 -0500] "GET /sipse/faces/faces/autenticacion.xhtml HTTP/1.1" 200 12174
201.245.192.253 - - [11/Sep/2023:10:27:53 -0500] "GET /sipse/js/disable_browser_buttons.js HTTP/1.1" 304 -
201.245.192.253 - - [11/Sep/2023:10:27:53 -0500] "GET /sipse/js/funciones.js HTTP/1.1" 304 -
201.245.192.253 - - [11/Sep/2023:10:27:53 -0500] "GET /sipse/css/custom_css_sg.css HTTP/1.1" 304 -
201.245.192.253 - - [11/Sep/2023:10:27:53 -0500] "GET /sipse/css/custom_css_sg_prime_login.css HTTP/1.1" 304 -
201.245.192.253 - - [11/Sep/2023:10:27:53 -0500] "GET /sipse/faces/javax.faces.resource/jquery/jquery.js?ln=primefaces&v=4.0 HTTP/1.1" 304 -
201.245.192.253 - - [11/Sep/2023:10:27:53 -0500] "GET /sipse/faces/javax.faces.resource/layout/layout.css?ln=primefaces&v=4.0 HTTP/1.1" 304 -
201.245.192.253 - - [11/Sep/2023:10:27:53 -0500] "GET /sipse/faces/javax.faces.resource/primefaces.css?ln=primefaces&v=4.0 HTTP/1.1" 304 -
201.245.192.253 - - [11/Sep/2023:10:27:53 -0500] "GET /sipse/faces/javax.faces.resource/theme.css?ln=primefaces-sipse HTTP/1.1" 304 -
201.245.192.253 - - [11/Sep/2023:10:27:53 -0500] "GET /sipse/faces/javax.faces.resource/jquery/jquery-plugins.js?ln=primefaces&v=4.0 HTTP/1.1" 304 -
201.245.192.253 - - [11/Sep/2023:10:27:53 -0500] "GET /sipse/faces/javax.faces.resource/primefaces.js?ln=primefaces&v=4.0 HTTP/1.1" 304 -
201.245.192.253 - - [11/Sep/2023:10:27:53 -0500] "GET /sipse/faces/javax.faces.resource/layout/layout.js?ln=primefaces&v=4.0 HTTP/1.1" 304 -
201.245.192.253 - - [11/Sep/2023:10:27:53 -0500] "GET /sipse/css/imagen/logoSDG.png HTTP/1.1" 304 -
201.245.192.253 - - [11/Sep/2023:10:27:53 -0500] "GET /sipse/css/imagen/loginimg.png HTTP/1.1" 304 -
201.245.192.253 - - [11/Sep/2023:10:27:53 -0500] "GET /sipse/faces/javax.faces.resource/images/ui-icons_898989_256x240.png?ln=primefaces-aristo HTTP/1.1" 304 -
186.86.32.107 - - [11/Sep/2023:10:27:52 -0500] "POST /sipse/faces/presentacion/financiero/solicitudProceso/listarSolicitudProceso.xhtml HTTP/1.1" 200 31358
186.86.32.107 - - [11/Sep/2023:10:27:57 -0500] "POST /sipse/faces/presentacion/financiero/solicitudProceso/listarSolicitudProceso.xhtml HTTP/1.1" 200 31358
186.86.32.107 - - [11/Sep/2023:10:27:58 -0500] "POST /sipse/faces/presentacion/financiero/solicitudProceso/listarSolicitudProceso.xhtml HTTP/1.1" 200 31358
186.86.32.107 - - [11/Sep/2023:10:27:58 -0500] "POST /sipse/faces/presentacion/financiero/solicitudProceso/listarSolicitudProceso.xhtml HTTP/1.1" 200 1400
186.86.32.107 - - [11/Sep/2023:10:27:59 -0500] "POST /sipse/faces/presentacion/financiero/solicitudProceso/listarSolicitudProceso.xhtml HTTP/1.1" 200 1396
186.86.32.107 - - [11/Sep/2023:10:27:59 -0500] "POST /sipse/faces/presentacion/financiero/solicitudProceso/listarSolicitudProceso.xhtml HTTP/1.1" 200 1404
186.86.32.107 - - [11/Sep/2023:10:28:00 -0500] "POST /sipse/faces/presentacion/financiero/solicitudProceso/listarSolicitudProceso.xhtml HTTP/1.1" 200 1396
186.86.32.107 - - [11/Sep/2023:10:28:00 -0500] "POST /sipse/faces/presentacion/financiero/solicitudProceso/listarSolicitudProceso.xhtml HTTP/1.1" 200 1404
186.86.32.107 - - [11/Sep/2023:10:28:02 -0500] "POST /sipse/faces/presentacion/financiero/solicitudProceso/listarSolicitudProceso.xhtml HTTP/1.1" 200 44584
186.86.32.107 - - [11/Sep/2023:10:28:02 -0500] "POST /sipse/faces/presentacion/financiero/solicitudProceso/listarSolicitudProceso.xhtml HTTP/1.1" 200 58197
201.245.192.253 - - [11/Sep/2023:10:28:04 -0500] "POST /sipse/faces/autenticacion.xhtml HTTP/1.1" 200 2216
201.245.192.253 - - [11/Sep/2023:10:28:04 -0500] "GET /sipse/faces/javax.faces.resource/messages/messages.png?ln=primefaces&v=4.0 HTTP/1.1" 304 -
216.244.66.195 - - [11/Sep/2023:10:28:05 -0500] "GET /BLA/resoluciones/RESOLUCIONES%201996/0491.pdf HTTP/1.1" 200 206196
201.245.192.253 - - [11/Sep/2023:10:28:05 -0500] "POST /sipse/faces/autenticacion.xhtml HTTP/1.1" 200 16332
201.245.192.253 - - [11/Sep/2023:10:28:05 -0500] "GET /sipse/css/custom_css_sg_prime.css HTTP/1.1" 304 -
201.245.192.253 - - [11/Sep/2023:10:28:05 -0500] "GET /sipse/faces/javax.faces.resource/theme.css?ln=primefaces-sipse HTTP/1.1" 304 -
201.245.192.253 - - [11/Sep/2023:10:28:05 -0500] "GET /sipse/faces/javax.faces.resource/layout/layout.css?ln=primefaces&v=4.0 HTTP/1.1" 304 -
201.245.192.253 - - [11/Sep/2023:10:28:05 -0500] "GET /sipse/faces/javax.faces.resource/primefaces.css?ln=primefaces&v=4.0 HTTP/1.1" 304 -
201.245.192.253 - - [11/Sep/2023:10:28:05 -0500] "GET /sipse/js/jquery.min.js HTTP/1.1" 304 -
201.245.192.253 - - [11/Sep/2023:10:28:05 -0500] "GET /sipse/faces/javax.faces.resource/jquery/jquery.js?ln=primefaces&v=4.0 HTTP/1.1" 304 -
201.245.192.253 - - [11/Sep/2023:10:28:05 -0500] "GET /sipse/faces/javax.faces.resource/jquery/jquery-plugins.js?ln=primefaces&v=4.0 HTTP/1.1" 304 -
201.245.192.253 - - [11/Sep/2023:10:28:05 -0500] "GET /sipse/faces/javax.faces.resource/primefaces.js?ln=primefaces&v=4.0 HTTP/1.1" 304 -
201.245.192.253 - - [11/Sep/2023:10:28:05 -0500] "GET /sipse/faces/javax.faces.resource/layout/layout.js?ln=primefaces&v=4.0 HTTP/1.1" 304 -
201.245.192.253 - - [11/Sep/2023:10:28:05 -0500] "GET /sipse/css/v_mergente.css HTTP/1.1" 304 -
201.245.192.253 - - [11/Sep/2023:10:28:05 -0500] "GET /sipse/imagenes/cargando.gif HTTP/1.1" 304 -
201.245.192.253 - - [11/Sep/2023:10:28:05 -0500] "GET /sipse/css/imagen/contrasena.png HTTP/1.1" 404 383
201.245.192.253 - - [11/Sep/2023:10:28:05 -0500] "GET /sipse/imagenes/logoAplicacion.jpg HTTP/1.1" 304 -
186.86.32.107 - - [11/Sep/2023:10:28:05 -0500] "POST /sipse/faces/presentacion/financiero/solicitudProceso/listarSolicitudProceso.xhtml HTTP/1.1" 200 44584
201.245.192.253 - - [11/Sep/2023:10:28:07 -0500] "GET /sipse/faces/javax.faces.resource/images/ui-bg_flat_0_2d5972_40x100.png?ln=primefaces-aristo HTTP/1.1" 304 -
201.245.192.253 - - [11/Sep/2023:10:28:07 -0500] "POST /sipse/faces/bienvenido.xhtml HTTP/1.1" 200 2658
186.86.32.107 - - [11/Sep/2023:10:28:06 -0500] "POST /sipse/faces/presentacion/financiero/solicitudProceso/listarSolicitudProceso.xhtml HTTP/1.1" 200 58197
186.86.32.107 - - [11/Sep/2023:10:28:08 -0500] "POST /sipse/faces/presentacion/financiero/solicitudProceso/listarSolicitudProceso.xhtml HTTP/1.1" 200 44584
201.245.192.253 - - [11/Sep/2023:10:28:10 -0500] "POST /sipse/faces/bienvenido.xhtml HTTP/1.1" 200 64421
201.245.192.253 - - [11/Sep/2023:10:28:11 -0500] "GET /sipse/faces/javax.faces.resource/primefaces.css?ln=primefaces&v=4.0 HTTP/1.1" 304 -
201.245.192.253 - - [11/Sep/2023:10:28:11 -0500] "GET /sipse/faces/javax.faces.resource/layout/layout.css?ln=primefaces&v=4.0 HTTP/1.1" 304 -
201.245.192.253 - - [11/Sep/2023:10:28:11 -0500] "GET /sipse/faces/javax.faces.resource/theme.css?ln=primefaces-sipse HTTP/1.1" 304 -
201.245.192.253 - - [11/Sep/2023:10:28:11 -0500] "GET /sipse/faces/javax.faces.resource/jquery/jquery.js?ln=primefaces&v=4.0 HTTP/1.1" 304 -
201.245.192.253 - - [11/Sep/2023:10:28:11 -0500] "GET /sipse/faces/javax.faces.resource/jquery/jquery-plugins.js?ln=primefaces&v=4.0 HTTP/1.1" 304 -
201.245.192.253 - - [11/Sep/2023:10:28:11 -0500] "GET /sipse/faces/javax.faces.resource/primefaces.js?ln=primefaces&v=4.0 HTTP/1.1" 304 -
201.245.192.253 - - [11/Sep/2023:10:28:11 -0500] "GET /sipse/faces/javax.faces.resource/layout/layout.js?ln=primefaces&v=4.0 HTTP/1.1" 304 -
186.86.32.107 - - [11/Sep/2023:10:28:09 -0500] "POST /sipse/faces/presentacion/financiero/solicitudProceso/listarSolicitudProceso.xhtml HTTP/1.1" 200 58197
201.245.192.253 - - [11/Sep/2023:10:28:11 -0500] "POST /sipse/faces/presentacion/financiero/solicitudProceso/listarSolicitudProceso.xhtml HTTP/1.1" 200 1560
201.245.192.253 - - [11/Sep/2023:10:28:14 -0500] "POST /sipse/faces/presentacion/financiero/solicitudProceso/listarSolicitudProceso.xhtml HTTP/1.1" 200 19815
201.245.192.253 - - [11/Sep/2023:10:28:14 -0500] "POST /forms/lservlet;jsessionid=ac16012b30d6a8bf9815d2ae418fb3eef4eacf8d6c20.e3iSbxaKaheRe34Rch0Ra3mLchv0n6jAmljGr5XDqQLvpAe HTTP/1.1" 200 284
52.167.144.190 - - [11/Sep/2023:10:28:14 -0500] "GET /BLA/resoluciones/AUTOS%202023/1197.pdf HTTP/1.1" 200 391710
201.245.192.253 - - [11/Sep/2023:10:28:19 -0500] "POST /forms/lservlet;jsessionid=ac16012b30d6a8bf9815d2ae418fb3eef4eacf8d6c20.e3iSbxaKaheRe34Rch0Ra3mLchv0n6jAmljGr5XDqQLvpAe HTTP/1.1" 200 13
201.245.192.253 - - [11/Sep/2023:10:28:24 -0500] "POST /forms/lservlet;jsessionid=ac16012b30d627276427471b49389da38067db1bcabb.e3iSbxaKaheRe34Rch0Ra3mLchv0n6jAmljGr5XDqQLvpAe HTTP/1.1" 200 148
201.245.192.253 - - [11/Sep/2023:10:28:24 -0500] "POST /forms/lservlet;jsessionid=ac16012b30d627276427471b49389da38067db1bcabb.e3iSbxaKaheRe34Rch0Ra3mLchv0n6jAmljGr5XDqQLvpAe HTTP/1.1" 200 13
201.245.192.253 - - [11/Sep/2023:10:28:24 -0500] "POST /forms/lservlet;jsessionid=ac16012b30d627276427471b49389da38067db1bcabb.e3iSbxaKaheRe34Rch0Ra3mLchv0n6jAmljGr5XDqQLvpAe HTTP/1.1" 200 2
201.245.192.253 - - [11/Sep/2023:10:28:24 -0500] "POST /forms/lservlet;jsessionid=ac16012b30d627276427471b49389da38067db1bcabb.e3iSbxaKaheRe34Rch0Ra3mLchv0n6jAmljGr5XDqQLvpAe HTTP/1.1" 200 764
201.245.192.253 - - [11/Sep/2023:10:28:25 -0500] "POST /forms/lservlet;jsessionid=ac16012b30d627276427471b49389da38067db1bcabb.e3iSbxaKaheRe34Rch0Ra3mLchv0n6jAmljGr5XDqQLvpAe HTTP/1.1" 200 2
201.245.192.253 - - [11/Sep/2023:10:28:26 -0500] "POST /forms/lservlet;jsessionid=ac16012b30d627276427471b49389da38067db1bcabb.e3iSbxaKaheRe34Rch0Ra3mLchv0n6jAmljGr5XDqQLvpAe HTTP/1.1" 200 32
201.245.192.253 - - [11/Sep/2023:10:28:26 -0500] "POST /forms/lservlet;jsessionid=ac16012b30d627276427471b49389da38067db1bcabb.e3iSbxaKaheRe34Rch0Ra3mLchv0n6jAmljGr5XDqQLvpAe HTTP/1.1" 200 82
201.245.192.253 - - [11/Sep/2023:10:28:27 -0500] "POST /forms/lservlet;jsessionid=ac16012b30d627276427471b49389da38067db1bcabb.e3iSbxaKaheRe34Rch0Ra3mLchv0n6jAmljGr5XDqQLvpAe HTTP/1.1" 200 2
201.245.192.253 - - [11/Sep/2023:10:28:27 -0500] "POST /forms/lservlet;jsessionid=ac16012b30d627276427471b49389da38067db1bcabb.e3iSbxaKaheRe34Rch0Ra3mLchv0n6jAmljGr5XDqQLvpAe HTTP/1.1" 200 84
201.245.192.253 - - [11/Sep/2023:10:28:28 -0500] "POST /forms/lservlet;jsessionid=ac16012b30d627276427471b49389da38067db1bcabb.e3iSbxaKaheRe34Rch0Ra3mLchv0n6jAmljGr5XDqQLvpAe HTTP/1.1" 200 30
186.155.158.29 - - [11/Sep/2023:10:28:29 -0500] "GET /inscribete-y-participa-en-el-foro-sobre-la-gestion-de-los-bifenilos-policlorados-en-transformadores-electricos.html HTTP/1.1" 200 931
201.245.192.253 - - [11/Sep/2023:10:28:30 -0500] "POST /forms/lservlet;jsessionid=ac16012b30d627276427471b49389da38067db1bcabb.e3iSbxaKaheRe34Rch0Ra3mLchv0n6jAmljGr5XDqQLvpAe HTTP/1.1" 200 77
186.86.32.107 - - [11/Sep/2023:10:28:31 -0500] "POST /sipse/faces/presentacion/financiero/solicitudProceso/listarSolicitudProceso.xhtml HTTP/1.1" 200 44523
201.245.192.253 - - [11/Sep/2023:10:28:31 -0500] "POST /kwsrmcab/Wsrmcab  HTTP/1.1" 200 42865
201.245.192.253 - - [11/Sep/2023:10:28:34 -0500] "POST /forms/lservlet;jsessionid=ac16012b30d627276427471b49389da38067db1bcabb.e3iSbxaKaheRe34Rch0Ra3mLchv0n6jAmljGr5XDqQLvpAe HTTP/1.1" 200 13
201.245.192.253 - - [11/Sep/2023:10:28:34 -0500] "POST /sipse/faces/presentacion/financiero/solicitudProceso/listarSolicitudProceso.xhtml HTTP/1.1" 200 167763
201.245.192.253 - - [11/Sep/2023:10:28:35 -0500] "GET /sipse/faces/javax.faces.resource/theme.css?ln=primefaces-sipse HTTP/1.1" 304 -
201.245.192.253 - - [11/Sep/2023:10:28:35 -0500] "GET /sipse/faces/javax.faces.resource/layout/layout.css?ln=primefaces&v=4.0 HTTP/1.1" 304 -
201.245.192.253 - - [11/Sep/2023:10:28:35 -0500] "GET /sipse/faces/javax.faces.resource/primefaces.css?ln=primefaces&v=4.0 HTTP/1.1" 304 -
201.245.192.253 - - [11/Sep/2023:10:28:35 -0500] "GET /sipse/faces/javax.faces.resource/jquery/jquery.js?ln=primefaces&v=4.0 HTTP/1.1" 304 -
201.245.192.253 - - [11/Sep/2023:10:28:35 -0500] "GET /sipse/faces/javax.faces.resource/jquery/jquery-plugins.js?ln=primefaces&v=4.0 HTTP/1.1" 304 -
201.245.192.253 - - [11/Sep/2023:10:28:35 -0500] "GET /sipse/faces/javax.faces.resource/primefaces.js?ln=primefaces&v=4.0 HTTP/1.1" 304 -
201.245.192.253 - - [11/Sep/2023:10:28:35 -0500] "GET /sipse/faces/javax.faces.resource/layout/layout.js?ln=primefaces&v=4.0 HTTP/1.1" 304 -
201.245.192.253 - - [11/Sep/2023:10:28:35 -0500] "GET /sipse/faces/javax.faces.resource/dynamiccontent.properties?ln=primefaces&pfdrid=XjOR5%2F%2FfPAZAuY9TpWQeCiM0BhlXxYRBGKi%2FQcXXfeA%3D&pfdrid_c=false HTTP/1.1" 500 383
201.245.192.253 - - [11/Sep/2023:10:28:35 -0500] "POST /kwsrmcab/Wsrmcab HTTP/1.1" 200 42223
201.245.192.253 - - [11/Sep/2023:10:28:40 -0500] "POST /forms/lservlet;jsessionid=ac16012b30d627276427471b49389da38067db1bcabb.e3iSbxaKaheRe34Rch0Ra3mLchv0n6jAmljGr5XDqQLvpAe HTTP/1.1" 200 17
186.86.32.107 - - [11/Sep/2023:10:28:40 -0500] "POST /sipse/faces/presentacion/financiero/solicitudProceso/listarSolicitudProceso.xhtml HTTP/1.1" 200 17541
201.245.192.253 - - [11/Sep/2023:10:28:38 -0500] "POST /kwsrmcab/Wsrmcab HTTP/1.1" 200 38564
201.245.192.253 - - [11/Sep/2023:10:28:41 -0500] "POST /forms/lservlet;jsessionid=ac16012b30d627276427471b49389da38067db1bcabb.e3iSbxaKaheRe34Rch0Ra3mLchv0n6jAmljGr5XDqQLvpAe HTTP/1.1" 200 849
201.245.192.253 - - [11/Sep/2023:10:28:43 -0500] "POST /forms/lservlet;jsessionid=ac16012b30d627276427471b49389da38067db1bcabb.e3iSbxaKaheRe34Rch0Ra3mLchv0n6jAmljGr5XDqQLvpAe HTTP/1.1" 200 542
186.86.32.107 - - [11/Sep/2023:10:28:49 -0500] "POST /sipse/faces/presentacion/financiero/solicitudProceso/listarSolicitudProceso.xhtml HTTP/1.1" 200 43593
216.244.66.195 - - [11/Sep/2023:10:28:50 -0500] "GET /BLA/resoluciones/RESOLUCIONES%202017/0004.pdf HTTP/1.1" 200 819693
201.245.192.253 - - [11/Sep/2023:10:28:50 -0500] "POST /forms/lservlet;jsessionid=ac16012b30d627276427471b49389da38067db1bcabb.e3iSbxaKaheRe34Rch0Ra3mLchv0n6jAmljGr5XDqQLvpAe HTTP/1.1" 200 299
173.252.95.16 - - [11/Sep/2023:10:28:58 -0500] "GET /distrito-mantiene-acompanamiento-a-la-comunidad-afectada-en-la-via-la-calera.html HTTP/1.1" 200 985
173.252.95.5 - - [11/Sep/2023:10:28:58 -0500] "GET /camino-guadalupe-aguanoso-cerrado-por-caida-de-arboles.html HTTP/1.1" 200 851
173.252.95.1 - - [11/Sep/2023:10:28:58 -0500] "GET /calidad-del-aire-en-bogota-afectada-de-nuevo-por-incendios-forestales-se-decreta-alerta-fase-1.html HTTP/1.1" 200 1057
173.252.95.6 - - [11/Sep/2023:10:28:58 -0500] "GET /bogota-se-prepara-para-la-convencion-internacional-de-emergencia-climatica-2023.html HTTP/1.1" 200 806
201.245.192.253 - - [11/Sep/2023:10:29:02 -0500] "POST /forms/lservlet;jsessionid=ac16012b30d6a8bf9815d2ae418fb3eef4eacf8d6c20.e3iSbxaKaheRe34Rch0Ra3mLchv0n6jAmljGr5XDqQLvpAe HTTP/1.1" 200 2
201.245.192.253 - - [11/Sep/2023:10:29:07 -0500] "POST /forms/lservlet;jsessionid=ac16012b30d627276427471b49389da38067db1bcabb.e3iSbxaKaheRe34Rch0Ra3mLchv0n6jAmljGr5XDqQLvpAe HTTP/1.1" 200 7
201.245.192.253 - - [11/Sep/2023:10:29:06 -0500] "POST /sipse/faces/presentacion/financiero/solicitudProceso/listarSolicitudProceso.xhtml HTTP/1.1" 200 109543
201.245.192.253 - - [11/Sep/2023:10:29:07 -0500] "GET /sipse/faces/javax.faces.resource/theme.css?ln=primefaces-sipse HTTP/1.1" 304 -
201.245.192.253 - - [11/Sep/2023:10:29:07 -0500] "GET /sipse/faces/javax.faces.resource/layout/layout.css?ln=primefaces&v=4.0 HTTP/1.1" 304 -
201.245.192.253 - - [11/Sep/2023:10:29:07 -0500] "GET /sipse/faces/javax.faces.resource/primefaces.css?ln=primefaces&v=4.0 HTTP/1.1" 304 -
201.245.192.253 - - [11/Sep/2023:10:29:07 -0500] "GET /sipse/faces/javax.faces.resource/jquery/jquery.js?ln=primefaces&v=4.0 HTTP/1.1" 304 -
201.245.192.253 - - [11/Sep/2023:10:29:07 -0500] "GET /sipse/faces/javax.faces.resource/jquery/jquery-plugins.js?ln=primefaces&v=4.0 HTTP/1.1" 304 -
201.245.192.253 - - [11/Sep/2023:10:29:07 -0500] "GET /sipse/faces/javax.faces.resource/primefaces.js?ln=primefaces&v=4.0 HTTP/1.1" 304 -
201.245.192.253 - - [11/Sep/2023:10:29:07 -0500] "GET /sipse/faces/javax.faces.resource/layout/layout.js?ln=primefaces&v=4.0 HTTP/1.1" 304 -
201.245.192.253 - - [11/Sep/2023:10:29:07 -0500] "POST /forms/lservlet;jsessionid=ac16012b30d627276427471b49389da38067db1bcabb.e3iSbxaKaheRe34Rch0Ra3mLchv0n6jAmljGr5XDqQLvpAe HTTP/1.1" 200 2
201.245.192.253 - - [11/Sep/2023:10:29:07 -0500] "GET /sipse/faces/javax.faces.resource/dynamiccontent.properties?ln=primefaces&pfdrid=XjOR5%2F%2FfPAZAuY9TpWQeCiM0BhlXxYRBGKi%2FQcXXfeA%3D&pfdrid_c=false HTTP/1.1" 500 383
186.86.32.107 - - [11/Sep/2023:10:29:07 -0500] "POST /sipse/faces/presentacion/financiero/solicitudProceso/listarSolicitudProceso.xhtml HTTP/1.1" 200 81639
201.245.192.253 - - [11/Sep/2023:10:29:11 -0500] "POST /forms/lservlet;jsessionid=ac16012b30d627276427471b49389da38067db1bcabb.e3iSbxaKaheRe34Rch0Ra3mLchv0n6jAmljGr5XDqQLvpAe HTTP/1.1" 200 53
216.245.221.92 - - [11/Sep/2023:10:29:19 -0500] "HEAD / HTTP/1.1" 200 -
186.86.32.107 - - [11/Sep/2023:10:29:30 -0500] "POST /sipse/faces/presentacion/financiero/solicitudProceso/listarSolicitudProceso.xhtml HTTP/1.1" 200 43713
186.86.32.107 - - [11/Sep/2023:10:29:32 -0500] "GET /sipse/faces/javax.faces.resource/theme.css?ln=primefaces-sipse HTTP/1.1" 304 -
186.86.32.107 - - [11/Sep/2023:10:29:32 -0500] "GET /sipse/faces/javax.faces.resource/jquery/jquery.js?ln=primefaces&v=4.0 HTTP/1.1" 304 -
186.86.32.107 - - [11/Sep/2023:10:29:32 -0500] "GET /sipse/faces/javax.faces.resource/primefaces.css?ln=primefaces&v=4.0 HTTP/1.1" 304 -
186.86.32.107 - - [11/Sep/2023:10:29:32 -0500] "GET /sipse/faces/javax.faces.resource/layout/layout.css?ln=primefaces&v=4.0 HTTP/1.1" 304 -
186.86.32.107 - - [11/Sep/2023:10:29:32 -0500] "GET /sipse/faces/javax.faces.resource/jquery/jquery-plugins.js?ln=primefaces&v=4.0 HTTP/1.1" 304 -
186.86.32.107 - - [11/Sep/2023:10:29:32 -0500] "GET /sipse/faces/javax.faces.resource/primefaces.js?ln=primefaces&v=4.0 HTTP/1.1" 304 -
186.86.32.107 - - [11/Sep/2023:10:29:32 -0500] "GET /sipse/faces/javax.faces.resource/layout/layout.js?ln=primefaces&v=4.0 HTTP/1.1" 304 -
201.245.192.253 - - [11/Sep/2023:10:29:33 -0500] "POST /forms/lservlet;jsessionid=ac16012b30d627276427471b49389da38067db1bcabb.e3iSbxaKaheRe34Rch0Ra3mLchv0n6jAmljGr5XDqQLvpAe HTTP/1.1" 200 2
186.86.32.107 - - [11/Sep/2023:10:29:33 -0500] "POST /sipse/faces/presentacion/financiero/solicitudProceso/consultar.xhtml HTTP/1.1" 200 37109
201.245.192.253 - - [11/Sep/2023:10:29:34 -0500] "POST /forms/lservlet;jsessionid=ac16012b30d627276427471b49389da38067db1bcabb.e3iSbxaKaheRe34Rch0Ra3mLchv0n6jAmljGr5XDqQLvpAe HTTP/1.1" 200 36
201.245.192.253 - - [11/Sep/2023:10:29:34 -0500] "POST /forms/lservlet;jsessionid=ac16012b30d627276427471b49389da38067db1bcabb.e3iSbxaKaheRe34Rch0Ra3mLchv0n6jAmljGr5XDqQLvpAe HTTP/1.1" 200 8
201.245.192.253 - - [11/Sep/2023:10:29:34 -0500] "POST /forms/lservlet;jsessionid=ac16012b30d627276427471b49389da38067db1bcabb.e3iSbxaKaheRe34Rch0Ra3mLchv0n6jAmljGr5XDqQLvpAe HTTP/1.1" 200 2
186.86.32.107 - - [11/Sep/2023:10:29:34 -0500] "POST /sipse/faces/presentacion/financiero/solicitudProceso/consultar.xhtml HTTP/1.1" 200 37109
186.86.32.107 - - [11/Sep/2023:10:29:34 -0500] "POST /sipse/faces/presentacion/financiero/solicitudProceso/consultar.xhtml HTTP/1.1" 200 37109
186.86.32.107 - - [11/Sep/2023:10:29:35 -0500] "POST /sipse/faces/presentacion/financiero/solicitudProceso/consultar.xhtml HTTP/1.1" 200 37109
201.245.192.253 - - [11/Sep/2023:10:29:37 -0500] "GET /sipse/faces/index.xhtml HTTP/1.1" 200 677
201.245.192.253 - - [11/Sep/2023:10:29:37 -0500] "GET /sipse/faces/javax.faces.resource/theme.css?ln=primefaces-sipse HTTP/1.1" 304 -
201.245.192.253 - - [11/Sep/2023:10:29:37 -0500] "GET /favicon.ico HTTP/1.1" 200 7782
201.245.192.253 - - [11/Sep/2023:10:29:37 -0500] "GET /sipse/faces/faces/autenticacion.xhtml HTTP/1.1" 200 12174
201.245.192.253 - - [11/Sep/2023:10:29:38 -0500] "GET /sipse/js/disable_browser_buttons.js HTTP/1.1" 304 -
201.245.192.253 - - [11/Sep/2023:10:29:38 -0500] "GET /sipse/css/custom_css_sg.css HTTP/1.1" 304 -
201.245.192.253 - - [11/Sep/2023:10:29:38 -0500] "GET /sipse/css/custom_css_sg_prime_login.css HTTP/1.1" 304 -
201.245.192.253 - - [11/Sep/2023:10:29:38 -0500] "GET /sipse/faces/javax.faces.resource/theme.css?ln=primefaces-sipse HTTP/1.1" 304 -
201.245.192.253 - - [11/Sep/2023:10:29:38 -0500] "GET /sipse/faces/javax.faces.resource/layout/layout.css?ln=primefaces&v=4.0 HTTP/1.1" 304 -
201.245.192.253 - - [11/Sep/2023:10:29:38 -0500] "GET /sipse/faces/javax.faces.resource/primefaces.css?ln=primefaces&v=4.0 HTTP/1.1" 304 -
201.245.192.253 - - [11/Sep/2023:10:29:38 -0500] "GET /sipse/js/funciones.js HTTP/1.1" 304 -
201.245.192.253 - - [11/Sep/2023:10:29:38 -0500] "GET /sipse/faces/javax.faces.resource/jquery/jquery-plugins.js?ln=primefaces&v=4.0 HTTP/1.1" 304 -
201.245.192.253 - - [11/Sep/2023:10:29:38 -0500] "GET /sipse/faces/javax.faces.resource/jquery/jquery.js?ln=primefaces&v=4.0 HTTP/1.1" 304 -
201.245.192.253 - - [11/Sep/2023:10:29:38 -0500] "GET /sipse/faces/javax.faces.resource/primefaces.js?ln=primefaces&v=4.0 HTTP/1.1" 304 -
201.245.192.253 - - [11/Sep/2023:10:29:38 -0500] "GET /sipse/faces/javax.faces.resource/layout/layout.js?ln=primefaces&v=4.0 HTTP/1.1" 304 -
201.245.192.253 - - [11/Sep/2023:10:29:38 -0500] "GET /sipse/css/imagen/logoSDG.png HTTP/1.1" 304 -
201.245.192.253 - - [11/Sep/2023:10:29:38 -0500] "GET /sipse/css/imagen/loginimg.png HTTP/1.1" 304 -
201.245.192.253 - - [11/Sep/2023:10:29:38 -0500] "GET /sipse/faces/javax.faces.resource/images/ui-icons_898989_256x240.png?ln=primefaces-aristo HTTP/1.1" 304 -
216.244.66.195 - - [11/Sep/2023:10:29:40 -0500] "GET /BLA/resoluciones/RESOLUCIONES%202017/1308.pdf HTTP/1.1" 200 880866
186.86.32.107 - - [11/Sep/2023:10:29:43 -0500] "POST /sipse/faces/presentacion/financiero/solicitudProceso/consultar.xhtml HTTP/1.1" 200 2266
201.245.192.253 - - [11/Sep/2023:10:29:44 -0500] "POST /sipse/faces/autenticacion.xhtml HTTP/1.1" 200 2216
201.245.192.253 - - [11/Sep/2023:10:29:44 -0500] "GET /sipse/faces/javax.faces.resource/messages/messages.png?ln=primefaces&v=4.0 HTTP/1.1" 304 -
201.245.192.253 - - [11/Sep/2023:10:29:45 -0500] "POST /sipse/faces/autenticacion.xhtml HTTP/1.1" 200 16345
201.245.192.253 - - [11/Sep/2023:10:29:45 -0500] "GET /sipse/css/custom_css_sg_prime.css HTTP/1.1" 200 5201
201.245.192.253 - - [11/Sep/2023:10:29:45 -0500] "GET /sipse/faces/javax.faces.resource/theme.css?ln=primefaces-sipse HTTP/1.1" 304 -
201.245.192.253 - - [11/Sep/2023:10:29:45 -0500] "GET /sipse/faces/javax.faces.resource/primefaces.css?ln=primefaces&v=4.0 HTTP/1.1" 304 -
201.245.192.253 - - [11/Sep/2023:10:29:45 -0500] "GET /sipse/faces/javax.faces.resource/layout/layout.css?ln=primefaces&v=4.0 HTTP/1.1" 304 -
201.245.192.253 - - [11/Sep/2023:10:29:44 -0500] "POST /sipse/faces/presentacion/financiero/solicitudProceso/consultarSolicitudProceso.xhtml HTTP/1.1" 200 3256393
201.245.192.253 - - [11/Sep/2023:10:29:45 -0500] "GET /sipse/js/jquery.min.js HTTP/1.1" 200 85582
201.245.192.253 - - [11/Sep/2023:10:29:47 -0500] "GET /sipse/faces/javax.faces.resource/jquery/jquery.js?ln=primefaces&v=4.0 HTTP/1.1" 304 -
201.245.192.253 - - [11/Sep/2023:10:29:47 -0500] "GET /sipse/faces/javax.faces.resource/jquery/jquery-plugins.js?ln=primefaces&v=4.0 HTTP/1.1" 304 -
201.245.192.253 - - [11/Sep/2023:10:29:47 -0500] "GET /sipse/faces/javax.faces.resource/primefaces.js?ln=primefaces&v=4.0 HTTP/1.1" 304 -
201.245.192.253 - - [11/Sep/2023:10:29:47 -0500] "GET /sipse/faces/javax.faces.resource/layout/layout.js?ln=primefaces&v=4.0 HTTP/1.1" 304 -
201.245.192.253 - - [11/Sep/2023:10:29:47 -0500] "GET /sipse/css/v_mergente.css HTTP/1.1" 200 1505
201.245.192.253 - - [11/Sep/2023:10:29:47 -0500] "GET /sipse/css/imagen/contrasena.png HTTP/1.1" 404 383
201.245.192.253 - - [11/Sep/2023:10:29:47 -0500] "GET /sipse/imagenes/cargando.gif HTTP/1.1" 200 36959
201.245.192.253 - - [11/Sep/2023:10:29:47 -0500] "GET /sipse/imagenes/logoAplicacion.jpg HTTP/1.1" 200 155084
186.86.32.107 - - [11/Sep/2023:10:29:50 -0500] "POST /sipse/faces/presentacion/financiero/solicitudProceso/consultar.xhtml HTTP/1.1" 200 2270
186.86.32.107 - - [11/Sep/2023:10:29:51 -0500] "POST /sipse/faces/presentacion/financiero/solicitudProceso/consultar.xhtml HTTP/1.1" 200 2270
201.245.192.253 - - [11/Sep/2023:10:29:51 -0500] "POST /forms/lservlet;jsessionid=ac16012b30d627276427471b49389da38067db1bcabb.e3iSbxaKaheRe34Rch0Ra3mLchv0n6jAmljGr5XDqQLvpAe HTTP/1.1" 200 96
201.245.192.253 - - [11/Sep/2023:10:29:52 -0500] "GET /sipse/faces/javax.faces.resource/images/ui-bg_flat_0_2d5972_40x100.png?ln=primefaces-aristo HTTP/1.1" 304 -
201.245.192.253 - - [11/Sep/2023:10:29:52 -0500] "POST /sipse/faces/bienvenido.xhtml HTTP/1.1" 200 2658
201.245.192.253 - - [11/Sep/2023:10:29:52 -0500] "POST /forms/lservlet;jsessionid=ac16012b30d627276427471b49389da38067db1bcabb.e3iSbxaKaheRe34Rch0Ra3mLchv0n6jAmljGr5XDqQLvpAe HTTP/1.1" 200 2
201.245.192.253 - - [11/Sep/2023:10:29:52 -0500] "POST /sipse/faces/presentacion/financiero/solicitudProceso/consultarSolicitudProceso.xhtml HTTP/1.1" 200 127483
201.245.192.253 - - [11/Sep/2023:10:29:53 -0500] "POST /forms/lservlet;jsessionid=ac16012b30d627276427471b49389da38067db1bcabb.e3iSbxaKaheRe34Rch0Ra3mLchv0n6jAmljGr5XDqQLvpAe HTTP/1.1" 200 93
201.245.192.253 - - [11/Sep/2023:10:29:53 -0500] "POST /sipse/faces/bienvenido.xhtml HTTP/1.1" 200 64361
201.245.192.253 - - [11/Sep/2023:10:29:54 -0500] "GET /sipse/faces/javax.faces.resource/theme.css?ln=primefaces-sipse HTTP/1.1" 304 -
201.245.192.253 - - [11/Sep/2023:10:29:54 -0500] "GET /sipse/faces/javax.faces.resource/primefaces.css?ln=primefaces&v=4.0 HTTP/1.1" 304 -
201.245.192.253 - - [11/Sep/2023:10:29:54 -0500] "GET /sipse/faces/javax.faces.resource/layout/layout.css?ln=primefaces&v=4.0 HTTP/1.1" 304 -
201.245.192.253 - - [11/Sep/2023:10:29:54 -0500] "GET /sipse/faces/javax.faces.resource/jquery/jquery.js?ln=primefaces&v=4.0 HTTP/1.1" 304 -
201.245.192.253 - - [11/Sep/2023:10:29:54 -0500] "GET /sipse/faces/javax.faces.resource/jquery/jquery-plugins.js?ln=primefaces&v=4.0 HTTP/1.1" 304 -
201.245.192.253 - - [11/Sep/2023:10:29:54 -0500] "GET /sipse/faces/javax.faces.resource/primefaces.js?ln=primefaces&v=4.0 HTTP/1.1" 304 -
201.245.192.253 - - [11/Sep/2023:10:29:54 -0500] "GET /sipse/faces/javax.faces.resource/layout/layout.js?ln=primefaces&v=4.0 HTTP/1.1" 304 -
201.245.192.253 - - [11/Sep/2023:10:29:54 -0500] "POST /sipse/faces/presentacion/financiero/solicitudProceso/listarSolicitudProceso.xhtml HTTP/1.1" 200 1560
201.245.192.253 - - [11/Sep/2023:10:29:57 -0500] "POST /forms/lservlet;jsessionid=ac16012b30d627276427471b49389da38067db1bcabb.e3iSbxaKaheRe34Rch0Ra3mLchv0n6jAmljGr5XDqQLvpAe HTTP/1.1" 200 286
186.86.32.107 - - [11/Sep/2023:10:29:59 -0500] "POST /sipse/faces/presentacion/financiero/solicitudProceso/consultar.xhtml HTTP/1.1" 200 4811
66.249.70.197 - - [11/Sep/2023:10:30:02 -0500] "GET /resoluciones/RESOLUCIONES%202010/1690.pdf HTTP/1.1" 404 1018
201.245.192.253 - - [11/Sep/2023:10:30:03 -0500] "POST /sipse/faces/presentacion/financiero/solicitudProceso/consultarSolicitudProceso.xhtml HTTP/1.1" 200 200306
186.86.32.107 - - [11/Sep/2023:10:30:00 -0500] "POST /sipse/faces/presentacion/financiero/solicitudProceso/consultar.xhtml HTTP/1.1" 200 15360
201.245.192.253 - - [11/Sep/2023:10:30:07 -0500] "POST /forms/lservlet;jsessionid=ac16012b30d627276427471b49389da38067db1bcabb.e3iSbxaKaheRe34Rch0Ra3mLchv0n6jAmljGr5XDqQLvpAe HTTP/1.1" 200 56
201.245.192.253 - - [11/Sep/2023:10:30:08 -0500] "POST /forms/lservlet;jsessionid=ac16012b30d627276427471b49389da38067db1bcabb.e3iSbxaKaheRe34Rch0Ra3mLchv0n6jAmljGr5XDqQLvpAe HTTP/1.1" 200 2
201.245.192.253 - - [11/Sep/2023:10:30:08 -0500] "POST /forms/lservlet;jsessionid=ac16012b30d627276427471b49389da38067db1bcabb.e3iSbxaKaheRe34Rch0Ra3mLchv0n6jAmljGr5XDqQLvpAe HTTP/1.1" 200 99
201.245.192.253 - - [11/Sep/2023:10:30:09 -0500] "POST /sipse/faces/presentacion/financiero/solicitudProceso/listarSolicitudProceso.xhtml HTTP/1.1" 200 59038
201.245.192.253 - - [11/Sep/2023:10:30:09 -0500] "POST /sipse/faces/presentacion/financiero/solicitudProceso/consultarSolicitudProceso.xhtml HTTP/1.1" 200 199142
201.245.192.253 - - [11/Sep/2023:10:30:10 -0500] "GET /sipse/faces/javax.faces.resource/theme.css?ln=primefaces-sipse HTTP/1.1" 304 -
201.245.192.253 - - [11/Sep/2023:10:30:10 -0500] "GET /sipse/faces/javax.faces.resource/layout/layout.css?ln=primefaces&v=4.0 HTTP/1.1" 304 -
201.245.192.253 - - [11/Sep/2023:10:30:10 -0500] "GET /sipse/faces/javax.faces.resource/primefaces.css?ln=primefaces&v=4.0 HTTP/1.1" 304 -
201.245.192.253 - - [11/Sep/2023:10:30:10 -0500] "GET /sipse/faces/javax.faces.resource/jquery/jquery.js?ln=primefaces&v=4.0 HTTP/1.1" 304 -
201.245.192.253 - - [11/Sep/2023:10:30:10 -0500] "GET /sipse/faces/javax.faces.resource/jquery/jquery-plugins.js?ln=primefaces&v=4.0 HTTP/1.1" 304 -
201.245.192.253 - - [11/Sep/2023:10:30:10 -0500] "GET /sipse/faces/javax.faces.resource/primefaces.js?ln=primefaces&v=4.0 HTTP/1.1" 304 -
201.245.192.253 - - [11/Sep/2023:10:30:10 -0500] "GET /sipse/faces/javax.faces.resource/layout/layout.js?ln=primefaces&v=4.0 HTTP/1.1" 304 -
201.245.192.253 - - [11/Sep/2023:10:30:12 -0500] "POST /forms/lservlet;jsessionid=ac16012b30d627276427471b49389da38067db1bcabb.e3iSbxaKaheRe34Rch0Ra3mLchv0n6jAmljGr5XDqQLvpAe HTTP/1.1" 200 66
201.245.192.253 - - [11/Sep/2023:10:30:13 -0500] "POST /forms/lservlet;jsessionid=ac16012b30d627276427471b49389da38067db1bcabb.e3iSbxaKaheRe34Rch0Ra3mLchv0n6jAmljGr5XDqQLvpAe HTTP/1.1" 200 238
66.249.70.197 - - [11/Sep/2023:10:30:17 -0500] "GET /portel_dama/libreria/php/2006/restauracion/22_proye/xtras_in/3a.pdf HTTP/1.1" 404 1018
201.245.192.253 - - [11/Sep/2023:10:30:19 -0500] "POST /forms/lservlet;jsessionid=ac16012b30d627276427471b49389da38067db1bcabb.e3iSbxaKaheRe34Rch0Ra3mLchv0n6jAmljGr5XDqQLvpAe HTTP/1.1" 200 37
186.86.32.107 - - [11/Sep/2023:10:30:13 -0500] "POST /sipse/faces/presentacion/financiero/solicitudProceso/consultar.xhtml HTTP/1.1" 200 15360
201.245.192.253 - - [11/Sep/2023:10:30:20 -0500] "POST /forms/lservlet;jsessionid=ac16012b30d627276427471b49389da38067db1bcabb.e3iSbxaKaheRe34Rch0Ra3mLchv0n6jAmljGr5XDqQLvpAe HTTP/1.1" 200 2
201.245.192.253 - - [11/Sep/2023:10:30:24 -0500] "POST /forms/lservlet;jsessionid=ac16012b30d627276427471b49389da38067db1bcabb.e3iSbxaKaheRe34Rch0Ra3mLchv0n6jAmljGr5XDqQLvpAe HTTP/1.1" 200 73
201.245.192.253 - - [11/Sep/2023:10:30:25 -0500] "POST /forms/lservlet;jsessionid=ac16012b30d627276427471b49389da38067db1bcabb.e3iSbxaKaheRe34Rch0Ra3mLchv0n6jAmljGr5XDqQLvpAe HTTP/1.1" 200 229
201.245.192.253 - - [11/Sep/2023:10:30:30 -0500] "POST /forms/lservlet;jsessionid=ac16012b30d627276427471b49389da38067db1bcabb.e3iSbxaKaheRe34Rch0Ra3mLchv0n6jAmljGr5XDqQLvpAe HTTP/1.1" 200 121
216.244.66.195 - - [11/Sep/2023:10:30:31 -0500] "GET /BLA/resoluciones/RESOLUCIONES%202017/2572.pdf HTTP/1.1" 200 294840
201.245.192.253 - - [11/Sep/2023:10:30:57 -0500] "POST /sipse/faces/presentacion/financiero/solicitudProceso/listarSolicitudProceso.xhtml HTTP/1.1" 200 125595
201.245.192.253 - - [11/Sep/2023:10:30:58 -0500] "GET /sipse/faces/javax.faces.resource/theme.css?ln=primefaces-sipse HTTP/1.1" 304 -
201.245.192.253 - - [11/Sep/2023:10:30:58 -0500] "GET /sipse/faces/javax.faces.resource/primefaces.css?ln=primefaces&v=4.0 HTTP/1.1" 304 -
201.245.192.253 - - [11/Sep/2023:10:30:58 -0500] "GET /sipse/faces/javax.faces.resource/layout/layout.css?ln=primefaces&v=4.0 HTTP/1.1" 304 -
201.245.192.253 - - [11/Sep/2023:10:30:58 -0500] "GET /sipse/faces/javax.faces.resource/jquery/jquery.js?ln=primefaces&v=4.0 HTTP/1.1" 304 -
201.245.192.253 - - [11/Sep/2023:10:30:58 -0500] "GET /sipse/faces/javax.faces.resource/jquery/jquery-plugins.js?ln=primefaces&v=4.0 HTTP/1.1" 304 -
201.245.192.253 - - [11/Sep/2023:10:30:58 -0500] "GET /sipse/faces/javax.faces.resource/primefaces.js?ln=primefaces&v=4.0 HTTP/1.1" 304 -
201.245.192.253 - - [11/Sep/2023:10:30:58 -0500] "GET /sipse/faces/javax.faces.resource/layout/layout.js?ln=primefaces&v=4.0 HTTP/1.1" 304 -
201.245.192.253 - - [11/Sep/2023:10:30:58 -0500] "GET /sipse/faces/javax.faces.resource/dynamiccontent.properties?ln=primefaces&pfdrid=XjOR5%2F%2FfPAZAuY9TpWQeCiM0BhlXxYRBGKi%2FQcXXfeA%3D&pfdrid_c=false HTTP/1.1" 500 383
201.245.192.253 - - [11/Sep/2023:10:31:02 -0500] "POST /forms/lservlet;jsessionid=ac16012b30d6a8bf9815d2ae418fb3eef4eacf8d6c20.e3iSbxaKaheRe34Rch0Ra3mLchv0n6jAmljGr5XDqQLvpAe HTTP/1.1" 200 2
201.245.192.253 - - [11/Sep/2023:10:31:05 -0500] "POST /sipse/faces/presentacion/financiero/solicitudProceso/consultarSolicitudProceso.xhtml HTTP/1.1" 200 613090
216.244.66.195 - - [11/Sep/2023:10:31:13 -0500] "GET /BLA/resoluciones/RESOLUCIONES%202017/2870.pdf HTTP/1.1" 200 280080
201.245.192.253 - - [11/Sep/2023:10:31:33 -0500] "POST /forms/lservlet;jsessionid=ac16012b30d627276427471b49389da38067db1bcabb.e3iSbxaKaheRe34Rch0Ra3mLchv0n6jAmljGr5XDqQLvpAe HTTP/1.1" 200 2
186.84.88.226 - - [11/Sep/2023:10:31:38 -0500] "GET /abierta-convocatoria-para-postular-a-organizaciones-que-desarrollan-actividades-de-voluntariado-ambiental-en-bogota.html?fbclid=IwAR3Q3265VEjaNMvNEdW5o9QvUqBA5W8j3zXVbMouX-OEbHxK944CDfDhNl8 HTTP/1.1" 200 880
201.245.192.253 - - [11/Sep/2023:10:31:49 -0500] "POST /sipse/faces/presentacion/financiero/solicitudProceso/consultarSolicitudProceso.xhtml HTTP/1.1" 200 24496
201.245.192.253 - - [11/Sep/2023:10:31:50 -0500] "GET /sipse/faces/javax.faces.resource/theme.css?ln=primefaces-sipse HTTP/1.1" 304 -
201.245.192.253 - - [11/Sep/2023:10:31:50 -0500] "GET /sipse/faces/javax.faces.resource/primefaces.css?ln=primefaces&v=4.0 HTTP/1.1" 304 -
201.245.192.253 - - [11/Sep/2023:10:31:50 -0500] "GET /sipse/faces/javax.faces.resource/layout/layout.css?ln=primefaces&v=4.0 HTTP/1.1" 304 -
201.245.192.253 - - [11/Sep/2023:10:31:50 -0500] "GET /sipse/faces/javax.faces.resource/jquery/jquery.js?ln=primefaces&v=4.0 HTTP/1.1" 304 -
201.245.192.253 - - [11/Sep/2023:10:31:50 -0500] "GET /sipse/faces/javax.faces.resource/jquery/jquery-plugins.js?ln=primefaces&v=4.0 HTTP/1.1" 304 -
201.245.192.253 - - [11/Sep/2023:10:31:50 -0500] "GET /sipse/faces/javax.faces.resource/primefaces.js?ln=primefaces&v=4.0 HTTP/1.1" 304 -
201.245.192.253 - - [11/Sep/2023:10:31:50 -0500] "GET /sipse/faces/javax.faces.resource/layout/layout.js?ln=primefaces&v=4.0 HTTP/1.1" 304 -
40.77.167.208 - - [11/Sep/2023:10:31:53 -0500] "GET /BLA/resoluciones/AUTOS%202022/6507.pdf HTTP/1.1" 200 420470
201.245.192.253 - - [11/Sep/2023:10:31:51 -0500] "POST /sipse/faces/presentacion/financiero/solicitudProceso/asignarCargueContrato.xhtml HTTP/1.1" 200 59703
201.245.192.253 - - [11/Sep/2023:10:31:53 -0500] "GET /sipse/faces/javax.faces.resource/primefaces.css?ln=primefaces&v=4.0 HTTP/1.1" 304 -
201.245.192.253 - - [11/Sep/2023:10:31:53 -0500] "GET /sipse/faces/javax.faces.resource/theme.css?ln=primefaces-sipse HTTP/1.1" 304 -
201.245.192.253 - - [11/Sep/2023:10:31:53 -0500] "GET /sipse/faces/javax.faces.resource/layout/layout.css?ln=primefaces&v=4.0 HTTP/1.1" 304 -
201.245.192.253 - - [11/Sep/2023:10:31:53 -0500] "GET /sipse/faces/javax.faces.resource/jquery/jquery.js?ln=primefaces&v=4.0 HTTP/1.1" 304 -
201.245.192.253 - - [11/Sep/2023:10:31:53 -0500] "GET /sipse/faces/javax.faces.resource/jquery/jquery-plugins.js?ln=primefaces&v=4.0 HTTP/1.1" 304 -
201.245.192.253 - - [11/Sep/2023:10:31:53 -0500] "GET /sipse/faces/javax.faces.resource/primefaces.js?ln=primefaces&v=4.0 HTTP/1.1" 304 -
201.245.192.253 - - [11/Sep/2023:10:31:53 -0500] "GET /sipse/faces/javax.faces.resource/layout/layout.js?ln=primefaces&v=4.0 HTTP/1.1" 304 -
201.245.192.253 - - [11/Sep/2023:10:31:54 -0500] "POST /sipse/faces/presentacion/financiero/solicitudProceso/listarSolicitudProceso.xhtml HTTP/1.1" 200 1560
216.244.66.195 - - [11/Sep/2023:10:31:56 -0500] "GET /BLA/resoluciones/RESOLUCIONES%202017/3916.pdf HTTP/1.1" 200 306660
201.245.192.253 - - [11/Sep/2023:10:31:56 -0500] "POST /sipse/faces/presentacion/financiero/solicitudProceso/listarSolicitudProceso.xhtml HTTP/1.1" 200 125482
201.245.192.253 - - [11/Sep/2023:10:31:57 -0500] "GET /sipse/faces/javax.faces.resource/layout/layout.css?ln=primefaces&v=4.0 HTTP/1.1" 304 -
201.245.192.253 - - [11/Sep/2023:10:31:57 -0500] "GET /sipse/faces/javax.faces.resource/primefaces.css?ln=primefaces&v=4.0 HTTP/1.1" 304 -
201.245.192.253 - - [11/Sep/2023:10:31:57 -0500] "GET /sipse/faces/javax.faces.resource/theme.css?ln=primefaces-sipse HTTP/1.1" 304 -
201.245.192.253 - - [11/Sep/2023:10:31:57 -0500] "GET /sipse/faces/javax.faces.resource/jquery/jquery.js?ln=primefaces&v=4.0 HTTP/1.1" 304 -
201.245.192.253 - - [11/Sep/2023:10:31:57 -0500] "GET /sipse/faces/javax.faces.resource/jquery/jquery-plugins.js?ln=primefaces&v=4.0 HTTP/1.1" 304 -
201.245.192.253 - - [11/Sep/2023:10:31:57 -0500] "GET /sipse/faces/javax.faces.resource/primefaces.js?ln=primefaces&v=4.0 HTTP/1.1" 304 -
201.245.192.253 - - [11/Sep/2023:10:31:57 -0500] "GET /sipse/faces/javax.faces.resource/layout/layout.js?ln=primefaces&v=4.0 HTTP/1.1" 304 -
201.245.192.253 - - [11/Sep/2023:10:31:57 -0500] "GET /sipse/faces/javax.faces.resource/dynamiccontent.properties?ln=primefaces&pfdrid=XjOR5%2F%2FfPAZAuY9TpWQeCiM0BhlXxYRBGKi%2FQcXXfeA%3D&pfdrid_c=false HTTP/1.1" 500 383
172.22.2.4 - - [11/Sep/2023:10:32:01 -0500] "GET /BLA/boletinlegal/jurisprudencia/analisis/ANALISIST-257-96.docx HTTP/1.1" 200 19486
201.245.192.253 - - [11/Sep/2023:10:32:02 -0500] "POST /sipse/faces/presentacion/financiero/solicitudProceso/consultarSolicitudProceso.xhtml HTTP/1.1" 200 40535
201.245.192.253 - - [11/Sep/2023:10:32:03 -0500] "GET /sipse/faces/javax.faces.resource/theme.css?ln=primefaces-sipse HTTP/1.1" 304 -
201.245.192.253 - - [11/Sep/2023:10:32:03 -0500] "GET /sipse/faces/javax.faces.resource/layout/layout.css?ln=primefaces&v=4.0 HTTP/1.1" 304 -
201.245.192.253 - - [11/Sep/2023:10:32:03 -0500] "GET /sipse/faces/javax.faces.resource/primefaces.css?ln=primefaces&v=4.0 HTTP/1.1" 304 -
201.245.192.253 - - [11/Sep/2023:10:32:03 -0500] "GET /sipse/faces/javax.faces.resource/jquery/jquery.js?ln=primefaces&v=4.0 HTTP/1.1" 304 -
201.245.192.253 - - [11/Sep/2023:10:32:03 -0500] "GET /sipse/faces/javax.faces.resource/jquery/jquery-plugins.js?ln=primefaces&v=4.0 HTTP/1.1" 304 -
201.245.192.253 - - [11/Sep/2023:10:32:03 -0500] "GET /sipse/faces/javax.faces.resource/primefaces.js?ln=primefaces&v=4.0 HTTP/1.1" 304 -
201.245.192.253 - - [11/Sep/2023:10:32:03 -0500] "GET /sipse/faces/javax.faces.resource/layout/layout.js?ln=primefaces&v=4.0 HTTP/1.1" 304 -
201.245.192.253 - - [11/Sep/2023:10:32:09 -0500] "POST /forms/lservlet;jsessionid=ac16012b30d627276427471b49389da38067db1bcabb.e3iSbxaKaheRe34Rch0Ra3mLchv0n6jAmljGr5XDqQLvpAe HTTP/1.1" 200 44
201.245.192.253 - - [11/Sep/2023:10:32:12 -0500] "POST /forms/lservlet;jsessionid=ac16012b30d627276427471b49389da38067db1bcabb.e3iSbxaKaheRe34Rch0Ra3mLchv0n6jAmljGr5XDqQLvpAe HTTP/1.1" 200 39
69.171.251.11 - - [11/Sep/2023:10:32:22 -0500] "GET /images/mujeres-que-reverdecen.jpg HTTP/1.1" 200 31358
201.245.192.253 - - [11/Sep/2023:10:32:22 -0500] "POST /sipse/faces/presentacion/financiero/modificacionContrato/cargarModifiacion.xhtml HTTP/1.1" 200 5359
172.22.2.4 - - [11/Sep/2023:10:30:55 -0500] "HEAD /BLA/boletinlegal/ HTTP/1.1" 200 -
216.244.66.195 - - [11/Sep/2023:10:32:45 -0500] "GET /BLA/resoluciones/RESOLUCIONES%202019/2556.pdf HTTP/1.1" 200 456530
201.245.192.253 - - [11/Sep/2023:10:33:02 -0500] "POST /forms/lservlet;jsessionid=ac16012b30d6a8bf9815d2ae418fb3eef4eacf8d6c20.e3iSbxaKaheRe34Rch0Ra3mLchv0n6jAmljGr5XDqQLvpAe HTTP/1.1" 200 2
172.22.2.4 - - [11/Sep/2023:10:31:45 -0500] "GET /BLA/boletinlegal/ HTTP/1.1" 200 60342
201.245.192.253 - - [11/Sep/2023:10:33:30 -0500] "POST /kwsrmcab/Wsrmcab  HTTP/1.1" 200 42865
201.245.192.253 - - [11/Sep/2023:10:33:33 -0500] "POST /forms/lservlet;jsessionid=ac16012b30d627276427471b49389da38067db1bcabb.e3iSbxaKaheRe34Rch0Ra3mLchv0n6jAmljGr5XDqQLvpAe HTTP/1.1" 200 2
216.244.66.195 - - [11/Sep/2023:10:33:33 -0500] "GET /BLA/resoluciones/RESOLUCIONES%202019/3078.pdf HTTP/1.1" 200 413656
201.245.192.253 - - [11/Sep/2023:10:33:38 -0500] "POST /sipse/faces/presentacion/financiero/solicitudProceso/consultarSolicitudProceso.xhtml HTTP/1.1" 200 21110
201.245.192.253 - - [11/Sep/2023:10:33:38 -0500] "GET /sipse/faces/javax.faces.resource/theme.css?ln=primefaces-sipse HTTP/1.1" 304 -
201.245.192.253 - - [11/Sep/2023:10:33:38 -0500] "GET /sipse/faces/javax.faces.resource/primefaces.css?ln=primefaces&v=4.0 HTTP/1.1" 304 -
201.245.192.253 - - [11/Sep/2023:10:33:38 -0500] "GET /sipse/faces/javax.faces.resource/layout/layout.css?ln=primefaces&v=4.0 HTTP/1.1" 304 -
201.245.192.253 - - [11/Sep/2023:10:33:38 -0500] "GET /sipse/faces/javax.faces.resource/jquery/jquery-plugins.js?ln=primefaces&v=4.0 HTTP/1.1" 304 -
201.245.192.253 - - [11/Sep/2023:10:33:38 -0500] "GET /sipse/faces/javax.faces.resource/jquery/jquery.js?ln=primefaces&v=4.0 HTTP/1.1" 304 -
201.245.192.253 - - [11/Sep/2023:10:33:38 -0500] "GET /sipse/faces/javax.faces.resource/fileupload/fileupload.css?ln=primefaces&v=4.0 HTTP/1.1" 304 -
201.245.192.253 - - [11/Sep/2023:10:33:38 -0500] "GET /sipse/faces/javax.faces.resource/primefaces.js?ln=primefaces&v=4.0 HTTP/1.1" 304 -
201.245.192.253 - - [11/Sep/2023:10:33:38 -0500] "GET /sipse/faces/javax.faces.resource/layout/layout.js?ln=primefaces&v=4.0 HTTP/1.1" 304 -
201.245.192.253 - - [11/Sep/2023:10:33:38 -0500] "GET /sipse/faces/javax.faces.resource/fileupload/fileupload.js?ln=primefaces&v=4.0 HTTP/1.1" 304 -
201.245.192.253 - - [11/Sep/2023:10:33:38 -0500] "GET /sipse/css/imagen/contrasena.png HTTP/1.1" 404 383
201.245.192.253 - - [11/Sep/2023:10:33:38 -0500] "GET /sipse/faces/javax.faces.resource/images/ui-icons_898989_256x240.png?ln=primefaces-aristo HTTP/1.1" 304 -
201.245.192.253 - - [11/Sep/2023:10:33:49 -0500] "POST /sipse/faces/presentacion/sistema/anexos/cargarAnexoSolicitudProceso.xhtml HTTP/1.1" 200 215489
201.245.192.253 - - [11/Sep/2023:10:33:50 -0500] "GET /sipse/faces/javax.faces.resource/theme.css?ln=primefaces-sipse HTTP/1.1" 304 -
201.245.192.253 - - [11/Sep/2023:10:33:50 -0500] "GET /sipse/faces/javax.faces.resource/primefaces.css?ln=primefaces&v=4.0 HTTP/1.1" 304 -
201.245.192.253 - - [11/Sep/2023:10:33:50 -0500] "GET /sipse/faces/javax.faces.resource/layout/layout.css?ln=primefaces&v=4.0 HTTP/1.1" 304 -
201.245.192.253 - - [11/Sep/2023:10:33:50 -0500] "GET /sipse/faces/javax.faces.resource/jquery/jquery.js?ln=primefaces&v=4.0 HTTP/1.1" 304 -
201.245.192.253 - - [11/Sep/2023:10:33:50 -0500] "GET /sipse/faces/javax.faces.resource/jquery/jquery-plugins.js?ln=primefaces&v=4.0 HTTP/1.1" 304 -
201.245.192.253 - - [11/Sep/2023:10:33:50 -0500] "GET /sipse/faces/javax.faces.resource/primefaces.js?ln=primefaces&v=4.0 HTTP/1.1" 304 -
201.245.192.253 - - [11/Sep/2023:10:33:50 -0500] "GET /sipse/faces/javax.faces.resource/layout/layout.js?ln=primefaces&v=4.0 HTTP/1.1" 304 -
201.245.192.253 - - [11/Sep/2023:10:33:50 -0500] "GET /sipse/faces/javax.faces.resource/images/ui-icons_898989_256x240.png?ln=primefaces-aristo HTTP/1.1" 304 -
201.245.192.253 - - [11/Sep/2023:10:33:50 -0500] "GET /sipse/faces/javax.faces.resource/dynamiccontent.properties?ln=primefaces&pfdrid=XjOR5%2F%2FfPAZAuY9TpWQeCiM0BhlXxYRBGKi%2FQcXXfeA%3D&pfdrid_c=false HTTP/1.1" 500 383
201.245.192.253 - - [11/Sep/2023:10:33:51 -0500] "POST /sipse/faces/presentacion/financiero/modificacionContrato/cargarModifiacion.xhtml HTTP/1.1" 200 128644
201.245.192.253 - - [11/Sep/2023:10:33:51 -0500] "GET /sipse/faces/javax.faces.resource/theme.css?ln=primefaces-sipse HTTP/1.1" 304 -
201.245.192.253 - - [11/Sep/2023:10:33:51 -0500] "GET /sipse/faces/javax.faces.resource/layout/layout.css?ln=primefaces&v=4.0 HTTP/1.1" 304 -
201.245.192.253 - - [11/Sep/2023:10:33:51 -0500] "GET /sipse/faces/javax.faces.resource/primefaces.css?ln=primefaces&v=4.0 HTTP/1.1" 304 -
201.245.192.253 - - [11/Sep/2023:10:33:51 -0500] "GET /sipse/faces/javax.faces.resource/jquery/jquery.js?ln=primefaces&v=4.0 HTTP/1.1" 304 -
201.245.192.253 - - [11/Sep/2023:10:33:51 -0500] "GET /sipse/faces/javax.faces.resource/jquery/jquery-plugins.js?ln=primefaces&v=4.0 HTTP/1.1" 304 -
201.245.192.253 - - [11/Sep/2023:10:33:51 -0500] "GET /sipse/faces/javax.faces.resource/primefaces.js?ln=primefaces&v=4.0 HTTP/1.1" 304 -
201.245.192.253 - - [11/Sep/2023:10:33:51 -0500] "GET /sipse/faces/javax.faces.resource/layout/layout.js?ln=primefaces&v=4.0 HTTP/1.1" 304 -
201.245.192.253 - - [11/Sep/2023:10:33:52 -0500] "GET /sipse/faces/javax.faces.resource/dynamiccontent.properties?ln=primefaces&pfdrid=XjOR5%2F%2FfPAZAuY9TpWQeCiM0BhlXxYRBGKi%2FQcXXfeA%3D&pfdrid_c=false HTTP/1.1" 500 383
201.245.192.253 - - [11/Sep/2023:10:33:55 -0500] "POST /sipse/faces/presentacion/financiero/solicitudProceso/consultarSolicitudProceso.xhtml HTTP/1.1" 200 56773
201.245.192.253 - - [11/Sep/2023:10:33:57 -0500] "GET /sipse/faces/javax.faces.resource/theme.css?ln=primefaces-sipse HTTP/1.1" 304 -
201.245.192.253 - - [11/Sep/2023:10:33:57 -0500] "GET /sipse/faces/javax.faces.resource/primefaces.css?ln=primefaces&v=4.0 HTTP/1.1" 304 -
201.245.192.253 - - [11/Sep/2023:10:33:57 -0500] "GET /sipse/faces/javax.faces.resource/layout/layout.css?ln=primefaces&v=4.0 HTTP/1.1" 304 -
201.245.192.253 - - [11/Sep/2023:10:33:57 -0500] "GET /sipse/faces/javax.faces.resource/jquery/jquery.js?ln=primefaces&v=4.0 HTTP/1.1" 304 -
201.245.192.253 - - [11/Sep/2023:10:33:57 -0500] "GET /sipse/faces/javax.faces.resource/jquery/jquery-plugins.js?ln=primefaces&v=4.0 HTTP/1.1" 304 -
201.245.192.253 - - [11/Sep/2023:10:33:57 -0500] "GET /sipse/faces/javax.faces.resource/primefaces.js?ln=primefaces&v=4.0 HTTP/1.1" 304 -
201.245.192.253 - - [11/Sep/2023:10:33:58 -0500] "GET /sipse/faces/javax.faces.resource/layout/layout.js?ln=primefaces&v=4.0 HTTP/1.1" 304 -
