181.189.25.57 - - [11/Sep/2023:12:12:06 -0500] "GET /sipse/faces/javax.faces.resource/layout/layout.js?ln=primefaces&v=4.0 HTTP/1.1" 304 -
201.245.192.253 - - [11/Sep/2023:12:12:18 -0500] "POST /forms/lservlet;jsessionid=ac16012b30d6a8bf9815d2ae418fb3eef4eacf8d6c20.e3iSbxaKaheRe34Rch0Ra3mLchv0n6jAmljGr5XDqQLvpAe HTTP/1.1" 200 2
216.244.66.195 - - [11/Sep/2023:12:12:25 -0500] "GET /BLA/resoluciones/AUTOS%202019/3202.pdf HTTP/1.1" 200 319963
201.245.192.253 - - [11/Sep/2023:12:12:29 -0500] "POST /forms/lservlet;jsessionid=ac16012b30d627276427471b49389da38067db1bcabb.e3iSbxaKaheRe34Rch0Ra3mLchv0n6jAmljGr5XDqQLvpAe HTTP/1.1" 200 2
172.22.2.4 - - [11/Sep/2023:12:10:55 -0500] "GET /BLA/boletinlegal/ HTTP/1.1" 200 60692
216.244.66.195 - - [11/Sep/2023:12:13:09 -0500] "GET /BLA/resoluciones/AUTOS%202019/3412.pdf HTTP/1.1" 200 324567
201.245.192.253 - - [11/Sep/2023:12:13:10 -0500] "POST /kwsrmcab/Wsrmcab  HTTP/1.1" 200 42865
216.244.66.195 - - [11/Sep/2023:12:13:59 -0500] "GET /BLA/resoluciones/AUTOS%202019/3459.pdf HTTP/1.1" 200 290989
216.245.221.92 - - [11/Sep/2023:12:14:18 -0500] "HEAD / HTTP/1.1" 200 -
201.245.192.253 - - [11/Sep/2023:12:14:18 -0500] "POST /forms/lservlet;jsessionid=ac16012b30d6a8bf9815d2ae418fb3eef4eacf8d6c20.e3iSbxaKaheRe34Rch0Ra3mLchv0n6jAmljGr5XDqQLvpAe HTTP/1.1" 200 2
66.249.70.196 - - [11/Sep/2023:12:14:20 -0500] "GET /resoluciones/RESOLUCIONES%202009/0228.pdf HTTP/1.1" 404 1018
201.245.192.253 - - [11/Sep/2023:12:14:29 -0500] "POST /forms/lservlet;jsessionid=ac16012b30d627276427471b49389da38067db1bcabb.e3iSbxaKaheRe34Rch0Ra3mLchv0n6jAmljGr5XDqQLvpAe HTTP/1.1" 200 2
216.244.66.195 - - [11/Sep/2023:12:14:38 -0500] "GET /BLA/resoluciones/AUTOS%202019/4145.pdf HTTP/1.1" 200 286998
216.244.66.195 - - [11/Sep/2023:12:15:18 -0500] "GET /BLA/resoluciones/AUTOS%202019/4224.pdf HTTP/1.1" 200 329965
216.244.66.195 - - [11/Sep/2023:12:16:06 -0500] "GET /BLA/resoluciones/AUTOS%202019/4367.pdf HTTP/1.1" 200 338671
190.24.110.0 - - [11/Sep/2023:12:16:13 -0500] "GET /BLA/resoluciones/index.php HTTP/1.1" 200 13696
190.24.110.0 - - [11/Sep/2023:12:16:17 -0500] "GET /BLA/resoluciones/index.php?dir=AUTOS+2015%2F HTTP/1.1" 200 584005
201.245.192.253 - - [11/Sep/2023:12:16:18 -0500] "POST /forms/lservlet;jsessionid=ac16012b30d6a8bf9815d2ae418fb3eef4eacf8d6c20.e3iSbxaKaheRe34Rch0Ra3mLchv0n6jAmljGr5XDqQLvpAe HTTP/1.1" 200 2
40.77.167.76 - - [11/Sep/2023:12:16:25 -0500] "GET /Publicaciones/2023EE207903.pdf HTTP/1.1" 200 232087
201.245.192.253 - - [11/Sep/2023:12:16:29 -0500] "POST /forms/lservlet;jsessionid=ac16012b30d627276427471b49389da38067db1bcabb.e3iSbxaKaheRe34Rch0Ra3mLchv0n6jAmljGr5XDqQLvpAe HTTP/1.1" 200 2
201.245.192.253 - - [11/Sep/2023:12:16:36 -0500] "-" 408 -
181.57.78.12 - - [11/Sep/2023:12:16:47 -0500] "GET /BLA/boletinlegal/style.css HTTP/1.1" 200 9406
181.57.78.12 - - [11/Sep/2023:12:16:47 -0500] "GET /BLA/boletinlegal/js/jquery.js HTTP/1.1" 200 57254
181.57.78.12 - - [11/Sep/2023:12:16:47 -0500] "GET /BLA/boletinlegal/styles2.css HTTP/1.1" 200 1838
181.57.78.12 - - [11/Sep/2023:12:16:47 -0500] "GET /BLA/boletinlegal/js/jquery.scrollShow.js HTTP/1.1" 200 4586
181.57.78.12 - - [11/Sep/2023:12:16:47 -0500] "GET /BLA/boletinlegal/js/jquery.scrollTo-min.js HTTP/1.1" 200 1150
181.57.78.12 - - [11/Sep/2023:12:16:47 -0500] "GET /BLA/boletinlegal/images/cabezote%20BLEGAL.jpg HTTP/1.1" 200 118164
181.57.78.12 - - [11/Sep/2023:12:16:47 -0500] "GET /BLA/boletinlegal/images/screen_1.png HTTP/1.1" 200 202547
181.57.78.12 - - [11/Sep/2023:12:16:47 -0500] "GET /BLA/boletinlegal/images/screen_2.png HTTP/1.1" 200 362502
181.57.78.12 - - [11/Sep/2023:12:16:47 -0500] "GET /BLA/boletinlegal/images/screen_3.png HTTP/1.1" 200 210620
181.57.78.12 - - [11/Sep/2023:12:16:47 -0500] "GET /BLA/boletinlegal/images/screen_5.png HTTP/1.1" 200 368876
181.57.78.12 - - [11/Sep/2023:12:16:47 -0500] "GET /BLA/boletinlegal/images/subscribe-icon-big.png HTTP/1.1" 200 47702
181.57.78.12 - - [11/Sep/2023:12:16:49 -0500] "GET /BLA/boletinlegal/images/registro-usuarios.png HTTP/1.1" 200 8106
181.57.78.12 - - [11/Sep/2023:12:16:50 -0500] "GET /BLA/boletinlegal/images/body_bg.jpg HTTP/1.1" 200 1601
181.57.78.12 - - [11/Sep/2023:12:16:50 -0500] "GET /BLA/boletinlegal/images/menu_lft.gif HTTP/1.1" 200 1713
181.57.78.12 - - [11/Sep/2023:12:16:50 -0500] "GET /BLA/boletinlegal/images/menu_rght.gif HTTP/1.1" 200 1627
181.57.78.12 - - [11/Sep/2023:12:16:50 -0500] "GET /BLA/boletinlegal/images/bg_top.jpg HTTP/1.1" 200 522
181.57.78.12 - - [11/Sep/2023:12:16:50 -0500] "GET /BLA/boletinlegal/images/menu_bg.jpg HTTP/1.1" 200 620
181.57.78.12 - - [11/Sep/2023:12:16:50 -0500] "GET /BLA/boletinlegal/images/text.jpg HTTP/1.1" 200 568
181.57.78.12 - - [11/Sep/2023:12:16:50 -0500] "GET /BLA/boletinlegal/images/arr_r.jpg HTTP/1.1" 200 1998
181.57.78.12 - - [11/Sep/2023:12:16:50 -0500] "GET /BLA/boletinlegal/images/arr_l.jpg HTTP/1.1" 200 1979
181.57.78.12 - - [11/Sep/2023:12:16:50 -0500] "GET /BLA/boletinlegal/images/hover.jpg HTTP/1.1" 200 640
181.57.78.12 - - [11/Sep/2023:12:16:50 -0500] "GET /BLA/boletinlegal/images/historia.png HTTP/1.1" 200 52775
181.57.78.12 - - [11/Sep/2023:12:16:50 -0500] "GET /BLA/boletinlegal/images/footer_bg.jpg HTTP/1.1" 200 586
181.57.78.12 - - [11/Sep/2023:12:16:50 -0500] "GET /BLA/boletinlegal/images/launch.jpg HTTP/1.1" 200 14577
216.244.66.195 - - [11/Sep/2023:12:16:54 -0500] "GET /BLA/resoluciones/AUTOS%202019/4458.pdf HTTP/1.1" 200 271674
181.57.78.12 - - [11/Sep/2023:12:16:59 -0500] "GET /BLA/boletinlegal/images/pdf.gif HTTP/1.1" 200 567
172.22.2.4 - - [11/Sep/2023:12:17:10 -0500] "GET /BLA/boletinlegal/js/jquery.js HTTP/1.1" 200 57254
172.22.2.4 - - [11/Sep/2023:12:17:10 -0500] "GET /BLA/boletinlegal/js/jquery.scrollShow.js HTTP/1.1" 200 4586
172.22.2.4 - - [11/Sep/2023:12:17:10 -0500] "GET /BLA/boletinlegal/js/jquery.scrollTo-min.js HTTP/1.1" 200 1150
181.57.78.12 - - [11/Sep/2023:12:17:27 -0500] "GET /BLA/boletinlegal/normativa.php HTTP/1.1" 200 8343
181.57.78.12 - - [11/Sep/2023:12:17:27 -0500] "GET /BLA/boletinlegal/js/ajax_normativa.js HTTP/1.1" 200 1154
181.57.78.12 - - [11/Sep/2023:12:17:27 -0500] "GET /BLA/boletinlegal/niceforms-default.css HTTP/1.1" 200 6694
181.57.78.12 - - [11/Sep/2023:12:17:27 -0500] "GET /BLA/boletinlegal/niceforms.js HTTP/1.1" 200 22876
181.57.78.12 - - [11/Sep/2023:12:17:27 -0500] "GET /BLA/boletinlegal/images/tel.png HTTP/1.1" 200 14477
181.57.78.12 - - [11/Sep/2023:12:17:27 -0500] "GET /BLA/boletinlegal/images/icono-email.png HTTP/1.1" 200 5544
181.57.78.12 - - [11/Sep/2023:12:17:27 -0500] "GET /BLA/boletinlegal/images/footer_bg_l.jpg HTTP/1.1" 200 776
181.57.78.12 - - [11/Sep/2023:12:17:28 -0500] "GET /BLA/boletinlegal/img/0.png HTTP/1.1" 200 110
181.57.78.12 - - [11/Sep/2023:12:17:28 -0500] "GET /BLA/boletinlegal/img/select-right.png HTTP/1.1" 200 44019
181.57.78.12 - - [11/Sep/2023:12:17:28 -0500] "GET /BLA/boletinlegal/img/select-left.png HTTP/1.1" 200 263
181.57.78.12 - - [11/Sep/2023:12:17:28 -0500] "GET /favicon.ico HTTP/1.1" 200 7782
181.57.78.12 - - [11/Sep/2023:12:17:28 -0500] "GET /BLA/boletinlegal/img/button.png HTTP/1.1" 200 43241
181.57.78.12 - - [11/Sep/2023:12:17:28 -0500] "GET /BLA/boletinlegal/img/button-right.png HTTP/1.1" 200 57878
181.57.78.12 - - [11/Sep/2023:12:17:28 -0500] "GET /BLA/boletinlegal/img/button-left.png HTTP/1.1" 200 57071
201.245.192.253 - - [11/Sep/2023:12:17:29 -0500] "-" 408 -
181.57.78.12 - - [11/Sep/2023:12:17:30 -0500] "GET /BLA/boletinlegal/actos.php HTTP/1.1" 200 9682
181.57.78.12 - - [11/Sep/2023:12:17:30 -0500] "GET /BLA/boletinlegal/js/ajax_actos.js HTTP/1.1" 200 1322
181.57.78.12 - - [11/Sep/2023:12:17:30 -0500] "GET /BLA/boletinlegal/js/popup.js HTTP/1.1" 200 1270
181.57.78.12 - - [11/Sep/2023:12:17:30 -0500] "GET /BLA/boletinlegal/js/lib.js HTTP/1.1" 200 6474
181.57.78.12 - - [11/Sep/2023:12:17:30 -0500] "GET /BLA/boletinlegal/js/jquery1.js HTTP/1.1" 200 29846
181.57.78.12 - - [11/Sep/2023:12:17:30 -0500] "GET /BLA/boletinlegal/images/green-yellow-blue-pink-th.png HTTP/1.1" 200 7394
172.22.2.4 - - [11/Sep/2023:12:16:58 -0500] "GET /BLA/boletinlegal/ HTTP/1.1" 200 20427
172.22.2.4 - - [11/Sep/2023:12:15:54 -0500] "HEAD /BLA/boletinlegal/ HTTP/1.1" 200 -
216.244.66.195 - - [11/Sep/2023:12:17:35 -0500] "GET /BLA/resoluciones/RESOLUCIONES%202018/2706.pdf HTTP/1.1" 200 779842
172.22.2.4 - - [11/Sep/2023:12:17:01 -0500] "GET /BLA/boletinlegal/ HTTP/1.1" 200 20427
181.57.78.12 - - [11/Sep/2023:12:16:37 -0500] "GET /BLA/boletinlegal/index.php? HTTP/1.1" 200 32715
181.57.78.12 - - [11/Sep/2023:12:17:46 -0500] "GET /BLA/boletinlegal/consulta_actos.php?tipo=autos&no=&usuario=&sector=RESIDUOS&fecha=2023&resuelve= HTTP/1.1" 200 62669
181.57.78.12 - - [11/Sep/2023:12:17:46 -0500] "GET /BLA/boletinlegal/images/background.gif HTTP/1.1" 200 -
201.245.192.253 - - [11/Sep/2023:12:18:09 -0500] "POST /kwsrmcab/Wsrmcab  HTTP/1.1" 200 42865
181.57.78.12 - - [11/Sep/2023:12:18:12 -0500] "GET /BLA/boletinlegal/consulta_actos.php?tipo=autos&no=&usuario=&sector=RESIDUOS&fecha=2023&resuelve=SHYNTYA%20QUIMICA HTTP/1.1" 200 626
201.244.124.158 - - [11/Sep/2023:12:18:17 -0500] "GET /distrito-firmo-resolucion-de-etiquetado-vehicular-ambiental-herramienta-para-clasificar-vehiculos-segun-sus-niveles-de-emisiones.html HTTP/1.1" 200 841
201.245.192.253 - - [11/Sep/2023:12:18:18 -0500] "POST /forms/lservlet;jsessionid=ac16012b30d6a8bf9815d2ae418fb3eef4eacf8d6c20.e3iSbxaKaheRe34Rch0Ra3mLchv0n6jAmljGr5XDqQLvpAe HTTP/1.1" 200 2
181.57.78.12 - - [11/Sep/2023:12:18:24 -0500] "GET /BLA/boletinlegal/consulta_actos.php?tipo=autos&no=&usuario=&sector=RESIDUOS&fecha=2023&resuelve=SHYNTYA%20 HTTP/1.1" 200 626
172.22.2.4 - - [11/Sep/2023:12:16:45 -0500] "GET /BLA/boletinlegal/ HTTP/1.1" 200 50177
216.244.66.195 - - [11/Sep/2023:12:18:26 -0500] "GET /BLA/resoluciones/RESOLUCIONES%202018/2931.pdf HTTP/1.1" 200 273839
181.57.78.12 - - [11/Sep/2023:12:18:27 -0500] "GET /BLA/boletinlegal/consulta_actos.php?tipo=autos&no=&usuario=&sector=RESIDUOS&fecha=2023&resuelve=SHYNTYA%20 HTTP/1.1" 200 626
201.245.192.253 - - [11/Sep/2023:12:18:29 -0500] "POST /forms/lservlet;jsessionid=ac16012b30d627276427471b49389da38067db1bcabb.e3iSbxaKaheRe34Rch0Ra3mLchv0n6jAmljGr5XDqQLvpAe HTTP/1.1" 200 2
181.57.78.12 - - [11/Sep/2023:12:18:36 -0500] "GET /BLA/boletinlegal/consulta_actos.php?tipo=autos&no=&usuario=&sector=RESIDUOS&fecha=2004&resuelve=SHYNTYA%20 HTTP/1.1" 200 626
201.245.192.253 - - [11/Sep/2023:12:18:35 -0500] "POST /kwsrmcab/Wsrmcab HTTP/1.1" 200 42755
201.245.192.253 - - [11/Sep/2023:12:18:37 -0500] "POST /kwsrmcab/Wsrmcab HTTP/1.1" 200 39993
181.57.78.12 - - [11/Sep/2023:12:18:42 -0500] "GET /BLA/boletinlegal/consulta_actos.php?tipo=autos&no=&usuario=&sector=RESIDUOS&fecha=2004&resuelve= HTTP/1.1" 200 626
181.57.78.12 - - [11/Sep/2023:12:18:44 -0500] "GET /BLA/boletinlegal/consulta_actos.php?tipo=autos&no=&usuario=&sector=RESIDUOS&fecha=2004&resuelve= HTTP/1.1" 200 626
181.57.78.12 - - [11/Sep/2023:12:18:50 -0500] "GET /BLA/boletinlegal/consulta_actos.php?tipo=autos&no=&usuario=&sector=RESIDUOS&fecha=2023&resuelve= HTTP/1.1" 200 62669
216.244.66.195 - - [11/Sep/2023:12:19:08 -0500] "GET /BLA/resoluciones/AUTOS%202016/1138.pdf HTTP/1.1" 200 552289
216.245.221.92 - - [11/Sep/2023:12:19:18 -0500] "HEAD / HTTP/1.1" 200 -
181.57.78.12 - - [11/Sep/2023:12:19:32 -0500] "GET /BLA/boletinlegal/normativa.php HTTP/1.1" 200 8343
181.57.78.12 - - [11/Sep/2023:12:19:45 -0500] "GET /BLA/boletinlegal/consulta_normativa.php?tipo=&sector=residuos&ano=&resuelve= HTTP/1.1" 200 20100
181.57.78.12 - - [11/Sep/2023:12:19:45 -0500] "GET /BLA/boletinlegal/images/docs.png HTTP/1.1" 200 10288
186.86.32.107 - - [11/Sep/2023:12:19:52 -0500] "POST /sipse/faces/presentacion/financiero/solicitudProceso/consultarSolicitudProceso.xhtml HTTP/1.1" 200 5822
181.57.78.12 - - [11/Sep/2023:12:19:56 -0500] "GET /BLA/boletinlegal/doctrina.php HTTP/1.1" 200 5614
216.244.66.195 - - [11/Sep/2023:12:19:58 -0500] "GET /BLA/resoluciones/AUTOS%202016/1174.pdf HTTP/1.1" 200 342577
181.57.78.12 - - [11/Sep/2023:12:19:59 -0500] "GET /BLA/boletinlegal/js/ajax_doctrina.js HTTP/1.1" 200 772
181.57.78.12 - - [11/Sep/2023:12:19:59 -0500] "GET /BLA/boletinlegal/images/sub_ul_li.gif HTTP/1.1" 200 343
181.57.78.12 - - [11/Sep/2023:12:20:00 -0500] "GET /BLA/boletinlegal/jurisprudencia.php HTTP/1.1" 200 17583
181.57.78.12 - - [11/Sep/2023:12:20:00 -0500] "GET /BLA/boletinlegal/images/jurisprudencia.png HTTP/1.1" 200 66721
186.86.32.107 - - [11/Sep/2023:12:20:01 -0500] "POST /sipse/faces/presentacion/financiero/solicitudProceso/consultarSolicitudProceso.xhtml HTTP/1.1" 200 66447
181.57.78.12 - - [11/Sep/2023:12:20:02 -0500] "GET /BLA/boletinlegal/doctrina.php HTTP/1.1" 200 5614
186.86.32.107 - - [11/Sep/2023:12:20:03 -0500] "GET /sipse/faces/javax.faces.resource/theme.css?ln=primefaces-sipse HTTP/1.1" 304 -
186.86.32.107 - - [11/Sep/2023:12:20:03 -0500] "GET /sipse/faces/javax.faces.resource/primefaces.css?ln=primefaces&v=4.0 HTTP/1.1" 304 -
186.86.32.107 - - [11/Sep/2023:12:20:03 -0500] "GET /sipse/faces/javax.faces.resource/layout/layout.css?ln=primefaces&v=4.0 HTTP/1.1" 304 -
186.86.32.107 - - [11/Sep/2023:12:20:03 -0500] "GET /sipse/faces/javax.faces.resource/jquery/jquery.js?ln=primefaces&v=4.0 HTTP/1.1" 304 -
186.86.32.107 - - [11/Sep/2023:12:20:03 -0500] "GET /sipse/faces/javax.faces.resource/jquery/jquery-plugins.js?ln=primefaces&v=4.0 HTTP/1.1" 304 -
186.86.32.107 - - [11/Sep/2023:12:20:03 -0500] "GET /sipse/faces/javax.faces.resource/primefaces.js?ln=primefaces&v=4.0 HTTP/1.1" 304 -
186.86.32.107 - - [11/Sep/2023:12:20:03 -0500] "GET /sipse/faces/javax.faces.resource/layout/layout.js?ln=primefaces&v=4.0 HTTP/1.1" 304 -
186.86.32.107 - - [11/Sep/2023:12:20:04 -0500] "POST /sipse/faces/presentacion/financiero/solicitudProceso/listarSolicitudProceso.xhtml HTTP/1.1" 200 59817
181.57.78.12 - - [11/Sep/2023:12:20:04 -0500] "GET /BLA/boletinlegal/actos.php HTTP/1.1" 200 9682
186.86.32.107 - - [11/Sep/2023:12:20:04 -0500] "POST /sipse/faces/presentacion/financiero/solicitudProceso/listarSolicitudProceso.xhtml HTTP/1.1" 200 59817
186.86.32.107 - - [11/Sep/2023:12:20:05 -0500] "POST /sipse/faces/presentacion/financiero/solicitudProceso/listarSolicitudProceso.xhtml HTTP/1.1" 200 1560
186.86.32.107 - - [11/Sep/2023:12:20:05 -0500] "POST /sipse/faces/presentacion/financiero/solicitudProceso/listarSolicitudProceso.xhtml HTTP/1.1" 200 1568
186.86.32.107 - - [11/Sep/2023:12:20:06 -0500] "POST /sipse/faces/presentacion/financiero/solicitudProceso/listarSolicitudProceso.xhtml HTTP/1.1" 200 1568
186.102.71.219 - - [11/Sep/2023:12:20:09 -0500] "GET /catalogoisis/ HTTP/1.1" 200 8575
186.102.71.219 - - [11/Sep/2023:12:20:09 -0500] "GET /catalogoisis/Css/Busqueda.css HTTP/1.1" 200 1995
186.102.71.219 - - [11/Sep/2023:12:20:09 -0500] "GET /catalogoisis/Js/AceptarLimpiar.js HTTP/1.1" 200 331
186.102.71.219 - - [11/Sep/2023:12:20:09 -0500] "GET /catalogoisis/Js/CriterioCombinada.js HTTP/1.1" 200 1843
186.102.71.219 - - [11/Sep/2023:12:20:09 -0500] "GET /catalogoisis/Js/Cookies.js HTTP/1.1" 200 1369
186.102.71.219 - - [11/Sep/2023:12:20:09 -0500] "GET /catalogoisis/Js/LimpiarCombinada.js HTTP/1.1" 200 207
186.102.71.219 - - [11/Sep/2023:12:20:09 -0500] "GET /catalogoisis/Js/Remote.js HTTP/1.1" 200 436
186.102.71.219 - - [11/Sep/2023:12:20:09 -0500] "GET /catalogoisis/Js/Go.js HTTP/1.1" 200 364
186.102.71.219 - - [11/Sep/2023:12:20:09 -0500] "GET /catalogoisis/Js/Numero.js HTTP/1.1" 200 398
186.102.71.219 - - [11/Sep/2023:12:20:09 -0500] "GET /catalogoisis/Js/Enter.js HTTP/1.1" 200 1208
186.102.71.219 - - [11/Sep/2023:12:20:09 -0500] "GET /catalogoisis/imagenes/br1c1.gif HTTP/1.1" 200 172
186.102.71.219 - - [11/Sep/2023:12:20:09 -0500] "GET /catalogoisis/imagenes/br1c3.gif HTTP/1.1" 200 302
186.102.71.219 - - [11/Sep/2023:12:20:09 -0500] "GET /catalogoisis/imagenes/Turnbo1.gif HTTP/1.1" 200 227
186.102.71.219 - - [11/Sep/2023:12:20:09 -0500] "GET /catalogoisis/imagenes/aceptar1.gif HTTP/1.1" 200 604
186.102.71.219 - - [11/Sep/2023:12:20:09 -0500] "GET /catalogoisis/imagenes/limpiar1.gif HTTP/1.1" 200 606
186.102.71.219 - - [11/Sep/2023:12:20:09 -0500] "GET /catalogoisis/imagenes/br2c3.gif HTTP/1.1" 200 416
186.102.71.219 - - [11/Sep/2023:12:20:09 -0500] "GET /catalogoisis/imagenes/br2c1.gif HTTP/1.1" 200 297
186.102.71.219 - - [11/Sep/2023:12:20:09 -0500] "GET /catalogoisis/imagenes/br3c3.gif HTTP/1.1" 200 186
186.102.71.219 - - [11/Sep/2023:12:20:09 -0500] "GET /catalogoisis/imagenes/Header.gif HTTP/1.1" 200 27040
186.102.71.219 - - [11/Sep/2023:12:20:09 -0500] "GET /catalogoisis/imagenes/br3c1.gif HTTP/1.1" 200 177
186.102.71.219 - - [11/Sep/2023:12:20:09 -0500] "GET /catalogoisis/imagenes/br3c2.gif HTTP/1.1" 200 285
186.102.71.219 - - [11/Sep/2023:12:20:09 -0500] "GET /catalogoisis/imagenes/br2c2.gif HTTP/1.1" 200 302
186.102.71.219 - - [11/Sep/2023:12:20:09 -0500] "GET /catalogoisis/imagenes/br1c2.gif HTTP/1.1" 200 297
186.102.71.219 - - [11/Sep/2023:12:20:09 -0500] "GET /favicon.ico HTTP/1.1" 200 7782
181.57.78.12 - - [11/Sep/2023:12:20:17 -0500] "GET /BLA/boletinlegal/consulta_actos.php?tipo=resoluciones&no=&usuario=&sector=RESIDUOS&fecha=2018&resuelve= HTTP/1.1" 200 15746
201.245.192.253 - - [11/Sep/2023:12:20:18 -0500] "POST /forms/lservlet;jsessionid=ac16012b30d6a8bf9815d2ae418fb3eef4eacf8d6c20.e3iSbxaKaheRe34Rch0Ra3mLchv0n6jAmljGr5XDqQLvpAe HTTP/1.1" 200 2
201.245.192.253 - - [11/Sep/2023:12:20:29 -0500] "POST /forms/lservlet;jsessionid=ac16012b30d627276427471b49389da38067db1bcabb.e3iSbxaKaheRe34Rch0Ra3mLchv0n6jAmljGr5XDqQLvpAe HTTP/1.1" 200 2
216.244.66.195 - - [11/Sep/2023:12:20:41 -0500] "GET /BLA/resoluciones/AUTOS%202016/1290.pdf HTTP/1.1" 200 438519
181.57.78.12 - - [11/Sep/2023:12:20:48 -0500] "GET /BLA/boletinlegal/consulta_actos.php?tipo=resoluciones&no=&usuario=&sector=RESIDUOS&fecha=2022&resuelve= HTTP/1.1" 200 26404
192.133.77.14 - - [11/Sep/2023:12:20:54 -0500] "GET /abierta-convocatoria-para-postular-a-organizaciones-que-desarrollan-actividades-de-voluntariado-ambiental-en-bogota.html HTTP/1.1" 200 880
168.119.76.169 - - [11/Sep/2023:12:21:03 -0500] "GET /robots.txt HTTP/1.1" 404 1034
168.119.76.169 - - [11/Sep/2023:12:21:03 -0500] "GET /abierta-convocatoria-para-postular-a-organizaciones-que-desarrollan-actividades-de-voluntariado-ambiental-en-bogota.html HTTP/1.1" 200 880
186.102.71.219 - - [11/Sep/2023:12:21:07 -0500] "GET /catalogoisis/ HTTP/1.1" 200 8575
172.22.2.4 - - [11/Sep/2023:12:21:10 -0500] "GET /BLA/boletinlegal/actos.php HTTP/1.1" 200 9682
172.22.2.4 - - [11/Sep/2023:12:21:10 -0500] "GET /BLA/boletinlegal/styles2.css HTTP/1.1" 200 1838
172.22.2.4 - - [11/Sep/2023:12:21:10 -0500] "GET /BLA/boletinlegal/niceforms-default.css HTTP/1.1" 200 6694
172.22.2.4 - - [11/Sep/2023:12:21:10 -0500] "GET /BLA/boletinlegal/style.css HTTP/1.1" 200 9406
172.22.2.4 - - [11/Sep/2023:12:21:10 -0500] "GET /BLA/boletinlegal/js/ajax_actos.js HTTP/1.1" 200 1322
172.22.2.4 - - [11/Sep/2023:12:21:10 -0500] "GET /BLA/boletinlegal/js/lib.js HTTP/1.1" 200 6474
172.22.2.4 - - [11/Sep/2023:12:21:10 -0500] "GET /BLA/boletinlegal/niceforms.js HTTP/1.1" 200 22876
172.22.2.4 - - [11/Sep/2023:12:21:10 -0500] "GET /BLA/boletinlegal/js/popup.js HTTP/1.1" 200 1270
172.22.2.4 - - [11/Sep/2023:12:21:10 -0500] "GET /BLA/boletinlegal/js/jquery1.js HTTP/1.1" 200 29846
172.22.2.4 - - [11/Sep/2023:12:21:10 -0500] "GET /BLA/boletinlegal/images/cabezote%20BLEGAL.jpg HTTP/1.1" 200 118164
172.22.2.4 - - [11/Sep/2023:12:21:10 -0500] "GET /BLA/boletinlegal/images/subscribe-icon-big.png HTTP/1.1" 200 47702
172.22.2.4 - - [11/Sep/2023:12:21:10 -0500] "GET /BLA/boletinlegal/images/historia.png HTTP/1.1" 200 52775
172.22.2.4 - - [11/Sep/2023:12:21:10 -0500] "GET /BLA/boletinlegal/images/green-yellow-blue-pink-th.png HTTP/1.1" 200 7394
172.22.2.4 - - [11/Sep/2023:12:21:10 -0500] "GET /BLA/boletinlegal/images/registro-usuarios.png HTTP/1.1" 200 8106
172.22.2.4 - - [11/Sep/2023:12:21:10 -0500] "GET /BLA/boletinlegal/images/tel.png HTTP/1.1" 200 14477
172.22.2.4 - - [11/Sep/2023:12:21:10 -0500] "GET /BLA/boletinlegal/images/icono-email.png HTTP/1.1" 200 5544
172.22.2.4 - - [11/Sep/2023:12:21:10 -0500] "GET /BLA/boletinlegal/images/body_bg.jpg HTTP/1.1" 200 1601
172.22.2.4 - - [11/Sep/2023:12:21:10 -0500] "GET /BLA/boletinlegal/images/menu_lft.gif HTTP/1.1" 200 1713
172.22.2.4 - - [11/Sep/2023:12:21:10 -0500] "GET /BLA/boletinlegal/images/menu_rght.gif HTTP/1.1" 200 1627
172.22.2.4 - - [11/Sep/2023:12:21:10 -0500] "GET /BLA/boletinlegal/images/menu_bg.jpg HTTP/1.1" 200 620
172.22.2.4 - - [11/Sep/2023:12:21:10 -0500] "GET /BLA/boletinlegal/images/bg_top.jpg HTTP/1.1" 200 522
172.22.2.4 - - [11/Sep/2023:12:21:10 -0500] "GET /BLA/boletinlegal/images/hover.jpg HTTP/1.1" 200 640
172.22.2.4 - - [11/Sep/2023:12:21:10 -0500] "GET /BLA/boletinlegal/images/footer_bg_l.jpg HTTP/1.1" 200 776
172.22.2.4 - - [11/Sep/2023:12:21:10 -0500] "GET /BLA/boletinlegal/images/text.jpg HTTP/1.1" 200 568
172.22.2.4 - - [11/Sep/2023:12:21:10 -0500] "GET /BLA/boletinlegal/images/footer_bg.jpg HTTP/1.1" 200 586
172.22.2.4 - - [11/Sep/2023:12:21:10 -0500] "GET /BLA/boletinlegal/img/0.png HTTP/1.1" 200 110
172.22.2.4 - - [11/Sep/2023:12:21:10 -0500] "GET /BLA/boletinlegal/img/select-right.png HTTP/1.1" 200 44019
172.22.2.4 - - [11/Sep/2023:12:21:10 -0500] "GET /BLA/boletinlegal/img/button.png HTTP/1.1" 200 43241
172.22.2.4 - - [11/Sep/2023:12:21:10 -0500] "GET /BLA/boletinlegal/img/button-right.png HTTP/1.1" 200 57878
172.22.2.4 - - [11/Sep/2023:12:21:10 -0500] "GET /BLA/boletinlegal/img/button-left.png HTTP/1.1" 200 57071
172.22.2.4 - - [11/Sep/2023:12:21:10 -0500] "GET /BLA/boletinlegal/img/select-left.png HTTP/1.1" 200 263
172.22.2.4 - - [11/Sep/2023:12:21:10 -0500] "GET /BLA/boletinlegal/favicon.ico HTTP/1.1" 404 1326
172.22.2.4 - - [11/Sep/2023:12:21:19 -0500] "GET /BLA/boletinlegal/consulta_actos.php?tipo=autos&no=&usuario=&sector=&fecha=2023&resuelve= HTTP/1.1" 200 819295
172.22.2.4 - - [11/Sep/2023:12:21:20 -0500] "GET /BLA/boletinlegal/images/pdf.gif HTTP/1.1" 200 567
172.22.2.4 - - [11/Sep/2023:12:21:20 -0500] "GET /BLA/boletinlegal/images/background.gif HTTP/1.1" 200 -
216.244.66.195 - - [11/Sep/2023:12:21:27 -0500] "GET /BLA/resoluciones/AUTOS%202016/1351.pdf HTTP/1.1" 200 377227
186.86.32.107 - - [11/Sep/2023:12:21:27 -0500] "POST /sipse/faces/presentacion/financiero/solicitudProceso/listarSolicitudProceso.xhtml HTTP/1.1" 200 60220
186.86.32.107 - - [11/Sep/2023:12:21:49 -0500] "GET /sipse/faces/javax.faces.resource/theme.css?ln=primefaces-sipse HTTP/1.1" 304 -
186.86.32.107 - - [11/Sep/2023:12:21:49 -0500] "GET /sipse/faces/javax.faces.resource/jquery/jquery.js?ln=primefaces&v=4.0 HTTP/1.1" 304 -
186.86.32.107 - - [11/Sep/2023:12:21:49 -0500] "GET /sipse/faces/javax.faces.resource/primefaces.css?ln=primefaces&v=4.0 HTTP/1.1" 304 -
186.86.32.107 - - [11/Sep/2023:12:21:49 -0500] "GET /sipse/faces/javax.faces.resource/layout/layout.css?ln=primefaces&v=4.0 HTTP/1.1" 304 -
186.86.32.107 - - [11/Sep/2023:12:21:49 -0500] "GET /sipse/faces/javax.faces.resource/jquery/jquery-plugins.js?ln=primefaces&v=4.0 HTTP/1.1" 304 -
186.86.32.107 - - [11/Sep/2023:12:21:49 -0500] "GET /sipse/faces/javax.faces.resource/primefaces.js?ln=primefaces&v=4.0 HTTP/1.1" 304 -
186.86.32.107 - - [11/Sep/2023:12:21:49 -0500] "GET /sipse/faces/javax.faces.resource/layout/layout.js?ln=primefaces&v=4.0 HTTP/1.1" 304 -
181.57.78.12 - - [11/Sep/2023:12:21:48 -0500] "GET /BLA/boletinlegal/normativa.php HTTP/1.1" 200 8343
69.63.189.119 - - [11/Sep/2023:12:21:52 -0500] "GET /images/pieza-voluntariado-ambiental.jpeg HTTP/1.1" 200 51125
181.57.78.12 - - [11/Sep/2023:12:21:53 -0500] "GET /BLA/boletinlegal/actos.php HTTP/1.1" 200 9682
186.86.32.107 - - [11/Sep/2023:12:21:55 -0500] "POST /sipse/faces/presentacion/financiero/solicitudProceso/crearModificarSolicitudProceso.xhtml HTTP/1.1" 200 51772
181.57.78.12 - - [11/Sep/2023:12:21:55 -0500] "GET /BLA/boletinlegal/jurisprudencia.php HTTP/1.1" 200 17583
181.57.78.12 - - [11/Sep/2023:12:21:57 -0500] "GET /BLA/boletinlegal/conceptos.php HTTP/1.1" 200 7496
181.57.78.12 - - [11/Sep/2023:12:21:57 -0500] "GET /BLA/boletinlegal/js/ajax_conceptos.js HTTP/1.1" 200 1326
186.86.32.107 - - [11/Sep/2023:12:22:00 -0500] "POST /sipse/faces/presentacion/financiero/solicitudProceso/crearModificarSolicitudProceso.xhtml HTTP/1.1" 200 25137
181.57.78.12 - - [11/Sep/2023:12:22:05 -0500] "GET /BLA/boletinlegal/doctrina.php HTTP/1.1" 200 5614
216.244.66.195 - - [11/Sep/2023:12:22:08 -0500] "GET /BLA/resoluciones/AUTOS%202016/1640.pdf HTTP/1.1" 200 434409
181.57.78.12 - - [11/Sep/2023:12:22:02 -0500] "GET /BLA/boletinlegal/jurisprudencia.php HTTP/1.1" 200 17583
186.86.32.107 - - [11/Sep/2023:12:22:18 -0500] "POST /sipse/faces/presentacion/financiero/solicitudProceso/crearModificarSolicitudProceso.xhtml HTTP/1.1" 200 6299
201.245.192.253 - - [11/Sep/2023:12:22:18 -0500] "POST /forms/lservlet;jsessionid=ac16012b30d6a8bf9815d2ae418fb3eef4eacf8d6c20.e3iSbxaKaheRe34Rch0Ra3mLchv0n6jAmljGr5XDqQLvpAe HTTP/1.1" 200 2
181.57.78.12 - - [11/Sep/2023:12:22:08 -0500] "GET /BLA/boletinlegal/actos.php HTTP/1.1" 200 9682
181.57.78.12 - - [11/Sep/2023:12:22:22 -0500] "GET /BLA/boletinlegal/normativa.php HTTP/1.1" 200 8343
201.245.192.253 - - [11/Sep/2023:12:22:29 -0500] "POST /forms/lservlet;jsessionid=ac16012b30d627276427471b49389da38067db1bcabb.e3iSbxaKaheRe34Rch0Ra3mLchv0n6jAmljGr5XDqQLvpAe HTTP/1.1" 200 2
190.24.110.0 - - [11/Sep/2023:12:22:46 -0500] "GET /BLA/resoluciones/index.php HTTP/1.1" 200 13696
52.167.144.108 - - [11/Sep/2023:12:22:48 -0500] "GET /Publicaciones/2023EE207825.pdf HTTP/1.1" 200 325825
216.244.66.195 - - [11/Sep/2023:12:22:51 -0500] "GET /BLA/resoluciones/AUTOS%202016/1713.pdf HTTP/1.1" 200 467452
190.24.110.0 - - [11/Sep/2023:12:22:54 -0500] "GET /BLA/resoluciones/index.php?dir=AUTOS+2018%2F HTTP/1.1" 200 463344
201.245.192.253 - - [11/Sep/2023:12:23:07 -0500] "POST /kwsrmcab/Wsrmcab  HTTP/1.1" 200 42865
172.22.2.4 - - [11/Sep/2023:12:21:44 -0500] "HEAD /BLA/boletinlegal/ HTTP/1.1" 200 -
186.86.32.107 - - [11/Sep/2023:12:23:27 -0500] "POST /sipse/faces/presentacion/financiero/solicitudProceso/crearModificarSolicitudProceso.xhtml HTTP/1.1" 200 10235
186.86.32.107 - - [11/Sep/2023:12:23:35 -0500] "POST /sipse/faces/presentacion/financiero/solicitudProceso/crearModificarSolicitudProceso.xhtml HTTP/1.1" 200 6688
201.245.192.253 - - [11/Sep/2023:12:23:37 -0500] "POST /forms/lservlet;jsessionid=ac16012b30d627276427471b49389da38067db1bcabb.e3iSbxaKaheRe34Rch0Ra3mLchv0n6jAmljGr5XDqQLvpAe HTTP/1.1" 200 2
216.244.66.195 - - [11/Sep/2023:12:23:41 -0500] "GET /BLA/resoluciones/AUTOS%202016/1714.pdf HTTP/1.1" 200 469433
201.245.192.253 - - [11/Sep/2023:12:23:42 -0500] "POST /forms/lservlet;jsessionid=ac16012b30d627276427471b49389da38067db1bcabb.e3iSbxaKaheRe34Rch0Ra3mLchv0n6jAmljGr5XDqQLvpAe HTTP/1.1" 200 7
201.245.192.253 - - [11/Sep/2023:12:23:44 -0500] "POST /forms/lservlet;jsessionid=ac16012b30d6a8bf9815d2ae418fb3eef4eacf8d6c20.e3iSbxaKaheRe34Rch0Ra3mLchv0n6jAmljGr5XDqQLvpAe HTTP/1.1" 200 2
201.245.192.253 - - [11/Sep/2023:12:23:46 -0500] "POST /forms/lservlet;jsessionid=ac16012b30d6a8bf9815d2ae418fb3eef4eacf8d6c20.e3iSbxaKaheRe34Rch0Ra3mLchv0n6jAmljGr5XDqQLvpAe HTTP/1.1" 200 189
201.245.192.253 - - [11/Sep/2023:12:23:46 -0500] "POST /forms/lservlet;jsessionid=ac16012b30d6a8bf9815d2ae418fb3eef4eacf8d6c20.e3iSbxaKaheRe34Rch0Ra3mLchv0n6jAmljGr5XDqQLvpAe HTTP/1.1" 200 11
201.245.192.253 - - [11/Sep/2023:12:23:47 -0500] "POST /forms/lservlet;jsessionid=ac16012b30d6a8bf9815d2ae418fb3eef4eacf8d6c20.e3iSbxaKaheRe34Rch0Ra3mLchv0n6jAmljGr5XDqQLvpAe HTTP/1.1" 200 2
201.245.192.253 - - [11/Sep/2023:12:23:47 -0500] "POST /forms/lservlet;jsessionid=ac16012b30d6a8bf9815d2ae418fb3eef4eacf8d6c20.e3iSbxaKaheRe34Rch0Ra3mLchv0n6jAmljGr5XDqQLvpAe HTTP/1.1" 200 238
201.245.192.253 - - [11/Sep/2023:12:23:47 -0500] "POST /forms/lservlet;jsessionid=ac16012b30d6a8bf9815d2ae418fb3eef4eacf8d6c20.e3iSbxaKaheRe34Rch0Ra3mLchv0n6jAmljGr5XDqQLvpAe HTTP/1.1" 200 10
201.245.192.253 - - [11/Sep/2023:12:23:49 -0500] "GET /reports/rwservlet/getjobid=89169?server=repnomi HTTP/1.1" 200 28616
69.171.251.12 - - [11/Sep/2023:12:24:00 -0500] "GET /images/prueba3.jpeg HTTP/1.1" 200 88955
186.86.32.107 - - [11/Sep/2023:12:24:14 -0500] "GET /sipse/faces/javax.faces.resource/theme.css?ln=primefaces-sipse HTTP/1.1" 304 -
186.86.32.107 - - [11/Sep/2023:12:24:14 -0500] "GET /sipse/faces/javax.faces.resource/primefaces.css?ln=primefaces&v=4.0 HTTP/1.1" 304 -
186.86.32.107 - - [11/Sep/2023:12:24:13 -0500] "POST /sipse/faces/presentacion/financiero/solicitudProceso/crearModificarSolicitudProceso.xhtml HTTP/1.1" 200 24603
186.86.32.107 - - [11/Sep/2023:12:24:14 -0500] "GET /sipse/faces/javax.faces.resource/layout/layout.css?ln=primefaces&v=4.0 HTTP/1.1" 304 -
186.86.32.107 - - [11/Sep/2023:12:24:14 -0500] "GET /sipse/faces/javax.faces.resource/jquery/jquery.js?ln=primefaces&v=4.0 HTTP/1.1" 304 -
186.86.32.107 - - [11/Sep/2023:12:24:14 -0500] "GET /sipse/faces/javax.faces.resource/jquery/jquery-plugins.js?ln=primefaces&v=4.0 HTTP/1.1" 304 -
186.86.32.107 - - [11/Sep/2023:12:24:14 -0500] "GET /sipse/faces/javax.faces.resource/primefaces.js?ln=primefaces&v=4.0 HTTP/1.1" 304 -
186.86.32.107 - - [11/Sep/2023:12:24:14 -0500] "GET /sipse/faces/javax.faces.resource/layout/layout.js?ln=primefaces&v=4.0 HTTP/1.1" 304 -
186.86.32.107 - - [11/Sep/2023:12:24:14 -0500] "GET /sipse/faces/javax.faces.resource/images/ui-icons_898989_256x240.png?ln=primefaces-aristo HTTP/1.1" 304 -
172.22.2.4 - - [11/Sep/2023:12:22:35 -0500] "GET /BLA/boletinlegal/ HTTP/1.1" 200 58187
216.245.221.92 - - [11/Sep/2023:12:24:18 -0500] "HEAD / HTTP/1.1" 200 -
201.245.192.253 - - [11/Sep/2023:12:24:19 -0500] "POST /forms/lservlet;jsessionid=ac16012b30d6a8bf9815d2ae418fb3eef4eacf8d6c20.e3iSbxaKaheRe34Rch0Ra3mLchv0n6jAmljGr5XDqQLvpAe HTTP/1.1" 200 2
186.86.32.107 - - [11/Sep/2023:12:24:20 -0500] "GET /sipse/faces/javax.faces.resource/images/ui-bg_flat_0_2d5972_40x100.png?ln=primefaces-aristo HTTP/1.1" 304 -
186.86.32.107 - - [11/Sep/2023:12:24:20 -0500] "POST /sipse/faces/presentacion/financiero/solicitudProyectoActividad/asociarProyectoSolicitud.xhtml HTTP/1.1" 200 6601
186.86.32.107 - - [11/Sep/2023:12:24:23 -0500] "POST /sipse/faces/presentacion/financiero/solicitudProyectoActividad/asociarProyectoSolicitud.xhtml HTTP/1.1" 200 1692
186.86.32.107 - - [11/Sep/2023:12:24:24 -0500] "POST /sipse/faces/presentacion/financiero/solicitudProyectoActividad/asociarProyectoSolicitud.xhtml HTTP/1.1" 200 75724
186.86.32.107 - - [11/Sep/2023:12:24:25 -0500] "GET /sipse/faces/javax.faces.resource/theme.css?ln=primefaces-sipse HTTP/1.1" 304 -
186.86.32.107 - - [11/Sep/2023:12:24:25 -0500] "GET /sipse/faces/javax.faces.resource/layout/layout.css?ln=primefaces&v=4.0 HTTP/1.1" 304 -
186.86.32.107 - - [11/Sep/2023:12:24:25 -0500] "GET /sipse/faces/javax.faces.resource/primefaces.css?ln=primefaces&v=4.0 HTTP/1.1" 304 -
186.86.32.107 - - [11/Sep/2023:12:24:25 -0500] "GET /sipse/faces/javax.faces.resource/jquery/jquery.js?ln=primefaces&v=4.0 HTTP/1.1" 304 -
186.86.32.107 - - [11/Sep/2023:12:24:25 -0500] "GET /sipse/faces/javax.faces.resource/jquery/jquery-plugins.js?ln=primefaces&v=4.0 HTTP/1.1" 304 -
186.86.32.107 - - [11/Sep/2023:12:24:25 -0500] "GET /sipse/faces/javax.faces.resource/primefaces.js?ln=primefaces&v=4.0 HTTP/1.1" 304 -
186.86.32.107 - - [11/Sep/2023:12:24:25 -0500] "GET /sipse/faces/javax.faces.resource/layout/layout.js?ln=primefaces&v=4.0 HTTP/1.1" 304 -
216.244.66.195 - - [11/Sep/2023:12:24:26 -0500] "GET /BLA/resoluciones/AUTOS%202016/2059.pdf HTTP/1.1" 200 383069
201.245.192.253 - - [11/Sep/2023:12:24:29 -0500] "POST /forms/lservlet;jsessionid=ac16012b30d627276427471b49389da38067db1bcabb.e3iSbxaKaheRe34Rch0Ra3mLchv0n6jAmljGr5XDqQLvpAe HTTP/1.1" 200 2
173.252.83.119 - - [11/Sep/2023:12:24:29 -0500] "GET /images/Senderos1.jpeg HTTP/1.1" 200 172777
186.86.32.107 - - [11/Sep/2023:12:24:47 -0500] "POST /sipse/faces/presentacion/financiero/solicitudProyectoActividad/asociarActividadSolicitud.xhtml HTTP/1.1" 200 61072
186.86.32.107 - - [11/Sep/2023:12:24:55 -0500] "POST /sipse/faces/presentacion/financiero/solicitudProyectoActividad/asociarActividadSolicitud.xhtml HTTP/1.1" 200 20169
186.86.32.107 - - [11/Sep/2023:12:24:56 -0500] "GET /sipse/faces/javax.faces.resource/theme.css?ln=primefaces-sipse HTTP/1.1" 304 -
186.86.32.107 - - [11/Sep/2023:12:24:56 -0500] "GET /sipse/faces/javax.faces.resource/primefaces.css?ln=primefaces&v=4.0 HTTP/1.1" 304 -
186.86.32.107 - - [11/Sep/2023:12:24:56 -0500] "GET /sipse/faces/javax.faces.resource/layout/layout.css?ln=primefaces&v=4.0 HTTP/1.1" 304 -
186.86.32.107 - - [11/Sep/2023:12:24:56 -0500] "GET /sipse/faces/javax.faces.resource/jquery/jquery.js?ln=primefaces&v=4.0 HTTP/1.1" 304 -
186.86.32.107 - - [11/Sep/2023:12:24:56 -0500] "GET /sipse/faces/javax.faces.resource/jquery/jquery-plugins.js?ln=primefaces&v=4.0 HTTP/1.1" 304 -
186.86.32.107 - - [11/Sep/2023:12:24:56 -0500] "GET /sipse/faces/javax.faces.resource/primefaces.js?ln=primefaces&v=4.0 HTTP/1.1" 304 -
186.86.32.107 - - [11/Sep/2023:12:24:56 -0500] "GET /sipse/faces/javax.faces.resource/layout/layout.js?ln=primefaces&v=4.0 HTTP/1.1" 304 -
186.86.32.107 - - [11/Sep/2023:12:25:01 -0500] "GET /sipse/faces/javax.faces.resource/theme.css?ln=primefaces-sipse HTTP/1.1" 304 -
186.86.32.107 - - [11/Sep/2023:12:25:01 -0500] "GET /sipse/faces/javax.faces.resource/primefaces.css?ln=primefaces&v=4.0 HTTP/1.1" 304 -
186.86.32.107 - - [11/Sep/2023:12:25:01 -0500] "GET /sipse/faces/javax.faces.resource/layout/layout.css?ln=primefaces&v=4.0 HTTP/1.1" 304 -
186.86.32.107 - - [11/Sep/2023:12:25:01 -0500] "GET /sipse/faces/javax.faces.resource/jquery/jquery.js?ln=primefaces&v=4.0 HTTP/1.1" 304 -
186.86.32.107 - - [11/Sep/2023:12:25:00 -0500] "POST /sipse/faces/presentacion/financiero/solicitudProyectoActividad/asociarFuentesSolicitud.xhtml HTTP/1.1" 200 83519
186.86.32.107 - - [11/Sep/2023:12:25:01 -0500] "GET /sipse/faces/javax.faces.resource/jquery/jquery-plugins.js?ln=primefaces&v=4.0 HTTP/1.1" 304 -
186.86.32.107 - - [11/Sep/2023:12:25:01 -0500] "GET /sipse/faces/javax.faces.resource/primefaces.js?ln=primefaces&v=4.0 HTTP/1.1" 304 -
186.86.32.107 - - [11/Sep/2023:12:25:01 -0500] "GET /sipse/faces/javax.faces.resource/layout/layout.js?ln=primefaces&v=4.0 HTTP/1.1" 304 -
186.86.32.107 - - [11/Sep/2023:12:25:01 -0500] "GET /sipse/css/imagen/contrasena.png HTTP/1.1" 404 383
186.86.32.107 - - [11/Sep/2023:12:25:01 -0500] "GET /sipse/faces/javax.faces.resource/images/ui-icons_898989_256x240.png?ln=primefaces-aristo HTTP/1.1" 304 -
216.244.66.195 - - [11/Sep/2023:12:25:09 -0500] "GET /BLA/resoluciones/AUTOS%202016/2213.pdf HTTP/1.1" 200 549627
186.86.32.107 - - [11/Sep/2023:12:25:12 -0500] "GET /sipse/faces/javax.faces.resource/theme.css?ln=primefaces-sipse HTTP/1.1" 304 -
186.86.32.107 - - [11/Sep/2023:12:25:12 -0500] "GET /sipse/faces/javax.faces.resource/primefaces.css?ln=primefaces&v=4.0 HTTP/1.1" 304 -
186.86.32.107 - - [11/Sep/2023:12:25:05 -0500] "POST /sipse/faces/presentacion/financiero/solicitudProceso/crearModificarSolicitudProceso.xhtml HTTP/1.1" 200 45556
186.86.32.107 - - [11/Sep/2023:12:25:12 -0500] "GET /sipse/faces/javax.faces.resource/jquery/jquery.js?ln=primefaces&v=4.0 HTTP/1.1" 304 -
186.86.32.107 - - [11/Sep/2023:12:25:12 -0500] "GET /sipse/faces/javax.faces.resource/jquery/jquery-plugins.js?ln=primefaces&v=4.0 HTTP/1.1" 304 -
186.86.32.107 - - [11/Sep/2023:12:25:12 -0500] "GET /sipse/faces/javax.faces.resource/primefaces.js?ln=primefaces&v=4.0 HTTP/1.1" 304 -
186.86.32.107 - - [11/Sep/2023:12:25:12 -0500] "GET /sipse/faces/javax.faces.resource/layout/layout.js?ln=primefaces&v=4.0 HTTP/1.1" 304 -
186.86.32.107 - - [11/Sep/2023:12:25:50 -0500] "GET /sipse/faces/javax.faces.resource/layout/layout.css?ln=primefaces&v=4.0 HTTP/1.1" 304 -
186.86.32.107 - - [11/Sep/2023:12:25:54 -0500] "GET /sipse/faces/javax.faces.resource/images/ui-bg_flat_0_2d5972_40x100.png?ln=primefaces-aristo HTTP/1.1" 304 -
216.244.66.195 - - [11/Sep/2023:12:25:55 -0500] "GET /BLA/resoluciones/AUTOS%202016/2404.pdf HTTP/1.1" 200 552977
172.22.2.4 - - [11/Sep/2023:12:25:55 -0500] "GET /BLA/boletinlegal/robots.txt HTTP/1.1" 404 1139
186.86.32.107 - - [11/Sep/2023:12:25:54 -0500] "POST /sipse/faces/presentacion/financiero/solicitudBienServicio/asociarBienServicioSolicitud.xhtml HTTP/1.1" 200 2907
186.86.32.107 - - [11/Sep/2023:12:26:00 -0500] "GET /sipse/faces/javax.faces.resource/images/ui-icons_898989_256x240.png?ln=primefaces-aristo HTTP/1.1" 304 -
186.86.32.107 - - [11/Sep/2023:12:26:02 -0500] "POST /sipse/faces/presentacion/financiero/solicitudBienServicio/asociarBienServicioSolicitud.xhtml HTTP/1.1" 200 79350
186.86.32.107 - - [11/Sep/2023:12:26:02 -0500] "GET /sipse/faces/javax.faces.resource/theme.css?ln=primefaces-sipse HTTP/1.1" 304 -
186.86.32.107 - - [11/Sep/2023:12:26:02 -0500] "GET /sipse/faces/javax.faces.resource/primefaces.css?ln=primefaces&v=4.0 HTTP/1.1" 304 -
186.86.32.107 - - [11/Sep/2023:12:26:02 -0500] "GET /sipse/faces/javax.faces.resource/layout/layout.css?ln=primefaces&v=4.0 HTTP/1.1" 304 -
186.86.32.107 - - [11/Sep/2023:12:26:02 -0500] "GET /sipse/faces/javax.faces.resource/jquery/jquery.js?ln=primefaces&v=4.0 HTTP/1.1" 304 -
186.86.32.107 - - [11/Sep/2023:12:26:02 -0500] "GET /sipse/faces/javax.faces.resource/jquery/jquery-plugins.js?ln=primefaces&v=4.0 HTTP/1.1" 304 -
186.86.32.107 - - [11/Sep/2023:12:26:02 -0500] "GET /sipse/faces/javax.faces.resource/primefaces.js?ln=primefaces&v=4.0 HTTP/1.1" 304 -
186.86.32.107 - - [11/Sep/2023:12:26:02 -0500] "GET /sipse/faces/javax.faces.resource/layout/layout.js?ln=primefaces&v=4.0 HTTP/1.1" 304 -
172.22.2.4 - - [11/Sep/2023:12:26:06 -0500] "GET /BLA/boletinlegal/actos.php HTTP/1.1" 200 9682
190.67.211.155 - - [11/Sep/2023:12:26:15 -0500] "GET /BLA/resoluciones/ HTTP/1.1" 200 13696
190.67.211.155 - - [11/Sep/2023:12:26:15 -0500] "GET /BLA/resoluciones/dlf/styles.css HTTP/1.1" 200 3049
186.86.32.107 - - [11/Sep/2023:12:26:14 -0500] "POST /sipse/faces/presentacion/financiero/solicitudProceso/crearModificarSolicitudProceso.xhtml HTTP/1.1" 200 66902
186.86.32.107 - - [11/Sep/2023:12:26:17 -0500] "GET /sipse/faces/javax.faces.resource/theme.css?ln=primefaces-sipse HTTP/1.1" 304 -
186.86.32.107 - - [11/Sep/2023:12:26:17 -0500] "GET /sipse/faces/javax.faces.resource/primefaces.css?ln=primefaces&v=4.0 HTTP/1.1" 304 -
186.86.32.107 - - [11/Sep/2023:12:26:17 -0500] "GET /sipse/faces/javax.faces.resource/layout/layout.css?ln=primefaces&v=4.0 HTTP/1.1" 304 -
186.86.32.107 - - [11/Sep/2023:12:26:17 -0500] "GET /sipse/faces/javax.faces.resource/jquery/jquery.js?ln=primefaces&v=4.0 HTTP/1.1" 304 -
186.86.32.107 - - [11/Sep/2023:12:26:17 -0500] "GET /sipse/faces/javax.faces.resource/jquery/jquery-plugins.js?ln=primefaces&v=4.0 HTTP/1.1" 304 -
190.67.211.155 - - [11/Sep/2023:12:26:17 -0500] "GET /BLA/resoluciones/dlf/archive.png HTTP/1.1" 200 632
190.67.211.155 - - [11/Sep/2023:12:26:16 -0500] "GET /BLA/resoluciones/index.php?dir=AUTOS+2019%2F HTTP/1.1" 200 385541
201.245.192.253 - - [11/Sep/2023:12:26:19 -0500] "POST /forms/lservlet;jsessionid=ac16012b30d6a8bf9815d2ae418fb3eef4eacf8d6c20.e3iSbxaKaheRe34Rch0Ra3mLchv0n6jAmljGr5XDqQLvpAe HTTP/1.1" 200 2
186.86.32.107 - - [11/Sep/2023:12:26:22 -0500] "GET /sipse/faces/javax.faces.resource/primefaces.js?ln=primefaces&v=4.0 HTTP/1.1" 304 -
186.86.32.107 - - [11/Sep/2023:12:26:22 -0500] "GET /sipse/faces/javax.faces.resource/layout/layout.js?ln=primefaces&v=4.0 HTTP/1.1" 304 -
186.86.32.107 - - [11/Sep/2023:12:26:22 -0500] "GET /sipse/faces/javax.faces.resource/messages/messages.png?ln=primefaces&v=4.0 HTTP/1.1" 304 -
186.86.32.107 - - [11/Sep/2023:12:26:22 -0500] "POST /sipse/faces/presentacion/financiero/solicitudProceso/listarSolicitudProceso.xhtml HTTP/1.1" 200 1560
66.249.70.196 - - [11/Sep/2023:12:26:27 -0500] "GET /resoluciones/RESOLUCIONES%202008/3425.pdf HTTP/1.1" 404 1018
201.245.192.253 - - [11/Sep/2023:12:26:29 -0500] "POST /forms/lservlet;jsessionid=ac16012b30d627276427471b49389da38067db1bcabb.e3iSbxaKaheRe34Rch0Ra3mLchv0n6jAmljGr5XDqQLvpAe HTTP/1.1" 200 2
186.86.32.107 - - [11/Sep/2023:12:26:30 -0500] "POST /sipse/faces/presentacion/financiero/solicitudProceso/listarSolicitudProceso.xhtml HTTP/1.1" 200 44608
186.86.32.107 - - [11/Sep/2023:12:26:30 -0500] "POST /sipse/faces/presentacion/financiero/solicitudProceso/listarSolicitudProceso.xhtml HTTP/1.1" 200 58229
216.244.66.195 - - [11/Sep/2023:12:26:33 -0500] "GET /BLA/resoluciones/AUTOS%202016/2493.pdf HTTP/1.1" 200 291770
186.86.32.107 - - [11/Sep/2023:12:26:33 -0500] "POST /sipse/faces/presentacion/financiero/solicitudProceso/listarSolicitudProceso.xhtml HTTP/1.1" 200 43886
186.86.32.107 - - [11/Sep/2023:12:26:33 -0500] "GET /sipse/faces/javax.faces.resource/theme.css?ln=primefaces-sipse HTTP/1.1" 304 -
186.86.32.107 - - [11/Sep/2023:12:26:33 -0500] "GET /sipse/faces/javax.faces.resource/primefaces.css?ln=primefaces&v=4.0 HTTP/1.1" 304 -
186.86.32.107 - - [11/Sep/2023:12:26:33 -0500] "GET /sipse/faces/javax.faces.resource/layout/layout.css?ln=primefaces&v=4.0 HTTP/1.1" 304 -
186.86.32.107 - - [11/Sep/2023:12:26:33 -0500] "GET /sipse/faces/javax.faces.resource/jquery/jquery.js?ln=primefaces&v=4.0 HTTP/1.1" 304 -
186.86.32.107 - - [11/Sep/2023:12:26:33 -0500] "GET /sipse/faces/javax.faces.resource/jquery/jquery-plugins.js?ln=primefaces&v=4.0 HTTP/1.1" 304 -
186.86.32.107 - - [11/Sep/2023:12:26:33 -0500] "GET /sipse/faces/javax.faces.resource/primefaces.js?ln=primefaces&v=4.0 HTTP/1.1" 304 -
186.86.32.107 - - [11/Sep/2023:12:26:33 -0500] "GET /sipse/faces/javax.faces.resource/layout/layout.js?ln=primefaces&v=4.0 HTTP/1.1" 304 -
186.86.32.107 - - [11/Sep/2023:12:26:33 -0500] "POST /sipse/faces/presentacion/financiero/solicitudProceso/consultar.xhtml HTTP/1.1" 200 37282
186.86.32.107 - - [11/Sep/2023:12:26:37 -0500] "POST /sipse/faces/presentacion/financiero/solicitudProceso/consultar.xhtml HTTP/1.1" 200 41706
216.244.66.195 - - [11/Sep/2023:12:27:08 -0500] "GET /BLA/resoluciones/AUTOS%202016/2506.pdf HTTP/1.1" 200 326295
186.155.18.70 - - [11/Sep/2023:12:27:15 -0500] "GET /appsia/controlador HTTP/1.1" 200 4799
186.155.18.70 - - [11/Sep/2023:12:27:15 -0500] "GET /appsia/css/estilos.css HTTP/1.1" 200 4804
186.155.18.70 - - [11/Sep/2023:12:27:15 -0500] "GET /appsia/scripts/validarIngreso.js HTTP/1.1" 200 851
186.155.18.70 - - [11/Sep/2023:12:27:15 -0500] "GET /appsia/images/logo_bogota_p.png HTTP/1.1" 200 14951
186.155.18.70 - - [11/Sep/2023:12:27:15 -0500] "GET /appsia/images/cabezoteHojaVida.png HTTP/1.1" 200 32493
186.86.32.107 - - [11/Sep/2023:12:27:27 -0500] "POST /sipse/faces/presentacion/financiero/solicitudProceso/consultar.xhtml HTTP/1.1" 200 66447
186.86.32.107 - - [11/Sep/2023:12:27:28 -0500] "GET /sipse/faces/javax.faces.resource/theme.css?ln=primefaces-sipse HTTP/1.1" 304 -
186.86.32.107 - - [11/Sep/2023:12:27:28 -0500] "GET /sipse/faces/javax.faces.resource/primefaces.css?ln=primefaces&v=4.0 HTTP/1.1" 304 -
186.86.32.107 - - [11/Sep/2023:12:27:28 -0500] "GET /sipse/faces/javax.faces.resource/jquery/jquery.js?ln=primefaces&v=4.0 HTTP/1.1" 304 -
186.86.32.107 - - [11/Sep/2023:12:27:28 -0500] "GET /sipse/faces/javax.faces.resource/layout/layout.css?ln=primefaces&v=4.0 HTTP/1.1" 304 -
186.86.32.107 - - [11/Sep/2023:12:27:28 -0500] "GET /sipse/faces/javax.faces.resource/jquery/jquery-plugins.js?ln=primefaces&v=4.0 HTTP/1.1" 304 -
186.86.32.107 - - [11/Sep/2023:12:27:28 -0500] "GET /sipse/faces/javax.faces.resource/primefaces.js?ln=primefaces&v=4.0 HTTP/1.1" 304 -
186.86.32.107 - - [11/Sep/2023:12:27:28 -0500] "GET /sipse/faces/javax.faces.resource/layout/layout.js?ln=primefaces&v=4.0 HTTP/1.1" 304 -
186.86.32.107 - - [11/Sep/2023:12:27:28 -0500] "POST /sipse/faces/presentacion/financiero/solicitudProceso/listarSolicitudProceso.xhtml HTTP/1.1" 200 59817
186.86.32.107 - - [11/Sep/2023:12:27:31 -0500] "POST /sipse/faces/presentacion/financiero/solicitudProceso/listarSolicitudProceso.xhtml HTTP/1.1" 200 59817
186.86.32.107 - - [11/Sep/2023:12:27:31 -0500] "POST /sipse/faces/presentacion/financiero/solicitudProceso/listarSolicitudProceso.xhtml HTTP/1.1" 200 1560
186.86.32.107 - - [11/Sep/2023:12:27:32 -0500] "POST /sipse/faces/presentacion/financiero/solicitudProceso/listarSolicitudProceso.xhtml HTTP/1.1" 200 1568
186.86.32.107 - - [11/Sep/2023:12:27:32 -0500] "POST /sipse/faces/presentacion/financiero/solicitudProceso/listarSolicitudProceso.xhtml HTTP/1.1" 200 1568
186.86.32.107 - - [11/Sep/2023:12:27:35 -0500] "POST /sipse/faces/presentacion/financiero/solicitudProceso/listarSolicitudProceso.xhtml HTTP/1.1" 200 44505
186.86.32.107 - - [11/Sep/2023:12:27:36 -0500] "POST /sipse/faces/presentacion/financiero/solicitudProceso/listarSolicitudProceso.xhtml HTTP/1.1" 200 32344
186.86.32.107 - - [11/Sep/2023:12:27:38 -0500] "POST /sipse/faces/presentacion/financiero/solicitudProceso/listarSolicitudProceso.xhtml HTTP/1.1" 200 17666
186.86.32.107 - - [11/Sep/2023:12:27:39 -0500] "POST /sipse/faces/presentacion/financiero/solicitudProceso/listarSolicitudProceso.xhtml HTTP/1.1" 200 17646
186.86.32.107 - - [11/Sep/2023:12:27:43 -0500] "POST /sipse/faces/presentacion/financiero/solicitudProceso/listarSolicitudProceso.xhtml HTTP/1.1" 200 121125
186.86.32.107 - - [11/Sep/2023:12:27:44 -0500] "GET /sipse/faces/javax.faces.resource/theme.css?ln=primefaces-sipse HTTP/1.1" 304 -
186.86.32.107 - - [11/Sep/2023:12:27:44 -0500] "GET /sipse/faces/javax.faces.resource/primefaces.css?ln=primefaces&v=4.0 HTTP/1.1" 304 -
186.86.32.107 - - [11/Sep/2023:12:27:44 -0500] "GET /sipse/faces/javax.faces.resource/layout/layout.css?ln=primefaces&v=4.0 HTTP/1.1" 304 -
186.86.32.107 - - [11/Sep/2023:12:27:44 -0500] "GET /sipse/faces/javax.faces.resource/jquery/jquery.js?ln=primefaces&v=4.0 HTTP/1.1" 304 -
186.86.32.107 - - [11/Sep/2023:12:27:44 -0500] "GET /sipse/faces/javax.faces.resource/jquery/jquery-plugins.js?ln=primefaces&v=4.0 HTTP/1.1" 304 -
186.86.32.107 - - [11/Sep/2023:12:27:44 -0500] "GET /sipse/faces/javax.faces.resource/primefaces.js?ln=primefaces&v=4.0 HTTP/1.1" 304 -
186.86.32.107 - - [11/Sep/2023:12:27:44 -0500] "GET /sipse/faces/javax.faces.resource/layout/layout.js?ln=primefaces&v=4.0 HTTP/1.1" 304 -
216.244.66.195 - - [11/Sep/2023:12:27:47 -0500] "GET /BLA/resoluciones/AUTOS%202016/2510.pdf HTTP/1.1" 200 338668
186.86.32.107 - - [11/Sep/2023:12:27:51 -0500] "POST /sipse/faces/presentacion/financiero/solicitudProceso/consultarSolicitudProceso.xhtml HTTP/1.1" 200 22307
186.86.32.107 - - [11/Sep/2023:12:27:51 -0500] "GET /sipse/faces/javax.faces.resource/theme.css?ln=primefaces-sipse HTTP/1.1" 304 -
186.86.32.107 - - [11/Sep/2023:12:27:51 -0500] "GET /sipse/faces/javax.faces.resource/layout/layout.css?ln=primefaces&v=4.0 HTTP/1.1" 304 -
186.86.32.107 - - [11/Sep/2023:12:27:51 -0500] "GET /sipse/faces/javax.faces.resource/primefaces.css?ln=primefaces&v=4.0 HTTP/1.1" 304 -
186.86.32.107 - - [11/Sep/2023:12:27:51 -0500] "GET /sipse/faces/javax.faces.resource/fileupload/fileupload.css?ln=primefaces&v=4.0 HTTP/1.1" 304 -
186.86.32.107 - - [11/Sep/2023:12:27:51 -0500] "GET /sipse/faces/javax.faces.resource/jquery/jquery.js?ln=primefaces&v=4.0 HTTP/1.1" 304 -
186.86.32.107 - - [11/Sep/2023:12:27:51 -0500] "GET /sipse/faces/javax.faces.resource/jquery/jquery-plugins.js?ln=primefaces&v=4.0 HTTP/1.1" 304 -
186.86.32.107 - - [11/Sep/2023:12:27:51 -0500] "GET /sipse/faces/javax.faces.resource/fileupload/fileupload.js?ln=primefaces&v=4.0 HTTP/1.1" 304 -
186.86.32.107 - - [11/Sep/2023:12:27:51 -0500] "GET /sipse/faces/javax.faces.resource/primefaces.js?ln=primefaces&v=4.0 HTTP/1.1" 304 -
186.86.32.107 - - [11/Sep/2023:12:27:51 -0500] "GET /sipse/faces/javax.faces.resource/layout/layout.js?ln=primefaces&v=4.0 HTTP/1.1" 304 -
172.22.2.4 - - [11/Sep/2023:12:27:58 -0500] "GET /BLA/boletinlegal/Directivas/2022/DIRECTIVA%20No.%2000002%20DEL%2022%20DE%20JUNIO%20DEL%202022.pdf HTTP/1.1" 200 384175
172.22.2.4 - - [11/Sep/2023:12:27:58 -0500] "GET /BLA/boletinlegal/favicon.ico HTTP/1.1" 404 1500
186.86.32.107 - - [11/Sep/2023:12:28:02 -0500] "GET /sipse/faces/javax.faces.resource/theme.css?ln=primefaces-sipse HTTP/1.1" 304 -
186.86.32.107 - - [11/Sep/2023:12:28:02 -0500] "GET /sipse/faces/javax.faces.resource/jquery/jquery.js?ln=primefaces&v=4.0 HTTP/1.1" 304 -
186.86.32.107 - - [11/Sep/2023:12:28:02 -0500] "GET /sipse/faces/javax.faces.resource/layout/layout.css?ln=primefaces&v=4.0 HTTP/1.1" 304 -
186.86.32.107 - - [11/Sep/2023:12:28:02 -0500] "GET /sipse/faces/javax.faces.resource/primefaces.css?ln=primefaces&v=4.0 HTTP/1.1" 304 -
186.86.32.107 - - [11/Sep/2023:12:28:02 -0500] "GET /sipse/faces/javax.faces.resource/jquery/jquery-plugins.js?ln=primefaces&v=4.0 HTTP/1.1" 304 -
186.86.32.107 - - [11/Sep/2023:12:28:02 -0500] "GET /sipse/faces/javax.faces.resource/primefaces.js?ln=primefaces&v=4.0 HTTP/1.1" 304 -
186.86.32.107 - - [11/Sep/2023:12:28:02 -0500] "GET /sipse/faces/javax.faces.resource/layout/layout.js?ln=primefaces&v=4.0 HTTP/1.1" 304 -
186.86.32.107 - - [11/Sep/2023:12:28:01 -0500] "POST /sipse/faces/presentacion/sistema/anexos/cargarAnexoSolicitudProceso.xhtml HTTP/1.1" 200 168437
201.245.192.253 - - [11/Sep/2023:12:28:06 -0500] "POST /kwsrmcab/Wsrmcab  HTTP/1.1" 200 42865
186.86.32.107 - - [11/Sep/2023:12:28:07 -0500] "POST /sipse/faces/presentacion/financiero/solicitudProceso/consultarSolicitudProceso.xhtml HTTP/1.1" 200 22307
186.86.32.107 - - [11/Sep/2023:12:28:10 -0500] "GET /sipse/faces/javax.faces.resource/theme.css?ln=primefaces-sipse HTTP/1.1" 304 -
186.86.32.107 - - [11/Sep/2023:12:28:10 -0500] "GET /sipse/faces/javax.faces.resource/layout/layout.css?ln=primefaces&v=4.0 HTTP/1.1" 304 -
186.86.32.107 - - [11/Sep/2023:12:28:10 -0500] "GET /sipse/faces/javax.faces.resource/jquery/jquery.js?ln=primefaces&v=4.0 HTTP/1.1" 304 -
186.86.32.107 - - [11/Sep/2023:12:28:10 -0500] "GET /sipse/faces/javax.faces.resource/primefaces.css?ln=primefaces&v=4.0 HTTP/1.1" 304 -
