172.22.2.4 - - [11/Sep/2023:04:56:32 -0500] "GET /BLA/boletinlegal/jurisprudencia/analisis/Analisis%20Sentencia%20T-1077,%202%20corregida.doc HTTP/1.1" 304 -
173.252.79.5 - - [11/Sep/2023:04:56:42 -0500] "GET /images/pieza-voluntariado-ambiental.jpeg HTTP/1.1" 200 51125
31.13.127.10 - - [11/Sep/2023:04:56:59 -0500] "GET /abierta-convocatoria-para-postular-a-organizaciones-que-desarrollan-actividades-de-voluntariado-ambiental-en-bogota.html HTTP/1.1" 206 880
31.13.127.5 - - [11/Sep/2023:04:56:59 -0500] "GET /abierta-convocatoria-para-postular-a-organizaciones-que-desarrollan-actividades-de-voluntariado-ambiental-en-bogota.html HTTP/1.1" 200 880
31.13.127.12 - - [11/Sep/2023:04:57:03 -0500] "GET /abierta-convocatoria-para-postular-a-organizaciones-que-desarrollan-actividades-de-voluntariado-ambiental-en-bogota.html HTTP/1.1" 200 880
172.22.2.4 - - [11/Sep/2023:04:58:32 -0500] "GET /BLA/boletinlegal/.env HTTP/1.1" 404 1018
172.22.2.4 - - [11/Sep/2023:04:57:10 -0500] "GET /BLA/boletinlegal/ HTTP/1.1" 200 56257
172.22.2.4 - - [11/Sep/2023:04:58:56 -0500] "GET /BLA/boletinlegal/login.php HTTP/1.1" 404 1186
216.245.221.92 - - [11/Sep/2023:04:59:19 -0500] "HEAD / HTTP/1.1" 200 -
201.245.192.253 - - [11/Sep/2023:04:59:39 -0500] "POST /kwsrmcab/Wsrmcab  HTTP/1.1" 200 42865
172.22.2.4 - - [11/Sep/2023:04:58:23 -0500] "HEAD /BLA/boletinlegal/ HTTP/1.1" 200 -
172.22.2.4 - - [11/Sep/2023:04:59:13 -0500] "GET /BLA/boletinlegal/ HTTP/1.1" 200 52656
40.77.167.255 - - [11/Sep/2023:05:03:04 -0500] "GET /BLA/resoluciones/AUTOS%202023/1962.pdf HTTP/1.1" 200 1791913
172.22.2.4 - - [11/Sep/2023:05:04:02 -0500] "GET /BLA/boletinlegal/jurisprudencia/analisis/AnalisisC-746-12.docx HTTP/1.1" 304 -
172.22.2.4 - - [11/Sep/2023:05:04:02 -0500] "GET /BLA/boletinlegal/robots.txt HTTP/1.1" 404 1037
216.245.221.92 - - [11/Sep/2023:05:04:19 -0500] "HEAD / HTTP/1.1" 200 -
201.245.192.253 - - [11/Sep/2023:05:04:38 -0500] "POST /kwsrmcab/Wsrmcab  HTTP/1.1" 200 42865
172.22.2.4 - - [11/Sep/2023:05:04:13 -0500] "HEAD /BLA/boletinlegal/ HTTP/1.1" 200 -
172.22.2.4 - - [11/Sep/2023:05:05:03 -0500] "GET /BLA/boletinlegal/ HTTP/1.1" 200 58187
66.249.66.192 - - [11/Sep/2023:05:07:33 -0500] "GET /inscribete-en-este-proceso-de-formacion-para-ser-un-lider-o-una-lideresa-ambiental-en-tu-localidad.html HTTP/1.1" 304 -
216.245.221.92 - - [11/Sep/2023:05:09:19 -0500] "HEAD / HTTP/1.1" 200 -
201.245.192.253 - - [11/Sep/2023:05:09:37 -0500] "POST /kwsrmcab/Wsrmcab  HTTP/1.1" 200 42865
190.66.217.154 - - [11/Sep/2023:05:10:57 -0500] "GET /inscribete-y-participa-en-el-foro-sobre-la-gestion-de-los-bifenilos-policlorados-en-transformadores-electricos.html HTTP/1.1" 200 931
172.22.2.4 - - [11/Sep/2023:05:11:32 -0500] "GET /BLA/boletinlegal/Directivas/2017/Directiva%20No.%2004%20del%2028%20de%20Abril%20de%202017.pdf HTTP/1.1" 200 8194919
172.22.2.4 - - [11/Sep/2023:05:10:03 -0500] "HEAD /BLA/boletinlegal/ HTTP/1.1" 200 -
216.244.66.195 - - [11/Sep/2023:05:12:11 -0500] "GET /BLA/resoluciones/AUTOS%202016/0600.pdf HTTP/1.1" 200 822899
172.22.2.4 - - [11/Sep/2023:05:10:53 -0500] "GET /BLA/boletinlegal/ HTTP/1.1" 200 60342
216.244.66.195 - - [11/Sep/2023:05:12:43 -0500] "GET /BLA/resoluciones/AUTOS%202016/0863.pdf HTTP/1.1" 200 441284
216.244.66.195 - - [11/Sep/2023:05:14:09 -0500] "GET /BLA/resoluciones/AUTOS%202010/4537.pdf HTTP/1.1" 200 171539
216.245.221.92 - - [11/Sep/2023:05:14:19 -0500] "HEAD / HTTP/1.1" 200 -
201.245.192.253 - - [11/Sep/2023:05:14:36 -0500] "POST /kwsrmcab/Wsrmcab  HTTP/1.1" 200 42865
216.244.66.195 - - [11/Sep/2023:05:14:43 -0500] "GET /BLA/resoluciones/RESOLUCIONES%201996/0081.pdf HTTP/1.1" 200 247205
216.244.66.195 - - [11/Sep/2023:05:15:21 -0500] "GET /BLA/resoluciones/RESOLUCIONES%201996/0345.pdf HTTP/1.1" 200 38476
66.249.66.194 - - [11/Sep/2023:05:15:28 -0500] "GET /presentamos-las-nuevas-herramientas-de-la-secretaria-de-ambiente-para-analizar-y-monitorear-los-rios-de-bogota.html HTTP/1.1" 200 905
216.244.66.195 - - [11/Sep/2023:05:15:51 -0500] "GET /BLA/resoluciones/RESOLUCIONES%202017/0883.pdf HTTP/1.1" 200 311162
216.244.66.195 - - [11/Sep/2023:05:16:21 -0500] "GET /BLA/resoluciones/RESOLUCIONES%202017/2051.pdf HTTP/1.1" 200 273837
216.244.66.195 - - [11/Sep/2023:05:16:49 -0500] "GET /BLA/resoluciones/RESOLUCIONES%202019/0544.pdf HTTP/1.1" 200 244819
172.22.2.4 - - [11/Sep/2023:05:15:53 -0500] "HEAD /BLA/boletinlegal/ HTTP/1.1" 200 -
172.22.2.4 - - [11/Sep/2023:05:16:43 -0500] "GET /BLA/boletinlegal/ HTTP/1.1" 200 60692
201.245.192.253 - - [11/Sep/2023:05:18:37 -0500] "POST /kwsrmcab/Wsrmcab HTTP/1.1" 200 42404
201.245.192.253 - - [11/Sep/2023:05:18:40 -0500] "POST /kwsrmcab/Wsrmcab HTTP/1.1" 200 40836
172.22.2.4 - - [11/Sep/2023:05:19:02 -0500] "GET /BLA/boletinlegal/jurisprudencia/analisis/Analisis%20Sentencia%20T-1077,%202%20corregida.doc HTTP/1.1" 304 -
216.245.221.92 - - [11/Sep/2023:05:19:19 -0500] "HEAD / HTTP/1.1" 200 -
201.245.192.253 - - [11/Sep/2023:05:19:35 -0500] "POST /kwsrmcab/Wsrmcab  HTTP/1.1" 200 42865
81.161.229.62 - - [11/Sep/2023:05:21:35 -0500] "GET /wp-login.php HTTP/1.1" 404 1018
216.244.66.195 - - [11/Sep/2023:05:22:57 -0500] "GET /robots.txt HTTP/1.1" 404 1018
172.22.2.4 - - [11/Sep/2023:05:21:43 -0500] "HEAD /BLA/boletinlegal/ HTTP/1.1" 200 -
172.22.2.4 - - [11/Sep/2023:05:22:33 -0500] "GET /BLA/boletinlegal/ HTTP/1.1" 200 60692
216.245.221.92 - - [11/Sep/2023:05:24:19 -0500] "HEAD / HTTP/1.1" 200 -
201.245.192.253 - - [11/Sep/2023:05:24:33 -0500] "POST /kwsrmcab/Wsrmcab  HTTP/1.1" 200 42865
172.22.2.4 - - [11/Sep/2023:05:26:32 -0500] "GET /BLA/boletinlegal/jurisprudencia/analisis/AnalisisC-035-16.docx HTTP/1.1" 304 -
172.22.2.4 - - [11/Sep/2023:05:24:53 -0500] "GET /BLA/boletinlegal/ HTTP/1.1" 200 62795
201.245.192.253 - - [11/Sep/2023:05:28:36 -0500] "POST /kwsrmcab/Wsrmcab HTTP/1.1" 200 42404
54.234.62.148 - - [11/Sep/2023:05:28:38 -0500] "GET /portaldeninos/ HTTP/1.1" 200 110175
201.245.192.253 - - [11/Sep/2023:05:28:39 -0500] "POST /kwsrmcab/Wsrmcab HTTP/1.1" 200 40836
172.22.2.4 - - [11/Sep/2023:05:28:42 -0500] "GET /BLA/boletinlegal/actos.php HTTP/1.1" 200 9682
172.22.2.4 - - [11/Sep/2023:05:27:32 -0500] "HEAD /BLA/boletinlegal/ HTTP/1.1" 200 -
216.245.221.92 - - [11/Sep/2023:05:29:19 -0500] "HEAD / HTTP/1.1" 200 -
201.245.192.253 - - [11/Sep/2023:05:29:32 -0500] "POST /kwsrmcab/Wsrmcab  HTTP/1.1" 200 42865
172.22.2.4 - - [11/Sep/2023:05:28:23 -0500] "GET /BLA/boletinlegal/ HTTP/1.1" 200 58187
60.217.75.70 - - [11/Sep/2023:05:31:13 -0500] "GET / HTTP/1.1" 200 319
172.22.2.4 - - [11/Sep/2023:05:32:19 -0500] "GET /BLA/boletinlegal/actuator/gateway/routes HTTP/1.1" 404 1018
40.77.167.10 - - [11/Sep/2023:05:32:57 -0500] "GET /BLA/resoluciones/AUTOS%202021/0728.pdf HTTP/1.1" 200 1194092
216.245.221.92 - - [11/Sep/2023:05:34:19 -0500] "HEAD / HTTP/1.1" 200 -
201.245.192.253 - - [11/Sep/2023:05:34:32 -0500] "POST /kwsrmcab/Wsrmcab  HTTP/1.1" 200 42865
172.22.2.4 - - [11/Sep/2023:05:33:22 -0500] "HEAD /BLA/boletinlegal/ HTTP/1.1" 200 -
66.220.149.116 - - [11/Sep/2023:05:35:19 -0500] "GET /abierta-convocatoria-para-postular-a-organizaciones-que-desarrollan-actividades-de-voluntariado-ambiental-en-bogota.html HTTP/1.1" 200 880
66.220.149.13 - - [11/Sep/2023:05:35:19 -0500] "GET /abierta-convocatoria-para-postular-a-organizaciones-que-desarrollan-actividades-de-voluntariado-ambiental-en-bogota.html HTTP/1.1" 200 880
66.220.149.4 - - [11/Sep/2023:05:35:20 -0500] "GET /abierta-convocatoria-para-postular-a-organizaciones-que-desarrollan-actividades-de-voluntariado-ambiental-en-bogota.html HTTP/1.1" 200 880
172.22.2.4 - - [11/Sep/2023:05:34:13 -0500] "GET /BLA/boletinlegal/ HTTP/1.1" 200 48235
201.245.192.253 - - [11/Sep/2023:05:38:37 -0500] "POST /kwsrmcab/Wsrmcab HTTP/1.1" 200 42404
201.245.192.253 - - [11/Sep/2023:05:38:40 -0500] "POST /kwsrmcab/Wsrmcab HTTP/1.1" 200 40836
216.245.221.92 - - [11/Sep/2023:05:39:19 -0500] "HEAD / HTTP/1.1" 200 -
201.245.192.253 - - [11/Sep/2023:05:39:31 -0500] "POST /kwsrmcab/Wsrmcab  HTTP/1.1" 200 42865
172.22.2.4 - - [11/Sep/2023:05:39:12 -0500] "HEAD /BLA/boletinlegal/ HTTP/1.1" 200 -
172.22.2.4 - - [11/Sep/2023:05:41:32 -0500] "GET /BLA/boletinlegal/Directivas/2018/Directiva%20No.%2027%20del%2028%20de%20diciembre%20de%202018.pdf HTTP/1.1" 304 -
172.22.2.4 - - [11/Sep/2023:05:40:03 -0500] "GET /BLA/boletinlegal/ HTTP/1.1" 200 60692
216.245.221.92 - - [11/Sep/2023:05:44:19 -0500] "HEAD / HTTP/1.1" 200 -
201.245.192.253 - - [11/Sep/2023:05:44:30 -0500] "POST /kwsrmcab/Wsrmcab  HTTP/1.1" 200 42865
172.22.2.4 - - [11/Sep/2023:05:45:02 -0500] "HEAD /BLA/boletinlegal/ HTTP/1.1" 200 -
172.22.2.4 - - [11/Sep/2023:05:45:53 -0500] "GET /BLA/boletinlegal/ HTTP/1.1" 200 60692
52.167.144.193 - - [11/Sep/2023:05:47:43 -0500] "GET /mas-de-1300-tinguas-fueron-recuperadas-en-epoca-migratoria-en-bogota.html HTTP/1.1" 200 724
216.245.221.92 - - [11/Sep/2023:05:49:19 -0500] "HEAD / HTTP/1.1" 200 -
201.245.192.253 - - [11/Sep/2023:05:49:29 -0500] "POST /kwsrmcab/Wsrmcab  HTTP/1.1" 200 42865
205.210.31.27 - - [11/Sep/2023:05:51:00 -0500] "GET / HTTP/1.0" 200 319
172.22.2.4 - - [11/Sep/2023:05:50:52 -0500] "HEAD /BLA/boletinlegal/ HTTP/1.1" 200 -
66.249.66.205 - - [11/Sep/2023:05:52:33 -0500] "GET /BLA/boletinlegal/Circulares/2011/Circular%20No.%201%20del%2023%20de%20Febrero%20de%202011.pdf HTTP/1.1" 200 540140
172.22.2.4 - - [11/Sep/2023:05:51:43 -0500] "GET /BLA/boletinlegal/ HTTP/1.1" 200 60692
216.245.221.92 - - [11/Sep/2023:05:54:19 -0500] "HEAD / HTTP/1.1" 200 -
201.245.192.253 - - [11/Sep/2023:05:54:28 -0500] "POST /kwsrmcab/Wsrmcab  HTTP/1.1" 200 42865
172.22.2.4 - - [11/Sep/2023:05:55:39 -0500] "GET /BLA/boletinlegal/robots.txt HTTP/1.1" 404 1038
172.22.2.4 - - [11/Sep/2023:05:55:40 -0500] "GET /BLA/boletinlegal/index.php HTTP/1.1" 200 59343
172.22.2.4 - - [11/Sep/2023:05:56:42 -0500] "HEAD /BLA/boletinlegal/ HTTP/1.1" 200 -
172.22.2.4 - - [11/Sep/2023:05:57:33 -0500] "GET /BLA/boletinlegal/ HTTP/1.1" 200 58597
216.245.221.92 - - [11/Sep/2023:05:59:19 -0500] "HEAD / HTTP/1.1" 200 -
201.245.192.253 - - [11/Sep/2023:05:59:27 -0500] "POST /kwsrmcab/Wsrmcab  HTTP/1.1" 200 42865
181.57.31.89 - - [11/Sep/2023:05:59:56 -0500] "GET /distrito-firmo-resolucion-de-etiquetado-vehicular-ambiental-herramienta-para-clasificar-vehiculos-segun-sus-niveles-de-emisiones.html HTTP/1.1" 200 841
181.57.31.89 - - [11/Sep/2023:05:59:56 -0500] "GET /favicon.ico HTTP/1.1" 404 1560
216.244.66.195 - - [11/Sep/2023:06:01:46 -0500] "GET /BLA/resoluciones/AUTOS%202016/0308.pdf HTTP/1.1" 200 755526
109.205.213.94 - - [11/Sep/2023:06:03:06 -0500] "GET / HTTP/1.1" 200 319
216.244.66.195 - - [11/Sep/2023:06:03:39 -0500] "GET /BLA/resoluciones/RESOLUCIONES%202001/1087.pdf HTTP/1.1" 200 82691
52.167.144.198 - - [11/Sep/2023:06:04:10 -0500] "GET /BLA/resoluciones/RESOLUCIONES%202010/0340.pdf HTTP/1.1" 200 355702
216.244.66.195 - - [11/Sep/2023:06:04:12 -0500] "GET /BLA/resoluciones/RESOLUCIONES%202017/0240.pdf HTTP/1.1" 200 383168
172.22.2.4 - - [11/Sep/2023:06:02:36 -0500] "HEAD /BLA/boletinlegal/ HTTP/1.1" 200 -
216.245.221.92 - - [11/Sep/2023:06:04:19 -0500] "HEAD / HTTP/1.1" 200 -
201.245.192.253 - - [11/Sep/2023:06:04:26 -0500] "POST /kwsrmcab/Wsrmcab  HTTP/1.1" 200 42865
216.244.66.195 - - [11/Sep/2023:06:04:53 -0500] "GET /BLA/resoluciones/RESOLUCIONES%202017/1813.pdf HTTP/1.1" 200 591094
172.22.2.4 - - [11/Sep/2023:06:03:26 -0500] "GET /BLA/boletinlegal/ HTTP/1.1" 200 60692
216.244.66.195 - - [11/Sep/2023:06:05:23 -0500] "GET /BLA/resoluciones/RESOLUCIONES%202017/2097.pdf HTTP/1.1" 200 240025
216.244.66.195 - - [11/Sep/2023:06:05:53 -0500] "GET /BLA/resoluciones/RESOLUCIONES%202017/3231.pdf HTTP/1.1" 200 399450
40.77.167.208 - - [11/Sep/2023:06:05:57 -0500] "GET /bla/resoluciones/autos%202012/2537.pdf HTTP/1.1" 200 1784875
216.244.66.195 - - [11/Sep/2023:06:06:21 -0500] "GET /BLA/resoluciones/RESOLUCIONES%202019/0118.pdf HTTP/1.1" 200 365196
216.244.66.195 - - [11/Sep/2023:06:06:49 -0500] "GET /BLA/resoluciones/RESOLUCIONES%202019/0744.pdf HTTP/1.1" 200 1937313
216.244.66.195 - - [11/Sep/2023:06:07:16 -0500] "GET /BLA/resoluciones/RESOLUCIONES%202019/1441.pdf HTTP/1.1" 200 365498
157.90.254.89 - - [11/Sep/2023:06:08:13 -0500] "GET / HTTP/1.1" 200 319
216.245.221.92 - - [11/Sep/2023:06:09:19 -0500] "HEAD / HTTP/1.1" 200 -
201.245.192.253 - - [11/Sep/2023:06:09:26 -0500] "POST /kwsrmcab/Wsrmcab  HTTP/1.1" 200 42865
172.22.2.4 - - [11/Sep/2023:06:08:25 -0500] "HEAD /BLA/boletinlegal/ HTTP/1.1" 200 -
172.22.2.4 - - [11/Sep/2023:06:08:31 -0500] "GET /BLA/boletinlegal/ HTTP/1.1" 200 45671
172.22.2.4 - - [11/Sep/2023:06:10:18 -0500] "GET /BLA/boletinlegal/login.php HTTP/1.1" 404 1186
172.22.2.4 - - [11/Sep/2023:06:09:16 -0500] "GET /BLA/boletinlegal/ HTTP/1.1" 200 41412
186.155.13.129 - - [11/Sep/2023:06:11:08 -0500] "GET /sipse/faces/faces/faces/autenticacion.xhtml HTTP/1.1" 200 12174
186.155.13.129 - - [11/Sep/2023:06:11:08 -0500] "GET /sipse/js/disable_browser_buttons.js HTTP/1.1" 304 -
186.155.13.129 - - [11/Sep/2023:06:11:08 -0500] "GET /sipse/css/custom_css_sg.css HTTP/1.1" 304 -
186.155.13.129 - - [11/Sep/2023:06:11:08 -0500] "GET /sipse/css/custom_css_sg_prime_login.css HTTP/1.1" 304 -
186.155.13.129 - - [11/Sep/2023:06:11:08 -0500] "GET /sipse/faces/javax.faces.resource/layout/layout.css?ln=primefaces&v=4.0 HTTP/1.1" 304 -
186.155.13.129 - - [11/Sep/2023:06:11:08 -0500] "GET /sipse/js/funciones.js HTTP/1.1" 200 12592
186.155.13.129 - - [11/Sep/2023:06:11:08 -0500] "GET /sipse/faces/javax.faces.resource/layout/layout.js?ln=primefaces&v=4.0 HTTP/1.1" 200 87560
186.155.13.129 - - [11/Sep/2023:06:11:08 -0500] "GET /sipse/faces/javax.faces.resource/jquery/jquery.js?ln=primefaces&v=4.0 HTTP/1.1" 200 105384
186.155.13.129 - - [11/Sep/2023:06:11:08 -0500] "GET /sipse/faces/javax.faces.resource/jquery/jquery-plugins.js?ln=primefaces&v=4.0 HTTP/1.1" 200 220526
186.155.13.129 - - [11/Sep/2023:06:11:08 -0500] "GET /sipse/faces/javax.faces.resource/theme.css?ln=primefaces-sipse HTTP/1.1" 200 50058
186.155.13.129 - - [11/Sep/2023:06:11:08 -0500] "GET /sipse/faces/javax.faces.resource/primefaces.js?ln=primefaces&v=4.0 HTTP/1.1" 200 276924
186.155.13.129 - - [11/Sep/2023:06:11:08 -0500] "GET /sipse/faces/javax.faces.resource/primefaces.css?ln=primefaces&v=4.0 HTTP/1.1" 200 53295
186.155.13.129 - - [11/Sep/2023:06:11:08 -0500] "GET /sipse/faces/javax.faces.resource/images/ui-icons_898989_256x240.png?ln=primefaces-aristo HTTP/1.1" 304 -
186.155.13.129 - - [11/Sep/2023:06:11:08 -0500] "GET /sipse/css/imagen/logoSDG.png HTTP/1.1" 200 53064
186.155.13.129 - - [11/Sep/2023:06:11:08 -0500] "GET /sipse/css/imagen/loginimg.png HTTP/1.1" 200 71635
186.155.13.129 - - [11/Sep/2023:06:11:08 -0500] "GET /sipse/faces/faces/faces/index.xhtml HTTP/1.1" 200 677
186.155.13.129 - - [11/Sep/2023:06:11:08 -0500] "GET /sipse/faces/javax.faces.resource/theme.css?ln=primefaces-sipse HTTP/1.1" 304 -
186.155.13.129 - - [11/Sep/2023:06:11:08 -0500] "GET /sipse/faces/faces/faces/faces/autenticacion.xhtml HTTP/1.1" 200 12174
186.155.13.129 - - [11/Sep/2023:06:11:08 -0500] "GET /sipse/faces/javax.faces.resource/theme.css?ln=primefaces-sipse HTTP/1.1" 304 -
186.155.13.129 - - [11/Sep/2023:06:11:08 -0500] "GET /sipse/faces/javax.faces.resource/layout/layout.css?ln=primefaces&v=4.0 HTTP/1.1" 304 -
186.155.13.129 - - [11/Sep/2023:06:11:08 -0500] "GET /sipse/faces/javax.faces.resource/jquery/jquery-plugins.js?ln=primefaces&v=4.0 HTTP/1.1" 304 -
186.155.13.129 - - [11/Sep/2023:06:11:08 -0500] "GET /sipse/faces/javax.faces.resource/layout/layout.js?ln=primefaces&v=4.0 HTTP/1.1" 304 -
186.155.13.129 - - [11/Sep/2023:06:11:08 -0500] "GET /sipse/faces/javax.faces.resource/primefaces.js?ln=primefaces&v=4.0 HTTP/1.1" 304 -
186.155.13.129 - - [11/Sep/2023:06:11:08 -0500] "GET /sipse/faces/javax.faces.resource/jquery/jquery.js?ln=primefaces&v=4.0 HTTP/1.1" 304 -
186.155.13.129 - - [11/Sep/2023:06:11:08 -0500] "GET /sipse/faces/javax.faces.resource/primefaces.css?ln=primefaces&v=4.0 HTTP/1.1" 304 -
186.155.13.129 - - [11/Sep/2023:06:11:27 -0500] "POST /sipse/faces/autenticacion.xhtml HTTP/1.1" 200 2217
186.155.13.129 - - [11/Sep/2023:06:11:28 -0500] "GET /sipse/faces/javax.faces.resource/messages/messages.png?ln=primefaces&v=4.0 HTTP/1.1" 200 27209
186.155.13.129 - - [11/Sep/2023:06:11:28 -0500] "GET /sipse/faces/javax.faces.resource/images/ui-icons_898989_256x240.png?ln=primefaces-aristo HTTP/1.1" 304 -
186.155.13.129 - - [11/Sep/2023:06:11:29 -0500] "POST /sipse/faces/autenticacion.xhtml HTTP/1.1" 200 16346
186.155.13.129 - - [11/Sep/2023:06:11:29 -0500] "GET /sipse/faces/javax.faces.resource/theme.css?ln=primefaces-sipse HTTP/1.1" 304 -
186.155.13.129 - - [11/Sep/2023:06:11:29 -0500] "GET /sipse/faces/javax.faces.resource/primefaces.css?ln=primefaces&v=4.0 HTTP/1.1" 304 -
186.155.13.129 - - [11/Sep/2023:06:11:29 -0500] "GET /sipse/css/custom_css_sg_prime.css HTTP/1.1" 304 -
186.155.13.129 - - [11/Sep/2023:06:11:29 -0500] "GET /sipse/faces/javax.faces.resource/layout/layout.css?ln=primefaces&v=4.0 HTTP/1.1" 304 -
186.155.13.129 - - [11/Sep/2023:06:11:29 -0500] "GET /sipse/js/jquery.min.js HTTP/1.1" 200 85582
186.155.13.129 - - [11/Sep/2023:06:11:29 -0500] "GET /sipse/faces/javax.faces.resource/jquery/jquery.js?ln=primefaces&v=4.0 HTTP/1.1" 304 -
186.155.13.129 - - [11/Sep/2023:06:11:29 -0500] "GET /sipse/faces/javax.faces.resource/jquery/jquery-plugins.js?ln=primefaces&v=4.0 HTTP/1.1" 304 -
186.155.13.129 - - [11/Sep/2023:06:11:29 -0500] "GET /sipse/faces/javax.faces.resource/primefaces.js?ln=primefaces&v=4.0 HTTP/1.1" 304 -
186.155.13.129 - - [11/Sep/2023:06:11:29 -0500] "GET /sipse/faces/javax.faces.resource/layout/layout.js?ln=primefaces&v=4.0 HTTP/1.1" 304 -
186.155.13.129 - - [11/Sep/2023:06:11:29 -0500] "GET /sipse/css/v_mergente.css HTTP/1.1" 304 -
186.155.13.129 - - [11/Sep/2023:06:11:29 -0500] "GET /sipse/css/imagen/contrasena.png HTTP/1.1" 404 383
186.155.13.129 - - [11/Sep/2023:06:11:29 -0500] "GET /sipse/imagenes/cargando.gif HTTP/1.1" 200 36959
186.155.13.129 - - [11/Sep/2023:06:11:29 -0500] "GET /sipse/imagenes/logoAplicacion.jpg HTTP/1.1" 200 155084
186.155.13.129 - - [11/Sep/2023:06:11:31 -0500] "POST /sipse/faces/bienvenido.xhtml HTTP/1.1" 200 2658
186.155.13.129 - - [11/Sep/2023:06:11:31 -0500] "GET /sipse/faces/javax.faces.resource/images/ui-bg_flat_0_2d5972_40x100.png?ln=primefaces-aristo HTTP/1.1" 304 -
186.155.13.129 - - [11/Sep/2023:06:11:32 -0500] "POST /sipse/faces/bienvenido.xhtml HTTP/1.1" 200 63031
186.155.13.129 - - [11/Sep/2023:06:11:32 -0500] "GET /sipse/faces/javax.faces.resource/primefaces.css?ln=primefaces&v=4.0 HTTP/1.1" 304 -
186.155.13.129 - - [11/Sep/2023:06:11:32 -0500] "GET /sipse/faces/javax.faces.resource/theme.css?ln=primefaces-sipse HTTP/1.1" 304 -
186.155.13.129 - - [11/Sep/2023:06:11:33 -0500] "GET /sipse/faces/javax.faces.resource/layout/layout.css?ln=primefaces&v=4.0 HTTP/1.1" 304 -
186.155.13.129 - - [11/Sep/2023:06:11:33 -0500] "GET /sipse/faces/javax.faces.resource/jquery/jquery.js?ln=primefaces&v=4.0 HTTP/1.1" 304 -
186.155.13.129 - - [11/Sep/2023:06:11:33 -0500] "GET /sipse/faces/javax.faces.resource/jquery/jquery-plugins.js?ln=primefaces&v=4.0 HTTP/1.1" 304 -
186.155.13.129 - - [11/Sep/2023:06:11:33 -0500] "GET /sipse/faces/javax.faces.resource/primefaces.js?ln=primefaces&v=4.0 HTTP/1.1" 304 -
186.155.13.129 - - [11/Sep/2023:06:11:33 -0500] "GET /sipse/faces/javax.faces.resource/layout/layout.js?ln=primefaces&v=4.0 HTTP/1.1" 304 -
186.155.13.129 - - [11/Sep/2023:06:11:33 -0500] "POST /sipse/faces/presentacion/financiero/solicitudProceso/listarSolicitudProceso.xhtml HTTP/1.1" 200 1560
186.155.13.129 - - [11/Sep/2023:06:11:34 -0500] "POST /sipse/faces/presentacion/financiero/solicitudProceso/listarSolicitudProceso.xhtml HTTP/1.1" 200 184
186.155.13.129 - - [11/Sep/2023:06:11:34 -0500] "POST /sipse/faces/presentacion/financiero/solicitudProceso/listarSolicitudProceso.xhtml HTTP/1.1" 200 184
186.155.13.129 - - [11/Sep/2023:06:11:34 -0500] "GET /sipse/faces/presentacion/financiero/solicitudAnulacion/solicitudAnulacion.xhtml HTTP/1.1" 200 43320
186.155.13.129 - - [11/Sep/2023:06:11:34 -0500] "GET /sipse/faces/presentacion/financiero/solicitudAnulacion/solicitudAnulacion.xhtml HTTP/1.1" 200 43320
186.155.13.129 - - [11/Sep/2023:06:11:35 -0500] "GET /sipse/faces/javax.faces.resource/theme.css?ln=primefaces-sipse HTTP/1.1" 304 -
186.155.13.129 - - [11/Sep/2023:06:11:35 -0500] "GET /sipse/faces/javax.faces.resource/primefaces.css?ln=primefaces&v=4.0 HTTP/1.1" 304 -
186.155.13.129 - - [11/Sep/2023:06:11:35 -0500] "GET /sipse/faces/javax.faces.resource/layout/layout.css?ln=primefaces&v=4.0 HTTP/1.1" 304 -
186.155.13.129 - - [11/Sep/2023:06:11:35 -0500] "GET /sipse/faces/javax.faces.resource/jquery/jquery-plugins.js?ln=primefaces&v=4.0 HTTP/1.1" 304 -
186.155.13.129 - - [11/Sep/2023:06:11:35 -0500] "GET /sipse/faces/javax.faces.resource/jquery/jquery.js?ln=primefaces&v=4.0 HTTP/1.1" 304 -
186.155.13.129 - - [11/Sep/2023:06:11:35 -0500] "GET /sipse/faces/javax.faces.resource/layout/layout.js?ln=primefaces&v=4.0 HTTP/1.1" 304 -
186.155.13.129 - - [11/Sep/2023:06:11:35 -0500] "GET /sipse/faces/javax.faces.resource/primefaces.js?ln=primefaces&v=4.0 HTTP/1.1" 304 -
186.155.13.129 - - [11/Sep/2023:06:11:35 -0500] "POST /sipse/faces/presentacion/financiero/solicitudAnulacion/solicitudAnulacion.xhtml HTTP/1.1" 200 21657
186.155.13.129 - - [11/Sep/2023:06:11:45 -0500] "POST /sipse/faces/presentacion/financiero/solicitudAnulacion/solicitudAnulacion.xhtml HTTP/1.1" 200 63126
186.155.13.129 - - [11/Sep/2023:06:11:45 -0500] "GET /sipse/faces/javax.faces.resource/theme.css?ln=primefaces-sipse HTTP/1.1" 304 -
186.155.13.129 - - [11/Sep/2023:06:11:45 -0500] "GET /sipse/faces/javax.faces.resource/layout/layout.css?ln=primefaces&v=4.0 HTTP/1.1" 304 -
186.155.13.129 - - [11/Sep/2023:06:11:45 -0500] "GET /sipse/faces/javax.faces.resource/primefaces.css?ln=primefaces&v=4.0 HTTP/1.1" 304 -
186.155.13.129 - - [11/Sep/2023:06:11:45 -0500] "GET /sipse/faces/javax.faces.resource/jquery/jquery.js?ln=primefaces&v=4.0 HTTP/1.1" 304 -
186.155.13.129 - - [11/Sep/2023:06:11:45 -0500] "GET /sipse/faces/javax.faces.resource/jquery/jquery-plugins.js?ln=primefaces&v=4.0 HTTP/1.1" 304 -
186.155.13.129 - - [11/Sep/2023:06:11:45 -0500] "GET /sipse/faces/javax.faces.resource/primefaces.js?ln=primefaces&v=4.0 HTTP/1.1" 304 -
186.155.13.129 - - [11/Sep/2023:06:11:45 -0500] "GET /sipse/faces/javax.faces.resource/layout/layout.js?ln=primefaces&v=4.0 HTTP/1.1" 304 -
186.155.13.129 - - [11/Sep/2023:06:11:45 -0500] "POST /sipse/faces/presentacion/financiero/solicitudProceso/listarSolicitudProceso.xhtml HTTP/1.1" 200 1560
186.155.13.129 - - [11/Sep/2023:06:11:48 -0500] "POST /sipse/faces/presentacion/financiero/solicitudProceso/listarSolicitudProceso.xhtml HTTP/1.1" 200 4603
186.155.13.129 - - [11/Sep/2023:06:11:52 -0500] "POST /sipse/faces/presentacion/financiero/solicitudProceso/listarSolicitudProceso.xhtml HTTP/1.1" 200 31655
186.155.13.129 - - [11/Sep/2023:06:11:56 -0500] "POST /sipse/faces/presentacion/financiero/solicitudProceso/listarSolicitudProceso.xhtml HTTP/1.1" 200 176525
186.155.13.129 - - [11/Sep/2023:06:11:57 -0500] "GET /sipse/faces/javax.faces.resource/theme.css?ln=primefaces-sipse HTTP/1.1" 304 -
186.155.13.129 - - [11/Sep/2023:06:11:57 -0500] "GET /sipse/faces/javax.faces.resource/primefaces.css?ln=primefaces&v=4.0 HTTP/1.1" 304 -
186.155.13.129 - - [11/Sep/2023:06:11:57 -0500] "GET /sipse/faces/javax.faces.resource/layout/layout.css?ln=primefaces&v=4.0 HTTP/1.1" 304 -
186.155.13.129 - - [11/Sep/2023:06:11:57 -0500] "GET /sipse/faces/javax.faces.resource/jquery/jquery.js?ln=primefaces&v=4.0 HTTP/1.1" 304 -
186.155.13.129 - - [11/Sep/2023:06:11:57 -0500] "GET /sipse/faces/javax.faces.resource/jquery/jquery-plugins.js?ln=primefaces&v=4.0 HTTP/1.1" 304 -
186.155.13.129 - - [11/Sep/2023:06:11:57 -0500] "GET /sipse/faces/javax.faces.resource/primefaces.js?ln=primefaces&v=4.0 HTTP/1.1" 304 -
186.155.13.129 - - [11/Sep/2023:06:11:57 -0500] "GET /sipse/faces/javax.faces.resource/layout/layout.js?ln=primefaces&v=4.0 HTTP/1.1" 304 -
216.244.66.195 - - [11/Sep/2023:06:12:02 -0500] "GET /robots.txt HTTP/1.1" 404 1018
186.155.13.129 - - [11/Sep/2023:06:12:18 -0500] "POST /sipse/faces/presentacion/financiero/solicitudProceso/consultarSolicitudProceso.xhtml HTTP/1.1" 200 383319
186.155.13.129 - - [11/Sep/2023:06:12:22 -0500] "POST /sipse/faces/presentacion/financiero/solicitudProceso/consultarSolicitudProceso.xhtml HTTP/1.1" 200 332931
186.155.13.129 - - [11/Sep/2023:06:12:23 -0500] "POST /sipse/faces/presentacion/financiero/solicitudProceso/consultarSolicitudProceso.xhtml HTTP/1.1" 200 75005
186.155.13.129 - - [11/Sep/2023:06:12:25 -0500] "POST /sipse/faces/presentacion/financiero/solicitudProceso/consultarSolicitudProceso.xhtml HTTP/1.1" 200 148410
186.155.13.129 - - [11/Sep/2023:06:12:29 -0500] "POST /sipse/faces/presentacion/financiero/solicitudProceso/consultarSolicitudProceso.xhtml HTTP/1.1" 200 276765
186.155.13.129 - - [11/Sep/2023:06:12:33 -0500] "POST /sipse/faces/presentacion/financiero/solicitudProceso/consultarSolicitudProceso.xhtml HTTP/1.1" 200 150090
172.22.2.4 - - [11/Sep/2023:06:13:44 -0500] "GET /BLA/boletinlegal/ HTTP/1.1" 200 24523
216.245.221.92 - - [11/Sep/2023:06:14:19 -0500] "HEAD / HTTP/1.1" 200 -
201.245.192.253 - - [11/Sep/2023:06:14:25 -0500] "POST /kwsrmcab/Wsrmcab  HTTP/1.1" 200 42865
172.22.2.4 - - [11/Sep/2023:06:14:15 -0500] "HEAD /BLA/boletinlegal/ HTTP/1.1" 200 -
172.22.2.4 - - [11/Sep/2023:06:15:06 -0500] "GET /BLA/boletinlegal/ HTTP/1.1" 200 60692
201.245.192.253 - - [11/Sep/2023:06:18:36 -0500] "POST /kwsrmcab/Wsrmcab HTTP/1.1" 200 42749
201.245.192.253 - - [11/Sep/2023:06:18:39 -0500] "POST /kwsrmcab/Wsrmcab HTTP/1.1" 200 41185
216.245.221.92 - - [11/Sep/2023:06:19:19 -0500] "HEAD / HTTP/1.1" 200 -
201.245.192.253 - - [11/Sep/2023:06:19:24 -0500] "POST /kwsrmcab/Wsrmcab  HTTP/1.1" 200 42865
172.22.2.4 - - [11/Sep/2023:06:20:05 -0500] "HEAD /BLA/boletinlegal/ HTTP/1.1" 200 -
172.22.2.4 - - [11/Sep/2023:06:20:56 -0500] "GET /BLA/boletinlegal/ HTTP/1.1" 200 60692
52.167.144.206 - - [11/Sep/2023:06:23:14 -0500] "GET /BLA/resoluciones/AUTOS%202008/3500.pdf HTTP/1.1" 200 98014
216.244.66.195 - - [11/Sep/2023:06:23:49 -0500] "GET /BLA/resoluciones/AUTOS%202016/0593.pdf HTTP/1.1" 200 490662
216.245.221.92 - - [11/Sep/2023:06:24:19 -0500] "HEAD / HTTP/1.1" 200 -
201.245.192.253 - - [11/Sep/2023:06:24:23 -0500] "POST /kwsrmcab/Wsrmcab  HTTP/1.1" 200 42865
216.244.66.195 - - [11/Sep/2023:06:24:32 -0500] "GET /BLA/resoluciones/AUTOS%202016/1583.pdf HTTP/1.1" 200 334811
216.244.66.195 - - [11/Sep/2023:06:25:16 -0500] "GET /BLA/resoluciones/AUTOS%202016/2443.pdf HTTP/1.1" 200 308067
104.47.51.126 - - [11/Sep/2023:06:25:21 -0500] "HEAD /BLA/BOLETINLEGAL/actos.php HTTP/1.1" 200 -
181.237.57.210 - - [11/Sep/2023:06:25:23 -0500] "GET /BLA/BOLETINLEGAL/actos.php HTTP/1.1" 200 9682
181.237.57.210 - - [11/Sep/2023:06:25:23 -0500] "GET /BLA/BOLETINLEGAL/styles2.css HTTP/1.1" 200 1838
181.237.57.210 - - [11/Sep/2023:06:25:23 -0500] "GET /BLA/BOLETINLEGAL/js/ajax_actos.js HTTP/1.1" 200 1322
181.237.57.210 - - [11/Sep/2023:06:25:23 -0500] "GET /BLA/BOLETINLEGAL/niceforms-default.css HTTP/1.1" 200 6694
181.237.57.210 - - [11/Sep/2023:06:25:23 -0500] "GET /BLA/BOLETINLEGAL/niceforms.js HTTP/1.1" 200 22876
181.237.57.210 - - [11/Sep/2023:06:25:23 -0500] "GET /BLA/BOLETINLEGAL/style.css HTTP/1.1" 200 9406
181.237.57.210 - - [11/Sep/2023:06:25:23 -0500] "GET /BLA/BOLETINLEGAL/js/popup.js HTTP/1.1" 200 1270
181.237.57.210 - - [11/Sep/2023:06:25:23 -0500] "GET /BLA/BOLETINLEGAL/js/lib.js HTTP/1.1" 200 6474
181.237.57.210 - - [11/Sep/2023:06:25:23 -0500] "GET /BLA/BOLETINLEGAL/js/jquery1.js HTTP/1.1" 200 29846
181.237.57.210 - - [11/Sep/2023:06:25:23 -0500] "GET /BLA/BOLETINLEGAL/images/cabezote%20BLEGAL.jpg HTTP/1.1" 200 118164
181.237.57.210 - - [11/Sep/2023:06:25:23 -0500] "GET /BLA/BOLETINLEGAL/images/subscribe-icon-big.png HTTP/1.1" 200 47702
181.237.57.210 - - [11/Sep/2023:06:25:23 -0500] "GET /BLA/BOLETINLEGAL/images/historia.png HTTP/1.1" 200 52775
181.237.57.210 - - [11/Sep/2023:06:25:23 -0500] "GET /BLA/BOLETINLEGAL/images/registro-usuarios.png HTTP/1.1" 200 8106
181.237.57.210 - - [11/Sep/2023:06:25:23 -0500] "GET /BLA/BOLETINLEGAL/images/green-yellow-blue-pink-th.png HTTP/1.1" 200 7394
181.237.57.210 - - [11/Sep/2023:06:25:23 -0500] "GET /BLA/BOLETINLEGAL/images/icono-email.png HTTP/1.1" 200 5544
181.237.57.210 - - [11/Sep/2023:06:25:23 -0500] "GET /BLA/BOLETINLEGAL/images/tel.png HTTP/1.1" 200 14477
181.237.57.210 - - [11/Sep/2023:06:25:23 -0500] "GET /BLA/BOLETINLEGAL/images/body_bg.jpg HTTP/1.1" 200 1601
181.237.57.210 - - [11/Sep/2023:06:25:23 -0500] "GET /BLA/BOLETINLEGAL/images/menu_lft.gif HTTP/1.1" 200 1713
181.237.57.210 - - [11/Sep/2023:06:25:23 -0500] "GET /BLA/BOLETINLEGAL/images/menu_rght.gif HTTP/1.1" 200 1627
181.237.57.210 - - [11/Sep/2023:06:25:23 -0500] "GET /BLA/BOLETINLEGAL/images/bg_top.jpg HTTP/1.1" 200 522
181.237.57.210 - - [11/Sep/2023:06:25:23 -0500] "GET /BLA/BOLETINLEGAL/images/menu_bg.jpg HTTP/1.1" 200 620
181.237.57.210 - - [11/Sep/2023:06:25:23 -0500] "GET /BLA/BOLETINLEGAL/images/hover.jpg HTTP/1.1" 200 640
181.237.57.210 - - [11/Sep/2023:06:25:23 -0500] "GET /BLA/BOLETINLEGAL/images/text.jpg HTTP/1.1" 200 568
181.237.57.210 - - [11/Sep/2023:06:25:23 -0500] "GET /BLA/BOLETINLEGAL/images/footer_bg.jpg HTTP/1.1" 200 586
181.237.57.210 - - [11/Sep/2023:06:25:23 -0500] "GET /BLA/BOLETINLEGAL/images/footer_bg_l.jpg HTTP/1.1" 200 776
181.237.57.210 - - [11/Sep/2023:06:25:24 -0500] "GET /BLA/BOLETINLEGAL/img/0.png HTTP/1.1" 200 110
181.237.57.210 - - [11/Sep/2023:06:25:24 -0500] "GET /BLA/BOLETINLEGAL/img/select-left.png HTTP/1.1" 200 263
181.237.57.210 - - [11/Sep/2023:06:25:24 -0500] "GET /BLA/BOLETINLEGAL/img/select-right.png HTTP/1.1" 200 44019
181.237.57.210 - - [11/Sep/2023:06:25:24 -0500] "GET /BLA/BOLETINLEGAL/img/button-right.png HTTP/1.1" 200 57878
181.237.57.210 - - [11/Sep/2023:06:25:24 -0500] "GET /BLA/BOLETINLEGAL/img/button.png HTTP/1.1" 200 43241
181.237.57.210 - - [11/Sep/2023:06:25:24 -0500] "GET /BLA/BOLETINLEGAL/img/button-left.png HTTP/1.1" 200 57071
181.237.57.210 - - [11/Sep/2023:06:25:24 -0500] "GET /favicon.ico HTTP/1.1" 200 7782
40.94.33.11 - - [11/Sep/2023:06:25:33 -0500] "GET /BLA/BOLETINLEGAL/actos.php HTTP/1.1" 200 9682
40.94.33.22 - - [11/Sep/2023:06:25:34 -0500] "GET /BLA/BOLETINLEGAL/style.css HTTP/1.1" 200 9406
40.94.33.19 - - [11/Sep/2023:06:25:34 -0500] "GET /BLA/BOLETINLEGAL/js/ajax_actos.js HTTP/1.1" 200 1322
40.94.33.59 - - [11/Sep/2023:06:25:34 -0500] "GET /BLA/BOLETINLEGAL/styles2.css HTTP/1.1" 200 1838
40.94.33.18 - - [11/Sep/2023:06:25:34 -0500] "GET /BLA/BOLETINLEGAL/niceforms-default.css HTTP/1.1" 200 6694
40.94.33.13 - - [11/Sep/2023:06:25:34 -0500] "GET /BLA/BOLETINLEGAL/niceforms.js HTTP/1.1" 200 22876
40.94.33.15 - - [11/Sep/2023:06:25:34 -0500] "GET /BLA/BOLETINLEGAL/js/lib.js HTTP/1.1" 200 6474
40.94.33.59 - - [11/Sep/2023:06:25:34 -0500] "GET /BLA/BOLETINLEGAL/js/popup.js HTTP/1.1" 200 1270
40.94.33.19 - - [11/Sep/2023:06:25:34 -0500] "GET /BLA/BOLETINLEGAL/js/jquery1.js HTTP/1.1" 200 29846
40.94.33.13 - - [11/Sep/2023:06:25:35 -0500] "GET /BLA/BOLETINLEGAL/images/cabezote%20BLEGAL.jpg HTTP/1.1" 200 118164
40.94.33.19 - - [11/Sep/2023:06:25:35 -0500] "GET /BLA/BOLETINLEGAL/images/subscribe-icon-big.png HTTP/1.1" 200 47702
40.94.33.19 - - [11/Sep/2023:06:25:35 -0500] "GET /BLA/BOLETINLEGAL/images/registro-usuarios.png HTTP/1.1" 200 8106
40.94.33.13 - - [11/Sep/2023:06:25:35 -0500] "GET /BLA/BOLETINLEGAL/images/historia.png HTTP/1.1" 200 52775
40.94.33.22 - - [11/Sep/2023:06:25:35 -0500] "GET /BLA/BOLETINLEGAL/images/green-yellow-blue-pink-th.png HTTP/1.1" 200 7394
40.94.33.59 - - [11/Sep/2023:06:25:35 -0500] "GET /BLA/BOLETINLEGAL/images/tel.png HTTP/1.1" 200 14477
40.94.33.15 - - [11/Sep/2023:06:25:35 -0500] "GET /BLA/BOLETINLEGAL/images/icono-email.png HTTP/1.1" 200 5544
40.94.33.15 - - [11/Sep/2023:06:25:35 -0500] "GET /BLA/BOLETINLEGAL/images/body_bg.jpg HTTP/1.1" 200 1601
40.94.33.22 - - [11/Sep/2023:06:25:35 -0500] "GET /BLA/BOLETINLEGAL/images/menu_lft.gif HTTP/1.1" 200 1713
40.94.33.13 - - [11/Sep/2023:06:25:35 -0500] "GET /BLA/BOLETINLEGAL/images/menu_rght.gif HTTP/1.1" 200 1627
40.94.33.19 - - [11/Sep/2023:06:25:35 -0500] "GET /BLA/BOLETINLEGAL/images/bg_top.jpg HTTP/1.1" 200 522
40.94.33.18 - - [11/Sep/2023:06:25:35 -0500] "GET /BLA/BOLETINLEGAL/images/menu_bg.jpg HTTP/1.1" 200 620
40.94.33.59 - - [11/Sep/2023:06:25:35 -0500] "GET /BLA/BOLETINLEGAL/images/hover.jpg HTTP/1.1" 200 640
40.94.33.19 - - [11/Sep/2023:06:25:35 -0500] "GET /BLA/BOLETINLEGAL/images/text.jpg HTTP/1.1" 200 568
40.94.33.18 - - [11/Sep/2023:06:25:35 -0500] "GET /BLA/BOLETINLEGAL/images/footer_bg.jpg HTTP/1.1" 200 586
40.94.33.13 - - [11/Sep/2023:06:25:35 -0500] "GET /BLA/BOLETINLEGAL/images/footer_bg_l.jpg HTTP/1.1" 200 776
40.94.33.13 - - [11/Sep/2023:06:25:36 -0500] "GET /BLA/BOLETINLEGAL/img/0.png HTTP/1.1" 200 110
40.94.33.18 - - [11/Sep/2023:06:25:36 -0500] "GET /BLA/BOLETINLEGAL/img/select-left.png HTTP/1.1" 200 263
40.94.33.19 - - [11/Sep/2023:06:25:36 -0500] "GET /BLA/BOLETINLEGAL/img/select-right.png HTTP/1.1" 200 44019
40.94.33.59 - - [11/Sep/2023:06:25:36 -0500] "GET /BLA/BOLETINLEGAL/img/button-left.png HTTP/1.1" 200 57071
40.94.33.22 - - [11/Sep/2023:06:25:36 -0500] "GET /BLA/BOLETINLEGAL/img/button-right.png HTTP/1.1" 200 57878
40.94.33.15 - - [11/Sep/2023:06:25:36 -0500] "GET /BLA/BOLETINLEGAL/img/button.png HTTP/1.1" 200 43241
40.94.33.22 - - [11/Sep/2023:06:25:41 -0500] "GET /favicon.ico HTTP/1.1" 200 7782
181.237.57.210 - - [11/Sep/2023:06:25:43 -0500] "GET /BLA/BOLETINLEGAL/consulta_actos.php?tipo=resoluciones&no=0337&usuario=&sector=&fecha=2023&resuelve= HTTP/1.1" 200 626
216.244.66.195 - - [11/Sep/2023:06:26:02 -0500] "GET /BLA/resoluciones/AUTOS%202010/3615.pdf HTTP/1.1" 200 202702
181.237.57.210 - - [11/Sep/2023:06:26:03 -0500] "GET /BLA/BOLETINLEGAL/consulta_actos.php?tipo=resoluciones&no=0337&usuario=&sector=&fecha=2015&resuelve= HTTP/1.1" 200 1124
181.237.57.210 - - [11/Sep/2023:06:26:03 -0500] "GET /BLA/BOLETINLEGAL/images/pdf.gif HTTP/1.1" 200 567
181.237.57.210 - - [11/Sep/2023:06:26:09 -0500] "GET /BLA/resoluciones/RESOLUCIONES%202015/0337.pdf HTTP/1.1" 200 859958
172.22.2.4 - - [11/Sep/2023:06:26:32 -0500] "GET /BLA/boletinlegal/robots.txt HTTP/1.1" 404 1038
216.244.66.195 - - [11/Sep/2023:06:26:45 -0500] "GET /BLA/resoluciones/RESOLUCIONES%202016/1661.pdf HTTP/1.1" 200 298108
216.244.66.195 - - [11/Sep/2023:06:27:29 -0500] "GET /BLA/resoluciones/AUTOS%202012/2388.pdf HTTP/1.1" 200 314616
172.22.2.4 - - [11/Sep/2023:06:25:55 -0500] "HEAD /BLA/boletinlegal/ HTTP/1.1" 200 -
172.22.2.4 - - [11/Sep/2023:06:26:32 -0500] "GET /BLA/boletinlegal/index.php HTTP/1.1" 200 49296
172.22.2.4 - - [11/Sep/2023:06:26:46 -0500] "GET /BLA/boletinlegal/ HTTP/1.1" 200 50790
216.244.66.195 - - [11/Sep/2023:06:28:28 -0500] "GET /BLA/resoluciones/AUTOS%202019/0147.pdf HTTP/1.1" 200 248265
201.245.192.253 - - [11/Sep/2023:06:28:36 -0500] "POST /kwsrmcab/Wsrmcab HTTP/1.1" 200 42749
201.245.192.253 - - [11/Sep/2023:06:28:39 -0500] "POST /kwsrmcab/Wsrmcab HTTP/1.1" 200 41185
216.244.66.195 - - [11/Sep/2023:06:29:09 -0500] "GET /BLA/resoluciones/AUTOS%202019/0206.pdf HTTP/1.1" 200 273432
216.245.221.92 - - [11/Sep/2023:06:29:19 -0500] "HEAD / HTTP/1.1" 200 -
201.245.192.253 - - [11/Sep/2023:06:29:21 -0500] "POST /kwsrmcab/Wsrmcab  HTTP/1.1" 200 42865
216.244.66.195 - - [11/Sep/2023:06:29:55 -0500] "GET /BLA/resoluciones/AUTOS%202019/1907.pdf HTTP/1.1" 200 307956
216.244.66.195 - - [11/Sep/2023:06:30:36 -0500] "GET /BLA/resoluciones/AUTOS%202019/2771.pdf HTTP/1.1" 200 266418
216.244.66.195 - - [11/Sep/2023:06:31:22 -0500] "GET /BLA/resoluciones/AUTOS%202019/3030.pdf HTTP/1.1" 200 260528
216.244.66.195 - - [11/Sep/2023:06:32:01 -0500] "GET /BLA/resoluciones/AUTOS%202019/3058.pdf HTTP/1.1" 200 269538
216.244.66.195 - - [11/Sep/2023:06:32:43 -0500] "GET /BLA/resoluciones/AUTOS%202019/4494.pdf HTTP/1.1" 200 245952
173.252.95.119 - - [11/Sep/2023:06:33:23 -0500] "GET /reciclaton-empresarial-2023-como-inscribirse-a-la-primera-jornada-del-ano.html HTTP/1.1" 200 705
216.244.66.195 - - [11/Sep/2023:06:33:25 -0500] "GET /BLA/resoluciones/RESOLUCIONES%202018/0560.pdf HTTP/1.1" 200 268885
172.22.2.4 - - [11/Sep/2023:06:31:45 -0500] "HEAD /BLA/boletinlegal/ HTTP/1.1" 200 -
216.244.66.195 - - [11/Sep/2023:06:34:11 -0500] "GET /BLA/resoluciones/RESOLUCIONES%202018/2402.pdf HTTP/1.1" 200 1525587
172.22.2.4 - - [11/Sep/2023:06:32:36 -0500] "GET /BLA/boletinlegal/ HTTP/1.1" 200 58187
216.245.221.92 - - [11/Sep/2023:06:34:19 -0500] "HEAD / HTTP/1.1" 200 -
201.245.192.253 - - [11/Sep/2023:06:34:20 -0500] "POST /kwsrmcab/Wsrmcab  HTTP/1.1" 200 42865
40.77.167.65 - - [11/Sep/2023:06:34:53 -0500] "GET /Publicaciones/2023EE207070.pdf HTTP/1.1" 200 231978
216.244.66.195 - - [11/Sep/2023:06:35:01 -0500] "GET /BLA/resoluciones/RESOLUCIONES%202018/3052.pdf HTTP/1.1" 200 351891
185.254.37.227 - - [11/Sep/2023:06:35:07 -0500] "GET /inputs.php HTTP/1.1" 404 1138
216.244.66.195 - - [11/Sep/2023:06:35:51 -0500] "GET /BLA/resoluciones/RESOLUCIONES%202018/3466.pdf HTTP/1.1" 200 339791
216.244.66.195 - - [11/Sep/2023:06:36:34 -0500] "GET /BLA/resoluciones/RESOLUCIONES%202018/4094.pdf HTTP/1.1" 200 286580
173.252.83.120 - - [11/Sep/2023:06:36:56 -0500] "GET /abierta-convocatoria-para-postular-a-organizaciones-que-desarrollan-actividades-de-voluntariado-ambiental-en-bogota.html HTTP/1.1" 200 880
216.244.66.195 - - [11/Sep/2023:06:37:18 -0500] "GET /BLA/resoluciones/AUTOS%202016/0512.pdf HTTP/1.1" 200 772296
40.77.167.65 - - [11/Sep/2023:06:37:24 -0500] "GET /BLA/resoluciones/AUTOS%202023/0697.pdf HTTP/1.1" 200 600497
216.244.66.195 - - [11/Sep/2023:06:38:08 -0500] "GET /BLA/resoluciones/AUTOS%202016/0526.pdf HTTP/1.1" 200 737779
40.77.167.65 - - [11/Sep/2023:06:38:23 -0500] "GET /BLA/resoluciones/AUTOS%202023/0117.pdf HTTP/1.1" 200 503520
201.245.192.253 - - [11/Sep/2023:06:38:36 -0500] "GET /kwsrmcab/Wsrmcab?wsdl HTTP/1.1" 200 6948
201.245.192.253 - - [11/Sep/2023:06:38:36 -0500] "POST /kwsrmcab/Wsrmcab HTTP/1.1" 200 42749
201.245.192.253 - - [11/Sep/2023:06:38:39 -0500] "POST /kwsrmcab/Wsrmcab HTTP/1.1" 200 41185
216.244.66.195 - - [11/Sep/2023:06:39:07 -0500] "GET /BLA/resoluciones/AUTOS%202016/0532.pdf HTTP/1.1" 200 530700
172.22.2.4 - - [11/Sep/2023:06:37:35 -0500] "HEAD /BLA/boletinlegal/ HTTP/1.1" 200 -
216.245.221.92 - - [11/Sep/2023:06:39:19 -0500] "HEAD / HTTP/1.1" 200 -
172.22.2.4 - - [11/Sep/2023:06:38:25 -0500] "GET /BLA/boletinlegal/ HTTP/1.1" 200 24523
201.245.192.253 - - [11/Sep/2023:06:39:19 -0500] "POST /kwsrmcab/Wsrmcab  HTTP/1.1" 200 42865
216.244.66.195 - - [11/Sep/2023:06:39:58 -0500] "GET /BLA/resoluciones/AUTOS%202016/0628.pdf HTTP/1.1" 200 581551
172.22.2.4 - - [11/Sep/2023:06:38:26 -0500] "GET /BLA/boletinlegal/ HTTP/1.1" 200 53013
216.244.66.195 - - [11/Sep/2023:06:40:48 -0500] "GET /BLA/resoluciones/AUTOS%202016/0844.pdf HTTP/1.1" 200 442506
173.252.107.4 - - [11/Sep/2023:06:41:10 -0500] "GET /secretaria-de-ambiente-sensibiliza-a-ciudadanos-sobre-la-importancia-de-proteger-la-fauna-silvestre.html HTTP/1.1" 200 819
173.252.107.119 - - [11/Sep/2023:06:41:10 -0500] "GET /secretaria-de-ambiente-sensibiliza-a-ciudadanos-sobre-la-importancia-de-proteger-la-fauna-silvestre.html HTTP/1.1" 200 819
216.244.66.195 - - [11/Sep/2023:06:41:38 -0500] "GET /BLA/resoluciones/AUTOS%202016/0904.pdf HTTP/1.1" 200 483295
216.244.66.195 - - [11/Sep/2023:06:42:28 -0500] "GET /BLA/resoluciones/AUTOS%202016/1154.pdf HTTP/1.1" 200 338442
216.244.66.195 - - [11/Sep/2023:06:43:09 -0500] "GET /BLA/resoluciones/AUTOS%202016/1202.pdf HTTP/1.1" 200 437638
201.245.192.253 - - [11/Sep/2023:06:43:51 -0500] "GET /sipse/faces/faces/faces/autenticacion.xhtml HTTP/1.1" 200 12496
201.245.192.253 - - [11/Sep/2023:06:43:51 -0500] "GET /sipse/js/disable_browser_buttons.js HTTP/1.1" 304 -
201.245.192.253 - - [11/Sep/2023:06:43:51 -0500] "GET /sipse/faces/javax.faces.resource/layout/layout.css;jsessionid=7LFIZpy2DGqKeFbA5MH4rMHU.undefined?ln=primefaces&v=4.0 HTTP/1.1" 200 542
201.245.192.253 - - [11/Sep/2023:06:43:51 -0500] "GET /sipse/js/funciones.js HTTP/1.1" 304 -
201.245.192.253 - - [11/Sep/2023:06:43:51 -0500] "GET /sipse/css/custom_css_sg.css HTTP/1.1" 304 -
201.245.192.253 - - [11/Sep/2023:06:43:51 -0500] "GET /sipse/faces/javax.faces.resource/jquery/jquery.js;jsessionid=7LFIZpy2DGqKeFbA5MH4rMHU.undefined?ln=primefaces&v=4.0 HTTP/1.1" 200 105384
201.245.192.253 - - [11/Sep/2023:06:43:51 -0500] "GET /sipse/css/custom_css_sg_prime_login.css HTTP/1.1" 304 -
201.245.192.253 - - [11/Sep/2023:06:43:51 -0500] "GET /sipse/faces/javax.faces.resource/layout/layout.js;jsessionid=7LFIZpy2DGqKeFbA5MH4rMHU.undefined?ln=primefaces&v=4.0 HTTP/1.1" 200 87560
201.245.192.253 - - [11/Sep/2023:06:43:51 -0500] "GET /sipse/faces/javax.faces.resource/jquery/jquery-plugins.js;jsessionid=7LFIZpy2DGqKeFbA5MH4rMHU.undefined?ln=primefaces&v=4.0 HTTP/1.1" 200 220526
201.245.192.253 - - [11/Sep/2023:06:43:51 -0500] "GET /sipse/faces/javax.faces.resource/primefaces.js;jsessionid=7LFIZpy2DGqKeFbA5MH4rMHU.undefined?ln=primefaces&v=4.0 HTTP/1.1" 200 276924
201.245.192.253 - - [11/Sep/2023:06:43:51 -0500] "GET /sipse/faces/javax.faces.resource/primefaces.css;jsessionid=7LFIZpy2DGqKeFbA5MH4rMHU.undefined?ln=primefaces&v=4.0 HTTP/1.1" 200 53295
201.245.192.253 - - [11/Sep/2023:06:43:51 -0500] "GET /sipse/faces/javax.faces.resource/theme.css?ln=primefaces-sipse HTTP/1.1" 200 50058
201.245.192.253 - - [11/Sep/2023:06:43:51 -0500] "GET /sipse/faces/javax.faces.resource/images/ui-icons_898989_256x240.png?ln=primefaces-aristo HTTP/1.1" 200 5355
201.245.192.253 - - [11/Sep/2023:06:43:51 -0500] "GET /sipse/css/imagen/logoSDG.png HTTP/1.1" 200 53064
201.245.192.253 - - [11/Sep/2023:06:43:51 -0500] "GET /sipse/css/imagen/loginimg.png HTTP/1.1" 200 71635
201.245.192.253 - - [11/Sep/2023:06:43:51 -0500] "GET /favicon.ico HTTP/1.1" 200 7782
201.245.192.253 - - [11/Sep/2023:06:43:51 -0500] "GET /sipse/faces/faces/faces/index.xhtml HTTP/1.1" 200 677
201.245.192.253 - - [11/Sep/2023:06:43:51 -0500] "GET /sipse/faces/javax.faces.resource/theme.css?ln=primefaces-sipse HTTP/1.1" 304 -
201.245.192.253 - - [11/Sep/2023:06:43:52 -0500] "GET /sipse/faces/faces/faces/faces/autenticacion.xhtml HTTP/1.1" 200 12174
201.245.192.253 - - [11/Sep/2023:06:43:52 -0500] "GET /sipse/faces/javax.faces.resource/theme.css?ln=primefaces-sipse HTTP/1.1" 304 -
201.245.192.253 - - [11/Sep/2023:06:43:52 -0500] "GET /sipse/faces/javax.faces.resource/layout/layout.css?ln=primefaces&v=4.0 HTTP/1.1" 200 542
201.245.192.253 - - [11/Sep/2023:06:43:52 -0500] "GET /sipse/faces/javax.faces.resource/jquery/jquery.js?ln=primefaces&v=4.0 HTTP/1.1" 304 -
201.245.192.253 - - [11/Sep/2023:06:43:52 -0500] "GET /sipse/faces/javax.faces.resource/primefaces.css?ln=primefaces&v=4.0 HTTP/1.1" 200 53295
201.245.192.253 - - [11/Sep/2023:06:43:52 -0500] "GET /sipse/faces/javax.faces.resource/jquery/jquery-plugins.js?ln=primefaces&v=4.0 HTTP/1.1" 304 -
201.245.192.253 - - [11/Sep/2023:06:43:52 -0500] "GET /sipse/faces/javax.faces.resource/primefaces.js?ln=primefaces&v=4.0 HTTP/1.1" 304 -
201.245.192.253 - - [11/Sep/2023:06:43:52 -0500] "GET /sipse/faces/javax.faces.resource/layout/layout.js?ln=primefaces&v=4.0 HTTP/1.1" 304 -
201.245.192.253 - - [11/Sep/2023:06:43:52 -0500] "GET /sipse/faces/javax.faces.resource/images/ui-icons_898989_256x240.png?ln=primefaces-aristo HTTP/1.1" 304 -
216.244.66.195 - - [11/Sep/2023:06:43:54 -0500] "GET /BLA/resoluciones/AUTOS%202016/1994.pdf HTTP/1.1" 200 478204
201.245.192.253 - - [11/Sep/2023:06:43:55 -0500] "POST /sipse/faces/autenticacion.xhtml HTTP/1.1" 200 11168
201.245.192.253 - - [11/Sep/2023:06:43:55 -0500] "GET /sipse/css/custom_css_sg_prime.css HTTP/1.1" 200 5201
201.245.192.253 - - [11/Sep/2023:06:43:55 -0500] "GET /sipse/faces/javax.faces.resource/jquery/jquery.js?ln=primefaces&v=4.0 HTTP/1.1" 304 -
201.245.192.253 - - [11/Sep/2023:06:43:55 -0500] "GET /sipse/faces/javax.faces.resource/jquery/jquery-plugins.js?ln=primefaces&v=4.0 HTTP/1.1" 304 -
201.245.192.253 - - [11/Sep/2023:06:43:55 -0500] "GET /sipse/faces/javax.faces.resource/primefaces.js?ln=primefaces&v=4.0 HTTP/1.1" 304 -
201.245.192.253 - - [11/Sep/2023:06:43:56 -0500] "GET /sipse/faces/javax.faces.resource/layout/layout.js?ln=primefaces&v=4.0 HTTP/1.1" 304 -
201.245.192.253 - - [11/Sep/2023:06:43:56 -0500] "GET /sipse/faces/javax.faces.resource/messages/messages.png?ln=primefaces&v=4.0 HTTP/1.1" 200 27209
201.245.192.253 - - [11/Sep/2023:06:44:03 -0500] "POST /sipse/faces/presentacion/sistema/seguridad/seleccionRol.xhtml HTTP/1.1" 200 5600
216.245.221.92 - - [11/Sep/2023:06:44:19 -0500] "HEAD / HTTP/1.1" 200 -
201.245.192.253 - - [11/Sep/2023:06:44:18 -0500] "POST /kwsrmcab/Wsrmcab  HTTP/1.1" 200 42865
216.244.66.195 - - [11/Sep/2023:06:44:37 -0500] "GET /BLA/resoluciones/AUTOS%202016/2044.pdf HTTP/1.1" 200 387236
201.221.172.204 - - [11/Sep/2023:06:45:03 -0500] "GET /favicon.ico HTTP/1.1" 404 1346
172.22.2.4 - - [11/Sep/2023:06:43:25 -0500] "HEAD /BLA/boletinlegal/ HTTP/1.1" 200 -
216.244.66.195 - - [11/Sep/2023:06:45:23 -0500] "GET /BLA/resoluciones/AUTOS%202016/2064.pdf HTTP/1.1" 200 458732
172.22.2.4 - - [11/Sep/2023:06:44:16 -0500] "GET /BLA/boletinlegal/ HTTP/1.1" 200 59343
216.244.66.195 - - [11/Sep/2023:06:46:05 -0500] "GET /BLA/resoluciones/AUTOS%202016/2093.pdf HTTP/1.1" 200 1004660
216.244.66.195 - - [11/Sep/2023:06:46:55 -0500] "GET /BLA/resoluciones/AUTOS%202016/2119.pdf HTTP/1.1" 200 549415
216.244.66.195 - - [11/Sep/2023:06:47:30 -0500] "GET /BLA/resoluciones/AUTOS%202016/2129.pdf HTTP/1.1" 200 513114
201.245.192.253 - - [11/Sep/2023:06:48:01 -0500] "POST /sipse/faces/presentacion/sistema/seguridad/seleccionRol.xhtml HTTP/1.1" 200 18173
201.245.192.253 - - [11/Sep/2023:06:48:02 -0500] "GET /sipse/js/jquery.min.js HTTP/1.1" 304 -
201.245.192.253 - - [11/Sep/2023:06:48:02 -0500] "GET /sipse/faces/javax.faces.resource/jquery/jquery.js?ln=primefaces&v=4.0 HTTP/1.1" 304 -
201.245.192.253 - - [11/Sep/2023:06:48:02 -0500] "GET /sipse/faces/javax.faces.resource/jquery/jquery-plugins.js?ln=primefaces&v=4.0 HTTP/1.1" 304 -
201.245.192.253 - - [11/Sep/2023:06:48:02 -0500] "GET /sipse/faces/javax.faces.resource/primefaces.js?ln=primefaces&v=4.0 HTTP/1.1" 304 -
201.245.192.253 - - [11/Sep/2023:06:48:02 -0500] "GET /sipse/faces/javax.faces.resource/layout/layout.js?ln=primefaces&v=4.0 HTTP/1.1" 304 -
201.245.192.253 - - [11/Sep/2023:06:48:02 -0500] "GET /sipse/imagenes/cargando.gif HTTP/1.1" 200 36959
201.245.192.253 - - [11/Sep/2023:06:48:02 -0500] "GET /sipse/css/v_mergente.css HTTP/1.1" 200 1505
201.245.192.253 - - [11/Sep/2023:06:48:02 -0500] "GET /sipse/css/imagen/contrasena.png HTTP/1.1" 404 383
201.245.192.253 - - [11/Sep/2023:06:48:02 -0500] "GET /sipse/imagenes/logoAplicacion.jpg HTTP/1.1" 200 155084
201.245.192.253 - - [11/Sep/2023:06:48:04 -0500] "GET /sipse/faces/javax.faces.resource/images/ui-bg_flat_0_2d5972_40x100.png?ln=primefaces-aristo HTTP/1.1" 200 183
201.245.192.253 - - [11/Sep/2023:06:48:04 -0500] "POST /sipse/faces/bienvenido.xhtml HTTP/1.1" 200 3246
201.245.192.253 - - [11/Sep/2023:06:48:06 -0500] "POST /sipse/faces/bienvenido.xhtml HTTP/1.1" 200 35452
201.245.192.253 - - [11/Sep/2023:06:48:06 -0500] "GET /sipse/faces/javax.faces.resource/jquery/jquery.js?ln=primefaces&v=4.0 HTTP/1.1" 304 -
201.245.192.253 - - [11/Sep/2023:06:48:06 -0500] "GET /sipse/faces/javax.faces.resource/jquery/jquery-plugins.js?ln=primefaces&v=4.0 HTTP/1.1" 304 -
201.245.192.253 - - [11/Sep/2023:06:48:06 -0500] "GET /sipse/faces/javax.faces.resource/primefaces.js?ln=primefaces&v=4.0 HTTP/1.1" 304 -
201.245.192.253 - - [11/Sep/2023:06:48:06 -0500] "GET /sipse/faces/javax.faces.resource/layout/layout.js?ln=primefaces&v=4.0 HTTP/1.1" 304 -
201.245.192.253 - - [11/Sep/2023:06:48:06 -0500] "POST /sipse/faces/presentacion/financiero/solicitudProceso/listarSolicitudProceso.xhtml HTTP/1.1" 200 1376
201.245.192.253 - - [11/Sep/2023:06:48:09 -0500] "POST /sipse/faces/presentacion/financiero/solicitudProceso/listarSolicitudProceso.xhtml HTTP/1.1" 200 184
201.245.192.253 - - [11/Sep/2023:06:48:09 -0500] "POST /sipse/faces/presentacion/financiero/solicitudProceso/listarSolicitudProceso.xhtml HTTP/1.1" 200 184
201.245.192.253 - - [11/Sep/2023:06:48:09 -0500] "GET /sipse/faces/presentacion/financiero/solicitudAnulacion/solicitudAnulacion.xhtml HTTP/1.1" 200 29664
201.245.192.253 - - [11/Sep/2023:06:48:09 -0500] "GET /sipse/faces/presentacion/financiero/solicitudAnulacion/solicitudAnulacion.xhtml HTTP/1.1" 200 36495
201.245.192.253 - - [11/Sep/2023:06:48:09 -0500] "GET /sipse/faces/javax.faces.resource/theme.css?ln=primefaces-sipse HTTP/1.1" 304 -
201.245.192.253 - - [11/Sep/2023:06:48:09 -0500] "GET /sipse/faces/javax.faces.resource/primefaces.css?ln=primefaces&v=4.0 HTTP/1.1" 304 -
201.245.192.253 - - [11/Sep/2023:06:48:09 -0500] "GET /sipse/faces/javax.faces.resource/layout/layout.css?ln=primefaces&v=4.0 HTTP/1.1" 304 -
201.245.192.253 - - [11/Sep/2023:06:48:09 -0500] "GET /sipse/faces/javax.faces.resource/jquery/jquery.js?ln=primefaces&v=4.0 HTTP/1.1" 304 -
201.245.192.253 - - [11/Sep/2023:06:48:09 -0500] "GET /sipse/faces/javax.faces.resource/primefaces.js?ln=primefaces&v=4.0 HTTP/1.1" 304 -
201.245.192.253 - - [11/Sep/2023:06:48:09 -0500] "GET /sipse/faces/javax.faces.resource/jquery/jquery-plugins.js?ln=primefaces&v=4.0 HTTP/1.1" 304 -
201.245.192.253 - - [11/Sep/2023:06:48:09 -0500] "GET /sipse/faces/javax.faces.resource/layout/layout.js?ln=primefaces&v=4.0 HTTP/1.1" 304 -
201.245.192.253 - - [11/Sep/2023:06:48:09 -0500] "GET /sipse/faces/javax.faces.resource/images/ui-icons_898989_256x240.png?ln=primefaces-aristo HTTP/1.1" 304 -
201.245.192.253 - - [11/Sep/2023:06:48:09 -0500] "GET /sipse/faces/javax.faces.resource/images/ui-bg_flat_0_2d5972_40x100.png?ln=primefaces-aristo HTTP/1.1" 304 -
