201.245.192.253 - - [11/Sep/2023:06:48:09 -0500] "POST /sipse/faces/presentacion/financiero/solicitudAnulacion/solicitudAnulacion.xhtml HTTP/1.1" 200 12469
216.244.66.195 - - [11/Sep/2023:06:48:11 -0500] "GET /BLA/resoluciones/AUTOS%202016/2309.pdf HTTP/1.1" 200 465884
201.245.192.253 - - [11/Sep/2023:06:48:12 -0500] "POST /sipse/faces/presentacion/financiero/solicitudAnulacion/solicitudAnulacion.xhtml HTTP/1.1" 200 30255
201.245.192.253 - - [11/Sep/2023:06:48:12 -0500] "GET /sipse/faces/javax.faces.resource/jquery/jquery.js?ln=primefaces&v=4.0 HTTP/1.1" 304 -
201.245.192.253 - - [11/Sep/2023:06:48:12 -0500] "GET /sipse/faces/javax.faces.resource/jquery/jquery-plugins.js?ln=primefaces&v=4.0 HTTP/1.1" 304 -
201.245.192.253 - - [11/Sep/2023:06:48:12 -0500] "GET /sipse/faces/javax.faces.resource/primefaces.js?ln=primefaces&v=4.0 HTTP/1.1" 304 -
201.245.192.253 - - [11/Sep/2023:06:48:12 -0500] "GET /sipse/faces/javax.faces.resource/layout/layout.js?ln=primefaces&v=4.0 HTTP/1.1" 304 -
201.245.192.253 - - [11/Sep/2023:06:48:14 -0500] "POST /sipse/faces/presentacion/financiero/solicitudProceso/solicitudProcesoOtrosPagos.xhtml HTTP/1.1" 200 184
201.245.192.253 - - [11/Sep/2023:06:48:14 -0500] "POST /sipse/faces/presentacion/financiero/solicitudProceso/solicitudProcesoOtrosPagos.xhtml HTTP/1.1" 200 184
201.245.192.253 - - [11/Sep/2023:06:48:14 -0500] "GET /sipse/faces/javax.faces.resource/layout/layout.css?ln=primefaces&v=4.0 HTTP/1.1" 304 -
201.245.192.253 - - [11/Sep/2023:06:48:14 -0500] "GET /sipse/faces/javax.faces.resource/primefaces.css?ln=primefaces&v=4.0 HTTP/1.1" 304 -
201.245.192.253 - - [11/Sep/2023:06:48:14 -0500] "GET /sipse/faces/javax.faces.resource/theme.css?ln=primefaces-sipse HTTP/1.1" 304 -
201.245.192.253 - - [11/Sep/2023:06:48:14 -0500] "GET /sipse/faces/javax.faces.resource/primefaces.js?ln=primefaces&v=4.0 HTTP/1.1" 304 -
201.245.192.253 - - [11/Sep/2023:06:48:14 -0500] "GET /sipse/faces/javax.faces.resource/layout/layout.js?ln=primefaces&v=4.0 HTTP/1.1" 304 -
201.245.192.253 - - [11/Sep/2023:06:48:14 -0500] "GET /sipse/faces/javax.faces.resource/jquery/jquery.js?ln=primefaces&v=4.0 HTTP/1.1" 304 -
201.245.192.253 - - [11/Sep/2023:06:48:14 -0500] "GET /sipse/faces/javax.faces.resource/jquery/jquery-plugins.js?ln=primefaces&v=4.0 HTTP/1.1" 304 -
201.245.192.253 - - [11/Sep/2023:06:48:14 -0500] "GET /sipse/faces/presentacion/financiero/solicitudAnulacion/solicitudAnulacion.xhtml HTTP/1.1" 200 36495
201.245.192.253 - - [11/Sep/2023:06:48:14 -0500] "GET /sipse/faces/javax.faces.resource/images/ui-icons_898989_256x240.png?ln=primefaces-aristo HTTP/1.1" 304 -
201.245.192.253 - - [11/Sep/2023:06:48:14 -0500] "GET /sipse/faces/javax.faces.resource/images/ui-bg_flat_0_2d5972_40x100.png?ln=primefaces-aristo HTTP/1.1" 304 -
201.245.192.253 - - [11/Sep/2023:06:48:14 -0500] "POST /sipse/faces/presentacion/financiero/solicitudAnulacion/solicitudAnulacion.xhtml HTTP/1.1" 200 12469
201.245.192.253 - - [11/Sep/2023:06:48:14 -0500] "GET /sipse/faces/presentacion/financiero/solicitudAnulacion/solicitudAnulacion.xhtml HTTP/1.1" 200 15776
201.245.192.253 - - [11/Sep/2023:06:48:18 -0500] "POST /sipse/faces/presentacion/financiero/solicitudAnulacion/solicitudAnulacion.xhtml HTTP/1.1" 200 52855
201.245.192.253 - - [11/Sep/2023:06:48:19 -0500] "GET /sipse/faces/javax.faces.resource/fileupload/fileupload.css?ln=primefaces&v=4.0 HTTP/1.1" 304 -
201.245.192.253 - - [11/Sep/2023:06:48:19 -0500] "GET /sipse/faces/javax.faces.resource/jquery/jquery.js?ln=primefaces&v=4.0 HTTP/1.1" 304 -
201.245.192.253 - - [11/Sep/2023:06:48:19 -0500] "GET /sipse/faces/javax.faces.resource/jquery/jquery-plugins.js?ln=primefaces&v=4.0 HTTP/1.1" 304 -
201.245.192.253 - - [11/Sep/2023:06:48:19 -0500] "GET /sipse/faces/javax.faces.resource/primefaces.js?ln=primefaces&v=4.0 HTTP/1.1" 304 -
201.245.192.253 - - [11/Sep/2023:06:48:19 -0500] "GET /sipse/faces/javax.faces.resource/layout/layout.js?ln=primefaces&v=4.0 HTTP/1.1" 304 -
201.245.192.253 - - [11/Sep/2023:06:48:19 -0500] "GET /sipse/faces/javax.faces.resource/fileupload/fileupload.js?ln=primefaces&v=4.0 HTTP/1.1" 304 -
216.244.66.195 - - [11/Sep/2023:06:48:59 -0500] "GET /BLA/resoluciones/AUTOS%202016/2696.pdf HTTP/1.1" 200 1078534
201.245.192.253 - - [11/Sep/2023:06:49:16 -0500] "POST /kwsrmcab/Wsrmcab  HTTP/1.1" 200 42865
216.245.221.92 - - [11/Sep/2023:06:49:19 -0500] "HEAD / HTTP/1.1" 200 -
216.244.66.195 - - [11/Sep/2023:06:49:49 -0500] "GET /BLA/resoluciones/AUTOS%202016/2792.pdf HTTP/1.1" 200 420658
216.244.66.195 - - [11/Sep/2023:06:50:29 -0500] "GET /BLA/resoluciones/AUTOS%202016/2842.pdf HTTP/1.1" 200 278203
191.111.35.125 - - [11/Sep/2023:06:50:39 -0500] "GET /distrito-firmo-resolucion-de-etiquetado-vehicular-ambiental-herramienta-para-clasificar-vehiculos-segun-sus-niveles-de-emisiones.html HTTP/1.1" 200 841
172.22.2.4 - - [11/Sep/2023:06:49:15 -0500] "HEAD /BLA/boletinlegal/ HTTP/1.1" 200 -
216.244.66.195 - - [11/Sep/2023:06:51:06 -0500] "GET /BLA/resoluciones/AUTOS%202011/3077.pdf HTTP/1.1" 200 324479
216.244.66.195 - - [11/Sep/2023:06:51:41 -0500] "GET /BLA/resoluciones/AUTOS%202014/0229.pdf HTTP/1.1" 200 416139
172.22.2.4 - - [11/Sep/2023:06:50:06 -0500] "GET /BLA/boletinlegal/ HTTP/1.1" 200 60342
216.244.66.195 - - [11/Sep/2023:06:52:19 -0500] "GET /BLA/resoluciones/AUTOS%202014/1741.pdf HTTP/1.1" 200 588132
186.31.178.144 - - [11/Sep/2023:06:52:25 -0500] "GET /abierta-convocatoria-para-postular-a-organizaciones-que-desarrollan-actividades-de-voluntariado-ambiental-en-bogota.html HTTP/1.1" 200 880
216.244.66.195 - - [11/Sep/2023:06:52:50 -0500] "GET /BLA/resoluciones/AUTOS%202015/1602.pdf HTTP/1.1" 200 330560
66.249.66.194 - - [11/Sep/2023:06:52:56 -0500] "GET /presentamos-las-nuevas-herramientas-de-la-secretaria-de-ambiente-para-analizar-y-monitorear-los-rios-de-bogota.html HTTP/1.1" 200 905
179.32.2.146 - - [11/Sep/2023:06:52:50 -0500] "GET /BLA/boletinlegal/admin/index.php HTTP/1.1" 200 7106
179.32.2.146 - - [11/Sep/2023:06:53:07 -0500] "GET /BLA/boletinlegal/admin/index_files/index_files/tback.gif HTTP/1.1" 404 1334
179.32.2.146 - - [11/Sep/2023:06:53:07 -0500] "GET /favicon.ico HTTP/1.1" 200 7782
179.32.2.146 - - [11/Sep/2023:06:53:09 -0500] "GET /BLA/boletinlegal/admin/actos/ingresar.php HTTP/1.1" 200 7209
179.32.2.146 - - [11/Sep/2023:06:53:09 -0500] "GET /BLA/boletinlegal/admin/css/default.css HTTP/1.1" 200 4379
179.32.2.146 - - [11/Sep/2023:06:53:09 -0500] "GET /BLA/boletinlegal/admin/js/jquery-1.3.1.min.js HTTP/1.1" 200 55272
179.32.2.146 - - [11/Sep/2023:06:53:09 -0500] "GET /BLA/boletinlegal/admin/js/nicEdit-latest.js HTTP/1.1" 200 38373
179.32.2.146 - - [11/Sep/2023:06:53:09 -0500] "GET /BLA/boletinlegal/admin/js/jquery.functions.js HTTP/1.1" 200 2317
179.32.2.146 - - [11/Sep/2023:06:53:10 -0500] "GET /BLA/boletinlegal/admin/img/h1.png HTTP/1.1" 200 3227
179.32.2.146 - - [11/Sep/2023:06:53:10 -0500] "GET /BLA/boletinlegal/admin/img/overlay.png HTTP/1.1" 200 984
179.32.2.146 - - [11/Sep/2023:06:53:10 -0500] "GET /BLA/boletinlegal/images/favicon.ico HTTP/1.1" 404 1328
216.244.66.195 - - [11/Sep/2023:06:53:23 -0500] "GET /BLA/resoluciones/AUTOS%202017/0022.pdf HTTP/1.1" 200 1114548
216.244.66.195 - - [11/Sep/2023:06:53:52 -0500] "GET /BLA/resoluciones/AUTOS%202017/1210.pdf HTTP/1.1" 200 348698
201.245.192.253 - - [11/Sep/2023:06:54:15 -0500] "POST /kwsrmcab/Wsrmcab  HTTP/1.1" 200 42865
216.244.66.195 - - [11/Sep/2023:06:54:19 -0500] "GET /BLA/resoluciones/AUTOS%202018/0400.pdf HTTP/1.1" 200 345217
216.245.221.92 - - [11/Sep/2023:06:54:19 -0500] "HEAD / HTTP/1.1" 200 -
216.244.66.195 - - [11/Sep/2023:06:54:45 -0500] "GET /BLA/resoluciones/AUTOS%202018/0501.pdf HTTP/1.1" 200 733048
173.252.107.120 - - [11/Sep/2023:06:55:09 -0500] "GET /plan-de-accion-climatica-pac-de-bogota-aporta-en-cerca-del-90-al-cumplimiento-de-las-acciones-del-acuerdo-de-emergencia-climatica.html HTTP/1.1" 200 1069
173.252.107.120 - - [11/Sep/2023:06:55:09 -0500] "GET /images/PAC1.jpeg HTTP/1.1" 200 66191
216.244.66.195 - - [11/Sep/2023:06:55:11 -0500] "GET /BLA/resoluciones/AUTOS%202018/0666.pdf HTTP/1.1" 200 281939
201.221.172.204 - - [11/Sep/2023:06:56:19 -0500] "GET /favicon.ico HTTP/1.1" 404 1346
172.22.2.4 - - [11/Sep/2023:06:55:05 -0500] "HEAD /BLA/boletinlegal/ HTTP/1.1" 200 -
179.32.2.146 - - [11/Sep/2023:06:56:53 -0500] "POST /BLA/boletinlegal/admin/actos/ingresar.php HTTP/1.1" 200 7209
172.22.2.4 - - [11/Sep/2023:06:57:12 -0500] "GET /BLA/boletinlegal/actos.php HTTP/1.1" 200 9682
172.22.2.4 - - [11/Sep/2023:06:57:15 -0500] "GET /BLA/boletinlegal/favicon.ico HTTP/1.1" 404 1326
179.32.2.146 - - [11/Sep/2023:06:57:17 -0500] "GET /BLA/resoluciones/ HTTP/1.1" 200 13696
179.32.2.146 - - [11/Sep/2023:06:57:03 -0500] "GET /BLA/boletinlegal/admin/index.php HTTP/1.1" 200 7106
179.32.2.146 - - [11/Sep/2023:06:57:27 -0500] "GET /BLA/resoluciones/index.php?dir=RESOLUCIONES+2022%2F HTTP/1.1" 200 319436
172.22.2.4 - - [11/Sep/2023:06:55:56 -0500] "GET /BLA/boletinlegal/ HTTP/1.1" 200 60342
201.245.192.253 - - [11/Sep/2023:06:58:43 -0500] "POST /sipse/faces/presentacion/financiero/solicitudAnulacion/registrarSolicitudAnulacion.xhtml HTTP/1.1" 200 27568
201.245.192.253 - - [11/Sep/2023:06:58:44 -0500] "GET /sipse/faces/javax.faces.resource/jquery/jquery.js?ln=primefaces&v=4.0 HTTP/1.1" 304 -
201.245.192.253 - - [11/Sep/2023:06:58:44 -0500] "GET /sipse/faces/javax.faces.resource/jquery/jquery-plugins.js?ln=primefaces&v=4.0 HTTP/1.1" 304 -
201.245.192.253 - - [11/Sep/2023:06:58:44 -0500] "GET /sipse/faces/javax.faces.resource/primefaces.js?ln=primefaces&v=4.0 HTTP/1.1" 304 -
201.245.192.253 - - [11/Sep/2023:06:58:44 -0500] "GET /sipse/faces/javax.faces.resource/layout/layout.js?ln=primefaces&v=4.0 HTTP/1.1" 304 -
191.156.226.175 - - [11/Sep/2023:06:58:52 -0500] "GET /distrito-firmo-resolucion-de-etiquetado-vehicular-ambiental-herramienta-para-clasificar-vehiculos-segun-sus-niveles-de-emisiones.html HTTP/1.1" 200 841
201.245.192.253 - - [11/Sep/2023:06:59:11 -0500] "POST /sipse/faces/presentacion/financiero/solicitudProceso/consultarHistorialSolProceso.xhtml HTTP/1.1" 200 58339
201.245.192.253 - - [11/Sep/2023:06:59:11 -0500] "GET /sipse/faces/javax.faces.resource/theme.css?ln=primefaces-sipse HTTP/1.1" 304 -
201.245.192.253 - - [11/Sep/2023:06:59:11 -0500] "GET /sipse/faces/javax.faces.resource/primefaces.css?ln=primefaces&v=4.0 HTTP/1.1" 304 -
201.245.192.253 - - [11/Sep/2023:06:59:11 -0500] "GET /sipse/faces/javax.faces.resource/layout/layout.css?ln=primefaces&v=4.0 HTTP/1.1" 304 -
201.245.192.253 - - [11/Sep/2023:06:59:11 -0500] "GET /sipse/faces/javax.faces.resource/jquery/jquery.js?ln=primefaces&v=4.0 HTTP/1.1" 304 -
201.245.192.253 - - [11/Sep/2023:06:59:11 -0500] "GET /sipse/faces/javax.faces.resource/jquery/jquery-plugins.js?ln=primefaces&v=4.0 HTTP/1.1" 304 -
201.245.192.253 - - [11/Sep/2023:06:59:11 -0500] "GET /sipse/faces/javax.faces.resource/primefaces.js?ln=primefaces&v=4.0 HTTP/1.1" 304 -
201.245.192.253 - - [11/Sep/2023:06:59:11 -0500] "GET /sipse/faces/javax.faces.resource/layout/layout.js?ln=primefaces&v=4.0 HTTP/1.1" 304 -
201.245.192.253 - - [11/Sep/2023:06:59:11 -0500] "GET /sipse/faces/javax.faces.resource/fileupload/fileupload.js?ln=primefaces&v=4.0 HTTP/1.1" 304 -
201.245.192.253 - - [11/Sep/2023:06:59:11 -0500] "GET /sipse/faces/javax.faces.resource/fileupload/fileupload.css?ln=primefaces&v=4.0 HTTP/1.1" 304 -
201.245.192.253 - - [11/Sep/2023:06:59:11 -0500] "GET /sipse/faces/javax.faces.resource/images/ui-icons_898989_256x240.png?ln=primefaces-aristo HTTP/1.1" 304 -
201.245.192.253 - - [11/Sep/2023:06:59:15 -0500] "POST /kwsrmcab/Wsrmcab  HTTP/1.1" 200 42865
216.245.221.92 - - [11/Sep/2023:06:59:19 -0500] "HEAD / HTTP/1.1" 200 -
216.244.66.195 - - [11/Sep/2023:06:59:26 -0500] "GET /robots.txt HTTP/1.1" 404 1018
186.154.190.145 - - [11/Sep/2023:07:00:26 -0500] "GET /abierta-convocatoria-para-postular-a-organizaciones-que-desarrollan-actividades-de-voluntariado-ambiental-en-bogota.html HTTP/1.1" 200 880
201.245.192.253 - - [11/Sep/2023:07:00:51 -0500] "GET /sipse/faces/javax.faces.resource/images/ui-bg_flat_0_2d5972_40x100.png?ln=primefaces-aristo HTTP/1.1" 304 -
201.245.192.253 - - [11/Sep/2023:07:00:51 -0500] "POST /sipse/faces/presentacion/financiero/solicitudAnulacion/registrarSolicitudAnulacion.xhtml HTTP/1.1" 200 3120
201.245.192.253 - - [11/Sep/2023:07:01:15 -0500] "POST /sipse/faces/presentacion/financiero/solicitudAnulacion/registrarSolicitudAnulacion.xhtml HTTP/1.1" 200 3124
201.245.192.253 - - [11/Sep/2023:07:01:43 -0500] "POST /sipse/faces/presentacion/financiero/solicitudAnulacion/registrarSolicitudAnulacion.xhtml HTTP/1.1" 200 3120
201.245.192.253 - - [11/Sep/2023:07:01:43 -0500] "POST /sipse/faces/presentacion/financiero/solicitudAnulacion/registrarSolicitudAnulacion.xhtml HTTP/1.1" 200 31656
201.245.192.253 - - [11/Sep/2023:07:01:46 -0500] "GET /sipse/faces/javax.faces.resource/jquery/jquery.js?ln=primefaces&v=4.0 HTTP/1.1" 304 -
201.245.192.253 - - [11/Sep/2023:07:01:46 -0500] "GET /sipse/faces/javax.faces.resource/jquery/jquery-plugins.js?ln=primefaces&v=4.0 HTTP/1.1" 304 -
201.245.192.253 - - [11/Sep/2023:07:01:47 -0500] "GET /sipse/faces/javax.faces.resource/primefaces.js?ln=primefaces&v=4.0 HTTP/1.1" 304 -
201.245.192.253 - - [11/Sep/2023:07:01:47 -0500] "GET /sipse/faces/javax.faces.resource/layout/layout.js?ln=primefaces&v=4.0 HTTP/1.1" 304 -
201.245.192.253 - - [11/Sep/2023:07:01:47 -0500] "GET /sipse/faces/javax.faces.resource/messages/messages.png?ln=primefaces&v=4.0 HTTP/1.1" 304 -
201.245.192.253 - - [11/Sep/2023:07:01:47 -0500] "POST /sipse/faces/presentacion/financiero/solicitudAnulacion/solicitudAnulacion.xhtml HTTP/1.1" 200 10468
201.245.192.253 - - [11/Sep/2023:07:01:49 -0500] "POST /sipse/faces/presentacion/financiero/solicitudAnulacion/solicitudAnulacion.xhtml HTTP/1.1" 200 35452
201.245.192.253 - - [11/Sep/2023:07:01:50 -0500] "GET /sipse/faces/javax.faces.resource/jquery/jquery.js?ln=primefaces&v=4.0 HTTP/1.1" 304 -
201.245.192.253 - - [11/Sep/2023:07:01:50 -0500] "GET /sipse/faces/javax.faces.resource/jquery/jquery-plugins.js?ln=primefaces&v=4.0 HTTP/1.1" 304 -
201.245.192.253 - - [11/Sep/2023:07:01:50 -0500] "GET /sipse/faces/javax.faces.resource/primefaces.js?ln=primefaces&v=4.0 HTTP/1.1" 304 -
201.245.192.253 - - [11/Sep/2023:07:01:50 -0500] "GET /sipse/faces/javax.faces.resource/layout/layout.js?ln=primefaces&v=4.0 HTTP/1.1" 304 -
201.245.192.253 - - [11/Sep/2023:07:01:50 -0500] "POST /sipse/faces/presentacion/financiero/solicitudProceso/listarSolicitudProceso.xhtml HTTP/1.1" 200 28849
201.245.192.253 - - [11/Sep/2023:07:01:50 -0500] "GET /sipse/faces/index.xhtml HTTP/1.1" 200 677
201.245.192.253 - - [11/Sep/2023:07:01:50 -0500] "GET /sipse/faces/javax.faces.resource/theme.css?ln=primefaces-sipse HTTP/1.1" 200 50058
201.245.192.253 - - [11/Sep/2023:07:01:50 -0500] "GET /favicon.ico HTTP/1.1" 200 7782
201.245.192.253 - - [11/Sep/2023:07:01:50 -0500] "POST /sipse/faces/presentacion/financiero/solicitudProceso/listarSolicitudProceso.xhtml HTTP/1.1" 200 1376
201.245.192.253 - - [11/Sep/2023:07:01:51 -0500] "POST /sipse/faces/presentacion/financiero/solicitudProceso/listarSolicitudProceso.xhtml HTTP/1.1" 200 1380
201.245.192.253 - - [11/Sep/2023:07:02:01 -0500] "GET /sipse/faces/index.xhtml HTTP/1.1" 200 677
201.245.192.253 - - [11/Sep/2023:07:02:01 -0500] "GET /sipse/faces/javax.faces.resource/theme.css?ln=primefaces-sipse HTTP/1.1" 304 -
66.249.70.198 - - [11/Sep/2023:07:02:10 -0500] "GET /robots.txt HTTP/1.1" 404 1018
66.249.70.196 - - [11/Sep/2023:07:02:10 -0500] "GET /isolucionsda/FrameSetArticulo.asp?Pagina=/IsolucionSDA/bancoconocimiento/C/Circular18del8deMayode2009/Circular18del8deMayode2009.asp?IdArticulo=6239 HTTP/1.1" 200 8067
66.249.70.198 - - [11/Sep/2023:07:02:11 -0500] "GET /pdc/? HTTP/1.1" 200 2124
66.249.70.197 - - [11/Sep/2023:07:02:11 -0500] "GET /isolucionsda/IsolucionSDA/bancoconocimiento/C/Circular18del8deMayode2009/Circular18del8deMayode2009.asp?IdArticulo=6239 HTTP/1.1" 404 5034
66.249.70.197 - - [11/Sep/2023:07:02:12 -0500] "GET /isolucionsda/Arriba.asp?Pagina=/IsolucionSDA/bancoconocimiento/C/Circular18del8deMayode2009/Circular18del8deMayode2009.asp&IdArticulo=6239 HTTP/1.1" 500 9068
66.249.70.196 - - [11/Sep/2023:07:02:12 -0500] "GET /pdc/js/jquery.min.js HTTP/1.1" 200 95786
66.249.70.196 - - [11/Sep/2023:07:02:13 -0500] "GET /pdc/js/jquery.dataTables.min.js HTTP/1.1" 200 153451
201.245.192.253 - - [11/Sep/2023:07:02:14 -0500] "GET /sipse/faces/index.xhtml HTTP/1.1" 200 677
201.245.192.253 - - [11/Sep/2023:07:02:14 -0500] "GET /sipse/faces/javax.faces.resource/theme.css?ln=primefaces-sipse HTTP/1.1" 304 -
201.245.192.253 - - [11/Sep/2023:07:02:14 -0500] "GET /sipse/faces/faces/autenticacion.xhtml HTTP/1.1" 200 12174
201.245.192.253 - - [11/Sep/2023:07:02:14 -0500] "GET /sipse/js/disable_browser_buttons.js HTTP/1.1" 200 3230
201.245.192.253 - - [11/Sep/2023:07:02:14 -0500] "GET /sipse/css/custom_css_sg.css HTTP/1.1" 200 9694
201.245.192.253 - - [11/Sep/2023:07:02:14 -0500] "GET /sipse/css/custom_css_sg_prime_login.css HTTP/1.1" 200 443
201.245.192.253 - - [11/Sep/2023:07:02:14 -0500] "GET /sipse/js/funciones.js HTTP/1.1" 200 12592
201.245.192.253 - - [11/Sep/2023:07:02:14 -0500] "GET /sipse/faces/javax.faces.resource/layout/layout.css?ln=primefaces&v=4.0 HTTP/1.1" 200 542
201.245.192.253 - - [11/Sep/2023:07:02:14 -0500] "GET /sipse/faces/javax.faces.resource/theme.css?ln=primefaces-sipse HTTP/1.1" 304 -
201.245.192.253 - - [11/Sep/2023:07:02:14 -0500] "GET /sipse/faces/javax.faces.resource/jquery/jquery.js?ln=primefaces&v=4.0 HTTP/1.1" 200 105384
201.245.192.253 - - [11/Sep/2023:07:02:14 -0500] "GET /sipse/faces/javax.faces.resource/layout/layout.js?ln=primefaces&v=4.0 HTTP/1.1" 200 87560
201.245.192.253 - - [11/Sep/2023:07:02:14 -0500] "GET /sipse/faces/javax.faces.resource/primefaces.css?ln=primefaces&v=4.0 HTTP/1.1" 200 53295
201.245.192.253 - - [11/Sep/2023:07:02:14 -0500] "GET /sipse/faces/javax.faces.resource/jquery/jquery-plugins.js?ln=primefaces&v=4.0 HTTP/1.1" 200 220526
201.245.192.253 - - [11/Sep/2023:07:02:14 -0500] "GET /sipse/faces/javax.faces.resource/primefaces.js?ln=primefaces&v=4.0 HTTP/1.1" 200 276924
201.245.192.253 - - [11/Sep/2023:07:02:15 -0500] "GET /sipse/faces/javax.faces.resource/images/ui-icons_898989_256x240.png?ln=primefaces-aristo HTTP/1.1" 200 5355
201.245.192.253 - - [11/Sep/2023:07:02:15 -0500] "GET /sipse/css/imagen/logoSDG.png HTTP/1.1" 200 53064
201.245.192.253 - - [11/Sep/2023:07:02:15 -0500] "GET /sipse/css/imagen/loginimg.png HTTP/1.1" 200 71635
201.245.192.253 - - [11/Sep/2023:07:02:18 -0500] "POST /sipse/faces/autenticacion.xhtml HTTP/1.1" 200 16784
201.245.192.253 - - [11/Sep/2023:07:02:18 -0500] "GET /sipse/css/custom_css_sg_prime.css HTTP/1.1" 200 5201
201.245.192.253 - - [11/Sep/2023:07:02:18 -0500] "GET /sipse/faces/javax.faces.resource/theme.css?ln=primefaces-sipse HTTP/1.1" 304 -
201.245.192.253 - - [11/Sep/2023:07:02:18 -0500] "GET /sipse/faces/javax.faces.resource/primefaces.css?ln=primefaces&v=4.0 HTTP/1.1" 304 -
201.245.192.253 - - [11/Sep/2023:07:02:18 -0500] "GET /sipse/faces/javax.faces.resource/layout/layout.css?ln=primefaces&v=4.0 HTTP/1.1" 304 -
201.245.192.253 - - [11/Sep/2023:07:02:18 -0500] "GET /sipse/js/jquery.min.js HTTP/1.1" 200 85582
201.245.192.253 - - [11/Sep/2023:07:02:18 -0500] "GET /sipse/faces/javax.faces.resource/jquery/jquery.js?ln=primefaces&v=4.0 HTTP/1.1" 304 -
201.245.192.253 - - [11/Sep/2023:07:02:18 -0500] "GET /sipse/faces/javax.faces.resource/jquery/jquery-plugins.js?ln=primefaces&v=4.0 HTTP/1.1" 304 -
201.245.192.253 - - [11/Sep/2023:07:02:18 -0500] "GET /sipse/faces/javax.faces.resource/primefaces.js?ln=primefaces&v=4.0 HTTP/1.1" 304 -
201.245.192.253 - - [11/Sep/2023:07:02:18 -0500] "GET /sipse/faces/javax.faces.resource/layout/layout.js?ln=primefaces&v=4.0 HTTP/1.1" 304 -
201.245.192.253 - - [11/Sep/2023:07:02:18 -0500] "GET /sipse/css/v_mergente.css HTTP/1.1" 200 1505
201.245.192.253 - - [11/Sep/2023:07:02:18 -0500] "GET /sipse/css/imagen/contrasena.png HTTP/1.1" 404 383
201.245.192.253 - - [11/Sep/2023:07:02:18 -0500] "GET /sipse/imagenes/cargando.gif HTTP/1.1" 200 36959
201.245.192.253 - - [11/Sep/2023:07:02:18 -0500] "GET /sipse/faces/javax.faces.resource/messages/messages.png?ln=primefaces&v=4.0 HTTP/1.1" 200 27209
201.245.192.253 - - [11/Sep/2023:07:02:18 -0500] "GET /sipse/imagenes/logoAplicacion.jpg HTTP/1.1" 200 155084
201.245.192.253 - - [11/Sep/2023:07:02:20 -0500] "GET /sipse/faces/javax.faces.resource/images/ui-bg_flat_0_2d5972_40x100.png?ln=primefaces-aristo HTTP/1.1" 200 183
201.245.192.253 - - [11/Sep/2023:07:02:20 -0500] "POST /sipse/faces/bienvenido.xhtml HTTP/1.1" 200 9851
201.245.192.253 - - [11/Sep/2023:07:02:21 -0500] "POST /sipse/faces/bienvenido.xhtml HTTP/1.1" 200 9851
201.245.192.253 - - [11/Sep/2023:07:02:22 -0500] "POST /sipse/faces/bienvenido.xhtml HTTP/1.1" 200 1471
201.245.192.253 - - [11/Sep/2023:07:02:23 -0500] "POST /sipse/faces/bienvenido.xhtml HTTP/1.1" 200 31846
201.245.192.253 - - [11/Sep/2023:07:02:24 -0500] "GET /sipse/faces/javax.faces.resource/theme.css?ln=primefaces-sipse HTTP/1.1" 304 -
201.245.192.253 - - [11/Sep/2023:07:02:24 -0500] "GET /sipse/faces/javax.faces.resource/primefaces.css?ln=primefaces&v=4.0 HTTP/1.1" 304 -
201.245.192.253 - - [11/Sep/2023:07:02:24 -0500] "GET /sipse/faces/javax.faces.resource/layout/layout.css?ln=primefaces&v=4.0 HTTP/1.1" 304 -
201.245.192.253 - - [11/Sep/2023:07:02:24 -0500] "GET /sipse/faces/javax.faces.resource/jquery/jquery.js?ln=primefaces&v=4.0 HTTP/1.1" 304 -
201.245.192.253 - - [11/Sep/2023:07:02:24 -0500] "GET /sipse/faces/javax.faces.resource/jquery/jquery-plugins.js?ln=primefaces&v=4.0 HTTP/1.1" 304 -
201.245.192.253 - - [11/Sep/2023:07:02:24 -0500] "GET /sipse/faces/javax.faces.resource/primefaces.js?ln=primefaces&v=4.0 HTTP/1.1" 304 -
201.245.192.253 - - [11/Sep/2023:07:02:24 -0500] "GET /sipse/faces/javax.faces.resource/layout/layout.js?ln=primefaces&v=4.0 HTTP/1.1" 304 -
201.245.192.253 - - [11/Sep/2023:07:02:24 -0500] "POST /sipse/faces/presentacion/financiero/solicitudProceso/listarSolicitudProceso.xhtml HTTP/1.1" 200 1376
172.22.2.4 - - [11/Sep/2023:07:00:55 -0500] "HEAD /BLA/boletinlegal/ HTTP/1.1" 200 -
172.22.2.4 - - [11/Sep/2023:07:01:46 -0500] "GET /BLA/boletinlegal/ HTTP/1.1" 200 60692
201.221.172.204 - - [11/Sep/2023:07:03:30 -0500] "GET /favicon.ico HTTP/1.1" 404 1346
201.245.192.253 - - [11/Sep/2023:07:04:14 -0500] "POST /kwsrmcab/Wsrmcab  HTTP/1.1" 200 42865
216.245.221.92 - - [11/Sep/2023:07:04:19 -0500] "HEAD / HTTP/1.1" 200 -
64.124.8.30 - - [11/Sep/2023:07:05:05 -0500] "GET /robots.txt HTTP/1.1" 404 1035
64.124.8.30 - - [11/Sep/2023:07:05:05 -0500] "GET /portaldeninos/los-arboles/tips/ HTTP/1.1" 200 87677
172.22.2.4 - - [11/Sep/2023:07:05:15 -0500] "GET /BLA/boletinlegal/favicon.ico HTTP/1.1" 404 1326
185.107.13.196 - - [11/Sep/2023:07:05:22 -0500] "HEAD /BLA/resoluciones/RESOLUCIONES%202016/1034.pdf HTTP/1.1" 200 -
185.107.13.196 - - [11/Sep/2023:07:05:23 -0500] "GET /BLA/resoluciones/RESOLUCIONES%202016/1034.pdf HTTP/1.1" 200 265358
172.22.2.4 - - [11/Sep/2023:07:05:51 -0500] "GET /BLA/boletinlegal/robots.txt HTTP/1.1" 404 1038
172.22.2.4 - - [11/Sep/2023:07:05:57 -0500] "HEAD /BLA/boletinlegal/images/subscribe-icon-big.png HTTP/1.1" 200 -
172.22.2.4 - - [11/Sep/2023:07:07:54 -0500] "GET /BLA/boletinlegal/robots.txt HTTP/1.1" 404 1038
172.22.2.4 - - [11/Sep/2023:07:06:45 -0500] "HEAD /BLA/boletinlegal/ HTTP/1.1" 200 -
201.245.192.253 - - [11/Sep/2023:07:09:12 -0500] "POST /kwsrmcab/Wsrmcab  HTTP/1.1" 200 42865
172.22.2.4 - - [11/Sep/2023:07:07:36 -0500] "GET /BLA/boletinlegal/ HTTP/1.1" 200 50177
198.235.24.215 - - [11/Sep/2023:07:09:17 -0500] "\x16\x03\x01" 400 226
216.245.221.92 - - [11/Sep/2023:07:09:19 -0500] "HEAD / HTTP/1.1" 200 -
172.22.2.4 - - [11/Sep/2023:07:07:56 -0500] "GET /BLA/boletinlegal/ HTTP/1.1" 200 52656
168.119.48.175 - - [11/Sep/2023:07:11:23 -0500] "GET / HTTP/1.1" 200 319
179.19.94.215 - - [11/Sep/2023:07:11:45 -0500] "GET /favicon.ico HTTP/1.1" 404 1034
179.19.94.215 - - [11/Sep/2023:07:11:45 -0500] "GET /favicon.ico HTTP/1.1" 404 1034
216.244.66.195 - - [11/Sep/2023:07:12:04 -0500] "GET /BLA/resoluciones/AUTOS%202016/1159.pdf HTTP/1.1" 200 421288
20.15.133.171 - - [11/Sep/2023:07:12:23 -0500] "GET /robots.txt HTTP/1.1" 404 1018
20.15.133.163 - - [11/Sep/2023:07:12:26 -0500] "GET /Publicaciones/2023EE192164.pdf HTTP/1.1" 404 228
216.244.66.195 - - [11/Sep/2023:07:13:22 -0500] "GET /BLA/resoluciones/AUTOS%202010/4475.pdf HTTP/1.1" 200 218181
201.245.192.253 - - [11/Sep/2023:07:14:11 -0500] "POST /kwsrmcab/Wsrmcab  HTTP/1.1" 200 42865
172.22.2.4 - - [11/Sep/2023:07:12:35 -0500] "HEAD /BLA/boletinlegal/ HTTP/1.1" 200 -
216.245.221.92 - - [11/Sep/2023:07:14:19 -0500] "HEAD / HTTP/1.1" 200 -
172.22.2.4 - - [11/Sep/2023:07:13:26 -0500] "GET /BLA/boletinlegal/ HTTP/1.1" 200 58597
172.22.2.4 - - [11/Sep/2023:07:17:38 -0500] "GET /BLA/boletinlegal/styles2.css HTTP/1.1" 200 1838
172.22.2.4 - - [11/Sep/2023:07:17:38 -0500] "GET /BLA/boletinlegal/normativa.php HTTP/1.1" 200 8343
172.22.2.4 - - [11/Sep/2023:07:17:38 -0500] "GET /BLA/boletinlegal/style.css HTTP/1.1" 200 9406
172.22.2.4 - - [11/Sep/2023:07:17:38 -0500] "GET /BLA/boletinlegal/niceforms.js HTTP/1.1" 200 22876
172.22.2.4 - - [11/Sep/2023:07:17:38 -0500] "GET /BLA/boletinlegal/js/ajax_normativa.js HTTP/1.1" 200 1154
172.22.2.4 - - [11/Sep/2023:07:17:38 -0500] "GET /BLA/boletinlegal/images/cabezote%20BLEGAL.jpg HTTP/1.1" 200 118164
172.22.2.4 - - [11/Sep/2023:07:17:38 -0500] "GET /BLA/boletinlegal/niceforms-default.css HTTP/1.1" 200 6694
172.22.2.4 - - [11/Sep/2023:07:17:38 -0500] "GET /BLA/boletinlegal/images/subscribe-icon-big.png HTTP/1.1" 200 47702
172.22.2.4 - - [11/Sep/2023:07:17:38 -0500] "GET /BLA/boletinlegal/images/historia.png HTTP/1.1" 200 52775
172.22.2.4 - - [11/Sep/2023:07:17:38 -0500] "GET /BLA/boletinlegal/images/registro-usuarios.png HTTP/1.1" 200 8106
172.22.2.4 - - [11/Sep/2023:07:17:38 -0500] "GET /BLA/boletinlegal/images/tel.png HTTP/1.1" 200 14477
172.22.2.4 - - [11/Sep/2023:07:17:38 -0500] "GET /BLA/boletinlegal/images/menu_lft.gif HTTP/1.1" 200 1713
172.22.2.4 - - [11/Sep/2023:07:17:38 -0500] "GET /BLA/boletinlegal/images/menu_rght.gif HTTP/1.1" 200 1627
172.22.2.4 - - [11/Sep/2023:07:17:38 -0500] "GET /BLA/boletinlegal/images/icono-email.png HTTP/1.1" 200 5544
172.22.2.4 - - [11/Sep/2023:07:17:38 -0500] "GET /BLA/boletinlegal/images/body_bg.jpg HTTP/1.1" 200 1601
172.22.2.4 - - [11/Sep/2023:07:17:38 -0500] "GET /BLA/boletinlegal/images/bg_top.jpg HTTP/1.1" 200 522
172.22.2.4 - - [11/Sep/2023:07:17:38 -0500] "GET /BLA/boletinlegal/images/menu_bg.jpg HTTP/1.1" 200 620
172.22.2.4 - - [11/Sep/2023:07:17:38 -0500] "GET /BLA/boletinlegal/images/footer_bg.jpg HTTP/1.1" 200 586
172.22.2.4 - - [11/Sep/2023:07:17:38 -0500] "GET /BLA/boletinlegal/images/text.jpg HTTP/1.1" 200 568
172.22.2.4 - - [11/Sep/2023:07:17:38 -0500] "GET /BLA/boletinlegal/images/hover.jpg HTTP/1.1" 200 640
172.22.2.4 - - [11/Sep/2023:07:17:38 -0500] "GET /BLA/boletinlegal/images/footer_bg_l.jpg HTTP/1.1" 200 776
172.22.2.4 - - [11/Sep/2023:07:17:38 -0500] "GET /BLA/boletinlegal/img/0.png HTTP/1.1" 200 110
172.22.2.4 - - [11/Sep/2023:07:17:38 -0500] "GET /BLA/boletinlegal/img/select-right.png HTTP/1.1" 200 44019
172.22.2.4 - - [11/Sep/2023:07:17:38 -0500] "GET /BLA/boletinlegal/img/select-left.png HTTP/1.1" 200 263
172.22.2.4 - - [11/Sep/2023:07:17:38 -0500] "GET /BLA/boletinlegal/img/button.png HTTP/1.1" 200 43241
172.22.2.4 - - [11/Sep/2023:07:17:38 -0500] "GET /BLA/boletinlegal/img/button-left.png HTTP/1.1" 200 57071
172.22.2.4 - - [11/Sep/2023:07:17:38 -0500] "GET /BLA/boletinlegal/img/button-right.png HTTP/1.1" 200 57878
172.22.2.4 - - [11/Sep/2023:07:17:39 -0500] "GET /BLA/boletinlegal/favicon.ico HTTP/1.1" 404 1334
216.244.66.195 - - [11/Sep/2023:07:17:52 -0500] "GET /BLA/resoluciones/AUTOS%202019/0065.pdf HTTP/1.1" 200 267966
172.22.2.4 - - [11/Sep/2023:07:17:59 -0500] "GET /BLA/boletinlegal/consulta_normativa.php?tipo=Decreto&sector=vertimientos&ano=2022&resuelve= HTTP/1.1" 200 454
172.22.2.4 - - [11/Sep/2023:07:18:04 -0500] "GET /BLA/boletinlegal/consulta_normativa.php?tipo=Decreto&sector=vertimientos&ano=2021&resuelve= HTTP/1.1" 200 454
216.244.66.195 - - [11/Sep/2023:07:18:38 -0500] "GET /BLA/resoluciones/AUTOS%202019/0146.pdf HTTP/1.1" 200 249464
201.245.192.253 - - [11/Sep/2023:07:18:36 -0500] "POST /kwsrmcab/Wsrmcab HTTP/1.1" 200 42609
201.245.192.253 - - [11/Sep/2023:07:18:39 -0500] "POST /kwsrmcab/Wsrmcab HTTP/1.1" 200 41172
201.245.192.253 - - [11/Sep/2023:07:19:10 -0500] "POST /kwsrmcab/Wsrmcab  HTTP/1.1" 200 42865
216.244.66.195 - - [11/Sep/2023:07:19:19 -0500] "GET /BLA/resoluciones/AUTOS%202019/0337.pdf HTTP/1.1" 200 262181
216.245.221.92 - - [11/Sep/2023:07:19:19 -0500] "HEAD / HTTP/1.1" 200 -
216.244.66.195 - - [11/Sep/2023:07:20:02 -0500] "GET /BLA/resoluciones/AUTOS%202019/1046.pdf HTTP/1.1" 200 268187
172.22.2.4 - - [11/Sep/2023:07:18:25 -0500] "HEAD /BLA/boletinlegal/ HTTP/1.1" 200 -
52.167.144.180 - - [11/Sep/2023:07:20:07 -0500] "GET /catalogoisis/imagenes/Header.gif HTTP/1.1" 200 27040
20.15.133.163 - - [11/Sep/2023:07:20:22 -0500] "GET /Publicaciones/2023EE192164.pdf HTTP/1.1" 404 228
216.244.66.195 - - [11/Sep/2023:07:20:51 -0500] "GET /BLA/resoluciones/AUTOS%202019/1340.pdf HTTP/1.1" 200 258544
172.22.2.4 - - [11/Sep/2023:07:19:16 -0500] "GET /BLA/boletinlegal/ HTTP/1.1" 200 60342
216.244.66.195 - - [11/Sep/2023:07:21:43 -0500] "GET /BLA/resoluciones/AUTOS%202019/1441.pdf HTTP/1.1" 200 258896
216.244.66.195 - - [11/Sep/2023:07:22:23 -0500] "GET /BLA/resoluciones/AUTOS%202019/1560.pdf HTTP/1.1" 200 261601
216.244.66.195 - - [11/Sep/2023:07:23:09 -0500] "GET /BLA/resoluciones/AUTOS%202019/1613.pdf HTTP/1.1" 200 268131
216.244.66.195 - - [11/Sep/2023:07:23:59 -0500] "GET /BLA/resoluciones/AUTOS%202019/2159.pdf HTTP/1.1" 200 254767
201.245.192.253 - - [11/Sep/2023:07:24:09 -0500] "POST /kwsrmcab/Wsrmcab  HTTP/1.1" 200 42865
216.245.221.92 - - [11/Sep/2023:07:24:19 -0500] "HEAD / HTTP/1.1" 200 -
216.244.66.195 - - [11/Sep/2023:07:24:40 -0500] "GET /BLA/resoluciones/AUTOS%202019/2453.pdf HTTP/1.1" 200 343845
216.244.66.195 - - [11/Sep/2023:07:25:33 -0500] "GET /BLA/resoluciones/AUTOS%202019/2900.pdf HTTP/1.1" 200 389216
172.22.2.4 - - [11/Sep/2023:07:25:51 -0500] "GET /BLA/boletinlegal/actos.php HTTP/1.1" 200 9682
172.22.2.4 - - [11/Sep/2023:07:25:51 -0500] "GET /BLA/boletinlegal/js/ajax_actos.js HTTP/1.1" 200 1322
172.22.2.4 - - [11/Sep/2023:07:25:51 -0500] "GET /BLA/boletinlegal/niceforms-default.css HTTP/1.1" 200 6694
172.22.2.4 - - [11/Sep/2023:07:25:51 -0500] "GET /BLA/boletinlegal/niceforms.js HTTP/1.1" 200 22876
172.22.2.4 - - [11/Sep/2023:07:25:51 -0500] "GET /BLA/boletinlegal/style.css HTTP/1.1" 200 9406
172.22.2.4 - - [11/Sep/2023:07:25:51 -0500] "GET /BLA/boletinlegal/js/popup.js HTTP/1.1" 200 1270
172.22.2.4 - - [11/Sep/2023:07:25:51 -0500] "GET /BLA/boletinlegal/js/jquery1.js HTTP/1.1" 200 29846
172.22.2.4 - - [11/Sep/2023:07:25:51 -0500] "GET /BLA/boletinlegal/js/lib.js HTTP/1.1" 200 6474
172.22.2.4 - - [11/Sep/2023:07:25:51 -0500] "GET /BLA/boletinlegal/styles2.css HTTP/1.1" 200 1838
172.22.2.4 - - [11/Sep/2023:07:25:51 -0500] "GET /BLA/boletinlegal/images/cabezote%20BLEGAL.jpg HTTP/1.1" 200 118164
172.22.2.4 - - [11/Sep/2023:07:25:51 -0500] "GET /BLA/boletinlegal/images/subscribe-icon-big.png HTTP/1.1" 200 47702
172.22.2.4 - - [11/Sep/2023:07:25:51 -0500] "GET /BLA/boletinlegal/images/historia.png HTTP/1.1" 200 52775
172.22.2.4 - - [11/Sep/2023:07:25:51 -0500] "GET /BLA/boletinlegal/images/registro-usuarios.png HTTP/1.1" 200 8106
172.22.2.4 - - [11/Sep/2023:07:25:51 -0500] "GET /BLA/boletinlegal/images/green-yellow-blue-pink-th.png HTTP/1.1" 200 7394
172.22.2.4 - - [11/Sep/2023:07:25:51 -0500] "GET /BLA/boletinlegal/images/icono-email.png HTTP/1.1" 200 5544
172.22.2.4 - - [11/Sep/2023:07:25:51 -0500] "GET /BLA/boletinlegal/images/tel.png HTTP/1.1" 200 14477
172.22.2.4 - - [11/Sep/2023:07:25:51 -0500] "GET /BLA/boletinlegal/images/body_bg.jpg HTTP/1.1" 200 1601
172.22.2.4 - - [11/Sep/2023:07:25:51 -0500] "GET /BLA/boletinlegal/images/menu_lft.gif HTTP/1.1" 200 1713
172.22.2.4 - - [11/Sep/2023:07:25:51 -0500] "GET /BLA/boletinlegal/images/menu_rght.gif HTTP/1.1" 200 1627
172.22.2.4 - - [11/Sep/2023:07:25:51 -0500] "GET /BLA/boletinlegal/images/bg_top.jpg HTTP/1.1" 200 522
172.22.2.4 - - [11/Sep/2023:07:25:51 -0500] "GET /BLA/boletinlegal/images/hover.jpg HTTP/1.1" 200 640
172.22.2.4 - - [11/Sep/2023:07:25:51 -0500] "GET /BLA/boletinlegal/images/menu_bg.jpg HTTP/1.1" 200 620
172.22.2.4 - - [11/Sep/2023:07:25:51 -0500] "GET /BLA/boletinlegal/images/text.jpg HTTP/1.1" 200 568
172.22.2.4 - - [11/Sep/2023:07:25:51 -0500] "GET /BLA/boletinlegal/images/footer_bg_l.jpg HTTP/1.1" 200 776
172.22.2.4 - - [11/Sep/2023:07:25:51 -0500] "GET /BLA/boletinlegal/images/footer_bg.jpg HTTP/1.1" 200 586
172.22.2.4 - - [11/Sep/2023:07:25:51 -0500] "GET /BLA/boletinlegal/img/0.png HTTP/1.1" 200 110
172.22.2.4 - - [11/Sep/2023:07:25:51 -0500] "GET /BLA/boletinlegal/img/select-left.png HTTP/1.1" 200 263
172.22.2.4 - - [11/Sep/2023:07:25:51 -0500] "GET /BLA/boletinlegal/img/select-right.png HTTP/1.1" 200 44019
172.22.2.4 - - [11/Sep/2023:07:25:51 -0500] "GET /BLA/boletinlegal/img/button-right.png HTTP/1.1" 200 57878
172.22.2.4 - - [11/Sep/2023:07:25:51 -0500] "GET /BLA/boletinlegal/img/button-left.png HTTP/1.1" 200 57071
172.22.2.4 - - [11/Sep/2023:07:25:51 -0500] "GET /BLA/boletinlegal/img/button.png HTTP/1.1" 200 43241
172.22.2.4 - - [11/Sep/2023:07:25:51 -0500] "GET /BLA/boletinlegal/favicon.ico HTTP/1.1" 404 1326
190.69.224.8 - - [11/Sep/2023:07:25:53 -0500] "GET /BLA/resoluciones/ HTTP/1.1" 200 13696
190.69.224.8 - - [11/Sep/2023:07:25:53 -0500] "GET /BLA/resoluciones/dlf/styles.css HTTP/1.1" 200 3049
190.69.224.8 - - [11/Sep/2023:07:25:53 -0500] "GET /BLA/resoluciones/dlf/folder.png HTTP/1.1" 200 410
190.69.224.8 - - [11/Sep/2023:07:25:53 -0500] "GET /BLA/resoluciones/dlf/bg.gif HTTP/1.1" 200 54
190.69.224.8 - - [11/Sep/2023:07:25:53 -0500] "GET /favicon.ico HTTP/1.1" 200 7782
172.22.2.4 - - [11/Sep/2023:07:24:15 -0500] "HEAD /BLA/boletinlegal/ HTTP/1.1" 200 -
216.244.66.195 - - [11/Sep/2023:07:26:13 -0500] "GET /BLA/resoluciones/AUTOS%202019/2918.pdf HTTP/1.1" 200 339188
172.22.2.4 - - [11/Sep/2023:07:25:06 -0500] "GET /BLA/boletinlegal/ HTTP/1.1" 200 60692
216.244.66.195 - - [11/Sep/2023:07:27:03 -0500] "GET /BLA/resoluciones/AUTOS%202019/3105.pdf HTTP/1.1" 200 254485
69.63.184.1 - - [11/Sep/2023:07:27:32 -0500] "GET /monica-fonnegra-una-disenadora-que-inspira-amor-por-la-naturaleza-a-traves-de-la-moda.html HTTP/1.1" 200 976
216.244.66.195 - - [11/Sep/2023:07:27:45 -0500] "GET /BLA/resoluciones/AUTOS%202019/3106.pdf HTTP/1.1" 200 254959
216.244.66.195 - - [11/Sep/2023:07:28:25 -0500] "GET /BLA/resoluciones/AUTOS%202019/3109.pdf HTTP/1.1" 200 255965
201.245.192.253 - - [11/Sep/2023:07:28:36 -0500] "POST /kwsrmcab/Wsrmcab HTTP/1.1" 200 42609
201.245.192.253 - - [11/Sep/2023:07:28:39 -0500] "POST /kwsrmcab/Wsrmcab HTTP/1.1" 200 41172
185.107.13.196 - - [11/Sep/2023:07:28:48 -0500] "HEAD /BLA/resoluciones/RESOLUCIONES%202016/1034.pdf HTTP/1.1" 200 -
185.107.13.196 - - [11/Sep/2023:07:28:48 -0500] "GET /BLA/resoluciones/RESOLUCIONES%202016/1034.pdf HTTP/1.1" 200 265358
216.244.66.195 - - [11/Sep/2023:07:29:08 -0500] "GET /BLA/resoluciones/AUTOS%202019/3428.pdf HTTP/1.1" 200 536856
201.245.192.253 - - [11/Sep/2023:07:29:08 -0500] "POST /kwsrmcab/Wsrmcab  HTTP/1.1" 200 42865
186.102.43.93 - - [11/Sep/2023:07:29:13 -0500] "GET /kwssiamovil/sm/ldap/au?x=U2FsdGVkX1++csCdWSBlFFBGUAWNIHiiLM4a4fjUmmWfx5KTWRG4+6to4dogbWhk&y=U2FsdGVkX187TsOGuZnRMteonBO40//Oy1Zsu6mjp1Hwr5BbW76nqeRflVK0Yj1p HTTP/1.1" 200 31
186.102.43.93 - - [11/Sep/2023:07:29:17 -0500] "GET /kwssiamovil/sm/ldap/au?x=U2FsdGVkX1/dSbOAwYX72jjUA+UwdWfSMVJCaX3wy/X+ZelPG1daPCouXefrCVor&y=U2FsdGVkX1+wD+WsUh53559xQ8Ds+S2gac/3eBPg2l6xmNxU/d0x+QPPv7dezw+7 HTTP/1.1" 200 31
216.245.221.92 - - [11/Sep/2023:07:29:19 -0500] "HEAD / HTTP/1.1" 200 -
186.102.43.93 - - [11/Sep/2023:07:29:29 -0500] "GET /kwssiamovil/sm/ldap/au?x=U2FsdGVkX18r3gPIBi3uUkNxJmLSjVzVC+c6JI0p+d8/v1Vwl8rzkrOMoW3oGwid&y=U2FsdGVkX18il3RgoJGgdlKTHtSkQRt0/j9k4trbiK6ZBJTpZ/Qir5eDlFCwxyYh HTTP/1.1" 200 30
186.102.43.93 - - [11/Sep/2023:07:29:29 -0500] "GET /kwssiamovil/sm/acme/s?s=U2FsdGVkX190Vy7KVYTVLt0/lbBfBa8VtoERjc9IVxvtBD8Z3kpMewpWPVAfALbePszE+AX1RKH3G19ixJld0Ot4AhE+gcilQbLSmcpXaYo=&u=U2FsdGVkX1/Hbvt71aLKUmG4pRPfyFf4b9UmSQyC40E=&y=U2FsdGVkX18il3RgoJGgdlKTHtSkQRt0/j9k4trbiK6ZBJTpZ/Qir5eDlFCwxyYh HTTP/1.1" 200 97
186.102.43.93 - - [11/Sep/2023:07:29:29 -0500] "GET /kwssiamovil/sm/acme/s?s=U2FsdGVkX1+KjYqlIHVGHk+Su2xqU8P7eNwQdI+o2jYCeiuIx6Jfa3rTEdGCsvyiOkyIcRllFh2J6NeV/v92piWhsGDXJDz8wbj9j14MsM3/NSc0Ap9+uNIDoCAfVs0xa0kLow2KoiMRRFSpcnHdePXQLM/yen94M2LcNd0pIbrixw1JaT5i3/Y2NBR005COGn6uzF4oCS1JV3w7ESXlc8nB8Zjq4TsdSArBUzbScIaxNTvw4SclJ9e2sjWnVXyaQCqQ3wWMbBEbvqdQfw+m1+KDoNL4qK9J8yDS+X0jbzMmnCt9tNon7ZUTEi3KgSejswLgyO3zxZfrfs3vLmu8yKA5NHGJAPDunlvvk8IO/UFVqmmsGJxV3hlamNtRLYVwUKCR/TZq99rYioQiSyBfNCMPocZg9jg7uYOIPeyA57dtRYovUFNAlqhSOhV4Fph0zZtaEtxBmO3fdexx4scK7qoQAiIT4qRcQGkrokkLof6YlrrGm4xsviLYdOSxoi9I30Q2ckB+7isVfiSwQytnN3hzcn23BMsqWOdzjeqZFwNOaKyNCl+eclror0sSEDgyBnsCs5x/LdULxDyVp4xn6AfUR1wuen/AWvSO0di0/bGvgyFDcpygdgEjY75Iax69Ae8HRlL0SW7AHZmCao/rtgBbKWsUDRyK9EcUtguYDAKPp45jZXRC1HMr7HnCszujwqhk8OwjMtU3qaOz7PWqm+jnXu+h+I07+nq2blhOmkhXjjZtPoO060K0WwR6RQUxr7ef75sxyeBexUa9QyF2BWp6gp9ghNsIaUcStKJJvbwpoHKwuKhqMOFLPlPeaOOVXgD9yNDe6TkiZ/Osq61evBiRKu+1kpUJqKziBaDW6EJ7VXKg+nIa6klGi1n5ngWjCc41/wAeiiMY+k3CWAyi+zEHKQjAlrI3NgsPOmpHjJv7NKErDPvLo7TP+cdhFJoJnCIth+4ZjdzMVHEmAREAdsNT5P9PQ/JaA9GCJ3vaOJqsaHJb5MULr8YILoyyCSDt6vpdJpGb8lgsmO/bSL4VpQ/t/mQXUSWaVaduDmFr1vmAB7iJPz6CdB6H6xUeNMnpAqsk13NLVUXshEO+/zvQZTdUeO+bmb+xdbtTLQkmwJ38cgC0uST8rKrF1wbviFIx1dOYj4macQnNNECcSvAdddzmW7Hqd5qGM7wqeWXN3M+iZ6ScO6GOMD0Ks9/ZcMfarCS4uunrVePRZpiJVqT22mBtYChER//L/8Cmj84hfi4AfE9Bcw4z0OIr4dD9u6aYC9oVVXatpjsrfhVhc/sdo54TutfLUC1Bkq1P0tOgkFrCqmhRngCYYm4G7wkfHaf+Gx01rOTOJoE78v6r26xZyci0zxA3sP53G+UpGWWQr57AKi4kRL4boSRk82AD7xMsT6UDezBXSuYIEVPfURtxajirkek6z/wJjkK1qLONkzjc2kVscdg+aesaGRy1jfOcQLTiVnzKPFAkF/AZdpCRPZe/elBQ6vGzL1oIoe2bDFOIgGse9N/OohAyLLipbHiA82eqOs/S2Gpt+OMUSYqAliW9r9KhzXo/YZWWHGEdrcRpT6wdXmt5nseajF/tjEOnctr3Xc4E1jkyukmn99VlGQFXzyshmJfMYtFj4FOLRPO4SZ3Fd8cd33ksKvd5FGAXu4PiibHalEm1hj97sc3JZ8gkAr5vxR2CpNFejx0t9EGpLKDWRhqvlc5EeHg1AxBZcSz93rNmSz8SGT9nqCwbX87MGR4gXXXOj3TbiI+l4+g=&u=U2FsdGVkX1/Hbvt71aLKUmG4pRPfyFf4b9UmSQyC40E=&y=U2FsdGVkX18il3RgoJGgdlKTHtSkQRt0/j9k4trbiK6ZBJTpZ/Qir5eDlFCwxyYh HTTP/1.1" 200 5403
186.102.43.93 - - [11/Sep/2023:07:29:30 -0500] "GET /kwssiamovil/sm/acme/s?s=U2FsdGVkX18QPVUF+zaL8+m8YMEDC0NC1mGQxsSIMazmVCYIj1CqFDQY/E6/cE9EzUyu6Y223//1fWQ3RN3K5Pk2FlgmeMTuv5wVImhugCAuQwbHP7QCTKfMCb8HGw6GGoe++0ME3l7OSHuiDVwOVmNARvoUGmLhwpeG+4n6uBHaPLlprhDGI9lWrVGi+rJ6lWlnfWThJaolTcESMfU7hJ7fJP8WefR5enHkBe9f/44NyikaXJMuewR45n1GVDcnp3EKU8rRuLDXTxyHB3iDZNsonlPbV7jI6H4pxB7DqVq+VCjVGXijo9ePwI7SwzR/KBB94CTA9kywNOYGMR7j7wiufotMUtimy2Lplg9UvF7uG9AuQJ3+G72cA8e12xQcCTurU2ernUZ7f8+lKh23Zs6wDGhJEYd/hb4Te/u+oGWMacrSc+NM8tO2cH8/lP71QC2Hj5Gw1jkeSltggQF0dic3fmrO/EawQuN0QveIQGvJ6Aid65LYTeukEWR32t7XeYAKAs5LhHKMiQStv+QGUtInkEAjJ85ar8wC3VIS7sG+AZ1YM68lgCNc8iMeOvkr0V7igYJMqqQCB0LGM3iIhN1wy01LHXoD0g/VYcB4lby8mBjb8N7c+dMhIEzLCAsBbwZOuNhYWlLCb8oIErOqPbHuJkWesSt5mkKEjrQKaojo4FI7ll0cXdAkJwnrc5Z7ufhBW68fz3+irFbnzHQsjNPcn5SZdozddb2e4cFQMYeePcoRrP+NRdUixlaNeUVR&u=U2FsdGVkX1/Hbvt71aLKUmG4pRPfyFf4b9UmSQyC40E=&y=U2FsdGVkX18il3RgoJGgdlKTHtSkQRt0/j9k4trbiK6ZBJTpZ/Qir5eDlFCwxyYh HTTP/1.1" 200 208
186.102.43.93 - - [11/Sep/2023:07:29:30 -0500] "GET /kwssiamovil/sm/cjson/pre?f=1&x=U2FsdGVkX18r3gPIBi3uUkNxJmLSjVzVC+c6JI0p+d8/v1Vwl8rzkrOMoW3oGwid HTTP/1.1" 200 31032
52.167.144.56 - - [11/Sep/2023:07:29:54 -0500] "GET /robots.txt HTTP/1.1" 404 1032
216.244.66.195 - - [11/Sep/2023:07:29:58 -0500] "GET /BLA/resoluciones/AUTOS%202019/4151.pdf HTTP/1.1" 200 282222
40.77.167.30 - - [11/Sep/2023:07:30:01 -0500] "GET / HTTP/1.1" 200 319
69.63.184.117 - - [11/Sep/2023:07:30:10 -0500] "GET /abierta-convocatoria-para-postular-a-organizaciones-que-desarrollan-actividades-de-voluntariado-ambiental-en-bogota.html HTTP/1.1" 200 880
69.63.184.116 - - [11/Sep/2023:07:30:11 -0500] "GET /abierta-convocatoria-para-postular-a-organizaciones-que-desarrollan-actividades-de-voluntariado-ambiental-en-bogota.html HTTP/1.1" 200 880
186.28.117.190 - - [11/Sep/2023:07:30:16 -0500] "GET /BLA/resoluciones/AUTOS%202018/1037.pdf HTTP/1.1" 200 250668
216.244.66.195 - - [11/Sep/2023:07:30:41 -0500] "GET /BLA/resoluciones/AUTOS%202019/4222.pdf HTTP/1.1" 200 237068
216.244.66.195 - - [11/Sep/2023:07:31:16 -0500] "GET /BLA/resoluciones/AUTOS%202019/4453.pdf HTTP/1.1" 200 271552
172.22.2.4 - - [11/Sep/2023:07:30:05 -0500] "HEAD /BLA/boletinlegal/ HTTP/1.1" 200 -
216.244.66.195 - - [11/Sep/2023:07:31:48 -0500] "GET /BLA/resoluciones/RESOLUCIONES%202018/2685.pdf HTTP/1.1" 200 296809
52.167.144.173 - - [11/Sep/2023:07:32:18 -0500] "GET /BLA/resoluciones/AUTOS%202021/5412.pdf HTTP/1.1" 304 -
216.244.66.195 - - [11/Sep/2023:07:32:25 -0500] "GET /BLA/resoluciones/RESOLUCIONES%202018/2698.pdf HTTP/1.1" 200 288044
172.22.2.4 - - [11/Sep/2023:07:30:56 -0500] "GET /BLA/boletinlegal/ HTTP/1.1" 200 60692
216.244.66.195 - - [11/Sep/2023:07:32:59 -0500] "GET /BLA/resoluciones/RESOLUCIONES%202018/2729.pdf HTTP/1.1" 200 357923
216.244.66.195 - - [11/Sep/2023:07:33:43 -0500] "GET /BLA/resoluciones/RESOLUCIONES%202018/4035.pdf HTTP/1.1" 200 272452
201.245.192.253 - - [11/Sep/2023:07:34:07 -0500] "POST /kwsrmcab/Wsrmcab  HTTP/1.1" 200 42865
186.102.39.111 - - [11/Sep/2023:07:34:14 -0500] "GET /kwssiamovil/sm/ldap/au?x=U2FsdGVkX19GdvZ2pyxMn/okw2wu8tsMKIFQc+gKbPoYAUKvlYW1X8EJ+Gi0S6F/&y=U2FsdGVkX1+HZMTfcQNAsswvFET5jXfwauhIaOu/+NPGfLry9oISmAV7PYGnHwcI HTTP/1.1" 200 31
216.244.66.195 - - [11/Sep/2023:07:34:18 -0500] "GET /BLA/resoluciones/RESOLUCIONES%202018/4071.pdf HTTP/1.1" 200 380783
216.245.221.92 - - [11/Sep/2023:07:34:19 -0500] "HEAD / HTTP/1.1" 200 -
186.102.39.111 - - [11/Sep/2023:07:34:25 -0500] "GET /kwssiamovil/sm/ldap/au?x=U2FsdGVkX1+DMkf0OmiQ6tPIr1XgK1m3scgXsKvKBjoWv74nmChGGOlmoRRxbztX0ZEuE+0HEEF5flsnfNOHog==&y=U2FsdGVkX18xmn779k9B5b+LOyUoME0NHQnTjG3A066CpMBOpHzTYuz2rM6RtrYq HTTP/1.1" 200 31
186.102.39.111 - - [11/Sep/2023:07:34:32 -0500] "GET /kwssiamovil/sm/ldap/au?x=U2FsdGVkX18xN5JlT9q/AaVQFw2pG7iabfq/c71BQhPrMZuC4y0wHBjRg14JC4dswX5kaeddhn//2H7bvZwD9A==&y=U2FsdGVkX1/13bnZF5ZzqqI4EI0lOJtMm+Pa7bcHcPsVGpCFA63MVmRX7HdkLs75 HTTP/1.1" 200 30
186.102.39.111 - - [11/Sep/2023:07:34:32 -0500] "GET /kwssiamovil/sm/acme/s?s=U2FsdGVkX18ppTkxUfZh0OPj7R56PMv+X5xhS6sPf5iG8c+we5uEHYUQj1FSITd7uMTvf7IWtEiSXUtjfZSBTJv0Q7touM1NDhQpqfrxhxM=&u=U2FsdGVkX18jfXJEPB9MZo5HudgcZfCA7RsgYnDAaMlisHjhdUKUXvT8AadvBX+r&y=U2FsdGVkX1/13bnZF5ZzqqI4EI0lOJtMm+Pa7bcHcPsVGpCFA63MVmRX7HdkLs75 HTTP/1.1" 200 97
186.102.39.111 - - [11/Sep/2023:07:34:32 -0500] "GET /kwssiamovil/sm/acme/s?s=U2FsdGVkX1+Xx6ebC3ptgZtUyCiaXXqZHNEff4sq6dXt/IRY12DKvtN6pkhkPQ2u825wEoG/hh7wEiL9SWARNE9PkdTnbrCRKZODGHN003HgY1IsecgLRlcdNJYfx6FITRhjwlnfJHQdHdTwcP9UcAw8qaDcqZ+DgcYx3ferPhhwrXUXfqGZdiiQ+s5xKVpStIu3BgIdeor1N4oPMOIuzBJH7upydLdQFYLSSzwZksl5/hRDT61uwxkriAeQecpZ+F2dCjsd3t704QnwR4CwShQ1D9Ih6wIiGZmTEUl0WZ25CvuscLR0+cL25EEsKpn+AQuBBMWJ7oDkZoTHXKwDuQEnz4wMY8UPsn2x07E6y8xaF4+83zcNYz2dUA73wIX2zsIe2zdn2hfPLg3mxMh4yISCt4qxH0uP/nWKXEflpUdQpwBYyhbZFwRahgFlUO8uq4LkyqK5A0AvvD+zjFSF0sAf9Eb9pM/3zOnN35UrVtxTER6OSppMxW8blelQkaHDcG8RFvB2d5f8kB326rItLgE8wDQl1c/5wgsczDepJVh/8VCqyAQ1wj/+n5w2X2KJtDLg3NGlSQyJYTGCk6u8N+Ct2NnrKL3nPkgC5qOuPrGJLEgSSR/+1z+go9qrP4/aebI+jw49l8+9wQrq9VmBi/No2kVoSSBeRk2MkjVHjoC6FATyWvM6tSNWCuAGLnyUiuYfIvWzcZQMRUGGynsxKqomOV+rrK/XjG+lyaMrqHL7qY5sH8sshKfdyfyI2uoYitQdhz3RDGaIEmKA6gfMUzkUY7qHqXT445LE04UGB1Mk2mEECBX18OHtmW/fxf9myuCtEFCgNftWSmW/6DyT1Fojqcj5fgsO0pWnJPSDvur+nUPFEy9i1esb+g0mB4My8z9SObNn1Lphz1Sh7dkgv30pDSgCf6QVRQQvENh7g1bKl9JwtvqvjUhpANCgU9VY2OcjPJj4ZiWO4AH7dBy1GppFS5hEKSOurT6yNSJJxXfJcOmUwLD2qyf/60n72NEbGMVw9JykEkgluTAOMKtdCdQVv1hW3Un4CXCTRdluWiyGtWGkxS2vpGNAMdUXSY9XWt/5Ksc20RMlSPD4TLkUyQF8VXK7EU6DM0RWV1s8dAQnXwRhU1LDJXPu4KCcNm/vJKcTXchjI+mYpWUm/OvSD2ewe67pmsODAWidMhhYk3umiNwYlEkUZlYqV8DrugaVykWzbSIzIlqoEXrM+c3orn+zjRCxblptEyWTuwal3+5RzyaCG/TF3SLIwTXt9+Rd5JNZ9hzb3HHkv0m/vAJIG5bu070tzINqS5/qF0/JakdPxtKK9sxCNcbW4TumEkLFKa9XsFZCpa2RUaC6d0mRDwCu3LrRSw6oxsrwFJ3VMQDm1mIx6YK29+PkguGmLRcZ01DIdXS19X8gxjI/cNp59uFAD7dXce2FtCjMli5sgE2Y+rkSyygVM52EO+dVkxVQi8nOAXyeizNgUUxMWidvdt/xmSiFH0VQzOvZiA0pUXnhvIimEAjRaZwhAg/C+KamIk2Um1b4Gs39FgbPa2Er8elREOq4gjrGxnAUz85Dcf+z263Ykv8cP8xcSqYdmg5nOy8QUAofbvossFGqnl3p0iNh3B4dql3f90keTsxGpspJCf+fbvCeqsrhRWNNMvJn502y6ivFVpuww4Hg3KaMVibBzerCmL+Q5+zBY5cIENRILx7E/n7Vo6IJp70vJJsaeaLQQNDJCe8jdor1mjpa0z/6uK5U1ZxMWpwCC2X56vpsR/sz0ezMKPS6TBNe5E8S&u=U2FsdGVkX18jfXJEPB9MZo5HudgcZfCA7RsgYnDAaMlisHjhdUKUXvT8AadvBX+r&y=U2FsdGVkX1/13bnZF5ZzqqI4EI0lOJtMm+Pa7bcHcPsVGpCFA63MVmRX7HdkLs75 HTTP/1.1" 200 536
186.102.39.111 - - [11/Sep/2023:07:34:32 -0500] "GET /kwssiamovil/sm/acme/s?s=U2FsdGVkX1/ErQH/RyztYoTNK4bD4JqTj9W4snzIap+pcSR5IAVgqi/MqZ9OU/XZIbXYFmPC0UeRyDL4EUGuILhQbXk1gngCWygcTt25FKsJN9JhB30KrPMC8y+crvGTfKfpVXxcXQbQGVdx8Nm7eQapmC94CvNdcx3TMenihJ/Hbo8Pn8+mEoUVjHU2eWzPPBfPqAy1rbVxXJqwme8hQQKKKrqEcUG94IjvNupGc0U/IhTcrZe8DYvKUfUGJ9TQ/zc19nCe9tIpn0O+QmAHkOPJZxDoLkMpNewwQNeRQE0DH7SpCC/acbf2n8wDTYiqjR9lmOc+B0psmSuZEVExHrtSojU4r2KZTdb5bos/VoT9mEVhMG7UlTW8sjRrqlUcx7itrHzexh0lq7TATSEaqQ7r1bXz1PPNzEG60yG7tSVRX96VTJquHZLhFTpE0ngAzi1PtzQyq4aWVnRHl176cs9PYPhULzz70b6DzTAmj3JBYCLpabr6I4XeG8hF8QBStzJ0hzGDN6GD6H5jRTGYv8fZ/DWfYi5loq1DwlpeVmLX7moYbpTAElFyExCfYqbIaQ+1YEQGzNHrrmg8APJE9YWQqwz7uNSxOIS4LZhTH42CtWBlBKkk4KKa3QgFDbofhigdd8bfhvnnxowo2XX6L8w58EoONX23+M9xWGbhYh05DmFsM4EHWacJz7/e/Zk+dj3EGcrqYHpM5gr59zlKWeJB31YeLENo1qY3C0dG+KV9oFi3sXZ3GGGFK33gf2fcFUOL41kJu2P3DIn8GsCtNw==&u=U2FsdGVkX18jfXJEPB9MZo5HudgcZfCA7RsgYnDAaMlisHjhdUKUXvT8AadvBX+r&y=U2FsdGVkX1/13bnZF5ZzqqI4EI0lOJtMm+Pa7bcHcPsVGpCFA63MVmRX7HdkLs75 HTTP/1.1" 200 352
186.102.39.111 - - [11/Sep/2023:07:34:32 -0500] "GET /kwssiamovil/sm/cjson/pre?f=9&x=U2FsdGVkX18xN5JlT9q/AaVQFw2pG7iabfq/c71BQhPrMZuC4y0wHBjRg14JC4dswX5kaeddhn//2H7bvZwD9A== HTTP/1.1" 200 25142
186.102.39.111 - - [11/Sep/2023:07:34:32 -0500] "GET /kwssiamovil/sm/cjson/pre?f=18&x=U2FsdGVkX18xN5JlT9q/AaVQFw2pG7iabfq/c71BQhPrMZuC4y0wHBjRg14JC4dswX5kaeddhn//2H7bvZwD9A== HTTP/1.1" 200 32849
216.244.66.195 - - [11/Sep/2023:07:35:00 -0500] "GET /BLA/resoluciones/AUTOS%202015/1100.pdf HTTP/1.1" 200 2549609
216.244.66.195 - - [11/Sep/2023:07:35:51 -0500] "GET /BLA/resoluciones/AUTOS%202015/3616.pdf HTTP/1.1" 200 503639
173.252.79.118 - - [11/Sep/2023:07:36:07 -0500] "GET /images/peces-terminal-salitre.jpg HTTP/1.1" 200 22885
31.13.115.120 - - [11/Sep/2023:07:36:08 -0500] "GET /recuperados-en-la-terminal-el-salitre-102-peces-que-eran-movilizados-ilegalmente-desde-el-caribe-colombiano.html HTTP/1.1" 200 773
216.244.66.195 - - [11/Sep/2023:07:36:34 -0500] "GET /BLA/resoluciones/AUTOS%202017/2456.pdf HTTP/1.1" 200 278895
216.244.66.195 - - [11/Sep/2023:07:37:07 -0500] "GET /BLA/resoluciones/AUTOS%202017/2826.pdf HTTP/1.1" 200 333997
172.22.2.4 - - [11/Sep/2023:07:35:55 -0500] "HEAD /BLA/boletinlegal/ HTTP/1.1" 200 -
216.244.66.195 - - [11/Sep/2023:07:37:56 -0500] "GET /BLA/resoluciones/AUTOS%202018/0058.pdf HTTP/1.1" 200 326836
201.245.192.253 - - [11/Sep/2023:07:38:09 -0500] "POST /sipse/faces/presentacion/financiero/solicitudProceso/listarSolicitudProceso.xhtml HTTP/1.1" 200 25229
201.245.192.253 - - [11/Sep/2023:07:38:09 -0500] "POST /sipse/faces/presentacion/financiero/solicitudProceso/listarSolicitudProceso.xhtml HTTP/1.1" 200 25229
201.245.192.253 - - [11/Sep/2023:07:38:09 -0500] "POST /sipse/faces/presentacion/financiero/solicitudProceso/listarSolicitudProceso.xhtml HTTP/1.1" 200 1376
201.245.192.253 - - [11/Sep/2023:07:38:09 -0500] "POST /sipse/faces/presentacion/financiero/solicitudProceso/listarSolicitudProceso.xhtml HTTP/1.1" 200 1380
201.245.192.253 - - [11/Sep/2023:07:38:14 -0500] "POST /sipse/faces/presentacion/financiero/solicitudProceso/listarSolicitudProceso.xhtml HTTP/1.1" 200 911
201.245.192.253 - - [11/Sep/2023:07:38:16 -0500] "GET /sipse/faces/faces/faces/autenticacion HTTP/1.1" 302 -
201.245.192.253 - - [11/Sep/2023:07:38:16 -0500] "GET /sipse/faces/autenticacion.xhtml HTTP/1.1" 200 12174
201.245.192.253 - - [11/Sep/2023:07:38:16 -0500] "GET /sipse/faces/javax.faces.resource/theme.css?ln=primefaces-sipse HTTP/1.1" 304 -
201.245.192.253 - - [11/Sep/2023:07:38:16 -0500] "GET /sipse/faces/javax.faces.resource/primefaces.css?ln=primefaces&v=4.0 HTTP/1.1" 304 -
201.245.192.253 - - [11/Sep/2023:07:38:16 -0500] "GET /sipse/faces/javax.faces.resource/layout/layout.css?ln=primefaces&v=4.0 HTTP/1.1" 304 -
201.245.192.253 - - [11/Sep/2023:07:38:16 -0500] "GET /sipse/faces/javax.faces.resource/jquery/jquery-plugins.js?ln=primefaces&v=4.0 HTTP/1.1" 304 -
201.245.192.253 - - [11/Sep/2023:07:38:16 -0500] "GET /sipse/faces/javax.faces.resource/jquery/jquery.js?ln=primefaces&v=4.0 HTTP/1.1" 304 -
201.245.192.253 - - [11/Sep/2023:07:38:16 -0500] "GET /sipse/faces/javax.faces.resource/primefaces.js?ln=primefaces&v=4.0 HTTP/1.1" 304 -
201.245.192.253 - - [11/Sep/2023:07:38:16 -0500] "GET /sipse/faces/javax.faces.resource/layout/layout.js?ln=primefaces&v=4.0 HTTP/1.1" 304 -
201.245.192.253 - - [11/Sep/2023:07:38:16 -0500] "GET /sipse/faces/javax.faces.resource/images/ui-icons_898989_256x240.png?ln=primefaces-aristo HTTP/1.1" 304 -
201.245.192.253 - - [11/Sep/2023:07:38:20 -0500] "POST /sipse/faces/autenticacion.xhtml HTTP/1.1" 200 11372
201.245.192.253 - - [11/Sep/2023:07:38:20 -0500] "GET /sipse/faces/javax.faces.resource/primefaces.css?ln=primefaces&v=4.0 HTTP/1.1" 304 -
201.245.192.253 - - [11/Sep/2023:07:38:20 -0500] "GET /sipse/faces/javax.faces.resource/theme.css?ln=primefaces-sipse HTTP/1.1" 304 -
201.245.192.253 - - [11/Sep/2023:07:38:20 -0500] "GET /sipse/faces/javax.faces.resource/layout/layout.css?ln=primefaces&v=4.0 HTTP/1.1" 304 -
