!C99Shell v. 1.0 pre-release build #13!

Software: Apache. PHP/5.5.15 

uname -a: Windows NT SVR-DMZ 6.1 build 7600 (Windows Server 2008 R2 Enterprise Edition) i586 

SYSTEM 

Safe-mode: OFF (not secure)

E:\nuevo\apache\logs\   drwxrwxrwx
Free 7.33 GB of 239.26 GB (3.07%)
Detected drives: [ a ] [ c ] [ d ] [ e ] [ f ]
Home    Back    Forward    UPDIR    Refresh    Search    Buffer    Encoder    Tools    Proc.    FTP brute    Sec.    SQL    PHP-code    Update    Feedback    Self remove    Logout    


Viewing file:     access.2023.09.11.log (2.86 MB)      -rw-rw-rw-
Select action/file-type:
(+) | (+) | (+) | Code (+) | Session (+) | (+) | SDB (+) | (+) | (+) | (+) | (+) | (+) |
216.244.66.195 - - [11/Sep/2023:00:00:17 -0500] "GET /BLA/resoluciones/AUTOS%202016/1594.pdf HTTP/1.1" 200 309203
201.245.192.253 - - [11/Sep/2023:00:00:38 -0500] "POST /kwsrmcab/Wsrmcab  HTTP/1.1" 200 42865
172.22.2.4 - - [11/Sep/2023:00:00:11 -0500] "GET /BLA/boletinlegal/ HTTP/1.1" 200 57323
172.22.2.4 - - [11/Sep/2023:00:00:53 -0500] "HEAD /BLA/boletinlegal/ HTTP/1.1" 200 -
216.244.66.195 - - [11/Sep/2023:00:02:40 -0500] "GET /BLA/resoluciones/RESOLUCIONES%202001/1403.pdf HTTP/1.1" 200 6360611
199.47.82.20 - - [11/Sep/2023:00:03:09 -0500] "GET /robots.txt HTTP/1.1" 404 1034
199.47.82.20 - - [11/Sep/2023:00:03:10 -0500] "GET /caminatas-ecologicas-en-bogota-inscribete-y-participa-en-los-recorridos-de-abril.html HTTP/1.1" 304 -
199.47.82.20 - - [11/Sep/2023:00:03:10 -0500] "GET /cooperacion-internacional-postulate-para-la-coordinacion-ambiental-de-proyecto-con-la-union-europea-avantia.html HTTP/1.1" 304 -
199.47.82.20 - - [11/Sep/2023:00:03:11 -0500] "GET /dia-mundial-del-agua-2023-programate-para-participar-en-estas-actividades-de-educacion-ambiental.html HTTP/1.1" 304 -
199.47.82.20 - - [11/Sep/2023:00:03:11 -0500] "GET /dia-mundial-del-reciclaje-residuos-especiales-y-peligrosos-deben-ser-dispuestos-en-puntos-autorizados.html HTTP/1.1" 304 -
199.47.82.20 - - [11/Sep/2023:00:03:12 -0500] "GET /mujeres-que-reverdecen-secretaria-de-ambiente-anuncia-el-inicio-de-la-tercera-fase.html HTTP/1.1" 304 -
199.47.82.20 - - [11/Sep/2023:00:03:12 -0500] "GET /pagos-por-servicios-ambientales-hidricos-una-iniciativa-para-la-conservacion-de-este-recurso.html HTTP/1.1" 304 -
199.47.82.20 - - [11/Sep/2023:00:03:13 -0500] "GET /reciclaton-universidad-de-la-salle-se-une-a-esta-iniciativa.html HTTP/1.1" 200 753
199.47.82.20 - - [11/Sep/2023:00:03:13 -0500] "GET /secretaria-de-ambiente-rinde-cuentas-este-viernes-31-de-marzo.html HTTP/1.1" 304 -
199.47.82.20 - - [11/Sep/2023:00:03:14 -0500] "GET /te-contamos-como-instalar-un-contenedor-para-baterias-de-litio-en-tu-establecimiento.html HTTP/1.1" 304 -
172.22.2.4 - - [11/Sep/2023:00:01:44 -0500] "GET /BLA/boletinlegal/ HTTP/1.1" 200 43133
216.244.66.195 - - [11/Sep/2023:00:03:34 -0500] "GET /BLA/resoluciones/RESOLUCIONES%202016/0408.docx HTTP/1.1" 200 198714
172.22.2.4 - - [11/Sep/2023:00:02:05 -0500] "GET /BLA/boletinlegal/ HTTP/1.1" 200 42736
172.22.2.4 - - [11/Sep/2023:00:02:19 -0500] "GET /BLA/boletinlegal/ HTTP/1.1" 200 46180
216.244.66.195 - - [11/Sep/2023:00:04:15 -0500] "GET /BLA/resoluciones/RESOLUCIONES%202016/0651.pdf HTTP/1.1" 200 716757
216.245.221.92 - - [11/Sep/2023:00:04:20 -0500] "HEAD / HTTP/1.1" 200 -
216.244.66.195 - - [11/Sep/2023:00:05:05 -0500] "GET /BLA/resoluciones/RESOLUCIONES%202016/2430.pdf HTTP/1.1" 200 360688
40.77.167.79 - - [11/Sep/2023:00:05:33 -0500] "GET /BLA/resoluciones/Notificaciones/REGISTROS%202020/0301.pdf HTTP/1.1" 200 262443
201.245.192.253 - - [11/Sep/2023:00:05:36 -0500] "POST /kwsrmcab/Wsrmcab  HTTP/1.1" 200 42865
216.244.66.195 - - [11/Sep/2023:00:05:55 -0500] "GET /BLA/resoluciones/RESOLUCIONES%202016/2465.pdf HTTP/1.1" 200 370895
216.244.66.195 - - [11/Sep/2023:00:06:45 -0500] "GET /BLA/resoluciones/RESOLUCIONES%202017/2438.pdf HTTP/1.1" 200 381047
216.244.66.195 - - [11/Sep/2023:00:07:35 -0500] "GET /BLA/resoluciones/RESOLUCIONES%202017/2464.pdf HTTP/1.1" 200 277447
216.244.66.195 - - [11/Sep/2023:00:08:17 -0500] "GET /BLA/resoluciones/RESOLUCIONES%202017/2872.pdf HTTP/1.1" 200 299259
172.22.2.4 - - [11/Sep/2023:00:06:43 -0500] "HEAD /BLA/boletinlegal/ HTTP/1.1" 200 -
216.244.66.195 - - [11/Sep/2023:00:09:07 -0500] "GET /BLA/resoluciones/RESOLUCIONES%202017/2883.pdf HTTP/1.1" 200 329871
172.22.2.4 - - [11/Sep/2023:00:07:34 -0500] "GET /BLA/boletinlegal/ HTTP/1.1" 200 60692
186.102.89.238 - - [11/Sep/2023:00:09:17 -0500] "-" 408 -
216.245.221.92 - - [11/Sep/2023:00:09:20 -0500] "HEAD / HTTP/1.1" 200 -
216.244.66.195 - - [11/Sep/2023:00:09:47 -0500] "GET /BLA/resoluciones/RESOLUCIONES%202019/0168.pdf HTTP/1.1" 200 353901
216.244.66.195 - - [11/Sep/2023:00:10:37 -0500] "GET /BLA/resoluciones/RESOLUCIONES%202019/0879.pdf HTTP/1.1" 200 334746
201.245.192.253 - - [11/Sep/2023:00:10:35 -0500] "POST /kwsrmcab/Wsrmcab  HTTP/1.1" 200 42865
216.244.66.195 - - [11/Sep/2023:00:11:25 -0500] "GET /BLA/resoluciones/RESOLUCIONES%202019/1077.pdf HTTP/1.1" 200 285419
216.244.66.195 - - [11/Sep/2023:00:12:10 -0500] "GET /BLA/resoluciones/RESOLUCIONES%202019/1282.pdf HTTP/1.1" 200 926714
66.249.66.206 - - [11/Sep/2023:00:12:31 -0500] "GET /robots.txt HTTP/1.1" 404 1043
66.249.66.205 - - [11/Sep/2023:00:12:31 -0500] "GET /BLA/boletinlegal/Directivas/2017/Directiva%20No.%2001%20del%2027%20de%20Junio%20de%202018.pdf HTTP/1.1" 304 -
172.22.2.4 - - [11/Sep/2023:00:11:11 -0500] "GET /BLA/boletinlegal/ HTTP/1.1" 200 61130
172.22.2.4 - - [11/Sep/2023:00:12:58 -0500] "GET /BLA/boletinlegal/login.php HTTP/1.1" 404 1186
216.244.66.195 - - [11/Sep/2023:00:13:00 -0500] "GET /BLA/resoluciones/RESOLUCIONES%202019/1539.pdf HTTP/1.1" 200 359735
216.244.66.195 - - [11/Sep/2023:00:13:43 -0500] "GET /BLA/resoluciones/RESOLUCIONES%202019/1995.pdf HTTP/1.1" 200 282714
52.167.144.108 - - [11/Sep/2023:00:13:50 -0500] "GET /BLA/resoluciones/RESOLUCIONES%202022/4347.pdf HTTP/1.1" 200 553034
201.245.192.253 - - [11/Sep/2023:00:14:10 -0500] "POST /sipse/faces/presentacion/sistema/reporte/listarReportes.xhtml HTTP/1.1" 200 27663
201.245.192.253 - - [11/Sep/2023:00:14:10 -0500] "POST /sipse/faces/presentacion/sistema/reporte/listarReportes.xhtml HTTP/1.1" 200 27663
201.245.192.253 - - [11/Sep/2023:00:14:11 -0500] "POST /sipse/faces/presentacion/sistema/reporte/listarReportes.xhtml HTTP/1.1" 200 31569
201.245.192.253 - - [11/Sep/2023:00:14:11 -0500] "POST /sipse/faces/presentacion/sistema/reporte/listarReportes.xhtml HTTP/1.1" 200 31569
172.22.2.4 - - [11/Sep/2023:00:12:33 -0500] "HEAD /BLA/boletinlegal/ HTTP/1.1" 200 -
216.245.221.92 - - [11/Sep/2023:00:14:20 -0500] "HEAD / HTTP/1.1" 200 -
201.245.192.253 - - [11/Sep/2023:00:14:24 -0500] "POST /sipse/faces/presentacion/sistema/reporte/listarReportes.xhtml HTTP/1.1" 200 27532
201.245.192.253 - - [11/Sep/2023:00:14:24 -0500] "POST /sipse/faces/presentacion/sistema/reporte/listarReportes.xhtml HTTP/1.1" 200 27532
216.244.66.195 - - [11/Sep/2023:00:14:25 -0500] "GET /BLA/resoluciones/RESOLUCIONES%202019/2124.pdf HTTP/1.1" 200 289733
152.61.192.232 - - [11/Sep/2023:00:14:45 -0500] "GET / HTTP/1.1" 200 319
172.22.2.4 - - [11/Sep/2023:00:13:24 -0500] "GET /BLA/boletinlegal/ HTTP/1.1" 200 58597
216.244.66.195 - - [11/Sep/2023:00:15:11 -0500] "GET /BLA/resoluciones/RESOLUCIONES%202019/2139.pdf HTTP/1.1" 200 306970
201.245.192.253 - - [11/Sep/2023:00:15:34 -0500] "POST /kwsrmcab/Wsrmcab  HTTP/1.1" 200 42865
216.244.66.195 - - [11/Sep/2023:00:15:46 -0500] "GET /BLA/resoluciones/RESOLUCIONES%202019/2171.pdf HTTP/1.1" 200 264238
201.245.192.253 - - [11/Sep/2023:00:16:04 -0500] "POST /sipse/faces/presentacion/sistema/reporte/listarReportes.xhtml HTTP/1.1" 200 29614
201.245.192.253 - - [11/Sep/2023:00:16:04 -0500] "POST /sipse/faces/presentacion/sistema/reporte/listarReportes.xhtml HTTP/1.1" 200 29614
201.245.192.253 - - [11/Sep/2023:00:16:06 -0500] "POST /sipse/faces/presentacion/sistema/reporte/listarReportes.xhtml HTTP/1.1" 200 27532
201.245.192.253 - - [11/Sep/2023:00:16:07 -0500] "POST /sipse/faces/presentacion/sistema/reporte/listarReportes.xhtml HTTP/1.1" 200 27532
216.244.66.195 - - [11/Sep/2023:00:16:26 -0500] "GET /BLA/resoluciones/RESOLUCIONES%202019/3333.pdf HTTP/1.1" 200 427171
31.13.103.1 - - [11/Sep/2023:00:16:58 -0500] "GET /images/pieza-voluntariado-ambiental.jpeg HTTP/1.1" 200 51125
216.244.66.195 - - [11/Sep/2023:00:17:17 -0500] "GET /BLA/resoluciones/RESOLUCIONES%202019/3449.pdf HTTP/1.1" 200 572699
201.245.192.253 - - [11/Sep/2023:00:17:32 -0500] "POST /sipse/faces/presentacion/sistema/reporte/listarReportes.xhtml HTTP/1.1" 200 911
201.245.192.253 - - [11/Sep/2023:00:17:34 -0500] "GET /sipse/faces/presentacion/sistema/reporte/faces/autenticacion HTTP/1.1" 302 -
201.245.192.253 - - [11/Sep/2023:00:17:34 -0500] "GET /sipse/faces/autenticacion.xhtml HTTP/1.1" 200 12174
201.245.192.253 - - [11/Sep/2023:00:17:34 -0500] "GET /sipse/faces/javax.faces.resource/theme.css?ln=primefaces-sipse HTTP/1.1" 304 -
201.245.192.253 - - [11/Sep/2023:00:17:34 -0500] "GET /sipse/faces/javax.faces.resource/jquery/jquery.js?ln=primefaces&v=4.0 HTTP/1.1" 304 -
201.245.192.253 - - [11/Sep/2023:00:17:34 -0500] "GET /sipse/faces/javax.faces.resource/primefaces.css?ln=primefaces&v=4.0 HTTP/1.1" 304 -
201.245.192.253 - - [11/Sep/2023:00:17:34 -0500] "GET /sipse/faces/javax.faces.resource/layout/layout.css?ln=primefaces&v=4.0 HTTP/1.1" 304 -
201.245.192.253 - - [11/Sep/2023:00:17:34 -0500] "GET /sipse/faces/javax.faces.resource/primefaces.js?ln=primefaces&v=4.0 HTTP/1.1" 304 -
201.245.192.253 - - [11/Sep/2023:00:17:34 -0500] "GET /sipse/faces/javax.faces.resource/jquery/jquery-plugins.js?ln=primefaces&v=4.0 HTTP/1.1" 304 -
201.245.192.253 - - [11/Sep/2023:00:17:34 -0500] "GET /sipse/faces/javax.faces.resource/layout/layout.js?ln=primefaces&v=4.0 HTTP/1.1" 304 -
201.245.192.253 - - [11/Sep/2023:00:17:34 -0500] "GET /sipse/faces/javax.faces.resource/images/ui-icons_898989_256x240.png?ln=primefaces-aristo HTTP/1.1" 304 -
201.245.192.253 - - [11/Sep/2023:00:17:41 -0500] "POST /sipse/faces/autenticacion.xhtml HTTP/1.1" 200 2175
201.245.192.253 - - [11/Sep/2023:00:17:41 -0500] "GET /sipse/faces/javax.faces.resource/messages/messages.png?ln=primefaces&v=4.0 HTTP/1.1" 200 27209
201.245.192.253 - - [11/Sep/2023:00:17:48 -0500] "POST /sipse/faces/autenticacion.xhtml HTTP/1.1" 200 11969
201.245.192.253 - - [11/Sep/2023:00:17:48 -0500] "GET /sipse/faces/javax.faces.resource/jquery/jquery.js?ln=primefaces&v=4.0 HTTP/1.1" 304 -
201.245.192.253 - - [11/Sep/2023:00:17:48 -0500] "GET /sipse/faces/javax.faces.resource/jquery/jquery-plugins.js?ln=primefaces&v=4.0 HTTP/1.1" 304 -
201.245.192.253 - - [11/Sep/2023:00:17:48 -0500] "GET /sipse/faces/javax.faces.resource/primefaces.js?ln=primefaces&v=4.0 HTTP/1.1" 304 -
201.245.192.253 - - [11/Sep/2023:00:17:48 -0500] "GET /sipse/faces/javax.faces.resource/layout/layout.js?ln=primefaces&v=4.0 HTTP/1.1" 304 -
201.245.192.253 - - [11/Sep/2023:00:17:51 -0500] "POST /sipse/faces/presentacion/sistema/seguridad/seleccionRol.xhtml HTTP/1.1" 200 6403
201.245.192.253 - - [11/Sep/2023:00:17:53 -0500] "POST /sipse/faces/presentacion/sistema/seguridad/seleccionRol.xhtml HTTP/1.1" 200 18782
201.245.192.253 - - [11/Sep/2023:00:17:53 -0500] "GET /sipse/faces/javax.faces.resource/jquery/jquery.js?ln=primefaces&v=4.0 HTTP/1.1" 304 -
201.245.192.253 - - [11/Sep/2023:00:17:53 -0500] "GET /sipse/faces/javax.faces.resource/jquery/jquery-plugins.js?ln=primefaces&v=4.0 HTTP/1.1" 304 -
201.245.192.253 - - [11/Sep/2023:00:17:53 -0500] "GET /sipse/faces/javax.faces.resource/primefaces.js?ln=primefaces&v=4.0 HTTP/1.1" 304 -
201.245.192.253 - - [11/Sep/2023:00:17:53 -0500] "GET /sipse/faces/javax.faces.resource/layout/layout.js?ln=primefaces&v=4.0 HTTP/1.1" 304 -
201.245.192.253 - - [11/Sep/2023:00:17:53 -0500] "GET /sipse/imagenes/logoAplicacion.jpg HTTP/1.1" 200 155084
201.245.192.253 - - [11/Sep/2023:00:17:55 -0500] "GET /sipse/faces/javax.faces.resource/images/ui-bg_flat_0_2d5972_40x100.png?ln=primefaces-aristo HTTP/1.1" 200 183
201.245.192.253 - - [11/Sep/2023:00:17:55 -0500] "POST /sipse/faces/bienvenido.xhtml HTTP/1.1" 200 7973
201.245.192.253 - - [11/Sep/2023:00:17:57 -0500] "POST /sipse/faces/bienvenido.xhtml HTTP/1.1" 200 30185
201.245.192.253 - - [11/Sep/2023:00:17:57 -0500] "GET /sipse/faces/javax.faces.resource/jquery/jquery.js?ln=primefaces&v=4.0 HTTP/1.1" 304 -
201.245.192.253 - - [11/Sep/2023:00:17:57 -0500] "GET /sipse/faces/javax.faces.resource/jquery/jquery-plugins.js?ln=primefaces&v=4.0 HTTP/1.1" 304 -
201.245.192.253 - - [11/Sep/2023:00:17:57 -0500] "GET /sipse/faces/javax.faces.resource/primefaces.js?ln=primefaces&v=4.0 HTTP/1.1" 304 -
201.245.192.253 - - [11/Sep/2023:00:17:57 -0500] "GET /sipse/faces/javax.faces.resource/layout/layout.js?ln=primefaces&v=4.0 HTTP/1.1" 304 -
201.245.192.253 - - [11/Sep/2023:00:17:58 -0500] "POST /sipse/faces/presentacion/sistema/reporte/listarReportes.xhtml HTTP/1.1" 200 30333
201.245.192.253 - - [11/Sep/2023:00:17:59 -0500] "POST /sipse/faces/presentacion/sistema/reporte/listarReportes.xhtml HTTP/1.1" 200 30333
201.245.192.253 - - [11/Sep/2023:00:18:00 -0500] "POST /sipse/faces/presentacion/sistema/reporte/listarReportes.xhtml HTTP/1.1" 200 23613
201.245.192.253 - - [11/Sep/2023:00:18:01 -0500] "POST /sipse/faces/presentacion/sistema/reporte/listarReportes.xhtml HTTP/1.1" 200 23613
201.245.192.253 - - [11/Sep/2023:00:18:04 -0500] "POST /sipse/faces/presentacion/sistema/reporte/listarReportes.xhtml HTTP/1.1" 200 30333
201.245.192.253 - - [11/Sep/2023:00:18:04 -0500] "POST /sipse/faces/presentacion/sistema/reporte/listarReportes.xhtml HTTP/1.1" 200 30333
201.245.192.253 - - [11/Sep/2023:00:18:06 -0500] "POST /sipse/faces/presentacion/sistema/reporte/listarReportes.xhtml HTTP/1.1" 200 31460
201.245.192.253 - - [11/Sep/2023:00:18:06 -0500] "POST /sipse/faces/presentacion/sistema/reporte/listarReportes.xhtml HTTP/1.1" 200 31460
216.244.66.195 - - [11/Sep/2023:00:18:07 -0500] "GET /BLA/resoluciones/RESOLUCIONES%202019/3483.pdf HTTP/1.1" 200 252799
201.245.192.253 - - [11/Sep/2023:00:18:08 -0500] "POST /sipse/faces/presentacion/sistema/reporte/listarReportes.xhtml HTTP/1.1" 200 22753
201.245.192.253 - - [11/Sep/2023:00:18:08 -0500] "POST /sipse/faces/presentacion/sistema/reporte/listarReportes.xhtml HTTP/1.1" 200 22753
201.245.192.253 - - [11/Sep/2023:00:18:09 -0500] "POST /sipse/faces/presentacion/sistema/reporte/listarReportes.xhtml HTTP/1.1" 200 24528
201.245.192.253 - - [11/Sep/2023:00:18:09 -0500] "POST /sipse/faces/presentacion/sistema/reporte/listarReportes.xhtml HTTP/1.1" 200 24528
201.245.192.253 - - [11/Sep/2023:00:18:10 -0500] "POST /sipse/faces/presentacion/sistema/reporte/listarReportes.xhtml HTTP/1.1" 200 28582
201.245.192.253 - - [11/Sep/2023:00:18:10 -0500] "POST /sipse/faces/presentacion/sistema/reporte/listarReportes.xhtml HTTP/1.1" 200 28582
201.245.192.253 - - [11/Sep/2023:00:18:37 -0500] "POST /kwsrmcab/Wsrmcab HTTP/1.1" 200 41058
201.245.192.253 - - [11/Sep/2023:00:18:40 -0500] "POST /kwsrmcab/Wsrmcab HTTP/1.1" 200 41152
216.244.66.195 - - [11/Sep/2023:00:18:42 -0500] "GET /BLA/resoluciones/RESOLUCIONES%202019/3703.pdf HTTP/1.1" 200 4855722
172.22.2.4 - - [11/Sep/2023:00:17:36 -0500] "GET /BLA/boletinlegal/ HTTP/1.1" 200 58187
216.245.221.92 - - [11/Sep/2023:00:19:20 -0500] "HEAD / HTTP/1.1" 200 -
172.22.2.4 - - [11/Sep/2023:00:19:25 -0500] "GET /BLA/boletinlegal/images/screen_5.png HTTP/1.1" 200 368876
216.244.66.195 - - [11/Sep/2023:00:19:32 -0500] "GET /BLA/resoluciones/RESOLUCIONES%201997/0543.pdf HTTP/1.1" 200 38250
216.244.66.195 - - [11/Sep/2023:00:20:02 -0500] "GET /BLA/resoluciones/AUTOS%202019/1754.pdf HTTP/1.1" 200 257192
172.22.2.4 - - [11/Sep/2023:00:18:23 -0500] "HEAD /BLA/boletinlegal/ HTTP/1.1" 200 -
201.245.192.253 - - [11/Sep/2023:00:20:34 -0500] "POST /kwsrmcab/Wsrmcab  HTTP/1.1" 200 42865
172.22.2.4 - - [11/Sep/2023:00:20:52 -0500] "GET /BLA/boletinlegal/images/screen_2.png HTTP/1.1" 200 362502
172.22.2.4 - - [11/Sep/2023:00:19:14 -0500] "GET /BLA/boletinlegal/ HTTP/1.1" 200 58187
52.167.144.221 - - [11/Sep/2023:00:21:55 -0500] "GET /Publicaciones/2023EE207079.pdf HTTP/1.1" 200 231909
172.22.2.4 - - [11/Sep/2023:00:22:05 -0500] "GET /BLA/boletinlegal/images/screen_1.png HTTP/1.1" 200 202547
157.55.39.214 - - [11/Sep/2023:00:22:35 -0500] "GET /inscribete-y-participa-en-el-foro-sobre-la-gestion-de-los-bifenilos-policlorados-en-transformadores-electricos.html HTTP/1.1" 200 931
172.22.2.4 - - [11/Sep/2023:00:23:08 -0500] "GET /BLA/boletinlegal/images/arr_r.jpg HTTP/1.1" 200 1998
172.22.2.4 - - [11/Sep/2023:00:24:02 -0500] "GET /BLA/boletinlegal/images/pdf.gif HTTP/1.1" 200 567
216.245.221.92 - - [11/Sep/2023:00:24:20 -0500] "HEAD / HTTP/1.1" 200 -
216.244.66.195 - - [11/Sep/2023:00:24:25 -0500] "GET /robots.txt HTTP/1.1" 404 1018
172.22.2.4 - - [11/Sep/2023:00:24:48 -0500] "GET /BLA/boletinlegal/images/arr_l.jpg HTTP/1.1" 200 1979
152.61.128.50 - - [11/Sep/2023:00:25:17 -0500] "GET / HTTP/1.1" 200 319
172.22.2.4 - - [11/Sep/2023:00:25:27 -0500] "GET /BLA/boletinlegal/images/launch.jpg HTTP/1.1" 200 14577
201.245.192.253 - - [11/Sep/2023:00:25:33 -0500] "POST /kwsrmcab/Wsrmcab  HTTP/1.1" 200 42865
172.22.2.4 - - [11/Sep/2023:00:24:13 -0500] "HEAD /BLA/boletinlegal/ HTTP/1.1" 200 -
172.22.2.4 - - [11/Sep/2023:00:26:01 -0500] "GET /BLA/boletinlegal/images/screen_3.png HTTP/1.1" 200 210620
172.22.2.4 - - [11/Sep/2023:00:25:04 -0500] "GET /BLA/boletinlegal/ HTTP/1.1" 200 57790
52.167.144.140 - - [11/Sep/2023:00:27:16 -0500] "GET /Publicaciones/2023EE205571.pdf HTTP/1.1" 200 1296391
201.245.192.253 - - [11/Sep/2023:00:28:38 -0500] "POST /kwsrmcab/Wsrmcab HTTP/1.1" 200 41058
201.245.192.253 - - [11/Sep/2023:00:28:42 -0500] "POST /sipse/faces/presentacion/sistema/reporte/listarReportes.xhtml HTTP/1.1" 200 23613
201.245.192.253 - - [11/Sep/2023:00:28:40 -0500] "POST /kwsrmcab/Wsrmcab HTTP/1.1" 200 41152
201.245.192.253 - - [11/Sep/2023:00:28:42 -0500] "POST /sipse/faces/presentacion/sistema/reporte/listarReportes.xhtml HTTP/1.1" 200 23613
201.245.192.253 - - [11/Sep/2023:00:28:43 -0500] "POST /sipse/faces/presentacion/sistema/reporte/listarReportes.xhtml HTTP/1.1" 200 28582
201.245.192.253 - - [11/Sep/2023:00:28:44 -0500] "POST /sipse/faces/presentacion/sistema/reporte/listarReportes.xhtml HTTP/1.1" 200 28582
201.245.192.253 - - [11/Sep/2023:00:28:45 -0500] "POST /sipse/faces/presentacion/sistema/reporte/listarReportes.xhtml HTTP/1.1" 200 28582
201.245.192.253 - - [11/Sep/2023:00:28:45 -0500] "POST /sipse/faces/presentacion/sistema/reporte/listarReportes.xhtml HTTP/1.1" 200 28582
201.245.192.253 - - [11/Sep/2023:00:28:45 -0500] "POST /sipse/faces/presentacion/sistema/reporte/listarReportes.xhtml HTTP/1.1" 200 28582
201.245.192.253 - - [11/Sep/2023:00:28:46 -0500] "POST /sipse/faces/presentacion/sistema/reporte/listarReportes.xhtml HTTP/1.1" 200 28582
201.245.192.253 - - [11/Sep/2023:00:28:46 -0500] "POST /sipse/faces/presentacion/sistema/reporte/listarReportes.xhtml HTTP/1.1" 200 28582
201.245.192.253 - - [11/Sep/2023:00:28:46 -0500] "POST /sipse/faces/presentacion/sistema/reporte/listarReportes.xhtml HTTP/1.1" 200 28582
201.245.192.253 - - [11/Sep/2023:00:28:49 -0500] "POST /sipse/faces/presentacion/sistema/reporte/listarReportes.xhtml HTTP/1.1" 200 24528
201.245.192.253 - - [11/Sep/2023:00:28:49 -0500] "POST /sipse/faces/presentacion/sistema/reporte/listarReportes.xhtml HTTP/1.1" 200 24528
201.245.192.253 - - [11/Sep/2023:00:28:50 -0500] "POST /sipse/faces/presentacion/sistema/reporte/listarReportes.xhtml HTTP/1.1" 200 31082
201.245.192.253 - - [11/Sep/2023:00:28:50 -0500] "POST /sipse/faces/presentacion/sistema/reporte/listarReportes.xhtml HTTP/1.1" 200 31082
201.245.192.253 - - [11/Sep/2023:00:28:51 -0500] "POST /sipse/faces/presentacion/sistema/reporte/listarReportes.xhtml HTTP/1.1" 200 31460
201.245.192.253 - - [11/Sep/2023:00:28:51 -0500] "POST /sipse/faces/presentacion/sistema/reporte/listarReportes.xhtml HTTP/1.1" 200 31460
201.245.192.253 - - [11/Sep/2023:00:28:54 -0500] "POST /sipse/faces/presentacion/sistema/reporte/listarReportes.xhtml HTTP/1.1" 200 28582
201.245.192.253 - - [11/Sep/2023:00:28:54 -0500] "POST /sipse/faces/presentacion/sistema/reporte/listarReportes.xhtml HTTP/1.1" 200 28582
216.245.221.92 - - [11/Sep/2023:00:29:20 -0500] "HEAD / HTTP/1.1" 200 -
52.167.144.140 - - [11/Sep/2023:00:29:55 -0500] "GET /BLA/resoluciones/AUTOS%202022/1745.pdf HTTP/1.1" 304 -
69.171.249.2 - - [11/Sep/2023:00:30:29 -0500] "GET /dia-nacional-del-arbol-atributos-y-caracteristicas-de-las-especies-representativas-de-bogota.html HTTP/1.1" 200 697
201.245.192.253 - - [11/Sep/2023:00:30:32 -0500] "POST /kwsrmcab/Wsrmcab  HTTP/1.1" 200 42865
172.22.2.4 - - [11/Sep/2023:00:31:42 -0500] "GET /BLA/boletinlegal/actos.php HTTP/1.1" 200 9682
172.22.2.4 - - [11/Sep/2023:00:30:03 -0500] "HEAD /BLA/boletinlegal/ HTTP/1.1" 200 -
172.22.2.4 - - [11/Sep/2023:00:32:02 -0500] "GET /BLA/boletinlegal/js/popup.js HTTP/1.1" 200 1270
172.22.2.4 - - [11/Sep/2023:00:32:03 -0500] "GET /BLA/boletinlegal/niceforms-default.css HTTP/1.1" 200 6694
172.22.2.4 - - [11/Sep/2023:00:32:03 -0500] "GET /BLA/boletinlegal/style.css HTTP/1.1" 200 9406
172.22.2.4 - - [11/Sep/2023:00:32:03 -0500] "GET /BLA/boletinlegal/niceforms.js HTTP/1.1" 200 22876
172.22.2.4 - - [11/Sep/2023:00:32:03 -0500] "GET /BLA/boletinlegal/styles2.css HTTP/1.1" 200 1838
172.22.2.4 - - [11/Sep/2023:00:32:07 -0500] "GET /BLA/boletinlegal/js/ajax_actos.js HTTP/1.1" 200 1322
201.245.192.253 - - [11/Sep/2023:00:32:16 -0500] "POST /sipse/faces/presentacion/sistema/reporte/listarReportes.xhtml HTTP/1.1" 200 28582
201.245.192.253 - - [11/Sep/2023:00:32:16 -0500] "POST /sipse/faces/presentacion/sistema/reporte/listarReportes.xhtml HTTP/1.1" 200 28582
201.245.192.253 - - [11/Sep/2023:00:32:17 -0500] "POST /sipse/faces/presentacion/sistema/reporte/listarReportes.xhtml HTTP/1.1" 200 24528
201.245.192.253 - - [11/Sep/2023:00:32:17 -0500] "POST /sipse/faces/presentacion/sistema/reporte/listarReportes.xhtml HTTP/1.1" 200 24528
201.245.192.253 - - [11/Sep/2023:00:32:19 -0500] "POST /sipse/faces/presentacion/sistema/reporte/listarReportes.xhtml HTTP/1.1" 200 28582
201.245.192.253 - - [11/Sep/2023:00:32:19 -0500] "POST /sipse/faces/presentacion/sistema/reporte/listarReportes.xhtml HTTP/1.1" 200 28582
201.245.192.253 - - [11/Sep/2023:00:32:25 -0500] "POST /sipse/faces/presentacion/sistema/reporte/listarReportes.xhtml HTTP/1.1" 200 31460
201.245.192.253 - - [11/Sep/2023:00:32:25 -0500] "POST /sipse/faces/presentacion/sistema/reporte/listarReportes.xhtml HTTP/1.1" 200 31460
201.245.192.253 - - [11/Sep/2023:00:32:27 -0500] "POST /sipse/faces/presentacion/sistema/reporte/listarReportes.xhtml HTTP/1.1" 200 28582
201.245.192.253 - - [11/Sep/2023:00:32:27 -0500] "POST /sipse/faces/presentacion/sistema/reporte/listarReportes.xhtml HTTP/1.1" 200 28582
172.22.2.4 - - [11/Sep/2023:00:30:54 -0500] "GET /BLA/boletinlegal/ HTTP/1.1" 200 60692
216.245.221.92 - - [11/Sep/2023:00:34:20 -0500] "HEAD / HTTP/1.1" 200 -
201.245.192.253 - - [11/Sep/2023:00:35:30 -0500] "POST /kwsrmcab/Wsrmcab  HTTP/1.1" 200 42865
199.16.157.183 - - [11/Sep/2023:00:37:20 -0500] "GET /images/cr%C3%B3nica-29-nov-1_optimized.jpeg HTTP/1.1" 404 1034
66.249.66.86 - - [11/Sep/2023:00:37:32 -0500] "GET /portaldeninos/ HTTP/1.1" 200 110175
172.22.2.4 - - [11/Sep/2023:00:35:53 -0500] "HEAD /BLA/boletinlegal/ HTTP/1.1" 200 -
172.22.2.4 - - [11/Sep/2023:00:36:44 -0500] "GET /BLA/boletinlegal/ HTTP/1.1" 200 60692
201.245.192.253 - - [11/Sep/2023:00:38:38 -0500] "POST /kwsrmcab/Wsrmcab HTTP/1.1" 200 41058
201.245.192.253 - - [11/Sep/2023:00:38:40 -0500] "POST /kwsrmcab/Wsrmcab HTTP/1.1" 200 41152
216.245.221.92 - - [11/Sep/2023:00:39:20 -0500] "HEAD / HTTP/1.1" 200 -
201.245.192.253 - - [11/Sep/2023:00:40:28 -0500] "POST /kwsrmcab/Wsrmcab  HTTP/1.1" 200 42865
152.61.192.232 - - [11/Sep/2023:00:41:45 -0500] "GET /arcgis/services/Calidad_del_Agua_WQI/MapServer/WMSServer?request=GetCapabilities&service=WMS HTTP/1.1" 503 1020
152.61.192.232 - - [11/Sep/2023:00:41:47 -0500] "GET /arcgis/services/Calidad_del_Agua_WQI/MapServer/WMSServer?SERVICE=WMS&REQUEST=GetCapabilities HTTP/1.1" 503 1020
152.61.192.232 - - [11/Sep/2023:00:41:47 -0500] "GET /arcgis/services/Calidad_del_Agua_WQI/MapServer/WMSServer?WMTVER=1.0.0&REQUEST=capabilities HTTP/1.1" 503 1020
116.202.20.140 - - [11/Sep/2023:00:43:19 -0500] "GET / HTTP/1.1" 200 319
172.22.2.4 - - [11/Sep/2023:00:41:43 -0500] "HEAD /BLA/boletinlegal/ HTTP/1.1" 200 -
172.22.2.4 - - [11/Sep/2023:00:42:34 -0500] "GET /BLA/boletinlegal/ HTTP/1.1" 200 58187
216.245.221.92 - - [11/Sep/2023:00:44:20 -0500] "HEAD / HTTP/1.1" 200 -
201.245.192.253 - - [11/Sep/2023:00:44:36 -0500] "POST /sipse/faces/presentacion/sistema/reporte/listarReportes.xhtml HTTP/1.1" 200 911
201.245.192.253 - - [11/Sep/2023:00:44:39 -0500] "GET /sipse/faces/faces/autenticacion HTTP/1.1" 302 -
201.245.192.253 - - [11/Sep/2023:00:44:39 -0500] "GET /sipse/faces/autenticacion.xhtml HTTP/1.1" 200 12174
201.245.192.253 - - [11/Sep/2023:00:44:39 -0500] "GET /sipse/faces/javax.faces.resource/theme.css?ln=primefaces-sipse HTTP/1.1" 304 -
201.245.192.253 - - [11/Sep/2023:00:44:39 -0500] "GET /sipse/faces/javax.faces.resource/primefaces.css?ln=primefaces&v=4.0 HTTP/1.1" 304 -
201.245.192.253 - - [11/Sep/2023:00:44:39 -0500] "GET /sipse/faces/javax.faces.resource/layout/layout.js?ln=primefaces&v=4.0 HTTP/1.1" 304 -
201.245.192.253 - - [11/Sep/2023:00:44:39 -0500] "GET /sipse/faces/javax.faces.resource/jquery/jquery.js?ln=primefaces&v=4.0 HTTP/1.1" 304 -
201.245.192.253 - - [11/Sep/2023:00:44:39 -0500] "GET /sipse/faces/javax.faces.resource/primefaces.js?ln=primefaces&v=4.0 HTTP/1.1" 304 -
201.245.192.253 - - [11/Sep/2023:00:44:39 -0500] "GET /sipse/faces/javax.faces.resource/layout/layout.css?ln=primefaces&v=4.0 HTTP/1.1" 304 -
201.245.192.253 - - [11/Sep/2023:00:44:39 -0500] "GET /sipse/faces/javax.faces.resource/jquery/jquery-plugins.js?ln=primefaces&v=4.0 HTTP/1.1" 304 -
201.245.192.253 - - [11/Sep/2023:00:44:39 -0500] "GET /sipse/faces/javax.faces.resource/images/ui-icons_898989_256x240.png?ln=primefaces-aristo HTTP/1.1" 304 -
201.245.192.253 - - [11/Sep/2023:00:44:42 -0500] "POST /sipse/faces/autenticacion.xhtml HTTP/1.1" 200 11973
201.245.192.253 - - [11/Sep/2023:00:44:42 -0500] "GET /sipse/faces/javax.faces.resource/jquery/jquery.js?ln=primefaces&v=4.0 HTTP/1.1" 304 -
201.245.192.253 - - [11/Sep/2023:00:44:42 -0500] "GET /sipse/faces/javax.faces.resource/jquery/jquery-plugins.js?ln=primefaces&v=4.0 HTTP/1.1" 304 -
201.245.192.253 - - [11/Sep/2023:00:44:42 -0500] "GET /sipse/faces/javax.faces.resource/primefaces.js?ln=primefaces&v=4.0 HTTP/1.1" 304 -
201.245.192.253 - - [11/Sep/2023:00:44:42 -0500] "GET /sipse/faces/javax.faces.resource/layout/layout.js?ln=primefaces&v=4.0 HTTP/1.1" 304 -
201.245.192.253 - - [11/Sep/2023:00:44:42 -0500] "GET /sipse/faces/javax.faces.resource/messages/messages.png?ln=primefaces&v=4.0 HTTP/1.1" 200 27209
201.245.192.253 - - [11/Sep/2023:00:44:45 -0500] "POST /sipse/faces/presentacion/sistema/seguridad/seleccionRol.xhtml HTTP/1.1" 200 6403
201.245.192.253 - - [11/Sep/2023:00:44:46 -0500] "POST /sipse/faces/presentacion/sistema/seguridad/seleccionRol.xhtml HTTP/1.1" 200 18784
201.245.192.253 - - [11/Sep/2023:00:44:46 -0500] "GET /sipse/faces/javax.faces.resource/jquery/jquery.js?ln=primefaces&v=4.0 HTTP/1.1" 304 -
201.245.192.253 - - [11/Sep/2023:00:44:46 -0500] "GET /sipse/faces/javax.faces.resource/jquery/jquery-plugins.js?ln=primefaces&v=4.0 HTTP/1.1" 304 -
201.245.192.253 - - [11/Sep/2023:00:44:46 -0500] "GET /sipse/faces/javax.faces.resource/primefaces.js?ln=primefaces&v=4.0 HTTP/1.1" 304 -
201.245.192.253 - - [11/Sep/2023:00:44:46 -0500] "GET /sipse/faces/javax.faces.resource/layout/layout.js?ln=primefaces&v=4.0 HTTP/1.1" 304 -
201.245.192.253 - - [11/Sep/2023:00:44:49 -0500] "GET /sipse/faces/javax.faces.resource/images/ui-bg_flat_0_2d5972_40x100.png?ln=primefaces-aristo HTTP/1.1" 200 183
201.245.192.253 - - [11/Sep/2023:00:44:49 -0500] "POST /sipse/faces/bienvenido.xhtml HTTP/1.1" 200 7973
201.245.192.253 - - [11/Sep/2023:00:44:50 -0500] "POST /sipse/faces/bienvenido.xhtml HTTP/1.1" 200 38034
201.245.192.253 - - [11/Sep/2023:00:44:51 -0500] "GET /sipse/faces/javax.faces.resource/jquery/jquery.js?ln=primefaces&v=4.0 HTTP/1.1" 304 -
201.245.192.253 - - [11/Sep/2023:00:44:51 -0500] "GET /sipse/faces/javax.faces.resource/jquery/jquery-plugins.js?ln=primefaces&v=4.0 HTTP/1.1" 304 -
201.245.192.253 - - [11/Sep/2023:00:44:51 -0500] "GET /sipse/faces/javax.faces.resource/primefaces.js?ln=primefaces&v=4.0 HTTP/1.1" 304 -
201.245.192.253 - - [11/Sep/2023:00:44:51 -0500] "GET /sipse/faces/javax.faces.resource/layout/layout.js?ln=primefaces&v=4.0 HTTP/1.1" 304 -
201.245.192.253 - - [11/Sep/2023:00:44:52 -0500] "POST /sipse/faces/presentacion/sistema/reporte/listarReportes.xhtml HTTP/1.1" 200 24651
201.245.192.253 - - [11/Sep/2023:00:44:52 -0500] "POST /sipse/faces/presentacion/sistema/reporte/listarReportes.xhtml HTTP/1.1" 200 24651
201.245.192.253 - - [11/Sep/2023:00:45:07 -0500] "POST /sipse/faces/presentacion/sistema/reporte/listarReportes.xhtml HTTP/1.1" 200 23610
201.245.192.253 - - [11/Sep/2023:00:45:07 -0500] "POST /sipse/faces/presentacion/sistema/reporte/listarReportes.xhtml HTTP/1.1" 200 23610
201.245.192.253 - - [11/Sep/2023:00:45:11 -0500] "POST /sipse/faces/presentacion/sistema/reporte/listarReportes.xhtml HTTP/1.1" 200 23610
201.245.192.253 - - [11/Sep/2023:00:45:11 -0500] "POST /sipse/faces/presentacion/sistema/reporte/listarReportes.xhtml HTTP/1.1" 200 23610
201.245.192.253 - - [11/Sep/2023:00:45:13 -0500] "POST /sipse/faces/presentacion/sistema/reporte/listarReportes.xhtml HTTP/1.1" 200 24676
201.245.192.253 - - [11/Sep/2023:00:45:13 -0500] "POST /sipse/faces/presentacion/sistema/reporte/listarReportes.xhtml HTTP/1.1" 200 24676
201.245.192.253 - - [11/Sep/2023:00:45:14 -0500] "POST /sipse/faces/presentacion/sistema/reporte/listarReportes.xhtml HTTP/1.1" 200 23613
201.245.192.253 - - [11/Sep/2023:00:45:14 -0500] "POST /sipse/faces/presentacion/sistema/reporte/listarReportes.xhtml HTTP/1.1" 200 23613
201.245.192.253 - - [11/Sep/2023:00:45:16 -0500] "POST /sipse/faces/presentacion/sistema/reporte/listarReportes.xhtml HTTP/1.1" 200 30333
201.245.192.253 - - [11/Sep/2023:00:45:16 -0500] "POST /sipse/faces/presentacion/sistema/reporte/listarReportes.xhtml HTTP/1.1" 200 30333
201.245.192.253 - - [11/Sep/2023:00:45:25 -0500] "POST /sipse/faces/presentacion/sistema/reporte/listarReportes.xhtml HTTP/1.1" 200 31460
201.245.192.253 - - [11/Sep/2023:00:45:25 -0500] "POST /sipse/faces/presentacion/sistema/reporte/listarReportes.xhtml HTTP/1.1" 200 31460
201.245.192.253 - - [11/Sep/2023:00:45:29 -0500] "POST /sipse/faces/presentacion/sistema/reporte/listarReportes.xhtml HTTP/1.1" 200 22753
201.245.192.253 - - [11/Sep/2023:00:45:29 -0500] "POST /sipse/faces/presentacion/sistema/reporte/listarReportes.xhtml HTTP/1.1" 200 22753
201.245.192.253 - - [11/Sep/2023:00:45:28 -0500] "POST /kwsrmcab/Wsrmcab  HTTP/1.1" 200 42865
201.245.192.253 - - [11/Sep/2023:00:45:32 -0500] "POST /sipse/faces/presentacion/sistema/reporte/listarReportes.xhtml HTTP/1.1" 200 24528
201.245.192.253 - - [11/Sep/2023:00:45:32 -0500] "POST /sipse/faces/presentacion/sistema/reporte/listarReportes.xhtml HTTP/1.1" 200 24528
201.245.192.253 - - [11/Sep/2023:00:45:37 -0500] "POST /sipse/faces/presentacion/sistema/reporte/listarReportes.xhtml HTTP/1.1" 200 24651
201.245.192.253 - - [11/Sep/2023:00:45:37 -0500] "POST /sipse/faces/presentacion/sistema/reporte/listarReportes.xhtml HTTP/1.1" 200 24651
201.245.192.253 - - [11/Sep/2023:00:45:39 -0500] "POST /sipse/faces/presentacion/sistema/reporte/listarReportes.xhtml HTTP/1.1" 200 31082
201.245.192.253 - - [11/Sep/2023:00:45:40 -0500] "POST /sipse/faces/presentacion/sistema/reporte/listarReportes.xhtml HTTP/1.1" 200 31082
201.245.192.253 - - [11/Sep/2023:00:45:43 -0500] "POST /sipse/faces/presentacion/sistema/reporte/listarReportes.xhtml HTTP/1.1" 200 24558
201.245.192.253 - - [11/Sep/2023:00:45:43 -0500] "POST /sipse/faces/presentacion/sistema/reporte/listarReportes.xhtml HTTP/1.1" 200 24558
201.245.192.253 - - [11/Sep/2023:00:45:45 -0500] "POST /sipse/faces/presentacion/sistema/reporte/listarReportes.xhtml HTTP/1.1" 200 23610
201.245.192.253 - - [11/Sep/2023:00:45:45 -0500] "POST /sipse/faces/presentacion/sistema/reporte/listarReportes.xhtml HTTP/1.1" 200 23610
201.245.192.253 - - [11/Sep/2023:00:45:54 -0500] "POST /sipse/faces/presentacion/sistema/reporte/listarReportes.xhtml HTTP/1.1" 200 25779
201.245.192.253 - - [11/Sep/2023:00:45:54 -0500] "POST /sipse/faces/presentacion/sistema/reporte/listarReportes.xhtml HTTP/1.1" 200 25779
201.245.192.253 - - [11/Sep/2023:00:45:57 -0500] "POST /sipse/faces/presentacion/sistema/reporte/listarReportes.xhtml HTTP/1.1" 200 26627
201.245.192.253 - - [11/Sep/2023:00:45:57 -0500] "POST /sipse/faces/presentacion/sistema/reporte/listarReportes.xhtml HTTP/1.1" 200 26627
201.245.192.253 - - [11/Sep/2023:00:46:00 -0500] "POST /sipse/faces/presentacion/sistema/reporte/listarReportes.xhtml HTTP/1.1" 200 23610
201.245.192.253 - - [11/Sep/2023:00:46:00 -0500] "POST /sipse/faces/presentacion/sistema/reporte/listarReportes.xhtml HTTP/1.1" 200 23610
216.244.66.195 - - [11/Sep/2023:00:47:18 -0500] "GET /BLA/resoluciones/AUTOS%202016/3075.pdf HTTP/1.1" 200 346021
201.245.192.253 - - [11/Sep/2023:00:47:36 -0500] "POST /sipse/faces/presentacion/sistema/reporte/listarReportes.xhtml HTTP/1.1" 200 24558
201.245.192.253 - - [11/Sep/2023:00:47:36 -0500] "POST /sipse/faces/presentacion/sistema/reporte/listarReportes.xhtml HTTP/1.1" 200 24558
201.245.192.253 - - [11/Sep/2023:00:47:37 -0500] "POST /sipse/faces/presentacion/sistema/reporte/listarReportes.xhtml HTTP/1.1" 200 31082
201.245.192.253 - - [11/Sep/2023:00:47:37 -0500] "POST /sipse/faces/presentacion/sistema/reporte/listarReportes.xhtml HTTP/1.1" 200 31082
201.245.192.253 - - [11/Sep/2023:00:47:38 -0500] "POST /sipse/faces/presentacion/sistema/reporte/listarReportes.xhtml HTTP/1.1" 200 24651
201.245.192.253 - - [11/Sep/2023:00:47:38 -0500] "POST /sipse/faces/presentacion/sistema/reporte/listarReportes.xhtml HTTP/1.1" 200 24651
201.245.192.253 - - [11/Sep/2023:00:47:40 -0500] "POST /sipse/faces/presentacion/sistema/reporte/listarReportes.xhtml HTTP/1.1" 200 24651
201.245.192.253 - - [11/Sep/2023:00:47:40 -0500] "POST /sipse/faces/presentacion/sistema/reporte/listarReportes.xhtml HTTP/1.1" 200 24651
201.245.192.253 - - [11/Sep/2023:00:47:40 -0500] "POST /sipse/faces/presentacion/sistema/reporte/listarReportes.xhtml HTTP/1.1" 200 24651
201.245.192.253 - - [11/Sep/2023:00:47:41 -0500] "POST /sipse/faces/presentacion/sistema/reporte/listarReportes.xhtml HTTP/1.1" 200 24651
201.245.192.253 - - [11/Sep/2023:00:47:41 -0500] "POST /sipse/faces/presentacion/sistema/reporte/listarReportes.xhtml HTTP/1.1" 200 24651
201.245.192.253 - - [11/Sep/2023:00:47:41 -0500] "POST /sipse/faces/presentacion/sistema/reporte/listarReportes.xhtml HTTP/1.1" 200 24651
201.245.192.253 - - [11/Sep/2023:00:47:41 -0500] "POST /sipse/faces/presentacion/sistema/reporte/listarReportes.xhtml HTTP/1.1" 200 24651
201.245.192.253 - - [11/Sep/2023:00:47:42 -0500] "POST /sipse/faces/presentacion/sistema/reporte/listarReportes.xhtml HTTP/1.1" 200 24651
172.22.2.4 - - [11/Sep/2023:00:47:33 -0500] "HEAD /BLA/boletinlegal/ HTTP/1.1" 200 -
216.245.221.92 - - [11/Sep/2023:00:49:20 -0500] "HEAD / HTTP/1.1" 200 -
172.22.2.4 - - [11/Sep/2023:00:48:24 -0500] "GET /BLA/boletinlegal/ HTTP/1.1" 200 58187
216.244.66.195 - - [11/Sep/2023:00:50:13 -0500] "GET /BLA/resoluciones/RESOLUCIONES%202001/2360.pdf HTTP/1.1" 200 275419
201.245.192.253 - - [11/Sep/2023:00:50:27 -0500] "POST /kwsrmcab/Wsrmcab  HTTP/1.1" 200 42865
216.244.66.195 - - [11/Sep/2023:00:50:55 -0500] "GET /BLA/resoluciones/RESOLUCIONES%202016/2439.pdf HTTP/1.1" 200 361150
216.244.66.195 - - [11/Sep/2023:00:51:45 -0500] "GET /BLA/resoluciones/RESOLUCIONES%202017/2481.pdf HTTP/1.1" 200 305984
31.13.127.17 - - [11/Sep/2023:00:52:27 -0500] "GET /images/cr\xc3\xb3nica-29-nov-1_optimized.jpeg HTTP/1.1" 404 1034
216.244.66.195 - - [11/Sep/2023:00:52:32 -0500] "GET /BLA/resoluciones/RESOLUCIONES%202017/2491.pdf HTTP/1.1" 200 278628
216.244.66.195 - - [11/Sep/2023:00:53:14 -0500] "GET /BLA/resoluciones/RESOLUCIONES%202017/2850.pdf HTTP/1.1" 200 280635
216.244.66.195 - - [11/Sep/2023:00:54:06 -0500] "GET /BLA/resoluciones/RESOLUCIONES%202017/3679.pdf HTTP/1.1" 200 489966
216.245.221.92 - - [11/Sep/2023:00:54:20 -0500] "HEAD / HTTP/1.1" 200 -
216.244.66.195 - - [11/Sep/2023:00:54:56 -0500] "GET /BLA/resoluciones/RESOLUCIONES%202019/0858.pdf HTTP/1.1" 200 322876
172.22.2.4 - - [11/Sep/2023:00:53:23 -0500] "HEAD /BLA/boletinlegal/ HTTP/1.1" 200 -
201.245.192.253 - - [11/Sep/2023:00:55:26 -0500] "POST /kwsrmcab/Wsrmcab  HTTP/1.1" 200 42865
216.244.66.195 - - [11/Sep/2023:00:55:50 -0500] "GET /BLA/resoluciones/RESOLUCIONES%202019/2246.pdf HTTP/1.1" 200 284315
201.245.192.253 - - [11/Sep/2023:00:55:51 -0500] "POST /sipse/faces/presentacion/sistema/reporte/listarReportes.xhtml HTTP/1.1" 200 24528
201.245.192.253 - - [11/Sep/2023:00:55:51 -0500] "POST /sipse/faces/presentacion/sistema/reporte/listarReportes.xhtml HTTP/1.1" 200 24528
201.245.192.253 - - [11/Sep/2023:00:55:53 -0500] "POST /sipse/faces/presentacion/sistema/reporte/listarReportes.xhtml HTTP/1.1" 200 24651
201.245.192.253 - - [11/Sep/2023:00:55:53 -0500] "POST /sipse/faces/presentacion/sistema/reporte/listarReportes.xhtml HTTP/1.1" 200 24651
172.22.2.4 - - [11/Sep/2023:00:54:14 -0500] "GET /BLA/boletinlegal/ HTTP/1.1" 200 58187
201.245.192.253 - - [11/Sep/2023:00:55:54 -0500] "POST /sipse/faces/presentacion/sistema/reporte/listarReportes.xhtml HTTP/1.1" 200 24651
201.245.192.253 - - [11/Sep/2023:00:55:54 -0500] "POST /sipse/faces/presentacion/sistema/reporte/listarReportes.xhtml HTTP/1.1" 200 24651
201.245.192.253 - - [11/Sep/2023:00:55:54 -0500] "POST /sipse/faces/presentacion/sistema/reporte/listarReportes.xhtml HTTP/1.1" 200 24651
201.245.192.253 - - [11/Sep/2023:00:55:54 -0500] "POST /sipse/faces/presentacion/sistema/reporte/listarReportes.xhtml HTTP/1.1" 200 24651
201.245.192.253 - - [11/Sep/2023:00:55:55 -0500] "POST /sipse/faces/presentacion/sistema/reporte/listarReportes.xhtml HTTP/1.1" 200 24651
201.245.192.253 - - [11/Sep/2023:00:55:55 -0500] "POST /sipse/faces/presentacion/sistema/reporte/listarReportes.xhtml HTTP/1.1" 200 24651
201.245.192.253 - - [11/Sep/2023:00:55:57 -0500] "POST /sipse/faces/presentacion/sistema/reporte/listarReportes.xhtml HTTP/1.1" 200 32462
201.245.192.253 - - [11/Sep/2023:00:55:58 -0500] "POST /sipse/faces/presentacion/sistema/reporte/listarReportes.xhtml HTTP/1.1" 200 32462
216.244.66.195 - - [11/Sep/2023:00:56:37 -0500] "GET /BLA/resoluciones/RESOLUCIONES%202019/2320.pdf HTTP/1.1" 200 282170
216.244.66.195 - - [11/Sep/2023:00:57:26 -0500] "GET /BLA/resoluciones/RESOLUCIONES%202019/2351.pdf HTTP/1.1" 200 214925
66.249.66.85 - - [11/Sep/2023:00:57:30 -0500] "GET /portaldeninos/2021/06/01/agroecologia-tips-para-germinar-semillas-en-casa/ HTTP/1.1" 200 105801
66.249.66.85 - - [11/Sep/2023:00:57:32 -0500] "GET /portaldeninos/wp-content/themes/betheme/css/responsive.css?ver=20.9.6 HTTP/1.1" 200 55740
66.249.66.85 - - [11/Sep/2023:00:57:33 -0500] "GET /portaldeninos/wp-content/plugins/gallery-videos/JS/modernizr.custom.js?ver=4.9.8 HTTP/1.1" 200 9019
216.244.66.195 - - [11/Sep/2023:00:58:05 -0500] "GET /BLA/resoluciones/RESOLUCIONES%202019/2873.pdf HTTP/1.1" 200 522399
216.244.66.195 - - [11/Sep/2023:00:58:56 -0500] "GET /BLA/resoluciones/RESOLUCIONES%202019/2995.pdf HTTP/1.1" 200 443773
216.245.221.92 - - [11/Sep/2023:00:59:20 -0500] "HEAD / HTTP/1.1" 200 -
216.244.66.195 - - [11/Sep/2023:00:59:46 -0500] "GET /BLA/resoluciones/RESOLUCIONES%202019/3169.pdf HTTP/1.1" 200 271606
201.245.192.253 - - [11/Sep/2023:01:00:25 -0500] "POST /kwsrmcab/Wsrmcab  HTTP/1.1" 200 42865
216.244.66.195 - - [11/Sep/2023:01:00:31 -0500] "GET /BLA/resoluciones/RESOLUCIONES%202019/3211.pdf HTTP/1.1" 200 393290
172.22.2.4 - - [11/Sep/2023:00:59:13 -0500] "HEAD /BLA/boletinlegal/ HTTP/1.1" 200 -
216.244.66.195 - - [11/Sep/2023:01:01:18 -0500] "GET /BLA/resoluciones/RESOLUCIONES%202019/3218.pdf HTTP/1.1" 200 372520
172.22.2.4 - - [11/Sep/2023:01:00:04 -0500] "GET /BLA/boletinlegal/ HTTP/1.1" 200 60692
201.245.192.253 - - [11/Sep/2023:01:01:59 -0500] "POST /sipse/faces/presentacion/sistema/reporte/listarReportes.xhtml HTTP/1.1" 200 24558
201.245.192.253 - - [11/Sep/2023:01:01:59 -0500] "POST /sipse/faces/presentacion/sistema/reporte/listarReportes.xhtml HTTP/1.1" 200 24558
201.245.192.253 - - [11/Sep/2023:01:02:00 -0500] "POST /sipse/faces/presentacion/sistema/reporte/listarReportes.xhtml HTTP/1.1" 200 28476
201.245.192.253 - - [11/Sep/2023:01:02:00 -0500] "POST /sipse/faces/presentacion/sistema/reporte/listarReportes.xhtml HTTP/1.1" 200 28476
216.244.66.195 - - [11/Sep/2023:01:02:04 -0500] "GET /BLA/resoluciones/RESOLUCIONES%202019/3329.pdf HTTP/1.1" 200 316507
201.245.192.253 - - [11/Sep/2023:01:02:08 -0500] "POST /sipse/faces/presentacion/sistema/reporte/listarReportes.xhtml HTTP/1.1" 200 24651
201.245.192.253 - - [11/Sep/2023:01:02:08 -0500] "POST /sipse/faces/presentacion/sistema/reporte/listarReportes.xhtml HTTP/1.1" 200 24651
201.245.192.253 - - [11/Sep/2023:01:02:15 -0500] "POST /sipse/faces/presentacion/sistema/reporte/listarReportes.xhtml HTTP/1.1" 200 911
216.244.66.195 - - [11/Sep/2023:01:02:50 -0500] "GET /BLA/resoluciones/RESOLUCIONES%202019/3366.pdf HTTP/1.1" 200 783461
172.22.2.4 - - [11/Sep/2023:01:03:35 -0500] "GET /BLA/boletinlegal/Directivas/2018/Directiva%20No.%2027%20del%2028%20de%20diciembre%20de%202018.pdf HTTP/1.1" 200 2831879
216.244.66.195 - - [11/Sep/2023:01:03:40 -0500] "GET /BLA/resoluciones/RESOLUCIONES%202019/3630.pdf HTTP/1.1" 200 593812
216.245.221.92 - - [11/Sep/2023:01:04:20 -0500] "HEAD / HTTP/1.1" 200 -
216.244.66.195 - - [11/Sep/2023:01:04:33 -0500] "GET /BLA/resoluciones/RESOLUCIONES%202019/4837.pdf HTTP/1.1" 200 365830
216.244.66.195 - - [11/Sep/2023:01:05:24 -0500] "GET /BLA/resoluciones/AUTOS%202012/0325.pdf HTTP/1.1" 200 555377
201.245.192.253 - - [11/Sep/2023:01:05:23 -0500] "POST /kwsrmcab/Wsrmcab  HTTP/1.1" 200 42865
216.244.66.195 - - [11/Sep/2023:01:06:14 -0500] "GET /BLA/resoluciones/AUTOS%202012/1516.pdf HTTP/1.1" 200 293130
172.22.2.4 - - [11/Sep/2023:01:05:03 -0500] "HEAD /BLA/boletinlegal/ HTTP/1.1" 200 -
216.244.66.195 - - [11/Sep/2023:01:06:55 -0500] "GET /BLA/resoluciones/AUTOS%202019/0262.pdf HTTP/1.1" 200 268404
172.22.2.4 - - [11/Sep/2023:01:07:26 -0500] "GET /BLA/boletinlegal/app/.git/config HTTP/1.1" 404 1018
216.244.66.195 - - [11/Sep/2023:01:07:30 -0500] "GET /BLA/resoluciones/AUTOS%202019/0285.pdf HTTP/1.1" 200 257430
172.22.2.4 - - [11/Sep/2023:01:05:54 -0500] "GET /BLA/boletinlegal/ HTTP/1.1" 200 58187
216.244.66.195 - - [11/Sep/2023:01:08:05 -0500] "GET /BLA/resoluciones/AUTOS%202019/0423.pdf HTTP/1.1" 200 248207
216.245.221.92 - - [11/Sep/2023:01:09:20 -0500] "HEAD / HTTP/1.1" 200 -
201.245.192.253 - - [11/Sep/2023:01:10:23 -0500] "POST /kwsrmcab/Wsrmcab  HTTP/1.1" 200 42865
201.245.192.253 - - [11/Sep/2023:01:10:38 -0500] "GET /sipsepre/faces/faces/faces/autenticacion.xhtml HTTP/1.1" 200 12764
201.245.192.253 - - [11/Sep/2023:01:10:38 -0500] "GET /sipsepre/js/disable_browser_buttons.js HTTP/1.1" 200 3230
201.245.192.253 - - [11/Sep/2023:01:10:38 -0500] "GET /sipsepre/js/funciones.js HTTP/1.1" 200 12592
201.245.192.253 - - [11/Sep/2023:01:10:38 -0500] "GET /sipsepre/css/custom_css_sg.css HTTP/1.1" 200 9692
201.245.192.253 - - [11/Sep/2023:01:10:38 -0500] "GET /sipsepre/faces/javax.faces.resource/layout/layout.css;jsessionid=JTeLKxtXMovIaWXYW0ZkOUM9.undefined?ln=primefaces&v=4.0 HTTP/1.1" 200 542
201.245.192.253 - - [11/Sep/2023:01:10:38 -0500] "GET /sipsepre/css/custom_css_sg_prime_login.css HTTP/1.1" 200 443
201.245.192.253 - - [11/Sep/2023:01:10:38 -0500] "GET /sipsepre/faces/javax.faces.resource/jquery/jquery.js;jsessionid=JTeLKxtXMovIaWXYW0ZkOUM9.undefined?ln=primefaces&v=4.0 HTTP/1.1" 200 105384
201.245.192.253 - - [11/Sep/2023:01:10:38 -0500] "GET /sipsepre/faces/javax.faces.resource/layout/layout.js;jsessionid=JTeLKxtXMovIaWXYW0ZkOUM9.undefined?ln=primefaces&v=4.0 HTTP/1.1" 200 87560
201.245.192.253 - - [11/Sep/2023:01:10:38 -0500] "GET /sipsepre/faces/javax.faces.resource/jquery/jquery-plugins.js;jsessionid=JTeLKxtXMovIaWXYW0ZkOUM9.undefined?ln=primefaces&v=4.0 HTTP/1.1" 200 220526
201.245.192.253 - - [11/Sep/2023:01:10:38 -0500] "GET /sipsepre/faces/javax.faces.resource/primefaces.js;jsessionid=JTeLKxtXMovIaWXYW0ZkOUM9.undefined?ln=primefaces&v=4.0 HTTP/1.1" 200 276924
201.245.192.253 - - [11/Sep/2023:01:10:38 -0500] "GET /sipsepre/faces/javax.faces.resource/theme.css?ln=primefaces-sipse HTTP/1.1" 200 50106
201.245.192.253 - - [11/Sep/2023:01:10:38 -0500] "GET /sipsepre/faces/javax.faces.resource/primefaces.css;jsessionid=JTeLKxtXMovIaWXYW0ZkOUM9.undefined?ln=primefaces&v=4.0 HTTP/1.1" 200 53325
201.245.192.253 - - [11/Sep/2023:01:10:38 -0500] "GET /sipsepre/faces/javax.faces.resource/images/ui-icons_898989_256x240.png?ln=primefaces-aristo HTTP/1.1" 200 5355
201.245.192.253 - - [11/Sep/2023:01:10:38 -0500] "GET /sipsepre/css/imagen/logoSDG.png HTTP/1.1" 200 53064
201.245.192.253 - - [11/Sep/2023:01:10:38 -0500] "GET /sipsepre/css/imagen/loginimg.png HTTP/1.1" 200 71635
201.245.192.253 - - [11/Sep/2023:01:10:38 -0500] "GET /sipsepre/faces/faces/faces/index.xhtml HTTP/1.1" 200 680
201.245.192.253 - - [11/Sep/2023:01:10:38 -0500] "GET /sipsepre/faces/javax.faces.resource/theme.css?ln=primefaces-sipse HTTP/1.1" 304 -
201.245.192.253 - - [11/Sep/2023:01:10:38 -0500] "GET /favicon.ico HTTP/1.1" 200 7782
201.245.192.253 - - [11/Sep/2023:01:10:38 -0500] "GET /sipsepre/faces/faces/faces/faces/autenticacion.xhtml HTTP/1.1" 200 12442
201.245.192.253 - - [11/Sep/2023:01:10:38 -0500] "GET /sipsepre/faces/javax.faces.resource/theme.css?ln=primefaces-sipse HTTP/1.1" 304 -
201.245.192.253 - - [11/Sep/2023:01:10:38 -0500] "GET /sipsepre/faces/javax.faces.resource/layout/layout.css?ln=primefaces&v=4.0 HTTP/1.1" 200 542
201.245.192.253 - - [11/Sep/2023:01:10:38 -0500] "GET /sipsepre/faces/javax.faces.resource/jquery/jquery.js?ln=primefaces&v=4.0 HTTP/1.1" 200 105384
201.245.192.253 - - [11/Sep/2023:01:10:38 -0500] "GET /sipsepre/faces/javax.faces.resource/jquery/jquery-plugins.js?ln=primefaces&v=4.0 HTTP/1.1" 200 220526
201.245.192.253 - - [11/Sep/2023:01:10:38 -0500] "GET /sipsepre/faces/javax.faces.resource/layout/layout.js?ln=primefaces&v=4.0 HTTP/1.1" 200 87560
201.245.192.253 - - [11/Sep/2023:01:10:38 -0500] "GET /sipsepre/faces/javax.faces.resource/primefaces.js?ln=primefaces&v=4.0 HTTP/1.1" 200 276924
201.245.192.253 - - [11/Sep/2023:01:10:38 -0500] "GET /sipsepre/faces/javax.faces.resource/primefaces.css?ln=primefaces&v=4.0 HTTP/1.1" 200 53325
201.245.192.253 - - [11/Sep/2023:01:10:38 -0500] "GET /sipsepre/faces/javax.faces.resource/images/ui-icons_898989_256x240.png?ln=primefaces-aristo HTTP/1.1" 304 -
152.61.128.50 - - [11/Sep/2023:01:11:59 -0500] "GET /arcgis/services/Calidad_del_Agua_WQI/MapServer/WMSServer?request=GetCapabilities&service=WMS HTTP/1.1" 503 1020
152.61.128.50 - - [11/Sep/2023:01:12:00 -0500] "GET /arcgis/services/Calidad_del_Agua_WQI/MapServer/WMSServer?SERVICE=WMS&REQUEST=GetCapabilities HTTP/1.1" 503 1020
152.61.128.50 - - [11/Sep/2023:01:12:01 -0500] "GET /arcgis/services/Calidad_del_Agua_WQI/MapServer/WMSServer?WMTVER=1.0.0&REQUEST=capabilities HTTP/1.1" 503 1020
201.245.192.253 - - [11/Sep/2023:01:12:13 -0500] "POST /sipsepre/faces/autenticacion.xhtml HTTP/1.1" 200 12005
201.245.192.253 - - [11/Sep/2023:01:12:15 -0500] "GET /sipsepre/css/custom_css_sg_prime.css HTTP/1.1" 200 5201
201.245.192.253 - - [11/Sep/2023:01:12:15 -0500] "GET /sipsepre/faces/javax.faces.resource/jquery/jquery.js?ln=primefaces&v=4.0 HTTP/1.1" 304 -
201.245.192.253 - - [11/Sep/2023:01:12:15 -0500] "GET /sipsepre/faces/javax.faces.resource/jquery/jquery-plugins.js?ln=primefaces&v=4.0 HTTP/1.1" 304 -
201.245.192.253 - - [11/Sep/2023:01:12:15 -0500] "GET /sipsepre/faces/javax.faces.resource/primefaces.js?ln=primefaces&v=4.0 HTTP/1.1" 304 -
201.245.192.253 - - [11/Sep/2023:01:12:15 -0500] "GET /sipsepre/faces/javax.faces.resource/layout/layout.js?ln=primefaces&v=4.0 HTTP/1.1" 304 -
201.245.192.253 - - [11/Sep/2023:01:12:15 -0500] "GET /sipsepre/faces/javax.faces.resource/messages/messages.png?ln=primefaces&v=4.0 HTTP/1.1" 200 27209
201.245.192.253 - - [11/Sep/2023:01:12:15 -0500] "POST /sipsepre/faces/presentacion/sistema/seguridad/seleccionRol.xhtml HTTP/1.1" 200 1370
201.245.192.253 - - [11/Sep/2023:01:12:18 -0500] "POST /sipsepre/faces/presentacion/sistema/seguridad/seleccionRol.xhtml HTTP/1.1" 200 6409
201.245.192.253 - - [11/Sep/2023:01:12:20 -0500] "POST /sipsepre/faces/presentacion/sistema/seguridad/seleccionRol.xhtml HTTP/1.1" 200 19464
201.245.192.253 - - [11/Sep/2023:01:12:20 -0500] "GET /sipsepre/js/jquery.min.js HTTP/1.1" 200 85582
201.245.192.253 - - [11/Sep/2023:01:12:20 -0500] "GET /sipsepre/faces/javax.faces.resource/jquery/jquery.js?ln=primefaces&v=4.0 HTTP/1.1" 304 -
201.245.192.253 - - [11/Sep/2023:01:12:20 -0500] "GET /sipsepre/faces/javax.faces.resource/jquery/jquery-plugins.js?ln=primefaces&v=4.0 HTTP/1.1" 304 -
201.245.192.253 - - [11/Sep/2023:01:12:20 -0500] "GET /sipsepre/faces/javax.faces.resource/primefaces.js?ln=primefaces&v=4.0 HTTP/1.1" 304 -
201.245.192.253 - - [11/Sep/2023:01:12:20 -0500] "GET /sipsepre/faces/javax.faces.resource/layout/layout.js?ln=primefaces&v=4.0 HTTP/1.1" 304 -
201.245.192.253 - - [11/Sep/2023:01:12:20 -0500] "GET /sipsepre/css/v_mergente.css HTTP/1.1" 200 1508
201.245.192.253 - - [11/Sep/2023:01:12:20 -0500] "GET /sipsepre/imagenes/cargando.gif HTTP/1.1" 200 36959
201.245.192.253 - - [11/Sep/2023:01:12:20 -0500] "GET /sipsepre/css/imagen/contrasena.png HTTP/1.1" 404 383
201.245.192.253 - - [11/Sep/2023:01:12:20 -0500] "GET /sipsepre/imagenes/logoAplicacion.jpg HTTP/1.1" 200 155084
