186.102.88.193 - - [11/Sep/2023:08:55:30 -0500] "GET /kwssiamovil/sm/acme/a?s=U2FsdGVkX1/IHqMyJDbYgPm1RpgJRLwjnNXRVefixPSj1iq6Tr2BdOHNgOZunrGmVxltpbL/HAymI/1uGalBUW2VeWxMlK8fOxbn/vd0SUKPVUXqenTMumG91nNwE/t8/6+b+bzju5CV152BXHZbUdD0v5gj0wuL8NC6fIVFIco=&u=U2FsdGVkX1/2yAOPKj1o92uXm7nxgx7LSCF4wlCN94k=&y=U2FsdGVkX18geFmuA99EJzHxIopT+q8Xlju+2ZnzOY5vMwRIZP/RgQ/aXNXXKgRE HTTP/1.1" 200 26
186.102.88.193 - - [11/Sep/2023:08:55:31 -0500] "GET /kwssiamovil/sm/acme/a?s=U2FsdGVkX1/6O6hR1qmd3AMxCL91ryBdLzIv+wT/8awSfNKDleSpkedJATn+91hT8oKM27j1/iUgHR3OKfB3wvX+XRFBjlNvpWWwjzGn0j4RnFgIWHOt1A4Ln/vzEYyDU/CpfPX2J0qJJLXWfx0X8GqTgLl9OoDC/ag08ugxlThObAKAUBifbJE0C3vWryq+&u=U2FsdGVkX1/2yAOPKj1o92uXm7nxgx7LSCF4wlCN94k=&y=U2FsdGVkX18geFmuA99EJzHxIopT+q8Xlju+2ZnzOY5vMwRIZP/RgQ/aXNXXKgRE HTTP/1.1" 200 26
201.245.192.253 - - [11/Sep/2023:08:55:32 -0500] "GET /forms/frmservlet?config=sae HTTP/1.1" 200 4134
216.244.66.195 - - [11/Sep/2023:08:55:38 -0500] "GET /BLA/resoluciones/AUTOS%202019/0853.pdf HTTP/1.1" 200 324640
201.245.192.253 - - [11/Sep/2023:08:55:38 -0500] "GET /forms/frmservlet?config=sae HTTP/1.1" 200 4042
201.245.192.253 - - [11/Sep/2023:08:55:45 -0500] "GET /forms/java/frmall_jinit.jar HTTP/1.1" 304 -
201.245.192.253 - - [11/Sep/2023:08:55:45 -0500] "GET /forms/java/icons.jar HTTP/1.1" 304 -
201.245.192.253 - - [11/Sep/2023:08:55:45 -0500] "GET /forms/java/java/awt/KeyboardFocusManager.class HTTP/1.1" 404 352
201.245.192.253 - - [11/Sep/2023:08:55:45 -0500] "GET /forms/java/java/awt/KeyboardFocusManager.class HTTP/1.1" 404 352
201.245.192.253 - - [11/Sep/2023:08:55:46 -0500] "GET /forms/frmservlet?config=sae HTTP/1.1" 200 4134
201.245.192.253 - - [11/Sep/2023:08:55:46 -0500] "GET /forms/java/java/awt/event/MouseWheelListener.class HTTP/1.1" 404 356
201.245.192.253 - - [11/Sep/2023:08:55:46 -0500] "GET /forms/java/java/awt/event/MouseWheelListener.class HTTP/1.1" 404 356
201.245.192.253 - - [11/Sep/2023:08:55:47 -0500] "GET /forms/java/oracle/forms/registry/Registry.dat HTTP/1.1" 200 4213
201.245.192.253 - - [11/Sep/2023:08:55:47 -0500] "GET /forms/java/oracle/forms/registry/default.dat HTTP/1.1" 404 350
201.245.192.253 - - [11/Sep/2023:08:55:52 -0500] "GET /forms/frmservlet?config=sae HTTP/1.1" 200 4042
201.245.192.253 - - [11/Sep/2023:08:55:57 -0500] "GET /forms/java/frmall_jinit.jar HTTP/1.1" 304 -
201.245.192.253 - - [11/Sep/2023:08:55:58 -0500] "GET /forms/java/icons.jar HTTP/1.1" 304 -
201.245.192.253 - - [11/Sep/2023:08:55:58 -0500] "GET /forms/java/java/awt/KeyboardFocusManager.class HTTP/1.1" 404 352
201.245.192.253 - - [11/Sep/2023:08:55:58 -0500] "GET /forms/java/java/awt/KeyboardFocusManager.class HTTP/1.1" 404 352
201.245.192.253 - - [11/Sep/2023:08:55:58 -0500] "GET /favicon.ico HTTP/1.1" 200 7782
201.245.192.253 - - [11/Sep/2023:08:55:59 -0500] "GET /forms/java/java/awt/event/MouseWheelListener.class HTTP/1.1" 404 356
201.245.192.253 - - [11/Sep/2023:08:55:59 -0500] "GET /forms/java/java/awt/event/MouseWheelListener.class HTTP/1.1" 404 356
201.245.192.253 - - [11/Sep/2023:08:55:59 -0500] "GET /forms/java/oracle/forms/registry/Registry.dat HTTP/1.1" 200 4213
201.245.192.253 - - [11/Sep/2023:08:55:59 -0500] "GET /forms/java/oracle/forms/registry/default.dat HTTP/1.1" 404 350
201.245.192.253 - - [11/Sep/2023:08:56:00 -0500] "GET /forms/frmservlet?config=sae&acceptLanguage=es-CO,es;q=0.5&ifcmd=startsession HTTP/1.1" 200 119
201.245.192.253 - - [11/Sep/2023:08:56:00 -0500] "GET /forms/lservlet;jsessionid=ac16012b30d627276427471b49389da38067db1bcabb.e3iSbxaKaheRe34Rch0Ra3mLchv0n6jAmljGr5XDqQLvpAe?ifcmd=getinfo&ifhost=A1DGCAC7ST8&ifip=192.168.173.167 HTTP/1.1" 200 8
201.245.192.253 - - [11/Sep/2023:08:56:00 -0500] "POST /forms/lservlet;jsessionid=ac16012b30d627276427471b49389da38067db1bcabb.e3iSbxaKaheRe34Rch0Ra3mLchv0n6jAmljGr5XDqQLvpAe HTTP/1.1" 200 8
201.245.192.253 - - [11/Sep/2023:08:56:01 -0500] "GET /forms/java/oracle/forms/engine/RunformBundle_es_CO.class HTTP/1.1" 404 362
201.245.192.253 - - [11/Sep/2023:08:56:01 -0500] "GET /forms/java/oracle/forms/engine/RunformBundle_es_CO.class HTTP/1.1" 404 362
201.245.192.253 - - [11/Sep/2023:08:56:01 -0500] "GET /forms/java/oracle/forms/engine/RunformBundle_es_CO.properties HTTP/1.1" 404 367
201.245.192.253 - - [11/Sep/2023:08:56:01 -0500] "POST /forms/lservlet;jsessionid=ac16012b30d627276427471b49389da38067db1bcabb.e3iSbxaKaheRe34Rch0Ra3mLchv0n6jAmljGr5XDqQLvpAe HTTP/1.1" 200 2764
201.245.192.253 - - [11/Sep/2023:08:56:03 -0500] "POST /forms/lservlet;jsessionid=ac16012b30d627276427471b49389da38067db1bcabb.e3iSbxaKaheRe34Rch0Ra3mLchv0n6jAmljGr5XDqQLvpAe HTTP/1.1" 200 2
201.245.192.253 - - [11/Sep/2023:08:56:03 -0500] "POST /forms/lservlet;jsessionid=ac16012b30d627276427471b49389da38067db1bcabb.e3iSbxaKaheRe34Rch0Ra3mLchv0n6jAmljGr5XDqQLvpAe HTTP/1.1" 200 2
172.22.2.4 - - [11/Sep/2023:08:56:13 -0500] "GET /BLA/boletinlegal/style.css HTTP/1.1" 200 9406
172.22.2.4 - - [11/Sep/2023:08:56:13 -0500] "GET /BLA/boletinlegal/styles2.css HTTP/1.1" 200 1838
172.22.2.4 - - [11/Sep/2023:08:56:13 -0500] "GET /BLA/boletinlegal/js/jquery.scrollTo-min.js HTTP/1.1" 200 1150
172.22.2.4 - - [11/Sep/2023:08:56:13 -0500] "GET /BLA/boletinlegal/js/jquery.js HTTP/1.1" 200 57254
172.22.2.4 - - [11/Sep/2023:08:56:13 -0500] "GET /BLA/boletinlegal/js/jquery.scrollShow.js HTTP/1.1" 200 4586
172.22.2.4 - - [11/Sep/2023:08:56:13 -0500] "GET /BLA/boletinlegal/images/cabezote%20BLEGAL.jpg HTTP/1.1" 200 118164
172.22.2.4 - - [11/Sep/2023:08:56:13 -0500] "GET /BLA/boletinlegal/images/screen_1.png HTTP/1.1" 200 202547
172.22.2.4 - - [11/Sep/2023:08:56:13 -0500] "GET /BLA/boletinlegal/images/historia.png HTTP/1.1" 200 52775
172.22.2.4 - - [11/Sep/2023:08:56:13 -0500] "GET /BLA/boletinlegal/images/subscribe-icon-big.png HTTP/1.1" 200 47702
172.22.2.4 - - [11/Sep/2023:08:56:13 -0500] "GET /BLA/boletinlegal/images/arr_l.jpg HTTP/1.1" 200 1979
172.22.2.4 - - [11/Sep/2023:08:56:13 -0500] "GET /BLA/boletinlegal/images/registro-usuarios.png HTTP/1.1" 200 8106
172.22.2.4 - - [11/Sep/2023:08:56:13 -0500] "GET /BLA/boletinlegal/images/launch.jpg HTTP/1.1" 200 14577
172.22.2.4 - - [11/Sep/2023:08:56:13 -0500] "GET /BLA/boletinlegal/images/menu_bg.jpg HTTP/1.1" 200 620
172.22.2.4 - - [11/Sep/2023:08:56:13 -0500] "GET /BLA/boletinlegal/images/menu_rght.gif HTTP/1.1" 200 1627
172.22.2.4 - - [11/Sep/2023:08:56:13 -0500] "GET /BLA/boletinlegal/images/menu_lft.gif HTTP/1.1" 200 1713
172.22.2.4 - - [11/Sep/2023:08:56:13 -0500] "GET /BLA/boletinlegal/images/bg_top.jpg HTTP/1.1" 200 522
172.22.2.4 - - [11/Sep/2023:08:56:13 -0500] "GET /BLA/boletinlegal/images/text.jpg HTTP/1.1" 200 568
172.22.2.4 - - [11/Sep/2023:08:56:13 -0500] "GET /BLA/boletinlegal/images/hover.jpg HTTP/1.1" 200 640
172.22.2.4 - - [11/Sep/2023:08:56:13 -0500] "GET /BLA/boletinlegal/images/body_bg.jpg HTTP/1.1" 200 1601
201.245.192.253 - - [11/Sep/2023:08:56:14 -0500] "POST /forms/lservlet;jsessionid=ac16012b30d627276427471b49389da38067db1bcabb.e3iSbxaKaheRe34Rch0Ra3mLchv0n6jAmljGr5XDqQLvpAe HTTP/1.1" 200 2865
201.245.192.253 - - [11/Sep/2023:08:56:14 -0500] "HEAD /imagenes/rt_pset.gif HTTP/1.1" 200 -
201.245.192.253 - - [11/Sep/2023:08:56:14 -0500] "HEAD /imagenes/rt_exit.gif HTTP/1.1" 200 -
201.245.192.253 - - [11/Sep/2023:08:56:14 -0500] "HEAD /imagenes/rt_help.gif HTTP/1.1" 200 -
201.245.192.253 - - [11/Sep/2023:08:56:15 -0500] "GET /imagenes/rt_exit.gif HTTP/1.1" 200 916
201.245.192.253 - - [11/Sep/2023:08:56:15 -0500] "GET /imagenes/rt_exit.gif HTTP/1.1" 200 916
201.245.192.253 - - [11/Sep/2023:08:56:15 -0500] "POST /forms/lservlet;jsessionid=ac16012b30d627276427471b49389da38067db1bcabb.e3iSbxaKaheRe34Rch0Ra3mLchv0n6jAmljGr5XDqQLvpAe HTTP/1.1" 200 7
201.245.192.253 - - [11/Sep/2023:08:56:15 -0500] "POST /forms/lservlet;jsessionid=ac16012b30d627276427471b49389da38067db1bcabb.e3iSbxaKaheRe34Rch0Ra3mLchv0n6jAmljGr5XDqQLvpAe HTTP/1.1" 200 2
201.245.192.253 - - [11/Sep/2023:08:56:15 -0500] "POST /forms/lservlet;jsessionid=ac16012b30d627276427471b49389da38067db1bcabb.e3iSbxaKaheRe34Rch0Ra3mLchv0n6jAmljGr5XDqQLvpAe HTTP/1.1" 200 2
201.245.192.253 - - [11/Sep/2023:08:56:15 -0500] "POST /forms/lservlet;jsessionid=ac16012b30d627276427471b49389da38067db1bcabb.e3iSbxaKaheRe34Rch0Ra3mLchv0n6jAmljGr5XDqQLvpAe HTTP/1.1" 200 2
201.245.192.253 - - [11/Sep/2023:08:56:15 -0500] "POST /forms/lservlet;jsessionid=ac16012b30d627276427471b49389da38067db1bcabb.e3iSbxaKaheRe34Rch0Ra3mLchv0n6jAmljGr5XDqQLvpAe HTTP/1.1" 200 2
201.245.192.253 - - [11/Sep/2023:08:56:20 -0500] "POST /forms/lservlet;jsessionid=ac16012b30d627276427471b49389da38067db1bcabb.e3iSbxaKaheRe34Rch0Ra3mLchv0n6jAmljGr5XDqQLvpAe HTTP/1.1" 200 10856
201.245.192.253 - - [11/Sep/2023:08:56:20 -0500] "HEAD /imagenes/msh_close.gif HTTP/1.1" 404 -
201.245.192.253 - - [11/Sep/2023:08:56:20 -0500] "GET /imagenes/msh_close.gif HTTP/1.1" 404 328
172.22.2.4 - - [11/Sep/2023:08:56:20 -0500] "GET /BLA/boletinlegal/images/screen_2.png HTTP/1.1" 200 362502
172.22.2.4 - - [11/Sep/2023:08:56:20 -0500] "GET /BLA/boletinlegal/images/screen_3.png HTTP/1.1" 200 210620
201.245.192.253 - - [11/Sep/2023:08:56:20 -0500] "HEAD /imagenes/rt_quer1.gif HTTP/1.1" 200 -
172.22.2.4 - - [11/Sep/2023:08:56:20 -0500] "GET /BLA/boletinlegal/images/screen_5.png HTTP/1.1" 200 368876
172.22.2.4 - - [11/Sep/2023:08:56:20 -0500] "GET /BLA/boletinlegal/images/footer_bg.jpg HTTP/1.1" 200 586
172.22.2.4 - - [11/Sep/2023:08:56:20 -0500] "GET /BLA/boletinlegal/images/arr_r.jpg HTTP/1.1" 200 1998
201.245.192.253 - - [11/Sep/2023:08:56:20 -0500] "HEAD /imagenes/rt_quer2.gif HTTP/1.1" 200 -
201.245.192.253 - - [11/Sep/2023:08:56:20 -0500] "HEAD /imagenes/rt_quer3.gif HTTP/1.1" 200 -
201.245.192.253 - - [11/Sep/2023:08:56:20 -0500] "HEAD /imagenes/rt_radd.gif HTTP/1.1" 200 -
201.245.192.253 - - [11/Sep/2023:08:56:20 -0500] "HEAD /imagenes/rt_rdel.gif HTTP/1.1" 200 -
201.245.192.253 - - [11/Sep/2023:08:56:20 -0500] "HEAD /imagenes/rt_rec1.gif HTTP/1.1" 200 -
201.245.192.253 - - [11/Sep/2023:08:56:20 -0500] "HEAD /imagenes/rt_rec4.gif HTTP/1.1" 200 -
201.245.192.253 - - [11/Sep/2023:08:56:20 -0500] "HEAD /imagenes/rt_save.gif HTTP/1.1" 200 -
201.245.192.253 - - [11/Sep/2023:08:56:20 -0500] "HEAD /imagenes/rt_print.gif HTTP/1.1" 200 -
201.245.192.253 - - [11/Sep/2023:08:56:20 -0500] "HEAD /imagenes/listval.gif HTTP/1.1" 200 -
201.245.192.253 - - [11/Sep/2023:08:56:21 -0500] "GET /imagenes/rt_quer1.gif HTTP/1.1" 200 930
201.245.192.253 - - [11/Sep/2023:08:56:21 -0500] "GET /imagenes/rt_quer2.gif HTTP/1.1" 200 936
201.245.192.253 - - [11/Sep/2023:08:56:21 -0500] "GET /imagenes/rt_quer3.gif HTTP/1.1" 200 939
201.245.192.253 - - [11/Sep/2023:08:56:21 -0500] "GET /imagenes/rt_radd.gif HTTP/1.1" 200 907
201.245.192.253 - - [11/Sep/2023:08:56:21 -0500] "GET /imagenes/rt_rdel.gif HTTP/1.1" 200 899
201.245.192.253 - - [11/Sep/2023:08:56:21 -0500] "GET /imagenes/rt_rec1.gif HTTP/1.1" 200 867
201.245.192.253 - - [11/Sep/2023:08:56:21 -0500] "GET /imagenes/rt_rec4.gif HTTP/1.1" 200 865
201.245.192.253 - - [11/Sep/2023:08:56:21 -0500] "GET /imagenes/rt_save.gif HTTP/1.1" 200 903
201.245.192.253 - - [11/Sep/2023:08:56:21 -0500] "GET /imagenes/rt_print.gif HTTP/1.1" 200 916
201.245.192.253 - - [11/Sep/2023:08:56:21 -0500] "GET /imagenes/listval.gif HTTP/1.1" 200 905
201.245.192.253 - - [11/Sep/2023:08:56:21 -0500] "POST /forms/lservlet;jsessionid=ac16012b30d627276427471b49389da38067db1bcabb.e3iSbxaKaheRe34Rch0Ra3mLchv0n6jAmljGr5XDqQLvpAe HTTP/1.1" 200 10
201.245.192.253 - - [11/Sep/2023:08:56:21 -0500] "POST /forms/lservlet;jsessionid=ac16012b30d627276427471b49389da38067db1bcabb.e3iSbxaKaheRe34Rch0Ra3mLchv0n6jAmljGr5XDqQLvpAe HTTP/1.1" 200 2
201.245.192.253 - - [11/Sep/2023:08:56:22 -0500] "POST /forms/lservlet;jsessionid=ac16012b30d627276427471b49389da38067db1bcabb.e3iSbxaKaheRe34Rch0Ra3mLchv0n6jAmljGr5XDqQLvpAe HTTP/1.1" 200 1455
216.244.66.195 - - [11/Sep/2023:08:56:25 -0500] "GET /BLA/resoluciones/AUTOS%202019/1906.pdf HTTP/1.1" 200 330852
201.245.192.253 - - [11/Sep/2023:08:56:26 -0500] "POST /forms/lservlet;jsessionid=ac16012b30d627276427471b49389da38067db1bcabb.e3iSbxaKaheRe34Rch0Ra3mLchv0n6jAmljGr5XDqQLvpAe HTTP/1.1" 200 914
201.245.192.253 - - [11/Sep/2023:08:56:27 -0500] "POST /forms/lservlet;jsessionid=ac16012b30d627276427471b49389da38067db1bcabb.e3iSbxaKaheRe34Rch0Ra3mLchv0n6jAmljGr5XDqQLvpAe HTTP/1.1" 200 773
201.245.192.253 - - [11/Sep/2023:08:56:29 -0500] "POST /forms/lservlet;jsessionid=ac16012b30d627276427471b49389da38067db1bcabb.e3iSbxaKaheRe34Rch0Ra3mLchv0n6jAmljGr5XDqQLvpAe HTTP/1.1" 200 567
201.245.192.253 - - [11/Sep/2023:08:56:30 -0500] "POST /forms/lservlet;jsessionid=ac16012b30d627276427471b49389da38067db1bcabb.e3iSbxaKaheRe34Rch0Ra3mLchv0n6jAmljGr5XDqQLvpAe HTTP/1.1" 200 521
201.245.192.253 - - [11/Sep/2023:08:56:31 -0500] "POST /forms/lservlet;jsessionid=ac16012b30d627276427471b49389da38067db1bcabb.e3iSbxaKaheRe34Rch0Ra3mLchv0n6jAmljGr5XDqQLvpAe HTTP/1.1" 200 758
201.245.192.253 - - [11/Sep/2023:08:56:32 -0500] "POST /forms/lservlet;jsessionid=ac16012b30d627276427471b49389da38067db1bcabb.e3iSbxaKaheRe34Rch0Ra3mLchv0n6jAmljGr5XDqQLvpAe HTTP/1.1" 200 805
201.245.192.253 - - [11/Sep/2023:08:56:33 -0500] "POST /forms/lservlet;jsessionid=ac16012b30d627276427471b49389da38067db1bcabb.e3iSbxaKaheRe34Rch0Ra3mLchv0n6jAmljGr5XDqQLvpAe HTTP/1.1" 200 522
201.245.192.253 - - [11/Sep/2023:08:56:33 -0500] "POST /forms/lservlet;jsessionid=ac16012b30d627276427471b49389da38067db1bcabb.e3iSbxaKaheRe34Rch0Ra3mLchv0n6jAmljGr5XDqQLvpAe HTTP/1.1" 200 525
201.245.192.253 - - [11/Sep/2023:08:56:33 -0500] "POST /forms/lservlet;jsessionid=ac16012b30d627276427471b49389da38067db1bcabb.e3iSbxaKaheRe34Rch0Ra3mLchv0n6jAmljGr5XDqQLvpAe HTTP/1.1" 200 567
201.245.192.253 - - [11/Sep/2023:08:56:33 -0500] "POST /forms/lservlet;jsessionid=ac16012b30d627276427471b49389da38067db1bcabb.e3iSbxaKaheRe34Rch0Ra3mLchv0n6jAmljGr5XDqQLvpAe HTTP/1.1" 200 926
201.245.192.253 - - [11/Sep/2023:08:56:34 -0500] "POST /forms/lservlet;jsessionid=ac16012b30d627276427471b49389da38067db1bcabb.e3iSbxaKaheRe34Rch0Ra3mLchv0n6jAmljGr5XDqQLvpAe HTTP/1.1" 200 7
172.22.2.4 - - [11/Sep/2023:08:56:13 -0500] "GET /BLA/boletinlegal/index.php HTTP/1.1" 200 32715
216.244.66.195 - - [11/Sep/2023:08:57:16 -0500] "GET /BLA/resoluciones/AUTOS%202019/2286.pdf HTTP/1.1" 200 347135
201.245.192.253 - - [11/Sep/2023:08:57:24 -0500] "POST /forms/lservlet;jsessionid=ac16012b30d627276427471b49389da38067db1bcabb.e3iSbxaKaheRe34Rch0Ra3mLchv0n6jAmljGr5XDqQLvpAe HTTP/1.1" 200 13
201.245.192.253 - - [11/Sep/2023:08:57:25 -0500] "POST /forms/lservlet;jsessionid=ac16012b30d627276427471b49389da38067db1bcabb.e3iSbxaKaheRe34Rch0Ra3mLchv0n6jAmljGr5XDqQLvpAe HTTP/1.1" 200 634
201.245.192.253 - - [11/Sep/2023:08:57:25 -0500] "POST /forms/lservlet;jsessionid=ac16012b30d627276427471b49389da38067db1bcabb.e3iSbxaKaheRe34Rch0Ra3mLchv0n6jAmljGr5XDqQLvpAe HTTP/1.1" 200 11
201.245.192.253 - - [11/Sep/2023:08:57:26 -0500] "POST /forms/lservlet;jsessionid=ac16012b30d627276427471b49389da38067db1bcabb.e3iSbxaKaheRe34Rch0Ra3mLchv0n6jAmljGr5XDqQLvpAe HTTP/1.1" 200 35
201.245.192.253 - - [11/Sep/2023:08:57:27 -0500] "POST /forms/lservlet;jsessionid=ac16012b30d627276427471b49389da38067db1bcabb.e3iSbxaKaheRe34Rch0Ra3mLchv0n6jAmljGr5XDqQLvpAe HTTP/1.1" 200 37
201.245.192.253 - - [11/Sep/2023:08:57:27 -0500] "POST /forms/lservlet;jsessionid=ac16012b30d627276427471b49389da38067db1bcabb.e3iSbxaKaheRe34Rch0Ra3mLchv0n6jAmljGr5XDqQLvpAe HTTP/1.1" 200 27
201.245.192.253 - - [11/Sep/2023:08:57:27 -0500] "POST /forms/lservlet;jsessionid=ac16012b30d627276427471b49389da38067db1bcabb.e3iSbxaKaheRe34Rch0Ra3mLchv0n6jAmljGr5XDqQLvpAe HTTP/1.1" 200 11
201.245.192.253 - - [11/Sep/2023:08:57:28 -0500] "POST /forms/lservlet;jsessionid=ac16012b30d627276427471b49389da38067db1bcabb.e3iSbxaKaheRe34Rch0Ra3mLchv0n6jAmljGr5XDqQLvpAe HTTP/1.1" 200 14
201.245.192.253 - - [11/Sep/2023:08:57:29 -0500] "POST /forms/lservlet;jsessionid=ac16012b30d627276427471b49389da38067db1bcabb.e3iSbxaKaheRe34Rch0Ra3mLchv0n6jAmljGr5XDqQLvpAe HTTP/1.1" 200 11
201.245.192.253 - - [11/Sep/2023:08:57:30 -0500] "POST /forms/lservlet;jsessionid=ac16012b30d627276427471b49389da38067db1bcabb.e3iSbxaKaheRe34Rch0Ra3mLchv0n6jAmljGr5XDqQLvpAe HTTP/1.1" 200 27
201.245.192.253 - - [11/Sep/2023:08:57:47 -0500] "POST /forms/lservlet;jsessionid=ac16012b30d627276427471b49389da38067db1bcabb.e3iSbxaKaheRe34Rch0Ra3mLchv0n6jAmljGr5XDqQLvpAe HTTP/1.1" 200 18
201.245.192.253 - - [11/Sep/2023:08:57:52 -0500] "POST /forms/lservlet;jsessionid=ac16012b30d627276427471b49389da38067db1bcabb.e3iSbxaKaheRe34Rch0Ra3mLchv0n6jAmljGr5XDqQLvpAe HTTP/1.1" 200 52
201.245.192.253 - - [11/Sep/2023:08:57:52 -0500] "POST /forms/lservlet;jsessionid=ac16012b30d627276427471b49389da38067db1bcabb.e3iSbxaKaheRe34Rch0Ra3mLchv0n6jAmljGr5XDqQLvpAe HTTP/1.1" 200 2
201.245.192.253 - - [11/Sep/2023:08:57:56 -0500] "POST /forms/lservlet;jsessionid=ac16012b30d627276427471b49389da38067db1bcabb.e3iSbxaKaheRe34Rch0Ra3mLchv0n6jAmljGr5XDqQLvpAe HTTP/1.1" 200 57
201.245.192.253 - - [11/Sep/2023:08:57:57 -0500] "POST /forms/lservlet;jsessionid=ac16012b30d627276427471b49389da38067db1bcabb.e3iSbxaKaheRe34Rch0Ra3mLchv0n6jAmljGr5XDqQLvpAe HTTP/1.1" 200 305
201.245.192.253 - - [11/Sep/2023:08:57:57 -0500] "POST /forms/lservlet;jsessionid=ac16012b30d627276427471b49389da38067db1bcabb.e3iSbxaKaheRe34Rch0Ra3mLchv0n6jAmljGr5XDqQLvpAe HTTP/1.1" 200 13
201.245.192.253 - - [11/Sep/2023:08:57:57 -0500] "POST /forms/lservlet;jsessionid=ac16012b30d627276427471b49389da38067db1bcabb.e3iSbxaKaheRe34Rch0Ra3mLchv0n6jAmljGr5XDqQLvpAe HTTP/1.1" 200 2
201.245.192.253 - - [11/Sep/2023:08:57:58 -0500] "POST /forms/lservlet;jsessionid=ac16012b30d627276427471b49389da38067db1bcabb.e3iSbxaKaheRe34Rch0Ra3mLchv0n6jAmljGr5XDqQLvpAe HTTP/1.1" 200 786
201.245.192.253 - - [11/Sep/2023:08:57:58 -0500] "POST /forms/lservlet;jsessionid=ac16012b30d627276427471b49389da38067db1bcabb.e3iSbxaKaheRe34Rch0Ra3mLchv0n6jAmljGr5XDqQLvpAe HTTP/1.1" 200 2
201.245.192.253 - - [11/Sep/2023:08:58:01 -0500] "POST /forms/lservlet;jsessionid=ac16012b30d627276427471b49389da38067db1bcabb.e3iSbxaKaheRe34Rch0Ra3mLchv0n6jAmljGr5XDqQLvpAe HTTP/1.1" 200 2
162.55.175.141 - - [11/Sep/2023:08:58:02 -0500] "GET / HTTP/1.1" 200 319
216.244.66.195 - - [11/Sep/2023:08:58:03 -0500] "GET /BLA/resoluciones/AUTOS%202019/2718.pdf HTTP/1.1" 200 255155
201.245.192.253 - - [11/Sep/2023:08:58:06 -0500] "POST /forms/lservlet;jsessionid=ac16012b30d627276427471b49389da38067db1bcabb.e3iSbxaKaheRe34Rch0Ra3mLchv0n6jAmljGr5XDqQLvpAe HTTP/1.1" 200 35
201.245.192.253 - - [11/Sep/2023:08:58:06 -0500] "POST /forms/lservlet;jsessionid=ac16012b30d627276427471b49389da38067db1bcabb.e3iSbxaKaheRe34Rch0Ra3mLchv0n6jAmljGr5XDqQLvpAe HTTP/1.1" 200 80
201.245.192.253 - - [11/Sep/2023:08:58:06 -0500] "POST /forms/lservlet;jsessionid=ac16012b30d627276427471b49389da38067db1bcabb.e3iSbxaKaheRe34Rch0Ra3mLchv0n6jAmljGr5XDqQLvpAe HTTP/1.1" 200 2
201.245.192.253 - - [11/Sep/2023:08:58:07 -0500] "POST /forms/lservlet;jsessionid=ac16012b30d627276427471b49389da38067db1bcabb.e3iSbxaKaheRe34Rch0Ra3mLchv0n6jAmljGr5XDqQLvpAe HTTP/1.1" 200 84
201.245.192.253 - - [11/Sep/2023:08:58:07 -0500] "POST /forms/lservlet;jsessionid=ac16012b30d627276427471b49389da38067db1bcabb.e3iSbxaKaheRe34Rch0Ra3mLchv0n6jAmljGr5XDqQLvpAe HTTP/1.1" 200 30
201.245.192.253 - - [11/Sep/2023:08:58:15 -0500] "POST /forms/lservlet;jsessionid=ac16012b30d627276427471b49389da38067db1bcabb.e3iSbxaKaheRe34Rch0Ra3mLchv0n6jAmljGr5XDqQLvpAe HTTP/1.1" 200 37
201.245.192.253 - - [11/Sep/2023:08:58:34 -0500] "POST /forms/lservlet;jsessionid=ac16012b30d627276427471b49389da38067db1bcabb.e3iSbxaKaheRe34Rch0Ra3mLchv0n6jAmljGr5XDqQLvpAe HTTP/1.1" 200 42
201.245.192.253 - - [11/Sep/2023:08:58:34 -0500] "POST /forms/lservlet;jsessionid=ac16012b30d627276427471b49389da38067db1bcabb.e3iSbxaKaheRe34Rch0Ra3mLchv0n6jAmljGr5XDqQLvpAe HTTP/1.1" 200 8
201.245.192.253 - - [11/Sep/2023:08:58:34 -0500] "POST /forms/lservlet;jsessionid=ac16012b30d627276427471b49389da38067db1bcabb.e3iSbxaKaheRe34Rch0Ra3mLchv0n6jAmljGr5XDqQLvpAe HTTP/1.1" 200 2
201.245.192.253 - - [11/Sep/2023:08:58:36 -0500] "POST /forms/lservlet;jsessionid=ac16012b30d627276427471b49389da38067db1bcabb.e3iSbxaKaheRe34Rch0Ra3mLchv0n6jAmljGr5XDqQLvpAe HTTP/1.1" 200 91
201.245.192.253 - - [11/Sep/2023:08:58:37 -0500] "POST /forms/lservlet;jsessionid=ac16012b30d627276427471b49389da38067db1bcabb.e3iSbxaKaheRe34Rch0Ra3mLchv0n6jAmljGr5XDqQLvpAe HTTP/1.1" 200 85
201.245.192.253 - - [11/Sep/2023:08:58:47 -0500] "POST /forms/lservlet;jsessionid=ac16012b30d627276427471b49389da38067db1bcabb.e3iSbxaKaheRe34Rch0Ra3mLchv0n6jAmljGr5XDqQLvpAe HTTP/1.1" 200 32
201.245.192.253 - - [11/Sep/2023:08:58:47 -0500] "POST /forms/lservlet;jsessionid=ac16012b30d627276427471b49389da38067db1bcabb.e3iSbxaKaheRe34Rch0Ra3mLchv0n6jAmljGr5XDqQLvpAe HTTP/1.1" 200 8
201.245.192.253 - - [11/Sep/2023:08:58:47 -0500] "POST /forms/lservlet;jsessionid=ac16012b30d627276427471b49389da38067db1bcabb.e3iSbxaKaheRe34Rch0Ra3mLchv0n6jAmljGr5XDqQLvpAe HTTP/1.1" 200 2
201.245.192.253 - - [11/Sep/2023:08:58:48 -0500] "POST /forms/lservlet;jsessionid=ac16012b30d627276427471b49389da38067db1bcabb.e3iSbxaKaheRe34Rch0Ra3mLchv0n6jAmljGr5XDqQLvpAe HTTP/1.1" 200 267
216.244.66.195 - - [11/Sep/2023:08:58:50 -0500] "GET /BLA/resoluciones/AUTOS%202019/3112.pdf HTTP/1.1" 200 264882
201.245.192.253 - - [11/Sep/2023:08:58:49 -0500] "POST /kwsrmcab/Wsrmcab  HTTP/1.1" 200 42865
201.245.192.253 - - [11/Sep/2023:08:58:52 -0500] "POST /forms/lservlet;jsessionid=ac16012b30d627276427471b49389da38067db1bcabb.e3iSbxaKaheRe34Rch0Ra3mLchv0n6jAmljGr5XDqQLvpAe HTTP/1.1" 200 57
201.245.192.253 - - [11/Sep/2023:08:58:53 -0500] "POST /forms/lservlet;jsessionid=ac16012b30d627276427471b49389da38067db1bcabb.e3iSbxaKaheRe34Rch0Ra3mLchv0n6jAmljGr5XDqQLvpAe HTTP/1.1" 200 2
201.245.192.253 - - [11/Sep/2023:08:58:54 -0500] "POST /forms/lservlet;jsessionid=ac16012b30d627276427471b49389da38067db1bcabb.e3iSbxaKaheRe34Rch0Ra3mLchv0n6jAmljGr5XDqQLvpAe HTTP/1.1" 200 111
201.245.192.253 - - [11/Sep/2023:08:58:55 -0500] "POST /forms/lservlet;jsessionid=ac16012b30d627276427471b49389da38067db1bcabb.e3iSbxaKaheRe34Rch0Ra3mLchv0n6jAmljGr5XDqQLvpAe HTTP/1.1" 200 254
201.245.192.253 - - [11/Sep/2023:08:58:59 -0500] "POST /forms/lservlet;jsessionid=ac16012b30d627276427471b49389da38067db1bcabb.e3iSbxaKaheRe34Rch0Ra3mLchv0n6jAmljGr5XDqQLvpAe HTTP/1.1" 200 56
201.245.192.253 - - [11/Sep/2023:08:59:00 -0500] "POST /forms/lservlet;jsessionid=ac16012b30d627276427471b49389da38067db1bcabb.e3iSbxaKaheRe34Rch0Ra3mLchv0n6jAmljGr5XDqQLvpAe HTTP/1.1" 200 2
201.245.192.253 - - [11/Sep/2023:08:59:01 -0500] "POST /forms/lservlet;jsessionid=ac16012b30d627276427471b49389da38067db1bcabb.e3iSbxaKaheRe34Rch0Ra3mLchv0n6jAmljGr5XDqQLvpAe HTTP/1.1" 200 96
201.245.192.253 - - [11/Sep/2023:08:59:02 -0500] "POST /forms/lservlet;jsessionid=ac16012b30d627276427471b49389da38067db1bcabb.e3iSbxaKaheRe34Rch0Ra3mLchv0n6jAmljGr5XDqQLvpAe HTTP/1.1" 200 221
201.245.192.253 - - [11/Sep/2023:08:59:07 -0500] "POST /forms/lservlet;jsessionid=ac16012b30d627276427471b49389da38067db1bcabb.e3iSbxaKaheRe34Rch0Ra3mLchv0n6jAmljGr5XDqQLvpAe HTTP/1.1" 200 57
201.245.192.253 - - [11/Sep/2023:08:59:08 -0500] "POST /forms/lservlet;jsessionid=ac16012b30d627276427471b49389da38067db1bcabb.e3iSbxaKaheRe34Rch0Ra3mLchv0n6jAmljGr5XDqQLvpAe HTTP/1.1" 200 2
201.245.192.253 - - [11/Sep/2023:08:59:10 -0500] "POST /forms/lservlet;jsessionid=ac16012b30d627276427471b49389da38067db1bcabb.e3iSbxaKaheRe34Rch0Ra3mLchv0n6jAmljGr5XDqQLvpAe HTTP/1.1" 200 90
201.245.192.253 - - [11/Sep/2023:08:59:11 -0500] "POST /forms/lservlet;jsessionid=ac16012b30d627276427471b49389da38067db1bcabb.e3iSbxaKaheRe34Rch0Ra3mLchv0n6jAmljGr5XDqQLvpAe HTTP/1.1" 200 66
201.245.192.253 - - [11/Sep/2023:08:59:11 -0500] "POST /forms/lservlet;jsessionid=ac16012b30d627276427471b49389da38067db1bcabb.e3iSbxaKaheRe34Rch0Ra3mLchv0n6jAmljGr5XDqQLvpAe HTTP/1.1" 200 178
172.22.2.4 - - [11/Sep/2023:08:57:35 -0500] "HEAD /BLA/boletinlegal/ HTTP/1.1" 200 -
216.245.221.92 - - [11/Sep/2023:08:59:19 -0500] "HEAD / HTTP/1.1" 200 -
201.245.192.253 - - [11/Sep/2023:08:59:19 -0500] "POST /forms/lservlet;jsessionid=ac16012b30d627276427471b49389da38067db1bcabb.e3iSbxaKaheRe34Rch0Ra3mLchv0n6jAmljGr5XDqQLvpAe HTTP/1.1" 200 56
201.245.192.253 - - [11/Sep/2023:08:59:20 -0500] "POST /forms/lservlet;jsessionid=ac16012b30d627276427471b49389da38067db1bcabb.e3iSbxaKaheRe34Rch0Ra3mLchv0n6jAmljGr5XDqQLvpAe HTTP/1.1" 200 2
201.245.192.253 - - [11/Sep/2023:08:59:28 -0500] "POST /forms/lservlet;jsessionid=ac16012b30d627276427471b49389da38067db1bcabb.e3iSbxaKaheRe34Rch0Ra3mLchv0n6jAmljGr5XDqQLvpAe HTTP/1.1" 200 97
201.245.192.253 - - [11/Sep/2023:08:59:30 -0500] "POST /forms/lservlet;jsessionid=ac16012b30d627276427471b49389da38067db1bcabb.e3iSbxaKaheRe34Rch0Ra3mLchv0n6jAmljGr5XDqQLvpAe HTTP/1.1" 200 66
201.245.192.253 - - [11/Sep/2023:08:59:31 -0500] "POST /forms/lservlet;jsessionid=ac16012b30d627276427471b49389da38067db1bcabb.e3iSbxaKaheRe34Rch0Ra3mLchv0n6jAmljGr5XDqQLvpAe HTTP/1.1" 200 248
201.245.192.253 - - [11/Sep/2023:08:59:35 -0500] "POST /forms/lservlet;jsessionid=ac16012b30d627276427471b49389da38067db1bcabb.e3iSbxaKaheRe34Rch0Ra3mLchv0n6jAmljGr5XDqQLvpAe HTTP/1.1" 200 57
201.245.192.253 - - [11/Sep/2023:08:59:36 -0500] "POST /forms/lservlet;jsessionid=ac16012b30d627276427471b49389da38067db1bcabb.e3iSbxaKaheRe34Rch0Ra3mLchv0n6jAmljGr5XDqQLvpAe HTTP/1.1" 200 2
201.245.192.253 - - [11/Sep/2023:08:59:37 -0500] "POST /forms/lservlet;jsessionid=ac16012b30d627276427471b49389da38067db1bcabb.e3iSbxaKaheRe34Rch0Ra3mLchv0n6jAmljGr5XDqQLvpAe HTTP/1.1" 200 83
216.244.66.195 - - [11/Sep/2023:08:59:39 -0500] "GET /BLA/resoluciones/AUTOS%202019/3196.pdf HTTP/1.1" 200 271916
201.245.192.253 - - [11/Sep/2023:08:59:42 -0500] "POST /forms/lservlet;jsessionid=ac16012b30d627276427471b49389da38067db1bcabb.e3iSbxaKaheRe34Rch0Ra3mLchv0n6jAmljGr5XDqQLvpAe HTTP/1.1" 200 235
201.245.192.253 - - [11/Sep/2023:08:59:42 -0500] "POST /forms/lservlet;jsessionid=ac16012b30d627276427471b49389da38067db1bcabb.e3iSbxaKaheRe34Rch0Ra3mLchv0n6jAmljGr5XDqQLvpAe HTTP/1.1" 200 2
201.245.192.253 - - [11/Sep/2023:09:00:01 -0500] "POST /forms/lservlet;jsessionid=ac16012b30d627276427471b49389da38067db1bcabb.e3iSbxaKaheRe34Rch0Ra3mLchv0n6jAmljGr5XDqQLvpAe HTTP/1.1" 200 2
172.22.2.4 - - [11/Sep/2023:08:58:25 -0500] "GET /BLA/boletinlegal/ HTTP/1.1" 200 50790
216.244.66.195 - - [11/Sep/2023:09:00:22 -0500] "GET /BLA/resoluciones/AUTOS%202019/3449.pdf HTTP/1.1" 200 344164
201.245.192.253 - - [11/Sep/2023:09:00:28 -0500] "POST /forms/lservlet;jsessionid=ac16012b30d627276427471b49389da38067db1bcabb.e3iSbxaKaheRe34Rch0Ra3mLchv0n6jAmljGr5XDqQLvpAe HTTP/1.1" 200 56
201.245.192.253 - - [11/Sep/2023:09:00:30 -0500] "POST /forms/lservlet;jsessionid=ac16012b30d627276427471b49389da38067db1bcabb.e3iSbxaKaheRe34Rch0Ra3mLchv0n6jAmljGr5XDqQLvpAe HTTP/1.1" 200 2
201.245.192.253 - - [11/Sep/2023:09:00:30 -0500] "POST /forms/lservlet;jsessionid=ac16012b30d627276427471b49389da38067db1bcabb.e3iSbxaKaheRe34Rch0Ra3mLchv0n6jAmljGr5XDqQLvpAe HTTP/1.1" 200 112
201.245.192.253 - - [11/Sep/2023:09:00:32 -0500] "POST /forms/lservlet;jsessionid=ac16012b30d627276427471b49389da38067db1bcabb.e3iSbxaKaheRe34Rch0Ra3mLchv0n6jAmljGr5XDqQLvpAe HTTP/1.1" 200 66
201.245.192.253 - - [11/Sep/2023:09:00:33 -0500] "POST /forms/lservlet;jsessionid=ac16012b30d627276427471b49389da38067db1bcabb.e3iSbxaKaheRe34Rch0Ra3mLchv0n6jAmljGr5XDqQLvpAe HTTP/1.1" 200 218
201.245.192.253 - - [11/Sep/2023:09:00:36 -0500] "POST /forms/lservlet;jsessionid=ac16012b30d627276427471b49389da38067db1bcabb.e3iSbxaKaheRe34Rch0Ra3mLchv0n6jAmljGr5XDqQLvpAe HTTP/1.1" 200 57
201.245.192.253 - - [11/Sep/2023:09:00:37 -0500] "POST /forms/lservlet;jsessionid=ac16012b30d627276427471b49389da38067db1bcabb.e3iSbxaKaheRe34Rch0Ra3mLchv0n6jAmljGr5XDqQLvpAe HTTP/1.1" 200 109
201.245.192.253 - - [11/Sep/2023:09:00:40 -0500] "POST /forms/lservlet;jsessionid=ac16012b30d627276427471b49389da38067db1bcabb.e3iSbxaKaheRe34Rch0Ra3mLchv0n6jAmljGr5XDqQLvpAe HTTP/1.1" 200 32
201.245.192.253 - - [11/Sep/2023:09:00:40 -0500] "POST /forms/lservlet;jsessionid=ac16012b30d627276427471b49389da38067db1bcabb.e3iSbxaKaheRe34Rch0Ra3mLchv0n6jAmljGr5XDqQLvpAe HTTP/1.1" 200 8
201.245.192.253 - - [11/Sep/2023:09:00:40 -0500] "POST /forms/lservlet;jsessionid=ac16012b30d627276427471b49389da38067db1bcabb.e3iSbxaKaheRe34Rch0Ra3mLchv0n6jAmljGr5XDqQLvpAe HTTP/1.1" 200 2
201.245.192.253 - - [11/Sep/2023:09:00:41 -0500] "POST /forms/lservlet;jsessionid=ac16012b30d627276427471b49389da38067db1bcabb.e3iSbxaKaheRe34Rch0Ra3mLchv0n6jAmljGr5XDqQLvpAe HTTP/1.1" 200 208
201.245.192.253 - - [11/Sep/2023:09:00:42 -0500] "POST /forms/lservlet;jsessionid=ac16012b30d627276427471b49389da38067db1bcabb.e3iSbxaKaheRe34Rch0Ra3mLchv0n6jAmljGr5XDqQLvpAe HTTP/1.1" 200 133
201.245.192.253 - - [11/Sep/2023:09:00:42 -0500] "POST /forms/lservlet;jsessionid=ac16012b30d627276427471b49389da38067db1bcabb.e3iSbxaKaheRe34Rch0Ra3mLchv0n6jAmljGr5XDqQLvpAe HTTP/1.1" 200 27
201.245.192.253 - - [11/Sep/2023:09:00:43 -0500] "POST /forms/lservlet;jsessionid=ac16012b30d627276427471b49389da38067db1bcabb.e3iSbxaKaheRe34Rch0Ra3mLchv0n6jAmljGr5XDqQLvpAe HTTP/1.1" 200 2
201.245.192.253 - - [11/Sep/2023:09:00:43 -0500] "POST /forms/lservlet;jsessionid=ac16012b30d627276427471b49389da38067db1bcabb.e3iSbxaKaheRe34Rch0Ra3mLchv0n6jAmljGr5XDqQLvpAe HTTP/1.1" 200 524
201.245.192.253 - - [11/Sep/2023:09:00:43 -0500] "POST /forms/lservlet;jsessionid=ac16012b30d627276427471b49389da38067db1bcabb.e3iSbxaKaheRe34Rch0Ra3mLchv0n6jAmljGr5XDqQLvpAe HTTP/1.1" 200 2
201.245.192.253 - - [11/Sep/2023:09:00:46 -0500] "POST /forms/lservlet;jsessionid=ac16012b30d627276427471b49389da38067db1bcabb.e3iSbxaKaheRe34Rch0Ra3mLchv0n6jAmljGr5XDqQLvpAe HTTP/1.1" 200 19
201.245.192.253 - - [11/Sep/2023:09:00:46 -0500] "POST /forms/lservlet;jsessionid=ac16012b30d627276427471b49389da38067db1bcabb.e3iSbxaKaheRe34Rch0Ra3mLchv0n6jAmljGr5XDqQLvpAe HTTP/1.1" 200 43
201.245.192.253 - - [11/Sep/2023:09:00:46 -0500] "POST /forms/lservlet;jsessionid=ac16012b30d627276427471b49389da38067db1bcabb.e3iSbxaKaheRe34Rch0Ra3mLchv0n6jAmljGr5XDqQLvpAe HTTP/1.1" 200 137
201.245.192.253 - - [11/Sep/2023:09:00:54 -0500] "POST /forms/lservlet;jsessionid=ac16012b30d627276427471b49389da38067db1bcabb.e3iSbxaKaheRe34Rch0Ra3mLchv0n6jAmljGr5XDqQLvpAe HTTP/1.1" 200 181
201.245.192.253 - - [11/Sep/2023:09:00:55 -0500] "POST /forms/lservlet;jsessionid=ac16012b30d627276427471b49389da38067db1bcabb.e3iSbxaKaheRe34Rch0Ra3mLchv0n6jAmljGr5XDqQLvpAe HTTP/1.1" 200 38
201.245.192.253 - - [11/Sep/2023:09:00:56 -0500] "POST /forms/lservlet;jsessionid=ac16012b30d627276427471b49389da38067db1bcabb.e3iSbxaKaheRe34Rch0Ra3mLchv0n6jAmljGr5XDqQLvpAe HTTP/1.1" 200 2
201.245.192.253 - - [11/Sep/2023:09:00:59 -0500] "POST /forms/lservlet;jsessionid=ac16012b30d627276427471b49389da38067db1bcabb.e3iSbxaKaheRe34Rch0Ra3mLchv0n6jAmljGr5XDqQLvpAe HTTP/1.1" 200 66
216.244.66.195 - - [11/Sep/2023:09:01:07 -0500] "GET /BLA/resoluciones/AUTOS%202019/3469.pdf HTTP/1.1" 200 388886
201.245.192.253 - - [11/Sep/2023:09:01:08 -0500] "POST /forms/lservlet;jsessionid=ac16012b30d627276427471b49389da38067db1bcabb.e3iSbxaKaheRe34Rch0Ra3mLchv0n6jAmljGr5XDqQLvpAe HTTP/1.1" 200 32
201.245.192.253 - - [11/Sep/2023:09:01:08 -0500] "POST /forms/lservlet;jsessionid=ac16012b30d627276427471b49389da38067db1bcabb.e3iSbxaKaheRe34Rch0Ra3mLchv0n6jAmljGr5XDqQLvpAe HTTP/1.1" 200 8
201.245.192.253 - - [11/Sep/2023:09:01:08 -0500] "POST /forms/lservlet;jsessionid=ac16012b30d627276427471b49389da38067db1bcabb.e3iSbxaKaheRe34Rch0Ra3mLchv0n6jAmljGr5XDqQLvpAe HTTP/1.1" 200 2
201.245.192.253 - - [11/Sep/2023:09:01:09 -0500] "POST /forms/lservlet;jsessionid=ac16012b30d627276427471b49389da38067db1bcabb.e3iSbxaKaheRe34Rch0Ra3mLchv0n6jAmljGr5XDqQLvpAe HTTP/1.1" 200 464
201.245.192.253 - - [11/Sep/2023:09:01:12 -0500] "POST /forms/lservlet;jsessionid=ac16012b30d627276427471b49389da38067db1bcabb.e3iSbxaKaheRe34Rch0Ra3mLchv0n6jAmljGr5XDqQLvpAe HTTP/1.1" 200 2
201.245.192.253 - - [11/Sep/2023:09:01:14 -0500] "POST /forms/lservlet;jsessionid=ac16012b30d627276427471b49389da38067db1bcabb.e3iSbxaKaheRe34Rch0Ra3mLchv0n6jAmljGr5XDqQLvpAe HTTP/1.1" 200 1253
201.245.192.253 - - [11/Sep/2023:09:01:14 -0500] "POST /forms/lservlet;jsessionid=ac16012b30d627276427471b49389da38067db1bcabb.e3iSbxaKaheRe34Rch0Ra3mLchv0n6jAmljGr5XDqQLvpAe HTTP/1.1" 200 2
201.245.192.253 - - [11/Sep/2023:09:01:16 -0500] "POST /forms/lservlet;jsessionid=ac16012b30d627276427471b49389da38067db1bcabb.e3iSbxaKaheRe34Rch0Ra3mLchv0n6jAmljGr5XDqQLvpAe HTTP/1.1" 200 254
201.245.192.253 - - [11/Sep/2023:09:01:16 -0500] "POST /forms/lservlet;jsessionid=ac16012b30d627276427471b49389da38067db1bcabb.e3iSbxaKaheRe34Rch0Ra3mLchv0n6jAmljGr5XDqQLvpAe HTTP/1.1" 200 11
201.245.192.253 - - [11/Sep/2023:09:01:17 -0500] "POST /forms/lservlet;jsessionid=ac16012b30d627276427471b49389da38067db1bcabb.e3iSbxaKaheRe34Rch0Ra3mLchv0n6jAmljGr5XDqQLvpAe HTTP/1.1" 200 2
201.245.192.253 - - [11/Sep/2023:09:01:17 -0500] "POST /forms/lservlet;jsessionid=ac16012b30d627276427471b49389da38067db1bcabb.e3iSbxaKaheRe34Rch0Ra3mLchv0n6jAmljGr5XDqQLvpAe HTTP/1.1" 200 14
201.245.192.253 - - [11/Sep/2023:09:01:18 -0500] "POST /forms/lservlet;jsessionid=ac16012b30d627276427471b49389da38067db1bcabb.e3iSbxaKaheRe34Rch0Ra3mLchv0n6jAmljGr5XDqQLvpAe HTTP/1.1" 200 14
201.245.192.253 - - [11/Sep/2023:09:01:19 -0500] "POST /forms/lservlet;jsessionid=ac16012b30d627276427471b49389da38067db1bcabb.e3iSbxaKaheRe34Rch0Ra3mLchv0n6jAmljGr5XDqQLvpAe HTTP/1.1" 200 14
201.245.192.253 - - [11/Sep/2023:09:01:21 -0500] "POST /forms/lservlet;jsessionid=ac16012b30d627276427471b49389da38067db1bcabb.e3iSbxaKaheRe34Rch0Ra3mLchv0n6jAmljGr5XDqQLvpAe HTTP/1.1" 200 14
201.245.192.253 - - [11/Sep/2023:09:01:22 -0500] "POST /forms/lservlet;jsessionid=ac16012b30d627276427471b49389da38067db1bcabb.e3iSbxaKaheRe34Rch0Ra3mLchv0n6jAmljGr5XDqQLvpAe HTTP/1.1" 200 242
201.245.192.253 - - [11/Sep/2023:09:01:22 -0500] "POST /forms/lservlet;jsessionid=ac16012b30d627276427471b49389da38067db1bcabb.e3iSbxaKaheRe34Rch0Ra3mLchv0n6jAmljGr5XDqQLvpAe HTTP/1.1" 200 7
201.245.192.253 - - [11/Sep/2023:09:01:24 -0500] "GET /reports/rwservlet/getjobid=89139?server=repnomi HTTP/1.1" 200 51694
191.111.25.77 - - [11/Sep/2023:09:01:25 -0500] "GET /favicon.ico HTTP/1.1" 200 7782
190.85.44.82 - - [11/Sep/2023:09:01:27 -0500] "GET /BLA/resoluciones/dlf/styles.css HTTP/1.1" 200 3049
190.85.44.82 - - [11/Sep/2023:09:01:27 -0500] "GET /BLA/resoluciones/dlf/dirup.png HTTP/1.1" 200 644
190.85.44.82 - - [11/Sep/2023:09:01:27 -0500] "GET /BLA/resoluciones/dlf/pdf.gif HTTP/1.1" 200 272
190.85.44.82 - - [11/Sep/2023:09:01:27 -0500] "GET /BLA/resoluciones/dlf/unknown.png HTTP/1.1" 200 266
190.85.44.82 - - [11/Sep/2023:09:01:27 -0500] "GET /BLA/resoluciones/dlf/bg.gif HTTP/1.1" 200 54
190.85.44.82 - - [11/Sep/2023:09:01:26 -0500] "GET /BLA/resoluciones/index.php?dir=AUTOS+2021%2F HTTP/1.1" 200 398544
216.244.66.195 - - [11/Sep/2023:09:01:55 -0500] "GET /BLA/resoluciones/AUTOS%202019/3845.pdf HTTP/1.1" 200 263864
201.245.192.253 - - [11/Sep/2023:09:02:01 -0500] "POST /forms/lservlet;jsessionid=ac16012b30d627276427471b49389da38067db1bcabb.e3iSbxaKaheRe34Rch0Ra3mLchv0n6jAmljGr5XDqQLvpAe HTTP/1.1" 200 2
201.245.192.253 - - [11/Sep/2023:09:02:16 -0500] "POST /forms/lservlet;jsessionid=ac16012b30d627276427471b49389da38067db1bcabb.e3iSbxaKaheRe34Rch0Ra3mLchv0n6jAmljGr5XDqQLvpAe HTTP/1.1" 200 116
201.245.192.253 - - [11/Sep/2023:09:02:16 -0500] "POST /forms/lservlet;jsessionid=ac16012b30d627276427471b49389da38067db1bcabb.e3iSbxaKaheRe34Rch0Ra3mLchv0n6jAmljGr5XDqQLvpAe HTTP/1.1" 200 2
201.245.192.253 - - [11/Sep/2023:09:02:17 -0500] "POST /forms/lservlet;jsessionid=ac16012b30d627276427471b49389da38067db1bcabb.e3iSbxaKaheRe34Rch0Ra3mLchv0n6jAmljGr5XDqQLvpAe HTTP/1.1" 200 2
201.245.192.253 - - [11/Sep/2023:09:02:20 -0500] "POST /forms/lservlet;jsessionid=ac16012b30d627276427471b49389da38067db1bcabb.e3iSbxaKaheRe34Rch0Ra3mLchv0n6jAmljGr5XDqQLvpAe HTTP/1.1" 200 2
201.245.192.253 - - [11/Sep/2023:09:02:20 -0500] "POST /forms/lservlet;jsessionid=ac16012b30d627276427471b49389da38067db1bcabb.e3iSbxaKaheRe34Rch0Ra3mLchv0n6jAmljGr5XDqQLvpAe HTTP/1.1" 200 15
201.245.192.253 - - [11/Sep/2023:09:02:21 -0500] "POST /forms/lservlet;jsessionid=ac16012b30d627276427471b49389da38067db1bcabb.e3iSbxaKaheRe34Rch0Ra3mLchv0n6jAmljGr5XDqQLvpAe HTTP/1.1" 200 2
201.245.192.253 - - [11/Sep/2023:09:02:21 -0500] "POST /forms/lservlet;jsessionid=ac16012b30d627276427471b49389da38067db1bcabb.e3iSbxaKaheRe34Rch0Ra3mLchv0n6jAmljGr5XDqQLvpAe HTTP/1.1" 200 184
201.245.192.253 - - [11/Sep/2023:09:02:21 -0500] "POST /forms/lservlet;jsessionid=ac16012b30d627276427471b49389da38067db1bcabb.e3iSbxaKaheRe34Rch0Ra3mLchv0n6jAmljGr5XDqQLvpAe HTTP/1.1" 200 2
201.245.192.253 - - [11/Sep/2023:09:02:23 -0500] "POST /forms/lservlet;jsessionid=ac16012b30d627276427471b49389da38067db1bcabb.e3iSbxaKaheRe34Rch0Ra3mLchv0n6jAmljGr5XDqQLvpAe HTTP/1.1" 200 144
201.245.192.253 - - [11/Sep/2023:09:02:23 -0500] "POST /forms/lservlet;jsessionid=ac16012b30d627276427471b49389da38067db1bcabb.e3iSbxaKaheRe34Rch0Ra3mLchv0n6jAmljGr5XDqQLvpAe HTTP/1.1" 200 11
201.245.192.253 - - [11/Sep/2023:09:02:24 -0500] "POST /forms/lservlet;jsessionid=ac16012b30d627276427471b49389da38067db1bcabb.e3iSbxaKaheRe34Rch0Ra3mLchv0n6jAmljGr5XDqQLvpAe HTTP/1.1" 200 2
201.245.192.253 - - [11/Sep/2023:09:02:24 -0500] "POST /forms/lservlet;jsessionid=ac16012b30d627276427471b49389da38067db1bcabb.e3iSbxaKaheRe34Rch0Ra3mLchv0n6jAmljGr5XDqQLvpAe HTTP/1.1" 200 14
201.245.192.253 - - [11/Sep/2023:09:02:25 -0500] "POST /forms/lservlet;jsessionid=ac16012b30d627276427471b49389da38067db1bcabb.e3iSbxaKaheRe34Rch0Ra3mLchv0n6jAmljGr5XDqQLvpAe HTTP/1.1" 200 217
201.245.192.253 - - [11/Sep/2023:09:02:25 -0500] "POST /forms/lservlet;jsessionid=ac16012b30d627276427471b49389da38067db1bcabb.e3iSbxaKaheRe34Rch0Ra3mLchv0n6jAmljGr5XDqQLvpAe HTTP/1.1" 200 7
201.245.192.253 - - [11/Sep/2023:09:02:27 -0500] "GET /reports/rwservlet/getjobid=89140?server=repnomi HTTP/1.1" 200 51637
216.244.66.195 - - [11/Sep/2023:09:02:41 -0500] "GET /BLA/resoluciones/AUTOS%202019/4082.pdf HTTP/1.1" 200 292597
201.245.192.253 - - [11/Sep/2023:09:03:00 -0500] "POST /forms/lservlet;jsessionid=ac16012b30d627276427471b49389da38067db1bcabb.e3iSbxaKaheRe34Rch0Ra3mLchv0n6jAmljGr5XDqQLvpAe HTTP/1.1" 200 116
201.245.192.253 - - [11/Sep/2023:09:03:00 -0500] "POST /forms/lservlet;jsessionid=ac16012b30d627276427471b49389da38067db1bcabb.e3iSbxaKaheRe34Rch0Ra3mLchv0n6jAmljGr5XDqQLvpAe HTTP/1.1" 200 2
201.245.192.253 - - [11/Sep/2023:09:03:00 -0500] "POST /forms/lservlet;jsessionid=ac16012b30d627276427471b49389da38067db1bcabb.e3iSbxaKaheRe34Rch0Ra3mLchv0n6jAmljGr5XDqQLvpAe HTTP/1.1" 200 2
201.245.192.253 - - [11/Sep/2023:09:03:01 -0500] "POST /forms/lservlet;jsessionid=ac16012b30d627276427471b49389da38067db1bcabb.e3iSbxaKaheRe34Rch0Ra3mLchv0n6jAmljGr5XDqQLvpAe HTTP/1.1" 200 2
201.245.192.253 - - [11/Sep/2023:09:03:01 -0500] "POST /forms/lservlet;jsessionid=ac16012b30d627276427471b49389da38067db1bcabb.e3iSbxaKaheRe34Rch0Ra3mLchv0n6jAmljGr5XDqQLvpAe HTTP/1.1" 200 13
201.245.192.253 - - [11/Sep/2023:09:03:03 -0500] "POST /forms/lservlet;jsessionid=ac16012b30d627276427471b49389da38067db1bcabb.e3iSbxaKaheRe34Rch0Ra3mLchv0n6jAmljGr5XDqQLvpAe HTTP/1.1" 200 616
201.245.192.253 - - [11/Sep/2023:09:03:03 -0500] "POST /forms/lservlet;jsessionid=ac16012b30d627276427471b49389da38067db1bcabb.e3iSbxaKaheRe34Rch0Ra3mLchv0n6jAmljGr5XDqQLvpAe HTTP/1.1" 200 11
201.245.192.253 - - [11/Sep/2023:09:03:04 -0500] "POST /forms/lservlet;jsessionid=ac16012b30d627276427471b49389da38067db1bcabb.e3iSbxaKaheRe34Rch0Ra3mLchv0n6jAmljGr5XDqQLvpAe HTTP/1.1" 200 35
201.245.192.253 - - [11/Sep/2023:09:03:05 -0500] "POST /forms/lservlet;jsessionid=ac16012b30d627276427471b49389da38067db1bcabb.e3iSbxaKaheRe34Rch0Ra3mLchv0n6jAmljGr5XDqQLvpAe HTTP/1.1" 200 37
201.245.192.253 - - [11/Sep/2023:09:03:05 -0500] "POST /forms/lservlet;jsessionid=ac16012b30d627276427471b49389da38067db1bcabb.e3iSbxaKaheRe34Rch0Ra3mLchv0n6jAmljGr5XDqQLvpAe HTTP/1.1" 200 27
201.245.192.253 - - [11/Sep/2023:09:03:05 -0500] "POST /forms/lservlet;jsessionid=ac16012b30d627276427471b49389da38067db1bcabb.e3iSbxaKaheRe34Rch0Ra3mLchv0n6jAmljGr5XDqQLvpAe HTTP/1.1" 200 11
201.245.192.253 - - [11/Sep/2023:09:03:05 -0500] "POST /forms/lservlet;jsessionid=ac16012b30d627276427471b49389da38067db1bcabb.e3iSbxaKaheRe34Rch0Ra3mLchv0n6jAmljGr5XDqQLvpAe HTTP/1.1" 200 14
201.245.192.253 - - [11/Sep/2023:09:03:06 -0500] "POST /forms/lservlet;jsessionid=ac16012b30d627276427471b49389da38067db1bcabb.e3iSbxaKaheRe34Rch0Ra3mLchv0n6jAmljGr5XDqQLvpAe HTTP/1.1" 200 11
201.245.192.253 - - [11/Sep/2023:09:03:06 -0500] "POST /forms/lservlet;jsessionid=ac16012b30d627276427471b49389da38067db1bcabb.e3iSbxaKaheRe34Rch0Ra3mLchv0n6jAmljGr5XDqQLvpAe HTTP/1.1" 200 27
201.245.192.253 - - [11/Sep/2023:09:03:18 -0500] "POST /forms/lservlet;jsessionid=ac16012b30d627276427471b49389da38067db1bcabb.e3iSbxaKaheRe34Rch0Ra3mLchv0n6jAmljGr5XDqQLvpAe HTTP/1.1" 200 18
191.156.184.46 - - [11/Sep/2023:09:03:18 -0500] "GET /distrito-firmo-resolucion-de-etiquetado-vehicular-ambiental-herramienta-para-clasificar-vehiculos-segun-sus-niveles-de-emisiones.html HTTP/1.1" 200 841
191.156.184.31 - - [11/Sep/2023:09:03:18 -0500] "GET /favicon.ico HTTP/1.1" 404 1034
201.245.192.253 - - [11/Sep/2023:09:03:22 -0500] "POST /forms/lservlet;jsessionid=ac16012b30d627276427471b49389da38067db1bcabb.e3iSbxaKaheRe34Rch0Ra3mLchv0n6jAmljGr5XDqQLvpAe HTTP/1.1" 200 41
201.245.192.253 - - [11/Sep/2023:09:03:22 -0500] "POST /forms/lservlet;jsessionid=ac16012b30d627276427471b49389da38067db1bcabb.e3iSbxaKaheRe34Rch0Ra3mLchv0n6jAmljGr5XDqQLvpAe HTTP/1.1" 200 2
201.245.192.253 - - [11/Sep/2023:09:03:25 -0500] "POST /forms/lservlet;jsessionid=ac16012b30d627276427471b49389da38067db1bcabb.e3iSbxaKaheRe34Rch0Ra3mLchv0n6jAmljGr5XDqQLvpAe HTTP/1.1" 200 53
216.244.66.195 - - [11/Sep/2023:09:03:25 -0500] "GET /BLA/resoluciones/AUTOS%202019/4497.pdf HTTP/1.1" 200 353987
201.245.192.253 - - [11/Sep/2023:09:03:25 -0500] "POST /forms/lservlet;jsessionid=ac16012b30d627276427471b49389da38067db1bcabb.e3iSbxaKaheRe34Rch0Ra3mLchv0n6jAmljGr5XDqQLvpAe HTTP/1.1" 200 142
201.245.192.253 - - [11/Sep/2023:09:03:25 -0500] "POST /forms/lservlet;jsessionid=ac16012b30d627276427471b49389da38067db1bcabb.e3iSbxaKaheRe34Rch0Ra3mLchv0n6jAmljGr5XDqQLvpAe HTTP/1.1" 200 26
201.245.192.253 - - [11/Sep/2023:09:03:25 -0500] "POST /forms/lservlet;jsessionid=ac16012b30d627276427471b49389da38067db1bcabb.e3iSbxaKaheRe34Rch0Ra3mLchv0n6jAmljGr5XDqQLvpAe HTTP/1.1" 200 2
201.245.192.253 - - [11/Sep/2023:09:03:25 -0500] "POST /forms/lservlet;jsessionid=ac16012b30d627276427471b49389da38067db1bcabb.e3iSbxaKaheRe34Rch0Ra3mLchv0n6jAmljGr5XDqQLvpAe HTTP/1.1" 200 762
201.245.192.253 - - [11/Sep/2023:09:03:25 -0500] "POST /forms/lservlet;jsessionid=ac16012b30d627276427471b49389da38067db1bcabb.e3iSbxaKaheRe34Rch0Ra3mLchv0n6jAmljGr5XDqQLvpAe HTTP/1.1" 200 71
201.245.192.253 - - [11/Sep/2023:09:03:26 -0500] "POST /forms/lservlet;jsessionid=ac16012b30d627276427471b49389da38067db1bcabb.e3iSbxaKaheRe34Rch0Ra3mLchv0n6jAmljGr5XDqQLvpAe HTTP/1.1" 200 2
201.245.192.253 - - [11/Sep/2023:09:03:33 -0500] "POST /forms/lservlet;jsessionid=ac16012b30d627276427471b49389da38067db1bcabb.e3iSbxaKaheRe34Rch0Ra3mLchv0n6jAmljGr5XDqQLvpAe HTTP/1.1" 200 26
201.245.192.253 - - [11/Sep/2023:09:03:49 -0500] "POST /kwsrmcab/Wsrmcab  HTTP/1.1" 200 42865
201.245.192.253 - - [11/Sep/2023:09:04:01 -0500] "POST /forms/lservlet;jsessionid=ac16012b30d627276427471b49389da38067db1bcabb.e3iSbxaKaheRe34Rch0Ra3mLchv0n6jAmljGr5XDqQLvpAe HTTP/1.1" 200 2
216.244.66.195 - - [11/Sep/2023:09:04:12 -0500] "GET /BLA/resoluciones/RESOLUCIONES%202018/0028.pdf HTTP/1.1" 200 274508
216.245.221.92 - - [11/Sep/2023:09:04:19 -0500] "HEAD / HTTP/1.1" 200 -
216.244.66.195 - - [11/Sep/2023:09:04:54 -0500] "GET /BLA/resoluciones/RESOLUCIONES%202018/0187.pdf HTTP/1.1" 200 311197
172.22.2.4 - - [11/Sep/2023:09:03:25 -0500] "HEAD /BLA/boletinlegal/ HTTP/1.1" 200 -
216.244.66.195 - - [11/Sep/2023:09:05:41 -0500] "GET /BLA/resoluciones/RESOLUCIONES%202018/0209.pdf HTTP/1.1" 200 720944
172.22.2.4 - - [11/Sep/2023:09:04:15 -0500] "GET /BLA/boletinlegal/ HTTP/1.1" 200 58187
216.244.66.195 - - [11/Sep/2023:09:06:31 -0500] "GET /BLA/resoluciones/RESOLUCIONES%202018/0226.pdf HTTP/1.1" 200 308121
216.244.66.195 - - [11/Sep/2023:09:07:09 -0500] "GET /BLA/resoluciones/RESOLUCIONES%202018/0530.pdf HTTP/1.1" 200 256880
172.22.2.4 - - [11/Sep/2023:09:07:10 -0500] "GET /BLA/boletinlegal/jurisprudencia.php HTTP/1.1" 200 17583
40.77.167.65 - - [11/Sep/2023:09:07:18 -0500] "GET /Publicaciones/2023EE206272.pdf HTTP/1.1" 200 2769010
172.22.2.4 - - [11/Sep/2023:09:07:30 -0500] "GET /BLA/boletinlegal/js/popup.js HTTP/1.1" 200 1270
172.22.2.4 - - [11/Sep/2023:09:07:42 -0500] "GET /BLA/boletinlegal/js/lib.js HTTP/1.1" 200 6474
201.245.192.253 - - [11/Sep/2023:09:07:44 -0500] "POST /forms/lservlet;jsessionid=ac16012b30d627276427471b49389da38067db1bcabb.e3iSbxaKaheRe34Rch0Ra3mLchv0n6jAmljGr5XDqQLvpAe HTTP/1.1" 200 2
172.22.2.4 - - [11/Sep/2023:09:07:46 -0500] "GET /BLA/boletinlegal/version HTTP/1.1" 404 1018
216.244.66.195 - - [11/Sep/2023:09:07:49 -0500] "GET /BLA/resoluciones/RESOLUCIONES%202018/0610.pdf HTTP/1.1" 200 317323
135.181.75.58 - - [11/Sep/2023:09:08:14 -0500] "GET /robots.txt HTTP/1.1" 404 1034
135.181.75.58 - - [11/Sep/2023:09:08:15 -0500] "GET /mejora-tu-bienestar-con-las-caminatas-ecologicas-%C3%82%C2%A1conoce-la-programacion-de-agosto.html HTTP/1.1" 200 873
181.49.19.196 - - [11/Sep/2023:09:08:21 -0500] "GET /distrito-firmo-resolucion-de-etiquetado-vehicular-ambiental-herramienta-para-clasificar-vehiculos-segun-sus-niveles-de-emisiones.html HTTP/1.1" 200 841
216.244.66.195 - - [11/Sep/2023:09:08:35 -0500] "GET /BLA/resoluciones/RESOLUCIONES%202018/1246.pdf HTTP/1.1" 200 321856
201.245.192.253 - - [11/Sep/2023:09:08:47 -0500] "POST /kwsrmcab/Wsrmcab  HTTP/1.1" 200 42865
216.244.66.195 - - [11/Sep/2023:09:09:18 -0500] "GET /BLA/resoluciones/RESOLUCIONES%202018/2209.pdf HTTP/1.1" 200 279757
216.245.221.92 - - [11/Sep/2023:09:09:19 -0500] "HEAD / HTTP/1.1" 200 -
201.245.192.253 - - [11/Sep/2023:09:09:44 -0500] "POST /forms/lservlet;jsessionid=ac16012b30d627276427471b49389da38067db1bcabb.e3iSbxaKaheRe34Rch0Ra3mLchv0n6jAmljGr5XDqQLvpAe HTTP/1.1" 200 2
181.197.146.69 - - [11/Sep/2023:09:09:50 -0500] "POST /sipse/faces/presentacion/financiero/solicitudProceso/consultarSolicitudProceso.xhtml HTTP/1.1" 302 -
181.197.146.69 - - [11/Sep/2023:09:09:50 -0500] "GET /sipse/faces/autenticacion.xhtml HTTP/1.1" 200 1099
181.197.146.69 - - [11/Sep/2023:09:09:50 -0500] "POST /sipse/faces/presentacion/financiero/solicitudProceso/consultarSolicitudProceso.xhtml HTTP/1.1" 302 -
181.197.146.69 - - [11/Sep/2023:09:09:50 -0500] "GET /sipse/faces/autenticacion.xhtml HTTP/1.1" 200 1099
181.197.146.69 - - [11/Sep/2023:09:09:50 -0500] "POST /sipse/faces/presentacion/financiero/solicitudProceso/consultarSolicitudProceso.xhtml HTTP/1.1" 302 -
181.197.146.69 - - [11/Sep/2023:09:09:50 -0500] "GET /sipse/faces/autenticacion.xhtml HTTP/1.1" 200 1099
181.197.146.69 - - [11/Sep/2023:09:09:50 -0500] "POST /sipse/faces/presentacion/financiero/solicitudProceso/consultarSolicitudProceso.xhtml HTTP/1.1" 302 -
181.197.146.69 - - [11/Sep/2023:09:09:51 -0500] "GET /sipse/faces/autenticacion.xhtml HTTP/1.1" 200 1099
181.197.146.69 - - [11/Sep/2023:09:09:51 -0500] "POST /sipse/faces/presentacion/financiero/solicitudProceso/consultarSolicitudProceso.xhtml HTTP/1.1" 302 -
181.197.146.69 - - [11/Sep/2023:09:09:51 -0500] "GET /sipse/faces/autenticacion.xhtml HTTP/1.1" 200 1099
186.102.42.177 - - [11/Sep/2023:09:09:57 -0500] "GET /kwssiamovil/sm/ldap/au?x=U2FsdGVkX1/TJKI26Cm9jHlsdzGzg2dXC6GkRMNOTKw+/BfFiI/6YrROQ451lCbnGlT8fjMMUyznhlZWIL47Zw==&y=U2FsdGVkX19qaudBwktNl2eOakXCFRs94xdfDapT2GZQuTAWuyjoCnRSGxZ57wxM HTTP/1.1" 200 30
186.102.42.177 - - [11/Sep/2023:09:09:57 -0500] "GET /kwssiamovil/sm/acme/s?s=U2FsdGVkX1+2IMdaM5jNmIrVcn2Eyj2OghPy7NRv+9cW+etWxVgKfEKoVx4SV/wFzKaUaBLJvJfnEHs2WnE6Xs3n5069iRHdawo3YyHrZ4o=&u=U2FsdGVkX1+zxlYq/XZqE7rQd+ahsSAjvU/Hvqa1k/lmfP6UmpkhziLTIKCwBLKM&y=U2FsdGVkX19qaudBwktNl2eOakXCFRs94xdfDapT2GZQuTAWuyjoCnRSGxZ57wxM HTTP/1.1" 200 97
