159.69.179.16 - - [12/Sep/2023:13:05:20 -0500] "GET / HTTP/1.1" 200 319
201.245.192.253 - - [12/Sep/2023:13:05:24 -0500] "POST /forms/lservlet;jsessionid=ac16012b30d6ec48b32ae6c641d48f3ac42886169fa3.e3iSbxaKaheRe34Rch0Ra3mLchv0n6jAmljGr5XDqQLvpAe HTTP/1.1" 200 2
172.22.2.4 - - [12/Sep/2023:13:04:14 -0500] "GET /BLA/boletinlegal/ HTTP/1.1" 200 56970
216.244.66.195 - - [12/Sep/2023:13:06:08 -0500] "GET /robots.txt HTTP/1.1" 404 1018
213.244.248.48 - - [12/Sep/2023:13:06:16 -0500] "GET /galeria/galeria/fotos/2humedal-Burro2P.jpg HTTP/1.1" 200 8996
186.155.12.203 - - [12/Sep/2023:13:06:17 -0500] "GET /BLA/resoluciones/index.php?dir=RESOLUCIONES+2011%2F HTTP/1.1" 200 746823
201.245.192.253 - - [12/Sep/2023:13:06:20 -0500] "POST /forms/lservlet;jsessionid=ac16012b30d67c93eb41c0fe4863bf03b6c32dc73e16.e3iSbxaKaheRe34Rch0Ra3mLchv0n6jAmljGr5XDqQLvpAe HTTP/1.1" 200 2
186.155.12.203 - - [12/Sep/2023:13:06:47 -0500] "GET /BLA/resoluciones/index.php?dir=AUTOS+2011%2F HTTP/1.1" 200 636751
40.77.167.64 - - [12/Sep/2023:13:07:01 -0500] "GET /svr-ciudadano/ HTTP/1.1" 200 105298
186.155.12.203 - - [12/Sep/2023:13:07:12 -0500] "GET /BLA/resoluciones/AUTOS%202011/3862.pdf HTTP/1.1" 200 266911
172.22.2.4 - - [12/Sep/2023:13:06:29 -0500] "GET /BLA/boletinlegal/ HTTP/1.1" 200 24523
201.245.192.253 - - [12/Sep/2023:13:07:24 -0500] "POST /forms/lservlet;jsessionid=ac16012b30d6ec48b32ae6c641d48f3ac42886169fa3.e3iSbxaKaheRe34Rch0Ra3mLchv0n6jAmljGr5XDqQLvpAe HTTP/1.1" 200 2
201.245.192.253 - - [12/Sep/2023:13:07:53 -0500] "POST /kwsrmcab/Wsrmcab  HTTP/1.1" 200 42865
201.245.192.253 - - [12/Sep/2023:13:08:20 -0500] "POST /forms/lservlet;jsessionid=ac16012b30d67c93eb41c0fe4863bf03b6c32dc73e16.e3iSbxaKaheRe34Rch0Ra3mLchv0n6jAmljGr5XDqQLvpAe HTTP/1.1" 200 2
40.77.167.7 - - [12/Sep/2023:13:09:21 -0500] "GET /Publicaciones/2023EE211195.pdf HTTP/1.1" 200 231925
40.77.167.7 - - [12/Sep/2023:13:09:22 -0500] "GET /Publicaciones/2023EE210225.pdf HTTP/1.1" 200 365232
40.77.167.7 - - [12/Sep/2023:13:09:22 -0500] "GET /Publicaciones/2023EE211164.pdf HTTP/1.1" 200 231454
201.245.192.253 - - [12/Sep/2023:13:09:24 -0500] "POST /forms/lservlet;jsessionid=ac16012b30d6ec48b32ae6c641d48f3ac42886169fa3.e3iSbxaKaheRe34Rch0Ra3mLchv0n6jAmljGr5XDqQLvpAe HTTP/1.1" 200 2
40.77.167.7 - - [12/Sep/2023:13:09:23 -0500] "GET /Publicaciones/2023EE211014.pdf HTTP/1.1" 200 5276285
52.167.144.108 - - [12/Sep/2023:13:09:27 -0500] "GET /Publicaciones/2023EE211200.pdf HTTP/1.1" 200 232839
40.77.167.7 - - [12/Sep/2023:13:09:28 -0500] "GET /Publicaciones/2023EE211529.pdf HTTP/1.1" 200 339126
40.77.167.7 - - [12/Sep/2023:13:09:29 -0500] "GET /Publicaciones/2023EE211186.pdf HTTP/1.1" 200 231985
40.77.167.208 - - [12/Sep/2023:13:09:28 -0500] "GET /Publicaciones/2023EE211192.pdf HTTP/1.1" 200 232018
40.77.167.7 - - [12/Sep/2023:13:09:29 -0500] "GET /Publicaciones/2023EE211588.pdf HTTP/1.1" 200 232009
40.77.167.7 - - [12/Sep/2023:13:09:29 -0500] "GET /Publicaciones/2023EE211184.pdf HTTP/1.1" 200 231862
216.245.221.92 - - [12/Sep/2023:13:09:34 -0500] "HEAD / HTTP/1.1" 200 -
40.77.167.7 - - [12/Sep/2023:13:09:34 -0500] "GET /Publicaciones/2023EE211188.pdf HTTP/1.1" 200 232017
40.77.167.7 - - [12/Sep/2023:13:09:34 -0500] "GET /Publicaciones/2023EE210324.pdf HTTP/1.1" 200 231967
40.77.167.7 - - [12/Sep/2023:13:09:35 -0500] "GET /Publicaciones/2023EE211018.pdf HTTP/1.1" 200 358468
40.77.167.7 - - [12/Sep/2023:13:09:35 -0500] "GET /Publicaciones/2023EE210837.pdf HTTP/1.1" 200 332060
157.55.39.212 - - [12/Sep/2023:13:09:28 -0500] "GET /Publicaciones/2023EE211142.pdf HTTP/1.1" 200 2178805
40.77.167.7 - - [12/Sep/2023:13:09:36 -0500] "GET /Publicaciones/2023EE210217.pdf HTTP/1.1" 200 369016
40.77.167.7 - - [12/Sep/2023:13:09:37 -0500] "GET /Publicaciones/2023EE211196.pdf HTTP/1.1" 200 231954
40.77.167.7 - - [12/Sep/2023:13:09:37 -0500] "GET /Publicaciones/2023EE211012.pdf HTTP/1.1" 200 348900
40.77.167.7 - - [12/Sep/2023:13:09:38 -0500] "GET /Publicaciones/2023EE211091.pdf HTTP/1.1" 200 358885
40.77.167.7 - - [12/Sep/2023:13:09:39 -0500] "GET /Publicaciones/2023EE210427.pdf HTTP/1.1" 200 235632
40.77.167.7 - - [12/Sep/2023:13:09:39 -0500] "GET /Publicaciones/2023EE211017.pdf HTTP/1.1" 200 369067
40.77.167.7 - - [12/Sep/2023:13:09:42 -0500] "GET /Publicaciones/2023EE210327.pdf HTTP/1.1" 200 231996
40.77.167.7 - - [12/Sep/2023:13:09:43 -0500] "GET /Publicaciones/2023EE210175.pdf HTTP/1.1" 200 232674
201.245.192.253 - - [12/Sep/2023:13:10:20 -0500] "POST /forms/lservlet;jsessionid=ac16012b30d67c93eb41c0fe4863bf03b6c32dc73e16.e3iSbxaKaheRe34Rch0Ra3mLchv0n6jAmljGr5XDqQLvpAe HTTP/1.1" 200 2
172.22.2.4 - - [12/Sep/2023:13:09:14 -0500] "HEAD /BLA/boletinlegal/ HTTP/1.1" 200 -
40.77.167.7 - - [12/Sep/2023:13:11:11 -0500] "GET /Publicaciones/2023EE115941.pdf HTTP/1.1" 404 228
190.144.95.62 - - [12/Sep/2023:13:11:17 -0500] "GET /catalogoisis/ HTTP/1.1" 200 8575
186.102.17.129 - - [12/Sep/2023:13:11:17 -0500] "GET /kwssiamovil/sm/acme/a?s=U2FsdGVkX19/W4wDIyraRWe7qXY1qgO7w58YbCncHqFkX4YUUIcaPOnpvFF6/i6aeFGFAVYg663S93gN4JYmUL2KJ12SgrxZOYoRqaTG2CUAfB/StMjdDE65zEca8DVC6cbAuugF6wyTVRQ5sexj6EzE1SmkmqvdeDvI8plUBSMtoLmVQmnEMC/gRjqoIiKGcHKN9T/dBA0rYK19V0fYFsO8cV/9sw5vZczqVvniy7lYbB/2xxYP73a6DP6jRNiimlRmtDEGP4X/WwsVgrG00o9hKXuOKV60cEAAY/X5r9Q=&u=U2FsdGVkX19ONftB3czoD+AKOVNCqq/xnCRoerPkfd1UiiN9T+Ka97j/5P+7AX1K&y=U2FsdGVkX1/RKLtVDPzbLiaQE9mlCaeelEtZJyckOFIYCIWHZAAiUP0i3yf0C+bu HTTP/1.1" 200 26
190.144.95.62 - - [12/Sep/2023:13:11:17 -0500] "GET /catalogoisis/Css/Busqueda.css HTTP/1.1" 200 1995
190.144.95.62 - - [12/Sep/2023:13:11:17 -0500] "GET /catalogoisis/Js/AceptarLimpiar.js HTTP/1.1" 200 331
190.144.95.62 - - [12/Sep/2023:13:11:18 -0500] "GET /catalogoisis/Js/CriterioCombinada.js HTTP/1.1" 200 1843
190.144.95.62 - - [12/Sep/2023:13:11:18 -0500] "GET /catalogoisis/Js/LimpiarCombinada.js HTTP/1.1" 200 207
190.144.95.62 - - [12/Sep/2023:13:11:18 -0500] "GET /catalogoisis/Js/Numero.js HTTP/1.1" 200 398
190.144.95.62 - - [12/Sep/2023:13:11:18 -0500] "GET /catalogoisis/Js/Cookies.js HTTP/1.1" 200 1369
190.144.95.62 - - [12/Sep/2023:13:11:18 -0500] "GET /catalogoisis/Js/Remote.js HTTP/1.1" 200 436
190.144.95.62 - - [12/Sep/2023:13:11:18 -0500] "GET /catalogoisis/Js/Go.js HTTP/1.1" 200 364
190.144.95.62 - - [12/Sep/2023:13:11:18 -0500] "GET /catalogoisis/Js/Enter.js HTTP/1.1" 200 1208
190.144.95.62 - - [12/Sep/2023:13:11:18 -0500] "GET /catalogoisis/imagenes/br1c1.gif HTTP/1.1" 200 172
190.144.95.62 - - [12/Sep/2023:13:11:18 -0500] "GET /catalogoisis/imagenes/aceptar1.gif HTTP/1.1" 200 604
190.144.95.62 - - [12/Sep/2023:13:11:18 -0500] "GET /catalogoisis/imagenes/br1c3.gif HTTP/1.1" 200 302
190.144.95.62 - - [12/Sep/2023:13:11:18 -0500] "GET /catalogoisis/imagenes/limpiar1.gif HTTP/1.1" 200 606
190.144.95.62 - - [12/Sep/2023:13:11:18 -0500] "GET /catalogoisis/imagenes/Turnbo1.gif HTTP/1.1" 200 227
190.144.95.62 - - [12/Sep/2023:13:11:18 -0500] "GET /catalogoisis/imagenes/br3c1.gif HTTP/1.1" 200 177
190.144.95.62 - - [12/Sep/2023:13:11:18 -0500] "GET /catalogoisis/imagenes/br3c2.gif HTTP/1.1" 200 285
190.144.95.62 - - [12/Sep/2023:13:11:18 -0500] "GET /catalogoisis/imagenes/br3c3.gif HTTP/1.1" 200 186
190.144.95.62 - - [12/Sep/2023:13:11:18 -0500] "GET /catalogoisis/imagenes/br2c1.gif HTTP/1.1" 200 297
190.144.95.62 - - [12/Sep/2023:13:11:18 -0500] "GET /catalogoisis/imagenes/br1c2.gif HTTP/1.1" 200 297
190.144.95.62 - - [12/Sep/2023:13:11:18 -0500] "GET /catalogoisis/imagenes/br2c2.gif HTTP/1.1" 200 302
190.144.95.62 - - [12/Sep/2023:13:11:18 -0500] "GET /catalogoisis/imagenes/br2c3.gif HTTP/1.1" 200 416
190.144.95.62 - - [12/Sep/2023:13:11:18 -0500] "GET /catalogoisis/imagenes/Header.gif HTTP/1.1" 200 27040
190.144.95.62 - - [12/Sep/2023:13:11:18 -0500] "GET /favicon.ico HTTP/1.1" 200 7782
186.102.17.129 - - [12/Sep/2023:13:11:18 -0500] "GET /kwssiamovil/sm/acme/a?s=U2FsdGVkX1+oPPKWIpK8ZN9yVNr7nKP5N0xgZIJO7N3KpEfHO3CcYnjHIRYAnWOCRNy4DmX2BcvkiFonkGyaQdB7WcaG+/o2BDzT2hHEMyTxsLoblcYTBv9f9AiWkJuDnXiXQdxJp+HQyZ7HdlycHJJqpJBQzE6VeRVsudiknm6u8KcBhqdQMUGniZiDWxt0jMkJEO1+eBVSsiz4k+/3BeGstqAGAsx9h/fYVu9Som6GUdurS586v1SS7WADPrUF/C6chAi0abUFSyVHIh9VazI6aWtmO2xiy+3MK9Qw63+869+KEgJbPLBpTFtX4vcpShTy1Yp3Yx0RFBGlAaInlefeGoge1+YSRA03ltgCQqcv53KtJsBfmr7j/nk0IXGFdYtJe1CVrCez7u7gaNLZHckzP0Dw4jjaUnCoFnZgZV7eGdfF+Zh/7vGfGy3ZkTi9hX/EQN5TyuWkpzES4XbakrbcX+Q7EYhDlZ2vrMRFzTbYNEDOHxk9tx0t/9BJGdo2E3qD49vjTap3B9J6txqMlYNdSrdQkMH53Hh34gJGFK+dc66+Wx5CxkEZ10dtnTGRN6U4vwMJmpMskbE9uPJjhn4qjXQvL+Cfuo/p8AM7/otCOXAaWWgFPdUjDg8J5PMmRXMkFjDR8F9UWK5fa4zHvRVfH3yrcM6s3/yGcvLT21RmhV2oxopwJSDGwn15VShteUSImvG3XuRZx4fL2feo041J4LK3LT6lxlzr6alRfYCORTx5cKeLMkoOyYNS0Sw9HNYOv1VNxwBxbIVbOKNfTQ0LLakbRBJN0mxEtVJQovkabQiBIwiaCdwE45J1jThfTSHEuLvzztJrT3/QwLvP3HHE+rrMqFlmWIEcqS0GlHml88ZDg+GAzX/MusnT1xuMexP5faKJaqvtIx60LudHCt9HNNf6Z4b55h+xpmvqB/IyGBQ9y2ZRC9lwWMcCBM+3Sj4eAsmvLjgCtKeoYnhsjZxXfAdIEA1uFWQLyLmPEtO2nLfgFOP0ypT0AIB66WCJsMBy7zhi14OHiRcJBJLwuGc94To5j5Y7IKNicu34O1xCVFH0RMuOG5qw6EKWMjgEDFp14oovjgm6JYNDVJVoDjmLh2eIWqMseefq1ZxunNcZQ4FRKDtvq4irRJ5++Ev9CbQzqMsdtTgvkmfaXQ+Eo4jhKnSCHDfNkDe2Wcj+3OLOBYSX8+xPk9kVkqy6yGnF&u=U2FsdGVkX19ONftB3czoD+AKOVNCqq/xnCRoerPkfd1UiiN9T+Ka97j/5P+7AX1K&y=U2FsdGVkX1/RKLtVDPzbLiaQE9mlCaeelEtZJyckOFIYCIWHZAAiUP0i3yf0C+bu HTTP/1.1" 200 26
186.102.17.129 - - [12/Sep/2023:13:11:18 -0500] "GET /kwssiamovil/sm/acme/a?s=U2FsdGVkX19cb6f1d6A4NxInZwVSb9I2dN03Apwk88qLAOSWWuMbLNYFoDp1E8g031A2O6pfjwBtjecN9HDu9mZi/S4wuA7rSkZVj3yQmMBokS+IRr1JQM/DYIhDS4XQD/2h2pkftwaYOAZODJTOfLS1U8q1susssMpsGoCOpn4=&u=U2FsdGVkX19ONftB3czoD+AKOVNCqq/xnCRoerPkfd1UiiN9T+Ka97j/5P+7AX1K&y=U2FsdGVkX1/RKLtVDPzbLiaQE9mlCaeelEtZJyckOFIYCIWHZAAiUP0i3yf0C+bu HTTP/1.1" 200 26
186.102.17.129 - - [12/Sep/2023:13:11:18 -0500] "GET /kwssiamovil/sm/acme/a?s=U2FsdGVkX1+3fEsboNQNFWDsAX7Eg3u8gR6u1AKmQSsiBFagMtU5BZ3fUCCwCOzndpWKRnpNoXCvrXbW7JAm9s+V9md+lRMcNwBZYvgxu1gHmTAVBQJaek71Wt+//NzBKtibYZKWIQIw+jTNnPG47Jkz1a2i5XY1txDjDa/MDXY=&u=U2FsdGVkX19ONftB3czoD+AKOVNCqq/xnCRoerPkfd1UiiN9T+Ka97j/5P+7AX1K&y=U2FsdGVkX1/RKLtVDPzbLiaQE9mlCaeelEtZJyckOFIYCIWHZAAiUP0i3yf0C+bu HTTP/1.1" 200 26
186.102.17.129 - - [12/Sep/2023:13:11:19 -0500] "GET /kwssiamovil/sm/acme/a?s=U2FsdGVkX1+qHA48oYGFaNg4CvTHkSalzyHmUGfZ3LYbd2aRl7hQmFbD0+wV/GVddPNwfTBA1KjEOpW/o85msHT81+mH+a00QQkuLhS+0yFTQosgEFMqsjeU6iAodIQ266qEc5WRyZYYUupjdHzsZ8huMVx5cB/GQ3fOVGDV4Xg=&u=U2FsdGVkX19ONftB3czoD+AKOVNCqq/xnCRoerPkfd1UiiN9T+Ka97j/5P+7AX1K&y=U2FsdGVkX1/RKLtVDPzbLiaQE9mlCaeelEtZJyckOFIYCIWHZAAiUP0i3yf0C+bu HTTP/1.1" 200 26
186.102.17.129 - - [12/Sep/2023:13:11:19 -0500] "GET /kwssiamovil/sm/acme/a?s=U2FsdGVkX193gizOuGoLkZav1sEq302CZhBQ6zRWAzyrsdXM5EXzoaTdBHcL2vWTbcE5Czbn2a3xDqNkDz27kkVDMAy2cpxeIt92ekPz7HCvV0nLdSO5LWF3metQe1dB4v0QfOJA7cUfR6qJ0J6lU0P7iP4BOuCXyEL0HSJA7kV8GZpMalm3wPFlskyWc+E2zxP9UYEBiirOSWkS/Mz7WA==&u=U2FsdGVkX19ONftB3czoD+AKOVNCqq/xnCRoerPkfd1UiiN9T+Ka97j/5P+7AX1K&y=U2FsdGVkX1/RKLtVDPzbLiaQE9mlCaeelEtZJyckOFIYCIWHZAAiUP0i3yf0C+bu HTTP/1.1" 200 26
201.245.192.253 - - [12/Sep/2023:13:11:24 -0500] "POST /forms/lservlet;jsessionid=ac16012b30d6ec48b32ae6c641d48f3ac42886169fa3.e3iSbxaKaheRe34Rch0Ra3mLchv0n6jAmljGr5XDqQLvpAe HTTP/1.1" 200 2
172.22.2.4 - - [12/Sep/2023:13:10:04 -0500] "GET /BLA/boletinlegal/ HTTP/1.1" 200 60342
201.245.192.253 - - [12/Sep/2023:13:12:20 -0500] "POST /forms/lservlet;jsessionid=ac16012b30d67c93eb41c0fe4863bf03b6c32dc73e16.e3iSbxaKaheRe34Rch0Ra3mLchv0n6jAmljGr5XDqQLvpAe HTTP/1.1" 200 2
201.245.192.253 - - [12/Sep/2023:13:12:49 -0500] "POST /kwsrmcab/Wsrmcab  HTTP/1.1" 200 42865
201.245.192.253 - - [12/Sep/2023:13:13:24 -0500] "POST /forms/lservlet;jsessionid=ac16012b30d6ec48b32ae6c641d48f3ac42886169fa3.e3iSbxaKaheRe34Rch0Ra3mLchv0n6jAmljGr5XDqQLvpAe HTTP/1.1" 200 2
201.245.192.253 - - [12/Sep/2023:13:14:20 -0500] "POST /forms/lservlet;jsessionid=ac16012b30d67c93eb41c0fe4863bf03b6c32dc73e16.e3iSbxaKaheRe34Rch0Ra3mLchv0n6jAmljGr5XDqQLvpAe HTTP/1.1" 200 2
216.245.221.92 - - [12/Sep/2023:13:14:34 -0500] "HEAD / HTTP/1.1" 200 -
167.94.145.58 - - [12/Sep/2023:13:15:19 -0500] "GET / HTTP/1.1" 200 319
167.94.145.58 - - [12/Sep/2023:13:15:19 -0500] "GET / HTTP/1.1" 200 319
167.94.145.58 - - [12/Sep/2023:13:15:19 -0500] "PRI * HTTP/2.0" 400 946
167.94.145.58 - - [12/Sep/2023:13:15:20 -0500] "GET /favicon.ico HTTP/1.1" 200 7782
201.245.192.253 - - [12/Sep/2023:13:15:24 -0500] "POST /forms/lservlet;jsessionid=ac16012b30d6ec48b32ae6c641d48f3ac42886169fa3.e3iSbxaKaheRe34Rch0Ra3mLchv0n6jAmljGr5XDqQLvpAe HTTP/1.1" 200 2
40.77.167.208 - - [12/Sep/2023:13:15:39 -0500] "GET /bla/resoluciones/resoluciones%202012/1468.pdf HTTP/1.1" 304 -
181.59.2.38 - - [12/Sep/2023:13:16:18 -0500] "GET /kwssiamovil/sm/acme/a?s=U2FsdGVkX1+8tnMDgjn1JClcO6wA+hy93EqgPfxBoufNJSpWomPIL9jD7MIsQ1yahpV4auD6xnkF7omZ3o8NNzMMxaYlS/AnZ3elHh7sVfz3i+RBlfGt8bHMmLt545T5TyqqtAgQGu8KqVVipuVZNxkqu8zFhGl0tXYAicbzfP5/hbPq8PFq6PWL/TtfPHyhnEteqvfetatohNYnrLr/Be4Ax6EUDEAZqtiMcFR/uWIAYt1amAhLMb6IpK3+74QVkx7T9R/1NHfIgc48BGAzrg==&u=U2FsdGVkX19EUntzve3EztOQcQyIu28+jUCeQ8xYxKYnnwK949sT3VmvdoeiNyyZ&y=U2FsdGVkX1+sjE9/zIS2B3NxAmy7zjNTs9BTM5dOKXXgu7daTGPWG8BqrSw69BB3 HTTP/1.1" 200 26
181.59.2.38 - - [12/Sep/2023:13:16:19 -0500] "GET /kwssiamovil/sm/acme/a?s=U2FsdGVkX1/9DKmzrWDeJGNquvWvwa5DfgnNQW7C+465N7pbDamH/kx+Z8YfX4/47SP1LX0jcFM9nMkp1NibcE7zGl+Y/OjaIJ/Mh661QYmR++GvnEwMqoifmaQ2gUU02Xq4fpqqNFOWbJjb+RQpjeeMWlYStPdvy6BGYBpPk0O+P6nVVQCR3zs2kF2Nd3UOI94m6wzQSaLSQ6Jjr3OFrv+8tpTyXBk8qgFqMDNBZ/A459jB/F6l7nJ9la7m2Hj3X4efWZTBtzR/OZHxDl39Kb5tYgfXwMGOvmEN46qjh1gnVEyvpM3JX1lnUaHgKiZg0lLi8IHPc2+KAO2o8RrrYEfcNkQn9AfgS3w6vRNn21pgfKGOoMMOIyFLqynG/ngWI7OU/6XEmKPdBcHE80yrZuc1sGj8YWeS7aMh0QBPzBHLIoqxHFWCDRwFdO8njgRrHLv+A2o9sUxVcUWqttIRbJXG3BDSxc5C7qR3pt603H/od3Y94t8MfR+PMiE/OoeKihvZk/t7VkMcQ0RN6IRGfIxO9FJgNj8SG7ItgrwF8LMNaPCh4kVcLVJm0VZ3oZtctsvOA1FZyYt3m6Ukm3UDFhsU9vL9ulWyiqQmD0dolMKD0pxX706IHB0LZLgwfFFoKzixhfaX8ABkuea5oP6MlQ5B/gvU/gg2TdeKYEi3mWiHrHJsFW25TCM8RCBbEEPF42AXWlqq3px7Py7QkNu/b7xUZJ5ZFfHSnaKumsaJxuJ4u6SyC2eTr4q5e6feXBJTBY01ekQiY7Fj+92P4XbajDO7tqp3Hb1fngMCa8KCIZFaf+V8T5ogeSy5txoMXJiox8iGW1BM8zyRIrtkGHtLte7hROhE72k5132x1bWUBHq8EaqM5yD+tksGXGFhTxzwd054mqqa6wn3EiireE/3bkV+hpBhLmI1mNtBNs4JGLutIJJpJcbL67TkoRyEC6cYqr9MnaEtgydpuIp7o8PWac4w5ifbFo3QoUb5N1NwknMo+23VPanhtzlq+eR3Fhw2TEOPaqoSiXyVDhWodL7+xhkidPqDzWFuHgx9ZnAS1uP6NQGY6ax0ZM29b1HvXVVv8xSENejIS9/G2oQFU0VGAIzmyvROpei1x/HjEQQ/9vSmzpN1oA7bZM7SkJ9TknuBIiqtaHGHN6T+GqIe2BhG2IvKOx82o7G5HZosJmJQJboqVt4SrQCvLBxnE/I6bsHyGKvgG02LNuZbrfPPLfgOpqqNkoGDg1NrF1pw/WfRi6pRCz+saybgZfph54WUM1Zo11YqRUT3oUQQ13kj+67mI1+cb8plIqP0WnhcEUnWJHMPvhg8cU0uf8stcmyTNX7uEjxgXNN8XUJ/+Q0Y2qyyt6XGKm7DHtpCEo9G4jetEuGivEouYJ4+s8HeElZUOvhZ7rU7beooaNk8LndkKZoRGyPL+tnzJ7wYF5unhggjYOFNL0RnTYuEVkoClSd2LKFOZWkRi7X3aaKXz1XaqCdbY/EJbozMHDI2rXsU0xPDgPmDAcZMUhHA4QAgEJ8d5kJ1N9hym1GYaE96aElr6dmuIr1Yny9wLSWWvlXKX6vR7PfcZI30WXiOzHRwESKS5rz5bfNb1lrcglXb7V0D9htW5v+12ssqLR7O68QNMOZ+W3nLsHjpbdZzseIsaPMIb20/hqDrkNcfwljro95Dgu5pVLZECV27D/3U49icBf8irvBWUTnI6gsEKeklx3sSA2OBX4exeIivB8G14COoQzUHJHrQkvewuYzqWmuL3F994wyT+MbZS9UdT0xO+Y+o8pXEQZiT8P8Na2sWX+5/j5E3tYWfw6vwtpCTUIeMtnXWalXS0/IQOESzJ0EKXbesCTdOg0UgiJ7MtS1WukWs1It6AyVFnq6tGl9uwjRIh+dU22ysgrtL1ZgshqjX2k+CMCZIgHdjOZenxd4Np6rr2qlmgQbuub2MWby5+5q0SxfIeX9vaqFMYnOxnu+M77e3WyB8D0M2eb3HIC1SWeNeDve/tm3syw75Uof0UrYxXfY8Ra+Xp2aXncr0BCDM0LXQ3cC3Zg+74DVL51aoroat9Q5MCiXvrYLfDEz1+WS69293PTmksB0z4rAjtNqmcaytXo5QPOH8FvtBKP5D2WJhGjDHDyZQ5iXHN4MoguDZL1Z5AzT+MXNlp+z4iFuYG3sMHbWBUPX7WL4WLncoYzOUUcHN98+MP5TlMwhiVQv3KHqY/zagy8OHs5RZuYiPEwZy7nUxgY/3ldhEesnorCIkshvqUxs1Wh15Lkqdq5osyUMc05sYkMlxxIZBcIIdjNGTOTH3LZqfOX7rEEphUgE7vLPM4pB2XcCh0G1cxEL4FEkXdUP9YqWlRNNWUZtIrAq94Bk4rXvgWYwoZia4JBtQ9/s6kp6rghYYt6SWr9qDYjsIyJejNZbN8dC7bZhdJ2soScbe7erZ3jYaBqlNoYFkiIEh3L1JEgnymrhql5tNd0GtNu0PHTDOFH+lY9b54nYOzwChHoZurxMHzFBiGrn++tpUG5hDSxmPb3NfJ1p5FM7e6jFVTCoSF+psea5r05zcYQP1qTO7fOHwDPPXsqT6NbIz38YsZ0eyv340H8LBoMSSMKfVUBAHroXfKyAIssQHxb86OIPh5rC6m79Wh6f+p8qAnbctkskyXZDWf0eJzTGetwa5XyfCxBz6vcolSa08bsnX1hYmIwlyRX48dYIRIrxn/24Gb19yGPmEpbX9oprpIPtnnfHDFMaC7238us95bZkMi5pSj83DAWLeACwgh43Xa/4KxfNrtLCbj38hzaDFzOmbVN1f+y9zbi+3EI9SDnKvNhoYMgBU/+3X3fKwtsnfaFWQ2LLNGPd2YmIzeRe1ZqFtVV3kcl1mmSe/SLQGRulYYl7m0jkqkDH74YjaZyuxsIL1RfCqhUnak9Jpl5k9/Cp7O7EHtr5UOnrqgYEuJV+mYwvi1mssE2k3XXZrjROZKU8fWIFvtNbE/NsUhtVuqu9FhuOkPrnpTjVfv+VOLrWBUtqzppwFVGG/PWSa6DLRnfx6C3rcQUYgxLLiU/R6pDOdpwpTbr7pgCz2RK8r3U2aozRq5OLsGGf8dIz4sboPZqORQUgm9U3CjJ67zhKkuRNJWOOloxJq2YYikRvzon7/7av1IaRNLwuYF8hRpznKRfM5TqFjhDpJMUcW2vCJiznq9w9WMA/HGGkBHLzBkuHn&u=U2FsdGVkX19EUntzve3EztOQcQyIu28+jUCeQ8xYxKYnnwK949sT3VmvdoeiNyyZ&y=U2FsdGVkX1+sjE9/zIS2B3NxAmy7zjNTs9BTM5dOKXXgu7daTGPWG8BqrSw69BB3 HTTP/1.1" 200 26
181.59.2.38 - - [12/Sep/2023:13:16:19 -0500] "GET /kwssiamovil/sm/acme/a?s=U2FsdGVkX18q4tLteAuP3Jxe2UGlrf0bnBGm78jJWOnL5dtUCYvk/hb/V9sWM5qiOxoySAGPMspeEyhQgGnLMqSAnB2VFEuYa76CcEMUwCE49p06WZxhIwOJfAEjjqF+9NlIoYokQBWdTchqZpVnr7xmJBuD8ORPwuuW/qtbQg8=&u=U2FsdGVkX19EUntzve3EztOQcQyIu28+jUCeQ8xYxKYnnwK949sT3VmvdoeiNyyZ&y=U2FsdGVkX1+sjE9/zIS2B3NxAmy7zjNTs9BTM5dOKXXgu7daTGPWG8BqrSw69BB3 HTTP/1.1" 200 26
181.59.2.38 - - [12/Sep/2023:13:16:19 -0500] "GET /kwssiamovil/sm/acme/a?s=U2FsdGVkX1/KRu181RP67J7GJuYGmXBRum5VnV03mvbZ5YvUqEFYSskejxlkMBVeQI5yeSMhC2FnZDoZH9mn/VIOkBVB3XdIhI0u95kUKtY4aJNHMtRQu5AExymUlHXZKCUR5+ToA3v6jdbSADDBLWDdWoVPSNXKdcpXAUSA46k=&u=U2FsdGVkX19EUntzve3EztOQcQyIu28+jUCeQ8xYxKYnnwK949sT3VmvdoeiNyyZ&y=U2FsdGVkX1+sjE9/zIS2B3NxAmy7zjNTs9BTM5dOKXXgu7daTGPWG8BqrSw69BB3 HTTP/1.1" 200 26
181.59.2.38 - - [12/Sep/2023:13:16:19 -0500] "GET /kwssiamovil/sm/acme/a?s=U2FsdGVkX1+alAJMqGym3x9I1BpYQPcqJKOMAlb1JUJHbzc/2gv93cNbex/rZdAPAZMB44TZKN2V8L7l60aJg3oQ09Hspc8Y9Ik5ZbXdTIURDaW0XPIWhHaa/2ie3JLnRpKqZyALD/1lqxFy5ic1LvHpgGwPZEdxza3IXuqULSU=&u=U2FsdGVkX19EUntzve3EztOQcQyIu28+jUCeQ8xYxKYnnwK949sT3VmvdoeiNyyZ&y=U2FsdGVkX1+sjE9/zIS2B3NxAmy7zjNTs9BTM5dOKXXgu7daTGPWG8BqrSw69BB3 HTTP/1.1" 200 26
181.59.2.38 - - [12/Sep/2023:13:16:20 -0500] "GET /kwssiamovil/sm/acme/a?s=U2FsdGVkX1+Vni4oKDw7eHo0YSRlZ2aIXVqZEx9fBN5wVlu5B6ha5OAEkWRcBPd2MV+oCbMWxg7048vvAPIRzyQxlyhYk9I10OlFXQt/hfPeHWjSOhisy8r/Rxn6SlM1qPq/bgHT12ZsmQH6YVL/od/OkJ07k0E6iBB/Lu5G8kzkOZvd4ZuSrbhXs6jFugwHeWkXLA8wuEotH+MGSvpvsg==&u=U2FsdGVkX19EUntzve3EztOQcQyIu28+jUCeQ8xYxKYnnwK949sT3VmvdoeiNyyZ&y=U2FsdGVkX1+sjE9/zIS2B3NxAmy7zjNTs9BTM5dOKXXgu7daTGPWG8BqrSw69BB3 HTTP/1.1" 200 26
201.245.192.253 - - [12/Sep/2023:13:16:20 -0500] "POST /forms/lservlet;jsessionid=ac16012b30d67c93eb41c0fe4863bf03b6c32dc73e16.e3iSbxaKaheRe34Rch0Ra3mLchv0n6jAmljGr5XDqQLvpAe HTTP/1.1" 200 2
172.22.2.4 - - [12/Sep/2023:13:15:04 -0500] "HEAD /BLA/boletinlegal/ HTTP/1.1" 200 -
172.22.2.4 - - [12/Sep/2023:13:17:06 -0500] "GET /BLA/boletinlegal/consulta_actos.php?tipo=resoluciones&no=&usuario=&sector=SILVICULTURA&fecha=2021&resuelve= HTTP/1.1" 200 318225
172.22.2.4 - - [12/Sep/2023:13:17:15 -0500] "GET /BLA/boletinlegal/consulta_actos.php?tipo=resoluciones&no=&usuario=&sector=SILVICULTURA&fecha=2021&resuelve=educacion HTTP/1.1" 200 626
172.22.2.4 - - [12/Sep/2023:13:17:23 -0500] "GET /BLA/boletinlegal/consulta_actos.php?tipo=resoluciones&no=&usuario=&sector=SILVICULTURA&fecha=2021&resuelve=EDUCACI%D3N HTTP/1.1" 200 626
201.245.192.253 - - [12/Sep/2023:13:17:24 -0500] "POST /forms/lservlet;jsessionid=ac16012b30d6ec48b32ae6c641d48f3ac42886169fa3.e3iSbxaKaheRe34Rch0Ra3mLchv0n6jAmljGr5XDqQLvpAe HTTP/1.1" 200 2
52.167.144.25 - - [12/Sep/2023:13:17:33 -0500] "GET /Publicaciones/2023EE207179.pdf HTTP/1.1" 200 412293
172.22.2.4 - - [12/Sep/2023:13:15:54 -0500] "GET /BLA/boletinlegal/ HTTP/1.1" 200 58187
172.22.2.4 - - [12/Sep/2023:13:17:39 -0500] "GET /BLA/boletinlegal/consulta_actos.php?tipo=resoluciones&no=&usuario=EDUCACION&sector=SILVICULTURA&fecha=2021&resuelve= HTTP/1.1" 200 2591
186.155.251.67 - - [12/Sep/2023:13:17:43 -0500] "GET /BLA/resoluciones/RESOLUCIONES%202021/1947.pdf HTTP/1.1" 200 473413
201.245.192.253 - - [12/Sep/2023:13:17:48 -0500] "POST /kwsrmcab/Wsrmcab  HTTP/1.1" 200 42865
186.155.251.67 - - [12/Sep/2023:13:18:02 -0500] "GET /BLA/resoluciones/RESOLUCIONES%202021/0224.pdf HTTP/1.1" 200 504786
201.245.192.253 - - [12/Sep/2023:13:18:20 -0500] "POST /forms/lservlet;jsessionid=ac16012b30d67c93eb41c0fe4863bf03b6c32dc73e16.e3iSbxaKaheRe34Rch0Ra3mLchv0n6jAmljGr5XDqQLvpAe HTTP/1.1" 200 2
172.22.2.4 - - [12/Sep/2023:13:18:28 -0500] "GET /BLA/boletinlegal/consulta_actos.php?tipo=resoluciones&no=&usuario=EDUCACION&sector=SILVICULTURA&fecha=2022&resuelve= HTTP/1.1" 200 1577
201.245.192.253 - - [12/Sep/2023:13:18:30 -0500] "POST /kwsrmcab/Wsrmcab HTTP/1.1" 200 41987
201.245.192.253 - - [12/Sep/2023:13:18:33 -0500] "POST /kwsrmcab/Wsrmcab HTTP/1.1" 200 43041
186.155.251.67 - - [12/Sep/2023:13:18:40 -0500] "GET /BLA/resoluciones/RESOLUCIONES%202022/0702.pdf HTTP/1.1" 200 346732
201.245.192.253 - - [12/Sep/2023:13:19:25 -0500] "POST /forms/lservlet;jsessionid=ac16012b30d6ec48b32ae6c641d48f3ac42886169fa3.e3iSbxaKaheRe34Rch0Ra3mLchv0n6jAmljGr5XDqQLvpAe HTTP/1.1" 200 2
216.245.221.92 - - [12/Sep/2023:13:19:34 -0500] "HEAD / HTTP/1.1" 200 -
173.252.79.3 - - [12/Sep/2023:13:20:03 -0500] "GET /images/Sello%201%20JA-2.jpeg HTTP/1.1" 200 42236
201.245.192.253 - - [12/Sep/2023:13:20:20 -0500] "POST /forms/lservlet;jsessionid=ac16012b30d67c93eb41c0fe4863bf03b6c32dc73e16.e3iSbxaKaheRe34Rch0Ra3mLchv0n6jAmljGr5XDqQLvpAe HTTP/1.1" 200 2
201.245.192.253 - - [12/Sep/2023:13:21:24 -0500] "POST /forms/lservlet;jsessionid=ac16012b30d6ec48b32ae6c641d48f3ac42886169fa3.e3iSbxaKaheRe34Rch0Ra3mLchv0n6jAmljGr5XDqQLvpAe HTTP/1.1" 200 2
201.245.192.253 - - [12/Sep/2023:13:22:20 -0500] "POST /forms/lservlet;jsessionid=ac16012b30d67c93eb41c0fe4863bf03b6c32dc73e16.e3iSbxaKaheRe34Rch0Ra3mLchv0n6jAmljGr5XDqQLvpAe HTTP/1.1" 200 2
172.22.2.4 - - [12/Sep/2023:13:20:54 -0500] "HEAD /BLA/boletinlegal/ HTTP/1.1" 200 -
201.245.192.253 - - [12/Sep/2023:13:22:47 -0500] "POST /kwsrmcab/Wsrmcab  HTTP/1.1" 200 42865
172.22.2.4 - - [12/Sep/2023:13:21:44 -0500] "GET /BLA/boletinlegal/ HTTP/1.1" 200 60692
201.245.192.253 - - [12/Sep/2023:13:23:25 -0500] "POST /forms/lservlet;jsessionid=ac16012b30d6ec48b32ae6c641d48f3ac42886169fa3.e3iSbxaKaheRe34Rch0Ra3mLchv0n6jAmljGr5XDqQLvpAe HTTP/1.1" 200 2
186.102.74.192 - - [12/Sep/2023:13:23:25 -0500] "GET /kwssiamovil/sm/acme/u?s=U2FsdGVkX19C3ryk/BK6a9yi0yVwEBRQX5Iw7Jv2zYkfEanQdj3aXSpttWqQ//5Iy0q5OJiRF+4hEK2Unn1WfB5/50LAGzQ48W7z3MWMGc8motw4Cq4ZSy+/l/PgP6/vXcgn6VRH3RE8HbHGtRV/kyC9kVpVPsfSIag5XvHHio4=&u=U2FsdGVkX1/2yAOPKj1o92uXm7nxgx7LSCF4wlCN94k=&y=U2FsdGVkX18geFmuA99EJzHxIopT+q8Xlju+2ZnzOY5vMwRIZP/RgQ/aXNXXKgRE HTTP/1.1" 200 60
201.245.192.253 - - [12/Sep/2023:13:24:20 -0500] "POST /forms/lservlet;jsessionid=ac16012b30d67c93eb41c0fe4863bf03b6c32dc73e16.e3iSbxaKaheRe34Rch0Ra3mLchv0n6jAmljGr5XDqQLvpAe HTTP/1.1" 200 2
20.15.133.185 - - [12/Sep/2023:13:24:25 -0500] "GET /Publicaciones/2023EE211200.pdf HTTP/1.1" 200 232839
216.245.221.92 - - [12/Sep/2023:13:24:34 -0500] "HEAD / HTTP/1.1" 200 -
201.245.192.253 - - [12/Sep/2023:13:25:25 -0500] "POST /forms/lservlet;jsessionid=ac16012b30d6ec48b32ae6c641d48f3ac42886169fa3.e3iSbxaKaheRe34Rch0Ra3mLchv0n6jAmljGr5XDqQLvpAe HTTP/1.1" 200 2
186.102.74.192 - - [12/Sep/2023:13:25:30 -0500] "GET /kwssiamovil/sm/acme/a?s=U2FsdGVkX1+jULSSzv4KrYis7QU3lXjp9Qs0QEw1tTP69NL8n7GUG0Lc6h4W5pwfB8BxpDa68UVO+OrkVgiVXO5aECnbbKZnXJpfJ2J9WA+t28DngU7yYDGnQJcC2Q2YlT3bhESWpukRQ+51El4usyukGGNndbGi66Q0AsZto6uIWlBphQuccFQhCebwNTUKllLOlfcP/KOcptROvYvMzEOkBR9/pBXxXb6hbiT2oYeatMGdYWV6gTOzp65gYB4txd29JLchnd20fnlsmOSxNg==&u=U2FsdGVkX1/2yAOPKj1o92uXm7nxgx7LSCF4wlCN94k=&y=U2FsdGVkX18geFmuA99EJzHxIopT+q8Xlju+2ZnzOY5vMwRIZP/RgQ/aXNXXKgRE HTTP/1.1" 200 26
186.102.74.192 - - [12/Sep/2023:13:25:31 -0500] "GET /kwssiamovil/sm/acme/a?s=U2FsdGVkX19/OWgHkXOQoCgPAJyROZuZwHbXXsByTj5R0/ktJ2JypKT5ZVrtGmlWYcubh657jbmo/mAtbbbGHqlcxfbrWm8eZfmaRVIvXtpTgoCETF5bCAiOexfxvE0FgHsPlJyAKBkt4o3yMXKd+voz2K1E7JvCv50dcJGSi0+w/Oa98zp3THrG4yTcZ8kdiIkV4B43H09e8oN5KyC3q7B0Dr60I8f74Fxl6F5+aRUyPtTb3g0lzHD0qb/IXi88U+dT+wJ2v/JAU8iolovfy2Rofyb07x9/0OO6iMhiVwk2w5vxAG7dw68xFr7PJsC/HhGtrrUfDKNF7rmN4UmMb7re7jlUOtyNsdYawU6DhwGgjNTxt0LyzW7gPK1eXNPW9/3M7dq0VHwZnsay1GJ0qxqYJYtyV0o0uJR+a1sZ+iYkBvIbbjl3q8yGCL0wUfnxrZy6B9lLEG7u7V0D5JogKyrJHh1Az5XateVGwlfa1p79bv+/RxbGplf0FzpX54T/jtjKdIT43vQ9nL2kUqTLIo3VwF8JKPHsq4dpBG8PwRdoabjEAqSC3CzZvYpkSKMCXWiCe2fMndyYwZL+NUzjuG5DX0zrBw8AAhtgS5r6diq5ycwh6pTS8Z6do74m+jYUah9yGFPjT+CMUEOCJj8G5l1VXnlXam5SN7cpxQGj1jUeZrtp5ruhh4QWsjceXn9CUR2p3VaWJMqpe7UjxSh9e3B4h4HxfnUn4OaqbbdzqrrQBgoV47Z9dqZFhodMYNyZIdR5jjR9CvJsRf9kdHXOEYZwaGqx23VjefCYbCx+GjluWDJJw/GAC3hEuU/80ici1GKeqzrCgOQt0Opvsqi7Phzi6ONx62+NKbQsXvs7Xufd8T18aPKEfi+LvwtT2O1fnMdMiy/7pYCoEI34Y0qDOPQuJR4NI9rC7xgCC8/VZDU+5SSwaXmn0ci7158IBmXAvCGshCjf7lo0vbiweM8xgm6pphJr8vAmxDtjhh0SydJAkK65styLEO1c5kelWTpUQdt/7vVRdC5ymlKStSWVsA/QSRtEQkl8o6Qb3OvdoLVbhp/kiTcMrWO8tVBwm4RfMNqSowF4HbJgB7CbXxLX4Unp08mI/eQEYPFtISIPoZ4JT77866+M9DhuaaiYooEuCXl+eUAekrDshfRrFCFIUKMFVERT6nS5Ey4/oZjGUzncIRikwQlGe+VFAhKGUidWD9D21IUcnUqN8RZJ/XZKMg5O30QZLQj4hWJfCzL3aTcpDeqs/2MD7YQtJ59Sh5G0IcTc17ZchTspf12PFMk4NTnjgBdDauOlcfJZjTTnz4HxBg3kpTZDnTYq088eDJdOoG26/i7vLk9AiomGcv4Bg6e8LxyvMYd096BtRlTJM4A=&u=U2FsdGVkX1/2yAOPKj1o92uXm7nxgx7LSCF4wlCN94k=&y=U2FsdGVkX18geFmuA99EJzHxIopT+q8Xlju+2ZnzOY5vMwRIZP/RgQ/aXNXXKgRE HTTP/1.1" 200 26
186.102.74.192 - - [12/Sep/2023:13:25:31 -0500] "GET /kwssiamovil/sm/acme/a?s=U2FsdGVkX18w5eo5Vxbb0OuYjDLlAoRAYMgjW/SbCPvYORP70rXI+Gf9Y+A1gB4hlL/UthtsCk1rmOcaikU2eAaLUIdaSYKl3zXMXxLTg0nBxfaqDDqUi2JGTF8L/eSwzzGfHfpYu/uvn6eAMQyLh2tay7p0/z4PHnElo3MAv24=&u=U2FsdGVkX1/2yAOPKj1o92uXm7nxgx7LSCF4wlCN94k=&y=U2FsdGVkX18geFmuA99EJzHxIopT+q8Xlju+2ZnzOY5vMwRIZP/RgQ/aXNXXKgRE HTTP/1.1" 200 26
186.102.74.192 - - [12/Sep/2023:13:25:31 -0500] "GET /kwssiamovil/sm/acme/a?s=U2FsdGVkX193lFcGl6r/YNVISfixwzoNEe2wB4VhaYK8bW4Pj4Shb4N3Miv8BKsayuJSPrjqExFrgcaBu0q7mH7AydBRI6SsX4R68juZZAbmUMDXV3CRwncD3ASM+Nz2Zg7tj8DiFFeS05g24ItVRAJtz5N7fhhA6Q33RBQ3+O8=&u=U2FsdGVkX1/2yAOPKj1o92uXm7nxgx7LSCF4wlCN94k=&y=U2FsdGVkX18geFmuA99EJzHxIopT+q8Xlju+2ZnzOY5vMwRIZP/RgQ/aXNXXKgRE HTTP/1.1" 200 26
186.102.74.192 - - [12/Sep/2023:13:25:31 -0500] "GET /kwssiamovil/sm/acme/a?s=U2FsdGVkX18vVmV2ZsaUcD+IHpi0XSDS05TTLcLlxFTaCzKG+ObKqjy8TtZZvsenH9zgn7i2q7qmSIP1zQ40TyVlpTydWVtD87WiCsF88JhfFYiJtyF+JaNrUH1KfpEV+7ej0VOP8GDlx7WSL8MuuWj4y3Qq7qjNXhU/aslqNuE=&u=U2FsdGVkX1/2yAOPKj1o92uXm7nxgx7LSCF4wlCN94k=&y=U2FsdGVkX18geFmuA99EJzHxIopT+q8Xlju+2ZnzOY5vMwRIZP/RgQ/aXNXXKgRE HTTP/1.1" 200 26
186.102.74.192 - - [12/Sep/2023:13:25:32 -0500] "GET /kwssiamovil/sm/acme/a?s=U2FsdGVkX1+YIfzxeoQAtIiW96ijaG9G1KCKsFuscPckvMDix7JDBa4izhkjsdWR/c0UdKKPyyTrq8Q50W+xzooG1Cxdw3yETwE6zyCSZ8dsAU6ugvc7hh/or+VpYIf52moIieWLXVjwQTirgV+5Iu6OmyG0+hsqgqsD8J0AFzbqgR2De3dzYOR3UnrCgU+j&u=U2FsdGVkX1/2yAOPKj1o92uXm7nxgx7LSCF4wlCN94k=&y=U2FsdGVkX18geFmuA99EJzHxIopT+q8Xlju+2ZnzOY5vMwRIZP/RgQ/aXNXXKgRE HTTP/1.1" 200 26
40.77.167.159 - - [12/Sep/2023:13:25:54 -0500] "GET /Publicaciones/2023EE207915.pdf HTTP/1.1" 200 231975
186.154.148.140 - - [12/Sep/2023:13:25:56 -0500] "GET /catalogoisis/ HTTP/1.1" 200 8575
186.154.148.140 - - [12/Sep/2023:13:25:56 -0500] "GET /catalogoisis/Css/Busqueda.css HTTP/1.1" 200 1995
186.154.148.140 - - [12/Sep/2023:13:25:56 -0500] "GET /catalogoisis/Js/Remote.js HTTP/1.1" 200 436
186.154.148.140 - - [12/Sep/2023:13:25:56 -0500] "GET /catalogoisis/Js/AceptarLimpiar.js HTTP/1.1" 200 331
186.154.148.140 - - [12/Sep/2023:13:25:56 -0500] "GET /catalogoisis/Js/CriterioCombinada.js HTTP/1.1" 200 1843
186.154.148.140 - - [12/Sep/2023:13:25:56 -0500] "GET /catalogoisis/Js/Numero.js HTTP/1.1" 200 398
186.154.148.140 - - [12/Sep/2023:13:25:56 -0500] "GET /catalogoisis/Js/Cookies.js HTTP/1.1" 200 1369
186.154.148.140 - - [12/Sep/2023:13:25:56 -0500] "GET /catalogoisis/Js/Go.js HTTP/1.1" 200 364
186.154.148.140 - - [12/Sep/2023:13:25:56 -0500] "GET /catalogoisis/Js/Enter.js HTTP/1.1" 200 1208
186.154.148.140 - - [12/Sep/2023:13:25:56 -0500] "GET /catalogoisis/Js/LimpiarCombinada.js HTTP/1.1" 200 207
186.154.148.140 - - [12/Sep/2023:13:25:56 -0500] "GET /catalogoisis/imagenes/br1c1.gif HTTP/1.1" 200 172
186.154.148.140 - - [12/Sep/2023:13:25:56 -0500] "GET /catalogoisis/imagenes/limpiar1.gif HTTP/1.1" 200 606
186.154.148.140 - - [12/Sep/2023:13:25:56 -0500] "GET /catalogoisis/imagenes/br1c3.gif HTTP/1.1" 200 302
186.154.148.140 - - [12/Sep/2023:13:25:56 -0500] "GET /catalogoisis/imagenes/aceptar1.gif HTTP/1.1" 200 604
186.154.148.140 - - [12/Sep/2023:13:25:56 -0500] "GET /catalogoisis/imagenes/Turnbo1.gif HTTP/1.1" 200 227
186.154.148.140 - - [12/Sep/2023:13:25:56 -0500] "GET /catalogoisis/imagenes/br3c1.gif HTTP/1.1" 200 177
186.154.148.140 - - [12/Sep/2023:13:25:56 -0500] "GET /catalogoisis/imagenes/br3c2.gif HTTP/1.1" 200 285
186.154.148.140 - - [12/Sep/2023:13:25:56 -0500] "GET /catalogoisis/imagenes/Header.gif HTTP/1.1" 200 27040
186.154.148.140 - - [12/Sep/2023:13:25:56 -0500] "GET /catalogoisis/imagenes/br2c2.gif HTTP/1.1" 200 302
186.154.148.140 - - [12/Sep/2023:13:25:56 -0500] "GET /catalogoisis/imagenes/br3c3.gif HTTP/1.1" 200 186
186.154.148.140 - - [12/Sep/2023:13:25:56 -0500] "GET /catalogoisis/imagenes/br2c1.gif HTTP/1.1" 200 297
186.154.148.140 - - [12/Sep/2023:13:25:56 -0500] "GET /catalogoisis/imagenes/br1c2.gif HTTP/1.1" 200 297
186.154.148.140 - - [12/Sep/2023:13:25:56 -0500] "GET /catalogoisis/imagenes/br2c3.gif HTTP/1.1" 200 416
186.154.148.140 - - [12/Sep/2023:13:25:56 -0500] "GET /favicon.ico HTTP/1.1" 200 7782
201.245.192.253 - - [12/Sep/2023:13:26:20 -0500] "POST /forms/lservlet;jsessionid=ac16012b30d67c93eb41c0fe4863bf03b6c32dc73e16.e3iSbxaKaheRe34Rch0Ra3mLchv0n6jAmljGr5XDqQLvpAe HTTP/1.1" 200 2
199.16.157.180 - - [12/Sep/2023:13:26:22 -0500] "GET /monica-fonnegra-una-disenadora-que-inspira-amor-por-la-naturaleza-a-traves-de-la-moda.html HTTP/1.1" 200 976
199.16.157.181 - - [12/Sep/2023:13:26:23 -0500] "GET /images/cr%C3%B3nica-29-nov-1_optimized.jpeg HTTP/1.1" 404 1034
201.245.192.253 - - [12/Sep/2023:13:27:25 -0500] "POST /forms/lservlet;jsessionid=ac16012b30d6ec48b32ae6c641d48f3ac42886169fa3.e3iSbxaKaheRe34Rch0Ra3mLchv0n6jAmljGr5XDqQLvpAe HTTP/1.1" 200 2
201.245.192.253 - - [12/Sep/2023:13:27:46 -0500] "POST /kwsrmcab/Wsrmcab  HTTP/1.1" 200 42865
201.245.192.253 - - [12/Sep/2023:13:28:20 -0500] "POST /forms/lservlet;jsessionid=ac16012b30d67c93eb41c0fe4863bf03b6c32dc73e16.e3iSbxaKaheRe34Rch0Ra3mLchv0n6jAmljGr5XDqQLvpAe HTTP/1.1" 200 2
172.22.2.4 - - [12/Sep/2023:13:26:44 -0500] "HEAD /BLA/boletinlegal/ HTTP/1.1" 200 -
40.77.167.159 - - [12/Sep/2023:13:28:25 -0500] "GET /bla/resoluciones/autos%202010/5328.pdf HTTP/1.1" 200 1041679
201.245.192.253 - - [12/Sep/2023:13:28:31 -0500] "POST /kwsrmcab/Wsrmcab HTTP/1.1" 200 41987
201.245.192.253 - - [12/Sep/2023:13:28:33 -0500] "POST /kwsrmcab/Wsrmcab HTTP/1.1" 200 43041
172.22.2.4 - - [12/Sep/2023:13:27:34 -0500] "GET /BLA/boletinlegal/ HTTP/1.1" 200 60692
172.22.2.4 - - [12/Sep/2023:13:29:17 -0500] "GET /BLA/boletinlegal/actos.php HTTP/1.1" 200 9682
201.245.192.253 - - [12/Sep/2023:13:29:25 -0500] "POST /forms/lservlet;jsessionid=ac16012b30d6ec48b32ae6c641d48f3ac42886169fa3.e3iSbxaKaheRe34Rch0Ra3mLchv0n6jAmljGr5XDqQLvpAe HTTP/1.1" 200 2
216.245.221.92 - - [12/Sep/2023:13:29:34 -0500] "HEAD / HTTP/1.1" 200 -
201.245.192.253 - - [12/Sep/2023:13:30:20 -0500] "POST /forms/lservlet;jsessionid=ac16012b30d67c93eb41c0fe4863bf03b6c32dc73e16.e3iSbxaKaheRe34Rch0Ra3mLchv0n6jAmljGr5XDqQLvpAe HTTP/1.1" 200 2
216.244.66.195 - - [12/Sep/2023:13:30:32 -0500] "GET /BLA/resoluciones/AUTOS%202016/0548.pdf HTTP/1.1" 200 308756
201.245.192.253 - - [12/Sep/2023:13:31:25 -0500] "POST /forms/lservlet;jsessionid=ac16012b30d6ec48b32ae6c641d48f3ac42886169fa3.e3iSbxaKaheRe34Rch0Ra3mLchv0n6jAmljGr5XDqQLvpAe HTTP/1.1" 200 2
172.22.2.4 - - [12/Sep/2023:13:32:18 -0500] "GET /BLA/boletinlegal/actos.php HTTP/1.1" 200 9682
172.22.2.4 - - [12/Sep/2023:13:32:19 -0500] "GET /BLA/boletinlegal/styles2.css HTTP/1.1" 200 1838
172.22.2.4 - - [12/Sep/2023:13:32:19 -0500] "GET /BLA/boletinlegal/js/ajax_actos.js HTTP/1.1" 200 1322
172.22.2.4 - - [12/Sep/2023:13:32:19 -0500] "GET /BLA/boletinlegal/niceforms-default.css HTTP/1.1" 200 6694
172.22.2.4 - - [12/Sep/2023:13:32:19 -0500] "GET /BLA/boletinlegal/style.css HTTP/1.1" 200 9406
172.22.2.4 - - [12/Sep/2023:13:32:19 -0500] "GET /BLA/boletinlegal/niceforms.js HTTP/1.1" 200 22876
172.22.2.4 - - [12/Sep/2023:13:32:19 -0500] "GET /BLA/boletinlegal/js/lib.js HTTP/1.1" 200 6474
172.22.2.4 - - [12/Sep/2023:13:32:19 -0500] "GET /BLA/boletinlegal/js/popup.js HTTP/1.1" 200 1270
172.22.2.4 - - [12/Sep/2023:13:32:19 -0500] "GET /BLA/boletinlegal/js/jquery1.js HTTP/1.1" 200 29846
172.22.2.4 - - [12/Sep/2023:13:32:19 -0500] "GET /BLA/boletinlegal/images/cabezote%20BLEGAL.jpg HTTP/1.1" 200 118164
172.22.2.4 - - [12/Sep/2023:13:32:19 -0500] "GET /BLA/boletinlegal/images/subscribe-icon-big.png HTTP/1.1" 200 47702
172.22.2.4 - - [12/Sep/2023:13:32:19 -0500] "GET /BLA/boletinlegal/images/historia.png HTTP/1.1" 200 52775
172.22.2.4 - - [12/Sep/2023:13:32:19 -0500] "GET /BLA/boletinlegal/images/green-yellow-blue-pink-th.png HTTP/1.1" 200 7394
172.22.2.4 - - [12/Sep/2023:13:32:19 -0500] "GET /BLA/boletinlegal/images/registro-usuarios.png HTTP/1.1" 200 8106
172.22.2.4 - - [12/Sep/2023:13:32:19 -0500] "GET /BLA/boletinlegal/images/tel.png HTTP/1.1" 200 14477
172.22.2.4 - - [12/Sep/2023:13:32:19 -0500] "GET /BLA/boletinlegal/images/body_bg.jpg HTTP/1.1" 200 1601
172.22.2.4 - - [12/Sep/2023:13:32:19 -0500] "GET /BLA/boletinlegal/images/icono-email.png HTTP/1.1" 200 5544
172.22.2.4 - - [12/Sep/2023:13:32:19 -0500] "GET /BLA/boletinlegal/images/menu_lft.gif HTTP/1.1" 200 1713
172.22.2.4 - - [12/Sep/2023:13:32:19 -0500] "GET /BLA/boletinlegal/images/menu_rght.gif HTTP/1.1" 200 1627
172.22.2.4 - - [12/Sep/2023:13:32:19 -0500] "GET /BLA/boletinlegal/images/bg_top.jpg HTTP/1.1" 200 522
172.22.2.4 - - [12/Sep/2023:13:32:19 -0500] "GET /BLA/boletinlegal/images/menu_bg.jpg HTTP/1.1" 200 620
172.22.2.4 - - [12/Sep/2023:13:32:19 -0500] "GET /BLA/boletinlegal/images/footer_bg.jpg HTTP/1.1" 200 586
172.22.2.4 - - [12/Sep/2023:13:32:19 -0500] "GET /BLA/boletinlegal/images/hover.jpg HTTP/1.1" 200 640
172.22.2.4 - - [12/Sep/2023:13:32:19 -0500] "GET /BLA/boletinlegal/images/text.jpg HTTP/1.1" 200 568
172.22.2.4 - - [12/Sep/2023:13:32:19 -0500] "GET /BLA/boletinlegal/images/footer_bg_l.jpg HTTP/1.1" 200 776
172.22.2.4 - - [12/Sep/2023:13:32:19 -0500] "GET /BLA/boletinlegal/img/0.png HTTP/1.1" 200 110
172.22.2.4 - - [12/Sep/2023:13:32:19 -0500] "GET /BLA/boletinlegal/img/button-right.png HTTP/1.1" 200 57878
172.22.2.4 - - [12/Sep/2023:13:32:19 -0500] "GET /BLA/boletinlegal/img/select-left.png HTTP/1.1" 200 263
172.22.2.4 - - [12/Sep/2023:13:32:19 -0500] "GET /BLA/boletinlegal/img/select-right.png HTTP/1.1" 200 44019
172.22.2.4 - - [12/Sep/2023:13:32:19 -0500] "GET /BLA/boletinlegal/img/button.png HTTP/1.1" 200 43241
172.22.2.4 - - [12/Sep/2023:13:32:19 -0500] "GET /BLA/boletinlegal/img/button-left.png HTTP/1.1" 200 57071
172.22.2.4 - - [12/Sep/2023:13:32:19 -0500] "GET /BLA/boletinlegal/favicon.ico HTTP/1.1" 404 1326
201.245.192.253 - - [12/Sep/2023:13:32:20 -0500] "POST /forms/lservlet;jsessionid=ac16012b30d67c93eb41c0fe4863bf03b6c32dc73e16.e3iSbxaKaheRe34Rch0Ra3mLchv0n6jAmljGr5XDqQLvpAe HTTP/1.1" 200 2
64.225.40.114 - - [12/Sep/2023:13:32:26 -0500] "GET /Iya9 HTTP/1.1" 404 1018
64.225.40.114 - - [12/Sep/2023:13:32:26 -0500] "GET /favicon.ico HTTP/1.1" 200 7782
68.183.8.111 - - [12/Sep/2023:13:32:28 -0500] "GET /Iya9 HTTP/1.1" 404 1018
68.183.8.111 - - [12/Sep/2023:13:32:28 -0500] "GET /favicon.ico HTTP/1.1" 200 7782
201.245.192.253 - - [12/Sep/2023:13:32:45 -0500] "POST /kwsrmcab/Wsrmcab  HTTP/1.1" 200 42865
172.22.2.4 - - [12/Sep/2023:13:33:16 -0500] "GET /BLA/boletinlegal/consulta_actos.php?tipo=resoluciones&no=4389&usuario=&sector=AIRE&fecha=2022&resuelve= HTTP/1.1" 200 37371
172.22.2.4 - - [12/Sep/2023:13:33:16 -0500] "GET /BLA/boletinlegal/images/pdf.gif HTTP/1.1" 200 567
201.245.192.253 - - [12/Sep/2023:13:33:25 -0500] "POST /forms/lservlet;jsessionid=ac16012b30d6ec48b32ae6c641d48f3ac42886169fa3.e3iSbxaKaheRe34Rch0Ra3mLchv0n6jAmljGr5XDqQLvpAe HTTP/1.1" 200 2
190.128.42.53 - - [12/Sep/2023:13:33:33 -0500] "GET /BLA/resoluciones/RESOLUCIONES%202022/4389.pdf HTTP/1.1" 200 1817143
190.128.42.53 - - [12/Sep/2023:13:33:33 -0500] "GET /favicon.ico HTTP/1.1" 200 7782
216.244.66.195 - - [12/Sep/2023:13:34:01 -0500] "GET /BLA/resoluciones/RESOLUCIONES%202016/0696.pdf HTTP/1.1" 200 354531
172.22.2.4 - - [12/Sep/2023:13:32:34 -0500] "HEAD /BLA/boletinlegal/ HTTP/1.1" 200 -
201.245.192.253 - - [12/Sep/2023:13:34:20 -0500] "POST /forms/lservlet;jsessionid=ac16012b30d67c93eb41c0fe4863bf03b6c32dc73e16.e3iSbxaKaheRe34Rch0Ra3mLchv0n6jAmljGr5XDqQLvpAe HTTP/1.1" 200 2
216.245.221.92 - - [12/Sep/2023:13:34:34 -0500] "HEAD / HTTP/1.1" 200 -
216.244.66.195 - - [12/Sep/2023:13:34:49 -0500] "GET /BLA/resoluciones/RESOLUCIONES%202016/2256.pdf HTTP/1.1" 200 364882
172.22.2.4 - - [12/Sep/2023:13:33:24 -0500] "GET /BLA/boletinlegal/ HTTP/1.1" 200 59343
201.245.192.253 - - [12/Sep/2023:13:35:25 -0500] "POST /forms/lservlet;jsessionid=ac16012b30d6ec48b32ae6c641d48f3ac42886169fa3.e3iSbxaKaheRe34Rch0Ra3mLchv0n6jAmljGr5XDqQLvpAe HTTP/1.1" 200 2
172.22.2.4 - - [12/Sep/2023:13:35:41 -0500] "GET /BLA/boletinlegal/99vt HTTP/1.1" 404 1018
172.22.2.4 - - [12/Sep/2023:13:35:41 -0500] "GET /BLA/boletinlegal/Res/login.html HTTP/1.1" 404 1018
172.22.2.4 - - [12/Sep/2023:13:35:41 -0500] "GET /BLA/boletinlegal/aaaaaaaaaaaaaaaaaaaaaaaaaqr HTTP/1.1" 404 1018
172.22.2.4 - - [12/Sep/2023:13:35:41 -0500] "GET /BLA/boletinlegal/robots.txt HTTP/1.1" 404 1018
172.22.2.4 - - [12/Sep/2023:13:35:41 -0500] "GET /BLA/boletinlegal/robots.txt HTTP/1.1" 404 1018
172.22.2.4 - - [12/Sep/2023:13:35:41 -0500] "GET /BLA/boletinlegal/99vu HTTP/1.1" 404 1018
172.22.2.4 - - [12/Sep/2023:13:35:41 -0500] "GET /BLA/boletinlegal/ HTTP/1.1" 200 24523
201.245.192.253 - - [12/Sep/2023:13:36:20 -0500] "POST /forms/lservlet;jsessionid=ac16012b30d67c93eb41c0fe4863bf03b6c32dc73e16.e3iSbxaKaheRe34Rch0Ra3mLchv0n6jAmljGr5XDqQLvpAe HTTP/1.1" 200 2
186.103.154.6 - - [12/Sep/2023:13:36:22 -0500] "GET /distrito-firmo-resolucion-de-etiquetado-vehicular-ambiental-herramienta-para-clasificar-vehiculos-segun-sus-niveles-de-emisiones.html HTTP/1.1" 200 841
216.244.66.195 - - [12/Sep/2023:13:36:47 -0500] "GET /BLA/resoluciones/AUTOS%202019/0412.pdf HTTP/1.1" 200 269376
201.245.192.253 - - [12/Sep/2023:13:37:25 -0500] "POST /forms/lservlet;jsessionid=ac16012b30d6ec48b32ae6c641d48f3ac42886169fa3.e3iSbxaKaheRe34Rch0Ra3mLchv0n6jAmljGr5XDqQLvpAe HTTP/1.1" 200 2
216.244.66.195 - - [12/Sep/2023:13:37:28 -0500] "GET /BLA/resoluciones/AUTOS%202019/0506.pdf HTTP/1.1" 200 269123
201.245.192.253 - - [12/Sep/2023:13:37:44 -0500] "POST /kwsrmcab/Wsrmcab  HTTP/1.1" 200 42865
64.225.40.114 - - [12/Sep/2023:13:37:53 -0500] "\x16\x03\x01\x02" 400 226
216.244.66.195 - - [12/Sep/2023:13:38:10 -0500] "GET /BLA/resoluciones/AUTOS%202019/1565.pdf HTTP/1.1" 200 266556
201.245.192.253 - - [12/Sep/2023:13:38:20 -0500] "POST /forms/lservlet;jsessionid=ac16012b30d67c93eb41c0fe4863bf03b6c32dc73e16.e3iSbxaKaheRe34Rch0Ra3mLchv0n6jAmljGr5XDqQLvpAe HTTP/1.1" 200 2
201.245.192.253 - - [12/Sep/2023:13:38:30 -0500] "POST /kwsrmcab/Wsrmcab HTTP/1.1" 200 41987
201.245.192.253 - - [12/Sep/2023:13:38:33 -0500] "POST /kwsrmcab/Wsrmcab HTTP/1.1" 200 43041
216.244.66.195 - - [12/Sep/2023:13:38:51 -0500] "GET /BLA/resoluciones/AUTOS%202019/1976.pdf HTTP/1.1" 200 333231
201.245.192.253 - - [12/Sep/2023:13:39:07 -0500] "POST /sipse/faces/presentacion/financiero/solicitudProceso/listarSolicitudProceso.xhtml HTTP/1.1" 200 7687
201.245.192.253 - - [12/Sep/2023:13:39:07 -0500] "POST /sipse/faces/presentacion/financiero/solicitudProceso/listarSolicitudProceso.xhtml HTTP/1.1" 200 19391
201.245.192.253 - - [12/Sep/2023:13:39:15 -0500] "POST /sipse/faces/presentacion/financiero/solicitudProceso/listarSolicitudProceso.xhtml HTTP/1.1" 200 7687
201.245.192.253 - - [12/Sep/2023:13:39:15 -0500] "POST /sipse/faces/presentacion/financiero/solicitudProceso/listarSolicitudProceso.xhtml HTTP/1.1" 200 19395
201.245.192.253 - - [12/Sep/2023:13:39:25 -0500] "POST /forms/lservlet;jsessionid=ac16012b30d6ec48b32ae6c641d48f3ac42886169fa3.e3iSbxaKaheRe34Rch0Ra3mLchv0n6jAmljGr5XDqQLvpAe HTTP/1.1" 200 2
216.245.221.92 - - [12/Sep/2023:13:39:34 -0500] "HEAD / HTTP/1.1" 200 -
216.244.66.195 - - [12/Sep/2023:13:39:38 -0500] "GET /BLA/resoluciones/AUTOS%202019/2174.pdf HTTP/1.1" 200 253954
172.22.2.4 - - [12/Sep/2023:13:38:24 -0500] "HEAD /BLA/boletinlegal/ HTTP/1.1" 200 -
216.244.66.195 - - [12/Sep/2023:13:40:19 -0500] "GET /BLA/resoluciones/AUTOS%202019/3049.pdf HTTP/1.1" 200 271411
201.245.192.253 - - [12/Sep/2023:13:40:20 -0500] "POST /forms/lservlet;jsessionid=ac16012b30d67c93eb41c0fe4863bf03b6c32dc73e16.e3iSbxaKaheRe34Rch0Ra3mLchv0n6jAmljGr5XDqQLvpAe HTTP/1.1" 200 2
66.249.66.193 - - [12/Sep/2023:13:40:44 -0500] "GET /privados-y-distrito-inauguraron-vivero-en-la-reserva-van-der-hammen-con-capacidad-para-producir-50-mil-arboles-al-ano.html HTTP/1.1" 304 -
185.180.143.8 - - [12/Sep/2023:13:40:46 -0500] "GET /portaldeninos/ HTTP/1.1" 200 110175
172.22.2.4 - - [12/Sep/2023:13:39:14 -0500] "GET /BLA/boletinlegal/ HTTP/1.1" 200 60342
216.244.66.195 - - [12/Sep/2023:13:40:56 -0500] "GET /BLA/resoluciones/AUTOS%202019/3125.pdf HTTP/1.1" 200 311494
186.102.72.85 - - [12/Sep/2023:13:41:21 -0500] "OPTIONS /kwssiamovil/sm/setfile/f? HTTP/1.1" 200 13
186.102.72.85 - - [12/Sep/2023:13:41:21 -0500] "POST /kwssiamovil/sm/setfile/f? HTTP/1.1" 200 381
201.245.192.253 - - [12/Sep/2023:13:41:25 -0500] "POST /forms/lservlet;jsessionid=ac16012b30d6ec48b32ae6c641d48f3ac42886169fa3.e3iSbxaKaheRe34Rch0Ra3mLchv0n6jAmljGr5XDqQLvpAe HTTP/1.1" 200 2
192.168.172.26 - - [12/Sep/2023:13:41:16 -0500] "GET /BLA/boletinlegal/admin/index.php HTTP/1.1" 200 5692
192.168.172.26 - - [12/Sep/2023:13:41:28 -0500] "GET /BLA/boletinlegal/admin/index_files/index_files/tback.gif HTTP/1.1" 404 1322
186.102.72.85 - - [12/Sep/2023:13:41:30 -0500] "GET /kwssiamovil/sm/acme/a?s=U2FsdGVkX1/3I8Zv2kY6cOjVl5QKae7/HMc59Ixe+g+WFl6iWHM1Fjap6Kc699Di2RbbTsGgZihleb+p0O4jUCoKjw6jqPzh2TsyUSFvZF8EUBBJx3p7k8kYuT38qN/u1Hr7b/ttekKd8pR+Vu8Kr1pxtj4Wv/qzM433GWLScJRZGKs0RYp9hpwLyIRKZ0PsQaxgtOmD8rNBIJM8VfPxl1+DAEshxvc4m+TP+7KYRDajo2BSdG6+jaKu96CF8gfuKNNmmoAxGk0+LOjXTypyqw==&u=U2FsdGVkX1+dFtm1btp8faHd3tig+NeT7IDGcSOU1eA=&y=U2FsdGVkX18gnrTta0Hy851/OjFOrLFnKOh+C/h7ddKp9SWWmQxvgdWLcgect0kT HTTP/1.1" 200 26
186.102.72.85 - - [12/Sep/2023:13:41:31 -0500] "GET /kwssiamovil/sm/acme/a?s=U2FsdGVkX18+bpX91NTCkE+wVbuMQlPBt7cBB8ef7p/ZoDmRRmY93DAFGcY+mpYsyaPSIdJkfKbGrnyEZqJ9lfd0ONvkBQD3bIHB5RrfD2ZQZS61gjZcS+WWRoW0xRlEiLuk2PdfPOu5i+5A/3L69UiPViMcBmIFiAQNRiLQWKmQD66VvNq/OSYHFubcgk6rl2kOg/cwSmiJJjAK7jeZnutyqY4hMPwTJzmeWCuXsHHdWWG9TpaNkyo3BcCNsbF3xHLoMqgUKcDT3ZJTUjLbid4sa9Gt6qr/1HzUnFLCUqduHCW9E0VFZ4/QndLYnhQgt5ckfLekQkUVlFZHpVUSYOY79+aoIBomrY2u/Asml4cwQpHZQjKmoUfPWucdxNvDY68eJ0tKa25vOH6vTIDwW5uVpqLwtkCeWOS6LWHCI1th+d4yK5NketUTFIyubXrbLNhxazp8EyeXuM52/Bi6MeeFe002ENXVJapnz2VyJUmStBby900U2OSUAIR97n03eoxu69InupyKIexSelgpOispS34e3RmYl97uw8F9dKXOcOM7iqyfKWo1nfKtdVezYp++zSvzAtaiYE3F2sCZ8AVSYVEGoS1WqTGZbv9z1UR7qro/Suex/JaeWLre8FqYAlwM+DYryju7mW3nyWK6Q/UY4ndPgD0stv3mSgKcEi4AlR51rDUob6AMec1Cqc3Qh+79Qc0UVGqIlR/oU4UKNXAKFs0dfLW884TGhbkZjLAPgiY0oHdFStLcgfASPcfJzjTUYrt3x525syy7cVjZ70wyIHEEGHQ/pENUH58fK7RgwE0wdbSCewqQEsXN0QklDnbNXxmeVubblS98pWQDyo1lPbNVyvVHtzw+5IguOwzf6T5eKIJJxH+kVILRPrM6baieQ0DH3t24sVVqPnYyuH/DWEfBoUSJHDlXtA78y1AKFsxZd9TyR34Ha57TuWo94XoRyf+7Z/nj7kE2TxYJ10g8cpipEKjtAnbZetnQ5CCA4E2bZViaaD1vU7H8Rb0IqchrGyRZsgHEE4j4JC4+I1wttb03DREG+JKpVzY+4FQ177778cF4+Mp4Ik9aDbE8bSrpbtGg0h6MxU1WhkwfBcWpK6HkMUoXBiImyuM98IG4NbrAkXIU/7M9JbsZ5O8sidjHJ8fmTIYAXseO7aIjhrWDEdq8JmGJVr2TiEZ83V2l4sdMrni0TOryjyiE8TrTbSt7fdugpvCIwsl9D2k0UmQ7kfVuhAPMsKP+/KHKtrlytq0m7rcNqWBbgmu6C+7H/ecuWxpo5er4dnV2zB4w1FAsTBTG+R4XnQ6EjV9kR/kBi4MCvG16a6vrXCMaPgpFt0cdyJMI0gkJyi5SQuPTHV4lhfncT9kwIdxxR5/z4Ltee3hjQGofxP4nVx3G2NATosl/QvhcaakdqAIjuDLLSuuYBna6KDwFDgB0zbgaZciA1RBysalVXdp2+XM14c5rbBrWn3IryoLy20CcEbEJDGZSMZjVmLO4BHKW6SRId3MBcSYTcZDGhbXQ1uH4A2NpBe7DJod/ERKlgyOLo+Zm0Yu17f5NNaRpWH6Bt4oNOkcf6rfWN5PRFE22C2QZfFSOz+fQnT3l8ESqCVoydkCTZSncfGCEdJCHhpM2RYJ5g973HGDzPqXp7Jyc5+TzlvRFUJt/H3W3fMj3Nia6ps2kYdbkScO3nHXWCCNfFY7GfxxXg4ZfAzBDugtmVRfHInVE+seD2gIgzXn9E1FtCRAzP4rmFS+1G7q8dWKeuPrEiF6mLNgJ7u1khA6cgRibd/e5lskXSJy15TNZjEsTQFjWmk3WbmOEFHjZzlCNn6oAiRAHx/8d3+68ST7msMjjVz3GCxIAf6FmEtK+CTuQHoicPt/tHDVfHt26h11AXrk8WWGbq+YYzundNSl8XLgbCLm9bfIXSkxnXMUT1BtkntWzYZ5vQmM5ePMo6brk/6dxNr21mCmw9RYC7kcbK27x7EvwPp6aY4Wc69wjnPxMgzgryTVjJYvslIbE2gAP30piQhk=&u=U2FsdGVkX1+dFtm1btp8faHd3tig+NeT7IDGcSOU1eA=&y=U2FsdGVkX18gnrTta0Hy851/OjFOrLFnKOh+C/h7ddKp9SWWmQxvgdWLcgect0kT HTTP/1.1" 200 26
186.102.72.85 - - [12/Sep/2023:13:41:31 -0500] "GET /kwssiamovil/sm/acme/a?s=U2FsdGVkX1/1UiVjfcsWmZKdoiAjr9tpA83/2bMrJOug13yO6n65K4KKf8iXZQAuaSysdnbVZSYA4aGIuwpZ4RIz+75WLbGCMefJKKqppFYZ2AA25PXhxDN2+7SFPNJbV688CclV0IkA9NuVQDZCEOi/xstr9xJpAiiJAYRqPIA=&u=U2FsdGVkX1+dFtm1btp8faHd3tig+NeT7IDGcSOU1eA=&y=U2FsdGVkX18gnrTta0Hy851/OjFOrLFnKOh+C/h7ddKp9SWWmQxvgdWLcgect0kT HTTP/1.1" 200 26
186.102.72.85 - - [12/Sep/2023:13:41:32 -0500] "GET /kwssiamovil/sm/acme/a?s=U2FsdGVkX1/11/MhuhaHDX7pYNw+UXfrWH2iHQxwWJmvN4DM3STp7l+1gfcCaZEV+fICGzsMtviSrLTh1WlaXHQ5q61yvm4y6pjTufKyW8ezrcUfsbc7i3RCnGmQyReF77RNeYgzHp5flUPKmsm2M5/3wAnB0BQk3H8h8lbN5vA=&u=U2FsdGVkX1+dFtm1btp8faHd3tig+NeT7IDGcSOU1eA=&y=U2FsdGVkX18gnrTta0Hy851/OjFOrLFnKOh+C/h7ddKp9SWWmQxvgdWLcgect0kT HTTP/1.1" 200 26
186.102.72.85 - - [12/Sep/2023:13:41:32 -0500] "GET /kwssiamovil/sm/acme/a?s=U2FsdGVkX1/Xam5JkTlefOMU0vOvsgs3LExP/v8ZVf0vznrcmo1GYg41K5PEjBj6WPovFKo+Phj68aUDF7Ip9a8LuDBx6lEjU492vINdiMNI0tlMDxsflQEHUKWBv5XPNjZZUYwOD/9fn5CBFXrTdDNzCVRfR0zWwyPtxXcamd4=&u=U2FsdGVkX1+dFtm1btp8faHd3tig+NeT7IDGcSOU1eA=&y=U2FsdGVkX18gnrTta0Hy851/OjFOrLFnKOh+C/h7ddKp9SWWmQxvgdWLcgect0kT HTTP/1.1" 200 26
186.102.72.85 - - [12/Sep/2023:13:41:32 -0500] "GET /kwssiamovil/sm/acme/a?s=U2FsdGVkX18cvgdgHMdQlZeJZ3DPhqVBFJfathJOF9+iCBriXJE1rgcYwAQv7/mb9S51sg+9+eni8nER+U4VAd4kj+oRYmBI4qPtG3Zv0Dka/DzhR77Ai8AOYCF3VzEPp/wA/kGHpppa0B1RIpKiCx8XgSo5Et8856Nl9VJTTxeO9PbYNWjfqCiA9BZvKzNLC78pNo9HW+2AXHRnygpNoQ==&u=U2FsdGVkX1+dFtm1btp8faHd3tig+NeT7IDGcSOU1eA=&y=U2FsdGVkX18gnrTta0Hy851/OjFOrLFnKOh+C/h7ddKp9SWWmQxvgdWLcgect0kT HTTP/1.1" 200 26
186.102.72.85 - - [12/Sep/2023:13:41:33 -0500] "GET /kwssiamovil/sm/acme/a?s=U2FsdGVkX19o5yIBBwOa3yYFaSshDlSam+D5LfzTNPl3E4kvTcnZ3nTYpoGkzpadvy8g182EB0pARj1wrUeWOehg9fAXV4FYkbI8wfqZ6bY1N8yS85PQzRlGv+c2ZiXsLA8d0bwj0LWgnrRWIbs4tCNMaP0g59ju80iHHDr1sONeLZmjbeX86gGrdVbPv1jZ0LAJKI3f3SuNyolsPscb3WxgxH8aJpbmPFTlp1XCDttGToN/+QkZQrDhMHZs8/hKVY72aER8tzu/v18u8Rey2XjTwFN7RgZkAWLB4KuDLkzNral2QYiZy1DQKxSA5Rn1XWzlgm/TbwooYbIF/cp+hWmUL7aQMy7hDBVjLuua5E4=&u=U2FsdGVkX1+dFtm1btp8faHd3tig+NeT7IDGcSOU1eA=&y=U2FsdGVkX18gnrTta0Hy851/OjFOrLFnKOh+C/h7ddKp9SWWmQxvgdWLcgect0kT HTTP/1.1" 200 25
192.168.172.26 - - [12/Sep/2023:13:41:33 -0500] "GET /BLA/boletinlegal/admin/actos/ingresar.php HTTP/1.1" 200 7209
186.102.72.85 - - [12/Sep/2023:13:41:33 -0500] "GET /kwssiamovil/sm/acme/a?s=U2FsdGVkX1862OH+XbTPpq+UkWUKfuNwP8SYy10XIG1PLqwbn5qfJUqrYfSDi4NHJv4pcfAz8Y6Uw5Kf+wqilB/s1BiItKmDSrGJLaQd/c7DaWamshaKFQktWVssU2u2EDuRLw0r6J2vMTDvKQ7POtJuJYefCx42c0vdD5OSaC0JJ/cMtNdKaypMJ7jCQH6oa8jVq+7SEjw47aralHL6optwSSoEcDhiIQe7SjtM1sOKYiSbPfdhvUv/8KFQJL+XOZsqJxRi1gvkNbgcszu/h83fs1mdPlMGgK8SiJTvoWXWbg0Oz1ExIUNzYNoEdyd1&u=U2FsdGVkX1+dFtm1btp8faHd3tig+NeT7IDGcSOU1eA=&y=U2FsdGVkX18gnrTta0Hy851/OjFOrLFnKOh+C/h7ddKp9SWWmQxvgdWLcgect0kT HTTP/1.1" 200 25
216.244.66.195 - - [12/Sep/2023:13:41:34 -0500] "GET /BLA/resoluciones/AUTOS%202019/3305.pdf HTTP/1.1" 200 315478
192.168.172.26 - - [12/Sep/2023:13:41:37 -0500] "GET /BLA/boletinlegal/images/favicon.ico HTTP/1.1" 404 1316
216.244.66.195 - - [12/Sep/2023:13:42:17 -0500] "GET /BLA/resoluciones/AUTOS%202019/3484.pdf HTTP/1.1" 200 425408
201.245.192.253 - - [12/Sep/2023:13:42:20 -0500] "POST /forms/lservlet;jsessionid=ac16012b30d67c93eb41c0fe4863bf03b6c32dc73e16.e3iSbxaKaheRe34Rch0Ra3mLchv0n6jAmljGr5XDqQLvpAe HTTP/1.1" 200 2
192.168.172.26 - - [12/Sep/2023:13:42:24 -0500] "POST /BLA/boletinlegal/admin/actos/ingresar.php HTTP/1.1" 200 7302
192.168.172.26 - - [12/Sep/2023:13:42:28 -0500] "GET /BLA/boletinlegal/actos.php HTTP/1.1" 200 9682
192.168.172.26 - - [12/Sep/2023:13:42:35 -0500] "GET /BLA/boletinlegal/consulta_actos.php?tipo=resoluciones&no=1611&usuario=&sector=&fecha=2023&resuelve= HTTP/1.1" 200 1097
201.245.192.253 - - [12/Sep/2023:13:42:44 -0500] "POST /kwsrmcab/Wsrmcab  HTTP/1.1" 200 42865
216.244.66.195 - - [12/Sep/2023:13:43:03 -0500] "GET /BLA/resoluciones/RESOLUCIONES%202018/0161.pdf HTTP/1.1" 200 394834
201.245.192.253 - - [12/Sep/2023:13:43:25 -0500] "POST /forms/lservlet;jsessionid=ac16012b30d6ec48b32ae6c641d48f3ac42886169fa3.e3iSbxaKaheRe34Rch0Ra3mLchv0n6jAmljGr5XDqQLvpAe HTTP/1.1" 200 2
216.244.66.195 - - [12/Sep/2023:13:43:46 -0500] "GET /BLA/resoluciones/RESOLUCIONES%202018/0608.pdf HTTP/1.1" 200 276578
201.245.192.253 - - [12/Sep/2023:13:44:20 -0500] "POST /forms/lservlet;jsessionid=ac16012b30d67c93eb41c0fe4863bf03b6c32dc73e16.e3iSbxaKaheRe34Rch0Ra3mLchv0n6jAmljGr5XDqQLvpAe HTTP/1.1" 200 2
216.244.66.195 - - [12/Sep/2023:13:44:28 -0500] "GET /BLA/resoluciones/RESOLUCIONES%202018/2181.pdf HTTP/1.1" 200 362712
216.245.221.92 - - [12/Sep/2023:13:44:34 -0500] "HEAD / HTTP/1.1" 200 -
216.244.66.195 - - [12/Sep/2023:13:45:06 -0500] "GET /BLA/resoluciones/RESOLUCIONES%202018/2818.pdf HTTP/1.1" 200 279713
201.245.192.253 - - [12/Sep/2023:13:45:25 -0500] "POST /forms/lservlet;jsessionid=ac16012b30d6ec48b32ae6c641d48f3ac42886169fa3.e3iSbxaKaheRe34Rch0Ra3mLchv0n6jAmljGr5XDqQLvpAe HTTP/1.1" 200 2
216.244.66.195 - - [12/Sep/2023:13:45:39 -0500] "GET /BLA/resoluciones/RESOLUCIONES%202018/3012.pdf HTTP/1.1" 200 281330
172.22.2.4 - - [12/Sep/2023:13:45:41 -0500] "GET /BLA/boletinlegal/favicon.ico HTTP/1.1" 404 1018
172.22.2.4 - - [12/Sep/2023:13:44:14 -0500] "HEAD /BLA/boletinlegal/ HTTP/1.1" 200 -
216.244.66.195 - - [12/Sep/2023:13:46:09 -0500] "GET /BLA/resoluciones/RESOLUCIONES%202018/3965.pdf HTTP/1.1" 200 313588
201.245.192.253 - - [12/Sep/2023:13:46:20 -0500] "POST /forms/lservlet;jsessionid=ac16012b30d67c93eb41c0fe4863bf03b6c32dc73e16.e3iSbxaKaheRe34Rch0Ra3mLchv0n6jAmljGr5XDqQLvpAe HTTP/1.1" 200 2
216.244.66.195 - - [12/Sep/2023:13:46:39 -0500] "GET /BLA/resoluciones/RESOLUCIONES%202018/4034.pdf HTTP/1.1" 200 274304
