186.80.52.212 - - [12/Sep/2023:07:30:30 -0500] "GET /sipse/faces/javax.faces.resource/jquery/jquery.js?ln=primefaces&v=4.0 HTTP/1.1" 304 -
186.80.52.212 - - [12/Sep/2023:07:30:30 -0500] "GET /sipse/faces/javax.faces.resource/jquery/jquery-plugins.js?ln=primefaces&v=4.0 HTTP/1.1" 304 -
186.80.52.212 - - [12/Sep/2023:07:30:30 -0500] "GET /sipse/faces/javax.faces.resource/primefaces.js?ln=primefaces&v=4.0 HTTP/1.1" 304 -
186.80.52.212 - - [12/Sep/2023:07:30:30 -0500] "GET /sipse/faces/javax.faces.resource/layout/layout.js?ln=primefaces&v=4.0 HTTP/1.1" 304 -
186.80.52.212 - - [12/Sep/2023:07:30:30 -0500] "GET /sipse/faces/javax.faces.resource/images/ui-icons_898989_256x240.png?ln=primefaces-aristo HTTP/1.1" 304 -
157.55.39.212 - - [12/Sep/2023:07:30:32 -0500] "GET /BLA/resoluciones/AUTOS%202023/2288.pdf HTTP/1.1" 200 791120
186.80.52.212 - - [12/Sep/2023:07:30:33 -0500] "GET /sipse/faces/javax.faces.resource/images/ui-bg_flat_0_2d5972_40x100.png?ln=primefaces-aristo HTTP/1.1" 304 -
186.80.52.212 - - [12/Sep/2023:07:30:33 -0500] "POST /sipse/faces/bienvenido.xhtml HTTP/1.1" 200 2658
186.80.52.212 - - [12/Sep/2023:07:30:34 -0500] "POST /sipse/faces/bienvenido.xhtml HTTP/1.1" 200 63884
186.80.52.212 - - [12/Sep/2023:07:30:35 -0500] "GET /sipse/faces/javax.faces.resource/theme.css?ln=primefaces-sipse HTTP/1.1" 304 -
186.80.52.212 - - [12/Sep/2023:07:30:35 -0500] "GET /sipse/faces/javax.faces.resource/layout/layout.css?ln=primefaces&v=4.0 HTTP/1.1" 304 -
186.80.52.212 - - [12/Sep/2023:07:30:35 -0500] "GET /sipse/faces/javax.faces.resource/primefaces.css?ln=primefaces&v=4.0 HTTP/1.1" 304 -
186.80.52.212 - - [12/Sep/2023:07:30:35 -0500] "GET /sipse/faces/javax.faces.resource/jquery/jquery.js?ln=primefaces&v=4.0 HTTP/1.1" 304 -
186.80.52.212 - - [12/Sep/2023:07:30:35 -0500] "GET /sipse/faces/javax.faces.resource/jquery/jquery-plugins.js?ln=primefaces&v=4.0 HTTP/1.1" 304 -
186.80.52.212 - - [12/Sep/2023:07:30:35 -0500] "GET /sipse/faces/javax.faces.resource/primefaces.js?ln=primefaces&v=4.0 HTTP/1.1" 304 -
186.80.52.212 - - [12/Sep/2023:07:30:35 -0500] "GET /sipse/faces/javax.faces.resource/layout/layout.js?ln=primefaces&v=4.0 HTTP/1.1" 304 -
186.80.52.212 - - [12/Sep/2023:07:30:35 -0500] "GET /sipse/faces/javax.faces.resource/images/ui-icons_898989_256x240.png?ln=primefaces-aristo HTTP/1.1" 304 -
186.80.52.212 - - [12/Sep/2023:07:30:35 -0500] "POST /sipse/faces/presentacion/financiero/solicitudProceso/listarSolicitudProceso.xhtml HTTP/1.1" 200 1552
186.80.52.212 - - [12/Sep/2023:07:30:39 -0500] "GET /sipse/faces/javax.faces.resource/images/ui-icons_898989_256x240.png?ln=primefaces-aristo HTTP/1.1" 304 -
186.80.52.212 - - [12/Sep/2023:07:30:39 -0500] "POST /sipse/faces/presentacion/financiero/solicitudProceso/listarSolicitudProceso.xhtml HTTP/1.1" 200 29063
216.244.66.195 - - [12/Sep/2023:07:30:40 -0500] "GET /BLA/resoluciones/RESOLUCIONES%202018/2186.pdf HTTP/1.1" 200 309452
51.222.253.7 - - [12/Sep/2023:07:30:49 -0500] "GET /robots.txt HTTP/1.1" 404 1034
216.244.66.195 - - [12/Sep/2023:07:31:13 -0500] "GET /BLA/resoluciones/RESOLUCIONES%202018/3713.pdf HTTP/1.1" 200 255926
201.245.192.253 - - [12/Sep/2023:07:31:19 -0500] "POST /forms/lservlet;jsessionid=ac16012b30d6ec48b32ae6c641d48f3ac42886169fa3.e3iSbxaKaheRe34Rch0Ra3mLchv0n6jAmljGr5XDqQLvpAe HTTP/1.1" 200 2
66.249.70.197 - - [12/Sep/2023:07:31:28 -0500] "GET /BLA/resoluciones/Notificaciones/RESOLUCIONES%202022/5144.pdf HTTP/1.1" 304 -
216.244.66.195 - - [12/Sep/2023:07:31:40 -0500] "GET /BLA/resoluciones/AUTOS%202017/1197.pdf HTTP/1.1" 200 283696
201.245.192.253 - - [12/Sep/2023:07:32:05 -0500] "POST /forms/lservlet;jsessionid=ac16012b30d67c93eb41c0fe4863bf03b6c32dc73e16.e3iSbxaKaheRe34Rch0Ra3mLchv0n6jAmljGr5XDqQLvpAe HTTP/1.1" 200 2
216.244.66.195 - - [12/Sep/2023:07:32:07 -0500] "GET /BLA/resoluciones/AUTOS%202017/2717.pdf HTTP/1.1" 200 271656
201.245.192.253 - - [12/Sep/2023:07:32:33 -0500] "POST /forms/lservlet;jsessionid=ac16012b30d6ec48b32ae6c641d48f3ac42886169fa3.e3iSbxaKaheRe34Rch0Ra3mLchv0n6jAmljGr5XDqQLvpAe HTTP/1.1" 200 60
201.245.192.253 - - [12/Sep/2023:07:32:33 -0500] "POST /forms/lservlet;jsessionid=ac16012b30d6ec48b32ae6c641d48f3ac42886169fa3.e3iSbxaKaheRe34Rch0Ra3mLchv0n6jAmljGr5XDqQLvpAe HTTP/1.1" 200 2
216.244.66.195 - - [12/Sep/2023:07:32:33 -0500] "GET /BLA/resoluciones/AUTOS%202019/2087.pdf HTTP/1.1" 200 670744
201.245.192.253 - - [12/Sep/2023:07:32:34 -0500] "POST /forms/lservlet;jsessionid=ac16012b30d6ec48b32ae6c641d48f3ac42886169fa3.e3iSbxaKaheRe34Rch0Ra3mLchv0n6jAmljGr5XDqQLvpAe HTTP/1.1" 200 2
201.245.192.253 - - [12/Sep/2023:07:32:34 -0500] "POST /forms/lservlet;jsessionid=ac16012b30d6ec48b32ae6c641d48f3ac42886169fa3.e3iSbxaKaheRe34Rch0Ra3mLchv0n6jAmljGr5XDqQLvpAe HTTP/1.1" 200 789
201.245.192.253 - - [12/Sep/2023:07:32:34 -0500] "POST /forms/lservlet;jsessionid=ac16012b30d6ec48b32ae6c641d48f3ac42886169fa3.e3iSbxaKaheRe34Rch0Ra3mLchv0n6jAmljGr5XDqQLvpAe HTTP/1.1" 200 2
172.22.2.4 - - [12/Sep/2023:07:30:55 -0500] "HEAD /BLA/boletinlegal/ HTTP/1.1" 200 -
216.244.66.195 - - [12/Sep/2023:07:32:57 -0500] "GET /BLA/resoluciones/AUTOS%202019/2474.pdf HTTP/1.1" 200 994527
201.245.192.253 - - [12/Sep/2023:07:33:19 -0500] "POST /forms/lservlet;jsessionid=ac16012b30d6ec48b32ae6c641d48f3ac42886169fa3.e3iSbxaKaheRe34Rch0Ra3mLchv0n6jAmljGr5XDqQLvpAe HTTP/1.1" 200 2
216.244.66.195 - - [12/Sep/2023:07:33:23 -0500] "GET /BLA/resoluciones/AUTOS%202021/0109.pdf HTTP/1.1" 200 402085
172.22.2.4 - - [12/Sep/2023:07:31:45 -0500] "GET /BLA/boletinlegal/ HTTP/1.1" 200 58187
216.244.66.195 - - [12/Sep/2023:07:33:49 -0500] "GET /BLA/resoluciones/AUTOS%202021/0214.pdf HTTP/1.1" 200 428451
113.207.1.133 - - [12/Sep/2023:07:33:50 -0500] "GET /galeria/galeria/fotos/diaSC2Peq.jpg HTTP/1.1" 200 23761
201.245.192.253 - - [12/Sep/2023:07:34:02 -0500] "POST /kwsrmcab/Wsrmcab  HTTP/1.1" 200 42865
201.245.192.253 - - [12/Sep/2023:07:34:05 -0500] "POST /forms/lservlet;jsessionid=ac16012b30d67c93eb41c0fe4863bf03b6c32dc73e16.e3iSbxaKaheRe34Rch0Ra3mLchv0n6jAmljGr5XDqQLvpAe HTTP/1.1" 200 2
216.244.66.195 - - [12/Sep/2023:07:34:14 -0500] "GET /BLA/resoluciones/AUTOS%202021/0537.pdf HTTP/1.1" 200 343910
201.245.192.253 - - [12/Sep/2023:07:34:25 -0500] "POST /forms/lservlet;jsessionid=ac16012b30d6ec48b32ae6c641d48f3ac42886169fa3.e3iSbxaKaheRe34Rch0Ra3mLchv0n6jAmljGr5XDqQLvpAe HTTP/1.1" 200 94
201.245.192.253 - - [12/Sep/2023:07:34:26 -0500] "POST /forms/lservlet;jsessionid=ac16012b30d6ec48b32ae6c641d48f3ac42886169fa3.e3iSbxaKaheRe34Rch0Ra3mLchv0n6jAmljGr5XDqQLvpAe HTTP/1.1" 200 61
201.245.192.253 - - [12/Sep/2023:07:34:29 -0500] "POST /forms/lservlet;jsessionid=ac16012b30d6ec48b32ae6c641d48f3ac42886169fa3.e3iSbxaKaheRe34Rch0Ra3mLchv0n6jAmljGr5XDqQLvpAe HTTP/1.1" 200 1867
201.245.192.253 - - [12/Sep/2023:07:34:29 -0500] "POST /forms/lservlet;jsessionid=ac16012b30d6ec48b32ae6c641d48f3ac42886169fa3.e3iSbxaKaheRe34Rch0Ra3mLchv0n6jAmljGr5XDqQLvpAe HTTP/1.1" 200 10
201.245.192.253 - - [12/Sep/2023:07:34:29 -0500] "POST /forms/lservlet;jsessionid=ac16012b30d6ec48b32ae6c641d48f3ac42886169fa3.e3iSbxaKaheRe34Rch0Ra3mLchv0n6jAmljGr5XDqQLvpAe HTTP/1.1" 200 13
201.245.192.253 - - [12/Sep/2023:07:34:30 -0500] "POST /forms/lservlet;jsessionid=ac16012b30d6ec48b32ae6c641d48f3ac42886169fa3.e3iSbxaKaheRe34Rch0Ra3mLchv0n6jAmljGr5XDqQLvpAe HTTP/1.1" 200 207
201.245.192.253 - - [12/Sep/2023:07:34:30 -0500] "POST /forms/lservlet;jsessionid=ac16012b30d6ec48b32ae6c641d48f3ac42886169fa3.e3iSbxaKaheRe34Rch0Ra3mLchv0n6jAmljGr5XDqQLvpAe HTTP/1.1" 200 21
201.245.192.253 - - [12/Sep/2023:07:34:30 -0500] "POST /forms/lservlet;jsessionid=ac16012b30d6ec48b32ae6c641d48f3ac42886169fa3.e3iSbxaKaheRe34Rch0Ra3mLchv0n6jAmljGr5XDqQLvpAe HTTP/1.1" 200 7
201.245.192.253 - - [12/Sep/2023:07:34:30 -0500] "POST /forms/lservlet;jsessionid=ac16012b30d6ec48b32ae6c641d48f3ac42886169fa3.e3iSbxaKaheRe34Rch0Ra3mLchv0n6jAmljGr5XDqQLvpAe HTTP/1.1" 200 97
201.245.192.253 - - [12/Sep/2023:07:34:31 -0500] "POST /forms/lservlet;jsessionid=ac16012b30d6ec48b32ae6c641d48f3ac42886169fa3.e3iSbxaKaheRe34Rch0Ra3mLchv0n6jAmljGr5XDqQLvpAe HTTP/1.1" 200 2
216.244.66.195 - - [12/Sep/2023:07:34:34 -0500] "GET /BLA/resoluciones/AUTOS%202021/0670.pdf HTTP/1.1" 200 338556
216.245.221.92 - - [12/Sep/2023:07:34:35 -0500] "HEAD / HTTP/1.1" 200 -
201.245.192.253 - - [12/Sep/2023:07:34:40 -0500] "POST /forms/lservlet;jsessionid=ac16012b30d6ec48b32ae6c641d48f3ac42886169fa3.e3iSbxaKaheRe34Rch0Ra3mLchv0n6jAmljGr5XDqQLvpAe HTTP/1.1" 200 82
201.245.192.253 - - [12/Sep/2023:07:34:40 -0500] "POST /forms/lservlet;jsessionid=ac16012b30d6ec48b32ae6c641d48f3ac42886169fa3.e3iSbxaKaheRe34Rch0Ra3mLchv0n6jAmljGr5XDqQLvpAe HTTP/1.1" 200 53
201.245.192.253 - - [12/Sep/2023:07:34:42 -0500] "POST /forms/lservlet;jsessionid=ac16012b30d6ec48b32ae6c641d48f3ac42886169fa3.e3iSbxaKaheRe34Rch0Ra3mLchv0n6jAmljGr5XDqQLvpAe HTTP/1.1" 200 2
201.245.192.253 - - [12/Sep/2023:07:34:42 -0500] "POST /forms/lservlet;jsessionid=ac16012b30d6ec48b32ae6c641d48f3ac42886169fa3.e3iSbxaKaheRe34Rch0Ra3mLchv0n6jAmljGr5XDqQLvpAe HTTP/1.1" 200 75
201.245.192.253 - - [12/Sep/2023:07:34:44 -0500] "POST /forms/lservlet;jsessionid=ac16012b30d6ec48b32ae6c641d48f3ac42886169fa3.e3iSbxaKaheRe34Rch0Ra3mLchv0n6jAmljGr5XDqQLvpAe HTTP/1.1" 200 2699
201.245.192.253 - - [12/Sep/2023:07:34:46 -0500] "POST /forms/lservlet;jsessionid=ac16012b30d6ec48b32ae6c641d48f3ac42886169fa3.e3iSbxaKaheRe34Rch0Ra3mLchv0n6jAmljGr5XDqQLvpAe HTTP/1.1" 200 13
201.245.192.253 - - [12/Sep/2023:07:34:51 -0500] "POST /forms/lservlet;jsessionid=ac16012b30d6ec48b32ae6c641d48f3ac42886169fa3.e3iSbxaKaheRe34Rch0Ra3mLchv0n6jAmljGr5XDqQLvpAe HTTP/1.1" 200 12
216.244.66.195 - - [12/Sep/2023:07:34:54 -0500] "GET /BLA/resoluciones/AUTOS%202021/1345.pdf HTTP/1.1" 200 325359
216.244.66.195 - - [12/Sep/2023:07:35:13 -0500] "GET /BLA/resoluciones/AUTOS%202021/1457.pdf HTTP/1.1" 200 353306
201.245.192.253 - - [12/Sep/2023:07:35:19 -0500] "POST /forms/lservlet;jsessionid=ac16012b30d6ec48b32ae6c641d48f3ac42886169fa3.e3iSbxaKaheRe34Rch0Ra3mLchv0n6jAmljGr5XDqQLvpAe HTTP/1.1" 200 2
216.244.66.195 - - [12/Sep/2023:07:35:30 -0500] "GET /BLA/resoluciones/AUTOS%202021/1498.pdf HTTP/1.1" 200 981549
216.244.66.195 - - [12/Sep/2023:07:35:48 -0500] "GET /BLA/resoluciones/AUTOS%202021/1671.pdf HTTP/1.1" 200 536235
201.245.192.253 - - [12/Sep/2023:07:36:05 -0500] "POST /forms/lservlet;jsessionid=ac16012b30d67c93eb41c0fe4863bf03b6c32dc73e16.e3iSbxaKaheRe34Rch0Ra3mLchv0n6jAmljGr5XDqQLvpAe HTTP/1.1" 200 2
216.244.66.195 - - [12/Sep/2023:07:36:06 -0500] "GET /BLA/resoluciones/AUTOS%202021/1681.pdf HTTP/1.1" 200 364947
216.244.66.195 - - [12/Sep/2023:07:36:20 -0500] "GET /BLA/resoluciones/AUTOS%202021/2030.pdf HTTP/1.1" 200 363310
172.22.2.4 - - [12/Sep/2023:07:36:24 -0500] "GET /BLA/boletinlegal/style.css HTTP/1.1" 200 9406
172.22.2.4 - - [12/Sep/2023:07:36:24 -0500] "GET /BLA/boletinlegal/styles2.css HTTP/1.1" 200 1838
172.22.2.4 - - [12/Sep/2023:07:36:24 -0500] "GET /BLA/boletinlegal/js/jquery.js HTTP/1.1" 200 57254
172.22.2.4 - - [12/Sep/2023:07:36:24 -0500] "GET /BLA/boletinlegal/js/jquery.scrollTo-min.js HTTP/1.1" 200 1150
172.22.2.4 - - [12/Sep/2023:07:36:24 -0500] "GET /BLA/boletinlegal/js/jquery.scrollShow.js HTTP/1.1" 200 4586
172.22.2.4 - - [12/Sep/2023:07:36:24 -0500] "GET /BLA/boletinlegal/images/cabezote%20BLEGAL.jpg HTTP/1.1" 200 118164
172.22.2.4 - - [12/Sep/2023:07:36:24 -0500] "GET /BLA/boletinlegal/images/subscribe-icon-big.png HTTP/1.1" 200 47702
172.22.2.4 - - [12/Sep/2023:07:36:24 -0500] "GET /BLA/boletinlegal/images/registro-usuarios.png HTTP/1.1" 200 8106
172.22.2.4 - - [12/Sep/2023:07:36:24 -0500] "GET /BLA/boletinlegal/images/historia.png HTTP/1.1" 200 52775
172.22.2.4 - - [12/Sep/2023:07:36:24 -0500] "GET /BLA/boletinlegal/images/arr_l.jpg HTTP/1.1" 200 1979
172.22.2.4 - - [12/Sep/2023:07:36:24 -0500] "GET /BLA/boletinlegal/images/screen_1.png HTTP/1.1" 200 202547
172.22.2.4 - - [12/Sep/2023:07:36:24 -0500] "GET /BLA/boletinlegal/images/launch.jpg HTTP/1.1" 200 14577
172.22.2.4 - - [12/Sep/2023:07:36:24 -0500] "GET /BLA/boletinlegal/images/body_bg.jpg HTTP/1.1" 200 1601
172.22.2.4 - - [12/Sep/2023:07:36:24 -0500] "GET /BLA/boletinlegal/images/menu_rght.gif HTTP/1.1" 200 1627
172.22.2.4 - - [12/Sep/2023:07:36:24 -0500] "GET /BLA/boletinlegal/images/bg_top.jpg HTTP/1.1" 200 522
172.22.2.4 - - [12/Sep/2023:07:36:24 -0500] "GET /BLA/boletinlegal/images/menu_bg.jpg HTTP/1.1" 200 620
172.22.2.4 - - [12/Sep/2023:07:36:24 -0500] "GET /BLA/boletinlegal/images/screen_3.png HTTP/1.1" 200 210620
172.22.2.4 - - [12/Sep/2023:07:36:24 -0500] "GET /BLA/boletinlegal/images/screen_5.png HTTP/1.1" 200 368876
172.22.2.4 - - [12/Sep/2023:07:36:24 -0500] "GET /BLA/boletinlegal/images/arr_r.jpg HTTP/1.1" 200 1998
172.22.2.4 - - [12/Sep/2023:07:36:24 -0500] "GET /BLA/boletinlegal/images/menu_lft.gif HTTP/1.1" 200 1713
172.22.2.4 - - [12/Sep/2023:07:36:24 -0500] "GET /BLA/boletinlegal/images/text.jpg HTTP/1.1" 200 568
172.22.2.4 - - [12/Sep/2023:07:36:24 -0500] "GET /BLA/boletinlegal/images/hover.jpg HTTP/1.1" 200 640
172.22.2.4 - - [12/Sep/2023:07:36:24 -0500] "GET /BLA/boletinlegal/images/screen_2.png HTTP/1.1" 200 362502
172.22.2.4 - - [12/Sep/2023:07:36:24 -0500] "GET /BLA/boletinlegal/images/footer_bg.jpg HTTP/1.1" 200 586
201.245.192.253 - - [12/Sep/2023:07:36:24 -0500] "POST /sipse/faces/presentacion/proyectos/proyecto/proyectoAdministrador/editarAdministrador.xhtml HTTP/1.1" 200 911
172.22.2.4 - - [12/Sep/2023:07:36:29 -0500] "GET /BLA/boletinlegal/actos.php HTTP/1.1" 200 9682
172.22.2.4 - - [12/Sep/2023:07:36:29 -0500] "GET /BLA/boletinlegal/js/ajax_actos.js HTTP/1.1" 200 1322
172.22.2.4 - - [12/Sep/2023:07:36:29 -0500] "GET /BLA/boletinlegal/niceforms.js HTTP/1.1" 200 22876
172.22.2.4 - - [12/Sep/2023:07:36:29 -0500] "GET /BLA/boletinlegal/js/lib.js HTTP/1.1" 200 6474
172.22.2.4 - - [12/Sep/2023:07:36:29 -0500] "GET /BLA/boletinlegal/niceforms-default.css HTTP/1.1" 200 6694
172.22.2.4 - - [12/Sep/2023:07:36:29 -0500] "GET /BLA/boletinlegal/js/popup.js HTTP/1.1" 200 1270
172.22.2.4 - - [12/Sep/2023:07:36:29 -0500] "GET /BLA/boletinlegal/js/jquery1.js HTTP/1.1" 200 29846
172.22.2.4 - - [12/Sep/2023:07:36:29 -0500] "GET /BLA/boletinlegal/images/green-yellow-blue-pink-th.png HTTP/1.1" 200 7394
172.22.2.4 - - [12/Sep/2023:07:36:29 -0500] "GET /BLA/boletinlegal/images/tel.png HTTP/1.1" 200 14477
172.22.2.4 - - [12/Sep/2023:07:36:29 -0500] "GET /BLA/boletinlegal/images/icono-email.png HTTP/1.1" 200 5544
172.22.2.4 - - [12/Sep/2023:07:36:29 -0500] "GET /BLA/boletinlegal/images/footer_bg_l.jpg HTTP/1.1" 200 776
172.22.2.4 - - [12/Sep/2023:07:36:29 -0500] "GET /BLA/boletinlegal/img/0.png HTTP/1.1" 200 110
172.22.2.4 - - [12/Sep/2023:07:36:29 -0500] "GET /BLA/boletinlegal/img/select-left.png HTTP/1.1" 200 263
172.22.2.4 - - [12/Sep/2023:07:36:29 -0500] "GET /BLA/boletinlegal/img/button-right.png HTTP/1.1" 200 57878
172.22.2.4 - - [12/Sep/2023:07:36:29 -0500] "GET /BLA/boletinlegal/img/select-right.png HTTP/1.1" 200 44019
172.22.2.4 - - [12/Sep/2023:07:36:29 -0500] "GET /BLA/boletinlegal/img/button.png HTTP/1.1" 200 43241
172.22.2.4 - - [12/Sep/2023:07:36:29 -0500] "GET /BLA/boletinlegal/img/button-left.png HTTP/1.1" 200 57071
172.22.2.4 - - [12/Sep/2023:07:36:29 -0500] "GET /BLA/boletinlegal/favicon.ico HTTP/1.1" 404 1326
216.244.66.195 - - [12/Sep/2023:07:36:34 -0500] "GET /BLA/resoluciones/AUTOS%202021/2040.pdf HTTP/1.1" 200 368678
172.22.2.4 - - [12/Sep/2023:07:36:35 -0500] "GET /BLA/boletinlegal/consulta_actos.php?tipo=autos&no=&usuario=&sector=SILVICULTURA&fecha=2023&resuelve= HTTP/1.1" 200 183180
172.22.2.4 - - [12/Sep/2023:07:36:36 -0500] "GET /BLA/boletinlegal/images/pdf.gif HTTP/1.1" 200 567
172.22.2.4 - - [12/Sep/2023:07:36:36 -0500] "GET /BLA/boletinlegal/images/background.gif HTTP/1.1" 200 -
179.1.198.26 - - [12/Sep/2023:07:36:43 -0500] "GET /BLA/resoluciones/AUTOS%202023/5335.pdf HTTP/1.1" 200 413333
216.244.66.195 - - [12/Sep/2023:07:36:46 -0500] "GET /BLA/resoluciones/AUTOS%202021/2045.pdf HTTP/1.1" 200 357333
216.244.66.195 - - [12/Sep/2023:07:36:58 -0500] "GET /BLA/resoluciones/AUTOS%202021/2071.pdf HTTP/1.1" 200 374534
216.244.66.195 - - [12/Sep/2023:07:37:08 -0500] "GET /BLA/resoluciones/AUTOS%202021/3934.pdf HTTP/1.1" 200 355725
216.244.66.195 - - [12/Sep/2023:07:37:18 -0500] "GET /BLA/resoluciones/AUTOS%202021/3956.pdf HTTP/1.1" 200 352953
201.245.192.253 - - [12/Sep/2023:07:37:19 -0500] "POST /forms/lservlet;jsessionid=ac16012b30d6ec48b32ae6c641d48f3ac42886169fa3.e3iSbxaKaheRe34Rch0Ra3mLchv0n6jAmljGr5XDqQLvpAe HTTP/1.1" 200 2
216.244.66.195 - - [12/Sep/2023:07:37:26 -0500] "GET /BLA/resoluciones/AUTOS%202021/4050.pdf HTTP/1.1" 200 353794
216.244.66.195 - - [12/Sep/2023:07:37:34 -0500] "GET /BLA/resoluciones/AUTOS%202021/4113.pdf HTTP/1.1" 200 400433
216.244.66.195 - - [12/Sep/2023:07:37:40 -0500] "GET /BLA/resoluciones/AUTOS%202021/4182.pdf HTTP/1.1" 200 359696
216.244.66.195 - - [12/Sep/2023:07:37:46 -0500] "GET /BLA/resoluciones/AUTOS%202021/4407.pdf HTTP/1.1" 200 812177
216.244.66.195 - - [12/Sep/2023:07:37:52 -0500] "GET /BLA/resoluciones/AUTOS%202021/4735.pdf HTTP/1.1" 200 1269240
172.22.2.4 - - [12/Sep/2023:07:36:17 -0500] "GET /BLA/boletinlegal/ HTTP/1.1" 200 56607
216.244.66.195 - - [12/Sep/2023:07:38:01 -0500] "GET /BLA/resoluciones/AUTOS%202021/4790.pdf HTTP/1.1" 200 624536
201.245.192.253 - - [12/Sep/2023:07:38:05 -0500] "POST /forms/lservlet;jsessionid=ac16012b30d67c93eb41c0fe4863bf03b6c32dc73e16.e3iSbxaKaheRe34Rch0Ra3mLchv0n6jAmljGr5XDqQLvpAe HTTP/1.1" 200 2
216.244.66.195 - - [12/Sep/2023:07:38:08 -0500] "GET /BLA/resoluciones/AUTOS%202021/5167.pdf HTTP/1.1" 200 383835
216.244.66.195 - - [12/Sep/2023:07:38:19 -0500] "GET /BLA/resoluciones/AUTOS%202021/5304.pdf HTTP/1.1" 200 902100
172.22.2.4 - - [12/Sep/2023:07:36:45 -0500] "HEAD /BLA/boletinlegal/ HTTP/1.1" 200 -
216.244.66.195 - - [12/Sep/2023:07:38:27 -0500] "GET /BLA/resoluciones/AUTOS%202021/5324.pdf HTTP/1.1" 200 441496
201.245.192.253 - - [12/Sep/2023:07:38:31 -0500] "POST /kwsrmcab/Wsrmcab HTTP/1.1" 200 42152
201.245.192.253 - - [12/Sep/2023:07:38:34 -0500] "POST /kwsrmcab/Wsrmcab HTTP/1.1" 200 43516
201.245.192.253 - - [12/Sep/2023:07:39:01 -0500] "POST /kwsrmcab/Wsrmcab  HTTP/1.1" 200 42865
172.22.2.4 - - [12/Sep/2023:07:37:35 -0500] "GET /BLA/boletinlegal/ HTTP/1.1" 200 53013
201.245.192.253 - - [12/Sep/2023:07:39:19 -0500] "POST /forms/lservlet;jsessionid=ac16012b30d6ec48b32ae6c641d48f3ac42886169fa3.e3iSbxaKaheRe34Rch0Ra3mLchv0n6jAmljGr5XDqQLvpAe HTTP/1.1" 200 2
201.245.192.253 - - [12/Sep/2023:07:39:25 -0500] "POST /forms/lservlet;jsessionid=ac16012b30d6ec48b32ae6c641d48f3ac42886169fa3.e3iSbxaKaheRe34Rch0Ra3mLchv0n6jAmljGr5XDqQLvpAe HTTP/1.1" 200 20
201.245.192.253 - - [12/Sep/2023:07:39:26 -0500] "POST /forms/lservlet;jsessionid=ac16012b30d6ec48b32ae6c641d48f3ac42886169fa3.e3iSbxaKaheRe34Rch0Ra3mLchv0n6jAmljGr5XDqQLvpAe HTTP/1.1" 200 1844
201.245.192.253 - - [12/Sep/2023:07:39:26 -0500] "POST /forms/lservlet;jsessionid=ac16012b30d6ec48b32ae6c641d48f3ac42886169fa3.e3iSbxaKaheRe34Rch0Ra3mLchv0n6jAmljGr5XDqQLvpAe HTTP/1.1" 200 10
201.245.192.253 - - [12/Sep/2023:07:39:26 -0500] "POST /forms/lservlet;jsessionid=ac16012b30d6ec48b32ae6c641d48f3ac42886169fa3.e3iSbxaKaheRe34Rch0Ra3mLchv0n6jAmljGr5XDqQLvpAe HTTP/1.1" 200 24
201.245.192.253 - - [12/Sep/2023:07:39:32 -0500] "POST /forms/lservlet;jsessionid=ac16012b30d6ec48b32ae6c641d48f3ac42886169fa3.e3iSbxaKaheRe34Rch0Ra3mLchv0n6jAmljGr5XDqQLvpAe HTTP/1.1" 200 2396
216.245.221.92 - - [12/Sep/2023:07:39:35 -0500] "HEAD / HTTP/1.1" 200 -
201.245.192.253 - - [12/Sep/2023:07:39:38 -0500] "POST /forms/lservlet;jsessionid=ac16012b30d6ec48b32ae6c641d48f3ac42886169fa3.e3iSbxaKaheRe34Rch0Ra3mLchv0n6jAmljGr5XDqQLvpAe HTTP/1.1" 200 8559
201.245.192.253 - - [12/Sep/2023:07:39:39 -0500] "POST /forms/lservlet;jsessionid=ac16012b30d6ec48b32ae6c641d48f3ac42886169fa3.e3iSbxaKaheRe34Rch0Ra3mLchv0n6jAmljGr5XDqQLvpAe HTTP/1.1" 200 10
201.245.192.253 - - [12/Sep/2023:07:39:45 -0500] "POST /forms/lservlet;jsessionid=ac16012b30d6ec48b32ae6c641d48f3ac42886169fa3.e3iSbxaKaheRe34Rch0Ra3mLchv0n6jAmljGr5XDqQLvpAe HTTP/1.1" 200 13
201.245.192.253 - - [12/Sep/2023:07:39:49 -0500] "POST /forms/lservlet;jsessionid=ac16012b30d6ec48b32ae6c641d48f3ac42886169fa3.e3iSbxaKaheRe34Rch0Ra3mLchv0n6jAmljGr5XDqQLvpAe HTTP/1.1" 200 674
201.245.192.253 - - [12/Sep/2023:07:39:55 -0500] "POST /forms/lservlet;jsessionid=ac16012b30d6ec48b32ae6c641d48f3ac42886169fa3.e3iSbxaKaheRe34Rch0Ra3mLchv0n6jAmljGr5XDqQLvpAe HTTP/1.1" 200 13556
201.245.192.253 - - [12/Sep/2023:07:39:55 -0500] "POST /forms/lservlet;jsessionid=ac16012b30d6ec48b32ae6c641d48f3ac42886169fa3.e3iSbxaKaheRe34Rch0Ra3mLchv0n6jAmljGr5XDqQLvpAe HTTP/1.1" 200 10
201.245.192.253 - - [12/Sep/2023:07:39:59 -0500] "POST /forms/lservlet;jsessionid=ac16012b30d6ec48b32ae6c641d48f3ac42886169fa3.e3iSbxaKaheRe34Rch0Ra3mLchv0n6jAmljGr5XDqQLvpAe HTTP/1.1" 200 1248
201.245.192.253 - - [12/Sep/2023:07:40:00 -0500] "POST /forms/lservlet;jsessionid=ac16012b30d6ec48b32ae6c641d48f3ac42886169fa3.e3iSbxaKaheRe34Rch0Ra3mLchv0n6jAmljGr5XDqQLvpAe HTTP/1.1" 200 710
201.245.192.253 - - [12/Sep/2023:07:40:01 -0500] "POST /forms/lservlet;jsessionid=ac16012b30d6ec48b32ae6c641d48f3ac42886169fa3.e3iSbxaKaheRe34Rch0Ra3mLchv0n6jAmljGr5XDqQLvpAe HTTP/1.1" 200 29
201.245.192.253 - - [12/Sep/2023:07:40:01 -0500] "POST /forms/lservlet;jsessionid=ac16012b30d6ec48b32ae6c641d48f3ac42886169fa3.e3iSbxaKaheRe34Rch0Ra3mLchv0n6jAmljGr5XDqQLvpAe HTTP/1.1" 200 29
201.245.192.253 - - [12/Sep/2023:07:40:01 -0500] "POST /forms/lservlet;jsessionid=ac16012b30d6ec48b32ae6c641d48f3ac42886169fa3.e3iSbxaKaheRe34Rch0Ra3mLchv0n6jAmljGr5XDqQLvpAe HTTP/1.1" 200 33
201.245.192.253 - - [12/Sep/2023:07:40:01 -0500] "POST /forms/lservlet;jsessionid=ac16012b30d6ec48b32ae6c641d48f3ac42886169fa3.e3iSbxaKaheRe34Rch0Ra3mLchv0n6jAmljGr5XDqQLvpAe HTTP/1.1" 200 23
201.245.192.253 - - [12/Sep/2023:07:40:02 -0500] "POST /forms/lservlet;jsessionid=ac16012b30d6ec48b32ae6c641d48f3ac42886169fa3.e3iSbxaKaheRe34Rch0Ra3mLchv0n6jAmljGr5XDqQLvpAe HTTP/1.1" 200 11
201.245.192.253 - - [12/Sep/2023:07:40:02 -0500] "POST /forms/lservlet;jsessionid=ac16012b30d6ec48b32ae6c641d48f3ac42886169fa3.e3iSbxaKaheRe34Rch0Ra3mLchv0n6jAmljGr5XDqQLvpAe HTTP/1.1" 200 11
201.245.192.253 - - [12/Sep/2023:07:40:02 -0500] "POST /forms/lservlet;jsessionid=ac16012b30d6ec48b32ae6c641d48f3ac42886169fa3.e3iSbxaKaheRe34Rch0Ra3mLchv0n6jAmljGr5XDqQLvpAe HTTP/1.1" 200 15
201.245.192.253 - - [12/Sep/2023:07:40:02 -0500] "POST /forms/lservlet;jsessionid=ac16012b30d6ec48b32ae6c641d48f3ac42886169fa3.e3iSbxaKaheRe34Rch0Ra3mLchv0n6jAmljGr5XDqQLvpAe HTTP/1.1" 200 11
201.245.192.253 - - [12/Sep/2023:07:40:02 -0500] "POST /forms/lservlet;jsessionid=ac16012b30d6ec48b32ae6c641d48f3ac42886169fa3.e3iSbxaKaheRe34Rch0Ra3mLchv0n6jAmljGr5XDqQLvpAe HTTP/1.1" 200 60
201.245.192.253 - - [12/Sep/2023:07:40:03 -0500] "POST /forms/lservlet;jsessionid=ac16012b30d6ec48b32ae6c641d48f3ac42886169fa3.e3iSbxaKaheRe34Rch0Ra3mLchv0n6jAmljGr5XDqQLvpAe HTTP/1.1" 200 29
201.245.192.253 - - [12/Sep/2023:07:40:03 -0500] "POST /forms/lservlet;jsessionid=ac16012b30d6ec48b32ae6c641d48f3ac42886169fa3.e3iSbxaKaheRe34Rch0Ra3mLchv0n6jAmljGr5XDqQLvpAe HTTP/1.1" 200 28
201.245.192.253 - - [12/Sep/2023:07:40:05 -0500] "POST /forms/lservlet;jsessionid=ac16012b30d67c93eb41c0fe4863bf03b6c32dc73e16.e3iSbxaKaheRe34Rch0Ra3mLchv0n6jAmljGr5XDqQLvpAe HTTP/1.1" 200 2
201.245.192.253 - - [12/Sep/2023:07:40:10 -0500] "POST /forms/lservlet;jsessionid=ac16012b30d6ec48b32ae6c641d48f3ac42886169fa3.e3iSbxaKaheRe34Rch0Ra3mLchv0n6jAmljGr5XDqQLvpAe HTTP/1.1" 200 50
201.245.192.253 - - [12/Sep/2023:07:40:10 -0500] "POST /forms/lservlet;jsessionid=ac16012b30d6ec48b32ae6c641d48f3ac42886169fa3.e3iSbxaKaheRe34Rch0Ra3mLchv0n6jAmljGr5XDqQLvpAe HTTP/1.1" 200 2
201.245.192.253 - - [12/Sep/2023:07:40:14 -0500] "POST /forms/lservlet;jsessionid=ac16012b30d6ec48b32ae6c641d48f3ac42886169fa3.e3iSbxaKaheRe34Rch0Ra3mLchv0n6jAmljGr5XDqQLvpAe HTTP/1.1" 200 11
201.245.192.253 - - [12/Sep/2023:07:40:14 -0500] "POST /forms/lservlet;jsessionid=ac16012b30d6ec48b32ae6c641d48f3ac42886169fa3.e3iSbxaKaheRe34Rch0Ra3mLchv0n6jAmljGr5XDqQLvpAe HTTP/1.1" 200 39
201.245.192.253 - - [12/Sep/2023:07:40:17 -0500] "POST /forms/lservlet;jsessionid=ac16012b30d6ec48b32ae6c641d48f3ac42886169fa3.e3iSbxaKaheRe34Rch0Ra3mLchv0n6jAmljGr5XDqQLvpAe HTTP/1.1" 200 80
201.245.192.253 - - [12/Sep/2023:07:40:18 -0500] "POST /forms/lservlet;jsessionid=ac16012b30d6ec48b32ae6c641d48f3ac42886169fa3.e3iSbxaKaheRe34Rch0Ra3mLchv0n6jAmljGr5XDqQLvpAe HTTP/1.1" 200 77
201.245.192.253 - - [12/Sep/2023:07:40:19 -0500] "POST /forms/lservlet;jsessionid=ac16012b30d6ec48b32ae6c641d48f3ac42886169fa3.e3iSbxaKaheRe34Rch0Ra3mLchv0n6jAmljGr5XDqQLvpAe HTTP/1.1" 200 11
201.245.192.253 - - [12/Sep/2023:07:40:19 -0500] "POST /forms/lservlet;jsessionid=ac16012b30d6ec48b32ae6c641d48f3ac42886169fa3.e3iSbxaKaheRe34Rch0Ra3mLchv0n6jAmljGr5XDqQLvpAe HTTP/1.1" 200 40
201.245.192.253 - - [12/Sep/2023:07:40:23 -0500] "POST /forms/lservlet;jsessionid=ac16012b30d6ec48b32ae6c641d48f3ac42886169fa3.e3iSbxaKaheRe34Rch0Ra3mLchv0n6jAmljGr5XDqQLvpAe HTTP/1.1" 200 82
201.245.192.253 - - [12/Sep/2023:07:40:24 -0500] "POST /forms/lservlet;jsessionid=ac16012b30d6ec48b32ae6c641d48f3ac42886169fa3.e3iSbxaKaheRe34Rch0Ra3mLchv0n6jAmljGr5XDqQLvpAe HTTP/1.1" 200 185
201.245.192.253 - - [12/Sep/2023:07:40:24 -0500] "POST /forms/lservlet;jsessionid=ac16012b30d6ec48b32ae6c641d48f3ac42886169fa3.e3iSbxaKaheRe34Rch0Ra3mLchv0n6jAmljGr5XDqQLvpAe HTTP/1.1" 200 21
201.245.192.253 - - [12/Sep/2023:07:40:24 -0500] "POST /forms/lservlet;jsessionid=ac16012b30d6ec48b32ae6c641d48f3ac42886169fa3.e3iSbxaKaheRe34Rch0Ra3mLchv0n6jAmljGr5XDqQLvpAe HTTP/1.1" 200 7
201.245.192.253 - - [12/Sep/2023:07:40:24 -0500] "POST /forms/lservlet;jsessionid=ac16012b30d6ec48b32ae6c641d48f3ac42886169fa3.e3iSbxaKaheRe34Rch0Ra3mLchv0n6jAmljGr5XDqQLvpAe HTTP/1.1" 200 473
201.245.192.253 - - [12/Sep/2023:07:40:24 -0500] "POST /forms/lservlet;jsessionid=ac16012b30d6ec48b32ae6c641d48f3ac42886169fa3.e3iSbxaKaheRe34Rch0Ra3mLchv0n6jAmljGr5XDqQLvpAe HTTP/1.1" 200 76
201.245.192.253 - - [12/Sep/2023:07:40:24 -0500] "POST /forms/lservlet;jsessionid=ac16012b30d6ec48b32ae6c641d48f3ac42886169fa3.e3iSbxaKaheRe34Rch0Ra3mLchv0n6jAmljGr5XDqQLvpAe HTTP/1.1" 200 72
201.245.192.253 - - [12/Sep/2023:07:40:24 -0500] "POST /forms/lservlet;jsessionid=ac16012b30d6ec48b32ae6c641d48f3ac42886169fa3.e3iSbxaKaheRe34Rch0Ra3mLchv0n6jAmljGr5XDqQLvpAe HTTP/1.1" 200 523
201.245.192.253 - - [12/Sep/2023:07:40:24 -0500] "POST /forms/lservlet;jsessionid=ac16012b30d6ec48b32ae6c641d48f3ac42886169fa3.e3iSbxaKaheRe34Rch0Ra3mLchv0n6jAmljGr5XDqQLvpAe HTTP/1.1" 200 77
201.245.192.253 - - [12/Sep/2023:07:40:24 -0500] "POST /forms/lservlet;jsessionid=ac16012b30d6ec48b32ae6c641d48f3ac42886169fa3.e3iSbxaKaheRe34Rch0Ra3mLchv0n6jAmljGr5XDqQLvpAe HTTP/1.1" 200 7
201.245.192.253 - - [12/Sep/2023:07:40:24 -0500] "POST /forms/lservlet;jsessionid=ac16012b30d6ec48b32ae6c641d48f3ac42886169fa3.e3iSbxaKaheRe34Rch0Ra3mLchv0n6jAmljGr5XDqQLvpAe HTTP/1.1" 200 68
201.245.192.253 - - [12/Sep/2023:07:40:25 -0500] "POST /forms/lservlet;jsessionid=ac16012b30d6ec48b32ae6c641d48f3ac42886169fa3.e3iSbxaKaheRe34Rch0Ra3mLchv0n6jAmljGr5XDqQLvpAe HTTP/1.1" 200 2
201.245.192.253 - - [12/Sep/2023:07:40:25 -0500] "POST /forms/lservlet;jsessionid=ac16012b30d6ec48b32ae6c641d48f3ac42886169fa3.e3iSbxaKaheRe34Rch0Ra3mLchv0n6jAmljGr5XDqQLvpAe HTTP/1.1" 200 2
201.245.192.253 - - [12/Sep/2023:07:40:25 -0500] "POST /forms/lservlet;jsessionid=ac16012b30d6ec48b32ae6c641d48f3ac42886169fa3.e3iSbxaKaheRe34Rch0Ra3mLchv0n6jAmljGr5XDqQLvpAe HTTP/1.1" 200 43
201.245.192.253 - - [12/Sep/2023:07:40:26 -0500] "POST /forms/lservlet;jsessionid=ac16012b30d6ec48b32ae6c641d48f3ac42886169fa3.e3iSbxaKaheRe34Rch0Ra3mLchv0n6jAmljGr5XDqQLvpAe HTTP/1.1" 200 31
201.245.192.253 - - [12/Sep/2023:07:40:26 -0500] "POST /forms/lservlet;jsessionid=ac16012b30d6ec48b32ae6c641d48f3ac42886169fa3.e3iSbxaKaheRe34Rch0Ra3mLchv0n6jAmljGr5XDqQLvpAe HTTP/1.1" 200 773
201.245.192.253 - - [12/Sep/2023:07:40:29 -0500] "POST /forms/lservlet;jsessionid=ac16012b30d6ec48b32ae6c641d48f3ac42886169fa3.e3iSbxaKaheRe34Rch0Ra3mLchv0n6jAmljGr5XDqQLvpAe HTTP/1.1" 200 707
201.245.192.253 - - [12/Sep/2023:07:41:09 -0500] "POST /forms/lservlet;jsessionid=ac16012b30d6ec48b32ae6c641d48f3ac42886169fa3.e3iSbxaKaheRe34Rch0Ra3mLchv0n6jAmljGr5XDqQLvpAe HTTP/1.1" 200 61
201.245.192.253 - - [12/Sep/2023:07:41:19 -0500] "POST /forms/lservlet;jsessionid=ac16012b30d6ec48b32ae6c641d48f3ac42886169fa3.e3iSbxaKaheRe34Rch0Ra3mLchv0n6jAmljGr5XDqQLvpAe HTTP/1.1" 200 2
201.245.192.253 - - [12/Sep/2023:07:41:23 -0500] "POST /forms/lservlet;jsessionid=ac16012b30d6ec48b32ae6c641d48f3ac42886169fa3.e3iSbxaKaheRe34Rch0Ra3mLchv0n6jAmljGr5XDqQLvpAe HTTP/1.1" 200 378
201.245.192.253 - - [12/Sep/2023:07:41:25 -0500] "POST /forms/lservlet;jsessionid=ac16012b30d6ec48b32ae6c641d48f3ac42886169fa3.e3iSbxaKaheRe34Rch0Ra3mLchv0n6jAmljGr5XDqQLvpAe HTTP/1.1" 200 411
201.245.192.253 - - [12/Sep/2023:07:41:28 -0500] "POST /forms/lservlet;jsessionid=ac16012b30d6ec48b32ae6c641d48f3ac42886169fa3.e3iSbxaKaheRe34Rch0Ra3mLchv0n6jAmljGr5XDqQLvpAe HTTP/1.1" 200 344
201.245.192.253 - - [12/Sep/2023:07:41:31 -0500] "POST /forms/lservlet;jsessionid=ac16012b30d6ec48b32ae6c641d48f3ac42886169fa3.e3iSbxaKaheRe34Rch0Ra3mLchv0n6jAmljGr5XDqQLvpAe HTTP/1.1" 200 363
201.245.192.253 - - [12/Sep/2023:07:41:36 -0500] "POST /forms/lservlet;jsessionid=ac16012b30d6ec48b32ae6c641d48f3ac42886169fa3.e3iSbxaKaheRe34Rch0Ra3mLchv0n6jAmljGr5XDqQLvpAe HTTP/1.1" 200 506
201.245.192.253 - - [12/Sep/2023:07:41:38 -0500] "POST /forms/lservlet;jsessionid=ac16012b30d6ec48b32ae6c641d48f3ac42886169fa3.e3iSbxaKaheRe34Rch0Ra3mLchv0n6jAmljGr5XDqQLvpAe HTTP/1.1" 200 352
201.245.192.253 - - [12/Sep/2023:07:41:41 -0500] "POST /forms/lservlet;jsessionid=ac16012b30d6ec48b32ae6c641d48f3ac42886169fa3.e3iSbxaKaheRe34Rch0Ra3mLchv0n6jAmljGr5XDqQLvpAe HTTP/1.1" 200 272
172.22.2.4 - - [12/Sep/2023:07:41:52 -0500] "GET /BLA/boletinlegal/favicon.ico HTTP/1.1" 404 1326
201.245.192.253 - - [12/Sep/2023:07:41:54 -0500] "POST /forms/lservlet;jsessionid=ac16012b30d6ec48b32ae6c641d48f3ac42886169fa3.e3iSbxaKaheRe34Rch0Ra3mLchv0n6jAmljGr5XDqQLvpAe HTTP/1.1" 200 2
201.245.192.253 - - [12/Sep/2023:07:41:54 -0500] "POST /forms/lservlet;jsessionid=ac16012b30d6ec48b32ae6c641d48f3ac42886169fa3.e3iSbxaKaheRe34Rch0Ra3mLchv0n6jAmljGr5XDqQLvpAe HTTP/1.1" 200 1219
201.245.192.253 - - [12/Sep/2023:07:41:54 -0500] "POST /forms/lservlet;jsessionid=ac16012b30d6ec48b32ae6c641d48f3ac42886169fa3.e3iSbxaKaheRe34Rch0Ra3mLchv0n6jAmljGr5XDqQLvpAe HTTP/1.1" 200 2
201.245.192.253 - - [12/Sep/2023:07:41:55 -0500] "POST /forms/lservlet;jsessionid=ac16012b30d6ec48b32ae6c641d48f3ac42886169fa3.e3iSbxaKaheRe34Rch0Ra3mLchv0n6jAmljGr5XDqQLvpAe HTTP/1.1" 200 272
201.245.192.253 - - [12/Sep/2023:07:41:57 -0500] "POST /forms/lservlet;jsessionid=ac16012b30d6ec48b32ae6c641d48f3ac42886169fa3.e3iSbxaKaheRe34Rch0Ra3mLchv0n6jAmljGr5XDqQLvpAe HTTP/1.1" 200 95
201.245.192.253 - - [12/Sep/2023:07:41:57 -0500] "POST /forms/lservlet;jsessionid=ac16012b30d6ec48b32ae6c641d48f3ac42886169fa3.e3iSbxaKaheRe34Rch0Ra3mLchv0n6jAmljGr5XDqQLvpAe HTTP/1.1" 200 2
201.245.192.253 - - [12/Sep/2023:07:41:57 -0500] "POST /forms/lservlet;jsessionid=ac16012b30d6ec48b32ae6c641d48f3ac42886169fa3.e3iSbxaKaheRe34Rch0Ra3mLchv0n6jAmljGr5XDqQLvpAe HTTP/1.1" 200 757
201.245.192.253 - - [12/Sep/2023:07:41:58 -0500] "POST /forms/lservlet;jsessionid=ac16012b30d6ec48b32ae6c641d48f3ac42886169fa3.e3iSbxaKaheRe34Rch0Ra3mLchv0n6jAmljGr5XDqQLvpAe HTTP/1.1" 200 2
201.245.192.253 - - [12/Sep/2023:07:42:00 -0500] "POST /forms/lservlet;jsessionid=ac16012b30d6ec48b32ae6c641d48f3ac42886169fa3.e3iSbxaKaheRe34Rch0Ra3mLchv0n6jAmljGr5XDqQLvpAe HTTP/1.1" 200 1231
201.245.192.253 - - [12/Sep/2023:07:42:01 -0500] "POST /forms/lservlet;jsessionid=ac16012b30d6ec48b32ae6c641d48f3ac42886169fa3.e3iSbxaKaheRe34Rch0Ra3mLchv0n6jAmljGr5XDqQLvpAe HTTP/1.1" 200 10
201.245.192.253 - - [12/Sep/2023:07:42:02 -0500] "POST /forms/lservlet;jsessionid=ac16012b30d6ec48b32ae6c641d48f3ac42886169fa3.e3iSbxaKaheRe34Rch0Ra3mLchv0n6jAmljGr5XDqQLvpAe HTTP/1.1" 200 2
201.245.192.253 - - [12/Sep/2023:07:42:03 -0500] "POST /forms/lservlet;jsessionid=ac16012b30d6ec48b32ae6c641d48f3ac42886169fa3.e3iSbxaKaheRe34Rch0Ra3mLchv0n6jAmljGr5XDqQLvpAe HTTP/1.1" 200 285
201.245.192.253 - - [12/Sep/2023:07:42:03 -0500] "POST /forms/lservlet;jsessionid=ac16012b30d6ec48b32ae6c641d48f3ac42886169fa3.e3iSbxaKaheRe34Rch0Ra3mLchv0n6jAmljGr5XDqQLvpAe HTTP/1.1" 200 11
201.245.192.253 - - [12/Sep/2023:07:42:03 -0500] "POST /forms/lservlet;jsessionid=ac16012b30d6ec48b32ae6c641d48f3ac42886169fa3.e3iSbxaKaheRe34Rch0Ra3mLchv0n6jAmljGr5XDqQLvpAe HTTP/1.1" 200 2
201.245.192.253 - - [12/Sep/2023:07:42:03 -0500] "POST /forms/lservlet;jsessionid=ac16012b30d6ec48b32ae6c641d48f3ac42886169fa3.e3iSbxaKaheRe34Rch0Ra3mLchv0n6jAmljGr5XDqQLvpAe HTTP/1.1" 200 254
201.245.192.253 - - [12/Sep/2023:07:42:04 -0500] "POST /forms/lservlet;jsessionid=ac16012b30d6ec48b32ae6c641d48f3ac42886169fa3.e3iSbxaKaheRe34Rch0Ra3mLchv0n6jAmljGr5XDqQLvpAe HTTP/1.1" 200 7
201.245.192.253 - - [12/Sep/2023:07:42:05 -0500] "POST /forms/lservlet;jsessionid=ac16012b30d67c93eb41c0fe4863bf03b6c32dc73e16.e3iSbxaKaheRe34Rch0Ra3mLchv0n6jAmljGr5XDqQLvpAe HTTP/1.1" 200 2
201.245.192.253 - - [12/Sep/2023:07:42:07 -0500] "GET /reports/rwservlet/getjobid=89193?server=repnomi HTTP/1.1" 200 30942
201.245.192.253 - - [12/Sep/2023:07:42:12 -0500] "POST /forms/lservlet;jsessionid=ac16012b30d6ec48b32ae6c641d48f3ac42886169fa3.e3iSbxaKaheRe34Rch0Ra3mLchv0n6jAmljGr5XDqQLvpAe HTTP/1.1" 200 2
201.245.192.253 - - [12/Sep/2023:07:42:12 -0500] "POST /forms/lservlet;jsessionid=ac16012b30d6ec48b32ae6c641d48f3ac42886169fa3.e3iSbxaKaheRe34Rch0Ra3mLchv0n6jAmljGr5XDqQLvpAe HTTP/1.1" 200 14
201.245.192.253 - - [12/Sep/2023:07:42:13 -0500] "POST /forms/lservlet;jsessionid=ac16012b30d6ec48b32ae6c641d48f3ac42886169fa3.e3iSbxaKaheRe34Rch0Ra3mLchv0n6jAmljGr5XDqQLvpAe HTTP/1.1" 200 96
201.245.192.253 - - [12/Sep/2023:07:42:13 -0500] "POST /forms/lservlet;jsessionid=ac16012b30d6ec48b32ae6c641d48f3ac42886169fa3.e3iSbxaKaheRe34Rch0Ra3mLchv0n6jAmljGr5XDqQLvpAe HTTP/1.1" 200 7
201.245.192.253 - - [12/Sep/2023:07:42:15 -0500] "GET /reports/rwservlet/getjobid=89194?server=repnomi HTTP/1.1" 200 30877
216.244.66.195 - - [12/Sep/2023:07:42:41 -0500] "GET /robots.txt HTTP/1.1" 404 1018
201.245.192.253 - - [12/Sep/2023:07:43:19 -0500] "POST /forms/lservlet;jsessionid=ac16012b30d6ec48b32ae6c641d48f3ac42886169fa3.e3iSbxaKaheRe34Rch0Ra3mLchv0n6jAmljGr5XDqQLvpAe HTTP/1.1" 200 2
173.252.107.116 - - [12/Sep/2023:07:43:30 -0500] "GET /bogota-tendra-la-primera-planta-de-termovalorizacion-de-colombia-la-cual-convertira-los-residuos-en-energia-para-la-ciudad.html HTTP/1.1" 200 883
173.252.107.6 - - [12/Sep/2023:07:43:30 -0500] "GET /bogota-tendra-la-primera-planta-de-termovalorizacion-de-colombia-la-cual-convertira-los-residuos-en-energia-para-la-ciudad.html HTTP/1.1" 200 883
201.245.192.253 - - [12/Sep/2023:07:43:52 -0500] "POST /forms/lservlet;jsessionid=ac16012b30d6ec48b32ae6c641d48f3ac42886169fa3.e3iSbxaKaheRe34Rch0Ra3mLchv0n6jAmljGr5XDqQLvpAe HTTP/1.1" 200 217
201.245.192.253 - - [12/Sep/2023:07:44:00 -0500] "POST /kwsrmcab/Wsrmcab  HTTP/1.1" 200 42865
201.245.192.253 - - [12/Sep/2023:07:44:05 -0500] "POST /forms/lservlet;jsessionid=ac16012b30d6ec48b32ae6c641d48f3ac42886169fa3.e3iSbxaKaheRe34Rch0Ra3mLchv0n6jAmljGr5XDqQLvpAe HTTP/1.1" 200 21423
201.245.192.253 - - [12/Sep/2023:07:44:06 -0500] "POST /forms/lservlet;jsessionid=ac16012b30d67c93eb41c0fe4863bf03b6c32dc73e16.e3iSbxaKaheRe34Rch0Ra3mLchv0n6jAmljGr5XDqQLvpAe HTTP/1.1" 200 2
201.245.192.253 - - [12/Sep/2023:07:44:06 -0500] "POST /forms/lservlet;jsessionid=ac16012b30d6ec48b32ae6c641d48f3ac42886169fa3.e3iSbxaKaheRe34Rch0Ra3mLchv0n6jAmljGr5XDqQLvpAe HTTP/1.1" 200 10
201.245.192.253 - - [12/Sep/2023:07:44:07 -0500] "POST /forms/lservlet;jsessionid=ac16012b30d6ec48b32ae6c641d48f3ac42886169fa3.e3iSbxaKaheRe34Rch0Ra3mLchv0n6jAmljGr5XDqQLvpAe HTTP/1.1" 200 13
201.245.192.253 - - [12/Sep/2023:07:44:10 -0500] "POST /forms/lservlet;jsessionid=ac16012b30d6ec48b32ae6c641d48f3ac42886169fa3.e3iSbxaKaheRe34Rch0Ra3mLchv0n6jAmljGr5XDqQLvpAe HTTP/1.1" 200 2827
201.245.192.253 - - [12/Sep/2023:07:44:12 -0500] "POST /forms/lservlet;jsessionid=ac16012b30d6ec48b32ae6c641d48f3ac42886169fa3.e3iSbxaKaheRe34Rch0Ra3mLchv0n6jAmljGr5XDqQLvpAe HTTP/1.1" 200 2
201.245.192.253 - - [12/Sep/2023:07:44:12 -0500] "POST /forms/lservlet;jsessionid=ac16012b30d6ec48b32ae6c641d48f3ac42886169fa3.e3iSbxaKaheRe34Rch0Ra3mLchv0n6jAmljGr5XDqQLvpAe HTTP/1.1" 200 1582
201.245.192.253 - - [12/Sep/2023:07:44:12 -0500] "POST /forms/lservlet;jsessionid=ac16012b30d6ec48b32ae6c641d48f3ac42886169fa3.e3iSbxaKaheRe34Rch0Ra3mLchv0n6jAmljGr5XDqQLvpAe HTTP/1.1" 200 10
201.245.192.253 - - [12/Sep/2023:07:44:13 -0500] "POST /forms/lservlet;jsessionid=ac16012b30d6ec48b32ae6c641d48f3ac42886169fa3.e3iSbxaKaheRe34Rch0Ra3mLchv0n6jAmljGr5XDqQLvpAe HTTP/1.1" 200 2
201.245.192.253 - - [12/Sep/2023:07:44:14 -0500] "POST /forms/lservlet;jsessionid=ac16012b30d6ec48b32ae6c641d48f3ac42886169fa3.e3iSbxaKaheRe34Rch0Ra3mLchv0n6jAmljGr5XDqQLvpAe HTTP/1.1" 200 287
201.245.192.253 - - [12/Sep/2023:07:44:14 -0500] "POST /forms/lservlet;jsessionid=ac16012b30d6ec48b32ae6c641d48f3ac42886169fa3.e3iSbxaKaheRe34Rch0Ra3mLchv0n6jAmljGr5XDqQLvpAe HTTP/1.1" 200 11
201.245.192.253 - - [12/Sep/2023:07:44:15 -0500] "POST /forms/lservlet;jsessionid=ac16012b30d6ec48b32ae6c641d48f3ac42886169fa3.e3iSbxaKaheRe34Rch0Ra3mLchv0n6jAmljGr5XDqQLvpAe HTTP/1.1" 200 2
172.22.2.4 - - [12/Sep/2023:07:42:35 -0500] "HEAD /BLA/boletinlegal/ HTTP/1.1" 200 -
201.245.192.253 - - [12/Sep/2023:07:44:15 -0500] "POST /forms/lservlet;jsessionid=ac16012b30d6ec48b32ae6c641d48f3ac42886169fa3.e3iSbxaKaheRe34Rch0Ra3mLchv0n6jAmljGr5XDqQLvpAe HTTP/1.1" 200 239
201.245.192.253 - - [12/Sep/2023:07:44:16 -0500] "POST /forms/lservlet;jsessionid=ac16012b30d6ec48b32ae6c641d48f3ac42886169fa3.e3iSbxaKaheRe34Rch0Ra3mLchv0n6jAmljGr5XDqQLvpAe HTTP/1.1" 200 7
201.245.192.253 - - [12/Sep/2023:07:44:18 -0500] "GET /reports/rwservlet/getjobid=89195?server=repnomi HTTP/1.1" 200 28682
69.63.184.111 - - [12/Sep/2023:07:44:18 -0500] "GET /images/pieza-voluntariado-ambiental.jpeg HTTP/1.1" 200 51125
216.245.221.92 - - [12/Sep/2023:07:44:35 -0500] "HEAD / HTTP/1.1" 200 -
172.22.2.4 - - [12/Sep/2023:07:43:25 -0500] "GET /BLA/boletinlegal/ HTTP/1.1" 200 60342
201.245.192.253 - - [12/Sep/2023:07:45:19 -0500] "POST /forms/lservlet;jsessionid=ac16012b30d6ec48b32ae6c641d48f3ac42886169fa3.e3iSbxaKaheRe34Rch0Ra3mLchv0n6jAmljGr5XDqQLvpAe HTTP/1.1" 200 2
201.245.192.253 - - [12/Sep/2023:07:45:48 -0500] "POST /forms/lservlet;jsessionid=ac16012b30d6ec48b32ae6c641d48f3ac42886169fa3.e3iSbxaKaheRe34Rch0Ra3mLchv0n6jAmljGr5XDqQLvpAe HTTP/1.1" 200 63
201.245.192.253 - - [12/Sep/2023:07:45:48 -0500] "POST /forms/lservlet;jsessionid=ac16012b30d6ec48b32ae6c641d48f3ac42886169fa3.e3iSbxaKaheRe34Rch0Ra3mLchv0n6jAmljGr5XDqQLvpAe HTTP/1.1" 200 2
201.245.192.253 - - [12/Sep/2023:07:45:49 -0500] "POST /forms/lservlet;jsessionid=ac16012b30d6ec48b32ae6c641d48f3ac42886169fa3.e3iSbxaKaheRe34Rch0Ra3mLchv0n6jAmljGr5XDqQLvpAe HTTP/1.1" 200 2
201.245.192.253 - - [12/Sep/2023:07:45:50 -0500] "POST /forms/lservlet;jsessionid=ac16012b30d6ec48b32ae6c641d48f3ac42886169fa3.e3iSbxaKaheRe34Rch0Ra3mLchv0n6jAmljGr5XDqQLvpAe HTTP/1.1" 200 2
201.245.192.253 - - [12/Sep/2023:07:45:52 -0500] "POST /forms/lservlet;jsessionid=ac16012b30d6ec48b32ae6c641d48f3ac42886169fa3.e3iSbxaKaheRe34Rch0Ra3mLchv0n6jAmljGr5XDqQLvpAe HTTP/1.1" 200 130
201.245.192.253 - - [12/Sep/2023:07:45:52 -0500] "POST /forms/lservlet;jsessionid=ac16012b30d6ec48b32ae6c641d48f3ac42886169fa3.e3iSbxaKaheRe34Rch0Ra3mLchv0n6jAmljGr5XDqQLvpAe HTTP/1.1" 200 2
201.245.192.253 - - [12/Sep/2023:07:45:54 -0500] "POST /forms/lservlet;jsessionid=ac16012b30d6ec48b32ae6c641d48f3ac42886169fa3.e3iSbxaKaheRe34Rch0Ra3mLchv0n6jAmljGr5XDqQLvpAe HTTP/1.1" 200 2
201.245.192.253 - - [12/Sep/2023:07:45:55 -0500] "POST /forms/lservlet;jsessionid=ac16012b30d6ec48b32ae6c641d48f3ac42886169fa3.e3iSbxaKaheRe34Rch0Ra3mLchv0n6jAmljGr5XDqQLvpAe HTTP/1.1" 200 32
201.245.192.253 - - [12/Sep/2023:07:45:55 -0500] "POST /forms/lservlet;jsessionid=ac16012b30d6ec48b32ae6c641d48f3ac42886169fa3.e3iSbxaKaheRe34Rch0Ra3mLchv0n6jAmljGr5XDqQLvpAe HTTP/1.1" 200 2
201.245.192.253 - - [12/Sep/2023:07:45:55 -0500] "POST /forms/lservlet;jsessionid=ac16012b30d6ec48b32ae6c641d48f3ac42886169fa3.e3iSbxaKaheRe34Rch0Ra3mLchv0n6jAmljGr5XDqQLvpAe HTTP/1.1" 200 2
201.245.192.253 - - [12/Sep/2023:07:46:06 -0500] "POST /forms/lservlet;jsessionid=ac16012b30d67c93eb41c0fe4863bf03b6c32dc73e16.e3iSbxaKaheRe34Rch0Ra3mLchv0n6jAmljGr5XDqQLvpAe HTTP/1.1" 200 2
186.102.57.192 - - [12/Sep/2023:07:47:19 -0500] "GET /kwssiamovil/sm/acme/a?s=U2FsdGVkX19HqoBpSis2gqW4TqO/gJzcK21qJB34ILhma/1oGkPHohaC4OaKVeJPkeBeeLgr4/19/ShRWvhkxw7+jDdqMLzMZ492hOVTIS6sNxBKsovXCpr28fKaM5hnsVMFvEXifBGpTpiNLUiZCutsHpILHRfj0WdMSyH3dt24wWMfsLctHqo8BAsX0yRfpkGFfjVo07kApaOIesNOwXfAYMzMfqUKMaLuYrtfPNM2gK77CPAO+GfAU03FHgv0gb6hzUIadHRLZFr+qgl5hw==&u=U2FsdGVkX1/2yAOPKj1o92uXm7nxgx7LSCF4wlCN94k=&y=U2FsdGVkX18geFmuA99EJzHxIopT+q8Xlju+2ZnzOY5vMwRIZP/RgQ/aXNXXKgRE HTTP/1.1" 200 26
201.245.192.253 - - [12/Sep/2023:07:47:19 -0500] "POST /forms/lservlet;jsessionid=ac16012b30d6ec48b32ae6c641d48f3ac42886169fa3.e3iSbxaKaheRe34Rch0Ra3mLchv0n6jAmljGr5XDqQLvpAe HTTP/1.1" 200 2
186.102.57.192 - - [12/Sep/2023:07:47:20 -0500] "GET /kwssiamovil/sm/acme/a?s=U2FsdGVkX1/YhQR3951SvfDUBpH2Y6DlaLimbKJ9KpqxMgAlWfxm8RfYIKOhI7wPi/p/s4KU+tbDunJExK+AJYZvLym7ZKdkZkMr1kgai2umjEibJJA1fCsKR4rIBBIQMzk9Zw7eOJ2t4JHDtvapLa5UqaoLOVZMQgMgV2ZNjqhjyepwvB9MN3LkIuGnR+i0JiA67aCbHO4p5Csjl0wCye0SIxX8Ku2WCqctEJDAjiAM/kmTZQZi4rIphiYXamR42E5sUgp38yjZpfV0vQa3VeBNgahoWCxsG5L9yrnQoYFvTwuoiXdX1BJcgm/l/WjzYp2/yI3wavlcaF03FwB9jRoOVV9432LZaPtdQh1AG6ozI4AMAHuDh0rPXM5vOj3iCDp+MqUzc/Fd+sRi+kZldCXboKvTw0RzkPhg5rKxHx5MMcprQqVlC0ZbjxJxgpUI95r4MkuQcnvGLwOjXwA/R8vrU8BpAMXqzxNydRg1SnAacRtzL3nHuhodHAoWrGiVEM0yYEDnG3tvEyCDKqhdpTzXOJkGcLAbILTBA9t2+q4DT7mq2fFalBWFHD1VVw4GYftNYkSAMLBLYWL9brwUPQL985QZyT9fKJQKWeR4UY5r5DYj4FaKXVnnekr70zGkw/1g307VYCYG6EX0jap1HuIvyu7vKHC7ftZpCXiuO3tdfpqyDaXnMkKB4SnxPUDEb/cGRQfH3PgpoqHA6WLw8O9S+iYh+u3qlTf9DOjwpJWoX1eC4NSSkv1tn6ZWgQ217SG5huH0n5DJ59NKdHx02yk2yFmBUA/ippv4IsumrGbSueMbwplGOoSVDv8B+V38sARzuGTOm8BZTNciuBeXK/MccF7hzRK1a2SEkCKUV1cOPi2tQJ0pmS2rqSleqXp/AUwhtYkK0NimVeccDcbKoWq9Mz7RToYrBfcJLNN3g5OhxuPCQNl4AAI+X6uTeeysb1vwUxsYW6m/x/R852KjYB4wDAWKNWT0WqXgHeUH6RPwKyAjNhDrvP87xAa2sJe9mjGgTmaMi0qgJMCpGMADTDK+bNNrfDW/PSDQUAjFMAQ=&u=U2FsdGVkX1/2yAOPKj1o92uXm7nxgx7LSCF4wlCN94k=&y=U2FsdGVkX18geFmuA99EJzHxIopT+q8Xlju+2ZnzOY5vMwRIZP/RgQ/aXNXXKgRE HTTP/1.1" 200 26
186.102.57.192 - - [12/Sep/2023:07:47:20 -0500] "GET /kwssiamovil/sm/acme/a?s=U2FsdGVkX18q0cUWcWwN1e54AwrpQBbakPyGMlyhznlAf8I5QT3FG5aiPQYQwMKL15Thd9PxlQltjoKX82hxp5CkteUX2LGVZKrAH87fThXbJgYLJrXnE/F2ZUBDxsCClUIS7d6kJUUu6kXRbEsOOX9vnPMvO/6fcriRQeYGRyA=&u=U2FsdGVkX1/2yAOPKj1o92uXm7nxgx7LSCF4wlCN94k=&y=U2FsdGVkX18geFmuA99EJzHxIopT+q8Xlju+2ZnzOY5vMwRIZP/RgQ/aXNXXKgRE HTTP/1.1" 200 26
186.102.57.192 - - [12/Sep/2023:07:47:20 -0500] "GET /kwssiamovil/sm/acme/a?s=U2FsdGVkX1+Iz3OnUXho8ppSsqbVgxvWOuQ4JiEcvkIU5aBr6s8in9SwFIVjkYg6txgLSddVuPBN6UzwMLI5F0tYclGbDRQpsyKrZqA/HbSyHFa/cAsJNSXYBcrsKCzXjLN0mAtBq1b4bfM7BaZtZRxt5OKMPv8Hn2wqEGlHZs8=&u=U2FsdGVkX1/2yAOPKj1o92uXm7nxgx7LSCF4wlCN94k=&y=U2FsdGVkX18geFmuA99EJzHxIopT+q8Xlju+2ZnzOY5vMwRIZP/RgQ/aXNXXKgRE HTTP/1.1" 200 26
186.102.57.192 - - [12/Sep/2023:07:47:21 -0500] "GET /kwssiamovil/sm/acme/a?s=U2FsdGVkX1+CDTM4rcsh6ZPg4n5ctycdWrRPv81RTsSrs9yatm1oMv5Be+Edep9uSjOg8UdJ7nPnuZQOqGPnAzBxofP99jnJiNkSpBuI6hl0qLsuW5ua526AjSYKSCoZ9TTpWFiBPDUHNYWOIaJc7ArKSZQap8tEtvVXnPdtlBs=&u=U2FsdGVkX1/2yAOPKj1o92uXm7nxgx7LSCF4wlCN94k=&y=U2FsdGVkX18geFmuA99EJzHxIopT+q8Xlju+2ZnzOY5vMwRIZP/RgQ/aXNXXKgRE HTTP/1.1" 200 26
186.102.57.192 - - [12/Sep/2023:07:47:21 -0500] "GET /kwssiamovil/sm/acme/a?s=U2FsdGVkX18IWLoNap8GSNQnjlUQc6VnjGbDpO20x1tyMyYG+djH8TQkTI6GWMkh0lDVqstTsT0/udvG/NfrtscR1eDsVAGJ0rlNGTqTObhlAM91vuUeDb/aVzhMRi2uGtF01/EzIZWawqbkk4XCyzsHPNQmKqixg53RQeK4NNZzInTThVGsARcSkztsomJH&u=U2FsdGVkX1/2yAOPKj1o92uXm7nxgx7LSCF4wlCN94k=&y=U2FsdGVkX18geFmuA99EJzHxIopT+q8Xlju+2ZnzOY5vMwRIZP/RgQ/aXNXXKgRE HTTP/1.1" 200 26
201.245.192.253 - - [12/Sep/2023:07:48:06 -0500] "POST /forms/lservlet;jsessionid=ac16012b30d67c93eb41c0fe4863bf03b6c32dc73e16.e3iSbxaKaheRe34Rch0Ra3mLchv0n6jAmljGr5XDqQLvpAe HTTP/1.1" 200 2
201.245.192.253 - - [12/Sep/2023:07:48:59 -0500] "POST /kwsrmcab/Wsrmcab  HTTP/1.1" 200 42865
201.245.192.253 - - [12/Sep/2023:07:49:19 -0500] "POST /forms/lservlet;jsessionid=ac16012b30d6ec48b32ae6c641d48f3ac42886169fa3.e3iSbxaKaheRe34Rch0Ra3mLchv0n6jAmljGr5XDqQLvpAe HTTP/1.1" 200 2
40.77.167.6 - - [12/Sep/2023:07:49:24 -0500] "GET /Publicaciones/2023EE208147.pdf HTTP/1.1" 200 240340
172.22.2.4 - - [12/Sep/2023:07:49:27 -0500] "GET /BLA/boletinlegal/actos.php HTTP/1.1" 200 9682
172.22.2.4 - - [12/Sep/2023:07:49:29 -0500] "GET /BLA/boletinlegal/favicon.ico HTTP/1.1" 404 1326
216.245.221.92 - - [12/Sep/2023:07:49:35 -0500] "HEAD / HTTP/1.1" 200 -
172.22.2.4 - - [12/Sep/2023:07:48:25 -0500] "HEAD /BLA/boletinlegal/ HTTP/1.1" 200 -
201.245.192.253 - - [12/Sep/2023:07:50:06 -0500] "POST /forms/lservlet;jsessionid=ac16012b30d67c93eb41c0fe4863bf03b6c32dc73e16.e3iSbxaKaheRe34Rch0Ra3mLchv0n6jAmljGr5XDqQLvpAe HTTP/1.1" 200 2
190.85.242.114 - - [12/Sep/2023:07:50:34 -0500] "GET /distrito-firmo-resolucion-de-etiquetado-vehicular-ambiental-herramienta-para-clasificar-vehiculos-segun-sus-niveles-de-emisiones.html HTTP/1.1" 200 841
190.27.94.119 - - [12/Sep/2023:07:50:47 -0500] "GET /BLA/boletinlegal/actos.php HTTP/1.1" 200 9682
190.27.94.119 - - [12/Sep/2023:07:50:47 -0500] "GET /BLA/boletinlegal/styles2.css HTTP/1.1" 200 1838
190.27.94.119 - - [12/Sep/2023:07:50:47 -0500] "GET /BLA/boletinlegal/js/ajax_actos.js HTTP/1.1" 200 1322
190.27.94.119 - - [12/Sep/2023:07:50:47 -0500] "GET /BLA/boletinlegal/niceforms-default.css HTTP/1.1" 200 6694
190.27.94.119 - - [12/Sep/2023:07:50:47 -0500] "GET /BLA/boletinlegal/style.css HTTP/1.1" 200 9406
190.27.94.119 - - [12/Sep/2023:07:50:47 -0500] "GET /BLA/boletinlegal/js/lib.js HTTP/1.1" 200 6474
190.27.94.119 - - [12/Sep/2023:07:50:47 -0500] "GET /BLA/boletinlegal/niceforms.js HTTP/1.1" 200 22876
190.27.94.119 - - [12/Sep/2023:07:50:47 -0500] "GET /BLA/boletinlegal/js/popup.js HTTP/1.1" 200 1270
190.27.94.119 - - [12/Sep/2023:07:50:47 -0500] "GET /BLA/boletinlegal/js/jquery1.js HTTP/1.1" 200 29846
190.27.94.119 - - [12/Sep/2023:07:50:47 -0500] "GET /BLA/boletinlegal/images/subscribe-icon-big.png HTTP/1.1" 200 47702
190.27.94.119 - - [12/Sep/2023:07:50:47 -0500] "GET /BLA/boletinlegal/images/historia.png HTTP/1.1" 200 52775
190.27.94.119 - - [12/Sep/2023:07:50:47 -0500] "GET /BLA/boletinlegal/images/cabezote%20BLEGAL.jpg HTTP/1.1" 200 118164
190.27.94.119 - - [12/Sep/2023:07:50:47 -0500] "GET /BLA/boletinlegal/images/registro-usuarios.png HTTP/1.1" 200 8106
190.27.94.119 - - [12/Sep/2023:07:50:47 -0500] "GET /BLA/boletinlegal/images/green-yellow-blue-pink-th.png HTTP/1.1" 200 7394
190.27.94.119 - - [12/Sep/2023:07:50:47 -0500] "GET /BLA/boletinlegal/images/tel.png HTTP/1.1" 200 14477
190.27.94.119 - - [12/Sep/2023:07:50:48 -0500] "GET /BLA/boletinlegal/images/body_bg.jpg HTTP/1.1" 200 1601
190.27.94.119 - - [12/Sep/2023:07:50:48 -0500] "GET /BLA/boletinlegal/images/icono-email.png HTTP/1.1" 200 5544
190.27.94.119 - - [12/Sep/2023:07:50:48 -0500] "GET /BLA/boletinlegal/images/menu_lft.gif HTTP/1.1" 200 1713
190.27.94.119 - - [12/Sep/2023:07:50:48 -0500] "GET /BLA/boletinlegal/images/menu_rght.gif HTTP/1.1" 200 1627
172.22.2.4 - - [12/Sep/2023:07:49:15 -0500] "GET /BLA/boletinlegal/ HTTP/1.1" 200 58187
190.27.94.119 - - [12/Sep/2023:07:51:00 -0500] "GET /BLA/boletinlegal/images/bg_top.jpg HTTP/1.1" 200 522
190.27.94.119 - - [12/Sep/2023:07:51:05 -0500] "GET /BLA/boletinlegal/images/menu_bg.jpg HTTP/1.1" 200 620
190.27.94.119 - - [12/Sep/2023:07:51:05 -0500] "GET /BLA/boletinlegal/images/hover.jpg HTTP/1.1" 200 640
190.27.94.119 - - [12/Sep/2023:07:51:05 -0500] "GET /BLA/boletinlegal/images/footer_bg.jpg HTTP/1.1" 200 586
190.27.94.119 - - [12/Sep/2023:07:51:05 -0500] "GET /BLA/boletinlegal/images/text.jpg HTTP/1.1" 200 568
190.27.94.119 - - [12/Sep/2023:07:51:19 -0500] "GET /BLA/boletinlegal/images/footer_bg_l.jpg HTTP/1.1" 200 776
201.245.192.253 - - [12/Sep/2023:07:51:19 -0500] "POST /forms/lservlet;jsessionid=ac16012b30d6ec48b32ae6c641d48f3ac42886169fa3.e3iSbxaKaheRe34Rch0Ra3mLchv0n6jAmljGr5XDqQLvpAe HTTP/1.1" 200 2
201.245.192.253 - - [12/Sep/2023:07:52:06 -0500] "POST /forms/lservlet;jsessionid=ac16012b30d67c93eb41c0fe4863bf03b6c32dc73e16.e3iSbxaKaheRe34Rch0Ra3mLchv0n6jAmljGr5XDqQLvpAe HTTP/1.1" 200 2
201.245.192.253 - - [12/Sep/2023:07:53:19 -0500] "POST /forms/lservlet;jsessionid=ac16012b30d6ec48b32ae6c641d48f3ac42886169fa3.e3iSbxaKaheRe34Rch0Ra3mLchv0n6jAmljGr5XDqQLvpAe HTTP/1.1" 200 2
40.77.167.6 - - [12/Sep/2023:07:53:34 -0500] "GET /BLA/resoluciones/RESOLUCIONES%202022/0896.pdf HTTP/1.1" 304 -
201.245.192.253 - - [12/Sep/2023:07:53:58 -0500] "POST /kwsrmcab/Wsrmcab  HTTP/1.1" 200 42865
201.245.192.253 - - [12/Sep/2023:07:54:06 -0500] "POST /forms/lservlet;jsessionid=ac16012b30d67c93eb41c0fe4863bf03b6c32dc73e16.e3iSbxaKaheRe34Rch0Ra3mLchv0n6jAmljGr5XDqQLvpAe HTTP/1.1" 200 2
216.245.221.92 - - [12/Sep/2023:07:54:35 -0500] "HEAD / HTTP/1.1" 200 -
172.22.2.4 - - [12/Sep/2023:07:54:55 -0500] "GET /BLA/boletinlegal/ReportServer HTTP/1.1" 404 1018
201.245.192.253 - - [12/Sep/2023:07:55:19 -0500] "POST /forms/lservlet;jsessionid=ac16012b30d6ec48b32ae6c641d48f3ac42886169fa3.e3iSbxaKaheRe34Rch0Ra3mLchv0n6jAmljGr5XDqQLvpAe HTTP/1.1" 200 2
172.22.2.4 - - [12/Sep/2023:07:54:15 -0500] "HEAD /BLA/boletinlegal/ HTTP/1.1" 200 -
201.245.192.253 - - [12/Sep/2023:07:56:06 -0500] "POST /forms/lservlet;jsessionid=ac16012b30d67c93eb41c0fe4863bf03b6c32dc73e16.e3iSbxaKaheRe34Rch0Ra3mLchv0n6jAmljGr5XDqQLvpAe HTTP/1.1" 200 2
172.22.2.4 - - [12/Sep/2023:07:55:05 -0500] "GET /BLA/boletinlegal/ HTTP/1.1" 200 58187
