200.122.210.122 - - [12/Sep/2023:09:52:41 -0500] "GET /sipse/faces/javax.faces.resource/layout/layout.js?ln=primefaces&v=4.0 HTTP/1.1" 304 -
200.122.210.122 - - [12/Sep/2023:09:52:41 -0500] "GET /sipse/faces/javax.faces.resource/primefaces.js?ln=primefaces&v=4.0 HTTP/1.1" 304 -
200.122.210.122 - - [12/Sep/2023:09:52:41 -0500] "GET /sipse/imagenes/cargando.gif HTTP/1.1" 304 -
200.122.210.122 - - [12/Sep/2023:09:52:43 -0500] "POST /sipse/faces/presentacion/financiero/solicitudProceso/consultar.xhtml HTTP/1.1" 200 12927
200.122.210.122 - - [12/Sep/2023:09:52:45 -0500] "POST /sipse/faces/presentacion/financiero/solicitudProceso/consultar.xhtml HTTP/1.1" 200 147336
200.122.210.122 - - [12/Sep/2023:09:52:45 -0500] "GET /sipse/faces/javax.faces.resource/theme.css?ln=primefaces-sipse HTTP/1.1" 304 -
200.122.210.122 - - [12/Sep/2023:09:52:45 -0500] "GET /sipse/faces/javax.faces.resource/layout/layout.css?ln=primefaces&v=4.0 HTTP/1.1" 304 -
200.122.210.122 - - [12/Sep/2023:09:52:45 -0500] "GET /sipse/faces/javax.faces.resource/primefaces.css?ln=primefaces&v=4.0 HTTP/1.1" 304 -
200.122.210.122 - - [12/Sep/2023:09:52:45 -0500] "GET /sipse/faces/javax.faces.resource/jquery/jquery.js?ln=primefaces&v=4.0 HTTP/1.1" 304 -
200.122.210.122 - - [12/Sep/2023:09:52:45 -0500] "GET /sipse/faces/javax.faces.resource/jquery/jquery-plugins.js?ln=primefaces&v=4.0 HTTP/1.1" 304 -
200.122.210.122 - - [12/Sep/2023:09:52:45 -0500] "GET /sipse/faces/javax.faces.resource/primefaces.js?ln=primefaces&v=4.0 HTTP/1.1" 304 -
200.122.210.122 - - [12/Sep/2023:09:52:45 -0500] "GET /sipse/faces/javax.faces.resource/layout/layout.js?ln=primefaces&v=4.0 HTTP/1.1" 304 -
200.122.210.122 - - [12/Sep/2023:09:52:49 -0500] "POST /sipse/faces/presentacion/financiero/solicitudProceso/consultarSolicitudProceso.xhtml HTTP/1.1" 200 166236
179.43.191.194 - - [12/Sep/2023:09:52:53 -0500] "GET / HTTP/1.1" 200 319
216.244.66.195 - - [12/Sep/2023:09:53:05 -0500] "GET /BLA/resoluciones/AUTOS%202019/3466.pdf HTTP/1.1" 200 530250
201.245.192.253 - - [12/Sep/2023:09:53:20 -0500] "POST /forms/lservlet;jsessionid=ac16012b30d6ec48b32ae6c641d48f3ac42886169fa3.e3iSbxaKaheRe34Rch0Ra3mLchv0n6jAmljGr5XDqQLvpAe HTTP/1.1" 200 2
172.22.2.4 - - [12/Sep/2023:09:51:45 -0500] "GET /BLA/boletinlegal/ HTTP/1.1" 200 58187
201.245.192.253 - - [12/Sep/2023:09:53:32 -0500] "POST /kwsrmcab/Wsrmcab  HTTP/1.1" 200 42865
216.244.66.195 - - [12/Sep/2023:09:53:43 -0500] "GET /BLA/resoluciones/AUTOS%202019/3516.pdf HTTP/1.1" 200 264671
201.245.192.253 - - [12/Sep/2023:09:54:06 -0500] "POST /forms/lservlet;jsessionid=ac16012b30d67c93eb41c0fe4863bf03b6c32dc73e16.e3iSbxaKaheRe34Rch0Ra3mLchv0n6jAmljGr5XDqQLvpAe HTTP/1.1" 200 2
216.244.66.195 - - [12/Sep/2023:09:54:14 -0500] "GET /BLA/resoluciones/AUTOS%202019/4191.pdf HTTP/1.1" 200 280479
216.245.221.92 - - [12/Sep/2023:09:54:34 -0500] "HEAD / HTTP/1.1" 200 -
216.244.66.195 - - [12/Sep/2023:09:54:43 -0500] "GET /BLA/resoluciones/AUTOS%202019/4279.pdf HTTP/1.1" 200 314220
40.77.167.9 - - [12/Sep/2023:09:54:44 -0500] "GET /Publicaciones/2023EE207179.pdf HTTP/1.1" 200 412293
167.0.143.45 - - [12/Sep/2023:09:54:56 -0500] "GET /BLA/resoluciones/Notificaciones/AUTOS%202023/03792.pdf HTTP/1.1" 200 769731
216.244.66.195 - - [12/Sep/2023:09:55:12 -0500] "GET /BLA/resoluciones/AUTOS%202019/4409.pdf HTTP/1.1" 200 274449
201.245.192.253 - - [12/Sep/2023:09:55:20 -0500] "POST /forms/lservlet;jsessionid=ac16012b30d6ec48b32ae6c641d48f3ac42886169fa3.e3iSbxaKaheRe34Rch0Ra3mLchv0n6jAmljGr5XDqQLvpAe HTTP/1.1" 200 2
186.102.107.61 - - [12/Sep/2023:09:55:34 -0500] "GET /kwssiamovil/sm/ldap/au?x=U2FsdGVkX18dMslC3ieCQKaZ5oOKByDbNyNWJxa7IsHcx/CwWUuGCDdG/NWDrYUc6hH554U7vqt/chiJT0YvFA==&y=U2FsdGVkX19LW13DU54LzqomSyLHyRV+iHOqKU1gc/jk6vLN8eXF6aAlNeenFkTS HTTP/1.1" 200 30
186.102.107.61 - - [12/Sep/2023:09:55:34 -0500] "GET /kwssiamovil/sm/acme/s?s=U2FsdGVkX1/ho3mhhkbZWTQbCwp1zz97AxbQNUzc3v2ldAP1CAlNCeECXiuJ02iM6I4kRRwSiluztlPqzIxT7DzRG+yah6v/lcZ6q4iEJTo=&u=U2FsdGVkX1/lbOouTm9te8O/qvH3eZ17HMGsi5jqFM9y39H0vaEEKdCHEubztcRM&y=U2FsdGVkX19LW13DU54LzqomSyLHyRV+iHOqKU1gc/jk6vLN8eXF6aAlNeenFkTS HTTP/1.1" 200 97
186.102.107.61 - - [12/Sep/2023:09:55:35 -0500] "GET /kwssiamovil/sm/acme/s?s=U2FsdGVkX1/k1PDaZk4snQYf/EE8XmrMSeMN0zG0gXTjF7/DgTsUzt/QqDLeTneA4Zh4z42FKdPysdZxnBrWebmBJh2JCRqHygipuY6VarLyEunQW0qvoE1TbOzKWklNq45pTYCFbi/2YhmW6sOHQkfuj6kN9nibhxRrCp2bUoflWKZfbnqVyqZe/01qY8V+JEOXPe1ad0OsWhuQn7IlfFlBmpYXIPbHHMC/YwFRruxsP8SysmnhtEZpQWe6g8FRuz7DHvNl3XqE0fP2v44ztHsfMFlbtqDFdsmWp8yVjooulD7uaD6NR0aYNazYdUctVK5tKeZU9RN1zTmkkAVxV61VMhC33z4SPDNwfqLvMAllZjx0Mk9/uM2Hn4+BDAFbO2GZ2dGtROF3uFkx5RZmbQOWeJ/NDK4ypKKlpdBsqxVzKXpvnzMTT97FVasExP/nwcu9gs4aTnzufclEfXWa6mN++ixgMxbYwg/Ah9OMA3WMz44ZCEzTogkeC/6jkrVr/2f1VZVzwXl2xF3zQlcRwyrHQLcix40ZmHrmWZg1auVvDeYhHt83WXiBH1CmStHr461SD4NOzNg60fNQkpCw7xZLA1bJvagYS/o6TnKbQD/kCFc/2Ap43a7PyDrE7BwY3tZ0ofUZjRYTitUXvbpzrGuNIpIEVUx0SpqIYooiykE/SwAZ5d8/4OVtWkyyj9kaHZxasuBjFz6cHH3zshMJDAiB+EG6mOHhq62wf6w4isYzOHDBZQSR3XTKCLkl1OgTEusRjkeoZMK7pcJq2MYq7zcDZfjI6cne29/p/8HC9hVXUXuPlrPC66QvekQldxP8+Sxdikok2Q5TfxQv+P53OWAJaO3ehnUDSHbCeNnV5nxeOrCL71uGFgOlmFUx+b43FWwdefQyqNmhAQ9MqyVO9jMqpnPa7Mze4GRqa3P7IBWhjN/TL3btuhQT86mZaQoUzGljN5rI2ofNt4IpMW7WAFQa6lhJH1OQhwoPViEcSj7h9cyVwYsuPUODzWHUtMSjBfE4t4I1yd426MDdMIh7eY2ED7G8Yih/J99FO979KeVMV/bQ/1859P5g2v8oIqXgrZ8/KhpiVWR10dQE8FBSgu5/r/ImHX7+448tjmDz/xFoYBmyQwxPubl+iqhy6W2ZZmYcH/y606Tk8la0mTq42t/JpImJNKLvW05afGp3qJp9AhB5Sn3uKnh/kuNNgptMGjdtbcugnfSZwTQDCabHBXhj3zrp+TMI8KBOV1f1H30aFiYCaruTZvpgbGH1eA9LRXhBx42S0BUxZ1XcNpovyB6l/xKUlARfTKoNkZ729QjIBy40zlaYiSO1s0azmDP/6fX3nsi3Mvs+nvDssquwd5Ie7fhofgv43/dqq0OI+XAmV1jcePpBx5NtKCKFqfIEyss6dBcZgOq0sGkoqv7vhU3z9tU8BzouAEtjMh8Mb2yTDGC/qNpz6wbNwOybklbfOB8lUG4mIZ8vl7iRqFrQAo2hmZK/DLBW4djDaEGnlBAHykcekmHl5JStcGJv7L5rkke8PRQBR8gcN70t6aZqML5IjaNtfeQAe7l0SH3Z3r4c4dRrYY7mTz5j/Y+kUtBh4omu3XEJ2i3ICKTgTQOgQURUxlhiVAV2jxvnWk0Cc3ZovgupDfr6AowddPOIQoAdV3HSKN3wU7sxMmLcrViWSndn+LHGSP91KpuVEYEUue57aU3wEJ0IvnmfRbBzs5sz4Ftn+Zeez9nsrmOCBdV7QbODFNbew5ugUjwJyoUpgss6QGQkWJDjamPqGJS0inMw&u=U2FsdGVkX1/lbOouTm9te8O/qvH3eZ17HMGsi5jqFM9y39H0vaEEKdCHEubztcRM&y=U2FsdGVkX19LW13DU54LzqomSyLHyRV+iHOqKU1gc/jk6vLN8eXF6aAlNeenFkTS HTTP/1.1" 200 1798
186.102.107.61 - - [12/Sep/2023:09:55:35 -0500] "GET /kwssiamovil/sm/acme/s?s=U2FsdGVkX1/vV8AzizBz9cReghwh/Pfm9ohEJrh3nklSw56dVyhfnXnc+LSO7aoieqX8OFMU/rB8Aw04Xxi4tsncvdf9GmUeou6Umxxzplf41NKF3mLZ9zxK8u+p058eFMZYaOo9Gfqe/cTbq8uT/hkpsYRW4G1utsD+4uXu/xrjGgwx2DFedaQ24ntZO3Cna7VMsDT2N+b2cr50aiRfkQR959IqPvkV1vJ4r+XDyS9Za681MOv/9+eNDISQacPshySQaTVDgmDTD6wpF7/pal3RAKGk0Hlu35Z08tWq5D4Y0ROxDL9kT9wjLI/CnYJi89LTXalKgG3XcvjHO+FlY4tQpLk01wgZ3ZI02TJBUDxHrM13pfYGDbYfKoIUH4O4piodf0WUNCOjwkc71vfPWnI9e6vAlMQ6HInNdvZ9GAE82sdHJFUokqSMNj4qetpaoOvXVc36ap6FXvD+M5T1XYKrqSUyfrGGZ/yDG+OGnOVZOn0OZODt395B3I1wcjAAbQab+FXhswGWzZR6MvT1/+HgRhK9RapBf+IvvCLY4Xh2FqycvQA7mN3ASe1hMzwqodDWpEq0F/BPgzzK2gtNntcO5jGxZ+b8OeTETzTQwu1ZZ/dWOuqW1VdibzZpV9x+bsYxiJfUoVwZaLkcpPLc3Ft95OVryuKr80Y6hupgLCu6S1YxKw6YrievZcuVhIQKR2aUb4wvi4WIVHU1jjeTx3zA/W5G1eq4GRPzMm4ldbJxQQehz+Ss5MDcsFs+QwSuqX44bA3/SK3QU0bCr016dA==&u=U2FsdGVkX1/lbOouTm9te8O/qvH3eZ17HMGsi5jqFM9y39H0vaEEKdCHEubztcRM&y=U2FsdGVkX19LW13DU54LzqomSyLHyRV+iHOqKU1gc/jk6vLN8eXF6aAlNeenFkTS HTTP/1.1" 200 208
200.122.210.122 - - [12/Sep/2023:09:55:35 -0500] "POST /sipse/faces/presentacion/financiero/solicitudProceso/consultarSolicitudProceso.xhtml HTTP/1.1" 200 45623
200.122.210.122 - - [12/Sep/2023:09:55:35 -0500] "GET /sipse/faces/javax.faces.resource/theme.css?ln=primefaces-sipse HTTP/1.1" 304 -
200.122.210.122 - - [12/Sep/2023:09:55:35 -0500] "GET /sipse/faces/javax.faces.resource/primefaces.css?ln=primefaces&v=4.0 HTTP/1.1" 304 -
200.122.210.122 - - [12/Sep/2023:09:55:35 -0500] "GET /sipse/faces/javax.faces.resource/layout/layout.css?ln=primefaces&v=4.0 HTTP/1.1" 304 -
200.122.210.122 - - [12/Sep/2023:09:55:35 -0500] "GET /sipse/faces/javax.faces.resource/jquery/jquery-plugins.js?ln=primefaces&v=4.0 HTTP/1.1" 304 -
200.122.210.122 - - [12/Sep/2023:09:55:35 -0500] "GET /sipse/faces/javax.faces.resource/jquery/jquery.js?ln=primefaces&v=4.0 HTTP/1.1" 304 -
200.122.210.122 - - [12/Sep/2023:09:55:35 -0500] "GET /sipse/faces/javax.faces.resource/primefaces.js?ln=primefaces&v=4.0 HTTP/1.1" 304 -
200.122.210.122 - - [12/Sep/2023:09:55:35 -0500] "GET /sipse/faces/javax.faces.resource/layout/layout.js?ln=primefaces&v=4.0 HTTP/1.1" 304 -
200.122.210.122 - - [12/Sep/2023:09:55:35 -0500] "GET /sipse/css/imagen/logoSDG.png HTTP/1.1" 304 -
200.122.210.122 - - [12/Sep/2023:09:55:35 -0500] "GET /sipse/faces/javax.faces.resource/images/ui-icons_898989_256x240.png?ln=primefaces-aristo HTTP/1.1" 304 -
200.122.210.122 - - [12/Sep/2023:09:55:35 -0500] "GET /sipse/css/imagen/contrasena.png HTTP/1.1" 404 383
186.102.107.61 - - [12/Sep/2023:09:55:35 -0500] "GET /kwssiamovil/sm/cjson/pre?f=1&x=U2FsdGVkX18dMslC3ieCQKaZ5oOKByDbNyNWJxa7IsHcx/CwWUuGCDdG/NWDrYUc6hH554U7vqt/chiJT0YvFA== HTTP/1.1" 200 31032
200.122.210.122 - - [12/Sep/2023:09:55:37 -0500] "GET /sipse/faces/javax.faces.resource/images/ui-bg_flat_0_2d5972_40x100.png?ln=primefaces-aristo HTTP/1.1" 304 -
200.122.210.122 - - [12/Sep/2023:09:55:37 -0500] "POST /sipse/faces/presentacion/financiero/solicitudProceso/consultar.xhtml HTTP/1.1" 200 12860
216.244.66.195 - - [12/Sep/2023:09:55:39 -0500] "GET /BLA/resoluciones/AUTOS%202019/4482.pdf HTTP/1.1" 200 312744
200.122.210.122 - - [12/Sep/2023:09:55:39 -0500] "POST /sipse/faces/presentacion/financiero/solicitudProceso/consultar.xhtml HTTP/1.1" 200 156258
200.122.210.122 - - [12/Sep/2023:09:55:39 -0500] "GET /sipse/faces/javax.faces.resource/theme.css?ln=primefaces-sipse HTTP/1.1" 304 -
200.122.210.122 - - [12/Sep/2023:09:55:39 -0500] "GET /sipse/faces/javax.faces.resource/layout/layout.css?ln=primefaces&v=4.0 HTTP/1.1" 304 -
200.122.210.122 - - [12/Sep/2023:09:55:39 -0500] "GET /sipse/faces/javax.faces.resource/primefaces.css?ln=primefaces&v=4.0 HTTP/1.1" 304 -
200.122.210.122 - - [12/Sep/2023:09:55:39 -0500] "GET /sipse/faces/javax.faces.resource/jquery/jquery.js?ln=primefaces&v=4.0 HTTP/1.1" 304 -
200.122.210.122 - - [12/Sep/2023:09:55:39 -0500] "GET /sipse/faces/javax.faces.resource/jquery/jquery-plugins.js?ln=primefaces&v=4.0 HTTP/1.1" 304 -
200.122.210.122 - - [12/Sep/2023:09:55:39 -0500] "GET /sipse/faces/javax.faces.resource/primefaces.js?ln=primefaces&v=4.0 HTTP/1.1" 304 -
200.122.210.122 - - [12/Sep/2023:09:55:40 -0500] "GET /sipse/faces/javax.faces.resource/layout/layout.js?ln=primefaces&v=4.0 HTTP/1.1" 304 -
200.122.210.122 - - [12/Sep/2023:09:55:42 -0500] "POST /sipse/faces/presentacion/financiero/solicitudProceso/consultarSolicitudProceso.xhtml HTTP/1.1" 200 93065
201.245.192.253 - - [12/Sep/2023:09:56:06 -0500] "GET /appsia/controlador HTTP/1.1" 200 4799
201.245.192.253 - - [12/Sep/2023:09:56:06 -0500] "GET /appsia/scripts/validarIngreso.js HTTP/1.1" 200 851
201.245.192.253 - - [12/Sep/2023:09:56:06 -0500] "GET /appsia/css/estilos.css HTTP/1.1" 200 4804
201.245.192.253 - - [12/Sep/2023:09:56:06 -0500] "GET /appsia/images/cabezoteHojaVida.png HTTP/1.1" 200 32493
201.245.192.253 - - [12/Sep/2023:09:56:06 -0500] "GET /appsia/images/logo_bogota_p.png HTTP/1.1" 200 14951
201.245.192.253 - - [12/Sep/2023:09:56:06 -0500] "GET /favicon.ico HTTP/1.1" 200 7782
201.245.192.253 - - [12/Sep/2023:09:56:06 -0500] "POST /forms/lservlet;jsessionid=ac16012b30d67c93eb41c0fe4863bf03b6c32dc73e16.e3iSbxaKaheRe34Rch0Ra3mLchv0n6jAmljGr5XDqQLvpAe HTTP/1.1" 200 2
201.245.192.253 - - [12/Sep/2023:09:56:09 -0500] "POST /appsia/controlador HTTP/1.1" 200 3594
201.245.192.253 - - [12/Sep/2023:09:56:09 -0500] "GET /appsia/jscripts/validarSolicitud.js HTTP/1.1" 404 68
216.244.66.195 - - [12/Sep/2023:09:56:09 -0500] "GET /BLA/resoluciones/AUTOS%202019/4493.pdf HTTP/1.1" 200 319365
201.245.192.253 - - [12/Sep/2023:09:56:19 -0500] "POST /appsia/controlador HTTP/1.1" 200 4799
201.245.192.253 - - [12/Sep/2023:09:56:27 -0500] "POST /appsia/controlador HTTP/1.1" 200 5437
201.245.192.253 - - [12/Sep/2023:09:56:30 -0500] "POST /appsia/controlador HTTP/1.1" 200 68259
201.245.192.253 - - [12/Sep/2023:09:56:30 -0500] "GET /appsia/images/logo_escudo.png HTTP/1.1" 200 36965
216.244.66.195 - - [12/Sep/2023:09:56:35 -0500] "GET /BLA/resoluciones/RESOLUCIONES%202018/0190.pdf HTTP/1.1" 200 341298
66.249.70.197 - - [12/Sep/2023:09:56:59 -0500] "GET /BLA/resoluciones/RESOLUCIONES%202009/5257.pdf HTTP/1.1" 200 327204
216.244.66.195 - - [12/Sep/2023:09:56:59 -0500] "GET /BLA/resoluciones/RESOLUCIONES%202018/1702.pdf HTTP/1.1" 200 287270
201.245.192.253 - - [12/Sep/2023:09:57:20 -0500] "POST /forms/lservlet;jsessionid=ac16012b30d6ec48b32ae6c641d48f3ac42886169fa3.e3iSbxaKaheRe34Rch0Ra3mLchv0n6jAmljGr5XDqQLvpAe HTTP/1.1" 200 2
216.244.66.195 - - [12/Sep/2023:09:57:26 -0500] "GET /BLA/resoluciones/RESOLUCIONES%202018/2697.pdf HTTP/1.1" 200 315895
216.244.66.195 - - [12/Sep/2023:09:57:48 -0500] "GET /BLA/resoluciones/AUTOS%202003/0418.pdf HTTP/1.1" 200 193944
201.245.192.253 - - [12/Sep/2023:09:58:06 -0500] "POST /forms/lservlet;jsessionid=ac16012b30d67c93eb41c0fe4863bf03b6c32dc73e16.e3iSbxaKaheRe34Rch0Ra3mLchv0n6jAmljGr5XDqQLvpAe HTTP/1.1" 200 2
216.244.66.195 - - [12/Sep/2023:09:58:09 -0500] "GET /BLA/resoluciones/AUTOS%202017/0073.pdf HTTP/1.1" 200 340071
172.22.2.4 - - [12/Sep/2023:09:56:44 -0500] "HEAD /BLA/boletinlegal/ HTTP/1.1" 200 -
200.122.210.122 - - [12/Sep/2023:09:58:28 -0500] "POST /sipse/faces/presentacion/financiero/solicitudProceso/consultarSolicitudProceso.xhtml HTTP/1.1" 200 45556
200.122.210.122 - - [12/Sep/2023:09:58:28 -0500] "GET /sipse/faces/javax.faces.resource/theme.css?ln=primefaces-sipse HTTP/1.1" 304 -
200.122.210.122 - - [12/Sep/2023:09:58:28 -0500] "GET /sipse/faces/javax.faces.resource/primefaces.css?ln=primefaces&v=4.0 HTTP/1.1" 304 -
200.122.210.122 - - [12/Sep/2023:09:58:28 -0500] "GET /sipse/faces/javax.faces.resource/layout/layout.css?ln=primefaces&v=4.0 HTTP/1.1" 304 -
200.122.210.122 - - [12/Sep/2023:09:58:28 -0500] "GET /sipse/faces/javax.faces.resource/jquery/jquery.js?ln=primefaces&v=4.0 HTTP/1.1" 304 -
200.122.210.122 - - [12/Sep/2023:09:58:28 -0500] "GET /sipse/faces/javax.faces.resource/jquery/jquery-plugins.js?ln=primefaces&v=4.0 HTTP/1.1" 304 -
200.122.210.122 - - [12/Sep/2023:09:58:28 -0500] "GET /sipse/faces/javax.faces.resource/primefaces.js?ln=primefaces&v=4.0 HTTP/1.1" 304 -
200.122.210.122 - - [12/Sep/2023:09:58:28 -0500] "GET /sipse/faces/javax.faces.resource/layout/layout.js?ln=primefaces&v=4.0 HTTP/1.1" 304 -
216.244.66.195 - - [12/Sep/2023:09:58:30 -0500] "GET /BLA/resoluciones/AUTOS%202017/1186.pdf HTTP/1.1" 200 278478
200.122.210.122 - - [12/Sep/2023:09:58:33 -0500] "POST /sipse/faces/presentacion/financiero/solicitudProceso/consultar.xhtml HTTP/1.1" 200 12917
201.245.192.253 - - [12/Sep/2023:09:58:31 -0500] "POST /kwsrmcab/Wsrmcab  HTTP/1.1" 200 42865
200.122.210.122 - - [12/Sep/2023:09:58:34 -0500] "POST /sipse/faces/presentacion/financiero/solicitudProceso/consultar.xhtml HTTP/1.1" 200 150911
200.122.210.122 - - [12/Sep/2023:09:58:35 -0500] "GET /sipse/faces/javax.faces.resource/primefaces.css?ln=primefaces&v=4.0 HTTP/1.1" 304 -
200.122.210.122 - - [12/Sep/2023:09:58:35 -0500] "GET /sipse/faces/javax.faces.resource/theme.css?ln=primefaces-sipse HTTP/1.1" 304 -
200.122.210.122 - - [12/Sep/2023:09:58:35 -0500] "GET /sipse/faces/javax.faces.resource/layout/layout.css?ln=primefaces&v=4.0 HTTP/1.1" 304 -
200.122.210.122 - - [12/Sep/2023:09:58:35 -0500] "GET /sipse/faces/javax.faces.resource/jquery/jquery.js?ln=primefaces&v=4.0 HTTP/1.1" 304 -
200.122.210.122 - - [12/Sep/2023:09:58:35 -0500] "GET /sipse/faces/javax.faces.resource/jquery/jquery-plugins.js?ln=primefaces&v=4.0 HTTP/1.1" 304 -
200.122.210.122 - - [12/Sep/2023:09:58:35 -0500] "GET /sipse/faces/javax.faces.resource/primefaces.js?ln=primefaces&v=4.0 HTTP/1.1" 304 -
200.122.210.122 - - [12/Sep/2023:09:58:35 -0500] "GET /sipse/faces/javax.faces.resource/layout/layout.js?ln=primefaces&v=4.0 HTTP/1.1" 304 -
200.122.210.122 - - [12/Sep/2023:09:58:43 -0500] "POST /sipse/faces/presentacion/financiero/solicitudProceso/consultarSolicitudProceso.xhtml HTTP/1.1" 200 399939
216.244.66.195 - - [12/Sep/2023:09:58:49 -0500] "GET /BLA/resoluciones/AUTOS%202017/1332.pdf HTTP/1.1" 200 309642
190.69.56.252 - - [12/Sep/2023:09:58:50 -0500] "GET /catalogoisis/ HTTP/1.1" 200 8575
190.69.56.252 - - [12/Sep/2023:09:58:51 -0500] "GET /catalogoisis/Css/Busqueda.css HTTP/1.1" 200 1995
190.69.56.252 - - [12/Sep/2023:09:58:51 -0500] "GET /catalogoisis/Js/AceptarLimpiar.js HTTP/1.1" 200 331
190.69.56.252 - - [12/Sep/2023:09:58:51 -0500] "GET /catalogoisis/Js/Go.js HTTP/1.1" 200 364
190.69.56.252 - - [12/Sep/2023:09:58:51 -0500] "GET /catalogoisis/Js/CriterioCombinada.js HTTP/1.1" 200 1843
190.69.56.252 - - [12/Sep/2023:09:58:51 -0500] "GET /catalogoisis/Js/Cookies.js HTTP/1.1" 200 1369
190.69.56.252 - - [12/Sep/2023:09:58:51 -0500] "GET /catalogoisis/Js/Enter.js HTTP/1.1" 200 1208
190.69.56.252 - - [12/Sep/2023:09:58:51 -0500] "GET /catalogoisis/Js/Numero.js HTTP/1.1" 200 398
190.69.56.252 - - [12/Sep/2023:09:58:51 -0500] "GET /catalogoisis/Js/Remote.js HTTP/1.1" 200 436
190.69.56.252 - - [12/Sep/2023:09:58:51 -0500] "GET /catalogoisis/Js/LimpiarCombinada.js HTTP/1.1" 200 207
190.69.56.252 - - [12/Sep/2023:09:58:52 -0500] "GET /catalogoisis/imagenes/br1c1.gif HTTP/1.1" 200 172
190.69.56.252 - - [12/Sep/2023:09:58:52 -0500] "GET /catalogoisis/imagenes/aceptar1.gif HTTP/1.1" 200 604
190.69.56.252 - - [12/Sep/2023:09:58:51 -0500] "GET /catalogoisis/imagenes/Header.gif HTTP/1.1" 200 27040
190.69.56.252 - - [12/Sep/2023:09:58:52 -0500] "GET /catalogoisis/imagenes/limpiar1.gif HTTP/1.1" 200 606
190.69.56.252 - - [12/Sep/2023:09:58:52 -0500] "GET /catalogoisis/imagenes/Turnbo1.gif HTTP/1.1" 200 227
190.69.56.252 - - [12/Sep/2023:09:58:52 -0500] "GET /catalogoisis/imagenes/br1c3.gif HTTP/1.1" 200 302
190.69.56.252 - - [12/Sep/2023:09:58:52 -0500] "GET /catalogoisis/imagenes/br2c2.gif HTTP/1.1" 200 302
190.69.56.252 - - [12/Sep/2023:09:58:52 -0500] "GET /catalogoisis/imagenes/br3c2.gif HTTP/1.1" 200 285
190.69.56.252 - - [12/Sep/2023:09:58:52 -0500] "GET /catalogoisis/imagenes/br3c1.gif HTTP/1.1" 200 177
190.69.56.252 - - [12/Sep/2023:09:58:52 -0500] "GET /catalogoisis/imagenes/br1c2.gif HTTP/1.1" 200 297
190.69.56.252 - - [12/Sep/2023:09:58:52 -0500] "GET /catalogoisis/imagenes/br2c3.gif HTTP/1.1" 200 416
190.69.56.252 - - [12/Sep/2023:09:58:52 -0500] "GET /catalogoisis/imagenes/br3c3.gif HTTP/1.1" 200 186
190.69.56.252 - - [12/Sep/2023:09:58:52 -0500] "GET /catalogoisis/imagenes/br2c1.gif HTTP/1.1" 200 297
190.69.56.252 - - [12/Sep/2023:09:58:52 -0500] "GET /favicon.ico HTTP/1.1" 200 7782
191.156.234.165 - - [12/Sep/2023:09:58:55 -0500] "GET /kwssiamovil/sm/acme/a?s=U2FsdGVkX1/IXqZCIE0Vm3hl0ZnR5+JC6rrencqJUiTJmeZLIgIt5LrDoLz0DhM0R61zTGdauYw1JmKKFLJ2I+8IV2HwTh0xZDXYTfMWg23Zn5lmgv1nsu2aJwe9x2vY5/M+pqxUXXc/ze/bNTavYBdpMHiVL9YEoSDkZf0suamM165nUsK4rs4K6vXQX76akc/NkqhSJjJT0g9GNHlUgsa/f2GtlaqJDPU+dIUYCnLBjwzcf8MG/p4oqzxZWYmK7547ardh2S5b0JHXcmD9eQ==&u=U2FsdGVkX19foGWAth54dolB/RMrGwVhSBbOA6T1JCc=&y=U2FsdGVkX1+6wkoa8jr0DB13HCYakuoAyD4nebIrd0o= HTTP/1.1" 200 26
191.156.234.165 - - [12/Sep/2023:09:58:55 -0500] "GET /kwssiamovil/sm/acme/a?s=U2FsdGVkX19+Wyy1UVrBfiI4XaNWT/7oqLQwXT2UlX31NG+SUmJiwtd464miv4uXL9HvW6t/uqxGg8gTZ5Cy7L8qCxwRuRnbuQojxWSsq/QSNfsORfh/1U4EtfguH1bnf4We9kBoaigS1WhOkE60j7m9E0EEVcyCHNBjP6qNtxtVBqMR2fVfXJCh2+T08SStUFpCsOo+SkZ7AieVvy84mhRW7+NiNMJyxmuKuAQKL43qbMh/FSJBTSqOYCh/1+S31O6ID5+aso0gUa4recDaQUi7vfacIpoqvz11TKSUi0hsdbZU+kL7VWIclTv23GmC6g8+t2I0IZQEOtZI5G7UD4QrwiZqd16Mb+xJ2rQm6y4a9Mbe6v7Qleix7+n11RzqIBgEXYMagwir5LuhLrL55iWQBzjCmxbpxX8sH0iUOVDEsWDNJMUjo28Wc0K3lFbmAXoHS2Xh/5w9L+N4gof6grF1Mk5hNxx1yMNsm2T0c764KZavw43xxXJWxbgODVjaDGURbsaH9Br7CS+TMlqceK1HOF4RXAWK+6rKuhr4sKZjy9j6gKoyT8bJ7SOvC+MldQXWiPF+l8N0yQerVQWuedXqAuzmrqGp/icJbCBrpl0kddJLdwhsm7NPsxze2zvuvLfPsZ9m9E3gb4izuDT8bH8R0+EVv1TUSO1200KQzY5c1grvTn2338HQjF3Nw/G8DDhrZp+1Xz67s+0VWcRZVZ867feD+L//+S5SnzgBRWmENc3JbAa9fh2sC6DTqZYVUI9hwt7f4cDQ6vPNgAdQuvz1BHkoOnC8As7VL849POJuyDR79qLFGZ9OoSnOllsgNMJwgZiQHCOE86eEGZ3Had767cooq0IMTre+DD+IQoubpKg4VR9JCN9iEfoVMXHZAXvvqo2QEtv5aUzUXrT5+2GA69aZMgRXeI+aQyztRScj9PlHHKGmga2pfoiDYOL58hTMYo1CR1dX1gDkZVVK0p0Un5FXZ5HthMUSYIDPtlNuCaR92H5eQIWbQiYRp3hm9pP2BZ3IkxibNfKTCnIvRl1H31grDMf+R2F3gX5XNimMdLlJjMwb/uITVJkljmEbS8OqZtAZ+I5jdEIVV7G4XiCJk98ruNkMNl2Te+p8MxCUJYW8ak5SrJo83uCjh3RPXzEI3hItuGhBmlvRlVxyOwUsxCiGe94cmryBrtdps38vkdaJIekdTJVQCB2xSMVb&u=U2FsdGVkX19foGWAth54dolB/RMrGwVhSBbOA6T1JCc=&y=U2FsdGVkX1+6wkoa8jr0DB13HCYakuoAyD4nebIrd0o= HTTP/1.1" 200 26
191.156.234.165 - - [12/Sep/2023:09:58:55 -0500] "GET /kwssiamovil/sm/acme/a?s=U2FsdGVkX18k0qc/X1rMR2FpWK8xoclyDCvkvlJPb5y//AdNNiIWcWsGIT6PeFDcf2akJWLuEqD1S6CYTB+YglHDpL2091lGZtjr1keZjbkcP8xFVp4egz876YhH/hQcRypHZt5bWSAWPDvd3+WKLIT0ZIiQl2F0TjbPDKT0K+s=&u=U2FsdGVkX19foGWAth54dolB/RMrGwVhSBbOA6T1JCc=&y=U2FsdGVkX1+6wkoa8jr0DB13HCYakuoAyD4nebIrd0o= HTTP/1.1" 200 26
191.156.234.165 - - [12/Sep/2023:09:58:56 -0500] "GET /kwssiamovil/sm/acme/a?s=U2FsdGVkX1/D9hMU3fOn+JLCDWjIdGdzmfo0ulIAIZkiR/29Nrs7DBxrzJ38nAT3w0lhfPhLEZWdbiLXjRerWGz4XgsMYP69GbYL9P+Qvh5fKWph02e+rIUEbctJe2dEVYDjd2idtrjSXWLKVecSF1GZ7H864yTgvwX80Cj1Y1M=&u=U2FsdGVkX19foGWAth54dolB/RMrGwVhSBbOA6T1JCc=&y=U2FsdGVkX1+6wkoa8jr0DB13HCYakuoAyD4nebIrd0o= HTTP/1.1" 200 26
191.156.234.165 - - [12/Sep/2023:09:58:56 -0500] "GET /kwssiamovil/sm/acme/a?s=U2FsdGVkX18ECoLMZOxJy4hqvSh6riaBHFJn2gyX2OksRmxtFNeenibMQkWD6p440pkZuntbSXYEFO22UGmWJov+WMDI9ifhs53xli63OQtmzWC+ZFipdP/rEGl4utYn5Tx5fHiEPBZFRyL5xs5aWLXy5DjxY+HWk09FeajwOV0=&u=U2FsdGVkX19foGWAth54dolB/RMrGwVhSBbOA6T1JCc=&y=U2FsdGVkX1+6wkoa8jr0DB13HCYakuoAyD4nebIrd0o= HTTP/1.1" 200 26
191.156.234.165 - - [12/Sep/2023:09:58:56 -0500] "GET /kwssiamovil/sm/acme/a?s=U2FsdGVkX1+shBzMKOukR/YpgeYGw6DM6h2dvC17lIRbfwvYbypSemQ+/yHG1ar3MT3zeUK2/YzCX4s9+X7r4MybKhxTqlMvyGdhwth/+GF+vJA+1VMxTZD/GW5Rd6s6Khg7ayMMwFtg4vKHZk5FCzQ0srDNuTLFKu6rGjxYaN7catDVPKBvQa+w09RpEAwN&u=U2FsdGVkX19foGWAth54dolB/RMrGwVhSBbOA6T1JCc=&y=U2FsdGVkX1+6wkoa8jr0DB13HCYakuoAyD4nebIrd0o= HTTP/1.1" 200 26
216.244.66.195 - - [12/Sep/2023:09:59:08 -0500] "GET /BLA/resoluciones/AUTOS%202017/1683.pdf HTTP/1.1" 200 287023
172.22.2.4 - - [12/Sep/2023:09:57:35 -0500] "GET /BLA/boletinlegal/ HTTP/1.1" 200 58187
201.245.192.253 - - [12/Sep/2023:09:59:20 -0500] "POST /forms/lservlet;jsessionid=ac16012b30d6ec48b32ae6c641d48f3ac42886169fa3.e3iSbxaKaheRe34Rch0Ra3mLchv0n6jAmljGr5XDqQLvpAe HTTP/1.1" 200 2
216.244.66.195 - - [12/Sep/2023:09:59:25 -0500] "GET /BLA/resoluciones/AUTOS%202017/1958.pdf HTTP/1.1" 200 647364
216.245.221.92 - - [12/Sep/2023:09:59:34 -0500] "HEAD / HTTP/1.1" 200 -
216.244.66.195 - - [12/Sep/2023:09:59:42 -0500] "GET /BLA/resoluciones/AUTOS%202017/2657.pdf HTTP/1.1" 200 1025044
216.244.66.195 - - [12/Sep/2023:09:59:58 -0500] "GET /BLA/resoluciones/AUTOS%202017/3243.pdf HTTP/1.1" 200 270249
201.245.192.253 - - [12/Sep/2023:10:00:06 -0500] "POST /forms/lservlet;jsessionid=ac16012b30d67c93eb41c0fe4863bf03b6c32dc73e16.e3iSbxaKaheRe34Rch0Ra3mLchv0n6jAmljGr5XDqQLvpAe HTTP/1.1" 200 2
216.244.66.195 - - [12/Sep/2023:10:00:13 -0500] "GET /BLA/resoluciones/AUTOS%202019/4465.pdf HTTP/1.1" 200 773256
216.244.66.195 - - [12/Sep/2023:10:00:27 -0500] "GET /BLA/resoluciones/AUTOS%202021/0118.pdf HTTP/1.1" 200 424333
216.244.66.195 - - [12/Sep/2023:10:00:39 -0500] "GET /BLA/resoluciones/AUTOS%202021/0305.pdf HTTP/1.1" 200 872002
201.245.192.253 - - [12/Sep/2023:10:00:44 -0500] "GET /sipse/faces/index.xhtml HTTP/1.1" 200 677
201.245.192.253 - - [12/Sep/2023:10:00:44 -0500] "GET /sipse/faces/javax.faces.resource/theme.css?ln=primefaces-sipse HTTP/1.1" 304 -
201.245.192.253 - - [12/Sep/2023:10:00:45 -0500] "GET /sipse/faces/faces/autenticacion.xhtml HTTP/1.1" 200 12183
201.245.192.253 - - [12/Sep/2023:10:00:45 -0500] "GET /sipse/js/disable_browser_buttons.js HTTP/1.1" 200 3230
201.245.192.253 - - [12/Sep/2023:10:00:45 -0500] "GET /sipse/js/funciones.js HTTP/1.1" 200 12592
201.245.192.253 - - [12/Sep/2023:10:00:45 -0500] "GET /sipse/css/custom_css_sg.css HTTP/1.1" 200 9694
201.245.192.253 - - [12/Sep/2023:10:00:45 -0500] "GET /sipse/faces/javax.faces.resource/theme.css?ln=primefaces-sipse HTTP/1.1" 304 -
201.245.192.253 - - [12/Sep/2023:10:00:45 -0500] "GET /sipse/faces/javax.faces.resource/primefaces.css?ln=primefaces&v=4.0 HTTP/1.1" 304 -
201.245.192.253 - - [12/Sep/2023:10:00:45 -0500] "GET /sipse/css/custom_css_sg_prime_login.css HTTP/1.1" 200 443
201.245.192.253 - - [12/Sep/2023:10:00:45 -0500] "GET /sipse/faces/javax.faces.resource/layout/layout.css?ln=primefaces&v=4.0 HTTP/1.1" 304 -
201.245.192.253 - - [12/Sep/2023:10:00:45 -0500] "GET /sipse/faces/javax.faces.resource/jquery/jquery.js?ln=primefaces&v=4.0 HTTP/1.1" 304 -
201.245.192.253 - - [12/Sep/2023:10:00:45 -0500] "GET /sipse/faces/javax.faces.resource/jquery/jquery-plugins.js?ln=primefaces&v=4.0 HTTP/1.1" 304 -
201.245.192.253 - - [12/Sep/2023:10:00:45 -0500] "GET /sipse/faces/javax.faces.resource/layout/layout.js?ln=primefaces&v=4.0 HTTP/1.1" 304 -
201.245.192.253 - - [12/Sep/2023:10:00:45 -0500] "GET /sipse/faces/javax.faces.resource/primefaces.js?ln=primefaces&v=4.0 HTTP/1.1" 304 -
201.245.192.253 - - [12/Sep/2023:10:00:45 -0500] "GET /sipse/css/imagen/loginimg.png HTTP/1.1" 200 71635
201.245.192.253 - - [12/Sep/2023:10:00:45 -0500] "GET /sipse/faces/javax.faces.resource/images/ui-icons_898989_256x240.png?ln=primefaces-aristo HTTP/1.1" 304 -
201.245.192.253 - - [12/Sep/2023:10:00:45 -0500] "GET /sipse/css/imagen/logoSDG.png HTTP/1.1" 200 53064
216.244.66.195 - - [12/Sep/2023:10:00:52 -0500] "GET /BLA/resoluciones/AUTOS%202021/0529.pdf HTTP/1.1" 200 816298
201.245.192.253 - - [12/Sep/2023:10:00:52 -0500] "POST /sipse/faces/autenticacion.xhtml HTTP/1.1" 200 11371
201.245.192.253 - - [12/Sep/2023:10:00:52 -0500] "GET /sipse/css/custom_css_sg_prime.css HTTP/1.1" 200 5201
201.245.192.253 - - [12/Sep/2023:10:00:52 -0500] "GET /sipse/faces/javax.faces.resource/primefaces.css?ln=primefaces&v=4.0 HTTP/1.1" 304 -
201.245.192.253 - - [12/Sep/2023:10:00:52 -0500] "GET /sipse/faces/javax.faces.resource/jquery/jquery.js?ln=primefaces&v=4.0 HTTP/1.1" 304 -
201.245.192.253 - - [12/Sep/2023:10:00:52 -0500] "GET /sipse/faces/javax.faces.resource/theme.css?ln=primefaces-sipse HTTP/1.1" 304 -
201.245.192.253 - - [12/Sep/2023:10:00:52 -0500] "GET /sipse/faces/javax.faces.resource/layout/layout.css?ln=primefaces&v=4.0 HTTP/1.1" 304 -
201.245.192.253 - - [12/Sep/2023:10:00:52 -0500] "GET /sipse/faces/javax.faces.resource/jquery/jquery-plugins.js?ln=primefaces&v=4.0 HTTP/1.1" 304 -
201.245.192.253 - - [12/Sep/2023:10:00:52 -0500] "GET /sipse/faces/javax.faces.resource/primefaces.js?ln=primefaces&v=4.0 HTTP/1.1" 304 -
201.245.192.253 - - [12/Sep/2023:10:00:52 -0500] "GET /sipse/faces/javax.faces.resource/layout/layout.js?ln=primefaces&v=4.0 HTTP/1.1" 304 -
201.245.192.253 - - [12/Sep/2023:10:00:52 -0500] "GET /sipse/faces/javax.faces.resource/messages/messages.png?ln=primefaces&v=4.0 HTTP/1.1" 304 -
201.245.192.253 - - [12/Sep/2023:10:00:54 -0500] "POST /sipse/faces/presentacion/sistema/seguridad/seleccionRol.xhtml HTTP/1.1" 200 5801
201.245.192.253 - - [12/Sep/2023:10:00:55 -0500] "POST /sipse/faces/presentacion/sistema/seguridad/seleccionRol.xhtml HTTP/1.1" 200 16344
201.245.192.253 - - [12/Sep/2023:10:00:55 -0500] "GET /sipse/faces/javax.faces.resource/layout/layout.css?ln=primefaces&v=4.0 HTTP/1.1" 304 -
201.245.192.253 - - [12/Sep/2023:10:00:55 -0500] "GET /sipse/faces/javax.faces.resource/theme.css?ln=primefaces-sipse HTTP/1.1" 304 -
201.245.192.253 - - [12/Sep/2023:10:00:55 -0500] "GET /sipse/faces/javax.faces.resource/primefaces.css?ln=primefaces&v=4.0 HTTP/1.1" 304 -
201.245.192.253 - - [12/Sep/2023:10:00:55 -0500] "GET /sipse/js/jquery.min.js HTTP/1.1" 200 85582
201.245.192.253 - - [12/Sep/2023:10:00:55 -0500] "GET /sipse/faces/javax.faces.resource/jquery/jquery.js?ln=primefaces&v=4.0 HTTP/1.1" 304 -
201.245.192.253 - - [12/Sep/2023:10:00:55 -0500] "GET /sipse/faces/javax.faces.resource/jquery/jquery-plugins.js?ln=primefaces&v=4.0 HTTP/1.1" 304 -
201.245.192.253 - - [12/Sep/2023:10:00:55 -0500] "GET /sipse/faces/javax.faces.resource/primefaces.js?ln=primefaces&v=4.0 HTTP/1.1" 304 -
201.245.192.253 - - [12/Sep/2023:10:00:55 -0500] "GET /sipse/faces/javax.faces.resource/layout/layout.js?ln=primefaces&v=4.0 HTTP/1.1" 304 -
201.245.192.253 - - [12/Sep/2023:10:00:55 -0500] "GET /sipse/css/v_mergente.css HTTP/1.1" 200 1505
201.245.192.253 - - [12/Sep/2023:10:00:55 -0500] "GET /sipse/css/imagen/contrasena.png HTTP/1.1" 404 383
201.245.192.253 - - [12/Sep/2023:10:00:55 -0500] "GET /sipse/imagenes/cargando.gif HTTP/1.1" 200 36959
201.245.192.253 - - [12/Sep/2023:10:00:55 -0500] "GET /sipse/imagenes/logoAplicacion.jpg HTTP/1.1" 200 155084
201.245.192.253 - - [12/Sep/2023:10:00:57 -0500] "GET /sipse/faces/javax.faces.resource/images/ui-bg_flat_0_2d5972_40x100.png?ln=primefaces-aristo HTTP/1.1" 304 -
201.245.192.253 - - [12/Sep/2023:10:00:57 -0500] "POST /sipse/faces/bienvenido.xhtml HTTP/1.1" 200 1473
201.245.192.253 - - [12/Sep/2023:10:00:58 -0500] "POST /sipse/faces/bienvenido.xhtml HTTP/1.1" 200 38387
201.245.192.253 - - [12/Sep/2023:10:00:58 -0500] "GET /sipse/faces/javax.faces.resource/theme.css?ln=primefaces-sipse HTTP/1.1" 304 -
201.245.192.253 - - [12/Sep/2023:10:00:58 -0500] "GET /sipse/faces/javax.faces.resource/layout/layout.css?ln=primefaces&v=4.0 HTTP/1.1" 304 -
201.245.192.253 - - [12/Sep/2023:10:00:58 -0500] "GET /sipse/faces/javax.faces.resource/primefaces.css?ln=primefaces&v=4.0 HTTP/1.1" 304 -
201.245.192.253 - - [12/Sep/2023:10:00:58 -0500] "GET /sipse/faces/javax.faces.resource/jquery/jquery.js?ln=primefaces&v=4.0 HTTP/1.1" 304 -
201.245.192.253 - - [12/Sep/2023:10:00:58 -0500] "GET /sipse/faces/javax.faces.resource/jquery/jquery-plugins.js?ln=primefaces&v=4.0 HTTP/1.1" 304 -
201.245.192.253 - - [12/Sep/2023:10:00:58 -0500] "GET /sipse/faces/javax.faces.resource/primefaces.js?ln=primefaces&v=4.0 HTTP/1.1" 304 -
201.245.192.253 - - [12/Sep/2023:10:00:58 -0500] "GET /sipse/faces/javax.faces.resource/layout/layout.js?ln=primefaces&v=4.0 HTTP/1.1" 304 -
216.244.66.195 - - [12/Sep/2023:10:01:03 -0500] "GET /BLA/resoluciones/AUTOS%202021/0539.pdf HTTP/1.1" 200 353459
216.244.66.195 - - [12/Sep/2023:10:01:12 -0500] "GET /BLA/resoluciones/AUTOS%202021/0821.pdf HTTP/1.1" 200 796677
201.245.192.253 - - [12/Sep/2023:10:01:17 -0500] "POST /sipse/faces/presentacion/financiero/solicitudProceso/consultar.xhtml HTTP/1.1" 200 12727
201.245.192.253 - - [12/Sep/2023:10:01:18 -0500] "POST /sipse/faces/presentacion/financiero/solicitudProceso/consultar.xhtml HTTP/1.1" 200 122759
201.245.192.253 - - [12/Sep/2023:10:01:19 -0500] "GET /sipse/faces/javax.faces.resource/theme.css?ln=primefaces-sipse HTTP/1.1" 304 -
201.245.192.253 - - [12/Sep/2023:10:01:19 -0500] "GET /sipse/faces/javax.faces.resource/primefaces.css?ln=primefaces&v=4.0 HTTP/1.1" 304 -
201.245.192.253 - - [12/Sep/2023:10:01:19 -0500] "GET /sipse/faces/javax.faces.resource/layout/layout.css?ln=primefaces&v=4.0 HTTP/1.1" 304 -
201.245.192.253 - - [12/Sep/2023:10:01:19 -0500] "GET /sipse/faces/javax.faces.resource/jquery/jquery.js?ln=primefaces&v=4.0 HTTP/1.1" 304 -
201.245.192.253 - - [12/Sep/2023:10:01:19 -0500] "GET /sipse/faces/javax.faces.resource/jquery/jquery-plugins.js?ln=primefaces&v=4.0 HTTP/1.1" 304 -
201.245.192.253 - - [12/Sep/2023:10:01:19 -0500] "GET /sipse/faces/javax.faces.resource/primefaces.js?ln=primefaces&v=4.0 HTTP/1.1" 304 -
201.245.192.253 - - [12/Sep/2023:10:01:19 -0500] "GET /sipse/faces/javax.faces.resource/layout/layout.js?ln=primefaces&v=4.0 HTTP/1.1" 304 -
201.245.192.253 - - [12/Sep/2023:10:01:20 -0500] "POST /forms/lservlet;jsessionid=ac16012b30d6ec48b32ae6c641d48f3ac42886169fa3.e3iSbxaKaheRe34Rch0Ra3mLchv0n6jAmljGr5XDqQLvpAe HTTP/1.1" 200 2
216.244.66.195 - - [12/Sep/2023:10:01:21 -0500] "GET /BLA/resoluciones/AUTOS%202021/1218.pdf HTTP/1.1" 200 516372
201.245.192.253 - - [12/Sep/2023:10:01:22 -0500] "POST /sipse/faces/presentacion/financiero/solicitudProceso/consultarSolicitudProceso.xhtml HTTP/1.1" 200 370057
216.244.66.195 - - [12/Sep/2023:10:01:29 -0500] "GET /BLA/resoluciones/AUTOS%202021/1716.pdf HTTP/1.1" 200 415933
201.245.192.253 - - [12/Sep/2023:10:01:29 -0500] "POST /sipse/faces/presentacion/financiero/solicitudProceso/listarSolicitudProceso.xhtml HTTP/1.1" 200 28187
201.245.192.253 - - [12/Sep/2023:10:01:30 -0500] "POST /sipse/faces/presentacion/financiero/solicitudProceso/listarSolicitudProceso.xhtml HTTP/1.1" 200 28187
201.245.192.253 - - [12/Sep/2023:10:01:30 -0500] "POST /sipse/faces/presentacion/financiero/solicitudProceso/listarSolicitudProceso.xhtml HTTP/1.1" 200 28187
201.245.192.253 - - [12/Sep/2023:10:01:30 -0500] "POST /sipse/faces/presentacion/financiero/solicitudProceso/listarSolicitudProceso.xhtml HTTP/1.1" 200 28187
201.245.192.253 - - [12/Sep/2023:10:01:30 -0500] "POST /sipse/faces/presentacion/financiero/solicitudProceso/listarSolicitudProceso.xhtml HTTP/1.1" 200 1404
201.245.192.253 - - [12/Sep/2023:10:01:30 -0500] "POST /sipse/faces/presentacion/financiero/solicitudProceso/listarSolicitudProceso.xhtml HTTP/1.1" 200 1392
201.245.192.253 - - [12/Sep/2023:10:01:30 -0500] "POST /sipse/faces/presentacion/financiero/solicitudProceso/listarSolicitudProceso.xhtml HTTP/1.1" 200 1408
201.245.192.253 - - [12/Sep/2023:10:01:30 -0500] "POST /sipse/faces/presentacion/financiero/solicitudProceso/listarSolicitudProceso.xhtml HTTP/1.1" 200 1404
216.244.66.195 - - [12/Sep/2023:10:01:36 -0500] "GET /BLA/resoluciones/AUTOS%202021/1726.pdf HTTP/1.1" 200 1261493
216.244.66.195 - - [12/Sep/2023:10:01:45 -0500] "GET /BLA/resoluciones/AUTOS%202021/1907.pdf HTTP/1.1" 200 349970
201.245.192.253 - - [12/Sep/2023:10:01:50 -0500] "POST /sipse/faces/presentacion/financiero/solicitudProceso/listarSolicitudProceso.xhtml HTTP/1.1" 200 25229
201.245.192.253 - - [12/Sep/2023:10:01:50 -0500] "POST /sipse/faces/presentacion/financiero/solicitudProceso/listarSolicitudProceso.xhtml HTTP/1.1" 200 25229
201.245.192.253 - - [12/Sep/2023:10:01:50 -0500] "POST /sipse/faces/presentacion/financiero/solicitudProceso/listarSolicitudProceso.xhtml HTTP/1.1" 200 25229
201.245.192.253 - - [12/Sep/2023:10:01:50 -0500] "POST /sipse/faces/presentacion/financiero/solicitudProceso/listarSolicitudProceso.xhtml HTTP/1.1" 200 25229
201.245.192.253 - - [12/Sep/2023:10:01:51 -0500] "POST /sipse/faces/presentacion/financiero/solicitudProceso/listarSolicitudProceso.xhtml HTTP/1.1" 200 1376
201.245.192.253 - - [12/Sep/2023:10:01:51 -0500] "POST /sipse/faces/presentacion/financiero/solicitudProceso/listarSolicitudProceso.xhtml HTTP/1.1" 200 1388
201.245.192.253 - - [12/Sep/2023:10:01:51 -0500] "POST /sipse/faces/presentacion/financiero/solicitudProceso/listarSolicitudProceso.xhtml HTTP/1.1" 200 1392
201.245.192.253 - - [12/Sep/2023:10:01:51 -0500] "POST /sipse/faces/presentacion/financiero/solicitudProceso/listarSolicitudProceso.xhtml HTTP/1.1" 200 1388
216.244.66.195 - - [12/Sep/2023:10:01:52 -0500] "GET /BLA/resoluciones/AUTOS%202021/2148.pdf HTTP/1.1" 200 365967
201.245.192.253 - - [12/Sep/2023:10:01:53 -0500] "POST /sipse/faces/presentacion/financiero/solicitudProceso/listarSolicitudProceso.xhtml HTTP/1.1" 200 25229
201.245.192.253 - - [12/Sep/2023:10:01:53 -0500] "POST /sipse/faces/presentacion/financiero/solicitudProceso/listarSolicitudProceso.xhtml HTTP/1.1" 200 25229
201.245.192.253 - - [12/Sep/2023:10:01:53 -0500] "POST /sipse/faces/presentacion/financiero/solicitudProceso/listarSolicitudProceso.xhtml HTTP/1.1" 200 25229
201.245.192.253 - - [12/Sep/2023:10:01:53 -0500] "POST /sipse/faces/presentacion/financiero/solicitudProceso/listarSolicitudProceso.xhtml HTTP/1.1" 200 25229
201.245.192.253 - - [12/Sep/2023:10:01:53 -0500] "POST /sipse/faces/presentacion/financiero/solicitudProceso/listarSolicitudProceso.xhtml HTTP/1.1" 200 1376
201.245.192.253 - - [12/Sep/2023:10:01:53 -0500] "POST /sipse/faces/presentacion/financiero/solicitudProceso/listarSolicitudProceso.xhtml HTTP/1.1" 200 1388
201.245.192.253 - - [12/Sep/2023:10:01:53 -0500] "POST /sipse/faces/presentacion/financiero/solicitudProceso/listarSolicitudProceso.xhtml HTTP/1.1" 200 1392
201.245.192.253 - - [12/Sep/2023:10:01:54 -0500] "POST /sipse/faces/presentacion/financiero/solicitudProceso/listarSolicitudProceso.xhtml HTTP/1.1" 200 1388
216.244.66.195 - - [12/Sep/2023:10:01:59 -0500] "GET /BLA/resoluciones/AUTOS%202021/2170.pdf HTTP/1.1" 200 573055
216.244.66.195 - - [12/Sep/2023:10:02:04 -0500] "GET /BLA/resoluciones/AUTOS%202021/3286.pdf HTTP/1.1" 200 664705
201.245.192.253 - - [12/Sep/2023:10:02:06 -0500] "POST /forms/lservlet;jsessionid=ac16012b30d67c93eb41c0fe4863bf03b6c32dc73e16.e3iSbxaKaheRe34Rch0Ra3mLchv0n6jAmljGr5XDqQLvpAe HTTP/1.1" 200 2
216.244.66.195 - - [12/Sep/2023:10:02:09 -0500] "GET /BLA/resoluciones/AUTOS%202021/3829.pdf HTTP/1.1" 200 343824
216.244.66.195 - - [12/Sep/2023:10:02:13 -0500] "GET /BLA/resoluciones/AUTOS%202021/4550.pdf HTTP/1.1" 200 364968
172.22.2.4 - - [12/Sep/2023:10:02:33 -0500] "GET /BLA/boletinlegal/style.css HTTP/1.1" 200 9406
172.22.2.4 - - [12/Sep/2023:10:02:33 -0500] "GET /BLA/boletinlegal/styles2.css HTTP/1.1" 200 1838
172.22.2.4 - - [12/Sep/2023:10:02:33 -0500] "GET /BLA/boletinlegal/js/jquery.js HTTP/1.1" 200 57254
172.22.2.4 - - [12/Sep/2023:10:02:33 -0500] "GET /BLA/boletinlegal/js/jquery.scrollShow.js HTTP/1.1" 200 4586
172.22.2.4 - - [12/Sep/2023:10:02:33 -0500] "GET /BLA/boletinlegal/js/jquery.scrollTo-min.js HTTP/1.1" 200 1150
172.22.2.4 - - [12/Sep/2023:10:02:33 -0500] "GET /BLA/boletinlegal/images/cabezote%20BLEGAL.jpg HTTP/1.1" 200 118164
172.22.2.4 - - [12/Sep/2023:10:02:33 -0500] "GET /BLA/boletinlegal/images/subscribe-icon-big.png HTTP/1.1" 200 47702
172.22.2.4 - - [12/Sep/2023:10:02:33 -0500] "GET /BLA/boletinlegal/images/historia.png HTTP/1.1" 200 52775
172.22.2.4 - - [12/Sep/2023:10:02:33 -0500] "GET /BLA/boletinlegal/images/registro-usuarios.png HTTP/1.1" 200 8106
172.22.2.4 - - [12/Sep/2023:10:02:33 -0500] "GET /BLA/boletinlegal/images/arr_l.jpg HTTP/1.1" 200 1979
172.22.2.4 - - [12/Sep/2023:10:02:33 -0500] "GET /BLA/boletinlegal/images/screen_1.png HTTP/1.1" 200 202547
172.22.2.4 - - [12/Sep/2023:10:02:33 -0500] "GET /BLA/boletinlegal/images/launch.jpg HTTP/1.1" 200 14577
172.22.2.4 - - [12/Sep/2023:10:02:33 -0500] "GET /BLA/boletinlegal/images/body_bg.jpg HTTP/1.1" 200 1601
172.22.2.4 - - [12/Sep/2023:10:02:33 -0500] "GET /BLA/boletinlegal/images/menu_lft.gif HTTP/1.1" 200 1713
172.22.2.4 - - [12/Sep/2023:10:02:33 -0500] "GET /BLA/boletinlegal/images/menu_rght.gif HTTP/1.1" 200 1627
172.22.2.4 - - [12/Sep/2023:10:02:33 -0500] "GET /BLA/boletinlegal/images/hover.jpg HTTP/1.1" 200 640
172.22.2.4 - - [12/Sep/2023:10:02:33 -0500] "GET /BLA/boletinlegal/images/menu_bg.jpg HTTP/1.1" 200 620
172.22.2.4 - - [12/Sep/2023:10:02:33 -0500] "GET /BLA/boletinlegal/images/bg_top.jpg HTTP/1.1" 200 522
172.22.2.4 - - [12/Sep/2023:10:02:33 -0500] "GET /BLA/boletinlegal/images/text.jpg HTTP/1.1" 200 568
216.244.66.195 - - [12/Sep/2023:10:02:40 -0500] "GET /BLA/resoluciones/AUTOS%202021/5293.pdf HTTP/1.1" 200 401036
172.22.2.4 - - [12/Sep/2023:10:02:40 -0500] "GET /BLA/boletinlegal/actos.php HTTP/1.1" 200 9682
172.22.2.4 - - [12/Sep/2023:10:02:40 -0500] "GET /BLA/boletinlegal/js/ajax_actos.js HTTP/1.1" 200 1322
172.22.2.4 - - [12/Sep/2023:10:02:40 -0500] "GET /BLA/boletinlegal/niceforms-default.css HTTP/1.1" 200 6694
172.22.2.4 - - [12/Sep/2023:10:02:40 -0500] "GET /BLA/boletinlegal/niceforms.js HTTP/1.1" 200 22876
172.22.2.4 - - [12/Sep/2023:10:02:40 -0500] "GET /BLA/boletinlegal/js/lib.js HTTP/1.1" 200 6474
172.22.2.4 - - [12/Sep/2023:10:02:40 -0500] "GET /BLA/boletinlegal/js/popup.js HTTP/1.1" 200 1270
172.22.2.4 - - [12/Sep/2023:10:02:40 -0500] "GET /BLA/boletinlegal/js/jquery1.js HTTP/1.1" 200 29846
172.22.2.4 - - [12/Sep/2023:10:02:40 -0500] "GET /BLA/boletinlegal/images/green-yellow-blue-pink-th.png HTTP/1.1" 200 7394
172.22.2.4 - - [12/Sep/2023:10:02:40 -0500] "GET /BLA/boletinlegal/images/tel.png HTTP/1.1" 200 14477
172.22.2.4 - - [12/Sep/2023:10:02:40 -0500] "GET /BLA/boletinlegal/images/icono-email.png HTTP/1.1" 200 5544
172.22.2.4 - - [12/Sep/2023:10:02:40 -0500] "GET /BLA/boletinlegal/images/footer_bg.jpg HTTP/1.1" 200 586
172.22.2.4 - - [12/Sep/2023:10:02:40 -0500] "GET /BLA/boletinlegal/images/footer_bg_l.jpg HTTP/1.1" 200 776
172.22.2.4 - - [12/Sep/2023:10:02:41 -0500] "GET /BLA/boletinlegal/img/0.png HTTP/1.1" 200 110
172.22.2.4 - - [12/Sep/2023:10:02:41 -0500] "GET /BLA/boletinlegal/img/button-left.png HTTP/1.1" 200 57071
172.22.2.4 - - [12/Sep/2023:10:02:41 -0500] "GET /BLA/boletinlegal/img/select-right.png HTTP/1.1" 200 44019
172.22.2.4 - - [12/Sep/2023:10:02:41 -0500] "GET /BLA/boletinlegal/img/button-right.png HTTP/1.1" 200 57878
172.22.2.4 - - [12/Sep/2023:10:02:41 -0500] "GET /BLA/boletinlegal/img/select-left.png HTTP/1.1" 200 263
172.22.2.4 - - [12/Sep/2023:10:02:41 -0500] "GET /BLA/boletinlegal/img/button.png HTTP/1.1" 200 43241
172.22.2.4 - - [12/Sep/2023:10:02:41 -0500] "GET /BLA/boletinlegal/favicon.ico HTTP/1.1" 404 1326
172.22.2.4 - - [12/Sep/2023:10:02:41 -0500] "GET /BLA/boletinlegal/images/screen_3.png HTTP/1.1" 200 210620
172.22.2.4 - - [12/Sep/2023:10:02:41 -0500] "GET /BLA/boletinlegal/images/screen_5.png HTTP/1.1" 200 368876
172.22.2.4 - - [12/Sep/2023:10:02:41 -0500] "GET /BLA/boletinlegal/images/arr_r.jpg HTTP/1.1" 200 1998
172.22.2.4 - - [12/Sep/2023:10:02:41 -0500] "GET /BLA/boletinlegal/images/screen_2.png HTTP/1.1" 200 362502
186.155.12.203 - - [12/Sep/2023:10:02:42 -0500] "GET /BLA/resoluciones/ HTTP/1.1" 200 13696
186.155.12.203 - - [12/Sep/2023:10:02:43 -0500] "GET /BLA/resoluciones/dlf/folder.png HTTP/1.1" 200 410
186.155.12.203 - - [12/Sep/2023:10:02:43 -0500] "GET /BLA/resoluciones/dlf/styles.css HTTP/1.1" 200 3049
186.155.12.203 - - [12/Sep/2023:10:02:43 -0500] "GET /BLA/resoluciones/dlf/bg.gif HTTP/1.1" 200 54
186.155.12.203 - - [12/Sep/2023:10:02:43 -0500] "GET /favicon.ico HTTP/1.1" 200 7782
186.155.12.203 - - [12/Sep/2023:10:02:46 -0500] "GET /BLA/resoluciones/dlf/dirup.png HTTP/1.1" 200 644
186.155.12.203 - - [12/Sep/2023:10:02:46 -0500] "GET /BLA/resoluciones/dlf/pdf.gif HTTP/1.1" 200 272
186.155.12.203 - - [12/Sep/2023:10:02:46 -0500] "GET /BLA/resoluciones/index.php?dir=RESOLUCIONES+2022%2F HTTP/1.1" 200 319436
186.155.12.203 - - [12/Sep/2023:10:02:47 -0500] "GET /BLA/resoluciones/dlf/archive.png HTTP/1.1" 200 632
172.22.2.4 - - [12/Sep/2023:10:02:51 -0500] "GET /BLA/boletinlegal/images/pdf.gif HTTP/1.1" 200 567
216.244.66.195 - - [12/Sep/2023:10:03:02 -0500] "GET /BLA/resoluciones/AUTOS%202022/0275.pdf HTTP/1.1" 200 372979
201.245.192.253 - - [12/Sep/2023:10:03:20 -0500] "POST /forms/lservlet;jsessionid=ac16012b30d6ec48b32ae6c641d48f3ac42886169fa3.e3iSbxaKaheRe34Rch0Ra3mLchv0n6jAmljGr5XDqQLvpAe HTTP/1.1" 200 2
216.244.66.195 - - [12/Sep/2023:10:03:22 -0500] "GET /BLA/resoluciones/AUTOS%202022/1116.pdf HTTP/1.1" 200 973394
201.245.192.253 - - [12/Sep/2023:10:03:30 -0500] "POST /kwsrmcab/Wsrmcab  HTTP/1.1" 200 42865
181.143.77.114 - - [12/Sep/2023:10:03:50 -0500] "GET /inscribete-y-participa-en-la-convencion-internacional-de-emergencia-climatica-bogota-2023.html HTTP/1.1" 200 895
201.245.192.253 - - [12/Sep/2023:10:04:06 -0500] "POST /forms/lservlet;jsessionid=ac16012b30d67c93eb41c0fe4863bf03b6c32dc73e16.e3iSbxaKaheRe34Rch0Ra3mLchv0n6jAmljGr5XDqQLvpAe HTTP/1.1" 200 2
172.22.2.4 - - [12/Sep/2023:10:02:33 -0500] "GET /BLA/boletinlegal/ HTTP/1.1" 200 49296
172.22.2.4 - - [12/Sep/2023:10:02:34 -0500] "HEAD /BLA/boletinlegal/ HTTP/1.1" 200 -
216.245.221.92 - - [12/Sep/2023:10:04:34 -0500] "HEAD / HTTP/1.1" 200 -
186.155.18.70 - - [12/Sep/2023:10:04:59 -0500] "GET /kwssiamovil/sm/ldap/au?x=U2FsdGVkX19P61J/VEBqn89Zj/J4e4/CBwUIu9Z+fZEvHVcbKQZ+991QIrcSLlcw&y=U2FsdGVkX1+K0PTYyrwaGpsEpiWHRWdOPFsryR6/shU= HTTP/1.1" 200 30
186.155.18.70 - - [12/Sep/2023:10:04:59 -0500] "GET /kwssiamovil/sm/acme/s?s=U2FsdGVkX1/hkiHAnvytJ29Z7+huwg2Wk7PJFvYUkzS3dNfgrQA2Y5kWBWE6Lb/lmN1q4cJn6DM6pHlL9WOL/ZBv7pwLFjESgYJ4wE7wmgs=&u=U2FsdGVkX18DYEzOSGHzhYn9JynZyzIJ/be8GYuLUOI=&y=U2FsdGVkX1+K0PTYyrwaGpsEpiWHRWdOPFsryR6/shU= HTTP/1.1" 200 97
186.155.18.70 - - [12/Sep/2023:10:04:59 -0500] "GET /kwssiamovil/sm/acme/s?s=U2FsdGVkX18I384pDPwUEyCKz4+YxSN0UeiRpGxINAEzS1j0f6dBsZJd/5mT1RCP3Jev5y59yjXrP8k+lsM3NJQIuB8s2viBFj5fAaPdXQjlAwn1IXGYfmlukhh6XJ1hMGDup3+TJzOqwQZkWsgYCpMHBSHuEP4kN1jcyaNR69zrUMBritRUFEHo3tMTITzv2qRF2XCJz2763ktY0sTSqDr2gujql4t7d/g5TBO/6bA7E/tPWT/IRCfm7c2bROAecPaUnlqs2l864seROf/9/tMqJ7QcYyp0n47kQmXIZF7CURjg6zZ92Xy7NSCx0S/axm7d+vofeeeuaILKjbVKIvuRO1yaOHjooDWpFTVqUYOTsmgzphtOhGoV1IemPotQCgv+nYM1rnF8r8JyCx0fW9+XY0PeI8/+42BjOAPLiZzu6nhn4+S7G6G1Hn9fEhe7jx83mH4dici9Fj7jGELz6CvRi6biYBgCf4AfYsTWGclPDGS49WdL4CTEbrTUWVW6HxcutFMzpCiiwdC3UBNJLqxQjjZTTiOTcAaP2gVDApNLQgNlWjVmRns6R6s95yM4zlNFmRSkDRW8tVukg7qU36Mm9lE2j08vT+w10B1QV9uKnrLpEhfJsYEs9HejU6mIHM/mNeXvnpjTHHpLG9P3uRQrRiPJuxAY/pgO7WQoEePMolfp0Qcgxm3scl0pMC9IrnYc2ALIG5BFdBDI76n8EiZZtUOWESYkHQpzALvuZo3i5Rk4iaPnqAMwlHc9674Xu6k6Vx+bRTOZLh2v2ICBLaeHa3iZSWNP139IUf1rK0uzRSU8aAL54nbMHVgQwMUzSUChguBf3mhsVpBFkjxswuxABEm4DUbTkQ9vi4b0eNADnp8KmXG+tpL8Msapz/W0qSMLlgrvvY9RdKxAh4m3w22Mvkogo+k2E9V+QvT3vX9N1RA7eO6KxzT+gv4qqbLvpJFHFT5EC4f286kydLDKuAXPHh+4m0wPunmWbC+ZsmAv0XkpqQOw6PKb8ZLKHiCoe46rYKbz9O41kRPLlzhYhv62njyaT6CJgkh64dF6E0ydtI4zAMUwQrXkC6FYr9iG/rNk+tuSJCb064wxIXmZaun6EXZHruWQUKeWoMyfygGLI+nwJczZUlZ2+I0hHNJVvB2S5qg55Idldl3+UQ/vZ/sKuxitadHzRj0GyPoo3eZNMyxjzQRnqFLCTuqXAwjrke9NogAGQ/xZwZ1hYtyuewscs/kpm38lYXEMaI0JHm9MdLUX/UGKBOE6GsWLYm+Dw7bKp6OlOaI2FI+HxbOZj1mH5C7RbXCN4PFra6VFks3AHbfN7QBneRIwtHauDq8rFOi0BqHnGmsCUFgptO1jgxleUwkTTBBJoZkouZVrzKuMgMK7RU4tTP4q8wyAdmr0u79Pk9Iq5k8Kb84S26aSCwnS70zNX0CQZqEK+331pkRnGnFMuzzKqaQWWrEwcDxjlO0WUXPB5aGIjyjbBJROrYce6B7z+6ANbMQuZEehp2jYrNbkfUdOwIO1LdYCSWaluX0KAsj+RiFJvT0QNf6165CM5NfbhmYZ7zNJqKbRXtWKt0nlAfBAhTiJ4WxmvZkA8OzToqR2eqOKPErDO2xIbZvX6hwOzmyWf+vayA2bU8tNEoaUNbgoD/Np45cl8yhUV4zTUCz6iEkocbEqwdx2NofdhlOy+le31SA/Cvh09KxNtl8uI6A3UlSe1uJDqu5IEZ65gk5IvWf/9s8VSOdx74FUgAwrrjtQaCI/kf5qx8A=&u=U2FsdGVkX18DYEzOSGHzhYn9JynZyzIJ/be8GYuLUOI=&y=U2FsdGVkX1+K0PTYyrwaGpsEpiWHRWdOPFsryR6/shU= HTTP/1.1" 200 608
186.155.18.70 - - [12/Sep/2023:10:04:59 -0500] "GET /kwssiamovil/sm/acme/s?s=U2FsdGVkX1+Fk2b0cox8tHzsdMuzRpKXhPuG4tn36xrl3PeF6tpmQXpZDzWme1/IRZhyNi/YKuuudcO4E14xbNDmXJyHBAxLuOo+af/BOiJsxxvPyy/t2sS2MG92l8fycFv6xihCddFWZdj4p323T+z/2jae+f6z+ya7yq8ysWcS8Vp/aoptU6hJUJCII9hP7TcYuVLvXTGJxntA0nFuCnY+mZYZPvXygyjJ+5oZseixcdHo3/QqXjoTX2zd5HeanKwFTvhZwzvAkUFrI7Zpq8aDO4dTEQy4CD3/X6gc8Ow9ZAhWNQrC0nNQZ24EmWYw9Qd1GCatBLvfu5qxYQtJn/6TDIjZS/70o47tQGO/H95Is7EGkp5g36uk45vU2Ejd7W3ZYsLuiTwHuL12+nrqMms7lCYOBIjjfQqUL3lUmqxxzSshtkR8E+9kVjJUzWjPfpKTLVoDxZAYeDsenGgYIgj17e6LIZ3+pYWcG/IoHBM0VY5HP2wYIOPctiuE5ziFpt46Ivm2ZzSjTEPLhE07iKiI7NCsrGVWCBXWvDg84AiaHK/OPFIuyi/MNSrASKCzL/BqvRxZV+mEF/v+Q5wA2OgCtjImDPG8XZ3gGb2XbGpJBI1CNaoM9sjqVjpyxaFsT+FV4V6eorNRrSPkWPdElfLkM/3ThJiaF0nrcXBFtv6LhRrUHEIvpKwqs94jTRf4JT7rYABdZbOSgBwQ+yoCKExjxSwHEJ9eox852jDJzxRR4J5tohP7hOWzc0zsPNm5&u=U2FsdGVkX18DYEzOSGHzhYn9JynZyzIJ/be8GYuLUOI=&y=U2FsdGVkX1+K0PTYyrwaGpsEpiWHRWdOPFsryR6/shU= HTTP/1.1" 200 208
186.155.18.70 - - [12/Sep/2023:10:04:59 -0500] "GET /kwssiamovil/sm/cjson/pre?f=1&x=U2FsdGVkX19P61J/VEBqn89Zj/J4e4/CBwUIu9Z+fZEvHVcbKQZ+991QIrcSLlcw HTTP/1.1" 200 31032
172.22.2.4 - - [12/Sep/2023:10:03:25 -0500] "GET /BLA/boletinlegal/ HTTP/1.1" 200 53766
201.245.192.253 - - [12/Sep/2023:10:05:20 -0500] "POST /forms/lservlet;jsessionid=ac16012b30d6ec48b32ae6c641d48f3ac42886169fa3.e3iSbxaKaheRe34Rch0Ra3mLchv0n6jAmljGr5XDqQLvpAe HTTP/1.1" 200 2
190.145.84.5 - - [12/Sep/2023:10:06:05 -0500] "GET /siipev/Diseno%20de%20Elementos%20de%20Mobiliario%20Urbano/Nuestros%20M%c3%b3dulos.pdf HTTP/1.1" 200 189843
190.145.84.5 - - [12/Sep/2023:10:06:05 -0500] "GET /favicon.ico HTTP/1.1" 200 7782
201.245.192.253 - - [12/Sep/2023:10:06:06 -0500] "POST /forms/lservlet;jsessionid=ac16012b30d67c93eb41c0fe4863bf03b6c32dc73e16.e3iSbxaKaheRe34Rch0Ra3mLchv0n6jAmljGr5XDqQLvpAe HTTP/1.1" 200 2
201.245.192.253 - - [12/Sep/2023:10:06:15 -0500] "GET /sipse/faces/index.xhtml HTTP/1.1" 200 677
201.245.192.253 - - [12/Sep/2023:10:06:16 -0500] "GET /sipse/faces/javax.faces.resource/theme.css?ln=primefaces-sipse HTTP/1.1" 200 50058
201.245.192.253 - - [12/Sep/2023:10:06:16 -0500] "GET /favicon.ico HTTP/1.1" 200 7782
201.245.192.253 - - [12/Sep/2023:10:06:16 -0500] "GET /sipse/faces/faces/autenticacion.xhtml HTTP/1.1" 200 12183
201.245.192.253 - - [12/Sep/2023:10:06:16 -0500] "GET /sipse/css/custom_css_sg_prime_login.css HTTP/1.1" 200 443
201.245.192.253 - - [12/Sep/2023:10:06:16 -0500] "GET /sipse/css/custom_css_sg.css HTTP/1.1" 200 9694
201.245.192.253 - - [12/Sep/2023:10:06:16 -0500] "GET /sipse/faces/javax.faces.resource/theme.css?ln=primefaces-sipse HTTP/1.1" 304 -
201.245.192.253 - - [12/Sep/2023:10:06:16 -0500] "GET /sipse/faces/javax.faces.resource/layout/layout.css?ln=primefaces&v=4.0 HTTP/1.1" 200 542
201.245.192.253 - - [12/Sep/2023:10:06:16 -0500] "GET /sipse/js/disable_browser_buttons.js HTTP/1.1" 200 3230
201.245.192.253 - - [12/Sep/2023:10:06:16 -0500] "GET /sipse/js/funciones.js HTTP/1.1" 200 12592
201.245.192.253 - - [12/Sep/2023:10:06:16 -0500] "GET /sipse/faces/javax.faces.resource/primefaces.css?ln=primefaces&v=4.0 HTTP/1.1" 200 53295
201.245.192.253 - - [12/Sep/2023:10:06:16 -0500] "GET /sipse/faces/javax.faces.resource/primefaces.js?ln=primefaces&v=4.0 HTTP/1.1" 200 276924
201.245.192.253 - - [12/Sep/2023:10:06:16 -0500] "GET /sipse/faces/javax.faces.resource/jquery/jquery.js?ln=primefaces&v=4.0 HTTP/1.1" 200 105384
201.245.192.253 - - [12/Sep/2023:10:06:16 -0500] "GET /sipse/faces/javax.faces.resource/layout/layout.js?ln=primefaces&v=4.0 HTTP/1.1" 200 87560
201.245.192.253 - - [12/Sep/2023:10:06:16 -0500] "GET /sipse/faces/javax.faces.resource/jquery/jquery-plugins.js?ln=primefaces&v=4.0 HTTP/1.1" 200 220526
201.245.192.253 - - [12/Sep/2023:10:06:19 -0500] "GET /sipse/faces/javax.faces.resource/images/ui-icons_898989_256x240.png?ln=primefaces-aristo HTTP/1.1" 200 5355
201.245.192.253 - - [12/Sep/2023:10:06:19 -0500] "GET /sipse/css/imagen/loginimg.png HTTP/1.1" 200 71635
