66.249.70.196 - - [12/Sep/2023:11:30:45 -0500] "GET /BLA/resoluciones/Autos%202008/1818.pdf HTTP/1.1" 200 144095
216.244.66.195 - - [12/Sep/2023:11:31:05 -0500] "GET /BLA/resoluciones/AUTOS%202019/0424.pdf HTTP/1.1" 200 248420
201.245.192.253 - - [12/Sep/2023:11:31:21 -0500] "POST /forms/lservlet;jsessionid=ac16012b30d6ec48b32ae6c641d48f3ac42886169fa3.e3iSbxaKaheRe34Rch0Ra3mLchv0n6jAmljGr5XDqQLvpAe HTTP/1.1" 200 2
216.244.66.195 - - [12/Sep/2023:11:31:33 -0500] "GET /BLA/resoluciones/AUTOS%202019/2181.pdf HTTP/1.1" 200 255037
172.22.2.4 - - [12/Sep/2023:11:30:04 -0500] "HEAD /BLA/boletinlegal/ HTTP/1.1" 200 -
216.244.66.195 - - [12/Sep/2023:11:31:57 -0500] "GET /BLA/resoluciones/AUTOS%202019/3060.pdf HTTP/1.1" 200 375812
201.245.192.253 - - [12/Sep/2023:11:32:07 -0500] "POST /forms/lservlet;jsessionid=ac16012b30d67c93eb41c0fe4863bf03b6c32dc73e16.e3iSbxaKaheRe34Rch0Ra3mLchv0n6jAmljGr5XDqQLvpAe HTTP/1.1" 200 2
201.245.192.253 - - [12/Sep/2023:11:32:07 -0500] "POST /forms/lservlet;jsessionid=ac16012b30d67c93eb41c0fe4863bf03b6c32dc73e16.e3iSbxaKaheRe34Rch0Ra3mLchv0n6jAmljGr5XDqQLvpAe HTTP/1.1" 200 721
201.245.192.253 - - [12/Sep/2023:11:32:07 -0500] "GET /imagenes/rt_radd.gif HTTP/1.1" 200 907
201.245.192.253 - - [12/Sep/2023:11:32:07 -0500] "GET /imagenes/rt_rdel.gif HTTP/1.1" 200 899
201.245.192.253 - - [12/Sep/2023:11:32:07 -0500] "GET /imagenes/rt_save.gif HTTP/1.1" 200 903
201.245.192.253 - - [12/Sep/2023:11:32:07 -0500] "POST /forms/lservlet;jsessionid=ac16012b30d67c93eb41c0fe4863bf03b6c32dc73e16.e3iSbxaKaheRe34Rch0Ra3mLchv0n6jAmljGr5XDqQLvpAe HTTP/1.1" 200 10
201.245.192.253 - - [12/Sep/2023:11:32:08 -0500] "POST /forms/lservlet;jsessionid=ac16012b30d67c93eb41c0fe4863bf03b6c32dc73e16.e3iSbxaKaheRe34Rch0Ra3mLchv0n6jAmljGr5XDqQLvpAe HTTP/1.1" 200 13
201.245.192.253 - - [12/Sep/2023:11:32:19 -0500] "POST /forms/lservlet;jsessionid=ac16012b30d67c93eb41c0fe4863bf03b6c32dc73e16.e3iSbxaKaheRe34Rch0Ra3mLchv0n6jAmljGr5XDqQLvpAe HTTP/1.1" 200 12
216.244.66.195 - - [12/Sep/2023:11:32:20 -0500] "GET /BLA/resoluciones/AUTOS%202019/3133.pdf HTTP/1.1" 200 279349
201.245.192.253 - - [12/Sep/2023:11:32:29 -0500] "POST /forms/lservlet;jsessionid=ac16012b30d67c93eb41c0fe4863bf03b6c32dc73e16.e3iSbxaKaheRe34Rch0Ra3mLchv0n6jAmljGr5XDqQLvpAe HTTP/1.1" 200 1248
201.245.192.253 - - [12/Sep/2023:11:32:29 -0500] "POST /forms/lservlet;jsessionid=ac16012b30d67c93eb41c0fe4863bf03b6c32dc73e16.e3iSbxaKaheRe34Rch0Ra3mLchv0n6jAmljGr5XDqQLvpAe HTTP/1.1" 200 2
172.22.2.4 - - [12/Sep/2023:11:30:55 -0500] "GET /BLA/boletinlegal/ HTTP/1.1" 200 60342
201.245.192.253 - - [12/Sep/2023:11:32:39 -0500] "POST /forms/lservlet;jsessionid=ac16012b30d67c93eb41c0fe4863bf03b6c32dc73e16.e3iSbxaKaheRe34Rch0Ra3mLchv0n6jAmljGr5XDqQLvpAe HTTP/1.1" 200 759
201.245.192.253 - - [12/Sep/2023:11:32:42 -0500] "POST /forms/lservlet;jsessionid=ac16012b30d67c93eb41c0fe4863bf03b6c32dc73e16.e3iSbxaKaheRe34Rch0Ra3mLchv0n6jAmljGr5XDqQLvpAe HTTP/1.1" 200 591
201.245.192.253 - - [12/Sep/2023:11:32:42 -0500] "POST /forms/lservlet;jsessionid=ac16012b30d67c93eb41c0fe4863bf03b6c32dc73e16.e3iSbxaKaheRe34Rch0Ra3mLchv0n6jAmljGr5XDqQLvpAe HTTP/1.1" 200 7
201.245.192.253 - - [12/Sep/2023:11:32:43 -0500] "POST /forms/lservlet;jsessionid=ac16012b30d67c93eb41c0fe4863bf03b6c32dc73e16.e3iSbxaKaheRe34Rch0Ra3mLchv0n6jAmljGr5XDqQLvpAe HTTP/1.1" 200 7
201.245.192.253 - - [12/Sep/2023:11:32:43 -0500] "POST /forms/lservlet;jsessionid=ac16012b30d67c93eb41c0fe4863bf03b6c32dc73e16.e3iSbxaKaheRe34Rch0Ra3mLchv0n6jAmljGr5XDqQLvpAe HTTP/1.1" 200 7
216.244.66.195 - - [12/Sep/2023:11:32:43 -0500] "GET /BLA/resoluciones/AUTOS%202019/3423.pdf HTTP/1.1" 200 283413
216.244.66.195 - - [12/Sep/2023:11:33:04 -0500] "GET /BLA/resoluciones/AUTOS%202019/3517.pdf HTTP/1.1" 200 349877
168.119.61.24 - - [12/Sep/2023:11:33:10 -0500] "GET / HTTP/1.1" 200 319
201.245.192.253 - - [12/Sep/2023:11:33:12 -0500] "POST /kwsrmcab/Wsrmcab  HTTP/1.1" 200 42865
201.245.192.253 - - [12/Sep/2023:11:33:21 -0500] "POST /forms/lservlet;jsessionid=ac16012b30d6ec48b32ae6c641d48f3ac42886169fa3.e3iSbxaKaheRe34Rch0Ra3mLchv0n6jAmljGr5XDqQLvpAe HTTP/1.1" 200 2
173.252.95.6 - - [12/Sep/2023:11:33:22 -0500] "GET /secretaria-de-ambiente-presenta-cartilla-con-el-protocolo-para-el-manejo-y-control-de-la-langostilla-de-rio.html HTTP/1.1" 200 857
69.63.184.120 - - [12/Sep/2023:11:33:26 -0500] "GET /distrito-inicia-pavimentacion-de-vias-para-mejorar-la-calidad-del-aire-de-bogota.html HTTP/1.1" 200 970
216.244.66.195 - - [12/Sep/2023:11:33:26 -0500] "GET /BLA/resoluciones/AUTOS%202019/3582.pdf HTTP/1.1" 200 277981
186.102.81.192 - - [12/Sep/2023:11:33:32 -0500] "GET /kwssiamovil/sm/acme/s?s=U2FsdGVkX1/0IEqxTBu4Pc6toUGC7mNEInIL9HcssfdmTrAtSGv+kOwMQu/hRxA1g9jEE9lfiDd7JQ7nbnKp7bUmQxPYBcgaeiEtQkqJw1QzxZqGqRZ4Ljz4thDSmoLiHBgpdiKYviMU1qKq6vBIUtKVD8Gzmn5lWDrU2RgqJPOGDDE37yNvGApm+3bP7pwHUIMFEnd1x3dxik99b3xcVYbEe0Chkcb/4JhJc8BtbXPN/NL5SmTBVit7sfllbpYXjs8lE5sSEHA/8qzx/hlYwdZkOWrGx5ufhZTPB4bAmJGkfejyL0QSHDLCgXkReqngDtgYGtHxeoK/F9zdAvV0RWAJrODNrdL7Xk43EnDbwwGZdgDDqaNHW5K257tCcx5G&u=U2FsdGVkX19DzlOGGNyS7Uc+Mpt8R4lNW/b0k6B/CNI=&y=U2FsdGVkX1/kuOYmhs4ubSHten3kRSEhQYlAV+Ekz9I= HTTP/1.1" 200 91
186.102.81.192 - - [12/Sep/2023:11:33:32 -0500] "GET /kwssiamovil/sm/acme/s?s=U2FsdGVkX19iBtbX146MNgb7DMGAjZN06f6rh5qpb4kT1gZAj3nwSjIHCNJ/Pu/ms28eVZcNnb5WdkpMDyMcnK/DyS3kAyJ8KJhnTjzjbi+eC+msEVuZ1g5FsObNWzlSi3lPxsRAP/XnQmeX8sLcfd9Yc8KqO50x16aau0hNmFWa+bRnyMrtxYKF+Z2wD6XotdHyqtpYN4Cb7ABJoosYjgOjgKOdYKOKfinbYkZDrmifKcadrTt0bhQZdAeZF67oBj2jZEKxxLSAzT2ahlvDjYeT21gXH2UYSLxwuwVqWj9O9o1HnQraD1hvrwmv9HUPPq/1p8llSp8Xxz3P7IuIh032XRIUeoLguYybNL0wF+RMZJ28GVscS9REvgNmMbA7UWI1wV/92GVhoRZbpZ9aOdWH+5uUze+91jGPTSdEHjWwA1HKdszy9oS+AK6OKX6KETSwPgN+aZNBNUyINmv4yw==&u=U2FsdGVkX19DzlOGGNyS7Uc+Mpt8R4lNW/b0k6B/CNI=&y=U2FsdGVkX1/kuOYmhs4ubSHten3kRSEhQYlAV+Ekz9I= HTTP/1.1" 200 91
186.102.81.192 - - [12/Sep/2023:11:33:32 -0500] "OPTIONS /kwssiamovil/sm/setfile/f? HTTP/1.1" 200 13
186.102.81.192 - - [12/Sep/2023:11:33:33 -0500] "POST /kwssiamovil/sm/setfile/f? HTTP/1.1" 200 381
186.102.81.192 - - [12/Sep/2023:11:33:37 -0500] "OPTIONS /kwssiamovil/sm/setfile/f? HTTP/1.1" 200 13
186.102.81.192 - - [12/Sep/2023:11:33:37 -0500] "POST /kwssiamovil/sm/setfile/f? HTTP/1.1" 200 381
186.102.81.192 - - [12/Sep/2023:11:33:40 -0500] "OPTIONS /kwssiamovil/sm/setfile/f? HTTP/1.1" 200 13
186.102.81.192 - - [12/Sep/2023:11:33:41 -0500] "POST /kwssiamovil/sm/setfile/f? HTTP/1.1" 200 381
186.102.81.192 - - [12/Sep/2023:11:33:45 -0500] "OPTIONS /kwssiamovil/sm/setfile/f? HTTP/1.1" 200 13
216.244.66.195 - - [12/Sep/2023:11:33:46 -0500] "GET /BLA/resoluciones/AUTOS%202019/3655.pdf HTTP/1.1" 200 253802
186.102.81.192 - - [12/Sep/2023:11:33:45 -0500] "POST /kwssiamovil/sm/setfile/f? HTTP/1.1" 200 381
186.102.81.192 - - [12/Sep/2023:11:33:49 -0500] "OPTIONS /kwssiamovil/sm/setfile/f? HTTP/1.1" 200 13
186.102.81.192 - - [12/Sep/2023:11:33:49 -0500] "POST /kwssiamovil/sm/setfile/f? HTTP/1.1" 200 381
186.102.81.192 - - [12/Sep/2023:11:33:50 -0500] "GET /kwssiamovil/sm/acme/s?s=U2FsdGVkX18zxsJx2Ew3vseUWAvca2OSMv1hw/CWIV1dWsJ/JkWNHmU9mrycCJKOOyjk1RDN7LKOaRd+9Cb5ZkYnz7gmLFp2E4olZ8yTQBP0MLX1aAddV73UL2qCaUrfxky4JDVGVkSCXl3+/2+PquuXQARh3uXPlx2ZWlpI4QHm+JSC95ZyLZdOTb78jGKkhibq2Ah+1FoRq9buPWHJA9yMnM06oljtu8cxGQ8iT3tVoYTT3atX45oPf6IfhYsT0ENAxOy0rtztmbr1nP6AdIn192Fl3YX7Pw7c8HDATwRwdJtDtQsjaYWkrFTXxkw6P2q+KulvzOyk24YFvxAPbO2wh93Zj8qU85zztZz5hlgdSEAqHMt97VyEt8LE1W1B&u=U2FsdGVkX19DzlOGGNyS7Uc+Mpt8R4lNW/b0k6B/CNI=&y=U2FsdGVkX1/kuOYmhs4ubSHten3kRSEhQYlAV+Ekz9I= HTTP/1.1" 200 91
186.102.81.192 - - [12/Sep/2023:11:33:51 -0500] "GET /kwssiamovil/sm/acme/s?s=U2FsdGVkX1/UIqzXHw0I4s/R0A64NGanBkFGVpD0kIrPB5sxhkv7TAwqHjHLsUA9zuJgL/+PvYdJDjdE1NhQRX6xiqokeaEgeb+sF9tv3KL/BfS0/ffj6y2UfdXW6hw+v4ntL+HrUaASMXa6xAguT4Dho4/i9+t6zW6tGy1YXiiI/UOq8BX/WsvC7rgEMK3gyip0ABcGKify16BgdEEq1K40snoobmtCHph+d5lJqLFuOS1MivCcm8oiNKbHuBDSd+YZ6vZL/mFVNSjCdLXoT9EQ08F1QWLC+9gYX8aO7tFAs/nvnbb4bqTKWfaSVwazZGEQnwjPUg/d5etgVV6JCazvqotB2X6dHTQGCzrbGuDuKULTgJuUfGhyiZZ5OJsDjIERfQsEbc+Yuj0vOWDjA0yP0BrXfsrZMejelcOoZzcH84ExIIDDGO+8XxQfvRbq2P2V9PjVrHSQUu0G4W6NEA==&u=U2FsdGVkX19DzlOGGNyS7Uc+Mpt8R4lNW/b0k6B/CNI=&y=U2FsdGVkX1/kuOYmhs4ubSHten3kRSEhQYlAV+Ekz9I= HTTP/1.1" 200 91
186.102.81.192 - - [12/Sep/2023:11:33:58 -0500] "GET /kwssiamovil/sm/acme/a?s=U2FsdGVkX18U/chdEnncRduuDR7Q8Tz87X6v4MqAKdMUknVPHm1z09YiriRbUOJtBAc+r52ElfUjQdFTzaa/LvyN5ahMKg47SkSpSFSQw6GsMsElpA6jiDv2FZ+vFtF/KNbjEvlt92gwrp+ZVSzE9wEo0TfeWFJo/EnI3OYWO2NEzHt8W6i5Ah+ZGI26JPL1t2dN8b3SwqWgQG2tUmuJx2EVpWCyCY8uF2Se6xanOzZZ5EZSSph29h4i6PH/+8j9HAsU+CI/udcbMGda/qOuwA==&u=U2FsdGVkX19DzlOGGNyS7Uc+Mpt8R4lNW/b0k6B/CNI=&y=U2FsdGVkX1/kuOYmhs4ubSHten3kRSEhQYlAV+Ekz9I= HTTP/1.1" 200 26
186.102.81.192 - - [12/Sep/2023:11:33:58 -0500] "GET /kwssiamovil/sm/acme/u?s=U2FsdGVkX1+PiKMLwEF/GEAQR9c2/CV8+Gbli3McxhEJwRpe3sYEbghpmGRoy1Q0ikuoXry8PntY7APNp8bo4NNlosZCC/cKMh/yW5wxfHrzGqJ4s1tH9A6F/RF0AfpNte4PX7VTYHs1PR5WClaqkw==&u=U2FsdGVkX19DzlOGGNyS7Uc+Mpt8R4lNW/b0k6B/CNI=&y=U2FsdGVkX1/kuOYmhs4ubSHten3kRSEhQYlAV+Ekz9I= HTTP/1.1" 200 60
186.102.81.192 - - [12/Sep/2023:11:33:58 -0500] "GET /kwssiamovil/sm/acme/a?s=U2FsdGVkX183p26onoAbVHwi1snsxZxXpmMdY/yimBCyn8sl8QJVTH4ZDUepuXq3xk3udAAaYoFM5WmchC3LvviOgPo8IuMMFMwJOqmGrHutAjGBpbIxmdxdCY2BLFfht4eqfFW8+lMZUxfb3aC3sncRA5raLxr0ja1CEpP08K68QFqud7VWgUz/WVzbgH11FcE4mW00c+IN/zP5pK7FPEfDY7K9GC/UnBAaV+zxexP71i1bNe7mmyYrmH1gRXbj&u=U2FsdGVkX19DzlOGGNyS7Uc+Mpt8R4lNW/b0k6B/CNI=&y=U2FsdGVkX1/kuOYmhs4ubSHten3kRSEhQYlAV+Ekz9I= HTTP/1.1" 200 25
186.102.81.192 - - [12/Sep/2023:11:33:58 -0500] "GET /kwssiamovil/sm/acme/a?s=U2FsdGVkX1+Eq3YTBuZSAjztmD7qyJAk6a4+FjCqM2F2prDjkHv25DYhkj1dHhahTazRzQNIo2fnrbES7vd0RZmLu8co+9hz5VGnPzctTU6V9JjhSw9VgkpPqmfuQufJjPFDY30MCRlNRcej48+ufMcCUZ+EXBbXe0+s2YMf0I4hju2Xj6r8hMCpa2WFJOjQ1JJzM6wV4RKxE9DVUOBvGj4YfMVHeYPRDE6bBIxIDBc=&u=U2FsdGVkX19DzlOGGNyS7Uc+Mpt8R4lNW/b0k6B/CNI=&y=U2FsdGVkX1/kuOYmhs4ubSHten3kRSEhQYlAV+Ekz9I= HTTP/1.1" 200 25
186.102.81.192 - - [12/Sep/2023:11:33:59 -0500] "GET /kwssiamovil/sm/acme/a?s=U2FsdGVkX19VGfb6n05/b/FTbnVEktc6TC3FrJENX9ObJ6s9iyQCTliO5/hcRXqnGHT3o+JfZkV6cdvN+RnLKKEBRrTMzv+vhlR6jMCJXkL1zdKXOHORKymivn+BPN7/BlAdQdteBGvtbxgUyt7dGJLWNagwTE9rNPdyTfGKKHtnDFjiiRo5mE3uCCVCu8QpncUX7h1BColPF4yAPs/qgg==&u=U2FsdGVkX19DzlOGGNyS7Uc+Mpt8R4lNW/b0k6B/CNI=&y=U2FsdGVkX1/kuOYmhs4ubSHten3kRSEhQYlAV+Ekz9I= HTTP/1.1" 200 26
186.102.81.192 - - [12/Sep/2023:11:33:59 -0500] "GET /kwssiamovil/sm/acme/a?s=U2FsdGVkX181gbi7HZLdyTjJhgUBGYANwVwInThUTvFRnorFJUH6IOrxR5rnLrj/jabWcZK6/2ddVnXeKhqk4/T/MDRXnLJak6wMuowgYZPGaY6P2Y3yo6j1L2SImnqLO3UCqVs42p2N4lG8jLFicfq9SJ3x5SwVyFZ639obQrMP0o9fY9uvBBvnLVmu/vuDvGjmlqNk1k/mu+jb54fw/w==&u=U2FsdGVkX19DzlOGGNyS7Uc+Mpt8R4lNW/b0k6B/CNI=&y=U2FsdGVkX1/kuOYmhs4ubSHten3kRSEhQYlAV+Ekz9I= HTTP/1.1" 200 25
186.102.81.192 - - [12/Sep/2023:11:33:59 -0500] "GET /kwssiamovil/sm/acme/a?s=U2FsdGVkX1/JS/+98poBmk+y69pSvvFLCM0nae60Us+77+cbpB6aQkflwgWlaF89qZz7GUghnHZhGMGbZAC+0mX6mXDoSABuxJgCSnUXvP3DWSTA7q91sxTRQUv0xY5KC6S4MObHLYIUNt3HT9C6nLqcFIR7QzbGw2IoC1oVZxbA9Br/iJ6AERdM2YrSzUiwfLTlgRBhwrGmoEZdhjdFzw==&u=U2FsdGVkX19DzlOGGNyS7Uc+Mpt8R4lNW/b0k6B/CNI=&y=U2FsdGVkX1/kuOYmhs4ubSHten3kRSEhQYlAV+Ekz9I= HTTP/1.1" 200 26
186.102.81.192 - - [12/Sep/2023:11:33:59 -0500] "GET /kwssiamovil/sm/acme/a?s=U2FsdGVkX1/SooGn5uI+9GZBmcvQE9iIBzci4SCTqW5O8Cd8wXQ6/CUwTmXPI17OwGOx3P1OXTZyHfaL9xjNaLXH87+ih7CbndNvFsCTJxiFgcXGleOFqL09dK7bXg5m54lHnmZXKxe8fbjDasmNA/EIS/7mj4WTRqhPfJ1FFG/H0PTxaFgH3lUSjPKplv1Kxebpf/eVPF5E1nI8WZl4Z/oPl7DwTGVqwnrgrfngM+I=&u=U2FsdGVkX19DzlOGGNyS7Uc+Mpt8R4lNW/b0k6B/CNI=&y=U2FsdGVkX1/kuOYmhs4ubSHten3kRSEhQYlAV+Ekz9I= HTTP/1.1" 200 25
186.102.81.192 - - [12/Sep/2023:11:33:59 -0500] "GET /kwssiamovil/sm/acme/a?s=U2FsdGVkX18NuWQq17LYeKMXXMxt/7myddDre0fflKdZ5PXHHB8pAcuOtaGiOhRT/t/HLREzvg2enWGyPaVLL4t+oXLPOkZ0R1AWN3yV/IeWK+wdcJtdmKHqjtJOlZ6F57McKmX2MeSKPMewIMOeJiZww8A3DHbcTMWTriqzNuMCQGJADPzlUIarsipg3Ow2X7o4xxJDDqJQzp6coTPWXw==&u=U2FsdGVkX19DzlOGGNyS7Uc+Mpt8R4lNW/b0k6B/CNI=&y=U2FsdGVkX1/kuOYmhs4ubSHten3kRSEhQYlAV+Ekz9I= HTTP/1.1" 200 26
186.102.81.192 - - [12/Sep/2023:11:34:00 -0500] "GET /kwssiamovil/sm/acme/a?s=U2FsdGVkX18ZmJqTpG27k+h2zmV5D1FZXc8LA6/FPokgw9H2++s5DS0JPZdLVoXFLVO0O/IF/yRG/+S//9qgc3c1bqGeL+e7NsABXi7tnbdHKp/f5s2w9wYk8Oui+72GMSDdu14Nu0JC3o3qy1LT7wzuJS1YN1o+D7fB8nZnN80qKdFoiqBFFnUHr4sT6DW6CiyhQAAxD8beLPFhjfYVxohVWnu2pvSCpVzn+dKsrguT+knSG24l52rWMhMEuJwcOB3IT2iyc/55E5icm77hcw==&u=U2FsdGVkX19DzlOGGNyS7Uc+Mpt8R4lNW/b0k6B/CNI=&y=U2FsdGVkX1/kuOYmhs4ubSHten3kRSEhQYlAV+Ekz9I= HTTP/1.1" 200 25
186.102.81.192 - - [12/Sep/2023:11:34:00 -0500] "GET /kwssiamovil/sm/acme/a?s=U2FsdGVkX18H9Udy2jQG21W8EkJenf/44S65IoDt+zDJy+6rcuRGB1A4bK5TqD8xag+ypzFoHds+OSVDP8T7p55TpoCEcgl5fgp5cFSUEmH/pLWifVu+4Xx/kE1tPjHAJ6gCW98ahfc03vNX95/f0UC7nXWq9mcbyOfC0nRzMemCMqkrzTZ6VpyNuCoUvoXZhkcPcNxCQrfpKBSMS9G9oc6+qby0UaqtjOv0Ng2+reIzba+gBXqXsyEhH/rCOChV&u=U2FsdGVkX19DzlOGGNyS7Uc+Mpt8R4lNW/b0k6B/CNI=&y=U2FsdGVkX1/kuOYmhs4ubSHten3kRSEhQYlAV+Ekz9I= HTTP/1.1" 200 26
186.102.81.192 - - [12/Sep/2023:11:34:00 -0500] "GET /kwssiamovil/sm/acme/u?s=U2FsdGVkX1+ZeA2kT+BS5b+YjRToIwStluAI0g0tdhJXerk8Z2CIMrjE5m6I7jKLFR1BAEq+EjtPoaLlq7mfHd54ZzIBd1Nhx7ZOKVzr1AYIVL+narrSGpOxJtByjvc83kgI9WV+7dPM4+BmtL3ExhQlZGvavleRhJWpJ9yYV3EptEKzhi5Kwv+EJ/+uGE0WeLAO7gJ83I8D851nrmvbp07keRExVX1ECSK2XFLLPey+IBgV9sFxoy3qRZ23h7Zle3BaP6kPhHISAhz7BGCHVdVy0AP3U3C2U1+2TmLrjbYaQ/pRwqqb5zRafJjtaU5Sugt4Gt92bv/pNirEyuumiTIrGDR4PpCybR9nPE2thRtYnxehOSolk1eP7ZFGGsOrfuJXryPkN4CWwPYH3T7YxVuXakQhZkJ20fVB5CrsDz80+Ln/HOsaUkpj/l63ARiaCANs787E1JhQILQRxqyQQuAAfPYZvrrJQmVv97pwdKPCj/cE511yrnkmbH+2zHNeUDyMUg/BH+xub9PsqUecP0CMnDZ1o1Q7dns7GzSu5l446/eNfeI2Ep6uQWdhG0MPp9/7gJ12eDpdEN/yOqTuZ3dY9N1R4U2liNymyFwjHH6huBceQilgNXdnOLrEPqosdMufRiBeR2txC2e55OmKZtyZDody5iKWy+UC7P3GlWccS1seWs0uTwR9m+FJZNBH2gj2IhdqZcOWLhjB4PwaQqGqquLIIQWAV6vMbH22RUKAh+b9CeZclTSYWgg1fOUkqLUwLvI4PBuV+XPm3LEabJxfEqs09PUoS2pKvq9Qbd9rayot770DCYzAeo66lKxz/JLGGIEQPphgj7UpnbRzK9CnwIOGtft8ZjaQR0pmIidMQLtozvYxYptJ5F3bFgWZ0o9yDz2ihztR9T1Yqh3cmO8QysroS2de7209Ro0KH667IhZZy+k+wbc9qGBYLe38uEpCJRndTjGUBpIUlPkuH5tlnwWMzBBU270bcXQqT0IZSyWFE1pQBBDVuz1kKAWFYdMSqBeIdE+uGFy5a/AUqFCstceYPSqY/7Xhz1PLxgMlH53PkiHsuC3ypBUxq0EXKb5SFhuEC7dziEROO4E2f/Qs5JOG/DLDXec7rnM0Sq0tb9PgTZGPhFSwfnjdNIjCVUW2DHh7yuk4w1LmVy6yivW1L7l5vXVAmw49OOnzKQDHyWRINEClxJO5jeAnadQU6BRXlqz5DDxoYwvOwDGKw015MPrvcN+1PTdsj31XC5EbpCw03gevkkNZ+3tzBIB9kWqH/tGWSQzROC7+5I7KTD1w6ee+wZoFkbvXLId2cpSIBTQxpPAUrd6Dcr+dfCXRLGIsb53WY87tPkX/uqitrICuEqV+Piec+IYgzeANfvdabmpyo1BLK7RHf5j0ETN4fYvPdSFO/5UMUoxQUT2uYa/IZToSsbCsIL3aVVa2mokK/wadu2Z9zk4IGS89CTlxQdihwQwxizbGn4O66MeIdqOA9XVv2zE7L9VAm81fbBE=&u=U2FsdGVkX19DzlOGGNyS7Uc+Mpt8R4lNW/b0k6B/CNI=&y=U2FsdGVkX1/kuOYmhs4ubSHten3kRSEhQYlAV+Ekz9I= HTTP/1.1" 200 60
186.102.81.192 - - [12/Sep/2023:11:34:00 -0500] "GET /kwssiamovil/sm/acme/a?s=U2FsdGVkX19kiPGz6GKQQtKXinGSAG8+17JswCK7wuiWX6cnwUCJI8lQAqarV0eRh3woI2sRLaj+cgLc1VQ4xfiAqrYCvRMgcoAK3iLJF8pLhaecFgj4+G8UQnOxEbLg3nYi4haDzatjrS7bcXqmhX3GY4ITo+CY+2dPpZhXbE8=&u=U2FsdGVkX19DzlOGGNyS7Uc+Mpt8R4lNW/b0k6B/CNI=&y=U2FsdGVkX1/kuOYmhs4ubSHten3kRSEhQYlAV+Ekz9I= HTTP/1.1" 200 26
186.102.81.192 - - [12/Sep/2023:11:34:01 -0500] "GET /kwssiamovil/sm/acme/a?s=U2FsdGVkX19DVzbW9ZABRjreG8X/rGwr/MKdFpg7kzrLsQupnMi1IL1ycCOC3GtdPJy5c355hCon+sZNrWVOGv4IvCf4/F4EHzR2jGA5GBbZxBMWjzRhla0LnVbAOlB60zNDHWlswJKoUbM1XwppSaQzcnWpsQ3O5ZK+uXQo8wdrvf1wegVzqrvPLrwm0JDR&u=U2FsdGVkX19DzlOGGNyS7Uc+Mpt8R4lNW/b0k6B/CNI=&y=U2FsdGVkX1/kuOYmhs4ubSHten3kRSEhQYlAV+Ekz9I= HTTP/1.1" 200 25
186.102.81.192 - - [12/Sep/2023:11:34:01 -0500] "GET /kwssiamovil/sm/acme/a?s=U2FsdGVkX18XhG2dBMacnN0E4/tkYVxFA686Vze4zQtOvGMexhZL84RwlvYFp655SvyVUPGV4dgRKTu6jP9pB/0pDNufIEfYC0oAxi5gB6qDOjH7ywz0Zb0cQ7VWWp5mE+/z2PDKawALk9t1jOXFLcHB7z+SNeGRDWeu0n/giDMRUSgha0GoU1/kgxcPns0dxFN2eHvMN37KCPp9u18iwPqcqsoVpTeA5OmRNUzrZFjSYvm11pUcKHC7boYHUnl2mrsX9SXOWul6z03xUuh+IJKV+Zrp82P83s+Z2Zx2uuHAnWAauNWlMK8bhb84Lr9vdF+FJ4Vdxd0YrGu9qV7c8JU8HWyL6bjbKNnVfWgmvAyG1W0NmnXTGPtPloSS1L+KuBuTrOmq5KH3I4FZNMhyqD+hOXTRWgCUNdsHyxvMDx4neHaia0yEGS6mKNVqUHnk&u=U2FsdGVkX19DzlOGGNyS7Uc+Mpt8R4lNW/b0k6B/CNI=&y=U2FsdGVkX1/kuOYmhs4ubSHten3kRSEhQYlAV+Ekz9I= HTTP/1.1" 200 25
186.102.81.192 - - [12/Sep/2023:11:34:01 -0500] "GET /kwssiamovil/sm/acme/a?s=U2FsdGVkX1/LG0bs/VEmgALivfKWiJTlJ01Yg2Xx6Uwvt9VrSZyCJQBtS6fsPyXWXoX58lYSb9kQMmSQWqBmW0ZMd5V2jOjcbVtujew24GukzHqEWEmAZ4FCm7gJQbTgtA2e/WbS9PeLfneZnqJdaYtCBAr8sPy6YPwdhAa91y9OBf976crC0Cfr8DjGaJULNm7AdL/P7YJdQFwe9yk+tmsc06QEQtZZUpSE4vxZ5JyXyLwz8k/H2D/nX0KLuF9GUpw9QNgaPmqXteP6HQJtsoe20zqMvhEGiDlFBzVTMDW9XMFLJ6h/kxbtYtPDUjaCLVBxJoQqS3Sz6EF+7vnr07kS7+6JvNt4WFQG9AV5JYKWLLPDRdxQiaN9uMP75m0IT9Jre1gZat6LGL1PqzAIww==&u=U2FsdGVkX19DzlOGGNyS7Uc+Mpt8R4lNW/b0k6B/CNI=&y=U2FsdGVkX1/kuOYmhs4ubSHten3kRSEhQYlAV+Ekz9I= HTTP/1.1" 200 25
216.244.66.195 - - [12/Sep/2023:11:34:05 -0500] "GET /BLA/resoluciones/AUTOS%202019/3766.pdf HTTP/1.1" 200 340573
201.245.192.253 - - [12/Sep/2023:11:34:07 -0500] "POST /forms/lservlet;jsessionid=ac16012b30d67c93eb41c0fe4863bf03b6c32dc73e16.e3iSbxaKaheRe34Rch0Ra3mLchv0n6jAmljGr5XDqQLvpAe HTTP/1.1" 200 2
216.244.66.195 - - [12/Sep/2023:11:34:23 -0500] "GET /BLA/resoluciones/AUTOS%202019/4159.pdf HTTP/1.1" 200 285330
173.252.79.8 - - [12/Sep/2023:11:34:31 -0500] "GET /abierta-convocatoria-para-postular-a-organizaciones-que-desarrollan-actividades-de-voluntariado-ambiental-en-bogota.html HTTP/1.1" 200 880
216.245.221.92 - - [12/Sep/2023:11:34:34 -0500] "HEAD / HTTP/1.1" 200 -
216.244.66.195 - - [12/Sep/2023:11:34:39 -0500] "GET /BLA/resoluciones/AUTOS%202019/4208.pdf HTTP/1.1" 200 358480
216.244.66.195 - - [12/Sep/2023:11:34:54 -0500] "GET /BLA/resoluciones/AUTOS%202019/4533.pdf HTTP/1.1" 200 346242
216.244.66.195 - - [12/Sep/2023:11:35:09 -0500] "GET /BLA/resoluciones/RESOLUCIONES%202018/1092.pdf HTTP/1.1" 200 345118
201.245.192.253 - - [12/Sep/2023:11:35:21 -0500] "POST /forms/lservlet;jsessionid=ac16012b30d6ec48b32ae6c641d48f3ac42886169fa3.e3iSbxaKaheRe34Rch0Ra3mLchv0n6jAmljGr5XDqQLvpAe HTTP/1.1" 200 2
216.244.66.195 - - [12/Sep/2023:11:35:23 -0500] "GET /BLA/resoluciones/RESOLUCIONES%202018/1444.pdf HTTP/1.1" 200 276794
216.244.66.195 - - [12/Sep/2023:11:35:35 -0500] "GET /BLA/resoluciones/RESOLUCIONES%202018/1683.pdf HTTP/1.1" 200 289080
216.244.66.195 - - [12/Sep/2023:11:35:47 -0500] "GET /BLA/resoluciones/RESOLUCIONES%202018/1922.pdf HTTP/1.1" 200 265822
216.244.66.195 - - [12/Sep/2023:11:35:57 -0500] "GET /BLA/resoluciones/RESOLUCIONES%202018/2709.pdf HTTP/1.1" 200 307088
201.245.192.253 - - [12/Sep/2023:11:36:07 -0500] "POST /forms/lservlet;jsessionid=ac16012b30d67c93eb41c0fe4863bf03b6c32dc73e16.e3iSbxaKaheRe34Rch0Ra3mLchv0n6jAmljGr5XDqQLvpAe HTTP/1.1" 200 2
216.244.66.195 - - [12/Sep/2023:11:36:08 -0500] "GET /BLA/resoluciones/RESOLUCIONES%202018/2711.pdf HTTP/1.1" 200 262543
216.244.66.195 - - [12/Sep/2023:11:36:17 -0500] "GET /BLA/resoluciones/RESOLUCIONES%202018/3557.pdf HTTP/1.1" 200 307580
200.122.210.122 - - [12/Sep/2023:11:36:18 -0500] "POST /sipse/faces/presentacion/financiero/solicitudProceso/listarSolicitudProceso.xhtml HTTP/1.1" 200 41714
200.122.210.122 - - [12/Sep/2023:11:36:19 -0500] "POST /sipse/faces/presentacion/financiero/solicitudProceso/listarSolicitudProceso.xhtml HTTP/1.1" 200 41714
200.122.210.122 - - [12/Sep/2023:11:36:19 -0500] "POST /sipse/faces/presentacion/financiero/solicitudProceso/listarSolicitudProceso.xhtml HTTP/1.1" 200 41714
200.122.210.122 - - [12/Sep/2023:11:36:19 -0500] "POST /sipse/faces/presentacion/financiero/solicitudProceso/listarSolicitudProceso.xhtml HTTP/1.1" 200 41714
200.122.210.122 - - [12/Sep/2023:11:36:19 -0500] "POST /sipse/faces/presentacion/financiero/solicitudProceso/listarSolicitudProceso.xhtml HTTP/1.1" 200 41714
200.122.210.122 - - [12/Sep/2023:11:36:19 -0500] "POST /sipse/faces/presentacion/financiero/solicitudProceso/listarSolicitudProceso.xhtml HTTP/1.1" 200 41714
200.122.210.122 - - [12/Sep/2023:11:36:19 -0500] "POST /sipse/faces/presentacion/financiero/solicitudProceso/listarSolicitudProceso.xhtml HTTP/1.1" 200 41714
200.122.210.122 - - [12/Sep/2023:11:36:19 -0500] "POST /sipse/faces/presentacion/financiero/solicitudProceso/listarSolicitudProceso.xhtml HTTP/1.1" 200 41714
200.122.210.122 - - [12/Sep/2023:11:36:20 -0500] "POST /sipse/faces/presentacion/financiero/solicitudProceso/listarSolicitudProceso.xhtml HTTP/1.1" 200 1472
200.122.210.122 - - [12/Sep/2023:11:36:20 -0500] "POST /sipse/faces/presentacion/financiero/solicitudProceso/listarSolicitudProceso.xhtml HTTP/1.1" 200 1484
200.122.210.122 - - [12/Sep/2023:11:36:20 -0500] "POST /sipse/faces/presentacion/financiero/solicitudProceso/listarSolicitudProceso.xhtml HTTP/1.1" 200 1480
200.122.210.122 - - [12/Sep/2023:11:36:20 -0500] "POST /sipse/faces/presentacion/financiero/solicitudProceso/listarSolicitudProceso.xhtml HTTP/1.1" 200 1484
200.122.210.122 - - [12/Sep/2023:11:36:20 -0500] "POST /sipse/faces/presentacion/financiero/solicitudProceso/listarSolicitudProceso.xhtml HTTP/1.1" 200 1480
200.122.210.122 - - [12/Sep/2023:11:36:20 -0500] "POST /sipse/faces/presentacion/financiero/solicitudProceso/listarSolicitudProceso.xhtml HTTP/1.1" 200 1484
200.122.210.122 - - [12/Sep/2023:11:36:20 -0500] "POST /sipse/faces/presentacion/financiero/solicitudProceso/listarSolicitudProceso.xhtml HTTP/1.1" 200 1480
200.122.210.122 - - [12/Sep/2023:11:36:20 -0500] "POST /sipse/faces/presentacion/financiero/solicitudProceso/listarSolicitudProceso.xhtml HTTP/1.1" 200 1484
200.122.210.122 - - [12/Sep/2023:11:36:22 -0500] "POST /sipse/faces/presentacion/financiero/solicitudProceso/listarSolicitudProceso.xhtml HTTP/1.1" 200 43300
200.122.210.122 - - [12/Sep/2023:11:36:22 -0500] "GET /sipse/faces/javax.faces.resource/theme.css?ln=primefaces-sipse HTTP/1.1" 304 -
200.122.210.122 - - [12/Sep/2023:11:36:22 -0500] "GET /sipse/faces/javax.faces.resource/primefaces.css?ln=primefaces&v=4.0 HTTP/1.1" 304 -
200.122.210.122 - - [12/Sep/2023:11:36:22 -0500] "GET /sipse/faces/javax.faces.resource/layout/layout.css?ln=primefaces&v=4.0 HTTP/1.1" 304 -
200.122.210.122 - - [12/Sep/2023:11:36:22 -0500] "GET /sipse/faces/javax.faces.resource/jquery/jquery.js?ln=primefaces&v=4.0 HTTP/1.1" 304 -
200.122.210.122 - - [12/Sep/2023:11:36:22 -0500] "GET /sipse/faces/javax.faces.resource/jquery/jquery-plugins.js?ln=primefaces&v=4.0 HTTP/1.1" 304 -
200.122.210.122 - - [12/Sep/2023:11:36:22 -0500] "GET /sipse/faces/javax.faces.resource/primefaces.js?ln=primefaces&v=4.0 HTTP/1.1" 304 -
200.122.210.122 - - [12/Sep/2023:11:36:22 -0500] "GET /sipse/faces/javax.faces.resource/layout/layout.js?ln=primefaces&v=4.0 HTTP/1.1" 304 -
200.122.210.122 - - [12/Sep/2023:11:36:22 -0500] "POST /sipse/faces/presentacion/financiero/solicitudProceso/consultar.xhtml HTTP/1.1" 200 36706
186.102.101.130 - - [12/Sep/2023:11:36:21 -0500] "GET /BLA/resoluciones/index.php?dir=AUTOS+2009%2F HTTP/1.1" 200 399860
200.122.210.122 - - [12/Sep/2023:11:36:22 -0500] "POST /sipse/faces/presentacion/financiero/solicitudProceso/consultar.xhtml HTTP/1.1" 200 36706
200.122.210.122 - - [12/Sep/2023:11:36:23 -0500] "POST /sipse/faces/presentacion/financiero/solicitudProceso/consultar.xhtml HTTP/1.1" 200 36706
200.122.210.122 - - [12/Sep/2023:11:36:23 -0500] "POST /sipse/faces/presentacion/financiero/solicitudProceso/consultar.xhtml HTTP/1.1" 200 36706
200.122.210.122 - - [12/Sep/2023:11:36:23 -0500] "POST /sipse/faces/presentacion/financiero/solicitudProceso/consultar.xhtml HTTP/1.1" 200 36706
200.122.210.122 - - [12/Sep/2023:11:36:23 -0500] "POST /sipse/faces/presentacion/financiero/solicitudProceso/consultar.xhtml HTTP/1.1" 200 36706
200.122.210.122 - - [12/Sep/2023:11:36:23 -0500] "POST /sipse/faces/presentacion/financiero/solicitudProceso/consultar.xhtml HTTP/1.1" 200 36706
200.122.210.122 - - [12/Sep/2023:11:36:24 -0500] "POST /sipse/faces/presentacion/financiero/solicitudProceso/consultar.xhtml HTTP/1.1" 200 12829
216.244.66.195 - - [12/Sep/2023:11:36:26 -0500] "GET /BLA/resoluciones/RESOLUCIONES%202018/3793.pdf HTTP/1.1" 200 361249
200.122.210.122 - - [12/Sep/2023:11:36:26 -0500] "POST /sipse/faces/presentacion/financiero/solicitudProceso/consultar.xhtml HTTP/1.1" 200 152769
200.122.210.122 - - [12/Sep/2023:11:36:26 -0500] "GET /sipse/faces/javax.faces.resource/theme.css?ln=primefaces-sipse HTTP/1.1" 304 -
200.122.210.122 - - [12/Sep/2023:11:36:26 -0500] "GET /sipse/faces/javax.faces.resource/primefaces.css?ln=primefaces&v=4.0 HTTP/1.1" 304 -
200.122.210.122 - - [12/Sep/2023:11:36:26 -0500] "GET /sipse/faces/javax.faces.resource/layout/layout.css?ln=primefaces&v=4.0 HTTP/1.1" 304 -
200.122.210.122 - - [12/Sep/2023:11:36:26 -0500] "GET /sipse/faces/javax.faces.resource/jquery/jquery.js?ln=primefaces&v=4.0 HTTP/1.1" 304 -
200.122.210.122 - - [12/Sep/2023:11:36:26 -0500] "GET /sipse/faces/javax.faces.resource/jquery/jquery-plugins.js?ln=primefaces&v=4.0 HTTP/1.1" 304 -
200.122.210.122 - - [12/Sep/2023:11:36:26 -0500] "GET /sipse/faces/javax.faces.resource/primefaces.js?ln=primefaces&v=4.0 HTTP/1.1" 304 -
200.122.210.122 - - [12/Sep/2023:11:36:26 -0500] "GET /sipse/faces/javax.faces.resource/layout/layout.js?ln=primefaces&v=4.0 HTTP/1.1" 304 -
200.122.210.122 - - [12/Sep/2023:11:36:29 -0500] "POST /sipse/faces/presentacion/financiero/solicitudProceso/consultarSolicitudProceso.xhtml HTTP/1.1" 200 55958
216.244.66.195 - - [12/Sep/2023:11:36:35 -0500] "GET /BLA/resoluciones/RESOLUCIONES%202018/3850.pdf HTTP/1.1" 200 530687
216.244.66.195 - - [12/Sep/2023:11:36:44 -0500] "GET /BLA/resoluciones/RESOLUCIONES%202018/4037.pdf HTTP/1.1" 200 271569
216.244.66.246 - - [12/Sep/2023:11:36:48 -0500] "GET /robots.txt HTTP/1.1" 404 1034
216.244.66.195 - - [12/Sep/2023:11:36:52 -0500] "GET /BLA/resoluciones/AUTOS%202017/1000.pdf HTTP/1.1" 200 4344
216.244.66.195 - - [12/Sep/2023:11:36:57 -0500] "GET /BLA/resoluciones/AUTOS%202017/3158.pdf HTTP/1.1" 200 269130
216.244.66.195 - - [12/Sep/2023:11:37:03 -0500] "GET /BLA/resoluciones/AUTOS%202019/0397.pdf HTTP/1.1" 200 652863
216.244.66.195 - - [12/Sep/2023:11:37:09 -0500] "GET /BLA/resoluciones/AUTOS%202019/2456.zip HTTP/1.1" 200 1612076
216.244.66.195 - - [12/Sep/2023:11:37:15 -0500] "GET /BLA/resoluciones/AUTOS%202019/2617.pdf HTTP/1.1" 200 1644066
201.245.192.253 - - [12/Sep/2023:11:37:21 -0500] "POST /forms/lservlet;jsessionid=ac16012b30d6ec48b32ae6c641d48f3ac42886169fa3.e3iSbxaKaheRe34Rch0Ra3mLchv0n6jAmljGr5XDqQLvpAe HTTP/1.1" 200 2
216.244.66.195 - - [12/Sep/2023:11:37:21 -0500] "GET /BLA/resoluciones/AUTOS%202019/3401.pdf HTTP/1.1" 200 1892401
216.244.66.195 - - [12/Sep/2023:11:37:27 -0500] "GET /BLA/resoluciones/AUTOS%202019/3416.pdf HTTP/1.1" 200 1051031
216.244.66.195 - - [12/Sep/2023:11:37:32 -0500] "GET /BLA/resoluciones/AUTOS%202021/0243.pdf HTTP/1.1" 200 426114
172.22.2.4 - - [12/Sep/2023:11:35:54 -0500] "HEAD /BLA/boletinlegal/ HTTP/1.1" 200 -
216.244.66.195 - - [12/Sep/2023:11:37:36 -0500] "GET /BLA/resoluciones/AUTOS%202021/0458.pdf HTTP/1.1" 200 406381
216.244.66.195 - - [12/Sep/2023:11:37:40 -0500] "GET /BLA/resoluciones/AUTOS%202021/0542.pdf HTTP/1.1" 200 353801
216.244.66.195 - - [12/Sep/2023:11:37:44 -0500] "GET /BLA/resoluciones/AUTOS%202021/0792.pdf HTTP/1.1" 200 341988
216.244.66.195 - - [12/Sep/2023:11:37:57 -0500] "GET /BLA/resoluciones/AUTOS%202021/1473.pdf HTTP/1.1" 200 895673
201.245.192.253 - - [12/Sep/2023:11:38:07 -0500] "POST /forms/lservlet;jsessionid=ac16012b30d67c93eb41c0fe4863bf03b6c32dc73e16.e3iSbxaKaheRe34Rch0Ra3mLchv0n6jAmljGr5XDqQLvpAe HTTP/1.1" 200 2
216.244.66.195 - - [12/Sep/2023:11:38:08 -0500] "GET /BLA/resoluciones/AUTOS%202021/1480.pdf HTTP/1.1" 200 895679
201.245.192.253 - - [12/Sep/2023:11:38:11 -0500] "POST /kwsrmcab/Wsrmcab  HTTP/1.1" 200 42865
172.22.2.4 - - [12/Sep/2023:11:38:14 -0500] "GET /BLA/boletinlegal/consulta_actos.php?tipo=resoluciones&no=3740&usuario=&sector=&fecha=2009&resuelve= HTTP/1.1" 200 1114
216.244.66.195 - - [12/Sep/2023:11:38:17 -0500] "GET /BLA/resoluciones/AUTOS%202021/1562.pdf HTTP/1.1" 200 358034
181.54.236.238 - - [12/Sep/2023:11:38:23 -0500] "GET /BLA/boletinlegal/tabla_files/orangebrownie.css HTTP/1.1" 404 1326
181.54.236.238 - - [12/Sep/2023:11:38:23 -0500] "GET /css/global/buttons.css HTTP/1.1" 404 1324
181.54.236.238 - - [12/Sep/2023:11:38:23 -0500] "GET /BLA/boletinlegal/admin/actos/mostrar.php HTTP/1.1" 200 362712
172.22.2.4 - - [12/Sep/2023:11:36:45 -0500] "GET /BLA/boletinlegal/ HTTP/1.1" 200 58187
216.244.66.195 - - [12/Sep/2023:11:38:25 -0500] "GET /BLA/resoluciones/AUTOS%202021/1686.pdf HTTP/1.1" 200 417419
181.54.236.238 - - [12/Sep/2023:11:38:26 -0500] "GET /BLA/boletinlegal/tabla_files/orangebrownie.css HTTP/1.1" 404 1326
181.54.236.238 - - [12/Sep/2023:11:38:26 -0500] "GET /css/global/buttons.css HTTP/1.1" 404 1324
181.54.236.238 - - [12/Sep/2023:11:38:26 -0500] "POST /BLA/boletinlegal/admin/actos/mostrar.php HTTP/1.1" 200 13871650
216.244.66.195 - - [12/Sep/2023:11:38:32 -0500] "GET /BLA/resoluciones/AUTOS%202021/1778.pdf HTTP/1.1" 200 340635
201.245.192.253 - - [12/Sep/2023:11:38:30 -0500] "POST /kwsrmcab/Wsrmcab HTTP/1.1" 200 39832
201.245.192.253 - - [12/Sep/2023:11:38:33 -0500] "POST /kwsrmcab/Wsrmcab HTTP/1.1" 200 41807
216.244.66.195 - - [12/Sep/2023:11:38:38 -0500] "GET /BLA/resoluciones/AUTOS%202021/2200.pdf HTTP/1.1" 200 356082
216.244.66.195 - - [12/Sep/2023:11:38:43 -0500] "GET /BLA/resoluciones/AUTOS%202021/2344.pdf HTTP/1.1" 200 397656
216.244.66.195 - - [12/Sep/2023:11:38:48 -0500] "GET /BLA/resoluciones/AUTOS%202021/2552.pdf HTTP/1.1" 200 1945647
216.244.66.195 - - [12/Sep/2023:11:38:54 -0500] "GET /BLA/resoluciones/AUTOS%202021/2774.pdf HTTP/1.1" 200 1197214
216.244.66.195 - - [12/Sep/2023:11:39:00 -0500] "GET /BLA/resoluciones/AUTOS%202021/3265.pdf HTTP/1.1" 200 388062
216.244.66.195 - - [12/Sep/2023:11:39:05 -0500] "GET /BLA/resoluciones/AUTOS%202021/3542.pdf HTTP/1.1" 200 418206
216.244.66.195 - - [12/Sep/2023:11:39:10 -0500] "GET /BLA/resoluciones/AUTOS%202021/3926.pdf HTTP/1.1" 200 385713
216.244.66.195 - - [12/Sep/2023:11:39:14 -0500] "GET /BLA/resoluciones/AUTOS%202021/4042.pdf HTTP/1.1" 200 761179
216.244.66.195 - - [12/Sep/2023:11:39:18 -0500] "GET /BLA/resoluciones/AUTOS%202021/4049.pdf HTTP/1.1" 200 367242
201.245.192.253 - - [12/Sep/2023:11:39:21 -0500] "POST /forms/lservlet;jsessionid=ac16012b30d6ec48b32ae6c641d48f3ac42886169fa3.e3iSbxaKaheRe34Rch0Ra3mLchv0n6jAmljGr5XDqQLvpAe HTTP/1.1" 200 2
216.244.66.195 - - [12/Sep/2023:11:39:22 -0500] "GET /BLA/resoluciones/AUTOS%202021/4131.pdf HTTP/1.1" 200 607945
216.244.66.195 - - [12/Sep/2023:11:39:25 -0500] "GET /BLA/resoluciones/AUTOS%202021/4221.pdf HTTP/1.1" 200 354698
216.244.66.195 - - [12/Sep/2023:11:39:29 -0500] "GET /BLA/resoluciones/AUTOS%202021/4258.pdf HTTP/1.1" 200 412164
216.244.66.195 - - [12/Sep/2023:11:39:32 -0500] "GET /BLA/resoluciones/AUTOS%202021/4336.pdf HTTP/1.1" 200 462861
216.245.221.92 - - [12/Sep/2023:11:39:34 -0500] "HEAD / HTTP/1.1" 200 -
216.244.66.195 - - [12/Sep/2023:11:39:35 -0500] "GET /BLA/resoluciones/AUTOS%202021/4438.pdf HTTP/1.1" 200 403620
216.244.66.195 - - [12/Sep/2023:11:39:39 -0500] "GET /BLA/resoluciones/AUTOS%202021/4490.pdf HTTP/1.1" 200 352998
216.244.66.195 - - [12/Sep/2023:11:39:46 -0500] "GET /BLA/resoluciones/AUTOS%202021/4532.pdf HTTP/1.1" 200 347903
216.244.66.195 - - [12/Sep/2023:11:39:55 -0500] "GET /BLA/resoluciones/AUTOS%202022/0759.pdf HTTP/1.1" 200 431433
216.244.66.195 - - [12/Sep/2023:11:40:01 -0500] "GET /BLA/resoluciones/AUTOS%202022/0778.pdf HTTP/1.1" 200 388593
216.244.66.195 - - [12/Sep/2023:11:40:06 -0500] "GET /BLA/resoluciones/AUTOS%202022/1193.pdf HTTP/1.1" 200 435305
201.245.192.253 - - [12/Sep/2023:11:40:07 -0500] "POST /forms/lservlet;jsessionid=ac16012b30d67c93eb41c0fe4863bf03b6c32dc73e16.e3iSbxaKaheRe34Rch0Ra3mLchv0n6jAmljGr5XDqQLvpAe HTTP/1.1" 200 2
216.244.66.195 - - [12/Sep/2023:11:40:11 -0500] "GET /BLA/resoluciones/AUTOS%202022/1555.pdf HTTP/1.1" 200 359029
201.245.192.253 - - [12/Sep/2023:11:40:12 -0500] "POST /forms/lservlet;jsessionid=ac16012b30d6ec48b32ae6c641d48f3ac42886169fa3.e3iSbxaKaheRe34Rch0Ra3mLchv0n6jAmljGr5XDqQLvpAe HTTP/1.1" 200 1295
201.245.192.253 - - [12/Sep/2023:11:40:12 -0500] "POST /forms/lservlet;jsessionid=ac16012b30d6ec48b32ae6c641d48f3ac42886169fa3.e3iSbxaKaheRe34Rch0Ra3mLchv0n6jAmljGr5XDqQLvpAe HTTP/1.1" 200 24
201.245.192.253 - - [12/Sep/2023:11:40:15 -0500] "POST /forms/lservlet;jsessionid=ac16012b30d6ec48b32ae6c641d48f3ac42886169fa3.e3iSbxaKaheRe34Rch0Ra3mLchv0n6jAmljGr5XDqQLvpAe HTTP/1.1" 200 2473
216.244.66.195 - - [12/Sep/2023:11:40:16 -0500] "GET /BLA/resoluciones/AUTOS%202022/1656.pdf HTTP/1.1" 200 383234
216.244.66.195 - - [12/Sep/2023:11:40:19 -0500] "GET /BLA/resoluciones/AUTOS%202022/1840.pdf HTTP/1.1" 200 318358
216.244.66.195 - - [12/Sep/2023:11:40:23 -0500] "GET /BLA/resoluciones/AUTOS%202022/1846.pdf HTTP/1.1" 200 446098
216.244.66.195 - - [12/Sep/2023:11:40:26 -0500] "GET /BLA/resoluciones/AUTOS%202022/1875.pdf HTTP/1.1" 200 515500
181.54.236.238 - - [12/Sep/2023:11:40:43 -0500] "POST /BLA/boletinlegal/admin/actos/modificar.php HTTP/1.1" 200 6140
216.244.66.195 - - [12/Sep/2023:11:40:49 -0500] "GET /BLA/resoluciones/AUTOS%202022/2046.pdf HTTP/1.1" 200 354172
172.22.2.4 - - [12/Sep/2023:11:41:00 -0500] "GET /BLA/boletinlegal/consulta_actos.php?tipo=resoluciones&no=3762&usuario=&sector=&fecha=2009&resuelve= HTTP/1.1" 200 1180
216.244.66.195 - - [12/Sep/2023:11:41:07 -0500] "GET /BLA/resoluciones/AUTOS%202022/2063.pdf HTTP/1.1" 200 425498
181.54.236.238 - - [12/Sep/2023:11:41:16 -0500] "POST /BLA/boletinlegal/admin/actos/modificar.php HTTP/1.1" 200 6004
201.245.192.253 - - [12/Sep/2023:11:41:21 -0500] "POST /forms/lservlet;jsessionid=ac16012b30d6ec48b32ae6c641d48f3ac42886169fa3.e3iSbxaKaheRe34Rch0Ra3mLchv0n6jAmljGr5XDqQLvpAe HTTP/1.1" 200 2
216.244.66.195 - - [12/Sep/2023:11:41:24 -0500] "GET /BLA/resoluciones/AUTOS%202022/2064.pdf HTTP/1.1" 200 422498
172.22.2.4 - - [12/Sep/2023:11:41:29 -0500] "GET /BLA/boletinlegal/consulta_actos.php?tipo=resoluciones&no=3851&usuario=&sector=&fecha=2009&resuelve= HTTP/1.1" 200 1206
172.22.2.4 - - [12/Sep/2023:11:41:39 -0500] "GET /BLA/boletinlegal/consulta_actos.php?tipo=resoluciones&no=1907&usuario=&sector=&fecha=2019&resuelve= HTTP/1.1" 200 626
201.245.192.253 - - [12/Sep/2023:11:42:07 -0500] "POST /forms/lservlet;jsessionid=ac16012b30d67c93eb41c0fe4863bf03b6c32dc73e16.e3iSbxaKaheRe34Rch0Ra3mLchv0n6jAmljGr5XDqQLvpAe HTTP/1.1" 200 2
181.54.236.238 - - [12/Sep/2023:11:42:20 -0500] "GET /BLA/resoluciones/ HTTP/1.1" 200 13696
181.54.236.238 - - [12/Sep/2023:11:42:23 -0500] "GET /BLA/resoluciones/dlf/archive.png HTTP/1.1" 200 632
181.54.236.238 - - [12/Sep/2023:11:42:23 -0500] "GET /BLA/resoluciones/index.php?dir=RESOLUCIONES+2019%2F HTTP/1.1" 200 258011
186.102.101.130 - - [12/Sep/2023:11:42:15 -0500] "GET /BLA/resoluciones/index.php?dir=RESOLUCIONES+2009%2F HTTP/1.1" 200 1694101
186.102.101.130 - - [12/Sep/2023:11:42:27 -0500] "GET /BLA/resoluciones/RESOLUCIONES%202009/7737.pdf HTTP/1.1" 200 557380
201.245.192.253 - - [12/Sep/2023:11:43:10 -0500] "POST /sipse/faces/presentacion/financiero/solicitudProceso/listarSolicitudProceso.xhtml HTTP/1.1" 200 25229
201.245.192.253 - - [12/Sep/2023:11:43:10 -0500] "POST /sipse/faces/presentacion/financiero/solicitudProceso/listarSolicitudProceso.xhtml HTTP/1.1" 200 25229
201.245.192.253 - - [12/Sep/2023:11:43:10 -0500] "POST /sipse/faces/presentacion/financiero/solicitudProceso/listarSolicitudProceso.xhtml HTTP/1.1" 200 25229
201.245.192.253 - - [12/Sep/2023:11:43:11 -0500] "POST /sipse/faces/presentacion/financiero/solicitudProceso/listarSolicitudProceso.xhtml HTTP/1.1" 200 25229
201.245.192.253 - - [12/Sep/2023:11:43:11 -0500] "POST /sipse/faces/presentacion/financiero/solicitudProceso/listarSolicitudProceso.xhtml HTTP/1.1" 200 1376
201.245.192.253 - - [12/Sep/2023:11:43:11 -0500] "POST /sipse/faces/presentacion/financiero/solicitudProceso/listarSolicitudProceso.xhtml HTTP/1.1" 200 1388
201.245.192.253 - - [12/Sep/2023:11:43:11 -0500] "POST /sipse/faces/presentacion/financiero/solicitudProceso/listarSolicitudProceso.xhtml HTTP/1.1" 200 1392
201.245.192.253 - - [12/Sep/2023:11:43:11 -0500] "POST /sipse/faces/presentacion/financiero/solicitudProceso/listarSolicitudProceso.xhtml HTTP/1.1" 200 1388
201.245.192.253 - - [12/Sep/2023:11:43:09 -0500] "POST /kwsrmcab/Wsrmcab  HTTP/1.1" 200 42865
201.245.192.253 - - [12/Sep/2023:11:43:15 -0500] "GET /sipse/faces/faces/faces/index.xhtml HTTP/1.1" 200 677
201.245.192.253 - - [12/Sep/2023:11:43:15 -0500] "GET /sipse/faces/javax.faces.resource/theme.css?ln=primefaces-sipse HTTP/1.1" 304 -
201.245.192.253 - - [12/Sep/2023:11:43:15 -0500] "GET /sipse/faces/faces/faces/faces/autenticacion.xhtml HTTP/1.1" 200 12183
201.245.192.253 - - [12/Sep/2023:11:43:16 -0500] "GET /sipse/js/disable_browser_buttons.js HTTP/1.1" 200 3230
201.245.192.253 - - [12/Sep/2023:11:43:16 -0500] "GET /sipse/js/funciones.js HTTP/1.1" 200 12592
201.245.192.253 - - [12/Sep/2023:11:43:16 -0500] "GET /sipse/css/custom_css_sg.css HTTP/1.1" 200 9694
201.245.192.253 - - [12/Sep/2023:11:43:16 -0500] "GET /sipse/css/custom_css_sg_prime_login.css HTTP/1.1" 200 443
201.245.192.253 - - [12/Sep/2023:11:43:16 -0500] "GET /sipse/faces/javax.faces.resource/theme.css?ln=primefaces-sipse HTTP/1.1" 304 -
201.245.192.253 - - [12/Sep/2023:11:43:16 -0500] "GET /sipse/faces/javax.faces.resource/primefaces.css?ln=primefaces&v=4.0 HTTP/1.1" 304 -
201.245.192.253 - - [12/Sep/2023:11:43:16 -0500] "GET /sipse/faces/javax.faces.resource/layout/layout.css?ln=primefaces&v=4.0 HTTP/1.1" 304 -
201.245.192.253 - - [12/Sep/2023:11:43:16 -0500] "GET /sipse/faces/javax.faces.resource/jquery/jquery.js?ln=primefaces&v=4.0 HTTP/1.1" 304 -
201.245.192.253 - - [12/Sep/2023:11:43:16 -0500] "GET /sipse/faces/javax.faces.resource/jquery/jquery-plugins.js?ln=primefaces&v=4.0 HTTP/1.1" 304 -
201.245.192.253 - - [12/Sep/2023:11:43:16 -0500] "GET /sipse/faces/javax.faces.resource/primefaces.js?ln=primefaces&v=4.0 HTTP/1.1" 304 -
201.245.192.253 - - [12/Sep/2023:11:43:16 -0500] "GET /sipse/faces/javax.faces.resource/layout/layout.js?ln=primefaces&v=4.0 HTTP/1.1" 304 -
201.245.192.253 - - [12/Sep/2023:11:43:16 -0500] "GET /sipse/faces/javax.faces.resource/images/ui-icons_898989_256x240.png?ln=primefaces-aristo HTTP/1.1" 304 -
201.245.192.253 - - [12/Sep/2023:11:43:16 -0500] "GET /sipse/css/imagen/logoSDG.png HTTP/1.1" 200 53064
201.245.192.253 - - [12/Sep/2023:11:43:16 -0500] "GET /sipse/css/imagen/loginimg.png HTTP/1.1" 200 71635
201.245.192.253 - - [12/Sep/2023:11:43:18 -0500] "POST /sipse/faces/autenticacion.xhtml HTTP/1.1" 200 11169
201.245.192.253 - - [12/Sep/2023:11:43:18 -0500] "GET /sipse/faces/javax.faces.resource/jquery/jquery.js?ln=primefaces&v=4.0 HTTP/1.1" 304 -
201.245.192.253 - - [12/Sep/2023:11:43:18 -0500] "GET /sipse/faces/javax.faces.resource/jquery/jquery-plugins.js?ln=primefaces&v=4.0 HTTP/1.1" 304 -
201.245.192.253 - - [12/Sep/2023:11:43:18 -0500] "GET /sipse/faces/javax.faces.resource/primefaces.js?ln=primefaces&v=4.0 HTTP/1.1" 304 -
201.245.192.253 - - [12/Sep/2023:11:43:18 -0500] "GET /sipse/faces/javax.faces.resource/layout/layout.js?ln=primefaces&v=4.0 HTTP/1.1" 304 -
201.245.192.253 - - [12/Sep/2023:11:43:18 -0500] "GET /sipse/faces/javax.faces.resource/messages/messages.png?ln=primefaces&v=4.0 HTTP/1.1" 304 -
201.245.192.253 - - [12/Sep/2023:11:43:21 -0500] "POST /forms/lservlet;jsessionid=ac16012b30d6ec48b32ae6c641d48f3ac42886169fa3.e3iSbxaKaheRe34Rch0Ra3mLchv0n6jAmljGr5XDqQLvpAe HTTP/1.1" 200 2
201.245.192.253 - - [12/Sep/2023:11:43:22 -0500] "POST /sipse/faces/presentacion/sistema/seguridad/seleccionRol.xhtml HTTP/1.1" 200 5600
201.245.192.253 - - [12/Sep/2023:11:43:23 -0500] "POST /sipse/faces/presentacion/sistema/seguridad/seleccionRol.xhtml HTTP/1.1" 200 18174
201.245.192.253 - - [12/Sep/2023:11:43:23 -0500] "GET /sipse/js/jquery.min.js HTTP/1.1" 200 85582
201.245.192.253 - - [12/Sep/2023:11:43:23 -0500] "GET /sipse/faces/javax.faces.resource/jquery/jquery.js?ln=primefaces&v=4.0 HTTP/1.1" 304 -
201.245.192.253 - - [12/Sep/2023:11:43:23 -0500] "GET /sipse/faces/javax.faces.resource/jquery/jquery-plugins.js?ln=primefaces&v=4.0 HTTP/1.1" 304 -
201.245.192.253 - - [12/Sep/2023:11:43:23 -0500] "GET /sipse/faces/javax.faces.resource/primefaces.js?ln=primefaces&v=4.0 HTTP/1.1" 304 -
201.245.192.253 - - [12/Sep/2023:11:43:23 -0500] "GET /sipse/faces/javax.faces.resource/layout/layout.js?ln=primefaces&v=4.0 HTTP/1.1" 304 -
201.245.192.253 - - [12/Sep/2023:11:43:24 -0500] "GET /sipse/css/imagen/contrasena.png HTTP/1.1" 404 383
172.22.2.4 - - [12/Sep/2023:11:41:44 -0500] "HEAD /BLA/boletinlegal/ HTTP/1.1" 200 -
216.244.66.246 - - [12/Sep/2023:11:43:47 -0500] "GET /bogota-lanza-la-red-colaborativa-de-microsensores-para-medir-la-calidad-del-aire-en-microambientes.html HTTP/1.1" 200 1008
87.120.84.248 - - [12/Sep/2023:11:43:32 -0500] "GET / HTTP/1.1" 200 319
201.245.192.253 - - [12/Sep/2023:11:43:56 -0500] "GET /sipse/faces/javax.faces.resource/images/ui-bg_flat_0_2d5972_40x100.png?ln=primefaces-aristo HTTP/1.1" 304 -
201.245.192.253 - - [12/Sep/2023:11:43:56 -0500] "POST /sipse/faces/bienvenido.xhtml HTTP/1.1" 200 3246
201.245.192.253 - - [12/Sep/2023:11:44:01 -0500] "POST /sipse/faces/bienvenido.xhtml HTTP/1.1" 200 5029
172.22.2.4 - - [12/Sep/2023:11:44:02 -0500] "GET /BLA/boletinlegal/actos.php HTTP/1.1" 200 9682
172.22.2.4 - - [12/Sep/2023:11:44:03 -0500] "GET /BLA/boletinlegal/favicon.ico HTTP/1.1" 404 1326
87.120.84.248 - - [12/Sep/2023:11:43:48 -0500] "GET / HTTP/1.1" 200 319
201.245.192.253 - - [12/Sep/2023:11:44:04 -0500] "POST /sipse/faces/bienvenido.xhtml HTTP/1.1" 200 6782
201.245.192.253 - - [12/Sep/2023:11:44:07 -0500] "POST /forms/lservlet;jsessionid=ac16012b30d67c93eb41c0fe4863bf03b6c32dc73e16.e3iSbxaKaheRe34Rch0Ra3mLchv0n6jAmljGr5XDqQLvpAe HTTP/1.1" 200 2
201.245.192.253 - - [12/Sep/2023:11:44:07 -0500] "POST /sipse/faces/bienvenido.xhtml HTTP/1.1" 200 42708
201.245.192.253 - - [12/Sep/2023:11:44:07 -0500] "GET /sipse/faces/javax.faces.resource/jquery/jquery.js?ln=primefaces&v=4.0 HTTP/1.1" 304 -
201.245.192.253 - - [12/Sep/2023:11:44:07 -0500] "GET /sipse/faces/javax.faces.resource/jquery/jquery-plugins.js?ln=primefaces&v=4.0 HTTP/1.1" 304 -
201.245.192.253 - - [12/Sep/2023:11:44:07 -0500] "GET /sipse/faces/javax.faces.resource/primefaces.js?ln=primefaces&v=4.0 HTTP/1.1" 304 -
201.245.192.253 - - [12/Sep/2023:11:44:07 -0500] "GET /sipse/faces/javax.faces.resource/layout/layout.js?ln=primefaces&v=4.0 HTTP/1.1" 304 -
201.219.242.46 - - [12/Sep/2023:11:44:09 -0500] "GET /inscribete-y-participa-en-el-foro-sobre-la-gestion-de-los-bifenilos-policlorados-en-transformadores-electricos.html HTTP/1.1" 200 931
201.245.192.253 - - [12/Sep/2023:11:44:10 -0500] "POST /sipse/faces/presentacion/sistema/reporte/listarReportes.xhtml HTTP/1.1" 200 31196
201.245.192.253 - - [12/Sep/2023:11:44:10 -0500] "GET /sipse/faces/javax.faces.resource/theme.css?ln=primefaces-sipse HTTP/1.1" 304 -
201.245.192.253 - - [12/Sep/2023:11:44:10 -0500] "GET /sipse/faces/javax.faces.resource/primefaces.css?ln=primefaces&v=4.0 HTTP/1.1" 304 -
201.245.192.253 - - [12/Sep/2023:11:44:10 -0500] "GET /sipse/faces/javax.faces.resource/layout/layout.css?ln=primefaces&v=4.0 HTTP/1.1" 304 -
201.245.192.253 - - [12/Sep/2023:11:44:10 -0500] "GET /sipse/faces/javax.faces.resource/jquery/jquery.js?ln=primefaces&v=4.0 HTTP/1.1" 304 -
201.245.192.253 - - [12/Sep/2023:11:44:10 -0500] "GET /sipse/faces/javax.faces.resource/jquery/jquery-plugins.js?ln=primefaces&v=4.0 HTTP/1.1" 304 -
201.245.192.253 - - [12/Sep/2023:11:44:10 -0500] "GET /sipse/faces/javax.faces.resource/primefaces.js?ln=primefaces&v=4.0 HTTP/1.1" 304 -
201.245.192.253 - - [12/Sep/2023:11:44:10 -0500] "GET /sipse/faces/javax.faces.resource/layout/layout.js?ln=primefaces&v=4.0 HTTP/1.1" 304 -
201.245.192.253 - - [12/Sep/2023:11:44:10 -0500] "GET /sipse/faces/javax.faces.resource/images/ui-icons_898989_256x240.png?ln=primefaces-aristo HTTP/1.1" 304 -
172.22.2.4 - - [12/Sep/2023:11:44:14 -0500] "GET /BLA/boletinlegal/consulta_actos.php?tipo=resoluciones&no=&usuario=&sector=PEV&fecha=2023&resuelve= HTTP/1.1" 200 11481
172.22.2.4 - - [12/Sep/2023:11:44:14 -0500] "GET /BLA/boletinlegal/images/background.gif HTTP/1.1" 200 -
172.22.2.4 - - [12/Sep/2023:11:42:35 -0500] "GET /BLA/boletinlegal/ HTTP/1.1" 200 58187
87.120.84.248 - - [12/Sep/2023:11:44:04 -0500] "GET /wp-includes/wlwmanifest.xml HTTP/1.1" 404 1018
186.102.101.130 - - [12/Sep/2023:11:44:19 -0500] "GET /BLA/resoluciones/index.php?dir=RESOLUCIONES+2014%2F HTTP/1.1" 200 334019
201.245.192.253 - - [12/Sep/2023:11:44:26 -0500] "GET /BLA/resoluciones/RESOLUCIONES%202023/0336.pdf HTTP/1.1" 200 1618856
186.102.101.130 - - [12/Sep/2023:11:44:26 -0500] "GET /BLA/resoluciones/RESOLUCIONES%202014/2383.pdf HTTP/1.1" 200 296676
216.245.221.92 - - [12/Sep/2023:11:44:34 -0500] "HEAD / HTTP/1.1" 200 -
87.120.84.248 - - [12/Sep/2023:11:44:20 -0500] "GET /xmlrpc.php?rsd HTTP/1.1" 404 1018
87.120.84.248 - - [12/Sep/2023:11:44:37 -0500] "GET / HTTP/1.1" 200 319
87.120.84.248 - - [12/Sep/2023:11:44:53 -0500] "GET /blog/wp-includes/wlwmanifest.xml HTTP/1.1" 404 1018
201.245.192.253 - - [12/Sep/2023:11:45:21 -0500] "POST /forms/lservlet;jsessionid=ac16012b30d6ec48b32ae6c641d48f3ac42886169fa3.e3iSbxaKaheRe34Rch0Ra3mLchv0n6jAmljGr5XDqQLvpAe HTTP/1.1" 200 2
87.120.84.248 - - [12/Sep/2023:11:45:09 -0500] "GET /web/wp-includes/wlwmanifest.xml HTTP/1.1" 404 1018
87.120.84.248 - - [12/Sep/2023:11:45:25 -0500] "GET /wordpress/wp-includes/wlwmanifest.xml HTTP/1.1" 404 1018
172.22.2.4 - - [12/Sep/2023:11:45:00 -0500] "GET /BLA/boletinlegal/ HTTP/1.1" 200 36811
191.106.218.197 - - [12/Sep/2023:11:45:56 -0500] "GET /kwssiamovil/sm/ldap/au?x=U2FsdGVkX196QQvp5gDZXPK0mT4tdG5r2gf/jhJFxspYKE49UVVa5fK2bpwh3fR7&y=U2FsdGVkX19hgHTNs8/aFrcZO+cLHaZ1P4gzQ7LgIdeijwBUGPoQc1C3bWW8JSfi HTTP/1.1" 200 30
191.106.218.197 - - [12/Sep/2023:11:45:56 -0500] "GET /kwssiamovil/sm/acme/s?s=U2FsdGVkX19FOJd8G/2nKFXTYmFT0NbmErxYHZb4bnCLMVT9WBfGijXBzceJteV6Y9eiM0UTuSS8qZSy1OogEXTiJi5nb5ihgIssmDlEcFI=&u=U2FsdGVkX195kwcfM0fIq24UZMEqByiHzEC1tsaJsp9kxdeVRlbjYy0Qtamgycow&y=U2FsdGVkX19hgHTNs8/aFrcZO+cLHaZ1P4gzQ7LgIdeijwBUGPoQc1C3bWW8JSfi HTTP/1.1" 200 97
191.106.218.197 - - [12/Sep/2023:11:45:56 -0500] "GET /kwssiamovil/sm/acme/s?s=U2FsdGVkX184WMx/kl51uxP+OZBaW2is+/aHttvDGkRCWSKDLOitqSjH8BVoSj7NZnSY6Y6i5OEFx8Kl/TC1nuXH5qn0wufj7kxAv7JXMmgF9VNiRQtuvl1pAUat9WDxglCkBvgPbJ4IyKyA5Uoe8FoM2WlohB4/cea3hKta9drLQdyN+eVWt7SZfab6+0S2Ko4OMU9HwoRMZ2I9c55W+EOXq63q+ohJa3yhQzOENz+MZ1BMRcW5xDmMSpzd0fxcRSgONGy/53YjNff3erv4VjX4Fe+7GoP1DBBVqI44BbJ+Ouqq/YlFNWaSEVRsqnkQ7/3qHP6ReOSMedcZ5g5+tDSQG/iBcGEWDDloo92tkjvS6uyVhCO1aBaHMHTwfnGPPyDdBdmWbRxg0AwRykixI1i/tePK7RmYaSO4qbeolk/SW7lmDcSnxUWrJbOjaVKTUeSkqMuMZYyKWGsaivxA0oxV11NcYmRd+r9vZbIaugEDCbQQoGgrQ/by9NBAycTUq7aIQBvIZ8Rljgcd+chiM2DFlWNVjhWM61Ti5queJKrkzcPepdJ7cLWTGAlWNUTemBZUgX4e0hOcZJ3la7Vb23yKdWkSM78BoW/JjeW38D8QwQ+6lu1t+P8Q50HkAX+Rq4FKET2PFTKB34fd3F5vP/Z701NfJZwzi8nPRh/j4UfbUp/9KxOoeG12UZVObksW9mGJ9flZ82OlVv6yVRRk07l0MvLnuL8ic+S+cd1OChDTKn3iWmt8RxJJdtPvOBPJLV+Bk6XObdeFKRRA0/QIsCxRICljWJkBQeHB/crnYz0pq0fpTvFHemN1oZqbMT1IeC7fUbep6SMqOMeE8q+1L8ZIyPQMj1Ei9AYuKsHxc1U8gI9WpdzsVsStHRJ1UJE1Ey3WgCVjr2H8hWuxcN6owNsS7yJ/VENLm8+WjGlxBnvV9gMx9LjmDjsLY5M9ibpt9+IabnJ2M07XGoZMM5sSNluzss0bVOBdZHZt7BqD1f6vwGNsafJRtYH0Js9OEhQEtCboGjgXiSDw+hHPN5EY/SPVdWI0gF7bkZIlf4YiCd5b4NXW5V96DdoafL7izq3kOZyIz9sLvvCudH9tc/VCdi0CcTAZVWVFr3o9QJUjRez6X2AA9/1jTZlq4bBrgwNhQ5ybB198puY5Up+3o8OBvZ/s8yOegqCakHJWhy6WF/AaI7nXGkbz4RAFBCMDR9YsH6vD82eaV7yOtE/mhXqn5b5uYIyXhEM5A/I1IbOimzSuC884T7/1RVtBdtZ/Osy2dsHIZ9kpWKBkb+dEpnmeI86+fw/qT07mXJapBBcYaYiqGYHs9o9iADbxojH9UdC1ALG7hzq5vC08w5hTl96qKDP+hWWZhkEL5rWBp2cXH5zTTkouU03dUo/82qxtwBEX73sHie+lPePg7tnCT8wUjQuXLUGQeyyP/e6E3pJ8ifM=&u=U2FsdGVkX195kwcfM0fIq24UZMEqByiHzEC1tsaJsp9kxdeVRlbjYy0Qtamgycow&y=U2FsdGVkX19hgHTNs8/aFrcZO+cLHaZ1P4gzQ7LgIdeijwBUGPoQc1C3bWW8JSfi HTTP/1.1" 200 1089
191.106.218.197 - - [12/Sep/2023:11:45:56 -0500] "GET /kwssiamovil/sm/acme/s?s=U2FsdGVkX1/lrxPv6J3a3irlbqEfeXNQyb9dwEKbZiJ/YMwsalEa8dh3gsz7jNsrIUCnuJYDFiHJW00II4mjvqymeAm7YspbrQtYPHQNAdaYdC0LTFvjTP7nEZMYmDMobd0D/m1oTjHeSr4TKHbS6kItjCc9FweR7evLJMchYGVvNUS+OKQakq5LKSP23WhlqDICMypix8jbIPXPAfHkkKu8qLV6sc4P7/K2aDHZjSEtI5h2Pft5CfhPwFdrCFyBnKwmgsBvx9ujNx3mJaZdESSwVZ07BwJ5jg6gU28fhk8Fkb90S0UJ1yIiyJ8XWtyblKdq9BVlWAYHFVsUsexRmC3ZjWezyXyppjW4LZ/301w=&u=U2FsdGVkX195kwcfM0fIq24UZMEqByiHzEC1tsaJsp9kxdeVRlbjYy0Qtamgycow&y=U2FsdGVkX19hgHTNs8/aFrcZO+cLHaZ1P4gzQ7LgIdeijwBUGPoQc1C3bWW8JSfi HTTP/1.1" 200 196
87.120.84.248 - - [12/Sep/2023:11:45:41 -0500] "GET /website/wp-includes/wlwmanifest.xml HTTP/1.1" 404 1018
191.106.218.197 - - [12/Sep/2023:11:45:56 -0500] "GET /kwssiamovil/sm/cjson/pre?f=1&x=U2FsdGVkX196QQvp5gDZXPK0mT4tdG5r2gf/jhJFxspYKE49UVVa5fK2bpwh3fR7 HTTP/1.1" 200 31032
201.245.192.253 - - [12/Sep/2023:11:46:07 -0500] "POST /forms/lservlet;jsessionid=ac16012b30d67c93eb41c0fe4863bf03b6c32dc73e16.e3iSbxaKaheRe34Rch0Ra3mLchv0n6jAmljGr5XDqQLvpAe HTTP/1.1" 200 2
87.120.84.248 - - [12/Sep/2023:11:45:58 -0500] "GET /wp/wp-includes/wlwmanifest.xml HTTP/1.1" 404 1018
186.102.101.130 - - [12/Sep/2023:11:46:18 -0500] "GET /BLA/resoluciones/index.php?dir=AUTOS+2009%2F HTTP/1.1" 200 399860
87.120.84.248 - - [12/Sep/2023:11:46:14 -0500] "GET /news/wp-includes/wlwmanifest.xml HTTP/1.1" 404 1018
87.120.84.248 - - [12/Sep/2023:11:46:30 -0500] "GET /2018/wp-includes/wlwmanifest.xml HTTP/1.1" 404 1018
87.120.84.248 - - [12/Sep/2023:11:46:46 -0500] "GET /2019/wp-includes/wlwmanifest.xml HTTP/1.1" 404 1018
87.120.84.248 - - [12/Sep/2023:11:47:03 -0500] "GET /shop/wp-includes/wlwmanifest.xml HTTP/1.1" 404 1018
201.245.192.253 - - [12/Sep/2023:11:47:21 -0500] "POST /forms/lservlet;jsessionid=ac16012b30d6ec48b32ae6c641d48f3ac42886169fa3.e3iSbxaKaheRe34Rch0Ra3mLchv0n6jAmljGr5XDqQLvpAe HTTP/1.1" 200 2
186.29.183.93 - - [12/Sep/2023:11:47:31 -0500] "GET /mujeres-que-reverdec HTTP/1.1" 404 1136
186.29.183.93 - - [12/Sep/2023:11:47:31 -0500] "GET /mujeres-que-reverdec HTTP/1.1" 404 1136
186.29.183.93 - - [12/Sep/2023:11:47:33 -0500] "GET /favicon.ico HTTP/1.1" 404 1334
186.29.183.93 - - [12/Sep/2023:11:47:34 -0500] "GET /favicon.ico HTTP/1.1" 404 1334
87.120.84.248 - - [12/Sep/2023:11:47:19 -0500] "GET /wp1/wp-includes/wlwmanifest.xml HTTP/1.1" 404 1018
87.120.84.248 - - [12/Sep/2023:11:47:35 -0500] "GET /test/wp-includes/wlwmanifest.xml HTTP/1.1" 404 1018
