172.22.2.4 - - [12/Sep/2023:14:47:32 -0500] "GET /BLA/boletinlegal/Directivas/2022/DIRECTIVA%20No.%2000002%20DEL%2022%20DE%20JUNIO%20DEL%202022.pdf HTTP/1.1" 200 384175
172.22.2.4 - - [12/Sep/2023:14:47:32 -0500] "GET /BLA/boletinlegal/favicon.ico HTTP/1.1" 404 1500
172.22.2.4 - - [12/Sep/2023:14:48:17 -0500] "GET /BLA/boletinlegal/consulta_actos.php?tipo=resoluciones&no=0951&usuario=&sector=&fecha=2019&resuelve= HTTP/1.1" 200 1245
201.245.192.253 - - [12/Sep/2023:14:48:32 -0500] "POST /forms/lservlet;jsessionid=ac16012b30d67c93eb41c0fe4863bf03b6c32dc73e16.e3iSbxaKaheRe34Rch0Ra3mLchv0n6jAmljGr5XDqQLvpAe HTTP/1.1" 200 705
201.245.192.253 - - [12/Sep/2023:14:48:32 -0500] "POST /forms/lservlet;jsessionid=ac16012b30d67c93eb41c0fe4863bf03b6c32dc73e16.e3iSbxaKaheRe34Rch0Ra3mLchv0n6jAmljGr5XDqQLvpAe HTTP/1.1" 200 2
201.245.192.253 - - [12/Sep/2023:14:48:34 -0500] "POST /forms/lservlet;jsessionid=ac16012b30d67c93eb41c0fe4863bf03b6c32dc73e16.e3iSbxaKaheRe34Rch0Ra3mLchv0n6jAmljGr5XDqQLvpAe HTTP/1.1" 200 13
201.245.192.253 - - [12/Sep/2023:14:48:36 -0500] "POST /forms/lservlet;jsessionid=ac16012b30d67c93eb41c0fe4863bf03b6c32dc73e16.e3iSbxaKaheRe34Rch0Ra3mLchv0n6jAmljGr5XDqQLvpAe HTTP/1.1" 200 1324
173.252.95.16 - - [12/Sep/2023:14:48:36 -0500] "GET /incautadas-tarantulas-que-iban-a-ser-exportadas-ilegalmente-desde-bogota-hasta-mexico.html HTTP/1.1" 200 899
186.102.110.192 - - [12/Sep/2023:14:48:39 -0500] "GET /kwssiamovil/sm/acme/a?s=U2FsdGVkX18Cu+wxj6IuavcgSmP+GbvGtZ0DKbDIuCIYPp5evF7Tgnig4yl2GdqE4ue+Ow+YtgYYNRvBaZMCawHFcwPfhBEXs4YEicuqferheB8b1KC8usLMfDMw9eyTSRHkx/yHsihMqS5XhReWhmszOzWmPXjmN+hQY+gFb3s32Sf8E12sHCL311DAZncRW4rvKpyxw/RQyL3cTLuz1JWjuTS8QVI8FBGDsLHl7Gf1l8QRxdIUHR6O9fn6hq1ZBubj+lg/MzOAa3tJ3eFMHg==&u=U2FsdGVkX1/2yAOPKj1o92uXm7nxgx7LSCF4wlCN94k=&y=U2FsdGVkX18geFmuA99EJzHxIopT+q8Xlju+2ZnzOY5vMwRIZP/RgQ/aXNXXKgRE HTTP/1.1" 200 26
186.102.110.192 - - [12/Sep/2023:14:48:43 -0500] "GET /kwssiamovil/sm/acme/u?s=U2FsdGVkX19gjRnr0LoPmupHi9bprRDfjJ38X5tTA/dzUkvHPOLstmxl47KG/ObrisHidsBexB1v3bjv+4mQZ3WVIR40UbC/WP5QRJFTLbBOLJCnCJD40uz93SNr4UK5NmzjCAmCy5HcIdP2IphxcsVKLRqsMcndf9qdsek/uAk=&u=U2FsdGVkX1/2yAOPKj1o92uXm7nxgx7LSCF4wlCN94k=&y=U2FsdGVkX18geFmuA99EJzHxIopT+q8Xlju+2ZnzOY5vMwRIZP/RgQ/aXNXXKgRE HTTP/1.1" 200 60
172.22.2.4 - - [12/Sep/2023:14:48:45 -0500] "GET /BLA/boletinlegal/consulta_actos.php?tipo=resoluciones&no=1070&usuario=&sector=&fecha=2019&resuelve= HTTP/1.1" 200 1248
69.171.231.120 - - [12/Sep/2023:14:48:58 -0500] "GET /oso-melero-recuperado-en-bogota-fue-liberado-exitosamente-en-el-meta.html HTTP/1.1" 200 948
186.102.14.70 - - [12/Sep/2023:14:49:05 -0500] "GET /kwssiamovil/sm/acme/a?s=U2FsdGVkX19ElkHCnNUsRtsSdU4R02zAaziEKy5mTq3KziFZQtEvzBE1WQXb3IfTLhiOO+Qli+g4H/5vvi1Qvf7HkyAkKAPS65i9GeetW3WP0QTdwjbj9Fjj7Svz9lldeg/lzFEcMOICNFz/LS0KICpIRctemu43epARS4RnIkqWHYkx9d/gBgrXgB/Vqtz2cUpAG6JVdrPn4FOLxIsprqUlCMuMJUYbZTAKzrPTyDMwAT0ZpfHqcOCu8Aqhhu9kYi/ok0NfcwWT1L8P5geG3Q==&u=U2FsdGVkX1+x5KX2l/xdDhknW324s/vA5d5phHVfkO4=&y=U2FsdGVkX19QURGrl563VT72p0FmaNbBr5m27Wsyeg4SMWkbdQXnPXvoeLiDhqcs HTTP/1.1" 200 26
186.102.14.70 - - [12/Sep/2023:14:49:06 -0500] "GET /kwssiamovil/sm/acme/a?s=U2FsdGVkX18Ohy1Qe+i3ii/bSolIHGGtZ7cskU3gNTv8NxpWlPTxbcc/jrO50C6eKmOl00U8YHg6UtgEGgBWtR6Gf7gXaGrF/BrGzZwMAEd/STxrXFzwH1SoYJ955ZJVLgMkpea1jNO2TiVKBcI8rEm3WsH7aK4hxvqVPjZLy6GSo5IBMbxr2PAt4mcyOi6yMQy74kQpnbfFXLPopv8kyabiP8c6qUnWXzdsEsqVSRfubyNd0fFSc0CICMe5EQBRF4JVp/VKJENkqVJztmzx8S8Ur2P1hLrXgAPdLvSsvoHPIHN5RUXhKkkidklWCesnv/+h+2lpU1JU/InvuQaC5zaqJvyRb1Ar9pwbIEeyHjy0In1PAcBsu+/vhGuUZXlxE7Wi79cGmjIY3fWjBWTwC2xR4LUu2ZFmN3KSGp2AO6dx0p6wKcP1ugygQbZ1DMZRxbu9vlU3JVnYQihVjuCKjXYICvWmAQl5JmrJyq1pSBPgH9e+KIOWXuoa+NKOmEQE5c8aPXjK5KapD4/Nm4PAuROQ6+X1kjz/HExfpxaQLpHRX4TNlXCvtv2XqttKmSNhWbI0gU++CZH+CwcRf2F3NhvAFL9DPOJYWoWnTjtpiQM5AVTlnhT+rjdVCRja+gI31iK+9inaEN4hG8RERtLX2x4MWFD/40nh3uTVakDGfyN/kRLsSOQ/4xQZsmTXT9nghDssfTHw32pnxXuXOGyRb0uX/aPVcHqmLdxg6ECIpHR10kYT4O9sYtMg7gKOR/agpbkT6VLQkp/ch8r7P7RGa534hW+fz1mSISP5JS084s1qMOXO44ALqTiq9pQgu7y2Xr/VQqIl7bPrTO52RciqkNsEtOPINFT6lZJiXTffz6UbUrisezjfzzigVX4D06HU0iebNj+XL59yVKf0BtDwjQEHaeVwDID3d8F/G79mcgt/eyknAE0xoleFfq3YQQU2jRiNJshQld94XUfps4l3qxWS6MyZrxeW6VsAs1UsX5mcV5nYT1dEIBAQcMwoADu002W8eQytrB8xJT+aONmqwz6Ei3HELxYeVCg+99SIkjutNw+dEICNf9N1htSFMVUUEwVrsLPoPHxX3wyGl5eqsYeSKTLSJ/PIpLT8a9plqh1+QQkxAnShdU/BpQZg0se9AKbtc+/2kKhQ67gKA4JCUUXpqjIzXonI1zfnk8+SwAJzGPPU6pvcsCTMpa6fm81LCvWH8xNb7M7/kBgjow4OD4ZfNE4nDcNm0NXf6wuMHLedLbsdij9xFyQM31wKtxa/RiMGe0hv/9cklGJo6Sy59zS/3ANoNtrBIUaJXUZAj757sTRCr1+LDYvpApQ9YkAg+j3cYjXDUVlBhX+AqZgY40t4yz9/H58qDvFGiFe/cOGGpVo66qCaeD8qn1NlxfNW2j1ld1ExeoF+bNDwRm3xxxVC3mH/maIAP7GeoxaJ+Mht4wJnS41lZrRbquteE53UmkbW8ANkNEW66kBAeQfkhZVj17irSVvcomApk5SFT1CRDb3YJIi+MH8+GQsXA6OJl4dyT5ULeAri93MW5sp3VGIAWWyezcKsbz9EbufkWjiP3R8YSJoFSoVnyeaFP5j69xBcFTLLwJ4K2SrY7idYi5j6qlt1gzhkS8K0ky/GBwwWk+h9s96BP3vSm5iDXoOaPKSfD12Xcf6JGo/oOvhMNrA3U7JjbYtIcN0vhRAdsEPnaSYqdb9wDVopTlH3TTkDkBEs7o99Ga0s55c4u4GMuQ==&u=U2FsdGVkX1+x5KX2l/xdDhknW324s/vA5d5phHVfkO4=&y=U2FsdGVkX19QURGrl563VT72p0FmaNbBr5m27Wsyeg4SMWkbdQXnPXvoeLiDhqcs HTTP/1.1" 200 26
186.102.14.70 - - [12/Sep/2023:14:49:06 -0500] "GET /kwssiamovil/sm/acme/a?s=U2FsdGVkX1/SO/2FDdKwzbgTQu6NoZDp6KlLu5lU1dEXxNF8zKRMQeC6jsn/QV4DVlgxhzuk20AbAbbjwnjhhM6hDXpTDFHAZZWBd2T3vqwUJ+/29T4VR0bHdJTKF8rdvmgk4aesDVGeTzQDMn/DXj4yDXpV9pklx2nImlhpdRU=&u=U2FsdGVkX1+x5KX2l/xdDhknW324s/vA5d5phHVfkO4=&y=U2FsdGVkX19QURGrl563VT72p0FmaNbBr5m27Wsyeg4SMWkbdQXnPXvoeLiDhqcs HTTP/1.1" 200 26
186.102.14.70 - - [12/Sep/2023:14:49:06 -0500] "GET /kwssiamovil/sm/acme/a?s=U2FsdGVkX18XWXak+63e40FQYPkHCgeBqPnCYef5kvf4yVAXRZT38MUBf2T8izW31qedbf9vywbgOXE45QYvI6KSMsN/miZFQxSdW7S06ZADKn1WdRMCYEySjWfucpxdnG6+qTOA4TyhIoIAiIdF081X9LdIO1f3e7fPHqlG7sQ=&u=U2FsdGVkX1+x5KX2l/xdDhknW324s/vA5d5phHVfkO4=&y=U2FsdGVkX19QURGrl563VT72p0FmaNbBr5m27Wsyeg4SMWkbdQXnPXvoeLiDhqcs HTTP/1.1" 200 26
186.102.14.70 - - [12/Sep/2023:14:49:06 -0500] "GET /kwssiamovil/sm/acme/a?s=U2FsdGVkX18j+GGRabFq7hN/EQVmjbi1EB9evFcmb62fVwvzPf5m95FRhsnNGq5uNViIx2u72V80bpWFQ1uLD80oogX4gZSft8dhRxNxkQQGxcKY4aKnE7LvZ1udnyoB+WqEzfuSDBRXPAD29r1eLnJ3Wdjzac4WBfSDl1GbdXI=&u=U2FsdGVkX1+x5KX2l/xdDhknW324s/vA5d5phHVfkO4=&y=U2FsdGVkX19QURGrl563VT72p0FmaNbBr5m27Wsyeg4SMWkbdQXnPXvoeLiDhqcs HTTP/1.1" 200 26
186.102.14.70 - - [12/Sep/2023:14:49:06 -0500] "GET /kwssiamovil/sm/acme/a?s=U2FsdGVkX1+RmtNyIXRaOosCC3rYB/QTFQsIUdr38nP5wcGvQLYPoMR3OGU93ckiWT6twtMon8Qnjvha4gcClAxfbfNYoWSfYdiAmzUWG+cLXSIFjwC1eC8PghPkooVaL6CqiR7xt8vCbCMZXcvM9OB2mCoQN+BzXYGflnyKfHaWDtt3z4HU757WrnNZIoxC&u=U2FsdGVkX1+x5KX2l/xdDhknW324s/vA5d5phHVfkO4=&y=U2FsdGVkX19QURGrl563VT72p0FmaNbBr5m27Wsyeg4SMWkbdQXnPXvoeLiDhqcs HTTP/1.1" 200 26
201.245.192.253 - - [12/Sep/2023:14:49:13 -0500] "POST /forms/lservlet;jsessionid=ac16012b30d67c93eb41c0fe4863bf03b6c32dc73e16.e3iSbxaKaheRe34Rch0Ra3mLchv0n6jAmljGr5XDqQLvpAe HTTP/1.1" 200 14
201.245.192.253 - - [12/Sep/2023:14:49:13 -0500] "POST /forms/lservlet;jsessionid=ac16012b30d67c93eb41c0fe4863bf03b6c32dc73e16.e3iSbxaKaheRe34Rch0Ra3mLchv0n6jAmljGr5XDqQLvpAe HTTP/1.1" 200 8
201.245.192.253 - - [12/Sep/2023:14:49:13 -0500] "POST /forms/lservlet;jsessionid=ac16012b30d67c93eb41c0fe4863bf03b6c32dc73e16.e3iSbxaKaheRe34Rch0Ra3mLchv0n6jAmljGr5XDqQLvpAe HTTP/1.1" 200 2
201.245.192.253 - - [12/Sep/2023:14:49:16 -0500] "POST /forms/lservlet;jsessionid=ac16012b30d67c93eb41c0fe4863bf03b6c32dc73e16.e3iSbxaKaheRe34Rch0Ra3mLchv0n6jAmljGr5XDqQLvpAe HTTP/1.1" 200 120
201.245.192.253 - - [12/Sep/2023:14:49:17 -0500] "POST /forms/lservlet;jsessionid=ac16012b30d67c93eb41c0fe4863bf03b6c32dc73e16.e3iSbxaKaheRe34Rch0Ra3mLchv0n6jAmljGr5XDqQLvpAe HTTP/1.1" 200 105
201.245.192.253 - - [12/Sep/2023:14:49:18 -0500] "POST /forms/lservlet;jsessionid=ac16012b30d67c93eb41c0fe4863bf03b6c32dc73e16.e3iSbxaKaheRe34Rch0Ra3mLchv0n6jAmljGr5XDqQLvpAe HTTP/1.1" 200 105
201.245.192.253 - - [12/Sep/2023:14:49:18 -0500] "POST /forms/lservlet;jsessionid=ac16012b30d67c93eb41c0fe4863bf03b6c32dc73e16.e3iSbxaKaheRe34Rch0Ra3mLchv0n6jAmljGr5XDqQLvpAe HTTP/1.1" 200 105
201.245.192.253 - - [12/Sep/2023:14:49:21 -0500] "POST /forms/lservlet;jsessionid=ac16012b30d67c93eb41c0fe4863bf03b6c32dc73e16.e3iSbxaKaheRe34Rch0Ra3mLchv0n6jAmljGr5XDqQLvpAe HTTP/1.1" 200 105
201.245.192.253 - - [12/Sep/2023:14:49:23 -0500] "POST /forms/lservlet;jsessionid=ac16012b30d67c93eb41c0fe4863bf03b6c32dc73e16.e3iSbxaKaheRe34Rch0Ra3mLchv0n6jAmljGr5XDqQLvpAe HTTP/1.1" 200 105
201.245.192.253 - - [12/Sep/2023:14:49:25 -0500] "POST /forms/lservlet;jsessionid=ac16012b30d6ec48b32ae6c641d48f3ac42886169fa3.e3iSbxaKaheRe34Rch0Ra3mLchv0n6jAmljGr5XDqQLvpAe HTTP/1.1" 200 2
201.245.192.253 - - [12/Sep/2023:14:49:25 -0500] "POST /forms/lservlet;jsessionid=ac16012b30d67c93eb41c0fe4863bf03b6c32dc73e16.e3iSbxaKaheRe34Rch0Ra3mLchv0n6jAmljGr5XDqQLvpAe HTTP/1.1" 200 22
201.245.192.253 - - [12/Sep/2023:14:49:26 -0500] "POST /forms/lservlet;jsessionid=ac16012b30d67c93eb41c0fe4863bf03b6c32dc73e16.e3iSbxaKaheRe34Rch0Ra3mLchv0n6jAmljGr5XDqQLvpAe HTTP/1.1" 200 113
201.245.192.253 - - [12/Sep/2023:14:49:26 -0500] "POST /forms/lservlet;jsessionid=ac16012b30d67c93eb41c0fe4863bf03b6c32dc73e16.e3iSbxaKaheRe34Rch0Ra3mLchv0n6jAmljGr5XDqQLvpAe HTTP/1.1" 200 105
181.54.236.238 - - [12/Sep/2023:14:49:26 -0500] "POST /BLA/boletinlegal/admin/actos/modificar.php HTTP/1.1" 200 6004
201.245.192.253 - - [12/Sep/2023:14:49:27 -0500] "POST /forms/lservlet;jsessionid=ac16012b30d67c93eb41c0fe4863bf03b6c32dc73e16.e3iSbxaKaheRe34Rch0Ra3mLchv0n6jAmljGr5XDqQLvpAe HTTP/1.1" 200 105
201.245.192.253 - - [12/Sep/2023:14:49:27 -0500] "POST /forms/lservlet;jsessionid=ac16012b30d67c93eb41c0fe4863bf03b6c32dc73e16.e3iSbxaKaheRe34Rch0Ra3mLchv0n6jAmljGr5XDqQLvpAe HTTP/1.1" 200 105
201.245.192.253 - - [12/Sep/2023:14:49:27 -0500] "POST /forms/lservlet;jsessionid=ac16012b30d67c93eb41c0fe4863bf03b6c32dc73e16.e3iSbxaKaheRe34Rch0Ra3mLchv0n6jAmljGr5XDqQLvpAe HTTP/1.1" 200 105
201.245.192.253 - - [12/Sep/2023:14:49:27 -0500] "POST /forms/lservlet;jsessionid=ac16012b30d67c93eb41c0fe4863bf03b6c32dc73e16.e3iSbxaKaheRe34Rch0Ra3mLchv0n6jAmljGr5XDqQLvpAe HTTP/1.1" 200 105
201.245.192.253 - - [12/Sep/2023:14:49:28 -0500] "POST /forms/lservlet;jsessionid=ac16012b30d67c93eb41c0fe4863bf03b6c32dc73e16.e3iSbxaKaheRe34Rch0Ra3mLchv0n6jAmljGr5XDqQLvpAe HTTP/1.1" 200 22
216.245.221.92 - - [12/Sep/2023:14:49:34 -0500] "HEAD / HTTP/1.1" 200 -
172.22.2.4 - - [12/Sep/2023:14:49:44 -0500] "GET /BLA/boletinlegal/consulta_actos.php?tipo=resoluciones&no=1030&usuario=&sector=&fecha=2019&resuelve= HTTP/1.1" 200 1363
172.22.2.4 - - [12/Sep/2023:14:49:49 -0500] "GET /BLA/boletinlegal/consulta_actos.php?tipo=resoluciones&no=1030&usuario=&sector=&fecha=2010&resuelve= HTTP/1.1" 200 1571
172.22.2.4 - - [12/Sep/2023:14:49:55 -0500] "GET /BLA/boletinlegal/consulta_actos.php?tipo=resoluciones&no=1032&usuario=&sector=&fecha=2010&resuelve= HTTP/1.1" 200 1159
201.245.192.253 - - [12/Sep/2023:14:49:59 -0500] "POST /sipse/faces/presentacion/financiero/solicitudProceso/consultarSolicitudProceso.xhtml HTTP/1.1" 200 193
201.245.192.253 - - [12/Sep/2023:14:49:59 -0500] "POST /sipse/faces/presentacion/financiero/solicitudProceso/consultarSolicitudProceso.xhtml HTTP/1.1" 200 193
201.245.192.253 - - [12/Sep/2023:14:50:00 -0500] "POST /sipse/faces/presentacion/financiero/solicitudProceso/consultarSolicitudProceso.xhtml HTTP/1.1" 200 193
201.245.192.253 - - [12/Sep/2023:14:49:59 -0500] "GET /sipse/faces/presentacion/financiero/solicitudAnulacion/consultarSolicitudAnulacion.xhtml HTTP/1.1" 200 16113
201.245.192.253 - - [12/Sep/2023:14:50:00 -0500] "GET /sipse/faces/presentacion/financiero/solicitudAnulacion/consultarSolicitudAnulacion.xhtml HTTP/1.1" 200 36981
201.245.192.253 - - [12/Sep/2023:14:50:00 -0500] "POST /sipse/faces/presentacion/financiero/solicitudProceso/consultarSolicitudProceso.xhtml HTTP/1.1" 200 193
201.245.192.253 - - [12/Sep/2023:14:50:00 -0500] "GET /sipse/faces/javax.faces.resource/theme.css?ln=primefaces-sipse HTTP/1.1" 304 -
201.245.192.253 - - [12/Sep/2023:14:50:00 -0500] "GET /sipse/faces/javax.faces.resource/primefaces.css?ln=primefaces&v=4.0 HTTP/1.1" 304 -
201.245.192.253 - - [12/Sep/2023:14:50:00 -0500] "GET /sipse/faces/javax.faces.resource/layout/layout.css?ln=primefaces&v=4.0 HTTP/1.1" 304 -
201.245.192.253 - - [12/Sep/2023:14:50:00 -0500] "GET /sipse/faces/javax.faces.resource/jquery/jquery.js?ln=primefaces&v=4.0 HTTP/1.1" 304 -
201.245.192.253 - - [12/Sep/2023:14:50:00 -0500] "GET /sipse/faces/javax.faces.resource/jquery/jquery-plugins.js?ln=primefaces&v=4.0 HTTP/1.1" 304 -
201.245.192.253 - - [12/Sep/2023:14:50:00 -0500] "GET /sipse/faces/javax.faces.resource/primefaces.js?ln=primefaces&v=4.0 HTTP/1.1" 304 -
201.245.192.253 - - [12/Sep/2023:14:50:00 -0500] "GET /sipse/faces/javax.faces.resource/layout/layout.js?ln=primefaces&v=4.0 HTTP/1.1" 304 -
201.245.192.253 - - [12/Sep/2023:14:50:00 -0500] "GET /sipse/faces/javax.faces.resource/images/ui-icons_898989_256x240.png?ln=primefaces-aristo HTTP/1.1" 304 -
201.245.192.253 - - [12/Sep/2023:14:50:00 -0500] "GET /sipse/css/imagen/contrasena.png HTTP/1.1" 404 383
201.245.192.253 - - [12/Sep/2023:14:50:00 -0500] "GET /sipse/faces/javax.faces.resource/images/ui-bg_flat_0_2d5972_40x100.png?ln=primefaces-aristo HTTP/1.1" 304 -
201.245.192.253 - - [12/Sep/2023:14:50:00 -0500] "GET /sipse/faces/presentacion/financiero/solicitudAnulacion/consultarSolicitudAnulacion.xhtml HTTP/1.1" 200 26797
201.245.192.253 - - [12/Sep/2023:14:50:00 -0500] "POST /sipse/faces/presentacion/financiero/solicitudAnulacion/consultarSolicitudAnulacion.xhtml HTTP/1.1" 200 10620
172.22.2.4 - - [12/Sep/2023:14:48:24 -0500] "HEAD /BLA/boletinlegal/ HTTP/1.1" 200 -
201.245.192.253 - - [12/Sep/2023:14:50:05 -0500] "POST /sipse/faces/presentacion/financiero/solicitudAnulacion/consultarSolicitudAnulacion.xhtml HTTP/1.1" 200 17017
201.245.192.253 - - [12/Sep/2023:14:50:07 -0500] "POST /sipse/faces/presentacion/financiero/solicitudAnulacion/consultarSolicitudAnulacion.xhtml HTTP/1.1" 200 53911
201.245.192.253 - - [12/Sep/2023:14:50:08 -0500] "GET /sipse/faces/javax.faces.resource/theme.css?ln=primefaces-sipse HTTP/1.1" 304 -
201.245.192.253 - - [12/Sep/2023:14:50:08 -0500] "GET /sipse/faces/javax.faces.resource/fileupload/fileupload.css?ln=primefaces&v=4.0 HTTP/1.1" 304 -
201.245.192.253 - - [12/Sep/2023:14:50:08 -0500] "GET /sipse/faces/javax.faces.resource/layout/layout.css?ln=primefaces&v=4.0 HTTP/1.1" 304 -
201.245.192.253 - - [12/Sep/2023:14:50:08 -0500] "GET /sipse/faces/javax.faces.resource/primefaces.css?ln=primefaces&v=4.0 HTTP/1.1" 304 -
201.245.192.253 - - [12/Sep/2023:14:50:08 -0500] "GET /sipse/faces/javax.faces.resource/jquery/jquery.js?ln=primefaces&v=4.0 HTTP/1.1" 304 -
201.245.192.253 - - [12/Sep/2023:14:50:08 -0500] "GET /sipse/faces/javax.faces.resource/jquery/jquery-plugins.js?ln=primefaces&v=4.0 HTTP/1.1" 304 -
201.245.192.253 - - [12/Sep/2023:14:50:08 -0500] "GET /sipse/faces/javax.faces.resource/primefaces.js?ln=primefaces&v=4.0 HTTP/1.1" 304 -
201.245.192.253 - - [12/Sep/2023:14:50:08 -0500] "GET /sipse/faces/javax.faces.resource/layout/layout.js?ln=primefaces&v=4.0 HTTP/1.1" 304 -
201.245.192.253 - - [12/Sep/2023:14:50:08 -0500] "GET /sipse/faces/javax.faces.resource/fileupload/fileupload.js?ln=primefaces&v=4.0 HTTP/1.1" 304 -
181.54.236.238 - - [12/Sep/2023:14:50:25 -0500] "GET /BLA/boletinlegal/tabla_files/orangebrownie.css HTTP/1.1" 404 1326
181.54.236.238 - - [12/Sep/2023:14:50:25 -0500] "GET /css/global/buttons.css HTTP/1.1" 404 1324
181.54.236.238 - - [12/Sep/2023:14:50:25 -0500] "GET /BLA/boletinlegal/admin/actos/mostrar.php HTTP/1.1" 200 362712
181.54.236.238 - - [12/Sep/2023:14:50:30 -0500] "GET /BLA/boletinlegal/tabla_files/orangebrownie.css HTTP/1.1" 404 1326
181.54.236.238 - - [12/Sep/2023:14:50:30 -0500] "GET /css/global/buttons.css HTTP/1.1" 404 1324
201.245.192.253 - - [12/Sep/2023:14:50:32 -0500] "POST /forms/lservlet;jsessionid=ac16012b30d67c93eb41c0fe4863bf03b6c32dc73e16.e3iSbxaKaheRe34Rch0Ra3mLchv0n6jAmljGr5XDqQLvpAe HTTP/1.1" 200 2
181.54.236.238 - - [12/Sep/2023:14:50:30 -0500] "POST /BLA/boletinlegal/admin/actos/mostrar.php HTTP/1.1" 200 10741943
172.22.2.4 - - [12/Sep/2023:14:49:14 -0500] "GET /BLA/boletinlegal/ HTTP/1.1" 200 58187
201.245.192.253 - - [12/Sep/2023:14:50:59 -0500] "POST /sipse/faces/presentacion/financiero/solicitudAnulacion/registrarSolicitudAnulacion.xhtml HTTP/1.1" 200 193
201.245.192.253 - - [12/Sep/2023:14:50:59 -0500] "POST /sipse/faces/presentacion/financiero/solicitudAnulacion/registrarSolicitudAnulacion.xhtml HTTP/1.1" 200 193
201.245.192.253 - - [12/Sep/2023:14:50:59 -0500] "GET /sipse/faces/presentacion/financiero/solicitudAnulacion/consultarSolicitudAnulacion.xhtml HTTP/1.1" 200 16113
201.245.192.253 - - [12/Sep/2023:14:50:59 -0500] "GET /sipse/faces/presentacion/financiero/solicitudAnulacion/consultarSolicitudAnulacion.xhtml HTTP/1.1" 200 39665
201.245.192.253 - - [12/Sep/2023:14:50:59 -0500] "GET /sipse/faces/javax.faces.resource/theme.css?ln=primefaces-sipse HTTP/1.1" 304 -
201.245.192.253 - - [12/Sep/2023:14:50:59 -0500] "GET /sipse/faces/javax.faces.resource/primefaces.css?ln=primefaces&v=4.0 HTTP/1.1" 304 -
201.245.192.253 - - [12/Sep/2023:14:50:59 -0500] "GET /sipse/faces/javax.faces.resource/jquery/jquery.js?ln=primefaces&v=4.0 HTTP/1.1" 304 -
201.245.192.253 - - [12/Sep/2023:14:50:59 -0500] "GET /sipse/faces/javax.faces.resource/layout/layout.css?ln=primefaces&v=4.0 HTTP/1.1" 304 -
201.245.192.253 - - [12/Sep/2023:14:50:59 -0500] "GET /sipse/faces/javax.faces.resource/primefaces.js?ln=primefaces&v=4.0 HTTP/1.1" 304 -
201.245.192.253 - - [12/Sep/2023:14:50:59 -0500] "GET /sipse/faces/javax.faces.resource/jquery/jquery-plugins.js?ln=primefaces&v=4.0 HTTP/1.1" 304 -
201.245.192.253 - - [12/Sep/2023:14:50:59 -0500] "GET /sipse/faces/javax.faces.resource/layout/layout.js?ln=primefaces&v=4.0 HTTP/1.1" 304 -
201.245.192.253 - - [12/Sep/2023:14:50:59 -0500] "GET /sipse/css/imagen/contrasena.png HTTP/1.1" 404 383
201.245.192.253 - - [12/Sep/2023:14:50:59 -0500] "POST /sipse/faces/presentacion/financiero/solicitudAnulacion/consultarSolicitudAnulacion.xhtml HTTP/1.1" 200 10632
201.245.192.253 - - [12/Sep/2023:14:51:00 -0500] "POST /forms/lservlet;jsessionid=ac16012b30d6ec48b32ae6c641d48f3ac42886169fa3.e3iSbxaKaheRe34Rch0Ra3mLchv0n6jAmljGr5XDqQLvpAe HTTP/1.1" 200 1829
201.245.192.253 - - [12/Sep/2023:14:51:00 -0500] "POST /forms/lservlet;jsessionid=ac16012b30d6ec48b32ae6c641d48f3ac42886169fa3.e3iSbxaKaheRe34Rch0Ra3mLchv0n6jAmljGr5XDqQLvpAe HTTP/1.1" 200 10
201.245.192.253 - - [12/Sep/2023:14:51:01 -0500] "POST /forms/lservlet;jsessionid=ac16012b30d6ec48b32ae6c641d48f3ac42886169fa3.e3iSbxaKaheRe34Rch0Ra3mLchv0n6jAmljGr5XDqQLvpAe HTTP/1.1" 200 24
201.245.192.253 - - [12/Sep/2023:14:51:05 -0500] "POST /forms/lservlet;jsessionid=ac16012b30d6ec48b32ae6c641d48f3ac42886169fa3.e3iSbxaKaheRe34Rch0Ra3mLchv0n6jAmljGr5XDqQLvpAe HTTP/1.1" 200 2355
201.245.192.253 - - [12/Sep/2023:14:51:06 -0500] "POST /sipse/faces/presentacion/financiero/solicitudAnulacion/consultarSolicitudAnulacion.xhtml HTTP/1.1" 200 16980
201.245.192.253 - - [12/Sep/2023:14:51:07 -0500] "POST /forms/lservlet;jsessionid=ac16012b30d6ec48b32ae6c641d48f3ac42886169fa3.e3iSbxaKaheRe34Rch0Ra3mLchv0n6jAmljGr5XDqQLvpAe HTTP/1.1" 200 13
201.245.192.253 - - [12/Sep/2023:14:51:08 -0500] "POST /sipse/faces/presentacion/financiero/solicitudAnulacion/consultarSolicitudAnulacion.xhtml HTTP/1.1" 200 48234
201.245.192.253 - - [12/Sep/2023:14:51:08 -0500] "GET /sipse/faces/javax.faces.resource/theme.css?ln=primefaces-sipse HTTP/1.1" 304 -
201.245.192.253 - - [12/Sep/2023:14:51:08 -0500] "GET /sipse/faces/javax.faces.resource/primefaces.css?ln=primefaces&v=4.0 HTTP/1.1" 304 -
201.245.192.253 - - [12/Sep/2023:14:51:08 -0500] "GET /sipse/faces/javax.faces.resource/layout/layout.css?ln=primefaces&v=4.0 HTTP/1.1" 304 -
201.245.192.253 - - [12/Sep/2023:14:51:08 -0500] "GET /sipse/faces/javax.faces.resource/fileupload/fileupload.css?ln=primefaces&v=4.0 HTTP/1.1" 304 -
201.245.192.253 - - [12/Sep/2023:14:51:08 -0500] "GET /sipse/faces/javax.faces.resource/jquery/jquery.js?ln=primefaces&v=4.0 HTTP/1.1" 304 -
201.245.192.253 - - [12/Sep/2023:14:51:08 -0500] "GET /sipse/faces/javax.faces.resource/jquery/jquery-plugins.js?ln=primefaces&v=4.0 HTTP/1.1" 304 -
201.245.192.253 - - [12/Sep/2023:14:51:08 -0500] "GET /sipse/faces/javax.faces.resource/primefaces.js?ln=primefaces&v=4.0 HTTP/1.1" 304 -
201.245.192.253 - - [12/Sep/2023:14:51:08 -0500] "GET /sipse/faces/javax.faces.resource/layout/layout.js?ln=primefaces&v=4.0 HTTP/1.1" 304 -
201.245.192.253 - - [12/Sep/2023:14:51:08 -0500] "GET /sipse/faces/javax.faces.resource/fileupload/fileupload.js?ln=primefaces&v=4.0 HTTP/1.1" 304 -
201.245.192.253 - - [12/Sep/2023:14:51:10 -0500] "POST /forms/lservlet;jsessionid=ac16012b30d6ec48b32ae6c641d48f3ac42886169fa3.e3iSbxaKaheRe34Rch0Ra3mLchv0n6jAmljGr5XDqQLvpAe HTTP/1.1" 200 12
201.245.192.253 - - [12/Sep/2023:14:51:25 -0500] "POST /forms/lservlet;jsessionid=ac16012b30d6ec48b32ae6c641d48f3ac42886169fa3.e3iSbxaKaheRe34Rch0Ra3mLchv0n6jAmljGr5XDqQLvpAe HTTP/1.1" 200 2
201.245.192.253 - - [12/Sep/2023:14:51:32 -0500] "POST /sipse/faces/presentacion/financiero/solicitudAnulacion/registrarSolicitudAnulacion.xhtml HTTP/1.1" 200 184
201.245.192.253 - - [12/Sep/2023:14:51:32 -0500] "POST /sipse/faces/presentacion/financiero/solicitudAnulacion/registrarSolicitudAnulacion.xhtml HTTP/1.1" 200 184
201.245.192.253 - - [12/Sep/2023:14:51:32 -0500] "GET /sipse/faces/presentacion/financiero/solicitudAnulacion/solicitudAnulacion.xhtml HTTP/1.1" 200 35223
201.245.192.253 - - [12/Sep/2023:14:51:32 -0500] "GET /sipse/faces/presentacion/financiero/solicitudAnulacion/solicitudAnulacion.xhtml HTTP/1.1" 200 35223
201.245.192.253 - - [12/Sep/2023:14:51:32 -0500] "GET /sipse/faces/javax.faces.resource/theme.css?ln=primefaces-sipse HTTP/1.1" 304 -
201.245.192.253 - - [12/Sep/2023:14:51:32 -0500] "GET /sipse/faces/javax.faces.resource/primefaces.css?ln=primefaces&v=4.0 HTTP/1.1" 304 -
201.245.192.253 - - [12/Sep/2023:14:51:32 -0500] "GET /sipse/faces/javax.faces.resource/layout/layout.css?ln=primefaces&v=4.0 HTTP/1.1" 304 -
201.245.192.253 - - [12/Sep/2023:14:51:32 -0500] "GET /sipse/faces/javax.faces.resource/jquery/jquery.js?ln=primefaces&v=4.0 HTTP/1.1" 304 -
201.245.192.253 - - [12/Sep/2023:14:51:32 -0500] "GET /sipse/faces/javax.faces.resource/jquery/jquery-plugins.js?ln=primefaces&v=4.0 HTTP/1.1" 304 -
201.245.192.253 - - [12/Sep/2023:14:51:32 -0500] "GET /sipse/faces/javax.faces.resource/primefaces.js?ln=primefaces&v=4.0 HTTP/1.1" 304 -
201.245.192.253 - - [12/Sep/2023:14:51:32 -0500] "GET /sipse/faces/javax.faces.resource/layout/layout.js?ln=primefaces&v=4.0 HTTP/1.1" 304 -
201.245.192.253 - - [12/Sep/2023:14:51:32 -0500] "POST /sipse/faces/presentacion/financiero/solicitudAnulacion/solicitudAnulacion.xhtml HTTP/1.1" 200 10476
201.245.192.253 - - [12/Sep/2023:14:51:32 -0500] "GET /sipse/faces/javax.faces.resource/messages/messages.png?ln=primefaces&v=4.0 HTTP/1.1" 304 -
201.245.192.253 - - [12/Sep/2023:14:51:33 -0500] "POST /sipse/faces/presentacion/financiero/solicitudAnulacion/solicitudAnulacion.xhtml HTTP/1.1" 200 37228
201.245.192.253 - - [12/Sep/2023:14:51:33 -0500] "GET /sipse/faces/javax.faces.resource/theme.css?ln=primefaces-sipse HTTP/1.1" 304 -
201.245.192.253 - - [12/Sep/2023:14:51:33 -0500] "GET /sipse/faces/javax.faces.resource/layout/layout.css?ln=primefaces&v=4.0 HTTP/1.1" 304 -
201.245.192.253 - - [12/Sep/2023:14:51:33 -0500] "GET /sipse/faces/javax.faces.resource/fileupload/fileupload.css?ln=primefaces&v=4.0 HTTP/1.1" 304 -
201.245.192.253 - - [12/Sep/2023:14:51:33 -0500] "GET /sipse/faces/javax.faces.resource/primefaces.css?ln=primefaces&v=4.0 HTTP/1.1" 304 -
201.245.192.253 - - [12/Sep/2023:14:51:33 -0500] "GET /sipse/faces/javax.faces.resource/jquery/jquery.js?ln=primefaces&v=4.0 HTTP/1.1" 304 -
201.245.192.253 - - [12/Sep/2023:14:51:33 -0500] "GET /sipse/faces/javax.faces.resource/jquery/jquery-plugins.js?ln=primefaces&v=4.0 HTTP/1.1" 304 -
201.245.192.253 - - [12/Sep/2023:14:51:33 -0500] "GET /sipse/faces/javax.faces.resource/primefaces.js?ln=primefaces&v=4.0 HTTP/1.1" 304 -
201.245.192.253 - - [12/Sep/2023:14:51:33 -0500] "GET /sipse/faces/javax.faces.resource/layout/layout.js?ln=primefaces&v=4.0 HTTP/1.1" 304 -
201.245.192.253 - - [12/Sep/2023:14:51:33 -0500] "GET /sipse/faces/javax.faces.resource/fileupload/fileupload.js?ln=primefaces&v=4.0 HTTP/1.1" 304 -
201.245.192.253 - - [12/Sep/2023:14:51:39 -0500] "POST /sipse/faces/presentacion/financiero/solicitudAnulacion/registrarSolicitudAnulacion.xhtml HTTP/1.1" 200 19439
201.245.192.253 - - [12/Sep/2023:14:51:45 -0500] "POST /sipse/faces/presentacion/financiero/solicitudAnulacion/registrarSolicitudAnulacion.xhtml HTTP/1.1" 200 19445
69.171.231.4 - - [12/Sep/2023:14:52:02 -0500] "GET /camino-guadalupe-aguanoso-abierto-de-nuevo-al-publico.html HTTP/1.1" 200 879
201.245.192.253 - - [12/Sep/2023:14:52:28 -0500] "POST /kwsrmcab/Wsrmcab  HTTP/1.1" 200 42865
201.245.192.253 - - [12/Sep/2023:14:52:32 -0500] "POST /forms/lservlet;jsessionid=ac16012b30d67c93eb41c0fe4863bf03b6c32dc73e16.e3iSbxaKaheRe34Rch0Ra3mLchv0n6jAmljGr5XDqQLvpAe HTTP/1.1" 200 2
181.54.236.238 - - [12/Sep/2023:14:52:39 -0500] "POST /BLA/boletinlegal/admin/actos/modificar.php HTTP/1.1" 200 6215
172.22.2.4 - - [12/Sep/2023:14:52:40 -0500] "GET /BLA/boletinlegal/images/body_bg.jpg HTTP/1.1" 200 1601
172.22.2.4 - - [12/Sep/2023:14:52:40 -0500] "GET /BLA/boletinlegal/images/menu_rght.gif HTTP/1.1" 200 1627
172.22.2.4 - - [12/Sep/2023:14:52:40 -0500] "GET /BLA/boletinlegal/images/bg_top.jpg HTTP/1.1" 200 522
172.22.2.4 - - [12/Sep/2023:14:52:40 -0500] "GET /BLA/boletinlegal/images/menu_lft.gif HTTP/1.1" 200 1713
172.22.2.4 - - [12/Sep/2023:14:52:40 -0500] "GET /BLA/boletinlegal/images/menu_bg.jpg HTTP/1.1" 200 620
172.22.2.4 - - [12/Sep/2023:14:52:40 -0500] "GET /BLA/boletinlegal/images/hover.jpg HTTP/1.1" 200 640
172.22.2.4 - - [12/Sep/2023:14:52:40 -0500] "GET /BLA/boletinlegal/images/text.jpg HTTP/1.1" 200 568
172.22.2.4 - - [12/Sep/2023:14:52:47 -0500] "GET /BLA/boletinlegal/images/screen_3.png HTTP/1.1" 200 210620
172.22.2.4 - - [12/Sep/2023:14:52:47 -0500] "GET /BLA/boletinlegal/images/screen_2.png HTTP/1.1" 200 362502
172.22.2.4 - - [12/Sep/2023:14:52:47 -0500] "GET /BLA/boletinlegal/images/screen_5.png HTTP/1.1" 200 368876
172.22.2.4 - - [12/Sep/2023:14:52:47 -0500] "GET /BLA/boletinlegal/images/arr_r.jpg HTTP/1.1" 200 1998
172.22.2.4 - - [12/Sep/2023:14:52:47 -0500] "GET /BLA/boletinlegal/images/footer_bg.jpg HTTP/1.1" 200 586
181.54.236.238 - - [12/Sep/2023:14:52:47 -0500] "GET /BLA/resoluciones/RESOLUCIONES%202010/1032.pdf HTTP/1.1" 200 816447
181.54.236.238 - - [12/Sep/2023:14:52:48 -0500] "GET /BLA/resoluciones/RESOLUCIONES%202010/1032.pdf HTTP/1.1" 206 1025
181.54.236.238 - - [12/Sep/2023:14:52:48 -0500] "GET /BLA/resoluciones/RESOLUCIONES%202010/1032.pdf HTTP/1.1" 200 816447
172.22.2.4 - - [12/Sep/2023:14:52:48 -0500] "GET /BLA/boletinlegal/actos.php HTTP/1.1" 200 9682
172.22.2.4 - - [12/Sep/2023:14:52:48 -0500] "GET /BLA/boletinlegal/niceforms.js HTTP/1.1" 200 22876
172.22.2.4 - - [12/Sep/2023:14:52:48 -0500] "GET /BLA/boletinlegal/niceforms-default.css HTTP/1.1" 200 6694
172.22.2.4 - - [12/Sep/2023:14:52:48 -0500] "GET /BLA/boletinlegal/js/lib.js HTTP/1.1" 200 6474
172.22.2.4 - - [12/Sep/2023:14:52:48 -0500] "GET /BLA/boletinlegal/js/popup.js HTTP/1.1" 200 1270
172.22.2.4 - - [12/Sep/2023:14:52:48 -0500] "GET /BLA/boletinlegal/js/jquery1.js HTTP/1.1" 200 29846
172.22.2.4 - - [12/Sep/2023:14:52:48 -0500] "GET /BLA/boletinlegal/js/ajax_actos.js HTTP/1.1" 200 1322
172.22.2.4 - - [12/Sep/2023:14:52:48 -0500] "GET /BLA/boletinlegal/images/green-yellow-blue-pink-th.png HTTP/1.1" 200 7394
172.22.2.4 - - [12/Sep/2023:14:52:48 -0500] "GET /BLA/boletinlegal/images/tel.png HTTP/1.1" 200 14477
172.22.2.4 - - [12/Sep/2023:14:52:48 -0500] "GET /BLA/boletinlegal/images/icono-email.png HTTP/1.1" 200 5544
172.22.2.4 - - [12/Sep/2023:14:52:48 -0500] "GET /BLA/boletinlegal/images/footer_bg_l.jpg HTTP/1.1" 200 776
172.22.2.4 - - [12/Sep/2023:14:52:48 -0500] "GET /BLA/boletinlegal/img/0.png HTTP/1.1" 200 110
172.22.2.4 - - [12/Sep/2023:14:52:48 -0500] "GET /BLA/boletinlegal/img/select-left.png HTTP/1.1" 200 263
172.22.2.4 - - [12/Sep/2023:14:52:48 -0500] "GET /BLA/boletinlegal/img/select-right.png HTTP/1.1" 200 44019
172.22.2.4 - - [12/Sep/2023:14:52:48 -0500] "GET /BLA/boletinlegal/img/button.png HTTP/1.1" 200 43241
172.22.2.4 - - [12/Sep/2023:14:52:48 -0500] "GET /BLA/boletinlegal/img/button-left.png HTTP/1.1" 200 57071
172.22.2.4 - - [12/Sep/2023:14:52:48 -0500] "GET /BLA/boletinlegal/img/button-right.png HTTP/1.1" 200 57878
172.22.2.4 - - [12/Sep/2023:14:52:48 -0500] "GET /BLA/boletinlegal/favicon.ico HTTP/1.1" 404 1326
172.22.2.4 - - [12/Sep/2023:14:52:57 -0500] "GET /BLA/boletinlegal/consulta_actos.php?tipo=resoluciones&no=&usuario=&sector=&fecha=2017&resuelve= HTTP/1.1" 200 1023673
172.22.2.4 - - [12/Sep/2023:14:52:58 -0500] "GET /BLA/boletinlegal/images/pdf.gif HTTP/1.1" 200 567
172.22.2.4 - - [12/Sep/2023:14:52:58 -0500] "GET /BLA/boletinlegal/images/background.gif HTTP/1.1" 200 -
201.245.192.253 - - [12/Sep/2023:14:53:10 -0500] "POST /sipse/faces/presentacion/financiero/solicitudAnulacion/registrarSolicitudAnulacion.xhtml HTTP/1.1" 200 3868
172.22.2.4 - - [12/Sep/2023:14:52:39 -0500] "GET /BLA/boletinlegal/ HTTP/1.1" 200 32715
201.245.192.253 - - [12/Sep/2023:14:53:25 -0500] "POST /forms/lservlet;jsessionid=ac16012b30d6ec48b32ae6c641d48f3ac42886169fa3.e3iSbxaKaheRe34Rch0Ra3mLchv0n6jAmljGr5XDqQLvpAe HTTP/1.1" 200 2
172.22.2.4 - - [12/Sep/2023:14:53:43 -0500] "GET /BLA/boletinlegal/consulta_actos.php?tipo=resoluciones&no=2165&usuario=&sector=&fecha=2019&resuelve= HTTP/1.1" 200 1431
201.245.192.253 - - [12/Sep/2023:14:53:50 -0500] "GET /sipse/faces/javax.faces.resource/theme.css?ln=primefaces-sipse HTTP/1.1" 304 -
201.245.192.253 - - [12/Sep/2023:14:53:50 -0500] "GET /sipse/faces/faces/autenticacion.xhtml HTTP/1.1" 200 12192
201.245.192.253 - - [12/Sep/2023:14:53:50 -0500] "GET /sipse/faces/javax.faces.resource/theme.css?ln=primefaces-sipse HTTP/1.1" 304 -
201.245.192.253 - - [12/Sep/2023:14:53:50 -0500] "GET /sipse/faces/javax.faces.resource/primefaces.css?ln=primefaces&v=4.0 HTTP/1.1" 304 -
201.245.192.253 - - [12/Sep/2023:14:53:50 -0500] "GET /sipse/faces/javax.faces.resource/layout/layout.css?ln=primefaces&v=4.0 HTTP/1.1" 304 -
201.245.192.253 - - [12/Sep/2023:14:53:50 -0500] "GET /sipse/faces/javax.faces.resource/jquery/jquery.js?ln=primefaces&v=4.0 HTTP/1.1" 304 -
201.245.192.253 - - [12/Sep/2023:14:53:50 -0500] "GET /sipse/faces/javax.faces.resource/jquery/jquery-plugins.js?ln=primefaces&v=4.0 HTTP/1.1" 304 -
201.245.192.253 - - [12/Sep/2023:14:53:50 -0500] "GET /sipse/faces/javax.faces.resource/primefaces.js?ln=primefaces&v=4.0 HTTP/1.1" 304 -
201.245.192.253 - - [12/Sep/2023:14:53:50 -0500] "GET /sipse/faces/javax.faces.resource/layout/layout.js?ln=primefaces&v=4.0 HTTP/1.1" 304 -
201.245.192.253 - - [12/Sep/2023:14:53:50 -0500] "GET /sipse/faces/javax.faces.resource/images/ui-icons_898989_256x240.png?ln=primefaces-aristo HTTP/1.1" 304 -
216.244.66.195 - - [12/Sep/2023:14:54:04 -0500] "GET /BLA/resoluciones/RESOLUCIONES%202020/1009.pdf HTTP/1.1" 200 367123
181.54.236.238 - - [12/Sep/2023:14:54:04 -0500] "POST /BLA/boletinlegal/admin/actos/modificar.php HTTP/1.1" 200 6004
36.225.100.80 - - [12/Sep/2023:14:54:08 -0500] "GET / HTTP/1.1" 400 946
201.245.192.253 - - [12/Sep/2023:14:54:15 -0500] "POST /sipse/faces/presentacion/financiero/solicitudAnulacion/registrarSolicitudAnulacion.xhtml HTTP/1.1" 200 3873
216.244.66.195 - - [12/Sep/2023:14:54:18 -0500] "GET /BLA/resoluciones/AUTOS%202016/1927.pdf HTTP/1.1" 200 361449
201.245.192.253 - - [12/Sep/2023:14:54:28 -0500] "POST /sipse/faces/presentacion/financiero/solicitudAnulacion/registrarSolicitudAnulacion.xhtml HTTP/1.1" 200 3884
201.245.192.253 - - [12/Sep/2023:14:54:32 -0500] "POST /forms/lservlet;jsessionid=ac16012b30d67c93eb41c0fe4863bf03b6c32dc73e16.e3iSbxaKaheRe34Rch0Ra3mLchv0n6jAmljGr5XDqQLvpAe HTTP/1.1" 200 2
216.245.221.92 - - [12/Sep/2023:14:54:34 -0500] "HEAD / HTTP/1.1" 200 -
201.245.192.253 - - [12/Sep/2023:14:54:42 -0500] "POST /sipse/faces/presentacion/financiero/solicitudAnulacion/registrarSolicitudAnulacion.xhtml HTTP/1.1" 200 3886
172.22.2.4 - - [12/Sep/2023:14:54:50 -0500] "GET /BLA/boletinlegal/consulta_actos.php?tipo=resoluciones&no=1672&usuario=&sector=&fecha=2010&resuelve= HTTP/1.1" 200 1456
201.245.192.253 - - [12/Sep/2023:14:54:54 -0500] "POST /sipse/faces/presentacion/financiero/solicitudAnulacion/registrarSolicitudAnulacion.xhtml HTTP/1.1" 200 3891
216.244.66.195 - - [12/Sep/2023:14:54:59 -0500] "GET /BLA/resoluciones/AUTOS%202016/2160.pdf HTTP/1.1" 200 352681
36.225.100.80 - - [12/Sep/2023:14:55:08 -0500] "GET / HTTP/1.1" 400 946
201.245.192.253 - - [12/Sep/2023:14:55:16 -0500] "POST /sipse/faces/presentacion/financiero/solicitudAnulacion/registrarSolicitudAnulacion.xhtml HTTP/1.1" 200 3905
181.54.236.238 - - [12/Sep/2023:14:55:18 -0500] "GET /BLA/boletinlegal/tabla_files/orangebrownie.css HTTP/1.1" 404 1326
181.54.236.238 - - [12/Sep/2023:14:55:18 -0500] "GET /css/global/buttons.css HTTP/1.1" 404 1324
181.54.236.238 - - [12/Sep/2023:14:55:18 -0500] "GET /BLA/boletinlegal/admin/actos/mostrar.php HTTP/1.1" 200 362712
40.77.167.255 - - [12/Sep/2023:14:55:21 -0500] "GET /Publicaciones/2023EE208344.pdf HTTP/1.1" 200 232033
181.54.236.238 - - [12/Sep/2023:14:55:24 -0500] "GET /BLA/boletinlegal/tabla_files/orangebrownie.css HTTP/1.1" 404 1326
181.54.236.238 - - [12/Sep/2023:14:55:24 -0500] "GET /css/global/buttons.css HTTP/1.1" 404 1324
201.245.192.253 - - [12/Sep/2023:14:55:25 -0500] "POST /forms/lservlet;jsessionid=ac16012b30d6ec48b32ae6c641d48f3ac42886169fa3.e3iSbxaKaheRe34Rch0Ra3mLchv0n6jAmljGr5XDqQLvpAe HTTP/1.1" 200 2
181.54.236.238 - - [12/Sep/2023:14:55:24 -0500] "POST /BLA/boletinlegal/admin/actos/mostrar.php HTTP/1.1" 200 10742169
172.22.2.4 - - [12/Sep/2023:14:55:35 -0500] "GET /BLA/boletinlegal/consulta_actos.php?tipo=resoluciones&no=3157&usuario=&sector=&fecha=2015&resuelve= HTTP/1.1" 200 2063
216.244.66.195 - - [12/Sep/2023:14:55:43 -0500] "GET /BLA/resoluciones/AUTOS%202010/3855.pdf HTTP/1.1" 200 168361
201.245.192.253 - - [12/Sep/2023:14:55:48 -0500] "POST /sipse/faces/presentacion/financiero/solicitudAnulacion/registrarSolicitudAnulacion.xhtml HTTP/1.1" 200 3923
172.22.2.4 - - [12/Sep/2023:14:54:14 -0500] "HEAD /BLA/boletinlegal/ HTTP/1.1" 200 -
216.244.66.195 - - [12/Sep/2023:14:56:15 -0500] "GET /BLA/resoluciones/AUTOS%202010/5199.pdf HTTP/1.1" 200 156332
201.245.192.253 - - [12/Sep/2023:14:56:25 -0500] "POST /sipse/faces/presentacion/financiero/solicitudAnulacion/registrarSolicitudAnulacion.xhtml HTTP/1.1" 200 3965
201.245.192.253 - - [12/Sep/2023:14:56:33 -0500] "POST /forms/lservlet;jsessionid=ac16012b30d67c93eb41c0fe4863bf03b6c32dc73e16.e3iSbxaKaheRe34Rch0Ra3mLchv0n6jAmljGr5XDqQLvpAe HTTP/1.1" 200 2
181.54.236.238 - - [12/Sep/2023:14:56:42 -0500] "POST /BLA/boletinlegal/admin/actos/modificar.php HTTP/1.1" 200 6497
172.22.2.4 - - [12/Sep/2023:14:55:04 -0500] "GET /BLA/boletinlegal/ HTTP/1.1" 200 60342
172.22.2.4 - - [12/Sep/2023:14:56:48 -0500] "GET /BLA/boletinlegal/consulta_actos.php?tipo=resoluciones&no=1357&usuario=&sector=&fecha=2015&resuelve= HTTP/1.1" 200 626
216.244.66.195 - - [12/Sep/2023:14:56:48 -0500] "GET /BLA/resoluciones/AUTOS%202019/0422.pdf HTTP/1.1" 200 245103
172.22.2.4 - - [12/Sep/2023:14:57:01 -0500] "GET /BLA/boletinlegal/consulta_actos.php?tipo=resoluciones&no=3581&usuario=&sector=&fecha=2009&resuelve= HTTP/1.1" 200 2972
192.168.172.26 - - [12/Sep/2023:14:57:10 -0500] "GET /BLA/boletinlegal/consulta_actos.php?tipo=resoluciones&no=1221&usuario=&sector=&fecha=2023&resuelve= HTTP/1.1" 200 626
181.54.236.238 - - [12/Sep/2023:14:57:15 -0500] "POST /BLA/boletinlegal/admin/actos/modificar.php HTTP/1.1" 200 6004
201.245.192.253 - - [12/Sep/2023:14:57:25 -0500] "POST /forms/lservlet;jsessionid=ac16012b30d6ec48b32ae6c641d48f3ac42886169fa3.e3iSbxaKaheRe34Rch0Ra3mLchv0n6jAmljGr5XDqQLvpAe HTTP/1.1" 200 2
216.244.66.195 - - [12/Sep/2023:14:57:29 -0500] "GET /BLA/resoluciones/AUTOS%202019/0904.pdf HTTP/1.1" 200 329206
201.245.192.253 - - [12/Sep/2023:14:57:27 -0500] "POST /kwsrmcab/Wsrmcab  HTTP/1.1" 200 42865
201.245.192.253 - - [12/Sep/2023:14:57:29 -0500] "POST /sipse/faces/presentacion/financiero/solicitudAnulacion/registrarSolicitudAnulacion.xhtml HTTP/1.1" 200 3967
172.22.2.4 - - [12/Sep/2023:14:57:32 -0500] "GET /BLA/boletinlegal/consulta_actos.php?tipo=resoluciones&no=1672&usuario=&sector=&fecha=2010&resuelve= HTTP/1.1" 200 1519
172.22.2.4 - - [12/Sep/2023:14:57:57 -0500] "GET /BLA/boletinlegal/consulta_actos.php?tipo=resoluciones&no=1809&usuario=&sector=&fecha=2010&resuelve= HTTP/1.1" 200 1055
201.245.192.253 - - [12/Sep/2023:14:58:06 -0500] "POST /sipse/faces/presentacion/financiero/solicitudAnulacion/registrarSolicitudAnulacion.xhtml HTTP/1.1" 200 41932
201.245.192.253 - - [12/Sep/2023:14:58:06 -0500] "GET /sipse/css/custom_css_sg.css HTTP/1.1" 304 -
201.245.192.253 - - [12/Sep/2023:14:58:06 -0500] "GET /sipse/js/disable_browser_buttons.js HTTP/1.1" 304 -
201.245.192.253 - - [12/Sep/2023:14:58:06 -0500] "GET /sipse/faces/javax.faces.resource/primefaces.css?ln=primefaces&v=4.0 HTTP/1.1" 304 -
201.245.192.253 - - [12/Sep/2023:14:58:06 -0500] "GET /sipse/faces/javax.faces.resource/layout/layout.css?ln=primefaces&v=4.0 HTTP/1.1" 304 -
201.245.192.253 - - [12/Sep/2023:14:58:06 -0500] "GET /sipse/faces/javax.faces.resource/theme.css?ln=primefaces-sipse HTTP/1.1" 304 -
201.245.192.253 - - [12/Sep/2023:14:58:06 -0500] "GET /sipse/js/funciones.js HTTP/1.1" 304 -
201.245.192.253 - - [12/Sep/2023:14:58:06 -0500] "GET /sipse/faces/javax.faces.resource/jquery/jquery.js?ln=primefaces&v=4.0 HTTP/1.1" 304 -
201.245.192.253 - - [12/Sep/2023:14:58:06 -0500] "GET /sipse/faces/javax.faces.resource/jquery/jquery-plugins.js?ln=primefaces&v=4.0 HTTP/1.1" 304 -
201.245.192.253 - - [12/Sep/2023:14:58:06 -0500] "GET /sipse/faces/javax.faces.resource/primefaces.js?ln=primefaces&v=4.0 HTTP/1.1" 304 -
201.245.192.253 - - [12/Sep/2023:14:58:06 -0500] "GET /sipse/faces/javax.faces.resource/layout/layout.js?ln=primefaces&v=4.0 HTTP/1.1" 304 -
181.54.236.238 - - [12/Sep/2023:14:58:08 -0500] "GET /BLA/boletinlegal/tabla_files/orangebrownie.css HTTP/1.1" 404 1326
181.54.236.238 - - [12/Sep/2023:14:58:09 -0500] "GET /css/global/buttons.css HTTP/1.1" 404 1324
181.54.236.238 - - [12/Sep/2023:14:58:08 -0500] "GET /BLA/boletinlegal/admin/actos/mostrar.php HTTP/1.1" 200 362712
181.54.236.238 - - [12/Sep/2023:14:58:13 -0500] "GET /BLA/boletinlegal/tabla_files/orangebrownie.css HTTP/1.1" 404 1326
181.54.236.238 - - [12/Sep/2023:14:58:13 -0500] "GET /css/global/buttons.css HTTP/1.1" 404 1324
216.244.66.195 - - [12/Sep/2023:14:58:16 -0500] "GET /BLA/resoluciones/AUTOS%202019/1095.pdf HTTP/1.1" 200 289053
181.54.236.238 - - [12/Sep/2023:14:58:13 -0500] "POST /BLA/boletinlegal/admin/actos/mostrar.php HTTP/1.1" 200 10742232
201.245.192.253 - - [12/Sep/2023:14:58:20 -0500] "POST /sipse/faces/presentacion/financiero/solicitudProceso/consultar.xhtml HTTP/1.1" 200 10254
201.245.192.253 - - [12/Sep/2023:14:58:26 -0500] "POST /sipse/faces/presentacion/financiero/solicitudProceso/consultar.xhtml HTTP/1.1" 200 10266
201.245.192.253 - - [12/Sep/2023:14:58:33 -0500] "POST /forms/lservlet;jsessionid=ac16012b30d67c93eb41c0fe4863bf03b6c32dc73e16.e3iSbxaKaheRe34Rch0Ra3mLchv0n6jAmljGr5XDqQLvpAe HTTP/1.1" 200 2
201.245.192.253 - - [12/Sep/2023:14:58:40 -0500] "POST /sipse/faces/presentacion/financiero/solicitudProceso/consultar.xhtml HTTP/1.1" 200 10266
52.167.144.219 - - [12/Sep/2023:14:58:43 -0500] "GET /Publicaciones/2023EE207908.pdf HTTP/1.1" 200 231957
201.245.192.253 - - [12/Sep/2023:14:58:45 -0500] "POST /sipse/faces/presentacion/financiero/solicitudProceso/consultar.xhtml HTTP/1.1" 200 24277
52.167.144.219 - - [12/Sep/2023:14:58:52 -0500] "GET /Publicaciones/2023EE207825.pdf HTTP/1.1" 200 1171431
216.244.66.195 - - [12/Sep/2023:14:58:58 -0500] "GET /BLA/resoluciones/AUTOS%202019/1957.pdf HTTP/1.1" 200 327357
201.245.192.253 - - [12/Sep/2023:14:59:01 -0500] "POST /sipse/faces/presentacion/financiero/solicitudProceso/consultar.xhtml HTTP/1.1" 200 10266
181.54.236.238 - - [12/Sep/2023:14:59:15 -0500] "POST /BLA/boletinlegal/admin/actos/modificar.php HTTP/1.1" 200 6120
172.22.2.4 - - [12/Sep/2023:14:59:21 -0500] "GET /BLA/boletinlegal/favicon.ico HTTP/1.1" 404 1018
201.245.192.253 - - [12/Sep/2023:14:59:21 -0500] "POST /sipse/faces/presentacion/financiero/solicitudProceso/consultar.xhtml HTTP/1.1" 200 10266
201.245.192.253 - - [12/Sep/2023:14:59:23 -0500] "POST /sipse/faces/presentacion/financiero/solicitudProceso/consultar.xhtml HTTP/1.1" 200 10266
201.245.192.253 - - [12/Sep/2023:14:59:24 -0500] "POST /sipse/faces/presentacion/financiero/solicitudProceso/consultar.xhtml HTTP/1.1" 200 10266
201.245.192.253 - - [12/Sep/2023:14:59:24 -0500] "POST /sipse/faces/presentacion/financiero/solicitudProceso/consultar.xhtml HTTP/1.1" 200 10266
201.245.192.253 - - [12/Sep/2023:14:59:24 -0500] "POST /sipse/faces/presentacion/financiero/solicitudProceso/consultar.xhtml HTTP/1.1" 200 10266
201.245.192.253 - - [12/Sep/2023:14:59:25 -0500] "POST /sipse/faces/presentacion/financiero/solicitudProceso/consultar.xhtml HTTP/1.1" 200 10266
201.245.192.253 - - [12/Sep/2023:14:59:25 -0500] "POST /sipse/faces/presentacion/financiero/solicitudProceso/consultar.xhtml HTTP/1.1" 200 10266
201.245.192.253 - - [12/Sep/2023:14:59:25 -0500] "POST /sipse/faces/presentacion/financiero/solicitudProceso/consultar.xhtml HTTP/1.1" 200 10266
201.245.192.253 - - [12/Sep/2023:14:59:25 -0500] "POST /forms/lservlet;jsessionid=ac16012b30d6ec48b32ae6c641d48f3ac42886169fa3.e3iSbxaKaheRe34Rch0Ra3mLchv0n6jAmljGr5XDqQLvpAe HTTP/1.1" 200 2
201.245.192.253 - - [12/Sep/2023:14:59:26 -0500] "POST /sipse/faces/presentacion/financiero/solicitudProceso/consultar.xhtml HTTP/1.1" 200 37251
201.245.192.253 - - [12/Sep/2023:14:59:26 -0500] "GET /sipse/css/custom_css_sg_prime.css HTTP/1.1" 304 -
201.245.192.253 - - [12/Sep/2023:14:59:26 -0500] "GET /sipse/faces/javax.faces.resource/layout/layout.css?ln=primefaces&v=4.0 HTTP/1.1" 304 -
201.245.192.253 - - [12/Sep/2023:14:59:26 -0500] "GET /sipse/faces/javax.faces.resource/primefaces.css?ln=primefaces&v=4.0 HTTP/1.1" 304 -
201.245.192.253 - - [12/Sep/2023:14:59:26 -0500] "GET /sipse/faces/javax.faces.resource/theme.css?ln=primefaces-sipse HTTP/1.1" 304 -
201.245.192.253 - - [12/Sep/2023:14:59:26 -0500] "GET /sipse/faces/javax.faces.resource/fileupload/fileupload.css?ln=primefaces&v=4.0 HTTP/1.1" 304 -
201.245.192.253 - - [12/Sep/2023:14:59:26 -0500] "GET /sipse/js/jquery.min.js HTTP/1.1" 304 -
201.245.192.253 - - [12/Sep/2023:14:59:26 -0500] "GET /sipse/faces/javax.faces.resource/jquery/jquery.js?ln=primefaces&v=4.0 HTTP/1.1" 304 -
201.245.192.253 - - [12/Sep/2023:14:59:26 -0500] "GET /sipse/faces/javax.faces.resource/jquery/jquery-plugins.js?ln=primefaces&v=4.0 HTTP/1.1" 304 -
201.245.192.253 - - [12/Sep/2023:14:59:26 -0500] "GET /sipse/faces/javax.faces.resource/primefaces.js?ln=primefaces&v=4.0 HTTP/1.1" 304 -
201.245.192.253 - - [12/Sep/2023:14:59:26 -0500] "GET /sipse/faces/javax.faces.resource/layout/layout.js?ln=primefaces&v=4.0 HTTP/1.1" 304 -
201.245.192.253 - - [12/Sep/2023:14:59:26 -0500] "GET /sipse/faces/javax.faces.resource/fileupload/fileupload.js?ln=primefaces&v=4.0 HTTP/1.1" 304 -
201.245.192.253 - - [12/Sep/2023:14:59:28 -0500] "POST /sipse/faces/presentacion/financiero/solicitudAnulacion/registrarSolicitudAnulacion.xhtml HTTP/1.1" 200 41932
201.245.192.253 - - [12/Sep/2023:14:59:28 -0500] "GET /sipse/faces/javax.faces.resource/theme.css?ln=primefaces-sipse HTTP/1.1" 304 -
201.245.192.253 - - [12/Sep/2023:14:59:28 -0500] "GET /sipse/faces/javax.faces.resource/layout/layout.css?ln=primefaces&v=4.0 HTTP/1.1" 304 -
201.245.192.253 - - [12/Sep/2023:14:59:28 -0500] "GET /sipse/faces/javax.faces.resource/primefaces.css?ln=primefaces&v=4.0 HTTP/1.1" 304 -
201.245.192.253 - - [12/Sep/2023:14:59:28 -0500] "GET /sipse/faces/javax.faces.resource/jquery/jquery.js?ln=primefaces&v=4.0 HTTP/1.1" 304 -
201.245.192.253 - - [12/Sep/2023:14:59:28 -0500] "GET /sipse/faces/javax.faces.resource/jquery/jquery-plugins.js?ln=primefaces&v=4.0 HTTP/1.1" 304 -
201.245.192.253 - - [12/Sep/2023:14:59:28 -0500] "GET /sipse/faces/javax.faces.resource/primefaces.js?ln=primefaces&v=4.0 HTTP/1.1" 304 -
201.245.192.253 - - [12/Sep/2023:14:59:28 -0500] "GET /sipse/faces/javax.faces.resource/layout/layout.js?ln=primefaces&v=4.0 HTTP/1.1" 304 -
172.22.2.4 - - [12/Sep/2023:14:59:29 -0500] "GET /BLA/boletinlegal/consulta_actos.php?tipo=resoluciones&no=7139&usuario=&sector=&fecha=2010&resuelve= HTTP/1.1" 200 2127
201.245.192.253 - - [12/Sep/2023:14:59:32 -0500] "POST /sipse/faces/presentacion/financiero/solicitudProceso/consultar.xhtml HTTP/1.1" 200 10254
216.245.221.92 - - [12/Sep/2023:14:59:34 -0500] "HEAD / HTTP/1.1" 200 -
216.244.66.195 - - [12/Sep/2023:14:59:41 -0500] "GET /BLA/resoluciones/AUTOS%202019/2646.pdf HTTP/1.1" 200 265183
201.245.192.253 - - [12/Sep/2023:14:59:43 -0500] "POST /sipse/faces/presentacion/financiero/solicitudProceso/consultar.xhtml HTTP/1.1" 200 10266
172.22.2.4 - - [12/Sep/2023:14:59:44 -0500] "GET /BLA/boletinlegal/consulta_actos.php?tipo=resoluciones&no=7387&usuario=&sector=&fecha=2010&resuelve= HTTP/1.1" 200 1708
181.54.236.238 - - [12/Sep/2023:14:59:55 -0500] "POST /BLA/boletinlegal/admin/actos/modificar.php HTTP/1.1" 200 6004
216.244.66.195 - - [12/Sep/2023:15:00:21 -0500] "GET /BLA/resoluciones/AUTOS%202019/3205.pdf HTTP/1.1" 200 396688
201.245.192.253 - - [12/Sep/2023:15:00:33 -0500] "POST /forms/lservlet;jsessionid=ac16012b30d67c93eb41c0fe4863bf03b6c32dc73e16.e3iSbxaKaheRe34Rch0Ra3mLchv0n6jAmljGr5XDqQLvpAe HTTP/1.1" 200 2
69.63.184.116 - - [12/Sep/2023:15:00:34 -0500] "GET /conoce-las-medidas-de-prevencion-y-mitigacion-contempladas-en-la-alerta-fase-1-por-calidad-del-aire.html HTTP/1.1" 200 917
69.63.184.2 - - [12/Sep/2023:15:00:40 -0500] "GET /calidad-del-aire-en-bogota-afectada-de-nuevo-por-incendios-forestales-se-decreta-alerta-fase-1.html HTTP/1.1" 200 1057
216.244.66.195 - - [12/Sep/2023:15:01:09 -0500] "GET /BLA/resoluciones/AUTOS%202019/3306.pdf HTTP/1.1" 200 223495
201.245.192.253 - - [12/Sep/2023:15:01:25 -0500] "GET /sipse/faces/faces/autenticacion.xhtml HTTP/1.1" 200 12183
201.245.192.253 - - [12/Sep/2023:15:01:25 -0500] "GET /sipse/css/custom_css_sg.css HTTP/1.1" 200 9694
201.245.192.253 - - [12/Sep/2023:15:01:25 -0500] "GET /sipse/js/disable_browser_buttons.js HTTP/1.1" 304 -
201.245.192.253 - - [12/Sep/2023:15:01:25 -0500] "GET /sipse/js/funciones.js HTTP/1.1" 304 -
201.245.192.253 - - [12/Sep/2023:15:01:25 -0500] "GET /sipse/css/custom_css_sg_prime_login.css HTTP/1.1" 200 443
201.245.192.253 - - [12/Sep/2023:15:01:25 -0500] "GET /sipse/faces/javax.faces.resource/layout/layout.css?ln=primefaces&v=4.0 HTTP/1.1" 200 542
201.245.192.253 - - [12/Sep/2023:15:01:25 -0500] "GET /sipse/faces/javax.faces.resource/jquery/jquery.js?ln=primefaces&v=4.0 HTTP/1.1" 304 -
201.245.192.253 - - [12/Sep/2023:15:01:25 -0500] "GET /sipse/faces/javax.faces.resource/jquery/jquery-plugins.js?ln=primefaces&v=4.0 HTTP/1.1" 304 -
201.245.192.253 - - [12/Sep/2023:15:01:25 -0500] "GET /sipse/faces/javax.faces.resource/primefaces.js?ln=primefaces&v=4.0 HTTP/1.1" 304 -
201.245.192.253 - - [12/Sep/2023:15:01:25 -0500] "GET /sipse/faces/javax.faces.resource/layout/layout.js?ln=primefaces&v=4.0 HTTP/1.1" 304 -
201.245.192.253 - - [12/Sep/2023:15:01:25 -0500] "GET /sipse/faces/javax.faces.resource/theme.css?ln=primefaces-sipse HTTP/1.1" 200 50058
201.245.192.253 - - [12/Sep/2023:15:01:25 -0500] "GET /sipse/faces/javax.faces.resource/primefaces.css?ln=primefaces&v=4.0 HTTP/1.1" 200 53295
201.245.192.253 - - [12/Sep/2023:15:01:25 -0500] "GET /sipse/faces/javax.faces.resource/images/ui-icons_898989_256x240.png?ln=primefaces-aristo HTTP/1.1" 200 5355
201.245.192.253 - - [12/Sep/2023:15:01:25 -0500] "POST /forms/lservlet;jsessionid=ac16012b30d6ec48b32ae6c641d48f3ac42886169fa3.e3iSbxaKaheRe34Rch0Ra3mLchv0n6jAmljGr5XDqQLvpAe HTTP/1.1" 200 2
201.245.192.253 - - [12/Sep/2023:15:01:25 -0500] "GET /sipse/css/imagen/logoSDG.png HTTP/1.1" 200 53064
201.245.192.253 - - [12/Sep/2023:15:01:25 -0500] "GET /favicon.ico HTTP/1.1" 200 7782
201.245.192.253 - - [12/Sep/2023:15:01:25 -0500] "GET /sipse/css/imagen/loginimg.png HTTP/1.1" 200 71635
201.245.192.253 - - [12/Sep/2023:15:01:26 -0500] "GET /sipse/faces/faces/index.xhtml HTTP/1.1" 200 677
201.245.192.253 - - [12/Sep/2023:15:01:26 -0500] "GET /sipse/faces/javax.faces.resource/theme.css?ln=primefaces-sipse HTTP/1.1" 304 -
201.245.192.253 - - [12/Sep/2023:15:01:26 -0500] "GET /sipse/faces/faces/faces/autenticacion.xhtml HTTP/1.1" 200 12183
201.245.192.253 - - [12/Sep/2023:15:01:26 -0500] "GET /sipse/faces/javax.faces.resource/theme.css?ln=primefaces-sipse HTTP/1.1" 304 -
201.245.192.253 - - [12/Sep/2023:15:01:26 -0500] "GET /sipse/faces/javax.faces.resource/primefaces.css?ln=primefaces&v=4.0 HTTP/1.1" 304 -
201.245.192.253 - - [12/Sep/2023:15:01:26 -0500] "GET /sipse/faces/javax.faces.resource/layout/layout.css?ln=primefaces&v=4.0 HTTP/1.1" 304 -
201.245.192.253 - - [12/Sep/2023:15:01:26 -0500] "GET /sipse/faces/javax.faces.resource/jquery/jquery.js?ln=primefaces&v=4.0 HTTP/1.1" 304 -
201.245.192.253 - - [12/Sep/2023:15:01:26 -0500] "GET /sipse/faces/javax.faces.resource/jquery/jquery-plugins.js?ln=primefaces&v=4.0 HTTP/1.1" 304 -
201.245.192.253 - - [12/Sep/2023:15:01:26 -0500] "GET /sipse/faces/javax.faces.resource/primefaces.js?ln=primefaces&v=4.0 HTTP/1.1" 304 -
201.245.192.253 - - [12/Sep/2023:15:01:26 -0500] "GET /sipse/faces/javax.faces.resource/layout/layout.js?ln=primefaces&v=4.0 HTTP/1.1" 304 -
201.245.192.253 - - [12/Sep/2023:15:01:26 -0500] "GET /sipse/faces/javax.faces.resource/images/ui-icons_898989_256x240.png?ln=primefaces-aristo HTTP/1.1" 304 -
201.245.192.253 - - [12/Sep/2023:15:01:28 -0500] "POST /sipse/faces/autenticacion.xhtml HTTP/1.1" 200 11974
