200.75.42.226 - - [12/Sep/2023:10:17:08 -0500] "GET /sipse/faces/javax.faces.resource/theme.css?ln=primefaces-sipse HTTP/1.1" 304 -
200.75.42.226 - - [12/Sep/2023:10:17:08 -0500] "GET /sipse/faces/javax.faces.resource/primefaces.css?ln=primefaces&v=4.0 HTTP/1.1" 304 -
200.75.42.226 - - [12/Sep/2023:10:17:08 -0500] "GET /sipse/faces/javax.faces.resource/jquery/jquery.js?ln=primefaces&v=4.0 HTTP/1.1" 304 -
200.75.42.226 - - [12/Sep/2023:10:17:08 -0500] "GET /sipse/faces/javax.faces.resource/jquery/jquery-plugins.js?ln=primefaces&v=4.0 HTTP/1.1" 304 -
200.75.42.226 - - [12/Sep/2023:10:17:08 -0500] "GET /sipse/faces/javax.faces.resource/primefaces.js?ln=primefaces&v=4.0 HTTP/1.1" 304 -
200.75.42.226 - - [12/Sep/2023:10:17:08 -0500] "GET /sipse/faces/javax.faces.resource/layout/layout.js?ln=primefaces&v=4.0 HTTP/1.1" 304 -
200.75.42.226 - - [12/Sep/2023:10:17:08 -0500] "POST /sipse/faces/presentacion/financiero/solicitudProceso/listarSolicitudProceso.xhtml HTTP/1.1" 200 1552
200.75.42.226 - - [12/Sep/2023:10:17:09 -0500] "POST /sipse/faces/presentacion/financiero/solicitudProceso/listarSolicitudProceso.xhtml HTTP/1.1" 200 46391
200.75.42.226 - - [12/Sep/2023:10:17:10 -0500] "POST /sipse/faces/presentacion/financiero/solicitudProceso/listarSolicitudProceso.xhtml HTTP/1.1" 200 1556
200.75.42.226 - - [12/Sep/2023:10:17:11 -0500] "POST /sipse/faces/presentacion/financiero/solicitudProceso/listarSolicitudProceso.xhtml HTTP/1.1" 200 30669
200.75.42.226 - - [12/Sep/2023:10:17:11 -0500] "POST /sipse/faces/presentacion/financiero/solicitudProceso/listarSolicitudProceso.xhtml HTTP/1.1" 200 42720
186.102.101.130 - - [12/Sep/2023:10:17:15 -0500] "GET /BLA/resoluciones/index.php?dir=AUTOS+2009%2F HTTP/1.1" 200 399860
201.245.192.253 - - [12/Sep/2023:10:17:20 -0500] "POST /forms/lservlet;jsessionid=ac16012b30d6ec48b32ae6c641d48f3ac42886169fa3.e3iSbxaKaheRe34Rch0Ra3mLchv0n6jAmljGr5XDqQLvpAe HTTP/1.1" 200 2
200.75.42.226 - - [12/Sep/2023:10:17:22 -0500] "POST /sipse/faces/presentacion/financiero/solicitudProceso/listarSolicitudProceso.xhtml HTTP/1.1" 200 7005
200.75.42.226 - - [12/Sep/2023:10:17:23 -0500] "POST /sipse/faces/presentacion/financiero/solicitudProceso/listarSolicitudProceso.xhtml HTTP/1.1" 200 29791
200.75.42.226 - - [12/Sep/2023:10:17:24 -0500] "GET /sipse/faces/javax.faces.resource/theme.css?ln=primefaces-sipse HTTP/1.1" 304 -
200.75.42.226 - - [12/Sep/2023:10:17:24 -0500] "GET /sipse/faces/javax.faces.resource/primefaces.css?ln=primefaces&v=4.0 HTTP/1.1" 304 -
200.75.42.226 - - [12/Sep/2023:10:17:24 -0500] "GET /sipse/faces/javax.faces.resource/layout/layout.css?ln=primefaces&v=4.0 HTTP/1.1" 304 -
200.75.42.226 - - [12/Sep/2023:10:17:24 -0500] "GET /sipse/faces/javax.faces.resource/jquery/jquery.js?ln=primefaces&v=4.0 HTTP/1.1" 304 -
200.75.42.226 - - [12/Sep/2023:10:17:24 -0500] "GET /sipse/faces/javax.faces.resource/jquery/jquery-plugins.js?ln=primefaces&v=4.0 HTTP/1.1" 304 -
200.75.42.226 - - [12/Sep/2023:10:17:24 -0500] "GET /sipse/faces/javax.faces.resource/primefaces.js?ln=primefaces&v=4.0 HTTP/1.1" 304 -
200.75.42.226 - - [12/Sep/2023:10:17:24 -0500] "GET /sipse/faces/javax.faces.resource/layout/layout.js?ln=primefaces&v=4.0 HTTP/1.1" 304 -
200.75.42.226 - - [12/Sep/2023:10:17:24 -0500] "POST /sipse/faces/presentacion/sistema/reporte/listarReportes.xhtml HTTP/1.1" 200 23207
200.75.42.226 - - [12/Sep/2023:10:17:32 -0500] "POST /sipse/faces/presentacion/sistema/reporte/listarReportes.xhtml HTTP/1.1" 200 28608
200.75.42.226 - - [12/Sep/2023:10:17:32 -0500] "POST /sipse/faces/presentacion/sistema/reporte/listarReportes.xhtml HTTP/1.1" 200 28608
200.75.42.226 - - [12/Sep/2023:10:17:33 -0500] "POST /sipse/faces/presentacion/sistema/reporte/listarReportes.xhtml HTTP/1.1" 200 28608
200.75.42.226 - - [12/Sep/2023:10:17:35 -0500] "POST /sipse/faces/presentacion/sistema/reporte/listarReportes.xhtml HTTP/1.1" 200 23207
200.75.42.226 - - [12/Sep/2023:10:17:36 -0500] "POST /sipse/faces/presentacion/sistema/reporte/listarReportes.xhtml HTTP/1.1" 200 23207
200.75.42.226 - - [12/Sep/2023:10:17:36 -0500] "POST /sipse/faces/presentacion/sistema/reporte/listarReportes.xhtml HTTP/1.1" 200 23207
200.75.42.226 - - [12/Sep/2023:10:17:44 -0500] "POST /sipse/faces/presentacion/sistema/reporte/listarReportes.xhtml HTTP/1.1" 200 24085
200.75.42.226 - - [12/Sep/2023:10:17:45 -0500] "GET /sipse/faces/javax.faces.resource/theme.css?ln=primefaces-sipse HTTP/1.1" 304 -
200.75.42.226 - - [12/Sep/2023:10:17:45 -0500] "GET /sipse/faces/javax.faces.resource/primefaces.css?ln=primefaces&v=4.0 HTTP/1.1" 304 -
200.75.42.226 - - [12/Sep/2023:10:17:45 -0500] "GET /sipse/faces/javax.faces.resource/layout/layout.css?ln=primefaces&v=4.0 HTTP/1.1" 304 -
200.75.42.226 - - [12/Sep/2023:10:17:45 -0500] "GET /sipse/faces/javax.faces.resource/jquery/jquery.js?ln=primefaces&v=4.0 HTTP/1.1" 304 -
200.75.42.226 - - [12/Sep/2023:10:17:45 -0500] "GET /sipse/faces/javax.faces.resource/jquery/jquery-plugins.js?ln=primefaces&v=4.0 HTTP/1.1" 304 -
200.75.42.226 - - [12/Sep/2023:10:17:45 -0500] "GET /sipse/faces/javax.faces.resource/primefaces.js?ln=primefaces&v=4.0 HTTP/1.1" 304 -
200.75.42.226 - - [12/Sep/2023:10:17:45 -0500] "GET /sipse/faces/javax.faces.resource/layout/layout.js?ln=primefaces&v=4.0 HTTP/1.1" 304 -
200.75.42.226 - - [12/Sep/2023:10:18:04 -0500] "POST /sipse/faces/presentacion/sistema/reporte/ventanaVerReporteParametros.xhtml HTTP/1.1" 200 29791
200.75.42.226 - - [12/Sep/2023:10:18:04 -0500] "GET /sipse/faces/javax.faces.resource/theme.css?ln=primefaces-sipse HTTP/1.1" 304 -
200.75.42.226 - - [12/Sep/2023:10:18:04 -0500] "GET /sipse/faces/javax.faces.resource/primefaces.css?ln=primefaces&v=4.0 HTTP/1.1" 304 -
200.75.42.226 - - [12/Sep/2023:10:18:04 -0500] "GET /sipse/faces/javax.faces.resource/layout/layout.css?ln=primefaces&v=4.0 HTTP/1.1" 304 -
200.75.42.226 - - [12/Sep/2023:10:18:04 -0500] "GET /sipse/faces/javax.faces.resource/jquery/jquery.js?ln=primefaces&v=4.0 HTTP/1.1" 304 -
200.75.42.226 - - [12/Sep/2023:10:18:04 -0500] "GET /sipse/faces/javax.faces.resource/jquery/jquery-plugins.js?ln=primefaces&v=4.0 HTTP/1.1" 304 -
200.75.42.226 - - [12/Sep/2023:10:18:04 -0500] "GET /sipse/faces/javax.faces.resource/primefaces.js?ln=primefaces&v=4.0 HTTP/1.1" 304 -
200.75.42.226 - - [12/Sep/2023:10:18:04 -0500] "GET /sipse/faces/javax.faces.resource/layout/layout.js?ln=primefaces&v=4.0 HTTP/1.1" 304 -
201.245.192.253 - - [12/Sep/2023:10:18:06 -0500] "POST /forms/lservlet;jsessionid=ac16012b30d67c93eb41c0fe4863bf03b6c32dc73e16.e3iSbxaKaheRe34Rch0Ra3mLchv0n6jAmljGr5XDqQLvpAe HTTP/1.1" 200 2
200.75.42.226 - - [12/Sep/2023:10:18:09 -0500] "POST /sipse/faces/presentacion/sistema/reporte/listarReportes.xhtml HTTP/1.1" 200 24078
200.75.42.226 - - [12/Sep/2023:10:18:10 -0500] "GET /sipse/faces/javax.faces.resource/jquery/jquery.js?ln=primefaces&v=4.0 HTTP/1.1" 304 -
200.75.42.226 - - [12/Sep/2023:10:18:10 -0500] "GET /sipse/faces/javax.faces.resource/theme.css?ln=primefaces-sipse HTTP/1.1" 304 -
200.75.42.226 - - [12/Sep/2023:10:18:10 -0500] "GET /sipse/faces/javax.faces.resource/primefaces.css?ln=primefaces&v=4.0 HTTP/1.1" 304 -
200.75.42.226 - - [12/Sep/2023:10:18:10 -0500] "GET /sipse/faces/javax.faces.resource/layout/layout.css?ln=primefaces&v=4.0 HTTP/1.1" 304 -
200.75.42.226 - - [12/Sep/2023:10:18:10 -0500] "GET /sipse/faces/javax.faces.resource/primefaces.js?ln=primefaces&v=4.0 HTTP/1.1" 304 -
200.75.42.226 - - [12/Sep/2023:10:18:10 -0500] "GET /sipse/faces/javax.faces.resource/jquery/jquery-plugins.js?ln=primefaces&v=4.0 HTTP/1.1" 304 -
200.75.42.226 - - [12/Sep/2023:10:18:10 -0500] "GET /sipse/faces/javax.faces.resource/layout/layout.js?ln=primefaces&v=4.0 HTTP/1.1" 304 -
200.75.42.226 - - [12/Sep/2023:10:18:14 -0500] "POST /sipse/faces/presentacion/sistema/reporte/ventanaVerReporteParametros.xhtml HTTP/1.1" 200 35570
200.75.42.226 - - [12/Sep/2023:10:18:15 -0500] "GET /sipse/faces/javax.faces.resource/primefaces.css?ln=primefaces&v=4.0 HTTP/1.1" 304 -
200.75.42.226 - - [12/Sep/2023:10:18:15 -0500] "GET /sipse/faces/javax.faces.resource/theme.css?ln=primefaces-sipse HTTP/1.1" 304 -
200.75.42.226 - - [12/Sep/2023:10:18:15 -0500] "GET /sipse/faces/javax.faces.resource/layout/layout.css?ln=primefaces&v=4.0 HTTP/1.1" 304 -
200.75.42.226 - - [12/Sep/2023:10:18:15 -0500] "GET /sipse/faces/javax.faces.resource/jquery/jquery.js?ln=primefaces&v=4.0 HTTP/1.1" 304 -
200.75.42.226 - - [12/Sep/2023:10:18:15 -0500] "GET /sipse/faces/javax.faces.resource/jquery/jquery-plugins.js?ln=primefaces&v=4.0 HTTP/1.1" 304 -
200.75.42.226 - - [12/Sep/2023:10:18:15 -0500] "GET /sipse/faces/javax.faces.resource/primefaces.js?ln=primefaces&v=4.0 HTTP/1.1" 304 -
200.75.42.226 - - [12/Sep/2023:10:18:15 -0500] "GET /sipse/faces/javax.faces.resource/layout/layout.js?ln=primefaces&v=4.0 HTTP/1.1" 304 -
200.75.42.226 - - [12/Sep/2023:10:18:24 -0500] "POST /sipse/faces/presentacion/sistema/reporte/listarReportes.xhtml HTTP/1.1" 200 28608
200.75.42.226 - - [12/Sep/2023:10:18:24 -0500] "POST /sipse/faces/presentacion/sistema/reporte/listarReportes.xhtml HTTP/1.1" 200 28608
200.75.42.226 - - [12/Sep/2023:10:18:26 -0500] "POST /sipse/faces/presentacion/sistema/reporte/listarReportes.xhtml HTTP/1.1" 200 28608
200.75.42.226 - - [12/Sep/2023:10:18:26 -0500] "POST /sipse/faces/presentacion/sistema/reporte/listarReportes.xhtml HTTP/1.1" 200 28608
201.245.192.253 - - [12/Sep/2023:10:18:27 -0500] "POST /kwsrmcab/Wsrmcab  HTTP/1.1" 200 42865
200.75.42.226 - - [12/Sep/2023:10:18:33 -0500] "POST /sipse/faces/presentacion/sistema/reporte/listarReportes.xhtml HTTP/1.1" 200 23207
201.245.192.253 - - [12/Sep/2023:10:18:31 -0500] "POST /kwsrmcab/Wsrmcab HTTP/1.1" 200 40172
200.75.42.226 - - [12/Sep/2023:10:18:33 -0500] "POST /sipse/faces/presentacion/sistema/reporte/listarReportes.xhtml HTTP/1.1" 200 23207
201.245.192.253 - - [12/Sep/2023:10:18:34 -0500] "POST /kwsrmcab/Wsrmcab HTTP/1.1" 200 42133
200.122.210.122 - - [12/Sep/2023:10:18:43 -0500] "GET /sipse/faces/javax.faces.resource/theme.css?ln=primefaces-sipse HTTP/1.1" 304 -
200.122.210.122 - - [12/Sep/2023:10:18:42 -0500] "POST /sipse/faces/presentacion/financiero/solicitudProceso/consultarSolicitudProceso.xhtml HTTP/1.1" 200 45662
200.122.210.122 - - [12/Sep/2023:10:18:43 -0500] "GET /sipse/faces/javax.faces.resource/primefaces.css?ln=primefaces&v=4.0 HTTP/1.1" 304 -
200.122.210.122 - - [12/Sep/2023:10:18:43 -0500] "GET /sipse/faces/javax.faces.resource/layout/layout.css?ln=primefaces&v=4.0 HTTP/1.1" 304 -
200.122.210.122 - - [12/Sep/2023:10:18:43 -0500] "GET /sipse/faces/javax.faces.resource/jquery/jquery.js?ln=primefaces&v=4.0 HTTP/1.1" 304 -
200.122.210.122 - - [12/Sep/2023:10:18:43 -0500] "GET /sipse/faces/javax.faces.resource/jquery/jquery-plugins.js?ln=primefaces&v=4.0 HTTP/1.1" 304 -
200.122.210.122 - - [12/Sep/2023:10:18:43 -0500] "GET /sipse/faces/javax.faces.resource/primefaces.js?ln=primefaces&v=4.0 HTTP/1.1" 304 -
200.122.210.122 - - [12/Sep/2023:10:18:43 -0500] "GET /sipse/faces/javax.faces.resource/layout/layout.js?ln=primefaces&v=4.0 HTTP/1.1" 304 -
200.122.210.122 - - [12/Sep/2023:10:18:43 -0500] "GET /sipse/faces/javax.faces.resource/images/ui-icons_898989_256x240.png?ln=primefaces-aristo HTTP/1.1" 304 -
200.122.210.122 - - [12/Sep/2023:10:18:43 -0500] "GET /sipse/css/imagen/contrasena.png HTTP/1.1" 404 383
200.75.42.226 - - [12/Sep/2023:10:18:44 -0500] "POST /sipse/faces/presentacion/sistema/reporte/listarReportes.xhtml HTTP/1.1" 200 24085
200.75.42.226 - - [12/Sep/2023:10:18:44 -0500] "GET /sipse/faces/javax.faces.resource/primefaces.css?ln=primefaces&v=4.0 HTTP/1.1" 304 -
200.75.42.226 - - [12/Sep/2023:10:18:44 -0500] "GET /sipse/faces/javax.faces.resource/theme.css?ln=primefaces-sipse HTTP/1.1" 304 -
200.75.42.226 - - [12/Sep/2023:10:18:44 -0500] "GET /sipse/faces/javax.faces.resource/layout/layout.css?ln=primefaces&v=4.0 HTTP/1.1" 304 -
200.75.42.226 - - [12/Sep/2023:10:18:44 -0500] "GET /sipse/faces/javax.faces.resource/jquery/jquery.js?ln=primefaces&v=4.0 HTTP/1.1" 304 -
200.75.42.226 - - [12/Sep/2023:10:18:44 -0500] "GET /sipse/faces/javax.faces.resource/jquery/jquery-plugins.js?ln=primefaces&v=4.0 HTTP/1.1" 304 -
200.75.42.226 - - [12/Sep/2023:10:18:44 -0500] "GET /sipse/faces/javax.faces.resource/primefaces.js?ln=primefaces&v=4.0 HTTP/1.1" 304 -
200.75.42.226 - - [12/Sep/2023:10:18:44 -0500] "GET /sipse/faces/javax.faces.resource/layout/layout.js?ln=primefaces&v=4.0 HTTP/1.1" 304 -
200.122.210.122 - - [12/Sep/2023:10:18:44 -0500] "GET /sipse/faces/javax.faces.resource/images/ui-bg_flat_0_2d5972_40x100.png?ln=primefaces-aristo HTTP/1.1" 304 -
200.122.210.122 - - [12/Sep/2023:10:18:44 -0500] "POST /sipse/faces/presentacion/financiero/solicitudProceso/consultar.xhtml HTTP/1.1" 200 12886
200.122.210.122 - - [12/Sep/2023:10:18:46 -0500] "POST /sipse/faces/presentacion/financiero/solicitudProceso/consultar.xhtml HTTP/1.1" 200 148973
200.122.210.122 - - [12/Sep/2023:10:18:46 -0500] "GET /sipse/faces/javax.faces.resource/primefaces.css?ln=primefaces&v=4.0 HTTP/1.1" 304 -
200.122.210.122 - - [12/Sep/2023:10:18:46 -0500] "GET /sipse/faces/javax.faces.resource/layout/layout.css?ln=primefaces&v=4.0 HTTP/1.1" 304 -
200.122.210.122 - - [12/Sep/2023:10:18:46 -0500] "GET /sipse/faces/javax.faces.resource/theme.css?ln=primefaces-sipse HTTP/1.1" 304 -
200.122.210.122 - - [12/Sep/2023:10:18:46 -0500] "GET /sipse/faces/javax.faces.resource/jquery/jquery.js?ln=primefaces&v=4.0 HTTP/1.1" 304 -
200.122.210.122 - - [12/Sep/2023:10:18:46 -0500] "GET /sipse/faces/javax.faces.resource/jquery/jquery-plugins.js?ln=primefaces&v=4.0 HTTP/1.1" 304 -
200.122.210.122 - - [12/Sep/2023:10:18:47 -0500] "GET /sipse/faces/javax.faces.resource/primefaces.js?ln=primefaces&v=4.0 HTTP/1.1" 304 -
200.122.210.122 - - [12/Sep/2023:10:18:47 -0500] "GET /sipse/faces/javax.faces.resource/layout/layout.js?ln=primefaces&v=4.0 HTTP/1.1" 304 -
172.22.2.4 - - [12/Sep/2023:10:18:48 -0500] "GET /BLA/boletinlegal/actos.php HTTP/1.1" 200 9682
172.22.2.4 - - [12/Sep/2023:10:18:48 -0500] "GET /BLA/boletinlegal/styles2.css HTTP/1.1" 200 1838
172.22.2.4 - - [12/Sep/2023:10:18:48 -0500] "GET /BLA/boletinlegal/niceforms-default.css HTTP/1.1" 200 6694
172.22.2.4 - - [12/Sep/2023:10:18:48 -0500] "GET /BLA/boletinlegal/style.css HTTP/1.1" 200 9406
172.22.2.4 - - [12/Sep/2023:10:18:48 -0500] "GET /BLA/boletinlegal/js/ajax_actos.js HTTP/1.1" 200 1322
172.22.2.4 - - [12/Sep/2023:10:18:48 -0500] "GET /BLA/boletinlegal/niceforms.js HTTP/1.1" 200 22876
172.22.2.4 - - [12/Sep/2023:10:18:48 -0500] "GET /BLA/boletinlegal/js/lib.js HTTP/1.1" 200 6474
172.22.2.4 - - [12/Sep/2023:10:18:48 -0500] "GET /BLA/boletinlegal/js/popup.js HTTP/1.1" 200 1270
172.22.2.4 - - [12/Sep/2023:10:18:48 -0500] "GET /BLA/boletinlegal/js/jquery1.js HTTP/1.1" 200 29846
172.22.2.4 - - [12/Sep/2023:10:18:48 -0500] "GET /BLA/boletinlegal/images/cabezote%20BLEGAL.jpg HTTP/1.1" 200 118164
172.22.2.4 - - [12/Sep/2023:10:18:48 -0500] "GET /BLA/boletinlegal/images/subscribe-icon-big.png HTTP/1.1" 200 47702
172.22.2.4 - - [12/Sep/2023:10:18:48 -0500] "GET /BLA/boletinlegal/images/historia.png HTTP/1.1" 200 52775
172.22.2.4 - - [12/Sep/2023:10:18:48 -0500] "GET /BLA/boletinlegal/images/registro-usuarios.png HTTP/1.1" 200 8106
172.22.2.4 - - [12/Sep/2023:10:18:48 -0500] "GET /BLA/boletinlegal/images/green-yellow-blue-pink-th.png HTTP/1.1" 200 7394
172.22.2.4 - - [12/Sep/2023:10:18:48 -0500] "GET /BLA/boletinlegal/images/tel.png HTTP/1.1" 200 14477
172.22.2.4 - - [12/Sep/2023:10:18:48 -0500] "GET /BLA/boletinlegal/images/icono-email.png HTTP/1.1" 200 5544
172.22.2.4 - - [12/Sep/2023:10:18:48 -0500] "GET /BLA/boletinlegal/images/body_bg.jpg HTTP/1.1" 200 1601
172.22.2.4 - - [12/Sep/2023:10:18:48 -0500] "GET /BLA/boletinlegal/images/menu_lft.gif HTTP/1.1" 200 1713
172.22.2.4 - - [12/Sep/2023:10:18:48 -0500] "GET /BLA/boletinlegal/images/menu_rght.gif HTTP/1.1" 200 1627
172.22.2.4 - - [12/Sep/2023:10:18:48 -0500] "GET /BLA/boletinlegal/images/bg_top.jpg HTTP/1.1" 200 522
172.22.2.4 - - [12/Sep/2023:10:18:48 -0500] "GET /BLA/boletinlegal/images/menu_bg.jpg HTTP/1.1" 200 620
172.22.2.4 - - [12/Sep/2023:10:18:48 -0500] "GET /BLA/boletinlegal/images/hover.jpg HTTP/1.1" 200 640
172.22.2.4 - - [12/Sep/2023:10:18:48 -0500] "GET /BLA/boletinlegal/images/text.jpg HTTP/1.1" 200 568
172.22.2.4 - - [12/Sep/2023:10:18:48 -0500] "GET /BLA/boletinlegal/images/footer_bg.jpg HTTP/1.1" 200 586
172.22.2.4 - - [12/Sep/2023:10:18:48 -0500] "GET /BLA/boletinlegal/images/footer_bg_l.jpg HTTP/1.1" 200 776
172.22.2.4 - - [12/Sep/2023:10:18:48 -0500] "GET /BLA/boletinlegal/img/0.png HTTP/1.1" 200 110
172.22.2.4 - - [12/Sep/2023:10:18:48 -0500] "GET /BLA/boletinlegal/img/select-left.png HTTP/1.1" 200 263
172.22.2.4 - - [12/Sep/2023:10:18:48 -0500] "GET /BLA/boletinlegal/img/select-right.png HTTP/1.1" 200 44019
172.22.2.4 - - [12/Sep/2023:10:18:48 -0500] "GET /BLA/boletinlegal/img/button-left.png HTTP/1.1" 200 57071
172.22.2.4 - - [12/Sep/2023:10:18:48 -0500] "GET /BLA/boletinlegal/img/button.png HTTP/1.1" 200 43241
172.22.2.4 - - [12/Sep/2023:10:18:48 -0500] "GET /BLA/boletinlegal/img/button-right.png HTTP/1.1" 200 57878
172.22.2.4 - - [12/Sep/2023:10:18:48 -0500] "GET /BLA/boletinlegal/favicon.ico HTTP/1.1" 404 1326
200.122.210.122 - - [12/Sep/2023:10:18:50 -0500] "POST /sipse/faces/presentacion/financiero/solicitudProceso/consultarSolicitudProceso.xhtml HTTP/1.1" 200 175981
186.28.31.212 - - [12/Sep/2023:10:18:51 -0500] "GET /BLA/resoluciones/ HTTP/1.1" 200 13696
186.28.31.212 - - [12/Sep/2023:10:18:51 -0500] "GET /BLA/resoluciones/dlf/styles.css HTTP/1.1" 200 3049
186.28.31.212 - - [12/Sep/2023:10:18:51 -0500] "GET /BLA/resoluciones/dlf/folder.png HTTP/1.1" 200 410
186.28.31.212 - - [12/Sep/2023:10:18:51 -0500] "GET /BLA/resoluciones/dlf/bg.gif HTTP/1.1" 200 54
186.28.31.212 - - [12/Sep/2023:10:18:51 -0500] "GET /favicon.ico HTTP/1.1" 200 7782
66.249.70.196 - - [12/Sep/2023:10:18:53 -0500] "GET /BLA/resoluciones/AUTOS%202008/1964.pdf HTTP/1.1" 200 91704
186.28.31.212 - - [12/Sep/2023:10:18:58 -0500] "GET /BLA/resoluciones/dlf/dirup.png HTTP/1.1" 200 644
186.28.31.212 - - [12/Sep/2023:10:18:58 -0500] "GET /BLA/resoluciones/dlf/pdf.gif HTTP/1.1" 200 272
186.28.31.212 - - [12/Sep/2023:10:18:57 -0500] "GET /BLA/resoluciones/index.php?dir=RESOLUCIONES+2009%2F HTTP/1.1" 200 1694101
200.75.42.226 - - [12/Sep/2023:10:19:02 -0500] "POST /sipse/faces/presentacion/sistema/reporte/ventanaVerReporteParametros.xhtml HTTP/1.1" 200 29791
200.75.42.226 - - [12/Sep/2023:10:19:02 -0500] "GET /sipse/faces/javax.faces.resource/theme.css?ln=primefaces-sipse HTTP/1.1" 304 -
200.75.42.226 - - [12/Sep/2023:10:19:02 -0500] "GET /sipse/faces/javax.faces.resource/layout/layout.css?ln=primefaces&v=4.0 HTTP/1.1" 304 -
200.75.42.226 - - [12/Sep/2023:10:19:02 -0500] "GET /sipse/faces/javax.faces.resource/primefaces.css?ln=primefaces&v=4.0 HTTP/1.1" 304 -
200.75.42.226 - - [12/Sep/2023:10:19:03 -0500] "GET /sipse/faces/javax.faces.resource/jquery/jquery.js?ln=primefaces&v=4.0 HTTP/1.1" 304 -
200.75.42.226 - - [12/Sep/2023:10:19:03 -0500] "GET /sipse/faces/javax.faces.resource/jquery/jquery-plugins.js?ln=primefaces&v=4.0 HTTP/1.1" 304 -
200.75.42.226 - - [12/Sep/2023:10:19:03 -0500] "GET /sipse/faces/javax.faces.resource/primefaces.js?ln=primefaces&v=4.0 HTTP/1.1" 304 -
200.75.42.226 - - [12/Sep/2023:10:19:03 -0500] "GET /sipse/faces/javax.faces.resource/layout/layout.js?ln=primefaces&v=4.0 HTTP/1.1" 304 -
200.75.42.226 - - [12/Sep/2023:10:19:03 -0500] "POST /sipse/faces/presentacion/sistema/reporte/listarReportes.xhtml HTTP/1.1" 200 23207
200.75.42.226 - - [12/Sep/2023:10:19:04 -0500] "POST /sipse/faces/presentacion/sistema/reporte/listarReportes.xhtml HTTP/1.1" 200 23207
186.155.18.70 - - [12/Sep/2023:10:19:07 -0500] "GET /kwssiamovil/sm/acme/a?s=U2FsdGVkX1+9f7EYtndjbUdkzRCtK3DvtGRXgjykg5G+nDk59OeUqtVUuLm8L2BQToVElPaNy/9F9T3c7ziNRdLHrrohBmSXOeVPdtnqvvw2DrCPF3UHNObYG6oEbKDWD8vKbG4hWQTyYnrvk5yK76+d+bvgOvQ4Y3FNv7viLL9FFu3st0sqwG7RyV/VUhWv37YorD7nrg7uIzb54hiU897H66aW1/8QBnVI8NhxCQtGw7x9X08MK9KWICCW42jD8b/kQFBoVtbPcKRqSPIhWw==&u=U2FsdGVkX18DYEzOSGHzhYn9JynZyzIJ/be8GYuLUOI=&y=U2FsdGVkX1+K0PTYyrwaGpsEpiWHRWdOPFsryR6/shU= HTTP/1.1" 200 26
186.155.18.70 - - [12/Sep/2023:10:19:07 -0500] "GET /kwssiamovil/sm/acme/a?s=U2FsdGVkX18t+gtOMhYfzb+T3r1eFcKpv4nECw1oS2jk0AVKYVAYwvClzxVySzGRivocZR34PKqh/mpWi0URzd0Ky7pznpILUvE/TZ9dfOZswmTsJ7MB/IWwg/LxtYSWp9OAcuiyqO5h27nj8ewxw9ilk1xtR6ys9kX7s0+E2CYtxiiJTGRhVU9m9b1DKmG6V5y8wIlBhm6RCjX4oXFLGkvSrUq7TihINnaaiExXiLY7WqOxUKqsO5CK4ZUfkJX5el9cSXju4fYvo+COfKJZ+GnkHrBn5Mih3XFH4JfCb+2o52L5ggrCkD0o4KUfdCGe6rKj2f4iFtCOGmFIwAL2CCV5UZE55zaX+r1iXNFogXpj2PsoApnXyceCujmW67jEQyNwJeWzOuascJqtY6IVKbInvnoOnWbicabKJ+36UlXLhR5QuVZJMOHSAmVFbe/3yuxQtESalYYZCUx+KQ2dtTQ7Vt4WKq9ro7vor0xRwneXgBb86vgClhD2srAXFCfKC38Z9vYrBiwmfRIXSI1B4lHBcjckwALnBXSVmlM+GUUtgxDO5YI1YknQ+3FPpct3m/yiO8ncq+2VWHVQwnVI8JJDAOS8wnFcOnP3ytfu6pcAmD/edCIk0s+41rBcMjWQyMyULYdsz+AizQYu0EAJO3sCdzlmq0AEj0U9h2pe87DhLjjg7XUiZhmRgW1OsKKBfPR5Zs7CPxFCx/IJWO6fOZW1T27BCA0hsxziKLE9Vtza9DjkE594gwqSrfTUDybGKPecxCAGR1PzmEzav2Gl3824HrE1eHxNAxD7ORof0bZUxIcezrSFN9XtYEzj7pG5ftsv1IY+HMmFNYjejfKJKUO3iEdLrxK24RqS6elYwV5LqOOjfXcEIzLelbZH+1+Je0C08Y6geP0drgQt1EUMREJyexkTZkOSsqQ/WENhzX38Qvvj1jZM5/pM5LYvUdNI0OSQy2roVj5X2eaGoCcN7fDiqXmvb5GZOVj6hWc7As/O/l3hzG6OW7+R3uRsJShfXdthXbWA6N2cQ6yEI8lMyyLNowrs7ZjYaG08mEVwt2QkAeFILrrpnCQFSe28A+Bz+QzDQ75i06mbr1sd3AzCEBTvQ/qZR6DvQyXWs5x5coqxh/f4qj5mXHjkxciJdQ6yG2HziLKcdkNblDTseKyEmKF97tGyYDpxSnSFBaUiIk5exZWQE557G5hnTrZRMxXGIHpGtaZrhGHc+LGU5XLORjKPhMUfTDqJvuzWbORa+HNE1qZdBlskmfa3oOz4UqQbc7kcbQZvuQJrc/IeqkX8e7SkfxUHbQOLKz7PYIiaiBiru9Bjvjel+EJiRYmS9ghdB1xsk5xPN8JhJYqbLgPSplEpRUvX9RoOK9Tor093bRDRNydVNvycZyvUfd89tqjZE7U/KA+gOB76nP8uQepRFfpOSidJ5JVxAtG1gd+wDOKF4VaFpDs4BGVEflKtVDM4bHzOE0IkDXUO+qpJSC/tgJBLaxslW/XKH6w9mVagE2l3fDSJ/+CN2FQGCmrVxlTmKa+mhJXILAEyJCxSlCTORFbW9z32aozLLpsfm0T06F/8/4Bn/Oa5iz4svNvkdd6BQwe100ItZiB4MWuQjS3KASej/d10P+4VYQkaLZffQTeEm5qirI1LjsLBwCmRhWuoVgpz4VtPgmjdEl1F5iuRZYPblfPISEVsT3OwcrmuNFLAK2WK8phyF8s2Zmhg4pyyemWZ3CtAxsfVB+SfQ3/NNphM+K4Iot2i1E+GyIyta+MNC0CgZ5qj5BiXUtrq3wqGFFA21y/91elYl3vW3vyuQDVHm6lE1ZB4V/ZQkuDIpVZkYkU+pxhZJSaNNm1pldS7+zPWbJ2lQEkU39HOmFPRQHHxlxnOT6ygokHvsg8JfaXCHZEm8pbz91apEA/SMqSzJw60cY41SouC2/rZeXn3BNXx9VeiUIabqtYw8IhmtucEdbbHhO4trsUex0DXtf0qnDhDTTD+yS32CJb7TAEG4b5S39xnLvYGg8O/DftUmXGxzhQYD66DlG4ttdTvB5Ck&u=U2FsdGVkX18DYEzOSGHzhYn9JynZyzIJ/be8GYuLUOI=&y=U2FsdGVkX1+K0PTYyrwaGpsEpiWHRWdOPFsryR6/shU= HTTP/1.1" 200 26
186.155.18.70 - - [12/Sep/2023:10:19:07 -0500] "GET /kwssiamovil/sm/acme/a?s=U2FsdGVkX19+RcomAqIB4acsIrDYGeXQytNfslLbuSgFQ8v/D390PBGigIJNuIUanXWZOsaA1RYAAPx2lTydUvcObBI1VTK28fONRIxsnGHzHSATW93noXMEQR7T75W/4iKCDTZWZ8dChyRJ0d7xnQ5OMGJMdgfnYJosWhjhVNc=&u=U2FsdGVkX18DYEzOSGHzhYn9JynZyzIJ/be8GYuLUOI=&y=U2FsdGVkX1+K0PTYyrwaGpsEpiWHRWdOPFsryR6/shU= HTTP/1.1" 200 26
186.155.18.70 - - [12/Sep/2023:10:19:08 -0500] "GET /kwssiamovil/sm/acme/a?s=U2FsdGVkX18mxxW+fSe+M57S9Cr7vxHXbea4udizZH9d4Lip/SoAUef7Ld8oFGHps2cxae2jmXxb81/aYGemunjReFHhynBhlCoLEkdDCXB7TR2y1tGrxTFeVLltbQhnxeLzwO8RiiLtvFfKQtCLuPJHpoc2VnDIIikPyWu1ECU=&u=U2FsdGVkX18DYEzOSGHzhYn9JynZyzIJ/be8GYuLUOI=&y=U2FsdGVkX1+K0PTYyrwaGpsEpiWHRWdOPFsryR6/shU= HTTP/1.1" 200 26
186.155.18.70 - - [12/Sep/2023:10:19:08 -0500] "GET /kwssiamovil/sm/acme/a?s=U2FsdGVkX1/UzVAQ2w9cyMjTrsE3AIyTzhw4Od7DRIs393Zf7eSZGKuNeSdH9Iu0M2mvX+IhxGPk0qYPJizVzHwLTu9nwzCjsnoeITX8LQe5vuVzgzXTKGhqJAKb5ddye75Y7gdNgJ7KV1fiNPYv7JgVBAfgelVp9FuI21Zyk5s=&u=U2FsdGVkX18DYEzOSGHzhYn9JynZyzIJ/be8GYuLUOI=&y=U2FsdGVkX1+K0PTYyrwaGpsEpiWHRWdOPFsryR6/shU= HTTP/1.1" 200 26
186.155.18.70 - - [12/Sep/2023:10:19:08 -0500] "GET /kwssiamovil/sm/acme/a?s=U2FsdGVkX1+9wzQrp58a4AfQJHAYia+LtCxqe/c98jPXvOZV/Rix10ggY+u8GGUvylUhaw7WQFiO+bx1CN3xmjyjsh9fhTbUhkOy7NvscFyHAJcpLoNk3fZPWxWp/QCbdba0a/QtT7sCzSiCmWN0/KrvN8gwDHdGPENxTtcBp+Mkht4p+tHCjGvf+GWq1WSr&u=U2FsdGVkX18DYEzOSGHzhYn9JynZyzIJ/be8GYuLUOI=&y=U2FsdGVkX1+K0PTYyrwaGpsEpiWHRWdOPFsryR6/shU= HTTP/1.1" 200 26
200.75.42.226 - - [12/Sep/2023:10:19:08 -0500] "POST /sipse/faces/presentacion/sistema/reporte/listarReportes.xhtml HTTP/1.1" 200 24078
200.75.42.226 - - [12/Sep/2023:10:19:09 -0500] "GET /sipse/faces/javax.faces.resource/primefaces.css?ln=primefaces&v=4.0 HTTP/1.1" 304 -
200.75.42.226 - - [12/Sep/2023:10:19:09 -0500] "GET /sipse/faces/javax.faces.resource/layout/layout.css?ln=primefaces&v=4.0 HTTP/1.1" 304 -
200.75.42.226 - - [12/Sep/2023:10:19:09 -0500] "GET /sipse/faces/javax.faces.resource/theme.css?ln=primefaces-sipse HTTP/1.1" 304 -
200.75.42.226 - - [12/Sep/2023:10:19:09 -0500] "GET /sipse/faces/javax.faces.resource/jquery/jquery.js?ln=primefaces&v=4.0 HTTP/1.1" 304 -
200.75.42.226 - - [12/Sep/2023:10:19:09 -0500] "GET /sipse/faces/javax.faces.resource/primefaces.js?ln=primefaces&v=4.0 HTTP/1.1" 304 -
200.75.42.226 - - [12/Sep/2023:10:19:09 -0500] "GET /sipse/faces/javax.faces.resource/jquery/jquery-plugins.js?ln=primefaces&v=4.0 HTTP/1.1" 304 -
200.75.42.226 - - [12/Sep/2023:10:19:09 -0500] "GET /sipse/faces/javax.faces.resource/layout/layout.js?ln=primefaces&v=4.0 HTTP/1.1" 304 -
186.28.31.212 - - [12/Sep/2023:10:19:11 -0500] "GET /BLA/resoluciones/RESOLUCIONES%202009/0575.pdf HTTP/1.1" 200 348407
201.245.192.253 - - [12/Sep/2023:10:19:20 -0500] "POST /forms/lservlet;jsessionid=ac16012b30d6ec48b32ae6c641d48f3ac42886169fa3.e3iSbxaKaheRe34Rch0Ra3mLchv0n6jAmljGr5XDqQLvpAe HTTP/1.1" 200 2
216.245.221.92 - - [12/Sep/2023:10:19:34 -0500] "HEAD / HTTP/1.1" 200 -
186.28.31.212 - - [12/Sep/2023:10:19:41 -0500] "GET /BLA/resoluciones/index.php?dir=RESOLUCIONES+2011%2F HTTP/1.1" 200 746823
201.245.192.253 - - [12/Sep/2023:10:19:51 -0500] "POST /sipse/faces/presentacion/financiero/solicitudProceso/consultarSolicitudProceso.xhtml HTTP/1.1" 200 36525
201.245.192.253 - - [12/Sep/2023:10:19:51 -0500] "GET /sipse/faces/javax.faces.resource/theme.css?ln=primefaces-sipse HTTP/1.1" 304 -
201.245.192.253 - - [12/Sep/2023:10:19:51 -0500] "GET /sipse/faces/javax.faces.resource/primefaces.css?ln=primefaces&v=4.0 HTTP/1.1" 304 -
201.245.192.253 - - [12/Sep/2023:10:19:51 -0500] "GET /sipse/faces/javax.faces.resource/layout/layout.css?ln=primefaces&v=4.0 HTTP/1.1" 304 -
201.245.192.253 - - [12/Sep/2023:10:19:51 -0500] "GET /sipse/faces/javax.faces.resource/jquery/jquery.js?ln=primefaces&v=4.0 HTTP/1.1" 304 -
201.245.192.253 - - [12/Sep/2023:10:19:51 -0500] "GET /sipse/faces/javax.faces.resource/jquery/jquery-plugins.js?ln=primefaces&v=4.0 HTTP/1.1" 304 -
201.245.192.253 - - [12/Sep/2023:10:19:51 -0500] "GET /sipse/css/imagen/contrasena.png HTTP/1.1" 404 383
201.245.192.253 - - [12/Sep/2023:10:19:51 -0500] "GET /sipse/faces/javax.faces.resource/primefaces.js?ln=primefaces&v=4.0 HTTP/1.1" 304 -
201.245.192.253 - - [12/Sep/2023:10:19:51 -0500] "GET /sipse/faces/javax.faces.resource/layout/layout.js?ln=primefaces&v=4.0 HTTP/1.1" 304 -
201.245.192.253 - - [12/Sep/2023:10:19:51 -0500] "GET /sipse/faces/javax.faces.resource/images/ui-icons_898989_256x240.png?ln=primefaces-aristo HTTP/1.1" 304 -
201.245.192.253 - - [12/Sep/2023:10:19:51 -0500] "POST /sipse/faces/presentacion/financiero/solicitudProceso/listarSolicitudProceso.xhtml HTTP/1.1" 200 29908
201.245.192.253 - - [12/Sep/2023:10:19:51 -0500] "GET /sipse/faces/javax.faces.resource/images/ui-bg_flat_0_2d5972_40x100.png?ln=primefaces-aristo HTTP/1.1" 304 -
201.245.192.253 - - [12/Sep/2023:10:19:51 -0500] "POST /sipse/faces/presentacion/financiero/solicitudProceso/listarSolicitudProceso.xhtml HTTP/1.1" 200 29908
201.245.192.253 - - [12/Sep/2023:10:19:52 -0500] "POST /sipse/faces/presentacion/financiero/solicitudProceso/listarSolicitudProceso.xhtml HTTP/1.1" 200 1404
201.245.192.253 - - [12/Sep/2023:10:19:52 -0500] "POST /sipse/faces/presentacion/financiero/solicitudProceso/listarSolicitudProceso.xhtml HTTP/1.1" 200 1392
201.245.192.253 - - [12/Sep/2023:10:19:52 -0500] "POST /sipse/faces/presentacion/financiero/solicitudProceso/listarSolicitudProceso.xhtml HTTP/1.1" 200 1408
186.102.81.186 - - [12/Sep/2023:10:20:00 -0500] "GET /kwssiamovil/sm/ldap/au?x=U2FsdGVkX19xRSqqVZ/2DryiMzWPyQ/iXsvyoBDHpcG9NdcUaH7037HtjzVwO9W7&y=U2FsdGVkX19aQpbAyizdcyDmU+3OIqEk/V8mdtjXmR8= HTTP/1.1" 200 30
186.102.81.186 - - [12/Sep/2023:10:20:01 -0500] "GET /kwssiamovil/sm/acme/s?s=U2FsdGVkX1/U5sJK3mbGz0AWQ5y7u1ssxvtDw3qb/isj62n/ivjLmfa4Zd3WErEobu7i9u0f2FGG/a7tsIQ6famrZ4nUzdcXoLlneHVhZ68=&u=U2FsdGVkX1+8m2ear/ckBDLaZlJF3KVicG33uf2VQEk=&y=U2FsdGVkX19aQpbAyizdcyDmU+3OIqEk/V8mdtjXmR8= HTTP/1.1" 200 97
186.102.81.186 - - [12/Sep/2023:10:20:01 -0500] "GET /kwssiamovil/sm/acme/s?s=U2FsdGVkX19tvCgzItgRFttlZML2MEaT0ltJpP8YxRnDcUChrP7W+i7hOewp0azBTC4hZa7qhDbUa9KjhOw+nLqb3HLhO70Ezp9PX8bzFPFH33HKK/zUCYG2QXC1SuAHLz3rkWYSegm7kNNy7EH0SXPIrXG9PMSTyAFWVgph/T5mHAIXGn8OgpV8TJWB+qeQjjfxFF7+LtN3z1ysCV7pUpJ9qPuveHAmcHwLARbTNS4hEgOhamlptFMARHcqFg/0lh49Bl4vl6bLFe6QFPqJ63QCqx6XdEMKgB2lPvOMC2ee51yd/fYKILIYZCWhucb7KRwfHbUfmXAEZKG6PmYp98IesFt/TCWY0pDQA+43H+Qxw8uDQSDOz6O2Ky8D6GDTnlf9MP9iYPpP4NdM9hF36riU2xvsC2A8grH8FQcP/2vobd8gD/I+AXOL+mXFKAqYyz5AllpJn4ZsEokRw91K/wYqd60EMkO9Hhqf2v6cSqKw+Fj/K8usId0TyvEMhv+F6Ppj4NfXVy9aYkcJOcZCdHqwgSMfrpDb7QN8xT7RvCpjIdpfVU15GDOtc/4e0FZlCfTeyT21GSNgUhJDkxpNcjnEt7xkes2s29KhPeVmT7YFHeKzu6Q/264l03PHIjZdy8nJIP80Ij7tHja8fjH5RiRQ7/+BAllEF70qkNrZwMU5MQrs13OffGAVZv5M682iGfm1zqtTj+snAw8YdkQSkJv3HZmd0L7VvE4jgGL5Df9VspYGWcu7dgCL2DIsHoc/p5u86ZRghNdce0UfU0bCDu8W71vrmZ4vZXNp4b1JwmSEEXO3quv1wucZlgvE3dl7S+I9liSc2K+WdbUJkHToxDFKNxRtKNafKGW6mrTFXXYX82zhVCcPZgMYMqcvz89g5ESQYSJfQhf/nrN74XiV/scqXSzUee24j0yS8hfQeE7Eh3Firf7Oeo7l4oiNhl1E/CQpOMRZDjqNxebgQr6mdfwBNxEfL4Xm4AGW8ILe+PsGs/5H2zCUe+tXaEVw8stcaAU3w4FVJXPKbPeiCWy1oWL3TkWNwRwtw/gkns9lgY6eDzypKOPpiI2/0SZq9n6g3ZvzgRYVYcVVwRvDq4fawa335fJoCGSL+zhIRP/oqSv+n8n1tvY5d8ZQy4gxtGPl3ZPFV3Rpfn7m/7WHRTJ/EhO7m6HTodXQmKcOfHKe2cXLKP/xLsKuMEWFObwDCELIwdyfgRGJzL71HfrH11aZ+rQjtdq4ZN/D5NNuG5FJWtTHh3NY3QnVqkE1MjdJ2a8SI4OhijH/j8MQsHetfzEsKdAfAJbDrA03BHh/ttqwOBSoUB5+cqNlDgA+NFY+XuUBOAOorCuV29BAudZKOGNlNRS9mvfkBbTZ37pK5wUCMP5o3UFUchKltbr5TgiYXun+uFqK++Qne+4FkkYzP2HlMT5toyo/GIKUpAHIizKC5qU=&u=U2FsdGVkX1+8m2ear/ckBDLaZlJF3KVicG33uf2VQEk=&y=U2FsdGVkX19aQpbAyizdcyDmU+3OIqEk/V8mdtjXmR8= HTTP/1.1" 200 956
186.102.81.186 - - [12/Sep/2023:10:20:01 -0500] "GET /kwssiamovil/sm/acme/s?s=U2FsdGVkX1+UbzW95AIDjSylEVB3NmXY6dIsW8nW1dy0B5YQPWZEgdxaji/Wd+tYWUkFnnWwWVRSy3Qb7eqyxbr2StHbigPXimXL43L+Pgs4ah9H/YbJgbKAk7oi9T0RZQd80XttI7djMpeXAvgSbJvg90dreHEB7LxtFiwfpojFx71+WhskT5kx8aJl02RbDCP6gxjkNIIZbdopMOog63aAVKzfNGSWxq8AvWO2QoinNZUMEt11CLhB+uQ6G+oSGoeyFN6Fw72BUWZtL+eCcg1W64VTwPn2PMINah8U7cxmXGiUVjF+6UUuVyBVVZ5dF2jqSelZUGL2jQPfzeMOJg==&u=U2FsdGVkX1+8m2ear/ckBDLaZlJF3KVicG33uf2VQEk=&y=U2FsdGVkX19aQpbAyizdcyDmU+3OIqEk/V8mdtjXmR8= HTTP/1.1" 200 196
186.102.81.186 - - [12/Sep/2023:10:20:01 -0500] "GET /kwssiamovil/sm/cjson/pre?f=1&x=U2FsdGVkX19xRSqqVZ/2DryiMzWPyQ/iXsvyoBDHpcG9NdcUaH7037HtjzVwO9W7 HTTP/1.1" 200 31032
186.102.101.130 - - [12/Sep/2023:10:19:51 -0500] "GET /BLA/resoluciones/index.php?dir=RESOLUCIONES+2009%2F HTTP/1.1" 200 1694101
201.245.192.253 - - [12/Sep/2023:10:20:06 -0500] "POST /forms/lservlet;jsessionid=ac16012b30d67c93eb41c0fe4863bf03b6c32dc73e16.e3iSbxaKaheRe34Rch0Ra3mLchv0n6jAmljGr5XDqQLvpAe HTTP/1.1" 200 2
186.102.101.130 - - [12/Sep/2023:10:20:11 -0500] "GET /BLA/resoluciones/RESOLUCIONES%202009/3501.pdf HTTP/1.1" 200 697486
186.102.81.186 - - [12/Sep/2023:10:20:11 -0500] "GET /kwssiamovil/sm/acme/u?s=U2FsdGVkX19OXJU6EWprMZKqOHswFSwtAwiHGeWlORBsOxpGe0X5fw/LswEqvf9T8cISX2sSmxkgEaVu+C5LFWu8VmbiUuZoo67DvpitJVgqAm6svDExKpRgmj6rTEHNzAG92RK9BKA1ESCFAvPFAUnxiHKCiukKlWX6xh5Gyk8=&u=U2FsdGVkX1+8m2ear/ckBDLaZlJF3KVicG33uf2VQEk=&y=U2FsdGVkX19aQpbAyizdcyDmU+3OIqEk/V8mdtjXmR8= HTTP/1.1" 200 60
216.244.66.195 - - [12/Sep/2023:10:20:14 -0500] "GET /BLA/resoluciones/AUTOS%202016/0112.pdf HTTP/1.1" 200 449337
186.28.31.212 - - [12/Sep/2023:10:20:24 -0500] "GET /BLA/resoluciones/ HTTP/1.1" 200 13696
186.28.31.212 - - [12/Sep/2023:10:20:28 -0500] "GET /BLA/resoluciones/index.php?dir=RESOLUCIONES+2009%2F HTTP/1.1" 200 1694101
216.244.66.195 - - [12/Sep/2023:10:20:45 -0500] "GET /BLA/resoluciones/AUTOS%202016/1149.pdf HTTP/1.1" 200 340205
66.249.66.84 - - [12/Sep/2023:10:21:16 -0500] "GET / HTTP/1.1" 200 319
66.249.66.84 - - [12/Sep/2023:10:21:17 -0500] "GET /favicon.ico HTTP/1.1" 200 7782
201.245.192.253 - - [12/Sep/2023:10:21:20 -0500] "POST /forms/lservlet;jsessionid=ac16012b30d6ec48b32ae6c641d48f3ac42886169fa3.e3iSbxaKaheRe34Rch0Ra3mLchv0n6jAmljGr5XDqQLvpAe HTTP/1.1" 200 2
200.122.210.122 - - [12/Sep/2023:10:21:24 -0500] "POST /sipse/faces/presentacion/financiero/solicitudProceso/consultarSolicitudProceso.xhtml HTTP/1.1" 200 45582
200.122.210.122 - - [12/Sep/2023:10:21:24 -0500] "GET /sipse/js/disable_browser_buttons.js HTTP/1.1" 304 -
200.122.210.122 - - [12/Sep/2023:10:21:24 -0500] "GET /sipse/faces/javax.faces.resource/primefaces.css?ln=primefaces&v=4.0 HTTP/1.1" 304 -
200.122.210.122 - - [12/Sep/2023:10:21:24 -0500] "GET /sipse/css/custom_css_sg.css HTTP/1.1" 304 -
200.122.210.122 - - [12/Sep/2023:10:21:24 -0500] "GET /sipse/css/custom_css_sg_prime.css HTTP/1.1" 304 -
200.122.210.122 - - [12/Sep/2023:10:21:24 -0500] "GET /sipse/faces/javax.faces.resource/theme.css?ln=primefaces-sipse HTTP/1.1" 304 -
200.122.210.122 - - [12/Sep/2023:10:21:24 -0500] "GET /sipse/faces/javax.faces.resource/layout/layout.css?ln=primefaces&v=4.0 HTTP/1.1" 304 -
200.122.210.122 - - [12/Sep/2023:10:21:24 -0500] "GET /sipse/js/jquery.min.js HTTP/1.1" 304 -
200.122.210.122 - - [12/Sep/2023:10:21:24 -0500] "GET /sipse/js/funciones.js HTTP/1.1" 304 -
200.122.210.122 - - [12/Sep/2023:10:21:24 -0500] "GET /sipse/faces/javax.faces.resource/jquery/jquery.js?ln=primefaces&v=4.0 HTTP/1.1" 304 -
200.122.210.122 - - [12/Sep/2023:10:21:24 -0500] "GET /sipse/faces/javax.faces.resource/primefaces.js?ln=primefaces&v=4.0 HTTP/1.1" 304 -
200.122.210.122 - - [12/Sep/2023:10:21:24 -0500] "GET /sipse/faces/javax.faces.resource/layout/layout.js?ln=primefaces&v=4.0 HTTP/1.1" 304 -
200.122.210.122 - - [12/Sep/2023:10:21:24 -0500] "GET /sipse/faces/javax.faces.resource/jquery/jquery-plugins.js?ln=primefaces&v=4.0 HTTP/1.1" 304 -
200.122.210.122 - - [12/Sep/2023:10:21:24 -0500] "GET /sipse/imagenes/cargando.gif HTTP/1.1" 304 -
200.122.210.122 - - [12/Sep/2023:10:21:26 -0500] "POST /sipse/faces/presentacion/financiero/solicitudProceso/consultar.xhtml HTTP/1.1" 200 12883
200.122.210.122 - - [12/Sep/2023:10:21:27 -0500] "POST /sipse/faces/presentacion/financiero/solicitudProceso/consultar.xhtml HTTP/1.1" 200 157906
200.122.210.122 - - [12/Sep/2023:10:21:28 -0500] "GET /sipse/faces/javax.faces.resource/layout/layout.css?ln=primefaces&v=4.0 HTTP/1.1" 304 -
200.122.210.122 - - [12/Sep/2023:10:21:28 -0500] "GET /sipse/faces/javax.faces.resource/primefaces.css?ln=primefaces&v=4.0 HTTP/1.1" 304 -
200.122.210.122 - - [12/Sep/2023:10:21:28 -0500] "GET /sipse/faces/javax.faces.resource/theme.css?ln=primefaces-sipse HTTP/1.1" 304 -
200.122.210.122 - - [12/Sep/2023:10:21:28 -0500] "GET /sipse/faces/javax.faces.resource/jquery/jquery.js?ln=primefaces&v=4.0 HTTP/1.1" 304 -
200.122.210.122 - - [12/Sep/2023:10:21:28 -0500] "GET /sipse/faces/javax.faces.resource/jquery/jquery-plugins.js?ln=primefaces&v=4.0 HTTP/1.1" 304 -
200.122.210.122 - - [12/Sep/2023:10:21:28 -0500] "GET /sipse/faces/javax.faces.resource/primefaces.js?ln=primefaces&v=4.0 HTTP/1.1" 304 -
200.122.210.122 - - [12/Sep/2023:10:21:28 -0500] "GET /sipse/faces/javax.faces.resource/layout/layout.js?ln=primefaces&v=4.0 HTTP/1.1" 304 -
200.122.210.122 - - [12/Sep/2023:10:21:30 -0500] "POST /sipse/faces/presentacion/financiero/solicitudProceso/consultarSolicitudProceso.xhtml HTTP/1.1" 200 264554
216.244.66.195 - - [12/Sep/2023:10:21:31 -0500] "GET /BLA/resoluciones/AUTOS%202016/2946.pdf HTTP/1.1" 200 418286
172.22.2.4 - - [12/Sep/2023:10:20:04 -0500] "HEAD /BLA/boletinlegal/ HTTP/1.1" 200 -
186.102.101.130 - - [12/Sep/2023:10:21:52 -0500] "GET /BLA/resoluciones/RESOLUCIONES%202009/4733.pdf HTTP/1.1" 200 1168180
201.245.192.253 - - [12/Sep/2023:10:22:06 -0500] "POST /forms/lservlet;jsessionid=ac16012b30d67c93eb41c0fe4863bf03b6c32dc73e16.e3iSbxaKaheRe34Rch0Ra3mLchv0n6jAmljGr5XDqQLvpAe HTTP/1.1" 200 2
216.244.66.195 - - [12/Sep/2023:10:22:22 -0500] "GET /BLA/resoluciones/RESOLUCIONES%202016/0768.pdf HTTP/1.1" 200 4632826
64.124.8.43 - - [12/Sep/2023:10:22:23 -0500] "GET /robots.txt HTTP/1.1" 404 1035
64.124.8.43 - - [12/Sep/2023:10:22:23 -0500] "GET /portaldeninos/humedal-el-burro-2/ HTTP/1.1" 200 87926
172.22.2.4 - - [12/Sep/2023:10:20:55 -0500] "GET /BLA/boletinlegal/ HTTP/1.1" 200 60692
186.102.101.130 - - [12/Sep/2023:10:22:54 -0500] "GET /BLA/resoluciones/ HTTP/1.1" 200 13696
186.102.101.130 - - [12/Sep/2023:10:22:59 -0500] "GET /BLA/resoluciones/index.php?dir=RESOLUCIONES+2010%2F HTTP/1.1" 200 1307967
186.102.101.130 - - [12/Sep/2023:10:23:12 -0500] "GET /BLA/resoluciones/RESOLUCIONES%202010/2990.pdf HTTP/1.1" 200 668356
216.244.66.195 - - [12/Sep/2023:10:23:12 -0500] "GET /BLA/resoluciones/RESOLUCIONES%202016/0925.pdf HTTP/1.1" 200 340347
201.245.192.253 - - [12/Sep/2023:10:23:20 -0500] "POST /forms/lservlet;jsessionid=ac16012b30d6ec48b32ae6c641d48f3ac42886169fa3.e3iSbxaKaheRe34Rch0Ra3mLchv0n6jAmljGr5XDqQLvpAe HTTP/1.1" 200 2
201.245.192.253 - - [12/Sep/2023:10:23:26 -0500] "POST /kwsrmcab/Wsrmcab  HTTP/1.1" 200 42865
66.249.70.196 - - [12/Sep/2023:10:23:45 -0500] "GET /BLA/resoluciones/RESOLUCIONES%202009/0794.pdf HTTP/1.1" 200 405476
201.245.192.253 - - [12/Sep/2023:10:23:51 -0500] "POST /sipse/faces/presentacion/financiero/solicitudProceso/consultar.xhtml HTTP/1.1" 200 32420
201.245.192.253 - - [12/Sep/2023:10:23:51 -0500] "GET /sipse/faces/javax.faces.resource/jquery/jquery.js?ln=primefaces&v=4.0 HTTP/1.1" 304 -
201.245.192.253 - - [12/Sep/2023:10:23:51 -0500] "GET /sipse/faces/javax.faces.resource/jquery/jquery-plugins.js?ln=primefaces&v=4.0 HTTP/1.1" 304 -
201.245.192.253 - - [12/Sep/2023:10:23:51 -0500] "GET /sipse/faces/javax.faces.resource/primefaces.js?ln=primefaces&v=4.0 HTTP/1.1" 304 -
201.245.192.253 - - [12/Sep/2023:10:23:51 -0500] "GET /sipse/faces/javax.faces.resource/layout/layout.js?ln=primefaces&v=4.0 HTTP/1.1" 304 -
201.245.192.253 - - [12/Sep/2023:10:23:51 -0500] "POST /sipse/faces/presentacion/financiero/solicitudProceso/listarSolicitudProceso.xhtml HTTP/1.1" 200 25802
201.245.192.253 - - [12/Sep/2023:10:23:51 -0500] "POST /sipse/faces/presentacion/financiero/solicitudProceso/listarSolicitudProceso.xhtml HTTP/1.1" 200 1376
201.245.192.253 - - [12/Sep/2023:10:23:51 -0500] "POST /sipse/faces/presentacion/financiero/solicitudProceso/listarSolicitudProceso.xhtml HTTP/1.1" 200 1388
201.245.192.253 - - [12/Sep/2023:10:23:52 -0500] "POST /sipse/faces/presentacion/financiero/solicitudProceso/listarSolicitudProceso.xhtml HTTP/1.1" 200 41975
201.245.192.253 - - [12/Sep/2023:10:23:52 -0500] "GET /sipse/faces/javax.faces.resource/jquery/jquery.js?ln=primefaces&v=4.0 HTTP/1.1" 304 -
201.245.192.253 - - [12/Sep/2023:10:23:52 -0500] "GET /sipse/faces/javax.faces.resource/jquery/jquery-plugins.js?ln=primefaces&v=4.0 HTTP/1.1" 304 -
201.245.192.253 - - [12/Sep/2023:10:23:52 -0500] "GET /sipse/faces/javax.faces.resource/primefaces.js?ln=primefaces&v=4.0 HTTP/1.1" 304 -
201.245.192.253 - - [12/Sep/2023:10:23:52 -0500] "GET /sipse/faces/javax.faces.resource/layout/layout.js?ln=primefaces&v=4.0 HTTP/1.1" 304 -
201.245.192.253 - - [12/Sep/2023:10:23:52 -0500] "POST /sipse/faces/presentacion/financiero/solicitudProceso/consultar.xhtml HTTP/1.1" 200 35383
201.245.192.253 - - [12/Sep/2023:10:23:52 -0500] "POST /sipse/faces/presentacion/financiero/solicitudProceso/consultar.xhtml HTTP/1.1" 200 35383
201.245.192.253 - - [12/Sep/2023:10:23:59 -0500] "POST /sipse/faces/presentacion/financiero/solicitudProceso/consultar.xhtml HTTP/1.1" 200 12776
216.244.66.195 - - [12/Sep/2023:10:24:01 -0500] "GET /BLA/resoluciones/RESOLUCIONES%202016/2418.pdf HTTP/1.1" 200 299209
201.245.192.253 - - [12/Sep/2023:10:24:02 -0500] "POST /sipse/faces/presentacion/financiero/solicitudProceso/consultar.xhtml HTTP/1.1" 200 110777
201.245.192.253 - - [12/Sep/2023:10:24:02 -0500] "GET /sipse/faces/javax.faces.resource/jquery/jquery.js?ln=primefaces&v=4.0 HTTP/1.1" 304 -
201.245.192.253 - - [12/Sep/2023:10:24:03 -0500] "GET /sipse/faces/javax.faces.resource/jquery/jquery-plugins.js?ln=primefaces&v=4.0 HTTP/1.1" 304 -
201.245.192.253 - - [12/Sep/2023:10:24:03 -0500] "GET /sipse/faces/javax.faces.resource/primefaces.js?ln=primefaces&v=4.0 HTTP/1.1" 304 -
201.245.192.253 - - [12/Sep/2023:10:24:03 -0500] "GET /sipse/faces/javax.faces.resource/layout/layout.js?ln=primefaces&v=4.0 HTTP/1.1" 304 -
201.245.192.253 - - [12/Sep/2023:10:24:06 -0500] "POST /forms/lservlet;jsessionid=ac16012b30d67c93eb41c0fe4863bf03b6c32dc73e16.e3iSbxaKaheRe34Rch0Ra3mLchv0n6jAmljGr5XDqQLvpAe HTTP/1.1" 200 2
216.245.221.92 - - [12/Sep/2023:10:24:34 -0500] "HEAD / HTTP/1.1" 200 -
216.244.66.195 - - [12/Sep/2023:10:24:45 -0500] "GET /BLA/resoluciones/AUTOS%202012/0179.pdf HTTP/1.1" 200 379156
200.122.210.122 - - [12/Sep/2023:10:25:13 -0500] "POST /sipse/faces/presentacion/financiero/solicitudProceso/consultarSolicitudProceso.xhtml HTTP/1.1" 200 45579
200.122.210.122 - - [12/Sep/2023:10:25:13 -0500] "GET /sipse/faces/javax.faces.resource/theme.css?ln=primefaces-sipse HTTP/1.1" 304 -
200.122.210.122 - - [12/Sep/2023:10:25:13 -0500] "GET /sipse/faces/javax.faces.resource/primefaces.css?ln=primefaces&v=4.0 HTTP/1.1" 304 -
200.122.210.122 - - [12/Sep/2023:10:25:13 -0500] "GET /sipse/faces/javax.faces.resource/jquery/jquery.js?ln=primefaces&v=4.0 HTTP/1.1" 304 -
200.122.210.122 - - [12/Sep/2023:10:25:13 -0500] "GET /sipse/faces/javax.faces.resource/layout/layout.css?ln=primefaces&v=4.0 HTTP/1.1" 304 -
200.122.210.122 - - [12/Sep/2023:10:25:13 -0500] "GET /sipse/faces/javax.faces.resource/primefaces.js?ln=primefaces&v=4.0 HTTP/1.1" 304 -
200.122.210.122 - - [12/Sep/2023:10:25:13 -0500] "GET /sipse/faces/javax.faces.resource/layout/layout.js?ln=primefaces&v=4.0 HTTP/1.1" 304 -
200.122.210.122 - - [12/Sep/2023:10:25:13 -0500] "GET /sipse/faces/javax.faces.resource/jquery/jquery-plugins.js?ln=primefaces&v=4.0 HTTP/1.1" 304 -
200.122.210.122 - - [12/Sep/2023:10:25:15 -0500] "POST /sipse/faces/presentacion/financiero/solicitudProceso/consultar.xhtml HTTP/1.1" 200 12893
200.122.210.122 - - [12/Sep/2023:10:25:17 -0500] "POST /sipse/faces/presentacion/financiero/solicitudProceso/consultar.xhtml HTTP/1.1" 200 147345
200.122.210.122 - - [12/Sep/2023:10:25:17 -0500] "GET /sipse/faces/javax.faces.resource/theme.css?ln=primefaces-sipse HTTP/1.1" 304 -
200.122.210.122 - - [12/Sep/2023:10:25:17 -0500] "GET /sipse/faces/javax.faces.resource/primefaces.css?ln=primefaces&v=4.0 HTTP/1.1" 304 -
200.122.210.122 - - [12/Sep/2023:10:25:17 -0500] "GET /sipse/faces/javax.faces.resource/layout/layout.css?ln=primefaces&v=4.0 HTTP/1.1" 304 -
200.122.210.122 - - [12/Sep/2023:10:25:17 -0500] "GET /sipse/faces/javax.faces.resource/jquery/jquery.js?ln=primefaces&v=4.0 HTTP/1.1" 304 -
200.122.210.122 - - [12/Sep/2023:10:25:17 -0500] "GET /sipse/faces/javax.faces.resource/jquery/jquery-plugins.js?ln=primefaces&v=4.0 HTTP/1.1" 304 -
200.122.210.122 - - [12/Sep/2023:10:25:18 -0500] "GET /sipse/faces/javax.faces.resource/primefaces.js?ln=primefaces&v=4.0 HTTP/1.1" 304 -
200.122.210.122 - - [12/Sep/2023:10:25:18 -0500] "GET /sipse/faces/javax.faces.resource/layout/layout.js?ln=primefaces&v=4.0 HTTP/1.1" 304 -
66.249.70.196 - - [12/Sep/2023:10:25:19 -0500] "GET /BLA/resoluciones/RESOLUCIONES%202007/RES%202007%202101%20AL%202200/RESOLUCION%202118%20DE%202007.pdf HTTP/1.1" 200 339756
201.245.192.253 - - [12/Sep/2023:10:25:20 -0500] "POST /forms/lservlet;jsessionid=ac16012b30d6ec48b32ae6c641d48f3ac42886169fa3.e3iSbxaKaheRe34Rch0Ra3mLchv0n6jAmljGr5XDqQLvpAe HTTP/1.1" 200 2
200.122.210.122 - - [12/Sep/2023:10:25:22 -0500] "POST /sipse/faces/presentacion/financiero/solicitudProceso/consultarSolicitudProceso.xhtml HTTP/1.1" 200 147116
216.244.66.195 - - [12/Sep/2023:10:25:36 -0500] "GET /BLA/resoluciones/AUTOS%202019/0145.pdf HTTP/1.1" 200 278148
201.245.192.253 - - [12/Sep/2023:10:26:06 -0500] "POST /forms/lservlet;jsessionid=ac16012b30d67c93eb41c0fe4863bf03b6c32dc73e16.e3iSbxaKaheRe34Rch0Ra3mLchv0n6jAmljGr5XDqQLvpAe HTTP/1.1" 200 2
216.244.66.195 - - [12/Sep/2023:10:26:18 -0500] "GET /BLA/resoluciones/AUTOS%202019/0803.pdf HTTP/1.1" 200 286609
66.249.70.197 - - [12/Sep/2023:10:26:27 -0500] "GET /resoluciones/RESOLUCIONES%202009/0916.pdf HTTP/1.1" 404 1018
66.249.70.197 - - [12/Sep/2023:10:26:57 -0500] "GET /BLA/resoluciones/RESOLUCIONES%202011/3471.pdf HTTP/1.1" 200 535192
216.244.66.195 - - [12/Sep/2023:10:26:57 -0500] "GET /BLA/resoluciones/AUTOS%202019/0880.pdf HTTP/1.1" 200 265725
173.252.127.7 - - [12/Sep/2023:10:27:09 -0500] "GET /distrito-firma-siete-nuevos-pagos-por-servicios-ambientales-en-la-ruralidad-de-bogota-ya-van-mas-de-1100-hectareas.html HTTP/1.1" 200 853
201.245.192.253 - - [12/Sep/2023:10:27:20 -0500] "POST /forms/lservlet;jsessionid=ac16012b30d6ec48b32ae6c641d48f3ac42886169fa3.e3iSbxaKaheRe34Rch0Ra3mLchv0n6jAmljGr5XDqQLvpAe HTTP/1.1" 200 2
186.102.101.130 - - [12/Sep/2023:10:27:19 -0500] "GET /BLA/resoluciones/index.php?dir=AUTOS+2008%2F HTTP/1.1" 200 569644
190.84.119.139 - - [12/Sep/2023:10:27:26 -0500] "GET / HTTP/1.1" 200 4720
190.84.119.139 - - [12/Sep/2023:10:27:26 -0500] "GET /js/url.js HTTP/1.1" 404 1294
190.84.119.139 - - [12/Sep/2023:10:27:26 -0500] "GET /fonts/icomoon/style.css HTTP/1.1" 200 79820
190.84.119.139 - - [12/Sep/2023:10:27:26 -0500] "GET /css/style.css HTTP/1.1" 200 3473
190.84.119.139 - - [12/Sep/2023:10:27:26 -0500] "GET /css/bootstrap.min.css HTTP/1.1" 200 178212
190.84.119.139 - - [12/Sep/2023:10:27:27 -0500] "GET / HTTP/1.1" 200 4720
190.84.119.139 - - [12/Sep/2023:10:27:27 -0500] "GET /js/url.js HTTP/1.1" 404 1294
186.102.101.130 - - [12/Sep/2023:10:27:28 -0500] "GET /BLA/resoluciones/AUTOS%202008/1780.pdf HTTP/1.1" 200 226651
172.22.2.4 - - [12/Sep/2023:10:25:54 -0500] "HEAD /BLA/boletinlegal/ HTTP/1.1" 200 -
216.244.66.195 - - [12/Sep/2023:10:27:38 -0500] "GET /BLA/resoluciones/AUTOS%202019/1748.pdf HTTP/1.1" 200 257343
201.245.192.253 - - [12/Sep/2023:10:28:06 -0500] "POST /forms/lservlet;jsessionid=ac16012b30d67c93eb41c0fe4863bf03b6c32dc73e16.e3iSbxaKaheRe34Rch0Ra3mLchv0n6jAmljGr5XDqQLvpAe HTTP/1.1" 200 2
216.244.66.195 - - [12/Sep/2023:10:28:17 -0500] "GET /BLA/resoluciones/AUTOS%202019/1817.pdf HTTP/1.1" 200 263782
186.102.101.130 - - [12/Sep/2023:10:28:14 -0500] "GET /BLA/resoluciones/index.php?dir=RESOLUCIONES+2008%2F HTTP/1.1" 200 976272
186.102.101.130 - - [12/Sep/2023:10:28:23 -0500] "GET /BLA/resoluciones/RESOLUCIONES%202008/2193.pdf HTTP/1.1" 200 329116
172.22.2.4 - - [12/Sep/2023:10:26:45 -0500] "GET /BLA/boletinlegal/ HTTP/1.1" 200 56607
200.122.210.122 - - [12/Sep/2023:10:28:26 -0500] "POST /sipse/faces/presentacion/financiero/solicitudProceso/consultarSolicitudProceso.xhtml HTTP/1.1" 200 45589
200.122.210.122 - - [12/Sep/2023:10:28:26 -0500] "GET /sipse/faces/javax.faces.resource/theme.css?ln=primefaces-sipse HTTP/1.1" 304 -
200.122.210.122 - - [12/Sep/2023:10:28:26 -0500] "GET /sipse/faces/javax.faces.resource/primefaces.css?ln=primefaces&v=4.0 HTTP/1.1" 304 -
200.122.210.122 - - [12/Sep/2023:10:28:26 -0500] "GET /sipse/faces/javax.faces.resource/jquery/jquery.js?ln=primefaces&v=4.0 HTTP/1.1" 304 -
200.122.210.122 - - [12/Sep/2023:10:28:26 -0500] "GET /sipse/faces/javax.faces.resource/layout/layout.js?ln=primefaces&v=4.0 HTTP/1.1" 304 -
200.122.210.122 - - [12/Sep/2023:10:28:26 -0500] "GET /sipse/faces/javax.faces.resource/primefaces.js?ln=primefaces&v=4.0 HTTP/1.1" 304 -
200.122.210.122 - - [12/Sep/2023:10:28:26 -0500] "GET /sipse/faces/javax.faces.resource/layout/layout.css?ln=primefaces&v=4.0 HTTP/1.1" 304 -
200.122.210.122 - - [12/Sep/2023:10:28:26 -0500] "GET /sipse/faces/javax.faces.resource/jquery/jquery-plugins.js?ln=primefaces&v=4.0 HTTP/1.1" 304 -
201.245.192.253 - - [12/Sep/2023:10:28:25 -0500] "POST /kwsrmcab/Wsrmcab  HTTP/1.1" 200 42865
201.245.192.253 - - [12/Sep/2023:10:28:31 -0500] "POST /kwsrmcab/Wsrmcab HTTP/1.1" 200 40172
201.245.192.253 - - [12/Sep/2023:10:28:33 -0500] "POST /kwsrmcab/Wsrmcab HTTP/1.1" 200 42133
200.122.210.122 - - [12/Sep/2023:10:28:54 -0500] "POST /sipse/faces/presentacion/financiero/solicitudProceso/consultar.xhtml HTTP/1.1" 200 12876
200.122.210.122 - - [12/Sep/2023:10:28:56 -0500] "POST /sipse/faces/presentacion/financiero/solicitudProceso/consultar.xhtml HTTP/1.1" 200 152706
200.122.210.122 - - [12/Sep/2023:10:28:57 -0500] "GET /sipse/faces/javax.faces.resource/theme.css?ln=primefaces-sipse HTTP/1.1" 304 -
200.122.210.122 - - [12/Sep/2023:10:28:57 -0500] "GET /sipse/faces/javax.faces.resource/primefaces.css?ln=primefaces&v=4.0 HTTP/1.1" 304 -
200.122.210.122 - - [12/Sep/2023:10:28:57 -0500] "GET /sipse/faces/javax.faces.resource/layout/layout.css?ln=primefaces&v=4.0 HTTP/1.1" 304 -
200.122.210.122 - - [12/Sep/2023:10:28:57 -0500] "GET /sipse/faces/javax.faces.resource/jquery/jquery.js?ln=primefaces&v=4.0 HTTP/1.1" 304 -
200.122.210.122 - - [12/Sep/2023:10:28:57 -0500] "GET /sipse/faces/javax.faces.resource/jquery/jquery-plugins.js?ln=primefaces&v=4.0 HTTP/1.1" 304 -
200.122.210.122 - - [12/Sep/2023:10:28:57 -0500] "GET /sipse/faces/javax.faces.resource/primefaces.js?ln=primefaces&v=4.0 HTTP/1.1" 304 -
200.122.210.122 - - [12/Sep/2023:10:28:57 -0500] "GET /sipse/faces/javax.faces.resource/layout/layout.js?ln=primefaces&v=4.0 HTTP/1.1" 304 -
216.244.66.195 - - [12/Sep/2023:10:28:59 -0500] "GET /BLA/resoluciones/AUTOS%202019/1876.pdf HTTP/1.1" 200 323069
200.122.210.122 - - [12/Sep/2023:10:29:00 -0500] "POST /sipse/faces/presentacion/financiero/solicitudProceso/consultarSolicitudProceso.xhtml HTTP/1.1" 200 166999
52.167.144.163 - - [12/Sep/2023:10:29:07 -0500] "GET /BLA/resoluciones/AUTOS%202023/1656.pdf HTTP/1.1" 200 508104
201.245.192.253 - - [12/Sep/2023:10:29:20 -0500] "POST /forms/lservlet;jsessionid=ac16012b30d6ec48b32ae6c641d48f3ac42886169fa3.e3iSbxaKaheRe34Rch0Ra3mLchv0n6jAmljGr5XDqQLvpAe HTTP/1.1" 200 1323
