216.244.66.195 - - [12/Sep/2023:10:38:52 -0500] "GET /BLA/resoluciones/AUTOS%202021/0223.pdf HTTP/1.1" 200 357835
201.245.192.253 - - [12/Sep/2023:10:38:55 -0500] "POST /sipse/faces/presentacion/financiero/solicitudProceso/consultarSolicitudProceso.xhtml HTTP/1.1" 200 6156
201.245.192.253 - - [12/Sep/2023:10:39:08 -0500] "POST /sipse/faces/presentacion/financiero/solicitudProceso/consultarSolicitudProceso.xhtml HTTP/1.1" 200 64696
201.245.192.253 - - [12/Sep/2023:10:39:10 -0500] "GET /sipse/faces/javax.faces.resource/theme.css?ln=primefaces-sipse HTTP/1.1" 304 -
201.245.192.253 - - [12/Sep/2023:10:39:10 -0500] "GET /sipse/faces/javax.faces.resource/primefaces.css?ln=primefaces&v=4.0 HTTP/1.1" 304 -
201.245.192.253 - - [12/Sep/2023:10:39:10 -0500] "GET /sipse/faces/javax.faces.resource/layout/layout.css?ln=primefaces&v=4.0 HTTP/1.1" 304 -
201.245.192.253 - - [12/Sep/2023:10:39:10 -0500] "GET /sipse/faces/javax.faces.resource/jquery/jquery.js?ln=primefaces&v=4.0 HTTP/1.1" 304 -
201.245.192.253 - - [12/Sep/2023:10:39:10 -0500] "GET /sipse/faces/javax.faces.resource/jquery/jquery-plugins.js?ln=primefaces&v=4.0 HTTP/1.1" 304 -
201.245.192.253 - - [12/Sep/2023:10:39:10 -0500] "GET /sipse/faces/javax.faces.resource/primefaces.js?ln=primefaces&v=4.0 HTTP/1.1" 304 -
201.245.192.253 - - [12/Sep/2023:10:39:10 -0500] "GET /sipse/faces/javax.faces.resource/layout/layout.js?ln=primefaces&v=4.0 HTTP/1.1" 304 -
201.245.192.253 - - [12/Sep/2023:10:39:10 -0500] "POST /sipse/faces/presentacion/financiero/solicitudProceso/listarSolicitudProceso.xhtml HTTP/1.1" 200 1552
201.245.192.253 - - [12/Sep/2023:10:39:14 -0500] "POST /sipse/faces/presentacion/financiero/solicitudProceso/listarSolicitudProceso.xhtml HTTP/1.1" 200 19358
172.22.2.4 - - [12/Sep/2023:10:37:34 -0500] "HEAD /BLA/boletinlegal/ HTTP/1.1" 200 -
201.245.192.253 - - [12/Sep/2023:10:39:20 -0500] "POST /forms/lservlet;jsessionid=ac16012b30d6ec48b32ae6c641d48f3ac42886169fa3.e3iSbxaKaheRe34Rch0Ra3mLchv0n6jAmljGr5XDqQLvpAe HTTP/1.1" 200 2
216.244.66.195 - - [12/Sep/2023:10:39:28 -0500] "GET /BLA/resoluciones/AUTOS%202021/0481.pdf HTTP/1.1" 200 603165
216.245.221.92 - - [12/Sep/2023:10:39:34 -0500] "HEAD / HTTP/1.1" 200 -
216.244.66.195 - - [12/Sep/2023:10:40:01 -0500] "GET /BLA/resoluciones/AUTOS%202021/0532.pdf HTTP/1.1" 200 342697
172.22.2.4 - - [12/Sep/2023:10:38:25 -0500] "GET /BLA/boletinlegal/ HTTP/1.1" 200 56257
186.102.101.130 - - [12/Sep/2023:10:39:58 -0500] "GET /BLA/resoluciones/index.php?dir=RESOLUCIONES+2011%2F HTTP/1.1" 200 746823
201.245.192.253 - - [12/Sep/2023:10:40:06 -0500] "POST /forms/lservlet;jsessionid=ac16012b30d67c93eb41c0fe4863bf03b6c32dc73e16.e3iSbxaKaheRe34Rch0Ra3mLchv0n6jAmljGr5XDqQLvpAe HTTP/1.1" 200 2
172.22.2.4 - - [12/Sep/2023:10:39:40 -0500] "GET /BLA/boletinlegal/ HTTP/1.1" 200 24523
216.244.66.195 - - [12/Sep/2023:10:40:33 -0500] "GET /BLA/resoluciones/AUTOS%202021/0534.pdf HTTP/1.1" 200 344651
181.59.2.38 - - [12/Sep/2023:10:40:49 -0500] "GET /kwssiamovil/sm/acme/a?s=U2FsdGVkX18t+ezptkJmDYrp9Kb1cb0hs3dcDa8LJYnC+03G1m8UjCK3ywYuSwzZrtVK/J3cZYU6FkiwBmkYPL9tqhoGqcJ5cVKmOKi7g4cMODomrciMnW8tQc9c4++RWkMUoyd/kVC899NPg29P+uS+w9jZB89U5RaWAUd59j3zyK5zLwLh2XnJax8Hp3RIReTaEkRfwJBmbUal4kj4KZpAKvJwJ8/A3Kq18Y3UqPWy2MZaW5tFzS1DzBbqFU8sfudLjJx1iaqjbrw75APpwA==&u=U2FsdGVkX1/ptzM1QwYoTcaz82hKcvQJJ23RaAWgFjcVt7pmy1Dg9I5lP1x2xjVR&y=U2FsdGVkX18TlYs2RAtruPSl/Xy+I8hJpk2XZko07fh7nu7nGuHBzs6ukcbYzWjC HTTP/1.1" 200 26
181.59.2.38 - - [12/Sep/2023:10:40:49 -0500] "GET /kwssiamovil/sm/acme/a?s=U2FsdGVkX1+BOSO8X7MUHtcy8Qk1X7OQltpnoaY3zN/Xk512v8ug7YeOUC4PNCXj0ljitLy+5ZKWDoqIZ8WouUG2xHB1RIdPqK2D7rRKtNK+sPXcMHiabYIO2ynP5rRmDx3CHl9cuHLtdV2JQbaD/mAQZ80oLazOV/uldnsyC7ffAmoc8qxVHiaZY96MVCVGh83fDdczdasqSU+dUdr/iwVP4kkrNfMALuJNnV7TOcV8H43PetQ1gFCYyC2uVoKeKXNH+PsazDcVbQZURRWpAc67daMlSD6OsCZSm6jBsoDpKBQB39mkuU2ZkmnZb4Zb7bZpYD2Z3HlClIDYXCigDK3+RL9a0Du3jCiINyi3Ncv/vDqLNE6SWz4O1yvXlDdBBghDfxOoR80x5M/44QKHuh3Y+nj1hdk0Un8H662S1AiNxLQHqflS/hVv2iwZnDHwH4a/mAdBdx5oWn29saNAsVl2+QlD5plgZt2DSt2wAZ1yRg+41CyWEGtc8ZEzAUh+rcf9D2KdChixZnRxD48O65277hMIRDpLmp9LjcqijmSfz1m+RrB3/KVIGtFH3Mh5tx/5swQMa1kwAKvrjg0/8+khfwXLGAe1agDnMuQUKlWE2Tq1sdzh4Q36UVOd4JmOPkYZhWSSUkX4BRMlAsils5rb8cSD3Hr4bON1M4/630J/t+vyjdiugFOe7bMUKC1tyA0cpoST9QnOYei1WBoEzaRykFKguANXb2eU/wrB60vm84FvjeXY6Vi7T7Y/82Ec1bMxCQ2GM8b9p/z6DaTNIGPiN5YmzWMDQ/xvJmqS+wMYvx6FRGoY9/PJZNr2DoxJyBgY+wQL5wJk2z4SBURrrSfbCxfdGaFc9uuYeu9lf5DFXFQmCoYSwc10Tf1Ao1PittvBNyjEX76Cs0exu0iNLm3s0JtmMcCovSsLljOk1U/q9APHpZgbrx71xcvR+9vQ9i9Jx5gARrJB4lpiVw3ia5OaznjYtPHhZEzcgdz/2461TjKd/x8Utu+7JwtFUOFFb6N8xr4e6lwNkAk5yHCXsi6n9bxPmYURdTEBdpOAP+61jJ5YC412JkhLWxcg5OSx54KKEX3kzjPkjhgvp/tu8HJKVzKLXQWQt26BY7khpAu7dzlm3KR2mfvN0GvzTIxffemDfPuqYdUaGoDjyYjsI0AYUkJNiLqPE1a7csN/Rp5PU3ArOByJWb/Fn4IgYvoiRJ81aR6w2sIZs9EZuxZIQ5Vwy62ScfvN8EjKr1R+ekXZOcTwFPC1xT6ZWohSDHbPUikTbbln4tLgVWvceaV9z9ivF3eYE5PB4M+ZzndD2JoIjS4xgidX9OIZS64mrN36EhwIKcqaUb2J22BFqWZ2VGjlbig9idXMzK7LzjvaGRoNySYUVG80kbxNZO967SbDgHmz9MJ55+dwiu6caQ6ddMDpJZxJberNub+tyzaL4lFrY5jxpuoxetANHq9lrgO1yw5PBkg3Kyji66pJ4KZhlbJkyKqA9rEuxEQVw/fidZH84jS4sw1R2h5OdZmZviyT3n6SN7BuTDdPsQgXSgWw/a1mvNaf1dFIePZKmQ1MQ3vmO8Shpvwucn6v7ITCT2snzIGX/uecDil6DeLI3bU0/4D/cCoiJn1Hg2tQkCDRSzr6oYSEG+z+GSINP7inTklRqlrKIaEblK8OJLMleGms+K8vDf/DyUQlxRR5OWPXbxhg+E0qVH+UorWUQWpWLjTHROi7srONWMKhh6j351+3XHz4yKLT0Z4URDdjWIrzSbrIOB7p4VZJ7tZYG0B6PGrVwxJvmJkNxmsmRC54WSR78hQaaHNMt3SZXmtKZ652VVlorgl87FHEmNOM5jH+2h2fqghTInsWM0g9oIvXp4iZWUw3Vx2Qvjz4jfmwdnCZOXjdj0PyhWiQJVab0ZIh1ce7K8+6g/h4y8h6l/4tDC5P9e8vZLVh+/LanAvFTKBaL7RyuIugizGDCD3yCWDlC2TRm34t0mVyWYt215ODefcLbAfM4r9ANamtj/6ZT7VlTvkflzJ+ljFmC4p/1ynZxBvsCTq/PZbq1GaQeRG3kB4+0Yuw15+FFwK2+pvikgAamAtZ6z6Omf4MoD4Llb5qOsnnO+I0ZCWOorbyWgbo8diM9Qn/XD+1QPvVPNjeOcEX5CED2zVrunuz3ENKqMZhQYpIZEiji2GxTBLI/cCCIRw98vM6OIwFN9BM+KL5vVa5LLEhaMj104IgBwPhb97NhcqA9ooiqp1AD4Tcw8NGRf/kYCN9CAlAK86eoaoo4m7uJslxscW0VYz22FDjU1CFC6QCZaqibsAbcAzZM/AaPrGdpF9QdjMBlPaRDcS2A4tosDPn5bOC3P8772KVp//l6KG7647oH3xJnRX09lYVVnIgK29zq6kaw+c5pRFkbCGP5uwq75TQzxNJ2UFoBpYmtr9Zs1xETIEGW8iQNhel54KoapeeZGVBeX5pqLzNCEo/+mq/OIqGJ+4fbg7tPemP8Kpbr8erzjp0EUGlDPktBqFrmGQKhe1cebuCvEyT1YZmRWrDbTdBj/7vtxBXRSYvYArqqP8jLmV8lgX2nhhwNMV9ILsa/KxjBTlH7Sb8isbrwDKUDagevthhNrZHiNVMq9tdG6rqZArtTqKsJ8PwOXkQzJx908T7Y/RVZVt5G6cAVPzMpfzVdB8zUiiJS25h3+GkqEzsv4enaOcmmfB+zzH9LWULGnFuLf/NsvcsAfgXFeh01ZHJjkI82LoSqCXBiM7gPpDuuF/l7Ip4OTm/89gTw+iUXsoGSRc9ZWWhkh1W1hgx6VzfmDSI0h9ebAo6hWr2JRM0N+ieV8HmYsJF6OXPX1KrcJnv/EcFq5HXhNqEd2qxu/FBEDRp75yf/06swht4tyffj7ZSopGn9ImiffuqURK+JQxC71nEQxmExN6jp+qUXv7vTSOwtovqRoHx9/E0dIk9QZfWJ0bi4FTt5+ynUos4gJOwrmu1+EmEpT53YirEL1pq0fgTt0Xy/0FJBnu966eJXuP9Xx9HSAojiqCXIS/gfYDR1ZYTDGKbesp5coDy11g0tuEqXyXeOY4DsF1NYqLBWzEj1ARSkR0IeTluaVTqrlzqtXR0DP4blY8qspWN01vm/IUFfOh6m+LS53DFNinV2kusdqaG4RwQLRtyq5rAyr/c29y50EKZSMvGCSIXCmU2tgK9b6usFatORphxzS2NliW7eZGgzWF9bvul42625zPu5neYz/wTknRnkvy7V6rbZwWUIYfwpv0A4ALSN6I1EF0Sxg4CdoxsyDdKbjoB2vMzabE5xg3+Z7VdVI1PCQ/J6dvvoStdRH2wl5cjGKfoR+kZHcfmG711LVUiG+saSTMVautUq8KpXbU99sMNCRb344tNW7Ibc+LiN2wSX8i58dUxk/3TaOGA44fZEZ5XqXitfslb2DVRE73wb4/RrBi0yHqsB/4C3aBcwnSCU++/y2HuUloljWQhqHzoOo4yh08GOhfMztn5WhsTSoILPSlj2/IdsrZgiSNskuTb6ir+Vhvw6cIXJQ5Yhp/IGziksaL3+7pF/W3dPoWe8OeWLE1VMhJv9zyjrlXOLwg+tHUJhZK4NBCOw2vIPR8x9TNsLT/DsP4pi00rlqLROGsBEbBdbb+OV7KHcs0W9OD8Xea1r4qDvaDsBJT4o/nlc7HkcpUMNUG6VwLDEBzZPRCj2GQAg+XiKKwc5+uBd8HKoj++Wt0QWLnY0/Rr5IcwiA2dapnNy+Vgss60LZfwLsk5piEUF8TZNqzV/nm8ck+og0NTHgNW8+0fn4vw+rhu5BwyftXt9Vgt2uY4Z9BZEQUvIaKwytfcGnw2pGm4wW4R7tNxF/IOwc/C8Qmi2K4eew==&u=U2FsdGVkX1/ptzM1QwYoTcaz82hKcvQJJ23RaAWgFjcVt7pmy1Dg9I5lP1x2xjVR&y=U2FsdGVkX18TlYs2RAtruPSl/Xy+I8hJpk2XZko07fh7nu7nGuHBzs6ukcbYzWjC HTTP/1.1" 200 26
181.59.2.38 - - [12/Sep/2023:10:40:50 -0500] "GET /kwssiamovil/sm/acme/a?s=U2FsdGVkX1+DjC5NgcytMV/hYm5WID8GkPZPrAs/90qtLwc5jTi25USz8/lRcHl8l6UWT/r6A0Q2Kq6P9E0cB6DmxhLLy28d1Hd6Au8anS+rqrTTmLVfMJ4jGKFIYjgA6vePtgb9T/b1GTYeWB791qCd/gnd9N63gNlQyysIFiU=&u=U2FsdGVkX1/ptzM1QwYoTcaz82hKcvQJJ23RaAWgFjcVt7pmy1Dg9I5lP1x2xjVR&y=U2FsdGVkX18TlYs2RAtruPSl/Xy+I8hJpk2XZko07fh7nu7nGuHBzs6ukcbYzWjC HTTP/1.1" 200 26
181.59.2.38 - - [12/Sep/2023:10:40:50 -0500] "GET /kwssiamovil/sm/acme/a?s=U2FsdGVkX1/EO/CAOD5/Z58h6K/zrct47EbA+xIAH32bDmW8xeSnk+bMtwaiFpmsB4G1dN+Rt0r9lD35YNt28YMMudjoCfZhJQUOPsPAt77Mo+poLtU2vbzj3y17FDpFDjiSrnB2xKZ0kX8taFwtY+KkPFy7qi6roHqavKb1VAk=&u=U2FsdGVkX1/ptzM1QwYoTcaz82hKcvQJJ23RaAWgFjcVt7pmy1Dg9I5lP1x2xjVR&y=U2FsdGVkX18TlYs2RAtruPSl/Xy+I8hJpk2XZko07fh7nu7nGuHBzs6ukcbYzWjC HTTP/1.1" 200 26
181.59.2.38 - - [12/Sep/2023:10:40:50 -0500] "GET /kwssiamovil/sm/acme/a?s=U2FsdGVkX18EhIJXHljn4XEwMSvavkShEANHyuzq2hBmWWJwq852ji9SzKVrZ9AVV1xYt9aMhoamz7zuSa7rK66pz6oD0qsGphefYk9fmASzQzYbBJe/fKRoym/C0q8IX+1jxHj27McxL3rrYRP4g5mOz8LlvvloyOXkpQ7s+Ow=&u=U2FsdGVkX1/ptzM1QwYoTcaz82hKcvQJJ23RaAWgFjcVt7pmy1Dg9I5lP1x2xjVR&y=U2FsdGVkX18TlYs2RAtruPSl/Xy+I8hJpk2XZko07fh7nu7nGuHBzs6ukcbYzWjC HTTP/1.1" 200 26
181.59.2.38 - - [12/Sep/2023:10:40:50 -0500] "GET /kwssiamovil/sm/acme/a?s=U2FsdGVkX18qAVm0jN0E9nLNjztR9Vt2uu0Dr97Aey2CldvuSuMKkUOUZk7XpN2EG1WUbIgvOsJVCQGkhRE/rV53eLNQyiP2O4Xj6/zo0yx463aYWQWoNvQr0zdmRTYtWXH9xmVBipwyzSWJLYEymo34gjhQA3qOTZzhFGehq2Fbpixh2Q56UO8FyAJqvmee7wqkfuFfvBtQBg3qqbX9SA==&u=U2FsdGVkX1/ptzM1QwYoTcaz82hKcvQJJ23RaAWgFjcVt7pmy1Dg9I5lP1x2xjVR&y=U2FsdGVkX18TlYs2RAtruPSl/Xy+I8hJpk2XZko07fh7nu7nGuHBzs6ukcbYzWjC HTTP/1.1" 200 26
66.249.70.197 - - [12/Sep/2023:10:41:01 -0500] "GET /BLA/resoluciones/RESOLUCIONES%202022/0735.pdf HTTP/1.1" 200 368713
216.244.66.195 - - [12/Sep/2023:10:41:05 -0500] "GET /BLA/resoluciones/AUTOS%202021/0627.pdf HTTP/1.1" 200 336138
186.102.81.186 - - [12/Sep/2023:10:41:13 -0500] "OPTIONS /kwssiamovil/sm/setfile/f? HTTP/1.1" 200 13
186.102.81.186 - - [12/Sep/2023:10:41:13 -0500] "POST /kwssiamovil/sm/setfile/f? HTTP/1.1" 200 381
186.102.81.186 - - [12/Sep/2023:10:41:14 -0500] "OPTIONS /kwssiamovil/sm/setfile/f? HTTP/1.1" 200 13
186.102.81.186 - - [12/Sep/2023:10:41:14 -0500] "POST /kwssiamovil/sm/setfile/f? HTTP/1.1" 200 381
201.245.192.253 - - [12/Sep/2023:10:41:20 -0500] "POST /forms/lservlet;jsessionid=ac16012b30d6ec48b32ae6c641d48f3ac42886169fa3.e3iSbxaKaheRe34Rch0Ra3mLchv0n6jAmljGr5XDqQLvpAe HTTP/1.1" 200 2
186.102.81.186 - - [12/Sep/2023:10:41:22 -0500] "GET /kwssiamovil/sm/acme/a?s=U2FsdGVkX18Ouz6jh/QCC1VEYw/UhPODwqpWJt+TRmOuVP1wsIUO8jPKI7+EYX0fLa/PlY5frkql8jg8oFV1LWa/eT09cD89X5p35BMq7XWFj2rU6Mn/VGUTVPi0bIxJhL+rEenIq2TwDoYh25Tgp+4tO247vb5eTPbmmr1SqEOlpGbDuA0/IiF6oKOGoVV3q6V+jrTVZHxx9f6xkEKS4S1YvCf4r2Hqh1ODw5pR043NT805yaQmqNvj5KsjVKBx5Ccdvs6Dau2WSJFrS4emUg==&u=U2FsdGVkX1+8m2ear/ckBDLaZlJF3KVicG33uf2VQEk=&y=U2FsdGVkX19aQpbAyizdcyDmU+3OIqEk/V8mdtjXmR8= HTTP/1.1" 200 26
186.102.81.186 - - [12/Sep/2023:10:41:22 -0500] "GET /kwssiamovil/sm/acme/a?s=U2FsdGVkX18JuXLpCftnH71fIlcR1K7y82b3aCtvjppUw9Ah7J4wSUyuS70y3efW80hSbXnFDkteU0AtXH2ohgir+rP/UVTjN7hL4peTp90CMQygjFHfFISspKBbTQ4s+7eUZ+tGf2Hr9OoibE7trY1R0XN0e6s4ZgCP/uD5DiWJa1XmCAnypaz7JVHZsoquWrt6Zgrx2Mr3/JM9Jp30N+ys36iiTjVilckId+/Vawxl2BISsP3pPkDRQasjZoEhzdj1Ck75gZsebeXHhPQEmlCoxf/7jBmybSxYgycFIHQNjLBd+H7JHgjDvTFNvgctAuae7xVWjZvJAxXBtHktJL/rI1LhtpFTkG9dQoT9WYxSu6WRkpUySnboGw97rps4iYNX1g/RGm4fJk54EgzOj1F49xNRpZEy0/jD3AyXyfCGYaXYSJGLOx6fVLTr9cUlQV9fNbDfnalKrOSIXAAyhTzapEsAU0njrsbrkim3Kx19PVGBxMkE0GKmxaog+7kyAqOlHhrInS0ef3lbfJq6gQ5I1YOBp8op192CiXxCTMdbe8EDHJBzWsbQ6qqf9n+hsCjsBtcB5nMxPtxJdufMNQiWIOfEJpt9Rpw3j+9wd1p/43jTmCLfqWZRjTWvAW3fVioCZ1YoQSgo7Kne48NyOXF4N4YUax20vnbm89ReDo+G+TAwTI9I6GeIqtOuwhcQEInKYZnvzjnp+/S3vrrMU92dNlAGMFyfjqMVbvZEJ9MfSjIFHcZqetkssnhK3OHXXYEkKEW6eBsW9TRJJFVojJ70nOrtm8gQZtu5hOlum/LWBbwPIDtil+mHRCnl5yB1wVxg4V+uw5ef/4aijpht/IgJlkN8/330B3YsXqnUM1zb+YPcjAuNhILU2PZvn8UV3MAi4jTdkIUJS1XBbvPVGQO/FvKm6jc2MgDXST/AIfmUcFjfkUGx1XIMRqIwBDJuDyj73RuQUOdsp5SHg6HXRn4l18pN8lzWUMH4sghpNOGOq3l9bzsn4UCaVwC50AIkBJY6CJ6vCcrB8WFiqb3Ov3irrC4UmDLPIJm1ISvb7H3A/PnKkc/fEJdCG5qR4QBfGrdNHLLauSSoMtLe7IZv7C344Cz0TIegFh8pk/lbpcVkeUroKBrPt3miaFO/mNLUOt3qrqAX271vbH9sCvpC9ofsOdkpr9D7hEMM/QogPUZZ/2VZ9NaVSgwgasVRKvDH0X3klSnWaHFvFez0Kw2euZSxZszPsqGfG04KN0S7/fjEof+eZG63XDmzZtZx/m0OBkynjtBdBLp2AdKIaHSube3yIv5IC6OeCeipEa2gieDsu11N+LcgE+/RkBIXhB2SIPRZkPPZIUDrzuPE0D8pRhb/FqJ7ehnNc2vgmpgr1r5FbwME6Tb/IMFBvxSs2QvBoyKTJrCJ3XHpsPdWFFDEcJBdnSg2mzdNFBlKCsWYvEqbkvZoN30Mzszco9JUnKhII3TWExlLOWBVdG/ssOJbyrhHN82IVYq0YMtWsJwSBCvi08X4T1i48Qem4/7SuWeufVZ7G8NTbHe/TDvIaEO5c77JtHNXDaWfpZochdvnCI9c25TFfvUaehFhptSwCJfGZTWZzA6a96b7IelA3dga89xyfMQy7fOLXtliZQjthOF8k35fSRnI6J8QPxGhRdPHEVVbtFHsBFoTPcllrFJS9DX5buocduzP1Nxtn9SGBIWNUNczHCnDO1VJpYX16ngAxGVBtJC0uRUbo+uCsl8/sN0BxqbokHFzCX6ieXySdc5aXjJEDsmq6zIqOW651n1GfUdYZzUI6mlZ9dGwOd6DQ8sX2OEzbUa/2POcQImgFDZWJv1M9U2vtTPpx2gT3UPqaiSTDb/OVZd+Qr3116L2qwy89eJPJYPer098uGjFfEvm69Aes4jntU5J6CmpbifTstaU4brChzXfqunfbxpp4r+hgQ+7MaYUtHrSo2+Wji9mt+MtxZWhkRLCQP2FKS6jJXKmeHEuyyOCg7ACQTMyR8OhRGOaFkplPWnRVRDsp04YV/0wSbBAnmuihhtJ5XUer+IQqvD/aAMNpPFsqyDlaSzhaZIoTce6WSzCdODa1Kb9nLQDHD+6YefKKjBGq4mgT3v60U8SmqpRu/7995fkBzrutTlzKiRjDgurlqPRoIxDIujZD2dpa1AkZANjFUR0rHytRu7fQmBsBwdk6wZ39Q==&u=U2FsdGVkX1+8m2ear/ckBDLaZlJF3KVicG33uf2VQEk=&y=U2FsdGVkX19aQpbAyizdcyDmU+3OIqEk/V8mdtjXmR8= HTTP/1.1" 200 26
186.102.81.186 - - [12/Sep/2023:10:41:22 -0500] "GET /kwssiamovil/sm/acme/a?s=U2FsdGVkX1+FelIoYu4AzLQnBkpZE3tE+CtM1kWItweJIVcJPu1TFbnnufNH6S6qugGk+EzWLxRIjJvH0RShM/e9R2yz4sQtGFsGcudArB4azjLAT4lhNxBr2t+BN6/hkzJPgAQNJTdsBThSaWcnthvUQzW/8Cwolm53hxbxnSM=&u=U2FsdGVkX1+8m2ear/ckBDLaZlJF3KVicG33uf2VQEk=&y=U2FsdGVkX19aQpbAyizdcyDmU+3OIqEk/V8mdtjXmR8= HTTP/1.1" 200 26
186.102.81.186 - - [12/Sep/2023:10:41:23 -0500] "GET /kwssiamovil/sm/acme/a?s=U2FsdGVkX1+oqvh6GjUnS6xo8xV2NcIQtdodn7fLtkIvuCDRF8qvGbQsrYxNOvmaj5uDMZwlmmXOQ+LpEQh9oTNID7nLkTttUW5FSyogGr5pUVqHDm2l7fN46uF57cuQc/tt+p1X9pln4d7Wy7H0sNrtsBawEs2wzxFJX+ToJBc=&u=U2FsdGVkX1+8m2ear/ckBDLaZlJF3KVicG33uf2VQEk=&y=U2FsdGVkX19aQpbAyizdcyDmU+3OIqEk/V8mdtjXmR8= HTTP/1.1" 200 26
186.102.81.186 - - [12/Sep/2023:10:41:23 -0500] "GET /kwssiamovil/sm/acme/a?s=U2FsdGVkX1+0Y8xj++o4NDRrvHO/p6XsApjbsLkIaA7WpX/v/6R03SzbC1wrAw6qupYMC9oqWBL9yfotKv314Ez7Jtx/bVVi1kfHQXd5rrPiFAKl8NrR8hHD6De+PGSyKU3BLaZIt7xq1SHd+EWhZKqPMOC8+nRNKvoa5M9uWAg=&u=U2FsdGVkX1+8m2ear/ckBDLaZlJF3KVicG33uf2VQEk=&y=U2FsdGVkX19aQpbAyizdcyDmU+3OIqEk/V8mdtjXmR8= HTTP/1.1" 200 26
186.102.81.186 - - [12/Sep/2023:10:41:23 -0500] "GET /kwssiamovil/sm/acme/a?s=U2FsdGVkX1+QB6itkDuKP63GAEg/8aM1v0pnGj5qFR/XfcH/roXmJ9y6izD7aNRHri1XLcX/JHJRfLpeSqJ0d3ozcEpQds3ppS8l77qou3ste6DJsLBxOVyi5tyQcRlEFppQgFMzv+3rpz4Hjn81B5A/bcW9Ge9Jzpt6wPLk0Ak5M1EOfzUcy4xpOjz043jl&u=U2FsdGVkX1+8m2ear/ckBDLaZlJF3KVicG33uf2VQEk=&y=U2FsdGVkX19aQpbAyizdcyDmU+3OIqEk/V8mdtjXmR8= HTTP/1.1" 200 26
186.102.81.186 - - [12/Sep/2023:10:41:23 -0500] "GET /kwssiamovil/sm/acme/a?s=U2FsdGVkX19sNNotXK5XoaHuRtiVq3ySWiAg+qESBdaOwYAPSsr6/F5MoitSY33bLu5Bk2n4ZWYiPW9/SofRDLWcjD7YotUsaUpm7fKtq3kF89PKdT/l5+u1wVdzUR/ytPigbgxDN67z5H0JIsl0S2epa0V4xWL5vXt7KLCs9TpgAupmvelC+KVeluFsnflgdPI/46q4tsaUoVjyuzaJOrQrNHKyOWLIwP6kdvRx44nC+zYVNzqhbkbGyuPxFX6IXuEFZEYXQslQAynz8XISFE+ERpH0Bct84sOpGnFxONCbaoT8LE7Bc5LfwtShkXDIb2+QACEtzSatxKKZl4REd9zZXM91lvP3iXEdwZYtW9ZoKJYQjQ57NXBpwe3eOvDDvDXn8aRwZw9poS3Fe+Q26dZnTdm4ZXFA//MxolWcAG+7+MEGyiaLRrvzafyniNaoWyb6Ny4uJJ01rTlYTQ2pqXC6RZifS/620PLQ0uOkA+o=&u=U2FsdGVkX1+8m2ear/ckBDLaZlJF3KVicG33uf2VQEk=&y=U2FsdGVkX19aQpbAyizdcyDmU+3OIqEk/V8mdtjXmR8= HTTP/1.1" 200 25
186.102.81.186 - - [12/Sep/2023:10:41:23 -0500] "GET /kwssiamovil/sm/acme/a?s=U2FsdGVkX198PPxdcuC2+615mvOhfopZNMzuT3QRgWoxzjbvluK516nwAR4GqBQype7NZ2MMnb4NMn23yxUfXwHA6KtHnP4MofQrVBfhADUBadwWSnQI+csxE4RIWRYp702GJWf6V6QFl4lxj+VZO3/j3kyEoL3V9K5V5Wf/gI/2tiFfUJurW4TIFZsOJAl9SxEfaxA6iOvSvaVsi8Vub4ghTBB19qzWV14zrK3Pt2+foqprjL8N0yHEjIiZnXlK8ys9wQivZnpTXUftBsBVOqSe9Rwig3ciS1TY78/nWOSVTOE4cqdTyw73e1qRZpbsxNrVMh0bFDlfPBI5nX84AeoqZWQE4m4HQVAlcENDWdUeXF1EsySq4MO1g6VehwBi1uvdgy6U5fH2xGbfA7tDQYCzzAXSmjeswgX4sw88Jf1U+EQCy+XkzjbCpd+/lAS5&u=U2FsdGVkX1+8m2ear/ckBDLaZlJF3KVicG33uf2VQEk=&y=U2FsdGVkX19aQpbAyizdcyDmU+3OIqEk/V8mdtjXmR8= HTTP/1.1" 200 25
186.102.81.186 - - [12/Sep/2023:10:41:23 -0500] "GET /kwssiamovil/sm/acme/a?s=U2FsdGVkX1/FlpZNIGyBVkXIm9Nf2E/OhPAK2CwjxT8hGqxqlG+u8KA8Nvws3EcAdJi5I5Gteqsu9joW0hDFnmeUAGlzlsGzgilMszzwPhykM1/X2mezyW7T/YbM23zcfM3Z8W+MurzU+YpkgLnWirfk+4/m51VClTfS6buQ0UGnJxv2rtegw3CbTFNfLsj6Rgo5V23p0mp7yM9PhzBIyjl4QckSGvozMnqWeKApT8X+13ESlVtSW1FbATwF62HRayF30IcNxNWxyS+4SP2q9o6k70/HKLL8WnQOJaXUzNnqE+6rqage7oMKFXhRkCPnMsd224UDgTB+HIxEtVXtsVZCXYDHopRHyEkIXbl3Joj5+pRe6xOPuTSY/Eo1RYRxsoOL/h3KrPHUkhCZ7PKJMYt37qE7b1kwMmILHM0if4akeY58VVe595cYdUM3AaYeG1pzgVewS09xD8Cl3wkD50Tu5PgnfX8qi3edGDB2aJs=&u=U2FsdGVkX1+8m2ear/ckBDLaZlJF3KVicG33uf2VQEk=&y=U2FsdGVkX19aQpbAyizdcyDmU+3OIqEk/V8mdtjXmR8= HTTP/1.1" 200 25
186.102.81.186 - - [12/Sep/2023:10:41:24 -0500] "GET /kwssiamovil/sm/acme/a?s=U2FsdGVkX18kalh5WuQQOoeXD1uNEi+uNpKw7YGcX/hSA+08a3bVCL/KY3KTnNwDYmywgzplSgN1XfTMC9FT4hj0/PkgOQ6F+YJg1fz/WT3MnUmnR2zxj6tTM58qdVaxUMtlSy6oTbdyuyGGj1nD+ASSAL8rFsaZ4C+K9tIOQKQr7Rq4EmnOhLAF5cq38q8+W9xdzmZgaOpZ1iQ4N/JbOiHpe9NKR1HqpN+qHmKIFHDgKAXwQd/0245hf80JhNjXhn0rBIt5askxlZasKhxYNfPmJUgf2STBLGR7aP2ZEkxBxoWt7wnnmUwoF2yllM9MbTplniOMwpRnpTviN4GkXSynQue6ddlHSHaiovb5BEbl16veyDinvaZOkqLUzzPjzN8KOTGWyMFommIYEn+wiDhzqR8XtSYCJ5dc8/5yc3KdwhwhRz8HEfKHjfZQD+eG&u=U2FsdGVkX1+8m2ear/ckBDLaZlJF3KVicG33uf2VQEk=&y=U2FsdGVkX19aQpbAyizdcyDmU+3OIqEk/V8mdtjXmR8= HTTP/1.1" 200 25
216.244.66.195 - - [12/Sep/2023:10:41:35 -0500] "GET /BLA/resoluciones/AUTOS%202021/0817.pdf HTTP/1.1" 200 543054
216.244.66.195 - - [12/Sep/2023:10:42:01 -0500] "GET /BLA/resoluciones/AUTOS%202021/1435.pdf HTTP/1.1" 200 528777
201.245.192.253 - - [12/Sep/2023:10:42:06 -0500] "POST /forms/lservlet;jsessionid=ac16012b30d67c93eb41c0fe4863bf03b6c32dc73e16.e3iSbxaKaheRe34Rch0Ra3mLchv0n6jAmljGr5XDqQLvpAe HTTP/1.1" 200 2
216.244.66.195 - - [12/Sep/2023:10:42:33 -0500] "GET /BLA/resoluciones/AUTOS%202021/1865.pdf HTTP/1.1" 200 426651
216.244.66.195 - - [12/Sep/2023:10:43:09 -0500] "GET /BLA/resoluciones/AUTOS%202021/1905.pdf HTTP/1.1" 200 385902
172.22.2.4 - - [12/Sep/2023:10:43:17 -0500] "GET /BLA/boletinlegal/consulta_actos.php?tipo=resoluciones&no=0999&usuario=&sector=&fecha=2008&resuelve= HTTP/1.1" 200 1167
201.245.192.253 - - [12/Sep/2023:10:43:20 -0500] "POST /forms/lservlet;jsessionid=ac16012b30d6ec48b32ae6c641d48f3ac42886169fa3.e3iSbxaKaheRe34Rch0Ra3mLchv0n6jAmljGr5XDqQLvpAe HTTP/1.1" 200 2
201.245.192.253 - - [12/Sep/2023:10:43:22 -0500] "POST /kwsrmcab/Wsrmcab  HTTP/1.1" 200 42865
201.245.192.253 - - [12/Sep/2023:10:43:27 -0500] "GET /sipse/faces/index.xhtml HTTP/1.1" 200 677
201.245.192.253 - - [12/Sep/2023:10:43:27 -0500] "GET /sipse/faces/javax.faces.resource/theme.css?ln=primefaces-sipse HTTP/1.1" 304 -
201.245.192.253 - - [12/Sep/2023:10:43:27 -0500] "GET /sipse/faces/faces/autenticacion.xhtml HTTP/1.1" 200 12183
201.245.192.253 - - [12/Sep/2023:10:43:27 -0500] "GET /sipse/js/disable_browser_buttons.js HTTP/1.1" 200 3230
201.245.192.253 - - [12/Sep/2023:10:43:27 -0500] "GET /sipse/css/custom_css_sg.css HTTP/1.1" 200 9694
201.245.192.253 - - [12/Sep/2023:10:43:27 -0500] "GET /sipse/css/custom_css_sg_prime_login.css HTTP/1.1" 200 443
201.245.192.253 - - [12/Sep/2023:10:43:27 -0500] "GET /sipse/faces/javax.faces.resource/theme.css?ln=primefaces-sipse HTTP/1.1" 304 -
201.245.192.253 - - [12/Sep/2023:10:43:27 -0500] "GET /sipse/faces/javax.faces.resource/primefaces.css?ln=primefaces&v=4.0 HTTP/1.1" 304 -
201.245.192.253 - - [12/Sep/2023:10:43:27 -0500] "GET /sipse/faces/javax.faces.resource/layout/layout.css?ln=primefaces&v=4.0 HTTP/1.1" 304 -
201.245.192.253 - - [12/Sep/2023:10:43:27 -0500] "GET /sipse/js/funciones.js HTTP/1.1" 200 12592
201.245.192.253 - - [12/Sep/2023:10:43:27 -0500] "GET /sipse/faces/javax.faces.resource/jquery/jquery.js?ln=primefaces&v=4.0 HTTP/1.1" 304 -
201.245.192.253 - - [12/Sep/2023:10:43:27 -0500] "GET /sipse/faces/javax.faces.resource/jquery/jquery-plugins.js?ln=primefaces&v=4.0 HTTP/1.1" 304 -
201.245.192.253 - - [12/Sep/2023:10:43:27 -0500] "GET /sipse/faces/javax.faces.resource/primefaces.js?ln=primefaces&v=4.0 HTTP/1.1" 304 -
201.245.192.253 - - [12/Sep/2023:10:43:27 -0500] "GET /sipse/faces/javax.faces.resource/layout/layout.js?ln=primefaces&v=4.0 HTTP/1.1" 304 -
201.245.192.253 - - [12/Sep/2023:10:43:28 -0500] "GET /sipse/css/imagen/logoSDG.png HTTP/1.1" 200 53064
201.245.192.253 - - [12/Sep/2023:10:43:28 -0500] "GET /sipse/faces/javax.faces.resource/images/ui-icons_898989_256x240.png?ln=primefaces-aristo HTTP/1.1" 304 -
201.245.192.253 - - [12/Sep/2023:10:43:28 -0500] "GET /sipse/css/imagen/loginimg.png HTTP/1.1" 200 71635
201.245.192.253 - - [12/Sep/2023:10:43:30 -0500] "POST /sipse/faces/autenticacion.xhtml HTTP/1.1" 200 16179
201.245.192.253 - - [12/Sep/2023:10:43:30 -0500] "GET /sipse/css/custom_css_sg_prime.css HTTP/1.1" 200 5201
201.245.192.253 - - [12/Sep/2023:10:43:30 -0500] "GET /sipse/faces/javax.faces.resource/theme.css?ln=primefaces-sipse HTTP/1.1" 304 -
201.245.192.253 - - [12/Sep/2023:10:43:30 -0500] "GET /sipse/faces/javax.faces.resource/layout/layout.css?ln=primefaces&v=4.0 HTTP/1.1" 304 -
201.245.192.253 - - [12/Sep/2023:10:43:30 -0500] "GET /sipse/faces/javax.faces.resource/primefaces.css?ln=primefaces&v=4.0 HTTP/1.1" 304 -
201.245.192.253 - - [12/Sep/2023:10:43:30 -0500] "GET /sipse/js/jquery.min.js HTTP/1.1" 200 85582
201.245.192.253 - - [12/Sep/2023:10:43:30 -0500] "GET /sipse/faces/javax.faces.resource/jquery/jquery.js?ln=primefaces&v=4.0 HTTP/1.1" 304 -
201.245.192.253 - - [12/Sep/2023:10:43:30 -0500] "GET /sipse/faces/javax.faces.resource/jquery/jquery-plugins.js?ln=primefaces&v=4.0 HTTP/1.1" 304 -
201.245.192.253 - - [12/Sep/2023:10:43:30 -0500] "GET /sipse/faces/javax.faces.resource/primefaces.js?ln=primefaces&v=4.0 HTTP/1.1" 304 -
201.245.192.253 - - [12/Sep/2023:10:43:30 -0500] "GET /sipse/faces/javax.faces.resource/layout/layout.js?ln=primefaces&v=4.0 HTTP/1.1" 304 -
201.245.192.253 - - [12/Sep/2023:10:43:30 -0500] "GET /sipse/css/v_mergente.css HTTP/1.1" 200 1505
201.245.192.253 - - [12/Sep/2023:10:43:30 -0500] "GET /sipse/css/imagen/contrasena.png HTTP/1.1" 404 383
201.245.192.253 - - [12/Sep/2023:10:43:30 -0500] "GET /sipse/imagenes/cargando.gif HTTP/1.1" 200 36959
201.245.192.253 - - [12/Sep/2023:10:43:30 -0500] "GET /sipse/imagenes/logoAplicacion.jpg HTTP/1.1" 200 155084
201.245.192.253 - - [12/Sep/2023:10:43:31 -0500] "GET /sipse/faces/javax.faces.resource/messages/messages.png?ln=primefaces&v=4.0 HTTP/1.1" 304 -
201.245.192.253 - - [12/Sep/2023:10:43:32 -0500] "GET /sipse/faces/javax.faces.resource/images/ui-bg_flat_0_2d5972_40x100.png?ln=primefaces-aristo HTTP/1.1" 304 -
201.245.192.253 - - [12/Sep/2023:10:43:32 -0500] "POST /sipse/faces/bienvenido.xhtml HTTP/1.1" 200 9243
201.245.192.253 - - [12/Sep/2023:10:43:34 -0500] "POST /sipse/faces/bienvenido.xhtml HTTP/1.1" 200 1473
201.245.192.253 - - [12/Sep/2023:10:43:36 -0500] "POST /sipse/faces/bienvenido.xhtml HTTP/1.1" 200 37781
201.245.192.253 - - [12/Sep/2023:10:43:37 -0500] "GET /sipse/faces/javax.faces.resource/layout/layout.css?ln=primefaces&v=4.0 HTTP/1.1" 304 -
201.245.192.253 - - [12/Sep/2023:10:43:37 -0500] "GET /sipse/faces/javax.faces.resource/primefaces.css?ln=primefaces&v=4.0 HTTP/1.1" 304 -
201.245.192.253 - - [12/Sep/2023:10:43:37 -0500] "GET /sipse/faces/javax.faces.resource/theme.css?ln=primefaces-sipse HTTP/1.1" 304 -
201.245.192.253 - - [12/Sep/2023:10:43:37 -0500] "GET /sipse/faces/javax.faces.resource/jquery/jquery.js?ln=primefaces&v=4.0 HTTP/1.1" 304 -
201.245.192.253 - - [12/Sep/2023:10:43:37 -0500] "GET /sipse/faces/javax.faces.resource/jquery/jquery-plugins.js?ln=primefaces&v=4.0 HTTP/1.1" 304 -
201.245.192.253 - - [12/Sep/2023:10:43:37 -0500] "GET /sipse/faces/javax.faces.resource/primefaces.js?ln=primefaces&v=4.0 HTTP/1.1" 304 -
201.245.192.253 - - [12/Sep/2023:10:43:37 -0500] "GET /sipse/faces/javax.faces.resource/layout/layout.js?ln=primefaces&v=4.0 HTTP/1.1" 304 -
216.244.66.195 - - [12/Sep/2023:10:43:39 -0500] "GET /BLA/resoluciones/AUTOS%202021/2029.pdf HTTP/1.1" 200 363244
201.245.192.253 - - [12/Sep/2023:10:43:40 -0500] "POST /sipse/faces/presentacion/financiero/solicitudProceso/consultar.xhtml HTTP/1.1" 200 12712
181.54.236.238 - - [12/Sep/2023:10:43:30 -0500] "GET /BLA/boletinlegal/admin/ HTTP/1.1" 200 15891
201.245.192.253 - - [12/Sep/2023:10:43:49 -0500] "POST /forms/lservlet;jsessionid=ac16012b30d6ec48b32ae6c641d48f3ac42886169fa3.e3iSbxaKaheRe34Rch0Ra3mLchv0n6jAmljGr5XDqQLvpAe HTTP/1.1" 200 63
201.245.192.253 - - [12/Sep/2023:10:43:49 -0500] "POST /forms/lservlet;jsessionid=ac16012b30d6ec48b32ae6c641d48f3ac42886169fa3.e3iSbxaKaheRe34Rch0Ra3mLchv0n6jAmljGr5XDqQLvpAe HTTP/1.1" 200 2
201.245.192.253 - - [12/Sep/2023:10:43:49 -0500] "POST /forms/lservlet;jsessionid=ac16012b30d6ec48b32ae6c641d48f3ac42886169fa3.e3iSbxaKaheRe34Rch0Ra3mLchv0n6jAmljGr5XDqQLvpAe HTTP/1.1" 200 2
201.245.192.253 - - [12/Sep/2023:10:43:50 -0500] "POST /forms/lservlet;jsessionid=ac16012b30d6ec48b32ae6c641d48f3ac42886169fa3.e3iSbxaKaheRe34Rch0Ra3mLchv0n6jAmljGr5XDqQLvpAe HTTP/1.1" 200 2
201.245.192.253 - - [12/Sep/2023:10:43:51 -0500] "POST /forms/lservlet;jsessionid=ac16012b30d6ec48b32ae6c641d48f3ac42886169fa3.e3iSbxaKaheRe34Rch0Ra3mLchv0n6jAmljGr5XDqQLvpAe HTTP/1.1" 200 118
201.245.192.253 - - [12/Sep/2023:10:43:52 -0500] "POST /forms/lservlet;jsessionid=ac16012b30d6ec48b32ae6c641d48f3ac42886169fa3.e3iSbxaKaheRe34Rch0Ra3mLchv0n6jAmljGr5XDqQLvpAe HTTP/1.1" 200 2
201.245.192.253 - - [12/Sep/2023:10:43:53 -0500] "POST /forms/lservlet;jsessionid=ac16012b30d6ec48b32ae6c641d48f3ac42886169fa3.e3iSbxaKaheRe34Rch0Ra3mLchv0n6jAmljGr5XDqQLvpAe HTTP/1.1" 200 2
201.245.192.253 - - [12/Sep/2023:10:43:55 -0500] "POST /forms/lservlet;jsessionid=ac16012b30d6ec48b32ae6c641d48f3ac42886169fa3.e3iSbxaKaheRe34Rch0Ra3mLchv0n6jAmljGr5XDqQLvpAe HTTP/1.1" 200 32
201.245.192.253 - - [12/Sep/2023:10:43:55 -0500] "POST /forms/lservlet;jsessionid=ac16012b30d6ec48b32ae6c641d48f3ac42886169fa3.e3iSbxaKaheRe34Rch0Ra3mLchv0n6jAmljGr5XDqQLvpAe HTTP/1.1" 200 2
201.245.192.253 - - [12/Sep/2023:10:43:55 -0500] "POST /forms/lservlet;jsessionid=ac16012b30d6ec48b32ae6c641d48f3ac42886169fa3.e3iSbxaKaheRe34Rch0Ra3mLchv0n6jAmljGr5XDqQLvpAe HTTP/1.1" 200 2
181.54.236.238 - - [12/Sep/2023:10:43:30 -0500] "GET /BLA/boletinlegal/admin/ HTTP/1.1" 200 15891
181.54.236.238 - - [12/Sep/2023:10:44:03 -0500] "GET /BLA/boletinlegal/admin/index_files/index_files/tback.gif HTTP/1.1" 404 1334
201.245.192.253 - - [12/Sep/2023:10:44:06 -0500] "POST /forms/lservlet;jsessionid=ac16012b30d67c93eb41c0fe4863bf03b6c32dc73e16.e3iSbxaKaheRe34Rch0Ra3mLchv0n6jAmljGr5XDqQLvpAe HTTP/1.1" 200 2
216.244.66.195 - - [12/Sep/2023:10:44:09 -0500] "GET /BLA/resoluciones/AUTOS%202021/2193.pdf HTTP/1.1" 200 517253
186.84.90.74 - - [12/Sep/2023:10:44:17 -0500] "GET /kwssiamovil/sm/ldap/au?x=U2FsdGVkX18xSe3K5VKJTDA3GUj3RKmMIYUeRWdGeerIJEoA0b8B5NeKwx2JywRs7FxhYUzUWHgV0u9SFkQkJg==&y=U2FsdGVkX18rVi0W4pDEz4YrefrBymEYXaHOoPhoxszzFDJg2nkfkZcsaAZdMmVN HTTP/1.1" 200 30
186.84.90.74 - - [12/Sep/2023:10:44:17 -0500] "GET /kwssiamovil/sm/acme/s?s=U2FsdGVkX1+88qBHU1b+7c/8sc69V/EdU4xSzKwb7M1VR66fEcW8JoMHHvVMNOUCZdYEbx9EZGt72MnLVxhDRC3Gez8CIbfvVoWYpj64tIU=&u=U2FsdGVkX19bD9iKZ/2MdPtInFQbx1xuY+S8wpWLHVU=&y=U2FsdGVkX18rVi0W4pDEz4YrefrBymEYXaHOoPhoxszzFDJg2nkfkZcsaAZdMmVN HTTP/1.1" 200 97
186.84.90.74 - - [12/Sep/2023:10:44:17 -0500] "GET /kwssiamovil/sm/acme/s?s=U2FsdGVkX18Edv6g4QZ9+InNCnY15lW8sBLYF1J3UxJEoufI2njmkcKd5cDh1m8QAnU/MHXSzdvPRLzsKwkXK/IST1UteknZRqSWfkCMaJBT5FKgaY91xwR3oHRkdRF46yDonhvpiqVA0Ui9Bv+v2afnsR02uap15cXis2SBb37TIzqblmkD5wUH+iVVheYW74AQgYLMpRC6Sk6pqak7CohgLil6STSKdxau1/S+ynQNmPEu8GiuEeSJ1JJ/wlUsA7F9s8czdw1F34zXU2MsfIz6TDyVO8o5RHoV+wxEhGqnvUjZ6ukV6BNLjihZV2rrnR9GxepSillf9eCQO8T3VnOMC7jXP+h5yCp65b/PYWc59eaVBTFcgYEUyqtDvNVblalKoQox3GSphSfbbZJcwfLKYx0r/Ep9a6H3OGNS/ioyQc19aH0kvxK248SNS/LKhX9xS2mkw9u0RfLfNRBDs1iUlyN2Qin9ZeUbaBmFYZ76WT+YAK5XmU8qa7pqfuWwdUc0Ndp81MyG/GoZPqK1ZumS9ACXDxLGQfYwLRWHbwailBe+DCvxqN0U9byzzjj8UJkhvZo2HmiOsoZruKE+iqy6mY6gpZm5rKJhVrnBkr2hpl+phSRquLbXbfrQj8aT01TMl0ZAUp9voRwg9VLAX6E3Z5IgWFJQCWGXX3S6A1qKLTcHje8EfAbjpIcJowSX7rNkOsz4+JiEH/lYv9Sa+M35TEfEdpoBMyhTekw9WcXrgw1mNB4Dt+fXmHOMczmRuo6K2cJCwDgIC6VUnrqcnTj6UsYMzlYiTMwQfVSeOJbUSh3+kivYbHh6KKhC79BuByy0sK6bxkzPZ7wHbmOnttGGBsgYDXF3BPi5ylKAUHVH0UjzOG/5hbgKUHwoFsYMondnQKxAHBWTFlrq+n28K64N59BaoFEjfMa6MslAVLNjngAkNt7Skg3O5fOoosMFjXDYsku/pgNmG/8ygwY+Or3M+jZeGECRsGp/B2omnC3Cpth9rqCYCcM3I/3260m9fsFouVxFr/iD8wQVfhYVFYnsy1GluHgSn+J++bc7qEVCtsOeOl1sure6Y1nY6DlYE67v85tTkBDkyGHR3dqyMePdZ7XSJM70VoxylHX5x6Rm9g+JPb3fYc3sRQARMOP2f/rLGqO3sQ4N761ELyuZpiazwNRt1OQ5VI7IN6zUVGV6vYNlBeJfGHLdI/GtXeG/6nNHtpbDEN3CT+j7Uvpwir6oq8VWgms5zpP2Cy5FfE1Lzh3I12TzcIuyPETHz+0/Vcy71f45lk/3jot923j9KmFjDCdeKujWGMoGW9J/rPWe/z/jFOlwcacBjO6LQqU1fG1Iulr/deY7Gy9vuUQrSSrS37JrnAJ57fkjKSa/5oeK/rIYnHhct2PfuAZiTwyZhH82ZHNpgG3Nf7Y+UEhVxw2jYDSeH+kk2D4sQ6xBchg=&u=U2FsdGVkX19bD9iKZ/2MdPtInFQbx1xuY+S8wpWLHVU=&y=U2FsdGVkX18rVi0W4pDEz4YrefrBymEYXaHOoPhoxszzFDJg2nkfkZcsaAZdMmVN HTTP/1.1" 200 299
186.84.90.74 - - [12/Sep/2023:10:44:18 -0500] "GET /kwssiamovil/sm/acme/s?s=U2FsdGVkX1/5Pa7gcS0A2f/ovjFLO2ILeDn3FUlarcqL7C9Dc8dy05eoekjuYpX0aCB8IE2/C9QMtOJJAOxE/hmOzo1LWvdjI1k0M5cgta1loNlmwdjyD3Z4ifUCMh8VkwkEBm+XF6ShW0hj1+KYBZr/Bg9qG+oYkPeXHYBXW98mAEEOmji7AqYiyPFITmhSI9oESliegPyDcq9AOxonciQhZkjdmnAnmpLnd5ObjT+NPvO5CYyz/BmToj3eEvTNqvBS1XUbt8fMPZwXX4GVXd0XnzLuFi/IDRRV+8AfF9SsXTCsUlHM5HaAUKMIoMJhU845nF3E0ohklIWfebtVfYHk318zNO2+DltNEpDVlD4=&u=U2FsdGVkX19bD9iKZ/2MdPtInFQbx1xuY+S8wpWLHVU=&y=U2FsdGVkX18rVi0W4pDEz4YrefrBymEYXaHOoPhoxszzFDJg2nkfkZcsaAZdMmVN HTTP/1.1" 200 196
186.84.90.74 - - [12/Sep/2023:10:44:18 -0500] "GET /kwssiamovil/sm/cjson/pre?f=1&x=U2FsdGVkX18xSe3K5VKJTDA3GUj3RKmMIYUeRWdGeerIJEoA0b8B5NeKwx2JywRs7FxhYUzUWHgV0u9SFkQkJg== HTTP/1.1" 200 31032
216.245.221.92 - - [12/Sep/2023:10:44:34 -0500] "HEAD / HTTP/1.1" 200 -
216.244.66.195 - - [12/Sep/2023:10:44:37 -0500] "GET /BLA/resoluciones/AUTOS%202021/2682.pdf HTTP/1.1" 200 373380
201.245.192.253 - - [12/Sep/2023:10:44:41 -0500] "POST /forms/lservlet;jsessionid=ac16012b30d6ec48b32ae6c641d48f3ac42886169fa3.e3iSbxaKaheRe34Rch0Ra3mLchv0n6jAmljGr5XDqQLvpAe HTTP/1.1" 200 960
201.245.192.253 - - [12/Sep/2023:10:44:41 -0500] "POST /forms/lservlet;jsessionid=ac16012b30d6ec48b32ae6c641d48f3ac42886169fa3.e3iSbxaKaheRe34Rch0Ra3mLchv0n6jAmljGr5XDqQLvpAe HTTP/1.1" 200 29
201.245.192.253 - - [12/Sep/2023:10:44:42 -0500] "POST /forms/lservlet;jsessionid=ac16012b30d6ec48b32ae6c641d48f3ac42886169fa3.e3iSbxaKaheRe34Rch0Ra3mLchv0n6jAmljGr5XDqQLvpAe HTTP/1.1" 200 29
201.245.192.253 - - [12/Sep/2023:10:44:42 -0500] "POST /forms/lservlet;jsessionid=ac16012b30d6ec48b32ae6c641d48f3ac42886169fa3.e3iSbxaKaheRe34Rch0Ra3mLchv0n6jAmljGr5XDqQLvpAe HTTP/1.1" 200 33
201.245.192.253 - - [12/Sep/2023:10:44:42 -0500] "POST /forms/lservlet;jsessionid=ac16012b30d6ec48b32ae6c641d48f3ac42886169fa3.e3iSbxaKaheRe34Rch0Ra3mLchv0n6jAmljGr5XDqQLvpAe HTTP/1.1" 200 23
201.245.192.253 - - [12/Sep/2023:10:44:42 -0500] "POST /forms/lservlet;jsessionid=ac16012b30d6ec48b32ae6c641d48f3ac42886169fa3.e3iSbxaKaheRe34Rch0Ra3mLchv0n6jAmljGr5XDqQLvpAe HTTP/1.1" 200 11
201.245.192.253 - - [12/Sep/2023:10:44:42 -0500] "POST /forms/lservlet;jsessionid=ac16012b30d6ec48b32ae6c641d48f3ac42886169fa3.e3iSbxaKaheRe34Rch0Ra3mLchv0n6jAmljGr5XDqQLvpAe HTTP/1.1" 200 11
201.245.192.253 - - [12/Sep/2023:10:44:43 -0500] "POST /forms/lservlet;jsessionid=ac16012b30d6ec48b32ae6c641d48f3ac42886169fa3.e3iSbxaKaheRe34Rch0Ra3mLchv0n6jAmljGr5XDqQLvpAe HTTP/1.1" 200 15
201.245.192.253 - - [12/Sep/2023:10:44:43 -0500] "POST /forms/lservlet;jsessionid=ac16012b30d6ec48b32ae6c641d48f3ac42886169fa3.e3iSbxaKaheRe34Rch0Ra3mLchv0n6jAmljGr5XDqQLvpAe HTTP/1.1" 200 11
201.245.192.253 - - [12/Sep/2023:10:44:43 -0500] "POST /forms/lservlet;jsessionid=ac16012b30d6ec48b32ae6c641d48f3ac42886169fa3.e3iSbxaKaheRe34Rch0Ra3mLchv0n6jAmljGr5XDqQLvpAe HTTP/1.1" 200 40
201.245.192.253 - - [12/Sep/2023:10:44:43 -0500] "POST /forms/lservlet;jsessionid=ac16012b30d6ec48b32ae6c641d48f3ac42886169fa3.e3iSbxaKaheRe34Rch0Ra3mLchv0n6jAmljGr5XDqQLvpAe HTTP/1.1" 200 29
201.245.192.253 - - [12/Sep/2023:10:44:43 -0500] "POST /forms/lservlet;jsessionid=ac16012b30d6ec48b32ae6c641d48f3ac42886169fa3.e3iSbxaKaheRe34Rch0Ra3mLchv0n6jAmljGr5XDqQLvpAe HTTP/1.1" 200 28
201.245.192.253 - - [12/Sep/2023:10:44:47 -0500] "POST /forms/lservlet;jsessionid=ac16012b30d6ec48b32ae6c641d48f3ac42886169fa3.e3iSbxaKaheRe34Rch0Ra3mLchv0n6jAmljGr5XDqQLvpAe HTTP/1.1" 200 50
201.245.192.253 - - [12/Sep/2023:10:44:47 -0500] "POST /forms/lservlet;jsessionid=ac16012b30d6ec48b32ae6c641d48f3ac42886169fa3.e3iSbxaKaheRe34Rch0Ra3mLchv0n6jAmljGr5XDqQLvpAe HTTP/1.1" 200 2
201.245.192.253 - - [12/Sep/2023:10:44:51 -0500] "POST /forms/lservlet;jsessionid=ac16012b30d6ec48b32ae6c641d48f3ac42886169fa3.e3iSbxaKaheRe34Rch0Ra3mLchv0n6jAmljGr5XDqQLvpAe HTTP/1.1" 200 11
201.245.192.253 - - [12/Sep/2023:10:44:52 -0500] "POST /forms/lservlet;jsessionid=ac16012b30d6ec48b32ae6c641d48f3ac42886169fa3.e3iSbxaKaheRe34Rch0Ra3mLchv0n6jAmljGr5XDqQLvpAe HTTP/1.1" 200 39
201.245.192.253 - - [12/Sep/2023:10:44:54 -0500] "POST /forms/lservlet;jsessionid=ac16012b30d6ec48b32ae6c641d48f3ac42886169fa3.e3iSbxaKaheRe34Rch0Ra3mLchv0n6jAmljGr5XDqQLvpAe HTTP/1.1" 200 80
201.245.192.253 - - [12/Sep/2023:10:44:56 -0500] "POST /forms/lservlet;jsessionid=ac16012b30d6ec48b32ae6c641d48f3ac42886169fa3.e3iSbxaKaheRe34Rch0Ra3mLchv0n6jAmljGr5XDqQLvpAe HTTP/1.1" 200 28
201.245.192.253 - - [12/Sep/2023:10:44:57 -0500] "POST /forms/lservlet;jsessionid=ac16012b30d6ec48b32ae6c641d48f3ac42886169fa3.e3iSbxaKaheRe34Rch0Ra3mLchv0n6jAmljGr5XDqQLvpAe HTTP/1.1" 200 11
201.245.192.253 - - [12/Sep/2023:10:44:57 -0500] "POST /forms/lservlet;jsessionid=ac16012b30d6ec48b32ae6c641d48f3ac42886169fa3.e3iSbxaKaheRe34Rch0Ra3mLchv0n6jAmljGr5XDqQLvpAe HTTP/1.1" 200 40
201.245.192.253 - - [12/Sep/2023:10:44:59 -0500] "POST /forms/lservlet;jsessionid=ac16012b30d6ec48b32ae6c641d48f3ac42886169fa3.e3iSbxaKaheRe34Rch0Ra3mLchv0n6jAmljGr5XDqQLvpAe HTTP/1.1" 200 51
201.245.192.253 - - [12/Sep/2023:10:45:00 -0500] "POST /forms/lservlet;jsessionid=ac16012b30d6ec48b32ae6c641d48f3ac42886169fa3.e3iSbxaKaheRe34Rch0Ra3mLchv0n6jAmljGr5XDqQLvpAe HTTP/1.1" 200 182
201.245.192.253 - - [12/Sep/2023:10:45:00 -0500] "POST /forms/lservlet;jsessionid=ac16012b30d6ec48b32ae6c641d48f3ac42886169fa3.e3iSbxaKaheRe34Rch0Ra3mLchv0n6jAmljGr5XDqQLvpAe HTTP/1.1" 200 21
201.245.192.253 - - [12/Sep/2023:10:45:00 -0500] "POST /forms/lservlet;jsessionid=ac16012b30d6ec48b32ae6c641d48f3ac42886169fa3.e3iSbxaKaheRe34Rch0Ra3mLchv0n6jAmljGr5XDqQLvpAe HTTP/1.1" 200 7
201.245.192.253 - - [12/Sep/2023:10:45:01 -0500] "POST /forms/lservlet;jsessionid=ac16012b30d6ec48b32ae6c641d48f3ac42886169fa3.e3iSbxaKaheRe34Rch0Ra3mLchv0n6jAmljGr5XDqQLvpAe HTTP/1.1" 200 497
201.245.192.253 - - [12/Sep/2023:10:45:01 -0500] "POST /forms/lservlet;jsessionid=ac16012b30d6ec48b32ae6c641d48f3ac42886169fa3.e3iSbxaKaheRe34Rch0Ra3mLchv0n6jAmljGr5XDqQLvpAe HTTP/1.1" 200 76
201.245.192.253 - - [12/Sep/2023:10:45:01 -0500] "POST /forms/lservlet;jsessionid=ac16012b30d6ec48b32ae6c641d48f3ac42886169fa3.e3iSbxaKaheRe34Rch0Ra3mLchv0n6jAmljGr5XDqQLvpAe HTTP/1.1" 200 157
201.245.192.253 - - [12/Sep/2023:10:45:01 -0500] "POST /forms/lservlet;jsessionid=ac16012b30d6ec48b32ae6c641d48f3ac42886169fa3.e3iSbxaKaheRe34Rch0Ra3mLchv0n6jAmljGr5XDqQLvpAe HTTP/1.1" 200 438
201.245.192.253 - - [12/Sep/2023:10:45:01 -0500] "POST /forms/lservlet;jsessionid=ac16012b30d6ec48b32ae6c641d48f3ac42886169fa3.e3iSbxaKaheRe34Rch0Ra3mLchv0n6jAmljGr5XDqQLvpAe HTTP/1.1" 200 77
201.245.192.253 - - [12/Sep/2023:10:45:01 -0500] "POST /forms/lservlet;jsessionid=ac16012b30d6ec48b32ae6c641d48f3ac42886169fa3.e3iSbxaKaheRe34Rch0Ra3mLchv0n6jAmljGr5XDqQLvpAe HTTP/1.1" 200 72
201.245.192.253 - - [12/Sep/2023:10:45:01 -0500] "POST /forms/lservlet;jsessionid=ac16012b30d6ec48b32ae6c641d48f3ac42886169fa3.e3iSbxaKaheRe34Rch0Ra3mLchv0n6jAmljGr5XDqQLvpAe HTTP/1.1" 200 68
201.245.192.253 - - [12/Sep/2023:10:45:01 -0500] "POST /forms/lservlet;jsessionid=ac16012b30d6ec48b32ae6c641d48f3ac42886169fa3.e3iSbxaKaheRe34Rch0Ra3mLchv0n6jAmljGr5XDqQLvpAe HTTP/1.1" 200 2
201.245.192.253 - - [12/Sep/2023:10:45:01 -0500] "POST /forms/lservlet;jsessionid=ac16012b30d6ec48b32ae6c641d48f3ac42886169fa3.e3iSbxaKaheRe34Rch0Ra3mLchv0n6jAmljGr5XDqQLvpAe HTTP/1.1" 200 2
201.245.192.253 - - [12/Sep/2023:10:45:02 -0500] "POST /forms/lservlet;jsessionid=ac16012b30d6ec48b32ae6c641d48f3ac42886169fa3.e3iSbxaKaheRe34Rch0Ra3mLchv0n6jAmljGr5XDqQLvpAe HTTP/1.1" 200 39
201.245.192.253 - - [12/Sep/2023:10:45:02 -0500] "POST /forms/lservlet;jsessionid=ac16012b30d6ec48b32ae6c641d48f3ac42886169fa3.e3iSbxaKaheRe34Rch0Ra3mLchv0n6jAmljGr5XDqQLvpAe HTTP/1.1" 200 31
201.245.192.253 - - [12/Sep/2023:10:45:02 -0500] "POST /forms/lservlet;jsessionid=ac16012b30d6ec48b32ae6c641d48f3ac42886169fa3.e3iSbxaKaheRe34Rch0Ra3mLchv0n6jAmljGr5XDqQLvpAe HTTP/1.1" 200 1071
201.245.192.253 - - [12/Sep/2023:10:45:04 -0500] "POST /forms/lservlet;jsessionid=ac16012b30d6ec48b32ae6c641d48f3ac42886169fa3.e3iSbxaKaheRe34Rch0Ra3mLchv0n6jAmljGr5XDqQLvpAe HTTP/1.1" 200 779
172.22.2.4 - - [12/Sep/2023:10:43:24 -0500] "HEAD /BLA/boletinlegal/ HTTP/1.1" 200 -
216.244.66.195 - - [12/Sep/2023:10:45:05 -0500] "GET /BLA/resoluciones/AUTOS%202021/2827.pdf HTTP/1.1" 200 501139
201.245.192.253 - - [12/Sep/2023:10:45:08 -0500] "POST /forms/lservlet;jsessionid=ac16012b30d6ec48b32ae6c641d48f3ac42886169fa3.e3iSbxaKaheRe34Rch0Ra3mLchv0n6jAmljGr5XDqQLvpAe HTTP/1.1" 200 305
201.245.192.253 - - [12/Sep/2023:10:45:09 -0500] "POST /forms/lservlet;jsessionid=ac16012b30d6ec48b32ae6c641d48f3ac42886169fa3.e3iSbxaKaheRe34Rch0Ra3mLchv0n6jAmljGr5XDqQLvpAe HTTP/1.1" 200 116
201.245.192.253 - - [12/Sep/2023:10:45:10 -0500] "POST /forms/lservlet;jsessionid=ac16012b30d6ec48b32ae6c641d48f3ac42886169fa3.e3iSbxaKaheRe34Rch0Ra3mLchv0n6jAmljGr5XDqQLvpAe HTTP/1.1" 200 430
201.245.192.253 - - [12/Sep/2023:10:45:11 -0500] "POST /forms/lservlet;jsessionid=ac16012b30d6ec48b32ae6c641d48f3ac42886169fa3.e3iSbxaKaheRe34Rch0Ra3mLchv0n6jAmljGr5XDqQLvpAe HTTP/1.1" 200 80
201.245.192.253 - - [12/Sep/2023:10:45:11 -0500] "POST /forms/lservlet;jsessionid=ac16012b30d6ec48b32ae6c641d48f3ac42886169fa3.e3iSbxaKaheRe34Rch0Ra3mLchv0n6jAmljGr5XDqQLvpAe HTTP/1.1" 200 7
201.245.192.253 - - [12/Sep/2023:10:45:19 -0500] "POST /forms/lservlet;jsessionid=ac16012b30d6ec48b32ae6c641d48f3ac42886169fa3.e3iSbxaKaheRe34Rch0Ra3mLchv0n6jAmljGr5XDqQLvpAe HTTP/1.1" 200 206
201.245.192.253 - - [12/Sep/2023:10:45:20 -0500] "POST /forms/lservlet;jsessionid=ac16012b30d6ec48b32ae6c641d48f3ac42886169fa3.e3iSbxaKaheRe34Rch0Ra3mLchv0n6jAmljGr5XDqQLvpAe HTTP/1.1" 200 2
201.245.192.253 - - [12/Sep/2023:10:45:20 -0500] "POST /forms/lservlet;jsessionid=ac16012b30d6ec48b32ae6c641d48f3ac42886169fa3.e3iSbxaKaheRe34Rch0Ra3mLchv0n6jAmljGr5XDqQLvpAe HTTP/1.1" 200 2
201.245.192.253 - - [12/Sep/2023:10:45:21 -0500] "POST /forms/lservlet;jsessionid=ac16012b30d6ec48b32ae6c641d48f3ac42886169fa3.e3iSbxaKaheRe34Rch0Ra3mLchv0n6jAmljGr5XDqQLvpAe HTTP/1.1" 200 103
201.245.192.253 - - [12/Sep/2023:10:45:21 -0500] "POST /forms/lservlet;jsessionid=ac16012b30d6ec48b32ae6c641d48f3ac42886169fa3.e3iSbxaKaheRe34Rch0Ra3mLchv0n6jAmljGr5XDqQLvpAe HTTP/1.1" 200 62
201.245.192.253 - - [12/Sep/2023:10:45:26 -0500] "POST /forms/lservlet;jsessionid=ac16012b30d6ec48b32ae6c641d48f3ac42886169fa3.e3iSbxaKaheRe34Rch0Ra3mLchv0n6jAmljGr5XDqQLvpAe HTTP/1.1" 200 13
201.245.192.253 - - [12/Sep/2023:10:45:27 -0500] "POST /forms/lservlet;jsessionid=ac16012b30d6ec48b32ae6c641d48f3ac42886169fa3.e3iSbxaKaheRe34Rch0Ra3mLchv0n6jAmljGr5XDqQLvpAe HTTP/1.1" 200 2
201.245.192.253 - - [12/Sep/2023:10:45:29 -0500] "POST /forms/lservlet;jsessionid=ac16012b30d6ec48b32ae6c641d48f3ac42886169fa3.e3iSbxaKaheRe34Rch0Ra3mLchv0n6jAmljGr5XDqQLvpAe HTTP/1.1" 200 17
201.245.192.253 - - [12/Sep/2023:10:45:30 -0500] "POST /forms/lservlet;jsessionid=ac16012b30d6ec48b32ae6c641d48f3ac42886169fa3.e3iSbxaKaheRe34Rch0Ra3mLchv0n6jAmljGr5XDqQLvpAe HTTP/1.1" 200 2
201.245.192.253 - - [12/Sep/2023:10:45:31 -0500] "POST /forms/lservlet;jsessionid=ac16012b30d6ec48b32ae6c641d48f3ac42886169fa3.e3iSbxaKaheRe34Rch0Ra3mLchv0n6jAmljGr5XDqQLvpAe HTTP/1.1" 200 53
201.245.192.253 - - [12/Sep/2023:10:45:31 -0500] "POST /forms/lservlet;jsessionid=ac16012b30d6ec48b32ae6c641d48f3ac42886169fa3.e3iSbxaKaheRe34Rch0Ra3mLchv0n6jAmljGr5XDqQLvpAe HTTP/1.1" 200 7
216.244.66.195 - - [12/Sep/2023:10:45:32 -0500] "GET /BLA/resoluciones/AUTOS%202021/3176.pdf HTTP/1.1" 200 391209
201.245.192.253 - - [12/Sep/2023:10:45:35 -0500] "POST /forms/lservlet;jsessionid=ac16012b30d6ec48b32ae6c641d48f3ac42886169fa3.e3iSbxaKaheRe34Rch0Ra3mLchv0n6jAmljGr5XDqQLvpAe HTTP/1.1" 200 111
201.245.192.253 - - [12/Sep/2023:10:45:39 -0500] "POST /forms/lservlet;jsessionid=ac16012b30d6ec48b32ae6c641d48f3ac42886169fa3.e3iSbxaKaheRe34Rch0Ra3mLchv0n6jAmljGr5XDqQLvpAe HTTP/1.1" 200 248
200.122.210.122 - - [12/Sep/2023:10:45:39 -0500] "POST /sipse/faces/presentacion/financiero/solicitudProceso/consultarSolicitudProceso.xhtml HTTP/1.1" 200 45686
200.122.210.122 - - [12/Sep/2023:10:45:39 -0500] "GET /sipse/faces/javax.faces.resource/primefaces.css?ln=primefaces&v=4.0 HTTP/1.1" 304 -
200.122.210.122 - - [12/Sep/2023:10:45:39 -0500] "GET /sipse/faces/javax.faces.resource/theme.css?ln=primefaces-sipse HTTP/1.1" 304 -
200.122.210.122 - - [12/Sep/2023:10:45:39 -0500] "GET /sipse/faces/javax.faces.resource/layout/layout.js?ln=primefaces&v=4.0 HTTP/1.1" 304 -
200.122.210.122 - - [12/Sep/2023:10:45:39 -0500] "GET /sipse/faces/javax.faces.resource/layout/layout.css?ln=primefaces&v=4.0 HTTP/1.1" 304 -
200.122.210.122 - - [12/Sep/2023:10:45:39 -0500] "GET /sipse/faces/javax.faces.resource/jquery/jquery.js?ln=primefaces&v=4.0 HTTP/1.1" 304 -
200.122.210.122 - - [12/Sep/2023:10:45:39 -0500] "GET /sipse/faces/javax.faces.resource/primefaces.js?ln=primefaces&v=4.0 HTTP/1.1" 304 -
200.122.210.122 - - [12/Sep/2023:10:45:39 -0500] "GET /sipse/faces/javax.faces.resource/jquery/jquery-plugins.js?ln=primefaces&v=4.0 HTTP/1.1" 304 -
200.122.210.122 - - [12/Sep/2023:10:45:39 -0500] "GET /sipse/faces/javax.faces.resource/images/ui-icons_898989_256x240.png?ln=primefaces-aristo HTTP/1.1" 304 -
200.122.210.122 - - [12/Sep/2023:10:45:39 -0500] "GET /sipse/css/imagen/contrasena.png HTTP/1.1" 404 383
200.122.210.122 - - [12/Sep/2023:10:45:40 -0500] "GET /sipse/faces/javax.faces.resource/images/ui-bg_flat_0_2d5972_40x100.png?ln=primefaces-aristo HTTP/1.1" 304 -
200.122.210.122 - - [12/Sep/2023:10:45:40 -0500] "POST /sipse/faces/presentacion/financiero/solicitudProceso/consultar.xhtml HTTP/1.1" 200 47186
200.122.210.122 - - [12/Sep/2023:10:45:40 -0500] "GET /sipse/faces/javax.faces.resource/theme.css?ln=primefaces-sipse HTTP/1.1" 304 -
200.122.210.122 - - [12/Sep/2023:10:45:40 -0500] "GET /sipse/faces/javax.faces.resource/primefaces.css?ln=primefaces&v=4.0 HTTP/1.1" 304 -
200.122.210.122 - - [12/Sep/2023:10:45:40 -0500] "GET /sipse/faces/javax.faces.resource/layout/layout.css?ln=primefaces&v=4.0 HTTP/1.1" 304 -
200.122.210.122 - - [12/Sep/2023:10:45:40 -0500] "GET /sipse/faces/javax.faces.resource/jquery/jquery.js?ln=primefaces&v=4.0 HTTP/1.1" 304 -
200.122.210.122 - - [12/Sep/2023:10:45:40 -0500] "GET /sipse/faces/javax.faces.resource/jquery/jquery-plugins.js?ln=primefaces&v=4.0 HTTP/1.1" 304 -
200.122.210.122 - - [12/Sep/2023:10:45:40 -0500] "GET /sipse/faces/javax.faces.resource/primefaces.js?ln=primefaces&v=4.0 HTTP/1.1" 304 -
200.122.210.122 - - [12/Sep/2023:10:45:40 -0500] "GET /sipse/faces/javax.faces.resource/layout/layout.js?ln=primefaces&v=4.0 HTTP/1.1" 304 -
200.122.210.122 - - [12/Sep/2023:10:45:40 -0500] "POST /sipse/faces/presentacion/financiero/solicitudProceso/listarSolicitudProceso.xhtml HTTP/1.1" 200 1472
201.245.192.253 - - [12/Sep/2023:10:45:41 -0500] "POST /forms/lservlet;jsessionid=ac16012b30d6ec48b32ae6c641d48f3ac42886169fa3.e3iSbxaKaheRe34Rch0Ra3mLchv0n6jAmljGr5XDqQLvpAe HTTP/1.1" 200 283
201.245.192.253 - - [12/Sep/2023:10:45:42 -0500] "POST /forms/lservlet;jsessionid=ac16012b30d6ec48b32ae6c641d48f3ac42886169fa3.e3iSbxaKaheRe34Rch0Ra3mLchv0n6jAmljGr5XDqQLvpAe HTTP/1.1" 200 214
201.245.192.253 - - [12/Sep/2023:10:45:42 -0500] "POST /forms/lservlet;jsessionid=ac16012b30d6ec48b32ae6c641d48f3ac42886169fa3.e3iSbxaKaheRe34Rch0Ra3mLchv0n6jAmljGr5XDqQLvpAe HTTP/1.1" 200 21
201.245.192.253 - - [12/Sep/2023:10:45:42 -0500] "POST /forms/lservlet;jsessionid=ac16012b30d6ec48b32ae6c641d48f3ac42886169fa3.e3iSbxaKaheRe34Rch0Ra3mLchv0n6jAmljGr5XDqQLvpAe HTTP/1.1" 200 7
201.245.192.253 - - [12/Sep/2023:10:45:42 -0500] "POST /forms/lservlet;jsessionid=ac16012b30d6ec48b32ae6c641d48f3ac42886169fa3.e3iSbxaKaheRe34Rch0Ra3mLchv0n6jAmljGr5XDqQLvpAe HTTP/1.1" 200 512
201.245.192.253 - - [12/Sep/2023:10:45:43 -0500] "POST /forms/lservlet;jsessionid=ac16012b30d6ec48b32ae6c641d48f3ac42886169fa3.e3iSbxaKaheRe34Rch0Ra3mLchv0n6jAmljGr5XDqQLvpAe HTTP/1.1" 200 2
200.122.210.122 - - [12/Sep/2023:10:45:43 -0500] "POST /sipse/faces/presentacion/financiero/solicitudProceso/listarSolicitudProceso.xhtml HTTP/1.1" 200 4649
200.122.210.122 - - [12/Sep/2023:10:45:45 -0500] "POST /sipse/faces/presentacion/financiero/solicitudProceso/listarSolicitudProceso.xhtml HTTP/1.1" 200 158992
200.122.210.122 - - [12/Sep/2023:10:45:45 -0500] "GET /sipse/faces/javax.faces.resource/theme.css?ln=primefaces-sipse HTTP/1.1" 304 -
200.122.210.122 - - [12/Sep/2023:10:45:45 -0500] "GET /sipse/faces/javax.faces.resource/layout/layout.css?ln=primefaces&v=4.0 HTTP/1.1" 304 -
200.122.210.122 - - [12/Sep/2023:10:45:45 -0500] "GET /sipse/faces/javax.faces.resource/primefaces.css?ln=primefaces&v=4.0 HTTP/1.1" 304 -
200.122.210.122 - - [12/Sep/2023:10:45:45 -0500] "GET /sipse/faces/javax.faces.resource/jquery/jquery.js?ln=primefaces&v=4.0 HTTP/1.1" 304 -
200.122.210.122 - - [12/Sep/2023:10:45:45 -0500] "GET /sipse/faces/javax.faces.resource/jquery/jquery-plugins.js?ln=primefaces&v=4.0 HTTP/1.1" 304 -
200.122.210.122 - - [12/Sep/2023:10:45:45 -0500] "GET /sipse/faces/javax.faces.resource/primefaces.js?ln=primefaces&v=4.0 HTTP/1.1" 304 -
200.122.210.122 - - [12/Sep/2023:10:45:45 -0500] "GET /sipse/faces/javax.faces.resource/layout/layout.js?ln=primefaces&v=4.0 HTTP/1.1" 304 -
201.245.192.253 - - [12/Sep/2023:10:45:49 -0500] "POST /forms/lservlet;jsessionid=ac16012b30d6ec48b32ae6c641d48f3ac42886169fa3.e3iSbxaKaheRe34Rch0Ra3mLchv0n6jAmljGr5XDqQLvpAe HTTP/1.1" 200 32
200.122.210.122 - - [12/Sep/2023:10:45:52 -0500] "POST /sipse/faces/presentacion/financiero/solicitudProceso/consultarSolicitudProceso.xhtml HTTP/1.1" 200 49663
172.22.2.4 - - [12/Sep/2023:10:44:15 -0500] "GET /BLA/boletinlegal/ HTTP/1.1" 200 57790
201.245.192.253 - - [12/Sep/2023:10:45:56 -0500] "POST /forms/lservlet;jsessionid=ac16012b30d6ec48b32ae6c641d48f3ac42886169fa3.e3iSbxaKaheRe34Rch0Ra3mLchv0n6jAmljGr5XDqQLvpAe HTTP/1.1" 200 90
200.122.210.122 - - [12/Sep/2023:10:45:56 -0500] "POST /sipse/faces/presentacion/financiero/solicitudProceso/consultarSolicitudProceso.xhtml HTTP/1.1" 200 74153
201.245.192.253 - - [12/Sep/2023:10:45:56 -0500] "POST /forms/lservlet;jsessionid=ac16012b30d6ec48b32ae6c641d48f3ac42886169fa3.e3iSbxaKaheRe34Rch0Ra3mLchv0n6jAmljGr5XDqQLvpAe HTTP/1.1" 200 74
200.122.210.122 - - [12/Sep/2023:10:45:56 -0500] "GET /sipse/faces/javax.faces.resource/theme.css?ln=primefaces-sipse HTTP/1.1" 304 -
200.122.210.122 - - [12/Sep/2023:10:45:56 -0500] "GET /sipse/faces/javax.faces.resource/primefaces.css?ln=primefaces&v=4.0 HTTP/1.1" 304 -
200.122.210.122 - - [12/Sep/2023:10:45:56 -0500] "GET /sipse/faces/javax.faces.resource/layout/layout.css?ln=primefaces&v=4.0 HTTP/1.1" 304 -
200.122.210.122 - - [12/Sep/2023:10:45:56 -0500] "GET /sipse/faces/javax.faces.resource/jquery/jquery.js?ln=primefaces&v=4.0 HTTP/1.1" 304 -
200.122.210.122 - - [12/Sep/2023:10:45:56 -0500] "GET /sipse/faces/javax.faces.resource/jquery/jquery-plugins.js?ln=primefaces&v=4.0 HTTP/1.1" 304 -
200.122.210.122 - - [12/Sep/2023:10:45:56 -0500] "GET /sipse/faces/javax.faces.resource/primefaces.js?ln=primefaces&v=4.0 HTTP/1.1" 304 -
200.122.210.122 - - [12/Sep/2023:10:45:56 -0500] "GET /sipse/faces/javax.faces.resource/layout/layout.js?ln=primefaces&v=4.0 HTTP/1.1" 304 -
201.245.192.253 - - [12/Sep/2023:10:45:57 -0500] "POST /forms/lservlet;jsessionid=ac16012b30d6ec48b32ae6c641d48f3ac42886169fa3.e3iSbxaKaheRe34Rch0Ra3mLchv0n6jAmljGr5XDqQLvpAe HTTP/1.1" 200 2
201.245.192.253 - - [12/Sep/2023:10:45:57 -0500] "POST /forms/lservlet;jsessionid=ac16012b30d6ec48b32ae6c641d48f3ac42886169fa3.e3iSbxaKaheRe34Rch0Ra3mLchv0n6jAmljGr5XDqQLvpAe HTTP/1.1" 200 86
216.244.66.195 - - [12/Sep/2023:10:45:57 -0500] "GET /BLA/resoluciones/AUTOS%202021/3391.pdf HTTP/1.1" 200 325367
201.245.192.253 - - [12/Sep/2023:10:45:58 -0500] "POST /forms/lservlet;jsessionid=ac16012b30d6ec48b32ae6c641d48f3ac42886169fa3.e3iSbxaKaheRe34Rch0Ra3mLchv0n6jAmljGr5XDqQLvpAe HTTP/1.1" 200 47
201.245.192.253 - - [12/Sep/2023:10:46:07 -0500] "POST /forms/lservlet;jsessionid=ac16012b30d67c93eb41c0fe4863bf03b6c32dc73e16.e3iSbxaKaheRe34Rch0Ra3mLchv0n6jAmljGr5XDqQLvpAe HTTP/1.1" 200 2
216.244.66.195 - - [12/Sep/2023:10:46:22 -0500] "GET /BLA/resoluciones/AUTOS%202021/3747.pdf HTTP/1.1" 200 344628
216.244.66.195 - - [12/Sep/2023:10:46:45 -0500] "GET /BLA/resoluciones/AUTOS%202021/3966.pdf HTTP/1.1" 200 350078
172.22.2.4 - - [12/Sep/2023:10:46:06 -0500] "GET /BLA/boletinlegal/ HTTP/1.1" 200 32715
216.244.66.195 - - [12/Sep/2023:10:47:08 -0500] "GET /BLA/resoluciones/AUTOS%202021/4052.pdf HTTP/1.1" 200 360729
66.249.70.197 - - [12/Sep/2023:10:47:14 -0500] "GET /portel_dama/libreria/pdf/ecosistemas/restauracion/sitio/22_proye/xtras_in/3a.pdf HTTP/1.1" 404 1018
201.245.192.253 - - [12/Sep/2023:10:47:20 -0500] "POST /forms/lservlet;jsessionid=ac16012b30d6ec48b32ae6c641d48f3ac42886169fa3.e3iSbxaKaheRe34Rch0Ra3mLchv0n6jAmljGr5XDqQLvpAe HTTP/1.1" 200 2
201.245.192.253 - - [12/Sep/2023:10:47:21 -0500] "GET /sipse/faces/javax.faces.resource/theme.css?ln=primefaces-sipse HTTP/1.1" 304 -
201.245.192.253 - - [12/Sep/2023:10:47:21 -0500] "GET /sipse/faces/faces/faces/autenticacion.xhtml HTTP/1.1" 200 12183
201.245.192.253 - - [12/Sep/2023:10:47:22 -0500] "GET /sipse/faces/javax.faces.resource/theme.css?ln=primefaces-sipse HTTP/1.1" 304 -
201.245.192.253 - - [12/Sep/2023:10:47:22 -0500] "GET /sipse/faces/javax.faces.resource/jquery/jquery-plugins.js?ln=primefaces&v=4.0 HTTP/1.1" 304 -
201.245.192.253 - - [12/Sep/2023:10:47:22 -0500] "GET /sipse/js/disable_browser_buttons.js HTTP/1.1" 200 3230
