201.245.192.253 - - [12/Sep/2023:10:47:22 -0500] "GET /sipse/faces/javax.faces.resource/primefaces.css?ln=primefaces&v=4.0 HTTP/1.1" 304 -
201.245.192.253 - - [12/Sep/2023:10:47:22 -0500] "GET /sipse/faces/javax.faces.resource/layout/layout.css?ln=primefaces&v=4.0 HTTP/1.1" 304 -
201.245.192.253 - - [12/Sep/2023:10:47:22 -0500] "GET /sipse/css/custom_css_sg_prime_login.css HTTP/1.1" 200 443
201.245.192.253 - - [12/Sep/2023:10:47:22 -0500] "GET /sipse/css/custom_css_sg.css HTTP/1.1" 200 9694
201.245.192.253 - - [12/Sep/2023:10:47:22 -0500] "GET /sipse/js/funciones.js HTTP/1.1" 200 12592
201.245.192.253 - - [12/Sep/2023:10:47:22 -0500] "GET /sipse/faces/javax.faces.resource/jquery/jquery.js?ln=primefaces&v=4.0 HTTP/1.1" 304 -
201.245.192.253 - - [12/Sep/2023:10:47:22 -0500] "GET /sipse/faces/javax.faces.resource/primefaces.js?ln=primefaces&v=4.0 HTTP/1.1" 304 -
201.245.192.253 - - [12/Sep/2023:10:47:22 -0500] "GET /sipse/faces/javax.faces.resource/layout/layout.js?ln=primefaces&v=4.0 HTTP/1.1" 304 -
201.245.192.253 - - [12/Sep/2023:10:47:22 -0500] "GET /sipse/faces/javax.faces.resource/images/ui-icons_898989_256x240.png?ln=primefaces-aristo HTTP/1.1" 304 -
201.245.192.253 - - [12/Sep/2023:10:47:22 -0500] "GET /sipse/css/imagen/logoSDG.png HTTP/1.1" 200 53064
201.245.192.253 - - [12/Sep/2023:10:47:22 -0500] "GET /sipse/css/imagen/loginimg.png HTTP/1.1" 200 71635
201.245.192.253 - - [12/Sep/2023:10:47:23 -0500] "POST /forms/lservlet;jsessionid=ac16012b30d6ec48b32ae6c641d48f3ac42886169fa3.e3iSbxaKaheRe34Rch0Ra3mLchv0n6jAmljGr5XDqQLvpAe HTTP/1.1" 200 90
201.245.192.253 - - [12/Sep/2023:10:47:23 -0500] "POST /forms/lservlet;jsessionid=ac16012b30d6ec48b32ae6c641d48f3ac42886169fa3.e3iSbxaKaheRe34Rch0Ra3mLchv0n6jAmljGr5XDqQLvpAe HTTP/1.1" 200 21
201.245.192.253 - - [12/Sep/2023:10:47:23 -0500] "POST /forms/lservlet;jsessionid=ac16012b30d6ec48b32ae6c641d48f3ac42886169fa3.e3iSbxaKaheRe34Rch0Ra3mLchv0n6jAmljGr5XDqQLvpAe HTTP/1.1" 200 7
201.245.192.253 - - [12/Sep/2023:10:47:23 -0500] "POST /forms/lservlet;jsessionid=ac16012b30d6ec48b32ae6c641d48f3ac42886169fa3.e3iSbxaKaheRe34Rch0Ra3mLchv0n6jAmljGr5XDqQLvpAe HTTP/1.1" 200 505
201.245.192.253 - - [12/Sep/2023:10:47:23 -0500] "POST /forms/lservlet;jsessionid=ac16012b30d6ec48b32ae6c641d48f3ac42886169fa3.e3iSbxaKaheRe34Rch0Ra3mLchv0n6jAmljGr5XDqQLvpAe HTTP/1.1" 200 25
201.245.192.253 - - [12/Sep/2023:10:47:23 -0500] "POST /forms/lservlet;jsessionid=ac16012b30d6ec48b32ae6c641d48f3ac42886169fa3.e3iSbxaKaheRe34Rch0Ra3mLchv0n6jAmljGr5XDqQLvpAe HTTP/1.1" 200 72
201.245.192.253 - - [12/Sep/2023:10:47:23 -0500] "POST /forms/lservlet;jsessionid=ac16012b30d6ec48b32ae6c641d48f3ac42886169fa3.e3iSbxaKaheRe34Rch0Ra3mLchv0n6jAmljGr5XDqQLvpAe HTTP/1.1" 200 523
201.245.192.253 - - [12/Sep/2023:10:47:23 -0500] "POST /forms/lservlet;jsessionid=ac16012b30d6ec48b32ae6c641d48f3ac42886169fa3.e3iSbxaKaheRe34Rch0Ra3mLchv0n6jAmljGr5XDqQLvpAe HTTP/1.1" 200 25
201.245.192.253 - - [12/Sep/2023:10:47:23 -0500] "POST /forms/lservlet;jsessionid=ac16012b30d6ec48b32ae6c641d48f3ac42886169fa3.e3iSbxaKaheRe34Rch0Ra3mLchv0n6jAmljGr5XDqQLvpAe HTTP/1.1" 200 7
201.245.192.253 - - [12/Sep/2023:10:47:23 -0500] "POST /forms/lservlet;jsessionid=ac16012b30d6ec48b32ae6c641d48f3ac42886169fa3.e3iSbxaKaheRe34Rch0Ra3mLchv0n6jAmljGr5XDqQLvpAe HTTP/1.1" 200 21
201.245.192.253 - - [12/Sep/2023:10:47:24 -0500] "POST /forms/lservlet;jsessionid=ac16012b30d6ec48b32ae6c641d48f3ac42886169fa3.e3iSbxaKaheRe34Rch0Ra3mLchv0n6jAmljGr5XDqQLvpAe HTTP/1.1" 200 2
201.245.192.253 - - [12/Sep/2023:10:47:24 -0500] "POST /forms/lservlet;jsessionid=ac16012b30d6ec48b32ae6c641d48f3ac42886169fa3.e3iSbxaKaheRe34Rch0Ra3mLchv0n6jAmljGr5XDqQLvpAe HTTP/1.1" 200 2
201.245.192.253 - - [12/Sep/2023:10:47:24 -0500] "POST /forms/lservlet;jsessionid=ac16012b30d6ec48b32ae6c641d48f3ac42886169fa3.e3iSbxaKaheRe34Rch0Ra3mLchv0n6jAmljGr5XDqQLvpAe HTTP/1.1" 200 39
201.245.192.253 - - [12/Sep/2023:10:47:25 -0500] "POST /forms/lservlet;jsessionid=ac16012b30d6ec48b32ae6c641d48f3ac42886169fa3.e3iSbxaKaheRe34Rch0Ra3mLchv0n6jAmljGr5XDqQLvpAe HTTP/1.1" 200 32
216.244.66.195 - - [12/Sep/2023:10:47:30 -0500] "GET /BLA/resoluciones/AUTOS%202021/4196.pdf HTTP/1.1" 200 497448
201.245.192.253 - - [12/Sep/2023:10:47:39 -0500] "POST /forms/lservlet;jsessionid=ac16012b30d6ec48b32ae6c641d48f3ac42886169fa3.e3iSbxaKaheRe34Rch0Ra3mLchv0n6jAmljGr5XDqQLvpAe HTTP/1.1" 200 125
201.245.192.253 - - [12/Sep/2023:10:47:39 -0500] "POST /forms/lservlet;jsessionid=ac16012b30d6ec48b32ae6c641d48f3ac42886169fa3.e3iSbxaKaheRe34Rch0Ra3mLchv0n6jAmljGr5XDqQLvpAe HTTP/1.1" 200 2
201.245.192.253 - - [12/Sep/2023:10:47:40 -0500] "POST /forms/lservlet;jsessionid=ac16012b30d6ec48b32ae6c641d48f3ac42886169fa3.e3iSbxaKaheRe34Rch0Ra3mLchv0n6jAmljGr5XDqQLvpAe HTTP/1.1" 200 1943
201.245.192.253 - - [12/Sep/2023:10:47:41 -0500] "POST /forms/lservlet;jsessionid=ac16012b30d6ec48b32ae6c641d48f3ac42886169fa3.e3iSbxaKaheRe34Rch0Ra3mLchv0n6jAmljGr5XDqQLvpAe HTTP/1.1" 200 24
201.245.192.253 - - [12/Sep/2023:10:47:43 -0500] "POST /sipse/faces/autenticacion.xhtml HTTP/1.1" 200 16172
201.245.192.253 - - [12/Sep/2023:10:47:43 -0500] "GET /sipse/faces/javax.faces.resource/theme.css?ln=primefaces-sipse HTTP/1.1" 304 -
201.245.192.253 - - [12/Sep/2023:10:47:43 -0500] "GET /sipse/faces/javax.faces.resource/primefaces.css?ln=primefaces&v=4.0 HTTP/1.1" 304 -
201.245.192.253 - - [12/Sep/2023:10:47:43 -0500] "GET /sipse/faces/javax.faces.resource/layout/layout.css?ln=primefaces&v=4.0 HTTP/1.1" 304 -
201.245.192.253 - - [12/Sep/2023:10:47:43 -0500] "GET /sipse/css/custom_css_sg_prime.css HTTP/1.1" 200 5201
201.245.192.253 - - [12/Sep/2023:10:47:43 -0500] "GET /sipse/js/jquery.min.js HTTP/1.1" 200 85582
201.245.192.253 - - [12/Sep/2023:10:47:43 -0500] "GET /sipse/faces/javax.faces.resource/jquery/jquery.js?ln=primefaces&v=4.0 HTTP/1.1" 304 -
201.245.192.253 - - [12/Sep/2023:10:47:43 -0500] "GET /sipse/faces/javax.faces.resource/jquery/jquery-plugins.js?ln=primefaces&v=4.0 HTTP/1.1" 304 -
201.245.192.253 - - [12/Sep/2023:10:47:44 -0500] "GET /sipse/faces/javax.faces.resource/primefaces.js?ln=primefaces&v=4.0 HTTP/1.1" 304 -
201.245.192.253 - - [12/Sep/2023:10:47:44 -0500] "GET /sipse/faces/javax.faces.resource/layout/layout.js?ln=primefaces&v=4.0 HTTP/1.1" 304 -
201.245.192.253 - - [12/Sep/2023:10:47:44 -0500] "GET /sipse/css/imagen/contrasena.png HTTP/1.1" 404 383
201.245.192.253 - - [12/Sep/2023:10:47:44 -0500] "GET /sipse/css/v_mergente.css HTTP/1.1" 200 1505
201.245.192.253 - - [12/Sep/2023:10:47:44 -0500] "GET /sipse/faces/javax.faces.resource/messages/messages.png?ln=primefaces&v=4.0 HTTP/1.1" 304 -
201.245.192.253 - - [12/Sep/2023:10:47:44 -0500] "GET /sipse/imagenes/cargando.gif HTTP/1.1" 200 36959
201.245.192.253 - - [12/Sep/2023:10:47:44 -0500] "GET /sipse/imagenes/logoAplicacion.jpg HTTP/1.1" 200 155084
186.102.47.13 - - [12/Sep/2023:10:47:47 -0500] "OPTIONS /kwssiamovil/sm/setfile/f? HTTP/1.1" 200 13
186.102.47.13 - - [12/Sep/2023:10:47:48 -0500] "POST /kwssiamovil/sm/setfile/f? HTTP/1.1" 200 381
216.244.66.195 - - [12/Sep/2023:10:47:51 -0500] "GET /BLA/resoluciones/AUTOS%202021/4552.pdf HTTP/1.1" 200 338342
201.245.192.253 - - [12/Sep/2023:10:48:04 -0500] "POST /forms/lservlet;jsessionid=ac16012b30d6ec48b32ae6c641d48f3ac42886169fa3.e3iSbxaKaheRe34Rch0Ra3mLchv0n6jAmljGr5XDqQLvpAe HTTP/1.1" 200 2786
201.245.192.253 - - [12/Sep/2023:10:48:07 -0500] "POST /forms/lservlet;jsessionid=ac16012b30d67c93eb41c0fe4863bf03b6c32dc73e16.e3iSbxaKaheRe34Rch0Ra3mLchv0n6jAmljGr5XDqQLvpAe HTTP/1.1" 200 2
186.102.47.13 - - [12/Sep/2023:10:48:07 -0500] "GET /kwssiamovil/sm/acme/a?s=U2FsdGVkX19KQjMxs7hh+sQkVp00lZVjr5OYHWCUyWoa14+EPOxfSOWb8zPC8Gnjfh88335xUpRDHdijnIOL2sLbQUbrlNEzC1VfYzWiMsClB7P97u9cNLz654l0D1I3WVW46Y9XfIjgq8vITCjDdoei35DGImuKoNvDOtlEVKsuYYyTB6tLqks52Twtl8RWEa/gjQ9qfQJK7WiVmYXf+7bLejFHGlvt7Th7IlPbAVtq0sZN0mPvvmeg0MHH+ymqzsaDOW+ztCYqAsv0F7innQ==&u=U2FsdGVkX18fqvRI7W8862EM0xeqNlFdQ/Z4pWWG09jwSjsxZ7/zMC8ed0eWwae3&y=U2FsdGVkX18xoZNz+o8BFnJhE/dr/8RmeFDAS1Btli+9keE0k+qbSkEjg6HNk+KP HTTP/1.1" 200 26
186.102.47.13 - - [12/Sep/2023:10:48:07 -0500] "GET /kwssiamovil/sm/acme/a?s=U2FsdGVkX19FyEgMOEpg4WFNbQPaI7MH9Wrr3BG2366uhNry+Dq2+A84QEJwjjRetGXi9s7L1JaR2Dns9HNS/LL1dpq5Yo/ghRhzTLxA/QnWhmvcLofq10+pHDl8O7pEBSPug8W56EOMMyS61jOmAFGTy0XFPsF2gQEkmJJk41qUZ3JSGHUK8QLh7m8O13JCszie+41GVDIVyVOL28aOKERNMaNQbUXNk++JWvPCFgtSN+qgCXh7qvcSlFnm+bfBRpWPXuAeTkSGYUJb9Yv3zSAUyxPT26NWVO1Zzvm4nyznY0mbusiPVhO1tRlA0KImQqL9YwX6aZxUKxZ+3v4yAPUFs6vFI3lqQyPI0UGCL9HwXQNBn3T6scRSvHKKFEzFvU/OZ+460FEliP7DrGzCbJEsr8NyK2yOXXU33iKx4k7AHq6+WjHAX64WxGXN8P4JkPGnDARnGPb4ckQLytlTnNq/bsK9aTyQer/TMDrSKe+YF7D9hOWUt7YzMtQDmX6KOCZSF7tFLY3gPLNQ7lUgtgEyfnSYmligg2foShw9F6OxcEMO/+XYTr0q7xnnr/CAAzQJJGGGKo92WmGYR58/4qn7sJWXyzfqsdIkzSfSlhDrCc3WZpNJO045YbGPmlMJnHh0wTOHvTqHKC9+Vi3spggqLrpJLbYjs0uOO5gMmMoM2yxjrFlUIg4HrhAsp9WRCniKe8mgZn/2r/r4GJ87hPaRddsfB7x+xpiT7Xtwb9kfB9NlhAkGFiOOj8/m8SXxt/w6qHzFDKYVTVHoXqs12+3kYmVylPYXCsVaoxLZdNVmXK9+t1eblKRBnaynSiBs/rkuTW7iHJcmb11ZyoYO+gKrKGshiFIDUEqs/11ToyIRb0mEJIy42/T5jeadYboMqKafE2CFJ0sXWZEPVjwTbBT0oFPxI3lTlAXMDLEP5wkeeXov+sre+FsMzQ7WZYBsrHXH4M1Tk14m9K8fMS7VK2EhUag6t6ElxGU/f7opae2v2zBk2pCBlXSwEhd3e5F2uqYyeWy9pbg2SruUYCiS2ZHgKZ0GWN9yg0uRIy3+e4SeJXuP+wiwecabdPclo98D0uO6mypQzvNdEHbN0kmrVKC1WbAWyEf6oB8gJGyp5rPeDbxDCal61K6xk6rla6SU6dfRVieJsDrrt0z2HHMVjVVCGuOREu7JfEQz6k+QZ3o4ohdhSS1DqBvvHlhUOpRecVOHrjyu6Q7W4OBQ3PTYvbLlMTeO6UoI6Vq+KYonnWyz990RwpAE5kVygjJvpREfyCrFr+vEsY3TmczDS27J/AasFrAdicBdgedU8Suzm6G2fCGq/Lz5BnrTuBqeJQMzCpNt1bFO4aR2cvdMv447yub+RAcAlWpDCeFWVeGmr05vIh8eX6RdiB6oN2ONXVvoqgV4xL629gzGP6npZAGna4ImeD5V+xrROOQKacKnuq4NGfg3fGkobVo81Wh++nvKNbcDthud3E7K2ne8e6H3h6ymcPzPsxJmxRTlieY+GNJAAVdZ5ufvP8NCLlWvsAxLEXAM3L4zt9ZdN39NLbI/HmIfbs+vvvIx8vg/FsRC3FHhz5M2dudUYwlDp5szPwfpMKDjmwI/ywrklfqJGN8d2IyOg2LzaVSeIMrvCrtxaAesSMghQlQsCNNb/fYaMPbv+bKa+7cqZqcnT4Kr/jxMQlMv2rL3DUTqGsnkc44zWglRAMWCtrzx5ngYGPLGnr1cMZ946qRyso6Vd9R9IhRIIgzl5YiZtJebmQLVlPfInWDw0GkXMkGLdNzz1LMI+573UW3yYXOA8WpO2mzzKPZMtttGelIYIn6FnOUKejAb9110g77k5Kw+2MlWjtyNG5Olh4pSDj9kir/JhhZIdDzP3OVh96veeMmjDv5FTJeyPFv3/n/wik63q7n3cZOymvrG&u=U2FsdGVkX18fqvRI7W8862EM0xeqNlFdQ/Z4pWWG09jwSjsxZ7/zMC8ed0eWwae3&y=U2FsdGVkX18xoZNz+o8BFnJhE/dr/8RmeFDAS1Btli+9keE0k+qbSkEjg6HNk+KP HTTP/1.1" 200 26
186.102.47.13 - - [12/Sep/2023:10:48:07 -0500] "GET /kwssiamovil/sm/acme/a?s=U2FsdGVkX19uY2z8VqfJonkaUlTOZhmLF2/s4KGd630oLbXHmABNowcpl+nYa4aFJNKkwCBgRK67lNH09e7ldSjTKSIGZPvw7HSUzighdaak6LK+s7/Ml/6eF4Jb5oq6N/VuVf3Z7XVWLFDthKGJfeaptsbiHT6LiVS473zj49Q=&u=U2FsdGVkX18fqvRI7W8862EM0xeqNlFdQ/Z4pWWG09jwSjsxZ7/zMC8ed0eWwae3&y=U2FsdGVkX18xoZNz+o8BFnJhE/dr/8RmeFDAS1Btli+9keE0k+qbSkEjg6HNk+KP HTTP/1.1" 200 26
186.102.47.13 - - [12/Sep/2023:10:48:08 -0500] "GET /kwssiamovil/sm/acme/a?s=U2FsdGVkX19Na+922WkkXwvXLqs85Oft4dqkT0E7wGRirug2BePiBSRccjtgptcQ2HxDrAG0a3ek2JMU0ujy+5MxRBo0OXU3lELYMB7kkR06VQJ50Dta0VVcL7t6TSjZLKElb6mHBhCbD+n+HIDAtSEQJkULMipNibR0Hk7RKCw=&u=U2FsdGVkX18fqvRI7W8862EM0xeqNlFdQ/Z4pWWG09jwSjsxZ7/zMC8ed0eWwae3&y=U2FsdGVkX18xoZNz+o8BFnJhE/dr/8RmeFDAS1Btli+9keE0k+qbSkEjg6HNk+KP HTTP/1.1" 200 26
201.245.192.253 - - [12/Sep/2023:10:48:08 -0500] "POST /forms/lservlet;jsessionid=ac16012b30d6ec48b32ae6c641d48f3ac42886169fa3.e3iSbxaKaheRe34Rch0Ra3mLchv0n6jAmljGr5XDqQLvpAe HTTP/1.1" 200 7
186.102.47.13 - - [12/Sep/2023:10:48:08 -0500] "GET /kwssiamovil/sm/acme/a?s=U2FsdGVkX185/6Lmdoq/CQIVwsJ90Vp6d8ASyfvm3zkIV2k74DjT3uYpm+1ILgs9Z2TCZyRXZh5C4y9wx+mjm/QdvXcdLtZBy11WmkIAdopvu8iS/8FzBvEFIUUHNiLVqrACu9dNW5+9KmPSzIYyi/OIuz1P6cyuIdoonw81rcM=&u=U2FsdGVkX18fqvRI7W8862EM0xeqNlFdQ/Z4pWWG09jwSjsxZ7/zMC8ed0eWwae3&y=U2FsdGVkX18xoZNz+o8BFnJhE/dr/8RmeFDAS1Btli+9keE0k+qbSkEjg6HNk+KP HTTP/1.1" 200 26
186.102.47.13 - - [12/Sep/2023:10:48:08 -0500] "GET /kwssiamovil/sm/acme/a?s=U2FsdGVkX1/E0/A8KOe/mmaZTYZS97yBXwCRgLiN17LvhQQRpBK56md70TlROmHnQRPtndd3cAGOU+JbGHq7vkow1S8QKh5j/tvta41mgqUd7S4y2GfZ6hekCbv1jPQGHqXSZ/U/XsDHNC4JDQmvKygy/y07+0Z5ERVwJIJ8eWgS0GYRWwodmHUwdufcgrOHdwVJ/YfRLB5+bol9K/5qOw==&u=U2FsdGVkX18fqvRI7W8862EM0xeqNlFdQ/Z4pWWG09jwSjsxZ7/zMC8ed0eWwae3&y=U2FsdGVkX18xoZNz+o8BFnJhE/dr/8RmeFDAS1Btli+9keE0k+qbSkEjg6HNk+KP HTTP/1.1" 200 26
186.102.47.13 - - [12/Sep/2023:10:48:08 -0500] "GET /kwssiamovil/sm/acme/a?s=U2FsdGVkX19VF+9qxf1Jy5yQVWdcSKH8cXz8NdljheqFNesugPyVorTjruzR+KcCpzjSe7HEiaXnd9iD3k04E8C/jDAtqY332ynZBdyUAwtueljVZ7gZwXZuz1sheyRrfe4HgIj7L05n22wR8JWput31LI0GMdATBzfbdp7wcbpruKJ/wqI4/Z8M1qHvfWsWvvAl8f+yZxWxju99IQpsyLrspxFVFOEfzbQ9GovQmB9b2XYvHmQUfXa43U/IG6kOEia5xDKKwr2UiuAvzvU+XrUpx/f2WQQ4v1gAYjA3RNcP1J5dR01j95fJSzqclVSB2yec40uaYKzdpP5QPoY27JiL1c57U9ssLOiaYUg07xwgdIHaoD1ADD05I69VrSQDZ8FWN9m7SVuAGSsckQNaVqtcYF4do0SnWQEidkQHnOgsq2PFvmyBtVcTUbteffCXbzeYnDTRMDYH+1lg3MpE5kte/ZuqhiWMzJVM6snoEBJ6S3Wbt7k8Q2ILVBxdszDGITIURcFpwmxrwvSu7BRMuYI/kAnO386cfRFAGePevxDlwlQyWW1G5K5dLx34Xqpt&u=U2FsdGVkX18fqvRI7W8862EM0xeqNlFdQ/Z4pWWG09jwSjsxZ7/zMC8ed0eWwae3&y=U2FsdGVkX18xoZNz+o8BFnJhE/dr/8RmeFDAS1Btli+9keE0k+qbSkEjg6HNk+KP HTTP/1.1" 200 25
186.102.47.13 - - [12/Sep/2023:10:48:09 -0500] "GET /kwssiamovil/sm/acme/a?s=U2FsdGVkX1+GsL16btedPajBq9bmdiyzgU3Shoa/h6U6K7c2FfkH+cQILaeBJd8zutqNWJXwDLgnT3HfldiOM/3zMKylcXoRU7M9rXGzaLezhGsQohgsaPgRsWkteL8tfJGo801lIh1JjcELLkpZWM/a2jWfBcoOmuJQW3Us4+wdY3DR3b84bYHsAk9Ib4wZFo5zS/62X+PC+n85FI70uZ6kip1p32vxVyMxslf2qozHQhIOYKhxJyqvXWxUrHsxVjyldPx3A21TePiajeOV3rXEu8PluR2gFn9RFxxuzpJFT/Zi+3AE+AoNCJyMReeJ3+TCoaoLMkwdcL9T/6Cf/h23Ep5EsYJNufo/JzkAVPI+xl6Sz2CIW6nOb/PfF1T727/wrSVST5OjhUAIxOszx7BcUIWKcE3Aa3xGldcPNDgIv9BcmBihT+ov8jThhu49Tiwn3xFjhW4xRfQWwWVxg3GyX+nJuTUu67wn1FDj2U78+fVuuTqrK3WBYiBFdgAE+2ERMeJqj48lIf8g2fHcNw==&u=U2FsdGVkX18fqvRI7W8862EM0xeqNlFdQ/Z4pWWG09jwSjsxZ7/zMC8ed0eWwae3&y=U2FsdGVkX18xoZNz+o8BFnJhE/dr/8RmeFDAS1Btli+9keE0k+qbSkEjg6HNk+KP HTTP/1.1" 200 25
216.244.66.195 - - [12/Sep/2023:10:48:10 -0500] "GET /BLA/resoluciones/AUTOS%202021/4705.pdf HTTP/1.1" 200 404173
201.245.192.253 - - [12/Sep/2023:10:48:12 -0500] "POST /forms/lservlet;jsessionid=ac16012b30d6ec48b32ae6c641d48f3ac42886169fa3.e3iSbxaKaheRe34Rch0Ra3mLchv0n6jAmljGr5XDqQLvpAe HTTP/1.1" 200 7
186.84.90.74 - - [12/Sep/2023:10:48:13 -0500] "GET /kwssiamovil/sm/acme/a?s=U2FsdGVkX1+OvZ/F5fPZ3QfIwVdBFwoblRqsNrhzppO1QJG2f4M1+P4AtEYiLfqtGCpJqrPAQIDa71WTXDv4mdCrfg0XGBvaAwglz5nNQP6i/WjHXYufJ8PkwlJaOS8F9CIDy2JXbdGM1bZd4oUxv57Fvw3iIumNCggGG5p220JFEMkR80hH3rHznMvdcBfo+H7n0xeeVcSfiqRbufDDJddgYaNALKVB7EvyrVNJs89XFnulO/yKm0oTKEKl+5LLz0LO2pVSQmsCrFx7GQbXrA==&u=U2FsdGVkX19bD9iKZ/2MdPtInFQbx1xuY+S8wpWLHVU=&y=U2FsdGVkX18rVi0W4pDEz4YrefrBymEYXaHOoPhoxszzFDJg2nkfkZcsaAZdMmVN HTTP/1.1" 200 26
186.84.90.74 - - [12/Sep/2023:10:48:13 -0500] "GET /kwssiamovil/sm/acme/a?s=U2FsdGVkX19xTzZzeTsD2ojsmvEJ9k2afLpYuhpTTmZsmiA1l/nnrEWMZ+EGwPONoA8tdfLsfF9lrpEMsABOIEye+3HY9XXKBtdpiUpS6OXoV1XEtwQZeyEqzYjw+r18uh+vVmnYCbO8Eagu/cdKNmojjlcHlzFyV3CLKX1BeRVjb/YwtLTNnx0Aw638ujz4MU0FExxWwrqI9Z0rzXXMDdTrLS+G//jhM80+1hcfgFgNvaNh9XOLe0JFjemy9mQOVw6KONndjlgDhds6k2/3zOYorIgoZj6oE7vvLCyi6PAoeZEF1COJlWG6E6KgGiA/YP/yHQSCBpm0q06DZVbLhd77/i3cRpeUMpPDKRlLgy15Mn20AcyF3Ws6No95mhbV2ZPZJoyfqaiA74tVTySXTFAE9MOQV+nmWFNyciCAlEDg6ckTwkRjW7n+FshUWfk2tXp2PjY1Lp43PVh8X5d8SKLtfhXHfZ9KfEpuyeycwgPfbdR+w7OOXMrJtNzDW9gPJT+9/PZFHssp438UOijI/aOJREMcq1LV0zu5Mw7DeZaF4OrfPZp6Kvuwktpo564ew0vQs4SEYlCDkePw087BuoFA8qJh+ktWJsf4pFEMf7aVugRSqJazjocm83WhI8OFEIvELe9Hi+8gKtYz8u0uoEFXvGfgXJA8FscALJb4ddLtNmAbUmPgjsZeF98F3VG2U6VX9dgqQTysvoeHVMCp65z8d9Lnsq+rFvhDAmBVxoAC367cjcjtWaIvr3eDX0RnS3KSJ0LfGjYINCd16c9KwIXsoaead/xQykytV0eWohXPKRkJDWGYtItur9tk2F7bNrzeI8hgv34H1/AKqZst9QsGxgiXrhUh6y2yGT0+BYwu7uTsBHN1gIEj8p5SCCI0IN987zuikP3chNGZV9SJAW1B37F3EhHLbtlY0sdQRi+b2NVnC7n8cB7BkCgq0qZNFjPiM3j+rQTi1ZmieZzeMqvclNZ96J5Jy9BXlMPCHh0lODLrv+Vkjrb9VrkIVXWDnhM745d8TREig03xhuL2YIP8qC8MaKd6O1eTY/6cqNBrIX2CN3AJnYTOApXAWj2UfAclZIquhsC/h01wYLYOHzbTRKFNroXWNtuj42N8QJGUFrrVCXAAEnGdiKryht30kMLhlKS6j43P8XEejxrWZCzKWiV6L6vZwfRkjNFbeGvrKhHxJizJxrjQZxQJAUOOM+vzUWpd+vLJj7bAlE1PpaizMnH1Nl/SVBF5RC5H0YD3SY5JoPg25hGl50JX44IX1ciXSeo7O8wqfH7vvgD0++6zT9LugncQ+6fNK4zgg7bYLXzcDahE8Mw2BhNRw1MIFp6hhp7jMGiL+VamGJjh7l73xz9vA3Zn7Tu+LTAp5hC79XZgcEkLpp7GfJggOGsDcRy60LXVESp6GUzpzX/SvA9Ewc3VpHR6Q1/XfxIgeOZErjwRx3X6k31dS6ygTre4wMbN7AKfzSZ+A86/70lnb+XTqheBN89n4NZjjd/GmYAlmk4Q7TNLU+DhXKb3ckrDfJLCKRDLtIgHRTThJ4NNNFmkw5DDIWa6AU5nCaGPmhCW8LHZxVuMH5PJSFt9aSyjk/++6WtrfBgYtZ+OkaLNSusTuUrUp8FDQ6lhXeMoFd27GWKWN2Zw1w2jEPAFBvU1xRgVusT99Hwr7QAUVOKsB0nOdirX1TZCpYY8twi48WNHAb4ypcwn33oUnfPBBmbngV56YP7NmB/lj5ra8PLi1SJ+aNwleEcJL+SyE2GGxb+SHMO7N9d5qtZ1gh77/rETvCQLlxXI0lmWrizo6/VhcXq8PRt+P+XktxycIROmztXQjLBU0oLcRQuYH5MZcWPU7xeI0f8eXTqE8sPnxRWA0R8F0Mfrldf+eYy9jKKLobf/3HZM7D41+RuYxa5S2VNt&u=U2FsdGVkX19bD9iKZ/2MdPtInFQbx1xuY+S8wpWLHVU=&y=U2FsdGVkX18rVi0W4pDEz4YrefrBymEYXaHOoPhoxszzFDJg2nkfkZcsaAZdMmVN HTTP/1.1" 200 26
186.84.90.74 - - [12/Sep/2023:10:48:13 -0500] "GET /kwssiamovil/sm/acme/a?s=U2FsdGVkX1/+MVrLgC1h39aUjrltHGRW6CI7xRuQUKeK2mdU2tuUGC/T1kZxa8jR7FWVCeSEAm6dNEZI3tFMP9M/drhKGBvMYKNFR+iLDYQjo70aS2+OlXc/QGuVO2UglLXhQjyz6JnWcmhE8QLJFrLqGfcfVkFhBCn+VgAXFn4=&u=U2FsdGVkX19bD9iKZ/2MdPtInFQbx1xuY+S8wpWLHVU=&y=U2FsdGVkX18rVi0W4pDEz4YrefrBymEYXaHOoPhoxszzFDJg2nkfkZcsaAZdMmVN HTTP/1.1" 200 26
186.84.90.74 - - [12/Sep/2023:10:48:14 -0500] "GET /kwssiamovil/sm/acme/a?s=U2FsdGVkX196X05kBPtFqk1UE84JlAdvAq1+qAFtMvdeSHboTAT5MY/ciY6IITpfeHq36IHRlvbVazcrri2eylbhD+LmKorkG64goal3KL4qE/6axIrrBSDCjpD/Q7H5QzVD4aOoNYHhT2lh2bhxfiI1xN+B4jCLu5HTo98RXyY=&u=U2FsdGVkX19bD9iKZ/2MdPtInFQbx1xuY+S8wpWLHVU=&y=U2FsdGVkX18rVi0W4pDEz4YrefrBymEYXaHOoPhoxszzFDJg2nkfkZcsaAZdMmVN HTTP/1.1" 200 26
186.84.90.74 - - [12/Sep/2023:10:48:14 -0500] "GET /kwssiamovil/sm/acme/a?s=U2FsdGVkX19XLmYMlLZErR8fWYQexYTVefPatBF4ADgt4lsQjJ+YXa2xqkY9dIcmq1Ptg0F0msL+fvn+hLjqgeki16Fr3eE1dJu68/VTcwDBCCxvUZI9vEDK4xzb4VzpW9aalrIKwV2Pzj92xkYk5Z6O7I+tsQ89fRQOfsSZTu0=&u=U2FsdGVkX19bD9iKZ/2MdPtInFQbx1xuY+S8wpWLHVU=&y=U2FsdGVkX18rVi0W4pDEz4YrefrBymEYXaHOoPhoxszzFDJg2nkfkZcsaAZdMmVN HTTP/1.1" 200 26
186.84.90.74 - - [12/Sep/2023:10:48:14 -0500] "GET /kwssiamovil/sm/acme/a?s=U2FsdGVkX1/VGyUs/CatZv7OelZo2xKE1nNEpnOpdgVgB5Pmnhc9/kNGCUbqeknzw8ezg7K3tNmxt7Ab/6k6+/4cUQOouCEQDuOQewbJ9JTSsuQKVpyK26hZJZhjrJQug5ceCimKDRGbkzzOutJFUfRoNkVSAPHMkTXl3HJVuB3kzkUvU9YRDZcwBJ5cgA2T5cLl058Bm8np2SNM/jsUTw==&u=U2FsdGVkX19bD9iKZ/2MdPtInFQbx1xuY+S8wpWLHVU=&y=U2FsdGVkX18rVi0W4pDEz4YrefrBymEYXaHOoPhoxszzFDJg2nkfkZcsaAZdMmVN HTTP/1.1" 200 26
201.245.192.253 - - [12/Sep/2023:10:48:15 -0500] "POST /forms/lservlet;jsessionid=ac16012b30d6ec48b32ae6c641d48f3ac42886169fa3.e3iSbxaKaheRe34Rch0Ra3mLchv0n6jAmljGr5XDqQLvpAe HTTP/1.1" 200 117
201.245.192.253 - - [12/Sep/2023:10:48:16 -0500] "POST /forms/lservlet;jsessionid=ac16012b30d6ec48b32ae6c641d48f3ac42886169fa3.e3iSbxaKaheRe34Rch0Ra3mLchv0n6jAmljGr5XDqQLvpAe HTTP/1.1" 200 7
201.245.192.253 - - [12/Sep/2023:10:48:17 -0500] "POST /sipse/faces/bienvenido.xhtml HTTP/1.1" 200 1471
201.245.192.253 - - [12/Sep/2023:10:48:17 -0500] "GET /sipse/faces/javax.faces.resource/images/ui-bg_flat_0_2d5972_40x100.png?ln=primefaces-aristo HTTP/1.1" 304 -
201.245.192.253 - - [12/Sep/2023:10:48:17 -0500] "POST /sipse/faces/bienvenido.xhtml HTTP/1.1" 200 34358
201.245.192.253 - - [12/Sep/2023:10:48:18 -0500] "GET /sipse/faces/javax.faces.resource/theme.css?ln=primefaces-sipse HTTP/1.1" 304 -
201.245.192.253 - - [12/Sep/2023:10:48:18 -0500] "GET /sipse/faces/javax.faces.resource/primefaces.css?ln=primefaces&v=4.0 HTTP/1.1" 304 -
201.245.192.253 - - [12/Sep/2023:10:48:18 -0500] "GET /sipse/faces/javax.faces.resource/layout/layout.css?ln=primefaces&v=4.0 HTTP/1.1" 304 -
201.245.192.253 - - [12/Sep/2023:10:48:18 -0500] "GET /sipse/faces/javax.faces.resource/jquery/jquery.js?ln=primefaces&v=4.0 HTTP/1.1" 304 -
201.245.192.253 - - [12/Sep/2023:10:48:18 -0500] "GET /sipse/faces/javax.faces.resource/jquery/jquery-plugins.js?ln=primefaces&v=4.0 HTTP/1.1" 304 -
201.245.192.253 - - [12/Sep/2023:10:48:18 -0500] "GET /sipse/faces/javax.faces.resource/primefaces.js?ln=primefaces&v=4.0 HTTP/1.1" 304 -
201.245.192.253 - - [12/Sep/2023:10:48:18 -0500] "GET /sipse/faces/javax.faces.resource/layout/layout.js?ln=primefaces&v=4.0 HTTP/1.1" 304 -
201.245.192.253 - - [12/Sep/2023:10:48:18 -0500] "POST /sipse/faces/presentacion/financiero/solicitudProceso/listarSolicitudProceso.xhtml HTTP/1.1" 200 1404
201.245.192.253 - - [12/Sep/2023:10:48:18 -0500] "POST /forms/lservlet;jsessionid=ac16012b30d6ec48b32ae6c641d48f3ac42886169fa3.e3iSbxaKaheRe34Rch0Ra3mLchv0n6jAmljGr5XDqQLvpAe HTTP/1.1" 200 51
201.245.192.253 - - [12/Sep/2023:10:48:19 -0500] "POST /sipse/faces/presentacion/financiero/solicitudProceso/listarSolicitudProceso.xhtml HTTP/1.1" 200 4547
201.245.192.253 - - [12/Sep/2023:10:48:19 -0500] "POST /sipse/faces/presentacion/financiero/solicitudProceso/listarSolicitudProceso.xhtml HTTP/1.1" 200 16207
201.245.192.253 - - [12/Sep/2023:10:48:22 -0500] "POST /sipse/faces/presentacion/financiero/solicitudProceso/listarSolicitudProceso.xhtml HTTP/1.1" 200 130878
201.245.192.253 - - [12/Sep/2023:10:48:23 -0500] "GET /sipse/faces/javax.faces.resource/theme.css?ln=primefaces-sipse HTTP/1.1" 304 -
201.245.192.253 - - [12/Sep/2023:10:48:23 -0500] "GET /sipse/faces/javax.faces.resource/layout/layout.css?ln=primefaces&v=4.0 HTTP/1.1" 304 -
201.245.192.253 - - [12/Sep/2023:10:48:23 -0500] "GET /sipse/faces/javax.faces.resource/primefaces.css?ln=primefaces&v=4.0 HTTP/1.1" 304 -
201.245.192.253 - - [12/Sep/2023:10:48:23 -0500] "GET /sipse/faces/javax.faces.resource/jquery/jquery.js?ln=primefaces&v=4.0 HTTP/1.1" 304 -
201.245.192.253 - - [12/Sep/2023:10:48:23 -0500] "GET /sipse/faces/javax.faces.resource/jquery/jquery-plugins.js?ln=primefaces&v=4.0 HTTP/1.1" 304 -
201.245.192.253 - - [12/Sep/2023:10:48:23 -0500] "GET /sipse/faces/javax.faces.resource/primefaces.js?ln=primefaces&v=4.0 HTTP/1.1" 304 -
201.245.192.253 - - [12/Sep/2023:10:48:23 -0500] "GET /sipse/faces/javax.faces.resource/layout/layout.js?ln=primefaces&v=4.0 HTTP/1.1" 304 -
201.245.192.253 - - [12/Sep/2023:10:48:21 -0500] "POST /kwsrmcab/Wsrmcab  HTTP/1.1" 200 42865
201.245.192.253 - - [12/Sep/2023:10:48:25 -0500] "POST /forms/lservlet;jsessionid=ac16012b30d6ec48b32ae6c641d48f3ac42886169fa3.e3iSbxaKaheRe34Rch0Ra3mLchv0n6jAmljGr5XDqQLvpAe HTTP/1.1" 200 2
201.245.192.253 - - [12/Sep/2023:10:48:28 -0500] "POST /forms/lservlet;jsessionid=ac16012b30d6ec48b32ae6c641d48f3ac42886169fa3.e3iSbxaKaheRe34Rch0Ra3mLchv0n6jAmljGr5XDqQLvpAe HTTP/1.1" 200 319
201.245.192.253 - - [12/Sep/2023:10:48:29 -0500] "POST /forms/lservlet;jsessionid=ac16012b30d6ec48b32ae6c641d48f3ac42886169fa3.e3iSbxaKaheRe34Rch0Ra3mLchv0n6jAmljGr5XDqQLvpAe HTTP/1.1" 200 95
201.245.192.253 - - [12/Sep/2023:10:48:29 -0500] "POST /forms/lservlet;jsessionid=ac16012b30d6ec48b32ae6c641d48f3ac42886169fa3.e3iSbxaKaheRe34Rch0Ra3mLchv0n6jAmljGr5XDqQLvpAe HTTP/1.1" 200 2
201.245.192.253 - - [12/Sep/2023:10:48:29 -0500] "POST /forms/lservlet;jsessionid=ac16012b30d6ec48b32ae6c641d48f3ac42886169fa3.e3iSbxaKaheRe34Rch0Ra3mLchv0n6jAmljGr5XDqQLvpAe HTTP/1.1" 200 231
201.245.192.253 - - [12/Sep/2023:10:48:30 -0500] "POST /forms/lservlet;jsessionid=ac16012b30d6ec48b32ae6c641d48f3ac42886169fa3.e3iSbxaKaheRe34Rch0Ra3mLchv0n6jAmljGr5XDqQLvpAe HTTP/1.1" 200 2
201.245.192.253 - - [12/Sep/2023:10:48:30 -0500] "POST /forms/lservlet;jsessionid=ac16012b30d6ec48b32ae6c641d48f3ac42886169fa3.e3iSbxaKaheRe34Rch0Ra3mLchv0n6jAmljGr5XDqQLvpAe HTTP/1.1" 200 142
201.245.192.253 - - [12/Sep/2023:10:48:30 -0500] "POST /forms/lservlet;jsessionid=ac16012b30d6ec48b32ae6c641d48f3ac42886169fa3.e3iSbxaKaheRe34Rch0Ra3mLchv0n6jAmljGr5XDqQLvpAe HTTP/1.1" 200 2
201.245.192.253 - - [12/Sep/2023:10:48:31 -0500] "POST /forms/lservlet;jsessionid=ac16012b30d6ec48b32ae6c641d48f3ac42886169fa3.e3iSbxaKaheRe34Rch0Ra3mLchv0n6jAmljGr5XDqQLvpAe HTTP/1.1" 200 155
201.245.192.253 - - [12/Sep/2023:10:48:31 -0500] "POST /forms/lservlet;jsessionid=ac16012b30d6ec48b32ae6c641d48f3ac42886169fa3.e3iSbxaKaheRe34Rch0Ra3mLchv0n6jAmljGr5XDqQLvpAe HTTP/1.1" 200 88
216.244.66.195 - - [12/Sep/2023:10:48:31 -0500] "GET /BLA/resoluciones/AUTOS%202021/5017.pdf HTTP/1.1" 200 402146
201.245.192.253 - - [12/Sep/2023:10:48:32 -0500] "POST /forms/lservlet;jsessionid=ac16012b30d6ec48b32ae6c641d48f3ac42886169fa3.e3iSbxaKaheRe34Rch0Ra3mLchv0n6jAmljGr5XDqQLvpAe HTTP/1.1" 200 2
201.245.192.253 - - [12/Sep/2023:10:48:32 -0500] "POST /forms/lservlet;jsessionid=ac16012b30d6ec48b32ae6c641d48f3ac42886169fa3.e3iSbxaKaheRe34Rch0Ra3mLchv0n6jAmljGr5XDqQLvpAe HTTP/1.1" 200 703
201.245.192.253 - - [12/Sep/2023:10:48:32 -0500] "POST /forms/lservlet;jsessionid=ac16012b30d6ec48b32ae6c641d48f3ac42886169fa3.e3iSbxaKaheRe34Rch0Ra3mLchv0n6jAmljGr5XDqQLvpAe HTTP/1.1" 200 2
201.245.192.253 - - [12/Sep/2023:10:48:32 -0500] "POST /forms/lservlet;jsessionid=ac16012b30d6ec48b32ae6c641d48f3ac42886169fa3.e3iSbxaKaheRe34Rch0Ra3mLchv0n6jAmljGr5XDqQLvpAe HTTP/1.1" 200 50
201.245.192.253 - - [12/Sep/2023:10:48:33 -0500] "POST /forms/lservlet;jsessionid=ac16012b30d6ec48b32ae6c641d48f3ac42886169fa3.e3iSbxaKaheRe34Rch0Ra3mLchv0n6jAmljGr5XDqQLvpAe HTTP/1.1" 200 303
201.245.192.253 - - [12/Sep/2023:10:48:34 -0500] "POST /forms/lservlet;jsessionid=ac16012b30d6ec48b32ae6c641d48f3ac42886169fa3.e3iSbxaKaheRe34Rch0Ra3mLchv0n6jAmljGr5XDqQLvpAe HTTP/1.1" 200 10
201.245.192.253 - - [12/Sep/2023:10:48:36 -0500] "POST /forms/lservlet;jsessionid=ac16012b30d6ec48b32ae6c641d48f3ac42886169fa3.e3iSbxaKaheRe34Rch0Ra3mLchv0n6jAmljGr5XDqQLvpAe HTTP/1.1" 200 2
201.245.192.253 - - [12/Sep/2023:10:48:37 -0500] "POST /forms/lservlet;jsessionid=ac16012b30d6ec48b32ae6c641d48f3ac42886169fa3.e3iSbxaKaheRe34Rch0Ra3mLchv0n6jAmljGr5XDqQLvpAe HTTP/1.1" 200 246
201.245.192.253 - - [12/Sep/2023:10:48:37 -0500] "POST /forms/lservlet;jsessionid=ac16012b30d6ec48b32ae6c641d48f3ac42886169fa3.e3iSbxaKaheRe34Rch0Ra3mLchv0n6jAmljGr5XDqQLvpAe HTTP/1.1" 200 11
201.245.192.253 - - [12/Sep/2023:10:48:38 -0500] "POST /forms/lservlet;jsessionid=ac16012b30d6ec48b32ae6c641d48f3ac42886169fa3.e3iSbxaKaheRe34Rch0Ra3mLchv0n6jAmljGr5XDqQLvpAe HTTP/1.1" 200 2
201.245.192.253 - - [12/Sep/2023:10:48:38 -0500] "POST /forms/lservlet;jsessionid=ac16012b30d6ec48b32ae6c641d48f3ac42886169fa3.e3iSbxaKaheRe34Rch0Ra3mLchv0n6jAmljGr5XDqQLvpAe HTTP/1.1" 200 270
201.245.192.253 - - [12/Sep/2023:10:48:39 -0500] "POST /forms/lservlet;jsessionid=ac16012b30d6ec48b32ae6c641d48f3ac42886169fa3.e3iSbxaKaheRe34Rch0Ra3mLchv0n6jAmljGr5XDqQLvpAe HTTP/1.1" 200 7
201.245.192.253 - - [12/Sep/2023:10:48:41 -0500] "POST /forms/lservlet;jsessionid=ac16012b30d6ec48b32ae6c641d48f3ac42886169fa3.e3iSbxaKaheRe34Rch0Ra3mLchv0n6jAmljGr5XDqQLvpAe HTTP/1.1" 200 267
201.245.192.253 - - [12/Sep/2023:10:48:41 -0500] "GET /reports/rwservlet/getjobid=89212?server=repnomi HTTP/1.1" 200 28519
201.245.192.253 - - [12/Sep/2023:10:48:43 -0500] "POST /forms/lservlet;jsessionid=ac16012b30d6ec48b32ae6c641d48f3ac42886169fa3.e3iSbxaKaheRe34Rch0Ra3mLchv0n6jAmljGr5XDqQLvpAe HTTP/1.1" 200 125
201.245.192.253 - - [12/Sep/2023:10:48:43 -0500] "POST /forms/lservlet;jsessionid=ac16012b30d6ec48b32ae6c641d48f3ac42886169fa3.e3iSbxaKaheRe34Rch0Ra3mLchv0n6jAmljGr5XDqQLvpAe HTTP/1.1" 200 2
201.245.192.253 - - [12/Sep/2023:10:48:43 -0500] "POST /forms/lservlet;jsessionid=ac16012b30d6ec48b32ae6c641d48f3ac42886169fa3.e3iSbxaKaheRe34Rch0Ra3mLchv0n6jAmljGr5XDqQLvpAe HTTP/1.1" 200 1856
201.245.192.253 - - [12/Sep/2023:10:48:44 -0500] "POST /forms/lservlet;jsessionid=ac16012b30d6ec48b32ae6c641d48f3ac42886169fa3.e3iSbxaKaheRe34Rch0Ra3mLchv0n6jAmljGr5XDqQLvpAe HTTP/1.1" 200 13
201.245.192.253 - - [12/Sep/2023:10:48:45 -0500] "POST /forms/lservlet;jsessionid=ac16012b30d6ec48b32ae6c641d48f3ac42886169fa3.e3iSbxaKaheRe34Rch0Ra3mLchv0n6jAmljGr5XDqQLvpAe HTTP/1.1" 200 2670
201.245.192.253 - - [12/Sep/2023:10:48:47 -0500] "POST /forms/lservlet;jsessionid=ac16012b30d6ec48b32ae6c641d48f3ac42886169fa3.e3iSbxaKaheRe34Rch0Ra3mLchv0n6jAmljGr5XDqQLvpAe HTTP/1.1" 200 2
201.245.192.253 - - [12/Sep/2023:10:48:47 -0500] "POST /forms/lservlet;jsessionid=ac16012b30d6ec48b32ae6c641d48f3ac42886169fa3.e3iSbxaKaheRe34Rch0Ra3mLchv0n6jAmljGr5XDqQLvpAe HTTP/1.1" 200 220
201.245.192.253 - - [12/Sep/2023:10:48:47 -0500] "POST /forms/lservlet;jsessionid=ac16012b30d6ec48b32ae6c641d48f3ac42886169fa3.e3iSbxaKaheRe34Rch0Ra3mLchv0n6jAmljGr5XDqQLvpAe HTTP/1.1" 200 10
201.245.192.253 - - [12/Sep/2023:10:48:48 -0500] "POST /forms/lservlet;jsessionid=ac16012b30d6ec48b32ae6c641d48f3ac42886169fa3.e3iSbxaKaheRe34Rch0Ra3mLchv0n6jAmljGr5XDqQLvpAe HTTP/1.1" 200 2
201.245.192.253 - - [12/Sep/2023:10:48:49 -0500] "POST /forms/lservlet;jsessionid=ac16012b30d6ec48b32ae6c641d48f3ac42886169fa3.e3iSbxaKaheRe34Rch0Ra3mLchv0n6jAmljGr5XDqQLvpAe HTTP/1.1" 200 214
201.245.192.253 - - [12/Sep/2023:10:48:49 -0500] "POST /forms/lservlet;jsessionid=ac16012b30d6ec48b32ae6c641d48f3ac42886169fa3.e3iSbxaKaheRe34Rch0Ra3mLchv0n6jAmljGr5XDqQLvpAe HTTP/1.1" 200 11
216.244.66.195 - - [12/Sep/2023:10:48:49 -0500] "GET /BLA/resoluciones/AUTOS%202021/5330.pdf HTTP/1.1" 200 349347
201.245.192.253 - - [12/Sep/2023:10:48:50 -0500] "POST /forms/lservlet;jsessionid=ac16012b30d6ec48b32ae6c641d48f3ac42886169fa3.e3iSbxaKaheRe34Rch0Ra3mLchv0n6jAmljGr5XDqQLvpAe HTTP/1.1" 200 2
201.245.192.253 - - [12/Sep/2023:10:48:50 -0500] "POST /forms/lservlet;jsessionid=ac16012b30d6ec48b32ae6c641d48f3ac42886169fa3.e3iSbxaKaheRe34Rch0Ra3mLchv0n6jAmljGr5XDqQLvpAe HTTP/1.1" 200 14
201.245.192.253 - - [12/Sep/2023:10:48:51 -0500] "POST /forms/lservlet;jsessionid=ac16012b30d6ec48b32ae6c641d48f3ac42886169fa3.e3iSbxaKaheRe34Rch0Ra3mLchv0n6jAmljGr5XDqQLvpAe HTTP/1.1" 200 239
201.245.192.253 - - [12/Sep/2023:10:48:51 -0500] "POST /forms/lservlet;jsessionid=ac16012b30d6ec48b32ae6c641d48f3ac42886169fa3.e3iSbxaKaheRe34Rch0Ra3mLchv0n6jAmljGr5XDqQLvpAe HTTP/1.1" 200 7
201.245.192.253 - - [12/Sep/2023:10:48:53 -0500] "GET /reports/rwservlet/getjobid=89213?server=repnomi HTTP/1.1" 200 28913
172.22.2.4 - - [12/Sep/2023:10:48:30 -0500] "GET /BLA/boletinlegal/ HTTP/1.1" 200 24523
216.244.66.195 - - [12/Sep/2023:10:49:06 -0500] "GET /BLA/resoluciones/AUTOS%202022/0005.pdf HTTP/1.1" 200 324667
201.245.192.253 - - [12/Sep/2023:10:49:20 -0500] "POST /forms/lservlet;jsessionid=ac16012b30d6ec48b32ae6c641d48f3ac42886169fa3.e3iSbxaKaheRe34Rch0Ra3mLchv0n6jAmljGr5XDqQLvpAe HTTP/1.1" 200 2
216.244.66.195 - - [12/Sep/2023:10:49:21 -0500] "GET /BLA/resoluciones/AUTOS%202022/0133.pdf HTTP/1.1" 200 402703
216.245.221.92 - - [12/Sep/2023:10:49:34 -0500] "HEAD / HTTP/1.1" 200 -
216.244.66.195 - - [12/Sep/2023:10:49:35 -0500] "GET /BLA/resoluciones/AUTOS%202022/0525.pdf HTTP/1.1" 200 395127
216.244.66.195 - - [12/Sep/2023:10:49:49 -0500] "GET /BLA/resoluciones/AUTOS%202022/0790.pdf HTTP/1.1" 200 339659
186.102.101.130 - - [12/Sep/2023:10:49:49 -0500] "GET /BLA/resoluciones/index.php?dir=AUTOS+2008%2F HTTP/1.1" 200 569644
186.102.101.130 - - [12/Sep/2023:10:49:56 -0500] "GET /BLA/resoluciones/AUTOS%202008/1858.pdf HTTP/1.1" 200 223858
216.244.66.195 - - [12/Sep/2023:10:50:01 -0500] "GET /BLA/resoluciones/AUTOS%202022/0795.pdf HTTP/1.1" 200 1697619
201.245.192.253 - - [12/Sep/2023:10:50:07 -0500] "POST /forms/lservlet;jsessionid=ac16012b30d67c93eb41c0fe4863bf03b6c32dc73e16.e3iSbxaKaheRe34Rch0Ra3mLchv0n6jAmljGr5XDqQLvpAe HTTP/1.1" 200 2
216.244.66.195 - - [12/Sep/2023:10:50:13 -0500] "GET /BLA/resoluciones/AUTOS%202022/0996.pdf HTTP/1.1" 200 431585
201.245.192.253 - - [12/Sep/2023:10:50:14 -0500] "POST /forms/lservlet;jsessionid=ac16012b30d6ec48b32ae6c641d48f3ac42886169fa3.e3iSbxaKaheRe34Rch0Ra3mLchv0n6jAmljGr5XDqQLvpAe HTTP/1.1" 200 133
201.245.192.253 - - [12/Sep/2023:10:50:14 -0500] "POST /forms/lservlet;jsessionid=ac16012b30d6ec48b32ae6c641d48f3ac42886169fa3.e3iSbxaKaheRe34Rch0Ra3mLchv0n6jAmljGr5XDqQLvpAe HTTP/1.1" 200 7
201.245.192.253 - - [12/Sep/2023:10:50:15 -0500] "POST /forms/lservlet;jsessionid=ac16012b30d6ec48b32ae6c641d48f3ac42886169fa3.e3iSbxaKaheRe34Rch0Ra3mLchv0n6jAmljGr5XDqQLvpAe HTTP/1.1" 200 673
201.245.192.253 - - [12/Sep/2023:10:50:15 -0500] "POST /forms/lservlet;jsessionid=ac16012b30d6ec48b32ae6c641d48f3ac42886169fa3.e3iSbxaKaheRe34Rch0Ra3mLchv0n6jAmljGr5XDqQLvpAe HTTP/1.1" 200 13
181.59.2.38 - - [12/Sep/2023:10:50:15 -0500] "GET /kwssiamovil/sm/ldap/au?x=U2FsdGVkX19K9VjEC2Q+ee5jnqS/O8RuntttLrzftukgvpOh8SDymO6QLHLYxrCR&y=U2FsdGVkX1+sjE9/zIS2B3NxAmy7zjNTs9BTM5dOKXXgu7daTGPWG8BqrSw69BB3 HTTP/1.1" 200 30
181.59.2.38 - - [12/Sep/2023:10:50:15 -0500] "GET /kwssiamovil/sm/acme/s?s=U2FsdGVkX19W895KENMltUgpGhEt019YlSdOp3S5XraMa/IdugbQp6JOPCImMXhz5E1Fk7LQKsXPoSYJyoKUEcYWxbMV+eboOJolWjeuIBo=&u=U2FsdGVkX19EUntzve3EztOQcQyIu28+jUCeQ8xYxKYnnwK949sT3VmvdoeiNyyZ&y=U2FsdGVkX1+sjE9/zIS2B3NxAmy7zjNTs9BTM5dOKXXgu7daTGPWG8BqrSw69BB3 HTTP/1.1" 200 97
181.59.2.38 - - [12/Sep/2023:10:50:16 -0500] "GET /kwssiamovil/sm/acme/s?s=U2FsdGVkX191UV8ev+Vjv/O5KxXlZF4zZIfBzd9M8YO1u9mk2RW838Rqakf1SqGEMI2+MziteGtDrSbPgOAcWhUEPf/klA1xcBYsk0/F0SVA8eYRZLuA8LgPkwXHH0+BuAfGtDjNomCU28qR0hgS9t3COiODWWbqrBCUV6FfAccqFsi68dgjeHLe7AGDmnQpKnSVVyzZhkhSv8kcfPW4UKPM3Y/G2V3qQgAT+bNvCK95oV1liz95Cj8/NPYTrGVhYSvDHmaMQix9fBU7AZLXDXFwGVvK+RkZwNBTERHHYI7cRn/9fYBRxAdEdam6rPlRMCXFFH8kqKwBwLWOyFlAjUtd8983o0at/Zmfw/nvoLZwXYQz6Rdowsr3byUmXDXV8H7TDwSlynaKSaSS2YJkhF61jBKPHZHf0wWpXJbtNXdJa8xuEcom1jbcLFYKinftjLjv4yF/l2MQLWBvWAiAKzhyvBD3DAYxpcTre2x343/fVEaNtR3WYEdRvC4iLoIGm3PjxP2cyrBagGQ6MR8E0DOdXtnUwbJHDsnYLQB+aSZCIMQLjjyj7QxYmLMtAYskr+ZyFWpK4kxGq1XPNxQ24e2lHlzvQkiP6nVSJ9/FjQpMyWNVjD7cxaEX4ryLCH5MuXrIKk6cKKuYUYHCZAaPJw6t5ODT1aoa4BmsQLRLZg+VE0eNyxnnOCNkPU4VmDoscmMKnK9xJcRfmCE6PbSxNJaNZHsy8mR0Vj0JXKAkmdiwzOXhbOQawTWaVFpt3xiregJpl9G0N0JliOMufiJRvVlEHjagpsqmCxKbtpsbTeU5n3srAk39GFH92nmrCjyk9iZXHKH4bzF7Efr7TG82Ka1uHhTdgLkGwGGS3yzpLLh2ABadW8AH2Os9N7+TajG/BQM2IHVY5t6qIik/poQXZWd16jn3Rhwuay96hTmbaKH1NtABwr8k+yq9xTYj5tjW4+ABuG+g+KG43gK+R+u8r24srHTs87SK9SZWjovenFlfEccoSgZ9kGQMbu0KF6d1hZtG/pw3EkhW5ydRgXNobF1mj38NKuQZ2ZvBho2W1/yWoWIHG1zZRqce1d5sh7iyWeiZD37WE223yYuvuP1hNsemwlppUEbsEvuP/RmygrqyaLwTR8Nyfp0X/ggGRBQY9W+sMrQnJiNYOLDYJ0RDT1cjbo8Es5Qt3d5e9k6w3I7769dEgkCrb304BhKUjNq43fwqAg5DN4dbrUhprUEO8iP6hw+ghlpTrAW4+y/TezWXvKvwKQOKqLhyE0Kfg+dxAXL8vIUFbvyS03vXg3930xwUm6Pn8pI1pWCPpa2nzQJeCt5B758AW7q0kIJdfIy04nqfUBNhtVE1NU53L92rVKF/zpaJ3TEH8d9LdQ8T4kk8clgc4oC9/YFrhQz/JNflieBArKqjAyQ3kBG/9RZL8nWowAtb7snrwvtoBeOTI99W4KuE4MAHweeEZvrx5S6+0LBLu9hTPyF9HhZJmBqh3DXm/7Zlop6EdqLim2pdQRz+TUPL5TcbnaFvCt9wIECVYwue7TdcMpk/rpKXKsBdthWxPoT5/DZdy/5YRQfpR0M4UKvKowAWSxqws4Zmw7l/Oh4Uw3p1umxJOp75pXsUoH4vaAAEYOzNrc2GAp316dk8NpG3IvWKpZ6btTsez0aywoDOl4nl+F7Z+nnLrwEfLzaWwXk2MmC5lwznnkKxBf6jhBxLkUDeUj9+Bf2lD0PYD6+0fVhxhZI2hy8xi+r94FfjcRMUAgEJ2Y5H4u7os1pRyvqnrfbjEfSTZpzW/qGC&u=U2FsdGVkX19EUntzve3EztOQcQyIu28+jUCeQ8xYxKYnnwK949sT3VmvdoeiNyyZ&y=U2FsdGVkX1+sjE9/zIS2B3NxAmy7zjNTs9BTM5dOKXXgu7daTGPWG8BqrSw69BB3 HTTP/1.1" 200 6439
181.59.2.38 - - [12/Sep/2023:10:50:16 -0500] "GET /kwssiamovil/sm/acme/s?s=U2FsdGVkX1+096Lz1wNAGIMy7C9KD3E3b9/ew9m7TeV4SfTs/Q8ODH8/thCYghQHrxpL2fGQBduEXDXa3zBCPzr2uSgfQY0hDvttNfJjPk4aD19yDADw9bLfjdEexNzOCiwYdDLYo5p5IGIjB19Ujt7uZaUBpRFV88dWmaUXvfQXUMbHjmavdelq1CB1a8aOGAwr/pHTxaVWdctrutdXHwlcIFn9emVn679ysT+C2fJ+qS2WA7ZvqpPy+rFnAUQn8geyMD/ROgEnH9yCiTHTm7P+zB0oQOIZ9IPfH0hHraw+o6b7z40PeBBQ+MPL+q6Vrp76X1HSUqukwqCbK3cy0rX81Hl6QLMGoq7l3jtck1bwsRNdVhiOV9MFidb6ZE6sO531rXKh3HMLZkwtfj/qpxLNO9RvGdkAt9NcxN8PCcxujAS14fK/N5jGmFWv8EDAPv2MJcmh09pGQ5jlPSc91ZNtfn+uiHo976q5FtkYFKQjPZBzy/ai7GAxZDe+wvUhuEkUUHwHxOAdQ+oWpPTISt9nxECMVRTV+XhzANdzXgLc3BSAu0PoaDHhEKQ18fm3hRKmKffDEXoyWgbFrTIvZvgxy+R6UQX5gAmvyjQB1K7hcQdWGJzxhSwUS7b//cArzHJ/dAwbWins8OwIleZYalPp+hhOADmcsiaP7fQncz0Jq/dX10t9ggZmb1V6rJFSTmmKVh0+mR6oJW98k4S35jwOt/SRNTXzx1gD5wm/5PDp/omKSqy2o3rm3H08oXRJ&u=U2FsdGVkX19EUntzve3EztOQcQyIu28+jUCeQ8xYxKYnnwK949sT3VmvdoeiNyyZ&y=U2FsdGVkX1+sjE9/zIS2B3NxAmy7zjNTs9BTM5dOKXXgu7daTGPWG8BqrSw69BB3 HTTP/1.1" 200 208
181.59.2.38 - - [12/Sep/2023:10:50:16 -0500] "GET /kwssiamovil/sm/cjson/pre?f=1&x=U2FsdGVkX19K9VjEC2Q+ee5jnqS/O8RuntttLrzftukgvpOh8SDymO6QLHLYxrCR HTTP/1.1" 200 31032
201.245.192.253 - - [12/Sep/2023:10:50:21 -0500] "POST /forms/lservlet;jsessionid=ac16012b30d6ec48b32ae6c641d48f3ac42886169fa3.e3iSbxaKaheRe34Rch0Ra3mLchv0n6jAmljGr5XDqQLvpAe HTTP/1.1" 200 557
216.244.66.195 - - [12/Sep/2023:10:50:24 -0500] "GET /BLA/resoluciones/AUTOS%202022/1022.pdf HTTP/1.1" 200 434624
201.245.192.253 - - [12/Sep/2023:10:50:31 -0500] "POST /forms/lservlet;jsessionid=ac16012b30d6ec48b32ae6c641d48f3ac42886169fa3.e3iSbxaKaheRe34Rch0Ra3mLchv0n6jAmljGr5XDqQLvpAe HTTP/1.1" 200 21
201.245.192.253 - - [12/Sep/2023:10:50:33 -0500] "GET /sipse/faces/faces/autenticacion.xhtml HTTP/1.1" 200 12505
201.245.192.253 - - [12/Sep/2023:10:50:33 -0500] "GET /sipse/css/custom_css_sg.css HTTP/1.1" 200 9694
201.245.192.253 - - [12/Sep/2023:10:50:33 -0500] "GET /sipse/css/custom_css_sg_prime_login.css HTTP/1.1" 200 443
201.245.192.253 - - [12/Sep/2023:10:50:33 -0500] "GET /sipse/faces/javax.faces.resource/layout/layout.css;jsessionid=bqqVNXk2qEeGMSh9WA+7QHDq.undefined?ln=primefaces&v=4.0 HTTP/1.1" 200 542
201.245.192.253 - - [12/Sep/2023:10:50:33 -0500] "GET /sipse/faces/javax.faces.resource/jquery/jquery.js;jsessionid=bqqVNXk2qEeGMSh9WA+7QHDq.undefined?ln=primefaces&v=4.0 HTTP/1.1" 200 105384
201.245.192.253 - - [12/Sep/2023:10:50:33 -0500] "GET /sipse/js/disable_browser_buttons.js HTTP/1.1" 200 3230
201.245.192.253 - - [12/Sep/2023:10:50:33 -0500] "GET /sipse/faces/javax.faces.resource/primefaces.css;jsessionid=bqqVNXk2qEeGMSh9WA+7QHDq.undefined?ln=primefaces&v=4.0 HTTP/1.1" 200 53295
201.245.192.253 - - [12/Sep/2023:10:50:33 -0500] "GET /sipse/js/funciones.js HTTP/1.1" 200 12592
201.245.192.253 - - [12/Sep/2023:10:50:33 -0500] "GET /sipse/faces/javax.faces.resource/theme.css?ln=primefaces-sipse HTTP/1.1" 200 50058
201.245.192.253 - - [12/Sep/2023:10:50:33 -0500] "GET /sipse/faces/javax.faces.resource/primefaces.js;jsessionid=bqqVNXk2qEeGMSh9WA+7QHDq.undefined?ln=primefaces&v=4.0 HTTP/1.1" 200 276924
201.245.192.253 - - [12/Sep/2023:10:50:33 -0500] "GET /sipse/faces/javax.faces.resource/jquery/jquery-plugins.js;jsessionid=bqqVNXk2qEeGMSh9WA+7QHDq.undefined?ln=primefaces&v=4.0 HTTP/1.1" 200 220526
201.245.192.253 - - [12/Sep/2023:10:50:33 -0500] "GET /sipse/faces/javax.faces.resource/layout/layout.js;jsessionid=bqqVNXk2qEeGMSh9WA+7QHDq.undefined?ln=primefaces&v=4.0 HTTP/1.1" 200 87560
201.245.192.253 - - [12/Sep/2023:10:50:33 -0500] "GET /sipse/faces/javax.faces.resource/images/ui-icons_898989_256x240.png?ln=primefaces-aristo HTTP/1.1" 200 5355
201.245.192.253 - - [12/Sep/2023:10:50:33 -0500] "GET /sipse/css/imagen/logoSDG.png HTTP/1.1" 200 53064
201.245.192.253 - - [12/Sep/2023:10:50:33 -0500] "GET /sipse/css/imagen/loginimg.png HTTP/1.1" 200 71635
201.245.192.253 - - [12/Sep/2023:10:50:33 -0500] "GET /favicon.ico HTTP/1.1" 200 7782
201.245.192.253 - - [12/Sep/2023:10:50:33 -0500] "GET /sipse/faces/faces/index.xhtml HTTP/1.1" 200 677
201.245.192.253 - - [12/Sep/2023:10:50:33 -0500] "GET /sipse/faces/javax.faces.resource/theme.css?ln=primefaces-sipse HTTP/1.1" 304 -
201.245.192.253 - - [12/Sep/2023:10:50:33 -0500] "GET /sipse/faces/faces/faces/autenticacion.xhtml HTTP/1.1" 200 12183
201.245.192.253 - - [12/Sep/2023:10:50:33 -0500] "GET /sipse/faces/javax.faces.resource/theme.css?ln=primefaces-sipse HTTP/1.1" 304 -
201.245.192.253 - - [12/Sep/2023:10:50:33 -0500] "GET /sipse/faces/javax.faces.resource/layout/layout.css?ln=primefaces&v=4.0 HTTP/1.1" 200 542
201.245.192.253 - - [12/Sep/2023:10:50:33 -0500] "GET /sipse/faces/javax.faces.resource/primefaces.css?ln=primefaces&v=4.0 HTTP/1.1" 200 53295
216.244.66.195 - - [12/Sep/2023:10:50:33 -0500] "GET /BLA/resoluciones/AUTOS%202022/1122.pdf HTTP/1.1" 200 360147
201.245.192.253 - - [12/Sep/2023:10:50:34 -0500] "GET /sipse/faces/javax.faces.resource/jquery/jquery.js?ln=primefaces&v=4.0 HTTP/1.1" 304 -
201.245.192.253 - - [12/Sep/2023:10:50:34 -0500] "GET /sipse/faces/javax.faces.resource/jquery/jquery-plugins.js?ln=primefaces&v=4.0 HTTP/1.1" 304 -
201.245.192.253 - - [12/Sep/2023:10:50:34 -0500] "GET /sipse/faces/javax.faces.resource/primefaces.js?ln=primefaces&v=4.0 HTTP/1.1" 304 -
201.245.192.253 - - [12/Sep/2023:10:50:34 -0500] "GET /sipse/faces/javax.faces.resource/layout/layout.js?ln=primefaces&v=4.0 HTTP/1.1" 304 -
201.245.192.253 - - [12/Sep/2023:10:50:34 -0500] "GET /sipse/faces/javax.faces.resource/images/ui-icons_898989_256x240.png?ln=primefaces-aristo HTTP/1.1" 304 -
201.245.192.253 - - [12/Sep/2023:10:50:36 -0500] "POST /sipse/faces/autenticacion.xhtml HTTP/1.1" 200 2219
201.245.192.253 - - [12/Sep/2023:10:50:36 -0500] "GET /sipse/faces/javax.faces.resource/messages/messages.png?ln=primefaces&v=4.0 HTTP/1.1" 200 27209
201.245.192.253 - - [12/Sep/2023:10:50:37 -0500] "POST /forms/lservlet;jsessionid=ac16012b30d6ec48b32ae6c641d48f3ac42886169fa3.e3iSbxaKaheRe34Rch0Ra3mLchv0n6jAmljGr5XDqQLvpAe HTTP/1.1" 200 488
201.245.192.253 - - [12/Sep/2023:10:50:37 -0500] "POST /sipse/faces/autenticacion.xhtml HTTP/1.1" 200 16346
201.245.192.253 - - [12/Sep/2023:10:50:37 -0500] "GET /sipse/css/custom_css_sg_prime.css HTTP/1.1" 200 5201
201.245.192.253 - - [12/Sep/2023:10:50:37 -0500] "GET /sipse/js/jquery.min.js HTTP/1.1" 200 85582
201.245.192.253 - - [12/Sep/2023:10:50:37 -0500] "GET /sipse/faces/javax.faces.resource/jquery/jquery.js?ln=primefaces&v=4.0 HTTP/1.1" 304 -
201.245.192.253 - - [12/Sep/2023:10:50:37 -0500] "GET /sipse/faces/javax.faces.resource/jquery/jquery-plugins.js?ln=primefaces&v=4.0 HTTP/1.1" 304 -
201.245.192.253 - - [12/Sep/2023:10:50:37 -0500] "GET /sipse/faces/javax.faces.resource/primefaces.js?ln=primefaces&v=4.0 HTTP/1.1" 304 -
201.245.192.253 - - [12/Sep/2023:10:50:37 -0500] "GET /sipse/faces/javax.faces.resource/layout/layout.js?ln=primefaces&v=4.0 HTTP/1.1" 304 -
201.245.192.253 - - [12/Sep/2023:10:50:37 -0500] "GET /sipse/css/v_mergente.css HTTP/1.1" 200 1505
201.245.192.253 - - [12/Sep/2023:10:50:37 -0500] "GET /sipse/imagenes/cargando.gif HTTP/1.1" 200 36959
201.245.192.253 - - [12/Sep/2023:10:50:37 -0500] "GET /sipse/css/imagen/contrasena.png HTTP/1.1" 404 383
201.245.192.253 - - [12/Sep/2023:10:50:37 -0500] "GET /sipse/imagenes/logoAplicacion.jpg HTTP/1.1" 200 155084
201.245.192.253 - - [12/Sep/2023:10:50:37 -0500] "POST /forms/lservlet;jsessionid=ac16012b30d6ec48b32ae6c641d48f3ac42886169fa3.e3iSbxaKaheRe34Rch0Ra3mLchv0n6jAmljGr5XDqQLvpAe HTTP/1.1" 200 21
201.245.192.253 - - [12/Sep/2023:10:50:38 -0500] "POST /sipse/faces/presentacion/financiero/solicitudProceso/consultarSolicitudProceso.xhtml HTTP/1.1" 200 19320
201.245.192.253 - - [12/Sep/2023:10:50:39 -0500] "GET /sipse/faces/javax.faces.resource/theme.css?ln=primefaces-sipse HTTP/1.1" 304 -
201.245.192.253 - - [12/Sep/2023:10:50:39 -0500] "GET /sipse/faces/javax.faces.resource/primefaces.css?ln=primefaces&v=4.0 HTTP/1.1" 304 -
201.245.192.253 - - [12/Sep/2023:10:50:39 -0500] "GET /sipse/faces/javax.faces.resource/layout/layout.css?ln=primefaces&v=4.0 HTTP/1.1" 304 -
201.245.192.253 - - [12/Sep/2023:10:50:39 -0500] "GET /sipse/faces/javax.faces.resource/jquery/jquery.js?ln=primefaces&v=4.0 HTTP/1.1" 304 -
201.245.192.253 - - [12/Sep/2023:10:50:39 -0500] "GET /sipse/faces/javax.faces.resource/primefaces.js?ln=primefaces&v=4.0 HTTP/1.1" 304 -
201.245.192.253 - - [12/Sep/2023:10:50:39 -0500] "GET /sipse/faces/javax.faces.resource/jquery/jquery-plugins.js?ln=primefaces&v=4.0 HTTP/1.1" 304 -
201.245.192.253 - - [12/Sep/2023:10:50:39 -0500] "GET /sipse/faces/javax.faces.resource/layout/layout.js?ln=primefaces&v=4.0 HTTP/1.1" 304 -
201.245.192.253 - - [12/Sep/2023:10:50:39 -0500] "GET /sipse/faces/javax.faces.resource/fileupload/fileupload.css?ln=primefaces&v=4.0 HTTP/1.1" 304 -
201.245.192.253 - - [12/Sep/2023:10:50:39 -0500] "GET /sipse/faces/javax.faces.resource/fileupload/fileupload.js?ln=primefaces&v=4.0 HTTP/1.1" 304 -
201.245.192.253 - - [12/Sep/2023:10:50:39 -0500] "POST /forms/lservlet;jsessionid=ac16012b30d6ec48b32ae6c641d48f3ac42886169fa3.e3iSbxaKaheRe34Rch0Ra3mLchv0n6jAmljGr5XDqQLvpAe HTTP/1.1" 200 1646
201.245.192.253 - - [12/Sep/2023:10:50:39 -0500] "GET /sipse/faces/javax.faces.resource/images/ui-bg_flat_0_2d5972_40x100.png?ln=primefaces-aristo HTTP/1.1" 200 183
201.245.192.253 - - [12/Sep/2023:10:50:39 -0500] "POST /sipse/faces/bienvenido.xhtml HTTP/1.1" 200 2658
201.245.192.253 - - [12/Sep/2023:10:50:40 -0500] "POST /forms/lservlet;jsessionid=ac16012b30d6ec48b32ae6c641d48f3ac42886169fa3.e3iSbxaKaheRe34Rch0Ra3mLchv0n6jAmljGr5XDqQLvpAe HTTP/1.1" 200 594
201.245.192.253 - - [12/Sep/2023:10:50:40 -0500] "POST /forms/lservlet;jsessionid=ac16012b30d6ec48b32ae6c641d48f3ac42886169fa3.e3iSbxaKaheRe34Rch0Ra3mLchv0n6jAmljGr5XDqQLvpAe HTTP/1.1" 200 11
200.122.210.122 - - [12/Sep/2023:10:50:40 -0500] "POST /sipse/faces/presentacion/contratacion/contrato/crearModificarContrato.xhtml HTTP/1.1" 200 58413
200.122.210.122 - - [12/Sep/2023:10:50:40 -0500] "POST /sipse/faces/presentacion/contratacion/contrato/crearModificarContrato.xhtml HTTP/1.1" 200 31550
200.122.210.122 - - [12/Sep/2023:10:50:40 -0500] "GET /sipse/faces/javax.faces.resource/theme.css?ln=primefaces-sipse HTTP/1.1" 304 -
200.122.210.122 - - [12/Sep/2023:10:50:40 -0500] "GET /sipse/faces/javax.faces.resource/primefaces.css?ln=primefaces&v=4.0 HTTP/1.1" 304 -
200.122.210.122 - - [12/Sep/2023:10:50:40 -0500] "GET /sipse/faces/javax.faces.resource/jquery/jquery.js?ln=primefaces&v=4.0 HTTP/1.1" 304 -
200.122.210.122 - - [12/Sep/2023:10:50:40 -0500] "GET /sipse/faces/javax.faces.resource/layout/layout.css?ln=primefaces&v=4.0 HTTP/1.1" 304 -
200.122.210.122 - - [12/Sep/2023:10:50:40 -0500] "GET /sipse/faces/javax.faces.resource/jquery/jquery-plugins.js?ln=primefaces&v=4.0 HTTP/1.1" 304 -
200.122.210.122 - - [12/Sep/2023:10:50:40 -0500] "GET /sipse/faces/javax.faces.resource/layout/layout.js?ln=primefaces&v=4.0 HTTP/1.1" 304 -
200.122.210.122 - - [12/Sep/2023:10:50:40 -0500] "GET /sipse/faces/javax.faces.resource/primefaces.js?ln=primefaces&v=4.0 HTTP/1.1" 304 -
201.245.192.253 - - [12/Sep/2023:10:50:40 -0500] "POST /forms/lservlet;jsessionid=ac16012b30d6ec48b32ae6c641d48f3ac42886169fa3.e3iSbxaKaheRe34Rch0Ra3mLchv0n6jAmljGr5XDqQLvpAe HTTP/1.1" 200 15
201.245.192.253 - - [12/Sep/2023:10:50:40 -0500] "POST /sipse/faces/bienvenido.xhtml HTTP/1.1" 200 64798
201.245.192.253 - - [12/Sep/2023:10:50:41 -0500] "GET /sipse/faces/javax.faces.resource/jquery/jquery.js?ln=primefaces&v=4.0 HTTP/1.1" 304 -
201.245.192.253 - - [12/Sep/2023:10:50:41 -0500] "GET /sipse/faces/javax.faces.resource/jquery/jquery-plugins.js?ln=primefaces&v=4.0 HTTP/1.1" 304 -
201.245.192.253 - - [12/Sep/2023:10:50:41 -0500] "GET /sipse/faces/javax.faces.resource/primefaces.js?ln=primefaces&v=4.0 HTTP/1.1" 304 -
201.245.192.253 - - [12/Sep/2023:10:50:41 -0500] "GET /sipse/faces/javax.faces.resource/layout/layout.js?ln=primefaces&v=4.0 HTTP/1.1" 304 -
201.245.192.253 - - [12/Sep/2023:10:50:41 -0500] "POST /forms/lservlet;jsessionid=ac16012b30d6ec48b32ae6c641d48f3ac42886169fa3.e3iSbxaKaheRe34Rch0Ra3mLchv0n6jAmljGr5XDqQLvpAe HTTP/1.1" 200 83
201.245.192.253 - - [12/Sep/2023:10:50:41 -0500] "POST /forms/lservlet;jsessionid=ac16012b30d6ec48b32ae6c641d48f3ac42886169fa3.e3iSbxaKaheRe34Rch0Ra3mLchv0n6jAmljGr5XDqQLvpAe HTTP/1.1" 200 33
201.245.192.253 - - [12/Sep/2023:10:50:41 -0500] "POST /sipse/faces/presentacion/financiero/solicitudProceso/listarSolicitudProceso.xhtml HTTP/1.1" 200 1552
201.245.192.253 - - [12/Sep/2023:10:50:42 -0500] "POST /forms/lservlet;jsessionid=ac16012b30d6ec48b32ae6c641d48f3ac42886169fa3.e3iSbxaKaheRe34Rch0Ra3mLchv0n6jAmljGr5XDqQLvpAe HTTP/1.1" 200 35
200.122.210.122 - - [12/Sep/2023:10:50:42 -0500] "POST /sipse/faces/presentacion/contratacion/procesoContractual/registrarInvitacionContratista.xhtml HTTP/1.1" 200 9697
216.244.66.195 - - [12/Sep/2023:10:50:42 -0500] "GET /BLA/resoluciones/AUTOS%202022/1207.pdf HTTP/1.1" 200 505792
201.245.192.253 - - [12/Sep/2023:10:50:42 -0500] "POST /sipse/faces/presentacion/financiero/solicitudProceso/listarSolicitudProceso.xhtml HTTP/1.1" 200 59040
201.245.192.253 - - [12/Sep/2023:10:50:43 -0500] "GET /sipse/faces/javax.faces.resource/jquery/jquery.js?ln=primefaces&v=4.0 HTTP/1.1" 304 -
201.245.192.253 - - [12/Sep/2023:10:50:43 -0500] "GET /sipse/faces/javax.faces.resource/jquery/jquery-plugins.js?ln=primefaces&v=4.0 HTTP/1.1" 304 -
201.245.192.253 - - [12/Sep/2023:10:50:43 -0500] "GET /sipse/faces/javax.faces.resource/primefaces.js?ln=primefaces&v=4.0 HTTP/1.1" 304 -
201.245.192.253 - - [12/Sep/2023:10:50:43 -0500] "GET /sipse/faces/javax.faces.resource/layout/layout.js?ln=primefaces&v=4.0 HTTP/1.1" 304 -
200.122.210.122 - - [12/Sep/2023:10:50:44 -0500] "POST /sipse/faces/presentacion/contratacion/procesoContractual/registrarInvitacionContratista.xhtml HTTP/1.1" 200 11272
186.102.101.130 - - [12/Sep/2023:10:50:41 -0500] "GET /BLA/resoluciones/index.php?dir=RESOLUCIONES+2008%2F HTTP/1.1" 200 976272
186.102.101.130 - - [12/Sep/2023:10:50:48 -0500] "GET /BLA/resoluciones/RESOLUCIONES%202008/2373.pdf HTTP/1.1" 200 338697
216.244.66.195 - - [12/Sep/2023:10:50:50 -0500] "GET /BLA/resoluciones/AUTOS%202022/1507.pdf HTTP/1.1" 200 373116
200.122.210.122 - - [12/Sep/2023:10:50:54 -0500] "POST /sipse/faces/presentacion/contratacion/procesoContractual/registrarInvitacionContratista.xhtml HTTP/1.1" 200 8181
200.122.210.122 - - [12/Sep/2023:10:50:54 -0500] "GET /sipse/faces/javax.faces.resource/messages/messages.png?ln=primefaces&v=4.0 HTTP/1.1" 304 -
172.22.2.4 - - [12/Sep/2023:10:49:14 -0500] "HEAD /BLA/boletinlegal/ HTTP/1.1" 200 -
216.244.66.195 - - [12/Sep/2023:10:50:56 -0500] "GET /BLA/resoluciones/AUTOS%202022/1878.pdf HTTP/1.1" 200 570085
200.122.210.122 - - [12/Sep/2023:10:50:57 -0500] "POST /sipse/faces/presentacion/contratacion/procesoContractual/registrarInvitacionContratista.xhtml HTTP/1.1" 200 8181
216.244.66.195 - - [12/Sep/2023:10:51:02 -0500] "GET /BLA/resoluciones/AUTOS%202022/1899.pdf HTTP/1.1" 200 377278
201.245.192.253 - - [12/Sep/2023:10:51:07 -0500] "POST /sipse/faces/presentacion/financiero/solicitudProceso/crearModificarSolicitudProceso.xhtml HTTP/1.1" 200 26685
216.244.66.195 - - [12/Sep/2023:10:51:07 -0500] "GET /BLA/resoluciones/AUTOS%202022/1916.pdf HTTP/1.1" 200 1085709
201.245.192.253 - - [12/Sep/2023:10:51:07 -0500] "POST /forms/lservlet;jsessionid=ac16012b30d6ec48b32ae6c641d48f3ac42886169fa3.e3iSbxaKaheRe34Rch0Ra3mLchv0n6jAmljGr5XDqQLvpAe HTTP/1.1" 200 343
201.245.192.253 - - [12/Sep/2023:10:51:09 -0500] "POST /forms/lservlet;jsessionid=ac16012b30d6ec48b32ae6c641d48f3ac42886169fa3.e3iSbxaKaheRe34Rch0Ra3mLchv0n6jAmljGr5XDqQLvpAe HTTP/1.1" 200 2
