201.245.192.253 - - [12/Sep/2023:15:01:28 -0500] "GET /sipse/css/custom_css_sg_prime.css HTTP/1.1" 200 5201
201.245.192.253 - - [12/Sep/2023:15:01:28 -0500] "GET /sipse/faces/javax.faces.resource/jquery/jquery.js?ln=primefaces&v=4.0 HTTP/1.1" 304 -
201.245.192.253 - - [12/Sep/2023:15:01:28 -0500] "GET /sipse/faces/javax.faces.resource/jquery/jquery-plugins.js?ln=primefaces&v=4.0 HTTP/1.1" 304 -
201.245.192.253 - - [12/Sep/2023:15:01:28 -0500] "GET /sipse/faces/javax.faces.resource/primefaces.js?ln=primefaces&v=4.0 HTTP/1.1" 304 -
201.245.192.253 - - [12/Sep/2023:15:01:28 -0500] "GET /sipse/faces/javax.faces.resource/layout/layout.js?ln=primefaces&v=4.0 HTTP/1.1" 304 -
201.245.192.253 - - [12/Sep/2023:15:01:28 -0500] "GET /sipse/faces/javax.faces.resource/messages/messages.png?ln=primefaces&v=4.0 HTTP/1.1" 200 27209
201.245.192.253 - - [12/Sep/2023:15:01:32 -0500] "POST /sipse/faces/presentacion/sistema/seguridad/seleccionRol.xhtml HTTP/1.1" 200 6403
201.245.192.253 - - [12/Sep/2023:15:01:32 -0500] "POST /sipse/faces/presentacion/sistema/seguridad/seleccionRol.xhtml HTTP/1.1" 200 18785
201.245.192.253 - - [12/Sep/2023:15:01:32 -0500] "GET /sipse/js/jquery.min.js HTTP/1.1" 304 -
201.245.192.253 - - [12/Sep/2023:15:01:32 -0500] "GET /sipse/faces/javax.faces.resource/jquery/jquery.js?ln=primefaces&v=4.0 HTTP/1.1" 304 -
201.245.192.253 - - [12/Sep/2023:15:01:32 -0500] "GET /sipse/faces/javax.faces.resource/jquery/jquery-plugins.js?ln=primefaces&v=4.0 HTTP/1.1" 304 -
201.245.192.253 - - [12/Sep/2023:15:01:32 -0500] "GET /sipse/faces/javax.faces.resource/primefaces.js?ln=primefaces&v=4.0 HTTP/1.1" 304 -
201.245.192.253 - - [12/Sep/2023:15:01:32 -0500] "GET /sipse/faces/javax.faces.resource/layout/layout.js?ln=primefaces&v=4.0 HTTP/1.1" 304 -
201.245.192.253 - - [12/Sep/2023:15:01:33 -0500] "GET /sipse/css/v_mergente.css HTTP/1.1" 200 1505
201.245.192.253 - - [12/Sep/2023:15:01:33 -0500] "GET /sipse/imagenes/cargando.gif HTTP/1.1" 200 36959
201.245.192.253 - - [12/Sep/2023:15:01:33 -0500] "GET /sipse/css/imagen/contrasena.png HTTP/1.1" 404 383
201.245.192.253 - - [12/Sep/2023:15:01:33 -0500] "GET /sipse/imagenes/logoAplicacion.jpg HTTP/1.1" 200 155084
201.245.192.253 - - [12/Sep/2023:15:01:34 -0500] "GET /sipse/faces/javax.faces.resource/images/ui-bg_flat_0_2d5972_40x100.png?ln=primefaces-aristo HTTP/1.1" 200 183
201.245.192.253 - - [12/Sep/2023:15:01:34 -0500] "POST /sipse/faces/bienvenido.xhtml HTTP/1.1" 200 3887
201.245.192.253 - - [12/Sep/2023:15:01:35 -0500] "POST /sipse/faces/bienvenido.xhtml HTTP/1.1" 200 193
201.245.192.253 - - [12/Sep/2023:15:01:35 -0500] "GET /sipse/faces/presentacion/financiero/solicitudAnulacion/consultarSolicitudAnulacion.xhtml HTTP/1.1" 200 39489
201.245.192.253 - - [12/Sep/2023:15:01:35 -0500] "GET /sipse/faces/javax.faces.resource/theme.css?ln=primefaces-sipse HTTP/1.1" 304 -
201.245.192.253 - - [12/Sep/2023:15:01:35 -0500] "GET /sipse/faces/javax.faces.resource/primefaces.css?ln=primefaces&v=4.0 HTTP/1.1" 304 -
201.245.192.253 - - [12/Sep/2023:15:01:35 -0500] "GET /sipse/faces/javax.faces.resource/layout/layout.css?ln=primefaces&v=4.0 HTTP/1.1" 304 -
201.245.192.253 - - [12/Sep/2023:15:01:35 -0500] "GET /sipse/faces/javax.faces.resource/jquery/jquery.js?ln=primefaces&v=4.0 HTTP/1.1" 304 -
201.245.192.253 - - [12/Sep/2023:15:01:35 -0500] "GET /sipse/faces/javax.faces.resource/jquery/jquery-plugins.js?ln=primefaces&v=4.0 HTTP/1.1" 304 -
201.245.192.253 - - [12/Sep/2023:15:01:35 -0500] "GET /sipse/faces/javax.faces.resource/primefaces.js?ln=primefaces&v=4.0 HTTP/1.1" 304 -
201.245.192.253 - - [12/Sep/2023:15:01:35 -0500] "GET /sipse/faces/javax.faces.resource/layout/layout.js?ln=primefaces&v=4.0 HTTP/1.1" 304 -
201.245.192.253 - - [12/Sep/2023:15:01:35 -0500] "GET /sipse/faces/javax.faces.resource/images/ui-icons_898989_256x240.png?ln=primefaces-aristo HTTP/1.1" 304 -
201.245.192.253 - - [12/Sep/2023:15:01:35 -0500] "GET /sipse/faces/javax.faces.resource/images/ui-bg_flat_0_2d5972_40x100.png?ln=primefaces-aristo HTTP/1.1" 304 -
201.245.192.253 - - [12/Sep/2023:15:01:35 -0500] "POST /sipse/faces/presentacion/financiero/solicitudAnulacion/consultarSolicitudAnulacion.xhtml HTTP/1.1" 200 10620
172.22.2.4 - - [12/Sep/2023:15:00:04 -0500] "HEAD /BLA/boletinlegal/ HTTP/1.1" 200 -
216.244.66.195 - - [12/Sep/2023:15:01:51 -0500] "GET /BLA/resoluciones/AUTOS%202019/3393.pdf HTTP/1.1" 200 269768
52.167.144.219 - - [12/Sep/2023:15:02:13 -0500] "GET /Publicaciones/2023EE209691.pdf HTTP/1.1" 200 315875
201.245.192.253 - - [12/Sep/2023:15:02:14 -0500] "POST /sipse/faces/presentacion/financiero/solicitudAnulacion/consultarSolicitudAnulacion.xhtml HTTP/1.1" 200 17030
201.245.192.253 - - [12/Sep/2023:15:02:26 -0500] "POST /kwsrmcab/Wsrmcab  HTTP/1.1" 200 42865
201.245.192.253 - - [12/Sep/2023:15:02:33 -0500] "POST /forms/lservlet;jsessionid=ac16012b30d67c93eb41c0fe4863bf03b6c32dc73e16.e3iSbxaKaheRe34Rch0Ra3mLchv0n6jAmljGr5XDqQLvpAe HTTP/1.1" 200 2
216.244.66.195 - - [12/Sep/2023:15:02:33 -0500] "GET /BLA/resoluciones/AUTOS%202019/3421.pdf HTTP/1.1" 200 268584
172.22.2.4 - - [12/Sep/2023:15:00:54 -0500] "GET /BLA/boletinlegal/ HTTP/1.1" 200 58187
216.244.66.195 - - [12/Sep/2023:15:03:11 -0500] "GET /BLA/resoluciones/AUTOS%202019/3699.pdf HTTP/1.1" 200 276573
201.245.192.253 - - [12/Sep/2023:15:03:25 -0500] "POST /forms/lservlet;jsessionid=ac16012b30d6ec48b32ae6c641d48f3ac42886169fa3.e3iSbxaKaheRe34Rch0Ra3mLchv0n6jAmljGr5XDqQLvpAe HTTP/1.1" 200 2
216.244.66.195 - - [12/Sep/2023:15:03:53 -0500] "GET /BLA/resoluciones/AUTOS%202019/3709.pdf HTTP/1.1" 200 277149
201.245.192.253 - - [12/Sep/2023:15:04:11 -0500] "POST /sipse/faces/presentacion/contratacion/contratista/consultarContratista.xhtml HTTP/1.1" 200 36144
201.245.192.253 - - [12/Sep/2023:15:04:33 -0500] "POST /forms/lservlet;jsessionid=ac16012b30d67c93eb41c0fe4863bf03b6c32dc73e16.e3iSbxaKaheRe34Rch0Ra3mLchv0n6jAmljGr5XDqQLvpAe HTTP/1.1" 200 2
216.245.221.92 - - [12/Sep/2023:15:04:33 -0500] "HEAD / HTTP/1.1" 200 -
216.244.66.195 - - [12/Sep/2023:15:04:36 -0500] "GET /BLA/resoluciones/AUTOS%202019/3950.pdf HTTP/1.1" 200 282029
186.154.251.36 - - [12/Sep/2023:15:05:03 -0500] "GET /BLA/resoluciones/index.php?dir= HTTP/1.1" 200 13696
186.154.251.36 - - [12/Sep/2023:15:05:05 -0500] "GET /BLA/resoluciones/index.php?dir=AUTOS+2016%2F HTTP/1.1" 200 331459
216.244.66.195 - - [12/Sep/2023:15:05:17 -0500] "GET /BLA/resoluciones/AUTOS%202019/4157.pdf HTTP/1.1" 200 285787
172.22.2.4 - - [12/Sep/2023:15:05:21 -0500] "GET /BLA/boletinlegal/actos.php HTTP/1.1" 200 9682
172.22.2.4 - - [12/Sep/2023:15:05:22 -0500] "GET /BLA/boletinlegal/styles2.css HTTP/1.1" 200 1838
172.22.2.4 - - [12/Sep/2023:15:05:22 -0500] "GET /BLA/boletinlegal/js/ajax_actos.js HTTP/1.1" 200 1322
172.22.2.4 - - [12/Sep/2023:15:05:22 -0500] "GET /BLA/boletinlegal/niceforms-default.css HTTP/1.1" 200 6694
172.22.2.4 - - [12/Sep/2023:15:05:22 -0500] "GET /BLA/boletinlegal/niceforms.js HTTP/1.1" 200 22876
172.22.2.4 - - [12/Sep/2023:15:05:22 -0500] "GET /BLA/boletinlegal/style.css HTTP/1.1" 200 9406
172.22.2.4 - - [12/Sep/2023:15:05:22 -0500] "GET /BLA/boletinlegal/js/lib.js HTTP/1.1" 200 6474
172.22.2.4 - - [12/Sep/2023:15:05:22 -0500] "GET /BLA/boletinlegal/js/jquery1.js HTTP/1.1" 200 29846
172.22.2.4 - - [12/Sep/2023:15:05:22 -0500] "GET /BLA/boletinlegal/js/popup.js HTTP/1.1" 200 1270
172.22.2.4 - - [12/Sep/2023:15:05:22 -0500] "GET /BLA/boletinlegal/images/cabezote%20BLEGAL.jpg HTTP/1.1" 200 118164
172.22.2.4 - - [12/Sep/2023:15:05:22 -0500] "GET /BLA/boletinlegal/images/subscribe-icon-big.png HTTP/1.1" 200 47702
172.22.2.4 - - [12/Sep/2023:15:05:22 -0500] "GET /BLA/boletinlegal/images/historia.png HTTP/1.1" 200 52775
172.22.2.4 - - [12/Sep/2023:15:05:22 -0500] "GET /BLA/boletinlegal/images/registro-usuarios.png HTTP/1.1" 200 8106
172.22.2.4 - - [12/Sep/2023:15:05:22 -0500] "GET /BLA/boletinlegal/images/green-yellow-blue-pink-th.png HTTP/1.1" 200 7394
172.22.2.4 - - [12/Sep/2023:15:05:23 -0500] "GET /BLA/boletinlegal/images/body_bg.jpg HTTP/1.1" 200 1601
172.22.2.4 - - [12/Sep/2023:15:05:23 -0500] "GET /BLA/boletinlegal/images/footer_bg.jpg HTTP/1.1" 200 586
172.22.2.4 - - [12/Sep/2023:15:05:23 -0500] "GET /BLA/boletinlegal/images/menu_lft.gif HTTP/1.1" 200 1713
172.22.2.4 - - [12/Sep/2023:15:05:24 -0500] "GET /BLA/boletinlegal/images/menu_rght.gif HTTP/1.1" 200 1627
172.22.2.4 - - [12/Sep/2023:15:05:24 -0500] "GET /BLA/boletinlegal/images/bg_top.jpg HTTP/1.1" 200 522
172.22.2.4 - - [12/Sep/2023:15:05:24 -0500] "GET /BLA/boletinlegal/images/menu_bg.jpg HTTP/1.1" 200 620
172.22.2.4 - - [12/Sep/2023:15:05:24 -0500] "GET /BLA/boletinlegal/images/text.jpg HTTP/1.1" 200 568
172.22.2.4 - - [12/Sep/2023:15:05:25 -0500] "GET /BLA/boletinlegal/images/hover.jpg HTTP/1.1" 200 640
172.22.2.4 - - [12/Sep/2023:15:05:25 -0500] "GET /BLA/boletinlegal/images/tel.png HTTP/1.1" 200 14477
172.22.2.4 - - [12/Sep/2023:15:05:25 -0500] "GET /BLA/boletinlegal/images/icono-email.png HTTP/1.1" 200 5544
172.22.2.4 - - [12/Sep/2023:15:05:25 -0500] "GET /BLA/boletinlegal/images/footer_bg_l.jpg HTTP/1.1" 200 776
201.245.192.253 - - [12/Sep/2023:15:05:25 -0500] "POST /forms/lservlet;jsessionid=ac16012b30d6ec48b32ae6c641d48f3ac42886169fa3.e3iSbxaKaheRe34Rch0Ra3mLchv0n6jAmljGr5XDqQLvpAe HTTP/1.1" 200 2
172.22.2.4 - - [12/Sep/2023:15:05:25 -0500] "GET /BLA/boletinlegal/img/select-left.png HTTP/1.1" 200 263
172.22.2.4 - - [12/Sep/2023:15:05:25 -0500] "GET /BLA/boletinlegal/img/0.png HTTP/1.1" 200 110
172.22.2.4 - - [12/Sep/2023:15:05:25 -0500] "GET /BLA/boletinlegal/img/select-right.png HTTP/1.1" 200 44019
172.22.2.4 - - [12/Sep/2023:15:05:25 -0500] "GET /BLA/boletinlegal/img/button-left.png HTTP/1.1" 200 57071
172.22.2.4 - - [12/Sep/2023:15:05:25 -0500] "GET /BLA/boletinlegal/favicon.ico HTTP/1.1" 404 1326
172.22.2.4 - - [12/Sep/2023:15:05:25 -0500] "GET /BLA/boletinlegal/img/button.png HTTP/1.1" 200 43241
172.22.2.4 - - [12/Sep/2023:15:05:25 -0500] "GET /BLA/boletinlegal/img/button-right.png HTTP/1.1" 200 57878
216.244.66.195 - - [12/Sep/2023:15:06:03 -0500] "GET /BLA/resoluciones/AUTOS%202019/4526.pdf HTTP/1.1" 200 275787
172.22.2.4 - - [12/Sep/2023:15:06:23 -0500] "GET /BLA/boletinlegal/consulta_actos.php?tipo=autos&no=&usuario=&sector=RESIDUOS&fecha=2023&resuelve= HTTP/1.1" 200 62669
172.22.2.4 - - [12/Sep/2023:15:06:23 -0500] "GET /BLA/boletinlegal/images/pdf.gif HTTP/1.1" 200 567
172.22.2.4 - - [12/Sep/2023:15:06:23 -0500] "GET /BLA/boletinlegal/images/background.gif HTTP/1.1" 200 -
181.54.236.238 - - [12/Sep/2023:15:06:24 -0500] "GET /BLA/boletinlegal/tabla_files/orangebrownie.css HTTP/1.1" 404 1326
181.54.236.238 - - [12/Sep/2023:15:06:24 -0500] "GET /css/global/buttons.css HTTP/1.1" 404 1324
181.54.236.238 - - [12/Sep/2023:15:06:23 -0500] "GET /BLA/boletinlegal/admin/actos/mostrar.php HTTP/1.1" 200 362712
181.54.236.238 - - [12/Sep/2023:15:06:29 -0500] "GET /BLA/boletinlegal/tabla_files/orangebrownie.css HTTP/1.1" 404 1326
181.54.236.238 - - [12/Sep/2023:15:06:29 -0500] "GET /css/global/buttons.css HTTP/1.1" 404 1324
66.220.149.120 - - [12/Sep/2023:15:06:29 -0500] "GET /images/pieza-voluntariado-ambiental.jpeg HTTP/1.1" 200 51125
181.54.236.238 - - [12/Sep/2023:15:06:29 -0500] "POST /BLA/boletinlegal/admin/actos/mostrar.php HTTP/1.1" 200 10742482
201.245.192.253 - - [12/Sep/2023:15:06:33 -0500] "POST /forms/lservlet;jsessionid=ac16012b30d67c93eb41c0fe4863bf03b6c32dc73e16.e3iSbxaKaheRe34Rch0Ra3mLchv0n6jAmljGr5XDqQLvpAe HTTP/1.1" 200 2
192.168.172.26 - - [12/Sep/2023:15:06:35 -0500] "GET /BLA/boletinlegal/consulta_actos.php?tipo=resoluciones&no=2079&usuario=&sector=&fecha=2021&resuelve= HTTP/1.1" 200 1088
201.245.192.253 - - [12/Sep/2023:15:06:36 -0500] "GET /BLA/resoluciones/RESOLUCIONES%202021/2079.pdf HTTP/1.1" 200 557479
52.167.144.219 - - [12/Sep/2023:15:06:43 -0500] "GET /Publicaciones/2023EE115941.pdf HTTP/1.1" 404 228
52.149.22.82 - - [12/Sep/2023:15:06:45 -0500] "GET /Publicaciones/2023EE115941.pdf HTTP/1.1" 404 228
216.244.66.195 - - [12/Sep/2023:15:06:47 -0500] "GET /BLA/resoluciones/RESOLUCIONES%202018/2185.pdf HTTP/1.1" 200 357049
192.168.172.26 - - [12/Sep/2023:15:06:52 -0500] "POST /BLA/boletinlegal/admin/actos/ingresar.php HTTP/1.1" 200 7302
192.168.172.26 - - [12/Sep/2023:15:07:05 -0500] "GET /BLA/boletinlegal/consulta_actos.php?tipo=resoluciones&no=1221&usuario=&sector=&fecha=2021&resuelve= HTTP/1.1" 200 626
192.168.172.26 - - [12/Sep/2023:15:07:09 -0500] "GET /BLA/boletinlegal/consulta_actos.php?tipo=resoluciones&no=1221&usuario=&sector=&fecha=2023&resuelve= HTTP/1.1" 200 1392
201.245.192.253 - - [12/Sep/2023:15:07:15 -0500] "POST /forms/lservlet;jsessionid=ac16012b30d67c93eb41c0fe4863bf03b6c32dc73e16.e3iSbxaKaheRe34Rch0Ra3mLchv0n6jAmljGr5XDqQLvpAe HTTP/1.1" 200 2
201.245.192.253 - - [12/Sep/2023:15:07:15 -0500] "POST /forms/lservlet;jsessionid=ac16012b30d67c93eb41c0fe4863bf03b6c32dc73e16.e3iSbxaKaheRe34Rch0Ra3mLchv0n6jAmljGr5XDqQLvpAe HTTP/1.1" 200 1261
201.245.192.253 - - [12/Sep/2023:15:07:15 -0500] "POST /forms/lservlet;jsessionid=ac16012b30d67c93eb41c0fe4863bf03b6c32dc73e16.e3iSbxaKaheRe34Rch0Ra3mLchv0n6jAmljGr5XDqQLvpAe HTTP/1.1" 200 2
201.245.192.253 - - [12/Sep/2023:15:07:17 -0500] "POST /forms/lservlet;jsessionid=ac16012b30d67c93eb41c0fe4863bf03b6c32dc73e16.e3iSbxaKaheRe34Rch0Ra3mLchv0n6jAmljGr5XDqQLvpAe HTTP/1.1" 200 247
201.245.192.253 - - [12/Sep/2023:15:07:17 -0500] "POST /forms/lservlet;jsessionid=ac16012b30d67c93eb41c0fe4863bf03b6c32dc73e16.e3iSbxaKaheRe34Rch0Ra3mLchv0n6jAmljGr5XDqQLvpAe HTTP/1.1" 200 11
201.245.192.253 - - [12/Sep/2023:15:07:19 -0500] "POST /forms/lservlet;jsessionid=ac16012b30d67c93eb41c0fe4863bf03b6c32dc73e16.e3iSbxaKaheRe34Rch0Ra3mLchv0n6jAmljGr5XDqQLvpAe HTTP/1.1" 200 2
181.54.236.238 - - [12/Sep/2023:15:07:19 -0500] "POST /BLA/boletinlegal/admin/actos/modificar.php HTTP/1.1" 200 6228
201.245.192.253 - - [12/Sep/2023:15:07:19 -0500] "POST /forms/lservlet;jsessionid=ac16012b30d67c93eb41c0fe4863bf03b6c32dc73e16.e3iSbxaKaheRe34Rch0Ra3mLchv0n6jAmljGr5XDqQLvpAe HTTP/1.1" 200 14
201.245.192.253 - - [12/Sep/2023:15:07:20 -0500] "POST /forms/lservlet;jsessionid=ac16012b30d67c93eb41c0fe4863bf03b6c32dc73e16.e3iSbxaKaheRe34Rch0Ra3mLchv0n6jAmljGr5XDqQLvpAe HTTP/1.1" 200 14
201.245.192.253 - - [12/Sep/2023:15:07:21 -0500] "POST /forms/lservlet;jsessionid=ac16012b30d67c93eb41c0fe4863bf03b6c32dc73e16.e3iSbxaKaheRe34Rch0Ra3mLchv0n6jAmljGr5XDqQLvpAe HTTP/1.1" 200 14
201.245.192.253 - - [12/Sep/2023:15:07:22 -0500] "POST /forms/lservlet;jsessionid=ac16012b30d67c93eb41c0fe4863bf03b6c32dc73e16.e3iSbxaKaheRe34Rch0Ra3mLchv0n6jAmljGr5XDqQLvpAe HTTP/1.1" 200 241
201.245.192.253 - - [12/Sep/2023:15:07:23 -0500] "POST /forms/lservlet;jsessionid=ac16012b30d67c93eb41c0fe4863bf03b6c32dc73e16.e3iSbxaKaheRe34Rch0Ra3mLchv0n6jAmljGr5XDqQLvpAe HTTP/1.1" 200 7
201.245.192.253 - - [12/Sep/2023:15:07:25 -0500] "POST /forms/lservlet;jsessionid=ac16012b30d6ec48b32ae6c641d48f3ac42886169fa3.e3iSbxaKaheRe34Rch0Ra3mLchv0n6jAmljGr5XDqQLvpAe HTTP/1.1" 200 2
201.245.192.253 - - [12/Sep/2023:15:07:25 -0500] "GET /reports/rwservlet/getjobid=89222?server=repnomi HTTP/1.1" 200 51294
201.245.192.253 - - [12/Sep/2023:15:07:25 -0500] "POST /kwsrmcab/Wsrmcab  HTTP/1.1" 200 42865
172.22.2.4 - - [12/Sep/2023:15:07:29 -0500] "GET /BLA/boletinlegal/consulta_actos.php?tipo=resoluciones&no=2771&usuario=&sector=&fecha=2010&resuelve= HTTP/1.1" 200 1167
172.22.2.4 - - [12/Sep/2023:15:05:54 -0500] "HEAD /BLA/boletinlegal/ HTTP/1.1" 200 -
216.244.66.195 - - [12/Sep/2023:15:07:34 -0500] "GET /BLA/resoluciones/RESOLUCIONES%202018/2224.pdf HTTP/1.1" 200 326697
181.54.236.238 - - [12/Sep/2023:15:07:37 -0500] "GET /BLA/resoluciones/RESOLUCIONES%202010/2771.pdf HTTP/1.1" 200 725919
181.54.236.238 - - [12/Sep/2023:15:07:37 -0500] "GET /BLA/resoluciones/RESOLUCIONES%202010/2771.pdf HTTP/1.1" 200 725919
181.54.236.238 - - [12/Sep/2023:15:07:37 -0500] "GET /BLA/resoluciones/RESOLUCIONES%202010/2771.pdf HTTP/1.1" 206 1025
201.245.192.253 - - [12/Sep/2023:15:07:47 -0500] "GET /sipse/faces/javax.faces.resource/images/ui-icons_898989_256x240.png?ln=primefaces-aristo HTTP/1.1" 304 -
201.245.192.253 - - [12/Sep/2023:15:07:47 -0500] "POST /sipse/faces/presentacion/contratacion/contratista/consultarContratista.xhtml HTTP/1.1" 200 30242
201.245.192.253 - - [12/Sep/2023:15:07:47 -0500] "GET /sipse/css/custom_css_sg.css HTTP/1.1" 304 -
201.245.192.253 - - [12/Sep/2023:15:07:47 -0500] "GET /sipse/js/disable_browser_buttons.js HTTP/1.1" 304 -
201.245.192.253 - - [12/Sep/2023:15:07:47 -0500] "GET /sipse/faces/javax.faces.resource/primefaces.css?ln=primefaces&v=4.0 HTTP/1.1" 304 -
201.245.192.253 - - [12/Sep/2023:15:07:47 -0500] "GET /sipse/css/custom_css_sg_prime.css HTTP/1.1" 304 -
201.245.192.253 - - [12/Sep/2023:15:07:47 -0500] "GET /sipse/faces/javax.faces.resource/theme.css?ln=primefaces-sipse HTTP/1.1" 304 -
201.245.192.253 - - [12/Sep/2023:15:07:47 -0500] "GET /sipse/faces/javax.faces.resource/layout/layout.css?ln=primefaces&v=4.0 HTTP/1.1" 304 -
201.245.192.253 - - [12/Sep/2023:15:07:47 -0500] "GET /sipse/js/jquery.min.js HTTP/1.1" 304 -
201.245.192.253 - - [12/Sep/2023:15:07:47 -0500] "GET /sipse/js/funciones.js HTTP/1.1" 304 -
201.245.192.253 - - [12/Sep/2023:15:07:47 -0500] "GET /sipse/faces/javax.faces.resource/jquery/jquery.js?ln=primefaces&v=4.0 HTTP/1.1" 304 -
201.245.192.253 - - [12/Sep/2023:15:07:47 -0500] "GET /sipse/faces/javax.faces.resource/jquery/jquery-plugins.js?ln=primefaces&v=4.0 HTTP/1.1" 304 -
201.245.192.253 - - [12/Sep/2023:15:07:47 -0500] "GET /sipse/faces/javax.faces.resource/primefaces.js?ln=primefaces&v=4.0 HTTP/1.1" 304 -
201.245.192.253 - - [12/Sep/2023:15:07:47 -0500] "GET /sipse/faces/javax.faces.resource/layout/layout.js?ln=primefaces&v=4.0 HTTP/1.1" 304 -
201.245.192.253 - - [12/Sep/2023:15:07:47 -0500] "GET /sipse/css/imagen/logoSDG.png HTTP/1.1" 304 -
201.245.192.253 - - [12/Sep/2023:15:07:47 -0500] "GET /sipse/css/imagen/contrasena.png HTTP/1.1" 404 383
201.245.192.253 - - [12/Sep/2023:15:07:47 -0500] "GET /sipse/faces/javax.faces.resource/messages/messages.png?ln=primefaces&v=4.0 HTTP/1.1" 304 -
216.244.66.195 - - [12/Sep/2023:15:08:21 -0500] "GET /BLA/resoluciones/RESOLUCIONES%202018/3438.pdf HTTP/1.1" 200 428788
201.245.192.253 - - [12/Sep/2023:15:08:22 -0500] "POST /forms/lservlet;jsessionid=ac16012b30d67c93eb41c0fe4863bf03b6c32dc73e16.e3iSbxaKaheRe34Rch0Ra3mLchv0n6jAmljGr5XDqQLvpAe HTTP/1.1" 200 2
201.245.192.253 - - [12/Sep/2023:15:08:22 -0500] "POST /forms/lservlet;jsessionid=ac16012b30d67c93eb41c0fe4863bf03b6c32dc73e16.e3iSbxaKaheRe34Rch0Ra3mLchv0n6jAmljGr5XDqQLvpAe HTTP/1.1" 200 96
201.245.192.253 - - [12/Sep/2023:15:08:23 -0500] "POST /forms/lservlet;jsessionid=ac16012b30d67c93eb41c0fe4863bf03b6c32dc73e16.e3iSbxaKaheRe34Rch0Ra3mLchv0n6jAmljGr5XDqQLvpAe HTTP/1.1" 200 7
172.22.2.4 - - [12/Sep/2023:15:06:44 -0500] "GET /BLA/boletinlegal/ HTTP/1.1" 200 57790
201.245.192.253 - - [12/Sep/2023:15:08:25 -0500] "GET /reports/rwservlet/getjobid=89223?server=repnomi HTTP/1.1" 200 51227
201.245.192.253 - - [12/Sep/2023:15:08:33 -0500] "POST /forms/lservlet;jsessionid=ac16012b30d67c93eb41c0fe4863bf03b6c32dc73e16.e3iSbxaKaheRe34Rch0Ra3mLchv0n6jAmljGr5XDqQLvpAe HTTP/1.1" 200 2
172.22.2.4 - - [12/Sep/2023:15:08:36 -0500] "GET /BLA/boletinlegal/consulta_actos.php?tipo=resoluciones&no=0660&usuario=&sector=&fecha=2009&resuelve= HTTP/1.1" 200 1083
172.22.2.4 - - [12/Sep/2023:15:08:50 -0500] "GET /BLA/boletinlegal/consulta_actos.php?tipo=resoluciones&no=0660&usuario=&sector=&fecha=2019&resuelve= HTTP/1.1" 200 1237
172.22.2.4 - - [12/Sep/2023:15:08:26 -0500] "GET /BLA/boletinlegal/ HTTP/1.1" 200 24523
172.22.2.4 - - [12/Sep/2023:15:09:05 -0500] "GET /BLA/boletinlegal/consulta_actos.php?tipo=resoluciones&no=3703&usuario=&sector=&fecha=2019&resuelve= HTTP/1.1" 200 1095
216.244.66.195 - - [12/Sep/2023:15:09:09 -0500] "GET /BLA/resoluciones/RESOLUCIONES%202018/3663.pdf HTTP/1.1" 200 290005
181.54.236.238 - - [12/Sep/2023:15:09:24 -0500] "POST /BLA/boletinlegal/admin/actos/modificar.php HTTP/1.1" 200 6004
201.245.192.253 - - [12/Sep/2023:15:09:25 -0500] "POST /forms/lservlet;jsessionid=ac16012b30d6ec48b32ae6c641d48f3ac42886169fa3.e3iSbxaKaheRe34Rch0Ra3mLchv0n6jAmljGr5XDqQLvpAe HTTP/1.1" 200 2
216.245.221.92 - - [12/Sep/2023:15:09:33 -0500] "HEAD / HTTP/1.1" 200 -
216.244.66.195 - - [12/Sep/2023:15:09:51 -0500] "GET /BLA/resoluciones/RESOLUCIONES%202018/3955.pdf HTTP/1.1" 200 284791
172.22.2.4 - - [12/Sep/2023:15:10:14 -0500] "GET /BLA/boletinlegal/consulta_actos.php?tipo=resoluciones&no=3650&usuario=&sector=&fecha=2010&resuelve= HTTP/1.1" 200 1852
181.54.236.238 - - [12/Sep/2023:15:10:17 -0500] "GET /BLA/resoluciones/index.php?dir=RESOLUCIONES+2001%2F HTTP/1.1" 200 25492
181.54.236.238 - - [12/Sep/2023:15:10:17 -0500] "GET /BLA/resoluciones/dlf/unknown.png HTTP/1.1" 200 266
172.22.2.4 - - [12/Sep/2023:15:10:21 -0500] "GET /BLA/boletinlegal/consulta_actos.php?tipo=resoluciones&no=3650&usuario=&sector=&fecha=2010&resuelve= HTTP/1.1" 200 1852
181.54.236.238 - - [12/Sep/2023:15:10:26 -0500] "GET /BLA/boletinlegal/tabla_files/orangebrownie.css HTTP/1.1" 404 1326
181.54.236.238 - - [12/Sep/2023:15:10:26 -0500] "GET /css/global/buttons.css HTTP/1.1" 404 1324
181.54.236.238 - - [12/Sep/2023:15:10:26 -0500] "GET /BLA/boletinlegal/admin/actos/mostrar.php HTTP/1.1" 200 362712
216.244.66.195 - - [12/Sep/2023:15:10:29 -0500] "GET /BLA/resoluciones/AUTOS%202017/0055.pdf HTTP/1.1" 200 281191
181.54.236.238 - - [12/Sep/2023:15:10:29 -0500] "GET /BLA/boletinlegal/tabla_files/orangebrownie.css HTTP/1.1" 404 1326
181.54.236.238 - - [12/Sep/2023:15:10:29 -0500] "GET /css/global/buttons.css HTTP/1.1" 404 1324
201.245.192.253 - - [12/Sep/2023:15:10:33 -0500] "POST /forms/lservlet;jsessionid=ac16012b30d67c93eb41c0fe4863bf03b6c32dc73e16.e3iSbxaKaheRe34Rch0Ra3mLchv0n6jAmljGr5XDqQLvpAe HTTP/1.1" 200 2
181.54.236.238 - - [12/Sep/2023:15:10:29 -0500] "POST /BLA/boletinlegal/admin/actos/mostrar.php HTTP/1.1" 200 10742809
66.249.66.206 - - [12/Sep/2023:15:10:44 -0500] "GET /robots.txt HTTP/1.1" 404 1043
66.249.66.205 - - [12/Sep/2023:15:10:44 -0500] "GET /BLA/boletinlegal/Directivas/2017/Directiva%20No.%2006%20del%2016%20de%20Agosto%20de%202017.pdf HTTP/1.1" 304 -
216.244.66.195 - - [12/Sep/2023:15:11:13 -0500] "GET /BLA/resoluciones/AUTOS%202019/0324.pdf HTTP/1.1" 200 746537
201.245.192.253 - - [12/Sep/2023:15:11:13 -0500] "POST /forms/lservlet;jsessionid=ac16012b30d67c93eb41c0fe4863bf03b6c32dc73e16.e3iSbxaKaheRe34Rch0Ra3mLchv0n6jAmljGr5XDqQLvpAe HTTP/1.1" 200 96
201.245.192.253 - - [12/Sep/2023:15:11:13 -0500] "POST /forms/lservlet;jsessionid=ac16012b30d67c93eb41c0fe4863bf03b6c32dc73e16.e3iSbxaKaheRe34Rch0Ra3mLchv0n6jAmljGr5XDqQLvpAe HTTP/1.1" 200 2
201.245.192.253 - - [12/Sep/2023:15:11:14 -0500] "POST /forms/lservlet;jsessionid=ac16012b30d67c93eb41c0fe4863bf03b6c32dc73e16.e3iSbxaKaheRe34Rch0Ra3mLchv0n6jAmljGr5XDqQLvpAe HTTP/1.1" 200 2
201.245.192.253 - - [12/Sep/2023:15:11:14 -0500] "POST /forms/lservlet;jsessionid=ac16012b30d67c93eb41c0fe4863bf03b6c32dc73e16.e3iSbxaKaheRe34Rch0Ra3mLchv0n6jAmljGr5XDqQLvpAe HTTP/1.1" 200 723
201.245.192.253 - - [12/Sep/2023:15:11:15 -0500] "POST /forms/lservlet;jsessionid=ac16012b30d67c93eb41c0fe4863bf03b6c32dc73e16.e3iSbxaKaheRe34Rch0Ra3mLchv0n6jAmljGr5XDqQLvpAe HTTP/1.1" 200 13
201.245.192.253 - - [12/Sep/2023:15:11:18 -0500] "POST /forms/lservlet;jsessionid=ac16012b30d67c93eb41c0fe4863bf03b6c32dc73e16.e3iSbxaKaheRe34Rch0Ra3mLchv0n6jAmljGr5XDqQLvpAe HTTP/1.1" 200 328
172.22.2.4 - - [12/Sep/2023:15:11:19 -0500] "GET /BLA/boletinlegal/consulta_actos.php?tipo=resoluciones&no=&usuario=&sector=RESIDUOS&fecha=2023&resuelve= HTTP/1.1" 200 4267
181.54.236.238 - - [12/Sep/2023:15:11:22 -0500] "POST /BLA/boletinlegal/admin/actos/modificar.php HTTP/1.1" 200 6905
201.245.192.253 - - [12/Sep/2023:15:11:23 -0500] "POST /forms/lservlet;jsessionid=ac16012b30d67c93eb41c0fe4863bf03b6c32dc73e16.e3iSbxaKaheRe34Rch0Ra3mLchv0n6jAmljGr5XDqQLvpAe HTTP/1.1" 200 13
201.245.192.253 - - [12/Sep/2023:15:11:25 -0500] "POST /forms/lservlet;jsessionid=ac16012b30d67c93eb41c0fe4863bf03b6c32dc73e16.e3iSbxaKaheRe34Rch0Ra3mLchv0n6jAmljGr5XDqQLvpAe HTTP/1.1" 200 17
201.245.192.253 - - [12/Sep/2023:15:11:25 -0500] "POST /forms/lservlet;jsessionid=ac16012b30d6ec48b32ae6c641d48f3ac42886169fa3.e3iSbxaKaheRe34Rch0Ra3mLchv0n6jAmljGr5XDqQLvpAe HTTP/1.1" 200 2
201.245.192.253 - - [12/Sep/2023:15:11:26 -0500] "POST /forms/lservlet;jsessionid=ac16012b30d67c93eb41c0fe4863bf03b6c32dc73e16.e3iSbxaKaheRe34Rch0Ra3mLchv0n6jAmljGr5XDqQLvpAe HTTP/1.1" 200 328
201.245.192.253 - - [12/Sep/2023:15:11:28 -0500] "POST /forms/lservlet;jsessionid=ac16012b30d67c93eb41c0fe4863bf03b6c32dc73e16.e3iSbxaKaheRe34Rch0Ra3mLchv0n6jAmljGr5XDqQLvpAe HTTP/1.1" 200 13
172.22.2.4 - - [12/Sep/2023:15:11:31 -0500] "GET /BLA/boletinlegal/actos.php HTTP/1.1" 200 9682
172.22.2.4 - - [12/Sep/2023:15:11:31 -0500] "GET /BLA/boletinlegal/styles2.css HTTP/1.1" 200 1838
172.22.2.4 - - [12/Sep/2023:15:11:31 -0500] "GET /BLA/boletinlegal/js/ajax_actos.js HTTP/1.1" 200 1322
172.22.2.4 - - [12/Sep/2023:15:11:31 -0500] "GET /BLA/boletinlegal/niceforms-default.css HTTP/1.1" 200 6694
172.22.2.4 - - [12/Sep/2023:15:11:31 -0500] "GET /BLA/boletinlegal/style.css HTTP/1.1" 200 9406
172.22.2.4 - - [12/Sep/2023:15:11:31 -0500] "GET /BLA/boletinlegal/niceforms.js HTTP/1.1" 200 22876
172.22.2.4 - - [12/Sep/2023:15:11:31 -0500] "GET /BLA/boletinlegal/js/jquery1.js HTTP/1.1" 200 29846
172.22.2.4 - - [12/Sep/2023:15:11:31 -0500] "GET /BLA/boletinlegal/js/popup.js HTTP/1.1" 200 1270
172.22.2.4 - - [12/Sep/2023:15:11:31 -0500] "GET /BLA/boletinlegal/js/lib.js HTTP/1.1" 200 6474
172.22.2.4 - - [12/Sep/2023:15:11:31 -0500] "GET /BLA/boletinlegal/images/cabezote%20BLEGAL.jpg HTTP/1.1" 200 118164
172.22.2.4 - - [12/Sep/2023:15:11:31 -0500] "GET /BLA/boletinlegal/images/subscribe-icon-big.png HTTP/1.1" 200 47702
172.22.2.4 - - [12/Sep/2023:15:11:31 -0500] "GET /BLA/boletinlegal/images/historia.png HTTP/1.1" 200 52775
172.22.2.4 - - [12/Sep/2023:15:11:31 -0500] "GET /BLA/boletinlegal/images/registro-usuarios.png HTTP/1.1" 200 8106
172.22.2.4 - - [12/Sep/2023:15:11:31 -0500] "GET /BLA/boletinlegal/images/green-yellow-blue-pink-th.png HTTP/1.1" 200 7394
172.22.2.4 - - [12/Sep/2023:15:11:31 -0500] "GET /BLA/boletinlegal/images/icono-email.png HTTP/1.1" 200 5544
172.22.2.4 - - [12/Sep/2023:15:11:31 -0500] "GET /BLA/boletinlegal/images/tel.png HTTP/1.1" 200 14477
172.22.2.4 - - [12/Sep/2023:15:11:31 -0500] "GET /BLA/boletinlegal/images/body_bg.jpg HTTP/1.1" 200 1601
172.22.2.4 - - [12/Sep/2023:15:11:31 -0500] "GET /BLA/boletinlegal/images/menu_lft.gif HTTP/1.1" 200 1713
172.22.2.4 - - [12/Sep/2023:15:11:31 -0500] "GET /BLA/boletinlegal/images/menu_rght.gif HTTP/1.1" 200 1627
172.22.2.4 - - [12/Sep/2023:15:11:31 -0500] "GET /BLA/boletinlegal/images/bg_top.jpg HTTP/1.1" 200 522
172.22.2.4 - - [12/Sep/2023:15:11:31 -0500] "GET /BLA/boletinlegal/images/menu_bg.jpg HTTP/1.1" 200 620
172.22.2.4 - - [12/Sep/2023:15:11:31 -0500] "GET /BLA/boletinlegal/images/hover.jpg HTTP/1.1" 200 640
172.22.2.4 - - [12/Sep/2023:15:11:31 -0500] "GET /BLA/boletinlegal/images/text.jpg HTTP/1.1" 200 568
172.22.2.4 - - [12/Sep/2023:15:11:31 -0500] "GET /BLA/boletinlegal/images/footer_bg.jpg HTTP/1.1" 200 586
172.22.2.4 - - [12/Sep/2023:15:11:31 -0500] "GET /BLA/boletinlegal/images/footer_bg_l.jpg HTTP/1.1" 200 776
172.22.2.4 - - [12/Sep/2023:15:11:31 -0500] "GET /BLA/boletinlegal/img/select-left.png HTTP/1.1" 200 263
172.22.2.4 - - [12/Sep/2023:15:11:31 -0500] "GET /BLA/boletinlegal/img/select-right.png HTTP/1.1" 200 44019
172.22.2.4 - - [12/Sep/2023:15:11:31 -0500] "GET /BLA/boletinlegal/img/button-left.png HTTP/1.1" 200 57071
172.22.2.4 - - [12/Sep/2023:15:11:31 -0500] "GET /BLA/boletinlegal/img/button-right.png HTTP/1.1" 200 57878
172.22.2.4 - - [12/Sep/2023:15:11:31 -0500] "GET /BLA/boletinlegal/img/0.png HTTP/1.1" 200 110
172.22.2.4 - - [12/Sep/2023:15:11:31 -0500] "GET /BLA/boletinlegal/img/button.png HTTP/1.1" 200 43241
172.22.2.4 - - [12/Sep/2023:15:11:31 -0500] "GET /BLA/boletinlegal/favicon.ico HTTP/1.1" 404 1326
201.245.192.253 - - [12/Sep/2023:15:11:33 -0500] "GET /BLA/resoluciones/ HTTP/1.1" 200 13696
201.245.192.253 - - [12/Sep/2023:15:11:33 -0500] "GET /BLA/resoluciones/dlf/folder.png HTTP/1.1" 200 410
201.245.192.253 - - [12/Sep/2023:15:11:33 -0500] "GET /BLA/resoluciones/dlf/styles.css HTTP/1.1" 200 3049
201.245.192.253 - - [12/Sep/2023:15:11:33 -0500] "GET /BLA/resoluciones/dlf/bg.gif HTTP/1.1" 200 54
201.245.192.253 - - [12/Sep/2023:15:11:33 -0500] "GET /favicon.ico HTTP/1.1" 200 7782
172.22.2.4 - - [12/Sep/2023:15:11:34 -0500] "GET /BLA/boletinlegal/consulta_actos.php?tipo=resoluciones&no=&usuario=&sector=RESIDUOS&fecha=2022&resuelve= HTTP/1.1" 200 26404
172.22.2.4 - - [12/Sep/2023:15:11:39 -0500] "GET /BLA/boletinlegal/consulta_actos.php?tipo=resoluciones&no=1909&usuario=&sector=&fecha=2001&resuelve= HTTP/1.1" 200 626
201.245.192.253 - - [12/Sep/2023:15:11:39 -0500] "POST /forms/lservlet;jsessionid=ac16012b30d67c93eb41c0fe4863bf03b6c32dc73e16.e3iSbxaKaheRe34Rch0Ra3mLchv0n6jAmljGr5XDqQLvpAe HTTP/1.1" 200 12
201.245.192.253 - - [12/Sep/2023:15:11:39 -0500] "POST /forms/lservlet;jsessionid=ac16012b30d67c93eb41c0fe4863bf03b6c32dc73e16.e3iSbxaKaheRe34Rch0Ra3mLchv0n6jAmljGr5XDqQLvpAe HTTP/1.1" 200 8
201.245.192.253 - - [12/Sep/2023:15:11:39 -0500] "POST /forms/lservlet;jsessionid=ac16012b30d67c93eb41c0fe4863bf03b6c32dc73e16.e3iSbxaKaheRe34Rch0Ra3mLchv0n6jAmljGr5XDqQLvpAe HTTP/1.1" 200 2
201.245.192.253 - - [12/Sep/2023:15:11:41 -0500] "GET /BLA/resoluciones/dlf/dirup.png HTTP/1.1" 200 644
201.245.192.253 - - [12/Sep/2023:15:11:41 -0500] "GET /BLA/resoluciones/dlf/pdf.gif HTTP/1.1" 200 272
40.77.167.6 - - [12/Sep/2023:15:11:43 -0500] "GET /Publicaciones/2023EE92057.pdf HTTP/1.1" 404 227
201.245.192.253 - - [12/Sep/2023:15:11:44 -0500] "POST /forms/lservlet;jsessionid=ac16012b30d67c93eb41c0fe4863bf03b6c32dc73e16.e3iSbxaKaheRe34Rch0Ra3mLchv0n6jAmljGr5XDqQLvpAe HTTP/1.1" 200 7
201.245.192.253 - - [12/Sep/2023:15:11:44 -0500] "POST /forms/lservlet;jsessionid=ac16012b30d67c93eb41c0fe4863bf03b6c32dc73e16.e3iSbxaKaheRe34Rch0Ra3mLchv0n6jAmljGr5XDqQLvpAe HTTP/1.1" 200 8
201.245.192.253 - - [12/Sep/2023:15:11:44 -0500] "POST /forms/lservlet;jsessionid=ac16012b30d67c93eb41c0fe4863bf03b6c32dc73e16.e3iSbxaKaheRe34Rch0Ra3mLchv0n6jAmljGr5XDqQLvpAe HTTP/1.1" 200 2
181.54.236.238 - - [12/Sep/2023:15:11:47 -0500] "GET /BLA/resoluciones/index.php?dir= HTTP/1.1" 200 13696
201.245.192.253 - - [12/Sep/2023:15:11:47 -0500] "POST /forms/lservlet;jsessionid=ac16012b30d67c93eb41c0fe4863bf03b6c32dc73e16.e3iSbxaKaheRe34Rch0Ra3mLchv0n6jAmljGr5XDqQLvpAe HTTP/1.1" 200 1109
201.245.192.253 - - [12/Sep/2023:15:11:41 -0500] "GET /BLA/resoluciones/index.php?dir=AUTOS+2013%2F HTTP/1.1" 200 407591
181.54.236.238 - - [12/Sep/2023:15:11:50 -0500] "GET /BLA/resoluciones/index.php?dir=RESOLUCIONES+2001%2F HTTP/1.1" 200 25492
201.245.192.253 - - [12/Sep/2023:15:11:51 -0500] "POST /forms/lservlet;jsessionid=ac16012b30d67c93eb41c0fe4863bf03b6c32dc73e16.e3iSbxaKaheRe34Rch0Ra3mLchv0n6jAmljGr5XDqQLvpAe HTTP/1.1" 200 636
201.245.192.253 - - [12/Sep/2023:15:11:52 -0500] "POST /forms/lservlet;jsessionid=ac16012b30d67c93eb41c0fe4863bf03b6c32dc73e16.e3iSbxaKaheRe34Rch0Ra3mLchv0n6jAmljGr5XDqQLvpAe HTTP/1.1" 200 885
201.245.192.253 - - [12/Sep/2023:15:11:52 -0500] "POST /forms/lservlet;jsessionid=ac16012b30d67c93eb41c0fe4863bf03b6c32dc73e16.e3iSbxaKaheRe34Rch0Ra3mLchv0n6jAmljGr5XDqQLvpAe HTTP/1.1" 200 737
172.22.2.4 - - [12/Sep/2023:15:12:00 -0500] "GET /BLA/boletinlegal/consulta_actos.php?tipo=autos&no=&usuario=&sector=RESIDUOS&fecha=2022&resuelve= HTTP/1.1" 200 100120
216.244.66.195 - - [12/Sep/2023:15:12:03 -0500] "GET /BLA/resoluciones/AUTOS%202019/2755.pdf HTTP/1.1" 200 680911
172.22.2.4 - - [12/Sep/2023:15:12:07 -0500] "GET /BLA/boletinlegal/consulta_actos.php?tipo=autos&no=&usuario=&sector=RESIDUOS&fecha=2021&resuelve= HTTP/1.1" 200 86611
172.22.2.4 - - [12/Sep/2023:15:12:07 -0500] "GET /BLA/boletinlegal/consulta_actos.php?tipo=autos&no=&usuario=&sector=RESIDUOS&fecha=2021&resuelve= HTTP/1.1" 200 86611
172.22.2.4 - - [12/Sep/2023:15:12:08 -0500] "GET /BLA/boletinlegal/consulta_actos.php?tipo=autos&no=&usuario=&sector=RESIDUOS&fecha=2021&resuelve= HTTP/1.1" 200 86611
201.245.192.253 - - [12/Sep/2023:15:12:12 -0500] "POST /forms/lservlet;jsessionid=ac16012b30d67c93eb41c0fe4863bf03b6c32dc73e16.e3iSbxaKaheRe34Rch0Ra3mLchv0n6jAmljGr5XDqQLvpAe HTTP/1.1" 200 755
201.245.192.253 - - [12/Sep/2023:15:12:21 -0500] "POST /forms/lservlet;jsessionid=ac16012b30d67c93eb41c0fe4863bf03b6c32dc73e16.e3iSbxaKaheRe34Rch0Ra3mLchv0n6jAmljGr5XDqQLvpAe HTTP/1.1" 200 538
201.245.192.253 - - [12/Sep/2023:15:12:21 -0500] "POST /forms/lservlet;jsessionid=ac16012b30d67c93eb41c0fe4863bf03b6c32dc73e16.e3iSbxaKaheRe34Rch0Ra3mLchv0n6jAmljGr5XDqQLvpAe HTTP/1.1" 200 578
201.245.192.253 - - [12/Sep/2023:15:12:24 -0500] "POST /kwsrmcab/Wsrmcab  HTTP/1.1" 200 42865
201.245.192.253 - - [12/Sep/2023:15:12:33 -0500] "POST /forms/lservlet;jsessionid=ac16012b30d67c93eb41c0fe4863bf03b6c32dc73e16.e3iSbxaKaheRe34Rch0Ra3mLchv0n6jAmljGr5XDqQLvpAe HTTP/1.1" 200 2
201.245.192.253 - - [12/Sep/2023:15:12:48 -0500] "POST /forms/lservlet;jsessionid=ac16012b30d67c93eb41c0fe4863bf03b6c32dc73e16.e3iSbxaKaheRe34Rch0Ra3mLchv0n6jAmljGr5XDqQLvpAe HTTP/1.1" 200 13
201.245.192.253 - - [12/Sep/2023:15:12:49 -0500] "POST /forms/lservlet;jsessionid=ac16012b30d67c93eb41c0fe4863bf03b6c32dc73e16.e3iSbxaKaheRe34Rch0Ra3mLchv0n6jAmljGr5XDqQLvpAe HTTP/1.1" 200 535
201.245.192.253 - - [12/Sep/2023:15:12:52 -0500] "POST /forms/lservlet;jsessionid=ac16012b30d67c93eb41c0fe4863bf03b6c32dc73e16.e3iSbxaKaheRe34Rch0Ra3mLchv0n6jAmljGr5XDqQLvpAe HTTP/1.1" 200 548
201.245.192.253 - - [12/Sep/2023:15:12:54 -0500] "POST /forms/lservlet;jsessionid=ac16012b30d67c93eb41c0fe4863bf03b6c32dc73e16.e3iSbxaKaheRe34Rch0Ra3mLchv0n6jAmljGr5XDqQLvpAe HTTP/1.1" 200 565
216.244.66.195 - - [12/Sep/2023:15:13:02 -0500] "GET /BLA/resoluciones/AUTOS%202021/0003.pdf HTTP/1.1" 200 389331
201.245.192.253 - - [12/Sep/2023:15:13:08 -0500] "POST /forms/lservlet;jsessionid=ac16012b30d67c93eb41c0fe4863bf03b6c32dc73e16.e3iSbxaKaheRe34Rch0Ra3mLchv0n6jAmljGr5XDqQLvpAe HTTP/1.1" 200 574
201.245.192.253 - - [12/Sep/2023:15:13:09 -0500] "POST /forms/lservlet;jsessionid=ac16012b30d67c93eb41c0fe4863bf03b6c32dc73e16.e3iSbxaKaheRe34Rch0Ra3mLchv0n6jAmljGr5XDqQLvpAe HTTP/1.1" 200 565
201.245.192.253 - - [12/Sep/2023:15:13:09 -0500] "POST /forms/lservlet;jsessionid=ac16012b30d67c93eb41c0fe4863bf03b6c32dc73e16.e3iSbxaKaheRe34Rch0Ra3mLchv0n6jAmljGr5XDqQLvpAe HTTP/1.1" 200 560
172.22.2.4 - - [12/Sep/2023:15:11:44 -0500] "HEAD /BLA/boletinlegal/ HTTP/1.1" 200 -
201.245.192.253 - - [12/Sep/2023:15:13:25 -0500] "POST /forms/lservlet;jsessionid=ac16012b30d6ec48b32ae6c641d48f3ac42886169fa3.e3iSbxaKaheRe34Rch0Ra3mLchv0n6jAmljGr5XDqQLvpAe HTTP/1.1" 200 2
201.245.192.253 - - [12/Sep/2023:15:13:42 -0500] "POST /forms/lservlet;jsessionid=ac16012b30d67c93eb41c0fe4863bf03b6c32dc73e16.e3iSbxaKaheRe34Rch0Ra3mLchv0n6jAmljGr5XDqQLvpAe HTTP/1.1" 200 8
201.245.192.253 - - [12/Sep/2023:15:13:42 -0500] "POST /forms/lservlet;jsessionid=ac16012b30d67c93eb41c0fe4863bf03b6c32dc73e16.e3iSbxaKaheRe34Rch0Ra3mLchv0n6jAmljGr5XDqQLvpAe HTTP/1.1" 200 8
201.245.192.253 - - [12/Sep/2023:15:13:42 -0500] "POST /forms/lservlet;jsessionid=ac16012b30d67c93eb41c0fe4863bf03b6c32dc73e16.e3iSbxaKaheRe34Rch0Ra3mLchv0n6jAmljGr5XDqQLvpAe HTTP/1.1" 200 2
201.245.192.253 - - [12/Sep/2023:15:13:43 -0500] "POST /forms/lservlet;jsessionid=ac16012b30d67c93eb41c0fe4863bf03b6c32dc73e16.e3iSbxaKaheRe34Rch0Ra3mLchv0n6jAmljGr5XDqQLvpAe HTTP/1.1" 200 722
201.245.192.253 - - [12/Sep/2023:15:13:43 -0500] "POST /forms/lservlet;jsessionid=ac16012b30d67c93eb41c0fe4863bf03b6c32dc73e16.e3iSbxaKaheRe34Rch0Ra3mLchv0n6jAmljGr5XDqQLvpAe HTTP/1.1" 200 10
201.245.192.253 - - [12/Sep/2023:15:13:44 -0500] "POST /forms/lservlet;jsessionid=ac16012b30d67c93eb41c0fe4863bf03b6c32dc73e16.e3iSbxaKaheRe34Rch0Ra3mLchv0n6jAmljGr5XDqQLvpAe HTTP/1.1" 200 8
201.245.192.253 - - [12/Sep/2023:15:13:44 -0500] "POST /forms/lservlet;jsessionid=ac16012b30d67c93eb41c0fe4863bf03b6c32dc73e16.e3iSbxaKaheRe34Rch0Ra3mLchv0n6jAmljGr5XDqQLvpAe HTTP/1.1" 200 8
201.245.192.253 - - [12/Sep/2023:15:13:44 -0500] "POST /forms/lservlet;jsessionid=ac16012b30d67c93eb41c0fe4863bf03b6c32dc73e16.e3iSbxaKaheRe34Rch0Ra3mLchv0n6jAmljGr5XDqQLvpAe HTTP/1.1" 200 2
201.245.192.253 - - [12/Sep/2023:15:13:45 -0500] "POST /forms/lservlet;jsessionid=ac16012b30d67c93eb41c0fe4863bf03b6c32dc73e16.e3iSbxaKaheRe34Rch0Ra3mLchv0n6jAmljGr5XDqQLvpAe HTTP/1.1" 200 305
201.245.192.253 - - [12/Sep/2023:15:13:45 -0500] "POST /forms/lservlet;jsessionid=ac16012b30d67c93eb41c0fe4863bf03b6c32dc73e16.e3iSbxaKaheRe34Rch0Ra3mLchv0n6jAmljGr5XDqQLvpAe HTTP/1.1" 200 13
201.245.192.253 - - [12/Sep/2023:15:13:45 -0500] "POST /forms/lservlet;jsessionid=ac16012b30d67c93eb41c0fe4863bf03b6c32dc73e16.e3iSbxaKaheRe34Rch0Ra3mLchv0n6jAmljGr5XDqQLvpAe HTTP/1.1" 200 2
201.245.192.253 - - [12/Sep/2023:15:13:45 -0500] "POST /forms/lservlet;jsessionid=ac16012b30d67c93eb41c0fe4863bf03b6c32dc73e16.e3iSbxaKaheRe34Rch0Ra3mLchv0n6jAmljGr5XDqQLvpAe HTTP/1.1" 200 743
201.245.192.253 - - [12/Sep/2023:15:13:46 -0500] "POST /forms/lservlet;jsessionid=ac16012b30d67c93eb41c0fe4863bf03b6c32dc73e16.e3iSbxaKaheRe34Rch0Ra3mLchv0n6jAmljGr5XDqQLvpAe HTTP/1.1" 200 2
216.244.66.195 - - [12/Sep/2023:15:13:47 -0500] "GET /BLA/resoluciones/AUTOS%202021/0259.pdf HTTP/1.1" 200 401686
201.245.192.253 - - [12/Sep/2023:15:13:52 -0500] "POST /forms/lservlet;jsessionid=ac16012b30d67c93eb41c0fe4863bf03b6c32dc73e16.e3iSbxaKaheRe34Rch0Ra3mLchv0n6jAmljGr5XDqQLvpAe HTTP/1.1" 200 19
201.245.192.253 - - [12/Sep/2023:15:13:52 -0500] "POST /forms/lservlet;jsessionid=ac16012b30d67c93eb41c0fe4863bf03b6c32dc73e16.e3iSbxaKaheRe34Rch0Ra3mLchv0n6jAmljGr5XDqQLvpAe HTTP/1.1" 200 72
201.245.192.253 - - [12/Sep/2023:15:13:52 -0500] "POST /forms/lservlet;jsessionid=ac16012b30d67c93eb41c0fe4863bf03b6c32dc73e16.e3iSbxaKaheRe34Rch0Ra3mLchv0n6jAmljGr5XDqQLvpAe HTTP/1.1" 200 231
201.245.192.253 - - [12/Sep/2023:15:13:58 -0500] "POST /forms/lservlet;jsessionid=ac16012b30d67c93eb41c0fe4863bf03b6c32dc73e16.e3iSbxaKaheRe34Rch0Ra3mLchv0n6jAmljGr5XDqQLvpAe HTTP/1.1" 200 2
201.245.192.253 - - [12/Sep/2023:15:13:58 -0500] "POST /forms/lservlet;jsessionid=ac16012b30d67c93eb41c0fe4863bf03b6c32dc73e16.e3iSbxaKaheRe34Rch0Ra3mLchv0n6jAmljGr5XDqQLvpAe HTTP/1.1" 200 112
201.245.192.253 - - [12/Sep/2023:15:14:04 -0500] "POST /forms/lservlet;jsessionid=ac16012b30d67c93eb41c0fe4863bf03b6c32dc73e16.e3iSbxaKaheRe34Rch0Ra3mLchv0n6jAmljGr5XDqQLvpAe HTTP/1.1" 200 2
201.245.192.253 - - [12/Sep/2023:15:14:04 -0500] "POST /forms/lservlet;jsessionid=ac16012b30d67c93eb41c0fe4863bf03b6c32dc73e16.e3iSbxaKaheRe34Rch0Ra3mLchv0n6jAmljGr5XDqQLvpAe HTTP/1.1" 200 8
201.245.192.253 - - [12/Sep/2023:15:14:04 -0500] "POST /forms/lservlet;jsessionid=ac16012b30d67c93eb41c0fe4863bf03b6c32dc73e16.e3iSbxaKaheRe34Rch0Ra3mLchv0n6jAmljGr5XDqQLvpAe HTTP/1.1" 200 2
201.245.192.253 - - [12/Sep/2023:15:14:05 -0500] "POST /forms/lservlet;jsessionid=ac16012b30d67c93eb41c0fe4863bf03b6c32dc73e16.e3iSbxaKaheRe34Rch0Ra3mLchv0n6jAmljGr5XDqQLvpAe HTTP/1.1" 200 8
201.245.192.253 - - [12/Sep/2023:15:14:05 -0500] "POST /forms/lservlet;jsessionid=ac16012b30d67c93eb41c0fe4863bf03b6c32dc73e16.e3iSbxaKaheRe34Rch0Ra3mLchv0n6jAmljGr5XDqQLvpAe HTTP/1.1" 200 8
201.245.192.253 - - [12/Sep/2023:15:14:05 -0500] "POST /forms/lservlet;jsessionid=ac16012b30d67c93eb41c0fe4863bf03b6c32dc73e16.e3iSbxaKaheRe34Rch0Ra3mLchv0n6jAmljGr5XDqQLvpAe HTTP/1.1" 200 2
201.245.192.253 - - [12/Sep/2023:15:14:08 -0500] "POST /forms/lservlet;jsessionid=ac16012b30d67c93eb41c0fe4863bf03b6c32dc73e16.e3iSbxaKaheRe34Rch0Ra3mLchv0n6jAmljGr5XDqQLvpAe HTTP/1.1" 200 12
201.245.192.253 - - [12/Sep/2023:15:14:08 -0500] "POST /forms/lservlet;jsessionid=ac16012b30d67c93eb41c0fe4863bf03b6c32dc73e16.e3iSbxaKaheRe34Rch0Ra3mLchv0n6jAmljGr5XDqQLvpAe HTTP/1.1" 200 8
201.245.192.253 - - [12/Sep/2023:15:14:08 -0500] "POST /forms/lservlet;jsessionid=ac16012b30d67c93eb41c0fe4863bf03b6c32dc73e16.e3iSbxaKaheRe34Rch0Ra3mLchv0n6jAmljGr5XDqQLvpAe HTTP/1.1" 200 2
201.245.192.253 - - [12/Sep/2023:15:14:09 -0500] "POST /forms/lservlet;jsessionid=ac16012b30d67c93eb41c0fe4863bf03b6c32dc73e16.e3iSbxaKaheRe34Rch0Ra3mLchv0n6jAmljGr5XDqQLvpAe HTTP/1.1" 200 1086
172.22.2.4 - - [12/Sep/2023:15:12:34 -0500] "GET /BLA/boletinlegal/ HTTP/1.1" 200 58187
216.244.66.195 - - [12/Sep/2023:15:14:29 -0500] "GET /BLA/resoluciones/AUTOS%202021/0525.pdf HTTP/1.1" 200 736346
201.245.192.253 - - [12/Sep/2023:15:14:32 -0500] "POST /forms/lservlet;jsessionid=ac16012b30d67c93eb41c0fe4863bf03b6c32dc73e16.e3iSbxaKaheRe34Rch0Ra3mLchv0n6jAmljGr5XDqQLvpAe HTTP/1.1" 200 13
201.245.192.253 - - [12/Sep/2023:15:14:33 -0500] "POST /forms/lservlet;jsessionid=ac16012b30d67c93eb41c0fe4863bf03b6c32dc73e16.e3iSbxaKaheRe34Rch0Ra3mLchv0n6jAmljGr5XDqQLvpAe HTTP/1.1" 200 2
216.245.221.92 - - [12/Sep/2023:15:14:33 -0500] "HEAD / HTTP/1.1" 200 -
172.22.2.4 - - [12/Sep/2023:15:14:49 -0500] "GET /BLA/boletinlegal/consulta_actos.php?tipo=resoluciones&no=&usuario=&sector=RESIDUOS&fecha=2021&resuelve= HTTP/1.1" 200 20203
172.22.2.4 - - [12/Sep/2023:15:14:49 -0500] "GET /BLA/boletinlegal/consulta_actos.php?tipo=resoluciones&no=&usuario=&sector=RESIDUOS&fecha=2021&resuelve= HTTP/1.1" 200 20203
181.54.236.238 - - [12/Sep/2023:15:14:51 -0500] "POST /BLA/boletinlegal/admin/actos/modificar.php HTTP/1.1" 200 6004
172.22.2.4 - - [12/Sep/2023:15:14:53 -0500] "GET /BLA/boletinlegal/consulta_actos.php?tipo=resoluciones&no=&usuario=&sector=&fecha=2018&resuelve= HTTP/1.1" 200 943687
172.22.2.4 - - [12/Sep/2023:15:15:03 -0500] "GET /BLA/boletinlegal/consulta_actos.php?tipo=resoluciones&no=&usuario=&sector=VERTIMIENTOS&fecha=2021&resuelve= HTTP/1.1" 200 128051
172.22.2.4 - - [12/Sep/2023:15:15:07 -0500] "GET /BLA/boletinlegal/consulta_actos.php?tipo=resoluciones&no=&usuario=&sector=VERTIMIENTOS&fecha=2021&resuelve= HTTP/1.1" 200 128051
172.22.2.4 - - [12/Sep/2023:15:15:07 -0500] "GET /BLA/boletinlegal/consulta_actos.php?tipo=resoluciones&no=&usuario=&sector=VERTIMIENTOS&fecha=2021&resuelve= HTTP/1.1" 200 128051
172.22.2.4 - - [12/Sep/2023:15:15:08 -0500] "GET /BLA/boletinlegal/consulta_actos.php?tipo=resoluciones&no=&usuario=&sector=VERTIMIENTOS&fecha=2021&resuelve= HTTP/1.1" 200 128051
172.22.2.4 - - [12/Sep/2023:15:15:11 -0500] "GET /BLA/boletinlegal/consulta_actos.php?tipo=resoluciones&no=&usuario=&sector=VERTIMIENTOS&fecha=2021&resuelve= HTTP/1.1" 200 128051
172.22.2.4 - - [12/Sep/2023:15:15:11 -0500] "GET /BLA/boletinlegal/consulta_actos.php?tipo=resoluciones&no=&usuario=&sector=VERTIMIENTOS&fecha=2021&resuelve= HTTP/1.1" 200 128051
172.22.2.4 - - [12/Sep/2023:15:15:12 -0500] "GET /BLA/boletinlegal/consulta_actos.php?tipo=resoluciones&no=&usuario=&sector=VERTIMIENTOS&fecha=2021&resuelve= HTTP/1.1" 200 128051
172.22.2.4 - - [12/Sep/2023:15:15:13 -0500] "GET /BLA/boletinlegal/consulta_actos.php?tipo=resoluciones&no=&usuario=&sector=VERTIMIENTOS&fecha=2021&resuelve= HTTP/1.1" 200 128051
172.22.2.4 - - [12/Sep/2023:15:15:13 -0500] "GET /BLA/boletinlegal/consulta_actos.php?tipo=resoluciones&no=&usuario=&sector=VERTIMIENTOS&fecha=2021&resuelve= HTTP/1.1" 200 128051
172.22.2.4 - - [12/Sep/2023:15:15:14 -0500] "GET /BLA/boletinlegal/actos.php HTTP/1.1" 200 9682
216.244.66.195 - - [12/Sep/2023:15:15:17 -0500] "GET /BLA/resoluciones/AUTOS%202021/0990.pdf HTTP/1.1" 200 2709677
172.22.2.4 - - [12/Sep/2023:15:15:19 -0500] "GET /BLA/boletinlegal/consulta_actos.php?tipo=autos&no=&usuario=&sector=VERTIMIENTOS&fecha=2023&resuelve= HTTP/1.1" 200 108322
201.245.192.253 - - [12/Sep/2023:15:15:25 -0500] "POST /forms/lservlet;jsessionid=ac16012b30d6ec48b32ae6c641d48f3ac42886169fa3.e3iSbxaKaheRe34Rch0Ra3mLchv0n6jAmljGr5XDqQLvpAe HTTP/1.1" 200 2
172.22.2.4 - - [12/Sep/2023:15:15:33 -0500] "GET /BLA/boletinlegal/consulta_actos.php?tipo=resoluciones&no=4001&usuario=&sector=&fecha=2010&resuelve= HTTP/1.1" 200 1144
181.54.236.238 - - [12/Sep/2023:15:15:40 -0500] "GET /BLA/boletinlegal/tabla_files/orangebrownie.css HTTP/1.1" 404 1326
181.54.236.238 - - [12/Sep/2023:15:15:40 -0500] "GET /css/global/buttons.css HTTP/1.1" 404 1324
181.54.236.238 - - [12/Sep/2023:15:15:39 -0500] "GET /BLA/boletinlegal/admin/actos/mostrar.php HTTP/1.1" 200 362712
172.22.2.4 - - [12/Sep/2023:15:15:47 -0500] "GET /BLA/boletinlegal/consulta_actos.php?tipo=resoluciones&no=&usuario=&sector=&fecha=2020&resuelve= HTTP/1.1" 200 749347
181.54.236.238 - - [12/Sep/2023:15:15:53 -0500] "GET /BLA/boletinlegal/tabla_files/orangebrownie.css HTTP/1.1" 404 1326
181.54.236.238 - - [12/Sep/2023:15:15:53 -0500] "GET /css/global/buttons.css HTTP/1.1" 404 1324
201.245.192.253 - - [12/Sep/2023:15:15:56 -0500] "GET /BLA/resoluciones/RESOLUCIONES%202020/1094.pdf HTTP/1.1" 200 385521
181.54.236.238 - - [12/Sep/2023:15:15:53 -0500] "POST /BLA/boletinlegal/admin/actos/mostrar.php HTTP/1.1" 200 10742698
216.244.66.195 - - [12/Sep/2023:15:16:07 -0500] "GET /BLA/resoluciones/AUTOS%202021/1695.pdf HTTP/1.1" 200 376500
201.245.192.253 - - [12/Sep/2023:15:16:33 -0500] "POST /forms/lservlet;jsessionid=ac16012b30d67c93eb41c0fe4863bf03b6c32dc73e16.e3iSbxaKaheRe34Rch0Ra3mLchv0n6jAmljGr5XDqQLvpAe HTTP/1.1" 200 2
216.244.66.195 - - [12/Sep/2023:15:16:38 -0500] "GET /BLA/resoluciones/AUTOS%202021/1705.pdf HTTP/1.1" 200 428769
216.244.66.195 - - [12/Sep/2023:15:17:18 -0500] "GET /BLA/resoluciones/AUTOS%202021/1706.pdf HTTP/1.1" 200 379086
172.22.2.4 - - [12/Sep/2023:15:15:44 -0500] "GET /BLA/boletinlegal/ HTTP/1.1" 200 62795
172.22.2.4 - - [12/Sep/2023:15:17:25 -0500] "GET /BLA/boletinlegal/js/jquery.js HTTP/1.1" 200 57254
172.22.2.4 - - [12/Sep/2023:15:17:25 -0500] "GET /BLA/boletinlegal/js/jquery.scrollTo-min.js HTTP/1.1" 200 1150
172.22.2.4 - - [12/Sep/2023:15:17:25 -0500] "GET /BLA/boletinlegal/js/jquery.scrollShow.js HTTP/1.1" 200 4586
172.22.2.4 - - [12/Sep/2023:15:17:25 -0500] "GET /BLA/boletinlegal/images/screen_1.png HTTP/1.1" 200 202547
201.245.192.253 - - [12/Sep/2023:15:17:23 -0500] "POST /kwsrmcab/Wsrmcab  HTTP/1.1" 200 42865
172.22.2.4 - - [12/Sep/2023:15:17:25 -0500] "GET /BLA/boletinlegal/images/screen_2.png HTTP/1.1" 200 362502
172.22.2.4 - - [12/Sep/2023:15:17:25 -0500] "GET /BLA/boletinlegal/images/arr_l.jpg HTTP/1.1" 200 1979
172.22.2.4 - - [12/Sep/2023:15:17:25 -0500] "GET /BLA/boletinlegal/images/arr_r.jpg HTTP/1.1" 200 1998
172.22.2.4 - - [12/Sep/2023:15:17:25 -0500] "GET /BLA/boletinlegal/images/screen_3.png HTTP/1.1" 200 210620
172.22.2.4 - - [12/Sep/2023:15:17:25 -0500] "GET /BLA/boletinlegal/images/screen_5.png HTTP/1.1" 200 368876
172.22.2.4 - - [12/Sep/2023:15:17:25 -0500] "GET /BLA/boletinlegal/images/launch.jpg HTTP/1.1" 200 14577
201.245.192.253 - - [12/Sep/2023:15:17:25 -0500] "POST /forms/lservlet;jsessionid=ac16012b30d6ec48b32ae6c641d48f3ac42886169fa3.e3iSbxaKaheRe34Rch0Ra3mLchv0n6jAmljGr5XDqQLvpAe HTTP/1.1" 200 2
191.111.25.77 - - [12/Sep/2023:15:17:29 -0500] "GET /BLA/resoluciones/RESOLUCIONES%202011/3922.pdf HTTP/1.1" 200 595570
216.244.66.195 - - [12/Sep/2023:15:17:59 -0500] "GET /BLA/resoluciones/AUTOS%202021/1847.pdf HTTP/1.1" 200 435205
191.111.25.77 - - [12/Sep/2023:15:18:04 -0500] "GET /BLA/resoluciones/RESOLUCIONES%202009/5174.pdf HTTP/1.1" 200 764601
181.54.236.238 - - [12/Sep/2023:15:18:18 -0500] "POST /BLA/boletinlegal/admin/actos/modificar.php HTTP/1.1" 200 6211
201.245.192.253 - - [12/Sep/2023:15:18:29 -0500] "POST /kwsrmcab/Wsrmcab HTTP/1.1" 200 43471
201.245.192.253 - - [12/Sep/2023:15:18:33 -0500] "POST /forms/lservlet;jsessionid=ac16012b30d67c93eb41c0fe4863bf03b6c32dc73e16.e3iSbxaKaheRe34Rch0Ra3mLchv0n6jAmljGr5XDqQLvpAe HTTP/1.1" 200 2
201.245.192.253 - - [12/Sep/2023:15:18:32 -0500] "POST /kwsrmcab/Wsrmcab HTTP/1.1" 200 44099
172.22.2.4 - - [12/Sep/2023:15:18:35 -0500] "GET /BLA/boletinlegal/consulta_actos.php?tipo=resoluciones&no=0924&usuario=&sector=&fecha=2006&resuelve= HTTP/1.1" 200 1295
216.244.66.195 - - [12/Sep/2023:15:18:39 -0500] "GET /BLA/resoluciones/AUTOS%202021/2046.pdf HTTP/1.1" 200 359539
181.54.236.238 - - [12/Sep/2023:15:18:55 -0500] "POST /BLA/boletinlegal/admin/actos/modificar.php HTTP/1.1" 200 6004
172.22.2.4 - - [12/Sep/2023:15:18:23 -0500] "GET /BLA/boletinlegal/ HTTP/1.1" 200 24523
172.22.2.4 - - [12/Sep/2023:15:17:34 -0500] "HEAD /BLA/boletinlegal/ HTTP/1.1" 200 -
216.244.66.195 - - [12/Sep/2023:15:19:17 -0500] "GET /BLA/resoluciones/AUTOS%202021/2081.pdf HTTP/1.1" 200 342805
201.245.192.253 - - [12/Sep/2023:15:19:25 -0500] "POST /forms/lservlet;jsessionid=ac16012b30d6ec48b32ae6c641d48f3ac42886169fa3.e3iSbxaKaheRe34Rch0Ra3mLchv0n6jAmljGr5XDqQLvpAe HTTP/1.1" 200 2
216.245.221.92 - - [12/Sep/2023:15:19:33 -0500] "HEAD / HTTP/1.1" 200 -
216.244.66.195 - - [12/Sep/2023:15:19:52 -0500] "GET /BLA/resoluciones/AUTOS%202021/2111.pdf HTTP/1.1" 200 368308
201.245.192.253 - - [12/Sep/2023:15:19:58 -0500] "POST /forms/lservlet;jsessionid=ac16012b30d67c93eb41c0fe4863bf03b6c32dc73e16.e3iSbxaKaheRe34Rch0Ra3mLchv0n6jAmljGr5XDqQLvpAe HTTP/1.1" 200 7
201.245.192.253 - - [12/Sep/2023:15:19:58 -0500] "POST /forms/lservlet;jsessionid=ac16012b30d67c93eb41c0fe4863bf03b6c32dc73e16.e3iSbxaKaheRe34Rch0Ra3mLchv0n6jAmljGr5XDqQLvpAe HTTP/1.1" 200 8
201.245.192.253 - - [12/Sep/2023:15:19:58 -0500] "POST /forms/lservlet;jsessionid=ac16012b30d67c93eb41c0fe4863bf03b6c32dc73e16.e3iSbxaKaheRe34Rch0Ra3mLchv0n6jAmljGr5XDqQLvpAe HTTP/1.1" 200 2
201.245.192.253 - - [12/Sep/2023:15:19:59 -0500] "POST /forms/lservlet;jsessionid=ac16012b30d67c93eb41c0fe4863bf03b6c32dc73e16.e3iSbxaKaheRe34Rch0Ra3mLchv0n6jAmljGr5XDqQLvpAe HTTP/1.1" 200 705
201.245.192.253 - - [12/Sep/2023:15:19:59 -0500] "POST /forms/lservlet;jsessionid=ac16012b30d67c93eb41c0fe4863bf03b6c32dc73e16.e3iSbxaKaheRe34Rch0Ra3mLchv0n6jAmljGr5XDqQLvpAe HTTP/1.1" 200 10
201.245.192.253 - - [12/Sep/2023:15:20:00 -0500] "POST /forms/lservlet;jsessionid=ac16012b30d67c93eb41c0fe4863bf03b6c32dc73e16.e3iSbxaKaheRe34Rch0Ra3mLchv0n6jAmljGr5XDqQLvpAe HTTP/1.1" 200 8
