!C99Shell v. 1.0 pre-release build #13!

Software: Apache. PHP/5.5.15 

uname -a: Windows NT SVR-DMZ 6.1 build 7600 (Windows Server 2008 R2 Enterprise Edition) i586 

SYSTEM 

Safe-mode: OFF (not secure)

E:\nuevo\apache\logs\   drwxrwxrwx
Free 7.33 GB of 239.26 GB (3.07%)
Detected drives: [ a ] [ c ] [ d ] [ e ] [ f ]
Home    Back    Forward    UPDIR    Refresh    Search    Buffer    Encoder    Tools    Proc.    FTP brute    Sec.    SQL    PHP-code    Update    Feedback    Self remove    Logout    


Viewing file:     access.2023.09.12.log (2.82 MB)      -rw-rw-rw-
Select action/file-type:
(+) | (+) | (+) | Code (+) | Session (+) | (+) | SDB (+) | (+) | (+) | (+) | (+) | (+) |
201.245.192.253 - - [12/Sep/2023:00:00:02 -0500] "POST /forms/lservlet;jsessionid=ac16012b30d67c93eb41c0fe4863bf03b6c32dc73e16.e3iSbxaKaheRe34Rch0Ra3mLchv0n6jAmljGr5XDqQLvpAe HTTP/1.1" 200 2
201.245.192.253 - - [12/Sep/2023:00:00:36 -0500] "POST /kwsrmcab/Wsrmcab  HTTP/1.1" 200 42865
52.167.144.162 - - [12/Sep/2023:00:00:50 -0500] "GET /sipse/faces/index.xhtml HTTP/1.1" 200 677
201.245.192.253 - - [12/Sep/2023:00:01:13 -0500] "POST /forms/lservlet;jsessionid=ac16012b30d6ec48b32ae6c641d48f3ac42886169fa3.e3iSbxaKaheRe34Rch0Ra3mLchv0n6jAmljGr5XDqQLvpAe HTTP/1.1" 200 2
201.245.192.253 - - [12/Sep/2023:00:02:02 -0500] "POST /forms/lservlet;jsessionid=ac16012b30d67c93eb41c0fe4863bf03b6c32dc73e16.e3iSbxaKaheRe34Rch0Ra3mLchv0n6jAmljGr5XDqQLvpAe HTTP/1.1" 200 2
186.29.181.14 - - [12/Sep/2023:00:02:51 -0500] "GET /portaldeninos/aulas-ambientales/aula-ambiental-sorotama/ HTTP/1.1" 200 89596
186.29.181.14 - - [12/Sep/2023:00:02:52 -0500] "GET /portaldeninos/wp-includes/js/wp-emoji-release.min.js?ver=4.9.8 HTTP/1.1" 200 12026
186.29.181.14 - - [12/Sep/2023:00:02:52 -0500] "GET /portaldeninos/wp-content/uploads/useanyfont/uaf.css?ver=1589905315 HTTP/1.1" 200 408
186.29.181.14 - - [12/Sep/2023:00:02:52 -0500] "GET /portaldeninos/wp-content/themes/betheme/style.css?ver=20.9.6 HTTP/1.1" 200 287
186.29.181.14 - - [12/Sep/2023:00:02:52 -0500] "GET /portaldeninos/wp-content/themes/betheme/css/base.css?ver=20.9.6 HTTP/1.1" 200 57283
186.29.181.14 - - [12/Sep/2023:00:02:52 -0500] "GET /portaldeninos/wp-content/plugins/gallery-videos/CSS/Total-Soft-Gallery-Video-Widget.css?ver=4.9.8 HTTP/1.1" 200 51554
186.29.181.14 - - [12/Sep/2023:00:02:52 -0500] "GET /portaldeninos/wp-content/themes/betheme/assets/jplayer/css/jplayer.blue.monday.css?ver=20.9.6 HTTP/1.1" 200 9834
186.29.181.14 - - [12/Sep/2023:00:02:52 -0500] "GET /portaldeninos/wp-content/plugins/gallery-videos/CSS/totalsoft.css?ver=4.9.8 HTTP/1.1" 200 40622
186.29.181.14 - - [12/Sep/2023:00:02:52 -0500] "GET /portaldeninos/wp-content/plugins/google-analytics-for-wordpress/assets/js/frontend-gtag.min.js?ver=8.5.0 HTTP/1.1" 200 11801
186.29.181.14 - - [12/Sep/2023:00:02:52 -0500] "GET /portaldeninos/wp-content/themes/betheme/assets/ui/jquery.ui.all.css?ver=20.9.6 HTTP/1.1" 200 18765
186.29.181.14 - - [12/Sep/2023:00:02:52 -0500] "GET /portaldeninos/wp-content/themes/betheme/assets/animations/animations.min.css?ver=20.9.6 HTTP/1.1" 200 58508
186.29.181.14 - - [12/Sep/2023:00:02:52 -0500] "GET /portaldeninos/wp-content/themes/betheme/css/layout.css?ver=20.9.6 HTTP/1.1" 200 116639
186.29.181.14 - - [12/Sep/2023:00:02:52 -0500] "GET /portaldeninos/wp-content/themes/betheme/css/responsive.css?ver=20.9.6 HTTP/1.1" 200 55740
186.29.181.14 - - [12/Sep/2023:00:02:52 -0500] "GET /portaldeninos/wp-includes/js/jquery/jquery-migrate.min.js?ver=1.4.1 HTTP/1.1" 200 10056
186.29.181.14 - - [12/Sep/2023:00:02:52 -0500] "GET /portaldeninos/wp-content/themes/betheme/css/shortcodes.css?ver=20.9.6 HTTP/1.1" 200 138889
186.29.181.14 - - [12/Sep/2023:00:02:52 -0500] "GET /portaldeninos/wp-includes/js/jquery/ui/core.min.js?ver=1.11.4 HTTP/1.1" 200 4000
186.29.181.14 - - [12/Sep/2023:00:02:52 -0500] "GET /portaldeninos/wp-content/plugins/gallery-videos/JS/modernizr.custom.js?ver=4.9.8 HTTP/1.1" 200 9019
186.29.181.14 - - [12/Sep/2023:00:02:52 -0500] "GET /portaldeninos/wp-includes/js/jquery/jquery.js?ver=1.12.4 HTTP/1.1" 200 97184
186.29.181.14 - - [12/Sep/2023:00:02:52 -0500] "GET /portaldeninos/wp-content/plugins/gallery-videos/JS/Total-Soft-Gallery-Video-Widget.js?ver=4.9.8 HTTP/1.1" 200 80264
186.29.181.14 - - [12/Sep/2023:00:02:53 -0500] "GET /portaldeninos/wp-includes/js/jquery/ui/widget.min.js?ver=1.11.4 HTTP/1.1" 200 6908
186.29.181.14 - - [12/Sep/2023:00:02:53 -0500] "GET /portaldeninos/wp-includes/js/jquery/ui/mouse.min.js?ver=1.11.4 HTTP/1.1" 200 3148
186.29.181.14 - - [12/Sep/2023:00:02:53 -0500] "GET /portaldeninos/wp-includes/js/jquery/ui/tabs.min.js?ver=1.11.4 HTTP/1.1" 200 12110
186.29.181.14 - - [12/Sep/2023:00:02:53 -0500] "GET /portaldeninos/wp-includes/js/jquery/ui/accordion.min.js?ver=1.11.4 HTTP/1.1" 200 8584
186.29.181.14 - - [12/Sep/2023:00:02:53 -0500] "GET /portaldeninos/wp-content/themes/betheme/assets/animations/animations.min.js?ver=20.9.6 HTTP/1.1" 200 1896
186.29.181.14 - - [12/Sep/2023:00:02:53 -0500] "GET /portaldeninos/wp-content/themes/betheme/js/menu.js?ver=20.9.6 HTTP/1.1" 200 2449
186.29.181.14 - - [12/Sep/2023:00:02:53 -0500] "GET /portaldeninos/wp-includes/js/wp-embed.min.js?ver=4.9.8 HTTP/1.1" 200 1398
186.29.181.14 - - [12/Sep/2023:00:02:53 -0500] "GET /portaldeninos/wp-content/themes/betheme/js/plugins.js?ver=20.9.6 HTTP/1.1" 200 197151
186.29.181.14 - - [12/Sep/2023:00:02:53 -0500] "GET /portaldeninos/wp-content/uploads/2019/08/Logo-Ambientic.png HTTP/1.1" 200 22941
186.29.181.14 - - [12/Sep/2023:00:02:53 -0500] "GET /portaldeninos/wp-content/themes/betheme/assets/jplayer/jplayer.min.js?ver=20.9.6 HTTP/1.1" 200 52702
186.29.181.14 - - [12/Sep/2023:00:02:53 -0500] "GET /portaldeninos/wp-content/themes/betheme/images/box_shadow.png HTTP/1.1" 200 108
186.29.181.14 - - [12/Sep/2023:00:02:53 -0500] "GET /portaldeninos/wp-content/uploads/2021/07/Banners-pa%CC%81gina-de-nin%CC%83os4.jpg HTTP/1.1" 200 27901
186.29.181.14 - - [12/Sep/2023:00:02:53 -0500] "GET /portaldeninos/wp-content/uploads/2021/07/imagenes-con-marcos-pa%CC%81gina-de-nin%CC%83os-aula-soratama.jpg HTTP/1.1" 200 42527
186.29.181.14 - - [12/Sep/2023:00:02:53 -0500] "GET /portaldeninos/wp-content/themes/betheme/fonts/mfn-icons.woff?93978679 HTTP/1.1" 200 80932
186.29.181.14 - - [12/Sep/2023:00:02:53 -0500] "GET /portaldeninos/wp-includes/js/jquery/ui/sortable.min.js?ver=1.11.4 HTTP/1.1" 200 24899
186.29.181.14 - - [12/Sep/2023:00:02:53 -0500] "GET /portaldeninos/wp-content/themes/betheme/js/scripts.js?ver=20.9.6 HTTP/1.1" 200 77162
186.29.181.14 - - [12/Sep/2023:00:02:53 -0500] "GET /portaldeninos/wp-content/uploads/2021/07/Recorrido-virtual-Aula-Soratama.mp4 HTTP/1.1" 206 5687960
201.245.192.253 - - [12/Sep/2023:00:03:13 -0500] "POST /forms/lservlet;jsessionid=ac16012b30d6ec48b32ae6c641d48f3ac42886169fa3.e3iSbxaKaheRe34Rch0Ra3mLchv0n6jAmljGr5XDqQLvpAe HTTP/1.1" 200 2
186.29.181.14 - - [12/Sep/2023:00:03:13 -0500] "GET /portaldeninos/aulas-ambientales/aula-ambiental-sorotama/ HTTP/1.1" 200 89596
172.22.2.4 - - [12/Sep/2023:00:03:16 -0500] "GET /BLA/boletinlegal/jurisprudencia/analisis/AnalisisT-146-16.docx HTTP/1.1" 200 23021
172.22.2.4 - - [12/Sep/2023:00:01:45 -0500] "HEAD /BLA/boletinlegal/ HTTP/1.1" 200 -
186.29.181.14 - - [12/Sep/2023:00:03:40 -0500] "GET /portaldeninos/aulas-ambientales/aula-ambiental-sorotama/ HTTP/1.1" 200 89596
186.29.181.14 - - [12/Sep/2023:00:03:41 -0500] "GET /portaldeninos/wp-content/uploads/2021/07/Recorrido-virtual-Aula-Soratama.mp4 HTTP/1.1" 206 5687960
201.245.192.253 - - [12/Sep/2023:00:04:02 -0500] "POST /forms/lservlet;jsessionid=ac16012b30d67c93eb41c0fe4863bf03b6c32dc73e16.e3iSbxaKaheRe34Rch0Ra3mLchv0n6jAmljGr5XDqQLvpAe HTTP/1.1" 200 2
172.22.2.4 - - [12/Sep/2023:00:04:12 -0500] "GET /BLA/boletinlegal/jurisprudencia/analisis/CUADRO%20ANALISIS%20SENTENCIA%20T-411%20DE%201992.doc HTTP/1.1" 304 -
172.22.2.4 - - [12/Sep/2023:00:02:35 -0500] "GET /BLA/boletinlegal/ HTTP/1.1" 200 58187
186.29.181.14 - - [12/Sep/2023:00:04:33 -0500] "GET /portaldeninos/fauna/ HTTP/1.1" 200 88429
186.29.181.14 - - [12/Sep/2023:00:04:33 -0500] "GET /portaldeninos/wp-content/uploads/2021/07/Banners-pa%CC%81gina-de-nin%CC%83os10.jpg HTTP/1.1" 200 21316
186.29.181.14 - - [12/Sep/2023:00:04:33 -0500] "GET /portaldeninos/wp-content/uploads/2021/10/infografia-fauna-ni%C3%B1os-ambientic.jpg HTTP/1.1" 200 295755
216.245.221.92 - - [12/Sep/2023:00:04:36 -0500] "HEAD / HTTP/1.1" 200 -
186.29.181.14 - - [12/Sep/2023:00:05:06 -0500] "GET /portaldeninos/aire/ HTTP/1.1" 200 88215
186.29.181.14 - - [12/Sep/2023:00:05:07 -0500] "GET /portaldeninos/wp-content/uploads/2021/07/Banners-pa%CC%81gina-de-nin%CC%83os12-1.jpg HTTP/1.1" 200 10751
216.244.66.195 - - [12/Sep/2023:00:05:07 -0500] "GET /BLA/resoluciones/AUTOS%202016/0545.pdf HTTP/1.1" 200 325356
186.29.181.14 - - [12/Sep/2023:00:05:07 -0500] "GET /portaldeninos/wp-content/uploads/2021/09/infograf%C3%ADa-aire-septiembre.jpg HTTP/1.1" 200 333982
201.245.192.253 - - [12/Sep/2023:00:05:13 -0500] "POST /forms/lservlet;jsessionid=ac16012b30d6ec48b32ae6c641d48f3ac42886169fa3.e3iSbxaKaheRe34Rch0Ra3mLchv0n6jAmljGr5XDqQLvpAe HTTP/1.1" 200 2
201.245.192.253 - - [12/Sep/2023:00:05:35 -0500] "POST /kwsrmcab/Wsrmcab  HTTP/1.1" 200 42865
186.29.181.14 - - [12/Sep/2023:00:05:38 -0500] "GET /portaldeninos/aulas-ambientales-2/parque-ecologico-distrital-de-montana-entrenubes/ HTTP/1.1" 200 90406
186.29.181.14 - - [12/Sep/2023:00:05:39 -0500] "GET /portaldeninos/wp-content/uploads/2021/07/imagenes-con-marcos-pa%CC%81gina-de-nin%CC%83os-parque-entrenubes-1.jpg HTTP/1.1" 200 38322
186.29.181.14 - - [12/Sep/2023:00:05:39 -0500] "GET /portaldeninos/wp-content/uploads/2021/07/Banners-pa%CC%81gina-de-nin%CC%83os3.jpg HTTP/1.1" 200 33682
216.244.66.195 - - [12/Sep/2023:00:05:54 -0500] "GET /BLA/resoluciones/AUTOS%202016/0813.pdf HTTP/1.1" 200 448844
201.245.192.253 - - [12/Sep/2023:00:06:02 -0500] "POST /forms/lservlet;jsessionid=ac16012b30d67c93eb41c0fe4863bf03b6c32dc73e16.e3iSbxaKaheRe34Rch0Ra3mLchv0n6jAmljGr5XDqQLvpAe HTTP/1.1" 200 2
186.29.181.14 - - [12/Sep/2023:00:05:39 -0500] "GET /portaldeninos/wp-content/uploads/2021/07/Parque-entrenubes.mp4 HTTP/1.1" 206 6280439
186.29.181.14 - - [12/Sep/2023:00:06:09 -0500] "GET /portaldeninos/aulas-ambientales-2/parque-ecologico-distrital-de-montana-entrenubes/ HTTP/1.1" 200 90406
172.22.2.4 - - [12/Sep/2023:00:06:35 -0500] "GET /BLA/boletinlegal/Directivas/2017/Directiva%20No.%2003%20del%2024%20de%20Febrero%20de%202017.pdf HTTP/1.1" 200 6911517
216.244.66.195 - - [12/Sep/2023:00:06:46 -0500] "GET /BLA/resoluciones/AUTOS%202016/1273.pdf HTTP/1.1" 200 1209428
201.245.192.253 - - [12/Sep/2023:00:07:13 -0500] "POST /forms/lservlet;jsessionid=ac16012b30d6ec48b32ae6c641d48f3ac42886169fa3.e3iSbxaKaheRe34Rch0Ra3mLchv0n6jAmljGr5XDqQLvpAe HTTP/1.1" 200 2
216.244.66.195 - - [12/Sep/2023:00:07:39 -0500] "GET /BLA/resoluciones/AUTOS%202016/2107.pdf HTTP/1.1" 200 345880
201.245.192.253 - - [12/Sep/2023:00:08:02 -0500] "POST /forms/lservlet;jsessionid=ac16012b30d67c93eb41c0fe4863bf03b6c32dc73e16.e3iSbxaKaheRe34Rch0Ra3mLchv0n6jAmljGr5XDqQLvpAe HTTP/1.1" 200 2
216.244.66.195 - - [12/Sep/2023:00:08:28 -0500] "GET /BLA/resoluciones/RESOLUCIONES%202016/0640.pdf HTTP/1.1" 200 872810
157.55.39.214 - - [12/Sep/2023:00:08:34 -0500] "GET /inscribete-y-participa-en-el-foro-sobre-la-gestion-de-los-bifenilos-policlorados-en-transformadores-electricos.html HTTP/1.1" 200 931
201.245.192.253 - - [12/Sep/2023:00:09:13 -0500] "POST /forms/lservlet;jsessionid=ac16012b30d6ec48b32ae6c641d48f3ac42886169fa3.e3iSbxaKaheRe34Rch0Ra3mLchv0n6jAmljGr5XDqQLvpAe HTTP/1.1" 200 2
172.22.2.4 - - [12/Sep/2023:00:07:36 -0500] "HEAD /BLA/boletinlegal/ HTTP/1.1" 200 -
162.55.37.148 - - [12/Sep/2023:00:09:22 -0500] "GET / HTTP/1.1" 200 319
216.245.221.92 - - [12/Sep/2023:00:09:36 -0500] "HEAD / HTTP/1.1" 200 -
201.245.192.253 - - [12/Sep/2023:00:10:02 -0500] "POST /forms/lservlet;jsessionid=ac16012b30d67c93eb41c0fe4863bf03b6c32dc73e16.e3iSbxaKaheRe34Rch0Ra3mLchv0n6jAmljGr5XDqQLvpAe HTTP/1.1" 200 2
172.22.2.4 - - [12/Sep/2023:00:08:27 -0500] "GET /BLA/boletinlegal/ HTTP/1.1" 200 58187
201.245.192.253 - - [12/Sep/2023:00:10:34 -0500] "POST /kwsrmcab/Wsrmcab  HTTP/1.1" 200 42865
201.245.192.253 - - [12/Sep/2023:00:11:13 -0500] "POST /forms/lservlet;jsessionid=ac16012b30d6ec48b32ae6c641d48f3ac42886169fa3.e3iSbxaKaheRe34Rch0Ra3mLchv0n6jAmljGr5XDqQLvpAe HTTP/1.1" 200 2
201.245.192.253 - - [12/Sep/2023:00:12:02 -0500] "POST /forms/lservlet;jsessionid=ac16012b30d67c93eb41c0fe4863bf03b6c32dc73e16.e3iSbxaKaheRe34Rch0Ra3mLchv0n6jAmljGr5XDqQLvpAe HTTP/1.1" 200 2
216.244.66.195 - - [12/Sep/2023:00:12:12 -0500] "GET /BLA/resoluciones/AUTOS%202019/0031.pdf HTTP/1.1" 200 302911
216.244.66.195 - - [12/Sep/2023:00:12:56 -0500] "GET /BLA/resoluciones/AUTOS%202019/02677.pdf HTTP/1.1" 200 256312
201.245.192.253 - - [12/Sep/2023:00:13:13 -0500] "POST /forms/lservlet;jsessionid=ac16012b30d6ec48b32ae6c641d48f3ac42886169fa3.e3iSbxaKaheRe34Rch0Ra3mLchv0n6jAmljGr5XDqQLvpAe HTTP/1.1" 200 2
216.244.66.195 - - [12/Sep/2023:00:13:39 -0500] "GET /BLA/resoluciones/AUTOS%202019/0446.pdf HTTP/1.1" 200 268612
201.245.192.253 - - [12/Sep/2023:00:14:02 -0500] "POST /forms/lservlet;jsessionid=ac16012b30d67c93eb41c0fe4863bf03b6c32dc73e16.e3iSbxaKaheRe34Rch0Ra3mLchv0n6jAmljGr5XDqQLvpAe HTTP/1.1" 200 2
152.61.192.232 - - [12/Sep/2023:00:14:07 -0500] "GET / HTTP/1.1" 200 319
216.244.66.195 - - [12/Sep/2023:00:14:24 -0500] "GET /BLA/resoluciones/AUTOS%202019/1952.pdf HTTP/1.1" 200 318982
216.245.221.92 - - [12/Sep/2023:00:14:36 -0500] "HEAD / HTTP/1.1" 200 -
172.22.2.4 - - [12/Sep/2023:00:13:26 -0500] "HEAD /BLA/boletinlegal/ HTTP/1.1" 200 -
201.245.192.253 - - [12/Sep/2023:00:15:13 -0500] "POST /forms/lservlet;jsessionid=ac16012b30d6ec48b32ae6c641d48f3ac42886169fa3.e3iSbxaKaheRe34Rch0Ra3mLchv0n6jAmljGr5XDqQLvpAe HTTP/1.1" 200 2
216.244.66.195 - - [12/Sep/2023:00:15:13 -0500] "GET /BLA/resoluciones/AUTOS%202019/2148.pdf HTTP/1.1" 200 312011
201.245.192.253 - - [12/Sep/2023:00:15:33 -0500] "POST /kwsrmcab/Wsrmcab  HTTP/1.1" 200 42865
172.22.2.4 - - [12/Sep/2023:00:14:16 -0500] "GET /BLA/boletinlegal/ HTTP/1.1" 200 60692
216.244.66.195 - - [12/Sep/2023:00:15:57 -0500] "GET /BLA/resoluciones/AUTOS%202019/2698.pdf HTTP/1.1" 200 258171
201.245.192.253 - - [12/Sep/2023:00:16:02 -0500] "POST /forms/lservlet;jsessionid=ac16012b30d67c93eb41c0fe4863bf03b6c32dc73e16.e3iSbxaKaheRe34Rch0Ra3mLchv0n6jAmljGr5XDqQLvpAe HTTP/1.1" 200 2
52.167.144.157 - - [12/Sep/2023:00:16:41 -0500] "GET /BLA/resoluciones/AUTOS%202023/2874.pdf HTTP/1.1" 200 399877
216.244.66.195 - - [12/Sep/2023:00:16:52 -0500] "GET /BLA/resoluciones/AUTOS%202019/2913.pdf HTTP/1.1" 200 342790
201.245.192.253 - - [12/Sep/2023:00:17:13 -0500] "POST /forms/lservlet;jsessionid=ac16012b30d6ec48b32ae6c641d48f3ac42886169fa3.e3iSbxaKaheRe34Rch0Ra3mLchv0n6jAmljGr5XDqQLvpAe HTTP/1.1" 200 2
216.244.66.195 - - [12/Sep/2023:00:17:32 -0500] "GET /BLA/resoluciones/AUTOS%202019/3093.pdf HTTP/1.1" 200 253866
201.245.192.253 - - [12/Sep/2023:00:18:02 -0500] "POST /forms/lservlet;jsessionid=ac16012b30d67c93eb41c0fe4863bf03b6c32dc73e16.e3iSbxaKaheRe34Rch0Ra3mLchv0n6jAmljGr5XDqQLvpAe HTTP/1.1" 200 2
216.244.66.195 - - [12/Sep/2023:00:18:14 -0500] "GET /BLA/resoluciones/AUTOS%202019/3481.pdf HTTP/1.1" 200 419685
201.245.192.253 - - [12/Sep/2023:00:18:32 -0500] "POST /kwsrmcab/Wsrmcab HTTP/1.1" 200 42396
201.245.192.253 - - [12/Sep/2023:00:18:35 -0500] "POST /kwsrmcab/Wsrmcab HTTP/1.1" 200 43476
216.244.66.195 - - [12/Sep/2023:00:19:02 -0500] "GET /BLA/resoluciones/AUTOS%202019/3898.pdf HTTP/1.1" 200 269990
201.245.192.253 - - [12/Sep/2023:00:19:13 -0500] "POST /forms/lservlet;jsessionid=ac16012b30d6ec48b32ae6c641d48f3ac42886169fa3.e3iSbxaKaheRe34Rch0Ra3mLchv0n6jAmljGr5XDqQLvpAe HTTP/1.1" 200 2
216.245.221.92 - - [12/Sep/2023:00:19:36 -0500] "HEAD / HTTP/1.1" 200 -
216.244.66.195 - - [12/Sep/2023:00:19:45 -0500] "GET /BLA/resoluciones/AUTOS%202019/4104.pdf HTTP/1.1" 200 246164
201.245.192.253 - - [12/Sep/2023:00:20:02 -0500] "POST /forms/lservlet;jsessionid=ac16012b30d67c93eb41c0fe4863bf03b6c32dc73e16.e3iSbxaKaheRe34Rch0Ra3mLchv0n6jAmljGr5XDqQLvpAe HTTP/1.1" 200 2
216.244.66.195 - - [12/Sep/2023:00:20:22 -0500] "GET /BLA/resoluciones/AUTOS%202019/4116.pdf HTTP/1.1" 200 255851
201.245.192.253 - - [12/Sep/2023:00:20:32 -0500] "POST /kwsrmcab/Wsrmcab  HTTP/1.1" 200 42865
172.22.2.4 - - [12/Sep/2023:00:19:16 -0500] "HEAD /BLA/boletinlegal/ HTTP/1.1" 200 -
216.244.66.195 - - [12/Sep/2023:00:21:00 -0500] "GET /BLA/resoluciones/AUTOS%202019/4528.pdf HTTP/1.1" 200 323648
201.245.192.253 - - [12/Sep/2023:00:21:13 -0500] "POST /forms/lservlet;jsessionid=ac16012b30d6ec48b32ae6c641d48f3ac42886169fa3.e3iSbxaKaheRe34Rch0Ra3mLchv0n6jAmljGr5XDqQLvpAe HTTP/1.1" 200 2
216.244.66.195 - - [12/Sep/2023:00:21:42 -0500] "GET /BLA/resoluciones/RESOLUCIONES%202018/1682.pdf HTTP/1.1" 200 374840
172.22.2.4 - - [12/Sep/2023:00:20:06 -0500] "GET /BLA/boletinlegal/ HTTP/1.1" 200 58187
201.245.192.253 - - [12/Sep/2023:00:22:02 -0500] "POST /forms/lservlet;jsessionid=ac16012b30d67c93eb41c0fe4863bf03b6c32dc73e16.e3iSbxaKaheRe34Rch0Ra3mLchv0n6jAmljGr5XDqQLvpAe HTTP/1.1" 200 2
216.244.66.195 - - [12/Sep/2023:00:22:27 -0500] "GET /BLA/resoluciones/RESOLUCIONES%202018/4110.pdf HTTP/1.1" 200 266331
216.244.66.195 - - [12/Sep/2023:00:23:07 -0500] "GET /BLA/resoluciones/AUTOS%202019/0689.pdf HTTP/1.1" 200 3274157
201.245.192.253 - - [12/Sep/2023:00:23:13 -0500] "POST /forms/lservlet;jsessionid=ac16012b30d6ec48b32ae6c641d48f3ac42886169fa3.e3iSbxaKaheRe34Rch0Ra3mLchv0n6jAmljGr5XDqQLvpAe HTTP/1.1" 200 2
216.244.66.195 - - [12/Sep/2023:00:23:57 -0500] "GET /BLA/resoluciones/AUTOS%202019/2480.pdf HTTP/1.1" 200 1202004
201.245.192.253 - - [12/Sep/2023:00:24:03 -0500] "POST /forms/lservlet;jsessionid=ac16012b30d67c93eb41c0fe4863bf03b6c32dc73e16.e3iSbxaKaheRe34Rch0Ra3mLchv0n6jAmljGr5XDqQLvpAe HTTP/1.1" 200 2
216.245.221.92 - - [12/Sep/2023:00:24:36 -0500] "HEAD / HTTP/1.1" 200 -
216.244.66.195 - - [12/Sep/2023:00:24:47 -0500] "GET /BLA/resoluciones/AUTOS%202019/4491.pdf HTTP/1.1" 200 629597
152.61.128.50 - - [12/Sep/2023:00:24:58 -0500] "GET / HTTP/1.1" 200 319
201.245.192.253 - - [12/Sep/2023:00:25:13 -0500] "POST /forms/lservlet;jsessionid=ac16012b30d6ec48b32ae6c641d48f3ac42886169fa3.e3iSbxaKaheRe34Rch0Ra3mLchv0n6jAmljGr5XDqQLvpAe HTTP/1.1" 200 2
216.244.66.195 - - [12/Sep/2023:00:25:26 -0500] "GET /BLA/resoluciones/AUTOS%202021/0435.pdf HTTP/1.1" 200 389570
201.245.192.253 - - [12/Sep/2023:00:25:31 -0500] "POST /kwsrmcab/Wsrmcab  HTTP/1.1" 200 42865
201.245.192.253 - - [12/Sep/2023:00:26:03 -0500] "POST /forms/lservlet;jsessionid=ac16012b30d67c93eb41c0fe4863bf03b6c32dc73e16.e3iSbxaKaheRe34Rch0Ra3mLchv0n6jAmljGr5XDqQLvpAe HTTP/1.1" 200 2
216.244.66.195 - - [12/Sep/2023:00:26:05 -0500] "GET /BLA/resoluciones/AUTOS%202021/0516.pdf HTTP/1.1" 200 839342
216.244.66.195 - - [12/Sep/2023:00:26:43 -0500] "GET /BLA/resoluciones/AUTOS%202021/0518.pdf HTTP/1.1" 200 388607
172.22.2.4 - - [12/Sep/2023:00:25:06 -0500] "HEAD /BLA/boletinlegal/ HTTP/1.1" 200 -
185.189.182.234 - - [12/Sep/2023:00:27:11 -0500] "GET / HTTP/1.1" 400 946
201.245.192.253 - - [12/Sep/2023:00:27:13 -0500] "POST /forms/lservlet;jsessionid=ac16012b30d6ec48b32ae6c641d48f3ac42886169fa3.e3iSbxaKaheRe34Rch0Ra3mLchv0n6jAmljGr5XDqQLvpAe HTTP/1.1" 200 2
216.244.66.195 - - [12/Sep/2023:00:27:14 -0500] "GET /BLA/resoluciones/AUTOS%202021/1212.pdf HTTP/1.1" 200 1031916
172.22.2.4 - - [12/Sep/2023:00:25:56 -0500] "GET /BLA/boletinlegal/ HTTP/1.1" 200 60342
216.244.66.195 - - [12/Sep/2023:00:28:00 -0500] "GET /BLA/resoluciones/AUTOS%202021/1277.pdf HTTP/1.1" 200 394841
201.245.192.253 - - [12/Sep/2023:00:28:03 -0500] "POST /forms/lservlet;jsessionid=ac16012b30d67c93eb41c0fe4863bf03b6c32dc73e16.e3iSbxaKaheRe34Rch0Ra3mLchv0n6jAmljGr5XDqQLvpAe HTTP/1.1" 200 2
216.244.66.195 - - [12/Sep/2023:00:28:31 -0500] "GET /BLA/resoluciones/AUTOS%202021/2073.pdf HTTP/1.1" 200 340551
201.245.192.253 - - [12/Sep/2023:00:28:33 -0500] "POST /kwsrmcab/Wsrmcab HTTP/1.1" 200 42396
201.245.192.253 - - [12/Sep/2023:00:28:36 -0500] "POST /kwsrmcab/Wsrmcab HTTP/1.1" 200 43476
216.244.66.195 - - [12/Sep/2023:00:29:00 -0500] "GET /BLA/resoluciones/AUTOS%202021/2078.pdf HTTP/1.1" 200 459573
201.245.192.253 - - [12/Sep/2023:00:29:13 -0500] "POST /forms/lservlet;jsessionid=ac16012b30d6ec48b32ae6c641d48f3ac42886169fa3.e3iSbxaKaheRe34Rch0Ra3mLchv0n6jAmljGr5XDqQLvpAe HTTP/1.1" 200 2
216.244.66.195 - - [12/Sep/2023:00:29:30 -0500] "GET /BLA/resoluciones/AUTOS%202021/2747.pdf HTTP/1.1" 200 1248093
216.245.221.92 - - [12/Sep/2023:00:29:36 -0500] "HEAD / HTTP/1.1" 200 -
216.244.66.195 - - [12/Sep/2023:00:29:58 -0500] "GET /BLA/resoluciones/AUTOS%202021/2760.pdf HTTP/1.1" 200 433823
201.245.192.253 - - [12/Sep/2023:00:30:03 -0500] "POST /forms/lservlet;jsessionid=ac16012b30d67c93eb41c0fe4863bf03b6c32dc73e16.e3iSbxaKaheRe34Rch0Ra3mLchv0n6jAmljGr5XDqQLvpAe HTTP/1.1" 200 2
216.244.66.195 - - [12/Sep/2023:00:30:25 -0500] "GET /BLA/resoluciones/AUTOS%202021/3072.pdf HTTP/1.1" 200 485467
201.245.192.253 - - [12/Sep/2023:00:30:30 -0500] "POST /kwsrmcab/Wsrmcab  HTTP/1.1" 200 42865
201.245.192.253 - - [12/Sep/2023:00:31:13 -0500] "POST /forms/lservlet;jsessionid=ac16012b30d6ec48b32ae6c641d48f3ac42886169fa3.e3iSbxaKaheRe34Rch0Ra3mLchv0n6jAmljGr5XDqQLvpAe HTTP/1.1" 200 2
201.245.192.253 - - [12/Sep/2023:00:32:03 -0500] "POST /forms/lservlet;jsessionid=ac16012b30d67c93eb41c0fe4863bf03b6c32dc73e16.e3iSbxaKaheRe34Rch0Ra3mLchv0n6jAmljGr5XDqQLvpAe HTTP/1.1" 200 2
172.22.2.4 - - [12/Sep/2023:00:30:56 -0500] "HEAD /BLA/boletinlegal/ HTTP/1.1" 200 -
201.245.192.253 - - [12/Sep/2023:00:33:13 -0500] "POST /forms/lservlet;jsessionid=ac16012b30d6ec48b32ae6c641d48f3ac42886169fa3.e3iSbxaKaheRe34Rch0Ra3mLchv0n6jAmljGr5XDqQLvpAe HTTP/1.1" 200 2
172.22.2.4 - - [12/Sep/2023:00:31:46 -0500] "GET /BLA/boletinlegal/ HTTP/1.1" 200 60692
201.245.192.253 - - [12/Sep/2023:00:34:03 -0500] "POST /forms/lservlet;jsessionid=ac16012b30d67c93eb41c0fe4863bf03b6c32dc73e16.e3iSbxaKaheRe34Rch0Ra3mLchv0n6jAmljGr5XDqQLvpAe HTTP/1.1" 200 2
186.102.52.129 - - [12/Sep/2023:00:34:15 -0500] "GET /kwssiamovil/sm/acme/a?s=U2FsdGVkX1+5m9XmQRPaqwTv6fNL1e/jZ6A7dVJCgcwWxIBCOZ29bJSGAyUxY7QkfHJsrqvDTw5vpYq3RV/3+4iKV/Ps25WE6i3SLLV7QW6pF+omEKuAZVG9emRuWoxwZlyMjnbMNql5SWcWE9Y2sAIYmii39UBp2CiwxHWZ35EuJw8UnohwCPhP/eeEyfZqKUZUAOZPMEb7nt2WslP9JhnxbkLgEJ4XnDvyLC9WLSxYuD5Q14dlVZRLm0LXDcMh+XguUfG0NnrznBIpsyIVDWkWOVGhpvra6gxnJnuRAtI=&u=U2FsdGVkX19ONftB3czoD+AKOVNCqq/xnCRoerPkfd1UiiN9T+Ka97j/5P+7AX1K&y=U2FsdGVkX1/RKLtVDPzbLiaQE9mlCaeelEtZJyckOFIYCIWHZAAiUP0i3yf0C+bu HTTP/1.1" 200 26
186.102.52.129 - - [12/Sep/2023:00:34:15 -0500] "GET /kwssiamovil/sm/acme/a?s=U2FsdGVkX194lHL9aOoOwtI20ljaPkVjKm7wVc1SNP4FpCKPRbwGSz+wR0E/eS4dWUQi1pUkNV9fYRbw6vh+St43P1bsCzKWxXUuAE0+SFT7qw5EEm731i0y4lv/ruqAZqvDm1ma8d1CW10xuJ2r6MCbuLOe1csDAWNFTEr2VtnIErsg0dIsQGrpJGMKQoboBFiOZ+naDUjYTJvnO+zV83+lkWz2bH/JN7nF1H1c22pC/rx3kmtSJ2DShUvnaIwfZ6lQj44cbsJlBdpribhO0YQqbXCe4fGM3kzH0wWX7buW0uQ8wgKNKqldTcOENmcA93NAfzep59cNwRvOLufpT4IzJMLfIUvhg3QxCqjB3YCrqH8La41dmFOQUmE12vPgptQZQ2AjL0S9iexf7Ib60cP5TVvVRwEEhCanc0OQoZ39dSniTxUkrwNzRkeHd5bFnFweXLowFGK62JZPocQABg/4oBlLgQrLVQexZ7Djcpbv+9PgcrkDxY62GH2Uk91ifi4TdDJgMlev1WC08NqtrE+m1NMKG9/X4aX22HWh7Gms7qxy9DPpqEL7qTX8UBOEEfh9qApcmt6aEgXf+q9WFWsBAA4d/AdUYmOY6MdlyPgkH1c5hKOTRPkWB99SGsuKVuNougs4Yu7AdkAsuKKKAuT+QAjeZeoPxXGHYdoM3ww8S6QnwQJgss/vFuVdHtWbS22gi9a5xZQm5WUXg5h88h2DTih9FQhrkWsUguEOCpL0+P1h/MgSUcQ63IrO4dJKlw1R614iK3rWi5Aud85sjOeIYcpgLVDXNLGjo1G0o1wh6Fy9Q8bUBm77G7/jGBEErZhj08dV1OYPkq7iiizVWctEtqchzXjp18Q4oBZZOP6HR+D8cfRaZIy7mZ24TOBv3wuaskUqO3WG2Evdr510NOUMejzQaHJo300t5oI9oAhAl0Nj0kxAEagTxPR/AWe3UKl1M83tcCXWJA6DJfWvHyEWtXjoqRxFZgV3F0I2Xu/fL8NS3YaaX8u5HCMNPt9BeKyuEoL2xpqrMMV49uReHQqbi/UIAS4mBoWCBl7iJWSb0DJzPXJqEmzLZYK0MOEgHNklmx9qdgivu9Qfl+ff3FwpN9FFq8LX7aDdFLGHH1mja8pdDJRHuu4GLMyXnngtg6oSMxqD/kPhWdmmTeo3CLAUm20ibU6nPZysb6OTo9CGjWccLRkKJtklJQ9fgzuwrgmqblOR6gSJ/PZRbVMeEe7SZzbfs/g99fBGXxhTPd6vr5MTO32MMIf0j0PRr0SriP1RObvosYw80NKpSCzgvelEKRBRnKhLMz3pfhIvn0rl+0u11D5MxouKMMpXaJRsH7Gn7Lma4+ajsDkixSehMRA43nPHuL0z8prjTta+Q1pf2w4L0IJOAdugum8PArVOrq3JsvU3ViciMrv1XTFdGQ==&u=U2FsdGVkX19ONftB3czoD+AKOVNCqq/xnCRoerPkfd1UiiN9T+Ka97j/5P+7AX1K&y=U2FsdGVkX1/RKLtVDPzbLiaQE9mlCaeelEtZJyckOFIYCIWHZAAiUP0i3yf0C+bu HTTP/1.1" 200 26
186.102.52.129 - - [12/Sep/2023:00:34:16 -0500] "GET /kwssiamovil/sm/acme/a?s=U2FsdGVkX1995RZLtzM4uWwRV7jDyRAMDs55dW2Am2L5jNFyozLelYJ/1vwfrVC4ai3JPyhZY3XVHG9/47qe7zq2JATsQ2WEP1NRRd6s6gnG6R4a2789MKNqW38FLCTfL2KGlAYwyA5saG66eHnm8zrnD6rWSrtvqLFZBD8Nk+g=&u=U2FsdGVkX19ONftB3czoD+AKOVNCqq/xnCRoerPkfd1UiiN9T+Ka97j/5P+7AX1K&y=U2FsdGVkX1/RKLtVDPzbLiaQE9mlCaeelEtZJyckOFIYCIWHZAAiUP0i3yf0C+bu HTTP/1.1" 200 26
186.102.52.129 - - [12/Sep/2023:00:34:16 -0500] "GET /kwssiamovil/sm/acme/a?s=U2FsdGVkX19rTn68XSwJ4W5QzoUhBZD5pyZtvQo5X3xiLlIT6wT4Qv/mlcNaFlYhgEZqclabggkljuQE2fJzu5hIsFfeAN0Ax3tggPPMP79dUVk3s0t2/w3Qk0Mg6eZSB475cKX12Xnr+n6NChIFP2QVWNm9CDxwubo6ZSFDYgQ=&u=U2FsdGVkX19ONftB3czoD+AKOVNCqq/xnCRoerPkfd1UiiN9T+Ka97j/5P+7AX1K&y=U2FsdGVkX1/RKLtVDPzbLiaQE9mlCaeelEtZJyckOFIYCIWHZAAiUP0i3yf0C+bu HTTP/1.1" 200 26
186.102.52.129 - - [12/Sep/2023:00:34:16 -0500] "GET /kwssiamovil/sm/acme/a?s=U2FsdGVkX19IakOf6Dkdv7oFmxPgAebGyGoqpQyoYTXb1gJ1rPnaWkXWPq+HlBDdxWdG8kMVV3EOY0ojff8ii0UEx9ubdk9LrUPhVrAJRqtnpPt8+nPlu7+RdpOzh4k9lQ3y63Y26Ij04otKgMxxZhTmd84ZQYMR6y+s7XYpqnQ=&u=U2FsdGVkX19ONftB3czoD+AKOVNCqq/xnCRoerPkfd1UiiN9T+Ka97j/5P+7AX1K&y=U2FsdGVkX1/RKLtVDPzbLiaQE9mlCaeelEtZJyckOFIYCIWHZAAiUP0i3yf0C+bu HTTP/1.1" 200 26
186.102.52.129 - - [12/Sep/2023:00:34:16 -0500] "GET /kwssiamovil/sm/acme/a?s=U2FsdGVkX19eq3eBkbWXED8STjC37qXClEfbZ+cxYP7JVLPm2jsFo1iOsjRoycEAqeOzrnLseW0VRd9uzm5P8TcK5daXlHCX3RWq/rub4dLn7O+8b4iXMtyJX9EjNm/z7Inq+Y1hZz5K/KG4i06udZ7HLnLg0s8M+fXqRGFdlF9IPfNjprauFE+ZfCdAMh32vbgScB+2iLn0Nnva4ixsuA==&u=U2FsdGVkX19ONftB3czoD+AKOVNCqq/xnCRoerPkfd1UiiN9T+Ka97j/5P+7AX1K&y=U2FsdGVkX1/RKLtVDPzbLiaQE9mlCaeelEtZJyckOFIYCIWHZAAiUP0i3yf0C+bu HTTP/1.1" 200 26
216.245.221.92 - - [12/Sep/2023:00:34:36 -0500] "HEAD / HTTP/1.1" 200 -
216.244.66.195 - - [12/Sep/2023:00:34:41 -0500] "GET /robots.txt HTTP/1.1" 404 1018
201.245.192.253 - - [12/Sep/2023:00:35:13 -0500] "POST /forms/lservlet;jsessionid=ac16012b30d6ec48b32ae6c641d48f3ac42886169fa3.e3iSbxaKaheRe34Rch0Ra3mLchv0n6jAmljGr5XDqQLvpAe HTTP/1.1" 200 2
201.245.192.253 - - [12/Sep/2023:00:35:30 -0500] "POST /kwsrmcab/Wsrmcab  HTTP/1.1" 200 42865
201.245.192.253 - - [12/Sep/2023:00:36:03 -0500] "POST /forms/lservlet;jsessionid=ac16012b30d67c93eb41c0fe4863bf03b6c32dc73e16.e3iSbxaKaheRe34Rch0Ra3mLchv0n6jAmljGr5XDqQLvpAe HTTP/1.1" 200 2
34.174.152.29 - - [12/Sep/2023:00:36:35 -0500] "HEAD /BLA/resoluciones/RESOLUCIONES%202017/0520.pdf HTTP/1.1" 200 -
201.245.192.253 - - [12/Sep/2023:00:37:13 -0500] "POST /forms/lservlet;jsessionid=ac16012b30d6ec48b32ae6c641d48f3ac42886169fa3.e3iSbxaKaheRe34Rch0Ra3mLchv0n6jAmljGr5XDqQLvpAe HTTP/1.1" 200 2
172.22.2.4 - - [12/Sep/2023:00:36:24 -0500] "GET /BLA/boletinlegal/ HTTP/1.1" 200 36811
66.249.66.193 - - [12/Sep/2023:00:37:43 -0500] "GET /inscribete-en-este-proceso-de-formacion-para-ser-un-lider-o-una-lideresa-ambiental-en-tu-localidad.html HTTP/1.1" 304 -
201.245.192.253 - - [12/Sep/2023:00:38:03 -0500] "POST /forms/lservlet;jsessionid=ac16012b30d67c93eb41c0fe4863bf03b6c32dc73e16.e3iSbxaKaheRe34Rch0Ra3mLchv0n6jAmljGr5XDqQLvpAe HTTP/1.1" 200 2
64.124.8.43 - - [12/Sep/2023:00:38:08 -0500] "GET /portaldeninos/2018/04/09/hola-mundo/feed/ HTTP/1.1" 200 1895
66.249.70.198 - - [12/Sep/2023:00:38:13 -0500] "GET /php/CarreraAdministrativa/RESOLUCION_208_2010_CNSC.pdf HTTP/1.1" 404 1018
172.22.2.4 - - [12/Sep/2023:00:36:46 -0500] "HEAD /BLA/boletinlegal/ HTTP/1.1" 200 -
201.245.192.253 - - [12/Sep/2023:00:38:32 -0500] "POST /kwsrmcab/Wsrmcab HTTP/1.1" 200 42396
201.245.192.253 - - [12/Sep/2023:00:38:35 -0500] "POST /kwsrmcab/Wsrmcab HTTP/1.1" 200 43476
201.245.192.253 - - [12/Sep/2023:00:39:13 -0500] "POST /forms/lservlet;jsessionid=ac16012b30d6ec48b32ae6c641d48f3ac42886169fa3.e3iSbxaKaheRe34Rch0Ra3mLchv0n6jAmljGr5XDqQLvpAe HTTP/1.1" 200 2
172.22.2.4 - - [12/Sep/2023:00:37:36 -0500] "GET /BLA/boletinlegal/ HTTP/1.1" 200 56970
66.249.70.198 - - [12/Sep/2023:00:39:32 -0500] "GET /pdc/? HTTP/1.1" 200 2124
216.245.221.92 - - [12/Sep/2023:00:39:36 -0500] "HEAD / HTTP/1.1" 200 -
201.245.192.253 - - [12/Sep/2023:00:40:03 -0500] "POST /forms/lservlet;jsessionid=ac16012b30d67c93eb41c0fe4863bf03b6c32dc73e16.e3iSbxaKaheRe34Rch0Ra3mLchv0n6jAmljGr5XDqQLvpAe HTTP/1.1" 200 2
172.22.2.4 - - [12/Sep/2023:00:38:46 -0500] "GET /BLA/boletinlegal/ HTTP/1.1" 200 58597
201.245.192.253 - - [12/Sep/2023:00:40:29 -0500] "POST /kwsrmcab/Wsrmcab  HTTP/1.1" 200 42865
66.249.70.197 - - [12/Sep/2023:00:40:39 -0500] "GET /pdc/js/jquery.dataTables.min.js HTTP/1.1" 200 153451
201.245.192.253 - - [12/Sep/2023:00:41:13 -0500] "POST /forms/lservlet;jsessionid=ac16012b30d6ec48b32ae6c641d48f3ac42886169fa3.e3iSbxaKaheRe34Rch0Ra3mLchv0n6jAmljGr5XDqQLvpAe HTTP/1.1" 200 2
201.245.192.253 - - [12/Sep/2023:00:42:03 -0500] "POST /forms/lservlet;jsessionid=ac16012b30d67c93eb41c0fe4863bf03b6c32dc73e16.e3iSbxaKaheRe34Rch0Ra3mLchv0n6jAmljGr5XDqQLvpAe HTTP/1.1" 200 2
201.245.192.253 - - [12/Sep/2023:00:43:13 -0500] "POST /forms/lservlet;jsessionid=ac16012b30d6ec48b32ae6c641d48f3ac42886169fa3.e3iSbxaKaheRe34Rch0Ra3mLchv0n6jAmljGr5XDqQLvpAe HTTP/1.1" 200 2
172.22.2.4 - - [12/Sep/2023:00:43:31 -0500] "GET /BLA/boletinlegal/actos.php HTTP/1.1" 200 9682
172.22.2.4 - - [12/Sep/2023:00:43:31 -0500] "GET /BLA/boletinlegal/styles2.css HTTP/1.1" 200 1838
172.22.2.4 - - [12/Sep/2023:00:43:31 -0500] "GET /BLA/boletinlegal/js/ajax_actos.js HTTP/1.1" 200 1322
172.22.2.4 - - [12/Sep/2023:00:43:31 -0500] "GET /BLA/boletinlegal/niceforms-default.css HTTP/1.1" 200 6694
172.22.2.4 - - [12/Sep/2023:00:43:31 -0500] "GET /BLA/boletinlegal/style.css HTTP/1.1" 200 9406
172.22.2.4 - - [12/Sep/2023:00:43:31 -0500] "GET /BLA/boletinlegal/niceforms.js HTTP/1.1" 200 22876
172.22.2.4 - - [12/Sep/2023:00:43:31 -0500] "GET /BLA/boletinlegal/js/lib.js HTTP/1.1" 200 6474
172.22.2.4 - - [12/Sep/2023:00:43:31 -0500] "GET /BLA/boletinlegal/js/popup.js HTTP/1.1" 200 1270
172.22.2.4 - - [12/Sep/2023:00:43:31 -0500] "GET /BLA/boletinlegal/js/jquery1.js HTTP/1.1" 200 29846
172.22.2.4 - - [12/Sep/2023:00:43:31 -0500] "GET /BLA/boletinlegal/images/cabezote%20BLEGAL.jpg HTTP/1.1" 200 118164
172.22.2.4 - - [12/Sep/2023:00:43:31 -0500] "GET /BLA/boletinlegal/images/subscribe-icon-big.png HTTP/1.1" 200 47702
172.22.2.4 - - [12/Sep/2023:00:43:31 -0500] "GET /BLA/boletinlegal/images/historia.png HTTP/1.1" 200 52775
172.22.2.4 - - [12/Sep/2023:00:43:31 -0500] "GET /BLA/boletinlegal/images/registro-usuarios.png HTTP/1.1" 200 8106
172.22.2.4 - - [12/Sep/2023:00:43:31 -0500] "GET /BLA/boletinlegal/images/tel.png HTTP/1.1" 200 14477
172.22.2.4 - - [12/Sep/2023:00:43:31 -0500] "GET /BLA/boletinlegal/images/green-yellow-blue-pink-th.png HTTP/1.1" 200 7394
172.22.2.4 - - [12/Sep/2023:00:43:31 -0500] "GET /BLA/boletinlegal/images/icono-email.png HTTP/1.1" 200 5544
172.22.2.4 - - [12/Sep/2023:00:43:31 -0500] "GET /BLA/boletinlegal/images/body_bg.jpg HTTP/1.1" 200 1601
172.22.2.4 - - [12/Sep/2023:00:43:31 -0500] "GET /BLA/boletinlegal/images/menu_lft.gif HTTP/1.1" 200 1713
172.22.2.4 - - [12/Sep/2023:00:43:31 -0500] "GET /BLA/boletinlegal/images/menu_rght.gif HTTP/1.1" 200 1627
172.22.2.4 - - [12/Sep/2023:00:43:31 -0500] "GET /BLA/boletinlegal/images/menu_bg.jpg HTTP/1.1" 200 620
172.22.2.4 - - [12/Sep/2023:00:43:31 -0500] "GET /BLA/boletinlegal/images/bg_top.jpg HTTP/1.1" 200 522
172.22.2.4 - - [12/Sep/2023:00:43:31 -0500] "GET /BLA/boletinlegal/images/hover.jpg HTTP/1.1" 200 640
172.22.2.4 - - [12/Sep/2023:00:43:31 -0500] "GET /BLA/boletinlegal/images/text.jpg HTTP/1.1" 200 568
172.22.2.4 - - [12/Sep/2023:00:43:31 -0500] "GET /BLA/boletinlegal/images/footer_bg.jpg HTTP/1.1" 200 586
172.22.2.4 - - [12/Sep/2023:00:43:31 -0500] "GET /BLA/boletinlegal/images/footer_bg_l.jpg HTTP/1.1" 200 776
172.22.2.4 - - [12/Sep/2023:00:43:32 -0500] "GET /BLA/boletinlegal/img/0.png HTTP/1.1" 200 110
172.22.2.4 - - [12/Sep/2023:00:43:32 -0500] "GET /BLA/boletinlegal/img/select-right.png HTTP/1.1" 200 44019
172.22.2.4 - - [12/Sep/2023:00:43:32 -0500] "GET /BLA/boletinlegal/img/button-left.png HTTP/1.1" 200 57071
172.22.2.4 - - [12/Sep/2023:00:43:32 -0500] "GET /BLA/boletinlegal/img/button-right.png HTTP/1.1" 200 57878
172.22.2.4 - - [12/Sep/2023:00:43:32 -0500] "GET /BLA/boletinlegal/img/select-left.png HTTP/1.1" 200 263
172.22.2.4 - - [12/Sep/2023:00:43:32 -0500] "GET /BLA/boletinlegal/img/button.png HTTP/1.1" 200 43241
172.22.2.4 - - [12/Sep/2023:00:43:32 -0500] "GET /BLA/boletinlegal/favicon.ico HTTP/1.1" 404 1326
66.249.66.194 - - [12/Sep/2023:00:43:42 -0500] "GET /mujeres-que-reverdecen-secretaria-de-ambiente-anuncia-300-cupos-para-la-tercera-fase-del-programa.html HTTP/1.1" 304 -
66.249.66.192 - - [12/Sep/2023:00:43:43 -0500] "GET /con-aliados-estrategicos-mujeres-que-reverdecen-continua-brindando-nuevas-oportunidades.html HTTP/1.1" 304 -
172.22.2.4 - - [12/Sep/2023:00:43:44 -0500] "GET /BLA/boletinlegal/consulta_actos.php?tipo=resoluciones&no=1592&usuario=&sector=&fecha=2017&resuelve= HTTP/1.1" 200 1106
172.22.2.4 - - [12/Sep/2023:00:43:44 -0500] "GET /BLA/boletinlegal/images/pdf.gif HTTP/1.1" 200 567
201.245.192.253 - - [12/Sep/2023:00:44:03 -0500] "POST /forms/lservlet;jsessionid=ac16012b30d67c93eb41c0fe4863bf03b6c32dc73e16.e3iSbxaKaheRe34Rch0Ra3mLchv0n6jAmljGr5XDqQLvpAe HTTP/1.1" 200 2
181.50.57.142 - - [12/Sep/2023:00:44:04 -0500] "GET /BLA/resoluciones/RESOLUCIONES%202017/1592.pdf HTTP/1.1" 200 614014
181.50.57.142 - - [12/Sep/2023:00:44:05 -0500] "GET /favicon.ico HTTP/1.1" 200 7782
172.22.2.4 - - [12/Sep/2023:00:42:36 -0500] "HEAD /BLA/boletinlegal/ HTTP/1.1" 200 -
216.245.221.92 - - [12/Sep/2023:00:44:36 -0500] "HEAD / HTTP/1.1" 200 -
172.22.2.4 - - [12/Sep/2023:00:43:26 -0500] "GET /BLA/boletinlegal/ HTTP/1.1" 200 58187
201.245.192.253 - - [12/Sep/2023:00:45:13 -0500] "POST /forms/lservlet;jsessionid=ac16012b30d6ec48b32ae6c641d48f3ac42886169fa3.e3iSbxaKaheRe34Rch0Ra3mLchv0n6jAmljGr5XDqQLvpAe HTTP/1.1" 200 2
201.245.192.253 - - [12/Sep/2023:00:45:28 -0500] "POST /kwsrmcab/Wsrmcab  HTTP/1.1" 200 42865
201.245.192.253 - - [12/Sep/2023:00:46:03 -0500] "POST /forms/lservlet;jsessionid=ac16012b30d67c93eb41c0fe4863bf03b6c32dc73e16.e3iSbxaKaheRe34Rch0Ra3mLchv0n6jAmljGr5XDqQLvpAe HTTP/1.1" 200 2
201.245.192.253 - - [12/Sep/2023:00:47:13 -0500] "POST /forms/lservlet;jsessionid=ac16012b30d6ec48b32ae6c641d48f3ac42886169fa3.e3iSbxaKaheRe34Rch0Ra3mLchv0n6jAmljGr5XDqQLvpAe HTTP/1.1" 200 2
152.61.192.232 - - [12/Sep/2023:00:47:16 -0500] "GET /arcgis/services/Calidad_del_Agua_WQI/MapServer/WMSServer?request=GetCapabilities&service=WMS HTTP/1.1" 503 1020
152.61.192.232 - - [12/Sep/2023:00:47:17 -0500] "GET /arcgis/services/Calidad_del_Agua_WQI/MapServer/WMSServer?SERVICE=WMS&REQUEST=GetCapabilities HTTP/1.1" 503 1020
152.61.192.232 - - [12/Sep/2023:00:47:18 -0500] "GET /arcgis/services/Calidad_del_Agua_WQI/MapServer/WMSServer?WMTVER=1.0.0&REQUEST=capabilities HTTP/1.1" 503 1020
201.245.192.253 - - [12/Sep/2023:00:48:03 -0500] "POST /forms/lservlet;jsessionid=ac16012b30d67c93eb41c0fe4863bf03b6c32dc73e16.e3iSbxaKaheRe34Rch0Ra3mLchv0n6jAmljGr5XDqQLvpAe HTTP/1.1" 200 2
201.245.192.253 - - [12/Sep/2023:00:49:13 -0500] "POST /forms/lservlet;jsessionid=ac16012b30d6ec48b32ae6c641d48f3ac42886169fa3.e3iSbxaKaheRe34Rch0Ra3mLchv0n6jAmljGr5XDqQLvpAe HTTP/1.1" 200 2
216.245.221.92 - - [12/Sep/2023:00:49:36 -0500] "HEAD / HTTP/1.1" 200 -
201.245.192.253 - - [12/Sep/2023:00:50:03 -0500] "POST /forms/lservlet;jsessionid=ac16012b30d67c93eb41c0fe4863bf03b6c32dc73e16.e3iSbxaKaheRe34Rch0Ra3mLchv0n6jAmljGr5XDqQLvpAe HTTP/1.1" 200 2
172.22.2.4 - - [12/Sep/2023:00:48:26 -0500] "HEAD /BLA/boletinlegal/ HTTP/1.1" 200 -
201.245.192.253 - - [12/Sep/2023:00:50:26 -0500] "POST /kwsrmcab/Wsrmcab  HTTP/1.1" 200 42865
172.22.2.4 - - [12/Sep/2023:00:49:16 -0500] "GET /BLA/boletinlegal/ HTTP/1.1" 200 58187
201.245.192.253 - - [12/Sep/2023:00:51:13 -0500] "POST /forms/lservlet;jsessionid=ac16012b30d6ec48b32ae6c641d48f3ac42886169fa3.e3iSbxaKaheRe34Rch0Ra3mLchv0n6jAmljGr5XDqQLvpAe HTTP/1.1" 200 2
201.245.192.253 - - [12/Sep/2023:00:52:03 -0500] "POST /forms/lservlet;jsessionid=ac16012b30d67c93eb41c0fe4863bf03b6c32dc73e16.e3iSbxaKaheRe34Rch0Ra3mLchv0n6jAmljGr5XDqQLvpAe HTTP/1.1" 200 2
201.245.192.253 - - [12/Sep/2023:00:53:13 -0500] "POST /forms/lservlet;jsessionid=ac16012b30d6ec48b32ae6c641d48f3ac42886169fa3.e3iSbxaKaheRe34Rch0Ra3mLchv0n6jAmljGr5XDqQLvpAe HTTP/1.1" 200 2
201.245.192.253 - - [12/Sep/2023:00:54:03 -0500] "POST /forms/lservlet;jsessionid=ac16012b30d67c93eb41c0fe4863bf03b6c32dc73e16.e3iSbxaKaheRe34Rch0Ra3mLchv0n6jAmljGr5XDqQLvpAe HTTP/1.1" 200 2
216.245.221.92 - - [12/Sep/2023:00:54:36 -0500] "HEAD / HTTP/1.1" 200 -
216.244.66.195 - - [12/Sep/2023:00:55:01 -0500] "GET /BLA/resoluciones/AUTOS%202016/0584.pdf HTTP/1.1" 200 473910
201.245.192.253 - - [12/Sep/2023:00:55:13 -0500] "POST /forms/lservlet;jsessionid=ac16012b30d6ec48b32ae6c641d48f3ac42886169fa3.e3iSbxaKaheRe34Rch0Ra3mLchv0n6jAmljGr5XDqQLvpAe HTTP/1.1" 200 2
201.245.192.253 - - [12/Sep/2023:00:55:25 -0500] "POST /kwsrmcab/Wsrmcab  HTTP/1.1" 200 42865
216.244.66.195 - - [12/Sep/2023:00:55:46 -0500] "GET /BLA/resoluciones/AUTOS%202016/2780.pdf HTTP/1.1" 200 325736
172.22.2.4 - - [12/Sep/2023:00:54:16 -0500] "HEAD /BLA/boletinlegal/ HTTP/1.1" 200 -
201.245.192.253 - - [12/Sep/2023:00:56:03 -0500] "POST /forms/lservlet;jsessionid=ac16012b30d67c93eb41c0fe4863bf03b6c32dc73e16.e3iSbxaKaheRe34Rch0Ra3mLchv0n6jAmljGr5XDqQLvpAe HTTP/1.1" 200 2
172.22.2.4 - - [12/Sep/2023:00:55:06 -0500] "GET /BLA/boletinlegal/ HTTP/1.1" 200 58187
201.245.192.253 - - [12/Sep/2023:00:57:13 -0500] "POST /forms/lservlet;jsessionid=ac16012b30d6ec48b32ae6c641d48f3ac42886169fa3.e3iSbxaKaheRe34Rch0Ra3mLchv0n6jAmljGr5XDqQLvpAe HTTP/1.1" 200 2
201.245.192.253 - - [12/Sep/2023:00:58:03 -0500] "POST /forms/lservlet;jsessionid=ac16012b30d67c93eb41c0fe4863bf03b6c32dc73e16.e3iSbxaKaheRe34Rch0Ra3mLchv0n6jAmljGr5XDqQLvpAe HTTP/1.1" 200 2
172.22.2.4 - - [12/Sep/2023:00:59:09 -0500] "GET /BLA/boletinlegal/Directivas/2013/Directiva%20No.%202%20del%2004%20de%20Abril%20de%202013.pdf HTTP/1.1" 200 1182671
201.245.192.253 - - [12/Sep/2023:00:59:13 -0500] "POST /forms/lservlet;jsessionid=ac16012b30d6ec48b32ae6c641d48f3ac42886169fa3.e3iSbxaKaheRe34Rch0Ra3mLchv0n6jAmljGr5XDqQLvpAe HTTP/1.1" 200 2
216.245.221.92 - - [12/Sep/2023:00:59:36 -0500] "HEAD / HTTP/1.1" 200 -
172.22.2.4 - - [12/Sep/2023:00:59:48 -0500] "GET /BLA/boletinlegal/actos.php HTTP/1.1" 200 9682
201.245.192.253 - - [12/Sep/2023:01:00:03 -0500] "POST /forms/lservlet;jsessionid=ac16012b30d67c93eb41c0fe4863bf03b6c32dc73e16.e3iSbxaKaheRe34Rch0Ra3mLchv0n6jAmljGr5XDqQLvpAe HTTP/1.1" 200 2
201.245.192.253 - - [12/Sep/2023:01:00:25 -0500] "POST /kwsrmcab/Wsrmcab  HTTP/1.1" 200 42865
172.22.2.4 - - [12/Sep/2023:01:00:32 -0500] "GET /BLA/boletinlegal/consulta_actos.php?tipo=resoluciones&no=6848&usuario=&sector=&fecha=2011&resuelve= HTTP/1.1" 200 626
172.22.2.4 - - [12/Sep/2023:01:00:53 -0500] "GET /BLA/boletinlegal/consulta_actos.php?tipo=resoluciones&no=0938&usuario=&sector=&fecha=2009&resuelve= HTTP/1.1" 200 1075
181.50.57.142 - - [12/Sep/2023:01:00:59 -0500] "GET /BLA/resoluciones/RESOLUCIONES%202009/0938.pdf HTTP/1.1" 200 270803
201.245.192.253 - - [12/Sep/2023:01:01:13 -0500] "POST /forms/lservlet;jsessionid=ac16012b30d6ec48b32ae6c641d48f3ac42886169fa3.e3iSbxaKaheRe34Rch0Ra3mLchv0n6jAmljGr5XDqQLvpAe HTTP/1.1" 200 2
216.244.66.195 - - [12/Sep/2023:01:01:21 -0500] "GET /BLA/resoluciones/AUTOS%202012/0401.pdf HTTP/1.1" 200 232269
172.22.2.4 - - [12/Sep/2023:01:00:06 -0500] "HEAD /BLA/boletinlegal/ HTTP/1.1" 200 -
201.245.192.253 - - [12/Sep/2023:01:02:03 -0500] "POST /forms/lservlet;jsessionid=ac16012b30d67c93eb41c0fe4863bf03b6c32dc73e16.e3iSbxaKaheRe34Rch0Ra3mLchv0n6jAmljGr5XDqQLvpAe HTTP/1.1" 200 2
172.22.2.4 - - [12/Sep/2023:01:00:56 -0500] "GET /BLA/boletinlegal/ HTTP/1.1" 200 58187
201.245.192.253 - - [12/Sep/2023:01:03:13 -0500] "POST /forms/lservlet;jsessionid=ac16012b30d6ec48b32ae6c641d48f3ac42886169fa3.e3iSbxaKaheRe34Rch0Ra3mLchv0n6jAmljGr5XDqQLvpAe HTTP/1.1" 200 2
216.244.66.195 - - [12/Sep/2023:01:03:45 -0500] "GET /BLA/resoluciones/AUTOS%202019/0479.pdf HTTP/1.1" 200 254024
201.245.192.253 - - [12/Sep/2023:01:04:03 -0500] "POST /forms/lservlet;jsessionid=ac16012b30d67c93eb41c0fe4863bf03b6c32dc73e16.e3iSbxaKaheRe34Rch0Ra3mLchv0n6jAmljGr5XDqQLvpAe HTTP/1.1" 200 2
216.244.66.195 - - [12/Sep/2023:01:04:31 -0500] "GET /BLA/resoluciones/AUTOS%202019/1372.pdf HTTP/1.1" 200 253511
216.245.221.92 - - [12/Sep/2023:01:04:36 -0500] "HEAD / HTTP/1.1" 200 -
201.245.192.253 - - [12/Sep/2023:01:05:13 -0500] "POST /forms/lservlet;jsessionid=ac16012b30d6ec48b32ae6c641d48f3ac42886169fa3.e3iSbxaKaheRe34Rch0Ra3mLchv0n6jAmljGr5XDqQLvpAe HTTP/1.1" 200 2
216.244.66.195 - - [12/Sep/2023:01:05:14 -0500] "GET /BLA/resoluciones/AUTOS%202019/1731.pdf HTTP/1.1" 200 252580
201.245.192.253 - - [12/Sep/2023:01:05:24 -0500] "POST /kwsrmcab/Wsrmcab  HTTP/1.1" 200 42865
87.250.224.211 - - [12/Sep/2023:01:05:48 -0500] "GET /robots.txt HTTP/1.1" 404 1018
87.250.224.46 - - [12/Sep/2023:01:05:48 -0500] "GET / HTTP/1.1" 200 319
216.244.66.195 - - [12/Sep/2023:01:06:01 -0500] "GET /BLA/resoluciones/AUTOS%202019/2258.pdf HTTP/1.1" 200 316215
201.245.192.253 - - [12/Sep/2023:01:06:03 -0500] "POST /forms/lservlet;jsessionid=ac16012b30d67c93eb41c0fe4863bf03b6c32dc73e16.e3iSbxaKaheRe34Rch0Ra3mLchv0n6jAmljGr5XDqQLvpAe HTTP/1.1" 200 2
66.249.66.86 - - [12/Sep/2023:01:06:12 -0500] "GET /portaldeninos/2021/07/01/en-fotos-conoce-algunos-de-los-lugares-mas-biodiversos-de-bogota/ HTTP/1.1" 200 100987
66.249.66.86 - - [12/Sep/2023:01:06:15 -0500] "GET /portaldeninos/wp-includes/js/jquery/jquery.js?ver=1.12.4 HTTP/1.1" 200 97184
66.249.66.86 - - [12/Sep/2023:01:06:15 -0500] "GET /portaldeninos/wp-content/themes/betheme/css/shortcodes.css?ver=20.9.6 HTTP/1.1" 200 138889
66.249.66.85 - - [12/Sep/2023:01:06:16 -0500] "GET /portaldeninos/wp-content/themes/betheme/assets/animations/animations.min.css?ver=20.9.6 HTTP/1.1" 200 58508
66.249.66.85 - - [12/Sep/2023:01:06:17 -0500] "GET /portaldeninos/wp-includes/js/jquery/ui/mouse.min.js?ver=1.11.4 HTTP/1.1" 200 3148
66.249.66.85 - - [12/Sep/2023:01:06:18 -0500] "GET /portaldeninos/wp-content/themes/betheme/js/menu.js?ver=20.9.6 HTTP/1.1" 200 2449
66.249.66.85 - - [12/Sep/2023:01:06:18 -0500] "GET /portaldeninos/wp-content/themes/betheme/assets/jplayer/jplayer.min.js?ver=20.9.6 HTTP/1.1" 200 52702
66.249.66.85 - - [12/Sep/2023:01:06:19 -0500] "GET /portaldeninos/wp-includes/js/jquery/ui/accordion.min.js?ver=1.11.4 HTTP/1.1" 200 8584
172.22.2.4 - - [12/Sep/2023:01:06:20 -0500] "GET /BLA/boletinlegal/style.css HTTP/1.1" 200 9406
172.22.2.4 - - [12/Sep/2023:01:06:20 -0500] "GET /BLA/boletinlegal/styles2.css HTTP/1.1" 200 1838
172.22.2.4 - - [12/Sep/2023:01:06:20 -0500] "GET /BLA/boletinlegal/js/jquery.js HTTP/1.1" 200 57254
172.22.2.4 - - [12/Sep/2023:01:06:20 -0500] "GET /BLA/boletinlegal/js/jquery.scrollTo-min.js HTTP/1.1" 200 1150
172.22.2.4 - - [12/Sep/2023:01:06:21 -0500] "GET /BLA/boletinlegal/js/jquery.scrollShow.js HTTP/1.1" 200 4586
172.22.2.4 - - [12/Sep/2023:01:06:21 -0500] "GET /BLA/boletinlegal/images/registro-usuarios.png HTTP/1.1" 200 8106
172.22.2.4 - - [12/Sep/2023:01:06:21 -0500] "GET /BLA/boletinlegal/images/launch.jpg HTTP/1.1" 200 14577
172.22.2.4 - - [12/Sep/2023:01:06:21 -0500] "GET /BLA/boletinlegal/images/arr_l.jpg HTTP/1.1" 200 1979
172.22.2.4 - - [12/Sep/2023:01:06:21 -0500] "GET /BLA/boletinlegal/images/subscribe-icon-big.png HTTP/1.1" 200 47702
172.22.2.4 - - [12/Sep/2023:01:06:21 -0500] "GET /BLA/boletinlegal/images/screen_1.png HTTP/1.1" 200 202547
172.22.2.4 - - [12/Sep/2023:01:06:21 -0500] "GET /BLA/boletinlegal/images/cabezote%20BLEGAL.jpg HTTP/1.1" 200 118164
172.22.2.4 - - [12/Sep/2023:01:06:21 -0500] "GET /BLA/boletinlegal/images/historia.png HTTP/1.1" 200 52775
172.22.2.4 - - [12/Sep/2023:01:06:21 -0500] "GET /BLA/boletinlegal/images/body_bg.jpg HTTP/1.1" 200 1601
172.22.2.4 - - [12/Sep/2023:01:06:21 -0500] "GET /BLA/boletinlegal/images/menu_lft.gif HTTP/1.1" 200 1713
172.22.2.4 - - [12/Sep/2023:01:06:21 -0500] "GET /BLA/boletinlegal/images/menu_rght.gif HTTP/1.1" 200 1627
172.22.2.4 - - [12/Sep/2023:01:06:21 -0500] "GET /BLA/boletinlegal/images/bg_top.jpg HTTP/1.1" 200 522
172.22.2.4 - - [12/Sep/2023:01:06:21 -0500] "GET /BLA/boletinlegal/images/menu_bg.jpg HTTP/1.1" 200 620
172.22.2.4 - - [12/Sep/2023:01:06:21 -0500] "GET /BLA/boletinlegal/images/hover.jpg HTTP/1.1" 200 640
172.22.2.4 - - [12/Sep/2023:01:06:21 -0500] "GET /BLA/boletinlegal/images/text.jpg HTTP/1.1" 200 568
172.22.2.4 - - [12/Sep/2023:01:06:23 -0500] "GET /BLA/boletinlegal/favicon.ico HTTP/1.1" 404 1308
172.22.2.4 - - [12/Sep/2023:01:06:25 -0500] "GET /BLA/boletinlegal/actos.php HTTP/1.1" 200 9682
172.22.2.4 - - [12/Sep/2023:01:06:25 -0500] "GET /BLA/boletinlegal/js/ajax_actos.js HTTP/1.1" 200 1322
172.22.2.4 - - [12/Sep/2023:01:06:25 -0500] "GET /BLA/boletinlegal/niceforms.js HTTP/1.1" 200 22876
172.22.2.4 - - [12/Sep/2023:01:06:25 -0500] "GET /BLA/boletinlegal/niceforms-default.css HTTP/1.1" 200 6694
172.22.2.4 - - [12/Sep/2023:01:06:25 -0500] "GET /BLA/boletinlegal/js/lib.js HTTP/1.1" 200 6474
172.22.2.4 - - [12/Sep/2023:01:06:25 -0500] "GET /BLA/boletinlegal/js/popup.js HTTP/1.1" 200 1270
172.22.2.4 - - [12/Sep/2023:01:06:25 -0500] "GET /BLA/boletinlegal/js/jquery1.js HTTP/1.1" 200 29846
172.22.2.4 - - [12/Sep/2023:01:06:25 -0500] "GET /BLA/boletinlegal/images/tel.png HTTP/1.1" 200 14477
172.22.2.4 - - [12/Sep/2023:01:06:25 -0500] "GET /BLA/boletinlegal/images/green-yellow-blue-pink-th.png HTTP/1.1" 200 7394
172.22.2.4 - - [12/Sep/2023:01:06:25 -0500] "GET /BLA/boletinlegal/images/icono-email.png HTTP/1.1" 200 5544
172.22.2.4 - - [12/Sep/2023:01:06:26 -0500] "GET /BLA/boletinlegal/images/footer_bg.jpg HTTP/1.1" 200 586
172.22.2.4 - - [12/Sep/2023:01:06:26 -0500] "GET /BLA/boletinlegal/images/footer_bg_l.jpg HTTP/1.1" 200 776
172.22.2.4 - - [12/Sep/2023:01:06:26 -0500] "GET /BLA/boletinlegal/favicon.ico HTTP/1.1" 404 1326
172.22.2.4 - - [12/Sep/2023:01:06:26 -0500] "GET /BLA/boletinlegal/img/0.png HTTP/1.1" 200 110
172.22.2.4 - - [12/Sep/2023:01:06:26 -0500] "GET /BLA/boletinlegal/img/button.png HTTP/1.1" 200 43241
172.22.2.4 - - [12/Sep/2023:01:06:26 -0500] "GET /BLA/boletinlegal/img/select-left.png HTTP/1.1" 200 263
172.22.2.4 - - [12/Sep/2023:01:06:27 -0500] "GET /BLA/boletinlegal/img/select-right.png HTTP/1.1" 200 44019
172.22.2.4 - - [12/Sep/2023:01:06:27 -0500] "GET /BLA/boletinlegal/img/button-left.png HTTP/1.1" 200 57071
172.22.2.4 - - [12/Sep/2023:01:06:27 -0500] "GET /BLA/boletinlegal/img/button-right.png HTTP/1.1" 200 57878
216.244.66.195 - - [12/Sep/2023:01:06:44 -0500] "GET /BLA/resoluciones/AUTOS%202019/2681.pdf HTTP/1.1" 200 261216
172.22.2.4 - - [12/Sep/2023:01:06:52 -0500] "GET /BLA/boletinlegal/consulta_actos.php?tipo=resoluciones&no=0409&usuario=&sector=&fecha=2008&resuelve= HTTP/1.1" 200 1636
172.22.2.4 - - [12/Sep/2023:01:06:53 -0500] "GET /BLA/boletinlegal/images/pdf.gif HTTP/1.1" 200 567
201.245.192.253 - - [12/Sep/2023:01:07:13 -0500] "POST /forms/lservlet;jsessionid=ac16012b30d6ec48b32ae6c641d48f3ac42886169fa3.e3iSbxaKaheRe34Rch0Ra3mLchv0n6jAmljGr5XDqQLvpAe HTTP/1.1" 200 2
172.22.2.4 - - [12/Sep/2023:01:06:20 -0500] "GET /BLA/boletinlegal/ HTTP/1.1" 200 24523
172.22.2.4 - - [12/Sep/2023:01:07:20 -0500] "GET /BLA/boletinlegal/consulta_actos.php?tipo=resoluciones&no=6848&usuario=&sector=&fecha=2011&resuelve= HTTP/1.1" 200 626
172.22.2.4 - - [12/Sep/2023:01:07:24 -0500] "GET /BLA/boletinlegal/consulta_actos.php?tipo=resoluciones&no=6848&usuario=&sector=&fecha=2012&resuelve= HTTP/1.1" 200 626
216.244.66.195 - - [12/Sep/2023:01:07:33 -0500] "GET /BLA/resoluciones/AUTOS%202019/2691.pdf HTTP/1.1" 200 255691
172.22.2.4 - - [12/Sep/2023:01:05:56 -0500] "HEAD /BLA/boletinlegal/ HTTP/1.1" 200 -
172.22.2.4 - - [12/Sep/2023:01:07:40 -0500] "GET /BLA/boletinlegal/consulta_actos.php?tipo=resoluciones&no=6848&usuario=&sector=&fecha=2013&resuelve= HTTP/1.1" 200 626
172.22.2.4 - - [12/Sep/2023:01:07:44 -0500] "GET /BLA/boletinlegal/consulta_actos.php?tipo=resoluciones&no=6848&usuario=&sector=&fecha=2010&resuelve= HTTP/1.1" 200 1032
172.22.2.4 - - [12/Sep/2023:01:07:50 -0500] "GET /BLA/boletinlegal/consulta_actos.php?tipo=resoluciones&no=6848&usuario=&sector=&fecha=2009&resuelve= HTTP/1.1" 200 1064
172.22.2.4 - - [12/Sep/2023:01:07:56 -0500] "GET /BLA/boletinlegal/consulta_actos.php?tipo=resoluciones&no=6848&usuario=&sector=&fecha=2012&resuelve= HTTP/1.1" 200 626
172.22.2.4 - - [12/Sep/2023:01:08:01 -0500] "GET /BLA/boletinlegal/consulta_actos.php?tipo=resoluciones&no=6848&usuario=&sector=&fecha=2014&resuelve= HTTP/1.1" 200 626
201.245.192.253 - - [12/Sep/2023:01:08:03 -0500] "POST /forms/lservlet;jsessionid=ac16012b30d67c93eb41c0fe4863bf03b6c32dc73e16.e3iSbxaKaheRe34Rch0Ra3mLchv0n6jAmljGr5XDqQLvpAe HTTP/1.1" 200 2
172.22.2.4 - - [12/Sep/2023:01:08:04 -0500] "GET /BLA/boletinlegal/consulta_actos.php?tipo=resoluciones&no=6848&usuario=&sector=&fecha=2015&resuelve= HTTP/1.1" 200 626
216.244.66.195 - - [12/Sep/2023:01:08:16 -0500] "GET /BLA/resoluciones/AUTOS%202019/3355.pdf HTTP/1.1" 200 230271
172.22.2.4 - - [12/Sep/2023:01:06:46 -0500] "GET /BLA/boletinlegal/ HTTP/1.1" 200 53362
216.244.66.195 - - [12/Sep/2023:01:08:55 -0500] "GET /BLA/resoluciones/AUTOS%202019/3591.pdf HTTP/1.1" 200 289689
201.245.192.253 - - [12/Sep/2023:01:09:13 -0500] "POST /forms/lservlet;jsessionid=ac16012b30d6ec48b32ae6c641d48f3ac42886169fa3.e3iSbxaKaheRe34Rch0Ra3mLchv0n6jAmljGr5XDqQLvpAe HTTP/1.1" 200 2
216.245.221.92 - - [12/Sep/2023:01:09:36 -0500] "HEAD / HTTP/1.1" 200 -
216.244.66.195 - - [12/Sep/2023:01:09:39 -0500] "GET /BLA/resoluciones/AUTOS%202019/4120.pdf HTTP/1.1" 200 283182
