201.245.192.253 - - [12/Sep/2023:11:24:26 -0500] "POST /forms/lservlet;jsessionid=ac16012b30d6ec48b32ae6c641d48f3ac42886169fa3.e3iSbxaKaheRe34Rch0Ra3mLchv0n6jAmljGr5XDqQLvpAe HTTP/1.1" 200 2
201.245.192.253 - - [12/Sep/2023:11:24:26 -0500] "POST /forms/lservlet;jsessionid=ac16012b30d6ec48b32ae6c641d48f3ac42886169fa3.e3iSbxaKaheRe34Rch0Ra3mLchv0n6jAmljGr5XDqQLvpAe HTTP/1.1" 200 316
201.245.192.253 - - [12/Sep/2023:11:24:27 -0500] "POST /forms/lservlet;jsessionid=ac16012b30d6ec48b32ae6c641d48f3ac42886169fa3.e3iSbxaKaheRe34Rch0Ra3mLchv0n6jAmljGr5XDqQLvpAe HTTP/1.1" 200 2
201.245.192.253 - - [12/Sep/2023:11:24:27 -0500] "POST /forms/lservlet;jsessionid=ac16012b30d6ec48b32ae6c641d48f3ac42886169fa3.e3iSbxaKaheRe34Rch0Ra3mLchv0n6jAmljGr5XDqQLvpAe HTTP/1.1" 200 95
181.54.236.238 - - [12/Sep/2023:11:24:28 -0500] "POST /BLA/boletinlegal/admin/actos/modificar.php HTTP/1.1" 200 6004
201.245.192.253 - - [12/Sep/2023:11:24:28 -0500] "POST /forms/lservlet;jsessionid=ac16012b30d6ec48b32ae6c641d48f3ac42886169fa3.e3iSbxaKaheRe34Rch0Ra3mLchv0n6jAmljGr5XDqQLvpAe HTTP/1.1" 200 448
201.245.192.253 - - [12/Sep/2023:11:24:29 -0500] "POST /forms/lservlet;jsessionid=ac16012b30d6ec48b32ae6c641d48f3ac42886169fa3.e3iSbxaKaheRe34Rch0Ra3mLchv0n6jAmljGr5XDqQLvpAe HTTP/1.1" 200 2
201.245.192.253 - - [12/Sep/2023:11:24:29 -0500] "POST /forms/lservlet;jsessionid=ac16012b30d6ec48b32ae6c641d48f3ac42886169fa3.e3iSbxaKaheRe34Rch0Ra3mLchv0n6jAmljGr5XDqQLvpAe HTTP/1.1" 200 14
201.245.192.253 - - [12/Sep/2023:11:24:30 -0500] "POST /forms/lservlet;jsessionid=ac16012b30d6ec48b32ae6c641d48f3ac42886169fa3.e3iSbxaKaheRe34Rch0Ra3mLchv0n6jAmljGr5XDqQLvpAe HTTP/1.1" 200 205
181.59.2.38 - - [12/Sep/2023:11:24:31 -0500] "GET /kwssiamovil/sm/acme/a?s=U2FsdGVkX1+vkCT76yp6ifjOj39fEgUm9Uc0mVEEtlCeu3NUEj11cWkP8+VIZDXZhQVSQvPTmGM0wGzKZavy/YlW2bBgKhlhpF1o5Hf/glwTdzO4e5SjYobvQ37Ixae3IQA49ls6ti1csZLRfm4iyWtuDaO0NYcUUWJoi4BdP/koPzYVR9+jW55LNI1hynBaCXakEdB+I1Df94Z4vlOQBmXHAbU1syt8JSBknhJVChKbZxKCH9W1MDnUBZyi6W6LjOljvPs8K2nfMgQIs+4ERg==&u=U2FsdGVkX19EUntzve3EztOQcQyIu28+jUCeQ8xYxKYnnwK949sT3VmvdoeiNyyZ&y=U2FsdGVkX1+sjE9/zIS2B3NxAmy7zjNTs9BTM5dOKXXgu7daTGPWG8BqrSw69BB3 HTTP/1.1" 200 26
201.245.192.253 - - [12/Sep/2023:11:24:31 -0500] "GET /sipsesda/faces/login.jspx HTTP/1.1" 200 6860
181.59.2.38 - - [12/Sep/2023:11:24:31 -0500] "GET /kwssiamovil/sm/acme/a?s=U2FsdGVkX1+9lel1g3eYaY77sgtU0cPS1sRy2+7Ew0xGceAvBZBZPFiSjJBPd7qQ54JaI8OiOIVtg/d1UhhVlv9dzv2xFH3GaeLLxHOyLneOmMcaWSJSb31EGpi3nopY1RsJPq2ASrsBQu6KcV3pZhJZbGnCh3Lz7U+IpeVMhbxgo1LdKt6D9qZOFrhDY03MiWFj+GcMmsSt7oTz0PiBH8pZxp4wt/x6i+Jhwvxlwsb90ydXSNvZiRr/O7BGGYKQFPL/Kn1sBF2BEjSmVZCEllz3QKaNfNOFmweUjAuIBrM9gavjBZIEHgzniE/srB303WaoXI01E0JxXFcud2CUPwEw2TFkh/BNcO9xZuYo6y2XKLwBgvv41E4TOzbySMJLPoOhYJ3ZFU9I2LlVpIvlrTVHSisim5OvijV9xVXGsrv7Ro2NDozR/UczEeqYI8Yf9YfLQXBc1fPknWzcf/ULPqsr0L9bqomZ0pYTmuO1QYrjbe9U2RdJTUKyiqWNTpCd2B3XfNyEEjV+l7qfdBckP61s8aw44X2er2tMFhZqPoA3aiNE62fgCGHSvjk964UyK5Sx27/J8E9ciJM/7X9R1JYAXRNlwG5f5SE3wgEpSDbq3Eu4XQdEpn9B4sebE9cPiGMNal66+RSxeAjnRFAb1r0pfWxvOsSQRpxIAWLCL4QQccq+b10t0K4l+g5W6NutkT0M22NrjlbTuNqMjKj09fB3ihXoIQgRpUtAwo80h2no2C/MbGLn6wcMyGzwnSvnO+lCnEuNSmMrZPeDZp9CyNlWNs+vuLA5raHcGZJGq/yujvOEhtdIOFRi2JAQhZdOnQAL4eRk+TZQHI6Wkt+x4eP2j5A9Wz+E2Rza584up0ttJOqAog131Mi+kXPL3d1Wi8gFl38Qe5cjiSJRErNv6vBp5gwUAOeRZO9b55Q7fvgi+CFkeSfw3u1NFkjrU4rqiSN80qi52Po3as4L1+ZPz6K/tb6vY5t6oP+kIGc5FJDPbyX8kiF6QKYfrxn3uaaN8cjkWnghjdkLmeJLykRwY++SjkbPIS8+Nh/x8C7EDlrwf5cs94dlyiRCXES//9Nk7Mlca6IPxG4r0mssLDQ2wntk0PDvFYt3lQ4pozBXXFr3zBM/GxMQPisLQYYq2VEMXPZybt4XHg6+8ot0lpihuAucYheGKkiMxtqN/r/fUIXhoAm8fAIEn2ksiUcteKBqeHu9ap5NI2XZ7Fr6mXT/0tEen0ixp0Rbnd+6H+5uvD8gl++QyctHOY+VStojGPoHmsFpi5JofTibppJ9ScEi4yCf1AOLTKPpk//cmamDEjSjoUz0oO3BLIDvl7ajnjMuo3fz1Mzd4uK2BYh66NhC7LDMh+QKraBjilg7XpC0VbRjNdUQ+g7Uolw2Ahy5TQQ7gn8nJmS+es7Gv4lahnGisj+mjjd6GStErtQjIzK/PPEonzEWxIs8al3qabT5s0/MFo7jzggdSDhL02F/nnG1vDH7AUNWz9PFKiNZy+eiBvC4qu1rcO+9W8ki2dHC5rh5CWO4lYzuwpyN6v+YQ5nYRYgBq0DCxDidDmIdsRMR4VEmHfksdmQNM4u6Vf/yp3a8NHEmE3ERzCXyetQJ0gXe7FdSUfag61UGa+PTOV8TBftuZWl6iyEEmHZNe82kmmjuBtX+nYpFzmHQ8vvs7aKwzj0oicFadptSGi7iWNgZj7FcKwlBFj0OOqr/MT6pqYpaihHhOx33qMV9TnLNjLOMC0pW8rRLINNZkmVZ7zmeKxdacyS8UxVAt+PofF1DtrEvB64PpAcIqZwxIYuMKFMXupckx7EznX7CXjDoPrwSOEMyQB93RpQuXnvioV2JbXJS24BOSHEDG8VXiyydya3luxhWWTMX9Co6JDYnWxEyAKml0Bao7Al1CIel3YOcfAHTsZGyPHprwIybUWqF8XC0+ByIRfsKjRbVkD+H2GNts+So8Ej+nYXwNoRqAivf9m0i9QpdSTrwbFv6y3lrTxSCKpHjICrdW8VfyqShPJIDK3OMMhA/xMyx0NalY42Zef+7xmb5wCiHW4BGQyChuLkiuDkJ+nW+jnjFHsr5szkkHygx8+by0LYv9ceiN4lKLBALnVBpolb/rqvx21/h41/Y9FNH4sdyZmPvzSSj3eMW3uywBz4m0x1QmHwxaiSmGIGTlLPjbtj/4lJHB2y+4S+roSQPnDZFZ7/la/Cl7avWQp3Fn0aw/j5t27dT2LvyICLVSzLohyqCFqedt+sYLLoQaG4Sql+uOi9lVBNze3VUYmI8TwMgIPYYo8graoCohX3Y6IWOe95uyEMNsLedyYIHIzEvsSKBL7gedmn0kF/mVT5W/J+rlgslh1HTbO25AhyGiNgwpv0L5XaIbdakpoVQ5bujtc9IaGGmLQt0i0k9jH4gWEHc6fPvQaH48hy2Xp+thkV5I69btMCPqlJgPIcws+ZmphIa/pmlnMHZURl568fbDExILQ7BPI99LU2MeJTpA9QzypJgSzllA3BpBZiGSZKC/99K6RFT3mhVq4yPMll+MZv29m66uhp4o46fsnrl3wjqeS2hlZpg//hvtn8f3jIwac00eWjUWjNQTuvoiFwG1ULM4pLf3nOlE3bATqi39fFxD420Nlrt4aUD3CnlrPOdRMDYdmzrwJ96MHC6oq53j0/OYTSUjmoM39XxncvmFdefgnlNNr7CnFvVkDjfBZ9ppDpmiBxC8ZE/KisPbBNOX2HNUzxdlxDQUgpCzUhN+Xm5DwjuySxMMgj1TfXS//3n38K+mJBm47YGdpy2lT2YS1u/P1IquTlGCmf3xaFEMTQEWyGK9MALUVtbOLDZ2QnI2DZsfZs8zLgYO+tGdHIRBjsbM6ZrR+qcd3HdNrK1Zw/lHFKU89QU3tvk+Uei7mycwKnqKPGuC8PNM8gd2XP8r+flLkzlGQD70786WOMhDX4hvJCh+t/0Ykxsff/8pPvBKsoQiO0cppGdvMdZvFNFeg5zqIh0Q0aEOACK0wgJjq5A6wHy+b026FIqVUktUPhnssqfAAmktw3O/Gdz3pl1gzbMFWTRoubS0gVST4iZJPfLG1Ww9WqbQgu091sdAuaOtd4cEkTMJP5+3Wgnkk/Hj7FKUiI+rDBlipwdPRRFxbNuA/TO51iLsTBZjdo38VQdnW4hlDgkfN/rjNt61AL2DT0QcGHpHFIvkX44j1eqiKbJ0qj9iI+Lhi7zxNp5FDWumRZHbztTtkcZ5X5a00+VyYOjf3tk2RSOeDx0UiccyY8G30J/pDMdByOh/wFF/sQ+6UzIAQEthDr4UQmlcEQu6/dhbI7IdMyPrB2Z9QVN/q9dox+XHagpkwlmCI7GcE3Y3Uj37uhbXFHhd+tOU2L835JjgNPu5JXTnHShD2BdJRUTvg7b8rWSFSXZiYuhV94EIGM7kjbMwSBE4vk0a+89WAuRls5r4S9S7oUmQY8oZLUk1N2D+JqywwgJln+HqkN3ok5WRuEFbmui9mj/j5CkDB6yYYOg1pZ/uxVqGRgiZM9pYgpWg8k9sg8fEmzwcrrBgGwSGNzmQ12/n+uaFuX3O/6v8NMO8IhAI3c1Z08RwxGRPffoGV48R8Z1XziTyXQEWwWJK/l53uyoOC8HwQm8/FyOj9jAsaLOn6hk4LxyaS20LzwqkiDWmBEFOkY5XKvC2lmfzQefCDV4JjYF0ZOlgMgsU8oRfjvEO4wezdzBEN+E/SFWgRX2B82w5I20CLONG+XU7s3Y+VL1NX3fppemyd8lPIjXgFthxhTS2Q/su/Mu67uULIGWpZL7XSRPae2Ilt+kcP3vx5qB2UOCTWunQjF8JJBNN/A+vuHPr72zwgorhq6KNeD9mKzxEAMUpT8uI+thAGwhhwu5RNutm9UmC6hB+78DgsvC6kFYb19kJjlGI45ZJrY1phvvz6bpdOy3InpWyDk15xXBdiKTFCUHwGYsmabWX6yQCYzdxydEViR3MBjUV/47UYW2DF2nzvMYguwBJQ4V8algOpJoHgGR/wRCLKoM5ZhhBenn+FtRoYHLcBem2tvLxnDWCFkJAV1pb1WJXkbTRLLC5pLboE4oVScpzcaKTJisEes90Ynpevgh+D7VsSiqlGlpnlLmE557k6s+G2HuBNRp/b6O3JpRsPtZhu+qtrSnYXtJRSW0lsOlZYqmYeBr+XWIwc5CMcQq0cwmB05jwgDV8d86bqpdoYHmIwLfSfXRDssYrmkpX29I0fTbD1a+9Evxiu7/IAaXXoAFXc3b6xYXaMAUqHpQr33MBS8/6mGGPZ1/xIabA5SSwTb6uqpx+wZZJze582c/SGvUoofFVR3FCzXuACrqsZ+sC+b8Dp25jhDYtK4tCNSaLNXgeitIm+9bGUYoaz2j0igEahR7oj9uZLhDbUBe1QxgIq2TwRuBJSv7WTU58fiOlqfNp0cpSNHX+XF/l9Mh7usf4mY3JF3zBaHPepnOXlI9JVfx91rzyvKqKFgU3pkfArai6J7Jn02sxeYg7ulghF6k7MowytEXf6nO2foxU8G5WbAkKaZLGOuSq/J+y8spL868d6bI1/9OlIf0/jxIidnU8Q9FNMOt7d6ZCLhbMrBI5g5GVwT0qM0c7rxBTWRFf1YLiI02AiOf5VOAfZioOtksGIYgdZQ1FlxkPom0sP6xP3kat3unDLvkwjkLrUOY7YWaAcBAVyBh9tceeaPWOejPNTXFdFGvNCx5vLzYFToryzornL/yML33BEmeksH+S3wPUBLaB1oUGpqFe6DfN2HbV0Evak/dqCHh8Oq3hm+0wML6C7koJ01CYotuVM3ZjBIDKYfPqmE9LgnsVxtoOcUku8n/Pw5iia9mD6Lehd8ea/6YwT+6wsit99SiLF72DN61boeSJVOl0oPOky0v7mNeJOVDur1IVx77tcItVkK2VUybGECgHu+zA8loYs7aQGOp6SdL5fFOi7EQ/Kkd5vCERAODufKOARUOKurVLUZf3TJOcSbamsoAQMAB+dXaswtu2xM+wQd4jLMjXRZRX4owIiuGkIjf0VJ1bj4=&u=U2FsdGVkX19EUntzve3EztOQcQyIu28+jUCeQ8xYxKYnnwK949sT3VmvdoeiNyyZ&y=U2FsdGVkX1+sjE9/zIS2B3NxAmy7zjNTs9BTM5dOKXXgu7daTGPWG8BqrSw69BB3 HTTP/1.1" 200 26
201.245.192.253 - - [12/Sep/2023:11:24:31 -0500] "GET /sipsesda/faces/faces/index.jsp HTTP/1.1" 200 1477
201.245.192.253 - - [12/Sep/2023:11:24:31 -0500] "POST /forms/lservlet;jsessionid=ac16012b30d6ec48b32ae6c641d48f3ac42886169fa3.e3iSbxaKaheRe34Rch0Ra3mLchv0n6jAmljGr5XDqQLvpAe HTTP/1.1" 200 2
201.245.192.253 - - [12/Sep/2023:11:24:32 -0500] "GET /sipsesda/faces/faces/faces/login.jspx HTTP/1.1" 200 6860
181.59.2.38 - - [12/Sep/2023:11:24:32 -0500] "GET /kwssiamovil/sm/acme/a?s=U2FsdGVkX19Y/c6YtdBdJBDizHoLCRu2B24y0LsvzAkuMOW7c8I2xq+/fgic4F1AZYs9NpHVowGtlaq36G8fRkUxd9RgXrJ8Kte6Cx7vlxKHMCZtX4OYemQUMGKPgFrgGC08/lbM7PHh6kK8t89m+KVwkyHybSkNvaudxlO5AUw=&u=U2FsdGVkX19EUntzve3EztOQcQyIu28+jUCeQ8xYxKYnnwK949sT3VmvdoeiNyyZ&y=U2FsdGVkX1+sjE9/zIS2B3NxAmy7zjNTs9BTM5dOKXXgu7daTGPWG8BqrSw69BB3 HTTP/1.1" 200 26
201.245.192.253 - - [12/Sep/2023:11:24:32 -0500] "POST /forms/lservlet;jsessionid=ac16012b30d6ec48b32ae6c641d48f3ac42886169fa3.e3iSbxaKaheRe34Rch0Ra3mLchv0n6jAmljGr5XDqQLvpAe HTTP/1.1" 200 155
181.59.2.38 - - [12/Sep/2023:11:24:32 -0500] "GET /kwssiamovil/sm/acme/a?s=U2FsdGVkX19wOqROMWFKcsgI0tcf7HHlSxo1PHri9u8x0V1Ze2rQ9qSjRxDGFpYDm4C5CrQ3xRgvDJNtDtDnmR5Iglun9mS+pUOhvYFhIVnZQlZ53ev/M4goT41hU4yORgBp6b3AUNXgCKnBCzvSaimGx/PLWO/0lwG8cmEzR5c=&u=U2FsdGVkX19EUntzve3EztOQcQyIu28+jUCeQ8xYxKYnnwK949sT3VmvdoeiNyyZ&y=U2FsdGVkX1+sjE9/zIS2B3NxAmy7zjNTs9BTM5dOKXXgu7daTGPWG8BqrSw69BB3 HTTP/1.1" 200 26
181.59.2.38 - - [12/Sep/2023:11:24:32 -0500] "GET /kwssiamovil/sm/acme/a?s=U2FsdGVkX1/oPfdH5pA+qq5nID1dw9rAfwZvRE6LIttWpR1tTamexOkRaTGCz3KSO3m8xpOa6mGJROeHION0x5PwpaCp2xW6jJ0hEaSBtiVu7E6Ax4HsiXMwLr8cSgeqyMyw5O8NgBN3+Z6pd5IuC3ZIOEFqTJQCd1Au2EyHx7I=&u=U2FsdGVkX19EUntzve3EztOQcQyIu28+jUCeQ8xYxKYnnwK949sT3VmvdoeiNyyZ&y=U2FsdGVkX1+sjE9/zIS2B3NxAmy7zjNTs9BTM5dOKXXgu7daTGPWG8BqrSw69BB3 HTTP/1.1" 200 26
181.59.2.38 - - [12/Sep/2023:11:24:32 -0500] "GET /kwssiamovil/sm/acme/a?s=U2FsdGVkX1+AF3HhUkNCWau7EKj6Gg49pnV/P9f0yoYSfS6J8fGycgUr0JfPAwLeYCoCue0lX47bPbmcpb3FTIKDEZqGSyGAj9jUsKB1U5IcRwVQDNo2rE37wzyNI5WiiivmPBU90qG/0Y0jY/3Q4DmMQCSpzETP6RidYnoREWCuYHuz3V+TzquGHxwXybGwL+qlgVRXQFh7+ay6U9rc1g==&u=U2FsdGVkX19EUntzve3EztOQcQyIu28+jUCeQ8xYxKYnnwK949sT3VmvdoeiNyyZ&y=U2FsdGVkX1+sjE9/zIS2B3NxAmy7zjNTs9BTM5dOKXXgu7daTGPWG8BqrSw69BB3 HTTP/1.1" 200 26
201.245.192.253 - - [12/Sep/2023:11:24:32 -0500] "POST /forms/lservlet;jsessionid=ac16012b30d6ec48b32ae6c641d48f3ac42886169fa3.e3iSbxaKaheRe34Rch0Ra3mLchv0n6jAmljGr5XDqQLvpAe HTTP/1.1" 200 88
201.245.192.253 - - [12/Sep/2023:11:24:33 -0500] "POST /forms/lservlet;jsessionid=ac16012b30d6ec48b32ae6c641d48f3ac42886169fa3.e3iSbxaKaheRe34Rch0Ra3mLchv0n6jAmljGr5XDqQLvpAe HTTP/1.1" 200 2
201.245.192.253 - - [12/Sep/2023:11:24:33 -0500] "POST /forms/lservlet;jsessionid=ac16012b30d6ec48b32ae6c641d48f3ac42886169fa3.e3iSbxaKaheRe34Rch0Ra3mLchv0n6jAmljGr5XDqQLvpAe HTTP/1.1" 200 823
201.245.192.253 - - [12/Sep/2023:11:24:34 -0500] "POST /forms/lservlet;jsessionid=ac16012b30d6ec48b32ae6c641d48f3ac42886169fa3.e3iSbxaKaheRe34Rch0Ra3mLchv0n6jAmljGr5XDqQLvpAe HTTP/1.1" 200 2
216.245.221.92 - - [12/Sep/2023:11:24:34 -0500] "HEAD / HTTP/1.1" 200 -
201.245.192.253 - - [12/Sep/2023:11:24:36 -0500] "POST /forms/lservlet;jsessionid=ac16012b30d6ec48b32ae6c641d48f3ac42886169fa3.e3iSbxaKaheRe34Rch0Ra3mLchv0n6jAmljGr5XDqQLvpAe HTTP/1.1" 200 309
201.245.192.253 - - [12/Sep/2023:11:24:36 -0500] "POST /forms/lservlet;jsessionid=ac16012b30d6ec48b32ae6c641d48f3ac42886169fa3.e3iSbxaKaheRe34Rch0Ra3mLchv0n6jAmljGr5XDqQLvpAe HTTP/1.1" 200 10
201.245.192.253 - - [12/Sep/2023:11:24:37 -0500] "POST /sipsesda/faces/login.jspx HTTP/1.1" 200 5750
201.245.192.253 - - [12/Sep/2023:11:24:39 -0500] "POST /forms/lservlet;jsessionid=ac16012b30d6ec48b32ae6c641d48f3ac42886169fa3.e3iSbxaKaheRe34Rch0Ra3mLchv0n6jAmljGr5XDqQLvpAe HTTP/1.1" 200 2
201.245.192.253 - - [12/Sep/2023:11:24:39 -0500] "POST /forms/lservlet;jsessionid=ac16012b30d6ec48b32ae6c641d48f3ac42886169fa3.e3iSbxaKaheRe34Rch0Ra3mLchv0n6jAmljGr5XDqQLvpAe HTTP/1.1" 200 246
201.245.192.253 - - [12/Sep/2023:11:24:39 -0500] "POST /forms/lservlet;jsessionid=ac16012b30d6ec48b32ae6c641d48f3ac42886169fa3.e3iSbxaKaheRe34Rch0Ra3mLchv0n6jAmljGr5XDqQLvpAe HTTP/1.1" 200 11
201.245.192.253 - - [12/Sep/2023:11:24:40 -0500] "POST /forms/lservlet;jsessionid=ac16012b30d6ec48b32ae6c641d48f3ac42886169fa3.e3iSbxaKaheRe34Rch0Ra3mLchv0n6jAmljGr5XDqQLvpAe HTTP/1.1" 200 2
201.245.192.253 - - [12/Sep/2023:11:24:40 -0500] "POST /sipsesda/faces/vista/sistema/seleccionRol.jspx HTTP/1.1" 200 33067
201.245.192.253 - - [12/Sep/2023:11:24:40 -0500] "POST /forms/lservlet;jsessionid=ac16012b30d6ec48b32ae6c641d48f3ac42886169fa3.e3iSbxaKaheRe34Rch0Ra3mLchv0n6jAmljGr5XDqQLvpAe HTTP/1.1" 200 14
201.245.192.253 - - [12/Sep/2023:11:24:41 -0500] "POST /forms/lservlet;jsessionid=ac16012b30d6ec48b32ae6c641d48f3ac42886169fa3.e3iSbxaKaheRe34Rch0Ra3mLchv0n6jAmljGr5XDqQLvpAe HTTP/1.1" 200 14
201.245.192.253 - - [12/Sep/2023:11:24:43 -0500] "GET /sipsesda/faces/vista/sistema/cargarMenu.jspx?accionMenu=listadoFuncionario&menuID=18 HTTP/1.1" 200 33308
201.245.192.253 - - [12/Sep/2023:11:24:43 -0500] "POST /sipsesda/faces/vista/sistema/cargarMenu.jspx HTTP/1.1" 200 37108
201.245.192.253 - - [12/Sep/2023:11:24:42 -0500] "POST /forms/lservlet;jsessionid=ac16012b30d6ec48b32ae6c641d48f3ac42886169fa3.e3iSbxaKaheRe34Rch0Ra3mLchv0n6jAmljGr5XDqQLvpAe HTTP/1.1" 200 14
201.245.192.253 - - [12/Sep/2023:11:24:44 -0500] "POST /forms/lservlet;jsessionid=ac16012b30d6ec48b32ae6c641d48f3ac42886169fa3.e3iSbxaKaheRe34Rch0Ra3mLchv0n6jAmljGr5XDqQLvpAe HTTP/1.1" 200 270
201.245.192.253 - - [12/Sep/2023:11:24:45 -0500] "POST /forms/lservlet;jsessionid=ac16012b30d6ec48b32ae6c641d48f3ac42886169fa3.e3iSbxaKaheRe34Rch0Ra3mLchv0n6jAmljGr5XDqQLvpAe HTTP/1.1" 200 7
201.245.192.253 - - [12/Sep/2023:11:24:46 -0500] "POST /forms/lservlet;jsessionid=ac16012b30d6ec48b32ae6c641d48f3ac42886169fa3.e3iSbxaKaheRe34Rch0Ra3mLchv0n6jAmljGr5XDqQLvpAe HTTP/1.1" 200 217
201.245.192.253 - - [12/Sep/2023:11:24:46 -0500] "GET /reports/rwservlet/getjobid=89217?server=repnomi HTTP/1.1" 200 30903
201.245.192.253 - - [12/Sep/2023:11:24:49 -0500] "POST /forms/lservlet;jsessionid=ac16012b30d6ec48b32ae6c641d48f3ac42886169fa3.e3iSbxaKaheRe34Rch0Ra3mLchv0n6jAmljGr5XDqQLvpAe HTTP/1.1" 200 125
201.245.192.253 - - [12/Sep/2023:11:24:49 -0500] "POST /forms/lservlet;jsessionid=ac16012b30d6ec48b32ae6c641d48f3ac42886169fa3.e3iSbxaKaheRe34Rch0Ra3mLchv0n6jAmljGr5XDqQLvpAe HTTP/1.1" 200 2
201.245.192.253 - - [12/Sep/2023:11:24:50 -0500] "POST /forms/lservlet;jsessionid=ac16012b30d6ec48b32ae6c641d48f3ac42886169fa3.e3iSbxaKaheRe34Rch0Ra3mLchv0n6jAmljGr5XDqQLvpAe HTTP/1.1" 200 100
201.245.192.253 - - [12/Sep/2023:11:24:51 -0500] "POST /forms/lservlet;jsessionid=ac16012b30d6ec48b32ae6c641d48f3ac42886169fa3.e3iSbxaKaheRe34Rch0Ra3mLchv0n6jAmljGr5XDqQLvpAe HTTP/1.1" 200 1338
201.245.192.253 - - [12/Sep/2023:11:24:51 -0500] "POST /forms/lservlet;jsessionid=ac16012b30d6ec48b32ae6c641d48f3ac42886169fa3.e3iSbxaKaheRe34Rch0Ra3mLchv0n6jAmljGr5XDqQLvpAe HTTP/1.1" 200 10
201.245.192.253 - - [12/Sep/2023:11:24:51 -0500] "POST /forms/lservlet;jsessionid=ac16012b30d6ec48b32ae6c641d48f3ac42886169fa3.e3iSbxaKaheRe34Rch0Ra3mLchv0n6jAmljGr5XDqQLvpAe HTTP/1.1" 200 13
201.245.192.253 - - [12/Sep/2023:11:24:52 -0500] "POST /forms/lservlet;jsessionid=ac16012b30d6ec48b32ae6c641d48f3ac42886169fa3.e3iSbxaKaheRe34Rch0Ra3mLchv0n6jAmljGr5XDqQLvpAe HTTP/1.1" 200 2348
201.245.192.253 - - [12/Sep/2023:11:24:54 -0500] "POST /forms/lservlet;jsessionid=ac16012b30d6ec48b32ae6c641d48f3ac42886169fa3.e3iSbxaKaheRe34Rch0Ra3mLchv0n6jAmljGr5XDqQLvpAe HTTP/1.1" 200 2
201.245.192.253 - - [12/Sep/2023:11:24:54 -0500] "POST /forms/lservlet;jsessionid=ac16012b30d6ec48b32ae6c641d48f3ac42886169fa3.e3iSbxaKaheRe34Rch0Ra3mLchv0n6jAmljGr5XDqQLvpAe HTTP/1.1" 200 220
201.245.192.253 - - [12/Sep/2023:11:24:54 -0500] "POST /forms/lservlet;jsessionid=ac16012b30d6ec48b32ae6c641d48f3ac42886169fa3.e3iSbxaKaheRe34Rch0Ra3mLchv0n6jAmljGr5XDqQLvpAe HTTP/1.1" 200 10
201.245.192.253 - - [12/Sep/2023:11:24:55 -0500] "POST /forms/lservlet;jsessionid=ac16012b30d6ec48b32ae6c641d48f3ac42886169fa3.e3iSbxaKaheRe34Rch0Ra3mLchv0n6jAmljGr5XDqQLvpAe HTTP/1.1" 200 2
172.22.2.4 - - [12/Sep/2023:11:24:55 -0500] "GET /BLA/boletinlegal/consulta_actos.php?tipo=resoluciones&no=0836&usuario=&sector=&fecha=2009&resuelve= HTTP/1.1" 200 1437
201.245.192.253 - - [12/Sep/2023:11:24:55 -0500] "POST /forms/lservlet;jsessionid=ac16012b30d6ec48b32ae6c641d48f3ac42886169fa3.e3iSbxaKaheRe34Rch0Ra3mLchv0n6jAmljGr5XDqQLvpAe HTTP/1.1" 200 214
201.245.192.253 - - [12/Sep/2023:11:24:56 -0500] "POST /forms/lservlet;jsessionid=ac16012b30d6ec48b32ae6c641d48f3ac42886169fa3.e3iSbxaKaheRe34Rch0Ra3mLchv0n6jAmljGr5XDqQLvpAe HTTP/1.1" 200 11
201.245.192.253 - - [12/Sep/2023:11:24:56 -0500] "POST /forms/lservlet;jsessionid=ac16012b30d6ec48b32ae6c641d48f3ac42886169fa3.e3iSbxaKaheRe34Rch0Ra3mLchv0n6jAmljGr5XDqQLvpAe HTTP/1.1" 200 2
201.245.192.253 - - [12/Sep/2023:11:24:56 -0500] "POST /forms/lservlet;jsessionid=ac16012b30d6ec48b32ae6c641d48f3ac42886169fa3.e3iSbxaKaheRe34Rch0Ra3mLchv0n6jAmljGr5XDqQLvpAe HTTP/1.1" 200 14
201.245.192.253 - - [12/Sep/2023:11:24:57 -0500] "POST /forms/lservlet;jsessionid=ac16012b30d6ec48b32ae6c641d48f3ac42886169fa3.e3iSbxaKaheRe34Rch0Ra3mLchv0n6jAmljGr5XDqQLvpAe HTTP/1.1" 200 239
201.245.192.253 - - [12/Sep/2023:11:24:57 -0500] "POST /forms/lservlet;jsessionid=ac16012b30d6ec48b32ae6c641d48f3ac42886169fa3.e3iSbxaKaheRe34Rch0Ra3mLchv0n6jAmljGr5XDqQLvpAe HTTP/1.1" 200 7
201.245.192.253 - - [12/Sep/2023:11:25:00 -0500] "GET /reports/rwservlet/getjobid=89218?server=repnomi HTTP/1.1" 200 28272
201.245.192.253 - - [12/Sep/2023:11:25:03 -0500] "POST /sipsesda/faces/vista/administracion/funcionario/listadoFuncionario.jspx HTTP/1.1" 200 37551
201.245.192.253 - - [12/Sep/2023:11:25:05 -0500] "POST /sipsesda/faces/vista/administracion/funcionario/listadoFuncionario.jspx HTTP/1.1" 200 18910
172.22.2.4 - - [12/Sep/2023:11:25:11 -0500] "GET /BLA/boletinlegal/actos.php HTTP/1.1" 200 9682
201.245.192.253 - - [12/Sep/2023:11:25:15 -0500] "POST /sipse/faces/bienvenido.xhtml HTTP/1.1" 200 2048
201.245.192.253 - - [12/Sep/2023:11:25:16 -0500] "POST /sipse/faces/bienvenido.xhtml HTTP/1.1" 200 27479
201.245.192.253 - - [12/Sep/2023:11:25:16 -0500] "GET /sipse/faces/javax.faces.resource/jquery/jquery.js?ln=primefaces&v=4.0 HTTP/1.1" 304 -
201.245.192.253 - - [12/Sep/2023:11:25:16 -0500] "GET /sipse/faces/javax.faces.resource/jquery/jquery-plugins.js?ln=primefaces&v=4.0 HTTP/1.1" 304 -
201.245.192.253 - - [12/Sep/2023:11:25:16 -0500] "GET /sipse/faces/javax.faces.resource/primefaces.js?ln=primefaces&v=4.0 HTTP/1.1" 304 -
201.245.192.253 - - [12/Sep/2023:11:25:16 -0500] "GET /sipse/faces/javax.faces.resource/layout/layout.js?ln=primefaces&v=4.0 HTTP/1.1" 304 -
201.245.192.253 - - [12/Sep/2023:11:25:17 -0500] "POST /sipse/faces/presentacion/contratacion/contratista/listarContratista.xhtml HTTP/1.1" 200 20877
201.245.192.253 - - [12/Sep/2023:11:25:17 -0500] "POST /sipse/faces/presentacion/contratacion/contratista/listarContratista.xhtml HTTP/1.1" 200 20877
201.245.192.253 - - [12/Sep/2023:11:25:17 -0500] "POST /sipse/faces/presentacion/contratacion/contratista/listarContratista.xhtml HTTP/1.1" 200 20877
201.245.192.253 - - [12/Sep/2023:11:25:21 -0500] "POST /forms/lservlet;jsessionid=ac16012b30d6ec48b32ae6c641d48f3ac42886169fa3.e3iSbxaKaheRe34Rch0Ra3mLchv0n6jAmljGr5XDqQLvpAe HTTP/1.1" 200 2
201.245.192.253 - - [12/Sep/2023:11:25:22 -0500] "POST /sipse/faces/presentacion/contratacion/contratista/listarContratista.xhtml HTTP/1.1" 200 56104
172.22.2.4 - - [12/Sep/2023:11:25:27 -0500] "GET /BLA/boletinlegal/consulta_actos.php?tipo=resoluciones&no=&usuario=&sector=PEV&fecha=2023&resuelve=veh%EDculo HTTP/1.1" 200 626
201.245.192.253 - - [12/Sep/2023:11:25:30 -0500] "POST /sipse/faces/presentacion/contratacion/contratista/listarContratista.xhtml HTTP/1.1" 200 6987
201.245.192.253 - - [12/Sep/2023:11:25:31 -0500] "POST /sipse/faces/presentacion/contratacion/contratista/listarContratista.xhtml HTTP/1.1" 200 61924
201.245.192.253 - - [12/Sep/2023:11:25:31 -0500] "GET /sipse/faces/javax.faces.resource/theme.css?ln=primefaces-sipse HTTP/1.1" 304 -
201.245.192.253 - - [12/Sep/2023:11:25:31 -0500] "GET /sipse/faces/javax.faces.resource/primefaces.css?ln=primefaces&v=4.0 HTTP/1.1" 304 -
201.245.192.253 - - [12/Sep/2023:11:25:31 -0500] "GET /sipse/faces/javax.faces.resource/jquery/jquery-plugins.js?ln=primefaces&v=4.0 HTTP/1.1" 304 -
201.245.192.253 - - [12/Sep/2023:11:25:31 -0500] "GET /sipse/faces/javax.faces.resource/jquery/jquery.js?ln=primefaces&v=4.0 HTTP/1.1" 304 -
201.245.192.253 - - [12/Sep/2023:11:25:31 -0500] "GET /sipse/faces/javax.faces.resource/layout/layout.css?ln=primefaces&v=4.0 HTTP/1.1" 304 -
201.245.192.253 - - [12/Sep/2023:11:25:31 -0500] "GET /sipse/faces/javax.faces.resource/primefaces.js?ln=primefaces&v=4.0 HTTP/1.1" 304 -
201.245.192.253 - - [12/Sep/2023:11:25:31 -0500] "GET /sipse/faces/javax.faces.resource/layout/layout.js?ln=primefaces&v=4.0 HTTP/1.1" 304 -
201.245.192.253 - - [12/Sep/2023:11:25:31 -0500] "GET /sipse/faces/javax.faces.resource/spacer/dot_clear.gif?ln=primefaces&v=4.0 HTTP/1.1" 200 42
201.245.192.253 - - [12/Sep/2023:11:25:31 -0500] "GET /sipse/faces/javax.faces.resource/images/ui-icons_898989_256x240.png?ln=primefaces-aristo HTTP/1.1" 304 -
201.245.192.253 - - [12/Sep/2023:11:25:32 -0500] "POST /forms/lservlet;jsessionid=ac16012b30d6ec48b32ae6c641d48f3ac42886169fa3.e3iSbxaKaheRe34Rch0Ra3mLchv0n6jAmljGr5XDqQLvpAe HTTP/1.1" 200 116
201.245.192.253 - - [12/Sep/2023:11:25:32 -0500] "POST /forms/lservlet;jsessionid=ac16012b30d6ec48b32ae6c641d48f3ac42886169fa3.e3iSbxaKaheRe34Rch0Ra3mLchv0n6jAmljGr5XDqQLvpAe HTTP/1.1" 200 2
201.245.192.253 - - [12/Sep/2023:11:25:33 -0500] "POST /forms/lservlet;jsessionid=ac16012b30d6ec48b32ae6c641d48f3ac42886169fa3.e3iSbxaKaheRe34Rch0Ra3mLchv0n6jAmljGr5XDqQLvpAe HTTP/1.1" 200 131
201.245.192.253 - - [12/Sep/2023:11:25:33 -0500] "GET /sipse/faces/javax.faces.resource/images/ui-bg_flat_0_2d5972_40x100.png?ln=primefaces-aristo HTTP/1.1" 304 -
201.245.192.253 - - [12/Sep/2023:11:25:33 -0500] "POST /sipse/faces/presentacion/contratacion/contratista/consultarContratista.xhtml HTTP/1.1" 200 40862
201.245.192.253 - - [12/Sep/2023:11:25:33 -0500] "POST /forms/lservlet;jsessionid=ac16012b30d6ec48b32ae6c641d48f3ac42886169fa3.e3iSbxaKaheRe34Rch0Ra3mLchv0n6jAmljGr5XDqQLvpAe HTTP/1.1" 200 7
201.245.192.253 - - [12/Sep/2023:11:25:34 -0500] "POST /sipse/faces/presentacion/contratacion/contratista/consultarContratista.xhtml HTTP/1.1" 200 27987
201.245.192.253 - - [12/Sep/2023:11:25:34 -0500] "GET /sipse/faces/javax.faces.resource/jquery/jquery.js?ln=primefaces&v=4.0 HTTP/1.1" 304 -
201.245.192.253 - - [12/Sep/2023:11:25:34 -0500] "GET /sipse/faces/javax.faces.resource/jquery/jquery-plugins.js?ln=primefaces&v=4.0 HTTP/1.1" 304 -
201.245.192.253 - - [12/Sep/2023:11:25:34 -0500] "GET /sipse/faces/javax.faces.resource/primefaces.js?ln=primefaces&v=4.0 HTTP/1.1" 304 -
201.245.192.253 - - [12/Sep/2023:11:25:34 -0500] "GET /sipse/faces/javax.faces.resource/layout/layout.js?ln=primefaces&v=4.0 HTTP/1.1" 304 -
201.245.192.253 - - [12/Sep/2023:11:25:34 -0500] "POST /forms/lservlet;jsessionid=ac16012b30d6ec48b32ae6c641d48f3ac42886169fa3.e3iSbxaKaheRe34Rch0Ra3mLchv0n6jAmljGr5XDqQLvpAe HTTP/1.1" 200 2
201.245.192.253 - - [12/Sep/2023:11:25:34 -0500] "POST /forms/lservlet;jsessionid=ac16012b30d6ec48b32ae6c641d48f3ac42886169fa3.e3iSbxaKaheRe34Rch0Ra3mLchv0n6jAmljGr5XDqQLvpAe HTTP/1.1" 200 14
201.245.192.253 - - [12/Sep/2023:11:25:35 -0500] "POST /forms/lservlet;jsessionid=ac16012b30d6ec48b32ae6c641d48f3ac42886169fa3.e3iSbxaKaheRe34Rch0Ra3mLchv0n6jAmljGr5XDqQLvpAe HTTP/1.1" 200 96
201.245.192.253 - - [12/Sep/2023:11:25:36 -0500] "POST /forms/lservlet;jsessionid=ac16012b30d6ec48b32ae6c641d48f3ac42886169fa3.e3iSbxaKaheRe34Rch0Ra3mLchv0n6jAmljGr5XDqQLvpAe HTTP/1.1" 200 7
201.245.192.253 - - [12/Sep/2023:11:25:38 -0500] "GET /reports/rwservlet/getjobid=89219?server=repnomi HTTP/1.1" 200 28272
172.22.2.4 - - [12/Sep/2023:11:25:38 -0500] "GET /BLA/boletinlegal/consulta_actos.php?tipo=resoluciones&no=&usuario=&sector=PEV&fecha=2023&resuelve=corrige HTTP/1.1" 200 626
172.22.2.4 - - [12/Sep/2023:11:25:39 -0500] "GET /BLA/boletinlegal/consulta_actos.php?tipo=resoluciones&no=&usuario=&sector=PEV&fecha=2023&resuelve=corrige HTTP/1.1" 200 626
172.22.2.4 - - [12/Sep/2023:11:25:39 -0500] "GET /BLA/boletinlegal/consulta_actos.php?tipo=resoluciones&no=&usuario=&sector=PEV&fecha=2023&resuelve=corrige HTTP/1.1" 200 626
172.22.2.4 - - [12/Sep/2023:11:25:39 -0500] "GET /BLA/boletinlegal/consulta_actos.php?tipo=resoluciones&no=&usuario=&sector=PEV&fecha=2023&resuelve=corrige HTTP/1.1" 200 626
172.22.2.4 - - [12/Sep/2023:11:25:39 -0500] "GET /BLA/boletinlegal/consulta_actos.php?tipo=resoluciones&no=1310&usuario=&sector=&fecha=2009&resuelve= HTTP/1.1" 200 1131
172.22.2.4 - - [12/Sep/2023:11:25:39 -0500] "GET /BLA/boletinlegal/consulta_actos.php?tipo=resoluciones&no=&usuario=&sector=PEV&fecha=2023&resuelve=corrige HTTP/1.1" 200 626
172.22.2.4 - - [12/Sep/2023:11:25:39 -0500] "GET /BLA/boletinlegal/consulta_actos.php?tipo=resoluciones&no=&usuario=&sector=PEV&fecha=2023&resuelve=corrige HTTP/1.1" 200 626
172.22.2.4 - - [12/Sep/2023:11:25:40 -0500] "GET /BLA/boletinlegal/consulta_actos.php?tipo=resoluciones&no=&usuario=&sector=PEV&fecha=2023&resuelve=corrige HTTP/1.1" 200 626
172.22.2.4 - - [12/Sep/2023:11:25:40 -0500] "GET /BLA/boletinlegal/consulta_actos.php?tipo=resoluciones&no=&usuario=&sector=PEV&fecha=2023&resuelve=corrige HTTP/1.1" 200 626
172.22.2.4 - - [12/Sep/2023:11:25:43 -0500] "GET /BLA/boletinlegal/consulta_actos.php?tipo=autos&no=&usuario=&sector=PEV&fecha=2023&resuelve=corrige HTTP/1.1" 200 7014
172.22.2.4 - - [12/Sep/2023:11:25:43 -0500] "GET /BLA/boletinlegal/images/background.gif HTTP/1.1" 200 -
172.22.2.4 - - [12/Sep/2023:11:25:43 -0500] "GET /BLA/boletinlegal/images/pdf.gif HTTP/1.1" 200 567
201.245.192.253 - - [12/Sep/2023:11:25:51 -0500] "POST /forms/lservlet;jsessionid=ac16012b30d6ec48b32ae6c641d48f3ac42886169fa3.e3iSbxaKaheRe34Rch0Ra3mLchv0n6jAmljGr5XDqQLvpAe HTTP/1.1" 200 63
201.245.192.253 - - [12/Sep/2023:11:25:51 -0500] "POST /forms/lservlet;jsessionid=ac16012b30d6ec48b32ae6c641d48f3ac42886169fa3.e3iSbxaKaheRe34Rch0Ra3mLchv0n6jAmljGr5XDqQLvpAe HTTP/1.1" 200 2
201.245.192.253 - - [12/Sep/2023:11:25:51 -0500] "POST /forms/lservlet;jsessionid=ac16012b30d6ec48b32ae6c641d48f3ac42886169fa3.e3iSbxaKaheRe34Rch0Ra3mLchv0n6jAmljGr5XDqQLvpAe HTTP/1.1" 200 2
201.245.192.253 - - [12/Sep/2023:11:25:52 -0500] "POST /forms/lservlet;jsessionid=ac16012b30d6ec48b32ae6c641d48f3ac42886169fa3.e3iSbxaKaheRe34Rch0Ra3mLchv0n6jAmljGr5XDqQLvpAe HTTP/1.1" 200 186
181.54.236.238 - - [12/Sep/2023:11:25:53 -0500] "GET /BLA/boletinlegal/tabla_files/orangebrownie.css HTTP/1.1" 404 1326
181.54.236.238 - - [12/Sep/2023:11:25:53 -0500] "GET /css/global/buttons.css HTTP/1.1" 404 1324
181.54.236.238 - - [12/Sep/2023:11:25:52 -0500] "GET /BLA/boletinlegal/admin/actos/mostrar.php HTTP/1.1" 200 362712
201.245.192.253 - - [12/Sep/2023:11:25:53 -0500] "POST /forms/lservlet;jsessionid=ac16012b30d6ec48b32ae6c641d48f3ac42886169fa3.e3iSbxaKaheRe34Rch0Ra3mLchv0n6jAmljGr5XDqQLvpAe HTTP/1.1" 200 2
201.245.192.253 - - [12/Sep/2023:11:25:53 -0500] "POST /forms/lservlet;jsessionid=ac16012b30d6ec48b32ae6c641d48f3ac42886169fa3.e3iSbxaKaheRe34Rch0Ra3mLchv0n6jAmljGr5XDqQLvpAe HTTP/1.1" 200 14
216.244.66.195 - - [12/Sep/2023:11:25:54 -0500] "GET /BLA/resoluciones/RESOLUCIONES%202016/0822.pdf HTTP/1.1" 200 340976
172.22.2.4 - - [12/Sep/2023:11:24:14 -0500] "HEAD /BLA/boletinlegal/ HTTP/1.1" 200 -
201.245.192.253 - - [12/Sep/2023:11:25:54 -0500] "POST /forms/lservlet;jsessionid=ac16012b30d6ec48b32ae6c641d48f3ac42886169fa3.e3iSbxaKaheRe34Rch0Ra3mLchv0n6jAmljGr5XDqQLvpAe HTTP/1.1" 200 152
201.245.192.253 - - [12/Sep/2023:11:25:55 -0500] "POST /forms/lservlet;jsessionid=ac16012b30d6ec48b32ae6c641d48f3ac42886169fa3.e3iSbxaKaheRe34Rch0Ra3mLchv0n6jAmljGr5XDqQLvpAe HTTP/1.1" 200 7
181.54.236.238 - - [12/Sep/2023:11:25:56 -0500] "GET /BLA/boletinlegal/tabla_files/orangebrownie.css HTTP/1.1" 404 1326
181.54.236.238 - - [12/Sep/2023:11:25:56 -0500] "GET /css/global/buttons.css HTTP/1.1" 404 1324
201.245.192.253 - - [12/Sep/2023:11:25:57 -0500] "GET /reports/rwservlet/getjobid=89220?server=repnomi HTTP/1.1" 200 30846
186.170.216.85 - - [12/Sep/2023:11:25:58 -0500] "GET /BLA/resoluciones/AUTOS%202023/1886.pdf HTTP/1.1" 200 427309
186.170.216.85 - - [12/Sep/2023:11:25:58 -0500] "GET /favicon.ico HTTP/1.1" 200 7782
181.59.2.38 - - [12/Sep/2023:11:26:06 -0500] "GET /kwssiamovil/sm/acme/u?s=U2FsdGVkX1+K6XlmioPfWxvw/aKnva/9xrCD5ddPlsG6f1J4IjyuzALJHcOSDCfPps6QdZOKDgOEOsuBiFr80nK9undLzxhruuQLGa/CqAPSgGfQ0Emjrh1gLeMZZ902CvLPJqncPlol5MQV7KubjGMT65JIIkuxw4MNIfp07yM=&u=U2FsdGVkX19EUntzve3EztOQcQyIu28+jUCeQ8xYxKYnnwK949sT3VmvdoeiNyyZ&y=U2FsdGVkX1+sjE9/zIS2B3NxAmy7zjNTs9BTM5dOKXXgu7daTGPWG8BqrSw69BB3 HTTP/1.1" 200 60
201.245.192.253 - - [12/Sep/2023:11:26:07 -0500] "POST /forms/lservlet;jsessionid=ac16012b30d67c93eb41c0fe4863bf03b6c32dc73e16.e3iSbxaKaheRe34Rch0Ra3mLchv0n6jAmljGr5XDqQLvpAe HTTP/1.1" 200 2
181.54.236.238 - - [12/Sep/2023:11:25:56 -0500] "POST /BLA/boletinlegal/admin/actos/mostrar.php HTTP/1.1" 200 12951362
181.54.236.238 - - [12/Sep/2023:11:26:10 -0500] "POST /BLA/boletinlegal/admin/actos/modificar.php HTTP/1.1" 200 6161
201.245.192.253 - - [12/Sep/2023:11:26:20 -0500] "POST /forms/lservlet;jsessionid=ac16012b30d6ec48b32ae6c641d48f3ac42886169fa3.e3iSbxaKaheRe34Rch0Ra3mLchv0n6jAmljGr5XDqQLvpAe HTTP/1.1" 200 240
201.245.192.253 - - [12/Sep/2023:11:26:20 -0500] "POST /forms/lservlet;jsessionid=ac16012b30d6ec48b32ae6c641d48f3ac42886169fa3.e3iSbxaKaheRe34Rch0Ra3mLchv0n6jAmljGr5XDqQLvpAe HTTP/1.1" 200 2
201.245.192.253 - - [12/Sep/2023:11:26:20 -0500] "POST /forms/lservlet;jsessionid=ac16012b30d6ec48b32ae6c641d48f3ac42886169fa3.e3iSbxaKaheRe34Rch0Ra3mLchv0n6jAmljGr5XDqQLvpAe HTTP/1.1" 200 2
201.245.192.253 - - [12/Sep/2023:11:26:21 -0500] "POST /forms/lservlet;jsessionid=ac16012b30d6ec48b32ae6c641d48f3ac42886169fa3.e3iSbxaKaheRe34Rch0Ra3mLchv0n6jAmljGr5XDqQLvpAe HTTP/1.1" 200 2
216.244.66.195 - - [12/Sep/2023:11:26:23 -0500] "GET /BLA/resoluciones/RESOLUCIONES%202016/2038.pdf HTTP/1.1" 200 361510
172.22.2.4 - - [12/Sep/2023:11:26:26 -0500] "GET /BLA/boletinlegal/consulta_actos.php?tipo=resoluciones&no=4367&usuario=&sector=&fecha=2009&resuelve= HTTP/1.1" 200 1136
181.54.236.238 - - [12/Sep/2023:11:26:40 -0500] "POST /BLA/boletinlegal/admin/actos/modificar.php HTTP/1.1" 200 6004
201.245.192.253 - - [12/Sep/2023:11:26:42 -0500] "POST /forms/lservlet;jsessionid=ac16012b30d6ec48b32ae6c641d48f3ac42886169fa3.e3iSbxaKaheRe34Rch0Ra3mLchv0n6jAmljGr5XDqQLvpAe HTTP/1.1" 200 122
201.245.192.253 - - [12/Sep/2023:11:26:42 -0500] "POST /forms/lservlet;jsessionid=ac16012b30d6ec48b32ae6c641d48f3ac42886169fa3.e3iSbxaKaheRe34Rch0Ra3mLchv0n6jAmljGr5XDqQLvpAe HTTP/1.1" 200 2
201.245.192.253 - - [12/Sep/2023:11:26:42 -0500] "POST /forms/lservlet;jsessionid=ac16012b30d6ec48b32ae6c641d48f3ac42886169fa3.e3iSbxaKaheRe34Rch0Ra3mLchv0n6jAmljGr5XDqQLvpAe HTTP/1.1" 200 1329
201.245.192.253 - - [12/Sep/2023:11:26:43 -0500] "POST /forms/lservlet;jsessionid=ac16012b30d6ec48b32ae6c641d48f3ac42886169fa3.e3iSbxaKaheRe34Rch0Ra3mLchv0n6jAmljGr5XDqQLvpAe HTTP/1.1" 200 24
172.22.2.4 - - [12/Sep/2023:11:25:05 -0500] "GET /BLA/boletinlegal/ HTTP/1.1" 200 58597
201.245.192.253 - - [12/Sep/2023:11:26:49 -0500] "POST /forms/lservlet;jsessionid=ac16012b30d6ec48b32ae6c641d48f3ac42886169fa3.e3iSbxaKaheRe34Rch0Ra3mLchv0n6jAmljGr5XDqQLvpAe HTTP/1.1" 200 2533
201.245.192.253 - - [12/Sep/2023:11:26:52 -0500] "POST /forms/lservlet;jsessionid=ac16012b30d6ec48b32ae6c641d48f3ac42886169fa3.e3iSbxaKaheRe34Rch0Ra3mLchv0n6jAmljGr5XDqQLvpAe HTTP/1.1" 200 1841
201.245.192.253 - - [12/Sep/2023:11:26:52 -0500] "POST /forms/lservlet;jsessionid=ac16012b30d6ec48b32ae6c641d48f3ac42886169fa3.e3iSbxaKaheRe34Rch0Ra3mLchv0n6jAmljGr5XDqQLvpAe HTTP/1.1" 200 24
201.245.192.253 - - [12/Sep/2023:11:26:56 -0500] "POST /forms/lservlet;jsessionid=ac16012b30d6ec48b32ae6c641d48f3ac42886169fa3.e3iSbxaKaheRe34Rch0Ra3mLchv0n6jAmljGr5XDqQLvpAe HTTP/1.1" 200 2383
201.245.192.253 - - [12/Sep/2023:11:26:58 -0500] "POST /forms/lservlet;jsessionid=ac16012b30d6ec48b32ae6c641d48f3ac42886169fa3.e3iSbxaKaheRe34Rch0Ra3mLchv0n6jAmljGr5XDqQLvpAe HTTP/1.1" 200 155
201.245.192.253 - - [12/Sep/2023:11:26:59 -0500] "POST /forms/lservlet;jsessionid=ac16012b30d6ec48b32ae6c641d48f3ac42886169fa3.e3iSbxaKaheRe34Rch0Ra3mLchv0n6jAmljGr5XDqQLvpAe HTTP/1.1" 200 7
201.245.192.253 - - [12/Sep/2023:11:26:59 -0500] "POST /forms/lservlet;jsessionid=ac16012b30d6ec48b32ae6c641d48f3ac42886169fa3.e3iSbxaKaheRe34Rch0Ra3mLchv0n6jAmljGr5XDqQLvpAe HTTP/1.1" 200 875
201.245.192.253 - - [12/Sep/2023:11:26:59 -0500] "POST /forms/lservlet;jsessionid=ac16012b30d6ec48b32ae6c641d48f3ac42886169fa3.e3iSbxaKaheRe34Rch0Ra3mLchv0n6jAmljGr5XDqQLvpAe HTTP/1.1" 200 10
201.245.192.253 - - [12/Sep/2023:11:27:00 -0500] "POST /forms/lservlet;jsessionid=ac16012b30d6ec48b32ae6c641d48f3ac42886169fa3.e3iSbxaKaheRe34Rch0Ra3mLchv0n6jAmljGr5XDqQLvpAe HTTP/1.1" 200 13
201.245.192.253 - - [12/Sep/2023:11:27:04 -0500] "POST /forms/lservlet;jsessionid=ac16012b30d6ec48b32ae6c641d48f3ac42886169fa3.e3iSbxaKaheRe34Rch0Ra3mLchv0n6jAmljGr5XDqQLvpAe HTTP/1.1" 200 782
201.245.192.253 - - [12/Sep/2023:11:27:09 -0500] "POST /forms/lservlet;jsessionid=ac16012b30d6ec48b32ae6c641d48f3ac42886169fa3.e3iSbxaKaheRe34Rch0Ra3mLchv0n6jAmljGr5XDqQLvpAe HTTP/1.1" 200 13
172.22.2.4 - - [12/Sep/2023:11:27:10 -0500] "GET /BLA/boletinlegal/consulta_actos.php?tipo=autos&no=&usuario=&sector=PEV&fecha=2022&resuelve=corrige HTTP/1.1" 200 3169
201.245.192.253 - - [12/Sep/2023:11:27:14 -0500] "POST /forms/lservlet;jsessionid=ac16012b30d6ec48b32ae6c641d48f3ac42886169fa3.e3iSbxaKaheRe34Rch0Ra3mLchv0n6jAmljGr5XDqQLvpAe HTTP/1.1" 200 123
201.245.192.253 - - [12/Sep/2023:11:27:14 -0500] "POST /forms/lservlet;jsessionid=ac16012b30d6ec48b32ae6c641d48f3ac42886169fa3.e3iSbxaKaheRe34Rch0Ra3mLchv0n6jAmljGr5XDqQLvpAe HTTP/1.1" 200 2
201.245.192.253 - - [12/Sep/2023:11:27:15 -0500] "POST /forms/lservlet;jsessionid=ac16012b30d6ec48b32ae6c641d48f3ac42886169fa3.e3iSbxaKaheRe34Rch0Ra3mLchv0n6jAmljGr5XDqQLvpAe HTTP/1.1" 200 1829
201.245.192.253 - - [12/Sep/2023:11:27:16 -0500] "POST /forms/lservlet;jsessionid=ac16012b30d6ec48b32ae6c641d48f3ac42886169fa3.e3iSbxaKaheRe34Rch0Ra3mLchv0n6jAmljGr5XDqQLvpAe HTTP/1.1" 200 24
201.245.192.253 - - [12/Sep/2023:11:27:17 -0500] "POST /forms/lservlet;jsessionid=ac16012b30d6ec48b32ae6c641d48f3ac42886169fa3.e3iSbxaKaheRe34Rch0Ra3mLchv0n6jAmljGr5XDqQLvpAe HTTP/1.1" 200 2570
201.245.192.253 - - [12/Sep/2023:11:27:21 -0500] "POST /forms/lservlet;jsessionid=ac16012b30d6ec48b32ae6c641d48f3ac42886169fa3.e3iSbxaKaheRe34Rch0Ra3mLchv0n6jAmljGr5XDqQLvpAe HTTP/1.1" 200 2
186.102.101.130 - - [12/Sep/2023:11:27:18 -0500] "GET /BLA/resoluciones/index.php?dir=RESOLUCIONES+2010%2F HTTP/1.1" 200 1307967
201.245.192.253 - - [12/Sep/2023:11:27:27 -0500] "POST /forms/lservlet;jsessionid=ac16012b30d6ec48b32ae6c641d48f3ac42886169fa3.e3iSbxaKaheRe34Rch0Ra3mLchv0n6jAmljGr5XDqQLvpAe HTTP/1.1" 200 1309
201.245.192.253 - - [12/Sep/2023:11:27:27 -0500] "POST /forms/lservlet;jsessionid=ac16012b30d6ec48b32ae6c641d48f3ac42886169fa3.e3iSbxaKaheRe34Rch0Ra3mLchv0n6jAmljGr5XDqQLvpAe HTTP/1.1" 200 13
186.102.101.130 - - [12/Sep/2023:11:27:29 -0500] "GET /BLA/resoluciones/RESOLUCIONES%202010/6881.pdf HTTP/1.1" 200 188080
201.245.192.253 - - [12/Sep/2023:11:27:31 -0500] "POST /forms/lservlet;jsessionid=ac16012b30d6ec48b32ae6c641d48f3ac42886169fa3.e3iSbxaKaheRe34Rch0Ra3mLchv0n6jAmljGr5XDqQLvpAe HTTP/1.1" 200 2028
201.245.192.253 - - [12/Sep/2023:11:27:40 -0500] "POST /forms/lservlet;jsessionid=ac16012b30d6ec48b32ae6c641d48f3ac42886169fa3.e3iSbxaKaheRe34Rch0Ra3mLchv0n6jAmljGr5XDqQLvpAe HTTP/1.1" 200 7
201.245.192.253 - - [12/Sep/2023:11:27:50 -0500] "POST /forms/lservlet;jsessionid=ac16012b30d6ec48b32ae6c641d48f3ac42886169fa3.e3iSbxaKaheRe34Rch0Ra3mLchv0n6jAmljGr5XDqQLvpAe HTTP/1.1" 200 132
201.245.192.253 - - [12/Sep/2023:11:27:51 -0500] "POST /forms/lservlet;jsessionid=ac16012b30d6ec48b32ae6c641d48f3ac42886169fa3.e3iSbxaKaheRe34Rch0Ra3mLchv0n6jAmljGr5XDqQLvpAe HTTP/1.1" 200 7
201.245.192.253 - - [12/Sep/2023:11:27:52 -0500] "POST /forms/lservlet;jsessionid=ac16012b30d6ec48b32ae6c641d48f3ac42886169fa3.e3iSbxaKaheRe34Rch0Ra3mLchv0n6jAmljGr5XDqQLvpAe HTTP/1.1" 200 578
201.245.192.253 - - [12/Sep/2023:11:27:59 -0500] "POST /forms/lservlet;jsessionid=ac16012b30d6ec48b32ae6c641d48f3ac42886169fa3.e3iSbxaKaheRe34Rch0Ra3mLchv0n6jAmljGr5XDqQLvpAe HTTP/1.1" 200 123
201.245.192.253 - - [12/Sep/2023:11:28:00 -0500] "POST /forms/lservlet;jsessionid=ac16012b30d6ec48b32ae6c641d48f3ac42886169fa3.e3iSbxaKaheRe34Rch0Ra3mLchv0n6jAmljGr5XDqQLvpAe HTTP/1.1" 200 2
201.245.192.253 - - [12/Sep/2023:11:28:00 -0500] "POST /forms/lservlet;jsessionid=ac16012b30d6ec48b32ae6c641d48f3ac42886169fa3.e3iSbxaKaheRe34Rch0Ra3mLchv0n6jAmljGr5XDqQLvpAe HTTP/1.1" 200 7
201.245.192.253 - - [12/Sep/2023:11:28:01 -0500] "POST /forms/lservlet;jsessionid=ac16012b30d6ec48b32ae6c641d48f3ac42886169fa3.e3iSbxaKaheRe34Rch0Ra3mLchv0n6jAmljGr5XDqQLvpAe HTTP/1.1" 200 36
201.245.192.253 - - [12/Sep/2023:11:28:05 -0500] "POST /forms/lservlet;jsessionid=ac16012b30d6ec48b32ae6c641d48f3ac42886169fa3.e3iSbxaKaheRe34Rch0Ra3mLchv0n6jAmljGr5XDqQLvpAe HTTP/1.1" 200 116
201.245.192.253 - - [12/Sep/2023:11:28:05 -0500] "POST /forms/lservlet;jsessionid=ac16012b30d6ec48b32ae6c641d48f3ac42886169fa3.e3iSbxaKaheRe34Rch0Ra3mLchv0n6jAmljGr5XDqQLvpAe HTTP/1.1" 200 2
201.245.192.253 - - [12/Sep/2023:11:28:06 -0500] "POST /forms/lservlet;jsessionid=ac16012b30d6ec48b32ae6c641d48f3ac42886169fa3.e3iSbxaKaheRe34Rch0Ra3mLchv0n6jAmljGr5XDqQLvpAe HTTP/1.1" 200 1095
201.245.192.253 - - [12/Sep/2023:11:28:07 -0500] "POST /forms/lservlet;jsessionid=ac16012b30d67c93eb41c0fe4863bf03b6c32dc73e16.e3iSbxaKaheRe34Rch0Ra3mLchv0n6jAmljGr5XDqQLvpAe HTTP/1.1" 200 2
201.245.192.253 - - [12/Sep/2023:11:28:07 -0500] "POST /forms/lservlet;jsessionid=ac16012b30d6ec48b32ae6c641d48f3ac42886169fa3.e3iSbxaKaheRe34Rch0Ra3mLchv0n6jAmljGr5XDqQLvpAe HTTP/1.1" 200 13
201.245.192.253 - - [12/Sep/2023:11:28:09 -0500] "POST /forms/lservlet;jsessionid=ac16012b30d6ec48b32ae6c641d48f3ac42886169fa3.e3iSbxaKaheRe34Rch0Ra3mLchv0n6jAmljGr5XDqQLvpAe HTTP/1.1" 200 1245
201.245.192.253 - - [12/Sep/2023:11:28:13 -0500] "POST /forms/lservlet;jsessionid=ac16012b30d6ec48b32ae6c641d48f3ac42886169fa3.e3iSbxaKaheRe34Rch0Ra3mLchv0n6jAmljGr5XDqQLvpAe HTTP/1.1" 200 139
201.245.192.253 - - [12/Sep/2023:11:28:13 -0500] "POST /forms/lservlet;jsessionid=ac16012b30d6ec48b32ae6c641d48f3ac42886169fa3.e3iSbxaKaheRe34Rch0Ra3mLchv0n6jAmljGr5XDqQLvpAe HTTP/1.1" 200 2
201.245.192.253 - - [12/Sep/2023:11:28:12 -0500] "POST /kwsrmcab/Wsrmcab  HTTP/1.1" 200 42865
201.245.192.253 - - [12/Sep/2023:11:28:17 -0500] "POST /forms/lservlet;jsessionid=ac16012b30d6ec48b32ae6c641d48f3ac42886169fa3.e3iSbxaKaheRe34Rch0Ra3mLchv0n6jAmljGr5XDqQLvpAe HTTP/1.1" 200 116
201.245.192.253 - - [12/Sep/2023:11:28:17 -0500] "POST /forms/lservlet;jsessionid=ac16012b30d6ec48b32ae6c641d48f3ac42886169fa3.e3iSbxaKaheRe34Rch0Ra3mLchv0n6jAmljGr5XDqQLvpAe HTTP/1.1" 200 2
201.245.192.253 - - [12/Sep/2023:11:28:19 -0500] "POST /forms/lservlet;jsessionid=ac16012b30d6ec48b32ae6c641d48f3ac42886169fa3.e3iSbxaKaheRe34Rch0Ra3mLchv0n6jAmljGr5XDqQLvpAe HTTP/1.1" 200 67
201.245.192.253 - - [12/Sep/2023:11:28:19 -0500] "POST /forms/lservlet;jsessionid=ac16012b30d6ec48b32ae6c641d48f3ac42886169fa3.e3iSbxaKaheRe34Rch0Ra3mLchv0n6jAmljGr5XDqQLvpAe HTTP/1.1" 200 2
201.245.192.253 - - [12/Sep/2023:11:28:31 -0500] "POST /kwsrmcab/Wsrmcab HTTP/1.1" 200 39832
201.245.192.253 - - [12/Sep/2023:11:28:36 -0500] "POST /forms/lservlet;jsessionid=ac16012b30d6ec48b32ae6c641d48f3ac42886169fa3.e3iSbxaKaheRe34Rch0Ra3mLchv0n6jAmljGr5XDqQLvpAe HTTP/1.1" 200 131
201.245.192.253 - - [12/Sep/2023:11:28:36 -0500] "POST /forms/lservlet;jsessionid=ac16012b30d6ec48b32ae6c641d48f3ac42886169fa3.e3iSbxaKaheRe34Rch0Ra3mLchv0n6jAmljGr5XDqQLvpAe HTTP/1.1" 200 7
201.245.192.253 - - [12/Sep/2023:11:28:34 -0500] "POST /kwsrmcab/Wsrmcab HTTP/1.1" 200 41807
201.245.192.253 - - [12/Sep/2023:11:28:42 -0500] "POST /forms/lservlet;jsessionid=ac16012b30d6ec48b32ae6c641d48f3ac42886169fa3.e3iSbxaKaheRe34Rch0Ra3mLchv0n6jAmljGr5XDqQLvpAe HTTP/1.1" 200 185
201.245.192.253 - - [12/Sep/2023:11:28:42 -0500] "POST /forms/lservlet;jsessionid=ac16012b30d6ec48b32ae6c641d48f3ac42886169fa3.e3iSbxaKaheRe34Rch0Ra3mLchv0n6jAmljGr5XDqQLvpAe HTTP/1.1" 200 2
201.245.192.253 - - [12/Sep/2023:11:28:43 -0500] "POST /forms/lservlet;jsessionid=ac16012b30d6ec48b32ae6c641d48f3ac42886169fa3.e3iSbxaKaheRe34Rch0Ra3mLchv0n6jAmljGr5XDqQLvpAe HTTP/1.1" 200 13
201.245.192.253 - - [12/Sep/2023:11:28:44 -0500] "POST /forms/lservlet;jsessionid=ac16012b30d6ec48b32ae6c641d48f3ac42886169fa3.e3iSbxaKaheRe34Rch0Ra3mLchv0n6jAmljGr5XDqQLvpAe HTTP/1.1" 200 100
201.245.192.253 - - [12/Sep/2023:11:28:45 -0500] "POST /forms/lservlet;jsessionid=ac16012b30d6ec48b32ae6c641d48f3ac42886169fa3.e3iSbxaKaheRe34Rch0Ra3mLchv0n6jAmljGr5XDqQLvpAe HTTP/1.1" 200 1309
201.245.192.253 - - [12/Sep/2023:11:28:45 -0500] "POST /forms/lservlet;jsessionid=ac16012b30d6ec48b32ae6c641d48f3ac42886169fa3.e3iSbxaKaheRe34Rch0Ra3mLchv0n6jAmljGr5XDqQLvpAe HTTP/1.1" 200 10
201.245.192.253 - - [12/Sep/2023:11:28:46 -0500] "POST /forms/lservlet;jsessionid=ac16012b30d6ec48b32ae6c641d48f3ac42886169fa3.e3iSbxaKaheRe34Rch0Ra3mLchv0n6jAmljGr5XDqQLvpAe HTTP/1.1" 200 13
200.122.210.122 - - [12/Sep/2023:11:28:47 -0500] "POST /sipse/faces/presentacion/contratacion/contratista/listarContratista.xhtml HTTP/1.1" 200 20957
200.122.210.122 - - [12/Sep/2023:11:28:47 -0500] "POST /sipse/faces/presentacion/contratacion/contratista/listarContratista.xhtml HTTP/1.1" 200 20957
200.122.210.122 - - [12/Sep/2023:11:28:47 -0500] "POST /sipse/faces/presentacion/contratacion/contratista/listarContratista.xhtml HTTP/1.1" 200 20957
200.122.210.122 - - [12/Sep/2023:11:28:47 -0500] "POST /sipse/faces/presentacion/contratacion/contratista/listarContratista.xhtml HTTP/1.1" 200 20957
200.122.210.122 - - [12/Sep/2023:11:28:48 -0500] "POST /sipse/faces/presentacion/contratacion/contratista/listarContratista.xhtml HTTP/1.1" 200 20957
200.122.210.122 - - [12/Sep/2023:11:28:48 -0500] "POST /sipse/faces/presentacion/contratacion/contratista/listarContratista.xhtml HTTP/1.1" 200 20957
201.245.192.253 - - [12/Sep/2023:11:28:50 -0500] "POST /forms/lservlet;jsessionid=ac16012b30d6ec48b32ae6c641d48f3ac42886169fa3.e3iSbxaKaheRe34Rch0Ra3mLchv0n6jAmljGr5XDqQLvpAe HTTP/1.1" 200 243
200.122.210.122 - - [12/Sep/2023:11:28:51 -0500] "POST /sipse/faces/presentacion/contratacion/contratista/listarContratista.xhtml HTTP/1.1" 200 33672
200.122.210.122 - - [12/Sep/2023:11:28:51 -0500] "GET /sipse/css/custom_css_sg.css HTTP/1.1" 304 -
200.122.210.122 - - [12/Sep/2023:11:28:51 -0500] "GET /sipse/css/custom_css_sg_prime.css HTTP/1.1" 304 -
200.122.210.122 - - [12/Sep/2023:11:28:51 -0500] "GET /sipse/faces/javax.faces.resource/theme.css?ln=primefaces-sipse HTTP/1.1" 304 -
200.122.210.122 - - [12/Sep/2023:11:28:51 -0500] "GET /sipse/faces/javax.faces.resource/primefaces.css?ln=primefaces&v=4.0 HTTP/1.1" 304 -
200.122.210.122 - - [12/Sep/2023:11:28:51 -0500] "GET /sipse/faces/javax.faces.resource/layout/layout.css?ln=primefaces&v=4.0 HTTP/1.1" 304 -
200.122.210.122 - - [12/Sep/2023:11:28:51 -0500] "GET /sipse/js/disable_browser_buttons.js HTTP/1.1" 304 -
200.122.210.122 - - [12/Sep/2023:11:28:51 -0500] "GET /sipse/js/jquery.min.js HTTP/1.1" 304 -
200.122.210.122 - - [12/Sep/2023:11:28:51 -0500] "GET /sipse/js/funciones.js HTTP/1.1" 304 -
200.122.210.122 - - [12/Sep/2023:11:28:51 -0500] "GET /sipse/faces/javax.faces.resource/jquery/jquery.js?ln=primefaces&v=4.0 HTTP/1.1" 304 -
200.122.210.122 - - [12/Sep/2023:11:28:51 -0500] "GET /sipse/faces/javax.faces.resource/jquery/jquery-plugins.js?ln=primefaces&v=4.0 HTTP/1.1" 304 -
200.122.210.122 - - [12/Sep/2023:11:28:51 -0500] "GET /sipse/faces/javax.faces.resource/primefaces.js?ln=primefaces&v=4.0 HTTP/1.1" 304 -
200.122.210.122 - - [12/Sep/2023:11:28:51 -0500] "GET /sipse/faces/javax.faces.resource/layout/layout.js?ln=primefaces&v=4.0 HTTP/1.1" 304 -
200.122.210.122 - - [12/Sep/2023:11:28:51 -0500] "POST /sipse/faces/presentacion/contratacion/contrato/listarContrato.xhtml HTTP/1.1" 200 27080
200.122.210.122 - - [12/Sep/2023:11:28:51 -0500] "POST /sipse/faces/presentacion/contratacion/contrato/listarContrato.xhtml HTTP/1.1" 200 27080
201.245.192.253 - - [12/Sep/2023:11:28:51 -0500] "POST /forms/lservlet;jsessionid=ac16012b30d6ec48b32ae6c641d48f3ac42886169fa3.e3iSbxaKaheRe34Rch0Ra3mLchv0n6jAmljGr5XDqQLvpAe HTTP/1.1" 200 21
200.122.210.122 - - [12/Sep/2023:11:28:51 -0500] "POST /sipse/faces/presentacion/contratacion/contrato/listarContrato.xhtml HTTP/1.1" 200 27080
200.122.210.122 - - [12/Sep/2023:11:28:51 -0500] "POST /sipse/faces/presentacion/contratacion/contrato/listarContrato.xhtml HTTP/1.1" 200 27080
200.122.210.122 - - [12/Sep/2023:11:28:51 -0500] "POST /sipse/faces/presentacion/contratacion/contrato/listarContrato.xhtml HTTP/1.1" 200 27080
52.167.144.19 - - [12/Sep/2023:11:28:52 -0500] "GET /forest/ HTTP/1.1" 200 12041
200.122.210.122 - - [12/Sep/2023:11:28:59 -0500] "POST /sipse/faces/presentacion/contratacion/contrato/listarContrato.xhtml HTTP/1.1" 200 48334
200.122.210.122 - - [12/Sep/2023:11:28:59 -0500] "GET /sipse/faces/javax.faces.resource/theme.css?ln=primefaces-sipse HTTP/1.1" 304 -
200.122.210.122 - - [12/Sep/2023:11:28:59 -0500] "GET /sipse/faces/javax.faces.resource/primefaces.css?ln=primefaces&v=4.0 HTTP/1.1" 304 -
200.122.210.122 - - [12/Sep/2023:11:28:59 -0500] "GET /sipse/faces/javax.faces.resource/layout/layout.css?ln=primefaces&v=4.0 HTTP/1.1" 304 -
200.122.210.122 - - [12/Sep/2023:11:28:59 -0500] "GET /sipse/faces/javax.faces.resource/jquery/jquery.js?ln=primefaces&v=4.0 HTTP/1.1" 304 -
200.122.210.122 - - [12/Sep/2023:11:28:59 -0500] "GET /sipse/faces/javax.faces.resource/jquery/jquery-plugins.js?ln=primefaces&v=4.0 HTTP/1.1" 304 -
200.122.210.122 - - [12/Sep/2023:11:28:59 -0500] "GET /sipse/faces/javax.faces.resource/primefaces.js?ln=primefaces&v=4.0 HTTP/1.1" 304 -
200.122.210.122 - - [12/Sep/2023:11:28:59 -0500] "GET /sipse/faces/javax.faces.resource/layout/layout.js?ln=primefaces&v=4.0 HTTP/1.1" 304 -
200.122.210.122 - - [12/Sep/2023:11:28:59 -0500] "POST /sipse/faces/presentacion/financiero/solicitudProceso/listarSolicitudProceso.xhtml HTTP/1.1" 200 41714
200.122.210.122 - - [12/Sep/2023:11:28:59 -0500] "POST /sipse/faces/presentacion/financiero/solicitudProceso/listarSolicitudProceso.xhtml HTTP/1.1" 200 41714
201.245.192.253 - - [12/Sep/2023:11:29:00 -0500] "POST /forms/lservlet;jsessionid=ac16012b30d6ec48b32ae6c641d48f3ac42886169fa3.e3iSbxaKaheRe34Rch0Ra3mLchv0n6jAmljGr5XDqQLvpAe HTTP/1.1" 200 176
200.122.210.122 - - [12/Sep/2023:11:28:59 -0500] "POST /sipse/faces/presentacion/financiero/solicitudProceso/listarSolicitudProceso.xhtml HTTP/1.1" 200 41714
200.122.210.122 - - [12/Sep/2023:11:29:00 -0500] "POST /sipse/faces/presentacion/financiero/solicitudProceso/listarSolicitudProceso.xhtml HTTP/1.1" 200 41714
200.122.210.122 - - [12/Sep/2023:11:29:00 -0500] "POST /sipse/faces/presentacion/financiero/solicitudProceso/listarSolicitudProceso.xhtml HTTP/1.1" 200 41714
200.122.210.122 - - [12/Sep/2023:11:29:00 -0500] "POST /sipse/faces/presentacion/financiero/solicitudProceso/listarSolicitudProceso.xhtml HTTP/1.1" 200 41714
200.122.210.122 - - [12/Sep/2023:11:29:00 -0500] "POST /sipse/faces/presentacion/financiero/solicitudProceso/listarSolicitudProceso.xhtml HTTP/1.1" 200 1472
200.122.210.122 - - [12/Sep/2023:11:29:00 -0500] "POST /sipse/faces/presentacion/financiero/solicitudProceso/listarSolicitudProceso.xhtml HTTP/1.1" 200 1484
200.122.210.122 - - [12/Sep/2023:11:29:00 -0500] "POST /sipse/faces/presentacion/financiero/solicitudProceso/listarSolicitudProceso.xhtml HTTP/1.1" 200 1480
200.122.210.122 - - [12/Sep/2023:11:29:00 -0500] "POST /sipse/faces/presentacion/financiero/solicitudProceso/listarSolicitudProceso.xhtml HTTP/1.1" 200 1484
200.122.210.122 - - [12/Sep/2023:11:29:00 -0500] "POST /sipse/faces/presentacion/financiero/solicitudProceso/listarSolicitudProceso.xhtml HTTP/1.1" 200 1480
200.122.210.122 - - [12/Sep/2023:11:29:00 -0500] "POST /sipse/faces/presentacion/financiero/solicitudProceso/listarSolicitudProceso.xhtml HTTP/1.1" 200 1484
200.122.210.122 - - [12/Sep/2023:11:29:01 -0500] "POST /sipse/faces/presentacion/financiero/solicitudProceso/listarSolicitudProceso.xhtml HTTP/1.1" 200 1480
201.245.192.253 - - [12/Sep/2023:11:29:02 -0500] "POST /forms/lservlet;jsessionid=ac16012b30d6ec48b32ae6c641d48f3ac42886169fa3.e3iSbxaKaheRe34Rch0Ra3mLchv0n6jAmljGr5XDqQLvpAe HTTP/1.1" 200 2
201.245.192.253 - - [12/Sep/2023:11:29:05 -0500] "POST /forms/lservlet;jsessionid=ac16012b30d6ec48b32ae6c641d48f3ac42886169fa3.e3iSbxaKaheRe34Rch0Ra3mLchv0n6jAmljGr5XDqQLvpAe HTTP/1.1" 200 2
201.245.192.253 - - [12/Sep/2023:11:29:07 -0500] "POST /forms/lservlet;jsessionid=ac16012b30d6ec48b32ae6c641d48f3ac42886169fa3.e3iSbxaKaheRe34Rch0Ra3mLchv0n6jAmljGr5XDqQLvpAe HTTP/1.1" 200 21
201.245.192.253 - - [12/Sep/2023:11:29:13 -0500] "POST /forms/lservlet;jsessionid=ac16012b30d6ec48b32ae6c641d48f3ac42886169fa3.e3iSbxaKaheRe34Rch0Ra3mLchv0n6jAmljGr5XDqQLvpAe HTTP/1.1" 200 176
201.245.192.253 - - [12/Sep/2023:11:29:15 -0500] "POST /forms/lservlet;jsessionid=ac16012b30d6ec48b32ae6c641d48f3ac42886169fa3.e3iSbxaKaheRe34Rch0Ra3mLchv0n6jAmljGr5XDqQLvpAe HTTP/1.1" 200 21
201.245.192.253 - - [12/Sep/2023:11:29:17 -0500] "POST /forms/lservlet;jsessionid=ac16012b30d6ec48b32ae6c641d48f3ac42886169fa3.e3iSbxaKaheRe34Rch0Ra3mLchv0n6jAmljGr5XDqQLvpAe HTTP/1.1" 200 2101
216.244.66.195 - - [12/Sep/2023:11:29:18 -0500] "GET /BLA/resoluciones/AUTOS%202012/0191.pdf HTTP/1.1" 200 323666
201.245.192.253 - - [12/Sep/2023:11:29:21 -0500] "POST /forms/lservlet;jsessionid=ac16012b30d6ec48b32ae6c641d48f3ac42886169fa3.e3iSbxaKaheRe34Rch0Ra3mLchv0n6jAmljGr5XDqQLvpAe HTTP/1.1" 200 2
216.245.221.92 - - [12/Sep/2023:11:29:34 -0500] "HEAD / HTTP/1.1" 200 -
216.244.66.195 - - [12/Sep/2023:11:29:45 -0500] "GET /BLA/resoluciones/AUTOS%202012/0192.pdf HTTP/1.1" 200 299315
201.245.192.253 - - [12/Sep/2023:11:30:07 -0500] "POST /forms/lservlet;jsessionid=ac16012b30d67c93eb41c0fe4863bf03b6c32dc73e16.e3iSbxaKaheRe34Rch0Ra3mLchv0n6jAmljGr5XDqQLvpAe HTTP/1.1" 200 2
