65.154.226.168 - - [15/Sep/2023:08:01:49 -0500] "GET /portaldeninos/wp-content/themes/betheme/css/responsive.css?ver=20.9.6 HTTP/1.1" 200 55740
65.154.226.168 - - [15/Sep/2023:08:01:49 -0500] "GET /portaldeninos/wp-content/plugins/gallery-videos/JS/modernizr.custom.js?ver=4.9.8 HTTP/1.1" 200 9019
65.154.226.168 - - [15/Sep/2023:08:01:49 -0500] "GET /portaldeninos/wp-includes/js/jquery/ui/widget.min.js?ver=1.11.4 HTTP/1.1" 200 6908
65.154.226.168 - - [15/Sep/2023:08:01:49 -0500] "GET /portaldeninos/wp-includes/js/jquery/ui/mouse.min.js?ver=1.11.4 HTTP/1.1" 200 3148
65.154.226.168 - - [15/Sep/2023:08:01:49 -0500] "GET /portaldeninos/wp-includes/js/jquery/ui/tabs.min.js?ver=1.11.4 HTTP/1.1" 200 12110
65.154.226.168 - - [15/Sep/2023:08:01:49 -0500] "GET /portaldeninos/wp-includes/js/jquery/jquery.js?ver=1.12.4 HTTP/1.1" 200 97184
65.154.226.168 - - [15/Sep/2023:08:01:49 -0500] "GET /portaldeninos/wp-includes/js/jquery/ui/accordion.min.js?ver=1.11.4 HTTP/1.1" 200 8584
65.154.226.168 - - [15/Sep/2023:08:01:49 -0500] "GET /portaldeninos/wp-content/plugins/gallery-videos/JS/Total-Soft-Gallery-Video-Widget.js?ver=4.9.8 HTTP/1.1" 200 80264
65.154.226.168 - - [15/Sep/2023:08:01:49 -0500] "GET /portaldeninos/wp-content/themes/betheme/js/menu.js?ver=20.9.6 HTTP/1.1" 200 2449
65.154.226.168 - - [15/Sep/2023:08:01:49 -0500] "GET /portaldeninos/wp-includes/js/jquery/ui/sortable.min.js?ver=1.11.4 HTTP/1.1" 200 24899
65.154.226.168 - - [15/Sep/2023:08:01:49 -0500] "GET /portaldeninos/wp-content/themes/betheme/assets/animations/animations.min.js?ver=20.9.6 HTTP/1.1" 200 1896
65.154.226.168 - - [15/Sep/2023:08:01:50 -0500] "GET /portaldeninos/wp-includes/js/wp-embed.min.js?ver=4.9.8 HTTP/1.1" 200 1398
65.154.226.168 - - [15/Sep/2023:08:01:49 -0500] "GET /portaldeninos/wp-content/themes/betheme/js/scripts.js?ver=20.9.6 HTTP/1.1" 200 77162
65.154.226.168 - - [15/Sep/2023:08:01:49 -0500] "GET /portaldeninos/wp-content/themes/betheme/assets/jplayer/jplayer.min.js?ver=20.9.6 HTTP/1.1" 200 52702
65.154.226.168 - - [15/Sep/2023:08:01:49 -0500] "GET /portaldeninos/wp-content/themes/betheme/js/plugins.js?ver=20.9.6 HTTP/1.1" 200 197151
65.154.226.168 - - [15/Sep/2023:08:01:50 -0500] "GET /portaldeninos/wp-includes/js/wp-emoji-release.min.js?ver=4.9.8 HTTP/1.1" 200 12026
65.154.226.168 - - [15/Sep/2023:08:01:50 -0500] "GET /portaldeninos/wp-content/themes/betheme/images/box_shadow.png HTTP/1.1" 200 108
65.154.226.168 - - [15/Sep/2023:08:01:50 -0500] "GET /portaldeninos/wp-content/themes/betheme/fonts/mfn-icons.woff?93978679 HTTP/1.1" 200 80932
172.22.2.4 - - [15/Sep/2023:08:00:33 -0500] "GET /BLA/boletinlegal/ HTTP/1.1" 200 54150
216.245.221.92 - - [15/Sep/2023:08:02:22 -0500] "HEAD / HTTP/1.1" 200 -
201.245.192.253 - - [15/Sep/2023:08:02:27 -0500] "POST /forms/lservlet;jsessionid=ac16012b30d6d19c31849e654dd38cb0cf62d49b9509.e3iSbxaKaheRe34Pbx8Nc3aQci1ynknvrkLOlQzNp65In0 HTTP/1.1" 200 2
201.245.192.253 - - [15/Sep/2023:08:02:35 -0500] "POST /kwsrmcab/Wsrmcab  HTTP/1.1" 200 213
173.252.87.12 - - [15/Sep/2023:08:02:53 -0500] "GET /cuales-son-los-tramites-ambientales-mas-solicitados-de-bogota.html HTTP/1.1" 200 840
17.246.15.162 - - [15/Sep/2023:08:03:08 -0500] "GET /decision-de-frenar-obras-en-el-zuque-es-caprichosa-y-priva-a-la-ciudadania-de-conocer-y-preservar-los-cerros-orientales-urrutia-secretaria-de-ambiente.html HTTP/1.1" 200 1018
201.245.192.253 - - [15/Sep/2023:08:03:32 -0500] "POST /forms/lservlet;jsessionid=ac16012b30d63d978f376e20424bb3f6ff930e63d6af.e3iSbxaKaheRe34Pbx8Nc3aQci1ynknvrkLOlQzNp65In0 HTTP/1.1" 200 2
201.245.192.253 - - [15/Sep/2023:08:04:27 -0500] "POST /forms/lservlet;jsessionid=ac16012b30d6d19c31849e654dd38cb0cf62d49b9509.e3iSbxaKaheRe34Pbx8Nc3aQci1ynknvrkLOlQzNp65In0 HTTP/1.1" 200 2
52.167.144.118 - - [15/Sep/2023:08:04:45 -0500] "GET /BLA/resoluciones/AUTOS%202022/5267.pdf HTTP/1.1" 304 -
52.167.144.182 - - [15/Sep/2023:08:04:53 -0500] "GET /derechos-humanos-eje-fundamental-en-la-toma-de-decisiones-en-la-emergencia-climatica.html HTTP/1.1" 304 -
201.245.192.253 - - [15/Sep/2023:08:05:32 -0500] "POST /forms/lservlet;jsessionid=ac16012b30d63d978f376e20424bb3f6ff930e63d6af.e3iSbxaKaheRe34Pbx8Nc3aQci1ynknvrkLOlQzNp65In0 HTTP/1.1" 200 2
201.245.192.253 - - [15/Sep/2023:08:06:27 -0500] "POST /forms/lservlet;jsessionid=ac16012b30d6d19c31849e654dd38cb0cf62d49b9509.e3iSbxaKaheRe34Pbx8Nc3aQci1ynknvrkLOlQzNp65In0 HTTP/1.1" 200 2
69.63.184.117 - - [15/Sep/2023:08:06:40 -0500] "GET /images/Zuque%20(1)%20(1).jpeg HTTP/1.1" 200 66921
191.156.159.53 - - [15/Sep/2023:08:07:03 -0500] "GET /decision-de-frenar-obras-en-el-zuque-es-caprichosa-y-priva-a-la-ciudadania-de-conocer-y-preservar-los-cerros-orientales-urrutia-secretaria-de-ambiente.html HTTP/1.1" 200 1018
172.22.2.4 - - [15/Sep/2023:08:05:32 -0500] "HEAD /BLA/boletinlegal/ HTTP/1.1" 200 -
216.245.221.92 - - [15/Sep/2023:08:07:22 -0500] "HEAD / HTTP/1.1" 200 -
201.245.192.253 - - [15/Sep/2023:08:07:32 -0500] "POST /forms/lservlet;jsessionid=ac16012b30d63d978f376e20424bb3f6ff930e63d6af.e3iSbxaKaheRe34Pbx8Nc3aQci1ynknvrkLOlQzNp65In0 HTTP/1.1" 200 2
201.245.192.253 - - [15/Sep/2023:08:07:35 -0500] "POST /kwsrmcab/Wsrmcab  HTTP/1.1" 200 213
172.22.2.4 - - [15/Sep/2023:08:06:23 -0500] "GET /BLA/boletinlegal/ HTTP/1.1" 200 58187
52.167.144.195 - - [15/Sep/2023:08:08:07 -0500] "GET /Publicaciones/2023EE191554.pdf HTTP/1.1" 404 228
128.199.178.45 - - [15/Sep/2023:08:08:14 -0500] "GET /.git/HEAD HTTP/1.1" 404 1013
201.245.192.253 - - [15/Sep/2023:08:08:27 -0500] "POST /forms/lservlet;jsessionid=ac16012b30d6d19c31849e654dd38cb0cf62d49b9509.e3iSbxaKaheRe34Pbx8Nc3aQci1ynknvrkLOlQzNp65In0 HTTP/1.1" 200 2
20.27.20.24 - - [15/Sep/2023:08:09:27 -0500] "GET /Publicaciones/2023EE191554.pdf HTTP/1.1" 404 228
201.245.192.253 - - [15/Sep/2023:08:09:32 -0500] "POST /forms/lservlet;jsessionid=ac16012b30d63d978f376e20424bb3f6ff930e63d6af.e3iSbxaKaheRe34Pbx8Nc3aQci1ynknvrkLOlQzNp65In0 HTTP/1.1" 200 2
172.22.2.4 - - [15/Sep/2023:08:10:26 -0500] "GET /BLA/boletinlegal/actos.php HTTP/1.1" 200 9682
172.22.2.4 - - [15/Sep/2023:08:10:26 -0500] "GET /BLA/boletinlegal/favicon.ico HTTP/1.1" 404 1326
201.245.192.253 - - [15/Sep/2023:08:10:27 -0500] "POST /forms/lservlet;jsessionid=ac16012b30d6d19c31849e654dd38cb0cf62d49b9509.e3iSbxaKaheRe34Pbx8Nc3aQci1ynknvrkLOlQzNp65In0 HTTP/1.1" 200 2
172.22.2.4 - - [15/Sep/2023:08:10:53 -0500] "GET /BLA/boletinlegal/consulta_actos.php?tipo=autos&no=8325&usuario=&sector=PEV&fecha=2022&resuelve= HTTP/1.1" 200 626
172.22.2.4 - - [15/Sep/2023:08:11:26 -0500] "GET /BLA/boletinlegal/consulta_actos.php?tipo=resoluciones&no=2532&usuario=&sector=PEV&fecha=2021&resuelve= HTTP/1.1" 200 626
172.22.2.4 - - [15/Sep/2023:08:11:31 -0500] "GET /BLA/boletinlegal/consulta_actos.php?tipo=resoluciones&no=2532&usuario=&sector=PEV&fecha=2021&resuelve= HTTP/1.1" 200 626
201.245.192.253 - - [15/Sep/2023:08:11:32 -0500] "POST /forms/lservlet;jsessionid=ac16012b30d63d978f376e20424bb3f6ff930e63d6af.e3iSbxaKaheRe34Pbx8Nc3aQci1ynknvrkLOlQzNp65In0 HTTP/1.1" 200 2
172.22.2.4 - - [15/Sep/2023:08:11:40 -0500] "GET /BLA/boletinlegal/actos.php HTTP/1.1" 200 9682
172.22.2.4 - - [15/Sep/2023:08:12:04 -0500] "GET /BLA/boletinlegal/consulta_actos.php?tipo=resoluciones&no=2532&usuario=&sector=PEV&fecha=2021&resuelve= HTTP/1.1" 200 626
216.244.66.195 - - [15/Sep/2023:08:12:05 -0500] "GET /BLA/resoluciones/AUTOS%202014/1557.pdf HTTP/1.1" 200 783589
181.62.14.35 - - [15/Sep/2023:08:12:10 -0500] "GET /decision-de-frenar-obras-en-el-zuque-es-caprichosa-y-priva-a-la-ciudadania-de-conocer-y-preservar-los-cerros-orientales-urrutia-secretaria-de-ambiente.html HTTP/1.1" 200 1018
216.245.221.92 - - [15/Sep/2023:08:12:22 -0500] "HEAD / HTTP/1.1" 200 -
201.245.192.253 - - [15/Sep/2023:08:12:27 -0500] "POST /forms/lservlet;jsessionid=ac16012b30d6d19c31849e654dd38cb0cf62d49b9509.e3iSbxaKaheRe34Pbx8Nc3aQci1ynknvrkLOlQzNp65In0 HTTP/1.1" 200 2
201.245.192.253 - - [15/Sep/2023:08:12:34 -0500] "POST /kwsrmcab/Wsrmcab  HTTP/1.1" 200 213
216.244.66.195 - - [15/Sep/2023:08:12:36 -0500] "GET /BLA/resoluciones/AUTOS%202015/0654.pdf HTTP/1.1" 200 872736
172.22.2.4 - - [15/Sep/2023:08:11:22 -0500] "HEAD /BLA/boletinlegal/ HTTP/1.1" 200 -
216.244.66.195 - - [15/Sep/2023:08:13:16 -0500] "GET /BLA/resoluciones/AUTOS%202015/0715.pdf HTTP/1.1" 200 778557
201.245.192.253 - - [15/Sep/2023:08:13:32 -0500] "POST /forms/lservlet;jsessionid=ac16012b30d63d978f376e20424bb3f6ff930e63d6af.e3iSbxaKaheRe34Pbx8Nc3aQci1ynknvrkLOlQzNp65In0 HTTP/1.1" 200 2
172.22.2.4 - - [15/Sep/2023:08:12:13 -0500] "GET /BLA/boletinlegal/ HTTP/1.1" 200 60342
216.244.66.195 - - [15/Sep/2023:08:14:06 -0500] "GET /BLA/resoluciones/AUTOS%202015/1883.pdf HTTP/1.1" 200 327380
201.245.192.253 - - [15/Sep/2023:08:14:30 -0500] "POST /forms/lservlet;jsessionid=ac16012b30d6d19c31849e654dd38cb0cf62d49b9509.e3iSbxaKaheRe34Pbx8Nc3aQci1ynknvrkLOlQzNp65In0 HTTP/1.1" 200 2
216.244.66.195 - - [15/Sep/2023:08:14:50 -0500] "GET /BLA/resoluciones/AUTOS%202017/1198.pdf HTTP/1.1" 200 321528
191.95.59.215 - - [15/Sep/2023:08:15:16 -0500] "GET /decision-de-frenar-obras-en-el-zuque-es-caprichosa-y-priva-a-la-ciudadania-de-conocer-y-preservar-los-cerros-orientales-urrutia-secretaria-de-ambiente.html HTTP/1.1" 200 1018
201.245.192.253 - - [15/Sep/2023:08:15:32 -0500] "POST /forms/lservlet;jsessionid=ac16012b30d63d978f376e20424bb3f6ff930e63d6af.e3iSbxaKaheRe34Pbx8Nc3aQci1ynknvrkLOlQzNp65In0 HTTP/1.1" 200 2
216.244.66.195 - - [15/Sep/2023:08:15:33 -0500] "GET /BLA/resoluciones/AUTOS%202017/1802.pdf HTTP/1.1" 200 285693
186.28.199.248 - - [15/Sep/2023:08:15:55 -0500] "GET /decision-de-frenar-obras-en-el-zuque-es-caprichosa-y-priva-a-la-ciudadania-de-conocer-y-preservar-los-cerros-orientales-urrutia-secretaria-de-ambiente.html HTTP/1.1" 200 1018
181.234.210.165 - - [15/Sep/2023:08:16:04 -0500] "GET /decision-de-frenar-obras-en-el-zuque-es-caprichosa-y-priva-a-la-ciudadania-de-conocer-y-preservar-los-cerros-orientales-urrutia-secretaria-de-ambiente.html HTTP/1.1" 200 1018
172.22.2.4 - - [15/Sep/2023:08:16:06 -0500] "GET /BLA/boletinlegal/favicon.ico HTTP/1.1" 404 1326
216.244.66.195 - - [15/Sep/2023:08:16:14 -0500] "GET /BLA/resoluciones/AUTOS%202017/2864.pdf HTTP/1.1" 200 274530
201.245.192.253 - - [15/Sep/2023:08:16:30 -0500] "POST /forms/lservlet;jsessionid=ac16012b30d6d19c31849e654dd38cb0cf62d49b9509.e3iSbxaKaheRe34Pbx8Nc3aQci1ynknvrkLOlQzNp65In0 HTTP/1.1" 200 2
216.244.66.195 - - [15/Sep/2023:08:16:57 -0500] "GET /BLA/resoluciones/AUTOS%202017/3289.pdf HTTP/1.1" 200 267808
207.46.13.154 - - [15/Sep/2023:08:16:57 -0500] "GET /portaldeninos/gestion-del-riesgo-incendios-forestales/ HTTP/1.1" 200 86825
216.245.221.92 - - [15/Sep/2023:08:17:22 -0500] "HEAD / HTTP/1.1" 200 -
201.245.192.253 - - [15/Sep/2023:08:17:32 -0500] "POST /forms/lservlet;jsessionid=ac16012b30d63d978f376e20424bb3f6ff930e63d6af.e3iSbxaKaheRe34Pbx8Nc3aQci1ynknvrkLOlQzNp65In0 HTTP/1.1" 200 2
201.245.192.253 - - [15/Sep/2023:08:17:33 -0500] "POST /kwsrmcab/Wsrmcab  HTTP/1.1" 200 213
216.244.66.195 - - [15/Sep/2023:08:17:37 -0500] "GET /BLA/resoluciones/AUTOS%202018/0926.pdf HTTP/1.1" 200 277717
216.244.66.195 - - [15/Sep/2023:08:18:19 -0500] "GET /BLA/resoluciones/AUTOS%202018/0971.pdf HTTP/1.1" 200 267883
201.245.192.253 - - [15/Sep/2023:08:18:17 -0500] "POST /kwsrmcab/Wsrmcab HTTP/1.1" 200 42411
201.245.192.253 - - [15/Sep/2023:08:18:20 -0500] "POST /kwsrmcab/Wsrmcab HTTP/1.1" 200 38939
201.245.192.253 - - [15/Sep/2023:08:18:30 -0500] "POST /forms/lservlet;jsessionid=ac16012b30d6d19c31849e654dd38cb0cf62d49b9509.e3iSbxaKaheRe34Pbx8Nc3aQci1ynknvrkLOlQzNp65In0 HTTP/1.1" 200 2
172.22.2.4 - - [15/Sep/2023:08:18:48 -0500] "GET /BLA/boletinlegal/actos.php HTTP/1.1" 200 9682
172.22.2.4 - - [15/Sep/2023:08:17:12 -0500] "HEAD /BLA/boletinlegal/ HTTP/1.1" 200 -
216.244.66.195 - - [15/Sep/2023:08:18:57 -0500] "GET /BLA/resoluciones/AUTOS%202018/3478.pdf HTTP/1.1" 200 216000
172.22.2.4 - - [15/Sep/2023:08:18:46 -0500] "GET /BLA/boletinlegal/ HTTP/1.1" 200 24523
216.244.66.195 - - [15/Sep/2023:08:19:28 -0500] "GET /BLA/resoluciones/AUTOS%202018/3577.pdf HTTP/1.1" 200 272116
201.245.192.253 - - [15/Sep/2023:08:19:32 -0500] "POST /forms/lservlet;jsessionid=ac16012b30d63d978f376e20424bb3f6ff930e63d6af.e3iSbxaKaheRe34Pbx8Nc3aQci1ynknvrkLOlQzNp65In0 HTTP/1.1" 200 2
173.252.79.113 - - [15/Sep/2023:08:19:34 -0500] "GET /images/Zuque%20(1)%20(1).jpeg HTTP/1.1" 200 66921
172.22.2.4 - - [15/Sep/2023:08:19:35 -0500] "GET /BLA/boletinlegal/consulta_actos.php?tipo=resoluciones&no=0722&usuario=&sector=&fecha=2021&resuelve= HTTP/1.1" 200 1101
191.156.184.46 - - [15/Sep/2023:08:19:37 -0500] "GET /BLA/resoluciones/RESOLUCIONES%202021/0722.pdf HTTP/1.1" 200 593893
172.22.2.4 - - [15/Sep/2023:08:18:03 -0500] "GET /BLA/boletinlegal/ HTTP/1.1" 200 56970
216.244.66.195 - - [15/Sep/2023:08:20:06 -0500] "GET /BLA/resoluciones/AUTOS%202018/3674.pdf HTTP/1.1" 200 598800
172.22.2.4 - - [15/Sep/2023:08:20:13 -0500] "GET /BLA/boletinlegal/conceptos.php HTTP/1.1" 200 7496
172.22.2.4 - - [15/Sep/2023:08:20:16 -0500] "GET /BLA/boletinlegal/js/ajax_conceptos.js HTTP/1.1" 200 1326
201.245.192.253 - - [15/Sep/2023:08:20:30 -0500] "POST /forms/lservlet;jsessionid=ac16012b30d6d19c31849e654dd38cb0cf62d49b9509.e3iSbxaKaheRe34Pbx8Nc3aQci1ynknvrkLOlQzNp65In0 HTTP/1.1" 200 2
216.244.66.195 - - [15/Sep/2023:08:20:45 -0500] "GET /BLA/resoluciones/AUTOS%202018/3681.pdf HTTP/1.1" 200 341421
216.244.66.195 - - [15/Sep/2023:08:21:15 -0500] "GET /BLA/resoluciones/AUTOS%202018/3747.pdf HTTP/1.1" 200 269522
201.245.192.253 - - [15/Sep/2023:08:21:32 -0500] "POST /forms/lservlet;jsessionid=ac16012b30d63d978f376e20424bb3f6ff930e63d6af.e3iSbxaKaheRe34Pbx8Nc3aQci1ynknvrkLOlQzNp65In0 HTTP/1.1" 200 2
216.244.66.195 - - [15/Sep/2023:08:21:45 -0500] "GET /BLA/resoluciones/AUTOS%202018/3901.pdf HTTP/1.1" 200 264014
216.244.66.195 - - [15/Sep/2023:08:22:14 -0500] "GET /BLA/resoluciones/AUTOS%202018/3912.pdf HTTP/1.1" 200 285337
216.245.221.92 - - [15/Sep/2023:08:22:22 -0500] "HEAD / HTTP/1.1" 200 -
201.245.192.253 - - [15/Sep/2023:08:22:30 -0500] "POST /forms/lservlet;jsessionid=ac16012b30d6d19c31849e654dd38cb0cf62d49b9509.e3iSbxaKaheRe34Pbx8Nc3aQci1ynknvrkLOlQzNp65In0 HTTP/1.1" 200 2
201.245.192.253 - - [15/Sep/2023:08:22:32 -0500] "POST /kwsrmcab/Wsrmcab  HTTP/1.1" 200 213
216.244.66.195 - - [15/Sep/2023:08:22:44 -0500] "GET /BLA/resoluciones/AUTOS%202019/2448.pdf HTTP/1.1" 200 739518
65.154.226.168 - - [15/Sep/2023:08:23:05 -0500] "GET /portaldeninos/wp-content/uploads/useanyfont/uaf.css?ver=1589905315 HTTP/1.1" 200 408
65.154.226.168 - - [15/Sep/2023:08:23:05 -0500] "GET /portaldeninos/wp-content/themes/betheme/style.css?ver=20.9.6 HTTP/1.1" 200 287
65.154.226.168 - - [15/Sep/2023:08:23:05 -0500] "GET /portaldeninos/wp-content/plugins/gallery-videos/CSS/totalsoft.css?ver=4.9.8 HTTP/1.1" 200 40622
65.154.226.168 - - [15/Sep/2023:08:23:05 -0500] "GET /portaldeninos/wp-content/themes/betheme/css/base.css?ver=20.9.6 HTTP/1.1" 200 57283
65.154.226.168 - - [15/Sep/2023:08:23:05 -0500] "GET /portaldeninos/wp-content/plugins/gallery-videos/CSS/Total-Soft-Gallery-Video-Widget.css?ver=4.9.8 HTTP/1.1" 200 51554
65.154.226.168 - - [15/Sep/2023:08:23:05 -0500] "GET /portaldeninos/wp-content/themes/betheme/assets/animations/animations.min.css?ver=20.9.6 HTTP/1.1" 200 58508
65.154.226.168 - - [15/Sep/2023:08:23:06 -0500] "GET /portaldeninos/wp-content/themes/betheme/assets/ui/jquery.ui.all.css?ver=20.9.6 HTTP/1.1" 200 18765
65.154.226.168 - - [15/Sep/2023:08:23:06 -0500] "GET /portaldeninos/wp-content/themes/betheme/assets/jplayer/css/jplayer.blue.monday.css?ver=20.9.6 HTTP/1.1" 200 9834
65.154.226.168 - - [15/Sep/2023:08:23:05 -0500] "GET /portaldeninos/wp-content/themes/betheme/css/layout.css?ver=20.9.6 HTTP/1.1" 200 116639
65.154.226.168 - - [15/Sep/2023:08:23:06 -0500] "GET /portaldeninos/wp-content/plugins/google-analytics-for-wordpress/assets/js/frontend-gtag.min.js?ver=8.5.0 HTTP/1.1" 200 11801
65.154.226.168 - - [15/Sep/2023:08:23:05 -0500] "GET /portaldeninos/wp-content/themes/betheme/css/shortcodes.css?ver=20.9.6 HTTP/1.1" 200 138889
65.154.226.168 - - [15/Sep/2023:08:23:06 -0500] "GET /portaldeninos/wp-includes/js/jquery/jquery-migrate.min.js?ver=1.4.1 HTTP/1.1" 200 10056
65.154.226.168 - - [15/Sep/2023:08:23:06 -0500] "GET /portaldeninos/wp-includes/js/jquery/ui/core.min.js?ver=1.11.4 HTTP/1.1" 200 4000
65.154.226.168 - - [15/Sep/2023:08:23:06 -0500] "GET /portaldeninos/wp-content/plugins/gallery-videos/JS/modernizr.custom.js?ver=4.9.8 HTTP/1.1" 200 9019
65.154.226.168 - - [15/Sep/2023:08:23:06 -0500] "GET /portaldeninos/wp-content/themes/betheme/css/responsive.css?ver=20.9.6 HTTP/1.1" 200 55740
65.154.226.168 - - [15/Sep/2023:08:23:06 -0500] "GET /portaldeninos/wp-includes/js/jquery/ui/widget.min.js?ver=1.11.4 HTTP/1.1" 200 6908
65.154.226.168 - - [15/Sep/2023:08:23:06 -0500] "GET /portaldeninos/wp-includes/js/jquery/ui/mouse.min.js?ver=1.11.4 HTTP/1.1" 200 3148
65.154.226.168 - - [15/Sep/2023:08:23:06 -0500] "GET /portaldeninos/wp-includes/js/jquery/jquery.js?ver=1.12.4 HTTP/1.1" 200 97184
65.154.226.168 - - [15/Sep/2023:08:23:06 -0500] "GET /portaldeninos/wp-includes/js/jquery/ui/tabs.min.js?ver=1.11.4 HTTP/1.1" 200 12110
65.154.226.168 - - [15/Sep/2023:08:23:06 -0500] "GET /portaldeninos/wp-includes/js/jquery/ui/accordion.min.js?ver=1.11.4 HTTP/1.1" 200 8584
65.154.226.168 - - [15/Sep/2023:08:23:06 -0500] "GET /portaldeninos/wp-content/themes/betheme/js/menu.js?ver=20.9.6 HTTP/1.1" 200 2449
65.154.226.168 - - [15/Sep/2023:08:23:06 -0500] "GET /portaldeninos/wp-content/plugins/gallery-videos/JS/Total-Soft-Gallery-Video-Widget.js?ver=4.9.8 HTTP/1.1" 200 80264
65.154.226.168 - - [15/Sep/2023:08:23:06 -0500] "GET /portaldeninos/wp-includes/js/jquery/ui/sortable.min.js?ver=1.11.4 HTTP/1.1" 200 24899
65.154.226.168 - - [15/Sep/2023:08:23:06 -0500] "GET /portaldeninos/wp-content/themes/betheme/assets/animations/animations.min.js?ver=20.9.6 HTTP/1.1" 200 1896
65.154.226.168 - - [15/Sep/2023:08:23:06 -0500] "GET /portaldeninos/wp-includes/js/wp-embed.min.js?ver=4.9.8 HTTP/1.1" 200 1398
65.154.226.168 - - [15/Sep/2023:08:23:06 -0500] "GET /portaldeninos/wp-content/themes/betheme/assets/jplayer/jplayer.min.js?ver=20.9.6 HTTP/1.1" 200 52702
65.154.226.168 - - [15/Sep/2023:08:23:06 -0500] "GET /portaldeninos/wp-content/themes/betheme/js/plugins.js?ver=20.9.6 HTTP/1.1" 200 197151
65.154.226.168 - - [15/Sep/2023:08:23:06 -0500] "GET /portaldeninos/wp-content/themes/betheme/js/scripts.js?ver=20.9.6 HTTP/1.1" 200 77162
65.154.226.168 - - [15/Sep/2023:08:23:07 -0500] "GET /portaldeninos/wp-includes/js/wp-emoji-release.min.js?ver=4.9.8 HTTP/1.1" 200 12026
65.154.226.168 - - [15/Sep/2023:08:23:07 -0500] "GET /portaldeninos/wp-content/themes/betheme/images/box_shadow.png HTTP/1.1" 200 108
65.154.226.168 - - [15/Sep/2023:08:23:07 -0500] "GET /portaldeninos/wp-content/themes/betheme/fonts/mfn-icons.woff?93978679 HTTP/1.1" 200 80932
216.244.66.195 - - [15/Sep/2023:08:23:11 -0500] "GET /BLA/resoluciones/AUTOS%202020/0184.pdf HTTP/1.1" 200 270250
201.245.192.253 - - [15/Sep/2023:08:23:32 -0500] "POST /forms/lservlet;jsessionid=ac16012b30d63d978f376e20424bb3f6ff930e63d6af.e3iSbxaKaheRe34Pbx8Nc3aQci1ynknvrkLOlQzNp65In0 HTTP/1.1" 200 2
216.244.66.195 - - [15/Sep/2023:08:23:38 -0500] "GET /BLA/resoluciones/AUTOS%202020/0353.pdf HTTP/1.1" 200 284032
216.244.66.195 - - [15/Sep/2023:08:24:03 -0500] "GET /BLA/resoluciones/AUTOS%202020/1295.pdf HTTP/1.1" 200 361619
201.245.192.253 - - [15/Sep/2023:08:24:30 -0500] "POST /forms/lservlet;jsessionid=ac16012b30d6d19c31849e654dd38cb0cf62d49b9509.e3iSbxaKaheRe34Pbx8Nc3aQci1ynknvrkLOlQzNp65In0 HTTP/1.1" 200 2
216.244.66.195 - - [15/Sep/2023:08:24:36 -0500] "GET /BLA/resoluciones/AUTOS%202020/1586.pdf HTTP/1.1" 200 581651
172.22.2.4 - - [15/Sep/2023:08:23:02 -0500] "HEAD /BLA/boletinlegal/ HTTP/1.1" 200 -
216.244.66.195 - - [15/Sep/2023:08:25:03 -0500] "GET /BLA/resoluciones/AUTOS%202020/1610.pdf HTTP/1.1" 200 351906
186.29.177.131 - - [15/Sep/2023:08:25:05 -0500] "GET /decision-de-frenar-obras-en-el-zuque-es-caprichosa-y-priva-a-la-ciudadania-de-conocer-y-preservar-los-cerros-orientales-urrutia-secretaria-de-ambiente.html HTTP/1.1" 200 1018
216.244.66.195 - - [15/Sep/2023:08:25:29 -0500] "GET /BLA/resoluciones/AUTOS%202020/1980.pdf HTTP/1.1" 200 442992
201.245.192.253 - - [15/Sep/2023:08:25:32 -0500] "POST /forms/lservlet;jsessionid=ac16012b30d63d978f376e20424bb3f6ff930e63d6af.e3iSbxaKaheRe34Pbx8Nc3aQci1ynknvrkLOlQzNp65In0 HTTP/1.1" 200 2
172.22.2.4 - - [15/Sep/2023:08:23:53 -0500] "GET /BLA/boletinlegal/ HTTP/1.1" 200 60342
216.244.66.195 - - [15/Sep/2023:08:25:53 -0500] "GET /BLA/resoluciones/AUTOS%202020/2094.pdf HTTP/1.1" 200 356867
186.155.70.62 - - [15/Sep/2023:08:26:00 -0500] "GET /portaldeninos/ HTTP/1.1" 200 110179
186.155.70.62 - - [15/Sep/2023:08:26:00 -0500] "GET /portaldeninos/wp-includes/js/wp-emoji-release.min.js?ver=4.9.8 HTTP/1.1" 200 12026
186.155.70.62 - - [15/Sep/2023:08:26:00 -0500] "GET /portaldeninos/wp-content/uploads/useanyfont/uaf.css?ver=1589905315 HTTP/1.1" 200 408
186.155.70.62 - - [15/Sep/2023:08:26:00 -0500] "GET /portaldeninos/wp-content/themes/betheme/style.css?ver=20.9.6 HTTP/1.1" 200 287
186.155.70.62 - - [15/Sep/2023:08:26:00 -0500] "GET /portaldeninos/wp-content/themes/betheme/css/layout.css?ver=20.9.6 HTTP/1.1" 200 116639
186.155.70.62 - - [15/Sep/2023:08:26:00 -0500] "GET /portaldeninos/wp-content/plugins/gallery-videos/CSS/totalsoft.css?ver=4.9.8 HTTP/1.1" 200 40622
186.155.70.62 - - [15/Sep/2023:08:26:00 -0500] "GET /portaldeninos/wp-content/plugins/gallery-videos/CSS/Total-Soft-Gallery-Video-Widget.css?ver=4.9.8 HTTP/1.1" 200 51554
186.155.70.62 - - [15/Sep/2023:08:26:00 -0500] "GET /portaldeninos/wp-content/themes/betheme/assets/animations/animations.min.css?ver=20.9.6 HTTP/1.1" 200 58508
186.155.70.62 - - [15/Sep/2023:08:26:00 -0500] "GET /portaldeninos/wp-content/themes/betheme/assets/jplayer/css/jplayer.blue.monday.css?ver=20.9.6 HTTP/1.1" 200 9834
186.155.70.62 - - [15/Sep/2023:08:26:00 -0500] "GET /portaldeninos/wp-content/themes/betheme/css/base.css?ver=20.9.6 HTTP/1.1" 200 57283
186.155.70.62 - - [15/Sep/2023:08:26:00 -0500] "GET /portaldeninos/wp-content/themes/betheme/assets/ui/jquery.ui.all.css?ver=20.9.6 HTTP/1.1" 200 18765
186.155.70.62 - - [15/Sep/2023:08:26:00 -0500] "GET /portaldeninos/wp-content/plugins/popup-maker/assets/css/site.min.css?ver=1.8.14 HTTP/1.1" 200 8260
186.155.70.62 - - [15/Sep/2023:08:26:00 -0500] "GET /portaldeninos/wp-content/plugins/google-analytics-for-wordpress/assets/js/frontend-gtag.min.js?ver=8.5.0 HTTP/1.1" 200 11801
186.155.70.62 - - [15/Sep/2023:08:26:00 -0500] "GET /portaldeninos/wp-includes/js/jquery/jquery-migrate.min.js?ver=1.4.1 HTTP/1.1" 200 10056
186.155.70.62 - - [15/Sep/2023:08:26:00 -0500] "GET /portaldeninos/wp-includes/js/jquery/ui/core.min.js?ver=1.11.4 HTTP/1.1" 200 4000
186.155.70.62 - - [15/Sep/2023:08:26:00 -0500] "GET /portaldeninos/wp-content/plugins/gallery-videos/JS/modernizr.custom.js?ver=4.9.8 HTTP/1.1" 200 9019
186.155.70.62 - - [15/Sep/2023:08:26:00 -0500] "GET /portaldeninos/wp-content/themes/betheme/css/responsive.css?ver=20.9.6 HTTP/1.1" 200 55740
186.155.70.62 - - [15/Sep/2023:08:26:00 -0500] "GET /portaldeninos/wp-content/themes/betheme/css/shortcodes.css?ver=20.9.6 HTTP/1.1" 200 138889
186.155.70.62 - - [15/Sep/2023:08:26:00 -0500] "GET /portaldeninos/wp-includes/js/jquery/jquery.js?ver=1.12.4 HTTP/1.1" 200 97184
186.155.70.62 - - [15/Sep/2023:08:26:00 -0500] "GET /portaldeninos/wp-includes/js/jquery/ui/widget.min.js?ver=1.11.4 HTTP/1.1" 200 6908
186.155.70.62 - - [15/Sep/2023:08:26:00 -0500] "GET /portaldeninos/wp-includes/js/jquery/ui/tabs.min.js?ver=1.11.4 HTTP/1.1" 200 12110
186.155.70.62 - - [15/Sep/2023:08:26:00 -0500] "GET /portaldeninos/wp-includes/js/jquery/ui/mouse.min.js?ver=1.11.4 HTTP/1.1" 200 3148
186.155.70.62 - - [15/Sep/2023:08:26:00 -0500] "GET /portaldeninos/wp-includes/js/jquery/ui/sortable.min.js?ver=1.11.4 HTTP/1.1" 200 24899
186.155.70.62 - - [15/Sep/2023:08:26:00 -0500] "GET /portaldeninos/wp-content/plugins/gallery-videos/JS/Total-Soft-Gallery-Video-Widget.js?ver=4.9.8 HTTP/1.1" 200 80264
186.155.70.62 - - [15/Sep/2023:08:26:00 -0500] "GET /portaldeninos/wp-includes/js/jquery/ui/accordion.min.js?ver=1.11.4 HTTP/1.1" 200 8584
186.155.70.62 - - [15/Sep/2023:08:26:00 -0500] "GET /portaldeninos/wp-content/themes/betheme/js/menu.js?ver=20.9.6 HTTP/1.1" 200 2449
186.155.70.62 - - [15/Sep/2023:08:26:00 -0500] "GET /portaldeninos/wp-content/themes/betheme/assets/animations/animations.min.js?ver=20.9.6 HTTP/1.1" 200 1896
186.155.70.62 - - [15/Sep/2023:08:26:00 -0500] "GET /portaldeninos/wp-includes/js/jquery/ui/position.min.js?ver=1.11.4 HTTP/1.1" 200 6527
186.155.70.62 - - [15/Sep/2023:08:26:00 -0500] "GET /portaldeninos/wp-includes/js/wp-embed.min.js?ver=4.9.8 HTTP/1.1" 200 1398
186.155.70.62 - - [15/Sep/2023:08:26:00 -0500] "GET /portaldeninos/wp-content/themes/betheme/assets/jplayer/jplayer.min.js?ver=20.9.6 HTTP/1.1" 200 52702
186.155.70.62 - - [15/Sep/2023:08:26:00 -0500] "GET /portaldeninos/wp-content/themes/betheme/js/scripts.js?ver=20.9.6 HTTP/1.1" 200 77162
186.155.70.62 - - [15/Sep/2023:08:26:00 -0500] "GET /portaldeninos/wp-content/plugins/popup-maker/assets/js/site.min.js?defer&ver=1.8.14 HTTP/1.1" 200 48457
186.155.70.62 - - [15/Sep/2023:08:26:00 -0500] "GET /portaldeninos/wp-content/themes/betheme/js/plugins.js?ver=20.9.6 HTTP/1.1" 200 197151
186.155.70.62 - - [15/Sep/2023:08:26:00 -0500] "GET /portaldeninos/wp-content/uploads/2019/08/Logo-Ambientic.png HTTP/1.1" 200 22941
186.155.70.62 - - [15/Sep/2023:08:26:01 -0500] "GET /portaldeninos/wp-content/uploads/2021/06/titulo-miambiente-ni%C3%B1os.png HTTP/1.1" 200 11944
186.155.70.62 - - [15/Sep/2023:08:26:00 -0500] "GET /portaldeninos/wp-content/uploads/2021/06/titulo-cabezote-ni%C3%B1os.png HTTP/1.1" 200 64425
186.155.70.62 - - [15/Sep/2023:08:26:01 -0500] "GET /portaldeninos/wp-content/themes/betheme/fonts/mfn-icons.woff?93978679 HTTP/1.1" 200 80932
186.155.70.62 - - [15/Sep/2023:08:26:01 -0500] "GET /portaldeninos/wp-content/uploads/2018/10/oso.jpg HTTP/1.1" 200 305180
186.155.70.62 - - [15/Sep/2023:08:26:01 -0500] "GET /portaldeninos/wp-content/uploads/2018/11/tigrillo.jpg HTTP/1.1" 200 402961
186.155.70.62 - - [15/Sep/2023:08:26:01 -0500] "GET /portaldeninos/wp-content/uploads/2018/11/caneca.jpg HTTP/1.1" 200 262661
186.155.70.62 - - [15/Sep/2023:08:26:01 -0500] "GET /portaldeninos/wp-content/uploads/2020/01/Tierra-escenario.jpg HTTP/1.1" 200 181491
186.155.70.62 - - [15/Sep/2023:08:26:01 -0500] "GET /portaldeninos/wp-content/uploads/2019/06/CabezoteAMBIENTIC.mp4 HTTP/1.1" 206 2
186.155.70.62 - - [15/Sep/2023:08:26:01 -0500] "GET /portaldeninos/wp-content/uploads/2023/08/Infografia-Web-Infantil.mp4 HTTP/1.1" 206 2
186.155.70.62 - - [15/Sep/2023:08:26:01 -0500] "GET /portaldeninos/wp-content/uploads/2021/06/titulo-videos-ni%C3%B1os.png HTTP/1.1" 200 10502
186.155.70.62 - - [15/Sep/2023:08:26:01 -0500] "GET /portaldeninos/wp-content/uploads/2021/06/titulo-humedales-ni%C3%B1os.png HTTP/1.1" 200 13361
186.155.70.62 - - [15/Sep/2023:08:26:01 -0500] "GET /portaldeninos/wp-content/uploads/2020/01/Frailejon-escenario.jpg HTTP/1.1" 200 357472
186.155.70.62 - - [15/Sep/2023:08:26:01 -0500] "GET /portaldeninos/wp-content/uploads/2020/05/fb.jpg HTTP/1.1" 200 9893
186.155.70.62 - - [15/Sep/2023:08:26:01 -0500] "GET /portaldeninos/wp-content/uploads/2019/06/CabezoteAMBIENTIC.mp4 HTTP/1.1" 206 1481078
186.155.70.62 - - [15/Sep/2023:08:26:01 -0500] "GET /portaldeninos/wp-content/themes/betheme/images/box_shadow.png HTTP/1.1" 200 108
186.155.70.62 - - [15/Sep/2023:08:26:01 -0500] "GET /portaldeninos/wp-content/uploads/2020/05/ig.jpg HTTP/1.1" 200 11470
186.155.70.62 - - [15/Sep/2023:08:26:01 -0500] "GET /portaldeninos/wp-content/uploads/2023/08/Infografia-Web-Infantil.mp4 HTTP/1.1" 206 1526782
186.155.70.62 - - [15/Sep/2023:08:26:01 -0500] "GET /portaldeninos/wp-content/uploads/2020/06/yt.jpg HTTP/1.1" 200 10577
186.155.70.62 - - [15/Sep/2023:08:26:01 -0500] "GET /portaldeninos/wp-content/themes/betheme/images/stripes/stripes_3_b.png HTTP/1.1" 200 974
186.155.70.62 - - [15/Sep/2023:08:26:01 -0500] "GET /portaldeninos/wp-content/uploads/2020/06/tw.jpg HTTP/1.1" 200 11056
186.155.70.62 - - [15/Sep/2023:08:26:01 -0500] "GET /portaldeninos/wp-content/uploads/2022/08/Infograf%C3%ADa-humedales-actualizada.png HTTP/1.1" 200 588022
186.155.70.62 - - [15/Sep/2023:08:26:02 -0500] "GET /portaldeninos/wp-json/pum/v1/analytics/?event=open&pid=1126&_cache=1694784332860 HTTP/1.1" 204 -
186.155.70.62 - - [15/Sep/2023:08:26:02 -0500] "GET /portaldeninos/wp-content/uploads/2023/08/Infografia-Web-Infantil.mp4 HTTP/1.1" 206 2550357
186.155.70.62 - - [15/Sep/2023:08:26:02 -0500] "GET /portaldeninos/wp-content/uploads/2019/06/CabezoteAMBIENTIC.mp4 HTTP/1.1" 206 775441
186.155.70.62 - - [15/Sep/2023:08:26:01 -0500] "GET /portaldeninos/wp-content/uploads/2022/08/HUmedalConejera03-1.jpg HTTP/1.1" 200 4092040
216.244.66.195 - - [15/Sep/2023:08:26:19 -0500] "GET /BLA/resoluciones/AUTOS%202020/2098.pdf HTTP/1.1" 200 2516614
201.245.192.253 - - [15/Sep/2023:08:26:30 -0500] "POST /forms/lservlet;jsessionid=ac16012b30d6d19c31849e654dd38cb0cf62d49b9509.e3iSbxaKaheRe34Pbx8Nc3aQci1ynknvrkLOlQzNp65In0 HTTP/1.1" 200 2
216.244.66.195 - - [15/Sep/2023:08:26:51 -0500] "GET /BLA/resoluciones/AUTOS%202020/2343.pdf HTTP/1.1" 200 355944
216.245.221.92 - - [15/Sep/2023:08:27:22 -0500] "HEAD / HTTP/1.1" 200 -
216.244.66.195 - - [15/Sep/2023:08:27:22 -0500] "GET /BLA/resoluciones/AUTOS%202020/2415.pdf HTTP/1.1" 200 309843
201.245.192.253 - - [15/Sep/2023:08:27:32 -0500] "POST /forms/lservlet;jsessionid=ac16012b30d63d978f376e20424bb3f6ff930e63d6af.e3iSbxaKaheRe34Pbx8Nc3aQci1ynknvrkLOlQzNp65In0 HTTP/1.1" 200 2
201.245.192.253 - - [15/Sep/2023:08:27:31 -0500] "POST /kwsrmcab/Wsrmcab  HTTP/1.1" 200 213
157.55.39.11 - - [15/Sep/2023:08:27:48 -0500] "GET /portaldeninos/author/adminportalninos/page/9/ HTTP/1.1" 200 102846
52.167.144.196 - - [15/Sep/2023:08:27:51 -0500] "GET /BLA/resoluciones/AUTOS%202018/5036.pdf HTTP/1.1" 304 -
216.244.66.195 - - [15/Sep/2023:08:27:52 -0500] "GET /BLA/resoluciones/AUTOS%202020/2677.pdf HTTP/1.1" 200 2325652
52.167.144.196 - - [15/Sep/2023:08:27:52 -0500] "GET /Autoliquidacion/index.php?dir=Solicitudes+relacionadas+con+calidad+del+aire+auditiva+y+visual%2FRegistro+de+Elementos+de+publicidad+Exterior+Visual%2F HTTP/1.1" 200 4534
201.245.192.253 - - [15/Sep/2023:08:28:17 -0500] "POST /kwsrmcab/Wsrmcab HTTP/1.1" 200 42411
201.245.192.253 - - [15/Sep/2023:08:28:19 -0500] "POST /kwsrmcab/Wsrmcab HTTP/1.1" 200 38939
216.244.66.195 - - [15/Sep/2023:08:28:24 -0500] "GET /BLA/resoluciones/AUTOS%202020/2789.pdf HTTP/1.1" 200 344166
201.245.192.253 - - [15/Sep/2023:08:28:30 -0500] "POST /forms/lservlet;jsessionid=ac16012b30d6d19c31849e654dd38cb0cf62d49b9509.e3iSbxaKaheRe34Pbx8Nc3aQci1ynknvrkLOlQzNp65In0 HTTP/1.1" 200 2
52.167.144.16 - - [15/Sep/2023:08:28:48 -0500] "GET /Autoliquidacion/dlf/styles.css HTTP/1.1" 200 3045
216.244.66.195 - - [15/Sep/2023:08:28:54 -0500] "GET /BLA/resoluciones/AUTOS%202020/2910.pdf HTTP/1.1" 200 387471
216.244.66.195 - - [15/Sep/2023:08:29:24 -0500] "GET /BLA/resoluciones/AUTOS%202020/2980.pdf HTTP/1.1" 200 376856
201.245.192.253 - - [15/Sep/2023:08:29:32 -0500] "POST /forms/lservlet;jsessionid=ac16012b30d63d978f376e20424bb3f6ff930e63d6af.e3iSbxaKaheRe34Pbx8Nc3aQci1ynknvrkLOlQzNp65In0 HTTP/1.1" 200 2
172.22.2.4 - - [15/Sep/2023:08:29:40 -0500] "GET /BLA/boletinlegal/actos.php HTTP/1.1" 200 9682
172.22.2.4 - - [15/Sep/2023:08:29:40 -0500] "GET /BLA/boletinlegal/favicon.ico HTTP/1.1" 404 1326
201.245.192.253 - - [15/Sep/2023:08:29:42 -0500] "GET /BLA/resoluciones/ HTTP/1.1" 200 13696
201.245.192.253 - - [15/Sep/2023:08:29:50 -0500] "GET /BLA/resoluciones/index.php?dir=AUTOS+2011%2F HTTP/1.1" 200 636751
172.22.2.4 - - [15/Sep/2023:08:29:58 -0500] "GET /BLA/boletinlegal/actos.php HTTP/1.1" 200 9682
66.249.70.198 - - [15/Sep/2023:08:30:02 -0500] "GET /BLA/boletinlegal/jurisprudencia/analisis/AnalisisC-273-11.docx HTTP/1.1" 200 22036
54.39.177.173 - - [15/Sep/2023:08:30:07 -0500] "GET /decision-de-frenar-obras-en-el-zuque-es-caprichosa-y-priva-a-la-ciudadania-de-conocer-y-preservar-los-cerros-orientales-urrutia-secretaria-de-ambiente.html HTTP/1.1" 200 1018
201.245.192.253 - - [15/Sep/2023:08:30:11 -0500] "GET /BLA/resoluciones/AUTOS%202011/2215.pdf HTTP/1.1" 200 143923
172.22.2.4 - - [15/Sep/2023:08:30:18 -0500] "GET /BLA/boletinlegal/favicon.ico HTTP/1.1" 404 1326
201.245.192.253 - - [15/Sep/2023:08:30:30 -0500] "POST /forms/lservlet;jsessionid=ac16012b30d6d19c31849e654dd38cb0cf62d49b9509.e3iSbxaKaheRe34Pbx8Nc3aQci1ynknvrkLOlQzNp65In0 HTTP/1.1" 200 2
172.22.2.4 - - [15/Sep/2023:08:28:52 -0500] "HEAD /BLA/boletinlegal/ HTTP/1.1" 200 -
172.22.2.4 - - [15/Sep/2023:08:29:43 -0500] "GET /BLA/boletinlegal/ HTTP/1.1" 200 60342
201.245.192.253 - - [15/Sep/2023:08:31:32 -0500] "POST /forms/lservlet;jsessionid=ac16012b30d63d978f376e20424bb3f6ff930e63d6af.e3iSbxaKaheRe34Pbx8Nc3aQci1ynknvrkLOlQzNp65In0 HTTP/1.1" 200 2
186.86.34.17 - - [15/Sep/2023:08:31:50 -0500] "GET /bogota-reverdece-una-semana-por-la-sostenibilidad-la-resiliencia-climatica-y-la-calidad-del-aire.html HTTP/1.1" 200 973
172.22.2.4 - - [15/Sep/2023:08:32:06 -0500] "GET /BLA/boletinlegal/Circulares/2018/Circular%20No.%2010%20del%2021%20de%20Septiembre%20de%202018.pdf HTTP/1.1" 200 163426
162.55.175.24 - - [15/Sep/2023:08:32:11 -0500] "GET / HTTP/1.1" 200 319
216.245.221.92 - - [15/Sep/2023:08:32:22 -0500] "HEAD / HTTP/1.1" 200 -
201.245.192.253 - - [15/Sep/2023:08:32:30 -0500] "POST /forms/lservlet;jsessionid=ac16012b30d6d19c31849e654dd38cb0cf62d49b9509.e3iSbxaKaheRe34Pbx8Nc3aQci1ynknvrkLOlQzNp65In0 HTTP/1.1" 200 2
201.245.192.253 - - [15/Sep/2023:08:32:30 -0500] "POST /kwsrmcab/Wsrmcab  HTTP/1.1" 200 213
31.13.127.2 - - [15/Sep/2023:08:33:05 -0500] "GET /images/Zuque%20(1)%20(1).jpeg HTTP/1.1" 200 66921
201.245.192.253 - - [15/Sep/2023:08:33:32 -0500] "POST /forms/lservlet;jsessionid=ac16012b30d63d978f376e20424bb3f6ff930e63d6af.e3iSbxaKaheRe34Pbx8Nc3aQci1ynknvrkLOlQzNp65In0 HTTP/1.1" 200 2
201.245.192.253 - - [15/Sep/2023:08:33:42 -0500] "GET /sipse/faces/javax.faces.resource/theme.css?ln=primefaces-sipse HTTP/1.1" 304 -
201.245.192.253 - - [15/Sep/2023:08:33:42 -0500] "GET /sipse/faces/faces/autenticacion.xhtml HTTP/1.1" 200 12184
201.245.192.253 - - [15/Sep/2023:08:33:42 -0500] "GET /sipse/js/disable_browser_buttons.js HTTP/1.1" 304 -
201.245.192.253 - - [15/Sep/2023:08:33:42 -0500] "GET /sipse/js/funciones.js HTTP/1.1" 304 -
201.245.192.253 - - [15/Sep/2023:08:33:42 -0500] "GET /sipse/faces/javax.faces.resource/layout/layout.css?ln=primefaces&v=4.0 HTTP/1.1" 304 -
201.245.192.253 - - [15/Sep/2023:08:33:42 -0500] "GET /sipse/faces/javax.faces.resource/primefaces.css?ln=primefaces&v=4.0 HTTP/1.1" 304 -
201.245.192.253 - - [15/Sep/2023:08:33:42 -0500] "GET /sipse/faces/javax.faces.resource/theme.css?ln=primefaces-sipse HTTP/1.1" 304 -
201.245.192.253 - - [15/Sep/2023:08:33:42 -0500] "GET /sipse/css/custom_css_sg_prime_login.css HTTP/1.1" 304 -
201.245.192.253 - - [15/Sep/2023:08:33:42 -0500] "GET /sipse/css/custom_css_sg.css HTTP/1.1" 304 -
201.245.192.253 - - [15/Sep/2023:08:33:42 -0500] "GET /sipse/faces/javax.faces.resource/jquery/jquery.js?ln=primefaces&v=4.0 HTTP/1.1" 304 -
201.245.192.253 - - [15/Sep/2023:08:33:42 -0500] "GET /sipse/faces/javax.faces.resource/layout/layout.js?ln=primefaces&v=4.0 HTTP/1.1" 304 -
201.245.192.253 - - [15/Sep/2023:08:33:42 -0500] "GET /sipse/faces/javax.faces.resource/primefaces.js?ln=primefaces&v=4.0 HTTP/1.1" 304 -
201.245.192.253 - - [15/Sep/2023:08:33:42 -0500] "GET /sipse/faces/javax.faces.resource/jquery/jquery-plugins.js?ln=primefaces&v=4.0 HTTP/1.1" 304 -
201.245.192.253 - - [15/Sep/2023:08:33:42 -0500] "GET /sipse/css/imagen/logoSDG.png HTTP/1.1" 304 -
201.245.192.253 - - [15/Sep/2023:08:33:42 -0500] "GET /sipse/css/imagen/loginimg.png HTTP/1.1" 304 -
201.245.192.253 - - [15/Sep/2023:08:33:42 -0500] "GET /sipse/faces/javax.faces.resource/images/ui-icons_898989_256x240.png?ln=primefaces-aristo HTTP/1.1" 304 -
201.245.192.253 - - [15/Sep/2023:08:33:49 -0500] "POST /sipse/faces/autenticacion.xhtml HTTP/1.1" 200 11325
201.245.192.253 - - [15/Sep/2023:08:33:49 -0500] "GET /sipse/css/custom_css_sg_prime.css HTTP/1.1" 304 -
201.245.192.253 - - [15/Sep/2023:08:33:49 -0500] "GET /sipse/faces/javax.faces.resource/theme.css?ln=primefaces-sipse HTTP/1.1" 304 -
201.245.192.253 - - [15/Sep/2023:08:33:49 -0500] "GET /sipse/faces/javax.faces.resource/primefaces.css?ln=primefaces&v=4.0 HTTP/1.1" 304 -
201.245.192.253 - - [15/Sep/2023:08:33:49 -0500] "GET /sipse/faces/javax.faces.resource/jquery/jquery.js?ln=primefaces&v=4.0 HTTP/1.1" 304 -
201.245.192.253 - - [15/Sep/2023:08:33:49 -0500] "GET /sipse/faces/javax.faces.resource/layout/layout.css?ln=primefaces&v=4.0 HTTP/1.1" 304 -
201.245.192.253 - - [15/Sep/2023:08:33:49 -0500] "GET /sipse/faces/javax.faces.resource/jquery/jquery-plugins.js?ln=primefaces&v=4.0 HTTP/1.1" 304 -
201.245.192.253 - - [15/Sep/2023:08:33:49 -0500] "GET /sipse/faces/javax.faces.resource/primefaces.js?ln=primefaces&v=4.0 HTTP/1.1" 304 -
201.245.192.253 - - [15/Sep/2023:08:33:49 -0500] "GET /sipse/faces/javax.faces.resource/layout/layout.js?ln=primefaces&v=4.0 HTTP/1.1" 304 -
201.245.192.253 - - [15/Sep/2023:08:33:49 -0500] "GET /sipse/faces/javax.faces.resource/messages/messages.png?ln=primefaces&v=4.0 HTTP/1.1" 304 -
201.245.192.253 - - [15/Sep/2023:08:33:52 -0500] "POST /sipse/faces/presentacion/sistema/seguridad/seleccionRol.xhtml HTTP/1.1" 200 5757
201.245.192.253 - - [15/Sep/2023:08:33:53 -0500] "POST /sipse/faces/presentacion/sistema/seguridad/seleccionRol.xhtml HTTP/1.1" 200 16346
201.245.192.253 - - [15/Sep/2023:08:33:53 -0500] "GET /sipse/faces/javax.faces.resource/theme.css?ln=primefaces-sipse HTTP/1.1" 304 -
201.245.192.253 - - [15/Sep/2023:08:33:53 -0500] "GET /sipse/faces/javax.faces.resource/layout/layout.css?ln=primefaces&v=4.0 HTTP/1.1" 304 -
201.245.192.253 - - [15/Sep/2023:08:33:53 -0500] "GET /sipse/faces/javax.faces.resource/primefaces.css?ln=primefaces&v=4.0 HTTP/1.1" 304 -
201.245.192.253 - - [15/Sep/2023:08:33:53 -0500] "GET /sipse/js/jquery.min.js HTTP/1.1" 304 -
201.245.192.253 - - [15/Sep/2023:08:33:53 -0500] "GET /sipse/faces/javax.faces.resource/jquery/jquery.js?ln=primefaces&v=4.0 HTTP/1.1" 304 -
201.245.192.253 - - [15/Sep/2023:08:33:53 -0500] "GET /sipse/faces/javax.faces.resource/jquery/jquery-plugins.js?ln=primefaces&v=4.0 HTTP/1.1" 304 -
201.245.192.253 - - [15/Sep/2023:08:33:53 -0500] "GET /sipse/faces/javax.faces.resource/primefaces.js?ln=primefaces&v=4.0 HTTP/1.1" 304 -
201.245.192.253 - - [15/Sep/2023:08:33:53 -0500] "GET /sipse/faces/javax.faces.resource/layout/layout.js?ln=primefaces&v=4.0 HTTP/1.1" 304 -
201.245.192.253 - - [15/Sep/2023:08:33:53 -0500] "GET /sipse/css/v_mergente.css HTTP/1.1" 304 -
201.245.192.253 - - [15/Sep/2023:08:33:53 -0500] "GET /sipse/imagenes/cargando.gif HTTP/1.1" 304 -
201.245.192.253 - - [15/Sep/2023:08:33:53 -0500] "GET /sipse/imagenes/logoAplicacion.jpg HTTP/1.1" 304 -
201.245.192.253 - - [15/Sep/2023:08:33:53 -0500] "GET /sipse/css/imagen/contrasena.png HTTP/1.1" 404 383
216.244.66.195 - - [15/Sep/2023:08:33:55 -0500] "GET /robots.txt HTTP/1.1" 404 1018
162.55.170.174 - - [15/Sep/2023:08:33:55 -0500] "GET / HTTP/1.1" 200 319
201.245.192.253 - - [15/Sep/2023:08:34:04 -0500] "GET /sipse/faces/javax.faces.resource/images/ui-bg_flat_0_2d5972_40x100.png?ln=primefaces-aristo HTTP/1.1" 304 -
201.245.192.253 - - [15/Sep/2023:08:34:04 -0500] "POST /sipse/faces/bienvenido.xhtml HTTP/1.1" 200 9852
201.245.192.253 - - [15/Sep/2023:08:34:07 -0500] "POST /sipse/faces/bienvenido.xhtml HTTP/1.1" 200 2073
201.245.192.253 - - [15/Sep/2023:08:34:08 -0500] "POST /sipse/faces/bienvenido.xhtml HTTP/1.1" 200 38989
201.245.192.253 - - [15/Sep/2023:08:34:08 -0500] "GET /sipse/faces/javax.faces.resource/primefaces.css?ln=primefaces&v=4.0 HTTP/1.1" 304 -
201.245.192.253 - - [15/Sep/2023:08:34:08 -0500] "GET /sipse/faces/javax.faces.resource/layout/layout.css?ln=primefaces&v=4.0 HTTP/1.1" 304 -
201.245.192.253 - - [15/Sep/2023:08:34:08 -0500] "GET /sipse/faces/javax.faces.resource/theme.css?ln=primefaces-sipse HTTP/1.1" 304 -
201.245.192.253 - - [15/Sep/2023:08:34:08 -0500] "GET /sipse/faces/javax.faces.resource/jquery/jquery.js?ln=primefaces&v=4.0 HTTP/1.1" 304 -
201.245.192.253 - - [15/Sep/2023:08:34:08 -0500] "GET /sipse/faces/javax.faces.resource/jquery/jquery-plugins.js?ln=primefaces&v=4.0 HTTP/1.1" 304 -
201.245.192.253 - - [15/Sep/2023:08:34:08 -0500] "GET /sipse/faces/javax.faces.resource/primefaces.js?ln=primefaces&v=4.0 HTTP/1.1" 304 -
201.245.192.253 - - [15/Sep/2023:08:34:08 -0500] "GET /sipse/faces/javax.faces.resource/layout/layout.js?ln=primefaces&v=4.0 HTTP/1.1" 304 -
201.245.192.253 - - [15/Sep/2023:08:34:13 -0500] "POST /sipse/faces/presentacion/financiero/solicitudProceso/consultar.xhtml HTTP/1.1" 200 12824
201.245.192.253 - - [15/Sep/2023:08:34:30 -0500] "POST /forms/lservlet;jsessionid=ac16012b30d6d19c31849e654dd38cb0cf62d49b9509.e3iSbxaKaheRe34Pbx8Nc3aQci1ynknvrkLOlQzNp65In0 HTTP/1.1" 200 2
201.245.192.253 - - [15/Sep/2023:08:34:45 -0500] "POST /sipse/faces/presentacion/financiero/solicitudProceso/consultar.xhtml HTTP/1.1" 200 12850
201.245.192.253 - - [15/Sep/2023:08:34:47 -0500] "POST /sipse/faces/presentacion/financiero/solicitudProceso/consultar.xhtml HTTP/1.1" 200 12850
201.245.192.253 - - [15/Sep/2023:08:34:48 -0500] "POST /sipse/faces/presentacion/financiero/solicitudProceso/consultar.xhtml HTTP/1.1" 200 12850
201.245.192.253 - - [15/Sep/2023:08:34:55 -0500] "POST /sipse/faces/presentacion/financiero/solicitudProceso/consultar.xhtml HTTP/1.1" 200 34358
201.245.192.253 - - [15/Sep/2023:08:34:55 -0500] "POST /sipse/faces/presentacion/financiero/solicitudProceso/consultar.xhtml HTTP/1.1" 200 34358
201.245.192.253 - - [15/Sep/2023:08:34:58 -0500] "POST /sipse/faces/presentacion/financiero/solicitudProceso/consultar.xhtml HTTP/1.1" 200 3297
201.245.192.253 - - [15/Sep/2023:08:34:59 -0500] "POST /sipse/faces/presentacion/financiero/solicitudProceso/consultar.xhtml HTTP/1.1" 200 3272
201.244.254.28 - - [15/Sep/2023:08:35:00 -0500] "GET /BLA/boletinlegal/admin/index.php HTTP/1.1" 200 2324
201.244.254.28 - - [15/Sep/2023:08:35:01 -0500] "GET /BLA/boletinlegal/admin/images/bg.png HTTP/1.1" 200 332965
201.245.192.253 - - [15/Sep/2023:08:35:03 -0500] "POST /sipse/faces/presentacion/financiero/solicitudProceso/consultar.xhtml HTTP/1.1" 200 3882
201.244.254.28 - - [15/Sep/2023:08:35:05 -0500] "GET /favicon.ico HTTP/1.1" 200 7782
201.245.192.253 - - [15/Sep/2023:08:35:06 -0500] "POST /sipse/faces/presentacion/financiero/solicitudProceso/consultar.xhtml HTTP/1.1" 200 38449
201.245.192.253 - - [15/Sep/2023:08:35:06 -0500] "GET /sipse/faces/javax.faces.resource/theme.css?ln=primefaces-sipse HTTP/1.1" 304 -
201.245.192.253 - - [15/Sep/2023:08:35:06 -0500] "GET /sipse/faces/javax.faces.resource/primefaces.css?ln=primefaces&v=4.0 HTTP/1.1" 304 -
201.245.192.253 - - [15/Sep/2023:08:35:06 -0500] "GET /sipse/faces/javax.faces.resource/layout/layout.css?ln=primefaces&v=4.0 HTTP/1.1" 304 -
201.245.192.253 - - [15/Sep/2023:08:35:06 -0500] "GET /sipse/faces/javax.faces.resource/jquery/jquery.js?ln=primefaces&v=4.0 HTTP/1.1" 304 -
201.245.192.253 - - [15/Sep/2023:08:35:06 -0500] "GET /sipse/faces/javax.faces.resource/jquery/jquery-plugins.js?ln=primefaces&v=4.0 HTTP/1.1" 304 -
201.245.192.253 - - [15/Sep/2023:08:35:06 -0500] "GET /sipse/faces/javax.faces.resource/primefaces.js?ln=primefaces&v=4.0 HTTP/1.1" 304 -
201.245.192.253 - - [15/Sep/2023:08:35:06 -0500] "GET /sipse/faces/javax.faces.resource/layout/layout.js?ln=primefaces&v=4.0 HTTP/1.1" 304 -
201.245.192.253 - - [15/Sep/2023:08:35:06 -0500] "POST /sipse/faces/presentacion/financiero/solicitudProceso/listarSolicitudProceso.xhtml HTTP/1.1" 200 31829
201.245.192.253 - - [15/Sep/2023:08:35:06 -0500] "POST /sipse/faces/presentacion/financiero/solicitudProceso/listarSolicitudProceso.xhtml HTTP/1.1" 200 1404
201.245.192.253 - - [15/Sep/2023:08:35:06 -0500] "POST /sipse/faces/presentacion/financiero/solicitudProceso/listarSolicitudProceso.xhtml HTTP/1.1" 200 1392
201.245.192.253 - - [15/Sep/2023:08:35:09 -0500] "POST /sipse/faces/presentacion/financiero/solicitudProceso/listarSolicitudProceso.xhtml HTTP/1.1" 200 141196
201.245.192.253 - - [15/Sep/2023:08:35:10 -0500] "GET /sipse/faces/javax.faces.resource/primefaces.css?ln=primefaces&v=4.0 HTTP/1.1" 304 -
201.245.192.253 - - [15/Sep/2023:08:35:10 -0500] "GET /sipse/faces/javax.faces.resource/theme.css?ln=primefaces-sipse HTTP/1.1" 304 -
201.245.192.253 - - [15/Sep/2023:08:35:10 -0500] "GET /sipse/faces/javax.faces.resource/layout/layout.css?ln=primefaces&v=4.0 HTTP/1.1" 304 -
201.245.192.253 - - [15/Sep/2023:08:35:10 -0500] "GET /sipse/faces/javax.faces.resource/jquery/jquery.js?ln=primefaces&v=4.0 HTTP/1.1" 304 -
201.245.192.253 - - [15/Sep/2023:08:35:10 -0500] "GET /sipse/faces/javax.faces.resource/jquery/jquery-plugins.js?ln=primefaces&v=4.0 HTTP/1.1" 304 -
201.245.192.253 - - [15/Sep/2023:08:35:10 -0500] "GET /sipse/faces/javax.faces.resource/primefaces.js?ln=primefaces&v=4.0 HTTP/1.1" 304 -
201.245.192.253 - - [15/Sep/2023:08:35:10 -0500] "GET /sipse/faces/javax.faces.resource/layout/layout.js?ln=primefaces&v=4.0 HTTP/1.1" 304 -
201.245.192.253 - - [15/Sep/2023:08:35:10 -0500] "GET /sipse/faces/javax.faces.resource/dynamiccontent.properties?ln=primefaces&pfdrid=XjOR5%2F%2FfPAZAuY9TpWQeCiM0BhlXxYRBGKi%2FQcXXfeA%3D&pfdrid_c=false HTTP/1.1" 500 383
201.245.192.253 - - [15/Sep/2023:08:35:13 -0500] "POST /sipse/faces/presentacion/financiero/solicitudProceso/consultarSolicitudProceso.xhtml HTTP/1.1" 200 35851
201.245.192.253 - - [15/Sep/2023:08:35:15 -0500] "GET /sipse/faces/javax.faces.resource/theme.css?ln=primefaces-sipse HTTP/1.1" 304 -
201.245.192.253 - - [15/Sep/2023:08:35:15 -0500] "GET /sipse/faces/javax.faces.resource/primefaces.css?ln=primefaces&v=4.0 HTTP/1.1" 304 -
201.245.192.253 - - [15/Sep/2023:08:35:15 -0500] "GET /sipse/faces/javax.faces.resource/layout/layout.css?ln=primefaces&v=4.0 HTTP/1.1" 304 -
201.245.192.253 - - [15/Sep/2023:08:35:15 -0500] "GET /sipse/faces/javax.faces.resource/jquery/jquery.js?ln=primefaces&v=4.0 HTTP/1.1" 304 -
201.245.192.253 - - [15/Sep/2023:08:35:15 -0500] "GET /sipse/faces/javax.faces.resource/jquery/jquery-plugins.js?ln=primefaces&v=4.0 HTTP/1.1" 304 -
201.245.192.253 - - [15/Sep/2023:08:35:15 -0500] "GET /sipse/faces/javax.faces.resource/primefaces.js?ln=primefaces&v=4.0 HTTP/1.1" 304 -
201.245.192.253 - - [15/Sep/2023:08:35:15 -0500] "GET /sipse/faces/javax.faces.resource/layout/layout.js?ln=primefaces&v=4.0 HTTP/1.1" 304 -
201.245.192.253 - - [15/Sep/2023:08:35:15 -0500] "POST /sipse/faces/presentacion/financiero/solicitudProceso/listarSolicitudProceso.xhtml HTTP/1.1" 200 1376
201.245.192.253 - - [15/Sep/2023:08:35:19 -0500] "POST /sipse/faces/presentacion/financiero/solicitudProceso/listarSolicitudProceso.xhtml HTTP/1.1" 200 44962
201.245.192.253 - - [15/Sep/2023:08:35:19 -0500] "GET /sipse/faces/javax.faces.resource/theme.css?ln=primefaces-sipse HTTP/1.1" 304 -
201.245.192.253 - - [15/Sep/2023:08:35:19 -0500] "GET /sipse/faces/javax.faces.resource/primefaces.css?ln=primefaces&v=4.0 HTTP/1.1" 304 -
201.245.192.253 - - [15/Sep/2023:08:35:19 -0500] "GET /sipse/faces/javax.faces.resource/layout/layout.css?ln=primefaces&v=4.0 HTTP/1.1" 304 -
201.245.192.253 - - [15/Sep/2023:08:35:19 -0500] "GET /sipse/faces/javax.faces.resource/jquery/jquery.js?ln=primefaces&v=4.0 HTTP/1.1" 304 -
201.245.192.253 - - [15/Sep/2023:08:35:19 -0500] "GET /sipse/faces/javax.faces.resource/jquery/jquery-plugins.js?ln=primefaces&v=4.0 HTTP/1.1" 304 -
201.245.192.253 - - [15/Sep/2023:08:35:19 -0500] "GET /sipse/faces/javax.faces.resource/primefaces.js?ln=primefaces&v=4.0 HTTP/1.1" 304 -
201.245.192.253 - - [15/Sep/2023:08:35:19 -0500] "GET /sipse/faces/javax.faces.resource/layout/layout.js?ln=primefaces&v=4.0 HTTP/1.1" 304 -
201.245.192.253 - - [15/Sep/2023:08:35:19 -0500] "POST /sipse/faces/presentacion/financiero/solicitudProceso/consultar.xhtml HTTP/1.1" 200 38368
201.245.192.253 - - [15/Sep/2023:08:35:19 -0500] "POST /sipse/faces/presentacion/financiero/solicitudProceso/consultar.xhtml HTTP/1.1" 200 38368
201.245.192.253 - - [15/Sep/2023:08:35:19 -0500] "POST /sipse/faces/presentacion/financiero/solicitudProceso/consultar.xhtml HTTP/1.1" 200 38368
201.245.192.253 - - [15/Sep/2023:08:35:19 -0500] "POST /sipse/faces/presentacion/financiero/solicitudProceso/consultar.xhtml HTTP/1.1" 200 38368
201.245.192.253 - - [15/Sep/2023:08:35:23 -0500] "POST /sipse/faces/presentacion/financiero/solicitudProceso/consultar.xhtml HTTP/1.1" 200 12813
172.22.2.4 - - [15/Sep/2023:08:35:28 -0500] "GET /BLA/boletinlegal/consulta_actos.php?tipo=autos&no=&usuario=&sector=&fecha=2023&resuelve= HTTP/1.1" 200 820168
201.244.254.28 - - [15/Sep/2023:08:35:29 -0500] "POST /BLA/boletinlegal/admin/usuarios/process.php HTTP/1.1" 302 -
201.245.192.253 - - [15/Sep/2023:08:35:32 -0500] "POST /forms/lservlet;jsessionid=ac16012b30d63d978f376e20424bb3f6ff930e63d6af.e3iSbxaKaheRe34Pbx8Nc3aQci1ynknvrkLOlQzNp65In0 HTTP/1.1" 200 2
201.244.254.28 - - [15/Sep/2023:08:35:30 -0500] "GET /BLA/boletinlegal/admin/index.php HTTP/1.1" 200 5699
201.244.254.28 - - [15/Sep/2023:08:35:47 -0500] "GET /BLA/boletinlegal/admin/index_files/header.png HTTP/1.1" 200 240212
201.244.254.28 - - [15/Sep/2023:08:35:47 -0500] "GET /BLA/boletinlegal/images/can.png HTTP/1.1" 200 37574
201.244.254.28 - - [15/Sep/2023:08:35:47 -0500] "GET /BLA/boletinlegal/admin/index_files/3_5.gif HTTP/1.1" 200 1633
201.244.254.28 - - [15/Sep/2023:08:35:47 -0500] "GET /BLA/boletinlegal/admin/index_files/2_2.gif HTTP/1.1" 200 1728
201.244.254.28 - - [15/Sep/2023:08:35:47 -0500] "GET /BLA/boletinlegal/admin/index_files/7_1.gif HTTP/1.1" 200 1455
