201.245.166.34 - - [15/Sep/2023:08:53:42 -0500] "GET /sipse/faces/javax.faces.resource/jquery/jquery.js?ln=primefaces&v=4.0 HTTP/1.1" 304 -
201.245.166.34 - - [15/Sep/2023:08:53:42 -0500] "GET /sipse/faces/javax.faces.resource/jquery/jquery-plugins.js?ln=primefaces&v=4.0 HTTP/1.1" 304 -
201.245.166.34 - - [15/Sep/2023:08:53:42 -0500] "GET /sipse/faces/javax.faces.resource/primefaces.js?ln=primefaces&v=4.0 HTTP/1.1" 304 -
201.245.166.34 - - [15/Sep/2023:08:53:42 -0500] "GET /sipse/faces/javax.faces.resource/layout/layout.js?ln=primefaces&v=4.0 HTTP/1.1" 304 -
201.245.166.34 - - [15/Sep/2023:08:53:42 -0500] "GET /sipse/faces/javax.faces.resource/dynamiccontent.properties?ln=primefaces&pfdrid=XjOR5%2F%2FfPAZAuY9TpWQeCiM0BhlXxYRBGKi%2FQcXXfeA%3D&pfdrid_c=false HTTP/1.1" 500 383
201.245.166.34 - - [15/Sep/2023:08:53:45 -0500] "POST /sipse/faces/presentacion/financiero/solicitudProceso/consultarSolicitudProceso.xhtml HTTP/1.1" 200 24062
201.245.166.34 - - [15/Sep/2023:08:53:45 -0500] "GET /sipse/faces/javax.faces.resource/theme.css?ln=primefaces-sipse HTTP/1.1" 304 -
201.245.166.34 - - [15/Sep/2023:08:53:45 -0500] "GET /sipse/faces/javax.faces.resource/layout/layout.css?ln=primefaces&v=4.0 HTTP/1.1" 304 -
201.245.166.34 - - [15/Sep/2023:08:53:45 -0500] "GET /sipse/faces/javax.faces.resource/primefaces.css?ln=primefaces&v=4.0 HTTP/1.1" 304 -
201.245.166.34 - - [15/Sep/2023:08:53:45 -0500] "GET /sipse/faces/javax.faces.resource/jquery/jquery.js?ln=primefaces&v=4.0 HTTP/1.1" 304 -
201.245.166.34 - - [15/Sep/2023:08:53:45 -0500] "GET /sipse/faces/javax.faces.resource/primefaces.js?ln=primefaces&v=4.0 HTTP/1.1" 304 -
201.245.166.34 - - [15/Sep/2023:08:53:45 -0500] "GET /sipse/faces/javax.faces.resource/jquery/jquery-plugins.js?ln=primefaces&v=4.0 HTTP/1.1" 304 -
201.245.166.34 - - [15/Sep/2023:08:53:45 -0500] "GET /sipse/faces/javax.faces.resource/layout/layout.js?ln=primefaces&v=4.0 HTTP/1.1" 304 -
190.145.240.6 - - [15/Sep/2023:08:53:49 -0500] "POST /appsia/controlador HTTP/1.1" 200 7767
172.22.2.4 - - [15/Sep/2023:08:52:12 -0500] "HEAD /BLA/boletinlegal/ HTTP/1.1" 200 -
190.145.240.6 - - [15/Sep/2023:08:54:02 -0500] "POST /appsia/controlador HTTP/1.1" 200 5226
190.145.240.6 - - [15/Sep/2023:08:54:06 -0500] "GET /appsia/controlador?comando=ingresarMenuPrincipal&id=11433196&funcionario=OSCAR+IVAN+MARTINEZ&desde=11433196&hasta=11433196&version=11433196&accion=Regresar HTTP/1.1" 200 5437
190.145.240.6 - - [15/Sep/2023:08:54:09 -0500] "POST /appsia/controlador HTTP/1.1" 200 7767
201.245.166.34 - - [15/Sep/2023:08:54:14 -0500] "GET /sipse/faces/javax.faces.resource/theme.css?ln=primefaces-sipse HTTP/1.1" 304 -
201.245.166.34 - - [15/Sep/2023:08:54:14 -0500] "GET /sipse/faces/javax.faces.resource/primefaces.css?ln=primefaces&v=4.0 HTTP/1.1" 304 -
201.245.166.34 - - [15/Sep/2023:08:54:14 -0500] "GET /sipse/faces/javax.faces.resource/layout/layout.css?ln=primefaces&v=4.0 HTTP/1.1" 304 -
201.245.166.34 - - [15/Sep/2023:08:54:14 -0500] "GET /sipse/faces/javax.faces.resource/jquery/jquery-plugins.js?ln=primefaces&v=4.0 HTTP/1.1" 304 -
201.245.166.34 - - [15/Sep/2023:08:54:14 -0500] "GET /sipse/faces/javax.faces.resource/primefaces.js?ln=primefaces&v=4.0 HTTP/1.1" 304 -
201.245.166.34 - - [15/Sep/2023:08:54:14 -0500] "GET /sipse/faces/javax.faces.resource/jquery/jquery.js?ln=primefaces&v=4.0 HTTP/1.1" 304 -
201.245.166.34 - - [15/Sep/2023:08:54:14 -0500] "GET /sipse/faces/javax.faces.resource/layout/layout.js?ln=primefaces&v=4.0 HTTP/1.1" 304 -
201.245.166.34 - - [15/Sep/2023:08:54:14 -0500] "POST /sipse/faces/presentacion/financiero/solicitudProceso/registrarAnotacion.xhtml HTTP/1.1" 200 170528
201.245.166.34 - - [15/Sep/2023:08:54:14 -0500] "GET /sipse/faces/javax.faces.resource/dynamiccontent.properties?ln=primefaces&pfdrid=XjOR5%2F%2FfPAZAuY9TpWQeCiM0BhlXxYRBGKi%2FQcXXfeA%3D&pfdrid_c=false HTTP/1.1" 500 383
190.145.240.6 - - [15/Sep/2023:08:54:15 -0500] "POST /appsia/controlador HTTP/1.1" 200 6632
190.145.240.6 - - [15/Sep/2023:08:54:16 -0500] "POST /appsia/controlador HTTP/1.1" 200 11301
201.245.166.34 - - [15/Sep/2023:08:54:25 -0500] "POST /sipse/faces/presentacion/financiero/solicitudProceso/consultarSolicitudProceso.xhtml HTTP/1.1" 200 5511
201.245.192.253 - - [15/Sep/2023:08:54:30 -0500] "POST /forms/lservlet;jsessionid=ac16012b30d6d19c31849e654dd38cb0cf62d49b9509.e3iSbxaKaheRe34Pbx8Nc3aQci1ynknvrkLOlQzNp65In0 HTTP/1.1" 200 2
172.22.2.4 - - [15/Sep/2023:08:53:02 -0500] "GET /BLA/boletinlegal/ HTTP/1.1" 200 58187
190.145.240.6 - - [15/Sep/2023:08:54:43 -0500] "POST /appsia/controlador HTTP/1.1" 200 7767
190.145.240.6 - - [15/Sep/2023:08:54:59 -0500] "POST /appsia/controlador HTTP/1.1" 200 6632
190.145.240.6 - - [15/Sep/2023:08:55:00 -0500] "POST /appsia/controlador HTTP/1.1" 200 10953
190.145.240.6 - - [15/Sep/2023:08:55:19 -0500] "POST /appsia/controlador HTTP/1.1" 200 7767
190.145.240.6 - - [15/Sep/2023:08:55:27 -0500] "POST /appsia/controlador HTTP/1.1" 200 6632
190.145.240.6 - - [15/Sep/2023:08:55:28 -0500] "POST /appsia/controlador HTTP/1.1" 200 12509
201.245.192.253 - - [15/Sep/2023:08:55:32 -0500] "POST /forms/lservlet;jsessionid=ac16012b30d63d978f376e20424bb3f6ff930e63d6af.e3iSbxaKaheRe34Pbx8Nc3aQci1ynknvrkLOlQzNp65In0 HTTP/1.1" 200 2
216.244.66.195 - - [15/Sep/2023:08:55:51 -0500] "GET /BLA/resoluciones/AUTOS%202016/1523.pdf HTTP/1.1" 200 549569
172.22.2.4 - - [15/Sep/2023:08:55:52 -0500] "GET /BLA/boletinlegal/actos.php HTTP/1.1" 200 9682
172.22.2.4 - - [15/Sep/2023:08:55:54 -0500] "GET /BLA/boletinlegal/favicon.ico HTTP/1.1" 404 1326
216.244.66.195 - - [15/Sep/2023:08:56:22 -0500] "GET /BLA/resoluciones/AUTOS%202016/1700.pdf HTTP/1.1" 200 303012
201.245.192.253 - - [15/Sep/2023:08:56:30 -0500] "POST /forms/lservlet;jsessionid=ac16012b30d6d19c31849e654dd38cb0cf62d49b9509.e3iSbxaKaheRe34Pbx8Nc3aQci1ynknvrkLOlQzNp65In0 HTTP/1.1" 200 2
190.145.240.6 - - [15/Sep/2023:08:56:30 -0500] "POST /appsia/controlador HTTP/1.1" 200 7767
66.249.70.196 - - [15/Sep/2023:08:56:33 -0500] "GET /BLA/resoluciones/Notificaciones/REGISTROS%202021/01973.pdf HTTP/1.1" 200 414049
190.145.240.6 - - [15/Sep/2023:08:56:39 -0500] "POST /appsia/controlador HTTP/1.1" 200 6632
190.145.240.6 - - [15/Sep/2023:08:56:40 -0500] "POST /appsia/controlador HTTP/1.1" 200 10947
172.22.2.4 - - [15/Sep/2023:08:56:45 -0500] "GET /BLA/boletinlegal/consulta_actos.php?tipo=resoluciones&no=6088&usuario=&sector=PEV&fecha=2011&resuelve= HTTP/1.1" 200 626
172.22.2.4 - - [15/Sep/2023:08:56:18 -0500] "GET /BLA/boletinlegal/ HTTP/1.1" 200 24523
216.244.66.195 - - [15/Sep/2023:08:57:08 -0500] "GET /BLA/resoluciones/AUTOS%202016/1712.pdf HTTP/1.1" 200 469711
216.245.221.92 - - [15/Sep/2023:08:57:22 -0500] "HEAD / HTTP/1.1" 200 -
190.145.240.6 - - [15/Sep/2023:08:57:24 -0500] "POST /appsia/controlador HTTP/1.1" 200 7767
201.245.192.253 - - [15/Sep/2023:08:57:23 -0500] "POST /kwsrmcab/Wsrmcab  HTTP/1.1" 200 213
201.245.192.253 - - [15/Sep/2023:08:57:33 -0500] "POST /forms/lservlet;jsessionid=ac16012b30d63d978f376e20424bb3f6ff930e63d6af.e3iSbxaKaheRe34Pbx8Nc3aQci1ynknvrkLOlQzNp65In0 HTTP/1.1" 200 2
201.244.254.28 - - [15/Sep/2023:08:57:36 -0500] "POST /BLA/boletinlegal/admin/actos/ingresar.php HTTP/1.1" 200 7302
190.145.240.6 - - [15/Sep/2023:08:57:39 -0500] "POST /appsia/controlador HTTP/1.1" 200 5437
190.145.240.6 - - [15/Sep/2023:08:57:45 -0500] "POST /appsia/controlador HTTP/1.1" 200 11047
190.145.240.6 - - [15/Sep/2023:08:57:45 -0500] "GET /appsia/images/logo_escudo.png HTTP/1.1" 200 36965
216.244.66.195 - - [15/Sep/2023:08:57:58 -0500] "GET /BLA/resoluciones/AUTOS%202016/1842.pdf HTTP/1.1" 200 472140
172.22.2.4 - - [15/Sep/2023:08:56:23 -0500] "GET /BLA/boletinlegal/ HTTP/1.1" 200 61130
190.145.240.6 - - [15/Sep/2023:08:58:09 -0500] "POST /appsia/controlador HTTP/1.1" 200 5437
190.145.240.6 - - [15/Sep/2023:08:58:15 -0500] "POST /appsia/controlador HTTP/1.1" 200 4799
191.156.52.208 - - [15/Sep/2023:08:58:23 -0500] "GET /decision-de-frenar-obras-en-el-zuque-es-caprichosa-y-priva-a-la-ciudadania-de-conocer-y-preservar-los-cerros-orientales-urrutia-secretaria-de-ambiente.html HTTP/1.1" 200 1018
201.245.192.253 - - [15/Sep/2023:08:58:30 -0500] "POST /forms/lservlet;jsessionid=ac16012b30d6d19c31849e654dd38cb0cf62d49b9509.e3iSbxaKaheRe34Pbx8Nc3aQci1ynknvrkLOlQzNp65In0 HTTP/1.1" 200 2
216.244.66.195 - - [15/Sep/2023:08:58:42 -0500] "GET /BLA/resoluciones/AUTOS%202016/1868.pdf HTTP/1.1" 200 473458
191.156.50.34 - - [15/Sep/2023:08:59:24 -0500] "GET /sipse/faces/index.xhtml HTTP/1.1" 200 677
191.156.50.34 - - [15/Sep/2023:08:59:24 -0500] "GET /sipse/faces/javax.faces.resource/theme.css?ln=primefaces-sipse HTTP/1.1" 304 -
191.156.50.34 - - [15/Sep/2023:08:59:24 -0500] "GET /sipse/faces/faces/autenticacion.xhtml HTTP/1.1" 200 12184
191.156.58.172 - - [15/Sep/2023:08:59:25 -0500] "GET /sipse/css/custom_css_sg.css HTTP/1.1" 200 9694
191.156.50.42 - - [15/Sep/2023:08:59:25 -0500] "GET /sipse/faces/javax.faces.resource/theme.css?ln=primefaces-sipse HTTP/1.1" 304 -
191.156.50.42 - - [15/Sep/2023:08:59:25 -0500] "GET /sipse/faces/javax.faces.resource/primefaces.css?ln=primefaces&v=4.0 HTTP/1.1" 304 -
191.156.57.247 - - [15/Sep/2023:08:59:25 -0500] "GET /sipse/css/custom_css_sg_prime_login.css HTTP/1.1" 200 443
191.156.56.155 - - [15/Sep/2023:08:59:25 -0500] "GET /sipse/faces/javax.faces.resource/layout/layout.css?ln=primefaces&v=4.0 HTTP/1.1" 304 -
191.156.50.42 - - [15/Sep/2023:08:59:25 -0500] "GET /sipse/js/disable_browser_buttons.js HTTP/1.1" 200 3230
191.156.57.247 - - [15/Sep/2023:08:59:25 -0500] "GET /sipse/js/funciones.js HTTP/1.1" 200 12592
191.156.56.155 - - [15/Sep/2023:08:59:25 -0500] "GET /sipse/faces/javax.faces.resource/jquery/jquery.js?ln=primefaces&v=4.0 HTTP/1.1" 304 -
191.156.58.172 - - [15/Sep/2023:08:59:25 -0500] "GET /sipse/faces/javax.faces.resource/layout/layout.js?ln=primefaces&v=4.0 HTTP/1.1" 304 -
191.156.50.34 - - [15/Sep/2023:08:59:25 -0500] "GET /sipse/faces/javax.faces.resource/jquery/jquery-plugins.js?ln=primefaces&v=4.0 HTTP/1.1" 200 220526
191.156.50.42 - - [15/Sep/2023:08:59:25 -0500] "GET /sipse/faces/javax.faces.resource/primefaces.js?ln=primefaces&v=4.0 HTTP/1.1" 200 276924
191.156.57.247 - - [15/Sep/2023:08:59:28 -0500] "GET /sipse/faces/javax.faces.resource/images/ui-icons_898989_256x240.png?ln=primefaces-aristo HTTP/1.1" 304 -
191.156.50.42 - - [15/Sep/2023:08:59:28 -0500] "GET /sipse/css/imagen/logoSDG.png HTTP/1.1" 200 53064
191.156.50.34 - - [15/Sep/2023:08:59:28 -0500] "GET /sipse/css/imagen/loginimg.png HTTP/1.1" 200 71635
216.244.66.195 - - [15/Sep/2023:08:59:28 -0500] "GET /BLA/resoluciones/AUTOS%202016/1888.pdf HTTP/1.1" 200 379715
201.244.254.28 - - [15/Sep/2023:08:59:29 -0500] "POST /BLA/boletinlegal/admin/actos/ingresar.php HTTP/1.1" 200 7302
201.245.192.253 - - [15/Sep/2023:08:59:33 -0500] "POST /forms/lservlet;jsessionid=ac16012b30d63d978f376e20424bb3f6ff930e63d6af.e3iSbxaKaheRe34Pbx8Nc3aQci1ynknvrkLOlQzNp65In0 HTTP/1.1" 200 2
186.102.43.245 - - [15/Sep/2023:08:59:38 -0500] "GET /kwssiamovil/sm/ldap/au?x=U2FsdGVkX1+EZf0MzDrfddb9A3k+jwKcF22y47IeuOBhOFPBxuDwflIm7qBdkKz0&y=U2FsdGVkX19NZDWePYltRXP4pCVTaQ2fLvWgN2RVQoWPhF7HjoNOREA2Dk51ZQJJ HTTP/1.1" 200 30
186.102.43.245 - - [15/Sep/2023:08:59:38 -0500] "GET /kwssiamovil/sm/acme/s?s=U2FsdGVkX1+UoBLDQTmBqJWBEgmo7XAhnAblu6eXqePLZo7HwgT2sPXW9ZlaiBTtFO4vKMUgrbqev7UubVTwPrglJFftKUDxV8CDL2j9V2A=&u=U2FsdGVkX18NX9OpyDMo+IszGUhj9fyKzNx06cWSgGo=&y=U2FsdGVkX19NZDWePYltRXP4pCVTaQ2fLvWgN2RVQoWPhF7HjoNOREA2Dk51ZQJJ HTTP/1.1" 200 97
186.102.43.245 - - [15/Sep/2023:08:59:38 -0500] "GET /kwssiamovil/sm/acme/s?s=U2FsdGVkX1/q+Y9n5ue1/Uw8D9oE+hr1gksxxkkISLX4UZKpp1V+gwlpHURVOnViI9WLom2A4NL9Ob7e8hNiD6B+zLAIR7HBNWi2lUGSPVaeaZgVoQovicXxjakjruyEL1Q6LMwBgciFCzjnck0H7saqpJl1Okmn8JA8c08MEQoDZ6P6CwVem1Kf3c5idXSOH9Fu6slPdEQLFHUf+44EIOOU1jUxj6vxLzAFRzfuAjC72ZHGK4JvdHljS9m1IPZGpLzxdcXOwsY4P/2/mPXyq7Vt37Hxp96kEFsLRuit0oE/4Elz42cjc2KI0GplDGOhfDq8vuJpgBXOGN9t4KQlcF9hcFm8rjXM9sf7+UdAJSy3YLpbzrFqQlxuvTgShu0ISl+O8o0VgbqBP+u+UmPUrMFTmLzc5h35Zg66PQg19GQANWMbrKccXQpuqayQPC0+99XK6YuO/XQNCQ7GLZRtVccY6c3KJUKPrlHTGIEks5xUwzzW7E28+9X47m3IuAz0jy998qLGNpcFFzVPRnhYUf1EHxGMTbB1hdlQbysxBW7BVKEPJyRVE1LjAHI8ZXOxNKCjn2t+bKlU0QeQNbCcuaKptbz3Gxq0s0jEOlIlLxcnfoh7b7/+yPPnMonTShWb3b1bGD1PJRohyafpv5FLRwIjhfCzwOrPesizJsv3fgAY6U7VgYpsz9V7JFNkrVUDji1/D7rPBS0grOIyhl7ssLI62T7qgTKeUSqi0xq0TDbrbzhOeEta/rkmCgQ7/JM0U8AqSVSgOngbOGvZhfFeENKT3D6SPOcGTeXs4RoiGzhU8dhgEK9mYy0r16/V5Ie3vIhwMiPlU7A1M+/+OijWIBCddPDB7wZmW0K3LOxmJt9lpCekkxWTFfd4itkHwlbY87//demXFGet5gOf7T7nkAxVVmcBkUpuqv1JTE+PQfsfGZIeh17twgRxJTKqMRVeg9mF7MieyJEn4b0TrmGJ3jFnAKgpWigZ8H5zT4VN1VlnlNGVpeGgFKiTY1pgQVnX1izaVGhxR8JpohmEFsqvMLKJlQSjBV76o2GpNISu3mh7DB1HkQGXcrwstzxB5PlUslgzOBh6zuGJbe9WNQVWPBrEanVVBEZSC/DhGGU3b+LA6BTTDtXm2iEziXAXL/YyzIUd9s6CaSTR44k8xDxeLNXY0EN8u5RjOLcFHo+xqVedC57exwKkTA8BzzJfWeBtut28SbFZxVEM6ldY0ptT/yeRwPo2kgfBRR0bEXS9Ftaqwo6YDHaSyp1UbRUshjILkdnWLVkk/i2M3o1H6PHquEbkf+qryus45P/TSQYZ2k2K+4SydPZZzKxafE4vtu7iluTeHXDynbJXm+PrCnbNN2tDyzkTwnmxXYdKgtUwbGYmWbeqCLSVuasd9lEx3D8fDKE95j9S8W9KlP4NI+wmFYJ0+fTQGbL32xSEwSzz1rE=&u=U2FsdGVkX18NX9OpyDMo+IszGUhj9fyKzNx06cWSgGo=&y=U2FsdGVkX19NZDWePYltRXP4pCVTaQ2fLvWgN2RVQoWPhF7HjoNOREA2Dk51ZQJJ HTTP/1.1" 200 2102
186.102.43.245 - - [15/Sep/2023:08:59:38 -0500] "GET /kwssiamovil/sm/acme/s?s=U2FsdGVkX1/fwD2RkqlCQreuzlZ4j7BZxisvQG3eS4Fw5P+LrRvIOseJQ97SW10mWnypncm8w0VzLeRysL6nnFvn0goIYD9S5O/ZxAr2P/rSTijcMVUHNPTCv9+xQsXTeNeVXU1NhXsjT6Zi2cj5S5n2pzuCRLLDC8PIkTL3Eib6X/9H/AX7TEUJIwr0BjXSRXKUy75TQwVbYnZUkWE1eDMm6x1yCGPoE1tmaJg+TXyokCiUfuLBs++N09yd5/e0E62DehMaPd1SQUmN0uPIcJfyvII6VF2v9k1dSfbVuoPLUzICiiFu8zP2Q5xRh+gLQhxsl8ojP2SoJ7EaXU2zfA==&u=U2FsdGVkX18NX9OpyDMo+IszGUhj9fyKzNx06cWSgGo=&y=U2FsdGVkX19NZDWePYltRXP4pCVTaQ2fLvWgN2RVQoWPhF7HjoNOREA2Dk51ZQJJ HTTP/1.1" 200 196
186.102.43.245 - - [15/Sep/2023:08:59:38 -0500] "GET /kwssiamovil/sm/cjson/pre?f=1&x=U2FsdGVkX1+EZf0MzDrfddb9A3k+jwKcF22y47IeuOBhOFPBxuDwflIm7qBdkKz0 HTTP/1.1" 200 31032
172.22.2.4 - - [15/Sep/2023:08:58:02 -0500] "HEAD /BLA/boletinlegal/ HTTP/1.1" 200 -
191.156.50.34 - - [15/Sep/2023:08:59:42 -0500] "POST /sipse/faces/autenticacion.xhtml HTTP/1.1" 200 16786
191.156.50.42 - - [15/Sep/2023:08:59:43 -0500] "GET /sipse/css/custom_css_sg_prime.css HTTP/1.1" 200 5201
191.156.50.34 - - [15/Sep/2023:08:59:43 -0500] "GET /sipse/faces/javax.faces.resource/theme.css?ln=primefaces-sipse HTTP/1.1" 304 -
191.156.57.247 - - [15/Sep/2023:08:59:43 -0500] "GET /sipse/faces/javax.faces.resource/primefaces.css?ln=primefaces&v=4.0 HTTP/1.1" 304 -
191.156.50.34 - - [15/Sep/2023:08:59:43 -0500] "GET /sipse/faces/javax.faces.resource/layout/layout.css?ln=primefaces&v=4.0 HTTP/1.1" 304 -
191.156.60.238 - - [15/Sep/2023:08:59:43 -0500] "GET /sipse/js/jquery.min.js HTTP/1.1" 200 85582
191.156.60.238 - - [15/Sep/2023:08:59:43 -0500] "GET /sipse/faces/javax.faces.resource/jquery/jquery.js?ln=primefaces&v=4.0 HTTP/1.1" 304 -
191.156.60.238 - - [15/Sep/2023:08:59:44 -0500] "GET /sipse/faces/javax.faces.resource/jquery/jquery-plugins.js?ln=primefaces&v=4.0 HTTP/1.1" 304 -
191.156.60.238 - - [15/Sep/2023:08:59:44 -0500] "GET /sipse/faces/javax.faces.resource/primefaces.js?ln=primefaces&v=4.0 HTTP/1.1" 304 -
191.156.60.238 - - [15/Sep/2023:08:59:44 -0500] "GET /sipse/faces/javax.faces.resource/layout/layout.js?ln=primefaces&v=4.0 HTTP/1.1" 304 -
191.156.60.238 - - [15/Sep/2023:08:59:45 -0500] "GET /sipse/css/v_mergente.css HTTP/1.1" 200 1505
191.156.50.42 - - [15/Sep/2023:08:59:45 -0500] "GET /sipse/css/imagen/contrasena.png HTTP/1.1" 404 383
191.156.60.238 - - [15/Sep/2023:08:59:45 -0500] "GET /sipse/faces/javax.faces.resource/messages/messages.png?ln=primefaces&v=4.0 HTTP/1.1" 304 -
191.156.50.34 - - [15/Sep/2023:08:59:45 -0500] "GET /sipse/imagenes/cargando.gif HTTP/1.1" 200 36959
191.156.57.247 - - [15/Sep/2023:08:59:45 -0500] "GET /sipse/imagenes/logoAplicacion.jpg HTTP/1.1" 200 155084
191.156.60.238 - - [15/Sep/2023:08:59:52 -0500] "GET /sipse/faces/javax.faces.resource/images/ui-bg_flat_0_2d5972_40x100.png?ln=primefaces-aristo HTTP/1.1" 304 -
191.156.58.172 - - [15/Sep/2023:08:59:52 -0500] "POST /sipse/faces/bienvenido.xhtml HTTP/1.1" 200 9851
191.156.58.172 - - [15/Sep/2023:09:00:05 -0500] "POST /sipse/faces/bienvenido.xhtml HTTP/1.1" 200 9851
191.156.58.172 - - [15/Sep/2023:09:00:09 -0500] "POST /sipse/faces/bienvenido.xhtml HTTP/1.1" 200 1473
191.156.58.172 - - [15/Sep/2023:09:00:11 -0500] "POST /sipse/faces/bienvenido.xhtml HTTP/1.1" 200 38387
191.156.58.172 - - [15/Sep/2023:09:00:11 -0500] "GET /sipse/faces/javax.faces.resource/theme.css?ln=primefaces-sipse HTTP/1.1" 304 -
191.156.60.238 - - [15/Sep/2023:09:00:11 -0500] "GET /sipse/faces/javax.faces.resource/primefaces.css?ln=primefaces&v=4.0 HTTP/1.1" 304 -
191.156.48.193 - - [15/Sep/2023:09:00:11 -0500] "GET /sipse/faces/javax.faces.resource/layout/layout.css?ln=primefaces&v=4.0 HTTP/1.1" 304 -
191.156.48.193 - - [15/Sep/2023:09:00:11 -0500] "GET /sipse/faces/javax.faces.resource/jquery/jquery.js?ln=primefaces&v=4.0 HTTP/1.1" 304 -
191.156.48.193 - - [15/Sep/2023:09:00:11 -0500] "GET /sipse/faces/javax.faces.resource/jquery/jquery-plugins.js?ln=primefaces&v=4.0 HTTP/1.1" 304 -
191.156.48.193 - - [15/Sep/2023:09:00:12 -0500] "GET /sipse/faces/javax.faces.resource/primefaces.js?ln=primefaces&v=4.0 HTTP/1.1" 304 -
216.244.66.195 - - [15/Sep/2023:09:00:12 -0500] "GET /BLA/resoluciones/AUTOS%202016/2204.pdf HTTP/1.1" 200 481166
191.156.48.193 - - [15/Sep/2023:09:00:12 -0500] "GET /sipse/faces/javax.faces.resource/layout/layout.js?ln=primefaces&v=4.0 HTTP/1.1" 304 -
201.245.192.253 - - [15/Sep/2023:09:00:30 -0500] "POST /forms/lservlet;jsessionid=ac16012b30d6d19c31849e654dd38cb0cf62d49b9509.e3iSbxaKaheRe34Pbx8Nc3aQci1ynknvrkLOlQzNp65In0 HTTP/1.1" 200 2
172.22.2.4 - - [15/Sep/2023:08:58:52 -0500] "GET /BLA/boletinlegal/ HTTP/1.1" 200 58187
191.156.52.229 - - [15/Sep/2023:09:00:46 -0500] "POST /sipse/faces/presentacion/financiero/solicitudProceso/consultar.xhtml HTTP/1.1" 200 31237
191.156.52.229 - - [15/Sep/2023:09:00:47 -0500] "POST /sipse/faces/presentacion/financiero/solicitudProceso/consultar.xhtml HTTP/1.1" 200 31237
191.156.52.229 - - [15/Sep/2023:09:00:48 -0500] "POST /sipse/faces/presentacion/financiero/solicitudProceso/consultar.xhtml HTTP/1.1" 200 31237
191.156.52.229 - - [15/Sep/2023:09:00:49 -0500] "POST /sipse/faces/presentacion/financiero/solicitudProceso/consultar.xhtml HTTP/1.1" 200 31237
191.156.52.229 - - [15/Sep/2023:09:00:50 -0500] "POST /sipse/faces/presentacion/financiero/solicitudProceso/consultar.xhtml HTTP/1.1" 200 31237
191.156.52.229 - - [15/Sep/2023:09:00:51 -0500] "POST /sipse/faces/presentacion/financiero/solicitudProceso/consultar.xhtml HTTP/1.1" 200 31237
191.156.52.229 - - [15/Sep/2023:09:00:52 -0500] "POST /sipse/faces/presentacion/financiero/solicitudProceso/consultar.xhtml HTTP/1.1" 200 31237
191.156.52.229 - - [15/Sep/2023:09:00:52 -0500] "POST /sipse/faces/presentacion/financiero/solicitudProceso/consultar.xhtml HTTP/1.1" 200 31237
191.156.52.229 - - [15/Sep/2023:09:00:53 -0500] "POST /sipse/faces/presentacion/financiero/solicitudProceso/consultar.xhtml HTTP/1.1" 200 31237
191.156.52.229 - - [15/Sep/2023:09:00:53 -0500] "POST /sipse/faces/presentacion/financiero/solicitudProceso/consultar.xhtml HTTP/1.1" 200 31237
191.156.52.229 - - [15/Sep/2023:09:00:57 -0500] "POST /sipse/faces/presentacion/financiero/solicitudProceso/consultar.xhtml HTTP/1.1" 200 2609
191.156.52.229 - - [15/Sep/2023:09:00:58 -0500] "POST /sipse/faces/presentacion/financiero/solicitudProceso/consultar.xhtml HTTP/1.1" 200 31794
191.156.52.229 - - [15/Sep/2023:09:00:59 -0500] "POST /sipse/faces/presentacion/financiero/solicitudProceso/consultar.xhtml HTTP/1.1" 200 31794
216.244.66.195 - - [15/Sep/2023:09:01:01 -0500] "GET /BLA/resoluciones/AUTOS%202016/2422.pdf HTTP/1.1" 200 527042
201.245.192.253 - - [15/Sep/2023:09:01:33 -0500] "POST /forms/lservlet;jsessionid=ac16012b30d63d978f376e20424bb3f6ff930e63d6af.e3iSbxaKaheRe34Pbx8Nc3aQci1ynknvrkLOlQzNp65In0 HTTP/1.1" 200 2
216.244.66.195 - - [15/Sep/2023:09:01:51 -0500] "GET /BLA/resoluciones/AUTOS%202016/2549.pdf HTTP/1.1" 200 341582
216.245.221.92 - - [15/Sep/2023:09:02:22 -0500] "HEAD / HTTP/1.1" 200 -
201.245.192.253 - - [15/Sep/2023:09:02:22 -0500] "POST /kwsrmcab/Wsrmcab  HTTP/1.1" 200 213
201.245.192.253 - - [15/Sep/2023:09:02:30 -0500] "POST /forms/lservlet;jsessionid=ac16012b30d6d19c31849e654dd38cb0cf62d49b9509.e3iSbxaKaheRe34Pbx8Nc3aQci1ynknvrkLOlQzNp65In0 HTTP/1.1" 200 2
40.77.167.61 - - [15/Sep/2023:09:02:31 -0500] "GET /Publicaciones/2023EE210175.pdf HTTP/1.1" 200 232674
216.244.66.195 - - [15/Sep/2023:09:02:40 -0500] "GET /BLA/resoluciones/AUTOS%202016/2670.pdf HTTP/1.1" 200 652174
190.84.43.231 - - [15/Sep/2023:09:03:01 -0500] "GET /sipse/faces/index.xhtml HTTP/1.1" 200 677
190.84.43.231 - - [15/Sep/2023:09:03:02 -0500] "GET /sipse/faces/javax.faces.resource/theme.css?ln=primefaces-sipse HTTP/1.1" 200 50058
190.84.43.231 - - [15/Sep/2023:09:03:02 -0500] "GET /favicon.ico HTTP/1.1" 200 7782
190.84.43.231 - - [15/Sep/2023:09:03:02 -0500] "GET /sipse/faces/faces/autenticacion.xhtml HTTP/1.1" 200 12184
190.84.43.231 - - [15/Sep/2023:09:03:02 -0500] "GET /sipse/js/disable_browser_buttons.js HTTP/1.1" 200 3230
190.84.43.231 - - [15/Sep/2023:09:03:02 -0500] "GET /sipse/js/funciones.js HTTP/1.1" 200 12592
190.84.43.231 - - [15/Sep/2023:09:03:02 -0500] "GET /sipse/css/custom_css_sg.css HTTP/1.1" 200 9694
190.84.43.231 - - [15/Sep/2023:09:03:02 -0500] "GET /sipse/css/custom_css_sg_prime_login.css HTTP/1.1" 200 443
190.84.43.231 - - [15/Sep/2023:09:03:02 -0500] "GET /sipse/faces/javax.faces.resource/layout/layout.css?ln=primefaces&v=4.0 HTTP/1.1" 200 542
190.84.43.231 - - [15/Sep/2023:09:03:02 -0500] "GET /sipse/faces/javax.faces.resource/theme.css?ln=primefaces-sipse HTTP/1.1" 304 -
190.84.43.231 - - [15/Sep/2023:09:03:02 -0500] "GET /sipse/faces/javax.faces.resource/jquery/jquery.js?ln=primefaces&v=4.0 HTTP/1.1" 200 105384
190.84.43.231 - - [15/Sep/2023:09:03:02 -0500] "GET /sipse/faces/javax.faces.resource/primefaces.css?ln=primefaces&v=4.0 HTTP/1.1" 200 53295
190.84.43.231 - - [15/Sep/2023:09:03:02 -0500] "GET /sipse/faces/javax.faces.resource/layout/layout.js?ln=primefaces&v=4.0 HTTP/1.1" 200 87560
190.84.43.231 - - [15/Sep/2023:09:03:02 -0500] "GET /sipse/faces/javax.faces.resource/jquery/jquery-plugins.js?ln=primefaces&v=4.0 HTTP/1.1" 200 220526
190.84.43.231 - - [15/Sep/2023:09:03:02 -0500] "GET /sipse/faces/javax.faces.resource/primefaces.js?ln=primefaces&v=4.0 HTTP/1.1" 200 276924
190.84.43.231 - - [15/Sep/2023:09:03:02 -0500] "GET /sipse/faces/javax.faces.resource/images/ui-icons_898989_256x240.png?ln=primefaces-aristo HTTP/1.1" 200 5355
190.84.43.231 - - [15/Sep/2023:09:03:02 -0500] "GET /sipse/css/imagen/loginimg.png HTTP/1.1" 200 71635
190.84.43.231 - - [15/Sep/2023:09:03:02 -0500] "GET /sipse/css/imagen/logoSDG.png HTTP/1.1" 200 53064
190.84.43.231 - - [15/Sep/2023:09:03:13 -0500] "POST /sipse/faces/autenticacion.xhtml HTTP/1.1" 200 16173
190.84.43.231 - - [15/Sep/2023:09:03:13 -0500] "GET /sipse/css/custom_css_sg_prime.css HTTP/1.1" 200 5201
190.84.43.231 - - [15/Sep/2023:09:03:13 -0500] "GET /sipse/faces/javax.faces.resource/layout/layout.css?ln=primefaces&v=4.0 HTTP/1.1" 304 -
190.84.43.231 - - [15/Sep/2023:09:03:13 -0500] "GET /sipse/faces/javax.faces.resource/theme.css?ln=primefaces-sipse HTTP/1.1" 304 -
190.84.43.231 - - [15/Sep/2023:09:03:13 -0500] "GET /sipse/faces/javax.faces.resource/primefaces.css?ln=primefaces&v=4.0 HTTP/1.1" 304 -
190.84.43.231 - - [15/Sep/2023:09:03:13 -0500] "GET /sipse/js/jquery.min.js HTTP/1.1" 200 85582
190.84.43.231 - - [15/Sep/2023:09:03:13 -0500] "GET /sipse/faces/javax.faces.resource/jquery/jquery.js?ln=primefaces&v=4.0 HTTP/1.1" 304 -
190.84.43.231 - - [15/Sep/2023:09:03:13 -0500] "GET /sipse/faces/javax.faces.resource/jquery/jquery-plugins.js?ln=primefaces&v=4.0 HTTP/1.1" 304 -
190.84.43.231 - - [15/Sep/2023:09:03:13 -0500] "GET /sipse/faces/javax.faces.resource/primefaces.js?ln=primefaces&v=4.0 HTTP/1.1" 304 -
190.84.43.231 - - [15/Sep/2023:09:03:13 -0500] "GET /sipse/faces/javax.faces.resource/layout/layout.js?ln=primefaces&v=4.0 HTTP/1.1" 304 -
190.84.43.231 - - [15/Sep/2023:09:03:13 -0500] "GET /sipse/css/v_mergente.css HTTP/1.1" 200 1505
190.84.43.231 - - [15/Sep/2023:09:03:13 -0500] "GET /sipse/css/imagen/contrasena.png HTTP/1.1" 404 383
190.84.43.231 - - [15/Sep/2023:09:03:13 -0500] "GET /sipse/imagenes/cargando.gif HTTP/1.1" 200 36959
190.84.43.231 - - [15/Sep/2023:09:03:14 -0500] "GET /sipse/faces/javax.faces.resource/messages/messages.png?ln=primefaces&v=4.0 HTTP/1.1" 200 27209
190.84.43.231 - - [15/Sep/2023:09:03:13 -0500] "GET /sipse/imagenes/logoAplicacion.jpg HTTP/1.1" 200 155084
190.84.43.231 - - [15/Sep/2023:09:03:18 -0500] "GET /sipse/faces/javax.faces.resource/images/ui-bg_flat_0_2d5972_40x100.png?ln=primefaces-aristo HTTP/1.1" 200 183
190.84.43.231 - - [15/Sep/2023:09:03:18 -0500] "POST /sipse/faces/bienvenido.xhtml HTTP/1.1" 200 1473
190.84.43.231 - - [15/Sep/2023:09:03:20 -0500] "POST /sipse/faces/bienvenido.xhtml HTTP/1.1" 200 1471
191.156.152.128 - - [15/Sep/2023:09:03:22 -0500] "GET /decision-de-frenar-obras-en-el-zuque-es-caprichosa-y-priva-a-la-ciudadania-de-conocer-y-preservar-los-cerros-orientales-urrutia-secretaria-de-ambiente.html HTTP/1.1" 200 1018
190.84.43.231 - - [15/Sep/2023:09:03:21 -0500] "POST /sipse/faces/bienvenido.xhtml HTTP/1.1" 200 34852
190.84.43.231 - - [15/Sep/2023:09:03:22 -0500] "GET /sipse/faces/javax.faces.resource/theme.css?ln=primefaces-sipse HTTP/1.1" 304 -
190.84.43.231 - - [15/Sep/2023:09:03:22 -0500] "GET /sipse/faces/javax.faces.resource/primefaces.css?ln=primefaces&v=4.0 HTTP/1.1" 304 -
190.84.43.231 - - [15/Sep/2023:09:03:22 -0500] "GET /sipse/faces/javax.faces.resource/layout/layout.css?ln=primefaces&v=4.0 HTTP/1.1" 304 -
190.84.43.231 - - [15/Sep/2023:09:03:22 -0500] "GET /sipse/faces/javax.faces.resource/jquery/jquery.js?ln=primefaces&v=4.0 HTTP/1.1" 304 -
190.84.43.231 - - [15/Sep/2023:09:03:22 -0500] "GET /sipse/faces/javax.faces.resource/jquery/jquery-plugins.js?ln=primefaces&v=4.0 HTTP/1.1" 304 -
190.84.43.231 - - [15/Sep/2023:09:03:22 -0500] "GET /sipse/faces/javax.faces.resource/primefaces.js?ln=primefaces&v=4.0 HTTP/1.1" 304 -
190.84.43.231 - - [15/Sep/2023:09:03:22 -0500] "GET /sipse/faces/javax.faces.resource/layout/layout.js?ln=primefaces&v=4.0 HTTP/1.1" 304 -
190.84.43.231 - - [15/Sep/2023:09:03:22 -0500] "POST /sipse/faces/presentacion/financiero/solicitudProceso/listarSolicitudProceso.xhtml HTTP/1.1" 200 1404
190.84.43.231 - - [15/Sep/2023:09:03:26 -0500] "POST /sipse/faces/presentacion/financiero/solicitudProceso/listarSolicitudProceso.xhtml HTTP/1.1" 200 141839
190.84.43.231 - - [15/Sep/2023:09:03:26 -0500] "GET /sipse/faces/javax.faces.resource/jquery/jquery.js?ln=primefaces&v=4.0 HTTP/1.1" 304 -
190.84.43.231 - - [15/Sep/2023:09:03:26 -0500] "GET /sipse/faces/javax.faces.resource/theme.css?ln=primefaces-sipse HTTP/1.1" 304 -
190.84.43.231 - - [15/Sep/2023:09:03:26 -0500] "GET /sipse/faces/javax.faces.resource/layout/layout.css?ln=primefaces&v=4.0 HTTP/1.1" 304 -
190.84.43.231 - - [15/Sep/2023:09:03:26 -0500] "GET /sipse/faces/javax.faces.resource/primefaces.css?ln=primefaces&v=4.0 HTTP/1.1" 304 -
190.84.43.231 - - [15/Sep/2023:09:03:26 -0500] "GET /sipse/faces/javax.faces.resource/jquery/jquery-plugins.js?ln=primefaces&v=4.0 HTTP/1.1" 304 -
190.84.43.231 - - [15/Sep/2023:09:03:26 -0500] "GET /sipse/faces/javax.faces.resource/primefaces.js?ln=primefaces&v=4.0 HTTP/1.1" 304 -
190.84.43.231 - - [15/Sep/2023:09:03:26 -0500] "GET /sipse/faces/javax.faces.resource/layout/layout.js?ln=primefaces&v=4.0 HTTP/1.1" 304 -
216.244.66.195 - - [15/Sep/2023:09:03:31 -0500] "GET /BLA/resoluciones/AUTOS%202016/2793.pdf HTTP/1.1" 200 424038
201.245.192.253 - - [15/Sep/2023:09:03:33 -0500] "POST /forms/lservlet;jsessionid=ac16012b30d63d978f376e20424bb3f6ff930e63d6af.e3iSbxaKaheRe34Pbx8Nc3aQci1ynknvrkLOlQzNp65In0 HTTP/1.1" 200 2
190.26.252.97 - - [15/Sep/2023:09:03:33 -0500] "GET /guadalupe-aguanoso-un-nuevo-tramo-de-camino-para-disfrutar-en-los-cerros-orientales.html HTTP/1.1" 200 795
190.84.43.231 - - [15/Sep/2023:09:04:04 -0500] "POST /sipse/faces/presentacion/financiero/solicitudProceso/consultarSolicitudProceso.xhtml HTTP/1.1" 200 409477
190.84.43.231 - - [15/Sep/2023:09:04:07 -0500] "POST /sipse/faces/presentacion/financiero/solicitudProceso/consultarSolicitudProceso.xhtml HTTP/1.1" 200 114494
190.84.43.231 - - [15/Sep/2023:09:04:09 -0500] "POST /sipse/faces/presentacion/financiero/solicitudProceso/consultarSolicitudProceso.xhtml HTTP/1.1" 200 93590
190.84.43.231 - - [15/Sep/2023:09:04:11 -0500] "POST /sipse/faces/presentacion/financiero/solicitudProceso/consultarSolicitudProceso.xhtml HTTP/1.1" 200 222530
190.84.43.231 - - [15/Sep/2023:09:04:13 -0500] "POST /sipse/faces/presentacion/financiero/solicitudProceso/consultarSolicitudProceso.xhtml HTTP/1.1" 200 41782
216.244.66.195 - - [15/Sep/2023:09:04:15 -0500] "GET /BLA/resoluciones/AUTOS%202016/2850.pdf HTTP/1.1" 200 388138
190.84.43.231 - - [15/Sep/2023:09:04:17 -0500] "POST /sipse/faces/presentacion/financiero/solicitudProceso/consultarSolicitudProceso.xhtml HTTP/1.1" 200 2793476
190.84.43.231 - - [15/Sep/2023:09:04:21 -0500] "POST /sipse/faces/presentacion/financiero/solicitudProceso/consultarSolicitudProceso.xhtml HTTP/1.1" 200 518897
186.102.43.245 - - [15/Sep/2023:09:04:22 -0500] "GET /kwssiamovil/sm/acme/a?s=U2FsdGVkX18Q/BZOl6EK2vVm9OnliJ2Qd1f5jw5X+7J/IE8wEc2+FTnI6Vumfhxn9X/1HW2E4sjxrG8t3Jv0yIHTzv5aWzU2dzHPmE6+gAEuVEQjTY/pdWGAwwdSI9b/CyKkbnNBO4x9gj5RAa2vwaAD6gl+ED80rI5EFTN2cmyiRrIN0536ZA5Ew3XP7asLuSeJXXCKyO6r9+tmc2zRT17qxul1CAPEIfmiN4PbxOyuoAiooVPjwm1tSRrpSLPo8oESOQFDMEQ7TLGAxccEzQ==&u=U2FsdGVkX18NX9OpyDMo+IszGUhj9fyKzNx06cWSgGo=&y=U2FsdGVkX19NZDWePYltRXP4pCVTaQ2fLvWgN2RVQoWPhF7HjoNOREA2Dk51ZQJJ HTTP/1.1" 200 26
186.102.43.245 - - [15/Sep/2023:09:04:22 -0500] "GET /kwssiamovil/sm/acme/a?s=U2FsdGVkX1984FEM9a0APQS9X/StCKX0fmPBuw05c2dFMK3ZbvxNgVEenEF0WegVSeFcQPof7IdkSrbJFMx89Ww7ZF8emguXpKdq3U1EZfxniHrS7MQmX+0gVDBP+nJFurTCwaT0WYBMjkSOGtXdNYsa2o92qFNPhU/arcwKgnRbDLHCvqJdHmVt+BPhizumAkbmc0oJ1BPhEAH004dGbK6VlsN7KoPpmpBiBID2lv/PKBqsgCIt+buQ1+SG8ClUwVCJVf8E1/TSylRVUeZd1mXjBK1ljgCITJLJN+xqQxMv8i8ZjknzqBZIYycCxvuI+e4X09bzFkvudu2J3Vhl2Uw9I9wKgOvBiR6SDnP8HjyKIf89I+WA6FIkTceLC/zQQuzVammm78PvieQTg4mR1Z+GNPc/UsFBWnutTm8Sqj9v7PHtC8nERpTkW9he6AwtUg1MjzLYHx4MMfVCAV7rOhWjifBrt/4C/3Y/U85Wrl40izlOumzJhWW0w8Yl2dinSKAf6oox/ODmiVKPc1nCpwd5RkUgLobId9njcXLe8VZo9ivMst+g3zmgVGq97jW86tMk/DzKaU8utYBtW9s6BnVR85SPjY3zPfZYOCqhrpsO/raBmaqZb5qNY6yYgjZCjzdbM2rJZ75SehRRKq4wjTFnrODcFnpOOVI0BZ2oB4J5+trwzGAuqucHMrGO4aqdi9P690uMdjHnxY1v2RjiSUkPmggZ0+gCc7k0oUrJRQKrFRdiTzk+SkUYrFisGTRfMhhqs/innIvyZ2wV43e7sHtmS813nI8cQh+2Luq83E9DmzOl0uyD8aLdNmXdPNzyNQeVA60Caak9vvKHfg2ArjpClhILIIRdemRo4wsBGYQzalqhCYSBH47qTCWw4eVmoXUbpFKTifSTLBLLD9zpHoe78KuHhljhOew1pgbOHFCTMQAmcM3HiDVWsq7/oS+jn+p+vT7J0sL1RSRJB83MwNnu4ddHUk2HNoL2f/W5tKN6SQ6+vY3TvHWZtmwsgmZU6WQacMV2k8u3EEkTTOiInWFVhaRApfDPqbOOc9ixmhq8nLzDUZH7TPl3BX0J7B6B1Jc0zcYL3Kxmst0/CJP2VPvY6lKnwVSBqxEVeqimeEItpKgVB2j66abTXC0XFsSZT0LGLtMNbbHIe267yVQcbkb+++x3Mvz5LIj1z/Mna+1jiAFVNMu9VJSVdQez1lwcqaPV8jgVIlhMUEhA8QudbuUr3NwUP/Zl6/Ojn9gvcgA+PUZHR21OkJGU3Gwuefg1KQsVXoKCvuE4Ktby6OVyzYYcg3K+iNEKkgtcCzIXggvPAmK6s02521YNmS0oj7jNYjI64r15X/djlpZg4V6MEE7LW78kUo+lA1e6tpTJvXd8gZ0GI/Fg39HqJS5Oor0PasJXzXe4mikCl6LNWtlp/PNVuwk8fQEDXCzyrk/Mpp8bjIfzX3aCS+vwqq9HAiP7QR3rnw2suJ2X1Wrzjm/P1w==&u=U2FsdGVkX18NX9OpyDMo+IszGUhj9fyKzNx06cWSgGo=&y=U2FsdGVkX19NZDWePYltRXP4pCVTaQ2fLvWgN2RVQoWPhF7HjoNOREA2Dk51ZQJJ HTTP/1.1" 200 26
186.102.43.245 - - [15/Sep/2023:09:04:22 -0500] "GET /kwssiamovil/sm/acme/a?s=U2FsdGVkX19QjbrrtiyE6mT4Fk9r6FyGbNgmMPv+ITza3+Air1VFb5WGX2NVXW7gon59jW7Km7wCu2FX/VnfzaLz3W4q/Syf3g8nSpDI1LweADGaHy8KlRTLKNDHdMaRVj/WGaX8wJQWHBFyi7XVrJXq9EyjEweaA+Mw2/KODus=&u=U2FsdGVkX18NX9OpyDMo+IszGUhj9fyKzNx06cWSgGo=&y=U2FsdGVkX19NZDWePYltRXP4pCVTaQ2fLvWgN2RVQoWPhF7HjoNOREA2Dk51ZQJJ HTTP/1.1" 200 26
186.102.43.245 - - [15/Sep/2023:09:04:23 -0500] "GET /kwssiamovil/sm/acme/a?s=U2FsdGVkX19Kb2sckoYZoNlMgvRNmnMBS1lpi1yDbOJkERqdkcJ0N9yzbFlwhzrj8Y79ikzumCq3c4DH5uAZDg1P1p1/wsWoT5lyZjnRaI5kgsAp+VBKLwZqEJOz+GyFfr6E2m5SGPyLqkcCDfN4vNyPvyvra6XJtiqd8nCXooA=&u=U2FsdGVkX18NX9OpyDMo+IszGUhj9fyKzNx06cWSgGo=&y=U2FsdGVkX19NZDWePYltRXP4pCVTaQ2fLvWgN2RVQoWPhF7HjoNOREA2Dk51ZQJJ HTTP/1.1" 200 26
186.102.43.245 - - [15/Sep/2023:09:04:23 -0500] "GET /kwssiamovil/sm/acme/a?s=U2FsdGVkX1/smP3EAHBYwCEL1cZNakd5gSaxVZ+IWlB520hByl7uq4Gh6qU9aVmoLBaPQDkHzF2LGXD/oBMN5FzNDROQ60WNvteLGDz+yxBSP3YLQHfKls5E6hy6IGuYrvqT8NbCHvXHIot1w98ErUWpj0QXfxlm70EMezromyQ=&u=U2FsdGVkX18NX9OpyDMo+IszGUhj9fyKzNx06cWSgGo=&y=U2FsdGVkX19NZDWePYltRXP4pCVTaQ2fLvWgN2RVQoWPhF7HjoNOREA2Dk51ZQJJ HTTP/1.1" 200 26
186.102.43.245 - - [15/Sep/2023:09:04:23 -0500] "GET /kwssiamovil/sm/acme/a?s=U2FsdGVkX19Ve86gZtLpMKwDrfb4FskFyYl+VkhyFh2TlSAA8BUQ1NsNK5XkLeAkbjScmLUGg7aSTty4tBC0dVeqlbZvsIjdmqVz3u9QJV269Vwd5R7DpOYbQP7nw6700cP//ezzA0lqz91WkErZdn0KoA1ZgzgRkbyyl/VrfPL93g6Wr514BXpmQzZDStne&u=U2FsdGVkX18NX9OpyDMo+IszGUhj9fyKzNx06cWSgGo=&y=U2FsdGVkX19NZDWePYltRXP4pCVTaQ2fLvWgN2RVQoWPhF7HjoNOREA2Dk51ZQJJ HTTP/1.1" 200 26
201.245.192.253 - - [15/Sep/2023:09:04:30 -0500] "POST /forms/lservlet;jsessionid=ac16012b30d6d19c31849e654dd38cb0cf62d49b9509.e3iSbxaKaheRe34Pbx8Nc3aQci1ynknvrkLOlQzNp65In0 HTTP/1.1" 200 2
190.84.43.231 - - [15/Sep/2023:09:04:40 -0500] "POST /sipse/faces/presentacion/financiero/solicitudProceso/consultarSolicitudProceso.xhtml HTTP/1.1" 200 517119
199.16.157.182 - - [15/Sep/2023:09:04:41 -0500] "GET /images/presentaci%C3%B3n%20convenci%C3%B3n.jpg HTTP/1.1" 404 1034
190.84.43.231 - - [15/Sep/2023:09:04:42 -0500] "POST /sipse/faces/presentacion/financiero/solicitudProceso/consultarSolicitudProceso.xhtml HTTP/1.1" 200 140171
190.84.43.231 - - [15/Sep/2023:09:04:48 -0500] "POST /sipse/faces/presentacion/financiero/solicitudProceso/consultarSolicitudProceso.xhtml HTTP/1.1" 200 5501
190.84.43.231 - - [15/Sep/2023:09:04:48 -0500] "GET /sipse/faces/javax.faces.resource/dynamiccontent.properties?ln=primefaces&pfdrid=XjOR5%2F%2FfPAZAuY9TpWQeCiM0BhlXxYRBGKi%2FQcXXfeA%3D&pfdrid_c=false HTTP/1.1" 200 120601
190.84.43.231 - - [15/Sep/2023:09:04:50 -0500] "GET /sipse/faces/javax.faces.resource/dynamiccontent.properties?ln=primefaces&pfdrid=XjOR5%2F%2FfPAZAuY9TpWQeCiM0BhlXxYRBGKi%2FQcXXfeA%3D&pfdrid_c=false HTTP/1.1" 500 383
216.244.66.195 - - [15/Sep/2023:09:04:55 -0500] "GET /BLA/resoluciones/AUTOS%202016/2996.pdf HTTP/1.1" 200 438118
216.244.66.195 - - [15/Sep/2023:09:05:28 -0500] "GET /BLA/resoluciones/AUTOS%202015/1813.pdf HTTP/1.1" 200 788208
172.22.2.4 - - [15/Sep/2023:09:03:52 -0500] "HEAD /BLA/boletinlegal/ HTTP/1.1" 200 -
201.245.192.253 - - [15/Sep/2023:09:05:33 -0500] "POST /forms/lservlet;jsessionid=ac16012b30d63d978f376e20424bb3f6ff930e63d6af.e3iSbxaKaheRe34Pbx8Nc3aQci1ynknvrkLOlQzNp65In0 HTTP/1.1" 200 2
172.22.2.4 - - [15/Sep/2023:09:05:49 -0500] "GET /BLA/boletinlegal/consulta_actos.php?tipo=autos&no=4897&usuario=&sector=&fecha=2019&resuelve= HTTP/1.1" 200 1375
191.95.51.152 - - [15/Sep/2023:09:06:07 -0500] "GET /decision-de-frenar-obras-en-el-zuque-es-caprichosa-y-priva-a-la-ciudadania-de-conocer-y-preservar-los-cerros-orientales-urrutia-secretaria-de-ambiente.html HTTP/1.1" 200 1018
186.155.74.108 - - [15/Sep/2023:09:06:10 -0500] "GET /sipse/faces/faces/autenticacion.xhtml HTTP/1.1" 200 12506
186.155.74.108 - - [15/Sep/2023:09:06:11 -0500] "GET /sipse/css/custom_css_sg.css HTTP/1.1" 200 9694
186.155.74.108 - - [15/Sep/2023:09:06:11 -0500] "GET /sipse/css/custom_css_sg_prime_login.css HTTP/1.1" 200 443
186.155.74.108 - - [15/Sep/2023:09:06:11 -0500] "GET /sipse/faces/javax.faces.resource/theme.css?ln=primefaces-sipse HTTP/1.1" 200 50058
186.155.74.108 - - [15/Sep/2023:09:06:11 -0500] "GET /sipse/faces/javax.faces.resource/layout/layout.css;jsessionid=D6k9xBqNFMMG7nhpSqlyxnzT.undefined?ln=primefaces&v=4.0 HTTP/1.1" 200 542
186.155.74.108 - - [15/Sep/2023:09:06:11 -0500] "GET /sipse/faces/javax.faces.resource/primefaces.css;jsessionid=D6k9xBqNFMMG7nhpSqlyxnzT.undefined?ln=primefaces&v=4.0 HTTP/1.1" 200 53295
186.155.74.108 - - [15/Sep/2023:09:06:11 -0500] "GET /sipse/js/disable_browser_buttons.js HTTP/1.1" 304 -
186.155.74.108 - - [15/Sep/2023:09:06:11 -0500] "GET /sipse/faces/javax.faces.resource/jquery/jquery.js;jsessionid=D6k9xBqNFMMG7nhpSqlyxnzT.undefined?ln=primefaces&v=4.0 HTTP/1.1" 200 105384
186.155.74.108 - - [15/Sep/2023:09:06:11 -0500] "GET /sipse/js/funciones.js HTTP/1.1" 304 -
186.155.74.108 - - [15/Sep/2023:09:06:11 -0500] "GET /sipse/faces/javax.faces.resource/layout/layout.js;jsessionid=D6k9xBqNFMMG7nhpSqlyxnzT.undefined?ln=primefaces&v=4.0 HTTP/1.1" 200 87560
186.155.74.108 - - [15/Sep/2023:09:06:11 -0500] "GET /sipse/faces/javax.faces.resource/primefaces.js;jsessionid=D6k9xBqNFMMG7nhpSqlyxnzT.undefined?ln=primefaces&v=4.0 HTTP/1.1" 200 276924
186.155.74.108 - - [15/Sep/2023:09:06:11 -0500] "GET /sipse/faces/javax.faces.resource/jquery/jquery-plugins.js;jsessionid=D6k9xBqNFMMG7nhpSqlyxnzT.undefined?ln=primefaces&v=4.0 HTTP/1.1" 200 220526
186.155.74.108 - - [15/Sep/2023:09:06:11 -0500] "GET /sipse/faces/javax.faces.resource/images/ui-icons_898989_256x240.png?ln=primefaces-aristo HTTP/1.1" 200 5355
186.155.74.108 - - [15/Sep/2023:09:06:11 -0500] "GET /sipse/css/imagen/logoSDG.png HTTP/1.1" 200 53064
186.155.74.108 - - [15/Sep/2023:09:06:11 -0500] "GET /sipse/css/imagen/loginimg.png HTTP/1.1" 200 71635
186.155.74.108 - - [15/Sep/2023:09:06:12 -0500] "GET /sipse/faces/faces/index.xhtml HTTP/1.1" 200 677
186.155.74.108 - - [15/Sep/2023:09:06:12 -0500] "GET /sipse/faces/javax.faces.resource/theme.css?ln=primefaces-sipse HTTP/1.1" 304 -
186.155.74.108 - - [15/Sep/2023:09:06:12 -0500] "GET /sipse/faces/faces/faces/autenticacion.xhtml HTTP/1.1" 200 12184
186.155.74.108 - - [15/Sep/2023:09:06:13 -0500] "GET /sipse/faces/javax.faces.resource/theme.css?ln=primefaces-sipse HTTP/1.1" 304 -
186.155.74.108 - - [15/Sep/2023:09:06:13 -0500] "GET /sipse/faces/javax.faces.resource/layout/layout.css?ln=primefaces&v=4.0 HTTP/1.1" 304 -
186.155.74.108 - - [15/Sep/2023:09:06:13 -0500] "GET /sipse/faces/javax.faces.resource/primefaces.css?ln=primefaces&v=4.0 HTTP/1.1" 304 -
186.155.74.108 - - [15/Sep/2023:09:06:13 -0500] "GET /sipse/faces/javax.faces.resource/jquery/jquery.js?ln=primefaces&v=4.0 HTTP/1.1" 304 -
186.155.74.108 - - [15/Sep/2023:09:06:13 -0500] "GET /sipse/faces/javax.faces.resource/jquery/jquery-plugins.js?ln=primefaces&v=4.0 HTTP/1.1" 304 -
186.155.74.108 - - [15/Sep/2023:09:06:13 -0500] "GET /sipse/faces/javax.faces.resource/primefaces.js?ln=primefaces&v=4.0 HTTP/1.1" 304 -
186.155.74.108 - - [15/Sep/2023:09:06:13 -0500] "GET /sipse/faces/javax.faces.resource/layout/layout.js?ln=primefaces&v=4.0 HTTP/1.1" 304 -
186.155.74.108 - - [15/Sep/2023:09:06:13 -0500] "GET /sipse/faces/javax.faces.resource/images/ui-icons_898989_256x240.png?ln=primefaces-aristo HTTP/1.1" 304 -
186.155.74.108 - - [15/Sep/2023:09:06:16 -0500] "POST /sipse/faces/autenticacion.xhtml HTTP/1.1" 200 16786
186.155.74.108 - - [15/Sep/2023:09:06:16 -0500] "GET /sipse/css/custom_css_sg_prime.css HTTP/1.1" 304 -
186.155.74.108 - - [15/Sep/2023:09:06:16 -0500] "GET /sipse/js/jquery.min.js HTTP/1.1" 304 -
186.155.74.108 - - [15/Sep/2023:09:06:16 -0500] "GET /sipse/faces/javax.faces.resource/jquery/jquery.js?ln=primefaces&v=4.0 HTTP/1.1" 304 -
186.155.74.108 - - [15/Sep/2023:09:06:16 -0500] "GET /sipse/faces/javax.faces.resource/jquery/jquery-plugins.js?ln=primefaces&v=4.0 HTTP/1.1" 304 -
186.155.74.108 - - [15/Sep/2023:09:06:16 -0500] "GET /sipse/faces/javax.faces.resource/primefaces.js?ln=primefaces&v=4.0 HTTP/1.1" 304 -
186.155.74.108 - - [15/Sep/2023:09:06:16 -0500] "GET /sipse/faces/javax.faces.resource/layout/layout.js?ln=primefaces&v=4.0 HTTP/1.1" 304 -
186.155.74.108 - - [15/Sep/2023:09:06:16 -0500] "GET /sipse/imagenes/cargando.gif HTTP/1.1" 304 -
186.155.74.108 - - [15/Sep/2023:09:06:16 -0500] "GET /sipse/css/v_mergente.css HTTP/1.1" 304 -
186.155.74.108 - - [15/Sep/2023:09:06:16 -0500] "GET /sipse/imagenes/logoAplicacion.jpg HTTP/1.1" 304 -
186.155.74.108 - - [15/Sep/2023:09:06:16 -0500] "GET /sipse/css/imagen/contrasena.png HTTP/1.1" 404 383
186.155.74.108 - - [15/Sep/2023:09:06:16 -0500] "GET /sipse/faces/javax.faces.resource/messages/messages.png?ln=primefaces&v=4.0 HTTP/1.1" 304 -
186.155.74.108 - - [15/Sep/2023:09:06:18 -0500] "POST /sipse/faces/bienvenido.xhtml HTTP/1.1" 200 1473
186.155.74.108 - - [15/Sep/2023:09:06:18 -0500] "GET /sipse/faces/javax.faces.resource/images/ui-bg_flat_0_2d5972_40x100.png?ln=primefaces-aristo HTTP/1.1" 304 -
216.244.66.195 - - [15/Sep/2023:09:06:18 -0500] "GET /BLA/resoluciones/AUTOS%202015/3421.pdf HTTP/1.1" 200 546539
186.155.74.108 - - [15/Sep/2023:09:06:19 -0500] "POST /sipse/faces/bienvenido.xhtml HTTP/1.1" 200 38387
186.155.74.108 - - [15/Sep/2023:09:06:19 -0500] "GET /sipse/faces/javax.faces.resource/jquery/jquery.js?ln=primefaces&v=4.0 HTTP/1.1" 304 -
186.155.74.108 - - [15/Sep/2023:09:06:19 -0500] "GET /sipse/faces/javax.faces.resource/jquery/jquery-plugins.js?ln=primefaces&v=4.0 HTTP/1.1" 304 -
186.155.74.108 - - [15/Sep/2023:09:06:19 -0500] "GET /sipse/faces/javax.faces.resource/primefaces.js?ln=primefaces&v=4.0 HTTP/1.1" 304 -
186.155.74.108 - - [15/Sep/2023:09:06:19 -0500] "GET /sipse/faces/javax.faces.resource/layout/layout.js?ln=primefaces&v=4.0 HTTP/1.1" 304 -
186.155.74.108 - - [15/Sep/2023:09:06:21 -0500] "POST /sipse/faces/presentacion/financiero/solicitudProceso/consultar.xhtml HTTP/1.1" 200 12813
172.22.2.4 - - [15/Sep/2023:09:04:42 -0500] "GET /BLA/boletinlegal/ HTTP/1.1" 200 57790
186.155.74.108 - - [15/Sep/2023:09:06:28 -0500] "POST /sipse/faces/presentacion/financiero/solicitudProceso/consultar.xhtml HTTP/1.1" 200 2667
186.155.74.108 - - [15/Sep/2023:09:06:29 -0500] "POST /sipse/faces/presentacion/financiero/solicitudProceso/consultar.xhtml HTTP/1.1" 200 38409
186.155.74.108 - - [15/Sep/2023:09:06:30 -0500] "GET /sipse/faces/javax.faces.resource/jquery/jquery.js?ln=primefaces&v=4.0 HTTP/1.1" 304 -
186.155.74.108 - - [15/Sep/2023:09:06:30 -0500] "GET /sipse/faces/javax.faces.resource/jquery/jquery-plugins.js?ln=primefaces&v=4.0 HTTP/1.1" 304 -
201.245.192.253 - - [15/Sep/2023:09:06:30 -0500] "POST /forms/lservlet;jsessionid=ac16012b30d6d19c31849e654dd38cb0cf62d49b9509.e3iSbxaKaheRe34Pbx8Nc3aQci1ynknvrkLOlQzNp65In0 HTTP/1.1" 200 2
186.155.74.108 - - [15/Sep/2023:09:06:30 -0500] "GET /sipse/faces/javax.faces.resource/primefaces.js?ln=primefaces&v=4.0 HTTP/1.1" 304 -
186.155.74.108 - - [15/Sep/2023:09:06:30 -0500] "GET /sipse/faces/javax.faces.resource/layout/layout.js?ln=primefaces&v=4.0 HTTP/1.1" 304 -
186.155.74.108 - - [15/Sep/2023:09:06:30 -0500] "POST /sipse/faces/presentacion/financiero/solicitudProceso/listarSolicitudProceso.xhtml HTTP/1.1" 200 31790
186.155.74.108 - - [15/Sep/2023:09:06:31 -0500] "POST /sipse/faces/presentacion/financiero/solicitudProceso/listarSolicitudProceso.xhtml HTTP/1.1" 200 1424
186.155.74.108 - - [15/Sep/2023:09:06:31 -0500] "POST /sipse/faces/presentacion/financiero/solicitudProceso/listarSolicitudProceso.xhtml HTTP/1.1" 200 1428
186.155.74.108 - - [15/Sep/2023:09:06:35 -0500] "POST /sipse/faces/presentacion/financiero/solicitudProceso/listarSolicitudProceso.xhtml HTTP/1.1" 200 138243
186.155.74.108 - - [15/Sep/2023:09:06:36 -0500] "GET /sipse/faces/javax.faces.resource/jquery/jquery.js?ln=primefaces&v=4.0 HTTP/1.1" 304 -
186.155.74.108 - - [15/Sep/2023:09:06:36 -0500] "GET /sipse/faces/javax.faces.resource/jquery/jquery-plugins.js?ln=primefaces&v=4.0 HTTP/1.1" 304 -
186.155.74.108 - - [15/Sep/2023:09:06:37 -0500] "GET /sipse/faces/javax.faces.resource/primefaces.js?ln=primefaces&v=4.0 HTTP/1.1" 304 -
186.155.74.108 - - [15/Sep/2023:09:06:37 -0500] "GET /sipse/faces/javax.faces.resource/layout/layout.js?ln=primefaces&v=4.0 HTTP/1.1" 304 -
186.155.74.108 - - [15/Sep/2023:09:06:37 -0500] "GET /sipse/faces/javax.faces.resource/dynamiccontent.properties?ln=primefaces&pfdrid=XjOR5%2F%2FfPAZAuY9TpWQeCiM0BhlXxYRBGKi%2FQcXXfeA%3D&pfdrid_c=false HTTP/1.1" 500 383
216.244.66.195 - - [15/Sep/2023:09:07:04 -0500] "GET /BLA/resoluciones/AUTOS%202017/0420.pdf HTTP/1.1" 200 313227
186.155.74.108 - - [15/Sep/2023:09:07:13 -0500] "POST /sipse/faces/presentacion/financiero/solicitudProceso/consultarSolicitudProceso.xhtml HTTP/1.1" 200 30773
186.155.74.108 - - [15/Sep/2023:09:07:14 -0500] "GET /sipse/faces/javax.faces.resource/jquery/jquery.js?ln=primefaces&v=4.0 HTTP/1.1" 304 -
186.155.74.108 - - [15/Sep/2023:09:07:14 -0500] "GET /sipse/faces/javax.faces.resource/jquery/jquery-plugins.js?ln=primefaces&v=4.0 HTTP/1.1" 304 -
186.155.74.108 - - [15/Sep/2023:09:07:14 -0500] "GET /sipse/faces/javax.faces.resource/primefaces.js?ln=primefaces&v=4.0 HTTP/1.1" 304 -
186.155.74.108 - - [15/Sep/2023:09:07:14 -0500] "GET /sipse/faces/javax.faces.resource/layout/layout.js?ln=primefaces&v=4.0 HTTP/1.1" 304 -
216.245.221.92 - - [15/Sep/2023:09:07:22 -0500] "HEAD / HTTP/1.1" 200 -
201.245.192.253 - - [15/Sep/2023:09:07:21 -0500] "POST /kwsrmcab/Wsrmcab  HTTP/1.1" 200 213
186.155.74.108 - - [15/Sep/2023:09:07:20 -0500] "POST /sipse/faces/presentacion/financiero/solicitudProceso/asignarContratacion.xhtml HTTP/1.1" 200 35969
186.155.74.108 - - [15/Sep/2023:09:07:24 -0500] "GET /sipse/faces/javax.faces.resource/jquery/jquery.js?ln=primefaces&v=4.0 HTTP/1.1" 304 -
186.155.74.108 - - [15/Sep/2023:09:07:24 -0500] "GET /sipse/faces/javax.faces.resource/jquery/jquery-plugins.js?ln=primefaces&v=4.0 HTTP/1.1" 304 -
186.155.74.108 - - [15/Sep/2023:09:07:24 -0500] "GET /sipse/faces/javax.faces.resource/primefaces.js?ln=primefaces&v=4.0 HTTP/1.1" 304 -
186.155.74.108 - - [15/Sep/2023:09:07:24 -0500] "GET /sipse/faces/javax.faces.resource/layout/layout.js?ln=primefaces&v=4.0 HTTP/1.1" 304 -
186.155.74.108 - - [15/Sep/2023:09:07:26 -0500] "POST /sipse/faces/presentacion/financiero/solicitudProceso/listarSolicitudProceso.xhtml HTTP/1.1" 200 1404
201.245.192.253 - - [15/Sep/2023:09:07:33 -0500] "POST /forms/lservlet;jsessionid=ac16012b30d63d978f376e20424bb3f6ff930e63d6af.e3iSbxaKaheRe34Pbx8Nc3aQci1ynknvrkLOlQzNp65In0 HTTP/1.1" 200 2
216.244.66.195 - - [15/Sep/2023:09:07:41 -0500] "GET /BLA/resoluciones/AUTOS%202017/1209.pdf HTTP/1.1" 200 299652
65.154.226.169 - - [15/Sep/2023:09:07:41 -0500] "GET /portaldeninos/wp-content/themes/betheme/style.css?ver=20.9.6 HTTP/1.1" 200 287
65.154.226.169 - - [15/Sep/2023:09:07:41 -0500] "GET /portaldeninos/wp-content/uploads/useanyfont/uaf.css?ver=1589905315 HTTP/1.1" 200 408
65.154.226.169 - - [15/Sep/2023:09:07:41 -0500] "GET /portaldeninos/wp-content/themes/betheme/css/base.css?ver=20.9.6 HTTP/1.1" 200 57283
65.154.226.169 - - [15/Sep/2023:09:07:41 -0500] "GET /portaldeninos/wp-content/plugins/gallery-videos/CSS/totalsoft.css?ver=4.9.8 HTTP/1.1" 200 40622
65.154.226.169 - - [15/Sep/2023:09:07:41 -0500] "GET /portaldeninos/wp-content/plugins/gallery-videos/CSS/Total-Soft-Gallery-Video-Widget.css?ver=4.9.8 HTTP/1.1" 200 51554
65.154.226.169 - - [15/Sep/2023:09:07:42 -0500] "GET /portaldeninos/wp-content/themes/betheme/assets/animations/animations.min.css?ver=20.9.6 HTTP/1.1" 200 58508
65.154.226.169 - - [15/Sep/2023:09:07:41 -0500] "GET /portaldeninos/wp-content/themes/betheme/css/layout.css?ver=20.9.6 HTTP/1.1" 200 116639
65.154.226.169 - - [15/Sep/2023:09:07:42 -0500] "GET /portaldeninos/wp-content/themes/betheme/assets/jplayer/css/jplayer.blue.monday.css?ver=20.9.6 HTTP/1.1" 200 9834
65.154.226.169 - - [15/Sep/2023:09:07:42 -0500] "GET /portaldeninos/wp-content/themes/betheme/css/shortcodes.css?ver=20.9.6 HTTP/1.1" 200 138889
65.154.226.169 - - [15/Sep/2023:09:07:42 -0500] "GET /portaldeninos/wp-content/themes/betheme/assets/ui/jquery.ui.all.css?ver=20.9.6 HTTP/1.1" 200 18765
65.154.226.169 - - [15/Sep/2023:09:07:42 -0500] "GET /portaldeninos/wp-content/themes/betheme/css/responsive.css?ver=20.9.6 HTTP/1.1" 200 55740
65.154.226.169 - - [15/Sep/2023:09:07:43 -0500] "GET /portaldeninos/wp-content/plugins/google-analytics-for-wordpress/assets/js/frontend-gtag.min.js?ver=8.5.0 HTTP/1.1" 200 11801
65.154.226.169 - - [15/Sep/2023:09:07:43 -0500] "GET /portaldeninos/wp-includes/js/jquery/jquery-migrate.min.js?ver=1.4.1 HTTP/1.1" 200 10056
65.154.226.169 - - [15/Sep/2023:09:07:43 -0500] "GET /portaldeninos/wp-includes/js/jquery/ui/core.min.js?ver=1.11.4 HTTP/1.1" 200 4000
65.154.226.169 - - [15/Sep/2023:09:07:43 -0500] "GET /portaldeninos/wp-content/plugins/gallery-videos/JS/modernizr.custom.js?ver=4.9.8 HTTP/1.1" 200 9019
65.154.226.169 - - [15/Sep/2023:09:07:43 -0500] "GET /portaldeninos/wp-includes/js/jquery/ui/widget.min.js?ver=1.11.4 HTTP/1.1" 200 6908
65.154.226.169 - - [15/Sep/2023:09:07:43 -0500] "GET /portaldeninos/wp-includes/js/jquery/ui/mouse.min.js?ver=1.11.4 HTTP/1.1" 200 3148
65.154.226.169 - - [15/Sep/2023:09:07:43 -0500] "GET /portaldeninos/wp-includes/js/jquery/ui/tabs.min.js?ver=1.11.4 HTTP/1.1" 200 12110
65.154.226.169 - - [15/Sep/2023:09:07:43 -0500] "GET /portaldeninos/wp-includes/js/jquery/ui/accordion.min.js?ver=1.11.4 HTTP/1.1" 200 8584
65.154.226.169 - - [15/Sep/2023:09:07:43 -0500] "GET /portaldeninos/wp-includes/js/jquery/ui/sortable.min.js?ver=1.11.4 HTTP/1.1" 200 24899
65.154.226.169 - - [15/Sep/2023:09:07:43 -0500] "GET /portaldeninos/wp-includes/js/jquery/jquery.js?ver=1.12.4 HTTP/1.1" 200 97184
65.154.226.169 - - [15/Sep/2023:09:07:43 -0500] "GET /portaldeninos/wp-content/themes/betheme/js/menu.js?ver=20.9.6 HTTP/1.1" 200 2449
65.154.226.169 - - [15/Sep/2023:09:07:43 -0500] "GET /portaldeninos/wp-content/plugins/gallery-videos/JS/Total-Soft-Gallery-Video-Widget.js?ver=4.9.8 HTTP/1.1" 200 80264
65.154.226.169 - - [15/Sep/2023:09:07:43 -0500] "GET /portaldeninos/wp-content/themes/betheme/assets/animations/animations.min.js?ver=20.9.6 HTTP/1.1" 200 1896
65.154.226.169 - - [15/Sep/2023:09:07:43 -0500] "GET /portaldeninos/wp-includes/js/wp-embed.min.js?ver=4.9.8 HTTP/1.1" 200 1398
65.154.226.169 - - [15/Sep/2023:09:07:43 -0500] "GET /portaldeninos/wp-content/themes/betheme/assets/jplayer/jplayer.min.js?ver=20.9.6 HTTP/1.1" 200 52702
