186.85.157.37 - - [15/Sep/2023:14:29:11 -0500] "GET /sipse/faces/javax.faces.resource/jquery/jquery-plugins.js?ln=primefaces&v=4.0 HTTP/1.1" 304 -
186.85.157.37 - - [15/Sep/2023:14:29:11 -0500] "GET /sipse/faces/javax.faces.resource/primefaces.js?ln=primefaces&v=4.0 HTTP/1.1" 304 -
186.85.157.37 - - [15/Sep/2023:14:29:11 -0500] "GET /sipse/faces/javax.faces.resource/layout/layout.js?ln=primefaces&v=4.0 HTTP/1.1" 304 -
186.85.157.37 - - [15/Sep/2023:14:29:11 -0500] "GET /sipse/faces/javax.faces.resource/layout/layout.css?ln=primefaces&v=4.0 HTTP/1.1" 304 -
186.85.157.37 - - [15/Sep/2023:14:29:11 -0500] "POST /sipse/faces/presentacion/financiero/solicitudProceso/listarSolicitudProceso.xhtml HTTP/1.1" 200 1376
173.252.79.9 - - [15/Sep/2023:14:29:12 -0500] "GET /images/Zuque%20(1)%20(1).jpeg HTTP/1.1" 200 66921
201.245.192.253 - - [15/Sep/2023:14:29:39 -0500] "POST /forms/lservlet;jsessionid=ac16012b30d63d978f376e20424bb3f6ff930e63d6af.e3iSbxaKaheRe34Pbx8Nc3aQci1ynknvrkLOlQzNp65In0 HTTP/1.1" 200 2
186.29.49.233 - - [15/Sep/2023:14:29:46 -0500] "GET /sipse/faces/faces/faces/autenticacion.xhtml HTTP/1.1" 200 12184
186.29.49.233 - - [15/Sep/2023:14:29:46 -0500] "GET /sipse/faces/javax.faces.resource/primefaces.css?ln=primefaces&v=4.0 HTTP/1.1" 304 -
186.29.49.233 - - [15/Sep/2023:14:29:46 -0500] "GET /sipse/faces/javax.faces.resource/theme.css?ln=primefaces-sipse HTTP/1.1" 304 -
186.29.49.233 - - [15/Sep/2023:14:29:46 -0500] "GET /sipse/faces/javax.faces.resource/layout/layout.css?ln=primefaces&v=4.0 HTTP/1.1" 304 -
186.29.49.233 - - [15/Sep/2023:14:29:46 -0500] "GET /sipse/faces/javax.faces.resource/jquery/jquery.js?ln=primefaces&v=4.0 HTTP/1.1" 304 -
186.29.49.233 - - [15/Sep/2023:14:29:46 -0500] "GET /sipse/faces/javax.faces.resource/jquery/jquery-plugins.js?ln=primefaces&v=4.0 HTTP/1.1" 304 -
186.29.49.233 - - [15/Sep/2023:14:29:46 -0500] "GET /sipse/faces/javax.faces.resource/primefaces.js?ln=primefaces&v=4.0 HTTP/1.1" 304 -
186.29.49.233 - - [15/Sep/2023:14:29:46 -0500] "GET /sipse/faces/javax.faces.resource/layout/layout.js?ln=primefaces&v=4.0 HTTP/1.1" 304 -
186.29.49.233 - - [15/Sep/2023:14:29:46 -0500] "GET /sipse/faces/javax.faces.resource/images/ui-icons_898989_256x240.png?ln=primefaces-aristo HTTP/1.1" 304 -
186.29.49.233 - - [15/Sep/2023:14:29:46 -0500] "GET /sipse/faces/faces/faces/index.xhtml HTTP/1.1" 200 677
186.29.49.233 - - [15/Sep/2023:14:29:47 -0500] "GET /sipse/faces/javax.faces.resource/theme.css?ln=primefaces-sipse HTTP/1.1" 304 -
186.29.49.233 - - [15/Sep/2023:14:29:47 -0500] "GET /sipse/faces/faces/faces/faces/autenticacion.xhtml HTTP/1.1" 200 12184
186.29.49.233 - - [15/Sep/2023:14:29:47 -0500] "GET /sipse/faces/javax.faces.resource/jquery/jquery.js?ln=primefaces&v=4.0 HTTP/1.1" 304 -
186.29.49.233 - - [15/Sep/2023:14:29:47 -0500] "GET /sipse/faces/javax.faces.resource/primefaces.css?ln=primefaces&v=4.0 HTTP/1.1" 304 -
186.29.49.233 - - [15/Sep/2023:14:29:47 -0500] "GET /sipse/faces/javax.faces.resource/theme.css?ln=primefaces-sipse HTTP/1.1" 304 -
186.29.49.233 - - [15/Sep/2023:14:29:47 -0500] "GET /sipse/faces/javax.faces.resource/layout/layout.css?ln=primefaces&v=4.0 HTTP/1.1" 304 -
186.29.49.233 - - [15/Sep/2023:14:29:47 -0500] "GET /sipse/faces/javax.faces.resource/jquery/jquery-plugins.js?ln=primefaces&v=4.0 HTTP/1.1" 304 -
186.29.49.233 - - [15/Sep/2023:14:29:47 -0500] "GET /sipse/faces/javax.faces.resource/primefaces.js?ln=primefaces&v=4.0 HTTP/1.1" 304 -
186.29.49.233 - - [15/Sep/2023:14:29:47 -0500] "GET /sipse/faces/javax.faces.resource/layout/layout.js?ln=primefaces&v=4.0 HTTP/1.1" 304 -
186.29.49.233 - - [15/Sep/2023:14:29:52 -0500] "POST /sipse/faces/autenticacion.xhtml HTTP/1.1" 200 2218
186.29.49.233 - - [15/Sep/2023:14:29:52 -0500] "GET /sipse/faces/javax.faces.resource/messages/messages.png?ln=primefaces&v=4.0 HTTP/1.1" 304 -
186.29.49.233 - - [15/Sep/2023:14:29:52 -0500] "GET /sipse/faces/javax.faces.resource/images/ui-icons_898989_256x240.png?ln=primefaces-aristo HTTP/1.1" 304 -
186.29.49.233 - - [15/Sep/2023:14:29:53 -0500] "POST /sipse/faces/autenticacion.xhtml HTTP/1.1" 200 16350
186.29.49.233 - - [15/Sep/2023:14:29:53 -0500] "GET /sipse/faces/javax.faces.resource/theme.css?ln=primefaces-sipse HTTP/1.1" 304 -
186.29.49.233 - - [15/Sep/2023:14:29:53 -0500] "GET /sipse/faces/javax.faces.resource/layout/layout.css?ln=primefaces&v=4.0 HTTP/1.1" 304 -
186.29.49.233 - - [15/Sep/2023:14:29:53 -0500] "GET /sipse/faces/javax.faces.resource/primefaces.css?ln=primefaces&v=4.0 HTTP/1.1" 304 -
186.29.49.233 - - [15/Sep/2023:14:29:53 -0500] "GET /sipse/faces/javax.faces.resource/jquery/jquery.js?ln=primefaces&v=4.0 HTTP/1.1" 304 -
186.29.49.233 - - [15/Sep/2023:14:29:53 -0500] "GET /sipse/faces/javax.faces.resource/jquery/jquery-plugins.js?ln=primefaces&v=4.0 HTTP/1.1" 304 -
186.29.49.233 - - [15/Sep/2023:14:29:53 -0500] "GET /sipse/faces/javax.faces.resource/primefaces.js?ln=primefaces&v=4.0 HTTP/1.1" 304 -
186.29.49.233 - - [15/Sep/2023:14:29:53 -0500] "GET /sipse/faces/javax.faces.resource/layout/layout.js?ln=primefaces&v=4.0 HTTP/1.1" 304 -
186.29.49.233 - - [15/Sep/2023:14:29:53 -0500] "GET /sipse/css/imagen/contrasena.png HTTP/1.1" 404 383
186.29.49.233 - - [15/Sep/2023:14:29:55 -0500] "GET /sipse/faces/javax.faces.resource/images/ui-bg_flat_0_2d5972_40x100.png?ln=primefaces-aristo HTTP/1.1" 304 -
186.29.49.233 - - [15/Sep/2023:14:29:55 -0500] "POST /sipse/faces/bienvenido.xhtml HTTP/1.1" 200 2060
186.29.49.233 - - [15/Sep/2023:14:29:56 -0500] "POST /sipse/faces/bienvenido.xhtml HTTP/1.1" 200 35736
186.29.49.233 - - [15/Sep/2023:14:29:56 -0500] "GET /sipse/faces/javax.faces.resource/theme.css?ln=primefaces-sipse HTTP/1.1" 304 -
186.29.49.233 - - [15/Sep/2023:14:29:56 -0500] "GET /sipse/faces/javax.faces.resource/primefaces.css?ln=primefaces&v=4.0 HTTP/1.1" 304 -
186.29.49.233 - - [15/Sep/2023:14:29:56 -0500] "GET /sipse/faces/javax.faces.resource/layout/layout.css?ln=primefaces&v=4.0 HTTP/1.1" 304 -
186.29.49.233 - - [15/Sep/2023:14:29:56 -0500] "GET /sipse/faces/javax.faces.resource/jquery/jquery.js?ln=primefaces&v=4.0 HTTP/1.1" 304 -
186.29.49.233 - - [15/Sep/2023:14:29:56 -0500] "GET /sipse/faces/javax.faces.resource/jquery/jquery-plugins.js?ln=primefaces&v=4.0 HTTP/1.1" 304 -
186.29.49.233 - - [15/Sep/2023:14:29:56 -0500] "GET /sipse/faces/javax.faces.resource/primefaces.js?ln=primefaces&v=4.0 HTTP/1.1" 304 -
186.29.49.233 - - [15/Sep/2023:14:29:56 -0500] "GET /sipse/faces/javax.faces.resource/layout/layout.js?ln=primefaces&v=4.0 HTTP/1.1" 304 -
186.29.49.233 - - [15/Sep/2023:14:29:56 -0500] "POST /sipse/faces/presentacion/financiero/solicitudProceso/listarSolicitudProceso.xhtml HTTP/1.1" 200 1404
216.244.66.195 - - [15/Sep/2023:14:29:57 -0500] "GET /BLA/resoluciones/AUTOS%202020/2989.pdf HTTP/1.1" 200 361543
186.29.49.233 - - [15/Sep/2023:14:30:16 -0500] "POST /sipse/faces/presentacion/financiero/solicitudProceso/listarSolicitudProceso.xhtml HTTP/1.1" 200 154672
186.29.49.233 - - [15/Sep/2023:14:30:16 -0500] "GET /sipse/faces/javax.faces.resource/theme.css?ln=primefaces-sipse HTTP/1.1" 304 -
186.29.49.233 - - [15/Sep/2023:14:30:16 -0500] "GET /sipse/faces/javax.faces.resource/primefaces.css?ln=primefaces&v=4.0 HTTP/1.1" 304 -
186.29.49.233 - - [15/Sep/2023:14:30:16 -0500] "GET /sipse/faces/javax.faces.resource/layout/layout.css?ln=primefaces&v=4.0 HTTP/1.1" 304 -
186.29.49.233 - - [15/Sep/2023:14:30:16 -0500] "GET /sipse/faces/javax.faces.resource/jquery/jquery.js?ln=primefaces&v=4.0 HTTP/1.1" 304 -
186.29.49.233 - - [15/Sep/2023:14:30:16 -0500] "GET /sipse/faces/javax.faces.resource/jquery/jquery-plugins.js?ln=primefaces&v=4.0 HTTP/1.1" 304 -
186.29.49.233 - - [15/Sep/2023:14:30:16 -0500] "GET /sipse/faces/javax.faces.resource/primefaces.js?ln=primefaces&v=4.0 HTTP/1.1" 304 -
186.29.49.233 - - [15/Sep/2023:14:30:16 -0500] "GET /sipse/faces/javax.faces.resource/layout/layout.js?ln=primefaces&v=4.0 HTTP/1.1" 304 -
186.29.49.233 - - [15/Sep/2023:14:30:17 -0500] "GET /sipse/faces/javax.faces.resource/dynamiccontent.properties?ln=primefaces&pfdrid=XjOR5%2F%2FfPAZAuY9TpWQeCiM0BhlXxYRBGKi%2FQcXXfeA%3D&pfdrid_c=false HTTP/1.1" 500 383
201.245.192.253 - - [15/Sep/2023:14:30:35 -0500] "POST /forms/lservlet;jsessionid=ac16012b30d6d19c31849e654dd38cb0cf62d49b9509.e3iSbxaKaheRe34Pbx8Nc3aQci1ynknvrkLOlQzNp65In0 HTTP/1.1" 200 2
216.244.66.195 - - [15/Sep/2023:14:30:42 -0500] "GET /BLA/resoluciones/AUTOS%202020/3046.pdf HTTP/1.1" 200 379852
31.13.127.5 - - [15/Sep/2023:14:31:04 -0500] "GET /portaldeninos/ HTTP/1.1" 200 110175
31.13.127.15 - - [15/Sep/2023:14:31:06 -0500] "GET /portaldeninos/wp-includes/js/jquery/ui/core.min.js?ver=1.11.4 HTTP/1.1" 200 4000
31.13.127.117 - - [15/Sep/2023:14:31:06 -0500] "GET /portaldeninos/wp-includes/js/jquery/ui/position.min.js?ver=1.11.4 HTTP/1.1" 200 6527
31.13.127.14 - - [15/Sep/2023:14:31:06 -0500] "GET /portaldeninos/wp-includes/js/jquery/ui/widget.min.js?ver=1.11.4 HTTP/1.1" 200 6908
31.13.127.21 - - [15/Sep/2023:14:31:06 -0500] "GET /portaldeninos/wp-includes/js/jquery/jquery-migrate.min.js?ver=1.4.1 HTTP/1.1" 200 10056
31.13.127.19 - - [15/Sep/2023:14:31:06 -0500] "GET /portaldeninos/wp-includes/js/jquery/ui/accordion.min.js?ver=1.11.4 HTTP/1.1" 200 8584
31.13.127.15 - - [15/Sep/2023:14:31:06 -0500] "GET /portaldeninos/wp-content/themes/betheme/js/menu.js?ver=20.9.6 HTTP/1.1" 200 2449
31.13.127.21 - - [15/Sep/2023:14:31:06 -0500] "GET /portaldeninos/wp-includes/js/wp-embed.min.js?ver=4.9.8 HTTP/1.1" 200 1398
31.13.127.21 - - [15/Sep/2023:14:31:06 -0500] "GET /portaldeninos/wp-content/plugins/google-analytics-for-wordpress/assets/js/frontend-gtag.min.js?ver=8.5.0 HTTP/1.1" 200 11801
31.13.127.117 - - [15/Sep/2023:14:31:06 -0500] "GET /portaldeninos/wp-content/plugins/gallery-videos/JS/modernizr.custom.js?ver=4.9.8 HTTP/1.1" 200 9019
31.13.127.19 - - [15/Sep/2023:14:31:06 -0500] "GET /portaldeninos/wp-content/themes/betheme/assets/animations/animations.min.js?ver=20.9.6 HTTP/1.1" 200 1896
31.13.127.11 - - [15/Sep/2023:14:31:06 -0500] "GET /portaldeninos/wp-includes/js/jquery/ui/mouse.min.js?ver=1.11.4 HTTP/1.1" 200 3148
31.13.127.118 - - [15/Sep/2023:14:31:06 -0500] "GET /portaldeninos/wp-includes/js/jquery/ui/tabs.min.js?ver=1.11.4 HTTP/1.1" 200 12110
31.13.127.6 - - [15/Sep/2023:14:31:06 -0500] "GET /portaldeninos/wp-includes/js/jquery/ui/sortable.min.js?ver=1.11.4 HTTP/1.1" 200 24899
31.13.127.23 - - [15/Sep/2023:14:31:06 -0500] "GET /portaldeninos/wp-content/plugins/gallery-videos/JS/Total-Soft-Gallery-Video-Widget.js?ver=4.9.8 HTTP/1.1" 200 80264
31.13.127.11 - - [15/Sep/2023:14:31:06 -0500] "GET /portaldeninos/wp-content/plugins/popup-maker/assets/js/site.min.js?defer&ver=1.8.14 HTTP/1.1" 200 48457
31.13.127.12 - - [15/Sep/2023:14:31:06 -0500] "GET /portaldeninos/wp-content/themes/betheme/assets/jplayer/jplayer.min.js?ver=20.9.6 HTTP/1.1" 200 52702
31.13.127.16 - - [15/Sep/2023:14:31:06 -0500] "GET /portaldeninos/wp-content/themes/betheme/js/scripts.js?ver=20.9.6 HTTP/1.1" 200 77162
201.245.192.253 - - [15/Sep/2023:14:31:05 -0500] "POST /kwsrmcab/Wsrmcab  HTTP/1.1" 200 213
31.13.127.21 - - [15/Sep/2023:14:31:06 -0500] "GET /portaldeninos/wp-includes/js/jquery/jquery.js?ver=1.12.4 HTTP/1.1" 200 97184
31.13.127.116 - - [15/Sep/2023:14:31:06 -0500] "GET /portaldeninos/wp-content/themes/betheme/js/plugins.js?ver=20.9.6 HTTP/1.1" 200 197151
190.24.110.0 - - [15/Sep/2023:14:31:12 -0500] "GET /BLA/resoluciones/index.php HTTP/1.1" 200 13696
190.24.110.0 - - [15/Sep/2023:14:31:12 -0500] "GET /apple-touch-icon-precomposed.png HTTP/1.1" 404 1120
190.24.110.0 - - [15/Sep/2023:14:31:12 -0500] "GET /apple-touch-icon.png HTTP/1.1" 404 1120
172.22.2.4 - - [15/Sep/2023:14:31:12 -0500] "GET /BLA/boletinlegal/js/jquery.scrollShow.js HTTP/1.1" 200 4586
172.22.2.4 - - [15/Sep/2023:14:31:12 -0500] "GET /BLA/boletinlegal/js/jquery.js HTTP/1.1" 200 57254
172.22.2.4 - - [15/Sep/2023:14:31:12 -0500] "GET /BLA/boletinlegal/js/jquery.scrollTo-min.js HTTP/1.1" 200 1150
216.244.66.195 - - [15/Sep/2023:14:31:29 -0500] "GET /BLA/resoluciones/AUTOS%202020/3085.pdf HTTP/1.1" 200 303571
3.248.77.100 - - [15/Sep/2023:14:31:31 -0500] "GET /robots.txt HTTP/1.1" 404 1018
3.248.77.100 - - [15/Sep/2023:14:31:31 -0500] "GET /BLA/resoluciones/RESOLUCIONES%202013/0715.pdf HTTP/1.1" 200 497969
201.245.192.253 - - [15/Sep/2023:14:31:39 -0500] "POST /forms/lservlet;jsessionid=ac16012b30d63d978f376e20424bb3f6ff930e63d6af.e3iSbxaKaheRe34Pbx8Nc3aQci1ynknvrkLOlQzNp65In0 HTTP/1.1" 200 2
172.22.2.4 - - [15/Sep/2023:14:31:01 -0500] "GET /BLA/boletinlegal/ HTTP/1.1" 200 20427
172.22.2.4 - - [15/Sep/2023:14:31:04 -0500] "GET /BLA/boletinlegal/ HTTP/1.1" 200 20427
172.22.2.4 - - [15/Sep/2023:14:31:57 -0500] "GET /BLA/boletinlegal/actos.php HTTP/1.1" 200 9682
172.22.2.4 - - [15/Sep/2023:14:31:57 -0500] "GET /BLA/boletinlegal/js/ajax_actos.js HTTP/1.1" 200 1322
172.22.2.4 - - [15/Sep/2023:14:31:57 -0500] "GET /BLA/boletinlegal/styles2.css HTTP/1.1" 200 1838
172.22.2.4 - - [15/Sep/2023:14:31:57 -0500] "GET /BLA/boletinlegal/niceforms-default.css HTTP/1.1" 200 6694
172.22.2.4 - - [15/Sep/2023:14:31:57 -0500] "GET /BLA/boletinlegal/style.css HTTP/1.1" 200 9406
172.22.2.4 - - [15/Sep/2023:14:31:57 -0500] "GET /BLA/boletinlegal/niceforms.js HTTP/1.1" 200 22876
172.22.2.4 - - [15/Sep/2023:14:31:57 -0500] "GET /BLA/boletinlegal/js/lib.js HTTP/1.1" 200 6474
172.22.2.4 - - [15/Sep/2023:14:31:57 -0500] "GET /BLA/boletinlegal/js/popup.js HTTP/1.1" 200 1270
172.22.2.4 - - [15/Sep/2023:14:31:57 -0500] "GET /BLA/boletinlegal/js/jquery1.js HTTP/1.1" 200 29846
172.22.2.4 - - [15/Sep/2023:14:31:57 -0500] "GET /BLA/boletinlegal/images/cabezote%20BLEGAL.jpg HTTP/1.1" 200 118164
172.22.2.4 - - [15/Sep/2023:14:31:57 -0500] "GET /BLA/boletinlegal/images/subscribe-icon-big.png HTTP/1.1" 200 47702
172.22.2.4 - - [15/Sep/2023:14:31:57 -0500] "GET /BLA/boletinlegal/images/historia.png HTTP/1.1" 200 52775
172.22.2.4 - - [15/Sep/2023:14:31:57 -0500] "GET /BLA/boletinlegal/images/registro-usuarios.png HTTP/1.1" 200 8106
172.22.2.4 - - [15/Sep/2023:14:31:57 -0500] "GET /BLA/boletinlegal/images/tel.png HTTP/1.1" 200 14477
172.22.2.4 - - [15/Sep/2023:14:31:57 -0500] "GET /BLA/boletinlegal/images/green-yellow-blue-pink-th.png HTTP/1.1" 200 7394
172.22.2.4 - - [15/Sep/2023:14:31:57 -0500] "GET /BLA/boletinlegal/images/icono-email.png HTTP/1.1" 200 5544
172.22.2.4 - - [15/Sep/2023:14:31:57 -0500] "GET /BLA/boletinlegal/images/body_bg.jpg HTTP/1.1" 200 1601
172.22.2.4 - - [15/Sep/2023:14:31:57 -0500] "GET /BLA/boletinlegal/images/menu_lft.gif HTTP/1.1" 200 1713
172.22.2.4 - - [15/Sep/2023:14:31:57 -0500] "GET /BLA/boletinlegal/images/menu_rght.gif HTTP/1.1" 200 1627
172.22.2.4 - - [15/Sep/2023:14:31:57 -0500] "GET /BLA/boletinlegal/images/bg_top.jpg HTTP/1.1" 200 522
172.22.2.4 - - [15/Sep/2023:14:31:57 -0500] "GET /BLA/boletinlegal/images/menu_bg.jpg HTTP/1.1" 200 620
172.22.2.4 - - [15/Sep/2023:14:31:57 -0500] "GET /BLA/boletinlegal/images/hover.jpg HTTP/1.1" 200 640
172.22.2.4 - - [15/Sep/2023:14:31:57 -0500] "GET /BLA/boletinlegal/images/text.jpg HTTP/1.1" 200 568
172.22.2.4 - - [15/Sep/2023:14:31:57 -0500] "GET /BLA/boletinlegal/images/footer_bg.jpg HTTP/1.1" 200 586
172.22.2.4 - - [15/Sep/2023:14:31:57 -0500] "GET /BLA/boletinlegal/images/footer_bg_l.jpg HTTP/1.1" 200 776
172.22.2.4 - - [15/Sep/2023:14:31:58 -0500] "GET /BLA/boletinlegal/img/0.png HTTP/1.1" 200 110
172.22.2.4 - - [15/Sep/2023:14:31:58 -0500] "GET /BLA/boletinlegal/img/select-left.png HTTP/1.1" 200 263
172.22.2.4 - - [15/Sep/2023:14:31:58 -0500] "GET /BLA/boletinlegal/img/button-left.png HTTP/1.1" 200 57071
172.22.2.4 - - [15/Sep/2023:14:31:58 -0500] "GET /BLA/boletinlegal/img/select-right.png HTTP/1.1" 200 44019
172.22.2.4 - - [15/Sep/2023:14:31:58 -0500] "GET /BLA/boletinlegal/img/button-right.png HTTP/1.1" 200 57878
172.22.2.4 - - [15/Sep/2023:14:31:58 -0500] "GET /BLA/boletinlegal/img/button.png HTTP/1.1" 200 43241
172.22.2.4 - - [15/Sep/2023:14:31:58 -0500] "GET /BLA/boletinlegal/favicon.ico HTTP/1.1" 404 1326
172.22.2.4 - - [15/Sep/2023:14:32:11 -0500] "GET /BLA/boletinlegal/consulta_actos.php?tipo=autos&no=&usuario=&sector=PEV&fecha=2023&resuelve= HTTP/1.1" 200 232674
172.22.2.4 - - [15/Sep/2023:14:32:11 -0500] "GET /BLA/boletinlegal/images/pdf.gif HTTP/1.1" 200 567
172.22.2.4 - - [15/Sep/2023:14:30:31 -0500] "HEAD /BLA/boletinlegal/ HTTP/1.1" 200 -
172.22.2.4 - - [15/Sep/2023:14:32:11 -0500] "GET /BLA/boletinlegal/images/background.gif HTTP/1.1" 200 -
172.22.2.4 - - [15/Sep/2023:14:32:14 -0500] "GET /BLA/boletinlegal/consulta_actos.php?tipo=autos&no=&usuario=&sector=PEV&fecha=2023&resuelve= HTTP/1.1" 200 232674
216.244.66.195 - - [15/Sep/2023:14:32:17 -0500] "GET /BLA/resoluciones/AUTOS%202020/3133.pdf HTTP/1.1" 200 279349
172.22.2.4 - - [15/Sep/2023:14:32:17 -0500] "GET /BLA/boletinlegal/consulta_actos.php?tipo=resoluciones&no=&usuario=&sector=PEV&fecha=2023&resuelve= HTTP/1.1" 200 11481
216.245.221.92 - - [15/Sep/2023:14:32:21 -0500] "HEAD / HTTP/1.1" 200 -
172.22.2.4 - - [15/Sep/2023:14:32:23 -0500] "GET /BLA/boletinlegal/consulta_actos.php?tipo=resoluciones&no=&usuario=&sector=PEV&fecha=2023&resuelve= HTTP/1.1" 200 11481
172.22.2.4 - - [15/Sep/2023:14:32:32 -0500] "GET /BLA/boletinlegal/consulta_actos.php?tipo=resoluciones&no=&usuario=&sector=PEV&fecha=2023&resuelve=cumbrera HTTP/1.1" 200 626
172.22.2.4 - - [15/Sep/2023:14:32:34 -0500] "GET /BLA/boletinlegal/consulta_actos.php?tipo=resoluciones&no=&usuario=&sector=PEV&fecha=2023&resuelve=cumbrera HTTP/1.1" 200 626
201.245.192.253 - - [15/Sep/2023:14:32:35 -0500] "POST /forms/lservlet;jsessionid=ac16012b30d6d19c31849e654dd38cb0cf62d49b9509.e3iSbxaKaheRe34Pbx8Nc3aQci1ynknvrkLOlQzNp65In0 HTTP/1.1" 200 2
216.244.66.195 - - [15/Sep/2023:14:32:57 -0500] "GET /BLA/resoluciones/AUTOS%202020/3135.pdf HTTP/1.1" 200 392892
172.22.2.4 - - [15/Sep/2023:14:31:22 -0500] "GET /BLA/boletinlegal/ HTTP/1.1" 200 52656
186.29.60.142 - - [15/Sep/2023:14:33:33 -0500] "GET / HTTP/1.1" 200 4720
186.29.60.142 - - [15/Sep/2023:14:33:33 -0500] "GET /js/url.js HTTP/1.1" 404 1294
201.245.192.253 - - [15/Sep/2023:14:33:39 -0500] "POST /forms/lservlet;jsessionid=ac16012b30d63d978f376e20424bb3f6ff930e63d6af.e3iSbxaKaheRe34Pbx8Nc3aQci1ynknvrkLOlQzNp65In0 HTTP/1.1" 200 2
216.244.66.195 - - [15/Sep/2023:14:33:47 -0500] "GET /BLA/resoluciones/AUTOS%202020/3698.pdf HTTP/1.1" 200 344306
186.29.60.142 - - [15/Sep/2023:14:34:25 -0500] "POST /procesar.php HTTP/1.1" 200 994
216.244.66.195 - - [15/Sep/2023:14:34:31 -0500] "GET /BLA/resoluciones/AUTOS%202020/3825.pdf HTTP/1.1" 200 358522
186.29.60.142 - - [15/Sep/2023:14:34:33 -0500] "GET /bogotanos-se-movilizaran-de-forma-sostenible-en-el-dia-sin-carro-y-sin-moto.html HTTP/1.1" 206 773
186.29.60.142 - - [15/Sep/2023:14:34:33 -0500] "GET /images/dia-sin-carro.jpg HTTP/1.1" 206 41204
201.245.192.253 - - [15/Sep/2023:14:34:35 -0500] "POST /forms/lservlet;jsessionid=ac16012b30d6d19c31849e654dd38cb0cf62d49b9509.e3iSbxaKaheRe34Pbx8Nc3aQci1ynknvrkLOlQzNp65In0 HTTP/1.1" 200 2
172.22.2.4 - - [15/Sep/2023:14:34:52 -0500] "GET /BLA/boletinlegal/style.css HTTP/1.1" 200 9406
172.22.2.4 - - [15/Sep/2023:14:34:52 -0500] "GET /BLA/boletinlegal/styles2.css HTTP/1.1" 200 1838
172.22.2.4 - - [15/Sep/2023:14:34:52 -0500] "GET /BLA/boletinlegal/js/jquery.scrollTo-min.js HTTP/1.1" 200 1150
172.22.2.4 - - [15/Sep/2023:14:34:52 -0500] "GET /BLA/boletinlegal/js/jquery.js HTTP/1.1" 200 57254
172.22.2.4 - - [15/Sep/2023:14:34:52 -0500] "GET /BLA/boletinlegal/js/jquery.scrollShow.js HTTP/1.1" 200 4586
172.22.2.4 - - [15/Sep/2023:14:34:52 -0500] "GET /BLA/boletinlegal/images/cabezote%20BLEGAL.jpg HTTP/1.1" 200 118164
172.22.2.4 - - [15/Sep/2023:14:34:52 -0500] "GET /BLA/boletinlegal/images/subscribe-icon-big.png HTTP/1.1" 200 47702
172.22.2.4 - - [15/Sep/2023:14:34:52 -0500] "GET /BLA/boletinlegal/images/historia.png HTTP/1.1" 200 52775
172.22.2.4 - - [15/Sep/2023:14:34:52 -0500] "GET /BLA/boletinlegal/images/registro-usuarios.png HTTP/1.1" 200 8106
172.22.2.4 - - [15/Sep/2023:14:34:52 -0500] "GET /BLA/boletinlegal/images/arr_l.jpg HTTP/1.1" 200 1979
172.22.2.4 - - [15/Sep/2023:14:34:52 -0500] "GET /BLA/boletinlegal/images/screen_1.png HTTP/1.1" 200 202547
172.22.2.4 - - [15/Sep/2023:14:34:52 -0500] "GET /BLA/boletinlegal/images/launch.jpg HTTP/1.1" 200 14577
172.22.2.4 - - [15/Sep/2023:14:34:54 -0500] "GET /BLA/boletinlegal/images/body_bg.jpg HTTP/1.1" 200 1601
172.22.2.4 - - [15/Sep/2023:14:34:54 -0500] "GET /BLA/boletinlegal/images/menu_lft.gif HTTP/1.1" 200 1713
172.22.2.4 - - [15/Sep/2023:14:34:54 -0500] "GET /BLA/boletinlegal/images/menu_rght.gif HTTP/1.1" 200 1627
172.22.2.4 - - [15/Sep/2023:14:34:54 -0500] "GET /BLA/boletinlegal/images/menu_bg.jpg HTTP/1.1" 200 620
172.22.2.4 - - [15/Sep/2023:14:34:54 -0500] "GET /BLA/boletinlegal/images/bg_top.jpg HTTP/1.1" 200 522
172.22.2.4 - - [15/Sep/2023:14:34:54 -0500] "GET /BLA/boletinlegal/images/hover.jpg HTTP/1.1" 200 640
172.22.2.4 - - [15/Sep/2023:14:34:54 -0500] "GET /BLA/boletinlegal/images/text.jpg HTTP/1.1" 200 568
190.24.110.0 - - [15/Sep/2023:14:34:58 -0500] "GET /BLA/resoluciones/index.php?dir=AUTOS+2014%2F HTTP/1.1" 200 890525
172.22.2.4 - - [15/Sep/2023:14:35:00 -0500] "GET /BLA/boletinlegal/images/screen_5.png HTTP/1.1" 200 368876
172.22.2.4 - - [15/Sep/2023:14:35:00 -0500] "GET /BLA/boletinlegal/images/arr_r.jpg HTTP/1.1" 200 1998
172.22.2.4 - - [15/Sep/2023:14:35:00 -0500] "GET /BLA/boletinlegal/images/footer_bg.jpg HTTP/1.1" 200 586
172.22.2.4 - - [15/Sep/2023:14:35:00 -0500] "GET /BLA/boletinlegal/images/screen_2.png HTTP/1.1" 200 362502
172.22.2.4 - - [15/Sep/2023:14:35:00 -0500] "GET /BLA/boletinlegal/images/screen_3.png HTTP/1.1" 200 210620
172.22.2.4 - - [15/Sep/2023:14:35:00 -0500] "GET /BLA/boletinlegal/actos.php HTTP/1.1" 200 9682
172.22.2.4 - - [15/Sep/2023:14:35:00 -0500] "GET /BLA/boletinlegal/niceforms-default.css HTTP/1.1" 200 6694
172.22.2.4 - - [15/Sep/2023:14:35:00 -0500] "GET /BLA/boletinlegal/js/popup.js HTTP/1.1" 200 1270
172.22.2.4 - - [15/Sep/2023:14:35:00 -0500] "GET /BLA/boletinlegal/js/lib.js HTTP/1.1" 200 6474
172.22.2.4 - - [15/Sep/2023:14:35:00 -0500] "GET /BLA/boletinlegal/niceforms.js HTTP/1.1" 200 22876
172.22.2.4 - - [15/Sep/2023:14:35:00 -0500] "GET /BLA/boletinlegal/js/jquery1.js HTTP/1.1" 200 29846
172.22.2.4 - - [15/Sep/2023:14:35:00 -0500] "GET /BLA/boletinlegal/js/ajax_actos.js HTTP/1.1" 200 1322
172.22.2.4 - - [15/Sep/2023:14:35:00 -0500] "GET /BLA/boletinlegal/images/green-yellow-blue-pink-th.png HTTP/1.1" 200 7394
172.22.2.4 - - [15/Sep/2023:14:35:00 -0500] "GET /BLA/boletinlegal/images/tel.png HTTP/1.1" 200 14477
172.22.2.4 - - [15/Sep/2023:14:35:00 -0500] "GET /BLA/boletinlegal/images/icono-email.png HTTP/1.1" 200 5544
172.22.2.4 - - [15/Sep/2023:14:35:00 -0500] "GET /BLA/boletinlegal/images/footer_bg_l.jpg HTTP/1.1" 200 776
172.22.2.4 - - [15/Sep/2023:14:35:00 -0500] "GET /BLA/boletinlegal/img/0.png HTTP/1.1" 200 110
172.22.2.4 - - [15/Sep/2023:14:35:00 -0500] "GET /BLA/boletinlegal/img/select-left.png HTTP/1.1" 200 263
172.22.2.4 - - [15/Sep/2023:14:35:00 -0500] "GET /BLA/boletinlegal/img/select-right.png HTTP/1.1" 200 44019
172.22.2.4 - - [15/Sep/2023:14:35:00 -0500] "GET /BLA/boletinlegal/img/button-left.png HTTP/1.1" 200 57071
172.22.2.4 - - [15/Sep/2023:14:35:00 -0500] "GET /BLA/boletinlegal/img/button.png HTTP/1.1" 200 43241
172.22.2.4 - - [15/Sep/2023:14:35:00 -0500] "GET /BLA/boletinlegal/img/button-right.png HTTP/1.1" 200 57878
172.22.2.4 - - [15/Sep/2023:14:35:00 -0500] "GET /BLA/boletinlegal/favicon.ico HTTP/1.1" 404 1326
201.245.192.253 - - [15/Sep/2023:14:35:02 -0500] "GET /BLA/resoluciones/ HTTP/1.1" 200 13696
201.245.192.253 - - [15/Sep/2023:14:35:02 -0500] "GET /BLA/resoluciones/dlf/styles.css HTTP/1.1" 200 3049
201.245.192.253 - - [15/Sep/2023:14:35:02 -0500] "GET /BLA/resoluciones/dlf/folder.png HTTP/1.1" 200 410
201.245.192.253 - - [15/Sep/2023:14:35:02 -0500] "GET /BLA/resoluciones/dlf/bg.gif HTTP/1.1" 200 54
201.245.192.253 - - [15/Sep/2023:14:35:02 -0500] "GET /favicon.ico HTTP/1.1" 200 7782
201.245.192.253 - - [15/Sep/2023:14:35:06 -0500] "GET /BLA/resoluciones/dlf/dirup.png HTTP/1.1" 200 644
201.245.192.253 - - [15/Sep/2023:14:35:06 -0500] "GET /BLA/resoluciones/dlf/pdf.gif HTTP/1.1" 200 272
201.245.192.253 - - [15/Sep/2023:14:35:07 -0500] "GET /BLA/resoluciones/dlf/archive.png HTTP/1.1" 200 632
201.245.192.253 - - [15/Sep/2023:14:35:06 -0500] "GET /BLA/resoluciones/index.php?dir=AUTOS+2022%2F HTTP/1.1" 200 504385
172.22.2.4 - - [15/Sep/2023:14:35:08 -0500] "GET /BLA/boletinlegal/images/pdf.gif HTTP/1.1" 200 567
216.244.66.195 - - [15/Sep/2023:14:35:18 -0500] "GET /BLA/resoluciones/AUTOS%202020/4043.pdf HTTP/1.1" 200 358013
201.245.192.253 - - [15/Sep/2023:14:35:19 -0500] "GET /BLA/resoluciones/AUTOS%202022/3243.pdf HTTP/1.1" 200 390333
201.245.192.253 - - [15/Sep/2023:14:35:39 -0500] "POST /forms/lservlet;jsessionid=ac16012b30d63d978f376e20424bb3f6ff930e63d6af.e3iSbxaKaheRe34Pbx8Nc3aQci1ynknvrkLOlQzNp65In0 HTTP/1.1" 200 2
201.245.192.253 - - [15/Sep/2023:14:36:05 -0500] "POST /kwsrmcab/Wsrmcab  HTTP/1.1" 200 213
216.244.66.195 - - [15/Sep/2023:14:36:10 -0500] "GET /BLA/resoluciones/AUTOS%202020/4077.pdf HTTP/1.1" 200 358844
172.22.2.4 - - [15/Sep/2023:14:36:16 -0500] "GET /BLA/boletinlegal/consulta_actos.php?tipo=autos&no=6579&usuario=&sector=&fecha=2014&resuelve= HTTP/1.1" 200 1525
172.22.2.4 - - [15/Sep/2023:14:34:52 -0500] "GET /BLA/boletinlegal/ HTTP/1.1" 200 61542
201.245.192.253 - - [15/Sep/2023:14:36:35 -0500] "POST /forms/lservlet;jsessionid=ac16012b30d6d19c31849e654dd38cb0cf62d49b9509.e3iSbxaKaheRe34Pbx8Nc3aQci1ynknvrkLOlQzNp65In0 HTTP/1.1" 200 2
199.16.157.183 - - [15/Sep/2023:14:36:51 -0500] "GET /bogotanos-se-movilizaran-de-forma-sostenible-en-el-dia-sin-carro-y-sin-moto.html HTTP/1.1" 200 773
199.16.157.183 - - [15/Sep/2023:14:36:52 -0500] "GET /images/dia-sin-carro.jpg HTTP/1.1" 200 41204
199.16.157.182 - - [15/Sep/2023:14:36:52 -0500] "GET /images/dia-sin-carro.jpg HTTP/1.1" 200 41204
216.244.66.195 - - [15/Sep/2023:14:36:54 -0500] "GET /BLA/resoluciones/AUTOS%202020/4578.pdf HTTP/1.1" 200 353473
216.245.221.92 - - [15/Sep/2023:14:37:21 -0500] "HEAD / HTTP/1.1" 200 -
192.168.172.66 - - [15/Sep/2023:14:37:35 -0500] "GET /bogotanos-se-movilizaran-de-forma-sostenible-en-el-dia-sin-carro-y-sin-moto.html HTTP/1.1" 200 773
181.55.155.120 - - [15/Sep/2023:14:37:39 -0500] "GET /decision-de-frenar-obras-en-el-zuque-es-caprichosa-y-priva-a-la-ciudadania-de-conocer-y-preservar-los-cerros-orientales-urrutia-secretaria-de-ambiente.html HTTP/1.1" 200 1018
201.245.192.253 - - [15/Sep/2023:14:37:39 -0500] "POST /forms/lservlet;jsessionid=ac16012b30d63d978f376e20424bb3f6ff930e63d6af.e3iSbxaKaheRe34Pbx8Nc3aQci1ynknvrkLOlQzNp65In0 HTTP/1.1" 200 2
216.244.66.195 - - [15/Sep/2023:14:37:44 -0500] "GET /BLA/resoluciones/AUTOS%202020/4746.pdf HTTP/1.1" 200 359848
40.77.167.6 - - [15/Sep/2023:14:37:46 -0500] "GET /sipse/faces/autenticacion.xhtml HTTP/1.1" 200 12506
172.22.2.4 - - [15/Sep/2023:14:36:21 -0500] "HEAD /BLA/boletinlegal/ HTTP/1.1" 200 -
201.245.192.253 - - [15/Sep/2023:14:38:16 -0500] "POST /kwsrmcab/Wsrmcab HTTP/1.1" 200 43309
201.245.192.253 - - [15/Sep/2023:14:38:19 -0500] "POST /kwsrmcab/Wsrmcab HTTP/1.1" 200 36765
216.244.66.195 - - [15/Sep/2023:14:38:26 -0500] "GET /BLA/resoluciones/AUTOS%202021/1790.pdf HTTP/1.1" 200 313886
201.245.192.253 - - [15/Sep/2023:14:38:35 -0500] "POST /forms/lservlet;jsessionid=ac16012b30d6d19c31849e654dd38cb0cf62d49b9509.e3iSbxaKaheRe34Pbx8Nc3aQci1ynknvrkLOlQzNp65In0 HTTP/1.1" 200 2
172.22.2.4 - - [15/Sep/2023:14:37:15 -0500] "GET /BLA/boletinlegal/ HTTP/1.1" 200 53013
172.22.2.4 - - [15/Sep/2023:14:39:02 -0500] "GET /BLA/boletinlegal/style.css HTTP/1.1" 200 9406
172.22.2.4 - - [15/Sep/2023:14:39:02 -0500] "GET /BLA/boletinlegal/styles2.css HTTP/1.1" 200 1838
172.22.2.4 - - [15/Sep/2023:14:39:02 -0500] "GET /BLA/boletinlegal/js/jquery.scrollTo-min.js HTTP/1.1" 200 1150
172.22.2.4 - - [15/Sep/2023:14:39:02 -0500] "GET /BLA/boletinlegal/js/jquery.js HTTP/1.1" 200 57254
172.22.2.4 - - [15/Sep/2023:14:39:02 -0500] "GET /BLA/boletinlegal/js/jquery.scrollShow.js HTTP/1.1" 200 4586
172.22.2.4 - - [15/Sep/2023:14:39:02 -0500] "GET /BLA/boletinlegal/images/cabezote%20BLEGAL.jpg HTTP/1.1" 200 118164
172.22.2.4 - - [15/Sep/2023:14:39:02 -0500] "GET /BLA/boletinlegal/images/subscribe-icon-big.png HTTP/1.1" 200 47702
172.22.2.4 - - [15/Sep/2023:14:39:02 -0500] "GET /BLA/boletinlegal/images/historia.png HTTP/1.1" 200 52775
172.22.2.4 - - [15/Sep/2023:14:39:02 -0500] "GET /BLA/boletinlegal/images/registro-usuarios.png HTTP/1.1" 200 8106
172.22.2.4 - - [15/Sep/2023:14:39:03 -0500] "GET /BLA/boletinlegal/images/menu_lft.gif HTTP/1.1" 200 1713
172.22.2.4 - - [15/Sep/2023:14:39:03 -0500] "GET /BLA/boletinlegal/images/menu_rght.gif HTTP/1.1" 200 1627
172.22.2.4 - - [15/Sep/2023:14:39:03 -0500] "GET /BLA/boletinlegal/images/bg_top.jpg HTTP/1.1" 200 522
172.22.2.4 - - [15/Sep/2023:14:39:03 -0500] "GET /BLA/boletinlegal/images/menu_bg.jpg HTTP/1.1" 200 620
172.22.2.4 - - [15/Sep/2023:14:39:03 -0500] "GET /BLA/boletinlegal/images/text.jpg HTTP/1.1" 200 568
172.22.2.4 - - [15/Sep/2023:14:39:03 -0500] "GET /BLA/boletinlegal/images/launch.jpg HTTP/1.1" 200 14577
172.22.2.4 - - [15/Sep/2023:14:39:03 -0500] "GET /BLA/boletinlegal/images/hover.jpg HTTP/1.1" 200 640
172.22.2.4 - - [15/Sep/2023:14:39:03 -0500] "GET /BLA/boletinlegal/images/body_bg.jpg HTTP/1.1" 200 1601
172.22.2.4 - - [15/Sep/2023:14:39:03 -0500] "GET /BLA/boletinlegal/images/arr_l.jpg HTTP/1.1" 200 1979
172.22.2.4 - - [15/Sep/2023:14:39:03 -0500] "GET /BLA/boletinlegal/images/screen_1.png HTTP/1.1" 200 202547
172.22.2.4 - - [15/Sep/2023:14:39:09 -0500] "GET /BLA/boletinlegal/images/screen_2.png HTTP/1.1" 200 362502
172.22.2.4 - - [15/Sep/2023:14:39:09 -0500] "GET /BLA/boletinlegal/images/screen_3.png HTTP/1.1" 200 210620
172.22.2.4 - - [15/Sep/2023:14:39:09 -0500] "GET /BLA/boletinlegal/images/screen_5.png HTTP/1.1" 200 368876
172.22.2.4 - - [15/Sep/2023:14:39:09 -0500] "GET /BLA/boletinlegal/images/arr_r.jpg HTTP/1.1" 200 1998
172.22.2.4 - - [15/Sep/2023:14:39:09 -0500] "GET /BLA/boletinlegal/images/footer_bg.jpg HTTP/1.1" 200 586
172.22.2.4 - - [15/Sep/2023:14:39:10 -0500] "GET /BLA/boletinlegal/actos.php HTTP/1.1" 200 9682
172.22.2.4 - - [15/Sep/2023:14:39:11 -0500] "GET /BLA/boletinlegal/js/ajax_actos.js HTTP/1.1" 200 1322
172.22.2.4 - - [15/Sep/2023:14:39:11 -0500] "GET /BLA/boletinlegal/niceforms.js HTTP/1.1" 200 22876
216.244.66.195 - - [15/Sep/2023:14:39:11 -0500] "GET /BLA/resoluciones/AUTOS%202021/3390.pdf HTTP/1.1" 200 313443
172.22.2.4 - - [15/Sep/2023:14:39:12 -0500] "GET /BLA/boletinlegal/niceforms-default.css HTTP/1.1" 200 6694
172.22.2.4 - - [15/Sep/2023:14:39:12 -0500] "GET /BLA/boletinlegal/js/lib.js HTTP/1.1" 200 6474
172.22.2.4 - - [15/Sep/2023:14:39:12 -0500] "GET /BLA/boletinlegal/js/popup.js HTTP/1.1" 200 1270
172.22.2.4 - - [15/Sep/2023:14:39:12 -0500] "GET /BLA/boletinlegal/js/jquery1.js HTTP/1.1" 200 29846
172.22.2.4 - - [15/Sep/2023:14:39:12 -0500] "GET /BLA/boletinlegal/images/green-yellow-blue-pink-th.png HTTP/1.1" 200 7394
172.22.2.4 - - [15/Sep/2023:14:39:12 -0500] "GET /BLA/boletinlegal/images/tel.png HTTP/1.1" 200 14477
172.22.2.4 - - [15/Sep/2023:14:39:12 -0500] "GET /BLA/boletinlegal/images/icono-email.png HTTP/1.1" 200 5544
172.22.2.4 - - [15/Sep/2023:14:39:12 -0500] "GET /BLA/boletinlegal/images/footer_bg_l.jpg HTTP/1.1" 200 776
172.22.2.4 - - [15/Sep/2023:14:39:12 -0500] "GET /BLA/boletinlegal/img/0.png HTTP/1.1" 200 110
172.22.2.4 - - [15/Sep/2023:14:39:12 -0500] "GET /BLA/boletinlegal/img/select-left.png HTTP/1.1" 200 263
172.22.2.4 - - [15/Sep/2023:14:39:12 -0500] "GET /BLA/boletinlegal/img/select-right.png HTTP/1.1" 200 44019
172.22.2.4 - - [15/Sep/2023:14:39:12 -0500] "GET /BLA/boletinlegal/img/button-left.png HTTP/1.1" 200 57071
172.22.2.4 - - [15/Sep/2023:14:39:12 -0500] "GET /BLA/boletinlegal/img/button.png HTTP/1.1" 200 43241
172.22.2.4 - - [15/Sep/2023:14:39:12 -0500] "GET /BLA/boletinlegal/img/button-right.png HTTP/1.1" 200 57878
172.22.2.4 - - [15/Sep/2023:14:39:12 -0500] "GET /BLA/boletinlegal/favicon.ico HTTP/1.1" 404 1230
172.22.2.4 - - [15/Sep/2023:14:39:31 -0500] "GET /BLA/boletinlegal/consulta_actos.php?tipo=resoluciones&no=3178&usuario=&sector=&fecha=2017&resuelve= HTTP/1.1" 200 1265
172.22.2.4 - - [15/Sep/2023:14:39:31 -0500] "GET /BLA/boletinlegal/images/pdf.gif HTTP/1.1" 200 567
191.156.156.247 - - [15/Sep/2023:14:39:35 -0500] "GET /BLA/resoluciones/RESOLUCIONES%202017/3178.pdf HTTP/1.1" 200 262197
201.245.192.253 - - [15/Sep/2023:14:39:39 -0500] "POST /forms/lservlet;jsessionid=ac16012b30d63d978f376e20424bb3f6ff930e63d6af.e3iSbxaKaheRe34Pbx8Nc3aQci1ynknvrkLOlQzNp65In0 HTTP/1.1" 200 2
191.156.156.247 - - [15/Sep/2023:14:39:42 -0500] "GET /BLA/resoluciones/RESOLUCIONES%202017/3178.pdf HTTP/1.1" 206 1
172.22.2.4 - - [15/Sep/2023:14:39:02 -0500] "GET /BLA/boletinlegal/ HTTP/1.1" 200 32715
191.156.156.247 - - [15/Sep/2023:14:39:42 -0500] "GET /BLA/resoluciones/RESOLUCIONES%202017/3178.pdf HTTP/1.1" 206 254981
191.156.159.106 - - [15/Sep/2023:14:39:46 -0500] "GET /BLA/resoluciones/RESOLUCIONES%202017/3178.pdf HTTP/1.1" 206 1
191.156.159.106 - - [15/Sep/2023:14:39:46 -0500] "GET /BLA/resoluciones/RESOLUCIONES%202017/3178.pdf HTTP/1.1" 206 254981
172.22.2.4 - - [15/Sep/2023:14:39:48 -0500] "GET /BLA/boletinlegal/actos.php HTTP/1.1" 200 9682
216.244.66.195 - - [15/Sep/2023:14:39:58 -0500] "GET /BLA/resoluciones/AUTOS%202021/3942.pdf HTTP/1.1" 200 378833
172.22.2.4 - - [15/Sep/2023:14:40:03 -0500] "GET /BLA/boletinlegal/consulta_actos.php?tipo=resoluciones&no=3178&usuario=&sector=&fecha=2017&resuelve= HTTP/1.1" 200 1265
191.156.150.124 - - [15/Sep/2023:14:40:05 -0500] "GET /BLA/resoluciones/RESOLUCIONES%202017/3178.pdf HTTP/1.1" 206 1
191.156.150.124 - - [15/Sep/2023:14:40:05 -0500] "GET /BLA/resoluciones/RESOLUCIONES%202017/3178.pdf HTTP/1.1" 206 254981
191.156.156.247 - - [15/Sep/2023:14:40:12 -0500] "GET /BLA/resoluciones/RESOLUCIONES%202017/3178.pdf HTTP/1.1" 206 1
191.156.156.247 - - [15/Sep/2023:14:40:12 -0500] "GET /BLA/resoluciones/RESOLUCIONES%202017/3178.pdf HTTP/1.1" 206 254981
207.46.13.154 - - [15/Sep/2023:14:40:14 -0500] "GET /portaldeninos/?s= HTTP/1.1" 200 85920
201.245.192.253 - - [15/Sep/2023:14:40:35 -0500] "POST /forms/lservlet;jsessionid=ac16012b30d6d19c31849e654dd38cb0cf62d49b9509.e3iSbxaKaheRe34Pbx8Nc3aQci1ynknvrkLOlQzNp65In0 HTTP/1.1" 200 2
216.244.66.195 - - [15/Sep/2023:14:40:41 -0500] "GET /BLA/resoluciones/AUTOS%202021/4155.pdf HTTP/1.1" 200 351402
201.245.192.253 - - [15/Sep/2023:14:41:04 -0500] "POST /kwsrmcab/Wsrmcab  HTTP/1.1" 200 213
216.244.66.195 - - [15/Sep/2023:14:41:21 -0500] "GET /BLA/resoluciones/AUTOS%202021/4212.pdf HTTP/1.1" 200 348136
201.245.192.253 - - [15/Sep/2023:14:41:39 -0500] "POST /forms/lservlet;jsessionid=ac16012b30d63d978f376e20424bb3f6ff930e63d6af.e3iSbxaKaheRe34Pbx8Nc3aQci1ynknvrkLOlQzNp65In0 HTTP/1.1" 200 2
216.244.66.195 - - [15/Sep/2023:14:42:00 -0500] "GET /BLA/resoluciones/AUTOS%202021/4640.pdf HTTP/1.1" 200 374861
190.68.50.112 - - [15/Sep/2023:14:42:08 -0500] "GET /decision-de-frenar-obras-en-el-zuque-es-caprichosa-y-priva-a-la-ciudadania-de-conocer-y-preservar-los-cerros-orientales-urrutia-secretaria-de-ambiente.html?fbclid=IwAR0AOXNtnC2Vx6LxSIqvddIncWmKp_iSrmwLGMlfhuzX8NBN-2CJ_LDQdek HTTP/1.1" 200 1018
152.203.218.244 - - [15/Sep/2023:14:42:16 -0500] "OPTIONS /kwssiamovil/sm/setfile/f? HTTP/1.1" 200 13
152.203.218.244 - - [15/Sep/2023:14:42:16 -0500] "POST /kwssiamovil/sm/setfile/f? HTTP/1.1" 200 381
152.203.218.244 - - [15/Sep/2023:14:42:17 -0500] "OPTIONS /kwssiamovil/sm/setfile/f? HTTP/1.1" 200 13
152.203.218.244 - - [15/Sep/2023:14:42:17 -0500] "POST /kwssiamovil/sm/setfile/f? HTTP/1.1" 200 381
152.203.218.244 - - [15/Sep/2023:14:42:19 -0500] "OPTIONS /kwssiamovil/sm/setfile/f? HTTP/1.1" 200 13
152.203.218.244 - - [15/Sep/2023:14:42:19 -0500] "POST /kwssiamovil/sm/setfile/f? HTTP/1.1" 200 381
216.245.221.92 - - [15/Sep/2023:14:42:21 -0500] "HEAD / HTTP/1.1" 200 -
152.203.218.244 - - [15/Sep/2023:14:42:21 -0500] "OPTIONS /kwssiamovil/sm/setfile/f? HTTP/1.1" 200 13
152.203.218.244 - - [15/Sep/2023:14:42:22 -0500] "POST /kwssiamovil/sm/setfile/f? HTTP/1.1" 200 381
152.203.218.244 - - [15/Sep/2023:14:42:24 -0500] "OPTIONS /kwssiamovil/sm/setfile/f? HTTP/1.1" 200 13
152.203.218.244 - - [15/Sep/2023:14:42:24 -0500] "POST /kwssiamovil/sm/setfile/f? HTTP/1.1" 200 381
152.203.218.244 - - [15/Sep/2023:14:42:26 -0500] "OPTIONS /kwssiamovil/sm/setfile/f? HTTP/1.1" 200 13
152.203.218.244 - - [15/Sep/2023:14:42:26 -0500] "POST /kwssiamovil/sm/setfile/f? HTTP/1.1" 200 381
152.203.218.244 - - [15/Sep/2023:14:42:28 -0500] "OPTIONS /kwssiamovil/sm/setfile/f? HTTP/1.1" 200 13
152.203.218.244 - - [15/Sep/2023:14:42:28 -0500] "POST /kwssiamovil/sm/setfile/f? HTTP/1.1" 200 381
201.245.192.253 - - [15/Sep/2023:14:42:35 -0500] "POST /forms/lservlet;jsessionid=ac16012b30d6d19c31849e654dd38cb0cf62d49b9509.e3iSbxaKaheRe34Pbx8Nc3aQci1ynknvrkLOlQzNp65In0 HTTP/1.1" 200 2
152.203.218.244 - - [15/Sep/2023:14:42:37 -0500] "GET /kwssiamovil/sm/acme/a?s=U2FsdGVkX1/GYgyFUo3FPrH8U2mP18CUax4MGRxz05yqeW23ZUoItw+afsgM4/7wXUdVhBZ6YEhgjpgNDw3jgb8iltpqPHsP5ykPvcCoV9wn7JmlF3l5buv4G/YDr6bN4TLGraimltzQteC1nYaZ1KI073YX7ZwV/4Fnep7u5r67qH44/2LA/mh8Unwxglichp+xkRuPoV0EgxDpDRrYQoVBDnztyLPXDP77+2JMAvst767ticYfY37EeRvlXeAnCOCUTl39jOQ5zTnUGreWgQ==&u=U2FsdGVkX18KdhrYXp3wR8kZJCoLegtI6UmHmdqcE5UmCT98Aidq/wyiHT104O8l&y=U2FsdGVkX18hIXLI9jnUiD/XG27fLXovPH+G/YXTu57TbO2O5Hgczlec/4Tac92J HTTP/1.1" 200 26
152.203.218.244 - - [15/Sep/2023:14:42:37 -0500] "GET /kwssiamovil/sm/acme/a?s=U2FsdGVkX1/7v1npQehDZ14MlhNEF8lGtiHGuQpYQPIRUnWfHxWUDi4DCjUXBWaWyM4wnr8buC+IdeS/ryEZCrfptYSg+t60Kt5wmqDbpKjR40m8iKqPF9wMJiZYgap5pHPn4ozcc+0FCfgniQVau2qe/jSRY04zvlwELxkfeWchgJrRE5quM4XA2xcvcpwN6wZFKyULhmZD3URN7eSdBIzHRHAluiC2dbxduVMLvM4DBV67Pe/rZDR8z6DScY7ltic8r+yFX18/nzvV8PAC7OAmM8J8Fkm+T2MLgF2CMUZt+MiO9jhJrqnCI6Ni+SiDd24tHBjEXLj9FIVMgvTzWSyA93jjxL3fACycS1qdSRv+LFocFYHw0eSBV9ncM3FGXu7UQtQPlMKh3IgGQVxMCotA8aW0FtDkg9RoUS+EAQ70NBJQMa0xLjwr9Mpc1HuJghM6+UjH88vvoKfGCMg4ueRAjHMgx457YdBNJOIBmjPmQgHBK5zjq7wo4ezNuEYO/tZL+HuvXUipcpuINf6msIMFe9U7pIjNBmElLfuuY1RSCYNe3ah5Zmx528Yh3SRtl5jVTPv0CNncArAsjAKY3tuGRQhM5pLkiD1sMRKjngisWuzuhpGkaUL1XXXqDfSsj2ZoZ+6vVM2B4ug77UEyVK9l3i+a9qsPVJ8xTiA67mTQNqQvBOy41XHFKrcA/TKFnyvMVlUWcNt8DbV/9Xn/oP0BP5a0x4Rp4Mnh+E6nDNryWzcHGcvG1pAsGoglrdYGgFt4mlTsajcDOUVZqywdH3wSXO79YX7l+7i+AeGG3pdJrb6bRvUXYd3prpDxRpqtetcgb6ClcIcVcZ+Y1LPDlGI9YPjnzJ40cYTT3Z6bBgRMsc25WykUG+8lFwATAvUiU9gkhfK1RBtuUh+C6Mo+nwRrPgptwbRY30Og9RTQAFNKfgvtjG2AL7XWzGzV4GFVq2f7FAs0X3dKWJRYM7aEhpFPFGZN0BGprAfn6SmjCy05uRg8+ytMVJZa1I3GGgEgBopdbVvMXV88T2mgiB6ClAz/Cam4if0vxI1Y9ZY0nI2Z9GPA8Ru/2FR6YW6r/01AzlvSu2tcT8p/D/1vuuIGPvyBSBQ3FUSPs2KHsZqKB0RQR5CoYYoPmIUDAWMXk8GxUOWjg8Ivm4rpadk+Qi1BPL9N2yeyso0rOIaATkwZ3LVI+CvOkiqIYIrNeBKV3qs9Trh1uXyTdV1qC+WyRFVTRmSvLwilef5ziBeyjxofQc+C9QboId85hSk3aPDdPdz1f6S5Xh62JkalLvpWzvE5bDRxWSzNvz9jrIzTU27NZYo=&u=U2FsdGVkX18KdhrYXp3wR8kZJCoLegtI6UmHmdqcE5UmCT98Aidq/wyiHT104O8l&y=U2FsdGVkX18hIXLI9jnUiD/XG27fLXovPH+G/YXTu57TbO2O5Hgczlec/4Tac92J HTTP/1.1" 200 26
152.203.218.244 - - [15/Sep/2023:14:42:37 -0500] "GET /kwssiamovil/sm/acme/a?s=U2FsdGVkX19a0sckBRplA/3ACBzByYsEsdTrubsvYcnuRjnXRKqARpTjNbwRwwVCwkFcha3ui5eYnHhMXqbWEc6z7ChZcMiL5eDsJuU07/bcRMq5ewlpf9e5o4uoy+M1pP4VR+2ztvTMNXcv8FoCLnnU+G2CMkN5z4AB1aZAMq8=&u=U2FsdGVkX18KdhrYXp3wR8kZJCoLegtI6UmHmdqcE5UmCT98Aidq/wyiHT104O8l&y=U2FsdGVkX18hIXLI9jnUiD/XG27fLXovPH+G/YXTu57TbO2O5Hgczlec/4Tac92J HTTP/1.1" 200 26
152.203.218.244 - - [15/Sep/2023:14:42:37 -0500] "GET /kwssiamovil/sm/acme/a?s=U2FsdGVkX19Hgn1Mrmjtp4Nu7i4fdOxUlzuB5lhTzIWFO/zBweI0Zzf+PQJoq4rAWW+Rs5grj1VvsvjzAycsAXTvs1h6p7AccDwGphBBUzVE6YWB13zVdCSE5yIGJbMW57/1bQekOU5EbcCkM9RbDWD5kwoumQdOAz4E7qO0cKY=&u=U2FsdGVkX18KdhrYXp3wR8kZJCoLegtI6UmHmdqcE5UmCT98Aidq/wyiHT104O8l&y=U2FsdGVkX18hIXLI9jnUiD/XG27fLXovPH+G/YXTu57TbO2O5Hgczlec/4Tac92J HTTP/1.1" 200 26
152.203.218.244 - - [15/Sep/2023:14:42:38 -0500] "GET /kwssiamovil/sm/acme/a?s=U2FsdGVkX18Q7vfj/yqHsYI4s4wigG0xyRTE1UOoafYEh/PL0fthuRAqnPEScj+p7/CXJEYt8QdvdtDkCQu/BIlT0g3RcOa3SXVtHP0p/xtDvlJfisyKMlW2We/VT0oGn5WI4tPerSpphgUH37AYUY2B3+qAIToXRUV6CFNCBf4=&u=U2FsdGVkX18KdhrYXp3wR8kZJCoLegtI6UmHmdqcE5UmCT98Aidq/wyiHT104O8l&y=U2FsdGVkX18hIXLI9jnUiD/XG27fLXovPH+G/YXTu57TbO2O5Hgczlec/4Tac92J HTTP/1.1" 200 26
152.203.218.244 - - [15/Sep/2023:14:42:38 -0500] "GET /kwssiamovil/sm/acme/a?s=U2FsdGVkX197BrbCxgm4Da92Nl2+Bt7ls9EJyuExcvR/6uML27iyPXHi1ClYA2QzDdC+agviWKS8k0wum7kFTRKcj5ir3AlD2nBkfHGgU92lL+XFqAR5Q8/raRS6hLENY4bMq05AQ8AtYyvYqUbIXPmo+tnnnU06ri/U1BNuSp+xwAZChGTO65jur5m9+iDDObISq20dPpFTAPF1+hx8gQ==&u=U2FsdGVkX18KdhrYXp3wR8kZJCoLegtI6UmHmdqcE5UmCT98Aidq/wyiHT104O8l&y=U2FsdGVkX18hIXLI9jnUiD/XG27fLXovPH+G/YXTu57TbO2O5Hgczlec/4Tac92J HTTP/1.1" 200 26
152.203.218.244 - - [15/Sep/2023:14:42:38 -0500] "GET /kwssiamovil/sm/acme/a?s=U2FsdGVkX1+VQ0qqLvWP1NnBdsVki1JOrg6FUoi+7ejhrPfQ0BV9zU/m3LUWqE1hlJwaGUkil9Xxf8PBkyxp02sP/MZqY2Pk3vV+bpVMZt+nFSzr3VW6csYRYj5+EKunjXgWR5CSJuLRsqrsaD11M89gIQJk/Nvx7PBDvLFw6XpE5CtPoWfXpaNrBNK7pMeRRLke3cjiSIWRBcPmynFI5Q==&u=U2FsdGVkX18KdhrYXp3wR8kZJCoLegtI6UmHmdqcE5UmCT98Aidq/wyiHT104O8l&y=U2FsdGVkX18hIXLI9jnUiD/XG27fLXovPH+G/YXTu57TbO2O5Hgczlec/4Tac92J HTTP/1.1" 200 26
152.203.218.244 - - [15/Sep/2023:14:42:38 -0500] "GET /kwssiamovil/sm/acme/a?s=U2FsdGVkX187hmdFHygv+nhkAG6Ukh5hXcveQtraZqu3SycN2lzLkJepmZXSoJ7Sp+rsGV6/la/8xvsLQQ+/ovxrLr/bTCAT0uJnS7/O4r9+6GE22e2sc+HO5nUA9GALwXMXsjkt4XR71LrHegebjmq+5eI5W9Grs0nW3M0q4TBXRTApcG8nWefaROAEoDqXKDMqxQ/nv+93K51S5757e2zO+lFfD6f6iXrN2rYdCpQpFHtzeWZdwpFpfr/ilky3kaUpxv2ynwMQySXbfi19DhSu+fH9A8DUsAigmmyo9wrpeELNBLBY2R7c20nr2n2pQTZ/QYCMWPJ6l11+fhBD5mJHsDC/g6omMrRwVjNb564m9tRZ2HiC9LTEZJkfnzO+u2774ExVlfrpwSiHdH6hwScN7aolCy6ycGh4IAbGJ4MxXs9Fnrzs0I8VGpXY4ah67JyJWaKHBiztzF61ie72vw==&u=U2FsdGVkX18KdhrYXp3wR8kZJCoLegtI6UmHmdqcE5UmCT98Aidq/wyiHT104O8l&y=U2FsdGVkX18hIXLI9jnUiD/XG27fLXovPH+G/YXTu57TbO2O5Hgczlec/4Tac92J HTTP/1.1" 200 25
152.203.218.244 - - [15/Sep/2023:14:42:38 -0500] "GET /kwssiamovil/sm/acme/a?s=U2FsdGVkX18ZVAjZRf8YwGetHt9FJWLNcvaHC9uEtWA1PKEUgU4gIXiQ7IEA3YFNhQ4sXWeHaZQLd81mzZg2X8EQh8ZHCRRnyDOzVTurv9f1EFYgxRcWxafe7skyTC77LrjyB1hvB+6T+KUKgWqadKYoBcu5L7TqZ5xkd7nuwmQ5bMar4nN7xq8TVwGmoR0B&u=U2FsdGVkX18KdhrYXp3wR8kZJCoLegtI6UmHmdqcE5UmCT98Aidq/wyiHT104O8l&y=U2FsdGVkX18hIXLI9jnUiD/XG27fLXovPH+G/YXTu57TbO2O5Hgczlec/4Tac92J HTTP/1.1" 200 26
152.203.218.244 - - [15/Sep/2023:14:42:38 -0500] "GET /kwssiamovil/sm/acme/a?s=U2FsdGVkX19C98RWV799BP3QnlGA4k9oncULhSUT05mnzS5FPmXCzGyrirzKUXTCVb/wdxuB26tikb4UKHbJyIaYEcyYhMNP8O75m8KLuEIJGOrmVJfVaAc504AvXhVVvjTImSbjZ7Gy097+UYlm3w4J707b+Z7q7a0A8IcAnrYlaB2EBtWKZYvYqK1iZAjjmAA8I9wyOS1Ux/79xCiytFo+xxGXcTDi9K70vAznlkH/VDeBegl17NLDEOHLXxma02gxN4NUNxtk94zQReOod4Ck2Kmc8TekigjulTQIK4+xki4hj4mKJDCm/UuWFMjQ3v7z5+5P1l10qXqFSDGDRlmpZTmVNaT34ekwGPqK3GrwrRyGHvarv+Hk5kGHfHRF+gm2h3DQLHdUaq+IDT9SOPwyubI8mY6EYu1xnvUMaYQ=&u=U2FsdGVkX18KdhrYXp3wR8kZJCoLegtI6UmHmdqcE5UmCT98Aidq/wyiHT104O8l&y=U2FsdGVkX18hIXLI9jnUiD/XG27fLXovPH+G/YXTu57TbO2O5Hgczlec/4Tac92J HTTP/1.1" 200 25
152.203.218.244 - - [15/Sep/2023:14:42:39 -0500] "GET /kwssiamovil/sm/acme/a?s=U2FsdGVkX1+sjDWhzNrqAiuDqwgne5cxaE4mtGtTiidXq0hhrluNXnIV2Bgwl5pCH5RXHmivI4GOkaTei8kxDwZDdO8fnm3Xcpk5G17SOhgOEfpqJQd6ttm+DKeOFyymmuap3/JlreUrcK+IXSH5VnDryXsv1suhX/CNK+OODw65i7sBm3dejOxQzWkNQO/UfdyQ2OZo1K7ijg2SyjGY2g==&u=U2FsdGVkX18KdhrYXp3wR8kZJCoLegtI6UmHmdqcE5UmCT98Aidq/wyiHT104O8l&y=U2FsdGVkX18hIXLI9jnUiD/XG27fLXovPH+G/YXTu57TbO2O5Hgczlec/4Tac92J HTTP/1.1" 200 26
152.203.218.244 - - [15/Sep/2023:14:42:39 -0500] "GET /kwssiamovil/sm/acme/a?s=U2FsdGVkX18m6RsnhkVpnVXg/qmifBhSF8CBWJrLBjckH6oZHk7WUeeFQJiBMaSp6gF0Nx6smymfY71B9cpt8TtnP9FE6gioUYgGaCzhtUGxCxzwRozLztX604q1UpyVXUFoRrKa1fl9mADibAc4+svSAvIIDr7F8tohlehRSaRXH1dwvVSKd1rQFoLCuePg&u=U2FsdGVkX18KdhrYXp3wR8kZJCoLegtI6UmHmdqcE5UmCT98Aidq/wyiHT104O8l&y=U2FsdGVkX18hIXLI9jnUiD/XG27fLXovPH+G/YXTu57TbO2O5Hgczlec/4Tac92J HTTP/1.1" 200 26
152.203.218.244 - - [15/Sep/2023:14:42:39 -0500] "GET /kwssiamovil/sm/acme/a?s=U2FsdGVkX1+He5hLrWphVqe6azXXoFH+OzzL9FxV/z7xq06izgG+e38UMh4gFWKhpskeqVVvwwYhl/m/gCkFvrhTXHrCC2ulcv4CFwSND7Qzin2NfxTpBFlB+n2OdN+55nUzjKx3GDd4I0Xewpf7kCVa6i5469i2qL7xME/xhuVzQ4Pcgt3T8fG9+MU5hT3b85nKByY7Dil/B8u59VXN7g==&u=U2FsdGVkX18KdhrYXp3wR8kZJCoLegtI6UmHmdqcE5UmCT98Aidq/wyiHT104O8l&y=U2FsdGVkX18hIXLI9jnUiD/XG27fLXovPH+G/YXTu57TbO2O5Hgczlec/4Tac92J HTTP/1.1" 200 26
152.203.218.244 - - [15/Sep/2023:14:42:39 -0500] "GET /kwssiamovil/sm/acme/a?s=U2FsdGVkX1/oFwT8aq1lhpa86/X1PI+WE4sxftxgGeszm/K1agkNfeuzoqeuZxaCMrnfBxdmiGFXa9LgiOumgC2fQQnJqiL4F68VAoEH71j5j+YyOcZO8UxND1igx/ho6JAwE6iJogSWaV65upQoCFYQR4AX4Xdq3JKiMKU+G0KHC1bLbGuPOMCmObn6cblP&u=U2FsdGVkX18KdhrYXp3wR8kZJCoLegtI6UmHmdqcE5UmCT98Aidq/wyiHT104O8l&y=U2FsdGVkX18hIXLI9jnUiD/XG27fLXovPH+G/YXTu57TbO2O5Hgczlec/4Tac92J HTTP/1.1" 200 26
152.203.218.244 - - [15/Sep/2023:14:42:39 -0500] "GET /kwssiamovil/sm/acme/a?s=U2FsdGVkX18mbpG/ks0H8m38GnjYPQXxFJiTP7r5LuvO53G8h7YLUjeWQ1FzHY7gvTNm0XbjsQxvhak+WOYICj0G/ij96WKzmWaYh70zhBJBqXJ8W/NWJKwbDBwafkiQtddlRufjYRxVnsXvSeO9MDTw+nbm73uA4uIGZUaddiJfcvxUVdIqq9FQap9lLM5RTYj7K1gFeUjQoOJT7jbnTw==&u=U2FsdGVkX18KdhrYXp3wR8kZJCoLegtI6UmHmdqcE5UmCT98Aidq/wyiHT104O8l&y=U2FsdGVkX18hIXLI9jnUiD/XG27fLXovPH+G/YXTu57TbO2O5Hgczlec/4Tac92J HTTP/1.1" 200 26
152.203.218.244 - - [15/Sep/2023:14:42:39 -0500] "GET /kwssiamovil/sm/acme/a?s=U2FsdGVkX18EsvUEKXaS62rNbZQZx95lkNzTr0QuwEZzAPlqiO3ZubP0oG3jqsX/t38gvRK6oUs/vHtup6Fv8o0zVieKMoWLlbvyyjoa58bQQTnJWWd2MP07tA942NmeBOcBhPaq+ZLY5yervhb+Sq4XmBeAQagmvP+fB7RBkXAxSkrEQyuJXvxy96uE8BdD&u=U2FsdGVkX18KdhrYXp3wR8kZJCoLegtI6UmHmdqcE5UmCT98Aidq/wyiHT104O8l&y=U2FsdGVkX18hIXLI9jnUiD/XG27fLXovPH+G/YXTu57TbO2O5Hgczlec/4Tac92J HTTP/1.1" 200 26
152.203.218.244 - - [15/Sep/2023:14:42:40 -0500] "GET /kwssiamovil/sm/acme/a?s=U2FsdGVkX1/YlBpdzTmE6En/HYDoKAGyfrIJpMleEq/FoNfz/9q9vwXy0HY6T5y9AhmV0BueoeC9SLemZdKbOwldnI7bj+aMLaJmfJFztcyAdehePGp32ucPCdHfa1HVJNOgL6CYIQCn6TsYI9vlvsTa4S4nGRNJ8mct0gq0KnC0f+ucPv2ksrX+n7S5sqX+/B/MU1Jtc47wyJKYrg3dJg==&u=U2FsdGVkX18KdhrYXp3wR8kZJCoLegtI6UmHmdqcE5UmCT98Aidq/wyiHT104O8l&y=U2FsdGVkX18hIXLI9jnUiD/XG27fLXovPH+G/YXTu57TbO2O5Hgczlec/4Tac92J HTTP/1.1" 200 26
152.203.218.244 - - [15/Sep/2023:14:42:40 -0500] "GET /kwssiamovil/sm/acme/a?s=U2FsdGVkX19jnFhtenCKmvExq7yOXSYf8O+fUd2rO9sBBhB6usRu91PalPeXzsyWwOgNY8+hapUr6+guGJ/9085qyM7fFh7d08GljRlV+Cp6uKNV3KY7roraeuJd3XyBAaaUg2m8v+VM4I76r97n2Vjl814lFqn/FO1TD8Z5ZbA5xWudmpTOi1hWCMX8JKds&u=U2FsdGVkX18KdhrYXp3wR8kZJCoLegtI6UmHmdqcE5UmCT98Aidq/wyiHT104O8l&y=U2FsdGVkX18hIXLI9jnUiD/XG27fLXovPH+G/YXTu57TbO2O5Hgczlec/4Tac92J HTTP/1.1" 200 26
152.203.218.244 - - [15/Sep/2023:14:42:40 -0500] "GET /kwssiamovil/sm/acme/a?s=U2FsdGVkX1/E6DEJlDFbXU1zTyLaJrNisLEK4DAVsGVc9oExOOzLRVViJry9ZkJJZT/FoLznOaxvdmuM8zBLog0qE3ITmx337EjGg92+beyIEDPyaY+keRXVy8uK8/ukC2BgRgywE9pvv7Nbfyyqb0Vebyq2IXexLlO41SgZ2KEa7KKwU0SefAqfJVWk1jIMu1HT2uJpg+Jf5jTkFblQ1g==&u=U2FsdGVkX18KdhrYXp3wR8kZJCoLegtI6UmHmdqcE5UmCT98Aidq/wyiHT104O8l&y=U2FsdGVkX18hIXLI9jnUiD/XG27fLXovPH+G/YXTu57TbO2O5Hgczlec/4Tac92J HTTP/1.1" 200 26
152.203.218.244 - - [15/Sep/2023:14:42:40 -0500] "GET /kwssiamovil/sm/acme/a?s=U2FsdGVkX19HyAnwa24U10C6joaTroCnJKEjCXcj496WwaibzxkUFQ1O6BhMVssDJR/LTcUNbbnR8UzqjOzA0lvevVuXzDUqR8A8eYn0Dj8Cx4hLf/kOG6sT37v5EKhoTta9BmhxsKQwtjXE6sl5dW4FJQN6Ac3WdTxvpUyMk3ZdzsU5k9+mmqWQahnxJ2yH&u=U2FsdGVkX18KdhrYXp3wR8kZJCoLegtI6UmHmdqcE5UmCT98Aidq/wyiHT104O8l&y=U2FsdGVkX18hIXLI9jnUiD/XG27fLXovPH+G/YXTu57TbO2O5Hgczlec/4Tac92J HTTP/1.1" 200 26
216.244.66.195 - - [15/Sep/2023:14:42:41 -0500] "GET /BLA/resoluciones/AUTOS%202021/4889.pdf HTTP/1.1" 200 351137
152.203.218.244 - - [15/Sep/2023:14:43:08 -0500] "GET /kwssiamovil/sm/acme/u?s=U2FsdGVkX18/J9JzXkisOYfico6h0wDXdp05pdELKIg+4reQ9YWjZSPgLia4xVamR5zWY2JJHTEZP564kdyaNYcAd5LjpV5ijTKWSiWeEQfF3iCFhs7ih6uu1fxt2fKY5KN7XVnEhEQir8zBg2AUPrLK8it/A8G4IXNEty2gRQA=&u=U2FsdGVkX18KdhrYXp3wR8kZJCoLegtI6UmHmdqcE5UmCT98Aidq/wyiHT104O8l&y=U2FsdGVkX18hIXLI9jnUiD/XG27fLXovPH+G/YXTu57TbO2O5Hgczlec/4Tac92J HTTP/1.1" 200 60
216.244.66.195 - - [15/Sep/2023:14:43:11 -0500] "GET /BLA/resoluciones/AUTOS%202021/5411.pdf HTTP/1.1" 200 347707
173.252.83.117 - - [15/Sep/2023:14:43:15 -0500] "GET /los-pies-descalzos-que-recorrieron-chinavita-boyaca-y-que-hoy-siembran-esperanza-en-bogota.html HTTP/1.1" 200 802
201.245.192.253 - - [15/Sep/2023:14:43:39 -0500] "POST /forms/lservlet;jsessionid=ac16012b30d63d978f376e20424bb3f6ff930e63d6af.e3iSbxaKaheRe34Pbx8Nc3aQci1ynknvrkLOlQzNp65In0 HTTP/1.1" 200 2
216.244.66.195 - - [15/Sep/2023:14:43:50 -0500] "GET /BLA/resoluciones/AUTOS%202021/5417.pdf HTTP/1.1" 200 706799
17.241.227.180 - - [15/Sep/2023:14:43:50 -0500] "GET /decision-de-frenar-obras-en-el-zuque-es-caprichosa-y-priva-a-la-ciudadania-de-conocer-y-preservar-los-cerros-orientales-urrutia-secretaria-de-ambiente.html HTTP/1.1" 200 1018
172.22.2.4 - - [15/Sep/2023:14:42:11 -0500] "HEAD /BLA/boletinlegal/ HTTP/1.1" 200 -
216.244.66.195 - - [15/Sep/2023:14:44:34 -0500] "GET /BLA/resoluciones/AUTOS%202021/5501.pdf HTTP/1.1" 200 363884
201.245.192.253 - - [15/Sep/2023:14:44:35 -0500] "POST /forms/lservlet;jsessionid=ac16012b30d6d19c31849e654dd38cb0cf62d49b9509.e3iSbxaKaheRe34Pbx8Nc3aQci1ynknvrkLOlQzNp65In0 HTTP/1.1" 200 2
172.22.2.4 - - [15/Sep/2023:14:43:02 -0500] "GET /BLA/boletinlegal/ HTTP/1.1" 200 58187
199.16.157.181 - - [15/Sep/2023:14:44:55 -0500] "GET /bogotanos-se-movilizaran-de-forma-sostenible-en-el-dia-sin-carro-y-sin-moto.html HTTP/1.1" 200 773
199.16.157.181 - - [15/Sep/2023:14:44:56 -0500] "GET /images/dia-sin-carro.jpg HTTP/1.1" 200 41204
216.244.66.195 - - [15/Sep/2023:14:45:04 -0500] "GET /BLA/resoluciones/AUTOS%202021/5524.pdf HTTP/1.1" 200 411487
168.119.76.254 - - [15/Sep/2023:14:45:21 -0500] "GET /robots.txt HTTP/1.1" 404 1034
168.119.76.254 - - [15/Sep/2023:14:45:22 -0500] "GET /bogotanos-se-movilizaran-de-forma-sostenible-en-el-dia-sin-carro-y-sin-moto.html HTTP/1.1" 200 773
172.22.2.4 - - [15/Sep/2023:14:44:53 -0500] "GET /BLA/boletinlegal/ HTTP/1.1" 200 24523
216.244.66.195 - - [15/Sep/2023:14:45:33 -0500] "GET /BLA/resoluciones/AUTOS%202022/1132.pdf HTTP/1.1" 200 1134192
