201.245.192.253 - - [15/Sep/2023:06:16:26 -0500] "POST /forms/lservlet;jsessionid=ac16012b30d6d19c31849e654dd38cb0cf62d49b9509.e3iSbxaKaheRe34Pbx8Nc3aQci1ynknvrkLOlQzNp65In0 HTTP/1.1" 200 2
199.16.157.180 - - [15/Sep/2023:06:16:29 -0500] "GET /images/presentaci%C3%B3n%20convenci%C3%B3n.jpg HTTP/1.1" 404 1034
199.16.157.182 - - [15/Sep/2023:06:16:30 -0500] "GET /robots.txt HTTP/1.1" 404 1034
199.16.157.182 - - [15/Sep/2023:06:16:30 -0500] "GET /images/presentaci%C3%B3n%20convenci%C3%B3n.jpg HTTP/1.1" 404 1034
114.119.138.151 - - [15/Sep/2023:06:17:12 -0500] "GET /robots.txt HTTP/1.1" 404 1018
172.22.2.4 - - [15/Sep/2023:06:15:33 -0500] "GET /BLA/boletinlegal/ HTTP/1.1" 200 58187
216.245.221.92 - - [15/Sep/2023:06:17:22 -0500] "HEAD / HTTP/1.1" 200 -
201.245.192.253 - - [15/Sep/2023:06:17:32 -0500] "POST /forms/lservlet;jsessionid=ac16012b30d63d978f376e20424bb3f6ff930e63d6af.e3iSbxaKaheRe34Pbx8Nc3aQci1ynknvrkLOlQzNp65In0 HTTP/1.1" 200 2
172.22.2.4 - - [15/Sep/2023:06:17:34 -0500] "GET /BLA/boletinlegal/style.css HTTP/1.1" 200 9406
172.22.2.4 - - [15/Sep/2023:06:17:34 -0500] "GET /BLA/boletinlegal/styles2.css HTTP/1.1" 200 1838
172.22.2.4 - - [15/Sep/2023:06:17:34 -0500] "GET /BLA/boletinlegal/js/jquery.js HTTP/1.1" 200 57254
172.22.2.4 - - [15/Sep/2023:06:17:34 -0500] "GET /BLA/boletinlegal/js/jquery.scrollTo-min.js HTTP/1.1" 200 1150
172.22.2.4 - - [15/Sep/2023:06:17:34 -0500] "GET /BLA/boletinlegal/js/jquery.scrollShow.js HTTP/1.1" 200 4586
172.22.2.4 - - [15/Sep/2023:06:17:34 -0500] "GET /BLA/boletinlegal/images/cabezote%20BLEGAL.jpg HTTP/1.1" 200 118164
172.22.2.4 - - [15/Sep/2023:06:17:34 -0500] "GET /BLA/boletinlegal/images/screen_1.png HTTP/1.1" 200 202547
172.22.2.4 - - [15/Sep/2023:06:17:34 -0500] "GET /BLA/boletinlegal/images/subscribe-icon-big.png HTTP/1.1" 200 47702
172.22.2.4 - - [15/Sep/2023:06:17:34 -0500] "GET /BLA/boletinlegal/images/historia.png HTTP/1.1" 200 52775
172.22.2.4 - - [15/Sep/2023:06:17:34 -0500] "GET /BLA/boletinlegal/images/registro-usuarios.png HTTP/1.1" 200 8106
172.22.2.4 - - [15/Sep/2023:06:17:34 -0500] "GET /BLA/boletinlegal/images/arr_l.jpg HTTP/1.1" 200 1979
172.22.2.4 - - [15/Sep/2023:06:17:34 -0500] "GET /BLA/boletinlegal/images/launch.jpg HTTP/1.1" 200 14577
172.22.2.4 - - [15/Sep/2023:06:17:34 -0500] "GET /BLA/boletinlegal/images/body_bg.jpg HTTP/1.1" 200 1601
172.22.2.4 - - [15/Sep/2023:06:17:34 -0500] "GET /BLA/boletinlegal/images/menu_lft.gif HTTP/1.1" 200 1713
172.22.2.4 - - [15/Sep/2023:06:17:34 -0500] "GET /BLA/boletinlegal/images/menu_rght.gif HTTP/1.1" 200 1627
172.22.2.4 - - [15/Sep/2023:06:17:34 -0500] "GET /BLA/boletinlegal/images/bg_top.jpg HTTP/1.1" 200 522
172.22.2.4 - - [15/Sep/2023:06:17:34 -0500] "GET /BLA/boletinlegal/images/menu_bg.jpg HTTP/1.1" 200 620
172.22.2.4 - - [15/Sep/2023:06:17:34 -0500] "GET /BLA/boletinlegal/images/hover.jpg HTTP/1.1" 200 640
172.22.2.4 - - [15/Sep/2023:06:17:34 -0500] "GET /BLA/boletinlegal/images/text.jpg HTTP/1.1" 200 568
201.245.192.253 - - [15/Sep/2023:06:17:57 -0500] "POST /kwsrmcab/Wsrmcab  HTTP/1.1" 200 213
172.22.2.4 - - [15/Sep/2023:06:17:34 -0500] "GET /BLA/boletinlegal/ HTTP/1.1" 200 24523
172.22.2.4 - - [15/Sep/2023:06:18:16 -0500] "GET /BLA/boletinlegal/images/screen_2.png HTTP/1.1" 200 362502
172.22.2.4 - - [15/Sep/2023:06:18:16 -0500] "GET /BLA/boletinlegal/images/screen_3.png HTTP/1.1" 200 210620
172.22.2.4 - - [15/Sep/2023:06:18:16 -0500] "GET /BLA/boletinlegal/images/screen_5.png HTTP/1.1" 200 368876
172.22.2.4 - - [15/Sep/2023:06:18:16 -0500] "GET /BLA/boletinlegal/images/arr_r.jpg HTTP/1.1" 200 1998
172.22.2.4 - - [15/Sep/2023:06:18:16 -0500] "GET /BLA/boletinlegal/images/footer_bg.jpg HTTP/1.1" 200 586
201.245.192.253 - - [15/Sep/2023:06:18:17 -0500] "POST /kwsrmcab/Wsrmcab HTTP/1.1" 200 42232
172.22.2.4 - - [15/Sep/2023:06:17:39 -0500] "GET /BLA/boletinlegal/ HTTP/1.1" 200 24523
201.245.192.253 - - [15/Sep/2023:06:18:20 -0500] "POST /kwsrmcab/Wsrmcab HTTP/1.1" 200 38918
201.245.192.253 - - [15/Sep/2023:06:18:26 -0500] "POST /forms/lservlet;jsessionid=ac16012b30d6d19c31849e654dd38cb0cf62d49b9509.e3iSbxaKaheRe34Pbx8Nc3aQci1ynknvrkLOlQzNp65In0 HTTP/1.1" 200 2
172.22.2.4 - - [15/Sep/2023:06:18:05 -0500] "GET /BLA/boletinlegal/ HTTP/1.1" 200 32715
52.167.144.205 - - [15/Sep/2023:06:19:12 -0500] "GET /portaldeninos/ HTTP/1.1" 200 110175
201.245.192.253 - - [15/Sep/2023:06:19:32 -0500] "POST /forms/lservlet;jsessionid=ac16012b30d63d978f376e20424bb3f6ff930e63d6af.e3iSbxaKaheRe34Pbx8Nc3aQci1ynknvrkLOlQzNp65In0 HTTP/1.1" 200 2
201.245.192.253 - - [15/Sep/2023:06:20:26 -0500] "POST /forms/lservlet;jsessionid=ac16012b30d6d19c31849e654dd38cb0cf62d49b9509.e3iSbxaKaheRe34Pbx8Nc3aQci1ynknvrkLOlQzNp65In0 HTTP/1.1" 200 2
201.245.192.253 - - [15/Sep/2023:06:21:32 -0500] "POST /forms/lservlet;jsessionid=ac16012b30d63d978f376e20424bb3f6ff930e63d6af.e3iSbxaKaheRe34Pbx8Nc3aQci1ynknvrkLOlQzNp65In0 HTTP/1.1" 200 2
172.22.2.4 - - [15/Sep/2023:06:20:32 -0500] "HEAD /BLA/boletinlegal/ HTTP/1.1" 200 -
216.245.221.92 - - [15/Sep/2023:06:22:22 -0500] "HEAD / HTTP/1.1" 200 -
201.245.192.253 - - [15/Sep/2023:06:22:26 -0500] "POST /forms/lservlet;jsessionid=ac16012b30d6d19c31849e654dd38cb0cf62d49b9509.e3iSbxaKaheRe34Pbx8Nc3aQci1ynknvrkLOlQzNp65In0 HTTP/1.1" 200 2
201.245.192.253 - - [15/Sep/2023:06:22:56 -0500] "POST /kwsrmcab/Wsrmcab  HTTP/1.1" 200 213
172.22.2.4 - - [15/Sep/2023:06:21:23 -0500] "GET /BLA/boletinlegal/ HTTP/1.1" 200 58187
201.245.192.253 - - [15/Sep/2023:06:23:32 -0500] "POST /forms/lservlet;jsessionid=ac16012b30d63d978f376e20424bb3f6ff930e63d6af.e3iSbxaKaheRe34Pbx8Nc3aQci1ynknvrkLOlQzNp65In0 HTTP/1.1" 200 2
172.22.2.4 - - [15/Sep/2023:06:23:48 -0500] "GET /BLA/boletinlegal/Directivas/2018/Directiva%20No.%2024%20del%2027%20de%20diciembre%20de%202018.pdf HTTP/1.1" 304 -
66.249.70.198 - - [15/Sep/2023:06:24:06 -0500] "GET /resoluciones/RESOLUCIONES%202009/1584.pdf HTTP/1.1" 404 1018
66.249.70.197 - - [15/Sep/2023:06:24:14 -0500] "GET /BLA/resoluciones/RESOLUCIONES%202009/1800.pdf HTTP/1.1" 200 770609
201.245.192.253 - - [15/Sep/2023:06:24:26 -0500] "POST /forms/lservlet;jsessionid=ac16012b30d6d19c31849e654dd38cb0cf62d49b9509.e3iSbxaKaheRe34Pbx8Nc3aQci1ynknvrkLOlQzNp65In0 HTTP/1.1" 200 2
201.245.192.253 - - [15/Sep/2023:06:25:32 -0500] "POST /forms/lservlet;jsessionid=ac16012b30d63d978f376e20424bb3f6ff930e63d6af.e3iSbxaKaheRe34Pbx8Nc3aQci1ynknvrkLOlQzNp65In0 HTTP/1.1" 200 2
201.245.192.253 - - [15/Sep/2023:06:26:26 -0500] "POST /forms/lservlet;jsessionid=ac16012b30d6d19c31849e654dd38cb0cf62d49b9509.e3iSbxaKaheRe34Pbx8Nc3aQci1ynknvrkLOlQzNp65In0 HTTP/1.1" 200 2
52.167.144.138 - - [15/Sep/2023:06:27:08 -0500] "GET /BLA/resoluciones/AUTOS%202022/0243.pdf HTTP/1.1" 200 355655
216.245.221.92 - - [15/Sep/2023:06:27:22 -0500] "HEAD / HTTP/1.1" 200 -
201.245.192.253 - - [15/Sep/2023:06:27:32 -0500] "POST /forms/lservlet;jsessionid=ac16012b30d63d978f376e20424bb3f6ff930e63d6af.e3iSbxaKaheRe34Pbx8Nc3aQci1ynknvrkLOlQzNp65In0 HTTP/1.1" 200 2
66.249.70.196 - - [15/Sep/2023:06:27:43 -0500] "GET /BLA/resoluciones/RESOLUCIONES%202011/3772.pdf HTTP/1.1" 200 688124
201.245.192.253 - - [15/Sep/2023:06:27:56 -0500] "POST /kwsrmcab/Wsrmcab  HTTP/1.1" 200 213
172.22.2.4 - - [15/Sep/2023:06:26:22 -0500] "HEAD /BLA/boletinlegal/ HTTP/1.1" 200 -
201.245.192.253 - - [15/Sep/2023:06:28:17 -0500] "POST /kwsrmcab/Wsrmcab HTTP/1.1" 200 42232
201.245.192.253 - - [15/Sep/2023:06:28:20 -0500] "POST /kwsrmcab/Wsrmcab HTTP/1.1" 200 38918
201.245.192.253 - - [15/Sep/2023:06:28:26 -0500] "POST /forms/lservlet;jsessionid=ac16012b30d6d19c31849e654dd38cb0cf62d49b9509.e3iSbxaKaheRe34Pbx8Nc3aQci1ynknvrkLOlQzNp65In0 HTTP/1.1" 200 2
172.22.2.4 - - [15/Sep/2023:06:27:13 -0500] "GET /BLA/boletinlegal/ HTTP/1.1" 200 58187
201.245.192.253 - - [15/Sep/2023:06:29:32 -0500] "POST /forms/lservlet;jsessionid=ac16012b30d63d978f376e20424bb3f6ff930e63d6af.e3iSbxaKaheRe34Pbx8Nc3aQci1ynknvrkLOlQzNp65In0 HTTP/1.1" 200 2
66.249.70.197 - - [15/Sep/2023:06:29:34 -0500] "GET /BLA/resoluciones/RESOLUCIONES%202009/6227.pdf HTTP/1.1" 200 1128167
201.245.192.253 - - [15/Sep/2023:06:30:26 -0500] "POST /forms/lservlet;jsessionid=ac16012b30d6d19c31849e654dd38cb0cf62d49b9509.e3iSbxaKaheRe34Pbx8Nc3aQci1ynknvrkLOlQzNp65In0 HTTP/1.1" 200 2
66.249.70.196 - - [15/Sep/2023:06:31:17 -0500] "GET /BLA/resoluciones/RESOLUCIONES%202010/3411.pdf HTTP/1.1" 200 317124
201.245.192.253 - - [15/Sep/2023:06:31:32 -0500] "POST /forms/lservlet;jsessionid=ac16012b30d63d978f376e20424bb3f6ff930e63d6af.e3iSbxaKaheRe34Pbx8Nc3aQci1ynknvrkLOlQzNp65In0 HTTP/1.1" 200 2
216.245.221.92 - - [15/Sep/2023:06:32:22 -0500] "HEAD / HTTP/1.1" 200 -
201.245.192.253 - - [15/Sep/2023:06:32:26 -0500] "POST /forms/lservlet;jsessionid=ac16012b30d6d19c31849e654dd38cb0cf62d49b9509.e3iSbxaKaheRe34Pbx8Nc3aQci1ynknvrkLOlQzNp65In0 HTTP/1.1" 200 2
201.245.192.253 - - [15/Sep/2023:06:32:55 -0500] "POST /kwsrmcab/Wsrmcab  HTTP/1.1" 200 213
66.249.70.198 - - [15/Sep/2023:06:33:12 -0500] "GET /BLA/resoluciones/AUTOS%202012/2827.pdf HTTP/1.1" 200 418727
201.245.192.253 - - [15/Sep/2023:06:33:32 -0500] "POST /forms/lservlet;jsessionid=ac16012b30d63d978f376e20424bb3f6ff930e63d6af.e3iSbxaKaheRe34Pbx8Nc3aQci1ynknvrkLOlQzNp65In0 HTTP/1.1" 200 2
172.22.2.4 - - [15/Sep/2023:06:32:12 -0500] "HEAD /BLA/boletinlegal/ HTTP/1.1" 200 -
201.245.192.253 - - [15/Sep/2023:06:34:26 -0500] "POST /forms/lservlet;jsessionid=ac16012b30d6d19c31849e654dd38cb0cf62d49b9509.e3iSbxaKaheRe34Pbx8Nc3aQci1ynknvrkLOlQzNp65In0 HTTP/1.1" 200 2
172.22.2.4 - - [15/Sep/2023:06:33:03 -0500] "GET /BLA/boletinlegal/ HTTP/1.1" 200 60342
201.221.172.1 - - [15/Sep/2023:06:35:18 -0500] "GET /sipse/faces/index.xhtml HTTP/1.1" 200 677
201.221.172.1 - - [15/Sep/2023:06:35:18 -0500] "GET /sipse/faces/javax.faces.resource/theme.css?ln=primefaces-sipse HTTP/1.1" 304 -
201.221.172.1 - - [15/Sep/2023:06:35:18 -0500] "GET /sipse/faces/faces/autenticacion.xhtml HTTP/1.1" 200 12184
201.221.172.1 - - [15/Sep/2023:06:35:18 -0500] "GET /sipse/faces/javax.faces.resource/primefaces.css?ln=primefaces&v=4.0 HTTP/1.1" 304 -
201.221.172.1 - - [15/Sep/2023:06:35:18 -0500] "GET /sipse/css/custom_css_sg.css HTTP/1.1" 200 9694
201.221.172.1 - - [15/Sep/2023:06:35:18 -0500] "GET /sipse/faces/javax.faces.resource/layout/layout.css?ln=primefaces&v=4.0 HTTP/1.1" 304 -
201.221.172.1 - - [15/Sep/2023:06:35:18 -0500] "GET /sipse/faces/javax.faces.resource/jquery/jquery.js?ln=primefaces&v=4.0 HTTP/1.1" 304 -
201.221.172.1 - - [15/Sep/2023:06:35:18 -0500] "GET /sipse/faces/javax.faces.resource/layout/layout.js?ln=primefaces&v=4.0 HTTP/1.1" 304 -
201.221.172.1 - - [15/Sep/2023:06:35:18 -0500] "GET /sipse/faces/javax.faces.resource/jquery/jquery-plugins.js?ln=primefaces&v=4.0 HTTP/1.1" 304 -
201.221.172.1 - - [15/Sep/2023:06:35:18 -0500] "GET /sipse/faces/javax.faces.resource/primefaces.js?ln=primefaces&v=4.0 HTTP/1.1" 304 -
201.221.172.1 - - [15/Sep/2023:06:35:18 -0500] "GET /sipse/css/custom_css_sg_prime_login.css HTTP/1.1" 200 443
201.221.172.1 - - [15/Sep/2023:06:35:18 -0500] "GET /sipse/js/disable_browser_buttons.js HTTP/1.1" 200 3230
201.221.172.1 - - [15/Sep/2023:06:35:18 -0500] "GET /sipse/faces/javax.faces.resource/theme.css?ln=primefaces-sipse HTTP/1.1" 304 -
201.221.172.1 - - [15/Sep/2023:06:35:18 -0500] "GET /sipse/js/funciones.js HTTP/1.1" 200 12592
201.221.172.1 - - [15/Sep/2023:06:35:18 -0500] "GET /sipse/faces/javax.faces.resource/images/ui-icons_898989_256x240.png?ln=primefaces-aristo HTTP/1.1" 200 5355
201.221.172.1 - - [15/Sep/2023:06:35:18 -0500] "GET /sipse/css/imagen/loginimg.png HTTP/1.1" 200 71635
201.221.172.1 - - [15/Sep/2023:06:35:18 -0500] "GET /sipse/css/imagen/logoSDG.png HTTP/1.1" 200 53064
201.221.172.1 - - [15/Sep/2023:06:35:25 -0500] "POST /sipse/faces/autenticacion.xhtml HTTP/1.1" 200 2217
201.221.172.1 - - [15/Sep/2023:06:35:25 -0500] "GET /sipse/faces/javax.faces.resource/messages/messages.png?ln=primefaces&v=4.0 HTTP/1.1" 304 -
201.221.172.1 - - [15/Sep/2023:06:35:26 -0500] "POST /sipse/faces/autenticacion.xhtml HTTP/1.1" 200 16351
201.221.172.1 - - [15/Sep/2023:06:35:27 -0500] "GET /sipse/css/custom_css_sg_prime.css HTTP/1.1" 200 5201
201.221.172.1 - - [15/Sep/2023:06:35:27 -0500] "GET /sipse/js/jquery.min.js HTTP/1.1" 200 85582
201.221.172.1 - - [15/Sep/2023:06:35:27 -0500] "GET /sipse/faces/javax.faces.resource/jquery/jquery.js?ln=primefaces&v=4.0 HTTP/1.1" 304 -
201.221.172.1 - - [15/Sep/2023:06:35:27 -0500] "GET /sipse/faces/javax.faces.resource/jquery/jquery-plugins.js?ln=primefaces&v=4.0 HTTP/1.1" 304 -
201.221.172.1 - - [15/Sep/2023:06:35:27 -0500] "GET /sipse/faces/javax.faces.resource/primefaces.js?ln=primefaces&v=4.0 HTTP/1.1" 304 -
201.221.172.1 - - [15/Sep/2023:06:35:27 -0500] "GET /sipse/faces/javax.faces.resource/layout/layout.js?ln=primefaces&v=4.0 HTTP/1.1" 304 -
201.221.172.1 - - [15/Sep/2023:06:35:27 -0500] "GET /sipse/css/v_mergente.css HTTP/1.1" 200 1505
201.221.172.1 - - [15/Sep/2023:06:35:27 -0500] "GET /sipse/imagenes/cargando.gif HTTP/1.1" 200 36959
201.221.172.1 - - [15/Sep/2023:06:35:27 -0500] "GET /sipse/css/imagen/contrasena.png HTTP/1.1" 404 383
201.221.172.1 - - [15/Sep/2023:06:35:27 -0500] "GET /sipse/imagenes/logoAplicacion.jpg HTTP/1.1" 200 155084
201.221.172.1 - - [15/Sep/2023:06:35:29 -0500] "GET /sipse/faces/javax.faces.resource/images/ui-bg_flat_0_2d5972_40x100.png?ln=primefaces-aristo HTTP/1.1" 304 -
201.221.172.1 - - [15/Sep/2023:06:35:29 -0500] "POST /sipse/faces/bienvenido.xhtml HTTP/1.1" 200 2658
201.221.172.1 - - [15/Sep/2023:06:35:29 -0500] "POST /sipse/faces/bienvenido.xhtml HTTP/1.1" 200 64045
201.221.172.1 - - [15/Sep/2023:06:35:30 -0500] "GET /sipse/faces/javax.faces.resource/jquery/jquery.js?ln=primefaces&v=4.0 HTTP/1.1" 304 -
201.221.172.1 - - [15/Sep/2023:06:35:30 -0500] "GET /sipse/faces/javax.faces.resource/jquery/jquery-plugins.js?ln=primefaces&v=4.0 HTTP/1.1" 304 -
201.221.172.1 - - [15/Sep/2023:06:35:30 -0500] "GET /sipse/faces/javax.faces.resource/primefaces.js?ln=primefaces&v=4.0 HTTP/1.1" 304 -
201.221.172.1 - - [15/Sep/2023:06:35:30 -0500] "GET /sipse/faces/javax.faces.resource/layout/layout.js?ln=primefaces&v=4.0 HTTP/1.1" 304 -
201.221.172.1 - - [15/Sep/2023:06:35:30 -0500] "POST /sipse/faces/presentacion/financiero/solicitudProceso/listarSolicitudProceso.xhtml HTTP/1.1" 200 1552
201.245.192.253 - - [15/Sep/2023:06:35:32 -0500] "POST /forms/lservlet;jsessionid=ac16012b30d63d978f376e20424bb3f6ff930e63d6af.e3iSbxaKaheRe34Pbx8Nc3aQci1ynknvrkLOlQzNp65In0 HTTP/1.1" 200 2
201.221.172.1 - - [15/Sep/2023:06:35:33 -0500] "POST /sipse/faces/presentacion/financiero/solicitudProceso/listarSolicitudProceso.xhtml HTTP/1.1" 200 46422
201.221.172.1 - - [15/Sep/2023:06:35:33 -0500] "POST /sipse/faces/presentacion/financiero/solicitudProceso/listarSolicitudProceso.xhtml HTTP/1.1" 200 1556
201.221.172.1 - - [15/Sep/2023:06:35:34 -0500] "POST /sipse/faces/presentacion/financiero/solicitudProceso/listarSolicitudProceso.xhtml HTTP/1.1" 200 30696
201.221.172.1 - - [15/Sep/2023:06:35:34 -0500] "POST /sipse/faces/presentacion/financiero/solicitudProceso/listarSolicitudProceso.xhtml HTTP/1.1" 200 42778
66.249.70.197 - - [15/Sep/2023:06:35:38 -0500] "GET /BLA/resoluciones/RESOLUCIONES%202009/3449.pdf HTTP/1.1" 200 458060
201.221.172.1 - - [15/Sep/2023:06:35:37 -0500] "POST /sipse/faces/presentacion/financiero/solicitudProceso/listarSolicitudProceso.xhtml HTTP/1.1" 200 129880
201.221.172.1 - - [15/Sep/2023:06:35:38 -0500] "GET /sipse/faces/javax.faces.resource/jquery/jquery.js?ln=primefaces&v=4.0 HTTP/1.1" 304 -
201.221.172.1 - - [15/Sep/2023:06:35:38 -0500] "GET /sipse/faces/javax.faces.resource/jquery/jquery-plugins.js?ln=primefaces&v=4.0 HTTP/1.1" 304 -
201.221.172.1 - - [15/Sep/2023:06:35:38 -0500] "GET /sipse/faces/javax.faces.resource/primefaces.js?ln=primefaces&v=4.0 HTTP/1.1" 304 -
201.221.172.1 - - [15/Sep/2023:06:35:38 -0500] "GET /sipse/faces/javax.faces.resource/layout/layout.js?ln=primefaces&v=4.0 HTTP/1.1" 304 -
201.245.192.253 - - [15/Sep/2023:06:36:26 -0500] "POST /forms/lservlet;jsessionid=ac16012b30d6d19c31849e654dd38cb0cf62d49b9509.e3iSbxaKaheRe34Pbx8Nc3aQci1ynknvrkLOlQzNp65In0 HTTP/1.1" 200 2
61.135.159.136 - - [15/Sep/2023:06:36:41 -0500] "GET / HTTP/1.1" 200 319
172.22.2.4 - - [15/Sep/2023:06:36:42 -0500] "GET /BLA/boletinlegal/actos.php HTTP/1.1" 200 9682
172.22.2.4 - - [15/Sep/2023:06:37:17 -0500] "GET /BLA/boletinlegal/favicon.ico HTTP/1.1" 404 1326
216.245.221.92 - - [15/Sep/2023:06:37:22 -0500] "HEAD / HTTP/1.1" 200 -
201.245.192.253 - - [15/Sep/2023:06:37:32 -0500] "POST /forms/lservlet;jsessionid=ac16012b30d63d978f376e20424bb3f6ff930e63d6af.e3iSbxaKaheRe34Pbx8Nc3aQci1ynknvrkLOlQzNp65In0 HTTP/1.1" 200 2
201.245.192.253 - - [15/Sep/2023:06:37:54 -0500] "POST /kwsrmcab/Wsrmcab  HTTP/1.1" 200 213
66.249.70.197 - - [15/Sep/2023:06:37:59 -0500] "GET /BLA/resoluciones/AUTOS%202008/1818.pdf HTTP/1.1" 200 144095
172.22.2.4 - - [15/Sep/2023:06:38:05 -0500] "GET /BLA/boletinlegal/jurisprudencia/analisis/AnalisisC-746-12.docx HTTP/1.1" 304 -
181.57.120.177 - - [15/Sep/2023:06:38:07 -0500] "GET / HTTP/1.1" 200 4720
181.57.120.177 - - [15/Sep/2023:06:38:07 -0500] "GET /js/url.js HTTP/1.1" 404 1294
181.57.120.177 - - [15/Sep/2023:06:38:07 -0500] "GET /css/bootstrap.min.css HTTP/1.1" 200 178212
181.57.120.177 - - [15/Sep/2023:06:38:07 -0500] "GET /fonts/icomoon/style.css HTTP/1.1" 200 79820
181.57.120.177 - - [15/Sep/2023:06:38:07 -0500] "GET /css/style.css HTTP/1.1" 200 3473
181.57.120.177 - - [15/Sep/2023:06:38:07 -0500] "GET /favicon.ico HTTP/1.1" 404 1294
201.245.192.253 - - [15/Sep/2023:06:38:17 -0500] "POST /kwsrmcab/Wsrmcab HTTP/1.1" 200 42232
201.245.192.253 - - [15/Sep/2023:06:38:20 -0500] "POST /kwsrmcab/Wsrmcab HTTP/1.1" 200 38918
201.245.192.253 - - [15/Sep/2023:06:38:26 -0500] "POST /forms/lservlet;jsessionid=ac16012b30d6d19c31849e654dd38cb0cf62d49b9509.e3iSbxaKaheRe34Pbx8Nc3aQci1ynknvrkLOlQzNp65In0 HTTP/1.1" 200 2
216.244.66.195 - - [15/Sep/2023:06:38:42 -0500] "GET /BLA/resoluciones/AUTOS%202020/0386.pdf HTTP/1.1" 200 1496028
216.244.66.195 - - [15/Sep/2023:06:39:12 -0500] "GET /BLA/resoluciones/AUTOS%202020/0499.pdf HTTP/1.1" 200 392761
201.245.192.253 - - [15/Sep/2023:06:39:32 -0500] "POST /forms/lservlet;jsessionid=ac16012b30d63d978f376e20424bb3f6ff930e63d6af.e3iSbxaKaheRe34Pbx8Nc3aQci1ynknvrkLOlQzNp65In0 HTTP/1.1" 200 2
172.22.2.4 - - [15/Sep/2023:06:38:02 -0500] "HEAD /BLA/boletinlegal/ HTTP/1.1" 200 -
216.244.66.195 - - [15/Sep/2023:06:39:58 -0500] "GET /BLA/resoluciones/AUTOS%202020/1556.pdf HTTP/1.1" 200 1506721
181.57.120.177 - - [15/Sep/2023:06:40:08 -0500] "POST /procesar.php HTTP/1.1" 200 1069
201.245.192.253 - - [15/Sep/2023:06:40:26 -0500] "POST /forms/lservlet;jsessionid=ac16012b30d6d19c31849e654dd38cb0cf62d49b9509.e3iSbxaKaheRe34Pbx8Nc3aQci1ynknvrkLOlQzNp65In0 HTTP/1.1" 200 2
172.22.2.4 - - [15/Sep/2023:06:38:53 -0500] "GET /BLA/boletinlegal/ HTTP/1.1" 200 58187
216.244.66.195 - - [15/Sep/2023:06:40:48 -0500] "GET /BLA/resoluciones/AUTOS%202020/2906.pdf HTTP/1.1" 200 380382
181.57.120.177 - - [15/Sep/2023:06:41:16 -0500] "GET /decision-de-frenar-obras-en-el-zuque-es-caprichosa-y-priva-a-la-ciudadania-de-conocer-y-preservar-los-cerros-orientales-urrutia-secretaria-de-ambiente.html HTTP/1.1" 206 1018
66.249.70.196 - - [15/Sep/2023:06:41:17 -0500] "GET /resoluciones/RESOLUCIONES%202009/1148.pdf HTTP/1.1" 404 1018
201.245.192.253 - - [15/Sep/2023:06:41:32 -0500] "POST /forms/lservlet;jsessionid=ac16012b30d63d978f376e20424bb3f6ff930e63d6af.e3iSbxaKaheRe34Pbx8Nc3aQci1ynknvrkLOlQzNp65In0 HTTP/1.1" 200 2
216.244.66.195 - - [15/Sep/2023:06:41:35 -0500] "GET /BLA/resoluciones/AUTOS%202020/3188.pdf HTTP/1.1" 200 417844
172.22.2.4 - - [15/Sep/2023:06:41:48 -0500] "GET /BLA/boletinlegal/actos.php HTTP/1.1" 200 9682
172.22.2.4 - - [15/Sep/2023:06:41:48 -0500] "GET /BLA/boletinlegal/styles2.css HTTP/1.1" 200 1838
172.22.2.4 - - [15/Sep/2023:06:41:48 -0500] "GET /BLA/boletinlegal/js/ajax_actos.js HTTP/1.1" 200 1322
172.22.2.4 - - [15/Sep/2023:06:41:48 -0500] "GET /BLA/boletinlegal/niceforms-default.css HTTP/1.1" 200 6694
172.22.2.4 - - [15/Sep/2023:06:41:48 -0500] "GET /BLA/boletinlegal/style.css HTTP/1.1" 200 9406
172.22.2.4 - - [15/Sep/2023:06:41:49 -0500] "GET /BLA/boletinlegal/niceforms.js HTTP/1.1" 200 22876
172.22.2.4 - - [15/Sep/2023:06:41:49 -0500] "GET /BLA/boletinlegal/js/lib.js HTTP/1.1" 200 6474
172.22.2.4 - - [15/Sep/2023:06:41:49 -0500] "GET /BLA/boletinlegal/js/popup.js HTTP/1.1" 200 1270
172.22.2.4 - - [15/Sep/2023:06:41:49 -0500] "GET /BLA/boletinlegal/js/jquery1.js HTTP/1.1" 200 29846
172.22.2.4 - - [15/Sep/2023:06:41:49 -0500] "GET /BLA/boletinlegal/images/cabezote%20BLEGAL.jpg HTTP/1.1" 200 118164
172.22.2.4 - - [15/Sep/2023:06:41:49 -0500] "GET /BLA/boletinlegal/images/subscribe-icon-big.png HTTP/1.1" 200 47702
172.22.2.4 - - [15/Sep/2023:06:41:49 -0500] "GET /BLA/boletinlegal/images/historia.png HTTP/1.1" 200 52775
172.22.2.4 - - [15/Sep/2023:06:41:49 -0500] "GET /BLA/boletinlegal/images/body_bg.jpg HTTP/1.1" 200 1601
172.22.2.4 - - [15/Sep/2023:06:41:49 -0500] "GET /BLA/boletinlegal/images/footer_bg.jpg HTTP/1.1" 200 586
172.22.2.4 - - [15/Sep/2023:06:41:50 -0500] "GET /BLA/boletinlegal/images/menu_lft.gif HTTP/1.1" 200 1713
172.22.2.4 - - [15/Sep/2023:06:41:50 -0500] "GET /BLA/boletinlegal/images/bg_top.jpg HTTP/1.1" 200 522
172.22.2.4 - - [15/Sep/2023:06:41:50 -0500] "GET /BLA/boletinlegal/images/menu_rght.gif HTTP/1.1" 200 1627
172.22.2.4 - - [15/Sep/2023:06:41:50 -0500] "GET /BLA/boletinlegal/images/menu_bg.jpg HTTP/1.1" 200 620
172.22.2.4 - - [15/Sep/2023:06:41:50 -0500] "GET /BLA/boletinlegal/images/text.jpg HTTP/1.1" 200 568
172.22.2.4 - - [15/Sep/2023:06:41:50 -0500] "GET /BLA/boletinlegal/images/hover.jpg HTTP/1.1" 200 640
172.22.2.4 - - [15/Sep/2023:06:41:50 -0500] "GET /BLA/boletinlegal/images/registro-usuarios.png HTTP/1.1" 200 8106
172.22.2.4 - - [15/Sep/2023:06:41:50 -0500] "GET /BLA/boletinlegal/images/green-yellow-blue-pink-th.png HTTP/1.1" 200 7394
172.22.2.4 - - [15/Sep/2023:06:41:50 -0500] "GET /BLA/boletinlegal/images/tel.png HTTP/1.1" 200 14477
172.22.2.4 - - [15/Sep/2023:06:41:50 -0500] "GET /BLA/boletinlegal/images/icono-email.png HTTP/1.1" 200 5544
172.22.2.4 - - [15/Sep/2023:06:41:50 -0500] "GET /BLA/boletinlegal/images/footer_bg_l.jpg HTTP/1.1" 200 776
172.22.2.4 - - [15/Sep/2023:06:41:51 -0500] "GET /BLA/boletinlegal/img/select-left.png HTTP/1.1" 200 263
172.22.2.4 - - [15/Sep/2023:06:41:51 -0500] "GET /BLA/boletinlegal/img/0.png HTTP/1.1" 200 110
172.22.2.4 - - [15/Sep/2023:06:41:51 -0500] "GET /BLA/boletinlegal/img/select-right.png HTTP/1.1" 200 44019
172.22.2.4 - - [15/Sep/2023:06:41:51 -0500] "GET /BLA/boletinlegal/img/button-left.png HTTP/1.1" 200 57071
172.22.2.4 - - [15/Sep/2023:06:41:51 -0500] "GET /BLA/boletinlegal/favicon.ico HTTP/1.1" 404 1326
172.22.2.4 - - [15/Sep/2023:06:41:51 -0500] "GET /BLA/boletinlegal/img/button.png HTTP/1.1" 200 43241
172.22.2.4 - - [15/Sep/2023:06:41:51 -0500] "GET /BLA/boletinlegal/img/button-right.png HTTP/1.1" 200 57878
172.22.2.4 - - [15/Sep/2023:06:42:19 -0500] "GET /BLA/boletinlegal/consulta_actos.php?tipo=resoluciones&no=&usuario=SEcretaria%20distrital%20de%20ambiente&sector=&fecha=2023&resuelve= HTTP/1.1" 200 21801
172.22.2.4 - - [15/Sep/2023:06:42:19 -0500] "GET /BLA/boletinlegal/images/pdf.gif HTTP/1.1" 200 567
172.22.2.4 - - [15/Sep/2023:06:42:20 -0500] "GET /BLA/boletinlegal/images/background.gif HTTP/1.1" 200 -
216.245.221.92 - - [15/Sep/2023:06:42:22 -0500] "HEAD / HTTP/1.1" 200 -
216.244.66.195 - - [15/Sep/2023:06:42:25 -0500] "GET /BLA/resoluciones/AUTOS%202020/3563.pdf HTTP/1.1" 200 335373
172.22.2.4 - - [15/Sep/2023:06:42:25 -0500] "GET /BLA/boletinlegal/consulta_actos.php?tipo=resoluciones&no=&usuario=&sector=&fecha=2023&resuelve= HTTP/1.1" 200 225582
201.245.192.253 - - [15/Sep/2023:06:42:26 -0500] "POST /forms/lservlet;jsessionid=ac16012b30d6d19c31849e654dd38cb0cf62d49b9509.e3iSbxaKaheRe34Pbx8Nc3aQci1ynknvrkLOlQzNp65In0 HTTP/1.1" 200 2
201.245.192.253 - - [15/Sep/2023:06:42:53 -0500] "POST /kwsrmcab/Wsrmcab  HTTP/1.1" 200 213
199.16.157.182 - - [15/Sep/2023:06:42:57 -0500] "GET /decision-de-frenar-obras-en-el-zuque-es-caprichosa-y-priva-a-la-ciudadania-de-conocer-y-preservar-los-cerros-orientales-urrutia-secretaria-de-ambiente.html HTTP/1.1" 200 1018
199.16.157.181 - - [15/Sep/2023:06:42:57 -0500] "GET /images/Zuque%20(1)%20(1).jpeg HTTP/1.1" 200 66921
199.16.157.182 - - [15/Sep/2023:06:43:01 -0500] "GET /images/Zuque%20(1)%20(1).jpeg HTTP/1.1" 200 66921
216.244.66.195 - - [15/Sep/2023:06:43:03 -0500] "GET /BLA/resoluciones/AUTOS%202020/3962.pdf HTTP/1.1" 200 415095
201.245.192.253 - - [15/Sep/2023:06:43:32 -0500] "POST /forms/lservlet;jsessionid=ac16012b30d63d978f376e20424bb3f6ff930e63d6af.e3iSbxaKaheRe34Pbx8Nc3aQci1ynknvrkLOlQzNp65In0 HTTP/1.1" 200 2
216.244.66.195 - - [15/Sep/2023:06:43:55 -0500] "GET /BLA/resoluciones/AUTOS%202020/3964.pdf HTTP/1.1" 200 429197
201.245.192.253 - - [15/Sep/2023:06:44:26 -0500] "POST /forms/lservlet;jsessionid=ac16012b30d6d19c31849e654dd38cb0cf62d49b9509.e3iSbxaKaheRe34Pbx8Nc3aQci1ynknvrkLOlQzNp65In0 HTTP/1.1" 200 2
216.244.66.195 - - [15/Sep/2023:06:44:38 -0500] "GET /BLA/resoluciones/AUTOS%202020/4374.pdf HTTP/1.1" 200 392954
216.244.66.195 - - [15/Sep/2023:06:45:20 -0500] "GET /BLA/resoluciones/AUTOS%202020/4463.pdf HTTP/1.1" 200 402335
201.245.192.253 - - [15/Sep/2023:06:45:32 -0500] "POST /forms/lservlet;jsessionid=ac16012b30d63d978f376e20424bb3f6ff930e63d6af.e3iSbxaKaheRe34Pbx8Nc3aQci1ynknvrkLOlQzNp65In0 HTTP/1.1" 200 2
172.22.2.4 - - [15/Sep/2023:06:43:52 -0500] "HEAD /BLA/boletinlegal/ HTTP/1.1" 200 -
216.244.66.195 - - [15/Sep/2023:06:46:05 -0500] "GET /BLA/resoluciones/AUTOS%202020/4555.pdf HTTP/1.1" 200 384377
66.249.70.196 - - [15/Sep/2023:06:46:09 -0500] "GET /resoluciones/AUTOS%202007/3760.pdf HTTP/1.1" 404 1018
172.22.2.4 - - [15/Sep/2023:06:44:43 -0500] "GET /BLA/boletinlegal/ HTTP/1.1" 200 60692
201.245.192.253 - - [15/Sep/2023:06:46:26 -0500] "POST /forms/lservlet;jsessionid=ac16012b30d6d19c31849e654dd38cb0cf62d49b9509.e3iSbxaKaheRe34Pbx8Nc3aQci1ynknvrkLOlQzNp65In0 HTTP/1.1" 200 2
216.244.66.195 - - [15/Sep/2023:06:46:49 -0500] "GET /BLA/resoluciones/AUTOS%202020/4568.pdf HTTP/1.1" 200 344680
216.245.221.92 - - [15/Sep/2023:06:47:22 -0500] "HEAD / HTTP/1.1" 200 -
216.244.66.195 - - [15/Sep/2023:06:47:25 -0500] "GET /BLA/resoluciones/AUTOS%202020/4576.pdf HTTP/1.1" 200 354233
201.245.192.253 - - [15/Sep/2023:06:47:32 -0500] "POST /forms/lservlet;jsessionid=ac16012b30d63d978f376e20424bb3f6ff930e63d6af.e3iSbxaKaheRe34Pbx8Nc3aQci1ynknvrkLOlQzNp65In0 HTTP/1.1" 200 2
201.245.192.253 - - [15/Sep/2023:06:47:52 -0500] "POST /kwsrmcab/Wsrmcab  HTTP/1.1" 200 213
216.244.66.195 - - [15/Sep/2023:06:48:03 -0500] "GET /BLA/resoluciones/AUTOS%202020/4592.pdf HTTP/1.1" 200 358344
201.245.192.253 - - [15/Sep/2023:06:48:26 -0500] "POST /forms/lservlet;jsessionid=ac16012b30d6d19c31849e654dd38cb0cf62d49b9509.e3iSbxaKaheRe34Pbx8Nc3aQci1ynknvrkLOlQzNp65In0 HTTP/1.1" 200 2
181.57.120.177 - - [15/Sep/2023:06:48:33 -0500] "GET / HTTP/1.1" 200 4720
181.57.120.177 - - [15/Sep/2023:06:48:34 -0500] "GET /js/url.js HTTP/1.1" 404 1294
216.244.66.195 - - [15/Sep/2023:06:48:34 -0500] "GET /BLA/resoluciones/AUTOS%202020/4781.pdf HTTP/1.1" 200 807087
74.125.213.33 - - [15/Sep/2023:06:48:59 -0500] "GET /galeria/galeria/fotos/Soratama1G.jpg HTTP/1.1" 200 127762
186.29.182.247 - - [15/Sep/2023:06:48:59 -0500] "GET /appsia/controlador HTTP/1.1" 200 4799
186.29.182.247 - - [15/Sep/2023:06:49:00 -0500] "GET /appsia/css/estilos.css HTTP/1.1" 200 4804
186.29.182.247 - - [15/Sep/2023:06:49:00 -0500] "GET /appsia/scripts/validarIngreso.js HTTP/1.1" 200 851
186.29.182.247 - - [15/Sep/2023:06:49:00 -0500] "GET /appsia/images/cabezoteHojaVida.png HTTP/1.1" 200 32493
186.29.182.247 - - [15/Sep/2023:06:49:00 -0500] "GET /appsia/images/logo_bogota_p.png HTTP/1.1" 200 14951
186.29.182.247 - - [15/Sep/2023:06:49:01 -0500] "GET /favicon.ico HTTP/1.1" 200 7782
216.244.66.195 - - [15/Sep/2023:06:49:09 -0500] "GET /BLA/resoluciones/AUTOS%202021/0638.pdf HTTP/1.1" 200 434853
201.245.192.253 - - [15/Sep/2023:06:49:32 -0500] "POST /forms/lservlet;jsessionid=ac16012b30d63d978f376e20424bb3f6ff930e63d6af.e3iSbxaKaheRe34Pbx8Nc3aQci1ynknvrkLOlQzNp65In0 HTTP/1.1" 200 2
216.244.66.195 - - [15/Sep/2023:06:49:47 -0500] "GET /BLA/resoluciones/AUTOS%202021/0823.pdf HTTP/1.1" 200 438342
40.77.167.156 - - [15/Sep/2023:06:50:18 -0500] "GET /Publicaciones/2023EE211188.pdf HTTP/1.1" 200 232017
201.245.192.253 - - [15/Sep/2023:06:50:26 -0500] "POST /forms/lservlet;jsessionid=ac16012b30d6d19c31849e654dd38cb0cf62d49b9509.e3iSbxaKaheRe34Pbx8Nc3aQci1ynknvrkLOlQzNp65In0 HTTP/1.1" 200 2
216.244.66.195 - - [15/Sep/2023:06:50:26 -0500] "GET /BLA/resoluciones/AUTOS%202021/1096.pdf HTTP/1.1" 200 617128
216.244.66.195 - - [15/Sep/2023:06:50:57 -0500] "GET /BLA/resoluciones/AUTOS%202021/1403.pdf HTTP/1.1" 200 383184
199.16.157.181 - - [15/Sep/2023:06:50:59 -0500] "GET /decision-de-frenar-obras-en-el-zuque-es-caprichosa-y-priva-a-la-ciudadania-de-conocer-y-preservar-los-cerros-orientales-urrutia-secretaria-de-ambiente.html HTTP/1.1" 200 1018
199.16.157.183 - - [15/Sep/2023:06:50:59 -0500] "GET /images/Zuque%20(1)%20(1).jpeg HTTP/1.1" 200 66921
52.167.144.218 - - [15/Sep/2023:06:51:12 -0500] "GET /portalsiaccapacitaciones/list.php HTTP/1.1" 200 5422
172.22.2.4 - - [15/Sep/2023:06:49:42 -0500] "HEAD /BLA/boletinlegal/ HTTP/1.1" 200 -
216.244.66.195 - - [15/Sep/2023:06:51:26 -0500] "GET /BLA/resoluciones/AUTOS%202021/1424.pdf HTTP/1.1" 200 357244
201.245.192.253 - - [15/Sep/2023:06:51:32 -0500] "POST /forms/lservlet;jsessionid=ac16012b30d63d978f376e20424bb3f6ff930e63d6af.e3iSbxaKaheRe34Pbx8Nc3aQci1ynknvrkLOlQzNp65In0 HTTP/1.1" 200 2
168.119.76.247 - - [15/Sep/2023:06:51:36 -0500] "GET /robots.txt HTTP/1.1" 404 1034
168.119.76.247 - - [15/Sep/2023:06:51:36 -0500] "GET /decision-de-frenar-obras-en-el-zuque-es-caprichosa-y-priva-a-la-ciudadania-de-conocer-y-preservar-los-cerros-orientales-urrutia-secretaria-de-ambiente.html HTTP/1.1" 200 1018
216.244.66.195 - - [15/Sep/2023:06:51:55 -0500] "GET /BLA/resoluciones/AUTOS%202021/1855.pdf HTTP/1.1" 200 335202
172.22.2.4 - - [15/Sep/2023:06:50:33 -0500] "GET /BLA/boletinlegal/ HTTP/1.1" 200 58187
172.22.2.4 - - [15/Sep/2023:06:52:22 -0500] "GET /BLA/boletinlegal/Directivas/2018/Directiva%20No.%2024%20del%2027%20de%20diciembre%20de%202018.pdf HTTP/1.1" 200 575948
216.245.221.92 - - [15/Sep/2023:06:52:22 -0500] "HEAD / HTTP/1.1" 200 -
186.31.99.58 - - [15/Sep/2023:06:52:23 -0500] "GET /decision-de-frenar-obras-en-el-zuque-es-caprichosa-y-priva-a-la-ciudadania-de-conocer-y-preservar-los-cerros-orientales-urrutia-secretaria-de-ambiente.html HTTP/1.1" 200 1018
216.244.66.195 - - [15/Sep/2023:06:52:25 -0500] "GET /BLA/resoluciones/AUTOS%202021/2044.pdf HTTP/1.1" 200 350836
66.249.70.196 - - [15/Sep/2023:06:52:25 -0500] "GET /BLA/resoluciones/RESOLUCIONES%202008/2937.pdf HTTP/1.1" 200 201702
201.245.192.253 - - [15/Sep/2023:06:52:26 -0500] "POST /forms/lservlet;jsessionid=ac16012b30d6d19c31849e654dd38cb0cf62d49b9509.e3iSbxaKaheRe34Pbx8Nc3aQci1ynknvrkLOlQzNp65In0 HTTP/1.1" 200 2
52.167.144.218 - - [15/Sep/2023:06:52:34 -0500] "GET /BLA/resoluciones/AUTOS%202013/1613.pdf HTTP/1.1" 304 -
216.244.66.195 - - [15/Sep/2023:06:52:51 -0500] "GET /BLA/resoluciones/AUTOS%202021/2084.pdf HTTP/1.1" 200 356200
201.245.192.253 - - [15/Sep/2023:06:52:51 -0500] "POST /kwsrmcab/Wsrmcab  HTTP/1.1" 200 213
181.53.12.84 - - [15/Sep/2023:06:53:02 -0500] "GET /decision-de-frenar-obras-en-el-zuque-es-caprichosa-y-priva-a-la-ciudadania-de-conocer-y-preservar-los-cerros-orientales-urrutia-secretaria-de-ambiente.html HTTP/1.1" 200 1018
191.156.46.249 - - [15/Sep/2023:06:53:11 -0500] "GET /decision-de-frenar-obras-en-el-zuque-es-caprichosa-y-priva-a-la-ciudadania-de-conocer-y-preservar-los-cerros-orientales-urrutia-secretaria-de-ambiente.html HTTP/1.1" 200 1018
201.245.192.253 - - [15/Sep/2023:06:53:32 -0500] "POST /forms/lservlet;jsessionid=ac16012b30d63d978f376e20424bb3f6ff930e63d6af.e3iSbxaKaheRe34Pbx8Nc3aQci1ynknvrkLOlQzNp65In0 HTTP/1.1" 200 2
201.245.192.253 - - [15/Sep/2023:06:54:26 -0500] "POST /forms/lservlet;jsessionid=ac16012b30d6d19c31849e654dd38cb0cf62d49b9509.e3iSbxaKaheRe34Pbx8Nc3aQci1ynknvrkLOlQzNp65In0 HTTP/1.1" 200 2
173.252.107.2 - - [15/Sep/2023:06:54:34 -0500] "GET /decision-de-fr HTTP/1.1" 404 1034
173.252.107.117 - - [15/Sep/2023:06:54:35 -0500] "GET /decision-de-fr HTTP/1.1" 404 1034
69.171.249.12 - - [15/Sep/2023:06:54:36 -0500] "GET /decision-de-fr HTTP/1.1" 404 1034
199.16.157.181 - - [15/Sep/2023:06:54:43 -0500] "GET /images/presentaci%C3%B3n%20convenci%C3%B3n.jpg HTTP/1.1" 404 1034
200.118.16.1 - - [15/Sep/2023:06:55:03 -0500] "GET /decision-de-frenar-obras-en-el-zuque-es-caprichosa-y-priva-a-la-ciudadania-de-conocer-y-preservar-los-cerros-orientales-urrutia-secretaria-de-ambiente.html HTTP/1.1" 200 1018
201.245.192.253 - - [15/Sep/2023:06:55:32 -0500] "POST /forms/lservlet;jsessionid=ac16012b30d63d978f376e20424bb3f6ff930e63d6af.e3iSbxaKaheRe34Pbx8Nc3aQci1ynknvrkLOlQzNp65In0 HTTP/1.1" 200 2
201.245.192.253 - - [15/Sep/2023:06:56:26 -0500] "POST /forms/lservlet;jsessionid=ac16012b30d6d19c31849e654dd38cb0cf62d49b9509.e3iSbxaKaheRe34Pbx8Nc3aQci1ynknvrkLOlQzNp65In0 HTTP/1.1" 200 2
172.22.2.4 - - [15/Sep/2023:06:55:32 -0500] "HEAD /BLA/boletinlegal/ HTTP/1.1" 200 -
191.156.46.245 - - [15/Sep/2023:06:57:15 -0500] "GET /decision-de-frenar-obras-en-el-zuque-es-caprichosa-y-priva-a-la-ciudadania-de-conocer-y-preservar-los-cerros-orientales-urrutia-secretaria-de-ambiente.html HTTP/1.1" 304 -
216.245.221.92 - - [15/Sep/2023:06:57:22 -0500] "HEAD / HTTP/1.1" 200 -
17.241.75.87 - - [15/Sep/2023:06:57:27 -0500] "GET /decision-de-frenar-obras-en-el-zuque-es-caprichosa-y-priva-a-la-ciudadania-de-conocer-y-preservar-los-cerros-orientales-urrutia-secretaria-de-ambiente.html HTTP/1.1" 200 1018
201.245.192.253 - - [15/Sep/2023:06:57:32 -0500] "POST /forms/lservlet;jsessionid=ac16012b30d63d978f376e20424bb3f6ff930e63d6af.e3iSbxaKaheRe34Pbx8Nc3aQci1ynknvrkLOlQzNp65In0 HTTP/1.1" 200 2
216.244.66.195 - - [15/Sep/2023:06:57:33 -0500] "GET /robots.txt HTTP/1.1" 404 1018
109.237.98.53 - - [15/Sep/2023:06:57:44 -0500] "GET /portaldeninos/ HTTP/1.1" 200 110179
201.245.192.253 - - [15/Sep/2023:06:57:49 -0500] "POST /kwsrmcab/Wsrmcab  HTTP/1.1" 200 213
172.22.2.4 - - [15/Sep/2023:06:56:23 -0500] "GET /BLA/boletinlegal/ HTTP/1.1" 200 58597
173.252.83.116 - - [15/Sep/2023:06:58:13 -0500] "GET /decision-de-fr HTTP/1.1" 404 1034
173.252.107.116 - - [15/Sep/2023:06:58:18 -0500] "GET /decision-de-fr HTTP/1.1" 404 1034
173.252.107.5 - - [15/Sep/2023:06:58:18 -0500] "GET /decision-de-fr HTTP/1.1" 404 1034
18.210.147.12 - - [15/Sep/2023:06:58:18 -0500] "HEAD /decision-de-fr HTTP/1.1" 404 -
18.210.147.12 - - [15/Sep/2023:06:58:19 -0500] "HEAD /decision-de-fr HTTP/1.1" 404 -
201.245.192.253 - - [15/Sep/2023:06:58:26 -0500] "POST /forms/lservlet;jsessionid=ac16012b30d6d19c31849e654dd38cb0cf62d49b9509.e3iSbxaKaheRe34Pbx8Nc3aQci1ynknvrkLOlQzNp65In0 HTTP/1.1" 200 2
173.252.79.120 - - [15/Sep/2023:06:58:40 -0500] "GET /decision-de-fr HTTP/1.1" 404 1034
69.171.251.117 - - [15/Sep/2023:06:58:50 -0500] "GET /decision-de-fr HTTP/1.1" 404 1034
167.94.146.57 - - [15/Sep/2023:06:58:53 -0500] "GET / HTTP/1.1" 200 319
167.94.146.57 - - [15/Sep/2023:06:58:53 -0500] "GET / HTTP/1.1" 200 319
167.94.146.57 - - [15/Sep/2023:06:58:54 -0500] "PRI * HTTP/2.0" 400 946
167.94.146.57 - - [15/Sep/2023:06:58:54 -0500] "GET /favicon.ico HTTP/1.1" 200 7782
186.84.88.138 - - [15/Sep/2023:06:59:16 -0500] "GET /generadores-de-residuos-hospitalarios-deberan-contratar-ungestor-%20autorizado-para-su-tratamiento.html HTTP/1.1" 404 1136
201.245.192.253 - - [15/Sep/2023:06:59:32 -0500] "POST /forms/lservlet;jsessionid=ac16012b30d63d978f376e20424bb3f6ff930e63d6af.e3iSbxaKaheRe34Pbx8Nc3aQci1ynknvrkLOlQzNp65In0 HTTP/1.1" 200 2
40.77.167.32 - - [15/Sep/2023:06:59:34 -0500] "GET /Publicaciones/2023EE208778.pdf HTTP/1.1" 200 471572
173.252.111.8 - - [15/Sep/2023:06:59:36 -0500] "GET /decision-de-fr HTTP/1.1" 404 1034
173.252.111.3 - - [15/Sep/2023:06:59:36 -0500] "GET /decision-de-fr HTTP/1.1" 404 1034
173.252.111.4 - - [15/Sep/2023:06:59:36 -0500] "GET /decision-de-fr HTTP/1.1" 404 1034
173.252.83.7 - - [15/Sep/2023:06:59:45 -0500] "GET /decision-de-fr HTTP/1.1" 404 1034
173.252.83.119 - - [15/Sep/2023:06:59:45 -0500] "GET /decision-de-fr HTTP/1.1" 404 1034
173.252.83.12 - - [15/Sep/2023:06:59:50 -0500] "GET /decision-de-fr HTTP/1.1" 404 1034
173.252.83.118 - - [15/Sep/2023:06:59:55 -0500] "GET /decision-de-fr HTTP/1.1" 404 1034
173.252.95.2 - - [15/Sep/2023:07:00:23 -0500] "GET /decision-de-fr HTTP/1.1" 404 1034
17.241.219.136 - - [15/Sep/2023:07:00:24 -0500] "GET /bogota-reverdece-una-semana-por-la-sostenibilidad-la-resiliencia-climatica-y-la-calidad-del-aire.html HTTP/1.1" 200 973
201.245.192.253 - - [15/Sep/2023:07:00:26 -0500] "POST /forms/lservlet;jsessionid=ac16012b30d6d19c31849e654dd38cb0cf62d49b9509.e3iSbxaKaheRe34Pbx8Nc3aQci1ynknvrkLOlQzNp65In0 HTTP/1.1" 200 2
217.182.175.162 - - [15/Sep/2023:07:00:27 -0500] "HEAD /bogota-reverdece-una-semana-por-la-sostenibilidad-la-resiliencia-climatica-y-la-calidad-del-aire.html HTTP/1.1" 200 -
51.15.164.30 - - [15/Sep/2023:07:00:27 -0500] "HEAD /bogota-reverdece-una-semana-por-la-sostenibilidad-la-resiliencia-climatica-y-la-calidad-del-aire.html HTTP/1.1" 200 -
181.32.167.239 - - [15/Sep/2023:07:00:43 -0500] "GET /decision-de-frenar-obras-en-el-zuque-es-caprichosa-y-priva-a-la-ciudadania-de-conocer-y-preservar-los-cerros-orientales-urrutia-secretaria-de-ambiente.html HTTP/1.1" 200 1018
201.245.192.253 - - [15/Sep/2023:07:01:32 -0500] "POST /forms/lservlet;jsessionid=ac16012b30d63d978f376e20424bb3f6ff930e63d6af.e3iSbxaKaheRe34Pbx8Nc3aQci1ynknvrkLOlQzNp65In0 HTTP/1.1" 200 2
191.156.225.158 - - [15/Sep/2023:07:01:35 -0500] "GET /decision-de-frenar-obras-en-el-zuque-es-caprichosa-y-priva-a-la-ciudadania-de-conocer-y-preservar-los-cerros-orientales-urrutia-secretaria-de-ambiente.html HTTP/1.1" 200 1018
205.169.39.111 - - [15/Sep/2023:07:01:56 -0500] "GET /portaldeninos/wp-includes/js/wp-emoji-release.min.js?ver=4.9.8 HTTP/1.1" 200 12026
205.169.39.111 - - [15/Sep/2023:07:01:56 -0500] "GET /portaldeninos/wp-content/plugins/google-analytics-for-wordpress/assets/js/frontend-gtag.min.js?ver=8.5.0 HTTP/1.1" 200 11801
205.169.39.111 - - [15/Sep/2023:07:01:56 -0500] "GET /portaldeninos/wp-includes/js/jquery/jquery.js?ver=1.12.4 HTTP/1.1" 200 97184
205.169.39.111 - - [15/Sep/2023:07:01:57 -0500] "GET /portaldeninos/wp-includes/js/jquery/jquery-migrate.min.js?ver=1.4.1 HTTP/1.1" 200 10056
205.169.39.111 - - [15/Sep/2023:07:02:06 -0500] "GET /portaldeninos/wp-includes/js/jquery/ui/core.min.js?ver=1.11.4 HTTP/1.1" 200 4000
205.169.39.111 - - [15/Sep/2023:07:02:06 -0500] "GET /portaldeninos/wp-content/plugins/gallery-videos/JS/modernizr.custom.js?ver=4.9.8 HTTP/1.1" 200 9019
205.169.39.111 - - [15/Sep/2023:07:02:06 -0500] "GET /portaldeninos/wp-content/plugins/gallery-videos/JS/Total-Soft-Gallery-Video-Widget.js?ver=4.9.8 HTTP/1.1" 200 80264
205.169.39.111 - - [15/Sep/2023:07:02:06 -0500] "GET /portaldeninos/wp-includes/js/jquery/ui/widget.min.js?ver=1.11.4 HTTP/1.1" 200 6908
205.169.39.111 - - [15/Sep/2023:07:02:07 -0500] "GET /portaldeninos/wp-includes/js/jquery/ui/mouse.min.js?ver=1.11.4 HTTP/1.1" 200 3148
205.169.39.111 - - [15/Sep/2023:07:02:07 -0500] "GET /portaldeninos/wp-includes/js/jquery/ui/sortable.min.js?ver=1.11.4 HTTP/1.1" 200 24899
205.169.39.111 - - [15/Sep/2023:07:02:07 -0500] "GET /portaldeninos/wp-includes/js/jquery/ui/tabs.min.js?ver=1.11.4 HTTP/1.1" 200 12110
205.169.39.111 - - [15/Sep/2023:07:02:07 -0500] "GET /portaldeninos/wp-includes/js/jquery/ui/accordion.min.js?ver=1.11.4 HTTP/1.1" 200 8584
205.169.39.111 - - [15/Sep/2023:07:02:07 -0500] "GET /portaldeninos/wp-content/themes/betheme/js/plugins.js?ver=20.9.6 HTTP/1.1" 200 197151
205.169.39.111 - - [15/Sep/2023:07:02:16 -0500] "GET /portaldeninos/wp-content/themes/betheme/js/menu.js?ver=20.9.6 HTTP/1.1" 200 2449
205.169.39.111 - - [15/Sep/2023:07:02:16 -0500] "GET /portaldeninos/wp-content/themes/betheme/assets/animations/animations.min.js?ver=20.9.6 HTTP/1.1" 200 1896
205.169.39.111 - - [15/Sep/2023:07:02:17 -0500] "GET /portaldeninos/wp-content/themes/betheme/assets/jplayer/jplayer.min.js?ver=20.9.6 HTTP/1.1" 200 52702
205.169.39.111 - - [15/Sep/2023:07:02:17 -0500] "GET /portaldeninos/wp-content/themes/betheme/js/scripts.js?ver=20.9.6 HTTP/1.1" 200 77162
205.169.39.111 - - [15/Sep/2023:07:02:18 -0500] "GET /portaldeninos/wp-includes/js/wp-embed.min.js?ver=4.9.8 HTTP/1.1" 200 1398
216.245.221.92 - - [15/Sep/2023:07:02:22 -0500] "HEAD / HTTP/1.1" 200 -
201.245.192.253 - - [15/Sep/2023:07:02:26 -0500] "POST /forms/lservlet;jsessionid=ac16012b30d6d19c31849e654dd38cb0cf62d49b9509.e3iSbxaKaheRe34Pbx8Nc3aQci1ynknvrkLOlQzNp65In0 HTTP/1.1" 200 2
201.245.192.253 - - [15/Sep/2023:07:02:48 -0500] "POST /kwsrmcab/Wsrmcab  HTTP/1.1" 200 213
172.22.2.4 - - [15/Sep/2023:07:01:22 -0500] "HEAD /BLA/boletinlegal/ HTTP/1.1" 200 -
201.245.192.253 - - [15/Sep/2023:07:03:32 -0500] "POST /forms/lservlet;jsessionid=ac16012b30d63d978f376e20424bb3f6ff930e63d6af.e3iSbxaKaheRe34Pbx8Nc3aQci1ynknvrkLOlQzNp65In0 HTTP/1.1" 200 2
172.22.2.4 - - [15/Sep/2023:07:02:13 -0500] "GET /BLA/boletinlegal/ HTTP/1.1" 200 58187
201.245.192.253 - - [15/Sep/2023:07:04:26 -0500] "POST /forms/lservlet;jsessionid=ac16012b30d6d19c31849e654dd38cb0cf62d49b9509.e3iSbxaKaheRe34Pbx8Nc3aQci1ynknvrkLOlQzNp65In0 HTTP/1.1" 200 2
201.245.192.253 - - [15/Sep/2023:07:04:54 -0500] "GET /sipse/faces/faces/faces/index.xhtml HTTP/1.1" 200 677
201.245.192.253 - - [15/Sep/2023:07:04:54 -0500] "GET /sipse/faces/javax.faces.resource/theme.css?ln=primefaces-sipse HTTP/1.1" 304 -
201.245.192.253 - - [15/Sep/2023:07:04:54 -0500] "GET /sipse/faces/faces/faces/faces/autenticacion.xhtml HTTP/1.1" 200 12184
201.245.192.253 - - [15/Sep/2023:07:04:54 -0500] "GET /sipse/js/disable_browser_buttons.js HTTP/1.1" 304 -
201.245.192.253 - - [15/Sep/2023:07:04:54 -0500] "GET /sipse/js/funciones.js HTTP/1.1" 304 -
201.245.192.253 - - [15/Sep/2023:07:04:54 -0500] "GET /sipse/css/custom_css_sg.css HTTP/1.1" 304 -
201.245.192.253 - - [15/Sep/2023:07:04:54 -0500] "GET /sipse/css/custom_css_sg_prime_login.css HTTP/1.1" 304 -
201.245.192.253 - - [15/Sep/2023:07:04:54 -0500] "GET /sipse/faces/javax.faces.resource/theme.css?ln=primefaces-sipse HTTP/1.1" 304 -
201.245.192.253 - - [15/Sep/2023:07:04:54 -0500] "GET /sipse/faces/javax.faces.resource/primefaces.css?ln=primefaces&v=4.0 HTTP/1.1" 304 -
201.245.192.253 - - [15/Sep/2023:07:04:54 -0500] "GET /sipse/faces/javax.faces.resource/layout/layout.css?ln=primefaces&v=4.0 HTTP/1.1" 304 -
201.245.192.253 - - [15/Sep/2023:07:04:54 -0500] "GET /sipse/faces/javax.faces.resource/jquery/jquery.js?ln=primefaces&v=4.0 HTTP/1.1" 304 -
201.245.192.253 - - [15/Sep/2023:07:04:54 -0500] "GET /sipse/faces/javax.faces.resource/jquery/jquery-plugins.js?ln=primefaces&v=4.0 HTTP/1.1" 304 -
201.245.192.253 - - [15/Sep/2023:07:04:54 -0500] "GET /sipse/faces/javax.faces.resource/primefaces.js?ln=primefaces&v=4.0 HTTP/1.1" 304 -
201.245.192.253 - - [15/Sep/2023:07:04:54 -0500] "GET /sipse/faces/javax.faces.resource/layout/layout.js?ln=primefaces&v=4.0 HTTP/1.1" 304 -
201.245.192.253 - - [15/Sep/2023:07:04:54 -0500] "GET /sipse/css/imagen/logoSDG.png HTTP/1.1" 304 -
201.245.192.253 - - [15/Sep/2023:07:04:54 -0500] "GET /sipse/css/imagen/loginimg.png HTTP/1.1" 304 -
201.245.192.253 - - [15/Sep/2023:07:04:54 -0500] "GET /sipse/faces/javax.faces.resource/images/ui-icons_898989_256x240.png?ln=primefaces-aristo HTTP/1.1" 304 -
201.245.192.253 - - [15/Sep/2023:07:04:57 -0500] "POST /sipse/faces/autenticacion.xhtml HTTP/1.1" 200 11170
201.245.192.253 - - [15/Sep/2023:07:04:57 -0500] "GET /sipse/css/custom_css_sg_prime.css HTTP/1.1" 304 -
201.245.192.253 - - [15/Sep/2023:07:04:57 -0500] "GET /sipse/faces/javax.faces.resource/jquery/jquery.js?ln=primefaces&v=4.0 HTTP/1.1" 304 -
201.245.192.253 - - [15/Sep/2023:07:04:57 -0500] "GET /sipse/faces/javax.faces.resource/jquery/jquery-plugins.js?ln=primefaces&v=4.0 HTTP/1.1" 304 -
201.245.192.253 - - [15/Sep/2023:07:04:57 -0500] "GET /sipse/faces/javax.faces.resource/primefaces.js?ln=primefaces&v=4.0 HTTP/1.1" 304 -
201.245.192.253 - - [15/Sep/2023:07:04:57 -0500] "GET /sipse/faces/javax.faces.resource/layout/layout.js?ln=primefaces&v=4.0 HTTP/1.1" 304 -
201.245.192.253 - - [15/Sep/2023:07:04:58 -0500] "GET /sipse/faces/javax.faces.resource/messages/messages.png?ln=primefaces&v=4.0 HTTP/1.1" 304 -
201.245.192.253 - - [15/Sep/2023:07:05:00 -0500] "POST /sipse/faces/presentacion/sistema/seguridad/seleccionRol.xhtml HTTP/1.1" 200 5600
201.245.192.253 - - [15/Sep/2023:07:05:01 -0500] "POST /sipse/faces/presentacion/sistema/seguridad/seleccionRol.xhtml HTTP/1.1" 200 18175
201.245.192.253 - - [15/Sep/2023:07:05:01 -0500] "GET /sipse/js/jquery.min.js HTTP/1.1" 304 -
201.245.192.253 - - [15/Sep/2023:07:05:01 -0500] "GET /sipse/faces/javax.faces.resource/jquery/jquery.js?ln=primefaces&v=4.0 HTTP/1.1" 304 -
201.245.192.253 - - [15/Sep/2023:07:05:01 -0500] "GET /sipse/faces/javax.faces.resource/jquery/jquery-plugins.js?ln=primefaces&v=4.0 HTTP/1.1" 304 -
201.245.192.253 - - [15/Sep/2023:07:05:01 -0500] "GET /sipse/faces/javax.faces.resource/primefaces.js?ln=primefaces&v=4.0 HTTP/1.1" 304 -
201.245.192.253 - - [15/Sep/2023:07:05:02 -0500] "GET /sipse/faces/javax.faces.resource/layout/layout.js?ln=primefaces&v=4.0 HTTP/1.1" 304 -
201.245.192.253 - - [15/Sep/2023:07:05:02 -0500] "GET /sipse/imagenes/cargando.gif HTTP/1.1" 200 36959
201.245.192.253 - - [15/Sep/2023:07:05:02 -0500] "GET /sipse/css/v_mergente.css HTTP/1.1" 200 1505
201.245.192.253 - - [15/Sep/2023:07:05:02 -0500] "GET /sipse/css/imagen/contrasena.png HTTP/1.1" 404 383
201.245.192.253 - - [15/Sep/2023:07:05:02 -0500] "GET /sipse/imagenes/logoAplicacion.jpg HTTP/1.1" 200 155084
173.252.87.12 - - [15/Sep/2023:07:05:04 -0500] "GET /images/cr\xc3\xb3nica-29-nov-1_optimized.jpeg HTTP/1.1" 404 1034
201.245.192.253 - - [15/Sep/2023:07:05:04 -0500] "GET /sipse/faces/javax.faces.resource/images/ui-bg_flat_0_2d5972_40x100.png?ln=primefaces-aristo HTTP/1.1" 304 -
201.245.192.253 - - [15/Sep/2023:07:05:04 -0500] "POST /sipse/faces/bienvenido.xhtml HTTP/1.1" 200 3246
201.245.192.253 - - [15/Sep/2023:07:05:06 -0500] "POST /sipse/faces/bienvenido.xhtml HTTP/1.1" 200 41731
201.245.192.253 - - [15/Sep/2023:07:05:07 -0500] "GET /sipse/faces/javax.faces.resource/jquery/jquery.js?ln=primefaces&v=4.0 HTTP/1.1" 304 -
201.245.192.253 - - [15/Sep/2023:07:05:07 -0500] "GET /sipse/faces/javax.faces.resource/jquery/jquery-plugins.js?ln=primefaces&v=4.0 HTTP/1.1" 304 -
201.245.192.253 - - [15/Sep/2023:07:05:07 -0500] "GET /sipse/faces/javax.faces.resource/primefaces.js?ln=primefaces&v=4.0 HTTP/1.1" 304 -
201.245.192.253 - - [15/Sep/2023:07:05:07 -0500] "GET /sipse/faces/javax.faces.resource/layout/layout.js?ln=primefaces&v=4.0 HTTP/1.1" 304 -
201.245.192.253 - - [15/Sep/2023:07:05:07 -0500] "POST /sipse/faces/presentacion/financiero/solicitudProceso/listarSolicitudProceso.xhtml HTTP/1.1" 200 1424
201.245.192.253 - - [15/Sep/2023:07:05:17 -0500] "POST /sipse/faces/presentacion/financiero/solicitudProceso/listarSolicitudProceso.xhtml HTTP/1.1" 200 127002
201.245.192.253 - - [15/Sep/2023:07:05:18 -0500] "GET /sipse/faces/javax.faces.resource/jquery/jquery.js?ln=primefaces&v=4.0 HTTP/1.1" 304 -
201.245.192.253 - - [15/Sep/2023:07:05:18 -0500] "GET /sipse/faces/javax.faces.resource/jquery/jquery-plugins.js?ln=primefaces&v=4.0 HTTP/1.1" 304 -
201.245.192.253 - - [15/Sep/2023:07:05:18 -0500] "GET /sipse/faces/javax.faces.resource/primefaces.js?ln=primefaces&v=4.0 HTTP/1.1" 304 -
201.245.192.253 - - [15/Sep/2023:07:05:18 -0500] "GET /sipse/faces/javax.faces.resource/layout/layout.js?ln=primefaces&v=4.0 HTTP/1.1" 304 -
201.245.192.253 - - [15/Sep/2023:07:05:32 -0500] "POST /forms/lservlet;jsessionid=ac16012b30d63d978f376e20424bb3f6ff930e63d6af.e3iSbxaKaheRe34Pbx8Nc3aQci1ynknvrkLOlQzNp65In0 HTTP/1.1" 200 2
40.77.167.152 - - [15/Sep/2023:07:05:50 -0500] "GET /BLA/resoluciones/RESOLUCIONES%202013/2320.pdf HTTP/1.1" 200 1462295
186.113.151.213 - - [15/Sep/2023:07:05:59 -0500] "GET /decision-de-frenar-obras-en-el-zuque-es-caprichosa-y-priva-a-la-ciudadania-de-conocer-y-preservar-los-cerros-orientales-urrutia-secretaria-de-ambiente.html HTTP/1.1" 200 1018
186.155.18.70 - - [15/Sep/2023:07:06:02 -0500] "GET /kwssiamovil/sm/acme/u?s=U2FsdGVkX18VnitwfjMe5UPL4NmcxqD1Zx3LbNtx645tnxZB9AxtTgXi4e/mPByZQhAzuaJaiCtYRhtE2MMibC6ko7HbfPbnmVC78SZwD7FXZe4CqHZDrLR90zFFnFy1UHkOc86mUBKgFyzTwbuA0S7qAbcpEJrbYeyE8VeHGLA=&u=U2FsdGVkX1/xZ/UaexrBoVFQbB17Bh1AbI5CbkvF6q4=&y=U2FsdGVkX185NC/P6KxNLupt4zKHWzwxd1GtOtdd1ls= HTTP/1.1" 200 60
186.102.69.179 - - [15/Sep/2023:07:06:03 -0500] "GET /kwssiamovil/sm/acme/u?s=U2FsdGVkX1/8m8G/uVciK4eKRTMDIg94aZklz5em9Cg4zIbJn3aivImbloJUJG3rQke/i5sorK6QrnSQA1reLfVpdoZNSclMgwLHLHY6boRUWugSK2VTv672ORFyVd+xZYYhR9zcuFokBHSkdJOVNWlYXVB5A8N7I1mIxxEuXeI=&u=U2FsdGVkX1+41rYELci/3DrqiwsJsfNqCVwQVzhsymM=&y=U2FsdGVkX1/Asxpn5ywdfKz/3vomQIA542vZzg5g1AJDFQGPY9U6PWxcOJNBBzb+ HTTP/1.1" 200 60
31.13.115.5 - - [15/Sep/2023:07:06:09 -0500] "GET /decision-de-fr HTTP/1.1" 404 1034
31.13.115.120 - - [15/Sep/2023:07:06:09 -0500] "GET /decision-de-fr HTTP/1.1" 404 1034
31.13.115.1 - - [15/Sep/2023:07:06:09 -0500] "GET /decision-de-fr HTTP/1.1" 404 1034
201.245.192.253 - - [15/Sep/2023:07:06:12 -0500] "POST /sipse/faces/presentacion/financiero/solicitudProceso/consultarSolicitudProceso.xhtml HTTP/1.1" 200 86966
201.245.192.253 - - [15/Sep/2023:07:06:26 -0500] "POST /forms/lservlet;jsessionid=ac16012b30d6d19c31849e654dd38cb0cf62d49b9509.e3iSbxaKaheRe34Pbx8Nc3aQci1ynknvrkLOlQzNp65In0 HTTP/1.1" 200 2
216.245.221.92 - - [15/Sep/2023:07:07:22 -0500] "HEAD / HTTP/1.1" 200 -
201.245.192.253 - - [15/Sep/2023:07:07:32 -0500] "POST /forms/lservlet;jsessionid=ac16012b30d63d978f376e20424bb3f6ff930e63d6af.e3iSbxaKaheRe34Pbx8Nc3aQci1ynknvrkLOlQzNp65In0 HTTP/1.1" 200 2
