186.86.33.245 - - [15/Sep/2023:13:35:03 -0500] "POST /sipse/faces/bienvenido.xhtml HTTP/1.1" 200 37160
186.86.33.245 - - [15/Sep/2023:13:35:03 -0500] "GET /sipse/faces/javax.faces.resource/jquery/jquery.js?ln=primefaces&v=4.0 HTTP/1.1" 304 -
186.86.33.245 - - [15/Sep/2023:13:35:03 -0500] "GET /sipse/faces/javax.faces.resource/jquery/jquery-plugins.js?ln=primefaces&v=4.0 HTTP/1.1" 304 -
186.86.33.245 - - [15/Sep/2023:13:35:03 -0500] "GET /sipse/faces/javax.faces.resource/primefaces.js?ln=primefaces&v=4.0 HTTP/1.1" 304 -
186.86.33.245 - - [15/Sep/2023:13:35:03 -0500] "GET /sipse/faces/javax.faces.resource/layout/layout.js?ln=primefaces&v=4.0 HTTP/1.1" 304 -
186.86.33.245 - - [15/Sep/2023:13:35:03 -0500] "POST /sipse/faces/presentacion/financiero/solicitudProceso/listarSolicitudProceso.xhtml HTTP/1.1" 200 1424
201.245.192.253 - - [15/Sep/2023:13:35:39 -0500] "POST /forms/lservlet;jsessionid=ac16012b30d63d978f376e20424bb3f6ff930e63d6af.e3iSbxaKaheRe34Pbx8Nc3aQci1ynknvrkLOlQzNp65In0 HTTP/1.1" 200 2
201.245.192.253 - - [15/Sep/2023:13:36:18 -0500] "POST /kwsrmcab/Wsrmcab  HTTP/1.1" 200 213
201.245.192.253 - - [15/Sep/2023:13:36:34 -0500] "POST /forms/lservlet;jsessionid=ac16012b30d6d19c31849e654dd38cb0cf62d49b9509.e3iSbxaKaheRe34Pbx8Nc3aQci1ynknvrkLOlQzNp65In0 HTTP/1.1" 200 2
179.43.191.194 - - [15/Sep/2023:13:36:55 -0500] "GET / HTTP/1.1" 200 319
216.245.221.92 - - [15/Sep/2023:13:37:21 -0500] "HEAD / HTTP/1.1" 200 -
201.245.192.253 - - [15/Sep/2023:13:37:39 -0500] "POST /forms/lservlet;jsessionid=ac16012b30d63d978f376e20424bb3f6ff930e63d6af.e3iSbxaKaheRe34Pbx8Nc3aQci1ynknvrkLOlQzNp65In0 HTTP/1.1" 200 2
201.245.192.253 - - [15/Sep/2023:13:38:16 -0500] "POST /kwsrmcab/Wsrmcab HTTP/1.1" 200 43146
201.245.192.253 - - [15/Sep/2023:13:38:19 -0500] "POST /kwsrmcab/Wsrmcab HTTP/1.1" 200 36390
216.244.66.195 - - [15/Sep/2023:13:38:28 -0500] "GET /BLA/resoluciones/RESOLUCIONES%202018/3167.pdf HTTP/1.1" 200 427231
201.245.192.253 - - [15/Sep/2023:13:38:34 -0500] "POST /forms/lservlet;jsessionid=ac16012b30d6d19c31849e654dd38cb0cf62d49b9509.e3iSbxaKaheRe34Pbx8Nc3aQci1ynknvrkLOlQzNp65In0 HTTP/1.1" 200 2
201.245.192.253 - - [15/Sep/2023:13:38:35 -0500] "POST /sipse/faces/presentacion/financiero/solicitudProceso/solicitudProcesoOtrosPagos.xhtml HTTP/1.1" 200 88673
201.245.192.253 - - [15/Sep/2023:13:38:36 -0500] "GET /sipse/faces/javax.faces.resource/jquery/jquery.js?ln=primefaces&v=4.0 HTTP/1.1" 304 -
201.245.192.253 - - [15/Sep/2023:13:38:36 -0500] "GET /sipse/faces/javax.faces.resource/jquery/jquery-plugins.js?ln=primefaces&v=4.0 HTTP/1.1" 304 -
201.245.192.253 - - [15/Sep/2023:13:38:36 -0500] "GET /sipse/faces/javax.faces.resource/primefaces.js?ln=primefaces&v=4.0 HTTP/1.1" 304 -
201.245.192.253 - - [15/Sep/2023:13:38:36 -0500] "GET /sipse/faces/javax.faces.resource/layout/layout.js?ln=primefaces&v=4.0 HTTP/1.1" 304 -
201.245.192.253 - - [15/Sep/2023:13:38:36 -0500] "POST /sipse/faces/presentacion/proyectos/proyecto/listarProyecto.xhtml HTTP/1.1" 200 82102
201.245.192.253 - - [15/Sep/2023:13:38:40 -0500] "POST /sipse/faces/presentacion/proyectos/proyecto/listarProyecto.xhtml HTTP/1.1" 200 163
201.245.192.253 - - [15/Sep/2023:13:38:40 -0500] "GET /sipse/faces/presentacion/proyectos/proyecto/proyecto.xhtml HTTP/1.1" 200 96498
201.245.192.253 - - [15/Sep/2023:13:38:41 -0500] "GET /sipse/faces/javax.faces.resource/theme.css?ln=primefaces-sipse HTTP/1.1" 304 -
201.245.192.253 - - [15/Sep/2023:13:38:41 -0500] "GET /sipse/faces/javax.faces.resource/jquery/jquery.js?ln=primefaces&v=4.0 HTTP/1.1" 304 -
201.245.192.253 - - [15/Sep/2023:13:38:41 -0500] "GET /sipse/faces/javax.faces.resource/jquery/jquery-plugins.js?ln=primefaces&v=4.0 HTTP/1.1" 304 -
201.245.192.253 - - [15/Sep/2023:13:38:41 -0500] "GET /sipse/faces/javax.faces.resource/primefaces.css?ln=primefaces&v=4.0 HTTP/1.1" 304 -
201.245.192.253 - - [15/Sep/2023:13:38:41 -0500] "GET /sipse/faces/javax.faces.resource/layout/layout.css?ln=primefaces&v=4.0 HTTP/1.1" 304 -
201.245.192.253 - - [15/Sep/2023:13:38:41 -0500] "GET /sipse/faces/javax.faces.resource/layout/layout.js?ln=primefaces&v=4.0 HTTP/1.1" 304 -
201.245.192.253 - - [15/Sep/2023:13:38:41 -0500] "GET /sipse/faces/javax.faces.resource/primefaces.js?ln=primefaces&v=4.0 HTTP/1.1" 304 -
201.245.192.253 - - [15/Sep/2023:13:38:41 -0500] "GET /sipse/faces/javax.faces.resource/images/ui-icons_898989_256x240.png?ln=primefaces-aristo HTTP/1.1" 304 -
201.245.192.253 - - [15/Sep/2023:13:38:41 -0500] "GET /sipse/faces/javax.faces.resource/images/ui-bg_flat_0_2d5972_40x100.png?ln=primefaces-aristo HTTP/1.1" 304 -
201.245.192.253 - - [15/Sep/2023:13:38:41 -0500] "POST /sipse/faces/presentacion/proyectos/proyecto/proyecto.xhtml HTTP/1.1" 200 3257
216.244.66.195 - - [15/Sep/2023:13:38:58 -0500] "GET /BLA/resoluciones/RESOLUCIONES%202018/3457.pdf HTTP/1.1" 200 219157
201.245.192.253 - - [15/Sep/2023:13:39:09 -0500] "POST /sipse/faces/presentacion/proyectos/proyecto/proyecto.xhtml HTTP/1.1" 200 44029
201.245.192.253 - - [15/Sep/2023:13:39:10 -0500] "GET /sipse/faces/javax.faces.resource/spacer/dot_clear.gif?ln=primefaces&v=4.0 HTTP/1.1" 304 -
201.245.192.253 - - [15/Sep/2023:13:39:10 -0500] "POST /sipse/faces/presentacion/proyectos/proyecto/proyecto.xhtml HTTP/1.1" 200 3948
201.245.192.253 - - [15/Sep/2023:13:39:17 -0500] "POST /sipse/faces/presentacion/proyectos/proyecto/proyecto.xhtml HTTP/1.1" 200 71500
201.245.192.253 - - [15/Sep/2023:13:39:22 -0500] "POST /sipse/faces/presentacion/proyectos/proyecto/proyecto.xhtml HTTP/1.1" 200 86223
201.245.192.253 - - [15/Sep/2023:13:39:23 -0500] "GET /sipse/faces/javax.faces.resource/jquery/jquery.js?ln=primefaces&v=4.0 HTTP/1.1" 304 -
201.245.192.253 - - [15/Sep/2023:13:39:23 -0500] "GET /sipse/faces/javax.faces.resource/jquery/jquery-plugins.js?ln=primefaces&v=4.0 HTTP/1.1" 304 -
201.245.192.253 - - [15/Sep/2023:13:39:23 -0500] "GET /sipse/faces/javax.faces.resource/primefaces.js?ln=primefaces&v=4.0 HTTP/1.1" 304 -
201.245.192.253 - - [15/Sep/2023:13:39:23 -0500] "GET /sipse/faces/javax.faces.resource/layout/layout.js?ln=primefaces&v=4.0 HTTP/1.1" 304 -
201.184.56.74 - - [15/Sep/2023:13:39:34 -0500] "GET /mesa/contrasena.pdf HTTP/1.1" 200 443199
201.184.56.74 - - [15/Sep/2023:13:39:35 -0500] "GET /mesa/contrasena.pdf HTTP/1.1" 206 1
201.184.56.74 - - [15/Sep/2023:13:39:35 -0500] "GET /mesa/contrasena.pdf HTTP/1.1" 206 428599
201.245.192.253 - - [15/Sep/2023:13:39:39 -0500] "POST /forms/lservlet;jsessionid=ac16012b30d63d978f376e20424bb3f6ff930e63d6af.e3iSbxaKaheRe34Pbx8Nc3aQci1ynknvrkLOlQzNp65In0 HTTP/1.1" 200 2
172.22.2.4 - - [15/Sep/2023:13:38:01 -0500] "HEAD /BLA/boletinlegal/ HTTP/1.1" 200 -
216.244.66.195 - - [15/Sep/2023:13:40:13 -0500] "GET /BLA/resoluciones/AUTOS%202016/2787.pdf HTTP/1.1" 200 422081
172.22.2.4 - - [15/Sep/2023:13:38:52 -0500] "GET /BLA/boletinlegal/ HTTP/1.1" 200 58187
201.245.192.253 - - [15/Sep/2023:13:40:34 -0500] "POST /forms/lservlet;jsessionid=ac16012b30d6d19c31849e654dd38cb0cf62d49b9509.e3iSbxaKaheRe34Pbx8Nc3aQci1ynknvrkLOlQzNp65In0 HTTP/1.1" 200 2
216.244.66.195 - - [15/Sep/2023:13:41:06 -0500] "GET /BLA/resoluciones/AUTOS%202016/2873.pdf HTTP/1.1" 200 386204
201.245.192.253 - - [15/Sep/2023:13:41:17 -0500] "POST /kwsrmcab/Wsrmcab  HTTP/1.1" 200 213
201.245.192.253 - - [15/Sep/2023:13:41:39 -0500] "POST /forms/lservlet;jsessionid=ac16012b30d63d978f376e20424bb3f6ff930e63d6af.e3iSbxaKaheRe34Pbx8Nc3aQci1ynknvrkLOlQzNp65In0 HTTP/1.1" 200 2
216.244.66.195 - - [15/Sep/2023:13:41:56 -0500] "GET /BLA/resoluciones/AUTOS%202016/2690.pdf HTTP/1.1" 200 1581732
152.203.218.244 - - [15/Sep/2023:13:42:11 -0500] "GET /kwssiamovil/sm/acme/a?s=U2FsdGVkX18xU4cBD7VcQre3MgzqZjO8iVWnmUBBO3rOadUxHb6Z/YsPbwtpUwKjSXpw1aXHkMShN29xjch97LQKJzuOIXKq4Gewm7HniTEfaNit+B1Tqaw/I6AA5yyALaIntswmUnbsJilGHlwHZO+YfJvarqsPUf9w+CX/8HRcwmJOXZdaecbGnuFcgubI9z2wO/KiH09k+f+LKxHBqNc6b5gDi42nAnEqnUShuZAO8vE3JGV6pB6bvdS/UsRWBkB6t24bqWDQZRZ6ZA+FLw==&u=U2FsdGVkX18KdhrYXp3wR8kZJCoLegtI6UmHmdqcE5UmCT98Aidq/wyiHT104O8l&y=U2FsdGVkX18hIXLI9jnUiD/XG27fLXovPH+G/YXTu57TbO2O5Hgczlec/4Tac92J HTTP/1.1" 200 26
152.203.218.244 - - [15/Sep/2023:13:42:12 -0500] "GET /kwssiamovil/sm/acme/a?s=U2FsdGVkX19hK58oly0I0mGu4BLVWvmSCxlM/kkMAdOtUwNIUiX2MBLuHbcc0ZKDrCDZdsFWpcAZ306pxpIDs7yl2HkVsirTzPAzhMdar1kqKvaeXuJRLYLdINz1aUd+77UmF/PQLe7d0yH9BBNQGJa96UTxYZK1lqlGDLNmL9B1rOcSGCtR1BcSxRTYsMUGgWX0kR59Gie3ABhPAeHgeM9Fofi/R/dc/PABi1yghqTqMxwOX9yPa/zd4Qsy2iTfL+9xXUD/gJbzzIjKGYNZvm4mOMNyB2ZgSS3A3Uzcx+nek1vQysAkcuNSc5770zP1LlmRwmSMTpEarM+annFaIqi/iX/j9M4SFIW9B1zHiKF22Kp2iKvTubOq39v5J8BSbxffuopM8iMhS/UhVLNkvbD002dTvKtVR7d7ZbmansJRfL2GTlQHK3E4XfgsoJikUsub/hreb9jp0KVUs5vE+I3bqrkdQ67B7S3wfwyPq2nBDyMmsTWSicZEckt9rw6E6gHSoIMtPFDq6vde9Y3+uowNzSkzlXSA65f85pjBSTZ0u6BCUFvU02A3UmCX2Mw2fNGwWLeKvv0eYu/JWu1JXR3z+UPdPDqS3owbcYxpq47mcfAOAMx5szOVnGWmasindlMvGSVFyg9sIcUNEUYUNXmMAt8kwDVqa67dmeGzKCDTtWjd9k+lvbzPv5Bm7ON0gxzN1GtXgGcmQrhc8qUDHcMfnpypcEdOZpqpX2Dxzk7sFjGo9mxr1HbJ6qoKIDXpKAShp5ReMQJQJoWZxDO3XBp98Fxt3hYQd+ACqQT8KFT5oDDCrfkBwEM4QSsSCPd1cKdlsHC47z4C2KC4am/T9EMq78TitYsahFGoq1tpPhMplmQszJAzWVWnLvZGLylnU0CX5fVTCz1SwXpTkZJ3a7WeQReQZ8vqMztkAL2CWd/GW1hlXzPg1rGxO94xsegNjA0MBcOIItRyxjY+O2GM/Pd/jSjDa3IgFcBiESSJlVZfOhQ4DzryXAm86bSx1z+j8eYxGuEs1m0KkOOgBoDLu/Q81Zn0y8WWsd3WAW58+R9o2uF4pVP8ORxV07LhwLsp9X9rDF3ntV5kyTXYXwYcY8DDnRkwq0/2K/1g4WWgvwwaW8YbJMfUmx6k6AgwAwsH3v0X489PwcNfjZdOjIlIqSuiwBpwpZaT1KC1vdOQN8xcmeplFJhb3bWBo90J7v6/1jEFD3fIGJGyvNbwTM5HRttjncRKdojSe6MJc9jgyuGWBUMNT5ki4k8f9mP9L7mApHFC5Z4ABGfoIirMFx1Rjzyg27An4VZlImZQzP4jeIR7AYz59mxWbW5L8C/0qiAOA3hBr+X3kDpcoySGICuvwazdM++XhcFQ1pfwHEhPH5zDWKHpkn9eXNdrUvUSRiYr&u=U2FsdGVkX18KdhrYXp3wR8kZJCoLegtI6UmHmdqcE5UmCT98Aidq/wyiHT104O8l&y=U2FsdGVkX18hIXLI9jnUiD/XG27fLXovPH+G/YXTu57TbO2O5Hgczlec/4Tac92J HTTP/1.1" 200 26
152.203.218.244 - - [15/Sep/2023:13:42:12 -0500] "GET /kwssiamovil/sm/acme/a?s=U2FsdGVkX1+IAeoos98bqaDgShIgIMFj1yQtUg2+/ula3/HXtE0VuVHxDLSr6Pmx9tUzeV0/qhC3bzcJHNYc0/TzMlDe5DvObIY38+jxmZT4h2IqN/EP1fCUOFG6ga3p7DIr6B+Y/HjAdWVTG20ys4DLFlNItVrycKHGVzNZTg0=&u=U2FsdGVkX18KdhrYXp3wR8kZJCoLegtI6UmHmdqcE5UmCT98Aidq/wyiHT104O8l&y=U2FsdGVkX18hIXLI9jnUiD/XG27fLXovPH+G/YXTu57TbO2O5Hgczlec/4Tac92J HTTP/1.1" 200 26
152.203.218.244 - - [15/Sep/2023:13:42:12 -0500] "GET /kwssiamovil/sm/acme/a?s=U2FsdGVkX1/Z1mquP/0KuFOhru8AiBIwUBX1WXVg0f5FRQSMHU9SkjViwnPV/Hx4zjGV4choBOZRovsE8J9bKMnNa8VPSQtGMFwJqoX8/msUDmieA8pqfxzv11Oz8ISRWbLLm3nIlxEXlYklMUW404sSPkswWN13OivJyc5YkTY=&u=U2FsdGVkX18KdhrYXp3wR8kZJCoLegtI6UmHmdqcE5UmCT98Aidq/wyiHT104O8l&y=U2FsdGVkX18hIXLI9jnUiD/XG27fLXovPH+G/YXTu57TbO2O5Hgczlec/4Tac92J HTTP/1.1" 200 26
152.203.218.244 - - [15/Sep/2023:13:42:12 -0500] "GET /kwssiamovil/sm/acme/a?s=U2FsdGVkX1/pVa2c0OfIbDKouDPVufjPKOlPYaIE1FYga9qTGTobucsXY/cyP4UDT02gAjC++DgoL4/s+WvNlvlCtLl4CJ55JxdFA9KmDNbLkJAjDmA3GatVuN1fs//VSPpvnYmCamFESpASvG/06SPeK07XJLiigiiATfnR0GM=&u=U2FsdGVkX18KdhrYXp3wR8kZJCoLegtI6UmHmdqcE5UmCT98Aidq/wyiHT104O8l&y=U2FsdGVkX18hIXLI9jnUiD/XG27fLXovPH+G/YXTu57TbO2O5Hgczlec/4Tac92J HTTP/1.1" 200 26
152.203.218.244 - - [15/Sep/2023:13:42:12 -0500] "GET /kwssiamovil/sm/acme/a?s=U2FsdGVkX18dHzyjOp8b2Fa1x4os7j0XHvoUFgiRc6XyABbLbQrUQQaBGXlxm7LuE20a50YsLY8ndRAQKkVmP2KtPGNhZzizSYDLGB4LTgQXybxNtnOWZ0p3DVKb5j4MEK8z3yYNcNyrlB7Hy3GnZvymdsib2ZUML1ude95igm8steux+BjYQwQluhzreNb3n2h827yuanJAPtVhyjWynw==&u=U2FsdGVkX18KdhrYXp3wR8kZJCoLegtI6UmHmdqcE5UmCT98Aidq/wyiHT104O8l&y=U2FsdGVkX18hIXLI9jnUiD/XG27fLXovPH+G/YXTu57TbO2O5Hgczlec/4Tac92J HTTP/1.1" 200 26
152.203.218.244 - - [15/Sep/2023:13:42:12 -0500] "GET /kwssiamovil/sm/acme/a?s=U2FsdGVkX1/RBi+k6/XKzcPmjXWWCm+XdDYUaWSXgQobD2pBloKjkMfVzHRmTEBQKtgf9ReNL8Fz3q8fpRXpdZH/Qdsl35s7h99CYTyVKZVCUTCEh9ZDlrv26HNIsldxnJ/BIXmC/3PBDQWeoeybZUfotUf8Fm2UdQU919ypYY4Cy12NnJcUipa6xEYxu/N0MbI5DCXvc+xX8rxSTJoJkA==&u=U2FsdGVkX18KdhrYXp3wR8kZJCoLegtI6UmHmdqcE5UmCT98Aidq/wyiHT104O8l&y=U2FsdGVkX18hIXLI9jnUiD/XG27fLXovPH+G/YXTu57TbO2O5Hgczlec/4Tac92J HTTP/1.1" 200 26
152.203.218.244 - - [15/Sep/2023:13:42:12 -0500] "GET /kwssiamovil/sm/acme/a?s=U2FsdGVkX195etDbPNzBhNhClmj+0CbqNYgWHiJVliOT20hNdEi0AH3VOrGfF5y/ACpzsczZTcpebYLW2zb5RLKuMUjmZwhU1l9xvjqwYg8wYsb8HFamp5bXqYywwuvPFGeqH71OJgFTrjheis4vJ+49Sxswav95G1KHnMlhBQd4OCvfDW25ajGLUzip9Nfa&u=U2FsdGVkX18KdhrYXp3wR8kZJCoLegtI6UmHmdqcE5UmCT98Aidq/wyiHT104O8l&y=U2FsdGVkX18hIXLI9jnUiD/XG27fLXovPH+G/YXTu57TbO2O5Hgczlec/4Tac92J HTTP/1.1" 200 26
152.203.218.244 - - [15/Sep/2023:13:42:13 -0500] "GET /kwssiamovil/sm/acme/a?s=U2FsdGVkX1+i3Lv7SrQRH6ItTeTVeDqOyD71ZMHl3P29CokB6G8uuBPIDntzTBeeXXgnx1sG+YM+EM8Htd5NbBtJ3KOKl8cMqKfeDgo72B7O9R3T9NQG1y+tK7cInBdqs1GiT7gJTXi+7mbIV3EHZxNUR7gesCNhphaHymtBT2aNDjDLNlVUuKor69wBbdDf2R4kgjip/SP+VZ7mfBRNzQ==&u=U2FsdGVkX18KdhrYXp3wR8kZJCoLegtI6UmHmdqcE5UmCT98Aidq/wyiHT104O8l&y=U2FsdGVkX18hIXLI9jnUiD/XG27fLXovPH+G/YXTu57TbO2O5Hgczlec/4Tac92J HTTP/1.1" 200 26
152.203.218.244 - - [15/Sep/2023:13:42:13 -0500] "GET /kwssiamovil/sm/acme/a?s=U2FsdGVkX1/T1s3szKjJXVAYomExStzXtqh5WlSLeosekyS94k72HN0u/Uw4L6H0AS2IvPuN/1CN+kccszuKxO/4OFCRDc25p4JdewHhoRZ+xPdKrmMs/TUYWzX0Ksxu8ifEOFCY+ezZXJvPAUzCp64YOWlgP86avdExbgGXHFcXLYDJxrSiLZqIVko9hkum&u=U2FsdGVkX18KdhrYXp3wR8kZJCoLegtI6UmHmdqcE5UmCT98Aidq/wyiHT104O8l&y=U2FsdGVkX18hIXLI9jnUiD/XG27fLXovPH+G/YXTu57TbO2O5Hgczlec/4Tac92J HTTP/1.1" 200 26
152.203.218.244 - - [15/Sep/2023:13:42:13 -0500] "GET /kwssiamovil/sm/acme/a?s=U2FsdGVkX1/ixPFLZ3/RXoWDVmGSY4y6MAZFl4wzdSLZYmQ/q9pD32iVvB93e3d5oJ2XUobhjZwKK5kdGIBxYc7MU7VQmSqwamsHxKbbwddhoTAPpaKD3tcGjfyRY33hdj4U+D/Qu/VWTOmdQrOGMTxrqTFEMWO+P0iDYZ4dGmdjYE77tUgrYHvVChYnjzttMAL9a0qvSoBKqjtv3nupcA==&u=U2FsdGVkX18KdhrYXp3wR8kZJCoLegtI6UmHmdqcE5UmCT98Aidq/wyiHT104O8l&y=U2FsdGVkX18hIXLI9jnUiD/XG27fLXovPH+G/YXTu57TbO2O5Hgczlec/4Tac92J HTTP/1.1" 200 26
152.203.218.244 - - [15/Sep/2023:13:42:13 -0500] "GET /kwssiamovil/sm/acme/a?s=U2FsdGVkX1+BrEHsidYQ/ChMIDWMbVOUYvH6XiwOTsE9PTMXsKCJuq4D6GKcPp4+lUih50MxdNLjGExjtKmy60SHUwIP/9U9SyjboCXbJ2IIJdpNheHzgkIK+AoW0D2TJQBUDMqgaRs9mYPbUmnB2yLV8JJ9E/pXURtkRord0QYQ+2guqvRzfdoDsjCuJPoD&u=U2FsdGVkX18KdhrYXp3wR8kZJCoLegtI6UmHmdqcE5UmCT98Aidq/wyiHT104O8l&y=U2FsdGVkX18hIXLI9jnUiD/XG27fLXovPH+G/YXTu57TbO2O5Hgczlec/4Tac92J HTTP/1.1" 200 26
152.203.218.244 - - [15/Sep/2023:13:42:13 -0500] "GET /kwssiamovil/sm/acme/a?s=U2FsdGVkX1/HqdhE+LIi0zthiGVxE0LhwnmXg7HdARzsjOthqsGuRnCx5ibUAj13LkNAiE7piW1TVfF0cH9Uqe95GQuYFrAvhP2bdNQsDTXx9pL9gy2QJBKkwvISGUAU9VtPwpZfYDKty8j31NNlHHq+O5f2yZf4QO+sAVBC8KTmZypF1Oa9nRBzi7T1Q7+CPJdqA/6mFaqIoLqKom+9Fg==&u=U2FsdGVkX18KdhrYXp3wR8kZJCoLegtI6UmHmdqcE5UmCT98Aidq/wyiHT104O8l&y=U2FsdGVkX18hIXLI9jnUiD/XG27fLXovPH+G/YXTu57TbO2O5Hgczlec/4Tac92J HTTP/1.1" 200 26
152.203.218.244 - - [15/Sep/2023:13:42:13 -0500] "GET /kwssiamovil/sm/acme/a?s=U2FsdGVkX1/swZkurUNJE6Nvw13XCQiQpMHIx1XR1q1yRDEhJA+PsNFWfQHfBE/NcYzIjeGflMIZd9PpDLnLxBgyVK8iEugc81++BqwtM1KQb1Aiw91qH/2SovrN7bW7E6qEd85flh8d6egaHBFXh+Zi6cYR7sowlCnQoUSKuxxOLJRr1vUsuvkbUqi1pvWU&u=U2FsdGVkX18KdhrYXp3wR8kZJCoLegtI6UmHmdqcE5UmCT98Aidq/wyiHT104O8l&y=U2FsdGVkX18hIXLI9jnUiD/XG27fLXovPH+G/YXTu57TbO2O5Hgczlec/4Tac92J HTTP/1.1" 200 26
40.77.167.6 - - [15/Sep/2023:13:42:15 -0500] "GET /portaldeninos/tag/dia-mundial-del-reciclaje/ HTTP/1.1" 200 93824
216.245.221.92 - - [15/Sep/2023:13:42:21 -0500] "HEAD / HTTP/1.1" 200 -
201.245.192.253 - - [15/Sep/2023:13:42:34 -0500] "POST /forms/lservlet;jsessionid=ac16012b30d6d19c31849e654dd38cb0cf62d49b9509.e3iSbxaKaheRe34Pbx8Nc3aQci1ynknvrkLOlQzNp65In0 HTTP/1.1" 200 2
152.203.218.244 - - [15/Sep/2023:13:42:36 -0500] "GET /kwssiamovil/sm/acme/u?s=U2FsdGVkX1/4FOuK2qxIhK+Y/N5KZOUeE2vTQnJ/8kGgak+dbDTAPnaiWVb6AUNYfL1deYmHf7WnA7P13lR1mueibNnHWlt69r6cs1pAer+TCRzo/EUlOq9rFlEhc6JEHqmF+EBgZcgtdzDEEtvJWDcJA0F1jnJFKlsuI7xIEqY=&u=U2FsdGVkX18KdhrYXp3wR8kZJCoLegtI6UmHmdqcE5UmCT98Aidq/wyiHT104O8l&y=U2FsdGVkX18hIXLI9jnUiD/XG27fLXovPH+G/YXTu57TbO2O5Hgczlec/4Tac92J HTTP/1.1" 200 60
216.244.66.195 - - [15/Sep/2023:13:42:46 -0500] "GET /BLA/resoluciones/AUTOS%202014/1301.pdf HTTP/1.1" 200 483825
201.245.192.253 - - [15/Sep/2023:13:43:03 -0500] "POST /sipse/faces/presentacion/proyectos/proyecto/presupuesto/presupuestoEntreActividades/seleccionarActividadesOrigen.xhtml HTTP/1.1" 200 1872
201.245.192.253 - - [15/Sep/2023:13:43:36 -0500] "POST /sipse/faces/presentacion/proyectos/proyecto/presupuesto/presupuestoEntreActividades/seleccionarActividadesOrigen.xhtml HTTP/1.1" 200 85482
201.245.192.253 - - [15/Sep/2023:13:43:36 -0500] "GET /sipse/faces/javax.faces.resource/jquery/jquery.js?ln=primefaces&v=4.0 HTTP/1.1" 304 -
216.244.66.195 - - [15/Sep/2023:13:43:36 -0500] "GET /BLA/resoluciones/AUTOS%202014/1910.pdf HTTP/1.1" 200 304983
201.245.192.253 - - [15/Sep/2023:13:43:36 -0500] "GET /sipse/faces/javax.faces.resource/jquery/jquery-plugins.js?ln=primefaces&v=4.0 HTTP/1.1" 304 -
201.245.192.253 - - [15/Sep/2023:13:43:37 -0500] "GET /sipse/faces/javax.faces.resource/primefaces.js?ln=primefaces&v=4.0 HTTP/1.1" 304 -
201.245.192.253 - - [15/Sep/2023:13:43:37 -0500] "GET /sipse/faces/javax.faces.resource/layout/layout.js?ln=primefaces&v=4.0 HTTP/1.1" 304 -
201.245.192.253 - - [15/Sep/2023:13:43:39 -0500] "POST /forms/lservlet;jsessionid=ac16012b30d63d978f376e20424bb3f6ff930e63d6af.e3iSbxaKaheRe34Pbx8Nc3aQci1ynknvrkLOlQzNp65In0 HTTP/1.1" 200 2
69.171.231.120 - - [15/Sep/2023:13:43:54 -0500] "GET /decision-de-frenar-obras-en-el-zuque-es-caprichosa-y-priva-a-la-ciudadania-de-conocer-y-preservar-los-cerros-orientales-urrutia-secretaria-de-ambiente.html HTTP/1.1" 200 1018
216.244.66.195 - - [15/Sep/2023:13:44:22 -0500] "GET /BLA/resoluciones/AUTOS%202015/1603.pdf HTTP/1.1" 200 340776
201.245.192.253 - - [15/Sep/2023:13:44:34 -0500] "POST /forms/lservlet;jsessionid=ac16012b30d6d19c31849e654dd38cb0cf62d49b9509.e3iSbxaKaheRe34Pbx8Nc3aQci1ynknvrkLOlQzNp65In0 HTTP/1.1" 200 2
201.245.192.253 - - [15/Sep/2023:13:44:42 -0500] "POST /sipse/faces/presentacion/proyectos/proyecto/presupuesto/presupuestoEntreActividades/seleccionarActividadesDestino.xhtml HTTP/1.1" 200 52767
201.245.192.253 - - [15/Sep/2023:13:44:42 -0500] "GET /sipse/faces/javax.faces.resource/jquery/jquery.js?ln=primefaces&v=4.0 HTTP/1.1" 304 -
201.245.192.253 - - [15/Sep/2023:13:44:42 -0500] "GET /sipse/faces/javax.faces.resource/jquery/jquery-plugins.js?ln=primefaces&v=4.0 HTTP/1.1" 304 -
201.245.192.253 - - [15/Sep/2023:13:44:42 -0500] "GET /sipse/faces/javax.faces.resource/primefaces.js?ln=primefaces&v=4.0 HTTP/1.1" 304 -
201.245.192.253 - - [15/Sep/2023:13:44:42 -0500] "GET /sipse/faces/javax.faces.resource/layout/layout.js?ln=primefaces&v=4.0 HTTP/1.1" 304 -
216.244.66.195 - - [15/Sep/2023:13:45:06 -0500] "GET /BLA/resoluciones/AUTOS%202017/0383.pdf HTTP/1.1" 200 2126485
201.245.192.253 - - [15/Sep/2023:13:45:29 -0500] "POST /sipse/faces/presentacion/proyectos/proyecto/presupuesto/presupuestoEntreActividades/resumen.xhtml HTTP/1.1" 200 2406
201.245.192.253 - - [15/Sep/2023:13:45:29 -0500] "POST /sipse/faces/presentacion/proyectos/proyecto/presupuesto/presupuestoEntreActividades/resumen.xhtml HTTP/1.1" 200 2890
201.245.192.253 - - [15/Sep/2023:13:45:29 -0500] "GET /sipse/faces/javax.faces.resource/messages/messages.png?ln=primefaces&v=4.0 HTTP/1.1" 304 -
172.22.2.4 - - [15/Sep/2023:13:43:51 -0500] "HEAD /BLA/boletinlegal/ HTTP/1.1" 200 -
201.245.192.253 - - [15/Sep/2023:13:45:39 -0500] "POST /forms/lservlet;jsessionid=ac16012b30d63d978f376e20424bb3f6ff930e63d6af.e3iSbxaKaheRe34Pbx8Nc3aQci1ynknvrkLOlQzNp65In0 HTTP/1.1" 200 2
216.244.66.195 - - [15/Sep/2023:13:45:56 -0500] "GET /BLA/resoluciones/AUTOS%202017/1495.pdf HTTP/1.1" 200 319430
201.245.192.253 - - [15/Sep/2023:13:46:12 -0500] "POST /sipse/faces/presentacion/proyectos/proyecto/presupuesto/presupuestoEntreActividades/resumen.xhtml HTTP/1.1" 200 2506
186.102.50.88 - - [15/Sep/2023:13:46:16 -0500] "GET /kwssiamovil/sm/ldap/au?x=U2FsdGVkX1/dYJcjg2F7yFaYSFSaULcIBc8SUjGYtaRDtwVqHFQ56vSDfe7Jk+r7&y=U2FsdGVkX18Ugzdq/4VZ8lxSYroSH9hnTeOORf5ulaU= HTTP/1.1" 200 31
201.245.192.253 - - [15/Sep/2023:13:46:16 -0500] "POST /kwsrmcab/Wsrmcab  HTTP/1.1" 200 213
186.102.50.88 - - [15/Sep/2023:13:46:21 -0500] "GET /kwssiamovil/sm/ldap/au?x=U2FsdGVkX18PZ+7Q0QlsG80ni34ShsNhrRwJ5JAmCT8rxCo1wYRUY0EFw31VoWXz&y=U2FsdGVkX1/Id/Z7ajiuLu/eoDJZ71zbggLXtrZUSQo= HTTP/1.1" 200 31
172.22.2.4 - - [15/Sep/2023:13:44:42 -0500] "GET /BLA/boletinlegal/ HTTP/1.1" 200 60692
186.102.50.88 - - [15/Sep/2023:13:46:34 -0500] "GET /kwssiamovil/sm/ldap/au?x=U2FsdGVkX1/y8B1jm26lGPZY9Cs660nanIHwlj4bk2ONTT6+y9v5FnirPwCvSPzH&y=U2FsdGVkX19DcXJOTru9/5KmGIgI95yvy4nC/puD0Dc= HTTP/1.1" 200 30
186.102.50.88 - - [15/Sep/2023:13:46:34 -0500] "GET /kwssiamovil/sm/acme/s?s=U2FsdGVkX1/kiFIZfCG/NmYS7aRNs3v5u3gSgnvFnVhPzUj/Okekwh7/i3EU1uPUZqIyCrmZE1nG9RP733DCVWvW0dXKSqaMairBg0x0RUY=&u=U2FsdGVkX18Sj6xHQJSmpJKiukT2btY45AlWJQ2dUaQ=&y=U2FsdGVkX19DcXJOTru9/5KmGIgI95yvy4nC/puD0Dc= HTTP/1.1" 200 97
186.102.50.88 - - [15/Sep/2023:13:46:34 -0500] "GET /kwssiamovil/sm/acme/s?s=U2FsdGVkX18CUGfKX9TCz6W4qbYDtfK4ecjeF6xU5rv9H92mNSyv9E1Frr6L5LwX8+HKtBvqe6bP5B6+GnR3PbY1x67urJs0dZdjRqTmiwXeyT4bgrttMHN5X5rOhMjmzyOdiFUnPFL3C/fT7xlaVQbQn9irs2gMI29hVNMrfe77L1t4zr3/Zho0uqxqzp4pU7FmlsnAnwNUV4g0R8iiMeCTJxqg0l5FGhVB/09ANk5BQV1akBZhemGhbt2HeI+qVKNW9yFk6eGInBdzH2dfmy2S0Z6FeSLOCDSFYBuLv5yG3EGTlqhm5fZOc5RAV7O8TMYGffPLRI9GZ257Xxjxp23XRGJ5TnnYEvZoqdoTnrzMDlUMFz9r53gtZpWsHEsAabWp1VcDXypju4P4C5v9eaqFijjZKYlu4P5yzbcc3NZKnMXlX8//yPwL/bCnkpk56BXAJ9tcj8HGGpyVXWtfIAHpsoGbq6How3vn2zuKSf3fsi1gLIf8XiAEptV14qV+1iZsNnnBPFbQQtkJRTGSUOtiJB5EfbQQMnK7xdIemj9xgLMbLIbMdMU2BFxDABGPEsjEY65xmJ3uYUUoEbVJmS/jy9kuXH1OCgdIlBAsL+4NCDDYKLPdp/GUVhmNlkQT5XyRIR+6nR2cfu8IJjWxSsTdRm87Q4U57M18O0wZz1gDPlJfhsyiiAUsRj76DfVSCqbYJBIgjh/IJHZhlG5xr33ju3RYHYD2eyACSnAFk96Xke+GE38Mcm9GJm1du7OcNtVBUCrKQIbDDCQOLSULswyHm2r0nv88OBjW1mRb41ucPl8bGLvndUtgjivYJ6Cgc8JnKfzpP/j9tjqfUiWprCsWHEQaY8fJouMu04sxWid/x8RHg2MCDv0R3kd6riF5WQ9yZZghnoxn2E+KW9+WlwB93OMEmeamuaVLILtcVqS4JdFwNgWOxay+8YpuTFO3jg4DriFdUAnMEKkwacesGeAPUmeyE3Lx7AMhdWDlnekx3VVnEthPdBylPH4H/YKHZiogtNwWp6sTxsaIfJU3NfTX46Lw/n8Rmam/6yIrkbcheuRIUzK2KUzpzaKbhAluiHfVC8ouhZSoIKrIPB5AuyZGnSNlb1AGoAWY79Ep/pL7/9HUcNJqXYKsRPEIUQD5o689BCiLeG5pyHXStyGWy5oFc8UcsN0d2D0S/YzBipJ5GXglcLJFUrOh05W/etCvYcDSlTnW6LepYI7ncce2f1WeGgTyyc03MDBZxfyZ6rsUblEGzOsuOAFkb/+T+5/3y3zK96/c+DiEZWkKvUoLRFrx28G9+RfqN4SsClYgcdCF8Ij8RCAlO/TpX5b6GyWLTVvn6AdxqkmzhR37Z+Fdr/ZWNcjFCMzvxEL1Y64IcD94WZKiRDvlI4HUr5YslKEEwttz2GyVpKZlQ+Nfn3chA2YoIX63uJYjTW86qFHcHsT7uBU/mZH1htBpYhr2gFMkfG/97TCrva9uyWDTTkUBB8qtL5Gk6YIC52LTyC639xHYEFglJjCWohVE8ARxI+IKV8KuX0kuA/ELSAwafs2KqERSg+8NFD9w5KWUYzsZJ10FOALtLpmt6dCvYWcs9CVafyxKMB/1SFyyT0w7rccPOQ921+NNd2fTuvJCHx8GZRbhbaOt1CZaJmKmAWzceJ+9HMqdkuYya/qp+R9HhgVKqJI7ZPuAX4T/tmMb8BVtbJvyW27oXI5k/QH5pqMiwFatiWJFUFYW/Vb3rICSZofvb2UtrRtVvgfIb6h0uAeUHZY=&u=U2FsdGVkX18Sj6xHQJSmpJKiukT2btY45AlWJQ2dUaQ=&y=U2FsdGVkX19DcXJOTru9/5KmGIgI95yvy4nC/puD0Dc= HTTP/1.1" 200 2102
186.102.50.88 - - [15/Sep/2023:13:46:34 -0500] "GET /kwssiamovil/sm/acme/s?s=U2FsdGVkX1+9STleNudROcHj1ZbJAce35K/p/HuSPgdmbNMXKZ282/Gu63oEOM6FolMjthTzyDE8UYOi18HeDuLKpFoY5wRyPhp9aoliIMwLkaWRj8Ci4YvFYSBX6Pzas/yVqo1m1KAGTfzLcCkDLMHfBEzOv0JSa/14NbxgGhgwNwZfI4dNKAsnWr32GQI2qRnnmfNrlBDrsQWNSBtH6ZyVPGbiRx1IP6Zw9Tgf33hjvV14FZ+1wSo4s1tJKqJ5Z6MzEsf7JpRCEOzCl4Uxz4QkPkwvQhher7fDpIYeNogkxHHF4iGa0NUKB4Mx2+R3/ykOCMq4WYuudsqbv1pmFwmER29zD2Pzp/PkQh6q7lmggsiYp8MlQD8Xpr8pf0SIZiyzMw44aPzaSjfCH+BWHBrFZx5IYHFN7fkG/fHkDArr9/9Dc9DE2g8EPH2bwXNG+/wd7PQqXBc1v8C8kCEtIKInU2PVTWoRsFJ6h+oToUk4iRqy7Ld1kZ7HlorZY119ItgmPsILDU1U06D9dbn9mXb/OZyLDcTmS8x4n2rwmT7D5kWve5JSQonQ8r7GJll7jCMX88cQ2msicO7kRMG2dcv7MCj7JBEH0TpusCk9ZaqeG0Q4zloSrvHTCkjOozwOd0msb3+8/oEULE2hPLVpO0/uuTa0Uf8VOpdeHt7cY+7iQIWEFpNB4zZjvZYSHrUv96rd1w8Vu99m9rIHfkZ/O9TVqitJ4aJTVu1CR4H9EJmq/d+cfLI/xFV1OovmsYmp&u=U2FsdGVkX18Sj6xHQJSmpJKiukT2btY45AlWJQ2dUaQ=&y=U2FsdGVkX19DcXJOTru9/5KmGIgI95yvy4nC/puD0Dc= HTTP/1.1" 200 208
201.245.192.253 - - [15/Sep/2023:13:46:34 -0500] "POST /forms/lservlet;jsessionid=ac16012b30d6d19c31849e654dd38cb0cf62d49b9509.e3iSbxaKaheRe34Pbx8Nc3aQci1ynknvrkLOlQzNp65In0 HTTP/1.1" 200 2
186.102.50.88 - - [15/Sep/2023:13:46:34 -0500] "GET /kwssiamovil/sm/cjson/pre?f=1&x=U2FsdGVkX1/y8B1jm26lGPZY9Cs660nanIHwlj4bk2ONTT6+y9v5FnirPwCvSPzH HTTP/1.1" 200 31032
216.244.66.195 - - [15/Sep/2023:13:46:46 -0500] "GET /BLA/resoluciones/AUTOS%202017/2425.PDF HTTP/1.1" 200 1361057
201.245.192.253 - - [15/Sep/2023:13:46:54 -0500] "POST /sipse/faces/presentacion/proyectos/proyecto/presupuesto/presupuestoEntreActividades/resumen.xhtml HTTP/1.1" 200 2704
201.245.192.253 - - [15/Sep/2023:13:46:55 -0500] "POST /sipse/faces/presentacion/proyectos/proyecto/presupuesto/presupuestoEntreActividades/resumen.xhtml HTTP/1.1" 200 2712
201.245.192.253 - - [15/Sep/2023:13:47:00 -0500] "POST /sipse/faces/presentacion/proyectos/proyecto/presupuesto/presupuestoEntreActividades/resumen.xhtml HTTP/1.1" 200 79740
201.245.192.253 - - [15/Sep/2023:13:47:02 -0500] "GET /sipse/faces/javax.faces.resource/jquery/jquery.js?ln=primefaces&v=4.0 HTTP/1.1" 304 -
201.245.192.253 - - [15/Sep/2023:13:47:02 -0500] "GET /sipse/faces/javax.faces.resource/jquery/jquery-plugins.js?ln=primefaces&v=4.0 HTTP/1.1" 304 -
201.245.192.253 - - [15/Sep/2023:13:47:02 -0500] "GET /sipse/faces/javax.faces.resource/primefaces.js?ln=primefaces&v=4.0 HTTP/1.1" 304 -
201.245.192.253 - - [15/Sep/2023:13:47:03 -0500] "GET /sipse/faces/javax.faces.resource/layout/layout.js?ln=primefaces&v=4.0 HTTP/1.1" 304 -
201.245.192.253 - - [15/Sep/2023:13:47:03 -0500] "POST /sipse/faces/presentacion/proyectos/proyecto/proyecto.xhtml HTTP/1.1" 200 3421
201.245.192.253 - - [15/Sep/2023:13:47:10 -0500] "POST /sipse/faces/presentacion/proyectos/proyecto/proyecto.xhtml HTTP/1.1" 200 44081
201.245.192.253 - - [15/Sep/2023:13:47:12 -0500] "POST /sipse/faces/presentacion/proyectos/proyecto/proyecto.xhtml HTTP/1.1" 200 4004
216.245.221.92 - - [15/Sep/2023:13:47:21 -0500] "HEAD / HTTP/1.1" 200 -
201.245.192.253 - - [15/Sep/2023:13:47:21 -0500] "POST /sipse/faces/presentacion/proyectos/proyecto/proyecto.xhtml HTTP/1.1" 200 71544
201.245.192.253 - - [15/Sep/2023:13:47:39 -0500] "POST /forms/lservlet;jsessionid=ac16012b30d63d978f376e20424bb3f6ff930e63d6af.e3iSbxaKaheRe34Pbx8Nc3aQci1ynknvrkLOlQzNp65In0 HTTP/1.1" 200 2
216.244.66.195 - - [15/Sep/2023:13:47:39 -0500] "GET /BLA/resoluciones/AUTOS%202018/0258.pdf HTTP/1.1" 200 248228
201.245.192.253 - - [15/Sep/2023:13:47:38 -0500] "POST /sipse/faces/presentacion/proyectos/proyecto/proyecto.xhtml HTTP/1.1" 200 68172
216.244.66.195 - - [15/Sep/2023:13:48:21 -0500] "GET /BLA/resoluciones/AUTOS%202018/0940.pdf HTTP/1.1" 200 274343
201.245.192.253 - - [15/Sep/2023:13:48:34 -0500] "POST /forms/lservlet;jsessionid=ac16012b30d6d19c31849e654dd38cb0cf62d49b9509.e3iSbxaKaheRe34Pbx8Nc3aQci1ynknvrkLOlQzNp65In0 HTTP/1.1" 200 2
66.249.70.198 - - [15/Sep/2023:13:48:46 -0500] "GET /Publicaciones/2023EE205761.pdf HTTP/1.1" 304 -
40.77.202.58 - - [15/Sep/2023:13:49:04 -0500] "GET /galeria/galeria/jquery.fancybox.css?v=2.1.5 HTTP/1.1" 200 4895
40.77.202.58 - - [15/Sep/2023:13:49:04 -0500] "GET /BLA/boletinlegal/js/jquery.scrollShow.js HTTP/1.1" 200 4586
40.77.202.58 - - [15/Sep/2023:13:49:04 -0500] "GET /galeria/galeria/jquery.fancybox.js?v=2.1.5 HTTP/1.1" 200 48706
216.244.66.195 - - [15/Sep/2023:13:49:05 -0500] "GET /BLA/resoluciones/AUTOS%202018/1024.pdf HTTP/1.1" 200 301547
185.224.128.197 - - [15/Sep/2023:13:49:30 -0500] "GET / HTTP/1.1" 200 319
201.245.192.253 - - [15/Sep/2023:13:49:39 -0500] "POST /forms/lservlet;jsessionid=ac16012b30d63d978f376e20424bb3f6ff930e63d6af.e3iSbxaKaheRe34Pbx8Nc3aQci1ynknvrkLOlQzNp65In0 HTTP/1.1" 200 2
216.244.66.195 - - [15/Sep/2023:13:49:48 -0500] "GET /BLA/resoluciones/AUTOS%202018/1367.pdf HTTP/1.1" 200 276671
186.29.49.233 - - [15/Sep/2023:13:49:57 -0500] "GET /sipse/faces/faces/autenticacion.xhtml HTTP/1.1" 200 12506
186.29.49.233 - - [15/Sep/2023:13:49:58 -0500] "GET /sipse/js/disable_browser_buttons.js HTTP/1.1" 304 -
186.29.49.233 - - [15/Sep/2023:13:49:58 -0500] "GET /sipse/css/custom_css_sg_prime_login.css HTTP/1.1" 304 -
186.29.49.233 - - [15/Sep/2023:13:49:58 -0500] "GET /sipse/faces/javax.faces.resource/layout/layout.css;jsessionid=3P1o4CkxpfutG7X1kLyCbWaO.undefined?ln=primefaces&v=4.0 HTTP/1.1" 200 542
186.29.49.233 - - [15/Sep/2023:13:49:58 -0500] "GET /sipse/css/custom_css_sg.css HTTP/1.1" 304 -
186.29.49.233 - - [15/Sep/2023:13:49:58 -0500] "GET /sipse/faces/javax.faces.resource/theme.css?ln=primefaces-sipse HTTP/1.1" 304 -
186.29.49.233 - - [15/Sep/2023:13:49:58 -0500] "GET /sipse/js/funciones.js HTTP/1.1" 304 -
186.29.49.233 - - [15/Sep/2023:13:49:58 -0500] "GET /sipse/faces/javax.faces.resource/primefaces.css;jsessionid=3P1o4CkxpfutG7X1kLyCbWaO.undefined?ln=primefaces&v=4.0 HTTP/1.1" 200 53295
186.29.49.233 - - [15/Sep/2023:13:49:58 -0500] "GET /sipse/faces/javax.faces.resource/jquery/jquery.js;jsessionid=3P1o4CkxpfutG7X1kLyCbWaO.undefined?ln=primefaces&v=4.0 HTTP/1.1" 200 105384
186.29.49.233 - - [15/Sep/2023:13:49:58 -0500] "GET /sipse/faces/javax.faces.resource/layout/layout.js;jsessionid=3P1o4CkxpfutG7X1kLyCbWaO.undefined?ln=primefaces&v=4.0 HTTP/1.1" 200 87560
186.29.49.233 - - [15/Sep/2023:13:49:58 -0500] "GET /sipse/faces/javax.faces.resource/jquery/jquery-plugins.js;jsessionid=3P1o4CkxpfutG7X1kLyCbWaO.undefined?ln=primefaces&v=4.0 HTTP/1.1" 200 220526
186.29.49.233 - - [15/Sep/2023:13:49:58 -0500] "GET /sipse/faces/javax.faces.resource/primefaces.js;jsessionid=3P1o4CkxpfutG7X1kLyCbWaO.undefined?ln=primefaces&v=4.0 HTTP/1.1" 200 276924
186.29.49.233 - - [15/Sep/2023:13:49:58 -0500] "GET /sipse/css/imagen/logoSDG.png HTTP/1.1" 304 -
186.29.49.233 - - [15/Sep/2023:13:49:58 -0500] "GET /sipse/css/imagen/loginimg.png HTTP/1.1" 304 -
186.29.49.233 - - [15/Sep/2023:13:49:58 -0500] "GET /sipse/faces/javax.faces.resource/images/ui-icons_898989_256x240.png?ln=primefaces-aristo HTTP/1.1" 304 -
186.29.49.233 - - [15/Sep/2023:13:49:58 -0500] "GET /sipse/faces/faces/index.xhtml HTTP/1.1" 200 677
186.29.49.233 - - [15/Sep/2023:13:49:58 -0500] "GET /sipse/faces/javax.faces.resource/theme.css?ln=primefaces-sipse HTTP/1.1" 304 -
186.29.49.233 - - [15/Sep/2023:13:49:58 -0500] "GET /sipse/faces/faces/faces/autenticacion.xhtml HTTP/1.1" 200 12184
186.29.49.233 - - [15/Sep/2023:13:49:59 -0500] "GET /sipse/faces/javax.faces.resource/theme.css?ln=primefaces-sipse HTTP/1.1" 304 -
186.29.49.233 - - [15/Sep/2023:13:49:59 -0500] "GET /sipse/faces/javax.faces.resource/jquery/jquery-plugins.js?ln=primefaces&v=4.0 HTTP/1.1" 304 -
186.29.49.233 - - [15/Sep/2023:13:49:59 -0500] "GET /sipse/faces/javax.faces.resource/jquery/jquery.js?ln=primefaces&v=4.0 HTTP/1.1" 304 -
186.29.49.233 - - [15/Sep/2023:13:49:59 -0500] "GET /sipse/faces/javax.faces.resource/layout/layout.css?ln=primefaces&v=4.0 HTTP/1.1" 304 -
186.29.49.233 - - [15/Sep/2023:13:49:59 -0500] "GET /sipse/faces/javax.faces.resource/layout/layout.js?ln=primefaces&v=4.0 HTTP/1.1" 304 -
186.29.49.233 - - [15/Sep/2023:13:49:59 -0500] "GET /sipse/faces/javax.faces.resource/primefaces.css?ln=primefaces&v=4.0 HTTP/1.1" 304 -
186.29.49.233 - - [15/Sep/2023:13:49:59 -0500] "GET /sipse/faces/javax.faces.resource/primefaces.js?ln=primefaces&v=4.0 HTTP/1.1" 304 -
186.29.49.233 - - [15/Sep/2023:13:50:06 -0500] "POST /sipse/faces/autenticacion.xhtml HTTP/1.1" 200 2218
186.29.49.233 - - [15/Sep/2023:13:50:06 -0500] "GET /sipse/faces/javax.faces.resource/messages/messages.png?ln=primefaces&v=4.0 HTTP/1.1" 304 -
186.29.49.233 - - [15/Sep/2023:13:50:07 -0500] "GET /sipse/faces/javax.faces.resource/images/ui-icons_898989_256x240.png?ln=primefaces-aristo HTTP/1.1" 304 -
186.29.49.233 - - [15/Sep/2023:13:50:08 -0500] "POST /sipse/faces/autenticacion.xhtml HTTP/1.1" 200 16350
186.29.49.233 - - [15/Sep/2023:13:50:08 -0500] "GET /sipse/css/custom_css_sg_prime.css HTTP/1.1" 304 -
186.29.49.233 - - [15/Sep/2023:13:50:08 -0500] "GET /sipse/faces/javax.faces.resource/primefaces.css?ln=primefaces&v=4.0 HTTP/1.1" 304 -
186.29.49.233 - - [15/Sep/2023:13:50:08 -0500] "GET /sipse/faces/javax.faces.resource/theme.css?ln=primefaces-sipse HTTP/1.1" 304 -
186.29.49.233 - - [15/Sep/2023:13:50:08 -0500] "GET /sipse/faces/javax.faces.resource/layout/layout.css?ln=primefaces&v=4.0 HTTP/1.1" 304 -
186.29.49.233 - - [15/Sep/2023:13:50:08 -0500] "GET /sipse/js/jquery.min.js HTTP/1.1" 304 -
186.29.49.233 - - [15/Sep/2023:13:50:08 -0500] "GET /sipse/faces/javax.faces.resource/jquery/jquery.js?ln=primefaces&v=4.0 HTTP/1.1" 304 -
186.29.49.233 - - [15/Sep/2023:13:50:08 -0500] "GET /sipse/faces/javax.faces.resource/jquery/jquery-plugins.js?ln=primefaces&v=4.0 HTTP/1.1" 304 -
186.29.49.233 - - [15/Sep/2023:13:50:08 -0500] "GET /sipse/faces/javax.faces.resource/primefaces.js?ln=primefaces&v=4.0 HTTP/1.1" 304 -
186.29.49.233 - - [15/Sep/2023:13:50:08 -0500] "GET /sipse/faces/javax.faces.resource/layout/layout.js?ln=primefaces&v=4.0 HTTP/1.1" 304 -
186.29.49.233 - - [15/Sep/2023:13:50:08 -0500] "GET /sipse/css/v_mergente.css HTTP/1.1" 304 -
186.29.49.233 - - [15/Sep/2023:13:50:08 -0500] "GET /sipse/imagenes/cargando.gif HTTP/1.1" 304 -
186.29.49.233 - - [15/Sep/2023:13:50:08 -0500] "GET /sipse/imagenes/logoAplicacion.jpg HTTP/1.1" 304 -
186.29.49.233 - - [15/Sep/2023:13:50:08 -0500] "GET /sipse/css/imagen/contrasena.png HTTP/1.1" 404 383
186.29.49.233 - - [15/Sep/2023:13:50:12 -0500] "GET /sipse/faces/javax.faces.resource/images/ui-bg_flat_0_2d5972_40x100.png?ln=primefaces-aristo HTTP/1.1" 304 -
186.29.49.233 - - [15/Sep/2023:13:50:12 -0500] "POST /sipse/faces/bienvenido.xhtml HTTP/1.1" 200 2060
186.29.49.233 - - [15/Sep/2023:13:50:13 -0500] "POST /sipse/faces/bienvenido.xhtml HTTP/1.1" 200 41391
186.29.49.233 - - [15/Sep/2023:13:50:13 -0500] "GET /sipse/faces/javax.faces.resource/theme.css?ln=primefaces-sipse HTTP/1.1" 304 -
186.29.49.233 - - [15/Sep/2023:13:50:13 -0500] "GET /sipse/faces/javax.faces.resource/primefaces.css?ln=primefaces&v=4.0 HTTP/1.1" 304 -
186.29.49.233 - - [15/Sep/2023:13:50:13 -0500] "GET /sipse/faces/javax.faces.resource/layout/layout.css?ln=primefaces&v=4.0 HTTP/1.1" 304 -
186.29.49.233 - - [15/Sep/2023:13:50:13 -0500] "GET /sipse/faces/javax.faces.resource/jquery/jquery.js?ln=primefaces&v=4.0 HTTP/1.1" 304 -
186.29.49.233 - - [15/Sep/2023:13:50:13 -0500] "GET /sipse/faces/javax.faces.resource/jquery/jquery-plugins.js?ln=primefaces&v=4.0 HTTP/1.1" 304 -
186.29.49.233 - - [15/Sep/2023:13:50:13 -0500] "GET /sipse/faces/javax.faces.resource/primefaces.js?ln=primefaces&v=4.0 HTTP/1.1" 304 -
186.29.49.233 - - [15/Sep/2023:13:50:13 -0500] "GET /sipse/faces/javax.faces.resource/layout/layout.js?ln=primefaces&v=4.0 HTTP/1.1" 304 -
186.29.49.233 - - [15/Sep/2023:13:50:13 -0500] "POST /sipse/faces/presentacion/financiero/solicitudProceso/listarSolicitudProceso.xhtml HTTP/1.1" 200 1444
173.252.87.12 - - [15/Sep/2023:13:50:21 -0500] "GET /decision-de-frenar-obras-en-el-zuque-es-caprichosa-y-priva-a-la-ciudadania-de-conocer-y-preservar-los-cerros-orientales-urrutia-secretaria-de-ambiente.html HTTP/1.1" 200 1018
186.29.49.233 - - [15/Sep/2023:13:50:24 -0500] "POST /sipse/faces/presentacion/financiero/solicitudProceso/listarSolicitudProceso.xhtml HTTP/1.1" 200 133712
186.29.49.233 - - [15/Sep/2023:13:50:24 -0500] "GET /sipse/faces/javax.faces.resource/theme.css?ln=primefaces-sipse HTTP/1.1" 304 -
186.29.49.233 - - [15/Sep/2023:13:50:24 -0500] "GET /sipse/faces/javax.faces.resource/primefaces.css?ln=primefaces&v=4.0 HTTP/1.1" 304 -
186.29.49.233 - - [15/Sep/2023:13:50:24 -0500] "GET /sipse/faces/javax.faces.resource/layout/layout.css?ln=primefaces&v=4.0 HTTP/1.1" 304 -
186.29.49.233 - - [15/Sep/2023:13:50:24 -0500] "GET /sipse/faces/javax.faces.resource/jquery/jquery.js?ln=primefaces&v=4.0 HTTP/1.1" 304 -
186.29.49.233 - - [15/Sep/2023:13:50:25 -0500] "GET /sipse/faces/javax.faces.resource/jquery/jquery-plugins.js?ln=primefaces&v=4.0 HTTP/1.1" 304 -
186.29.49.233 - - [15/Sep/2023:13:50:25 -0500] "GET /sipse/faces/javax.faces.resource/primefaces.js?ln=primefaces&v=4.0 HTTP/1.1" 304 -
186.29.49.233 - - [15/Sep/2023:13:50:25 -0500] "GET /sipse/faces/javax.faces.resource/layout/layout.js?ln=primefaces&v=4.0 HTTP/1.1" 304 -
173.252.87.3 - - [15/Sep/2023:13:50:26 -0500] "GET /decision-de-frenar-obras-en-el-zuque-es-caprichosa-y-priva-a-la-ciudadania-de-conocer-y-preservar-los-cerros-orientales-urrutia-secretaria-de-ambiente.html HTTP/1.1" 206 1018
172.22.2.4 - - [15/Sep/2023:13:48:48 -0500] "GET /BLA/boletinlegal/ HTTP/1.1" 200 58597
216.244.66.195 - - [15/Sep/2023:13:50:31 -0500] "GET /BLA/resoluciones/AUTOS%202018/2488.pdf HTTP/1.1" 200 287141
173.252.87.7 - - [15/Sep/2023:13:50:31 -0500] "GET /decision-de-frenar-obras-en-el-zuque-es-caprichosa-y-priva-a-la-ciudadania-de-conocer-y-preservar-los-cerros-orientales-urrutia-secretaria-de-ambiente.html HTTP/1.1" 200 1018
201.245.192.253 - - [15/Sep/2023:13:50:35 -0500] "POST /forms/lservlet;jsessionid=ac16012b30d6d19c31849e654dd38cb0cf62d49b9509.e3iSbxaKaheRe34Pbx8Nc3aQci1ynknvrkLOlQzNp65In0 HTTP/1.1" 200 2
186.29.49.233 - - [15/Sep/2023:13:50:34 -0500] "POST /sipse/faces/presentacion/financiero/solicitudProceso/consultarSolicitudProceso.xhtml HTTP/1.1" 200 30596
186.29.49.233 - - [15/Sep/2023:13:50:35 -0500] "GET /sipse/faces/javax.faces.resource/primefaces.css?ln=primefaces&v=4.0 HTTP/1.1" 304 -
186.29.49.233 - - [15/Sep/2023:13:50:35 -0500] "GET /sipse/faces/javax.faces.resource/theme.css?ln=primefaces-sipse HTTP/1.1" 304 -
186.29.49.233 - - [15/Sep/2023:13:50:35 -0500] "GET /sipse/faces/javax.faces.resource/layout/layout.css?ln=primefaces&v=4.0 HTTP/1.1" 304 -
186.29.49.233 - - [15/Sep/2023:13:50:35 -0500] "GET /sipse/faces/javax.faces.resource/jquery/jquery.js?ln=primefaces&v=4.0 HTTP/1.1" 304 -
186.29.49.233 - - [15/Sep/2023:13:50:35 -0500] "GET /sipse/faces/javax.faces.resource/primefaces.js?ln=primefaces&v=4.0 HTTP/1.1" 304 -
186.29.49.233 - - [15/Sep/2023:13:50:35 -0500] "GET /sipse/faces/javax.faces.resource/jquery/jquery-plugins.js?ln=primefaces&v=4.0 HTTP/1.1" 304 -
186.29.49.233 - - [15/Sep/2023:13:50:35 -0500] "GET /sipse/faces/javax.faces.resource/layout/layout.js?ln=primefaces&v=4.0 HTTP/1.1" 304 -
186.29.49.233 - - [15/Sep/2023:13:50:48 -0500] "GET /sipse/faces/javax.faces.resource/jquery/jquery-plugins.js?ln=primefaces&v=4.0 HTTP/1.1" 304 -
186.29.49.233 - - [15/Sep/2023:13:50:48 -0500] "GET /sipse/faces/javax.faces.resource/jquery/jquery.js?ln=primefaces&v=4.0 HTTP/1.1" 304 -
186.29.49.233 - - [15/Sep/2023:13:50:48 -0500] "GET /sipse/faces/javax.faces.resource/primefaces.css?ln=primefaces&v=4.0 HTTP/1.1" 304 -
186.29.49.233 - - [15/Sep/2023:13:50:48 -0500] "GET /sipse/faces/javax.faces.resource/theme.css?ln=primefaces-sipse HTTP/1.1" 304 -
186.29.49.233 - - [15/Sep/2023:13:50:48 -0500] "GET /sipse/faces/javax.faces.resource/layout/layout.css?ln=primefaces&v=4.0 HTTP/1.1" 304 -
186.29.49.233 - - [15/Sep/2023:13:50:47 -0500] "POST /sipse/faces/presentacion/financiero/solicitudProceso/consultarHistorialSolProceso.xhtml HTTP/1.1" 200 179362
186.29.49.233 - - [15/Sep/2023:13:50:48 -0500] "GET /sipse/faces/javax.faces.resource/primefaces.js?ln=primefaces&v=4.0 HTTP/1.1" 304 -
186.29.49.233 - - [15/Sep/2023:13:50:48 -0500] "GET /sipse/faces/javax.faces.resource/layout/layout.js?ln=primefaces&v=4.0 HTTP/1.1" 304 -
66.249.66.85 - - [15/Sep/2023:13:51:10 -0500] "GET /portaldeninos/wp-content/uploads/2021/11/tunel-ambiente-6-junio-1200x480.jpg HTTP/1.1" 200 91539
186.29.49.233 - - [15/Sep/2023:13:51:16 -0500] "POST /sipse/faces/presentacion/financiero/solicitudProceso/consultarSolicitudProceso.xhtml HTTP/1.1" 200 5499
201.245.192.253 - - [15/Sep/2023:13:51:15 -0500] "POST /kwsrmcab/Wsrmcab  HTTP/1.1" 200 213
216.244.66.195 - - [15/Sep/2023:13:51:17 -0500] "GET /BLA/resoluciones/AUTOS%202018/3413.pdf HTTP/1.1" 200 450966
172.22.2.4 - - [15/Sep/2023:13:49:41 -0500] "HEAD /BLA/boletinlegal/ HTTP/1.1" 200 -
201.245.192.253 - - [15/Sep/2023:13:51:39 -0500] "POST /forms/lservlet;jsessionid=ac16012b30d63d978f376e20424bb3f6ff930e63d6af.e3iSbxaKaheRe34Pbx8Nc3aQci1ynknvrkLOlQzNp65In0 HTTP/1.1" 200 2
216.244.66.195 - - [15/Sep/2023:13:52:05 -0500] "GET /BLA/resoluciones/AUTOS%202019/4467.pdf HTTP/1.1" 200 746566
172.22.2.4 - - [15/Sep/2023:13:50:32 -0500] "GET /BLA/boletinlegal/ HTTP/1.1" 200 58597
216.245.221.92 - - [15/Sep/2023:13:52:21 -0500] "HEAD / HTTP/1.1" 200 -
66.249.66.192 - - [15/Sep/2023:13:52:25 -0500] "GET /inscribete-al-monitoreo-nocturno-en-celebracion-de-la-semana-de-las-polillas.html HTTP/1.1" 304 -
66.249.66.193 - - [15/Sep/2023:13:52:25 -0500] "GET /mas-de-28-toneladas-de-residuos-se-recolectaron-en-la-primera-reciclaton-2023.html HTTP/1.1" 304 -
201.245.192.253 - - [15/Sep/2023:13:52:35 -0500] "POST /forms/lservlet;jsessionid=ac16012b30d6d19c31849e654dd38cb0cf62d49b9509.e3iSbxaKaheRe34Pbx8Nc3aQci1ynknvrkLOlQzNp65In0 HTTP/1.1" 200 2
216.244.66.195 - - [15/Sep/2023:13:52:59 -0500] "GET /BLA/resoluciones/AUTOS%202019/4512.pdf HTTP/1.1" 200 832278
201.245.192.253 - - [15/Sep/2023:13:53:39 -0500] "POST /forms/lservlet;jsessionid=ac16012b30d63d978f376e20424bb3f6ff930e63d6af.e3iSbxaKaheRe34Pbx8Nc3aQci1ynknvrkLOlQzNp65In0 HTTP/1.1" 200 2
216.244.66.195 - - [15/Sep/2023:13:53:49 -0500] "GET /BLA/resoluciones/AUTOS%202020/0098.pdf HTTP/1.1" 200 303063
186.29.49.233 - - [15/Sep/2023:13:54:02 -0500] "POST /sipse/faces/presentacion/financiero/solicitudProceso/consultarSolicitudProceso.xhtml HTTP/1.1" 200 30596
186.29.49.233 - - [15/Sep/2023:13:54:02 -0500] "GET /sipse/faces/javax.faces.resource/primefaces.css?ln=primefaces&v=4.0 HTTP/1.1" 304 -
186.29.49.233 - - [15/Sep/2023:13:54:02 -0500] "GET /sipse/faces/javax.faces.resource/theme.css?ln=primefaces-sipse HTTP/1.1" 304 -
186.29.49.233 - - [15/Sep/2023:13:54:02 -0500] "GET /sipse/faces/javax.faces.resource/layout/layout.css?ln=primefaces&v=4.0 HTTP/1.1" 304 -
186.29.49.233 - - [15/Sep/2023:13:54:02 -0500] "GET /sipse/faces/javax.faces.resource/jquery/jquery.js?ln=primefaces&v=4.0 HTTP/1.1" 304 -
186.29.49.233 - - [15/Sep/2023:13:54:02 -0500] "GET /sipse/faces/javax.faces.resource/jquery/jquery-plugins.js?ln=primefaces&v=4.0 HTTP/1.1" 304 -
186.29.49.233 - - [15/Sep/2023:13:54:02 -0500] "GET /sipse/faces/javax.faces.resource/layout/layout.js?ln=primefaces&v=4.0 HTTP/1.1" 304 -
186.29.49.233 - - [15/Sep/2023:13:54:02 -0500] "GET /sipse/faces/javax.faces.resource/primefaces.js?ln=primefaces&v=4.0 HTTP/1.1" 304 -
186.29.49.233 - - [15/Sep/2023:13:54:11 -0500] "GET /sipse/faces/javax.faces.resource/primefaces.css?ln=primefaces&v=4.0 HTTP/1.1" 304 -
186.29.49.233 - - [15/Sep/2023:13:54:11 -0500] "GET /sipse/faces/javax.faces.resource/theme.css?ln=primefaces-sipse HTTP/1.1" 304 -
186.29.49.233 - - [15/Sep/2023:13:54:11 -0500] "GET /sipse/faces/javax.faces.resource/layout/layout.css?ln=primefaces&v=4.0 HTTP/1.1" 304 -
186.29.49.233 - - [15/Sep/2023:13:54:11 -0500] "GET /sipse/faces/javax.faces.resource/jquery/jquery.js?ln=primefaces&v=4.0 HTTP/1.1" 304 -
186.29.49.233 - - [15/Sep/2023:13:54:11 -0500] "GET /sipse/faces/javax.faces.resource/jquery/jquery-plugins.js?ln=primefaces&v=4.0 HTTP/1.1" 304 -
186.29.49.233 - - [15/Sep/2023:13:54:11 -0500] "GET /sipse/faces/javax.faces.resource/primefaces.js?ln=primefaces&v=4.0 HTTP/1.1" 304 -
186.29.49.233 - - [15/Sep/2023:13:54:11 -0500] "GET /sipse/faces/javax.faces.resource/layout/layout.js?ln=primefaces&v=4.0 HTTP/1.1" 304 -
186.29.49.233 - - [15/Sep/2023:13:54:11 -0500] "POST /sipse/faces/presentacion/financiero/solicitudProceso/consultarHistorialSolProceso.xhtml HTTP/1.1" 200 179504
186.29.49.233 - - [15/Sep/2023:13:54:15 -0500] "POST /sipse/faces/presentacion/financiero/solicitudProceso/consultarSolicitudProceso.xhtml HTTP/1.1" 200 23923
186.29.49.233 - - [15/Sep/2023:13:54:15 -0500] "GET /sipse/faces/javax.faces.resource/theme.css?ln=primefaces-sipse HTTP/1.1" 304 -
186.29.49.233 - - [15/Sep/2023:13:54:15 -0500] "GET /sipse/faces/javax.faces.resource/primefaces.css?ln=primefaces&v=4.0 HTTP/1.1" 304 -
186.29.49.233 - - [15/Sep/2023:13:54:15 -0500] "GET /sipse/faces/javax.faces.resource/layout/layout.css?ln=primefaces&v=4.0 HTTP/1.1" 304 -
186.29.49.233 - - [15/Sep/2023:13:54:15 -0500] "GET /sipse/faces/javax.faces.resource/jquery/jquery.js?ln=primefaces&v=4.0 HTTP/1.1" 304 -
186.29.49.233 - - [15/Sep/2023:13:54:15 -0500] "GET /sipse/faces/javax.faces.resource/jquery/jquery-plugins.js?ln=primefaces&v=4.0 HTTP/1.1" 304 -
186.29.49.233 - - [15/Sep/2023:13:54:15 -0500] "GET /sipse/faces/javax.faces.resource/primefaces.js?ln=primefaces&v=4.0 HTTP/1.1" 304 -
186.29.49.233 - - [15/Sep/2023:13:54:15 -0500] "GET /sipse/faces/javax.faces.resource/layout/layout.js?ln=primefaces&v=4.0 HTTP/1.1" 304 -
190.93.143.92 - - [15/Sep/2023:13:54:18 -0500] "GET /sipse/faces/javax.faces.resource/images/ui-bg_flat_0_2d5972_40x100.png?ln=primefaces-aristo HTTP/1.1" 304 -
190.93.143.92 - - [15/Sep/2023:13:54:18 -0500] "POST /sipse/faces/bienvenido.xhtml HTTP/1.1" 200 1471
190.93.143.92 - - [15/Sep/2023:13:54:19 -0500] "POST /sipse/faces/bienvenido.xhtml HTTP/1.1" 200 37391
190.93.143.92 - - [15/Sep/2023:13:54:19 -0500] "GET /sipse/faces/javax.faces.resource/primefaces.css?ln=primefaces&v=4.0 HTTP/1.1" 304 -
190.93.143.92 - - [15/Sep/2023:13:54:19 -0500] "GET /sipse/faces/javax.faces.resource/theme.css?ln=primefaces-sipse HTTP/1.1" 304 -
190.93.143.92 - - [15/Sep/2023:13:54:19 -0500] "GET /sipse/faces/javax.faces.resource/layout/layout.css?ln=primefaces&v=4.0 HTTP/1.1" 304 -
190.93.143.92 - - [15/Sep/2023:13:54:19 -0500] "GET /sipse/faces/javax.faces.resource/jquery/jquery.js?ln=primefaces&v=4.0 HTTP/1.1" 304 -
190.93.143.92 - - [15/Sep/2023:13:54:20 -0500] "GET /sipse/faces/javax.faces.resource/jquery/jquery-plugins.js?ln=primefaces&v=4.0 HTTP/1.1" 304 -
190.93.143.92 - - [15/Sep/2023:13:54:20 -0500] "GET /sipse/faces/javax.faces.resource/primefaces.js?ln=primefaces&v=4.0 HTTP/1.1" 304 -
190.93.143.92 - - [15/Sep/2023:13:54:20 -0500] "GET /sipse/faces/javax.faces.resource/layout/layout.js?ln=primefaces&v=4.0 HTTP/1.1" 304 -
190.93.143.92 - - [15/Sep/2023:13:54:20 -0500] "POST /sipse/faces/presentacion/financiero/solicitudProceso/listarSolicitudProceso.xhtml HTTP/1.1" 200 1424
216.244.66.195 - - [15/Sep/2023:13:54:24 -0500] "GET /BLA/resoluciones/AUTOS%202020/0377.pdf HTTP/1.1" 200 900596
201.245.192.253 - - [15/Sep/2023:13:54:35 -0500] "POST /forms/lservlet;jsessionid=ac16012b30d6d19c31849e654dd38cb0cf62d49b9509.e3iSbxaKaheRe34Pbx8Nc3aQci1ynknvrkLOlQzNp65In0 HTTP/1.1" 200 2
186.29.49.233 - - [15/Sep/2023:13:55:02 -0500] "POST /sipse/faces/presentacion/financiero/viabilidad/expedirViabilidad.xhtml HTTP/1.1" 200 135612
186.29.49.233 - - [15/Sep/2023:13:55:02 -0500] "GET /sipse/faces/javax.faces.resource/theme.css?ln=primefaces-sipse HTTP/1.1" 304 -
186.29.49.233 - - [15/Sep/2023:13:55:02 -0500] "GET /sipse/faces/javax.faces.resource/primefaces.css?ln=primefaces&v=4.0 HTTP/1.1" 304 -
186.29.49.233 - - [15/Sep/2023:13:55:02 -0500] "GET /sipse/faces/javax.faces.resource/layout/layout.css?ln=primefaces&v=4.0 HTTP/1.1" 304 -
186.29.49.233 - - [15/Sep/2023:13:55:02 -0500] "GET /sipse/faces/javax.faces.resource/jquery/jquery.js?ln=primefaces&v=4.0 HTTP/1.1" 304 -
186.29.49.233 - - [15/Sep/2023:13:55:03 -0500] "GET /sipse/faces/javax.faces.resource/jquery/jquery-plugins.js?ln=primefaces&v=4.0 HTTP/1.1" 304 -
186.29.49.233 - - [15/Sep/2023:13:55:03 -0500] "GET /sipse/faces/javax.faces.resource/primefaces.js?ln=primefaces&v=4.0 HTTP/1.1" 304 -
186.29.49.233 - - [15/Sep/2023:13:55:03 -0500] "GET /sipse/faces/javax.faces.resource/layout/layout.js?ln=primefaces&v=4.0 HTTP/1.1" 304 -
216.244.66.195 - - [15/Sep/2023:13:55:14 -0500] "GET /BLA/resoluciones/AUTOS%202020/1660.pdf HTTP/1.1" 200 404999
201.245.192.253 - - [15/Sep/2023:13:55:39 -0500] "POST /forms/lservlet;jsessionid=ac16012b30d63d978f376e20424bb3f6ff930e63d6af.e3iSbxaKaheRe34Pbx8Nc3aQci1ynknvrkLOlQzNp65In0 HTTP/1.1" 200 2
216.244.66.195 - - [15/Sep/2023:13:55:55 -0500] "GET /BLA/resoluciones/AUTOS%202020/1755.pdf HTTP/1.1" 200 478660
201.245.192.253 - - [15/Sep/2023:13:56:02 -0500] "GET /sipsesda/ HTTP/1.1" 200 1477
201.245.192.253 - - [15/Sep/2023:13:56:03 -0500] "GET /css/segobdis.css HTTP/1.1" 404 1264
201.245.192.253 - - [15/Sep/2023:13:56:03 -0500] "GET /sipsesda/faces/login.jspx HTTP/1.1" 200 7861
201.245.192.253 - - [15/Sep/2023:13:56:03 -0500] "GET /sipsesda/js/disable_browser_buttons.js;jsessionid=ac16012b22b89599e0af4eff402c8461868d6af74482.e34Lc3uRbN4Oc40LbNv0 HTTP/1.1" 200 2767
201.245.192.253 - - [15/Sep/2023:13:56:03 -0500] "GET /sipsesda/js/funciones.js;jsessionid=ac16012b22b89599e0af4eff402c8461868d6af74482.e34Lc3uRbN4Oc40LbNv0 HTTP/1.1" 200 36377
201.245.192.253 - - [15/Sep/2023:13:56:03 -0500] "GET /sipsesda/adf/styles/cache/segobdis16-desktop-10_1_3_4_0-gecko.css;jsessionid=ac16012b22b89599e0af4eff402c8461868d6af74482.e34Lc3uRbN4Oc40LbNv0 HTTP/1.1" 200 57778
201.245.192.253 - - [15/Sep/2023:13:56:03 -0500] "GET /sipsesda/adf/jsLibs/Common10_1_3_4_0.js;jsessionid=ac16012b22b89599e0af4eff402c8461868d6af74482.e34Lc3uRbN4Oc40LbNv0 HTTP/1.1" 200 132959
201.245.192.253 - - [15/Sep/2023:13:56:03 -0500] "GET /sipsesda/adf/images/t.gif;jsessionid=ac16012b22b89599e0af4eff402c8461868d6af74482.e34Lc3uRbN4Oc40LbNv0 HTTP/1.1" 200 86
201.245.192.253 - - [15/Sep/2023:13:56:03 -0500] "GET /sipsesda/imagenes/encabezado.jpg;jsessionid=ac16012b22b89599e0af4eff402c8461868d6af74482.e34Lc3uRbN4Oc40LbNv0 HTTP/1.1" 200 18018
190.93.143.92 - - [15/Sep/2023:13:56:04 -0500] "POST /sipse/faces/presentacion/financiero/solicitudProceso/listarSolicitudProceso.xhtml HTTP/1.1" 200 141257
190.93.143.92 - - [15/Sep/2023:13:56:04 -0500] "GET /sipse/faces/javax.faces.resource/theme.css?ln=primefaces-sipse HTTP/1.1" 304 -
190.93.143.92 - - [15/Sep/2023:13:56:04 -0500] "GET /sipse/faces/javax.faces.resource/layout/layout.css?ln=primefaces&v=4.0 HTTP/1.1" 304 -
190.93.143.92 - - [15/Sep/2023:13:56:04 -0500] "GET /sipse/faces/javax.faces.resource/primefaces.css?ln=primefaces&v=4.0 HTTP/1.1" 304 -
190.93.143.92 - - [15/Sep/2023:13:56:04 -0500] "GET /sipse/faces/javax.faces.resource/jquery/jquery.js?ln=primefaces&v=4.0 HTTP/1.1" 304 -
190.93.143.92 - - [15/Sep/2023:13:56:04 -0500] "GET /sipse/faces/javax.faces.resource/jquery/jquery-plugins.js?ln=primefaces&v=4.0 HTTP/1.1" 304 -
190.93.143.92 - - [15/Sep/2023:13:56:04 -0500] "GET /sipse/faces/javax.faces.resource/primefaces.js?ln=primefaces&v=4.0 HTTP/1.1" 304 -
