201.244.254.28 - - [15/Sep/2023:08:35:47 -0500] "GET /BLA/boletinlegal/admin/index_files/7_5.gif HTTP/1.1" 200 1565
201.244.254.28 - - [15/Sep/2023:08:35:47 -0500] "GET /BLA/boletinlegal/admin/index_files/2_4.gif HTTP/1.1" 200 1763
201.244.254.28 - - [15/Sep/2023:08:35:47 -0500] "GET /BLA/boletinlegal/admin/index_files/index_files/tback.gif HTTP/1.1" 404 1334
172.22.2.4 - - [15/Sep/2023:08:34:42 -0500] "HEAD /BLA/boletinlegal/ HTTP/1.1" 200 -
186.102.50.88 - - [15/Sep/2023:08:36:26 -0500] "GET /kwssiamovil/sm/ldap/au?x=U2FsdGVkX18RP8DKSzIr1SktzK83Oz2QBlhU/MFhc/pbqry1mbZXk3nV4+K4uc3y&y=U2FsdGVkX1+26hr5ZH5M0l2rhU99M3476g+8Y2Gr6xc= HTTP/1.1" 200 30
186.102.50.88 - - [15/Sep/2023:08:36:26 -0500] "GET /kwssiamovil/sm/acme/s?s=U2FsdGVkX18fClRYiPdEA59SjC8aykuL3t4T/l164d1z4/VB7ToxNfSGdfaOJkCAWD1c+GK8IoATJ3Lwy9EW+G18+y/p9H6nmuFOAdg9+T4=&u=U2FsdGVkX1/TTRB94Y9D5b9ftXlDitNccgc6s+tle4c=&y=U2FsdGVkX1+26hr5ZH5M0l2rhU99M3476g+8Y2Gr6xc= HTTP/1.1" 200 97
186.102.50.88 - - [15/Sep/2023:08:36:26 -0500] "GET /kwssiamovil/sm/acme/s?s=U2FsdGVkX18OruX+wVhaJ1SteedKZnrAbaZ0kPOWjw76lCuIohwNsc9m8psWEO+Ay+LplHYZM/jej1jrGD34SvZmfWDnu6NRDFA7xcBae9mwa1e48mzXAL2dZVyCCiK8kvBam3qOc7W9dKIXzNFLxyTNhmw6UCAQYXTmx5sCaEA+RyHl2hORkIBjRlKzECxvwahc+oeJOQwbfuKkfhTxZCs5t0A9gIOSzAnBt1/QShccZR+q8u7M20sGCYVxYtk5iRJ+apjfgHmiTrNQ3p2YprhypmYAUvzR6iSLlMQdhqOW0+z0jcw62WyJa4fDedTznBapGa8E1jfy6/FvJ6cDo9xU/oFgTPZo1T7KulhkcUiTjWopMd3Yq38tUpjFOxNyh6+lYhYsx3UKyLDkYpsdS3jJk02KzTQxwWAwrSW+J1acOKV6fnTIGw2teoSWBbik+gi0vjLD5pXQE+cVnnkzGVLBJ1O/8433Zc+CP35EfeV+DKyF8RnBmYSNXyG1l6i3Ki1aw+N5lQlDu65D3kwj0xpqQpjrdwd9yWLazUeZ/smZigRzaqUcXO762mb8e9aJwN6wcyAv9vnaBCqPBZsKNmqahMJ0NX2oRbfwFQCHuCg3vqhh/A3cOkL4X+yYAzamrcHkgkZYI0YqFYesEALbmyEagmmoh5DwMYRE6C99GYvSHST75NdB+JGan5XMwW+XBofxwTlBHZvVfNnBmCoTgOOzEEZ+tHcqeR7K7Fj9+5o7Eei/3swn7LaC7F9kDkdSwIqvLJs72ZBlncTIt8KIsZX590y9xZ1OujZdrBflax1vlBiuoirdftBoHm91WY/76L7KQRcMVhed55MtD5Wfjx3mvtWQOtFjtog6UB82LEgt/VikBhkswBCD4VIldYkKAgpzMo+c2+q1NpdU0siQ7HdsY4tTwH8xu7y225FAu0cIP/tDrZGNawBDLHmtHtNrWpe/9Qtns/tn72t7i7XqcLRWN/cnxcQOlZU283LGpk1ANaDE+15YsrMy6/C4WcqXIX39PMlOENj+nwd9+IxluFxWqFe6Tm6CODketx0yq6oB45Qt7f5QmCTNtKVIcKPkzaSKqPtdL5svl+huwpC5LhfTfLwnSfaWGFuQMu9O2bBFE4dRg/MXlpK9VTz8xJ9hLrDhTZQ5jOrdY1BLUcPOPUoy40ehBWf4aEoewKg1XNEWzCmBjjGwAGQdFEKBZNACkI1WHcMtffpDwMfp5tpML/ZgzvMAAzuCoErytTAD3y/5Pb6Nb/xQMY/4bdbiH8UzPQuLwZjL4QoHhcVzJThEWzcR/RgqJ/8g7DgLBEV2JQpHfNlkC6SKIIHTU0nJS/kIcUEDdjFKm6+3zyF7OwTFA+15YdoNN116b0Usm48rhd7E2lA4NwRudchibbj3LhJDs45s2VOc2z5DegndSt1T5oa8gbmLTMb+8BZB5Pk4S9XBRhoZ/SELtcOoY7oU+RvRS3b5D91W4kDvxZAawOwub8LFGPoi/8wqm3PKw78afFEFPRmKUcqptTFY7RTUvFM/I6YGHfm3LHE6n/NQpj1TtVWXYEZjhWzSbBc5LlLSY7+1b6lGeQtpMxpittMgQdDOtrzv9l82FdzM04qigGu2W9V1Wt6mRkb2IJR2S4WqjoUpwkCDRju/Z23XKdD9vbFzTeR2wfVbGxif6Dudb6WQrVoEnpNPReq4ZciI6RsOwKkQrcmwuTK8m7Ech1FNyaCYKOGYiGXbeoLdfmuArpbiOgNWsawjNZR/imr69nJJeqs=&u=U2FsdGVkX1/TTRB94Y9D5b9ftXlDitNccgc6s+tle4c=&y=U2FsdGVkX1+26hr5ZH5M0l2rhU99M3476g+8Y2Gr6xc= HTTP/1.1" 200 1874
186.102.50.88 - - [15/Sep/2023:08:36:26 -0500] "GET /kwssiamovil/sm/acme/s?s=U2FsdGVkX19Vfx5frr9aT92Rp4DBkuYPnoH6cq4hfS+rS275VO2G4eebWScRmzZXm39oOTyQJH4/mlv7hX5z/NJvW5XHDpOrVHeGC3IdZx44C8XgvyuOSXoK2Z/BebVm1zbUHy404ffitCT0Xe8UDHI8MsWN55OimS+rhATxzJoY165fET+AJLHqi6ujCUtKFt8JQ3STxX0NitkLU870uaKYJ/oblBLirlEDEhDT76wpEPKhPbjUvW53awjuyJKWp0D99Djfz32eqt/6XwS0Dgiq1ARaCRMSOUaL7qAlQ3M7CnOMlgx2lGrtLk14AQGFPppcrJbOrdAzfOsVtADtTYdPoBr0kb8Twmawjuxwn9Rgnr6GZkoidfXPk1J252s+Ky+tR1iq5mpciFEeS2mL3qQlEntKJlmd4DsedV4GZf+ZboxZwdT0TQzyhuoN0+IRkUdSMvkHHe1T5nIlTMwDwjpXTOnbmEFsVpr3dyzOuukTOcf80J63O7IuPXIyvqEzC5YTqlD100rbYiW+rvmHJoPIPU6SPjg+7oOMMTtfVAXMaLUIP+GaVWeVHzKwRm43h3P+xyGDvq34QulOnmEK6ua0EABKiLTScONYbtC6nIiM433NI4aGO3F7I806I36llnO5NT4y6l4iZqxddUvsNqmErd5ItzpdBULF7+rTo1WR3l+JTuDmRo8b5bLgonPH3m8qFaNvcP/zdOXdwAjBOuPemD//3sbTi19TquTgZTvF9S7X0Qiv2X35h1cwOUTa&u=U2FsdGVkX1/TTRB94Y9D5b9ftXlDitNccgc6s+tle4c=&y=U2FsdGVkX1+26hr5ZH5M0l2rhU99M3476g+8Y2Gr6xc= HTTP/1.1" 200 208
186.102.50.88 - - [15/Sep/2023:08:36:27 -0500] "GET /kwssiamovil/sm/cjson/pre?f=1&x=U2FsdGVkX18RP8DKSzIr1SktzK83Oz2QBlhU/MFhc/pbqry1mbZXk3nV4+K4uc3y HTTP/1.1" 200 31032
201.245.192.253 - - [15/Sep/2023:08:36:30 -0500] "POST /forms/lservlet;jsessionid=ac16012b30d6d19c31849e654dd38cb0cf62d49b9509.e3iSbxaKaheRe34Pbx8Nc3aQci1ynknvrkLOlQzNp65In0 HTTP/1.1" 200 2
201.244.254.28 - - [15/Sep/2023:08:37:01 -0500] "GET /BLA/boletinlegal/admin/actos/ingresar.php HTTP/1.1" 200 7209
201.244.254.28 - - [15/Sep/2023:08:37:03 -0500] "GET /BLA/boletinlegal/images/favicon.ico HTTP/1.1" 404 1328
172.22.2.4 - - [15/Sep/2023:08:35:32 -0500] "GET /BLA/boletinlegal/ HTTP/1.1" 200 58187
216.245.221.92 - - [15/Sep/2023:08:37:22 -0500] "HEAD / HTTP/1.1" 200 -
201.245.192.253 - - [15/Sep/2023:08:37:28 -0500] "POST /kwsrmcab/Wsrmcab  HTTP/1.1" 200 213
201.245.192.253 - - [15/Sep/2023:08:37:32 -0500] "POST /forms/lservlet;jsessionid=ac16012b30d63d978f376e20424bb3f6ff930e63d6af.e3iSbxaKaheRe34Pbx8Nc3aQci1ynknvrkLOlQzNp65In0 HTTP/1.1" 200 2
52.167.144.120 - - [15/Sep/2023:08:37:38 -0500] "GET /BLA/resoluciones/AUTOS%202022/3529.pdf HTTP/1.1" 304 -
201.244.254.28 - - [15/Sep/2023:08:37:48 -0500] "POST /BLA/boletinlegal/admin/actos/ingresar.php HTTP/1.1" 200 7302
201.245.192.253 - - [15/Sep/2023:08:38:16 -0500] "POST /kwsrmcab/Wsrmcab HTTP/1.1" 200 42411
205.169.39.232 - - [15/Sep/2023:08:38:20 -0500] "GET /portaldeninos/wp-includes/js/wp-emoji-release.min.js?ver=4.9.8 HTTP/1.1" 200 12026
205.169.39.232 - - [15/Sep/2023:08:38:21 -0500] "GET /portaldeninos/wp-content/plugins/google-analytics-for-wordpress/assets/js/frontend-gtag.min.js?ver=8.5.0 HTTP/1.1" 200 11801
201.245.192.253 - - [15/Sep/2023:08:38:19 -0500] "POST /kwsrmcab/Wsrmcab HTTP/1.1" 200 38939
205.169.39.232 - - [15/Sep/2023:08:38:21 -0500] "GET /portaldeninos/wp-includes/js/jquery/jquery.js?ver=1.12.4 HTTP/1.1" 200 97184
205.169.39.232 - - [15/Sep/2023:08:38:21 -0500] "GET /portaldeninos/wp-includes/js/jquery/jquery-migrate.min.js?ver=1.4.1 HTTP/1.1" 200 10056
205.169.39.232 - - [15/Sep/2023:08:38:21 -0500] "GET /portaldeninos/wp-includes/js/jquery/ui/core.min.js?ver=1.11.4 HTTP/1.1" 200 4000
205.169.39.232 - - [15/Sep/2023:08:38:22 -0500] "GET /portaldeninos/wp-content/plugins/gallery-videos/JS/modernizr.custom.js?ver=4.9.8 HTTP/1.1" 200 9019
205.169.39.232 - - [15/Sep/2023:08:38:22 -0500] "GET /portaldeninos/wp-content/plugins/gallery-videos/JS/Total-Soft-Gallery-Video-Widget.js?ver=4.9.8 HTTP/1.1" 200 80264
205.169.39.232 - - [15/Sep/2023:08:38:22 -0500] "GET /portaldeninos/wp-includes/js/jquery/ui/widget.min.js?ver=1.11.4 HTTP/1.1" 200 6908
205.169.39.232 - - [15/Sep/2023:08:38:22 -0500] "GET /portaldeninos/wp-includes/js/jquery/ui/mouse.min.js?ver=1.11.4 HTTP/1.1" 200 3148
205.169.39.232 - - [15/Sep/2023:08:38:22 -0500] "GET /portaldeninos/wp-includes/js/jquery/ui/sortable.min.js?ver=1.11.4 HTTP/1.1" 200 24899
205.169.39.232 - - [15/Sep/2023:08:38:22 -0500] "GET /portaldeninos/wp-includes/js/jquery/ui/tabs.min.js?ver=1.11.4 HTTP/1.1" 200 12110
205.169.39.232 - - [15/Sep/2023:08:38:23 -0500] "GET /portaldeninos/wp-includes/js/jquery/ui/accordion.min.js?ver=1.11.4 HTTP/1.1" 200 8584
205.169.39.232 - - [15/Sep/2023:08:38:23 -0500] "GET /portaldeninos/wp-content/themes/betheme/js/plugins.js?ver=20.9.6 HTTP/1.1" 200 197151
205.169.39.232 - - [15/Sep/2023:08:38:23 -0500] "GET /portaldeninos/wp-content/themes/betheme/js/menu.js?ver=20.9.6 HTTP/1.1" 200 2449
205.169.39.232 - - [15/Sep/2023:08:38:23 -0500] "GET /portaldeninos/wp-content/themes/betheme/assets/animations/animations.min.js?ver=20.9.6 HTTP/1.1" 200 1896
205.169.39.232 - - [15/Sep/2023:08:38:23 -0500] "GET /portaldeninos/wp-content/themes/betheme/assets/jplayer/jplayer.min.js?ver=20.9.6 HTTP/1.1" 200 52702
205.169.39.232 - - [15/Sep/2023:08:38:24 -0500] "GET /portaldeninos/wp-content/themes/betheme/js/scripts.js?ver=20.9.6 HTTP/1.1" 200 77162
205.169.39.232 - - [15/Sep/2023:08:38:24 -0500] "GET /portaldeninos/wp-includes/js/wp-embed.min.js?ver=4.9.8 HTTP/1.1" 200 1398
201.245.192.253 - - [15/Sep/2023:08:38:30 -0500] "POST /forms/lservlet;jsessionid=ac16012b30d6d19c31849e654dd38cb0cf62d49b9509.e3iSbxaKaheRe34Pbx8Nc3aQci1ynknvrkLOlQzNp65In0 HTTP/1.1" 200 2
173.252.107.120 - - [15/Sep/2023:08:38:37 -0500] "GET /decision-de-frenar-obras-en-el-zuque-es-caprichosa-y-priva-a-la-ciudadania-de-conocer-y-preservar-los-cerros-orientales-urrutia-secretaria-de-ambiente.html HTTP/1.1" 206 1018
173.252.107.116 - - [15/Sep/2023:08:38:37 -0500] "GET /decision-de-frenar-obras-en-el-zuque-es-caprichosa-y-priva-a-la-ciudadania-de-conocer-y-preservar-los-cerros-orientales-urrutia-secretaria-de-ambiente.html HTTP/1.1" 206 1018
173.252.107.6 - - [15/Sep/2023:08:38:37 -0500] "GET /decision-de-frenar-obras-en-el-zuque-es-caprichosa-y-priva-a-la-ciudadania-de-conocer-y-preservar-los-cerros-orientales-urrutia-secretaria-de-ambiente.html HTTP/1.1" 200 1018
201.244.254.28 - - [15/Sep/2023:08:39:21 -0500] "POST /BLA/boletinlegal/admin/actos/ingresar.php HTTP/1.1" 200 7302
201.245.192.253 - - [15/Sep/2023:08:39:32 -0500] "POST /forms/lservlet;jsessionid=ac16012b30d63d978f376e20424bb3f6ff930e63d6af.e3iSbxaKaheRe34Pbx8Nc3aQci1ynknvrkLOlQzNp65In0 HTTP/1.1" 200 2
152.203.229.5 - - [15/Sep/2023:08:40:01 -0500] "GET /sipse/faces/faces/faces/faces/faces/faces/autenticacion.xhtml HTTP/1.1" 200 12193
152.203.229.5 - - [15/Sep/2023:08:40:01 -0500] "GET /sipse/faces/javax.faces.resource/primefaces.css?ln=primefaces&v=4.0 HTTP/1.1" 304 -
152.203.229.5 - - [15/Sep/2023:08:40:01 -0500] "GET /sipse/faces/javax.faces.resource/theme.css?ln=primefaces-sipse HTTP/1.1" 304 -
152.203.229.5 - - [15/Sep/2023:08:40:01 -0500] "GET /sipse/faces/javax.faces.resource/primefaces.js?ln=primefaces&v=4.0 HTTP/1.1" 304 -
152.203.229.5 - - [15/Sep/2023:08:40:01 -0500] "GET /sipse/faces/javax.faces.resource/jquery/jquery-plugins.js?ln=primefaces&v=4.0 HTTP/1.1" 304 -
152.203.229.5 - - [15/Sep/2023:08:40:01 -0500] "GET /sipse/faces/javax.faces.resource/layout/layout.css?ln=primefaces&v=4.0 HTTP/1.1" 304 -
152.203.229.5 - - [15/Sep/2023:08:40:01 -0500] "GET /sipse/faces/javax.faces.resource/jquery/jquery.js?ln=primefaces&v=4.0 HTTP/1.1" 304 -
152.203.229.5 - - [15/Sep/2023:08:40:01 -0500] "GET /sipse/faces/javax.faces.resource/layout/layout.js?ln=primefaces&v=4.0 HTTP/1.1" 304 -
152.203.229.5 - - [15/Sep/2023:08:40:01 -0500] "GET /sipse/faces/javax.faces.resource/images/ui-icons_898989_256x240.png?ln=primefaces-aristo HTTP/1.1" 304 -
152.203.229.5 - - [15/Sep/2023:08:40:01 -0500] "GET /sipse/faces/faces/faces/faces/faces/faces/index.xhtml HTTP/1.1" 200 677
152.203.229.5 - - [15/Sep/2023:08:40:01 -0500] "GET /sipse/faces/javax.faces.resource/theme.css?ln=primefaces-sipse HTTP/1.1" 304 -
152.203.229.5 - - [15/Sep/2023:08:40:02 -0500] "GET /sipse/faces/faces/faces/faces/faces/faces/faces/autenticacion.xhtml HTTP/1.1" 200 12193
152.203.229.5 - - [15/Sep/2023:08:40:02 -0500] "GET /sipse/faces/javax.faces.resource/primefaces.css?ln=primefaces&v=4.0 HTTP/1.1" 304 -
152.203.229.5 - - [15/Sep/2023:08:40:02 -0500] "GET /sipse/faces/javax.faces.resource/theme.css?ln=primefaces-sipse HTTP/1.1" 304 -
152.203.229.5 - - [15/Sep/2023:08:40:02 -0500] "GET /sipse/faces/javax.faces.resource/primefaces.js?ln=primefaces&v=4.0 HTTP/1.1" 304 -
152.203.229.5 - - [15/Sep/2023:08:40:02 -0500] "GET /sipse/faces/javax.faces.resource/jquery/jquery-plugins.js?ln=primefaces&v=4.0 HTTP/1.1" 304 -
152.203.229.5 - - [15/Sep/2023:08:40:02 -0500] "GET /sipse/faces/javax.faces.resource/jquery/jquery.js?ln=primefaces&v=4.0 HTTP/1.1" 304 -
152.203.229.5 - - [15/Sep/2023:08:40:02 -0500] "GET /sipse/faces/javax.faces.resource/layout/layout.css?ln=primefaces&v=4.0 HTTP/1.1" 304 -
152.203.229.5 - - [15/Sep/2023:08:40:02 -0500] "GET /sipse/faces/javax.faces.resource/layout/layout.js?ln=primefaces&v=4.0 HTTP/1.1" 304 -
152.203.229.5 - - [15/Sep/2023:08:40:02 -0500] "GET /sipse/faces/javax.faces.resource/images/ui-icons_898989_256x240.png?ln=primefaces-aristo HTTP/1.1" 304 -
66.249.70.197 - - [15/Sep/2023:08:40:02 -0500] "GET /BLA/boletinlegal/Directivas/2017/Directiva%20No.%2003%20del%2024%20de%20Febrero%20de%202017.pdf HTTP/1.1" 200 6911517
152.203.229.5 - - [15/Sep/2023:08:40:07 -0500] "POST /sipse/faces/autenticacion.xhtml HTTP/1.1" 200 2220
152.203.229.5 - - [15/Sep/2023:08:40:07 -0500] "GET /sipse/faces/javax.faces.resource/messages/messages.png?ln=primefaces&v=4.0 HTTP/1.1" 304 -
152.203.229.5 - - [15/Sep/2023:08:40:08 -0500] "POST /sipse/faces/autenticacion.xhtml HTTP/1.1" 200 16381
152.203.229.5 - - [15/Sep/2023:08:40:08 -0500] "GET /sipse/faces/javax.faces.resource/primefaces.css?ln=primefaces&v=4.0 HTTP/1.1" 304 -
152.203.229.5 - - [15/Sep/2023:08:40:08 -0500] "GET /sipse/faces/javax.faces.resource/theme.css?ln=primefaces-sipse HTTP/1.1" 304 -
152.203.229.5 - - [15/Sep/2023:08:40:08 -0500] "GET /sipse/faces/javax.faces.resource/layout/layout.css?ln=primefaces&v=4.0 HTTP/1.1" 304 -
152.203.229.5 - - [15/Sep/2023:08:40:08 -0500] "GET /sipse/faces/javax.faces.resource/jquery/jquery.js?ln=primefaces&v=4.0 HTTP/1.1" 304 -
152.203.229.5 - - [15/Sep/2023:08:40:08 -0500] "GET /sipse/faces/javax.faces.resource/jquery/jquery-plugins.js?ln=primefaces&v=4.0 HTTP/1.1" 304 -
152.203.229.5 - - [15/Sep/2023:08:40:08 -0500] "GET /sipse/faces/javax.faces.resource/primefaces.js?ln=primefaces&v=4.0 HTTP/1.1" 304 -
152.203.229.5 - - [15/Sep/2023:08:40:08 -0500] "GET /sipse/faces/javax.faces.resource/layout/layout.js?ln=primefaces&v=4.0 HTTP/1.1" 304 -
152.203.229.5 - - [15/Sep/2023:08:40:08 -0500] "GET /sipse/css/imagen/contrasena.png HTTP/1.1" 404 383
152.203.229.5 - - [15/Sep/2023:08:40:10 -0500] "GET /sipse/faces/javax.faces.resource/images/ui-bg_flat_0_2d5972_40x100.png?ln=primefaces-aristo HTTP/1.1" 304 -
152.203.229.5 - - [15/Sep/2023:08:40:10 -0500] "POST /sipse/faces/bienvenido.xhtml HTTP/1.1" 200 2658
152.203.229.5 - - [15/Sep/2023:08:40:11 -0500] "POST /sipse/faces/bienvenido.xhtml HTTP/1.1" 200 65282
152.203.229.5 - - [15/Sep/2023:08:40:13 -0500] "GET /sipse/faces/javax.faces.resource/theme.css?ln=primefaces-sipse HTTP/1.1" 304 -
152.203.229.5 - - [15/Sep/2023:08:40:13 -0500] "GET /sipse/faces/javax.faces.resource/primefaces.css?ln=primefaces&v=4.0 HTTP/1.1" 304 -
152.203.229.5 - - [15/Sep/2023:08:40:13 -0500] "GET /sipse/faces/javax.faces.resource/layout/layout.css?ln=primefaces&v=4.0 HTTP/1.1" 304 -
152.203.229.5 - - [15/Sep/2023:08:40:13 -0500] "GET /sipse/faces/javax.faces.resource/jquery/jquery.js?ln=primefaces&v=4.0 HTTP/1.1" 304 -
152.203.229.5 - - [15/Sep/2023:08:40:13 -0500] "GET /sipse/faces/javax.faces.resource/jquery/jquery-plugins.js?ln=primefaces&v=4.0 HTTP/1.1" 304 -
152.203.229.5 - - [15/Sep/2023:08:40:14 -0500] "GET /sipse/faces/javax.faces.resource/primefaces.js?ln=primefaces&v=4.0 HTTP/1.1" 304 -
152.203.229.5 - - [15/Sep/2023:08:40:14 -0500] "GET /sipse/faces/javax.faces.resource/layout/layout.js?ln=primefaces&v=4.0 HTTP/1.1" 304 -
152.203.229.5 - - [15/Sep/2023:08:40:14 -0500] "POST /sipse/faces/presentacion/financiero/solicitudProceso/listarSolicitudProceso.xhtml HTTP/1.1" 200 1552
152.203.229.5 - - [15/Sep/2023:08:40:17 -0500] "POST /sipse/faces/presentacion/financiero/solicitudProceso/listarSolicitudProceso.xhtml HTTP/1.1" 200 44522
152.203.229.5 - - [15/Sep/2023:08:40:18 -0500] "POST /sipse/faces/presentacion/financiero/solicitudProceso/listarSolicitudProceso.xhtml HTTP/1.1" 200 17620
173.252.107.7 - - [15/Sep/2023:08:40:26 -0500] "GET /secretaria-de-ambiente-abre-convocatoria-para-el-proceso-de-formacion-mujeres-cuidadoras-de-humedales.html HTTP/1.1" 200 943
201.245.192.253 - - [15/Sep/2023:08:40:30 -0500] "POST /forms/lservlet;jsessionid=ac16012b30d6d19c31849e654dd38cb0cf62d49b9509.e3iSbxaKaheRe34Pbx8Nc3aQci1ynknvrkLOlQzNp65In0 HTTP/1.1" 200 2
190.145.240.6 - - [15/Sep/2023:08:41:15 -0500] "GET /appsia/controlador HTTP/1.1" 200 4799
190.145.240.6 - - [15/Sep/2023:08:41:15 -0500] "GET /appsia/css/estilos.css HTTP/1.1" 200 4804
190.145.240.6 - - [15/Sep/2023:08:41:15 -0500] "GET /appsia/scripts/validarIngreso.js HTTP/1.1" 200 851
190.145.240.6 - - [15/Sep/2023:08:41:15 -0500] "GET /appsia/images/logo_bogota_p.png HTTP/1.1" 200 14951
190.145.240.6 - - [15/Sep/2023:08:41:15 -0500] "GET /appsia/images/cabezoteHojaVida.png HTTP/1.1" 200 32493
190.145.240.6 - - [15/Sep/2023:08:41:15 -0500] "GET /favicon.ico HTTP/1.1" 200 7782
190.145.240.6 - - [15/Sep/2023:08:41:21 -0500] "POST /appsia/controlador HTTP/1.1" 200 3601
190.145.240.6 - - [15/Sep/2023:08:41:21 -0500] "GET /appsia/jscripts/validarSolicitud.js HTTP/1.1" 404 68
190.145.240.6 - - [15/Sep/2023:08:41:23 -0500] "POST /appsia/controlador HTTP/1.1" 200 4799
201.245.192.253 - - [15/Sep/2023:08:41:32 -0500] "POST /forms/lservlet;jsessionid=ac16012b30d63d978f376e20424bb3f6ff930e63d6af.e3iSbxaKaheRe34Pbx8Nc3aQci1ynknvrkLOlQzNp65In0 HTTP/1.1" 200 2
190.145.240.6 - - [15/Sep/2023:08:41:41 -0500] "POST /appsia/controlador HTTP/1.1" 200 5437
190.145.240.6 - - [15/Sep/2023:08:41:54 -0500] "POST /appsia/controlador HTTP/1.1" 200 7767
172.22.2.4 - - [15/Sep/2023:08:40:32 -0500] "HEAD /BLA/boletinlegal/ HTTP/1.1" 200 -
216.245.221.92 - - [15/Sep/2023:08:42:22 -0500] "HEAD / HTTP/1.1" 200 -
190.145.240.6 - - [15/Sep/2023:08:42:27 -0500] "POST /appsia/controlador HTTP/1.1" 200 6632
190.145.240.6 - - [15/Sep/2023:08:42:28 -0500] "POST /appsia/controlador HTTP/1.1" 200 11336
201.245.192.253 - - [15/Sep/2023:08:42:27 -0500] "POST /kwsrmcab/Wsrmcab  HTTP/1.1" 200 213
201.245.192.253 - - [15/Sep/2023:08:42:30 -0500] "POST /forms/lservlet;jsessionid=ac16012b30d6d19c31849e654dd38cb0cf62d49b9509.e3iSbxaKaheRe34Pbx8Nc3aQci1ynknvrkLOlQzNp65In0 HTTP/1.1" 200 2
186.28.190.91 - - [15/Sep/2023:08:42:36 -0500] "GET /BLA/resoluciones/ HTTP/1.1" 200 13696
186.28.190.91 - - [15/Sep/2023:08:42:36 -0500] "GET /favicon.ico HTTP/1.1" 200 7782
186.28.190.91 - - [15/Sep/2023:08:42:39 -0500] "GET /BLA/resoluciones/index.php?dir=AUTOS+2014%2F HTTP/1.1" 200 12235
186.28.190.91 - - [15/Sep/2023:08:42:39 -0500] "GET /BLA/resoluciones/index.php?dir=AUTOS+2014%2F HTTP/1.1" 200 890525
190.145.240.6 - - [15/Sep/2023:08:42:43 -0500] "POST /appsia/controlador HTTP/1.1" 200 7767
152.203.229.5 - - [15/Sep/2023:08:42:44 -0500] "POST /sipse/faces/presentacion/financiero/solicitudProceso/listarSolicitudProceso.xhtml HTTP/1.1" 200 30296
152.203.229.5 - - [15/Sep/2023:08:42:44 -0500] "POST /sipse/faces/presentacion/financiero/solicitudProceso/listarSolicitudProceso.xhtml HTTP/1.1" 200 30296
152.203.229.5 - - [15/Sep/2023:08:42:45 -0500] "POST /sipse/faces/presentacion/financiero/solicitudProceso/listarSolicitudProceso.xhtml HTTP/1.1" 200 1404
152.203.229.5 - - [15/Sep/2023:08:42:45 -0500] "POST /sipse/faces/presentacion/financiero/solicitudProceso/listarSolicitudProceso.xhtml HTTP/1.1" 200 1392
190.145.240.6 - - [15/Sep/2023:08:42:55 -0500] "POST /appsia/controlador HTTP/1.1" 200 6632
190.145.240.6 - - [15/Sep/2023:08:42:57 -0500] "POST /appsia/controlador HTTP/1.1" 200 11336
172.22.2.4 - - [15/Sep/2023:08:41:23 -0500] "GET /BLA/boletinlegal/ HTTP/1.1" 200 60692
201.245.192.253 - - [15/Sep/2023:08:43:32 -0500] "POST /forms/lservlet;jsessionid=ac16012b30d63d978f376e20424bb3f6ff930e63d6af.e3iSbxaKaheRe34Pbx8Nc3aQci1ynknvrkLOlQzNp65In0 HTTP/1.1" 200 2
205.210.31.21 - - [15/Sep/2023:08:44:22 -0500] "\x16\x03\x01" 400 226
186.30.47.23 - - [15/Sep/2023:08:44:30 -0500] "GET /BLA/resoluciones/index.php?dir= HTTP/1.1" 200 13696
201.245.192.253 - - [15/Sep/2023:08:44:30 -0500] "POST /forms/lservlet;jsessionid=ac16012b30d6d19c31849e654dd38cb0cf62d49b9509.e3iSbxaKaheRe34Pbx8Nc3aQci1ynknvrkLOlQzNp65In0 HTTP/1.1" 200 2
66.249.66.192 - - [15/Sep/2023:08:44:34 -0500] "GET /un-arbol-por-cada-ano-de-bogota-asi-se-siguen-celebrando-los-485-anos-de-la-ciudad.html HTTP/1.1" 200 892
186.30.47.23 - - [15/Sep/2023:08:44:36 -0500] "GET /BLA/resoluciones/index.php?dir=AUTOS+2017%2F HTTP/1.1" 200 470441
186.30.47.23 - - [15/Sep/2023:08:44:44 -0500] "GET /BLA/resoluciones/AUTOS%202017/3992.pdf HTTP/1.1" 200 367352
186.30.47.23 - - [15/Sep/2023:08:45:09 -0500] "GET /BLA/resoluciones/index.php?dir=AUTOS+2017%2F HTTP/1.1" 200 470441
65.154.226.170 - - [15/Sep/2023:08:45:30 -0500] "GET /portaldeninos/wp-content/uploads/useanyfont/uaf.css?ver=1589905315 HTTP/1.1" 200 408
65.154.226.170 - - [15/Sep/2023:08:45:30 -0500] "GET /portaldeninos/wp-content/themes/betheme/style.css?ver=20.9.6 HTTP/1.1" 200 287
65.154.226.170 - - [15/Sep/2023:08:45:30 -0500] "GET /portaldeninos/wp-content/plugins/gallery-videos/CSS/Total-Soft-Gallery-Video-Widget.css?ver=4.9.8 HTTP/1.1" 200 51554
65.154.226.170 - - [15/Sep/2023:08:45:30 -0500] "GET /portaldeninos/wp-content/plugins/gallery-videos/CSS/totalsoft.css?ver=4.9.8 HTTP/1.1" 200 40622
65.154.226.170 - - [15/Sep/2023:08:45:30 -0500] "GET /portaldeninos/wp-content/themes/betheme/css/base.css?ver=20.9.6 HTTP/1.1" 200 57283
65.154.226.170 - - [15/Sep/2023:08:45:31 -0500] "GET /portaldeninos/wp-content/themes/betheme/assets/jplayer/css/jplayer.blue.monday.css?ver=20.9.6 HTTP/1.1" 200 9834
65.154.226.170 - - [15/Sep/2023:08:45:31 -0500] "GET /portaldeninos/wp-content/themes/betheme/assets/ui/jquery.ui.all.css?ver=20.9.6 HTTP/1.1" 200 18765
65.154.226.170 - - [15/Sep/2023:08:45:30 -0500] "GET /portaldeninos/wp-content/themes/betheme/assets/animations/animations.min.css?ver=20.9.6 HTTP/1.1" 200 58508
65.154.226.170 - - [15/Sep/2023:08:45:30 -0500] "GET /portaldeninos/wp-content/themes/betheme/css/layout.css?ver=20.9.6 HTTP/1.1" 200 116639
65.154.226.170 - - [15/Sep/2023:08:45:31 -0500] "GET /portaldeninos/wp-content/plugins/google-analytics-for-wordpress/assets/js/frontend-gtag.min.js?ver=8.5.0 HTTP/1.1" 200 11801
65.154.226.170 - - [15/Sep/2023:08:45:31 -0500] "GET /portaldeninos/wp-includes/js/jquery/jquery-migrate.min.js?ver=1.4.1 HTTP/1.1" 200 10056
65.154.226.170 - - [15/Sep/2023:08:45:31 -0500] "GET /portaldeninos/wp-content/themes/betheme/css/responsive.css?ver=20.9.6 HTTP/1.1" 200 55740
65.154.226.170 - - [15/Sep/2023:08:45:30 -0500] "GET /portaldeninos/wp-content/themes/betheme/css/shortcodes.css?ver=20.9.6 HTTP/1.1" 200 138889
65.154.226.170 - - [15/Sep/2023:08:45:31 -0500] "GET /portaldeninos/wp-includes/js/jquery/ui/core.min.js?ver=1.11.4 HTTP/1.1" 200 4000
65.154.226.170 - - [15/Sep/2023:08:45:31 -0500] "GET /portaldeninos/wp-content/plugins/gallery-videos/JS/modernizr.custom.js?ver=4.9.8 HTTP/1.1" 200 9019
65.154.226.170 - - [15/Sep/2023:08:45:31 -0500] "GET /portaldeninos/wp-includes/js/jquery/ui/widget.min.js?ver=1.11.4 HTTP/1.1" 200 6908
65.154.226.170 - - [15/Sep/2023:08:45:31 -0500] "GET /portaldeninos/wp-includes/js/jquery/jquery.js?ver=1.12.4 HTTP/1.1" 200 97184
65.154.226.170 - - [15/Sep/2023:08:45:31 -0500] "GET /portaldeninos/wp-includes/js/jquery/ui/mouse.min.js?ver=1.11.4 HTTP/1.1" 200 3148
65.154.226.170 - - [15/Sep/2023:08:45:31 -0500] "GET /portaldeninos/wp-includes/js/jquery/ui/tabs.min.js?ver=1.11.4 HTTP/1.1" 200 12110
65.154.226.170 - - [15/Sep/2023:08:45:31 -0500] "GET /portaldeninos/wp-includes/js/jquery/ui/accordion.min.js?ver=1.11.4 HTTP/1.1" 200 8584
65.154.226.170 - - [15/Sep/2023:08:45:31 -0500] "GET /portaldeninos/wp-content/themes/betheme/js/menu.js?ver=20.9.6 HTTP/1.1" 200 2449
65.154.226.170 - - [15/Sep/2023:08:45:31 -0500] "GET /portaldeninos/wp-includes/js/jquery/ui/sortable.min.js?ver=1.11.4 HTTP/1.1" 200 24899
65.154.226.170 - - [15/Sep/2023:08:45:31 -0500] "GET /portaldeninos/wp-content/plugins/gallery-videos/JS/Total-Soft-Gallery-Video-Widget.js?ver=4.9.8 HTTP/1.1" 200 80264
65.154.226.170 - - [15/Sep/2023:08:45:31 -0500] "GET /portaldeninos/wp-content/themes/betheme/assets/animations/animations.min.js?ver=20.9.6 HTTP/1.1" 200 1896
65.154.226.170 - - [15/Sep/2023:08:45:31 -0500] "GET /portaldeninos/wp-includes/js/wp-embed.min.js?ver=4.9.8 HTTP/1.1" 200 1398
65.154.226.170 - - [15/Sep/2023:08:45:31 -0500] "GET /portaldeninos/wp-content/themes/betheme/assets/jplayer/jplayer.min.js?ver=20.9.6 HTTP/1.1" 200 52702
65.154.226.170 - - [15/Sep/2023:08:45:31 -0500] "GET /portaldeninos/wp-content/themes/betheme/js/scripts.js?ver=20.9.6 HTTP/1.1" 200 77162
65.154.226.170 - - [15/Sep/2023:08:45:31 -0500] "GET /portaldeninos/wp-content/themes/betheme/js/plugins.js?ver=20.9.6 HTTP/1.1" 200 197151
65.154.226.170 - - [15/Sep/2023:08:45:32 -0500] "GET /portaldeninos/wp-content/themes/betheme/images/box_shadow.png HTTP/1.1" 200 108
65.154.226.170 - - [15/Sep/2023:08:45:32 -0500] "GET /portaldeninos/wp-includes/js/wp-emoji-release.min.js?ver=4.9.8 HTTP/1.1" 200 12026
65.154.226.170 - - [15/Sep/2023:08:45:32 -0500] "GET /portaldeninos/wp-content/themes/betheme/fonts/mfn-icons.woff?93978679 HTTP/1.1" 200 80932
201.245.192.253 - - [15/Sep/2023:08:45:32 -0500] "POST /forms/lservlet;jsessionid=ac16012b30d63d978f376e20424bb3f6ff930e63d6af.e3iSbxaKaheRe34Pbx8Nc3aQci1ynknvrkLOlQzNp65In0 HTTP/1.1" 200 2
31.13.127.16 - - [15/Sep/2023:08:45:46 -0500] "GET /decision-de-frenar-obras-en-el-zuque-es-caprichosa-y-priva-a-la-ciudadania-de-conocer-y-preservar-los-cerros-orientales-urrutia-secretaria-de-ambiente.html HTTP/1.1" 200 1018
190.145.240.6 - - [15/Sep/2023:08:46:13 -0500] "POST /appsia/controlador HTTP/1.1" 200 7767
190.145.240.6 - - [15/Sep/2023:08:46:25 -0500] "POST /appsia/controlador HTTP/1.1" 200 6632
190.145.240.6 - - [15/Sep/2023:08:46:27 -0500] "POST /appsia/controlador HTTP/1.1" 200 10948
201.245.192.253 - - [15/Sep/2023:08:46:30 -0500] "POST /forms/lservlet;jsessionid=ac16012b30d6d19c31849e654dd38cb0cf62d49b9509.e3iSbxaKaheRe34Pbx8Nc3aQci1ynknvrkLOlQzNp65In0 HTTP/1.1" 200 2
190.145.240.6 - - [15/Sep/2023:08:46:40 -0500] "POST /appsia/controlador HTTP/1.1" 200 7767
190.145.240.6 - - [15/Sep/2023:08:46:53 -0500] "POST /appsia/controlador HTTP/1.1" 200 6632
190.145.240.6 - - [15/Sep/2023:08:46:54 -0500] "POST /appsia/controlador HTTP/1.1" 200 12118
216.245.221.92 - - [15/Sep/2023:08:47:22 -0500] "HEAD / HTTP/1.1" 200 -
201.245.192.253 - - [15/Sep/2023:08:47:26 -0500] "POST /sipse/faces/presentacion/financiero/solicitudProceso/listarSolicitudProceso.xhtml HTTP/1.1" 200 131543
201.245.192.253 - - [15/Sep/2023:08:47:25 -0500] "POST /kwsrmcab/Wsrmcab  HTTP/1.1" 200 213
201.245.192.253 - - [15/Sep/2023:08:47:27 -0500] "GET /sipse/faces/javax.faces.resource/jquery/jquery.js?ln=primefaces&v=4.0 HTTP/1.1" 304 -
201.245.192.253 - - [15/Sep/2023:08:47:27 -0500] "GET /sipse/faces/javax.faces.resource/jquery/jquery-plugins.js?ln=primefaces&v=4.0 HTTP/1.1" 304 -
201.245.192.253 - - [15/Sep/2023:08:47:27 -0500] "GET /sipse/faces/javax.faces.resource/primefaces.js?ln=primefaces&v=4.0 HTTP/1.1" 304 -
201.245.192.253 - - [15/Sep/2023:08:47:27 -0500] "GET /sipse/faces/javax.faces.resource/layout/layout.js?ln=primefaces&v=4.0 HTTP/1.1" 304 -
201.245.192.253 - - [15/Sep/2023:08:47:27 -0500] "GET /sipse/faces/javax.faces.resource/dynamiccontent.properties?ln=primefaces&pfdrid=XjOR5%2F%2FfPAZAuY9TpWQeCiM0BhlXxYRBGKi%2FQcXXfeA%3D&pfdrid_c=false HTTP/1.1" 500 383
201.245.192.253 - - [15/Sep/2023:08:47:32 -0500] "POST /forms/lservlet;jsessionid=ac16012b30d63d978f376e20424bb3f6ff930e63d6af.e3iSbxaKaheRe34Pbx8Nc3aQci1ynknvrkLOlQzNp65In0 HTTP/1.1" 200 2
190.145.240.6 - - [15/Sep/2023:08:47:38 -0500] "POST /appsia/controlador HTTP/1.1" 200 7767
190.145.240.6 - - [15/Sep/2023:08:47:51 -0500] "POST /appsia/controlador HTTP/1.1" 200 6632
190.145.240.6 - - [15/Sep/2023:08:47:52 -0500] "POST /appsia/controlador HTTP/1.1" 200 11336
190.145.240.6 - - [15/Sep/2023:08:48:00 -0500] "POST /appsia/controlador HTTP/1.1" 200 7767
172.22.2.4 - - [15/Sep/2023:08:46:22 -0500] "HEAD /BLA/boletinlegal/ HTTP/1.1" 200 -
190.145.240.6 - - [15/Sep/2023:08:48:12 -0500] "POST /appsia/controlador HTTP/1.1" 200 6632
190.145.240.6 - - [15/Sep/2023:08:48:13 -0500] "POST /appsia/controlador HTTP/1.1" 200 10947
190.145.240.6 - - [15/Sep/2023:08:48:23 -0500] "POST /appsia/controlador HTTP/1.1" 200 7767
201.245.192.253 - - [15/Sep/2023:08:48:30 -0500] "POST /forms/lservlet;jsessionid=ac16012b30d6d19c31849e654dd38cb0cf62d49b9509.e3iSbxaKaheRe34Pbx8Nc3aQci1ynknvrkLOlQzNp65In0 HTTP/1.1" 200 2
190.145.240.6 - - [15/Sep/2023:08:48:32 -0500] "POST /appsia/controlador HTTP/1.1" 200 6632
190.145.240.6 - - [15/Sep/2023:08:48:33 -0500] "POST /appsia/controlador HTTP/1.1" 200 11344
52.167.144.207 - - [15/Sep/2023:08:48:37 -0500] "GET /portaldeninos/tag/humedales-de-bogota/ HTTP/1.1" 200 93936
190.145.240.6 - - [15/Sep/2023:08:48:48 -0500] "POST /appsia/controlador HTTP/1.1" 200 7767
172.22.2.4 - - [15/Sep/2023:08:47:12 -0500] "GET /BLA/boletinlegal/ HTTP/1.1" 200 60342
201.245.192.253 - - [15/Sep/2023:08:48:56 -0500] "GET /sipse/faces/index.xhtml HTTP/1.1" 200 677
201.245.192.253 - - [15/Sep/2023:08:48:56 -0500] "GET /sipse/faces/javax.faces.resource/theme.css?ln=primefaces-sipse HTTP/1.1" 304 -
201.245.192.253 - - [15/Sep/2023:08:48:57 -0500] "GET /sipse/faces/faces/autenticacion.xhtml HTTP/1.1" 200 12184
201.245.192.253 - - [15/Sep/2023:08:48:57 -0500] "GET /sipse/css/custom_css_sg.css HTTP/1.1" 304 -
201.245.192.253 - - [15/Sep/2023:08:48:57 -0500] "GET /sipse/js/disable_browser_buttons.js HTTP/1.1" 304 -
201.245.192.253 - - [15/Sep/2023:08:48:57 -0500] "GET /sipse/js/funciones.js HTTP/1.1" 304 -
201.245.192.253 - - [15/Sep/2023:08:48:57 -0500] "GET /sipse/css/custom_css_sg_prime_login.css HTTP/1.1" 304 -
201.245.192.253 - - [15/Sep/2023:08:48:57 -0500] "GET /sipse/faces/javax.faces.resource/primefaces.css?ln=primefaces&v=4.0 HTTP/1.1" 304 -
201.245.192.253 - - [15/Sep/2023:08:48:57 -0500] "GET /sipse/faces/javax.faces.resource/layout/layout.css?ln=primefaces&v=4.0 HTTP/1.1" 304 -
201.245.192.253 - - [15/Sep/2023:08:48:57 -0500] "GET /sipse/faces/javax.faces.resource/jquery/jquery.js?ln=primefaces&v=4.0 HTTP/1.1" 304 -
201.245.192.253 - - [15/Sep/2023:08:48:57 -0500] "GET /sipse/faces/javax.faces.resource/jquery/jquery-plugins.js?ln=primefaces&v=4.0 HTTP/1.1" 304 -
201.245.192.253 - - [15/Sep/2023:08:48:57 -0500] "GET /sipse/css/imagen/logoSDG.png HTTP/1.1" 304 -
201.245.192.253 - - [15/Sep/2023:08:48:57 -0500] "GET /sipse/css/custom_css_sg_prime.css HTTP/1.1" 304 -
201.245.192.253 - - [15/Sep/2023:08:48:57 -0500] "GET /sipse/faces/javax.faces.resource/primefaces.js?ln=primefaces&v=4.0 HTTP/1.1" 304 -
201.245.192.253 - - [15/Sep/2023:08:48:57 -0500] "GET /sipse/faces/javax.faces.resource/layout/layout.js?ln=primefaces&v=4.0 HTTP/1.1" 304 -
201.245.192.253 - - [15/Sep/2023:08:48:57 -0500] "GET /sipse/faces/javax.faces.resource/theme.css?ln=primefaces-sipse HTTP/1.1" 304 -
201.245.192.253 - - [15/Sep/2023:08:48:57 -0500] "GET /sipse/faces/javax.faces.resource/primefaces.js?ln=primefaces&v=4.0 HTTP/1.1" 304 -
201.245.192.253 - - [15/Sep/2023:08:48:57 -0500] "GET /sipse/css/imagen/loginimg.png HTTP/1.1" 304 -
201.245.192.253 - - [15/Sep/2023:08:48:57 -0500] "GET /sipse/faces/javax.faces.resource/images/ui-icons_898989_256x240.png?ln=primefaces-aristo HTTP/1.1" 304 -
201.245.192.253 - - [15/Sep/2023:08:48:57 -0500] "GET /sipse/faces/javax.faces.resource/layout/layout.js?ln=primefaces&v=4.0 HTTP/1.1" 304 -
201.245.192.253 - - [15/Sep/2023:08:48:57 -0500] "GET /sipse/faces/javax.faces.resource/messages/messages.png?ln=primefaces&v=4.0 HTTP/1.1" 304 -
190.145.240.6 - - [15/Sep/2023:08:48:58 -0500] "POST /appsia/controlador HTTP/1.1" 200 6632
190.145.240.6 - - [15/Sep/2023:08:49:00 -0500] "POST /appsia/controlador HTTP/1.1" 200 12092
201.245.192.253 - - [15/Sep/2023:08:49:00 -0500] "POST /sipse/faces/autenticacion.xhtml HTTP/1.1" 200 11374
201.245.192.253 - - [15/Sep/2023:08:49:01 -0500] "GET /sipse/faces/javax.faces.resource/theme.css?ln=primefaces-sipse HTTP/1.1" 304 -
201.245.192.253 - - [15/Sep/2023:08:49:01 -0500] "GET /sipse/faces/javax.faces.resource/primefaces.css?ln=primefaces&v=4.0 HTTP/1.1" 304 -
201.245.192.253 - - [15/Sep/2023:08:49:01 -0500] "GET /sipse/faces/javax.faces.resource/layout/layout.css?ln=primefaces&v=4.0 HTTP/1.1" 304 -
201.245.192.253 - - [15/Sep/2023:08:49:01 -0500] "GET /sipse/faces/javax.faces.resource/jquery/jquery.js?ln=primefaces&v=4.0 HTTP/1.1" 304 -
201.245.192.253 - - [15/Sep/2023:08:49:01 -0500] "GET /sipse/faces/javax.faces.resource/jquery/jquery-plugins.js?ln=primefaces&v=4.0 HTTP/1.1" 304 -
201.245.192.253 - - [15/Sep/2023:08:49:01 -0500] "GET /sipse/faces/javax.faces.resource/primefaces.js?ln=primefaces&v=4.0 HTTP/1.1" 304 -
201.245.192.253 - - [15/Sep/2023:08:49:01 -0500] "GET /sipse/faces/javax.faces.resource/layout/layout.js?ln=primefaces&v=4.0 HTTP/1.1" 304 -
201.245.192.253 - - [15/Sep/2023:08:49:04 -0500] "POST /sipse/faces/presentacion/sistema/seguridad/seleccionRol.xhtml HTTP/1.1" 200 5803
201.245.192.253 - - [15/Sep/2023:08:49:05 -0500] "POST /sipse/faces/presentacion/sistema/seguridad/seleccionRol.xhtml HTTP/1.1" 200 16358
201.245.192.253 - - [15/Sep/2023:08:49:05 -0500] "GET /sipse/faces/javax.faces.resource/layout/layout.css?ln=primefaces&v=4.0 HTTP/1.1" 304 -
201.245.192.253 - - [15/Sep/2023:08:49:05 -0500] "GET /sipse/faces/javax.faces.resource/theme.css?ln=primefaces-sipse HTTP/1.1" 304 -
201.245.192.253 - - [15/Sep/2023:08:49:05 -0500] "GET /sipse/faces/javax.faces.resource/primefaces.css?ln=primefaces&v=4.0 HTTP/1.1" 304 -
201.245.192.253 - - [15/Sep/2023:08:49:05 -0500] "GET /sipse/js/jquery.min.js HTTP/1.1" 304 -
201.245.192.253 - - [15/Sep/2023:08:49:05 -0500] "GET /sipse/faces/javax.faces.resource/jquery/jquery.js?ln=primefaces&v=4.0 HTTP/1.1" 304 -
201.245.192.253 - - [15/Sep/2023:08:49:05 -0500] "GET /sipse/faces/javax.faces.resource/jquery/jquery-plugins.js?ln=primefaces&v=4.0 HTTP/1.1" 304 -
201.245.192.253 - - [15/Sep/2023:08:49:05 -0500] "GET /sipse/faces/javax.faces.resource/primefaces.js?ln=primefaces&v=4.0 HTTP/1.1" 304 -
201.245.192.253 - - [15/Sep/2023:08:49:05 -0500] "GET /sipse/faces/javax.faces.resource/layout/layout.js?ln=primefaces&v=4.0 HTTP/1.1" 304 -
201.245.192.253 - - [15/Sep/2023:08:49:05 -0500] "GET /sipse/css/v_mergente.css HTTP/1.1" 304 -
201.245.192.253 - - [15/Sep/2023:08:49:05 -0500] "GET /sipse/imagenes/cargando.gif HTTP/1.1" 304 -
201.245.192.253 - - [15/Sep/2023:08:49:05 -0500] "GET /sipse/imagenes/logoAplicacion.jpg HTTP/1.1" 304 -
201.245.192.253 - - [15/Sep/2023:08:49:05 -0500] "GET /sipse/css/imagen/contrasena.png HTTP/1.1" 304 -
201.245.192.253 - - [15/Sep/2023:08:49:07 -0500] "GET /sipse/faces/javax.faces.resource/images/ui-bg_flat_0_2d5972_40x100.png?ln=primefaces-aristo HTTP/1.1" 304 -
201.245.192.253 - - [15/Sep/2023:08:49:07 -0500] "POST /sipse/faces/bienvenido.xhtml HTTP/1.1" 200 2658
201.245.192.253 - - [15/Sep/2023:08:49:08 -0500] "POST /sipse/faces/bienvenido.xhtml HTTP/1.1" 200 33049
201.245.192.253 - - [15/Sep/2023:08:49:08 -0500] "GET /sipse/faces/javax.faces.resource/theme.css?ln=primefaces-sipse HTTP/1.1" 304 -
201.245.192.253 - - [15/Sep/2023:08:49:08 -0500] "GET /sipse/faces/javax.faces.resource/primefaces.css?ln=primefaces&v=4.0 HTTP/1.1" 304 -
201.245.192.253 - - [15/Sep/2023:08:49:08 -0500] "GET /sipse/faces/javax.faces.resource/layout/layout.css?ln=primefaces&v=4.0 HTTP/1.1" 304 -
201.245.192.253 - - [15/Sep/2023:08:49:08 -0500] "GET /sipse/faces/javax.faces.resource/jquery/jquery.js?ln=primefaces&v=4.0 HTTP/1.1" 304 -
201.245.192.253 - - [15/Sep/2023:08:49:08 -0500] "GET /sipse/faces/javax.faces.resource/jquery/jquery-plugins.js?ln=primefaces&v=4.0 HTTP/1.1" 304 -
201.245.192.253 - - [15/Sep/2023:08:49:08 -0500] "GET /sipse/faces/javax.faces.resource/primefaces.js?ln=primefaces&v=4.0 HTTP/1.1" 304 -
201.245.192.253 - - [15/Sep/2023:08:49:08 -0500] "GET /sipse/faces/javax.faces.resource/layout/layout.js?ln=primefaces&v=4.0 HTTP/1.1" 304 -
201.245.192.253 - - [15/Sep/2023:08:49:09 -0500] "POST /sipse/faces/presentacion/financiero/solicitudProceso/listarSolicitudProceso.xhtml HTTP/1.1" 200 1376
201.245.192.253 - - [15/Sep/2023:08:49:09 -0500] "POST /sipse/faces/presentacion/financiero/solicitudProceso/consultarSolicitudProceso.xhtml HTTP/1.1" 200 83561
172.22.2.4 - - [15/Sep/2023:08:49:18 -0500] "GET /BLA/boletinlegal/consulta_actos.php?tipo=resoluciones&no=2416&usuario=&sector=&fecha=2019&resuelve= HTTP/1.1" 200 1072
191.156.186.138 - - [15/Sep/2023:08:49:20 -0500] "GET /BLA/resoluciones/RESOLUCIONES%202019/2416.pdf HTTP/1.1" 200 444182
52.167.144.199 - - [15/Sep/2023:08:49:30 -0500] "GET /Publicaciones/2023EE210177.pdf HTTP/1.1" 200 231427
190.145.240.6 - - [15/Sep/2023:08:49:32 -0500] "POST /appsia/controlador HTTP/1.1" 200 7767
201.245.192.253 - - [15/Sep/2023:08:49:32 -0500] "POST /forms/lservlet;jsessionid=ac16012b30d63d978f376e20424bb3f6ff930e63d6af.e3iSbxaKaheRe34Pbx8Nc3aQci1ynknvrkLOlQzNp65In0 HTTP/1.1" 200 2
190.145.240.6 - - [15/Sep/2023:08:49:42 -0500] "POST /appsia/controlador HTTP/1.1" 200 6632
190.145.240.6 - - [15/Sep/2023:08:49:44 -0500] "POST /appsia/controlador HTTP/1.1" 200 10947
190.145.240.6 - - [15/Sep/2023:08:49:53 -0500] "POST /appsia/controlador HTTP/1.1" 200 7767
190.145.240.6 - - [15/Sep/2023:08:50:02 -0500] "POST /appsia/controlador HTTP/1.1" 200 6632
190.145.240.6 - - [15/Sep/2023:08:50:04 -0500] "POST /appsia/controlador HTTP/1.1" 200 10947
172.22.2.4 - - [15/Sep/2023:08:50:17 -0500] "GET /BLA/boletinlegal/consulta_actos.php?tipo=resoluciones&no=0775&usuario=&sector=PEV&fecha=2021&resuelve= HTTP/1.1" 200 1856
172.22.2.4 - - [15/Sep/2023:08:50:17 -0500] "GET /BLA/boletinlegal/images/pdf.gif HTTP/1.1" 200 567
201.245.192.253 - - [15/Sep/2023:08:50:20 -0500] "GET /BLA/resoluciones/RESOLUCIONES%202021/0775.pdf HTTP/1.1" 200 602464
190.145.240.6 - - [15/Sep/2023:08:50:22 -0500] "POST /appsia/controlador HTTP/1.1" 200 7767
201.245.192.253 - - [15/Sep/2023:08:50:30 -0500] "POST /forms/lservlet;jsessionid=ac16012b30d6d19c31849e654dd38cb0cf62d49b9509.e3iSbxaKaheRe34Pbx8Nc3aQci1ynknvrkLOlQzNp65In0 HTTP/1.1" 200 2
190.145.240.6 - - [15/Sep/2023:08:51:09 -0500] "POST /appsia/controlador HTTP/1.1" 200 6632
190.145.240.6 - - [15/Sep/2023:08:51:10 -0500] "POST /appsia/controlador HTTP/1.1" 200 10947
190.145.240.6 - - [15/Sep/2023:08:51:17 -0500] "POST /appsia/controlador HTTP/1.1" 200 7767
190.145.240.6 - - [15/Sep/2023:08:51:27 -0500] "POST /appsia/controlador HTTP/1.1" 200 6632
190.145.240.6 - - [15/Sep/2023:08:51:29 -0500] "POST /appsia/controlador HTTP/1.1" 200 10947
201.245.192.253 - - [15/Sep/2023:08:51:32 -0500] "POST /forms/lservlet;jsessionid=ac16012b30d63d978f376e20424bb3f6ff930e63d6af.e3iSbxaKaheRe34Pbx8Nc3aQci1ynknvrkLOlQzNp65In0 HTTP/1.1" 200 2
190.145.240.6 - - [15/Sep/2023:08:51:36 -0500] "POST /appsia/controlador HTTP/1.1" 200 7767
190.145.240.6 - - [15/Sep/2023:08:51:46 -0500] "POST /appsia/controlador HTTP/1.1" 200 6632
190.145.240.6 - - [15/Sep/2023:08:51:47 -0500] "POST /appsia/controlador HTTP/1.1" 200 11336
190.145.240.6 - - [15/Sep/2023:08:51:59 -0500] "POST /appsia/controlador HTTP/1.1" 200 7767
190.145.240.6 - - [15/Sep/2023:08:52:11 -0500] "POST /appsia/controlador HTTP/1.1" 200 6632
190.145.240.6 - - [15/Sep/2023:08:52:12 -0500] "POST /appsia/controlador HTTP/1.1" 200 10947
216.245.221.92 - - [15/Sep/2023:08:52:22 -0500] "HEAD / HTTP/1.1" 200 -
190.145.240.6 - - [15/Sep/2023:08:52:22 -0500] "POST /appsia/controlador HTTP/1.1" 200 7767
201.245.192.253 - - [15/Sep/2023:08:52:24 -0500] "POST /kwsrmcab/Wsrmcab  HTTP/1.1" 200 213
172.22.2.4 - - [15/Sep/2023:08:52:30 -0500] "GET /BLA/boletinlegal/actuator/gateway/routes HTTP/1.1" 404 1018
201.245.192.253 - - [15/Sep/2023:08:52:30 -0500] "POST /forms/lservlet;jsessionid=ac16012b30d6d19c31849e654dd38cb0cf62d49b9509.e3iSbxaKaheRe34Pbx8Nc3aQci1ynknvrkLOlQzNp65In0 HTTP/1.1" 200 2
190.145.240.6 - - [15/Sep/2023:08:52:32 -0500] "POST /appsia/controlador HTTP/1.1" 200 6632
190.145.240.6 - - [15/Sep/2023:08:52:33 -0500] "POST /appsia/controlador HTTP/1.1" 200 10947
190.145.240.6 - - [15/Sep/2023:08:52:42 -0500] "POST /appsia/controlador HTTP/1.1" 200 7767
190.145.240.6 - - [15/Sep/2023:08:52:53 -0500] "POST /appsia/controlador HTTP/1.1" 200 6632
190.145.240.6 - - [15/Sep/2023:08:52:54 -0500] "POST /appsia/controlador HTTP/1.1" 200 10947
190.145.240.6 - - [15/Sep/2023:08:53:05 -0500] "POST /appsia/controlador HTTP/1.1" 200 7767
190.145.240.6 - - [15/Sep/2023:08:53:13 -0500] "POST /appsia/controlador HTTP/1.1" 200 6632
190.145.240.6 - - [15/Sep/2023:08:53:14 -0500] "POST /appsia/controlador HTTP/1.1" 200 10947
190.145.240.6 - - [15/Sep/2023:08:53:21 -0500] "POST /appsia/controlador HTTP/1.1" 200 7767
201.245.166.34 - - [15/Sep/2023:08:53:22 -0500] "GET /sipse/faces/faces/autenticacion.xhtml HTTP/1.1" 200 12506
201.245.166.34 - - [15/Sep/2023:08:53:23 -0500] "GET /sipse/js/disable_browser_buttons.js HTTP/1.1" 304 -
201.245.166.34 - - [15/Sep/2023:08:53:23 -0500] "GET /sipse/css/custom_css_sg.css HTTP/1.1" 304 -
201.245.166.34 - - [15/Sep/2023:08:53:23 -0500] "GET /sipse/faces/javax.faces.resource/layout/layout.css;jsessionid=+iZVXPXQNPLIEkYCWsluRBdv.undefined?ln=primefaces&v=4.0 HTTP/1.1" 200 542
201.245.166.34 - - [15/Sep/2023:08:53:23 -0500] "GET /sipse/css/custom_css_sg_prime_login.css HTTP/1.1" 304 -
201.245.166.34 - - [15/Sep/2023:08:53:23 -0500] "GET /sipse/faces/javax.faces.resource/theme.css?ln=primefaces-sipse HTTP/1.1" 304 -
201.245.166.34 - - [15/Sep/2023:08:53:23 -0500] "GET /sipse/js/funciones.js HTTP/1.1" 304 -
201.245.166.34 - - [15/Sep/2023:08:53:23 -0500] "GET /sipse/faces/javax.faces.resource/primefaces.css;jsessionid=+iZVXPXQNPLIEkYCWsluRBdv.undefined?ln=primefaces&v=4.0 HTTP/1.1" 200 53295
201.245.166.34 - - [15/Sep/2023:08:53:23 -0500] "GET /sipse/faces/javax.faces.resource/jquery/jquery.js;jsessionid=+iZVXPXQNPLIEkYCWsluRBdv.undefined?ln=primefaces&v=4.0 HTTP/1.1" 200 105384
201.245.166.34 - - [15/Sep/2023:08:53:23 -0500] "GET /sipse/faces/javax.faces.resource/layout/layout.js;jsessionid=+iZVXPXQNPLIEkYCWsluRBdv.undefined?ln=primefaces&v=4.0 HTTP/1.1" 200 87560
201.245.166.34 - - [15/Sep/2023:08:53:23 -0500] "GET /sipse/faces/javax.faces.resource/jquery/jquery-plugins.js;jsessionid=+iZVXPXQNPLIEkYCWsluRBdv.undefined?ln=primefaces&v=4.0 HTTP/1.1" 200 220526
201.245.166.34 - - [15/Sep/2023:08:53:23 -0500] "GET /sipse/faces/javax.faces.resource/primefaces.js;jsessionid=+iZVXPXQNPLIEkYCWsluRBdv.undefined?ln=primefaces&v=4.0 HTTP/1.1" 200 276924
201.245.166.34 - - [15/Sep/2023:08:53:23 -0500] "GET /sipse/css/imagen/logoSDG.png HTTP/1.1" 304 -
201.245.166.34 - - [15/Sep/2023:08:53:23 -0500] "GET /sipse/css/imagen/loginimg.png HTTP/1.1" 304 -
201.245.166.34 - - [15/Sep/2023:08:53:23 -0500] "GET /sipse/faces/javax.faces.resource/images/ui-icons_898989_256x240.png?ln=primefaces-aristo HTTP/1.1" 304 -
201.245.166.34 - - [15/Sep/2023:08:53:23 -0500] "GET /sipse/faces/faces/index.xhtml HTTP/1.1" 200 677
201.245.166.34 - - [15/Sep/2023:08:53:23 -0500] "GET /sipse/faces/javax.faces.resource/theme.css?ln=primefaces-sipse HTTP/1.1" 304 -
201.245.166.34 - - [15/Sep/2023:08:53:23 -0500] "GET /sipse/faces/faces/faces/autenticacion.xhtml HTTP/1.1" 200 12184
201.245.166.34 - - [15/Sep/2023:08:53:24 -0500] "GET /sipse/faces/javax.faces.resource/theme.css?ln=primefaces-sipse HTTP/1.1" 304 -
201.245.166.34 - - [15/Sep/2023:08:53:24 -0500] "GET /sipse/faces/javax.faces.resource/jquery/jquery.js?ln=primefaces&v=4.0 HTTP/1.1" 304 -
201.245.166.34 - - [15/Sep/2023:08:53:24 -0500] "GET /sipse/faces/javax.faces.resource/layout/layout.css?ln=primefaces&v=4.0 HTTP/1.1" 304 -
201.245.166.34 - - [15/Sep/2023:08:53:24 -0500] "GET /sipse/faces/javax.faces.resource/primefaces.css?ln=primefaces&v=4.0 HTTP/1.1" 304 -
201.245.166.34 - - [15/Sep/2023:08:53:24 -0500] "GET /sipse/faces/javax.faces.resource/jquery/jquery-plugins.js?ln=primefaces&v=4.0 HTTP/1.1" 304 -
201.245.166.34 - - [15/Sep/2023:08:53:24 -0500] "GET /sipse/faces/javax.faces.resource/primefaces.js?ln=primefaces&v=4.0 HTTP/1.1" 304 -
201.245.166.34 - - [15/Sep/2023:08:53:24 -0500] "GET /sipse/faces/javax.faces.resource/layout/layout.js?ln=primefaces&v=4.0 HTTP/1.1" 304 -
201.245.166.34 - - [15/Sep/2023:08:53:27 -0500] "POST /sipse/faces/autenticacion.xhtml HTTP/1.1" 200 11194
201.245.166.34 - - [15/Sep/2023:08:53:28 -0500] "GET /sipse/css/custom_css_sg_prime.css HTTP/1.1" 304 -
201.245.166.34 - - [15/Sep/2023:08:53:28 -0500] "GET /sipse/faces/javax.faces.resource/theme.css?ln=primefaces-sipse HTTP/1.1" 304 -
201.245.166.34 - - [15/Sep/2023:08:53:28 -0500] "GET /sipse/faces/javax.faces.resource/primefaces.css?ln=primefaces&v=4.0 HTTP/1.1" 304 -
201.245.166.34 - - [15/Sep/2023:08:53:28 -0500] "GET /sipse/faces/javax.faces.resource/layout/layout.css?ln=primefaces&v=4.0 HTTP/1.1" 304 -
201.245.166.34 - - [15/Sep/2023:08:53:28 -0500] "GET /sipse/faces/javax.faces.resource/jquery/jquery.js?ln=primefaces&v=4.0 HTTP/1.1" 304 -
201.245.166.34 - - [15/Sep/2023:08:53:28 -0500] "GET /sipse/faces/javax.faces.resource/jquery/jquery-plugins.js?ln=primefaces&v=4.0 HTTP/1.1" 304 -
201.245.166.34 - - [15/Sep/2023:08:53:28 -0500] "GET /sipse/faces/javax.faces.resource/primefaces.js?ln=primefaces&v=4.0 HTTP/1.1" 304 -
201.245.166.34 - - [15/Sep/2023:08:53:28 -0500] "GET /sipse/faces/javax.faces.resource/layout/layout.js?ln=primefaces&v=4.0 HTTP/1.1" 304 -
201.245.166.34 - - [15/Sep/2023:08:53:28 -0500] "GET /sipse/faces/javax.faces.resource/messages/messages.png?ln=primefaces&v=4.0 HTTP/1.1" 304 -
201.245.166.34 - - [15/Sep/2023:08:53:29 -0500] "GET /sipse/faces/javax.faces.resource/images/ui-icons_898989_256x240.png?ln=primefaces-aristo HTTP/1.1" 304 -
201.245.166.34 - - [15/Sep/2023:08:53:30 -0500] "POST /sipse/faces/presentacion/sistema/seguridad/seleccionRol.xhtml HTTP/1.1" 200 5624
201.245.166.34 - - [15/Sep/2023:08:53:31 -0500] "POST /sipse/faces/presentacion/sistema/seguridad/seleccionRol.xhtml HTTP/1.1" 200 15139
201.245.166.34 - - [15/Sep/2023:08:53:31 -0500] "GET /sipse/faces/javax.faces.resource/layout/layout.css?ln=primefaces&v=4.0 HTTP/1.1" 304 -
201.245.166.34 - - [15/Sep/2023:08:53:31 -0500] "GET /sipse/faces/javax.faces.resource/primefaces.css?ln=primefaces&v=4.0 HTTP/1.1" 304 -
201.245.166.34 - - [15/Sep/2023:08:53:31 -0500] "GET /sipse/faces/javax.faces.resource/theme.css?ln=primefaces-sipse HTTP/1.1" 304 -
201.245.166.34 - - [15/Sep/2023:08:53:31 -0500] "GET /sipse/js/jquery.min.js HTTP/1.1" 304 -
201.245.166.34 - - [15/Sep/2023:08:53:31 -0500] "GET /sipse/faces/javax.faces.resource/jquery/jquery.js?ln=primefaces&v=4.0 HTTP/1.1" 304 -
201.245.166.34 - - [15/Sep/2023:08:53:31 -0500] "GET /sipse/faces/javax.faces.resource/jquery/jquery-plugins.js?ln=primefaces&v=4.0 HTTP/1.1" 304 -
201.245.166.34 - - [15/Sep/2023:08:53:31 -0500] "GET /sipse/faces/javax.faces.resource/primefaces.js?ln=primefaces&v=4.0 HTTP/1.1" 304 -
201.245.166.34 - - [15/Sep/2023:08:53:31 -0500] "GET /sipse/faces/javax.faces.resource/layout/layout.js?ln=primefaces&v=4.0 HTTP/1.1" 304 -
201.245.166.34 - - [15/Sep/2023:08:53:31 -0500] "GET /sipse/css/v_mergente.css HTTP/1.1" 304 -
201.245.166.34 - - [15/Sep/2023:08:53:31 -0500] "GET /sipse/css/imagen/contrasena.png HTTP/1.1" 404 383
201.245.166.34 - - [15/Sep/2023:08:53:31 -0500] "GET /sipse/imagenes/logoAplicacion.jpg HTTP/1.1" 304 -
201.245.166.34 - - [15/Sep/2023:08:53:31 -0500] "GET /sipse/imagenes/cargando.gif HTTP/1.1" 304 -
201.245.192.253 - - [15/Sep/2023:08:53:32 -0500] "POST /forms/lservlet;jsessionid=ac16012b30d63d978f376e20424bb3f6ff930e63d6af.e3iSbxaKaheRe34Pbx8Nc3aQci1ynknvrkLOlQzNp65In0 HTTP/1.1" 200 2
201.245.166.34 - - [15/Sep/2023:08:53:33 -0500] "GET /sipse/faces/javax.faces.resource/images/ui-bg_flat_0_2d5972_40x100.png?ln=primefaces-aristo HTTP/1.1" 304 -
201.245.166.34 - - [15/Sep/2023:08:53:33 -0500] "POST /sipse/faces/bienvenido.xhtml HTTP/1.1" 200 3246
190.145.240.6 - - [15/Sep/2023:08:53:34 -0500] "POST /appsia/controlador HTTP/1.1" 200 6632
201.245.166.34 - - [15/Sep/2023:08:53:34 -0500] "POST /sipse/faces/bienvenido.xhtml HTTP/1.1" 200 63201
201.245.166.34 - - [15/Sep/2023:08:53:34 -0500] "GET /sipse/faces/javax.faces.resource/theme.css?ln=primefaces-sipse HTTP/1.1" 304 -
201.245.166.34 - - [15/Sep/2023:08:53:34 -0500] "GET /sipse/faces/javax.faces.resource/primefaces.css?ln=primefaces&v=4.0 HTTP/1.1" 304 -
201.245.166.34 - - [15/Sep/2023:08:53:34 -0500] "GET /sipse/faces/javax.faces.resource/layout/layout.css?ln=primefaces&v=4.0 HTTP/1.1" 304 -
201.245.166.34 - - [15/Sep/2023:08:53:34 -0500] "GET /sipse/faces/javax.faces.resource/jquery/jquery.js?ln=primefaces&v=4.0 HTTP/1.1" 304 -
201.245.166.34 - - [15/Sep/2023:08:53:34 -0500] "GET /sipse/faces/javax.faces.resource/jquery/jquery-plugins.js?ln=primefaces&v=4.0 HTTP/1.1" 304 -
201.245.166.34 - - [15/Sep/2023:08:53:34 -0500] "GET /sipse/faces/javax.faces.resource/primefaces.js?ln=primefaces&v=4.0 HTTP/1.1" 304 -
201.245.166.34 - - [15/Sep/2023:08:53:34 -0500] "GET /sipse/faces/javax.faces.resource/layout/layout.js?ln=primefaces&v=4.0 HTTP/1.1" 304 -
201.245.166.34 - - [15/Sep/2023:08:53:34 -0500] "POST /sipse/faces/presentacion/financiero/solicitudProceso/listarSolicitudProceso.xhtml HTTP/1.1" 200 1552
190.145.240.6 - - [15/Sep/2023:08:53:35 -0500] "POST /appsia/controlador HTTP/1.1" 200 12118
201.245.166.34 - - [15/Sep/2023:08:53:35 -0500] "POST /sipse/faces/presentacion/financiero/solicitudProceso/listarSolicitudProceso.xhtml HTTP/1.1" 200 46202
201.245.166.34 - - [15/Sep/2023:08:53:36 -0500] "POST /sipse/faces/presentacion/financiero/solicitudProceso/listarSolicitudProceso.xhtml HTTP/1.1" 200 1556
201.245.166.34 - - [15/Sep/2023:08:53:36 -0500] "POST /sipse/faces/presentacion/financiero/solicitudProceso/listarSolicitudProceso.xhtml HTTP/1.1" 200 4793
201.245.166.34 - - [15/Sep/2023:08:53:36 -0500] "POST /sipse/faces/presentacion/financiero/solicitudProceso/listarSolicitudProceso.xhtml HTTP/1.1" 200 16528
201.245.166.34 - - [15/Sep/2023:08:53:41 -0500] "POST /sipse/faces/presentacion/financiero/solicitudProceso/listarSolicitudProceso.xhtml HTTP/1.1" 200 124734
201.245.166.34 - - [15/Sep/2023:08:53:42 -0500] "GET /sipse/faces/javax.faces.resource/primefaces.css?ln=primefaces&v=4.0 HTTP/1.1" 304 -
201.245.166.34 - - [15/Sep/2023:08:53:42 -0500] "GET /sipse/faces/javax.faces.resource/layout/layout.css?ln=primefaces&v=4.0 HTTP/1.1" 304 -
201.245.166.34 - - [15/Sep/2023:08:53:42 -0500] "GET /sipse/faces/javax.faces.resource/theme.css?ln=primefaces-sipse HTTP/1.1" 304 -
