172.22.2.4 - - [20/Sep/2023:02:44:24 -0500] "HEAD /BLA/boletinlegal/ HTTP/1.1" 200 -
69.171.249.12 - - [20/Sep/2023:02:46:13 -0500] "GET /images/Aire1.jpeg HTTP/1.1" 200 51706
216.245.221.92 - - [20/Sep/2023:02:46:19 -0500] "HEAD / HTTP/1.1" 200 -
66.249.66.193 - - [20/Sep/2023:02:46:41 -0500] "GET /como-obtener-el-certificado-de-estado-de-conservacion-ambiental-ceca.html HTTP/1.1" 304 -
216.244.66.195 - - [20/Sep/2023:02:46:46 -0500] "GET /BLA/resoluciones/AUTOS%202020/3453.pdf HTTP/1.1" 200 333257
172.22.2.4 - - [20/Sep/2023:02:45:15 -0500] "GET /BLA/boletinlegal/ HTTP/1.1" 200 58187
216.244.66.195 - - [20/Sep/2023:02:47:32 -0500] "GET /BLA/resoluciones/AUTOS%202020/3629.pdf HTTP/1.1" 200 383162
216.244.66.195 - - [20/Sep/2023:02:48:17 -0500] "GET /BLA/resoluciones/AUTOS%202020/3794.pdf HTTP/1.1" 200 351524
216.244.66.195 - - [20/Sep/2023:02:49:00 -0500] "GET /BLA/resoluciones/AUTOS%202020/3797.pdf HTTP/1.1" 200 348420
201.245.192.253 - - [20/Sep/2023:02:48:59 -0500] "POST /kwsrmcab/Wsrmcab  HTTP/1.1" 200 41265
64.124.8.36 - - [20/Sep/2023:02:49:27 -0500] "GET /portaldeninos/humedal-la-vaca-2/ HTTP/1.1" 200 87837
216.244.66.195 - - [20/Sep/2023:02:49:44 -0500] "GET /BLA/resoluciones/AUTOS%202020/4221.pdf HTTP/1.1" 200 342452
216.244.66.195 - - [20/Sep/2023:02:50:23 -0500] "GET /BLA/resoluciones/AUTOS%202020/4541.pdf HTTP/1.1" 200 413211
216.244.66.195 - - [20/Sep/2023:02:50:57 -0500] "GET /BLA/resoluciones/AUTOS%202020/4599.pdf HTTP/1.1" 200 352478
157.55.39.54 - - [20/Sep/2023:02:51:04 -0500] "GET /galeria/galeria/fotos/GuaymaralTorca3G.jpg HTTP/1.1" 200 330310
157.55.39.54 - - [20/Sep/2023:02:51:06 -0500] "GET /galeria/galeria/fotos/Soratama3G.jpg HTTP/1.1" 200 159434
40.77.167.143 - - [20/Sep/2023:02:51:13 -0500] "GET /galeria/galeria/fotos/Entrenube2G.jpg HTTP/1.1" 200 111422
40.77.167.143 - - [20/Sep/2023:02:51:13 -0500] "GET /galeria/mapa/humedal2017.jpg HTTP/1.1" 200 644667
216.244.66.195 - - [20/Sep/2023:02:51:27 -0500] "GET /BLA/resoluciones/AUTOS%202020/4614.pdf HTTP/1.1" 200 469796
216.244.66.195 - - [20/Sep/2023:02:51:55 -0500] "GET /BLA/resoluciones/AUTOS%202020/4743.pdf HTTP/1.1" 200 876276
216.244.66.195 - - [20/Sep/2023:02:52:25 -0500] "GET /BLA/resoluciones/AUTOS%202021/1953.pdf HTTP/1.1" 200 397967
64.124.8.23 - - [20/Sep/2023:02:52:42 -0500] "GET /BLA/boletinlegal/jurisprudencia/analisis/analisis%20sentencia%20C%20401%20de%202010.doc HTTP/1.1" 200 34816
216.244.66.195 - - [20/Sep/2023:02:52:54 -0500] "GET /BLA/resoluciones/AUTOS%202021/2077.pdf HTTP/1.1" 200 365166
201.245.192.253 - - [20/Sep/2023:02:53:58 -0500] "POST /kwsrmcab/Wsrmcab  HTTP/1.1" 200 41265
216.245.221.92 - - [20/Sep/2023:02:55:57 -0500] "HEAD / HTTP/1.1" 200 -
216.244.66.195 - - [20/Sep/2023:02:57:34 -0500] "GET /robots.txt HTTP/1.1" 404 1018
172.22.2.4 - - [20/Sep/2023:02:56:09 -0500] "HEAD /BLA/boletinlegal/ HTTP/1.1" 200 -
172.22.2.4 - - [20/Sep/2023:02:57:00 -0500] "GET /BLA/boletinlegal/ HTTP/1.1" 200 58187
201.245.192.253 - - [20/Sep/2023:02:58:57 -0500] "POST /kwsrmcab/Wsrmcab  HTTP/1.1" 200 41265
66.249.77.9 - - [20/Sep/2023:02:59:39 -0500] "GET /resoluciones/RESOLUCIONES%202009/1260.pdf HTTP/1.1" 404 1018
64.124.8.36 - - [20/Sep/2023:02:59:48 -0500] "GET /portaldeninos/2021/05/30/biodiversidad/feed/ HTTP/1.1" 304 -
64.124.8.23 - - [20/Sep/2023:02:59:49 -0500] "GET /BLA/boletinlegal/index.php HTTP/1.1" 200 16331
216.245.221.92 - - [20/Sep/2023:03:00:56 -0500] "HEAD / HTTP/1.1" 200 -
64.124.8.36 - - [20/Sep/2023:03:01:18 -0500] "GET /portaldeninos/ HTTP/1.1" 200 110175
172.22.2.4 - - [20/Sep/2023:03:01:59 -0500] "HEAD /BLA/boletinlegal/ HTTP/1.1" 200 -
66.249.77.10 - - [20/Sep/2023:03:03:41 -0500] "GET /BLA/resoluciones/RESOLUCIONES%202010/3113.pdf HTTP/1.1" 200 539623
201.245.192.253 - - [20/Sep/2023:03:03:56 -0500] "POST /kwsrmcab/Wsrmcab  HTTP/1.1" 200 41265
172.22.2.4 - - [20/Sep/2023:03:02:50 -0500] "GET /BLA/boletinlegal/ HTTP/1.1" 200 58187
216.245.221.92 - - [20/Sep/2023:03:05:56 -0500] "HEAD / HTTP/1.1" 200 -
64.124.8.23 - - [20/Sep/2023:03:08:06 -0500] "GET /BLA/boletinlegal/jurisprudencia/analisis/G__Jurisp.%20Junio%202014_Sent%20Tutela%20Drumond.docx HTTP/1.1" 200 25380
201.245.192.253 - - [20/Sep/2023:03:08:54 -0500] "POST /kwsrmcab/Wsrmcab  HTTP/1.1" 200 41265
172.22.2.4 - - [20/Sep/2023:03:07:49 -0500] "HEAD /BLA/boletinlegal/ HTTP/1.1" 200 -
35.203.210.219 - - [20/Sep/2023:03:10:02 -0500] "GET / HTTP/1.1" 200 319
172.22.2.4 - - [20/Sep/2023:03:08:40 -0500] "GET /BLA/boletinlegal/ HTTP/1.1" 200 58187
66.249.77.8 - - [20/Sep/2023:03:10:51 -0500] "GET /BLA/resoluciones/RESOLUCIONES%202009/3036.pdf HTTP/1.1" 200 423976
216.245.221.92 - - [20/Sep/2023:03:10:56 -0500] "HEAD / HTTP/1.1" 200 -
157.55.39.11 - - [20/Sep/2023:03:12:45 -0500] "GET /BLA/resoluciones/AUTOS%202023/4032.pdf HTTP/1.1" 200 2056189
40.77.167.49 - - [20/Sep/2023:03:12:53 -0500] "GET /BLA/resoluciones/RESOLUCIONES%202019/3731.pdf HTTP/1.1" 304 -
66.249.77.9 - - [20/Sep/2023:03:13:04 -0500] "GET /BLA/resoluciones/RESOLUCIONES%202015/1054.pdf HTTP/1.1" 200 487632
66.249.77.8 - - [20/Sep/2023:03:13:20 -0500] "GET /BLA/resoluciones/RESOLUCIONES%202009/0794.pdf HTTP/1.1" 200 405476
64.124.8.23 - - [20/Sep/2023:03:13:33 -0500] "GET /BLA/boletinlegal/jurisprudencia/analisis/CUADRO%20SENTENCIA%20C-222%20DE%202011.doc HTTP/1.1" 200 34816
201.245.192.253 - - [20/Sep/2023:03:13:54 -0500] "POST /kwsrmcab/Wsrmcab  HTTP/1.1" 200 41265
172.22.2.4 - - [20/Sep/2023:03:12:41 -0500] "GET /BLA/boletinlegal/ HTTP/1.1" 200 61130
172.22.2.4 - - [20/Sep/2023:03:14:41 -0500] "GET /BLA/boletinlegal/images/cabezote%20BLEGAL.jpg HTTP/1.1" 200 118164
172.22.2.4 - - [20/Sep/2023:03:14:53 -0500] "GET /BLA/boletinlegal/images/pdf.gif HTTP/1.1" 200 567
172.22.2.4 - - [20/Sep/2023:03:15:03 -0500] "GET /BLA/boletinlegal/images/arr_r.jpg HTTP/1.1" 200 1998
66.249.77.9 - - [20/Sep/2023:03:15:10 -0500] "GET /BLA/resoluciones/RESOLUCIONES%202009/1463.pdf HTTP/1.1" 200 609349
172.22.2.4 - - [20/Sep/2023:03:15:12 -0500] "GET /BLA/boletinlegal/images/arr_l.jpg HTTP/1.1" 200 1979
172.22.2.4 - - [20/Sep/2023:03:15:19 -0500] "GET /BLA/boletinlegal/images/launch.jpg HTTP/1.1" 200 14577
172.22.2.4 - - [20/Sep/2023:03:13:39 -0500] "HEAD /BLA/boletinlegal/ HTTP/1.1" 200 -
172.22.2.4 - - [20/Sep/2023:03:15:26 -0500] "GET /BLA/boletinlegal/images/screen_1.png HTTP/1.1" 200 202547
172.22.2.4 - - [20/Sep/2023:03:15:31 -0500] "GET /BLA/boletinlegal/images/screen_3.png HTTP/1.1" 200 210620
172.22.2.4 - - [20/Sep/2023:03:15:36 -0500] "GET /BLA/boletinlegal/images/screen_5.png HTTP/1.1" 200 368876
172.22.2.4 - - [20/Sep/2023:03:15:40 -0500] "GET /BLA/boletinlegal/images/screen_2.png HTTP/1.1" 200 362502
216.245.221.92 - - [20/Sep/2023:03:15:56 -0500] "HEAD / HTTP/1.1" 200 -
172.22.2.4 - - [20/Sep/2023:03:14:30 -0500] "GET /BLA/boletinlegal/ HTTP/1.1" 200 58187
64.124.8.36 - - [20/Sep/2023:03:16:43 -0500] "GET /portaldeninos/biodiversidad/ HTTP/1.1" 200 86633
201.245.192.253 - - [20/Sep/2023:03:17:54 -0500] "POST /kwsrmcab/Wsrmcab HTTP/1.1" 200 40946
201.245.192.253 - - [20/Sep/2023:03:17:57 -0500] "POST /kwsrmcab/Wsrmcab HTTP/1.1" 200 41402
64.124.8.36 - - [20/Sep/2023:03:18:25 -0500] "GET /portaldeninos/humedal-cordoba-2/ HTTP/1.1" 200 88041
201.245.192.253 - - [20/Sep/2023:03:18:52 -0500] "POST /kwsrmcab/Wsrmcab  HTTP/1.1" 200 41265
216.245.221.92 - - [20/Sep/2023:03:20:56 -0500] "HEAD / HTTP/1.1" 200 -
172.22.2.4 - - [20/Sep/2023:03:19:29 -0500] "HEAD /BLA/boletinlegal/ HTTP/1.1" 200 -
172.22.2.4 - - [20/Sep/2023:03:21:30 -0500] "GET /BLA/boletinlegal/Directivas/2016/Directiva%20No.%2001%20del%2012%20de%20Abril%20de%202016.pdf HTTP/1.1" 200 868354
172.22.2.4 - - [20/Sep/2023:03:20:20 -0500] "GET /BLA/boletinlegal/ HTTP/1.1" 200 56970
66.249.77.9 - - [20/Sep/2023:03:23:20 -0500] "GET /BLA/resoluciones/AUTOS%202012/1410.pdf HTTP/1.1" 200 495713
201.245.192.253 - - [20/Sep/2023:03:23:51 -0500] "POST /kwsrmcab/Wsrmcab  HTTP/1.1" 200 41265
64.124.8.23 - - [20/Sep/2023:03:24:13 -0500] "GET /BLA/boletinlegal/jurisprudencia/analisis/ANALISIST-046-99.docx HTTP/1.1" 200 20918
216.245.221.92 - - [20/Sep/2023:03:25:56 -0500] "HEAD / HTTP/1.1" 200 -
66.249.77.10 - - [20/Sep/2023:03:26:17 -0500] "GET /resoluciones/RESOLUCIONES%202008/1521.pdf HTTP/1.1" 404 1018
66.249.77.8 - - [20/Sep/2023:03:26:41 -0500] "GET /BLA/resoluciones/Autos%202008/1842.pdf HTTP/1.1" 200 276383
172.22.2.4 - - [20/Sep/2023:03:25:19 -0500] "HEAD /BLA/boletinlegal/ HTTP/1.1" 200 -
162.55.175.142 - - [20/Sep/2023:03:27:35 -0500] "GET / HTTP/1.1" 200 319
172.22.2.4 - - [20/Sep/2023:03:26:10 -0500] "GET /BLA/boletinlegal/ HTTP/1.1" 200 60342
201.245.192.253 - - [20/Sep/2023:03:27:54 -0500] "POST /kwsrmcab/Wsrmcab HTTP/1.1" 200 40946
66.249.77.10 - - [20/Sep/2023:03:27:59 -0500] "GET /BLA/resoluciones/RESOLUCIONES%202009/6537.pdf HTTP/1.1" 200 436417
201.245.192.253 - - [20/Sep/2023:03:27:57 -0500] "POST /kwsrmcab/Wsrmcab HTTP/1.1" 200 41402
201.245.192.253 - - [20/Sep/2023:03:28:50 -0500] "POST /kwsrmcab/Wsrmcab  HTTP/1.1" 200 41265
66.249.77.8 - - [20/Sep/2023:03:29:21 -0500] "GET /BLA/resoluciones/AUTOS%202013/1877.pdf HTTP/1.1" 200 174945
66.249.77.10 - - [20/Sep/2023:03:29:21 -0500] "GET /BLA/resoluciones/AUTOS%202014/6939.pdf HTTP/1.1" 200 271013
216.245.221.92 - - [20/Sep/2023:03:30:56 -0500] "HEAD / HTTP/1.1" 200 -
172.22.2.4 - - [20/Sep/2023:03:31:09 -0500] "HEAD /BLA/boletinlegal/ HTTP/1.1" 200 -
157.90.244.54 - - [20/Sep/2023:03:32:59 -0500] "GET / HTTP/1.1" 200 319
216.244.66.195 - - [20/Sep/2023:03:33:03 -0500] "GET /BLA/resoluciones/RESOLUCIONES%202018/4115.pdf HTTP/1.1" 200 287260
172.22.2.4 - - [20/Sep/2023:03:32:00 -0500] "GET /BLA/boletinlegal/ HTTP/1.1" 200 58187
216.244.66.195 - - [20/Sep/2023:03:33:50 -0500] "GET /BLA/resoluciones/RESOLUCIONES%202018/4256.pdf HTTP/1.1" 200 307380
201.245.192.253 - - [20/Sep/2023:03:33:49 -0500] "POST /kwsrmcab/Wsrmcab  HTTP/1.1" 200 41265
66.249.77.9 - - [20/Sep/2023:03:34:14 -0500] "GET /BLA/resoluciones/AUTOS%202008/1964.pdf HTTP/1.1" 200 91704
34.98.143.9 - - [20/Sep/2023:03:35:20 -0500] "HEAD /BLA/resoluciones/AUTOS%202023/4011.pdf HTTP/1.1" 200 -
18.118.186.234 - - [20/Sep/2023:03:35:20 -0500] "GET /BLA/resoluciones/AUTOS%202023/4011.pdf HTTP/1.1" 200 419945
34.98.143.10 - - [20/Sep/2023:03:35:20 -0500] "GET /BLA/resoluciones/AUTOS%202023/4011.pdf HTTP/1.1" 200 419945
100.26.121.200 - - [20/Sep/2023:03:35:20 -0500] "GET /BLA/resoluciones/AUTOS%202023/4011.pdf HTTP/1.1" 200 419945
185.220.101.45 - - [20/Sep/2023:03:35:21 -0500] "GET /BLA/resoluciones/AUTOS%202023/4011.pdf HTTP/1.1" 200 419945
66.249.77.10 - - [20/Sep/2023:03:35:32 -0500] "GET /BLA/resoluciones/RESOLUCIONES%202011/0299.pdf HTTP/1.1" 200 80163
216.245.221.92 - - [20/Sep/2023:03:35:56 -0500] "HEAD / HTTP/1.1" 200 -
201.245.192.253 - - [20/Sep/2023:03:37:54 -0500] "POST /kwsrmcab/Wsrmcab HTTP/1.1" 200 40946
201.245.192.253 - - [20/Sep/2023:03:37:57 -0500] "POST /kwsrmcab/Wsrmcab HTTP/1.1" 200 41402
172.22.2.4 - - [20/Sep/2023:03:36:59 -0500] "HEAD /BLA/boletinlegal/ HTTP/1.1" 200 -
201.245.192.253 - - [20/Sep/2023:03:38:47 -0500] "POST /kwsrmcab/Wsrmcab  HTTP/1.1" 200 41265
172.22.2.4 - - [20/Sep/2023:03:37:50 -0500] "GET /BLA/boletinlegal/ HTTP/1.1" 200 60692
216.245.221.92 - - [20/Sep/2023:03:40:56 -0500] "HEAD / HTTP/1.1" 200 -
66.249.77.10 - - [20/Sep/2023:03:41:17 -0500] "GET /Publicaciones/2023EE108896.pdf HTTP/1.1" 404 228
64.124.8.36 - - [20/Sep/2023:03:42:06 -0500] "GET /portaldeninos/publicidad/ HTTP/1.1" 200 21408
201.245.192.253 - - [20/Sep/2023:03:43:45 -0500] "POST /kwsrmcab/Wsrmcab  HTTP/1.1" 200 41265
110.224.177.60 - - [20/Sep/2023:03:44:22 -0500] "GET /pot-2013/cartografia/anexo01_sistema_hidrico.pdf HTTP/1.1" 200 5860035
172.22.2.4 - - [20/Sep/2023:03:42:49 -0500] "HEAD /BLA/boletinlegal/ HTTP/1.1" 200 -
172.22.2.4 - - [20/Sep/2023:03:43:40 -0500] "GET /BLA/boletinlegal/ HTTP/1.1" 200 60342
216.245.221.92 - - [20/Sep/2023:03:45:56 -0500] "HEAD / HTTP/1.1" 200 -
216.244.66.195 - - [20/Sep/2023:03:46:23 -0500] "GET /robots.txt HTTP/1.1" 404 1018
52.167.144.236 - - [20/Sep/2023:03:47:50 -0500] "GET /BLA/resoluciones/AUTOS%202014/1239.pdf HTTP/1.1" 200 657771
201.245.192.253 - - [20/Sep/2023:03:48:44 -0500] "POST /kwsrmcab/Wsrmcab  HTTP/1.1" 200 41265
66.249.77.10 - - [20/Sep/2023:03:50:14 -0500] "GET /BLA/resoluciones/AUTOS%202014/2771.pdf HTTP/1.1" 200 465836
172.22.2.4 - - [20/Sep/2023:03:48:39 -0500] "HEAD /BLA/boletinlegal/ HTTP/1.1" 200 -
216.245.221.92 - - [20/Sep/2023:03:50:56 -0500] "HEAD / HTTP/1.1" 200 -
172.22.2.4 - - [20/Sep/2023:03:49:30 -0500] "GET /BLA/boletinlegal/ HTTP/1.1" 200 58187
201.245.192.253 - - [20/Sep/2023:03:53:43 -0500] "POST /kwsrmcab/Wsrmcab  HTTP/1.1" 200 41265
216.245.221.92 - - [20/Sep/2023:03:55:56 -0500] "HEAD / HTTP/1.1" 200 -
172.22.2.4 - - [20/Sep/2023:03:54:29 -0500] "HEAD /BLA/boletinlegal/ HTTP/1.1" 200 -
66.249.77.9 - - [20/Sep/2023:03:56:35 -0500] "GET /BLA/resoluciones/Notificaciones/RESOLUCIONES%202022/3194.pdf HTTP/1.1" 200 1806309
172.22.2.4 - - [20/Sep/2023:03:55:20 -0500] "GET /BLA/boletinlegal/ HTTP/1.1" 200 58187
66.249.77.8 - - [20/Sep/2023:03:58:28 -0500] "GET /BLA/resoluciones/Autos%202008/1818.pdf HTTP/1.1" 200 144095
201.245.192.253 - - [20/Sep/2023:03:58:42 -0500] "POST /kwsrmcab/Wsrmcab  HTTP/1.1" 200 41265
66.249.77.9 - - [20/Sep/2023:03:58:46 -0500] "GET /BLA/resoluciones/RESOLUCIONES%202007/RES%202007%202101%20AL%202200/RESOLUCION%202118%20DE%202007.pdf HTTP/1.1" 200 339756
66.249.77.8 - - [20/Sep/2023:03:59:42 -0500] "GET /BLA/resoluciones/RESOLUCIONES%202009/6539.pdf HTTP/1.1" 200 436611
216.245.221.92 - - [20/Sep/2023:04:00:56 -0500] "HEAD / HTTP/1.1" 200 -
172.22.2.4 - - [20/Sep/2023:04:00:19 -0500] "HEAD /BLA/boletinlegal/ HTTP/1.1" 200 -
172.22.2.4 - - [20/Sep/2023:04:01:10 -0500] "GET /BLA/boletinlegal/ HTTP/1.1" 200 57790
201.245.192.253 - - [20/Sep/2023:04:03:42 -0500] "POST /kwsrmcab/Wsrmcab  HTTP/1.1" 200 41265
172.22.2.4 - - [20/Sep/2023:04:04:44 -0500] "GET /BLA/boletinlegal/actos.php HTTP/1.1" 200 9682
172.22.2.4 - - [20/Sep/2023:04:04:45 -0500] "GET /BLA/boletinlegal/style.css HTTP/1.1" 200 9406
172.22.2.4 - - [20/Sep/2023:04:04:46 -0500] "GET /BLA/boletinlegal/styles2.css HTTP/1.1" 200 1838
216.245.221.92 - - [20/Sep/2023:04:05:56 -0500] "HEAD / HTTP/1.1" 200 -
66.249.77.9 - - [20/Sep/2023:04:07:27 -0500] "GET /BLA/resoluciones/RESOLUCIONES%202008/3227.pdf HTTP/1.1" 200 83849
172.22.2.4 - - [20/Sep/2023:04:06:09 -0500] "HEAD /BLA/boletinlegal/ HTTP/1.1" 200 -
172.22.2.4 - - [20/Sep/2023:04:07:00 -0500] "GET /BLA/boletinlegal/ HTTP/1.1" 200 60342
201.245.192.253 - - [20/Sep/2023:04:08:41 -0500] "POST /kwsrmcab/Wsrmcab  HTTP/1.1" 200 41265
216.245.221.92 - - [20/Sep/2023:04:10:56 -0500] "HEAD / HTTP/1.1" 200 -
172.22.2.4 - - [20/Sep/2023:04:11:59 -0500] "HEAD /BLA/boletinlegal/ HTTP/1.1" 200 -
201.245.192.253 - - [20/Sep/2023:04:13:40 -0500] "POST /kwsrmcab/Wsrmcab  HTTP/1.1" 200 41265
172.22.2.4 - - [20/Sep/2023:04:12:14 -0500] "GET /BLA/boletinlegal/index.php HTTP/1.1" 200 47863
87.250.224.54 - - [20/Sep/2023:04:14:20 -0500] "GET /robots.txt HTTP/1.1" 404 1018
213.180.203.209 - - [20/Sep/2023:04:14:21 -0500] "GET / HTTP/1.1" 200 319
172.22.2.4 - - [20/Sep/2023:04:12:50 -0500] "GET /BLA/boletinlegal/ HTTP/1.1" 200 49296
216.245.221.92 - - [20/Sep/2023:04:15:56 -0500] "HEAD / HTTP/1.1" 200 -
87.250.224.84 - - [20/Sep/2023:04:16:26 -0500] "GET / HTTP/1.1" 200 319
157.55.39.12 - - [20/Sep/2023:04:17:54 -0500] "GET /BLA/resoluciones/index.php?dir=AUTOS+2023%2F HTTP/1.1" 200 300548
201.245.192.253 - - [20/Sep/2023:04:17:53 -0500] "POST /kwsrmcab/Wsrmcab HTTP/1.1" 200 40631
201.245.192.253 - - [20/Sep/2023:04:17:57 -0500] "POST /kwsrmcab/Wsrmcab HTTP/1.1" 200 41394
216.244.66.195 - - [20/Sep/2023:04:18:05 -0500] "GET /BLA/resoluciones/AUTOS%202020/2315.pdf HTTP/1.1" 200 335720
201.245.192.253 - - [20/Sep/2023:04:18:38 -0500] "POST /kwsrmcab/Wsrmcab  HTTP/1.1" 200 41265
216.244.66.195 - - [20/Sep/2023:04:18:55 -0500] "GET /BLA/resoluciones/AUTOS%202020/2387.pdf HTTP/1.1" 200 416961
172.22.2.4 - - [20/Sep/2023:04:17:49 -0500] "HEAD /BLA/boletinlegal/ HTTP/1.1" 200 -
216.244.66.195 - - [20/Sep/2023:04:19:46 -0500] "GET /BLA/resoluciones/AUTOS%202020/2936.pdf HTTP/1.1" 200 383807
207.46.13.214 - - [20/Sep/2023:04:19:54 -0500] "GET /appsia/controlador HTTP/1.1" 200 4799
157.55.39.12 - - [20/Sep/2023:04:20:00 -0500] "GET /BLA/resoluciones/AUTOS%202023/4202.pdf HTTP/1.1" 200 440895
157.55.39.12 - - [20/Sep/2023:04:20:01 -0500] "GET /BLA/resoluciones/AUTOS%202023/4238.pdf HTTP/1.1" 200 1639401
157.55.39.12 - - [20/Sep/2023:04:20:02 -0500] "GET /BLA/resoluciones/AUTOS%202023/4230.pdf HTTP/1.1" 200 855539
157.55.39.12 - - [20/Sep/2023:04:20:02 -0500] "GET /BLA/resoluciones/AUTOS%202023/4292.pdf HTTP/1.1" 200 418759
157.55.39.12 - - [20/Sep/2023:04:20:02 -0500] "GET /BLA/resoluciones/AUTOS%202023/4267.pdf HTTP/1.1" 200 855155
157.55.39.12 - - [20/Sep/2023:04:20:03 -0500] "GET /BLA/resoluciones/AUTOS%202023/4237.pdf HTTP/1.1" 200 749722
157.55.39.12 - - [20/Sep/2023:04:20:03 -0500] "GET /BLA/resoluciones/AUTOS%202023/4234.pdf HTTP/1.1" 200 1657839
157.55.39.12 - - [20/Sep/2023:04:20:05 -0500] "GET /BLA/resoluciones/AUTOS%202023/4262.pdf HTTP/1.1" 200 791788
157.55.39.12 - - [20/Sep/2023:04:20:05 -0500] "GET /BLA/resoluciones/AUTOS%202023/4208.pdf HTTP/1.1" 200 442648
157.55.39.12 - - [20/Sep/2023:04:20:06 -0500] "GET /BLA/resoluciones/AUTOS%202023/4229.pdf HTTP/1.1" 200 751103
157.55.39.12 - - [20/Sep/2023:04:20:06 -0500] "GET /BLA/resoluciones/AUTOS%202023/4272.pdf HTTP/1.1" 200 511037
157.55.39.12 - - [20/Sep/2023:04:20:07 -0500] "GET /BLA/resoluciones/AUTOS%202023/4240.pdf HTTP/1.1" 200 1530613
157.55.39.12 - - [20/Sep/2023:04:20:08 -0500] "GET /BLA/resoluciones/AUTOS%202023/4205.pdf HTTP/1.1" 200 429484
157.55.39.12 - - [20/Sep/2023:04:20:08 -0500] "GET /BLA/resoluciones/AUTOS%202023/4197.pdf HTTP/1.1" 200 435226
157.55.39.12 - - [20/Sep/2023:04:20:10 -0500] "GET /BLA/resoluciones/AUTOS%202023/4247.pdf HTTP/1.1" 200 784954
52.167.144.234 - - [20/Sep/2023:04:20:14 -0500] "GET /BLA/resoluciones/AUTOS%202023/4288.pdf HTTP/1.1" 200 402844
52.167.144.234 - - [20/Sep/2023:04:20:15 -0500] "GET /BLA/resoluciones/AUTOS%202023/4224.pdf HTTP/1.1" 200 435898
52.167.144.234 - - [20/Sep/2023:04:20:15 -0500] "GET /BLA/resoluciones/AUTOS%202023/4207.pdf HTTP/1.1" 200 425149
52.167.144.234 - - [20/Sep/2023:04:20:15 -0500] "GET /BLA/resoluciones/AUTOS%202023/4211.pdf HTTP/1.1" 200 410042
52.167.144.234 - - [20/Sep/2023:04:20:16 -0500] "GET /BLA/resoluciones/AUTOS%202023/4289.pdf HTTP/1.1" 200 435072
52.167.144.234 - - [20/Sep/2023:04:20:16 -0500] "GET /BLA/resoluciones/AUTOS%202023/4274.pdf HTTP/1.1" 200 748521
52.167.144.234 - - [20/Sep/2023:04:20:16 -0500] "GET /BLA/resoluciones/AUTOS%202023/4231.pdf HTTP/1.1" 200 835087
52.167.144.234 - - [20/Sep/2023:04:20:16 -0500] "GET /BLA/resoluciones/AUTOS%202023/4257.pdf HTTP/1.1" 200 789876
52.167.144.234 - - [20/Sep/2023:04:20:17 -0500] "GET /BLA/resoluciones/AUTOS%202023/4217.pdf HTTP/1.1" 200 445503
52.167.144.234 - - [20/Sep/2023:04:20:17 -0500] "GET /BLA/resoluciones/AUTOS%202023/4271.pdf HTTP/1.1" 200 528462
172.22.2.4 - - [20/Sep/2023:04:18:40 -0500] "GET /BLA/boletinlegal/ HTTP/1.1" 200 57790
52.167.144.234 - - [20/Sep/2023:04:20:25 -0500] "GET /BLA/resoluciones/AUTOS%202023/4232.pdf HTTP/1.1" 200 946986
52.167.144.234 - - [20/Sep/2023:04:20:25 -0500] "GET /BLA/resoluciones/AUTOS%202023/4312.pdf HTTP/1.1" 200 1413920
52.167.144.234 - - [20/Sep/2023:04:20:26 -0500] "GET /BLA/resoluciones/AUTOS%202023/4190.pdf HTTP/1.1" 200 445863
52.167.144.66 - - [20/Sep/2023:04:20:29 -0500] "GET /robots.txt HTTP/1.1" 404 1018
40.77.167.49 - - [20/Sep/2023:04:20:29 -0500] "GET /appsia/scripts/validarIngreso.js HTTP/1.1" 200 851
40.77.167.49 - - [20/Sep/2023:04:20:29 -0500] "GET /BLA/resoluciones/AUTOS%202023/4261.pdf HTTP/1.1" 200 520693
40.77.167.49 - - [20/Sep/2023:04:20:30 -0500] "GET /BLA/resoluciones/AUTOS%202023/4295.pdf HTTP/1.1" 200 407661
40.77.167.49 - - [20/Sep/2023:04:20:30 -0500] "GET /BLA/resoluciones/AUTOS%202023/4251.pdf HTTP/1.1" 200 891614
40.77.167.49 - - [20/Sep/2023:04:20:30 -0500] "GET /BLA/resoluciones/AUTOS%202023/4291.pdf HTTP/1.1" 200 468049
157.55.39.12 - - [20/Sep/2023:04:20:34 -0500] "GET /BLA/resoluciones/AUTOS%202023/4188.pdf HTTP/1.1" 200 424139
216.244.66.195 - - [20/Sep/2023:04:20:35 -0500] "GET /BLA/resoluciones/AUTOS%202020/3002.pdf HTTP/1.1" 200 299767
157.55.39.12 - - [20/Sep/2023:04:20:35 -0500] "GET /BLA/resoluciones/AUTOS%202023/4258.pdf HTTP/1.1" 200 516930
157.55.39.12 - - [20/Sep/2023:04:20:36 -0500] "GET /appsia/css/estilos.css HTTP/1.1" 200 4804
40.77.167.49 - - [20/Sep/2023:04:20:39 -0500] "GET /BLA/resoluciones/AUTOS%202023/4195.pdf HTTP/1.1" 200 422513
40.77.167.49 - - [20/Sep/2023:04:20:39 -0500] "GET /BLA/resoluciones/AUTOS%202023/4209.pdf HTTP/1.1" 200 430244
40.77.167.49 - - [20/Sep/2023:04:20:40 -0500] "GET /BLA/resoluciones/AUTOS%202023/4299.pdf HTTP/1.1" 200 6088925
66.249.77.8 - - [20/Sep/2023:04:20:41 -0500] "GET /BLA/resoluciones/RESOLUCIONES%202009/5257.pdf HTTP/1.1" 200 327204
40.77.167.49 - - [20/Sep/2023:04:20:42 -0500] "GET /BLA/resoluciones/AUTOS%202023/4203.pdf HTTP/1.1" 200 427317
40.77.167.49 - - [20/Sep/2023:04:20:42 -0500] "GET /BLA/resoluciones/AUTOS%202023/4268.pdf HTTP/1.1" 200 502615
40.77.167.49 - - [20/Sep/2023:04:20:42 -0500] "GET /BLA/resoluciones/AUTOS%202023/4254.pdf HTTP/1.1" 200 880478
40.77.167.49 - - [20/Sep/2023:04:20:43 -0500] "GET /BLA/resoluciones/AUTOS%202023/4294.pdf HTTP/1.1" 200 5973574
40.77.167.49 - - [20/Sep/2023:04:20:44 -0500] "GET /BLA/resoluciones/AUTOS%202023/4273.pdf HTTP/1.1" 200 532534
40.77.167.49 - - [20/Sep/2023:04:20:44 -0500] "GET /BLA/resoluciones/AUTOS%202023/4259.pdf HTTP/1.1" 200 540051
40.77.167.49 - - [20/Sep/2023:04:20:45 -0500] "GET /BLA/resoluciones/AUTOS%202023/4212.pdf HTTP/1.1" 200 417304
40.77.167.49 - - [20/Sep/2023:04:20:45 -0500] "GET /BLA/resoluciones/AUTOS%202023/4270.pdf HTTP/1.1" 200 489143
40.77.167.49 - - [20/Sep/2023:04:20:45 -0500] "GET /BLA/resoluciones/AUTOS%202023/4215.pdf HTTP/1.1" 200 480019
40.77.167.49 - - [20/Sep/2023:04:20:45 -0500] "GET /BLA/resoluciones/AUTOS%202023/4277.pdf HTTP/1.1" 200 444911
40.77.167.49 - - [20/Sep/2023:04:20:46 -0500] "GET /BLA/resoluciones/AUTOS%202023/4248.pdf HTTP/1.1" 200 938807
40.77.167.49 - - [20/Sep/2023:04:20:46 -0500] "GET /BLA/resoluciones/AUTOS%202023/4253.pdf HTTP/1.1" 200 799111
52.167.144.234 - - [20/Sep/2023:04:20:53 -0500] "GET /BLA/resoluciones/AUTOS%202023/4219.pdf HTTP/1.1" 200 449471
216.245.221.92 - - [20/Sep/2023:04:20:56 -0500] "HEAD / HTTP/1.1" 200 -
216.244.66.195 - - [20/Sep/2023:04:21:20 -0500] "GET /BLA/resoluciones/AUTOS%202020/3195.pdf HTTP/1.1" 200 410964
216.244.66.195 - - [20/Sep/2023:04:22:10 -0500] "GET /BLA/resoluciones/AUTOS%202020/3333.pdf HTTP/1.1" 200 327655
216.244.66.195 - - [20/Sep/2023:04:22:54 -0500] "GET /BLA/resoluciones/AUTOS%202020/4042.pdf HTTP/1.1" 200 390170
201.245.192.253 - - [20/Sep/2023:04:23:37 -0500] "POST /kwsrmcab/Wsrmcab  HTTP/1.1" 200 41265
216.244.66.195 - - [20/Sep/2023:04:23:41 -0500] "GET /BLA/resoluciones/AUTOS%202020/4070.pdf HTTP/1.1" 200 390958
216.244.66.195 - - [20/Sep/2023:04:24:29 -0500] "GET /BLA/resoluciones/AUTOS%202020/4071.pdf HTTP/1.1" 200 397726
157.55.39.12 - - [20/Sep/2023:04:24:30 -0500] "GET /BLA/resoluciones/AUTOS%202023/4192.pdf HTTP/1.1" 200 422340
172.22.2.4 - - [20/Sep/2023:04:23:39 -0500] "HEAD /BLA/boletinlegal/ HTTP/1.1" 200 -
216.244.66.195 - - [20/Sep/2023:04:25:19 -0500] "GET /BLA/resoluciones/AUTOS%202020/4230.pdf HTTP/1.1" 200 364884
157.55.39.203 - - [20/Sep/2023:04:25:24 -0500] "GET /BLA/resoluciones/AUTOS%202023/4204.pdf HTTP/1.1" 200 438456
172.22.2.4 - - [20/Sep/2023:04:25:43 -0500] "GET /BLA/boletinlegal/favicon.ico HTTP/1.1" 404 1018
176.100.243.133 - - [20/Sep/2023:04:25:49 -0500] "GET /BLA/resoluciones/AUTOS%202023/4011.pdf HTTP/1.1" 200 419945
216.245.221.92 - - [20/Sep/2023:04:25:56 -0500] "HEAD / HTTP/1.1" 200 -
172.22.2.4 - - [20/Sep/2023:04:25:27 -0500] "GET /BLA/boletinlegal/ HTTP/1.1" 200 20427
216.244.66.195 - - [20/Sep/2023:04:26:07 -0500] "GET /BLA/resoluciones/AUTOS%202020/4861.pdf HTTP/1.1" 200 431253
172.22.2.4 - - [20/Sep/2023:04:24:30 -0500] "GET /BLA/boletinlegal/ HTTP/1.1" 200 51319
66.249.66.192 - - [20/Sep/2023:04:26:11 -0500] "GET /aeropuerto-el-dorado-distrito-sensibilizo-a-viajeros-para-evitar-el-trafico-de-especies-silvestres.html HTTP/1.1" 304 -
172.22.2.4 - - [20/Sep/2023:04:25:28 -0500] "GET /BLA/boletinlegal/ HTTP/1.1" 200 32715
216.244.66.195 - - [20/Sep/2023:04:26:57 -0500] "GET /BLA/resoluciones/AUTOS%202020/4931.pdf HTTP/1.1" 200 347895
172.22.2.4 - - [20/Sep/2023:04:27:14 -0500] "GET /BLA/boletinlegal/actos.php HTTP/1.1" 200 9682
172.22.2.4 - - [20/Sep/2023:04:27:15 -0500] "GET /BLA/boletinlegal/js/ajax_actos.js HTTP/1.1" 200 1322
172.22.2.4 - - [20/Sep/2023:04:27:16 -0500] "GET /BLA/boletinlegal/style.css HTTP/1.1" 200 9406
172.22.2.4 - - [20/Sep/2023:04:27:16 -0500] "GET /BLA/boletinlegal/js/lib.js HTTP/1.1" 200 6474
216.244.66.195 - - [20/Sep/2023:04:27:42 -0500] "GET /BLA/resoluciones/AUTOS%202021/0479.pdf HTTP/1.1" 200 400423
201.245.192.253 - - [20/Sep/2023:04:27:53 -0500] "POST /kwsrmcab/Wsrmcab HTTP/1.1" 200 40631
201.245.192.253 - - [20/Sep/2023:04:27:56 -0500] "POST /kwsrmcab/Wsrmcab HTTP/1.1" 200 41394
216.244.66.195 - - [20/Sep/2023:04:28:26 -0500] "GET /BLA/resoluciones/AUTOS%202021/0480.pdf HTTP/1.1" 200 389078
201.245.192.253 - - [20/Sep/2023:04:28:36 -0500] "POST /kwsrmcab/Wsrmcab  HTTP/1.1" 200 41265
216.244.66.195 - - [20/Sep/2023:04:28:56 -0500] "GET /BLA/resoluciones/AUTOS%202021/0521.pdf HTTP/1.1" 200 735327
40.77.167.126 - - [20/Sep/2023:04:30:51 -0500] "GET /BLA/resoluciones/AUTOS%202023/4081.pdf HTTP/1.1" 200 535230
216.245.221.92 - - [20/Sep/2023:04:30:56 -0500] "HEAD / HTTP/1.1" 200 -
172.22.2.4 - - [20/Sep/2023:04:29:29 -0500] "HEAD /BLA/boletinlegal/ HTTP/1.1" 200 -
172.22.2.4 - - [20/Sep/2023:04:30:20 -0500] "GET /BLA/boletinlegal/ HTTP/1.1" 200 60342
216.244.66.195 - - [20/Sep/2023:04:33:25 -0500] "GET /robots.txt HTTP/1.1" 404 1018
201.245.192.253 - - [20/Sep/2023:04:33:35 -0500] "POST /kwsrmcab/Wsrmcab  HTTP/1.1" 200 41265
65.154.226.170 - - [20/Sep/2023:04:35:48 -0500] "GET /BLA/resoluciones/AUTOS%202023/4011.pdf HTTP/1.1" 200 419945
216.245.221.92 - - [20/Sep/2023:04:35:56 -0500] "HEAD / HTTP/1.1" 200 -
65.154.226.170 - - [20/Sep/2023:04:36:01 -0500] "HEAD /BLA/resoluciones/AUTOS%202023/4011.pdf HTTP/1.1" 200 -
65.154.226.170 - - [20/Sep/2023:04:36:01 -0500] "GET /BLA/resoluciones/AUTOS%202023/4011.pdf HTTP/1.1" 200 419945
52.167.144.212 - - [20/Sep/2023:04:36:22 -0500] "GET /BLA/resoluciones/AUTOS%202023/0885.pdf HTTP/1.1" 200 419944
172.22.2.4 - - [20/Sep/2023:04:34:44 -0500] "GET /BLA/boletinlegal/index.php HTTP/1.1" 200 58981
172.22.2.4 - - [20/Sep/2023:04:35:19 -0500] "HEAD /BLA/boletinlegal/ HTTP/1.1" 200 -
207.46.13.156 - - [20/Sep/2023:04:37:13 -0500] "GET /BLA/resoluciones/RESOLUCIONES%202008/4790.pdf HTTP/1.1" 200 180662
172.22.2.4 - - [20/Sep/2023:04:36:10 -0500] "GET /BLA/boletinlegal/ HTTP/1.1" 200 53362
201.245.192.253 - - [20/Sep/2023:04:37:53 -0500] "POST /kwsrmcab/Wsrmcab HTTP/1.1" 200 40631
201.245.192.253 - - [20/Sep/2023:04:37:57 -0500] "POST /kwsrmcab/Wsrmcab HTTP/1.1" 200 41394
201.245.192.253 - - [20/Sep/2023:04:38:34 -0500] "POST /kwsrmcab/Wsrmcab  HTTP/1.1" 200 41265
173.252.107.7 - - [20/Sep/2023:04:39:42 -0500] "GET /images/Zuque%20(1)%20(1).jpeg HTTP/1.1" 200 66921
69.171.249.119 - - [20/Sep/2023:04:40:33 -0500] "GET /images/pieza-voluntariado-ambiental.jpeg HTTP/1.1" 200 51125
216.245.221.92 - - [20/Sep/2023:04:40:56 -0500] "HEAD / HTTP/1.1" 200 -
172.22.2.4 - - [20/Sep/2023:04:41:09 -0500] "HEAD /BLA/boletinlegal/ HTTP/1.1" 200 -
201.245.192.253 - - [20/Sep/2023:04:43:33 -0500] "POST /kwsrmcab/Wsrmcab  HTTP/1.1" 200 41265
172.22.2.4 - - [20/Sep/2023:04:42:00 -0500] "GET /BLA/boletinlegal/ HTTP/1.1" 200 60692
216.245.221.92 - - [20/Sep/2023:04:45:56 -0500] "HEAD / HTTP/1.1" 200 -
201.245.192.253 - - [20/Sep/2023:04:48:32 -0500] "POST /kwsrmcab/Wsrmcab  HTTP/1.1" 200 41265
172.22.2.4 - - [20/Sep/2023:04:46:59 -0500] "HEAD /BLA/boletinlegal/ HTTP/1.1" 200 -
172.22.2.4 - - [20/Sep/2023:04:47:50 -0500] "GET /BLA/boletinlegal/ HTTP/1.1" 200 60342
216.245.221.92 - - [20/Sep/2023:04:50:56 -0500] "HEAD / HTTP/1.1" 200 -
172.22.2.4 - - [20/Sep/2023:04:53:24 -0500] "GET /BLA/boletinlegal/actos.php HTTP/1.1" 200 9682
201.245.192.253 - - [20/Sep/2023:04:53:31 -0500] "POST /kwsrmcab/Wsrmcab  HTTP/1.1" 200 41265
45.152.188.236 - - [20/Sep/2023:04:53:57 -0500] "GET /BLA/resoluciones/AUTOS%202023 HTTP/1.1" 301 260
199.48.177.3 - - [20/Sep/2023:04:53:57 -0500] "GET /BLA/resoluciones/AUTOS%202023/4011.pdf HTTP/1.1" 200 419945
45.152.188.236 - - [20/Sep/2023:04:53:57 -0500] "GET /BLA/resoluciones/AUTOS%202023/ HTTP/1.1" 200 535
45.152.188.236 - - [20/Sep/2023:04:53:57 -0500] "GET /icons/blank.gif HTTP/1.1" 200 148
172.22.2.4 - - [20/Sep/2023:04:52:49 -0500] "HEAD /BLA/boletinlegal/ HTTP/1.1" 200 -
199.48.177.3 - - [20/Sep/2023:04:54:32 -0500] "GET /BLA/resoluciones/AUTOS%202023/4011.pdf HTTP/1.1" 200 419945
149.19.224.40 - - [20/Sep/2023:04:55:08 -0500] "GET /BLA/resoluciones/AUTOS%202023/4011.pdf HTTP/1.1" 200 419945
172.22.2.4 - - [20/Sep/2023:04:53:40 -0500] "GET /BLA/boletinlegal/ HTTP/1.1" 200 58187
199.48.177.86 - - [20/Sep/2023:04:55:50 -0500] "GET /BLA/resoluciones/AUTOS%202023/4011.pdf HTTP/1.1" 200 419945
216.245.221.92 - - [20/Sep/2023:04:55:56 -0500] "HEAD / HTTP/1.1" 200 -
199.48.177.86 - - [20/Sep/2023:04:56:25 -0500] "GET /BLA/resoluciones/AUTOS%202023/4011.pdf HTTP/1.1" 200 419945
149.19.224.43 - - [20/Sep/2023:04:57:01 -0500] "GET /BLA/resoluciones/AUTOS%202023/4011.pdf HTTP/1.1" 200 419945
149.19.224.43 - - [20/Sep/2023:04:57:36 -0500] "GET /BLA/resoluciones/AUTOS%202023/4011.pdf HTTP/1.1" 200 419945
199.48.177.22 - - [20/Sep/2023:04:58:12 -0500] "GET /BLA/resoluciones/AUTOS%202023/4011.pdf HTTP/1.1" 200 419945
201.245.192.253 - - [20/Sep/2023:04:58:30 -0500] "POST /kwsrmcab/Wsrmcab  HTTP/1.1" 200 41265
199.48.177.22 - - [20/Sep/2023:04:58:47 -0500] "GET /BLA/resoluciones/AUTOS%202023/4011.pdf HTTP/1.1" 200 419945
45.77.201.161 - - [20/Sep/2023:04:59:23 -0500] "GET /BLA/resoluciones/AUTOS%202023/4011.pdf HTTP/1.1" 200 419945
66.249.77.10 - - [20/Sep/2023:04:59:24 -0500] "GET /Residuos/textiles/files/guia_textiles.pdf HTTP/1.1" 200 12356716
172.22.2.4 - - [20/Sep/2023:04:58:39 -0500] "HEAD /BLA/boletinlegal/ HTTP/1.1" 200 -
216.245.221.92 - - [20/Sep/2023:05:00:56 -0500] "HEAD / HTTP/1.1" 200 -
172.22.2.4 - - [20/Sep/2023:04:59:30 -0500] "GET /BLA/boletinlegal/ HTTP/1.1" 200 57790
201.245.192.253 - - [20/Sep/2023:05:03:29 -0500] "POST /kwsrmcab/Wsrmcab  HTTP/1.1" 200 41265
216.244.66.195 - - [20/Sep/2023:05:05:51 -0500] "GET /BLA/resoluciones/AUTOS%202020/3530.pdf HTTP/1.1" 200 445493
216.245.221.92 - - [20/Sep/2023:05:05:56 -0500] "HEAD / HTTP/1.1" 200 -
172.22.2.4 - - [20/Sep/2023:05:04:29 -0500] "HEAD /BLA/boletinlegal/ HTTP/1.1" 200 -
216.244.66.195 - - [20/Sep/2023:05:06:21 -0500] "GET /BLA/resoluciones/AUTOS%202020/3532.pdf HTTP/1.1" 200 387563
172.22.2.4 - - [20/Sep/2023:05:05:20 -0500] "GET /BLA/boletinlegal/ HTTP/1.1" 200 60342
216.244.66.195 - - [20/Sep/2023:05:07:05 -0500] "GET /BLA/resoluciones/AUTOS%202020/3626.pdf HTTP/1.1" 200 389213
216.244.66.195 - - [20/Sep/2023:05:07:50 -0500] "GET /BLA/resoluciones/AUTOS%202020/4201.pdf HTTP/1.1" 200 471582
172.22.2.4 - - [20/Sep/2023:05:08:24 -0500] "GET /BLA/boletinlegal/robots.txt HTTP/1.1" 404 1037
172.22.2.4 - - [20/Sep/2023:05:08:24 -0500] "GET /BLA/boletinlegal/jurisprudencia/analisis/G__Jurisp.%20Junio%202014_Sent%20Tutela%20Drumond.docx HTTP/1.1" 304 -
201.245.192.253 - - [20/Sep/2023:05:08:28 -0500] "POST /kwsrmcab/Wsrmcab  HTTP/1.1" 200 41265
216.244.66.195 - - [20/Sep/2023:05:08:40 -0500] "GET /BLA/resoluciones/AUTOS%202020/4259.pdf HTTP/1.1" 200 344647
186.84.90.99 - - [20/Sep/2023:05:08:51 -0500] "GET /sipse/faces/index.xhtml HTTP/1.1" 200 677
186.84.90.99 - - [20/Sep/2023:05:08:51 -0500] "GET /sipse/faces/javax.faces.resource/theme.css?ln=primefaces-sipse HTTP/1.1" 304 -
186.84.90.99 - - [20/Sep/2023:05:08:51 -0500] "GET /sipse/faces/faces/autenticacion.xhtml HTTP/1.1" 200 12419
186.84.90.99 - - [20/Sep/2023:05:08:51 -0500] "GET /sipse/js/disable_browser_buttons.js HTTP/1.1" 200 3230
186.84.90.99 - - [20/Sep/2023:05:08:51 -0500] "GET /sipse/js/funciones.js HTTP/1.1" 200 12592
186.84.90.99 - - [20/Sep/2023:05:08:51 -0500] "GET /sipse/css/custom_css_sg_prime_login.css HTTP/1.1" 200 443
186.84.90.99 - - [20/Sep/2023:05:08:51 -0500] "GET /sipse/faces/javax.faces.resource/theme.css?ln=primefaces-sipse HTTP/1.1" 304 -
186.84.90.99 - - [20/Sep/2023:05:08:51 -0500] "GET /sipse/faces/javax.faces.resource/primefaces.css?ln=primefaces&v=4.0 HTTP/1.1" 304 -
186.84.90.99 - - [20/Sep/2023:05:08:51 -0500] "GET /sipse/faces/javax.faces.resource/layout/layout.css?ln=primefaces&v=4.0 HTTP/1.1" 304 -
186.84.90.99 - - [20/Sep/2023:05:08:51 -0500] "GET /sipse/css/custom_css_sg.css HTTP/1.1" 200 9694
186.84.90.99 - - [20/Sep/2023:05:08:51 -0500] "GET /sipse/faces/javax.faces.resource/jquery/jquery.js?ln=primefaces&v=4.0 HTTP/1.1" 304 -
186.84.90.99 - - [20/Sep/2023:05:08:51 -0500] "GET /sipse/faces/javax.faces.resource/primefaces.js?ln=primefaces&v=4.0 HTTP/1.1" 304 -
186.84.90.99 - - [20/Sep/2023:05:08:51 -0500] "GET /sipse/faces/javax.faces.resource/jquery/jquery-plugins.js?ln=primefaces&v=4.0 HTTP/1.1" 304 -
186.84.90.99 - - [20/Sep/2023:05:08:51 -0500] "GET /sipse/faces/javax.faces.resource/layout/layout.js?ln=primefaces&v=4.0 HTTP/1.1" 304 -
186.84.90.99 - - [20/Sep/2023:05:08:51 -0500] "GET /sipse/faces/javax.faces.resource/images/ui-icons_898989_256x240.png?ln=primefaces-aristo HTTP/1.1" 304 -
186.84.90.99 - - [20/Sep/2023:05:08:51 -0500] "GET /sipse/css/imagen/loginimg.png HTTP/1.1" 200 71635
186.84.90.99 - - [20/Sep/2023:05:08:51 -0500] "GET /sipse/css/imagen/logoSDG.png HTTP/1.1" 200 53064
186.84.90.99 - - [20/Sep/2023:05:08:55 -0500] "POST /sipse/faces/autenticacion.xhtml HTTP/1.1" 200 16840
186.84.90.99 - - [20/Sep/2023:05:08:55 -0500] "GET /sipse/css/custom_css_sg_prime.css HTTP/1.1" 200 5201
186.84.90.99 - - [20/Sep/2023:05:08:55 -0500] "GET /sipse/faces/javax.faces.resource/primefaces.css?ln=primefaces&v=4.0 HTTP/1.1" 304 -
186.84.90.99 - - [20/Sep/2023:05:08:55 -0500] "GET /sipse/faces/javax.faces.resource/theme.css?ln=primefaces-sipse HTTP/1.1" 304 -
186.84.90.99 - - [20/Sep/2023:05:08:55 -0500] "GET /sipse/faces/javax.faces.resource/layout/layout.css?ln=primefaces&v=4.0 HTTP/1.1" 304 -
186.84.90.99 - - [20/Sep/2023:05:08:55 -0500] "GET /sipse/js/jquery.min.js HTTP/1.1" 200 85582
186.84.90.99 - - [20/Sep/2023:05:08:56 -0500] "GET /sipse/faces/javax.faces.resource/jquery/jquery.js?ln=primefaces&v=4.0 HTTP/1.1" 304 -
186.84.90.99 - - [20/Sep/2023:05:08:56 -0500] "GET /sipse/faces/javax.faces.resource/jquery/jquery-plugins.js?ln=primefaces&v=4.0 HTTP/1.1" 304 -
186.84.90.99 - - [20/Sep/2023:05:08:56 -0500] "GET /sipse/faces/javax.faces.resource/primefaces.js?ln=primefaces&v=4.0 HTTP/1.1" 304 -
186.84.90.99 - - [20/Sep/2023:05:08:56 -0500] "GET /sipse/faces/javax.faces.resource/layout/layout.js?ln=primefaces&v=4.0 HTTP/1.1" 304 -
186.84.90.99 - - [20/Sep/2023:05:08:56 -0500] "GET /sipse/css/v_mergente.css HTTP/1.1" 200 1505
186.84.90.99 - - [20/Sep/2023:05:08:56 -0500] "GET /sipse/css/imagen/contrasena.png HTTP/1.1" 404 383
186.84.90.99 - - [20/Sep/2023:05:08:56 -0500] "GET /sipse/imagenes/cargando.gif HTTP/1.1" 200 36959
186.84.90.99 - - [20/Sep/2023:05:08:56 -0500] "GET /sipse/faces/javax.faces.resource/messages/messages.png?ln=primefaces&v=4.0 HTTP/1.1" 304 -
186.84.90.99 - - [20/Sep/2023:05:08:56 -0500] "GET /sipse/imagenes/logoAplicacion.jpg HTTP/1.1" 200 155084
186.84.90.99 - - [20/Sep/2023:05:08:58 -0500] "GET /sipse/faces/javax.faces.resource/images/ui-bg_flat_0_2d5972_40x100.png?ln=primefaces-aristo HTTP/1.1" 304 -
186.84.90.99 - - [20/Sep/2023:05:08:58 -0500] "POST /sipse/faces/bienvenido.xhtml HTTP/1.1" 200 1471
186.84.90.99 - - [20/Sep/2023:05:08:59 -0500] "POST /sipse/faces/bienvenido.xhtml HTTP/1.1" 200 31903
186.84.90.99 - - [20/Sep/2023:05:09:00 -0500] "GET /sipse/faces/javax.faces.resource/theme.css?ln=primefaces-sipse HTTP/1.1" 304 -
186.84.90.99 - - [20/Sep/2023:05:09:00 -0500] "GET /sipse/faces/javax.faces.resource/layout/layout.css?ln=primefaces&v=4.0 HTTP/1.1" 304 -
186.84.90.99 - - [20/Sep/2023:05:09:00 -0500] "GET /sipse/faces/javax.faces.resource/primefaces.css?ln=primefaces&v=4.0 HTTP/1.1" 304 -
186.84.90.99 - - [20/Sep/2023:05:09:00 -0500] "GET /sipse/faces/javax.faces.resource/jquery/jquery.js?ln=primefaces&v=4.0 HTTP/1.1" 304 -
186.84.90.99 - - [20/Sep/2023:05:09:00 -0500] "GET /sipse/faces/javax.faces.resource/jquery/jquery-plugins.js?ln=primefaces&v=4.0 HTTP/1.1" 304 -
186.84.90.99 - - [20/Sep/2023:05:09:00 -0500] "GET /sipse/faces/javax.faces.resource/primefaces.js?ln=primefaces&v=4.0 HTTP/1.1" 304 -
186.84.90.99 - - [20/Sep/2023:05:09:00 -0500] "GET /sipse/faces/javax.faces.resource/layout/layout.js?ln=primefaces&v=4.0 HTTP/1.1" 304 -
186.84.90.99 - - [20/Sep/2023:05:09:00 -0500] "POST /sipse/faces/presentacion/financiero/solicitudProceso/listarSolicitudProceso.xhtml HTTP/1.1" 200 1368
216.244.66.195 - - [20/Sep/2023:05:09:28 -0500] "GET /BLA/resoluciones/AUTOS%202020/4380.pdf HTTP/1.1" 200 356564
172.22.2.4 - - [20/Sep/2023:05:09:28 -0500] "GET /BLA/boletinlegal/ HTTP/1.1" 200 20427
216.244.66.195 - - [20/Sep/2023:05:10:07 -0500] "GET /BLA/resoluciones/AUTOS%202020/4398.pdf HTTP/1.1" 200 406823
216.244.66.195 - - [20/Sep/2023:05:10:55 -0500] "GET /BLA/resoluciones/AUTOS%202020/4464.pdf HTTP/1.1" 200 421019
216.245.221.92 - - [20/Sep/2023:05:10:56 -0500] "HEAD / HTTP/1.1" 200 -
40.77.167.22 - - [20/Sep/2023:05:11:36 -0500] "GET /Publicaciones/2023EE214756.pdf HTTP/1.1" 200 362881
216.244.66.195 - - [20/Sep/2023:05:11:38 -0500] "GET /BLA/resoluciones/AUTOS%202020/4476.pdf HTTP/1.1" 200 389683
172.22.2.4 - - [20/Sep/2023:05:10:19 -0500] "HEAD /BLA/boletinlegal/ HTTP/1.1" 200 -
207.46.13.127 - - [20/Sep/2023:05:12:22 -0500] "GET /portaldeninos/2021/06/29/jasbleady-castaneda-una-mujer-que-le-pone-el-alma-a-la-proteccion-de-las-tinguas-azules/ HTTP/1.1" 200 108388
216.244.66.195 - - [20/Sep/2023:05:12:25 -0500] "GET /BLA/resoluciones/AUTOS%202023/0526.pdf HTTP/1.1" 200 400812
172.22.2.4 - - [20/Sep/2023:05:11:10 -0500] "GET /BLA/boletinlegal/ HTTP/1.1" 200 58187
216.244.66.195 - - [20/Sep/2023:05:13:12 -0500] "GET /BLA/resoluciones/AUTOS%202023/0663.pdf HTTP/1.1" 200 732659
207.46.13.127 - - [20/Sep/2023:05:13:12 -0500] "GET /portaldeninos/wp-content/plugins/gallery-videos/CSS/totalsoft.css?ver=4.9.8 HTTP/1.1" 200 40622
207.46.13.127 - - [20/Sep/2023:05:13:13 -0500] "GET /portaldeninos/wp-content/plugins/gallery-videos/CSS/Total-Soft-Gallery-Video-Widget.css?ver=4.9.8 HTTP/1.1" 200 51554
207.46.13.127 - - [20/Sep/2023:05:13:14 -0500] "GET /portaldeninos/wp-content/plugins/gallery-videos/JS/modernizr.custom.js?ver=4.9.8 HTTP/1.1" 200 9019
207.46.13.127 - - [20/Sep/2023:05:13:14 -0500] "GET /portaldeninos/wp-content/themes/betheme/assets/jplayer/css/jplayer.blue.monday.css?ver=20.9.6 HTTP/1.1" 200 9834
207.46.13.127 - - [20/Sep/2023:05:13:14 -0500] "GET /portaldeninos/wp-content/themes/betheme/css/base.css?ver=20.9.6 HTTP/1.1" 200 57283
207.46.13.127 - - [20/Sep/2023:05:13:14 -0500] "GET /portaldeninos/wp-content/themes/betheme/assets/ui/jquery.ui.all.css?ver=20.9.6 HTTP/1.1" 200 18765
207.46.13.127 - - [20/Sep/2023:05:13:15 -0500] "GET /portaldeninos/wp-content/themes/betheme/css/layout.css?ver=20.9.6 HTTP/1.1" 200 116639
207.46.13.127 - - [20/Sep/2023:05:13:16 -0500] "GET /portaldeninos/wp-content/themes/betheme/css/responsive.css?ver=20.9.6 HTTP/1.1" 200 55740
207.46.13.127 - - [20/Sep/2023:05:13:16 -0500] "GET /portaldeninos/wp-content/themes/betheme/js/scripts.js?ver=20.9.6 HTTP/1.1" 200 77162
207.46.13.127 - - [20/Sep/2023:05:13:17 -0500] "GET /portaldeninos/wp-content/uploads/useanyfont/uaf.css?ver=1589905315 HTTP/1.1" 200 408
207.46.13.127 - - [20/Sep/2023:05:13:17 -0500] "GET /portaldeninos/wp-includes/js/comment-reply.min.js?ver=4.9.8 HTTP/1.1" 200 1078
207.46.13.127 - - [20/Sep/2023:05:13:18 -0500] "GET /portaldeninos/wp-includes/js/jquery/jquery-migrate.min.js?ver=1.4.1 HTTP/1.1" 200 10056
207.46.13.127 - - [20/Sep/2023:05:13:18 -0500] "GET /portaldeninos/wp-includes/js/jquery/jquery.js?ver=1.12.4 HTTP/1.1" 200 97184
52.167.144.178 - - [20/Sep/2023:05:13:25 -0500] "GET /portaldeninos/wp-content/themes/betheme/assets/animations/animations.min.js?ver=20.9.6 HTTP/1.1" 200 1896
52.167.144.178 - - [20/Sep/2023:05:13:25 -0500] "GET /portaldeninos/wp-content/themes/betheme/assets/jplayer/jplayer.min.js?ver=20.9.6 HTTP/1.1" 200 52702
52.167.144.178 - - [20/Sep/2023:05:13:26 -0500] "GET /portaldeninos/wp-content/themes/betheme/css/shortcodes.css?ver=20.9.6 HTTP/1.1" 200 138889
52.167.144.178 - - [20/Sep/2023:05:13:26 -0500] "GET /portaldeninos/wp-content/themes/betheme/js/plugins.js?ver=20.9.6 HTTP/1.1" 200 197151
172.22.2.4 - - [20/Sep/2023:05:13:26 -0500] "GET /BLA/boletinlegal/actos.php HTTP/1.1" 200 9682
52.167.144.178 - - [20/Sep/2023:05:13:27 -0500] "GET /portaldeninos/wp-content/themes/betheme/style.css?ver=20.9.6 HTTP/1.1" 200 287
172.22.2.4 - - [20/Sep/2023:05:13:27 -0500] "GET /BLA/boletinlegal/niceforms-default.css HTTP/1.1" 200 6694
172.22.2.4 - - [20/Sep/2023:05:13:27 -0500] "GET /BLA/boletinlegal/style.css HTTP/1.1" 200 9406
172.22.2.4 - - [20/Sep/2023:05:13:27 -0500] "GET /BLA/boletinlegal/js/ajax_actos.js HTTP/1.1" 200 1322
172.22.2.4 - - [20/Sep/2023:05:13:27 -0500] "GET /BLA/boletinlegal/styles2.css HTTP/1.1" 200 1838
172.22.2.4 - - [20/Sep/2023:05:13:27 -0500] "GET /BLA/boletinlegal/js/lib.js HTTP/1.1" 200 6474
172.22.2.4 - - [20/Sep/2023:05:13:27 -0500] "GET /BLA/boletinlegal/niceforms.js HTTP/1.1" 200 22876
172.22.2.4 - - [20/Sep/2023:05:13:27 -0500] "GET /BLA/boletinlegal/js/popup.js HTTP/1.1" 200 1270
172.22.2.4 - - [20/Sep/2023:05:13:27 -0500] "GET /BLA/boletinlegal/js/jquery1.js HTTP/1.1" 200 29846
172.22.2.4 - - [20/Sep/2023:05:13:27 -0500] "GET /BLA/boletinlegal/images/cabezote%20BLEGAL.jpg HTTP/1.1" 200 118164
172.22.2.4 - - [20/Sep/2023:05:13:27 -0500] "GET /BLA/boletinlegal/images/subscribe-icon-big.png HTTP/1.1" 200 47702
172.22.2.4 - - [20/Sep/2023:05:13:27 -0500] "GET /BLA/boletinlegal/images/historia.png HTTP/1.1" 200 52775
172.22.2.4 - - [20/Sep/2023:05:13:27 -0500] "GET /BLA/boletinlegal/images/green-yellow-blue-pink-th.png HTTP/1.1" 200 7394
172.22.2.4 - - [20/Sep/2023:05:13:27 -0500] "GET /BLA/boletinlegal/images/tel.png HTTP/1.1" 200 14477
172.22.2.4 - - [20/Sep/2023:05:13:27 -0500] "GET /BLA/boletinlegal/images/registro-usuarios.png HTTP/1.1" 200 8106
172.22.2.4 - - [20/Sep/2023:05:13:27 -0500] "GET /BLA/boletinlegal/images/icono-email.png HTTP/1.1" 200 5544
172.22.2.4 - - [20/Sep/2023:05:13:27 -0500] "GET /BLA/boletinlegal/images/body_bg.jpg HTTP/1.1" 200 1601
172.22.2.4 - - [20/Sep/2023:05:13:27 -0500] "GET /BLA/boletinlegal/images/menu_lft.gif HTTP/1.1" 200 1713
172.22.2.4 - - [20/Sep/2023:05:13:27 -0500] "GET /BLA/boletinlegal/images/menu_rght.gif HTTP/1.1" 200 1627
172.22.2.4 - - [20/Sep/2023:05:13:27 -0500] "GET /BLA/boletinlegal/images/bg_top.jpg HTTP/1.1" 200 522
172.22.2.4 - - [20/Sep/2023:05:13:27 -0500] "GET /BLA/boletinlegal/images/hover.jpg HTTP/1.1" 200 640
172.22.2.4 - - [20/Sep/2023:05:13:27 -0500] "GET /BLA/boletinlegal/images/menu_bg.jpg HTTP/1.1" 200 620
172.22.2.4 - - [20/Sep/2023:05:13:27 -0500] "GET /BLA/boletinlegal/images/text.jpg HTTP/1.1" 200 568
172.22.2.4 - - [20/Sep/2023:05:13:27 -0500] "GET /BLA/boletinlegal/images/footer_bg.jpg HTTP/1.1" 200 586
172.22.2.4 - - [20/Sep/2023:05:13:27 -0500] "GET /BLA/boletinlegal/images/footer_bg_l.jpg HTTP/1.1" 200 776
52.167.144.178 - - [20/Sep/2023:05:13:27 -0500] "GET /portaldeninos/wp-includes/js/jquery/ui/core.min.js?ver=1.11.4 HTTP/1.1" 200 4000
172.22.2.4 - - [20/Sep/2023:05:13:27 -0500] "GET /BLA/boletinlegal/img/0.png HTTP/1.1" 200 110
172.22.2.4 - - [20/Sep/2023:05:13:27 -0500] "GET /BLA/boletinlegal/img/select-left.png HTTP/1.1" 200 263
172.22.2.4 - - [20/Sep/2023:05:13:27 -0500] "GET /BLA/boletinlegal/img/select-right.png HTTP/1.1" 200 44019
172.22.2.4 - - [20/Sep/2023:05:13:27 -0500] "GET /BLA/boletinlegal/img/button-left.png HTTP/1.1" 200 57071
172.22.2.4 - - [20/Sep/2023:05:13:27 -0500] "GET /BLA/boletinlegal/img/button.png HTTP/1.1" 200 43241
172.22.2.4 - - [20/Sep/2023:05:13:27 -0500] "GET /BLA/boletinlegal/img/button-right.png HTTP/1.1" 200 57878
172.22.2.4 - - [20/Sep/2023:05:13:27 -0500] "GET /BLA/boletinlegal/favicon.ico HTTP/1.1" 404 1326
52.167.144.178 - - [20/Sep/2023:05:13:27 -0500] "GET /portaldeninos/wp-includes/js/jquery/ui/sortable.min.js?ver=1.11.4 HTTP/1.1" 200 24899
52.167.144.178 - - [20/Sep/2023:05:13:27 -0500] "GET /portaldeninos/wp-includes/js/wp-emoji-release.min.js?ver=4.9.8 HTTP/1.1" 200 12026
201.245.192.253 - - [20/Sep/2023:05:13:27 -0500] "POST /kwsrmcab/Wsrmcab  HTTP/1.1" 200 41265
52.167.144.140 - - [20/Sep/2023:05:13:33 -0500] "GET /portaldeninos/wp-content/plugins/gallery-videos/JS/Total-Soft-Gallery-Video-Widget.js?ver=4.9.8 HTTP/1.1" 200 80264
52.167.144.140 - - [20/Sep/2023:05:13:33 -0500] "GET /portaldeninos/wp-content/themes/betheme/assets/animations/animations.min.css?ver=20.9.6 HTTP/1.1" 200 58508
52.167.144.140 - - [20/Sep/2023:05:13:34 -0500] "GET /portaldeninos/wp-content/themes/betheme/js/menu.js?ver=20.9.6 HTTP/1.1" 200 2449
52.167.144.140 - - [20/Sep/2023:05:13:34 -0500] "GET /portaldeninos/wp-includes/js/jquery/ui/accordion.min.js?ver=1.11.4 HTTP/1.1" 200 8584
52.167.144.140 - - [20/Sep/2023:05:13:34 -0500] "GET /portaldeninos/wp-includes/js/jquery/ui/mouse.min.js?ver=1.11.4 HTTP/1.1" 200 3148
52.167.144.140 - - [20/Sep/2023:05:13:34 -0500] "GET /portaldeninos/wp-includes/js/jquery/ui/tabs.min.js?ver=1.11.4 HTTP/1.1" 200 12110
52.167.144.140 - - [20/Sep/2023:05:13:35 -0500] "GET /portaldeninos/wp-includes/js/jquery/ui/widget.min.js?ver=1.11.4 HTTP/1.1" 200 6908
52.167.144.140 - - [20/Sep/2023:05:13:35 -0500] "GET /portaldeninos/wp-includes/js/wp-embed.min.js?ver=4.9.8 HTTP/1.1" 200 1398
172.22.2.4 - - [20/Sep/2023:05:13:46 -0500] "GET /BLA/boletinlegal/consulta_actos.php?tipo=resoluciones&no=&usuario=secretarioa%20distrital%20de%20ambient&sector=&fecha=2023&resuelve= HTTP/1.1" 200 626
172.22.2.4 - - [20/Sep/2023:05:13:50 -0500] "GET /BLA/boletinlegal/consulta_actos.php?tipo=resoluciones&no=&usuario=secretaria%20distrital%20de%20ambient&sector=&fecha=2023&resuelve= HTTP/1.1" 200 21801
172.22.2.4 - - [20/Sep/2023:05:13:50 -0500] "GET /BLA/boletinlegal/images/background.gif HTTP/1.1" 200 -
172.22.2.4 - - [20/Sep/2023:05:13:50 -0500] "GET /BLA/boletinlegal/images/pdf.gif HTTP/1.1" 200 567
172.22.2.4 - - [20/Sep/2023:05:13:57 -0500] "GET /BLA/boletinlegal/actos.php HTTP/1.1" 200 9682
172.22.2.4 - - [20/Sep/2023:05:13:59 -0500] "GET /BLA/boletinlegal/consulta_actos.php?tipo=autos&no=&usuario=&sector=&fecha=2023&resuelve= HTTP/1.1" 200 871639
172.22.2.4 - - [20/Sep/2023:05:14:00 -0500] "GET /BLA/boletinlegal/consulta_actos.php?tipo=autos&no=&usuario=&sector=&fecha=2023&resuelve= HTTP/1.1" 200 871639
216.244.66.195 - - [20/Sep/2023:05:14:02 -0500] "GET /BLA/resoluciones/AUTOS%202023/0691.pdf HTTP/1.1" 200 1043951
172.22.2.4 - - [20/Sep/2023:05:14:00 -0500] "GET /BLA/boletinlegal/consulta_actos.php?tipo=autos&no=&usuario=&sector=&fecha=2023&resuelve= HTTP/1.1" 200 871639
172.22.2.4 - - [20/Sep/2023:05:14:00 -0500] "GET /BLA/boletinlegal/consulta_actos.php?tipo=autos&no=&usuario=&sector=&fecha=2023&resuelve= HTTP/1.1" 200 871639
216.244.66.195 - - [20/Sep/2023:05:14:52 -0500] "GET /BLA/resoluciones/AUTOS%202023/0814.pdf HTTP/1.1" 200 375496
216.244.66.195 - - [20/Sep/2023:05:15:31 -0500] "GET /BLA/resoluciones/AUTOS%202023/0895.pdf HTTP/1.1" 200 894565
157.55.39.58 - - [20/Sep/2023:05:15:46 -0500] "GET /galeria/galeria/jquery.fancybox.js?v=2.1.5 HTTP/1.1" 200 48706
40.77.167.40 - - [20/Sep/2023:05:15:53 -0500] "GET /galeria/galeria/jquery.fancybox.css?v=2.1.5 HTTP/1.1" 200 4895
40.77.167.40 - - [20/Sep/2023:05:15:53 -0500] "GET /BLA/boletinlegal/js/jquery.scrollShow.js HTTP/1.1" 200 4586
216.245.221.92 - - [20/Sep/2023:05:15:56 -0500] "HEAD / HTTP/1.1" 200 -
216.244.66.195 - - [20/Sep/2023:05:16:03 -0500] "GET /BLA/resoluciones/AUTOS%202023/1336.pdf HTTP/1.1" 200 422360
186.29.181.14 - - [20/Sep/2023:05:16:27 -0500] "GET /portaldeninos/aulas-ambientales-2/parque-ecologico-distrital-de-montana-entrenubes/ HTTP/1.1" 200 90406
186.29.181.14 - - [20/Sep/2023:05:16:28 -0500] "GET /portaldeninos/wp-content/uploads/2021/07/imagenes-con-marcos-pa%CC%81gina-de-nin%CC%83os-parque-entrenubes-1.jpg HTTP/1.1" 200 38322
186.29.181.14 - - [20/Sep/2023:05:16:28 -0500] "GET /portaldeninos/wp-content/uploads/2021/07/Banners-pa%CC%81gina-de-nin%CC%83os3.jpg HTTP/1.1" 200 33682
216.244.66.195 - - [20/Sep/2023:05:16:32 -0500] "GET /BLA/resoluciones/AUTOS%202023/1794.pdf HTTP/1.1" 200 413764
186.29.181.14 - - [20/Sep/2023:05:16:28 -0500] "GET /portaldeninos/wp-content/uploads/2021/07/Parque-entrenubes.mp4 HTTP/1.1" 206 7669367
172.22.2.4 - - [20/Sep/2023:05:16:09 -0500] "HEAD /BLA/boletinlegal/ HTTP/1.1" 200 -
201.245.192.253 - - [20/Sep/2023:05:17:54 -0500] "POST /kwsrmcab/Wsrmcab HTTP/1.1" 200 40781
201.245.192.253 - - [20/Sep/2023:05:17:57 -0500] "POST /kwsrmcab/Wsrmcab HTTP/1.1" 200 41238
201.245.192.253 - - [20/Sep/2023:05:18:26 -0500] "POST /kwsrmcab/Wsrmcab  HTTP/1.1" 200 41265
172.22.2.4 - - [20/Sep/2023:05:16:59 -0500] "GET /BLA/boletinlegal/ HTTP/1.1" 200 58187
216.244.66.195 - - [20/Sep/2023:05:20:24 -0500] "GET /robots.txt HTTP/1.1" 404 1018
40.77.167.7 - - [20/Sep/2023:05:20:55 -0500] "GET /BLA/resoluciones/AUTOS%202023/0631.pdf HTTP/1.1" 200 1015007
216.245.221.92 - - [20/Sep/2023:05:20:56 -0500] "HEAD / HTTP/1.1" 200 -
66.249.70.197 - - [20/Sep/2023:05:21:18 -0500] "GET /BLA/resoluciones/AUTOS%202008/1005.pdf HTTP/1.1" 200 77248
