201.245.192.253 - - [20/Sep/2023:13:57:26 -0500] "GET /sipse/faces/javax.faces.resource/primefaces.css?ln=primefaces&v=4.0 HTTP/1.1" 304 -
201.245.192.253 - - [20/Sep/2023:13:57:26 -0500] "GET /sipse/faces/javax.faces.resource/jquery/jquery-plugins.js?ln=primefaces&v=4.0 HTTP/1.1" 304 -
201.245.192.253 - - [20/Sep/2023:13:57:26 -0500] "GET /sipse/faces/javax.faces.resource/layout/layout.css?ln=primefaces&v=4.0 HTTP/1.1" 304 -
201.245.192.253 - - [20/Sep/2023:13:57:26 -0500] "GET /sipse/faces/javax.faces.resource/jquery/jquery.js?ln=primefaces&v=4.0 HTTP/1.1" 304 -
201.245.192.253 - - [20/Sep/2023:13:57:26 -0500] "GET /sipse/faces/javax.faces.resource/primefaces.js?ln=primefaces&v=4.0 HTTP/1.1" 304 -
201.245.192.253 - - [20/Sep/2023:13:57:26 -0500] "GET /sipse/faces/javax.faces.resource/layout/layout.js?ln=primefaces&v=4.0 HTTP/1.1" 304 -
201.245.192.253 - - [20/Sep/2023:13:57:27 -0500] "GET /sipse/faces/javax.faces.resource/images/ui-icons_898989_256x240.png?ln=primefaces-aristo HTTP/1.1" 304 -
201.245.192.253 - - [20/Sep/2023:13:57:36 -0500] "POST /forms/lservlet;jsessionid=ac16012b30d69266a03a12cb4bb5af6bc3dc0dbe32a5.e3iSbxaKaheRe34Pbx8Nc3aQci1ynknvrkLOlQzNp65In0 HTTP/1.1" 200 2
172.22.2.4 - - [20/Sep/2023:13:56:08 -0500] "GET /BLA/boletinlegal/ HTTP/1.1" 200 52656
157.55.39.60 - - [20/Sep/2023:13:57:51 -0500] "GET /semana-bogota-reverdece-politica-publica-de-accion-climatica-es-una-realidad.html HTTP/1.1" 200 891
201.245.192.253 - - [20/Sep/2023:13:58:44 -0500] "POST /forms/lservlet;jsessionid=ac16012b30d63732ae2b7f824f33be69ee2350cb62f5.e3iSbxaKaheRe34Pbx8Nc3aQci1ynknvrkLOlQzNp65In0 HTTP/1.1" 200 2
201.245.192.253 - - [20/Sep/2023:13:58:58 -0500] "GET /sipse/faces/javax.faces.resource/images/ui-bg_flat_0_2d5972_40x100.png?ln=primefaces-aristo HTTP/1.1" 304 -
201.245.192.253 - - [20/Sep/2023:13:58:58 -0500] "POST /sipse/faces/presentacion/sistema/reporte/ventanaVerReporteParametros.xhtml HTTP/1.1" 200 11279
201.245.192.253 - - [20/Sep/2023:13:59:03 -0500] "POST /sipse/faces/presentacion/sistema/reporte/ventanaVerReporteParametros.xhtml HTTP/1.1" 200 7386
66.249.66.86 - - [20/Sep/2023:13:59:11 -0500] "GET /portaldeninos/wp-content/uploads/useanyfont/uaf.css?ver=1589905315 HTTP/1.1" 200 408
66.249.66.85 - - [20/Sep/2023:13:59:12 -0500] "GET /portaldeninos/wp-content/plugins/gallery-videos/JS/modernizr.custom.js?ver=4.9.8 HTTP/1.1" 200 9019
173.252.87.2 - - [20/Sep/2023:13:59:29 -0500] "GET /fauna-silvestre-41-animales-fueron-liberados-por-la-secretaria-de-ambiente.html HTTP/1.1" 200 825
201.245.192.253 - - [20/Sep/2023:13:59:36 -0500] "POST /forms/lservlet;jsessionid=ac16012b30d69266a03a12cb4bb5af6bc3dc0dbe32a5.e3iSbxaKaheRe34Pbx8Nc3aQci1ynknvrkLOlQzNp65In0 HTTP/1.1" 200 2
181.59.2.38 - - [20/Sep/2023:13:59:46 -0500] "GET /kwssiamovil/sm/acme/u?s=U2FsdGVkX19waua/mQUD46LlMYW3wdP/Q2ofzxrwtGIc0qHpoyClpYl9uvfEzmOjAit2B0N0iRLWEN8XZ6XMs2iPWm8DPuUItKOvnNVltu0xOpgcS1ka/PlxM9Ri3uIuMSYKT9tpwUaXN2JIuhT0MGP3rfvDaDkoee0ixAZVQuo=&u=U2FsdGVkX1/MpSJY2QbqVzJm2nPK4actx8JsClouJL7kV5r4UYOJ+CXXHaKsU2ob&y=U2FsdGVkX19sXja4fhzEvd8Q1TOHQ60f1b3rQmu7rBWnfJ+w5yGJxd6yG+Sz21nd HTTP/1.1" 200 60
172.22.2.4 - - [20/Sep/2023:14:00:07 -0500] "GET /BLA/boletinlegal/style.css HTTP/1.1" 200 9406
172.22.2.4 - - [20/Sep/2023:14:00:07 -0500] "GET /BLA/boletinlegal/styles2.css HTTP/1.1" 200 1838
172.22.2.4 - - [20/Sep/2023:14:00:07 -0500] "GET /BLA/boletinlegal/js/jquery.js HTTP/1.1" 200 57254
172.22.2.4 - - [20/Sep/2023:14:00:07 -0500] "GET /BLA/boletinlegal/js/jquery.scrollTo-min.js HTTP/1.1" 200 1150
172.22.2.4 - - [20/Sep/2023:14:00:07 -0500] "GET /BLA/boletinlegal/js/jquery.scrollShow.js HTTP/1.1" 200 4586
172.22.2.4 - - [20/Sep/2023:14:00:07 -0500] "GET /BLA/boletinlegal/images/cabezote%20BLEGAL.jpg HTTP/1.1" 200 118164
172.22.2.4 - - [20/Sep/2023:14:00:07 -0500] "GET /BLA/boletinlegal/images/subscribe-icon-big.png HTTP/1.1" 200 47702
172.22.2.4 - - [20/Sep/2023:14:00:07 -0500] "GET /BLA/boletinlegal/images/historia.png HTTP/1.1" 200 52775
172.22.2.4 - - [20/Sep/2023:14:00:07 -0500] "GET /BLA/boletinlegal/images/registro-usuarios.png HTTP/1.1" 200 8106
172.22.2.4 - - [20/Sep/2023:14:00:07 -0500] "GET /BLA/boletinlegal/images/arr_l.jpg HTTP/1.1" 200 1979
172.22.2.4 - - [20/Sep/2023:14:00:07 -0500] "GET /BLA/boletinlegal/images/screen_1.png HTTP/1.1" 200 202547
172.22.2.4 - - [20/Sep/2023:14:00:07 -0500] "GET /BLA/boletinlegal/images/launch.jpg HTTP/1.1" 200 14577
172.22.2.4 - - [20/Sep/2023:14:00:07 -0500] "GET /BLA/boletinlegal/images/body_bg.jpg HTTP/1.1" 200 1601
172.22.2.4 - - [20/Sep/2023:14:00:07 -0500] "GET /BLA/boletinlegal/images/menu_lft.gif HTTP/1.1" 200 1713
172.22.2.4 - - [20/Sep/2023:14:00:07 -0500] "GET /BLA/boletinlegal/images/menu_rght.gif HTTP/1.1" 200 1627
172.22.2.4 - - [20/Sep/2023:14:00:07 -0500] "GET /BLA/boletinlegal/images/bg_top.jpg HTTP/1.1" 200 522
172.22.2.4 - - [20/Sep/2023:14:00:07 -0500] "GET /BLA/boletinlegal/images/menu_bg.jpg HTTP/1.1" 200 620
172.22.2.4 - - [20/Sep/2023:14:00:07 -0500] "GET /BLA/boletinlegal/images/hover.jpg HTTP/1.1" 200 640
172.22.2.4 - - [20/Sep/2023:14:00:07 -0500] "GET /BLA/boletinlegal/images/text.jpg HTTP/1.1" 200 568
172.22.2.4 - - [20/Sep/2023:14:00:09 -0500] "GET /BLA/boletinlegal/actos.php HTTP/1.1" 200 9682
172.22.2.4 - - [20/Sep/2023:14:00:09 -0500] "GET /BLA/boletinlegal/niceforms.js HTTP/1.1" 200 22876
172.22.2.4 - - [20/Sep/2023:14:00:09 -0500] "GET /BLA/boletinlegal/niceforms-default.css HTTP/1.1" 200 6694
172.22.2.4 - - [20/Sep/2023:14:00:09 -0500] "GET /BLA/boletinlegal/js/popup.js HTTP/1.1" 200 1270
172.22.2.4 - - [20/Sep/2023:14:00:09 -0500] "GET /BLA/boletinlegal/js/lib.js HTTP/1.1" 200 6474
172.22.2.4 - - [20/Sep/2023:14:00:09 -0500] "GET /BLA/boletinlegal/js/jquery1.js HTTP/1.1" 200 29846
172.22.2.4 - - [20/Sep/2023:14:00:09 -0500] "GET /BLA/boletinlegal/images/green-yellow-blue-pink-th.png HTTP/1.1" 200 7394
172.22.2.4 - - [20/Sep/2023:14:00:09 -0500] "GET /BLA/boletinlegal/images/tel.png HTTP/1.1" 200 14477
172.22.2.4 - - [20/Sep/2023:14:00:09 -0500] "GET /BLA/boletinlegal/images/icono-email.png HTTP/1.1" 200 5544
172.22.2.4 - - [20/Sep/2023:14:00:09 -0500] "GET /BLA/boletinlegal/js/ajax_actos.js HTTP/1.1" 200 1322
172.22.2.4 - - [20/Sep/2023:14:00:09 -0500] "GET /BLA/boletinlegal/images/footer_bg.jpg HTTP/1.1" 200 586
172.22.2.4 - - [20/Sep/2023:14:00:09 -0500] "GET /BLA/boletinlegal/images/footer_bg_l.jpg HTTP/1.1" 200 776
172.22.2.4 - - [20/Sep/2023:14:00:09 -0500] "GET /BLA/boletinlegal/img/0.png HTTP/1.1" 200 110
172.22.2.4 - - [20/Sep/2023:14:00:09 -0500] "GET /BLA/boletinlegal/img/select-left.png HTTP/1.1" 200 263
172.22.2.4 - - [20/Sep/2023:14:00:09 -0500] "GET /BLA/boletinlegal/img/select-right.png HTTP/1.1" 200 44019
172.22.2.4 - - [20/Sep/2023:14:00:09 -0500] "GET /BLA/boletinlegal/img/button.png HTTP/1.1" 200 43241
172.22.2.4 - - [20/Sep/2023:14:00:09 -0500] "GET /BLA/boletinlegal/img/button-right.png HTTP/1.1" 200 57878
172.22.2.4 - - [20/Sep/2023:14:00:09 -0500] "GET /BLA/boletinlegal/img/button-left.png HTTP/1.1" 200 57071
172.22.2.4 - - [20/Sep/2023:14:00:10 -0500] "GET /BLA/boletinlegal/favicon.ico HTTP/1.1" 404 1326
172.22.2.4 - - [20/Sep/2023:14:00:17 -0500] "GET /BLA/boletinlegal/consulta_actos.php?tipo=autos&no=&usuario=&sector=&fecha=2019&resuelve= HTTP/1.1" 200 1343523
172.22.2.4 - - [20/Sep/2023:14:00:18 -0500] "GET /BLA/boletinlegal/images/pdf.gif HTTP/1.1" 200 567
172.22.2.4 - - [20/Sep/2023:14:00:18 -0500] "GET /BLA/boletinlegal/images/background.gif HTTP/1.1" 200 -
201.245.192.253 - - [20/Sep/2023:14:00:24 -0500] "POST /sipse/faces/presentacion/sistema/reporte/ventanaVerReporteParametros.xhtml HTTP/1.1" 200 29117
201.245.192.253 - - [20/Sep/2023:14:00:24 -0500] "GET /sipse/faces/javax.faces.resource/jquery/jquery.js?ln=primefaces&v=4.0 HTTP/1.1" 304 -
201.245.192.253 - - [20/Sep/2023:14:00:24 -0500] "GET /sipse/faces/javax.faces.resource/jquery/jquery-plugins.js?ln=primefaces&v=4.0 HTTP/1.1" 304 -
201.245.192.253 - - [20/Sep/2023:14:00:24 -0500] "GET /sipse/faces/javax.faces.resource/primefaces.js?ln=primefaces&v=4.0 HTTP/1.1" 304 -
201.245.192.253 - - [20/Sep/2023:14:00:24 -0500] "GET /sipse/faces/javax.faces.resource/layout/layout.js?ln=primefaces&v=4.0 HTTP/1.1" 304 -
199.16.157.180 - - [20/Sep/2023:14:00:39 -0500] "GET /images/cr%C3%B3nica-29-nov-1_optimized.jpeg HTTP/1.1" 404 1034
199.16.157.183 - - [20/Sep/2023:14:00:39 -0500] "GET /images/cr%C3%B3nica-29-nov-1_optimized.jpeg HTTP/1.1" 404 1034
199.16.157.181 - - [20/Sep/2023:14:00:40 -0500] "GET /images/cr%C3%B3nica-29-nov-1_optimized.jpeg HTTP/1.1" 404 1034
199.16.157.181 - - [20/Sep/2023:14:00:40 -0500] "GET /monica-fonnegra-una-disenadora-que-inspira-amor-por-la-naturaleza-a-traves-de-la-moda.html HTTP/1.1" 200 976
172.22.2.4 - - [20/Sep/2023:14:00:07 -0500] "GET /BLA/boletinlegal/ HTTP/1.1" 200 24523
201.245.192.253 - - [20/Sep/2023:14:00:44 -0500] "POST /forms/lservlet;jsessionid=ac16012b30d63732ae2b7f824f33be69ee2350cb62f5.e3iSbxaKaheRe34Pbx8Nc3aQci1ynknvrkLOlQzNp65In0 HTTP/1.1" 200 2
216.245.221.92 - - [20/Sep/2023:14:00:55 -0500] "HEAD / HTTP/1.1" 200 -
201.245.192.253 - - [20/Sep/2023:14:01:36 -0500] "POST /forms/lservlet;jsessionid=ac16012b30d69266a03a12cb4bb5af6bc3dc0dbe32a5.e3iSbxaKaheRe34Pbx8Nc3aQci1ynknvrkLOlQzNp65In0 HTTP/1.1" 200 2
201.245.192.253 - - [20/Sep/2023:14:01:34 -0500] "POST /kwsrmcab/Wsrmcab  HTTP/1.1" 200 41265
201.245.192.253 - - [20/Sep/2023:14:02:44 -0500] "POST /forms/lservlet;jsessionid=ac16012b30d63732ae2b7f824f33be69ee2350cb62f5.e3iSbxaKaheRe34Pbx8Nc3aQci1ynknvrkLOlQzNp65In0 HTTP/1.1" 200 2
172.22.2.4 - - [20/Sep/2023:14:01:08 -0500] "HEAD /BLA/boletinlegal/ HTTP/1.1" 200 -
201.245.192.253 - - [20/Sep/2023:14:03:36 -0500] "POST /forms/lservlet;jsessionid=ac16012b30d69266a03a12cb4bb5af6bc3dc0dbe32a5.e3iSbxaKaheRe34Pbx8Nc3aQci1ynknvrkLOlQzNp65In0 HTTP/1.1" 200 2
172.22.2.4 - - [20/Sep/2023:14:01:58 -0500] "GET /BLA/boletinlegal/ HTTP/1.1" 200 58187
186.154.114.169 - - [20/Sep/2023:14:04:13 -0500] "GET /guadalupe-aguanoso-un-nuevo-tramo-de-camino-para-disfrutar-en-los-cerros-orientales.html HTTP/1.1" 200 795
201.245.192.253 - - [20/Sep/2023:14:04:44 -0500] "POST /forms/lservlet;jsessionid=ac16012b30d63732ae2b7f824f33be69ee2350cb62f5.e3iSbxaKaheRe34Pbx8Nc3aQci1ynknvrkLOlQzNp65In0 HTTP/1.1" 200 2
201.245.192.253 - - [20/Sep/2023:14:05:36 -0500] "POST /forms/lservlet;jsessionid=ac16012b30d69266a03a12cb4bb5af6bc3dc0dbe32a5.e3iSbxaKaheRe34Pbx8Nc3aQci1ynknvrkLOlQzNp65In0 HTTP/1.1" 200 2
216.245.221.92 - - [20/Sep/2023:14:05:55 -0500] "HEAD / HTTP/1.1" 200 -
172.22.2.4 - - [20/Sep/2023:14:05:57 -0500] "GET /BLA/boletinlegal/actos.php HTTP/1.1" 200 9682
172.22.2.4 - - [20/Sep/2023:14:05:57 -0500] "GET /BLA/boletinlegal/favicon.ico HTTP/1.1" 404 1326
64.124.8.68 - - [20/Sep/2023:14:06:26 -0500] "GET /portaldeninos/wp-content/uploads/2020/11/Torca-Guaymaral-B-1024x576.jpg HTTP/1.1" 200 140262
172.22.2.4 - - [20/Sep/2023:14:05:55 -0500] "GET /BLA/boletinlegal/ HTTP/1.1" 200 24523
201.245.192.253 - - [20/Sep/2023:14:06:33 -0500] "POST /kwsrmcab/Wsrmcab  HTTP/1.1" 200 41265
201.245.192.253 - - [20/Sep/2023:14:06:44 -0500] "POST /forms/lservlet;jsessionid=ac16012b30d63732ae2b7f824f33be69ee2350cb62f5.e3iSbxaKaheRe34Pbx8Nc3aQci1ynknvrkLOlQzNp65In0 HTTP/1.1" 200 2
201.245.192.253 - - [20/Sep/2023:14:06:46 -0500] "POST /sipse/faces/presentacion/financiero/solicitudProceso/listarSolicitudProceso.xhtml HTTP/1.1" 200 10548
201.245.192.253 - - [20/Sep/2023:14:06:46 -0500] "POST /sipse/faces/presentacion/financiero/solicitudProceso/listarSolicitudProceso.xhtml HTTP/1.1" 200 22350
201.245.192.253 - - [20/Sep/2023:14:06:47 -0500] "POST /sipse/faces/presentacion/financiero/solicitudProceso/listarSolicitudProceso.xhtml HTTP/1.1" 200 10548
201.245.192.253 - - [20/Sep/2023:14:06:47 -0500] "POST /sipse/faces/presentacion/financiero/solicitudProceso/listarSolicitudProceso.xhtml HTTP/1.1" 200 22350
172.22.2.4 - - [20/Sep/2023:14:06:47 -0500] "GET /BLA/boletinlegal/consulta_actos.php?tipo=resoluciones&no=1712&usuario=&sector=&fecha=2018&resuelve= HTTP/1.1" 200 1066
191.156.55.8 - - [20/Sep/2023:14:06:52 -0500] "GET /BLA/resoluciones/RESOLUCIONES%202018/1712.pdf HTTP/1.1" 200 449524
201.245.192.253 - - [20/Sep/2023:14:06:54 -0500] "POST /sipse/faces/presentacion/financiero/solicitudProceso/listarSolicitudProceso.xhtml HTTP/1.1" 200 911
201.245.192.253 - - [20/Sep/2023:14:06:57 -0500] "GET /sipse/faces/faces/faces/faces/autenticacion HTTP/1.1" 302 -
201.245.192.253 - - [20/Sep/2023:14:06:57 -0500] "GET /sipse/faces/autenticacion.xhtml HTTP/1.1" 200 12419
201.245.192.253 - - [20/Sep/2023:14:06:57 -0500] "GET /sipse/faces/javax.faces.resource/theme.css?ln=primefaces-sipse HTTP/1.1" 304 -
201.245.192.253 - - [20/Sep/2023:14:06:57 -0500] "GET /sipse/faces/javax.faces.resource/primefaces.css?ln=primefaces&v=4.0 HTTP/1.1" 304 -
201.245.192.253 - - [20/Sep/2023:14:06:57 -0500] "GET /sipse/faces/javax.faces.resource/layout/layout.css?ln=primefaces&v=4.0 HTTP/1.1" 304 -
201.245.192.253 - - [20/Sep/2023:14:06:57 -0500] "GET /sipse/faces/javax.faces.resource/jquery/jquery.js?ln=primefaces&v=4.0 HTTP/1.1" 304 -
201.245.192.253 - - [20/Sep/2023:14:06:57 -0500] "GET /sipse/faces/javax.faces.resource/layout/layout.js?ln=primefaces&v=4.0 HTTP/1.1" 304 -
201.245.192.253 - - [20/Sep/2023:14:06:57 -0500] "GET /sipse/faces/javax.faces.resource/jquery/jquery-plugins.js?ln=primefaces&v=4.0 HTTP/1.1" 304 -
201.245.192.253 - - [20/Sep/2023:14:06:57 -0500] "GET /sipse/faces/javax.faces.resource/primefaces.js?ln=primefaces&v=4.0 HTTP/1.1" 304 -
201.245.192.253 - - [20/Sep/2023:14:06:57 -0500] "GET /sipse/faces/javax.faces.resource/images/ui-icons_898989_256x240.png?ln=primefaces-aristo HTTP/1.1" 304 -
201.245.192.253 - - [20/Sep/2023:14:07:00 -0500] "POST /sipse/faces/autenticacion.xhtml HTTP/1.1" 200 16220
201.245.192.253 - - [20/Sep/2023:14:07:01 -0500] "GET /sipse/faces/javax.faces.resource/layout/layout.css?ln=primefaces&v=4.0 HTTP/1.1" 304 -
201.245.192.253 - - [20/Sep/2023:14:07:01 -0500] "GET /sipse/faces/javax.faces.resource/primefaces.css?ln=primefaces&v=4.0 HTTP/1.1" 304 -
201.245.192.253 - - [20/Sep/2023:14:07:01 -0500] "GET /sipse/faces/javax.faces.resource/theme.css?ln=primefaces-sipse HTTP/1.1" 304 -
201.245.192.253 - - [20/Sep/2023:14:07:01 -0500] "GET /sipse/faces/javax.faces.resource/jquery/jquery.js?ln=primefaces&v=4.0 HTTP/1.1" 304 -
201.245.192.253 - - [20/Sep/2023:14:07:01 -0500] "GET /sipse/faces/javax.faces.resource/jquery/jquery-plugins.js?ln=primefaces&v=4.0 HTTP/1.1" 304 -
201.245.192.253 - - [20/Sep/2023:14:07:01 -0500] "GET /sipse/faces/javax.faces.resource/primefaces.js?ln=primefaces&v=4.0 HTTP/1.1" 304 -
201.245.192.253 - - [20/Sep/2023:14:07:01 -0500] "GET /sipse/faces/javax.faces.resource/layout/layout.js?ln=primefaces&v=4.0 HTTP/1.1" 304 -
201.245.192.253 - - [20/Sep/2023:14:07:01 -0500] "GET /sipse/css/imagen/contrasena.png HTTP/1.1" 404 383
201.245.192.253 - - [20/Sep/2023:14:07:01 -0500] "GET /sipse/faces/javax.faces.resource/messages/messages.png?ln=primefaces&v=4.0 HTTP/1.1" 304 -
201.245.192.253 - - [20/Sep/2023:14:07:02 -0500] "GET /sipse/faces/javax.faces.resource/images/ui-bg_flat_0_2d5972_40x100.png?ln=primefaces-aristo HTTP/1.1" 304 -
201.245.192.253 - - [20/Sep/2023:14:07:02 -0500] "POST /sipse/faces/bienvenido.xhtml HTTP/1.1" 200 1471
201.245.192.253 - - [20/Sep/2023:14:07:03 -0500] "POST /sipse/faces/bienvenido.xhtml HTTP/1.1" 200 40549
201.245.192.253 - - [20/Sep/2023:14:07:03 -0500] "GET /sipse/faces/javax.faces.resource/theme.css?ln=primefaces-sipse HTTP/1.1" 304 -
201.245.192.253 - - [20/Sep/2023:14:07:03 -0500] "GET /sipse/faces/javax.faces.resource/primefaces.css?ln=primefaces&v=4.0 HTTP/1.1" 304 -
201.245.192.253 - - [20/Sep/2023:14:07:03 -0500] "GET /sipse/faces/javax.faces.resource/layout/layout.css?ln=primefaces&v=4.0 HTTP/1.1" 304 -
201.245.192.253 - - [20/Sep/2023:14:07:03 -0500] "GET /sipse/faces/javax.faces.resource/jquery/jquery.js?ln=primefaces&v=4.0 HTTP/1.1" 304 -
201.245.192.253 - - [20/Sep/2023:14:07:03 -0500] "GET /sipse/faces/javax.faces.resource/jquery/jquery-plugins.js?ln=primefaces&v=4.0 HTTP/1.1" 304 -
201.245.192.253 - - [20/Sep/2023:14:07:03 -0500] "GET /sipse/faces/javax.faces.resource/primefaces.js?ln=primefaces&v=4.0 HTTP/1.1" 304 -
201.245.192.253 - - [20/Sep/2023:14:07:03 -0500] "GET /sipse/faces/javax.faces.resource/layout/layout.js?ln=primefaces&v=4.0 HTTP/1.1" 304 -
201.245.192.253 - - [20/Sep/2023:14:07:03 -0500] "POST /sipse/faces/presentacion/financiero/solicitudProceso/listarSolicitudProceso.xhtml HTTP/1.1" 200 1444
201.245.192.253 - - [20/Sep/2023:14:07:36 -0500] "POST /forms/lservlet;jsessionid=ac16012b30d69266a03a12cb4bb5af6bc3dc0dbe32a5.e3iSbxaKaheRe34Pbx8Nc3aQci1ynknvrkLOlQzNp65In0 HTTP/1.1" 200 2
191.156.234.116 - - [20/Sep/2023:14:07:40 -0500] "GET /sipse/faces/faces/autenticacion.xhtml HTTP/1.1" 200 12427
191.156.234.116 - - [20/Sep/2023:14:07:41 -0500] "GET /sipse/css/custom_css_sg.css HTTP/1.1" 200 9694
191.156.234.116 - - [20/Sep/2023:14:07:41 -0500] "GET /sipse/faces/javax.faces.resource/theme.css?ln=primefaces-sipse HTTP/1.1" 304 -
191.156.234.116 - - [20/Sep/2023:14:07:41 -0500] "GET /sipse/faces/javax.faces.resource/jquery/jquery.js?ln=primefaces&v=4.0 HTTP/1.1" 304 -
191.156.234.116 - - [20/Sep/2023:14:07:41 -0500] "GET /sipse/faces/javax.faces.resource/layout/layout.css?ln=primefaces&v=4.0 HTTP/1.1" 304 -
191.156.234.116 - - [20/Sep/2023:14:07:41 -0500] "GET /sipse/faces/javax.faces.resource/primefaces.css?ln=primefaces&v=4.0 HTTP/1.1" 304 -
191.156.234.116 - - [20/Sep/2023:14:07:41 -0500] "GET /sipse/faces/javax.faces.resource/jquery/jquery-plugins.js?ln=primefaces&v=4.0 HTTP/1.1" 304 -
191.156.234.116 - - [20/Sep/2023:14:07:41 -0500] "GET /sipse/faces/javax.faces.resource/primefaces.js?ln=primefaces&v=4.0 HTTP/1.1" 304 -
191.156.234.116 - - [20/Sep/2023:14:07:41 -0500] "GET /sipse/faces/javax.faces.resource/layout/layout.js?ln=primefaces&v=4.0 HTTP/1.1" 304 -
191.156.234.116 - - [20/Sep/2023:14:07:41 -0500] "GET /sipse/faces/javax.faces.resource/images/ui-icons_898989_256x240.png?ln=primefaces-aristo HTTP/1.1" 304 -
191.156.234.116 - - [20/Sep/2023:14:07:41 -0500] "GET /sipse/css/imagen/logoSDG.png HTTP/1.1" 200 15714
191.156.234.116 - - [20/Sep/2023:14:07:41 -0500] "GET /sipse/faces/faces/index.xhtml HTTP/1.1" 200 677
191.156.234.116 - - [20/Sep/2023:14:07:41 -0500] "GET /sipse/faces/javax.faces.resource/theme.css?ln=primefaces-sipse HTTP/1.1" 304 -
191.156.234.116 - - [20/Sep/2023:14:07:42 -0500] "GET /sipse/faces/faces/faces/autenticacion.xhtml HTTP/1.1" 200 12427
191.156.234.116 - - [20/Sep/2023:14:07:42 -0500] "GET /sipse/faces/javax.faces.resource/primefaces.css?ln=primefaces&v=4.0 HTTP/1.1" 304 -
191.156.234.116 - - [20/Sep/2023:14:07:42 -0500] "GET /sipse/faces/javax.faces.resource/theme.css?ln=primefaces-sipse HTTP/1.1" 304 -
191.156.234.116 - - [20/Sep/2023:14:07:42 -0500] "GET /sipse/faces/javax.faces.resource/layout/layout.css?ln=primefaces&v=4.0 HTTP/1.1" 304 -
191.156.234.116 - - [20/Sep/2023:14:07:42 -0500] "GET /sipse/faces/javax.faces.resource/jquery/jquery.js?ln=primefaces&v=4.0 HTTP/1.1" 304 -
191.156.234.116 - - [20/Sep/2023:14:07:42 -0500] "GET /sipse/faces/javax.faces.resource/jquery/jquery-plugins.js?ln=primefaces&v=4.0 HTTP/1.1" 304 -
191.156.234.116 - - [20/Sep/2023:14:07:42 -0500] "GET /sipse/faces/javax.faces.resource/primefaces.js?ln=primefaces&v=4.0 HTTP/1.1" 304 -
191.156.234.116 - - [20/Sep/2023:14:07:42 -0500] "GET /sipse/faces/javax.faces.resource/layout/layout.js?ln=primefaces&v=4.0 HTTP/1.1" 304 -
191.156.234.116 - - [20/Sep/2023:14:07:42 -0500] "GET /sipse/faces/javax.faces.resource/images/ui-icons_898989_256x240.png?ln=primefaces-aristo HTTP/1.1" 304 -
191.156.234.116 - - [20/Sep/2023:14:07:44 -0500] "POST /sipse/faces/autenticacion.xhtml HTTP/1.1" 200 16872
191.156.234.116 - - [20/Sep/2023:14:07:44 -0500] "GET /sipse/css/custom_css_sg_prime.css HTTP/1.1" 200 5201
191.156.234.116 - - [20/Sep/2023:14:07:44 -0500] "GET /sipse/faces/javax.faces.resource/jquery/jquery.js?ln=primefaces&v=4.0 HTTP/1.1" 304 -
191.156.234.116 - - [20/Sep/2023:14:07:44 -0500] "GET /sipse/faces/javax.faces.resource/jquery/jquery-plugins.js?ln=primefaces&v=4.0 HTTP/1.1" 304 -
191.156.234.116 - - [20/Sep/2023:14:07:44 -0500] "GET /sipse/faces/javax.faces.resource/primefaces.js?ln=primefaces&v=4.0 HTTP/1.1" 304 -
191.156.234.116 - - [20/Sep/2023:14:07:44 -0500] "GET /sipse/faces/javax.faces.resource/layout/layout.js?ln=primefaces&v=4.0 HTTP/1.1" 304 -
191.156.234.116 - - [20/Sep/2023:14:07:44 -0500] "GET /sipse/imagenes/cargando.gif HTTP/1.1" 200 36959
191.156.234.116 - - [20/Sep/2023:14:07:44 -0500] "GET /sipse/css/imagen/contrasena.png HTTP/1.1" 404 383
191.156.234.116 - - [20/Sep/2023:14:07:44 -0500] "GET /sipse/faces/javax.faces.resource/messages/messages.png?ln=primefaces&v=4.0 HTTP/1.1" 304 -
191.156.234.116 - - [20/Sep/2023:14:07:46 -0500] "GET /sipse/faces/javax.faces.resource/images/ui-bg_flat_0_2d5972_40x100.png?ln=primefaces-aristo HTTP/1.1" 304 -
191.156.234.116 - - [20/Sep/2023:14:07:46 -0500] "POST /sipse/faces/bienvenido.xhtml HTTP/1.1" 200 1471
191.156.234.116 - - [20/Sep/2023:14:07:46 -0500] "POST /sipse/faces/bienvenido.xhtml HTTP/1.1" 200 35168
191.156.234.116 - - [20/Sep/2023:14:07:47 -0500] "GET /sipse/faces/javax.faces.resource/jquery/jquery.js?ln=primefaces&v=4.0 HTTP/1.1" 304 -
191.156.234.116 - - [20/Sep/2023:14:07:47 -0500] "GET /sipse/faces/javax.faces.resource/jquery/jquery-plugins.js?ln=primefaces&v=4.0 HTTP/1.1" 304 -
191.156.234.116 - - [20/Sep/2023:14:07:48 -0500] "GET /sipse/faces/javax.faces.resource/primefaces.js?ln=primefaces&v=4.0 HTTP/1.1" 304 -
191.156.234.116 - - [20/Sep/2023:14:07:48 -0500] "GET /sipse/faces/javax.faces.resource/layout/layout.js?ln=primefaces&v=4.0 HTTP/1.1" 304 -
191.156.234.116 - - [20/Sep/2023:14:07:48 -0500] "POST /sipse/faces/presentacion/financiero/solicitudProceso/listarSolicitudProceso.xhtml HTTP/1.1" 200 1404
191.156.234.116 - - [20/Sep/2023:14:07:51 -0500] "POST /sipse/faces/presentacion/financiero/solicitudProceso/listarSolicitudProceso.xhtml HTTP/1.1" 200 110216
191.156.234.116 - - [20/Sep/2023:14:07:53 -0500] "GET /sipse/faces/javax.faces.resource/jquery/jquery.js?ln=primefaces&v=4.0 HTTP/1.1" 304 -
191.156.234.116 - - [20/Sep/2023:14:07:53 -0500] "GET /sipse/faces/javax.faces.resource/jquery/jquery-plugins.js?ln=primefaces&v=4.0 HTTP/1.1" 304 -
191.156.234.116 - - [20/Sep/2023:14:07:53 -0500] "GET /sipse/faces/javax.faces.resource/primefaces.js?ln=primefaces&v=4.0 HTTP/1.1" 304 -
191.156.234.116 - - [20/Sep/2023:14:07:53 -0500] "GET /sipse/faces/javax.faces.resource/layout/layout.js?ln=primefaces&v=4.0 HTTP/1.1" 304 -
191.156.234.116 - - [20/Sep/2023:14:08:00 -0500] "POST /sipse/faces/presentacion/financiero/solicitudProceso/consultarSolicitudProceso.xhtml HTTP/1.1" 200 30264
191.156.234.116 - - [20/Sep/2023:14:08:01 -0500] "GET /sipse/faces/javax.faces.resource/jquery/jquery.js?ln=primefaces&v=4.0 HTTP/1.1" 304 -
191.156.234.116 - - [20/Sep/2023:14:08:01 -0500] "GET /sipse/faces/javax.faces.resource/jquery/jquery-plugins.js?ln=primefaces&v=4.0 HTTP/1.1" 304 -
191.156.234.116 - - [20/Sep/2023:14:08:01 -0500] "GET /sipse/faces/javax.faces.resource/primefaces.js?ln=primefaces&v=4.0 HTTP/1.1" 304 -
191.156.234.116 - - [20/Sep/2023:14:08:01 -0500] "GET /sipse/faces/javax.faces.resource/layout/layout.js?ln=primefaces&v=4.0 HTTP/1.1" 304 -
191.156.234.116 - - [20/Sep/2023:14:08:04 -0500] "POST /sipse/faces/presentacion/financiero/solicitudProceso/asignarContratacion.xhtml HTTP/1.1" 200 6614
191.156.234.116 - - [20/Sep/2023:14:08:08 -0500] "POST /sipse/faces/presentacion/financiero/solicitudProceso/asignarContratacion.xhtml HTTP/1.1" 200 32401
191.156.234.116 - - [20/Sep/2023:14:08:10 -0500] "GET /sipse/faces/javax.faces.resource/jquery/jquery.js?ln=primefaces&v=4.0 HTTP/1.1" 304 -
191.156.234.116 - - [20/Sep/2023:14:08:10 -0500] "GET /sipse/faces/javax.faces.resource/jquery/jquery-plugins.js?ln=primefaces&v=4.0 HTTP/1.1" 304 -
191.156.234.116 - - [20/Sep/2023:14:08:11 -0500] "GET /sipse/faces/javax.faces.resource/primefaces.js?ln=primefaces&v=4.0 HTTP/1.1" 304 -
191.156.234.116 - - [20/Sep/2023:14:08:11 -0500] "GET /sipse/faces/javax.faces.resource/layout/layout.js?ln=primefaces&v=4.0 HTTP/1.1" 304 -
191.156.234.116 - - [20/Sep/2023:14:08:11 -0500] "POST /sipse/faces/presentacion/financiero/solicitudProceso/listarSolicitudProceso.xhtml HTTP/1.1" 200 1368
172.22.2.4 - - [20/Sep/2023:14:06:58 -0500] "HEAD /BLA/boletinlegal/ HTTP/1.1" 200 -
201.245.192.253 - - [20/Sep/2023:14:08:44 -0500] "POST /forms/lservlet;jsessionid=ac16012b30d63732ae2b7f824f33be69ee2350cb62f5.e3iSbxaKaheRe34Pbx8Nc3aQci1ynknvrkLOlQzNp65In0 HTTP/1.1" 200 2
172.22.2.4 - - [20/Sep/2023:14:07:51 -0500] "GET /BLA/boletinlegal/?XDEBUG_SESSION_START=phpstorm HTTP/1.1" 200 32715
172.22.2.4 - - [20/Sep/2023:14:07:48 -0500] "GET /BLA/boletinlegal/ HTTP/1.1" 200 48660
201.245.192.253 - - [20/Sep/2023:14:09:36 -0500] "POST /forms/lservlet;jsessionid=ac16012b30d69266a03a12cb4bb5af6bc3dc0dbe32a5.e3iSbxaKaheRe34Pbx8Nc3aQci1ynknvrkLOlQzNp65In0 HTTP/1.1" 200 2
216.244.66.195 - - [20/Sep/2023:14:10:03 -0500] "GET /BLA/resoluciones/AUTOS%202020/1190.pdf HTTP/1.1" 200 982743
216.244.66.195 - - [20/Sep/2023:14:10:34 -0500] "GET /BLA/resoluciones/AUTOS%202020/1243.pdf HTTP/1.1" 200 353699
201.245.192.253 - - [20/Sep/2023:14:10:44 -0500] "POST /forms/lservlet;jsessionid=ac16012b30d63732ae2b7f824f33be69ee2350cb62f5.e3iSbxaKaheRe34Pbx8Nc3aQci1ynknvrkLOlQzNp65In0 HTTP/1.1" 200 2
216.245.221.92 - - [20/Sep/2023:14:10:55 -0500] "HEAD / HTTP/1.1" 200 -
216.244.66.195 - - [20/Sep/2023:14:11:18 -0500] "GET /BLA/resoluciones/AUTOS%202020/1483.pdf HTTP/1.1" 200 368483
201.245.192.253 - - [20/Sep/2023:14:11:32 -0500] "POST /kwsrmcab/Wsrmcab  HTTP/1.1" 200 41265
201.245.192.253 - - [20/Sep/2023:14:11:36 -0500] "POST /forms/lservlet;jsessionid=ac16012b30d69266a03a12cb4bb5af6bc3dc0dbe32a5.e3iSbxaKaheRe34Pbx8Nc3aQci1ynknvrkLOlQzNp65In0 HTTP/1.1" 200 2
181.32.173.17 - - [20/Sep/2023:14:11:42 -0500] "GET /forest/login.do HTTP/1.1" 404 1120
216.244.66.195 - - [20/Sep/2023:14:12:01 -0500] "GET /BLA/resoluciones/AUTOS%202020/1652.pdf HTTP/1.1" 200 798378
201.245.192.253 - - [20/Sep/2023:14:12:44 -0500] "POST /forms/lservlet;jsessionid=ac16012b30d63732ae2b7f824f33be69ee2350cb62f5.e3iSbxaKaheRe34Pbx8Nc3aQci1ynknvrkLOlQzNp65In0 HTTP/1.1" 200 2
216.244.66.195 - - [20/Sep/2023:14:12:51 -0500] "GET /BLA/resoluciones/AUTOS%202020/1662.pdf HTTP/1.1" 200 335440
216.244.66.195 - - [20/Sep/2023:14:13:36 -0500] "GET /BLA/resoluciones/AUTOS%202020/1928.pdf HTTP/1.1" 200 370238
201.245.192.253 - - [20/Sep/2023:14:13:36 -0500] "POST /forms/lservlet;jsessionid=ac16012b30d69266a03a12cb4bb5af6bc3dc0dbe32a5.e3iSbxaKaheRe34Pbx8Nc3aQci1ynknvrkLOlQzNp65In0 HTTP/1.1" 200 2
216.244.66.195 - - [20/Sep/2023:14:14:24 -0500] "GET /BLA/resoluciones/AUTOS%202020/2364.pdf HTTP/1.1" 200 376555
172.22.2.4 - - [20/Sep/2023:14:12:48 -0500] "HEAD /BLA/boletinlegal/ HTTP/1.1" 200 -
201.245.192.253 - - [20/Sep/2023:14:14:44 -0500] "POST /forms/lservlet;jsessionid=ac16012b30d63732ae2b7f824f33be69ee2350cb62f5.e3iSbxaKaheRe34Pbx8Nc3aQci1ynknvrkLOlQzNp65In0 HTTP/1.1" 200 2
172.22.2.4 - - [20/Sep/2023:14:14:50 -0500] "GET /BLA/boletinlegal/actos.php HTTP/1.1" 200 9682
172.22.2.4 - - [20/Sep/2023:14:14:50 -0500] "GET /BLA/boletinlegal/js/ajax_actos.js HTTP/1.1" 200 1322
172.22.2.4 - - [20/Sep/2023:14:14:50 -0500] "GET /BLA/boletinlegal/niceforms.js HTTP/1.1" 200 22876
172.22.2.4 - - [20/Sep/2023:14:14:50 -0500] "GET /BLA/boletinlegal/style.css HTTP/1.1" 200 9406
172.22.2.4 - - [20/Sep/2023:14:14:50 -0500] "GET /BLA/boletinlegal/niceforms-default.css HTTP/1.1" 200 6694
172.22.2.4 - - [20/Sep/2023:14:14:50 -0500] "GET /BLA/boletinlegal/js/popup.js HTTP/1.1" 200 1270
172.22.2.4 - - [20/Sep/2023:14:14:50 -0500] "GET /BLA/boletinlegal/js/lib.js HTTP/1.1" 200 6474
172.22.2.4 - - [20/Sep/2023:14:14:50 -0500] "GET /BLA/boletinlegal/js/jquery1.js HTTP/1.1" 200 29846
172.22.2.4 - - [20/Sep/2023:14:14:50 -0500] "GET /BLA/boletinlegal/images/cabezote%20BLEGAL.jpg HTTP/1.1" 200 118164
172.22.2.4 - - [20/Sep/2023:14:14:50 -0500] "GET /BLA/boletinlegal/styles2.css HTTP/1.1" 200 1838
172.22.2.4 - - [20/Sep/2023:14:14:50 -0500] "GET /BLA/boletinlegal/images/subscribe-icon-big.png HTTP/1.1" 200 47702
172.22.2.4 - - [20/Sep/2023:14:14:50 -0500] "GET /BLA/boletinlegal/images/historia.png HTTP/1.1" 200 52775
172.22.2.4 - - [20/Sep/2023:14:14:50 -0500] "GET /BLA/boletinlegal/images/registro-usuarios.png HTTP/1.1" 200 8106
172.22.2.4 - - [20/Sep/2023:14:14:50 -0500] "GET /BLA/boletinlegal/images/green-yellow-blue-pink-th.png HTTP/1.1" 200 7394
172.22.2.4 - - [20/Sep/2023:14:14:50 -0500] "GET /BLA/boletinlegal/images/tel.png HTTP/1.1" 200 14477
172.22.2.4 - - [20/Sep/2023:14:14:50 -0500] "GET /BLA/boletinlegal/images/body_bg.jpg HTTP/1.1" 200 1601
172.22.2.4 - - [20/Sep/2023:14:14:50 -0500] "GET /BLA/boletinlegal/images/icono-email.png HTTP/1.1" 200 5544
172.22.2.4 - - [20/Sep/2023:14:14:50 -0500] "GET /BLA/boletinlegal/images/menu_lft.gif HTTP/1.1" 200 1713
172.22.2.4 - - [20/Sep/2023:14:14:50 -0500] "GET /BLA/boletinlegal/images/menu_rght.gif HTTP/1.1" 200 1627
172.22.2.4 - - [20/Sep/2023:14:14:50 -0500] "GET /BLA/boletinlegal/images/hover.jpg HTTP/1.1" 200 640
172.22.2.4 - - [20/Sep/2023:14:14:50 -0500] "GET /BLA/boletinlegal/images/bg_top.jpg HTTP/1.1" 200 522
172.22.2.4 - - [20/Sep/2023:14:14:50 -0500] "GET /BLA/boletinlegal/images/menu_bg.jpg HTTP/1.1" 200 620
172.22.2.4 - - [20/Sep/2023:14:14:50 -0500] "GET /BLA/boletinlegal/images/text.jpg HTTP/1.1" 200 568
172.22.2.4 - - [20/Sep/2023:14:14:50 -0500] "GET /BLA/boletinlegal/images/footer_bg.jpg HTTP/1.1" 200 586
172.22.2.4 - - [20/Sep/2023:14:14:50 -0500] "GET /BLA/boletinlegal/images/footer_bg_l.jpg HTTP/1.1" 200 776
172.22.2.4 - - [20/Sep/2023:14:14:50 -0500] "GET /BLA/boletinlegal/img/0.png HTTP/1.1" 200 110
172.22.2.4 - - [20/Sep/2023:14:14:50 -0500] "GET /BLA/boletinlegal/img/button-left.png HTTP/1.1" 200 57071
172.22.2.4 - - [20/Sep/2023:14:14:50 -0500] "GET /BLA/boletinlegal/img/select-left.png HTTP/1.1" 200 263
172.22.2.4 - - [20/Sep/2023:14:14:50 -0500] "GET /BLA/boletinlegal/img/select-right.png HTTP/1.1" 200 44019
172.22.2.4 - - [20/Sep/2023:14:14:50 -0500] "GET /BLA/boletinlegal/img/button.png HTTP/1.1" 200 43241
172.22.2.4 - - [20/Sep/2023:14:14:50 -0500] "GET /BLA/boletinlegal/img/button-right.png HTTP/1.1" 200 57878
172.22.2.4 - - [20/Sep/2023:14:14:50 -0500] "GET /BLA/boletinlegal/favicon.ico HTTP/1.1" 404 1326
216.244.66.195 - - [20/Sep/2023:14:15:13 -0500] "GET /BLA/resoluciones/AUTOS%202020/2561.pdf HTTP/1.1" 200 395740
172.22.2.4 - - [20/Sep/2023:14:13:38 -0500] "GET /BLA/boletinlegal/ HTTP/1.1" 200 60342
201.245.192.253 - - [20/Sep/2023:14:15:36 -0500] "POST /forms/lservlet;jsessionid=ac16012b30d69266a03a12cb4bb5af6bc3dc0dbe32a5.e3iSbxaKaheRe34Pbx8Nc3aQci1ynknvrkLOlQzNp65In0 HTTP/1.1" 200 2
216.245.221.92 - - [20/Sep/2023:14:15:55 -0500] "HEAD / HTTP/1.1" 200 -
216.244.66.195 - - [20/Sep/2023:14:15:57 -0500] "GET /BLA/resoluciones/AUTOS%202020/3096.pdf HTTP/1.1" 200 481925
201.245.192.253 - - [20/Sep/2023:14:16:30 -0500] "POST /kwsrmcab/Wsrmcab  HTTP/1.1" 200 41265
201.245.192.253 - - [20/Sep/2023:14:16:44 -0500] "POST /forms/lservlet;jsessionid=ac16012b30d63732ae2b7f824f33be69ee2350cb62f5.e3iSbxaKaheRe34Pbx8Nc3aQci1ynknvrkLOlQzNp65In0 HTTP/1.1" 200 2
216.244.66.195 - - [20/Sep/2023:14:16:50 -0500] "GET /BLA/resoluciones/AUTOS%202020/3443.pdf HTTP/1.1" 200 341646
186.84.90.178 - - [20/Sep/2023:14:16:55 -0500] "GET /catalogoisis/ HTTP/1.1" 200 8575
186.84.90.178 - - [20/Sep/2023:14:16:55 -0500] "GET /catalogoisis/Js/CriterioCombinada.js HTTP/1.1" 200 1843
186.84.90.178 - - [20/Sep/2023:14:16:55 -0500] "GET /catalogoisis/Js/Cookies.js HTTP/1.1" 200 1369
186.84.90.178 - - [20/Sep/2023:14:16:55 -0500] "GET /catalogoisis/Js/LimpiarCombinada.js HTTP/1.1" 200 207
186.84.90.178 - - [20/Sep/2023:14:16:55 -0500] "GET /catalogoisis/Css/Busqueda.css HTTP/1.1" 200 1995
186.84.90.178 - - [20/Sep/2023:14:16:55 -0500] "GET /catalogoisis/Js/AceptarLimpiar.js HTTP/1.1" 200 331
186.84.90.178 - - [20/Sep/2023:14:16:55 -0500] "GET /catalogoisis/Js/Remote.js HTTP/1.1" 200 436
186.84.90.178 - - [20/Sep/2023:14:16:55 -0500] "GET /catalogoisis/Js/Go.js HTTP/1.1" 200 364
186.84.90.178 - - [20/Sep/2023:14:16:55 -0500] "GET /catalogoisis/Js/Numero.js HTTP/1.1" 200 398
186.84.90.178 - - [20/Sep/2023:14:16:55 -0500] "GET /catalogoisis/Js/Enter.js HTTP/1.1" 200 1208
186.84.90.178 - - [20/Sep/2023:14:16:55 -0500] "GET /catalogoisis/imagenes/br1c1.gif HTTP/1.1" 200 172
186.84.90.178 - - [20/Sep/2023:14:16:55 -0500] "GET /catalogoisis/imagenes/br2c2.gif HTTP/1.1" 200 302
186.84.90.178 - - [20/Sep/2023:14:16:55 -0500] "GET /catalogoisis/imagenes/br3c2.gif HTTP/1.1" 200 285
186.84.90.178 - - [20/Sep/2023:14:16:55 -0500] "GET /catalogoisis/imagenes/limpiar1.gif HTTP/1.1" 200 606
186.84.90.178 - - [20/Sep/2023:14:16:55 -0500] "GET /catalogoisis/imagenes/br3c3.gif HTTP/1.1" 200 186
186.84.90.178 - - [20/Sep/2023:14:16:55 -0500] "GET /catalogoisis/imagenes/Header.gif HTTP/1.1" 200 27040
186.84.90.178 - - [20/Sep/2023:14:16:55 -0500] "GET /catalogoisis/imagenes/br1c2.gif HTTP/1.1" 200 297
186.84.90.178 - - [20/Sep/2023:14:16:55 -0500] "GET /catalogoisis/imagenes/Turnbo1.gif HTTP/1.1" 200 227
186.84.90.178 - - [20/Sep/2023:14:16:55 -0500] "GET /catalogoisis/imagenes/br2c3.gif HTTP/1.1" 200 416
186.84.90.178 - - [20/Sep/2023:14:16:55 -0500] "GET /catalogoisis/imagenes/br3c1.gif HTTP/1.1" 200 177
186.84.90.178 - - [20/Sep/2023:14:16:55 -0500] "GET /catalogoisis/imagenes/br2c1.gif HTTP/1.1" 200 297
186.84.90.178 - - [20/Sep/2023:14:16:55 -0500] "GET /catalogoisis/imagenes/br1c3.gif HTTP/1.1" 200 302
186.84.90.178 - - [20/Sep/2023:14:16:55 -0500] "GET /catalogoisis/imagenes/aceptar1.gif HTTP/1.1" 200 604
186.84.90.178 - - [20/Sep/2023:14:16:55 -0500] "GET /favicon.ico HTTP/1.1" 200 7782
201.245.192.253 - - [20/Sep/2023:14:17:36 -0500] "POST /forms/lservlet;jsessionid=ac16012b30d69266a03a12cb4bb5af6bc3dc0dbe32a5.e3iSbxaKaheRe34Pbx8Nc3aQci1ynknvrkLOlQzNp65In0 HTTP/1.1" 200 2
216.244.66.195 - - [20/Sep/2023:14:17:40 -0500] "GET /BLA/resoluciones/AUTOS%202020/3815.pdf HTTP/1.1" 200 349874
201.245.192.253 - - [20/Sep/2023:14:17:44 -0500] "GET /appsia/controlador HTTP/1.1" 200 4799
201.245.192.253 - - [20/Sep/2023:14:17:44 -0500] "GET /appsia/css/estilos.css HTTP/1.1" 200 4804
201.245.192.253 - - [20/Sep/2023:14:17:44 -0500] "GET /appsia/scripts/validarIngreso.js HTTP/1.1" 200 851
201.245.192.253 - - [20/Sep/2023:14:17:44 -0500] "GET /appsia/images/logo_bogota_p.png HTTP/1.1" 200 14951
201.245.192.253 - - [20/Sep/2023:14:17:44 -0500] "GET /appsia/images/cabezoteHojaVida.png HTTP/1.1" 200 32493
201.245.192.253 - - [20/Sep/2023:14:17:44 -0500] "GET /favicon.ico HTTP/1.1" 200 7782
201.245.192.253 - - [20/Sep/2023:14:17:51 -0500] "POST /appsia/controlador HTTP/1.1" 200 5437
181.59.2.38 - - [20/Sep/2023:14:17:53 -0500] "GET /kwssiamovil/sm/acme/a?s=U2FsdGVkX19lrhbfbZZ5+UDm8tBAq1CzkysKHw7Mw7lI3T1YkS2TSXW9O7uGATbISX18uGt35vk7bIPrbdVOSaKhRCRB27U/5PUxKLsClTEApqNqNq2fLKJxm+llZ4dc2G4VyJBgSXtQmZodt1wb5iJF9AZ02Xz91/vPA9O7NjVctKhwGaNzy1bRntWRN3iVl2PWJcwbC1cQwLs1rEGbkNA02uD8gE1jSI+TBH/xtkuaS6szHmOLf6AACb3gVKXxeVFBxMZA7ImoDh9OPsQW3w==&u=U2FsdGVkX1/MpSJY2QbqVzJm2nPK4actx8JsClouJL7kV5r4UYOJ+CXXHaKsU2ob&y=U2FsdGVkX19sXja4fhzEvd8Q1TOHQ60f1b3rQmu7rBWnfJ+w5yGJxd6yG+Sz21nd HTTP/1.1" 200 26
181.59.2.38 - - [20/Sep/2023:14:17:53 -0500] "GET /kwssiamovil/sm/acme/a?s=U2FsdGVkX1+djp6/7xzVCit0Ky0fRgZI3+7nUxSuapM4dFTCer4beTPjV2JUZVAk3vEnVEfNA/nUU0fOoMkyrhHXFRA+ub2FzeZIHpgu3yAVv6Dx5GCu11QHtPx4PUh8w7R76G0U9uAY1TSeFk0v5u0k8+bz2r4cCzkIuUu6MFRDX6VZpIN+OV5RqJGxwhaNIy4ujQzXgBgU4kmPhtuxQottGOLQbUiyKO8cJykDMnoKO4mlWoWz2wiK7LZlynrTLDFXPtRRkgybbL5XsaBa8Qlr/r42i+k12lCx+o9VCKGA9AsR5AVBVrZ+wtWmO5RSGKygKy1s9b8wizPgr1eK++2ZKru8hZxxZK6TWrc7ZQJpTiiR+LiBeHanw3lccsRV8gNy8kylPm2ZmAA3RieUOzzxJbJVH71pUye8SstahoTeonFqWI8fMoxGUbpHzTtqdaaFWIYvID8Us0CC8jEh3OclumySadVtebkA08eTwcNIxx8e88QnAlCWbESmB1cbO8IknGdV5Dd9GN8HNG8XGBDZlDad0PXRh5WZ2QaJxPmin1iLGUyM/RcrRBRCubE1wEGWNjuuud6PxmqhnEJ31xqCxq50QON0ijgPV0dVuhbO3lD4v9qAKkdzB24Vapjz7DhmvH4bNZ9cKJLnjJDKKUuhAKUDlZkn1YK667LeTI0J7sduFet6c8d+WI52sVyYC/Q+4NmZKjNZpg7FsWuI0ZXzEaxxqfeP+nbU0qHmlFJs4tYIGip4dJivxLXKXIXmIKPQeB0ehHKUH0bMCtU99iSIARV6+hJSMKs/XuW/7Urs6YARbzgITw6PQHvR54EDbKRWvmDyfHz08PDcMkoHeSelCs3mrOAcAm4NeawuQ9hQ63QkK0X8U2ztcPx0A199sOvqZACcA9q9nse2jTdJZqsP9ctE833zu4seXCe2lRw7ZHY4FWs4HvVMfJvYHf4mioVGgZo8zz6O20gBWt4AyymNpVajQ5Qch8YkE6dpG6I33gDi2jxqNrnOAYij0KzrWAyXbqqgOgp2ZCQo9Gaw7+dSy/Iu6CuX9rj99NrdebFgvfUyQkmGu5UUQ/hrDGwVCN7YGytQV5emLJbEymVUa+BhmgZPOzX/XBkNZtWsahyAlT5T6yGOpYyKMQNlSi0rqa8/twwHi3C3SvNw9oMnH8Z5ZUk8JwdXE2JHj9Ljc/hB4pFBPf+f6mSLoZ9XZ/R2WeuTFK0hN43lN73bJjuVhJkFKYMC67CccdDJpcSBPSeI6MM4xABay+GQIzWAymldZZ7e+3D4IRjQTK/cc5FRJjf8gcB8oSzldRFKk44n02o8L9Gt3nbUIhFpjKmeEyw7Xi38wHEUD19uVjKtTr3AyyR0tw3ishayQHZhaVPKyvKVoyEPQqesRAaPFBWZS1a7Utj0+3SqS+Ds/VK3yJjx+trnpz3Ma5FPgA5TXP64SJWUAADLNEzTS8xtRNKcz5XX7TH3P+BLpXyVvnt16K82HfH57rnZQ5LmqNESWOIQLlVtoTweJB3F8et0AyNHxQY/Nb/IWAql1N34dvnlgvATjWWLR0TnVm5ry2NbXa02YnVzk8D+z/aZWOrUlFjCw/iUE5PoqcphD4Sutc6bFFSJ2kxHKXxI7n4GFBCTr2Xda7D9NlkKJaMUJikCWPWRktAQVB5N2nhtvDCQKGriEnTvukkh8AiLACP1hjTn+xnDkbzVdmlwTfGOazBmP3sAuBqB4COMbuUQwKpZdrEi1OuV1AC7gfDN6J2oTjsPhFFGx6sFFqHlorLkYQ6pPdQGpXW/RHjnKOIIHUobkCmHRbfNpMSc1wjK9DCJfsOi9TAQI2+sCq7XZWhhtq+jIrbE0g3tfH8PHKBnw9zaP2bXf4x+vf1UAbEnCFRylmZEgaYgAmMoLFjEzPQMSqY7IsG72+Lv+cIqRwqBe4e1zyg4BgyLNiCdSbSOhdmGASWg3fV+RMuTW7VcYPmBJJaLCQe7+gnOyvwggGR7ZymWRveluqE/4FxU/lCRuJ5PoDc8tmddLXw6RdcwPPDn8sSK7TNj9TZR2PMMGb1/hUUnqeQmhLybxjszFGouZ5dxQJEl2jy8cbC+p/SlV6U7R4VbPByUHkbx4I9oRojlcAtGwbNzOAoa2tchUiqe0LZlE/NV1KBeevEz/rjrYhXE21GdB8bsJ+Zv/HAjaS4VEq/d+TBi5T5ECu4xF+K3hsf474LVBkHjBJhoXAIMeSFpEswx4VYvGSYUwuiyMWZ5p5wmlu4lj3eTkPQnC2oPWuLtNC3rltRTv9JwK16/9X0DlYGs2VHQvOvX2chAfPyN3lam4VW1T/zh2358Mp7EW2wIXCLe8GHxDpdRNzqhP7EALD8diQpUIYEp0IDOzMWS5dnAHsI2ka9OiaZkrrm5mDjKGlyUY5FV5my9ME1biFf+aaDK4UYd7iVCvw1s/z++53dayBqRO7jBgRcajAcGGCrVzq5BlIRuYzdJb6WmFWNtpTHN4knjdt0WyJaIYtqZzqYI49bBU2WbiEjYDRsjouQHNEYMjr138kTKEDESXKHWwvjLvXCIHXcKQ+DqaRtAzqyrpkyJKjsmqxvo3b4C5pNbHXKX0y7pRmsFwLfv2HOTWwe2w599JOsqqD/be+FowH2Y4GpJOeqvNxyUXf90Fn7b56+5tfXzPyM2B2HjlMDpHITnYhD8AOnFearr8nTOAjnm9asWfzPNs2NGSjP9glU06Q2rOeomzPPjRPkFACjk/XKcl+gmz/NIBT+ILfLDwQMJQuMwZ468qbAS/RlA6PzXxsHsTct87FOjzmoblzmcNbYPhc3cbfviGu90jFW/Ng7DdA9vWNagxewSYBm2ndURI2ip1FmaLJeRoaK1Ze3zIbO9b3ih78gYYCuoXZekiKjfsvvUEGf+xIv0eYJiNnmIkQnwafRVN0hl3W0QlnboGTB6St9HEdpV9vKOb9eOnzkFzdDyZfoZi9ExDf9EsRyNu2U8fLR8L0NQ4+aMpbj6uix7doR+PtRTMKf0iUUw8R1IpVHfo38W1eGFw2LwgS6Wdzbg/Mx+ZblBfzj8MZyG5FfCGkK33UXImchpA+Q8vT7M68D6JQgW5XyD/msfSIN+ueWV9RMgmV3dbCbGLr+GYS0R7J5Rbjtw8v+C6oH9tRT8EUDt7zwIB+FIVVU5mv6MYrdUTmr+qmoyW0V8p+2O49G26e6EYVooQgVc8POgMHMTlWg4xGiHGfZTSJi0Zwo6uMU5NhNx3Y0LOgVi0CiFrIkLsHV4wuIs9kMVvWfguFfzW6p4bfXVEZCwaM3cfFwwwi/3biGT6CXXM39E0a/RO6qcVteryZWSSn5l7xRKW9bPhHWFDC1hXJSeqWmipyQnbjvmAufvVkv7EWHApGNzP6sftlTaS+4wICr4gnq7vmbL4NOPpLnJeLqMghcPuJxdkSfILftN50ssUqut/HrTNqM3fwexc7SdG1gqMpWOJnDzvoIMKSi+ecmJkmFF7gwDrHjTf5mjvYpLkx7sNKZrw1m0zAcFUyOOt/aQFRpSgI8XGKY+Eo+bqpUG7AEXWl4BPuPIGzI3jLgjRYBzhrkGPzJnVwrIvZU5P7UWEGfyzK4EAJuU1BEX5VSY7BJ3RMQ8wA3Kw5NSqvd5H67ulNjNl5OdnUzhNKCxZNHgsXfQ71O5PLuurG2fdbWtHFzsVa3LZzX+PPYoqCvEVMmSO5ZcoEl3/dplzyUgqR0TxIF1Y1kZl/VF/RAxnuhpAECNKcjkdNHOtlfwxE5kK48RJ1osMZ++Jw03fqMt8HupVmdGe/cYTSRt7s2VLCed5m7uFzZ0SeD/lzWU6zrOnXYW4cPdwp66VEWMiNziSjul6M2xFtNRdpmMhpYA9j8JutK1gMsEdj00YGT+9zY=&u=U2FsdGVkX1/MpSJY2QbqVzJm2nPK4actx8JsClouJL7kV5r4UYOJ+CXXHaKsU2ob&y=U2FsdGVkX19sXja4fhzEvd8Q1TOHQ60f1b3rQmu7rBWnfJ+w5yGJxd6yG+Sz21nd HTTP/1.1" 200 26
181.59.2.38 - - [20/Sep/2023:14:17:53 -0500] "GET /kwssiamovil/sm/acme/a?s=U2FsdGVkX1/ttXEB6Gv8rb27ugbSlCGtghaSsK1T2LApTLw1aUM+AKjAxfbl/jBGV6uwv9h3yExVHhLwYh0S4HqAovt5erZiUWbT0zmu8FIBMnV0gzKtyecShyTkpW2xdIxNrfVuu166K9dRy+ScWT+bohgKh3q+2lPTo0WNlZE=&u=U2FsdGVkX1/MpSJY2QbqVzJm2nPK4actx8JsClouJL7kV5r4UYOJ+CXXHaKsU2ob&y=U2FsdGVkX19sXja4fhzEvd8Q1TOHQ60f1b3rQmu7rBWnfJ+w5yGJxd6yG+Sz21nd HTTP/1.1" 200 26
181.59.2.38 - - [20/Sep/2023:14:17:54 -0500] "GET /kwssiamovil/sm/acme/a?s=U2FsdGVkX18N2cOU+ZE7LPxFcHdYufjGXDNiccVuYNC0aoj3Z/dcvHMmkNUUxpMn5kq3EcZnK5l2IduXWGAnqroIcFtxEUwidbs8vF6RcRbylJKgKnnSNC3/X0tgATcFYUY1bvhEVRwwxaePObUsfynapQos8zzP5qVWeBqu9Fk=&u=U2FsdGVkX1/MpSJY2QbqVzJm2nPK4actx8JsClouJL7kV5r4UYOJ+CXXHaKsU2ob&y=U2FsdGVkX19sXja4fhzEvd8Q1TOHQ60f1b3rQmu7rBWnfJ+w5yGJxd6yG+Sz21nd HTTP/1.1" 200 26
181.59.2.38 - - [20/Sep/2023:14:17:54 -0500] "GET /kwssiamovil/sm/acme/a?s=U2FsdGVkX1+bQM2Q7McmVS04q53fIMHkRO7YJX7576pWnsK+Xt5y2tmf3GwTGk1jWBEF37iluKxSvpY+G7Pf977BGOAJE+rlC/phVREDq91akrX5tpjeXpGbJw59VZcx4WSPbX5W1q2joNc7DGtvuRjREwvC/WsVDcTTq4Y6HxI=&u=U2FsdGVkX1/MpSJY2QbqVzJm2nPK4actx8JsClouJL7kV5r4UYOJ+CXXHaKsU2ob&y=U2FsdGVkX19sXja4fhzEvd8Q1TOHQ60f1b3rQmu7rBWnfJ+w5yGJxd6yG+Sz21nd HTTP/1.1" 200 26
201.245.192.253 - - [20/Sep/2023:14:17:52 -0500] "POST /kwsrmcab/Wsrmcab HTTP/1.1" 200 41234
181.59.2.38 - - [20/Sep/2023:14:17:54 -0500] "GET /kwssiamovil/sm/acme/a?s=U2FsdGVkX1+azLnkZmzyTVyxe2yqm12bxkipbRyv9R/4bizSHsype38MyAeAXnlTBF44KgMiA+LK53nckZbIGy9bQay6dAn/8T7oLKXiP98U3UGWhj7awNwOlV0EdSDo/5NjsvVGCcs8jTHGOaTcUv175UjyazZ1kDggM6TDrXNu+BOy1Ve7ja07CGYHHvKqxi7/ENvMQitB4oTKQcU5Og==&u=U2FsdGVkX1/MpSJY2QbqVzJm2nPK4actx8JsClouJL7kV5r4UYOJ+CXXHaKsU2ob&y=U2FsdGVkX19sXja4fhzEvd8Q1TOHQ60f1b3rQmu7rBWnfJ+w5yGJxd6yG+Sz21nd HTTP/1.1" 200 26
201.245.192.253 - - [20/Sep/2023:14:17:56 -0500] "POST /appsia/controlador HTTP/1.1" 200 7777
201.245.192.253 - - [20/Sep/2023:14:17:55 -0500] "POST /kwsrmcab/Wsrmcab HTTP/1.1" 200 41559
201.245.192.253 - - [20/Sep/2023:14:18:00 -0500] "POST /appsia/controlador HTTP/1.1" 200 6642
201.245.192.253 - - [20/Sep/2023:14:18:02 -0500] "POST /appsia/controlador HTTP/1.1" 200 10604
216.244.66.195 - - [20/Sep/2023:14:18:30 -0500] "GET /BLA/resoluciones/AUTOS%202020/3849.pdf HTTP/1.1" 200 364957
201.245.192.253 - - [20/Sep/2023:14:18:44 -0500] "POST /forms/lservlet;jsessionid=ac16012b30d63732ae2b7f824f33be69ee2350cb62f5.e3iSbxaKaheRe34Pbx8Nc3aQci1ynknvrkLOlQzNp65In0 HTTP/1.1" 200 2
201.245.192.253 - - [20/Sep/2023:14:19:02 -0500] "POST /appsia/controlador HTTP/1.1" 200 7777
201.245.192.253 - - [20/Sep/2023:14:19:06 -0500] "POST /appsia/controlador HTTP/1.1" 200 5437
201.245.192.253 - - [20/Sep/2023:14:19:08 -0500] "POST /appsia/controlador HTTP/1.1" 200 7777
201.245.192.253 - - [20/Sep/2023:14:19:10 -0500] "POST /appsia/controlador HTTP/1.1" 200 5236
216.244.66.195 - - [20/Sep/2023:14:19:18 -0500] "GET /BLA/resoluciones/AUTOS%202020/4332.pdf HTTP/1.1" 200 399329
201.245.192.253 - - [20/Sep/2023:14:19:26 -0500] "GET /appsia/controlador?comando=regresar&id=68290493&funcionario=PILAR+VIVIANA+DIAZ+GOMEZ&desde=68290493&hasta=68290493&version=68290493 HTTP/1.1" 200 7777
201.245.192.253 - - [20/Sep/2023:14:19:36 -0500] "POST /forms/lservlet;jsessionid=ac16012b30d69266a03a12cb4bb5af6bc3dc0dbe32a5.e3iSbxaKaheRe34Pbx8Nc3aQci1ynknvrkLOlQzNp65In0 HTTP/1.1" 200 2
216.244.66.195 - - [20/Sep/2023:14:20:05 -0500] "GET /BLA/resoluciones/AUTOS%202020/4478.pdf HTTP/1.1" 200 372735
172.22.2.4 - - [20/Sep/2023:14:18:38 -0500] "HEAD /BLA/boletinlegal/ HTTP/1.1" 200 -
201.245.192.253 - - [20/Sep/2023:14:20:44 -0500] "POST /forms/lservlet;jsessionid=ac16012b30d63732ae2b7f824f33be69ee2350cb62f5.e3iSbxaKaheRe34Pbx8Nc3aQci1ynknvrkLOlQzNp65In0 HTTP/1.1" 200 2
216.244.66.195 - - [20/Sep/2023:14:20:51 -0500] "GET /BLA/resoluciones/AUTOS%202020/4672.pdf HTTP/1.1" 200 373330
5.181.80.137 - - [20/Sep/2023:14:20:52 -0500] "GET /muieblackcat HTTP/1.1" 404 1018
5.181.80.137 - - [20/Sep/2023:14:20:53 -0500] "GET //phpMyAdmin/scripts/setup.php HTTP/1.1" 403 1165
5.181.80.137 - - [20/Sep/2023:14:20:53 -0500] "GET //phpmyadmin/scripts/setup.php HTTP/1.1" 403 1165
5.181.80.137 - - [20/Sep/2023:14:20:53 -0500] "GET //pma/scripts/setup.php HTTP/1.1" 404 1018
5.181.80.137 - - [20/Sep/2023:14:20:54 -0500] "GET //myadmin/scripts/setup.php HTTP/1.1" 404 1018
5.181.80.137 - - [20/Sep/2023:14:20:55 -0500] "GET //MyAdmin/scripts/setup.php HTTP/1.1" 404 1018
216.245.221.92 - - [20/Sep/2023:14:20:55 -0500] "HEAD / HTTP/1.1" 200 -
172.22.2.4 - - [20/Sep/2023:14:20:55 -0500] "GET /BLA/boletinlegal/actos.php HTTP/1.1" 200 9682
172.22.2.4 - - [20/Sep/2023:14:20:55 -0500] "GET /BLA/boletinlegal/favicon.ico HTTP/1.1" 404 1326
172.22.2.4 - - [20/Sep/2023:14:19:28 -0500] "GET /BLA/boletinlegal/ HTTP/1.1" 200 58187
172.22.2.4 - - [20/Sep/2023:14:21:16 -0500] "GET /BLA/boletinlegal/consulta_actos.php?tipo=resoluciones&no=2960&usuario=&sector=&fecha=2021&resuelve= HTTP/1.1" 200 1101
191.156.60.69 - - [20/Sep/2023:14:21:20 -0500] "GET /BLA/resoluciones/RESOLUCIONES%202021/2960.pdf HTTP/1.1" 200 488735
172.22.2.4 - - [20/Sep/2023:14:20:53 -0500] "GET /BLA/boletinlegal/ HTTP/1.1" 200 24523
201.245.192.253 - - [20/Sep/2023:14:21:28 -0500] "POST /kwsrmcab/Wsrmcab  HTTP/1.1" 200 41265
201.245.192.253 - - [20/Sep/2023:14:21:36 -0500] "POST /forms/lservlet;jsessionid=ac16012b30d69266a03a12cb4bb5af6bc3dc0dbe32a5.e3iSbxaKaheRe34Pbx8Nc3aQci1ynknvrkLOlQzNp65In0 HTTP/1.1" 200 2
216.244.66.195 - - [20/Sep/2023:14:21:41 -0500] "GET /BLA/resoluciones/AUTOS%202020/4759.pdf HTTP/1.1" 200 1033750
168.119.253.13 - - [20/Sep/2023:14:22:02 -0500] "GET / HTTP/1.1" 200 319
216.244.66.195 - - [20/Sep/2023:14:22:31 -0500] "GET /BLA/resoluciones/AUTOS%202020/4775.pdf HTTP/1.1" 200 378912
201.245.192.253 - - [20/Sep/2023:14:22:44 -0500] "POST /forms/lservlet;jsessionid=ac16012b30d63732ae2b7f824f33be69ee2350cb62f5.e3iSbxaKaheRe34Pbx8Nc3aQci1ynknvrkLOlQzNp65In0 HTTP/1.1" 200 2
216.244.66.195 - - [20/Sep/2023:14:23:21 -0500] "GET /BLA/resoluciones/AUTOS%202020/4932.pdf HTTP/1.1" 200 370614
104.47.58.126 - - [20/Sep/2023:14:23:24 -0500] "HEAD /inscribete-y-participa-en-el-foro-sobre-la-gestion-de-los-bifenilos-policlorados-en-transformadores-electricos.html HTTP/1.1" 200 -
190.24.161.2 - - [20/Sep/2023:14:23:25 -0500] "GET /inscribete-y-participa-en-el-foro-sobre-la-gestion-de-los-bifenilos-policlorados-en-transformadores-electricos.html HTTP/1.1" 200 931
201.245.192.253 - - [20/Sep/2023:14:23:36 -0500] "POST /forms/lservlet;jsessionid=ac16012b30d69266a03a12cb4bb5af6bc3dc0dbe32a5.e3iSbxaKaheRe34Pbx8Nc3aQci1ynknvrkLOlQzNp65In0 HTTP/1.1" 200 2
40.77.57.90 - - [20/Sep/2023:14:23:44 -0500] "GET /inscribete-y-participa-en-el-foro-sobre-la-gestion-de-los-bifenilos-policlorados-en-transformadores-electricos.html HTTP/1.1" 200 931
216.244.66.195 - - [20/Sep/2023:14:24:07 -0500] "GET /BLA/resoluciones/AUTOS%202021/0135.pdf HTTP/1.1" 200 338742
190.216.201.100 - - [20/Sep/2023:14:24:34 -0500] "GET /sipse/faces/index.xhtml HTTP/1.1" 200 677
190.216.201.100 - - [20/Sep/2023:14:24:34 -0500] "GET /sipse/faces/javax.faces.resource/theme.css?ln=primefaces-sipse HTTP/1.1" 304 -
190.216.201.100 - - [20/Sep/2023:14:24:34 -0500] "GET /sipse/faces/faces/autenticacion.xhtml HTTP/1.1" 200 12426
190.216.201.100 - - [20/Sep/2023:14:24:34 -0500] "GET /sipse/faces/javax.faces.resource/theme.css?ln=primefaces-sipse HTTP/1.1" 304 -
190.216.201.100 - - [20/Sep/2023:14:24:34 -0500] "GET /sipse/faces/javax.faces.resource/layout/layout.css?ln=primefaces&v=4.0 HTTP/1.1" 304 -
190.216.201.100 - - [20/Sep/2023:14:24:34 -0500] "GET /sipse/faces/javax.faces.resource/primefaces.css?ln=primefaces&v=4.0 HTTP/1.1" 304 -
190.216.201.100 - - [20/Sep/2023:14:24:34 -0500] "GET /sipse/faces/javax.faces.resource/jquery/jquery.js?ln=primefaces&v=4.0 HTTP/1.1" 304 -
190.216.201.100 - - [20/Sep/2023:14:24:34 -0500] "GET /sipse/faces/javax.faces.resource/primefaces.js?ln=primefaces&v=4.0 HTTP/1.1" 304 -
190.216.201.100 - - [20/Sep/2023:14:24:34 -0500] "GET /sipse/faces/javax.faces.resource/jquery/jquery-plugins.js?ln=primefaces&v=4.0 HTTP/1.1" 304 -
190.216.201.100 - - [20/Sep/2023:14:24:34 -0500] "GET /sipse/faces/javax.faces.resource/layout/layout.js?ln=primefaces&v=4.0 HTTP/1.1" 304 -
190.216.201.100 - - [20/Sep/2023:14:24:35 -0500] "GET /sipse/faces/javax.faces.resource/images/ui-icons_898989_256x240.png?ln=primefaces-aristo HTTP/1.1" 304 -
190.216.201.100 - - [20/Sep/2023:14:24:37 -0500] "POST /sipse/faces/autenticacion.xhtml HTTP/1.1" 200 16255
190.216.201.100 - - [20/Sep/2023:14:24:37 -0500] "GET /sipse/faces/javax.faces.resource/jquery/jquery.js?ln=primefaces&v=4.0 HTTP/1.1" 304 -
190.216.201.100 - - [20/Sep/2023:14:24:38 -0500] "GET /sipse/faces/javax.faces.resource/jquery/jquery-plugins.js?ln=primefaces&v=4.0 HTTP/1.1" 304 -
190.216.201.100 - - [20/Sep/2023:14:24:38 -0500] "GET /sipse/faces/javax.faces.resource/primefaces.js?ln=primefaces&v=4.0 HTTP/1.1" 304 -
190.216.201.100 - - [20/Sep/2023:14:24:38 -0500] "GET /sipse/faces/javax.faces.resource/layout/layout.js?ln=primefaces&v=4.0 HTTP/1.1" 304 -
190.216.201.100 - - [20/Sep/2023:14:24:38 -0500] "GET /sipse/css/imagen/contrasena.png HTTP/1.1" 404 383
190.216.201.100 - - [20/Sep/2023:14:24:38 -0500] "GET /sipse/faces/javax.faces.resource/messages/messages.png?ln=primefaces&v=4.0 HTTP/1.1" 304 -
190.216.201.100 - - [20/Sep/2023:14:24:39 -0500] "GET /sipse/faces/javax.faces.resource/images/ui-bg_flat_0_2d5972_40x100.png?ln=primefaces-aristo HTTP/1.1" 304 -
190.216.201.100 - - [20/Sep/2023:14:24:39 -0500] "POST /sipse/faces/bienvenido.xhtml HTTP/1.1" 200 9275
190.216.201.100 - - [20/Sep/2023:14:24:41 -0500] "POST /sipse/faces/bienvenido.xhtml HTTP/1.1" 200 1471
190.216.201.100 - - [20/Sep/2023:14:24:42 -0500] "POST /sipse/faces/bienvenido.xhtml HTTP/1.1" 200 43203
190.216.201.100 - - [20/Sep/2023:14:24:42 -0500] "GET /sipse/faces/javax.faces.resource/jquery/jquery.js?ln=primefaces&v=4.0 HTTP/1.1" 304 -
190.216.201.100 - - [20/Sep/2023:14:24:42 -0500] "GET /sipse/faces/javax.faces.resource/jquery/jquery-plugins.js?ln=primefaces&v=4.0 HTTP/1.1" 304 -
190.216.201.100 - - [20/Sep/2023:14:24:42 -0500] "GET /sipse/faces/javax.faces.resource/primefaces.js?ln=primefaces&v=4.0 HTTP/1.1" 304 -
190.216.201.100 - - [20/Sep/2023:14:24:42 -0500] "GET /sipse/faces/javax.faces.resource/layout/layout.js?ln=primefaces&v=4.0 HTTP/1.1" 304 -
