201.245.192.253 - - [20/Sep/2023:11:51:58 -0500] "POST /kwsrmcab/Wsrmcab  HTTP/1.1" 200 41265
216.244.66.195 - - [20/Sep/2023:11:52:05 -0500] "GET /BLA/resoluciones/AUTOS%202020/4862.pdf HTTP/1.1" 200 417061
201.245.192.253 - - [20/Sep/2023:11:52:41 -0500] "POST /forms/lservlet;jsessionid=ac16012b30d63732ae2b7f824f33be69ee2350cb62f5.e3iSbxaKaheRe34Pbx8Nc3aQci1ynknvrkLOlQzNp65In0 HTTP/1.1" 200 2
216.244.66.195 - - [20/Sep/2023:11:52:49 -0500] "GET /BLA/resoluciones/AUTOS%202021/0436.pdf HTTP/1.1" 200 1839143
172.22.2.4 - - [20/Sep/2023:11:52:52 -0500] "GET /BLA/boletinlegal/consulta_actos.php?tipo=resoluciones&no=3143&usuario=&sector=&fecha=2019&resuelve= HTTP/1.1" 200 626
186.102.83.123 - - [20/Sep/2023:11:52:55 -0500] "GET /kwssiamovil/sm/ldap/au?x=U2FsdGVkX1/j/9jmbJWEnsN9O0iBgPre81lxQu4Kzi0uj4Wo0B673ewveb5fuhgS&y=U2FsdGVkX18u6tL37Le/Lu8FIv3C0H9XPk79cUtqwQf9rVSC3HU7qfqd9r1JFtYU HTTP/1.1" 200 30
186.102.83.123 - - [20/Sep/2023:11:52:55 -0500] "GET /kwssiamovil/sm/acme/s?s=U2FsdGVkX1+G/t8P2G/n0tGLBdLRGNtzjts3RyquDjiKDEebtfIsttf+k/1fBXKEUeml4llQcdiFizlgUyrIyZLbuiGLvzHY6K94DMCB6aE=&u=U2FsdGVkX1+v3O/c3bxxy1cysKZUl5D3QpmWeQaTgow=&y=U2FsdGVkX18u6tL37Le/Lu8FIv3C0H9XPk79cUtqwQf9rVSC3HU7qfqd9r1JFtYU HTTP/1.1" 200 97
186.102.83.123 - - [20/Sep/2023:11:52:55 -0500] "GET /kwssiamovil/sm/acme/s?s=U2FsdGVkX1+2cdtneh9Mf7EW9oRYbh1TOqKBmjOvvkej0zR1YZ+nIZ5O/fQLZZeSPVUbsxA4PUa0RdCseAVCt8eLbWUj8F7dHriAVE25z7uvq94VmsDg88vH7jv9NnVzmKO2NJBnLHanfhZ+sjUfdxgvpiyDy1xWphT+0oN5+YW7K/j2K2skOxXzWT9FX/TWCbOSch/z4X9FmPyZpGSY/9wp8Dj7mNvtghnLXueUzexBHHb4wJlgdrjAmm5QEj+qEvPlps+1zWw7Obrz5zDkk9iWTQHFsZGyjJKL2gpxWjkESo3zYDw7FtkyFhFKcVywrAPRhGjoNXdHspDmKQMGKLI+/E89PTOcWzY3I14YQCgEJzg1U19PQsNzysdnTjIRl49bJ9f5JyLjO8YaqS5u56v78BAAxruHfUfLfHqssnRobZnuBLS5fpuG0+F07IGXrFEdug60w9RGOPjpMVLi5fkb93W26JvSGTMnCzH2lmepGwU4bbvK8J6XIeLqnKttdMS9DS8F+KfBtRHtQ//MejLKmyFJfPF/EnyOwynzQTdIdFGwHWdC/fNn8rqwFhrgif9CaDd+CkFAGOe2nB1yK+KAwHH2SlCunVcP1JgjBOMlb41LQ5q2g5Hy2vSaAOb0gKdwLEQ1gViF9MCqlng4Vrg/D93GAtdOayGiH+Tu8lw8ElYalXCGgVxJbRrnorQh1lDeb6J719dMbwBbgi1Bi8WwIx1MbeTGA5Ao5qxPTlBmC3N4eRSt+SyCqKW5pG7oVxOmkTakHwCZjgPy6P1m0+vZHHggIFOGV4YFNbYp1YB8KNY5pFKgAdSK21PfQBaEtRVfUuAFY/5bD2zXqOPe7CxclZJp07w9vvyixE3kDKp/l/FZUos+bsT7JFX8W+lZ2qC9g2tzb/1XUkdEe5rdj9Qesdg4Plb9yRj0C8aimW43roq5F47JbYfI30z8vRfovnBUuvJm+9sdubQC/eXOSM/0PABsdEltu7B9Codah0TxVGRIn+CqRgdznhAIWbFFKG6IN2uKhLakW+aShCoN5ogp5EWb0f74eJlg9P4tmx+hCTd+fzSF9bKCkk0XiwkLQy6ql09DHv4cvi3WCEBtrK45uxoMUyrqDgwm5tKgZCAq9ragwHZZM3fW722DUFd3+/+Z03Eue4cLL+y8qlPIvwCXyCnD2vTXaEwmCoHwP6XWshKv7b0874O6g0GKsJGxuIO+LfSS/p/GEGjlcDeeh7fyLgO/rsRkTzQN7VXjF/M3iAN5yanbRPm8L/6yTLTuVrpbOWHdRlUN/r4BJSiVmmaSyRTXZXp8Ma5s/yNN4Bd/s0t2GiSjeh7ei3y5TnhcEJCxSehyurj0v1qHfvQOIbDCPevj2Iwymt9DkFe3uGEnzQoZrsLMynL6I5N4VFysy7vvKS55OikVbjDeP9EuVA+8EeVTkp5em0sz9MBIh1v1g72YyQWGuc/XPs2mCEqvaXf4P/7dApiup7MCJY7kkK1n9GxiwSe+40Ba+WSrK/rG1C9XHMN1LIlYKINiMW/UIGuxVoL71ytwmp9iSHnOr27emE4tKqcWFLOmZT+iKDgeVNwvaR3brG1bTcqyOa8xe0fbRLmUrt5ejw8dUsolVv6JxEGNeE1OcPBZllsnTW9NFdK9jIMMs5N1yWMM5nVI1cWsdbTJCNeV1suhD1/MuBrL9yQzts9C9rc2/lImNIPAQrIIIye7GH0kGNFHn94C0PqcX4V32u/jcunSGGQX6aPYC052rI9OaD/MQpzWL2A=&u=U2FsdGVkX1+v3O/c3bxxy1cysKZUl5D3QpmWeQaTgow=&y=U2FsdGVkX18u6tL37Le/Lu8FIv3C0H9XPk79cUtqwQf9rVSC3HU7qfqd9r1JFtYU HTTP/1.1" 200 3068
186.102.83.123 - - [20/Sep/2023:11:52:55 -0500] "GET /kwssiamovil/sm/acme/s?s=U2FsdGVkX1/758B790u4tk84oQBnv65FEc8acR41Yi9zs21I8Uu9Z+mfYxE1UNDZIbZcI8Ziej49lv93MejWf1R74Ok5Zt3WgdTpWToPTurKyKp2V3Tse19x6xktMTVz0kibq+Fk4G2wgOjd6Hlr/bU+TeYZSX5phPXB8DVNGdGIpZmZn3IQchOVkglHJyWmTpNgH2xQFg1807XM1CjPwxvHs2S60soiAzNIrvK6e+6pmTQxef/XMJfFKqbPurMVdrqHrd741zyMwM9ZSy9qNO/CWPW3e51DLpYb6I499/kUW2aNIbG5SIHLgsRQGUuNJ6jii6E4uDVoNW8jD+sfxEqgxfQQvNOYO0ykwlwB5uAkoSg5VDRM9erjzLPpRpDwI6CC9V/+0s8wMakgCOsdfaj3C0Ff0CM9prfGb1EnVjWfL1f+E9wSAX7qmXVr8hm5Z5mlAgJwBoyOOHoPbl+hfRtJvn288Y7Jcuo7SuNNfIJuNYgqYrMSScnD8B3vyfKCclF2uTa0TNIq57QjTMGb43Wqp3YkVLr7h7GOHJEHiTzvQKv5BLAJUzqCJvPci5jdZjZ/fUZab1n0rXCa2hB7fniSakzp8dxJ5lllSaZK9AsvPM+hem0ZT46XxBB0lzXk2CCIf7iFwtOM+Tgxeh+7JlQx4GwdGNHW7o/M8Ldqne7EBA30qMDvEsS9AVBAb1xBQgoLnLbMlfn2bzXlLv66eCq2KOuJOe8qLq1IJ6vhYj0R/Y8/+ruFFUvD1LHaHmmJ&u=U2FsdGVkX1+v3O/c3bxxy1cysKZUl5D3QpmWeQaTgow=&y=U2FsdGVkX18u6tL37Le/Lu8FIv3C0H9XPk79cUtqwQf9rVSC3HU7qfqd9r1JFtYU HTTP/1.1" 200 208
186.102.83.123 - - [20/Sep/2023:11:52:56 -0500] "GET /kwssiamovil/sm/cjson/pre?f=1&x=U2FsdGVkX1/j/9jmbJWEnsN9O0iBgPre81lxQu4Kzi0uj4Wo0B673ewveb5fuhgS HTTP/1.1" 200 31032
172.22.2.4 - - [20/Sep/2023:11:53:15 -0500] "GET /BLA/boletinlegal/consulta_actos.php?tipo=resoluciones&no=0025&usuario=&sector=&fecha=2013&resuelve= HTTP/1.1" 200 1086
201.245.192.253 - - [20/Sep/2023:11:53:18 -0500] "GET /BLA/resoluciones/RESOLUCIONES%202013/0025.pdf HTTP/1.1" 200 5879706
173.252.127.26 - - [20/Sep/2023:11:53:22 -0500] "GET /images/Zuque%20(1)%20(1).jpeg HTTP/1.1" 200 66921
201.245.192.253 - - [20/Sep/2023:11:53:30 -0500] "POST /forms/lservlet;jsessionid=ac16012b30d69266a03a12cb4bb5af6bc3dc0dbe32a5.e3iSbxaKaheRe34Pbx8Nc3aQci1ynknvrkLOlQzNp65In0 HTTP/1.1" 200 2
216.244.66.195 - - [20/Sep/2023:11:53:39 -0500] "GET /BLA/resoluciones/AUTOS%202021/0446.pdf HTTP/1.1" 200 415481
201.245.192.253 - - [20/Sep/2023:11:53:48 -0500] "POST /sipse/faces/presentacion/financiero/solicitudProceso/listarSolicitudProceso.xhtml HTTP/1.1" 200 28279
201.245.192.253 - - [20/Sep/2023:11:53:48 -0500] "POST /sipse/faces/presentacion/financiero/solicitudProceso/listarSolicitudProceso.xhtml HTTP/1.1" 200 28279
201.245.192.253 - - [20/Sep/2023:11:53:48 -0500] "POST /sipse/faces/presentacion/financiero/solicitudProceso/listarSolicitudProceso.xhtml HTTP/1.1" 200 1404
201.245.192.253 - - [20/Sep/2023:11:53:48 -0500] "POST /sipse/faces/presentacion/financiero/solicitudProceso/listarSolicitudProceso.xhtml HTTP/1.1" 200 1384
201.245.192.253 - - [20/Sep/2023:11:53:49 -0500] "POST /sipse/faces/presentacion/financiero/solicitudProceso/listarSolicitudProceso.xhtml HTTP/1.1" 200 7451
201.245.192.253 - - [20/Sep/2023:11:53:49 -0500] "POST /sipse/faces/presentacion/financiero/solicitudProceso/listarSolicitudProceso.xhtml HTTP/1.1" 200 19104
172.22.2.4 - - [20/Sep/2023:11:52:48 -0500] "HEAD /BLA/boletinlegal/ HTTP/1.1" 200 -
216.244.66.195 - - [20/Sep/2023:11:54:29 -0500] "GET /BLA/resoluciones/AUTOS%202021/0457.pdf HTTP/1.1" 200 436416
201.245.192.253 - - [20/Sep/2023:11:54:41 -0500] "POST /forms/lservlet;jsessionid=ac16012b30d63732ae2b7f824f33be69ee2350cb62f5.e3iSbxaKaheRe34Pbx8Nc3aQci1ynknvrkLOlQzNp65In0 HTTP/1.1" 200 2
216.244.66.195 - - [20/Sep/2023:11:55:12 -0500] "GET /BLA/resoluciones/AUTOS%202021/1276.pdf HTTP/1.1" 200 412505
172.22.2.4 - - [20/Sep/2023:11:53:40 -0500] "GET /BLA/boletinlegal/ HTTP/1.1" 200 60692
201.245.192.253 - - [20/Sep/2023:11:55:30 -0500] "POST /forms/lservlet;jsessionid=ac16012b30d69266a03a12cb4bb5af6bc3dc0dbe32a5.e3iSbxaKaheRe34Pbx8Nc3aQci1ynknvrkLOlQzNp65In0 HTTP/1.1" 200 2
216.244.66.195 - - [20/Sep/2023:11:55:51 -0500] "GET /BLA/resoluciones/AUTOS%202021/1585.pdf HTTP/1.1" 200 634090
216.245.221.92 - - [20/Sep/2023:11:55:55 -0500] "HEAD / HTTP/1.1" 200 -
191.156.52.109 - - [20/Sep/2023:11:56:13 -0500] "GET /sipse/faces/index.xhtml HTTP/1.1" 200 677
191.156.52.109 - - [20/Sep/2023:11:56:13 -0500] "GET /sipse/faces/javax.faces.resource/theme.css?ln=primefaces-sipse HTTP/1.1" 304 -
191.156.52.109 - - [20/Sep/2023:11:56:13 -0500] "GET /sipse/faces/javax.faces.resource/theme.css?ln=primefaces-sipse HTTP/1.1" 304 -
191.156.52.109 - - [20/Sep/2023:11:56:13 -0500] "GET /sipse/faces/faces/autenticacion.xhtml HTTP/1.1" 200 12428
191.156.58.172 - - [20/Sep/2023:11:56:13 -0500] "GET /sipse/faces/javax.faces.resource/primefaces.css?ln=primefaces&v=4.0 HTTP/1.1" 304 -
191.156.52.67 - - [20/Sep/2023:11:56:13 -0500] "GET /sipse/faces/javax.faces.resource/jquery/jquery.js?ln=primefaces&v=4.0 HTTP/1.1" 304 -
191.156.58.82 - - [20/Sep/2023:11:56:13 -0500] "GET /sipse/faces/javax.faces.resource/jquery/jquery-plugins.js?ln=primefaces&v=4.0 HTTP/1.1" 304 -
191.156.52.109 - - [20/Sep/2023:11:56:13 -0500] "GET /sipse/faces/javax.faces.resource/primefaces.js?ln=primefaces&v=4.0 HTTP/1.1" 304 -
191.156.50.18 - - [20/Sep/2023:11:56:14 -0500] "GET /sipse/faces/javax.faces.resource/layout/layout.css?ln=primefaces&v=4.0 HTTP/1.1" 304 -
191.156.52.109 - - [20/Sep/2023:11:56:14 -0500] "GET /sipse/faces/javax.faces.resource/layout/layout.js?ln=primefaces&v=4.0 HTTP/1.1" 304 -
191.156.52.109 - - [20/Sep/2023:11:56:14 -0500] "GET /sipse/faces/javax.faces.resource/images/ui-icons_898989_256x240.png?ln=primefaces-aristo HTTP/1.1" 304 -
191.156.52.109 - - [20/Sep/2023:11:56:18 -0500] "POST /sipse/faces/autenticacion.xhtml HTTP/1.1" 200 2220
191.156.52.109 - - [20/Sep/2023:11:56:18 -0500] "GET /sipse/faces/javax.faces.resource/messages/messages.png?ln=primefaces&v=4.0 HTTP/1.1" 304 -
191.156.52.109 - - [20/Sep/2023:11:56:20 -0500] "POST /sipse/faces/autenticacion.xhtml HTTP/1.1" 200 16446
191.156.52.109 - - [20/Sep/2023:11:56:20 -0500] "GET /sipse/faces/javax.faces.resource/layout/layout.css?ln=primefaces&v=4.0 HTTP/1.1" 304 -
191.156.50.18 - - [20/Sep/2023:11:56:20 -0500] "GET /sipse/faces/javax.faces.resource/primefaces.css?ln=primefaces&v=4.0 HTTP/1.1" 304 -
191.156.52.109 - - [20/Sep/2023:11:56:20 -0500] "GET /sipse/faces/javax.faces.resource/theme.css?ln=primefaces-sipse HTTP/1.1" 304 -
191.156.58.82 - - [20/Sep/2023:11:56:20 -0500] "GET /sipse/faces/javax.faces.resource/jquery/jquery.js?ln=primefaces&v=4.0 HTTP/1.1" 304 -
191.156.58.82 - - [20/Sep/2023:11:56:21 -0500] "GET /sipse/faces/javax.faces.resource/jquery/jquery-plugins.js?ln=primefaces&v=4.0 HTTP/1.1" 304 -
191.156.58.82 - - [20/Sep/2023:11:56:21 -0500] "GET /sipse/faces/javax.faces.resource/primefaces.js?ln=primefaces&v=4.0 HTTP/1.1" 304 -
191.156.58.82 - - [20/Sep/2023:11:56:21 -0500] "GET /sipse/faces/javax.faces.resource/layout/layout.js?ln=primefaces&v=4.0 HTTP/1.1" 304 -
191.156.58.82 - - [20/Sep/2023:11:56:21 -0500] "GET /sipse/css/imagen/contrasena.png HTTP/1.1" 404 383
191.156.58.82 - - [20/Sep/2023:11:56:26 -0500] "GET /sipse/faces/javax.faces.resource/images/ui-bg_flat_0_2d5972_40x100.png?ln=primefaces-aristo HTTP/1.1" 304 -
191.156.52.109 - - [20/Sep/2023:11:56:26 -0500] "POST /sipse/faces/bienvenido.xhtml HTTP/1.1" 200 2073
201.245.192.253 - - [20/Sep/2023:11:56:27 -0500] "GET /sipse/faces/faces/index.xhtml HTTP/1.1" 200 677
201.245.192.253 - - [20/Sep/2023:11:56:27 -0500] "GET /sipse/faces/javax.faces.resource/theme.css?ln=primefaces-sipse HTTP/1.1" 304 -
191.156.52.109 - - [20/Sep/2023:11:56:32 -0500] "POST /sipse/faces/bienvenido.xhtml HTTP/1.1" 200 39055
191.156.58.82 - - [20/Sep/2023:11:56:33 -0500] "GET /sipse/faces/javax.faces.resource/primefaces.css?ln=primefaces&v=4.0 HTTP/1.1" 304 -
191.156.52.109 - - [20/Sep/2023:11:56:33 -0500] "GET /sipse/faces/javax.faces.resource/theme.css?ln=primefaces-sipse HTTP/1.1" 304 -
191.156.50.18 - - [20/Sep/2023:11:56:33 -0500] "GET /sipse/faces/javax.faces.resource/layout/layout.css?ln=primefaces&v=4.0 HTTP/1.1" 304 -
191.156.52.109 - - [20/Sep/2023:11:56:34 -0500] "GET /sipse/faces/javax.faces.resource/jquery/jquery.js?ln=primefaces&v=4.0 HTTP/1.1" 304 -
191.156.52.109 - - [20/Sep/2023:11:56:34 -0500] "GET /sipse/faces/javax.faces.resource/jquery/jquery-plugins.js?ln=primefaces&v=4.0 HTTP/1.1" 304 -
201.245.192.253 - - [20/Sep/2023:11:56:34 -0500] "POST /sipse/faces/presentacion/financiero/solicitudProceso/consultarSolicitudProceso.xhtml HTTP/1.1" 200 40549
201.245.192.253 - - [20/Sep/2023:11:56:34 -0500] "GET /sipse/faces/javax.faces.resource/theme.css?ln=primefaces-sipse HTTP/1.1" 304 -
201.245.192.253 - - [20/Sep/2023:11:56:34 -0500] "GET /sipse/faces/javax.faces.resource/primefaces.css?ln=primefaces&v=4.0 HTTP/1.1" 304 -
201.245.192.253 - - [20/Sep/2023:11:56:34 -0500] "GET /sipse/faces/javax.faces.resource/layout/layout.css?ln=primefaces&v=4.0 HTTP/1.1" 304 -
201.245.192.253 - - [20/Sep/2023:11:56:34 -0500] "GET /sipse/faces/javax.faces.resource/jquery/jquery.js?ln=primefaces&v=4.0 HTTP/1.1" 304 -
201.245.192.253 - - [20/Sep/2023:11:56:34 -0500] "GET /sipse/faces/javax.faces.resource/jquery/jquery-plugins.js?ln=primefaces&v=4.0 HTTP/1.1" 304 -
201.245.192.253 - - [20/Sep/2023:11:56:34 -0500] "GET /sipse/faces/javax.faces.resource/primefaces.js?ln=primefaces&v=4.0 HTTP/1.1" 304 -
201.245.192.253 - - [20/Sep/2023:11:56:34 -0500] "GET /sipse/faces/javax.faces.resource/layout/layout.js?ln=primefaces&v=4.0 HTTP/1.1" 304 -
191.156.52.109 - - [20/Sep/2023:11:56:34 -0500] "GET /sipse/faces/javax.faces.resource/primefaces.js?ln=primefaces&v=4.0 HTTP/1.1" 304 -
191.156.52.109 - - [20/Sep/2023:11:56:34 -0500] "GET /sipse/faces/javax.faces.resource/layout/layout.js?ln=primefaces&v=4.0 HTTP/1.1" 304 -
201.245.192.253 - - [20/Sep/2023:11:56:34 -0500] "POST /sipse/faces/presentacion/financiero/solicitudProceso/listarSolicitudProceso.xhtml HTTP/1.1" 200 33885
201.245.192.253 - - [20/Sep/2023:11:56:34 -0500] "POST /sipse/faces/presentacion/financiero/solicitudProceso/listarSolicitudProceso.xhtml HTTP/1.1" 200 33885
201.245.192.253 - - [20/Sep/2023:11:56:35 -0500] "POST /sipse/faces/presentacion/financiero/solicitudProceso/listarSolicitudProceso.xhtml HTTP/1.1" 200 1444
201.245.192.253 - - [20/Sep/2023:11:56:35 -0500] "POST /sipse/faces/presentacion/financiero/solicitudProceso/listarSolicitudProceso.xhtml HTTP/1.1" 200 1444
201.245.192.253 - - [20/Sep/2023:11:56:35 -0500] "POST /sipse/faces/presentacion/financiero/solicitudProceso/listarSolicitudProceso.xhtml HTTP/1.1" 200 1448
201.245.192.253 - - [20/Sep/2023:11:56:36 -0500] "POST /sipse/faces/presentacion/financiero/solicitudProceso/listarSolicitudProceso.xhtml HTTP/1.1" 200 10548
201.245.192.253 - - [20/Sep/2023:11:56:36 -0500] "POST /sipse/faces/presentacion/financiero/solicitudProceso/listarSolicitudProceso.xhtml HTTP/1.1" 200 22350
201.245.192.253 - - [20/Sep/2023:11:56:36 -0500] "POST /sipse/faces/presentacion/financiero/solicitudProceso/listarSolicitudProceso.xhtml HTTP/1.1" 200 10548
201.245.192.253 - - [20/Sep/2023:11:56:36 -0500] "POST /sipse/faces/presentacion/financiero/solicitudProceso/listarSolicitudProceso.xhtml HTTP/1.1" 200 22350
201.245.192.253 - - [20/Sep/2023:11:56:37 -0500] "POST /sipse/faces/presentacion/financiero/solicitudProceso/listarSolicitudProceso.xhtml HTTP/1.1" 200 10548
201.245.192.253 - - [20/Sep/2023:11:56:37 -0500] "POST /sipse/faces/presentacion/financiero/solicitudProceso/listarSolicitudProceso.xhtml HTTP/1.1" 200 22354
191.156.52.109 - - [20/Sep/2023:11:56:39 -0500] "POST /sipse/faces/presentacion/financiero/solicitudProceso/consultar.xhtml HTTP/1.1" 200 12987
216.244.66.195 - - [20/Sep/2023:11:56:41 -0500] "GET /BLA/resoluciones/AUTOS%202021/2091.pdf HTTP/1.1" 200 935571
201.245.192.253 - - [20/Sep/2023:11:56:44 -0500] "POST /forms/lservlet;jsessionid=ac16012b30d63732ae2b7f824f33be69ee2350cb62f5.e3iSbxaKaheRe34Pbx8Nc3aQci1ynknvrkLOlQzNp65In0 HTTP/1.1" 200 2
191.156.52.109 - - [20/Sep/2023:11:56:49 -0500] "POST /sipse/faces/presentacion/financiero/solicitudProceso/consultar.xhtml HTTP/1.1" 200 132503
191.156.52.109 - - [20/Sep/2023:11:56:50 -0500] "GET /sipse/faces/javax.faces.resource/theme.css?ln=primefaces-sipse HTTP/1.1" 304 -
191.156.60.237 - - [20/Sep/2023:11:56:50 -0500] "GET /sipse/faces/javax.faces.resource/jquery/jquery.js?ln=primefaces&v=4.0 HTTP/1.1" 304 -
191.156.58.82 - - [20/Sep/2023:11:56:50 -0500] "GET /sipse/faces/javax.faces.resource/primefaces.css?ln=primefaces&v=4.0 HTTP/1.1" 304 -
191.156.52.109 - - [20/Sep/2023:11:56:50 -0500] "GET /sipse/faces/javax.faces.resource/layout/layout.css?ln=primefaces&v=4.0 HTTP/1.1" 304 -
191.156.52.109 - - [20/Sep/2023:11:56:50 -0500] "GET /sipse/faces/javax.faces.resource/jquery/jquery-plugins.js?ln=primefaces&v=4.0 HTTP/1.1" 304 -
191.156.52.109 - - [20/Sep/2023:11:56:50 -0500] "GET /sipse/faces/javax.faces.resource/primefaces.js?ln=primefaces&v=4.0 HTTP/1.1" 304 -
191.156.52.109 - - [20/Sep/2023:11:56:50 -0500] "GET /sipse/faces/javax.faces.resource/layout/layout.js?ln=primefaces&v=4.0 HTTP/1.1" 304 -
201.245.192.253 - - [20/Sep/2023:11:56:58 -0500] "POST /kwsrmcab/Wsrmcab  HTTP/1.1" 200 41265
190.216.201.100 - - [20/Sep/2023:11:57:30 -0500] "GET /sipse/faces/index.xhtml HTTP/1.1" 200 677
201.245.192.253 - - [20/Sep/2023:11:57:30 -0500] "POST /forms/lservlet;jsessionid=ac16012b30d69266a03a12cb4bb5af6bc3dc0dbe32a5.e3iSbxaKaheRe34Pbx8Nc3aQci1ynknvrkLOlQzNp65In0 HTTP/1.1" 200 2
190.216.201.100 - - [20/Sep/2023:11:57:30 -0500] "GET /sipse/faces/javax.faces.resource/theme.css?ln=primefaces-sipse HTTP/1.1" 200 50058
190.216.201.100 - - [20/Sep/2023:11:57:30 -0500] "GET /sipse/faces/faces/autenticacion.xhtml HTTP/1.1" 200 12419
190.216.201.100 - - [20/Sep/2023:11:57:30 -0500] "GET /sipse/js/disable_browser_buttons.js HTTP/1.1" 304 -
190.216.201.100 - - [20/Sep/2023:11:57:30 -0500] "GET /sipse/js/funciones.js HTTP/1.1" 304 -
190.216.201.100 - - [20/Sep/2023:11:57:30 -0500] "GET /sipse/faces/javax.faces.resource/primefaces.css?ln=primefaces&v=4.0 HTTP/1.1" 304 -
190.216.201.100 - - [20/Sep/2023:11:57:30 -0500] "GET /sipse/css/custom_css_sg_prime_login.css HTTP/1.1" 304 -
190.216.201.100 - - [20/Sep/2023:11:57:30 -0500] "GET /sipse/css/custom_css_sg.css HTTP/1.1" 200 9694
190.216.201.100 - - [20/Sep/2023:11:57:30 -0500] "GET /sipse/faces/javax.faces.resource/theme.css?ln=primefaces-sipse HTTP/1.1" 304 -
190.216.201.100 - - [20/Sep/2023:11:57:30 -0500] "GET /sipse/faces/javax.faces.resource/jquery/jquery.js?ln=primefaces&v=4.0 HTTP/1.1" 304 -
190.216.201.100 - - [20/Sep/2023:11:57:30 -0500] "GET /sipse/faces/javax.faces.resource/layout/layout.css?ln=primefaces&v=4.0 HTTP/1.1" 304 -
190.216.201.100 - - [20/Sep/2023:11:57:30 -0500] "GET /sipse/faces/javax.faces.resource/jquery/jquery-plugins.js?ln=primefaces&v=4.0 HTTP/1.1" 304 -
190.216.201.100 - - [20/Sep/2023:11:57:30 -0500] "GET /sipse/faces/javax.faces.resource/primefaces.js?ln=primefaces&v=4.0 HTTP/1.1" 304 -
190.216.201.100 - - [20/Sep/2023:11:57:30 -0500] "GET /sipse/faces/javax.faces.resource/layout/layout.js?ln=primefaces&v=4.0 HTTP/1.1" 304 -
190.216.201.100 - - [20/Sep/2023:11:57:30 -0500] "GET /sipse/faces/javax.faces.resource/images/ui-icons_898989_256x240.png?ln=primefaces-aristo HTTP/1.1" 304 -
190.216.201.100 - - [20/Sep/2023:11:57:30 -0500] "GET /sipse/css/imagen/logoSDG.png HTTP/1.1" 200 53064
190.216.201.100 - - [20/Sep/2023:11:57:30 -0500] "GET /sipse/css/imagen/loginimg.png HTTP/1.1" 200 71635
216.244.66.195 - - [20/Sep/2023:11:57:31 -0500] "GET /BLA/resoluciones/AUTOS%202021/2547.pdf HTTP/1.1" 200 557329
190.216.201.100 - - [20/Sep/2023:11:57:32 -0500] "POST /sipse/faces/autenticacion.xhtml HTTP/1.1" 200 16223
190.216.201.100 - - [20/Sep/2023:11:57:32 -0500] "GET /sipse/css/custom_css_sg_prime.css HTTP/1.1" 304 -
190.216.201.100 - - [20/Sep/2023:11:57:32 -0500] "GET /sipse/js/jquery.min.js HTTP/1.1" 304 -
190.216.201.100 - - [20/Sep/2023:11:57:33 -0500] "GET /sipse/faces/javax.faces.resource/jquery/jquery.js?ln=primefaces&v=4.0 HTTP/1.1" 304 -
190.216.201.100 - - [20/Sep/2023:11:57:33 -0500] "GET /sipse/faces/javax.faces.resource/jquery/jquery-plugins.js?ln=primefaces&v=4.0 HTTP/1.1" 304 -
190.216.201.100 - - [20/Sep/2023:11:57:33 -0500] "GET /sipse/faces/javax.faces.resource/primefaces.js?ln=primefaces&v=4.0 HTTP/1.1" 304 -
190.216.201.100 - - [20/Sep/2023:11:57:33 -0500] "GET /sipse/faces/javax.faces.resource/layout/layout.js?ln=primefaces&v=4.0 HTTP/1.1" 304 -
190.216.201.100 - - [20/Sep/2023:11:57:33 -0500] "GET /sipse/imagenes/cargando.gif HTTP/1.1" 304 -
190.216.201.100 - - [20/Sep/2023:11:57:33 -0500] "GET /sipse/imagenes/logoAplicacion.jpg HTTP/1.1" 304 -
190.216.201.100 - - [20/Sep/2023:11:57:33 -0500] "GET /sipse/css/v_mergente.css HTTP/1.1" 304 -
190.216.201.100 - - [20/Sep/2023:11:57:33 -0500] "GET /sipse/css/imagen/contrasena.png HTTP/1.1" 404 383
190.216.201.100 - - [20/Sep/2023:11:57:33 -0500] "GET /sipse/faces/javax.faces.resource/messages/messages.png?ln=primefaces&v=4.0 HTTP/1.1" 304 -
190.216.201.100 - - [20/Sep/2023:11:57:35 -0500] "POST /sipse/faces/bienvenido.xhtml HTTP/1.1" 200 1471
190.216.201.100 - - [20/Sep/2023:11:57:35 -0500] "GET /sipse/faces/javax.faces.resource/images/ui-bg_flat_0_2d5972_40x100.png?ln=primefaces-aristo HTTP/1.1" 200 183
190.216.201.100 - - [20/Sep/2023:11:57:36 -0500] "POST /sipse/faces/bienvenido.xhtml HTTP/1.1" 200 43203
190.216.201.100 - - [20/Sep/2023:11:57:36 -0500] "GET /sipse/faces/javax.faces.resource/jquery/jquery.js?ln=primefaces&v=4.0 HTTP/1.1" 304 -
190.216.201.100 - - [20/Sep/2023:11:57:36 -0500] "GET /sipse/faces/javax.faces.resource/jquery/jquery-plugins.js?ln=primefaces&v=4.0 HTTP/1.1" 304 -
190.216.201.100 - - [20/Sep/2023:11:57:36 -0500] "GET /sipse/faces/javax.faces.resource/primefaces.js?ln=primefaces&v=4.0 HTTP/1.1" 304 -
190.216.201.100 - - [20/Sep/2023:11:57:36 -0500] "GET /sipse/faces/javax.faces.resource/layout/layout.js?ln=primefaces&v=4.0 HTTP/1.1" 304 -
190.216.201.100 - - [20/Sep/2023:11:57:36 -0500] "POST /sipse/faces/presentacion/financiero/solicitudProceso/listarSolicitudProceso.xhtml HTTP/1.1" 200 1464
190.216.201.100 - - [20/Sep/2023:11:58:20 -0500] "POST /sipse/faces/presentacion/financiero/solicitudProceso/listarSolicitudProceso.xhtml HTTP/1.1" 200 147122
190.216.201.100 - - [20/Sep/2023:11:58:21 -0500] "GET /sipse/faces/javax.faces.resource/jquery/jquery.js?ln=primefaces&v=4.0 HTTP/1.1" 304 -
190.216.201.100 - - [20/Sep/2023:11:58:21 -0500] "GET /sipse/faces/javax.faces.resource/jquery/jquery-plugins.js?ln=primefaces&v=4.0 HTTP/1.1" 304 -
190.216.201.100 - - [20/Sep/2023:11:58:21 -0500] "GET /sipse/faces/javax.faces.resource/primefaces.js?ln=primefaces&v=4.0 HTTP/1.1" 304 -
190.216.201.100 - - [20/Sep/2023:11:58:21 -0500] "GET /sipse/faces/javax.faces.resource/layout/layout.js?ln=primefaces&v=4.0 HTTP/1.1" 304 -
216.244.66.195 - - [20/Sep/2023:11:58:22 -0500] "GET /BLA/resoluciones/AUTOS%202021/2940.pdf HTTP/1.1" 200 2886283
66.249.70.197 - - [20/Sep/2023:11:58:26 -0500] "GET /BLA/resoluciones/RESOLUCIONES%202008/2741.pdf HTTP/1.1" 200 308100
190.216.201.100 - - [20/Sep/2023:11:58:28 -0500] "POST /sipse/faces/presentacion/financiero/solicitudProceso/consultarSolicitudProceso.xhtml HTTP/1.1" 200 40049
190.216.201.100 - - [20/Sep/2023:11:58:29 -0500] "GET /sipse/faces/javax.faces.resource/theme.css?ln=primefaces-sipse HTTP/1.1" 304 -
190.216.201.100 - - [20/Sep/2023:11:58:29 -0500] "GET /sipse/faces/javax.faces.resource/jquery/jquery.js?ln=primefaces&v=4.0 HTTP/1.1" 304 -
190.216.201.100 - - [20/Sep/2023:11:58:29 -0500] "GET /sipse/faces/javax.faces.resource/primefaces.js?ln=primefaces&v=4.0 HTTP/1.1" 304 -
190.216.201.100 - - [20/Sep/2023:11:58:29 -0500] "GET /sipse/faces/javax.faces.resource/jquery/jquery-plugins.js?ln=primefaces&v=4.0 HTTP/1.1" 304 -
190.216.201.100 - - [20/Sep/2023:11:58:29 -0500] "GET /sipse/faces/javax.faces.resource/layout/layout.js?ln=primefaces&v=4.0 HTTP/1.1" 304 -
190.216.201.100 - - [20/Sep/2023:11:58:29 -0500] "GET /sipse/faces/javax.faces.resource/layout/layout.css?ln=primefaces&v=4.0 HTTP/1.1" 304 -
190.216.201.100 - - [20/Sep/2023:11:58:29 -0500] "GET /sipse/faces/javax.faces.resource/primefaces.css?ln=primefaces&v=4.0 HTTP/1.1" 304 -
190.216.201.100 - - [20/Sep/2023:11:58:29 -0500] "GET /sipse/faces/javax.faces.resource/images/ui-icons_898989_256x240.png?ln=primefaces-aristo HTTP/1.1" 304 -
201.245.192.253 - - [20/Sep/2023:11:58:44 -0500] "POST /forms/lservlet;jsessionid=ac16012b30d63732ae2b7f824f33be69ee2350cb62f5.e3iSbxaKaheRe34Pbx8Nc3aQci1ynknvrkLOlQzNp65In0 HTTP/1.1" 200 2
190.216.201.100 - - [20/Sep/2023:11:59:03 -0500] "GET /sipse/faces/javax.faces.resource/images/ui-bg_flat_0_2d5972_40x100.png?ln=primefaces-aristo HTTP/1.1" 304 -
190.216.201.100 - - [20/Sep/2023:11:59:03 -0500] "POST /sipse/faces/presentacion/financiero/solicitudProceso/consultarHistorialSolProceso.xhtml HTTP/1.1" 200 43203
190.216.201.100 - - [20/Sep/2023:11:59:04 -0500] "GET /sipse/faces/javax.faces.resource/jquery/jquery.js?ln=primefaces&v=4.0 HTTP/1.1" 304 -
190.216.201.100 - - [20/Sep/2023:11:59:04 -0500] "GET /sipse/faces/javax.faces.resource/jquery/jquery-plugins.js?ln=primefaces&v=4.0 HTTP/1.1" 304 -
190.216.201.100 - - [20/Sep/2023:11:59:04 -0500] "GET /sipse/faces/javax.faces.resource/primefaces.js?ln=primefaces&v=4.0 HTTP/1.1" 304 -
190.216.201.100 - - [20/Sep/2023:11:59:04 -0500] "GET /sipse/faces/javax.faces.resource/layout/layout.js?ln=primefaces&v=4.0 HTTP/1.1" 304 -
190.216.201.100 - - [20/Sep/2023:11:59:04 -0500] "POST /sipse/faces/presentacion/financiero/solicitudProceso/listarSolicitudProceso.xhtml HTTP/1.1" 200 1464
216.244.66.195 - - [20/Sep/2023:11:59:12 -0500] "GET /BLA/resoluciones/AUTOS%202021/3032.pdf HTTP/1.1" 200 1278792
191.156.157.69 - - [20/Sep/2023:11:59:20 -0500] "GET /appsia/controlador HTTP/1.1" 200 4799
191.156.149.170 - - [20/Sep/2023:11:59:20 -0500] "GET /appsia/css/estilos.css HTTP/1.1" 200 4804
191.156.149.170 - - [20/Sep/2023:11:59:20 -0500] "GET /appsia/scripts/validarIngreso.js HTTP/1.1" 200 851
191.156.149.170 - - [20/Sep/2023:11:59:20 -0500] "GET /appsia/images/logo_bogota_p.png HTTP/1.1" 200 14951
191.156.157.69 - - [20/Sep/2023:11:59:20 -0500] "GET /appsia/images/cabezoteHojaVida.png HTTP/1.1" 200 32493
191.156.157.69 - - [20/Sep/2023:11:59:20 -0500] "GET /favicon.ico HTTP/1.1" 200 7782
201.245.192.253 - - [20/Sep/2023:11:59:30 -0500] "POST /forms/lservlet;jsessionid=ac16012b30d69266a03a12cb4bb5af6bc3dc0dbe32a5.e3iSbxaKaheRe34Pbx8Nc3aQci1ynknvrkLOlQzNp65In0 HTTP/1.1" 200 2
191.156.157.69 - - [20/Sep/2023:11:59:39 -0500] "POST /appsia/controlador HTTP/1.1" 200 5437
191.156.144.30 - - [20/Sep/2023:11:59:41 -0500] "POST /appsia/controlador HTTP/1.1" 200 7791
191.156.152.211 - - [20/Sep/2023:11:59:46 -0500] "POST /appsia/controlador HTTP/1.1" 200 6656
191.156.152.211 - - [20/Sep/2023:11:59:47 -0500] "POST /appsia/controlador HTTP/1.1" 200 10596
216.244.66.195 - - [20/Sep/2023:12:00:02 -0500] "GET /BLA/resoluciones/AUTOS%202021/3033.pdf HTTP/1.1" 200 373883
191.156.50.18 - - [20/Sep/2023:12:00:13 -0500] "POST /sipse/faces/presentacion/financiero/solicitudProceso/consultarSolicitudProceso.xhtml HTTP/1.1" 200 42267
191.156.50.18 - - [20/Sep/2023:12:00:13 -0500] "GET /sipse/faces/javax.faces.resource/theme.css?ln=primefaces-sipse HTTP/1.1" 304 -
191.156.58.172 - - [20/Sep/2023:12:00:13 -0500] "GET /sipse/faces/javax.faces.resource/jquery/jquery.js?ln=primefaces&v=4.0 HTTP/1.1" 304 -
191.156.54.78 - - [20/Sep/2023:12:00:13 -0500] "GET /sipse/faces/javax.faces.resource/primefaces.css?ln=primefaces&v=4.0 HTTP/1.1" 304 -
191.156.50.18 - - [20/Sep/2023:12:00:13 -0500] "GET /sipse/faces/javax.faces.resource/layout/layout.css?ln=primefaces&v=4.0 HTTP/1.1" 304 -
191.156.50.18 - - [20/Sep/2023:12:00:13 -0500] "GET /sipse/faces/javax.faces.resource/jquery/jquery-plugins.js?ln=primefaces&v=4.0 HTTP/1.1" 304 -
191.156.50.18 - - [20/Sep/2023:12:00:14 -0500] "GET /sipse/faces/javax.faces.resource/primefaces.js?ln=primefaces&v=4.0 HTTP/1.1" 304 -
191.156.50.18 - - [20/Sep/2023:12:00:14 -0500] "GET /sipse/faces/javax.faces.resource/layout/layout.js?ln=primefaces&v=4.0 HTTP/1.1" 304 -
191.156.50.18 - - [20/Sep/2023:12:00:14 -0500] "POST /sipse/faces/presentacion/financiero/solicitudProceso/consultar.xhtml HTTP/1.1" 200 35607
191.156.50.18 - - [20/Sep/2023:12:00:15 -0500] "POST /sipse/faces/presentacion/financiero/solicitudProceso/consultar.xhtml HTTP/1.1" 200 35607
172.22.2.4 - - [20/Sep/2023:11:58:38 -0500] "HEAD /BLA/boletinlegal/ HTTP/1.1" 200 -
191.156.50.18 - - [20/Sep/2023:12:00:23 -0500] "POST /sipse/faces/presentacion/financiero/solicitudProceso/consultar.xhtml HTTP/1.1" 200 13025
191.156.50.18 - - [20/Sep/2023:12:00:31 -0500] "POST /sipse/faces/presentacion/financiero/solicitudProceso/consultar.xhtml HTTP/1.1" 200 129787
191.156.50.18 - - [20/Sep/2023:12:00:32 -0500] "GET /sipse/faces/javax.faces.resource/primefaces.css?ln=primefaces&v=4.0 HTTP/1.1" 304 -
191.156.50.18 - - [20/Sep/2023:12:00:32 -0500] "GET /sipse/faces/javax.faces.resource/theme.css?ln=primefaces-sipse HTTP/1.1" 304 -
191.156.54.78 - - [20/Sep/2023:12:00:32 -0500] "GET /sipse/faces/javax.faces.resource/layout/layout.css?ln=primefaces&v=4.0 HTTP/1.1" 304 -
191.156.50.18 - - [20/Sep/2023:12:00:32 -0500] "GET /sipse/faces/javax.faces.resource/jquery/jquery.js?ln=primefaces&v=4.0 HTTP/1.1" 304 -
191.156.54.78 - - [20/Sep/2023:12:00:32 -0500] "GET /sipse/faces/javax.faces.resource/jquery/jquery-plugins.js?ln=primefaces&v=4.0 HTTP/1.1" 304 -
191.156.54.78 - - [20/Sep/2023:12:00:32 -0500] "GET /sipse/faces/javax.faces.resource/primefaces.js?ln=primefaces&v=4.0 HTTP/1.1" 304 -
191.156.54.78 - - [20/Sep/2023:12:00:32 -0500] "GET /sipse/faces/javax.faces.resource/layout/layout.js?ln=primefaces&v=4.0 HTTP/1.1" 304 -
190.249.21.140 - - [20/Sep/2023:12:00:37 -0500] "GET /sipse/faces/javax.faces.resource/theme.css?ln=primefaces-sipse HTTP/1.1" 304 -
190.249.21.140 - - [20/Sep/2023:12:00:36 -0500] "POST /sipse/faces/presentacion/financiero/solicitudProceso/consultarSolicitudProceso.xhtml HTTP/1.1" 200 47143
190.249.21.140 - - [20/Sep/2023:12:00:37 -0500] "GET /sipse/faces/javax.faces.resource/jquery/jquery.js?ln=primefaces&v=4.0 HTTP/1.1" 304 -
190.249.21.140 - - [20/Sep/2023:12:00:37 -0500] "GET /sipse/faces/javax.faces.resource/jquery/jquery-plugins.js?ln=primefaces&v=4.0 HTTP/1.1" 304 -
190.249.21.140 - - [20/Sep/2023:12:00:37 -0500] "GET /sipse/faces/javax.faces.resource/primefaces.css?ln=primefaces&v=4.0 HTTP/1.1" 304 -
190.249.21.140 - - [20/Sep/2023:12:00:37 -0500] "GET /sipse/faces/javax.faces.resource/layout/layout.css?ln=primefaces&v=4.0 HTTP/1.1" 304 -
190.249.21.140 - - [20/Sep/2023:12:00:37 -0500] "GET /sipse/faces/javax.faces.resource/primefaces.js?ln=primefaces&v=4.0 HTTP/1.1" 304 -
190.249.21.140 - - [20/Sep/2023:12:00:37 -0500] "GET /sipse/faces/javax.faces.resource/layout/layout.js?ln=primefaces&v=4.0 HTTP/1.1" 304 -
190.249.21.140 - - [20/Sep/2023:12:00:37 -0500] "GET /sipse/faces/javax.faces.resource/images/ui-icons_898989_256x240.png?ln=primefaces-aristo HTTP/1.1" 304 -
190.249.21.140 - - [20/Sep/2023:12:00:37 -0500] "GET /sipse/css/imagen/contrasena.png HTTP/1.1" 404 383
201.245.192.253 - - [20/Sep/2023:12:00:44 -0500] "POST /forms/lservlet;jsessionid=ac16012b30d63732ae2b7f824f33be69ee2350cb62f5.e3iSbxaKaheRe34Pbx8Nc3aQci1ynknvrkLOlQzNp65In0 HTTP/1.1" 200 2
216.244.66.195 - - [20/Sep/2023:12:00:50 -0500] "GET /BLA/resoluciones/AUTOS%202021/3383.pdf HTTP/1.1" 200 381907
216.245.221.92 - - [20/Sep/2023:12:00:55 -0500] "HEAD / HTTP/1.1" 200 -
191.156.58.172 - - [20/Sep/2023:12:01:08 -0500] "GET /sipse/faces/javax.faces.resource/theme.css?ln=primefaces-sipse HTTP/1.1" 304 -
191.156.58.172 - - [20/Sep/2023:12:01:07 -0500] "POST /sipse/faces/presentacion/financiero/solicitudProceso/consultarSolicitudProceso.xhtml HTTP/1.1" 200 45805
191.156.60.69 - - [20/Sep/2023:12:01:08 -0500] "GET /sipse/faces/javax.faces.resource/primefaces.css?ln=primefaces&v=4.0 HTTP/1.1" 304 -
191.156.58.82 - - [20/Sep/2023:12:01:08 -0500] "GET /sipse/faces/javax.faces.resource/jquery/jquery.js?ln=primefaces&v=4.0 HTTP/1.1" 304 -
191.156.58.172 - - [20/Sep/2023:12:01:08 -0500] "GET /sipse/faces/javax.faces.resource/layout/layout.css?ln=primefaces&v=4.0 HTTP/1.1" 304 -
191.156.60.237 - - [20/Sep/2023:12:01:08 -0500] "GET /sipse/faces/javax.faces.resource/jquery/jquery-plugins.js?ln=primefaces&v=4.0 HTTP/1.1" 304 -
191.156.58.172 - - [20/Sep/2023:12:01:08 -0500] "GET /sipse/faces/javax.faces.resource/primefaces.js?ln=primefaces&v=4.0 HTTP/1.1" 304 -
191.156.58.172 - - [20/Sep/2023:12:01:08 -0500] "GET /sipse/faces/javax.faces.resource/layout/layout.js?ln=primefaces&v=4.0 HTTP/1.1" 304 -
172.22.2.4 - - [20/Sep/2023:11:59:29 -0500] "GET /BLA/boletinlegal/ HTTP/1.1" 200 60342
201.245.192.253 - - [20/Sep/2023:12:01:33 -0500] "POST /forms/lservlet;jsessionid=ac16012b30d69266a03a12cb4bb5af6bc3dc0dbe32a5.e3iSbxaKaheRe34Pbx8Nc3aQci1ynknvrkLOlQzNp65In0 HTTP/1.1" 200 2
216.244.66.195 - - [20/Sep/2023:12:01:34 -0500] "GET /BLA/resoluciones/AUTOS%202021/3626.pdf HTTP/1.1" 200 395227
66.249.70.197 - - [20/Sep/2023:12:01:54 -0500] "GET /resoluciones/RESOLUCIONES%202008/3740.pdf HTTP/1.1" 404 1018
201.245.192.253 - - [20/Sep/2023:12:01:56 -0500] "POST /sipse/faces/presentacion/financiero/solicitudProceso/listarSolicitudProceso.xhtml HTTP/1.1" 200 7451
201.245.192.253 - - [20/Sep/2023:12:01:56 -0500] "POST /sipse/faces/presentacion/financiero/solicitudProceso/listarSolicitudProceso.xhtml HTTP/1.1" 200 19108
201.245.192.253 - - [20/Sep/2023:12:01:58 -0500] "POST /kwsrmcab/Wsrmcab  HTTP/1.1" 200 41265
168.119.253.85 - - [20/Sep/2023:12:02:10 -0500] "GET / HTTP/1.1" 200 319
201.245.192.253 - - [20/Sep/2023:12:02:20 -0500] "POST /sipse/faces/presentacion/financiero/solicitudProceso/listarSolicitudProceso.xhtml HTTP/1.1" 200 114807
201.245.192.253 - - [20/Sep/2023:12:02:20 -0500] "GET /sipse/faces/javax.faces.resource/theme.css?ln=primefaces-sipse HTTP/1.1" 304 -
201.245.192.253 - - [20/Sep/2023:12:02:20 -0500] "GET /sipse/faces/javax.faces.resource/primefaces.css?ln=primefaces&v=4.0 HTTP/1.1" 304 -
201.245.192.253 - - [20/Sep/2023:12:02:20 -0500] "GET /sipse/faces/javax.faces.resource/layout/layout.css?ln=primefaces&v=4.0 HTTP/1.1" 304 -
201.245.192.253 - - [20/Sep/2023:12:02:21 -0500] "GET /sipse/css/imagen/contrasena.png HTTP/1.1" 404 383
201.245.192.253 - - [20/Sep/2023:12:02:21 -0500] "GET /sipse/faces/javax.faces.resource/jquery/jquery.js?ln=primefaces&v=4.0 HTTP/1.1" 304 -
201.245.192.253 - - [20/Sep/2023:12:02:21 -0500] "GET /sipse/faces/javax.faces.resource/jquery/jquery-plugins.js?ln=primefaces&v=4.0 HTTP/1.1" 304 -
201.245.192.253 - - [20/Sep/2023:12:02:21 -0500] "GET /sipse/faces/javax.faces.resource/primefaces.js?ln=primefaces&v=4.0 HTTP/1.1" 304 -
201.245.192.253 - - [20/Sep/2023:12:02:21 -0500] "GET /sipse/faces/javax.faces.resource/layout/layout.js?ln=primefaces&v=4.0 HTTP/1.1" 304 -
201.245.192.253 - - [20/Sep/2023:12:02:21 -0500] "GET /sipse/faces/javax.faces.resource/images/ui-icons_898989_256x240.png?ln=primefaces-aristo HTTP/1.1" 304 -
216.244.66.195 - - [20/Sep/2023:12:02:21 -0500] "GET /BLA/resoluciones/AUTOS%202021/4260.pdf HTTP/1.1" 200 350458
201.245.192.253 - - [20/Sep/2023:12:02:44 -0500] "POST /forms/lservlet;jsessionid=ac16012b30d63732ae2b7f824f33be69ee2350cb62f5.e3iSbxaKaheRe34Pbx8Nc3aQci1ynknvrkLOlQzNp65In0 HTTP/1.1" 200 2
216.244.66.195 - - [20/Sep/2023:12:03:00 -0500] "GET /BLA/resoluciones/AUTOS%202021/4449.pdf HTTP/1.1" 200 377767
201.245.192.253 - - [20/Sep/2023:12:03:02 -0500] "POST /sipse/faces/presentacion/financiero/solicitudProceso/consultarSolicitudProceso.xhtml HTTP/1.1" 200 75540
201.245.192.253 - - [20/Sep/2023:12:03:18 -0500] "POST /sipse/faces/presentacion/financiero/solicitudProceso/consultarSolicitudProceso.xhtml HTTP/1.1" 200 110337
201.245.192.253 - - [20/Sep/2023:12:03:22 -0500] "POST /sipse/faces/presentacion/financiero/solicitudProceso/consultarSolicitudProceso.xhtml HTTP/1.1" 200 24761
201.245.192.253 - - [20/Sep/2023:12:03:25 -0500] "POST /sipse/faces/presentacion/financiero/solicitudProceso/consultarSolicitudProceso.xhtml HTTP/1.1" 200 1221717
201.245.192.253 - - [20/Sep/2023:12:03:28 -0500] "POST /sipse/faces/presentacion/financiero/solicitudProceso/consultarSolicitudProceso.xhtml HTTP/1.1" 200 158277
201.245.192.253 - - [20/Sep/2023:12:03:30 -0500] "POST /sipse/faces/presentacion/financiero/solicitudProceso/consultarSolicitudProceso.xhtml HTTP/1.1" 200 158277
201.245.192.253 - - [20/Sep/2023:12:03:32 -0500] "POST /sipse/faces/presentacion/financiero/solicitudProceso/consultarSolicitudProceso.xhtml HTTP/1.1" 200 158277
201.245.192.253 - - [20/Sep/2023:12:03:33 -0500] "POST /forms/lservlet;jsessionid=ac16012b30d69266a03a12cb4bb5af6bc3dc0dbe32a5.e3iSbxaKaheRe34Pbx8Nc3aQci1ynknvrkLOlQzNp65In0 HTTP/1.1" 200 2
216.244.66.195 - - [20/Sep/2023:12:03:49 -0500] "GET /BLA/resoluciones/AUTOS%202021/4602.pdf HTTP/1.1" 200 409797
191.156.58.216 - - [20/Sep/2023:12:04:29 -0500] "POST /sipse/faces/presentacion/financiero/solicitudProceso/consultar.xhtml HTTP/1.1" 200 129787
191.156.58.216 - - [20/Sep/2023:12:04:30 -0500] "GET /sipse/faces/javax.faces.resource/theme.css?ln=primefaces-sipse HTTP/1.1" 304 -
191.156.58.172 - - [20/Sep/2023:12:04:30 -0500] "GET /sipse/faces/javax.faces.resource/primefaces.css?ln=primefaces&v=4.0 HTTP/1.1" 304 -
191.156.58.216 - - [20/Sep/2023:12:04:30 -0500] "GET /sipse/faces/javax.faces.resource/jquery/jquery.js?ln=primefaces&v=4.0 HTTP/1.1" 304 -
191.156.58.216 - - [20/Sep/2023:12:04:30 -0500] "GET /sipse/faces/javax.faces.resource/layout/layout.css?ln=primefaces&v=4.0 HTTP/1.1" 304 -
191.156.58.216 - - [20/Sep/2023:12:04:30 -0500] "GET /sipse/faces/javax.faces.resource/jquery/jquery-plugins.js?ln=primefaces&v=4.0 HTTP/1.1" 304 -
191.156.58.216 - - [20/Sep/2023:12:04:30 -0500] "GET /sipse/faces/javax.faces.resource/primefaces.js?ln=primefaces&v=4.0 HTTP/1.1" 304 -
191.156.58.216 - - [20/Sep/2023:12:04:30 -0500] "GET /sipse/faces/javax.faces.resource/layout/layout.js?ln=primefaces&v=4.0 HTTP/1.1" 304 -
173.252.95.9 - - [20/Sep/2023:12:04:35 -0500] "GET /30-tinguas-azules-volvieron-a-alzar-vuelo-en-el-humedal-jaboque-en-engativa.html HTTP/1.1" 200 1102
216.244.66.195 - - [20/Sep/2023:12:04:39 -0500] "GET /BLA/resoluciones/AUTOS%202021/4840.pdf HTTP/1.1" 200 404452
201.245.192.253 - - [20/Sep/2023:12:04:44 -0500] "POST /forms/lservlet;jsessionid=ac16012b30d63732ae2b7f824f33be69ee2350cb62f5.e3iSbxaKaheRe34Pbx8Nc3aQci1ynknvrkLOlQzNp65In0 HTTP/1.1" 200 2
162.55.175.143 - - [20/Sep/2023:12:05:29 -0500] "GET / HTTP/1.1" 200 319
216.244.66.195 - - [20/Sep/2023:12:05:29 -0500] "GET /BLA/resoluciones/AUTOS%202021/5131.pdf HTTP/1.1" 200 394165
201.245.192.253 - - [20/Sep/2023:12:05:33 -0500] "POST /forms/lservlet;jsessionid=ac16012b30d69266a03a12cb4bb5af6bc3dc0dbe32a5.e3iSbxaKaheRe34Pbx8Nc3aQci1ynknvrkLOlQzNp65In0 HTTP/1.1" 200 2
216.245.221.92 - - [20/Sep/2023:12:05:55 -0500] "HEAD / HTTP/1.1" 200 -
40.94.27.14 - - [20/Sep/2023:12:06:03 -0500] "GET /BLA/resoluciones/RESOLUCIONES%202007/RES%202007%202501%20AL%202600/RESOLUCION%202542%20DE%202007.pdf HTTP/1.1" 200 867071
172.22.2.4 - - [20/Sep/2023:12:04:28 -0500] "HEAD /BLA/boletinlegal/ HTTP/1.1" 200 -
216.244.66.195 - - [20/Sep/2023:12:06:18 -0500] "GET /BLA/resoluciones/AUTOS%202022/0206.pdf HTTP/1.1" 200 455626
200.122.237.66 - - [20/Sep/2023:12:06:23 -0500] "GET /catalogoisis/ HTTP/1.1" 200 8575
200.122.237.66 - - [20/Sep/2023:12:06:23 -0500] "GET /catalogoisis/Css/Busqueda.css HTTP/1.1" 200 1995
200.122.237.66 - - [20/Sep/2023:12:06:23 -0500] "GET /catalogoisis/Js/AceptarLimpiar.js HTTP/1.1" 200 331
200.122.237.66 - - [20/Sep/2023:12:06:23 -0500] "GET /catalogoisis/Js/CriterioCombinada.js HTTP/1.1" 200 1843
200.122.237.66 - - [20/Sep/2023:12:06:23 -0500] "GET /catalogoisis/Js/Cookies.js HTTP/1.1" 200 1369
200.122.237.66 - - [20/Sep/2023:12:06:23 -0500] "GET /catalogoisis/Js/LimpiarCombinada.js HTTP/1.1" 200 207
200.122.237.66 - - [20/Sep/2023:12:06:23 -0500] "GET /catalogoisis/Js/Remote.js HTTP/1.1" 200 436
200.122.237.66 - - [20/Sep/2023:12:06:23 -0500] "GET /catalogoisis/Js/Go.js HTTP/1.1" 200 364
200.122.237.66 - - [20/Sep/2023:12:06:23 -0500] "GET /catalogoisis/Js/Numero.js HTTP/1.1" 200 398
200.122.237.66 - - [20/Sep/2023:12:06:23 -0500] "GET /catalogoisis/Js/Enter.js HTTP/1.1" 200 1208
200.122.237.66 - - [20/Sep/2023:12:06:23 -0500] "GET /catalogoisis/imagenes/br1c1.gif HTTP/1.1" 200 172
200.122.237.66 - - [20/Sep/2023:12:06:23 -0500] "GET /catalogoisis/imagenes/Header.gif HTTP/1.1" 200 27040
200.122.237.66 - - [20/Sep/2023:12:06:23 -0500] "GET /catalogoisis/imagenes/Turnbo1.gif HTTP/1.1" 200 227
200.122.237.66 - - [20/Sep/2023:12:06:23 -0500] "GET /catalogoisis/imagenes/limpiar1.gif HTTP/1.1" 200 606
200.122.237.66 - - [20/Sep/2023:12:06:23 -0500] "GET /catalogoisis/imagenes/br1c3.gif HTTP/1.1" 200 302
200.122.237.66 - - [20/Sep/2023:12:06:23 -0500] "GET /catalogoisis/imagenes/aceptar1.gif HTTP/1.1" 200 604
200.122.237.66 - - [20/Sep/2023:12:06:23 -0500] "GET /catalogoisis/imagenes/br3c1.gif HTTP/1.1" 200 177
200.122.237.66 - - [20/Sep/2023:12:06:24 -0500] "GET /catalogoisis/imagenes/br2c1.gif HTTP/1.1" 200 297
200.122.237.66 - - [20/Sep/2023:12:06:24 -0500] "GET /catalogoisis/imagenes/br2c2.gif HTTP/1.1" 200 302
200.122.237.66 - - [20/Sep/2023:12:06:24 -0500] "GET /catalogoisis/imagenes/br2c3.gif HTTP/1.1" 200 416
200.122.237.66 - - [20/Sep/2023:12:06:24 -0500] "GET /catalogoisis/imagenes/br3c2.gif HTTP/1.1" 200 285
200.122.237.66 - - [20/Sep/2023:12:06:24 -0500] "GET /catalogoisis/imagenes/br1c2.gif HTTP/1.1" 200 297
200.122.237.66 - - [20/Sep/2023:12:06:24 -0500] "GET /catalogoisis/imagenes/br3c3.gif HTTP/1.1" 200 186
200.122.237.66 - - [20/Sep/2023:12:06:24 -0500] "GET /favicon.ico HTTP/1.1" 200 7782
201.245.192.253 - - [20/Sep/2023:12:06:44 -0500] "POST /forms/lservlet;jsessionid=ac16012b30d63732ae2b7f824f33be69ee2350cb62f5.e3iSbxaKaheRe34Pbx8Nc3aQci1ynknvrkLOlQzNp65In0 HTTP/1.1" 200 2
172.22.2.4 - - [20/Sep/2023:12:05:19 -0500] "GET /BLA/boletinlegal/ HTTP/1.1" 200 58597
201.245.192.253 - - [20/Sep/2023:12:06:57 -0500] "POST /kwsrmcab/Wsrmcab  HTTP/1.1" 200 41265
216.244.66.195 - - [20/Sep/2023:12:07:12 -0500] "GET /BLA/resoluciones/AUTOS%202022/0267.pdf HTTP/1.1" 200 374035
172.22.2.4 - - [20/Sep/2023:12:07:12 -0500] "GET /BLA/boletinlegal/consulta_conceptos.php?no=&solicitante=&radicado_entrada=&fecha_concepto=2022&objeto= HTTP/1.1" 200 34640
201.245.192.253 - - [20/Sep/2023:12:07:33 -0500] "POST /forms/lservlet;jsessionid=ac16012b30d69266a03a12cb4bb5af6bc3dc0dbe32a5.e3iSbxaKaheRe34Pbx8Nc3aQci1ynknvrkLOlQzNp65In0 HTTP/1.1" 200 2
157.55.39.48 - - [20/Sep/2023:12:07:52 -0500] "GET /BLA/resoluciones/AUTOS%202023/4089.pdf HTTP/1.1" 200 3106224
216.244.66.195 - - [20/Sep/2023:12:07:53 -0500] "GET /BLA/resoluciones/AUTOS%202022/0974.pdf HTTP/1.1" 200 402807
216.244.66.195 - - [20/Sep/2023:12:08:44 -0500] "GET /BLA/resoluciones/AUTOS%202022/1180.pdf HTTP/1.1" 200 435843
201.245.192.253 - - [20/Sep/2023:12:08:44 -0500] "POST /forms/lservlet;jsessionid=ac16012b30d63732ae2b7f824f33be69ee2350cb62f5.e3iSbxaKaheRe34Pbx8Nc3aQci1ynknvrkLOlQzNp65In0 HTTP/1.1" 200 2
191.156.58.82 - - [20/Sep/2023:12:09:27 -0500] "GET /sipse/faces/javax.faces.resource/theme.css?ln=primefaces-sipse HTTP/1.1" 304 -
191.156.60.237 - - [20/Sep/2023:12:09:27 -0500] "GET /sipse/faces/javax.faces.resource/primefaces.css?ln=primefaces&v=4.0 HTTP/1.1" 304 -
191.156.53.74 - - [20/Sep/2023:12:09:27 -0500] "GET /sipse/faces/javax.faces.resource/jquery/jquery.js?ln=primefaces&v=4.0 HTTP/1.1" 304 -
191.156.58.172 - - [20/Sep/2023:12:09:27 -0500] "GET /sipse/faces/javax.faces.resource/layout/layout.css?ln=primefaces&v=4.0 HTTP/1.1" 304 -
191.156.60.237 - - [20/Sep/2023:12:09:27 -0500] "GET /sipse/faces/javax.faces.resource/jquery/jquery-plugins.js?ln=primefaces&v=4.0 HTTP/1.1" 304 -
191.156.58.82 - - [20/Sep/2023:12:09:27 -0500] "GET /sipse/faces/javax.faces.resource/primefaces.js?ln=primefaces&v=4.0 HTTP/1.1" 304 -
191.156.52.109 - - [20/Sep/2023:12:09:26 -0500] "POST /sipse/faces/presentacion/financiero/solicitudProceso/consultarSolicitudProceso.xhtml HTTP/1.1" 200 34439
191.156.58.82 - - [20/Sep/2023:12:09:27 -0500] "GET /sipse/faces/javax.faces.resource/layout/layout.js?ln=primefaces&v=4.0 HTTP/1.1" 304 -
216.244.66.195 - - [20/Sep/2023:12:09:33 -0500] "GET /BLA/resoluciones/AUTOS%202022/1301.pdf HTTP/1.1" 200 412845
201.245.192.253 - - [20/Sep/2023:12:09:33 -0500] "POST /forms/lservlet;jsessionid=ac16012b30d69266a03a12cb4bb5af6bc3dc0dbe32a5.e3iSbxaKaheRe34Pbx8Nc3aQci1ynknvrkLOlQzNp65In0 HTTP/1.1" 200 2
191.156.60.237 - - [20/Sep/2023:12:09:42 -0500] "GET /sipse/faces/javax.faces.resource/jquery/jquery-plugins.js?ln=primefaces&v=4.0 HTTP/1.1" 304 -
191.156.53.74 - - [20/Sep/2023:12:09:42 -0500] "GET /sipse/faces/javax.faces.resource/layout/layout.css?ln=primefaces&v=4.0 HTTP/1.1" 304 -
191.156.60.237 - - [20/Sep/2023:12:09:42 -0500] "GET /sipse/faces/javax.faces.resource/jquery/jquery.js?ln=primefaces&v=4.0 HTTP/1.1" 304 -
191.156.58.172 - - [20/Sep/2023:12:09:42 -0500] "GET /sipse/faces/javax.faces.resource/primefaces.css?ln=primefaces&v=4.0 HTTP/1.1" 304 -
191.156.52.109 - - [20/Sep/2023:12:09:42 -0500] "GET /sipse/faces/javax.faces.resource/theme.css?ln=primefaces-sipse HTTP/1.1" 304 -
191.156.60.237 - - [20/Sep/2023:12:09:42 -0500] "GET /sipse/faces/javax.faces.resource/primefaces.js?ln=primefaces&v=4.0 HTTP/1.1" 304 -
191.156.53.74 - - [20/Sep/2023:12:09:42 -0500] "GET /sipse/faces/javax.faces.resource/layout/layout.js?ln=primefaces&v=4.0 HTTP/1.1" 304 -
191.156.58.82 - - [20/Sep/2023:12:09:41 -0500] "POST /sipse/faces/presentacion/financiero/solicitudProceso/consultarHistorialSolProceso.xhtml HTTP/1.1" 200 175053
216.244.66.195 - - [20/Sep/2023:12:10:23 -0500] "GET /BLA/resoluciones/AUTOS%202022/1832.pdf HTTP/1.1" 200 430993
186.29.229.205 - - [20/Sep/2023:12:10:29 -0500] "OPTIONS /kwssiamovil/sm/setfile/f? HTTP/1.1" 200 13
186.29.229.205 - - [20/Sep/2023:12:10:29 -0500] "POST /kwssiamovil/sm/setfile/f? HTTP/1.1" 200 381
201.245.192.253 - - [20/Sep/2023:12:10:44 -0500] "POST /forms/lservlet;jsessionid=ac16012b30d63732ae2b7f824f33be69ee2350cb62f5.e3iSbxaKaheRe34Pbx8Nc3aQci1ynknvrkLOlQzNp65In0 HTTP/1.1" 200 2
186.29.229.205 - - [20/Sep/2023:12:10:46 -0500] "GET /kwssiamovil/sm/acme/a?s=U2FsdGVkX18rP5f6Gcm0jX1/Z0wXygJiu8hVGJQAzO/Olw6fDrQ6HVKkpq2BukY+diGD4HUmeKDcRQZNdGHBCN6deY3fXUpTKwV+U4vapZPlzGtsYWpRamx1bjA7mNj1CYFGyc1ISexzxEhMN+yFcQoXl2/ZPdJdij06QlRfBtH3Novmvzok9GycY6gmNTi39zpaSidhqw6fOlpic9mtiOWQ/cPde7QfWy0sojSbV/qgbG5/czBdoTAkl+yPG8cMUfoWKweKuygBj+T2W52HGw==&u=U2FsdGVkX19cvjfQjdzkcI9ykWmxWEb/airpzOWpL6Bv7C84u4BSkbDBvNbS8NrF&y=U2FsdGVkX18XadfF30OVO9C3LPL9r9uDj6zzLM+lDTjjewdc55qMSKSivq2rdv3F HTTP/1.1" 200 26
186.29.229.205 - - [20/Sep/2023:12:10:46 -0500] "GET /kwssiamovil/sm/acme/a?s=U2FsdGVkX1+6GcSG8t04nAXLGAuRbzWGqMV/+B5TjtDWEMX/lHc2d5MFQtDx5f6HEcMRZGH85B1NSmoCzhBWslUzSOtrFXKU9Av4FFriuPBdjBDXOpwypcc2Yu/igxwqajjnb9Hu+52DHWu1cUsUT+fPXcNzLMkgGxs6CFu3bFS01623F4UgiLm4mzHgSuRgb8I3exxhRPZB+AETFfLp5Pue7lolJUJ/9RbIPXrE+si62biDkM5w5DKE8+ubnFGOJq3SbnTCJze/9EDvAl5FOsLdlVlTE49fAguj2QFQpx6oU1oSqiw1mRP6JN2RmvuU3JNVOqe6r9t1iJjy4Jk4yA1ogPN1quZ1jHaK9EyKOv5yRiy5uiA8qAxDrPDGRxzbUeVx3QKhfFGAA7gG+Um9arAj/mg3jIZyyW9g0HCfxk6f68rILjOM088D48I7snFUXuHf2y2WpE3pQKFOKnI+hhJuU4a8RQDNZkpsfOhYsrCFJ/ou9bajJ2LlhlWc/gI5stn3Jit/EIfcfuyqQrkw/SGNlj+WMDsbHxeA088C7WR1RDmrtGQRO20olM2Wu7GaA+ZqLHNMCVxIajNNhM6wzMXaOh4diI37HcqwO4KERCw/qxLUKVgJHngvpAeA83FUy7FRPBXt7CQ+ArriQjQsLEqnB3MG1wb88KV7xF8qND3tuiGkYih8q8Bd9NQInoUWnUUWAyDWfvHbUNvk49H0C3Zziwo+ZFXSSdc6rYeHgHIhnfSiRtc5PijO4mi+vDdsd8lDwpP6on/k7wTbZOeMuUkEXp0k9PSGzVvANa+F1bi9FP2ftSUv8PyXPkhMQ37Nqh6kmnLm0/fnrJgkr5QbcZLj5f7F4kp9WGqByhgO67FPpEEg/hAbYw2e2251EMGFQtq7WlaHagRYn1pFsbznLyMQHd5UvgMzWmvCPvV+K5VfMhRxRNzqGHZ8GphpR1Y8B28crGRFp60JipfRNy/8HWBDS3ihIaaGxR9Ivxq8r2/Ubx6K1GayS4+bwvZEkIn35G3K/GWTG8QA4FhnKfp3X+IsIxyl0gof6rla8e+AWiP4MQ9oNXz3t5On4+RNJctpjmhVAuu7KgER1NoYHhMimUcWOY4xC18IVAqwZ/ugY7rFIamp8nkSdNTb0Q5m9RRrZ1yK4g6dkKsjNumS3wcMVn6JO/SdI3EwzNwn+18M+6cYK7JV/5A4p9/IjFHpdCkYB0gr2Bf/OxxqpPatAMZZ8JCab1c1TLJ87Q/u5rfULTpPBzeiDlv9zB5fzA/fZKyosdW1JihB9AYh7f36tFRmnNDx1f5QotsYWGrdSaciQOIi7y/BXwl2IFyHWIUorhjCTu0o/TVyDqS236Rvm4DQww==&u=U2FsdGVkX19cvjfQjdzkcI9ykWmxWEb/airpzOWpL6Bv7C84u4BSkbDBvNbS8NrF&y=U2FsdGVkX18XadfF30OVO9C3LPL9r9uDj6zzLM+lDTjjewdc55qMSKSivq2rdv3F HTTP/1.1" 200 26
186.29.229.205 - - [20/Sep/2023:12:10:46 -0500] "GET /kwssiamovil/sm/acme/a?s=U2FsdGVkX1/EwL2Y+NMhSm4kcp2YKrusZ1prSjgsbsb7zu2VvbjhLpWpR3lpSxpkViyYXsj40JcoUXvOhRHd/EMV8pLzI7agtEHaNZ9QkceHZPBfDEQVe03AwW0eJNgsp4h1yLSwmhI6hvkLNEE8666kVqbqdUIy8aiOlp8ir20=&u=U2FsdGVkX19cvjfQjdzkcI9ykWmxWEb/airpzOWpL6Bv7C84u4BSkbDBvNbS8NrF&y=U2FsdGVkX18XadfF30OVO9C3LPL9r9uDj6zzLM+lDTjjewdc55qMSKSivq2rdv3F HTTP/1.1" 200 26
186.29.229.205 - - [20/Sep/2023:12:10:47 -0500] "GET /kwssiamovil/sm/acme/a?s=U2FsdGVkX18Ra1jAaKNF8gUzomeciGHM6IzFLfn5685tSpaL4d+shpBhuh7RvdoLg1P2cLEJv0U53tHX3RsMM1VAPJ711zr932GQDotmOHfG0yjKGfk1zA/dnkhmIcgUyMjofXPzEULuJ0hW73XROkN+3JdxxaNgzPQ41tkJl+M=&u=U2FsdGVkX19cvjfQjdzkcI9ykWmxWEb/airpzOWpL6Bv7C84u4BSkbDBvNbS8NrF&y=U2FsdGVkX18XadfF30OVO9C3LPL9r9uDj6zzLM+lDTjjewdc55qMSKSivq2rdv3F HTTP/1.1" 200 26
186.29.229.205 - - [20/Sep/2023:12:10:47 -0500] "GET /kwssiamovil/sm/acme/a?s=U2FsdGVkX1+r5M1jgSOfbYaaTXG1p3tuLSz7Ji/DCqm+s32zHCxRP1RSOSA0EBVCs0Wb63oR2huqgjxcVH2SUeI2y0ubV9R/NNQXKy+eVTDL7LnRz9/pyY6iPKmmkWxP5TYyBMgTDU7hIHbEjTv7A5eMRJMxlE6sUbjBalPzoVA=&u=U2FsdGVkX19cvjfQjdzkcI9ykWmxWEb/airpzOWpL6Bv7C84u4BSkbDBvNbS8NrF&y=U2FsdGVkX18XadfF30OVO9C3LPL9r9uDj6zzLM+lDTjjewdc55qMSKSivq2rdv3F HTTP/1.1" 200 26
186.29.229.205 - - [20/Sep/2023:12:10:47 -0500] "GET /kwssiamovil/sm/acme/a?s=U2FsdGVkX18rh63eYa+Yx+1nw5qV5PypJwtOeOE9UQKSaXtHQi/5Rmg5t1mOYqOBkPZshd01DlXOEuwROsREY4WLZogYhzBj2rRnvx+p6HYK9Tu6AKFFyC5c81n17uCLhMXRdnuce745XqeTgr3GHXiWWlB1mTrADYqDvD/4HYLqRaa5f44WFdBlXNdNaIPD4wOSJRgrpGd41mgskNVfNw==&u=U2FsdGVkX19cvjfQjdzkcI9ykWmxWEb/airpzOWpL6Bv7C84u4BSkbDBvNbS8NrF&y=U2FsdGVkX18XadfF30OVO9C3LPL9r9uDj6zzLM+lDTjjewdc55qMSKSivq2rdv3F HTTP/1.1" 200 26
186.29.229.205 - - [20/Sep/2023:12:10:47 -0500] "GET /kwssiamovil/sm/acme/a?s=U2FsdGVkX1+Nm1ZeIHLkju69vInNrb3zAhARWLxmLK7wI2qEpXWWRGdyUlPdrEan6Q6pM9SP5+GZx9yNcKj1Ok1tT8wh8uGklgmno89oYMS35gk+i3dPMylcZmcEyE5Ee82n52J3FroI72bvcTVIfzgyfqiu4gm1Fm50LG1j7Gi7IOwGNIJCE04U930ntYWVbAZNRoYzyK9+2X6SHUZBlw==&u=U2FsdGVkX19cvjfQjdzkcI9ykWmxWEb/airpzOWpL6Bv7C84u4BSkbDBvNbS8NrF&y=U2FsdGVkX18XadfF30OVO9C3LPL9r9uDj6zzLM+lDTjjewdc55qMSKSivq2rdv3F HTTP/1.1" 200 26
186.29.229.205 - - [20/Sep/2023:12:10:47 -0500] "GET /kwssiamovil/sm/acme/a?s=U2FsdGVkX18So6zoERAwEGHWypipWQhiRgEFeZlZOW3F4larXZLfGnMPKgxqOgDyHDlNWGo1kur8imL+00zUkt2AZYho14XGbbRZiizo5nKT1cBZgXdcVtyHEc7GzmTyOfKcGJQIeIJcrjnXP6OIdawg9I12rLwTKdY3ElthmNoneQHIOvRE4Oohpx8yf+Yg&u=U2FsdGVkX19cvjfQjdzkcI9ykWmxWEb/airpzOWpL6Bv7C84u4BSkbDBvNbS8NrF&y=U2FsdGVkX18XadfF30OVO9C3LPL9r9uDj6zzLM+lDTjjewdc55qMSKSivq2rdv3F HTTP/1.1" 200 26
216.245.221.92 - - [20/Sep/2023:12:10:55 -0500] "HEAD / HTTP/1.1" 200 -
216.244.66.195 - - [20/Sep/2023:12:11:12 -0500] "GET /BLA/resoluciones/AUTOS%202022/1958.pdf HTTP/1.1" 200 3233722
