190.25.103.110 - - [25/Sep/2023:09:33:51 -0500] "POST /sipse/faces/presentacion/financiero/solicitudProceso/consultar.xhtml HTTP/1.1" 200 12806
190.25.103.110 - - [25/Sep/2023:09:33:52 -0500] "POST /sipse/faces/presentacion/financiero/solicitudProceso/consultar.xhtml HTTP/1.1" 200 12806
190.25.103.110 - - [25/Sep/2023:09:33:53 -0500] "POST /sipse/faces/presentacion/financiero/solicitudProceso/consultar.xhtml HTTP/1.1" 200 12806
190.25.103.110 - - [25/Sep/2023:09:33:53 -0500] "POST /sipse/faces/presentacion/financiero/solicitudProceso/consultar.xhtml HTTP/1.1" 200 12806
181.61.206.84 - - [25/Sep/2023:09:34:00 -0500] "GET /appsia/controlador HTTP/1.1" 200 4799
181.61.206.84 - - [25/Sep/2023:09:34:00 -0500] "GET /appsia/css/estilos.css HTTP/1.1" 200 4804
181.61.206.84 - - [25/Sep/2023:09:34:00 -0500] "GET /appsia/scripts/validarIngreso.js HTTP/1.1" 200 851
181.61.206.84 - - [25/Sep/2023:09:34:00 -0500] "GET /appsia/images/logo_bogota_p.png HTTP/1.1" 200 14951
181.61.206.84 - - [25/Sep/2023:09:34:00 -0500] "GET /appsia/images/cabezoteHojaVida.png HTTP/1.1" 200 32493
181.61.206.84 - - [25/Sep/2023:09:34:00 -0500] "GET /favicon.ico HTTP/1.1" 200 7782
201.245.192.253 - - [25/Sep/2023:09:34:09 -0500] "POST /forms/lservlet;jsessionid=ac16012b30d61562d539941a44668f2cd49f1ad5d4d4.e3iSbxaKaheRe34Pbx8Nc3aQci1ynknvrkLOlQzNp65In0 HTTP/1.1" 200 2
181.61.206.84 - - [25/Sep/2023:09:34:12 -0500] "POST /appsia/controlador HTTP/1.1" 200 5437
216.244.66.195 - - [25/Sep/2023:09:34:14 -0500] "GET /BLA/resoluciones/RESOLUCIONES%202020/2914.pdf HTTP/1.1" 200 388819
181.61.206.84 - - [25/Sep/2023:09:34:24 -0500] "POST /appsia/controlador HTTP/1.1" 200 7783
181.61.206.84 - - [25/Sep/2023:09:34:28 -0500] "POST /appsia/controlador HTTP/1.1" 200 6648
201.245.192.253 - - [25/Sep/2023:09:34:28 -0500] "POST /forms/lservlet;jsessionid=ac16012b30d61562d539941a44668f2cd49f1ad5d4d4.e3iSbxaKaheRe34Pbx8Nc3aQci1ynknvrkLOlQzNp65In0 HTTP/1.1" 200 2
201.245.192.253 - - [25/Sep/2023:09:34:28 -0500] "POST /forms/lservlet;jsessionid=ac16012b30d61562d539941a44668f2cd49f1ad5d4d4.e3iSbxaKaheRe34Pbx8Nc3aQci1ynknvrkLOlQzNp65In0 HTTP/1.1" 200 123
201.245.192.253 - - [25/Sep/2023:09:34:28 -0500] "POST /forms/lservlet;jsessionid=ac16012b30d61562d539941a44668f2cd49f1ad5d4d4.e3iSbxaKaheRe34Pbx8Nc3aQci1ynknvrkLOlQzNp65In0 HTTP/1.1" 200 2
181.61.206.84 - - [25/Sep/2023:09:34:29 -0500] "POST /appsia/controlador HTTP/1.1" 200 10553
201.245.192.253 - - [25/Sep/2023:09:34:30 -0500] "POST /forms/lservlet;jsessionid=ac16012b30d61562d539941a44668f2cd49f1ad5d4d4.e3iSbxaKaheRe34Pbx8Nc3aQci1ynknvrkLOlQzNp65In0 HTTP/1.1" 200 1359
201.245.192.253 - - [25/Sep/2023:09:34:30 -0500] "POST /forms/lservlet;jsessionid=ac16012b30d61562d539941a44668f2cd49f1ad5d4d4.e3iSbxaKaheRe34Pbx8Nc3aQci1ynknvrkLOlQzNp65In0 HTTP/1.1" 200 10
201.245.192.253 - - [25/Sep/2023:09:34:31 -0500] "POST /forms/lservlet;jsessionid=ac16012b30d61562d539941a44668f2cd49f1ad5d4d4.e3iSbxaKaheRe34Pbx8Nc3aQci1ynknvrkLOlQzNp65In0 HTTP/1.1" 200 24
186.102.59.27 - - [25/Sep/2023:09:34:32 -0500] "GET /kwssiamovil/sm/ldap/au?x=U2FsdGVkX1/z3KMnWRuczh5FkMrV8HjT9+2NxPQU3PaIo/Z+VMG9QM6Xyb3N2ZcH&y=U2FsdGVkX1+Ohoc70gb/lc2rbf1+01ljYxWlBf5Jll8= HTTP/1.1" 200 31
201.245.192.253 - - [25/Sep/2023:09:34:34 -0500] "POST /forms/lservlet;jsessionid=ac16012b30d61562d539941a44668f2cd49f1ad5d4d4.e3iSbxaKaheRe34Pbx8Nc3aQci1ynknvrkLOlQzNp65In0 HTTP/1.1" 200 2585
201.245.192.253 - - [25/Sep/2023:09:34:37 -0500] "POST /forms/lservlet;jsessionid=ac16012b30d61562d539941a44668f2cd49f1ad5d4d4.e3iSbxaKaheRe34Pbx8Nc3aQci1ynknvrkLOlQzNp65In0 HTTP/1.1" 200 13
186.102.59.27 - - [25/Sep/2023:09:34:40 -0500] "GET /kwssiamovil/sm/ldap/au?x=U2FsdGVkX1+x36KRzb25Da2GLEPDG2be+PCg6adA4iFObteMVsmcvceKk2eREwuX&y=U2FsdGVkX18zkesAH7JwTDfdLZxwwCR47x+PSHooWO0= HTTP/1.1" 200 30
216.244.66.195 - - [25/Sep/2023:09:34:44 -0500] "GET /BLA/resoluciones/RESOLUCIONES%202021/0004.pdf HTTP/1.1" 200 363666
186.102.59.27 - - [25/Sep/2023:09:34:54 -0500] "GET /kwssiamovil/sm/ldap/au?x=U2FsdGVkX18O6+43/wxrdxUDiIMa1liJFOm4MXiyvHr8DmXZuTg1DbpDVoZcST4u&y=U2FsdGVkX1/UEEHUZJlOaVuLIkm2VUroAzHvcWQtFQ2VHoRtgHkLIwpgCqGKWTKy HTTP/1.1" 200 30
181.61.206.84 - - [25/Sep/2023:09:35:02 -0500] "POST /appsia/controlador HTTP/1.1" 200 75852
201.245.192.253 - - [25/Sep/2023:09:35:02 -0500] "POST /forms/lservlet;jsessionid=ac16012b30d61562d539941a44668f2cd49f1ad5d4d4.e3iSbxaKaheRe34Pbx8Nc3aQci1ynknvrkLOlQzNp65In0 HTTP/1.1" 200 1806
201.245.192.253 - - [25/Sep/2023:09:35:02 -0500] "POST /forms/lservlet;jsessionid=ac16012b30d61562d539941a44668f2cd49f1ad5d4d4.e3iSbxaKaheRe34Pbx8Nc3aQci1ynknvrkLOlQzNp65In0 HTTP/1.1" 200 10
201.245.192.253 - - [25/Sep/2023:09:35:04 -0500] "POST /forms/lservlet;jsessionid=ac16012b30d61562d539941a44668f2cd49f1ad5d4d4.e3iSbxaKaheRe34Pbx8Nc3aQci1ynknvrkLOlQzNp65In0 HTTP/1.1" 200 24
201.245.192.253 - - [25/Sep/2023:09:35:07 -0500] "POST /forms/lservlet;jsessionid=ac16012b30d61562d539941a44668f2cd49f1ad5d4d4.e3iSbxaKaheRe34Pbx8Nc3aQci1ynknvrkLOlQzNp65In0 HTTP/1.1" 200 287
201.245.192.253 - - [25/Sep/2023:09:35:08 -0500] "POST /forms/lservlet;jsessionid=ac16012b30d61562d539941a44668f2cd49f1ad5d4d4.e3iSbxaKaheRe34Pbx8Nc3aQci1ynknvrkLOlQzNp65In0 HTTP/1.1" 200 2
201.245.192.253 - - [25/Sep/2023:09:35:08 -0500] "POST /forms/lservlet;jsessionid=ac16012b30d61562d539941a44668f2cd49f1ad5d4d4.e3iSbxaKaheRe34Pbx8Nc3aQci1ynknvrkLOlQzNp65In0 HTTP/1.1" 200 2236
201.245.192.253 - - [25/Sep/2023:09:35:11 -0500] "POST /forms/lservlet;jsessionid=ac16012b30d61562d539941a44668f2cd49f1ad5d4d4.e3iSbxaKaheRe34Pbx8Nc3aQci1ynknvrkLOlQzNp65In0 HTTP/1.1" 200 13
216.244.66.195 - - [25/Sep/2023:09:35:14 -0500] "GET /BLA/resoluciones/RESOLUCIONES%202021/0254.pdf HTTP/1.1" 200 344931
186.102.30.141 - - [25/Sep/2023:09:35:23 -0500] "GET /kwssiamovil/sm/acme/u?s=U2FsdGVkX19zZCrVC2YUQeh85FEYQXKePrCg/MyOqxAcuwTOek68/mj1sQALIaXj/0H2Su2FSVQciWeWXIZUiSwgW9DHnvqdrVQ27iCZEKtXG2o+tGcleVGBkS/aZL4nmRuRuF21FwjUCmyv58Un4Wy1eqHlkJyVn5cx64xgT20=&u=U2FsdGVkX1/JHeJa2gifpcIPPy+qeRqlDty+7T4DrZ4=&y=U2FsdGVkX19pWEBlkOz6vz4TUhmk1glDmd3Ds77B6RwSVo+e8tyaqV+EYylF7405 HTTP/1.1" 200 60
201.245.192.253 - - [25/Sep/2023:09:35:26 -0500] "POST /forms/lservlet;jsessionid=ac16012b30d61562d539941a44668f2cd49f1ad5d4d4.e3iSbxaKaheRe34Pbx8Nc3aQci1ynknvrkLOlQzNp65In0 HTTP/1.1" 200 12
201.245.192.253 - - [25/Sep/2023:09:35:28 -0500] "POST /forms/lservlet;jsessionid=ac16012b30d61562d539941a44668f2cd49f1ad5d4d4.e3iSbxaKaheRe34Pbx8Nc3aQci1ynknvrkLOlQzNp65In0 HTTP/1.1" 200 12
201.245.192.253 - - [25/Sep/2023:09:35:31 -0500] "POST /forms/lservlet;jsessionid=ac16012b30d61562d539941a44668f2cd49f1ad5d4d4.e3iSbxaKaheRe34Pbx8Nc3aQci1ynknvrkLOlQzNp65In0 HTTP/1.1" 200 7
201.245.192.253 - - [25/Sep/2023:09:35:36 -0500] "POST /forms/lservlet;jsessionid=ac16012b30d61562d539941a44668f2cd49f1ad5d4d4.e3iSbxaKaheRe34Pbx8Nc3aQci1ynknvrkLOlQzNp65In0 HTTP/1.1" 200 827
201.245.192.253 - - [25/Sep/2023:09:35:38 -0500] "POST /forms/lservlet;jsessionid=ac16012b30d61562d539941a44668f2cd49f1ad5d4d4.e3iSbxaKaheRe34Pbx8Nc3aQci1ynknvrkLOlQzNp65In0 HTTP/1.1" 200 826
201.245.192.253 - - [25/Sep/2023:09:35:40 -0500] "POST /forms/lservlet;jsessionid=ac16012b30d61562d539941a44668f2cd49f1ad5d4d4.e3iSbxaKaheRe34Pbx8Nc3aQci1ynknvrkLOlQzNp65In0 HTTP/1.1" 200 814
216.244.66.195 - - [25/Sep/2023:09:35:42 -0500] "GET /BLA/resoluciones/RESOLUCIONES%202021/0293.pdf HTTP/1.1" 200 695645
201.245.192.253 - - [25/Sep/2023:09:35:46 -0500] "POST /forms/lservlet;jsessionid=ac16012b30d61562d539941a44668f2cd49f1ad5d4d4.e3iSbxaKaheRe34Pbx8Nc3aQci1ynknvrkLOlQzNp65In0 HTTP/1.1" 200 7
201.245.192.253 - - [25/Sep/2023:09:35:48 -0500] "POST /forms/lservlet;jsessionid=ac16012b30d61562d539941a44668f2cd49f1ad5d4d4.e3iSbxaKaheRe34Pbx8Nc3aQci1ynknvrkLOlQzNp65In0 HTTP/1.1" 200 23
186.102.59.27 - - [25/Sep/2023:09:35:49 -0500] "GET /kwssiamovil/sm/ldap/au?x=U2FsdGVkX19gAxkHpw+kSpxIeE9yhWuqovxEynVSVQOLLkTqbvFkY20UwHIPU/VU&y=U2FsdGVkX19lCrJwpKuA/7tkcgMCueDuzUyI5N+WClQxbVuFGmCqWRxbv4iHRxoc HTTP/1.1" 200 30
186.102.59.27 - - [25/Sep/2023:09:35:49 -0500] "GET /kwssiamovil/sm/acme/s?s=U2FsdGVkX1+ktthPCarrtH48nb0YbbMlSyX+AMLQm/ie6vLmDB+MofMf6qPODLrUzeIuAkfiv0TgcJby7QKljxEkIBPvtfbe82FNFnwpSf4=&u=U2FsdGVkX19hcQf8CEvg464DBWVbz5LSOjDEbc0bWtCPigaI7tJcAD4ooOct4Csr&y=U2FsdGVkX19lCrJwpKuA/7tkcgMCueDuzUyI5N+WClQxbVuFGmCqWRxbv4iHRxoc HTTP/1.1" 200 97
186.102.59.27 - - [25/Sep/2023:09:35:49 -0500] "GET /kwssiamovil/sm/acme/s?s=U2FsdGVkX19jL1LPcoTpJgTOZxtNxctITkYht/ZnhfgkK6g414CZTXDNZFr/AI8SNEuT7Vb/RakmdnCbL5CSvXZAT5yl4GLwYs2WdUQ9btXsJmWnRQp1kuX/5bqW0hOR2gNGelCQOgdoqQWhbURBdKGH7owX2JXQRR5TtNM6NRs3BvhMZnG4sKhq2xJFFLWSknf04VwAD8jwVv0ntBX+DN6Hwm3Dfy7fGIrngW7So1cLY5chHP4LBi7FGnxp6jvgG5FvHpT9e4Wg2JvYvzj27XQdTeBAXiaNIyW3sq/iaKFjaUze+eVZ5pMsOELLzGawkBG2ydSqgXbXLHHF4QIWffItc6D/9D/ifvHOz4eKrLbY4f7vRQq7ZZiE0eppRn500ECu97Zza1nx79zaR9vaH45uM3tOOPAwIuoJgSmkJVmNtJzlTe2h+BiRKn4K7LSBvAOimf4p1CdPA/w22SKAvdRx/trQjrf5MFSUTZM8F6+nsXACKAF8OAH9T4GOlpQ3HA3feVlyMVNEYpTPt1bnKEc59vK5xdMYvJmAW/6okjZU6DwbRJHuXJCD7NK5C/OhVes2FeyHGFgDi67F7QTWY5XIiz+tJKWMAuv4wxWiTRk4mkmyrm9sd7IpDtwFadYdmqqNPf3St+4EBmhIxLROi0DV9QpnOrLM2/3Lv4Ih3HQbH+OeBF5Ud0yJgTZDCW6CsrZ3fbtMzy/jVxN/nl1xFyUo79QuW/mrIuccNRRN6MSIiUFhYl+aY/qy1GlTo9RBpyD496KrMsPojMD9+RcLaQl8kDYkf032br5CtwAt/mPwr5zArQDB6DLwQwlnc+ik2sdGGSp26kIRz8ZITUZ7zQkITjB1NJcYyDCfUXOnto6EGUaNDvmWNm/uRdSjwmn/lTGrq7/aEUOGG0gQ9JcuXELyD1FLdqFoAZJTwEfMNLRm4L7Ozy21Q9BCy/hclYvPSteqvMBS8yke3NCDRZJEiomUijFGNgkhuN21ljzC5XWCX2WeLz0kr2Szux1N11trLCFy5CzqpxreN6gL5bq6C39Kzh/VE8T6LHoKZ7GPHOI8JX/09bHf3FLTzl2DTcIiHaRZkJMfoAICWV7piclxqR2gQWVTKrJFLmm9Wtt0bi1yskTHdAkeBaOpryi27a6Lug7X2N8JweYG0Eaxon3+focosOgID3Go7cPMlc6CRyPXBgfjlbnviJDoXxA8DwEq3oR8wyr80aCT9GphY+6QZe5JXIMSkvYtnotZ6m0RKurwuIGGgXUtaoZQMkCjxmcFdd5OVkzb+F40cbRmNBh2aJNdNSoeqZRpWpAfV09pFJEe4iqlWExKwesUVh6k2skGNZ/AeIDRkoWOgOsIAsLDhvzTsH0GkEc12n4wDJklZFob/LHxara1tVf5EL43iSKHuM0dvAGu/yda/CNwm6esDgj5d7ZINnyY6qwsu7IdwWfmwlAbsQfaNzbY9+x0L6XYyTsZgVBOFTPV24rsUnk2bH/d8qmD7UzlrdtNsrGOFoL7PJlAL1KM6gz7mPnIbMTmbszfPxcglrL7bg5SPSElfl8DaSo2nyZ5uvqHARsomx17Q/Px8N8anVqtKQszGRh480lplVzQwUwOfayCfPQ6oKphBMJGzQ/fY9XtnZRbJEQIyJP+MzGPAnSDivFJ8o9uvILdtRTqOLyhl3KNU54ByBcnCvHy3kibu0ZtvxYOH+a0u5j7tdJclsSN+b6YX/D0IZozHJIgVPhO//1olXbNFsFpwbx+HUmn80xOQlIS2oxjYf1prP+ZK6y7Ki23ocgu&u=U2FsdGVkX19hcQf8CEvg464DBWVbz5LSOjDEbc0bWtCPigaI7tJcAD4ooOct4Csr&y=U2FsdGVkX19lCrJwpKuA/7tkcgMCueDuzUyI5N+WClQxbVuFGmCqWRxbv4iHRxoc HTTP/1.1" 200 897
186.102.59.27 - - [25/Sep/2023:09:35:49 -0500] "GET /kwssiamovil/sm/acme/s?s=U2FsdGVkX18+bv0LUxPnuL0BVNve1Kz0ZWAe15rwrneGnaL6S45v8uB/jDreGSWq41xxntreXp5xxPNPbujr3ZoiKytSvwctDDLvL7ZDcn8ErepnABdOdA74qFMy47Ih2+GuOjb5VznT2Y6gmjbFZw==&u=U2FsdGVkX19hcQf8CEvg464DBWVbz5LSOjDEbc0bWtCPigaI7tJcAD4ooOct4Csr&y=U2FsdGVkX19lCrJwpKuA/7tkcgMCueDuzUyI5N+WClQxbVuFGmCqWRxbv4iHRxoc HTTP/1.1" 200 92
186.102.59.27 - - [25/Sep/2023:09:35:49 -0500] "GET /kwssiamovil/sm/acme/s?s=U2FsdGVkX1/JO8jiRZp/h1pJRm1tWABAIMjn/Da4IU0S7bvUQSZ3juNulhXy/GBlENYh3b0dyrkaboII0NcpNW91E/yST/yafC/EOQjG66+hbGQGS+394uECJYrM5rJl5/TZIoAbLY6212NHpRn/0KbaXzEykwhEGzpZy/9JKyKBA/SNUQ3Bbf83QNFPGvbUzePEHXsMjh685Nd3m7xirY2NtBD2htNgUEnLvq95A5RuN4HuV6Q0cCj0I3AzC79CXYbFHxorf93K/y4HBbjVNz1oQhuOlD21aE9YN/eu9S0/09a8a36xxjzchYAJK5bPIpmWswR1XxciEqeoOe0QfEkKNMs1aNCsDvBTDJ2N0jKl7G/cPzF5gUL332j5JAPhcIoYyaUtw6DDQW1O5jb7HTjBv7Q3o5LYZEc03U4FbYHuHhc5SqOeMROHtV/xst/+N19uJphR/oeJ6U9xUKPsNHcPTMk5tVzqlDsR/JQC95mZRm40nxThHLqONTkbJ/3T8mZbxZPVxw3364/SKN/vW4ijkZFLKmNrONB+YftsG/wpFmCo8ENeIZ9bBgj3pmSalnLpByMuv407WBNorfcuynSVTuizb7E2cNbnqO2kpEb4Lcco4GXys2ZPZhNiYtxJrYqZdSHZFebx1GycCx1h8mT0yI5lgSAZLhQm8v563fqvuWDYug3nx2kipc5UAvO8Ogvc8wmxGfxvmEq8O8Fw2YM34spl4nsE/cbw0hssIcoJgvKA9fPj3t+/7UA6ZmxajV2+NR17thVnUF7+G2/8bg==&u=U2FsdGVkX19hcQf8CEvg464DBWVbz5LSOjDEbc0bWtCPigaI7tJcAD4ooOct4Csr&y=U2FsdGVkX19lCrJwpKuA/7tkcgMCueDuzUyI5N+WClQxbVuFGmCqWRxbv4iHRxoc HTTP/1.1" 200 1095
186.102.59.27 - - [25/Sep/2023:09:35:50 -0500] "GET /kwssiamovil/sm/cjson/pre?f=17&x=U2FsdGVkX19gAxkHpw+kSpxIeE9yhWuqovxEynVSVQOLLkTqbvFkY20UwHIPU/VU HTTP/1.1" 200 12747
186.102.59.27 - - [25/Sep/2023:09:35:50 -0500] "GET /kwssiamovil/sm/cjson/pre?f=6&x=U2FsdGVkX19gAxkHpw+kSpxIeE9yhWuqovxEynVSVQOLLkTqbvFkY20UwHIPU/VU HTTP/1.1" 200 34953
186.102.59.27 - - [25/Sep/2023:09:35:50 -0500] "GET /kwssiamovil/sm/cjson/pre?f=4&x=U2FsdGVkX19gAxkHpw+kSpxIeE9yhWuqovxEynVSVQOLLkTqbvFkY20UwHIPU/VU HTTP/1.1" 200 33589
186.102.59.27 - - [25/Sep/2023:09:35:50 -0500] "GET /kwssiamovil/sm/cjson/pre?f=8&x=U2FsdGVkX19gAxkHpw+kSpxIeE9yhWuqovxEynVSVQOLLkTqbvFkY20UwHIPU/VU HTTP/1.1" 200 36010
186.102.59.27 - - [25/Sep/2023:09:35:50 -0500] "GET /kwssiamovil/sm/cjson/pre?f=7&x=U2FsdGVkX19gAxkHpw+kSpxIeE9yhWuqovxEynVSVQOLLkTqbvFkY20UwHIPU/VU HTTP/1.1" 200 93332
216.245.221.92 - - [25/Sep/2023:09:35:53 -0500] "HEAD / HTTP/1.1" 200 -
186.102.59.27 - - [25/Sep/2023:09:35:50 -0500] "GET /kwssiamovil/sm/cjson/pre?f=5&x=U2FsdGVkX19gAxkHpw+kSpxIeE9yhWuqovxEynVSVQOLLkTqbvFkY20UwHIPU/VU HTTP/1.1" 200 96431
186.102.59.27 - - [25/Sep/2023:09:35:50 -0500] "GET /kwssiamovil/sm/cjson/pre?f=3&x=U2FsdGVkX19gAxkHpw+kSpxIeE9yhWuqovxEynVSVQOLLkTqbvFkY20UwHIPU/VU HTTP/1.1" 200 94843
123.183.224.15 - - [25/Sep/2023:09:36:00 -0500] "GET / HTTP/1.1" 200 319
172.22.2.4 - - [25/Sep/2023:09:34:26 -0500] "HEAD /BLA/boletinlegal/ HTTP/1.1" 200 -
201.245.192.253 - - [25/Sep/2023:09:36:09 -0500] "POST /forms/lservlet;jsessionid=ac16012b30d61562d539941a44668f2cd49f1ad5d4d4.e3iSbxaKaheRe34Pbx8Nc3aQci1ynknvrkLOlQzNp65In0 HTTP/1.1" 200 2
216.244.66.195 - - [25/Sep/2023:09:36:10 -0500] "GET /BLA/resoluciones/RESOLUCIONES%202021/0318.pdf HTTP/1.1" 200 421781
181.61.206.84 - - [25/Sep/2023:09:36:10 -0500] "POST /appsia/controlador HTTP/1.1" 200 7783
191.156.63.107 - - [25/Sep/2023:09:36:11 -0500] "GET /semana-bogota-reverdece-135-nuevos-arboles-para-el-humedal-la-conejera.html?fbclid=IwAR0o3XGqOk9OcWYbh97z4N11W7gyBPgVQNJIqzwEfgAkS_8gSbwS5BjWAoo HTTP/1.1" 200 814
181.61.206.84 - - [25/Sep/2023:09:36:18 -0500] "POST /appsia/controlador HTTP/1.1" 200 6648
181.61.206.84 - - [25/Sep/2023:09:36:19 -0500] "POST /appsia/controlador HTTP/1.1" 200 11299
181.61.206.84 - - [25/Sep/2023:09:36:21 -0500] "POST /appsia/controlador HTTP/1.1" 200 75949
216.244.66.195 - - [25/Sep/2023:09:36:37 -0500] "GET /BLA/resoluciones/RESOLUCIONES%202021/0629.pdf HTTP/1.1" 200 524214
201.221.172.1 - - [25/Sep/2023:09:36:51 -0500] "POST /sipse/faces/presentacion/financiero/solicitudProceso/detalleSolicitudProcesoOtrosPagos.xhtml HTTP/1.1" 200 6865
181.61.206.84 - - [25/Sep/2023:09:36:54 -0500] "POST /appsia/controlador HTTP/1.1" 200 7783
172.22.2.4 - - [25/Sep/2023:09:35:17 -0500] "GET /BLA/boletinlegal/ HTTP/1.1" 200 58187
201.221.172.1 - - [25/Sep/2023:09:36:56 -0500] "POST /sipse/faces/presentacion/financiero/solicitudProceso/detalleSolicitudProcesoOtrosPagos.xhtml HTTP/1.1" 200 8430
181.61.206.84 - - [25/Sep/2023:09:37:02 -0500] "POST /appsia/controlador HTTP/1.1" 200 6648
216.244.66.195 - - [25/Sep/2023:09:37:02 -0500] "GET /BLA/resoluciones/RESOLUCIONES%202021/1070.pdf HTTP/1.1" 200 374447
181.61.206.84 - - [25/Sep/2023:09:37:04 -0500] "POST /appsia/controlador HTTP/1.1" 200 11299
216.244.66.195 - - [25/Sep/2023:09:37:27 -0500] "GET /BLA/resoluciones/RESOLUCIONES%202021/1255.pdf HTTP/1.1" 200 449994
201.245.192.253 - - [25/Sep/2023:09:37:31 -0500] "POST /kwsrmcab/Wsrmcab  HTTP/1.1" 200 43482
216.244.66.195 - - [25/Sep/2023:09:37:50 -0500] "GET /BLA/resoluciones/RESOLUCIONES%202021/1350.pdf HTTP/1.1" 200 419030
201.245.192.253 - - [25/Sep/2023:09:38:00 -0500] "POST /sipse/faces/presentacion/financiero/solicitudProceso/consultarSolicitudProceso.xhtml HTTP/1.1" 200 19357
201.245.192.253 - - [25/Sep/2023:09:38:00 -0500] "GET /sipse/faces/javax.faces.resource/theme.css?ln=primefaces-sipse HTTP/1.1" 304 -
201.245.192.253 - - [25/Sep/2023:09:38:00 -0500] "GET /sipse/faces/javax.faces.resource/primefaces.css?ln=primefaces&v=4.0 HTTP/1.1" 304 -
201.245.192.253 - - [25/Sep/2023:09:38:00 -0500] "GET /sipse/faces/javax.faces.resource/fileupload/fileupload.css?ln=primefaces&v=4.0 HTTP/1.1" 304 -
201.245.192.253 - - [25/Sep/2023:09:38:00 -0500] "GET /sipse/faces/javax.faces.resource/jquery/jquery.js?ln=primefaces&v=4.0 HTTP/1.1" 304 -
201.245.192.253 - - [25/Sep/2023:09:38:00 -0500] "GET /sipse/faces/javax.faces.resource/jquery/jquery-plugins.js?ln=primefaces&v=4.0 HTTP/1.1" 304 -
201.245.192.253 - - [25/Sep/2023:09:38:00 -0500] "GET /sipse/faces/javax.faces.resource/layout/layout.css?ln=primefaces&v=4.0 HTTP/1.1" 304 -
201.245.192.253 - - [25/Sep/2023:09:38:00 -0500] "GET /sipse/faces/javax.faces.resource/primefaces.js?ln=primefaces&v=4.0 HTTP/1.1" 304 -
201.245.192.253 - - [25/Sep/2023:09:38:00 -0500] "GET /sipse/faces/javax.faces.resource/fileupload/fileupload.js?ln=primefaces&v=4.0 HTTP/1.1" 304 -
201.245.192.253 - - [25/Sep/2023:09:38:00 -0500] "GET /sipse/faces/javax.faces.resource/layout/layout.js?ln=primefaces&v=4.0 HTTP/1.1" 304 -
201.245.192.253 - - [25/Sep/2023:09:38:09 -0500] "POST /forms/lservlet;jsessionid=ac16012b30d61562d539941a44668f2cd49f1ad5d4d4.e3iSbxaKaheRe34Pbx8Nc3aQci1ynknvrkLOlQzNp65In0 HTTP/1.1" 200 2
201.245.192.253 - - [25/Sep/2023:09:38:09 -0500] "POST /sipse/faces/presentacion/sistema/anexos/cargarAnexoSolicitudProceso.xhtml HTTP/1.1" 200 168075
201.245.192.253 - - [25/Sep/2023:09:38:10 -0500] "GET /sipse/faces/javax.faces.resource/primefaces.css?ln=primefaces&v=4.0 HTTP/1.1" 304 -
201.245.192.253 - - [25/Sep/2023:09:38:10 -0500] "GET /sipse/faces/javax.faces.resource/theme.css?ln=primefaces-sipse HTTP/1.1" 304 -
201.245.192.253 - - [25/Sep/2023:09:38:10 -0500] "GET /sipse/faces/javax.faces.resource/layout/layout.css?ln=primefaces&v=4.0 HTTP/1.1" 304 -
201.245.192.253 - - [25/Sep/2023:09:38:10 -0500] "GET /sipse/faces/javax.faces.resource/jquery/jquery-plugins.js?ln=primefaces&v=4.0 HTTP/1.1" 304 -
201.245.192.253 - - [25/Sep/2023:09:38:10 -0500] "GET /sipse/faces/javax.faces.resource/jquery/jquery.js?ln=primefaces&v=4.0 HTTP/1.1" 304 -
201.245.192.253 - - [25/Sep/2023:09:38:10 -0500] "GET /sipse/faces/javax.faces.resource/primefaces.js?ln=primefaces&v=4.0 HTTP/1.1" 304 -
201.245.192.253 - - [25/Sep/2023:09:38:10 -0500] "GET /sipse/faces/javax.faces.resource/layout/layout.js?ln=primefaces&v=4.0 HTTP/1.1" 304 -
201.245.192.253 - - [25/Sep/2023:09:38:10 -0500] "GET /sipse/faces/javax.faces.resource/dynamiccontent.properties?ln=primefaces&pfdrid=XjOR5%2F%2FfPAZAuY9TpWQeCiM0BhlXxYRBGKi%2FQcXXfeA%3D&pfdrid_c=false HTTP/1.1" 500 383
201.221.172.1 - - [25/Sep/2023:09:38:10 -0500] "POST /sipse/faces/presentacion/financiero/solicitudProceso/detalleSolicitudProcesoOtrosPagos.xhtml HTTP/1.1" 200 10040
216.244.66.195 - - [25/Sep/2023:09:38:13 -0500] "GET /BLA/resoluciones/RESOLUCIONES%202021/1430.pdf HTTP/1.1" 200 380148
201.221.172.1 - - [25/Sep/2023:09:38:27 -0500] "POST /sipse/faces/presentacion/financiero/solicitudProceso/detalleSolicitudProcesoOtrosPagos.xhtml HTTP/1.1" 200 3519
201.245.192.253 - - [25/Sep/2023:09:38:28 -0500] "POST /kwsrmcab/Wsrmcab HTTP/1.1" 200 41966
31.13.103.117 - - [25/Sep/2023:09:38:31 -0500] "GET /el-idiger-inicia-charlas-informativas-para-participar-en-el-simulacro-distrital-de-evacuacion-dia-y-de-noche.html HTTP/1.1" 200 1001
201.245.192.253 - - [25/Sep/2023:09:38:31 -0500] "POST /kwsrmcab/Wsrmcab HTTP/1.1" 200 41412
216.244.66.195 - - [25/Sep/2023:09:38:34 -0500] "GET /BLA/resoluciones/RESOLUCIONES%202021/1903.pdf HTTP/1.1" 200 351570
201.221.172.1 - - [25/Sep/2023:09:38:34 -0500] "POST /sipse/faces/presentacion/financiero/solicitudProceso/detalleSolicitudProcesoOtrosPagos.xhtml HTTP/1.1" 200 3515
201.221.172.1 - - [25/Sep/2023:09:38:41 -0500] "POST /sipse/faces/presentacion/financiero/solicitudProceso/detalleSolicitudProcesoOtrosPagos.xhtml HTTP/1.1" 200 3515
186.102.59.27 - - [25/Sep/2023:09:38:49 -0500] "GET /kwssiamovil/sm/ldap/au?x=U2FsdGVkX1/xWJ1ER1WClZLyG+yOv92UqQVVOGNdtxXTASIj6VrV/uH0Xm6lEFcW&y=U2FsdGVkX1+fLS+ML+KyHrJiSCzCGDQParicQZmMU50= HTTP/1.1" 200 30
216.244.66.195 - - [25/Sep/2023:09:38:55 -0500] "GET /BLA/resoluciones/RESOLUCIONES%202021/1964.pdf HTTP/1.1" 200 342121
186.102.59.27 - - [25/Sep/2023:09:39:03 -0500] "GET /kwssiamovil/sm/ldap/au?x=U2FsdGVkX1+tqpZnDPsCUyk7PDNvzmXFhOUaB0iilwAHozduyrgVYmSXXjuDrwiQ&y=U2FsdGVkX1+oOKsAoepNy8F/F0kIt3yJUdWqIU2XvCnRGdjBU0np5Ph5WQwxDh4Y HTTP/1.1" 200 30
216.244.66.195 - - [25/Sep/2023:09:39:14 -0500] "GET /BLA/resoluciones/RESOLUCIONES%202021/2848.pdf HTTP/1.1" 200 370702
52.167.144.136 - - [25/Sep/2023:09:39:23 -0500] "GET /BLA/resoluciones/RESOLUCIONES%202022/5118.pdf HTTP/1.1" 200 442613
216.244.66.195 - - [25/Sep/2023:09:39:33 -0500] "GET /BLA/resoluciones/RESOLUCIONES%202021/2850.pdf HTTP/1.1" 200 371750
172.22.2.4 - - [25/Sep/2023:09:39:38 -0500] "GET /BLA/boletinlegal/xmlrpc.php HTTP/1.1" 404 1038
216.244.66.195 - - [25/Sep/2023:09:39:50 -0500] "GET /BLA/resoluciones/RESOLUCIONES%202021/2881.pdf HTTP/1.1" 200 344010
181.61.206.84 - - [25/Sep/2023:09:40:04 -0500] "POST /appsia/controlador HTTP/1.1" 200 7783
201.221.172.1 - - [25/Sep/2023:09:40:07 -0500] "POST /sipse/faces/presentacion/financiero/solicitudProceso/detalleSolicitudProcesoOtrosPagos.xhtml HTTP/1.1" 200 190
201.221.172.1 - - [25/Sep/2023:09:40:07 -0500] "GET /sipse/faces/presentacion/financiero/solicitudProceso/solicitudProcesoOtrosPagos.xhtml HTTP/1.1" 200 34045
201.221.172.1 - - [25/Sep/2023:09:40:08 -0500] "GET /sipse/faces/javax.faces.resource/theme.css?ln=primefaces-sipse HTTP/1.1" 304 -
201.221.172.1 - - [25/Sep/2023:09:40:08 -0500] "GET /sipse/faces/javax.faces.resource/primefaces.js?ln=primefaces&v=4.0 HTTP/1.1" 304 -
201.221.172.1 - - [25/Sep/2023:09:40:08 -0500] "GET /sipse/faces/javax.faces.resource/primefaces.css?ln=primefaces&v=4.0 HTTP/1.1" 304 -
201.221.172.1 - - [25/Sep/2023:09:40:08 -0500] "GET /sipse/faces/javax.faces.resource/layout/layout.css?ln=primefaces&v=4.0 HTTP/1.1" 304 -
201.221.172.1 - - [25/Sep/2023:09:40:08 -0500] "GET /sipse/faces/javax.faces.resource/jquery/jquery.js?ln=primefaces&v=4.0 HTTP/1.1" 304 -
201.221.172.1 - - [25/Sep/2023:09:40:08 -0500] "GET /sipse/faces/javax.faces.resource/layout/layout.js?ln=primefaces&v=4.0 HTTP/1.1" 304 -
201.221.172.1 - - [25/Sep/2023:09:40:08 -0500] "GET /sipse/faces/javax.faces.resource/jquery/jquery-plugins.js?ln=primefaces&v=4.0 HTTP/1.1" 304 -
201.221.172.1 - - [25/Sep/2023:09:40:08 -0500] "GET /sipse/faces/javax.faces.resource/images/ui-icons_898989_256x240.png?ln=primefaces-aristo HTTP/1.1" 304 -
201.221.172.1 - - [25/Sep/2023:09:40:08 -0500] "GET /sipse/faces/javax.faces.resource/messages/messages.png?ln=primefaces&v=4.0 HTTP/1.1" 304 -
201.245.192.253 - - [25/Sep/2023:09:40:09 -0500] "POST /forms/lservlet;jsessionid=ac16012b30d61562d539941a44668f2cd49f1ad5d4d4.e3iSbxaKaheRe34Pbx8Nc3aQci1ynknvrkLOlQzNp65In0 HTTP/1.1" 200 2
201.221.172.1 - - [25/Sep/2023:09:40:09 -0500] "GET /sipse/faces/javax.faces.resource/images/ui-bg_flat_0_2d5972_40x100.png?ln=primefaces-aristo HTTP/1.1" 304 -
201.221.172.1 - - [25/Sep/2023:09:40:09 -0500] "POST /sipse/faces/presentacion/financiero/solicitudProceso/solicitudProcesoOtrosPagos.xhtml HTTP/1.1" 200 49714
201.221.172.1 - - [25/Sep/2023:09:40:10 -0500] "GET /sipse/faces/javax.faces.resource/fileupload/fileupload.css?ln=primefaces&v=4.0 HTTP/1.1" 304 -
201.221.172.1 - - [25/Sep/2023:09:40:10 -0500] "GET /sipse/faces/javax.faces.resource/jquery/jquery.js?ln=primefaces&v=4.0 HTTP/1.1" 304 -
201.221.172.1 - - [25/Sep/2023:09:40:10 -0500] "GET /sipse/faces/javax.faces.resource/jquery/jquery-plugins.js?ln=primefaces&v=4.0 HTTP/1.1" 304 -
201.221.172.1 - - [25/Sep/2023:09:40:10 -0500] "GET /sipse/faces/javax.faces.resource/primefaces.js?ln=primefaces&v=4.0 HTTP/1.1" 304 -
201.221.172.1 - - [25/Sep/2023:09:40:10 -0500] "GET /sipse/faces/javax.faces.resource/layout/layout.js?ln=primefaces&v=4.0 HTTP/1.1" 304 -
201.221.172.1 - - [25/Sep/2023:09:40:10 -0500] "GET /sipse/faces/javax.faces.resource/fileupload/fileupload.js?ln=primefaces&v=4.0 HTTP/1.1" 304 -
181.61.206.84 - - [25/Sep/2023:09:40:11 -0500] "POST /appsia/controlador HTTP/1.1" 200 6648
181.61.206.84 - - [25/Sep/2023:09:40:12 -0500] "POST /appsia/controlador HTTP/1.1" 200 10553
201.221.172.1 - - [25/Sep/2023:09:40:31 -0500] "POST /sipse/faces/presentacion/financiero/solicitudProceso/detalleSolicitudProcesoOtrosPagos.xhtml HTTP/1.1" 200 26351
201.221.172.1 - - [25/Sep/2023:09:40:31 -0500] "GET /sipse/faces/javax.faces.resource/jquery/jquery.js?ln=primefaces&v=4.0 HTTP/1.1" 304 -
201.221.172.1 - - [25/Sep/2023:09:40:31 -0500] "GET /sipse/faces/javax.faces.resource/jquery/jquery-plugins.js?ln=primefaces&v=4.0 HTTP/1.1" 304 -
201.221.172.1 - - [25/Sep/2023:09:40:31 -0500] "GET /sipse/faces/javax.faces.resource/primefaces.js?ln=primefaces&v=4.0 HTTP/1.1" 304 -
201.221.172.1 - - [25/Sep/2023:09:40:31 -0500] "GET /sipse/faces/javax.faces.resource/layout/layout.js?ln=primefaces&v=4.0 HTTP/1.1" 304 -
201.221.172.1 - - [25/Sep/2023:09:40:39 -0500] "POST /sipse/faces/presentacion/financiero/solicitudProceso/consultarHistorialSolProceso.xhtml HTTP/1.1" 200 55365
201.221.172.1 - - [25/Sep/2023:09:40:39 -0500] "GET /sipse/faces/javax.faces.resource/jquery/jquery.js?ln=primefaces&v=4.0 HTTP/1.1" 304 -
201.221.172.1 - - [25/Sep/2023:09:40:39 -0500] "GET /sipse/faces/javax.faces.resource/theme.css?ln=primefaces-sipse HTTP/1.1" 304 -
201.221.172.1 - - [25/Sep/2023:09:40:39 -0500] "GET /sipse/faces/javax.faces.resource/layout/layout.css?ln=primefaces&v=4.0 HTTP/1.1" 304 -
201.221.172.1 - - [25/Sep/2023:09:40:39 -0500] "GET /sipse/faces/javax.faces.resource/primefaces.css?ln=primefaces&v=4.0 HTTP/1.1" 304 -
201.221.172.1 - - [25/Sep/2023:09:40:39 -0500] "GET /sipse/faces/javax.faces.resource/fileupload/fileupload.js?ln=primefaces&v=4.0 HTTP/1.1" 304 -
201.221.172.1 - - [25/Sep/2023:09:40:39 -0500] "GET /sipse/faces/javax.faces.resource/layout/layout.js?ln=primefaces&v=4.0 HTTP/1.1" 304 -
201.221.172.1 - - [25/Sep/2023:09:40:39 -0500] "GET /sipse/faces/javax.faces.resource/fileupload/fileupload.css?ln=primefaces&v=4.0 HTTP/1.1" 304 -
201.221.172.1 - - [25/Sep/2023:09:40:39 -0500] "GET /sipse/faces/javax.faces.resource/jquery/jquery-plugins.js?ln=primefaces&v=4.0 HTTP/1.1" 304 -
201.221.172.1 - - [25/Sep/2023:09:40:39 -0500] "GET /sipse/faces/javax.faces.resource/primefaces.js?ln=primefaces&v=4.0 HTTP/1.1" 304 -
201.221.172.1 - - [25/Sep/2023:09:40:39 -0500] "GET /sipse/faces/javax.faces.resource/images/ui-icons_898989_256x240.png?ln=primefaces-aristo HTTP/1.1" 304 -
186.102.59.27 - - [25/Sep/2023:09:40:47 -0500] "GET /kwssiamovil/sm/ldap/au?x=U2FsdGVkX1+MGJR8uvSGXPzdDhq8dnZoDJjF3elGTzPJxycZZeTMIuYLyPo6L+v5&y=U2FsdGVkX1/wXv6+L946n9bUwRZOF0WRO8uCWTJRTw8= HTTP/1.1" 200 30
181.61.206.84 - - [25/Sep/2023:09:40:51 -0500] "POST /appsia/controlador HTTP/1.1" 200 7783
181.61.206.84 - - [25/Sep/2023:09:40:53 -0500] "POST /appsia/controlador HTTP/1.1" 200 5437
216.245.221.92 - - [25/Sep/2023:09:40:53 -0500] "HEAD / HTTP/1.1" 200 -
181.61.206.84 - - [25/Sep/2023:09:40:55 -0500] "POST /appsia/controlador HTTP/1.1" 200 4799
186.102.85.56 - - [25/Sep/2023:09:41:18 -0500] "GET /kwssiamovil/sm/ldap/au?x=U2FsdGVkX1/oFOtjgbPMV4CLTELD+1iHzAxg3a2tz254XFI97EhiS8MvTAjqTWch&y=U2FsdGVkX1+hWra+hHt05tFEHzWicxxbgFOO165PDvA= HTTP/1.1" 200 31
201.245.192.253 - - [25/Sep/2023:09:41:20 -0500] "POST /sipse/faces/presentacion/financiero/solicitudProceso/consultarHistorialSolProceso.xhtml HTTP/1.1" 200 911
201.245.192.253 - - [25/Sep/2023:09:41:21 -0500] "GET /sipse/faces/presentacion/financiero/solicitudProceso/faces/autenticacion HTTP/1.1" 302 -
201.245.192.253 - - [25/Sep/2023:09:41:21 -0500] "GET /sipse/faces/autenticacion.xhtml HTTP/1.1" 200 12414
201.245.192.253 - - [25/Sep/2023:09:41:21 -0500] "GET /sipse/faces/javax.faces.resource/theme.css?ln=primefaces-sipse HTTP/1.1" 304 -
201.245.192.253 - - [25/Sep/2023:09:41:21 -0500] "GET /sipse/faces/javax.faces.resource/primefaces.css?ln=primefaces&v=4.0 HTTP/1.1" 304 -
201.245.192.253 - - [25/Sep/2023:09:41:21 -0500] "GET /sipse/faces/javax.faces.resource/layout/layout.css?ln=primefaces&v=4.0 HTTP/1.1" 304 -
201.245.192.253 - - [25/Sep/2023:09:41:21 -0500] "GET /sipse/faces/javax.faces.resource/jquery/jquery-plugins.js?ln=primefaces&v=4.0 HTTP/1.1" 304 -
201.245.192.253 - - [25/Sep/2023:09:41:21 -0500] "GET /sipse/faces/javax.faces.resource/primefaces.js?ln=primefaces&v=4.0 HTTP/1.1" 304 -
201.245.192.253 - - [25/Sep/2023:09:41:21 -0500] "GET /sipse/faces/javax.faces.resource/jquery/jquery.js?ln=primefaces&v=4.0 HTTP/1.1" 304 -
201.245.192.253 - - [25/Sep/2023:09:41:21 -0500] "GET /sipse/faces/javax.faces.resource/layout/layout.js?ln=primefaces&v=4.0 HTTP/1.1" 304 -
201.245.192.253 - - [25/Sep/2023:09:41:21 -0500] "GET /sipse/faces/javax.faces.resource/images/ui-icons_898989_256x240.png?ln=primefaces-aristo HTTP/1.1" 304 -
201.245.192.253 - - [25/Sep/2023:09:41:23 -0500] "POST /sipse/faces/autenticacion.xhtml HTTP/1.1" 200 2217
201.245.192.253 - - [25/Sep/2023:09:41:23 -0500] "GET /sipse/faces/javax.faces.resource/messages/messages.png?ln=primefaces&v=4.0 HTTP/1.1" 304 -
201.245.192.253 - - [25/Sep/2023:09:41:24 -0500] "POST /sipse/faces/autenticacion.xhtml HTTP/1.1" 200 16383
201.245.192.253 - - [25/Sep/2023:09:41:24 -0500] "GET /sipse/faces/javax.faces.resource/layout/layout.css?ln=primefaces&v=4.0 HTTP/1.1" 304 -
201.245.192.253 - - [25/Sep/2023:09:41:24 -0500] "GET /sipse/faces/javax.faces.resource/primefaces.css?ln=primefaces&v=4.0 HTTP/1.1" 304 -
201.245.192.253 - - [25/Sep/2023:09:41:24 -0500] "GET /sipse/faces/javax.faces.resource/theme.css?ln=primefaces-sipse HTTP/1.1" 304 -
201.245.192.253 - - [25/Sep/2023:09:41:24 -0500] "GET /sipse/faces/javax.faces.resource/jquery/jquery.js?ln=primefaces&v=4.0 HTTP/1.1" 304 -
201.245.192.253 - - [25/Sep/2023:09:41:24 -0500] "GET /sipse/faces/javax.faces.resource/jquery/jquery-plugins.js?ln=primefaces&v=4.0 HTTP/1.1" 304 -
201.245.192.253 - - [25/Sep/2023:09:41:24 -0500] "GET /sipse/faces/javax.faces.resource/primefaces.js?ln=primefaces&v=4.0 HTTP/1.1" 304 -
201.245.192.253 - - [25/Sep/2023:09:41:24 -0500] "GET /sipse/faces/javax.faces.resource/layout/layout.js?ln=primefaces&v=4.0 HTTP/1.1" 304 -
201.245.192.253 - - [25/Sep/2023:09:41:24 -0500] "GET /sipse/css/imagen/contrasena.png HTTP/1.1" 404 383
186.102.85.56 - - [25/Sep/2023:09:41:25 -0500] "GET /kwssiamovil/sm/ldap/au?x=U2FsdGVkX19ONsDNHjbux8XBUrnJX1WeYiT7EugbF4LH+pbmyhMgqjQbzU1WmlTd&y=U2FsdGVkX1/070MlPJmXk3wP8RuFmGhlz82knOOU564= HTTP/1.1" 200 31
201.245.192.253 - - [25/Sep/2023:09:41:25 -0500] "GET /sipse/faces/javax.faces.resource/images/ui-bg_flat_0_2d5972_40x100.png?ln=primefaces-aristo HTTP/1.1" 304 -
201.245.192.253 - - [25/Sep/2023:09:41:25 -0500] "POST /sipse/faces/bienvenido.xhtml HTTP/1.1" 200 2658
201.245.192.253 - - [25/Sep/2023:09:41:25 -0500] "POST /sipse/faces/bienvenido.xhtml HTTP/1.1" 200 64065
201.245.192.253 - - [25/Sep/2023:09:41:26 -0500] "GET /sipse/faces/javax.faces.resource/primefaces.css?ln=primefaces&v=4.0 HTTP/1.1" 304 -
201.245.192.253 - - [25/Sep/2023:09:41:26 -0500] "GET /sipse/faces/javax.faces.resource/layout/layout.css?ln=primefaces&v=4.0 HTTP/1.1" 304 -
201.245.192.253 - - [25/Sep/2023:09:41:26 -0500] "GET /sipse/faces/javax.faces.resource/theme.css?ln=primefaces-sipse HTTP/1.1" 304 -
201.245.192.253 - - [25/Sep/2023:09:41:26 -0500] "GET /sipse/faces/javax.faces.resource/jquery/jquery.js?ln=primefaces&v=4.0 HTTP/1.1" 304 -
201.245.192.253 - - [25/Sep/2023:09:41:26 -0500] "GET /sipse/faces/javax.faces.resource/jquery/jquery-plugins.js?ln=primefaces&v=4.0 HTTP/1.1" 304 -
201.245.192.253 - - [25/Sep/2023:09:41:26 -0500] "GET /sipse/faces/javax.faces.resource/primefaces.js?ln=primefaces&v=4.0 HTTP/1.1" 304 -
201.245.192.253 - - [25/Sep/2023:09:41:26 -0500] "GET /sipse/faces/javax.faces.resource/layout/layout.js?ln=primefaces&v=4.0 HTTP/1.1" 304 -
201.245.192.253 - - [25/Sep/2023:09:41:26 -0500] "POST /sipse/faces/presentacion/financiero/solicitudProceso/listarSolicitudProceso.xhtml HTTP/1.1" 200 1552
173.252.111.4 - - [25/Sep/2023:09:41:27 -0500] "GET /participa-en-la-convocatoria-para-el-aseguramiento-metrologico-de-la-red-de-monitoreo-de-calidad-del-aire-de-bogota.html HTTP/1.1" 200 848
186.102.59.27 - - [25/Sep/2023:09:41:29 -0500] "GET /kwssiamovil/sm/ldap/au?x=U2FsdGVkX1/eF4VSnGWn/nCgoux5aK1sNdMOv0DNTIDnV8YTLT1AnThWh/qOMjzH&y=U2FsdGVkX1+Gl6eK7Mk4TmLJxbo1Iq1wtRxKZOeC8S7+eF3S2dQM5+8IGtcYAH6h HTTP/1.1" 200 30
201.245.192.253 - - [25/Sep/2023:09:41:33 -0500] "POST /sipse/faces/presentacion/financiero/solicitudProceso/listarSolicitudProceso.xhtml HTTP/1.1" 200 46402
201.245.192.253 - - [25/Sep/2023:09:41:34 -0500] "POST /sipse/faces/presentacion/financiero/solicitudProceso/listarSolicitudProceso.xhtml HTTP/1.1" 200 1556
201.245.192.253 - - [25/Sep/2023:09:41:34 -0500] "POST /sipse/faces/presentacion/financiero/solicitudProceso/listarSolicitudProceso.xhtml HTTP/1.1" 200 28953
201.245.192.253 - - [25/Sep/2023:09:41:34 -0500] "POST /sipse/faces/presentacion/financiero/solicitudProceso/listarSolicitudProceso.xhtml HTTP/1.1" 200 40947
186.102.59.27 - - [25/Sep/2023:09:41:56 -0500] "GET /kwssiamovil/sm/ldap/au?x=U2FsdGVkX18aU50cv55CitZadNBvhWsHWQ0/+3lHgR0W0+pQti/OaS4dJcK0wZEZ&y=U2FsdGVkX1+71WFWjcN0is7As82ua6PxIOPvUvI9clbaGkAK79EhNTsGEPLEHEEY HTTP/1.1" 200 30
172.22.2.4 - - [25/Sep/2023:09:40:16 -0500] "HEAD /BLA/boletinlegal/ HTTP/1.1" 200 -
186.102.59.27 - - [25/Sep/2023:09:41:56 -0500] "GET /kwssiamovil/sm/acme/s?s=U2FsdGVkX18vu2LcwJFQRKgDURN+ipsRloCwDZGfeQJxR76+IcSUy0+jwjNDtKIOJ8kyd4oPTEFwYl8QfxRIhptzP2/8zujTDkwkhXtDYdE=&u=U2FsdGVkX1+61DPWjnz1A2BpdT516uS9F/g178C1AGjQCoYn5WLOw7r8GlUMVcvz&y=U2FsdGVkX1+71WFWjcN0is7As82ua6PxIOPvUvI9clbaGkAK79EhNTsGEPLEHEEY HTTP/1.1" 200 97
186.102.59.27 - - [25/Sep/2023:09:41:56 -0500] "GET /kwssiamovil/sm/acme/s?s=U2FsdGVkX19BrMtM7pHt6N6TcXqxVcoTa5MMOGH9uAloGpH/417hzJIYjL7KhvomHmmrgvY7CPm09Dr6u9jZppsOGK0B+uN58a1DjVwPmfPaLYxEEg4EnpZAEAPLNa9K22qWk1brheidzl6b+8Jqo0QKfPbGPCnmNlygbjI6p3RT/oCy/1H8jSeiWPX34U2m0GwptzzbGqUTirr7Mevtal6PJcFi1m3nxfvpyQlMa2+kNldD4SNyNVH68nPKwcEo1j+IAm9WMq4GR/u404LuifQKSXNOlkMUgZA8EE/18EEFQUiR8F4O+mC/hCuvXXa4i0H2C3vhc8e0E+1MNDvuI2EDm0OELVAw0sPofBc1t+/T7Xed+3LazRqI2yqgBzyeJ3V+AwWXVpkFxsZM2hpvCRQVW5Cjd3G2MMlnHEWiCDVcWTOoYXhECeO4zEX9zmF+MJVMpVMxIOOQIJHwIJOeCyoFCflQiHBKxS4jExSXnCXiGD3NH8IA3ScsJ6xE1x7teusyZcCBGdkj2mq9kwNb+U6A3rzF//O0Xfci/5tbes9LgbWN9nZvP1f5BT5OvyYiq6oYDpEGVECiARwXQpDW2xhA1drchTKSA/u9QnomexZkOfIjGd4Zd/tXy5C8+tBtHPmWHM4kq7bOWBABhokxS+RwVz8aUxuKMZdtMK4a8jySZZYfNhl7VaxBdob8a/rOlgay3qVxNlgOIsXsKFEtjx5SyEExFTGF3zC2hqC0hnSQniiem+A7yyJxVUYHw+4bHoTarKKykqpbJBbEbDxL/b9VSSyIAKdh5sZVj7BOn4tDQXBkoACiwQaSfM85qyBuZmVQqEU0uN7Ncjw/d9oo2tEyNt48QgGCHMel2SaUreXJ04soFIEH5/yps5ZyHT5z8ySfBsZoII+7FrCDFGIKhu84evUlRYiqqJwbHHvnoV6oDr5FDTrYe9lQ2OLulG5b1Y5stzYSN9lMwDkcyomSxW1dtr/P82GZwy4nnYEmsFI1ZQZ318g9T3Zd/4dzPeRMnZdAj0fRrCZuLTHgsusu2O8YUyQm4TExL6Zajj+NlvsPBNN5M1rm62nP7gNj87xZ1JuLP9cxrFzWUcTuQWGkuYQo1SvokQlVg6hJPgGw75ml06wSgvBjxJ7rixruK6FkhdMtjlmiEWn6sUE9Bi5HRcnW+csw2wTu8l8/ThjgocbSExKwOF+RUNifN5iBH3eThPwFnfbIUYLNvfutx+VPUZk6mfNHvmn4ItNQAohTAWNGfftDwEnCPrky+cKaONl7Z7dlS7F2R4bsgkdCSmWvLgjVSOMN10DOTqGcMt0G3xWqb4hHo0vfy1VQ8vWUgHUpusYrS8pSZq+ZN3zmLumeECVkB3FdoJLmBr3Nk7J7dKtKAneHbanIE/hc/aZCATwlFlFpEtHwmkUj9i5wcYeoMObn4QJTuNI5VBuJJmAEMwQnVYMmMyhB3q82Mxxy1DMGK/HCO5niY78qoBxLXr7mRRQlHbahvonWtujHhyiIsBH54NG/VwPCF/RdI8+bC6e1tgPtIqn2h6lxr8F80uExC21QhvxkwGKlamkdt/Y3bbdpJphsBQpr/OR7szENzt1XX809g4U3DX1Tp+0OVGdHHvxtvutg3Ch6DiahUCzAQYpyUkq0XOd5DDPTzhFpFWSLvQHLeuwMiQQDWNdaFRFuq1C4Lg0Fkh2f/SZUJ7G0NKdNIaoqoheiFQvpaW7E1sxTENgCGbGGTBlTOckhDvzY5PCAELzzeNFNmptpoKq/MzHgywCSivhU7Dv9JQ/PBoQZ&u=U2FsdGVkX1+61DPWjnz1A2BpdT516uS9F/g178C1AGjQCoYn5WLOw7r8GlUMVcvz&y=U2FsdGVkX1+71WFWjcN0is7As82ua6PxIOPvUvI9clbaGkAK79EhNTsGEPLEHEEY HTTP/1.1" 200 897
186.102.59.27 - - [25/Sep/2023:09:41:57 -0500] "GET /kwssiamovil/sm/acme/s?s=U2FsdGVkX19xWQt5JwduOQ9/m/NqPi3wnVfjJ06lHrU1UoBcPR29z28xVCxq5JCByvasCwjNDuxcmxPlpLCwf4abOVfk6ObiRlJBbjpeKwXPmTnrjfr6swT2TlssOGm4oY9ixYRG1kmNDtNb6dfXjA==&u=U2FsdGVkX1+61DPWjnz1A2BpdT516uS9F/g178C1AGjQCoYn5WLOw7r8GlUMVcvz&y=U2FsdGVkX1+71WFWjcN0is7As82ua6PxIOPvUvI9clbaGkAK79EhNTsGEPLEHEEY HTTP/1.1" 200 92
186.102.59.27 - - [25/Sep/2023:09:41:57 -0500] "GET /kwssiamovil/sm/acme/s?s=U2FsdGVkX1/503q/nsXmNFiVQfgBH642dXQ5N6/6jzhB2u7ioE9s8FozNAhAZa2vPNn3seVkaN6Bq6+GuHQKLhBxkfFM8vvpLicp2/e1I6WtjhYC5Oxaih0tg0fFmoU2kmPWNL3gM8I3q9eED7v3J9JKZhpy7eWgmuZ9Id/137oi7Z+RNfnWFVzK1aqJktD4M5FdlOf6HVjs7JZgJlkarfEQF5I/MTghDw/3arSg1Ce4An40RI/ZCrX29ZQ0nij9HR9NxKvrHDVb32kocDWDCF2O0EaiuaULvvNJDvu629hC/EjShQz40gvyOczGKmmbi+IzH5ppQOJAE561EOrik9SpvgBTagSOFXOVMrSA386x1G4fwJuHEVv5PyK32iKs6HSNQlYjUgWh6YrRhpedXe2okFuUIDkKdAphzVqG4Woz7xVNa4IhrB5D4JiBFxWhZeh0P1p5C96mJBZD2Jwp0WVM5Yd7gsTjZ9L4jKFb2RrEB19QLtfi0KlQeNqiM0MivUMJro4gfgFa5J+HQ5sU8r4zuwIX871ZW1MI6qsOScoyWFK+jZmTA4mtNpTXT5ATOQHlDwLNOlCdglkMBTLiWC5+tlqzTnz1jL+T4SKBFrKsTYVqgcegC4SDq3KDbFU675MGiUGa55OyC2GnfyqKuTBJQTIqIPSONx7dk9F9KwU3+38Z6RkjeKZGlhfOWv96ywikIFLExwp5qmTnxJJCwpGYV1Zw2yeqJV0g0kLvHfSAitdr/zm2OuvZB+Lynr4JTbaXG43RCTsbHA8ksjyfWA==&u=U2FsdGVkX1+61DPWjnz1A2BpdT516uS9F/g178C1AGjQCoYn5WLOw7r8GlUMVcvz&y=U2FsdGVkX1+71WFWjcN0is7As82ua6PxIOPvUvI9clbaGkAK79EhNTsGEPLEHEEY HTTP/1.1" 200 1095
186.102.59.27 - - [25/Sep/2023:09:41:57 -0500] "GET /kwssiamovil/sm/cjson/pre?f=17&x=U2FsdGVkX18aU50cv55CitZadNBvhWsHWQ0/+3lHgR0W0+pQti/OaS4dJcK0wZEZ HTTP/1.1" 200 12747
186.102.59.27 - - [25/Sep/2023:09:41:57 -0500] "GET /kwssiamovil/sm/cjson/pre?f=7&x=U2FsdGVkX18aU50cv55CitZadNBvhWsHWQ0/+3lHgR0W0+pQti/OaS4dJcK0wZEZ HTTP/1.1" 200 93332
186.102.59.27 - - [25/Sep/2023:09:41:57 -0500] "GET /kwssiamovil/sm/cjson/pre?f=4&x=U2FsdGVkX18aU50cv55CitZadNBvhWsHWQ0/+3lHgR0W0+pQti/OaS4dJcK0wZEZ HTTP/1.1" 200 33589
186.102.59.27 - - [25/Sep/2023:09:41:57 -0500] "GET /kwssiamovil/sm/cjson/pre?f=6&x=U2FsdGVkX18aU50cv55CitZadNBvhWsHWQ0/+3lHgR0W0+pQti/OaS4dJcK0wZEZ HTTP/1.1" 200 34953
186.102.59.27 - - [25/Sep/2023:09:41:58 -0500] "GET /kwssiamovil/sm/cjson/pre?f=8&x=U2FsdGVkX18aU50cv55CitZadNBvhWsHWQ0/+3lHgR0W0+pQti/OaS4dJcK0wZEZ HTTP/1.1" 200 36010
186.102.59.27 - - [25/Sep/2023:09:41:57 -0500] "GET /kwssiamovil/sm/cjson/pre?f=5&x=U2FsdGVkX18aU50cv55CitZadNBvhWsHWQ0/+3lHgR0W0+pQti/OaS4dJcK0wZEZ HTTP/1.1" 200 96431
186.102.59.27 - - [25/Sep/2023:09:41:57 -0500] "GET /kwssiamovil/sm/cjson/pre?f=3&x=U2FsdGVkX18aU50cv55CitZadNBvhWsHWQ0/+3lHgR0W0+pQti/OaS4dJcK0wZEZ HTTP/1.1" 200 94843
201.245.192.253 - - [25/Sep/2023:09:42:09 -0500] "POST /forms/lservlet;jsessionid=ac16012b30d61562d539941a44668f2cd49f1ad5d4d4.e3iSbxaKaheRe34Pbx8Nc3aQci1ynknvrkLOlQzNp65In0 HTTP/1.1" 200 2
201.245.192.253 - - [25/Sep/2023:09:42:13 -0500] "POST /sipse/faces/presentacion/financiero/solicitudProceso/consultarSolicitudProceso.xhtml HTTP/1.1" 200 19357
201.245.192.253 - - [25/Sep/2023:09:42:14 -0500] "GET /sipse/faces/javax.faces.resource/theme.css?ln=primefaces-sipse HTTP/1.1" 304 -
201.245.192.253 - - [25/Sep/2023:09:42:14 -0500] "GET /sipse/faces/javax.faces.resource/jquery/jquery-plugins.js?ln=primefaces&v=4.0 HTTP/1.1" 304 -
201.245.192.253 - - [25/Sep/2023:09:42:14 -0500] "GET /sipse/faces/javax.faces.resource/fileupload/fileupload.css?ln=primefaces&v=4.0 HTTP/1.1" 304 -
201.245.192.253 - - [25/Sep/2023:09:42:14 -0500] "GET /sipse/faces/javax.faces.resource/jquery/jquery.js?ln=primefaces&v=4.0 HTTP/1.1" 304 -
201.245.192.253 - - [25/Sep/2023:09:42:14 -0500] "GET /sipse/faces/javax.faces.resource/primefaces.css?ln=primefaces&v=4.0 HTTP/1.1" 304 -
201.245.192.253 - - [25/Sep/2023:09:42:14 -0500] "GET /sipse/faces/javax.faces.resource/layout/layout.css?ln=primefaces&v=4.0 HTTP/1.1" 304 -
201.245.192.253 - - [25/Sep/2023:09:42:14 -0500] "GET /sipse/faces/javax.faces.resource/primefaces.js?ln=primefaces&v=4.0 HTTP/1.1" 304 -
201.245.192.253 - - [25/Sep/2023:09:42:14 -0500] "GET /sipse/faces/javax.faces.resource/fileupload/fileupload.js?ln=primefaces&v=4.0 HTTP/1.1" 304 -
201.245.192.253 - - [25/Sep/2023:09:42:14 -0500] "GET /sipse/faces/javax.faces.resource/layout/layout.js?ln=primefaces&v=4.0 HTTP/1.1" 304 -
201.245.192.253 - - [25/Sep/2023:09:42:14 -0500] "GET /sipse/css/imagen/contrasena.png HTTP/1.1" 404 383
201.245.192.253 - - [25/Sep/2023:09:42:14 -0500] "GET /sipse/faces/javax.faces.resource/images/ui-icons_898989_256x240.png?ln=primefaces-aristo HTTP/1.1" 304 -
201.245.192.253 - - [25/Sep/2023:09:42:20 -0500] "POST /sipse/faces/presentacion/sistema/anexos/cargarAnexoSolicitudProceso.xhtml HTTP/1.1" 200 170445
201.245.192.253 - - [25/Sep/2023:09:42:20 -0500] "GET /sipse/faces/javax.faces.resource/theme.css?ln=primefaces-sipse HTTP/1.1" 304 -
201.245.192.253 - - [25/Sep/2023:09:42:20 -0500] "GET /sipse/faces/javax.faces.resource/primefaces.css?ln=primefaces&v=4.0 HTTP/1.1" 304 -
201.245.192.253 - - [25/Sep/2023:09:42:20 -0500] "GET /sipse/faces/javax.faces.resource/jquery/jquery-plugins.js?ln=primefaces&v=4.0 HTTP/1.1" 304 -
201.245.192.253 - - [25/Sep/2023:09:42:20 -0500] "GET /sipse/faces/javax.faces.resource/primefaces.js?ln=primefaces&v=4.0 HTTP/1.1" 304 -
201.245.192.253 - - [25/Sep/2023:09:42:20 -0500] "GET /sipse/faces/javax.faces.resource/layout/layout.css?ln=primefaces&v=4.0 HTTP/1.1" 304 -
201.245.192.253 - - [25/Sep/2023:09:42:20 -0500] "GET /sipse/faces/javax.faces.resource/jquery/jquery.js?ln=primefaces&v=4.0 HTTP/1.1" 304 -
201.245.192.253 - - [25/Sep/2023:09:42:20 -0500] "GET /sipse/faces/javax.faces.resource/layout/layout.js?ln=primefaces&v=4.0 HTTP/1.1" 304 -
201.245.192.253 - - [25/Sep/2023:09:42:20 -0500] "GET /sipse/faces/javax.faces.resource/images/ui-icons_898989_256x240.png?ln=primefaces-aristo HTTP/1.1" 304 -
201.245.192.253 - - [25/Sep/2023:09:42:24 -0500] "POST /sipse/faces/presentacion/financiero/solicitudProceso/consultarSolicitudProceso.xhtml HTTP/1.1" 200 171065
201.245.192.253 - - [25/Sep/2023:09:42:26 -0500] "GET /sipse/faces/javax.faces.resource/primefaces.js?ln=primefaces&v=4.0 HTTP/1.1" 304 -
201.245.192.253 - - [25/Sep/2023:09:42:26 -0500] "GET /sipse/faces/javax.faces.resource/jquery/jquery.js?ln=primefaces&v=4.0 HTTP/1.1" 304 -
201.245.192.253 - - [25/Sep/2023:09:42:26 -0500] "GET /sipse/faces/javax.faces.resource/jquery/jquery-plugins.js?ln=primefaces&v=4.0 HTTP/1.1" 304 -
201.245.192.253 - - [25/Sep/2023:09:42:26 -0500] "GET /sipse/faces/javax.faces.resource/theme.css?ln=primefaces-sipse HTTP/1.1" 304 -
201.245.192.253 - - [25/Sep/2023:09:42:26 -0500] "GET /sipse/faces/javax.faces.resource/layout/layout.css?ln=primefaces&v=4.0 HTTP/1.1" 304 -
201.245.192.253 - - [25/Sep/2023:09:42:26 -0500] "GET /sipse/faces/javax.faces.resource/primefaces.css?ln=primefaces&v=4.0 HTTP/1.1" 304 -
201.245.192.253 - - [25/Sep/2023:09:42:26 -0500] "GET /sipse/faces/javax.faces.resource/layout/layout.js?ln=primefaces&v=4.0 HTTP/1.1" 304 -
201.245.192.253 - - [25/Sep/2023:09:42:30 -0500] "GET /sipse/faces/javax.faces.resource/images/ui-bg_flat_0_2d5972_40x100.png?ln=primefaces-aristo HTTP/1.1" 304 -
201.245.192.253 - - [25/Sep/2023:09:42:30 -0500] "POST /kwsrmcab/Wsrmcab  HTTP/1.1" 200 43482
201.245.192.253 - - [25/Sep/2023:09:42:30 -0500] "POST /sipse/faces/presentacion/financiero/solicitudProceso/consultarSolicitudProceso.xhtml HTTP/1.1" 200 31776
201.245.192.253 - - [25/Sep/2023:09:42:32 -0500] "GET /sipse/faces/javax.faces.resource/jquery/jquery.js?ln=primefaces&v=4.0 HTTP/1.1" 304 -
201.245.192.253 - - [25/Sep/2023:09:42:33 -0500] "GET /sipse/faces/javax.faces.resource/jquery/jquery-plugins.js?ln=primefaces&v=4.0 HTTP/1.1" 304 -
201.245.192.253 - - [25/Sep/2023:09:42:33 -0500] "GET /sipse/faces/javax.faces.resource/primefaces.js?ln=primefaces&v=4.0 HTTP/1.1" 304 -
201.245.192.253 - - [25/Sep/2023:09:42:33 -0500] "GET /sipse/faces/javax.faces.resource/layout/layout.js?ln=primefaces&v=4.0 HTTP/1.1" 304 -
201.245.192.253 - - [25/Sep/2023:09:42:33 -0500] "GET /sipse/faces/javax.faces.resource/messages/messages.png?ln=primefaces&v=4.0 HTTP/1.1" 304 -
201.245.192.253 - - [25/Sep/2023:09:42:33 -0500] "POST /sipse/faces/presentacion/financiero/solicitudProceso/listarSolicitudProceso.xhtml HTTP/1.1" 200 1368
201.245.192.253 - - [25/Sep/2023:09:42:33 -0500] "POST /sipse/faces/presentacion/financiero/solicitudProceso/listarSolicitudProceso.xhtml HTTP/1.1" 200 1372
172.22.2.4 - - [25/Sep/2023:09:41:07 -0500] "GET /BLA/boletinlegal/ HTTP/1.1" 200 58187
66.249.70.196 - - [25/Sep/2023:09:43:06 -0500] "GET /Publicaciones/2022EE233025.pdf HTTP/1.1" 404 228
216.244.66.195 - - [25/Sep/2023:09:43:41 -0500] "GET /robots.txt HTTP/1.1" 404 1018
201.245.192.253 - - [25/Sep/2023:09:44:09 -0500] "POST /forms/lservlet;jsessionid=ac16012b30d61562d539941a44668f2cd49f1ad5d4d4.e3iSbxaKaheRe34Pbx8Nc3aQci1ynknvrkLOlQzNp65In0 HTTP/1.1" 200 2
172.22.2.4 - - [25/Sep/2023:09:42:50 -0500] "GET /BLA/boletinlegal/index.php HTTP/1.1" 200 62795
181.59.2.38 - - [25/Sep/2023:09:45:15 -0500] "GET /kwssiamovil/sm/ldap/au?x=U2FsdGVkX1+hNyssAkCW1OMnzbO+BmMuohRfzFlNEKVkDWZthwo3OCsmb4ThqVbD&y=U2FsdGVkX18mat/gmtZYyYda5+rgw/20BBzhPCRURMHMq2r2tRLQVF+qeD1bGswJ HTTP/1.1" 200 30
181.59.2.38 - - [25/Sep/2023:09:45:15 -0500] "GET /kwssiamovil/sm/acme/s?s=U2FsdGVkX196jdDItw7rO/IGaBUyXKLV35zGx4p+m6CnHMtXg5TuIPJ8Gi93ZHMDU3o+wOdSZ01YzjQSp+fkYMZxUQxDuR3BbdezwEkCtVw=&u=U2FsdGVkX19NcKkNL8tNZWPBls5j6M1RbEMlODvf4aIYokIva4CuI2NHI2DXxenx&y=U2FsdGVkX18mat/gmtZYyYda5+rgw/20BBzhPCRURMHMq2r2tRLQVF+qeD1bGswJ HTTP/1.1" 200 97
181.59.2.38 - - [25/Sep/2023:09:45:16 -0500] "GET /kwssiamovil/sm/acme/s?s=U2FsdGVkX1+BLp5T9uTNTRVpo5qrQYyTalvxsiS2ruOmKstbEb4bZsAGczdcBFdkcbX3qGd7WbctMdwj61LsO6h/FaLG5+1xir1qlZ+SVPmPlTtyIvywlnkzwepkrW+qPCMcniqPV7+XFWyNNH+WJBijw+CeYImca1fDinSnQii5ecGohxsS3utxt3efdxmgERxJ8HitL6oXAPTj/1uiSFZE3GcKd8wBijmrmSH3A1qY2VfEXP3jtBriDDb2qhxWyLtD3bBp9QuD2rxxtsQX07ey/yygtmn0RHfcldxrRLhaiQUMlEejXdRPm+k9dMvPDGtTlO1x9wJvXBBDnrjZWIXl2i49zYDkZNwUZ2qkMuuD2/YblUAXm736j3NsGYAdiUnDiVu44q+jCm6v8FmNrDS9Bv7OJio5dJ+v0SMJKVg3QC/J6l+jd8O0P313pxl0t/vsQuVttkD6bNh3TjUp2ktpFWC3NKBznlqFDZolYeKOM/XRpcH7dJhPEU4//BB5F4SjPnf8bGyJuwVMvWYjqUQ7/qxjo1c1ONFIe20QAOv6j2h2FFcxVYjAl2x6eURxiSU7uh7cnmGIaehmVR4R4SCj1vQumd6ZcNl6zAK/y+wbQLkjys17g8wCwCwH3rd9hmEGtxVi1g+sLnolio4hUquKChmlG6iBnXK8thyfKTiLryEpVtWoMborkW1RDvyp7fSvaXUmNL6pB+Poj4mh99TN2glaf/NUIAJWRvXeXQiLiLWTYRHwB1Ui21da8syUvMpdwuVzJ4rcJNgEwG1XlApTmyySs0UCKjeKn4363YyW0x5Xx864LY1wMUeZvkN6qQzfkvDaZVTGlZ1oHCwuxbJ1GaZfsJqUXGTqtwwMZFqOq2upOGQ+nKOz/nBtQOF2tbYFTo2eXJNDeJ5uypDkO4uL7EodDfZ9LFfMEfU84tRXd72nKX/b4MbkTkjPRYn/xMawCRhtl3HkjKvH/SkFyOVmj3o1YiCN+n7/W53/4QFkSw6YdhKwLLTCsd/8iHZGbz4OluHlwB/vbxfTN3OxG9nsTh6BA/3Ksmu8t/qM8xKbypf4Mi/Gqv/WRceLaRF+xa9I7AhIyC0WG/Lq6xNQ95Ns3LUs3ySKEJT7NdAHQ6oD7Dyi+I0J81pfX7wCf330QWxKcbqnTphoRj6ClVVXNxTQObBT90vDhnpXkwBLHVxeT+JqdSaTIZ2caSq1+YmYacye7Ejfy/Db+bE0ws5PdfAFpKZdfRJPeFIZ7KhBVVS0keAdX6Znx8Nbcmkj6boE4vBvtB9WAEFi74uaLR7Gu6sWtK2bCzM9Qprzryr/H4DVXoYOG60VpyPaRBzcbb1lTk18ZPd1FnYP0HugZf33g/dqlMUYsJgDcTEzGZicMq2Ax/9Af89RjyHxg6lCTD9ecORTrh2DxpyYJvuXBoVAEBAG8l3I4CtpHuB+AZ0Da44FDvYnJ/++r+2OSM4n2qrF3FwDkxduXnKShdqOF1BDKV8tvs17yl/Q627ACfdZ7kfeYeMi8hxiNhG28IY8i4MbedpUsTPpbPkQ/Rd3iM9M6388ytGlfC2wdMBHlk6BJN2GOEBuL2A2DjbM1SlnAsVDaBGIBYTHwb89EFjHnv4ZUGwkVdD1UF58QLKtXD825Zn4JZiCJCJIgqrZYNPwJ7zdv6S9jCV6h2phoFlZ5Tch7BjBU4JRlEuaGE4dAjnUxLHVK6V5DWBMZXzxgH7GmnpoF7qOmATEMXuHlC68PtARgYZOBQmG3Cs2voUzw3T3fEto5dBl/sLw5oBjlOQ6BW3s&u=U2FsdGVkX19NcKkNL8tNZWPBls5j6M1RbEMlODvf4aIYokIva4CuI2NHI2DXxenx&y=U2FsdGVkX18mat/gmtZYyYda5+rgw/20BBzhPCRURMHMq2r2tRLQVF+qeD1bGswJ HTTP/1.1" 200 3377
181.59.2.38 - - [25/Sep/2023:09:45:16 -0500] "GET /kwssiamovil/sm/acme/s?s=U2FsdGVkX18NGovLdWXPs0e8JrRUyQPbp7Wlh22+e52YX6hRzmYTSlaiLbm1uGxkcrgbX6dEUj6JlBKD30d9wRAqffS1KFpQkyWFfb8KKDO//bmzwIPSeEI1vc23i6+lM4F/e6tUsYWfHM2EkvrbHjhm9GtQl94R47/ZAzrGkzHJkTXyzDk/hnWUdgYDfRB6LrZNwIT/KeJrKs+Nsk5/b/fAmcKglAIbipbayM7FKndp7XoFeajMm4X+UC3Uljc/6Iv+/jP+bcY8f8dR2jvvq9NL8Is+1o2ef4InQMOT7D7f2vccQekttqYQ7M1NEwGmsGNQTkpdBoZWw6bVnJiJe+BErhTPIu2B9Cwc+7lSQtF4X0BI/jGPzw81foq6nvEfbLK8IWCOBnUFP8rzYZTZm9QWPL1J29IiqBAFuzq0mrp47o/MLN35sp3GKH3n3DZ1FCa7Zz053lJibhwnyRxYqzOGr9dFqaW1no446t6nmuozFeK+O/8waLAYQW3+FSWiaHxnbQZ4oGh3/ryekJ49/LLeoM5lMdjv/X+5dTXFqABgg6u152n3/0vmJYS0ZAm8f8zBOFGMN/hJP9dU43A5hEqt8KQCve7F3jESaR/B9PwPdSpcSDCgJa9w+cSH+DAhhdCI6bOB55J1VTr0YZL4cyQHA3xEeDyxRULy/KwPU5epvpixZv4nD/0SAS6/RgWqNJiGdIGRlT2Mb9/LPk7udZCFk/LDhbYcbMRqrg9XNXtqAK8P0VGTC0WJ2QLfPGWV&u=U2FsdGVkX19NcKkNL8tNZWPBls5j6M1RbEMlODvf4aIYokIva4CuI2NHI2DXxenx&y=U2FsdGVkX18mat/gmtZYyYda5+rgw/20BBzhPCRURMHMq2r2tRLQVF+qeD1bGswJ HTTP/1.1" 200 208
181.59.2.38 - - [25/Sep/2023:09:45:16 -0500] "GET /kwssiamovil/sm/cjson/pre?f=1&x=U2FsdGVkX1+hNyssAkCW1OMnzbO+BmMuohRfzFlNEKVkDWZthwo3OCsmb4ThqVbD HTTP/1.1" 200 31032
216.245.221.92 - - [25/Sep/2023:09:45:53 -0500] "HEAD / HTTP/1.1" 200 -
201.245.192.253 - - [25/Sep/2023:09:46:09 -0500] "POST /forms/lservlet;jsessionid=ac16012b30d61562d539941a44668f2cd49f1ad5d4d4.e3iSbxaKaheRe34Pbx8Nc3aQci1ynknvrkLOlQzNp65In0 HTTP/1.1" 200 2
66.249.70.197 - - [25/Sep/2023:09:46:32 -0500] "GET /Publicaciones/2022EE233023.pdf HTTP/1.1" 404 228
201.245.192.253 - - [25/Sep/2023:09:46:43 -0500] "POST /sipse/faces/presentacion/financiero/solicitudProceso/consultarSolicitudProceso.xhtml HTTP/1.1" 200 685657
201.245.192.253 - - [25/Sep/2023:09:46:46 -0500] "POST /sipse/faces/presentacion/financiero/solicitudProceso/consultarSolicitudProceso.xhtml HTTP/1.1" 200 280881
201.245.192.253 - - [25/Sep/2023:09:46:53 -0500] "POST /sipse/faces/presentacion/financiero/solicitudProceso/consultarSolicitudProceso.xhtml HTTP/1.1" 200 213412
201.245.192.253 - - [25/Sep/2023:09:47:00 -0500] "POST /sipse/faces/presentacion/financiero/solicitudProceso/consultarSolicitudProceso.xhtml HTTP/1.1" 200 377552
201.245.192.253 - - [25/Sep/2023:09:47:09 -0500] "POST /sipse/faces/presentacion/financiero/solicitudProceso/consultarSolicitudProceso.xhtml HTTP/1.1" 200 58267
201.245.192.253 - - [25/Sep/2023:09:47:05 -0500] "POST /sipse/faces/presentacion/financiero/solicitudProceso/consultarSolicitudProceso.xhtml HTTP/1.1" 200 2787433
186.28.190.91 - - [25/Sep/2023:09:47:30 -0500] "GET /BLA/resoluciones/ HTTP/1.1" 200 13696
186.28.190.91 - - [25/Sep/2023:09:47:30 -0500] "GET /favicon.ico HTTP/1.1" 200 7782
201.245.192.253 - - [25/Sep/2023:09:47:28 -0500] "POST /kwsrmcab/Wsrmcab  HTTP/1.1" 200 43482
186.28.190.91 - - [25/Sep/2023:09:47:33 -0500] "GET /BLA/resoluciones/index.php?dir=AUTOS+2014%2F HTTP/1.1" 200 12235
186.28.190.91 - - [25/Sep/2023:09:47:33 -0500] "GET /BLA/resoluciones/index.php?dir=AUTOS+2014%2F HTTP/1.1" 200 890688
