201.245.192.253 - - [25/Sep/2023:07:38:33 -0500] "GET /appsia/images/cabezoteHojaVida.png HTTP/1.1" 200 32493
201.245.192.253 - - [25/Sep/2023:07:38:33 -0500] "GET /appsia/images/logo_bogota_p.png HTTP/1.1" 200 14951
201.245.192.253 - - [25/Sep/2023:07:38:32 -0500] "POST /kwsrmcab/Wsrmcab HTTP/1.1" 200 43345
201.245.192.253 - - [25/Sep/2023:07:38:41 -0500] "POST /appsia/controlador HTTP/1.1" 200 5437
201.245.192.253 - - [25/Sep/2023:07:38:42 -0500] "POST /appsia/controlador HTTP/1.1" 200 7791
201.245.192.253 - - [25/Sep/2023:07:38:43 -0500] "POST /appsia/controlador HTTP/1.1" 200 6656
201.245.192.253 - - [25/Sep/2023:07:38:43 -0500] "GET /sipse/faces/index.xhtml HTTP/1.1" 200 677
201.245.192.253 - - [25/Sep/2023:07:38:43 -0500] "GET /sipse/faces/javax.faces.resource/theme.css?ln=primefaces-sipse HTTP/1.1" 304 -
201.245.192.253 - - [25/Sep/2023:07:38:44 -0500] "GET /sipse/faces/faces/autenticacion.xhtml HTTP/1.1" 200 12414
201.245.192.253 - - [25/Sep/2023:07:38:44 -0500] "GET /sipse/js/disable_browser_buttons.js HTTP/1.1" 200 3230
201.245.192.253 - - [25/Sep/2023:07:38:44 -0500] "GET /sipse/css/custom_css_sg.css HTTP/1.1" 200 9694
201.245.192.253 - - [25/Sep/2023:07:38:44 -0500] "GET /sipse/js/funciones.js HTTP/1.1" 200 12592
201.245.192.253 - - [25/Sep/2023:07:38:44 -0500] "GET /sipse/faces/javax.faces.resource/layout/layout.css?ln=primefaces&v=4.0 HTTP/1.1" 304 -
201.245.192.253 - - [25/Sep/2023:07:38:44 -0500] "GET /sipse/css/custom_css_sg_prime_login.css HTTP/1.1" 200 443
201.245.192.253 - - [25/Sep/2023:07:38:44 -0500] "GET /sipse/faces/javax.faces.resource/theme.css?ln=primefaces-sipse HTTP/1.1" 304 -
201.245.192.253 - - [25/Sep/2023:07:38:44 -0500] "GET /sipse/faces/javax.faces.resource/primefaces.css?ln=primefaces&v=4.0 HTTP/1.1" 304 -
201.245.192.253 - - [25/Sep/2023:07:38:44 -0500] "GET /sipse/faces/javax.faces.resource/jquery/jquery.js?ln=primefaces&v=4.0 HTTP/1.1" 304 -
201.245.192.253 - - [25/Sep/2023:07:38:44 -0500] "GET /sipse/faces/javax.faces.resource/jquery/jquery-plugins.js?ln=primefaces&v=4.0 HTTP/1.1" 304 -
201.245.192.253 - - [25/Sep/2023:07:38:44 -0500] "GET /sipse/faces/javax.faces.resource/primefaces.js?ln=primefaces&v=4.0 HTTP/1.1" 304 -
201.245.192.253 - - [25/Sep/2023:07:38:44 -0500] "GET /sipse/faces/javax.faces.resource/layout/layout.js?ln=primefaces&v=4.0 HTTP/1.1" 304 -
201.245.192.253 - - [25/Sep/2023:07:38:44 -0500] "GET /sipse/css/imagen/logoSDG.png HTTP/1.1" 200 53064
201.245.192.253 - - [25/Sep/2023:07:38:44 -0500] "GET /sipse/css/imagen/loginimg.png HTTP/1.1" 200 71635
201.245.192.253 - - [25/Sep/2023:07:38:44 -0500] "GET /sipse/faces/javax.faces.resource/images/ui-icons_898989_256x240.png?ln=primefaces-aristo HTTP/1.1" 304 -
201.245.192.253 - - [25/Sep/2023:07:38:44 -0500] "POST /appsia/controlador HTTP/1.1" 200 11733
201.245.192.253 - - [25/Sep/2023:07:38:50 -0500] "POST /sipse/faces/autenticacion.xhtml HTTP/1.1" 200 16218
201.245.192.253 - - [25/Sep/2023:07:38:50 -0500] "GET /sipse/css/custom_css_sg_prime.css HTTP/1.1" 200 5201
201.245.192.253 - - [25/Sep/2023:07:38:50 -0500] "GET /sipse/faces/javax.faces.resource/primefaces.css?ln=primefaces&v=4.0 HTTP/1.1" 304 -
201.245.192.253 - - [25/Sep/2023:07:38:50 -0500] "GET /sipse/faces/javax.faces.resource/layout/layout.css?ln=primefaces&v=4.0 HTTP/1.1" 304 -
201.245.192.253 - - [25/Sep/2023:07:38:50 -0500] "GET /sipse/faces/javax.faces.resource/theme.css?ln=primefaces-sipse HTTP/1.1" 304 -
201.245.192.253 - - [25/Sep/2023:07:38:50 -0500] "GET /sipse/js/jquery.min.js HTTP/1.1" 200 85582
201.245.192.253 - - [25/Sep/2023:07:38:50 -0500] "GET /sipse/faces/javax.faces.resource/jquery/jquery.js?ln=primefaces&v=4.0 HTTP/1.1" 304 -
201.245.192.253 - - [25/Sep/2023:07:38:50 -0500] "GET /sipse/faces/javax.faces.resource/jquery/jquery-plugins.js?ln=primefaces&v=4.0 HTTP/1.1" 304 -
201.245.192.253 - - [25/Sep/2023:07:38:50 -0500] "GET /sipse/faces/javax.faces.resource/primefaces.js?ln=primefaces&v=4.0 HTTP/1.1" 304 -
201.245.192.253 - - [25/Sep/2023:07:38:50 -0500] "GET /sipse/faces/javax.faces.resource/layout/layout.js?ln=primefaces&v=4.0 HTTP/1.1" 304 -
201.245.192.253 - - [25/Sep/2023:07:38:50 -0500] "GET /sipse/css/v_mergente.css HTTP/1.1" 200 1505
201.245.192.253 - - [25/Sep/2023:07:38:50 -0500] "GET /sipse/css/imagen/contrasena.png HTTP/1.1" 404 383
201.245.192.253 - - [25/Sep/2023:07:38:50 -0500] "GET /sipse/imagenes/cargando.gif HTTP/1.1" 200 36959
201.245.192.253 - - [25/Sep/2023:07:38:50 -0500] "GET /sipse/imagenes/logoAplicacion.jpg HTTP/1.1" 200 155084
201.245.192.253 - - [25/Sep/2023:07:38:50 -0500] "GET /sipse/faces/javax.faces.resource/messages/messages.png?ln=primefaces&v=4.0 HTTP/1.1" 304 -
201.245.192.253 - - [25/Sep/2023:07:38:52 -0500] "GET /sipse/faces/javax.faces.resource/images/ui-bg_flat_0_2d5972_40x100.png?ln=primefaces-aristo HTTP/1.1" 304 -
201.245.192.253 - - [25/Sep/2023:07:38:52 -0500] "POST /sipse/faces/bienvenido.xhtml HTTP/1.1" 200 1471
201.245.192.253 - - [25/Sep/2023:07:38:53 -0500] "POST /sipse/faces/bienvenido.xhtml HTTP/1.1" 200 34429
201.245.192.253 - - [25/Sep/2023:07:38:53 -0500] "GET /sipse/faces/javax.faces.resource/layout/layout.css?ln=primefaces&v=4.0 HTTP/1.1" 304 -
201.245.192.253 - - [25/Sep/2023:07:38:53 -0500] "GET /sipse/faces/javax.faces.resource/theme.css?ln=primefaces-sipse HTTP/1.1" 304 -
201.245.192.253 - - [25/Sep/2023:07:38:53 -0500] "GET /sipse/faces/javax.faces.resource/primefaces.css?ln=primefaces&v=4.0 HTTP/1.1" 304 -
201.245.192.253 - - [25/Sep/2023:07:38:53 -0500] "GET /sipse/faces/javax.faces.resource/jquery/jquery.js?ln=primefaces&v=4.0 HTTP/1.1" 304 -
201.245.192.253 - - [25/Sep/2023:07:38:53 -0500] "GET /sipse/faces/javax.faces.resource/jquery/jquery-plugins.js?ln=primefaces&v=4.0 HTTP/1.1" 304 -
201.245.192.253 - - [25/Sep/2023:07:38:53 -0500] "GET /sipse/faces/javax.faces.resource/primefaces.js?ln=primefaces&v=4.0 HTTP/1.1" 304 -
201.245.192.253 - - [25/Sep/2023:07:38:53 -0500] "GET /sipse/faces/javax.faces.resource/layout/layout.js?ln=primefaces&v=4.0 HTTP/1.1" 304 -
201.245.192.253 - - [25/Sep/2023:07:38:53 -0500] "POST /sipse/faces/presentacion/financiero/solicitudProceso/listarSolicitudProceso.xhtml HTTP/1.1" 200 1404
201.245.192.253 - - [25/Sep/2023:07:38:55 -0500] "POST /sipse/faces/presentacion/financiero/solicitudProceso/listarSolicitudProceso.xhtml HTTP/1.1" 200 145234
201.245.192.253 - - [25/Sep/2023:07:38:56 -0500] "GET /sipse/faces/javax.faces.resource/theme.css?ln=primefaces-sipse HTTP/1.1" 304 -
201.245.192.253 - - [25/Sep/2023:07:38:56 -0500] "GET /sipse/faces/javax.faces.resource/primefaces.css?ln=primefaces&v=4.0 HTTP/1.1" 304 -
201.245.192.253 - - [25/Sep/2023:07:38:56 -0500] "GET /sipse/faces/javax.faces.resource/layout/layout.css?ln=primefaces&v=4.0 HTTP/1.1" 304 -
201.245.192.253 - - [25/Sep/2023:07:38:56 -0500] "GET /sipse/faces/javax.faces.resource/jquery/jquery.js?ln=primefaces&v=4.0 HTTP/1.1" 304 -
201.245.192.253 - - [25/Sep/2023:07:38:56 -0500] "GET /sipse/faces/javax.faces.resource/jquery/jquery-plugins.js?ln=primefaces&v=4.0 HTTP/1.1" 304 -
201.245.192.253 - - [25/Sep/2023:07:38:56 -0500] "GET /sipse/faces/javax.faces.resource/primefaces.js?ln=primefaces&v=4.0 HTTP/1.1" 304 -
201.245.192.253 - - [25/Sep/2023:07:38:56 -0500] "GET /sipse/faces/javax.faces.resource/layout/layout.js?ln=primefaces&v=4.0 HTTP/1.1" 304 -
172.22.2.4 - - [25/Sep/2023:07:37:47 -0500] "HEAD /BLA/boletinlegal/ HTTP/1.1" 200 -
186.86.33.10 - - [25/Sep/2023:07:39:57 -0500] "POST /appsia/controlador HTTP/1.1" 200 7771
186.86.33.10 - - [25/Sep/2023:07:40:01 -0500] "POST /appsia/controlador HTTP/1.1" 200 6636
186.86.33.10 - - [25/Sep/2023:07:40:02 -0500] "POST /appsia/controlador HTTP/1.1" 200 10953
172.22.2.4 - - [25/Sep/2023:07:38:37 -0500] "GET /BLA/boletinlegal/ HTTP/1.1" 200 58187
186.86.33.10 - - [25/Sep/2023:07:40:24 -0500] "POST /appsia/controlador HTTP/1.1" 200 7771
186.86.33.10 - - [25/Sep/2023:07:40:27 -0500] "POST /appsia/controlador HTTP/1.1" 200 6636
186.86.33.10 - - [25/Sep/2023:07:40:29 -0500] "POST /appsia/controlador HTTP/1.1" 200 11361
216.245.221.92 - - [25/Sep/2023:07:40:54 -0500] "HEAD / HTTP/1.1" 200 -
186.86.33.10 - - [25/Sep/2023:07:41:07 -0500] "POST /appsia/controlador HTTP/1.1" 200 7771
186.86.33.10 - - [25/Sep/2023:07:41:10 -0500] "POST /appsia/controlador HTTP/1.1" 200 5437
186.86.33.10 - - [25/Sep/2023:07:41:11 -0500] "POST /appsia/controlador HTTP/1.1" 200 4799
201.245.192.253 - - [25/Sep/2023:07:41:15 -0500] "POST /appsia/controlador HTTP/1.1" 200 7791
201.245.192.253 - - [25/Sep/2023:07:41:19 -0500] "POST /appsia/controlador HTTP/1.1" 200 6656
201.245.192.253 - - [25/Sep/2023:07:41:20 -0500] "POST /appsia/controlador HTTP/1.1" 200 10990
201.245.192.253 - - [25/Sep/2023:07:41:38 -0500] "POST /appsia/controlador HTTP/1.1" 200 7791
172.22.2.4 - - [25/Sep/2023:07:42:46 -0500] "GET /BLA/boletinlegal/actos.php HTTP/1.1" 200 9682
172.22.2.4 - - [25/Sep/2023:07:42:46 -0500] "GET /BLA/boletinlegal/styles2.css HTTP/1.1" 200 1838
172.22.2.4 - - [25/Sep/2023:07:42:46 -0500] "GET /BLA/boletinlegal/js/ajax_actos.js HTTP/1.1" 200 1322
172.22.2.4 - - [25/Sep/2023:07:42:46 -0500] "GET /BLA/boletinlegal/niceforms-default.css HTTP/1.1" 200 6694
172.22.2.4 - - [25/Sep/2023:07:42:46 -0500] "GET /BLA/boletinlegal/style.css HTTP/1.1" 200 9406
172.22.2.4 - - [25/Sep/2023:07:42:46 -0500] "GET /BLA/boletinlegal/niceforms.js HTTP/1.1" 200 22876
172.22.2.4 - - [25/Sep/2023:07:42:46 -0500] "GET /BLA/boletinlegal/js/lib.js HTTP/1.1" 200 6474
172.22.2.4 - - [25/Sep/2023:07:42:46 -0500] "GET /BLA/boletinlegal/js/popup.js HTTP/1.1" 200 1270
172.22.2.4 - - [25/Sep/2023:07:42:46 -0500] "GET /BLA/boletinlegal/js/jquery1.js HTTP/1.1" 200 29846
172.22.2.4 - - [25/Sep/2023:07:42:46 -0500] "GET /BLA/boletinlegal/images/cabezote%20BLEGAL.jpg HTTP/1.1" 200 118164
172.22.2.4 - - [25/Sep/2023:07:42:47 -0500] "GET /BLA/boletinlegal/images/subscribe-icon-big.png HTTP/1.1" 200 47702
172.22.2.4 - - [25/Sep/2023:07:42:47 -0500] "GET /BLA/boletinlegal/images/historia.png HTTP/1.1" 200 52775
172.22.2.4 - - [25/Sep/2023:07:42:47 -0500] "GET /BLA/boletinlegal/images/registro-usuarios.png HTTP/1.1" 200 8106
172.22.2.4 - - [25/Sep/2023:07:42:47 -0500] "GET /BLA/boletinlegal/images/green-yellow-blue-pink-th.png HTTP/1.1" 200 7394
172.22.2.4 - - [25/Sep/2023:07:42:47 -0500] "GET /BLA/boletinlegal/images/tel.png HTTP/1.1" 200 14477
172.22.2.4 - - [25/Sep/2023:07:42:47 -0500] "GET /BLA/boletinlegal/images/body_bg.jpg HTTP/1.1" 200 1601
172.22.2.4 - - [25/Sep/2023:07:42:47 -0500] "GET /BLA/boletinlegal/images/icono-email.png HTTP/1.1" 200 5544
172.22.2.4 - - [25/Sep/2023:07:42:47 -0500] "GET /BLA/boletinlegal/images/menu_lft.gif HTTP/1.1" 200 1713
172.22.2.4 - - [25/Sep/2023:07:42:47 -0500] "GET /BLA/boletinlegal/images/bg_top.jpg HTTP/1.1" 200 522
172.22.2.4 - - [25/Sep/2023:07:42:47 -0500] "GET /BLA/boletinlegal/images/menu_bg.jpg HTTP/1.1" 200 620
172.22.2.4 - - [25/Sep/2023:07:42:47 -0500] "GET /BLA/boletinlegal/images/menu_rght.gif HTTP/1.1" 200 1627
172.22.2.4 - - [25/Sep/2023:07:42:47 -0500] "GET /BLA/boletinlegal/images/footer_bg.jpg HTTP/1.1" 200 586
172.22.2.4 - - [25/Sep/2023:07:42:47 -0500] "GET /BLA/boletinlegal/images/text.jpg HTTP/1.1" 200 568
172.22.2.4 - - [25/Sep/2023:07:42:47 -0500] "GET /BLA/boletinlegal/images/hover.jpg HTTP/1.1" 200 640
172.22.2.4 - - [25/Sep/2023:07:42:47 -0500] "GET /BLA/boletinlegal/images/footer_bg_l.jpg HTTP/1.1" 200 776
172.22.2.4 - - [25/Sep/2023:07:42:48 -0500] "GET /BLA/boletinlegal/img/0.png HTTP/1.1" 200 110
172.22.2.4 - - [25/Sep/2023:07:42:48 -0500] "GET /BLA/boletinlegal/img/select-left.png HTTP/1.1" 200 263
172.22.2.4 - - [25/Sep/2023:07:42:48 -0500] "GET /BLA/boletinlegal/img/select-right.png HTTP/1.1" 200 44019
172.22.2.4 - - [25/Sep/2023:07:42:48 -0500] "GET /BLA/boletinlegal/favicon.ico HTTP/1.1" 404 1326
172.22.2.4 - - [25/Sep/2023:07:42:48 -0500] "GET /BLA/boletinlegal/img/button-left.png HTTP/1.1" 200 57071
172.22.2.4 - - [25/Sep/2023:07:42:48 -0500] "GET /BLA/boletinlegal/img/button.png HTTP/1.1" 200 43241
172.22.2.4 - - [25/Sep/2023:07:42:49 -0500] "GET /BLA/boletinlegal/img/button-right.png HTTP/1.1" 200 57878
201.245.192.253 - - [25/Sep/2023:07:42:57 -0500] "POST /kwsrmcab/Wsrmcab  HTTP/1.1" 200 43482
172.22.2.4 - - [25/Sep/2023:07:43:15 -0500] "GET /BLA/boletinlegal/consulta_actos.php?tipo=resoluciones&no=&usuario=SEcretaria%20distrital%20de%20ambiente&sector=&fecha=2023&resuelve= HTTP/1.1" 200 21801
172.22.2.4 - - [25/Sep/2023:07:43:15 -0500] "GET /BLA/boletinlegal/images/pdf.gif HTTP/1.1" 200 567
172.22.2.4 - - [25/Sep/2023:07:43:15 -0500] "GET /BLA/boletinlegal/images/background.gif HTTP/1.1" 200 -
52.167.144.182 - - [25/Sep/2023:07:43:58 -0500] "GET /Publicaciones/2023EE220469.pdf HTTP/1.1" 200 232028
172.22.2.4 - - [25/Sep/2023:07:43:37 -0500] "HEAD /BLA/boletinlegal/ HTTP/1.1" 200 -
216.245.221.92 - - [25/Sep/2023:07:45:53 -0500] "HEAD / HTTP/1.1" 200 -
172.22.2.4 - - [25/Sep/2023:07:44:27 -0500] "GET /BLA/boletinlegal/ HTTP/1.1" 200 60692
201.245.192.253 - - [25/Sep/2023:07:46:17 -0500] "GET /appsia/controlador HTTP/1.1" 200 4799
201.245.192.253 - - [25/Sep/2023:07:46:17 -0500] "GET /appsia/css/estilos.css HTTP/1.1" 200 4804
201.245.192.253 - - [25/Sep/2023:07:46:17 -0500] "GET /appsia/scripts/validarIngreso.js HTTP/1.1" 200 851
201.245.192.253 - - [25/Sep/2023:07:46:17 -0500] "GET /appsia/images/logo_bogota_p.png HTTP/1.1" 200 14951
201.245.192.253 - - [25/Sep/2023:07:46:17 -0500] "GET /appsia/images/cabezoteHojaVida.png HTTP/1.1" 200 32493
201.245.192.253 - - [25/Sep/2023:07:46:17 -0500] "GET /favicon.ico HTTP/1.1" 200 7782
201.245.192.253 - - [25/Sep/2023:07:46:34 -0500] "POST /appsia/controlador HTTP/1.1" 200 5437
201.245.192.253 - - [25/Sep/2023:07:46:37 -0500] "POST /appsia/controlador HTTP/1.1" 200 7775
201.245.192.253 - - [25/Sep/2023:07:46:39 -0500] "POST /appsia/controlador HTTP/1.1" 200 6640
201.245.192.253 - - [25/Sep/2023:07:46:42 -0500] "POST /appsia/controlador HTTP/1.1" 200 12060
201.245.192.253 - - [25/Sep/2023:07:47:56 -0500] "POST /kwsrmcab/Wsrmcab  HTTP/1.1" 200 43482
185.224.128.197 - - [25/Sep/2023:07:48:04 -0500] "GET / HTTP/1.1" 200 319
216.244.66.195 - - [25/Sep/2023:07:48:43 -0500] "GET /BLA/resoluciones/AUTOS%202021/5111.pdf HTTP/1.1" 200 573382
216.244.66.195 - - [25/Sep/2023:07:49:31 -0500] "GET /BLA/resoluciones/AUTOS%202021/5115.pdf HTTP/1.1" 200 386299
216.244.66.195 - - [25/Sep/2023:07:50:17 -0500] "GET /BLA/resoluciones/AUTOS%202021/5443.pdf HTTP/1.1" 200 381505
216.245.221.92 - - [25/Sep/2023:07:50:53 -0500] "HEAD / HTTP/1.1" 200 -
172.22.2.4 - - [25/Sep/2023:07:49:27 -0500] "HEAD /BLA/boletinlegal/ HTTP/1.1" 200 -
216.244.66.195 - - [25/Sep/2023:07:51:07 -0500] "GET /BLA/resoluciones/AUTOS%202022/0117.pdf HTTP/1.1" 200 382262
216.244.66.195 - - [25/Sep/2023:07:51:51 -0500] "GET /BLA/resoluciones/AUTOS%202022/0337.pdf HTTP/1.1" 200 332159
172.22.2.4 - - [25/Sep/2023:07:50:17 -0500] "GET /BLA/boletinlegal/ HTTP/1.1" 200 58187
216.244.66.195 - - [25/Sep/2023:07:52:39 -0500] "GET /BLA/resoluciones/AUTOS%202022/0463.pdf HTTP/1.1" 200 417464
201.245.192.253 - - [25/Sep/2023:07:52:55 -0500] "POST /kwsrmcab/Wsrmcab  HTTP/1.1" 200 43482
216.244.66.195 - - [25/Sep/2023:07:53:24 -0500] "GET /BLA/resoluciones/AUTOS%202022/0754.pdf HTTP/1.1" 200 487272
117.3.254.23 - - [25/Sep/2023:07:53:47 -0500] "GET /BLA/resoluciones/RESOLUCIONES%202019/2951.pdf HTTP/1.1" 200 355336
201.245.192.253 - - [25/Sep/2023:07:53:59 -0500] "GET /forms/frmservlet?config=sai HTTP/1.1" 200 4042
201.245.192.253 - - [25/Sep/2023:07:54:05 -0500] "GET /forms/java/frmall_jinit.jar HTTP/1.1" 304 -
201.245.192.253 - - [25/Sep/2023:07:54:06 -0500] "GET /forms/java/icons.jar HTTP/1.1" 304 -
201.245.192.253 - - [25/Sep/2023:07:54:06 -0500] "GET /forms/java/java/awt/KeyboardFocusManager.class HTTP/1.1" 404 352
201.245.192.253 - - [25/Sep/2023:07:54:06 -0500] "GET /forms/java/java/awt/KeyboardFocusManager.class HTTP/1.1" 404 352
201.245.192.253 - - [25/Sep/2023:07:54:07 -0500] "GET /forms/java/java/awt/event/MouseWheelListener.class HTTP/1.1" 404 356
201.245.192.253 - - [25/Sep/2023:07:54:07 -0500] "GET /favicon.ico HTTP/1.1" 200 7782
201.245.192.253 - - [25/Sep/2023:07:54:07 -0500] "GET /forms/java/java/awt/event/MouseWheelListener.class HTTP/1.1" 404 356
201.245.192.253 - - [25/Sep/2023:07:54:07 -0500] "GET /forms/java/oracle/forms/registry/Registry.dat HTTP/1.1" 200 4213
201.245.192.253 - - [25/Sep/2023:07:54:07 -0500] "GET /forms/java/oracle/forms/registry/default.dat HTTP/1.1" 404 350
201.245.192.253 - - [25/Sep/2023:07:54:07 -0500] "GET /forms/frmservlet?config=sai&acceptLanguage=es-CO,es;q=0.5&ifcmd=startsession HTTP/1.1" 200 118
201.245.192.253 - - [25/Sep/2023:07:54:07 -0500] "GET /forms/lservlet;jsessionid=ac16012b30d61562d539941a44668f2cd49f1ad5d4d4.e3iSbxaKaheRe34Pbx8Nc3aQci1ynknvrkLOlQzNp65In0?ifcmd=getinfo&ifhost=A1DGCAC7ST8&ifip=192.168.173.60 HTTP/1.1" 200 8
201.245.192.253 - - [25/Sep/2023:07:54:07 -0500] "POST /forms/lservlet;jsessionid=ac16012b30d61562d539941a44668f2cd49f1ad5d4d4.e3iSbxaKaheRe34Pbx8Nc3aQci1ynknvrkLOlQzNp65In0 HTTP/1.1" 200 8
201.245.192.253 - - [25/Sep/2023:07:54:08 -0500] "GET /forms/java/oracle/forms/engine/RunformBundle_es_CO.class HTTP/1.1" 404 362
201.245.192.253 - - [25/Sep/2023:07:54:08 -0500] "GET /forms/java/oracle/forms/engine/RunformBundle_es_CO.class HTTP/1.1" 404 362
201.245.192.253 - - [25/Sep/2023:07:54:08 -0500] "GET /forms/java/oracle/forms/engine/RunformBundle_es_CO.properties HTTP/1.1" 404 367
201.245.192.253 - - [25/Sep/2023:07:54:08 -0500] "POST /forms/lservlet;jsessionid=ac16012b30d61562d539941a44668f2cd49f1ad5d4d4.e3iSbxaKaheRe34Pbx8Nc3aQci1ynknvrkLOlQzNp65In0 HTTP/1.1" 200 2728
201.245.192.253 - - [25/Sep/2023:07:54:10 -0500] "POST /forms/lservlet;jsessionid=ac16012b30d61562d539941a44668f2cd49f1ad5d4d4.e3iSbxaKaheRe34Pbx8Nc3aQci1ynknvrkLOlQzNp65In0 HTTP/1.1" 200 2
201.245.192.253 - - [25/Sep/2023:07:54:10 -0500] "POST /forms/lservlet;jsessionid=ac16012b30d61562d539941a44668f2cd49f1ad5d4d4.e3iSbxaKaheRe34Pbx8Nc3aQci1ynknvrkLOlQzNp65In0 HTTP/1.1" 200 2
216.244.66.195 - - [25/Sep/2023:07:54:15 -0500] "GET /BLA/resoluciones/AUTOS%202022/1013.pdf HTTP/1.1" 200 423700
201.245.192.253 - - [25/Sep/2023:07:54:18 -0500] "POST /forms/lservlet;jsessionid=ac16012b30d61562d539941a44668f2cd49f1ad5d4d4.e3iSbxaKaheRe34Pbx8Nc3aQci1ynknvrkLOlQzNp65In0 HTTP/1.1" 200 3396
201.245.192.253 - - [25/Sep/2023:07:54:18 -0500] "HEAD /imagenes/rt_pset.gif HTTP/1.1" 200 -
201.245.192.253 - - [25/Sep/2023:07:54:18 -0500] "HEAD /imagenes/rt_exit.gif HTTP/1.1" 200 -
201.245.192.253 - - [25/Sep/2023:07:54:18 -0500] "HEAD /imagenes/rt_help.gif HTTP/1.1" 200 -
201.245.192.253 - - [25/Sep/2023:07:54:18 -0500] "GET /imagenes/rt_exit.gif HTTP/1.1" 200 916
201.245.192.253 - - [25/Sep/2023:07:54:18 -0500] "POST /forms/lservlet;jsessionid=ac16012b30d61562d539941a44668f2cd49f1ad5d4d4.e3iSbxaKaheRe34Pbx8Nc3aQci1ynknvrkLOlQzNp65In0 HTTP/1.1" 200 7
201.245.192.253 - - [25/Sep/2023:07:54:18 -0500] "POST /forms/lservlet;jsessionid=ac16012b30d61562d539941a44668f2cd49f1ad5d4d4.e3iSbxaKaheRe34Pbx8Nc3aQci1ynknvrkLOlQzNp65In0 HTTP/1.1" 200 2
201.245.192.253 - - [25/Sep/2023:07:54:18 -0500] "POST /forms/lservlet;jsessionid=ac16012b30d61562d539941a44668f2cd49f1ad5d4d4.e3iSbxaKaheRe34Pbx8Nc3aQci1ynknvrkLOlQzNp65In0 HTTP/1.1" 200 2
201.245.192.253 - - [25/Sep/2023:07:54:18 -0500] "POST /forms/lservlet;jsessionid=ac16012b30d61562d539941a44668f2cd49f1ad5d4d4.e3iSbxaKaheRe34Pbx8Nc3aQci1ynknvrkLOlQzNp65In0 HTTP/1.1" 200 2
201.245.192.253 - - [25/Sep/2023:07:54:18 -0500] "POST /forms/lservlet;jsessionid=ac16012b30d61562d539941a44668f2cd49f1ad5d4d4.e3iSbxaKaheRe34Pbx8Nc3aQci1ynknvrkLOlQzNp65In0 HTTP/1.1" 200 2
201.245.192.253 - - [25/Sep/2023:07:54:21 -0500] "POST /forms/lservlet;jsessionid=ac16012b30d61562d539941a44668f2cd49f1ad5d4d4.e3iSbxaKaheRe34Pbx8Nc3aQci1ynknvrkLOlQzNp65In0 HTTP/1.1" 200 20042
201.245.192.253 - - [25/Sep/2023:07:54:21 -0500] "HEAD /imagenes/rt_quer1.gif HTTP/1.1" 200 -
201.245.192.253 - - [25/Sep/2023:07:54:21 -0500] "HEAD /imagenes/rt_quer2.gif HTTP/1.1" 200 -
201.245.192.253 - - [25/Sep/2023:07:54:21 -0500] "HEAD /imagenes/rt_quer3.gif HTTP/1.1" 200 -
201.245.192.253 - - [25/Sep/2023:07:54:21 -0500] "HEAD /imagenes/rt_radd.gif HTTP/1.1" 200 -
201.245.192.253 - - [25/Sep/2023:07:54:21 -0500] "HEAD /imagenes/rt_rdel.gif HTTP/1.1" 200 -
201.245.192.253 - - [25/Sep/2023:07:54:21 -0500] "HEAD /imagenes/rt_rec1.gif HTTP/1.1" 200 -
201.245.192.253 - - [25/Sep/2023:07:54:21 -0500] "HEAD /imagenes/rt_rec4.gif HTTP/1.1" 200 -
201.245.192.253 - - [25/Sep/2023:07:54:21 -0500] "HEAD /imagenes/rt_save.gif HTTP/1.1" 200 -
201.245.192.253 - - [25/Sep/2023:07:54:21 -0500] "HEAD /imagenes/rt_print.gif HTTP/1.1" 200 -
201.245.192.253 - - [25/Sep/2023:07:54:21 -0500] "HEAD /imagenes/listval.gif HTTP/1.1" 200 -
201.245.192.253 - - [25/Sep/2023:07:54:22 -0500] "GET /imagenes/rt_quer1.gif HTTP/1.1" 200 930
201.245.192.253 - - [25/Sep/2023:07:54:22 -0500] "GET /imagenes/rt_quer2.gif HTTP/1.1" 200 936
201.245.192.253 - - [25/Sep/2023:07:54:22 -0500] "GET /imagenes/rt_quer3.gif HTTP/1.1" 200 939
201.245.192.253 - - [25/Sep/2023:07:54:22 -0500] "GET /imagenes/rt_radd.gif HTTP/1.1" 200 907
201.245.192.253 - - [25/Sep/2023:07:54:22 -0500] "GET /imagenes/rt_rdel.gif HTTP/1.1" 200 899
201.245.192.253 - - [25/Sep/2023:07:54:22 -0500] "GET /imagenes/rt_rec1.gif HTTP/1.1" 200 867
201.245.192.253 - - [25/Sep/2023:07:54:22 -0500] "GET /imagenes/rt_rec4.gif HTTP/1.1" 200 865
201.245.192.253 - - [25/Sep/2023:07:54:22 -0500] "GET /imagenes/rt_save.gif HTTP/1.1" 200 903
201.245.192.253 - - [25/Sep/2023:07:54:22 -0500] "GET /imagenes/rt_print.gif HTTP/1.1" 200 916
201.245.192.253 - - [25/Sep/2023:07:54:22 -0500] "GET /imagenes/listval.gif HTTP/1.1" 200 905
201.245.192.253 - - [25/Sep/2023:07:54:22 -0500] "POST /forms/lservlet;jsessionid=ac16012b30d61562d539941a44668f2cd49f1ad5d4d4.e3iSbxaKaheRe34Pbx8Nc3aQci1ynknvrkLOlQzNp65In0 HTTP/1.1" 200 10
201.245.192.253 - - [25/Sep/2023:07:54:23 -0500] "POST /forms/lservlet;jsessionid=ac16012b30d61562d539941a44668f2cd49f1ad5d4d4.e3iSbxaKaheRe34Pbx8Nc3aQci1ynknvrkLOlQzNp65In0 HTTP/1.1" 200 24
201.245.192.253 - - [25/Sep/2023:07:54:25 -0500] "POST /forms/lservlet;jsessionid=ac16012b30d61562d539941a44668f2cd49f1ad5d4d4.e3iSbxaKaheRe34Pbx8Nc3aQci1ynknvrkLOlQzNp65In0 HTTP/1.1" 200 12
179.19.96.23 - - [25/Sep/2023:07:54:27 -0500] "GET /kwssiamovil/sm/acme/a?s=U2FsdGVkX18Tra9xQojvp4FIybl6iWzo50iZQEFO/cpfFrFdlLHFS2sFajtOlTP0HPeWLRPipLr8hKprz9pbH1aPrpa/jvFM1C1XuOKB8olBoJB8HAvOr0J6rLQoz5frAHv9FclXC3crcVAiPZFzH2RGuEtTgSKq7yTtg2HfdxTIzHmOeBuMpXCNJEMvbmmewbhJI5FDA0p4E8dIvf8ZI9luQ0J8ejZ88HzYOEi/aA6orraQPm8Bv8Bo8NKTnrNBkT5ucpalgPjHDxaVwdA7UA==&u=U2FsdGVkX1+C0sDSRUkfCIMwqdH8qbr7bBP4KKrWkEc=&y=U2FsdGVkX18sNuR06mPmYdXVwhBM2ppLZ3N2LmFKaN16GrPbUubzhjK29L/fhOkT HTTP/1.1" 200 26
179.19.96.23 - - [25/Sep/2023:07:54:27 -0500] "GET /kwssiamovil/sm/acme/a?s=U2FsdGVkX1+ZFNAp0fRZfY1sYRGqtQW6Ng5jlPN52N8ZjLmPxifAP43tmEMpunUYFbibhznX5zzk50UYwonPmXMnAFH0YsjC+sKOEZcn3WdIZAfrcvZVmV46GFdO/VHK33e++nrAa1TVAQxd51EtcWcM6nq6ffhbXtyE85eTNQC9eOThm6agqysooyoG7gGeIWahGijMiaRRFZs8XSXkbeuBs5pjkBv7fqFHzTSv+e0vuqQUMT+pN6Y2VhaSReZzohTVHr0AvVORohJfOf5q0d5rnOSuEveGzV9NQn08WykrwzDW4CmK8/yXEh+zJXne4czaKgaOcEKGUpi5z6Cu18qCOCQt/KVgEDYms4d1p89fw90V/pPaoOfOXTNGrLj8kQ+Hw1svNH7oz4kC7a+tjPjrxeyqCrhPOeZeaYH0cAAGEPq9EDBMdMuYLSd59oDMhnVb/2gQE9E96tqMC2CtkBTbWQy2FB1T5FjhgxU7lfPtO65+102hcXXXVl4W6PTzVWiaomsp27FFwylbuW+zdJlqq6BVL/Sq/PPK8RYqyYALkkF3drQq4ICd9JyiJYWov4NhH5Y91Nq1qhLz07ZjiGEAdAUBFwdp0rYb3eTJCofhWWUGJjaKtSa4X49dkiaPtmpt+YzzeBUh/YipYu0G0SJ56NLgWxpDTp4MP2Elbf07JbLu2oOJAOMJju5hyyzt0lvdMtXfSoOQHfg4Crl/0GCssRFujV7VgbbQ0VEenMWYuYsTKVncwKcx8SIM9ILhyU7DPFEuQf2bAiXoaV8iGu2bPpHkvYVPEWznlmH6sL3MmdaGXHSJmqZqttGaM3jlM0gvqHoRg8tfYacyPqhPi1yKnC6XIXvFW4cNOBs4xRb0MLkuUE0TbdTM0/aVr9OpVyK0N6fp8R9iTe5NdbQVZEJma7jkVGAaiiLRr1Caz2UBaLFpbRXqJ4GLT2kVm7gdqqsd6nE8eRIT/R5JicN+XXM1HleN6k9S6Z4XgYwQXuulwtmuWR8phDWBh7Dl7feOMaKtbZq0HDJ113G3oAJ9L5PC0RgPoSXYt5BxqLnixGkIImiDS8D70GB1oNrEHHABitWvHqMvyaxrMZVlLpt3rY78hTM7WXP51sHIPg4NUDIAzfzI9b5Qj9gEee9JRn5SIl8XDg8ai7HvGFCWktANbIOrfhfoytvR848CBn7UeDcsjC33uh84gwJPcaqM0xAtGzReFSkhM1zydnn2l3cItwl4Fk3xoHyHgBu33ANsyD7kZcQoNoOE/Wz1nMA4tL4jwQmqKO/+qUy/RXQst1j1iggyIrRa9N2Sx/n423BkQ9FHzNPw4j7jsPHxv9VKj64I6FJfaW1xdquEu1dCpF/Bnq5YJfdEKMCbzj7ygrDWEFFaBlElhj9PVXSYFAq8GlE2+CwrGZSakUa9UCQEjgcK6XgwhtzgH1yB9CVi/LpJdNYLLLGFM/jpQh9d8qs8LEeR813caVZBQaPQdyC4pvPrFrR8kZFOzW8YZvhIs37nLw973QC8zb2UBJtsQJxBXCj9QfvwHyS3Cpb7FjcHcfZQ45SWmXyDo0tYDPn6ml9PRyXuNWgGqqlBH2B8FIaRkeQcDKfLB34/6x4M/k3lpLh0V/HDZO4vsxzKbXVPrLBcVhSb0LIPgGoDzDE2rt2T1doylork+byLH4tssn+64mtwQUijMzP2+4jcGPyMK933fEVPRFIVotK+HZuK8/tCgypc2LvHZQAUW1JB/b+7YDhDeWADet6rz1dabuuHsNnwx3jRq16QXCg+P/JBwCaO9NcSrGrl3QH5hUHd74nBmGJOV0cXxupQS+3S6l5sx4YGJbwmMVqSbxR8OHsjIK1/+PwehMP2ESeyUjQDnp+kn+v25nN3GpK4u5yu4std5Nv/8JoZi5xKkW9ac6DPiyo45smCMiiceBI3TwN/9k/hsGgN3PMILE3wZ/hNR+xY9c1pzBhyotvqERtUJYC3NdO/WfFGQv9qlTOGt+vG77Xt9l5X5KkMqiUTpTIqJktLlQpoYKhgujNa8uD0TmB9iZuu1gEUuIByJHz7CEGC9sxJZEjy+EXx8qvktf/o14tDQPBsDjjfnkwDBKgcpRjTdk8wXhH8&u=U2FsdGVkX1+C0sDSRUkfCIMwqdH8qbr7bBP4KKrWkEc=&y=U2FsdGVkX18sNuR06mPmYdXVwhBM2ppLZ3N2LmFKaN16GrPbUubzhjK29L/fhOkT HTTP/1.1" 200 26
179.19.96.23 - - [25/Sep/2023:07:54:28 -0500] "GET /kwssiamovil/sm/acme/a?s=U2FsdGVkX1+ARAveDA6peBuqZDIWK5NovBzymHjx6ZEodB4n8mtqh3cvCmV2yn89Vv6N+L1v+x425LhU3fqC9JeAgUvXDO1j2m0spYLBFJe000gw942YtA4Mdkfb7igNHLz6yrdQluXSjB5BP4fyIQjc0KhfmBKc8EjqNVQkk1g=&u=U2FsdGVkX1+C0sDSRUkfCIMwqdH8qbr7bBP4KKrWkEc=&y=U2FsdGVkX18sNuR06mPmYdXVwhBM2ppLZ3N2LmFKaN16GrPbUubzhjK29L/fhOkT HTTP/1.1" 200 26
179.19.96.23 - - [25/Sep/2023:07:54:28 -0500] "GET /kwssiamovil/sm/acme/a?s=U2FsdGVkX19mlknBhU3W5R124UvR01xBnUM7pBIn49aXPdtFMq5M8TZfSRJXFsq31xtsAt1+EUVU8cVRwgnYnXh1KIWCld6Q/rSP5PU74EusxxaXIHQsGQGtO7YCePnsRAvyjVzN1TawQQx8FWU+Ejej62A4qxm5rZhf8uoadBg=&u=U2FsdGVkX1+C0sDSRUkfCIMwqdH8qbr7bBP4KKrWkEc=&y=U2FsdGVkX18sNuR06mPmYdXVwhBM2ppLZ3N2LmFKaN16GrPbUubzhjK29L/fhOkT HTTP/1.1" 200 26
179.19.96.23 - - [25/Sep/2023:07:54:28 -0500] "GET /kwssiamovil/sm/acme/a?s=U2FsdGVkX1/8AaBwjjVYdq7WfSkShMRs76LbJs8N7fnmdFnIm8emwnsPx3c/ZBPsuAMj+/LQv4Oq8B2Pjw2lMr+m1eaTXncPE6dnL+57gDsxREGghrwyf8OHb+BLGEiRVB5KAOMIJS6vej7G1aXEphTr0UsN1AY6hH6j639ZP3Q=&u=U2FsdGVkX1+C0sDSRUkfCIMwqdH8qbr7bBP4KKrWkEc=&y=U2FsdGVkX18sNuR06mPmYdXVwhBM2ppLZ3N2LmFKaN16GrPbUubzhjK29L/fhOkT HTTP/1.1" 200 26
179.19.96.23 - - [25/Sep/2023:07:54:29 -0500] "GET /kwssiamovil/sm/acme/a?s=U2FsdGVkX19nke3eu2UMLGfBaGNk5ErO11SqnQteI7NtsxAB4rLSaRe8s4lVpL0/eIjxJaMz/kyqcGdenp7w4r+WIEw1LvW0uhMFSOpIPtgqZT2WZZScyqc/Z9cIR0JEDbJlijTRaUdKUvaRdw7mryKEl7ItInMxZYb1cvmz3nnclfj3Opo8V442PLfX3/5LHVdKpfVQifFoj74H+kr+YQ==&u=U2FsdGVkX1+C0sDSRUkfCIMwqdH8qbr7bBP4KKrWkEc=&y=U2FsdGVkX18sNuR06mPmYdXVwhBM2ppLZ3N2LmFKaN16GrPbUubzhjK29L/fhOkT HTTP/1.1" 200 26
201.245.192.253 - - [25/Sep/2023:07:54:36 -0500] "POST /forms/lservlet;jsessionid=ac16012b30d61562d539941a44668f2cd49f1ad5d4d4.e3iSbxaKaheRe34Pbx8Nc3aQci1ynknvrkLOlQzNp65In0 HTTP/1.1" 200 2781
201.245.192.253 - - [25/Sep/2023:07:54:36 -0500] "POST /forms/lservlet;jsessionid=ac16012b30d61562d539941a44668f2cd49f1ad5d4d4.e3iSbxaKaheRe34Pbx8Nc3aQci1ynknvrkLOlQzNp65In0 HTTP/1.1" 200 2
179.19.96.23 - - [25/Sep/2023:07:54:41 -0500] "GET /kwssiamovil/sm/acme/u?s=U2FsdGVkX1+zaXvukz34yTa+9PuJhbd53HqTASq0vUUryuB96BQafBLXST8KlvrWYDxdAQZlEakPp6B1hAk7PeUxlHiviePWr28C8eZ3Srj97dYHFoQmSV246udcQYYaDhCSRAklc/SPw+yxUN4tkZRLykdnFFMc56Os18i6NPQ=&u=U2FsdGVkX1+C0sDSRUkfCIMwqdH8qbr7bBP4KKrWkEc=&y=U2FsdGVkX18sNuR06mPmYdXVwhBM2ppLZ3N2LmFKaN16GrPbUubzhjK29L/fhOkT HTTP/1.1" 200 60
216.244.66.195 - - [25/Sep/2023:07:54:59 -0500] "GET /BLA/resoluciones/AUTOS%202022/1073.pdf HTTP/1.1" 200 388047
216.244.66.195 - - [25/Sep/2023:07:55:41 -0500] "GET /BLA/resoluciones/AUTOS%202022/1385.pdf HTTP/1.1" 200 352049
216.245.221.92 - - [25/Sep/2023:07:55:53 -0500] "HEAD / HTTP/1.1" 200 -
201.245.192.253 - - [25/Sep/2023:07:56:08 -0500] "POST /forms/lservlet;jsessionid=ac16012b30d61562d539941a44668f2cd49f1ad5d4d4.e3iSbxaKaheRe34Pbx8Nc3aQci1ynknvrkLOlQzNp65In0 HTTP/1.1" 200 2
216.244.66.195 - - [25/Sep/2023:07:56:23 -0500] "GET /BLA/resoluciones/AUTOS%202022/1815.pdf HTTP/1.1" 200 393651
172.22.2.4 - - [25/Sep/2023:07:55:17 -0500] "HEAD /BLA/boletinlegal/ HTTP/1.1" 200 -
216.244.66.195 - - [25/Sep/2023:07:57:04 -0500] "GET /BLA/resoluciones/AUTOS%202022/2305.pdf HTTP/1.1" 200 331153
216.244.66.195 - - [25/Sep/2023:07:57:46 -0500] "GET /BLA/resoluciones/AUTOS%202022/2350.pdf HTTP/1.1" 200 384656
172.22.2.4 - - [25/Sep/2023:07:56:07 -0500] "GET /BLA/boletinlegal/ HTTP/1.1" 200 60342
201.245.192.253 - - [25/Sep/2023:07:57:54 -0500] "POST /kwsrmcab/Wsrmcab  HTTP/1.1" 200 43482
201.245.192.253 - - [25/Sep/2023:07:58:08 -0500] "POST /forms/lservlet;jsessionid=ac16012b30d61562d539941a44668f2cd49f1ad5d4d4.e3iSbxaKaheRe34Pbx8Nc3aQci1ynknvrkLOlQzNp65In0 HTTP/1.1" 200 2
216.244.66.195 - - [25/Sep/2023:07:58:28 -0500] "GET /BLA/resoluciones/AUTOS%202022/2856.pdf HTTP/1.1" 200 1684178
191.95.175.178 - - [25/Sep/2023:07:59:03 -0500] "GET /appsia/controlador HTTP/1.1" 200 4799
191.95.175.178 - - [25/Sep/2023:07:59:03 -0500] "GET /appsia/css/estilos.css HTTP/1.1" 200 4804
191.95.175.178 - - [25/Sep/2023:07:59:03 -0500] "GET /appsia/scripts/validarIngreso.js HTTP/1.1" 200 851
191.95.175.178 - - [25/Sep/2023:07:59:03 -0500] "GET /appsia/images/cabezoteHojaVida.png HTTP/1.1" 200 32493
191.95.175.178 - - [25/Sep/2023:07:59:03 -0500] "GET /appsia/images/logo_bogota_p.png HTTP/1.1" 200 14951
191.95.175.178 - - [25/Sep/2023:07:59:03 -0500] "GET /favicon.ico HTTP/1.1" 200 7782
191.95.175.178 - - [25/Sep/2023:07:59:19 -0500] "POST /appsia/controlador HTTP/1.1" 200 3599
191.95.175.178 - - [25/Sep/2023:07:59:19 -0500] "GET /appsia/jscripts/validarSolicitud.js HTTP/1.1" 404 68
216.244.66.195 - - [25/Sep/2023:07:59:23 -0500] "GET /BLA/resoluciones/AUTOS%202022/2878.pdf HTTP/1.1" 200 431221
191.95.175.178 - - [25/Sep/2023:07:59:27 -0500] "GET /appsia/controlador HTTP/1.1" 200 4799
191.95.175.178 - - [25/Sep/2023:07:59:33 -0500] "POST /appsia/controlador HTTP/1.1" 200 5437
191.95.175.178 - - [25/Sep/2023:07:59:35 -0500] "POST /appsia/controlador HTTP/1.1" 200 7781
191.95.175.178 - - [25/Sep/2023:07:59:37 -0500] "POST /appsia/controlador HTTP/1.1" 200 6646
191.95.175.178 - - [25/Sep/2023:07:59:39 -0500] "POST /appsia/controlador HTTP/1.1" 200 11330
216.244.66.195 - - [25/Sep/2023:08:00:01 -0500] "GET /BLA/resoluciones/AUTOS%202022/2905.pdf HTTP/1.1" 200 392754
201.245.192.253 - - [25/Sep/2023:08:00:08 -0500] "POST /forms/lservlet;jsessionid=ac16012b30d61562d539941a44668f2cd49f1ad5d4d4.e3iSbxaKaheRe34Pbx8Nc3aQci1ynknvrkLOlQzNp65In0 HTTP/1.1" 200 2
216.244.66.195 - - [25/Sep/2023:08:00:32 -0500] "GET /BLA/resoluciones/AUTOS%202022/2983.pdf HTTP/1.1" 200 384606
216.245.221.92 - - [25/Sep/2023:08:00:53 -0500] "HEAD / HTTP/1.1" 200 -
216.244.66.195 - - [25/Sep/2023:08:01:02 -0500] "GET /BLA/resoluciones/AUTOS%202022/2993.pdf HTTP/1.1" 200 376054
216.244.66.195 - - [25/Sep/2023:08:01:30 -0500] "GET /BLA/resoluciones/AUTOS%202022/3038.pdf HTTP/1.1" 200 425260
216.244.66.195 - - [25/Sep/2023:08:01:58 -0500] "GET /BLA/resoluciones/AUTOS%202022/3068.pdf HTTP/1.1" 200 381178
201.245.192.253 - - [25/Sep/2023:08:02:08 -0500] "POST /forms/lservlet;jsessionid=ac16012b30d61562d539941a44668f2cd49f1ad5d4d4.e3iSbxaKaheRe34Pbx8Nc3aQci1ynknvrkLOlQzNp65In0 HTTP/1.1" 200 2
216.244.66.195 - - [25/Sep/2023:08:02:24 -0500] "GET /BLA/resoluciones/AUTOS%202022/3254.pdf HTTP/1.1" 200 4801592
172.22.2.4 - - [25/Sep/2023:08:01:06 -0500] "HEAD /BLA/boletinlegal/ HTTP/1.1" 200 -
201.245.192.253 - - [25/Sep/2023:08:02:52 -0500] "POST /kwsrmcab/Wsrmcab  HTTP/1.1" 200 43482
216.244.66.195 - - [25/Sep/2023:08:03:02 -0500] "GET /BLA/resoluciones/AUTOS%202022/3529.pdf HTTP/1.1" 200 387954
216.244.66.195 - - [25/Sep/2023:08:03:32 -0500] "GET /BLA/resoluciones/AUTOS%202022/3742.pdf HTTP/1.1" 200 330331
172.22.2.4 - - [25/Sep/2023:08:01:57 -0500] "GET /BLA/boletinlegal/ HTTP/1.1" 200 58187
216.244.66.195 - - [25/Sep/2023:08:04:01 -0500] "GET /BLA/resoluciones/AUTOS%202022/4237.pdf HTTP/1.1" 200 401169
201.245.192.253 - - [25/Sep/2023:08:04:08 -0500] "POST /forms/lservlet;jsessionid=ac16012b30d61562d539941a44668f2cd49f1ad5d4d4.e3iSbxaKaheRe34Pbx8Nc3aQci1ynknvrkLOlQzNp65In0 HTTP/1.1" 200 2
157.55.39.48 - - [25/Sep/2023:08:04:36 -0500] "GET /portaldeninos/author/adminportalninos/page/9/ HTTP/1.1" 200 102846
172.22.2.4 - - [25/Sep/2023:08:05:09 -0500] "GET /BLA/boletinlegal/robots.txt HTTP/1.1" 404 1038
216.245.221.92 - - [25/Sep/2023:08:05:53 -0500] "HEAD / HTTP/1.1" 200 -
201.245.192.253 - - [25/Sep/2023:08:06:08 -0500] "POST /forms/lservlet;jsessionid=ac16012b30d61562d539941a44668f2cd49f1ad5d4d4.e3iSbxaKaheRe34Pbx8Nc3aQci1ynknvrkLOlQzNp65In0 HTTP/1.1" 200 2
201.245.192.253 - - [25/Sep/2023:08:06:21 -0500] "GET /appsia/controlador HTTP/1.1" 200 5437
201.245.192.253 - - [25/Sep/2023:08:06:22 -0500] "POST /appsia/controlador HTTP/1.1" 200 7791
201.245.192.253 - - [25/Sep/2023:08:06:24 -0500] "POST /appsia/controlador HTTP/1.1" 200 6656
201.245.192.253 - - [25/Sep/2023:08:06:25 -0500] "POST /appsia/controlador HTTP/1.1" 200 11733
40.77.167.61 - - [25/Sep/2023:08:06:39 -0500] "GET /Publicaciones/2023EE219714.pdf HTTP/1.1" 200 842553
172.22.2.4 - - [25/Sep/2023:08:05:10 -0500] "GET /BLA/boletinlegal/index.php HTTP/1.1" 200 62286
216.244.66.195 - - [25/Sep/2023:08:07:51 -0500] "GET /robots.txt HTTP/1.1" 404 1018
201.245.192.253 - - [25/Sep/2023:08:07:51 -0500] "POST /kwsrmcab/Wsrmcab  HTTP/1.1" 200 43482
201.245.192.253 - - [25/Sep/2023:08:08:08 -0500] "POST /forms/lservlet;jsessionid=ac16012b30d61562d539941a44668f2cd49f1ad5d4d4.e3iSbxaKaheRe34Pbx8Nc3aQci1ynknvrkLOlQzNp65In0 HTTP/1.1" 200 2
172.22.2.4 - - [25/Sep/2023:08:06:56 -0500] "HEAD /BLA/boletinlegal/ HTTP/1.1" 200 -
172.22.2.4 - - [25/Sep/2023:08:07:47 -0500] "GET /BLA/boletinlegal/ HTTP/1.1" 200 60692
201.245.192.253 - - [25/Sep/2023:08:10:08 -0500] "POST /forms/lservlet;jsessionid=ac16012b30d61562d539941a44668f2cd49f1ad5d4d4.e3iSbxaKaheRe34Pbx8Nc3aQci1ynknvrkLOlQzNp65In0 HTTP/1.1" 200 2
216.245.221.92 - - [25/Sep/2023:08:10:53 -0500] "HEAD / HTTP/1.1" 200 -
191.156.159.250 - - [25/Sep/2023:08:10:56 -0500] "GET /css/date_blue.css HTTP/1.1" 404 1254
191.156.157.25 - - [25/Sep/2023:08:10:56 -0500] "GET /css/fondos.css HTTP/1.1" 404 1254
191.156.150.210 - - [25/Sep/2023:08:10:56 -0500] "GET /css/textos.css HTTP/1.1" 404 1254
191.156.151.231 - - [25/Sep/2023:08:11:25 -0500] "GET /css/bordes.css HTTP/1.1" 404 1254
201.245.192.253 - - [25/Sep/2023:08:11:44 -0500] "GET /sipse/faces/index.xhtml HTTP/1.1" 200 677
201.245.192.253 - - [25/Sep/2023:08:11:44 -0500] "GET /sipse/faces/javax.faces.resource/theme.css?ln=primefaces-sipse HTTP/1.1" 200 50058
201.245.192.253 - - [25/Sep/2023:08:11:45 -0500] "GET /favicon.ico HTTP/1.1" 200 7782
201.245.192.253 - - [25/Sep/2023:08:11:45 -0500] "GET /sipse/faces/faces/autenticacion.xhtml HTTP/1.1" 200 12414
201.245.192.253 - - [25/Sep/2023:08:11:45 -0500] "GET /sipse/js/disable_browser_buttons.js HTTP/1.1" 200 3230
201.245.192.253 - - [25/Sep/2023:08:11:45 -0500] "GET /sipse/css/custom_css_sg.css HTTP/1.1" 200 9694
201.245.192.253 - - [25/Sep/2023:08:11:45 -0500] "GET /sipse/js/funciones.js HTTP/1.1" 200 12592
201.245.192.253 - - [25/Sep/2023:08:11:45 -0500] "GET /sipse/css/custom_css_sg_prime_login.css HTTP/1.1" 200 443
201.245.192.253 - - [25/Sep/2023:08:11:45 -0500] "GET /sipse/faces/javax.faces.resource/theme.css?ln=primefaces-sipse HTTP/1.1" 304 -
201.245.192.253 - - [25/Sep/2023:08:11:45 -0500] "GET /sipse/faces/javax.faces.resource/layout/layout.css?ln=primefaces&v=4.0 HTTP/1.1" 200 542
201.245.192.253 - - [25/Sep/2023:08:11:45 -0500] "GET /sipse/faces/javax.faces.resource/jquery/jquery.js?ln=primefaces&v=4.0 HTTP/1.1" 200 105384
201.245.192.253 - - [25/Sep/2023:08:11:45 -0500] "GET /sipse/faces/javax.faces.resource/layout/layout.js?ln=primefaces&v=4.0 HTTP/1.1" 200 87560
201.245.192.253 - - [25/Sep/2023:08:11:45 -0500] "GET /sipse/faces/javax.faces.resource/jquery/jquery-plugins.js?ln=primefaces&v=4.0 HTTP/1.1" 200 220526
201.245.192.253 - - [25/Sep/2023:08:11:45 -0500] "GET /sipse/faces/javax.faces.resource/primefaces.js?ln=primefaces&v=4.0 HTTP/1.1" 200 276924
201.245.192.253 - - [25/Sep/2023:08:11:45 -0500] "GET /sipse/faces/javax.faces.resource/primefaces.css?ln=primefaces&v=4.0 HTTP/1.1" 200 53295
201.245.192.253 - - [25/Sep/2023:08:11:45 -0500] "GET /sipse/css/imagen/loginimg.png HTTP/1.1" 200 71635
201.245.192.253 - - [25/Sep/2023:08:11:45 -0500] "GET /sipse/css/imagen/logoSDG.png HTTP/1.1" 200 53064
201.245.192.253 - - [25/Sep/2023:08:11:45 -0500] "GET /sipse/faces/javax.faces.resource/images/ui-icons_898989_256x240.png?ln=primefaces-aristo HTTP/1.1" 200 5355
201.245.192.253 - - [25/Sep/2023:08:11:48 -0500] "POST /sipse/faces/autenticacion.xhtml HTTP/1.1" 200 2217
201.245.192.253 - - [25/Sep/2023:08:11:48 -0500] "GET /sipse/faces/javax.faces.resource/messages/messages.png?ln=primefaces&v=4.0 HTTP/1.1" 200 27209
201.245.192.253 - - [25/Sep/2023:08:11:48 -0500] "POST /sipse/faces/autenticacion.xhtml HTTP/1.1" 200 16383
201.245.192.253 - - [25/Sep/2023:08:11:48 -0500] "GET /sipse/css/custom_css_sg_prime.css HTTP/1.1" 200 5201
201.245.192.253 - - [25/Sep/2023:08:11:48 -0500] "GET /sipse/faces/javax.faces.resource/theme.css?ln=primefaces-sipse HTTP/1.1" 304 -
201.245.192.253 - - [25/Sep/2023:08:11:48 -0500] "GET /sipse/faces/javax.faces.resource/layout/layout.css?ln=primefaces&v=4.0 HTTP/1.1" 304 -
201.245.192.253 - - [25/Sep/2023:08:11:48 -0500] "GET /sipse/faces/javax.faces.resource/primefaces.css?ln=primefaces&v=4.0 HTTP/1.1" 304 -
201.245.192.253 - - [25/Sep/2023:08:11:48 -0500] "GET /sipse/js/jquery.min.js HTTP/1.1" 200 85582
201.245.192.253 - - [25/Sep/2023:08:11:48 -0500] "GET /sipse/faces/javax.faces.resource/jquery/jquery.js?ln=primefaces&v=4.0 HTTP/1.1" 304 -
201.245.192.253 - - [25/Sep/2023:08:11:48 -0500] "GET /sipse/faces/javax.faces.resource/jquery/jquery-plugins.js?ln=primefaces&v=4.0 HTTP/1.1" 304 -
201.245.192.253 - - [25/Sep/2023:08:11:49 -0500] "GET /sipse/faces/javax.faces.resource/primefaces.js?ln=primefaces&v=4.0 HTTP/1.1" 304 -
201.245.192.253 - - [25/Sep/2023:08:11:49 -0500] "GET /sipse/faces/javax.faces.resource/layout/layout.js?ln=primefaces&v=4.0 HTTP/1.1" 304 -
201.245.192.253 - - [25/Sep/2023:08:11:49 -0500] "GET /sipse/css/v_mergente.css HTTP/1.1" 200 1505
201.245.192.253 - - [25/Sep/2023:08:11:49 -0500] "GET /sipse/css/imagen/contrasena.png HTTP/1.1" 404 383
201.245.192.253 - - [25/Sep/2023:08:11:49 -0500] "GET /sipse/imagenes/cargando.gif HTTP/1.1" 200 36959
201.245.192.253 - - [25/Sep/2023:08:11:49 -0500] "GET /sipse/imagenes/logoAplicacion.jpg HTTP/1.1" 200 155084
201.245.192.253 - - [25/Sep/2023:08:11:50 -0500] "GET /sipse/faces/javax.faces.resource/images/ui-bg_flat_0_2d5972_40x100.png?ln=primefaces-aristo HTTP/1.1" 200 183
201.245.192.253 - - [25/Sep/2023:08:11:50 -0500] "POST /sipse/faces/bienvenido.xhtml HTTP/1.1" 200 2658
201.245.192.253 - - [25/Sep/2023:08:11:50 -0500] "POST /sipse/faces/bienvenido.xhtml HTTP/1.1" 200 64065
201.245.192.253 - - [25/Sep/2023:08:11:51 -0500] "GET /sipse/faces/javax.faces.resource/layout/layout.css?ln=primefaces&v=4.0 HTTP/1.1" 304 -
201.245.192.253 - - [25/Sep/2023:08:11:51 -0500] "GET /sipse/faces/javax.faces.resource/primefaces.css?ln=primefaces&v=4.0 HTTP/1.1" 304 -
201.245.192.253 - - [25/Sep/2023:08:11:51 -0500] "GET /sipse/faces/javax.faces.resource/theme.css?ln=primefaces-sipse HTTP/1.1" 304 -
201.245.192.253 - - [25/Sep/2023:08:11:51 -0500] "GET /sipse/faces/javax.faces.resource/jquery/jquery.js?ln=primefaces&v=4.0 HTTP/1.1" 304 -
201.245.192.253 - - [25/Sep/2023:08:11:51 -0500] "GET /sipse/faces/javax.faces.resource/jquery/jquery-plugins.js?ln=primefaces&v=4.0 HTTP/1.1" 304 -
201.245.192.253 - - [25/Sep/2023:08:11:51 -0500] "GET /sipse/faces/javax.faces.resource/primefaces.js?ln=primefaces&v=4.0 HTTP/1.1" 304 -
201.245.192.253 - - [25/Sep/2023:08:11:51 -0500] "GET /sipse/faces/javax.faces.resource/layout/layout.js?ln=primefaces&v=4.0 HTTP/1.1" 304 -
201.245.192.253 - - [25/Sep/2023:08:11:51 -0500] "POST /sipse/faces/presentacion/financiero/solicitudProceso/listarSolicitudProceso.xhtml HTTP/1.1" 200 1552
201.245.192.253 - - [25/Sep/2023:08:11:53 -0500] "POST /sipse/faces/presentacion/financiero/solicitudProceso/listarSolicitudProceso.xhtml HTTP/1.1" 200 46402
201.245.192.253 - - [25/Sep/2023:08:11:53 -0500] "POST /sipse/faces/presentacion/financiero/solicitudProceso/listarSolicitudProceso.xhtml HTTP/1.1" 200 1556
201.245.192.253 - - [25/Sep/2023:08:11:54 -0500] "POST /sipse/faces/presentacion/financiero/solicitudProceso/listarSolicitudProceso.xhtml HTTP/1.1" 200 25859
201.245.192.253 - - [25/Sep/2023:08:11:54 -0500] "POST /sipse/faces/presentacion/financiero/solicitudProceso/listarSolicitudProceso.xhtml HTTP/1.1" 200 37853
201.245.192.253 - - [25/Sep/2023:08:11:57 -0500] "POST /sipse/faces/presentacion/financiero/solicitudProceso/listarSolicitudProceso.xhtml HTTP/1.1" 200 107884
201.245.192.253 - - [25/Sep/2023:08:11:58 -0500] "GET /sipse/faces/javax.faces.resource/primefaces.css?ln=primefaces&v=4.0 HTTP/1.1" 304 -
201.245.192.253 - - [25/Sep/2023:08:11:58 -0500] "GET /sipse/faces/javax.faces.resource/layout/layout.css?ln=primefaces&v=4.0 HTTP/1.1" 304 -
201.245.192.253 - - [25/Sep/2023:08:11:58 -0500] "GET /sipse/faces/javax.faces.resource/theme.css?ln=primefaces-sipse HTTP/1.1" 304 -
201.245.192.253 - - [25/Sep/2023:08:11:58 -0500] "GET /sipse/faces/javax.faces.resource/jquery/jquery.js?ln=primefaces&v=4.0 HTTP/1.1" 304 -
201.245.192.253 - - [25/Sep/2023:08:11:58 -0500] "GET /sipse/faces/javax.faces.resource/jquery/jquery-plugins.js?ln=primefaces&v=4.0 HTTP/1.1" 304 -
201.245.192.253 - - [25/Sep/2023:08:11:58 -0500] "GET /sipse/faces/javax.faces.resource/primefaces.js?ln=primefaces&v=4.0 HTTP/1.1" 304 -
201.245.192.253 - - [25/Sep/2023:08:11:58 -0500] "GET /sipse/faces/javax.faces.resource/layout/layout.js?ln=primefaces&v=4.0 HTTP/1.1" 304 -
201.245.192.253 - - [25/Sep/2023:08:12:08 -0500] "POST /forms/lservlet;jsessionid=ac16012b30d61562d539941a44668f2cd49f1ad5d4d4.e3iSbxaKaheRe34Pbx8Nc3aQci1ynknvrkLOlQzNp65In0 HTTP/1.1" 200 2
201.245.192.253 - - [25/Sep/2023:08:12:11 -0500] "POST /sipse/faces/presentacion/financiero/solicitudProceso/consultarSolicitudProceso.xhtml HTTP/1.1" 200 61752
201.245.192.253 - - [25/Sep/2023:08:12:12 -0500] "GET /sipse/faces/javax.faces.resource/theme.css?ln=primefaces-sipse HTTP/1.1" 304 -
201.245.192.253 - - [25/Sep/2023:08:12:12 -0500] "GET /sipse/faces/javax.faces.resource/layout/layout.css?ln=primefaces&v=4.0 HTTP/1.1" 304 -
201.245.192.253 - - [25/Sep/2023:08:12:12 -0500] "GET /sipse/faces/javax.faces.resource/primefaces.css?ln=primefaces&v=4.0 HTTP/1.1" 304 -
201.245.192.253 - - [25/Sep/2023:08:12:12 -0500] "GET /sipse/faces/javax.faces.resource/jquery/jquery.js?ln=primefaces&v=4.0 HTTP/1.1" 304 -
201.245.192.253 - - [25/Sep/2023:08:12:12 -0500] "GET /sipse/faces/javax.faces.resource/primefaces.js?ln=primefaces&v=4.0 HTTP/1.1" 304 -
201.245.192.253 - - [25/Sep/2023:08:12:12 -0500] "GET /sipse/faces/javax.faces.resource/layout/layout.js?ln=primefaces&v=4.0 HTTP/1.1" 304 -
201.245.192.253 - - [25/Sep/2023:08:12:12 -0500] "GET /sipse/faces/javax.faces.resource/jquery/jquery-plugins.js?ln=primefaces&v=4.0 HTTP/1.1" 304 -
201.245.192.253 - - [25/Sep/2023:08:12:12 -0500] "POST /sipse/faces/presentacion/financiero/solicitudProceso/listarSolicitudProceso.xhtml HTTP/1.1" 200 1536
201.245.192.253 - - [25/Sep/2023:08:12:12 -0500] "POST /sipse/faces/presentacion/financiero/solicitudProceso/listarSolicitudProceso.xhtml HTTP/1.1" 200 1540
201.245.192.253 - - [25/Sep/2023:08:12:50 -0500] "POST /kwsrmcab/Wsrmcab  HTTP/1.1" 200 43482
186.31.216.255 - - [25/Sep/2023:08:13:39 -0500] "GET /appsia/controlador HTTP/1.1" 200 4799
186.31.216.255 - - [25/Sep/2023:08:13:39 -0500] "GET /appsia/css/estilos.css HTTP/1.1" 304 -
186.31.216.255 - - [25/Sep/2023:08:13:39 -0500] "GET /appsia/images/cabezoteHojaVida.png HTTP/1.1" 200 32493
186.31.216.255 - - [25/Sep/2023:08:13:39 -0500] "GET /appsia/scripts/validarIngreso.js HTTP/1.1" 304 -
186.31.216.255 - - [25/Sep/2023:08:13:39 -0500] "GET /appsia/images/logo_bogota_p.png HTTP/1.1" 304 -
186.31.216.255 - - [25/Sep/2023:08:13:56 -0500] "POST /appsia/controlador HTTP/1.1" 200 5437
201.245.192.253 - - [25/Sep/2023:08:14:08 -0500] "POST /forms/lservlet;jsessionid=ac16012b30d61562d539941a44668f2cd49f1ad5d4d4.e3iSbxaKaheRe34Pbx8Nc3aQci1ynknvrkLOlQzNp65In0 HTTP/1.1" 200 2
186.31.216.255 - - [25/Sep/2023:08:14:11 -0500] "POST /appsia/controlador HTTP/1.1" 200 7777
186.31.216.255 - - [25/Sep/2023:08:14:15 -0500] "POST /appsia/controlador HTTP/1.1" 200 6642
186.31.216.255 - - [25/Sep/2023:08:14:19 -0500] "POST /appsia/controlador HTTP/1.1" 200 10530
172.22.2.4 - - [25/Sep/2023:08:12:47 -0500] "HEAD /BLA/boletinlegal/ HTTP/1.1" 200 -
172.22.2.4 - - [25/Sep/2023:08:13:37 -0500] "GET /BLA/boletinlegal/ HTTP/1.1" 200 58187
216.245.221.92 - - [25/Sep/2023:08:15:53 -0500] "HEAD / HTTP/1.1" 200 -
201.245.192.253 - - [25/Sep/2023:08:16:08 -0500] "POST /forms/lservlet;jsessionid=ac16012b30d61562d539941a44668f2cd49f1ad5d4d4.e3iSbxaKaheRe34Pbx8Nc3aQci1ynknvrkLOlQzNp65In0 HTTP/1.1" 200 2
66.249.66.75 - - [25/Sep/2023:08:17:01 -0500] "GET /portaldeninos/wp-content/themes/betheme/css/layout.css?ver=20.9.6 HTTP/1.1" 200 116639
172.22.2.4 - - [25/Sep/2023:08:17:23 -0500] "GET /BLA/boletinlegal/favicon.ico HTTP/1.1" 404 1018
172.22.2.4 - - [25/Sep/2023:08:17:25 -0500] "GET /BLA/boletinlegal/robots.txt HTTP/1.1" 404 1018
172.22.2.4 - - [25/Sep/2023:08:17:26 -0500] "GET /BLA/boletinlegal/js/jquery.js HTTP/1.1" 200 57254
172.22.2.4 - - [25/Sep/2023:08:16:36 -0500] "GET /BLA/boletinlegal/ HTTP/1.1" 200 36811
172.22.2.4 - - [25/Sep/2023:08:17:48 -0500] "GET /BLA/boletinlegal/js/jquery.scrollShow.js HTTP/1.1" 200 4586
172.22.2.4 - - [25/Sep/2023:08:16:58 -0500] "GET /BLA/boletinlegal/ HTTP/1.1" 200 36811
201.245.192.253 - - [25/Sep/2023:08:17:49 -0500] "POST /kwsrmcab/Wsrmcab  HTTP/1.1" 200 43482
201.245.192.253 - - [25/Sep/2023:08:18:08 -0500] "POST /forms/lservlet;jsessionid=ac16012b30d61562d539941a44668f2cd49f1ad5d4d4.e3iSbxaKaheRe34Pbx8Nc3aQci1ynknvrkLOlQzNp65In0 HTTP/1.1" 200 2
201.245.172.42 - - [25/Sep/2023:08:18:21 -0500] "GET /inscribete-y-participa-en-el-foro-sobre-la-gestion-de-los-bifenilos-policlorados-en-transformadores-electricos.html HTTP/1.1" 200 931
201.245.192.253 - - [25/Sep/2023:08:18:29 -0500] "POST /kwsrmcab/Wsrmcab HTTP/1.1" 200 43056
66.249.70.198 - - [25/Sep/2023:08:18:32 -0500] "GET /robots.txt HTTP/1.1" 404 1018
66.249.70.196 - - [25/Sep/2023:08:18:32 -0500] "GET /siipev/Diseno%20de%20Elementos%20de%20Mobiliario%20Urbano/Otros%20Elementos/PARTE%20B/Dise%C3%B1o%20de%20Elementos%20M-71.pdf HTTP/1.1" 304 -
201.245.192.253 - - [25/Sep/2023:08:18:32 -0500] "POST /kwsrmcab/Wsrmcab HTTP/1.1" 200 41119
181.51.34.6 - - [25/Sep/2023:08:19:11 -0500] "GET /appsia/controlador HTTP/1.1" 200 4799
181.51.34.6 - - [25/Sep/2023:08:19:11 -0500] "GET /appsia/css/estilos.css HTTP/1.1" 200 4804
181.51.34.6 - - [25/Sep/2023:08:19:11 -0500] "GET /appsia/scripts/validarIngreso.js HTTP/1.1" 200 851
181.51.34.6 - - [25/Sep/2023:08:19:11 -0500] "GET /appsia/images/logo_bogota_p.png HTTP/1.1" 200 14951
181.51.34.6 - - [25/Sep/2023:08:19:11 -0500] "GET /appsia/images/cabezoteHojaVida.png HTTP/1.1" 200 32493
181.51.34.6 - - [25/Sep/2023:08:19:58 -0500] "POST /appsia/controlador HTTP/1.1" 200 5437
181.51.34.6 - - [25/Sep/2023:08:20:00 -0500] "POST /appsia/controlador HTTP/1.1" 200 7773
181.51.34.6 - - [25/Sep/2023:08:20:01 -0500] "POST /appsia/controlador HTTP/1.1" 200 6638
181.51.34.6 - - [25/Sep/2023:08:20:02 -0500] "POST /appsia/controlador HTTP/1.1" 200 10568
44.230.252.91 - - [25/Sep/2023:08:20:05 -0500] "GET /atrapamoscas-coronidorado-ave-austral-que-se-registro-en-el-humedal-cordoba.html HTTP/1.1" 200 991
201.245.192.253 - - [25/Sep/2023:08:20:08 -0500] "POST /forms/lservlet;jsessionid=ac16012b30d61562d539941a44668f2cd49f1ad5d4d4.e3iSbxaKaheRe34Pbx8Nc3aQci1ynknvrkLOlQzNp65In0 HTTP/1.1" 200 2
172.22.2.4 - - [25/Sep/2023:08:18:36 -0500] "HEAD /BLA/boletinlegal/ HTTP/1.1" 200 -
40.77.167.52 - - [25/Sep/2023:08:20:30 -0500] "GET /en-bosa-distrito-inicio-la-consolidacion-de-las-zonas-urbanas-por-un-mejor-aire.html HTTP/1.1" 200 942
216.244.66.195 - - [25/Sep/2023:08:20:50 -0500] "GET /BLA/resoluciones/AUTOS%202022/2842.pdf HTTP/1.1" 200 2125940
216.245.221.92 - - [25/Sep/2023:08:20:53 -0500] "HEAD / HTTP/1.1" 200 -
172.22.2.4 - - [25/Sep/2023:08:19:27 -0500] "GET /BLA/boletinlegal/ HTTP/1.1" 200 60692
216.244.66.195 - - [25/Sep/2023:08:21:23 -0500] "GET /BLA/resoluciones/AUTOS%202022/2891.pdf HTTP/1.1" 200 437331
181.51.34.6 - - [25/Sep/2023:08:21:26 -0500] "POST /appsia/controlador HTTP/1.1" 200 75874
172.22.2.4 - - [25/Sep/2023:08:21:54 -0500] "GET /BLA/boletinlegal/jurisprudencia/analisis/CUADRO%20ANALISIS%20SENTENCIA%20T-411%20DE%201992.doc HTTP/1.1" 200 41984
201.245.192.253 - - [25/Sep/2023:08:22:08 -0500] "POST /forms/lservlet;jsessionid=ac16012b30d61562d539941a44668f2cd49f1ad5d4d4.e3iSbxaKaheRe34Pbx8Nc3aQci1ynknvrkLOlQzNp65In0 HTTP/1.1" 200 2
216.244.66.195 - - [25/Sep/2023:08:22:12 -0500] "GET /BLA/resoluciones/AUTOS%202022/2936.pdf HTTP/1.1" 200 393909
201.245.192.253 - - [25/Sep/2023:08:22:48 -0500] "POST /kwsrmcab/Wsrmcab  HTTP/1.1" 200 43482
216.244.66.195 - - [25/Sep/2023:08:22:58 -0500] "GET /BLA/resoluciones/AUTOS%202022/3346.pdf HTTP/1.1" 200 334016
216.244.66.195 - - [25/Sep/2023:08:23:39 -0500] "GET /BLA/resoluciones/AUTOS%202022/3425.pdf HTTP/1.1" 200 367525
201.245.192.253 - - [25/Sep/2023:08:24:08 -0500] "POST /forms/lservlet;jsessionid=ac16012b30d61562d539941a44668f2cd49f1ad5d4d4.e3iSbxaKaheRe34Pbx8Nc3aQci1ynknvrkLOlQzNp65In0 HTTP/1.1" 200 2
216.244.66.195 - - [25/Sep/2023:08:24:27 -0500] "GET /BLA/resoluciones/AUTOS%202022/3523.pdf HTTP/1.1" 200 582027
216.244.66.195 - - [25/Sep/2023:08:25:17 -0500] "GET /BLA/resoluciones/AUTOS%202022/3567.pdf HTTP/1.1" 200 904196
