52.25.208.208 - - [25/Sep/2023:03:37:21 -0500] "GET /BLA/resoluciones/index.php?dir=RESOLUCIONES%202006/RES%202006%20451-500/ HTTP/1.1" 200 12244
52.25.208.208 - - [25/Sep/2023:03:37:23 -0500] "GET /BLA/resoluciones/index.php?dir=RESOLUCIONES%202006/RES%202006%20801-850/ HTTP/1.1" 200 12230
44.230.252.91 - - [25/Sep/2023:03:37:25 -0500] "GET /BLA/resoluciones/index.php?dir=RESOLUCIONES%202006/RES%202006%20901-950/ HTTP/1.1" 200 12239
100.21.24.205 - - [25/Sep/2023:03:37:28 -0500] "GET /BLA/resoluciones/index.php?dir=RESOLUCIONES%202006/RES%202006%201201-1250/ HTTP/1.1" 200 12346
52.25.208.208 - - [25/Sep/2023:03:37:35 -0500] "GET /BLA/resoluciones/index.php?dir=RESOLUCIONES%202006/RES%202006%20851-900/ HTTP/1.1" 200 12234
52.25.208.208 - - [25/Sep/2023:03:37:38 -0500] "GET /BLA/resoluciones/index.php?dir=RESOLUCIONES%202006/RES%202006%201151-1200/ HTTP/1.1" 200 12365
44.230.252.91 - - [25/Sep/2023:03:37:41 -0500] "GET /BLA/resoluciones/index.php?dir=RESOLUCIONES%202006/RES%202006%201001-1050/ HTTP/1.1" 200 12341
52.25.208.208 - - [25/Sep/2023:03:37:47 -0500] "GET /BLA/resoluciones/index.php?dir=RESOLUCIONES%202006/RES%202006%20951-1000/ HTTP/1.1" 200 12308
52.25.208.208 - - [25/Sep/2023:03:37:49 -0500] "GET /BLA/resoluciones/index.php?dir=RESOLUCIONES%202006/RES%202006%20701-750/ HTTP/1.1" 200 12251
44.230.252.91 - - [25/Sep/2023:03:37:52 -0500] "GET /BLA/resoluciones/index.php?dir=RESOLUCIONES%202006/RES%202006%20751-800/ HTTP/1.1" 200 12235
100.21.24.205 - - [25/Sep/2023:03:37:55 -0500] "GET /BLA/resoluciones/index.php?dir=RESOLUCIONES%202006/RES%202006%201101-1150/ HTTP/1.1" 200 12368
52.25.208.208 - - [25/Sep/2023:03:37:58 -0500] "GET /BLA/resoluciones/index.php?dir=RESOLUCIONES%202006/RES%202006%201051-1100/ HTTP/1.1" 200 12369
52.25.208.208 - - [25/Sep/2023:03:38:03 -0500] "GET /BLA/resoluciones/index.php?dir=RESOLUCIONES%202006/RES%202006%201401-1450/ HTTP/1.1" 200 12367
52.167.144.136 - - [25/Sep/2023:03:38:04 -0500] "GET /BLA/resoluciones/AUTOS%202023/2282.pdf HTTP/1.1" 304 -
52.25.208.208 - - [25/Sep/2023:03:38:08 -0500] "GET /BLA/resoluciones/index.php?dir=RESOLUCIONES%202006/RES%202006%201651-1700/ HTTP/1.1" 200 12354
44.230.252.91 - - [25/Sep/2023:03:38:11 -0500] "GET /BLA/resoluciones/index.php?dir=RESOLUCIONES%202006/RES%202006%201301-1350/ HTTP/1.1" 200 12365
100.21.24.205 - - [25/Sep/2023:03:38:17 -0500] "GET /BLA/resoluciones/index.php?dir=RESOLUCIONES%202006/RES%202006%201501-1550/ HTTP/1.1" 200 12370
52.25.208.208 - - [25/Sep/2023:03:38:19 -0500] "GET /BLA/resoluciones/index.php?dir=RESOLUCIONES%202006/RES%202006%201451-1500/ HTTP/1.1" 200 12370
44.230.252.91 - - [25/Sep/2023:03:38:23 -0500] "GET /BLA/resoluciones/index.php?dir=RESOLUCIONES%202006/RES%202006%201251-1300/ HTTP/1.1" 200 12368
44.230.252.91 - - [25/Sep/2023:03:38:28 -0500] "GET /BLA/resoluciones/index.php?dir=RESOLUCIONES%202006/RES%202006%201851-1900/ HTTP/1.1" 200 12364
44.230.252.91 - - [25/Sep/2023:03:38:30 -0500] "GET /BLA/resoluciones/index.php?dir=RESOLUCIONES%202006/RES%202006%201951-2000/ HTTP/1.1" 200 12349
201.245.192.253 - - [25/Sep/2023:03:38:30 -0500] "POST /kwsrmcab/Wsrmcab HTTP/1.1" 200 41105
44.230.252.91 - - [25/Sep/2023:03:38:34 -0500] "GET /BLA/resoluciones/index.php?dir=RESOLUCIONES%202006/RES%202006%201551-1600/ HTTP/1.1" 200 12369
201.245.192.253 - - [25/Sep/2023:03:38:33 -0500] "POST /kwsrmcab/Wsrmcab HTTP/1.1" 200 40929
100.21.24.205 - - [25/Sep/2023:03:38:39 -0500] "GET /BLA/resoluciones/index.php?dir=RESOLUCIONES%202006/RES%202006%201701-1751/ HTTP/1.1" 200 12369
44.230.252.91 - - [25/Sep/2023:03:38:42 -0500] "GET /BLA/resoluciones/index.php?dir=RESOLUCIONES%202006/RES%202006%201901-1950/ HTTP/1.1" 200 12360
52.25.208.208 - - [25/Sep/2023:03:38:46 -0500] "GET /BLA/resoluciones/index.php?dir=RESOLUCIONES%202006/RES%202006%201801-1850/ HTTP/1.1" 200 12357
44.230.252.91 - - [25/Sep/2023:03:38:49 -0500] "GET /BLA/resoluciones/index.php?dir=RESOLUCIONES%202006/RES%202006%201351-1400/ HTTP/1.1" 200 12367
201.245.192.253 - - [25/Sep/2023:03:38:47 -0500] "POST /kwsrmcab/Wsrmcab  HTTP/1.1" 200 41265
100.21.24.205 - - [25/Sep/2023:03:38:53 -0500] "GET /BLA/resoluciones/index.php?dir=RESOLUCIONES%202006/RES%202006%201751-1800/ HTTP/1.1" 200 12368
100.21.24.205 - - [25/Sep/2023:03:38:54 -0500] "GET /BLA/resoluciones/index.php?dir=RESOLUCIONES%202006/RES%202006%201601-1650/ HTTP/1.1" 200 12366
44.230.252.91 - - [25/Sep/2023:03:38:57 -0500] "GET /BLA/resoluciones/index.php?dir=RESOLUCIONES%202006/RES%202006%202051-2100/ HTTP/1.1" 200 12363
44.230.252.91 - - [25/Sep/2023:03:39:02 -0500] "GET /BLA/resoluciones/index.php?dir=RESOLUCIONES%202006/RES%202006%202301-2350/ HTTP/1.1" 200 12364
44.230.252.91 - - [25/Sep/2023:03:39:04 -0500] "GET /BLA/resoluciones/index.php?dir=RESOLUCIONES%202006/RES%202006%202251-2300/ HTTP/1.1" 200 12361
52.25.208.208 - - [25/Sep/2023:03:39:07 -0500] "GET /BLA/resoluciones/index.php?dir=RESOLUCIONES%202006/RES%202006%202001-2050/ HTTP/1.1" 200 12363
52.25.208.208 - - [25/Sep/2023:03:39:11 -0500] "GET /BLA/resoluciones/index.php?dir=RESOLUCIONES%202006/RES%202006%202151-2200/ HTTP/1.1" 200 12368
100.21.24.205 - - [25/Sep/2023:03:39:17 -0500] "GET /BLA/resoluciones/index.php?dir=RESOLUCIONES%202006/RES%202006%202351-2400/ HTTP/1.1" 200 12357
44.230.252.91 - - [25/Sep/2023:03:39:22 -0500] "GET /BLA/resoluciones/index.php?dir=RESOLUCIONES%202006/RES%202006%202501-2550/ HTTP/1.1" 200 12358
44.230.252.91 - - [25/Sep/2023:03:39:28 -0500] "GET /BLA/resoluciones/index.php?dir=RESOLUCIONES%202006/RES%202006%202101-2150/ HTTP/1.1" 200 12369
100.21.24.205 - - [25/Sep/2023:03:39:30 -0500] "GET /BLA/resoluciones/index.php?dir=RESOLUCIONES%202006/RES%202006%202451-2500/ HTTP/1.1" 200 12154
52.25.208.208 - - [25/Sep/2023:03:39:33 -0500] "GET /BLA/resoluciones/index.php?dir=RESOLUCIONES%202006/RES%202006%202401-2450/ HTTP/1.1" 200 12370
44.230.252.91 - - [25/Sep/2023:03:39:38 -0500] "GET /BLA/resoluciones/index.php?dir=RESOLUCIONES%202006/RES%202006%202201-2250/ HTTP/1.1" 200 12366
44.230.252.91 - - [25/Sep/2023:03:39:41 -0500] "GET /BLA/resoluciones/index.php?dir=RESOLUCIONES%202006/RES%202006%202651-2700/ HTTP/1.1" 200 12365
100.21.24.205 - - [25/Sep/2023:03:39:45 -0500] "GET /BLA/resoluciones/index.php?dir=RESOLUCIONES%202006/RES%202006%202751-2800/ HTTP/1.1" 200 12358
52.25.208.208 - - [25/Sep/2023:03:39:48 -0500] "GET /BLA/resoluciones/index.php?dir=RESOLUCIONES%202006/RES%202006%20%203001-3054/ HTTP/1.1" 200 13210
100.21.24.205 - - [25/Sep/2023:03:39:52 -0500] "GET /BLA/resoluciones/index.php?dir=RESOLUCIONES%202006/RES%202006%202701-2750/ HTTP/1.1" 200 12367
100.21.24.205 - - [25/Sep/2023:03:39:54 -0500] "GET /BLA/resoluciones/index.php?dir=RESOLUCIONES%202006/RES%202006%20%202801-2850/ HTTP/1.1" 200 12415
100.21.24.205 - - [25/Sep/2023:03:39:58 -0500] "GET /BLA/resoluciones/index.php?dir=RESOLUCIONES%202006/RES%202006%202601-2650/ HTTP/1.1" 200 11939
52.25.208.208 - - [25/Sep/2023:03:40:03 -0500] "GET /BLA/resoluciones/index.php?dir=RESOLUCIONES%202006/RES%202006%202551-2600/ HTTP/1.1" 200 12354
100.21.24.205 - - [25/Sep/2023:03:40:04 -0500] "GET /BLA/resoluciones/index.php?dir=RESOLUCIONES%202006/RES%202006%20%202901-2950/ HTTP/1.1" 200 12406
44.230.252.91 - - [25/Sep/2023:03:40:06 -0500] "GET /BLA/resoluciones/index.php?dir=RESOLUCIONES%202006/RES%202006%20%202951-3000/ HTTP/1.1" 200 12390
100.21.24.205 - - [25/Sep/2023:03:40:07 -0500] "GET /BLA/resoluciones/index.php?dir=RESOLUCIONES%202006/RES%202006%20%202851-2900/ HTTP/1.1" 200 12177
172.22.2.4 - - [25/Sep/2023:03:38:37 -0500] "HEAD /BLA/boletinlegal/ HTTP/1.1" 200 -
216.245.221.92 - - [25/Sep/2023:03:40:54 -0500] "HEAD / HTTP/1.1" 200 -
172.22.2.4 - - [25/Sep/2023:03:39:28 -0500] "GET /BLA/boletinlegal/ HTTP/1.1" 200 58187
172.22.2.4 - - [25/Sep/2023:03:41:16 -0500] "GET /BLA/boletinlegal/robots.txt HTTP/1.1" 404 1037
172.22.2.4 - - [25/Sep/2023:03:41:16 -0500] "GET /BLA/boletinlegal/jurisprudencia/analisis/ANALISIST-046-99.docx HTTP/1.1" 304 -
34.91.50.115 - - [25/Sep/2023:03:42:03 -0500] "\x16\x03\x01" 400 226
34.91.50.115 - - [25/Sep/2023:03:42:05 -0500] "OPTIONS / HTTP/1.0" 200 -
66.249.66.192 - - [25/Sep/2023:03:42:34 -0500] "GET /semana- HTTP/1.1" 404 1034
201.245.192.253 - - [25/Sep/2023:03:43:46 -0500] "POST /kwsrmcab/Wsrmcab  HTTP/1.1" 200 41265
216.245.221.92 - - [25/Sep/2023:03:45:54 -0500] "HEAD / HTTP/1.1" 200 -
172.22.2.4 - - [25/Sep/2023:03:44:27 -0500] "HEAD /BLA/boletinlegal/ HTTP/1.1" 200 -
40.77.167.32 - - [25/Sep/2023:03:46:20 -0500] "GET /BLA/resoluciones/RESOLUCIONES%202022/1279.pdf HTTP/1.1" 200 379819
172.22.2.4 - - [25/Sep/2023:03:45:18 -0500] "GET /BLA/boletinlegal/ HTTP/1.1" 200 60692
203.2.64.59 - - [25/Sep/2023:03:47:19 -0500] "GET / HTTP/1.1" 200 319
201.245.192.253 - - [25/Sep/2023:03:48:45 -0500] "POST /kwsrmcab/Wsrmcab  HTTP/1.1" 200 41265
216.245.221.92 - - [25/Sep/2023:03:50:54 -0500] "HEAD / HTTP/1.1" 200 -
172.22.2.4 - - [25/Sep/2023:03:50:17 -0500] "HEAD /BLA/boletinlegal/ HTTP/1.1" 200 -
2.39.82.58 - - [25/Sep/2023:03:52:14 -0500] "GET / HTTP/1.0" 200 319
172.22.2.4 - - [25/Sep/2023:03:51:08 -0500] "GET /BLA/boletinlegal/ HTTP/1.1" 200 57790
172.22.2.4 - - [25/Sep/2023:03:53:06 -0500] "GET /BLA/boletinlegal/autodiscover/autodiscover.json?@zdi/Powershell HTTP/1.1" 404 1018
201.245.192.253 - - [25/Sep/2023:03:53:45 -0500] "POST /kwsrmcab/Wsrmcab  HTTP/1.1" 200 41265
52.167.144.214 - - [25/Sep/2023:03:55:45 -0500] "GET /BLA/resoluciones/RESOLUCIONES%202010/0785.pdf HTTP/1.1" 200 118636
216.245.221.92 - - [25/Sep/2023:03:55:54 -0500] "HEAD / HTTP/1.1" 200 -
172.22.2.4 - - [25/Sep/2023:03:56:07 -0500] "HEAD /BLA/boletinlegal/ HTTP/1.1" 200 -
172.22.2.4 - - [25/Sep/2023:03:56:58 -0500] "GET /BLA/boletinlegal/ HTTP/1.1" 200 60342
201.245.192.253 - - [25/Sep/2023:03:58:43 -0500] "POST /kwsrmcab/Wsrmcab  HTTP/1.1" 200 41265
52.25.208.208 - - [25/Sep/2023:03:58:57 -0500] "GET /mujeres-que-reverdecen-secretaria-de-ambiente-anuncia-el-inicio-de-la-tercera-fase.html HTTP/1.1" 200 954
66.249.79.101 - - [25/Sep/2023:04:00:20 -0500] "GET /BLA/resoluciones/RESOLUCIONES%202016/1223.pdf HTTP/1.1" 200 1302483
216.245.221.92 - - [25/Sep/2023:04:00:54 -0500] "HEAD / HTTP/1.1" 200 -
172.22.2.4 - - [25/Sep/2023:04:01:57 -0500] "HEAD /BLA/boletinlegal/ HTTP/1.1" 200 -
201.245.192.253 - - [25/Sep/2023:04:03:42 -0500] "POST /kwsrmcab/Wsrmcab  HTTP/1.1" 200 41265
172.22.2.4 - - [25/Sep/2023:04:02:48 -0500] "GET /BLA/boletinlegal/ HTTP/1.1" 200 60692
216.245.221.92 - - [25/Sep/2023:04:05:54 -0500] "HEAD / HTTP/1.1" 200 -
216.244.66.195 - - [25/Sep/2023:04:06:55 -0500] "GET /robots.txt HTTP/1.1" 404 1018
201.245.192.253 - - [25/Sep/2023:04:08:41 -0500] "POST /kwsrmcab/Wsrmcab  HTTP/1.1" 200 41265
172.22.2.4 - - [25/Sep/2023:04:07:47 -0500] "HEAD /BLA/boletinlegal/ HTTP/1.1" 200 -
172.22.2.4 - - [25/Sep/2023:04:08:38 -0500] "GET /BLA/boletinlegal/ HTTP/1.1" 200 58187
216.245.221.92 - - [25/Sep/2023:04:10:54 -0500] "HEAD / HTTP/1.1" 200 -
205.210.31.186 - - [25/Sep/2023:04:11:58 -0500] "GET / HTTP/1.0" 200 319
201.245.192.253 - - [25/Sep/2023:04:13:39 -0500] "POST /kwsrmcab/Wsrmcab  HTTP/1.1" 200 41265
40.77.167.40 - - [25/Sep/2023:04:15:07 -0500] "GET /BLA/resoluciones/RESOLUCIONES%202019/2304.pdf HTTP/1.1" 304 -
172.22.2.4 - - [25/Sep/2023:04:13:37 -0500] "HEAD /BLA/boletinlegal/ HTTP/1.1" 200 -
157.55.39.49 - - [25/Sep/2023:04:15:22 -0500] "GET /portaldeninos/gestion-del-riesgo-incendios-forestales/ HTTP/1.1" 200 86825
216.245.221.92 - - [25/Sep/2023:04:15:54 -0500] "HEAD / HTTP/1.1" 200 -
172.22.2.4 - - [25/Sep/2023:04:14:28 -0500] "GET /BLA/boletinlegal/ HTTP/1.1" 200 53766
201.245.192.253 - - [25/Sep/2023:04:18:29 -0500] "POST /kwsrmcab/Wsrmcab HTTP/1.1" 200 40802
201.245.192.253 - - [25/Sep/2023:04:18:32 -0500] "POST /kwsrmcab/Wsrmcab HTTP/1.1" 200 40941
201.245.192.253 - - [25/Sep/2023:04:18:38 -0500] "POST /kwsrmcab/Wsrmcab  HTTP/1.1" 200 41265
216.245.221.92 - - [25/Sep/2023:04:20:54 -0500] "HEAD / HTTP/1.1" 200 -
172.22.2.4 - - [25/Sep/2023:04:19:27 -0500] "HEAD /BLA/boletinlegal/ HTTP/1.1" 200 -
111.202.101.36 - - [25/Sep/2023:04:21:42 -0500] "GET / HTTP/1.1" 200 319
172.22.2.4 - - [25/Sep/2023:04:20:18 -0500] "GET /BLA/boletinlegal/ HTTP/1.1" 200 58187
201.245.192.253 - - [25/Sep/2023:04:23:37 -0500] "POST /kwsrmcab/Wsrmcab  HTTP/1.1" 200 41265
216.245.221.92 - - [25/Sep/2023:04:25:54 -0500] "HEAD / HTTP/1.1" 200 -
69.171.231.3 - - [25/Sep/2023:04:25:58 -0500] "GET /participa-en-la-convocatoria-para-el-aseguramiento-metrologico-de-la-red-de-monitoreo-de-calidad-del-aire-de-bogota.html HTTP/1.1" 200 848
69.171.231.120 - - [25/Sep/2023:04:26:03 -0500] "GET /participa-en-la-convocatoria-para-el-aseguramiento-metrologico-de-la-red-de-monitoreo-de-calidad-del-aire-de-bogota.html HTTP/1.1" 200 848
69.171.231.3 - - [25/Sep/2023:04:26:03 -0500] "GET /participa-en-la-convocatoria-para-el-aseguramiento-metrologico-de-la-red-de-monitoreo-de-calidad-del-aire-de-bogota.html HTTP/1.1" 206 848
66.220.149.113 - - [25/Sep/2023:04:26:07 -0500] "GET /participa-en-la-convocatoria-para-el-aseguramiento-metrologico-de-la-red-de-monitoreo-de-calidad-del-aire-de-bogota.html HTTP/1.1" 200 848
69.171.231.1 - - [25/Sep/2023:04:26:08 -0500] "GET /participa-en-la-convocatoria-para-el-aseguramiento-metrologico-de-la-red-de-monitoreo-de-calidad-del-aire-de-bogota.html HTTP/1.1" 200 848
172.22.2.4 - - [25/Sep/2023:04:25:17 -0500] "HEAD /BLA/boletinlegal/ HTTP/1.1" 200 -
185.224.128.197 - - [25/Sep/2023:04:27:23 -0500] "GET / HTTP/1.1" 200 319
172.22.2.4 - - [25/Sep/2023:04:26:08 -0500] "GET /BLA/boletinlegal/ HTTP/1.1" 200 58187
201.245.192.253 - - [25/Sep/2023:04:28:30 -0500] "POST /kwsrmcab/Wsrmcab HTTP/1.1" 200 40802
201.245.192.253 - - [25/Sep/2023:04:28:33 -0500] "POST /kwsrmcab/Wsrmcab HTTP/1.1" 200 40941
201.245.192.253 - - [25/Sep/2023:04:28:36 -0500] "POST /kwsrmcab/Wsrmcab  HTTP/1.1" 200 41265
216.245.221.92 - - [25/Sep/2023:04:30:54 -0500] "HEAD / HTTP/1.1" 200 -
157.55.39.60 - - [25/Sep/2023:04:31:10 -0500] "GET /portaldeninos/?s= HTTP/1.1" 200 85920
172.22.2.4 - - [25/Sep/2023:04:31:07 -0500] "HEAD /BLA/boletinlegal/ HTTP/1.1" 200 -
52.167.144.178 - - [25/Sep/2023:04:33:18 -0500] "GET /BLA/resoluciones/RESOLUCIONES%202022/5143.pdf HTTP/1.1" 200 468686
201.245.192.253 - - [25/Sep/2023:04:33:35 -0500] "POST /kwsrmcab/Wsrmcab  HTTP/1.1" 200 41265
172.22.2.4 - - [25/Sep/2023:04:31:57 -0500] "GET /BLA/boletinlegal/ HTTP/1.1" 200 60692
216.245.221.92 - - [25/Sep/2023:04:35:54 -0500] "HEAD / HTTP/1.1" 200 -
216.244.66.195 - - [25/Sep/2023:04:37:41 -0500] "GET /BLA/resoluciones/AUTOS%202023/2820.pdf HTTP/1.1" 200 1060050
216.244.66.195 - - [25/Sep/2023:04:38:12 -0500] "GET /BLA/resoluciones/AUTOS%202023/2877.pdf HTTP/1.1" 200 1435671
201.245.192.253 - - [25/Sep/2023:04:38:29 -0500] "POST /kwsrmcab/Wsrmcab HTTP/1.1" 200 40802
201.245.192.253 - - [25/Sep/2023:04:38:32 -0500] "POST /kwsrmcab/Wsrmcab HTTP/1.1" 200 40941
201.245.192.253 - - [25/Sep/2023:04:38:34 -0500] "POST /kwsrmcab/Wsrmcab  HTTP/1.1" 200 41265
172.22.2.4 - - [25/Sep/2023:04:36:57 -0500] "HEAD /BLA/boletinlegal/ HTTP/1.1" 200 -
216.244.66.195 - - [25/Sep/2023:04:38:52 -0500] "GET /BLA/resoluciones/AUTOS%202023/3350.pdf HTTP/1.1" 200 1175552
172.22.2.4 - - [25/Sep/2023:04:37:47 -0500] "GET /BLA/boletinlegal/ HTTP/1.1" 200 58187
216.244.66.195 - - [25/Sep/2023:04:39:42 -0500] "GET /BLA/resoluciones/RESOLUCIONES%202003/1208.pdf HTTP/1.1" 200 981813
216.244.66.195 - - [25/Sep/2023:04:40:36 -0500] "GET /BLA/resoluciones/RESOLUCIONES%202006/2618.tif HTTP/1.1" 200 291722
157.90.244.54 - - [25/Sep/2023:04:40:36 -0500] "GET / HTTP/1.1" 200 319
216.245.221.92 - - [25/Sep/2023:04:40:54 -0500] "HEAD / HTTP/1.1" 200 -
216.244.66.195 - - [25/Sep/2023:04:41:23 -0500] "GET /BLA/resoluciones/RESOLUCIONES%202020/0423.pdf HTTP/1.1" 200 5470098
216.244.66.195 - - [25/Sep/2023:04:42:13 -0500] "GET /BLA/resoluciones/RESOLUCIONES%202020/0819.pdf HTTP/1.1" 200 339840
216.244.66.195 - - [25/Sep/2023:04:42:59 -0500] "GET /BLA/resoluciones/RESOLUCIONES%202020/1766.pdf HTTP/1.1" 200 331130
201.245.192.253 - - [25/Sep/2023:04:43:33 -0500] "POST /kwsrmcab/Wsrmcab  HTTP/1.1" 200 41265
216.244.66.195 - - [25/Sep/2023:04:43:43 -0500] "GET /BLA/resoluciones/RESOLUCIONES%202020/1976.pdf HTTP/1.1" 200 305896
172.22.2.4 - - [25/Sep/2023:04:42:47 -0500] "HEAD /BLA/boletinlegal/ HTTP/1.1" 200 -
216.244.66.195 - - [25/Sep/2023:04:44:30 -0500] "GET /BLA/resoluciones/RESOLUCIONES%202020/2760.pdf HTTP/1.1" 200 362606
172.22.2.4 - - [25/Sep/2023:04:43:38 -0500] "GET /BLA/boletinlegal/ HTTP/1.1" 200 57790
216.244.66.195 - - [25/Sep/2023:04:45:19 -0500] "GET /BLA/resoluciones/RESOLUCIONES%202020/3042.pdf HTTP/1.1" 200 359708
216.245.221.92 - - [25/Sep/2023:04:45:54 -0500] "HEAD / HTTP/1.1" 200 -
216.244.66.195 - - [25/Sep/2023:04:46:06 -0500] "GET /BLA/resoluciones/RESOLUCIONES%202020/3045.pdf HTTP/1.1" 200 459384
216.244.66.195 - - [25/Sep/2023:04:46:53 -0500] "GET /BLA/resoluciones/RESOLUCIONES%202021/0357.pdf HTTP/1.1" 200 483808
216.244.66.195 - - [25/Sep/2023:04:47:43 -0500] "GET /BLA/resoluciones/RESOLUCIONES%202021/0492.pdf HTTP/1.1" 200 608028
216.244.66.195 - - [25/Sep/2023:04:48:33 -0500] "GET /BLA/resoluciones/RESOLUCIONES%202021/0529.pdf HTTP/1.1" 200 487681
201.245.192.253 - - [25/Sep/2023:04:48:32 -0500] "POST /kwsrmcab/Wsrmcab  HTTP/1.1" 200 41265
216.244.66.195 - - [25/Sep/2023:04:49:05 -0500] "GET /BLA/resoluciones/RESOLUCIONES%202021/0710.pdf HTTP/1.1" 200 382117
216.244.66.195 - - [25/Sep/2023:04:49:52 -0500] "GET /BLA/resoluciones/RESOLUCIONES%202021/0774.pdf HTTP/1.1" 200 457361
172.22.2.4 - - [25/Sep/2023:04:48:37 -0500] "HEAD /BLA/boletinlegal/ HTTP/1.1" 200 -
216.245.221.92 - - [25/Sep/2023:04:50:54 -0500] "HEAD / HTTP/1.1" 200 -
172.22.2.4 - - [25/Sep/2023:04:49:27 -0500] "GET /BLA/boletinlegal/ HTTP/1.1" 200 60692
52.167.144.180 - - [25/Sep/2023:04:51:29 -0500] "GET /portaldeninos/?s=2023 HTTP/1.1" 200 87105
52.167.144.19 - - [25/Sep/2023:04:51:44 -0500] "GET /BLA/resoluciones/AUTOS%202021/3734.pdf HTTP/1.1" 304 -
34.76.96.55 - - [25/Sep/2023:04:53:21 -0500] "GET / HTTP/1.1" 200 319
201.245.192.253 - - [25/Sep/2023:04:53:31 -0500] "POST /kwsrmcab/Wsrmcab  HTTP/1.1" 200 41265
216.245.221.92 - - [25/Sep/2023:04:55:54 -0500] "HEAD / HTTP/1.1" 200 -
172.22.2.4 - - [25/Sep/2023:04:54:27 -0500] "HEAD /BLA/boletinlegal/ HTTP/1.1" 200 -
172.22.2.4 - - [25/Sep/2023:04:56:27 -0500] "GET /BLA/boletinlegal/norma_menu.php HTTP/1.1" 200 6328
172.22.2.4 - - [25/Sep/2023:04:55:17 -0500] "GET /BLA/boletinlegal/ HTTP/1.1" 200 57790
216.244.66.195 - - [25/Sep/2023:04:56:59 -0500] "GET /robots.txt HTTP/1.1" 404 1018
172.22.2.4 - - [25/Sep/2023:04:57:18 -0500] "GET /BLA/boletinlegal/norma_menu.php HTTP/1.1" 200 6328
172.22.2.4 - - [25/Sep/2023:04:57:58 -0500] "GET /BLA/boletinlegal/js/lib.js HTTP/1.1" 200 6474
172.22.2.4 - - [25/Sep/2023:04:58:05 -0500] "GET /BLA/boletinlegal/js/ajax.js HTTP/1.1" 200 772
172.22.2.4 - - [25/Sep/2023:04:58:05 -0500] "GET /BLA/boletinlegal/js/jquery1.js HTTP/1.1" 200 29846
172.22.2.4 - - [25/Sep/2023:04:58:05 -0500] "GET /BLA/boletinlegal/js/popup.js HTTP/1.1" 200 1270
172.22.2.4 - - [25/Sep/2023:04:58:05 -0500] "GET /BLA/boletinlegal/swfobject.js HTTP/1.1" 200 9763
172.22.2.4 - - [25/Sep/2023:04:58:09 -0500] "GET /BLA/boletinlegal/style.css HTTP/1.1" 200 9406
172.22.2.4 - - [25/Sep/2023:04:58:10 -0500] "GET /BLA/boletinlegal/styles2.css HTTP/1.1" 200 1838
201.245.192.253 - - [25/Sep/2023:04:58:30 -0500] "POST /kwsrmcab/Wsrmcab  HTTP/1.1" 200 41265
201.221.172.169 - - [25/Sep/2023:04:59:54 -0500] "GET /appsia/controlador HTTP/1.1" 200 4799
201.221.172.169 - - [25/Sep/2023:05:00:01 -0500] "POST /appsia/controlador HTTP/1.1" 200 5437
201.221.172.169 - - [25/Sep/2023:05:00:04 -0500] "POST /appsia/controlador HTTP/1.1" 200 7791
201.221.172.169 - - [25/Sep/2023:05:00:07 -0500] "POST /appsia/controlador HTTP/1.1" 200 6660
201.221.172.169 - - [25/Sep/2023:05:00:11 -0500] "POST /appsia/controlador HTTP/1.1" 200 10592
216.245.221.92 - - [25/Sep/2023:05:00:54 -0500] "HEAD / HTTP/1.1" 200 -
69.171.249.5 - - [25/Sep/2023:05:00:59 -0500] "GET /images/pieza-voluntariado-ambiental.jpeg HTTP/1.1" 200 51125
172.22.2.4 - - [25/Sep/2023:05:00:17 -0500] "HEAD /BLA/boletinlegal/ HTTP/1.1" 200 -
172.22.2.4 - - [25/Sep/2023:05:01:07 -0500] "GET /BLA/boletinlegal/ HTTP/1.1" 200 58187
201.245.192.253 - - [25/Sep/2023:05:03:29 -0500] "POST /kwsrmcab/Wsrmcab  HTTP/1.1" 200 41265
52.25.208.208 - - [25/Sep/2023:05:04:32 -0500] "GET /secretaria-de-ambiente-se-unio-al-operativo-nacional-de-control-al-trafico-ilegal-de-maderas.html HTTP/1.1" 200 855
216.245.221.92 - - [25/Sep/2023:05:05:54 -0500] "HEAD / HTTP/1.1" 200 -
172.22.2.4 - - [25/Sep/2023:05:06:07 -0500] "HEAD /BLA/boletinlegal/ HTTP/1.1" 200 -
66.249.66.75 - - [25/Sep/2023:05:07:47 -0500] "GET /portaldeninos/wp-content/plugins/gallery-videos/CSS/Total-Soft-Gallery-Video-Widget.css?ver=4.9.8 HTTP/1.1" 200 51554
201.245.192.253 - - [25/Sep/2023:05:08:28 -0500] "POST /kwsrmcab/Wsrmcab  HTTP/1.1" 200 41265
172.22.2.4 - - [25/Sep/2023:05:06:57 -0500] "GET /BLA/boletinlegal/ HTTP/1.1" 200 60342
216.245.221.92 - - [25/Sep/2023:05:10:54 -0500] "HEAD / HTTP/1.1" 200 -
201.245.192.253 - - [25/Sep/2023:05:13:27 -0500] "POST /kwsrmcab/Wsrmcab  HTTP/1.1" 200 41265
172.22.2.4 - - [25/Sep/2023:05:11:57 -0500] "HEAD /BLA/boletinlegal/ HTTP/1.1" 200 -
172.22.2.4 - - [25/Sep/2023:05:12:47 -0500] "GET /BLA/boletinlegal/ HTTP/1.1" 200 60692
40.77.167.52 - - [25/Sep/2023:05:15:05 -0500] "GET /BLA/resoluciones/AUTOS%202007/0028.pdf HTTP/1.1" 200 49140
216.245.221.92 - - [25/Sep/2023:05:15:54 -0500] "HEAD / HTTP/1.1" 200 -
40.77.167.52 - - [25/Sep/2023:05:16:06 -0500] "GET /BLA/resoluciones/RESOLUCIONES%202022/5089.pdf HTTP/1.1" 200 366552
69.63.184.116 - - [25/Sep/2023:05:16:51 -0500] "GET /images/feria-servicios-principal-24-marzo.jpg HTTP/1.1" 200 37032
201.245.192.253 - - [25/Sep/2023:05:18:27 -0500] "POST /kwsrmcab/Wsrmcab  HTTP/1.1" 200 41265
201.245.192.253 - - [25/Sep/2023:05:18:29 -0500] "POST /kwsrmcab/Wsrmcab HTTP/1.1" 200 40948
201.245.192.253 - - [25/Sep/2023:05:18:32 -0500] "POST /kwsrmcab/Wsrmcab HTTP/1.1" 200 41080
181.136.242.85 - - [25/Sep/2023:05:18:44 -0500] "GET /appsia/controlador HTTP/1.1" 200 4799
181.136.242.85 - - [25/Sep/2023:05:18:50 -0500] "POST /appsia/controlador HTTP/1.1" 200 5437
181.136.242.85 - - [25/Sep/2023:05:18:54 -0500] "POST /appsia/controlador HTTP/1.1" 200 7773
181.136.242.85 - - [25/Sep/2023:05:18:58 -0500] "POST /appsia/controlador HTTP/1.1" 200 6638
181.136.242.85 - - [25/Sep/2023:05:19:01 -0500] "POST /appsia/controlador HTTP/1.1" 200 10663
172.22.2.4 - - [25/Sep/2023:05:18:21 -0500] "GET /BLA/boletinlegal/ HTTP/1.1" 200 24523
172.22.2.4 - - [25/Sep/2023:05:17:47 -0500] "HEAD /BLA/boletinlegal/ HTTP/1.1" 200 -
181.136.242.85 - - [25/Sep/2023:05:19:52 -0500] "POST /appsia/controlador HTTP/1.1" 200 7773
181.136.242.85 - - [25/Sep/2023:05:20:01 -0500] "POST /appsia/controlador HTTP/1.1" 200 5437
181.136.242.85 - - [25/Sep/2023:05:20:05 -0500] "POST /appsia/controlador HTTP/1.1" 200 4799
172.22.2.4 - - [25/Sep/2023:05:18:37 -0500] "GET /BLA/boletinlegal/ HTTP/1.1" 200 52656
216.245.221.92 - - [25/Sep/2023:05:20:54 -0500] "HEAD / HTTP/1.1" 200 -
172.22.2.4 - - [25/Sep/2023:05:22:41 -0500] "GET /BLA/boletinlegal/js/lib.js HTTP/1.1" 200 6474
172.22.2.4 - - [25/Sep/2023:05:22:41 -0500] "GET /BLA/boletinlegal/robots.txt HTTP/1.1" 404 1038
172.22.2.4 - - [25/Sep/2023:05:22:42 -0500] "GET /BLA/boletinlegal/js/jquery1.js HTTP/1.1" 200 29846
172.22.2.4 - - [25/Sep/2023:05:22:42 -0500] "GET /BLA/boletinlegal/swfobject.js HTTP/1.1" 200 9763
172.22.2.4 - - [25/Sep/2023:05:22:43 -0500] "GET /BLA/boletinlegal/js/ajax.js HTTP/1.1" 200 772
190.130.101.172 - - [25/Sep/2023:05:23:21 -0500] "GET /catalogoisis/ HTTP/1.1" 200 8575
190.130.101.172 - - [25/Sep/2023:05:23:22 -0500] "GET /catalogoisis/imagenes/Header.gif HTTP/1.1" 200 27040
201.245.192.253 - - [25/Sep/2023:05:23:26 -0500] "POST /kwsrmcab/Wsrmcab  HTTP/1.1" 200 41265
172.22.2.4 - - [25/Sep/2023:05:23:37 -0500] "HEAD /BLA/boletinlegal/ HTTP/1.1" 200 -
52.167.144.173 - - [25/Sep/2023:05:25:30 -0500] "GET /BLA/resoluciones/RESOLUCIONES%202021/1178.pdf HTTP/1.1" 304 -
216.245.221.92 - - [25/Sep/2023:05:25:54 -0500] "HEAD / HTTP/1.1" 200 -
172.22.2.4 - - [25/Sep/2023:05:24:27 -0500] "GET /BLA/boletinlegal/ HTTP/1.1" 200 60692
69.171.251.11 - - [25/Sep/2023:05:26:28 -0500] "GET /semana-bogota-reverdece-135-nuevos-arboles-para-el-humedal-la-conejera.html HTTP/1.1" 200 814
173.252.127.5 - - [25/Sep/2023:05:26:29 -0500] "GET /images/plantacion-humedal-la-conejera.jpg HTTP/1.1" 200 92644
66.220.149.120 - - [25/Sep/2023:05:26:30 -0500] "GET /semana-bogota-reverdece-135-nuevos-arboles-para-el-humedal-la-conejera.html HTTP/1.1" 200 814
66.220.149.12 - - [25/Sep/2023:05:26:30 -0500] "GET /semana-bogota-reverdece-135-nuevos-arboles-para-el-humedal-la-conejera.html HTTP/1.1" 200 814
66.220.149.118 - - [25/Sep/2023:05:26:30 -0500] "GET /semana-bogota-reverdece-135-nuevos-arboles-para-el-humedal-la-conejera.html HTTP/1.1" 200 814
66.220.149.21 - - [25/Sep/2023:05:26:30 -0500] "GET /semana-bogota-reverdece-135-nuevos-arboles-para-el-humedal-la-conejera.html HTTP/1.1" 200 814
194.165.16.76 - - [25/Sep/2023:05:27:20 -0500] "\x03" 400 226
52.167.144.214 - - [25/Sep/2023:05:28:00 -0500] "GET /BLA/resoluciones/RESOLUCIONES%202022/5606.pdf HTTP/1.1" 200 465926
201.245.192.253 - - [25/Sep/2023:05:28:25 -0500] "POST /kwsrmcab/Wsrmcab  HTTP/1.1" 200 41265
201.245.192.253 - - [25/Sep/2023:05:28:29 -0500] "POST /kwsrmcab/Wsrmcab HTTP/1.1" 200 40948
201.245.192.253 - - [25/Sep/2023:05:28:32 -0500] "POST /kwsrmcab/Wsrmcab HTTP/1.1" 200 41080
172.22.2.4 - - [25/Sep/2023:05:29:59 -0500] "GET /BLA/boletinlegal/actuator/health HTTP/1.1" 404 1018
216.245.221.92 - - [25/Sep/2023:05:30:54 -0500] "HEAD / HTTP/1.1" 200 -
172.22.2.4 - - [25/Sep/2023:05:29:27 -0500] "HEAD /BLA/boletinlegal/ HTTP/1.1" 200 -
216.244.66.195 - - [25/Sep/2023:05:31:56 -0500] "GET /BLA/resoluciones/RESOLUCIONES%202017/2043.pdf HTTP/1.1" 200 260141
172.22.2.4 - - [25/Sep/2023:05:30:17 -0500] "GET /BLA/boletinlegal/ HTTP/1.1" 200 60692
216.244.66.195 - - [25/Sep/2023:05:32:45 -0500] "GET /BLA/resoluciones/RESOLUCIONES%202017/2068.pdf HTTP/1.1" 200 304914
173.252.111.8 - - [25/Sep/2023:05:33:16 -0500] "GET /participa-en-la-convocatoria-para-el-aseguramiento-metrologico-de-la-red-de-monitoreo-de-calidad-del-aire-de-bogota.html HTTP/1.1" 200 848
216.244.66.195 - - [25/Sep/2023:05:33:25 -0500] "GET /BLA/resoluciones/RESOLUCIONES%202017/2346.pdf HTTP/1.1" 200 394340
201.245.192.253 - - [25/Sep/2023:05:33:24 -0500] "POST /kwsrmcab/Wsrmcab  HTTP/1.1" 200 41265
207.46.13.154 - - [25/Sep/2023:05:33:32 -0500] "GET /BLA/resoluciones/RESOLUCIONES%202022/5144.pdf HTTP/1.1" 200 469912
216.244.66.195 - - [25/Sep/2023:05:34:15 -0500] "GET /BLA/resoluciones/RESOLUCIONES%202017/2646.pdf HTTP/1.1" 200 305336
60.217.75.70 - - [25/Sep/2023:05:34:55 -0500] "GET / HTTP/1.1" 200 319
172.22.2.4 - - [25/Sep/2023:05:34:56 -0500] "GET /BLA/boletinlegal/doctrina.php HTTP/1.1" 200 5614
216.244.66.195 - - [25/Sep/2023:05:35:00 -0500] "GET /BLA/resoluciones/RESOLUCIONES%202017/2839.pdf HTTP/1.1" 200 279578
172.22.2.4 - - [25/Sep/2023:05:35:00 -0500] "GET /BLA/boletinlegal/js/lib.js HTTP/1.1" 200 6474
172.22.2.4 - - [25/Sep/2023:05:35:01 -0500] "GET /BLA/boletinlegal/js/ajax_doctrina.js HTTP/1.1" 200 772
216.244.66.195 - - [25/Sep/2023:05:35:42 -0500] "GET /BLA/resoluciones/RESOLUCIONES%202017/3730.pdf HTTP/1.1" 200 294247
216.245.221.92 - - [25/Sep/2023:05:35:54 -0500] "HEAD / HTTP/1.1" 200 -
216.244.66.195 - - [25/Sep/2023:05:36:24 -0500] "GET /BLA/resoluciones/RESOLUCIONES%202019/1427.pdf HTTP/1.1" 200 258850
172.22.2.4 - - [25/Sep/2023:05:35:17 -0500] "HEAD /BLA/boletinlegal/ HTTP/1.1" 200 -
216.244.66.195 - - [25/Sep/2023:05:37:06 -0500] "GET /BLA/resoluciones/RESOLUCIONES%201996/RESOLUCION%2052%20DE%201996.pdf HTTP/1.1" 200 67958
216.244.66.195 - - [25/Sep/2023:05:37:38 -0500] "GET /BLA/resoluciones/RESOLUCIONES%202001/RESOLUCION%20411%20DE%202001.pdf HTTP/1.1" 200 71238
172.22.2.4 - - [25/Sep/2023:05:36:07 -0500] "GET /BLA/boletinlegal/ HTTP/1.1" 200 58187
216.244.66.195 - - [25/Sep/2023:05:38:10 -0500] "GET /BLA/resoluciones/AUTOS%202007/0295.pdf HTTP/1.1" 200 119709
201.245.192.253 - - [25/Sep/2023:05:38:24 -0500] "POST /kwsrmcab/Wsrmcab  HTTP/1.1" 200 41265
201.245.192.253 - - [25/Sep/2023:05:38:29 -0500] "POST /kwsrmcab/Wsrmcab HTTP/1.1" 200 40948
201.245.192.253 - - [25/Sep/2023:05:38:32 -0500] "POST /kwsrmcab/Wsrmcab HTTP/1.1" 200 41080
216.244.66.195 - - [25/Sep/2023:05:38:40 -0500] "GET /BLA/resoluciones/AUTOS%202007/0302.pdf HTTP/1.1" 200 47805
216.244.66.195 - - [25/Sep/2023:05:39:08 -0500] "GET /BLA/resoluciones/AUTOS%202007/0315.pdf HTTP/1.1" 200 50785
216.244.66.195 - - [25/Sep/2023:05:39:34 -0500] "GET /BLA/resoluciones/AUTOS%202007/0371.pdf HTTP/1.1" 200 109729
216.244.66.195 - - [25/Sep/2023:05:40:01 -0500] "GET /BLA/resoluciones/AUTOS%202007/0429.pdf HTTP/1.1" 200 35172
216.244.66.195 - - [25/Sep/2023:05:40:24 -0500] "GET /BLA/resoluciones/AUTOS%202007/0560.pdf HTTP/1.1" 200 247844
216.244.66.195 - - [25/Sep/2023:05:40:51 -0500] "GET /BLA/resoluciones/AUTOS%202007/0755.pdf HTTP/1.1" 200 29616
216.245.221.92 - - [25/Sep/2023:05:40:54 -0500] "HEAD / HTTP/1.1" 200 -
216.244.66.195 - - [25/Sep/2023:05:41:12 -0500] "GET /BLA/resoluciones/AUTOS%202007/0956.pdf HTTP/1.1" 200 21759
172.22.2.4 - - [25/Sep/2023:05:41:07 -0500] "HEAD /BLA/boletinlegal/ HTTP/1.1" 200 -
201.245.192.253 - - [25/Sep/2023:05:43:22 -0500] "POST /kwsrmcab/Wsrmcab  HTTP/1.1" 200 41265
172.22.2.4 - - [25/Sep/2023:05:41:57 -0500] "GET /BLA/boletinlegal/ HTTP/1.1" 200 57790
199.16.157.180 - - [25/Sep/2023:05:44:19 -0500] "GET /images/Red%20de%20Monitoreo%20febrero%2025.png HTTP/1.1" 200 93489
199.16.157.183 - - [25/Sep/2023:05:44:20 -0500] "GET /conoce-las-medidas-de-prevencion-y-mitigacion-contempladas-en-la-alerta-fase-1-por-calidad-del-aire.html HTTP/1.1" 200 917
40.77.167.48 - - [25/Sep/2023:05:44:42 -0500] "GET /conversatorio-sobre-crisis-climatica-un-espacio-para-repensar-nuestros-comportamientos-y-motivar-cambios-de-habitos.html HTTP/1.1" 200 897
216.244.66.195 - - [25/Sep/2023:05:45:29 -0500] "GET /robots.txt HTTP/1.1" 404 1018
216.245.221.92 - - [25/Sep/2023:05:45:54 -0500] "HEAD / HTTP/1.1" 200 -
201.245.192.253 - - [25/Sep/2023:05:48:21 -0500] "POST /kwsrmcab/Wsrmcab  HTTP/1.1" 200 41265
172.22.2.4 - - [25/Sep/2023:05:46:57 -0500] "HEAD /BLA/boletinlegal/ HTTP/1.1" 200 -
172.22.2.4 - - [25/Sep/2023:05:47:47 -0500] "GET /BLA/boletinlegal/ HTTP/1.1" 200 58187
216.245.221.92 - - [25/Sep/2023:05:50:54 -0500] "HEAD / HTTP/1.1" 200 -
162.55.166.12 - - [25/Sep/2023:05:53:19 -0500] "GET / HTTP/1.1" 200 319
201.245.192.253 - - [25/Sep/2023:05:53:20 -0500] "POST /kwsrmcab/Wsrmcab  HTTP/1.1" 200 41265
31.13.103.6 - - [25/Sep/2023:05:53:31 -0500] "GET /images/pl\xc3\xa1sticos%20foto%201..jpg HTTP/1.1" 404 1034
172.22.2.4 - - [25/Sep/2023:05:52:41 -0500] "GET /BLA/boletinlegal/ HTTP/1.1" 200 45003
172.22.2.4 - - [25/Sep/2023:05:52:47 -0500] "HEAD /BLA/boletinlegal/ HTTP/1.1" 200 -
172.22.2.4 - - [25/Sep/2023:05:53:37 -0500] "GET /BLA/boletinlegal/ HTTP/1.1" 200 57323
216.245.221.92 - - [25/Sep/2023:05:55:54 -0500] "HEAD / HTTP/1.1" 200 -
52.167.144.163 - - [25/Sep/2023:05:56:09 -0500] "GET /portaldeninos/author/marcela-reyes/page/2/ HTTP/1.1" 200 93336
186.117.207.229 - - [25/Sep/2023:05:56:10 -0500] "GET /participa-en-la-convocatoria-para-el-aseguramiento-metrologico-de-la-red-de-monitoreo-de-calidad-del-aire-de-bogota.html?fbclid=IwAR0bjLlQjn6M30tmDbODqF5stg7zRBqPcndbGeavZ1clYcICA5sawF8jnYQ HTTP/1.1" 200 848
201.245.192.253 - - [25/Sep/2023:05:58:19 -0500] "POST /kwsrmcab/Wsrmcab  HTTP/1.1" 200 41265
172.22.2.4 - - [25/Sep/2023:05:58:37 -0500] "HEAD /BLA/boletinlegal/ HTTP/1.1" 200 -
172.22.2.4 - - [25/Sep/2023:05:59:46 -0500] "GET /BLA/boletinlegal/ HTTP/1.1" 200 32715
216.245.221.92 - - [25/Sep/2023:06:00:54 -0500] "HEAD / HTTP/1.1" 200 -
172.22.2.4 - - [25/Sep/2023:05:59:27 -0500] "GET /BLA/boletinlegal/ HTTP/1.1" 200 55460
201.245.192.253 - - [25/Sep/2023:06:03:18 -0500] "POST /kwsrmcab/Wsrmcab  HTTP/1.1" 200 41265
172.22.2.4 - - [25/Sep/2023:06:02:43 -0500] "GET /BLA/boletinlegal/ HTTP/1.1" 200 49099
40.77.167.43 - - [25/Sep/2023:06:04:04 -0500] "GET /moda-circular-manos-reparadoras-la-estrategia-del-distrito-para-restaurar-prendas-usadas.html HTTP/1.1" 200 901
69.171.249.116 - - [25/Sep/2023:06:05:14 -0500] "GET /images/plantacion-humedal-la-conejera.jpg HTTP/1.1" 200 92644
216.245.221.92 - - [25/Sep/2023:06:05:54 -0500] "HEAD / HTTP/1.1" 200 -
172.22.2.4 - - [25/Sep/2023:06:04:27 -0500] "HEAD /BLA/boletinlegal/ HTTP/1.1" 200 -
172.22.2.4 - - [25/Sep/2023:06:05:14 -0500] "GET /BLA/boletinlegal/ HTTP/1.1" 200 24523
172.22.2.4 - - [25/Sep/2023:06:05:17 -0500] "GET /BLA/boletinlegal/ HTTP/1.1" 200 52068
40.77.167.40 - - [25/Sep/2023:06:07:37 -0500] "GET /BLA/resoluciones/RESOLUCIONES%202014/0882.pdf HTTP/1.1" 304 -
201.245.192.253 - - [25/Sep/2023:06:08:17 -0500] "POST /kwsrmcab/Wsrmcab  HTTP/1.1" 200 41265
185.224.128.197 - - [25/Sep/2023:06:09:23 -0500] "GET / HTTP/1.1" 200 319
216.244.66.195 - - [25/Sep/2023:06:10:10 -0500] "GET /BLA/resoluciones/AUTOS%202021/1561.pdf HTTP/1.1" 200 380922
216.245.221.92 - - [25/Sep/2023:06:10:54 -0500] "HEAD / HTTP/1.1" 200 -
216.244.66.195 - - [25/Sep/2023:06:10:54 -0500] "GET /BLA/resoluciones/AUTOS%202021/1710.pdf HTTP/1.1" 200 507386
181.234.204.26 - - [25/Sep/2023:06:11:19 -0500] "GET /sipse/faces/faces/index.xhtml HTTP/1.1" 200 677
181.234.204.26 - - [25/Sep/2023:06:11:20 -0500] "GET /sipse/faces/javax.faces.resource/theme.css?ln=primefaces-sipse HTTP/1.1" 304 -
181.234.204.26 - - [25/Sep/2023:06:11:20 -0500] "GET /sipse/faces/faces/faces/autenticacion.xhtml HTTP/1.1" 200 12414
181.234.204.26 - - [25/Sep/2023:06:11:20 -0500] "GET /sipse/css/custom_css_sg.css HTTP/1.1" 304 -
181.234.204.26 - - [25/Sep/2023:06:11:20 -0500] "GET /sipse/faces/javax.faces.resource/theme.css?ln=primefaces-sipse HTTP/1.1" 304 -
181.234.204.26 - - [25/Sep/2023:06:11:20 -0500] "GET /sipse/css/custom_css_sg_prime_login.css HTTP/1.1" 304 -
181.234.204.26 - - [25/Sep/2023:06:11:20 -0500] "GET /sipse/faces/javax.faces.resource/layout/layout.css?ln=primefaces&v=4.0 HTTP/1.1" 304 -
181.234.204.26 - - [25/Sep/2023:06:11:20 -0500] "GET /sipse/js/funciones.js HTTP/1.1" 304 -
181.234.204.26 - - [25/Sep/2023:06:11:20 -0500] "GET /sipse/js/disable_browser_buttons.js HTTP/1.1" 304 -
181.234.204.26 - - [25/Sep/2023:06:11:20 -0500] "GET /sipse/faces/javax.faces.resource/primefaces.css?ln=primefaces&v=4.0 HTTP/1.1" 304 -
181.234.204.26 - - [25/Sep/2023:06:11:20 -0500] "GET /sipse/faces/javax.faces.resource/primefaces.js?ln=primefaces&v=4.0 HTTP/1.1" 304 -
181.234.204.26 - - [25/Sep/2023:06:11:20 -0500] "GET /sipse/faces/javax.faces.resource/layout/layout.js?ln=primefaces&v=4.0 HTTP/1.1" 304 -
181.234.204.26 - - [25/Sep/2023:06:11:20 -0500] "GET /sipse/faces/javax.faces.resource/jquery/jquery-plugins.js?ln=primefaces&v=4.0 HTTP/1.1" 304 -
181.234.204.26 - - [25/Sep/2023:06:11:20 -0500] "GET /sipse/faces/javax.faces.resource/jquery/jquery.js?ln=primefaces&v=4.0 HTTP/1.1" 304 -
181.234.204.26 - - [25/Sep/2023:06:11:20 -0500] "GET /sipse/css/imagen/logoSDG.png HTTP/1.1" 304 -
181.234.204.26 - - [25/Sep/2023:06:11:20 -0500] "GET /sipse/css/imagen/loginimg.png HTTP/1.1" 304 -
181.234.204.26 - - [25/Sep/2023:06:11:20 -0500] "GET /sipse/faces/javax.faces.resource/images/ui-icons_898989_256x240.png?ln=primefaces-aristo HTTP/1.1" 304 -
172.22.2.4 - - [25/Sep/2023:06:10:43 -0500] "GET /BLA/boletinlegal/ HTTP/1.1" 200 32715
216.244.66.195 - - [25/Sep/2023:06:11:44 -0500] "GET /BLA/resoluciones/AUTOS%202021/1868.pdf HTTP/1.1" 200 385035
172.22.2.4 - - [25/Sep/2023:06:10:53 -0500] "GET /BLA/boletinlegal/ HTTP/1.1" 200 32715
172.22.2.4 - - [25/Sep/2023:06:10:17 -0500] "HEAD /BLA/boletinlegal/ HTTP/1.1" 200 -
216.244.66.195 - - [25/Sep/2023:06:12:34 -0500] "GET /BLA/resoluciones/AUTOS%202021/1970.pdf HTTP/1.1" 200 461372
172.22.2.4 - - [25/Sep/2023:06:11:07 -0500] "GET /BLA/boletinlegal/ HTTP/1.1" 200 53362
201.245.192.253 - - [25/Sep/2023:06:13:16 -0500] "POST /kwsrmcab/Wsrmcab  HTTP/1.1" 200 41265
216.244.66.195 - - [25/Sep/2023:06:13:24 -0500] "GET /BLA/resoluciones/AUTOS%202021/2061.pdf HTTP/1.1" 200 365974
172.22.2.4 - - [25/Sep/2023:06:14:05 -0500] "GET /BLA/boletinlegal/.well-known/traffic-advice HTTP/1.1" 404 1038
216.244.66.195 - - [25/Sep/2023:06:14:06 -0500] "GET /BLA/resoluciones/AUTOS%202021/2096.pdf HTTP/1.1" 200 360471
157.55.39.12 - - [25/Sep/2023:06:14:34 -0500] "GET /portaldeninos/author/adminportalninos/page/9/ HTTP/1.1" 200 102846
172.22.2.4 - - [25/Sep/2023:06:14:05 -0500] "GET /BLA/boletinlegal/ HTTP/1.1" 200 24523
216.244.66.195 - - [25/Sep/2023:06:14:55 -0500] "GET /BLA/resoluciones/AUTOS%202021/2231.pdf HTTP/1.1" 200 387017
44.230.252.91 - - [25/Sep/2023:06:15:02 -0500] "GET /secretaria-de-ambiente-invita-a-proteger-la-culebra-sabanera.html HTTP/1.1" 200 924
216.244.66.195 - - [25/Sep/2023:06:15:45 -0500] "GET /BLA/resoluciones/AUTOS%202021/2334.pdf HTTP/1.1" 200 410996
216.245.221.92 - - [25/Sep/2023:06:15:54 -0500] "HEAD / HTTP/1.1" 200 -
216.244.66.195 - - [25/Sep/2023:06:16:36 -0500] "GET /BLA/resoluciones/AUTOS%202021/2437.pdf HTTP/1.1" 200 402673
216.244.66.195 - - [25/Sep/2023:06:17:26 -0500] "GET /BLA/resoluciones/AUTOS%202021/2679.pdf HTTP/1.1" 200 370676
172.22.2.4 - - [25/Sep/2023:06:16:07 -0500] "HEAD /BLA/boletinlegal/ HTTP/1.1" 200 -
69.171.251.14 - - [25/Sep/2023:06:18:11 -0500] "GET /images/acuerdos-conservacion-08-23.jpg HTTP/1.1" 200 55051
216.244.66.195 - - [25/Sep/2023:06:18:11 -0500] "GET /BLA/resoluciones/AUTOS%202021/2690.pdf HTTP/1.1" 200 371340
201.245.192.253 - - [25/Sep/2023:06:18:15 -0500] "POST /kwsrmcab/Wsrmcab  HTTP/1.1" 200 41265
201.245.192.253 - - [25/Sep/2023:06:18:29 -0500] "POST /kwsrmcab/Wsrmcab HTTP/1.1" 200 41129
201.245.192.253 - - [25/Sep/2023:06:18:32 -0500] "POST /kwsrmcab/Wsrmcab HTTP/1.1" 200 41128
172.22.2.4 - - [25/Sep/2023:06:16:57 -0500] "GET /BLA/boletinlegal/ HTTP/1.1" 200 58187
216.244.66.195 - - [25/Sep/2023:06:19:01 -0500] "GET /BLA/resoluciones/AUTOS%202021/2986.pdf HTTP/1.1" 200 1954710
216.244.66.195 - - [25/Sep/2023:06:20:01 -0500] "GET /BLA/resoluciones/AUTOS%202021/3957.pdf HTTP/1.1" 200 360255
216.244.66.195 - - [25/Sep/2023:06:20:46 -0500] "GET /BLA/resoluciones/AUTOS%202021/4058.pdf HTTP/1.1" 200 389354
216.245.221.92 - - [25/Sep/2023:06:20:54 -0500] "HEAD / HTTP/1.1" 200 -
216.244.66.195 - - [25/Sep/2023:06:21:22 -0500] "GET /BLA/resoluciones/AUTOS%202021/4145.pdf HTTP/1.1" 200 353611
216.244.66.195 - - [25/Sep/2023:06:22:07 -0500] "GET /BLA/resoluciones/AUTOS%202021/4633.pdf HTTP/1.1" 200 395312
216.244.66.195 - - [25/Sep/2023:06:22:48 -0500] "GET /BLA/resoluciones/AUTOS%202021/4778.pdf HTTP/1.1" 200 339551
201.245.192.253 - - [25/Sep/2023:06:23:14 -0500] "POST /kwsrmcab/Wsrmcab  HTTP/1.1" 200 41265
216.244.66.195 - - [25/Sep/2023:06:23:29 -0500] "GET /BLA/resoluciones/AUTOS%202021/4997.pdf HTTP/1.1" 200 370845
172.22.2.4 - - [25/Sep/2023:06:21:57 -0500] "HEAD /BLA/boletinlegal/ HTTP/1.1" 200 -
216.244.66.195 - - [25/Sep/2023:06:24:16 -0500] "GET /BLA/resoluciones/AUTOS%202021/5087.pdf HTTP/1.1" 200 309897
172.22.2.4 - - [25/Sep/2023:06:22:47 -0500] "GET /BLA/boletinlegal/ HTTP/1.1" 200 58187
216.244.66.195 - - [25/Sep/2023:06:24:46 -0500] "GET /BLA/resoluciones/AUTOS%202021/5499.pdf HTTP/1.1" 200 383863
216.244.66.195 - - [25/Sep/2023:06:25:24 -0500] "GET /BLA/resoluciones/AUTOS%202022/0125.pdf HTTP/1.1" 200 393959
216.245.221.92 - - [25/Sep/2023:06:25:54 -0500] "HEAD / HTTP/1.1" 200 -
216.244.66.195 - - [25/Sep/2023:06:25:57 -0500] "GET /BLA/resoluciones/AUTOS%202022/0203.pdf HTTP/1.1" 200 382536
216.244.66.195 - - [25/Sep/2023:06:26:31 -0500] "GET /BLA/resoluciones/AUTOS%202022/0710.pdf HTTP/1.1" 200 437805
216.244.66.195 - - [25/Sep/2023:06:27:00 -0500] "GET /BLA/resoluciones/AUTOS%202022/1074.pdf HTTP/1.1" 200 358395
216.244.66.195 - - [25/Sep/2023:06:27:28 -0500] "GET /BLA/resoluciones/AUTOS%202022/1342.pdf HTTP/1.1" 200 3729644
216.244.66.195 - - [25/Sep/2023:06:28:08 -0500] "GET /BLA/resoluciones/AUTOS%202022/1655.pdf HTTP/1.1" 200 400151
201.245.192.253 - - [25/Sep/2023:06:28:12 -0500] "POST /kwsrmcab/Wsrmcab  HTTP/1.1" 200 41265
52.167.144.22 - - [25/Sep/2023:06:28:14 -0500] "GET /Publicaciones/2023EE220467.pdf HTTP/1.1" 200 231975
179.19.96.23 - - [25/Sep/2023:06:28:24 -0500] "GET /kwssiamovil/sm/ldap/au?x=U2FsdGVkX18WCP019jBvTNf3FqwFNLpkMX5pnPMwh43epK+c3Z0AzVS1L5VpfW74&y=U2FsdGVkX18sNuR06mPmYdXVwhBM2ppLZ3N2LmFKaN16GrPbUubzhjK29L/fhOkT HTTP/1.1" 200 30
179.19.96.23 - - [25/Sep/2023:06:28:25 -0500] "GET /kwssiamovil/sm/acme/s?s=U2FsdGVkX1+pEilV+HWOaOglSOKpkLVz/3dDWSz0C7FDbSZkduVGVong7TjmXmtdkXao5ioxI1JH7LgNNo/Y/VVdcQHxn12X81cABUw53gU=&u=U2FsdGVkX1+C0sDSRUkfCIMwqdH8qbr7bBP4KKrWkEc=&y=U2FsdGVkX18sNuR06mPmYdXVwhBM2ppLZ3N2LmFKaN16GrPbUubzhjK29L/fhOkT HTTP/1.1" 200 97
179.19.96.23 - - [25/Sep/2023:06:28:25 -0500] "GET /kwssiamovil/sm/acme/s?s=U2FsdGVkX190KL+pZTL1Gp5Ts01rk1H2dJba9JiyRkA0Y+CyfXp1qaO35ypcG2AfYR8IZw7VTxz9Qej78+bXV3gMtz09Dm2/HPNchZTGXTVE4YYRdSRq4zr/4PTEXtQRwWKX53DMbq1bbbT7u/rzjbV3Iwu4dpqvk5pXS3ScnnWR98UROh2mPe3G519Ck1/h6BXBXUj0spXQDmjQKQxoh6X93fDB+so9PHv+Wzkuq08NYJopW7YAV7A5Uo4A+ZhJ27//H4hH3HR8ezW981SFRwTWiyYyNuDrTzoQGpzmQYM2aNbVzCzy1+LBepwTjoI3542Gh2u6cBbSKv+TDposYMs9Qz2R0zX4S+yL966XcHWrz8/2Ebk2juODgcuDQDVkSv09FaRGI9kSDujc20xMYOxRtsSVOuDbNR6a3wQuYFuNax1AUzF3pRYci4Iyve7y6jp8an0pkwDhi4zreJBWa0ivIC21+gwSZS/UBVTUo+A+mc4nbKXF9iyT3SZSUdx9tLYVryn7XLmL3FQ2yjqiVhWtZMaZeYy9pMM52ndPvPmUyx8PuDFE4f98qNY39XbrdaGzvKAPrN4aoB5Z+pY2xsMFOvMevrxtToh3067WINr3jSaW1A8tuljwoaxAH9DFba/w73KkBSz8qgCFfXugzjY/r3riK32yZcPgwcCkp/m8K6oL8/ijt3Ridahjkgk5Gc50zb0fiPxKGM+qRP4xnsNFayhuXjdVhToSh+V17tVyd4i+pI7EE8avZXft14iodZ2dl4Ibu/JMDIPQbT3hMYxVlf0jsNQimL2HcIt91tVUSICF/bYDn+H9sVTnFRrxGX6t3C+7BvFBcWSVpL04oWaZlBfp4rgwPpfsCvuuoYageuo5REPfRUBPPDvjFHPOgZpOHoDd/OYeS2gKoyBbY3KHhT0XIh3umWfhawdja1Ta/aEldhYiF60v7hKkbg9+yh9C/LcQuJKzrepNPhoUbLA4y0i4gqwnlN2M6YYYOZl+jD20KTue0kx5t2YmX1e3JPPu89TuZIL6lKAkNWUb2PLB55r25iKlv519aH5ZRWoPonfmpNDaiXVNOqOorRQF+4IjlXTpNLO6ri+qcidIOv5zupsmcGvzAxUjPgddrux2jAfp3fZ0TrR7kp5sh4dsDJ3IXz5xH9bE68EfeU/sOG5g6JNq2NcRVYz44VCMppyyj25F4E/q5CswCPFUy+cQB4u6EQ9Xpxlf2kpmKn4N3lyTMyn39KHwlTe22b2ByXUDKjVk8uW5Xz0C120/7WKbKTWYIsaKhggwyOEHVXDBrQGs/OGmof5kzGUuAGtulUHNQlkYnLnJrGyBXoOFyK2omjJelc6+y4tFg+ttC8RBoaEmEaIXNJWltua6f5HU64/ojOMk6T6EyzR/ULesmMpKpk2fRPH6Ft3n6ZZOQNGPgATcwKVjzsRLRvh2YPO39/jJzls7wr8/A8N1GBzYeq7GnTf16W3J70UOa9B4rk70xPLSd8DpW7LRnsPReJZwpVVV2EVfeS3pyh3H6IDSr4pkAIM827nDdd7cQ8yTNxJNaUbTImdV3E6AjttxojwdRBZwR435kQL148hpuS1daAkTraHzd3ILSrmTT1xB5LRjz2xj9M6jdGd3VqsIBlHZlU/2TaTn/yJm1X2W3F8LZwtHJEnysJfGTDGZuMzZLlY9pqqOdL8gWvPKKF0Q1+FS3vbWV4rGCOLhMTWBkqP2t+Sdlaqw2tu+wxsWJnXL+laGS3CLHOnbLHdH2mTjqlL3cx8=&u=U2FsdGVkX1+C0sDSRUkfCIMwqdH8qbr7bBP4KKrWkEc=&y=U2FsdGVkX18sNuR06mPmYdXVwhBM2ppLZ3N2LmFKaN16GrPbUubzhjK29L/fhOkT HTTP/1.1" 200 3571
179.19.96.23 - - [25/Sep/2023:06:28:26 -0500] "GET /kwssiamovil/sm/acme/s?s=U2FsdGVkX18vKNzxWRoSu799yGl0Xda5I9aykJQ/PigTo5pT+xMlReG41KmhnuRS1Zrosq/FaNzBA6iMt9Dn8uFneA78roaSqSkW/cncwNg6ATylvCnmkJnQq345VJ+GJ3CszTs1GhJYBpyFtL3t4CdBxasCiHTTNg+DjTaOhJqwKTTJT1QqnFWuHWsLuIDpvfnigPcV4geEsSlEVvQyG2wpfx68bR4uA98Lk+v7NQycv0XMGVO2zJJeK5Mo7oCCWzxfHOCBmQ3DoD37IFHLhWTV2E0TqRFyZ09ZTx+ypEkZL4J/wU6aN0IFG0etXkaQEkOawiJu5dQ1UFiFbWI7p5nz+3lZULvhzkNRykD+T51W1K506XATcnklL21VyCnnCVxyvKflKXNd9Qw7Xzc3gWV6lOppuZISo9rOtIeP9FACcFeKKxVX3imq7EkuHhArYd1RF8Wpk9KCeIQ1MU7muB55lmHbALueSizfl7onjGRd2Gy+OsSEZDQcFYodYjL5q+PeuvrsHB+ibCrmmLpjhKLGP75ozy/vdpVVXsiEfedyU/XBwxnxIaVvmOdFwFiaayWxEw0lsb6zVOorFZpdaYMw5yP9bVTmpkjIF/lr6J8iEk6h2cyRSOypAPbaKWfLnH8jglWyJUuSX7Ic05ie6fsTuyzOG7gp8Mj68Sl1yohMQFRIhuMxTt8nSlZEnaUOB5k5GiT3V4MtSBugBO4DJkoDoNmPnz766Yhp8I4VE7NgEc13EY3E1HGI1wXtJsX4&u=U2FsdGVkX1+C0sDSRUkfCIMwqdH8qbr7bBP4KKrWkEc=&y=U2FsdGVkX18sNuR06mPmYdXVwhBM2ppLZ3N2LmFKaN16GrPbUubzhjK29L/fhOkT HTTP/1.1" 200 208
179.19.96.23 - - [25/Sep/2023:06:28:26 -0500] "GET /kwssiamovil/sm/cjson/pre?f=1&x=U2FsdGVkX18WCP019jBvTNf3FqwFNLpkMX5pnPMwh43epK+c3Z0AzVS1L5VpfW74 HTTP/1.1" 200 31032
201.245.192.253 - - [25/Sep/2023:06:28:29 -0500] "POST /kwsrmcab/Wsrmcab HTTP/1.1" 200 41129
201.245.192.253 - - [25/Sep/2023:06:28:33 -0500] "POST /kwsrmcab/Wsrmcab HTTP/1.1" 200 41128
216.244.66.195 - - [25/Sep/2023:06:28:38 -0500] "GET /BLA/resoluciones/AUTOS%202022/1818.pdf HTTP/1.1" 200 399940
216.244.66.195 - - [25/Sep/2023:06:29:08 -0500] "GET /BLA/resoluciones/AUTOS%202022/1823.pdf HTTP/1.1" 200 721289
172.22.2.4 - - [25/Sep/2023:06:27:47 -0500] "HEAD /BLA/boletinlegal/ HTTP/1.1" 200 -
216.244.66.195 - - [25/Sep/2023:06:29:36 -0500] "GET /BLA/resoluciones/AUTOS%202022/1843.pdf HTTP/1.1" 200 404569
172.22.2.4 - - [25/Sep/2023:06:28:37 -0500] "GET /BLA/boletinlegal/ HTTP/1.1" 200 58187
66.249.70.197 - - [25/Sep/2023:06:30:50 -0500] "GET /BLA/resoluciones/RESOLUCIONES%202017/2937.pdf HTTP/1.1" 200 3212581
216.245.221.92 - - [25/Sep/2023:06:30:54 -0500] "HEAD / HTTP/1.1" 200 -
201.245.192.253 - - [25/Sep/2023:06:33:11 -0500] "POST /kwsrmcab/Wsrmcab  HTTP/1.1" 200 41265
216.244.66.195 - - [25/Sep/2023:06:34:04 -0500] "GET /robots.txt HTTP/1.1" 404 1018
172.22.2.4 - - [25/Sep/2023:06:33:37 -0500] "HEAD /BLA/boletinlegal/ HTTP/1.1" 200 -
216.245.221.92 - - [25/Sep/2023:06:35:54 -0500] "HEAD / HTTP/1.1" 200 -
172.22.2.4 - - [25/Sep/2023:06:34:27 -0500] "GET /BLA/boletinlegal/ HTTP/1.1" 200 58187
100.21.24.205 - - [25/Sep/2023:06:36:42 -0500] "GET /te-contamos-como-instalar-un-contenedor-para-baterias-de-litio-en-tu-establecimiento.html HTTP/1.1" 200 892
172.22.2.4 - - [25/Sep/2023:06:36:58 -0500] "GET /BLA/boletinlegal/jurisprudencia/analisis/ANALISIST-257-96.docx HTTP/1.1" 304 -
157.55.39.203 - - [25/Sep/2023:06:37:10 -0500] "GET /portaldeninos/?s=2024 HTTP/1.1" 200 85855
181.214.164.109 - - [25/Sep/2023:06:37:41 -0500] "GET / HTTP/1.1" 200 319
192.168.169.90 - - [25/Sep/2023:06:37:52 -0500] "GET /BLA/boletinlegal/admin/index.php HTTP/1.1" 200 2324
192.168.169.90 - - [25/Sep/2023:06:37:52 -0500] "GET /BLA/boletinlegal/admin/index_files/style.css HTTP/1.1" 200 6223
192.168.169.90 - - [25/Sep/2023:06:37:52 -0500] "GET /favicon.ico HTTP/1.1" 200 7782
192.168.169.90 - - [25/Sep/2023:06:37:52 -0500] "GET /BLA/boletinlegal/admin/images/bg.png HTTP/1.1" 200 332965
192.168.169.90 - - [25/Sep/2023:06:37:57 -0500] "POST /BLA/boletinlegal/admin/usuarios/process.php HTTP/1.1" 302 -
192.168.169.90 - - [25/Sep/2023:06:37:58 -0500] "GET /BLA/boletinlegal/admin/index.php HTTP/1.1" 200 5486
192.168.169.90 - - [25/Sep/2023:06:38:10 -0500] "GET /BLA/boletinlegal/admin/index_files/7_1.gif HTTP/1.1" 200 1455
192.168.169.90 - - [25/Sep/2023:06:38:10 -0500] "GET /BLA/boletinlegal/admin/index_files/3_5.gif HTTP/1.1" 200 1633
192.168.169.90 - - [25/Sep/2023:06:38:10 -0500] "GET /BLA/boletinlegal/admin/index_files/2_4.gif HTTP/1.1" 200 1763
192.168.169.90 - - [25/Sep/2023:06:38:10 -0500] "GET /BLA/boletinlegal/admin/index_files/7_5.gif HTTP/1.1" 200 1565
192.168.169.90 - - [25/Sep/2023:06:38:10 -0500] "GET /BLA/boletinlegal/admin/index_files/2_2.gif HTTP/1.1" 200 1728
192.168.169.90 - - [25/Sep/2023:06:38:10 -0500] "GET /BLA/boletinlegal/admin/index_files/header.png HTTP/1.1" 200 240212
192.168.169.90 - - [25/Sep/2023:06:38:10 -0500] "GET /BLA/boletinlegal/images/can.png HTTP/1.1" 200 37574
192.168.169.90 - - [25/Sep/2023:06:38:10 -0500] "GET /favicon.ico HTTP/1.1" 200 7782
192.168.169.90 - - [25/Sep/2023:06:38:10 -0500] "GET /BLA/boletinlegal/admin/index_files/index_files/tback.gif HTTP/1.1" 404 1322
201.245.192.253 - - [25/Sep/2023:06:38:10 -0500] "POST /kwsrmcab/Wsrmcab  HTTP/1.1" 200 41265
201.245.192.253 - - [25/Sep/2023:06:38:29 -0500] "POST /kwsrmcab/Wsrmcab HTTP/1.1" 200 41129
201.245.192.253 - - [25/Sep/2023:06:38:32 -0500] "POST /kwsrmcab/Wsrmcab HTTP/1.1" 200 41128
201.221.172.169 - - [25/Sep/2023:06:39:55 -0500] "-" 408 -
52.167.144.67 - - [25/Sep/2023:06:40:14 -0500] "GET /robots.txt HTTP/1.1" 404 1049
40.77.167.65 - - [25/Sep/2023:06:40:38 -0500] "GET /BLA/boletinlegal/Circulares/2019/Circular%20No.%200003%20del%2031%20de%20Enero%20de%202019.pdf HTTP/1.1" 200 164676
216.245.221.92 - - [25/Sep/2023:06:40:54 -0500] "HEAD / HTTP/1.1" 200 -
157.55.39.58 - - [25/Sep/2023:06:41:02 -0500] "GET /Publicaciones/2023EE220452.pdf HTTP/1.1" 200 231980
172.22.2.4 - - [25/Sep/2023:06:39:27 -0500] "HEAD /BLA/boletinlegal/ HTTP/1.1" 200 -
172.22.2.4 - - [25/Sep/2023:06:40:17 -0500] "GET /BLA/boletinlegal/ HTTP/1.1" 200 58187
199.16.157.180 - - [25/Sep/2023:06:42:03 -0500] "GET /images/pl%C3%A1sticos%20foto%201..jpg HTTP/1.1" 404 1034
201.245.192.253 - - [25/Sep/2023:06:43:09 -0500] "POST /kwsrmcab/Wsrmcab  HTTP/1.1" 200 41265
173.252.79.7 - - [25/Sep/2023:06:44:40 -0500] "GET /images/plantacion-humedal-la-conejera.jpg HTTP/1.1" 200 92644
168.119.61.24 - - [25/Sep/2023:06:45:16 -0500] "GET / HTTP/1.1" 200 319
66.249.66.76 - - [25/Sep/2023:06:45:34 -0500] "GET /portaldeninos/ HTTP/1.1" 200 110175
216.245.221.92 - - [25/Sep/2023:06:45:54 -0500] "HEAD / HTTP/1.1" 200 -
172.22.2.4 - - [25/Sep/2023:06:45:17 -0500] "HEAD /BLA/boletinlegal/ HTTP/1.1" 200 -
172.22.2.4 - - [25/Sep/2023:06:46:07 -0500] "GET /BLA/boletinlegal/ HTTP/1.1" 200 53766
69.63.184.5 - - [25/Sep/2023:06:48:02 -0500] "GET /mas-de-1000-personas-participaron-en-la-convencion-de-emergencia-climatica-una-mirada-optimista-y-un-llamado-a-la-accion.html HTTP/1.1" 200 987
201.245.192.253 - - [25/Sep/2023:06:48:08 -0500] "POST /kwsrmcab/Wsrmcab  HTTP/1.1" 200 41265
190.25.204.49 - - [25/Sep/2023:06:48:58 -0500] "GET /inscribete-y-participa-en-el-foro-sobre-la-gestion-de-los-bifenilos-policlorados-en-transformadores-electricos.html HTTP/1.1" 200 931
216.245.221.92 - - [25/Sep/2023:06:50:54 -0500] "HEAD / HTTP/1.1" 200 -
172.22.2.4 - - [25/Sep/2023:06:51:07 -0500] "HEAD /BLA/boletinlegal/ HTTP/1.1" 200 -
201.245.192.253 - - [25/Sep/2023:06:53:07 -0500] "POST /kwsrmcab/Wsrmcab  HTTP/1.1" 200 41265
