!C99Shell v. 1.0 pre-release build #13!

Software: Apache. PHP/5.5.15 

uname -a: Windows NT SVR-DMZ 6.1 build 7600 (Windows Server 2008 R2 Enterprise Edition) i586 

SYSTEM 

Safe-mode: OFF (not secure)

E:\nuevo\apache\logs\   drwxrwxrwx
Free 7.33 GB of 239.26 GB (3.07%)
Detected drives: [ a ] [ c ] [ d ] [ e ] [ f ]
Home    Back    Forward    UPDIR    Refresh    Search    Buffer    Encoder    Tools    Proc.    FTP brute    Sec.    SQL    PHP-code    Update    Feedback    Self remove    Logout    


Viewing file:     access.2023.09.25.log (2.76 MB)      -rw-rw-rw-
Select action/file-type:
(+) | (+) | (+) | Code (+) | Session (+) | (+) | SDB (+) | (+) | (+) | (+) | (+) | (+) |
216.244.66.195 - - [25/Sep/2023:00:00:41 -0500] "GET /BLA/resoluciones/AUTOS%202022/2163.pdf HTTP/1.1" 200 409382
216.245.221.92 - - [25/Sep/2023:00:00:55 -0500] "HEAD / HTTP/1.1" 200 -
216.244.66.195 - - [25/Sep/2023:00:01:28 -0500] "GET /BLA/resoluciones/AUTOS%202022/2887.pdf HTTP/1.1" 200 393449
216.244.66.195 - - [25/Sep/2023:00:02:12 -0500] "GET /BLA/resoluciones/AUTOS%202022/2987.pdf HTTP/1.1" 200 404386
216.244.66.195 - - [25/Sep/2023:00:02:57 -0500] "GET /BLA/resoluciones/AUTOS%202022/3156.pdf HTTP/1.1" 200 961491
216.244.66.195 - - [25/Sep/2023:00:03:47 -0500] "GET /BLA/resoluciones/AUTOS%202022/3238.pdf HTTP/1.1" 200 355170
172.22.2.4 - - [25/Sep/2023:00:02:48 -0500] "HEAD /BLA/boletinlegal/ HTTP/1.1" 200 -
216.244.66.195 - - [25/Sep/2023:00:04:30 -0500] "GET /BLA/resoluciones/AUTOS%202022/3267.pdf HTTP/1.1" 200 473614
201.245.192.253 - - [25/Sep/2023:00:04:30 -0500] "POST /kwsrmcab/Wsrmcab  HTTP/1.1" 200 41265
216.244.66.195 - - [25/Sep/2023:00:05:13 -0500] "GET /BLA/resoluciones/AUTOS%202022/3512.pdf HTTP/1.1" 200 389110
172.22.2.4 - - [25/Sep/2023:00:03:38 -0500] "GET /BLA/boletinlegal/ HTTP/1.1" 200 60692
216.245.221.92 - - [25/Sep/2023:00:05:55 -0500] "HEAD / HTTP/1.1" 200 -
216.244.66.195 - - [25/Sep/2023:00:05:55 -0500] "GET /BLA/resoluciones/AUTOS%202022/4489.pdf HTTP/1.1" 200 2380007
216.244.66.195 - - [25/Sep/2023:00:06:45 -0500] "GET /BLA/resoluciones/AUTOS%202022/4557.pdf HTTP/1.1" 200 355864
216.244.66.195 - - [25/Sep/2023:00:07:31 -0500] "GET /BLA/resoluciones/AUTOS%202022/4877.pdf HTTP/1.1" 200 801325
216.244.66.195 - - [25/Sep/2023:00:08:19 -0500] "GET /BLA/resoluciones/AUTOS%202022/4908.pdf HTTP/1.1" 200 369985
216.244.66.195 - - [25/Sep/2023:00:08:51 -0500] "GET /BLA/resoluciones/AUTOS%202022/4909.pdf HTTP/1.1" 200 394497
216.244.66.195 - - [25/Sep/2023:00:09:28 -0500] "GET /BLA/resoluciones/AUTOS%202022/4967.pdf HTTP/1.1" 200 407468
201.245.192.253 - - [25/Sep/2023:00:09:30 -0500] "POST /kwsrmcab/Wsrmcab  HTTP/1.1" 200 41265
216.244.66.195 - - [25/Sep/2023:00:10:07 -0500] "GET /BLA/resoluciones/AUTOS%202022/5329.pdf HTTP/1.1" 200 545064
172.22.2.4 - - [25/Sep/2023:00:08:38 -0500] "HEAD /BLA/boletinlegal/ HTTP/1.1" 200 -
172.22.2.4 - - [25/Sep/2023:00:09:35 -0500] "GET /BLA/boletinlegal/ HTTP/1.1" 200 32715
216.244.66.195 - - [25/Sep/2023:00:10:47 -0500] "GET /BLA/resoluciones/AUTOS%202022/5656.pdf HTTP/1.1" 200 415641
216.245.221.92 - - [25/Sep/2023:00:10:55 -0500] "HEAD / HTTP/1.1" 200 -
172.22.2.4 - - [25/Sep/2023:00:09:28 -0500] "GET /BLA/boletinlegal/ HTTP/1.1" 200 49296
216.244.66.195 - - [25/Sep/2023:00:11:20 -0500] "GET /BLA/resoluciones/AUTOS%202023/0080.pdf HTTP/1.1" 200 426132
216.244.66.195 - - [25/Sep/2023:00:11:51 -0500] "GET /BLA/resoluciones/AUTOS%202023/0648.pdf HTTP/1.1" 200 420774
216.244.66.195 - - [25/Sep/2023:00:12:25 -0500] "GET /BLA/resoluciones/AUTOS%202023/0679.pdf HTTP/1.1" 200 406543
40.77.167.76 - - [25/Sep/2023:00:12:56 -0500] "GET /portaldeninos/category/sin-categoria/page/2/ HTTP/1.1" 200 97311
216.244.66.195 - - [25/Sep/2023:00:12:57 -0500] "GET /BLA/resoluciones/AUTOS%202023/0680.pdf HTTP/1.1" 200 395249
216.244.66.195 - - [25/Sep/2023:00:13:24 -0500] "GET /BLA/resoluciones/AUTOS%202023/0686.pdf HTTP/1.1" 200 1418777
216.244.66.195 - - [25/Sep/2023:00:13:51 -0500] "GET /BLA/resoluciones/AUTOS%202023/0717.pdf HTTP/1.1" 200 1613209
152.61.192.232 - - [25/Sep/2023:00:13:59 -0500] "GET / HTTP/1.1" 200 319
216.244.66.195 - - [25/Sep/2023:00:14:29 -0500] "GET /BLA/resoluciones/AUTOS%202023/0925.pdf HTTP/1.1" 200 1195680
201.245.192.253 - - [25/Sep/2023:00:14:29 -0500] "POST /kwsrmcab/Wsrmcab  HTTP/1.1" 200 41265
216.244.66.195 - - [25/Sep/2023:00:15:00 -0500] "GET /BLA/resoluciones/AUTOS%202023/1329.pdf HTTP/1.1" 200 669372
216.244.66.195 - - [25/Sep/2023:00:15:30 -0500] "GET /BLA/resoluciones/AUTOS%202023/1340.pdf HTTP/1.1" 200 927592
216.245.221.92 - - [25/Sep/2023:00:15:55 -0500] "HEAD / HTTP/1.1" 200 -
216.244.66.195 - - [25/Sep/2023:00:15:58 -0500] "GET /BLA/resoluciones/AUTOS%202023/1389.pdf HTTP/1.1" 200 415194
172.22.2.4 - - [25/Sep/2023:00:14:28 -0500] "HEAD /BLA/boletinlegal/ HTTP/1.1" 200 -
216.244.66.195 - - [25/Sep/2023:00:16:26 -0500] "GET /BLA/resoluciones/AUTOS%202023/1524.pdf HTTP/1.1" 200 431984
216.244.66.195 - - [25/Sep/2023:00:16:52 -0500] "GET /BLA/resoluciones/AUTOS%202023/1762.pdf HTTP/1.1" 200 527793
172.22.2.4 - - [25/Sep/2023:00:15:18 -0500] "GET /BLA/boletinlegal/ HTTP/1.1" 200 58187
216.244.66.195 - - [25/Sep/2023:00:17:18 -0500] "GET /BLA/resoluciones/AUTOS%202023/1929.pdf HTTP/1.1" 200 485664
201.245.192.253 - - [25/Sep/2023:00:18:30 -0500] "POST /kwsrmcab/Wsrmcab HTTP/1.1" 200 41113
201.245.192.253 - - [25/Sep/2023:00:18:33 -0500] "POST /kwsrmcab/Wsrmcab HTTP/1.1" 200 41072
172.22.2.4 - - [25/Sep/2023:00:19:15 -0500] "GET /BLA/boletinlegal/Directivas/2013/Directiva%20No.%201%20del%2004%20de%20Abril%20de%202013.pdf HTTP/1.1" 304 -
201.245.192.253 - - [25/Sep/2023:00:19:28 -0500] "POST /kwsrmcab/Wsrmcab  HTTP/1.1" 200 41265
66.249.66.76 - - [25/Sep/2023:00:20:45 -0500] "GET /portaldeninos/ HTTP/1.1" 200 110175
216.245.221.92 - - [25/Sep/2023:00:20:55 -0500] "HEAD / HTTP/1.1" 200 -
216.244.66.195 - - [25/Sep/2023:00:21:00 -0500] "GET /robots.txt HTTP/1.1" 404 1018
172.22.2.4 - - [25/Sep/2023:00:20:18 -0500] "HEAD /BLA/boletinlegal/ HTTP/1.1" 200 -
172.22.2.4 - - [25/Sep/2023:00:21:08 -0500] "GET /BLA/boletinlegal/ HTTP/1.1" 200 55844
172.22.2.4 - - [25/Sep/2023:00:21:46 -0500] "GET /BLA/boletinlegal/index.php HTTP/1.1" 200 58981
201.245.192.253 - - [25/Sep/2023:00:24:27 -0500] "POST /kwsrmcab/Wsrmcab  HTTP/1.1" 200 41265
152.61.128.50 - - [25/Sep/2023:00:25:38 -0500] "GET / HTTP/1.1" 200 319
216.245.221.92 - - [25/Sep/2023:00:25:55 -0500] "HEAD / HTTP/1.1" 200 -
69.171.249.3 - - [25/Sep/2023:00:27:33 -0500] "GET /images/pieza-voluntariado-ambiental.jpg HTTP/1.1" 200 41042
172.22.2.4 - - [25/Sep/2023:00:26:08 -0500] "HEAD /BLA/boletinlegal/ HTTP/1.1" 200 -
186.102.22.148 - - [25/Sep/2023:00:28:01 -0500] "-" 408 -
52.167.144.202 - - [25/Sep/2023:00:28:03 -0500] "GET /portalsiaccapacitaciones/Listas%20de%20Asistencia%202017/Lista%20Asistencia%202%20de%20agosto%20-Buenas%20Practicas%20Ambientales.pdf HTTP/1.1" 200 4496065
172.22.2.4 - - [25/Sep/2023:00:28:19 -0500] "GET /BLA/boletinlegal/Directivas/2017/Directiva%20No.%2004%20del%2028%20de%20Abril%20de%202017.pdf HTTP/1.1" 200 8194919
201.245.192.253 - - [25/Sep/2023:00:28:30 -0500] "POST /kwsrmcab/Wsrmcab HTTP/1.1" 200 41113
201.245.192.253 - - [25/Sep/2023:00:28:33 -0500] "POST /kwsrmcab/Wsrmcab HTTP/1.1" 200 41072
172.22.2.4 - - [25/Sep/2023:00:26:58 -0500] "GET /BLA/boletinlegal/ HTTP/1.1" 200 56257
201.245.192.253 - - [25/Sep/2023:00:29:26 -0500] "POST /kwsrmcab/Wsrmcab  HTTP/1.1" 200 41265
66.249.79.100 - - [25/Sep/2023:00:29:48 -0500] "GET /BLA/resoluciones/RESOLUCIONES%202011/6982.pdf HTTP/1.1" 304 -
66.249.79.100 - - [25/Sep/2023:00:29:48 -0500] "GET /BLA/resoluciones/RESOLUCIONES%202011/6971.pdf HTTP/1.1" 304 -
216.245.221.92 - - [25/Sep/2023:00:30:54 -0500] "HEAD / HTTP/1.1" 200 -
162.55.41.96 - - [25/Sep/2023:00:33:32 -0500] "GET / HTTP/1.1" 200 319
172.22.2.4 - - [25/Sep/2023:00:31:58 -0500] "HEAD /BLA/boletinlegal/ HTTP/1.1" 200 -
201.245.192.253 - - [25/Sep/2023:00:34:25 -0500] "POST /kwsrmcab/Wsrmcab  HTTP/1.1" 200 41265
172.22.2.4 - - [25/Sep/2023:00:32:48 -0500] "GET /BLA/boletinlegal/ HTTP/1.1" 200 57790
216.245.221.92 - - [25/Sep/2023:00:35:55 -0500] "HEAD / HTTP/1.1" 200 -
35.203.210.160 - - [25/Sep/2023:00:37:36 -0500] "GET / HTTP/1.1" 200 319
201.245.192.253 - - [25/Sep/2023:00:38:30 -0500] "POST /kwsrmcab/Wsrmcab HTTP/1.1" 200 41113
201.245.192.253 - - [25/Sep/2023:00:38:33 -0500] "POST /kwsrmcab/Wsrmcab HTTP/1.1" 200 41072
52.25.208.208 - - [25/Sep/2023:00:38:42 -0500] "GET /robots.txt HTTP/1.1" 404 1018
152.61.192.232 - - [25/Sep/2023:00:38:45 -0500] "GET /arcgis/services/Calidad_del_Agua_WQI/MapServer/WMSServer?request=GetCapabilities&service=WMS HTTP/1.1" 503 1020
152.61.192.232 - - [25/Sep/2023:00:38:47 -0500] "GET /arcgis/services/Calidad_del_Agua_WQI/MapServer/WMSServer?SERVICE=WMS&REQUEST=GetCapabilities HTTP/1.1" 503 1020
152.61.192.232 - - [25/Sep/2023:00:38:47 -0500] "GET /arcgis/services/Calidad_del_Agua_WQI/MapServer/WMSServer?WMTVER=1.0.0&REQUEST=capabilities HTTP/1.1" 503 1020
201.245.192.253 - - [25/Sep/2023:00:39:24 -0500] "POST /kwsrmcab/Wsrmcab  HTTP/1.1" 200 41265
172.22.2.4 - - [25/Sep/2023:00:37:48 -0500] "HEAD /BLA/boletinlegal/ HTTP/1.1" 200 -
66.249.66.193 - - [25/Sep/2023:00:39:43 -0500] "GET /balance-ambiental-dia-sin-carro-y-sin-moto-mediodia.html HTTP/1.1" 200 710
172.22.2.4 - - [25/Sep/2023:00:38:38 -0500] "GET /BLA/boletinlegal/ HTTP/1.1" 200 58187
31.13.127.7 - - [25/Sep/2023:00:40:45 -0500] "GET /images/plantacion-humedal-la-conejera.jpg HTTP/1.1" 200 92644
216.245.221.92 - - [25/Sep/2023:00:40:55 -0500] "HEAD / HTTP/1.1" 200 -
207.46.13.127 - - [25/Sep/2023:00:41:10 -0500] "GET /el-idiger-inicia-charlas-informativas-para-participar-en-el-simulacro-distrital-de-evacuacion-dia-y-de-noche.html HTTP/1.1" 200 1001
52.167.144.66 - - [25/Sep/2023:00:43:37 -0500] "GET /robots.txt HTTP/1.1" 404 1018
216.244.66.195 - - [25/Sep/2023:00:44:04 -0500] "GET /BLA/resoluciones/AUTOS%202022/1263.pdf HTTP/1.1" 200 392947
201.245.192.253 - - [25/Sep/2023:00:44:22 -0500] "POST /kwsrmcab/Wsrmcab  HTTP/1.1" 200 41265
216.244.66.195 - - [25/Sep/2023:00:44:48 -0500] "GET /BLA/resoluciones/AUTOS%202022/1824.pdf HTTP/1.1" 200 429729
172.22.2.4 - - [25/Sep/2023:00:43:38 -0500] "HEAD /BLA/boletinlegal/ HTTP/1.1" 200 -
216.244.66.195 - - [25/Sep/2023:00:45:34 -0500] "GET /BLA/resoluciones/AUTOS%202022/2142.pdf HTTP/1.1" 200 496421
216.245.221.92 - - [25/Sep/2023:00:45:54 -0500] "HEAD / HTTP/1.1" 200 -
172.22.2.4 - - [25/Sep/2023:00:44:28 -0500] "GET /BLA/boletinlegal/ HTTP/1.1" 200 56257
216.244.66.195 - - [25/Sep/2023:00:46:22 -0500] "GET /BLA/resoluciones/AUTOS%202022/2825.pdf HTTP/1.1" 200 1492002
216.244.66.195 - - [25/Sep/2023:00:47:12 -0500] "GET /BLA/resoluciones/AUTOS%202022/2864.pdf HTTP/1.1" 200 357138
216.244.66.195 - - [25/Sep/2023:00:47:59 -0500] "GET /BLA/resoluciones/AUTOS%202022/3039.pdf HTTP/1.1" 200 501127
40.77.167.57 - - [25/Sep/2023:00:48:15 -0500] "GET /Publicaciones/2023EE219458.pdf HTTP/1.1" 200 735398
216.244.66.195 - - [25/Sep/2023:00:48:49 -0500] "GET /BLA/resoluciones/AUTOS%202022/3540.pdf HTTP/1.1" 200 1169251
201.245.192.253 - - [25/Sep/2023:00:49:21 -0500] "POST /kwsrmcab/Wsrmcab  HTTP/1.1" 200 41265
216.244.66.195 - - [25/Sep/2023:00:49:39 -0500] "GET /BLA/resoluciones/AUTOS%202022/3600.pdf HTTP/1.1" 200 1339375
216.244.66.195 - - [25/Sep/2023:00:50:30 -0500] "GET /BLA/resoluciones/AUTOS%202022/3642.pdf HTTP/1.1" 200 1682340
216.245.221.92 - - [25/Sep/2023:00:50:54 -0500] "HEAD / HTTP/1.1" 200 -
172.22.2.4 - - [25/Sep/2023:00:49:28 -0500] "HEAD /BLA/boletinlegal/ HTTP/1.1" 200 -
216.244.66.195 - - [25/Sep/2023:00:51:20 -0500] "GET /BLA/resoluciones/AUTOS%202022/3680.pdf HTTP/1.1" 200 446790
172.22.2.4 - - [25/Sep/2023:00:50:18 -0500] "GET /BLA/boletinlegal/ HTTP/1.1" 200 60692
216.244.66.195 - - [25/Sep/2023:00:52:06 -0500] "GET /BLA/resoluciones/AUTOS%202022/4189.pdf HTTP/1.1" 200 464178
216.244.66.195 - - [25/Sep/2023:00:52:51 -0500] "GET /BLA/resoluciones/AUTOS%202022/4538.pdf HTTP/1.1" 200 559358
216.244.66.195 - - [25/Sep/2023:00:53:41 -0500] "GET /BLA/resoluciones/AUTOS%202022/4972.pdf HTTP/1.1" 200 366218
201.245.192.253 - - [25/Sep/2023:00:54:20 -0500] "POST /kwsrmcab/Wsrmcab  HTTP/1.1" 200 41265
216.244.66.195 - - [25/Sep/2023:00:54:24 -0500] "GET /BLA/resoluciones/AUTOS%202022/4990.pdf HTTP/1.1" 200 352405
54.246.76.181 - - [25/Sep/2023:00:54:27 -0500] "GET /BLA/resoluciones/AUTOS%202023/4030.pdf HTTP/1.1" 200 2632033
66.220.149.12 - - [25/Sep/2023:00:54:28 -0500] "GET /images/plantacion-humedal-la-conejera.jpg HTTP/1.1" 200 92644
69.63.189.120 - - [25/Sep/2023:00:54:28 -0500] "GET /semana-bogota-reverdece-135-nuevos-arboles-para-el-humedal-la-conejera.html HTTP/1.1" 200 814
69.63.189.117 - - [25/Sep/2023:00:54:29 -0500] "GET /semana-bogota-reverdece-135-nuevos-arboles-para-el-humedal-la-conejera.html HTTP/1.1" 200 814
139.59.136.231 - - [25/Sep/2023:00:54:35 -0500] "GET / HTTP/1.1" 200 319
216.244.66.195 - - [25/Sep/2023:00:55:10 -0500] "GET /BLA/resoluciones/AUTOS%202023/0414.pdf HTTP/1.1" 200 465373
216.244.66.195 - - [25/Sep/2023:00:55:53 -0500] "GET /BLA/resoluciones/AUTOS%202023/0712.pdf HTTP/1.1" 200 371179
216.245.221.92 - - [25/Sep/2023:00:55:54 -0500] "HEAD / HTTP/1.1" 200 -
216.244.66.195 - - [25/Sep/2023:00:56:38 -0500] "GET /BLA/resoluciones/AUTOS%202023/1076.pdf HTTP/1.1" 200 442073
172.22.2.4 - - [25/Sep/2023:00:55:18 -0500] "HEAD /BLA/boletinlegal/ HTTP/1.1" 200 -
216.244.66.195 - - [25/Sep/2023:00:57:14 -0500] "GET /BLA/resoluciones/AUTOS%202023/1287.pdf HTTP/1.1" 200 1900393
172.22.2.4 - - [25/Sep/2023:00:56:08 -0500] "GET /BLA/boletinlegal/ HTTP/1.1" 200 58187
216.244.66.195 - - [25/Sep/2023:00:58:04 -0500] "GET /BLA/resoluciones/AUTOS%202023/1288.pdf HTTP/1.1" 200 1308027
52.25.208.208 - - [25/Sep/2023:00:58:40 -0500] "GET /robots.txt HTTP/1.1" 404 1034
66.249.66.193 - - [25/Sep/2023:00:58:42 -0500] "GET /mas-de-1300-tinguas-fueron-recuperadas-en-epoca-migratoria-en-bogota.html HTTP/1.1" 200 724
216.244.66.195 - - [25/Sep/2023:00:58:54 -0500] "GET /BLA/resoluciones/AUTOS%202023/1303.pdf HTTP/1.1" 200 614082
201.245.192.253 - - [25/Sep/2023:00:59:19 -0500] "POST /kwsrmcab/Wsrmcab  HTTP/1.1" 200 41265
216.244.66.195 - - [25/Sep/2023:00:59:32 -0500] "GET /BLA/resoluciones/AUTOS%202023/1927.pdf HTTP/1.1" 200 579419
172.22.2.4 - - [25/Sep/2023:00:59:52 -0500] "GET /BLA/boletinlegal/style.css HTTP/1.1" 200 9406
172.22.2.4 - - [25/Sep/2023:00:59:52 -0500] "GET /BLA/boletinlegal/styles2.css HTTP/1.1" 200 1838
172.22.2.4 - - [25/Sep/2023:00:59:52 -0500] "GET /BLA/boletinlegal/js/jquery.scrollTo-min.js HTTP/1.1" 200 1150
172.22.2.4 - - [25/Sep/2023:00:59:52 -0500] "GET /BLA/boletinlegal/js/jquery.js HTTP/1.1" 200 57254
172.22.2.4 - - [25/Sep/2023:00:59:52 -0500] "GET /BLA/boletinlegal/js/jquery.scrollShow.js HTTP/1.1" 200 4586
172.22.2.4 - - [25/Sep/2023:00:59:52 -0500] "GET /BLA/boletinlegal/images/cabezote%20BLEGAL.jpg HTTP/1.1" 200 118164
172.22.2.4 - - [25/Sep/2023:00:59:52 -0500] "GET /BLA/boletinlegal/images/screen_1.png HTTP/1.1" 200 202547
172.22.2.4 - - [25/Sep/2023:00:59:52 -0500] "GET /BLA/boletinlegal/images/historia.png HTTP/1.1" 200 52775
172.22.2.4 - - [25/Sep/2023:00:59:52 -0500] "GET /BLA/boletinlegal/images/subscribe-icon-big.png HTTP/1.1" 200 47702
172.22.2.4 - - [25/Sep/2023:00:59:52 -0500] "GET /BLA/boletinlegal/images/registro-usuarios.png HTTP/1.1" 200 8106
172.22.2.4 - - [25/Sep/2023:00:59:52 -0500] "GET /BLA/boletinlegal/images/launch.jpg HTTP/1.1" 200 14577
172.22.2.4 - - [25/Sep/2023:00:59:52 -0500] "GET /BLA/boletinlegal/images/arr_l.jpg HTTP/1.1" 200 1979
172.22.2.4 - - [25/Sep/2023:00:59:52 -0500] "GET /BLA/boletinlegal/images/body_bg.jpg HTTP/1.1" 200 1601
172.22.2.4 - - [25/Sep/2023:00:59:52 -0500] "GET /BLA/boletinlegal/images/menu_lft.gif HTTP/1.1" 200 1713
172.22.2.4 - - [25/Sep/2023:00:59:52 -0500] "GET /BLA/boletinlegal/images/menu_rght.gif HTTP/1.1" 200 1627
172.22.2.4 - - [25/Sep/2023:00:59:52 -0500] "GET /BLA/boletinlegal/images/bg_top.jpg HTTP/1.1" 200 522
172.22.2.4 - - [25/Sep/2023:00:59:53 -0500] "GET /BLA/boletinlegal/images/menu_bg.jpg HTTP/1.1" 200 620
172.22.2.4 - - [25/Sep/2023:00:59:53 -0500] "GET /BLA/boletinlegal/images/hover.jpg HTTP/1.1" 200 640
172.22.2.4 - - [25/Sep/2023:00:59:53 -0500] "GET /BLA/boletinlegal/images/text.jpg HTTP/1.1" 200 568
172.22.2.4 - - [25/Sep/2023:00:59:59 -0500] "GET /BLA/boletinlegal/images/screen_2.png HTTP/1.1" 200 362502
172.22.2.4 - - [25/Sep/2023:00:59:59 -0500] "GET /BLA/boletinlegal/images/screen_5.png HTTP/1.1" 200 368876
172.22.2.4 - - [25/Sep/2023:00:59:59 -0500] "GET /BLA/boletinlegal/images/arr_r.jpg HTTP/1.1" 200 1998
172.22.2.4 - - [25/Sep/2023:00:59:59 -0500] "GET /BLA/boletinlegal/images/screen_3.png HTTP/1.1" 200 210620
172.22.2.4 - - [25/Sep/2023:00:59:59 -0500] "GET /BLA/boletinlegal/images/footer_bg.jpg HTTP/1.1" 200 586
216.244.66.195 - - [25/Sep/2023:01:00:02 -0500] "GET /BLA/resoluciones/AUTOS%202023/1935.pdf HTTP/1.1" 200 1183698
172.22.2.4 - - [25/Sep/2023:01:00:03 -0500] "GET /BLA/boletinlegal/actos.php HTTP/1.1" 200 9682
172.22.2.4 - - [25/Sep/2023:01:00:03 -0500] "GET /BLA/boletinlegal/js/ajax_actos.js HTTP/1.1" 200 1322
172.22.2.4 - - [25/Sep/2023:01:00:03 -0500] "GET /BLA/boletinlegal/niceforms.js HTTP/1.1" 200 22876
172.22.2.4 - - [25/Sep/2023:01:00:03 -0500] "GET /BLA/boletinlegal/niceforms-default.css HTTP/1.1" 200 6694
172.22.2.4 - - [25/Sep/2023:01:00:03 -0500] "GET /BLA/boletinlegal/js/lib.js HTTP/1.1" 200 6474
172.22.2.4 - - [25/Sep/2023:01:00:03 -0500] "GET /BLA/boletinlegal/js/popup.js HTTP/1.1" 200 1270
172.22.2.4 - - [25/Sep/2023:01:00:03 -0500] "GET /BLA/boletinlegal/js/jquery1.js HTTP/1.1" 200 29846
172.22.2.4 - - [25/Sep/2023:01:00:03 -0500] "GET /BLA/boletinlegal/images/green-yellow-blue-pink-th.png HTTP/1.1" 200 7394
172.22.2.4 - - [25/Sep/2023:01:00:03 -0500] "GET /BLA/boletinlegal/images/tel.png HTTP/1.1" 200 14477
172.22.2.4 - - [25/Sep/2023:01:00:03 -0500] "GET /BLA/boletinlegal/images/icono-email.png HTTP/1.1" 200 5544
172.22.2.4 - - [25/Sep/2023:01:00:03 -0500] "GET /BLA/boletinlegal/images/footer_bg_l.jpg HTTP/1.1" 200 776
172.22.2.4 - - [25/Sep/2023:01:00:04 -0500] "GET /BLA/boletinlegal/img/0.png HTTP/1.1" 200 110
172.22.2.4 - - [25/Sep/2023:01:00:04 -0500] "GET /BLA/boletinlegal/img/select-left.png HTTP/1.1" 200 263
172.22.2.4 - - [25/Sep/2023:01:00:04 -0500] "GET /BLA/boletinlegal/img/select-right.png HTTP/1.1" 200 44019
172.22.2.4 - - [25/Sep/2023:01:00:04 -0500] "GET /BLA/boletinlegal/img/button-left.png HTTP/1.1" 200 57071
172.22.2.4 - - [25/Sep/2023:01:00:04 -0500] "GET /BLA/boletinlegal/img/button.png HTTP/1.1" 200 43241
172.22.2.4 - - [25/Sep/2023:01:00:04 -0500] "GET /BLA/boletinlegal/img/button-right.png HTTP/1.1" 200 57878
172.22.2.4 - - [25/Sep/2023:01:00:04 -0500] "GET /BLA/boletinlegal/favicon.ico HTTP/1.1" 404 1326
172.22.2.4 - - [25/Sep/2023:00:59:52 -0500] "GET /BLA/boletinlegal/ HTTP/1.1" 200 32715
216.244.66.195 - - [25/Sep/2023:01:00:32 -0500] "GET /BLA/resoluciones/AUTOS%202023/2276.pdf HTTP/1.1" 200 3954700
216.245.221.92 - - [25/Sep/2023:01:00:54 -0500] "HEAD / HTTP/1.1" 200 -
216.244.66.195 - - [25/Sep/2023:01:01:05 -0500] "GET /BLA/resoluciones/AUTOS%202023/2815.pdf HTTP/1.1" 200 415025
216.244.66.195 - - [25/Sep/2023:01:01:36 -0500] "GET /BLA/resoluciones/AUTOS%202023/3356.pdf HTTP/1.1" 200 940032
216.244.66.195 - - [25/Sep/2023:01:02:06 -0500] "GET /BLA/resoluciones/RESOLUCIONES%202006/0060.pdf HTTP/1.1" 200 186239
216.244.66.195 - - [25/Sep/2023:01:02:34 -0500] "GET /BLA/resoluciones/RESOLUCIONES%202007/0019.PDF HTTP/1.1" 200 3088011
172.22.2.4 - - [25/Sep/2023:01:01:08 -0500] "HEAD /BLA/boletinlegal/ HTTP/1.1" 200 -
216.244.66.195 - - [25/Sep/2023:01:03:06 -0500] "GET /BLA/resoluciones/RESOLUCIONES%202007/3422.pdf HTTP/1.1" 200 520299
216.244.66.195 - - [25/Sep/2023:01:03:37 -0500] "GET /BLA/resoluciones/RESOLUCIONES%202014/1371.pdf HTTP/1.1" 200 437987
172.22.2.4 - - [25/Sep/2023:01:01:58 -0500] "GET /BLA/boletinlegal/ HTTP/1.1" 200 58187
216.244.66.195 - - [25/Sep/2023:01:04:07 -0500] "GET /BLA/resoluciones/RESOLUCIONES%202020/0855.pdf HTTP/1.1" 200 3869543
201.245.192.253 - - [25/Sep/2023:01:04:18 -0500] "POST /kwsrmcab/Wsrmcab  HTTP/1.1" 200 41265
216.244.66.195 - - [25/Sep/2023:01:04:39 -0500] "GET /BLA/resoluciones/RESOLUCIONES%202020/1250.pdf HTTP/1.1" 200 316989
216.244.66.195 - - [25/Sep/2023:01:05:10 -0500] "GET /BLA/resoluciones/RESOLUCIONES%202020/1281.pdf HTTP/1.1" 200 376919
216.245.221.92 - - [25/Sep/2023:01:05:54 -0500] "HEAD / HTTP/1.1" 200 -
172.22.2.4 - - [25/Sep/2023:01:06:58 -0500] "HEAD /BLA/boletinlegal/ HTTP/1.1" 200 -
216.244.66.195 - - [25/Sep/2023:01:08:57 -0500] "GET /robots.txt HTTP/1.1" 404 1018
201.245.192.253 - - [25/Sep/2023:01:09:17 -0500] "POST /kwsrmcab/Wsrmcab  HTTP/1.1" 200 41265
172.22.2.4 - - [25/Sep/2023:01:07:48 -0500] "GET /BLA/boletinlegal/ HTTP/1.1" 200 60342
66.249.66.193 - - [25/Sep/2023:01:10:34 -0500] "GET /secretaria-de-ambiente-abre-convocatoria-para-el-proceso-de-formacion-mujeres-cuidadoras-de-humedales.html HTTP/1.1" 200 943
216.245.221.92 - - [25/Sep/2023:01:10:54 -0500] "HEAD / HTTP/1.1" 200 -
152.61.128.50 - - [25/Sep/2023:01:10:54 -0500] "GET /arcgis/services/Calidad_del_Agua_WQI/MapServer/WMSServer?request=GetCapabilities&service=WMS HTTP/1.1" 503 1020
152.61.128.50 - - [25/Sep/2023:01:10:56 -0500] "GET /arcgis/services/Calidad_del_Agua_WQI/MapServer/WMSServer?SERVICE=WMS&REQUEST=GetCapabilities HTTP/1.1" 503 1020
152.61.128.50 - - [25/Sep/2023:01:10:56 -0500] "GET /arcgis/services/Calidad_del_Agua_WQI/MapServer/WMSServer?WMTVER=1.0.0&REQUEST=capabilities HTTP/1.1" 503 1020
173.252.79.8 - - [25/Sep/2023:01:11:43 -0500] "GET /images/pieza-voluntariado-ambiental.jpeg HTTP/1.1" 200 51125
201.245.192.253 - - [25/Sep/2023:01:14:16 -0500] "POST /kwsrmcab/Wsrmcab  HTTP/1.1" 200 41265
172.22.2.4 - - [25/Sep/2023:01:12:47 -0500] "HEAD /BLA/boletinlegal/ HTTP/1.1" 200 -
162.55.171.94 - - [25/Sep/2023:01:14:44 -0500] "GET / HTTP/1.1" 200 319
172.22.2.4 - - [25/Sep/2023:01:13:38 -0500] "GET /BLA/boletinlegal/ HTTP/1.1" 200 58187
216.245.221.92 - - [25/Sep/2023:01:15:54 -0500] "HEAD / HTTP/1.1" 200 -
201.245.192.253 - - [25/Sep/2023:01:18:30 -0500] "POST /kwsrmcab/Wsrmcab HTTP/1.1" 200 40949
201.245.192.253 - - [25/Sep/2023:01:18:33 -0500] "POST /kwsrmcab/Wsrmcab HTTP/1.1" 200 40931
201.245.192.253 - - [25/Sep/2023:01:19:15 -0500] "POST /kwsrmcab/Wsrmcab  HTTP/1.1" 200 41265
172.22.2.4 - - [25/Sep/2023:01:18:38 -0500] "HEAD /BLA/boletinlegal/ HTTP/1.1" 200 -
172.22.2.4 - - [25/Sep/2023:01:20:52 -0500] "GET /BLA/boletinlegal/.env HTTP/1.1" 404 1018
216.245.221.92 - - [25/Sep/2023:01:20:54 -0500] "HEAD / HTTP/1.1" 200 -
172.22.2.4 - - [25/Sep/2023:01:19:28 -0500] "GET /BLA/boletinlegal/ HTTP/1.1" 200 57323
172.22.2.4 - - [25/Sep/2023:01:20:53 -0500] "POST /BLA/boletinlegal/ HTTP/1.1" 200 24523
201.245.192.253 - - [25/Sep/2023:01:24:14 -0500] "POST /kwsrmcab/Wsrmcab  HTTP/1.1" 200 41265
87.16.156.34 - - [25/Sep/2023:01:25:38 -0500] "GET / HTTP/1.1" 200 319
216.245.221.92 - - [25/Sep/2023:01:25:54 -0500] "HEAD / HTTP/1.1" 200 -
172.22.2.4 - - [25/Sep/2023:01:24:27 -0500] "HEAD /BLA/boletinlegal/ HTTP/1.1" 200 -
172.22.2.4 - - [25/Sep/2023:01:25:18 -0500] "GET /BLA/boletinlegal/ HTTP/1.1" 200 58187
201.245.192.253 - - [25/Sep/2023:01:28:30 -0500] "POST /kwsrmcab/Wsrmcab HTTP/1.1" 200 40949
201.245.192.253 - - [25/Sep/2023:01:28:33 -0500] "POST /kwsrmcab/Wsrmcab HTTP/1.1" 200 40931
201.245.192.253 - - [25/Sep/2023:01:29:13 -0500] "POST /kwsrmcab/Wsrmcab  HTTP/1.1" 200 41265
216.245.221.92 - - [25/Sep/2023:01:30:54 -0500] "HEAD / HTTP/1.1" 200 -
172.22.2.4 - - [25/Sep/2023:01:30:17 -0500] "HEAD /BLA/boletinlegal/ HTTP/1.1" 200 -
216.244.66.195 - - [25/Sep/2023:01:32:13 -0500] "GET /BLA/resoluciones/AUTOS%202021/1555.pdf HTTP/1.1" 200 533233
216.244.66.195 - - [25/Sep/2023:01:32:43 -0500] "GET /BLA/resoluciones/AUTOS%202021/1564.pdf HTTP/1.1" 200 636505
172.22.2.4 - - [25/Sep/2023:01:31:08 -0500] "GET /BLA/boletinlegal/ HTTP/1.1" 200 60342
216.244.66.195 - - [25/Sep/2023:01:33:23 -0500] "GET /BLA/resoluciones/AUTOS%202021/1648.pdf HTTP/1.1" 200 367279
216.244.66.195 - - [25/Sep/2023:01:34:10 -0500] "GET /BLA/resoluciones/AUTOS%202021/1760.pdf HTTP/1.1" 200 339649
201.245.192.253 - - [25/Sep/2023:01:34:12 -0500] "POST /kwsrmcab/Wsrmcab  HTTP/1.1" 200 41265
216.244.66.195 - - [25/Sep/2023:01:34:57 -0500] "GET /BLA/resoluciones/AUTOS%202021/1842.pdf HTTP/1.1" 200 407414
216.244.66.195 - - [25/Sep/2023:01:35:44 -0500] "GET /BLA/resoluciones/AUTOS%202021/1869.pdf HTTP/1.1" 200 423069
216.245.221.92 - - [25/Sep/2023:01:35:54 -0500] "HEAD / HTTP/1.1" 200 -
216.244.66.195 - - [25/Sep/2023:01:36:34 -0500] "GET /BLA/resoluciones/AUTOS%202021/2116.pdf HTTP/1.1" 200 328060
216.244.66.195 - - [25/Sep/2023:01:37:18 -0500] "GET /BLA/resoluciones/AUTOS%202021/2561.pdf HTTP/1.1" 200 391968
172.22.2.4 - - [25/Sep/2023:01:36:07 -0500] "HEAD /BLA/boletinlegal/ HTTP/1.1" 200 -
216.244.66.195 - - [25/Sep/2023:01:38:08 -0500] "GET /BLA/resoluciones/AUTOS%202021/2645.pdf HTTP/1.1" 200 383629
201.245.192.253 - - [25/Sep/2023:01:38:30 -0500] "POST /kwsrmcab/Wsrmcab HTTP/1.1" 200 40949
201.245.192.253 - - [25/Sep/2023:01:38:33 -0500] "POST /kwsrmcab/Wsrmcab HTTP/1.1" 200 40931
172.22.2.4 - - [25/Sep/2023:01:36:58 -0500] "GET /BLA/boletinlegal/ HTTP/1.1" 200 58187
216.244.66.195 - - [25/Sep/2023:01:38:55 -0500] "GET /BLA/resoluciones/AUTOS%202021/2889.pdf HTTP/1.1" 200 1908708
201.245.192.253 - - [25/Sep/2023:01:39:11 -0500] "POST /kwsrmcab/Wsrmcab  HTTP/1.1" 200 41265
216.244.66.195 - - [25/Sep/2023:01:39:45 -0500] "GET /BLA/resoluciones/AUTOS%202021/3836.pdf HTTP/1.1" 200 577537
216.244.66.195 - - [25/Sep/2023:01:40:35 -0500] "GET /BLA/resoluciones/AUTOS%202021/3930.pdf HTTP/1.1" 200 379398
216.245.221.92 - - [25/Sep/2023:01:40:54 -0500] "HEAD / HTTP/1.1" 200 -
216.244.66.195 - - [25/Sep/2023:01:41:18 -0500] "GET /BLA/resoluciones/AUTOS%202021/4533.pdf HTTP/1.1" 200 420229
216.244.66.195 - - [25/Sep/2023:01:42:08 -0500] "GET /BLA/resoluciones/AUTOS%202021/4777.pdf HTTP/1.1" 200 346831
216.244.66.195 - - [25/Sep/2023:01:42:54 -0500] "GET /BLA/resoluciones/AUTOS%202021/5192.pdf HTTP/1.1" 200 344794
216.244.66.195 - - [25/Sep/2023:01:43:29 -0500] "GET /BLA/resoluciones/AUTOS%202022/0177.pdf HTTP/1.1" 200 406694
172.22.2.4 - - [25/Sep/2023:01:41:57 -0500] "HEAD /BLA/boletinlegal/ HTTP/1.1" 200 -
216.244.66.195 - - [25/Sep/2023:01:44:03 -0500] "GET /BLA/resoluciones/AUTOS%202022/0358.pdf HTTP/1.1" 200 337033
201.245.192.253 - - [25/Sep/2023:01:44:10 -0500] "POST /kwsrmcab/Wsrmcab  HTTP/1.1" 200 41265
172.22.2.4 - - [25/Sep/2023:01:42:48 -0500] "GET /BLA/boletinlegal/ HTTP/1.1" 200 58187
216.244.66.195 - - [25/Sep/2023:01:44:39 -0500] "GET /BLA/resoluciones/AUTOS%202022/0992.pdf HTTP/1.1" 200 356275
216.244.66.195 - - [25/Sep/2023:01:45:10 -0500] "GET /BLA/resoluciones/AUTOS%202022/1659.pdf HTTP/1.1" 200 390325
216.244.66.195 - - [25/Sep/2023:01:45:38 -0500] "GET /BLA/resoluciones/AUTOS%202022/1986.pdf HTTP/1.1" 200 397960
216.245.221.92 - - [25/Sep/2023:01:45:54 -0500] "HEAD / HTTP/1.1" 200 -
216.244.66.195 - - [25/Sep/2023:01:46:07 -0500] "GET /BLA/resoluciones/AUTOS%202022/2118.pdf HTTP/1.1" 200 831768
216.244.66.195 - - [25/Sep/2023:01:46:47 -0500] "GET /BLA/resoluciones/AUTOS%202022/2234.pdf HTTP/1.1" 200 357696
216.244.66.195 - - [25/Sep/2023:01:47:18 -0500] "GET /BLA/resoluciones/AUTOS%202022/2989.pdf HTTP/1.1" 200 393805
40.77.167.40 - - [25/Sep/2023:01:47:24 -0500] "GET / HTTP/1.1" 200 319
216.244.66.195 - - [25/Sep/2023:01:47:47 -0500] "GET /BLA/resoluciones/AUTOS%202022/2991.pdf HTTP/1.1" 200 374995
216.244.66.195 - - [25/Sep/2023:01:48:16 -0500] "GET /BLA/resoluciones/AUTOS%202022/3336.pdf HTTP/1.1" 200 761484
216.244.66.195 - - [25/Sep/2023:01:48:44 -0500] "GET /BLA/resoluciones/AUTOS%202022/3607.pdf HTTP/1.1" 200 604767
216.244.66.195 - - [25/Sep/2023:01:49:11 -0500] "GET /BLA/resoluciones/AUTOS%202022/3767.pdf HTTP/1.1" 200 394358
201.245.192.253 - - [25/Sep/2023:01:49:09 -0500] "POST /kwsrmcab/Wsrmcab  HTTP/1.1" 200 41265
172.22.2.4 - - [25/Sep/2023:01:49:15 -0500] "GET /BLA/boletinlegal/Directivas/2011/Directiva%20No.%206%20del%208%20de%20Septiembre%20de%202011.pdf HTTP/1.1" 304 -
172.22.2.4 - - [25/Sep/2023:01:47:47 -0500] "HEAD /BLA/boletinlegal/ HTTP/1.1" 200 -
216.244.66.195 - - [25/Sep/2023:01:49:36 -0500] "GET /BLA/resoluciones/AUTOS%202023/0040.pdf HTTP/1.1" 200 597701
216.244.66.195 - - [25/Sep/2023:01:50:01 -0500] "GET /BLA/resoluciones/AUTOS%202023/0120.pdf HTTP/1.1" 200 1666748
172.22.2.4 - - [25/Sep/2023:01:48:38 -0500] "GET /BLA/boletinlegal/ HTTP/1.1" 200 60342
216.244.66.195 - - [25/Sep/2023:01:50:27 -0500] "GET /BLA/resoluciones/AUTOS%202023/0146.pdf HTTP/1.1" 200 686933
216.245.221.92 - - [25/Sep/2023:01:50:54 -0500] "HEAD / HTTP/1.1" 200 -
216.244.66.195 - - [25/Sep/2023:01:50:55 -0500] "GET /BLA/resoluciones/AUTOS%202023/0233.pdf HTTP/1.1" 200 1387660
216.244.66.195 - - [25/Sep/2023:01:51:20 -0500] "GET /BLA/resoluciones/AUTOS%202023/0699.pdf HTTP/1.1" 200 371962
216.244.66.195 - - [25/Sep/2023:01:51:41 -0500] "GET /BLA/resoluciones/AUTOS%202023/0758.pdf HTTP/1.1" 200 400241
52.167.144.214 - - [25/Sep/2023:01:51:56 -0500] "GET /BLA/resoluciones/RESOLUCIONES%202008/1963.pdf HTTP/1.1" 200 63336
216.244.66.195 - - [25/Sep/2023:01:52:00 -0500] "GET /BLA/resoluciones/AUTOS%202023/1072.pdf HTTP/1.1" 200 401336
216.244.66.195 - - [25/Sep/2023:01:52:19 -0500] "GET /BLA/resoluciones/AUTOS%202023/1079.pdf HTTP/1.1" 200 415477
216.244.66.195 - - [25/Sep/2023:01:52:36 -0500] "GET /BLA/resoluciones/AUTOS%202023/1417.pdf HTTP/1.1" 200 432321
216.244.66.195 - - [25/Sep/2023:01:52:53 -0500] "GET /BLA/resoluciones/AUTOS%202023/1478.pdf HTTP/1.1" 200 393945
216.244.66.195 - - [25/Sep/2023:01:53:09 -0500] "GET /BLA/resoluciones/AUTOS%202023/1871.pdf HTTP/1.1" 200 1830412
201.245.192.253 - - [25/Sep/2023:01:54:07 -0500] "POST /kwsrmcab/Wsrmcab  HTTP/1.1" 200 41265
207.46.13.127 - - [25/Sep/2023:01:54:40 -0500] "GET /BLA/resoluciones/RESOLUCIONES%202022/5236.pdf HTTP/1.1" 200 443993
172.22.2.4 - - [25/Sep/2023:01:53:37 -0500] "HEAD /BLA/boletinlegal/ HTTP/1.1" 200 -
216.245.221.92 - - [25/Sep/2023:01:55:54 -0500] "HEAD / HTTP/1.1" 200 -
172.22.2.4 - - [25/Sep/2023:01:54:28 -0500] "GET /BLA/boletinlegal/ HTTP/1.1" 200 60342
172.22.2.4 - - [25/Sep/2023:01:56:04 -0500] "GET /BLA/boletinlegal/ HTTP/1.1" 200 20427
216.244.66.195 - - [25/Sep/2023:01:56:48 -0500] "GET /robots.txt HTTP/1.1" 404 1018
201.245.192.253 - - [25/Sep/2023:01:59:06 -0500] "POST /kwsrmcab/Wsrmcab  HTTP/1.1" 200 41265
66.249.79.100 - - [25/Sep/2023:01:59:48 -0500] "GET /BLA/resoluciones/RESOLUCIONES%202010/6625.pdf HTTP/1.1" 304 -
216.245.221.92 - - [25/Sep/2023:02:00:54 -0500] "HEAD / HTTP/1.1" 200 -
172.22.2.4 - - [25/Sep/2023:01:59:27 -0500] "HEAD /BLA/boletinlegal/ HTTP/1.1" 200 -
172.22.2.4 - - [25/Sep/2023:02:00:18 -0500] "GET /BLA/boletinlegal/ HTTP/1.1" 200 60692
52.167.144.178 - - [25/Sep/2023:02:02:18 -0500] "GET /Publicaciones/2023EE221385.pdf HTTP/1.1" 200 231631
201.245.192.253 - - [25/Sep/2023:02:04:05 -0500] "POST /kwsrmcab/Wsrmcab  HTTP/1.1" 200 41265
157.55.39.10 - - [25/Sep/2023:02:05:32 -0500] "GET /portaldeninos/category/noticias/page/8/ HTTP/1.1" 200 94713
216.245.221.92 - - [25/Sep/2023:02:05:54 -0500] "HEAD / HTTP/1.1" 200 -
172.22.2.4 - - [25/Sep/2023:02:06:23 -0500] "GET /BLA/boletinlegal/Directivas/2017/Directiva%20No.%2003%20del%2024%20de%20Febrero%20de%202017.pdf HTTP/1.1" 200 6911517
172.22.2.4 - - [25/Sep/2023:02:05:17 -0500] "HEAD /BLA/boletinlegal/ HTTP/1.1" 200 -
172.22.2.4 - - [25/Sep/2023:02:06:08 -0500] "GET /BLA/boletinlegal/ HTTP/1.1" 200 58187
69.63.184.5 - - [25/Sep/2023:02:08:00 -0500] "GET /semana-bogota-reverdece-135-nuevos-arboles-para-el-humedal-la-conejera.html HTTP/1.1" 200 814
69.63.184.6 - - [25/Sep/2023:02:08:00 -0500] "GET /semana-bogota-reverdece-135-nuevos-arboles-para-el-humedal-la-conejera.html HTTP/1.1" 200 814
201.245.192.253 - - [25/Sep/2023:02:09:05 -0500] "POST /kwsrmcab/Wsrmcab  HTTP/1.1" 200 41265
47.128.62.197 - - [25/Sep/2023:02:09:16 -0500] "GET /inscribete-y-participa-en-la-convencion-internacional-de-emergencia-climatica-bogota-2023.html HTTP/1.1" 200 895
216.245.221.92 - - [25/Sep/2023:02:10:54 -0500] "HEAD / HTTP/1.1" 200 -
172.22.2.4 - - [25/Sep/2023:02:11:07 -0500] "HEAD /BLA/boletinlegal/ HTTP/1.1" 200 -
157.55.39.9 - - [25/Sep/2023:02:13:01 -0500] "GET /BLA/resoluciones/AUTOS%202021/4180.pdf HTTP/1.1" 304 -
172.22.2.4 - - [25/Sep/2023:02:11:58 -0500] "GET /BLA/boletinlegal/ HTTP/1.1" 200 58187
201.245.192.253 - - [25/Sep/2023:02:14:04 -0500] "POST /kwsrmcab/Wsrmcab  HTTP/1.1" 200 41265
216.245.221.92 - - [25/Sep/2023:02:15:54 -0500] "HEAD / HTTP/1.1" 200 -
201.245.192.253 - - [25/Sep/2023:02:18:30 -0500] "POST /kwsrmcab/Wsrmcab HTTP/1.1" 200 41110
201.245.192.253 - - [25/Sep/2023:02:18:33 -0500] "POST /kwsrmcab/Wsrmcab HTTP/1.1" 200 40916
172.22.2.4 - - [25/Sep/2023:02:16:57 -0500] "HEAD /BLA/boletinlegal/ HTTP/1.1" 200 -
201.245.192.253 - - [25/Sep/2023:02:19:03 -0500] "POST /kwsrmcab/Wsrmcab  HTTP/1.1" 200 41265
172.22.2.4 - - [25/Sep/2023:02:17:48 -0500] "GET /BLA/boletinlegal/ HTTP/1.1" 200 58187
216.245.221.92 - - [25/Sep/2023:02:20:54 -0500] "HEAD / HTTP/1.1" 200 -
69.171.249.1 - - [25/Sep/2023:02:20:55 -0500] "GET /images/Zuque%20(1)%20(1).jpeg HTTP/1.1" 200 66921
69.171.249.4 - - [25/Sep/2023:02:21:00 -0500] "GET /images/pieza-voluntariado-ambiental.jpeg HTTP/1.1" 200 51125
52.167.144.198 - - [25/Sep/2023:02:21:30 -0500] "GET /BLA/resoluciones/index.php?dir=AUTOS+2018%2F HTTP/1.1" 200 463670
52.167.144.198 - - [25/Sep/2023:02:23:12 -0500] "GET /BLA/resoluciones/AUTOS%202018/3863.pdf HTTP/1.1" 200 290408
157.55.39.203 - - [25/Sep/2023:02:23:23 -0500] "GET /BLA/resoluciones/AUTOS%202018/3362.pdf HTTP/1.1" 200 296613
201.245.192.253 - - [25/Sep/2023:02:24:01 -0500] "POST /kwsrmcab/Wsrmcab  HTTP/1.1" 200 41265
172.22.2.4 - - [25/Sep/2023:02:22:47 -0500] "HEAD /BLA/boletinlegal/ HTTP/1.1" 200 -
172.22.2.4 - - [25/Sep/2023:02:23:38 -0500] "GET /BLA/boletinlegal/ HTTP/1.1" 200 54150
216.245.221.92 - - [25/Sep/2023:02:25:54 -0500] "HEAD / HTTP/1.1" 200 -
216.244.66.195 - - [25/Sep/2023:02:26:57 -0500] "GET /BLA/resoluciones/AUTOS%202023/0780.pdf HTTP/1.1" 200 393645
216.244.66.195 - - [25/Sep/2023:02:27:37 -0500] "GET /BLA/resoluciones/AUTOS%202023/0930.pdf HTTP/1.1" 200 2531455
216.244.66.195 - - [25/Sep/2023:02:28:27 -0500] "GET /BLA/resoluciones/AUTOS%202023/1061.pdf HTTP/1.1" 200 436647
201.245.192.253 - - [25/Sep/2023:02:28:31 -0500] "POST /kwsrmcab/Wsrmcab HTTP/1.1" 200 41110
201.245.192.253 - - [25/Sep/2023:02:28:33 -0500] "POST /kwsrmcab/Wsrmcab HTTP/1.1" 200 40916
201.245.192.253 - - [25/Sep/2023:02:29:00 -0500] "POST /kwsrmcab/Wsrmcab  HTTP/1.1" 200 41265
216.244.66.195 - - [25/Sep/2023:02:29:17 -0500] "GET /BLA/resoluciones/AUTOS%202023/1123.pdf HTTP/1.1" 200 3459187
216.244.66.195 - - [25/Sep/2023:02:30:10 -0500] "GET /BLA/resoluciones/AUTOS%202023/1320.pdf HTTP/1.1" 200 411293
172.22.2.4 - - [25/Sep/2023:02:28:37 -0500] "HEAD /BLA/boletinlegal/ HTTP/1.1" 200 -
216.245.221.92 - - [25/Sep/2023:02:30:54 -0500] "HEAD / HTTP/1.1" 200 -
216.244.66.195 - - [25/Sep/2023:02:30:54 -0500] "GET /BLA/resoluciones/AUTOS%202023/1603.pdf HTTP/1.1" 200 986297
172.22.2.4 - - [25/Sep/2023:02:29:28 -0500] "GET /BLA/boletinlegal/ HTTP/1.1" 200 60692
216.244.66.195 - - [25/Sep/2023:02:31:38 -0500] "GET /BLA/resoluciones/AUTOS%202023/1734.pdf HTTP/1.1" 200 400350
216.244.66.195 - - [25/Sep/2023:02:32:11 -0500] "GET /BLA/resoluciones/AUTOS%202023/1941.pdf HTTP/1.1" 200 405740
157.55.39.203 - - [25/Sep/2023:02:32:29 -0500] "GET /secretaria-de-ambiente-intercambia-conocimientos-sobre-arbolado-urbano-con-delegadas-de-la-alcaldia-de-sao-paulo.html HTTP/1.1" 200 944
172.22.2.4 - - [25/Sep/2023:02:31:36 -0500] "OPTIONS /BLA/boletinlegal/ HTTP/1.1" 200 49099
66.249.66.192 - - [25/Sep/2023:02:32:51 -0500] "GET /secretaria-de-ambiente-adelanta-rehabilitacion-de-un-tayra-mamifero-entregado-en-bogota.html HTTP/1.1" 200 786
216.244.66.195 - - [25/Sep/2023:02:32:52 -0500] "GET /BLA/resoluciones/AUTOS%202023/2665.pdf HTTP/1.1" 200 855449
216.244.66.195 - - [25/Sep/2023:02:33:26 -0500] "GET /BLA/resoluciones/AUTOS%202023/2878.pdf HTTP/1.1" 200 406555
216.244.66.195 - - [25/Sep/2023:02:33:56 -0500] "GET /BLA/resoluciones/AUTOS%202023/3217.pdf HTTP/1.1" 200 352371
157.55.39.59 - - [25/Sep/2023:02:33:59 -0500] "GET /Publicaciones/2023EE220829.pdf HTTP/1.1" 200 231612
201.245.192.253 - - [25/Sep/2023:02:33:59 -0500] "POST /kwsrmcab/Wsrmcab  HTTP/1.1" 200 41265
216.244.66.195 - - [25/Sep/2023:02:34:25 -0500] "GET /BLA/resoluciones/AUTOS%202023/3396.pdf HTTP/1.1" 200 1333057
216.244.66.195 - - [25/Sep/2023:02:34:54 -0500] "GET /BLA/resoluciones/AUTOS%202023/3413.pdf HTTP/1.1" 200 372871
216.244.66.195 - - [25/Sep/2023:02:35:23 -0500] "GET /BLA/resoluciones/RESOLUCIONES%202002/1072.pdf HTTP/1.1" 200 349845
216.244.66.195 - - [25/Sep/2023:02:35:48 -0500] "GET /BLA/resoluciones/RESOLUCIONES%202003/0786.pdf HTTP/1.1" 200 15222
216.245.221.92 - - [25/Sep/2023:02:35:54 -0500] "HEAD / HTTP/1.1" 200 -
172.22.2.4 - - [25/Sep/2023:02:34:27 -0500] "HEAD /BLA/boletinlegal/ HTTP/1.1" 200 -
216.244.66.195 - - [25/Sep/2023:02:36:12 -0500] "GET /BLA/resoluciones/RESOLUCIONES%202005/0172.pdf HTTP/1.1" 200 132082
216.244.66.195 - - [25/Sep/2023:02:36:35 -0500] "GET /BLA/resoluciones/RESOLUCIONES%202005/2646.pdf HTTP/1.1" 200 66800
216.244.66.195 - - [25/Sep/2023:02:36:57 -0500] "GET /BLA/resoluciones/RESOLUCIONES%202007/0001.pdf HTTP/1.1" 200 8495935
172.22.2.4 - - [25/Sep/2023:02:35:18 -0500] "GET /BLA/boletinlegal/ HTTP/1.1" 200 58187
216.244.66.195 - - [25/Sep/2023:02:37:31 -0500] "GET /BLA/resoluciones/RESOLUCIONES%202014/1740.pdf HTTP/1.1" 200 354657
216.244.66.195 - - [25/Sep/2023:02:38:02 -0500] "GET /BLA/resoluciones/RESOLUCIONES%202020/0340.pdf HTTP/1.1" 200 381959
216.244.66.195 - - [25/Sep/2023:02:38:32 -0500] "GET /BLA/resoluciones/RESOLUCIONES%202020/1267.pdf HTTP/1.1" 200 369491
201.245.192.253 - - [25/Sep/2023:02:38:30 -0500] "POST /kwsrmcab/Wsrmcab HTTP/1.1" 200 41110
201.245.192.253 - - [25/Sep/2023:02:38:33 -0500] "POST /kwsrmcab/Wsrmcab HTTP/1.1" 200 40916
201.245.192.253 - - [25/Sep/2023:02:38:57 -0500] "POST /kwsrmcab/Wsrmcab  HTTP/1.1" 200 41265
216.244.66.195 - - [25/Sep/2023:02:39:00 -0500] "GET /BLA/resoluciones/RESOLUCIONES%202020/1693.pdf HTTP/1.1" 200 596912
216.244.66.195 - - [25/Sep/2023:02:39:28 -0500] "GET /BLA/resoluciones/RESOLUCIONES%202020/1697.pdf HTTP/1.1" 200 3311879
216.244.66.195 - - [25/Sep/2023:02:40:02 -0500] "GET /BLA/resoluciones/RESOLUCIONES%202020/1778.pdf HTTP/1.1" 200 591355
216.244.66.195 - - [25/Sep/2023:02:40:33 -0500] "GET /BLA/resoluciones/RESOLUCIONES%202021/0347.pdf HTTP/1.1" 200 357218
66.249.79.102 - - [25/Sep/2023:02:40:48 -0500] "GET /isolucionsda/FrameSetArticulo.asp?Pagina=/ISOlucionSDA/bancoconocimiento/D/Decreto1772deAgosto3de1994/Decreto1772deAgosto3de1994.asp?IdArticulo=586 HTTP/1.1" 200 527
216.245.221.92 - - [25/Sep/2023:02:40:54 -0500] "HEAD / HTTP/1.1" 200 -
216.244.66.195 - - [25/Sep/2023:02:41:02 -0500] "GET /BLA/resoluciones/RESOLUCIONES%202021/0410.pdf HTTP/1.1" 200 486400
216.244.66.195 - - [25/Sep/2023:02:41:31 -0500] "GET /BLA/resoluciones/RESOLUCIONES%202021/0458.pdf HTTP/1.1" 200 1216093
172.22.2.4 - - [25/Sep/2023:02:40:17 -0500] "HEAD /BLA/boletinlegal/ HTTP/1.1" 200 -
216.244.66.195 - - [25/Sep/2023:02:41:59 -0500] "GET /BLA/resoluciones/RESOLUCIONES%202021/0701.pdf HTTP/1.1" 200 493481
172.22.2.4 - - [25/Sep/2023:02:41:08 -0500] "GET /BLA/boletinlegal/ HTTP/1.1" 200 60692
201.245.192.253 - - [25/Sep/2023:02:43:57 -0500] "POST /kwsrmcab/Wsrmcab  HTTP/1.1" 200 41265
216.244.66.195 - - [25/Sep/2023:02:45:13 -0500] "GET /robots.txt HTTP/1.1" 404 1018
216.245.221.92 - - [25/Sep/2023:02:45:54 -0500] "HEAD / HTTP/1.1" 200 -
31.13.103.120 - - [25/Sep/2023:02:46:41 -0500] "GET /images/plantacion-humedal-la-conejera.jpg HTTP/1.1" 200 92644
172.22.2.4 - - [25/Sep/2023:02:46:07 -0500] "HEAD /BLA/boletinlegal/ HTTP/1.1" 200 -
172.22.2.4 - - [25/Sep/2023:02:46:58 -0500] "GET /BLA/boletinlegal/ HTTP/1.1" 200 60342
201.245.192.253 - - [25/Sep/2023:02:48:56 -0500] "POST /kwsrmcab/Wsrmcab  HTTP/1.1" 200 41265
216.245.221.92 - - [25/Sep/2023:02:50:54 -0500] "HEAD / HTTP/1.1" 200 -
34.72.13.231 - - [25/Sep/2023:02:53:10 -0500] "GET /portaldeninos/wp-content/uploads/2020/06/mapa-humedales-de-bogot%C3%A1-1.jpg HTTP/1.1" 200 1170768
172.22.2.4 - - [25/Sep/2023:02:51:57 -0500] "HEAD /BLA/boletinlegal/ HTTP/1.1" 200 -
201.245.192.253 - - [25/Sep/2023:02:53:55 -0500] "POST /kwsrmcab/Wsrmcab  HTTP/1.1" 200 41265
172.22.2.4 - - [25/Sep/2023:02:52:48 -0500] "GET /BLA/boletinlegal/ HTTP/1.1" 200 57790
157.55.39.15 - - [25/Sep/2023:02:54:56 -0500] "GET /mas-de-70-aves-de-corral-y-de-especies-no-convencionales-encontraron-un-hogar.html HTTP/1.1" 200 847
216.245.221.92 - - [25/Sep/2023:02:55:54 -0500] "HEAD / HTTP/1.1" 200 -
66.249.66.193 - - [25/Sep/2023:02:57:34 -0500] "GET /secretaria-de-ambiente-unidos-por-un-nuevo-aire.html HTTP/1.1" 304 -
66.249.66.205 - - [25/Sep/2023:02:57:34 -0500] "GET /robots.txt HTTP/1.1" 404 1043
66.249.66.204 - - [25/Sep/2023:02:57:35 -0500] "GET /BLA/boletinlegal/Circulares/2015/Circular%20No.%201%20del%2010%20de%20Febrero%20de%202015.pdf HTTP/1.1" 304 -
201.245.192.253 - - [25/Sep/2023:02:58:54 -0500] "POST /kwsrmcab/Wsrmcab  HTTP/1.1" 200 41265
172.22.2.4 - - [25/Sep/2023:02:57:47 -0500] "HEAD /BLA/boletinlegal/ HTTP/1.1" 200 -
157.55.39.15 - - [25/Sep/2023:02:59:28 -0500] "GET /semana-bogota-reverdece-con-exito-finaliza-el-primer-dia-de-la-convencion-internacional-de-emergencia-climatica.html HTTP/1.1" 200 898
172.22.2.4 - - [25/Sep/2023:02:58:38 -0500] "GET /BLA/boletinlegal/ HTTP/1.1" 200 58187
216.245.221.92 - - [25/Sep/2023:03:00:54 -0500] "HEAD / HTTP/1.1" 200 -
172.22.2.4 - - [25/Sep/2023:03:03:00 -0500] "GET /BLA/boletinlegal/ HTTP/1.1" 200 20427
201.245.192.253 - - [25/Sep/2023:03:03:53 -0500] "POST /kwsrmcab/Wsrmcab  HTTP/1.1" 200 41265
172.22.2.4 - - [25/Sep/2023:03:03:37 -0500] "HEAD /BLA/boletinlegal/ HTTP/1.1" 200 -
216.245.221.92 - - [25/Sep/2023:03:05:54 -0500] "HEAD / HTTP/1.1" 200 -
172.22.2.4 - - [25/Sep/2023:03:04:28 -0500] "GET /BLA/boletinlegal/ HTTP/1.1" 200 58187
201.245.192.253 - - [25/Sep/2023:03:08:53 -0500] "POST /kwsrmcab/Wsrmcab  HTTP/1.1" 200 41265
172.22.2.4 - - [25/Sep/2023:03:09:39 -0500] "GET /BLA/boletinlegal/robots.txt HTTP/1.1" 404 1038
216.245.221.92 - - [25/Sep/2023:03:10:54 -0500] "HEAD / HTTP/1.1" 200 -
172.22.2.4 - - [25/Sep/2023:03:09:27 -0500] "HEAD /BLA/boletinlegal/ HTTP/1.1" 200 -
172.22.2.4 - - [25/Sep/2023:03:09:40 -0500] "GET /BLA/boletinlegal/index.php HTTP/1.1" 200 48235
172.22.2.4 - - [25/Sep/2023:03:10:18 -0500] "GET /BLA/boletinlegal/ HTTP/1.1" 200 52068
201.245.192.253 - - [25/Sep/2023:03:13:51 -0500] "POST /kwsrmcab/Wsrmcab  HTTP/1.1" 200 41265
216.244.66.195 - - [25/Sep/2023:03:14:32 -0500] "GET /BLA/resoluciones/AUTOS%202023/0346.pdf HTTP/1.1" 200 385080
216.244.66.195 - - [25/Sep/2023:03:15:18 -0500] "GET /BLA/resoluciones/AUTOS%202023/0578.pdf HTTP/1.1" 200 503605
216.245.221.92 - - [25/Sep/2023:03:15:54 -0500] "HEAD / HTTP/1.1" 200 -
216.244.66.195 - - [25/Sep/2023:03:16:02 -0500] "GET /BLA/resoluciones/AUTOS%202023/0659.pdf HTTP/1.1" 200 1502744
52.25.208.208 - - [25/Sep/2023:03:16:27 -0500] "GET /BLA/resoluciones/index.php?dir=AUTOS%202014/&order=desc&sort=name HTTP/1.1" 200 890524
52.25.208.208 - - [25/Sep/2023:03:16:32 -0500] "GET /BLA/resoluciones/index.php?dir=AUTOS%202014/&order=asc&sort=size HTTP/1.1" 200 890525
100.21.24.205 - - [25/Sep/2023:03:16:44 -0500] "GET /BLA/resoluciones/index.php?dir=AUTOS%202014/&order=asc&sort=date HTTP/1.1" 200 890525
216.244.66.195 - - [25/Sep/2023:03:16:52 -0500] "GET /BLA/resoluciones/AUTOS%202023/0808.pdf HTTP/1.1" 200 830545
44.230.252.91 - - [25/Sep/2023:03:16:53 -0500] "GET /BLA/resoluciones/index.php?dir=AUTOS%202011/&order=asc&sort=size HTTP/1.1" 200 636751
172.22.2.4 - - [25/Sep/2023:03:15:17 -0500] "HEAD /BLA/boletinlegal/ HTTP/1.1" 200 -
44.230.252.91 - - [25/Sep/2023:03:16:58 -0500] "GET /BLA/resoluciones/index.php?dir=AUTOS%202011/&order=desc&sort=name HTTP/1.1" 200 636750
52.25.208.208 - - [25/Sep/2023:03:17:11 -0500] "GET /BLA/resoluciones/index.php?dir=AUTOS%202011/&order=asc&sort=date HTTP/1.1" 200 636751
52.25.208.208 - - [25/Sep/2023:03:17:21 -0500] "GET /BLA/resoluciones/index.php?dir=AUTOS%202023/&order=desc&sort=name HTTP/1.1" 200 307732
100.21.24.205 - - [25/Sep/2023:03:17:28 -0500] "GET /BLA/resoluciones/index.php?dir=AUTOS%202023/&order=asc&sort=size HTTP/1.1" 200 307733
44.230.252.91 - - [25/Sep/2023:03:17:34 -0500] "GET /BLA/resoluciones/index.php?dir=AUTOS%202023/&order=asc&sort=date HTTP/1.1" 200 307733
216.244.66.195 - - [25/Sep/2023:03:17:39 -0500] "GET /BLA/resoluciones/AUTOS%202023/0869.pdf HTTP/1.1" 200 862914
52.25.208.208 - - [25/Sep/2023:03:17:45 -0500] "GET /BLA/resoluciones/index.php?dir=RESOLUCIONES%201995/&order=desc&sort=name HTTP/1.1" 200 12496
172.22.2.4 - - [25/Sep/2023:03:16:08 -0500] "GET /BLA/boletinlegal/ HTTP/1.1" 200 60342
52.25.208.208 - - [25/Sep/2023:03:17:54 -0500] "GET /BLA/resoluciones/index.php?dir=RESOLUCIONES%201995/&order=asc&sort=date HTTP/1.1" 200 12497
52.25.208.208 - - [25/Sep/2023:03:17:58 -0500] "GET /BLA/resoluciones/index.php?dir=RESOLUCIONES%201995/&order=asc&sort=size HTTP/1.1" 200 12497
100.21.24.205 - - [25/Sep/2023:03:18:03 -0500] "GET /BLA/resoluciones/index.php?dir=RESOLUCIONES%201996/&order=desc&sort=name HTTP/1.1" 200 9136
44.230.252.91 - - [25/Sep/2023:03:18:16 -0500] "GET /BLA/resoluciones/index.php?dir=RESOLUCIONES%201996/&order=asc&sort=size HTTP/1.1" 200 9137
100.21.24.205 - - [25/Sep/2023:03:18:26 -0500] "GET /BLA/resoluciones/index.php?dir=RESOLUCIONES%201996/&order=asc&sort=date HTTP/1.1" 200 9137
44.230.252.91 - - [25/Sep/2023:03:18:29 -0500] "GET /BLA/resoluciones/index.php?dir=RESOLUCIONES%202005/RES%202005%201-50/ HTTP/1.1" 200 12563
201.245.192.253 - - [25/Sep/2023:03:18:30 -0500] "POST /kwsrmcab/Wsrmcab HTTP/1.1" 200 41105
216.244.66.195 - - [25/Sep/2023:03:18:32 -0500] "GET /BLA/resoluciones/AUTOS%202023/0974.pdf HTTP/1.1" 200 434789
201.245.192.253 - - [25/Sep/2023:03:18:33 -0500] "POST /kwsrmcab/Wsrmcab HTTP/1.1" 200 40929
52.25.208.208 - - [25/Sep/2023:03:18:36 -0500] "GET /BLA/resoluciones/index.php?dir=RESOLUCIONES%202005/RES%202005%2051-100/ HTTP/1.1" 200 12192
100.21.24.205 - - [25/Sep/2023:03:18:41 -0500] "GET /BLA/resoluciones/index.php?dir=RESOLUCIONES%202005/ANEXO%20RES%202643-2005/ HTTP/1.1" 200 2446
100.21.24.205 - - [25/Sep/2023:03:18:48 -0500] "GET /BLA/resoluciones/index.php?dir=RESOLUCIONES%202005/&order=asc&sort=date HTTP/1.1" 200 49688
201.245.192.253 - - [25/Sep/2023:03:18:51 -0500] "POST /kwsrmcab/Wsrmcab  HTTP/1.1" 200 41265
44.230.252.91 - - [25/Sep/2023:03:18:53 -0500] "GET /BLA/resoluciones/index.php?dir=RESOLUCIONES%202005/&order=desc&sort=name HTTP/1.1" 200 49687
100.21.24.205 - - [25/Sep/2023:03:18:58 -0500] "GET /BLA/resoluciones/index.php?dir=RESOLUCIONES%202005/&order=asc&sort=size HTTP/1.1" 200 49688
100.21.24.205 - - [25/Sep/2023:03:19:05 -0500] "GET /BLA/resoluciones/index.php?dir=RESOLUCIONES%202005/RES%202005%20201-250/ HTTP/1.1" 200 12248
44.230.252.91 - - [25/Sep/2023:03:19:08 -0500] "GET /BLA/resoluciones/index.php?dir=RESOLUCIONES%202005/RES%202005%20501-550/ HTTP/1.1" 200 12244
216.244.66.195 - - [25/Sep/2023:03:19:12 -0500] "GET /BLA/resoluciones/AUTOS%202023/1404.pdf HTTP/1.1" 200 3913505
52.25.208.208 - - [25/Sep/2023:03:19:16 -0500] "GET /BLA/resoluciones/index.php?dir=RESOLUCIONES%202005/RES%202005%20451-500/ HTTP/1.1" 200 12244
100.21.24.205 - - [25/Sep/2023:03:19:19 -0500] "GET /BLA/resoluciones/index.php?dir=RESOLUCIONES%202005/RES%202005%20251-300/ HTTP/1.1" 200 12254
52.25.208.208 - - [25/Sep/2023:03:19:22 -0500] "GET /BLA/resoluciones/index.php?dir=RESOLUCIONES%202005/RES%202005%20151-200/ HTTP/1.1" 200 12230
100.21.24.205 - - [25/Sep/2023:03:19:28 -0500] "GET /BLA/resoluciones/index.php?dir=RESOLUCIONES%202005/RES%202005%20301-351/ HTTP/1.1" 200 12252
52.25.208.208 - - [25/Sep/2023:03:19:31 -0500] "GET /BLA/resoluciones/index.php?dir=RESOLUCIONES%202005/RES%202005%20551-600/ HTTP/1.1" 200 12249
52.25.208.208 - - [25/Sep/2023:03:19:36 -0500] "GET /BLA/resoluciones/index.php?dir=RESOLUCIONES%202005/RES%202005%20401-450/ HTTP/1.1" 200 12254
52.25.208.208 - - [25/Sep/2023:03:19:38 -0500] "GET /BLA/resoluciones/index.php?dir=RESOLUCIONES%202005/RES%202005%20351-400/ HTTP/1.1" 200 12243
44.230.252.91 - - [25/Sep/2023:03:19:40 -0500] "GET /BLA/resoluciones/index.php?dir=RESOLUCIONES%202005/RES%202005%20601-650/ HTTP/1.1" 200 12246
44.230.252.91 - - [25/Sep/2023:03:19:43 -0500] "GET /BLA/resoluciones/index.php?dir=RESOLUCIONES%202005/RES%202005%20651-700/ HTTP/1.1" 200 12232
44.230.252.91 - - [25/Sep/2023:03:19:48 -0500] "GET /BLA/resoluciones/index.php?dir=RESOLUCIONES%202005/RES%202005%20701-750/ HTTP/1.1" 200 12247
52.25.208.208 - - [25/Sep/2023:03:19:50 -0500] "GET /BLA/resoluciones/index.php?dir=RESOLUCIONES%202005/RES%202005%20751-800/ HTTP/1.1" 200 12254
44.230.252.91 - - [25/Sep/2023:03:19:52 -0500] "GET /BLA/resoluciones/index.php?dir=RESOLUCIONES%202005/RES%202005%201151-1200/ HTTP/1.1" 200 12362
52.25.208.208 - - [25/Sep/2023:03:19:55 -0500] "GET /BLA/resoluciones/index.php?dir=RESOLUCIONES%202005/RES%202005%201051-1100/ HTTP/1.1" 200 3976
100.21.24.205 - - [25/Sep/2023:03:19:58 -0500] "GET /BLA/resoluciones/index.php?dir=RESOLUCIONES%202005/RES%202005%20951-1000/ HTTP/1.1" 200 12304
52.25.208.208 - - [25/Sep/2023:03:20:02 -0500] "GET /BLA/resoluciones/index.php?dir=RESOLUCIONES%202005/RES%202005%201101-1150/ HTTP/1.1" 200 12363
66.249.66.193 - - [25/Sep/2023:03:20:04 -0500] "GET /inscribete-y-participa-en-el-foro-sobre-la-gestion-de-los-bifenilos-policlorados-en-transformadores-electricos.html HTTP/1.1" 200 931
