201.245.192.253 - - [25/Sep/2023:15:37:19 -0500] "GET /sipse/faces/javax.faces.resource/jquery/jquery-plugins.js?ln=primefaces&v=4.0 HTTP/1.1" 304 -
201.245.192.253 - - [25/Sep/2023:15:37:19 -0500] "GET /sipse/faces/javax.faces.resource/primefaces.js?ln=primefaces&v=4.0 HTTP/1.1" 304 -
201.245.192.253 - - [25/Sep/2023:15:37:19 -0500] "GET /sipse/faces/javax.faces.resource/layout/layout.js?ln=primefaces&v=4.0 HTTP/1.1" 304 -
201.245.192.253 - - [25/Sep/2023:15:37:19 -0500] "POST /sipse/faces/presentacion/financiero/solicitudProceso/listarSolicitudProceso.xhtml HTTP/1.1" 200 1464
201.245.192.253 - - [25/Sep/2023:15:37:21 -0500] "POST /sipse/faces/presentacion/financiero/solicitudProceso/listarSolicitudProceso.xhtml HTTP/1.1" 200 114222
201.245.192.253 - - [25/Sep/2023:15:37:21 -0500] "GET /sipse/faces/javax.faces.resource/primefaces.css?ln=primefaces&v=4.0 HTTP/1.1" 304 -
201.245.192.253 - - [25/Sep/2023:15:37:21 -0500] "GET /sipse/faces/javax.faces.resource/layout/layout.css?ln=primefaces&v=4.0 HTTP/1.1" 304 -
201.245.192.253 - - [25/Sep/2023:15:37:21 -0500] "GET /sipse/faces/javax.faces.resource/theme.css?ln=primefaces-sipse HTTP/1.1" 304 -
201.245.192.253 - - [25/Sep/2023:15:37:21 -0500] "GET /sipse/faces/javax.faces.resource/jquery/jquery.js?ln=primefaces&v=4.0 HTTP/1.1" 304 -
201.245.192.253 - - [25/Sep/2023:15:37:21 -0500] "GET /sipse/faces/javax.faces.resource/jquery/jquery-plugins.js?ln=primefaces&v=4.0 HTTP/1.1" 304 -
201.245.192.253 - - [25/Sep/2023:15:37:21 -0500] "GET /sipse/faces/javax.faces.resource/primefaces.js?ln=primefaces&v=4.0 HTTP/1.1" 304 -
201.245.192.253 - - [25/Sep/2023:15:37:21 -0500] "GET /sipse/faces/javax.faces.resource/layout/layout.js?ln=primefaces&v=4.0 HTTP/1.1" 304 -
201.245.192.253 - - [25/Sep/2023:15:37:24 -0500] "POST /sipse/faces/presentacion/financiero/solicitudProceso/consultarSolicitudProceso.xhtml HTTP/1.1" 200 19358
201.245.192.253 - - [25/Sep/2023:15:37:24 -0500] "GET /sipse/faces/javax.faces.resource/jquery/jquery.js?ln=primefaces&v=4.0 HTTP/1.1" 304 -
201.245.192.253 - - [25/Sep/2023:15:37:24 -0500] "GET /sipse/faces/javax.faces.resource/theme.css?ln=primefaces-sipse HTTP/1.1" 304 -
201.245.192.253 - - [25/Sep/2023:15:37:24 -0500] "GET /sipse/faces/javax.faces.resource/jquery/jquery-plugins.js?ln=primefaces&v=4.0 HTTP/1.1" 304 -
201.245.192.253 - - [25/Sep/2023:15:37:24 -0500] "GET /sipse/faces/javax.faces.resource/primefaces.js?ln=primefaces&v=4.0 HTTP/1.1" 304 -
201.245.192.253 - - [25/Sep/2023:15:37:24 -0500] "GET /sipse/faces/javax.faces.resource/primefaces.css?ln=primefaces&v=4.0 HTTP/1.1" 304 -
201.245.192.253 - - [25/Sep/2023:15:37:24 -0500] "GET /sipse/faces/javax.faces.resource/layout/layout.css?ln=primefaces&v=4.0 HTTP/1.1" 304 -
201.245.192.253 - - [25/Sep/2023:15:37:24 -0500] "GET /sipse/faces/javax.faces.resource/fileupload/fileupload.css?ln=primefaces&v=4.0 HTTP/1.1" 304 -
201.245.192.253 - - [25/Sep/2023:15:37:24 -0500] "GET /sipse/faces/javax.faces.resource/fileupload/fileupload.js?ln=primefaces&v=4.0 HTTP/1.1" 304 -
201.245.192.253 - - [25/Sep/2023:15:37:24 -0500] "GET /sipse/faces/javax.faces.resource/layout/layout.js?ln=primefaces&v=4.0 HTTP/1.1" 304 -
200.118.60.109 - - [25/Sep/2023:15:37:35 -0500] "GET /experto-explican-por-que-la-ausencia-de-contacto-con-la-naturaleza-enferma-a-las-personas.html HTTP/1.1" 200 855
201.245.192.253 - - [25/Sep/2023:15:37:43 -0500] "GET /sipse/faces/javax.faces.resource/theme.css?ln=primefaces-sipse HTTP/1.1" 304 -
201.245.192.253 - - [25/Sep/2023:15:37:43 -0500] "GET /sipse/faces/javax.faces.resource/jquery/jquery-plugins.js?ln=primefaces&v=4.0 HTTP/1.1" 304 -
201.245.192.253 - - [25/Sep/2023:15:37:43 -0500] "GET /sipse/faces/javax.faces.resource/layout/layout.css?ln=primefaces&v=4.0 HTTP/1.1" 304 -
201.245.192.253 - - [25/Sep/2023:15:37:43 -0500] "GET /sipse/faces/javax.faces.resource/jquery/jquery.js?ln=primefaces&v=4.0 HTTP/1.1" 304 -
201.245.192.253 - - [25/Sep/2023:15:37:43 -0500] "GET /sipse/faces/javax.faces.resource/primefaces.css?ln=primefaces&v=4.0 HTTP/1.1" 304 -
201.245.192.253 - - [25/Sep/2023:15:37:43 -0500] "GET /sipse/faces/javax.faces.resource/primefaces.js?ln=primefaces&v=4.0 HTTP/1.1" 304 -
201.245.192.253 - - [25/Sep/2023:15:37:43 -0500] "GET /sipse/faces/javax.faces.resource/layout/layout.js?ln=primefaces&v=4.0 HTTP/1.1" 304 -
201.245.192.253 - - [25/Sep/2023:15:37:42 -0500] "POST /sipse/faces/presentacion/sistema/anexos/cargarAnexoSolicitudProceso.xhtml HTTP/1.1" 200 160974
201.245.192.253 - - [25/Sep/2023:15:37:45 -0500] "POST /sipse/faces/presentacion/financiero/solicitudProceso/consultarSolicitudProceso.xhtml HTTP/1.1" 200 19358
201.245.192.253 - - [25/Sep/2023:15:37:45 -0500] "GET /sipse/faces/javax.faces.resource/jquery/jquery.js?ln=primefaces&v=4.0 HTTP/1.1" 304 -
201.245.192.253 - - [25/Sep/2023:15:37:45 -0500] "GET /sipse/faces/javax.faces.resource/primefaces.js?ln=primefaces&v=4.0 HTTP/1.1" 304 -
201.245.192.253 - - [25/Sep/2023:15:37:45 -0500] "GET /sipse/faces/javax.faces.resource/jquery/jquery-plugins.js?ln=primefaces&v=4.0 HTTP/1.1" 304 -
201.245.192.253 - - [25/Sep/2023:15:37:45 -0500] "GET /sipse/faces/javax.faces.resource/layout/layout.css?ln=primefaces&v=4.0 HTTP/1.1" 304 -
201.245.192.253 - - [25/Sep/2023:15:37:45 -0500] "GET /sipse/faces/javax.faces.resource/theme.css?ln=primefaces-sipse HTTP/1.1" 304 -
201.245.192.253 - - [25/Sep/2023:15:37:45 -0500] "GET /sipse/faces/javax.faces.resource/primefaces.css?ln=primefaces&v=4.0 HTTP/1.1" 304 -
201.245.192.253 - - [25/Sep/2023:15:37:45 -0500] "GET /sipse/faces/javax.faces.resource/layout/layout.js?ln=primefaces&v=4.0 HTTP/1.1" 304 -
201.245.192.253 - - [25/Sep/2023:15:37:45 -0500] "GET /sipse/faces/javax.faces.resource/fileupload/fileupload.css?ln=primefaces&v=4.0 HTTP/1.1" 304 -
201.245.192.253 - - [25/Sep/2023:15:37:45 -0500] "GET /sipse/faces/javax.faces.resource/fileupload/fileupload.js?ln=primefaces&v=4.0 HTTP/1.1" 304 -
172.22.2.4 - - [25/Sep/2023:15:36:06 -0500] "HEAD /BLA/boletinlegal/ HTTP/1.1" 200 -
201.245.192.253 - - [25/Sep/2023:15:37:53 -0500] "GET /sipse/faces/javax.faces.resource/jquery/jquery-plugins.js?ln=primefaces&v=4.0 HTTP/1.1" 304 -
201.245.192.253 - - [25/Sep/2023:15:37:53 -0500] "GET /sipse/faces/javax.faces.resource/primefaces.css?ln=primefaces&v=4.0 HTTP/1.1" 304 -
201.245.192.253 - - [25/Sep/2023:15:37:53 -0500] "GET /sipse/faces/javax.faces.resource/theme.css?ln=primefaces-sipse HTTP/1.1" 304 -
201.245.192.253 - - [25/Sep/2023:15:37:53 -0500] "GET /sipse/faces/javax.faces.resource/jquery/jquery.js?ln=primefaces&v=4.0 HTTP/1.1" 304 -
201.245.192.253 - - [25/Sep/2023:15:37:53 -0500] "GET /sipse/faces/javax.faces.resource/layout/layout.css?ln=primefaces&v=4.0 HTTP/1.1" 304 -
201.245.192.253 - - [25/Sep/2023:15:37:53 -0500] "GET /sipse/faces/javax.faces.resource/primefaces.js?ln=primefaces&v=4.0 HTTP/1.1" 304 -
201.245.192.253 - - [25/Sep/2023:15:37:53 -0500] "GET /sipse/faces/javax.faces.resource/layout/layout.js?ln=primefaces&v=4.0 HTTP/1.1" 304 -
201.245.192.253 - - [25/Sep/2023:15:37:52 -0500] "POST /sipse/faces/presentacion/sistema/anexos/cargarAnexoSolicitudProceso.xhtml HTTP/1.1" 200 163364
201.245.192.253 - - [25/Sep/2023:15:37:59 -0500] "GET /sipse/faces/javax.faces.resource/theme.css?ln=primefaces-sipse HTTP/1.1" 304 -
201.245.192.253 - - [25/Sep/2023:15:37:59 -0500] "GET /sipse/faces/javax.faces.resource/jquery/jquery.js?ln=primefaces&v=4.0 HTTP/1.1" 304 -
201.245.192.253 - - [25/Sep/2023:15:37:59 -0500] "GET /sipse/faces/javax.faces.resource/jquery/jquery-plugins.js?ln=primefaces&v=4.0 HTTP/1.1" 304 -
201.245.192.253 - - [25/Sep/2023:15:37:59 -0500] "GET /sipse/faces/javax.faces.resource/layout/layout.css?ln=primefaces&v=4.0 HTTP/1.1" 304 -
201.245.192.253 - - [25/Sep/2023:15:37:59 -0500] "GET /sipse/faces/javax.faces.resource/primefaces.css?ln=primefaces&v=4.0 HTTP/1.1" 304 -
201.245.192.253 - - [25/Sep/2023:15:37:59 -0500] "GET /sipse/faces/javax.faces.resource/primefaces.js?ln=primefaces&v=4.0 HTTP/1.1" 304 -
201.245.192.253 - - [25/Sep/2023:15:37:59 -0500] "GET /sipse/faces/javax.faces.resource/layout/layout.js?ln=primefaces&v=4.0 HTTP/1.1" 304 -
201.245.192.253 - - [25/Sep/2023:15:37:57 -0500] "POST /sipse/faces/presentacion/financiero/solicitudProceso/consultarSolicitudProceso.xhtml HTTP/1.1" 200 163932
201.245.192.253 - - [25/Sep/2023:15:38:01 -0500] "POST /sipse/faces/presentacion/financiero/solicitudProceso/consultarSolicitudProceso.xhtml HTTP/1.1" 200 41016
201.245.192.253 - - [25/Sep/2023:15:38:04 -0500] "GET /sipse/faces/javax.faces.resource/jquery/jquery.js?ln=primefaces&v=4.0 HTTP/1.1" 304 -
201.245.192.253 - - [25/Sep/2023:15:38:04 -0500] "GET /sipse/faces/javax.faces.resource/jquery/jquery-plugins.js?ln=primefaces&v=4.0 HTTP/1.1" 304 -
201.245.192.253 - - [25/Sep/2023:15:38:04 -0500] "GET /sipse/faces/javax.faces.resource/primefaces.js?ln=primefaces&v=4.0 HTTP/1.1" 304 -
201.245.192.253 - - [25/Sep/2023:15:38:04 -0500] "GET /sipse/faces/javax.faces.resource/layout/layout.js?ln=primefaces&v=4.0 HTTP/1.1" 304 -
201.245.192.253 - - [25/Sep/2023:15:38:04 -0500] "POST /sipse/faces/presentacion/financiero/solicitudProceso/listarSolicitudProceso.xhtml HTTP/1.1" 200 1444
201.245.192.253 - - [25/Sep/2023:15:38:04 -0500] "POST /sipse/faces/presentacion/financiero/solicitudProceso/listarSolicitudProceso.xhtml HTTP/1.1" 200 1444
201.245.192.253 - - [25/Sep/2023:15:38:05 -0500] "POST /sipse/faces/presentacion/financiero/solicitudProceso/listarSolicitudProceso.xhtml HTTP/1.1" 200 10669
201.245.192.253 - - [25/Sep/2023:15:38:05 -0500] "POST /sipse/faces/presentacion/financiero/solicitudProceso/listarSolicitudProceso.xhtml HTTP/1.1" 200 22318
172.22.2.4 - - [25/Sep/2023:15:38:23 -0500] "GET /BLA/boletinlegal/Circulares/2019/.pdf HTTP/1.1" 404 1218
201.245.192.253 - - [25/Sep/2023:15:38:27 -0500] "POST /kwsrmcab/Wsrmcab HTTP/1.1" 200 43768
201.245.192.253 - - [25/Sep/2023:15:38:31 -0500] "POST /forms/lservlet;jsessionid=ac16012b30d61562d539941a44668f2cd49f1ad5d4d4.e3iSbxaKaheRe34Pbx8Nc3aQci1ynknvrkLOlQzNp65In0 HTTP/1.1" 200 2
172.22.2.4 - - [25/Sep/2023:15:38:33 -0500] "GET /BLA/boletinlegal/Circulares/2012/Circular%20No.%2010%20del%2026%20de%20Enero%20de%202012.pdf HTTP/1.1" 404 1218
201.245.192.253 - - [25/Sep/2023:15:38:31 -0500] "POST /kwsrmcab/Wsrmcab HTTP/1.1" 200 43598
172.22.2.4 - - [25/Sep/2023:15:36:57 -0500] "GET /BLA/boletinlegal/ HTTP/1.1" 200 55844
201.245.192.253 - - [25/Sep/2023:15:38:38 -0500] "POST /forms/lservlet;jsessionid=ac16012b30d69850561372564dc38470a8e809d22a7b.e3iSbxaKaheRe34Pbx8Nc3aQci1ynknvrkLOlQzNp65In0 HTTP/1.1" 200 2
201.245.192.253 - - [25/Sep/2023:15:39:09 -0500] "POST /sipse/faces/presentacion/financiero/solicitudProceso/listarSolicitudProceso.xhtml HTTP/1.1" 200 10665
201.245.192.253 - - [25/Sep/2023:15:39:09 -0500] "POST /sipse/faces/presentacion/financiero/solicitudProceso/listarSolicitudProceso.xhtml HTTP/1.1" 200 22318
201.245.192.253 - - [25/Sep/2023:15:39:19 -0500] "POST /sipse/faces/presentacion/financiero/solicitudProceso/listarSolicitudProceso.xhtml HTTP/1.1" 200 120026
201.245.192.253 - - [25/Sep/2023:15:39:20 -0500] "GET /sipse/faces/javax.faces.resource/theme.css?ln=primefaces-sipse HTTP/1.1" 304 -
201.245.192.253 - - [25/Sep/2023:15:39:20 -0500] "GET /sipse/faces/javax.faces.resource/primefaces.css?ln=primefaces&v=4.0 HTTP/1.1" 304 -
201.245.192.253 - - [25/Sep/2023:15:39:20 -0500] "GET /sipse/faces/javax.faces.resource/layout/layout.css?ln=primefaces&v=4.0 HTTP/1.1" 304 -
201.245.192.253 - - [25/Sep/2023:15:39:20 -0500] "GET /sipse/faces/javax.faces.resource/jquery/jquery.js?ln=primefaces&v=4.0 HTTP/1.1" 304 -
201.245.192.253 - - [25/Sep/2023:15:39:20 -0500] "GET /sipse/faces/javax.faces.resource/jquery/jquery-plugins.js?ln=primefaces&v=4.0 HTTP/1.1" 304 -
201.245.192.253 - - [25/Sep/2023:15:39:20 -0500] "GET /sipse/faces/javax.faces.resource/primefaces.js?ln=primefaces&v=4.0 HTTP/1.1" 304 -
201.245.192.253 - - [25/Sep/2023:15:39:20 -0500] "GET /sipse/faces/javax.faces.resource/layout/layout.js?ln=primefaces&v=4.0 HTTP/1.1" 304 -
69.63.189.119 - - [25/Sep/2023:15:39:23 -0500] "GET /semana-bogota-reverdece-135-nuevos-arboles-para-el-humedal-la-conejera.html HTTP/1.1" 200 814
216.244.66.195 - - [25/Sep/2023:15:39:44 -0500] "GET /BLA/resoluciones/AUTOS%202022/4091.pdf HTTP/1.1" 200 367638
186.102.26.233 - - [25/Sep/2023:15:39:50 -0500] "GET /kwssiamovil/sm/ldap/au?x=U2FsdGVkX1/+BH9+fyWs9uKUksJcEZH8PTYQKWx8fVEQWAUlMUsjfY+0sTLAPJMZ&y=U2FsdGVkX1/uJc2K9kzXzli+qCMbk+QcdOSF1jtMXLTdfe/ZxHP47wR/ZFzGh8zC HTTP/1.1" 200 30
186.102.26.233 - - [25/Sep/2023:15:39:50 -0500] "GET /kwssiamovil/sm/acme/s?s=U2FsdGVkX1/evq1P8hB6Oh3egkY7A25go2sNSy1oj0Th4Wci/HDSNlI8rkGcC07vKYAK12+iUV84K8M8Pswi9fwyMQ2rxS7ykkDtSzoLJPw=&u=U2FsdGVkX1/Sj/0dCSYEuXzCyFtiOXnQUxjtnWWhaS0=&y=U2FsdGVkX1/uJc2K9kzXzli+qCMbk+QcdOSF1jtMXLTdfe/ZxHP47wR/ZFzGh8zC HTTP/1.1" 200 97
186.102.26.233 - - [25/Sep/2023:15:39:50 -0500] "GET /kwssiamovil/sm/acme/s?s=U2FsdGVkX1+xH6kVkQmCfYUWO2GfJnYewv93GUWrYQlgqji5iZ7EJXS1F8KvUQpU7rmAUzthY90nAEjiyF39eZUJOnpaWfISxvQLJOkxgdZQVUaYqFSms0bts0gobfj8nSumUeETza5WxkktN2HHNFGwWNBpYN3WkO2dp9yb+2H3pg0a6PLUKO9WmssF+hXhe3vTq1ufwmdJ2TKovK4stlUql9kjEHpwz8Ff/dKNbC1SVKgsS7ld8ne3ffQMChG2IciIsKc1Yvwrm/OgBhqb9Vs7dKWjp+zZJbRWYKssXTkgT68BObQ08OYvIkY2dJSWSsc7nuywpdchhdBSRSj7lnQe26CPrSKIPDEON9j+CkbUy9G+bwlioabwd9wLe4Yh0iTkKmHmU31FN5uonriHwnIN/K4f6iroq3/o9Z0AZ7TgBB/yg4MOpYZvekwg79vo0BvYenj4tFV2sR/XUhrfWtL6oMfFWStQW/mlWf3dP1q4K9e7CcGavJKRq6sxbh2MZhOLJeztsHKMS+LnTfRcjF5XGdymDpyqjBlSlHHHVi6Jq9nxlXyK17YpoSPygNM04PxWrIzy9IOcaTlfBNQtjtMvX1PHsRiNztnCDGc4CP9nyuAY40mtN2n0T1CskTjQ+3Hc84SuFLgnkp1SXulGH/QlK/FDf1g86s95VS9SFx9UHGbtTx2LgLVOMMI6IiS+uiLQw2QbE+2pH7TCkpFgE6W7Yh+ZuoBFOg8AVQzMrRXe8tPvPzBa8vppGThB9g4wVRIHqSIfV+jZHvE/DuBeZ8sKImQ7hRolrQVy+8ycQ2oVVLKwOqJSmREbe5+EmCBH7B8SutpE3yjeTFaNjpctIo4S7uIvr8yC3eYj8acKUkBkIWccH2yuYEkZJC2th/fx2JotyAKqbTw0dWM8tCfCszNE8TxFNnVD0iEK0mntPEaVMhxFeA8s1xYmaAtLqP+5byZkh482hV0fBn84+mYwBnrE7IkHJjYDJ56dfQ4G6Apf8oHFk7mKVDe7Uoi9zXHn+QmYtx0Bp3UoZuhpOLooxcuMfUOp+2QGCOX2bKiUJNSwOYl8fMYsWVBlunP7S0E0pGLvkIT26ArX4FM7Mg953mW3MqLM/dizjwUWgW8IA2vmIbY6yNqBvq2hyZHhoy0IBr4NRKmigR05KnbrjOJ9gXcv+wodrJhZqfO7bz2qik+BqK5sseXwDuWjOonJYuxRt1ZLE/pr59kDgR8aZTL5q97fonfSRw2Mk76OgnzqM8wpet49JUW2HAyr5dC+xuJZ5EUvD3RGIdmT2LSDBPNko7+YfG8KTgvrXFKaelvRnpxnsv96tYsVWIgBMSm5OXvtz75GPEgln37syG4uEL2aSmkaZ+15of5KifqVXCFoZ+snuexlmzyaaCwit8+O08G/MjwlS7pAnVs2nIiPo6Qm6tUigaXGYMOe0G5OxOXE33YQtCucJnbeksQ8cxXZqZ7WYJ3RaTlJfc6DgdoaFDx1O8L8k84Gw4l/DQnCKi9BJP1HjddfWOiLnhFr0rALd0OCzIK+v91rpK5aDxo9hxtmAaIvvBKlDmssI4MB5d2XKeZ572QrYuLMu/cqxM3otW+p7Q7PsTQsrhZDkuYhFDtoVcssjemFrJTDZ7Xo0WP/ZnRz5t0gJzOSZfmw/pgNZVRmMcZHWbCDbr5mrdQNW5VuSw2t3dUhUeddrhNj9Fq6SJHDtPdtUfsHreFgxl0ZVPTamiyitDNP99AXhajUtOfSuqIXP47qePxubYR+8Oi4RE8=&u=U2FsdGVkX1/Sj/0dCSYEuXzCyFtiOXnQUxjtnWWhaS0=&y=U2FsdGVkX1/uJc2K9kzXzli+qCMbk+QcdOSF1jtMXLTdfe/ZxHP47wR/ZFzGh8zC HTTP/1.1" 200 2666
186.102.26.233 - - [25/Sep/2023:15:39:50 -0500] "GET /kwssiamovil/sm/acme/s?s=U2FsdGVkX1/V9mWOI1AU/DDIcQRDnOunUAkp1CyBI2/AGb3PjJ7MyK8gROi5TOKxVKoYIfyeJG/h8Ubi4AqfpLAN2UiDHnmFuNzdiTgpKgsKfemfz61kDWusmCBw03hEv/f/SU4/W+1oGCNWKx7uFiRqpKqKQKDoBsjNVfuMKra38ug8xgsqh5TRNr+3+5gPMoClUmF6w4ApjgmHsB8goEKrT27hX+M1KNrXhY7cv1WyIYnewkTi0uJQxvpJIkqPb+g5qq/zwO9MPwvWZ2hjYM5iP7bL9348cnu/sigWMJWGQcA4YkMlrdSelP8ONN4gfxs0EzB6xTpGlVSH6a4mFFcBv/F8yqDg00QP02P2/XHIse8h9h/iLNrAxi+o4idEeiD8qIRQNUahKZiWP+5tMG7yb4TogxvrZYJp0o2iryH3PbIv24M8qLSA5BIDOd9hnJPbgbIwQhcDJoRoaT7lPtJG0Liw+eENcWuoruGBHa7nBui8xl8rJAcplLxo4g6924gbwURoc3/2lVJduTNyi9lJ3YBotF7fl0Zg0T8kyrYTdHCRtBsKLKlAyU6XwbPgJdw3mY3pHXQddhB8ehUh5U4NHebR3/YYIq9kcgJg8slC9wYgi85vZDxgBFEDmNh8p0bnMaWfDBXeU/Fo2tXahi4XhQOUR1vGPk0iZiS89SHqFJ7PIgEeDBV2EcV1BOSTbpNNZ3xmvcnkfBzxpzIdLw6RTxzM9DejAOwt2+N1R1VGenOpXl+Gp12TcIwfpukX&u=U2FsdGVkX1/Sj/0dCSYEuXzCyFtiOXnQUxjtnWWhaS0=&y=U2FsdGVkX1/uJc2K9kzXzli+qCMbk+QcdOSF1jtMXLTdfe/ZxHP47wR/ZFzGh8zC HTTP/1.1" 200 208
186.148.181.173 - - [25/Sep/2023:15:39:51 -0500] "GET /kwssiamovil/sm/acme/u?s=U2FsdGVkX1/fMAc1ZVH23lUPdO9COFG3Ai+ta2tknIfIbjic4ucs8j6L9/APuyruUAQEKeVZMV4pWLifGC1tKACd0GEHJ4t5Jb14AXvZnF57dpSeGAUevUVrWtthU9wOxslC/93JJmsGkSRnPpHofyNPv72Yllsk65K/yiUvGbk=&u=U2FsdGVkX1/p5P2FLT5e7IJlXirWk5j5lxaqFLf46bY=&y=U2FsdGVkX18avETgY3soI5tgXNST3ER5Xqr+LYpq9PIKem+fp07+EShINn2jYyUh HTTP/1.1" 200 60
186.102.26.233 - - [25/Sep/2023:15:39:51 -0500] "GET /kwssiamovil/sm/cjson/pre?f=1&x=U2FsdGVkX1/+BH9+fyWs9uKUksJcEZH8PTYQKWx8fVEQWAUlMUsjfY+0sTLAPJMZ HTTP/1.1" 200 31032
120.71.59.24 - - [25/Sep/2023:15:40:03 -0500] "GET / HTTP/1.1" 200 319
66.249.70.196 - - [25/Sep/2023:15:38:23 -0500] "HEAD /BLA/boletinlegal/index.php HTTP/1.1" 200 -
216.244.66.195 - - [25/Sep/2023:15:40:14 -0500] "GET /BLA/resoluciones/AUTOS%202022/4482.pdf HTTP/1.1" 200 404179
201.245.192.253 - - [25/Sep/2023:15:40:31 -0500] "POST /forms/lservlet;jsessionid=ac16012b30d61562d539941a44668f2cd49f1ad5d4d4.e3iSbxaKaheRe34Pbx8Nc3aQci1ynknvrkLOlQzNp65In0 HTTP/1.1" 200 2
201.245.192.253 - - [25/Sep/2023:15:40:38 -0500] "POST /forms/lservlet;jsessionid=ac16012b30d69850561372564dc38470a8e809d22a7b.e3iSbxaKaheRe34Pbx8Nc3aQci1ynknvrkLOlQzNp65In0 HTTP/1.1" 200 2
216.245.221.92 - - [25/Sep/2023:15:40:52 -0500] "HEAD / HTTP/1.1" 200 -
216.244.66.195 - - [25/Sep/2023:15:40:59 -0500] "GET /BLA/resoluciones/AUTOS%202022/4889.pdf HTTP/1.1" 200 388956
192.168.171.94 - - [25/Sep/2023:15:41:12 -0500] "POST /procesar.php HTTP/1.1" 200 831
191.156.62.128 - - [25/Sep/2023:15:41:13 -0500] "POST /sipse/faces/presentacion/financiero/solicitudProceso/consultar.xhtml HTTP/1.1" 200 12895
201.245.192.253 - - [25/Sep/2023:15:41:16 -0500] "POST /sipse/faces/presentacion/financiero/solicitudProceso/consultarSolicitudProceso.xhtml HTTP/1.1" 200 19358
201.245.192.253 - - [25/Sep/2023:15:41:16 -0500] "GET /sipse/faces/javax.faces.resource/theme.css?ln=primefaces-sipse HTTP/1.1" 304 -
201.245.192.253 - - [25/Sep/2023:15:41:16 -0500] "GET /sipse/faces/javax.faces.resource/primefaces.css?ln=primefaces&v=4.0 HTTP/1.1" 304 -
201.245.192.253 - - [25/Sep/2023:15:41:16 -0500] "GET /sipse/faces/javax.faces.resource/jquery/jquery.js?ln=primefaces&v=4.0 HTTP/1.1" 304 -
201.245.192.253 - - [25/Sep/2023:15:41:16 -0500] "GET /sipse/faces/javax.faces.resource/fileupload/fileupload.css?ln=primefaces&v=4.0 HTTP/1.1" 304 -
201.245.192.253 - - [25/Sep/2023:15:41:16 -0500] "GET /sipse/faces/javax.faces.resource/jquery/jquery-plugins.js?ln=primefaces&v=4.0 HTTP/1.1" 304 -
201.245.192.253 - - [25/Sep/2023:15:41:16 -0500] "GET /sipse/faces/javax.faces.resource/primefaces.js?ln=primefaces&v=4.0 HTTP/1.1" 304 -
201.245.192.253 - - [25/Sep/2023:15:41:16 -0500] "GET /sipse/faces/javax.faces.resource/layout/layout.js?ln=primefaces&v=4.0 HTTP/1.1" 304 -
201.245.192.253 - - [25/Sep/2023:15:41:16 -0500] "GET /sipse/faces/javax.faces.resource/layout/layout.css?ln=primefaces&v=4.0 HTTP/1.1" 304 -
201.245.192.253 - - [25/Sep/2023:15:41:16 -0500] "GET /sipse/faces/javax.faces.resource/fileupload/fileupload.js?ln=primefaces&v=4.0 HTTP/1.1" 304 -
201.245.192.253 - - [25/Sep/2023:15:41:17 -0500] "POST /kwsrmcab/Wsrmcab  HTTP/1.1" 200 43477
192.168.171.94 - - [25/Sep/2023:15:41:20 -0500] "GET / HTTP/1.1" 200 4720
192.168.171.94 - - [25/Sep/2023:15:41:20 -0500] "GET /js/url.js HTTP/1.1" 404 1294
201.245.192.253 - - [25/Sep/2023:15:41:31 -0500] "GET /sipse/faces/javax.faces.resource/theme.css?ln=primefaces-sipse HTTP/1.1" 304 -
201.245.192.253 - - [25/Sep/2023:15:41:31 -0500] "GET /sipse/faces/javax.faces.resource/jquery/jquery-plugins.js?ln=primefaces&v=4.0 HTTP/1.1" 304 -
201.245.192.253 - - [25/Sep/2023:15:41:31 -0500] "GET /sipse/faces/javax.faces.resource/layout/layout.css?ln=primefaces&v=4.0 HTTP/1.1" 304 -
201.245.192.253 - - [25/Sep/2023:15:41:31 -0500] "GET /sipse/faces/javax.faces.resource/primefaces.css?ln=primefaces&v=4.0 HTTP/1.1" 304 -
201.245.192.253 - - [25/Sep/2023:15:41:31 -0500] "GET /sipse/faces/javax.faces.resource/jquery/jquery.js?ln=primefaces&v=4.0 HTTP/1.1" 304 -
201.245.192.253 - - [25/Sep/2023:15:41:31 -0500] "GET /sipse/faces/javax.faces.resource/primefaces.js?ln=primefaces&v=4.0 HTTP/1.1" 304 -
201.245.192.253 - - [25/Sep/2023:15:41:31 -0500] "GET /sipse/faces/javax.faces.resource/layout/layout.js?ln=primefaces&v=4.0 HTTP/1.1" 304 -
201.245.192.253 - - [25/Sep/2023:15:41:31 -0500] "POST /sipse/faces/presentacion/sistema/anexos/cargarAnexoSolicitudProceso.xhtml HTTP/1.1" 200 166873
191.156.61.117 - - [25/Sep/2023:15:41:32 -0500] "POST /sipse/faces/presentacion/financiero/solicitudProceso/consultar.xhtml HTTP/1.1" 200 12821
186.28.68.64 - - [25/Sep/2023:15:41:33 -0500] "GET /BLA/resoluciones/RESOLUCIONES%202021/0568.pdf HTTP/1.1" 200 500985
201.245.192.253 - - [25/Sep/2023:15:41:34 -0500] "POST /sipse/faces/presentacion/financiero/solicitudProceso/consultarSolicitudProceso.xhtml HTTP/1.1" 200 19358
201.245.192.253 - - [25/Sep/2023:15:41:34 -0500] "GET /sipse/faces/javax.faces.resource/layout/layout.css?ln=primefaces&v=4.0 HTTP/1.1" 304 -
201.245.192.253 - - [25/Sep/2023:15:41:34 -0500] "GET /sipse/faces/javax.faces.resource/primefaces.css?ln=primefaces&v=4.0 HTTP/1.1" 304 -
201.245.192.253 - - [25/Sep/2023:15:41:34 -0500] "GET /sipse/faces/javax.faces.resource/jquery/jquery-plugins.js?ln=primefaces&v=4.0 HTTP/1.1" 304 -
201.245.192.253 - - [25/Sep/2023:15:41:34 -0500] "GET /sipse/faces/javax.faces.resource/theme.css?ln=primefaces-sipse HTTP/1.1" 304 -
201.245.192.253 - - [25/Sep/2023:15:41:34 -0500] "GET /sipse/faces/javax.faces.resource/jquery/jquery.js?ln=primefaces&v=4.0 HTTP/1.1" 304 -
201.245.192.253 - - [25/Sep/2023:15:41:34 -0500] "GET /sipse/faces/javax.faces.resource/primefaces.js?ln=primefaces&v=4.0 HTTP/1.1" 304 -
201.245.192.253 - - [25/Sep/2023:15:41:34 -0500] "GET /sipse/faces/javax.faces.resource/layout/layout.js?ln=primefaces&v=4.0 HTTP/1.1" 304 -
201.245.192.253 - - [25/Sep/2023:15:41:34 -0500] "GET /sipse/faces/javax.faces.resource/fileupload/fileupload.css?ln=primefaces&v=4.0 HTTP/1.1" 304 -
201.245.192.253 - - [25/Sep/2023:15:41:34 -0500] "GET /sipse/faces/javax.faces.resource/fileupload/fileupload.js?ln=primefaces&v=4.0 HTTP/1.1" 304 -
191.156.61.117 - - [25/Sep/2023:15:41:36 -0500] "POST /sipse/faces/presentacion/financiero/solicitudProceso/consultar.xhtml HTTP/1.1" 200 111066
191.156.61.117 - - [25/Sep/2023:15:41:38 -0500] "GET /sipse/faces/javax.faces.resource/theme.css?ln=primefaces-sipse HTTP/1.1" 304 -
191.156.59.172 - - [25/Sep/2023:15:41:38 -0500] "GET /sipse/faces/javax.faces.resource/primefaces.css?ln=primefaces&v=4.0 HTTP/1.1" 304 -
191.156.51.197 - - [25/Sep/2023:15:41:38 -0500] "GET /sipse/faces/javax.faces.resource/jquery/jquery.js?ln=primefaces&v=4.0 HTTP/1.1" 304 -
191.156.56.155 - - [25/Sep/2023:15:41:38 -0500] "GET /sipse/faces/javax.faces.resource/layout/layout.css?ln=primefaces&v=4.0 HTTP/1.1" 304 -
191.156.51.197 - - [25/Sep/2023:15:41:38 -0500] "GET /sipse/faces/javax.faces.resource/jquery/jquery-plugins.js?ln=primefaces&v=4.0 HTTP/1.1" 304 -
191.156.51.197 - - [25/Sep/2023:15:41:38 -0500] "GET /sipse/faces/javax.faces.resource/primefaces.js?ln=primefaces&v=4.0 HTTP/1.1" 304 -
191.156.51.197 - - [25/Sep/2023:15:41:38 -0500] "GET /sipse/faces/javax.faces.resource/layout/layout.js?ln=primefaces&v=4.0 HTTP/1.1" 304 -
201.245.192.253 - - [25/Sep/2023:15:41:44 -0500] "GET /sipse/faces/javax.faces.resource/jquery/jquery.js?ln=primefaces&v=4.0 HTTP/1.1" 304 -
201.245.192.253 - - [25/Sep/2023:15:41:44 -0500] "GET /sipse/faces/javax.faces.resource/primefaces.css?ln=primefaces&v=4.0 HTTP/1.1" 304 -
201.245.192.253 - - [25/Sep/2023:15:41:44 -0500] "GET /sipse/faces/javax.faces.resource/jquery/jquery-plugins.js?ln=primefaces&v=4.0 HTTP/1.1" 304 -
201.245.192.253 - - [25/Sep/2023:15:41:44 -0500] "GET /sipse/faces/javax.faces.resource/theme.css?ln=primefaces-sipse HTTP/1.1" 304 -
201.245.192.253 - - [25/Sep/2023:15:41:44 -0500] "GET /sipse/faces/javax.faces.resource/primefaces.js?ln=primefaces&v=4.0 HTTP/1.1" 304 -
201.245.192.253 - - [25/Sep/2023:15:41:44 -0500] "GET /sipse/faces/javax.faces.resource/layout/layout.css?ln=primefaces&v=4.0 HTTP/1.1" 304 -
201.245.192.253 - - [25/Sep/2023:15:41:44 -0500] "GET /sipse/faces/javax.faces.resource/layout/layout.js?ln=primefaces&v=4.0 HTTP/1.1" 304 -
201.245.192.253 - - [25/Sep/2023:15:41:42 -0500] "POST /sipse/faces/presentacion/sistema/anexos/cargarAnexoSolicitudProceso.xhtml HTTP/1.1" 200 169262
216.244.66.195 - - [25/Sep/2023:15:41:45 -0500] "GET /BLA/resoluciones/AUTOS%202022/4917.pdf HTTP/1.1" 200 497973
191.156.51.197 - - [25/Sep/2023:15:41:44 -0500] "POST /sipse/faces/presentacion/financiero/solicitudProceso/consultarSolicitudProceso.xhtml HTTP/1.1" 200 43781
191.156.51.197 - - [25/Sep/2023:15:41:46 -0500] "GET /sipse/faces/javax.faces.resource/theme.css?ln=primefaces-sipse HTTP/1.1" 304 -
191.156.61.117 - - [25/Sep/2023:15:41:46 -0500] "GET /sipse/faces/javax.faces.resource/layout/layout.css?ln=primefaces&v=4.0 HTTP/1.1" 304 -
191.156.56.155 - - [25/Sep/2023:15:41:46 -0500] "GET /sipse/faces/javax.faces.resource/primefaces.css?ln=primefaces&v=4.0 HTTP/1.1" 304 -
191.156.59.172 - - [25/Sep/2023:15:41:46 -0500] "GET /sipse/faces/javax.faces.resource/jquery/jquery.js?ln=primefaces&v=4.0 HTTP/1.1" 304 -
191.156.59.172 - - [25/Sep/2023:15:41:46 -0500] "GET /sipse/faces/javax.faces.resource/jquery/jquery-plugins.js?ln=primefaces&v=4.0 HTTP/1.1" 304 -
191.156.59.172 - - [25/Sep/2023:15:41:46 -0500] "GET /sipse/faces/javax.faces.resource/primefaces.js?ln=primefaces&v=4.0 HTTP/1.1" 304 -
191.156.59.172 - - [25/Sep/2023:15:41:46 -0500] "GET /sipse/faces/javax.faces.resource/layout/layout.js?ln=primefaces&v=4.0 HTTP/1.1" 304 -
191.156.59.172 - - [25/Sep/2023:15:41:46 -0500] "POST /sipse/faces/presentacion/financiero/solicitudProceso/consultar.xhtml HTTP/1.1" 200 37137
191.156.59.172 - - [25/Sep/2023:15:41:47 -0500] "POST /sipse/faces/presentacion/financiero/solicitudProceso/consultar.xhtml HTTP/1.1" 200 37137
191.156.59.172 - - [25/Sep/2023:15:41:47 -0500] "POST /sipse/faces/presentacion/financiero/solicitudProceso/consultar.xhtml HTTP/1.1" 200 37137
191.156.59.172 - - [25/Sep/2023:15:41:48 -0500] "POST /sipse/faces/presentacion/financiero/solicitudProceso/consultar.xhtml HTTP/1.1" 200 37137
191.156.59.172 - - [25/Sep/2023:15:41:48 -0500] "POST /sipse/faces/presentacion/financiero/solicitudProceso/consultar.xhtml HTTP/1.1" 200 37137
191.156.59.172 - - [25/Sep/2023:15:41:49 -0500] "POST /sipse/faces/presentacion/financiero/solicitudProceso/consultar.xhtml HTTP/1.1" 200 37137
191.156.59.172 - - [25/Sep/2023:15:41:50 -0500] "POST /sipse/faces/presentacion/financiero/solicitudProceso/consultar.xhtml HTTP/1.1" 200 37137
201.245.192.253 - - [25/Sep/2023:15:41:50 -0500] "GET /sipse/faces/javax.faces.resource/theme.css?ln=primefaces-sipse HTTP/1.1" 304 -
201.245.192.253 - - [25/Sep/2023:15:41:50 -0500] "GET /sipse/faces/javax.faces.resource/primefaces.css?ln=primefaces&v=4.0 HTTP/1.1" 304 -
201.245.192.253 - - [25/Sep/2023:15:41:50 -0500] "GET /sipse/faces/javax.faces.resource/layout/layout.css?ln=primefaces&v=4.0 HTTP/1.1" 304 -
201.245.192.253 - - [25/Sep/2023:15:41:50 -0500] "GET /sipse/faces/javax.faces.resource/jquery/jquery-plugins.js?ln=primefaces&v=4.0 HTTP/1.1" 304 -
201.245.192.253 - - [25/Sep/2023:15:41:50 -0500] "GET /sipse/faces/javax.faces.resource/layout/layout.js?ln=primefaces&v=4.0 HTTP/1.1" 304 -
201.245.192.253 - - [25/Sep/2023:15:41:50 -0500] "GET /sipse/faces/javax.faces.resource/jquery/jquery.js?ln=primefaces&v=4.0 HTTP/1.1" 304 -
201.245.192.253 - - [25/Sep/2023:15:41:50 -0500] "GET /sipse/faces/javax.faces.resource/primefaces.js?ln=primefaces&v=4.0 HTTP/1.1" 304 -
201.245.192.253 - - [25/Sep/2023:15:41:48 -0500] "POST /sipse/faces/presentacion/financiero/solicitudProceso/consultarSolicitudProceso.xhtml HTTP/1.1" 200 169830
191.156.59.172 - - [25/Sep/2023:15:41:50 -0500] "POST /sipse/faces/presentacion/financiero/solicitudProceso/consultar.xhtml HTTP/1.1" 200 37137
191.156.59.172 - - [25/Sep/2023:15:41:51 -0500] "POST /sipse/faces/presentacion/financiero/solicitudProceso/consultar.xhtml HTTP/1.1" 200 37137
191.156.59.172 - - [25/Sep/2023:15:41:54 -0500] "POST /sipse/faces/presentacion/financiero/solicitudProceso/consultar.xhtml HTTP/1.1" 200 12759
172.22.2.4 - - [25/Sep/2023:15:41:56 -0500] "GET /BLA/boletinlegal/actos.php HTTP/1.1" 200 9682
201.245.192.253 - - [25/Sep/2023:15:41:53 -0500] "POST /sipse/faces/presentacion/financiero/solicitudProceso/consultarSolicitudProceso.xhtml HTTP/1.1" 200 41016
201.245.192.253 - - [25/Sep/2023:15:41:56 -0500] "GET /sipse/faces/javax.faces.resource/jquery/jquery.js?ln=primefaces&v=4.0 HTTP/1.1" 304 -
201.245.192.253 - - [25/Sep/2023:15:41:56 -0500] "GET /sipse/faces/javax.faces.resource/jquery/jquery-plugins.js?ln=primefaces&v=4.0 HTTP/1.1" 304 -
201.245.192.253 - - [25/Sep/2023:15:41:56 -0500] "GET /sipse/faces/javax.faces.resource/primefaces.js?ln=primefaces&v=4.0 HTTP/1.1" 304 -
201.245.192.253 - - [25/Sep/2023:15:41:56 -0500] "GET /sipse/faces/javax.faces.resource/layout/layout.js?ln=primefaces&v=4.0 HTTP/1.1" 304 -
172.22.2.4 - - [25/Sep/2023:15:41:56 -0500] "GET /BLA/boletinlegal/favicon.ico HTTP/1.1" 404 1326
201.245.192.253 - - [25/Sep/2023:15:41:56 -0500] "POST /sipse/faces/presentacion/financiero/solicitudProceso/listarSolicitudProceso.xhtml HTTP/1.1" 200 1444
201.245.192.253 - - [25/Sep/2023:15:41:56 -0500] "POST /sipse/faces/presentacion/financiero/solicitudProceso/listarSolicitudProceso.xhtml HTTP/1.1" 200 1444
201.245.192.253 - - [25/Sep/2023:15:41:57 -0500] "GET /BLA/resoluciones/ HTTP/1.1" 200 13696
201.245.192.253 - - [25/Sep/2023:15:41:57 -0500] "GET /favicon.ico HTTP/1.1" 200 7782
201.245.192.253 - - [25/Sep/2023:15:41:57 -0500] "POST /sipse/faces/presentacion/financiero/solicitudProceso/listarSolicitudProceso.xhtml HTTP/1.1" 200 7596
201.245.192.253 - - [25/Sep/2023:15:41:58 -0500] "POST /sipse/faces/presentacion/financiero/solicitudProceso/listarSolicitudProceso.xhtml HTTP/1.1" 200 19245
201.245.192.253 - - [25/Sep/2023:15:41:58 -0500] "POST /sipse/faces/presentacion/financiero/solicitudProceso/listarSolicitudProceso.xhtml HTTP/1.1" 200 7592
201.245.192.253 - - [25/Sep/2023:15:41:59 -0500] "POST /sipse/faces/presentacion/financiero/solicitudProceso/listarSolicitudProceso.xhtml HTTP/1.1" 200 19245
191.156.59.172 - - [25/Sep/2023:15:41:59 -0500] "POST /sipse/faces/presentacion/financiero/solicitudProceso/consultar.xhtml HTTP/1.1" 200 119308
191.156.59.172 - - [25/Sep/2023:15:42:02 -0500] "GET /sipse/faces/javax.faces.resource/theme.css?ln=primefaces-sipse HTTP/1.1" 304 -
191.156.61.117 - - [25/Sep/2023:15:42:02 -0500] "GET /sipse/faces/javax.faces.resource/jquery/jquery.js?ln=primefaces&v=4.0 HTTP/1.1" 304 -
191.156.59.172 - - [25/Sep/2023:15:42:02 -0500] "GET /sipse/faces/javax.faces.resource/layout/layout.css?ln=primefaces&v=4.0 HTTP/1.1" 304 -
191.156.59.172 - - [25/Sep/2023:15:42:02 -0500] "GET /sipse/faces/javax.faces.resource/primefaces.css?ln=primefaces&v=4.0 HTTP/1.1" 304 -
191.156.59.172 - - [25/Sep/2023:15:42:02 -0500] "GET /sipse/faces/javax.faces.resource/jquery/jquery-plugins.js?ln=primefaces&v=4.0 HTTP/1.1" 304 -
191.156.59.172 - - [25/Sep/2023:15:42:03 -0500] "GET /sipse/faces/javax.faces.resource/primefaces.js?ln=primefaces&v=4.0 HTTP/1.1" 304 -
191.156.59.172 - - [25/Sep/2023:15:42:03 -0500] "GET /sipse/faces/javax.faces.resource/layout/layout.js?ln=primefaces&v=4.0 HTTP/1.1" 304 -
182.42.111.156 - - [25/Sep/2023:15:42:05 -0500] "GET /portaldeninos/ HTTP/1.1" 200 110179
172.22.2.4 - - [25/Sep/2023:15:42:08 -0500] "GET /BLA/boletinlegal/consulta_actos.php?tipo=resoluciones&no=&usuario=&sector=&fecha=2023&resuelve=FUERZA HTTP/1.1" 200 7845
172.22.2.4 - - [25/Sep/2023:15:42:09 -0500] "GET /BLA/boletinlegal/images/background.gif HTTP/1.1" 200 -
172.22.2.4 - - [25/Sep/2023:15:42:09 -0500] "GET /BLA/boletinlegal/images/pdf.gif HTTP/1.1" 200 567
201.245.192.253 - - [25/Sep/2023:15:42:06 -0500] "POST /sipse/faces/presentacion/financiero/solicitudProceso/listarSolicitudProceso.xhtml HTTP/1.1" 200 110452
201.245.192.253 - - [25/Sep/2023:15:42:10 -0500] "GET /sipse/faces/javax.faces.resource/primefaces.css?ln=primefaces&v=4.0 HTTP/1.1" 304 -
201.245.192.253 - - [25/Sep/2023:15:42:10 -0500] "GET /sipse/faces/javax.faces.resource/theme.css?ln=primefaces-sipse HTTP/1.1" 304 -
201.245.192.253 - - [25/Sep/2023:15:42:10 -0500] "GET /sipse/faces/javax.faces.resource/layout/layout.css?ln=primefaces&v=4.0 HTTP/1.1" 304 -
201.245.192.253 - - [25/Sep/2023:15:42:10 -0500] "GET /sipse/faces/javax.faces.resource/jquery/jquery.js?ln=primefaces&v=4.0 HTTP/1.1" 304 -
201.245.192.253 - - [25/Sep/2023:15:42:11 -0500] "GET /sipse/faces/javax.faces.resource/jquery/jquery-plugins.js?ln=primefaces&v=4.0 HTTP/1.1" 304 -
201.245.192.253 - - [25/Sep/2023:15:42:11 -0500] "GET /sipse/faces/javax.faces.resource/primefaces.js?ln=primefaces&v=4.0 HTTP/1.1" 304 -
201.245.192.253 - - [25/Sep/2023:15:42:11 -0500] "GET /sipse/faces/javax.faces.resource/layout/layout.js?ln=primefaces&v=4.0 HTTP/1.1" 304 -
201.245.192.253 - - [25/Sep/2023:15:42:17 -0500] "GET /BLA/resoluciones/RESOLUCIONES%202023/0926.pdf HTTP/1.1" 200 414525
201.245.192.253 - - [25/Sep/2023:15:42:17 -0500] "POST /sipse/faces/presentacion/financiero/solicitudProceso/consultarSolicitudProceso.xhtml HTTP/1.1" 200 221065
201.245.192.253 - - [25/Sep/2023:15:42:31 -0500] "POST /forms/lservlet;jsessionid=ac16012b30d61562d539941a44668f2cd49f1ad5d4d4.e3iSbxaKaheRe34Pbx8Nc3aQci1ynknvrkLOlQzNp65In0 HTTP/1.1" 200 2
216.244.66.195 - - [25/Sep/2023:15:42:38 -0500] "GET /BLA/resoluciones/AUTOS%202022/5169.pdf HTTP/1.1" 200 384304
201.245.192.253 - - [25/Sep/2023:15:42:39 -0500] "POST /forms/lservlet;jsessionid=ac16012b30d69850561372564dc38470a8e809d22a7b.e3iSbxaKaheRe34Pbx8Nc3aQci1ynknvrkLOlQzNp65In0 HTTP/1.1" 200 2
172.22.2.4 - - [25/Sep/2023:15:42:54 -0500] "GET /BLA/boletinlegal/jurisprudencia/analisis/CUADRO%20SENTENCIA%20T-299%20DE%202008.doc HTTP/1.1" 200 40960
216.244.66.195 - - [25/Sep/2023:15:43:27 -0500] "GET /BLA/resoluciones/AUTOS%202023/0172.pdf HTTP/1.1" 200 417374
172.22.2.4 - - [25/Sep/2023:15:41:56 -0500] "HEAD /BLA/boletinlegal/ HTTP/1.1" 200 -
172.22.2.4 - - [25/Sep/2023:15:43:39 -0500] "GET /BLA/boletinlegal/jurisprudencia/analisis/AnalisisT-606-15.docx HTTP/1.1" 200 26698
216.244.66.195 - - [25/Sep/2023:15:44:18 -0500] "GET /BLA/resoluciones/AUTOS%202023/0189.pdf HTTP/1.1" 200 1863694
186.84.90.191 - - [25/Sep/2023:15:44:27 -0500] "GET /jornada-de-avistamiento-de-aves-en-el-parque-el-virrey-uno-de-los-conectores-ecosistemicos.html HTTP/1.1" 200 938
172.22.2.4 - - [25/Sep/2023:15:42:47 -0500] "GET /BLA/boletinlegal/ HTTP/1.1" 200 58981
201.245.192.253 - - [25/Sep/2023:15:44:31 -0500] "POST /forms/lservlet;jsessionid=ac16012b30d61562d539941a44668f2cd49f1ad5d4d4.e3iSbxaKaheRe34Pbx8Nc3aQci1ynknvrkLOlQzNp65In0 HTTP/1.1" 200 2
201.245.192.253 - - [25/Sep/2023:15:44:36 -0500] "GET /sipse/faces/javax.faces.resource/images/ui-bg_flat_0_2d5972_40x100.png?ln=primefaces-aristo HTTP/1.1" 304 -
201.245.192.253 - - [25/Sep/2023:15:44:36 -0500] "POST /sipse/faces/presentacion/financiero/solicitudProceso/consultarSolicitudProceso.xhtml HTTP/1.1" 200 36527
201.245.192.253 - - [25/Sep/2023:15:44:37 -0500] "GET /sipse/faces/javax.faces.resource/primefaces.css?ln=primefaces&v=4.0 HTTP/1.1" 304 -
201.245.192.253 - - [25/Sep/2023:15:44:37 -0500] "GET /sipse/faces/javax.faces.resource/theme.css?ln=primefaces-sipse HTTP/1.1" 304 -
201.245.192.253 - - [25/Sep/2023:15:44:37 -0500] "GET /sipse/faces/javax.faces.resource/layout/layout.css?ln=primefaces&v=4.0 HTTP/1.1" 304 -
201.245.192.253 - - [25/Sep/2023:15:44:37 -0500] "GET /sipse/faces/javax.faces.resource/jquery/jquery.js?ln=primefaces&v=4.0 HTTP/1.1" 304 -
201.245.192.253 - - [25/Sep/2023:15:44:37 -0500] "GET /sipse/faces/javax.faces.resource/jquery/jquery-plugins.js?ln=primefaces&v=4.0 HTTP/1.1" 304 -
201.245.192.253 - - [25/Sep/2023:15:44:37 -0500] "GET /sipse/faces/javax.faces.resource/primefaces.js?ln=primefaces&v=4.0 HTTP/1.1" 304 -
201.245.192.253 - - [25/Sep/2023:15:44:37 -0500] "GET /sipse/faces/javax.faces.resource/layout/layout.js?ln=primefaces&v=4.0 HTTP/1.1" 304 -
201.245.192.253 - - [25/Sep/2023:15:44:37 -0500] "POST /sipse/faces/presentacion/financiero/solicitudProceso/listarSolicitudProceso.xhtml HTTP/1.1" 200 29870
201.245.192.253 - - [25/Sep/2023:15:44:38 -0500] "POST /sipse/faces/presentacion/financiero/solicitudProceso/listarSolicitudProceso.xhtml HTTP/1.1" 200 29870
201.245.192.253 - - [25/Sep/2023:15:44:39 -0500] "POST /forms/lservlet;jsessionid=ac16012b30d69850561372564dc38470a8e809d22a7b.e3iSbxaKaheRe34Pbx8Nc3aQci1ynknvrkLOlQzNp65In0 HTTP/1.1" 200 2
201.245.192.253 - - [25/Sep/2023:15:44:38 -0500] "POST /sipse/faces/presentacion/financiero/solicitudProceso/listarSolicitudProceso.xhtml HTTP/1.1" 200 1404
201.245.192.253 - - [25/Sep/2023:15:44:39 -0500] "POST /sipse/faces/presentacion/financiero/solicitudProceso/listarSolicitudProceso.xhtml HTTP/1.1" 200 1384
201.245.192.253 - - [25/Sep/2023:15:44:39 -0500] "POST /sipse/faces/presentacion/financiero/solicitudProceso/listarSolicitudProceso.xhtml HTTP/1.1" 200 1404
201.245.192.253 - - [25/Sep/2023:15:44:41 -0500] "POST /sipse/faces/presentacion/financiero/solicitudProceso/listarSolicitudProceso.xhtml HTTP/1.1" 200 16293
201.245.192.253 - - [25/Sep/2023:15:44:42 -0500] "POST /sipse/faces/presentacion/financiero/solicitudProceso/listarSolicitudProceso.xhtml HTTP/1.1" 200 154359
201.245.192.253 - - [25/Sep/2023:15:44:44 -0500] "GET /sipse/faces/javax.faces.resource/primefaces.css?ln=primefaces&v=4.0 HTTP/1.1" 304 -
201.245.192.253 - - [25/Sep/2023:15:44:44 -0500] "GET /sipse/faces/javax.faces.resource/layout/layout.css?ln=primefaces&v=4.0 HTTP/1.1" 304 -
201.245.192.253 - - [25/Sep/2023:15:44:44 -0500] "GET /sipse/faces/javax.faces.resource/theme.css?ln=primefaces-sipse HTTP/1.1" 304 -
201.245.192.253 - - [25/Sep/2023:15:44:44 -0500] "GET /sipse/faces/javax.faces.resource/jquery/jquery.js?ln=primefaces&v=4.0 HTTP/1.1" 304 -
201.245.192.253 - - [25/Sep/2023:15:44:44 -0500] "GET /sipse/faces/javax.faces.resource/jquery/jquery-plugins.js?ln=primefaces&v=4.0 HTTP/1.1" 304 -
201.245.192.253 - - [25/Sep/2023:15:44:44 -0500] "GET /sipse/faces/javax.faces.resource/primefaces.js?ln=primefaces&v=4.0 HTTP/1.1" 304 -
201.245.192.253 - - [25/Sep/2023:15:44:44 -0500] "GET /sipse/faces/javax.faces.resource/layout/layout.js?ln=primefaces&v=4.0 HTTP/1.1" 304 -
201.245.192.253 - - [25/Sep/2023:15:44:56 -0500] "POST /sipse/faces/presentacion/financiero/solicitudProceso/consultarSolicitudProceso.xhtml HTTP/1.1" 200 85062
216.244.66.195 - - [25/Sep/2023:15:45:08 -0500] "GET /BLA/resoluciones/AUTOS%202023/0328.pdf HTTP/1.1" 200 405725
173.252.95.14 - - [25/Sep/2023:15:45:40 -0500] "GET /prevenir-incendios-forestales-en-la-primera-temporada-de-menos-lluvias-del-ano-es-responsabilidad-de-todos.html HTTP/1.1" 200 1006
186.31.152.27 - - [25/Sep/2023:15:45:46 -0500] "GET /jornada-de-avistamiento-de-aves-en-el-parque-el-virrey-uno-de-los-conectores-ecosistemicos.html HTTP/1.1" 206 938
216.244.66.195 - - [25/Sep/2023:15:45:51 -0500] "GET /BLA/resoluciones/AUTOS%202023/0898.pdf HTTP/1.1" 200 2371946
216.245.221.92 - - [25/Sep/2023:15:45:52 -0500] "HEAD / HTTP/1.1" 200 -
201.245.192.253 - - [25/Sep/2023:15:46:16 -0500] "POST /kwsrmcab/Wsrmcab  HTTP/1.1" 200 43477
201.245.192.253 - - [25/Sep/2023:15:46:31 -0500] "POST /forms/lservlet;jsessionid=ac16012b30d61562d539941a44668f2cd49f1ad5d4d4.e3iSbxaKaheRe34Pbx8Nc3aQci1ynknvrkLOlQzNp65In0 HTTP/1.1" 200 2
190.24.138.99 - - [25/Sep/2023:15:46:37 -0500] "GET /jornada-de-avistamiento-de-aves-en-el-parque-el-virrey-uno-de-los-conectores-ecosistemicos.html HTTP/1.1" 200 938
201.245.192.253 - - [25/Sep/2023:15:46:39 -0500] "POST /forms/lservlet;jsessionid=ac16012b30d69850561372564dc38470a8e809d22a7b.e3iSbxaKaheRe34Pbx8Nc3aQci1ynknvrkLOlQzNp65In0 HTTP/1.1" 200 2
216.244.66.195 - - [25/Sep/2023:15:46:41 -0500] "GET /BLA/resoluciones/AUTOS%202023/1259.pdf HTTP/1.1" 200 428308
66.249.70.198 - - [25/Sep/2023:15:46:43 -0500] "GET /Publicaciones/2022EE233043.pdf HTTP/1.1" 404 228
201.245.192.253 - - [25/Sep/2023:15:47:22 -0500] "GET /BLA/resoluciones/RESOLUCIONES%202023/0910.pdf HTTP/1.1" 200 413677
216.244.66.195 - - [25/Sep/2023:15:47:23 -0500] "GET /BLA/resoluciones/AUTOS%202023/1420.pdf HTTP/1.1" 200 470193
201.245.192.253 - - [25/Sep/2023:15:47:31 -0500] "GET /BLA/resoluciones/RESOLUCIONES%202023/0904.pdf HTTP/1.1" 200 448649
216.244.66.195 - - [25/Sep/2023:15:48:06 -0500] "GET /BLA/resoluciones/AUTOS%202023/1742.pdf HTTP/1.1" 200 422342
186.28.68.64 - - [25/Sep/2023:15:48:13 -0500] "GET /BLA/resoluciones/RESOLUCIONES%202021/1178.pdf HTTP/1.1" 200 631256
172.22.2.4 - - [25/Sep/2023:15:48:22 -0500] "GET /BLA/boletinlegal/actos.php HTTP/1.1" 200 9682
172.22.2.4 - - [25/Sep/2023:15:48:22 -0500] "GET /BLA/boletinlegal/favicon.ico HTTP/1.1" 404 1326
181.61.204.215 - - [25/Sep/2023:15:48:25 -0500] "GET /BLA/resoluciones/ HTTP/1.1" 200 13696
181.61.204.215 - - [25/Sep/2023:15:48:27 -0500] "GET /BLA/resoluciones/dlf/unknown.png HTTP/1.1" 200 266
181.61.204.215 - - [25/Sep/2023:15:48:26 -0500] "GET /BLA/resoluciones/index.php?dir=AUTOS+2021%2F HTTP/1.1" 200 398544
201.245.192.253 - - [25/Sep/2023:15:48:31 -0500] "POST /forms/lservlet;jsessionid=ac16012b30d61562d539941a44668f2cd49f1ad5d4d4.e3iSbxaKaheRe34Pbx8Nc3aQci1ynknvrkLOlQzNp65In0 HTTP/1.1" 200 2
186.102.71.110 - - [25/Sep/2023:15:48:38 -0500] "GET /participa-en-la-convocatoria-para-el-aseguramiento-metrologico-de-la-red-de-monitoreo-de-calidad-del-aire-de-bogota.html HTTP/1.1" 200 848
201.245.192.253 - - [25/Sep/2023:15:48:39 -0500] "POST /forms/lservlet;jsessionid=ac16012b30d69850561372564dc38470a8e809d22a7b.e3iSbxaKaheRe34Pbx8Nc3aQci1ynknvrkLOlQzNp65In0 HTTP/1.1" 200 2
216.244.66.195 - - [25/Sep/2023:15:48:45 -0500] "GET /BLA/resoluciones/AUTOS%202023/1965.pdf HTTP/1.1" 200 466199
181.61.204.215 - - [25/Sep/2023:15:48:55 -0500] "GET /BLA/resoluciones/index.php?dir=AUTOS+2020%2F HTTP/1.1" 200 331709
216.244.66.195 - - [25/Sep/2023:15:49:20 -0500] "GET /BLA/resoluciones/AUTOS%202023/2000.pdf HTTP/1.1" 200 519498
172.22.2.4 - - [25/Sep/2023:15:47:46 -0500] "HEAD /BLA/boletinlegal/ HTTP/1.1" 200 -
186.28.68.64 - - [25/Sep/2023:15:49:47 -0500] "GET /BLA/resoluciones/RESOLUCIONES%202021/0797.pdf HTTP/1.1" 200 582536
216.244.66.195 - - [25/Sep/2023:15:49:50 -0500] "GET /BLA/resoluciones/AUTOS%202023/2284.pdf HTTP/1.1" 200 2148059
186.102.27.105 - - [25/Sep/2023:15:50:10 -0500] "-" 408 -
186.102.27.105 - - [25/Sep/2023:15:50:10 -0500] "-" 408 -
172.22.2.4 - - [25/Sep/2023:15:48:37 -0500] "GET /BLA/boletinlegal/ HTTP/1.1" 200 58597
201.245.192.253 - - [25/Sep/2023:15:50:31 -0500] "POST /forms/lservlet;jsessionid=ac16012b30d61562d539941a44668f2cd49f1ad5d4d4.e3iSbxaKaheRe34Pbx8Nc3aQci1ynknvrkLOlQzNp65In0 HTTP/1.1" 200 2
216.244.66.195 - - [25/Sep/2023:15:50:34 -0500] "GET /BLA/resoluciones/AUTOS%202023/2623.pdf HTTP/1.1" 200 445338
201.245.192.253 - - [25/Sep/2023:15:50:39 -0500] "POST /forms/lservlet;jsessionid=ac16012b30d69850561372564dc38470a8e809d22a7b.e3iSbxaKaheRe34Pbx8Nc3aQci1ynknvrkLOlQzNp65In0 HTTP/1.1" 200 2
216.245.221.92 - - [25/Sep/2023:15:50:52 -0500] "HEAD / HTTP/1.1" 200 -
216.244.66.195 - - [25/Sep/2023:15:51:05 -0500] "GET /BLA/resoluciones/AUTOS%202023/2722.pdf HTTP/1.1" 200 417617
201.245.192.253 - - [25/Sep/2023:15:51:15 -0500] "POST /kwsrmcab/Wsrmcab  HTTP/1.1" 200 43477
201.245.192.253 - - [25/Sep/2023:15:51:21 -0500] "POST /sipse/faces/presentacion/financiero/solicitudProceso/solicitudProcesoOtrosPagos.xhtml HTTP/1.1" 200 36351
201.245.192.253 - - [25/Sep/2023:15:51:21 -0500] "GET /sipse/faces/javax.faces.resource/theme.css?ln=primefaces-sipse HTTP/1.1" 304 -
201.245.192.253 - - [25/Sep/2023:15:51:21 -0500] "GET /sipse/faces/javax.faces.resource/primefaces.css?ln=primefaces&v=4.0 HTTP/1.1" 304 -
201.245.192.253 - - [25/Sep/2023:15:51:21 -0500] "GET /sipse/faces/javax.faces.resource/layout/layout.css?ln=primefaces&v=4.0 HTTP/1.1" 304 -
201.245.192.253 - - [25/Sep/2023:15:51:21 -0500] "GET /sipse/faces/javax.faces.resource/jquery/jquery.js?ln=primefaces&v=4.0 HTTP/1.1" 304 -
201.245.192.253 - - [25/Sep/2023:15:51:22 -0500] "GET /sipse/faces/javax.faces.resource/jquery/jquery-plugins.js?ln=primefaces&v=4.0 HTTP/1.1" 304 -
201.245.192.253 - - [25/Sep/2023:15:51:22 -0500] "GET /sipse/css/imagen/contrasena.png HTTP/1.1" 404 383
201.245.192.253 - - [25/Sep/2023:15:51:22 -0500] "GET /sipse/faces/javax.faces.resource/primefaces.js?ln=primefaces&v=4.0 HTTP/1.1" 304 -
201.245.192.253 - - [25/Sep/2023:15:51:22 -0500] "GET /sipse/faces/javax.faces.resource/layout/layout.js?ln=primefaces&v=4.0 HTTP/1.1" 304 -
201.245.192.253 - - [25/Sep/2023:15:51:22 -0500] "GET /sipse/faces/javax.faces.resource/images/ui-icons_898989_256x240.png?ln=primefaces-aristo HTTP/1.1" 304 -
201.245.192.253 - - [25/Sep/2023:15:51:22 -0500] "GET /sipse/faces/javax.faces.resource/images/ui-bg_flat_0_2d5972_40x100.png?ln=primefaces-aristo HTTP/1.1" 304 -
201.245.192.253 - - [25/Sep/2023:15:51:22 -0500] "POST /sipse/faces/presentacion/financiero/solicitudProceso/listarSolicitudProceso.xhtml HTTP/1.1" 200 1404
201.245.192.253 - - [25/Sep/2023:15:51:24 -0500] "POST /sipse/faces/presentacion/financiero/solicitudProceso/listarSolicitudProceso.xhtml HTTP/1.1" 200 184
201.245.192.253 - - [25/Sep/2023:15:51:24 -0500] "POST /sipse/faces/presentacion/financiero/solicitudProceso/listarSolicitudProceso.xhtml HTTP/1.1" 200 184
201.245.192.253 - - [25/Sep/2023:15:51:24 -0500] "GET /sipse/faces/presentacion/financiero/solicitudAnulacion/solicitudAnulacion.xhtml HTTP/1.1" 200 35948
201.245.192.253 - - [25/Sep/2023:15:51:24 -0500] "GET /sipse/faces/javax.faces.resource/layout/layout.css?ln=primefaces&v=4.0 HTTP/1.1" 304 -
201.245.192.253 - - [25/Sep/2023:15:51:24 -0500] "GET /sipse/faces/javax.faces.resource/theme.css?ln=primefaces-sipse HTTP/1.1" 304 -
201.245.192.253 - - [25/Sep/2023:15:51:24 -0500] "GET /sipse/faces/javax.faces.resource/primefaces.css?ln=primefaces&v=4.0 HTTP/1.1" 304 -
201.245.192.253 - - [25/Sep/2023:15:51:24 -0500] "GET /sipse/faces/javax.faces.resource/primefaces.js?ln=primefaces&v=4.0 HTTP/1.1" 304 -
201.245.192.253 - - [25/Sep/2023:15:51:24 -0500] "GET /sipse/faces/javax.faces.resource/jquery/jquery.js?ln=primefaces&v=4.0 HTTP/1.1" 304 -
201.245.192.253 - - [25/Sep/2023:15:51:24 -0500] "GET /sipse/faces/javax.faces.resource/layout/layout.js?ln=primefaces&v=4.0 HTTP/1.1" 304 -
201.245.192.253 - - [25/Sep/2023:15:51:24 -0500] "GET /sipse/faces/javax.faces.resource/jquery/jquery-plugins.js?ln=primefaces&v=4.0 HTTP/1.1" 304 -
201.245.192.253 - - [25/Sep/2023:15:51:24 -0500] "GET /sipse/css/imagen/contrasena.png HTTP/1.1" 404 383
201.245.192.253 - - [25/Sep/2023:15:51:24 -0500] "GET /sipse/faces/javax.faces.resource/images/ui-icons_898989_256x240.png?ln=primefaces-aristo HTTP/1.1" 304 -
201.245.192.253 - - [25/Sep/2023:15:51:24 -0500] "GET /sipse/faces/javax.faces.resource/images/ui-bg_flat_0_2d5972_40x100.png?ln=primefaces-aristo HTTP/1.1" 304 -
201.245.192.253 - - [25/Sep/2023:15:51:24 -0500] "POST /sipse/faces/presentacion/financiero/solicitudAnulacion/solicitudAnulacion.xhtml HTTP/1.1" 200 14777
201.245.192.253 - - [25/Sep/2023:15:51:27 -0500] "POST /sipse/faces/presentacion/financiero/solicitudAnulacion/solicitudAnulacion.xhtml HTTP/1.1" 200 57575
201.245.192.253 - - [25/Sep/2023:15:51:27 -0500] "GET /sipse/faces/javax.faces.resource/theme.css?ln=primefaces-sipse HTTP/1.1" 304 -
201.245.192.253 - - [25/Sep/2023:15:51:27 -0500] "GET /sipse/faces/javax.faces.resource/primefaces.css?ln=primefaces&v=4.0 HTTP/1.1" 304 -
201.245.192.253 - - [25/Sep/2023:15:51:27 -0500] "GET /sipse/faces/javax.faces.resource/layout/layout.css?ln=primefaces&v=4.0 HTTP/1.1" 304 -
201.245.192.253 - - [25/Sep/2023:15:51:27 -0500] "GET /sipse/faces/javax.faces.resource/fileupload/fileupload.css?ln=primefaces&v=4.0 HTTP/1.1" 304 -
201.245.192.253 - - [25/Sep/2023:15:51:27 -0500] "GET /sipse/faces/javax.faces.resource/jquery/jquery.js?ln=primefaces&v=4.0 HTTP/1.1" 304 -
201.245.192.253 - - [25/Sep/2023:15:51:28 -0500] "GET /sipse/faces/javax.faces.resource/jquery/jquery-plugins.js?ln=primefaces&v=4.0 HTTP/1.1" 304 -
201.245.192.253 - - [25/Sep/2023:15:51:28 -0500] "GET /sipse/faces/javax.faces.resource/primefaces.js?ln=primefaces&v=4.0 HTTP/1.1" 304 -
201.245.192.253 - - [25/Sep/2023:15:51:28 -0500] "GET /sipse/faces/javax.faces.resource/layout/layout.js?ln=primefaces&v=4.0 HTTP/1.1" 304 -
201.245.192.253 - - [25/Sep/2023:15:51:28 -0500] "GET /sipse/faces/javax.faces.resource/fileupload/fileupload.js?ln=primefaces&v=4.0 HTTP/1.1" 304 -
216.244.66.195 - - [25/Sep/2023:15:51:34 -0500] "GET /BLA/resoluciones/AUTOS%202023/2866.pdf HTTP/1.1" 200 1306319
216.244.66.195 - - [25/Sep/2023:15:52:04 -0500] "GET /BLA/resoluciones/AUTOS%202023/3032.pdf HTTP/1.1" 200 387787
216.244.66.195 - - [25/Sep/2023:15:52:31 -0500] "GET /BLA/resoluciones/AUTOS%202023/3191.pdf HTTP/1.1" 200 440492
201.245.192.253 - - [25/Sep/2023:15:52:31 -0500] "POST /forms/lservlet;jsessionid=ac16012b30d61562d539941a44668f2cd49f1ad5d4d4.e3iSbxaKaheRe34Pbx8Nc3aQci1ynknvrkLOlQzNp65In0 HTTP/1.1" 200 2
201.245.192.253 - - [25/Sep/2023:15:52:39 -0500] "POST /forms/lservlet;jsessionid=ac16012b30d69850561372564dc38470a8e809d22a7b.e3iSbxaKaheRe34Pbx8Nc3aQci1ynknvrkLOlQzNp65In0 HTTP/1.1" 200 2
216.244.66.195 - - [25/Sep/2023:15:52:57 -0500] "GET /BLA/resoluciones/AUTOS%202023/3281.pdf HTTP/1.1" 200 389938
216.244.66.195 - - [25/Sep/2023:15:53:23 -0500] "GET /BLA/resoluciones/AUTOS%202023/3306.pdf HTTP/1.1" 200 839604
172.22.2.4 - - [25/Sep/2023:15:53:33 -0500] "GET /BLA/boletinlegal/consulta_actos.php?tipo=resoluciones&no=&usuario=&sector=&fecha=2022&resuelve=FUERZA HTTP/1.1" 200 283847
201.245.192.253 - - [25/Sep/2023:15:53:42 -0500] "GET /BLA/resoluciones/RESOLUCIONES%202022/5360.pdf HTTP/1.1" 200 341471
216.244.66.195 - - [25/Sep/2023:15:53:48 -0500] "GET /BLA/resoluciones/AUTOS%202023/3406.pdf HTTP/1.1" 200 2533309
181.237.31.95 - - [25/Sep/2023:15:53:50 -0500] "GET /participa-en-la-convocatoria-para-el-aseguramiento-metrologico-de-la-red-de-monitoreo-de-calidad-del-aire-de-bogota.html HTTP/1.1" 200 848
