199.16.157.180 - - [01/Oct/2023:07:13:45 -0500] "GET /monica-fonnegra-una-disenadora-que-inspira-amor-por-la-naturaleza-a-traves-de-la-moda.html HTTP/1.1" 200 976
69.63.189.119 - - [01/Oct/2023:07:13:47 -0500] "GET /images/Zuque%20(1)%20(1).jpeg HTTP/1.1" 200 66921
69.63.189.116 - - [01/Oct/2023:07:13:54 -0500] "GET /images/pieza-voluntariado-ambiental.jpeg HTTP/1.1" 200 51125
216.244.66.195 - - [01/Oct/2023:07:14:12 -0500] "GET /BLA/resoluciones/RESOLUCIONES%202023/1065.pdf HTTP/1.1" 200 6476670
216.244.66.195 - - [01/Oct/2023:07:15:02 -0500] "GET /BLA/resoluciones/RESOLUCIONES%202019/3947.pdf HTTP/1.1" 200 268011
201.245.192.253 - - [01/Oct/2023:07:15:10 -0500] "POST /kwsrmcab/Wsrmcab  HTTP/1.1" 200 213
52.167.144.168 - - [01/Oct/2023:07:15:26 -0500] "GET /BLA/resoluciones/RESOLUCIONES%202021/5302.pdf HTTP/1.1" 200 382760
216.244.66.195 - - [01/Oct/2023:07:15:32 -0500] "GET /BLA/resoluciones/RESOLUCIONES%202001/RESOLUCION%20408%20DE%202001.pdf HTTP/1.1" 200 76854
216.244.66.195 - - [01/Oct/2023:07:16:03 -0500] "GET /BLA/resoluciones/RESOLUCIONES%202001/RESOLUCION%20628%20DE%202001.pdf HTTP/1.1" 200 150924
216.244.66.195 - - [01/Oct/2023:07:16:34 -0500] "GET /BLA/resoluciones/AUTOS%202007/0094.pdf HTTP/1.1" 200 46980
216.245.221.92 - - [01/Oct/2023:07:16:36 -0500] "HEAD / HTTP/1.1" 200 -
216.244.66.195 - - [01/Oct/2023:07:17:01 -0500] "GET /BLA/resoluciones/AUTOS%202007/0370.pdf HTTP/1.1" 200 111775
216.244.66.195 - - [01/Oct/2023:07:17:27 -0500] "GET /BLA/resoluciones/AUTOS%202007/0427.pdf HTTP/1.1" 200 52750
216.244.66.195 - - [01/Oct/2023:07:17:52 -0500] "GET /BLA/resoluciones/AUTOS%202007/0450.pdf HTTP/1.1" 200 37539
201.245.192.253 - - [01/Oct/2023:07:18:00 -0500] "POST /kwsrmcab/Wsrmcab HTTP/1.1" 200 43218
201.245.192.253 - - [01/Oct/2023:07:18:03 -0500] "POST /kwsrmcab/Wsrmcab HTTP/1.1" 200 43043
207.46.13.86 - - [01/Oct/2023:07:18:11 -0500] "GET /BLA/resoluciones/RESOLUCIONES%202021/2881.pdf HTTP/1.1" 200 344010
216.244.66.195 - - [01/Oct/2023:07:18:16 -0500] "GET /BLA/resoluciones/AUTOS%202007/0577.pdf HTTP/1.1" 200 183128
172.22.2.4 - - [01/Oct/2023:07:16:49 -0500] "HEAD /BLA/boletinlegal/ HTTP/1.1" 200 -
216.244.66.195 - - [01/Oct/2023:07:18:39 -0500] "GET /BLA/resoluciones/AUTOS%202007/0599.pdf HTTP/1.1" 200 61265
216.244.66.195 - - [01/Oct/2023:07:19:01 -0500] "GET /BLA/resoluciones/AUTOS%202007/0650.pdf HTTP/1.1" 200 67208
172.22.2.4 - - [01/Oct/2023:07:17:39 -0500] "GET /BLA/boletinlegal/ HTTP/1.1" 200 60692
216.244.66.195 - - [01/Oct/2023:07:19:22 -0500] "GET /BLA/resoluciones/AUTOS%202007/0663.pdf HTTP/1.1" 200 70378
216.244.66.195 - - [01/Oct/2023:07:19:42 -0500] "GET /BLA/resoluciones/AUTOS%202007/0734.pdf HTTP/1.1" 200 71504
216.244.66.195 - - [01/Oct/2023:07:20:01 -0500] "GET /BLA/resoluciones/AUTOS%202007/0758.pdf HTTP/1.1" 200 80012
140.238.147.93 - - [01/Oct/2023:07:19:46 -0500] "GET / HTTP/1.1" 200 319
140.238.147.93 - - [01/Oct/2023:07:19:49 -0500] "GET / HTTP/1.1" 200 4720
201.245.192.253 - - [01/Oct/2023:07:20:08 -0500] "POST /kwsrmcab/Wsrmcab  HTTP/1.1" 200 213
140.238.147.93 - - [01/Oct/2023:07:20:02 -0500] "GET / HTTP/1.1" 200 319
216.244.66.195 - - [01/Oct/2023:07:20:19 -0500] "GET /BLA/resoluciones/AUTOS%202007/0785.pdf HTTP/1.1" 200 249343
140.238.147.93 - - [01/Oct/2023:07:20:05 -0500] "GET /wp-includes/wlwmanifest.xml HTTP/1.1" 404 1034
140.238.147.93 - - [01/Oct/2023:07:20:18 -0500] "GET /wp-includes/wlwmanifest.xml HTTP/1.1" 404 1035
216.244.66.195 - - [01/Oct/2023:07:20:36 -0500] "GET /BLA/resoluciones/AUTOS%202007/0988.pdf HTTP/1.1" 200 28195
140.238.147.93 - - [01/Oct/2023:07:20:21 -0500] "GET /xmlrpc.php?rsd HTTP/1.1" 404 1034
140.238.147.93 - - [01/Oct/2023:07:20:33 -0500] "GET /xmlrpc.php?rsd HTTP/1.1" 404 1035
140.238.147.93 - - [01/Oct/2023:07:20:36 -0500] "GET / HTTP/1.1" 200 4720
66.249.66.19 - - [01/Oct/2023:07:21:00 -0500] "GET /BLA/resoluciones/RESOLUCIONES%202019/2301.pdf HTTP/1.1" 304 -
162.142.125.215 - - [01/Oct/2023:07:21:00 -0500] "GET / HTTP/1.1" 200 319
162.142.125.215 - - [01/Oct/2023:07:21:01 -0500] "GET / HTTP/1.1" 200 319
162.142.125.215 - - [01/Oct/2023:07:21:01 -0500] "PRI * HTTP/2.0" 400 946
162.142.125.215 - - [01/Oct/2023:07:21:01 -0500] "GET /favicon.ico HTTP/1.1" 200 7782
140.238.147.93 - - [01/Oct/2023:07:20:49 -0500] "GET / HTTP/1.1" 200 319
140.238.147.93 - - [01/Oct/2023:07:20:52 -0500] "GET /web/wp-includes/wlwmanifest.xml HTTP/1.1" 404 1034
140.238.147.93 - - [01/Oct/2023:07:21:05 -0500] "GET /blog/wp-includes/wlwmanifest.xml HTTP/1.1" 404 1035
140.238.147.93 - - [01/Oct/2023:07:21:08 -0500] "GET /wordpress/wp-includes/wlwmanifest.xml HTTP/1.1" 404 1034
140.238.147.93 - - [01/Oct/2023:07:21:21 -0500] "GET /web/wp-includes/wlwmanifest.xml HTTP/1.1" 404 1035
216.245.221.92 - - [01/Oct/2023:07:21:36 -0500] "HEAD / HTTP/1.1" 200 -
140.238.147.93 - - [01/Oct/2023:07:21:24 -0500] "GET /website/wp-includes/wlwmanifest.xml HTTP/1.1" 404 1034
140.238.147.93 - - [01/Oct/2023:07:21:36 -0500] "GET /wordpress/wp-includes/wlwmanifest.xml HTTP/1.1" 404 1035
140.238.147.93 - - [01/Oct/2023:07:21:39 -0500] "GET /wp/wp-includes/wlwmanifest.xml HTTP/1.1" 404 1034
140.238.147.93 - - [01/Oct/2023:07:21:52 -0500] "GET /website/wp-includes/wlwmanifest.xml HTTP/1.1" 404 1035
140.238.147.93 - - [01/Oct/2023:07:21:55 -0500] "GET /news/wp-includes/wlwmanifest.xml HTTP/1.1" 404 1034
140.238.147.93 - - [01/Oct/2023:07:22:08 -0500] "GET /wp/wp-includes/wlwmanifest.xml HTTP/1.1" 404 1035
140.238.147.93 - - [01/Oct/2023:07:22:11 -0500] "GET /2020/wp-includes/wlwmanifest.xml HTTP/1.1" 404 1034
17.241.75.114 - - [01/Oct/2023:07:22:30 -0500] "GET /distrito-avanza-con-la-plantacion-de-arboles-186-nuevos-individuos-fueron-sembrados-en-el-humedal-capellania.htm HTTP/1.1" 404 1034
140.238.147.93 - - [01/Oct/2023:07:22:23 -0500] "GET /news/wp-includes/wlwmanifest.xml HTTP/1.1" 404 1035
140.238.147.93 - - [01/Oct/2023:07:22:27 -0500] "GET /2019/wp-includes/wlwmanifest.xml HTTP/1.1" 404 1034
140.238.147.93 - - [01/Oct/2023:07:22:39 -0500] "GET /2020/wp-includes/wlwmanifest.xml HTTP/1.1" 404 1035
140.238.147.93 - - [01/Oct/2023:07:22:42 -0500] "GET /shop/wp-includes/wlwmanifest.xml HTTP/1.1" 404 1034
140.238.147.93 - - [01/Oct/2023:07:22:55 -0500] "GET /2019/wp-includes/wlwmanifest.xml HTTP/1.1" 404 1035
140.238.147.93 - - [01/Oct/2023:07:22:58 -0500] "GET /wp1/wp-includes/wlwmanifest.xml HTTP/1.1" 404 1034
140.238.147.93 - - [01/Oct/2023:07:23:11 -0500] "GET /shop/wp-includes/wlwmanifest.xml HTTP/1.1" 404 1035
52.167.144.222 - - [01/Oct/2023:07:23:27 -0500] "GET /BLA/resoluciones/RESOLUCIONES%202023/0913.pdf HTTP/1.1" 200 398649
140.238.147.93 - - [01/Oct/2023:07:23:14 -0500] "GET /test/wp-includes/wlwmanifest.xml HTTP/1.1" 404 1034
140.238.147.93 - - [01/Oct/2023:07:23:26 -0500] "GET /wp1/wp-includes/wlwmanifest.xml HTTP/1.1" 404 1035
140.238.147.93 - - [01/Oct/2023:07:23:30 -0500] "GET /wp2/wp-includes/wlwmanifest.xml HTTP/1.1" 404 1034
140.238.147.93 - - [01/Oct/2023:07:23:42 -0500] "GET /test/wp-includes/wlwmanifest.xml HTTP/1.1" 404 1035
140.238.147.93 - - [01/Oct/2023:07:23:45 -0500] "GET /site/wp-includes/wlwmanifest.xml HTTP/1.1" 404 1034
207.46.13.86 - - [01/Oct/2023:07:24:12 -0500] "GET /BLA/resoluciones/RESOLUCIONES%202012/1564.pdf HTTP/1.1" 200 270160
140.238.147.93 - - [01/Oct/2023:07:23:58 -0500] "GET /wp2/wp-includes/wlwmanifest.xml HTTP/1.1" 404 1035
140.238.147.93 - - [01/Oct/2023:07:24:01 -0500] "GET /cms/wp-includes/wlwmanifest.xml HTTP/1.1" 404 1034
172.22.2.4 - - [01/Oct/2023:07:22:39 -0500] "HEAD /BLA/boletinlegal/ HTTP/1.1" 200 -
140.238.147.93 - - [01/Oct/2023:07:24:14 -0500] "GET /site/wp-includes/wlwmanifest.xml HTTP/1.1" 404 1035
140.238.147.93 - - [01/Oct/2023:07:24:17 -0500] "GET /sito/wp-includes/wlwmanifest.xml HTTP/1.1" 404 1034
140.238.147.93 - - [01/Oct/2023:07:24:29 -0500] "GET /cms/wp-includes/wlwmanifest.xml HTTP/1.1" 404 1035
216.244.66.195 - - [01/Oct/2023:07:24:59 -0500] "GET /robots.txt HTTP/1.1" 404 1018
140.238.147.93 - - [01/Oct/2023:07:24:45 -0500] "GET /sito/wp-includes/wlwmanifest.xml HTTP/1.1" 404 1035
201.245.192.253 - - [01/Oct/2023:07:25:07 -0500] "POST /kwsrmcab/Wsrmcab  HTTP/1.1" 200 213
172.22.2.4 - - [01/Oct/2023:07:23:29 -0500] "GET /BLA/boletinlegal/ HTTP/1.1" 200 60692
216.245.221.92 - - [01/Oct/2023:07:26:36 -0500] "HEAD / HTTP/1.1" 200 -
157.55.39.15 - - [01/Oct/2023:07:27:32 -0500] "GET /BLA/resoluciones/RESOLUCIONES%202020/0285.pdf HTTP/1.1" 200 397813
201.245.192.253 - - [01/Oct/2023:07:28:00 -0500] "POST /kwsrmcab/Wsrmcab HTTP/1.1" 200 43218
201.245.192.253 - - [01/Oct/2023:07:28:03 -0500] "POST /kwsrmcab/Wsrmcab HTTP/1.1" 200 43043
201.245.192.253 - - [01/Oct/2023:07:30:05 -0500] "POST /kwsrmcab/Wsrmcab  HTTP/1.1" 200 213
172.22.2.4 - - [01/Oct/2023:07:28:29 -0500] "HEAD /BLA/boletinlegal/ HTTP/1.1" 200 -
172.22.2.4 - - [01/Oct/2023:07:29:19 -0500] "GET /BLA/boletinlegal/ HTTP/1.1" 200 60342
69.63.184.10 - - [01/Oct/2023:07:31:17 -0500] "GET /images/pieza-voluntariado-ambiental.jpeg HTTP/1.1" 200 51125
216.245.221.92 - - [01/Oct/2023:07:31:36 -0500] "HEAD / HTTP/1.1" 200 -
69.63.184.117 - - [01/Oct/2023:07:31:43 -0500] "GET /abierta-convocatoria-para-postular-a-organizaciones-que-desarrollan-actividades-de-voluntariado-ambiental-en-bogota.html HTTP/1.1" 200 880
66.249.66.20 - - [01/Oct/2023:07:31:54 -0500] "GET /Publicaciones/2023EE222755.pdf HTTP/1.1" 200 231948
66.249.66.19 - - [01/Oct/2023:07:33:00 -0500] "GET /BLA/resoluciones/RESOLUCIONES%202010/4771.pdf HTTP/1.1" 200 567597
172.22.2.4 - - [01/Oct/2023:07:33:04 -0500] "GET /BLA/boletinlegal/jurisprudencia/analisis/AnalisisT-606-15.docx HTTP/1.1" 304 -
201.245.192.253 - - [01/Oct/2023:07:35:04 -0500] "POST /kwsrmcab/Wsrmcab  HTTP/1.1" 200 213
216.244.66.195 - - [01/Oct/2023:07:35:38 -0500] "GET /BLA/resoluciones/RESOLUCIONES%202020/2723.pdf HTTP/1.1" 200 1184791
172.22.2.4 - - [01/Oct/2023:07:34:19 -0500] "HEAD /BLA/boletinlegal/ HTTP/1.1" 200 -
216.244.66.195 - - [01/Oct/2023:07:36:08 -0500] "GET /BLA/resoluciones/RESOLUCIONES%202021/0393.pdf HTTP/1.1" 200 626201
216.245.221.92 - - [01/Oct/2023:07:36:36 -0500] "HEAD / HTTP/1.1" 200 -
216.244.66.195 - - [01/Oct/2023:07:36:48 -0500] "GET /BLA/resoluciones/RESOLUCIONES%202021/0407.pdf HTTP/1.1" 200 422926
172.22.2.4 - - [01/Oct/2023:07:35:09 -0500] "GET /BLA/boletinlegal/ HTTP/1.1" 200 60342
216.244.66.195 - - [01/Oct/2023:07:37:35 -0500] "GET /BLA/resoluciones/RESOLUCIONES%202021/0418.pdf HTTP/1.1" 200 480091
201.245.192.253 - - [01/Oct/2023:07:38:00 -0500] "POST /kwsrmcab/Wsrmcab HTTP/1.1" 200 43218
201.245.192.253 - - [01/Oct/2023:07:38:03 -0500] "POST /kwsrmcab/Wsrmcab HTTP/1.1" 200 43043
216.244.66.195 - - [01/Oct/2023:07:38:26 -0500] "GET /BLA/resoluciones/RESOLUCIONES%202021/0505.pdf HTTP/1.1" 200 487039
216.244.66.195 - - [01/Oct/2023:07:39:16 -0500] "GET /BLA/resoluciones/RESOLUCIONES%202021/0628.pdf HTTP/1.1" 200 478468
201.245.192.253 - - [01/Oct/2023:07:40:03 -0500] "POST /kwsrmcab/Wsrmcab  HTTP/1.1" 200 213
216.244.66.195 - - [01/Oct/2023:07:40:09 -0500] "GET /BLA/resoluciones/RESOLUCIONES%202021/0667.pdf HTTP/1.1" 200 709167
186.84.20.209 - - [01/Oct/2023:07:40:41 -0500] "GET /BLA/resoluciones/index.php?dir=AUTOS+2018%2F HTTP/1.1" 200 212939
216.244.66.195 - - [01/Oct/2023:07:40:59 -0500] "GET /BLA/resoluciones/RESOLUCIONES%202021/0707.pdf HTTP/1.1" 200 336756
216.245.221.92 - - [01/Oct/2023:07:41:36 -0500] "HEAD / HTTP/1.1" 200 -
172.22.2.4 - - [01/Oct/2023:07:40:08 -0500] "HEAD /BLA/boletinlegal/ HTTP/1.1" 200 -
216.244.66.195 - - [01/Oct/2023:07:41:52 -0500] "GET /BLA/resoluciones/RESOLUCIONES%202021/0897.pdf HTTP/1.1" 200 5879798
172.22.2.4 - - [01/Oct/2023:07:40:59 -0500] "GET /BLA/boletinlegal/ HTTP/1.1" 200 58187
216.244.66.195 - - [01/Oct/2023:07:42:42 -0500] "GET /BLA/resoluciones/RESOLUCIONES%202021/1171.pdf HTTP/1.1" 200 564071
216.244.66.195 - - [01/Oct/2023:07:43:33 -0500] "GET /BLA/resoluciones/RESOLUCIONES%202021/1391.pdf HTTP/1.1" 200 346947
216.244.66.195 - - [01/Oct/2023:07:44:21 -0500] "GET /BLA/resoluciones/RESOLUCIONES%202021/1592.pdf HTTP/1.1" 200 1291140
201.245.192.253 - - [01/Oct/2023:07:45:01 -0500] "POST /kwsrmcab/Wsrmcab  HTTP/1.1" 200 213
216.244.66.195 - - [01/Oct/2023:07:45:11 -0500] "GET /BLA/resoluciones/RESOLUCIONES%202021/1668.pdf HTTP/1.1" 200 387102
52.167.144.218 - - [01/Oct/2023:07:45:48 -0500] "GET /BLA/resoluciones/RESOLUCIONES%202021/1564.pdf HTTP/1.1" 200 478912
216.244.66.195 - - [01/Oct/2023:07:46:01 -0500] "GET /BLA/resoluciones/RESOLUCIONES%202021/2332.pdf HTTP/1.1" 200 380051
216.245.221.92 - - [01/Oct/2023:07:46:36 -0500] "HEAD / HTTP/1.1" 200 -
216.244.66.195 - - [01/Oct/2023:07:46:45 -0500] "GET /BLA/resoluciones/RESOLUCIONES%202021/2827.pdf HTTP/1.1" 200 423968
52.167.144.218 - - [01/Oct/2023:07:47:08 -0500] "GET /BLA/resoluciones/AUTOS%202011/2703.pdf HTTP/1.1" 200 158385
172.22.2.4 - - [01/Oct/2023:07:45:58 -0500] "HEAD /BLA/boletinlegal/ HTTP/1.1" 200 -
216.244.66.195 - - [01/Oct/2023:07:47:39 -0500] "GET /BLA/resoluciones/RESOLUCIONES%202021/2919.pdf HTTP/1.1" 200 374064
157.55.39.200 - - [01/Oct/2023:07:47:49 -0500] "GET /portaldeninos/tag/humedales-de-bogota/ HTTP/1.1" 200 93936
216.244.66.195 - - [01/Oct/2023:07:48:26 -0500] "GET /BLA/resoluciones/RESOLUCIONES%202021/2944.pdf HTTP/1.1" 200 348859
172.22.2.4 - - [01/Oct/2023:07:46:49 -0500] "GET /BLA/boletinlegal/ HTTP/1.1" 200 58187
216.244.66.195 - - [01/Oct/2023:07:49:16 -0500] "GET /BLA/resoluciones/RESOLUCIONES%202021/3240-.pdf HTTP/1.1" 200 154237
216.244.66.195 - - [01/Oct/2023:07:49:59 -0500] "GET /BLA/resoluciones/RESOLUCIONES%202021/3380.pdf HTTP/1.1" 200 356455
201.245.192.253 - - [01/Oct/2023:07:50:01 -0500] "POST /kwsrmcab/Wsrmcab  HTTP/1.1" 200 213
216.244.66.195 - - [01/Oct/2023:07:50:45 -0500] "GET /BLA/resoluciones/RESOLUCIONES%202021/3515.pdf HTTP/1.1" 200 438815
216.244.66.195 - - [01/Oct/2023:07:51:33 -0500] "GET /BLA/resoluciones/RESOLUCIONES%202022/0184.pdf HTTP/1.1" 200 357759
216.245.221.92 - - [01/Oct/2023:07:51:36 -0500] "HEAD / HTTP/1.1" 200 -
216.244.66.195 - - [01/Oct/2023:07:52:18 -0500] "GET /BLA/resoluciones/RESOLUCIONES%202022/0649.pdf HTTP/1.1" 200 375527
2.39.32.159 - - [01/Oct/2023:07:52:22 -0500] "GET / HTTP/1.0" 200 319
216.244.66.195 - - [01/Oct/2023:07:53:04 -0500] "GET /BLA/resoluciones/RESOLUCIONES%202022/1295.pdf HTTP/1.1" 200 352622
172.22.2.4 - - [01/Oct/2023:07:51:48 -0500] "HEAD /BLA/boletinlegal/ HTTP/1.1" 200 -
216.244.66.195 - - [01/Oct/2023:07:53:47 -0500] "GET /BLA/resoluciones/RESOLUCIONES%202022/1606.pdf HTTP/1.1" 200 346560
172.22.2.4 - - [01/Oct/2023:07:52:39 -0500] "GET /BLA/boletinlegal/ HTTP/1.1" 200 57790
216.244.66.195 - - [01/Oct/2023:07:54:33 -0500] "GET /BLA/resoluciones/RESOLUCIONES%202022/1945.pdf HTTP/1.1" 200 500352
201.245.192.253 - - [01/Oct/2023:07:54:59 -0500] "POST /kwsrmcab/Wsrmcab  HTTP/1.1" 200 213
216.244.66.195 - - [01/Oct/2023:07:55:21 -0500] "GET /BLA/resoluciones/RESOLUCIONES%202022/2152.pdf HTTP/1.1" 200 1456566
216.244.66.195 - - [01/Oct/2023:07:56:11 -0500] "GET /BLA/resoluciones/RESOLUCIONES%202022/2846.pdf HTTP/1.1" 200 439892
216.245.221.92 - - [01/Oct/2023:07:56:36 -0500] "HEAD / HTTP/1.1" 200 -
157.55.39.49 - - [01/Oct/2023:07:56:45 -0500] "GET /BLA/resoluciones/RESOLUCIONES%202021/0953.pdf HTTP/1.1" 200 602880
216.244.66.195 - - [01/Oct/2023:07:56:49 -0500] "GET /BLA/resoluciones/RESOLUCIONES%202022/3018.pdf HTTP/1.1" 200 1090009
216.244.66.195 - - [01/Oct/2023:07:57:39 -0500] "GET /BLA/resoluciones/RESOLUCIONES%202022/3236.pdf HTTP/1.1" 200 342054
52.167.144.225 - - [01/Oct/2023:07:58:10 -0500] "GET /BLA/resoluciones/RESOLUCIONES%202021/4313.pdf HTTP/1.1" 200 340913
216.244.66.195 - - [01/Oct/2023:07:58:19 -0500] "GET /BLA/resoluciones/RESOLUCIONES%202022/3569.pdf HTTP/1.1" 200 480246
52.167.144.225 - - [01/Oct/2023:07:58:29 -0500] "GET /BLA/resoluciones/RESOLUCIONES%202023/1359.pdf HTTP/1.1" 200 490118
216.244.66.195 - - [01/Oct/2023:07:59:00 -0500] "GET /BLA/resoluciones/RESOLUCIONES%202022/4295.pdf HTTP/1.1" 200 665909
172.22.2.4 - - [01/Oct/2023:07:57:38 -0500] "HEAD /BLA/boletinlegal/ HTTP/1.1" 200 -
123.6.49.50 - - [01/Oct/2023:07:59:27 -0500] "GET / HTTP/1.1" 200 319
216.244.66.195 - - [01/Oct/2023:07:59:31 -0500] "GET /BLA/resoluciones/RESOLUCIONES%202022/4428.pdf HTTP/1.1" 200 888151
201.245.192.253 - - [01/Oct/2023:07:59:57 -0500] "POST /kwsrmcab/Wsrmcab  HTTP/1.1" 200 213
172.22.2.4 - - [01/Oct/2023:07:58:29 -0500] "GET /BLA/boletinlegal/ HTTP/1.1" 200 58187
216.244.66.195 - - [01/Oct/2023:08:00:19 -0500] "GET /BLA/resoluciones/RESOLUCIONES%202022/4519.pdf HTTP/1.1" 200 941131
216.244.66.195 - - [01/Oct/2023:08:00:57 -0500] "GET /BLA/resoluciones/RESOLUCIONES%202022/5669.pdf HTTP/1.1" 200 408450
216.244.66.195 - - [01/Oct/2023:08:01:28 -0500] "GET /BLA/resoluciones/RESOLUCIONES%202023/0224.pdf HTTP/1.1" 200 357621
216.245.221.92 - - [01/Oct/2023:08:01:36 -0500] "HEAD / HTTP/1.1" 200 -
216.244.66.195 - - [01/Oct/2023:08:01:58 -0500] "GET /BLA/resoluciones/RESOLUCIONES%202023/0314.pdf HTTP/1.1" 200 424673
216.244.66.195 - - [01/Oct/2023:08:02:33 -0500] "GET /BLA/resoluciones/AUTOS%202007/0441.pdf HTTP/1.1" 200 116920
66.249.66.21 - - [01/Oct/2023:08:03:00 -0500] "GET /BLA/resoluciones/RESOLUCIONES%202007/RES%202007%20401%20AL%20500/RESOLUCION%200452%20DE%202007.pdf HTTP/1.1" 200 1416270
66.249.66.19 - - [01/Oct/2023:08:03:01 -0500] "GET /BLA/resoluciones/RESOLUCIONES%202009/0085.pdf HTTP/1.1" 200 555708
216.244.66.195 - - [01/Oct/2023:08:03:01 -0500] "GET /BLA/resoluciones/AUTOS%202007/0761.pdf HTTP/1.1" 200 188414
66.249.66.20 - - [01/Oct/2023:08:03:01 -0500] "GET /portalsiaccapacitaciones/Listas%20de%20Asistencia%202016/LISTA%20DE%20ASISTENCIA%20MESA%20PIGA%2024%20NOVIEMBRE.pdf HTTP/1.1" 200 1471497
216.244.66.195 - - [01/Oct/2023:08:03:30 -0500] "GET /BLA/resoluciones/AUTOS%202007/0810.pdf HTTP/1.1" 200 245567
216.244.66.195 - - [01/Oct/2023:08:03:58 -0500] "GET /BLA/resoluciones/AUTOS%202007/0910.pdf HTTP/1.1" 200 70517
216.244.66.195 - - [01/Oct/2023:08:04:23 -0500] "GET /BLA/resoluciones/AUTOS%202007/0918.pdf HTTP/1.1" 200 74185
216.244.66.195 - - [01/Oct/2023:08:04:46 -0500] "GET /BLA/resoluciones/AUTOS%202007/0928.pdf HTTP/1.1" 200 34839
52.167.144.216 - - [01/Oct/2023:08:04:58 -0500] "GET /Publicaciones/2023EE116309.pdf HTTP/1.1" 404 228
201.245.192.253 - - [01/Oct/2023:08:04:56 -0500] "POST /kwsrmcab/Wsrmcab  HTTP/1.1" 200 213
52.167.144.216 - - [01/Oct/2023:08:04:59 -0500] "GET /bla/resoluciones/notificaciones/autos%202016/3151.pdf HTTP/1.1" 304 -
20.240.13.240 - - [01/Oct/2023:08:05:00 -0500] "GET /Publicaciones/2023EE116309.pdf HTTP/1.1" 404 228
172.22.2.4 - - [01/Oct/2023:08:03:28 -0500] "HEAD /BLA/boletinlegal/ HTTP/1.1" 200 -
216.244.66.195 - - [01/Oct/2023:08:05:09 -0500] "GET /BLA/resoluciones/AUTOS%202007/0935.pdf HTTP/1.1" 200 23859
216.244.66.195 - - [01/Oct/2023:08:05:30 -0500] "GET /BLA/resoluciones/AUTOS%202007/1182.pdf HTTP/1.1" 200 84725
216.244.66.195 - - [01/Oct/2023:08:05:50 -0500] "GET /BLA/resoluciones/AUTOS%202007/1477.pdf HTTP/1.1" 200 41614
172.22.2.4 - - [01/Oct/2023:08:04:19 -0500] "GET /BLA/boletinlegal/ HTTP/1.1" 200 57790
216.244.66.195 - - [01/Oct/2023:08:06:10 -0500] "GET /BLA/resoluciones/AUTOS%202007/1559.pdf HTTP/1.1" 200 28085
216.244.66.195 - - [01/Oct/2023:08:06:28 -0500] "GET /BLA/resoluciones/AUTOS%202007/1602.pdf HTTP/1.1" 200 47159
216.245.221.92 - - [01/Oct/2023:08:06:36 -0500] "HEAD / HTTP/1.1" 200 -
216.244.66.195 - - [01/Oct/2023:08:06:46 -0500] "GET /BLA/resoluciones/AUTOS%202007/1678.pdf HTTP/1.1" 200 32832
216.244.66.195 - - [01/Oct/2023:08:07:02 -0500] "GET /BLA/resoluciones/AUTOS%202007/1720.pdf HTTP/1.1" 200 38738
216.244.66.195 - - [01/Oct/2023:08:07:17 -0500] "GET /BLA/resoluciones/AUTOS%202007/1741.pdf HTTP/1.1" 200 38867
66.249.66.21 - - [01/Oct/2023:08:09:32 -0500] "GET /BLA/resoluciones/Notificaciones/RESOLUCIONES%202023/429.pdf HTTP/1.1" 304 -
201.245.192.253 - - [01/Oct/2023:08:09:55 -0500] "POST /kwsrmcab/Wsrmcab  HTTP/1.1" 200 213
172.22.2.4 - - [01/Oct/2023:08:09:18 -0500] "HEAD /BLA/boletinlegal/ HTTP/1.1" 200 -
216.245.221.92 - - [01/Oct/2023:08:11:36 -0500] "HEAD / HTTP/1.1" 200 -
79.129.197.74 - - [01/Oct/2023:08:11:37 -0500] "GET / HTTP/1.0" 200 319
52.167.144.24 - - [01/Oct/2023:08:11:42 -0500] "GET /BLA/resoluciones/RESOLUCIONES%202012/0663.pdf HTTP/1.1" 200 503819
216.244.66.195 - - [01/Oct/2023:08:11:47 -0500] "GET /robots.txt HTTP/1.1" 404 1018
172.22.2.4 - - [01/Oct/2023:08:10:09 -0500] "GET /BLA/boletinlegal/ HTTP/1.1" 200 54960
52.167.144.64 - - [01/Oct/2023:08:12:34 -0500] "GET /robots.txt HTTP/1.1" 404 1035
52.167.144.212 - - [01/Oct/2023:08:13:00 -0500] "GET /BLA/resoluciones/AUTOS%202021/2336.pdf HTTP/1.1" 304 -
207.46.13.154 - - [01/Oct/2023:08:14:47 -0500] "GET /BLA/resoluciones/RESOLUCIONES%202023/0882.pdf HTTP/1.1" 200 516845
201.245.192.253 - - [01/Oct/2023:08:14:53 -0500] "POST /kwsrmcab/Wsrmcab  HTTP/1.1" 200 213
5.188.87.37 - - [01/Oct/2023:08:15:10 -0500] "POST /wp-login.php HTTP/1.1" 404 1018
157.55.39.9 - - [01/Oct/2023:08:15:32 -0500] "GET /habilitado-nuevo-camino-para-recorrer-los-cerros-guadalupe-aguanoso.html HTTP/1.1" 200 837
52.167.144.209 - - [01/Oct/2023:08:16:14 -0500] "GET /BLA/resoluciones/RESOLUCIONES%202020/0022.pdf HTTP/1.1" 200 403297
216.245.221.92 - - [01/Oct/2023:08:16:36 -0500] "HEAD / HTTP/1.1" 200 -
207.46.13.154 - - [01/Oct/2023:08:16:46 -0500] "GET /BLA/resoluciones/RESOLUCIONES%202012/0985.pdf HTTP/1.1" 200 811042
172.22.2.4 - - [01/Oct/2023:08:15:08 -0500] "HEAD /BLA/boletinlegal/ HTTP/1.1" 200 -
172.22.2.4 - - [01/Oct/2023:08:15:59 -0500] "GET /BLA/boletinlegal/ HTTP/1.1" 200 58187
201.245.192.253 - - [01/Oct/2023:08:18:00 -0500] "POST /kwsrmcab/Wsrmcab HTTP/1.1" 200 43361
201.245.192.253 - - [01/Oct/2023:08:18:03 -0500] "POST /kwsrmcab/Wsrmcab HTTP/1.1" 200 43042
201.245.192.253 - - [01/Oct/2023:08:19:52 -0500] "POST /kwsrmcab/Wsrmcab  HTTP/1.1" 200 213
157.55.39.60 - - [01/Oct/2023:08:19:58 -0500] "GET /Publicaciones/2023EE227909.pdf HTTP/1.1" 200 231684
216.245.221.92 - - [01/Oct/2023:08:21:36 -0500] "HEAD / HTTP/1.1" 200 -
172.22.2.4 - - [01/Oct/2023:08:20:58 -0500] "HEAD /BLA/boletinlegal/ HTTP/1.1" 200 -
216.244.66.195 - - [01/Oct/2023:08:22:51 -0500] "GET /BLA/resoluciones/RESOLUCIONES%202020/1276.pdf HTTP/1.1" 200 333123
216.244.66.195 - - [01/Oct/2023:08:23:21 -0500] "GET /BLA/resoluciones/RESOLUCIONES%202020/1393.pdf HTTP/1.1" 200 330397
172.22.2.4 - - [01/Oct/2023:08:21:49 -0500] "GET /BLA/boletinlegal/ HTTP/1.1" 200 58187
216.244.66.195 - - [01/Oct/2023:08:24:06 -0500] "GET /BLA/resoluciones/RESOLUCIONES%202020/1818.pdf HTTP/1.1" 200 373785
216.244.66.195 - - [01/Oct/2023:08:24:50 -0500] "GET /BLA/resoluciones/RESOLUCIONES%202020/2584.pdf HTTP/1.1" 200 338185
201.245.192.253 - - [01/Oct/2023:08:24:51 -0500] "POST /kwsrmcab/Wsrmcab  HTTP/1.1" 200 213
216.244.66.195 - - [01/Oct/2023:08:25:36 -0500] "GET /BLA/resoluciones/RESOLUCIONES%202020/2655.pdf HTTP/1.1" 200 341329
216.244.66.195 - - [01/Oct/2023:08:26:23 -0500] "GET /BLA/resoluciones/RESOLUCIONES%202020/2719.pdf HTTP/1.1" 200 498625
216.245.221.92 - - [01/Oct/2023:08:26:36 -0500] "HEAD / HTTP/1.1" 200 -
173.252.83.5 - - [01/Oct/2023:08:27:04 -0500] "GET /images/mercados-campesinos-5-mayo.jpg HTTP/1.1" 200 95848
216.244.66.195 - - [01/Oct/2023:08:27:14 -0500] "GET /BLA/resoluciones/RESOLUCIONES%202020/2758.pdf HTTP/1.1" 200 359328
216.244.66.195 - - [01/Oct/2023:08:27:57 -0500] "GET /BLA/resoluciones/RESOLUCIONES%202020/3051.pdf HTTP/1.1" 200 1985080
201.245.192.253 - - [01/Oct/2023:08:28:00 -0500] "POST /kwsrmcab/Wsrmcab HTTP/1.1" 200 43361
201.245.192.253 - - [01/Oct/2023:08:28:03 -0500] "POST /kwsrmcab/Wsrmcab HTTP/1.1" 200 43042
172.22.2.4 - - [01/Oct/2023:08:26:48 -0500] "HEAD /BLA/boletinlegal/ HTTP/1.1" 200 -
216.244.66.195 - - [01/Oct/2023:08:28:56 -0500] "GET /BLA/resoluciones/RESOLUCIONES%202021/0157.pdf HTTP/1.1" 200 4409484
172.22.2.4 - - [01/Oct/2023:08:27:39 -0500] "GET /BLA/boletinlegal/ HTTP/1.1" 200 58187
168.119.49.52 - - [01/Oct/2023:08:29:20 -0500] "GET / HTTP/1.1" 200 319
168.119.49.52 - - [01/Oct/2023:08:29:22 -0500] "GET / HTTP/1.1" 200 4720
216.244.66.195 - - [01/Oct/2023:08:29:46 -0500] "GET /BLA/resoluciones/RESOLUCIONES%202021/0373.pdf HTTP/1.1" 200 7198523
201.245.192.253 - - [01/Oct/2023:08:29:50 -0500] "POST /kwsrmcab/Wsrmcab  HTTP/1.1" 200 213
216.244.66.195 - - [01/Oct/2023:08:30:36 -0500] "GET /BLA/resoluciones/RESOLUCIONES%202021/0398.pdf HTTP/1.1" 200 1542821
216.244.66.195 - - [01/Oct/2023:08:31:26 -0500] "GET /BLA/resoluciones/RESOLUCIONES%202021/0988.pdf HTTP/1.1" 200 536727
216.245.221.92 - - [01/Oct/2023:08:31:36 -0500] "HEAD / HTTP/1.1" 200 -
216.244.66.195 - - [01/Oct/2023:08:32:17 -0500] "GET /BLA/resoluciones/RESOLUCIONES%202021/1049.pdf HTTP/1.1" 200 336541
34.32.148.92 - - [01/Oct/2023:08:32:43 -0500] "GET /proximo-4-de-octubre-simulacro-distrital-de-evacuacion-dia-y-noche.html HTTP/1.1" 200 783
216.244.66.195 - - [01/Oct/2023:08:33:06 -0500] "GET /BLA/resoluciones/RESOLUCIONES%202021/1273.pdf HTTP/1.1" 200 429444
216.244.66.195 - - [01/Oct/2023:08:33:54 -0500] "GET /BLA/resoluciones/RESOLUCIONES%202021/1777.pdf HTTP/1.1" 200 331298
172.22.2.4 - - [01/Oct/2023:08:32:38 -0500] "HEAD /BLA/boletinlegal/ HTTP/1.1" 200 -
216.244.66.195 - - [01/Oct/2023:08:34:42 -0500] "GET /BLA/resoluciones/RESOLUCIONES%202021/1891.pdf HTTP/1.1" 200 501051
201.245.192.253 - - [01/Oct/2023:08:34:48 -0500] "POST /kwsrmcab/Wsrmcab  HTTP/1.1" 200 213
172.22.2.4 - - [01/Oct/2023:08:33:29 -0500] "GET /BLA/boletinlegal/ HTTP/1.1" 200 58187
52.167.144.174 - - [01/Oct/2023:08:35:24 -0500] "GET /Publicaciones/2023EE225246.pdf HTTP/1.1" 200 2441648
52.167.144.174 - - [01/Oct/2023:08:35:28 -0500] "GET /Publicaciones/2023EE225259.pdf HTTP/1.1" 200 1369310
216.244.66.195 - - [01/Oct/2023:08:35:33 -0500] "GET /BLA/resoluciones/RESOLUCIONES%202021/1896.pdf HTTP/1.1" 200 471217
216.244.66.195 - - [01/Oct/2023:08:36:20 -0500] "GET /BLA/resoluciones/RESOLUCIONES%202021/1958.pdf HTTP/1.1" 200 441121
216.245.221.92 - - [01/Oct/2023:08:36:36 -0500] "HEAD / HTTP/1.1" 200 -
216.244.66.195 - - [01/Oct/2023:08:37:11 -0500] "GET /BLA/resoluciones/RESOLUCIONES%202021/2021.pdf HTTP/1.1" 200 475058
216.244.66.195 - - [01/Oct/2023:08:38:01 -0500] "GET /BLA/resoluciones/RESOLUCIONES%202021/2026.pdf HTTP/1.1" 200 704639
201.245.192.253 - - [01/Oct/2023:08:38:00 -0500] "POST /kwsrmcab/Wsrmcab HTTP/1.1" 200 43361
201.245.192.253 - - [01/Oct/2023:08:38:03 -0500] "POST /kwsrmcab/Wsrmcab HTTP/1.1" 200 43042
216.244.66.195 - - [01/Oct/2023:08:38:51 -0500] "GET /BLA/resoluciones/RESOLUCIONES%202021/2697.pdf HTTP/1.1" 200 406448
216.244.66.195 - - [01/Oct/2023:08:39:31 -0500] "GET /BLA/resoluciones/RESOLUCIONES%202021/2947.pdf HTTP/1.1" 200 362804
201.245.192.253 - - [01/Oct/2023:08:39:47 -0500] "POST /kwsrmcab/Wsrmcab  HTTP/1.1" 200 213
172.22.2.4 - - [01/Oct/2023:08:38:28 -0500] "HEAD /BLA/boletinlegal/ HTTP/1.1" 200 -
216.244.66.195 - - [01/Oct/2023:08:40:15 -0500] "GET /BLA/resoluciones/RESOLUCIONES%202021/3839.pdf HTTP/1.1" 200 357220
172.22.2.4 - - [01/Oct/2023:08:39:19 -0500] "GET /BLA/boletinlegal/ HTTP/1.1" 200 58187
216.244.66.195 - - [01/Oct/2023:08:41:00 -0500] "GET /BLA/resoluciones/RESOLUCIONES%202021/3872.pdf HTTP/1.1" 200 727982
216.245.221.92 - - [01/Oct/2023:08:41:36 -0500] "HEAD / HTTP/1.1" 200 -
216.244.66.195 - - [01/Oct/2023:08:41:50 -0500] "GET /BLA/resoluciones/RESOLUCIONES%202021/4196.pdf HTTP/1.1" 200 338528
216.244.66.195 - - [01/Oct/2023:08:42:40 -0500] "GET /BLA/resoluciones/RESOLUCIONES%202021/4256.pdf HTTP/1.1" 200 390043
52.167.144.209 - - [01/Oct/2023:08:42:44 -0500] "GET /BLA/resoluciones/RESOLUCIONES%202023/1361.pdf HTTP/1.1" 200 377910
216.244.66.195 - - [01/Oct/2023:08:43:21 -0500] "GET /BLA/resoluciones/RESOLUCIONES%202022/0298.pdf HTTP/1.1" 200 332462
216.244.66.195 - - [01/Oct/2023:08:44:01 -0500] "GET /BLA/resoluciones/RESOLUCIONES%202022/0832.pdf HTTP/1.1" 200 356175
216.244.66.195 - - [01/Oct/2023:08:44:32 -0500] "GET /BLA/resoluciones/RESOLUCIONES%202022/0880.pdf HTTP/1.1" 200 359043
201.245.192.253 - - [01/Oct/2023:08:44:45 -0500] "POST /kwsrmcab/Wsrmcab  HTTP/1.1" 200 213
216.244.66.195 - - [01/Oct/2023:08:45:01 -0500] "GET /BLA/resoluciones/RESOLUCIONES%202022/1031.pdf HTTP/1.1" 200 475605
216.244.66.195 - - [01/Oct/2023:08:45:44 -0500] "GET /BLA/resoluciones/RESOLUCIONES%202022/1063.pdf HTTP/1.1" 200 480514
172.22.2.4 - - [01/Oct/2023:08:44:18 -0500] "HEAD /BLA/boletinlegal/ HTTP/1.1" 200 -
216.244.66.195 - - [01/Oct/2023:08:46:23 -0500] "GET /BLA/resoluciones/RESOLUCIONES%202022/1391.pdf HTTP/1.1" 200 348994
216.245.221.92 - - [01/Oct/2023:08:46:36 -0500] "HEAD / HTTP/1.1" 200 -
172.22.2.4 - - [01/Oct/2023:08:45:09 -0500] "GET /BLA/boletinlegal/ HTTP/1.1" 200 60342
216.244.66.195 - - [01/Oct/2023:08:47:02 -0500] "GET /BLA/resoluciones/RESOLUCIONES%202022/1478.pdf HTTP/1.1" 200 651605
66.249.66.20 - - [01/Oct/2023:08:47:02 -0500] "GET /Publicaciones/2023EE222755.pdf HTTP/1.1" 304 -
216.244.66.195 - - [01/Oct/2023:08:47:44 -0500] "GET /BLA/resoluciones/RESOLUCIONES%202022/2097.pdf HTTP/1.1" 200 380538
216.244.66.195 - - [01/Oct/2023:08:48:16 -0500] "GET /BLA/resoluciones/RESOLUCIONES%202022/2787.pdf HTTP/1.1" 200 407333
216.244.66.195 - - [01/Oct/2023:08:48:50 -0500] "GET /BLA/resoluciones/RESOLUCIONES%202022/2866.pdf HTTP/1.1" 200 410979
216.244.66.195 - - [01/Oct/2023:08:49:19 -0500] "GET /BLA/resoluciones/RESOLUCIONES%202022/3180.pdf HTTP/1.1" 200 427065
201.245.192.253 - - [01/Oct/2023:08:49:44 -0500] "POST /kwsrmcab/Wsrmcab  HTTP/1.1" 200 213
216.244.66.195 - - [01/Oct/2023:08:49:51 -0500] "GET /BLA/resoluciones/RESOLUCIONES%202022/4111.pdf HTTP/1.1" 200 574440
168.119.253.32 - - [01/Oct/2023:08:50:00 -0500] "GET / HTTP/1.1" 200 319
168.119.253.32 - - [01/Oct/2023:08:50:00 -0500] "GET / HTTP/1.1" 200 4720
216.244.66.195 - - [01/Oct/2023:08:50:17 -0500] "GET /BLA/resoluciones/RESOLUCIONES%202022/4366.pdf HTTP/1.1" 200 396948
68.183.193.242 - - [01/Oct/2023:08:50:27 -0500] "GET /aaa9 HTTP/1.1" 404 1018
68.183.193.242 - - [01/Oct/2023:08:50:34 -0500] "GET /aab8 HTTP/1.1" 404 1018
68.183.193.242 - - [01/Oct/2023:08:50:40 -0500] "GET / HTTP/1.1" 200 319
216.244.66.195 - - [01/Oct/2023:08:50:43 -0500] "GET /BLA/resoluciones/RESOLUCIONES%202022/4666.pdf HTTP/1.1" 200 478358
216.244.66.195 - - [01/Oct/2023:08:51:09 -0500] "GET /BLA/resoluciones/RESOLUCIONES%202022/5040.pdf HTTP/1.1" 200 484551
216.244.66.195 - - [01/Oct/2023:08:51:33 -0500] "GET /BLA/resoluciones/RESOLUCIONES%202022/5173.pdf HTTP/1.1" 200 380813
216.245.221.92 - - [01/Oct/2023:08:51:36 -0500] "HEAD / HTTP/1.1" 200 -
172.22.2.4 - - [01/Oct/2023:08:50:08 -0500] "HEAD /BLA/boletinlegal/ HTTP/1.1" 200 -
216.244.66.195 - - [01/Oct/2023:08:51:55 -0500] "GET /BLA/resoluciones/RESOLUCIONES%202023/0209.pdf HTTP/1.1" 200 370723
216.244.66.195 - - [01/Oct/2023:08:52:16 -0500] "GET /BLA/resoluciones/RESOLUCIONES%202023/0677.pdf HTTP/1.1" 200 440480
216.244.66.195 - - [01/Oct/2023:08:52:37 -0500] "GET /BLA/resoluciones/RESOLUCIONES%202023/1084.pdf HTTP/1.1" 200 483232
172.22.2.4 - - [01/Oct/2023:08:50:59 -0500] "GET /BLA/boletinlegal/ HTTP/1.1" 200 58187
216.244.66.195 - - [01/Oct/2023:08:52:56 -0500] "GET /BLA/resoluciones/RESOLUCIONES%202001/2001%20950-999.TIF HTTP/1.1" 200 8193358
216.244.66.195 - - [01/Oct/2023:08:53:35 -0500] "GET /BLA/resoluciones/RESOLUCIONES%202017/1776.pdf HTTP/1.1" 200 6879144
52.167.144.138 - - [01/Oct/2023:08:53:36 -0500] "GET /BLA/resoluciones/RESOLUCIONES%202021/2654.pdf HTTP/1.1" 200 360347
40.77.167.25 - - [01/Oct/2023:08:53:56 -0500] "GET /bla/resoluciones/resoluciones%202012/0425.pdf HTTP/1.1" 200 326587
216.244.66.195 - - [01/Oct/2023:08:54:08 -0500] "GET /BLA/resoluciones/RESOLUCIONES%202017/1918.pdf HTTP/1.1" 200 423803
201.245.192.253 - - [01/Oct/2023:08:54:44 -0500] "POST /kwsrmcab/Wsrmcab  HTTP/1.1" 200 213
52.167.144.145 - - [01/Oct/2023:08:56:06 -0500] "GET /Publicaciones/2023EE225794.pdf HTTP/1.1" 200 356646
216.245.221.92 - - [01/Oct/2023:08:56:36 -0500] "HEAD / HTTP/1.1" 200 -
40.77.167.15 - - [01/Oct/2023:08:57:06 -0500] "GET /BLA/resoluciones/RESOLUCIONES%202012/1796.pdf HTTP/1.1" 200 986927
172.22.2.4 - - [01/Oct/2023:08:57:19 -0500] "GET /BLA/boletinlegal/robots.txt HTTP/1.1" 404 1038
172.22.2.4 - - [01/Oct/2023:08:55:58 -0500] "HEAD /BLA/boletinlegal/ HTTP/1.1" 200 -
181.59.168.129 - - [01/Oct/2023:08:57:59 -0500] "GET /sipse/faces/index.xhtml HTTP/1.1" 200 677
181.59.168.129 - - [01/Oct/2023:08:57:59 -0500] "GET /sipse/faces/javax.faces.resource/theme.css?ln=primefaces-sipse HTTP/1.1" 304 -
181.59.168.129 - - [01/Oct/2023:08:57:59 -0500] "GET /sipse/faces/faces/autenticacion.xhtml HTTP/1.1" 200 12412
181.59.168.129 - - [01/Oct/2023:08:57:59 -0500] "GET /sipse/js/disable_browser_buttons.js HTTP/1.1" 304 -
181.59.168.129 - - [01/Oct/2023:08:57:59 -0500] "GET /sipse/css/custom_css_sg_prime_login.css HTTP/1.1" 200 443
181.59.168.129 - - [01/Oct/2023:08:57:59 -0500] "GET /sipse/css/custom_css_sg.css HTTP/1.1" 304 -
181.59.168.129 - - [01/Oct/2023:08:57:59 -0500] "GET /sipse/faces/javax.faces.resource/theme.css?ln=primefaces-sipse HTTP/1.1" 304 -
181.59.168.129 - - [01/Oct/2023:08:57:59 -0500] "GET /sipse/js/funciones.js HTTP/1.1" 304 -
181.59.168.129 - - [01/Oct/2023:08:57:59 -0500] "GET /sipse/faces/javax.faces.resource/layout/layout.css?ln=primefaces&v=4.0 HTTP/1.1" 304 -
181.59.168.129 - - [01/Oct/2023:08:57:59 -0500] "GET /sipse/faces/javax.faces.resource/primefaces.css?ln=primefaces&v=4.0 HTTP/1.1" 304 -
181.59.168.129 - - [01/Oct/2023:08:57:59 -0500] "GET /sipse/faces/javax.faces.resource/jquery/jquery.js?ln=primefaces&v=4.0 HTTP/1.1" 304 -
181.59.168.129 - - [01/Oct/2023:08:57:59 -0500] "GET /sipse/faces/javax.faces.resource/primefaces.js?ln=primefaces&v=4.0 HTTP/1.1" 304 -
181.59.168.129 - - [01/Oct/2023:08:57:59 -0500] "GET /sipse/faces/javax.faces.resource/jquery/jquery-plugins.js?ln=primefaces&v=4.0 HTTP/1.1" 304 -
181.59.168.129 - - [01/Oct/2023:08:57:59 -0500] "GET /sipse/faces/javax.faces.resource/layout/layout.js?ln=primefaces&v=4.0 HTTP/1.1" 304 -
181.59.168.129 - - [01/Oct/2023:08:57:59 -0500] "GET /sipse/css/imagen/logoSDG.png HTTP/1.1" 304 -
181.59.168.129 - - [01/Oct/2023:08:57:59 -0500] "GET /sipse/faces/javax.faces.resource/images/ui-icons_898989_256x240.png?ln=primefaces-aristo HTTP/1.1" 304 -
181.59.168.129 - - [01/Oct/2023:08:57:59 -0500] "GET /sipse/css/imagen/loginimg.png HTTP/1.1" 200 71635
181.59.168.129 - - [01/Oct/2023:08:58:05 -0500] "POST /sipse/faces/autenticacion.xhtml HTTP/1.1" 200 2217
181.59.168.129 - - [01/Oct/2023:08:58:05 -0500] "GET /sipse/faces/javax.faces.resource/messages/messages.png?ln=primefaces&v=4.0 HTTP/1.1" 304 -
181.59.168.129 - - [01/Oct/2023:08:58:07 -0500] "POST /sipse/faces/autenticacion.xhtml HTTP/1.1" 200 16407
181.59.168.129 - - [01/Oct/2023:08:58:07 -0500] "GET /sipse/css/custom_css_sg_prime.css HTTP/1.1" 304 -
181.59.168.129 - - [01/Oct/2023:08:58:07 -0500] "GET /sipse/faces/javax.faces.resource/layout/layout.css?ln=primefaces&v=4.0 HTTP/1.1" 304 -
181.59.168.129 - - [01/Oct/2023:08:58:07 -0500] "GET /sipse/faces/javax.faces.resource/theme.css?ln=primefaces-sipse HTTP/1.1" 304 -
181.59.168.129 - - [01/Oct/2023:08:58:07 -0500] "GET /sipse/faces/javax.faces.resource/primefaces.css?ln=primefaces&v=4.0 HTTP/1.1" 304 -
181.59.168.129 - - [01/Oct/2023:08:58:07 -0500] "GET /sipse/js/jquery.min.js HTTP/1.1" 304 -
181.59.168.129 - - [01/Oct/2023:08:58:07 -0500] "GET /sipse/faces/javax.faces.resource/jquery/jquery.js?ln=primefaces&v=4.0 HTTP/1.1" 304 -
181.59.168.129 - - [01/Oct/2023:08:58:07 -0500] "GET /sipse/faces/javax.faces.resource/jquery/jquery-plugins.js?ln=primefaces&v=4.0 HTTP/1.1" 304 -
181.59.168.129 - - [01/Oct/2023:08:58:07 -0500] "GET /sipse/faces/javax.faces.resource/primefaces.js?ln=primefaces&v=4.0 HTTP/1.1" 304 -
181.59.168.129 - - [01/Oct/2023:08:58:07 -0500] "GET /sipse/faces/javax.faces.resource/layout/layout.js?ln=primefaces&v=4.0 HTTP/1.1" 304 -
181.59.168.129 - - [01/Oct/2023:08:58:07 -0500] "GET /sipse/css/v_mergente.css HTTP/1.1" 200 1505
181.59.168.129 - - [01/Oct/2023:08:58:07 -0500] "GET /sipse/css/imagen/contrasena.png HTTP/1.1" 404 383
181.59.168.129 - - [01/Oct/2023:08:58:07 -0500] "GET /sipse/imagenes/cargando.gif HTTP/1.1" 304 -
181.59.168.129 - - [01/Oct/2023:08:58:07 -0500] "GET /sipse/imagenes/logoAplicacion.jpg HTTP/1.1" 200 155084
181.59.168.129 - - [01/Oct/2023:08:58:08 -0500] "GET /sipse/faces/javax.faces.resource/images/ui-bg_flat_0_2d5972_40x100.png?ln=primefaces-aristo HTTP/1.1" 304 -
181.59.168.129 - - [01/Oct/2023:08:58:08 -0500] "POST /sipse/faces/bienvenido.xhtml HTTP/1.1" 200 2658
181.59.168.129 - - [01/Oct/2023:08:58:10 -0500] "POST /sipse/faces/bienvenido.xhtml HTTP/1.1" 200 33262
181.59.168.129 - - [01/Oct/2023:08:58:10 -0500] "GET /sipse/faces/javax.faces.resource/theme.css?ln=primefaces-sipse HTTP/1.1" 304 -
181.59.168.129 - - [01/Oct/2023:08:58:10 -0500] "GET /sipse/faces/javax.faces.resource/layout/layout.css?ln=primefaces&v=4.0 HTTP/1.1" 304 -
181.59.168.129 - - [01/Oct/2023:08:58:10 -0500] "GET /sipse/faces/javax.faces.resource/primefaces.css?ln=primefaces&v=4.0 HTTP/1.1" 304 -
181.59.168.129 - - [01/Oct/2023:08:58:10 -0500] "GET /sipse/faces/javax.faces.resource/jquery/jquery.js?ln=primefaces&v=4.0 HTTP/1.1" 304 -
181.59.168.129 - - [01/Oct/2023:08:58:10 -0500] "GET /sipse/faces/javax.faces.resource/jquery/jquery-plugins.js?ln=primefaces&v=4.0 HTTP/1.1" 304 -
181.59.168.129 - - [01/Oct/2023:08:58:10 -0500] "GET /sipse/faces/javax.faces.resource/primefaces.js?ln=primefaces&v=4.0 HTTP/1.1" 304 -
181.59.168.129 - - [01/Oct/2023:08:58:10 -0500] "GET /sipse/faces/javax.faces.resource/layout/layout.js?ln=primefaces&v=4.0 HTTP/1.1" 304 -
181.59.168.129 - - [01/Oct/2023:08:58:16 -0500] "POST /sipse/faces/presentacion/financiero/solicitudProceso/solicitudProcesoOtrosPagos.xhtml HTTP/1.1" 200 53570
181.59.168.129 - - [01/Oct/2023:08:58:17 -0500] "GET /sipse/faces/javax.faces.resource/primefaces.css?ln=primefaces&v=4.0 HTTP/1.1" 304 -
181.59.168.129 - - [01/Oct/2023:08:58:17 -0500] "GET /sipse/faces/javax.faces.resource/theme.css?ln=primefaces-sipse HTTP/1.1" 304 -
181.59.168.129 - - [01/Oct/2023:08:58:17 -0500] "GET /sipse/faces/javax.faces.resource/layout/layout.css?ln=primefaces&v=4.0 HTTP/1.1" 304 -
181.59.168.129 - - [01/Oct/2023:08:58:17 -0500] "GET /sipse/faces/javax.faces.resource/fileupload/fileupload.css?ln=primefaces&v=4.0 HTTP/1.1" 304 -
181.59.168.129 - - [01/Oct/2023:08:58:18 -0500] "GET /sipse/faces/javax.faces.resource/jquery/jquery.js?ln=primefaces&v=4.0 HTTP/1.1" 304 -
181.59.168.129 - - [01/Oct/2023:08:58:18 -0500] "GET /sipse/faces/javax.faces.resource/jquery/jquery-plugins.js?ln=primefaces&v=4.0 HTTP/1.1" 304 -
181.59.168.129 - - [01/Oct/2023:08:58:18 -0500] "GET /sipse/faces/javax.faces.resource/primefaces.js?ln=primefaces&v=4.0 HTTP/1.1" 304 -
181.59.168.129 - - [01/Oct/2023:08:58:18 -0500] "GET /sipse/faces/javax.faces.resource/layout/layout.js?ln=primefaces&v=4.0 HTTP/1.1" 304 -
181.59.168.129 - - [01/Oct/2023:08:58:18 -0500] "GET /sipse/faces/javax.faces.resource/fileupload/fileupload.js?ln=primefaces&v=4.0 HTTP/1.1" 304 -
181.59.168.129 - - [01/Oct/2023:08:58:18 -0500] "GET /sipse/faces/javax.faces.resource/dynamiccontent.properties?ln=primefaces&pfdrid=XjOR5%2F%2FfPAZAuY9TpWQeCiM0BhlXxYRBGKi%2FQcXXfeA%3D&pfdrid_c=false HTTP/1.1" 500 383
172.22.2.4 - - [01/Oct/2023:08:56:49 -0500] "GET /BLA/boletinlegal/ HTTP/1.1" 200 47863
216.244.66.195 - - [01/Oct/2023:08:58:39 -0500] "GET /robots.txt HTTP/1.1" 404 1018
157.55.39.9 - - [01/Oct/2023:08:58:41 -0500] "GET /BLA/resoluciones/AUTOS%202021/4111.pdf HTTP/1.1" 304 -
172.22.2.4 - - [01/Oct/2023:08:57:20 -0500] "GET /BLA/boletinlegal/ HTTP/1.1" 200 48660
201.245.192.253 - - [01/Oct/2023:08:59:42 -0500] "POST /kwsrmcab/Wsrmcab  HTTP/1.1" 200 213
52.167.144.231 - - [01/Oct/2023:09:01:06 -0500] "GET /BLA/resoluciones/AUTOS%202022/7439.pdf HTTP/1.1" 304 -
216.245.221.92 - - [01/Oct/2023:09:01:36 -0500] "HEAD / HTTP/1.1" 200 -
66.249.66.19 - - [01/Oct/2023:09:03:00 -0500] "GET /Residuos/textiles/files/guia_textiles.pdf HTTP/1.1" 200 12356716
172.22.2.4 - - [01/Oct/2023:09:01:48 -0500] "HEAD /BLA/boletinlegal/ HTTP/1.1" 200 -
172.22.2.4 - - [01/Oct/2023:09:02:39 -0500] "GET /BLA/boletinlegal/ HTTP/1.1" 200 58187
201.245.192.253 - - [01/Oct/2023:09:04:40 -0500] "POST /kwsrmcab/Wsrmcab  HTTP/1.1" 200 213
173.252.107.4 - - [01/Oct/2023:09:05:08 -0500] "GET /secretaria-de-ambiente-y-car-firman-el-plan-de-manejo-ambiental-del-sitio-ramsar-complejo-de-humedales-urbanos-de-bogota-unico-en-america-latina.html HTTP/1.1" 200 1040
207.46.13.156 - - [01/Oct/2023:09:05:11 -0500] "GET /BLA/resoluciones/RESOLUCIONES%202012/1320.pdf HTTP/1.1" 200 289703
216.245.221.92 - - [01/Oct/2023:09:06:36 -0500] "HEAD / HTTP/1.1" 200 -
181.53.12.124 - - [01/Oct/2023:09:08:21 -0500] "GET /kwssiamovil/sm/ldap/au?x=U2FsdGVkX183sesCDK27GNj+l1KlhPqpHoPdxqw8Rn/ixMwUPi+GF4kfk3lMFaCH&y=U2FsdGVkX1+i+7kM7ZY74dbI7CiFN4xjmZxsqGWTfU1Q+PafZtZZ+ixnSVfcZVqA HTTP/1.1" 200 30
181.53.12.124 - - [01/Oct/2023:09:08:21 -0500] "GET /kwssiamovil/sm/acme/s?s=U2FsdGVkX1+Stetv7yA2P8a+Xy1Pp3BYRU6LOdL8kCs8RNNeQSbcCWIrq3YHo3mdb/rkoD3sWSXLdrMLperUxvN6NhXieYiVl/ae0rVJkOg=&u=U2FsdGVkX19M6q00cnJiTvW5kX8BEffmy2dxZC+LQrY=&y=U2FsdGVkX1+i+7kM7ZY74dbI7CiFN4xjmZxsqGWTfU1Q+PafZtZZ+ixnSVfcZVqA HTTP/1.1" 200 97
181.53.12.124 - - [01/Oct/2023:09:08:22 -0500] "GET /kwssiamovil/sm/acme/s?s=U2FsdGVkX1+l95c2DmX7sXdD7Ot7VjmIZ3OrQMRqsVRvaZzSKmlxVauUrBLZTmhA+vji5xlXMiLu+Fifikat1ccRZj/AVcLPzhpxxbziKcQEOQ0lV7FOgVg8dXpBwb8KCHzay1L/+loZgOMxOUdSRjpLwzon8G1ITEcw8SnFXr6OWOKvibbqXrlxerrNvEzjWg9col43UfClShMcVI1NHav2a7YX+Hz9GIcRyehmwZ7S51n7PXEqCkUaQk4h3+IkD2LWXwIJAXFTxuW6xLQpMdpAFTTYxOlD8G7dYSlXFIhbckL/xNXgsbZyR4ry+1RMzVZidJ4f2oUCWVt5ON2uwz9ZAxbtWa8RprRwwcLTzxqxZ/njM1JInfb9qYYUbF/wu2M1Pl4FFBJQRflOZJbnBGwba5IjsfmhSATurJBDkfogolPYqLCzDRgqFgmPli7MCBJ6CueMn4pE1oJ4kMbNu+64NqlNCOSmRk14s9Sl21Gj0UZxr1K7SgBGf/RLT6wPD7t+cwB753YuJrlQMu4mfNW4pOaJQXUD0blaW7IoV0C3gLf5TS5lj39Fc/nPDVvEt6aeB5dDZLLnWQ4hKxNJOIJP5Tq4rmqbKts26pp+glGw157rJFrOZfES3M4bYr1VxxuHNWisyNPOPheLVyd5B2EH++ejGN1O9VblUKPonDgUjlmHE+wGbG9meecOcFwe3HkJdPPDTj+U3f9i+tFpENMhWAf5idwXCxxm7OIh0ouaM6iNHpUzlaOYdTxqH/xNzJeNRau9vxxgj9AejIiSRTUgMGqPrItrz37zrTP76t5luvuEpIeVulKAF2QKzEnakGGqnaPMb4l99C5v7evHXVENqv5HKHmKnGKrd2ZdGgOdPF4AP0gYC/ninXsrtqZthSwRMZTsp2p3dz9ba/T5JW0Oc9vfxLiCpz2srYCoLc1JJUGOHUAweUQwKKPqaH2MQYrsgSC7RRoYTg02t4DO9By/IIBKF/WiLhcHB+hjEg/RzWCURlJgr60lJMKtx8SjgalOTwAEec/aPh4j9tUVaFjzsL+6xfQFHLIkorsGFuznXNK3lxdhdnBWAxAyVVjPfuxPp79rvgQeIjkUjDnrCz0uArnsAhG+z2VzVk0wXLI6q5huRdvFYclnyU/PEmMJY97ksNNpGbG/QfAsEQ8oDunk2NQmfhcC8d1KX4OXcQSNaajRWjkuLmO/XERQvZuCVJBIVrqkipb64C2e8wQ0t73GK2YWzvVGc00OFigIdY0027bGTsvOlP9+UvzmUUe4Kf6Yah8g64TgdJ23SaNOXoER5WaGuW+QYO4nYpzCC5ZHKtui185NsaKxR/x4sXfIlgAGuQEoHybyPlvuFBoLsSkTQMEIPd3UCthc8wIJanRXEdKvNahz8UKojvGyjb0KZIjXRiwyEHTv1W9Lm223A4rSKtO1nX4vDP2Mkgm2cuY=&u=U2FsdGVkX19M6q00cnJiTvW5kX8BEffmy2dxZC+LQrY=&y=U2FsdGVkX1+i+7kM7ZY74dbI7CiFN4xjmZxsqGWTfU1Q+PafZtZZ+ixnSVfcZVqA HTTP/1.1" 200 384
181.53.12.124 - - [01/Oct/2023:09:08:22 -0500] "GET /kwssiamovil/sm/acme/s?s=U2FsdGVkX18tufP2/GGdV3n+PEhy1RhI+PIhbWTcc57xbS+4l/tTUlm4K8q0qcUCb+VodCUb2nq2rYEC1CtGddSFqJ5bERYM8rOXSVY2CYDL/iEmjto8xlXI4v++JdbR3CBDXRdDGpQtSvIQ9jczpYHXp/EARe+AS+GqNLa32oKSglb8d6Mi7qxI2BeKIsjulllxsUI5L+orFUzNxgjEfnBpLm+ZYTPPwFbXmAOMyWYHb9SZGPMlviQzLjvtWwBV3uQ9Rbkg7eqow5VMwAEjEOk1kiFy+csn/KuA8vZBCA1CpiZrb/Tg4n9iWCBCTdpR+cdBhkpmBLUjP0O26ELD7A==&u=U2FsdGVkX19M6q00cnJiTvW5kX8BEffmy2dxZC+LQrY=&y=U2FsdGVkX1+i+7kM7ZY74dbI7CiFN4xjmZxsqGWTfU1Q+PafZtZZ+ixnSVfcZVqA HTTP/1.1" 200 196
181.53.12.124 - - [01/Oct/2023:09:08:22 -0500] "GET /kwssiamovil/sm/cjson/pre?f=1&x=U2FsdGVkX183sesCDK27GNj+l1KlhPqpHoPdxqw8Rn/ixMwUPi+GF4kfk3lMFaCH HTTP/1.1" 200 31032
172.22.2.4 - - [01/Oct/2023:09:07:38 -0500] "HEAD /BLA/boletinlegal/ HTTP/1.1" 200 -
201.245.192.253 - - [01/Oct/2023:09:09:38 -0500] "POST /kwsrmcab/Wsrmcab  HTTP/1.1" 200 213
172.22.2.4 - - [01/Oct/2023:09:08:29 -0500] "GET /BLA/boletinlegal/ HTTP/1.1" 200 58187
216.245.221.92 - - [01/Oct/2023:09:11:36 -0500] "HEAD / HTTP/1.1" 200 -
123.183.224.68 - - [01/Oct/2023:09:12:04 -0500] "GET / HTTP/1.1" 200 319
40.77.167.41 - - [01/Oct/2023:09:13:46 -0500] "GET /Publicaciones/2023EE224034.pdf HTTP/1.1" 200 350310
100.21.253.41 - - [01/Oct/2023:09:13:56 -0500] "GET /portaldeninos/wp-content/uploads/2020/01/Tierra-escenario.jpg HTTP/1.1" 200 181491
201.245.192.253 - - [01/Oct/2023:09:14:36 -0500] "POST /kwsrmcab/Wsrmcab  HTTP/1.1" 200 213
172.22.2.4 - - [01/Oct/2023:09:13:28 -0500] "HEAD /BLA/boletinlegal/ HTTP/1.1" 200 -
40.77.167.79 - - [01/Oct/2023:09:15:35 -0500] "GET /Publicaciones/2023EE110203.pdf HTTP/1.1" 404 228
20.197.112.228 - - [01/Oct/2023:09:15:47 -0500] "GET /Publicaciones/2023EE110203.pdf HTTP/1.1" 404 228
207.46.13.17 - - [01/Oct/2023:09:15:52 -0500] "GET /BLA/resoluciones/RESOLUCIONES%202023/1277.pdf HTTP/1.1" 200 684209
216.245.221.92 - - [01/Oct/2023:09:16:36 -0500] "HEAD / HTTP/1.1" 200 -
166.0.218.50 - - [01/Oct/2023:09:17:12 -0500] "GET /portaldeninos/ HTTP/1.1" 200 110175
172.22.2.4 - - [01/Oct/2023:09:15:36 -0500] "GET /BLA/boletinlegal/ HTTP/1.1" 200 41922
172.22.2.4 - - [01/Oct/2023:09:15:39 -0500] "GET /BLA/boletinlegal/ HTTP/1.1" 200 41922
40.77.167.79 - - [01/Oct/2023:09:17:58 -0500] "GET /BLA/resoluciones/RESOLUCIONES%202021/1506.pdf HTTP/1.1" 200 909929
201.245.192.253 - - [01/Oct/2023:09:18:00 -0500] "POST /kwsrmcab/Wsrmcab HTTP/1.1" 200 42201
201.245.192.253 - - [01/Oct/2023:09:18:03 -0500] "POST /kwsrmcab/Wsrmcab HTTP/1.1" 200 43040
52.167.144.168 - - [01/Oct/2023:09:19:18 -0500] "GET /BLA/resoluciones/RESOLUCIONES%202021/2992.pdf HTTP/1.1" 200 348696
201.245.192.253 - - [01/Oct/2023:09:19:35 -0500] "POST /kwsrmcab/Wsrmcab  HTTP/1.1" 200 213
172.22.2.4 - - [01/Oct/2023:09:19:19 -0500] "HEAD /BLA/boletinlegal/ HTTP/1.1" 200 -
216.245.221.92 - - [01/Oct/2023:09:21:36 -0500] "HEAD / HTTP/1.1" 200 -
172.22.2.4 - - [01/Oct/2023:09:20:10 -0500] "GET /BLA/boletinlegal/ HTTP/1.1" 200 60342
52.167.144.136 - - [01/Oct/2023:09:22:52 -0500] "GET / HTTP/1.1" 200 319
201.245.192.253 - - [01/Oct/2023:09:24:34 -0500] "POST /kwsrmcab/Wsrmcab  HTTP/1.1" 200 213
216.245.221.92 - - [01/Oct/2023:09:26:36 -0500] "HEAD / HTTP/1.1" 200 -
172.22.2.4 - - [01/Oct/2023:09:25:09 -0500] "HEAD /BLA/boletinlegal/ HTTP/1.1" 200 -
216.244.66.195 - - [01/Oct/2023:09:26:51 -0500] "GET /BLA/resoluciones/AUTOS%202023/2018.pdf HTTP/1.1" 200 466932
216.244.66.195 - - [01/Oct/2023:09:27:31 -0500] "GET /BLA/resoluciones/AUTOS%202023/2729.pdf HTTP/1.1" 200 414065
201.245.192.253 - - [01/Oct/2023:09:27:59 -0500] "POST /kwsrmcab/Wsrmcab HTTP/1.1" 200 42201
172.22.2.4 - - [01/Oct/2023:09:26:24 -0500] "GET /BLA/boletinlegal/ HTTP/1.1" 200 59699
201.245.192.253 - - [01/Oct/2023:09:28:02 -0500] "POST /kwsrmcab/Wsrmcab HTTP/1.1" 200 43040
216.244.66.195 - - [01/Oct/2023:09:28:22 -0500] "GET /BLA/resoluciones/AUTOS%202023/3400.pdf HTTP/1.1" 200 1783510
40.77.167.143 - - [01/Oct/2023:09:28:29 -0500] "GET /BLA/resoluciones/RESOLUCIONES%202023/1587.pdf HTTP/1.1" 200 490060
216.244.66.195 - - [01/Oct/2023:09:29:12 -0500] "GET /BLA/resoluciones/AUTOS%202023/4108.pdf HTTP/1.1" 200 387325
201.245.192.253 - - [01/Oct/2023:09:29:33 -0500] "POST /kwsrmcab/Wsrmcab  HTTP/1.1" 200 213
216.244.66.195 - - [01/Oct/2023:09:29:56 -0500] "GET /BLA/resoluciones/RESOLUCIONES%202006/1869.tif HTTP/1.1" 200 424816
216.244.66.195 - - [01/Oct/2023:09:30:38 -0500] "GET /BLA/resoluciones/RESOLUCIONES%202006/2642.pdf HTTP/1.1" 200 272768
199.16.157.182 - - [01/Oct/2023:09:31:02 -0500] "GET /robots.txt HTTP/1.1" 404 1034
199.16.157.182 - - [01/Oct/2023:09:31:02 -0500] "GET /images/prendas-1_optimized.jpeg HTTP/1.1" 200 65869
199.16.157.180 - - [01/Oct/2023:09:31:04 -0500] "GET /robots.txt HTTP/1.1" 404 1034
199.16.157.180 - - [01/Oct/2023:09:31:04 -0500] "GET /images/prendas-1_optimized.jpeg HTTP/1.1" 200 65869
216.244.66.195 - - [01/Oct/2023:09:31:17 -0500] "GET /BLA/resoluciones/RESOLUCIONES%202006/2650.pdf HTTP/1.1" 200 65118
216.245.221.92 - - [01/Oct/2023:09:31:36 -0500] "HEAD / HTTP/1.1" 200 -
216.244.66.195 - - [01/Oct/2023:09:31:49 -0500] "GET /BLA/resoluciones/RESOLUCIONES%202020/0296.pdf HTTP/1.1" 200 343671
190.84.43.231 - - [01/Oct/2023:09:32:32 -0500] "GET /sipse/faces/index.xhtml HTTP/1.1" 200 677
190.84.43.231 - - [01/Oct/2023:09:32:32 -0500] "GET /sipse/faces/javax.faces.resource/theme.css?ln=primefaces-sipse HTTP/1.1" 200 50058
190.84.43.231 - - [01/Oct/2023:09:32:33 -0500] "GET /sipse/faces/faces/autenticacion.xhtml HTTP/1.1" 200 12412
216.244.66.195 - - [01/Oct/2023:09:32:33 -0500] "GET /BLA/resoluciones/RESOLUCIONES%202020/0515.pdf HTTP/1.1" 200 361805
190.84.43.231 - - [01/Oct/2023:09:32:33 -0500] "GET /sipse/js/disable_browser_buttons.js HTTP/1.1" 200 3230
190.84.43.231 - - [01/Oct/2023:09:32:33 -0500] "GET /sipse/js/funciones.js HTTP/1.1" 200 12592
190.84.43.231 - - [01/Oct/2023:09:32:33 -0500] "GET /sipse/css/custom_css_sg.css HTTP/1.1" 200 9694
190.84.43.231 - - [01/Oct/2023:09:32:33 -0500] "GET /sipse/css/custom_css_sg_prime_login.css HTTP/1.1" 200 443
190.84.43.231 - - [01/Oct/2023:09:32:33 -0500] "GET /sipse/faces/javax.faces.resource/layout/layout.css?ln=primefaces&v=4.0 HTTP/1.1" 200 542
190.84.43.231 - - [01/Oct/2023:09:32:33 -0500] "GET /sipse/faces/javax.faces.resource/theme.css?ln=primefaces-sipse HTTP/1.1" 304 -
190.84.43.231 - - [01/Oct/2023:09:32:33 -0500] "GET /sipse/faces/javax.faces.resource/jquery/jquery.js?ln=primefaces&v=4.0 HTTP/1.1" 200 105384
190.84.43.231 - - [01/Oct/2023:09:32:33 -0500] "GET /sipse/faces/javax.faces.resource/layout/layout.js?ln=primefaces&v=4.0 HTTP/1.1" 200 87560
190.84.43.231 - - [01/Oct/2023:09:32:33 -0500] "GET /sipse/faces/javax.faces.resource/primefaces.css?ln=primefaces&v=4.0 HTTP/1.1" 200 53295
190.84.43.231 - - [01/Oct/2023:09:32:33 -0500] "GET /sipse/faces/javax.faces.resource/jquery/jquery-plugins.js?ln=primefaces&v=4.0 HTTP/1.1" 200 220526
190.84.43.231 - - [01/Oct/2023:09:32:33 -0500] "GET /sipse/faces/javax.faces.resource/primefaces.js?ln=primefaces&v=4.0 HTTP/1.1" 200 276924
