186.102.92.180 - - [01/Oct/2023:20:43:14 -0500] "POST /kwssiamovil/sm/setfile/f? HTTP/1.1" 200 420
207.46.13.127 - - [01/Oct/2023:20:44:36 -0500] "GET /Publicaciones/2023EE227866.pdf HTTP/1.1" 200 2647277
172.22.2.4 - - [01/Oct/2023:20:43:05 -0500] "HEAD /BLA/boletinlegal/ HTTP/1.1" 200 -
172.22.2.4 - - [01/Oct/2023:20:43:55 -0500] "GET /BLA/boletinlegal/ HTTP/1.1" 200 60342
201.245.192.253 - - [01/Oct/2023:20:46:30 -0500] "POST /kwsrmcab/Wsrmcab  HTTP/1.1" 200 213
216.245.221.92 - - [01/Oct/2023:20:46:35 -0500] "HEAD / HTTP/1.1" 200 -
173.252.107.4 - - [01/Oct/2023:20:46:40 -0500] "GET /secretaria-de-ambiente-abre-espacio-de-formacion-para-comunicadores-sociales-y-periodistas.html HTTP/1.1" 200 860
181.237.160.28 - - [01/Oct/2023:20:47:09 -0500] "GET /kwssiamovil/sm/ldap/au?x=U2FsdGVkX18CF4ep0/+Iw3Q4g4Fw/KLc6msbE+qAXcfOc75qbLub6H/60ND21VRG&y=U2FsdGVkX1+smosHfxyNSlwc01jLElWyhIXJKwjM/30CtohYTQsXnRIPX7S/J1sM HTTP/1.1" 200 30
181.237.160.28 - - [01/Oct/2023:20:47:09 -0500] "GET /kwssiamovil/sm/acme/s?s=U2FsdGVkX1/9yiKR3EC1zrxy3pe9O0RB43SpX/jX1eFo1pD7YSI4dk794RJCvxcuTN+86KLCeI2kXbw8RhZnpECRMy8ohYLBbM+UKLEcLv8=&u=U2FsdGVkX19BREwXKWmkJdlWMwoGWSFYC/CkUd9EdGvA+w6QcDBFuzGP6J4nsm3R&y=U2FsdGVkX1+smosHfxyNSlwc01jLElWyhIXJKwjM/30CtohYTQsXnRIPX7S/J1sM HTTP/1.1" 200 97
181.237.160.28 - - [01/Oct/2023:20:47:09 -0500] "GET /kwssiamovil/sm/acme/s?s=U2FsdGVkX1+DzASDaBYlf4hZiSDgei5cG/mFF8Vy9tb2OSNn1nTsXwpdlEkpLp5wwyjdzU3qLsjCqbNAxXePrEOjYdQfaF2O4RQ3bcc9hpiex+Trpd46bVtwud2U/rpYYm2PKNhgPIgqdWWcnIlOP/nUdIOGM/GbQuOohVEdYcI3QrmIctA6u3j13jmbUf21xGYKhN9f/YX8bXu0khBdKWwxIr+KTtzu7qLj9/jHbHwgOq9AUPJH8WgIcPrp/ZlZxVAeu/7Q7iSvR7vRUXer8SHJZwra0G5ns/Coze8IBkcwF2v6rg1K9gxEhvkqZL/nho20wYgxcNOTNDduEkPPyzPAUoCBwrC4ujvM4OXp0qSzadDt5mSCplnxGZ3gKZFsNpM8j/3CsI6AA5GQK/Jnz+ckoyWcnB2OIfCysxH0l20EuV8DBF7LGpNRVDEzA0F5hHhZa6lGOPjuTu1G+RA6lksvCXoTRPXWfYEuMb4tiP39j5KleuMTjE/ETv9Xdoc1sr1wmmha3jlypkwnPQVZthVGcyLTXK/PPx1HQcQs4CQqfIM1pFGKd271kFch6rq+nAbv4PYNi4Zbn6Z3By5UimwbXf0K/V2NiOixQ+y2efT9+qvntyX9m0LloH12POJD8R9g9EWZ4Pdd0d21XZvk02fyQHCqTjARHdMzrOtc1AW4c54W6azfC6fsluvKsOt8OS1oFHTHBn9+OBnJYcv9Bzge1swlt67j0bMiWFh5GYjYpg8fTmIemfeN/deQ6oFgDNnNQO7+o7hR5kXtvxqrrY8tWa5eW2/ORiT2gwD7mpQ0b8AdTxIyiJub7738pCLGOQeqv3D+UwbKw8Ws+dycQ1+NbSktn0v/ljqQiXrck2q5dR2U/TX+qXo3SHvnUApF6SJjQFnriZxPgNznhIDQMCP7zgjkTMPwX2WUORfGFnhK212n5NJNffY4UmdbDlmetmjq7H9pk7Y9E3kl9fdJRoY8Oi9dVcSvXGn2acIpQzPujTR6mR4Z9XYBqFdDFPrnA8k8YR5csAONkFkTyFW3L4AniwDE0clNDk4YznEDeu3NZpqAFAuA1n40doeCc8OrkjirHcVq9HTRaNIx3kcJwF9cU5WH1cYzSPye7em5vSY5vrLSNsEZI+3SrVIx6gB8JKryi064hCUEtncXEEols0GR5FkumQgxlBASZy3PPXr81dErJZ053yg9TD/JxX6GJais2T6d55k0S/rl7f3F/1KqcH0MsxDNch+desmonkrrYkYijgMeAoR+/vV+PIsPNkUHhFSEuesDsDyDQIWknmnX/XhXFY7ao/w+LoBOFCq722/EifiByfda1Ztrg1ucptQH7E5EwfVF/qYnq/OL8pj/2XHXy5Q+htMQMeC3RkZF/yotoVn4/1Grc/Z09T9cJaLN+phMQeHRjOJdvsUJPuNhz4YaVaDYdd6Y2oCiMYw=&u=U2FsdGVkX19BREwXKWmkJdlWMwoGWSFYC/CkUd9EdGvA+w6QcDBFuzGP6J4nsm3R&y=U2FsdGVkX1+smosHfxyNSlwc01jLElWyhIXJKwjM/30CtohYTQsXnRIPX7S/J1sM HTTP/1.1" 200 1401
181.237.160.28 - - [01/Oct/2023:20:47:10 -0500] "GET /kwssiamovil/sm/acme/s?s=U2FsdGVkX18u14o7inxaOOGkpAdEZHDKThJL14jnZKSXyviH4VsXtZwZPWCVFnV0Qth9m2ZofGnDQQXRDrV+z1682RHSeN++nMDN+iIXg4U/TmLCLKGT6HnJOgskY7dUooixu/WXBhqjEmkAosBkKPHue1U2F2bhW4GsSQMYM2UZfWwu+OQQNOThjoPNfInuLed0XSuqxiP9ovypuWdB0++ZAtBSrkEq203/1cZ6/fJCqChZa2mNDO3Sv32j9dr5ACIeSoif6HE33myhgJQrdLNrYZ9Aw3kv3OFgaSosaOL1IZkG7vN++APl/OSwNeCWO/kFyWOZ5UqvNJlm30tjE/OCl7p/6u+p7tm/LJl7iaA=&u=U2FsdGVkX19BREwXKWmkJdlWMwoGWSFYC/CkUd9EdGvA+w6QcDBFuzGP6J4nsm3R&y=U2FsdGVkX1+smosHfxyNSlwc01jLElWyhIXJKwjM/30CtohYTQsXnRIPX7S/J1sM HTTP/1.1" 200 196
181.237.160.28 - - [01/Oct/2023:20:47:10 -0500] "GET /kwssiamovil/sm/cjson/pre?f=1&x=U2FsdGVkX18CF4ep0/+Iw3Q4g4Fw/KLc6msbE+qAXcfOc75qbLub6H/60ND21VRG HTTP/1.1" 200 31032
51.222.253.3 - - [01/Oct/2023:20:47:31 -0500] "GET /robots.txt HTTP/1.1" 404 1034
191.102.197.222 - - [01/Oct/2023:20:47:35 -0500] "OPTIONS /kwssiamovil/sm/setfile/f? HTTP/1.1" 200 13
191.102.197.222 - - [01/Oct/2023:20:47:35 -0500] "POST /kwssiamovil/sm/setfile/f? HTTP/1.1" 200 420
156.146.51.211 - - [01/Oct/2023:20:47:55 -0500] "GET /wp-login.php HTTP/1.1" 404 1018
172.22.2.4 - - [01/Oct/2023:20:48:17 -0500] "GET /BLA/boletinlegal/consulta_actos.php?tipo=resoluciones&no=2350&usuario=&sector=&fecha=2011&resuelve= HTTP/1.1" 200 626
172.22.2.4 - - [01/Oct/2023:20:48:17 -0500] "GET /BLA/boletinlegal/consulta_actos.php?tipo=resoluciones&no=2350&usuario=&sector=&fecha=2011&resuelve= HTTP/1.1" 200 626
172.22.2.4 - - [01/Oct/2023:20:48:19 -0500] "GET /BLA/boletinlegal/consulta_actos.php?tipo=resoluciones&no=2350&usuario=&sector=&fecha=2011&resuelve= HTTP/1.1" 200 626
172.22.2.4 - - [01/Oct/2023:20:48:20 -0500] "GET /BLA/boletinlegal/consulta_actos.php?tipo=resoluciones&no=2350&usuario=&sector=&fecha=2011&resuelve= HTTP/1.1" 200 626
172.22.2.4 - - [01/Oct/2023:20:48:20 -0500] "GET /BLA/boletinlegal/consulta_actos.php?tipo=resoluciones&no=2350&usuario=&sector=&fecha=2011&resuelve= HTTP/1.1" 200 626
172.22.2.4 - - [01/Oct/2023:20:48:23 -0500] "GET /BLA/boletinlegal/consulta_actos.php?tipo=resoluciones&no=2350&usuario=&sector=&fecha=2011&resuelve= HTTP/1.1" 200 626
172.22.2.4 - - [01/Oct/2023:20:48:26 -0500] "GET /BLA/boletinlegal/consulta_actos.php?tipo=resoluciones&no=2350&usuario=&sector=&fecha=2011&resuelve= HTTP/1.1" 200 626
172.22.2.4 - - [01/Oct/2023:20:48:26 -0500] "GET /BLA/boletinlegal/consulta_actos.php?tipo=resoluciones&no=2350&usuario=&sector=&fecha=2011&resuelve= HTTP/1.1" 200 626
172.22.2.4 - - [01/Oct/2023:20:48:26 -0500] "GET /BLA/boletinlegal/consulta_actos.php?tipo=resoluciones&no=2350&usuario=&sector=&fecha=2011&resuelve= HTTP/1.1" 200 626
172.22.2.4 - - [01/Oct/2023:20:48:26 -0500] "GET /BLA/boletinlegal/consulta_actos.php?tipo=resoluciones&no=2350&usuario=&sector=&fecha=2011&resuelve= HTTP/1.1" 200 626
201.221.172.93 - - [01/Oct/2023:20:48:27 -0500] "GET /BLA/resoluciones/ HTTP/1.1" 200 13696
201.221.172.93 - - [01/Oct/2023:20:48:27 -0500] "GET /BLA/resoluciones/dlf/styles.css HTTP/1.1" 200 3049
201.221.172.93 - - [01/Oct/2023:20:48:27 -0500] "GET /BLA/resoluciones/dlf/folder.png HTTP/1.1" 200 410
201.221.172.93 - - [01/Oct/2023:20:48:27 -0500] "GET /BLA/resoluciones/dlf/bg.gif HTTP/1.1" 200 54
201.221.172.93 - - [01/Oct/2023:20:48:30 -0500] "GET /BLA/resoluciones/dlf/dirup.png HTTP/1.1" 200 644
201.221.172.93 - - [01/Oct/2023:20:48:30 -0500] "GET /BLA/resoluciones/dlf/pdf.gif HTTP/1.1" 200 272
201.221.172.93 - - [01/Oct/2023:20:48:30 -0500] "GET /BLA/resoluciones/index.php?dir=RESOLUCIONES+2022%2F HTTP/1.1" 200 320796
201.221.172.93 - - [01/Oct/2023:20:48:30 -0500] "GET /BLA/resoluciones/dlf/archive.png HTTP/1.1" 200 632
201.221.172.93 - - [01/Oct/2023:20:48:47 -0500] "GET /BLA/resoluciones/index.php?dir= HTTP/1.1" 200 13696
201.221.172.93 - - [01/Oct/2023:20:48:51 -0500] "GET /BLA/resoluciones/index.php?dir=RESOLUCIONES+2023%2F HTTP/1.1" 200 83675
201.221.172.93 - - [01/Oct/2023:20:48:55 -0500] "GET /BLA/resoluciones/RESOLUCIONES%202023/4767.pdf HTTP/1.1" 200 500322
201.221.172.93 - - [01/Oct/2023:20:49:01 -0500] "GET /BLA/resoluciones/RESOLUCIONES%202023/4327.pdf HTTP/1.1" 200 399800
201.221.172.93 - - [01/Oct/2023:20:49:06 -0500] "GET /BLA/resoluciones/RESOLUCIONES%202023/1577.pdf HTTP/1.1" 200 408035
201.221.172.93 - - [01/Oct/2023:20:49:10 -0500] "GET /BLA/resoluciones/RESOLUCIONES%202023/1294.pdf HTTP/1.1" 200 373977
201.221.172.93 - - [01/Oct/2023:20:49:13 -0500] "GET /BLA/resoluciones/RESOLUCIONES%202023/1154.pdf HTTP/1.1" 200 381057
201.221.172.93 - - [01/Oct/2023:20:49:23 -0500] "GET /BLA/resoluciones/RESOLUCIONES%202023/1039.pdf HTTP/1.1" 200 544625
201.221.172.93 - - [01/Oct/2023:20:49:29 -0500] "GET /BLA/resoluciones/RESOLUCIONES%202023/0897.pdf HTTP/1.1" 200 509328
201.221.172.93 - - [01/Oct/2023:20:49:33 -0500] "GET /BLA/resoluciones/RESOLUCIONES%202023/0880.pdf HTTP/1.1" 200 398042
201.221.172.93 - - [01/Oct/2023:20:49:41 -0500] "GET /BLA/resoluciones/RESOLUCIONES%202023/0600.pdf HTTP/1.1" 200 4194247
207.46.13.130 - - [01/Oct/2023:20:49:47 -0500] "GET /forest/ HTTP/1.1" 200 12041
172.22.2.4 - - [01/Oct/2023:20:50:01 -0500] "GET /BLA/boletinlegal/consulta_actos.php?tipo=resoluciones&no=&usuario=ico%20vallas&sector=PEV&fecha=2023&resuelve= HTTP/1.1" 200 4320
172.22.2.4 - - [01/Oct/2023:20:50:01 -0500] "GET /BLA/boletinlegal/images/background.gif HTTP/1.1" 200 -
172.22.2.4 - - [01/Oct/2023:20:50:05 -0500] "GET /BLA/boletinlegal/jurisprudencia/analisis/CUADRO%20SENTENCIA%20C-222%20DE%202011.doc HTTP/1.1" 200 34816
201.221.172.93 - - [01/Oct/2023:20:50:10 -0500] "GET /BLA/resoluciones/RESOLUCIONES%202023/0138.pdf HTTP/1.1" 200 958400
172.22.2.4 - - [01/Oct/2023:20:48:55 -0500] "HEAD /BLA/boletinlegal/ HTTP/1.1" 200 -
172.22.2.4 - - [01/Oct/2023:20:50:49 -0500] "GET /BLA/boletinlegal/consulta_actos.php?tipo=resoluciones&no=&usuario=ico%20vallas&sector=PEV&fecha=2022&resuelve= HTTP/1.1" 200 2226
172.22.2.4 - - [01/Oct/2023:20:50:50 -0500] "GET /BLA/boletinlegal/consulta_actos.php?tipo=resoluciones&no=&usuario=ico%20vallas&sector=PEV&fecha=2022&resuelve= HTTP/1.1" 200 2226
172.22.2.4 - - [01/Oct/2023:20:50:59 -0500] "GET /BLA/boletinlegal/consulta_actos.php?tipo=resoluciones&no=&usuario=ico%20vallas&sector=PEV&fecha=2021&resuelve= HTTP/1.1" 200 626
172.22.2.4 - - [01/Oct/2023:20:51:00 -0500] "GET /BLA/boletinlegal/consulta_actos.php?tipo=resoluciones&no=&usuario=ico%20vallas&sector=PEV&fecha=2021&resuelve= HTTP/1.1" 200 626
172.22.2.4 - - [01/Oct/2023:20:51:03 -0500] "GET /BLA/boletinlegal/consulta_actos.php?tipo=resoluciones&no=&usuario=ico%20vallas&sector=PEV&fecha=2020&resuelve= HTTP/1.1" 200 626
172.22.2.4 - - [01/Oct/2023:20:51:04 -0500] "GET /BLA/boletinlegal/consulta_actos.php?tipo=resoluciones&no=&usuario=ico%20vallas&sector=PEV&fecha=2020&resuelve= HTTP/1.1" 200 626
172.22.2.4 - - [01/Oct/2023:20:51:06 -0500] "GET /BLA/boletinlegal/consulta_actos.php?tipo=resoluciones&no=&usuario=ico%20vallas&sector=PEV&fecha=2019&resuelve= HTTP/1.1" 200 626
172.22.2.4 - - [01/Oct/2023:20:51:09 -0500] "GET /BLA/boletinlegal/consulta_actos.php?tipo=resoluciones&no=&usuario=ico%20vallas&sector=PEV&fecha=2018&resuelve= HTTP/1.1" 200 626
172.22.2.4 - - [01/Oct/2023:20:49:46 -0500] "GET /BLA/boletinlegal/ HTTP/1.1" 200 60342
201.245.192.253 - - [01/Oct/2023:20:51:29 -0500] "POST /kwsrmcab/Wsrmcab  HTTP/1.1" 200 213
216.245.221.92 - - [01/Oct/2023:20:51:35 -0500] "HEAD / HTTP/1.1" 200 -
181.53.13.64 - - [01/Oct/2023:20:51:58 -0500] "GET /participa-en-la-convocatoria-para-el-aseguramiento-metrologico-de-la-red-de-monitoreo-de-calidad-del-aire-de-bogota.html HTTP/1.1" 304 -
168.119.253.13 - - [01/Oct/2023:20:52:17 -0500] "GET / HTTP/1.1" 200 4720
168.119.253.13 - - [01/Oct/2023:20:52:20 -0500] "GET / HTTP/1.1" 200 319
191.102.197.222 - - [01/Oct/2023:20:52:50 -0500] "OPTIONS /kwssiamovil/sm/setfile/f? HTTP/1.1" 200 13
191.102.197.222 - - [01/Oct/2023:20:52:51 -0500] "POST /kwssiamovil/sm/setfile/f? HTTP/1.1" 200 420
172.22.2.4 - - [01/Oct/2023:20:54:46 -0500] "HEAD /BLA/boletinlegal/ HTTP/1.1" 200 -
201.245.192.253 - - [01/Oct/2023:20:56:27 -0500] "POST /kwsrmcab/Wsrmcab  HTTP/1.1" 200 213
216.245.221.92 - - [01/Oct/2023:20:56:34 -0500] "HEAD / HTTP/1.1" 200 -
173.252.107.7 - - [01/Oct/2023:20:56:44 -0500] "GET /images/24%20de%20febrero%20Sendero%20guadalupe%202.jpeg HTTP/1.1" 200 70964
69.63.184.5 - - [01/Oct/2023:20:56:47 -0500] "GET /images/24%20de%20febrero%20Sendero%20guadalupe%202.jpeg HTTP/1.1" 200 70964
172.22.2.4 - - [01/Oct/2023:20:55:37 -0500] "GET /BLA/boletinlegal/ HTTP/1.1" 200 58187
201.245.192.253 - - [01/Oct/2023:21:01:25 -0500] "POST /kwsrmcab/Wsrmcab  HTTP/1.1" 200 213
216.245.221.92 - - [01/Oct/2023:21:01:34 -0500] "HEAD / HTTP/1.1" 200 -
172.22.2.4 - - [01/Oct/2023:21:00:36 -0500] "HEAD /BLA/boletinlegal/ HTTP/1.1" 200 -
172.22.2.4 - - [01/Oct/2023:21:01:26 -0500] "GET /BLA/boletinlegal/ HTTP/1.1" 200 60692
186.102.92.180 - - [01/Oct/2023:21:03:23 -0500] "OPTIONS /kwssiamovil/sm/setfile/f? HTTP/1.1" 200 13
186.102.92.180 - - [01/Oct/2023:21:03:23 -0500] "POST /kwssiamovil/sm/setfile/f? HTTP/1.1" 200 420
201.245.192.253 - - [01/Oct/2023:21:06:24 -0500] "POST /kwsrmcab/Wsrmcab  HTTP/1.1" 200 213
216.245.221.92 - - [01/Oct/2023:21:06:35 -0500] "HEAD / HTTP/1.1" 200 -
172.22.2.4 - - [01/Oct/2023:21:06:26 -0500] "HEAD /BLA/boletinlegal/ HTTP/1.1" 200 -
200.118.16.147 - - [01/Oct/2023:21:08:37 -0500] "POST /sipse/faces/presentacion/financiero/solicitudProceso/consultarSolicitudProceso.xhtml HTTP/1.1" 200 2781893
172.22.2.4 - - [01/Oct/2023:21:07:16 -0500] "GET /BLA/boletinlegal/ HTTP/1.1" 200 60342
200.118.16.147 - - [01/Oct/2023:21:09:06 -0500] "POST /sipse/faces/presentacion/financiero/solicitudProceso/consultarSolicitudProceso.xhtml HTTP/1.1" 200 43729
200.118.16.147 - - [01/Oct/2023:21:09:06 -0500] "GET /sipse/faces/javax.faces.resource/theme.css?ln=primefaces-sipse HTTP/1.1" 304 -
200.118.16.147 - - [01/Oct/2023:21:09:06 -0500] "GET /sipse/faces/javax.faces.resource/layout/layout.css?ln=primefaces&v=4.0 HTTP/1.1" 304 -
200.118.16.147 - - [01/Oct/2023:21:09:06 -0500] "GET /sipse/faces/javax.faces.resource/primefaces.css?ln=primefaces&v=4.0 HTTP/1.1" 304 -
200.118.16.147 - - [01/Oct/2023:21:09:06 -0500] "GET /sipse/faces/javax.faces.resource/jquery/jquery.js?ln=primefaces&v=4.0 HTTP/1.1" 304 -
200.118.16.147 - - [01/Oct/2023:21:09:06 -0500] "GET /sipse/faces/javax.faces.resource/jquery/jquery-plugins.js?ln=primefaces&v=4.0 HTTP/1.1" 304 -
200.118.16.147 - - [01/Oct/2023:21:09:06 -0500] "GET /sipse/faces/javax.faces.resource/primefaces.js?ln=primefaces&v=4.0 HTTP/1.1" 304 -
200.118.16.147 - - [01/Oct/2023:21:09:06 -0500] "GET /sipse/faces/javax.faces.resource/layout/layout.js?ln=primefaces&v=4.0 HTTP/1.1" 304 -
200.118.16.147 - - [01/Oct/2023:21:09:06 -0500] "POST /sipse/faces/presentacion/financiero/solicitudProceso/consultar.xhtml HTTP/1.1" 200 37091
200.118.16.147 - - [01/Oct/2023:21:09:07 -0500] "POST /sipse/faces/presentacion/financiero/solicitudProceso/consultar.xhtml HTTP/1.1" 200 37091
200.118.16.147 - - [01/Oct/2023:21:09:25 -0500] "POST /sipse/faces/presentacion/financiero/solicitudProceso/consultar.xhtml HTTP/1.1" 200 39358
200.118.16.147 - - [01/Oct/2023:21:09:41 -0500] "POST /sipse/faces/presentacion/financiero/solicitudProceso/consultar.xhtml HTTP/1.1" 200 104084
200.118.16.147 - - [01/Oct/2023:21:09:41 -0500] "GET /sipse/faces/javax.faces.resource/theme.css?ln=primefaces-sipse HTTP/1.1" 304 -
200.118.16.147 - - [01/Oct/2023:21:09:41 -0500] "GET /sipse/faces/javax.faces.resource/primefaces.css?ln=primefaces&v=4.0 HTTP/1.1" 304 -
200.118.16.147 - - [01/Oct/2023:21:09:41 -0500] "GET /sipse/faces/javax.faces.resource/layout/layout.css?ln=primefaces&v=4.0 HTTP/1.1" 304 -
200.118.16.147 - - [01/Oct/2023:21:09:41 -0500] "GET /sipse/faces/javax.faces.resource/jquery/jquery.js?ln=primefaces&v=4.0 HTTP/1.1" 304 -
200.118.16.147 - - [01/Oct/2023:21:09:41 -0500] "GET /sipse/faces/javax.faces.resource/jquery/jquery-plugins.js?ln=primefaces&v=4.0 HTTP/1.1" 304 -
200.118.16.147 - - [01/Oct/2023:21:09:42 -0500] "GET /sipse/faces/javax.faces.resource/primefaces.js?ln=primefaces&v=4.0 HTTP/1.1" 304 -
200.118.16.147 - - [01/Oct/2023:21:09:42 -0500] "GET /sipse/faces/javax.faces.resource/layout/layout.js?ln=primefaces&v=4.0 HTTP/1.1" 304 -
200.118.16.147 - - [01/Oct/2023:21:09:42 -0500] "GET /sipse/faces/javax.faces.resource/dynamiccontent.properties?ln=primefaces&pfdrid=XjOR5%2F%2FfPAZAuY9TpWQeCiM0BhlXxYRBGKi%2FQcXXfeA%3D&pfdrid_c=false HTTP/1.1" 500 383
200.118.16.147 - - [01/Oct/2023:21:09:51 -0500] "POST /sipse/faces/presentacion/financiero/solicitudProceso/consultarSolicitudProceso.xhtml HTTP/1.1" 200 56217
201.245.192.253 - - [01/Oct/2023:21:11:22 -0500] "POST /kwsrmcab/Wsrmcab  HTTP/1.1" 200 213
172.22.2.4 - - [01/Oct/2023:21:09:49 -0500] "GET /BLA/boletinlegal/index.php HTTP/1.1" 200 62286
216.245.221.92 - - [01/Oct/2023:21:11:34 -0500] "HEAD / HTTP/1.1" 200 -
172.22.2.4 - - [01/Oct/2023:21:11:39 -0500] "GET /BLA/boletinlegal/js/jquery.js HTTP/1.1" 200 57254
172.22.2.4 - - [01/Oct/2023:21:11:45 -0500] "GET /BLA/boletinlegal/js/jquery.scrollShow.js HTTP/1.1" 200 4586
172.22.2.4 - - [01/Oct/2023:21:11:45 -0500] "GET /BLA/boletinlegal/js/jquery.scrollTo-min.js HTTP/1.1" 200 1150
66.249.66.193 - - [01/Oct/2023:21:11:52 -0500] "GET /como-hacer-uso-de-la-publicidad-exterior-visual-en-epoca-electoral.html HTTP/1.1" 304 -
45.79.181.94 - - [01/Oct/2023:21:12:56 -0500] "\x16\x03\x01" 400 226
172.22.2.4 - - [01/Oct/2023:21:12:16 -0500] "HEAD /BLA/boletinlegal/ HTTP/1.1" 200 -
200.118.16.147 - - [01/Oct/2023:21:14:27 -0500] "POST /sipse/faces/presentacion/financiero/solicitudProceso/consultarSolicitudProceso.xhtml HTTP/1.1" 200 74066
200.118.16.147 - - [01/Oct/2023:21:14:28 -0500] "GET /sipse/faces/javax.faces.resource/theme.css?ln=primefaces-sipse HTTP/1.1" 304 -
200.118.16.147 - - [01/Oct/2023:21:14:28 -0500] "GET /sipse/faces/javax.faces.resource/layout/layout.css?ln=primefaces&v=4.0 HTTP/1.1" 304 -
200.118.16.147 - - [01/Oct/2023:21:14:28 -0500] "GET /sipse/faces/javax.faces.resource/primefaces.css?ln=primefaces&v=4.0 HTTP/1.1" 304 -
200.118.16.147 - - [01/Oct/2023:21:14:28 -0500] "GET /sipse/faces/javax.faces.resource/jquery/jquery.js?ln=primefaces&v=4.0 HTTP/1.1" 304 -
200.118.16.147 - - [01/Oct/2023:21:14:28 -0500] "GET /sipse/faces/javax.faces.resource/primefaces.js?ln=primefaces&v=4.0 HTTP/1.1" 304 -
200.118.16.147 - - [01/Oct/2023:21:14:28 -0500] "GET /sipse/faces/javax.faces.resource/jquery/jquery-plugins.js?ln=primefaces&v=4.0 HTTP/1.1" 304 -
200.118.16.147 - - [01/Oct/2023:21:14:28 -0500] "GET /sipse/faces/javax.faces.resource/layout/layout.js?ln=primefaces&v=4.0 HTTP/1.1" 304 -
200.118.16.147 - - [01/Oct/2023:21:14:28 -0500] "GET /sipse/css/imagen/contrasena.png HTTP/1.1" 404 383
200.118.16.147 - - [01/Oct/2023:21:14:28 -0500] "GET /sipse/faces/javax.faces.resource/images/ui-icons_898989_256x240.png?ln=primefaces-aristo HTTP/1.1" 304 -
34.90.15.255 - - [01/Oct/2023:21:14:29 -0500] "GET /proximo-4-de-octubre-simulacro-distrital-de-evacuacion-dia-y-noche.html HTTP/1.1" 200 783
172.22.2.4 - - [01/Oct/2023:21:13:06 -0500] "GET /BLA/boletinlegal/ HTTP/1.1" 200 58187
200.118.16.147 - - [01/Oct/2023:21:14:48 -0500] "GET /sipse/faces/javax.faces.resource/images/ui-bg_flat_0_2d5972_40x100.png?ln=primefaces-aristo HTTP/1.1" 304 -
200.118.16.147 - - [01/Oct/2023:21:14:48 -0500] "POST /sipse/faces/presentacion/financiero/solicitudProceso/consultar.xhtml HTTP/1.1" 200 113011
200.118.16.147 - - [01/Oct/2023:21:14:49 -0500] "GET /sipse/faces/javax.faces.resource/primefaces.css?ln=primefaces&v=4.0 HTTP/1.1" 304 -
200.118.16.147 - - [01/Oct/2023:21:14:49 -0500] "GET /sipse/faces/javax.faces.resource/theme.css?ln=primefaces-sipse HTTP/1.1" 304 -
200.118.16.147 - - [01/Oct/2023:21:14:49 -0500] "GET /sipse/faces/javax.faces.resource/layout/layout.css?ln=primefaces&v=4.0 HTTP/1.1" 304 -
200.118.16.147 - - [01/Oct/2023:21:14:49 -0500] "GET /sipse/faces/javax.faces.resource/jquery/jquery.js?ln=primefaces&v=4.0 HTTP/1.1" 304 -
200.118.16.147 - - [01/Oct/2023:21:14:49 -0500] "GET /sipse/faces/javax.faces.resource/jquery/jquery-plugins.js?ln=primefaces&v=4.0 HTTP/1.1" 304 -
200.118.16.147 - - [01/Oct/2023:21:14:49 -0500] "GET /sipse/faces/javax.faces.resource/primefaces.js?ln=primefaces&v=4.0 HTTP/1.1" 304 -
200.118.16.147 - - [01/Oct/2023:21:14:49 -0500] "GET /sipse/faces/javax.faces.resource/layout/layout.js?ln=primefaces&v=4.0 HTTP/1.1" 304 -
200.118.16.147 - - [01/Oct/2023:21:14:49 -0500] "GET /sipse/faces/javax.faces.resource/dynamiccontent.properties?ln=primefaces&pfdrid=XjOR5%2F%2FfPAZAuY9TpWQeCiM0BhlXxYRBGKi%2FQcXXfeA%3D&pfdrid_c=false HTTP/1.1" 500 383
200.118.16.147 - - [01/Oct/2023:21:15:13 -0500] "POST /sipse/faces/presentacion/financiero/solicitudProceso/consultarSolicitudProceso.xhtml HTTP/1.1" 200 58267
201.245.192.253 - - [01/Oct/2023:21:16:21 -0500] "POST /kwsrmcab/Wsrmcab  HTTP/1.1" 200 213
200.118.16.147 - - [01/Oct/2023:21:16:31 -0500] "POST /sipse/faces/presentacion/financiero/solicitudProceso/consultar.xhtml HTTP/1.1" 200 29766
216.245.221.92 - - [01/Oct/2023:21:16:34 -0500] "HEAD / HTTP/1.1" 200 -
200.118.16.147 - - [01/Oct/2023:21:16:47 -0500] "POST /sipse/faces/presentacion/financiero/solicitudProceso/consultar.xhtml HTTP/1.1" 200 125182
200.118.16.147 - - [01/Oct/2023:21:16:48 -0500] "GET /sipse/faces/javax.faces.resource/theme.css?ln=primefaces-sipse HTTP/1.1" 304 -
200.118.16.147 - - [01/Oct/2023:21:16:48 -0500] "GET /sipse/faces/javax.faces.resource/primefaces.css?ln=primefaces&v=4.0 HTTP/1.1" 304 -
200.118.16.147 - - [01/Oct/2023:21:16:48 -0500] "GET /sipse/faces/javax.faces.resource/layout/layout.css?ln=primefaces&v=4.0 HTTP/1.1" 304 -
200.118.16.147 - - [01/Oct/2023:21:16:48 -0500] "GET /sipse/faces/javax.faces.resource/jquery/jquery.js?ln=primefaces&v=4.0 HTTP/1.1" 304 -
200.118.16.147 - - [01/Oct/2023:21:16:48 -0500] "GET /sipse/faces/javax.faces.resource/jquery/jquery-plugins.js?ln=primefaces&v=4.0 HTTP/1.1" 304 -
200.118.16.147 - - [01/Oct/2023:21:16:48 -0500] "GET /sipse/faces/javax.faces.resource/primefaces.js?ln=primefaces&v=4.0 HTTP/1.1" 304 -
200.118.16.147 - - [01/Oct/2023:21:16:48 -0500] "GET /sipse/faces/javax.faces.resource/layout/layout.js?ln=primefaces&v=4.0 HTTP/1.1" 304 -
200.118.16.147 - - [01/Oct/2023:21:16:48 -0500] "GET /sipse/faces/javax.faces.resource/dynamiccontent.properties?ln=primefaces&pfdrid=XjOR5%2F%2FfPAZAuY9TpWQeCiM0BhlXxYRBGKi%2FQcXXfeA%3D&pfdrid_c=false HTTP/1.1" 500 383
200.118.16.147 - - [01/Oct/2023:21:16:59 -0500] "POST /sipse/faces/presentacion/financiero/solicitudProceso/consultarSolicitudProceso.xhtml HTTP/1.1" 200 370057
200.118.16.147 - - [01/Oct/2023:21:17:42 -0500] "POST /sipse/faces/presentacion/financiero/solicitudProceso/consultarSolicitudProceso.xhtml HTTP/1.1" 200 74066
200.118.16.147 - - [01/Oct/2023:21:17:43 -0500] "GET /sipse/faces/javax.faces.resource/theme.css?ln=primefaces-sipse HTTP/1.1" 304 -
200.118.16.147 - - [01/Oct/2023:21:17:43 -0500] "GET /sipse/faces/javax.faces.resource/primefaces.css?ln=primefaces&v=4.0 HTTP/1.1" 304 -
200.118.16.147 - - [01/Oct/2023:21:17:43 -0500] "GET /sipse/faces/javax.faces.resource/layout/layout.css?ln=primefaces&v=4.0 HTTP/1.1" 304 -
200.118.16.147 - - [01/Oct/2023:21:17:43 -0500] "GET /sipse/faces/javax.faces.resource/primefaces.js?ln=primefaces&v=4.0 HTTP/1.1" 304 -
200.118.16.147 - - [01/Oct/2023:21:17:43 -0500] "GET /sipse/faces/javax.faces.resource/jquery/jquery-plugins.js?ln=primefaces&v=4.0 HTTP/1.1" 304 -
200.118.16.147 - - [01/Oct/2023:21:17:43 -0500] "GET /sipse/faces/javax.faces.resource/jquery/jquery.js?ln=primefaces&v=4.0 HTTP/1.1" 304 -
200.118.16.147 - - [01/Oct/2023:21:17:43 -0500] "GET /sipse/faces/javax.faces.resource/layout/layout.js?ln=primefaces&v=4.0 HTTP/1.1" 304 -
200.118.16.147 - - [01/Oct/2023:21:17:52 -0500] "POST /sipse/faces/presentacion/financiero/solicitudProceso/consultar.xhtml HTTP/1.1" 200 30371
200.118.16.147 - - [01/Oct/2023:21:17:58 -0500] "POST /sipse/faces/presentacion/financiero/solicitudProceso/consultar.xhtml HTTP/1.1" 200 111988
200.118.16.147 - - [01/Oct/2023:21:17:58 -0500] "GET /sipse/faces/javax.faces.resource/theme.css?ln=primefaces-sipse HTTP/1.1" 304 -
200.118.16.147 - - [01/Oct/2023:21:17:58 -0500] "GET /sipse/faces/javax.faces.resource/primefaces.css?ln=primefaces&v=4.0 HTTP/1.1" 304 -
200.118.16.147 - - [01/Oct/2023:21:17:58 -0500] "GET /sipse/faces/javax.faces.resource/layout/layout.css?ln=primefaces&v=4.0 HTTP/1.1" 304 -
200.118.16.147 - - [01/Oct/2023:21:17:58 -0500] "GET /sipse/faces/javax.faces.resource/jquery/jquery.js?ln=primefaces&v=4.0 HTTP/1.1" 304 -
200.118.16.147 - - [01/Oct/2023:21:17:58 -0500] "GET /sipse/faces/javax.faces.resource/jquery/jquery-plugins.js?ln=primefaces&v=4.0 HTTP/1.1" 304 -
200.118.16.147 - - [01/Oct/2023:21:17:58 -0500] "GET /sipse/faces/javax.faces.resource/primefaces.js?ln=primefaces&v=4.0 HTTP/1.1" 304 -
200.118.16.147 - - [01/Oct/2023:21:17:58 -0500] "GET /sipse/faces/javax.faces.resource/layout/layout.js?ln=primefaces&v=4.0 HTTP/1.1" 304 -
200.118.16.147 - - [01/Oct/2023:21:17:59 -0500] "GET /sipse/faces/javax.faces.resource/dynamiccontent.properties?ln=primefaces&pfdrid=XjOR5%2F%2FfPAZAuY9TpWQeCiM0BhlXxYRBGKi%2FQcXXfeA%3D&pfdrid_c=false HTTP/1.1" 500 383
201.245.192.253 - - [01/Oct/2023:21:17:57 -0500] "POST /kwsrmcab/Wsrmcab HTTP/1.1" 200 43751
201.245.192.253 - - [01/Oct/2023:21:18:00 -0500] "POST /kwsrmcab/Wsrmcab HTTP/1.1" 200 40946
200.118.16.147 - - [01/Oct/2023:21:18:17 -0500] "POST /sipse/faces/presentacion/financiero/solicitudProceso/consultarSolicitudProceso.xhtml HTTP/1.1" 200 53063
172.22.2.4 - - [01/Oct/2023:21:18:05 -0500] "HEAD /BLA/boletinlegal/ HTTP/1.1" 200 -
172.22.2.4 - - [01/Oct/2023:21:18:06 -0500] "GET /BLA/boletinlegal/ HTTP/1.1" 200 50177
172.22.2.4 - - [01/Oct/2023:21:18:56 -0500] "GET /BLA/boletinlegal/ HTTP/1.1" 200 52656
31.13.127.13 - - [01/Oct/2023:21:20:45 -0500] "GET /tres-entidades-distritales-ganadoras-del-concurso-al-trabajo-en-bici.html HTTP/1.1" 200 945
50.17.117.213 - - [01/Oct/2023:21:21:22 -0500] "GET /proximo-4-de-octubre-simulacro-distrital-de-evacuacion-dia-y-noche.html HTTP/1.1" 200 783
201.245.192.253 - - [01/Oct/2023:21:21:20 -0500] "POST /kwsrmcab/Wsrmcab  HTTP/1.1" 200 213
216.245.221.92 - - [01/Oct/2023:21:21:34 -0500] "HEAD / HTTP/1.1" 200 -
50.17.117.213 - - [01/Oct/2023:21:22:02 -0500] "GET /portaldeninos/ HTTP/1.1" 200 110175
172.22.2.4 - - [01/Oct/2023:21:22:06 -0500] "GET /BLA/boletinlegal/actos.php HTTP/1.1" 200 9682
200.118.16.147 - - [01/Oct/2023:21:22:06 -0500] "POST /sipse/faces/presentacion/financiero/solicitudProceso/consultarSolicitudProceso.xhtml HTTP/1.1" 200 1527631
52.167.144.222 - - [01/Oct/2023:21:22:11 -0500] "GET /BLA/resoluciones/AUTOS%202021/2059.pdf HTTP/1.1" 304 -
200.118.16.147 - - [01/Oct/2023:21:22:24 -0500] "POST /sipse/faces/presentacion/financiero/solicitudProceso/consultarSolicitudProceso.xhtml HTTP/1.1" 200 233265
66.249.66.20 - - [01/Oct/2023:21:23:03 -0500] "GET /Publicaciones/2022EE310469.pdf HTTP/1.1" 404 228
172.22.2.4 - - [01/Oct/2023:21:23:56 -0500] "HEAD /BLA/boletinlegal/ HTTP/1.1" 200 -
201.245.192.253 - - [01/Oct/2023:21:26:18 -0500] "POST /kwsrmcab/Wsrmcab  HTTP/1.1" 200 213
172.22.2.4 - - [01/Oct/2023:21:24:46 -0500] "GET /BLA/boletinlegal/ HTTP/1.1" 200 58187
216.245.221.92 - - [01/Oct/2023:21:26:34 -0500] "HEAD / HTTP/1.1" 200 -
201.245.192.253 - - [01/Oct/2023:21:27:57 -0500] "POST /kwsrmcab/Wsrmcab HTTP/1.1" 200 43751
201.245.192.253 - - [01/Oct/2023:21:28:01 -0500] "POST /kwsrmcab/Wsrmcab HTTP/1.1" 200 40946
173.252.107.119 - - [01/Oct/2023:21:30:15 -0500] "GET /distrito-entrego-certificado-de-reconocimiento-a-mas-de-600-mujeres-que-reverdecen-tras-seis-meses-de-formacion-teorica-y-practica.html HTTP/1.1" 200 1113
201.245.192.253 - - [01/Oct/2023:21:31:17 -0500] "POST /kwsrmcab/Wsrmcab  HTTP/1.1" 200 213
172.22.2.4 - - [01/Oct/2023:21:29:46 -0500] "HEAD /BLA/boletinlegal/ HTTP/1.1" 200 -
216.245.221.92 - - [01/Oct/2023:21:31:34 -0500] "HEAD / HTTP/1.1" 200 -
172.22.2.4 - - [01/Oct/2023:21:30:36 -0500] "GET /BLA/boletinlegal/ HTTP/1.1" 200 58187
69.63.184.1 - - [01/Oct/2023:21:32:32 -0500] "GET /en-semana-santa-no-uses-palmas-ni-traigas-o-consumas-animales-silvestres.html HTTP/1.1" 200 959
69.164.217.245 - - [01/Oct/2023:21:33:31 -0500] "GET / HTTP/1.1" 200 319
172.22.2.4 - - [01/Oct/2023:21:33:48 -0500] "GET /BLA/boletinlegal/jurisprudencia/analisis/analisis%20C-595-2010.doc HTTP/1.1" 200 39424
172.104.11.34 - - [01/Oct/2023:21:34:07 -0500] "GET / HTTP/1.1" 200 319
172.22.2.4 - - [01/Oct/2023:21:33:12 -0500] "GET /BLA/boletinlegal/ HTTP/1.1" 200 62286
52.167.144.205 - - [01/Oct/2023:21:34:57 -0500] "GET /Publicaciones/2023EE194528.pdf HTTP/1.1" 404 228
64.124.8.39 - - [01/Oct/2023:21:35:19 -0500] "GET /catalogoisis/imagenes/aceptar1.gif HTTP/1.1" 304 -
64.124.8.39 - - [01/Oct/2023:21:35:24 -0500] "GET /catalogoisis/imagenes/Header.gif HTTP/1.1" 200 27040
64.124.8.39 - - [01/Oct/2023:21:35:24 -0500] "GET /catalogoisis/imagenes/br3c1.gif HTTP/1.1" 304 -
64.124.8.39 - - [01/Oct/2023:21:35:36 -0500] "GET /catalogoisis/imagenes/br3c2.gif HTTP/1.1" 304 -
52.167.144.55 - - [01/Oct/2023:21:35:57 -0500] "GET /robots.txt HTTP/1.1" 404 1034
201.245.192.253 - - [01/Oct/2023:21:36:16 -0500] "POST /kwsrmcab/Wsrmcab  HTTP/1.1" 200 213
216.245.221.92 - - [01/Oct/2023:21:36:34 -0500] "HEAD / HTTP/1.1" 200 -
172.22.2.4 - - [01/Oct/2023:21:37:07 -0500] "GET /BLA/boletinlegal/Circulares/2019/.pdf HTTP/1.1" 404 1218
172.22.2.4 - - [01/Oct/2023:21:35:35 -0500] "HEAD /BLA/boletinlegal/ HTTP/1.1" 200 -
172.22.2.4 - - [01/Oct/2023:21:37:16 -0500] "GET /BLA/boletinlegal/Circulares/2012/Circular%20No.%2010%20del%2026%20de%20Enero%20de%202012.pdf HTTP/1.1" 404 1218
201.245.192.253 - - [01/Oct/2023:21:37:57 -0500] "POST /kwsrmcab/Wsrmcab HTTP/1.1" 200 43751
201.245.192.253 - - [01/Oct/2023:21:38:00 -0500] "POST /kwsrmcab/Wsrmcab HTTP/1.1" 200 40946
172.22.2.4 - - [01/Oct/2023:21:36:26 -0500] "GET /BLA/boletinlegal/ HTTP/1.1" 200 60692
172.22.2.4 - - [01/Oct/2023:21:38:30 -0500] "GET /BLA/boletinlegal/Electron/download/windows/%5CProgram%20Files%5C3CX%20Phone%20System%5CData%5CDB%5Cbase%5C16384%5C16393 HTTP/1.1" 404 1018
200.118.16.147 - - [01/Oct/2023:21:39:27 -0500] "POST /sipse/faces/presentacion/financiero/solicitudProceso/consultarSolicitudProceso.xhtml HTTP/1.1" 200 53063
80.82.77.33 - - [01/Oct/2023:21:40:53 -0500] "GET / HTTP/1.1" 200 319
80.82.77.33 - - [01/Oct/2023:21:40:53 -0500] "GET /robots.txt HTTP/1.1" 404 1018
80.82.77.33 - - [01/Oct/2023:21:40:54 -0500] "GET /sitemap.xml HTTP/1.1" 404 1018
80.82.77.33 - - [01/Oct/2023:21:40:54 -0500] "GET /.well-known/security.txt HTTP/1.1" 404 1018
80.82.77.33 - - [01/Oct/2023:21:40:55 -0500] "GET /favicon.ico HTTP/1.1" 200 7782
201.245.192.253 - - [01/Oct/2023:21:41:14 -0500] "POST /kwsrmcab/Wsrmcab  HTTP/1.1" 200 213
216.245.221.92 - - [01/Oct/2023:21:41:34 -0500] "HEAD / HTTP/1.1" 200 -
172.22.2.4 - - [01/Oct/2023:21:42:20 -0500] "GET /BLA/boletinlegal/jurisprudencia/analisis/AnalisisC-035-16.docx HTTP/1.1" 200 25011
172.22.2.4 - - [01/Oct/2023:21:41:25 -0500] "HEAD /BLA/boletinlegal/ HTTP/1.1" 200 -
172.22.2.4 - - [01/Oct/2023:21:42:16 -0500] "GET /BLA/boletinlegal/ HTTP/1.1" 200 60692
201.245.192.253 - - [01/Oct/2023:21:46:13 -0500] "POST /kwsrmcab/Wsrmcab  HTTP/1.1" 200 213
216.245.221.92 - - [01/Oct/2023:21:46:34 -0500] "HEAD / HTTP/1.1" 200 -
117.3.252.146 - - [01/Oct/2023:21:47:07 -0500] "GET /BLA/resoluciones/AUTOS%202014/5242.pdf HTTP/1.1" 200 592416
52.167.144.137 - - [01/Oct/2023:21:47:40 -0500] "GET /BLA/resoluciones/index.php?dir=RESOLUCIONES+2014%2F HTTP/1.1" 200 334019
172.22.2.4 - - [01/Oct/2023:21:47:15 -0500] "HEAD /BLA/boletinlegal/ HTTP/1.1" 200 -
172.22.2.4 - - [01/Oct/2023:21:48:06 -0500] "GET /BLA/boletinlegal/ HTTP/1.1" 200 56607
52.167.144.140 - - [01/Oct/2023:21:50:45 -0500] "GET /abierta-convocatoria-para-postular-a-organizaciones-que-desarrollan-actividades-de-voluntariado-ambiental-en-bogota.html HTTP/1.1" 200 880
201.245.192.253 - - [01/Oct/2023:21:51:10 -0500] "POST /kwsrmcab/Wsrmcab  HTTP/1.1" 200 213
40.77.167.24 - - [01/Oct/2023:21:51:19 -0500] "GET / HTTP/1.1" 200 4720
216.245.221.92 - - [01/Oct/2023:21:51:34 -0500] "HEAD / HTTP/1.1" 200 -
52.167.144.226 - - [01/Oct/2023:21:51:45 -0500] "GET /svr-ciudadano/ HTTP/1.1" 200 101808
52.167.144.226 - - [01/Oct/2023:21:51:46 -0500] "GET /Publicaciones/2023EE110333.pdf HTTP/1.1" 404 228
190.145.240.68 - - [01/Oct/2023:21:52:33 -0500] "GET /forest/ HTTP/1.1" 200 12041
190.145.240.68 - - [01/Oct/2023:21:52:44 -0500] "POST /forest/index.php HTTP/1.1" 200 12268
52.167.144.66 - - [01/Oct/2023:21:52:56 -0500] "GET /robots.txt HTTP/1.1" 404 1018
172.22.2.4 - - [01/Oct/2023:21:53:55 -0500] "GET /BLA/boletinlegal/conceptos.php HTTP/1.1" 200 7496
172.22.2.4 - - [01/Oct/2023:21:53:56 -0500] "GET /BLA/boletinlegal/consulta_conceptos.php?no=&solicitante=&radicado_entrada=&fecha_concepto=2023&objeto= HTTP/1.1" 200 26371
172.22.2.4 - - [01/Oct/2023:21:53:05 -0500] "HEAD /BLA/boletinlegal/ HTTP/1.1" 200 -
172.22.2.4 - - [01/Oct/2023:21:53:54 -0500] "GET /BLA/boletinlegal/ HTTP/1.1" 200 24523
123.126.50.96 - - [01/Oct/2023:21:55:09 -0500] "GET / HTTP/1.1" 200 319
172.22.2.4 - - [01/Oct/2023:21:53:56 -0500] "GET /BLA/boletinlegal/ HTTP/1.1" 200 52656
201.245.192.253 - - [01/Oct/2023:21:56:09 -0500] "POST /kwsrmcab/Wsrmcab  HTTP/1.1" 200 213
216.245.221.92 - - [01/Oct/2023:21:56:34 -0500] "HEAD / HTTP/1.1" 200 -
157.55.39.203 - - [01/Oct/2023:21:57:23 -0500] "GET /BLA/boletinlegal/Directivas/2011/Directiva%20No.%205%20del%2029%20de%20Agosto%20de%202011.pdf HTTP/1.1" 304 -
172.22.2.4 - - [01/Oct/2023:21:55:50 -0500] "GET /BLA/boletinlegal/ HTTP/1.1" 200 62286
172.22.2.4 - - [01/Oct/2023:21:58:57 -0500] "GET /BLA/boletinlegal/favicon.ico HTTP/1.1" 404 1038
172.22.2.4 - - [01/Oct/2023:22:00:11 -0500] "GET /BLA/boletinlegal/images/arr_l.jpg HTTP/1.1" 200 1979
172.22.2.4 - - [01/Oct/2023:21:58:55 -0500] "HEAD /BLA/boletinlegal/ HTTP/1.1" 200 -
172.22.2.4 - - [01/Oct/2023:22:00:50 -0500] "GET /BLA/boletinlegal/admin/config.php HTTP/1.1" 200 -
201.245.192.253 - - [01/Oct/2023:22:01:08 -0500] "POST /kwsrmcab/Wsrmcab  HTTP/1.1" 200 213
172.22.2.4 - - [01/Oct/2023:22:01:13 -0500] "GET /BLA/boletinlegal/images/pdf.gif HTTP/1.1" 200 567
172.22.2.4 - - [01/Oct/2023:21:59:46 -0500] "GET /BLA/boletinlegal/ HTTP/1.1" 200 56970
172.22.2.4 - - [01/Oct/2023:22:00:50 -0500] "GET /BLA/boletinlegal/ HTTP/1.1" 200 24523
216.245.221.92 - - [01/Oct/2023:22:01:34 -0500] "HEAD / HTTP/1.1" 200 -
172.22.2.4 - - [01/Oct/2023:22:02:07 -0500] "GET /BLA/boletinlegal/images/arr_r.jpg HTTP/1.1" 200 1998
172.22.2.4 - - [01/Oct/2023:22:02:53 -0500] "GET /BLA/boletinlegal/images/launch.jpg HTTP/1.1" 200 14577
172.22.2.4 - - [01/Oct/2023:22:03:32 -0500] "GET /BLA/boletinlegal/images/screen_3.png HTTP/1.1" 200 210620
172.22.2.4 - - [01/Oct/2023:22:03:54 -0500] "GET /BLA/boletinlegal/Directivas/2017/Directiva%20No.%2003%20del%2024%20de%20Febrero%20de%202017.pdf HTTP/1.1" 200 6911517
172.22.2.4 - - [01/Oct/2023:22:04:06 -0500] "GET /BLA/boletinlegal/images/screen_5.png HTTP/1.1" 200 368876
172.22.2.4 - - [01/Oct/2023:22:04:34 -0500] "GET /BLA/boletinlegal/images/screen_2.png HTTP/1.1" 200 362502
172.22.2.4 - - [01/Oct/2023:22:04:59 -0500] "GET /BLA/boletinlegal/images/screen_1.png HTTP/1.1" 200 202547
172.22.2.4 - - [01/Oct/2023:22:05:20 -0500] "GET /BLA/boletinlegal/images/cabezote%20BLEGAL.jpg HTTP/1.1" 200 118164
201.245.192.253 - - [01/Oct/2023:22:06:08 -0500] "POST /kwsrmcab/Wsrmcab  HTTP/1.1" 200 213
172.22.2.4 - - [01/Oct/2023:22:04:45 -0500] "HEAD /BLA/boletinlegal/ HTTP/1.1" 200 -
216.245.221.92 - - [01/Oct/2023:22:06:34 -0500] "HEAD / HTTP/1.1" 200 -
172.22.2.4 - - [01/Oct/2023:22:05:36 -0500] "GET /BLA/boletinlegal/ HTTP/1.1" 200 55844
186.102.109.180 - - [01/Oct/2023:22:07:52 -0500] "GET /kwssiamovil/sm/ldap/au?x=U2FsdGVkX1+bB/mv/K+MG7sG27chr9Re7fLmv+hwEtOoOgVxxoMhjnw2NrmGc03I&y=U2FsdGVkX1/vzIA119qJnMj2wTQS4u4jFfvi/77K/xU= HTTP/1.1" 200 30
186.102.109.180 - - [01/Oct/2023:22:07:52 -0500] "GET /kwssiamovil/sm/acme/s?s=U2FsdGVkX19MVqo1PSK4ti+FxamuHHFv6lsBe0kbSXyWN51KGU0SXpkwPVHtTC8KyrQ1pIGU+NZ/TeCRkU6njl4czGxBK554ySpeH8zr8D8=&u=U2FsdGVkX19pNKxbJ1ONzwi1VrD7VILlMpap1bdISXY=&y=U2FsdGVkX1/vzIA119qJnMj2wTQS4u4jFfvi/77K/xU= HTTP/1.1" 200 97
186.102.109.180 - - [01/Oct/2023:22:07:52 -0500] "GET /kwssiamovil/sm/acme/s?s=U2FsdGVkX1/Fv79BL66PmDcbGMnP6tE79CKILGGFHOs6JsaWsOEEpzxhB3hgPKdq2xKiqy9vcLl+mQLoTZ0FJR3gPDxjrxzhaehwjmQxFFDFZmux066ztWMYtH+TFvOdWDKa92b2ev8vXhAznXOLUp6lG1703mzUVbaJqomGsl1jm+Ycp0cXBspuhtZLYxViLyCb9bW30vZewJs2rpEOEEgrOswvTMAHD9s20frVPqIpk3yh4ERVUathaEvuWMsh1lRcWZp5ydZVzWFVwzG3wYfCgBGxXBZQ6klyOkXcxEPpIkqT3+iw6xAlyViJ90GsLKN5W93HqagwRRg7pip9NxIaO2u87QcR4ZajwtO+WPbPWKCE2HB3NdefLVYAcIzf2ahYqOOXhLL+y9b1DwSTfdjxmuuAHB8OWgqCC6eSGIWdQQbkUJHIyNulmXgj7FHvKCVbQocDHyaZf24ABFfPvcsCI9MEQ+dahdKujhqCvcTD5GakNw9fPeuRDV7NM26Xv7Fc2AbZFodq84lvzSWqb2uu+vtDh8h+K04quK0QR2LGMrtSC0dKr7FSu5MK4/96wgEbQFs5Yyt6JrBvVMvpQWuhA7j8Z8cMrnUfSoS78sv7jTxSgiNeECU4DUSRPJPVNNF4axaPlRIkc7ct6jCfSTnGKbpsHuo3IDlZ0aqV9Hu7vnPbVHaD6wU4xFcxFEiLJXG5g7Tp0sIJWpEf2kAMX6Zz61ZF3SQdtaG/2NQPOEQX7xmH4CldJUEVUwjQqWGHUnBgWMsvroA/36rgbE+sTAbT82vKSi5uMDNGKkzjQD/LxBPgX9flj16IIy7BmIpd2eqTwDvLvVJQPN5FWweyINiLbaOi1scrB4LZwDpjODHNDnzXdzsSVDHfom9JMW+1TPeXJyLUMYMO5X4NY2cLFAa4AXhfLl7t1C7Ou5g3EXC2c+diaQys3AVBiNQb2qpdmmIIQAQTcAd3ciM767ZrvsSIxtKDNw19aY3PjsKpc0apuIIsP1/25vV+UKdrlkf9VNMYx5hweB9GsR8HVsNWVsbfoSTjPjs7OYhC5Z3jIYYIktiIyPcoY2AzfqD/5cntPhr3LHVXK65m5hXzx47p3FU5qBYI/LWmJvSX3vQIgdC6zqDZu0CS9dMcRc3ZoAoKvPUa4+dmigmIiejGzF+PQOhkLQnJSfAQyBFoPetYjyujKzannfgYzJkMOyYhik+ohBEyI1TihteFZmKNl1KAePPswTVVcpMPOSBbZhuwYaD2wOyPG9/EJoxtCjEIDmdNXGn+PvDdlwGW9xv0vc5bzUnzOFDskKz8rkcklyFyHaKCDQ3YXM7usnh4aObXA2paxHu3Y6Qs0hRBpeKG9CutXkmKCOSEBuyogSlfqLqzetjWILqTIqcq79jIMOkDgbtzVdjboyIRDFsgmaTx/aoHW/I/LLluPycJEBaoQ8egoaogSSOdNynyqM5PPlWRmio/RbE/kGw4N8slw8cD2OOLYwAo05JR9tdESVrAPV14j0UlxQS3XhoYWDpsN5AAGilGJaje590r34P4v55doTxWR+yEhubWGwMqmYYS7OJ/cL8HbxrJEp5BQn06cNnzmi71fmwK3XRGulBtSMwezk1g6TqMmrA8Lrh0tJtG7O9uFhCMn2wzNcFUMNFWpFwR+wDZj1Zci+5uUgE2QuslgOrmQlprYjB/tdt5krF8IhYN9NbK1PDvsmQyj8sxnF7QfuhPFsIuEsh3+sL7+ylwKSm2Rc/yGkKD5lqJOk4sBmeFX3I=&u=U2FsdGVkX19pNKxbJ1ONzwi1VrD7VILlMpap1bdISXY=&y=U2FsdGVkX1/vzIA119qJnMj2wTQS4u4jFfvi/77K/xU= HTTP/1.1" 200 1626
186.102.109.180 - - [01/Oct/2023:22:07:53 -0500] "GET /kwssiamovil/sm/acme/s?s=U2FsdGVkX1+7ACB1SwyndcTuu8yZmRvKEic2+hglT0euHIi5JJ+HtYJ23gN/ovibQEoHqslaHfzVv2zNulldqSme9q66H8GYEdwdDRPN9fUuSzcNckVpBLfQaKCm5xuBm15cJszFDk38bMKKZ2LGSFqHQtzHMxbzB3KyKpouPyQSfC8EkmmhnRAoGubJ0ltD8oYeNIvmTgV+MGCCV3bRUJWl1JP+SR1cF9OlN415yMbzR/tOFkM2fxXqueyiY723FDCLwbrQGWPgLY9ecKhcu6I8BsKjjLPLhMPXs95AsaSJLPDLFzRebdVNjA72BpKrHVV+zPPGiBG5BbcTmDavAI7db3uTmZfX1V05Bqx4jh6il9EWxsVL5wJIa7RwC1YMQd2U8N3u2CjyyuqFaknoVmj6g0prAAoGsS8d/gNYgu9edU85wIK8SmqKDTg8iPSKZ17we+7+yMO3F39E/e5uV6Ln+leNEwfqEIQbkXnJz8LzhzIQ3mUMZvyqo7/ysqhyTENufhk2cxTv35ZsJ/vK843gHtYcVgUAEkBfck1uEUZdrGFN9Eute6W9yTO3fXMZtkPU5BJ3yfmeNVVDYMlHKnDzjDepkF8fBM4jfRr947czJfDkPBQZaRewJe0H9N4ZcGtmL4c6/YiNh9wuP5Qn0W0aF7cJC7YWU2Bz/yMeJr6gcnrpqUvvg04VYojv5Sg26mXc2o1O1QIrf5PLS2UCLu0LLFwidRqzkgLT1Pq7YoVyphQmF1WxQVZ7J5bXU8Bi&u=U2FsdGVkX19pNKxbJ1ONzwi1VrD7VILlMpap1bdISXY=&y=U2FsdGVkX1/vzIA119qJnMj2wTQS4u4jFfvi/77K/xU= HTTP/1.1" 200 208
186.102.109.180 - - [01/Oct/2023:22:07:53 -0500] "GET /kwssiamovil/sm/cjson/pre?f=1&x=U2FsdGVkX1+bB/mv/K+MG7sG27chr9Re7fLmv+hwEtOoOgVxxoMhjnw2NrmGc03I HTTP/1.1" 200 31032
186.102.109.180 - - [01/Oct/2023:22:08:20 -0500] "OPTIONS /kwssiamovil/sm/setfile/f? HTTP/1.1" 200 13
186.102.109.180 - - [01/Oct/2023:22:08:21 -0500] "POST /kwssiamovil/sm/setfile/f? HTTP/1.1" 200 381
205.210.31.204 - - [01/Oct/2023:22:09:11 -0500] "GET / HTTP/1.0" 200 319
186.102.109.180 - - [01/Oct/2023:22:09:21 -0500] "GET /kwssiamovil/sm/acme/a?s=U2FsdGVkX189X+QvslN87IrE+k0TPjZQ0wELT+Mjc9tzZ0Sbd8b7DIBhnNbO1epMlif5vJ0Y1NZgLpO8zMOe5yQbQEjf91CMpyblH3/A3hJKhPVQLgcG7XfrHhzYO6R/s2ogO0WcFCoePRNkSGChP7ePNkkklyjN0zF8LwH3o+S8tXPnUunrnAdu2nx1DyBsAjGw3eEKZOg7AxqgQXf88Mm2jlk7kfd4/lxukZ5f+gVvqy38Tt2peHa5D59YMc0oSijL3TTA9M2OGMSXCmiBxg==&u=U2FsdGVkX19pNKxbJ1ONzwi1VrD7VILlMpap1bdISXY=&y=U2FsdGVkX1/vzIA119qJnMj2wTQS4u4jFfvi/77K/xU= HTTP/1.1" 200 26
186.102.109.180 - - [01/Oct/2023:22:09:22 -0500] "GET /kwssiamovil/sm/acme/a?s=U2FsdGVkX191Pl9zRZbEtOm0bxTYnSQcRZwt6tCgA4G04enhS5cxZmMvieuURKhtyuDVwM1aYWBdXjDAab6heBwdONHHDLkYQDZWmbmXA0KK1hSXFUZamR5e75kcocIKel8xn1s5xYn07G/0+FNyqB3fcJXEJZ3CQBhXa+1DB+zoa/FEyCD/Ph3YJae/BovPn6NvibeSN/3qMCkfh+SuZypuMht6kPO4JR2of9s327x+nWcC+VUz+Q/HtVajNOnfwvRcrroogcYOr6CExMj+NVQ5jhE1v46J5z745WxnUAA/NT1y/vlsXqvTV8K5/nyMi7hytVelTZMoib44k3jBL5+W+vNMnWgS+8PUynSuTEqEL7iAV95sdDYbtDmYvoEsnYeacjYTmd1DnOdz/zC455C0bhc9UWn4Odgypmmo1ssI6c86yQ341PtTKGF5KpI1ZfhuP4boXtpB9iyRcIm1eepmxDevWlkk4lwHJBN+0WI0US3fABMLy+dRITdXy4JIhZKcFY6oHE9IHsAaqXx5FW/HGA+37AdjSa5QFf1Mnpr7W2qrjXkh8zMwgunz2NCvt9w6Us0TmFqt0WHw5RklpTHpiYcUx0Hov3Y6xXqJiWvbagT02Jb6uTSXF61vvtOC76osdqudEwb7ygeoVf/33jw/YoT25U8hqLxMiaV6u5+sunCQdMpir0Kmd8vGgX35U6/KM7eefusFzNA0VFQT4Xkj9XYoyb4tEx8QwHxUDcQEguLiJb6JP1oEWPMd3nsWqAa77zfDMS0Pb8kP/ByJvNeJ+aaMiJdoo/RJenGwZ2+6UYlsTPHba7GOBLINKbItwxHgWwfcbVW66wRFMVuUg7Bs5MNnWMkuJ3M6Ui/5mXmV3784FHAW50q068wM6OeGYCva3giSX6RdVLQFZoM/tNSLw4X541XD2E6jA+7VBdl73GsyyeeDyBIVkJ1IPPoFyYVzWiGdxajV1KjrySV8QtTXwX+YNpNkwrnW92sExpm77ebESBpc4gzfmqkKXR+4t1tC0abu9omucR/vFeOPcnyaN/89SFDDCzYRNP7fz4dfBw51nI8We8eee+s/xDtHqhEWmdlz3VLRfoaBu6BPxGH3KMdG+ewPh2DJ3STH2B/72SPQT+nBFjPcfQQQx2tH5l8TkcCv+9lE3MoYlD4fDL+dRctlHQ2QGj7y7yQx0EL7TXuRKba/23S8kDAYcUu7PyQm/xB5XpzqgoGceQsQ5OyIT8Z1U2cElTai2JFBKNLjguLTIegUFqZ2/ZqHki+lOqshLzldmsNPC4JqQVieVOaq1Ib1SkDdkvDaBnZhZch09vDcel5rMzCCpaUzBHL5o/00nAxVNHwAKxRybD9JOcYDFZdi3E+iC3Mkio64CPB7Q0kfN5js9M2BVBa1AUucIG+5HpI9YG2gI/ndWN0DlGFrtDQZOmMGuwBu2g3m67txiBb6B4dc02/7DEKpQNZQh1ml8WqBtG+G8sRjM7NPbApdTbXD9vGvEDI9f1gPXRa+xdZkCAWxEZRjEPxzCmhMJ81fssYbqn8JVbQQGDv7j1rAibIWtaxCL2LPSc14sFIHNVxQXDVi28UpXoRzWL0PITSORYsV94tnjV+UqpV+MtubHRkidHjgfP6GCJUQTd4viCtWh1XOPoTbxIf4MHspIjzg+cgn8LffxMGYXQdPf5Zm69PPnd9hlwu/yqnaY1AN4CBTMxrje02HeJUWFsem/xHS5lnu+gBzPcur1OBFvsMWy82WTZ+VekDxtHjN3jZZT5uLYLlU5mfZaIMSfCN7+ZF9kCn95wLqTJgM+V8XmaSj6M4nWSUShEeB3bQIXsN/pGdHUB6etNx6WIDVAO4yA3HOVxfvrw+ThfD17RJnP9iHTJDOzj4Zr9SuyCh0TBO+Em3eiqPeTbQ2WCCrNOJfbQNCLbnq0LSurAPUFLG6vqNpk1/NX1NP22VDPRCfgzSTwWOdBQuBZf/g0zDpwIQyjq+TjVpoBr3HScHe/N0pH2Xxc2Kcl0pcQQ3gxRBWcqRKe1KF0Y6QdIv1O/P32W+L&u=U2FsdGVkX19pNKxbJ1ONzwi1VrD7VILlMpap1bdISXY=&y=U2FsdGVkX1/vzIA119qJnMj2wTQS4u4jFfvi/77K/xU= HTTP/1.1" 200 26
186.102.109.180 - - [01/Oct/2023:22:09:22 -0500] "GET /kwssiamovil/sm/acme/a?s=U2FsdGVkX18mkXewbxOhCLHm+Kpf8wkH22F10xOvFrXLvf2/KbajotlS27KmDg5YAQu3eUwGZMjE+Jy9C9VCtyuB0iIkF8yEKXAo0wdOnwyCYPRy5SB5y7UotKWYffpsTtqqkeyTb2KHmSVr6q/hLgvC37pMTa5+M4N1mJL6ZIQ=&u=U2FsdGVkX19pNKxbJ1ONzwi1VrD7VILlMpap1bdISXY=&y=U2FsdGVkX1/vzIA119qJnMj2wTQS4u4jFfvi/77K/xU= HTTP/1.1" 200 26
186.102.109.180 - - [01/Oct/2023:22:09:22 -0500] "GET /kwssiamovil/sm/acme/a?s=U2FsdGVkX18uiBiwz+Uw6jUH05R0os7bml49e6k/6VXrZsUEVFKd1inBwJKho51K96TMSo5SgD9TkzF3/+NBjyh8yUcnMlsom/GK1Hpw5RcL0TQie7xAJ0bPKb0FRu16aaJ/ErZh8OUwkTC8Sxbr4QUrhXQSksi/G2bfESn2p+8=&u=U2FsdGVkX19pNKxbJ1ONzwi1VrD7VILlMpap1bdISXY=&y=U2FsdGVkX1/vzIA119qJnMj2wTQS4u4jFfvi/77K/xU= HTTP/1.1" 200 26
186.102.109.180 - - [01/Oct/2023:22:09:22 -0500] "GET /kwssiamovil/sm/acme/a?s=U2FsdGVkX19RpuaetAVzz6CN5q42aGqWzg9SOjtcbapduXb+TSjMgpyAGhzQOmiok0lP5dso6UsI9uhuNi0gy685jAz9aewR/3/MGJbiSF3aj1JY5pKkGE/r6X0jsyGs6fS0Fd+jK5ci9/HsTisD9E5j00mhwOxyI/lpRMp+wq0=&u=U2FsdGVkX19pNKxbJ1ONzwi1VrD7VILlMpap1bdISXY=&y=U2FsdGVkX1/vzIA119qJnMj2wTQS4u4jFfvi/77K/xU= HTTP/1.1" 200 26
186.102.109.180 - - [01/Oct/2023:22:09:22 -0500] "GET /kwssiamovil/sm/acme/a?s=U2FsdGVkX197yg2VK98o+D1lUzJcycG66LOdUFTbLOO5RJziyuHkhqJZpPi8iWoncL1/7/Byf64HZTBzPLm6ebDFaaPZL04gALGRWA31pUbZ6e419TH2GCgM20L3oDfU/v49tKFe95OXryRcwhUVZUz4IoAsAuG0c4lxA1kb6JLSHOOyjZFng0P17cIUtZG5&u=U2FsdGVkX19pNKxbJ1ONzwi1VrD7VILlMpap1bdISXY=&y=U2FsdGVkX1/vzIA119qJnMj2wTQS4u4jFfvi/77K/xU= HTTP/1.1" 200 26
186.102.109.180 - - [01/Oct/2023:22:09:23 -0500] "GET /kwssiamovil/sm/acme/a?s=U2FsdGVkX18no/6aE8OajMa8252dznX9m/phPbBgYk/VPtXG6cBkTQ4Yy0fjfuUGDLFlZykDW85DzqlQy5vpSPrLx5J3KyP+eSZrL59UarpfsZrW39AnkABI7sPfaRQlJedcyOt3qpovY+KalDqaxOuLSzBKQTX9PX723HC/+cmufd+sPaX/YC2KcUzvuFE8dXifBbjKxjubnzMYbuCBMA==&u=U2FsdGVkX19pNKxbJ1ONzwi1VrD7VILlMpap1bdISXY=&y=U2FsdGVkX1/vzIA119qJnMj2wTQS4u4jFfvi/77K/xU= HTTP/1.1" 200 26
186.102.109.180 - - [01/Oct/2023:22:09:23 -0500] "GET /kwssiamovil/sm/acme/a?s=U2FsdGVkX1+m7N0AqtLdolw8AFlt/YKFeugBe6xuUUrkCxNt8Kw9G+ePbFppuq0b3cOA4tj/+DozczVhMEb9f2uBmcN/xVYsBHuJdWiN8gQCoXA8gJZi9Hm5pQAaT7GfKwovrHO9HI71YJeK4hMc/9fXqLB7Im/nFhDhn2U8ftTJ2ZoKEN608PsNWxARZ7+z&u=U2FsdGVkX19pNKxbJ1ONzwi1VrD7VILlMpap1bdISXY=&y=U2FsdGVkX1/vzIA119qJnMj2wTQS4u4jFfvi/77K/xU= HTTP/1.1" 200 26
66.249.66.19 - - [01/Oct/2023:22:08:03 -0500] "GET /BLA/boletinlegal/index.php? HTTP/1.1" 200 62286
66.249.66.19 - - [01/Oct/2023:22:09:47 -0500] "GET /BLA/boletinlegal/js/jquery.scrollShow.js HTTP/1.1" 200 4586
66.249.66.19 - - [01/Oct/2023:22:09:47 -0500] "GET /BLA/boletinlegal/style.css HTTP/1.1" 200 9406
191.156.145.125 - - [01/Oct/2023:22:10:35 -0500] "-" 408 -
191.156.150.31 - - [01/Oct/2023:22:10:37 -0500] "-" 408 -
201.245.192.253 - - [01/Oct/2023:22:11:07 -0500] "POST /kwsrmcab/Wsrmcab  HTTP/1.1" 200 213
216.245.221.92 - - [01/Oct/2023:22:11:34 -0500] "HEAD / HTTP/1.1" 200 -
172.22.2.4 - - [01/Oct/2023:22:10:35 -0500] "HEAD /BLA/boletinlegal/ HTTP/1.1" 200 -
185.233.19.148 - - [01/Oct/2023:22:12:21 -0500] "GET / HTTP/1.1" 200 319
172.22.2.4 - - [01/Oct/2023:22:12:28 -0500] "GET /BLA/boletinlegal/robots.txt HTTP/1.1" 404 1037
172.22.2.4 - - [01/Oct/2023:22:12:28 -0500] "GET /BLA/boletinlegal/robots.txt HTTP/1.1" 404 1037
172.22.2.4 - - [01/Oct/2023:22:11:26 -0500] "GET /BLA/boletinlegal/ HTTP/1.1" 200 58187
52.167.144.218 - - [01/Oct/2023:22:13:10 -0500] "GET /catalogoisis/ HTTP/1.1" 200 8575
201.245.192.253 - - [01/Oct/2023:22:14:08 -0500] "POST /kwsrmcab/Wsrmcab  HTTP/1.1" 200 43160
207.46.13.154 - - [01/Oct/2023:22:16:11 -0500] "GET /BLA/resoluciones/RESOLUCIONES%202014/3642.pdf HTTP/1.1" 304 -
216.245.221.92 - - [01/Oct/2023:22:16:34 -0500] "HEAD / HTTP/1.1" 200 -
66.249.66.193 - - [01/Oct/2023:22:17:58 -0500] "GET /guadalupe-aguanoso-y-otros-tres-caminos-de-los-cerros-estarin-cerrados-este-fin-de-semana.html HTTP/1.1" 200 797
201.245.192.253 - - [01/Oct/2023:22:17:57 -0500] "POST /kwsrmcab/Wsrmcab HTTP/1.1" 200 43760
201.245.192.253 - - [01/Oct/2023:22:18:00 -0500] "POST /kwsrmcab/Wsrmcab HTTP/1.1" 200 40936
172.22.2.4 - - [01/Oct/2023:22:16:25 -0500] "HEAD /BLA/boletinlegal/ HTTP/1.1" 200 -
172.22.2.4 - - [01/Oct/2023:22:17:16 -0500] "GET /BLA/boletinlegal/ HTTP/1.1" 200 58187
201.245.192.253 - - [01/Oct/2023:22:19:10 -0500] "POST /kwsrmcab/Wsrmcab  HTTP/1.1" 200 43160
172.22.2.4 - - [01/Oct/2023:22:19:29 -0500] "GET /BLA/boletinlegal/ HTTP/1.1" 200 53013
216.245.221.92 - - [01/Oct/2023:22:21:34 -0500] "HEAD / HTTP/1.1" 200 -
172.22.2.4 - - [01/Oct/2023:22:20:05 -0500] "GET /BLA/boletinlegal/index.php HTTP/1.1" 200 44302
172.22.2.4 - - [01/Oct/2023:22:21:47 -0500] "GET /BLA/boletinlegal/style.css HTTP/1.1" 200 9406
172.22.2.4 - - [01/Oct/2023:22:20:27 -0500] "GET /BLA/boletinlegal/ HTTP/1.1" 200 36811
172.22.2.4 - - [01/Oct/2023:22:21:07 -0500] "GET /BLA/boletinlegal/ HTTP/1.1" 200 45003
172.22.2.4 - - [01/Oct/2023:22:22:15 -0500] "HEAD /BLA/boletinlegal/ HTTP/1.1" 200 -
201.245.192.253 - - [01/Oct/2023:22:24:08 -0500] "POST /kwsrmcab/Wsrmcab  HTTP/1.1" 200 43160
172.22.2.4 - - [01/Oct/2023:22:23:06 -0500] "GET /BLA/boletinlegal/ HTTP/1.1" 200 57790
216.245.221.92 - - [01/Oct/2023:22:26:34 -0500] "HEAD / HTTP/1.1" 200 -
201.245.192.253 - - [01/Oct/2023:22:27:57 -0500] "POST /kwsrmcab/Wsrmcab HTTP/1.1" 200 43760
201.245.192.253 - - [01/Oct/2023:22:28:00 -0500] "POST /kwsrmcab/Wsrmcab HTTP/1.1" 200 40936
201.245.192.253 - - [01/Oct/2023:22:29:07 -0500] "POST /kwsrmcab/Wsrmcab  HTTP/1.1" 200 43160
172.22.2.4 - - [01/Oct/2023:22:28:05 -0500] "HEAD /BLA/boletinlegal/ HTTP/1.1" 200 -
172.22.2.4 - - [01/Oct/2023:22:28:56 -0500] "GET /BLA/boletinlegal/ HTTP/1.1" 200 60692
216.245.221.92 - - [01/Oct/2023:22:31:34 -0500] "HEAD / HTTP/1.1" 200 -
66.249.66.21 - - [01/Oct/2023:22:31:22 -0500] "HEAD /BLA/boletinlegal/index.php HTTP/1.1" 200 -
201.245.192.253 - - [01/Oct/2023:22:34:06 -0500] "POST /kwsrmcab/Wsrmcab  HTTP/1.1" 200 43160
172.22.2.4 - - [01/Oct/2023:22:33:00 -0500] "GET /BLA/boletinlegal/ HTTP/1.1" 200 58187
172.22.2.4 - - [01/Oct/2023:22:33:55 -0500] "HEAD /BLA/boletinlegal/ HTTP/1.1" 200 -
181.237.160.28 - - [01/Oct/2023:22:35:58 -0500] "GET /kwssiamovil/sm/ldap/au?x=U2FsdGVkX1+/EJHSPxQytAoLJakDUDQ5J3SjxAC1VYBp78C90sNkrp1tqTuybN1d&y=U2FsdGVkX19SPgFjE1X6pkErFnkkPCmFMa/Kl5rO+8YqF84siwZ75whHJ3fRSm/U HTTP/1.1" 200 30
181.237.160.28 - - [01/Oct/2023:22:35:59 -0500] "GET /kwssiamovil/sm/acme/s?s=U2FsdGVkX19CrNftTVDB8NVesjFbxb/Q2URFE4b1+rr8p9k0hTixj+WWZjYaAIGFQz/h5ByJfbJsTbct99Z7c0tTZmMtpCEkNXxVzN4BbJI=&u=U2FsdGVkX1+jvisB7ECmnT01B4v1OlAOoY4ZzTl7FYt5GU3Wx2654xkquOqQ99jQ&y=U2FsdGVkX19SPgFjE1X6pkErFnkkPCmFMa/Kl5rO+8YqF84siwZ75whHJ3fRSm/U HTTP/1.1" 200 97
181.237.160.28 - - [01/Oct/2023:22:35:59 -0500] "GET /kwssiamovil/sm/acme/s?s=U2FsdGVkX1+mhD6km6xp0JyH/xp77QCGnMgTBG4SpgSkef+8gg+sCsZuBtaXwizLKUapNQ+ECD1Naw6i8CbjnXpfnvw0jdl/9X+IEiWttwrZK0ASTjIwIRL9nZktcz1Rk2g87P3WP85gG58DcRQGlZGfw1xfJbBh9fpG4i2soNk6BjFaj9ZVTC8ATmfyMZY2yElwoI5hB/J+Qxjgat1eBjRBguCyf9dD8DrbifZYCkCB5i6OwMkCpYmmHOc7fOcq5mcT6W5B/hYTHnnZkIPTyrgY0S+20wym3z8vJENDRiYgb6WUfSsHb4bVe/uhnYfYNm9Ah9XJgwAyiBc+tLyDeBfg0n6fmtSXY/0IN6DxAbynpebn7jCbqWdZ7rIJ+RLM0MV1hkpA6XyAC4wEaln9qgIv4BTK5Dwhfs1AqlwiT/P6yyUPnVAwWqUuvLsRhYsJ1FE4dBleZtUFMendV4oo2KGW76KHz3rfTeyGrQvpjalO4lGpb9QmiqAXMtjwCKZNsJ+OuB0Mn/lhpADhndEKRbVyIswWusdri9tET/Wqkm2/HjkjI1/QreqZYR7HIWRuwHZHR25mrY85yZ6AmRz2pdjarvRBEm5mE0diVibftJqmMsXvOlL0bxfUgGUNPEqTjIci0byJsss/6WD/CNS9QLZm4983uK971r7c+iVcuXeRGGjA6P8E832yraWQMpHiIM4L/sUs20ESxNLrektoL5+u7+VLiMhoib0VFftrej+kCPFXvE9Bbm0lIbF701MQgI8pZNZPoNX5aLPYeWnYs6uT0iIOdH79W4cn9/j4i9CcJJE9gt9HN4Uwp/fEM6jp77kpYBVReG8+cQSsETwGm7HLzf32zty5/Vp6JP35ahpPWQD6alAy77IkVWrfl+oYc+eizluV4ENPFinKA8azWQ+QC/gtLGM86T3RES1Dno75ADDTXYm4kZvjzjjSHv9wQlMjcW7BX1WKLwVv68QI3IJWzqblBFRSi3PTvsHP/Z//PqS1FaIUCmNNrRGk847TmVz9D32r7RXw5RwiFNmEXhGzkv31NA2a9VKaAEBFcFUSLkZunAp6Ac5YJot5ATuNKUSgC77i2t95faUbTP4RSdO4g/nsPmzzoMvO3uP2OEgl1N0HBQkqEbEE2Ch+VMdmAqIX4gLeNDCo86SiEIoKOLQXZGqnWGK9YGx8Nn2jmikLomc7ZKT4ub2YniNbGEnB6nGfk1zJ21x1jWxpL3WPRQvA7G7y1FFCQdy2mtdRpVBz9ZIo+4oiTtFFWW5W57dbouVc8zCw6ISIqkHiKDIp/e+9KzjLxHxNl/Xd15NMaD6gp1vrzVYsmPHxChS4yNbChZtpcgypZ62ziEClV6o9zSaAPt5+CqcDPy06Whf5CEtJuuHhbXFpKZ/AXb544iUzvjVPeYrAxmarCk9QUH8GrXx+D0QlpG+LfksPFRCcdxQ=&u=U2FsdGVkX1+jvisB7ECmnT01B4v1OlAOoY4ZzTl7FYt5GU3Wx2654xkquOqQ99jQ&y=U2FsdGVkX19SPgFjE1X6pkErFnkkPCmFMa/Kl5rO+8YqF84siwZ75whHJ3fRSm/U HTTP/1.1" 200 1401
