172.22.2.4 - - [01/Oct/2023:16:38:18 -0500] "GET /BLA/boletinlegal/images/cabezote%20BLEGAL.jpg HTTP/1.1" 200 118164
172.22.2.4 - - [01/Oct/2023:16:38:18 -0500] "GET /BLA/boletinlegal/images/subscribe-icon-big.png HTTP/1.1" 200 47702
172.22.2.4 - - [01/Oct/2023:16:38:18 -0500] "GET /BLA/boletinlegal/images/launch.jpg HTTP/1.1" 200 14577
172.22.2.4 - - [01/Oct/2023:16:38:18 -0500] "GET /BLA/boletinlegal/images/historia.png HTTP/1.1" 200 52775
172.22.2.4 - - [01/Oct/2023:16:38:18 -0500] "GET /BLA/boletinlegal/images/arr_l.jpg HTTP/1.1" 200 1979
172.22.2.4 - - [01/Oct/2023:16:38:18 -0500] "GET /BLA/boletinlegal/images/screen_1.png HTTP/1.1" 200 202547
172.22.2.4 - - [01/Oct/2023:16:38:18 -0500] "GET /BLA/boletinlegal/images/registro-usuarios.png HTTP/1.1" 200 8106
172.22.2.4 - - [01/Oct/2023:16:38:19 -0500] "GET /BLA/boletinlegal/images/body_bg.jpg HTTP/1.1" 200 1601
172.22.2.4 - - [01/Oct/2023:16:38:19 -0500] "GET /BLA/boletinlegal/images/menu_lft.gif HTTP/1.1" 200 1713
172.22.2.4 - - [01/Oct/2023:16:38:19 -0500] "GET /BLA/boletinlegal/images/menu_rght.gif HTTP/1.1" 200 1627
172.22.2.4 - - [01/Oct/2023:16:38:19 -0500] "GET /BLA/boletinlegal/images/bg_top.jpg HTTP/1.1" 200 522
172.22.2.4 - - [01/Oct/2023:16:38:19 -0500] "GET /BLA/boletinlegal/images/menu_bg.jpg HTTP/1.1" 200 620
172.22.2.4 - - [01/Oct/2023:16:38:19 -0500] "GET /BLA/boletinlegal/images/hover.jpg HTTP/1.1" 200 640
172.22.2.4 - - [01/Oct/2023:16:38:19 -0500] "GET /BLA/boletinlegal/images/text.jpg HTTP/1.1" 200 568
172.22.2.4 - - [01/Oct/2023:16:38:44 -0500] "GET /BLA/boletinlegal/consulta_actos.php?tipo=resoluciones&no=&usuario=&sector=&fecha=2022&resuelve= HTTP/1.1" 200 4980893
172.22.2.4 - - [01/Oct/2023:16:38:46 -0500] "GET /BLA/boletinlegal/consulta_actos.php?tipo=resoluciones&no=&usuario=&sector=&fecha=2022&resuelve= HTTP/1.1" 200 4980893
200.69.84.132 - - [01/Oct/2023:16:25:46 -0500] "POST /reportes_sipse/sdg/ServletControlador HTTP/1.1" 200 646727
172.22.2.4 - - [01/Oct/2023:16:38:18 -0500] "GET /BLA/boletinlegal/ HTTP/1.1" 200 24523
190.90.132.140 - - [01/Oct/2023:16:39:05 -0500] "GET /BLA/resoluciones/RESOLUCIONES%202022/0046.pdf HTTP/1.1" 200 405139
216.244.66.195 - - [01/Oct/2023:16:39:26 -0500] "GET /robots.txt HTTP/1.1" 404 1018
172.22.2.4 - - [01/Oct/2023:16:38:04 -0500] "HEAD /BLA/boletinlegal/ HTTP/1.1" 200 -
172.22.2.4 - - [01/Oct/2023:16:38:55 -0500] "GET /BLA/boletinlegal/ HTTP/1.1" 200 58187
216.245.221.92 - - [01/Oct/2023:16:41:35 -0500] "HEAD / HTTP/1.1" 200 -
201.245.192.253 - - [01/Oct/2023:16:42:36 -0500] "POST /kwsrmcab/Wsrmcab  HTTP/1.1" 200 213
40.77.167.41 - - [01/Oct/2023:16:43:40 -0500] "GET /BLA/resoluciones/AUTOS%202021/0126.pdf HTTP/1.1" 304 -
172.22.2.4 - - [01/Oct/2023:16:44:30 -0500] "GET /BLA/boletinlegal/ HTTP/1.1" 200 24523
172.22.2.4 - - [01/Oct/2023:16:43:54 -0500] "HEAD /BLA/boletinlegal/ HTTP/1.1" 200 -
172.22.2.4 - - [01/Oct/2023:16:44:45 -0500] "GET /BLA/boletinlegal/ HTTP/1.1" 200 53362
216.245.221.92 - - [01/Oct/2023:16:46:35 -0500] "HEAD / HTTP/1.1" 200 -
201.245.192.253 - - [01/Oct/2023:16:47:35 -0500] "POST /kwsrmcab/Wsrmcab  HTTP/1.1" 200 213
172.22.2.4 - - [01/Oct/2023:16:47:58 -0500] "GET /BLA/boletinlegal/jurisprudencia/analisis/AnalisisC-035-16.docx HTTP/1.1" 200 25011
172.22.2.4 - - [01/Oct/2023:16:49:44 -0500] "HEAD /BLA/boletinlegal/ HTTP/1.1" 200 -
216.245.221.92 - - [01/Oct/2023:16:51:35 -0500] "HEAD / HTTP/1.1" 200 -
172.22.2.4 - - [01/Oct/2023:16:51:44 -0500] "GET /BLA/boletinlegal/jurisprudencia/analisis/AnalisisT-606-15.docx HTTP/1.1" 200 26698
172.22.2.4 - - [01/Oct/2023:16:51:44 -0500] "GET /BLA/boletinlegal/apple-touch-icon-120x120-precomposed.png HTTP/1.1" 404 1140
172.22.2.4 - - [01/Oct/2023:16:51:44 -0500] "GET /BLA/boletinlegal/apple-touch-icon-120x120.png HTTP/1.1" 404 1140
172.22.2.4 - - [01/Oct/2023:16:51:44 -0500] "GET /BLA/boletinlegal/apple-touch-icon-precomposed.png HTTP/1.1" 404 1140
172.22.2.4 - - [01/Oct/2023:16:51:44 -0500] "GET /BLA/boletinlegal/apple-touch-icon.png HTTP/1.1" 404 1140
172.22.2.4 - - [01/Oct/2023:16:51:44 -0500] "GET /BLA/boletinlegal/favicon.ico HTTP/1.1" 404 1140
172.22.2.4 - - [01/Oct/2023:16:51:44 -0500] "GET /BLA/boletinlegal/apple-touch-icon-120x120-precomposed.png HTTP/1.1" 404 1140
172.22.2.4 - - [01/Oct/2023:16:51:44 -0500] "GET /BLA/boletinlegal/apple-touch-icon-120x120.png HTTP/1.1" 404 1140
172.22.2.4 - - [01/Oct/2023:16:51:44 -0500] "GET /BLA/boletinlegal/apple-touch-icon-precomposed.png HTTP/1.1" 404 1140
172.22.2.4 - - [01/Oct/2023:16:51:44 -0500] "GET /BLA/boletinlegal/apple-touch-icon.png HTTP/1.1" 404 1140
172.22.2.4 - - [01/Oct/2023:16:51:44 -0500] "GET /BLA/boletinlegal/favicon.ico HTTP/1.1" 404 1140
172.22.2.4 - - [01/Oct/2023:16:50:35 -0500] "GET /BLA/boletinlegal/ HTTP/1.1" 200 57790
201.245.192.253 - - [01/Oct/2023:16:52:33 -0500] "POST /kwsrmcab/Wsrmcab  HTTP/1.1" 200 213
181.140.64.28 - - [01/Oct/2023:16:55:11 -0500] "GET /catalogoisis/ HTTP/1.1" 200 8575
181.140.64.28 - - [01/Oct/2023:16:55:11 -0500] "GET /catalogoisis/Js/AceptarLimpiar.js HTTP/1.1" 200 331
181.140.64.28 - - [01/Oct/2023:16:55:11 -0500] "GET /catalogoisis/Css/Busqueda.css HTTP/1.1" 200 1995
181.140.64.28 - - [01/Oct/2023:16:55:11 -0500] "GET /catalogoisis/Js/CriterioCombinada.js HTTP/1.1" 200 1843
181.140.64.28 - - [01/Oct/2023:16:55:11 -0500] "GET /catalogoisis/Js/Cookies.js HTTP/1.1" 200 1369
181.140.64.28 - - [01/Oct/2023:16:55:11 -0500] "GET /catalogoisis/Js/LimpiarCombinada.js HTTP/1.1" 200 207
181.140.64.28 - - [01/Oct/2023:16:55:11 -0500] "GET /catalogoisis/Js/Remote.js HTTP/1.1" 200 436
181.140.64.28 - - [01/Oct/2023:16:55:11 -0500] "GET /catalogoisis/Js/Go.js HTTP/1.1" 200 364
181.140.64.28 - - [01/Oct/2023:16:55:11 -0500] "GET /catalogoisis/Js/Numero.js HTTP/1.1" 200 398
181.140.64.28 - - [01/Oct/2023:16:55:11 -0500] "GET /catalogoisis/Js/Enter.js HTTP/1.1" 200 1208
181.140.64.28 - - [01/Oct/2023:16:55:11 -0500] "GET /catalogoisis/imagenes/Header.gif HTTP/1.1" 200 27040
181.140.64.28 - - [01/Oct/2023:16:55:11 -0500] "GET /catalogoisis/imagenes/br1c1.gif HTTP/1.1" 200 172
181.140.64.28 - - [01/Oct/2023:16:55:11 -0500] "GET /catalogoisis/imagenes/br1c3.gif HTTP/1.1" 200 302
181.140.64.28 - - [01/Oct/2023:16:55:11 -0500] "GET /catalogoisis/imagenes/Turnbo1.gif HTTP/1.1" 200 227
181.140.64.28 - - [01/Oct/2023:16:55:11 -0500] "GET /catalogoisis/imagenes/aceptar1.gif HTTP/1.1" 200 604
181.140.64.28 - - [01/Oct/2023:16:55:11 -0500] "GET /catalogoisis/imagenes/limpiar1.gif HTTP/1.1" 200 606
181.140.64.28 - - [01/Oct/2023:16:55:11 -0500] "GET /catalogoisis/imagenes/br3c1.gif HTTP/1.1" 200 177
181.140.64.28 - - [01/Oct/2023:16:55:11 -0500] "GET /catalogoisis/imagenes/br3c2.gif HTTP/1.1" 200 285
181.140.64.28 - - [01/Oct/2023:16:55:11 -0500] "GET /catalogoisis/imagenes/br3c3.gif HTTP/1.1" 200 186
181.140.64.28 - - [01/Oct/2023:16:55:14 -0500] "GET /catalogoisis/imagenes/br2c1.gif HTTP/1.1" 200 297
181.140.64.28 - - [01/Oct/2023:16:55:14 -0500] "GET /catalogoisis/imagenes/br1c2.gif HTTP/1.1" 200 297
181.140.64.28 - - [01/Oct/2023:16:55:14 -0500] "GET /catalogoisis/imagenes/br2c2.gif HTTP/1.1" 200 302
181.140.64.28 - - [01/Oct/2023:16:55:14 -0500] "GET /catalogoisis/imagenes/br2c3.gif HTTP/1.1" 200 416
181.140.64.28 - - [01/Oct/2023:16:55:15 -0500] "GET /favicon.ico HTTP/1.1" 200 7782
190.79.172.111 - - [01/Oct/2023:16:55:18 -0500] "GET / HTTP/1.1" 200 319
172.22.2.4 - - [01/Oct/2023:16:55:21 -0500] "GET /BLA/boletinlegal/autodiscover/autodiscover.json?@zdi/Powershell HTTP/1.1" 404 1018
216.245.221.92 - - [01/Oct/2023:16:56:35 -0500] "HEAD / HTTP/1.1" 200 -
172.22.2.4 - - [01/Oct/2023:16:55:34 -0500] "HEAD /BLA/boletinlegal/ HTTP/1.1" 200 -
201.245.192.253 - - [01/Oct/2023:16:57:33 -0500] "POST /kwsrmcab/Wsrmcab  HTTP/1.1" 200 213
172.22.2.4 - - [01/Oct/2023:16:56:25 -0500] "GET /BLA/boletinlegal/ HTTP/1.1" 200 58187
172.22.2.4 - - [01/Oct/2023:16:58:22 -0500] "GET /BLA/boletinlegal/actos.php HTTP/1.1" 200 9682
167.94.138.51 - - [01/Oct/2023:16:59:36 -0500] "GET / HTTP/1.1" 200 319
167.94.138.51 - - [01/Oct/2023:16:59:37 -0500] "GET / HTTP/1.1" 200 319
167.94.138.51 - - [01/Oct/2023:16:59:37 -0500] "PRI * HTTP/2.0" 400 946
167.94.138.51 - - [01/Oct/2023:16:59:37 -0500] "GET /favicon.ico HTTP/1.1" 200 7782
172.22.2.4 - - [01/Oct/2023:16:59:41 -0500] "GET /BLA/boletinlegal/consulta_actos.php?tipo=resoluciones&no=1865&usuario=&sector=&fecha=2021&resuelve= HTTP/1.1" 200 1279
201.221.172.10 - - [01/Oct/2023:16:59:45 -0500] "GET /BLA/resoluciones/RESOLUCIONES%202021/1865.pdf HTTP/1.1" 200 466582
201.221.172.10 - - [01/Oct/2023:16:59:45 -0500] "GET /favicon.ico HTTP/1.1" 200 7782
216.245.221.92 - - [01/Oct/2023:17:01:35 -0500] "HEAD / HTTP/1.1" 200 -
201.245.192.253 - - [01/Oct/2023:17:02:31 -0500] "POST /kwsrmcab/Wsrmcab  HTTP/1.1" 200 213
172.22.2.4 - - [01/Oct/2023:17:01:24 -0500] "HEAD /BLA/boletinlegal/ HTTP/1.1" 200 -
172.22.2.4 - - [01/Oct/2023:17:03:23 -0500] "GET /BLA/boletinlegal/js/ajax_actos.js HTTP/1.1" 200 1322
172.22.2.4 - - [01/Oct/2023:17:03:24 -0500] "GET /BLA/boletinlegal/js/popup.js HTTP/1.1" 200 1270
172.22.2.4 - - [01/Oct/2023:17:03:24 -0500] "GET /BLA/boletinlegal/styles2.css HTTP/1.1" 200 1838
172.22.2.4 - - [01/Oct/2023:17:02:06 -0500] "GET /BLA/boletinlegal/ HTTP/1.1" 200 47010
172.22.2.4 - - [01/Oct/2023:17:02:15 -0500] "GET /BLA/boletinlegal/ HTTP/1.1" 200 48235
40.77.167.48 - - [01/Oct/2023:17:06:07 -0500] "GET /Publicaciones/2023EE133342.pdf HTTP/1.1" 404 228
216.245.221.92 - - [01/Oct/2023:17:06:35 -0500] "HEAD / HTTP/1.1" 200 -
216.244.66.195 - - [01/Oct/2023:17:07:18 -0500] "GET /BLA/resoluciones/AUTOS%202009/2767.pdf HTTP/1.1" 200 98069
201.245.192.253 - - [01/Oct/2023:17:07:31 -0500] "POST /kwsrmcab/Wsrmcab  HTTP/1.1" 200 213
216.244.66.195 - - [01/Oct/2023:17:07:56 -0500] "GET /BLA/resoluciones/AUTOS%202011/0104.pdf HTTP/1.1" 200 203723
216.244.66.195 - - [01/Oct/2023:17:08:35 -0500] "GET /BLA/resoluciones/AUTOS%202011/0318.pdf HTTP/1.1" 200 163694
172.22.2.4 - - [01/Oct/2023:17:07:14 -0500] "HEAD /BLA/boletinlegal/ HTTP/1.1" 200 -
40.77.167.243 - - [01/Oct/2023:17:08:58 -0500] "GET /BLA/resoluciones/RESOLUCIONES%202008/0923.pdf HTTP/1.1" 200 327410
216.244.66.195 - - [01/Oct/2023:17:09:10 -0500] "GET /BLA/resoluciones/AUTOS%202011/1573.pdf HTTP/1.1" 200 95691
216.244.66.195 - - [01/Oct/2023:17:09:42 -0500] "GET /BLA/resoluciones/AUTOS%202011/1591.pdf HTTP/1.1" 200 150273
172.22.2.4 - - [01/Oct/2023:17:08:05 -0500] "GET /BLA/boletinlegal/ HTTP/1.1" 200 60342
51.159.194.233 - - [01/Oct/2023:17:10:22 -0500] "GET /por-disposicion-ilegal-de-residuos-y-contaminar-el-aire-secretaria-de-ambiente-impuso-medidas-preventivas-a-industria-en-suba.html HTTP/1.1" 200 945
216.244.66.195 - - [01/Oct/2023:17:10:28 -0500] "GET /BLA/resoluciones/AUTOS%202011/1752.pdf HTTP/1.1" 200 161977
51.159.194.199 - - [01/Oct/2023:17:10:30 -0500] "GET /calidad-del-aire-de-bogota-influenciada-por-factores-externos-e-inversiones-termicas.html HTTP/1.1" 200 775
51.159.194.233 - - [01/Oct/2023:17:10:37 -0500] "GET /distrito-avanza-con-la-plantacion-de-arboles-186-nuevos-individuos-fueron-sembrados-en-el-humedal-capellania.htm HTTP/1.1" 404 1034
51.159.194.233 - - [01/Oct/2023:17:10:37 -0500] "GET /semana-bogota-reverdece-135-nuevos-arboles-para-el-humedal-la-conejera.html HTTP/1.1" 200 814
51.159.194.233 - - [01/Oct/2023:17:10:37 -0500] "GET /predominan-condiciones-moderadas-de-calidad-del-aire-en-bogota.html HTTP/1.1" 200 883
212.129.57.169 - - [01/Oct/2023:17:10:38 -0500] "GET /proximo-4-de-octubre-simulacro-distrital-de-evacuacion-dia-y-noche.html HTTP/1.1" 200 783
51.159.195.16 - - [01/Oct/2023:17:10:42 -0500] "GET /monjita-bogotana-ave-representativa-de-los-humedales-de-la-ciudad.html HTTP/1.1" 200 841
216.244.66.195 - - [01/Oct/2023:17:11:05 -0500] "GET /BLA/resoluciones/AUTOS%202011/1896.pdf HTTP/1.1" 200 138101
216.245.221.92 - - [01/Oct/2023:17:11:35 -0500] "HEAD / HTTP/1.1" 200 -
216.244.66.195 - - [01/Oct/2023:17:11:45 -0500] "GET /BLA/resoluciones/AUTOS%202011/2175.pdf HTTP/1.1" 200 302370
66.249.66.194 - - [01/Oct/2023:17:11:52 -0500] "GET /robots.txt HTTP/1.1" 404 1034
66.249.66.194 - - [01/Oct/2023:17:11:52 -0500] "GET /dia- HTTP/1.1" 404 1034
216.244.66.195 - - [01/Oct/2023:17:12:26 -0500] "GET /BLA/resoluciones/AUTOS%202011/2696.pdf HTTP/1.1" 200 118208
201.245.192.253 - - [01/Oct/2023:17:12:29 -0500] "POST /kwsrmcab/Wsrmcab  HTTP/1.1" 200 213
216.244.66.195 - - [01/Oct/2023:17:12:57 -0500] "GET /BLA/resoluciones/AUTOS%202011/2872.pdf HTTP/1.1" 200 154119
216.244.66.195 - - [01/Oct/2023:17:13:34 -0500] "GET /BLA/resoluciones/AUTOS%202011/2877.pdf HTTP/1.1" 200 175367
216.244.66.195 - - [01/Oct/2023:17:14:10 -0500] "GET /BLA/resoluciones/AUTOS%202011/2965.pdf HTTP/1.1" 200 155527
216.244.66.195 - - [01/Oct/2023:17:14:40 -0500] "GET /BLA/resoluciones/AUTOS%202011/3239.pdf HTTP/1.1" 200 230649
172.22.2.4 - - [01/Oct/2023:17:13:04 -0500] "HEAD /BLA/boletinlegal/ HTTP/1.1" 200 -
216.244.66.195 - - [01/Oct/2023:17:15:18 -0500] "GET /BLA/resoluciones/AUTOS%202011/3255.pdf HTTP/1.1" 200 310509
172.22.2.4 - - [01/Oct/2023:17:13:55 -0500] "GET /BLA/boletinlegal/ HTTP/1.1" 200 58187
216.244.66.195 - - [01/Oct/2023:17:15:57 -0500] "GET /BLA/resoluciones/AUTOS%202011/3258.pdf HTTP/1.1" 200 316165
216.244.66.195 - - [01/Oct/2023:17:16:34 -0500] "GET /BLA/resoluciones/AUTOS%202011/3610.pdf HTTP/1.1" 200 314157
216.245.221.92 - - [01/Oct/2023:17:16:35 -0500] "HEAD / HTTP/1.1" 200 -
216.244.66.195 - - [01/Oct/2023:17:17:17 -0500] "GET /BLA/resoluciones/AUTOS%202012/0138.pdf HTTP/1.1" 200 172850
201.245.192.253 - - [01/Oct/2023:17:17:26 -0500] "POST /kwsrmcab/Wsrmcab  HTTP/1.1" 200 213
216.244.66.195 - - [01/Oct/2023:17:17:50 -0500] "GET /BLA/resoluciones/AUTOS%202012/0405.pdf HTTP/1.1" 200 222217
201.245.192.253 - - [01/Oct/2023:17:17:59 -0500] "POST /kwsrmcab/Wsrmcab HTTP/1.1" 200 43646
201.245.192.253 - - [01/Oct/2023:17:18:02 -0500] "POST /kwsrmcab/Wsrmcab HTTP/1.1" 200 43318
216.244.66.195 - - [01/Oct/2023:17:18:24 -0500] "GET /BLA/resoluciones/AUTOS%202012/0446.pdf HTTP/1.1" 200 378577
216.244.66.195 - - [01/Oct/2023:17:18:54 -0500] "GET /BLA/resoluciones/AUTOS%202012/0547.pdf HTTP/1.1" 200 364767
200.118.16.147 - - [01/Oct/2023:17:19:21 -0500] "GET /sipse/faces/index.xhtml HTTP/1.1" 200 677
200.118.16.147 - - [01/Oct/2023:17:19:21 -0500] "GET /sipse/faces/javax.faces.resource/theme.css?ln=primefaces-sipse HTTP/1.1" 200 50058
200.118.16.147 - - [01/Oct/2023:17:19:21 -0500] "GET /sipse/faces/faces/autenticacion.xhtml HTTP/1.1" 200 12412
200.118.16.147 - - [01/Oct/2023:17:19:22 -0500] "GET /sipse/js/disable_browser_buttons.js HTTP/1.1" 200 3230
200.118.16.147 - - [01/Oct/2023:17:19:22 -0500] "GET /sipse/css/custom_css_sg.css HTTP/1.1" 200 9694
200.118.16.147 - - [01/Oct/2023:17:19:22 -0500] "GET /sipse/css/custom_css_sg_prime_login.css HTTP/1.1" 200 443
200.118.16.147 - - [01/Oct/2023:17:19:22 -0500] "GET /sipse/faces/javax.faces.resource/layout/layout.css?ln=primefaces&v=4.0 HTTP/1.1" 200 542
200.118.16.147 - - [01/Oct/2023:17:19:22 -0500] "GET /sipse/js/funciones.js HTTP/1.1" 200 12592
200.118.16.147 - - [01/Oct/2023:17:19:22 -0500] "GET /sipse/faces/javax.faces.resource/theme.css?ln=primefaces-sipse HTTP/1.1" 304 -
200.118.16.147 - - [01/Oct/2023:17:19:22 -0500] "GET /sipse/faces/javax.faces.resource/jquery/jquery.js?ln=primefaces&v=4.0 HTTP/1.1" 200 105384
200.118.16.147 - - [01/Oct/2023:17:19:22 -0500] "GET /sipse/faces/javax.faces.resource/primefaces.css?ln=primefaces&v=4.0 HTTP/1.1" 200 53295
200.118.16.147 - - [01/Oct/2023:17:19:22 -0500] "GET /sipse/faces/javax.faces.resource/layout/layout.js?ln=primefaces&v=4.0 HTTP/1.1" 200 87560
200.118.16.147 - - [01/Oct/2023:17:19:22 -0500] "GET /sipse/faces/javax.faces.resource/jquery/jquery-plugins.js?ln=primefaces&v=4.0 HTTP/1.1" 200 220526
200.118.16.147 - - [01/Oct/2023:17:19:22 -0500] "GET /sipse/faces/javax.faces.resource/primefaces.js?ln=primefaces&v=4.0 HTTP/1.1" 200 276924
200.118.16.147 - - [01/Oct/2023:17:19:22 -0500] "GET /sipse/faces/javax.faces.resource/images/ui-icons_898989_256x240.png?ln=primefaces-aristo HTTP/1.1" 200 5355
200.118.16.147 - - [01/Oct/2023:17:19:22 -0500] "GET /sipse/css/imagen/loginimg.png HTTP/1.1" 200 71635
200.118.16.147 - - [01/Oct/2023:17:19:22 -0500] "GET /sipse/css/imagen/logoSDG.png HTTP/1.1" 200 53064
200.118.16.147 - - [01/Oct/2023:17:19:27 -0500] "POST /sipse/faces/autenticacion.xhtml HTTP/1.1" 200 2218
200.118.16.147 - - [01/Oct/2023:17:19:27 -0500] "GET /sipse/faces/javax.faces.resource/messages/messages.png?ln=primefaces&v=4.0 HTTP/1.1" 200 27209
200.118.16.147 - - [01/Oct/2023:17:19:28 -0500] "POST /sipse/faces/autenticacion.xhtml HTTP/1.1" 200 16390
200.118.16.147 - - [01/Oct/2023:17:19:28 -0500] "GET /sipse/css/custom_css_sg_prime.css HTTP/1.1" 200 5201
200.118.16.147 - - [01/Oct/2023:17:19:28 -0500] "GET /sipse/faces/javax.faces.resource/layout/layout.css?ln=primefaces&v=4.0 HTTP/1.1" 304 -
200.118.16.147 - - [01/Oct/2023:17:19:28 -0500] "GET /sipse/faces/javax.faces.resource/theme.css?ln=primefaces-sipse HTTP/1.1" 304 -
200.118.16.147 - - [01/Oct/2023:17:19:28 -0500] "GET /sipse/faces/javax.faces.resource/primefaces.css?ln=primefaces&v=4.0 HTTP/1.1" 304 -
200.118.16.147 - - [01/Oct/2023:17:19:28 -0500] "GET /sipse/js/jquery.min.js HTTP/1.1" 200 85582
200.118.16.147 - - [01/Oct/2023:17:19:28 -0500] "GET /sipse/faces/javax.faces.resource/jquery/jquery.js?ln=primefaces&v=4.0 HTTP/1.1" 304 -
200.118.16.147 - - [01/Oct/2023:17:19:28 -0500] "GET /sipse/faces/javax.faces.resource/jquery/jquery-plugins.js?ln=primefaces&v=4.0 HTTP/1.1" 304 -
200.118.16.147 - - [01/Oct/2023:17:19:28 -0500] "GET /sipse/faces/javax.faces.resource/primefaces.js?ln=primefaces&v=4.0 HTTP/1.1" 304 -
200.118.16.147 - - [01/Oct/2023:17:19:28 -0500] "GET /sipse/faces/javax.faces.resource/layout/layout.js?ln=primefaces&v=4.0 HTTP/1.1" 304 -
200.118.16.147 - - [01/Oct/2023:17:19:28 -0500] "GET /sipse/css/v_mergente.css HTTP/1.1" 200 1505
200.118.16.147 - - [01/Oct/2023:17:19:28 -0500] "GET /sipse/css/imagen/contrasena.png HTTP/1.1" 404 383
200.118.16.147 - - [01/Oct/2023:17:19:28 -0500] "GET /sipse/imagenes/cargando.gif HTTP/1.1" 200 36959
200.118.16.147 - - [01/Oct/2023:17:19:28 -0500] "GET /sipse/imagenes/logoAplicacion.jpg HTTP/1.1" 200 155084
200.118.16.147 - - [01/Oct/2023:17:19:31 -0500] "GET /sipse/faces/javax.faces.resource/images/ui-bg_flat_0_2d5972_40x100.png?ln=primefaces-aristo HTTP/1.1" 200 183
200.118.16.147 - - [01/Oct/2023:17:19:31 -0500] "POST /sipse/faces/bienvenido.xhtml HTTP/1.1" 200 2073
200.118.16.147 - - [01/Oct/2023:17:19:32 -0500] "POST /sipse/faces/bienvenido.xhtml HTTP/1.1" 200 39033
200.118.16.147 - - [01/Oct/2023:17:19:33 -0500] "GET /sipse/faces/javax.faces.resource/theme.css?ln=primefaces-sipse HTTP/1.1" 304 -
200.118.16.147 - - [01/Oct/2023:17:19:33 -0500] "GET /sipse/faces/javax.faces.resource/primefaces.css?ln=primefaces&v=4.0 HTTP/1.1" 304 -
200.118.16.147 - - [01/Oct/2023:17:19:33 -0500] "GET /sipse/faces/javax.faces.resource/jquery/jquery.js?ln=primefaces&v=4.0 HTTP/1.1" 304 -
200.118.16.147 - - [01/Oct/2023:17:19:33 -0500] "GET /sipse/faces/javax.faces.resource/layout/layout.css?ln=primefaces&v=4.0 HTTP/1.1" 304 -
200.118.16.147 - - [01/Oct/2023:17:19:33 -0500] "GET /sipse/faces/javax.faces.resource/jquery/jquery-plugins.js?ln=primefaces&v=4.0 HTTP/1.1" 304 -
200.118.16.147 - - [01/Oct/2023:17:19:33 -0500] "GET /sipse/faces/javax.faces.resource/primefaces.js?ln=primefaces&v=4.0 HTTP/1.1" 304 -
200.118.16.147 - - [01/Oct/2023:17:19:33 -0500] "GET /sipse/faces/javax.faces.resource/layout/layout.js?ln=primefaces&v=4.0 HTTP/1.1" 304 -
216.244.66.195 - - [01/Oct/2023:17:19:35 -0500] "GET /BLA/resoluciones/AUTOS%202012/0718.pdf HTTP/1.1" 200 248411
216.244.66.195 - - [01/Oct/2023:17:20:10 -0500] "GET /BLA/resoluciones/AUTOS%202012/0932.pdf HTTP/1.1" 200 339767
172.22.2.4 - - [01/Oct/2023:17:18:32 -0500] "GET /BLA/boletinlegal/ HTTP/1.1" 200 48660
200.118.16.147 - - [01/Oct/2023:17:20:24 -0500] "GET /sipse/faces/index.xhtml HTTP/1.1" 200 677
200.118.16.147 - - [01/Oct/2023:17:20:24 -0500] "GET /sipse/faces/javax.faces.resource/theme.css?ln=primefaces-sipse HTTP/1.1" 304 -
200.118.16.147 - - [01/Oct/2023:17:20:24 -0500] "GET /sipse/faces/faces/autenticacion.xhtml HTTP/1.1" 200 12419
200.118.16.147 - - [01/Oct/2023:17:20:24 -0500] "GET /sipse/faces/javax.faces.resource/theme.css?ln=primefaces-sipse HTTP/1.1" 304 -
200.118.16.147 - - [01/Oct/2023:17:20:24 -0500] "GET /sipse/faces/javax.faces.resource/primefaces.css?ln=primefaces&v=4.0 HTTP/1.1" 304 -
200.118.16.147 - - [01/Oct/2023:17:20:24 -0500] "GET /sipse/faces/javax.faces.resource/jquery/jquery.js?ln=primefaces&v=4.0 HTTP/1.1" 304 -
200.118.16.147 - - [01/Oct/2023:17:20:24 -0500] "GET /sipse/faces/javax.faces.resource/jquery/jquery-plugins.js?ln=primefaces&v=4.0 HTTP/1.1" 304 -
200.118.16.147 - - [01/Oct/2023:17:20:24 -0500] "GET /sipse/faces/javax.faces.resource/layout/layout.css?ln=primefaces&v=4.0 HTTP/1.1" 304 -
200.118.16.147 - - [01/Oct/2023:17:20:24 -0500] "GET /sipse/faces/javax.faces.resource/primefaces.js?ln=primefaces&v=4.0 HTTP/1.1" 304 -
200.118.16.147 - - [01/Oct/2023:17:20:24 -0500] "GET /sipse/faces/javax.faces.resource/layout/layout.js?ln=primefaces&v=4.0 HTTP/1.1" 304 -
200.118.16.147 - - [01/Oct/2023:17:20:24 -0500] "GET /sipse/faces/javax.faces.resource/images/ui-icons_898989_256x240.png?ln=primefaces-aristo HTTP/1.1" 304 -
200.118.16.147 - - [01/Oct/2023:17:20:30 -0500] "POST /sipse/faces/autenticacion.xhtml HTTP/1.1" 200 2218
200.118.16.147 - - [01/Oct/2023:17:20:30 -0500] "GET /sipse/faces/javax.faces.resource/messages/messages.png?ln=primefaces&v=4.0 HTTP/1.1" 304 -
200.118.16.147 - - [01/Oct/2023:17:20:33 -0500] "POST /sipse/faces/autenticacion.xhtml HTTP/1.1" 200 16424
200.118.16.147 - - [01/Oct/2023:17:20:33 -0500] "GET /sipse/faces/javax.faces.resource/theme.css?ln=primefaces-sipse HTTP/1.1" 304 -
200.118.16.147 - - [01/Oct/2023:17:20:33 -0500] "GET /sipse/faces/javax.faces.resource/primefaces.css?ln=primefaces&v=4.0 HTTP/1.1" 304 -
200.118.16.147 - - [01/Oct/2023:17:20:33 -0500] "GET /sipse/faces/javax.faces.resource/layout/layout.css?ln=primefaces&v=4.0 HTTP/1.1" 304 -
200.118.16.147 - - [01/Oct/2023:17:20:33 -0500] "GET /sipse/faces/javax.faces.resource/jquery/jquery.js?ln=primefaces&v=4.0 HTTP/1.1" 304 -
200.118.16.147 - - [01/Oct/2023:17:20:33 -0500] "GET /sipse/faces/javax.faces.resource/jquery/jquery-plugins.js?ln=primefaces&v=4.0 HTTP/1.1" 304 -
200.118.16.147 - - [01/Oct/2023:17:20:33 -0500] "GET /sipse/faces/javax.faces.resource/primefaces.js?ln=primefaces&v=4.0 HTTP/1.1" 304 -
200.118.16.147 - - [01/Oct/2023:17:20:33 -0500] "GET /sipse/faces/javax.faces.resource/layout/layout.js?ln=primefaces&v=4.0 HTTP/1.1" 304 -
200.118.16.147 - - [01/Oct/2023:17:20:34 -0500] "GET /sipse/css/imagen/contrasena.png HTTP/1.1" 404 383
172.22.2.4 - - [01/Oct/2023:17:18:54 -0500] "HEAD /BLA/boletinlegal/ HTTP/1.1" 200 -
200.118.16.147 - - [01/Oct/2023:17:20:36 -0500] "GET /sipse/faces/javax.faces.resource/images/ui-bg_flat_0_2d5972_40x100.png?ln=primefaces-aristo HTTP/1.1" 304 -
200.118.16.147 - - [01/Oct/2023:17:20:36 -0500] "POST /sipse/faces/bienvenido.xhtml HTTP/1.1" 200 2658
216.244.66.195 - - [01/Oct/2023:17:20:43 -0500] "GET /BLA/resoluciones/AUTOS%202012/1397.pdf HTTP/1.1" 200 280860
200.118.16.147 - - [01/Oct/2023:17:20:45 -0500] "POST /sipse/faces/bienvenido.xhtml HTTP/1.1" 200 2073
200.118.16.147 - - [01/Oct/2023:17:20:46 -0500] "POST /sipse/faces/bienvenido.xhtml HTTP/1.1" 200 40791
200.118.16.147 - - [01/Oct/2023:17:20:46 -0500] "GET /sipse/faces/javax.faces.resource/primefaces.css?ln=primefaces&v=4.0 HTTP/1.1" 304 -
200.118.16.147 - - [01/Oct/2023:17:20:46 -0500] "GET /sipse/faces/javax.faces.resource/theme.css?ln=primefaces-sipse HTTP/1.1" 304 -
200.118.16.147 - - [01/Oct/2023:17:20:46 -0500] "GET /sipse/faces/javax.faces.resource/layout/layout.css?ln=primefaces&v=4.0 HTTP/1.1" 304 -
200.118.16.147 - - [01/Oct/2023:17:20:46 -0500] "GET /sipse/faces/javax.faces.resource/jquery/jquery.js?ln=primefaces&v=4.0 HTTP/1.1" 304 -
200.118.16.147 - - [01/Oct/2023:17:20:46 -0500] "GET /sipse/faces/javax.faces.resource/jquery/jquery-plugins.js?ln=primefaces&v=4.0 HTTP/1.1" 304 -
200.118.16.147 - - [01/Oct/2023:17:20:46 -0500] "GET /sipse/faces/javax.faces.resource/primefaces.js?ln=primefaces&v=4.0 HTTP/1.1" 304 -
200.118.16.147 - - [01/Oct/2023:17:20:46 -0500] "GET /sipse/faces/javax.faces.resource/layout/layout.js?ln=primefaces&v=4.0 HTTP/1.1" 304 -
172.22.2.4 - - [01/Oct/2023:17:19:09 -0500] "GET /BLA/boletinlegal/ HTTP/1.1" 200 40981
200.118.16.147 - - [01/Oct/2023:17:20:50 -0500] "POST /sipse/faces/presentacion/financiero/solicitudProceso/consultar.xhtml HTTP/1.1" 200 12713
200.118.16.147 - - [01/Oct/2023:17:21:01 -0500] "POST /sipse/faces/presentacion/financiero/solicitudProceso/consultar.xhtml HTTP/1.1" 200 125551
200.118.16.147 - - [01/Oct/2023:17:21:02 -0500] "GET /sipse/faces/javax.faces.resource/theme.css?ln=primefaces-sipse HTTP/1.1" 304 -
200.118.16.147 - - [01/Oct/2023:17:21:02 -0500] "GET /sipse/faces/javax.faces.resource/primefaces.css?ln=primefaces&v=4.0 HTTP/1.1" 304 -
200.118.16.147 - - [01/Oct/2023:17:21:02 -0500] "GET /sipse/faces/javax.faces.resource/layout/layout.css?ln=primefaces&v=4.0 HTTP/1.1" 304 -
200.118.16.147 - - [01/Oct/2023:17:21:02 -0500] "GET /sipse/faces/javax.faces.resource/jquery/jquery.js?ln=primefaces&v=4.0 HTTP/1.1" 304 -
200.118.16.147 - - [01/Oct/2023:17:21:02 -0500] "GET /sipse/faces/javax.faces.resource/jquery/jquery-plugins.js?ln=primefaces&v=4.0 HTTP/1.1" 304 -
200.118.16.147 - - [01/Oct/2023:17:21:02 -0500] "GET /sipse/faces/javax.faces.resource/primefaces.js?ln=primefaces&v=4.0 HTTP/1.1" 304 -
200.118.16.147 - - [01/Oct/2023:17:21:02 -0500] "GET /sipse/faces/javax.faces.resource/layout/layout.js?ln=primefaces&v=4.0 HTTP/1.1" 304 -
200.118.16.147 - - [01/Oct/2023:17:21:02 -0500] "GET /sipse/faces/javax.faces.resource/dynamiccontent.properties?ln=primefaces&pfdrid=XjOR5%2F%2FfPAZAuY9TpWQeCiM0BhlXxYRBGKi%2FQcXXfeA%3D&pfdrid_c=false HTTP/1.1" 500 383
216.244.66.195 - - [01/Oct/2023:17:21:11 -0500] "GET /BLA/resoluciones/AUTOS%202012/1406.pdf HTTP/1.1" 200 269809
200.118.16.147 - - [01/Oct/2023:17:21:16 -0500] "POST /sipse/faces/presentacion/financiero/solicitudProceso/consultarSolicitudProceso.xhtml HTTP/1.1" 200 2781893
172.22.2.4 - - [01/Oct/2023:17:19:45 -0500] "GET /BLA/boletinlegal/ HTTP/1.1" 200 40232
216.245.221.92 - - [01/Oct/2023:17:21:35 -0500] "HEAD / HTTP/1.1" 200 -
216.244.66.195 - - [01/Oct/2023:17:21:40 -0500] "GET /BLA/resoluciones/AUTOS%202012/1588.pdf HTTP/1.1" 200 850332
172.22.2.4 - - [01/Oct/2023:17:20:19 -0500] "GET /BLA/boletinlegal/ HTTP/1.1" 200 48660
52.167.144.217 - - [01/Oct/2023:17:22:09 -0500] "GET /portaldeninos/2021/06/29/jasbleady-castaneda-una-mujer-que-le-pone-el-alma-a-la-proteccion-de-las-tinguas-azules/ HTTP/1.1" 200 108388
216.244.66.195 - - [01/Oct/2023:17:22:14 -0500] "GET /BLA/resoluciones/AUTOS%202012/1712.pdf HTTP/1.1" 200 901373
201.245.192.253 - - [01/Oct/2023:17:22:26 -0500] "POST /kwsrmcab/Wsrmcab  HTTP/1.1" 200 213
157.55.39.9 - - [01/Oct/2023:17:22:38 -0500] "GET /portaldeninos/wp-content/themes/betheme/fonts/mfn-icons.ttf?93978679 HTTP/1.1" 200 124684
157.55.39.9 - - [01/Oct/2023:17:22:39 -0500] "GET /portaldeninos/wp-includes/js/jquery/ui/core.min.js?ver=1.11.4 HTTP/1.1" 200 4000
216.244.66.195 - - [01/Oct/2023:17:22:42 -0500] "GET /BLA/resoluciones/AUTOS%202012/2545.pdf HTTP/1.1" 200 1912194
40.77.167.64 - - [01/Oct/2023:17:22:42 -0500] "GET /portaldeninos/wp-content/themes/betheme/css/responsive.css?ver=20.9.6 HTTP/1.1" 200 55740
40.77.167.64 - - [01/Oct/2023:17:22:43 -0500] "GET /portaldeninos/wp-content/themes/betheme/js/scripts.js?ver=20.9.6 HTTP/1.1" 200 77162
40.77.167.28 - - [01/Oct/2023:17:22:48 -0500] "GET /portaldeninos/wp-content/themes/betheme/assets/animations/animations.min.css?ver=20.9.6 HTTP/1.1" 200 58508
40.77.167.28 - - [01/Oct/2023:17:22:48 -0500] "GET /portaldeninos/wp-includes/js/jquery/ui/accordion.min.js?ver=1.11.4 HTTP/1.1" 200 8584
40.77.167.28 - - [01/Oct/2023:17:22:49 -0500] "GET /portaldeninos/wp-includes/js/jquery/ui/tabs.min.js?ver=1.11.4 HTTP/1.1" 200 12110
216.244.66.195 - - [01/Oct/2023:17:23:10 -0500] "GET /BLA/resoluciones/AUTOS%202012/2570.pdf HTTP/1.1" 200 313208
191.95.162.216 - - [01/Oct/2023:17:23:29 -0500] "GET /sipse/faces/index.xhtml HTTP/1.1" 200 677
191.95.162.216 - - [01/Oct/2023:17:23:30 -0500] "GET /sipse/faces/javax.faces.resource/theme.css?ln=primefaces-sipse HTTP/1.1" 304 -
191.95.162.216 - - [01/Oct/2023:17:23:30 -0500] "GET /sipse/faces/faces/autenticacion.xhtml HTTP/1.1" 200 12412
191.95.162.216 - - [01/Oct/2023:17:23:30 -0500] "GET /sipse/faces/javax.faces.resource/theme.css?ln=primefaces-sipse HTTP/1.1" 304 -
191.95.162.216 - - [01/Oct/2023:17:23:30 -0500] "GET /sipse/faces/javax.faces.resource/jquery/jquery-plugins.js?ln=primefaces&v=4.0 HTTP/1.1" 304 -
191.95.162.216 - - [01/Oct/2023:17:23:30 -0500] "GET /sipse/faces/javax.faces.resource/layout/layout.js?ln=primefaces&v=4.0 HTTP/1.1" 304 -
191.95.162.216 - - [01/Oct/2023:17:23:30 -0500] "GET /sipse/faces/javax.faces.resource/primefaces.js?ln=primefaces&v=4.0 HTTP/1.1" 304 -
191.95.162.216 - - [01/Oct/2023:17:23:30 -0500] "GET /sipse/faces/javax.faces.resource/jquery/jquery.js?ln=primefaces&v=4.0 HTTP/1.1" 304 -
191.95.162.216 - - [01/Oct/2023:17:23:30 -0500] "GET /sipse/faces/javax.faces.resource/primefaces.css?ln=primefaces&v=4.0 HTTP/1.1" 304 -
191.95.162.216 - - [01/Oct/2023:17:23:30 -0500] "GET /sipse/faces/javax.faces.resource/layout/layout.css?ln=primefaces&v=4.0 HTTP/1.1" 304 -
191.95.162.216 - - [01/Oct/2023:17:23:31 -0500] "GET /sipse/faces/javax.faces.resource/images/ui-icons_898989_256x240.png?ln=primefaces-aristo HTTP/1.1" 304 -
191.95.162.216 - - [01/Oct/2023:17:23:33 -0500] "POST /sipse/faces/autenticacion.xhtml HTTP/1.1" 200 11159
191.95.162.216 - - [01/Oct/2023:17:23:33 -0500] "GET /sipse/faces/javax.faces.resource/theme.css?ln=primefaces-sipse HTTP/1.1" 304 -
191.95.162.216 - - [01/Oct/2023:17:23:33 -0500] "GET /sipse/faces/javax.faces.resource/layout/layout.css?ln=primefaces&v=4.0 HTTP/1.1" 304 -
191.95.162.216 - - [01/Oct/2023:17:23:33 -0500] "GET /sipse/faces/javax.faces.resource/jquery/jquery.js?ln=primefaces&v=4.0 HTTP/1.1" 304 -
191.95.162.216 - - [01/Oct/2023:17:23:33 -0500] "GET /sipse/faces/javax.faces.resource/primefaces.css?ln=primefaces&v=4.0 HTTP/1.1" 304 -
191.95.162.216 - - [01/Oct/2023:17:23:33 -0500] "GET /sipse/faces/javax.faces.resource/jquery/jquery-plugins.js?ln=primefaces&v=4.0 HTTP/1.1" 304 -
191.95.162.216 - - [01/Oct/2023:17:23:34 -0500] "GET /sipse/faces/javax.faces.resource/primefaces.js?ln=primefaces&v=4.0 HTTP/1.1" 304 -
191.95.162.216 - - [01/Oct/2023:17:23:34 -0500] "GET /sipse/faces/javax.faces.resource/layout/layout.js?ln=primefaces&v=4.0 HTTP/1.1" 304 -
191.95.162.216 - - [01/Oct/2023:17:23:34 -0500] "GET /sipse/faces/javax.faces.resource/messages/messages.png?ln=primefaces&v=4.0 HTTP/1.1" 304 -
216.244.66.195 - - [01/Oct/2023:17:23:35 -0500] "GET /BLA/resoluciones/AUTOS%202012/2573.pdf HTTP/1.1" 200 312363
191.95.162.216 - - [01/Oct/2023:17:23:36 -0500] "POST /sipse/faces/presentacion/sistema/seguridad/seleccionRol.xhtml HTTP/1.1" 200 5865
191.95.162.216 - - [01/Oct/2023:17:23:37 -0500] "GET /sipse/faces/javax.faces.resource/images/ui-bg_flat_0_2d5972_40x100.png?ln=primefaces-aristo HTTP/1.1" 304 -
191.95.162.216 - - [01/Oct/2023:17:23:38 -0500] "POST /sipse/faces/presentacion/sistema/seguridad/seleccionRol.xhtml HTTP/1.1" 200 16404
191.95.162.216 - - [01/Oct/2023:17:23:38 -0500] "GET /sipse/faces/javax.faces.resource/theme.css?ln=primefaces-sipse HTTP/1.1" 304 -
191.95.162.216 - - [01/Oct/2023:17:23:38 -0500] "GET /sipse/faces/javax.faces.resource/layout/layout.css?ln=primefaces&v=4.0 HTTP/1.1" 304 -
191.95.162.216 - - [01/Oct/2023:17:23:38 -0500] "GET /sipse/faces/javax.faces.resource/primefaces.css?ln=primefaces&v=4.0 HTTP/1.1" 304 -
191.95.162.216 - - [01/Oct/2023:17:23:38 -0500] "GET /sipse/faces/javax.faces.resource/jquery/jquery.js?ln=primefaces&v=4.0 HTTP/1.1" 304 -
191.95.162.216 - - [01/Oct/2023:17:23:38 -0500] "GET /sipse/faces/javax.faces.resource/jquery/jquery-plugins.js?ln=primefaces&v=4.0 HTTP/1.1" 304 -
191.95.162.216 - - [01/Oct/2023:17:23:39 -0500] "GET /sipse/faces/javax.faces.resource/primefaces.js?ln=primefaces&v=4.0 HTTP/1.1" 304 -
191.95.162.216 - - [01/Oct/2023:17:23:39 -0500] "GET /sipse/faces/javax.faces.resource/layout/layout.js?ln=primefaces&v=4.0 HTTP/1.1" 304 -
191.95.162.216 - - [01/Oct/2023:17:23:39 -0500] "GET /sipse/css/imagen/contrasena.png HTTP/1.1" 404 383
191.95.162.216 - - [01/Oct/2023:17:23:40 -0500] "POST /sipse/faces/bienvenido.xhtml HTTP/1.1" 200 2658
191.95.162.216 - - [01/Oct/2023:17:23:41 -0500] "POST /sipse/faces/bienvenido.xhtml HTTP/1.1" 200 63625
191.95.162.216 - - [01/Oct/2023:17:23:42 -0500] "GET /sipse/faces/javax.faces.resource/theme.css?ln=primefaces-sipse HTTP/1.1" 304 -
191.95.162.216 - - [01/Oct/2023:17:23:42 -0500] "GET /sipse/faces/javax.faces.resource/layout/layout.css?ln=primefaces&v=4.0 HTTP/1.1" 304 -
191.95.162.216 - - [01/Oct/2023:17:23:42 -0500] "GET /sipse/faces/javax.faces.resource/primefaces.css?ln=primefaces&v=4.0 HTTP/1.1" 304 -
191.95.162.216 - - [01/Oct/2023:17:23:42 -0500] "GET /sipse/faces/javax.faces.resource/jquery/jquery.js?ln=primefaces&v=4.0 HTTP/1.1" 304 -
191.95.162.216 - - [01/Oct/2023:17:23:42 -0500] "GET /sipse/faces/javax.faces.resource/jquery/jquery-plugins.js?ln=primefaces&v=4.0 HTTP/1.1" 304 -
191.95.162.216 - - [01/Oct/2023:17:23:42 -0500] "GET /sipse/faces/javax.faces.resource/primefaces.js?ln=primefaces&v=4.0 HTTP/1.1" 304 -
191.95.162.216 - - [01/Oct/2023:17:23:42 -0500] "GET /sipse/faces/javax.faces.resource/layout/layout.js?ln=primefaces&v=4.0 HTTP/1.1" 304 -
191.95.162.216 - - [01/Oct/2023:17:23:42 -0500] "POST /sipse/faces/presentacion/financiero/solicitudProceso/listarSolicitudProceso.xhtml HTTP/1.1" 200 1552
191.95.162.216 - - [01/Oct/2023:17:24:07 -0500] "POST /sipse/faces/presentacion/financiero/solicitudProceso/listarSolicitudProceso.xhtml HTTP/1.1" 200 167449
191.95.162.216 - - [01/Oct/2023:17:24:10 -0500] "GET /sipse/faces/javax.faces.resource/theme.css?ln=primefaces-sipse HTTP/1.1" 304 -
191.95.162.216 - - [01/Oct/2023:17:24:10 -0500] "GET /sipse/faces/javax.faces.resource/primefaces.css?ln=primefaces&v=4.0 HTTP/1.1" 304 -
191.95.162.216 - - [01/Oct/2023:17:24:10 -0500] "GET /sipse/faces/javax.faces.resource/jquery/jquery.js?ln=primefaces&v=4.0 HTTP/1.1" 304 -
191.95.162.216 - - [01/Oct/2023:17:24:10 -0500] "GET /sipse/faces/javax.faces.resource/layout/layout.css?ln=primefaces&v=4.0 HTTP/1.1" 304 -
191.95.162.216 - - [01/Oct/2023:17:24:10 -0500] "GET /sipse/faces/javax.faces.resource/jquery/jquery-plugins.js?ln=primefaces&v=4.0 HTTP/1.1" 304 -
191.95.162.216 - - [01/Oct/2023:17:24:10 -0500] "GET /sipse/faces/javax.faces.resource/primefaces.js?ln=primefaces&v=4.0 HTTP/1.1" 304 -
191.95.162.216 - - [01/Oct/2023:17:24:10 -0500] "GET /sipse/faces/javax.faces.resource/layout/layout.js?ln=primefaces&v=4.0 HTTP/1.1" 304 -
191.95.162.216 - - [01/Oct/2023:17:24:10 -0500] "GET /sipse/faces/javax.faces.resource/dynamiccontent.properties?ln=primefaces&pfdrid=XjOR5%2F%2FfPAZAuY9TpWQeCiM0BhlXxYRBGKi%2FQcXXfeA%3D&pfdrid_c=false HTTP/1.1" 500 383
191.95.162.216 - - [01/Oct/2023:17:24:17 -0500] "POST /sipse/faces/presentacion/financiero/solicitudProceso/consultarSolicitudProceso.xhtml HTTP/1.1" 200 679041
172.22.2.4 - - [01/Oct/2023:17:26:08 -0500] "GET /BLA/boletinlegal/Directivas/2019/Directiva%20008%20del%2001%20de%20noviembre%20de%202019.pdf HTTP/1.1" 200 1382642
172.22.2.4 - - [01/Oct/2023:17:24:44 -0500] "HEAD /BLA/boletinlegal/ HTTP/1.1" 200 -
216.245.221.92 - - [01/Oct/2023:17:26:35 -0500] "HEAD / HTTP/1.1" 200 -
216.244.66.195 - - [01/Oct/2023:17:27:10 -0500] "GET /robots.txt HTTP/1.1" 404 1018
172.22.2.4 - - [01/Oct/2023:17:25:35 -0500] "GET /BLA/boletinlegal/ HTTP/1.1" 200 58187
172.22.2.4 - - [01/Oct/2023:17:27:24 -0500] "GET /BLA/boletinlegal/Circulares/2017/Circular%20No.%20011%20del%2005%20de%20julio%20de%202017.pdf HTTP/1.1" 304 -
201.245.192.253 - - [01/Oct/2023:17:27:25 -0500] "POST /kwsrmcab/Wsrmcab  HTTP/1.1" 200 213
157.55.39.9 - - [01/Oct/2023:17:27:28 -0500] "GET /Publicaciones/2023EE225876.pdf HTTP/1.1" 200 231950
201.245.192.253 - - [01/Oct/2023:17:27:58 -0500] "POST /kwsrmcab/Wsrmcab HTTP/1.1" 200 43646
201.245.192.253 - - [01/Oct/2023:17:28:01 -0500] "POST /kwsrmcab/Wsrmcab HTTP/1.1" 200 43318
47.89.195.210 - - [01/Oct/2023:17:28:10 -0500] "GET / HTTP/1.1" 200 319
47.89.195.210 - - [01/Oct/2023:17:28:10 -0500] "GET /Public/home/js/check.js HTTP/1.1" 404 1018
47.88.101.3 - - [01/Oct/2023:17:28:11 -0500] "GET /static/admin/javascript/hetong.js HTTP/1.1" 404 1018
173.252.107.6 - - [01/Oct/2023:17:29:41 -0500] "GET /conoce-las-medidas-de-prevencion-y-mitigacion-contempladas-en-la-alerta-fase-1-por-calidad-del-aire.htmli HTTP/1.1" 404 1034
200.118.16.147 - - [01/Oct/2023:17:29:59 -0500] "POST /sipse/faces/presentacion/financiero/solicitudProceso/consultarSolicitudProceso.xhtml HTTP/1.1" 200 789990
200.118.16.147 - - [01/Oct/2023:17:31:10 -0500] "POST /sipse/faces/presentacion/financiero/solicitudProceso/consultarSolicitudProceso.xhtml HTTP/1.1" 200 39625
200.118.16.147 - - [01/Oct/2023:17:31:11 -0500] "GET /sipse/faces/javax.faces.resource/theme.css?ln=primefaces-sipse HTTP/1.1" 304 -
200.118.16.147 - - [01/Oct/2023:17:31:11 -0500] "GET /sipse/faces/javax.faces.resource/primefaces.css?ln=primefaces&v=4.0 HTTP/1.1" 304 -
200.118.16.147 - - [01/Oct/2023:17:31:11 -0500] "GET /sipse/faces/javax.faces.resource/jquery/jquery.js?ln=primefaces&v=4.0 HTTP/1.1" 304 -
200.118.16.147 - - [01/Oct/2023:17:31:11 -0500] "GET /sipse/faces/javax.faces.resource/jquery/jquery-plugins.js?ln=primefaces&v=4.0 HTTP/1.1" 304 -
200.118.16.147 - - [01/Oct/2023:17:31:11 -0500] "GET /sipse/faces/javax.faces.resource/layout/layout.css?ln=primefaces&v=4.0 HTTP/1.1" 304 -
200.118.16.147 - - [01/Oct/2023:17:31:11 -0500] "GET /sipse/faces/javax.faces.resource/primefaces.js?ln=primefaces&v=4.0 HTTP/1.1" 304 -
200.118.16.147 - - [01/Oct/2023:17:31:11 -0500] "GET /sipse/faces/javax.faces.resource/layout/layout.js?ln=primefaces&v=4.0 HTTP/1.1" 304 -
200.118.16.147 - - [01/Oct/2023:17:31:11 -0500] "GET /sipse/css/imagen/contrasena.png HTTP/1.1" 404 383
200.118.16.147 - - [01/Oct/2023:17:31:11 -0500] "GET /sipse/faces/javax.faces.resource/images/ui-icons_898989_256x240.png?ln=primefaces-aristo HTTP/1.1" 304 -
216.245.221.92 - - [01/Oct/2023:17:31:35 -0500] "HEAD / HTTP/1.1" 200 -
51.222.253.6 - - [01/Oct/2023:17:32:11 -0500] "GET /robots.txt HTTP/1.1" 404 1018
172.22.2.4 - - [01/Oct/2023:17:30:34 -0500] "HEAD /BLA/boletinlegal/ HTTP/1.1" 200 -
201.245.192.253 - - [01/Oct/2023:17:32:24 -0500] "POST /kwsrmcab/Wsrmcab  HTTP/1.1" 200 213
172.22.2.4 - - [01/Oct/2023:17:31:25 -0500] "GET /BLA/boletinlegal/ HTTP/1.1" 200 57790
172.22.2.4 - - [01/Oct/2023:17:33:15 -0500] "GET /BLA/boletinlegal/jurisprudencia/analisis/analisis%20C-595-2010.doc HTTP/1.1" 200 39424
173.252.83.118 - - [01/Oct/2023:17:33:44 -0500] "GET /images/plantacion-humedal-la-conejera.jpg HTTP/1.1" 200 92644
173.252.83.3 - - [01/Oct/2023:17:33:52 -0500] "GET /images/Zuque%20(1)%20(1).jpeg HTTP/1.1" 200 66921
173.252.83.119 - - [01/Oct/2023:17:33:55 -0500] "GET /images/pieza-voluntariado-ambiental.jpeg HTTP/1.1" 200 51125
172.22.2.4 - - [01/Oct/2023:17:33:07 -0500] "GET /BLA/boletinlegal/ HTTP/1.1" 200 62286
216.245.221.92 - - [01/Oct/2023:17:36:35 -0500] "HEAD / HTTP/1.1" 200 -
172.22.2.4 - - [01/Oct/2023:17:37:03 -0500] "GET /BLA/boletinlegal/Circulares/2019/.pdf HTTP/1.1" 404 1218
172.22.2.4 - - [01/Oct/2023:17:37:12 -0500] "GET /BLA/boletinlegal/Circulares/2012/Circular%20No.%2010%20del%2026%20de%20Enero%20de%202012.pdf HTTP/1.1" 404 1218
172.22.2.4 - - [01/Oct/2023:17:37:16 -0500] "GET /BLA/boletinlegal/Circulares/2023/CIRCULAR%20No.%2000003%20DEL%2021%20DE%20FEBRERO%20DEL%202023.pdf HTTP/1.1" 200 355302
201.245.192.253 - - [01/Oct/2023:17:37:23 -0500] "POST /kwsrmcab/Wsrmcab  HTTP/1.1" 200 213
201.245.192.253 - - [01/Oct/2023:17:37:58 -0500] "POST /kwsrmcab/Wsrmcab HTTP/1.1" 200 43646
201.245.192.253 - - [01/Oct/2023:17:38:01 -0500] "POST /kwsrmcab/Wsrmcab HTTP/1.1" 200 43318
172.22.2.4 - - [01/Oct/2023:17:36:24 -0500] "HEAD /BLA/boletinlegal/ HTTP/1.1" 200 -
66.249.66.20 - - [01/Oct/2023:17:38:28 -0500] "GET /Publicaciones/2023EE167378.pdf HTTP/1.1" 404 228
40.77.189.207 - - [01/Oct/2023:17:38:33 -0500] "GET /portaldeninos/wp-content/themes/betheme/style.css?ver=20.9.6 HTTP/1.1" 200 287
40.77.189.207 - - [01/Oct/2023:17:38:33 -0500] "GET /portaldeninos/wp-content/uploads/useanyfont/uaf.css?ver=1589905315 HTTP/1.1" 200 408
40.77.189.207 - - [01/Oct/2023:17:38:33 -0500] "GET /portaldeninos/wp-includes/js/jquery/jquery-migrate.min.js?ver=1.4.1 HTTP/1.1" 200 10056
40.77.189.207 - - [01/Oct/2023:17:38:33 -0500] "GET /portaldeninos/wp-content/themes/betheme/assets/jplayer/css/jplayer.blue.monday.css?ver=20.9.6 HTTP/1.1" 200 9834
40.77.189.207 - - [01/Oct/2023:17:38:33 -0500] "GET /portaldeninos/wp-content/themes/betheme/assets/ui/jquery.ui.all.css?ver=20.9.6 HTTP/1.1" 200 18765
40.77.189.207 - - [01/Oct/2023:17:38:33 -0500] "GET /portaldeninos/wp-content/plugins/gallery-videos/JS/modernizr.custom.js?ver=4.9.8 HTTP/1.1" 200 9019
40.77.189.207 - - [01/Oct/2023:17:38:33 -0500] "GET /portaldeninos/wp-content/plugins/gallery-videos/CSS/Total-Soft-Gallery-Video-Widget.css?ver=4.9.8 HTTP/1.1" 200 51554
40.77.189.207 - - [01/Oct/2023:17:38:33 -0500] "GET /portaldeninos/wp-content/plugins/gallery-videos/CSS/totalsoft.css?ver=4.9.8 HTTP/1.1" 200 40622
40.77.189.207 - - [01/Oct/2023:17:38:33 -0500] "GET /portaldeninos/wp-content/themes/betheme/css/shortcodes.css?ver=20.9.6 HTTP/1.1" 200 138889
40.77.189.207 - - [01/Oct/2023:17:38:33 -0500] "GET /portaldeninos/wp-includes/js/jquery/ui/mouse.min.js?ver=1.11.4 HTTP/1.1" 200 3148
40.77.189.207 - - [01/Oct/2023:17:38:33 -0500] "GET /portaldeninos/wp-includes/js/comment-reply.min.js?ver=4.9.8 HTTP/1.1" 200 1078
40.77.189.207 - - [01/Oct/2023:17:38:33 -0500] "GET /portaldeninos/wp-includes/js/wp-embed.min.js?ver=4.9.8 HTTP/1.1" 200 1398
40.77.189.207 - - [01/Oct/2023:17:38:33 -0500] "GET /portaldeninos/wp-includes/js/wp-emoji-release.min.js?ver=4.9.8 HTTP/1.1" 200 12026
40.77.189.207 - - [01/Oct/2023:17:38:33 -0500] "GET /portaldeninos/wp-content/themes/betheme/assets/jplayer/jplayer.min.js?ver=20.9.6 HTTP/1.1" 200 52702
40.77.189.207 - - [01/Oct/2023:17:38:33 -0500] "GET /portaldeninos/wp-content/themes/betheme/js/plugins.js?ver=20.9.6 HTTP/1.1" 200 197151
40.77.189.207 - - [01/Oct/2023:17:38:34 -0500] "GET /portaldeninos/wp-content/themes/betheme/fonts/mfn-icons.woff?93978679 HTTP/1.1" 200 80932
172.22.2.4 - - [01/Oct/2023:17:37:15 -0500] "GET /BLA/boletinlegal/ HTTP/1.1" 200 60692
200.118.16.147 - - [01/Oct/2023:17:41:24 -0500] "GET /sipse/faces/javax.faces.resource/theme.css?ln=primefaces-sipse HTTP/1.1" 304 -
200.118.16.147 - - [01/Oct/2023:17:41:24 -0500] "GET /sipse/faces/javax.faces.resource/primefaces.css?ln=primefaces&v=4.0 HTTP/1.1" 304 -
200.118.16.147 - - [01/Oct/2023:17:41:24 -0500] "GET /sipse/faces/javax.faces.resource/layout/layout.css?ln=primefaces&v=4.0 HTTP/1.1" 304 -
200.118.16.147 - - [01/Oct/2023:17:41:24 -0500] "GET /sipse/faces/javax.faces.resource/jquery/jquery-plugins.js?ln=primefaces&v=4.0 HTTP/1.1" 304 -
200.118.16.147 - - [01/Oct/2023:17:41:24 -0500] "GET /sipse/faces/javax.faces.resource/jquery/jquery.js?ln=primefaces&v=4.0 HTTP/1.1" 304 -
200.118.16.147 - - [01/Oct/2023:17:41:24 -0500] "GET /sipse/faces/javax.faces.resource/layout/layout.js?ln=primefaces&v=4.0 HTTP/1.1" 304 -
200.118.16.147 - - [01/Oct/2023:17:41:24 -0500] "GET /sipse/faces/javax.faces.resource/primefaces.js?ln=primefaces&v=4.0 HTTP/1.1" 304 -
200.118.16.147 - - [01/Oct/2023:17:41:23 -0500] "POST /sipse/faces/presentacion/financiero/solicitudProceso/consultarHistorialSolProceso.xhtml HTTP/1.1" 200 169617
200.118.16.147 - - [01/Oct/2023:17:41:24 -0500] "GET /sipse/faces/javax.faces.resource/images/ui-icons_898989_256x240.png?ln=primefaces-aristo HTTP/1.1" 304 -
200.118.16.147 - - [01/Oct/2023:17:41:24 -0500] "GET /sipse/faces/javax.faces.resource/dynamiccontent.properties?ln=primefaces&pfdrid=XjOR5%2F%2FfPAZAuY9TpWQeCiM0BhlXxYRBGKi%2FQcXXfeA%3D&pfdrid_c=false HTTP/1.1" 500 383
216.245.221.92 - - [01/Oct/2023:17:41:35 -0500] "HEAD / HTTP/1.1" 200 -
52.167.144.167 - - [01/Oct/2023:17:41:51 -0500] "GET /bogota-celebra-la-semana-de-los-insectos.html HTTP/1.1" 200 717
200.118.16.147 - - [01/Oct/2023:17:42:04 -0500] "POST /sipse/faces/presentacion/financiero/solicitudProceso/consultarSolicitudProceso.xhtml HTTP/1.1" 200 652813
201.245.192.253 - - [01/Oct/2023:17:42:21 -0500] "POST /kwsrmcab/Wsrmcab  HTTP/1.1" 200 213
152.203.237.130 - - [01/Oct/2023:17:43:35 -0500] "OPTIONS /kwssiamovil/sm/setfile/f? HTTP/1.1" 200 13
152.203.237.130 - - [01/Oct/2023:17:43:35 -0500] "POST /kwssiamovil/sm/setfile/f? HTTP/1.1" 200 420
172.22.2.4 - - [01/Oct/2023:17:42:14 -0500] "HEAD /BLA/boletinlegal/ HTTP/1.1" 200 -
172.22.2.4 - - [01/Oct/2023:17:43:05 -0500] "GET /BLA/boletinlegal/ HTTP/1.1" 200 60342
152.203.237.130 - - [01/Oct/2023:17:45:02 -0500] "GET /kwssiamovil/sm/ldap/au?x=U2FsdGVkX18whHibc3gzceHSChA+T/gFQ+3tcg1WtkPNFShZJeBz0zMF3Pi1OYk9q4i6t+RUvp7rcsxsKRcL/g==&y=U2FsdGVkX19rZ54TCZfxvXnyhtQUBFwlXTGVOpBPa7+9w8gi8Zn+t8f0l5GqeNAc HTTP/1.1" 200 30
152.203.237.130 - - [01/Oct/2023:17:45:02 -0500] "GET /kwssiamovil/sm/acme/s?s=U2FsdGVkX18xY7kkBtLW+YPKMDGNaCR8E4LO320LK1hxXIum1FfSkuglUiRk5pCn8umsiNreYtV3xdV47XQ0x59fVFlyJARusblg98fO81k=&u=U2FsdGVkX1/ENVbAPPCL466qykuQtFqpNl4VEdpN6aXklRbUirDPkpgLsAa5hvjk&y=U2FsdGVkX19rZ54TCZfxvXnyhtQUBFwlXTGVOpBPa7+9w8gi8Zn+t8f0l5GqeNAc HTTP/1.1" 200 97
152.203.237.130 - - [01/Oct/2023:17:45:02 -0500] "GET /kwssiamovil/sm/acme/s?s=U2FsdGVkX1/2IDIqCmfvfQmO5d5N9/81PmOfi5XzSKUIbMpojq6Kvv/bjpO44bid2RPVSDypceZL8KXLy1Nemsh234O9+HG/d/Lfat/ror9++AcdIQHEINZgZzyn0k8k8/bcb6CwgNGlWk1z0OscybcTu9vHVe7Z8BvtCKIPpvVLb5AiOPqy4o8ZYvsPypkeNG+4Qt/mYKXxA4Z3Nhpu9LHUoQFKsr5+GLK0qEPnl1PLOrWe2ivkmKrGOvaMsoPDiIiq8Lp9wfprjhTdjqzbNvVFYPbXYXkHPKUSCfWAdYgEyGDrUIlPdZvOtYF18ek6xshg1Jpz1HRiV5bvSqw3swsHVXbH/DOP0CGqv8NV+Dh8OblISdE4KPCDRW1um7x0VWpMgqvkbFHAmwraaaejNIwd2wLRq62vWDfp00mz3rv19aEVizSXHqG0MxXbygsST8UOdxKKiCjPcfMJ7fwzAkeDd1jvhygDJU7ziFHpSOQJpwR8H+VNV9oKnFDtRxPVP946Pdiowty0I8NV6AKoisPYF5czePrepg4GHeBshEbuZZdvlQwBClIG5DwgwAVUHEy76LZymrV1nW1tpnbaoL6o3tFzJO49OTF7c7kGFkQjukijdrotsHqCGTWGfn/UiC0aUa9DoixRjm2sTWZx7McsoTJ1hhF0AqbpInqQyXaEXQD8SYAm5Wdrej3n1JH1o7/xr03Hilfajuwtw8uqLEqUasdNSOnAQQwz9glMJUASJG+jZ6avTVMGRwNNPd2MDq3q9k5pUUo9cNatzKwOk9I6v9pBqxC4CJY5ZkDJtglT53fGpQMoykMKrqHyK+LtJVu9z50p9NekZpyjruVP+W9oeASPXXjWfrsyDdbXE1gEJC3m2EJ5d3Ju7SaG5kOLn+bRayI1NWIeQCU75GpLbGVyoJgj5I4C+/bDSiWLSam9TglFKRIQCZTrOsNKCDpZYhrWAKTvvxlYE0UHDojO7gGo/eE5Q6Nw+JcZc+2ltPfla3tR628591krRgIkz6AtNv6EY7nCz3E3c/nV93WyQUBkcZAibYwRRa7pEn9wbkUO5NWMgzdA7HNlk1T1YWArb+g9z4XN47dbasOTciTY27pQ1z/fUcXyOcLuc1s5ug2EyjbOgES9KI9nTduQnUCx1PRL3b678oHyF4sIYc2hNTeTIHCUjMOqOCkGMKT52bMsPMiHfUt50A1R3uQMtrYSd4R3ad6wz2tSLjEkg1VNHKUcZyhWMIuKOaAFPgANSa7vAHXxk5NpXxJVLRoDfsjqEvh14A2xvy07VMVLvvHtsGE2Y54a5XBblbEsDazTUqsfS2TsQ3Y+JCiVplGsQPUQf5RbUrKpv4nipFECIOZ6JWww6Vk0ZYrspriHgp2uMXDPdgncAWrJ5tjIaIEsrGDEdFqPKdzj9KbLEO1I+syduEfKkQ3xZDG57ZE3mVlqbuk=&u=U2FsdGVkX1/ENVbAPPCL466qykuQtFqpNl4VEdpN6aXklRbUirDPkpgLsAa5hvjk&y=U2FsdGVkX19rZ54TCZfxvXnyhtQUBFwlXTGVOpBPa7+9w8gi8Zn+t8f0l5GqeNAc HTTP/1.1" 200 3213
152.203.237.130 - - [01/Oct/2023:17:45:02 -0500] "GET /kwssiamovil/sm/acme/s?s=U2FsdGVkX19uhY8W/g07uAayFL5TPccPFEtuXwfHPok2N7LRXNSipiFV45XmNptD430KgtD8DFFw4DluX55cNy3tf7OZ5Vi/WfAhDkMfkZn71rv/9AqVu5PVqodibnZMFqfYNVGlK1+7RaToYvvsOb0Yts153fei25T0QiBsOPa+tzaRIu2FxcEB4MyZ+gszPEJ18kihyCVS83oGG3YKFq/74Qr/hpqtQcPzsozfnpvORgj86xJgbVZwyZoqtCFzBc1oXgCrK0RPjojnyx77jHmWKs8lW8aUyM0nuIpJTd2kh8lGI2aLpHsVK/7XIaEAl/v+6QN7zMGgBABSGxWinsmBaFsvxiWNPhlFMdml24I=&u=U2FsdGVkX1/ENVbAPPCL466qykuQtFqpNl4VEdpN6aXklRbUirDPkpgLsAa5hvjk&y=U2FsdGVkX19rZ54TCZfxvXnyhtQUBFwlXTGVOpBPa7+9w8gi8Zn+t8f0l5GqeNAc HTTP/1.1" 200 196
152.203.237.130 - - [01/Oct/2023:17:45:02 -0500] "GET /kwssiamovil/sm/cjson/pre?f=1&x=U2FsdGVkX18whHibc3gzceHSChA+T/gFQ+3tcg1WtkPNFShZJeBz0zMF3Pi1OYk9q4i6t+RUvp7rcsxsKRcL/g== HTTP/1.1" 200 31032
172.22.2.4 - - [01/Oct/2023:17:45:08 -0500] "GET /BLA/boletinlegal/favicon.ico HTTP/1.1" 404 1018
172.22.2.4 - - [01/Oct/2023:17:44:52 -0500] "GET /BLA/boletinlegal/ HTTP/1.1" 200 20427
152.203.237.130 - - [01/Oct/2023:17:45:26 -0500] "OPTIONS /kwssiamovil/sm/setfile/f? HTTP/1.1" 200 13
152.203.237.130 - - [01/Oct/2023:17:45:26 -0500] "POST /kwssiamovil/sm/setfile/f? HTTP/1.1" 200 354
172.22.2.4 - - [01/Oct/2023:17:44:52 -0500] "GET /BLA/boletinlegal/ HTTP/1.1" 200 32715
52.167.144.219 - - [01/Oct/2023:17:45:54 -0500] "GET /Publicaciones/2023EE225215.pdf HTTP/1.1" 200 966449
216.245.221.92 - - [01/Oct/2023:17:46:35 -0500] "HEAD / HTTP/1.1" 200 -
201.245.192.253 - - [01/Oct/2023:17:47:20 -0500] "POST /kwsrmcab/Wsrmcab  HTTP/1.1" 200 213
200.118.62.188 - - [01/Oct/2023:17:47:35 -0500] "GET /BLA/resoluciones/AUTOS%202022/3158.pdf HTTP/1.1" 200 340829
200.118.62.188 - - [01/Oct/2023:17:47:35 -0500] "GET /favicon.ico HTTP/1.1" 200 7782
172.22.2.4 - - [01/Oct/2023:17:48:04 -0500] "HEAD /BLA/boletinlegal/ HTTP/1.1" 200 -
172.22.2.4 - - [01/Oct/2023:17:48:55 -0500] "GET /BLA/boletinlegal/ HTTP/1.1" 200 58187
162.55.166.12 - - [01/Oct/2023:17:50:38 -0500] "GET / HTTP/1.1" 200 4720
162.55.166.12 - - [01/Oct/2023:17:50:41 -0500] "GET / HTTP/1.1" 200 319
216.244.66.195 - - [01/Oct/2023:17:50:42 -0500] "GET /BLA/resoluciones/AUTOS%202023/0396.pdf HTTP/1.1" 200 376832
216.244.66.195 - - [01/Oct/2023:17:51:12 -0500] "GET /BLA/resoluciones/AUTOS%202023/0833.pdf HTTP/1.1" 200 1019046
216.245.221.92 - - [01/Oct/2023:17:51:35 -0500] "HEAD / HTTP/1.1" 200 -
200.118.16.147 - - [01/Oct/2023:17:51:41 -0500] "GET /sipse/faces/javax.faces.resource/images/ui-bg_flat_0_2d5972_40x100.png?ln=primefaces-aristo HTTP/1.1" 304 -
