190.84.43.231 - - [01/Oct/2023:09:32:33 -0500] "GET /sipse/faces/javax.faces.resource/images/ui-icons_898989_256x240.png?ln=primefaces-aristo HTTP/1.1" 200 5355
190.84.43.231 - - [01/Oct/2023:09:32:33 -0500] "GET /sipse/css/imagen/logoSDG.png HTTP/1.1" 200 53064
190.84.43.231 - - [01/Oct/2023:09:32:33 -0500] "GET /sipse/css/imagen/loginimg.png HTTP/1.1" 200 71635
172.22.2.4 - - [01/Oct/2023:09:30:59 -0500] "HEAD /BLA/boletinlegal/ HTTP/1.1" 200 -
172.22.2.4 - - [01/Oct/2023:09:32:42 -0500] "GET /BLA/boletinlegal/Circulares/2022/CIRCULAR%20No.%2000003%20DEL%2007%20DE%20MARZO%20DEL%202022.pdf HTTP/1.1" 304 -
190.84.43.231 - - [01/Oct/2023:09:32:44 -0500] "POST /sipse/faces/autenticacion.xhtml HTTP/1.1" 200 16220
190.84.43.231 - - [01/Oct/2023:09:32:44 -0500] "GET /sipse/css/custom_css_sg_prime.css HTTP/1.1" 200 5201
190.84.43.231 - - [01/Oct/2023:09:32:44 -0500] "GET /sipse/faces/javax.faces.resource/layout/layout.css?ln=primefaces&v=4.0 HTTP/1.1" 304 -
190.84.43.231 - - [01/Oct/2023:09:32:44 -0500] "GET /sipse/faces/javax.faces.resource/primefaces.css?ln=primefaces&v=4.0 HTTP/1.1" 304 -
190.84.43.231 - - [01/Oct/2023:09:32:44 -0500] "GET /sipse/faces/javax.faces.resource/theme.css?ln=primefaces-sipse HTTP/1.1" 304 -
190.84.43.231 - - [01/Oct/2023:09:32:44 -0500] "GET /sipse/js/jquery.min.js HTTP/1.1" 200 85582
190.84.43.231 - - [01/Oct/2023:09:32:44 -0500] "GET /sipse/faces/javax.faces.resource/jquery/jquery.js?ln=primefaces&v=4.0 HTTP/1.1" 304 -
190.84.43.231 - - [01/Oct/2023:09:32:44 -0500] "GET /sipse/faces/javax.faces.resource/jquery/jquery-plugins.js?ln=primefaces&v=4.0 HTTP/1.1" 304 -
190.84.43.231 - - [01/Oct/2023:09:32:44 -0500] "GET /sipse/faces/javax.faces.resource/primefaces.js?ln=primefaces&v=4.0 HTTP/1.1" 304 -
190.84.43.231 - - [01/Oct/2023:09:32:44 -0500] "GET /sipse/faces/javax.faces.resource/layout/layout.js?ln=primefaces&v=4.0 HTTP/1.1" 304 -
190.84.43.231 - - [01/Oct/2023:09:32:44 -0500] "GET /sipse/css/v_mergente.css HTTP/1.1" 200 1505
190.84.43.231 - - [01/Oct/2023:09:32:44 -0500] "GET /sipse/css/imagen/contrasena.png HTTP/1.1" 404 383
190.84.43.231 - - [01/Oct/2023:09:32:44 -0500] "GET /sipse/imagenes/cargando.gif HTTP/1.1" 200 36959
190.84.43.231 - - [01/Oct/2023:09:32:44 -0500] "GET /sipse/faces/javax.faces.resource/messages/messages.png?ln=primefaces&v=4.0 HTTP/1.1" 200 27209
190.84.43.231 - - [01/Oct/2023:09:32:44 -0500] "GET /sipse/imagenes/logoAplicacion.jpg HTTP/1.1" 200 155084
190.84.43.231 - - [01/Oct/2023:09:32:46 -0500] "GET /sipse/faces/javax.faces.resource/images/ui-bg_flat_0_2d5972_40x100.png?ln=primefaces-aristo HTTP/1.1" 200 183
190.84.43.231 - - [01/Oct/2023:09:32:46 -0500] "POST /sipse/faces/bienvenido.xhtml HTTP/1.1" 200 1471
190.84.43.231 - - [01/Oct/2023:09:32:47 -0500] "POST /sipse/faces/bienvenido.xhtml HTTP/1.1" 200 34549
190.84.43.231 - - [01/Oct/2023:09:32:47 -0500] "GET /sipse/faces/javax.faces.resource/theme.css?ln=primefaces-sipse HTTP/1.1" 304 -
190.84.43.231 - - [01/Oct/2023:09:32:47 -0500] "GET /sipse/faces/javax.faces.resource/primefaces.css?ln=primefaces&v=4.0 HTTP/1.1" 304 -
190.84.43.231 - - [01/Oct/2023:09:32:47 -0500] "GET /sipse/faces/javax.faces.resource/layout/layout.css?ln=primefaces&v=4.0 HTTP/1.1" 304 -
190.84.43.231 - - [01/Oct/2023:09:32:47 -0500] "GET /sipse/faces/javax.faces.resource/jquery/jquery.js?ln=primefaces&v=4.0 HTTP/1.1" 304 -
190.84.43.231 - - [01/Oct/2023:09:32:47 -0500] "GET /sipse/faces/javax.faces.resource/jquery/jquery-plugins.js?ln=primefaces&v=4.0 HTTP/1.1" 304 -
190.84.43.231 - - [01/Oct/2023:09:32:47 -0500] "GET /sipse/faces/javax.faces.resource/primefaces.js?ln=primefaces&v=4.0 HTTP/1.1" 304 -
190.84.43.231 - - [01/Oct/2023:09:32:47 -0500] "GET /sipse/faces/javax.faces.resource/layout/layout.js?ln=primefaces&v=4.0 HTTP/1.1" 304 -
190.84.43.231 - - [01/Oct/2023:09:32:48 -0500] "POST /sipse/faces/presentacion/financiero/solicitudProceso/listarSolicitudProceso.xhtml HTTP/1.1" 200 1404
216.244.66.195 - - [01/Oct/2023:09:33:03 -0500] "GET /BLA/resoluciones/RESOLUCIONES%202020/0933.pdf HTTP/1.1" 200 415905
172.22.2.4 - - [01/Oct/2023:09:31:50 -0500] "GET /BLA/boletinlegal/ HTTP/1.1" 200 56970
216.244.66.195 - - [01/Oct/2023:09:33:34 -0500] "GET /BLA/resoluciones/RESOLUCIONES%202020/1151.pdf HTTP/1.1" 200 314062
216.244.66.195 - - [01/Oct/2023:09:34:11 -0500] "GET /BLA/resoluciones/RESOLUCIONES%202020/1221.pdf HTTP/1.1" 200 1665342
201.245.192.253 - - [01/Oct/2023:09:34:32 -0500] "POST /kwsrmcab/Wsrmcab  HTTP/1.1" 200 213
216.244.66.195 - - [01/Oct/2023:09:35:08 -0500] "GET /BLA/resoluciones/RESOLUCIONES%202020/1542.pdf HTTP/1.1" 200 395900
216.244.66.195 - - [01/Oct/2023:09:35:41 -0500] "GET /BLA/resoluciones/RESOLUCIONES%202020/1671.pdf HTTP/1.1" 200 920327
216.244.66.195 - - [01/Oct/2023:09:36:14 -0500] "GET /BLA/resoluciones/RESOLUCIONES%202020/1722.pdf HTTP/1.1" 200 363953
66.249.66.20 - - [01/Oct/2023:09:36:29 -0500] "GET /BLA/resoluciones/Notificaciones/RESOLUCIONES%202023/0268.pdf HTTP/1.1" 200 9178466
216.245.221.92 - - [01/Oct/2023:09:36:36 -0500] "HEAD / HTTP/1.1" 200 -
199.16.157.180 - - [01/Oct/2023:09:36:44 -0500] "GET /images/pl%C3%A1sticos%20foto%201..jpg HTTP/1.1" 404 1034
216.244.66.195 - - [01/Oct/2023:09:36:44 -0500] "GET /BLA/resoluciones/RESOLUCIONES%202020/1742.pdf HTTP/1.1" 200 349320
216.244.66.195 - - [01/Oct/2023:09:37:12 -0500] "GET /BLA/resoluciones/RESOLUCIONES%202020/2461.pdf HTTP/1.1" 200 395994
216.244.66.195 - - [01/Oct/2023:09:37:40 -0500] "GET /BLA/resoluciones/RESOLUCIONES%202020/2587.pdf HTTP/1.1" 200 370318
52.167.144.220 - - [01/Oct/2023:09:37:50 -0500] "GET /BLA/resoluciones/RESOLUCIONES%202012/0896.pdf HTTP/1.1" 200 342700
201.245.192.253 - - [01/Oct/2023:09:37:59 -0500] "GET /kwsrmcab/Wsrmcab?wsdl HTTP/1.1" 200 6948
52.167.144.220 - - [01/Oct/2023:09:38:00 -0500] "GET /sipse/faces/autenticacion.xhtml HTTP/1.1" 200 12734
201.245.192.253 - - [01/Oct/2023:09:37:59 -0500] "POST /kwsrmcab/Wsrmcab HTTP/1.1" 200 42201
201.245.192.253 - - [01/Oct/2023:09:38:02 -0500] "POST /kwsrmcab/Wsrmcab HTTP/1.1" 200 43040
216.244.66.195 - - [01/Oct/2023:09:38:06 -0500] "GET /BLA/resoluciones/RESOLUCIONES%202020/2721.pdf HTTP/1.1" 200 379955
172.22.2.4 - - [01/Oct/2023:09:36:49 -0500] "HEAD /BLA/boletinlegal/ HTTP/1.1" 200 -
216.244.66.195 - - [01/Oct/2023:09:38:30 -0500] "GET /BLA/resoluciones/RESOLUCIONES%202020/3030.pdf HTTP/1.1" 200 2073700
216.244.66.195 - - [01/Oct/2023:09:38:57 -0500] "GET /BLA/resoluciones/RESOLUCIONES%202021/0180.pdf HTTP/1.1" 200 476352
172.22.2.4 - - [01/Oct/2023:09:37:40 -0500] "GET /BLA/boletinlegal/ HTTP/1.1" 200 58187
216.244.66.195 - - [01/Oct/2023:09:39:23 -0500] "GET /BLA/resoluciones/RESOLUCIONES%202021/0366.pdf HTTP/1.1" 200 498770
201.245.192.253 - - [01/Oct/2023:09:39:31 -0500] "POST /kwsrmcab/Wsrmcab  HTTP/1.1" 200 213
216.244.66.195 - - [01/Oct/2023:09:39:44 -0500] "GET /BLA/resoluciones/RESOLUCIONES%202021/0625.pdf HTTP/1.1" 200 479198
157.55.39.60 - - [01/Oct/2023:09:39:55 -0500] "GET /portaldeninos/parque-mirador-de-los-nevados/ HTTP/1.1" 200 89855
157.55.39.60 - - [01/Oct/2023:09:40:04 -0500] "GET /portaldeninos/parque-mirador-de-los-nevados/ HTTP/1.1" 200 89855
216.244.66.195 - - [01/Oct/2023:09:40:05 -0500] "GET /BLA/resoluciones/RESOLUCIONES%202021/0632.pdf HTTP/1.1" 200 477113
216.244.66.195 - - [01/Oct/2023:09:40:24 -0500] "GET /BLA/resoluciones/RESOLUCIONES%202021/0826.pdf HTTP/1.1" 200 624196
172.22.2.4 - - [01/Oct/2023:09:40:36 -0500] "GET /BLA/boletinlegal/actos.php HTTP/1.1" 200 9682
172.22.2.4 - - [01/Oct/2023:09:40:37 -0500] "GET /BLA/boletinlegal/styles2.css HTTP/1.1" 200 1838
172.22.2.4 - - [01/Oct/2023:09:40:37 -0500] "GET /BLA/boletinlegal/js/ajax_actos.js HTTP/1.1" 200 1322
172.22.2.4 - - [01/Oct/2023:09:40:37 -0500] "GET /BLA/boletinlegal/niceforms-default.css HTTP/1.1" 200 6694
172.22.2.4 - - [01/Oct/2023:09:40:37 -0500] "GET /BLA/boletinlegal/style.css HTTP/1.1" 200 9406
172.22.2.4 - - [01/Oct/2023:09:40:37 -0500] "GET /BLA/boletinlegal/js/lib.js HTTP/1.1" 200 6474
172.22.2.4 - - [01/Oct/2023:09:40:37 -0500] "GET /BLA/boletinlegal/niceforms.js HTTP/1.1" 200 22876
172.22.2.4 - - [01/Oct/2023:09:40:37 -0500] "GET /BLA/boletinlegal/js/popup.js HTTP/1.1" 200 1270
172.22.2.4 - - [01/Oct/2023:09:40:37 -0500] "GET /BLA/boletinlegal/js/jquery1.js HTTP/1.1" 200 29846
172.22.2.4 - - [01/Oct/2023:09:40:37 -0500] "GET /BLA/boletinlegal/images/cabezote%20BLEGAL.jpg HTTP/1.1" 200 118164
172.22.2.4 - - [01/Oct/2023:09:40:37 -0500] "GET /BLA/boletinlegal/images/subscribe-icon-big.png HTTP/1.1" 200 47702
172.22.2.4 - - [01/Oct/2023:09:40:37 -0500] "GET /BLA/boletinlegal/images/historia.png HTTP/1.1" 200 52775
172.22.2.4 - - [01/Oct/2023:09:40:37 -0500] "GET /BLA/boletinlegal/images/registro-usuarios.png HTTP/1.1" 200 8106
172.22.2.4 - - [01/Oct/2023:09:40:37 -0500] "GET /BLA/boletinlegal/images/green-yellow-blue-pink-th.png HTTP/1.1" 200 7394
172.22.2.4 - - [01/Oct/2023:09:40:37 -0500] "GET /BLA/boletinlegal/images/body_bg.jpg HTTP/1.1" 200 1601
172.22.2.4 - - [01/Oct/2023:09:40:37 -0500] "GET /BLA/boletinlegal/images/tel.png HTTP/1.1" 200 14477
172.22.2.4 - - [01/Oct/2023:09:40:37 -0500] "GET /BLA/boletinlegal/images/icono-email.png HTTP/1.1" 200 5544
172.22.2.4 - - [01/Oct/2023:09:40:37 -0500] "GET /BLA/boletinlegal/images/menu_lft.gif HTTP/1.1" 200 1713
172.22.2.4 - - [01/Oct/2023:09:40:37 -0500] "GET /BLA/boletinlegal/images/menu_rght.gif HTTP/1.1" 200 1627
172.22.2.4 - - [01/Oct/2023:09:40:37 -0500] "GET /BLA/boletinlegal/images/menu_bg.jpg HTTP/1.1" 200 620
172.22.2.4 - - [01/Oct/2023:09:40:37 -0500] "GET /BLA/boletinlegal/images/bg_top.jpg HTTP/1.1" 200 522
172.22.2.4 - - [01/Oct/2023:09:40:37 -0500] "GET /BLA/boletinlegal/images/footer_bg.jpg HTTP/1.1" 200 586
172.22.2.4 - - [01/Oct/2023:09:40:37 -0500] "GET /BLA/boletinlegal/images/text.jpg HTTP/1.1" 200 568
172.22.2.4 - - [01/Oct/2023:09:40:37 -0500] "GET /BLA/boletinlegal/images/hover.jpg HTTP/1.1" 200 640
172.22.2.4 - - [01/Oct/2023:09:40:37 -0500] "GET /BLA/boletinlegal/images/footer_bg_l.jpg HTTP/1.1" 200 776
172.22.2.4 - - [01/Oct/2023:09:40:37 -0500] "GET /BLA/boletinlegal/img/0.png HTTP/1.1" 200 110
172.22.2.4 - - [01/Oct/2023:09:40:37 -0500] "GET /BLA/boletinlegal/img/select-right.png HTTP/1.1" 200 44019
172.22.2.4 - - [01/Oct/2023:09:40:37 -0500] "GET /BLA/boletinlegal/img/select-left.png HTTP/1.1" 200 263
172.22.2.4 - - [01/Oct/2023:09:40:37 -0500] "GET /BLA/boletinlegal/img/button.png HTTP/1.1" 200 43241
172.22.2.4 - - [01/Oct/2023:09:40:37 -0500] "GET /BLA/boletinlegal/img/button-left.png HTTP/1.1" 200 57071
172.22.2.4 - - [01/Oct/2023:09:40:37 -0500] "GET /BLA/boletinlegal/img/button-right.png HTTP/1.1" 200 57878
172.22.2.4 - - [01/Oct/2023:09:40:37 -0500] "GET /BLA/boletinlegal/favicon.ico HTTP/1.1" 404 1326
216.244.66.195 - - [01/Oct/2023:09:40:43 -0500] "GET /BLA/resoluciones/RESOLUCIONES%202021/0888.pdf HTTP/1.1" 200 1160999
186.98.81.160 - - [01/Oct/2023:09:40:43 -0500] "GET /BLA/resoluciones/ HTTP/1.1" 200 13696
186.98.81.160 - - [01/Oct/2023:09:40:43 -0500] "GET /BLA/resoluciones/dlf/styles.css HTTP/1.1" 200 3049
186.98.81.160 - - [01/Oct/2023:09:40:43 -0500] "GET /BLA/resoluciones/dlf/folder.png HTTP/1.1" 200 410
186.98.81.160 - - [01/Oct/2023:09:40:43 -0500] "GET /BLA/resoluciones/dlf/bg.gif HTTP/1.1" 200 54
186.98.81.160 - - [01/Oct/2023:09:40:49 -0500] "GET /BLA/resoluciones/dlf/pdf.gif HTTP/1.1" 200 272
186.98.81.160 - - [01/Oct/2023:09:40:49 -0500] "GET /BLA/resoluciones/dlf/dirup.png HTTP/1.1" 200 644
186.98.81.160 - - [01/Oct/2023:09:40:48 -0500] "GET /BLA/resoluciones/index.php?dir=RESOLUCIONES+2009%2F HTTP/1.1" 200 1694101
216.244.66.195 - - [01/Oct/2023:09:41:01 -0500] "GET /BLA/resoluciones/RESOLUCIONES%202021/0893.pdf HTTP/1.1" 200 6766992
186.98.81.160 - - [01/Oct/2023:09:41:28 -0500] "GET /BLA/resoluciones/RESOLUCIONES%202009/3957.pdf HTTP/1.1" 200 1428643
186.98.81.160 - - [01/Oct/2023:09:41:28 -0500] "GET /BLA/resoluciones/RESOLUCIONES%202009/3957.pdf HTTP/1.1" 206 1025
186.98.81.160 - - [01/Oct/2023:09:41:28 -0500] "GET /BLA/resoluciones/RESOLUCIONES%202009/3957.pdf HTTP/1.1" 200 1428643
216.244.66.195 - - [01/Oct/2023:09:41:34 -0500] "GET /BLA/resoluciones/RESOLUCIONES%202021/1099.pdf HTTP/1.1" 200 347194
216.245.221.92 - - [01/Oct/2023:09:41:36 -0500] "HEAD / HTTP/1.1" 200 -
172.22.2.4 - - [01/Oct/2023:09:42:39 -0500] "HEAD /BLA/boletinlegal/ HTTP/1.1" 200 -
201.245.192.253 - - [01/Oct/2023:09:44:30 -0500] "POST /kwsrmcab/Wsrmcab  HTTP/1.1" 200 213
34.90.104.159 - - [01/Oct/2023:09:44:56 -0500] "GET /proximo-4-de-octubre-simulacro-distrital-de-evacuacion-dia-y-noche.html HTTP/1.1" 200 783
172.22.2.4 - - [01/Oct/2023:09:43:31 -0500] "GET /BLA/boletinlegal/ HTTP/1.1" 200 58187
216.244.66.195 - - [01/Oct/2023:09:45:51 -0500] "GET /robots.txt HTTP/1.1" 404 1018
216.245.221.92 - - [01/Oct/2023:09:46:36 -0500] "HEAD / HTTP/1.1" 200 -
52.167.144.163 - - [01/Oct/2023:09:47:52 -0500] "GET /BLA/resoluciones/RESOLUCIONES%202012/1415.pdf HTTP/1.1" 200 449629
201.245.192.253 - - [01/Oct/2023:09:49:29 -0500] "POST /kwsrmcab/Wsrmcab  HTTP/1.1" 200 213
172.22.2.4 - - [01/Oct/2023:09:48:30 -0500] "HEAD /BLA/boletinlegal/ HTTP/1.1" 200 -
216.245.221.92 - - [01/Oct/2023:09:51:36 -0500] "HEAD / HTTP/1.1" 200 -
172.22.2.4 - - [01/Oct/2023:09:50:36 -0500] "GET /BLA/boletinlegal/ HTTP/1.1" 200 62286
172.22.2.4 - - [01/Oct/2023:09:52:32 -0500] "GET /BLA/boletinlegal/robots.txt HTTP/1.1" 404 1038
172.22.2.4 - - [01/Oct/2023:09:52:32 -0500] "GET /BLA/boletinlegal/jurisprudencia/analisis/analisis%20sentencia%20C-596-10.doc HTTP/1.1" 200 36352
52.167.144.226 - - [01/Oct/2023:09:53:14 -0500] "GET /portaldeninos/tag/abejas/ HTTP/1.1" 200 92876
201.245.192.253 - - [01/Oct/2023:09:54:27 -0500] "POST /kwsrmcab/Wsrmcab  HTTP/1.1" 200 213
157.55.39.201 - - [01/Oct/2023:09:54:36 -0500] "GET /BLA/resoluciones/AUTOS%202021/3840.pdf HTTP/1.1" 304 -
199.16.157.181 - - [01/Oct/2023:09:54:58 -0500] "GET /images/cronica-mujer-biodiveridad-30-noviembre.jpg HTTP/1.1" 200 63270
172.22.2.4 - - [01/Oct/2023:09:55:53 -0500] "GET /BLA/boletinlegal/images/cabezote%20BLEGAL.jpg HTTP/1.1" 200 118164
172.22.2.4 - - [01/Oct/2023:09:55:53 -0500] "GET /BLA/boletinlegal/images/screen_1.png HTTP/1.1" 200 202547
172.22.2.4 - - [01/Oct/2023:09:55:56 -0500] "GET /BLA/boletinlegal/actos.php HTTP/1.1" 200 9682
172.22.2.4 - - [01/Oct/2023:09:55:57 -0500] "GET /BLA/boletinlegal/favicon.ico HTTP/1.1" 404 1326
186.84.20.209 - - [01/Oct/2023:09:55:58 -0500] "GET /BLA/resoluciones/ HTTP/1.1" 200 13696
172.22.2.4 - - [01/Oct/2023:09:56:02 -0500] "GET /BLA/boletinlegal/images/screen_2.png HTTP/1.1" 200 362502
172.22.2.4 - - [01/Oct/2023:09:56:02 -0500] "GET /BLA/boletinlegal/images/screen_3.png HTTP/1.1" 200 210620
172.22.2.4 - - [01/Oct/2023:09:56:02 -0500] "GET /BLA/boletinlegal/images/screen_5.png HTTP/1.1" 200 368876
186.84.20.209 - - [01/Oct/2023:09:56:03 -0500] "GET /BLA/resoluciones/index.php?dir=AUTOS+2015%2F HTTP/1.1" 200 584168
186.84.20.209 - - [01/Oct/2023:09:56:21 -0500] "GET /BLA/resoluciones/index.php?dir=AUTOS+2012%2F HTTP/1.1" 200 276641
216.245.221.92 - - [01/Oct/2023:09:56:36 -0500] "HEAD / HTTP/1.1" 200 -
186.84.20.209 - - [01/Oct/2023:09:56:43 -0500] "GET /BLA/resoluciones/AUTOS%202012/2885.pdf HTTP/1.1" 200 2027862
172.22.2.4 - - [01/Oct/2023:09:55:35 -0500] "HEAD /BLA/boletinlegal/ HTTP/1.1" 200 -
172.22.2.4 - - [01/Oct/2023:09:55:53 -0500] "GET /BLA/boletinlegal/ HTTP/1.1" 200 47438
172.22.2.4 - - [01/Oct/2023:09:56:26 -0500] "GET /BLA/boletinlegal/ HTTP/1.1" 200 50790
201.245.192.253 - - [01/Oct/2023:09:59:26 -0500] "POST /kwsrmcab/Wsrmcab  HTTP/1.1" 200 213
52.167.144.219 - - [01/Oct/2023:10:01:33 -0500] "GET /Publicaciones/2023EE224333.pdf HTTP/1.1" 200 434777
216.245.221.92 - - [01/Oct/2023:10:01:36 -0500] "HEAD / HTTP/1.1" 200 -
66.249.66.20 - - [01/Oct/2023:10:03:01 -0500] "GET /BLA/resoluciones/Notificaciones/AUTOS%202018/6288.pdf HTTP/1.1" 200 256694
172.22.2.4 - - [01/Oct/2023:10:01:25 -0500] "HEAD /BLA/boletinlegal/ HTTP/1.1" 200 -
172.22.2.4 - - [01/Oct/2023:10:02:16 -0500] "GET /BLA/boletinlegal/ HTTP/1.1" 200 58187
201.245.192.253 - - [01/Oct/2023:10:04:24 -0500] "POST /kwsrmcab/Wsrmcab  HTTP/1.1" 200 213
186.29.85.192 - - [01/Oct/2023:10:04:57 -0500] "GET /por-disposicion-ilegal-de-residuos-y-contaminar-el-aire-secretaria-de-ambiente-impuso-medidas-preventivas-a-industria-en-suba.html HTTP/1.1" 200 945
216.245.221.92 - - [01/Oct/2023:10:06:36 -0500] "HEAD / HTTP/1.1" 200 -
172.22.2.4 - - [01/Oct/2023:10:08:19 -0500] "GET /BLA/boletinlegal/jurisprudencia/analisis/AnalisisT-095-16.docx HTTP/1.1" 200 20284
172.22.2.4 - - [01/Oct/2023:10:07:15 -0500] "HEAD /BLA/boletinlegal/ HTTP/1.1" 200 -
52.167.144.195 - - [01/Oct/2023:10:09:12 -0500] "GET /BLA/resoluciones/RESOLUCIONES%202021/3975.pdf HTTP/1.1" 200 408984
201.245.192.253 - - [01/Oct/2023:10:09:23 -0500] "POST /kwsrmcab/Wsrmcab  HTTP/1.1" 200 213
172.22.2.4 - - [01/Oct/2023:10:08:06 -0500] "GET /BLA/boletinlegal/ HTTP/1.1" 200 57790
47.128.55.34 - - [01/Oct/2023:10:10:00 -0500] "GET /robots.txt HTTP/1.1" 404 1034
216.245.221.92 - - [01/Oct/2023:10:11:36 -0500] "HEAD / HTTP/1.1" 200 -
216.244.66.195 - - [01/Oct/2023:10:12:47 -0500] "GET /BLA/resoluciones/AUTOS%202023/4683.pdf HTTP/1.1" 200 394083
216.244.66.195 - - [01/Oct/2023:10:13:18 -0500] "GET /BLA/resoluciones/RESOLUCIONES%201998/1548.pdf HTTP/1.1" 200 504561
66.249.66.20 - - [01/Oct/2023:10:13:59 -0500] "GET /Publicaciones/2023EE217532.pdf HTTP/1.1" 304 -
216.244.66.195 - - [01/Oct/2023:10:14:06 -0500] "GET /BLA/resoluciones/RESOLUCIONES%202006/0535.pdf HTTP/1.1" 200 27766
201.245.192.253 - - [01/Oct/2023:10:14:21 -0500] "POST /kwsrmcab/Wsrmcab  HTTP/1.1" 200 213
216.244.66.195 - - [01/Oct/2023:10:14:36 -0500] "GET /BLA/resoluciones/RESOLUCIONES%202007/4088.pdf HTTP/1.1" 200 61677
172.22.2.4 - - [01/Oct/2023:10:13:05 -0500] "HEAD /BLA/boletinlegal/ HTTP/1.1" 200 -
216.244.66.195 - - [01/Oct/2023:10:15:09 -0500] "GET /BLA/resoluciones/RESOLUCIONES%202020/0506.pdf HTTP/1.1" 200 408058
172.22.2.4 - - [01/Oct/2023:10:13:56 -0500] "GET /BLA/boletinlegal/ HTTP/1.1" 200 58187
216.244.66.195 - - [01/Oct/2023:10:15:45 -0500] "GET /BLA/resoluciones/RESOLUCIONES%202020/1119.pdf HTTP/1.1" 200 488796
52.167.144.140 - - [01/Oct/2023:10:16:24 -0500] "GET /BLA/resoluciones/RESOLUCIONES%202023/1458.pdf HTTP/1.1" 200 388747
216.244.66.195 - - [01/Oct/2023:10:16:35 -0500] "GET /BLA/resoluciones/RESOLUCIONES%202020/1503.pdf HTTP/1.1" 200 401163
216.245.221.92 - - [01/Oct/2023:10:16:36 -0500] "HEAD / HTTP/1.1" 200 -
52.167.144.140 - - [01/Oct/2023:10:16:55 -0500] "GET /bla/resoluciones/resoluciones%202012/1500.pdf HTTP/1.1" 200 1049918
216.244.66.195 - - [01/Oct/2023:10:17:21 -0500] "GET /BLA/resoluciones/RESOLUCIONES%202020/2252.pdf HTTP/1.1" 200 355921
201.245.192.253 - - [01/Oct/2023:10:17:59 -0500] "POST /kwsrmcab/Wsrmcab HTTP/1.1" 200 41827
216.244.66.195 - - [01/Oct/2023:10:18:03 -0500] "GET /BLA/resoluciones/RESOLUCIONES%202021/0058.pdf HTTP/1.1" 200 4165558
201.245.192.253 - - [01/Oct/2023:10:18:02 -0500] "POST /kwsrmcab/Wsrmcab HTTP/1.1" 200 43327
66.220.149.1 - - [01/Oct/2023:10:18:39 -0500] "GET /images/Red%20de%20Monitoreo%20de%20Calidad%20del%20Aire.jpg HTTP/1.1" 200 51986
191.156.56.155 - - [01/Oct/2023:10:18:49 -0500] "GET /por-disposicion-ilegal-de-residuos-y-contaminar-el-aire-secretaria-de-ambiente-impuso-medidas-preventivas-a-industria-en-suba.html HTTP/1.1" 200 945
216.244.66.195 - - [01/Oct/2023:10:18:53 -0500] "GET /BLA/resoluciones/RESOLUCIONES%202021/0173.pdf HTTP/1.1" 200 1102767
173.252.79.7 - - [01/Oct/2023:10:19:01 -0500] "GET /participa-en-la-convocatoria-para-el-aseguramiento-metrologico-de-la-red-de-monitoreo-de-calidad-del-aire-de-bogota.html HTTP/1.1" 200 848
173.252.79.8 - - [01/Oct/2023:10:19:04 -0500] "GET /participa-en-la-convocatoria-para-el-aseguramiento-metrologico-de-la-red-de-monitoreo-de-calidad-del-aire-de-bogota.html HTTP/1.1" 200 848
201.245.192.253 - - [01/Oct/2023:10:19:20 -0500] "POST /kwsrmcab/Wsrmcab  HTTP/1.1" 200 213
216.244.66.195 - - [01/Oct/2023:10:19:44 -0500] "GET /BLA/resoluciones/RESOLUCIONES%202021/0175.pdf HTTP/1.1" 200 354744
216.244.66.195 - - [01/Oct/2023:10:20:17 -0500] "GET /BLA/resoluciones/RESOLUCIONES%202021/0317.pdf HTTP/1.1" 200 606932
172.22.2.4 - - [01/Oct/2023:10:18:55 -0500] "HEAD /BLA/boletinlegal/ HTTP/1.1" 200 -
216.244.66.195 - - [01/Oct/2023:10:21:06 -0500] "GET /BLA/resoluciones/RESOLUCIONES%202021/0508.pdf HTTP/1.1" 200 535517
172.22.2.4 - - [01/Oct/2023:10:19:46 -0500] "GET /BLA/boletinlegal/ HTTP/1.1" 200 57790
216.245.221.92 - - [01/Oct/2023:10:21:36 -0500] "HEAD / HTTP/1.1" 200 -
216.244.66.195 - - [01/Oct/2023:10:21:48 -0500] "GET /BLA/resoluciones/RESOLUCIONES%202021/0656.pdf HTTP/1.1" 200 494950
216.244.66.195 - - [01/Oct/2023:10:22:18 -0500] "GET /BLA/resoluciones/RESOLUCIONES%202021/0812.pdf HTTP/1.1" 200 524141
216.244.66.195 - - [01/Oct/2023:10:23:01 -0500] "GET /BLA/resoluciones/RESOLUCIONES%202021/1349.pdf HTTP/1.1" 200 516119
216.244.66.195 - - [01/Oct/2023:10:23:32 -0500] "GET /BLA/resoluciones/RESOLUCIONES%202021/1546.pdf HTTP/1.1" 200 453110
216.244.66.195 - - [01/Oct/2023:10:24:02 -0500] "GET /BLA/resoluciones/RESOLUCIONES%202021/1922.pdf HTTP/1.1" 200 532012
201.245.192.253 - - [01/Oct/2023:10:24:19 -0500] "POST /kwsrmcab/Wsrmcab  HTTP/1.1" 200 213
216.244.66.195 - - [01/Oct/2023:10:24:30 -0500] "GET /BLA/resoluciones/RESOLUCIONES%202021/2479.pdf HTTP/1.1" 200 347007
64.124.8.51 - - [01/Oct/2023:10:24:38 -0500] "GET /BLA/boletinlegal/images/screen_1.png HTTP/1.1" 200 202547
64.124.8.51 - - [01/Oct/2023:10:24:39 -0500] "GET /catalogoisis/imagenes/br3c3.gif HTTP/1.1" 200 186
216.244.66.195 - - [01/Oct/2023:10:24:58 -0500] "GET /BLA/resoluciones/RESOLUCIONES%202021/2490.pdf HTTP/1.1" 200 719653
64.124.8.51 - - [01/Oct/2023:10:25:05 -0500] "GET /catalogoisis/imagenes/br1c3.gif HTTP/1.1" 200 302
157.55.39.58 - - [01/Oct/2023:10:25:19 -0500] "GET /BLA/resoluciones/RESOLUCIONES%202012/1714.pdf HTTP/1.1" 200 624455
216.244.66.195 - - [01/Oct/2023:10:25:26 -0500] "GET /BLA/resoluciones/RESOLUCIONES%202021/2543.pdf HTTP/1.1" 200 335867
100.21.253.41 - - [01/Oct/2023:10:25:32 -0500] "GET /galeria/galeria/fotos/2humedal-Burro2P.jpg HTTP/1.1" 200 8996
216.244.66.195 - - [01/Oct/2023:10:25:51 -0500] "GET /BLA/resoluciones/RESOLUCIONES%202021/2554.pdf HTTP/1.1" 200 345822
216.244.66.195 - - [01/Oct/2023:10:26:16 -0500] "GET /BLA/resoluciones/RESOLUCIONES%202021/2992.pdf HTTP/1.1" 200 348696
172.22.2.4 - - [01/Oct/2023:10:24:45 -0500] "HEAD /BLA/boletinlegal/ HTTP/1.1" 200 -
216.245.221.92 - - [01/Oct/2023:10:26:36 -0500] "HEAD / HTTP/1.1" 200 -
216.244.66.195 - - [01/Oct/2023:10:26:39 -0500] "GET /BLA/resoluciones/RESOLUCIONES%202021/3233.pdf HTTP/1.1" 200 629041
40.77.167.19 - - [01/Oct/2023:10:26:45 -0500] "GET /Publicaciones/2023EE225053.pdf HTTP/1.1" 200 2986360
216.244.66.195 - - [01/Oct/2023:10:27:02 -0500] "GET /BLA/resoluciones/RESOLUCIONES%202021/3808.pdf HTTP/1.1" 200 380876
172.22.2.4 - - [01/Oct/2023:10:25:36 -0500] "GET /BLA/boletinlegal/ HTTP/1.1" 200 57790
216.244.66.195 - - [01/Oct/2023:10:27:23 -0500] "GET /BLA/resoluciones/RESOLUCIONES%202021/3859.pdf HTTP/1.1" 200 446997
216.244.66.195 - - [01/Oct/2023:10:27:44 -0500] "GET /BLA/resoluciones/RESOLUCIONES%202021/3862.pdf HTTP/1.1" 200 478634
201.245.192.253 - - [01/Oct/2023:10:27:59 -0500] "POST /kwsrmcab/Wsrmcab HTTP/1.1" 200 41827
201.245.192.253 - - [01/Oct/2023:10:28:02 -0500] "POST /kwsrmcab/Wsrmcab HTTP/1.1" 200 43327
201.245.192.253 - - [01/Oct/2023:10:29:17 -0500] "POST /kwsrmcab/Wsrmcab  HTTP/1.1" 200 213
40.77.167.19 - - [01/Oct/2023:10:29:23 -0500] "GET /BLA/resoluciones/RESOLUCIONES%202012/0756.pdf HTTP/1.1" 200 302836
52.167.144.180 - - [01/Oct/2023:10:29:28 -0500] "GET /BLA/resoluciones/RESOLUCIONES%202023/0183.pdf HTTP/1.1" 200 364493
216.245.221.92 - - [01/Oct/2023:10:31:36 -0500] "HEAD / HTTP/1.1" 200 -
216.244.66.195 - - [01/Oct/2023:10:31:59 -0500] "GET /robots.txt HTTP/1.1" 404 1018
157.55.39.54 - - [01/Oct/2023:10:32:10 -0500] "GET /BLA/resoluciones/RESOLUCIONES%202012/1217.pdf HTTP/1.1" 200 376608
172.22.2.4 - - [01/Oct/2023:10:30:35 -0500] "HEAD /BLA/boletinlegal/ HTTP/1.1" 200 -
172.22.2.4 - - [01/Oct/2023:10:31:26 -0500] "GET /BLA/boletinlegal/ HTTP/1.1" 200 60342
117.3.254.23 - - [01/Oct/2023:10:33:12 -0500] "GET /BLA/resoluciones/AUTOS%202021/1715.pdf HTTP/1.1" 200 392793
201.245.192.253 - - [01/Oct/2023:10:34:15 -0500] "POST /kwsrmcab/Wsrmcab  HTTP/1.1" 200 213
216.245.221.92 - - [01/Oct/2023:10:36:36 -0500] "HEAD / HTTP/1.1" 200 -
201.245.192.253 - - [01/Oct/2023:10:37:59 -0500] "POST /kwsrmcab/Wsrmcab HTTP/1.1" 200 41827
201.245.192.253 - - [01/Oct/2023:10:38:02 -0500] "POST /kwsrmcab/Wsrmcab HTTP/1.1" 200 43327
172.22.2.4 - - [01/Oct/2023:10:36:25 -0500] "HEAD /BLA/boletinlegal/ HTTP/1.1" 200 -
172.22.2.4 - - [01/Oct/2023:10:37:16 -0500] "GET /BLA/boletinlegal/ HTTP/1.1" 200 60342
52.167.144.140 - - [01/Oct/2023:10:38:59 -0500] "GET /documents/10184/4278102/Director+CAR.jpg/d1e03521-f7f7-416e-ba48-c770ef7c1fae?t=1676660402450 HTTP/1.1" 404 1034
201.245.192.253 - - [01/Oct/2023:10:39:14 -0500] "POST /kwsrmcab/Wsrmcab  HTTP/1.1" 200 213
216.245.221.92 - - [01/Oct/2023:10:41:36 -0500] "HEAD / HTTP/1.1" 200 -
171.243.7.174 - - [01/Oct/2023:10:42:51 -0500] "GET /BLA/resoluciones/AUTOS%202021/6040.pdf HTTP/1.1" 200 365283
52.167.144.24 - - [01/Oct/2023:10:43:36 -0500] "GET /Publicaciones/2023EE224237.pdf HTTP/1.1" 200 670853
172.22.2.4 - - [01/Oct/2023:10:42:15 -0500] "HEAD /BLA/boletinlegal/ HTTP/1.1" 200 -
201.245.192.253 - - [01/Oct/2023:10:44:13 -0500] "POST /kwsrmcab/Wsrmcab  HTTP/1.1" 200 213
172.22.2.4 - - [01/Oct/2023:10:43:06 -0500] "GET /BLA/boletinlegal/ HTTP/1.1" 200 60692
216.245.221.92 - - [01/Oct/2023:10:46:36 -0500] "HEAD / HTTP/1.1" 200 -
34.67.136.168 - - [01/Oct/2023:10:46:47 -0500] "GET / HTTP/1.1" 200 319
157.55.39.204 - - [01/Oct/2023:10:47:20 -0500] "GET /BLA/resoluciones/AUTOS%202022/3762.pdf HTTP/1.1" 304 -
52.167.144.24 - - [01/Oct/2023:10:47:45 -0500] "GET /BLA/resoluciones/RESOLUCIONES%202012/0597.pdf HTTP/1.1" 200 315091
52.167.144.233 - - [01/Oct/2023:10:48:05 -0500] "GET /BLA/resoluciones/RESOLUCIONES%202012/0800.pdf HTTP/1.1" 200 475223
201.245.192.253 - - [01/Oct/2023:10:49:12 -0500] "POST /kwsrmcab/Wsrmcab  HTTP/1.1" 200 213
172.22.2.4 - - [01/Oct/2023:10:48:05 -0500] "HEAD /BLA/boletinlegal/ HTTP/1.1" 200 -
69.171.249.4 - - [01/Oct/2023:10:50:13 -0500] "GET /images/Acuerdos1.jpeg HTTP/1.1" 200 59889
172.22.2.4 - - [01/Oct/2023:10:48:56 -0500] "GET /BLA/boletinlegal/ HTTP/1.1" 200 60342
157.55.39.204 - - [01/Oct/2023:10:51:11 -0500] "GET /BLA/resoluciones/RESOLUCIONES%202023/0674.pdf HTTP/1.1" 200 678956
216.245.221.92 - - [01/Oct/2023:10:51:36 -0500] "HEAD / HTTP/1.1" 200 -
100.21.253.41 - - [01/Oct/2023:10:51:54 -0500] "GET /galeria/galeria/fotos/Humedal-Vaca3P.jpg HTTP/1.1" 200 38460
66.249.66.192 - - [01/Oct/2023:10:52:30 -0500] "GET /varios-individuos-de-fauna-regresaron-a-la-libertad-en-el-dia-nacional-de-la-vida-silvestre.html HTTP/1.1" 200 870
186.98.92.175 - - [01/Oct/2023:10:52:59 -0500] "GET /distrito-firma-acuerdos-de-conservacion-con-academia-y-sociedad-civil-para-proteger-22-hectareas-en-suba-y-cerros-orientales.html?fbclid=IwAR21RS5IqhhBQLzSqDARpfRVdQImar4DUk8FeFFH3ESx9KPs414u4LvxN4E HTTP/1.1" 200 1062
201.245.192.253 - - [01/Oct/2023:10:54:10 -0500] "POST /kwsrmcab/Wsrmcab  HTTP/1.1" 200 213
100.21.253.41 - - [01/Oct/2023:10:54:14 -0500] "GET /galeria/galeria/fotos/3humedal-Burro3P.jpg HTTP/1.1" 200 8564
66.220.149.8 - - [01/Oct/2023:10:54:24 -0500] "GET /images/cr\xc3\xb3nica-29-nov-1_optimized.jpeg HTTP/1.1" 404 1034
100.21.253.41 - - [01/Oct/2023:10:55:17 -0500] "GET /portaldeninos/wp-content/uploads/2020/06/mapa-humedales-de-bogot%C3%A1-1.jpg HTTP/1.1" 200 1170768
172.22.2.4 - - [01/Oct/2023:10:53:55 -0500] "HEAD /BLA/boletinlegal/ HTTP/1.1" 200 -
172.22.2.4 - - [01/Oct/2023:10:54:46 -0500] "GET /BLA/boletinlegal/ HTTP/1.1" 200 56257
216.245.221.92 - - [01/Oct/2023:10:56:36 -0500] "HEAD / HTTP/1.1" 200 -
117.3.252.84 - - [01/Oct/2023:10:57:13 -0500] "GET /BLA/resoluciones/AUTOS%202021/2162.pdf HTTP/1.1" 200 406762
216.244.66.195 - - [01/Oct/2023:10:57:57 -0500] "GET /BLA/resoluciones/AUTOS%202023/2867.pdf HTTP/1.1" 200 1157903
216.244.66.195 - - [01/Oct/2023:10:58:27 -0500] "GET /BLA/resoluciones/AUTOS%202023/2879.pdf HTTP/1.1" 200 1518729
52.167.144.195 - - [01/Oct/2023:10:58:35 -0500] "GET /BLA/resoluciones/AUTOS%202019/2116.pdf HTTP/1.1" 304 -
40.77.167.63 - - [01/Oct/2023:10:58:55 -0500] "GET /BLA/resoluciones/RESOLUCIONES%202021/2862.pdf HTTP/1.1" 200 935392
199.16.157.182 - - [01/Oct/2023:10:59:06 -0500] "GET /images/Acuerdos%2001%20(1)%20(1).jpeg HTTP/1.1" 200 32884
199.16.157.180 - - [01/Oct/2023:10:59:06 -0500] "GET /secretaria-de-ambiente-y-universidad-de-la-salle-firman-acuerdo-de-conservacion-en-17-hectareas.html HTTP/1.1" 200 990
216.244.66.195 - - [01/Oct/2023:10:59:07 -0500] "GET /BLA/resoluciones/AUTOS%202023/2895.pdf HTTP/1.1" 200 1122095
201.245.192.253 - - [01/Oct/2023:10:59:10 -0500] "POST /kwsrmcab/Wsrmcab  HTTP/1.1" 200 213
216.244.66.195 - - [01/Oct/2023:10:59:57 -0500] "GET /BLA/resoluciones/AUTOS%202023/2960.pdf HTTP/1.1" 200 387032
117.3.254.23 - - [01/Oct/2023:11:00:00 -0500] "GET /BLA/resoluciones/AUTOS%202021/5469.pdf HTTP/1.1" 200 489846
171.243.1.90 - - [01/Oct/2023:11:00:01 -0500] "GET /BLA/resoluciones/AUTOS%202021/4632.pdf HTTP/1.1" 200 377583
216.244.66.195 - - [01/Oct/2023:11:00:41 -0500] "GET /BLA/resoluciones/AUTOS%202023/3096.pdf HTTP/1.1" 200 970010
172.22.2.4 - - [01/Oct/2023:10:59:45 -0500] "HEAD /BLA/boletinlegal/ HTTP/1.1" 200 -
216.244.66.195 - - [01/Oct/2023:11:01:31 -0500] "GET /BLA/resoluciones/RESOLUCIONES%202006/0930.pdf HTTP/1.1" 200 128593
216.245.221.92 - - [01/Oct/2023:11:01:36 -0500] "HEAD / HTTP/1.1" 200 -
69.171.249.118 - - [01/Oct/2023:11:01:43 -0500] "GET /images/plantacion-humedal-la-conejera.jpg HTTP/1.1" 200 92644
69.171.249.116 - - [01/Oct/2023:11:01:45 -0500] "GET /images/pieza-voluntariado-ambiental.jpeg HTTP/1.1" 200 51125
69.171.249.116 - - [01/Oct/2023:11:01:51 -0500] "GET /images/avistamiento-aves.jpg HTTP/1.1" 200 104313
69.171.249.9 - - [01/Oct/2023:11:01:52 -0500] "GET /images/camino-guadalupe-aguanoso.jpg HTTP/1.1" 200 103489
69.171.249.116 - - [01/Oct/2023:11:01:52 -0500] "GET /images/Caminatas-ecologicas-julio.jpg HTTP/1.1" 200 480557
69.171.249.5 - - [01/Oct/2023:11:01:52 -0500] "GET /images/construccion-sostenible-.jpg HTTP/1.1" 200 82949
216.244.66.195 - - [01/Oct/2023:11:02:06 -0500] "GET /BLA/resoluciones/RESOLUCIONES%202020/0029.pdf HTTP/1.1" 200 384367
172.22.2.4 - - [01/Oct/2023:11:00:36 -0500] "GET /BLA/boletinlegal/ HTTP/1.1" 200 58187
216.244.66.195 - - [01/Oct/2023:11:02:46 -0500] "GET /BLA/resoluciones/RESOLUCIONES%202020/0156.pdf HTTP/1.1" 200 356008
66.249.66.21 - - [01/Oct/2023:11:03:01 -0500] "GET /BLA/resoluciones/RESOLUCIONES%202009/4130.pdf HTTP/1.1" 200 752475
66.249.66.21 - - [01/Oct/2023:11:03:02 -0500] "GET /BLA/resoluciones/AUTOS%202016/2762.pdf HTTP/1.1" 200 407965
216.244.66.195 - - [01/Oct/2023:11:03:30 -0500] "GET /BLA/resoluciones/RESOLUCIONES%202020/0169.pdf HTTP/1.1" 200 607171
201.245.192.253 - - [01/Oct/2023:11:04:09 -0500] "POST /kwsrmcab/Wsrmcab  HTTP/1.1" 200 213
216.244.66.195 - - [01/Oct/2023:11:04:20 -0500] "GET /BLA/resoluciones/RESOLUCIONES%202020/0374.pdf HTTP/1.1" 200 4413373
216.244.66.195 - - [01/Oct/2023:11:05:10 -0500] "GET /BLA/resoluciones/RESOLUCIONES%202020/1060.pdf HTTP/1.1" 200 4522342
66.249.66.19 - - [01/Oct/2023:11:06:01 -0500] "GET /Publicaciones/2023EE168645.pdf HTTP/1.1" 404 228
216.244.66.195 - - [01/Oct/2023:11:06:04 -0500] "GET /BLA/resoluciones/RESOLUCIONES%202020/1274.pdf HTTP/1.1" 200 327978
216.245.221.92 - - [01/Oct/2023:11:06:36 -0500] "HEAD / HTTP/1.1" 200 -
216.244.66.195 - - [01/Oct/2023:11:06:44 -0500] "GET /BLA/resoluciones/RESOLUCIONES%202020/1353.pdf HTTP/1.1" 200 5979834
66.249.66.193 - - [01/Oct/2023:11:07:01 -0500] "GET /compania-nacional-de-chocolates-cerescos-y-cablemovil-entre-las-empresas-que-han-implementado-proyectos-ambientales-exitosos.html HTTP/1.1" 304 -
66.249.66.192 - - [01/Oct/2023:11:07:02 -0500] "GET /asi-se-mueve-bogota-en-el-dia-sin-carro-y-sin-moto.html HTTP/1.1" 200 847
172.22.2.4 - - [01/Oct/2023:11:05:35 -0500] "HEAD /BLA/boletinlegal/ HTTP/1.1" 200 -
172.22.2.4 - - [01/Oct/2023:11:07:27 -0500] "GET /BLA/boletinlegal/owa/auth.owa HTTP/1.1" 404 1018
216.244.66.195 - - [01/Oct/2023:11:07:34 -0500] "GET /BLA/resoluciones/RESOLUCIONES%202020/1563.pdf HTTP/1.1" 200 519306
216.244.66.195 - - [01/Oct/2023:11:08:05 -0500] "GET /BLA/resoluciones/RESOLUCIONES%202020/2054.pdf HTTP/1.1" 200 398043
172.22.2.4 - - [01/Oct/2023:11:06:26 -0500] "GET /BLA/boletinlegal/ HTTP/1.1" 200 55460
216.244.66.195 - - [01/Oct/2023:11:08:44 -0500] "GET /BLA/resoluciones/RESOLUCIONES%202020/2153.pdf HTTP/1.1" 200 346886
117.3.252.146 - - [01/Oct/2023:11:08:53 -0500] "GET /BLA/resoluciones/AUTOS%202021/5994.pdf HTTP/1.1" 200 395552
52.167.144.226 - - [01/Oct/2023:11:08:57 -0500] "GET /BLA/resoluciones/RESOLUCIONES%202012/1345.pdf HTTP/1.1" 200 1522367
201.245.192.253 - - [01/Oct/2023:11:09:08 -0500] "POST /kwsrmcab/Wsrmcab  HTTP/1.1" 200 213
216.244.66.195 - - [01/Oct/2023:11:09:20 -0500] "GET /BLA/resoluciones/RESOLUCIONES%202020/2457.pdf HTTP/1.1" 200 343009
216.244.66.195 - - [01/Oct/2023:11:09:49 -0500] "GET /BLA/resoluciones/RESOLUCIONES%202020/2524.pdf HTTP/1.1" 200 347266
40.77.167.27 - - [01/Oct/2023:11:09:57 -0500] "GET /BLA/resoluciones/RESOLUCIONES%202023/1214.pdf HTTP/1.1" 200 371329
216.244.66.195 - - [01/Oct/2023:11:10:18 -0500] "GET /BLA/resoluciones/RESOLUCIONES%202021/0721.pdf HTTP/1.1" 200 80177
216.244.66.195 - - [01/Oct/2023:11:10:45 -0500] "GET /BLA/resoluciones/RESOLUCIONES%202021/0853.pdf HTTP/1.1" 200 342451
216.244.66.195 - - [01/Oct/2023:11:11:15 -0500] "GET /BLA/resoluciones/RESOLUCIONES%202021/0968.pdf HTTP/1.1" 200 543967
216.245.221.92 - - [01/Oct/2023:11:11:36 -0500] "HEAD / HTTP/1.1" 200 -
216.244.66.195 - - [01/Oct/2023:11:11:41 -0500] "GET /BLA/resoluciones/RESOLUCIONES%202021/1114.pdf HTTP/1.1" 200 451971
52.167.144.234 - - [01/Oct/2023:11:11:59 -0500] "GET /portaldeninos/?s=2024 HTTP/1.1" 200 85855
216.244.66.195 - - [01/Oct/2023:11:12:05 -0500] "GET /BLA/resoluciones/RESOLUCIONES%202021/1284.pdf HTTP/1.1" 200 540532
216.244.66.195 - - [01/Oct/2023:11:12:30 -0500] "GET /BLA/resoluciones/RESOLUCIONES%202021/1572.pdf HTTP/1.1" 200 345185
216.244.66.195 - - [01/Oct/2023:11:12:53 -0500] "GET /BLA/resoluciones/RESOLUCIONES%202021/1651.pdf HTTP/1.1" 200 464705
172.22.2.4 - - [01/Oct/2023:11:11:25 -0500] "HEAD /BLA/boletinlegal/ HTTP/1.1" 200 -
168.119.253.6 - - [01/Oct/2023:11:13:09 -0500] "GET / HTTP/1.1" 200 4720
168.119.253.6 - - [01/Oct/2023:11:13:09 -0500] "GET / HTTP/1.1" 200 319
216.244.66.195 - - [01/Oct/2023:11:13:14 -0500] "GET /BLA/resoluciones/RESOLUCIONES%202021/1851.pdf HTTP/1.1" 200 348441
216.244.66.195 - - [01/Oct/2023:11:13:35 -0500] "GET /BLA/resoluciones/RESOLUCIONES%202021/1950.pdf HTTP/1.1" 200 459415
216.244.66.195 - - [01/Oct/2023:11:13:55 -0500] "GET /BLA/resoluciones/RESOLUCIONES%202021/1951.pdf HTTP/1.1" 200 442681
172.22.2.4 - - [01/Oct/2023:11:12:16 -0500] "GET /BLA/boletinlegal/ HTTP/1.1" 200 60342
201.245.192.253 - - [01/Oct/2023:11:14:07 -0500] "POST /kwsrmcab/Wsrmcab  HTTP/1.1" 200 213
216.244.66.195 - - [01/Oct/2023:11:14:13 -0500] "GET /BLA/resoluciones/RESOLUCIONES%202021/2132.pdf HTTP/1.1" 200 422001
216.244.66.195 - - [01/Oct/2023:11:14:31 -0500] "GET /BLA/resoluciones/RESOLUCIONES%202021/2145.pdf HTTP/1.1" 200 389677
216.244.66.195 - - [01/Oct/2023:11:14:47 -0500] "GET /BLA/resoluciones/RESOLUCIONES%202021/2230.pdf HTTP/1.1" 200 975712
157.55.39.9 - - [01/Oct/2023:11:16:04 -0500] "GET /BLA/resoluciones/RESOLUCIONES%202021/2943.pdf HTTP/1.1" 200 351942
216.245.221.92 - - [01/Oct/2023:11:16:36 -0500] "HEAD / HTTP/1.1" 200 -
201.245.192.253 - - [01/Oct/2023:11:17:59 -0500] "POST /kwsrmcab/Wsrmcab HTTP/1.1" 200 42616
201.245.192.253 - - [01/Oct/2023:11:18:02 -0500] "POST /kwsrmcab/Wsrmcab HTTP/1.1" 200 43309
216.244.66.195 - - [01/Oct/2023:11:18:47 -0500] "GET /robots.txt HTTP/1.1" 404 1018
172.22.2.4 - - [01/Oct/2023:11:17:15 -0500] "HEAD /BLA/boletinlegal/ HTTP/1.1" 200 -
201.245.192.253 - - [01/Oct/2023:11:19:05 -0500] "POST /kwsrmcab/Wsrmcab  HTTP/1.1" 200 213
172.22.2.4 - - [01/Oct/2023:11:19:43 -0500] "GET /BLA/boletinlegal/actos.php HTTP/1.1" 200 9682
172.22.2.4 - - [01/Oct/2023:11:18:06 -0500] "GET /BLA/boletinlegal/ HTTP/1.1" 200 58187
172.22.2.4 - - [01/Oct/2023:11:20:04 -0500] "GET /BLA/boletinlegal/js/lib.js HTTP/1.1" 200 6474
172.22.2.4 - - [01/Oct/2023:11:20:05 -0500] "GET /BLA/boletinlegal/niceforms-default.css HTTP/1.1" 200 6694
172.22.2.4 - - [01/Oct/2023:11:20:05 -0500] "GET /BLA/boletinlegal/niceforms.js HTTP/1.1" 200 22876
172.22.2.4 - - [01/Oct/2023:11:20:09 -0500] "GET /BLA/boletinlegal/js/ajax_actos.js HTTP/1.1" 200 1322
172.22.2.4 - - [01/Oct/2023:11:20:09 -0500] "GET /BLA/boletinlegal/js/jquery1.js HTTP/1.1" 200 29846
172.22.2.4 - - [01/Oct/2023:11:20:09 -0500] "GET /BLA/boletinlegal/js/popup.js HTTP/1.1" 200 1270
216.245.221.92 - - [01/Oct/2023:11:21:36 -0500] "HEAD / HTTP/1.1" 200 -
199.16.157.182 - - [01/Oct/2023:11:23:56 -0500] "GET /distrito-avanza-con-la-plantacion-de-arboles-186-nuevos-individuos-fueron-sembrados-en-el-humedal-capellania.html HTTP/1.1" 200 990
199.16.157.183 - - [01/Oct/2023:11:23:56 -0500] "GET /images/Plantacion%20sep%2002.jpeg HTTP/1.1" 200 63295
199.16.157.180 - - [01/Oct/2023:11:23:59 -0500] "GET /images/Plantacion%20sep%2002.jpeg HTTP/1.1" 200 63295
199.16.157.182 - - [01/Oct/2023:11:24:00 -0500] "GET /robots.txt HTTP/1.1" 404 1034
199.16.157.182 - - [01/Oct/2023:11:24:00 -0500] "GET /images/Plantacion%20sep%2002.jpeg HTTP/1.1" 200 63295
199.16.157.180 - - [01/Oct/2023:11:24:00 -0500] "GET /images/Plantacion%20sep%2002.jpeg HTTP/1.1" 200 63295
201.245.192.253 - - [01/Oct/2023:11:24:04 -0500] "POST /kwsrmcab/Wsrmcab  HTTP/1.1" 200 213
172.22.2.4 - - [01/Oct/2023:11:23:05 -0500] "HEAD /BLA/boletinlegal/ HTTP/1.1" 200 -
172.22.2.4 - - [01/Oct/2023:11:23:56 -0500] "GET /BLA/boletinlegal/ HTTP/1.1" 200 60692
186.154.113.228 - - [01/Oct/2023:11:26:00 -0500] "GET /distrito-avanza-con-la-plantacion-de-arboles-186-nuevos-individuos-fueron-sembrados-en-el-humedal-capellania.html HTTP/1.1" 206 990
216.245.221.92 - - [01/Oct/2023:11:26:36 -0500] "HEAD / HTTP/1.1" 200 -
69.171.231.117 - - [01/Oct/2023:11:27:24 -0500] "GET /images/cr\xc3\xb3nica-29-nov-1_optimized.jpeg HTTP/1.1" 404 1034
201.245.192.253 - - [01/Oct/2023:11:27:59 -0500] "POST /kwsrmcab/Wsrmcab HTTP/1.1" 200 42616
201.245.192.253 - - [01/Oct/2023:11:28:02 -0500] "POST /kwsrmcab/Wsrmcab HTTP/1.1" 200 43309
117.3.252.146 - - [01/Oct/2023:11:29:05 -0500] "GET /BLA/resoluciones/AUTOS%202021/3950.pdf HTTP/1.1" 200 412072
201.245.192.253 - - [01/Oct/2023:11:29:03 -0500] "POST /kwsrmcab/Wsrmcab  HTTP/1.1" 200 213
52.167.144.218 - - [01/Oct/2023:11:29:08 -0500] "GET /sipse/faces/autenticacion.xhtml HTTP/1.1" 200 12734
172.22.2.4 - - [01/Oct/2023:11:28:55 -0500] "HEAD /BLA/boletinlegal/ HTTP/1.1" 200 -
172.22.2.4 - - [01/Oct/2023:11:29:46 -0500] "GET /BLA/boletinlegal/ HTTP/1.1" 200 55460
216.245.221.92 - - [01/Oct/2023:11:31:36 -0500] "HEAD / HTTP/1.1" 200 -
201.245.192.253 - - [01/Oct/2023:11:34:02 -0500] "POST /kwsrmcab/Wsrmcab  HTTP/1.1" 200 213
40.77.167.25 - - [01/Oct/2023:11:34:28 -0500] "GET /Publicaciones/2023EE225259.pdf HTTP/1.1" 200 1369310
172.22.2.4 - - [01/Oct/2023:11:35:51 -0500] "GET /BLA/boletinlegal/styles2.css HTTP/1.1" 200 1838
172.22.2.4 - - [01/Oct/2023:11:35:51 -0500] "GET /BLA/boletinlegal/style.css HTTP/1.1" 200 9406
172.22.2.4 - - [01/Oct/2023:11:34:45 -0500] "HEAD /BLA/boletinlegal/ HTTP/1.1" 200 -
216.245.221.92 - - [01/Oct/2023:11:36:36 -0500] "HEAD / HTTP/1.1" 200 -
172.22.2.4 - - [01/Oct/2023:11:35:36 -0500] "GET /BLA/boletinlegal/ HTTP/1.1" 200 49695
201.245.192.253 - - [01/Oct/2023:11:37:59 -0500] "POST /kwsrmcab/Wsrmcab HTTP/1.1" 200 42616
201.245.192.253 - - [01/Oct/2023:11:38:02 -0500] "POST /kwsrmcab/Wsrmcab HTTP/1.1" 200 43309
212.29.221.98 - - [01/Oct/2023:11:38:25 -0500] "GET /robots.txt HTTP/1.1" 404 1034
212.29.221.97 - - [01/Oct/2023:11:38:25 -0500] "GET /robots.txt HTTP/1.1" 404 1035
212.29.221.98 - - [01/Oct/2023:11:38:25 -0500] "GET / HTTP/1.1" 200 4720
212.29.221.97 - - [01/Oct/2023:11:38:25 -0500] "GET / HTTP/1.1" 200 319
201.245.192.253 - - [01/Oct/2023:11:39:01 -0500] "POST /kwsrmcab/Wsrmcab  HTTP/1.1" 200 213
212.29.221.100 - - [01/Oct/2023:11:39:03 -0500] "GET /robots.txt HTTP/1.1" 404 1034
212.29.221.100 - - [01/Oct/2023:11:39:04 -0500] "GET /proximo-4-de-octubre-simulacro-distrital-de-evacuacion-dia-y-noche.html HTTP/1.1" 200 783
216.244.66.195 - - [01/Oct/2023:11:39:56 -0500] "GET /BLA/resoluciones/AUTOS%202023/1165.pdf HTTP/1.1" 200 454367
216.244.66.195 - - [01/Oct/2023:11:40:28 -0500] "GET /BLA/resoluciones/AUTOS%202023/1181.pdf HTTP/1.1" 200 393708
173.252.79.120 - - [01/Oct/2023:11:41:11 -0500] "GET /images/mercados-campesinos-5-mayo.jpg HTTP/1.1" 200 95848
216.244.66.195 - - [01/Oct/2023:11:41:13 -0500] "GET /BLA/resoluciones/AUTOS%202023/1421.pdf HTTP/1.1" 200 2610994
69.63.184.5 - - [01/Oct/2023:11:41:16 -0500] "GET /distrito-firmo-resolucion-de-etiquetado-vehicular-ambiental-herramienta-para-clasificar-vehiculos-segun-sus-niveles-de-emisiones.html HTTP/1.1" 200 841
52.167.144.204 - - [01/Oct/2023:11:41:30 -0500] "GET /BLA/resoluciones/index.php?dir=RESOLUCIONES+2012%2F HTTP/1.1" 200 140066
216.245.221.92 - - [01/Oct/2023:11:41:36 -0500] "HEAD / HTTP/1.1" 200 -
52.167.144.21 - - [01/Oct/2023:11:42:00 -0500] "GET /Publicaciones/2023EE225311.pdf HTTP/1.1" 200 231881
216.244.66.195 - - [01/Oct/2023:11:42:04 -0500] "GET /BLA/resoluciones/AUTOS%202023/1490.pdf HTTP/1.1" 200 515813
172.22.2.4 - - [01/Oct/2023:11:40:35 -0500] "HEAD /BLA/boletinlegal/ HTTP/1.1" 200 -
216.244.66.195 - - [01/Oct/2023:11:42:54 -0500] "GET /BLA/resoluciones/AUTOS%202023/1739.pdf HTTP/1.1" 200 635320
172.22.2.4 - - [01/Oct/2023:11:41:26 -0500] "GET /BLA/boletinlegal/ HTTP/1.1" 200 60342
216.244.66.195 - - [01/Oct/2023:11:43:44 -0500] "GET /BLA/resoluciones/AUTOS%202023/2268.pdf HTTP/1.1" 200 543500
201.245.192.253 - - [01/Oct/2023:11:43:58 -0500] "POST /kwsrmcab/Wsrmcab  HTTP/1.1" 200 213
216.244.66.195 - - [01/Oct/2023:11:44:36 -0500] "GET /BLA/resoluciones/AUTOS%202023/2429.pdf HTTP/1.1" 200 1251490
172.22.2.4 - - [01/Oct/2023:11:44:46 -0500] "GET /BLA/boletinlegal/jurisprudencia/analisis/AnalisisC-035-16.docx HTTP/1.1" 200 25011
216.244.66.195 - - [01/Oct/2023:11:45:26 -0500] "GET /BLA/resoluciones/AUTOS%202023/3056.pdf HTTP/1.1" 200 317596
216.244.66.195 - - [01/Oct/2023:11:46:09 -0500] "GET /BLA/resoluciones/AUTOS%202023/3264.pdf HTTP/1.1" 200 1485554
216.245.221.92 - - [01/Oct/2023:11:46:36 -0500] "HEAD / HTTP/1.1" 200 -
216.244.66.195 - - [01/Oct/2023:11:46:59 -0500] "GET /BLA/resoluciones/AUTOS%202023/3464.pdf HTTP/1.1" 200 797997
216.244.66.195 - - [01/Oct/2023:11:47:49 -0500] "GET /BLA/resoluciones/AUTOS%202023/4011.pdf HTTP/1.1" 200 419945
172.22.2.4 - - [01/Oct/2023:11:46:25 -0500] "HEAD /BLA/boletinlegal/ HTTP/1.1" 200 -
216.244.66.195 - - [01/Oct/2023:11:48:34 -0500] "GET /BLA/resoluciones/RESOLUCIONES%201998/1261.pdf HTTP/1.1" 200 44970
172.22.2.4 - - [01/Oct/2023:11:47:16 -0500] "GET /BLA/boletinlegal/ HTTP/1.1" 200 60342
201.245.192.253 - - [01/Oct/2023:11:48:57 -0500] "POST /kwsrmcab/Wsrmcab  HTTP/1.1" 200 213
216.244.66.195 - - [01/Oct/2023:11:49:08 -0500] "GET /BLA/resoluciones/RESOLUCIONES%202020/0220.pdf HTTP/1.1" 200 327857
216.244.66.195 - - [01/Oct/2023:11:49:51 -0500] "GET /BLA/resoluciones/RESOLUCIONES%202020/0266.pdf HTTP/1.1" 200 368322
216.244.66.195 - - [01/Oct/2023:11:50:33 -0500] "GET /BLA/resoluciones/RESOLUCIONES%202020/0462.pdf HTTP/1.1" 200 424662
198.176.97.20 - - [01/Oct/2023:11:50:51 -0500] "GET /BLA/resoluciones/RESOLUCIONES%202021/5262.pdf HTTP/1.1" 200 370932
186.113.75.255 - - [01/Oct/2023:11:51:12 -0500] "GET /appsia/controlador HTTP/1.1" 200 4799
186.113.75.255 - - [01/Oct/2023:11:51:12 -0500] "GET /appsia/css/estilos.css HTTP/1.1" 200 4804
186.113.75.255 - - [01/Oct/2023:11:51:12 -0500] "GET /appsia/scripts/validarIngreso.js HTTP/1.1" 200 851
186.113.75.255 - - [01/Oct/2023:11:51:12 -0500] "GET /appsia/images/cabezoteHojaVida.png HTTP/1.1" 200 32493
186.113.75.255 - - [01/Oct/2023:11:51:12 -0500] "GET /appsia/images/logo_bogota_p.png HTTP/1.1" 200 14951
186.113.75.255 - - [01/Oct/2023:11:51:12 -0500] "GET /favicon.ico HTTP/1.1" 200 7782
216.244.66.195 - - [01/Oct/2023:11:51:14 -0500] "GET /BLA/resoluciones/RESOLUCIONES%202020/1154.pdf HTTP/1.1" 200 374598
216.245.221.92 - - [01/Oct/2023:11:51:36 -0500] "HEAD / HTTP/1.1" 200 -
186.113.75.255 - - [01/Oct/2023:11:51:39 -0500] "POST /appsia/controlador HTTP/1.1" 200 4621
216.244.66.195 - - [01/Oct/2023:11:51:54 -0500] "GET /BLA/resoluciones/RESOLUCIONES%202020/1578.pdf HTTP/1.1" 200 336721
66.249.66.193 - - [01/Oct/2023:11:52:01 -0500] "GET /los-tramites-y-servicios-que-ofrece-la-secretaria-de-ambiente-de-bogota.html HTTP/1.1" 304 -
199.16.157.181 - - [01/Oct/2023:11:52:28 -0500] "GET /distrito-avanza-con-la-plantacion-de-arboles-186-nuevos-individuos-fueron-sembrados-en-el-humedal-capellania.html HTTP/1.1" 200 990
199.16.157.180 - - [01/Oct/2023:11:52:29 -0500] "GET /images/Plantacion%20sep%2002.jpeg HTTP/1.1" 200 63295
51.161.117.63 - - [01/Oct/2023:11:52:30 -0500] "GET /distrito-avanza-con-la-plantacion-de-arboles-186-nuevos-individuos-fueron-sembrados-en-el-humedal-capellania.html HTTP/1.1" 200 990
216.244.66.195 - - [01/Oct/2023:11:52:30 -0500] "GET /BLA/resoluciones/RESOLUCIONES%202020/1738.pdf HTTP/1.1" 200 389408
17.241.75.66 - - [01/Oct/2023:11:52:33 -0500] "GET /distrito-avanza-con-la-plantacion-de-arboles-186-nuevos-individuos-fueron-sembrados-en-el-humedal-capellania.html HTTP/1.1" 200 990
168.119.76.151 - - [01/Oct/2023:11:52:50 -0500] "GET /robots.txt HTTP/1.1" 404 1034
168.119.76.151 - - [01/Oct/2023:11:52:51 -0500] "GET /distrito-avanza-con-la-plantacion-de-arboles-186-nuevos-individuos-fueron-sembrados-en-el-humedal-capellania.html HTTP/1.1" 200 990
216.244.66.195 - - [01/Oct/2023:11:53:09 -0500] "GET /BLA/resoluciones/RESOLUCIONES%202020/1808.pdf HTTP/1.1" 200 2594855
172.22.2.4 - - [01/Oct/2023:11:52:15 -0500] "HEAD /BLA/boletinlegal/ HTTP/1.1" 200 -
201.245.192.253 - - [01/Oct/2023:11:53:56 -0500] "POST /kwsrmcab/Wsrmcab  HTTP/1.1" 200 213
216.244.66.195 - - [01/Oct/2023:11:53:59 -0500] "GET /BLA/resoluciones/RESOLUCIONES%202020/1824.pdf HTTP/1.1" 200 513035
216.244.66.195 - - [01/Oct/2023:11:54:42 -0500] "GET /BLA/resoluciones/RESOLUCIONES%202020/1843.pdf HTTP/1.1" 200 953663
172.22.2.4 - - [01/Oct/2023:11:53:06 -0500] "GET /BLA/boletinlegal/ HTTP/1.1" 200 59699
216.244.66.195 - - [01/Oct/2023:11:55:33 -0500] "GET /BLA/resoluciones/RESOLUCIONES%202020/2355.pdf HTTP/1.1" 200 589736
216.244.66.195 - - [01/Oct/2023:11:56:14 -0500] "GET /BLA/resoluciones/RESOLUCIONES%202020/2537.pdf HTTP/1.1" 200 1177312
186.154.113.228 - - [01/Oct/2023:11:56:18 -0500] "GET /distrito-avanza-con-la-plantacion-de-arboles-186-nuevos-individuos-fueron-sembrados-en-el-humedal-capellania.html HTTP/1.1" 200 990
216.245.221.92 - - [01/Oct/2023:11:56:36 -0500] "HEAD / HTTP/1.1" 200 -
67.21.36.5 - - [01/Oct/2023:11:56:40 -0500] "\x05" 414 248
216.244.66.195 - - [01/Oct/2023:11:56:47 -0500] "GET /BLA/resoluciones/RESOLUCIONES%202021/0350.pdf HTTP/1.1" 200 350065
216.244.66.195 - - [01/Oct/2023:11:57:16 -0500] "GET /BLA/resoluciones/RESOLUCIONES%202021/0491.pdf HTTP/1.1" 200 512025
216.244.66.195 - - [01/Oct/2023:11:57:46 -0500] "GET /BLA/resoluciones/RESOLUCIONES%202021/0654.pdf HTTP/1.1" 200 558348
216.244.66.195 - - [01/Oct/2023:11:58:24 -0500] "GET /BLA/resoluciones/RESOLUCIONES%202021/0770.pdf HTTP/1.1" 200 557638
171.243.1.106 - - [01/Oct/2023:11:58:40 -0500] "GET /BLA/resoluciones/RESOLUCIONES%202022/4236.pdf HTTP/1.1" 200 418317
216.244.66.195 - - [01/Oct/2023:11:58:55 -0500] "GET /BLA/resoluciones/RESOLUCIONES%202021/0779.pdf HTTP/1.1" 200 646933
201.245.192.253 - - [01/Oct/2023:11:58:54 -0500] "POST /kwsrmcab/Wsrmcab  HTTP/1.1" 200 213
216.244.66.195 - - [01/Oct/2023:11:59:24 -0500] "GET /BLA/resoluciones/RESOLUCIONES%202021/0887.pdf HTTP/1.1" 200 427991
172.22.2.4 - - [01/Oct/2023:11:58:05 -0500] "HEAD /BLA/boletinlegal/ HTTP/1.1" 200 -
216.244.66.195 - - [01/Oct/2023:11:59:54 -0500] "GET /BLA/resoluciones/RESOLUCIONES%202021/0949.pdf HTTP/1.1" 200 1301113
216.244.66.195 - - [01/Oct/2023:12:00:22 -0500] "GET /BLA/resoluciones/RESOLUCIONES%202021/0951.pdf HTTP/1.1" 200 688150
172.22.2.4 - - [01/Oct/2023:11:58:56 -0500] "GET /BLA/boletinlegal/ HTTP/1.1" 200 60342
216.244.66.195 - - [01/Oct/2023:12:00:49 -0500] "GET /BLA/resoluciones/RESOLUCIONES%202021/1098.pdf HTTP/1.1" 200 384346
216.244.66.195 - - [01/Oct/2023:12:01:15 -0500] "GET /BLA/resoluciones/RESOLUCIONES%202021/1144.pdf HTTP/1.1" 200 323876
66.249.66.20 - - [01/Oct/2023:12:01:16 -0500] "GET /robots.txt HTTP/1.1" 404 1018
66.249.66.20 - - [01/Oct/2023:12:01:16 -0500] "HEAD /IsolucionSDA/FrameSetArticulo.asp?Pagina=/IsolucionSDA/bancoconocimiento/D/Decreto653del28deDiciembrede2011/Decreto653del28deDiciembrede2011.asp?IdArticulo=6442 HTTP/1.1" 200 -
66.249.66.20 - - [01/Oct/2023:12:01:17 -0500] "HEAD /IsolucionSDA/FrameSetArticulo.asp?Pagina=/IsolucionSDA/BancoConocimiento/D/Decreto203del17deMayode2011/Decreto203del17deMayode2011.asp?IdArticulo=5496 HTTP/1.1" 200 -
66.249.66.20 - - [01/Oct/2023:12:01:18 -0500] "HEAD /IsolucionSDA/FrameSetArticulo.asp?Pagina=/IsolucionSDA/bancoconocimiento/A/Actadecompromisoyconfidencialidad_v3/Actadecompromisoyconfidencialidad_v3.asp?IdArticulo=7937 HTTP/1.1" 200 -
66.249.66.19 - - [01/Oct/2023:12:01:18 -0500] "HEAD /IsolucionSDA/FrameSetArticulo.asp?Pagina=/IsolucionSDA/bancoconocimiento/A/Actadeverificaciondeproductoscartograficos_v3_0/Actadeverificaciondeproductoscartograficos_v3_0.asp?IdArticulo=7939 HTTP/1.1" 200 -
