173.252.95.3 - - [01/Oct/2023:12:01:26 -0500] "GET /images/cr\xc3\xb3nica-29-nov-1_optimized.jpeg HTTP/1.1" 404 1034
61.135.159.180 - - [01/Oct/2023:12:01:35 -0500] "GET / HTTP/1.1" 200 319
216.245.221.92 - - [01/Oct/2023:12:01:36 -0500] "HEAD / HTTP/1.1" 200 -
216.244.66.195 - - [01/Oct/2023:12:01:39 -0500] "GET /BLA/resoluciones/RESOLUCIONES%202021/1153.pdf HTTP/1.1" 200 428870
191.102.197.222 - - [01/Oct/2023:12:01:40 -0500] "GET /kwssiamovil/sm/ldap/au?x=U2FsdGVkX1/K7Hxmh/Zc/qYVfaoI6EErr0X0Utzt4QlsrbEgaQHZxyMucnO6BLGw&y=U2FsdGVkX18OKdRSdMArkG7YuLJUJ2+iZBZnPpvXUO0= HTTP/1.1" 200 30
191.102.197.222 - - [01/Oct/2023:12:01:40 -0500] "GET /kwssiamovil/sm/acme/s?s=U2FsdGVkX19d2qZoTkCnOaMI9XX1xlt6JeYbj5XXePR27aYVAWnuLh+k+t5qqoRC33lKjkIscs+TenXC1qIuVs3YqiDbH6NCcbeNbVoutb0=&u=U2FsdGVkX181zhLpVgwHr/aTZxJWnq+AiaQuLFgLNmc=&y=U2FsdGVkX18OKdRSdMArkG7YuLJUJ2+iZBZnPpvXUO0= HTTP/1.1" 200 97
191.102.197.222 - - [01/Oct/2023:12:01:40 -0500] "GET /kwssiamovil/sm/acme/s?s=U2FsdGVkX19JqdmUqeqlWW8BdHoMCtQpNeywoD5Dqrueq6N5JaYhwbo21BoQ/DgYsKb9oN3cS5bxh8E7h3/EZRQ6oWm6SZd116VpkEUJjTKRV8WghrxcH5RPDUdHwVAzrJS0bTvtOSBCk2cDZH9BmX9lfpn1O6iGByOcI762Rz/bUcaLSJEJMAb0IXE6pCMS+iPC58U1qKCj18jqoFZ1aa8RR9RcwNnModCtNLjGW6Z2oxAH8CafUUAg9I05cop7r7LfekWPsjUp7TJobD5Kf5NhTViRkCeC0ir2VAAMFJizexAJp58+bVQvD0DRG7ytatd6Nmdec9vC4pOwxTXnslVhGaC14n1ON1NDf4Sy6OXN0U1aWon7Nezx6g6/eHzbXdiim9BU3zkeGmCvaiTpokA4fRRJP964AYUKw4A21u+FGOdVioMIUOAG3ZnSvt+ENxI+Ngn9CRVMiMfC1FkXbNGQrlqti4II7Wol2CZEPDopj6QXMCK9XQk0czvuKZC50Q54RkPJPCWnquXUCBAVJigUPM6Gammn3dQ+FQRyBBiNwZXpB/w58w3P1gJ7U7i5bG/MEvsDP34M+AvHiOSYget4G14DHNbHAoW5GimBo98kkF4EeRDXa9LgYW2XogX/qg6PDNVhOSFmDWQ2f56FvIdeLvRhMrIrrbQho2FRJg0qXgWMUKYHjZ7KAbdNR0eaPlfM3iDeAwicagvO5rUN/c0Evjd+GVtGfOmE/Nu7o+mEsm/FIElzhzyW5wGwF1BYlpNU38THCjEZ8886g8/cvysgegPqSNtv0YgbNhGdfIjRgvahSZieNKXoYhoakfM/KkJymre+YY7CWNeJNXwW6RyMCu00lxxaIr0zpbvXcoU7VErtrvvH4oBDZN4qifivYUxhd2X8j8GzSbk0KnKk8QXun5Zgxl9ygQQQufmDvhW1SjAx6qffpxFSqU8mSCd6CnDW2od3omx1DIlUZct+8cKuvfc/598r3NFUfwFkkdjOe9BsWciZaq7yEqsH1YXifd8EBZc72nwLb/njC1pXUbzSInAM6O/jkGyGOYsMAYrXr21nNXBekzpZUErlpooKvXqMCBTB5lIdv2UuW9Ce/ogeqHH6amsuAq6jOjSMpiP/cUt0ZcvTPNQXwZfb7mbrqNdfqkaZt+TXEaEda18scWbS9+c1zY0nb8GFp6OgEar3DLj0eR3I5Jis+qokfnKuz7bkb84ZJVACwKxWS3509RDz9ObblTlN3G4Ilc+qqEPI1E3ny4O+lf5Hj6SQCHu1AmzureVCrt2p4Xfbsfh2TE2lXEJ8H/DpuVmJCFDZ+EWE97IKXaws4sWoySkZXrSSHfGqVAwcN2GtX6KVAcnkdZI37msZmELbp7lvs2f6/KQjJGyp5NoiSCOyDwM5zbzVvJewjuqkyQsPVQPXK8tIjmoIyhR709OEDh9xKitGK3Q=&u=U2FsdGVkX181zhLpVgwHr/aTZxJWnq+AiaQuLFgLNmc=&y=U2FsdGVkX18OKdRSdMArkG7YuLJUJ2+iZBZnPpvXUO0= HTTP/1.1" 200 8158
191.102.197.222 - - [01/Oct/2023:12:01:40 -0500] "GET /kwssiamovil/sm/acme/s?s=U2FsdGVkX189QlclZG10Q5tl5MGwA0rS5AALMoDJLu/li5tqoe1I4u8PA6AeK5l319VoFyZ7IjZe71wyJ5+myiWdoVMokiS64XHZEoY/nFelR9IHaduKBbdiLZtL0IhYroDRabxXGZNKWRnm5+UzVRVfW/mKe7GuoFrxI7N0rhhxJKSM92/ujkQA48alBvyVc46V57vnYZIV4HdR/qrNM3ZmVWxspHPzYj8sCQfGDpgVqUzi9nOrU+rta/BXXGaR9E+meeSJVfAr0iQxU+VYr+OLqRbtBwNifNwa3wZArw/mzfxvcGOGuldm/kmJDYzkWhh3DNKlyCfZXna0QuRgPA==&u=U2FsdGVkX181zhLpVgwHr/aTZxJWnq+AiaQuLFgLNmc=&y=U2FsdGVkX18OKdRSdMArkG7YuLJUJ2+iZBZnPpvXUO0= HTTP/1.1" 200 196
191.102.197.222 - - [01/Oct/2023:12:01:41 -0500] "GET /kwssiamovil/sm/cjson/pre?f=1&x=U2FsdGVkX1/K7Hxmh/Zc/qYVfaoI6EErr0X0Utzt4QlsrbEgaQHZxyMucnO6BLGw HTTP/1.1" 200 31032
216.244.66.195 - - [01/Oct/2023:12:02:03 -0500] "GET /BLA/resoluciones/RESOLUCIONES%202021/1303.pdf HTTP/1.1" 200 734613
162.55.175.141 - - [01/Oct/2023:12:02:55 -0500] "GET / HTTP/1.1" 200 319
162.55.175.141 - - [01/Oct/2023:12:02:56 -0500] "GET / HTTP/1.1" 200 4720
201.245.192.253 - - [01/Oct/2023:12:03:53 -0500] "POST /kwsrmcab/Wsrmcab  HTTP/1.1" 200 213
173.252.111.4 - - [01/Oct/2023:12:04:53 -0500] "GET /images/plantacion-humedal-la-conejera.jpg HTTP/1.1" 200 92644
173.252.111.120 - - [01/Oct/2023:12:04:55 -0500] "GET /images/Zuque%20(1)%20(1).jpeg HTTP/1.1" 200 66921
173.252.111.4 - - [01/Oct/2023:12:04:56 -0500] "GET /images/pieza-voluntariado-ambiental.jpeg HTTP/1.1" 200 51125
173.252.111.120 - - [01/Oct/2023:12:05:01 -0500] "GET /images/avistamiento-aves.jpg HTTP/1.1" 200 104313
173.252.111.8 - - [01/Oct/2023:12:05:02 -0500] "GET /images/Caminatas-ecologicas-julio.jpg HTTP/1.1" 200 480557
173.252.111.118 - - [01/Oct/2023:12:05:02 -0500] "GET /images/construccion-sostenible-.jpg HTTP/1.1" 200 82949
173.252.111.2 - - [01/Oct/2023:12:05:02 -0500] "GET /images/camino-guadalupe-aguanoso.jpg HTTP/1.1" 200 103489
191.102.197.222 - - [01/Oct/2023:12:05:26 -0500] "OPTIONS /kwssiamovil/sm/setfile/f? HTTP/1.1" 200 13
191.102.197.222 - - [01/Oct/2023:12:05:26 -0500] "POST /kwssiamovil/sm/setfile/f? HTTP/1.1" 200 381
191.102.197.222 - - [01/Oct/2023:12:05:33 -0500] "OPTIONS /kwssiamovil/sm/setfile/f? HTTP/1.1" 200 13
172.22.2.4 - - [01/Oct/2023:12:03:55 -0500] "HEAD /BLA/boletinlegal/ HTTP/1.1" 200 -
191.102.197.222 - - [01/Oct/2023:12:05:33 -0500] "POST /kwssiamovil/sm/setfile/f? HTTP/1.1" 200 381
191.102.197.222 - - [01/Oct/2023:12:05:40 -0500] "OPTIONS /kwssiamovil/sm/setfile/f? HTTP/1.1" 200 13
191.102.197.222 - - [01/Oct/2023:12:05:40 -0500] "POST /kwssiamovil/sm/setfile/f? HTTP/1.1" 200 381
191.102.197.222 - - [01/Oct/2023:12:05:49 -0500] "GET /kwssiamovil/sm/acme/a?s=U2FsdGVkX19ej2DT1M98MsRfAt/fHP6mZbBTfnb/exAXhhi4qSZFSu7UAxMGPz0Gkqbu5kmU7U+x6dzts2X66nUfUiOvKJpJBRZHR1mHIJoSUYlXI1ZRdr15/4oZOJ6T8apYLzpksty8g9vx1xWOApUdKjg3qmPtXCYZctfH9n5FdoRWs67eOvcWe6eKXpfkABZgGNdAwL5j/oDuFt865cl3+pcD7197abu+buooIPFvPhcB+KwM4pEoMqeut59owGc5M1638kQJt9ncg54kVg==&u=U2FsdGVkX181zhLpVgwHr/aTZxJWnq+AiaQuLFgLNmc=&y=U2FsdGVkX18OKdRSdMArkG7YuLJUJ2+iZBZnPpvXUO0= HTTP/1.1" 200 26
191.102.197.222 - - [01/Oct/2023:12:05:49 -0500] "GET /kwssiamovil/sm/acme/a?s=U2FsdGVkX18f+ocwXF43dVD1xaLW4c2OVOUtidTQ/m8hJzfgKNCnxq7pjXwBA169QOzoX/lVWMKuHCyAPrF+37etE8DYMLSO7XJV05smyqqQOnJmy6ZmHSKWswvlxzy4ngNSkjrgCh0WIePzF9Qj6kg75C8KPVKDaRv1oG0vT5AVCfCV1d5JSySrMqLEBf5KS6oaezPBvqpGs33NrR4vFuglBYpUC2JJx2udoWz3Zug2YXnVIWIV2Bwk8iXMDYhXBUvHGudWt7rU4mtUpm5E0wRr9/O/MK0nZ6YZYPLnZ3pnteHKjDMomnYGfj7R7d44WkDv1yUGCbTY4XRUfKVWrG+w5HBc13CVEn9J3BqfzszPjkdxAyRrbuS344PH/9yZpHKIcE08mYz61xV6EuMTvWgv2YqsM0ZROofn+S2BT6vvUgOs13MqzQNfyyQbk/YQlyxTyAXO/WxnQgO500UBB/Xi4rLb0ghMXk0PoQkxKQPD/zbsipeyedy2T2ZOoOdLnEn6/GH98CG5bJuiNWVRvvPd6e5Z0b1JigSKt7tL6BbB+qgO6uQY8tLcC/Z1SGUzNQf86DywFzbMr8S1as4BuBI2Z6ZtiuHUlOUzUR+ktEY9rwhqqhi37NKKuJevu8ZElpGSwiBHbSWh6DaKmPjGgm+6jNY/aaa9+KjTKXvSBm0TiPNkgxPBPZQrlyQpxHnFwrlSrFPl2AIRW9DhXri4S0ioOppsqzSDSSXKjlXTXjxZTHFANfqDpAEOla95cRHVcO+gQrpJY6Uk4yGU4imq0WJh5V6o7LWtYccOQpkLGj4pPXYmkNDpJjyirNYOp5mAFmzSAG7HQq4WjXGtSCCVD1GPDkrAG4sNe1O+tMJOWJRK49b0ilcfyKZ6PMFdRv7/SbQTuTGMgh/qckLs1I2wjeakLRJAiIRHl6tU5ITBGnrKjh9bOA6HHwsyj+ZgKz5thZzUdO44Ez7kf277E1UHrgr402tLjOwevroTRVPMcwRt82rTSYsU01837b6ukkWex7ExaIym6Om5vcw2tcg40lAt6BACa8j1DU4O8pTIIwl6b/ZONuiItKPSzdbutbj1mvg356SwNbWhbWgQuuWKaLVY9GlX0xYE7ljUoYuz/7sz+Yo4V1/17+lGYiJqlHZRr7nTwDvvEPnXqXyVoty5AjOTfIi+EshtUu2a0V4M6Kw1rBhU66DK33IxUWiHZ695j44b+DddQ/II0cC2xfV0+tT6uE1iO22bMnh6Vap7ExzxafDrX37EWOrYlK6ON0/QsBAKJgazxogZ0dfhOcRm59EO/XYFudgGnVQyz2Fza6eEfm+Cu3X3IatM7iAfhnmjT131hruuXk6eNYBRYaiYWJHNVzVkbFIgERNvq+aQu4M53SMkDoctvxaXmme+QscVyqEk0062rtsVPVQKacTSHtQyKvOGaigVlf+XVlzgm4Ef0LBmeKSwtenQKox57VthHG07kDIt1zG25swKWnnXkVHku/5FyGEUGlKLF2JmA1ts9b42hVoeJSrPH5pUpqkD91ocGbBxhDTkamcl6cxQwGGIONaTxTtTsobg8sGJBQCy8KwXslM6PgQdG4Nekwg9lr2MzZnhSkG6L4j3K41VDI+AP9mT+quXIa3l2yIXnTh5eo6vWzYJ7i7x+doIbcR1cb0PEObeyP5dEuLqgbpFqgLiFfE3il3LORQ/AMvKR9TnXYTXms5LndhobMQaeAuQS6tR6RBVmYl1+743BR6ARxjMla1l7wK/vVwY9Sd37GJ0SVTQ0e5joN9IioeMsZrpGfbJbfMRmyHgGXWAR3D1hiGYuo1HHUYUURafprOQshoLYfQg0ryFiQiGXblbxEnxDaLEEINmSHIlAT1y3fgFB+PWMbPYWzUxQYvWqy2eVnTWp4U5r/F9qqmQxEWqgxZT6D821m53mEpZbDMwUb6wjgq5KLEZMVLRKooiy/riLVyIpy5OSTYbFvc91oAP0qWhNhcTBzQ4Rv421YeE8PYy27hBkgPTpsL4U04bWQkgH1ypMV9gEy4wFpbFzR7XI/BhOt6jg1ZgYs6wRnF+F+j8wGpcyIkh7Dmy0FM7d5LVo1DfZ+RhxGSMFmEQCi++1SGlLKETir0dnN7ywVBM2S7GmR/irrjuafae/aS7fc9MjVVk4TLgY1tjuBLDS4td13qUAAOUMZ74NB1MxjR9AdU+67Efi6ZB7lMEGOJyWeKONON1fCTDZZ2QirKqi82nHrxQpf8yk+fO/G1o52r99E4b1ZkLYomPqrYxc//B3TA6IKsJnIE5/LZzwXb3B7uT6R+nlWFwynTjHZFpe+4brv9qWd0uIDxangtN9ETB9IPvaZS+zPLteuLsATLRixN3KJvInAL1w+ozAnvCWiprH58Zf38VQf9kTl8bp6mTuI+v9PuFoQd2yeBXh7DnXIMP6x1PHEpvejBRLbHciBxsa/bKEIfeeKpzLxNrb82mLuWE3jqj5IoRhQ9NiJlucpzviJw0MujnTkxQPbF52fTRzPpVyObeE++U4/H553SGpbwwQyb5VuDvdYMqDlKHxiuNt8J0b51QpnZ621v6ZflQCFiij5yu/09tArKBqtotLE98idSgMrPNI3Iaus/Csdhdeapg&u=U2FsdGVkX181zhLpVgwHr/aTZxJWnq+AiaQuLFgLNmc=&y=U2FsdGVkX18OKdRSdMArkG7YuLJUJ2+iZBZnPpvXUO0= HTTP/1.1" 200 26
191.102.197.222 - - [01/Oct/2023:12:05:50 -0500] "GET /kwssiamovil/sm/acme/a?s=U2FsdGVkX19LK6jY41NpFHw8Pnbt+YtS1oAfQVg0QErJvNalEBqTeb0i29CaIMGb3WgNgKViNhvHx/58nxlCZExORWbjx5wOwtJb8il9E94z6QmZ2LbYWmT6gFWxTXXCI9nOhRISC163v9fTAimhm9Whyo2DIdE2X/rS0r6j/k8=&u=U2FsdGVkX181zhLpVgwHr/aTZxJWnq+AiaQuLFgLNmc=&y=U2FsdGVkX18OKdRSdMArkG7YuLJUJ2+iZBZnPpvXUO0= HTTP/1.1" 200 26
191.102.197.222 - - [01/Oct/2023:12:05:50 -0500] "GET /kwssiamovil/sm/acme/a?s=U2FsdGVkX18iQPa9EUGFypBZoTbisyLp8ZJO2+jxxLGEs+IeYRB9W+B1H/JXv9juPO5N0Y49ZSJ1+Tep+S+TieSg+0aYcPZn5NScLGp/1AhN6dun2OxUWsUSygnh3AaNbMHTJunx/Lt5i/PjRWx7ewtsrDdJs5Hm0pGFqSJR7fA=&u=U2FsdGVkX181zhLpVgwHr/aTZxJWnq+AiaQuLFgLNmc=&y=U2FsdGVkX18OKdRSdMArkG7YuLJUJ2+iZBZnPpvXUO0= HTTP/1.1" 200 26
191.102.197.222 - - [01/Oct/2023:12:05:51 -0500] "GET /kwssiamovil/sm/acme/a?s=U2FsdGVkX1/VUnUfu0KBE9mNiV8Bi6XTGPxT40geyT0zwNuqCdzifY0PoY1uytVG5A7PAHg7J2Bg/DcxEs9BurfizvdQkbWYq6hM3rtVyZTv8UodfxK8MPRB0bjZjWJ6iQ3BwkLEn5J8BwLVDeZx53petrYvw+NX8HjUeHOFYMc=&u=U2FsdGVkX181zhLpVgwHr/aTZxJWnq+AiaQuLFgLNmc=&y=U2FsdGVkX18OKdRSdMArkG7YuLJUJ2+iZBZnPpvXUO0= HTTP/1.1" 200 26
191.102.197.222 - - [01/Oct/2023:12:05:51 -0500] "GET /kwssiamovil/sm/acme/a?s=U2FsdGVkX19TvUYJONEZkakzeWMWUKK5kwyr6GZhHha9k0GYagafDpusknzmTxrYBn1jBUh2brOQBokxuibNDzQnJPxyoO/VvATjEHIM6IOAoDzJ6W5pPdCpjRxweha62oefkFKHOkLDOrtPfZjvZBaoeLst4NebCDBQ0Aw9+3Kzh4EZ/p7Fw1WZlZ4nfS1e&u=U2FsdGVkX181zhLpVgwHr/aTZxJWnq+AiaQuLFgLNmc=&y=U2FsdGVkX18OKdRSdMArkG7YuLJUJ2+iZBZnPpvXUO0= HTTP/1.1" 200 26
191.102.197.222 - - [01/Oct/2023:12:05:51 -0500] "GET /kwssiamovil/sm/acme/a?s=U2FsdGVkX19DBP6ZP4Xe/jlpPkhxaV32urD3qVgKbrbI+eaVfaYNm2BApv4WngXT5bL8J4qGQ4piJXeARhYirUu5kTndniP6pHi1ETmFLXswX5ri5HU1aIZB+GSs9+3ypqOCkd//QNkY+XCOGFYBNe+d1uq81QUn4aatuZuAf67RlwEEQXD4V1595w4jDGRymeV+bx05NSuVe84k8dJBc1F6nZ0XtUFnqpBhSH8uW/A=&u=U2FsdGVkX181zhLpVgwHr/aTZxJWnq+AiaQuLFgLNmc=&y=U2FsdGVkX18OKdRSdMArkG7YuLJUJ2+iZBZnPpvXUO0= HTTP/1.1" 200 26
191.102.197.222 - - [01/Oct/2023:12:05:52 -0500] "GET /kwssiamovil/sm/acme/a?s=U2FsdGVkX1+0f3SW1lGgQfcYtuE6BY7IgWGbq+Np9D6FpN8jckrBTbcOZji8LDbfpX3OcUEc9mFhRYQao7HqZajGsjwQzB3pc14D+anHPHgkLZgT/fVteT/ulHCDFnAQD1SkSh4ZALI77bg9eyGkjoPZ8Z0Z7o5mBCsP3xWPfUKQaEwjsHVDixyWBmIoauOJheIDxbC+DjVmL0ARPCX1KURXpRH4sOn64k70XNhQstI1LXGorJBYjKmdEr6anUIlf9Orw93e8oYLwnr1aBy7zx5UQy1UjK+UTlXfrWtHRI2rCP0dOGF0TzB7N4o4HjFkBziXfP0zUr8Tj9AzF6DsemH72fARWhCdY5CIxaodaV/6I5x8LuQ5kREOFy94iaYW33wOQiOBpeY5GqudEHf5ELZ5VGErjTM0tRy0wPawCdQYGTA63y44d90UYSuhsDWkoSc9rwDzdWxn/3zqTUTBeg+AeliZzDueB920YXHZxsZQeBP5gIKA75AuhY4BUeC2Vk5HrnTGs150BD44h+c3hrsQ+qXvirJ9IMAhVju+Jz/1/1Jj9fOjYq1MvCekJMLi&u=U2FsdGVkX181zhLpVgwHr/aTZxJWnq+AiaQuLFgLNmc=&y=U2FsdGVkX18OKdRSdMArkG7YuLJUJ2+iZBZnPpvXUO0= HTTP/1.1" 200 25
191.102.197.222 - - [01/Oct/2023:12:05:52 -0500] "GET /kwssiamovil/sm/acme/a?s=U2FsdGVkX1/JibmnbuXTa3QDod12HogiNYgNhlS7jNQRbDrmp3HJ8bISatgwYC94YVOEDw8UtKnogAvnF6Ds/3RHUkptSHbhEtCDvdOYcb00Mav1mXSbqu+N6L8BBw5RaLAOwZ09sGByrViMXjhrHZqObxkjIpRNDPvOt8S43fHgg2QTgp6QDk+YOa+fUQXXpSDgaoAMaSL5bhn8K0HifQ==&u=U2FsdGVkX181zhLpVgwHr/aTZxJWnq+AiaQuLFgLNmc=&y=U2FsdGVkX18OKdRSdMArkG7YuLJUJ2+iZBZnPpvXUO0= HTTP/1.1" 200 26
191.102.197.222 - - [01/Oct/2023:12:05:52 -0500] "GET /kwssiamovil/sm/acme/a?s=U2FsdGVkX1/vW6AxOAGDAHRI05UX8VLKUiaVqhK05PhfegZhI3x+lf4NlJ2H2ushxiA4NrDiZi37y85y6WmI89D3kWOX1BfmhGK8algjeECuRKqHcQHBBwm531eojjObzDaY/sJbdtY9n9zylM9+jruW5c/7sh0SpL4m0rqXChtWw6EVkkTlCZRFJm/GZn/yzSAWYxmzEtU8OXujfEoPjSLxZ1hOrfi8t+EuApN90dqOqQpLD7nIlHqfVANFHCeeOs3bkk+5Q/YI0Dstzi8P+TfcxT3nqUBjKbYnfA1NEMSzbeHlLNmV8HOB1iQJ8WNEgfc1sqKxlVfVlHzh5SIuEJLnHHe8C4SxWKbZrqYkY8EGXfekjmeBwrHva5t9Fkz1EY/5vN2ofS8SxhkWl/d9poVAVUROjXc6kUpGhnf4yWDy7P+W/Gs9j5RtI2ZeFdfirhk4whN9PwR1KmXM1g1xe7S9K4SmFppgYiSmU9FbMftTxJsqvEfQffPlKhPCoxzDNMz1DbGEFpbJY5D5hQzNUbwBaSOvQsEIJ/yASjt7FJk=&u=U2FsdGVkX181zhLpVgwHr/aTZxJWnq+AiaQuLFgLNmc=&y=U2FsdGVkX18OKdRSdMArkG7YuLJUJ2+iZBZnPpvXUO0= HTTP/1.1" 200 25
191.102.197.222 - - [01/Oct/2023:12:05:52 -0500] "GET /kwssiamovil/sm/acme/a?s=U2FsdGVkX19tT0s8M2e0mWEGIwEQyBrJ86+xt0Y4wtb9DFDUTrEupuB3waQIoVb7I6vjPf/PLw/oEKmwnurukxWhjBik4WdwTH45RxEP6My9vatcWZpvV7D4QKopwiIPjwusIISx3WVIVIAc9B7hbnnHWV7KaL1mKBSNazKK2SETweBZB/T+akTXGN8Zd1D/t7Lvqxkq6hFlhJceCp/Erw==&u=U2FsdGVkX181zhLpVgwHr/aTZxJWnq+AiaQuLFgLNmc=&y=U2FsdGVkX18OKdRSdMArkG7YuLJUJ2+iZBZnPpvXUO0= HTTP/1.1" 200 26
191.102.197.222 - - [01/Oct/2023:12:05:53 -0500] "GET /kwssiamovil/sm/acme/a?s=U2FsdGVkX19r6FuGlvYI5FfNOt9lROeoDR4UpmKzN8z5dA4vCfex2i9l1gQ0D/eqNMtR2o75Vca7VfIP47VKagFkAplvHrGExHW0VncHyJNIY/YgNu316i/mezyzUXmf8YGoc53xCcf9UOzE50Ip0Pae570b0SQSOT+gS5ptkI1HLXYE0nl1/VLWbRB7qBsI&u=U2FsdGVkX181zhLpVgwHr/aTZxJWnq+AiaQuLFgLNmc=&y=U2FsdGVkX18OKdRSdMArkG7YuLJUJ2+iZBZnPpvXUO0= HTTP/1.1" 200 26
216.244.66.195 - - [01/Oct/2023:12:06:00 -0500] "GET /robots.txt HTTP/1.1" 404 1018
172.22.2.4 - - [01/Oct/2023:12:04:46 -0500] "GET /BLA/boletinlegal/ HTTP/1.1" 200 55460
216.245.221.92 - - [01/Oct/2023:12:06:36 -0500] "HEAD / HTTP/1.1" 200 -
66.249.66.20 - - [01/Oct/2023:12:05:35 -0500] "GET /BLA/boletinlegal/index.php? HTTP/1.1" 200 57790
201.245.192.253 - - [01/Oct/2023:12:08:52 -0500] "POST /kwsrmcab/Wsrmcab  HTTP/1.1" 200 213
117.3.254.23 - - [01/Oct/2023:12:09:02 -0500] "GET /BLA/resoluciones/AUTOS%202022/1833.pdf HTTP/1.1" 200 408562
172.22.2.4 - - [01/Oct/2023:12:09:45 -0500] "HEAD /BLA/boletinlegal/ HTTP/1.1" 200 -
216.245.221.92 - - [01/Oct/2023:12:11:36 -0500] "HEAD / HTTP/1.1" 200 -
172.22.2.4 - - [01/Oct/2023:12:10:36 -0500] "GET /BLA/boletinlegal/ HTTP/1.1" 200 58187
201.245.192.253 - - [01/Oct/2023:12:13:51 -0500] "POST /kwsrmcab/Wsrmcab  HTTP/1.1" 200 213
216.245.221.92 - - [01/Oct/2023:12:16:36 -0500] "HEAD / HTTP/1.1" 200 -
172.22.2.4 - - [01/Oct/2023:12:15:35 -0500] "HEAD /BLA/boletinlegal/ HTTP/1.1" 200 -
201.245.192.253 - - [01/Oct/2023:12:17:59 -0500] "POST /kwsrmcab/Wsrmcab HTTP/1.1" 200 42188
173.252.95.15 - - [01/Oct/2023:12:18:03 -0500] "GET /las-mujeres-reverdecen-bogota-en-el-dia-mundial-de-los-humedales.html HTTP/1.1" 200 900
173.252.95.3 - - [01/Oct/2023:12:18:03 -0500] "GET /las-mujeres-reverdecen-bogota-en-el-dia-mundial-de-los-humedales.html HTTP/1.1" 200 900
173.252.95.117 - - [01/Oct/2023:12:18:03 -0500] "GET /las-mujeres-reverdecen-bogota-en-el-dia-mundial-de-los-humedales.html HTTP/1.1" 200 900
173.252.79.10 - - [01/Oct/2023:12:18:04 -0500] "GET /images/mujeres-reverdecen-humedales-2-febrero.jpg HTTP/1.1" 200 47327
201.245.192.253 - - [01/Oct/2023:12:18:03 -0500] "POST /kwsrmcab/Wsrmcab HTTP/1.1" 200 43319
172.22.2.4 - - [01/Oct/2023:12:16:26 -0500] "GET /BLA/boletinlegal/ HTTP/1.1" 200 58187
52.167.144.181 - - [01/Oct/2023:12:18:30 -0500] "GET /proximo-4-de-octubre-simulacro-distrital-de-evacuacion-dia-y-noche.html HTTP/1.1" 200 783
201.245.192.253 - - [01/Oct/2023:12:18:49 -0500] "POST /kwsrmcab/Wsrmcab  HTTP/1.1" 200 213
173.252.79.116 - - [01/Oct/2023:12:19:13 -0500] "GET /images/reunion-planta-termovalorizacion-11-mayo.jpg HTTP/1.1" 200 34782
216.245.221.92 - - [01/Oct/2023:12:21:36 -0500] "HEAD / HTTP/1.1" 200 -
52.167.144.20 - - [01/Oct/2023:12:22:05 -0500] "GET /Publicaciones/2023EE225258.pdf HTTP/1.1" 200 956892
172.22.2.4 - - [01/Oct/2023:12:21:25 -0500] "HEAD /BLA/boletinlegal/ HTTP/1.1" 200 -
201.245.192.253 - - [01/Oct/2023:12:23:48 -0500] "POST /kwsrmcab/Wsrmcab  HTTP/1.1" 200 213
172.22.2.4 - - [01/Oct/2023:12:22:16 -0500] "GET /BLA/boletinlegal/ HTTP/1.1" 200 60342
173.252.127.20 - - [01/Oct/2023:12:26:05 -0500] "GET /images/Zuque%20(1)%20(1).jpeg HTTP/1.1" 200 66921
173.252.95.17 - - [01/Oct/2023:12:26:32 -0500] "GET /semana-bogota-reverdece-se-plantaron-200-nuevos-arboles-en-el-humedal-tingua-azul-bosa.html HTTP/1.1" 200 896
173.252.95.116 - - [01/Oct/2023:12:26:32 -0500] "GET /durante-la-segunda-feria-de-tecnologia-y-movilidad-sostenible-distrito-etiqueto-vehiculos-cero-emisiones.html HTTP/1.1" 200 1142
216.245.221.92 - - [01/Oct/2023:12:26:36 -0500] "HEAD / HTTP/1.1" 200 -
207.46.13.127 - - [01/Oct/2023:12:27:10 -0500] "GET /forest/ HTTP/1.1" 200 12041
216.244.66.195 - - [01/Oct/2023:12:27:40 -0500] "GET /BLA/resoluciones/RESOLUCIONES%202021/0372.pdf HTTP/1.1" 200 479075
201.245.192.253 - - [01/Oct/2023:12:27:59 -0500] "POST /kwsrmcab/Wsrmcab HTTP/1.1" 200 42188
201.245.192.253 - - [01/Oct/2023:12:28:03 -0500] "POST /kwsrmcab/Wsrmcab HTTP/1.1" 200 43319
216.244.66.195 - - [01/Oct/2023:12:28:10 -0500] "GET /BLA/resoluciones/RESOLUCIONES%202021/0408.pdf HTTP/1.1" 200 489382
201.245.192.253 - - [01/Oct/2023:12:28:47 -0500] "POST /kwsrmcab/Wsrmcab  HTTP/1.1" 200 213
216.244.66.195 - - [01/Oct/2023:12:28:50 -0500] "GET /BLA/resoluciones/RESOLUCIONES%202021/0522.pdf HTTP/1.1" 200 497829
172.22.2.4 - - [01/Oct/2023:12:27:15 -0500] "HEAD /BLA/boletinlegal/ HTTP/1.1" 200 -
216.244.66.195 - - [01/Oct/2023:12:29:40 -0500] "GET /BLA/resoluciones/RESOLUCIONES%202021/0531.pdf HTTP/1.1" 200 446796
172.22.2.4 - - [01/Oct/2023:12:28:06 -0500] "GET /BLA/boletinlegal/ HTTP/1.1" 200 60342
216.244.66.195 - - [01/Oct/2023:12:30:33 -0500] "GET /BLA/resoluciones/RESOLUCIONES%202021/1156.pdf HTTP/1.1" 200 325795
216.244.66.195 - - [01/Oct/2023:12:31:23 -0500] "GET /BLA/resoluciones/RESOLUCIONES%202021/1159.PDF HTTP/1.1" 200 406943
216.245.221.92 - - [01/Oct/2023:12:31:36 -0500] "HEAD / HTTP/1.1" 200 -
216.244.66.195 - - [01/Oct/2023:12:32:09 -0500] "GET /BLA/resoluciones/RESOLUCIONES%202021/1479.pdf HTTP/1.1" 200 453036
216.244.66.195 - - [01/Oct/2023:12:32:54 -0500] "GET /BLA/resoluciones/RESOLUCIONES%202021/1601.pdf HTTP/1.1" 200 349066
157.55.39.6 - - [01/Oct/2023:12:33:30 -0500] "GET /Publicaciones/2023EE225260.pdf HTTP/1.1" 200 375305
216.244.66.195 - - [01/Oct/2023:12:33:44 -0500] "GET /BLA/resoluciones/RESOLUCIONES%202021/1811.pdf HTTP/1.1" 200 348119
201.245.192.253 - - [01/Oct/2023:12:33:46 -0500] "POST /kwsrmcab/Wsrmcab  HTTP/1.1" 200 213
216.244.66.195 - - [01/Oct/2023:12:34:30 -0500] "GET /BLA/resoluciones/RESOLUCIONES%202021/1911.pdf HTTP/1.1" 200 347119
172.22.2.4 - - [01/Oct/2023:12:33:05 -0500] "HEAD /BLA/boletinlegal/ HTTP/1.1" 200 -
216.244.66.195 - - [01/Oct/2023:12:35:16 -0500] "GET /BLA/resoluciones/RESOLUCIONES%202021/1965.pdf HTTP/1.1" 200 341012
172.22.2.4 - - [01/Oct/2023:12:33:56 -0500] "GET /BLA/boletinlegal/ HTTP/1.1" 200 58187
192.241.225.67 - - [01/Oct/2023:12:35:46 -0500] "GET /manager/text/list HTTP/1.1" 404 1018
216.244.66.195 - - [01/Oct/2023:12:35:54 -0500] "GET /BLA/resoluciones/RESOLUCIONES%202021/2010.pdf HTTP/1.1" 200 1164744
216.245.221.92 - - [01/Oct/2023:12:36:36 -0500] "HEAD / HTTP/1.1" 200 -
216.244.66.195 - - [01/Oct/2023:12:36:44 -0500] "GET /BLA/resoluciones/RESOLUCIONES%202021/2023.pdf HTTP/1.1" 200 621288
216.244.66.195 - - [01/Oct/2023:12:37:33 -0500] "GET /BLA/resoluciones/RESOLUCIONES%202021/2041.pdf HTTP/1.1" 200 374258
201.245.192.253 - - [01/Oct/2023:12:37:59 -0500] "POST /kwsrmcab/Wsrmcab HTTP/1.1" 200 42188
201.245.192.253 - - [01/Oct/2023:12:38:02 -0500] "POST /kwsrmcab/Wsrmcab HTTP/1.1" 200 43319
216.244.66.195 - - [01/Oct/2023:12:38:11 -0500] "GET /BLA/resoluciones/RESOLUCIONES%202021/2199.pdf HTTP/1.1" 200 539367
201.245.192.253 - - [01/Oct/2023:12:38:44 -0500] "POST /kwsrmcab/Wsrmcab  HTTP/1.1" 200 213
216.244.66.195 - - [01/Oct/2023:12:38:55 -0500] "GET /BLA/resoluciones/RESOLUCIONES%202021/2336.pdf HTTP/1.1" 200 343584
216.244.66.195 - - [01/Oct/2023:12:39:32 -0500] "GET /BLA/resoluciones/RESOLUCIONES%202021/2775.pdf HTTP/1.1" 200 356346
216.244.66.195 - - [01/Oct/2023:12:40:07 -0500] "GET /BLA/resoluciones/RESOLUCIONES%202021/2998.pdf HTTP/1.1" 200 405752
199.16.157.182 - - [01/Oct/2023:12:40:15 -0500] "GET /images/liberacion-tinguas.jpg HTTP/1.1" 200 75984
199.16.157.180 - - [01/Oct/2023:12:40:17 -0500] "GET /mas-de-1300-tinguas-fueron-recuperadas-en-epoca-migratoria-en-bogota.html HTTP/1.1" 200 724
172.22.2.4 - - [01/Oct/2023:12:38:55 -0500] "HEAD /BLA/boletinlegal/ HTTP/1.1" 200 -
216.244.66.195 - - [01/Oct/2023:12:40:41 -0500] "GET /BLA/resoluciones/RESOLUCIONES%202021/3100.pdf HTTP/1.1" 200 1581563
172.22.2.4 - - [01/Oct/2023:12:39:46 -0500] "GET /BLA/boletinlegal/ HTTP/1.1" 200 57790
69.171.231.116 - - [01/Oct/2023:12:41:31 -0500] "GET /images/pieza-voluntariado-ambiental.jpeg HTTP/1.1" 200 51125
216.245.221.92 - - [01/Oct/2023:12:41:36 -0500] "HEAD / HTTP/1.1" 200 -
216.244.66.195 - - [01/Oct/2023:12:41:36 -0500] "GET /BLA/resoluciones/RESOLUCIONES%202021/3723.pdf HTTP/1.1" 200 570353
216.244.66.195 - - [01/Oct/2023:12:42:15 -0500] "GET /BLA/resoluciones/RESOLUCIONES%202021/4336.pdf HTTP/1.1" 200 480254
216.244.66.195 - - [01/Oct/2023:12:42:46 -0500] "GET /BLA/resoluciones/RESOLUCIONES%202022/0005.pdf HTTP/1.1" 200 982362
216.244.66.195 - - [01/Oct/2023:12:43:19 -0500] "GET /BLA/resoluciones/RESOLUCIONES%202022/0029.pdf HTTP/1.1" 200 444710
201.245.192.253 - - [01/Oct/2023:12:43:42 -0500] "POST /kwsrmcab/Wsrmcab  HTTP/1.1" 200 213
216.244.66.195 - - [01/Oct/2023:12:43:49 -0500] "GET /BLA/resoluciones/RESOLUCIONES%202022/0445.pdf HTTP/1.1" 200 349838
216.244.66.195 - - [01/Oct/2023:12:44:20 -0500] "GET /BLA/resoluciones/RESOLUCIONES%202022/1424.pdf HTTP/1.1" 200 357003
216.244.66.195 - - [01/Oct/2023:12:44:47 -0500] "GET /BLA/resoluciones/RESOLUCIONES%202022/1433.pdf HTTP/1.1" 200 360189
216.244.66.195 - - [01/Oct/2023:12:45:13 -0500] "GET /BLA/resoluciones/RESOLUCIONES%202022/2206.pdf HTTP/1.1" 200 740227
216.244.66.195 - - [01/Oct/2023:12:45:37 -0500] "GET /BLA/resoluciones/RESOLUCIONES%202022/2372.pdf HTTP/1.1" 200 391910
216.244.66.195 - - [01/Oct/2023:12:46:01 -0500] "GET /BLA/resoluciones/RESOLUCIONES%202022/2423.pdf HTTP/1.1" 200 447006
216.244.66.195 - - [01/Oct/2023:12:46:23 -0500] "GET /BLA/resoluciones/RESOLUCIONES%202022/2626.pdf HTTP/1.1" 200 336592
172.22.2.4 - - [01/Oct/2023:12:44:45 -0500] "HEAD /BLA/boletinlegal/ HTTP/1.1" 200 -
216.245.221.92 - - [01/Oct/2023:12:46:36 -0500] "HEAD / HTTP/1.1" 200 -
216.244.66.195 - - [01/Oct/2023:12:46:46 -0500] "GET /BLA/resoluciones/RESOLUCIONES%202022/2771.pdf HTTP/1.1" 200 412804
216.244.66.195 - - [01/Oct/2023:12:47:06 -0500] "GET /BLA/resoluciones/RESOLUCIONES%202022/2773.pdf HTTP/1.1" 200 419321
172.22.2.4 - - [01/Oct/2023:12:45:35 -0500] "GET /BLA/boletinlegal/ HTTP/1.1" 200 60692
216.244.66.195 - - [01/Oct/2023:12:47:26 -0500] "GET /BLA/resoluciones/RESOLUCIONES%202022/3182.pdf HTTP/1.1" 200 362832
34.32.148.92 - - [01/Oct/2023:12:47:34 -0500] "GET /proximo-4-de-octubre-simulacro-distrital-de-evacuacion-dia-y-noche.html HTTP/1.1" 200 783
216.244.66.195 - - [01/Oct/2023:12:47:44 -0500] "GET /BLA/resoluciones/RESOLUCIONES%202022/4943.pdf HTTP/1.1" 200 399453
216.244.66.195 - - [01/Oct/2023:12:48:02 -0500] "GET /BLA/resoluciones/RESOLUCIONES%202022/5198.pdf HTTP/1.1" 200 405825
216.244.66.195 - - [01/Oct/2023:12:48:18 -0500] "GET /BLA/resoluciones/RESOLUCIONES%202023/0094.pdf HTTP/1.1" 200 394385
216.244.66.195 - - [01/Oct/2023:12:48:34 -0500] "GET /BLA/resoluciones/RESOLUCIONES%202023/0398.pdf HTTP/1.1" 200 369447
201.245.192.253 - - [01/Oct/2023:12:48:41 -0500] "POST /kwsrmcab/Wsrmcab  HTTP/1.1" 200 213
216.244.66.195 - - [01/Oct/2023:12:48:48 -0500] "GET /BLA/resoluciones/RESOLUCIONES%202023/0422.pdf HTTP/1.1" 200 429684
216.244.66.195 - - [01/Oct/2023:12:49:02 -0500] "GET /BLA/resoluciones/RESOLUCIONES%202023/0600.pdf HTTP/1.1" 200 4194247
216.244.66.195 - - [01/Oct/2023:12:49:30 -0500] "GET /BLA/resoluciones/RESOLUCIONES%202023/0746.pdf HTTP/1.1" 200 915201
216.245.221.92 - - [01/Oct/2023:12:51:36 -0500] "HEAD / HTTP/1.1" 200 -
172.22.2.4 - - [01/Oct/2023:12:50:35 -0500] "HEAD /BLA/boletinlegal/ HTTP/1.1" 200 -
172.22.2.4 - - [01/Oct/2023:12:51:25 -0500] "GET /BLA/boletinlegal/ HTTP/1.1" 200 60342
216.244.66.195 - - [01/Oct/2023:12:53:34 -0500] "GET /robots.txt HTTP/1.1" 404 1018
201.245.192.253 - - [01/Oct/2023:12:53:41 -0500] "POST /kwsrmcab/Wsrmcab  HTTP/1.1" 200 213
52.167.144.137 - - [01/Oct/2023:12:55:34 -0500] "GET /apple-touch-icon.png HTTP/1.1" 404 1035
207.46.13.127 - - [01/Oct/2023:12:56:18 -0500] "GET /favicon.ico HTTP/1.1" 200 7782
216.245.221.92 - - [01/Oct/2023:12:56:36 -0500] "HEAD / HTTP/1.1" 200 -
172.22.2.4 - - [01/Oct/2023:12:56:25 -0500] "HEAD /BLA/boletinlegal/ HTTP/1.1" 200 -
201.245.192.253 - - [01/Oct/2023:12:58:39 -0500] "POST /kwsrmcab/Wsrmcab  HTTP/1.1" 200 213
172.22.2.4 - - [01/Oct/2023:12:57:15 -0500] "GET /BLA/boletinlegal/ HTTP/1.1" 200 55844
191.102.117.217 - - [01/Oct/2023:12:59:03 -0500] "GET /forest/ HTTP/1.1" 200 12041
191.102.117.217 - - [01/Oct/2023:12:59:49 -0500] "POST /forest/index.php HTTP/1.1" 200 12268
52.167.144.221 - - [01/Oct/2023:12:59:56 -0500] "GET /Publicaciones/2023EE121184.pdf HTTP/1.1" 404 228
54.37.1.234 - - [01/Oct/2023:13:00:57 -0500] "GET /robots.txt HTTP/1.1" 404 1049
54.37.1.234 - - [01/Oct/2023:13:00:57 -0500] "GET /robots.txt HTTP/1.1" 404 1049
54.37.1.234 - - [01/Oct/2023:13:00:58 -0500] "GET / HTTP/1.1" 200 319
186.80.52.212 - - [01/Oct/2023:13:01:10 -0500] "GET /sipse/faces/index.xhtml HTTP/1.1" 200 677
186.80.52.212 - - [01/Oct/2023:13:01:10 -0500] "GET /sipse/faces/javax.faces.resource/theme.css?ln=primefaces-sipse HTTP/1.1" 304 -
186.80.52.212 - - [01/Oct/2023:13:01:10 -0500] "GET /sipse/faces/faces/autenticacion.xhtml HTTP/1.1" 200 12412
186.80.52.212 - - [01/Oct/2023:13:01:10 -0500] "GET /sipse/faces/javax.faces.resource/theme.css?ln=primefaces-sipse HTTP/1.1" 304 -
186.80.52.212 - - [01/Oct/2023:13:01:10 -0500] "GET /sipse/js/funciones.js HTTP/1.1" 304 -
186.80.52.212 - - [01/Oct/2023:13:01:10 -0500] "GET /sipse/css/custom_css_sg.css HTTP/1.1" 304 -
186.80.52.212 - - [01/Oct/2023:13:01:10 -0500] "GET /sipse/js/disable_browser_buttons.js HTTP/1.1" 304 -
186.80.52.212 - - [01/Oct/2023:13:01:10 -0500] "GET /sipse/css/custom_css_sg_prime_login.css HTTP/1.1" 304 -
186.80.52.212 - - [01/Oct/2023:13:01:10 -0500] "GET /sipse/faces/javax.faces.resource/layout/layout.css?ln=primefaces&v=4.0 HTTP/1.1" 304 -
186.80.52.212 - - [01/Oct/2023:13:01:10 -0500] "GET /sipse/faces/javax.faces.resource/jquery/jquery-plugins.js?ln=primefaces&v=4.0 HTTP/1.1" 304 -
186.80.52.212 - - [01/Oct/2023:13:01:10 -0500] "GET /sipse/faces/javax.faces.resource/primefaces.css?ln=primefaces&v=4.0 HTTP/1.1" 304 -
186.80.52.212 - - [01/Oct/2023:13:01:10 -0500] "GET /sipse/faces/javax.faces.resource/jquery/jquery.js?ln=primefaces&v=4.0 HTTP/1.1" 304 -
186.80.52.212 - - [01/Oct/2023:13:01:10 -0500] "GET /sipse/faces/javax.faces.resource/primefaces.js?ln=primefaces&v=4.0 HTTP/1.1" 304 -
186.80.52.212 - - [01/Oct/2023:13:01:10 -0500] "GET /sipse/faces/javax.faces.resource/layout/layout.js?ln=primefaces&v=4.0 HTTP/1.1" 304 -
186.80.52.212 - - [01/Oct/2023:13:01:10 -0500] "GET /sipse/css/imagen/logoSDG.png HTTP/1.1" 304 -
186.80.52.212 - - [01/Oct/2023:13:01:10 -0500] "GET /sipse/css/imagen/loginimg.png HTTP/1.1" 304 -
186.80.52.212 - - [01/Oct/2023:13:01:10 -0500] "GET /sipse/faces/javax.faces.resource/images/ui-icons_898989_256x240.png?ln=primefaces-aristo HTTP/1.1" 304 -
186.80.52.212 - - [01/Oct/2023:13:01:16 -0500] "POST /sipse/faces/autenticacion.xhtml HTTP/1.1" 200 2217
186.80.52.212 - - [01/Oct/2023:13:01:16 -0500] "GET /sipse/faces/javax.faces.resource/messages/messages.png?ln=primefaces&v=4.0 HTTP/1.1" 304 -
186.80.52.212 - - [01/Oct/2023:13:01:21 -0500] "POST /sipse/faces/autenticacion.xhtml HTTP/1.1" 200 16381
186.80.52.212 - - [01/Oct/2023:13:01:21 -0500] "GET /sipse/css/custom_css_sg_prime.css HTTP/1.1" 304 -
186.80.52.212 - - [01/Oct/2023:13:01:21 -0500] "GET /sipse/faces/javax.faces.resource/primefaces.css?ln=primefaces&v=4.0 HTTP/1.1" 304 -
186.80.52.212 - - [01/Oct/2023:13:01:21 -0500] "GET /sipse/js/jquery.min.js HTTP/1.1" 304 -
186.80.52.212 - - [01/Oct/2023:13:01:21 -0500] "GET /sipse/faces/javax.faces.resource/layout/layout.css?ln=primefaces&v=4.0 HTTP/1.1" 304 -
186.80.52.212 - - [01/Oct/2023:13:01:21 -0500] "GET /sipse/faces/javax.faces.resource/theme.css?ln=primefaces-sipse HTTP/1.1" 304 -
186.80.52.212 - - [01/Oct/2023:13:01:21 -0500] "GET /sipse/faces/javax.faces.resource/jquery/jquery.js?ln=primefaces&v=4.0 HTTP/1.1" 304 -
186.80.52.212 - - [01/Oct/2023:13:01:21 -0500] "GET /sipse/faces/javax.faces.resource/jquery/jquery-plugins.js?ln=primefaces&v=4.0 HTTP/1.1" 304 -
186.80.52.212 - - [01/Oct/2023:13:01:22 -0500] "GET /sipse/faces/javax.faces.resource/primefaces.js?ln=primefaces&v=4.0 HTTP/1.1" 304 -
186.80.52.212 - - [01/Oct/2023:13:01:22 -0500] "GET /sipse/faces/javax.faces.resource/layout/layout.js?ln=primefaces&v=4.0 HTTP/1.1" 304 -
186.80.52.212 - - [01/Oct/2023:13:01:22 -0500] "GET /sipse/css/v_mergente.css HTTP/1.1" 304 -
186.80.52.212 - - [01/Oct/2023:13:01:22 -0500] "GET /sipse/imagenes/cargando.gif HTTP/1.1" 304 -
186.80.52.212 - - [01/Oct/2023:13:01:22 -0500] "GET /sipse/imagenes/logoAplicacion.jpg HTTP/1.1" 304 -
186.80.52.212 - - [01/Oct/2023:13:01:22 -0500] "GET /sipse/css/imagen/contrasena.png HTTP/1.1" 304 -
186.80.52.212 - - [01/Oct/2023:13:01:25 -0500] "GET /sipse/faces/javax.faces.resource/images/ui-bg_flat_0_2d5972_40x100.png?ln=primefaces-aristo HTTP/1.1" 304 -
186.80.52.212 - - [01/Oct/2023:13:01:25 -0500] "POST /sipse/faces/bienvenido.xhtml HTTP/1.1" 200 2658
186.80.52.212 - - [01/Oct/2023:13:01:26 -0500] "POST /sipse/faces/bienvenido.xhtml HTTP/1.1" 200 64132
186.80.52.212 - - [01/Oct/2023:13:01:28 -0500] "GET /sipse/faces/javax.faces.resource/theme.css?ln=primefaces-sipse HTTP/1.1" 304 -
186.80.52.212 - - [01/Oct/2023:13:01:28 -0500] "GET /sipse/faces/javax.faces.resource/primefaces.css?ln=primefaces&v=4.0 HTTP/1.1" 304 -
186.80.52.212 - - [01/Oct/2023:13:01:28 -0500] "GET /sipse/faces/javax.faces.resource/layout/layout.css?ln=primefaces&v=4.0 HTTP/1.1" 304 -
186.80.52.212 - - [01/Oct/2023:13:01:28 -0500] "GET /sipse/faces/javax.faces.resource/jquery/jquery.js?ln=primefaces&v=4.0 HTTP/1.1" 304 -
186.80.52.212 - - [01/Oct/2023:13:01:28 -0500] "GET /sipse/faces/javax.faces.resource/jquery/jquery-plugins.js?ln=primefaces&v=4.0 HTTP/1.1" 304 -
186.80.52.212 - - [01/Oct/2023:13:01:28 -0500] "GET /sipse/faces/javax.faces.resource/primefaces.js?ln=primefaces&v=4.0 HTTP/1.1" 304 -
186.80.52.212 - - [01/Oct/2023:13:01:28 -0500] "GET /sipse/faces/javax.faces.resource/layout/layout.js?ln=primefaces&v=4.0 HTTP/1.1" 304 -
186.80.52.212 - - [01/Oct/2023:13:01:28 -0500] "POST /sipse/faces/presentacion/financiero/solicitudProceso/listarSolicitudProceso.xhtml HTTP/1.1" 200 1552
186.80.52.212 - - [01/Oct/2023:13:01:33 -0500] "POST /sipse/faces/presentacion/financiero/solicitudProceso/listarSolicitudProceso.xhtml HTTP/1.1" 200 46471
186.80.52.212 - - [01/Oct/2023:13:01:33 -0500] "POST /sipse/faces/presentacion/financiero/solicitudProceso/listarSolicitudProceso.xhtml HTTP/1.1" 200 1556
186.80.52.212 - - [01/Oct/2023:13:01:35 -0500] "POST /sipse/faces/presentacion/financiero/solicitudProceso/listarSolicitudProceso.xhtml HTTP/1.1" 200 32367
216.245.221.92 - - [01/Oct/2023:13:01:36 -0500] "HEAD / HTTP/1.1" 200 -
186.80.52.212 - - [01/Oct/2023:13:01:35 -0500] "POST /sipse/faces/presentacion/financiero/solicitudProceso/listarSolicitudProceso.xhtml HTTP/1.1" 200 44492
172.22.2.4 - - [01/Oct/2023:13:00:31 -0500] "OPTIONS /BLA/boletinlegal/ HTTP/1.1" 200 45003
186.80.52.212 - - [01/Oct/2023:13:01:39 -0500] "POST /sipse/faces/presentacion/financiero/solicitudProceso/listarSolicitudProceso.xhtml HTTP/1.1" 200 16959
66.249.66.192 - - [01/Oct/2023:13:01:51 -0500] "GET /los-pies-descalzos-que-recorrieron-chinavita-boyaca-y-que-hoy-siembran-esperanza-en-bogota.html HTTP/1.1" 304 -
66.249.66.194 - - [01/Oct/2023:13:01:52 -0500] "GET /distrito-lanza-la-patrulla-cazachimeneas-un-vehiculo-que-hara-seguimiento-a-fuentes-moviles-contaminantes.html HTTP/1.1" 304 -
201.245.192.253 - - [01/Oct/2023:13:03:38 -0500] "POST /kwsrmcab/Wsrmcab  HTTP/1.1" 200 213
172.22.2.4 - - [01/Oct/2023:13:02:15 -0500] "HEAD /BLA/boletinlegal/ HTTP/1.1" 200 -
66.249.66.194 - - [01/Oct/2023:13:04:01 -0500] "GET /agendate-para-participar-en-las-caminatas-ecologicas-de-febrero.html HTTP/1.1" 304 -
66.249.66.193 - - [01/Oct/2023:13:04:02 -0500] "GET /el-idiger-inicia-charlas-informativas-para-participar-en-el-simulacro-distrital-de-evacuacion-dia-y-de-noche HTTP/1.1" 404 1034
172.22.2.4 - - [01/Oct/2023:13:03:05 -0500] "GET /BLA/boletinlegal/ HTTP/1.1" 200 60692
216.245.221.92 - - [01/Oct/2023:13:06:36 -0500] "HEAD / HTTP/1.1" 200 -
201.245.192.253 - - [01/Oct/2023:13:08:35 -0500] "POST /kwsrmcab/Wsrmcab  HTTP/1.1" 200 213
172.22.2.4 - - [01/Oct/2023:13:08:47 -0500] "GET /BLA/boletinlegal/Circulares/2018/Circular%20No.%2011%20del%2024%20de%20Septiembre%20de%202018.pdf HTTP/1.1" 200 169541
171.243.1.106 - - [01/Oct/2023:13:09:24 -0500] "GET /BLA/resoluciones/RESOLUCIONES%202022/4385.pdf HTTP/1.1" 200 482003
117.3.252.84 - - [01/Oct/2023:13:09:25 -0500] "GET /BLA/resoluciones/RESOLUCIONES%202022/2836.pdf HTTP/1.1" 200 492501
172.22.2.4 - - [01/Oct/2023:13:08:05 -0500] "HEAD /BLA/boletinlegal/ HTTP/1.1" 200 -
191.102.117.217 - - [01/Oct/2023:13:10:14 -0500] "GET /forest/ HTTP/1.1" 200 12041
172.22.2.4 - - [01/Oct/2023:13:08:55 -0500] "GET /BLA/boletinlegal/ HTTP/1.1" 200 60342
52.167.144.195 - - [01/Oct/2023:13:10:40 -0500] "GET /portaldeninos/?s=2023 HTTP/1.1" 200 87105
216.245.221.92 - - [01/Oct/2023:13:11:36 -0500] "HEAD / HTTP/1.1" 200 -
117.3.254.23 - - [01/Oct/2023:13:12:06 -0500] "GET /BLA/resoluciones/AUTOS%202021/1825.pdf HTTP/1.1" 200 454486
172.22.2.4 - - [01/Oct/2023:13:12:46 -0500] "GET /BLA/boletinlegal/js/jquery.scrollShow.js HTTP/1.1" 200 4586
172.22.2.4 - - [01/Oct/2023:13:12:46 -0500] "GET /BLA/boletinlegal/js/jquery.js HTTP/1.1" 200 57254
172.22.2.4 - - [01/Oct/2023:13:12:46 -0500] "GET /BLA/boletinlegal/js/jquery.scrollTo-min.js HTTP/1.1" 200 1150
172.22.2.4 - - [01/Oct/2023:13:12:36 -0500] "GET /BLA/boletinlegal/ HTTP/1.1" 200 24523
172.22.2.4 - - [01/Oct/2023:13:12:36 -0500] "GET /BLA/boletinlegal/ HTTP/1.1" 200 24523
201.245.192.253 - - [01/Oct/2023:13:13:34 -0500] "POST /kwsrmcab/Wsrmcab  HTTP/1.1" 200 213
172.22.2.4 - - [01/Oct/2023:13:13:43 -0500] "GET /BLA/boletinlegal/actos.php HTTP/1.1" 200 9682
186.154.97.109 - - [01/Oct/2023:13:13:46 -0500] "GET /BLA/resoluciones/ HTTP/1.1" 200 13696
186.154.97.109 - - [01/Oct/2023:13:13:49 -0500] "GET /BLA/resoluciones/dlf/unknown.png HTTP/1.1" 200 266
186.154.97.109 - - [01/Oct/2023:13:13:49 -0500] "GET /BLA/resoluciones/index.php?dir=AUTOS+2021%2F HTTP/1.1" 200 398544
216.244.66.195 - - [01/Oct/2023:13:15:05 -0500] "GET /BLA/resoluciones/RESOLUCIONES%202022/4232.pdf HTTP/1.1" 200 1221391
172.22.2.4 - - [01/Oct/2023:13:13:55 -0500] "HEAD /BLA/boletinlegal/ HTTP/1.1" 200 -
216.244.66.195 - - [01/Oct/2023:13:15:36 -0500] "GET /BLA/resoluciones/RESOLUCIONES%202022/4660.pdf HTTP/1.1" 200 478329
216.244.66.195 - - [01/Oct/2023:13:16:16 -0500] "GET /BLA/resoluciones/RESOLUCIONES%202022/5115.pdf HTTP/1.1" 200 1110614
172.22.2.4 - - [01/Oct/2023:13:14:45 -0500] "GET /BLA/boletinlegal/ HTTP/1.1" 200 57790
216.245.221.92 - - [01/Oct/2023:13:16:36 -0500] "HEAD / HTTP/1.1" 200 -
216.244.66.195 - - [01/Oct/2023:13:17:08 -0500] "GET /BLA/resoluciones/RESOLUCIONES%202022/5619.pdf HTTP/1.1" 200 1212561
181.237.160.28 - - [01/Oct/2023:13:17:47 -0500] "GET /kwssiamovil/sm/ldap/au?x=U2FsdGVkX1/fwZV+cEFbWzKDfD2+9DDoxClsqsF5N1BEOOPF6jqKjH+hG4d+6L76&y=U2FsdGVkX19tmDW4UfPRvHLb9IeNAf7T5qkUjGL1ItNY/Md6SVphCQKqEh2eILt1 HTTP/1.1" 200 30
181.237.160.28 - - [01/Oct/2023:13:17:47 -0500] "GET /kwssiamovil/sm/acme/s?s=U2FsdGVkX1+dOubWVWyNQDdQXbeJNoaU5Akufa7wJihYq5e/mQAm7gDDbNRPbElbDw7pq88U9124d7D+1QPqAc2jH5kZxktfwJctoZuuU+Q=&u=U2FsdGVkX18I1LcPaWeyeh25Mdios41HDhKmQSYYKroTwMI3MTpY0QSlFIsNeiuL&y=U2FsdGVkX19tmDW4UfPRvHLb9IeNAf7T5qkUjGL1ItNY/Md6SVphCQKqEh2eILt1 HTTP/1.1" 200 97
181.237.160.28 - - [01/Oct/2023:13:17:48 -0500] "GET /kwssiamovil/sm/acme/s?s=U2FsdGVkX1966s9yczt5ITbH6Gi2ngxPq0dWt/23T9F0ptvDb8aZiO5zGep3lo2Ds6C3CT1QdY5lnmrTLDutcALZufXB3mG4tOBr2tYf2Uz5DQwxpJwI32HRADcPfzNxWNRWeiNbiFk9OYlBohnji+nMuerOse/qLS8l09QB/RxpmqXQOpdKbFP5xh34nEby1HSsA+NmCIXrYplG03BpTAwl8BlayzJQ414E89c4tguwQX6bMez1Ro5B8A5QdGt9TdlV20PKFiGDnvZ70exHAgRWrInhU0J+lZGMknkZaqUy1CGE+Q65m+rJpHX8dy4EroRWsmiVpSHoGkYdYq+PgocVbMwgKNyXQecFIzZUs2+bDObpsLbHfUH5A9YA5ddcOxPmU5u2dVuxd57incBSyAGvim2AJ1gB4dcNrszPGpRT7QH7qAIKUZvfUX+C39DQq1Fj9vO+SroQIyyStZkGXtJSCZfxaeBr0h4IKWGxdBHdOehVUvGMXLiXOlYpfsKE1KeU2ZuPcVEzHzHeyTZQphqTYhIuKgVfMqFb3vNnbYUof7Y8vjmrL7Wkbz9FmsrqT+C7QDP0USuwLtay7E7Ew8ccMZalZ/fPfO/Jl3j0qOKyk7rz41mguBGtSoDhNSCHSplO3NNe8HVuCiyZTrQz/5ctw/0F4OtgSGE4aSu+SzajsvbD7fxgLqceCtYUhSwEj6WggerUSZhywVzdlfnomvxYVGbRx0cqYLRbOCqcoaGZhoTsMRoxe26uFuz/oB15F1R7WUEatWUpmaADNug2UKuFpB5T0Hoa7FTcdWlCQtsTFaBQpXM0oayvUBAFjcNAf/sCrusFk0diYo128KQFbZuE+QVY0t/g2DSG2NQ3v9rYL60aFnpUhcMSKUy+w14k6+2DXxxrBUqhnbSHzMMBDBwxuMJwdVifIoyGr2ykrSQu3GU40usp/1Fiwrc3BX7MjWo8D9CjWYt4nbCeUjlo0+1cQTD22sMolnkuHtKWobzcLpQ2HjCn3ElQe5aOdAMVuQnWY7lWajCXJwo+O2wSiL22Zf5Dfpw0rbdQrzpTvgxbHbo7fNYBy2Ks00L7nj+dasnGB+CVZ2hnGXCKF5T82ZR4mh02Wy278f2ZZOk0kO+w5MPxRXTwY3rhKtudcD65j6fAnQ1dcloorz0CAqC6juD6yTN5JKg9LtJ/92L8KX8r383e0p0+joODrAPeF7k9TtXPDxi1DRum97CCARCK8ivp4ggOccki+yzEbUD0vY80QLxXLm5Ljl7PzpjdM6y3C54XdT0Uf4DoLrhvm82TijfM+rkR0rnYWg/rwKHVETExkzTX6+/BbUkMYymx3CybooxtQUj2cyopeGy70n0Rbp8ClCPxDK4yKsNpjbK7YVscdbiC9Y2tKu0vMaPbmUuZrhKnZXYizUJnD8OafeoMaE4+qC//fi1Cg0ifVHx6JzU=&u=U2FsdGVkX18I1LcPaWeyeh25Mdios41HDhKmQSYYKroTwMI3MTpY0QSlFIsNeiuL&y=U2FsdGVkX19tmDW4UfPRvHLb9IeNAf7T5qkUjGL1ItNY/Md6SVphCQKqEh2eILt1 HTTP/1.1" 200 1401
181.237.160.28 - - [01/Oct/2023:13:17:48 -0500] "GET /kwssiamovil/sm/acme/s?s=U2FsdGVkX1+luBEIb6yvqyV7QHIFG0Icyc//fRntek9yaEnBRZC5nhi60sIw3mQsZ1VCmGOsGATmlbazbokjsh9h/VqQ4TI2Cn4DBa65ZDN6cMPpDXbImSRliZamq4gpF7LABnw5ZcY5dKVOzuZ1F2v5fhusueFdNh36anHJs1aJCEFaPwTOwHJF+8vjaUn8ftVJSGYyBOzzi3y/KDWL/gPmeEb9YRPwkLyp3x+hKXFIbBinF32pdw5KiSi2p9ZH6o2MN4x4lB+yzU1JM3jcXD8rqw69mPzbvp714eiB8/ekwJAVuxIqmF1jFvOVhU4mchb44dlTPdDAwJlZXGEyWsEw/LuJnJQfNm832HoioAw=&u=U2FsdGVkX18I1LcPaWeyeh25Mdios41HDhKmQSYYKroTwMI3MTpY0QSlFIsNeiuL&y=U2FsdGVkX19tmDW4UfPRvHLb9IeNAf7T5qkUjGL1ItNY/Md6SVphCQKqEh2eILt1 HTTP/1.1" 200 196
181.237.160.28 - - [01/Oct/2023:13:17:48 -0500] "GET /kwssiamovil/sm/cjson/pre?f=1&x=U2FsdGVkX1/fwZV+cEFbWzKDfD2+9DDoxClsqsF5N1BEOOPF6jqKjH+hG4d+6L76 HTTP/1.1" 200 31032
216.244.66.195 - - [01/Oct/2023:13:18:01 -0500] "GET /BLA/resoluciones/RESOLUCIONES%202022/5651.pdf HTTP/1.1" 200 2102637
201.245.192.253 - - [01/Oct/2023:13:17:59 -0500] "POST /kwsrmcab/Wsrmcab HTTP/1.1" 200 42176
201.245.192.253 - - [01/Oct/2023:13:18:02 -0500] "POST /kwsrmcab/Wsrmcab HTTP/1.1" 200 43310
201.245.192.253 - - [01/Oct/2023:13:18:33 -0500] "POST /kwsrmcab/Wsrmcab  HTTP/1.1" 200 213
216.244.66.195 - - [01/Oct/2023:13:18:51 -0500] "GET /BLA/resoluciones/RESOLUCIONES%202023/0355.pdf HTTP/1.1" 200 470149
157.55.39.12 - - [01/Oct/2023:13:19:35 -0500] "GET /BLA/resoluciones/RESOLUCIONES%202013/0247.pdf HTTP/1.1" 304 -
216.244.66.195 - - [01/Oct/2023:13:19:41 -0500] "GET /BLA/resoluciones/RESOLUCIONES%202023/0429.pdf HTTP/1.1" 200 386936
216.244.66.195 - - [01/Oct/2023:13:20:31 -0500] "GET /BLA/resoluciones/RESOLUCIONES%202023/0837.pdf HTTP/1.1" 200 352925
216.244.66.195 - - [01/Oct/2023:13:21:17 -0500] "GET /BLA/resoluciones/RESOLUCIONES%202021/4188.pdf HTTP/1.1" 200 499693
172.22.2.4 - - [01/Oct/2023:13:19:45 -0500] "HEAD /BLA/boletinlegal/ HTTP/1.1" 200 -
191.108.60.235 - - [01/Oct/2023:13:21:26 -0500] "GET /BLA/resoluciones/index.php?dir=RESOLUCIONES+2019%2F HTTP/1.1" 200 260051
191.108.60.235 - - [01/Oct/2023:13:21:34 -0500] "GET /BLA/resoluciones/RESOLUCIONES%202019/0172.pdf HTTP/1.1" 200 383816
191.108.60.235 - - [01/Oct/2023:13:21:34 -0500] "GET /BLA/resoluciones/RESOLUCIONES%202019/0172.pdf HTTP/1.1" 206 1025
191.108.60.235 - - [01/Oct/2023:13:21:34 -0500] "GET /BLA/resoluciones/RESOLUCIONES%202019/0172.pdf HTTP/1.1" 200 383816
216.245.221.92 - - [01/Oct/2023:13:21:36 -0500] "HEAD / HTTP/1.1" 200 -
216.244.66.195 - - [01/Oct/2023:13:22:03 -0500] "GET /BLA/resoluciones/AUTOS%202007/0776.pdf HTTP/1.1" 200 184983
172.22.2.4 - - [01/Oct/2023:13:20:35 -0500] "GET /BLA/boletinlegal/ HTTP/1.1" 200 60342
216.244.66.195 - - [01/Oct/2023:13:22:39 -0500] "GET /BLA/resoluciones/AUTOS%202007/0938.pdf HTTP/1.1" 200 82481
216.244.66.195 - - [01/Oct/2023:13:23:10 -0500] "GET /BLA/resoluciones/AUTOS%202007/1145.pdf HTTP/1.1" 200 32434
201.245.192.253 - - [01/Oct/2023:13:23:32 -0500] "POST /kwsrmcab/Wsrmcab  HTTP/1.1" 200 213
216.244.66.195 - - [01/Oct/2023:13:23:39 -0500] "GET /BLA/resoluciones/AUTOS%202007/1181.pdf HTTP/1.1" 200 89245
216.244.66.195 - - [01/Oct/2023:13:24:13 -0500] "GET /BLA/resoluciones/AUTOS%202007/1319.pdf HTTP/1.1" 200 46715
216.244.66.195 - - [01/Oct/2023:13:24:41 -0500] "GET /BLA/resoluciones/AUTOS%202007/1486.pdf HTTP/1.1" 200 24293
216.244.66.195 - - [01/Oct/2023:13:25:07 -0500] "GET /BLA/resoluciones/AUTOS%202007/1510.pdf HTTP/1.1" 200 78794
216.244.66.195 - - [01/Oct/2023:13:25:34 -0500] "GET /BLA/resoluciones/AUTOS%202007/1595.pdf HTTP/1.1" 200 34487
123.126.50.43 - - [01/Oct/2023:13:25:40 -0500] "GET /BLA/boletinlegal/normativa.php HTTP/1.1" 200 8343
216.244.66.195 - - [01/Oct/2023:13:25:58 -0500] "GET /BLA/resoluciones/AUTOS%202007/1714.pdf HTTP/1.1" 200 36800
216.244.66.195 - - [01/Oct/2023:13:26:24 -0500] "GET /BLA/resoluciones/AUTOS%202007/1745.pdf HTTP/1.1" 200 37864
216.245.221.92 - - [01/Oct/2023:13:26:36 -0500] "HEAD / HTTP/1.1" 200 -
216.244.66.195 - - [01/Oct/2023:13:26:45 -0500] "GET /BLA/resoluciones/AUTOS%202009/1217.pdf HTTP/1.1" 200 123865
216.244.66.195 - - [01/Oct/2023:13:27:08 -0500] "GET /BLA/resoluciones/AUTOS%202009/1283.pdf HTTP/1.1" 200 177311
172.22.2.4 - - [01/Oct/2023:13:25:35 -0500] "HEAD /BLA/boletinlegal/ HTTP/1.1" 200 -
216.244.66.195 - - [01/Oct/2023:13:27:28 -0500] "GET /BLA/resoluciones/AUTOS%202009/1288.pdf HTTP/1.1" 200 295794
216.244.66.195 - - [01/Oct/2023:13:27:49 -0500] "GET /BLA/resoluciones/AUTOS%202009/1425.pdf HTTP/1.1" 200 108725
201.245.192.253 - - [01/Oct/2023:13:27:58 -0500] "POST /kwsrmcab/Wsrmcab HTTP/1.1" 200 42176
201.245.192.253 - - [01/Oct/2023:13:28:01 -0500] "POST /kwsrmcab/Wsrmcab HTTP/1.1" 200 43310
172.22.2.4 - - [01/Oct/2023:13:26:25 -0500] "GET /BLA/boletinlegal/ HTTP/1.1" 200 57790
216.244.66.195 - - [01/Oct/2023:13:28:08 -0500] "GET /BLA/resoluciones/AUTOS%202009/1655.pdf HTTP/1.1" 200 100505
216.244.66.195 - - [01/Oct/2023:13:28:27 -0500] "GET /BLA/resoluciones/AUTOS%202009/1692.pdf HTTP/1.1" 200 122457
201.245.192.253 - - [01/Oct/2023:13:28:30 -0500] "POST /kwsrmcab/Wsrmcab  HTTP/1.1" 200 213
216.244.66.195 - - [01/Oct/2023:13:28:43 -0500] "GET /BLA/resoluciones/AUTOS%202009/1715.pdf HTTP/1.1" 200 123809
216.244.66.195 - - [01/Oct/2023:13:28:58 -0500] "GET /BLA/resoluciones/AUTOS%202009/1847.pdf HTTP/1.1" 200 101236
216.244.66.195 - - [01/Oct/2023:13:29:12 -0500] "GET /BLA/resoluciones/AUTOS%202009/1889.pdf HTTP/1.1" 200 131501
216.244.66.195 - - [01/Oct/2023:13:29:26 -0500] "GET /BLA/resoluciones/AUTOS%202009/1907.pdf HTTP/1.1" 200 81400
216.244.66.195 - - [01/Oct/2023:13:29:38 -0500] "GET /BLA/resoluciones/AUTOS%202009/2551.pdf HTTP/1.1" 200 101256
216.244.66.195 - - [01/Oct/2023:13:29:49 -0500] "GET /BLA/resoluciones/AUTOS%202009/2824.pdf HTTP/1.1" 200 102536
216.244.66.195 - - [01/Oct/2023:13:30:00 -0500] "GET /BLA/resoluciones/AUTOS%202011/0801.pdf HTTP/1.1" 200 158491
216.244.66.195 - - [01/Oct/2023:13:30:09 -0500] "GET /BLA/resoluciones/AUTOS%202011/0821.pdf HTTP/1.1" 200 155481
162.55.162.137 - - [01/Oct/2023:13:30:12 -0500] "GET / HTTP/1.1" 200 319
162.55.162.137 - - [01/Oct/2023:13:30:14 -0500] "GET / HTTP/1.1" 200 4720
216.244.66.195 - - [01/Oct/2023:13:30:18 -0500] "GET /BLA/resoluciones/AUTOS%202011/0855.pdf HTTP/1.1" 200 148485
216.244.66.195 - - [01/Oct/2023:13:30:25 -0500] "GET /BLA/resoluciones/AUTOS%202011/1232.pdf HTTP/1.1" 200 143761
216.244.66.195 - - [01/Oct/2023:13:30:32 -0500] "GET /BLA/resoluciones/AUTOS%202011/1350.pdf HTTP/1.1" 200 291249
216.244.66.195 - - [01/Oct/2023:13:30:37 -0500] "GET /BLA/resoluciones/AUTOS%202011/1410.pdf HTTP/1.1" 200 97643
216.244.66.195 - - [01/Oct/2023:13:30:42 -0500] "GET /BLA/resoluciones/AUTOS%202011/1537.pdf HTTP/1.1" 200 142629
216.244.66.195 - - [01/Oct/2023:13:30:47 -0500] "GET /BLA/resoluciones/AUTOS%202011/1554.pdf HTTP/1.1" 200 149263
216.244.66.195 - - [01/Oct/2023:13:30:51 -0500] "GET /BLA/resoluciones/AUTOS%202011/1648.pdf HTTP/1.1" 200 139341
216.244.66.195 - - [01/Oct/2023:13:30:54 -0500] "GET /BLA/resoluciones/AUTOS%202011/2466.pdf HTTP/1.1" 200 42340
216.244.66.195 - - [01/Oct/2023:13:30:57 -0500] "GET /BLA/resoluciones/AUTOS%202011/2488.pdf HTTP/1.1" 200 166749
216.244.66.195 - - [01/Oct/2023:13:31:01 -0500] "GET /BLA/resoluciones/AUTOS%202011/2686.pdf HTTP/1.1" 200 159827
216.244.66.195 - - [01/Oct/2023:13:31:04 -0500] "GET /BLA/resoluciones/AUTOS%202011/2803.pdf HTTP/1.1" 200 32120
216.244.66.195 - - [01/Oct/2023:13:31:07 -0500] "GET /BLA/resoluciones/AUTOS%202011/2978.pdf HTTP/1.1" 200 237901
216.244.66.195 - - [01/Oct/2023:13:31:13 -0500] "GET /BLA/resoluciones/AUTOS%202011/3719.pdf HTTP/1.1" 200 289093
117.3.251.253 - - [01/Oct/2023:13:31:18 -0500] "GET /BLA/resoluciones/RESOLUCIONES%202022/3159.pdf HTTP/1.1" 200 416073
216.244.66.195 - - [01/Oct/2023:13:31:18 -0500] "GET /BLA/resoluciones/AUTOS%202012/0098.pdf HTTP/1.1" 200 327523
216.244.66.195 - - [01/Oct/2023:13:31:22 -0500] "GET /BLA/resoluciones/AUTOS%202012/0128.pdf HTTP/1.1" 200 396731
216.244.66.195 - - [01/Oct/2023:13:31:26 -0500] "GET /BLA/resoluciones/AUTOS%202012/0443.pdf HTTP/1.1" 200 144682
216.244.66.195 - - [01/Oct/2023:13:31:29 -0500] "GET /BLA/resoluciones/AUTOS%202012/0451.pdf HTTP/1.1" 200 373184
216.244.66.195 - - [01/Oct/2023:13:31:32 -0500] "GET /BLA/resoluciones/AUTOS%202012/0903.pdf HTTP/1.1" 200 349662
216.244.66.195 - - [01/Oct/2023:13:31:35 -0500] "GET /BLA/resoluciones/AUTOS%202012/1351.pdf HTTP/1.1" 200 409389
216.245.221.92 - - [01/Oct/2023:13:31:36 -0500] "HEAD / HTTP/1.1" 200 -
216.244.66.195 - - [01/Oct/2023:13:31:38 -0500] "GET /BLA/resoluciones/AUTOS%202012/1466.pdf HTTP/1.1" 200 495600
186.113.75.255 - - [01/Oct/2023:13:31:40 -0500] "-" 408 -
216.244.66.195 - - [01/Oct/2023:13:31:47 -0500] "GET /BLA/resoluciones/AUTOS%202012/1645.pdf HTTP/1.1" 200 329490
216.244.66.195 - - [01/Oct/2023:13:31:54 -0500] "GET /BLA/resoluciones/AUTOS%202012/1721.pdf HTTP/1.1" 200 482468
216.244.66.195 - - [01/Oct/2023:13:32:00 -0500] "GET /BLA/resoluciones/AUTOS%202012/1764.pdf HTTP/1.1" 200 436520
216.244.66.195 - - [01/Oct/2023:13:32:08 -0500] "GET /BLA/resoluciones/AUTOS%202012/2410.pdf HTTP/1.1" 200 619946
216.244.66.195 - - [01/Oct/2023:13:32:14 -0500] "GET /BLA/resoluciones/AUTOS%202012/2428.pdf HTTP/1.1" 200 365573
216.244.66.195 - - [01/Oct/2023:13:32:19 -0500] "GET /BLA/resoluciones/AUTOS%202012/2654.pdf HTTP/1.1" 200 289636
216.244.66.195 - - [01/Oct/2023:13:32:23 -0500] "GET /BLA/resoluciones/AUTOS%202012/2723.pdf HTTP/1.1" 200 1163605
216.244.66.195 - - [01/Oct/2023:13:32:28 -0500] "GET /BLA/resoluciones/AUTOS%202012/2845.pdf HTTP/1.1" 200 394843
216.244.66.195 - - [01/Oct/2023:13:32:32 -0500] "GET /BLA/resoluciones/AUTOS%202013/0136.pdf HTTP/1.1" 200 1633802
216.244.66.195 - - [01/Oct/2023:13:32:37 -0500] "GET /BLA/resoluciones/AUTOS%202013/0568.pdf HTTP/1.1" 200 258418
216.244.66.195 - - [01/Oct/2023:13:32:42 -0500] "GET /BLA/resoluciones/AUTOS%202013/0571.pdf HTTP/1.1" 200 1564053
216.244.66.195 - - [01/Oct/2023:13:32:50 -0500] "GET /BLA/resoluciones/AUTOS%202013/0950.pdf HTTP/1.1" 200 1011457
216.244.66.195 - - [01/Oct/2023:13:32:57 -0500] "GET /BLA/resoluciones/AUTOS%202013/1134.pdf HTTP/1.1" 200 978247
216.244.66.195 - - [01/Oct/2023:13:33:02 -0500] "GET /BLA/resoluciones/AUTOS%202013/1180.pdf HTTP/1.1" 200 656452
172.22.2.4 - - [01/Oct/2023:13:31:25 -0500] "HEAD /BLA/boletinlegal/ HTTP/1.1" 200 -
216.244.66.195 - - [01/Oct/2023:13:33:07 -0500] "GET /BLA/resoluciones/AUTOS%202013/1190.pdf HTTP/1.1" 200 261775
216.244.66.195 - - [01/Oct/2023:13:33:11 -0500] "GET /BLA/resoluciones/AUTOS%202013/1331.pdf HTTP/1.1" 200 1460933
216.244.66.195 - - [01/Oct/2023:13:33:17 -0500] "GET /BLA/resoluciones/AUTOS%202013/1867.pdf HTTP/1.1" 200 1072974
216.244.66.195 - - [01/Oct/2023:13:33:22 -0500] "GET /BLA/resoluciones/AUTOS%202013/2232.pdf HTTP/1.1" 200 353656
216.244.66.195 - - [01/Oct/2023:13:33:26 -0500] "GET /BLA/resoluciones/AUTOS%202013/2267.pdf HTTP/1.1" 200 636409
216.244.66.195 - - [01/Oct/2023:13:33:30 -0500] "GET /BLA/resoluciones/AUTOS%202013/2297.pdf HTTP/1.1" 200 747544
201.245.192.253 - - [01/Oct/2023:13:33:28 -0500] "POST /kwsrmcab/Wsrmcab  HTTP/1.1" 200 213
216.244.66.195 - - [01/Oct/2023:13:33:34 -0500] "GET /BLA/resoluciones/AUTOS%202013/2372.pdf HTTP/1.1" 200 633094
216.244.66.195 - - [01/Oct/2023:13:33:37 -0500] "GET /BLA/resoluciones/AUTOS%202013/2693.pdf HTTP/1.1" 200 1169360
216.244.66.195 - - [01/Oct/2023:13:33:46 -0500] "GET /BLA/resoluciones/AUTOS%202013/2895.pdf HTTP/1.1" 200 499578
172.22.2.4 - - [01/Oct/2023:13:33:50 -0500] "GET /BLA/boletinlegal/owa/auth/x.js HTTP/1.1" 404 1018
216.244.66.195 - - [01/Oct/2023:13:33:52 -0500] "GET /BLA/resoluciones/AUTOS%202014/1119.pdf HTTP/1.1" 200 341043
172.22.2.4 - - [01/Oct/2023:13:32:16 -0500] "GET /BLA/boletinlegal/ HTTP/1.1" 200 60342
216.244.66.195 - - [01/Oct/2023:13:33:57 -0500] "GET /BLA/resoluciones/AUTOS%202014/1201.pdf HTTP/1.1" 200 343747
216.244.66.195 - - [01/Oct/2023:13:34:02 -0500] "GET /BLA/resoluciones/AUTOS%202014/1540.pdf HTTP/1.1" 200 430120
216.244.66.195 - - [01/Oct/2023:13:34:16 -0500] "GET /BLA/resoluciones/AUTOS%202014/1920.pdf HTTP/1.1" 200 222388
216.244.66.195 - - [01/Oct/2023:13:34:27 -0500] "GET /BLA/resoluciones/AUTOS%202017/3810.pdf HTTP/1.1" 200 852078
216.244.66.195 - - [01/Oct/2023:13:34:37 -0500] "GET /BLA/resoluciones/AUTOS%202017/4243.pdf HTTP/1.1" 200 270417
216.244.66.195 - - [01/Oct/2023:13:34:46 -0500] "GET /BLA/resoluciones/AUTOS%202017/4740.pdf HTTP/1.1" 200 834064
216.244.66.195 - - [01/Oct/2023:13:34:54 -0500] "GET /BLA/resoluciones/AUTOS%202017/5056.pdf HTTP/1.1" 200 345232
