191.102.197.222 - - [01/Oct/2023:14:52:54 -0500] "GET /kwssiamovil/sm/acme/a?s=U2FsdGVkX198RMZ+Yf00keJpYSUsd7R16xnKrReH9zKKLsVEwN0rnrZlUj7Lh/VvAhPV6RQMyJbx9Hm3qwuORyoCR8S1NgP9CYYwESORPPoDaSRKTNBkOhIW916GQjTBmzOYlNpCpVe6ifGIbWNaHK6wfpeRAdllla0iAYQY6hA7ziilLm81syb3cl/G26x9dl0MQh90/On+xVBWu8Ed2rLOibvfzVXMLrEfbaPaHbP4e6gg/J1e+Gl8xjD27eWHEoG/rkOKJTgV58tP/wewyinz0n/XooZ+1IQCdugS26+XCT6W6y37Lbv6GeURAuU4K0/OxEXbMCxxxwDgsB1EWkL48emJD4kN676XekM3W1Odk0V4eKfvndf9ohAJ7+oTdYBR20nTxIm7qTgdsff2NJmnD2CY1zEEpvPVuej/SH1w+GmJqJ9HWotptSM8CfAWSc2k+zmBbGtJe6jqh6+ta/lSTIe7m8PIb4sE99KGThY=&u=U2FsdGVkX181zhLpVgwHr/aTZxJWnq+AiaQuLFgLNmc=&y=U2FsdGVkX18OKdRSdMArkG7YuLJUJ2+iZBZnPpvXUO0= HTTP/1.1" 200 25
191.102.197.222 - - [01/Oct/2023:14:52:54 -0500] "GET /kwssiamovil/sm/acme/a?s=U2FsdGVkX1/Pt8I/il/qAt+kNO1AebrTrRLzqoNxHoetgaAe33pIXRMAxqjq4yp0G8XB4LxFOBM2PKNbcgx+5PAQPdo6dMNTHXeMdvGdzFBtMXhMhqbGRTwfuiRZBpyidxrmOShJXROHkTKn345Vz0Hd8JK6V7benMKZlhRa6KmpONdzP//jEGiszhXgHsCU8u4HkP36VU8tMpnwWiq27Q==&u=U2FsdGVkX181zhLpVgwHr/aTZxJWnq+AiaQuLFgLNmc=&y=U2FsdGVkX18OKdRSdMArkG7YuLJUJ2+iZBZnPpvXUO0= HTTP/1.1" 200 26
191.102.197.222 - - [01/Oct/2023:14:52:54 -0500] "GET /kwssiamovil/sm/acme/a?s=U2FsdGVkX1/hu+plG3TIJAABUu74rMN/AZXRwz/63wLo1Iue1jbxdVv1wgxaz4zmWUUgZjVh6byvg5URHGksry+oHqGRg0/coq/u3uvJdFycp3yDUU5RBi8qE8+kKzXFtf/eC1n/+IotN9DP9YcO21149V4uXv9Qo8bto1QcWdkL4SPny53VN2OU+kBt5CENXzEFRGS+kKaSwoHCEbrr8+d3iqwXgFGt356bEWFP8cWJ3PA7z+hHBYYKfsL4qavlGmWf0V2N31P174sp751QneskuUdCfr/Jiz8QSBWGZD49APd8hsgvU/8RVMWE8Iv0zS5sqMsUyyEdP2uD+t2QeKz9Js1l/iYX9LSTMmrW9d/4W3kHd3vu3bUcBW2IW30xoP3+DXVcoKEuBsePemgfuh22lJRttDqooo1N0tN5EvWXLxkWAGywRL0ao9JgJbQ7&u=U2FsdGVkX181zhLpVgwHr/aTZxJWnq+AiaQuLFgLNmc=&y=U2FsdGVkX18OKdRSdMArkG7YuLJUJ2+iZBZnPpvXUO0= HTTP/1.1" 200 25
191.102.197.222 - - [01/Oct/2023:14:52:55 -0500] "GET /kwssiamovil/sm/acme/a?s=U2FsdGVkX1/2+39BLx2DmEDA8PKRFHzxOk47b0YwGpP+SWHS2Tdwa2mZz7RYUZWxUvN+U3N88qTaVHBoqzTpFn7IxAmhNwbEYpdpzGmuEmSJrlsxupfvANQ2EaM/jvzT0bWPv5Dd3/Yn3IbtOnmoIiwMsaYbOSkap5lvJH0CKBz2HaxzrnG1+q/oCT5U1xVUdwxBNu6fyhrVRyVtWylQii1gVREI++RNTSFYeCmnCxE=&u=U2FsdGVkX181zhLpVgwHr/aTZxJWnq+AiaQuLFgLNmc=&y=U2FsdGVkX18OKdRSdMArkG7YuLJUJ2+iZBZnPpvXUO0= HTTP/1.1" 200 26
191.102.197.222 - - [01/Oct/2023:14:52:55 -0500] "GET /kwssiamovil/sm/acme/a?s=U2FsdGVkX1/r5IAh76iWLe7QJcY+WKFsMNBPKG1YEgtDQoMoAMK3H9tbuiY4VFItLB61b/HM/tYj8ZXosvySOMf7gMuZq84du+XvV1fn9XvjVOAwYCTURmBhlymMep/m/CEDoj1oMrlgDDctvCeUjnV0JxmvkbHr9ZBQOntpaeziDQBZ0G7MpjcwDAOAd0IRunZ9vKhbFaWWUZbPjIcpTQ==&u=U2FsdGVkX181zhLpVgwHr/aTZxJWnq+AiaQuLFgLNmc=&y=U2FsdGVkX18OKdRSdMArkG7YuLJUJ2+iZBZnPpvXUO0= HTTP/1.1" 200 26
201.245.192.253 - - [01/Oct/2023:14:53:07 -0500] "POST /kwsrmcab/Wsrmcab  HTTP/1.1" 200 213
172.22.2.4 - - [01/Oct/2023:14:53:04 -0500] "HEAD /BLA/boletinlegal/ HTTP/1.1" 200 -
207.46.13.86 - - [01/Oct/2023:14:55:34 -0500] "GET /Publicaciones/2023EE207874.pdf HTTP/1.1" 404 228
172.22.2.4 - - [01/Oct/2023:14:53:55 -0500] "GET /BLA/boletinlegal/ HTTP/1.1" 200 58187
117.3.254.23 - - [01/Oct/2023:14:55:50 -0500] "GET /BLA/resoluciones/AUTOS%202021/4529.pdf HTTP/1.1" 200 396721
216.245.221.92 - - [01/Oct/2023:14:56:35 -0500] "HEAD / HTTP/1.1" 200 -
117.3.254.23 - - [01/Oct/2023:14:57:05 -0500] "GET /BLA/resoluciones/AUTOS%202021/5991.pdf HTTP/1.1" 200 375150
171.243.7.174 - - [01/Oct/2023:14:57:06 -0500] "GET /BLA/resoluciones/AUTOS%202021/5815.pdf HTTP/1.1" 200 341757
201.245.192.253 - - [01/Oct/2023:14:58:05 -0500] "POST /kwsrmcab/Wsrmcab  HTTP/1.1" 200 213
172.22.2.4 - - [01/Oct/2023:14:58:54 -0500] "HEAD /BLA/boletinlegal/ HTTP/1.1" 200 -
172.22.2.4 - - [01/Oct/2023:14:59:45 -0500] "GET /BLA/boletinlegal/ HTTP/1.1" 200 57790
216.245.221.92 - - [01/Oct/2023:15:01:35 -0500] "HEAD / HTTP/1.1" 200 -
117.3.252.146 - - [01/Oct/2023:15:02:07 -0500] "GET /BLA/resoluciones/RESOLUCIONES%202022/2999.pdf HTTP/1.1" 200 383649
117.3.254.23 - - [01/Oct/2023:15:02:09 -0500] "GET /BLA/resoluciones/AUTOS%202021/4401.pdf HTTP/1.1" 200 390435
216.244.66.195 - - [01/Oct/2023:15:02:44 -0500] "GET /robots.txt HTTP/1.1" 404 1018
201.245.192.253 - - [01/Oct/2023:15:03:04 -0500] "POST /kwsrmcab/Wsrmcab  HTTP/1.1" 200 213
117.3.252.146 - - [01/Oct/2023:15:06:07 -0500] "GET /BLA/resoluciones/AUTOS%202021/5525.pdf HTTP/1.1" 200 382085
171.243.1.90 - - [01/Oct/2023:15:06:07 -0500] "GET /BLA/resoluciones/AUTOS%202021/6203.pdf HTTP/1.1" 200 728302
172.22.2.4 - - [01/Oct/2023:15:04:45 -0500] "HEAD /BLA/boletinlegal/ HTTP/1.1" 200 -
216.245.221.92 - - [01/Oct/2023:15:06:35 -0500] "HEAD / HTTP/1.1" 200 -
172.22.2.4 - - [01/Oct/2023:15:05:35 -0500] "GET /BLA/boletinlegal/ HTTP/1.1" 200 60342
201.245.192.253 - - [01/Oct/2023:15:08:02 -0500] "POST /kwsrmcab/Wsrmcab  HTTP/1.1" 200 213
52.167.144.222 - - [01/Oct/2023:15:08:17 -0500] "GET /Publicaciones/2023EE121184.pdf HTTP/1.1" 404 228
52.149.22.93 - - [01/Oct/2023:15:08:21 -0500] "GET /Publicaciones/2023EE121184.pdf HTTP/1.1" 404 228
199.16.157.183 - - [01/Oct/2023:15:10:32 -0500] "GET /images/liberacion-tinguas.jpg HTTP/1.1" 200 75984
216.245.221.92 - - [01/Oct/2023:15:11:35 -0500] "HEAD / HTTP/1.1" 200 -
172.22.2.4 - - [01/Oct/2023:15:10:34 -0500] "HEAD /BLA/boletinlegal/ HTTP/1.1" 200 -
201.245.192.253 - - [01/Oct/2023:15:13:00 -0500] "POST /kwsrmcab/Wsrmcab  HTTP/1.1" 200 213
172.22.2.4 - - [01/Oct/2023:15:11:25 -0500] "GET /BLA/boletinlegal/ HTTP/1.1" 200 58187
117.3.254.23 - - [01/Oct/2023:15:13:57 -0500] "GET /BLA/resoluciones/AUTOS%202021/6375.pdf HTTP/1.1" 200 414265
173.252.79.8 - - [01/Oct/2023:15:14:08 -0500] "GET /images/Acuerdos%2001%20(1)%20(1).jpeg HTTP/1.1" 200 32884
117.3.254.23 - - [01/Oct/2023:15:16:22 -0500] "GET /BLA/resoluciones/AUTOS%202021/4711.pdf HTTP/1.1" 200 342291
216.245.221.92 - - [01/Oct/2023:15:16:35 -0500] "HEAD / HTTP/1.1" 200 -
66.249.66.193 - - [01/Oct/2023:15:16:51 -0500] "GET /secretaria-de-ambiente-suspende-tres-hornos-crematorios-de-bogota-por-contaminacion-del-aire.html HTTP/1.1" 200 927
201.245.192.253 - - [01/Oct/2023:15:17:58 -0500] "POST /kwsrmcab/Wsrmcab HTTP/1.1" 200 43612
201.245.192.253 - - [01/Oct/2023:15:18:00 -0500] "POST /kwsrmcab/Wsrmcab  HTTP/1.1" 200 213
201.245.192.253 - - [01/Oct/2023:15:18:01 -0500] "POST /kwsrmcab/Wsrmcab HTTP/1.1" 200 43313
172.22.2.4 - - [01/Oct/2023:15:16:24 -0500] "HEAD /BLA/boletinlegal/ HTTP/1.1" 200 -
172.22.2.4 - - [01/Oct/2023:15:17:15 -0500] "GET /BLA/boletinlegal/ HTTP/1.1" 200 54960
117.3.254.23 - - [01/Oct/2023:15:20:58 -0500] "GET /BLA/resoluciones/AUTOS%202021/5114.pdf HTTP/1.1" 200 411942
216.245.221.92 - - [01/Oct/2023:15:21:35 -0500] "HEAD / HTTP/1.1" 200 -
138.186.20.222 - - [01/Oct/2023:15:22:39 -0500] "GET /catalogoisis/ HTTP/1.1" 200 8575
138.186.20.222 - - [01/Oct/2023:15:22:39 -0500] "GET /catalogoisis/Css/Busqueda.css HTTP/1.1" 200 1995
138.186.20.222 - - [01/Oct/2023:15:22:39 -0500] "GET /catalogoisis/Js/AceptarLimpiar.js HTTP/1.1" 200 331
138.186.20.222 - - [01/Oct/2023:15:22:39 -0500] "GET /catalogoisis/Js/CriterioCombinada.js HTTP/1.1" 200 1843
138.186.20.222 - - [01/Oct/2023:15:22:39 -0500] "GET /catalogoisis/Js/Cookies.js HTTP/1.1" 200 1369
138.186.20.222 - - [01/Oct/2023:15:22:39 -0500] "GET /catalogoisis/Js/LimpiarCombinada.js HTTP/1.1" 200 207
138.186.20.222 - - [01/Oct/2023:15:22:39 -0500] "GET /catalogoisis/Js/Remote.js HTTP/1.1" 200 436
138.186.20.222 - - [01/Oct/2023:15:22:39 -0500] "GET /catalogoisis/Js/Go.js HTTP/1.1" 200 364
138.186.20.222 - - [01/Oct/2023:15:22:39 -0500] "GET /catalogoisis/Js/Numero.js HTTP/1.1" 200 398
138.186.20.222 - - [01/Oct/2023:15:22:39 -0500] "GET /catalogoisis/Js/Enter.js HTTP/1.1" 200 1208
138.186.20.222 - - [01/Oct/2023:15:22:39 -0500] "GET /catalogoisis/imagenes/br1c1.gif HTTP/1.1" 200 172
138.186.20.222 - - [01/Oct/2023:15:22:39 -0500] "GET /catalogoisis/imagenes/br1c3.gif HTTP/1.1" 200 302
138.186.20.222 - - [01/Oct/2023:15:22:39 -0500] "GET /catalogoisis/imagenes/Turnbo1.gif HTTP/1.1" 200 227
138.186.20.222 - - [01/Oct/2023:15:22:39 -0500] "GET /catalogoisis/imagenes/aceptar1.gif HTTP/1.1" 200 604
138.186.20.222 - - [01/Oct/2023:15:22:39 -0500] "GET /catalogoisis/imagenes/limpiar1.gif HTTP/1.1" 200 606
138.186.20.222 - - [01/Oct/2023:15:22:39 -0500] "GET /catalogoisis/imagenes/br3c2.gif HTTP/1.1" 200 285
138.186.20.222 - - [01/Oct/2023:15:22:39 -0500] "GET /catalogoisis/imagenes/br1c2.gif HTTP/1.1" 200 297
138.186.20.222 - - [01/Oct/2023:15:22:39 -0500] "GET /catalogoisis/imagenes/br2c2.gif HTTP/1.1" 200 302
138.186.20.222 - - [01/Oct/2023:15:22:39 -0500] "GET /catalogoisis/imagenes/br2c3.gif HTTP/1.1" 200 416
138.186.20.222 - - [01/Oct/2023:15:22:39 -0500] "GET /catalogoisis/imagenes/br3c3.gif HTTP/1.1" 200 186
138.186.20.222 - - [01/Oct/2023:15:22:39 -0500] "GET /catalogoisis/imagenes/Header.gif HTTP/1.1" 200 27040
138.186.20.222 - - [01/Oct/2023:15:22:39 -0500] "GET /catalogoisis/imagenes/br2c1.gif HTTP/1.1" 200 297
138.186.20.222 - - [01/Oct/2023:15:22:39 -0500] "GET /catalogoisis/imagenes/br3c1.gif HTTP/1.1" 200 177
138.186.20.222 - - [01/Oct/2023:15:22:39 -0500] "GET /favicon.ico HTTP/1.1" 200 7782
201.245.192.253 - - [01/Oct/2023:15:22:59 -0500] "POST /kwsrmcab/Wsrmcab  HTTP/1.1" 200 213
172.22.2.4 - - [01/Oct/2023:15:22:14 -0500] "HEAD /BLA/boletinlegal/ HTTP/1.1" 200 -
172.22.2.4 - - [01/Oct/2023:15:23:05 -0500] "GET /BLA/boletinlegal/ HTTP/1.1" 200 60342
216.244.66.195 - - [01/Oct/2023:15:25:22 -0500] "GET /BLA/resoluciones/AUTOS%202021/2916.pdf HTTP/1.1" 200 372367
216.244.66.195 - - [01/Oct/2023:15:26:09 -0500] "GET /BLA/resoluciones/AUTOS%202021/3848.pdf HTTP/1.1" 200 358965
216.245.221.92 - - [01/Oct/2023:15:26:35 -0500] "HEAD / HTTP/1.1" 200 -
216.244.66.195 - - [01/Oct/2023:15:27:06 -0500] "GET /BLA/resoluciones/AUTOS%202021/4035.pdf HTTP/1.1" 200 468354
138.186.20.222 - - [01/Oct/2023:15:27:09 -0500] "GET /BLA/resoluciones/Notificaciones/RESOLUCIONES%202022/4156.pdf HTTP/1.1" 200 354974
173.252.83.9 - - [01/Oct/2023:15:27:25 -0500] "GET /images/Red%20de%20Monitoreo%20de%20Calidad%20del%20Aire.jpg HTTP/1.1" 200 51986
31.13.127.22 - - [01/Oct/2023:15:27:43 -0500] "GET /participa-en-la-convocatoria-para-el-aseguramiento-metrologico-de-la-red-de-monitoreo-de-calidad-del-aire-de-bogota.html HTTP/1.1" 200 848
31.13.127.117 - - [01/Oct/2023:15:27:45 -0500] "GET /participa-en-la-convocatoria-para-el-aseguramiento-metrologico-de-la-red-de-monitoreo-de-calidad-del-aire-de-bogota.html HTTP/1.1" 200 848
69.171.231.116 - - [01/Oct/2023:15:27:46 -0500] "GET /participa-en-la-convocatoria-para-el-aseguramiento-metrologico-de-la-red-de-monitoreo-de-calidad-del-aire-de-bogota.html HTTP/1.1" 200 848
216.244.66.195 - - [01/Oct/2023:15:27:54 -0500] "GET /BLA/resoluciones/AUTOS%202021/4500.pdf HTTP/1.1" 200 529841
201.245.192.253 - - [01/Oct/2023:15:27:58 -0500] "POST /kwsrmcab/Wsrmcab  HTTP/1.1" 200 213
201.245.192.253 - - [01/Oct/2023:15:27:59 -0500] "POST /kwsrmcab/Wsrmcab HTTP/1.1" 200 43612
201.245.192.253 - - [01/Oct/2023:15:28:02 -0500] "POST /kwsrmcab/Wsrmcab HTTP/1.1" 200 43313
138.186.20.222 - - [01/Oct/2023:15:28:07 -0500] "GET /BLA/resoluciones/Notificaciones/RESOLUCIONES%202022/5017.pdf HTTP/1.1" 200 606421
117.3.254.23 - - [01/Oct/2023:15:28:25 -0500] "GET /BLA/resoluciones/AUTOS%202021/5690.pdf HTTP/1.1" 200 356777
216.244.66.195 - - [01/Oct/2023:15:28:45 -0500] "GET /BLA/resoluciones/AUTOS%202021/4583.pdf HTTP/1.1" 200 377516
216.244.66.195 - - [01/Oct/2023:15:29:35 -0500] "GET /BLA/resoluciones/AUTOS%202021/4589.pdf HTTP/1.1" 200 344924
172.22.2.4 - - [01/Oct/2023:15:28:04 -0500] "HEAD /BLA/boletinlegal/ HTTP/1.1" 200 -
216.244.66.195 - - [01/Oct/2023:15:30:19 -0500] "GET /BLA/resoluciones/AUTOS%202021/4737.pdf HTTP/1.1" 200 422274
117.3.254.23 - - [01/Oct/2023:15:30:24 -0500] "GET /BLA/resoluciones/AUTOS%202021/6358.pdf HTTP/1.1" 200 628271
171.243.7.174 - - [01/Oct/2023:15:30:24 -0500] "GET /BLA/resoluciones/AUTOS%202021/5527.pdf HTTP/1.1" 200 390203
172.22.2.4 - - [01/Oct/2023:15:28:55 -0500] "GET /BLA/boletinlegal/ HTTP/1.1" 200 57790
216.244.66.195 - - [01/Oct/2023:15:31:09 -0500] "GET /BLA/resoluciones/AUTOS%202021/4885.pdf HTTP/1.1" 200 453221
216.245.221.92 - - [01/Oct/2023:15:31:35 -0500] "HEAD / HTTP/1.1" 200 -
216.244.66.195 - - [01/Oct/2023:15:32:00 -0500] "GET /BLA/resoluciones/AUTOS%202021/5003.pdf HTTP/1.1" 200 1950454
216.244.66.195 - - [01/Oct/2023:15:32:50 -0500] "GET /BLA/resoluciones/AUTOS%202022/0425.pdf HTTP/1.1" 200 398594
201.245.192.253 - - [01/Oct/2023:15:32:56 -0500] "POST /kwsrmcab/Wsrmcab  HTTP/1.1" 200 213
216.244.66.195 - - [01/Oct/2023:15:33:39 -0500] "GET /BLA/resoluciones/AUTOS%202022/0439.pdf HTTP/1.1" 200 507624
172.22.2.4 - - [01/Oct/2023:15:34:16 -0500] "GET /BLA/boletinlegal/js/jquery.js HTTP/1.1" 200 57254
172.22.2.4 - - [01/Oct/2023:15:34:16 -0500] "GET /BLA/boletinlegal/js/jquery.scrollTo-min.js HTTP/1.1" 200 1150
172.22.2.4 - - [01/Oct/2023:15:34:16 -0500] "GET /BLA/boletinlegal/js/jquery.scrollShow.js HTTP/1.1" 200 4586
216.244.66.195 - - [01/Oct/2023:15:34:29 -0500] "GET /BLA/resoluciones/AUTOS%202022/0885.pdf HTTP/1.1" 200 3623872
172.22.2.4 - - [01/Oct/2023:15:34:08 -0500] "GET /BLA/boletinlegal/ HTTP/1.1" 200 20427
172.22.2.4 - - [01/Oct/2023:15:33:13 -0500] "GET /BLA/boletinlegal/ HTTP/1.1" 200 52656
117.3.253.37 - - [01/Oct/2023:15:35:01 -0500] "GET /BLA/resoluciones/AUTOS%202021/0333.pdf HTTP/1.1" 200 454663
171.243.1.106 - - [01/Oct/2023:15:35:01 -0500] "GET /BLA/resoluciones/AUTOS%202021/0327.pdf HTTP/1.1" 200 454801
216.244.66.195 - - [01/Oct/2023:15:35:19 -0500] "GET /BLA/resoluciones/AUTOS%202022/1488.pdf HTTP/1.1" 200 454652
172.22.2.4 - - [01/Oct/2023:15:33:54 -0500] "HEAD /BLA/boletinlegal/ HTTP/1.1" 200 -
172.22.2.4 - - [01/Oct/2023:15:35:53 -0500] "GET /BLA/boletinlegal/actos.php HTTP/1.1" 200 9682
172.22.2.4 - - [01/Oct/2023:15:35:53 -0500] "GET /BLA/boletinlegal/favicon.ico HTTP/1.1" 404 1326
161.18.221.35 - - [01/Oct/2023:15:35:56 -0500] "GET /BLA/resoluciones/ HTTP/1.1" 200 13696
161.18.221.35 - - [01/Oct/2023:15:36:01 -0500] "GET /BLA/resoluciones/index.php?dir=AUTOS+2012%2F HTTP/1.1" 200 276641
216.244.66.195 - - [01/Oct/2023:15:36:10 -0500] "GET /BLA/resoluciones/AUTOS%202022/1923.pdf HTTP/1.1" 200 348390
172.22.2.4 - - [01/Oct/2023:15:34:45 -0500] "GET /BLA/boletinlegal/ HTTP/1.1" 200 53013
216.245.221.92 - - [01/Oct/2023:15:36:35 -0500] "HEAD / HTTP/1.1" 200 -
216.244.66.195 - - [01/Oct/2023:15:36:59 -0500] "GET /BLA/resoluciones/AUTOS%202022/2659.pdf HTTP/1.1" 200 370057
119.96.24.54 - - [01/Oct/2023:15:37:03 -0500] "GET / HTTP/1.1" 200 319
172.22.2.4 - - [01/Oct/2023:15:37:07 -0500] "GET /BLA/boletinlegal/Circulares/2019/.pdf HTTP/1.1" 404 1218
216.244.66.195 - - [01/Oct/2023:15:37:44 -0500] "GET /BLA/resoluciones/AUTOS%202022/2855.pdf HTTP/1.1" 200 2420710
117.3.254.23 - - [01/Oct/2023:15:37:56 -0500] "GET /BLA/resoluciones/AUTOS%202021/5125.pdf HTTP/1.1" 200 360997
117.3.254.23 - - [01/Oct/2023:15:37:56 -0500] "GET /BLA/resoluciones/AUTOS%202021/6623.pdf HTTP/1.1" 200 338467
201.245.192.253 - - [01/Oct/2023:15:37:55 -0500] "POST /kwsrmcab/Wsrmcab  HTTP/1.1" 200 213
201.245.192.253 - - [01/Oct/2023:15:37:58 -0500] "POST /kwsrmcab/Wsrmcab HTTP/1.1" 200 43612
204.199.94.87 - - [01/Oct/2023:15:38:03 -0500] "GET /favicon.ico HTTP/1.1" 200 7782
201.245.192.253 - - [01/Oct/2023:15:38:01 -0500] "POST /kwsrmcab/Wsrmcab HTTP/1.1" 200 43313
216.244.66.195 - - [01/Oct/2023:15:38:35 -0500] "GET /BLA/resoluciones/AUTOS%202022/2890.pdf HTTP/1.1" 200 373963
216.244.66.195 - - [01/Oct/2023:15:39:24 -0500] "GET /BLA/resoluciones/AUTOS%202022/3069.pdf HTTP/1.1" 200 491468
172.22.2.4 - - [01/Oct/2023:15:39:28 -0500] "GET /BLA/boletinlegal/images/signo-mas.gif HTTP/1.1" 200 13689
172.22.2.4 - - [01/Oct/2023:15:39:51 -0500] "GET /BLA/boletinlegal/images/screen_1.png HTTP/1.1" 304 -
216.244.66.195 - - [01/Oct/2023:15:40:09 -0500] "GET /BLA/resoluciones/AUTOS%202022/3797.pdf HTTP/1.1" 200 351740
216.244.66.195 - - [01/Oct/2023:15:40:52 -0500] "GET /BLA/resoluciones/AUTOS%202022/3798.pdf HTTP/1.1" 200 376233
172.22.2.4 - - [01/Oct/2023:15:39:44 -0500] "HEAD /BLA/boletinlegal/ HTTP/1.1" 200 -
216.245.221.92 - - [01/Oct/2023:15:41:35 -0500] "HEAD / HTTP/1.1" 200 -
216.244.66.195 - - [01/Oct/2023:15:41:39 -0500] "GET /BLA/resoluciones/AUTOS%202022/4812.pdf HTTP/1.1" 200 2808606
172.22.2.4 - - [01/Oct/2023:15:40:35 -0500] "GET /BLA/boletinlegal/ HTTP/1.1" 200 58187
216.244.66.195 - - [01/Oct/2023:15:42:32 -0500] "GET /BLA/resoluciones/AUTOS%202022/4939.pdf HTTP/1.1" 200 394683
201.245.192.253 - - [01/Oct/2023:15:42:53 -0500] "POST /kwsrmcab/Wsrmcab  HTTP/1.1" 200 213
3.249.42.147 - - [01/Oct/2023:15:42:56 -0500] "GET / HTTP/1.0" 200 4720
216.244.66.195 - - [01/Oct/2023:15:43:18 -0500] "GET /BLA/resoluciones/AUTOS%202022/4964.pdf HTTP/1.1" 200 608817
216.244.66.195 - - [01/Oct/2023:15:44:09 -0500] "GET /BLA/resoluciones/AUTOS%202022/5554.pdf HTTP/1.1" 200 363758
216.244.66.195 - - [01/Oct/2023:15:44:42 -0500] "GET /BLA/resoluciones/AUTOS%202022/5692.pdf HTTP/1.1" 200 291647
216.244.66.195 - - [01/Oct/2023:15:45:16 -0500] "GET /BLA/resoluciones/AUTOS%202023/0800.pdf HTTP/1.1" 200 607128
216.244.66.195 - - [01/Oct/2023:15:45:56 -0500] "GET /BLA/resoluciones/AUTOS%202023/1177.pdf HTTP/1.1" 200 1439657
216.245.221.92 - - [01/Oct/2023:15:46:35 -0500] "HEAD / HTTP/1.1" 200 -
172.22.2.4 - - [01/Oct/2023:15:45:34 -0500] "HEAD /BLA/boletinlegal/ HTTP/1.1" 200 -
201.245.192.253 - - [01/Oct/2023:15:47:51 -0500] "POST /kwsrmcab/Wsrmcab  HTTP/1.1" 200 213
157.90.244.54 - - [01/Oct/2023:15:48:01 -0500] "GET / HTTP/1.1" 200 319
157.90.244.54 - - [01/Oct/2023:15:48:02 -0500] "GET / HTTP/1.1" 200 4720
172.22.2.4 - - [01/Oct/2023:15:46:25 -0500] "GET /BLA/boletinlegal/ HTTP/1.1" 200 60342
173.252.95.6 - - [01/Oct/2023:15:48:10 -0500] "GET /distrito-realiza-las-primeras-vasectomias-a-palomas-de-plaza.html HTTP/1.1" 200 958
173.252.95.117 - - [01/Oct/2023:15:48:10 -0500] "GET /distrito-realiza-las-primeras-vasectomias-a-palomas-de-plaza.html HTTP/1.1" 200 958
173.252.95.12 - - [01/Oct/2023:15:48:11 -0500] "GET /images/imagen-palomas_optimized.jpg HTTP/1.1" 200 184069
69.171.231.116 - - [01/Oct/2023:15:48:15 -0500] "GET /images/imagen-palomas_optimized.jpg HTTP/1.1" 200 184069
117.3.251.253 - - [01/Oct/2023:15:49:27 -0500] "GET /BLA/resoluciones/AUTOS%202021/6266.pdf HTTP/1.1" 200 377477
216.244.66.195 - - [01/Oct/2023:15:50:58 -0500] "GET /robots.txt HTTP/1.1" 404 1018
204.199.94.87 - - [01/Oct/2023:15:51:28 -0500] "GET /BLA/resoluciones/index.php?dir= HTTP/1.1" 200 13696
204.199.94.87 - - [01/Oct/2023:15:51:30 -0500] "GET /BLA/resoluciones/index.php?dir=AUTOS+2021%2F HTTP/1.1" 200 398544
216.245.221.92 - - [01/Oct/2023:15:51:35 -0500] "HEAD / HTTP/1.1" 200 -
204.199.94.87 - - [01/Oct/2023:15:51:42 -0500] "GET /BLA/resoluciones/AUTOS%202021/0969.pdf HTTP/1.1" 200 1322012
69.171.251.10 - - [01/Oct/2023:15:52:06 -0500] "GET /participa-en-la-convocatoria-para-el-aseguramiento-metrologico-de-la-red-de-monitoreo-de-calidad-del-aire-de-bogota.html HTTP/1.1" 200 848
69.171.251.15 - - [01/Oct/2023:15:52:13 -0500] "GET /participa-en-la-convocatoria-para-el-aseguramiento-metrologico-de-la-red-de-monitoreo-de-calidad-del-aire-de-bogota.html HTTP/1.1" 200 848
172.22.2.4 - - [01/Oct/2023:15:52:33 -0500] "GET /BLA/boletinlegal/Teporary_Listen_Addresses/ HTTP/1.1" 404 1018
201.245.192.253 - - [01/Oct/2023:15:52:50 -0500] "POST /kwsrmcab/Wsrmcab  HTTP/1.1" 200 213
172.22.2.4 - - [01/Oct/2023:15:51:24 -0500] "HEAD /BLA/boletinlegal/ HTTP/1.1" 200 -
186.194.160.238 - - [01/Oct/2023:15:53:33 -0500] "GET /forest/ HTTP/1.1" 200 12041
172.22.2.4 - - [01/Oct/2023:15:52:15 -0500] "GET /BLA/boletinlegal/ HTTP/1.1" 200 60342
186.194.160.238 - - [01/Oct/2023:15:54:29 -0500] "GET /forest/ HTTP/1.1" 200 12041
186.194.160.238 - - [01/Oct/2023:15:54:42 -0500] "POST /forest/index.php HTTP/1.1" 200 12268
186.194.160.238 - - [01/Oct/2023:15:54:55 -0500] "GET /forest/ HTTP/1.1" 200 12041
186.194.160.238 - - [01/Oct/2023:15:55:21 -0500] "POST /forest/index.php HTTP/1.1" 200 12268
216.245.221.92 - - [01/Oct/2023:15:56:35 -0500] "HEAD / HTTP/1.1" 200 -
201.245.192.253 - - [01/Oct/2023:15:57:48 -0500] "POST /kwsrmcab/Wsrmcab  HTTP/1.1" 200 213
190.26.142.13 - - [01/Oct/2023:15:58:41 -0500] "GET /predominan-condiciones-moderadas-de-calidad-del-aire-en-bogota.html?fbclid=IwAR1mLl5SxBqJhQgq7I5pwipbkKEoXwk5iUiH8FMu3RmnL-UnVRGBZpmPDP8 HTTP/1.1" 200 883
173.252.79.7 - - [01/Oct/2023:15:58:42 -0500] "GET /predominan-condiciones-moderadas-de-calidad-del-aire-en-bogota.html HTTP/1.1" 206 883
173.252.79.118 - - [01/Oct/2023:15:58:43 -0500] "GET /predominan-condiciones-moderadas-de-calidad-del-aire-en-bogota.html HTTP/1.1" 200 883
173.252.79.118 - - [01/Oct/2023:15:58:43 -0500] "GET /predominan-condiciones-moderadas-de-calidad-del-aire-en-bogota.html HTTP/1.1" 200 883
52.167.144.189 - - [01/Oct/2023:15:58:50 -0500] "GET /images/BANNER-WEB-convencion.jpg HTTP/1.1" 200 118772
172.22.2.4 - - [01/Oct/2023:15:57:14 -0500] "HEAD /BLA/boletinlegal/ HTTP/1.1" 200 -
172.22.2.4 - - [01/Oct/2023:15:58:05 -0500] "GET /BLA/boletinlegal/ HTTP/1.1" 200 58187
216.245.221.92 - - [01/Oct/2023:16:01:35 -0500] "HEAD / HTTP/1.1" 200 -
172.22.2.4 - - [01/Oct/2023:16:02:02 -0500] "GET /BLA/boletinlegal/robots.txt HTTP/1.1" 404 1037
172.22.2.4 - - [01/Oct/2023:16:02:02 -0500] "GET /BLA/boletinlegal/jurisprudencia/analisis/ANALISIST-046-99.docx HTTP/1.1" 304 -
201.245.192.253 - - [01/Oct/2023:16:02:47 -0500] "POST /kwsrmcab/Wsrmcab  HTTP/1.1" 200 213
40.77.167.78 - - [01/Oct/2023:16:02:52 -0500] "GET /semana-bogoti-reverdece-bogoti-preparada-para-la-crisis-climitica.html HTTP/1.1" 200 949
172.22.2.4 - - [01/Oct/2023:16:02:03 -0500] "GET /BLA/boletinlegal/ HTTP/1.1" 200 58981
172.22.2.4 - - [01/Oct/2023:16:03:47 -0500] "GET /BLA/boletinlegal/js/jquery.js HTTP/1.1" 200 57254
172.22.2.4 - - [01/Oct/2023:16:03:47 -0500] "GET /BLA/boletinlegal/js/jquery.scrollShow.js HTTP/1.1" 200 4586
172.22.2.4 - - [01/Oct/2023:16:03:47 -0500] "GET /BLA/boletinlegal/styles2.css HTTP/1.1" 200 1838
172.22.2.4 - - [01/Oct/2023:16:03:57 -0500] "GET /BLA/boletinlegal/style.css HTTP/1.1" 200 9406
172.22.2.4 - - [01/Oct/2023:16:03:04 -0500] "HEAD /BLA/boletinlegal/ HTTP/1.1" 200 -
172.22.2.4 - - [01/Oct/2023:16:03:55 -0500] "GET /BLA/boletinlegal/ HTTP/1.1" 200 60342
173.252.95.118 - - [01/Oct/2023:16:05:40 -0500] "GET /sumate-a-las-jornadas-de-recoleccion-de-llantas-de-esta-semana.html HTTP/1.1" 200 787
40.88.21.235 - - [01/Oct/2023:16:06:09 -0500] "GET / HTTP/1.1" 200 319
40.88.21.235 - - [01/Oct/2023:16:06:09 -0500] "GET /favicon.ico HTTP/1.1" 200 7782
216.245.221.92 - - [01/Oct/2023:16:06:35 -0500] "HEAD / HTTP/1.1" 200 -
201.245.192.253 - - [01/Oct/2023:16:07:45 -0500] "POST /kwsrmcab/Wsrmcab  HTTP/1.1" 200 213
199.16.157.182 - - [01/Oct/2023:16:09:02 -0500] "GET /por-disposicio HTTP/1.1" 404 1034
199.16.157.182 - - [01/Oct/2023:16:09:03 -0500] "GET /por-disposicio HTTP/1.1" 404 1034
172.22.2.4 - - [01/Oct/2023:16:08:54 -0500] "HEAD /BLA/boletinlegal/ HTTP/1.1" 200 -
172.22.2.4 - - [01/Oct/2023:16:09:45 -0500] "GET /BLA/boletinlegal/ HTTP/1.1" 200 60342
216.245.221.92 - - [01/Oct/2023:16:11:35 -0500] "HEAD / HTTP/1.1" 200 -
201.245.192.253 - - [01/Oct/2023:16:12:43 -0500] "POST /kwsrmcab/Wsrmcab  HTTP/1.1" 200 213
52.167.144.238 - - [01/Oct/2023:16:14:13 -0500] "GET /BLA/resoluciones/RESOLUCIONES%202021/2903.pdf HTTP/1.1" 304 -
216.244.66.195 - - [01/Oct/2023:16:15:30 -0500] "GET /BLA/resoluciones/AUTOS%202020/2581.pdf HTTP/1.1" 200 383356
172.22.2.4 - - [01/Oct/2023:16:15:32 -0500] "GET /BLA/boletinlegal/actos.php HTTP/1.1" 200 9682
172.22.2.4 - - [01/Oct/2023:16:15:32 -0500] "GET /BLA/boletinlegal/styles2.css HTTP/1.1" 200 1838
172.22.2.4 - - [01/Oct/2023:16:15:32 -0500] "GET /BLA/boletinlegal/js/ajax_actos.js HTTP/1.1" 200 1322
172.22.2.4 - - [01/Oct/2023:16:15:32 -0500] "GET /BLA/boletinlegal/niceforms-default.css HTTP/1.1" 200 6694
172.22.2.4 - - [01/Oct/2023:16:15:32 -0500] "GET /BLA/boletinlegal/js/popup.js HTTP/1.1" 200 1270
172.22.2.4 - - [01/Oct/2023:16:15:32 -0500] "GET /BLA/boletinlegal/niceforms.js HTTP/1.1" 200 22876
172.22.2.4 - - [01/Oct/2023:16:15:32 -0500] "GET /BLA/boletinlegal/style.css HTTP/1.1" 200 9406
172.22.2.4 - - [01/Oct/2023:16:15:32 -0500] "GET /BLA/boletinlegal/js/lib.js HTTP/1.1" 200 6474
172.22.2.4 - - [01/Oct/2023:16:15:32 -0500] "GET /BLA/boletinlegal/js/jquery1.js HTTP/1.1" 200 29846
172.22.2.4 - - [01/Oct/2023:16:15:32 -0500] "GET /BLA/boletinlegal/images/cabezote%20BLEGAL.jpg HTTP/1.1" 200 118164
172.22.2.4 - - [01/Oct/2023:16:15:32 -0500] "GET /BLA/boletinlegal/images/subscribe-icon-big.png HTTP/1.1" 200 47702
172.22.2.4 - - [01/Oct/2023:16:15:32 -0500] "GET /BLA/boletinlegal/images/historia.png HTTP/1.1" 200 52775
172.22.2.4 - - [01/Oct/2023:16:15:32 -0500] "GET /BLA/boletinlegal/images/tel.png HTTP/1.1" 200 14477
172.22.2.4 - - [01/Oct/2023:16:15:32 -0500] "GET /BLA/boletinlegal/images/registro-usuarios.png HTTP/1.1" 200 8106
172.22.2.4 - - [01/Oct/2023:16:15:32 -0500] "GET /BLA/boletinlegal/images/green-yellow-blue-pink-th.png HTTP/1.1" 200 7394
172.22.2.4 - - [01/Oct/2023:16:15:32 -0500] "GET /BLA/boletinlegal/images/icono-email.png HTTP/1.1" 200 5544
172.22.2.4 - - [01/Oct/2023:16:15:32 -0500] "GET /BLA/boletinlegal/images/body_bg.jpg HTTP/1.1" 200 1601
172.22.2.4 - - [01/Oct/2023:16:15:32 -0500] "GET /BLA/boletinlegal/images/menu_lft.gif HTTP/1.1" 200 1713
172.22.2.4 - - [01/Oct/2023:16:15:32 -0500] "GET /BLA/boletinlegal/images/menu_rght.gif HTTP/1.1" 200 1627
172.22.2.4 - - [01/Oct/2023:16:15:32 -0500] "GET /BLA/boletinlegal/images/hover.jpg HTTP/1.1" 200 640
172.22.2.4 - - [01/Oct/2023:16:15:32 -0500] "GET /BLA/boletinlegal/images/bg_top.jpg HTTP/1.1" 200 522
172.22.2.4 - - [01/Oct/2023:16:15:32 -0500] "GET /BLA/boletinlegal/images/menu_bg.jpg HTTP/1.1" 200 620
172.22.2.4 - - [01/Oct/2023:16:15:32 -0500] "GET /BLA/boletinlegal/images/text.jpg HTTP/1.1" 200 568
172.22.2.4 - - [01/Oct/2023:16:15:32 -0500] "GET /BLA/boletinlegal/images/footer_bg.jpg HTTP/1.1" 200 586
172.22.2.4 - - [01/Oct/2023:16:15:32 -0500] "GET /BLA/boletinlegal/images/footer_bg_l.jpg HTTP/1.1" 200 776
172.22.2.4 - - [01/Oct/2023:16:15:32 -0500] "GET /BLA/boletinlegal/img/select-left.png HTTP/1.1" 200 263
172.22.2.4 - - [01/Oct/2023:16:15:32 -0500] "GET /BLA/boletinlegal/img/button.png HTTP/1.1" 200 43241
172.22.2.4 - - [01/Oct/2023:16:15:32 -0500] "GET /BLA/boletinlegal/img/0.png HTTP/1.1" 200 110
172.22.2.4 - - [01/Oct/2023:16:15:32 -0500] "GET /BLA/boletinlegal/img/button-right.png HTTP/1.1" 200 57878
172.22.2.4 - - [01/Oct/2023:16:15:32 -0500] "GET /BLA/boletinlegal/img/button-left.png HTTP/1.1" 200 57071
172.22.2.4 - - [01/Oct/2023:16:15:32 -0500] "GET /BLA/boletinlegal/img/select-right.png HTTP/1.1" 200 44019
172.22.2.4 - - [01/Oct/2023:16:15:32 -0500] "GET /BLA/boletinlegal/favicon.ico HTTP/1.1" 404 1326
172.22.2.4 - - [01/Oct/2023:16:15:39 -0500] "GET /BLA/boletinlegal/actos.php HTTP/1.1" 200 9682
216.244.66.195 - - [01/Oct/2023:16:16:03 -0500] "GET /BLA/resoluciones/AUTOS%202020/3521.pdf HTTP/1.1" 200 373514
172.22.2.4 - - [01/Oct/2023:16:16:07 -0500] "GET /BLA/boletinlegal/consulta_actos.php?tipo=resoluciones&no=5589&usuario=&sector=&fecha=2011&resuelve= HTTP/1.1" 200 1784
172.22.2.4 - - [01/Oct/2023:16:16:08 -0500] "GET /BLA/boletinlegal/images/pdf.gif HTTP/1.1" 200 567
186.86.33.138 - - [01/Oct/2023:16:16:14 -0500] "GET /BLA/resoluciones/RESOLUCIONES%202011/5589.pdf HTTP/1.1" 200 11615681
52.167.144.168 - - [01/Oct/2023:16:16:22 -0500] "GET /portaldeninos/category/noticias/page/8/ HTTP/1.1" 200 94713
172.22.2.4 - - [01/Oct/2023:16:14:44 -0500] "HEAD /BLA/boletinlegal/ HTTP/1.1" 200 -
216.245.221.92 - - [01/Oct/2023:16:16:35 -0500] "HEAD / HTTP/1.1" 200 -
216.244.66.195 - - [01/Oct/2023:16:16:51 -0500] "GET /BLA/resoluciones/AUTOS%202020/3669.pdf HTTP/1.1" 200 337630
172.22.2.4 - - [01/Oct/2023:16:15:35 -0500] "GET /BLA/boletinlegal/ HTTP/1.1" 200 58187
186.155.171.16 - - [01/Oct/2023:16:17:35 -0500] "GET /guadalupe-aguanoso-un-nuevo-tramo-de-camino-para-disfrutar-en-los-cerros-orientales.html HTTP/1.1" 200 795
216.244.66.195 - - [01/Oct/2023:16:17:40 -0500] "GET /BLA/resoluciones/AUTOS%202020/3946.pdf HTTP/1.1" 200 371149
201.245.192.253 - - [01/Oct/2023:16:17:43 -0500] "POST /kwsrmcab/Wsrmcab  HTTP/1.1" 200 213
201.245.192.253 - - [01/Oct/2023:16:17:58 -0500] "POST /kwsrmcab/Wsrmcab HTTP/1.1" 200 43785
201.245.192.253 - - [01/Oct/2023:16:18:01 -0500] "POST /kwsrmcab/Wsrmcab HTTP/1.1" 200 43309
216.244.66.195 - - [01/Oct/2023:16:18:39 -0500] "GET /BLA/resoluciones/AUTOS%202020/4130.pdf HTTP/1.1" 200 360038
216.244.66.195 - - [01/Oct/2023:16:19:23 -0500] "GET /BLA/resoluciones/AUTOS%202020/4138.pdf HTTP/1.1" 200 398222
186.154.113.228 - - [01/Oct/2023:16:19:54 -0500] "GET /por-disposicion-ilegal-de-residuos-y-contaminar-el-aire-secretaria-de-ambiente-impuso-medidas-preventivas-a-industria-en-suba.html HTTP/1.1" 304 -
216.244.66.195 - - [01/Oct/2023:16:20:11 -0500] "GET /BLA/resoluciones/AUTOS%202020/4333.pdf HTTP/1.1" 200 360208
216.244.66.195 - - [01/Oct/2023:16:20:56 -0500] "GET /BLA/resoluciones/AUTOS%202021/0689.pdf HTTP/1.1" 200 432621
216.245.221.92 - - [01/Oct/2023:16:21:35 -0500] "HEAD / HTTP/1.1" 200 -
216.244.66.195 - - [01/Oct/2023:16:21:41 -0500] "GET /BLA/resoluciones/AUTOS%202021/0815.pdf HTTP/1.1" 200 353749
172.22.2.4 - - [01/Oct/2023:16:20:34 -0500] "HEAD /BLA/boletinlegal/ HTTP/1.1" 200 -
216.244.66.195 - - [01/Oct/2023:16:22:35 -0500] "GET /BLA/resoluciones/AUTOS%202021/1475.pdf HTTP/1.1" 200 789759
190.67.233.15 - - [01/Oct/2023:16:22:35 -0500] "GET /portaldeninos/wp-content/themes/betheme/style.css?ver=20.9.6 HTTP/1.1" 200 287
190.67.233.15 - - [01/Oct/2023:16:22:35 -0500] "GET /portaldeninos/wp-content/uploads/useanyfont/uaf.css?ver=1589905315 HTTP/1.1" 200 408
190.67.233.15 - - [01/Oct/2023:16:22:35 -0500] "GET /portaldeninos/wp-content/themes/betheme/css/base.css?ver=20.9.6 HTTP/1.1" 200 57283
190.67.233.15 - - [01/Oct/2023:16:22:35 -0500] "GET /portaldeninos/wp-content/plugins/gallery-videos/CSS/Total-Soft-Gallery-Video-Widget.css?ver=4.9.8 HTTP/1.1" 200 51554
190.67.233.15 - - [01/Oct/2023:16:22:35 -0500] "GET /portaldeninos/wp-content/themes/betheme/assets/ui/jquery.ui.all.css?ver=20.9.6 HTTP/1.1" 200 18765
190.67.233.15 - - [01/Oct/2023:16:22:35 -0500] "GET /portaldeninos/wp-content/themes/betheme/assets/jplayer/css/jplayer.blue.monday.css?ver=20.9.6 HTTP/1.1" 200 9834
190.67.233.15 - - [01/Oct/2023:16:22:35 -0500] "GET /portaldeninos/wp-content/themes/betheme/assets/animations/animations.min.css?ver=20.9.6 HTTP/1.1" 200 58508
190.67.233.15 - - [01/Oct/2023:16:22:35 -0500] "GET /portaldeninos/wp-content/themes/betheme/css/shortcodes.css?ver=20.9.6 HTTP/1.1" 200 138889
190.67.233.15 - - [01/Oct/2023:16:22:35 -0500] "GET /portaldeninos/wp-content/themes/betheme/css/responsive.css?ver=20.9.6 HTTP/1.1" 200 55740
190.67.233.15 - - [01/Oct/2023:16:22:35 -0500] "GET /portaldeninos/wp-content/plugins/google-analytics-for-wordpress/assets/js/frontend-gtag.min.js?ver=8.5.0 HTTP/1.1" 200 11801
190.67.233.15 - - [01/Oct/2023:16:22:35 -0500] "GET /portaldeninos/wp-includes/js/jquery/ui/core.min.js?ver=1.11.4 HTTP/1.1" 200 4000
190.67.233.15 - - [01/Oct/2023:16:22:35 -0500] "GET /portaldeninos/wp-content/plugins/gallery-videos/JS/modernizr.custom.js?ver=4.9.8 HTTP/1.1" 200 9019
190.67.233.15 - - [01/Oct/2023:16:22:35 -0500] "GET /portaldeninos/wp-includes/js/jquery/jquery-migrate.min.js?ver=1.4.1 HTTP/1.1" 200 10056
190.67.233.15 - - [01/Oct/2023:16:22:35 -0500] "GET /portaldeninos/wp-includes/js/jquery/jquery.js?ver=1.12.4 HTTP/1.1" 200 97184
190.67.233.15 - - [01/Oct/2023:16:22:35 -0500] "GET /portaldeninos/wp-includes/js/jquery/ui/widget.min.js?ver=1.11.4 HTTP/1.1" 200 6908
190.67.233.15 - - [01/Oct/2023:16:22:35 -0500] "GET /portaldeninos/wp-content/plugins/gallery-videos/JS/Total-Soft-Gallery-Video-Widget.js?ver=4.9.8 HTTP/1.1" 200 80264
190.67.233.15 - - [01/Oct/2023:16:22:36 -0500] "GET /portaldeninos/wp-includes/js/jquery/ui/mouse.min.js?ver=1.11.4 HTTP/1.1" 200 3148
190.67.233.15 - - [01/Oct/2023:16:22:35 -0500] "GET /portaldeninos/wp-content/plugins/gallery-videos/CSS/totalsoft.css?ver=4.9.8 HTTP/1.1" 200 40622
190.67.233.15 - - [01/Oct/2023:16:22:36 -0500] "GET /portaldeninos/wp-includes/js/jquery/ui/tabs.min.js?ver=1.11.4 HTTP/1.1" 200 12110
190.67.233.15 - - [01/Oct/2023:16:22:36 -0500] "GET /portaldeninos/wp-includes/js/jquery/ui/sortable.min.js?ver=1.11.4 HTTP/1.1" 200 24899
190.67.233.15 - - [01/Oct/2023:16:22:36 -0500] "GET /portaldeninos/wp-includes/js/jquery/ui/accordion.min.js?ver=1.11.4 HTTP/1.1" 200 8584
190.67.233.15 - - [01/Oct/2023:16:22:36 -0500] "GET /portaldeninos/wp-content/themes/betheme/js/menu.js?ver=20.9.6 HTTP/1.1" 200 2449
190.67.233.15 - - [01/Oct/2023:16:22:36 -0500] "GET /portaldeninos/wp-content/themes/betheme/assets/animations/animations.min.js?ver=20.9.6 HTTP/1.1" 200 1896
190.67.233.15 - - [01/Oct/2023:16:22:36 -0500] "GET /portaldeninos/wp-includes/js/wp-embed.min.js?ver=4.9.8 HTTP/1.1" 200 1398
190.67.233.15 - - [01/Oct/2023:16:22:36 -0500] "GET /portaldeninos/wp-content/themes/betheme/js/plugins.js?ver=20.9.6 HTTP/1.1" 200 197151
190.67.233.15 - - [01/Oct/2023:16:22:36 -0500] "GET /portaldeninos/wp-content/themes/betheme/assets/jplayer/jplayer.min.js?ver=20.9.6 HTTP/1.1" 200 52702
190.67.233.15 - - [01/Oct/2023:16:22:35 -0500] "GET /portaldeninos/wp-content/themes/betheme/css/layout.css?ver=20.9.6 HTTP/1.1" 200 116639
190.67.233.15 - - [01/Oct/2023:16:22:36 -0500] "GET /portaldeninos/wp-content/themes/betheme/js/scripts.js?ver=20.9.6 HTTP/1.1" 200 77162
190.67.233.15 - - [01/Oct/2023:16:22:36 -0500] "GET /portaldeninos/wp-includes/js/wp-emoji-release.min.js?ver=4.9.8 HTTP/1.1" 200 12026
190.67.233.15 - - [01/Oct/2023:16:22:36 -0500] "GET /portaldeninos/wp-content/themes/betheme/images/box_shadow.png HTTP/1.1" 200 108
190.67.233.15 - - [01/Oct/2023:16:22:36 -0500] "GET /portaldeninos/wp-content/themes/betheme/fonts/mfn-icons.ttf?93978679 HTTP/1.1" 200 100017
190.67.233.15 - - [01/Oct/2023:16:22:36 -0500] "GET /portaldeninos/wp-content/themes/betheme/fonts/mfn-icons.woff?93978679 HTTP/1.1" 200 80932
201.245.192.253 - - [01/Oct/2023:16:22:41 -0500] "POST /kwsrmcab/Wsrmcab  HTTP/1.1" 200 213
172.22.2.4 - - [01/Oct/2023:16:23:00 -0500] "GET /BLA/boletinlegal/actos.php HTTP/1.1" 200 9682
172.22.2.4 - - [01/Oct/2023:16:23:00 -0500] "GET /BLA/boletinlegal/styles2.css HTTP/1.1" 200 1838
172.22.2.4 - - [01/Oct/2023:16:23:00 -0500] "GET /BLA/boletinlegal/js/ajax_actos.js HTTP/1.1" 200 1322
172.22.2.4 - - [01/Oct/2023:16:23:00 -0500] "GET /BLA/boletinlegal/style.css HTTP/1.1" 200 9406
172.22.2.4 - - [01/Oct/2023:16:23:00 -0500] "GET /BLA/boletinlegal/niceforms-default.css HTTP/1.1" 200 6694
172.22.2.4 - - [01/Oct/2023:16:23:01 -0500] "GET /BLA/boletinlegal/niceforms.js HTTP/1.1" 200 22876
172.22.2.4 - - [01/Oct/2023:16:23:01 -0500] "GET /BLA/boletinlegal/js/lib.js HTTP/1.1" 200 6474
172.22.2.4 - - [01/Oct/2023:16:23:01 -0500] "GET /BLA/boletinlegal/js/popup.js HTTP/1.1" 200 1270
172.22.2.4 - - [01/Oct/2023:16:23:01 -0500] "GET /BLA/boletinlegal/js/jquery1.js HTTP/1.1" 200 29846
172.22.2.4 - - [01/Oct/2023:16:23:01 -0500] "GET /BLA/boletinlegal/images/cabezote%20BLEGAL.jpg HTTP/1.1" 200 118164
172.22.2.4 - - [01/Oct/2023:16:23:01 -0500] "GET /BLA/boletinlegal/images/subscribe-icon-big.png HTTP/1.1" 200 47702
172.22.2.4 - - [01/Oct/2023:16:23:01 -0500] "GET /BLA/boletinlegal/images/historia.png HTTP/1.1" 200 52775
172.22.2.4 - - [01/Oct/2023:16:23:01 -0500] "GET /BLA/boletinlegal/images/green-yellow-blue-pink-th.png HTTP/1.1" 200 7394
172.22.2.4 - - [01/Oct/2023:16:23:01 -0500] "GET /BLA/boletinlegal/images/registro-usuarios.png HTTP/1.1" 200 8106
172.22.2.4 - - [01/Oct/2023:16:23:01 -0500] "GET /BLA/boletinlegal/images/icono-email.png HTTP/1.1" 200 5544
172.22.2.4 - - [01/Oct/2023:16:23:01 -0500] "GET /BLA/boletinlegal/images/tel.png HTTP/1.1" 200 14477
172.22.2.4 - - [01/Oct/2023:16:23:01 -0500] "GET /BLA/boletinlegal/images/body_bg.jpg HTTP/1.1" 200 1601
172.22.2.4 - - [01/Oct/2023:16:23:01 -0500] "GET /BLA/boletinlegal/images/menu_lft.gif HTTP/1.1" 200 1713
172.22.2.4 - - [01/Oct/2023:16:23:01 -0500] "GET /BLA/boletinlegal/images/menu_rght.gif HTTP/1.1" 200 1627
172.22.2.4 - - [01/Oct/2023:16:23:01 -0500] "GET /BLA/boletinlegal/images/bg_top.jpg HTTP/1.1" 200 522
172.22.2.4 - - [01/Oct/2023:16:23:01 -0500] "GET /BLA/boletinlegal/images/hover.jpg HTTP/1.1" 200 640
172.22.2.4 - - [01/Oct/2023:16:23:01 -0500] "GET /BLA/boletinlegal/images/menu_bg.jpg HTTP/1.1" 200 620
172.22.2.4 - - [01/Oct/2023:16:23:01 -0500] "GET /BLA/boletinlegal/images/text.jpg HTTP/1.1" 200 568
172.22.2.4 - - [01/Oct/2023:16:23:01 -0500] "GET /BLA/boletinlegal/images/footer_bg_l.jpg HTTP/1.1" 200 776
172.22.2.4 - - [01/Oct/2023:16:23:01 -0500] "GET /BLA/boletinlegal/images/footer_bg.jpg HTTP/1.1" 200 586
172.22.2.4 - - [01/Oct/2023:16:23:01 -0500] "GET /BLA/boletinlegal/img/0.png HTTP/1.1" 200 110
172.22.2.4 - - [01/Oct/2023:16:23:01 -0500] "GET /BLA/boletinlegal/img/select-left.png HTTP/1.1" 200 263
172.22.2.4 - - [01/Oct/2023:16:23:01 -0500] "GET /BLA/boletinlegal/img/select-right.png HTTP/1.1" 200 44019
172.22.2.4 - - [01/Oct/2023:16:23:01 -0500] "GET /BLA/boletinlegal/img/button.png HTTP/1.1" 200 43241
172.22.2.4 - - [01/Oct/2023:16:23:01 -0500] "GET /BLA/boletinlegal/img/button-left.png HTTP/1.1" 200 57071
172.22.2.4 - - [01/Oct/2023:16:23:01 -0500] "GET /BLA/boletinlegal/img/button-right.png HTTP/1.1" 200 57878
172.22.2.4 - - [01/Oct/2023:16:23:01 -0500] "GET /BLA/boletinlegal/favicon.ico HTTP/1.1" 404 1326
172.22.2.4 - - [01/Oct/2023:16:21:25 -0500] "GET /BLA/boletinlegal/ HTTP/1.1" 200 60342
172.22.2.4 - - [01/Oct/2023:16:23:15 -0500] "GET /BLA/boletinlegal/consulta_actos.php?tipo=autos&no=&usuario=&sector=AIRE&fecha=2023&resuelve=desistimiento HTTP/1.1" 200 626
216.244.66.195 - - [01/Oct/2023:16:23:25 -0500] "GET /BLA/resoluciones/AUTOS%202021/1622.pdf HTTP/1.1" 200 449274
172.22.2.4 - - [01/Oct/2023:16:23:28 -0500] "GET /BLA/boletinlegal/consulta_actos.php?tipo=autos&no=&usuario=&sector=AIRE&fecha=2023&resuelve=desestimiento HTTP/1.1" 200 626
172.22.2.4 - - [01/Oct/2023:16:23:29 -0500] "GET /BLA/boletinlegal/consulta_actos.php?tipo=autos&no=&usuario=&sector=AIRE&fecha=2023&resuelve=desestimiento HTTP/1.1" 200 626
172.22.2.4 - - [01/Oct/2023:16:23:35 -0500] "GET /BLA/boletinlegal/consulta_actos.php?tipo=autos&no=&usuario=&sector=AIRE&fecha=2022&resuelve=desestimiento HTTP/1.1" 200 626
172.22.2.4 - - [01/Oct/2023:16:23:37 -0500] "GET /BLA/boletinlegal/consulta_actos.php?tipo=autos&no=&usuario=&sector=AIRE&fecha=2022&resuelve=desestimiento HTTP/1.1" 200 626
172.22.2.4 - - [01/Oct/2023:16:23:42 -0500] "GET /BLA/boletinlegal/consulta_actos.php?tipo=autos&no=&usuario=&sector=AIRE&fecha=2022&resuelve=desistimiento HTTP/1.1" 200 75900
172.22.2.4 - - [01/Oct/2023:16:23:42 -0500] "GET /BLA/boletinlegal/images/pdf.gif HTTP/1.1" 200 567
172.22.2.4 - - [01/Oct/2023:16:23:42 -0500] "GET /BLA/boletinlegal/images/background.gif HTTP/1.1" 200 -
216.244.66.195 - - [01/Oct/2023:16:24:11 -0500] "GET /BLA/resoluciones/AUTOS%202021/2713.pdf HTTP/1.1" 200 315561
172.22.2.4 - - [01/Oct/2023:16:24:11 -0500] "GET /BLA/boletinlegal/consulta_actos.php?tipo=autos&no=&usuario=&sector=AIRE&fecha=2021&resuelve=desistimiento HTTP/1.1" 200 626
172.22.2.4 - - [01/Oct/2023:16:24:13 -0500] "GET /BLA/boletinlegal/consulta_actos.php?tipo=autos&no=&usuario=&sector=AIRE&fecha=2021&resuelve=desistimiento HTTP/1.1" 200 626
172.22.2.4 - - [01/Oct/2023:16:24:16 -0500] "GET /BLA/boletinlegal/consulta_actos.php?tipo=autos&no=&usuario=&sector=AIRE&fecha=2020&resuelve=desistimiento HTTP/1.1" 200 626
172.22.2.4 - - [01/Oct/2023:16:24:17 -0500] "GET /BLA/boletinlegal/consulta_actos.php?tipo=autos&no=&usuario=&sector=AIRE&fecha=2020&resuelve=desistimiento HTTP/1.1" 200 626
172.22.2.4 - - [01/Oct/2023:16:24:21 -0500] "GET /BLA/boletinlegal/consulta_actos.php?tipo=autos&no=&usuario=&sector=AIRE&fecha=2019&resuelve=desistimiento HTTP/1.1" 200 626
172.22.2.4 - - [01/Oct/2023:16:24:22 -0500] "GET /BLA/boletinlegal/consulta_actos.php?tipo=autos&no=&usuario=&sector=AIRE&fecha=2019&resuelve=desistimiento HTTP/1.1" 200 626
172.22.2.4 - - [01/Oct/2023:16:24:25 -0500] "GET /BLA/boletinlegal/consulta_actos.php?tipo=autos&no=&usuario=&sector=AIRE&fecha=2018&resuelve=desistimiento HTTP/1.1" 200 626
216.244.66.195 - - [01/Oct/2023:16:25:01 -0500] "GET /BLA/resoluciones/AUTOS%202021/2768.pdf HTTP/1.1" 200 380537
200.69.84.132 - - [01/Oct/2023:16:25:30 -0500] "GET /reportes_sipse/jsp/inicio.jsp HTTP/1.1" 200 2935
200.69.84.132 - - [01/Oct/2023:16:25:31 -0500] "GET /reportes_sipse/css/estilos.css HTTP/1.1" 200 9135
200.69.84.132 - - [01/Oct/2023:16:25:31 -0500] "GET /reportes_sipse/imagenes/logoAplicacion.jpg HTTP/1.1" 200 26872
200.69.84.132 - - [01/Oct/2023:16:25:32 -0500] "GET /reportes_sipse/imagenes/fondo.jpg HTTP/1.1" 200 20235
200.69.84.132 - - [01/Oct/2023:16:25:34 -0500] "GET /favicon.ico HTTP/1.1" 200 7782
200.69.84.132 - - [01/Oct/2023:16:25:35 -0500] "POST /reportes_sipse/sdg/ServletReporte?adquisiciones_sipse_detallado& HTTP/1.1" 200 6273
200.69.84.132 - - [01/Oct/2023:16:25:35 -0500] "GET /reportes_sipse/js/funciones.js HTTP/1.1" 200 4709
200.69.84.132 - - [01/Oct/2023:16:25:36 -0500] "GET /reportes_sipse/imagenes/calendario.gif HTTP/1.1" 200 1387
200.69.84.132 - - [01/Oct/2023:16:25:36 -0500] "GET /reportes_sipse/imagenes/pdf.gif HTTP/1.1" 200 598
200.69.84.132 - - [01/Oct/2023:16:25:35 -0500] "GET /reportes_sipse/js/date-picker.js HTTP/1.1" 200 16768
200.69.84.132 - - [01/Oct/2023:16:25:37 -0500] "GET /reportes_sipse/imagenes/excel.gif HTTP/1.1" 200 613
200.69.84.132 - - [01/Oct/2023:16:25:39 -0500] "GET /reportes_sipse/imagenes/retrocedeAgno.gif HTTP/1.1" 200 781
200.69.84.132 - - [01/Oct/2023:16:25:39 -0500] "GET /reportes_sipse/imagenes/retrocedeMes.gif HTTP/1.1" 200 459
200.69.84.132 - - [01/Oct/2023:16:25:39 -0500] "GET /reportes_sipse/imagenes/avanzaMes.gif HTTP/1.1" 200 660
200.69.84.132 - - [01/Oct/2023:16:25:39 -0500] "GET /reportes_sipse/imagenes/avanzaAgno.gif HTTP/1.1" 200 779
216.244.66.195 - - [01/Oct/2023:16:25:45 -0500] "GET /BLA/resoluciones/AUTOS%202021/3054.pdf HTTP/1.1" 200 401353
200.69.84.132 - - [01/Oct/2023:16:25:54 -0500] "GET /reportes_sipse/jsp/inicio.jsp HTTP/1.1" 200 2935
200.69.84.132 - - [01/Oct/2023:16:26:00 -0500] "POST /reportes_sipse/sdg/ServletReporte?saldo_actividades_contratacion_columnas2& HTTP/1.1" 200 5987
216.245.221.92 - - [01/Oct/2023:16:26:35 -0500] "HEAD / HTTP/1.1" 200 -
216.244.66.195 - - [01/Oct/2023:16:26:36 -0500] "GET /BLA/resoluciones/AUTOS%202021/3186.pdf HTTP/1.1" 200 352988
216.244.66.195 - - [01/Oct/2023:16:27:16 -0500] "GET /BLA/resoluciones/AUTOS%202021/3254.pdf HTTP/1.1" 200 317707
201.245.192.253 - - [01/Oct/2023:16:27:39 -0500] "POST /kwsrmcab/Wsrmcab  HTTP/1.1" 200 213
216.244.66.195 - - [01/Oct/2023:16:27:54 -0500] "GET /BLA/resoluciones/AUTOS%202021/3401.pdf HTTP/1.1" 200 396610
200.69.84.132 - - [01/Oct/2023:16:26:08 -0500] "POST /reportes_sipse/sdg/ServletControlador HTTP/1.1" 200 56197
201.245.192.253 - - [01/Oct/2023:16:27:58 -0500] "POST /kwsrmcab/Wsrmcab HTTP/1.1" 200 43785
201.245.192.253 - - [01/Oct/2023:16:28:01 -0500] "POST /kwsrmcab/Wsrmcab HTTP/1.1" 200 43309
172.22.2.4 - - [01/Oct/2023:16:26:24 -0500] "HEAD /BLA/boletinlegal/ HTTP/1.1" 200 -
216.244.66.195 - - [01/Oct/2023:16:28:42 -0500] "GET /BLA/resoluciones/AUTOS%202021/3835.pdf HTTP/1.1" 200 568151
172.22.2.4 - - [01/Oct/2023:16:27:15 -0500] "GET /BLA/boletinlegal/ HTTP/1.1" 200 60342
216.244.66.195 - - [01/Oct/2023:16:29:27 -0500] "GET /BLA/resoluciones/AUTOS%202021/3856.pdf HTTP/1.1" 200 351954
216.244.66.195 - - [01/Oct/2023:16:30:07 -0500] "GET /BLA/resoluciones/AUTOS%202021/3953.pdf HTTP/1.1" 200 401651
216.244.66.195 - - [01/Oct/2023:16:30:47 -0500] "GET /BLA/resoluciones/AUTOS%202021/4124.pdf HTTP/1.1" 200 351931
216.244.66.195 - - [01/Oct/2023:16:31:22 -0500] "GET /BLA/resoluciones/AUTOS%202021/4177.pdf HTTP/1.1" 200 390224
216.245.221.92 - - [01/Oct/2023:16:31:35 -0500] "HEAD / HTTP/1.1" 200 -
216.244.66.195 - - [01/Oct/2023:16:32:00 -0500] "GET /BLA/resoluciones/AUTOS%202021/4489.pdf HTTP/1.1" 200 372891
40.77.167.22 - - [01/Oct/2023:16:32:24 -0500] "GET /BLA/resoluciones/RESOLUCIONES%202021/4754.pdf HTTP/1.1" 304 -
216.244.66.195 - - [01/Oct/2023:16:32:39 -0500] "GET /BLA/resoluciones/AUTOS%202021/4507.pdf HTTP/1.1" 200 345394
201.245.192.253 - - [01/Oct/2023:16:32:39 -0500] "POST /kwsrmcab/Wsrmcab  HTTP/1.1" 200 213
216.244.66.195 - - [01/Oct/2023:16:33:13 -0500] "GET /BLA/resoluciones/AUTOS%202021/4512.pdf HTTP/1.1" 200 361309
172.22.2.4 - - [01/Oct/2023:16:33:14 -0500] "GET /BLA/boletinlegal/actos.php HTTP/1.1" 200 9682
186.29.135.169 - - [01/Oct/2023:16:33:18 -0500] "GET /BLA/resoluciones/ HTTP/1.1" 200 13696
186.29.135.169 - - [01/Oct/2023:16:33:24 -0500] "GET /BLA/resoluciones/index.php?dir=AUTOS+2011%2F HTTP/1.1" 200 636751
186.29.135.169 - - [01/Oct/2023:16:33:33 -0500] "GET /BLA/resoluciones/AUTOS%202011/0480.pdf HTTP/1.1" 200 203757
216.244.66.195 - - [01/Oct/2023:16:33:44 -0500] "GET /BLA/resoluciones/AUTOS%202021/5125.pdf HTTP/1.1" 200 360997
172.22.2.4 - - [01/Oct/2023:16:32:14 -0500] "HEAD /BLA/boletinlegal/ HTTP/1.1" 200 -
216.244.66.195 - - [01/Oct/2023:16:34:12 -0500] "GET /BLA/resoluciones/AUTOS%202021/5318.pdf HTTP/1.1" 200 750901
172.22.2.4 - - [01/Oct/2023:16:32:50 -0500] "GET /BLA/boletinlegal/ HTTP/1.1" 200 42510
216.244.66.195 - - [01/Oct/2023:16:34:40 -0500] "GET /BLA/resoluciones/AUTOS%202022/0323.pdf HTTP/1.1" 200 346577
172.22.2.4 - - [01/Oct/2023:16:33:05 -0500] "GET /BLA/boletinlegal/ HTTP/1.1" 200 44302
172.22.2.4 - - [01/Oct/2023:16:36:21 -0500] "GET /BLA/boletinlegal/actos.php HTTP/1.1" 200 9682
172.22.2.4 - - [01/Oct/2023:16:36:21 -0500] "GET /BLA/boletinlegal/favicon.ico HTTP/1.1" 404 1326
172.22.2.4 - - [01/Oct/2023:16:36:24 -0500] "GET /BLA/boletinlegal/js/jquery.js HTTP/1.1" 200 57254
172.22.2.4 - - [01/Oct/2023:16:36:24 -0500] "GET /BLA/boletinlegal/js/jquery.scrollTo-min.js HTTP/1.1" 200 1150
172.22.2.4 - - [01/Oct/2023:16:36:24 -0500] "GET /BLA/boletinlegal/js/jquery.scrollShow.js HTTP/1.1" 200 4586
172.22.2.4 - - [01/Oct/2023:16:36:24 -0500] "GET /BLA/boletinlegal/images/arr_l.jpg HTTP/1.1" 200 1979
172.22.2.4 - - [01/Oct/2023:16:36:24 -0500] "GET /BLA/boletinlegal/images/launch.jpg HTTP/1.1" 200 14577
172.22.2.4 - - [01/Oct/2023:16:36:24 -0500] "GET /BLA/boletinlegal/images/screen_1.png HTTP/1.1" 200 202547
172.22.2.4 - - [01/Oct/2023:16:36:27 -0500] "GET /BLA/boletinlegal/images/screen_3.png HTTP/1.1" 200 210620
172.22.2.4 - - [01/Oct/2023:16:36:27 -0500] "GET /BLA/boletinlegal/images/screen_2.png HTTP/1.1" 200 362502
172.22.2.4 - - [01/Oct/2023:16:36:27 -0500] "GET /BLA/boletinlegal/images/screen_5.png HTTP/1.1" 200 368876
172.22.2.4 - - [01/Oct/2023:16:36:27 -0500] "GET /BLA/boletinlegal/images/arr_r.jpg HTTP/1.1" 200 1998
216.245.221.92 - - [01/Oct/2023:16:36:35 -0500] "HEAD / HTTP/1.1" 200 -
172.22.2.4 - - [01/Oct/2023:16:36:42 -0500] "GET /BLA/boletinlegal/Circulares/2019/.pdf HTTP/1.1" 404 1218
190.159.184.39 - - [01/Oct/2023:16:36:45 -0500] "GET /BLA/resoluciones/ HTTP/1.1" 200 13696
172.22.2.4 - - [01/Oct/2023:16:36:45 -0500] "GET /BLA/boletinlegal/consulta_actos.php?tipo=resoluciones&no=&usuario=&sector=&fecha=2021&resuelve= HTTP/1.1" 200 2540963
172.22.2.4 - - [01/Oct/2023:16:36:47 -0500] "GET /BLA/boletinlegal/consulta_actos.php?tipo=resoluciones&no=&usuario=&sector=&fecha=2021&resuelve= HTTP/1.1" 200 2540963
190.159.184.39 - - [01/Oct/2023:16:36:49 -0500] "GET /BLA/resoluciones/index.php?dir=RESOLUCIONES+2023%2F HTTP/1.1" 200 83675
172.22.2.4 - - [01/Oct/2023:16:36:50 -0500] "GET /BLA/boletinlegal/consulta_actos.php?tipo=resoluciones&no=&usuario=&sector=&fecha=2021&resuelve= HTTP/1.1" 200 2540963
190.90.132.140 - - [01/Oct/2023:16:37:00 -0500] "GET /BLA/resoluciones/RESOLUCIONES%202021/1865.pdf HTTP/1.1" 200 466582
190.90.132.140 - - [01/Oct/2023:16:37:00 -0500] "GET /favicon.ico HTTP/1.1" 200 7782
201.245.192.253 - - [01/Oct/2023:16:37:38 -0500] "POST /kwsrmcab/Wsrmcab  HTTP/1.1" 200 213
172.22.2.4 - - [01/Oct/2023:16:36:20 -0500] "GET /BLA/boletinlegal/ HTTP/1.1" 200 61922
201.245.192.253 - - [01/Oct/2023:16:37:58 -0500] "POST /kwsrmcab/Wsrmcab HTTP/1.1" 200 43785
201.245.192.253 - - [01/Oct/2023:16:38:01 -0500] "POST /kwsrmcab/Wsrmcab HTTP/1.1" 200 43309
172.22.2.4 - - [01/Oct/2023:16:38:05 -0500] "GET /BLA/boletinlegal/jurisprudencia/analisis/AnalisisT-606-15.docx HTTP/1.1" 200 26698
172.22.2.4 - - [01/Oct/2023:16:38:05 -0500] "GET /BLA/boletinlegal/apple-touch-icon-120x120-precomposed.png HTTP/1.1" 404 1140
172.22.2.4 - - [01/Oct/2023:16:38:05 -0500] "GET /BLA/boletinlegal/apple-touch-icon-120x120.png HTTP/1.1" 404 1140
172.22.2.4 - - [01/Oct/2023:16:38:05 -0500] "GET /BLA/boletinlegal/apple-touch-icon-precomposed.png HTTP/1.1" 404 1140
172.22.2.4 - - [01/Oct/2023:16:38:05 -0500] "GET /BLA/boletinlegal/apple-touch-icon.png HTTP/1.1" 404 1140
172.22.2.4 - - [01/Oct/2023:16:38:06 -0500] "GET /BLA/boletinlegal/favicon.ico HTTP/1.1" 404 1140
172.22.2.4 - - [01/Oct/2023:16:38:06 -0500] "GET /BLA/boletinlegal/apple-touch-icon-120x120-precomposed.png HTTP/1.1" 404 1140
172.22.2.4 - - [01/Oct/2023:16:38:06 -0500] "GET /BLA/boletinlegal/apple-touch-icon-120x120.png HTTP/1.1" 404 1140
172.22.2.4 - - [01/Oct/2023:16:38:06 -0500] "GET /BLA/boletinlegal/apple-touch-icon-precomposed.png HTTP/1.1" 404 1140
172.22.2.4 - - [01/Oct/2023:16:38:06 -0500] "GET /BLA/boletinlegal/apple-touch-icon.png HTTP/1.1" 404 1140
172.22.2.4 - - [01/Oct/2023:16:38:06 -0500] "GET /BLA/boletinlegal/favicon.ico HTTP/1.1" 404 1140
172.22.2.4 - - [01/Oct/2023:16:38:18 -0500] "GET /BLA/boletinlegal/js/jquery.scrollShow.js HTTP/1.1" 200 4586
172.22.2.4 - - [01/Oct/2023:16:38:18 -0500] "GET /BLA/boletinlegal/js/jquery.js HTTP/1.1" 200 57254
172.22.2.4 - - [01/Oct/2023:16:38:18 -0500] "GET /BLA/boletinlegal/js/jquery.scrollTo-min.js HTTP/1.1" 200 1150
172.22.2.4 - - [01/Oct/2023:16:38:18 -0500] "GET /BLA/boletinlegal/style.css HTTP/1.1" 200 9406
172.22.2.4 - - [01/Oct/2023:16:38:18 -0500] "GET /BLA/boletinlegal/styles2.css HTTP/1.1" 200 1838
