200.118.16.147 - - [01/Oct/2023:17:51:41 -0500] "POST /sipse/faces/presentacion/financiero/solicitudProceso/consultarSolicitudProceso.xhtml HTTP/1.1" 200 43729
200.118.16.147 - - [01/Oct/2023:17:51:41 -0500] "GET /sipse/faces/javax.faces.resource/theme.css?ln=primefaces-sipse HTTP/1.1" 304 -
200.118.16.147 - - [01/Oct/2023:17:51:41 -0500] "GET /sipse/faces/javax.faces.resource/primefaces.css?ln=primefaces&v=4.0 HTTP/1.1" 304 -
200.118.16.147 - - [01/Oct/2023:17:51:41 -0500] "GET /sipse/faces/javax.faces.resource/layout/layout.css?ln=primefaces&v=4.0 HTTP/1.1" 304 -
200.118.16.147 - - [01/Oct/2023:17:51:41 -0500] "GET /sipse/faces/javax.faces.resource/jquery/jquery.js?ln=primefaces&v=4.0 HTTP/1.1" 304 -
200.118.16.147 - - [01/Oct/2023:17:51:41 -0500] "GET /sipse/faces/javax.faces.resource/jquery/jquery-plugins.js?ln=primefaces&v=4.0 HTTP/1.1" 304 -
200.118.16.147 - - [01/Oct/2023:17:51:41 -0500] "GET /sipse/css/imagen/contrasena.png HTTP/1.1" 404 383
200.118.16.147 - - [01/Oct/2023:17:51:41 -0500] "GET /sipse/faces/javax.faces.resource/primefaces.js?ln=primefaces&v=4.0 HTTP/1.1" 304 -
200.118.16.147 - - [01/Oct/2023:17:51:41 -0500] "GET /sipse/faces/javax.faces.resource/layout/layout.js?ln=primefaces&v=4.0 HTTP/1.1" 304 -
200.118.16.147 - - [01/Oct/2023:17:51:46 -0500] "POST /sipse/faces/presentacion/financiero/solicitudProceso/consultar.xhtml HTTP/1.1" 200 12734
216.244.66.195 - - [01/Oct/2023:17:51:52 -0500] "GET /BLA/resoluciones/AUTOS%202023/0861.pdf HTTP/1.1" 200 418471
200.118.16.147 - - [01/Oct/2023:17:52:11 -0500] "POST /sipse/faces/presentacion/financiero/solicitudProceso/consultar.xhtml HTTP/1.1" 200 12725
200.118.16.147 - - [01/Oct/2023:17:52:14 -0500] "POST /sipse/faces/presentacion/financiero/solicitudProceso/consultar.xhtml HTTP/1.1" 200 125551
200.118.16.147 - - [01/Oct/2023:17:52:14 -0500] "GET /sipse/faces/javax.faces.resource/theme.css?ln=primefaces-sipse HTTP/1.1" 304 -
200.118.16.147 - - [01/Oct/2023:17:52:14 -0500] "GET /sipse/faces/javax.faces.resource/layout/layout.css?ln=primefaces&v=4.0 HTTP/1.1" 304 -
200.118.16.147 - - [01/Oct/2023:17:52:14 -0500] "GET /sipse/faces/javax.faces.resource/primefaces.css?ln=primefaces&v=4.0 HTTP/1.1" 304 -
200.118.16.147 - - [01/Oct/2023:17:52:15 -0500] "GET /sipse/faces/javax.faces.resource/jquery/jquery.js?ln=primefaces&v=4.0 HTTP/1.1" 304 -
200.118.16.147 - - [01/Oct/2023:17:52:15 -0500] "GET /sipse/faces/javax.faces.resource/jquery/jquery-plugins.js?ln=primefaces&v=4.0 HTTP/1.1" 304 -
200.118.16.147 - - [01/Oct/2023:17:52:15 -0500] "GET /sipse/faces/javax.faces.resource/primefaces.js?ln=primefaces&v=4.0 HTTP/1.1" 304 -
200.118.16.147 - - [01/Oct/2023:17:52:15 -0500] "GET /sipse/faces/javax.faces.resource/layout/layout.js?ln=primefaces&v=4.0 HTTP/1.1" 304 -
200.118.16.147 - - [01/Oct/2023:17:52:15 -0500] "GET /sipse/faces/javax.faces.resource/dynamiccontent.properties?ln=primefaces&pfdrid=XjOR5%2F%2FfPAZAuY9TpWQeCiM0BhlXxYRBGKi%2FQcXXfeA%3D&pfdrid_c=false HTTP/1.1" 500 383
201.245.192.253 - - [01/Oct/2023:17:52:19 -0500] "POST /kwsrmcab/Wsrmcab  HTTP/1.1" 200 213
216.244.66.195 - - [01/Oct/2023:17:52:42 -0500] "GET /BLA/resoluciones/RESOLUCIONES%202020/2490.pdf HTTP/1.1" 200 391247
201.245.192.253 - - [01/Oct/2023:17:53:14 -0500] "GET /sipse/faces/faces/faces/autenticacion.xhtml HTTP/1.1" 200 12734
201.245.192.253 - - [01/Oct/2023:17:53:14 -0500] "GET /sipse/css/custom_css_sg.css HTTP/1.1" 200 9694
201.245.192.253 - - [01/Oct/2023:17:53:14 -0500] "GET /sipse/css/custom_css_sg_prime_login.css HTTP/1.1" 200 443
201.245.192.253 - - [01/Oct/2023:17:53:15 -0500] "GET /sipse/faces/javax.faces.resource/layout/layout.css;jsessionid=sTVKRXY1K46KOCjQTUQftJ4U.undefined?ln=primefaces&v=4.0 HTTP/1.1" 200 542
201.245.192.253 - - [01/Oct/2023:17:53:15 -0500] "GET /sipse/faces/javax.faces.resource/jquery/jquery.js;jsessionid=sTVKRXY1K46KOCjQTUQftJ4U.undefined?ln=primefaces&v=4.0 HTTP/1.1" 200 105384
201.245.192.253 - - [01/Oct/2023:17:53:15 -0500] "GET /sipse/faces/javax.faces.resource/layout/layout.js;jsessionid=sTVKRXY1K46KOCjQTUQftJ4U.undefined?ln=primefaces&v=4.0 HTTP/1.1" 200 87560
201.245.192.253 - - [01/Oct/2023:17:53:15 -0500] "GET /sipse/js/disable_browser_buttons.js HTTP/1.1" 304 -
201.245.192.253 - - [01/Oct/2023:17:53:15 -0500] "GET /sipse/faces/javax.faces.resource/jquery/jquery-plugins.js;jsessionid=sTVKRXY1K46KOCjQTUQftJ4U.undefined?ln=primefaces&v=4.0 HTTP/1.1" 200 220526
201.245.192.253 - - [01/Oct/2023:17:53:15 -0500] "GET /sipse/js/funciones.js HTTP/1.1" 304 -
201.245.192.253 - - [01/Oct/2023:17:53:14 -0500] "GET /sipse/faces/javax.faces.resource/primefaces.css;jsessionid=sTVKRXY1K46KOCjQTUQftJ4U.undefined?ln=primefaces&v=4.0 HTTP/1.1" 200 53295
201.245.192.253 - - [01/Oct/2023:17:53:14 -0500] "GET /sipse/faces/javax.faces.resource/theme.css?ln=primefaces-sipse HTTP/1.1" 200 50058
201.245.192.253 - - [01/Oct/2023:17:53:15 -0500] "GET /sipse/faces/javax.faces.resource/primefaces.js;jsessionid=sTVKRXY1K46KOCjQTUQftJ4U.undefined?ln=primefaces&v=4.0 HTTP/1.1" 200 276924
201.245.192.253 - - [01/Oct/2023:17:53:15 -0500] "GET /sipse/css/imagen/loginimg.png HTTP/1.1" 200 71635
201.245.192.253 - - [01/Oct/2023:17:53:15 -0500] "GET /sipse/faces/javax.faces.resource/images/ui-icons_898989_256x240.png?ln=primefaces-aristo HTTP/1.1" 200 5355
201.245.192.253 - - [01/Oct/2023:17:53:15 -0500] "GET /sipse/css/imagen/logoSDG.png HTTP/1.1" 200 53064
201.245.192.253 - - [01/Oct/2023:17:53:15 -0500] "GET /favicon.ico HTTP/1.1" 200 7782
201.245.192.253 - - [01/Oct/2023:17:53:15 -0500] "GET /sipse/faces/faces/faces/index.xhtml HTTP/1.1" 200 677
201.245.192.253 - - [01/Oct/2023:17:53:15 -0500] "GET /sipse/faces/javax.faces.resource/theme.css?ln=primefaces-sipse HTTP/1.1" 304 -
201.245.192.253 - - [01/Oct/2023:17:53:15 -0500] "GET /sipse/faces/faces/faces/faces/autenticacion.xhtml HTTP/1.1" 200 12412
201.245.192.253 - - [01/Oct/2023:17:53:15 -0500] "GET /sipse/faces/javax.faces.resource/theme.css?ln=primefaces-sipse HTTP/1.1" 304 -
201.245.192.253 - - [01/Oct/2023:17:53:15 -0500] "GET /sipse/faces/javax.faces.resource/layout/layout.css?ln=primefaces&v=4.0 HTTP/1.1" 200 542
201.245.192.253 - - [01/Oct/2023:17:53:15 -0500] "GET /sipse/faces/javax.faces.resource/primefaces.css?ln=primefaces&v=4.0 HTTP/1.1" 200 53295
201.245.192.253 - - [01/Oct/2023:17:53:15 -0500] "GET /sipse/faces/javax.faces.resource/jquery/jquery.js?ln=primefaces&v=4.0 HTTP/1.1" 304 -
201.245.192.253 - - [01/Oct/2023:17:53:15 -0500] "GET /sipse/faces/javax.faces.resource/jquery/jquery-plugins.js?ln=primefaces&v=4.0 HTTP/1.1" 304 -
201.245.192.253 - - [01/Oct/2023:17:53:15 -0500] "GET /sipse/faces/javax.faces.resource/primefaces.js?ln=primefaces&v=4.0 HTTP/1.1" 304 -
201.245.192.253 - - [01/Oct/2023:17:53:16 -0500] "GET /sipse/faces/javax.faces.resource/layout/layout.js?ln=primefaces&v=4.0 HTTP/1.1" 304 -
201.245.192.253 - - [01/Oct/2023:17:53:16 -0500] "GET /sipse/faces/javax.faces.resource/images/ui-icons_898989_256x240.png?ln=primefaces-aristo HTTP/1.1" 304 -
201.245.192.253 - - [01/Oct/2023:17:53:18 -0500] "POST /sipse/faces/autenticacion.xhtml HTTP/1.1" 200 11166
201.245.192.253 - - [01/Oct/2023:17:53:18 -0500] "GET /sipse/css/custom_css_sg_prime.css HTTP/1.1" 200 5201
201.245.192.253 - - [01/Oct/2023:17:53:18 -0500] "GET /sipse/faces/javax.faces.resource/jquery/jquery.js?ln=primefaces&v=4.0 HTTP/1.1" 304 -
201.245.192.253 - - [01/Oct/2023:17:53:18 -0500] "GET /sipse/faces/javax.faces.resource/jquery/jquery-plugins.js?ln=primefaces&v=4.0 HTTP/1.1" 304 -
201.245.192.253 - - [01/Oct/2023:17:53:18 -0500] "GET /sipse/faces/javax.faces.resource/primefaces.js?ln=primefaces&v=4.0 HTTP/1.1" 304 -
201.245.192.253 - - [01/Oct/2023:17:53:18 -0500] "GET /sipse/faces/javax.faces.resource/layout/layout.js?ln=primefaces&v=4.0 HTTP/1.1" 304 -
201.245.192.253 - - [01/Oct/2023:17:53:18 -0500] "GET /sipse/faces/javax.faces.resource/messages/messages.png?ln=primefaces&v=4.0 HTTP/1.1" 200 27209
201.245.192.253 - - [01/Oct/2023:17:53:21 -0500] "POST /sipse/faces/presentacion/sistema/seguridad/seleccionRol.xhtml HTTP/1.1" 200 5600
201.245.192.253 - - [01/Oct/2023:17:53:23 -0500] "POST /sipse/faces/presentacion/sistema/seguridad/seleccionRol.xhtml HTTP/1.1" 200 18222
201.245.192.253 - - [01/Oct/2023:17:53:23 -0500] "GET /sipse/js/jquery.min.js HTTP/1.1" 304 -
201.245.192.253 - - [01/Oct/2023:17:53:23 -0500] "GET /sipse/faces/javax.faces.resource/jquery/jquery.js?ln=primefaces&v=4.0 HTTP/1.1" 304 -
201.245.192.253 - - [01/Oct/2023:17:53:23 -0500] "GET /sipse/faces/javax.faces.resource/jquery/jquery-plugins.js?ln=primefaces&v=4.0 HTTP/1.1" 304 -
201.245.192.253 - - [01/Oct/2023:17:53:23 -0500] "GET /sipse/faces/javax.faces.resource/primefaces.js?ln=primefaces&v=4.0 HTTP/1.1" 304 -
201.245.192.253 - - [01/Oct/2023:17:53:23 -0500] "GET /sipse/faces/javax.faces.resource/layout/layout.js?ln=primefaces&v=4.0 HTTP/1.1" 304 -
201.245.192.253 - - [01/Oct/2023:17:53:23 -0500] "GET /sipse/css/v_mergente.css HTTP/1.1" 200 1505
201.245.192.253 - - [01/Oct/2023:17:53:23 -0500] "GET /sipse/imagenes/cargando.gif HTTP/1.1" 200 36959
201.245.192.253 - - [01/Oct/2023:17:53:23 -0500] "GET /sipse/imagenes/logoAplicacion.jpg HTTP/1.1" 200 155084
201.245.192.253 - - [01/Oct/2023:17:53:23 -0500] "GET /sipse/css/imagen/contrasena.png HTTP/1.1" 404 383
201.245.192.253 - - [01/Oct/2023:17:53:26 -0500] "GET /sipse/faces/javax.faces.resource/images/ui-bg_flat_0_2d5972_40x100.png?ln=primefaces-aristo HTTP/1.1" 200 183
201.245.192.253 - - [01/Oct/2023:17:53:26 -0500] "POST /sipse/faces/bienvenido.xhtml HTTP/1.1" 200 2055
216.244.66.195 - - [01/Oct/2023:17:53:33 -0500] "GET /BLA/resoluciones/RESOLUCIONES%202020/2640.pdf HTTP/1.1" 200 400421
201.245.192.253 - - [01/Oct/2023:17:53:27 -0500] "POST /sipse/faces/bienvenido.xhtml HTTP/1.1" 200 82250
201.245.192.253 - - [01/Oct/2023:17:53:52 -0500] "GET /sipse/faces/javax.faces.resource/jquery/jquery.js?ln=primefaces&v=4.0 HTTP/1.1" 304 -
201.245.192.253 - - [01/Oct/2023:17:53:52 -0500] "GET /sipse/faces/javax.faces.resource/jquery/jquery-plugins.js?ln=primefaces&v=4.0 HTTP/1.1" 304 -
201.245.192.253 - - [01/Oct/2023:17:53:52 -0500] "GET /sipse/faces/javax.faces.resource/primefaces.js?ln=primefaces&v=4.0 HTTP/1.1" 304 -
201.245.192.253 - - [01/Oct/2023:17:53:52 -0500] "GET /sipse/faces/javax.faces.resource/layout/layout.js?ln=primefaces&v=4.0 HTTP/1.1" 304 -
216.244.66.195 - - [01/Oct/2023:17:54:21 -0500] "GET /BLA/resoluciones/RESOLUCIONES%202021/0029.pdf HTTP/1.1" 200 581242
201.245.192.253 - - [01/Oct/2023:17:54:30 -0500] "POST /sipse/faces/presentacion/proyectos/proyecto/listarProyecto.xhtml HTTP/1.1" 200 163
201.245.192.253 - - [01/Oct/2023:17:54:31 -0500] "GET /sipse/faces/presentacion/proyectos/proyecto/proyecto.xhtml HTTP/1.1" 200 85412
201.245.192.253 - - [01/Oct/2023:17:54:33 -0500] "GET /sipse/faces/javax.faces.resource/theme.css?ln=primefaces-sipse HTTP/1.1" 304 -
201.245.192.253 - - [01/Oct/2023:17:54:33 -0500] "GET /sipse/faces/javax.faces.resource/jquery/jquery.js?ln=primefaces&v=4.0 HTTP/1.1" 304 -
201.245.192.253 - - [01/Oct/2023:17:54:33 -0500] "GET /sipse/faces/javax.faces.resource/jquery/jquery-plugins.js?ln=primefaces&v=4.0 HTTP/1.1" 304 -
201.245.192.253 - - [01/Oct/2023:17:54:33 -0500] "GET /sipse/faces/javax.faces.resource/layout/layout.css?ln=primefaces&v=4.0 HTTP/1.1" 304 -
201.245.192.253 - - [01/Oct/2023:17:54:33 -0500] "GET /sipse/faces/javax.faces.resource/layout/layout.js?ln=primefaces&v=4.0 HTTP/1.1" 304 -
201.245.192.253 - - [01/Oct/2023:17:54:33 -0500] "GET /sipse/faces/javax.faces.resource/primefaces.css?ln=primefaces&v=4.0 HTTP/1.1" 304 -
201.245.192.253 - - [01/Oct/2023:17:54:33 -0500] "GET /sipse/faces/javax.faces.resource/primefaces.js?ln=primefaces&v=4.0 HTTP/1.1" 304 -
201.245.192.253 - - [01/Oct/2023:17:54:33 -0500] "GET /sipse/faces/javax.faces.resource/images/ui-icons_898989_256x240.png?ln=primefaces-aristo HTTP/1.1" 304 -
201.245.192.253 - - [01/Oct/2023:17:54:33 -0500] "GET /sipse/faces/javax.faces.resource/images/ui-bg_flat_0_2d5972_40x100.png?ln=primefaces-aristo HTTP/1.1" 304 -
201.245.192.253 - - [01/Oct/2023:17:54:33 -0500] "POST /sipse/faces/presentacion/proyectos/proyecto/proyecto.xhtml HTTP/1.1" 200 3257
201.245.192.253 - - [01/Oct/2023:17:54:36 -0500] "POST /sipse/faces/presentacion/proyectos/proyecto/proyecto.xhtml HTTP/1.1" 200 18931
201.245.192.253 - - [01/Oct/2023:17:54:43 -0500] "POST /sipse/faces/presentacion/proyectos/proyecto/proyecto.xhtml HTTP/1.1" 200 44151
201.245.192.253 - - [01/Oct/2023:17:54:45 -0500] "GET /sipse/faces/javax.faces.resource/jquery/jquery.js?ln=primefaces&v=4.0 HTTP/1.1" 304 -
201.245.192.253 - - [01/Oct/2023:17:54:45 -0500] "GET /sipse/faces/javax.faces.resource/jquery/jquery-plugins.js?ln=primefaces&v=4.0 HTTP/1.1" 304 -
201.245.192.253 - - [01/Oct/2023:17:54:45 -0500] "GET /sipse/faces/javax.faces.resource/primefaces.js?ln=primefaces&v=4.0 HTTP/1.1" 304 -
201.245.192.253 - - [01/Oct/2023:17:54:45 -0500] "GET /sipse/faces/javax.faces.resource/layout/layout.js?ln=primefaces&v=4.0 HTTP/1.1" 304 -
216.244.66.195 - - [01/Oct/2023:17:55:10 -0500] "GET /BLA/resoluciones/RESOLUCIONES%202021/0262.pdf HTTP/1.1" 200 334948
201.245.192.253 - - [01/Oct/2023:17:55:19 -0500] "POST /sipse/faces/presentacion/proyectos/proyecto/presupuesto/modificarPresupuesto.xhtml HTTP/1.1" 200 2324
172.22.2.4 - - [01/Oct/2023:17:53:54 -0500] "HEAD /BLA/boletinlegal/ HTTP/1.1" 200 -
201.245.192.253 - - [01/Oct/2023:17:55:55 -0500] "POST /sipse/faces/presentacion/proyectos/proyecto/presupuesto/modificarPresupuesto.xhtml HTTP/1.1" 200 2212
216.244.66.195 - - [01/Oct/2023:17:55:59 -0500] "GET /BLA/resoluciones/RESOLUCIONES%202021/0624.pdf HTTP/1.1" 200 385946
201.245.192.253 - - [01/Oct/2023:17:56:03 -0500] "POST /sipse/faces/presentacion/proyectos/proyecto/presupuesto/modificarPresupuesto.xhtml HTTP/1.1" 200 2212
172.22.2.4 - - [01/Oct/2023:17:54:45 -0500] "GET /BLA/boletinlegal/ HTTP/1.1" 200 60342
201.245.192.253 - - [01/Oct/2023:17:56:28 -0500] "POST /sipse/faces/presentacion/proyectos/proyecto/presupuesto/modificarPresupuesto.xhtml HTTP/1.1" 200 2220
216.245.221.92 - - [01/Oct/2023:17:56:35 -0500] "HEAD / HTTP/1.1" 200 -
201.245.192.253 - - [01/Oct/2023:17:56:38 -0500] "POST /sipse/faces/presentacion/proyectos/proyecto/presupuesto/modificarPresupuesto.xhtml HTTP/1.1" 200 2232
216.244.66.195 - - [01/Oct/2023:17:56:49 -0500] "GET /BLA/resoluciones/RESOLUCIONES%202021/1131.pdf HTTP/1.1" 200 503536
201.245.192.253 - - [01/Oct/2023:17:57:17 -0500] "POST /kwsrmcab/Wsrmcab  HTTP/1.1" 200 213
201.245.192.253 - - [01/Oct/2023:17:57:27 -0500] "POST /sipse/faces/presentacion/proyectos/proyecto/presupuesto/modificarPresupuesto.xhtml HTTP/1.1" 200 2236
216.244.66.195 - - [01/Oct/2023:17:57:39 -0500] "GET /BLA/resoluciones/RESOLUCIONES%202021/1133.pdf HTTP/1.1" 200 467092
173.252.107.119 - - [01/Oct/2023:17:58:08 -0500] "GET /serrania-el-zuque-de-cantera-en-los-anos-60-a-espacio-de-restauracion-ambiental-y-mitigacion-del-riesgo.html HTTP/1.1" 200 841
173.252.107.2 - - [01/Oct/2023:17:58:09 -0500] "GET /serrania-el-zuque-de-cantera-en-los-anos-60-a-espacio-de-restauracion-ambiental-y-mitigacion-del-riesgo.html HTTP/1.1" 200 841
201.245.192.253 - - [01/Oct/2023:17:58:24 -0500] "POST /sipse/faces/presentacion/proyectos/proyecto/presupuesto/modificarPresupuesto.xhtml HTTP/1.1" 200 2244
216.244.66.195 - - [01/Oct/2023:17:58:32 -0500] "GET /BLA/resoluciones/RESOLUCIONES%202021/1162.pdf HTTP/1.1" 200 1295093
201.245.192.253 - - [01/Oct/2023:17:59:00 -0500] "POST /sipse/faces/presentacion/proyectos/proyecto/presupuesto/modificarPresupuesto.xhtml HTTP/1.1" 200 2581
201.245.192.253 - - [01/Oct/2023:17:59:01 -0500] "POST /sipse/faces/presentacion/proyectos/proyecto/presupuesto/modificarPresupuesto.xhtml HTTP/1.1" 200 2581
201.245.192.253 - - [01/Oct/2023:17:59:06 -0500] "POST /sipse/faces/presentacion/proyectos/proyecto/presupuesto/modificarPresupuesto.xhtml HTTP/1.1" 200 62140
201.245.192.253 - - [01/Oct/2023:17:59:11 -0500] "GET /sipse/faces/javax.faces.resource/jquery/jquery.js?ln=primefaces&v=4.0 HTTP/1.1" 304 -
201.245.192.253 - - [01/Oct/2023:17:59:11 -0500] "GET /sipse/faces/javax.faces.resource/jquery/jquery-plugins.js?ln=primefaces&v=4.0 HTTP/1.1" 304 -
201.245.192.253 - - [01/Oct/2023:17:59:11 -0500] "GET /sipse/faces/javax.faces.resource/primefaces.js?ln=primefaces&v=4.0 HTTP/1.1" 304 -
201.245.192.253 - - [01/Oct/2023:17:59:11 -0500] "GET /sipse/faces/javax.faces.resource/layout/layout.js?ln=primefaces&v=4.0 HTTP/1.1" 304 -
201.245.192.253 - - [01/Oct/2023:17:59:11 -0500] "GET /sipse/faces/javax.faces.resource/messages/messages.png?ln=primefaces&v=4.0 HTTP/1.1" 304 -
201.245.192.253 - - [01/Oct/2023:17:59:11 -0500] "POST /sipse/faces/presentacion/proyectos/proyecto/proyecto.xhtml HTTP/1.1" 200 3282
191.102.197.222 - - [01/Oct/2023:17:59:18 -0500] "OPTIONS /kwssiamovil/sm/setfile/f? HTTP/1.1" 200 13
201.245.192.253 - - [01/Oct/2023:17:59:18 -0500] "POST /sipse/faces/presentacion/proyectos/proyecto/proyecto.xhtml HTTP/1.1" 200 42791
201.245.192.253 - - [01/Oct/2023:17:59:19 -0500] "GET /sipse/faces/javax.faces.resource/spacer/dot_clear.gif?ln=primefaces&v=4.0 HTTP/1.1" 200 42
201.245.192.253 - - [01/Oct/2023:17:59:19 -0500] "POST /sipse/faces/presentacion/proyectos/proyecto/proyecto.xhtml HTTP/1.1" 200 3972
191.102.197.222 - - [01/Oct/2023:17:59:18 -0500] "POST /kwssiamovil/sm/setfile/f? HTTP/1.1" 200 420
216.244.66.195 - - [01/Oct/2023:17:59:31 -0500] "GET /BLA/resoluciones/RESOLUCIONES%202021/1853.pdf HTTP/1.1" 200 463030
201.245.192.253 - - [01/Oct/2023:17:59:29 -0500] "POST /sipse/faces/presentacion/proyectos/proyecto/proyecto.xhtml HTTP/1.1" 200 53986
200.118.16.147 - - [01/Oct/2023:17:59:36 -0500] "POST /sipse/faces/presentacion/financiero/solicitudProceso/consultarSolicitudProceso.xhtml HTTP/1.1" 200 652813
201.245.192.253 - - [01/Oct/2023:17:59:48 -0500] "POST /sipse/faces/presentacion/proyectos/proyecto/proyecto.xhtml HTTP/1.1" 200 189255
201.245.192.253 - - [01/Oct/2023:17:59:50 -0500] "GET /sipse/faces/javax.faces.resource/jquery/jquery.js?ln=primefaces&v=4.0 HTTP/1.1" 304 -
201.245.192.253 - - [01/Oct/2023:17:59:50 -0500] "GET /sipse/faces/javax.faces.resource/jquery/jquery-plugins.js?ln=primefaces&v=4.0 HTTP/1.1" 304 -
201.245.192.253 - - [01/Oct/2023:17:59:50 -0500] "GET /sipse/faces/javax.faces.resource/primefaces.js?ln=primefaces&v=4.0 HTTP/1.1" 304 -
201.245.192.253 - - [01/Oct/2023:17:59:50 -0500] "GET /sipse/faces/javax.faces.resource/layout/layout.js?ln=primefaces&v=4.0 HTTP/1.1" 304 -
201.245.192.253 - - [01/Oct/2023:17:59:55 -0500] "POST /sipse/faces/presentacion/proyectos/proyecto/actividad/crearActividad.xhtml HTTP/1.1" 200 37543
201.245.192.253 - - [01/Oct/2023:17:59:56 -0500] "GET /sipse/faces/javax.faces.resource/jquery/jquery.js?ln=primefaces&v=4.0 HTTP/1.1" 304 -
201.245.192.253 - - [01/Oct/2023:17:59:56 -0500] "GET /sipse/faces/javax.faces.resource/jquery/jquery-plugins.js?ln=primefaces&v=4.0 HTTP/1.1" 304 -
201.245.192.253 - - [01/Oct/2023:17:59:56 -0500] "GET /sipse/faces/javax.faces.resource/primefaces.js?ln=primefaces&v=4.0 HTTP/1.1" 304 -
201.245.192.253 - - [01/Oct/2023:17:59:56 -0500] "GET /sipse/faces/javax.faces.resource/layout/layout.js?ln=primefaces&v=4.0 HTTP/1.1" 304 -
201.245.192.253 - - [01/Oct/2023:18:00:10 -0500] "POST /sipse/faces/presentacion/proyectos/proyecto/actividad/editarPresupuesto.xhtml HTTP/1.1" 200 1864
216.244.66.195 - - [01/Oct/2023:18:00:21 -0500] "GET /BLA/resoluciones/RESOLUCIONES%202021/1996.pdf HTTP/1.1" 200 338624
201.245.192.253 - - [01/Oct/2023:18:00:42 -0500] "POST /sipse/faces/presentacion/proyectos/proyecto/actividad/editarPresupuesto.xhtml HTTP/1.1" 200 1712
201.245.192.253 - - [01/Oct/2023:18:00:45 -0500] "POST /sipse/faces/presentacion/proyectos/proyecto/actividad/editarPresupuesto.xhtml HTTP/1.1" 200 2594
201.245.192.253 - - [01/Oct/2023:18:00:46 -0500] "POST /sipse/faces/presentacion/proyectos/proyecto/actividad/editarPresupuesto.xhtml HTTP/1.1" 200 2066
69.171.249.4 - - [01/Oct/2023:18:00:50 -0500] "GET /images/acuerdos-conservacion-08-23.jpg HTTP/1.1" 200 55051
216.244.66.195 - - [01/Oct/2023:18:01:06 -0500] "GET /BLA/resoluciones/RESOLUCIONES%202021/2124.pdf HTTP/1.1" 200 1687098
69.171.249.3 - - [01/Oct/2023:18:01:19 -0500] "GET /images/Zuque%20(1)%20(1).jpeg HTTP/1.1" 200 66921
69.171.249.117 - - [01/Oct/2023:18:01:20 -0500] "GET /images/pieza-voluntariado-ambiental.jpeg HTTP/1.1" 200 51125
172.22.2.4 - - [01/Oct/2023:17:59:44 -0500] "HEAD /BLA/boletinlegal/ HTTP/1.1" 200 -
69.171.249.8 - - [01/Oct/2023:18:01:25 -0500] "GET /images/avistamiento-aves.jpg HTTP/1.1" 200 104313
69.171.249.8 - - [01/Oct/2023:18:01:26 -0500] "GET /images/construccion-sostenible-.jpg HTTP/1.1" 200 82949
69.171.249.120 - - [01/Oct/2023:18:01:26 -0500] "GET /images/Caminatas-ecologicas-julio.jpg HTTP/1.1" 200 480557
216.245.221.92 - - [01/Oct/2023:18:01:35 -0500] "HEAD / HTTP/1.1" 200 -
201.245.192.253 - - [01/Oct/2023:18:01:37 -0500] "POST /sipse/faces/presentacion/proyectos/proyecto/actividad/editarPresupuesto.xhtml HTTP/1.1" 200 190730
201.245.192.253 - - [01/Oct/2023:18:01:38 -0500] "GET /sipse/faces/javax.faces.resource/jquery/jquery.js?ln=primefaces&v=4.0 HTTP/1.1" 304 -
201.245.192.253 - - [01/Oct/2023:18:01:38 -0500] "GET /sipse/faces/javax.faces.resource/jquery/jquery-plugins.js?ln=primefaces&v=4.0 HTTP/1.1" 304 -
201.245.192.253 - - [01/Oct/2023:18:01:38 -0500] "GET /sipse/faces/javax.faces.resource/primefaces.js?ln=primefaces&v=4.0 HTTP/1.1" 304 -
201.245.192.253 - - [01/Oct/2023:18:01:38 -0500] "GET /sipse/faces/javax.faces.resource/layout/layout.js?ln=primefaces&v=4.0 HTTP/1.1" 304 -
201.245.192.253 - - [01/Oct/2023:18:01:45 -0500] "POST /sipse/faces/presentacion/proyectos/proyecto/actividad/crearActividad.xhtml HTTP/1.1" 200 2971
201.245.192.253 - - [01/Oct/2023:18:01:49 -0500] "POST /sipse/faces/presentacion/proyectos/proyecto/actividad/crearActividad.xhtml HTTP/1.1" 200 85944
201.245.192.253 - - [01/Oct/2023:18:01:52 -0500] "GET /sipse/faces/javax.faces.resource/jquery/jquery.js?ln=primefaces&v=4.0 HTTP/1.1" 304 -
201.245.192.253 - - [01/Oct/2023:18:01:52 -0500] "GET /sipse/faces/javax.faces.resource/jquery/jquery-plugins.js?ln=primefaces&v=4.0 HTTP/1.1" 304 -
201.245.192.253 - - [01/Oct/2023:18:01:52 -0500] "GET /sipse/faces/javax.faces.resource/primefaces.js?ln=primefaces&v=4.0 HTTP/1.1" 304 -
201.245.192.253 - - [01/Oct/2023:18:01:52 -0500] "GET /sipse/faces/javax.faces.resource/layout/layout.js?ln=primefaces&v=4.0 HTTP/1.1" 304 -
201.245.192.253 - - [01/Oct/2023:18:01:53 -0500] "POST /sipse/faces/presentacion/proyectos/proyecto/proyecto.xhtml HTTP/1.1" 200 3840
201.245.192.253 - - [01/Oct/2023:18:01:54 -0500] "POST /sipse/faces/presentacion/proyectos/proyecto/proyecto.xhtml HTTP/1.1" 200 3840
216.244.66.195 - - [01/Oct/2023:18:01:59 -0500] "GET /BLA/resoluciones/RESOLUCIONES%202021/2736.pdf HTTP/1.1" 200 594531
201.245.192.253 - - [01/Oct/2023:18:02:05 -0500] "POST /sipse/faces/presentacion/proyectos/proyecto/proyecto.xhtml HTTP/1.1" 200 82250
201.245.192.253 - - [01/Oct/2023:18:02:05 -0500] "GET /sipse/faces/javax.faces.resource/jquery/jquery.js?ln=primefaces&v=4.0 HTTP/1.1" 304 -
201.245.192.253 - - [01/Oct/2023:18:02:05 -0500] "GET /sipse/faces/javax.faces.resource/jquery/jquery-plugins.js?ln=primefaces&v=4.0 HTTP/1.1" 304 -
201.245.192.253 - - [01/Oct/2023:18:02:05 -0500] "GET /sipse/faces/javax.faces.resource/primefaces.js?ln=primefaces&v=4.0 HTTP/1.1" 304 -
201.245.192.253 - - [01/Oct/2023:18:02:05 -0500] "GET /sipse/faces/javax.faces.resource/layout/layout.js?ln=primefaces&v=4.0 HTTP/1.1" 304 -
201.245.192.253 - - [01/Oct/2023:18:02:06 -0500] "POST /sipse/faces/presentacion/proyectos/proyecto/listarProyecto.xhtml HTTP/1.1" 200 75632
201.245.192.253 - - [01/Oct/2023:18:02:06 -0500] "POST /sipse/faces/presentacion/proyectos/proyecto/listarProyecto.xhtml HTTP/1.1" 200 75632
201.245.192.253 - - [01/Oct/2023:18:02:06 -0500] "POST /sipse/faces/presentacion/proyectos/proyecto/listarProyecto.xhtml HTTP/1.1" 200 75632
201.245.192.253 - - [01/Oct/2023:18:02:06 -0500] "POST /sipse/faces/presentacion/proyectos/proyecto/listarProyecto.xhtml HTTP/1.1" 200 75632
201.245.192.253 - - [01/Oct/2023:18:02:06 -0500] "POST /sipse/faces/presentacion/proyectos/proyecto/listarProyecto.xhtml HTTP/1.1" 200 75632
201.245.192.253 - - [01/Oct/2023:18:02:07 -0500] "POST /sipse/faces/presentacion/proyectos/proyecto/listarProyecto.xhtml HTTP/1.1" 200 75632
172.22.2.4 - - [01/Oct/2023:18:00:35 -0500] "GET /BLA/boletinlegal/ HTTP/1.1" 200 56607
201.245.192.253 - - [01/Oct/2023:18:02:16 -0500] "POST /sipse/faces/presentacion/proyectos/proyecto/listarProyecto.xhtml HTTP/1.1" 200 163
201.245.192.253 - - [01/Oct/2023:18:02:17 -0500] "GET /sipse/faces/presentacion/proyectos/proyecto/proyecto.xhtml HTTP/1.1" 200 84809
201.245.192.253 - - [01/Oct/2023:18:02:18 -0500] "GET /sipse/faces/javax.faces.resource/theme.css?ln=primefaces-sipse HTTP/1.1" 304 -
201.245.192.253 - - [01/Oct/2023:18:02:18 -0500] "GET /sipse/faces/javax.faces.resource/jquery/jquery.js?ln=primefaces&v=4.0 HTTP/1.1" 304 -
201.245.192.253 - - [01/Oct/2023:18:02:18 -0500] "GET /sipse/faces/javax.faces.resource/primefaces.css?ln=primefaces&v=4.0 HTTP/1.1" 304 -
201.245.192.253 - - [01/Oct/2023:18:02:18 -0500] "GET /sipse/faces/javax.faces.resource/layout/layout.css?ln=primefaces&v=4.0 HTTP/1.1" 304 -
201.245.192.253 - - [01/Oct/2023:18:02:18 -0500] "GET /sipse/faces/javax.faces.resource/layout/layout.js?ln=primefaces&v=4.0 HTTP/1.1" 304 -
201.245.192.253 - - [01/Oct/2023:18:02:18 -0500] "GET /sipse/faces/javax.faces.resource/jquery/jquery-plugins.js?ln=primefaces&v=4.0 HTTP/1.1" 304 -
201.245.192.253 - - [01/Oct/2023:18:02:18 -0500] "GET /sipse/faces/javax.faces.resource/primefaces.js?ln=primefaces&v=4.0 HTTP/1.1" 304 -
201.245.192.253 - - [01/Oct/2023:18:02:16 -0500] "POST /kwsrmcab/Wsrmcab  HTTP/1.1" 200 213
201.245.192.253 - - [01/Oct/2023:18:02:18 -0500] "GET /sipse/faces/javax.faces.resource/images/ui-icons_898989_256x240.png?ln=primefaces-aristo HTTP/1.1" 304 -
201.245.192.253 - - [01/Oct/2023:18:02:19 -0500] "GET /sipse/faces/javax.faces.resource/images/ui-bg_flat_0_2d5972_40x100.png?ln=primefaces-aristo HTTP/1.1" 304 -
201.245.192.253 - - [01/Oct/2023:18:02:19 -0500] "POST /sipse/faces/presentacion/proyectos/proyecto/proyecto.xhtml HTTP/1.1" 200 3257
201.245.192.253 - - [01/Oct/2023:18:02:22 -0500] "POST /sipse/faces/presentacion/proyectos/proyecto/proyecto.xhtml HTTP/1.1" 200 18929
201.245.192.253 - - [01/Oct/2023:18:02:31 -0500] "POST /sipse/faces/presentacion/proyectos/proyecto/proyecto.xhtml HTTP/1.1" 200 44139
201.245.192.253 - - [01/Oct/2023:18:02:32 -0500] "GET /sipse/faces/javax.faces.resource/jquery/jquery.js?ln=primefaces&v=4.0 HTTP/1.1" 304 -
201.245.192.253 - - [01/Oct/2023:18:02:32 -0500] "GET /sipse/faces/javax.faces.resource/jquery/jquery-plugins.js?ln=primefaces&v=4.0 HTTP/1.1" 304 -
201.245.192.253 - - [01/Oct/2023:18:02:32 -0500] "GET /sipse/faces/javax.faces.resource/primefaces.js?ln=primefaces&v=4.0 HTTP/1.1" 304 -
201.245.192.253 - - [01/Oct/2023:18:02:33 -0500] "GET /sipse/faces/javax.faces.resource/layout/layout.js?ln=primefaces&v=4.0 HTTP/1.1" 304 -
201.245.192.253 - - [01/Oct/2023:18:02:40 -0500] "POST /sipse/faces/presentacion/proyectos/proyecto/presupuesto/modificarPresupuesto.xhtml HTTP/1.1" 200 2322
216.244.66.195 - - [01/Oct/2023:18:02:49 -0500] "GET /BLA/resoluciones/RESOLUCIONES%202021/2899.pdf HTTP/1.1" 200 353098
172.22.2.4 - - [01/Oct/2023:18:01:31 -0500] "GET /BLA/boletinlegal/ HTTP/1.1" 200 45003
201.245.192.253 - - [01/Oct/2023:18:03:05 -0500] "POST /sipse/faces/presentacion/proyectos/proyecto/presupuesto/modificarPresupuesto.xhtml HTTP/1.1" 200 2212
201.245.192.253 - - [01/Oct/2023:18:03:08 -0500] "POST /sipse/faces/presentacion/proyectos/proyecto/presupuesto/modificarPresupuesto.xhtml HTTP/1.1" 200 2212
201.245.192.253 - - [01/Oct/2023:18:03:19 -0500] "POST /sipse/faces/presentacion/proyectos/proyecto/presupuesto/modificarPresupuesto.xhtml HTTP/1.1" 200 2220
201.245.192.253 - - [01/Oct/2023:18:03:22 -0500] "POST /sipse/faces/presentacion/proyectos/proyecto/presupuesto/modificarPresupuesto.xhtml HTTP/1.1" 200 2232
216.244.66.195 - - [01/Oct/2023:18:03:27 -0500] "GET /BLA/resoluciones/RESOLUCIONES%202021/3227.pdf HTTP/1.1" 200 452502
172.22.2.4 - - [01/Oct/2023:18:02:21 -0500] "GET /BLA/boletinlegal/ HTTP/1.1" 200 49099
201.245.192.253 - - [01/Oct/2023:18:03:53 -0500] "POST /sipse/faces/presentacion/proyectos/proyecto/presupuesto/modificarPresupuesto.xhtml HTTP/1.1" 200 2236
216.244.66.195 - - [01/Oct/2023:18:04:08 -0500] "GET /BLA/resoluciones/RESOLUCIONES%202021/3526.pdf HTTP/1.1" 200 600342
201.245.192.253 - - [01/Oct/2023:18:04:13 -0500] "POST /sipse/faces/presentacion/proyectos/proyecto/presupuesto/modificarPresupuesto.xhtml HTTP/1.1" 200 2244
201.245.192.253 - - [01/Oct/2023:18:04:32 -0500] "POST /sipse/faces/presentacion/proyectos/proyecto/presupuesto/modificarPresupuesto.xhtml HTTP/1.1" 200 3089
201.245.192.253 - - [01/Oct/2023:18:04:33 -0500] "POST /sipse/faces/presentacion/proyectos/proyecto/presupuesto/modificarPresupuesto.xhtml HTTP/1.1" 200 2581
201.245.192.253 - - [01/Oct/2023:18:04:34 -0500] "POST /sipse/faces/presentacion/proyectos/proyecto/presupuesto/modificarPresupuesto.xhtml HTTP/1.1" 200 2581
172.22.2.4 - - [01/Oct/2023:18:03:17 -0500] "GET /BLA/boletinlegal/ HTTP/1.1" 200 53195
201.245.192.253 - - [01/Oct/2023:18:04:43 -0500] "POST /sipse/faces/presentacion/proyectos/proyecto/presupuesto/modificarPresupuesto.xhtml HTTP/1.1" 200 62166
201.245.192.253 - - [01/Oct/2023:18:04:47 -0500] "GET /sipse/faces/javax.faces.resource/jquery/jquery.js?ln=primefaces&v=4.0 HTTP/1.1" 304 -
201.245.192.253 - - [01/Oct/2023:18:04:47 -0500] "GET /sipse/faces/javax.faces.resource/jquery/jquery-plugins.js?ln=primefaces&v=4.0 HTTP/1.1" 304 -
201.245.192.253 - - [01/Oct/2023:18:04:47 -0500] "GET /sipse/faces/javax.faces.resource/primefaces.js?ln=primefaces&v=4.0 HTTP/1.1" 304 -
201.245.192.253 - - [01/Oct/2023:18:04:47 -0500] "GET /sipse/faces/javax.faces.resource/layout/layout.js?ln=primefaces&v=4.0 HTTP/1.1" 304 -
201.245.192.253 - - [01/Oct/2023:18:04:47 -0500] "GET /sipse/faces/javax.faces.resource/messages/messages.png?ln=primefaces&v=4.0 HTTP/1.1" 304 -
201.245.192.253 - - [01/Oct/2023:18:04:47 -0500] "POST /sipse/faces/presentacion/proyectos/proyecto/proyecto.xhtml HTTP/1.1" 200 3282
216.244.66.195 - - [01/Oct/2023:18:04:49 -0500] "GET /BLA/resoluciones/RESOLUCIONES%202021/3714.pdf HTTP/1.1" 200 349872
201.245.192.253 - - [01/Oct/2023:18:04:54 -0500] "POST /sipse/faces/presentacion/proyectos/proyecto/proyecto.xhtml HTTP/1.1" 200 43164
201.245.192.253 - - [01/Oct/2023:18:04:55 -0500] "GET /sipse/faces/javax.faces.resource/spacer/dot_clear.gif?ln=primefaces&v=4.0 HTTP/1.1" 304 -
201.245.192.253 - - [01/Oct/2023:18:04:55 -0500] "POST /sipse/faces/presentacion/proyectos/proyecto/proyecto.xhtml HTTP/1.1" 200 3969
216.244.66.195 - - [01/Oct/2023:18:05:24 -0500] "GET /BLA/resoluciones/RESOLUCIONES%202021/4082.pdf HTTP/1.1" 200 383532
201.245.192.253 - - [01/Oct/2023:18:05:37 -0500] "POST /sipse/faces/presentacion/proyectos/proyecto/proyecto.xhtml HTTP/1.1" 200 189390
201.245.192.253 - - [01/Oct/2023:18:05:38 -0500] "GET /sipse/faces/javax.faces.resource/jquery/jquery.js?ln=primefaces&v=4.0 HTTP/1.1" 304 -
201.245.192.253 - - [01/Oct/2023:18:05:38 -0500] "GET /sipse/faces/javax.faces.resource/jquery/jquery-plugins.js?ln=primefaces&v=4.0 HTTP/1.1" 304 -
201.245.192.253 - - [01/Oct/2023:18:05:38 -0500] "GET /sipse/faces/javax.faces.resource/primefaces.js?ln=primefaces&v=4.0 HTTP/1.1" 304 -
201.245.192.253 - - [01/Oct/2023:18:05:38 -0500] "GET /sipse/faces/javax.faces.resource/layout/layout.js?ln=primefaces&v=4.0 HTTP/1.1" 304 -
201.245.192.253 - - [01/Oct/2023:18:05:43 -0500] "POST /sipse/faces/presentacion/proyectos/proyecto/actividad/crearActividad.xhtml HTTP/1.1" 200 37537
201.245.192.253 - - [01/Oct/2023:18:05:43 -0500] "GET /sipse/faces/javax.faces.resource/jquery/jquery.js?ln=primefaces&v=4.0 HTTP/1.1" 304 -
201.245.192.253 - - [01/Oct/2023:18:05:43 -0500] "GET /sipse/faces/javax.faces.resource/jquery/jquery-plugins.js?ln=primefaces&v=4.0 HTTP/1.1" 304 -
201.245.192.253 - - [01/Oct/2023:18:05:43 -0500] "GET /sipse/faces/javax.faces.resource/primefaces.js?ln=primefaces&v=4.0 HTTP/1.1" 304 -
201.245.192.253 - - [01/Oct/2023:18:05:43 -0500] "GET /sipse/faces/javax.faces.resource/layout/layout.js?ln=primefaces&v=4.0 HTTP/1.1" 304 -
216.244.66.195 - - [01/Oct/2023:18:05:58 -0500] "GET /BLA/resoluciones/RESOLUCIONES%202021/4306.pdf HTTP/1.1" 200 718508
201.245.192.253 - - [01/Oct/2023:18:06:07 -0500] "POST /sipse/faces/presentacion/proyectos/proyecto/actividad/editarPresupuesto.xhtml HTTP/1.1" 200 1862
201.245.192.253 - - [01/Oct/2023:18:06:30 -0500] "POST /sipse/faces/presentacion/proyectos/proyecto/actividad/editarPresupuesto.xhtml HTTP/1.1" 200 1712
216.245.221.92 - - [01/Oct/2023:18:06:35 -0500] "HEAD / HTTP/1.1" 200 -
216.244.66.195 - - [01/Oct/2023:18:06:39 -0500] "GET /BLA/resoluciones/RESOLUCIONES%202021/46.pdf HTTP/1.1" 200 408338
216.244.66.195 - - [01/Oct/2023:18:07:09 -0500] "GET /BLA/resoluciones/RESOLUCIONES%202022/0286.pdf HTTP/1.1" 200 341129
201.245.192.253 - - [01/Oct/2023:18:07:10 -0500] "POST /sipse/faces/presentacion/proyectos/proyecto/actividad/editarPresupuesto.xhtml HTTP/1.1" 200 2066
201.245.192.253 - - [01/Oct/2023:18:07:11 -0500] "POST /sipse/faces/presentacion/proyectos/proyecto/actividad/editarPresupuesto.xhtml HTTP/1.1" 200 2066
172.22.2.4 - - [01/Oct/2023:18:05:34 -0500] "HEAD /BLA/boletinlegal/ HTTP/1.1" 200 -
201.245.192.253 - - [01/Oct/2023:18:07:14 -0500] "POST /sipse/faces/presentacion/proyectos/proyecto/actividad/editarPresupuesto.xhtml HTTP/1.1" 200 191678
201.245.192.253 - - [01/Oct/2023:18:07:15 -0500] "GET /sipse/faces/javax.faces.resource/jquery/jquery.js?ln=primefaces&v=4.0 HTTP/1.1" 304 -
201.245.192.253 - - [01/Oct/2023:18:07:15 -0500] "GET /sipse/faces/javax.faces.resource/jquery/jquery-plugins.js?ln=primefaces&v=4.0 HTTP/1.1" 304 -
201.245.192.253 - - [01/Oct/2023:18:07:15 -0500] "GET /sipse/faces/javax.faces.resource/primefaces.js?ln=primefaces&v=4.0 HTTP/1.1" 304 -
201.245.192.253 - - [01/Oct/2023:18:07:15 -0500] "GET /sipse/faces/javax.faces.resource/layout/layout.js?ln=primefaces&v=4.0 HTTP/1.1" 304 -
201.245.192.253 - - [01/Oct/2023:18:07:15 -0500] "POST /kwsrmcab/Wsrmcab  HTTP/1.1" 200 213
201.245.192.253 - - [01/Oct/2023:18:07:24 -0500] "POST /sipse/faces/presentacion/proyectos/proyecto/actividad/crearActividad.xhtml HTTP/1.1" 200 2971
201.245.192.253 - - [01/Oct/2023:18:07:26 -0500] "POST /sipse/faces/presentacion/proyectos/proyecto/actividad/crearActividad.xhtml HTTP/1.1" 200 85640
201.245.192.253 - - [01/Oct/2023:18:07:28 -0500] "GET /sipse/faces/javax.faces.resource/jquery/jquery.js?ln=primefaces&v=4.0 HTTP/1.1" 304 -
201.245.192.253 - - [01/Oct/2023:18:07:28 -0500] "GET /sipse/faces/javax.faces.resource/jquery/jquery-plugins.js?ln=primefaces&v=4.0 HTTP/1.1" 304 -
201.245.192.253 - - [01/Oct/2023:18:07:28 -0500] "GET /sipse/faces/javax.faces.resource/primefaces.js?ln=primefaces&v=4.0 HTTP/1.1" 304 -
201.245.192.253 - - [01/Oct/2023:18:07:28 -0500] "GET /sipse/faces/javax.faces.resource/layout/layout.js?ln=primefaces&v=4.0 HTTP/1.1" 304 -
201.245.192.253 - - [01/Oct/2023:18:07:28 -0500] "POST /sipse/faces/presentacion/proyectos/proyecto/proyecto.xhtml HTTP/1.1" 200 3837
201.245.192.253 - - [01/Oct/2023:18:07:30 -0500] "POST /sipse/faces/presentacion/proyectos/proyecto/proyecto.xhtml HTTP/1.1" 200 3837
216.244.66.195 - - [01/Oct/2023:18:07:46 -0500] "GET /BLA/resoluciones/RESOLUCIONES%202022/0344.pdf HTTP/1.1" 200 765748
201.245.192.253 - - [01/Oct/2023:18:07:46 -0500] "POST /sipse/faces/presentacion/proyectos/proyecto/proyecto.xhtml HTTP/1.1" 200 186283
201.245.192.253 - - [01/Oct/2023:18:07:47 -0500] "GET /sipse/faces/javax.faces.resource/jquery/jquery.js?ln=primefaces&v=4.0 HTTP/1.1" 304 -
201.245.192.253 - - [01/Oct/2023:18:07:47 -0500] "GET /sipse/faces/javax.faces.resource/jquery/jquery-plugins.js?ln=primefaces&v=4.0 HTTP/1.1" 304 -
201.245.192.253 - - [01/Oct/2023:18:07:47 -0500] "GET /sipse/faces/javax.faces.resource/primefaces.js?ln=primefaces&v=4.0 HTTP/1.1" 304 -
201.245.192.253 - - [01/Oct/2023:18:07:47 -0500] "GET /sipse/faces/javax.faces.resource/layout/layout.js?ln=primefaces&v=4.0 HTTP/1.1" 304 -
201.245.192.253 - - [01/Oct/2023:18:07:57 -0500] "POST /sipse/faces/presentacion/proyectos/proyecto/actividad/crearActividad.xhtml HTTP/1.1" 200 37530
201.245.192.253 - - [01/Oct/2023:18:07:57 -0500] "GET /sipse/faces/javax.faces.resource/jquery/jquery.js?ln=primefaces&v=4.0 HTTP/1.1" 304 -
201.245.192.253 - - [01/Oct/2023:18:07:57 -0500] "GET /sipse/faces/javax.faces.resource/jquery/jquery-plugins.js?ln=primefaces&v=4.0 HTTP/1.1" 304 -
201.245.192.253 - - [01/Oct/2023:18:07:57 -0500] "GET /sipse/faces/javax.faces.resource/primefaces.js?ln=primefaces&v=4.0 HTTP/1.1" 304 -
201.245.192.253 - - [01/Oct/2023:18:07:57 -0500] "GET /sipse/faces/javax.faces.resource/layout/layout.js?ln=primefaces&v=4.0 HTTP/1.1" 304 -
172.22.2.4 - - [01/Oct/2023:18:06:25 -0500] "GET /BLA/boletinlegal/ HTTP/1.1" 200 60342
201.245.192.253 - - [01/Oct/2023:18:08:14 -0500] "POST /sipse/faces/presentacion/proyectos/proyecto/actividad/editarPresupuesto.xhtml HTTP/1.1" 200 1861
216.244.66.195 - - [01/Oct/2023:18:08:25 -0500] "GET /BLA/resoluciones/RESOLUCIONES%202022/0864.pdf HTTP/1.1" 200 350666
201.245.192.253 - - [01/Oct/2023:18:08:28 -0500] "POST /sipse/faces/presentacion/proyectos/proyecto/actividad/editarPresupuesto.xhtml HTTP/1.1" 200 1712
201.245.192.253 - - [01/Oct/2023:18:08:31 -0500] "POST /sipse/faces/presentacion/proyectos/proyecto/actividad/editarPresupuesto.xhtml HTTP/1.1" 200 2066
201.245.192.253 - - [01/Oct/2023:18:08:31 -0500] "POST /sipse/faces/presentacion/proyectos/proyecto/actividad/editarPresupuesto.xhtml HTTP/1.1" 200 2066
201.245.192.253 - - [01/Oct/2023:18:08:33 -0500] "POST /sipse/faces/presentacion/proyectos/proyecto/actividad/editarPresupuesto.xhtml HTTP/1.1" 200 188569
201.245.192.253 - - [01/Oct/2023:18:08:34 -0500] "GET /sipse/faces/javax.faces.resource/jquery/jquery.js?ln=primefaces&v=4.0 HTTP/1.1" 304 -
201.245.192.253 - - [01/Oct/2023:18:08:34 -0500] "GET /sipse/faces/javax.faces.resource/jquery/jquery-plugins.js?ln=primefaces&v=4.0 HTTP/1.1" 304 -
201.245.192.253 - - [01/Oct/2023:18:08:34 -0500] "GET /sipse/faces/javax.faces.resource/primefaces.js?ln=primefaces&v=4.0 HTTP/1.1" 304 -
201.245.192.253 - - [01/Oct/2023:18:08:34 -0500] "GET /sipse/faces/javax.faces.resource/layout/layout.js?ln=primefaces&v=4.0 HTTP/1.1" 304 -
201.245.192.253 - - [01/Oct/2023:18:08:39 -0500] "POST /sipse/faces/presentacion/proyectos/proyecto/actividad/crearActividad.xhtml HTTP/1.1" 200 2971
201.245.192.253 - - [01/Oct/2023:18:08:40 -0500] "POST /sipse/faces/presentacion/proyectos/proyecto/actividad/crearActividad.xhtml HTTP/1.1" 200 85648
201.245.192.253 - - [01/Oct/2023:18:08:42 -0500] "GET /sipse/faces/javax.faces.resource/jquery/jquery.js?ln=primefaces&v=4.0 HTTP/1.1" 304 -
201.245.192.253 - - [01/Oct/2023:18:08:42 -0500] "GET /sipse/faces/javax.faces.resource/jquery/jquery-plugins.js?ln=primefaces&v=4.0 HTTP/1.1" 304 -
201.245.192.253 - - [01/Oct/2023:18:08:42 -0500] "GET /sipse/faces/javax.faces.resource/primefaces.js?ln=primefaces&v=4.0 HTTP/1.1" 304 -
201.245.192.253 - - [01/Oct/2023:18:08:42 -0500] "GET /sipse/faces/javax.faces.resource/layout/layout.js?ln=primefaces&v=4.0 HTTP/1.1" 304 -
201.245.192.253 - - [01/Oct/2023:18:08:42 -0500] "POST /sipse/faces/presentacion/proyectos/proyecto/proyecto.xhtml HTTP/1.1" 200 3837
201.245.192.253 - - [01/Oct/2023:18:08:43 -0500] "POST /sipse/faces/presentacion/proyectos/proyecto/proyecto.xhtml HTTP/1.1" 200 3837
216.244.66.195 - - [01/Oct/2023:18:08:56 -0500] "GET /BLA/resoluciones/RESOLUCIONES%202022/1303.pdf HTTP/1.1" 200 1050843
201.245.192.253 - - [01/Oct/2023:18:08:55 -0500] "POST /sipse/faces/presentacion/proyectos/proyecto/proyecto.xhtml HTTP/1.1" 200 184977
201.245.192.253 - - [01/Oct/2023:18:08:57 -0500] "GET /sipse/faces/javax.faces.resource/jquery/jquery.js?ln=primefaces&v=4.0 HTTP/1.1" 304 -
201.245.192.253 - - [01/Oct/2023:18:08:57 -0500] "GET /sipse/faces/javax.faces.resource/jquery/jquery-plugins.js?ln=primefaces&v=4.0 HTTP/1.1" 304 -
201.245.192.253 - - [01/Oct/2023:18:08:57 -0500] "GET /sipse/faces/javax.faces.resource/primefaces.js?ln=primefaces&v=4.0 HTTP/1.1" 304 -
201.245.192.253 - - [01/Oct/2023:18:08:57 -0500] "GET /sipse/faces/javax.faces.resource/layout/layout.js?ln=primefaces&v=4.0 HTTP/1.1" 304 -
201.245.192.253 - - [01/Oct/2023:18:09:02 -0500] "POST /sipse/faces/presentacion/proyectos/proyecto/actividad/crearActividad.xhtml HTTP/1.1" 200 37530
201.245.192.253 - - [01/Oct/2023:18:09:02 -0500] "GET /sipse/faces/javax.faces.resource/jquery/jquery.js?ln=primefaces&v=4.0 HTTP/1.1" 304 -
201.245.192.253 - - [01/Oct/2023:18:09:02 -0500] "GET /sipse/faces/javax.faces.resource/jquery/jquery-plugins.js?ln=primefaces&v=4.0 HTTP/1.1" 304 -
201.245.192.253 - - [01/Oct/2023:18:09:02 -0500] "GET /sipse/faces/javax.faces.resource/primefaces.js?ln=primefaces&v=4.0 HTTP/1.1" 304 -
201.245.192.253 - - [01/Oct/2023:18:09:02 -0500] "GET /sipse/faces/javax.faces.resource/layout/layout.js?ln=primefaces&v=4.0 HTTP/1.1" 304 -
201.245.192.253 - - [01/Oct/2023:18:09:18 -0500] "POST /sipse/faces/presentacion/proyectos/proyecto/actividad/editarPresupuesto.xhtml HTTP/1.1" 200 1861
216.244.66.195 - - [01/Oct/2023:18:09:28 -0500] "GET /BLA/resoluciones/RESOLUCIONES%202022/2089.pdf HTTP/1.1" 200 400562
201.245.192.253 - - [01/Oct/2023:18:09:32 -0500] "POST /sipse/faces/presentacion/proyectos/proyecto/actividad/editarPresupuesto.xhtml HTTP/1.1" 200 1712
201.245.192.253 - - [01/Oct/2023:18:09:35 -0500] "POST /sipse/faces/presentacion/proyectos/proyecto/actividad/editarPresupuesto.xhtml HTTP/1.1" 200 2066
201.245.192.253 - - [01/Oct/2023:18:09:36 -0500] "POST /sipse/faces/presentacion/proyectos/proyecto/actividad/editarPresupuesto.xhtml HTTP/1.1" 200 1898
201.245.192.253 - - [01/Oct/2023:18:09:38 -0500] "POST /sipse/faces/presentacion/proyectos/proyecto/actividad/editarPresupuesto.xhtml HTTP/1.1" 200 2066
201.245.192.253 - - [01/Oct/2023:18:09:40 -0500] "POST /sipse/faces/presentacion/proyectos/proyecto/actividad/editarPresupuesto.xhtml HTTP/1.1" 200 187152
201.245.192.253 - - [01/Oct/2023:18:09:41 -0500] "GET /sipse/faces/javax.faces.resource/jquery/jquery.js?ln=primefaces&v=4.0 HTTP/1.1" 304 -
201.245.192.253 - - [01/Oct/2023:18:09:41 -0500] "GET /sipse/faces/javax.faces.resource/jquery/jquery-plugins.js?ln=primefaces&v=4.0 HTTP/1.1" 304 -
201.245.192.253 - - [01/Oct/2023:18:09:41 -0500] "GET /sipse/faces/javax.faces.resource/primefaces.js?ln=primefaces&v=4.0 HTTP/1.1" 304 -
201.245.192.253 - - [01/Oct/2023:18:09:41 -0500] "GET /sipse/faces/javax.faces.resource/layout/layout.js?ln=primefaces&v=4.0 HTTP/1.1" 304 -
201.245.192.253 - - [01/Oct/2023:18:09:48 -0500] "POST /sipse/faces/presentacion/proyectos/proyecto/actividad/crearActividad.xhtml HTTP/1.1" 200 2971
172.22.2.4 - - [01/Oct/2023:18:09:16 -0500] "GET /BLA/boletinlegal/ HTTP/1.1" 200 24523
201.245.192.253 - - [01/Oct/2023:18:09:50 -0500] "POST /sipse/faces/presentacion/proyectos/proyecto/actividad/crearActividad.xhtml HTTP/1.1" 200 85656
201.245.192.253 - - [01/Oct/2023:18:09:53 -0500] "GET /sipse/faces/javax.faces.resource/jquery/jquery.js?ln=primefaces&v=4.0 HTTP/1.1" 304 -
201.245.192.253 - - [01/Oct/2023:18:09:53 -0500] "GET /sipse/faces/javax.faces.resource/jquery/jquery-plugins.js?ln=primefaces&v=4.0 HTTP/1.1" 304 -
201.245.192.253 - - [01/Oct/2023:18:09:53 -0500] "GET /sipse/faces/javax.faces.resource/primefaces.js?ln=primefaces&v=4.0 HTTP/1.1" 304 -
201.245.192.253 - - [01/Oct/2023:18:09:53 -0500] "GET /sipse/faces/javax.faces.resource/layout/layout.js?ln=primefaces&v=4.0 HTTP/1.1" 304 -
201.245.192.253 - - [01/Oct/2023:18:09:53 -0500] "POST /sipse/faces/presentacion/proyectos/proyecto/proyecto.xhtml HTTP/1.1" 200 3837
201.245.192.253 - - [01/Oct/2023:18:09:54 -0500] "POST /sipse/faces/presentacion/proyectos/proyecto/proyecto.xhtml HTTP/1.1" 200 3837
216.244.66.195 - - [01/Oct/2023:18:09:59 -0500] "GET /BLA/resoluciones/RESOLUCIONES%202022/2233.pdf HTTP/1.1" 200 414997
201.245.192.253 - - [01/Oct/2023:18:10:07 -0500] "POST /sipse/faces/presentacion/proyectos/proyecto/proyecto.xhtml HTTP/1.1" 200 188061
201.245.192.253 - - [01/Oct/2023:18:10:09 -0500] "GET /sipse/faces/javax.faces.resource/jquery/jquery.js?ln=primefaces&v=4.0 HTTP/1.1" 304 -
201.245.192.253 - - [01/Oct/2023:18:10:09 -0500] "GET /sipse/faces/javax.faces.resource/jquery/jquery-plugins.js?ln=primefaces&v=4.0 HTTP/1.1" 304 -
201.245.192.253 - - [01/Oct/2023:18:10:09 -0500] "GET /sipse/faces/javax.faces.resource/primefaces.js?ln=primefaces&v=4.0 HTTP/1.1" 304 -
201.245.192.253 - - [01/Oct/2023:18:10:09 -0500] "GET /sipse/faces/javax.faces.resource/layout/layout.js?ln=primefaces&v=4.0 HTTP/1.1" 304 -
34.32.181.239 - - [01/Oct/2023:18:10:13 -0500] "GET /proximo-4-de-octubre-simulacro-distrital-de-evacuacion-dia-y-noche.html HTTP/1.1" 200 783
201.245.192.253 - - [01/Oct/2023:18:10:14 -0500] "POST /sipse/faces/presentacion/proyectos/proyecto/actividad/crearActividad.xhtml HTTP/1.1" 200 37540
201.245.192.253 - - [01/Oct/2023:18:10:14 -0500] "GET /sipse/faces/javax.faces.resource/jquery/jquery.js?ln=primefaces&v=4.0 HTTP/1.1" 304 -
201.245.192.253 - - [01/Oct/2023:18:10:14 -0500] "GET /sipse/faces/javax.faces.resource/jquery/jquery-plugins.js?ln=primefaces&v=4.0 HTTP/1.1" 304 -
201.245.192.253 - - [01/Oct/2023:18:10:14 -0500] "GET /sipse/faces/javax.faces.resource/primefaces.js?ln=primefaces&v=4.0 HTTP/1.1" 304 -
201.245.192.253 - - [01/Oct/2023:18:10:14 -0500] "GET /sipse/faces/javax.faces.resource/layout/layout.js?ln=primefaces&v=4.0 HTTP/1.1" 304 -
216.244.66.195 - - [01/Oct/2023:18:10:27 -0500] "GET /BLA/resoluciones/RESOLUCIONES%202022/2488.pdf HTTP/1.1" 200 430424
201.245.192.253 - - [01/Oct/2023:18:10:32 -0500] "POST /sipse/faces/presentacion/proyectos/proyecto/actividad/editarPresupuesto.xhtml HTTP/1.1" 200 1862
172.22.2.4 - - [01/Oct/2023:18:10:53 -0500] "GET /BLA/boletinlegal/actos.php HTTP/1.1" 200 9682
201.245.192.253 - - [01/Oct/2023:18:10:53 -0500] "POST /sipse/faces/presentacion/proyectos/proyecto/actividad/editarPresupuesto.xhtml HTTP/1.1" 200 1712
172.22.2.4 - - [01/Oct/2023:18:10:53 -0500] "GET /BLA/boletinlegal/favicon.ico HTTP/1.1" 404 1326
216.244.66.195 - - [01/Oct/2023:18:10:54 -0500] "GET /BLA/resoluciones/RESOLUCIONES%202022/2765.pdf HTTP/1.1" 200 568418
201.245.192.253 - - [01/Oct/2023:18:10:56 -0500] "POST /sipse/faces/presentacion/proyectos/proyecto/actividad/editarPresupuesto.xhtml HTTP/1.1" 200 2594
201.245.192.253 - - [01/Oct/2023:18:10:56 -0500] "POST /sipse/faces/presentacion/proyectos/proyecto/actividad/editarPresupuesto.xhtml HTTP/1.1" 200 2066
201.245.192.253 - - [01/Oct/2023:18:10:57 -0500] "POST /sipse/faces/presentacion/proyectos/proyecto/actividad/editarPresupuesto.xhtml HTTP/1.1" 200 1898
201.245.192.253 - - [01/Oct/2023:18:10:59 -0500] "POST /sipse/faces/presentacion/proyectos/proyecto/actividad/editarPresupuesto.xhtml HTTP/1.1" 200 2066
201.245.192.253 - - [01/Oct/2023:18:11:06 -0500] "POST /sipse/faces/presentacion/proyectos/proyecto/actividad/editarPresupuesto.xhtml HTTP/1.1" 200 190350
201.245.192.253 - - [01/Oct/2023:18:11:07 -0500] "GET /sipse/faces/javax.faces.resource/jquery/jquery.js?ln=primefaces&v=4.0 HTTP/1.1" 304 -
201.245.192.253 - - [01/Oct/2023:18:11:07 -0500] "GET /sipse/faces/javax.faces.resource/jquery/jquery-plugins.js?ln=primefaces&v=4.0 HTTP/1.1" 304 -
201.245.192.253 - - [01/Oct/2023:18:11:07 -0500] "GET /sipse/faces/javax.faces.resource/primefaces.js?ln=primefaces&v=4.0 HTTP/1.1" 304 -
201.245.192.253 - - [01/Oct/2023:18:11:07 -0500] "GET /sipse/faces/javax.faces.resource/layout/layout.js?ln=primefaces&v=4.0 HTTP/1.1" 304 -
216.244.66.195 - - [01/Oct/2023:18:11:19 -0500] "GET /BLA/resoluciones/RESOLUCIONES%202022/2847.pdf HTTP/1.1" 200 432274
201.245.192.253 - - [01/Oct/2023:18:11:20 -0500] "POST /sipse/faces/presentacion/proyectos/proyecto/actividad/crearActividad.xhtml HTTP/1.1" 200 37540
201.245.192.253 - - [01/Oct/2023:18:11:21 -0500] "GET /sipse/faces/javax.faces.resource/jquery/jquery.js?ln=primefaces&v=4.0 HTTP/1.1" 304 -
201.245.192.253 - - [01/Oct/2023:18:11:21 -0500] "GET /sipse/faces/javax.faces.resource/jquery/jquery-plugins.js?ln=primefaces&v=4.0 HTTP/1.1" 304 -
201.245.192.253 - - [01/Oct/2023:18:11:21 -0500] "GET /sipse/faces/javax.faces.resource/primefaces.js?ln=primefaces&v=4.0 HTTP/1.1" 304 -
201.245.192.253 - - [01/Oct/2023:18:11:21 -0500] "GET /sipse/faces/javax.faces.resource/layout/layout.js?ln=primefaces&v=4.0 HTTP/1.1" 304 -
201.245.192.253 - - [01/Oct/2023:18:11:24 -0500] "POST /sipse/faces/presentacion/proyectos/proyecto/actividad/editarPresupuesto.xhtml HTTP/1.1" 200 189569
201.245.192.253 - - [01/Oct/2023:18:11:24 -0500] "GET /sipse/faces/javax.faces.resource/jquery/jquery.js?ln=primefaces&v=4.0 HTTP/1.1" 304 -
201.245.192.253 - - [01/Oct/2023:18:11:24 -0500] "GET /sipse/faces/javax.faces.resource/jquery/jquery-plugins.js?ln=primefaces&v=4.0 HTTP/1.1" 304 -
201.245.192.253 - - [01/Oct/2023:18:11:24 -0500] "GET /sipse/faces/javax.faces.resource/primefaces.js?ln=primefaces&v=4.0 HTTP/1.1" 304 -
201.245.192.253 - - [01/Oct/2023:18:11:24 -0500] "GET /sipse/faces/javax.faces.resource/layout/layout.js?ln=primefaces&v=4.0 HTTP/1.1" 304 -
201.245.192.253 - - [01/Oct/2023:18:11:27 -0500] "POST /sipse/faces/presentacion/proyectos/proyecto/actividad/crearActividad.xhtml HTTP/1.1" 200 85656
201.245.192.253 - - [01/Oct/2023:18:11:29 -0500] "GET /sipse/faces/javax.faces.resource/jquery/jquery.js?ln=primefaces&v=4.0 HTTP/1.1" 304 -
201.245.192.253 - - [01/Oct/2023:18:11:29 -0500] "GET /sipse/faces/javax.faces.resource/jquery/jquery-plugins.js?ln=primefaces&v=4.0 HTTP/1.1" 304 -
