216.245.221.92 - - [01/Oct/2023:03:51:37 -0500] "HEAD / HTTP/1.1" 200 -
40.77.167.25 - - [01/Oct/2023:03:52:06 -0500] "GET /BLA/resoluciones/RESOLUCIONES%202023/1569.pdf HTTP/1.1" 200 420339
168.138.105.69 - - [01/Oct/2023:03:54:16 -0500] "GET /galeria/galeria/fotos/GuaymaralTorca4P.jpg HTTP/1.1" 200 33981
172.22.2.4 - - [01/Oct/2023:03:52:39 -0500] "HEAD /BLA/boletinlegal/ HTTP/1.1" 200 -
172.22.2.4 - - [01/Oct/2023:03:53:30 -0500] "GET /BLA/boletinlegal/ HTTP/1.1" 200 60342
201.245.192.253 - - [01/Oct/2023:03:56:04 -0500] "POST /kwsrmcab/Wsrmcab  HTTP/1.1" 200 213
216.245.221.92 - - [01/Oct/2023:03:56:37 -0500] "HEAD / HTTP/1.1" 200 -
66.249.66.20 - - [01/Oct/2023:03:56:43 -0500] "GET /BLA/resoluciones/RESOLUCIONES%202009/5540.pdf HTTP/1.1" 200 505319
66.249.79.129 - - [01/Oct/2023:03:56:51 -0500] "GET /bogota-empieza-la-consolidacion-de-la-estrategia-de-bosques-urbanos-con-el-brazo-salitre-en-barrios-unidos.html HTTP/1.1" 200 892
66.249.79.131 - - [01/Oct/2023:03:56:51 -0500] "GET /robots.txt HTTP/1.1" 404 1034
172.22.2.4 - - [01/Oct/2023:03:58:29 -0500] "HEAD /BLA/boletinlegal/ HTTP/1.1" 200 -
172.22.2.4 - - [01/Oct/2023:03:59:20 -0500] "GET /BLA/boletinlegal/ HTTP/1.1" 200 60342
201.245.192.253 - - [01/Oct/2023:04:01:01 -0500] "POST /kwsrmcab/Wsrmcab  HTTP/1.1" 200 213
216.245.221.92 - - [01/Oct/2023:04:01:37 -0500] "HEAD / HTTP/1.1" 200 -
40.77.167.64 - - [01/Oct/2023:04:01:58 -0500] "GET /BLA/resoluciones/RESOLUCIONES%202012/1321.pdf HTTP/1.1" 200 1178901
34.90.41.207 - - [01/Oct/2023:04:01:58 -0500] "GET /proximo-4-de-octubre-simulacro-distrital-de-evacuacion-dia-y-noche.html HTTP/1.1" 200 783
207.46.13.17 - - [01/Oct/2023:04:04:53 -0500] "GET /BLA/resoluciones/AUTOS%202022/3101.pdf HTTP/1.1" 304 -
172.22.2.4 - - [01/Oct/2023:04:04:19 -0500] "HEAD /BLA/boletinlegal/ HTTP/1.1" 200 -
201.245.192.253 - - [01/Oct/2023:04:06:01 -0500] "POST /kwsrmcab/Wsrmcab  HTTP/1.1" 200 213
216.245.221.92 - - [01/Oct/2023:04:06:37 -0500] "HEAD / HTTP/1.1" 200 -
172.22.2.4 - - [01/Oct/2023:04:05:10 -0500] "GET /BLA/boletinlegal/ HTTP/1.1" 200 60692
157.55.39.56 - - [01/Oct/2023:04:06:54 -0500] "GET /galeria/galeria/jquery.fancybox.css?v=2.1.5 HTTP/1.1" 200 4895
216.244.66.195 - - [01/Oct/2023:04:07:19 -0500] "GET /robots.txt HTTP/1.1" 404 1018
207.46.13.127 - - [01/Oct/2023:04:08:04 -0500] "GET /BLA/resoluciones/RESOLUCIONES%202021/3194.pdf HTTP/1.1" 200 355958
172.22.2.4 - - [01/Oct/2023:04:08:53 -0500] "GET /BLA/boletinlegal/ HTTP/1.1" 200 36811
172.22.2.4 - - [01/Oct/2023:04:09:13 -0500] "GET /BLA/boletinlegal/ HTTP/1.1" 200 32715
172.22.2.4 - - [01/Oct/2023:04:09:29 -0500] "GET /BLA/boletinlegal/ HTTP/1.1" 200 28619
172.22.2.4 - - [01/Oct/2023:04:09:13 -0500] "GET /BLA/boletinlegal/ HTTP/1.1" 200 41412
201.245.192.253 - - [01/Oct/2023:04:11:00 -0500] "POST /kwsrmcab/Wsrmcab  HTTP/1.1" 200 213
172.22.2.4 - - [01/Oct/2023:04:09:29 -0500] "GET /BLA/boletinlegal/ HTTP/1.1" 200 39470
216.245.221.92 - - [01/Oct/2023:04:11:37 -0500] "HEAD / HTTP/1.1" 200 -
172.22.2.4 - - [01/Oct/2023:04:10:09 -0500] "HEAD /BLA/boletinlegal/ HTTP/1.1" 200 -
52.167.144.192 - - [01/Oct/2023:04:11:49 -0500] "GET /Publicaciones/2023EE225906.pdf HTTP/1.1" 200 601925
172.22.2.4 - - [01/Oct/2023:04:11:00 -0500] "GET /BLA/boletinlegal/ HTTP/1.1" 200 57323
199.16.157.181 - - [01/Oct/2023:04:13:33 -0500] "GET /images/1%20de%20febrer%20Operativo%20hornos.jpg HTTP/1.1" 200 69569
201.245.192.253 - - [01/Oct/2023:04:15:59 -0500] "POST /kwsrmcab/Wsrmcab  HTTP/1.1" 200 213
216.245.221.92 - - [01/Oct/2023:04:16:37 -0500] "HEAD / HTTP/1.1" 200 -
172.22.2.4 - - [01/Oct/2023:04:15:59 -0500] "HEAD /BLA/boletinlegal/ HTTP/1.1" 200 -
201.245.192.253 - - [01/Oct/2023:04:18:01 -0500] "POST /kwsrmcab/Wsrmcab HTTP/1.1" 200 43183
201.245.192.253 - - [01/Oct/2023:04:18:04 -0500] "POST /kwsrmcab/Wsrmcab HTTP/1.1" 200 40702
172.22.2.4 - - [01/Oct/2023:04:16:50 -0500] "GET /BLA/boletinlegal/ HTTP/1.1" 200 60342
157.55.39.51 - - [01/Oct/2023:04:18:35 -0500] "GET /BLA/resoluciones/RESOLUCIONES%202012/0956.pdf HTTP/1.1" 200 485580
52.167.144.190 - - [01/Oct/2023:04:18:40 -0500] "GET /Publicaciones/2023EE224581.pdf HTTP/1.1" 200 231943
52.167.144.190 - - [01/Oct/2023:04:19:20 -0500] "GET /BLA/resoluciones/RESOLUCIONES%202012/0825.pdf HTTP/1.1" 200 410782
100.21.253.41 - - [01/Oct/2023:04:20:11 -0500] "GET /galeria/galeria/fotos/Capellania2P.jpg HTTP/1.1" 200 35380
216.244.66.195 - - [01/Oct/2023:04:20:22 -0500] "GET /BLA/resoluciones/AUTOS%202017/5228.pdf HTTP/1.1" 200 360410
216.244.66.195 - - [01/Oct/2023:04:20:28 -0500] "GET /BLA/resoluciones/RESOLUCIONES%202009/9764.pdf HTTP/1.1" 200 320607
216.244.66.195 - - [01/Oct/2023:04:20:33 -0500] "GET /BLA/resoluciones/RESOLUCIONES%202011/0028.pdf HTTP/1.1" 200 422848
66.249.79.131 - - [01/Oct/2023:04:20:35 -0500] "GET /mujeres-que-reverdecen-secretaria-de-ambiente-anuncia-el-inicio-de-la-tercera-fase.html HTTP/1.1" 200 954
216.244.66.195 - - [01/Oct/2023:04:20:37 -0500] "GET /BLA/resoluciones/RESOLUCIONES%202011/0201.pdf HTTP/1.1" 200 192898
216.244.66.195 - - [01/Oct/2023:04:20:41 -0500] "GET /BLA/resoluciones/RESOLUCIONES%202011/0213.pdf HTTP/1.1" 200 302279
216.244.66.195 - - [01/Oct/2023:04:20:44 -0500] "GET /BLA/resoluciones/RESOLUCIONES%202011/0429.pdf HTTP/1.1" 200 66579
216.244.66.195 - - [01/Oct/2023:04:20:47 -0500] "GET /BLA/resoluciones/RESOLUCIONES%202011/0434.pdf HTTP/1.1" 200 70497
216.244.66.195 - - [01/Oct/2023:04:20:53 -0500] "GET /BLA/resoluciones/RESOLUCIONES%202011/0492.pdf HTTP/1.1" 200 68537
216.244.66.195 - - [01/Oct/2023:04:20:57 -0500] "GET /BLA/resoluciones/RESOLUCIONES%202011/0741.pdf HTTP/1.1" 200 66907
216.244.66.195 - - [01/Oct/2023:04:21:00 -0500] "GET /BLA/resoluciones/RESOLUCIONES%202011/0978.pdf HTTP/1.1" 200 252261
201.245.192.253 - - [01/Oct/2023:04:20:58 -0500] "POST /kwsrmcab/Wsrmcab  HTTP/1.1" 200 213
216.244.66.195 - - [01/Oct/2023:04:21:04 -0500] "GET /BLA/resoluciones/RESOLUCIONES%202011/1033.pdf HTTP/1.1" 200 81181
216.244.66.195 - - [01/Oct/2023:04:21:07 -0500] "GET /BLA/resoluciones/RESOLUCIONES%202011/1192.pdf HTTP/1.1" 200 258730
216.244.66.195 - - [01/Oct/2023:04:21:09 -0500] "GET /BLA/resoluciones/RESOLUCIONES%202011/1344.pdf HTTP/1.1" 200 75059
216.244.66.195 - - [01/Oct/2023:04:21:11 -0500] "GET /BLA/resoluciones/RESOLUCIONES%202011/1498.pdf HTTP/1.1" 200 102678
216.244.66.195 - - [01/Oct/2023:04:21:14 -0500] "GET /BLA/resoluciones/RESOLUCIONES%202011/1581.pdf HTTP/1.1" 200 70155
216.244.66.195 - - [01/Oct/2023:04:21:15 -0500] "GET /BLA/resoluciones/RESOLUCIONES%202011/1589.pdf HTTP/1.1" 200 70881
216.244.66.195 - - [01/Oct/2023:04:21:17 -0500] "GET /BLA/resoluciones/AUTOS%202014/2738.pdf HTTP/1.1" 200 711707
172.22.2.4 - - [01/Oct/2023:04:21:19 -0500] "GET /BLA/boletinlegal/jurisprudencia/analisis/AnalisisC-035-16.docx HTTP/1.1" 200 25011
216.244.66.195 - - [01/Oct/2023:04:21:32 -0500] "GET /BLA/resoluciones/RESOLUCIONES%202012/0641.pdf HTTP/1.1" 200 638556
216.245.221.92 - - [01/Oct/2023:04:21:37 -0500] "HEAD / HTTP/1.1" 200 -
216.244.66.195 - - [01/Oct/2023:04:21:45 -0500] "GET /BLA/resoluciones/AUTOS%202008/0004.pdf HTTP/1.1" 200 42452
216.244.66.195 - - [01/Oct/2023:04:21:54 -0500] "GET /BLA/resoluciones/AUTOS%202008/0219.pdf HTTP/1.1" 200 97122
216.244.66.195 - - [01/Oct/2023:04:22:04 -0500] "GET /BLA/resoluciones/AUTOS%202008/0329.pdf HTTP/1.1" 200 79641
172.22.2.4 - - [01/Oct/2023:04:20:27 -0500] "GET /BLA/boletinlegal/ HTTP/1.1" 200 61542
216.244.66.195 - - [01/Oct/2023:04:22:12 -0500] "GET /BLA/resoluciones/AUTOS%202008/0530.pdf HTTP/1.1" 200 90936
216.244.66.195 - - [01/Oct/2023:04:22:18 -0500] "GET /BLA/resoluciones/AUTOS%202008/0705.pdf HTTP/1.1" 200 83274
216.244.66.195 - - [01/Oct/2023:04:22:25 -0500] "GET /BLA/resoluciones/AUTOS%202008/0729.pdf HTTP/1.1" 200 93723
216.244.66.195 - - [01/Oct/2023:04:22:30 -0500] "GET /BLA/resoluciones/AUTOS%202008/0838.pdf HTTP/1.1" 200 81613
216.244.66.195 - - [01/Oct/2023:04:22:35 -0500] "GET /BLA/resoluciones/AUTOS%202008/1007.pdf HTTP/1.1" 200 116677
216.244.66.195 - - [01/Oct/2023:04:22:39 -0500] "GET /BLA/resoluciones/AUTOS%202008/1014.pdf HTTP/1.1" 200 87999
216.244.66.195 - - [01/Oct/2023:04:22:42 -0500] "GET /BLA/resoluciones/AUTOS%202009/2190.pdf HTTP/1.1" 200 114002
216.244.66.195 - - [01/Oct/2023:04:22:45 -0500] "GET /BLA/resoluciones/AUTOS%202013/0264.pdf HTTP/1.1" 200 2179465
216.244.66.195 - - [01/Oct/2023:04:22:56 -0500] "GET /BLA/resoluciones/AUTOS%202013/0552.pdf HTTP/1.1" 200 1678912
52.167.144.217 - - [01/Oct/2023:04:23:18 -0500] "GET /Publicaciones/2023EE196231.pdf HTTP/1.1" 404 228
172.22.2.4 - - [01/Oct/2023:04:21:49 -0500] "HEAD /BLA/boletinlegal/ HTTP/1.1" 200 -
216.244.66.195 - - [01/Oct/2023:04:23:35 -0500] "GET /BLA/resoluciones/AUTOS%202013/0944.pdf HTTP/1.1" 200 2007405
172.22.2.4 - - [01/Oct/2023:04:22:38 -0500] "GET /BLA/boletinlegal/ HTTP/1.1" 200 24523
20.27.20.23 - - [01/Oct/2023:04:23:43 -0500] "GET /Publicaciones/2023EE196231.pdf HTTP/1.1" 404 228
216.244.66.195 - - [01/Oct/2023:04:24:06 -0500] "GET /BLA/resoluciones/AUTOS%202013/0972.pdf HTTP/1.1" 200 238982
172.22.2.4 - - [01/Oct/2023:04:22:40 -0500] "GET /BLA/boletinlegal/ HTTP/1.1" 200 40232
216.244.66.195 - - [01/Oct/2023:04:24:36 -0500] "GET /BLA/resoluciones/AUTOS%202013/1738.pdf HTTP/1.1" 200 777244
100.21.253.41 - - [01/Oct/2023:04:24:43 -0500] "GET /galeria/galeria/fotos/Capellania2P.jpg HTTP/1.1" 200 35380
172.22.2.4 - - [01/Oct/2023:04:23:04 -0500] "GET /BLA/boletinlegal/ HTTP/1.1" 200 45671
216.244.66.195 - - [01/Oct/2023:04:25:08 -0500] "GET /BLA/resoluciones/AUTOS%202013/2086.pdf HTTP/1.1" 200 1929467
216.244.66.195 - - [01/Oct/2023:04:25:47 -0500] "GET /BLA/resoluciones/AUTOS%202013/2521.pdf HTTP/1.1" 200 603755
201.245.192.253 - - [01/Oct/2023:04:25:58 -0500] "POST /kwsrmcab/Wsrmcab  HTTP/1.1" 200 213
54.226.21.154 - - [01/Oct/2023:04:26:14 -0500] "GET /proximo-4-de-octubre-simulacro-distrital-de-evacuacion-dia-y-noche.html HTTP/1.1" 200 783
216.244.66.195 - - [01/Oct/2023:04:26:21 -0500] "GET /BLA/resoluciones/AUTOS%202013/2592.pdf HTTP/1.1" 200 667746
216.245.221.92 - - [01/Oct/2023:04:26:37 -0500] "HEAD / HTTP/1.1" 200 -
54.226.21.154 - - [01/Oct/2023:04:26:51 -0500] "GET /portaldeninos/ HTTP/1.1" 200 110175
172.22.2.4 - - [01/Oct/2023:04:26:56 -0500] "GET /BLA/boletinlegal/actos.php HTTP/1.1" 200 9682
216.244.66.195 - - [01/Oct/2023:04:27:00 -0500] "GET /BLA/resoluciones/AUTOS%202013/2639.pdf HTTP/1.1" 200 714829
52.167.144.217 - - [01/Oct/2023:04:27:31 -0500] "GET /BLA/resoluciones/RESOLUCIONES%202021/3118.pdf HTTP/1.1" 200 346833
216.244.66.195 - - [01/Oct/2023:04:27:42 -0500] "GET /BLA/resoluciones/AUTOS%202014/0090.pdf HTTP/1.1" 200 1004317
201.245.192.253 - - [01/Oct/2023:04:28:00 -0500] "POST /kwsrmcab/Wsrmcab HTTP/1.1" 200 43183
201.245.192.253 - - [01/Oct/2023:04:28:03 -0500] "POST /kwsrmcab/Wsrmcab HTTP/1.1" 200 40702
216.244.66.195 - - [01/Oct/2023:04:28:33 -0500] "GET /BLA/resoluciones/AUTOS%202014/0629.pdf HTTP/1.1" 200 3895525
172.22.2.4 - - [01/Oct/2023:04:27:39 -0500] "HEAD /BLA/boletinlegal/ HTTP/1.1" 200 -
216.244.66.195 - - [01/Oct/2023:04:29:23 -0500] "GET /BLA/resoluciones/AUTOS%202014/1413.pdf HTTP/1.1" 200 557159
172.22.2.4 - - [01/Oct/2023:04:28:30 -0500] "GET /BLA/boletinlegal/ HTTP/1.1" 200 60342
216.244.66.195 - - [01/Oct/2023:04:30:12 -0500] "GET /BLA/resoluciones/AUTOS%202014/1596.pdf HTTP/1.1" 200 461084
201.245.192.253 - - [01/Oct/2023:04:30:56 -0500] "POST /kwsrmcab/Wsrmcab  HTTP/1.1" 200 213
216.244.66.195 - - [01/Oct/2023:04:31:03 -0500] "GET /BLA/resoluciones/AUTOS%202014/1773.pdf HTTP/1.1" 200 315266
216.245.221.92 - - [01/Oct/2023:04:31:37 -0500] "HEAD / HTTP/1.1" 200 -
216.244.66.195 - - [01/Oct/2023:04:31:45 -0500] "GET /BLA/resoluciones/AUTOS%202014/1899.pdf HTTP/1.1" 200 612814
216.244.66.195 - - [01/Oct/2023:04:32:35 -0500] "GET /BLA/resoluciones/AUTOS%202014/2072.pdf HTTP/1.1" 200 633929
216.244.66.195 - - [01/Oct/2023:04:33:26 -0500] "GET /BLA/resoluciones/AUTOS%202015/0087.pdf HTTP/1.1" 200 643152
207.46.13.86 - - [01/Oct/2023:04:33:27 -0500] "GET /BLA/resoluciones/RESOLUCIONES%202023/1457.pdf HTTP/1.1" 200 386342
216.244.66.195 - - [01/Oct/2023:04:34:16 -0500] "GET /BLA/resoluciones/AUTOS%202015/0147.pdf HTTP/1.1" 200 792783
216.244.66.195 - - [01/Oct/2023:04:35:06 -0500] "GET /BLA/resoluciones/AUTOS%202015/0216.pdf HTTP/1.1" 200 522692
172.22.2.4 - - [01/Oct/2023:04:33:29 -0500] "HEAD /BLA/boletinlegal/ HTTP/1.1" 200 -
216.244.66.195 - - [01/Oct/2023:04:35:56 -0500] "GET /BLA/resoluciones/AUTOS%202015/0552.pdf HTTP/1.1" 200 497413
201.245.192.253 - - [01/Oct/2023:04:35:55 -0500] "POST /kwsrmcab/Wsrmcab  HTTP/1.1" 200 213
172.22.2.4 - - [01/Oct/2023:04:34:20 -0500] "GET /BLA/boletinlegal/ HTTP/1.1" 200 60692
216.245.221.92 - - [01/Oct/2023:04:36:37 -0500] "HEAD / HTTP/1.1" 200 -
216.244.66.195 - - [01/Oct/2023:04:36:46 -0500] "GET /BLA/resoluciones/AUTOS%202015/0720.pdf HTTP/1.1" 200 570287
52.167.144.221 - - [01/Oct/2023:04:37:02 -0500] "GET /Publicaciones/2023EE223542.pdf HTTP/1.1" 200 232052
216.244.66.195 - - [01/Oct/2023:04:37:39 -0500] "GET /BLA/resoluciones/AUTOS%202015/0977.pdf HTTP/1.1" 200 765691
201.245.192.253 - - [01/Oct/2023:04:38:01 -0500] "POST /kwsrmcab/Wsrmcab HTTP/1.1" 200 43183
201.245.192.253 - - [01/Oct/2023:04:38:03 -0500] "POST /kwsrmcab/Wsrmcab HTTP/1.1" 200 40702
216.244.66.195 - - [01/Oct/2023:04:38:29 -0500] "GET /BLA/resoluciones/AUTOS%202015/1638.pdf HTTP/1.1" 200 599305
216.244.66.195 - - [01/Oct/2023:04:39:20 -0500] "GET /BLA/resoluciones/AUTOS%202015/1732.pdf HTTP/1.1" 200 669030
216.244.66.195 - - [01/Oct/2023:04:40:10 -0500] "GET /BLA/resoluciones/AUTOS%202015/1946.pdf HTTP/1.1" 200 671326
201.245.192.253 - - [01/Oct/2023:04:40:54 -0500] "POST /kwsrmcab/Wsrmcab  HTTP/1.1" 200 213
172.22.2.4 - - [01/Oct/2023:04:39:19 -0500] "HEAD /BLA/boletinlegal/ HTTP/1.1" 200 -
216.245.221.92 - - [01/Oct/2023:04:41:37 -0500] "HEAD / HTTP/1.1" 200 -
172.22.2.4 - - [01/Oct/2023:04:40:10 -0500] "GET /BLA/boletinlegal/ HTTP/1.1" 200 60342
66.249.79.130 - - [01/Oct/2023:04:41:51 -0500] "GET /en-bosa-distrito-inicio-la-consolidacion-de-las-zonas-urbanas-por-un-mejor-aire.html HTTP/1.1" 304 -
40.77.167.22 - - [01/Oct/2023:04:44:01 -0500] "GET /BLA/resoluciones/RESOLUCIONES%202012/1689.pdf HTTP/1.1" 200 1113660
159.65.120.34 - - [01/Oct/2023:04:45:46 -0500] "GET / HTTP/1.1" 200 319
201.245.192.253 - - [01/Oct/2023:04:45:52 -0500] "POST /kwsrmcab/Wsrmcab  HTTP/1.1" 200 213
216.245.221.92 - - [01/Oct/2023:04:46:37 -0500] "HEAD / HTTP/1.1" 200 -
172.22.2.4 - - [01/Oct/2023:04:45:09 -0500] "HEAD /BLA/boletinlegal/ HTTP/1.1" 200 -
172.22.2.4 - - [01/Oct/2023:04:46:00 -0500] "GET /BLA/boletinlegal/ HTTP/1.1" 200 60692
201.245.192.253 - - [01/Oct/2023:04:50:51 -0500] "POST /kwsrmcab/Wsrmcab  HTTP/1.1" 200 213
181.214.164.109 - - [01/Oct/2023:04:51:16 -0500] "POST /11656810 HTTP/1.1" 404 1018
216.245.221.92 - - [01/Oct/2023:04:51:37 -0500] "HEAD / HTTP/1.1" 200 -
79.83.123.231 - - [01/Oct/2023:04:52:39 -0500] "GET /webdav/x32.php?host=176.149.86.17&time=60&port=80 HTTP/1.1" 404 1018
172.22.2.4 - - [01/Oct/2023:04:50:59 -0500] "HEAD /BLA/boletinlegal/ HTTP/1.1" 200 -
172.22.2.4 - - [01/Oct/2023:04:51:50 -0500] "GET /BLA/boletinlegal/ HTTP/1.1" 200 57790
201.245.192.253 - - [01/Oct/2023:04:55:49 -0500] "POST /kwsrmcab/Wsrmcab  HTTP/1.1" 200 213
216.245.221.92 - - [01/Oct/2023:04:56:37 -0500] "HEAD / HTTP/1.1" 200 -
172.22.2.4 - - [01/Oct/2023:04:56:49 -0500] "HEAD /BLA/boletinlegal/ HTTP/1.1" 200 -
172.22.2.4 - - [01/Oct/2023:04:57:40 -0500] "GET /BLA/boletinlegal/ HTTP/1.1" 200 58187
216.244.66.195 - - [01/Oct/2023:04:59:56 -0500] "GET /robots.txt HTTP/1.1" 404 1018
201.245.192.253 - - [01/Oct/2023:05:00:47 -0500] "POST /kwsrmcab/Wsrmcab  HTTP/1.1" 200 213
216.245.221.92 - - [01/Oct/2023:05:01:37 -0500] "HEAD / HTTP/1.1" 200 -
66.249.66.20 - - [01/Oct/2023:05:02:59 -0500] "GET /sipse/faces/index.xhtml HTTP/1.1" 200 677
172.22.2.4 - - [01/Oct/2023:05:02:39 -0500] "HEAD /BLA/boletinlegal/ HTTP/1.1" 200 -
40.77.167.70 - - [01/Oct/2023:05:05:02 -0500] "GET /Publicaciones/2023EE183676.pdf HTTP/1.1" 404 228
172.22.2.4 - - [01/Oct/2023:05:03:30 -0500] "GET /BLA/boletinlegal/ HTTP/1.1" 200 60692
201.245.192.253 - - [01/Oct/2023:05:05:46 -0500] "POST /kwsrmcab/Wsrmcab  HTTP/1.1" 200 213
157.55.39.60 - - [01/Oct/2023:05:05:49 -0500] "GET /BLA/resoluciones/RESOLUCIONES%202023/0878.pdf HTTP/1.1" 200 436969
111.202.101.170 - - [01/Oct/2023:05:06:00 -0500] "GET / HTTP/1.1" 200 319
216.245.221.92 - - [01/Oct/2023:05:06:37 -0500] "HEAD / HTTP/1.1" 200 -
172.22.2.4 - - [01/Oct/2023:05:06:46 -0500] "GET /BLA/boletinlegal/Circulares/2023/CIRCULAR%20No.%2000001%20DEL%2020%20DE%20FEBRERO%20DEL%202023.pdf HTTP/1.1" 304 -
172.22.2.4 - - [01/Oct/2023:05:08:29 -0500] "HEAD /BLA/boletinlegal/ HTTP/1.1" 200 -
201.245.192.253 - - [01/Oct/2023:05:10:45 -0500] "POST /kwsrmcab/Wsrmcab  HTTP/1.1" 200 213
172.22.2.4 - - [01/Oct/2023:05:09:20 -0500] "GET /BLA/boletinlegal/ HTTP/1.1" 200 60342
52.167.144.5 - - [01/Oct/2023:05:11:16 -0500] "GET /BLA/resoluciones/RESOLUCIONES%202012/1568.pdf HTTP/1.1" 200 781728
216.245.221.92 - - [01/Oct/2023:05:11:37 -0500] "HEAD / HTTP/1.1" 200 -
198.176.97.20 - - [01/Oct/2023:05:12:30 -0500] "GET /BLA/resoluciones/RESOLUCIONES%202017/2767.pdf HTTP/1.1" 200 2357434
216.244.66.195 - - [01/Oct/2023:05:13:33 -0500] "GET /BLA/resoluciones/AUTOS%202017/4636.pdf HTTP/1.1" 200 333606
216.244.66.195 - - [01/Oct/2023:05:13:39 -0500] "GET /BLA/resoluciones/AUTOS%202017/5135.pdf HTTP/1.1" 200 330420
216.244.66.195 - - [01/Oct/2023:05:14:18 -0500] "GET /BLA/resoluciones/AUTOS%202017/5218.pdf HTTP/1.1" 200 340054
216.244.66.195 - - [01/Oct/2023:05:14:56 -0500] "GET /BLA/resoluciones/AUTOS%202017/5244.pdf HTTP/1.1" 200 355355
216.244.66.195 - - [01/Oct/2023:05:15:45 -0500] "GET /BLA/resoluciones/RESOLUCIONES%202011/0228.pdf HTTP/1.1" 200 72827
201.245.192.253 - - [01/Oct/2023:05:15:43 -0500] "POST /kwsrmcab/Wsrmcab  HTTP/1.1" 200 213
172.22.2.4 - - [01/Oct/2023:05:14:19 -0500] "HEAD /BLA/boletinlegal/ HTTP/1.1" 200 -
216.244.66.195 - - [01/Oct/2023:05:16:22 -0500] "GET /BLA/resoluciones/RESOLUCIONES%202011/0420.pdf HTTP/1.1" 200 73051
52.167.144.180 - - [01/Oct/2023:05:16:33 -0500] "GET /catalogoisis/ HTTP/1.1" 200 8575
216.245.221.92 - - [01/Oct/2023:05:16:37 -0500] "HEAD / HTTP/1.1" 200 -
52.167.144.180 - - [01/Oct/2023:05:16:43 -0500] "GET /catalogoisis/Css/Busqueda.css HTTP/1.1" 200 1995
52.167.144.180 - - [01/Oct/2023:05:16:43 -0500] "GET /catalogoisis/Js/Cookies.js HTTP/1.1" 200 1369
52.167.144.180 - - [01/Oct/2023:05:16:44 -0500] "GET /catalogoisis/Js/Go.js HTTP/1.1" 200 364
172.22.2.4 - - [01/Oct/2023:05:15:10 -0500] "GET /BLA/boletinlegal/ HTTP/1.1" 200 58187
207.46.13.154 - - [01/Oct/2023:05:16:51 -0500] "GET /catalogoisis/Js/AceptarLimpiar.js HTTP/1.1" 200 331
207.46.13.154 - - [01/Oct/2023:05:16:51 -0500] "GET /catalogoisis/Js/LimpiarCombinada.js HTTP/1.1" 200 207
216.244.66.195 - - [01/Oct/2023:05:16:55 -0500] "GET /BLA/resoluciones/RESOLUCIONES%202011/0643.pdf HTTP/1.1" 200 355334
52.167.144.236 - - [01/Oct/2023:05:16:55 -0500] "GET /catalogoisis/Js/CriterioCombinada.js HTTP/1.1" 200 1843
52.167.144.236 - - [01/Oct/2023:05:16:55 -0500] "GET /catalogoisis/Js/Enter.js HTTP/1.1" 200 1208
52.167.144.236 - - [01/Oct/2023:05:16:56 -0500] "GET /catalogoisis/Js/Numero.js HTTP/1.1" 200 398
52.167.144.236 - - [01/Oct/2023:05:16:56 -0500] "GET /catalogoisis/Js/Remote.js HTTP/1.1" 200 436
207.46.13.154 - - [01/Oct/2023:05:17:30 -0500] "GET /BLA/resoluciones/RESOLUCIONES%202021/3051.pdf HTTP/1.1" 200 624945
216.244.66.195 - - [01/Oct/2023:05:17:39 -0500] "GET /BLA/resoluciones/RESOLUCIONES%202011/0790.pdf HTTP/1.1" 200 190047
201.245.192.253 - - [01/Oct/2023:05:18:00 -0500] "POST /kwsrmcab/Wsrmcab HTTP/1.1" 200 43032
201.245.192.253 - - [01/Oct/2023:05:18:03 -0500] "POST /kwsrmcab/Wsrmcab HTTP/1.1" 200 40690
216.244.66.195 - - [01/Oct/2023:05:18:26 -0500] "GET /BLA/resoluciones/RESOLUCIONES%202011/0795.pdf HTTP/1.1" 200 274978
52.167.144.195 - - [01/Oct/2023:05:18:35 -0500] "GET /BLA/resoluciones/RESOLUCIONES%202021/2775.pdf HTTP/1.1" 200 356346
172.22.2.4 - - [01/Oct/2023:05:19:06 -0500] "GET /BLA/boletinlegal/jurisprudencia/analisis/CUADRO%20ANALISIS%20SENTENCIA%20T-411%20DE%201992.doc HTTP/1.1" 304 -
216.244.66.195 - - [01/Oct/2023:05:19:11 -0500] "GET /BLA/resoluciones/RESOLUCIONES%202011/0927.pdf HTTP/1.1" 200 70155
216.244.66.195 - - [01/Oct/2023:05:19:44 -0500] "GET /BLA/resoluciones/RESOLUCIONES%202011/0940.pdf HTTP/1.1" 200 65773
216.244.66.195 - - [01/Oct/2023:05:20:18 -0500] "GET /BLA/resoluciones/RESOLUCIONES%202011/0951.pdf HTTP/1.1" 200 206620
201.245.192.253 - - [01/Oct/2023:05:20:41 -0500] "POST /kwsrmcab/Wsrmcab  HTTP/1.1" 200 213
216.244.66.195 - - [01/Oct/2023:05:21:00 -0500] "GET /BLA/resoluciones/RESOLUCIONES%202011/1196.pdf HTTP/1.1" 200 241352
216.245.221.92 - - [01/Oct/2023:05:21:37 -0500] "HEAD / HTTP/1.1" 200 -
207.46.13.154 - - [01/Oct/2023:05:21:41 -0500] "GET /BLA/resoluciones/RESOLUCIONES%202023/1601.pdf HTTP/1.1" 200 394251
216.244.66.195 - - [01/Oct/2023:05:21:42 -0500] "GET /BLA/resoluciones/RESOLUCIONES%202011/1324.pdf HTTP/1.1" 200 83279
172.22.2.4 - - [01/Oct/2023:05:20:09 -0500] "HEAD /BLA/boletinlegal/ HTTP/1.1" 200 -
216.244.66.195 - - [01/Oct/2023:05:22:21 -0500] "GET /BLA/resoluciones/RESOLUCIONES%202011/1624.pdf HTTP/1.1" 200 64909
172.22.2.4 - - [01/Oct/2023:05:21:00 -0500] "GET /BLA/boletinlegal/ HTTP/1.1" 200 60342
216.244.66.195 - - [01/Oct/2023:05:22:54 -0500] "GET /galeria/galeria/fotos/1CaminataG10.jpg HTTP/1.1" 200 212016
216.244.66.195 - - [01/Oct/2023:05:23:35 -0500] "GET /galeria/galeria/fotos/Movilizacion6G.jpg HTTP/1.1" 200 148492
216.244.66.195 - - [01/Oct/2023:05:24:13 -0500] "GET /BLA/resoluciones/RESOLUCIONES%202008/0544.pdf HTTP/1.1" 200 1277169
216.244.66.195 - - [01/Oct/2023:05:25:06 -0500] "GET /BLA/resoluciones/RESOLUCIONES%202008/0871.pdf HTTP/1.1" 200 655280
201.245.192.253 - - [01/Oct/2023:05:25:39 -0500] "POST /kwsrmcab/Wsrmcab  HTTP/1.1" 200 213
216.244.66.195 - - [01/Oct/2023:05:25:59 -0500] "GET /BLA/resoluciones/AUTOS%202008/0798.pdf HTTP/1.1" 200 81801
216.244.66.195 - - [01/Oct/2023:05:26:36 -0500] "GET /BLA/resoluciones/AUTOS%202008/0803.pdf HTTP/1.1" 200 85733
216.245.221.92 - - [01/Oct/2023:05:26:37 -0500] "HEAD / HTTP/1.1" 200 -
216.244.66.195 - - [01/Oct/2023:05:27:14 -0500] "GET /BLA/resoluciones/AUTOS%202008/1230.pdf HTTP/1.1" 200 79364
172.22.2.4 - - [01/Oct/2023:05:25:59 -0500] "HEAD /BLA/boletinlegal/ HTTP/1.1" 200 -
216.244.66.195 - - [01/Oct/2023:05:27:52 -0500] "GET /BLA/resoluciones/AUTOS%202008/1269.pdf HTTP/1.1" 200 71439
52.167.144.189 - - [01/Oct/2023:05:27:56 -0500] "GET /Publicaciones/2023EE224593.pdf HTTP/1.1" 200 232810
201.245.192.253 - - [01/Oct/2023:05:28:00 -0500] "POST /kwsrmcab/Wsrmcab HTTP/1.1" 200 43032
201.245.192.253 - - [01/Oct/2023:05:28:04 -0500] "POST /kwsrmcab/Wsrmcab HTTP/1.1" 200 40690
216.244.66.195 - - [01/Oct/2023:05:28:24 -0500] "GET /BLA/resoluciones/AUTOS%202008/1587.pdf HTTP/1.1" 200 58912
172.22.2.4 - - [01/Oct/2023:05:26:50 -0500] "GET /BLA/boletinlegal/ HTTP/1.1" 200 58981
216.244.66.195 - - [01/Oct/2023:05:28:56 -0500] "GET /BLA/resoluciones/AUTOS%202008/1662.pdf HTTP/1.1" 200 70770
216.244.66.195 - - [01/Oct/2023:05:29:28 -0500] "GET /BLA/resoluciones/AUTOS%202008/1806.pdf HTTP/1.1" 200 96209
216.244.66.195 - - [01/Oct/2023:05:30:05 -0500] "GET /BLA/resoluciones/AUTOS%202008/1957.pdf HTTP/1.1" 200 87238
52.167.144.238 - - [01/Oct/2023:05:30:07 -0500] "GET /BLA/resoluciones/RESOLUCIONES%202021/2668.pdf HTTP/1.1" 200 810911
216.244.66.195 - - [01/Oct/2023:05:30:38 -0500] "GET /BLA/resoluciones/AUTOS%202013/0735.pdf HTTP/1.1" 200 1775297
201.245.192.253 - - [01/Oct/2023:05:30:38 -0500] "POST /kwsrmcab/Wsrmcab  HTTP/1.1" 200 213
216.244.66.195 - - [01/Oct/2023:05:31:28 -0500] "GET /BLA/resoluciones/AUTOS%202013/0989.pdf HTTP/1.1" 200 2180266
52.167.144.166 - - [01/Oct/2023:05:31:36 -0500] "GET /BLA/resoluciones/RESOLUCIONES%202023/0675.pdf HTTP/1.1" 200 472096
216.245.221.92 - - [01/Oct/2023:05:31:37 -0500] "HEAD / HTTP/1.1" 200 -
216.244.66.195 - - [01/Oct/2023:05:32:18 -0500] "GET /BLA/resoluciones/AUTOS%202013/1423.pdf HTTP/1.1" 200 1676620
31.13.103.116 - - [01/Oct/2023:05:33:01 -0500] "GET /images/cr\xc3\xb3nica-29-nov-1_optimized.jpeg HTTP/1.1" 404 1034
216.244.66.195 - - [01/Oct/2023:05:33:08 -0500] "GET /BLA/resoluciones/AUTOS%202013/1874.pdf HTTP/1.1" 200 1916144
172.22.2.4 - - [01/Oct/2023:05:31:49 -0500] "HEAD /BLA/boletinlegal/ HTTP/1.1" 200 -
216.244.66.195 - - [01/Oct/2023:05:33:58 -0500] "GET /BLA/resoluciones/AUTOS%202013/1940.pdf HTTP/1.1" 200 434281
172.22.2.4 - - [01/Oct/2023:05:32:40 -0500] "GET /BLA/boletinlegal/ HTTP/1.1" 200 60342
216.244.66.195 - - [01/Oct/2023:05:34:43 -0500] "GET /BLA/resoluciones/AUTOS%202013/2046.pdf HTTP/1.1" 200 1939083
216.244.66.195 - - [01/Oct/2023:05:35:33 -0500] "GET /BLA/resoluciones/AUTOS%202013/2060.pdf HTTP/1.1" 200 1230559
201.245.192.253 - - [01/Oct/2023:05:35:37 -0500] "POST /kwsrmcab/Wsrmcab  HTTP/1.1" 200 213
52.167.144.238 - - [01/Oct/2023:05:35:47 -0500] "GET /Publicaciones/2023EE224599.pdf HTTP/1.1" 200 232001
216.244.66.195 - - [01/Oct/2023:05:36:23 -0500] "GET /BLA/resoluciones/AUTOS%202013/2155.pdf HTTP/1.1" 200 758939
216.245.221.92 - - [01/Oct/2023:05:36:37 -0500] "HEAD / HTTP/1.1" 200 -
216.244.66.195 - - [01/Oct/2023:05:37:11 -0500] "GET /BLA/resoluciones/AUTOS%202013/2167.pdf HTTP/1.1" 200 1952845
172.22.2.4 - - [01/Oct/2023:05:36:55 -0500] "GET /BLA/boletinlegal/ HTTP/1.1" 200 32715
106.227.49.113 - - [01/Oct/2023:05:37:49 -0500] "GET / HTTP/1.1" 200 319
216.244.66.195 - - [01/Oct/2023:05:38:01 -0500] "GET /BLA/resoluciones/AUTOS%202013/2987.pdf HTTP/1.1" 200 2113942
201.245.192.253 - - [01/Oct/2023:05:38:00 -0500] "POST /kwsrmcab/Wsrmcab HTTP/1.1" 200 43032
201.245.192.253 - - [01/Oct/2023:05:38:03 -0500] "POST /kwsrmcab/Wsrmcab HTTP/1.1" 200 40690
216.244.66.195 - - [01/Oct/2023:05:38:51 -0500] "GET /BLA/resoluciones/AUTOS%202014/0398.pdf HTTP/1.1" 200 5036201
222.79.104.23 - - [01/Oct/2023:05:39:08 -0500] "GET /portaldeninos/ HTTP/1.1" 200 110179
172.22.2.4 - - [01/Oct/2023:05:37:39 -0500] "HEAD /BLA/boletinlegal/ HTTP/1.1" 200 -
216.244.66.195 - - [01/Oct/2023:05:39:48 -0500] "GET /BLA/resoluciones/AUTOS%202014/0552.pdf HTTP/1.1" 200 905757
172.22.2.4 - - [01/Oct/2023:05:38:30 -0500] "GET /BLA/boletinlegal/ HTTP/1.1" 200 58187
216.244.66.195 - - [01/Oct/2023:05:40:34 -0500] "GET /BLA/resoluciones/AUTOS%202014/0638.pdf HTTP/1.1" 200 338698
201.245.192.253 - - [01/Oct/2023:05:40:35 -0500] "POST /kwsrmcab/Wsrmcab  HTTP/1.1" 200 213
216.244.66.195 - - [01/Oct/2023:05:41:04 -0500] "GET /BLA/resoluciones/AUTOS%202014/0847.pdf HTTP/1.1" 200 711983
216.244.66.195 - - [01/Oct/2023:05:41:35 -0500] "GET /BLA/resoluciones/AUTOS%202014/0894.pdf HTTP/1.1" 200 531203
216.245.221.92 - - [01/Oct/2023:05:41:37 -0500] "HEAD / HTTP/1.1" 200 -
216.244.66.195 - - [01/Oct/2023:05:42:12 -0500] "GET /BLA/resoluciones/AUTOS%202014/1036.pdf HTTP/1.1" 200 1348136
216.244.66.195 - - [01/Oct/2023:05:42:46 -0500] "GET /BLA/resoluciones/AUTOS%202014/2777.pdf HTTP/1.1" 200 2387952
216.244.66.195 - - [01/Oct/2023:05:43:36 -0500] "GET /BLA/resoluciones/AUTOS%202015/0019.pdf HTTP/1.1" 200 490640
216.244.66.195 - - [01/Oct/2023:05:44:07 -0500] "GET /BLA/resoluciones/AUTOS%202015/0142.pdf HTTP/1.1" 200 559462
172.22.2.4 - - [01/Oct/2023:05:43:29 -0500] "HEAD /BLA/boletinlegal/ HTTP/1.1" 200 -
201.245.192.253 - - [01/Oct/2023:05:45:35 -0500] "POST /kwsrmcab/Wsrmcab  HTTP/1.1" 200 213
172.22.2.4 - - [01/Oct/2023:05:44:19 -0500] "GET /BLA/boletinlegal/ HTTP/1.1" 200 58187
216.245.221.92 - - [01/Oct/2023:05:46:37 -0500] "HEAD / HTTP/1.1" 200 -
216.244.66.195 - - [01/Oct/2023:05:48:46 -0500] "GET /robots.txt HTTP/1.1" 404 1018
201.245.192.253 - - [01/Oct/2023:05:50:33 -0500] "POST /kwsrmcab/Wsrmcab  HTTP/1.1" 200 213
172.22.2.4 - - [01/Oct/2023:05:49:19 -0500] "HEAD /BLA/boletinlegal/ HTTP/1.1" 200 -
216.245.221.92 - - [01/Oct/2023:05:51:37 -0500] "HEAD / HTTP/1.1" 200 -
172.22.2.4 - - [01/Oct/2023:05:50:09 -0500] "GET /BLA/boletinlegal/ HTTP/1.1" 200 57790
52.167.144.239 - - [01/Oct/2023:05:52:27 -0500] "GET /Publicaciones/2023EE223157.pdf HTTP/1.1" 200 408581
201.245.192.253 - - [01/Oct/2023:05:55:31 -0500] "POST /kwsrmcab/Wsrmcab  HTTP/1.1" 200 213
216.245.221.92 - - [01/Oct/2023:05:56:37 -0500] "HEAD / HTTP/1.1" 200 -
172.22.2.4 - - [01/Oct/2023:05:56:06 -0500] "GET /BLA/boletinlegal/ HTTP/1.1" 200 20427
172.22.2.4 - - [01/Oct/2023:05:55:09 -0500] "HEAD /BLA/boletinlegal/ HTTP/1.1" 200 -
172.22.2.4 - - [01/Oct/2023:05:55:59 -0500] "GET /BLA/boletinlegal/ HTTP/1.1" 200 54150
34.90.104.159 - - [01/Oct/2023:05:59:08 -0500] "GET /proximo-4-de-octubre-simulacro-distrital-de-evacuacion-dia-y-noche.html HTTP/1.1" 200 783
173.252.83.8 - - [01/Oct/2023:05:59:30 -0500] "GET /images/pieza-mujeres-reverdecen-4-abril.jpg HTTP/1.1" 200 48916
173.252.87.4 - - [01/Oct/2023:06:00:15 -0500] "GET /images/pieza-calidad-aire-noche-4-febrero.jpg HTTP/1.1" 200 37476
66.249.66.21 - - [01/Oct/2023:06:00:30 -0500] "GET /BLA/resoluciones/RESOLUCIONES%202019/2301.pdf HTTP/1.1" 200 389495
216.244.66.195 - - [01/Oct/2023:06:00:32 -0500] "GET /BLA/resoluciones/RESOLUCIONES%202021/2538.pdf HTTP/1.1" 200 577051
201.245.192.253 - - [01/Oct/2023:06:00:30 -0500] "POST /kwsrmcab/Wsrmcab  HTTP/1.1" 200 213
173.252.107.9 - - [01/Oct/2023:06:00:53 -0500] "GET /distrito-entrego-certificado-de-reconocimiento-a-mas-de-600-mujeres-que-reverdecen-tras-seis-meses-de-formacion-teorica-y-practica.html HTTP/1.1" 200 1113
173.252.107.8 - - [01/Oct/2023:06:00:53 -0500] "GET /bogota-esta-mejorando-y-en-el-dia-de-los-humedales-bogota-reafirma-su-compromiso-con-estos-ecosistemas.html HTTP/1.1" 200 1153
173.252.107.7 - - [01/Oct/2023:06:00:53 -0500] "GET /alcaldesa-claudia-lopez-les-dio-la-bienvenida-a-las-sembradoras-por-la-reactivaccion.html HTTP/1.1" 200 1264
216.244.66.195 - - [01/Oct/2023:06:01:20 -0500] "GET /BLA/resoluciones/RESOLUCIONES%202021/2859.pdf HTTP/1.1" 200 348648
216.245.221.92 - - [01/Oct/2023:06:01:37 -0500] "HEAD / HTTP/1.1" 200 -
216.244.66.195 - - [01/Oct/2023:06:02:02 -0500] "GET /BLA/resoluciones/RESOLUCIONES%202021/2968.pdf HTTP/1.1" 200 514051
172.22.2.4 - - [01/Oct/2023:06:00:59 -0500] "HEAD /BLA/boletinlegal/ HTTP/1.1" 200 -
216.244.66.195 - - [01/Oct/2023:06:02:52 -0500] "GET /BLA/resoluciones/RESOLUCIONES%202021/2988.pdf HTTP/1.1" 200 380110
173.252.127.18 - - [01/Oct/2023:06:03:08 -0500] "GET /distrito-inicia-pavimentacion-de-vias-para-mejorar-la-calidad-del-aire-de-bogota.html HTTP/1.1" 200 970
172.22.2.4 - - [01/Oct/2023:06:01:49 -0500] "GET /BLA/boletinlegal/ HTTP/1.1" 200 58187
216.244.66.195 - - [01/Oct/2023:06:03:34 -0500] "GET /BLA/resoluciones/RESOLUCIONES%202021/3170.pdf HTTP/1.1" 200 361115
216.244.66.195 - - [01/Oct/2023:06:04:22 -0500] "GET /BLA/resoluciones/RESOLUCIONES%202021/3241.pdf HTTP/1.1" 200 344217
216.244.66.195 - - [01/Oct/2023:06:05:09 -0500] "GET /BLA/resoluciones/RESOLUCIONES%202021/3730.pdf HTTP/1.1" 200 345152
201.245.192.253 - - [01/Oct/2023:06:05:29 -0500] "POST /kwsrmcab/Wsrmcab  HTTP/1.1" 200 213
216.244.66.195 - - [01/Oct/2023:06:05:54 -0500] "GET /BLA/resoluciones/RESOLUCIONES%202021/3760.pdf HTTP/1.1" 200 338795
216.245.221.92 - - [01/Oct/2023:06:06:37 -0500] "HEAD / HTTP/1.1" 200 -
216.244.66.195 - - [01/Oct/2023:06:06:44 -0500] "GET /BLA/resoluciones/RESOLUCIONES%202021/4160.pdf HTTP/1.1" 200 428335
216.244.66.195 - - [01/Oct/2023:06:07:34 -0500] "GET /BLA/resoluciones/RESOLUCIONES%202021/4275.pdf HTTP/1.1" 200 451512
157.55.39.203 - - [01/Oct/2023:06:07:55 -0500] "GET /BLA/resoluciones/RESOLUCIONES%202023/1456.pdf HTTP/1.1" 200 481965
216.244.66.195 - - [01/Oct/2023:06:08:23 -0500] "GET /BLA/resoluciones/RESOLUCIONES%202021/4370.pdf HTTP/1.1" 200 353646
172.22.2.4 - - [01/Oct/2023:06:06:49 -0500] "HEAD /BLA/boletinlegal/ HTTP/1.1" 200 -
216.244.66.195 - - [01/Oct/2023:06:09:13 -0500] "GET /BLA/resoluciones/RESOLUCIONES%202021/4393.pdf HTTP/1.1" 200 360181
172.22.2.4 - - [01/Oct/2023:06:07:39 -0500] "GET /BLA/boletinlegal/ HTTP/1.1" 200 58187
69.171.231.119 - - [01/Oct/2023:06:09:30 -0500] "GET /images/pl\xc3\xa1sticos%20foto%201..jpg HTTP/1.1" 404 1034
216.244.66.195 - - [01/Oct/2023:06:09:58 -0500] "GET /BLA/resoluciones/RESOLUCIONES%202022/0222.pdf HTTP/1.1" 200 374868
201.245.192.253 - - [01/Oct/2023:06:10:27 -0500] "POST /kwsrmcab/Wsrmcab  HTTP/1.1" 200 213
216.244.66.195 - - [01/Oct/2023:06:10:43 -0500] "GET /BLA/resoluciones/RESOLUCIONES%202022/0315.pdf HTTP/1.1" 200 370010
198.235.24.180 - - [01/Oct/2023:06:11:24 -0500] "GET / HTTP/1.0" 200 319
216.244.66.195 - - [01/Oct/2023:06:11:33 -0500] "GET /BLA/resoluciones/RESOLUCIONES%202022/0401.pdf HTTP/1.1" 200 329990
216.245.221.92 - - [01/Oct/2023:06:11:37 -0500] "HEAD / HTTP/1.1" 200 -
216.244.66.195 - - [01/Oct/2023:06:12:14 -0500] "GET /BLA/resoluciones/RESOLUCIONES%202022/0573.pdf HTTP/1.1" 200 348985
216.244.66.195 - - [01/Oct/2023:06:12:59 -0500] "GET /BLA/resoluciones/RESOLUCIONES%202022/0585.pdf HTTP/1.1" 200 368342
173.252.79.119 - - [01/Oct/2023:06:13:18 -0500] "GET /images/Red%20de%20Monitoreo%20de%20Calidad%20del%20Aire.jpg HTTP/1.1" 200 51986
173.252.79.116 - - [01/Oct/2023:06:13:41 -0500] "GET /participa-en-la-convocatoria-para-el-aseguramiento-metrologico-de-la-red-de-monitoreo-de-calidad-del-aire-de-bogota.html HTTP/1.1" 200 848
173.252.79.6 - - [01/Oct/2023:06:13:45 -0500] "GET /participa-en-la-convocatoria-para-el-aseguramiento-metrologico-de-la-red-de-monitoreo-de-calidad-del-aire-de-bogota.html HTTP/1.1" 200 848
216.244.66.195 - - [01/Oct/2023:06:13:48 -0500] "GET /BLA/resoluciones/RESOLUCIONES%202022/1296.pdf HTTP/1.1" 200 343851
172.22.2.4 - - [01/Oct/2023:06:12:39 -0500] "HEAD /BLA/boletinlegal/ HTTP/1.1" 200 -
216.244.66.195 - - [01/Oct/2023:06:14:35 -0500] "GET /BLA/resoluciones/RESOLUCIONES%202022/1300.pdf HTTP/1.1" 200 360622
52.167.144.209 - - [01/Oct/2023:06:14:40 -0500] "GET /BLA/resoluciones/RESOLUCIONES%202021/2046.pdf HTTP/1.1" 200 568159
172.22.2.4 - - [01/Oct/2023:06:13:29 -0500] "GET /BLA/boletinlegal/ HTTP/1.1" 200 60692
216.244.66.195 - - [01/Oct/2023:06:15:25 -0500] "GET /BLA/resoluciones/RESOLUCIONES%202022/1304.pdf HTTP/1.1" 200 1052669
201.245.192.253 - - [01/Oct/2023:06:15:26 -0500] "POST /kwsrmcab/Wsrmcab  HTTP/1.1" 200 213
216.244.66.195 - - [01/Oct/2023:06:16:15 -0500] "GET /BLA/resoluciones/RESOLUCIONES%202022/1466.pdf HTTP/1.1" 200 370618
216.245.221.92 - - [01/Oct/2023:06:16:37 -0500] "HEAD / HTTP/1.1" 200 -
216.244.66.195 - - [01/Oct/2023:06:17:05 -0500] "GET /BLA/resoluciones/RESOLUCIONES%202022/2627.pdf HTTP/1.1" 200 333932
216.244.66.195 - - [01/Oct/2023:06:17:56 -0500] "GET /BLA/resoluciones/RESOLUCIONES%202022/2876.pdf HTTP/1.1" 200 350689
201.245.192.253 - - [01/Oct/2023:06:18:00 -0500] "POST /kwsrmcab/Wsrmcab HTTP/1.1" 200 43380
201.245.192.253 - - [01/Oct/2023:06:18:03 -0500] "POST /kwsrmcab/Wsrmcab HTTP/1.1" 200 40720
216.244.66.195 - - [01/Oct/2023:06:18:44 -0500] "GET /BLA/resoluciones/RESOLUCIONES%202022/2934.pdf HTTP/1.1" 200 448673
157.55.39.6 - - [01/Oct/2023:06:19:26 -0500] "GET /BLA/resoluciones/RESOLUCIONES%202021/1808.pdf HTTP/1.1" 200 345965
216.244.66.195 - - [01/Oct/2023:06:19:33 -0500] "GET /BLA/resoluciones/RESOLUCIONES%202022/2988.pdf HTTP/1.1" 200 674793
172.22.2.4 - - [01/Oct/2023:06:18:29 -0500] "HEAD /BLA/boletinlegal/ HTTP/1.1" 200 -
216.244.66.195 - - [01/Oct/2023:06:20:23 -0500] "GET /BLA/resoluciones/RESOLUCIONES%202022/3133.pdf HTTP/1.1" 200 359208
201.245.192.253 - - [01/Oct/2023:06:20:25 -0500] "POST /kwsrmcab/Wsrmcab  HTTP/1.1" 200 213
172.22.2.4 - - [01/Oct/2023:06:19:19 -0500] "GET /BLA/boletinlegal/ HTTP/1.1" 200 60342
216.244.66.195 - - [01/Oct/2023:06:21:02 -0500] "GET /BLA/resoluciones/RESOLUCIONES%202022/3488.pdf HTTP/1.1" 200 467333
173.252.111.120 - - [01/Oct/2023:06:21:33 -0500] "GET /images/mercados-campesinos-5-mayo.jpg HTTP/1.1" 200 95848
216.245.221.92 - - [01/Oct/2023:06:21:37 -0500] "HEAD / HTTP/1.1" 200 -
216.244.66.195 - - [01/Oct/2023:06:21:50 -0500] "GET /BLA/resoluciones/RESOLUCIONES%202022/3542.pdf HTTP/1.1" 200 352984
216.244.66.195 - - [01/Oct/2023:06:22:31 -0500] "GET /BLA/resoluciones/RESOLUCIONES%202022/3546.pdf HTTP/1.1" 200 352124
216.244.66.195 - - [01/Oct/2023:06:23:12 -0500] "GET /BLA/resoluciones/RESOLUCIONES%202022/4602.pdf HTTP/1.1" 200 386968
216.244.66.195 - - [01/Oct/2023:06:23:50 -0500] "GET /BLA/resoluciones/RESOLUCIONES%202022/4733.pdf HTTP/1.1" 200 380461
216.244.66.195 - - [01/Oct/2023:06:24:30 -0500] "GET /BLA/resoluciones/RESOLUCIONES%202022/4736.pdf HTTP/1.1" 200 582258
216.244.66.195 - - [01/Oct/2023:06:25:13 -0500] "GET /BLA/resoluciones/RESOLUCIONES%202022/5466.pdf HTTP/1.1" 200 354887
201.245.192.253 - - [01/Oct/2023:06:25:23 -0500] "POST /kwsrmcab/Wsrmcab  HTTP/1.1" 200 213
216.244.66.195 - - [01/Oct/2023:06:25:51 -0500] "GET /BLA/resoluciones/RESOLUCIONES%202023/0097.pdf HTTP/1.1" 200 389977
172.22.2.4 - - [01/Oct/2023:06:24:19 -0500] "HEAD /BLA/boletinlegal/ HTTP/1.1" 200 -
216.244.66.195 - - [01/Oct/2023:06:26:24 -0500] "GET /BLA/resoluciones/RESOLUCIONES%202023/0466.pdf HTTP/1.1" 200 451615
216.245.221.92 - - [01/Oct/2023:06:26:37 -0500] "HEAD / HTTP/1.1" 200 -
172.22.2.4 - - [01/Oct/2023:06:25:09 -0500] "GET /BLA/boletinlegal/ HTTP/1.1" 200 58187
216.244.66.195 - - [01/Oct/2023:06:26:59 -0500] "GET /BLA/resoluciones/RESOLUCIONES%202023/0470.pdf HTTP/1.1" 200 440748
216.244.66.195 - - [01/Oct/2023:06:27:33 -0500] "GET /BLA/resoluciones/RESOLUCIONES%202023/0554.pdf HTTP/1.1" 200 419083
157.55.39.56 - - [01/Oct/2023:06:27:37 -0500] "GET /Publicaciones/2023EE224586.pdf HTTP/1.1" 200 231946
201.245.192.253 - - [01/Oct/2023:06:28:00 -0500] "POST /kwsrmcab/Wsrmcab HTTP/1.1" 200 43380
216.244.66.195 - - [01/Oct/2023:06:28:05 -0500] "GET /BLA/resoluciones/AUTOS%202013/0707.pdf HTTP/1.1" 200 820386
201.245.192.253 - - [01/Oct/2023:06:28:03 -0500] "POST /kwsrmcab/Wsrmcab HTTP/1.1" 200 43047
216.244.66.195 - - [01/Oct/2023:06:28:32 -0500] "GET /BLA/resoluciones/AUTOS%202013/0860.pdf HTTP/1.1" 200 1397627
216.244.66.195 - - [01/Oct/2023:06:29:02 -0500] "GET /BLA/resoluciones/AUTOS%202013/0922.pdf HTTP/1.1" 200 1634194
216.244.66.195 - - [01/Oct/2023:06:29:49 -0500] "GET /BLA/resoluciones/AUTOS%202013/1072.pdf HTTP/1.1" 200 1001928
201.245.192.253 - - [01/Oct/2023:06:30:22 -0500] "POST /kwsrmcab/Wsrmcab  HTTP/1.1" 200 213
216.244.66.195 - - [01/Oct/2023:06:30:25 -0500] "GET /BLA/resoluciones/AUTOS%202013/1129.pdf HTTP/1.1" 200 822870
216.244.66.195 - - [01/Oct/2023:06:31:04 -0500] "GET /BLA/resoluciones/AUTOS%202013/1307.pdf HTTP/1.1" 200 1626347
52.167.144.145 - - [01/Oct/2023:06:31:32 -0500] "GET /BLA/resoluciones/RESOLUCIONES%202021/2692.pdf HTTP/1.1" 200 432569
216.244.66.195 - - [01/Oct/2023:06:31:35 -0500] "GET /BLA/resoluciones/AUTOS%202013/1594.pdf HTTP/1.1" 200 273724
216.245.221.92 - - [01/Oct/2023:06:31:37 -0500] "HEAD / HTTP/1.1" 200 -
172.22.2.4 - - [01/Oct/2023:06:30:09 -0500] "HEAD /BLA/boletinlegal/ HTTP/1.1" 200 -
157.55.39.51 - - [01/Oct/2023:06:31:57 -0500] "GET /Publicaciones/2023EE223173.pdf HTTP/1.1" 200 1013073
216.244.66.195 - - [01/Oct/2023:06:32:04 -0500] "GET /BLA/resoluciones/AUTOS%202013/1651.pdf HTTP/1.1" 200 163731
216.244.66.195 - - [01/Oct/2023:06:32:32 -0500] "GET /BLA/resoluciones/AUTOS%202013/1701.pdf HTTP/1.1" 200 160425
172.22.2.4 - - [01/Oct/2023:06:30:59 -0500] "GET /BLA/boletinlegal/ HTTP/1.1" 200 60692
66.249.66.19 - - [01/Oct/2023:06:33:00 -0500] "GET /Publicaciones/2022EE224599.pdf HTTP/1.1" 404 228
66.249.66.20 - - [01/Oct/2023:06:33:01 -0500] "GET /Publicaciones/2022EE223908.pdf HTTP/1.1" 404 228
66.249.66.20 - - [01/Oct/2023:06:33:01 -0500] "GET /Publicaciones/2022EE225636.pdf HTTP/1.1" 404 228
52.167.144.234 - - [01/Oct/2023:06:34:03 -0500] "GET /BLA/resoluciones/RESOLUCIONES%202012/0819.pdf HTTP/1.1" 200 451870
201.245.192.253 - - [01/Oct/2023:06:35:21 -0500] "POST /kwsrmcab/Wsrmcab  HTTP/1.1" 200 213
216.245.221.92 - - [01/Oct/2023:06:36:37 -0500] "HEAD / HTTP/1.1" 200 -
216.244.66.195 - - [01/Oct/2023:06:37:07 -0500] "GET /robots.txt HTTP/1.1" 404 1018
172.22.2.4 - - [01/Oct/2023:06:35:59 -0500] "HEAD /BLA/boletinlegal/ HTTP/1.1" 200 -
201.245.192.253 - - [01/Oct/2023:06:38:00 -0500] "POST /kwsrmcab/Wsrmcab HTTP/1.1" 200 43380
201.245.192.253 - - [01/Oct/2023:06:38:03 -0500] "POST /kwsrmcab/Wsrmcab HTTP/1.1" 200 43047
172.22.2.4 - - [01/Oct/2023:06:36:49 -0500] "GET /BLA/boletinlegal/ HTTP/1.1" 200 60342
201.245.192.253 - - [01/Oct/2023:06:40:19 -0500] "POST /kwsrmcab/Wsrmcab  HTTP/1.1" 200 213
52.167.144.140 - - [01/Oct/2023:06:40:22 -0500] "GET /BLA/resoluciones/RESOLUCIONES%202021/3187.pdf HTTP/1.1" 200 359917
216.245.221.92 - - [01/Oct/2023:06:41:37 -0500] "HEAD / HTTP/1.1" 200 -
172.22.2.4 - - [01/Oct/2023:06:42:55 -0500] "GET /BLA/boletinlegal/actos.php HTTP/1.1" 200 9682
172.22.2.4 - - [01/Oct/2023:06:41:49 -0500] "HEAD /BLA/boletinlegal/ HTTP/1.1" 200 -
172.22.2.4 - - [01/Oct/2023:06:42:39 -0500] "GET /BLA/boletinlegal/ HTTP/1.1" 200 60342
168.119.252.243 - - [01/Oct/2023:06:44:44 -0500] "GET / HTTP/1.1" 200 319
168.119.252.243 - - [01/Oct/2023:06:44:45 -0500] "GET / HTTP/1.1" 200 4720
201.245.192.253 - - [01/Oct/2023:06:45:19 -0500] "POST /kwsrmcab/Wsrmcab  HTTP/1.1" 200 213
172.22.2.4 - - [01/Oct/2023:06:45:28 -0500] "GET /BLA/boletinlegal/robots.txt HTTP/1.1" 404 1038
172.22.2.4 - - [01/Oct/2023:06:45:29 -0500] "GET /BLA/boletinlegal/Directivas/2014/Directiva%20No.%202%20del%205%20de%20Mayo%20de%202014.pdf HTTP/1.1" 200 591315
216.245.221.92 - - [01/Oct/2023:06:46:37 -0500] "HEAD / HTTP/1.1" 200 -
157.55.39.203 - - [01/Oct/2023:06:48:19 -0500] "GET /BLA/resoluciones/RESOLUCIONES%202023/1417.pdf HTTP/1.1" 200 384312
216.244.66.195 - - [01/Oct/2023:06:48:25 -0500] "GET /BLA/resoluciones/RESOLUCIONES%202021/1645.pdf HTTP/1.1" 200 348055
52.167.144.238 - - [01/Oct/2023:06:48:44 -0500] "GET /BLA/resoluciones/RESOLUCIONES%202012/1040.pdf HTTP/1.1" 200 379736
216.244.66.195 - - [01/Oct/2023:06:49:10 -0500] "GET /BLA/resoluciones/RESOLUCIONES%202021/2131.pdf HTTP/1.1" 200 1275589
172.22.2.4 - - [01/Oct/2023:06:47:39 -0500] "HEAD /BLA/boletinlegal/ HTTP/1.1" 200 -
216.244.66.195 - - [01/Oct/2023:06:50:00 -0500] "GET /BLA/resoluciones/RESOLUCIONES%202021/2410.pdf HTTP/1.1" 200 463257
162.55.37.179 - - [01/Oct/2023:06:50:01 -0500] "GET / HTTP/1.1" 200 319
162.55.37.179 - - [01/Oct/2023:06:50:01 -0500] "GET / HTTP/1.1" 200 4720
172.22.2.4 - - [01/Oct/2023:06:48:29 -0500] "GET /BLA/boletinlegal/ HTTP/1.1" 200 57790
201.245.192.253 - - [01/Oct/2023:06:50:18 -0500] "POST /kwsrmcab/Wsrmcab  HTTP/1.1" 200 213
216.244.66.195 - - [01/Oct/2023:06:50:48 -0500] "GET /BLA/resoluciones/RESOLUCIONES%202021/2537.pdf HTTP/1.1" 200 513325
66.249.66.21 - - [01/Oct/2023:06:51:00 -0500] "GET /Publicaciones/2023EE169937.pdf HTTP/1.1" 404 228
216.245.221.92 - - [01/Oct/2023:06:51:37 -0500] "HEAD / HTTP/1.1" 200 -
216.244.66.195 - - [01/Oct/2023:06:51:38 -0500] "GET /BLA/resoluciones/RESOLUCIONES%202021/2647.pdf HTTP/1.1" 200 607702
216.244.66.195 - - [01/Oct/2023:06:52:25 -0500] "GET /BLA/resoluciones/RESOLUCIONES%202021/3022.pdf HTTP/1.1" 200 338952
157.55.39.60 - - [01/Oct/2023:06:52:59 -0500] "GET /BLA/resoluciones/RESOLUCIONES%202012/0300.pdf HTTP/1.1" 200 321347
216.244.66.195 - - [01/Oct/2023:06:53:15 -0500] "GET /BLA/resoluciones/RESOLUCIONES%202021/4200.pdf HTTP/1.1" 200 337377
216.244.66.195 - - [01/Oct/2023:06:54:00 -0500] "GET /BLA/resoluciones/RESOLUCIONES%202021/4207.pdf HTTP/1.1" 200 338734
216.244.66.195 - - [01/Oct/2023:06:54:45 -0500] "GET /BLA/resoluciones/RESOLUCIONES%202022/0324.pdf HTTP/1.1" 200 537061
186.86.33.173 - - [01/Oct/2023:06:55:04 -0500] "GET /se-abre-convocatoria-a-organizaciones-ambientales-para-generar-1-070-empleos-verdes-dirigidos-a-mujeres.html HTTP/1.1" 200 1128
172.22.2.4 - - [01/Oct/2023:06:53:29 -0500] "HEAD /BLA/boletinlegal/ HTTP/1.1" 200 -
201.245.192.253 - - [01/Oct/2023:06:55:16 -0500] "POST /kwsrmcab/Wsrmcab  HTTP/1.1" 200 213
216.244.66.195 - - [01/Oct/2023:06:55:35 -0500] "GET /BLA/resoluciones/RESOLUCIONES%202022/0392.pdf HTTP/1.1" 200 327842
172.22.2.4 - - [01/Oct/2023:06:54:19 -0500] "GET /BLA/boletinlegal/ HTTP/1.1" 200 60342
216.244.66.195 - - [01/Oct/2023:06:56:25 -0500] "GET /BLA/resoluciones/RESOLUCIONES%202022/0491.pdf HTTP/1.1" 200 7689826
216.245.221.92 - - [01/Oct/2023:06:56:37 -0500] "HEAD / HTTP/1.1" 200 -
216.244.66.195 - - [01/Oct/2023:06:57:16 -0500] "GET /BLA/resoluciones/RESOLUCIONES%202022/0543.pdf HTTP/1.1" 200 332747
157.55.39.60 - - [01/Oct/2023:06:58:00 -0500] "GET /BLA/resoluciones/RESOLUCIONES%202021/1471.pdf HTTP/1.1" 200 494147
216.244.66.195 - - [01/Oct/2023:06:58:05 -0500] "GET /BLA/resoluciones/RESOLUCIONES%202022/0759.pdf HTTP/1.1" 200 328935
216.244.66.195 - - [01/Oct/2023:06:58:51 -0500] "GET /BLA/resoluciones/RESOLUCIONES%202022/0867.pdf HTTP/1.1" 200 374179
216.244.66.195 - - [01/Oct/2023:06:59:41 -0500] "GET /BLA/resoluciones/RESOLUCIONES%202022/1289.pdf HTTP/1.1" 200 352695
201.245.192.253 - - [01/Oct/2023:07:00:14 -0500] "POST /kwsrmcab/Wsrmcab  HTTP/1.1" 200 213
216.244.66.195 - - [01/Oct/2023:07:00:29 -0500] "GET /BLA/resoluciones/RESOLUCIONES%202022/1392.pdf HTTP/1.1" 200 332285
172.22.2.4 - - [01/Oct/2023:06:59:19 -0500] "HEAD /BLA/boletinlegal/ HTTP/1.1" 200 -
216.244.66.195 - - [01/Oct/2023:07:01:20 -0500] "GET /BLA/resoluciones/RESOLUCIONES%202022/1405.pdf HTTP/1.1" 200 687327
216.245.221.92 - - [01/Oct/2023:07:01:36 -0500] "HEAD / HTTP/1.1" 200 -
172.22.2.4 - - [01/Oct/2023:07:00:09 -0500] "GET /BLA/boletinlegal/ HTTP/1.1" 200 56607
157.55.39.60 - - [01/Oct/2023:07:02:00 -0500] "GET /BLA/resoluciones/RESOLUCIONES%202021/1995.pdf HTTP/1.1" 200 414935
216.244.66.195 - - [01/Oct/2023:07:02:11 -0500] "GET /BLA/resoluciones/RESOLUCIONES%202022/1416.pdf HTTP/1.1" 200 445335
66.249.66.19 - - [01/Oct/2023:07:03:00 -0500] "GET /BLA/resoluciones/RESOLUCIONES%202010/6280.pdf HTTP/1.1" 200 87504
216.244.66.195 - - [01/Oct/2023:07:03:01 -0500] "GET /BLA/resoluciones/RESOLUCIONES%202022/1982.pdf HTTP/1.1" 200 443013
66.249.66.21 - - [01/Oct/2023:07:03:01 -0500] "GET /BLA/resoluciones/RESOLUCIONES%202015/1054.pdf HTTP/1.1" 200 487632
66.249.66.19 - - [01/Oct/2023:07:03:02 -0500] "GET /BLA/resoluciones/AUTOS%202014/5767.pdf HTTP/1.1" 200 518941
165.232.88.90 - - [01/Oct/2023:07:03:18 -0500] "GET / HTTP/1.1" 200 319
216.244.66.195 - - [01/Oct/2023:07:03:51 -0500] "GET /BLA/resoluciones/RESOLUCIONES%202022/2029.pdf HTTP/1.1" 200 352013
216.244.66.195 - - [01/Oct/2023:07:04:40 -0500] "GET /BLA/resoluciones/RESOLUCIONES%202022/2090.pdf HTTP/1.1" 200 405575
173.252.87.116 - - [01/Oct/2023:07:04:41 -0500] "GET /images/pieza-mujeres-reverdecen-4-abril.jpg HTTP/1.1" 200 48916
172.22.2.4 - - [01/Oct/2023:07:03:04 -0500] "GET /BLA/boletinlegal/index.php HTTP/1.1" 200 60692
173.252.79.3 - - [01/Oct/2023:07:04:54 -0500] "GET /images/pieza-calidad-aire-noche-4-febrero.jpg HTTP/1.1" 200 37476
201.245.192.253 - - [01/Oct/2023:07:05:13 -0500] "POST /kwsrmcab/Wsrmcab  HTTP/1.1" 200 213
173.252.127.15 - - [01/Oct/2023:07:05:25 -0500] "GET /images/imagen-comunicado-podcast.jpg HTTP/1.1" 200 39765
173.252.111.120 - - [01/Oct/2023:07:05:25 -0500] "GET /images/SECRETARIA-AMBIENTE-FACHADA-5-NOV.jpg HTTP/1.1" 200 250889
173.252.79.8 - - [01/Oct/2023:07:05:25 -0500] "GET /images/tik-tok-red-social%20secretaria-ambiente-30-octubre.jpg HTTP/1.1" 200 23521
216.244.66.195 - - [01/Oct/2023:07:05:30 -0500] "GET /BLA/resoluciones/RESOLUCIONES%202022/2160.pdf HTTP/1.1" 200 408060
66.249.66.21 - - [01/Oct/2023:07:06:00 -0500] "GET /Publicaciones/2022EE309726.pdf HTTP/1.1" 404 228
216.244.66.195 - - [01/Oct/2023:07:06:20 -0500] "GET /BLA/resoluciones/RESOLUCIONES%202022/2262.pdf HTTP/1.1" 200 334186
216.245.221.92 - - [01/Oct/2023:07:06:37 -0500] "HEAD / HTTP/1.1" 200 -
172.22.2.4 - - [01/Oct/2023:07:05:09 -0500] "HEAD /BLA/boletinlegal/ HTTP/1.1" 200 -
216.244.66.195 - - [01/Oct/2023:07:07:02 -0500] "GET /BLA/resoluciones/RESOLUCIONES%202022/2492.pdf HTTP/1.1" 200 335943
172.22.2.4 - - [01/Oct/2023:07:05:59 -0500] "GET /BLA/boletinlegal/ HTTP/1.1" 200 58187
216.244.66.195 - - [01/Oct/2023:07:07:47 -0500] "GET /BLA/resoluciones/RESOLUCIONES%202022/3115.pdf HTTP/1.1" 200 405069
216.244.66.195 - - [01/Oct/2023:07:08:35 -0500] "GET /BLA/resoluciones/RESOLUCIONES%202022/3179.pdf HTTP/1.1" 200 389023
52.167.144.188 - - [01/Oct/2023:07:08:56 -0500] "GET /BLA/resoluciones/RESOLUCIONES%202023/0261.pdf HTTP/1.1" 200 386743
216.244.66.195 - - [01/Oct/2023:07:09:15 -0500] "GET /BLA/resoluciones/RESOLUCIONES%202022/3296.pdf HTTP/1.1" 200 621091
216.244.66.195 - - [01/Oct/2023:07:10:05 -0500] "GET /BLA/resoluciones/RESOLUCIONES%202022/3364.pdf HTTP/1.1" 200 434883
201.245.192.253 - - [01/Oct/2023:07:10:12 -0500] "POST /kwsrmcab/Wsrmcab  HTTP/1.1" 200 213
216.244.66.195 - - [01/Oct/2023:07:10:50 -0500] "GET /BLA/resoluciones/RESOLUCIONES%202022/3595.pdf HTTP/1.1" 200 460099
216.245.221.92 - - [01/Oct/2023:07:11:37 -0500] "HEAD / HTTP/1.1" 200 -
216.244.66.195 - - [01/Oct/2023:07:11:37 -0500] "GET /BLA/resoluciones/RESOLUCIONES%202022/5600.pdf HTTP/1.1" 200 500107
216.244.66.195 - - [01/Oct/2023:07:12:17 -0500] "GET /BLA/resoluciones/RESOLUCIONES%202023/0232.pdf HTTP/1.1" 200 435164
172.22.2.4 - - [01/Oct/2023:07:10:59 -0500] "HEAD /BLA/boletinlegal/ HTTP/1.1" 200 -
95.108.213.88 - - [01/Oct/2023:07:12:42 -0500] "GET /robots.txt HTTP/1.1" 404 1035
213.180.203.208 - - [01/Oct/2023:07:12:43 -0500] "GET /portaldeninos/ HTTP/1.1" 200 110175
216.244.66.195 - - [01/Oct/2023:07:12:59 -0500] "GET /BLA/resoluciones/RESOLUCIONES%202023/0483.pdf HTTP/1.1" 200 428703
172.22.2.4 - - [01/Oct/2023:07:11:49 -0500] "GET /BLA/boletinlegal/ HTTP/1.1" 200 58187
207.46.13.17 - - [01/Oct/2023:07:13:31 -0500] "GET /Publicaciones/2023EE224585.pdf HTTP/1.1" 200 231889
216.244.66.195 - - [01/Oct/2023:07:13:39 -0500] "GET /BLA/resoluciones/RESOLUCIONES%202023/0827.pdf HTTP/1.1" 200 413476
199.16.157.181 - - [01/Oct/2023:07:13:45 -0500] "GET /images/cr%C3%B3nica-29-nov-1_optimized.jpeg HTTP/1.1" 404 1034
