201.245.192.253 - - [03/Oct/2023:13:20:50 -0500] "GET /BLA/resoluciones/RESOLUCIONES%202023/0875.pdf HTTP/1.1" 200 2118292
201.245.192.253 - - [03/Oct/2023:13:20:51 -0500] "GET /favicon.ico HTTP/1.1" 200 7782
207.46.13.212 - - [03/Oct/2023:13:20:50 -0500] "GET /portaldeninos/wp-content/uploads/2019/08/Incendios-forestales-ajustada.gif HTTP/1.1" 200 764832
172.22.2.4 - - [03/Oct/2023:13:19:21 -0500] "GET /BLA/boletinlegal/ HTTP/1.1" 200 60342
172.22.2.4 - - [03/Oct/2023:13:21:08 -0500] "GET /BLA/boletinlegal/consulta_actos.php?tipo=resoluciones&no=0292&usuario=&sector=&fecha=2017&resuelve= HTTP/1.1" 200 1108
181.53.12.253 - - [03/Oct/2023:13:21:09 -0500] "GET /BLA/resoluciones/RESOLUCIONES%202017/0292.pdf HTTP/1.1" 200 493870
190.109.20.165 - - [03/Oct/2023:13:21:13 -0500] "GET /sipse/faces/javax.faces.resource/images/ui-bg_flat_0_2d5972_40x100.png?ln=primefaces-aristo HTTP/1.1" 304 -
190.109.20.165 - - [03/Oct/2023:13:21:13 -0500] "POST /sipse/faces/presentacion/sistema/reporte/ventanaVerReporteParametros.xhtml HTTP/1.1" 200 30088
190.109.20.165 - - [03/Oct/2023:13:21:14 -0500] "GET /sipse/faces/javax.faces.resource/jquery/jquery.js?ln=primefaces&v=4.0 HTTP/1.1" 304 -
190.109.20.165 - - [03/Oct/2023:13:21:14 -0500] "GET /sipse/faces/javax.faces.resource/jquery/jquery-plugins.js?ln=primefaces&v=4.0 HTTP/1.1" 304 -
190.109.20.165 - - [03/Oct/2023:13:21:14 -0500] "GET /sipse/faces/javax.faces.resource/primefaces.js?ln=primefaces&v=4.0 HTTP/1.1" 304 -
190.109.20.165 - - [03/Oct/2023:13:21:14 -0500] "GET /sipse/faces/javax.faces.resource/layout/layout.js?ln=primefaces&v=4.0 HTTP/1.1" 304 -
190.109.20.165 - - [03/Oct/2023:13:21:16 -0500] "POST /sipse/faces/presentacion/sistema/reporte/listarReportes.xhtml HTTP/1.1" 200 25412
190.109.20.165 - - [03/Oct/2023:13:21:17 -0500] "GET /sipse/faces/javax.faces.resource/theme.css?ln=primefaces-sipse HTTP/1.1" 304 -
190.109.20.165 - - [03/Oct/2023:13:21:17 -0500] "GET /sipse/faces/javax.faces.resource/primefaces.js?ln=primefaces&v=4.0 HTTP/1.1" 304 -
190.109.20.165 - - [03/Oct/2023:13:21:17 -0500] "GET /sipse/faces/javax.faces.resource/jquery/jquery-plugins.js?ln=primefaces&v=4.0 HTTP/1.1" 304 -
190.109.20.165 - - [03/Oct/2023:13:21:17 -0500] "GET /sipse/faces/javax.faces.resource/layout/layout.css?ln=primefaces&v=4.0 HTTP/1.1" 304 -
190.109.20.165 - - [03/Oct/2023:13:21:17 -0500] "GET /sipse/faces/javax.faces.resource/primefaces.css?ln=primefaces&v=4.0 HTTP/1.1" 304 -
190.109.20.165 - - [03/Oct/2023:13:21:17 -0500] "GET /sipse/faces/javax.faces.resource/jquery/jquery.js?ln=primefaces&v=4.0 HTTP/1.1" 304 -
190.109.20.165 - - [03/Oct/2023:13:21:17 -0500] "GET /sipse/faces/javax.faces.resource/layout/layout.js?ln=primefaces&v=4.0 HTTP/1.1" 304 -
190.109.20.165 - - [03/Oct/2023:13:21:17 -0500] "GET /sipse/faces/javax.faces.resource/images/ui-icons_898989_256x240.png?ln=primefaces-aristo HTTP/1.1" 304 -
216.244.66.195 - - [03/Oct/2023:13:21:19 -0500] "GET /BLA/resoluciones/AUTOS%202010/3784.pdf HTTP/1.1" 200 227199
190.109.20.165 - - [03/Oct/2023:13:21:25 -0500] "GET /reportes_sipse/jsp/inicio.jsp HTTP/1.1" 200 2935
190.109.20.165 - - [03/Oct/2023:13:21:25 -0500] "GET /reportes_sipse/css/estilos.css HTTP/1.1" 304 -
190.109.20.165 - - [03/Oct/2023:13:21:25 -0500] "GET /reportes_sipse/imagenes/logoAplicacion.jpg HTTP/1.1" 304 -
190.109.20.165 - - [03/Oct/2023:13:21:25 -0500] "GET /reportes_sipse/imagenes/fondo.jpg HTTP/1.1" 304 -
190.109.20.165 - - [03/Oct/2023:13:21:27 -0500] "POST /reportes_sipse/sdg/ServletReporte?Modificaciones_Presupuestales_Sipse& HTTP/1.1" 200 5384
190.109.20.165 - - [03/Oct/2023:13:21:27 -0500] "GET /reportes_sipse/js/funciones.js HTTP/1.1" 304 -
190.109.20.165 - - [03/Oct/2023:13:21:27 -0500] "GET /reportes_sipse/js/date-picker.js HTTP/1.1" 304 -
190.109.20.165 - - [03/Oct/2023:13:21:27 -0500] "GET /reportes_sipse/imagenes/pdf.gif HTTP/1.1" 304 -
190.109.20.165 - - [03/Oct/2023:13:21:27 -0500] "GET /reportes_sipse/imagenes/excel.gif HTTP/1.1" 304 -
201.245.192.253 - - [03/Oct/2023:13:21:42 -0500] "POST /forms/lservlet;jsessionid=ac16012b30d607c8f7daf1854769aea39dbd093f70dc.e3iSbxaKaheRe34Pbx8Nc3aQci1ynknvrkLOlQzNp65In0 HTTP/1.1" 200 2
216.244.66.195 - - [03/Oct/2023:13:21:49 -0500] "GET /BLA/resoluciones/AUTOS%202010/4360.pdf HTTP/1.1" 200 245229
172.22.2.4 - - [03/Oct/2023:13:22:09 -0500] "GET /BLA/boletinlegal/consulta_actos.php?tipo=resoluciones&no=7799&usuario=&sector=&fecha=2022&resuelve= HTTP/1.1" 200 626
201.245.192.253 - - [03/Oct/2023:13:22:11 -0500] "POST /forms/lservlet;jsessionid=ac16012b30d6d6f3d115f78c4008aad8a35d3bb86738.e3iSbxaKaheRe34Pbx8Nc3aQci1ynknvrkLOlQzNp65In0 HTTP/1.1" 200 2
216.244.66.195 - - [03/Oct/2023:13:22:15 -0500] "GET /BLA/resoluciones/AUTOS%202010/4434.pdf HTTP/1.1" 200 130703
185.216.71.45 - - [03/Oct/2023:13:22:25 -0500] "GET / HTTP/1.1" 200 319
190.109.20.165 - - [03/Oct/2023:13:21:31 -0500] "POST /reportes_sipse/sdg/ServletControlador HTTP/1.1" 200 79532
216.244.66.195 - - [03/Oct/2023:13:22:41 -0500] "GET /BLA/resoluciones/AUTOS%202010/4590.pdf HTTP/1.1" 200 158505
216.244.66.195 - - [03/Oct/2023:13:23:05 -0500] "GET /BLA/resoluciones/AUTOS%202010/5114.pdf HTTP/1.1" 200 170151
216.244.66.195 - - [03/Oct/2023:13:23:29 -0500] "GET /BLA/resoluciones/AUTOS%202010/5331.pdf HTTP/1.1" 200 304909
201.245.192.253 - - [03/Oct/2023:13:23:42 -0500] "POST /forms/lservlet;jsessionid=ac16012b30d607c8f7daf1854769aea39dbd093f70dc.e3iSbxaKaheRe34Pbx8Nc3aQci1ynknvrkLOlQzNp65In0 HTTP/1.1" 200 2
190.109.20.165 - - [03/Oct/2023:13:23:45 -0500] "GET /sipse/faces/javax.faces.resource/images/ui-bg_flat_0_2d5972_40x100.png?ln=primefaces-aristo HTTP/1.1" 304 -
190.109.20.165 - - [03/Oct/2023:13:23:45 -0500] "POST /sipse/faces/presentacion/sistema/reporte/ventanaVerReporteParametros.xhtml HTTP/1.1" 200 36519
190.109.20.165 - - [03/Oct/2023:13:23:45 -0500] "GET /sipse/faces/javax.faces.resource/jquery/jquery.js?ln=primefaces&v=4.0 HTTP/1.1" 304 -
190.109.20.165 - - [03/Oct/2023:13:23:45 -0500] "GET /sipse/faces/javax.faces.resource/jquery/jquery-plugins.js?ln=primefaces&v=4.0 HTTP/1.1" 304 -
190.109.20.165 - - [03/Oct/2023:13:23:45 -0500] "GET /sipse/faces/javax.faces.resource/primefaces.js?ln=primefaces&v=4.0 HTTP/1.1" 304 -
190.109.20.165 - - [03/Oct/2023:13:23:46 -0500] "GET /sipse/faces/javax.faces.resource/layout/layout.js?ln=primefaces&v=4.0 HTTP/1.1" 304 -
190.109.20.165 - - [03/Oct/2023:13:23:48 -0500] "POST /sipse/faces/presentacion/sistema/reporte/listarReportes.xhtml HTTP/1.1" 200 2171
216.244.66.195 - - [03/Oct/2023:13:23:51 -0500] "GET /BLA/resoluciones/AUTOS%202010/5459.pdf HTTP/1.1" 200 161824
201.245.192.253 - - [03/Oct/2023:13:24:11 -0500] "POST /forms/lservlet;jsessionid=ac16012b30d6d6f3d115f78c4008aad8a35d3bb86738.e3iSbxaKaheRe34Pbx8Nc3aQci1ynknvrkLOlQzNp65In0 HTTP/1.1" 200 2
190.109.20.165 - - [03/Oct/2023:13:23:49 -0500] "POST /sipse/faces/presentacion/sistema/reporte/listarReportes.xhtml HTTP/1.1" 200 88752
190.109.20.165 - - [03/Oct/2023:13:24:11 -0500] "GET /sipse/faces/javax.faces.resource/jquery/jquery.js?ln=primefaces&v=4.0 HTTP/1.1" 304 -
190.109.20.165 - - [03/Oct/2023:13:24:11 -0500] "GET /sipse/faces/javax.faces.resource/jquery/jquery-plugins.js?ln=primefaces&v=4.0 HTTP/1.1" 304 -
190.109.20.165 - - [03/Oct/2023:13:24:12 -0500] "GET /sipse/faces/javax.faces.resource/primefaces.js?ln=primefaces&v=4.0 HTTP/1.1" 304 -
190.109.20.165 - - [03/Oct/2023:13:24:12 -0500] "GET /sipse/faces/javax.faces.resource/layout/layout.js?ln=primefaces&v=4.0 HTTP/1.1" 304 -
216.244.66.195 - - [03/Oct/2023:13:24:12 -0500] "GET /BLA/resoluciones/AUTOS%202010/5700.pdf HTTP/1.1" 200 204421
190.109.20.165 - - [03/Oct/2023:13:24:12 -0500] "POST /sipse/faces/presentacion/proyectos/proyecto/listarProyecto.xhtml HTTP/1.1" 200 82118
216.244.66.195 - - [03/Oct/2023:13:24:33 -0500] "GET /BLA/resoluciones/AUTOS%202010/6109.pdf HTTP/1.1" 200 497428
190.109.20.165 - - [03/Oct/2023:13:24:35 -0500] "POST /sipse/faces/presentacion/proyectos/proyecto/listarProyecto.xhtml HTTP/1.1" 200 4983
190.109.20.165 - - [03/Oct/2023:13:24:38 -0500] "POST /sipse/faces/presentacion/proyectos/proyecto/listarProyecto.xhtml HTTP/1.1" 200 163
216.245.221.92 - - [03/Oct/2023:13:24:39 -0500] "HEAD / HTTP/1.1" 200 -
190.109.20.165 - - [03/Oct/2023:13:24:40 -0500] "GET /sipse/faces/javax.faces.resource/theme.css?ln=primefaces-sipse HTTP/1.1" 304 -
190.109.20.165 - - [03/Oct/2023:13:24:40 -0500] "GET /sipse/faces/javax.faces.resource/primefaces.css?ln=primefaces&v=4.0 HTTP/1.1" 304 -
190.109.20.165 - - [03/Oct/2023:13:24:40 -0500] "GET /sipse/faces/javax.faces.resource/jquery/jquery.js?ln=primefaces&v=4.0 HTTP/1.1" 304 -
190.109.20.165 - - [03/Oct/2023:13:24:38 -0500] "GET /sipse/faces/presentacion/proyectos/proyecto/proyecto.xhtml HTTP/1.1" 200 96048
190.109.20.165 - - [03/Oct/2023:13:24:40 -0500] "GET /sipse/faces/javax.faces.resource/layout/layout.css?ln=primefaces&v=4.0 HTTP/1.1" 304 -
190.109.20.165 - - [03/Oct/2023:13:24:40 -0500] "GET /sipse/faces/javax.faces.resource/jquery/jquery-plugins.js?ln=primefaces&v=4.0 HTTP/1.1" 304 -
190.109.20.165 - - [03/Oct/2023:13:24:40 -0500] "GET /sipse/faces/javax.faces.resource/primefaces.js?ln=primefaces&v=4.0 HTTP/1.1" 304 -
190.109.20.165 - - [03/Oct/2023:13:24:40 -0500] "GET /sipse/faces/javax.faces.resource/layout/layout.js?ln=primefaces&v=4.0 HTTP/1.1" 304 -
190.109.20.165 - - [03/Oct/2023:13:24:40 -0500] "GET /sipse/faces/javax.faces.resource/images/ui-icons_898989_256x240.png?ln=primefaces-aristo HTTP/1.1" 304 -
190.109.20.165 - - [03/Oct/2023:13:24:40 -0500] "GET /sipse/faces/javax.faces.resource/images/ui-bg_flat_0_2d5972_40x100.png?ln=primefaces-aristo HTTP/1.1" 304 -
190.109.20.165 - - [03/Oct/2023:13:24:40 -0500] "POST /sipse/faces/presentacion/proyectos/proyecto/proyecto.xhtml HTTP/1.1" 200 3257
216.244.66.195 - - [03/Oct/2023:13:24:52 -0500] "GET /BLA/resoluciones/AUTOS%202010/6436.pdf HTTP/1.1" 200 1536224
216.244.66.195 - - [03/Oct/2023:13:25:12 -0500] "GET /BLA/resoluciones/AUTOS%202010/6439.pdf HTTP/1.1" 200 155883
190.109.20.165 - - [03/Oct/2023:13:25:20 -0500] "GET /reportes_sipse/jsp/inicio.jsp HTTP/1.1" 200 2935
190.109.20.165 - - [03/Oct/2023:13:25:23 -0500] "POST /reportes_sipse/sdg/ServletReporte?saldo_actividades_contratacion_columnas& HTTP/1.1" 200 5986
216.244.66.195 - - [03/Oct/2023:13:25:29 -0500] "GET /BLA/resoluciones/AUTOS%202011/3839.pdf HTTP/1.1" 200 346066
201.245.192.253 - - [03/Oct/2023:13:25:34 -0500] "POST /kwsrmcab/Wsrmcab  HTTP/1.1" 200 42851
201.245.192.253 - - [03/Oct/2023:13:25:42 -0500] "POST /forms/lservlet;jsessionid=ac16012b30d607c8f7daf1854769aea39dbd093f70dc.e3iSbxaKaheRe34Pbx8Nc3aQci1ynknvrkLOlQzNp65In0 HTTP/1.1" 200 2
216.244.66.195 - - [03/Oct/2023:13:25:46 -0500] "GET /BLA/resoluciones/AUTOS%202011/3897.pdf HTTP/1.1" 200 143174
172.22.2.4 - - [03/Oct/2023:13:24:21 -0500] "HEAD /BLA/boletinlegal/ HTTP/1.1" 200 -
216.244.66.195 - - [03/Oct/2023:13:26:01 -0500] "GET /BLA/resoluciones/AUTOS%202011/3994.pdf HTTP/1.1" 200 247677
201.245.192.253 - - [03/Oct/2023:13:26:11 -0500] "POST /forms/lservlet;jsessionid=ac16012b30d6d6f3d115f78c4008aad8a35d3bb86738.e3iSbxaKaheRe34Pbx8Nc3aQci1ynknvrkLOlQzNp65In0 HTTP/1.1" 200 2
216.244.66.195 - - [03/Oct/2023:13:26:15 -0500] "GET /BLA/resoluciones/RESOLUCIONES%202016/1150.pdf HTTP/1.1" 200 384931
190.109.20.165 - - [03/Oct/2023:13:25:30 -0500] "POST /reportes_sipse/sdg/ServletControlador HTTP/1.1" 200 61808
216.244.66.195 - - [03/Oct/2023:13:26:29 -0500] "GET /BLA/resoluciones/RESOLUCIONES%202016/1832.pdf HTTP/1.1" 200 525638
216.244.66.195 - - [03/Oct/2023:13:26:42 -0500] "GET /BLA/resoluciones/RESOLUCIONES%202016/1881.pdf HTTP/1.1" 200 360075
172.22.2.4 - - [03/Oct/2023:13:25:11 -0500] "GET /BLA/boletinlegal/ HTTP/1.1" 200 57790
216.244.66.195 - - [03/Oct/2023:13:26:53 -0500] "GET /BLA/resoluciones/RESOLUCIONES%202016/1941.pdf HTTP/1.1" 200 517856
216.244.66.195 - - [03/Oct/2023:13:27:04 -0500] "GET /BLA/resoluciones/RESOLUCIONES%202016/2136.pdf HTTP/1.1" 200 838346
216.244.66.195 - - [03/Oct/2023:13:27:13 -0500] "GET /BLA/resoluciones/RESOLUCIONES%202016/2443.pdf HTTP/1.1" 200 359473
216.244.66.195 - - [03/Oct/2023:13:27:22 -0500] "GET /BLA/resoluciones/RESOLUCIONES%202016/2484.pdf HTTP/1.1" 200 498486
216.244.66.195 - - [03/Oct/2023:13:27:29 -0500] "GET /BLA/resoluciones/RESOLUCIONES%202017/0136.pdf HTTP/1.1" 200 767163
216.244.66.195 - - [03/Oct/2023:13:27:37 -0500] "GET /BLA/resoluciones/RESOLUCIONES%202017/0408.pdf HTTP/1.1" 200 1136983
190.109.20.165 - - [03/Oct/2023:13:27:39 -0500] "POST /sipse/faces/presentacion/proyectos/proyecto/proyecto.xhtml HTTP/1.1" 200 44533
190.109.20.165 - - [03/Oct/2023:13:27:41 -0500] "GET /sipse/faces/javax.faces.resource/spacer/dot_clear.gif?ln=primefaces&v=4.0 HTTP/1.1" 200 42
201.245.192.253 - - [03/Oct/2023:13:27:42 -0500] "POST /forms/lservlet;jsessionid=ac16012b30d607c8f7daf1854769aea39dbd093f70dc.e3iSbxaKaheRe34Pbx8Nc3aQci1ynknvrkLOlQzNp65In0 HTTP/1.1" 200 2
190.109.20.165 - - [03/Oct/2023:13:27:42 -0500] "POST /sipse/faces/presentacion/proyectos/proyecto/proyecto.xhtml HTTP/1.1" 200 3962
216.244.66.195 - - [03/Oct/2023:13:27:43 -0500] "GET /BLA/resoluciones/RESOLUCIONES%202017/0615.pdf HTTP/1.1" 200 339250
216.244.66.195 - - [03/Oct/2023:13:27:48 -0500] "GET /BLA/resoluciones/RESOLUCIONES%202017/1122.pdf HTTP/1.1" 200 507291
190.109.20.165 - - [03/Oct/2023:13:27:45 -0500] "POST /sipse/faces/presentacion/proyectos/proyecto/proyecto.xhtml HTTP/1.1" 200 72835
201.245.192.253 - - [03/Oct/2023:13:27:49 -0500] "POST /kwsrmcab/Wsrmcab HTTP/1.1" 200 42139
216.244.66.195 - - [03/Oct/2023:13:27:53 -0500] "GET /BLA/resoluciones/RESOLUCIONES%202017/1337.pdf HTTP/1.1" 200 355023
201.245.192.253 - - [03/Oct/2023:13:27:52 -0500] "POST /kwsrmcab/Wsrmcab HTTP/1.1" 200 43318
216.244.66.195 - - [03/Oct/2023:13:27:57 -0500] "GET /BLA/resoluciones/RESOLUCIONES%202017/1339.pdf HTTP/1.1" 200 406464
190.109.20.165 - - [03/Oct/2023:13:27:58 -0500] "POST /sipse/faces/presentacion/proyectos/proyecto/proyecto.xhtml HTTP/1.1" 200 60266
216.244.66.195 - - [03/Oct/2023:13:28:00 -0500] "GET /BLA/resoluciones/RESOLUCIONES%202017/2018.pdf HTTP/1.1" 200 3044227
216.244.66.195 - - [03/Oct/2023:13:28:07 -0500] "GET /BLA/resoluciones/RESOLUCIONES%202017/2081.pdf HTTP/1.1" 200 5002292
201.245.192.253 - - [03/Oct/2023:13:28:11 -0500] "POST /forms/lservlet;jsessionid=ac16012b30d6d6f3d115f78c4008aad8a35d3bb86738.e3iSbxaKaheRe34Pbx8Nc3aQci1ynknvrkLOlQzNp65In0 HTTP/1.1" 200 2
216.244.66.195 - - [03/Oct/2023:13:28:18 -0500] "GET /BLA/resoluciones/RESOLUCIONES%202017/2274.pdf HTTP/1.1" 200 1089779
172.22.2.4 - - [03/Oct/2023:13:28:25 -0500] "GET /BLA/boletinlegal/consulta_actos.php?tipo=resoluciones&no=&usuario=&sector=AIRE&fecha=2023&resuelve= HTTP/1.1" 200 18402
216.244.66.195 - - [03/Oct/2023:13:28:28 -0500] "GET /BLA/resoluciones/RESOLUCIONES%202017/2595.pdf HTTP/1.1" 200 324793
186.29.18.215 - - [03/Oct/2023:13:28:35 -0500] "GET /BLA/resoluciones/RESOLUCIONES%202023/0926.pdf HTTP/1.1" 200 414525
216.244.66.195 - - [03/Oct/2023:13:28:36 -0500] "GET /BLA/resoluciones/RESOLUCIONES%202017/3704.pdf HTTP/1.1" 200 471191
186.29.18.215 - - [03/Oct/2023:13:29:05 -0500] "GET /BLA/resoluciones/RESOLUCIONES%202023/0910.pdf HTTP/1.1" 200 413677
216.245.221.92 - - [03/Oct/2023:13:29:39 -0500] "HEAD / HTTP/1.1" 200 -
201.245.192.253 - - [03/Oct/2023:13:29:42 -0500] "POST /forms/lservlet;jsessionid=ac16012b30d607c8f7daf1854769aea39dbd093f70dc.e3iSbxaKaheRe34Pbx8Nc3aQci1ynknvrkLOlQzNp65In0 HTTP/1.1" 200 2
201.245.192.253 - - [03/Oct/2023:13:30:11 -0500] "POST /forms/lservlet;jsessionid=ac16012b30d6d6f3d115f78c4008aad8a35d3bb86738.e3iSbxaKaheRe34Pbx8Nc3aQci1ynknvrkLOlQzNp65In0 HTTP/1.1" 200 2
201.245.192.253 - - [03/Oct/2023:13:30:33 -0500] "POST /kwsrmcab/Wsrmcab  HTTP/1.1" 200 42851
186.29.18.215 - - [03/Oct/2023:13:30:47 -0500] "GET /BLA/resoluciones/RESOLUCIONES%202023/0840.pdf HTTP/1.1" 200 397464
201.245.192.253 - - [03/Oct/2023:13:31:42 -0500] "POST /forms/lservlet;jsessionid=ac16012b30d607c8f7daf1854769aea39dbd093f70dc.e3iSbxaKaheRe34Pbx8Nc3aQci1ynknvrkLOlQzNp65In0 HTTP/1.1" 200 2
172.22.2.4 - - [03/Oct/2023:13:30:11 -0500] "HEAD /BLA/boletinlegal/ HTTP/1.1" 200 -
201.245.192.253 - - [03/Oct/2023:13:32:11 -0500] "POST /forms/lservlet;jsessionid=ac16012b30d6d6f3d115f78c4008aad8a35d3bb86738.e3iSbxaKaheRe34Pbx8Nc3aQci1ynknvrkLOlQzNp65In0 HTTP/1.1" 200 2
216.244.66.195 - - [03/Oct/2023:13:32:16 -0500] "GET /robots.txt HTTP/1.1" 404 1018
172.22.2.4 - - [03/Oct/2023:13:31:39 -0500] "GET /BLA/boletinlegal/ HTTP/1.1" 200 32715
172.22.2.4 - - [03/Oct/2023:13:31:01 -0500] "GET /BLA/boletinlegal/ HTTP/1.1" 200 54150
186.102.104.32 - - [03/Oct/2023:13:33:20 -0500] "GET /kwssiamovil/sm/ldap/au?x=U2FsdGVkX1+i8kYjPdtEksyMokkxIIFzyKsa3VzlnHoILufOY2EgXuvR3zjfaovglUOvQSlCCf1hcvh7Du/yRw==&y=U2FsdGVkX1+LfqES9CT5xWD2KfuA5ahds+QADo6zlvpYJKa3jZrY43z86GQJrms3 HTTP/1.1" 200 30
186.102.104.32 - - [03/Oct/2023:13:33:21 -0500] "GET /kwssiamovil/sm/acme/s?s=U2FsdGVkX19f1rIv0w4mKyz8LiewbnnnWQoInfD8Gz69EZkWCO27JNBs8gZ5//mfVpRsBuDjWXKd2oq6WtOGouRjUZ47rhX5yvMo7YxHfSY=&u=U2FsdGVkX1+GQ0+IUekY1RZPIxJBUTHblNRr5aUneF/sadRpS1sazXv5GLFpN9Ct&y=U2FsdGVkX1+LfqES9CT5xWD2KfuA5ahds+QADo6zlvpYJKa3jZrY43z86GQJrms3 HTTP/1.1" 200 97
186.102.104.32 - - [03/Oct/2023:13:33:21 -0500] "GET /kwssiamovil/sm/acme/s?s=U2FsdGVkX1/I8ThQfq2vJ4ve8iMv4eLb4/ivuqeTctaOOyByZHiCD3o//sOs6jdIZMPXSdChcF1XeQ3GsGJ6BeClafFOlsbxN+xEOU+JmdNnYDPDxg9E7VxpepIHbuCjmqzR5w6TIQv/UQYOBi1Jn/iCwIZk/BeHJPALxpYEYT0d/HTSdDP3ysjCmfWa8L7PlxCaJQu3XFpXNK3t6b2NoJHqgywF2CDM+MR95uKOisxODGoh3IP5RYflD5Wi16F2GFnbq+QX4ZdF9nL+E+rYhFyscSc44/dcMUZ5UExX0lb3cTF1GfOddZ+byRbmGahCzMF+r/1XYIJqrtNJ5ZPdwRgQQ9A+0yG7/sw8xyBZ9lboxClimHrrtf8ljeSzXTa2uKv6brqFcH3mYYEjDi8jAzDrNkQ/iC8bWkarUUPvQnQgEoHH/Gx0/Fal/Bt1w80QsHiVtc5tF1DhNqJmOpDfspESmjQ4zi55yrapXqLPyRAq0qcUjcDu8s/0I5QdQpDTOBh1CpFEFglDDpG9NrHl8V6QiwyaVWs4e4qd8+WbPKt2lY/jrEc9pBUrbQo4jNqiRKpwKmq83u7jCDU+UMdAoAChdEKSj1ML410sJizLR7tfxFwFyxCbDYUYGtSPyLPeUwYwb2oQ6lRs72BazmRqRPrx9RiLo8nH9wmqJ1+478TYBVMkf+dRIdMRFjJq0G2i2fDZCJeYJvHhX/zsC/SiSMj583INs5qVsnDJPB9oA0nQTrOFW5Bfd92S2v4oQZiamsE/mRDWiYK0Nk9a57I+WnpeXMBWC6/qDe+lQ4d/E6OS5WRpqLbWvqk3HjyAclXdGg71y+fuY2MZlah4uzJbKMF1Fjwk4lIzDSt2iPUyZuTXwNAtYxevSkEvwDuT09rv1BMAtRnWrau34Ani71nem7baaMXe94uu8l6I88YkJ3ZmCl2LHDSpLJbaa3SQXxosUu/T2Dv1BJk2KA/QDYKx0NmTlRjktw2kJJBBmzm19P3t3Q1K2shUoZ8bA5QFCfSFAS/902THZihGMujdE0R4YwBYY/SVsSjRHFvzcCaMSB9iVtMAQP/uI4wiNDzxPYcyb1z68HUnGcoxTQyDVUnB2hRunMAu7LWKxT/GpHCQhzXGlqAIc3INtQXjlu/uw/XrWLyroR88we/QRgnseIz46CLJb+Fhz5ZaQuLqsKIAtvYMLfK4QxbOjfI4E8ad3cXjagHhfRrqFBtrE0ck4y3R7kMmIl3Z76NtKNoLTMuTp+RFLOdiJTXIBJSTSWl4W/SQYK13Z4CTMg+UeVPNNREfeO9cwwQdnTi90jbCfCZlHvYA9aAHwcgd2+GFiC25upLSTquJmbfPjP0XneL1GKoRksD6L2z49wrjeWAdltOzbiAV5RD6+2LQoOw5aOGng0WPYDRMKHPohx6mjEP3n+p2xb5d2ldU9GtiYKtgpZHOx795MBmO1tZbsxUFbRzVducC/vWkGQBHpEwUGS6rz58YM45H0riQxu0lYgGaRV4vtY4bzA7FGv64VHqvmtj0vdTtDM1bXW85aWHa169mHhLaynKDkQlBtfifJExeIncQMgZGWTYaYr/26KPi7EH890/hCzQpKkeF8V3Eh7jRdEI2rWFs/SluewsHHxTof3S8efWax7qglx4Nd5SDPYs/qpFoumKKKWnR8GNN+ICPMKNKz9rORkOIdwMDfmqRnH5aQalSQrp2iQ0pz/hUSWgJp9io3ivMENbFNAwzIysGUTmcC+co4ys98P8909ikV6xNd7xxBt2EcLlWfkK9gDv1yJR/&u=U2FsdGVkX1+GQ0+IUekY1RZPIxJBUTHblNRr5aUneF/sadRpS1sazXv5GLFpN9Ct&y=U2FsdGVkX1+LfqES9CT5xWD2KfuA5ahds+QADo6zlvpYJKa3jZrY43z86GQJrms3 HTTP/1.1" 200 7129
186.102.104.32 - - [03/Oct/2023:13:33:21 -0500] "GET /kwssiamovil/sm/acme/s?s=U2FsdGVkX1/tu9oXz/1I3lozcFhunVWB9X/qCXFXHXFPEGThJdoyOyqEu+xphRZBUTDR/hJUWbFYjyOY3zreqHcL347NxEX5BXCHAmcVlZBJCbEb6aUckSQENbueoWE2oukJrH13Nm7b5obJcBjQRRVZSPnWYE13LXcfMYW9yOyBXcc0wftGvk2LThsAtzf3d7o31ea6KJeG3r9prrf/u9Go6hnvYXfgr65G+Vt7u0BX+h0iGCwCZ5LK9dA+XRkzsOBeeh+LxjBheGnIJuWdRs1abzmxlzBU5MDBnWJDyyk0clOiokmq6OBRDzmixURSk2bX9U9/N3hNJxC+s1amF335Hj+mF5UVSi+66LWRqyrr488aZK1GBaIi/VOc1z0+Yphzzt0LIunFra82w9oyN1DAaJSsK5eHY7U9aREfq3s7LsESa2r7SgOqnSpxnZLJf7NwIGwMa+Uc7xXtOyutMN7biIl4tg9RQd+c6eVjwc9bkTckn8bhwDzN1mZR0M0qcGo5KMJveodCgvoRwk3tBMItYxmk4yj3lCFcKNsVHkv/fpk5eBje4nLBHPehvnBZ0rTOxC1jSu4HoEM81ebo4gpGdHoecvq9XYtrWSbzx2usHtU4D4+U6COhvPDdBKaoh+EmjEajrVkMWm7tvn4Q5B4bTs57UHYhdBNpXUhg6i1P7UcekbejK+j9v/kuxV4b/FsvR43dxqrjjOVriJtT1m3dDM8rT1z9oKR/8ph2xjZNwin4tifwFB4+5GhWAL0wXmAh+6hjQY1PI2/9TkMM1Q==&u=U2FsdGVkX1+GQ0+IUekY1RZPIxJBUTHblNRr5aUneF/sadRpS1sazXv5GLFpN9Ct&y=U2FsdGVkX1+LfqES9CT5xWD2KfuA5ahds+QADo6zlvpYJKa3jZrY43z86GQJrms3 HTTP/1.1" 200 208
186.102.104.32 - - [03/Oct/2023:13:33:21 -0500] "GET /kwssiamovil/sm/cjson/pre?f=1&x=U2FsdGVkX1+i8kYjPdtEksyMokkxIIFzyKsa3VzlnHoILufOY2EgXuvR3zjfaovglUOvQSlCCf1hcvh7Du/yRw== HTTP/1.1" 200 31032
190.109.20.165 - - [03/Oct/2023:13:33:36 -0500] "POST /sipse/faces/presentacion/proyectos/proyecto/proyecto.xhtml HTTP/1.1" 200 196183
190.109.20.165 - - [03/Oct/2023:13:33:39 -0500] "GET /sipse/faces/javax.faces.resource/jquery/jquery.js?ln=primefaces&v=4.0 HTTP/1.1" 304 -
190.109.20.165 - - [03/Oct/2023:13:33:39 -0500] "GET /sipse/faces/javax.faces.resource/jquery/jquery-plugins.js?ln=primefaces&v=4.0 HTTP/1.1" 304 -
190.109.20.165 - - [03/Oct/2023:13:33:39 -0500] "GET /sipse/faces/javax.faces.resource/primefaces.js?ln=primefaces&v=4.0 HTTP/1.1" 304 -
190.109.20.165 - - [03/Oct/2023:13:33:40 -0500] "GET /sipse/faces/javax.faces.resource/layout/layout.js?ln=primefaces&v=4.0 HTTP/1.1" 304 -
201.245.192.253 - - [03/Oct/2023:13:33:42 -0500] "POST /forms/lservlet;jsessionid=ac16012b30d607c8f7daf1854769aea39dbd093f70dc.e3iSbxaKaheRe34Pbx8Nc3aQci1ynknvrkLOlQzNp65In0 HTTP/1.1" 200 2
201.245.192.253 - - [03/Oct/2023:13:34:11 -0500] "POST /forms/lservlet;jsessionid=ac16012b30d6d6f3d115f78c4008aad8a35d3bb86738.e3iSbxaKaheRe34Pbx8Nc3aQci1ynknvrkLOlQzNp65In0 HTTP/1.1" 200 2
190.109.20.165 - - [03/Oct/2023:13:34:29 -0500] "POST /sipse/faces/presentacion/proyectos/proyecto/actividad/crearActividad.xhtml HTTP/1.1" 200 98161
190.109.20.165 - - [03/Oct/2023:13:34:32 -0500] "GET /sipse/faces/javax.faces.resource/jquery/jquery.js?ln=primefaces&v=4.0 HTTP/1.1" 304 -
190.109.20.165 - - [03/Oct/2023:13:34:32 -0500] "GET /sipse/faces/javax.faces.resource/jquery/jquery-plugins.js?ln=primefaces&v=4.0 HTTP/1.1" 304 -
190.109.20.165 - - [03/Oct/2023:13:34:32 -0500] "GET /sipse/faces/javax.faces.resource/primefaces.js?ln=primefaces&v=4.0 HTTP/1.1" 304 -
190.109.20.165 - - [03/Oct/2023:13:34:32 -0500] "GET /sipse/faces/javax.faces.resource/layout/layout.js?ln=primefaces&v=4.0 HTTP/1.1" 304 -
190.109.20.165 - - [03/Oct/2023:13:34:33 -0500] "POST /sipse/faces/presentacion/proyectos/proyecto/proyecto.xhtml HTTP/1.1" 200 3842
190.109.20.165 - - [03/Oct/2023:13:34:34 -0500] "POST /sipse/faces/presentacion/proyectos/proyecto/proyecto.xhtml HTTP/1.1" 200 3842
190.109.20.165 - - [03/Oct/2023:13:34:35 -0500] "POST /sipse/faces/presentacion/proyectos/proyecto/proyecto.xhtml HTTP/1.1" 200 18175
216.245.221.92 - - [03/Oct/2023:13:34:39 -0500] "HEAD / HTTP/1.1" 200 -
190.109.20.165 - - [03/Oct/2023:13:34:41 -0500] "POST /sipse/faces/presentacion/proyectos/proyecto/proyecto.xhtml HTTP/1.1" 200 143985
190.109.20.165 - - [03/Oct/2023:13:34:43 -0500] "GET /sipse/faces/javax.faces.resource/jquery/jquery.js?ln=primefaces&v=4.0 HTTP/1.1" 304 -
190.109.20.165 - - [03/Oct/2023:13:34:43 -0500] "GET /sipse/faces/javax.faces.resource/jquery/jquery-plugins.js?ln=primefaces&v=4.0 HTTP/1.1" 304 -
190.109.20.165 - - [03/Oct/2023:13:34:43 -0500] "GET /sipse/faces/javax.faces.resource/primefaces.js?ln=primefaces&v=4.0 HTTP/1.1" 304 -
190.109.20.165 - - [03/Oct/2023:13:34:43 -0500] "GET /sipse/faces/javax.faces.resource/layout/layout.js?ln=primefaces&v=4.0 HTTP/1.1" 304 -
190.109.20.165 - - [03/Oct/2023:13:34:50 -0500] "POST /sipse/faces/presentacion/proyectos/proyecto/meta/meta.xhtml HTTP/1.1" 200 189983
190.109.20.165 - - [03/Oct/2023:13:34:51 -0500] "GET /sipse/faces/javax.faces.resource/jquery/jquery.js?ln=primefaces&v=4.0 HTTP/1.1" 304 -
190.109.20.165 - - [03/Oct/2023:13:34:51 -0500] "GET /sipse/faces/javax.faces.resource/jquery/jquery-plugins.js?ln=primefaces&v=4.0 HTTP/1.1" 304 -
190.109.20.165 - - [03/Oct/2023:13:34:51 -0500] "GET /sipse/faces/javax.faces.resource/primefaces.js?ln=primefaces&v=4.0 HTTP/1.1" 304 -
190.109.20.165 - - [03/Oct/2023:13:34:51 -0500] "GET /sipse/faces/javax.faces.resource/layout/layout.js?ln=primefaces&v=4.0 HTTP/1.1" 304 -
190.109.20.165 - - [03/Oct/2023:13:35:08 -0500] "POST /sipse/faces/presentacion/proyectos/proyecto/actividad/crearActividad.xhtml HTTP/1.1" 200 2552
190.109.20.165 - - [03/Oct/2023:13:35:14 -0500] "POST /sipse/faces/presentacion/proyectos/proyecto/actividad/crearActividad.xhtml HTTP/1.1" 200 2564
190.109.20.165 - - [03/Oct/2023:13:35:18 -0500] "POST /sipse/faces/presentacion/proyectos/proyecto/actividad/crearActividad.xhtml HTTP/1.1" 200 2572
190.109.20.165 - - [03/Oct/2023:13:35:25 -0500] "POST /sipse/faces/presentacion/proyectos/proyecto/actividad/crearActividad.xhtml HTTP/1.1" 200 2580
190.109.20.165 - - [03/Oct/2023:13:35:27 -0500] "POST /sipse/faces/presentacion/proyectos/proyecto/actividad/crearActividad.xhtml HTTP/1.1" 200 2592
201.245.192.253 - - [03/Oct/2023:13:35:32 -0500] "POST /kwsrmcab/Wsrmcab  HTTP/1.1" 200 42851
190.109.20.165 - - [03/Oct/2023:13:35:38 -0500] "POST /sipse/faces/presentacion/proyectos/proyecto/actividad/crearActividad.xhtml HTTP/1.1" 200 2596
190.109.20.165 - - [03/Oct/2023:13:35:41 -0500] "POST /sipse/faces/presentacion/proyectos/proyecto/actividad/crearActividad.xhtml HTTP/1.1" 200 7295
201.245.192.253 - - [03/Oct/2023:13:35:42 -0500] "POST /forms/lservlet;jsessionid=ac16012b30d607c8f7daf1854769aea39dbd093f70dc.e3iSbxaKaheRe34Pbx8Nc3aQci1ynknvrkLOlQzNp65In0 HTTP/1.1" 200 2
190.109.20.165 - - [03/Oct/2023:13:35:43 -0500] "POST /sipse/faces/presentacion/proyectos/proyecto/actividad/crearActividad.xhtml HTTP/1.1" 200 7306
190.109.20.165 - - [03/Oct/2023:13:35:44 -0500] "POST /sipse/faces/presentacion/proyectos/proyecto/actividad/crearActividad.xhtml HTTP/1.1" 200 7318
190.109.20.165 - - [03/Oct/2023:13:35:45 -0500] "POST /sipse/faces/presentacion/proyectos/proyecto/actividad/crearActividad.xhtml HTTP/1.1" 200 49011
190.109.20.165 - - [03/Oct/2023:13:35:46 -0500] "GET /sipse/faces/javax.faces.resource/jquery/jquery.js?ln=primefaces&v=4.0 HTTP/1.1" 304 -
190.109.20.165 - - [03/Oct/2023:13:35:46 -0500] "GET /sipse/faces/javax.faces.resource/jquery/jquery-plugins.js?ln=primefaces&v=4.0 HTTP/1.1" 304 -
190.109.20.165 - - [03/Oct/2023:13:35:46 -0500] "GET /sipse/faces/javax.faces.resource/primefaces.js?ln=primefaces&v=4.0 HTTP/1.1" 304 -
190.109.20.165 - - [03/Oct/2023:13:35:46 -0500] "GET /sipse/faces/javax.faces.resource/layout/layout.js?ln=primefaces&v=4.0 HTTP/1.1" 304 -
190.109.20.165 - - [03/Oct/2023:13:35:53 -0500] "POST /sipse/faces/presentacion/proyectos/proyecto/actividad/ponderacionVertical.xhtml HTTP/1.1" 200 22896
190.109.20.165 - - [03/Oct/2023:13:35:54 -0500] "POST /sipse/faces/presentacion/proyectos/proyecto/actividad/ponderacionVertical.xhtml HTTP/1.1" 200 22902
190.109.20.165 - - [03/Oct/2023:13:35:58 -0500] "GET /sipse/faces/javax.faces.resource/theme.css?ln=primefaces-sipse HTTP/1.1" 304 -
190.109.20.165 - - [03/Oct/2023:13:35:58 -0500] "GET /sipse/faces/javax.faces.resource/jquery/jquery-plugins.js?ln=primefaces&v=4.0 HTTP/1.1" 304 -
190.109.20.165 - - [03/Oct/2023:13:35:58 -0500] "GET /sipse/faces/javax.faces.resource/primefaces.css?ln=primefaces&v=4.0 HTTP/1.1" 304 -
190.109.20.165 - - [03/Oct/2023:13:35:58 -0500] "GET /sipse/faces/javax.faces.resource/jquery/jquery.js?ln=primefaces&v=4.0 HTTP/1.1" 304 -
190.109.20.165 - - [03/Oct/2023:13:35:58 -0500] "GET /sipse/faces/javax.faces.resource/layout/layout.css?ln=primefaces&v=4.0 HTTP/1.1" 304 -
190.109.20.165 - - [03/Oct/2023:13:35:58 -0500] "GET /sipse/faces/javax.faces.resource/primefaces.js?ln=primefaces&v=4.0 HTTP/1.1" 304 -
190.109.20.165 - - [03/Oct/2023:13:35:58 -0500] "GET /sipse/faces/javax.faces.resource/layout/layout.js?ln=primefaces&v=4.0 HTTP/1.1" 304 -
190.109.20.165 - - [03/Oct/2023:13:35:56 -0500] "POST /sipse/faces/presentacion/proyectos/proyecto/actividad/ponderacionVertical.xhtml HTTP/1.1" 200 195672
190.109.20.165 - - [03/Oct/2023:13:35:58 -0500] "GET /sipse/faces/javax.faces.resource/images/ui-icons_898989_256x240.png?ln=primefaces-aristo HTTP/1.1" 304 -
190.109.20.165 - - [03/Oct/2023:13:35:58 -0500] "GET /sipse/faces/javax.faces.resource/spacer/dot_clear.gif?ln=primefaces&v=4.0 HTTP/1.1" 304 -
190.109.20.165 - - [03/Oct/2023:13:35:58 -0500] "GET /sipse/faces/javax.faces.resource/messages/messages.png?ln=primefaces&v=4.0 HTTP/1.1" 200 27209
201.245.192.253 - - [03/Oct/2023:13:36:11 -0500] "POST /forms/lservlet;jsessionid=ac16012b30d6d6f3d115f78c4008aad8a35d3bb86738.e3iSbxaKaheRe34Pbx8Nc3aQci1ynknvrkLOlQzNp65In0 HTTP/1.1" 200 2
190.109.20.165 - - [03/Oct/2023:13:37:01 -0500] "GET /sipse/faces/javax.faces.resource/images/ui-bg_flat_0_2d5972_40x100.png?ln=primefaces-aristo HTTP/1.1" 304 -
190.109.20.165 - - [03/Oct/2023:13:37:01 -0500] "POST /sipse/faces/presentacion/proyectos/proyecto/actividad/crearActividad.xhtml HTTP/1.1" 200 150610
190.109.20.165 - - [03/Oct/2023:13:37:03 -0500] "GET /sipse/faces/javax.faces.resource/jquery/jquery.js?ln=primefaces&v=4.0 HTTP/1.1" 304 -
190.109.20.165 - - [03/Oct/2023:13:37:03 -0500] "GET /sipse/faces/javax.faces.resource/jquery/jquery-plugins.js?ln=primefaces&v=4.0 HTTP/1.1" 304 -
190.109.20.165 - - [03/Oct/2023:13:37:03 -0500] "GET /sipse/faces/javax.faces.resource/primefaces.js?ln=primefaces&v=4.0 HTTP/1.1" 304 -
190.109.20.165 - - [03/Oct/2023:13:37:04 -0500] "GET /sipse/faces/javax.faces.resource/layout/layout.js?ln=primefaces&v=4.0 HTTP/1.1" 304 -
190.109.20.165 - - [03/Oct/2023:13:37:11 -0500] "POST /sipse/faces/presentacion/proyectos/proyecto/meta/meta.xhtml HTTP/1.1" 200 26093
172.22.2.4 - - [03/Oct/2023:13:36:01 -0500] "HEAD /BLA/boletinlegal/ HTTP/1.1" 200 -
201.245.192.253 - - [03/Oct/2023:13:37:42 -0500] "POST /forms/lservlet;jsessionid=ac16012b30d607c8f7daf1854769aea39dbd093f70dc.e3iSbxaKaheRe34Pbx8Nc3aQci1ynknvrkLOlQzNp65In0 HTTP/1.1" 200 2
201.245.192.253 - - [03/Oct/2023:13:37:49 -0500] "POST /kwsrmcab/Wsrmcab HTTP/1.1" 200 42139
201.245.192.253 - - [03/Oct/2023:13:37:52 -0500] "POST /kwsrmcab/Wsrmcab HTTP/1.1" 200 43318
201.245.192.253 - - [03/Oct/2023:13:38:11 -0500] "POST /forms/lservlet;jsessionid=ac16012b30d6d6f3d115f78c4008aad8a35d3bb86738.e3iSbxaKaheRe34Pbx8Nc3aQci1ynknvrkLOlQzNp65In0 HTTP/1.1" 200 2
172.22.2.4 - - [03/Oct/2023:13:36:51 -0500] "GET /BLA/boletinlegal/ HTTP/1.1" 200 54597
190.25.222.163 - - [03/Oct/2023:13:39:26 -0500] "GET /catalogoisis/ HTTP/1.1" 200 8575
190.25.222.163 - - [03/Oct/2023:13:39:26 -0500] "GET /catalogoisis/Css/Busqueda.css HTTP/1.1" 200 1995
190.25.222.163 - - [03/Oct/2023:13:39:26 -0500] "GET /catalogoisis/Js/AceptarLimpiar.js HTTP/1.1" 200 331
190.25.222.163 - - [03/Oct/2023:13:39:26 -0500] "GET /catalogoisis/Js/Cookies.js HTTP/1.1" 200 1369
190.25.222.163 - - [03/Oct/2023:13:39:26 -0500] "GET /catalogoisis/Js/Remote.js HTTP/1.1" 200 436
190.25.222.163 - - [03/Oct/2023:13:39:26 -0500] "GET /catalogoisis/Js/CriterioCombinada.js HTTP/1.1" 200 1843
190.25.222.163 - - [03/Oct/2023:13:39:26 -0500] "GET /catalogoisis/Js/Go.js HTTP/1.1" 200 364
190.25.222.163 - - [03/Oct/2023:13:39:26 -0500] "GET /catalogoisis/Js/LimpiarCombinada.js HTTP/1.1" 200 207
190.25.222.163 - - [03/Oct/2023:13:39:26 -0500] "GET /catalogoisis/Js/Numero.js HTTP/1.1" 200 398
190.25.222.163 - - [03/Oct/2023:13:39:26 -0500] "GET /catalogoisis/Js/Enter.js HTTP/1.1" 200 1208
190.25.222.163 - - [03/Oct/2023:13:39:27 -0500] "GET /catalogoisis/imagenes/br1c3.gif HTTP/1.1" 200 302
190.25.222.163 - - [03/Oct/2023:13:39:27 -0500] "GET /catalogoisis/imagenes/br1c1.gif HTTP/1.1" 200 172
190.25.222.163 - - [03/Oct/2023:13:39:27 -0500] "GET /catalogoisis/imagenes/Turnbo1.gif HTTP/1.1" 200 227
190.25.222.163 - - [03/Oct/2023:13:39:27 -0500] "GET /catalogoisis/imagenes/aceptar1.gif HTTP/1.1" 200 604
190.25.222.163 - - [03/Oct/2023:13:39:27 -0500] "GET /catalogoisis/imagenes/Header.gif HTTP/1.1" 200 27040
190.25.222.163 - - [03/Oct/2023:13:39:27 -0500] "GET /catalogoisis/imagenes/limpiar1.gif HTTP/1.1" 200 606
190.25.222.163 - - [03/Oct/2023:13:39:27 -0500] "GET /catalogoisis/imagenes/br3c1.gif HTTP/1.1" 200 177
190.25.222.163 - - [03/Oct/2023:13:39:27 -0500] "GET /catalogoisis/imagenes/br3c3.gif HTTP/1.1" 200 186
190.25.222.163 - - [03/Oct/2023:13:39:27 -0500] "GET /catalogoisis/imagenes/br3c2.gif HTTP/1.1" 200 285
190.25.222.163 - - [03/Oct/2023:13:39:27 -0500] "GET /catalogoisis/imagenes/br1c2.gif HTTP/1.1" 200 297
190.25.222.163 - - [03/Oct/2023:13:39:27 -0500] "GET /catalogoisis/imagenes/br2c1.gif HTTP/1.1" 200 297
190.25.222.163 - - [03/Oct/2023:13:39:27 -0500] "GET /catalogoisis/imagenes/br2c2.gif HTTP/1.1" 200 302
190.25.222.163 - - [03/Oct/2023:13:39:27 -0500] "GET /catalogoisis/imagenes/br2c3.gif HTTP/1.1" 200 416
190.25.222.163 - - [03/Oct/2023:13:39:27 -0500] "GET /favicon.ico HTTP/1.1" 200 7782
181.237.162.86 - - [03/Oct/2023:13:39:36 -0500] "GET /kwssiamovil/sm/acme/a?s=U2FsdGVkX1+KSWnfKe+0CVxoaGMmNBr1VogNdq+j+6DvukRDISTRQheDAbCsAOX9DbAkU+UHPWJ8IJkVEhnICqOK8sBr+NMO6gvM7BenrpJmQiagcgd8zWMFOn+uRj23s8TcD38WnxFycNXBJisGDUwbP1siAPK8O6IWPRl8wzR0L9mvAGrDmvM2jOGj8O5S9gz/DkrBYyVbpM/5eLDZsPWtGFXIPCsguElHqsjEt6x8Ht4k/cE0cYlGCtqs3nmRAuS2aYtjpmaP8FjYwXMA0g==&u=U2FsdGVkX19t73/pi0fJ6m6LcW7kgmFqKSF7kTdbMGwoiES8AJl86QXP/mz+9ajo&y=U2FsdGVkX19EHugNfqeOkFnfV4gJ9OuTJJis34nVbhJfPPWDbQv4sAVJq/JbO/mT HTTP/1.1" 200 26
181.237.162.86 - - [03/Oct/2023:13:39:37 -0500] "GET /kwssiamovil/sm/acme/a?s=U2FsdGVkX19nOQ79ViKdVpWR0amvmY3u+oCfSJSxYeOjLPFvTq58l1LVqQ3MN7YKRLfslgyX7bEHTlo4Pd8j00xMYhXWEVgjPKRpAaccjNoZkedbEyOyL+SUZIcp2J2pl6V8aqSa3ATsjID5yx4q8OXtuM+vtcfBxcedOTOgkGWbBzf3r92jHOD2iRayn+WWSejYnymezGc074ppVwFuO/IjcdOOWZ4LkUc0AE5X1nhQ1p26UFwl3PA+uVC79YccNHBCKLo2KyXuXyJVpLJdfz1OxAiW3qJWxE9NyC/dF8isnk/K99KUJ2XDRHAXFN3LFqPyZYMw8UX628zhJcU2kafdWRtrXQTQfcMIf6yaaY9UFpe3cDjOoDkEL13kr0HcyaKFy+MRVRbQoaHzUmdAO/B/oPfV/5LYKWm/t3iBXW+xP1jHB7RFb8fJmnj0o0tq1WAM8xWzCfFj24hof1FdctkbaIchgX0bzAOEzcDniBvL0NiYG4yiz0uyXLxuPHvL9jMBgp8C0s8XkMidtENcb104BrsrwXETfkWjN49YsjvUR986cMRmoMLpjSVrE5uuOCTZuNWZp/Oz483iHRCxLW2RdF3lV8t97rzN1ks97wL76goTtdAElqFItmt+OHoPnpnwe3eVDilZwHItUd/CC/Hz+7Ca3h/5r8iK6MeFEe+oP+XS8Ce1IEm3ncDus8Fk0OA7bouTdn7u1+1ftq9g3CKb5O2yuUI7gnfN7VIQfKJp0jBt4pAyveF57QkPh+Q7EInFK9VSXtTHv2C6bjTWJT7KJhQI+qBND8okvdvmuXKRUBsgHbuGQwK8ngh1VVBKlFy9BSNL4BRcPKe5Rjc3VPnlPu57WjYBNfUvy4XBJ55/on1lNo6XdwNb+/xAQw8FgalNsvcMmiro5AKoC0Zb6JqniK+BgHVBAF+n3OMMUqGD25RFs8C2eDxEv+Pl/mFWm1vrP8kGyJDWZjSd+eZNI1Mp2qwqMpvm7DgoOpkmkGFGgMRp1//xIVV36polX/IlbLJnZIctro04/PpLTWjQSA3MJxbR94vaqcra+BZg7XmeXFXm/5rdN4RE+YR5AqTr4Z4KaF3hzpix+1UR7NcK1CYPy+FkySas1meGwsvRZYwgFX6yF8DXc/sg7aOmUZHlHS9bAhrNkvPjkTwPDhLGVH3WKnP7jwSrskJ/jO77iG38vAZhwbrpjzAZMmW4etcOUrO0QZgWv3HLQLMSv4EYNkTLXBSGpqIeb220LU5/Oos3T6Yx50RzAa1jWbmwwHFuCKlRMgKdogwQZjvXTVVdibI27ZR2pWB9b0YuWV0GR53pXhx9Qu8eDi30ZuLsrVWqDnRgetmZCXUwGzz/1BKCN5ZYkLkGo5K3fH/9HO8UQ51rBiua8aHgT89Tm6aI6EmjWc2xPcF+FRBAkiX1o2+USQvMwELUj3/HxuW9T4LwA3zhFmRg0GEwa9dkEVRjbrS5NlfehVYeJyEKoU303QIUtHuZEjnqIP2o45a8+n2vcAgMGXY94fHVBKqfMUOqRT5zh4QCH3Gl6hRdCV9Xn0H41OQEX/T4Z6jdo7KOVx21y6pAmbvZXssGHtou6SQg4iG+xuEDndqUAj78u5oKLYV8lUqBKGixstBgZer/0T7fQsMWnEBE7bNsk/qfcKsGL2KF+xTSid6hzPHJS7I1uV+XUVB0R847EhuzXEB9rw4EQsp9hs1gJm8E/p+hdnkCcz2qqwpytnJLC/FnoQRUJ98q8U61ZeKqf0YT/2Z/Ol3eZy7J89hUSDFMG3YiI7GUUXgTup2EQLqwtBNxPkKTE9vBKbki6GhtCYL/0zo9OwCh3lAL0zqb/N2Ridl1mM7NYYkG1hZbDABt7ABmHsbWI7qCLq0X4FjqCuAN43eO/0e3Tdos8C76PWoYd6kgY0oN1LXHmLo+Y3Iwsp5JAokTD9OwyGC0AU6iEYyM0QA0TPcUdFwYU/FFk8LUtek4kv6QqCdckwSd2ye+9EzRQZldgxdiMA==&u=U2FsdGVkX19t73/pi0fJ6m6LcW7kgmFqKSF7kTdbMGwoiES8AJl86QXP/mz+9ajo&y=U2FsdGVkX19EHugNfqeOkFnfV4gJ9OuTJJis34nVbhJfPPWDbQv4sAVJq/JbO/mT HTTP/1.1" 200 26
181.237.162.86 - - [03/Oct/2023:13:39:38 -0500] "GET /kwssiamovil/sm/acme/a?s=U2FsdGVkX194ukntUg+xo4gdRwOHjTKxW4UYAp0aHHWw6COdzujhHKmY17MC9/0AHVoDRj5M+mlo7QD4KBYJkkuQMsokUQj4WDvrLWVig+KYYs5Sun8LajTPwVhI//o/zvBqif4h3BhPB3C4a3UXOAz91wKEOpW/BFZDTqNcAzg=&u=U2FsdGVkX19t73/pi0fJ6m6LcW7kgmFqKSF7kTdbMGwoiES8AJl86QXP/mz+9ajo&y=U2FsdGVkX19EHugNfqeOkFnfV4gJ9OuTJJis34nVbhJfPPWDbQv4sAVJq/JbO/mT HTTP/1.1" 200 26
181.237.162.86 - - [03/Oct/2023:13:39:38 -0500] "GET /kwssiamovil/sm/acme/a?s=U2FsdGVkX18OAYcPkoof+VkTtiwXmbrGjrOrUQamkH8zqKk5rrm3WC8uxnV86yQmRWe4UXgA/zp21ld/LVql8iqXt9Y/u7KsKVaGXw7t7uZ8kgh/3WkGK9aVti3KLuTNnDrVn+QQ0nsbzXZRnAceUev75sKAKWJV2Bqs6wVy8bY=&u=U2FsdGVkX19t73/pi0fJ6m6LcW7kgmFqKSF7kTdbMGwoiES8AJl86QXP/mz+9ajo&y=U2FsdGVkX19EHugNfqeOkFnfV4gJ9OuTJJis34nVbhJfPPWDbQv4sAVJq/JbO/mT HTTP/1.1" 200 26
181.237.162.86 - - [03/Oct/2023:13:39:38 -0500] "GET /kwssiamovil/sm/acme/a?s=U2FsdGVkX1/eEYjlT185k4rS+gZcGWMT1XG7KxfL5tI7UgefMwUI8l8lTw0JWg5Jh28Hg+Tyd/hB27UFhxzq6i8o+k7ArfFxIjfvYhBL6qFSLK3ucj2e57yxgZaGGgTKWAc95n15hB7UCuVyZzAuIe4jCL2Dd5GB0avF5uy9D1k=&u=U2FsdGVkX19t73/pi0fJ6m6LcW7kgmFqKSF7kTdbMGwoiES8AJl86QXP/mz+9ajo&y=U2FsdGVkX19EHugNfqeOkFnfV4gJ9OuTJJis34nVbhJfPPWDbQv4sAVJq/JbO/mT HTTP/1.1" 200 26
216.245.221.92 - - [03/Oct/2023:13:39:39 -0500] "HEAD / HTTP/1.1" 200 -
181.237.162.86 - - [03/Oct/2023:13:39:39 -0500] "GET /kwssiamovil/sm/acme/a?s=U2FsdGVkX1/xBxmNwGfEhmiYvtJrkdfTpqbk2dOKSX1gP13FOfYEeCJN5/LZKMX8O1dBv9oGC6Xbut91Lr47Tyu9zA5jn+UcM68xWPNB4MsBN8JJLP8p5UTlfpCV2IESHcjmPhrHkjWG7WYd7Me7rRV18oWVq2upcOq6FK04y4u0lYYcO7RKtpcL61htnHrmI9w/qDB4dSCui6G5PiHWAA==&u=U2FsdGVkX19t73/pi0fJ6m6LcW7kgmFqKSF7kTdbMGwoiES8AJl86QXP/mz+9ajo&y=U2FsdGVkX19EHugNfqeOkFnfV4gJ9OuTJJis34nVbhJfPPWDbQv4sAVJq/JbO/mT HTTP/1.1" 200 26
201.245.192.253 - - [03/Oct/2023:13:39:42 -0500] "POST /forms/lservlet;jsessionid=ac16012b30d607c8f7daf1854769aea39dbd093f70dc.e3iSbxaKaheRe34Pbx8Nc3aQci1ynknvrkLOlQzNp65In0 HTTP/1.1" 200 2
201.245.192.253 - - [03/Oct/2023:13:40:11 -0500] "POST /forms/lservlet;jsessionid=ac16012b30d6d6f3d115f78c4008aad8a35d3bb86738.e3iSbxaKaheRe34Pbx8Nc3aQci1ynknvrkLOlQzNp65In0 HTTP/1.1" 200 2
201.245.192.253 - - [03/Oct/2023:13:40:30 -0500] "POST /kwsrmcab/Wsrmcab  HTTP/1.1" 200 42851
172.22.2.4 - - [03/Oct/2023:13:41:09 -0500] "GET /BLA/boletinlegal/jurisprudencia/analisis/ANALISIST-046-99.docx HTTP/1.1" 200 20918
204.199.94.87 - - [03/Oct/2023:13:41:12 -0500] "GET /BLA/resoluciones/index.php?dir= HTTP/1.1" 200 13696
204.199.94.87 - - [03/Oct/2023:13:41:20 -0500] "GET /BLA/resoluciones/index.php?dir=AUTOS+2012%2F HTTP/1.1" 200 276641
204.199.94.87 - - [03/Oct/2023:13:41:30 -0500] "GET /BLA/resoluciones/AUTOS%202012/2237.pdf HTTP/1.1" 200 643323
204.199.94.87 - - [03/Oct/2023:13:41:36 -0500] "GET /BLA/resoluciones/AUTOS%202012/2238.pdf HTTP/1.1" 200 2045397
201.245.192.253 - - [03/Oct/2023:13:41:42 -0500] "POST /forms/lservlet;jsessionid=ac16012b30d607c8f7daf1854769aea39dbd093f70dc.e3iSbxaKaheRe34Pbx8Nc3aQci1ynknvrkLOlQzNp65In0 HTTP/1.1" 200 2
201.245.192.253 - - [03/Oct/2023:13:42:11 -0500] "POST /forms/lservlet;jsessionid=ac16012b30d6d6f3d115f78c4008aad8a35d3bb86738.e3iSbxaKaheRe34Pbx8Nc3aQci1ynknvrkLOlQzNp65In0 HTTP/1.1" 200 2
37.187.215.243 - - [03/Oct/2023:13:42:22 -0500] "GET /portaldeninos/ HTTP/1.1" 200 110175
172.22.2.4 - - [03/Oct/2023:13:41:51 -0500] "HEAD /BLA/boletinlegal/ HTTP/1.1" 200 -
201.245.192.253 - - [03/Oct/2023:13:43:42 -0500] "POST /forms/lservlet;jsessionid=ac16012b30d607c8f7daf1854769aea39dbd093f70dc.e3iSbxaKaheRe34Pbx8Nc3aQci1ynknvrkLOlQzNp65In0 HTTP/1.1" 200 2
201.245.192.253 - - [03/Oct/2023:13:44:11 -0500] "POST /forms/lservlet;jsessionid=ac16012b30d6d6f3d115f78c4008aad8a35d3bb86738.e3iSbxaKaheRe34Pbx8Nc3aQci1ynknvrkLOlQzNp65In0 HTTP/1.1" 200 2
152.203.237.130 - - [03/Oct/2023:13:44:21 -0500] "GET /kwssiamovil/sm/acme/a?s=U2FsdGVkX1/BTh5cNmAb3/86sEKyBWelUZXwM0IEmilAxNnoq4P7qBP8qFMlNgkBimTF499uwmavD7BWP6MlHmZVHCmesQaEDLAJQStXeB+emrZbFLsaVV6zsqV12FaNsLqZZV2Ae1NRsoAUnYDwLCxHXeaBYjArT/+JWWzNSfZ6mQkSd5NflApsT3slAwgmpMUZbDuRRuqzbd+9RpXjRe4m1dFbe12zwJxTF0vvoGpFKaNPCkqkay1wrKMGJyX3wwIpaznRgwLnxu51t+DeYQ==&u=U2FsdGVkX1/aT54ghY1e37OWK4Z2E4yvJnSlEMek7/bTRbAV1oOzoBz+Yb/VP60G&y=U2FsdGVkX1/4KnOLj35Sygwc2W7LH7V94WpOHdk5xv0LAo7iJwIWZ8t3iHvr6iy7 HTTP/1.1" 200 26
152.203.237.130 - - [03/Oct/2023:13:44:21 -0500] "GET /kwssiamovil/sm/acme/a?s=U2FsdGVkX1/JtTNXUJGOiKdIy7jYoAkeX1jN8G4yBOw4KKHF/Cgrml2Y3FSJ2F8Oy56MImKP8Yll0caKao+LQUtIThvqPa/SitFcm82hvah0JgbV2nqJ7gG1HUy7oIJs3Pos6aPFzlS1ytzEKJM1dKBBggTW9KNvCDaCXYFysEwW7F49n1j2AyvDnU4E8UUNDsu/pmYM2aTCZSEy0TYbtzqXkCbvIvo0RiFmCYxZITKsIFvVf0iPovBAvdgFpjaP+OEzXo1vCCqMZwdP4+NVz4NqU8qkVWA8Qb6kTSQYk1X6AX85D5d6HU33uugjCZlpmLrk3T6rF7LakFXXqv4paRDx6eo7BP9d2DWJInV9xUt3rm39do54phE/zEZ0Capl14NU4DlEJEvKqHei1n38j8JIoY6DnvZo4478dvx3owyX4npEZ8TGjRTLPl9cNpMWdnOTRMV1i08mutBYkwt0852vdiqKScj1Vd2OhAg2bS85LzMW0I3OPNzPQ5XhFPdM8F/fPn/HLUbIYbWMuvjcX6cnUNpkbu79UkxcuRPl/ycNMjX2SspcqanpsD/bsnNnQCnqnmNC1XWFWKJAyJdkBDFtHmvGQC8aslDp1QqIJK/h/7r4wc0w4Oq11b3nVMAgsJNB3RoZV3yZfrp6DXXQP8BmK84nY6hZIuIuWPcE7Jy9F7He5ZDT+DCf7Dgd3l94FGDmLd/jr3YR5LQuGD+ML5rQqq2QzQbUTr0dZ4Z5n8XMZtqXtbO7/qjnawiTYP3zravwJkGdl5/lh9UYAFuCt6Xm27bYT+CfTBjAAxMikR5aMkrhHK3kGk9tgimMhwk8hcP2sTHGCZjPmyz4bThEA+oMK5ELRWbk/5XHjsvHPBbPZgTE6oYV++Cm+eq9MvImzixrfKmFre5hMtijOjNxOt1kA5p1JYzw0RnYfpE+nGCJTL4EAj7XEvq9avqqiLIx6I1oh1Leqa6D3Vtcg6haonlRdo3HJIcRWPKc0Mdn1F0/ggm/42DTMm/tFhlYmIhnrd813IDrL0AcN51G0a27xLGHWmvLGmycWoUzL4dNVQlXoZhh67TGf1qv+IdLG7qxsn2dUbuFbegcDXgGlFBK4XbBkCsXnebW1nhQ/iXbLZNogU1sr7PgWdHztgHuG73Z65zJu0xN0OHPUNFe35WnlBQ5RrrQNXpPVukjo43FnrCyZBBmLK2KKTGQElpZ0mNc+7yR2EAphor8jjFQSKwY/7EC6dfqkGeCYfeUN+TI7sDdRggZDBevdE1IE4cb6O22XV1loNWfwyyUNjtJeL1NViW1tt3X21+XrVCJCRj9XmJKvTLsP+xdLX16c2Iq92kbhOZ37s7vmaa4F2S2qWtxQg==&u=U2FsdGVkX1/aT54ghY1e37OWK4Z2E4yvJnSlEMek7/bTRbAV1oOzoBz+Yb/VP60G&y=U2FsdGVkX1/4KnOLj35Sygwc2W7LH7V94WpOHdk5xv0LAo7iJwIWZ8t3iHvr6iy7 HTTP/1.1" 200 26
152.203.237.130 - - [03/Oct/2023:13:44:21 -0500] "GET /kwssiamovil/sm/acme/a?s=U2FsdGVkX1+6dvSOuIIJonKQe2mpmvR1wv8BKTGX7vQpxGtj5UZIw6YDxnFChE3gJVH4FBlzQaIJsm3xcg2k35sv7QWMhMlCGMQ0frKx8A4AvGCejcnPBze0ksWm6bwpClaQ9+qDtqJq3PW57mAfrhoPXVUOf3A17gybAGAtALg=&u=U2FsdGVkX1/aT54ghY1e37OWK4Z2E4yvJnSlEMek7/bTRbAV1oOzoBz+Yb/VP60G&y=U2FsdGVkX1/4KnOLj35Sygwc2W7LH7V94WpOHdk5xv0LAo7iJwIWZ8t3iHvr6iy7 HTTP/1.1" 200 26
152.203.237.130 - - [03/Oct/2023:13:44:21 -0500] "GET /kwssiamovil/sm/acme/a?s=U2FsdGVkX1+1VYtolvKspnbnEcGl/za2cdJE6Mv9izH5uN8hfJeY+ifgPq+ef7UGIWtpMYeVrNt3SADM+zghmyp12z2WXBm53enLyBTjWeFiE4rpPGYfyCowD9jI8wg2Ys75eUAfBSCq38LiHHXN3n6a9/TqHKpQHM/7bRPI9HE=&u=U2FsdGVkX1/aT54ghY1e37OWK4Z2E4yvJnSlEMek7/bTRbAV1oOzoBz+Yb/VP60G&y=U2FsdGVkX1/4KnOLj35Sygwc2W7LH7V94WpOHdk5xv0LAo7iJwIWZ8t3iHvr6iy7 HTTP/1.1" 200 26
152.203.237.130 - - [03/Oct/2023:13:44:21 -0500] "GET /kwssiamovil/sm/acme/a?s=U2FsdGVkX1/xs+C/Uj4nkbSPPTeG1UxUY8YJm34gFhyer8QM5RttmdD7AcK3Exm+wXWnU43hfgh+k7a94sGyRP44YyqrB1wcsELQecCmDK8GBDOqOTFPqdFfbd7FvMW0iHJYzewOf/ns0orITfLLHdAryK8UKPgvlVmNoUxYFLc=&u=U2FsdGVkX1/aT54ghY1e37OWK4Z2E4yvJnSlEMek7/bTRbAV1oOzoBz+Yb/VP60G&y=U2FsdGVkX1/4KnOLj35Sygwc2W7LH7V94WpOHdk5xv0LAo7iJwIWZ8t3iHvr6iy7 HTTP/1.1" 200 26
152.203.237.130 - - [03/Oct/2023:13:44:22 -0500] "GET /kwssiamovil/sm/acme/a?s=U2FsdGVkX19Fo+ZC6+9wBFsq6UVkR+vltqxkG96kYg+IIT29Rq+pHruswr8dvQM4fpSD7j6ridTab7+nfZASvRhb/DeGO/7l70Xi2gCP0cawi+2YEzwG4yd7Mf1/0mZ5cOD/plx8nsQbhBlXtlrzpdgOdUkter66+5Yv6pi+aKA32RlVDOywGk17DZ+kTWER8fTtcXehM4xMW8JsuWzeUw==&u=U2FsdGVkX1/aT54ghY1e37OWK4Z2E4yvJnSlEMek7/bTRbAV1oOzoBz+Yb/VP60G&y=U2FsdGVkX1/4KnOLj35Sygwc2W7LH7V94WpOHdk5xv0LAo7iJwIWZ8t3iHvr6iy7 HTTP/1.1" 200 26
152.203.237.130 - - [03/Oct/2023:13:44:22 -0500] "GET /kwssiamovil/sm/acme/a?s=U2FsdGVkX18XLziAANcdjEn1TjZ82oFgazxXlAB4673yMRJkptMwtNw28vY9IerSIQu+ETPRq3U7CO0C8nKMbZ7KbZ+cRnY+bJZCazqY+rlM9MHcsX5A2sNek4gC5DSngNQ2bRAxljRegaRiTunoh3OPRjMyDIEaM4ZFQ+E3/J2X2hBHgsdcyGPQ4CKCW7tDENNmcaTchZLyv4a6b6XUxQ==&u=U2FsdGVkX1/aT54ghY1e37OWK4Z2E4yvJnSlEMek7/bTRbAV1oOzoBz+Yb/VP60G&y=U2FsdGVkX1/4KnOLj35Sygwc2W7LH7V94WpOHdk5xv0LAo7iJwIWZ8t3iHvr6iy7 HTTP/1.1" 200 26
172.22.2.4 - - [03/Oct/2023:13:42:42 -0500] "GET /BLA/boletinlegal/ HTTP/1.1" 200 53362
152.203.237.130 - - [03/Oct/2023:13:44:22 -0500] "GET /kwssiamovil/sm/acme/a?s=U2FsdGVkX181R0lqZAo6N9gRiUe95n6e0HK8e40orDmwF9dZIb3V60oRU5dzU90GuR7nSKN0zRE/bjjpdTTNZo29rVq5solWaEG1+yaaw1fAEskv6+Dv7ReBqhZhZATQYeTTtqjXfGqXbZVo/7UzdLZnlga4e2Ohu6U8uwRtNrTc8tGEJCwcrnMF6/mIz8UQVKRl+SN1D47fO6wvBy10MQC/uJGkcp5I/PJ1Yu0iXD8gLv0GStL+24NQnee6/V3z/62lE+b23PHl2MB5MCDfmrZ25oBAeDykzzGfnl+j1EFabYLKqxwKR/pvGCW3A6tOkiQTG7qcyFnS1KK3TF2UM8D4YvHhA21ydCafcTZqlC9OSF+1uGs0MGCQC9a+ujpMixFX0nZ047VYvPTaAbGa+kzzTN/BSZvBuJ/1NuZNt7DWmVMMbxv1Gs2LtF6QvYY4bGPJmE94KEa7WHeauFs1hYqNS6vUBTFttmrxAB7yJVk=&u=U2FsdGVkX1/aT54ghY1e37OWK4Z2E4yvJnSlEMek7/bTRbAV1oOzoBz+Yb/VP60G&y=U2FsdGVkX1/4KnOLj35Sygwc2W7LH7V94WpOHdk5xv0LAo7iJwIWZ8t3iHvr6iy7 HTTP/1.1" 200 25
152.203.237.130 - - [03/Oct/2023:13:44:22 -0500] "GET /kwssiamovil/sm/acme/a?s=U2FsdGVkX1+DEhEhGAfRd2q0y7Y4e5zjxyNRJu99j+3ibT959CEKacZbxi2W1LEuRY8a0QIwWngdjIIG3FGQ2txdm5roF9J632iSQerQt+dUgDcJZe0lDEeFR48+K1Fuh98N3LmXkZKo5RIvuzWOwNS792sn4N75glFUG3JZQdZgZVI3kxv/PfgtBQYWB4Q3&u=U2FsdGVkX1/aT54ghY1e37OWK4Z2E4yvJnSlEMek7/bTRbAV1oOzoBz+Yb/VP60G&y=U2FsdGVkX1/4KnOLj35Sygwc2W7LH7V94WpOHdk5xv0LAo7iJwIWZ8t3iHvr6iy7 HTTP/1.1" 200 26
152.203.237.130 - - [03/Oct/2023:13:44:22 -0500] "GET /kwssiamovil/sm/acme/a?s=U2FsdGVkX18w303Li+rZbX824WM4AW16SdLpYyGucuXCveBi7v09/vdsFXpmU1ATscGOMXmrZrDx6ssKTzoI2j+SEfJTMfy7k88MPd0uXTyHU9A21oVqja3AraM4cS7A54oyQ5JsCmIpPDbUvvLvkmtv4exQIeFJN7iLMsNk0rkDghD24GCLyXFHaatNkCJO2amUPLGT+bdBHcCtJui3aQ++BiCGBKH6ip1K9LPO6Ag3F5cr87qGWUaUFN2VBmQPNWXNtQBcdr/cweI1fe19ughWniepQiHkIWg7fuhXUSoR7B3dLmnf3T56THhAHbqEgpiCAyK9D6ag++H6v0daLCcfWIgzxJ0ye0PimVWaYftsdRtq4ARk14ihCJol8ywv7griAhwJBEWcYSwITVIgJe6NPOVS9xZ1lbglXi5H7UX5ahYI/QkSpiEhbtPyhMWU&u=U2FsdGVkX1/aT54ghY1e37OWK4Z2E4yvJnSlEMek7/bTRbAV1oOzoBz+Yb/VP60G&y=U2FsdGVkX1/4KnOLj35Sygwc2W7LH7V94WpOHdk5xv0LAo7iJwIWZ8t3iHvr6iy7 HTTP/1.1" 200 25
152.203.237.130 - - [03/Oct/2023:13:44:23 -0500] "GET /kwssiamovil/sm/acme/a?s=U2FsdGVkX1/5OQdZEpf9GoStaV5JOeHOLS+1lj31pE8OAqrbl+tzW/vdJbMh7uWa1m+FzyXLCh3iX0CTZ2LwZHxoQE7BYcqUzianVM01Om+bbXjOIHERKfHat7y8hDQy0c+VC58hO1j4Z+lM8hoQcpNJkP4X25xYAO8HjtoUWGIPUwBJayy0m6B+e9BVGF6M1zd2ECnPvbZgqsiIBDHH0A==&u=U2FsdGVkX1/aT54ghY1e37OWK4Z2E4yvJnSlEMek7/bTRbAV1oOzoBz+Yb/VP60G&y=U2FsdGVkX1/4KnOLj35Sygwc2W7LH7V94WpOHdk5xv0LAo7iJwIWZ8t3iHvr6iy7 HTTP/1.1" 200 26
152.203.237.130 - - [03/Oct/2023:13:44:23 -0500] "GET /kwssiamovil/sm/acme/a?s=U2FsdGVkX1+gxFXHFdfntiQqe3UQ8atXkk2xxxzTx1e6PSjFD9gUGFlwFgqXMcGHVSZqBlGqFqqFdOMxAwSp9F+9ZeRDexoD15XaHJf1hczUisLoeqFckQf43nLk0blhM8fjLQVeY/rkog9rdjI9d8O+957mATb0v9z/G3WkREMCBpGtLZkCR+6vBfPYrmQC&u=U2FsdGVkX1/aT54ghY1e37OWK4Z2E4yvJnSlEMek7/bTRbAV1oOzoBz+Yb/VP60G&y=U2FsdGVkX1/4KnOLj35Sygwc2W7LH7V94WpOHdk5xv0LAo7iJwIWZ8t3iHvr6iy7 HTTP/1.1" 200 26
152.203.237.130 - - [03/Oct/2023:13:44:23 -0500] "GET /kwssiamovil/sm/acme/a?s=U2FsdGVkX18Qs1oqWGRqXYxf//64kjdZwlTSDlRpK5Y4K+OyRyHag7rX2s9cT0tdeIdLamvcFq526/61kXTbLk9ziNtrvbyjt1yYrkv2SkmAcxhXIqwefO4U+Idg6qhVkR1wlG4IqH5XU1IGV+voKyOCg12CFkHCCvREB6ZKiu59jGtuftKf9HGzix7Vm4IzCdQXbk89KaqP4HMsXzWxog==&u=U2FsdGVkX1/aT54ghY1e37OWK4Z2E4yvJnSlEMek7/bTRbAV1oOzoBz+Yb/VP60G&y=U2FsdGVkX1/4KnOLj35Sygwc2W7LH7V94WpOHdk5xv0LAo7iJwIWZ8t3iHvr6iy7 HTTP/1.1" 200 26
152.203.237.130 - - [03/Oct/2023:13:44:23 -0500] "GET /kwssiamovil/sm/acme/a?s=U2FsdGVkX1+kXjgn0dBIGaQizzWBvHYJFYHZ5PgJgGskG6lsodmtSQi98RKglOUL8f8WnwFnlq0h4AKsS6oggqX0YqrZVNWe7i5QbvQVbF0BiNVWC7HbGpbyvZfBYkO9hhJ3Yo7LFX5ffmEpJgIDAQ+EMAPJOu3GRXk6/5t35gSV1oxPxHWcCI+NutmY2qCtFQdQq9qeVCw3Os3vxpSloQ==&u=U2FsdGVkX1/aT54ghY1e37OWK4Z2E4yvJnSlEMek7/bTRbAV1oOzoBz+Yb/VP60G&y=U2FsdGVkX1/4KnOLj35Sygwc2W7LH7V94WpOHdk5xv0LAo7iJwIWZ8t3iHvr6iy7 HTTP/1.1" 200 26
152.203.237.130 - - [03/Oct/2023:13:44:23 -0500] "GET /kwssiamovil/sm/acme/a?s=U2FsdGVkX1+Eh1i0gQSc09oO6qBSMOPeDhdSJhbihQimE7FgW4j7sV5K4hUAoQ1sey1jaEeGmTSz8wZ/ZAv0TJ6W3ExhdA5fNybbJWpy6VnjWFrAiRUaU3imB0TmiPs4i8eQlNqc8owQt0NaTyXjPbjDeSkw66k/g1IoCzw2DCT+/aAGtGnFTrIuhzy0RUCiGS53I40O1AhTQTZBjZaoKg==&u=U2FsdGVkX1/aT54ghY1e37OWK4Z2E4yvJnSlEMek7/bTRbAV1oOzoBz+Yb/VP60G&y=U2FsdGVkX1/4KnOLj35Sygwc2W7LH7V94WpOHdk5xv0LAo7iJwIWZ8t3iHvr6iy7 HTTP/1.1" 200 26
152.203.237.130 - - [03/Oct/2023:13:44:23 -0500] "GET /kwssiamovil/sm/acme/a?s=U2FsdGVkX18jCtkCd/pfC9VrilGRtH+vZFYzOXYqFiXx42iONwW2UkMURVTiZgqPcjRt628BWn49T//8Yj2oFr0i7tFScTZWTjP656XHFbZOztRZsLB6b5bfCDG5cU0ErUuhMmloZExhBxTZyxrjhe29YZax+407qtf64EMdXRJBBbuEDP/+Fwvna3VDFnrx1d5zIAUG6XeGB1dhLIEzqA==&u=U2FsdGVkX1/aT54ghY1e37OWK4Z2E4yvJnSlEMek7/bTRbAV1oOzoBz+Yb/VP60G&y=U2FsdGVkX1/4KnOLj35Sygwc2W7LH7V94WpOHdk5xv0LAo7iJwIWZ8t3iHvr6iy7 HTTP/1.1" 200 26
152.203.237.130 - - [03/Oct/2023:13:44:23 -0500] "GET /kwssiamovil/sm/acme/a?s=U2FsdGVkX18pEy9nYtanORIiX+WKmAFe5aND1VbddlUTa6mBmT/ezjPBux4bzsbMtXF8oaksrnIZYr28ThTelFNK0tnmbD13WGh0e+4g3Mk4ku+TtGTuWt6HTCBK0e/c6WSZEBKnbK7c3LtlZZaRY1yYMlAvKoa1mw78tQjMnEEtFxnTs60HRC4bL5al6rsiZNJWWC7UvnzeUvMzoESnFQ==&u=U2FsdGVkX1/aT54ghY1e37OWK4Z2E4yvJnSlEMek7/bTRbAV1oOzoBz+Yb/VP60G&y=U2FsdGVkX1/4KnOLj35Sygwc2W7LH7V94WpOHdk5xv0LAo7iJwIWZ8t3iHvr6iy7 HTTP/1.1" 200 26
152.203.237.130 - - [03/Oct/2023:13:44:24 -0500] "GET /kwssiamovil/sm/acme/a?s=U2FsdGVkX1+zQ92fSZBKpi8QF+EXrczrdzy5F8LmOcFjMHKMfR6EAVCzyzRD4F4wayAKZYBPD73oHs3kon2I2YhHM7dFKSMoECwepSWNMISg+PWH1ko/cIy5AEOd09RgOdm56K3/BLDQXugMExWMIHq+HFPExvh9erPVG7P9cRWjDqESUpr0Vc3Gl8IUTv8snLjbuJCuqd7jiAfJaMLITw==&u=U2FsdGVkX1/aT54ghY1e37OWK4Z2E4yvJnSlEMek7/bTRbAV1oOzoBz+Yb/VP60G&y=U2FsdGVkX1/4KnOLj35Sygwc2W7LH7V94WpOHdk5xv0LAo7iJwIWZ8t3iHvr6iy7 HTTP/1.1" 200 26
216.245.221.92 - - [03/Oct/2023:13:44:39 -0500] "HEAD / HTTP/1.1" 200 -
152.203.237.130 - - [03/Oct/2023:13:44:51 -0500] "GET /kwssiamovil/sm/acme/u?s=U2FsdGVkX196do78GLN3nkWcKG7SWUnqAGX+GSK/q3evA+9MX++Il0ER2pjjsBwGf8+nb9JmBkLsW85dSce6axV7xH49+6SNfccbXvPCQLmRrCg9Hbq1VW5tUu5EMzq1hkN3YJ4Mc2Xh2Akg8/RoxLaks4+OkS4/XTcoOGut08E=&u=U2FsdGVkX1/aT54ghY1e37OWK4Z2E4yvJnSlEMek7/bTRbAV1oOzoBz+Yb/VP60G&y=U2FsdGVkX1/4KnOLj35Sygwc2W7LH7V94WpOHdk5xv0LAo7iJwIWZ8t3iHvr6iy7 HTTP/1.1" 200 60
201.245.192.253 - - [03/Oct/2023:13:45:28 -0500] "POST /kwsrmcab/Wsrmcab  HTTP/1.1" 200 42851
201.245.192.253 - - [03/Oct/2023:13:45:42 -0500] "POST /forms/lservlet;jsessionid=ac16012b30d607c8f7daf1854769aea39dbd093f70dc.e3iSbxaKaheRe34Pbx8Nc3aQci1ynknvrkLOlQzNp65In0 HTTP/1.1" 200 2
201.245.192.253 - - [03/Oct/2023:13:46:11 -0500] "POST /forms/lservlet;jsessionid=ac16012b30d6d6f3d115f78c4008aad8a35d3bb86738.e3iSbxaKaheRe34Pbx8Nc3aQci1ynknvrkLOlQzNp65In0 HTTP/1.1" 200 2
52.167.144.200 - - [03/Oct/2023:13:46:35 -0500] "GET /galeria/galeria/jquery.fancybox.js?v=2.1.5 HTTP/1.1" 200 48706
179.43.163.130 - - [03/Oct/2023:13:47:17 -0500] "GET / HTTP/1.1" 200 319
