216.244.66.195 - - [03/Oct/2023:12:31:50 -0500] "GET /BLA/resoluciones/RESOLUCIONES%202016/1505.pdf HTTP/1.1" 200 520029
201.245.192.253 - - [03/Oct/2023:12:31:50 -0500] "POST /appsia/controlador HTTP/1.1" 200 6660
201.245.192.253 - - [03/Oct/2023:12:31:53 -0500] "POST /appsia/controlador HTTP/1.1" 200 12817
201.245.192.253 - - [03/Oct/2023:12:31:48 -0500] "POST /sipse/faces/presentacion/financiero/contrato/consultarContratosSolicitudProceso.xhtml HTTP/1.1" 200 63379
192.168.169.90 - - [03/Oct/2023:12:31:59 -0500] "POST /BLA/boletinlegal/admin/notificaciones/ingresar.php HTTP/1.1" 200 30329
192.168.169.90 - - [03/Oct/2023:12:31:59 -0500] "GET /css/global/buttons.css HTTP/1.1" 404 1312
66.249.66.21 - - [03/Oct/2023:12:32:10 -0500] "GET /BLA/resoluciones/RESOLUCIONES%202013/1619.pdf HTTP/1.1" 200 643986
201.245.192.253 - - [03/Oct/2023:12:32:11 -0500] "POST /forms/lservlet;jsessionid=ac16012b30d6d6f3d115f78c4008aad8a35d3bb86738.e3iSbxaKaheRe34Pbx8Nc3aQci1ynknvrkLOlQzNp65In0 HTTP/1.1" 200 2
216.244.66.195 - - [03/Oct/2023:12:32:18 -0500] "GET /BLA/resoluciones/RESOLUCIONES%202016/1811.pdf HTTP/1.1" 200 294377
186.102.37.30 - - [03/Oct/2023:12:32:24 -0500] "GET /kwssiamovil/sm/ldap/au?x=U2FsdGVkX193M2OTlg1W+7IkJ/Y5yW6UZYQ05bP49z8CLYrqJNLfnTaLZ2FwxoUqmWDwVhatB9mJgwlzU43hWw==&y=U2FsdGVkX1+plIGKQij8WqriFX/ye7nQnlQeFwz2dNWVyab2FqjTVGoE7oqRrd3D HTTP/1.1" 200 30
186.102.37.30 - - [03/Oct/2023:12:32:25 -0500] "GET /kwssiamovil/sm/acme/s?s=U2FsdGVkX1/rWo+kdh3EDrAu+OG6JMjqinvCAK5uph8XI8dlZpOn1o/9NLOdYbSeIV2OnNWef9xyRSioUj+LFMUOAymi+epfCvLKSWat4EQ=&u=U2FsdGVkX18b1oUlb8kiY/wIaplsqwSbqNTKoxkUF7gW1Wd8OsWtB41L6hVWi1GE&y=U2FsdGVkX1+plIGKQij8WqriFX/ye7nQnlQeFwz2dNWVyab2FqjTVGoE7oqRrd3D HTTP/1.1" 200 97
186.102.37.30 - - [03/Oct/2023:12:32:25 -0500] "GET /kwssiamovil/sm/acme/s?s=U2FsdGVkX1+JGDNMwz8P2QCdPe2a0ad1+DcFkG+lbxt+BzHFQQ8mOo9YhAHTKQgrJl+zmeFbmQkvd5XeR7QimTSMk+sYaXnMxKXX8jM+OQ1q6zuuDnY4SfXWc+dBy0UIHi+g9ZakuNCHYM2NPhaJOokzJQyFyqiRlEXofUbMtpF4qBhtrlXxh3IWts+kCOSpIxhMITRrxYSdKJeMJBCPhPouG5XT5DgpWYdiUjuD/qrzFH6oaHAC44hXrptFvpgF2n1zLssOTP4nbGMLDTP11RcZ/cElYkf9cNKwM6zYpBNvxOwvyUf61QpAzQ1xKjXG2YpPqdRJ2kx1HOvTPWEhS2eIudLG7LVh8SBdOxVO1w6yW6jtcM+SLzoAW+3U917p2D/i1shGftRE+l7SC+56UV7RSNEuZt4cqwHJJGdh5M5EQ78guQL5E6XK6+8+K+796QzXmQQ1mS4HOBlOwR3Lnx+Go8n2XBxIN8jQPlOQBQelwIlmI6dGzjx6oMFF05f2K2Tg1vUqx3arXxYzV0nLpAyvoD0vpBzeAlASgp5EoxpJgJ6bYDYRNyrN4EojLW9/xcKt4JvIpPkBlcaRSS+UKpQp3SL6jHm1CoNMnvrSMc9rs3OaPsS5oKGRo90hGGys1jzElmCpe/AO+dN0diLKUuM0yg+CWPnHR1UPBdsM6wOJMkc79dJrNHdJ+8rkBaaYgor7C0RaliTsKd47leIINvLSFM4CSDzbq1LrLB7oZ1rULjEDmopkNGab+rhZLkPIJrUrdLYzIV4VOpxyxRZHj/feThskyEV9Uk3M2XpSnLFO2SZjXgWNL15670VW736m+AbEgCprc4/bswPIzv6zAv4HRZjEKFt9J+ewDtcd3FeVSH0QwHwB0A2LHdLuXEU5y7rBktkSh1i/Ji1H2sR+BihAjFZeiNDYk03Dx7myeI6UiqOhChuJzfg31pg44CtidZp4chI0t5aOFNXugQMhJuSG2uO4qPSlV7/jlFY45TPEQxVE8inQRi6IuVx65wDV7vkW1aEM01RECvde8v/1w4UOOX4ZjhSCiKezj5pE/l9FMcwoljMoC98Y/HkCvzh5vjfHdw3+p/N2CXmdh6HX2Tj3tkU0v4QhpjndNpJm2jag643GaSrwaeIElD9NQaSXveRtSbyTM+PxkOiQArtlK1HJ/nthMV1vAikqQy1+FiFiC48Kl4X68dS01bNOIGeMOSNNzmsB5yqekDsQBR13rtgECOBBMiAW9Qk1rRh4ZnPVvQD0cvfykvntPGj6tV80pnBan1lupO3wIiOEgcOyGlQ9HsmKvaGCs6xk+7GPHI1g0c7yEXaJqPoLeRonDa7gmng63FWQegN+a5OnhhyCd1JRyWbvqYa8zbLGm+d5J7tvm11vmJo/a0hG9CNWdmDOvugTttwG9n4XIzl9o4W27X7CWSXj59AxO5zKa56SBs2LbnohG4VFlm7xoGIWPSi0vgmBTAE/8Ss0fSviSV13oT44x4XgyZCY238uRcUYFWRWS+wiuRvvprSDPY3yDR7Gj+CkGm+g19LV1LZwXKzjBa3D4e5JyRlCwq9b1NwlwEOF9g/ywOjJWa3L/S0MjcTaHYZWaWpPWfY7sUydntIELFEsgeScM7RNib2bGfyWP0SBmiM9736K5ENN8fZBQwqfwbOb3cJGjwHuGWu2gsphVRooEBdJn7O6lx/sTA8p8tVfQGZHh6zy3SEPEi4JFiY8r8qKX1qjl0mG6ceXFHV/1z5xCBxAgNDBe+QzNuSsdscx8tf/kCPd5iZVBfo14xfZ&u=U2FsdGVkX18b1oUlb8kiY/wIaplsqwSbqNTKoxkUF7gW1Wd8OsWtB41L6hVWi1GE&y=U2FsdGVkX1+plIGKQij8WqriFX/ye7nQnlQeFwz2dNWVyab2FqjTVGoE7oqRrd3D HTTP/1.1" 200 7129
186.102.37.30 - - [03/Oct/2023:12:32:25 -0500] "GET /kwssiamovil/sm/acme/s?s=U2FsdGVkX1/c0pcsN2VQjgHuhmXE1xHktCfSoCZH2YqbxLplUcwGfw9NBmGykuLUcML74j6JzzAS3b5xKthXC6XjTMOlTdYH0vruaXobbZZV1NbFV61lQSyWYqPSJWwb0+6rFQ45p1+mxHD4yUccUinWLB1VNZaV95BPn6z42IsO5llmYL5L09dpgUSV6ucG+OcA8n9KIxGipDFeI4tZrFVqEXxP5GFyMUNW/Ki9/q1IiqSSi0X99RTkpraQdheP7HXSgG1Rl9AXdr/OPk5JyAj08/uE7KthnxfdsfQ2t9fRDAdQVTIWQzdJLDYnRY2EnrF+8MYXtKmtV2a032xGYO+j7auGXfOL5DsyL19yUsmwUQPG+mWFY7TJlzM5u1k0hOtyCKsWJzuEyUMLKNTadexGSdAKfXjZTT/hpUjTMY6WiIizpavbiPDIb+n4hmLbcIfYexdu7M9b5Fho33s1x336epln7GUVI7XjjlWMWEJapHvt5bF155GxbR31ya+YCQruIfk9eCarKgvzb61ObariigMMZW//9RbkzO+EvlzVttOXsZ1tafCbpNRHPfXP98jz3QbfRSHivDn3Lzp1GEsNigM1zELZaFfRcxVmMKL+Uth6f9h2xKgCTRY4GQb4Wv8NGngFau2sRxem2JvyX/DE3AcbpzJAnglDZaa5lNAsl9g2CQ1LSAiVcxtxArTdJ5dEsy0kv21QtT91GJ6vkR0Xi3Di/OgzNKkS7aeUG7se5Ri0Db5HBPGK79zatrxQoKbUJ61MhCo6vDcBTigLEA==&u=U2FsdGVkX18b1oUlb8kiY/wIaplsqwSbqNTKoxkUF7gW1Wd8OsWtB41L6hVWi1GE&y=U2FsdGVkX1+plIGKQij8WqriFX/ye7nQnlQeFwz2dNWVyab2FqjTVGoE7oqRrd3D HTTP/1.1" 200 208
186.102.37.30 - - [03/Oct/2023:12:32:25 -0500] "GET /kwssiamovil/sm/cjson/pre?f=1&x=U2FsdGVkX193M2OTlg1W+7IkJ/Y5yW6UZYQ05bP49z8CLYrqJNLfnTaLZ2FwxoUqmWDwVhatB9mJgwlzU43hWw== HTTP/1.1" 200 31032
192.168.169.90 - - [03/Oct/2023:12:32:34 -0500] "POST /BLA/boletinlegal/admin/notificaciones/ingresar.php HTTP/1.1" 200 30329
192.168.169.90 - - [03/Oct/2023:12:32:34 -0500] "GET /css/global/buttons.css HTTP/1.1" 404 1312
201.245.192.253 - - [03/Oct/2023:12:32:38 -0500] "POST /sipsesda/faces/vista/sistema/cargarMenu.jspx HTTP/1.1" 302 201
216.244.66.195 - - [03/Oct/2023:12:32:45 -0500] "GET /BLA/resoluciones/RESOLUCIONES%202016/1871.pdf HTTP/1.1" 200 458341
201.245.192.253 - - [03/Oct/2023:12:32:48 -0500] "GET /sipsesda/ HTTP/1.1" 200 1477
201.245.192.253 - - [03/Oct/2023:12:32:48 -0500] "GET /css/segobdis.css HTTP/1.1" 404 1264
201.245.192.253 - - [03/Oct/2023:12:32:48 -0500] "GET /favicon.ico HTTP/1.1" 200 7782
201.245.192.253 - - [03/Oct/2023:12:32:48 -0500] "GET /sipsesda/faces/login.jspx HTTP/1.1" 200 6860
201.245.192.253 - - [03/Oct/2023:12:32:48 -0500] "GET /sipsesda/imagenes/encabezado.jpg HTTP/1.1" 200 18018
201.245.192.253 - - [03/Oct/2023:12:32:48 -0500] "GET /sipsesda/adf/images/t.gif HTTP/1.1" 200 86
201.245.192.253 - - [03/Oct/2023:12:32:48 -0500] "GET /sipsesda/adf/styles/cache/segobdis16-desktop-10_1_3_4_0-gecko.css HTTP/1.1" 200 20102
69.63.184.116 - - [03/Oct/2023:12:32:49 -0500] "GET /participa-en-la-convocatoria-para-el-aseguramiento-metrologico-de-la-red-de-monitoreo-de-calidad-del-aire-de-bogota.html HTTP/1.1" 200 848
201.245.192.253 - - [03/Oct/2023:12:32:50 -0500] "POST /sipsesda/faces/login.jspx HTTP/1.1" 200 5764
201.245.192.253 - - [03/Oct/2023:12:32:53 -0500] "POST /sipsesda/faces/vista/sistema/seleccionRol.jspx HTTP/1.1" 200 33019
201.245.192.253 - - [03/Oct/2023:12:32:53 -0500] "GET /sipsesda/imagenes/logoAplicacion.jpg HTTP/1.1" 200 155084
201.245.192.253 - - [03/Oct/2023:12:32:53 -0500] "GET /sipsesda/faces/imagenes/vinetaAbajo.gif HTTP/1.1" 200 72
201.245.192.253 - - [03/Oct/2023:12:32:53 -0500] "GET /sipsesda/faces/imagenes/vinetaDerecha.gif HTTP/1.1" 200 107
201.245.192.253 - - [03/Oct/2023:12:32:55 -0500] "GET /sipsesda/faces/vista/sistema/cargarMenu.jspx?accionMenu=irConsultaContratosVigentes&menuID=156 HTTP/1.1" 200 33226
201.245.192.253 - - [03/Oct/2023:12:32:55 -0500] "GET /sipsesda/imagenes/cargando.gif HTTP/1.1" 200 1287
201.245.192.253 - - [03/Oct/2023:12:32:55 -0500] "POST /sipsesda/faces/vista/sistema/cargarMenu.jspx HTTP/1.1" 200 33359
201.245.192.253 - - [03/Oct/2023:12:33:06 -0500] "POST /sipse/faces/presentacion/financiero/contrato/consultarContratosSolicitudProceso.xhtml HTTP/1.1" 200 75125
201.245.192.253 - - [03/Oct/2023:12:33:07 -0500] "GET /sipse/js/jquery.min.js HTTP/1.1" 200 85582
201.245.192.253 - - [03/Oct/2023:12:33:07 -0500] "GET /sipse/faces/javax.faces.resource/jquery/jquery.js?ln=primefaces&v=4.0 HTTP/1.1" 304 -
201.245.192.253 - - [03/Oct/2023:12:33:07 -0500] "GET /sipse/faces/javax.faces.resource/jquery/jquery-plugins.js?ln=primefaces&v=4.0 HTTP/1.1" 304 -
201.245.192.253 - - [03/Oct/2023:12:33:07 -0500] "GET /sipse/faces/javax.faces.resource/primefaces.js?ln=primefaces&v=4.0 HTTP/1.1" 304 -
201.245.192.253 - - [03/Oct/2023:12:33:07 -0500] "GET /sipse/faces/javax.faces.resource/layout/layout.js?ln=primefaces&v=4.0 HTTP/1.1" 304 -
192.168.169.90 - - [03/Oct/2023:12:33:08 -0500] "POST /BLA/boletinlegal/admin/notificaciones/ingresar.php HTTP/1.1" 200 30329
192.168.169.90 - - [03/Oct/2023:12:33:09 -0500] "GET /css/global/buttons.css HTTP/1.1" 404 1312
216.244.66.195 - - [03/Oct/2023:12:33:12 -0500] "GET /BLA/resoluciones/RESOLUCIONES%202016/1934.pdf HTTP/1.1" 200 589998
201.245.192.253 - - [03/Oct/2023:12:33:12 -0500] "POST /sipse/faces/presentacion/financiero/solicitudProceso/crearModificarSolicitudProceso.xhtml HTTP/1.1" 200 911
201.245.192.253 - - [03/Oct/2023:12:33:13 -0500] "GET /sipse/faces/faces/faces/faces/autenticacion HTTP/1.1" 302 -
201.245.192.253 - - [03/Oct/2023:12:33:13 -0500] "GET /sipse/faces/autenticacion.xhtml HTTP/1.1" 200 12411
201.245.192.253 - - [03/Oct/2023:12:33:13 -0500] "GET /sipse/faces/javax.faces.resource/primefaces.js?ln=primefaces&v=4.0 HTTP/1.1" 304 -
201.245.192.253 - - [03/Oct/2023:12:33:13 -0500] "GET /sipse/faces/javax.faces.resource/jquery/jquery-plugins.js?ln=primefaces&v=4.0 HTTP/1.1" 304 -
201.245.192.253 - - [03/Oct/2023:12:33:13 -0500] "GET /sipse/faces/javax.faces.resource/layout/layout.css?ln=primefaces&v=4.0 HTTP/1.1" 200 542
201.245.192.253 - - [03/Oct/2023:12:33:13 -0500] "GET /sipse/faces/javax.faces.resource/jquery/jquery.js?ln=primefaces&v=4.0 HTTP/1.1" 304 -
201.245.192.253 - - [03/Oct/2023:12:33:13 -0500] "GET /sipse/faces/javax.faces.resource/layout/layout.js?ln=primefaces&v=4.0 HTTP/1.1" 304 -
201.245.192.253 - - [03/Oct/2023:12:33:13 -0500] "GET /sipse/faces/javax.faces.resource/primefaces.css?ln=primefaces&v=4.0 HTTP/1.1" 200 53295
201.245.192.253 - - [03/Oct/2023:12:33:13 -0500] "GET /sipse/faces/javax.faces.resource/theme.css?ln=primefaces-sipse HTTP/1.1" 200 50058
201.245.192.253 - - [03/Oct/2023:12:33:13 -0500] "GET /sipse/faces/javax.faces.resource/images/ui-icons_898989_256x240.png?ln=primefaces-aristo HTTP/1.1" 200 5355
201.245.192.253 - - [03/Oct/2023:12:33:14 -0500] "POST /sipse/faces/autenticacion.xhtml HTTP/1.1" 200 11970
201.245.192.253 - - [03/Oct/2023:12:33:14 -0500] "GET /sipse/faces/javax.faces.resource/jquery/jquery.js?ln=primefaces&v=4.0 HTTP/1.1" 304 -
201.245.192.253 - - [03/Oct/2023:12:33:14 -0500] "GET /sipse/faces/javax.faces.resource/jquery/jquery-plugins.js?ln=primefaces&v=4.0 HTTP/1.1" 304 -
201.245.192.253 - - [03/Oct/2023:12:33:15 -0500] "GET /sipse/faces/javax.faces.resource/primefaces.js?ln=primefaces&v=4.0 HTTP/1.1" 304 -
201.245.192.253 - - [03/Oct/2023:12:33:15 -0500] "GET /sipse/faces/javax.faces.resource/layout/layout.js?ln=primefaces&v=4.0 HTTP/1.1" 304 -
201.245.192.253 - - [03/Oct/2023:12:33:15 -0500] "GET /sipse/faces/javax.faces.resource/messages/messages.png?ln=primefaces&v=4.0 HTTP/1.1" 200 27209
201.245.192.253 - - [03/Oct/2023:12:33:17 -0500] "POST /sipse/faces/presentacion/sistema/seguridad/seleccionRol.xhtml HTTP/1.1" 200 6403
201.245.192.253 - - [03/Oct/2023:12:33:18 -0500] "POST /sipse/faces/presentacion/sistema/seguridad/seleccionRol.xhtml HTTP/1.1" 200 18226
201.245.192.253 - - [03/Oct/2023:12:33:18 -0500] "GET /sipse/faces/javax.faces.resource/jquery/jquery.js?ln=primefaces&v=4.0 HTTP/1.1" 304 -
201.245.192.253 - - [03/Oct/2023:12:33:18 -0500] "GET /sipse/faces/javax.faces.resource/jquery/jquery-plugins.js?ln=primefaces&v=4.0 HTTP/1.1" 304 -
201.245.192.253 - - [03/Oct/2023:12:33:18 -0500] "GET /sipse/faces/javax.faces.resource/primefaces.js?ln=primefaces&v=4.0 HTTP/1.1" 304 -
201.245.192.253 - - [03/Oct/2023:12:33:18 -0500] "GET /sipse/faces/javax.faces.resource/layout/layout.js?ln=primefaces&v=4.0 HTTP/1.1" 304 -
66.249.66.21 - - [03/Oct/2023:12:33:21 -0500] "GET /BLA/resoluciones/RESOLUCIONES%202009/6742.pdf HTTP/1.1" 200 552685
172.22.2.4 - - [03/Oct/2023:12:31:49 -0500] "HEAD /BLA/boletinlegal/ HTTP/1.1" 200 -
192.168.169.90 - - [03/Oct/2023:12:33:36 -0500] "POST /BLA/boletinlegal/admin/notificaciones/ingresar.php HTTP/1.1" 200 30329
192.168.169.90 - - [03/Oct/2023:12:33:36 -0500] "GET /css/global/buttons.css HTTP/1.1" 404 1312
216.244.66.195 - - [03/Oct/2023:12:33:37 -0500] "GET /BLA/resoluciones/RESOLUCIONES%202016/1991.pdf HTTP/1.1" 200 365588
201.245.192.253 - - [03/Oct/2023:12:33:38 -0500] "POST /appsia/controlador HTTP/1.1" 200 76135
201.245.192.253 - - [03/Oct/2023:12:33:41 -0500] "POST /forms/lservlet;jsessionid=ac16012b30d607c8f7daf1854769aea39dbd093f70dc.e3iSbxaKaheRe34Pbx8Nc3aQci1ynknvrkLOlQzNp65In0 HTTP/1.1" 200 2
216.244.66.195 - - [03/Oct/2023:12:34:04 -0500] "GET /BLA/resoluciones/RESOLUCIONES%202016/2034.pdf HTTP/1.1" 200 544790
192.168.169.90 - - [03/Oct/2023:12:34:09 -0500] "POST /BLA/boletinlegal/admin/notificaciones/ingresar.php HTTP/1.1" 200 30329
192.168.169.90 - - [03/Oct/2023:12:34:09 -0500] "GET /css/global/buttons.css HTTP/1.1" 404 1312
201.245.192.253 - - [03/Oct/2023:12:34:11 -0500] "POST /forms/lservlet;jsessionid=ac16012b30d6d6f3d115f78c4008aad8a35d3bb86738.e3iSbxaKaheRe34Pbx8Nc3aQci1ynknvrkLOlQzNp65In0 HTTP/1.1" 200 2
172.22.2.4 - - [03/Oct/2023:12:32:40 -0500] "GET /BLA/boletinlegal/ HTTP/1.1" 200 60342
216.244.66.195 - - [03/Oct/2023:12:34:28 -0500] "GET /BLA/resoluciones/RESOLUCIONES%202016/2232.pdf HTTP/1.1" 200 685031
186.28.190.91 - - [03/Oct/2023:12:34:36 -0500] "GET /BLA/resoluciones/ HTTP/1.1" 200 13696
192.168.169.90 - - [03/Oct/2023:12:34:38 -0500] "POST /BLA/boletinlegal/admin/notificaciones/ingresar.php HTTP/1.1" 200 30329
192.168.169.90 - - [03/Oct/2023:12:34:38 -0500] "GET /css/global/buttons.css HTTP/1.1" 404 1312
216.245.221.92 - - [03/Oct/2023:12:34:39 -0500] "HEAD / HTTP/1.1" 200 -
201.245.192.253 - - [03/Oct/2023:12:34:39 -0500] "POST /appsia/controlador HTTP/1.1" 200 7795
186.28.190.91 - - [03/Oct/2023:12:34:39 -0500] "GET /BLA/resoluciones/index.php?dir=AUTOS+2019%2F HTTP/1.1" 200 387008
201.245.192.253 - - [03/Oct/2023:12:34:44 -0500] "POST /appsia/controlador HTTP/1.1" 200 6660
201.245.192.253 - - [03/Oct/2023:12:34:46 -0500] "POST /appsia/controlador HTTP/1.1" 200 13591
216.244.66.195 - - [03/Oct/2023:12:34:51 -0500] "GET /BLA/resoluciones/RESOLUCIONES%202016/2293.pdf HTTP/1.1" 200 677010
192.168.169.90 - - [03/Oct/2023:12:35:11 -0500] "POST /BLA/boletinlegal/admin/notificaciones/ingresar.php HTTP/1.1" 200 30329
192.168.169.90 - - [03/Oct/2023:12:35:11 -0500] "GET /css/global/buttons.css HTTP/1.1" 404 1312
216.244.66.195 - - [03/Oct/2023:12:35:15 -0500] "GET /BLA/resoluciones/RESOLUCIONES%202017/0139.pdf HTTP/1.1" 200 888187
216.244.66.195 - - [03/Oct/2023:12:35:40 -0500] "GET /BLA/resoluciones/RESOLUCIONES%202017/0334.pdf HTTP/1.1" 200 417267
201.245.192.253 - - [03/Oct/2023:12:35:42 -0500] "POST /forms/lservlet;jsessionid=ac16012b30d607c8f7daf1854769aea39dbd093f70dc.e3iSbxaKaheRe34Pbx8Nc3aQci1ynknvrkLOlQzNp65In0 HTTP/1.1" 200 2
192.168.169.90 - - [03/Oct/2023:12:35:49 -0500] "POST /BLA/boletinlegal/admin/notificaciones/ingresar.php HTTP/1.1" 200 30329
192.168.169.90 - - [03/Oct/2023:12:35:49 -0500] "GET /css/global/buttons.css HTTP/1.1" 404 1312
201.245.192.253 - - [03/Oct/2023:12:35:49 -0500] "POST /appsia/controlador HTTP/1.1" 200 76223
201.245.192.253 - - [03/Oct/2023:12:35:48 -0500] "POST /kwsrmcab/Wsrmcab  HTTP/1.1" 200 42851
216.244.66.195 - - [03/Oct/2023:12:36:00 -0500] "GET /BLA/resoluciones/RESOLUCIONES%202017/0400.pdf HTTP/1.1" 200 308018
201.245.192.253 - - [03/Oct/2023:12:36:11 -0500] "POST /forms/lservlet;jsessionid=ac16012b30d6d6f3d115f78c4008aad8a35d3bb86738.e3iSbxaKaheRe34Pbx8Nc3aQci1ynknvrkLOlQzNp65In0 HTTP/1.1" 200 2
192.168.169.90 - - [03/Oct/2023:12:36:15 -0500] "POST /BLA/boletinlegal/admin/notificaciones/ingresar.php HTTP/1.1" 200 30329
192.168.169.90 - - [03/Oct/2023:12:36:15 -0500] "GET /css/global/buttons.css HTTP/1.1" 404 1312
216.244.66.195 - - [03/Oct/2023:12:36:20 -0500] "GET /BLA/resoluciones/RESOLUCIONES%202017/0654.pdf HTTP/1.1" 200 545307
216.244.66.195 - - [03/Oct/2023:12:36:38 -0500] "GET /BLA/resoluciones/RESOLUCIONES%202017/0875.pdf HTTP/1.1" 200 766993
216.244.66.195 - - [03/Oct/2023:12:36:55 -0500] "GET /BLA/resoluciones/RESOLUCIONES%202017/1501.pdf HTTP/1.1" 200 322267
201.245.192.253 - - [03/Oct/2023:12:37:01 -0500] "GET /sipse/faces/javax.faces.resource/images/ui-bg_flat_0_2d5972_40x100.png?ln=primefaces-aristo HTTP/1.1" 200 183
201.245.192.253 - - [03/Oct/2023:12:37:01 -0500] "POST /sipse/faces/bienvenido.xhtml HTTP/1.1" 200 8138
52.167.144.220 - - [03/Oct/2023:12:37:01 -0500] "GET /BLA/resoluciones/index.php?dir=AUTOS+2018%2F HTTP/1.1" 200 464159
201.245.192.253 - - [03/Oct/2023:12:37:03 -0500] "POST /sipse/faces/bienvenido.xhtml HTTP/1.1" 200 3876
201.245.192.253 - - [03/Oct/2023:12:37:04 -0500] "POST /sipse/faces/bienvenido.xhtml HTTP/1.1" 200 44547
201.245.192.253 - - [03/Oct/2023:12:37:04 -0500] "GET /sipse/faces/javax.faces.resource/jquery/jquery.js?ln=primefaces&v=4.0 HTTP/1.1" 304 -
201.245.192.253 - - [03/Oct/2023:12:37:04 -0500] "GET /sipse/faces/javax.faces.resource/jquery/jquery-plugins.js?ln=primefaces&v=4.0 HTTP/1.1" 304 -
201.245.192.253 - - [03/Oct/2023:12:37:04 -0500] "GET /sipse/faces/javax.faces.resource/primefaces.js?ln=primefaces&v=4.0 HTTP/1.1" 304 -
201.245.192.253 - - [03/Oct/2023:12:37:04 -0500] "GET /sipse/faces/javax.faces.resource/layout/layout.js?ln=primefaces&v=4.0 HTTP/1.1" 304 -
201.245.192.253 - - [03/Oct/2023:12:37:10 -0500] "POST /sipse/faces/presentacion/parametrica/generales/listarGenerales.xhtml HTTP/1.1" 200 13609
201.245.192.253 - - [03/Oct/2023:12:37:10 -0500] "POST /sipse/faces/presentacion/parametrica/generales/listarGenerales.xhtml HTTP/1.1" 200 8177
216.244.66.195 - - [03/Oct/2023:12:37:11 -0500] "GET /BLA/resoluciones/RESOLUCIONES%202017/1708.pdf HTTP/1.1" 200 451354
201.245.192.253 - - [03/Oct/2023:12:37:14 -0500] "POST /sipse/faces/presentacion/parametrica/generales/listarGenerales.xhtml HTTP/1.1" 200 13682
201.245.192.253 - - [03/Oct/2023:12:37:14 -0500] "POST /sipse/faces/presentacion/parametrica/generales/listarGenerales.xhtml HTTP/1.1" 200 17825
201.245.192.253 - - [03/Oct/2023:12:37:18 -0500] "POST /sipse/faces/presentacion/parametrica/generales/listarGenerales.xhtml HTTP/1.1" 200 23692
201.245.192.253 - - [03/Oct/2023:12:37:19 -0500] "POST /sipse/faces/presentacion/parametrica/generales/listarGenerales.xhtml HTTP/1.1" 200 17830
192.168.169.90 - - [03/Oct/2023:12:37:19 -0500] "POST /BLA/boletinlegal/admin/notificaciones/ingresar.php HTTP/1.1" 200 30329
192.168.169.90 - - [03/Oct/2023:12:37:19 -0500] "GET /css/global/buttons.css HTTP/1.1" 404 1312
216.244.66.195 - - [03/Oct/2023:12:37:26 -0500] "GET /BLA/resoluciones/RESOLUCIONES%202017/1988.pdf HTTP/1.1" 200 421129
201.245.192.253 - - [03/Oct/2023:12:37:30 -0500] "POST /sipse/faces/presentacion/parametrica/generales/listarGenerales.xhtml HTTP/1.1" 200 23697
201.245.192.253 - - [03/Oct/2023:12:37:30 -0500] "POST /sipse/faces/presentacion/parametrica/generales/listarGenerales.xhtml HTTP/1.1" 200 17822
201.245.192.253 - - [03/Oct/2023:12:37:36 -0500] "POST /sipse/faces/presentacion/parametrica/generales/listarGenerales.xhtml HTTP/1.1" 200 54553
201.245.192.253 - - [03/Oct/2023:12:37:36 -0500] "POST /sipse/faces/presentacion/parametrica/generales/listarGenerales.xhtml HTTP/1.1" 200 54557
201.245.192.253 - - [03/Oct/2023:12:37:40 -0500] "POST /sipse/faces/presentacion/parametrica/generales/listarGenerales.xhtml HTTP/1.1" 200 53652
216.244.66.195 - - [03/Oct/2023:12:37:40 -0500] "GET /BLA/resoluciones/RESOLUCIONES%202017/2320.pdf HTTP/1.1" 200 2317028
201.245.192.253 - - [03/Oct/2023:12:37:40 -0500] "POST /sipse/faces/presentacion/parametrica/generales/listarGenerales.xhtml HTTP/1.1" 200 53652
201.245.192.253 - - [03/Oct/2023:12:37:42 -0500] "POST /forms/lservlet;jsessionid=ac16012b30d607c8f7daf1854769aea39dbd093f70dc.e3iSbxaKaheRe34Pbx8Nc3aQci1ynknvrkLOlQzNp65In0 HTTP/1.1" 200 2
192.168.169.90 - - [03/Oct/2023:12:37:48 -0500] "POST /BLA/boletinlegal/admin/notificaciones/ingresar.php HTTP/1.1" 200 30329
192.168.169.90 - - [03/Oct/2023:12:37:48 -0500] "GET /css/global/buttons.css HTTP/1.1" 404 1312
201.245.192.253 - - [03/Oct/2023:12:37:49 -0500] "POST /kwsrmcab/Wsrmcab HTTP/1.1" 200 41798
201.245.192.253 - - [03/Oct/2023:12:37:52 -0500] "POST /kwsrmcab/Wsrmcab HTTP/1.1" 200 42131
216.244.66.195 - - [03/Oct/2023:12:38:07 -0500] "GET /BLA/resoluciones/RESOLUCIONES%202017/2335.pdf HTTP/1.1" 200 541691
201.245.192.253 - - [03/Oct/2023:12:38:11 -0500] "POST /forms/lservlet;jsessionid=ac16012b30d6d6f3d115f78c4008aad8a35d3bb86738.e3iSbxaKaheRe34Pbx8Nc3aQci1ynknvrkLOlQzNp65In0 HTTP/1.1" 200 2
192.168.169.90 - - [03/Oct/2023:12:38:13 -0500] "POST /BLA/boletinlegal/admin/notificaciones/ingresar.php HTTP/1.1" 200 30329
192.168.169.90 - - [03/Oct/2023:12:38:13 -0500] "GET /css/global/buttons.css HTTP/1.1" 404 1312
216.244.66.195 - - [03/Oct/2023:12:38:32 -0500] "GET /BLA/resoluciones/RESOLUCIONES%202017/2511.pdf HTTP/1.1" 200 502065
192.168.169.90 - - [03/Oct/2023:12:38:36 -0500] "POST /BLA/boletinlegal/admin/notificaciones/ingresar.php HTTP/1.1" 200 30329
192.168.169.90 - - [03/Oct/2023:12:38:36 -0500] "GET /css/global/buttons.css HTTP/1.1" 404 1312
216.244.66.195 - - [03/Oct/2023:12:38:56 -0500] "GET /BLA/resoluciones/RESOLUCIONES%202017/2656.pdf HTTP/1.1" 200 304765
192.168.169.90 - - [03/Oct/2023:12:39:01 -0500] "POST /BLA/boletinlegal/admin/notificaciones/ingresar.php HTTP/1.1" 200 30329
192.168.169.90 - - [03/Oct/2023:12:39:02 -0500] "GET /css/global/buttons.css HTTP/1.1" 404 1312
201.245.192.253 - - [03/Oct/2023:12:39:04 -0500] "GET /sipse/faces/index.xhtml HTTP/1.1" 200 677
201.245.192.253 - - [03/Oct/2023:12:39:04 -0500] "GET /sipse/faces/javax.faces.resource/theme.css?ln=primefaces-sipse HTTP/1.1" 304 -
201.245.192.253 - - [03/Oct/2023:12:39:04 -0500] "GET /sipse/faces/faces/autenticacion.xhtml HTTP/1.1" 200 12411
201.245.192.253 - - [03/Oct/2023:12:39:05 -0500] "GET /sipse/css/custom_css_sg.css HTTP/1.1" 200 9694
201.245.192.253 - - [03/Oct/2023:12:39:05 -0500] "GET /sipse/css/custom_css_sg_prime_login.css HTTP/1.1" 200 443
201.245.192.253 - - [03/Oct/2023:12:39:05 -0500] "GET /sipse/faces/javax.faces.resource/theme.css?ln=primefaces-sipse HTTP/1.1" 304 -
201.245.192.253 - - [03/Oct/2023:12:39:05 -0500] "GET /sipse/faces/javax.faces.resource/primefaces.css?ln=primefaces&v=4.0 HTTP/1.1" 304 -
201.245.192.253 - - [03/Oct/2023:12:39:05 -0500] "GET /sipse/faces/javax.faces.resource/layout/layout.css?ln=primefaces&v=4.0 HTTP/1.1" 304 -
201.245.192.253 - - [03/Oct/2023:12:39:05 -0500] "GET /sipse/faces/javax.faces.resource/jquery/jquery.js?ln=primefaces&v=4.0 HTTP/1.1" 304 -
201.245.192.253 - - [03/Oct/2023:12:39:05 -0500] "GET /sipse/faces/javax.faces.resource/jquery/jquery-plugins.js?ln=primefaces&v=4.0 HTTP/1.1" 304 -
201.245.192.253 - - [03/Oct/2023:12:39:05 -0500] "GET /sipse/faces/javax.faces.resource/layout/layout.js?ln=primefaces&v=4.0 HTTP/1.1" 304 -
201.245.192.253 - - [03/Oct/2023:12:39:05 -0500] "GET /sipse/faces/javax.faces.resource/primefaces.js?ln=primefaces&v=4.0 HTTP/1.1" 304 -
201.245.192.253 - - [03/Oct/2023:12:39:05 -0500] "GET /sipse/css/imagen/logoSDG.png HTTP/1.1" 200 53064
201.245.192.253 - - [03/Oct/2023:12:39:05 -0500] "GET /sipse/css/imagen/loginimg.png HTTP/1.1" 200 71635
201.245.192.253 - - [03/Oct/2023:12:39:05 -0500] "GET /sipse/faces/javax.faces.resource/images/ui-icons_898989_256x240.png?ln=primefaces-aristo HTTP/1.1" 200 5355
201.245.192.253 - - [03/Oct/2023:12:39:10 -0500] "POST /sipse/faces/autenticacion.xhtml HTTP/1.1" 200 16219
201.245.192.253 - - [03/Oct/2023:12:39:10 -0500] "GET /sipse/css/custom_css_sg_prime.css HTTP/1.1" 200 5201
201.245.192.253 - - [03/Oct/2023:12:39:10 -0500] "GET /sipse/faces/javax.faces.resource/theme.css?ln=primefaces-sipse HTTP/1.1" 304 -
201.245.192.253 - - [03/Oct/2023:12:39:10 -0500] "GET /sipse/faces/javax.faces.resource/primefaces.css?ln=primefaces&v=4.0 HTTP/1.1" 304 -
201.245.192.253 - - [03/Oct/2023:12:39:10 -0500] "GET /sipse/faces/javax.faces.resource/layout/layout.css?ln=primefaces&v=4.0 HTTP/1.1" 304 -
201.245.192.253 - - [03/Oct/2023:12:39:10 -0500] "GET /sipse/faces/javax.faces.resource/jquery/jquery.js?ln=primefaces&v=4.0 HTTP/1.1" 304 -
201.245.192.253 - - [03/Oct/2023:12:39:10 -0500] "GET /sipse/faces/javax.faces.resource/jquery/jquery-plugins.js?ln=primefaces&v=4.0 HTTP/1.1" 304 -
35.204.200.102 - - [03/Oct/2023:12:39:10 -0500] "GET /proximo-4-de-octubre-simulacro-distrital-de-evacuacion-dia-y-noche.html HTTP/1.1" 200 783
201.245.192.253 - - [03/Oct/2023:12:39:10 -0500] "GET /sipse/faces/javax.faces.resource/primefaces.js?ln=primefaces&v=4.0 HTTP/1.1" 304 -
201.245.192.253 - - [03/Oct/2023:12:39:10 -0500] "GET /sipse/faces/javax.faces.resource/layout/layout.js?ln=primefaces&v=4.0 HTTP/1.1" 304 -
201.245.192.253 - - [03/Oct/2023:12:39:10 -0500] "GET /sipse/css/v_mergente.css HTTP/1.1" 200 1505
201.245.192.253 - - [03/Oct/2023:12:39:10 -0500] "GET /sipse/css/imagen/contrasena.png HTTP/1.1" 404 383
201.245.192.253 - - [03/Oct/2023:12:39:10 -0500] "GET /sipse/imagenes/cargando.gif HTTP/1.1" 200 36959
201.245.192.253 - - [03/Oct/2023:12:39:10 -0500] "GET /sipse/imagenes/logoAplicacion.jpg HTTP/1.1" 200 155084
201.245.192.253 - - [03/Oct/2023:12:39:11 -0500] "GET /sipse/faces/javax.faces.resource/messages/messages.png?ln=primefaces&v=4.0 HTTP/1.1" 200 27209
201.245.192.253 - - [03/Oct/2023:12:39:12 -0500] "GET /sipse/faces/javax.faces.resource/images/ui-bg_flat_0_2d5972_40x100.png?ln=primefaces-aristo HTTP/1.1" 200 183
201.245.192.253 - - [03/Oct/2023:12:39:12 -0500] "POST /sipse/faces/bienvenido.xhtml HTTP/1.1" 200 1471
201.245.192.253 - - [03/Oct/2023:12:39:13 -0500] "POST /sipse/faces/bienvenido.xhtml HTTP/1.1" 200 34548
201.245.192.253 - - [03/Oct/2023:12:39:14 -0500] "GET /sipse/faces/javax.faces.resource/layout/layout.css?ln=primefaces&v=4.0 HTTP/1.1" 304 -
201.245.192.253 - - [03/Oct/2023:12:39:14 -0500] "GET /sipse/faces/javax.faces.resource/primefaces.css?ln=primefaces&v=4.0 HTTP/1.1" 304 -
201.245.192.253 - - [03/Oct/2023:12:39:14 -0500] "GET /sipse/faces/javax.faces.resource/theme.css?ln=primefaces-sipse HTTP/1.1" 304 -
201.245.192.253 - - [03/Oct/2023:12:39:14 -0500] "GET /sipse/faces/javax.faces.resource/jquery/jquery.js?ln=primefaces&v=4.0 HTTP/1.1" 304 -
201.245.192.253 - - [03/Oct/2023:12:39:14 -0500] "GET /sipse/faces/javax.faces.resource/jquery/jquery-plugins.js?ln=primefaces&v=4.0 HTTP/1.1" 304 -
201.245.192.253 - - [03/Oct/2023:12:39:14 -0500] "GET /sipse/faces/javax.faces.resource/primefaces.js?ln=primefaces&v=4.0 HTTP/1.1" 304 -
201.245.192.253 - - [03/Oct/2023:12:39:14 -0500] "GET /sipse/faces/javax.faces.resource/layout/layout.js?ln=primefaces&v=4.0 HTTP/1.1" 304 -
201.245.192.253 - - [03/Oct/2023:12:39:15 -0500] "POST /sipse/faces/presentacion/financiero/solicitudProceso/listarSolicitudProceso.xhtml HTTP/1.1" 200 1404
66.249.66.19 - - [03/Oct/2023:12:39:16 -0500] "GET /Publicaciones/2022EE247172.pdf HTTP/1.1" 404 228
172.22.2.4 - - [03/Oct/2023:12:37:39 -0500] "HEAD /BLA/boletinlegal/ HTTP/1.1" 200 -
216.244.66.195 - - [03/Oct/2023:12:39:20 -0500] "GET /BLA/resoluciones/RESOLUCIONES%202017/3326.pdf HTTP/1.1" 200 365794
192.168.169.90 - - [03/Oct/2023:12:39:30 -0500] "POST /BLA/boletinlegal/admin/notificaciones/ingresar.php HTTP/1.1" 200 30329
192.168.169.90 - - [03/Oct/2023:12:39:30 -0500] "GET /css/global/buttons.css HTTP/1.1" 404 1312
172.22.2.4 - - [03/Oct/2023:12:38:50 -0500] "GET /BLA/boletinlegal/?XDEBUG_SESSION_START=phpstorm HTTP/1.1" 200 24523
216.245.221.92 - - [03/Oct/2023:12:39:39 -0500] "HEAD / HTTP/1.1" 200 -
201.245.192.253 - - [03/Oct/2023:12:39:42 -0500] "POST /forms/lservlet;jsessionid=ac16012b30d607c8f7daf1854769aea39dbd093f70dc.e3iSbxaKaheRe34Pbx8Nc3aQci1ynknvrkLOlQzNp65In0 HTTP/1.1" 200 2
216.244.66.195 - - [03/Oct/2023:12:39:42 -0500] "GET /BLA/resoluciones/RESOLUCIONES%202017/3662.pdf HTTP/1.1" 200 3398395
66.249.66.20 - - [03/Oct/2023:12:39:50 -0500] "GET /BLA/resoluciones/AUTOS%202008/0851.pdf HTTP/1.1" 200 76780
192.168.169.90 - - [03/Oct/2023:12:40:02 -0500] "POST /BLA/boletinlegal/admin/notificaciones/ingresar.php HTTP/1.1" 200 30329
192.168.169.90 - - [03/Oct/2023:12:40:02 -0500] "GET /css/global/buttons.css HTTP/1.1" 404 1312
172.22.2.4 - - [03/Oct/2023:12:38:30 -0500] "GET /BLA/boletinlegal/ HTTP/1.1" 200 54150
201.245.192.253 - - [03/Oct/2023:12:40:11 -0500] "POST /forms/lservlet;jsessionid=ac16012b30d6d6f3d115f78c4008aad8a35d3bb86738.e3iSbxaKaheRe34Pbx8Nc3aQci1ynknvrkLOlQzNp65In0 HTTP/1.1" 200 2
216.244.66.195 - - [03/Oct/2023:12:40:14 -0500] "GET /BLA/resoluciones/RESOLUCIONES%202019/1679.pdf HTTP/1.1" 200 282415
192.168.169.90 - - [03/Oct/2023:12:40:24 -0500] "POST /BLA/boletinlegal/admin/notificaciones/ingresar.php HTTP/1.1" 200 30329
192.168.169.90 - - [03/Oct/2023:12:40:24 -0500] "GET /css/global/buttons.css HTTP/1.1" 404 1312
201.245.192.253 - - [03/Oct/2023:12:40:46 -0500] "POST /kwsrmcab/Wsrmcab  HTTP/1.1" 200 42851
192.168.169.90 - - [03/Oct/2023:12:40:49 -0500] "POST /BLA/boletinlegal/admin/notificaciones/ingresar.php HTTP/1.1" 200 30329
192.168.169.90 - - [03/Oct/2023:12:40:49 -0500] "GET /css/global/buttons.css HTTP/1.1" 404 1312
201.245.192.253 - - [03/Oct/2023:12:40:54 -0500] "POST /sipse/faces/presentacion/financiero/solicitudProceso/listarSolicitudProceso.xhtml HTTP/1.1" 200 158223
201.245.192.253 - - [03/Oct/2023:12:40:55 -0500] "GET /sipse/faces/javax.faces.resource/theme.css?ln=primefaces-sipse HTTP/1.1" 304 -
201.245.192.253 - - [03/Oct/2023:12:40:55 -0500] "GET /sipse/faces/javax.faces.resource/primefaces.css?ln=primefaces&v=4.0 HTTP/1.1" 304 -
201.245.192.253 - - [03/Oct/2023:12:40:55 -0500] "GET /sipse/faces/javax.faces.resource/layout/layout.css?ln=primefaces&v=4.0 HTTP/1.1" 304 -
201.245.192.253 - - [03/Oct/2023:12:40:55 -0500] "GET /sipse/faces/javax.faces.resource/jquery/jquery.js?ln=primefaces&v=4.0 HTTP/1.1" 304 -
201.245.192.253 - - [03/Oct/2023:12:40:55 -0500] "GET /sipse/faces/javax.faces.resource/jquery/jquery-plugins.js?ln=primefaces&v=4.0 HTTP/1.1" 304 -
201.245.192.253 - - [03/Oct/2023:12:40:55 -0500] "GET /sipse/faces/javax.faces.resource/primefaces.js?ln=primefaces&v=4.0 HTTP/1.1" 304 -
201.245.192.253 - - [03/Oct/2023:12:40:55 -0500] "GET /sipse/faces/javax.faces.resource/layout/layout.js?ln=primefaces&v=4.0 HTTP/1.1" 304 -
201.245.192.253 - - [03/Oct/2023:12:40:56 -0500] "GET /sipse/faces/javax.faces.resource/dynamiccontent.properties?ln=primefaces&pfdrid=XjOR5%2F%2FfPAZAuY9TpWQeCiM0BhlXxYRBGKi%2FQcXXfeA%3D&pfdrid_c=false HTTP/1.1" 500 383
192.168.169.90 - - [03/Oct/2023:12:41:14 -0500] "POST /BLA/boletinlegal/admin/notificaciones/ingresar.php HTTP/1.1" 200 30329
192.168.169.90 - - [03/Oct/2023:12:41:15 -0500] "GET /css/global/buttons.css HTTP/1.1" 404 1312
192.168.169.90 - - [03/Oct/2023:12:41:37 -0500] "POST /BLA/boletinlegal/admin/notificaciones/ingresar.php HTTP/1.1" 200 30329
192.168.169.90 - - [03/Oct/2023:12:41:37 -0500] "GET /css/global/buttons.css HTTP/1.1" 404 1312
201.245.192.253 - - [03/Oct/2023:12:41:42 -0500] "POST /forms/lservlet;jsessionid=ac16012b30d607c8f7daf1854769aea39dbd093f70dc.e3iSbxaKaheRe34Pbx8Nc3aQci1ynknvrkLOlQzNp65In0 HTTP/1.1" 200 2
192.168.169.90 - - [03/Oct/2023:12:42:08 -0500] "POST /BLA/boletinlegal/admin/notificaciones/ingresar.php HTTP/1.1" 200 30329
192.168.169.90 - - [03/Oct/2023:12:42:08 -0500] "GET /css/global/buttons.css HTTP/1.1" 404 1312
201.245.192.253 - - [03/Oct/2023:12:42:11 -0500] "POST /forms/lservlet;jsessionid=ac16012b30d6d6f3d115f78c4008aad8a35d3bb86738.e3iSbxaKaheRe34Pbx8Nc3aQci1ynknvrkLOlQzNp65In0 HTTP/1.1" 200 2
192.168.169.90 - - [03/Oct/2023:12:42:41 -0500] "POST /BLA/boletinlegal/admin/notificaciones/ingresar.php HTTP/1.1" 200 30329
192.168.169.90 - - [03/Oct/2023:12:42:41 -0500] "GET /css/global/buttons.css HTTP/1.1" 404 1312
66.249.66.21 - - [03/Oct/2023:12:42:42 -0500] "GET /BLA/resoluciones/RESOLUCIONES%202007/RES%202007%202201%20AL%202300/RESOLUCION%202222%20DE%202007.pdf HTTP/1.1" 200 1645105
192.168.169.90 - - [03/Oct/2023:12:43:02 -0500] "POST /BLA/boletinlegal/admin/notificaciones/ingresar.php HTTP/1.1" 200 30329
192.168.169.90 - - [03/Oct/2023:12:43:02 -0500] "GET /css/global/buttons.css HTTP/1.1" 404 1312
192.168.169.90 - - [03/Oct/2023:12:43:28 -0500] "POST /BLA/boletinlegal/admin/notificaciones/ingresar.php HTTP/1.1" 200 30329
192.168.169.90 - - [03/Oct/2023:12:43:28 -0500] "GET /css/global/buttons.css HTTP/1.1" 404 1312
201.245.192.253 - - [03/Oct/2023:12:43:42 -0500] "POST /forms/lservlet;jsessionid=ac16012b30d607c8f7daf1854769aea39dbd093f70dc.e3iSbxaKaheRe34Pbx8Nc3aQci1ynknvrkLOlQzNp65In0 HTTP/1.1" 200 2
216.244.66.195 - - [03/Oct/2023:12:44:08 -0500] "GET /robots.txt HTTP/1.1" 404 1018
201.245.192.253 - - [03/Oct/2023:12:44:11 -0500] "POST /forms/lservlet;jsessionid=ac16012b30d6d6f3d115f78c4008aad8a35d3bb86738.e3iSbxaKaheRe34Pbx8Nc3aQci1ynknvrkLOlQzNp65In0 HTTP/1.1" 200 2
192.168.169.90 - - [03/Oct/2023:12:44:18 -0500] "POST /BLA/boletinlegal/admin/notificaciones/ingresar.php HTTP/1.1" 200 30329
192.168.169.90 - - [03/Oct/2023:12:44:18 -0500] "GET /css/global/buttons.css HTTP/1.1" 404 1312
216.245.221.92 - - [03/Oct/2023:12:44:39 -0500] "HEAD / HTTP/1.1" 200 -
172.22.2.4 - - [03/Oct/2023:12:43:29 -0500] "HEAD /BLA/boletinlegal/ HTTP/1.1" 200 -
201.245.192.253 - - [03/Oct/2023:12:45:42 -0500] "POST /forms/lservlet;jsessionid=ac16012b30d607c8f7daf1854769aea39dbd093f70dc.e3iSbxaKaheRe34Pbx8Nc3aQci1ynknvrkLOlQzNp65In0 HTTP/1.1" 200 2
201.245.192.253 - - [03/Oct/2023:12:45:45 -0500] "POST /kwsrmcab/Wsrmcab  HTTP/1.1" 200 42851
172.22.2.4 - - [03/Oct/2023:12:44:20 -0500] "GET /BLA/boletinlegal/ HTTP/1.1" 200 58597
201.245.192.253 - - [03/Oct/2023:12:46:11 -0500] "POST /forms/lservlet;jsessionid=ac16012b30d6d6f3d115f78c4008aad8a35d3bb86738.e3iSbxaKaheRe34Pbx8Nc3aQci1ynknvrkLOlQzNp65In0 HTTP/1.1" 200 2
201.245.192.253 - - [03/Oct/2023:12:46:11 -0500] "POST /sipse/faces/presentacion/financiero/solicitudProceso/consultarSolicitudProceso.xhtml HTTP/1.1" 200 236800
201.245.192.253 - - [03/Oct/2023:12:46:20 -0500] "POST /sipse/faces/presentacion/financiero/solicitudProceso/consultarSolicitudProceso.xhtml HTTP/1.1" 200 247485
172.22.2.4 - - [03/Oct/2023:12:46:24 -0500] "GET /BLA/boletinlegal/styles2.css HTTP/1.1" 200 1838
172.22.2.4 - - [03/Oct/2023:12:46:24 -0500] "GET /BLA/boletinlegal/style.css HTTP/1.1" 200 9406
172.22.2.4 - - [03/Oct/2023:12:46:24 -0500] "GET /BLA/boletinlegal/js/jquery.scrollTo-min.js HTTP/1.1" 200 1150
172.22.2.4 - - [03/Oct/2023:12:46:24 -0500] "GET /BLA/boletinlegal/js/jquery.js HTTP/1.1" 200 57254
172.22.2.4 - - [03/Oct/2023:12:46:24 -0500] "GET /BLA/boletinlegal/js/jquery.scrollShow.js HTTP/1.1" 200 4586
172.22.2.4 - - [03/Oct/2023:12:46:24 -0500] "GET /BLA/boletinlegal/images/subscribe-icon-big.png HTTP/1.1" 200 47702
172.22.2.4 - - [03/Oct/2023:12:46:24 -0500] "GET /BLA/boletinlegal/images/cabezote%20BLEGAL.jpg HTTP/1.1" 200 118164
172.22.2.4 - - [03/Oct/2023:12:46:24 -0500] "GET /BLA/boletinlegal/images/historia.png HTTP/1.1" 200 52775
172.22.2.4 - - [03/Oct/2023:12:46:24 -0500] "GET /BLA/boletinlegal/images/registro-usuarios.png HTTP/1.1" 200 8106
172.22.2.4 - - [03/Oct/2023:12:46:24 -0500] "GET /BLA/boletinlegal/images/arr_l.jpg HTTP/1.1" 200 1979
172.22.2.4 - - [03/Oct/2023:12:46:24 -0500] "GET /BLA/boletinlegal/images/screen_1.png HTTP/1.1" 200 202547
172.22.2.4 - - [03/Oct/2023:12:46:24 -0500] "GET /BLA/boletinlegal/images/launch.jpg HTTP/1.1" 200 14577
201.245.192.253 - - [03/Oct/2023:12:46:24 -0500] "POST /sipse/faces/presentacion/financiero/solicitudProceso/consultarSolicitudProceso.xhtml HTTP/1.1" 200 357791
172.22.2.4 - - [03/Oct/2023:12:46:26 -0500] "GET /BLA/boletinlegal/images/body_bg.jpg HTTP/1.1" 200 1601
172.22.2.4 - - [03/Oct/2023:12:46:26 -0500] "GET /BLA/boletinlegal/images/menu_lft.gif HTTP/1.1" 200 1713
172.22.2.4 - - [03/Oct/2023:12:46:26 -0500] "GET /BLA/boletinlegal/images/bg_top.jpg HTTP/1.1" 200 522
172.22.2.4 - - [03/Oct/2023:12:46:26 -0500] "GET /BLA/boletinlegal/images/menu_rght.gif HTTP/1.1" 200 1627
172.22.2.4 - - [03/Oct/2023:12:46:26 -0500] "GET /BLA/boletinlegal/images/menu_bg.jpg HTTP/1.1" 200 620
172.22.2.4 - - [03/Oct/2023:12:46:26 -0500] "GET /BLA/boletinlegal/images/hover.jpg HTTP/1.1" 200 640
172.22.2.4 - - [03/Oct/2023:12:46:26 -0500] "GET /BLA/boletinlegal/images/text.jpg HTTP/1.1" 200 568
201.245.192.253 - - [03/Oct/2023:12:46:29 -0500] "POST /sipse/faces/presentacion/financiero/solicitudProceso/consultarSolicitudProceso.xhtml HTTP/1.1" 200 13504
172.22.2.4 - - [03/Oct/2023:12:46:30 -0500] "GET /BLA/boletinlegal/actos.php HTTP/1.1" 200 9682
172.22.2.4 - - [03/Oct/2023:12:46:30 -0500] "GET /BLA/boletinlegal/niceforms.js HTTP/1.1" 200 22876
172.22.2.4 - - [03/Oct/2023:12:46:30 -0500] "GET /BLA/boletinlegal/niceforms-default.css HTTP/1.1" 200 6694
172.22.2.4 - - [03/Oct/2023:12:46:30 -0500] "GET /BLA/boletinlegal/js/popup.js HTTP/1.1" 200 1270
172.22.2.4 - - [03/Oct/2023:12:46:30 -0500] "GET /BLA/boletinlegal/js/lib.js HTTP/1.1" 200 6474
172.22.2.4 - - [03/Oct/2023:12:46:30 -0500] "GET /BLA/boletinlegal/js/jquery1.js HTTP/1.1" 200 29846
172.22.2.4 - - [03/Oct/2023:12:46:30 -0500] "GET /BLA/boletinlegal/js/ajax_actos.js HTTP/1.1" 200 1322
172.22.2.4 - - [03/Oct/2023:12:46:30 -0500] "GET /BLA/boletinlegal/images/green-yellow-blue-pink-th.png HTTP/1.1" 200 7394
172.22.2.4 - - [03/Oct/2023:12:46:30 -0500] "GET /BLA/boletinlegal/images/tel.png HTTP/1.1" 200 14477
172.22.2.4 - - [03/Oct/2023:12:46:30 -0500] "GET /BLA/boletinlegal/images/icono-email.png HTTP/1.1" 200 5544
172.22.2.4 - - [03/Oct/2023:12:46:31 -0500] "GET /BLA/boletinlegal/images/footer_bg.jpg HTTP/1.1" 200 586
172.22.2.4 - - [03/Oct/2023:12:46:31 -0500] "GET /BLA/boletinlegal/images/footer_bg_l.jpg HTTP/1.1" 200 776
172.22.2.4 - - [03/Oct/2023:12:46:31 -0500] "GET /BLA/boletinlegal/img/0.png HTTP/1.1" 200 110
172.22.2.4 - - [03/Oct/2023:12:46:31 -0500] "GET /BLA/boletinlegal/img/select-left.png HTTP/1.1" 200 263
172.22.2.4 - - [03/Oct/2023:12:46:31 -0500] "GET /BLA/boletinlegal/img/select-right.png HTTP/1.1" 200 44019
172.22.2.4 - - [03/Oct/2023:12:46:31 -0500] "GET /BLA/boletinlegal/img/button-left.png HTTP/1.1" 200 57071
172.22.2.4 - - [03/Oct/2023:12:46:31 -0500] "GET /BLA/boletinlegal/img/button.png HTTP/1.1" 200 43241
172.22.2.4 - - [03/Oct/2023:12:46:31 -0500] "GET /BLA/boletinlegal/img/button-right.png HTTP/1.1" 200 57878
172.22.2.4 - - [03/Oct/2023:12:46:31 -0500] "GET /BLA/boletinlegal/favicon.ico HTTP/1.1" 404 1326
172.22.2.4 - - [03/Oct/2023:12:46:31 -0500] "GET /BLA/boletinlegal/images/screen_2.png HTTP/1.1" 200 362502
172.22.2.4 - - [03/Oct/2023:12:46:31 -0500] "GET /BLA/boletinlegal/images/arr_r.jpg HTTP/1.1" 200 1998
172.22.2.4 - - [03/Oct/2023:12:46:31 -0500] "GET /BLA/boletinlegal/images/screen_5.png HTTP/1.1" 200 368876
172.22.2.4 - - [03/Oct/2023:12:46:31 -0500] "GET /BLA/boletinlegal/images/screen_3.png HTTP/1.1" 200 210620
201.245.192.253 - - [03/Oct/2023:12:46:38 -0500] "POST /sipse/faces/presentacion/financiero/solicitudProceso/consultarSolicitudProceso.xhtml HTTP/1.1" 200 14044
172.22.2.4 - - [03/Oct/2023:12:46:39 -0500] "GET /BLA/boletinlegal/images/pdf.gif HTTP/1.1" 200 567
172.22.2.4 - - [03/Oct/2023:12:46:46 -0500] "GET /BLA/boletinlegal/consulta_actos.php?tipo=resoluciones&no=0242&usuario=&sector=&fecha=2014&resuelve= HTTP/1.1" 200 1168
201.245.192.253 - - [03/Oct/2023:12:46:50 -0500] "GET /BLA/resoluciones/RESOLUCIONES%202014/0242.pdf HTTP/1.1" 200 1082128
201.245.192.253 - - [03/Oct/2023:12:46:50 -0500] "GET /favicon.ico HTTP/1.1" 200 7782
201.245.192.253 - - [03/Oct/2023:12:47:24 -0500] "GET /sipse/faces/index.xhtml HTTP/1.1" 200 677
201.245.192.253 - - [03/Oct/2023:12:47:24 -0500] "GET /sipse/faces/javax.faces.resource/theme.css?ln=primefaces-sipse HTTP/1.1" 304 -
201.245.192.253 - - [03/Oct/2023:12:47:24 -0500] "GET /sipse/faces/faces/autenticacion.xhtml HTTP/1.1" 200 12419
201.245.192.253 - - [03/Oct/2023:12:47:25 -0500] "GET /sipse/faces/javax.faces.resource/theme.css?ln=primefaces-sipse HTTP/1.1" 304 -
201.245.192.253 - - [03/Oct/2023:12:47:25 -0500] "GET /sipse/faces/javax.faces.resource/primefaces.css?ln=primefaces&v=4.0 HTTP/1.1" 304 -
201.245.192.253 - - [03/Oct/2023:12:47:25 -0500] "GET /sipse/faces/javax.faces.resource/layout/layout.css?ln=primefaces&v=4.0 HTTP/1.1" 304 -
201.245.192.253 - - [03/Oct/2023:12:47:25 -0500] "GET /sipse/faces/javax.faces.resource/jquery/jquery.js?ln=primefaces&v=4.0 HTTP/1.1" 304 -
201.245.192.253 - - [03/Oct/2023:12:47:25 -0500] "GET /sipse/faces/javax.faces.resource/primefaces.js?ln=primefaces&v=4.0 HTTP/1.1" 304 -
201.245.192.253 - - [03/Oct/2023:12:47:25 -0500] "GET /sipse/faces/javax.faces.resource/jquery/jquery-plugins.js?ln=primefaces&v=4.0 HTTP/1.1" 304 -
201.245.192.253 - - [03/Oct/2023:12:47:25 -0500] "GET /sipse/faces/javax.faces.resource/layout/layout.js?ln=primefaces&v=4.0 HTTP/1.1" 304 -
201.245.192.253 - - [03/Oct/2023:12:47:25 -0500] "GET /sipse/faces/javax.faces.resource/images/ui-icons_898989_256x240.png?ln=primefaces-aristo HTTP/1.1" 304 -
201.245.192.253 - - [03/Oct/2023:12:47:34 -0500] "POST /sipse/faces/autenticacion.xhtml HTTP/1.1" 200 16251
201.245.192.253 - - [03/Oct/2023:12:47:34 -0500] "GET /sipse/faces/javax.faces.resource/layout/layout.css?ln=primefaces&v=4.0 HTTP/1.1" 304 -
201.245.192.253 - - [03/Oct/2023:12:47:34 -0500] "GET /sipse/faces/javax.faces.resource/primefaces.css?ln=primefaces&v=4.0 HTTP/1.1" 304 -
201.245.192.253 - - [03/Oct/2023:12:47:34 -0500] "GET /sipse/faces/javax.faces.resource/theme.css?ln=primefaces-sipse HTTP/1.1" 304 -
201.245.192.253 - - [03/Oct/2023:12:47:35 -0500] "GET /sipse/faces/javax.faces.resource/jquery/jquery.js?ln=primefaces&v=4.0 HTTP/1.1" 304 -
201.245.192.253 - - [03/Oct/2023:12:47:35 -0500] "GET /sipse/faces/javax.faces.resource/jquery/jquery-plugins.js?ln=primefaces&v=4.0 HTTP/1.1" 304 -
201.245.192.253 - - [03/Oct/2023:12:47:35 -0500] "GET /sipse/faces/javax.faces.resource/primefaces.js?ln=primefaces&v=4.0 HTTP/1.1" 304 -
201.245.192.253 - - [03/Oct/2023:12:47:35 -0500] "GET /sipse/faces/javax.faces.resource/layout/layout.js?ln=primefaces&v=4.0 HTTP/1.1" 304 -
201.245.192.253 - - [03/Oct/2023:12:47:35 -0500] "GET /sipse/css/imagen/contrasena.png HTTP/1.1" 404 383
201.245.192.253 - - [03/Oct/2023:12:47:35 -0500] "GET /sipse/faces/javax.faces.resource/messages/messages.png?ln=primefaces&v=4.0 HTTP/1.1" 304 -
201.245.192.253 - - [03/Oct/2023:12:47:41 -0500] "GET /sipse/faces/javax.faces.resource/images/ui-bg_flat_0_2d5972_40x100.png?ln=primefaces-aristo HTTP/1.1" 304 -
201.245.192.253 - - [03/Oct/2023:12:47:41 -0500] "POST /sipse/faces/bienvenido.xhtml HTTP/1.1" 200 1471
201.245.192.253 - - [03/Oct/2023:12:47:42 -0500] "POST /forms/lservlet;jsessionid=ac16012b30d607c8f7daf1854769aea39dbd093f70dc.e3iSbxaKaheRe34Pbx8Nc3aQci1ynknvrkLOlQzNp65In0 HTTP/1.1" 200 2
201.245.192.253 - - [03/Oct/2023:12:47:42 -0500] "POST /sipse/faces/bienvenido.xhtml HTTP/1.1" 200 34548
201.245.192.253 - - [03/Oct/2023:12:47:43 -0500] "GET /sipse/faces/javax.faces.resource/primefaces.css?ln=primefaces&v=4.0 HTTP/1.1" 304 -
201.245.192.253 - - [03/Oct/2023:12:47:43 -0500] "GET /sipse/faces/javax.faces.resource/theme.css?ln=primefaces-sipse HTTP/1.1" 304 -
201.245.192.253 - - [03/Oct/2023:12:47:43 -0500] "GET /sipse/faces/javax.faces.resource/layout/layout.css?ln=primefaces&v=4.0 HTTP/1.1" 304 -
201.245.192.253 - - [03/Oct/2023:12:47:43 -0500] "GET /sipse/faces/javax.faces.resource/jquery/jquery.js?ln=primefaces&v=4.0 HTTP/1.1" 304 -
201.245.192.253 - - [03/Oct/2023:12:47:43 -0500] "GET /sipse/faces/javax.faces.resource/jquery/jquery-plugins.js?ln=primefaces&v=4.0 HTTP/1.1" 304 -
201.245.192.253 - - [03/Oct/2023:12:47:43 -0500] "GET /sipse/faces/javax.faces.resource/primefaces.js?ln=primefaces&v=4.0 HTTP/1.1" 304 -
201.245.192.253 - - [03/Oct/2023:12:47:43 -0500] "GET /sipse/faces/javax.faces.resource/layout/layout.js?ln=primefaces&v=4.0 HTTP/1.1" 304 -
201.245.192.253 - - [03/Oct/2023:12:47:43 -0500] "POST /sipse/faces/presentacion/financiero/solicitudProceso/listarSolicitudProceso.xhtml HTTP/1.1" 200 1404
201.245.192.253 - - [03/Oct/2023:12:47:45 -0500] "POST /sipse/faces/presentacion/financiero/solicitudProceso/listarSolicitudProceso.xhtml HTTP/1.1" 200 158223
201.245.192.253 - - [03/Oct/2023:12:47:46 -0500] "GET /sipse/faces/javax.faces.resource/theme.css?ln=primefaces-sipse HTTP/1.1" 304 -
201.245.192.253 - - [03/Oct/2023:12:47:46 -0500] "GET /sipse/faces/javax.faces.resource/primefaces.css?ln=primefaces&v=4.0 HTTP/1.1" 304 -
201.245.192.253 - - [03/Oct/2023:12:47:46 -0500] "GET /sipse/faces/javax.faces.resource/layout/layout.css?ln=primefaces&v=4.0 HTTP/1.1" 304 -
201.245.192.253 - - [03/Oct/2023:12:47:46 -0500] "GET /sipse/faces/javax.faces.resource/jquery/jquery.js?ln=primefaces&v=4.0 HTTP/1.1" 304 -
201.245.192.253 - - [03/Oct/2023:12:47:46 -0500] "GET /sipse/faces/javax.faces.resource/jquery/jquery-plugins.js?ln=primefaces&v=4.0 HTTP/1.1" 304 -
201.245.192.253 - - [03/Oct/2023:12:47:46 -0500] "GET /sipse/faces/javax.faces.resource/primefaces.js?ln=primefaces&v=4.0 HTTP/1.1" 304 -
201.245.192.253 - - [03/Oct/2023:12:47:46 -0500] "GET /sipse/faces/javax.faces.resource/layout/layout.js?ln=primefaces&v=4.0 HTTP/1.1" 304 -
201.245.192.253 - - [03/Oct/2023:12:47:46 -0500] "GET /sipse/faces/javax.faces.resource/dynamiccontent.properties?ln=primefaces&pfdrid=XjOR5%2F%2FfPAZAuY9TpWQeCiM0BhlXxYRBGKi%2FQcXXfeA%3D&pfdrid_c=false HTTP/1.1" 500 383
201.245.192.253 - - [03/Oct/2023:12:47:51 -0500] "POST /sipse/faces/presentacion/financiero/solicitudProceso/consultarSolicitudProceso.xhtml HTTP/1.1" 200 15101
201.245.192.253 - - [03/Oct/2023:12:47:55 -0500] "POST /sipse/faces/presentacion/financiero/solicitudProceso/consultarSolicitudProceso.xhtml HTTP/1.1" 200 22772
201.245.192.253 - - [03/Oct/2023:12:48:01 -0500] "POST /sipse/faces/presentacion/financiero/solicitudProceso/consultarSolicitudProceso.xhtml HTTP/1.1" 200 30943
201.245.192.253 - - [03/Oct/2023:12:48:04 -0500] "POST /sipse/faces/presentacion/financiero/solicitudProceso/consultarSolicitudProceso.xhtml HTTP/1.1" 200 731350
172.22.2.4 - - [03/Oct/2023:12:46:24 -0500] "GET /BLA/boletinlegal/ HTTP/1.1" 200 62286
201.245.192.253 - - [03/Oct/2023:12:48:06 -0500] "POST /sipse/faces/presentacion/financiero/solicitudProceso/consultarSolicitudProceso.xhtml HTTP/1.1" 200 2676971
201.245.192.253 - - [03/Oct/2023:12:48:11 -0500] "POST /forms/lservlet;jsessionid=ac16012b30d6d6f3d115f78c4008aad8a35d3bb86738.e3iSbxaKaheRe34Pbx8Nc3aQci1ynknvrkLOlQzNp65In0 HTTP/1.1" 200 2
201.245.192.253 - - [03/Oct/2023:12:48:12 -0500] "POST /sipse/faces/presentacion/financiero/solicitudProceso/consultarSolicitudProceso.xhtml HTTP/1.1" 200 1473802
201.245.192.253 - - [03/Oct/2023:12:48:14 -0500] "POST /sipse/faces/presentacion/financiero/solicitudProceso/consultarSolicitudProceso.xhtml HTTP/1.1" 200 581606
201.245.192.253 - - [03/Oct/2023:12:48:19 -0500] "POST /sipse/faces/presentacion/financiero/solicitudProceso/consultarSolicitudProceso.xhtml HTTP/1.1" 200 733645
201.245.192.253 - - [03/Oct/2023:12:48:29 -0500] "POST /sipse/faces/presentacion/financiero/solicitudProceso/consultarSolicitudProceso.xhtml HTTP/1.1" 200 1470736
201.245.192.253 - - [03/Oct/2023:12:48:32 -0500] "POST /sipse/faces/presentacion/financiero/solicitudProceso/consultarSolicitudProceso.xhtml HTTP/1.1" 200 5505
201.245.192.253 - - [03/Oct/2023:12:48:33 -0500] "GET /sipse/faces/javax.faces.resource/dynamiccontent.properties?ln=primefaces&pfdrid=XjOR5%2F%2FfPAZAuY9TpWQeCiM0BhlXxYRBGKi%2FQcXXfeA%3D&pfdrid_c=false HTTP/1.1" 200 120877
201.245.192.253 - - [03/Oct/2023:12:48:37 -0500] "GET /sipse/faces/javax.faces.resource/dynamiccontent.properties?ln=primefaces&pfdrid=XjOR5%2F%2FfPAZAuY9TpWQeCiM0BhlXxYRBGKi%2FQcXXfeA%3D&pfdrid_c=false HTTP/1.1" 500 383
201.245.192.253 - - [03/Oct/2023:12:49:07 -0500] "POST /sipse/faces/presentacion/financiero/solicitudProceso/consultarSolicitudProceso.xhtml HTTP/1.1" 200 5487
216.245.221.92 - - [03/Oct/2023:12:49:39 -0500] "HEAD / HTTP/1.1" 200 -
201.245.192.253 - - [03/Oct/2023:12:49:42 -0500] "POST /forms/lservlet;jsessionid=ac16012b30d607c8f7daf1854769aea39dbd093f70dc.e3iSbxaKaheRe34Pbx8Nc3aQci1ynknvrkLOlQzNp65In0 HTTP/1.1" 200 2
172.22.2.4 - - [03/Oct/2023:12:49:45 -0500] "GET /BLA/boletinlegal/style.css HTTP/1.1" 200 9406
172.22.2.4 - - [03/Oct/2023:12:49:45 -0500] "GET /BLA/boletinlegal/styles2.css HTTP/1.1" 200 1838
172.22.2.4 - - [03/Oct/2023:12:49:45 -0500] "GET /BLA/boletinlegal/js/jquery.scrollTo-min.js HTTP/1.1" 200 1150
172.22.2.4 - - [03/Oct/2023:12:49:45 -0500] "GET /BLA/boletinlegal/js/jquery.js HTTP/1.1" 200 57254
172.22.2.4 - - [03/Oct/2023:12:49:45 -0500] "GET /BLA/boletinlegal/js/jquery.scrollShow.js HTTP/1.1" 200 4586
172.22.2.4 - - [03/Oct/2023:12:49:46 -0500] "GET /BLA/boletinlegal/images/launch.jpg HTTP/1.1" 200 14577
172.22.2.4 - - [03/Oct/2023:12:49:46 -0500] "GET /BLA/boletinlegal/images/historia.png HTTP/1.1" 200 52775
172.22.2.4 - - [03/Oct/2023:12:49:46 -0500] "GET /BLA/boletinlegal/images/cabezote%20BLEGAL.jpg HTTP/1.1" 200 118164
172.22.2.4 - - [03/Oct/2023:12:49:46 -0500] "GET /BLA/boletinlegal/images/registro-usuarios.png HTTP/1.1" 200 8106
172.22.2.4 - - [03/Oct/2023:12:49:46 -0500] "GET /BLA/boletinlegal/images/subscribe-icon-big.png HTTP/1.1" 200 47702
172.22.2.4 - - [03/Oct/2023:12:49:46 -0500] "GET /BLA/boletinlegal/images/body_bg.jpg HTTP/1.1" 200 1601
172.22.2.4 - - [03/Oct/2023:12:49:46 -0500] "GET /BLA/boletinlegal/images/arr_l.jpg HTTP/1.1" 200 1979
172.22.2.4 - - [03/Oct/2023:12:49:46 -0500] "GET /BLA/boletinlegal/images/menu_lft.gif HTTP/1.1" 200 1713
172.22.2.4 - - [03/Oct/2023:12:49:46 -0500] "GET /BLA/boletinlegal/images/menu_rght.gif HTTP/1.1" 200 1627
172.22.2.4 - - [03/Oct/2023:12:49:46 -0500] "GET /BLA/boletinlegal/images/menu_bg.jpg HTTP/1.1" 200 620
172.22.2.4 - - [03/Oct/2023:12:49:46 -0500] "GET /BLA/boletinlegal/images/bg_top.jpg HTTP/1.1" 200 522
172.22.2.4 - - [03/Oct/2023:12:49:46 -0500] "GET /BLA/boletinlegal/images/hover.jpg HTTP/1.1" 200 640
172.22.2.4 - - [03/Oct/2023:12:49:46 -0500] "GET /BLA/boletinlegal/images/text.jpg HTTP/1.1" 200 568
