!C99Shell v. 1.0 pre-release build #13!

Software: Apache. PHP/5.5.15 

uname -a: Windows NT SVR-DMZ 6.1 build 7600 (Windows Server 2008 R2 Enterprise Edition) i586 

SYSTEM 

Safe-mode: OFF (not secure)

E:\nuevo\apache\logs\   drwxrwxrwx
Free 7.33 GB of 239.26 GB (3.07%)
Detected drives: [ a ] [ c ] [ d ] [ e ] [ f ]
Home    Back    Forward    UPDIR    Refresh    Search    Buffer    Encoder    Tools    Proc.    FTP brute    Sec.    SQL    PHP-code    Update    Feedback    Self remove    Logout    


Viewing file:     access.2023.10.03.log (2.51 MB)      -rw-rw-rw-
Select action/file-type:
(+) | (+) | (+) | Code (+) | Session (+) | (+) | SDB (+) | (+) | (+) | (+) | (+) | (+) |
172.22.2.4 - - [02/Oct/2023:23:59:07 -0500] "HEAD /BLA/boletinlegal/ HTTP/1.1" 200 -
181.237.160.28 - - [03/Oct/2023:00:00:57 -0500] "OPTIONS /kwssiamovil/sm/setfile/f? HTTP/1.1" 200 13
181.237.160.28 - - [03/Oct/2023:00:00:58 -0500] "POST /kwssiamovil/sm/setfile/f? HTTP/1.1" 200 381
172.22.2.4 - - [02/Oct/2023:23:59:57 -0500] "GET /BLA/boletinlegal/ HTTP/1.1" 200 58187
181.237.160.28 - - [03/Oct/2023:00:01:38 -0500] "GET /kwssiamovil/sm/acme/a?s=U2FsdGVkX1/Axk0lhgZdaJAn8z3XcxytY6Cf0hpfwrJYsM0ZIvljUFyMGhUpI3iHsoEkuIcIY+xW7OXjtQWo4agpa/9QVjj6EmlLY7ig74+6QdN0fB6/0EjE5PAvpVmXAY54e5nhLinPJ51l4U+nxDsSivUJ2ppP2Tjr187YOTKWpt/Tig4+McXWUtXp1z+YEA8TCR0oIiASVHIGs8d5kT/PO7+haxU4++EqET3aCV092kyuS0R8Ajhx4+ZzhCv7OUsaLv5LYJHHCY45QvX8TA==&u=U2FsdGVkX19t73/pi0fJ6m6LcW7kgmFqKSF7kTdbMGwoiES8AJl86QXP/mz+9ajo&y=U2FsdGVkX19EHugNfqeOkFnfV4gJ9OuTJJis34nVbhJfPPWDbQv4sAVJq/JbO/mT HTTP/1.1" 200 26
181.237.160.28 - - [03/Oct/2023:00:01:39 -0500] "GET /kwssiamovil/sm/acme/a?s=U2FsdGVkX1+Nk5/zDiR5J5A3DC98v8Tf7pTovKGGxBEvXg4MgxBZR8diHvwiELr9WlgP2Li3PPutzpsPjoBb6w4krX0AennIPJ+OVSsBHrHXrTUHiNKbC2AVipBSNQ4uxAYYjkmZq7K5Oc/hLKSI07zJ3bNMcoUkhAvoEFh60yfRcTpChHv56aawBtQXYG59MLV11nVoQrAKJb8q7TXwjiwa0DpxIe7x5OTFOwvHNN28pJBAXLuxHvCVECQeRj8+WKTZoOfCSAeZlzweFW7feJ+GiqJFUpXj+W9FaA3jywRKnEhB/uPztKCvJhsYFQYVT7i1B1WN3TEodiO1V0IU4L8mh4x0AzvBM3H55qU8wP2CmDCo0ea+HIaTzizFjMlzRCVu3UHHU1tYKEZivENtBP0Y5YoZx8+MjuXt2t6yUHlDVloXRjxYX7SZLdqqH5CclmFiv+hSzzp3Ao2o0nkmjk+msBP4N48PvWz/GN9hIqN6bW5fOsKDWmyT/a3DoUqeTbtDerI5wNRcry7IKCbtWn5VJwne9hqIVInKu7HYxdNl3YStHBMuKnRtVmurnCjU68oNrZvXH3ZdevsVt66ZBcpajkWwqbOuMz3bl9Gv5wizJCyGCN+2wlSzVmosv6AEHrMtP+eqwCOM3lHUowNF4FiPcnBa+q8qwvVX5NNCihv1NOwAnD6fzCiG0mYEpiywPA7xvv6WX3w1X9osiaynRLvHtGFOsYtf1Pepq9XWEOEqO2qpdmBuVjXjVH9WU9hXzn9249O/56d1Z0AOtiKS/Yt6ild2nTCpNUhcLJ+6n9uFEp0a0yGEelnVh9MXqeDBgLnrwGsmNcDbdoCeYA3d+nYHAMuzWEJhGhYSxrB/1P39jbcLPZTnEJFqNAy8/Ntj/VVAhdkTZpJaMnenNxE2cJrHp5iheoPcatlkZUaLLd/9Ix76IWHnIZPAP8sS1J9lBqLDiH8H0tR2csGJYdJxsD74kUcDUIV4hnfbLyQakm4sCZvj6XNJZz1ae9XgUMMo5cRIta7tDCDhoCra1WGwfEiMjern93LTHdxXEioMPTr98ZmIgHA3OnXZbbs7rVBgJ7YP85rFl0C3geGMuSW+ABbMGKO0iku68W2aHqW6np+A6seGn1gepXM78v9+/rsbBcm+uawCCN6Ev4LGRhgkCIn9h0viaDvPOYoDofdj7o08n9PJERg63B6kiwKcZD9g3LvFQfKEBaUGwbVfgSEgEbzF5FAYdDVV8BF38G47t1skXZ647L+tUaT+TCwZnD8/U9i+msTlCe2Qj2aA0fDjP3dzq+LprksRhmNiNa+ZdHykxEYG0+mPZ3Ww9akuor6sL0KvsdbFNmx6QS7hfU1IUbvZfUodCdeoYW8TzcX2bdi13rbJuyDDYv9iutdKloOSHjMebNkx0rvirOfsck5CyF1jbsCTBzy3pt1P29fyrYW1yfmajypd2R2LsdM3xKv+k70fvQnnUXibWqmVi89Wer5hAS6K9ZnH766Qg46FXH14XRKE8SMFwpxZdfeWcZAlwU0ZgoSr3ryiSi3ZApx6vY7cO6XrrNoGdAZSDcG2fCCOJrTkvd4xLDsJcgtbeQk6VaCjYd9C/JcfSZgYlyC+LS1aeCShTXDQiNmyssq2HHpT7bdJL3fFXlwC1WSEZd/OOQdEoAFWTjYPHKGcyr0PjBZQDObOzUr0ng/TeFy+m2OP5Qcd4wn/s/Iq78yTToYkWdB8obO79hPgxwkXYUAzQzlJwyJQjamlVnCDlxV22dK4ghmK0CNyx1CeTLXW9wFtv51ahesfdLwkxz/ZYiARo1Faotfxvq4JMD7Y0E6VevveAuA/yE4zsZ5b6Iqo1DIzwMv0rFWDo7NAe8i+OK66G3PgrhgKBIOtyGHPpg3aKOcN/RF59PIkXsUOIpbA1UliGHg8pwbXft37HfSE0SVl6+dcPJa/ijiTewwCPeFjh/jOzzSbz9iTD5g5znDvumNZ+tt0cuW0CyIquFe7Pl1D1tZEPQX+BqkQ6IIOFtYsg7D8rXzs6xFWOvokoP5pplJhSn/y6IS2f2Mmk3CDmvPoL1D4T2lI+yt19q9WfCGNbh2nAEeYEbnolyREwlOgKQGn82lRsnG7PiALSxRbObGdq0uyAA/FNCvKLXPDPETxxf5dbfLvLhc+rYYDKFMEssL+F+Cmv0yZu+aiYMJc9n8v6b75vbOUmBZHffijAVwZJmKrG2E0gMOPosg8Gby03mz37L0o00we/WPRWw4tv3dHGdzqbwKwgYb+EFXuAmwx6SUnxDqJ5TFzMM3+zSskHmzmN+wjPaZWnzb3x0Zrsbvp9yi0Cb/cWPLlOPovXHUXdPckKVY6uJ910IJY7SMs/ViG9YkDy3+++6XNd43YdlPS4CyEHXyErylOlNVvlydszg2vJ7wH3DrcWmsR02QrpbpvpECg1mShxM9yceM2RLInlW55H7cefLb7x5x+wtxZb1JDhrrHO7PTW5hN0PHqPFll38o76WoL+Y+EYxgjGXRTxSNvHv/zi8whBsoPJ0+hgl3nAiScPDF47SSLvfs3owDMQqayNXW8Ht1GjLOp+D4R/TaJu5OFirX38tbhTsMOcNqKWZX6LJ3zVKZv8OGSm/77Zj0YVQSPaF09aFKugkVVjl1amztiDlyMCGL58tMAow+FmGphdMUMkKBOnv3psiNFhvZ48YXwu2szHC5N/LXEdc57R1GsnEUUnSwmbZoLEIInbSFSJMxRZAkVndAnGcilm87Bp4avwyMpsQju/zq9oGsQXvH6TEZhXSPXaBlAVmbvGS6tZ/dQ1S9LgYEa2qfH/x7oqjfOf9knNaG7/3uMotRRJhhr2qb9ff334F6vvbk72ZGJDM0DSGQ6r1KZcgLCRHi6bquR1lPzoaZcTEdtm7GgDPDwlMIA2PG2JhkomVCG/fXFHuYH6LtkV6U2JO6FSxJEBHQOz2Zaka4eL8InR42FoipipBQ6526upndPcCC+R5BeBoehoGcON9o5+1zyjuWAvb/bj8kCzgvooOgzRhx1zGY8tTltkpgfH+yI3ry902SOOdPmd6WudQXnUN2LiHdfr6NY4rBEsoVhGvXzX1FRhDvlcbqnepIH7HKDq3HQ0P6xFtFbbF7vW0mg0udLKntIETnGnXDL7Y/uVrUUlt2MWBuK3eE40Fn7K9rhrgD9LQwfP+FJm1pf09SRqwjhlqPNHW55WvCIKJll7LJ/vqpyYHHMSosZ/dWs4qEOp96C1N2dAsX4eL9B6Z7jGIjdirC2EVbjvhsRTpJxZmRo1jfxgxw57KTnrqCCZ4IIvYNJN5PS89XFE7+ghPxJz8CB8nrEBguJEIZ7FRBs1/TY891Py9mlz2Btw0okf3q0bhD+0cQyz5ifNMuQj2lSpcRDOHsj8DFUgrxWpgg7TvM2sI8VMBETn5vnt7FCC0+rWddUSVkzhq6KtsAryllz0ydIjPOJl5AjgXCgaPtlC/hcOvFUgWIY3JV1CodJWVcdMy0=&u=U2FsdGVkX19t73/pi0fJ6m6LcW7kgmFqKSF7kTdbMGwoiES8AJl86QXP/mz+9ajo&y=U2FsdGVkX19EHugNfqeOkFnfV4gJ9OuTJJis34nVbhJfPPWDbQv4sAVJq/JbO/mT HTTP/1.1" 200 26
181.237.160.28 - - [03/Oct/2023:00:01:39 -0500] "GET /kwssiamovil/sm/acme/a?s=U2FsdGVkX1+tjKtCwg+Rguf7Ew59bESwn+Y/eu0dvVBQbZKrKJiKQqKpCcxbQYmN8En85iMP1LQD1Bs/Kg52wWT6EgQneLGY67imB1wYTjco+9ka9RHi8zpUitBZC2IGtteAZVzw8RJqqoGo/OdvOIWcDaMqbVJc4MZSwDj2o4o=&u=U2FsdGVkX19t73/pi0fJ6m6LcW7kgmFqKSF7kTdbMGwoiES8AJl86QXP/mz+9ajo&y=U2FsdGVkX19EHugNfqeOkFnfV4gJ9OuTJJis34nVbhJfPPWDbQv4sAVJq/JbO/mT HTTP/1.1" 200 26
181.237.160.28 - - [03/Oct/2023:00:01:40 -0500] "GET /kwssiamovil/sm/acme/a?s=U2FsdGVkX19CY2XnaXDx+6zVgrsQjLW7xdgB6yYnn7XR/VvXon7vtHomO12QdlhnzX+LMDqQyelT1tbRItxOwWwqrBsGpdT6CIqh/H3/zl6rrl3ba3uRB6FpvfIwMkfxZbzOfKPwo5xpf7judqZKMTILS7yoJIf5SkJsB+hJ9Mc=&u=U2FsdGVkX19t73/pi0fJ6m6LcW7kgmFqKSF7kTdbMGwoiES8AJl86QXP/mz+9ajo&y=U2FsdGVkX19EHugNfqeOkFnfV4gJ9OuTJJis34nVbhJfPPWDbQv4sAVJq/JbO/mT HTTP/1.1" 200 26
181.237.160.28 - - [03/Oct/2023:00:01:40 -0500] "GET /kwssiamovil/sm/acme/a?s=U2FsdGVkX182St93vMZBJz96C6yrXyvjqIrzh7P32F4+YP8PfT/U4LtcxIGRNUOjK/gmnfbGqhyVBoroj8sXLYR/sUlKcGergg7D03pCTeeVasHLy0Gexzob7BvZx8hSrKCtOnIVHtQZTjflmvS2TXSAUHD5BWYh3b17sVKnUZA=&u=U2FsdGVkX19t73/pi0fJ6m6LcW7kgmFqKSF7kTdbMGwoiES8AJl86QXP/mz+9ajo&y=U2FsdGVkX19EHugNfqeOkFnfV4gJ9OuTJJis34nVbhJfPPWDbQv4sAVJq/JbO/mT HTTP/1.1" 200 26
181.237.160.28 - - [03/Oct/2023:00:01:40 -0500] "GET /kwssiamovil/sm/acme/a?s=U2FsdGVkX1/uP3aRwKp2ASHqWbBPaMLnSLIOg4KiExD48Fqikrplt2wOP0FTyhfh7v7XqPkdj2NNHBEb5iSuayAEg2Z/t2cfdlU6kqDVc16lzvGkOX/+wKqVzSjHJVk4vF8UdqOZ2IcvlFx53kdhh8FnnnSXDf3graQn7t9sf2vF4SQNqeGADiF/F9SJ2Jrw8TuiwZfUD1FpD8GY3PmvFg==&u=U2FsdGVkX19t73/pi0fJ6m6LcW7kgmFqKSF7kTdbMGwoiES8AJl86QXP/mz+9ajo&y=U2FsdGVkX19EHugNfqeOkFnfV4gJ9OuTJJis34nVbhJfPPWDbQv4sAVJq/JbO/mT HTTP/1.1" 200 26
181.237.160.28 - - [03/Oct/2023:00:01:40 -0500] "GET /kwssiamovil/sm/acme/a?s=U2FsdGVkX19VHxiT4CDoBnJJReMnxBl/xk/Qofr+Sm1vyTib/hig0iGJ9XkxzamVYsQQqc5IG9AF8t9Tvp2ds33cKhbUC4VSEp7Jqf9fynL79KDHV38hVCfoPaenPshxutunCJks7YGypW2ubjasMo7P1X8pZ4893TFmEbeP9IWm1rcws51Zmbhb/FoQ59v1XyAixKv+7aaIIHyz7Aq+kc01xMt+b1oa7LtH6QUk6QbfnPoCWz9o+OFrWSblAZprQD+k02UJahn0Nzi8IQYN+Fwy8Aa7DPTzoiMhY/adl2JRxZzJHtYRmKIsEWR3mkoB6SAF5wneTArneW/jDD76IJLKrwP+09jFpKPkbZQ+XdsC5CY4CpEc1/4nKUGmMML4mQ1enLS6f3WFDFxPqS5XiSu3KD7xPWTwZL3I/rr0aoS61LF1aWpuSOFoISmBimbo&u=U2FsdGVkX19t73/pi0fJ6m6LcW7kgmFqKSF7kTdbMGwoiES8AJl86QXP/mz+9ajo&y=U2FsdGVkX19EHugNfqeOkFnfV4gJ9OuTJJis34nVbhJfPPWDbQv4sAVJq/JbO/mT HTTP/1.1" 200 25
181.237.160.28 - - [03/Oct/2023:00:01:40 -0500] "GET /kwssiamovil/sm/acme/a?s=U2FsdGVkX19gadf6b0UwNlroLjfq4mIsGcO3B/uuQFR2tZTAMnwJ9vOvOC5uDtw1A7F7ddkVGdny1uTOGGTid+x3zItWv5j0ViNUVld2LxMK7xoojMsePkw0KqUn3W8C10kCdgT16ywMaQnArTDesuHCbSNs9L4NCE7aZpyfBXa+z3T3f10N2P+285YnRbu05FJ0Dvgun7ZlwHpvlneyXW5isnXNf+GQhdQD0dYbAtG9crRxwEgafdEXYxaHCCUcD8kf/9TL2Wlg6+GkhHpPVi/BIa+icA44AZi37WdgDNNETie3SSZf0PSuGz8H2gJSTGCaS+9fFmj4Sb4I3PFgj0p4g6M/0VvZ35mqCPxqH4fzHKdgECxzX81bH7jtur3Omy+cLj/SL/08N0/sAX0NVtansEdYwOmXzmHL4dLsGPE=&u=U2FsdGVkX19t73/pi0fJ6m6LcW7kgmFqKSF7kTdbMGwoiES8AJl86QXP/mz+9ajo&y=U2FsdGVkX19EHugNfqeOkFnfV4gJ9OuTJJis34nVbhJfPPWDbQv4sAVJq/JbO/mT HTTP/1.1" 200 25
66.249.66.21 - - [03/Oct/2023:00:03:20 -0500] "GET /BLA/jurisprudencia/sentencias/C-703-10.rtf HTTP/1.1" 404 1018
201.245.192.253 - - [03/Oct/2023:00:03:30 -0500] "POST /kwsrmcab/Wsrmcab  HTTP/1.1" 200 42851
66.249.66.20 - - [03/Oct/2023:00:03:40 -0500] "GET /Publicaciones/2022EE241649.pdf HTTP/1.1" 404 228
216.244.66.195 - - [03/Oct/2023:00:04:33 -0500] "GET /BLA/resoluciones/RESOLUCIONES%202002/1308.pdf HTTP/1.1" 200 156465
216.245.221.92 - - [03/Oct/2023:00:04:41 -0500] "HEAD / HTTP/1.1" 200 -
66.249.66.19 - - [03/Oct/2023:00:05:01 -0500] "GET /BLA/resoluciones/RESOLUCIONES%202009/3479.pdf HTTP/1.1" 200 664395
66.249.66.19 - - [03/Oct/2023:00:05:05 -0500] "GET /Publicaciones/2022EE249080.pdf HTTP/1.1" 404 228
216.244.66.195 - - [03/Oct/2023:00:05:07 -0500] "GET /BLA/resoluciones/RESOLUCIONES%202003/0785.pdf HTTP/1.1" 200 20753
216.244.66.195 - - [03/Oct/2023:00:05:38 -0500] "GET /BLA/resoluciones/RESOLUCIONES%202003/1396.pdf HTTP/1.1" 200 24331
216.244.66.195 - - [03/Oct/2023:00:06:05 -0500] "GET /BLA/resoluciones/RESOLUCIONES%202006/1817.tif HTTP/1.1" 200 204054
172.22.2.4 - - [03/Oct/2023:00:04:57 -0500] "HEAD /BLA/boletinlegal/ HTTP/1.1" 200 -
216.244.66.195 - - [03/Oct/2023:00:06:42 -0500] "GET /BLA/resoluciones/RESOLUCIONES%202012/1314.pdf HTTP/1.1" 200 304186
66.249.66.20 - - [03/Oct/2023:00:06:46 -0500] "GET /BLA/resoluciones/RESOLUCIONES%202010/1710.pdf HTTP/1.1" 200 413304
216.244.66.195 - - [03/Oct/2023:00:07:26 -0500] "GET /BLA/resoluciones/RESOLUCIONES%202020/0031.pdf HTTP/1.1" 200 366755
172.22.2.4 - - [03/Oct/2023:00:05:47 -0500] "GET /BLA/boletinlegal/ HTTP/1.1" 200 59343
216.244.66.195 - - [03/Oct/2023:00:08:15 -0500] "GET /BLA/resoluciones/RESOLUCIONES%202020/0106.pdf HTTP/1.1" 200 332885
201.245.192.253 - - [03/Oct/2023:00:08:29 -0500] "POST /kwsrmcab/Wsrmcab  HTTP/1.1" 200 42851
216.244.66.195 - - [03/Oct/2023:00:09:01 -0500] "GET /BLA/resoluciones/RESOLUCIONES%202020/0205.pdf HTTP/1.1" 200 570368
172.22.2.4 - - [03/Oct/2023:00:09:29 -0500] "GET /BLA/boletinlegal/robots.txt HTTP/1.1" 404 1038
216.245.221.92 - - [03/Oct/2023:00:09:41 -0500] "HEAD / HTTP/1.1" 200 -
216.244.66.195 - - [03/Oct/2023:00:09:51 -0500] "GET /BLA/resoluciones/RESOLUCIONES%202020/0208.pdf HTTP/1.1" 200 666541
216.244.66.195 - - [03/Oct/2023:00:10:41 -0500] "GET /BLA/resoluciones/RESOLUCIONES%202020/1075.pdf HTTP/1.1" 200 308868
66.249.66.20 - - [03/Oct/2023:00:11:17 -0500] "GET /Publicaciones/2022EE223908.pdf HTTP/1.1" 404 228
216.244.66.195 - - [03/Oct/2023:00:11:27 -0500] "GET /BLA/resoluciones/RESOLUCIONES%202020/1161.pdf HTTP/1.1" 200 362571
216.244.66.195 - - [03/Oct/2023:00:12:13 -0500] "GET /BLA/resoluciones/RESOLUCIONES%202020/1279.pdf HTTP/1.1" 200 371270
172.22.2.4 - - [03/Oct/2023:00:10:47 -0500] "HEAD /BLA/boletinlegal/ HTTP/1.1" 200 -
216.244.66.195 - - [03/Oct/2023:00:13:01 -0500] "GET /BLA/resoluciones/RESOLUCIONES%202020/1398.pdf HTTP/1.1" 200 512011
172.22.2.4 - - [03/Oct/2023:00:11:37 -0500] "GET /BLA/boletinlegal/ HTTP/1.1" 200 58187
201.245.192.253 - - [03/Oct/2023:00:13:28 -0500] "POST /kwsrmcab/Wsrmcab  HTTP/1.1" 200 42851
216.244.66.195 - - [03/Oct/2023:00:13:51 -0500] "GET /BLA/resoluciones/RESOLUCIONES%202020/1550.pdf HTTP/1.1" 200 319893
152.61.192.232 - - [03/Oct/2023:00:14:12 -0500] "GET / HTTP/1.1" 200 319
216.244.66.195 - - [03/Oct/2023:00:14:35 -0500] "GET /BLA/resoluciones/RESOLUCIONES%202020/1592.pdf HTTP/1.1" 200 383422
216.245.221.92 - - [03/Oct/2023:00:14:41 -0500] "HEAD / HTTP/1.1" 200 -
186.102.23.100 - - [03/Oct/2023:00:14:56 -0500] "GET /kwssiamovil/sm/acme/a?s=U2FsdGVkX189Fxv2mGG2MurdFHqQRSu994s7vHayzGZLRZrTy5AkrZo1PlDYEoM/siOzjPkeAkZKzXcsmdCXaFT3TtiArxxY9nz5eyDrA1j6PytgdE5CfvD3FN5eUpZidiOFLGW5VrkZ3bSPGkseqea4591Ik4xt2XeWTFECgrNgASAW3tMZz0sI8LfzLNjj8InAa8UrOANQQa9NYA6czuhk6NMFX2UvYTLdD1qfbRAVi4vN2rjHAhSOuWcwpYoFDNNh4FSqcbTlDGC4FIJPJA==&u=U2FsdGVkX19LSQXRB5UEC/LEtSqmmvW5jitE4Zf4hI8=&y=U2FsdGVkX18JkC0q75jCZkEviHfq1JPmqTSH+NqBMK+b2fF3YD+EeR5/TkT2Ymw9 HTTP/1.1" 200 26
186.102.23.100 - - [03/Oct/2023:00:14:58 -0500] "GET /kwssiamovil/sm/acme/a?s=U2FsdGVkX1+sxtiAi9sr9Vem7QS8m0WyWcR+1zHF3dQym+ksxue25r0TB/AuaF0Y/YeDf6o1VT46As1VpfMX4kOJeoW2MNG3V/uwM1AN2UrzD50VhOAky5cGsFBQyitAD/b63SqMufTM5WPnA3aJgGXXhwi0dXuvRFpcNk0OXvbeHK7duNCpH6c/5hpVzv6AuDst/MfokJ8p68hg64J0Y1eCKOiLHeKCcrCnNqQY7jC7BIP3EKYjA6/n3OWz0eAfP6dNshtoym38EdVMaku221gNslRWGwdGpr8ncarC7qQ5IXOYR0LzI2s0I7AYEIzMBRbIv9kMYHGqJPO5Br3avJeQA0BGL0/JcfXyQGvlJeSi1pIq9Pdb24wPGHugPJIFBFLIZxtYCJHO4hTOOef8xI+ogcBJtUuEKQVUDjLDCcXUsTc1N26fwVtlqSNemw/23NbKEfqN0OEPndtI3bPd3fgGaJOCd+XfwWh7l1cYECcRVNLS/mUNDzYNOz0LymRQRVzhBy2DtOihSvz0YsnvorplesOS2GibEIHsVvey/ecz4ZhMhCvQI2YXyJzzOXYrE78Y40tM58QA5tol3PPV2u2gT3uOOYOgu7dOYrKg73jPavhS8ciZrX3josFcgVHWEPAM4LpHym5Z/LMwZmFOl0jpjPi52N5LcPgPjpEo202VrFTkqshYwikhTvY83ExXoke4re7jNj6j31KKiFrsZr9KGPbW0Ls91G1cfAr9ln7iA/xF/xCJXwgLeEiBjPD63NOkhG7JDI6jAvBCpnVKwx2SBvGhu4uNvoCGje7bt0NiidCVfaMOR1t+l0G6X1bNM4qH9fcP7CQAe7CJkc5EDixLGM7XsASWvJ4jj5y3sDhdNqkTx1NG5ocH91Jh15ncsG1o1qxdHFcI+KiUrCIBo9lZF1fwq2aLCmyjZYGZEMcsPmNpqpOfHrExyzbGrTkDuykxNrs/zQQ2WIHQXacp6wOLGRxrBL8DItfDUF6rkP1zFPLx8vzorwwj642qpct3Z+g2kXKasoPgkQqHB0/7KnRv8eIejIF6ZVVp3mT3LYY5HGi6fvv7uYTY/MGQzjGWF+gl/Bgp0B/n9+JiMNlapYyh9eP97ScwwKRLy8bDT6bz4ll2oRot8zuO7ExW4L+rGD8P3QjkITK3mY43Jl9FAlwLQECxs3sHh75q9Cy0hypyOoa6n2IQV1V5JoIvLum3aSHvr+uL3D3AVZh92nj8hlhNJ3MqC26tjJYBavuCz4WKMjsDRjCcmY54uZKLlOcM4ZJKy3JCFyknVrELV8GyvChz0FEc8+RZqCqC5Xg3qa3OkBhu9JmWEB/JVoWRuL6TsOrEIaXo6DXl9DwPQVT6THEbN7yV5+e8Mi+6UJRIxEStc6kk3kU/VXmHeSsoZ1FJXFCaD7IRJR2O+oQfN2MWs07H/EGGZMNAdMu6eOHl2LRQUAqjinwnz4UtqTdugrnzf0qfHNvgI0ID3AlQ+llgOHn/10wLsz49k6o+GWQ7Hyg=&u=U2FsdGVkX19LSQXRB5UEC/LEtSqmmvW5jitE4Zf4hI8=&y=U2FsdGVkX18JkC0q75jCZkEviHfq1JPmqTSH+NqBMK+b2fF3YD+EeR5/TkT2Ymw9 HTTP/1.1" 200 26
186.102.23.100 - - [03/Oct/2023:00:14:58 -0500] "GET /kwssiamovil/sm/acme/a?s=U2FsdGVkX19lpqdGMbPypTPtSX+d0dBlPneLB0IiWTi6r2p7XFkUROLcpQRSvM1eKNxisu/3HII4KRV2snlK0wNYARVxp2DBDI0OTrpHwCXS20e+0hNE5KH2PETdIPckbnSR1j+goaKQdEtZvwc4/r9a3a6nYBPjwzZioVX652Y=&u=U2FsdGVkX19LSQXRB5UEC/LEtSqmmvW5jitE4Zf4hI8=&y=U2FsdGVkX18JkC0q75jCZkEviHfq1JPmqTSH+NqBMK+b2fF3YD+EeR5/TkT2Ymw9 HTTP/1.1" 200 26
186.102.23.100 - - [03/Oct/2023:00:14:58 -0500] "GET /kwssiamovil/sm/acme/a?s=U2FsdGVkX18wjllC2gPa9xg6/UIKVyX8f7OZO4tQsnUekG9rEEPz9Y2EO2+//3C6t4Y4Fwva5z7nAxZSoN5XQM7DWFTWJwpgRO0BEW2ubS5iT6BTSwjhcUshkrBcppjmnZs5h83FM+gQGhGdP9MuxgqWeC1sod9L2Md+WpffnQk=&u=U2FsdGVkX19LSQXRB5UEC/LEtSqmmvW5jitE4Zf4hI8=&y=U2FsdGVkX18JkC0q75jCZkEviHfq1JPmqTSH+NqBMK+b2fF3YD+EeR5/TkT2Ymw9 HTTP/1.1" 200 26
186.102.23.100 - - [03/Oct/2023:00:14:58 -0500] "GET /kwssiamovil/sm/acme/a?s=U2FsdGVkX1+lUAPsbiNWMMaIHGzcyRXfQmxe74K6LXMY5nECbwhdrhwB4eAbECLFOnI5XVyrFhGKt/nmzdJgdoz7DwSHHmjjDg+ovtEqV913xXwILtHIfhUU12RkdEq6vYOwZ2iF84c70HmOjx42mm6Z5SksfMkZYGfRggaCZUY=&u=U2FsdGVkX19LSQXRB5UEC/LEtSqmmvW5jitE4Zf4hI8=&y=U2FsdGVkX18JkC0q75jCZkEviHfq1JPmqTSH+NqBMK+b2fF3YD+EeR5/TkT2Ymw9 HTTP/1.1" 200 26
186.102.23.100 - - [03/Oct/2023:00:14:59 -0500] "GET /kwssiamovil/sm/acme/a?s=U2FsdGVkX1+9P4TVPKumQkGzNU8nysi2+YgUTf7gKm+eHSjwp0tLjz8iwPSUb9G8d3Xau1dGDxET/S6Eld1bOWpriwjdN9R0GxlOxBYtPaF20ygmQdShS8+sJxWImMwtH+T3blt/ovh99tIFnplnc5g8ywljuKiV/RlqqtrPIHsd+MNgfqJIAsWn4Nv2muKl&u=U2FsdGVkX19LSQXRB5UEC/LEtSqmmvW5jitE4Zf4hI8=&y=U2FsdGVkX18JkC0q75jCZkEviHfq1JPmqTSH+NqBMK+b2fF3YD+EeR5/TkT2Ymw9 HTTP/1.1" 200 26
216.244.66.195 - - [03/Oct/2023:00:15:23 -0500] "GET /BLA/resoluciones/RESOLUCIONES%202020/1772.pdf HTTP/1.1" 200 358487
66.249.66.20 - - [03/Oct/2023:00:15:59 -0500] "GET /BLA/resoluciones/RESOLUCIONES%202010/6313.pdf HTTP/1.1" 200 2490023
181.237.160.28 - - [03/Oct/2023:00:16:00 -0500] "GET /kwssiamovil/sm/acme/a?s=U2FsdGVkX1/qK4+JzKBSRqR/sa0M4ULkKSk1B+3zJYnlrmd2MmM0lojufrDQ+IJwhjvbHPQE3ktTyrg5+TYXVEEKVQYNn91ua2Zr9EDNSMl3GPnF5X1bG9dE3gAPqbKLHdC2UkqRnUXa8nqcsQgewnVmKhdfHp6Ba6HK7EcwCMGLWdwzDchwNAUKSEhW9OKI8vy0CusP/hK0ooeCVhnD3ZUrh3ss5K0zErgVfyasMq4aSiJ+lflTq9H7fROK/edIPXLKAH2AS5UkumxqZd+Y4Q==&u=U2FsdGVkX19t73/pi0fJ6m6LcW7kgmFqKSF7kTdbMGwoiES8AJl86QXP/mz+9ajo&y=U2FsdGVkX19EHugNfqeOkFnfV4gJ9OuTJJis34nVbhJfPPWDbQv4sAVJq/JbO/mT HTTP/1.1" 200 26
181.237.160.28 - - [03/Oct/2023:00:16:01 -0500] "GET /kwssiamovil/sm/acme/a?s=U2FsdGVkX1+TZXiBPx5OAnhKpEAjDmT6M0OeTutQsrgezDPVNvs0qj1gA3UImtw0Sd3On58ADXHfZPA1uUPRg5VBfqweWzffaqRlgATAhaAFgDif/5S9pJoL97SU0h8HlWGKvf4qR1sfZy9aQh3CDnAUv8FlIxH9p645fePN/ZFIG6lxBEcnf4mwdswT0ykZSY4CLe6aLvrnzuGxQBG2XBQHuhFeNpvnZRidRphSSOsXwOtWm/yh5w6EsoHnQ76Ggk5LraF38KLZnRjCugk+E/z/sjJYFtMo94IbTwoIzVaHfTUkDAHpQ9E/h8emaZcOTrTUnIOo9/5wtxqmlbRiXH5N8VixBj06yO2mgIIGC62RpzWeaWmt8YATj2LyNElMozZF+uRG/Z6DxfSB6hltT2tfeqsCYQ/o9PRXXV65+1SJmzOZT1E8BsGJnGQ8IbXGxq2DzvEKgjDuJUD3DYbU4P/3NzCgkCB2Omd0SscI9aThgotqXSg6oap+2EPy2HEUrc1xBAlr/QXCRTmN2VXIIhNb3CNdcEGae9eBuZfuKmeOyGQDkykLT09KlD2Q7usuT8x9mSZ76NHjpTlfvwZ3UyWfj/tAV3NU7joEMYFKUoBOohkz8Pnyx9N8vz2GiXa7H0o8CKFuchjCyxwgrkHssB84c7qkKNBX28pnK1ucoKbbWK90SQ/mNTfGbMM0yKUUEOMVhFKD+9T81m5wccbAZgW9BjIDrkLLLyfvEGW4pmt76/kd8uJDVYHwhKCZSOHnQC/plTL58WLwa/w8Pud/ywxtTgLywrpBSZcbfpEqgTiB3gSPHAX7m6vTzp5W905BIZ0d8HuMc0pskYNH44jGqk5VZ19RM1ibw5DdSCRVtNkyM3Vs6oi4wE+z6vFADjWwicjCFqpelZO2vkTtu7jSNgVaN9g6kz+E8fv/q0iYLXUcPqn1K1XzGEeWikEs0eyKsu7UreYzozO1z5AdA0PWKXZyM4IrUqKkVmekefg2JUpH18K33xIHIyQ8DJPfMS3F11hZVvo0E+glCuLFfPm2JmFqKYbosPr67F46JLIadbNVAZKvxhULaflXSoVOoVkERYFcRQ73ko2iugSYxj/Qy+zU+mf140Cs6qD9XxZ81+XGoFryi1P7bV2KXMj4ynR3vIBSvir9if0a5rE+Bf3eKVXIJE9HHJ0uZ0m4kAWiImT7GGYU92SjFC4y7/b4Wciv9EqCiru0xwxqIN6vBAxRTLvoXLRueGxsVoqrS+2hNCAyAUhku7g0lS0BiKB4sciESKcblGCJOJUua7UaLxi23NWX8fCjuiQ5kIHQfrIse4EQiwuvgpHJBFNBraVYuVo/CFicqeJ675ibeqrZftBF5tGsbt7sKjJLAQKsy8tZTRYbROcAnWyarpwWWuw0o1s/Hdve1pEy/A8ECi8D/Oha8HyHmAuLHs694lSchJvo0LzavzSnNS9oq9DKXEtplcZCiKMnPr7mYlw3YdKgSOgvp65RWuECMNaKoMj+GCfSFGtjbCzF0NhiRXe1aZf7P3WGKT55wsv68ClKWrfZHK5w8rHp1yqd2/uJtKtGKfOYhNZ2WD02Jf/iCPaBj9uWuv7I4nvMDCznE+zWVmazsUJ62QNrKk2j5MSqNevOyVfar01GlFxKr9lA/nX0NowURlCHfg1JCoRvucmaExUFxTdNgymaspzju7+Jc1eG6ejEVYSg5S6fFnmNPmBqMlMvjEvf3AcFnxz0CNFhqGIT6UVB+mVpE2N3RiDqRtZN4rdw9/vOFILkXlnHyfoCWn64ZGdJJ+na5OVxckgSnKIFUp9d/IS3ucLDNR89LG987SGrw0Y1rqLIt/4DdkBZUBjkyUcgx9QU1LHgmZKsDe0AwVWFzgA8afjpIgKA27kNDBb+jVAJ6IG3od4f9uy1JA1/N6KUqC/9zFRLXa16Beg8iVxpQLbxG50qU4EdE4/BkPKW4HlpfWSpAmuDq3JP6DUlOjVK&u=U2FsdGVkX19t73/pi0fJ6m6LcW7kgmFqKSF7kTdbMGwoiES8AJl86QXP/mz+9ajo&y=U2FsdGVkX19EHugNfqeOkFnfV4gJ9OuTJJis34nVbhJfPPWDbQv4sAVJq/JbO/mT HTTP/1.1" 200 26
181.237.160.28 - - [03/Oct/2023:00:16:01 -0500] "GET /kwssiamovil/sm/acme/a?s=U2FsdGVkX19MbM7lN3ney3B1UUSRqYYv+E72EDKPhZ6tbaIDu4nCUx+5rO5rG8NVxGA+DN7+p8lMwgLd9J6NVipcpyct2UJ+ZwQ5P5qyDv2dFhQNZL0r6mnQ3UzTWV+Husa6NNvaxxeZzkJbHvKiPvg4+HoHxgZyRI84eFunBMc=&u=U2FsdGVkX19t73/pi0fJ6m6LcW7kgmFqKSF7kTdbMGwoiES8AJl86QXP/mz+9ajo&y=U2FsdGVkX19EHugNfqeOkFnfV4gJ9OuTJJis34nVbhJfPPWDbQv4sAVJq/JbO/mT HTTP/1.1" 200 26
181.237.160.28 - - [03/Oct/2023:00:16:02 -0500] "GET /kwssiamovil/sm/acme/a?s=U2FsdGVkX1+dX1S9uFRA//t71y75Xw4tfi5qOsQyS3vCD7iWDkPwBRDB+1YcmUCOvazKxAQPeJhTzsu9jRUP8wsJwZniIAaDC3gHRKX+1qEXidciLChG/iSQ8D/45ADJdJLkXvJPImVPOFfq8fY72EUbH1/1j53y08/tUhgCPyc=&u=U2FsdGVkX19t73/pi0fJ6m6LcW7kgmFqKSF7kTdbMGwoiES8AJl86QXP/mz+9ajo&y=U2FsdGVkX19EHugNfqeOkFnfV4gJ9OuTJJis34nVbhJfPPWDbQv4sAVJq/JbO/mT HTTP/1.1" 200 26
181.237.160.28 - - [03/Oct/2023:00:16:02 -0500] "GET /kwssiamovil/sm/acme/a?s=U2FsdGVkX1/lnLpMid+uAkrPzlpBgY2Z/znpNAgXKWdzqbn00uCU/wRL9OGNFCnb44clyYoWDzjS5Nw+JeJl0PutgNNFRKZsRnd5W/21mbEFhsgfOi1rKJrUFd1Lugcg1jpIOJot8YKbRHN6ZULPbY8hpcCIIX72HYLSCYe7f1g=&u=U2FsdGVkX19t73/pi0fJ6m6LcW7kgmFqKSF7kTdbMGwoiES8AJl86QXP/mz+9ajo&y=U2FsdGVkX19EHugNfqeOkFnfV4gJ9OuTJJis34nVbhJfPPWDbQv4sAVJq/JbO/mT HTTP/1.1" 200 26
181.237.160.28 - - [03/Oct/2023:00:16:02 -0500] "GET /kwssiamovil/sm/acme/a?s=U2FsdGVkX180m/3i5KkB6d+aCZQH497wJbTbKZR2akzxItLz/TbeQ5mc744HqNoapYnjgVEARg5gyVf13+tFAYxuvqyhuRSy7OEikKVo5xLNK2vmmkr8vNHy+qU6W5LxHsXXsSVU31PbVfiBkMMqX6CWxU+/tQwfaZ4UnSQv4ults4scbyDWefAVULkpPw8PSWzWa6eAaxHYxbJLeHFXMQ==&u=U2FsdGVkX19t73/pi0fJ6m6LcW7kgmFqKSF7kTdbMGwoiES8AJl86QXP/mz+9ajo&y=U2FsdGVkX19EHugNfqeOkFnfV4gJ9OuTJJis34nVbhJfPPWDbQv4sAVJq/JbO/mT HTTP/1.1" 200 26
186.154.32.158 - - [03/Oct/2023:00:16:02 -0500] "GET /BLA/resoluciones/ HTTP/1.1" 200 13696
216.244.66.195 - - [03/Oct/2023:00:16:07 -0500] "GET /BLA/resoluciones/RESOLUCIONES%202020/2023.pdf HTTP/1.1" 200 305388
207.46.13.54 - - [03/Oct/2023:00:16:32 -0500] "GET /BLA/resoluciones/index.php?dir=RESOLUCIONES+2009%2F HTTP/1.1" 200 1694101
216.244.66.195 - - [03/Oct/2023:00:16:48 -0500] "GET /BLA/resoluciones/RESOLUCIONES%202020/2062.pdf HTTP/1.1" 200 365734
66.249.66.20 - - [03/Oct/2023:00:17:37 -0500] "GET /BLA/resoluciones/RESOLUCIONES%202007/RES%202007%201%20AL%20100/RESOLUCION%200006%20DE%202007.pdf HTTP/1.1" 200 263078
216.244.66.195 - - [03/Oct/2023:00:17:38 -0500] "GET /BLA/resoluciones/RESOLUCIONES%202020/2178.pdf HTTP/1.1" 200 4906782
66.249.66.19 - - [03/Oct/2023:00:17:39 -0500] "GET /Publicaciones/2022EE249219.pdf HTTP/1.1" 404 228
201.245.192.253 - - [03/Oct/2023:00:17:51 -0500] "POST /kwsrmcab/Wsrmcab HTTP/1.1" 200 42864
201.245.192.253 - - [03/Oct/2023:00:17:54 -0500] "POST /kwsrmcab/Wsrmcab HTTP/1.1" 200 43010
172.22.2.4 - - [03/Oct/2023:00:16:37 -0500] "HEAD /BLA/boletinlegal/ HTTP/1.1" 200 -
216.244.66.195 - - [03/Oct/2023:00:18:28 -0500] "GET /BLA/resoluciones/RESOLUCIONES%202020/2394.pdf HTTP/1.1" 200 344182
201.245.192.253 - - [03/Oct/2023:00:18:27 -0500] "POST /kwsrmcab/Wsrmcab  HTTP/1.1" 200 42851
172.22.2.4 - - [03/Oct/2023:00:17:27 -0500] "GET /BLA/boletinlegal/ HTTP/1.1" 200 57790
216.244.66.195 - - [03/Oct/2023:00:19:10 -0500] "GET /BLA/resoluciones/RESOLUCIONES%202020/2566.pdf HTTP/1.1" 200 930784
216.245.221.92 - - [03/Oct/2023:00:19:40 -0500] "HEAD / HTTP/1.1" 200 -
66.249.66.21 - - [03/Oct/2023:00:19:49 -0500] "GET /Publicaciones/2022EE244083.pdf HTTP/1.1" 404 228
217.182.175.162 - - [03/Oct/2023:00:21:14 -0500] "HEAD /nata-de-contaminacion-fenomeno-de-inversion-termica-que-se-presenta-en-bogota.html HTTP/1.1" 200 -
168.119.253.32 - - [03/Oct/2023:00:22:29 -0500] "GET / HTTP/1.1" 200 319
168.119.253.32 - - [03/Oct/2023:00:22:30 -0500] "GET / HTTP/1.1" 200 4720
123.126.68.27 - - [03/Oct/2023:00:23:09 -0500] "GET /BLA/resoluciones/RESOLUCIONES%202013/2652.pdf HTTP/1.1" 200 858207
201.245.192.253 - - [03/Oct/2023:00:23:25 -0500] "POST /kwsrmcab/Wsrmcab  HTTP/1.1" 200 42851
162.221.192.26 - - [03/Oct/2023:00:23:44 -0500] "GET / HTTP/1.1" 200 319
172.22.2.4 - - [03/Oct/2023:00:22:27 -0500] "HEAD /BLA/boletinlegal/ HTTP/1.1" 200 -
216.245.221.92 - - [03/Oct/2023:00:24:40 -0500] "HEAD / HTTP/1.1" 200 -
172.22.2.4 - - [03/Oct/2023:00:23:17 -0500] "GET /BLA/boletinlegal/ HTTP/1.1" 200 58187
66.249.66.20 - - [03/Oct/2023:00:25:17 -0500] "GET /BLA/resoluciones/RESOLUCIONES%202011/1089.pdf HTTP/1.1" 200 264008
152.61.128.50 - - [03/Oct/2023:00:25:23 -0500] "GET / HTTP/1.1" 200 319
34.32.129.221 - - [03/Oct/2023:00:25:48 -0500] "GET /proximo-4-de-octubre-simulacro-distrital-de-evacuacion-dia-y-noche.html HTTP/1.1" 200 783
201.245.192.253 - - [03/Oct/2023:00:27:51 -0500] "POST /kwsrmcab/Wsrmcab HTTP/1.1" 200 42864
201.245.192.253 - - [03/Oct/2023:00:27:54 -0500] "POST /kwsrmcab/Wsrmcab HTTP/1.1" 200 43010
201.245.192.253 - - [03/Oct/2023:00:28:24 -0500] "POST /kwsrmcab/Wsrmcab  HTTP/1.1" 200 42851
69.171.249.6 - - [03/Oct/2023:00:28:56 -0500] "GET /images/plantacion-humedal-la-conejera.jpg HTTP/1.1" 200 92644
69.171.249.120 - - [03/Oct/2023:00:29:05 -0500] "GET /images/Zuque%20(1)%20(1).jpeg HTTP/1.1" 200 66921
69.171.249.120 - - [03/Oct/2023:00:29:09 -0500] "GET /images/pieza-voluntariado-ambiental.jpeg HTTP/1.1" 200 51125
216.245.221.92 - - [03/Oct/2023:00:29:40 -0500] "HEAD / HTTP/1.1" 200 -
172.22.2.4 - - [03/Oct/2023:00:28:17 -0500] "HEAD /BLA/boletinlegal/ HTTP/1.1" 200 -
172.22.2.4 - - [03/Oct/2023:00:28:58 -0500] "GET /BLA/boletinlegal/index.php HTTP/1.1" 200 49695
172.22.2.4 - - [03/Oct/2023:00:30:47 -0500] "GET /BLA/boletinlegal/owa/auth/x.js HTTP/1.1" 404 1018
172.22.2.4 - - [03/Oct/2023:00:29:07 -0500] "GET /BLA/boletinlegal/ HTTP/1.1" 200 50790
216.244.66.195 - - [03/Oct/2023:00:31:27 -0500] "GET /robots.txt HTTP/1.1" 404 1018
66.249.66.20 - - [03/Oct/2023:00:32:19 -0500] "GET /BLA/resoluciones/RESOLUCIONES%202009/6869.pdf HTTP/1.1" 200 282017
201.245.192.253 - - [03/Oct/2023:00:33:23 -0500] "POST /kwsrmcab/Wsrmcab  HTTP/1.1" 200 42851
191.156.148.16 - - [03/Oct/2023:00:33:54 -0500] "-" 408 -
66.249.66.21 - - [03/Oct/2023:00:34:06 -0500] "GET /BLA/resoluciones/AUTOS%202009/0891.pdf HTTP/1.1" 200 121499
216.245.221.92 - - [03/Oct/2023:00:34:40 -0500] "HEAD / HTTP/1.1" 200 -
172.22.2.4 - - [03/Oct/2023:00:34:07 -0500] "HEAD /BLA/boletinlegal/ HTTP/1.1" 200 -
172.22.2.4 - - [03/Oct/2023:00:34:57 -0500] "GET /BLA/boletinlegal/ HTTP/1.1" 200 58187
201.245.192.253 - - [03/Oct/2023:00:37:52 -0500] "POST /kwsrmcab/Wsrmcab HTTP/1.1" 200 42864
201.245.192.253 - - [03/Oct/2023:00:37:54 -0500] "POST /kwsrmcab/Wsrmcab HTTP/1.1" 200 43010
201.245.192.253 - - [03/Oct/2023:00:38:22 -0500] "POST /kwsrmcab/Wsrmcab  HTTP/1.1" 200 42851
216.245.221.92 - - [03/Oct/2023:00:39:40 -0500] "HEAD / HTTP/1.1" 200 -
172.22.2.4 - - [03/Oct/2023:00:39:57 -0500] "HEAD /BLA/boletinlegal/ HTTP/1.1" 200 -
172.22.2.4 - - [03/Oct/2023:00:40:47 -0500] "GET /BLA/boletinlegal/ HTTP/1.1" 200 58187
201.245.192.253 - - [03/Oct/2023:00:43:21 -0500] "POST /kwsrmcab/Wsrmcab  HTTP/1.1" 200 42851
172.22.2.4 - - [03/Oct/2023:00:44:02 -0500] "GET /BLA/boletinlegal/normativa.php HTTP/1.1" 200 8343
216.245.221.92 - - [03/Oct/2023:00:44:40 -0500] "HEAD / HTTP/1.1" 200 -
172.22.2.4 - - [03/Oct/2023:00:45:46 -0500] "HEAD /BLA/boletinlegal/ HTTP/1.1" 200 -
172.22.2.4 - - [03/Oct/2023:00:46:37 -0500] "GET /BLA/boletinlegal/ HTTP/1.1" 200 60692
201.245.192.253 - - [03/Oct/2023:00:48:20 -0500] "POST /kwsrmcab/Wsrmcab  HTTP/1.1" 200 42851
152.61.192.232 - - [03/Oct/2023:00:48:50 -0500] "GET /arcgis/services/Calidad_del_Agua_WQI/MapServer/WMSServer?request=GetCapabilities&service=WMS HTTP/1.1" 503 1020
152.61.192.232 - - [03/Oct/2023:00:48:52 -0500] "GET /arcgis/services/Calidad_del_Agua_WQI/MapServer/WMSServer?SERVICE=WMS&REQUEST=GetCapabilities HTTP/1.1" 503 1020
152.61.192.232 - - [03/Oct/2023:00:48:52 -0500] "GET /arcgis/services/Calidad_del_Agua_WQI/MapServer/WMSServer?WMTVER=1.0.0&REQUEST=capabilities HTTP/1.1" 503 1020
216.245.221.92 - - [03/Oct/2023:00:49:40 -0500] "HEAD / HTTP/1.1" 200 -
216.244.66.195 - - [03/Oct/2023:00:50:45 -0500] "GET /BLA/resoluciones/AUTOS%202023/2769.pdf HTTP/1.1" 200 843986
52.167.144.139 - - [03/Oct/2023:00:50:55 -0500] "GET /semana-ecoempresarial-herramientas-para-que-el-sector-economico-de-bogota-pueda-tener-un-crecimiento-verde.html HTTP/1.1" 200 918
216.244.66.195 - - [03/Oct/2023:00:51:15 -0500] "GET /BLA/resoluciones/Decretos/Decreto%20597%20de%2019%20de%20octubre%20del%202018.pdf HTTP/1.1" 200 9436448
216.244.66.195 - - [03/Oct/2023:00:51:56 -0500] "GET /BLA/resoluciones/Decretos/Decreto%20795%20de%2020%20de%20diciembre%20del%202018.pdf HTTP/1.1" 200 353312
216.244.66.195 - - [03/Oct/2023:00:52:42 -0500] "GET /BLA/resoluciones/RESOLUCIONES%201995/0041.pdf HTTP/1.1" 200 480965
172.22.2.4 - - [03/Oct/2023:00:51:36 -0500] "HEAD /BLA/boletinlegal/ HTTP/1.1" 200 -
201.245.192.253 - - [03/Oct/2023:00:53:19 -0500] "POST /kwsrmcab/Wsrmcab  HTTP/1.1" 200 42851
52.167.144.218 - - [03/Oct/2023:00:53:29 -0500] "GET /BLA/resoluciones/index.php?dir=AUTOS+2022%2F HTTP/1.1" 200 506017
216.244.66.195 - - [03/Oct/2023:00:53:35 -0500] "GET /BLA/resoluciones/RESOLUCIONES%201995/0108.pdf HTTP/1.1" 200 128692
172.22.2.4 - - [03/Oct/2023:00:52:27 -0500] "GET /BLA/boletinlegal/ HTTP/1.1" 200 57790
40.77.189.50 - - [03/Oct/2023:00:54:11 -0500] "GET /BLA/resoluciones/dlf/styles.css HTTP/1.1" 200 3049
216.244.66.195 - - [03/Oct/2023:00:54:12 -0500] "GET /BLA/resoluciones/RESOLUCIONES%202004/1580.pdf HTTP/1.1" 200 108241
216.245.221.92 - - [03/Oct/2023:00:54:40 -0500] "HEAD / HTTP/1.1" 200 -
216.244.66.195 - - [03/Oct/2023:00:54:47 -0500] "GET /BLA/resoluciones/RESOLUCIONES%202005/0172.tif HTTP/1.1" 200 124798
216.244.66.195 - - [03/Oct/2023:00:55:23 -0500] "GET /BLA/resoluciones/RESOLUCIONES%202006/2290.tif HTTP/1.1" 200 413756
216.244.66.195 - - [03/Oct/2023:00:56:09 -0500] "GET /BLA/resoluciones/RESOLUCIONES%202007/0520.pdf HTTP/1.1" 200 91251
216.244.66.195 - - [03/Oct/2023:00:56:48 -0500] "GET /BLA/resoluciones/RESOLUCIONES%202014/3396.pdf HTTP/1.1" 200 667366
216.244.66.195 - - [03/Oct/2023:00:57:38 -0500] "GET /BLA/resoluciones/RESOLUCIONES%202018/1946.pdf HTTP/1.1" 200 400031
201.245.192.253 - - [03/Oct/2023:00:58:18 -0500] "POST /kwsrmcab/Wsrmcab  HTTP/1.1" 200 42851
216.244.66.195 - - [03/Oct/2023:00:58:26 -0500] "GET /BLA/resoluciones/RESOLUCIONES%202020/0097.pdf HTTP/1.1" 200 330548
40.77.167.70 - - [03/Oct/2023:00:59:01 -0500] "GET /Publicaciones/2023EE195463.pdf HTTP/1.1" 404 228
172.22.2.4 - - [03/Oct/2023:00:57:26 -0500] "HEAD /BLA/boletinlegal/ HTTP/1.1" 200 -
216.244.66.195 - - [03/Oct/2023:00:59:15 -0500] "GET /BLA/resoluciones/RESOLUCIONES%202020/0320.pdf HTTP/1.1" 200 472599
43.134.39.88 - - [03/Oct/2023:00:59:16 -0500] "HEAD /BLA/resoluciones/RESOLUCIONES%202019/3093.pdf HTTP/1.1" 200 -
43.134.39.88 - - [03/Oct/2023:00:59:17 -0500] "GET /BLA/resoluciones/RESOLUCIONES%202019/3093.pdf HTTP/1.1" 200 292489
52.149.22.80 - - [03/Oct/2023:00:59:22 -0500] "GET /Publicaciones/2023EE195463.pdf HTTP/1.1" 404 228
216.245.221.92 - - [03/Oct/2023:00:59:40 -0500] "HEAD / HTTP/1.1" 200 -
172.22.2.4 - - [03/Oct/2023:00:58:17 -0500] "GET /BLA/boletinlegal/ HTTP/1.1" 200 60342
216.244.66.195 - - [03/Oct/2023:01:00:00 -0500] "GET /BLA/resoluciones/RESOLUCIONES%202020/0436.pdf HTTP/1.1" 200 508960
216.244.66.195 - - [03/Oct/2023:01:00:50 -0500] "GET /BLA/resoluciones/RESOLUCIONES%202020/1000.pdf HTTP/1.1" 200 385520
216.244.66.195 - - [03/Oct/2023:01:01:34 -0500] "GET /BLA/resoluciones/RESOLUCIONES%202020/1226.pdf HTTP/1.1" 200 318189
216.244.66.195 - - [03/Oct/2023:01:02:21 -0500] "GET /BLA/resoluciones/RESOLUCIONES%202020/1383.pdf HTTP/1.1" 200 567281
128.14.134.134 - - [03/Oct/2023:01:02:37 -0500] "GET /portaldeninos/ HTTP/1.1" 200 110175
216.244.66.195 - - [03/Oct/2023:01:03:11 -0500] "GET /BLA/resoluciones/RESOLUCIONES%202020/1473.pdf HTTP/1.1" 200 336078
201.245.192.253 - - [03/Oct/2023:01:03:17 -0500] "POST /kwsrmcab/Wsrmcab  HTTP/1.1" 200 42851
186.102.23.100 - - [03/Oct/2023:01:03:48 -0500] "GET /kwssiamovil/sm/acme/a?s=U2FsdGVkX1+clzI+JKjgf3Wb6++MatnbrMq57cyG61RLKwkX/Ly1qsZxnM0JAqy48isAWXljRtjP09iDqiUjMiV9KyWVxgUCNkMkwGcoIVQ9StmyfcpumsVrCj32g9ZBR8fVrt1/xQtXGfVM3SQ/y5GogjAAH9nTk3w7PQDZlyrGgCj9eWrjlA3OLsH4ILxt+RMMdNPZIpRUQ2rlbVzyBqlQAhw02eSO2MLzYHEB71CJhim4dbRySlEW2C5eQu6wlVmt3x+kb2yCU8f6Fsx+og==&u=U2FsdGVkX19LSQXRB5UEC/LEtSqmmvW5jitE4Zf4hI8=&y=U2FsdGVkX18JkC0q75jCZkEviHfq1JPmqTSH+NqBMK+b2fF3YD+EeR5/TkT2Ymw9 HTTP/1.1" 200 26
186.102.23.100 - - [03/Oct/2023:01:03:48 -0500] "GET /kwssiamovil/sm/acme/a?s=U2FsdGVkX196upPbWzCbzRhYE5f6rShtPKN3fYEW+bbnyrdLYjtWfKlUVgoeM0VAXE0LZ76m+h8hWb9E3MyLM4coj/J9Z/doLb9Hu0SZy3qof76Yw+ceu6RjYLpEypGAakpnezcSUXh7JmbMf4Hcu/c2q3/NNcvptHlL8T9qp6zaZhJku/ibLY5xezjls690alcNbZAVUZ4H471cOyTq2jhCAQ2zeGDLIujDDXIpZ3H8wy0Ya2BEmnWr8/6IRvD204WZjvsZAS1QjMHyoAeeOggF6TS37llYnpECNwF88YeHE+a51zMJ6mqYIznRxgch7tWV1zxijZrlzFaPe1VqhyLhgNigLMKBtcao46HCXicXO46cPoeCwieiWPb4LE30p7BTGPtFUFPdp7xkz0fLKPjxMbgIzk4kYb7g2j/Fk54SZhBB+l1AhWGonPV7R890smlcFRa+WiENf21gvhVP09lWhEh6rYTvwfgMEVXZZ5qcfdAwQP1IRcEKWgHeyXiZTudsCOjNXOXXNrMsNCla7qr1xbSU7kHbtFCuBSnWvqU0f6yLbMQ346G/9/xVNzwag53ItVxYtbPKd+3pdJ3jWWJNuSRoQA3Zrr+/4C130izooRt7BpS1fcZYi4tEhF85wLlVhBGGl3lB9v45h/Jju220R6MkKo+SpH5fuUZkEsO7N3IGH5pUBRIFB51ZoMR5oeQ1P1CZUOlesUbhkazsmFVQCWWAdn4EekL2Hr3uWmTQhQb4dV4OMo1lEVhRpmKbptr3m0unZBBvwBJruh+dPZCy2f0Xlxx+pWXmoAGTV7SNlSycVFpcuQXdjmpZ6rRxp7w5yF2mO+KP9chx5ClSvSbfrQnQ5C6Fn6KVk4AwPmeWykvL0gu5aow9wA56jALgvtSO3ZyPtpHY0lJiNg4G+E7yXKfEaLeqfW6DOn2hfM5aa9YQf3X2cpHdlkkFCENnktjHevddAmLFUVh1UCYVP9u5ZUHkxJqfbbLaiVMx0QL4jiZp6rcXLoFr8SxC0KrauCu0AAyX8VWstjZF6qSLUqL2luo0DwacRKnrOYqg92n3gOSvHV0NiD60QBrUrN912UpEb6xTELpclWipfM31NYQtue+nyAgCMeK8vO4vAFcaDhBPoe1CUrsCIr64MDS5B+3OxHfWswHChEJUpxp+aMjvBD4RjezrTH2CIMgB+mCdTTZSTXnpf/BtU0WD0dr/4XndGaLD+o0cWFeauCdf1lHd9Q3/YkySXy9qJKljIm7mBTP7Jwirnmtgr3FkprpJMqcprxpxF2bxJLM4ccrT4aYhy7hvgsnxvvU3oOlauJw=&u=U2FsdGVkX19LSQXRB5UEC/LEtSqmmvW5jitE4Zf4hI8=&y=U2FsdGVkX18JkC0q75jCZkEviHfq1JPmqTSH+NqBMK+b2fF3YD+EeR5/TkT2Ymw9 HTTP/1.1" 200 26
186.102.23.100 - - [03/Oct/2023:01:03:48 -0500] "GET /kwssiamovil/sm/acme/a?s=U2FsdGVkX1+R+dNzRKEjZq3i+ZwEsl/HSn9SyvJTBZ2SDvN1xrI7B2EW0g/gaMdLJ70kGACLHfYVo2IksfpsmQnPpSv0SYtik3DML0OvNtaaN8I2/heLqo477TBhQbcqatHGa64gz6Vs50yL9vyaZAUtJHOZWmvspC17eE4IWYY=&u=U2FsdGVkX19LSQXRB5UEC/LEtSqmmvW5jitE4Zf4hI8=&y=U2FsdGVkX18JkC0q75jCZkEviHfq1JPmqTSH+NqBMK+b2fF3YD+EeR5/TkT2Ymw9 HTTP/1.1" 200 26
186.102.23.100 - - [03/Oct/2023:01:03:49 -0500] "GET /kwssiamovil/sm/acme/a?s=U2FsdGVkX1/D9lV/d+LpdlC/ql/l0Fdk7fyKGbz0PJkXibRjQXNaer1m9/zKnSTf+aM97eP7MJ0RfIo40J2dSXuz4bxi5sJbEO/IYgUUpUWO1EuR0/9rKnWPSG2pzBC1cV3N8935wU15sG6jUtV9lgD1odgITrSUYEA8Pqb/74Y=&u=U2FsdGVkX19LSQXRB5UEC/LEtSqmmvW5jitE4Zf4hI8=&y=U2FsdGVkX18JkC0q75jCZkEviHfq1JPmqTSH+NqBMK+b2fF3YD+EeR5/TkT2Ymw9 HTTP/1.1" 200 26
186.102.23.100 - - [03/Oct/2023:01:03:49 -0500] "GET /kwssiamovil/sm/acme/a?s=U2FsdGVkX19SiCSGMKw8Xu0HD9P1nUCkoKz2KD+Rf7BYnjeQLlcdFqKu2Ib6ONuCMCob8PgebE/RLxCJWhUT44IJ3lKrsDcpiSd7g8XRPB1/SZEBWIYNGwk6c6/+xBgu4VqOn3+r8qZIhONuVIpSLKVzK8WtdDUfSiNSLp3EbN8=&u=U2FsdGVkX19LSQXRB5UEC/LEtSqmmvW5jitE4Zf4hI8=&y=U2FsdGVkX18JkC0q75jCZkEviHfq1JPmqTSH+NqBMK+b2fF3YD+EeR5/TkT2Ymw9 HTTP/1.1" 200 26
186.102.23.100 - - [03/Oct/2023:01:03:49 -0500] "GET /kwssiamovil/sm/acme/a?s=U2FsdGVkX19Nt/wPGeIt7PsKXvqhMZPDxYgGjL0USqzJAHi+qiYwATbaT6kayhYiDAmVVPgzHCdKLJKtdLZOyHLX2vh++0vrwLDVWBxu4jfp7nCFE8WJtV5f2BBNuNsvKRHBVRoJbeLqFUwQUWflNfDvmQmXynUXzoIA1pAU0CR+3ca4rSMIQOtlINiv8gwM&u=U2FsdGVkX19LSQXRB5UEC/LEtSqmmvW5jitE4Zf4hI8=&y=U2FsdGVkX18JkC0q75jCZkEviHfq1JPmqTSH+NqBMK+b2fF3YD+EeR5/TkT2Ymw9 HTTP/1.1" 200 26
216.244.66.195 - - [03/Oct/2023:01:04:01 -0500] "GET /BLA/resoluciones/RESOLUCIONES%202020/1570.pdf HTTP/1.1" 200 375487
216.245.221.92 - - [03/Oct/2023:01:04:40 -0500] "HEAD / HTTP/1.1" 200 -
216.244.66.195 - - [03/Oct/2023:01:04:45 -0500] "GET /BLA/resoluciones/RESOLUCIONES%202020/1620.pdf HTTP/1.1" 200 449291
172.22.2.4 - - [03/Oct/2023:01:03:16 -0500] "HEAD /BLA/boletinlegal/ HTTP/1.1" 200 -
216.244.66.195 - - [03/Oct/2023:01:05:26 -0500] "GET /BLA/resoluciones/RESOLUCIONES%202020/2242.pdf HTTP/1.1" 200 353660
40.77.167.63 - - [03/Oct/2023:01:05:46 -0500] "GET / HTTP/1.1" 200 4720
172.22.2.4 - - [03/Oct/2023:01:04:07 -0500] "GET /BLA/boletinlegal/ HTTP/1.1" 200 58597
216.244.66.195 - - [03/Oct/2023:01:06:09 -0500] "GET /BLA/resoluciones/RESOLUCIONES%202020/2398.pdf HTTP/1.1" 200 326752
216.244.66.195 - - [03/Oct/2023:01:06:51 -0500] "GET /BLA/resoluciones/RESOLUCIONES%202020/2541.pdf HTTP/1.1" 200 365373
216.244.66.195 - - [03/Oct/2023:01:07:29 -0500] "GET /BLA/resoluciones/RESOLUCIONES%202020/2586.pdf HTTP/1.1" 200 405563
216.244.66.195 - - [03/Oct/2023:01:08:04 -0500] "GET /BLA/resoluciones/RESOLUCIONES%202020/2600.pdf HTTP/1.1" 200 409056
201.245.192.253 - - [03/Oct/2023:01:08:16 -0500] "POST /kwsrmcab/Wsrmcab  HTTP/1.1" 200 42851
216.244.66.195 - - [03/Oct/2023:01:08:38 -0500] "GET /BLA/resoluciones/RESOLUCIONES%202020/2718.pdf HTTP/1.1" 200 381649
216.244.66.195 - - [03/Oct/2023:01:09:20 -0500] "GET /BLA/resoluciones/RESOLUCIONES%202021/0471.pdf HTTP/1.1" 200 537393
216.245.221.92 - - [03/Oct/2023:01:09:40 -0500] "HEAD / HTTP/1.1" 200 -
216.244.66.195 - - [03/Oct/2023:01:09:51 -0500] "GET /BLA/resoluciones/RESOLUCIONES%202021/0516.pdf HTTP/1.1" 200 462355
216.244.66.195 - - [03/Oct/2023:01:10:32 -0500] "GET /BLA/resoluciones/RESOLUCIONES%202021/0602.pdf HTTP/1.1" 200 507032
172.22.2.4 - - [03/Oct/2023:01:09:06 -0500] "HEAD /BLA/boletinlegal/ HTTP/1.1" 200 -
216.244.66.195 - - [03/Oct/2023:01:11:12 -0500] "GET /BLA/resoluciones/RESOLUCIONES%202021/0604.pdf HTTP/1.1" 200 1019939
152.61.128.50 - - [03/Oct/2023:01:11:32 -0500] "GET /arcgis/services/Calidad_del_Agua_WQI/MapServer/WMSServer?request=GetCapabilities&service=WMS HTTP/1.1" 503 1020
152.61.128.50 - - [03/Oct/2023:01:11:33 -0500] "GET /arcgis/services/Calidad_del_Agua_WQI/MapServer/WMSServer?SERVICE=WMS&REQUEST=GetCapabilities HTTP/1.1" 503 1020
152.61.128.50 - - [03/Oct/2023:01:11:33 -0500] "GET /arcgis/services/Calidad_del_Agua_WQI/MapServer/WMSServer?WMTVER=1.0.0&REQUEST=capabilities HTTP/1.1" 503 1020
172.22.2.4 - - [03/Oct/2023:01:09:57 -0500] "GET /BLA/boletinlegal/ HTTP/1.1" 200 57790
216.244.66.195 - - [03/Oct/2023:01:11:45 -0500] "GET /BLA/resoluciones/RESOLUCIONES%202021/0752.pdf HTTP/1.1" 200 531300
216.244.66.195 - - [03/Oct/2023:01:12:14 -0500] "GET /BLA/resoluciones/RESOLUCIONES%202021/0819.pdf HTTP/1.1" 200 585361
216.244.66.195 - - [03/Oct/2023:01:12:52 -0500] "GET /BLA/resoluciones/RESOLUCIONES%202021/0820.pdf HTTP/1.1" 200 536161
201.245.192.253 - - [03/Oct/2023:01:13:14 -0500] "POST /kwsrmcab/Wsrmcab  HTTP/1.1" 200 42851
216.244.66.195 - - [03/Oct/2023:01:13:22 -0500] "GET /BLA/resoluciones/RESOLUCIONES%202021/0873.pdf HTTP/1.1" 200 434110
216.244.66.195 - - [03/Oct/2023:01:13:52 -0500] "GET /BLA/resoluciones/RESOLUCIONES%202021/0912.pdf HTTP/1.1" 200 560109
216.244.66.195 - - [03/Oct/2023:01:14:20 -0500] "GET /BLA/resoluciones/RESOLUCIONES%202021/0984.pdf HTTP/1.1" 200 859577
172.22.2.4 - - [03/Oct/2023:01:14:39 -0500] "GET /BLA/boletinlegal/jurisprudencia/analisis/AnalisisT-693-12.docx HTTP/1.1" 304 -
216.245.221.92 - - [03/Oct/2023:01:14:40 -0500] "HEAD / HTTP/1.1" 200 -
216.244.66.195 - - [03/Oct/2023:01:14:49 -0500] "GET /BLA/resoluciones/RESOLUCIONES%202021/1063.pdf HTTP/1.1" 200 395314
216.244.66.195 - - [03/Oct/2023:01:15:16 -0500] "GET /BLA/resoluciones/RESOLUCIONES%202021/1161.pdf HTTP/1.1" 200 388944
172.22.2.4 - - [03/Oct/2023:01:14:56 -0500] "HEAD /BLA/boletinlegal/ HTTP/1.1" 200 -
172.22.2.4 - - [03/Oct/2023:01:15:47 -0500] "GET /BLA/boletinlegal/ HTTP/1.1" 200 58187
201.245.192.253 - - [03/Oct/2023:01:17:52 -0500] "POST /kwsrmcab/Wsrmcab HTTP/1.1" 200 42717
201.245.192.253 - - [03/Oct/2023:01:17:55 -0500] "POST /kwsrmcab/Wsrmcab HTTP/1.1" 200 43013
201.245.192.253 - - [03/Oct/2023:01:18:13 -0500] "POST /kwsrmcab/Wsrmcab  HTTP/1.1" 200 42851
216.245.221.92 - - [03/Oct/2023:01:19:40 -0500] "HEAD / HTTP/1.1" 200 -
216.244.66.195 - - [03/Oct/2023:01:21:52 -0500] "GET /robots.txt HTTP/1.1" 404 1018
172.22.2.4 - - [03/Oct/2023:01:20:46 -0500] "HEAD /BLA/boletinlegal/ HTTP/1.1" 200 -
54.36.148.11 - - [03/Oct/2023:01:22:30 -0500] "GET /robots.txt HTTP/1.1" 404 1034
51.222.253.10 - - [03/Oct/2023:01:22:31 -0500] "GET /dia-mundial-del-reciclaje-conoce-como-gestionar-los-residuos-especiales-y-peligrosos.html HTTP/1.1" 200 831
51.222.253.19 - - [03/Oct/2023:01:22:32 -0500] "GET /images/Reciclaje-en-bogota.jpg HTTP/1.1" 200 65853
201.245.192.253 - - [03/Oct/2023:01:23:13 -0500] "POST /kwsrmcab/Wsrmcab  HTTP/1.1" 200 42851
172.22.2.4 - - [03/Oct/2023:01:21:37 -0500] "GET /BLA/boletinlegal/ HTTP/1.1" 200 58187
216.245.221.92 - - [03/Oct/2023:01:24:40 -0500] "HEAD / HTTP/1.1" 200 -
205.210.31.83 - - [03/Oct/2023:01:26:02 -0500] "GET / HTTP/1.1" 200 319
35.170.81.252 - - [03/Oct/2023:01:27:20 -0500] "GET /galeria/galeria/fotos/Humedal-techo1P.jpg HTTP/1.1" 200 33428
201.245.192.253 - - [03/Oct/2023:01:27:51 -0500] "POST /kwsrmcab/Wsrmcab HTTP/1.1" 200 42717
201.245.192.253 - - [03/Oct/2023:01:27:54 -0500] "POST /kwsrmcab/Wsrmcab HTTP/1.1" 200 43013
201.245.192.253 - - [03/Oct/2023:01:28:11 -0500] "POST /kwsrmcab/Wsrmcab  HTTP/1.1" 200 42851
172.22.2.4 - - [03/Oct/2023:01:26:36 -0500] "HEAD /BLA/boletinlegal/ HTTP/1.1" 200 -
34.32.129.221 - - [03/Oct/2023:01:28:49 -0500] "GET /proximo-4-de-octubre-simulacro-distrital-de-evacuacion-dia-y-noche.html HTTP/1.1" 200 783
172.22.2.4 - - [03/Oct/2023:01:27:27 -0500] "GET /BLA/boletinlegal/ HTTP/1.1" 200 58187
216.245.221.92 - - [03/Oct/2023:01:29:40 -0500] "HEAD / HTTP/1.1" 200 -
201.245.192.253 - - [03/Oct/2023:01:33:10 -0500] "POST /kwsrmcab/Wsrmcab  HTTP/1.1" 200 42851
52.167.144.209 - - [03/Oct/2023:01:33:14 -0500] "GET /participa-en-la-convocatoria-para-el-aseguramiento-metrologico-de-la-red-de-monitoreo-de-calidad-del-aire-de-bogota.html HTTP/1.1" 200 848
103.203.57.1 - - [03/Oct/2023:01:33:21 -0500] "GET / HTTP/1.1" 200 319
172.22.2.4 - - [03/Oct/2023:01:32:26 -0500] "HEAD /BLA/boletinlegal/ HTTP/1.1" 200 -
216.245.221.92 - - [03/Oct/2023:01:34:40 -0500] "HEAD / HTTP/1.1" 200 -
172.22.2.4 - - [03/Oct/2023:01:33:17 -0500] "GET /BLA/boletinlegal/ HTTP/1.1" 200 58187
216.244.66.195 - - [03/Oct/2023:01:36:32 -0500] "GET /BLA/resoluciones/RESOLUCIONES%202022/2915.pdf HTTP/1.1" 200 467186
216.244.66.195 - - [03/Oct/2023:01:37:02 -0500] "GET /BLA/resoluciones/RESOLUCIONES%202022/2967.pdf HTTP/1.1" 200 483247
216.244.66.195 - - [03/Oct/2023:01:37:50 -0500] "GET /BLA/resoluciones/RESOLUCIONES%202022/3122.pdf HTTP/1.1" 200 369474
201.245.192.253 - - [03/Oct/2023:01:37:51 -0500] "POST /kwsrmcab/Wsrmcab HTTP/1.1" 200 42717
201.245.192.253 - - [03/Oct/2023:01:37:54 -0500] "POST /kwsrmcab/Wsrmcab HTTP/1.1" 200 43013
201.245.192.253 - - [03/Oct/2023:01:38:10 -0500] "POST /kwsrmcab/Wsrmcab  HTTP/1.1" 200 42851
216.244.66.195 - - [03/Oct/2023:01:38:37 -0500] "GET /BLA/resoluciones/RESOLUCIONES%202022/3589.pdf HTTP/1.1" 200 444313
216.244.66.195 - - [03/Oct/2023:01:39:25 -0500] "GET /BLA/resoluciones/RESOLUCIONES%202022/5021.pdf HTTP/1.1" 200 429345
216.245.221.92 - - [03/Oct/2023:01:39:40 -0500] "HEAD / HTTP/1.1" 200 -
172.22.2.4 - - [03/Oct/2023:01:38:16 -0500] "HEAD /BLA/boletinlegal/ HTTP/1.1" 200 -
216.244.66.195 - - [03/Oct/2023:01:40:15 -0500] "GET /BLA/resoluciones/RESOLUCIONES%202022/5629.pdf HTTP/1.1" 200 454632
172.22.2.4 - - [03/Oct/2023:01:39:07 -0500] "GET /BLA/boletinlegal/ HTTP/1.1" 200 58187
216.244.66.195 - - [03/Oct/2023:01:41:05 -0500] "GET /BLA/resoluciones/RESOLUCIONES%202023/0390.pdf HTTP/1.1" 200 353959
216.244.66.195 - - [03/Oct/2023:01:41:54 -0500] "GET /BLA/resoluciones/RESOLUCIONES%202023/0446.pdf HTTP/1.1" 200 4624947
191.109.164.35 - - [03/Oct/2023:01:41:59 -0500] "GET /BLA/resoluciones/ HTTP/1.1" 200 13696
191.109.164.35 - - [03/Oct/2023:01:41:59 -0500] "GET /BLA/resoluciones/dlf/styles.css HTTP/1.1" 200 3049
191.109.164.35 - - [03/Oct/2023:01:41:59 -0500] "GET /BLA/resoluciones/dlf/folder.png HTTP/1.1" 200 410
191.109.164.35 - - [03/Oct/2023:01:41:59 -0500] "GET /BLA/resoluciones/dlf/bg.gif HTTP/1.1" 200 54
191.109.164.35 - - [03/Oct/2023:01:42:00 -0500] "GET /favicon.ico HTTP/1.1" 200 7782
191.109.164.35 - - [03/Oct/2023:01:42:10 -0500] "GET /BLA/resoluciones/dlf/dirup.png HTTP/1.1" 200 644
191.109.164.35 - - [03/Oct/2023:01:42:10 -0500] "GET /BLA/resoluciones/dlf/pdf.gif HTTP/1.1" 200 272
191.109.164.35 - - [03/Oct/2023:01:42:10 -0500] "GET /BLA/resoluciones/dlf/archive.png HTTP/1.1" 200 632
191.109.164.35 - - [03/Oct/2023:01:42:10 -0500] "GET /BLA/resoluciones/index.php?dir=RESOLUCIONES+2021%2F HTTP/1.1" 200 442711
191.109.164.35 - - [03/Oct/2023:01:42:30 -0500] "GET /BLA/resoluciones/dlf/unknown.png HTTP/1.1" 200 266
191.109.164.35 - - [03/Oct/2023:01:42:29 -0500] "GET /BLA/resoluciones/index.php?dir=AUTOS+2021%2F HTTP/1.1" 200 398544
191.109.164.35 - - [03/Oct/2023:01:42:37 -0500] "GET /BLA/resoluciones/AUTOS%202021/6033.pdf HTTP/1.1" 200 977655
216.244.66.195 - - [03/Oct/2023:01:42:44 -0500] "GET /BLA/resoluciones/RESOLUCIONES%202023/0625.pdf HTTP/1.1" 200 551866
201.245.192.253 - - [03/Oct/2023:01:43:08 -0500] "POST /kwsrmcab/Wsrmcab  HTTP/1.1" 200 42851
216.244.66.195 - - [03/Oct/2023:01:43:34 -0500] "GET /BLA/resoluciones/RESOLUCIONES%202023/0687.pdf HTTP/1.1" 200 1098719
216.244.66.195 - - [03/Oct/2023:01:44:24 -0500] "GET /BLA/resoluciones/RESOLUCIONES%202023/1260.pdf HTTP/1.1" 200 439455
216.245.221.92 - - [03/Oct/2023:01:44:40 -0500] "HEAD / HTTP/1.1" 200 -
216.244.66.195 - - [03/Oct/2023:01:45:14 -0500] "GET /BLA/resoluciones/RESOLUCIONES%202023/1367.pdf HTTP/1.1" 200 386737
201.221.172.231 - - [03/Oct/2023:01:45:24 -0500] "GET /kwssiamovil/sm/des/cjson/pre?f=5&x=U2FsdGVkX19vpnVF0nGKqtyvKUUNkEhKq88669L91bXFJyEn1vsy1xIOXVn/GyYw HTTP/1.1" 200 14478
201.221.172.231 - - [03/Oct/2023:01:45:24 -0500] "GET /kwssiamovil/sm/des/cjson/pre?f=5&x=U2FsdGVkX19vpnVF0nGKqtyvKUUNkEhKq88669L91bXFJyEn1vsy1xIOXVn/GyYw HTTP/1.1" 200 96695
172.22.2.4 - - [03/Oct/2023:01:44:06 -0500] "HEAD /BLA/boletinlegal/ HTTP/1.1" 200 -
216.244.66.195 - - [03/Oct/2023:01:46:03 -0500] "GET /BLA/resoluciones/AUTOS%202004/1121.pdf HTTP/1.1" 200 89314
172.22.2.4 - - [03/Oct/2023:01:44:57 -0500] "GET /BLA/boletinlegal/ HTTP/1.1" 200 60342
216.244.66.195 - - [03/Oct/2023:01:46:41 -0500] "GET /BLA/resoluciones/AUTOS%202007/1620.pdf HTTP/1.1" 200 94899
216.244.66.195 - - [03/Oct/2023:01:47:11 -0500] "GET /BLA/resoluciones/AUTOS%202007/1956.pdf HTTP/1.1" 200 154910
200.118.60.55 - - [03/Oct/2023:01:47:45 -0500] "GET /BLA/resoluciones/index.php?dir=AUTOS+2014%2F HTTP/1.1" 200 890688
216.244.66.195 - - [03/Oct/2023:01:47:49 -0500] "GET /BLA/resoluciones/AUTOS%202007/2001.pdf HTTP/1.1" 200 47372
201.245.192.253 - - [03/Oct/2023:01:48:08 -0500] "POST /kwsrmcab/Wsrmcab  HTTP/1.1" 200 42851
216.244.66.195 - - [03/Oct/2023:01:48:20 -0500] "GET /BLA/resoluciones/AUTOS%202010/0109.pdf HTTP/1.1" 200 385267
40.77.167.243 - - [03/Oct/2023:01:48:36 -0500] "GET /images/oficina-atenci%C3%B3n-al-ciudadano-23.jpg HTTP/1.1" 404 1034
216.244.66.195 - - [03/Oct/2023:01:49:02 -0500] "GET /BLA/resoluciones/AUTOS%202010/0116.pdf HTTP/1.1" 200 271783
216.245.221.92 - - [03/Oct/2023:01:49:40 -0500] "HEAD / HTTP/1.1" 200 -
216.244.66.195 - - [03/Oct/2023:01:49:41 -0500] "GET /BLA/resoluciones/AUTOS%202010/0375.pdf HTTP/1.1" 200 902664
157.55.39.60 - - [03/Oct/2023:01:50:08 -0500] "GET /BLA/resoluciones/AUTOS%202021/1905.pdf HTTP/1.1" 304 -
216.244.66.195 - - [03/Oct/2023:01:50:31 -0500] "GET /BLA/resoluciones/AUTOS%202010/0984.pdf HTTP/1.1" 200 124244
52.167.144.176 - - [03/Oct/2023:01:50:42 -0500] "GET /BLA/resoluciones/AUTOS%202019/4069.pdf HTTP/1.1" 304 -
52.167.144.176 - - [03/Oct/2023:01:50:43 -0500] "GET /sipse/faces/presentacion/sistema/anexos/cargarAnexoSolicitudProceso.xhtml HTTP/1.1" 302 -
52.167.144.176 - - [03/Oct/2023:01:50:43 -0500] "GET /sipse/faces/autenticacion.xhtml HTTP/1.1" 200 12411
52.167.144.176 - - [03/Oct/2023:01:50:44 -0500] "GET /svr-ciudadano/ HTTP/1.1" 200 64814
216.244.66.195 - - [03/Oct/2023:01:51:03 -0500] "GET /BLA/resoluciones/AUTOS%202010/1425.pdf HTTP/1.1" 200 248983
172.22.2.4 - - [03/Oct/2023:01:49:56 -0500] "HEAD /BLA/boletinlegal/ HTTP/1.1" 200 -
216.244.66.195 - - [03/Oct/2023:01:51:43 -0500] "GET /BLA/resoluciones/AUTOS%202010/1707.pdf HTTP/1.1" 200 1446514
34.174.152.29 - - [03/Oct/2023:01:51:44 -0500] "HEAD /BLA/resoluciones/RESOLUCIONES%202017/0520.pdf HTTP/1.1" 200 -
172.22.2.4 - - [03/Oct/2023:01:50:47 -0500] "GET /BLA/boletinlegal/ HTTP/1.1" 200 58187
216.244.66.195 - - [03/Oct/2023:01:52:33 -0500] "GET /BLA/resoluciones/AUTOS%202010/3340.pdf HTTP/1.1" 200 122103
216.244.66.195 - - [03/Oct/2023:01:53:05 -0500] "GET /BLA/resoluciones/AUTOS%202010/3573.pdf HTTP/1.1" 200 152421
40.77.167.48 - - [03/Oct/2023:01:53:08 -0500] "GET /Publicaciones/2023EE229972.pdf HTTP/1.1" 200 232033
201.245.192.253 - - [03/Oct/2023:01:53:07 -0500] "POST /kwsrmcab/Wsrmcab  HTTP/1.1" 200 42851
40.77.167.48 - - [03/Oct/2023:01:53:09 -0500] "GET /Publicaciones/2023EE229962.pdf HTTP/1.1" 200 232076
157.55.39.60 - - [03/Oct/2023:01:53:03 -0500] "GET /Publicaciones/2023EE227962.pdf HTTP/1.1" 200 4276516
157.55.39.60 - - [03/Oct/2023:01:53:11 -0500] "GET /Publicaciones/2023EE228844.pdf HTTP/1.1" 200 388266
157.55.39.60 - - [03/Oct/2023:01:53:12 -0500] "GET /Publicaciones/2023EE229948.pdf HTTP/1.1" 200 231981
52.167.144.188 - - [03/Oct/2023:01:53:16 -0500] "GET /Publicaciones/2023EE227971.pdf HTTP/1.1" 200 357755
52.167.144.188 - - [03/Oct/2023:01:53:06 -0500] "GET /Publicaciones/2023EE228014.pdf HTTP/1.1" 200 12158871
216.244.66.195 - - [03/Oct/2023:01:53:39 -0500] "GET /BLA/resoluciones/AUTOS%202010/3669.pdf HTTP/1.1" 200 183018
216.244.66.195 - - [03/Oct/2023:01:54:12 -0500] "GET /BLA/resoluciones/AUTOS%202010/4352.pdf HTTP/1.1" 200 263285
216.245.221.92 - - [03/Oct/2023:01:54:40 -0500] "HEAD / HTTP/1.1" 200 -
216.244.66.195 - - [03/Oct/2023:01:54:43 -0500] "GET /BLA/resoluciones/AUTOS%202010/4442.pdf HTTP/1.1" 200 1162325
216.244.66.195 - - [03/Oct/2023:01:55:33 -0500] "GET /BLA/resoluciones/AUTOS%202010/4587.pdf HTTP/1.1" 200 156965
216.244.66.195 - - [03/Oct/2023:01:56:03 -0500] "GET /BLA/resoluciones/AUTOS%202010/5128.pdf HTTP/1.1" 200 330418
216.244.66.195 - - [03/Oct/2023:01:56:34 -0500] "GET /BLA/resoluciones/AUTOS%202010/5310.pdf HTTP/1.1" 200 1201166
216.244.66.195 - - [03/Oct/2023:01:57:03 -0500] "GET /BLA/resoluciones/AUTOS%202010/5439.pdf HTTP/1.1" 200 196287
172.22.2.4 - - [03/Oct/2023:01:55:46 -0500] "HEAD /BLA/boletinlegal/ HTTP/1.1" 200 -
216.244.66.195 - - [03/Oct/2023:01:57:30 -0500] "GET /BLA/resoluciones/AUTOS%202010/5558.pdf HTTP/1.1" 200 635055
216.244.66.195 - - [03/Oct/2023:01:58:01 -0500] "GET /BLA/resoluciones/AUTOS%202010/5635.pdf HTTP/1.1" 200 621721
201.245.192.253 - - [03/Oct/2023:01:58:06 -0500] "POST /kwsrmcab/Wsrmcab  HTTP/1.1" 200 42851
172.22.2.4 - - [03/Oct/2023:01:56:37 -0500] "GET /BLA/boletinlegal/ HTTP/1.1" 200 58187
216.244.66.195 - - [03/Oct/2023:01:58:42 -0500] "GET /BLA/resoluciones/AUTOS%202010/5639.pdf HTTP/1.1" 200 289846
157.230.236.42 - - [03/Oct/2023:01:58:46 -0500] "GET / HTTP/1.1" 200 4720
216.244.66.195 - - [03/Oct/2023:01:59:15 -0500] "GET /BLA/resoluciones/AUTOS%202010/6474.pdf HTTP/1.1" 200 435130
216.245.221.92 - - [03/Oct/2023:01:59:40 -0500] "HEAD / HTTP/1.1" 200 -
216.244.66.195 - - [03/Oct/2023:01:59:45 -0500] "GET /BLA/resoluciones/AUTOS%202010/6497.pdf HTTP/1.1" 200 571792
172.22.2.4 - - [03/Oct/2023:02:00:19 -0500] "GET /BLA/boletinlegal/remote/login HTTP/1.1" 404 1018
