201.245.192.253 - - [03/Oct/2023:13:04:28 -0500] "POST /forms/lservlet;jsessionid=ac16012b30d607c8f7daf1854769aea39dbd093f70dc.e3iSbxaKaheRe34Pbx8Nc3aQci1ynknvrkLOlQzNp65In0 HTTP/1.1" 200 720
201.245.192.253 - - [03/Oct/2023:13:04:28 -0500] "POST /forms/lservlet;jsessionid=ac16012b30d607c8f7daf1854769aea39dbd093f70dc.e3iSbxaKaheRe34Pbx8Nc3aQci1ynknvrkLOlQzNp65In0 HTTP/1.1" 200 862
201.245.192.253 - - [03/Oct/2023:13:04:29 -0500] "POST /forms/lservlet;jsessionid=ac16012b30d607c8f7daf1854769aea39dbd093f70dc.e3iSbxaKaheRe34Pbx8Nc3aQci1ynknvrkLOlQzNp65In0 HTTP/1.1" 200 793
201.245.192.253 - - [03/Oct/2023:13:04:29 -0500] "POST /forms/lservlet;jsessionid=ac16012b30d607c8f7daf1854769aea39dbd093f70dc.e3iSbxaKaheRe34Pbx8Nc3aQci1ynknvrkLOlQzNp65In0 HTTP/1.1" 200 1173
201.245.192.253 - - [03/Oct/2023:13:04:29 -0500] "POST /forms/lservlet;jsessionid=ac16012b30d607c8f7daf1854769aea39dbd093f70dc.e3iSbxaKaheRe34Pbx8Nc3aQci1ynknvrkLOlQzNp65In0 HTTP/1.1" 200 791
201.245.192.253 - - [03/Oct/2023:13:04:31 -0500] "POST /forms/lservlet;jsessionid=ac16012b30d607c8f7daf1854769aea39dbd093f70dc.e3iSbxaKaheRe34Pbx8Nc3aQci1ynknvrkLOlQzNp65In0 HTTP/1.1" 200 1033
201.245.192.253 - - [03/Oct/2023:13:04:32 -0500] "POST /forms/lservlet;jsessionid=ac16012b30d607c8f7daf1854769aea39dbd093f70dc.e3iSbxaKaheRe34Pbx8Nc3aQci1ynknvrkLOlQzNp65In0 HTTP/1.1" 200 2
201.245.192.253 - - [03/Oct/2023:13:04:38 -0500] "POST /forms/lservlet;jsessionid=ac16012b30d607c8f7daf1854769aea39dbd093f70dc.e3iSbxaKaheRe34Pbx8Nc3aQci1ynknvrkLOlQzNp65In0 HTTP/1.1" 200 25
216.245.221.92 - - [03/Oct/2023:13:04:39 -0500] "HEAD / HTTP/1.1" 200 -
201.245.192.253 - - [03/Oct/2023:13:04:39 -0500] "POST /forms/lservlet;jsessionid=ac16012b30d607c8f7daf1854769aea39dbd093f70dc.e3iSbxaKaheRe34Pbx8Nc3aQci1ynknvrkLOlQzNp65In0 HTTP/1.1" 200 1309
201.245.192.253 - - [03/Oct/2023:13:04:41 -0500] "POST /forms/lservlet;jsessionid=ac16012b30d607c8f7daf1854769aea39dbd093f70dc.e3iSbxaKaheRe34Pbx8Nc3aQci1ynknvrkLOlQzNp65In0 HTTP/1.1" 200 13
201.245.192.253 - - [03/Oct/2023:13:04:43 -0500] "POST /forms/lservlet;jsessionid=ac16012b30d607c8f7daf1854769aea39dbd093f70dc.e3iSbxaKaheRe34Pbx8Nc3aQci1ynknvrkLOlQzNp65In0 HTTP/1.1" 200 828
216.244.66.195 - - [03/Oct/2023:13:04:44 -0500] "GET /BLA/resoluciones/RESOLUCIONES%202020/2106.pdf HTTP/1.1" 200 392368
201.245.192.253 - - [03/Oct/2023:13:04:44 -0500] "POST /forms/lservlet;jsessionid=ac16012b30d607c8f7daf1854769aea39dbd093f70dc.e3iSbxaKaheRe34Pbx8Nc3aQci1ynknvrkLOlQzNp65In0 HTTP/1.1" 200 576
201.245.192.253 - - [03/Oct/2023:13:04:48 -0500] "POST /forms/lservlet;jsessionid=ac16012b30d607c8f7daf1854769aea39dbd093f70dc.e3iSbxaKaheRe34Pbx8Nc3aQci1ynknvrkLOlQzNp65In0 HTTP/1.1" 200 572
201.245.192.253 - - [03/Oct/2023:13:04:49 -0500] "POST /forms/lservlet;jsessionid=ac16012b30d607c8f7daf1854769aea39dbd093f70dc.e3iSbxaKaheRe34Pbx8Nc3aQci1ynknvrkLOlQzNp65In0 HTTP/1.1" 200 973
201.245.192.253 - - [03/Oct/2023:13:04:50 -0500] "POST /forms/lservlet;jsessionid=ac16012b30d607c8f7daf1854769aea39dbd093f70dc.e3iSbxaKaheRe34Pbx8Nc3aQci1ynknvrkLOlQzNp65In0 HTTP/1.1" 200 1072
201.245.192.253 - - [03/Oct/2023:13:04:51 -0500] "POST /forms/lservlet;jsessionid=ac16012b30d607c8f7daf1854769aea39dbd093f70dc.e3iSbxaKaheRe34Pbx8Nc3aQci1ynknvrkLOlQzNp65In0 HTTP/1.1" 200 818
201.245.192.253 - - [03/Oct/2023:13:04:52 -0500] "POST /forms/lservlet;jsessionid=ac16012b30d607c8f7daf1854769aea39dbd093f70dc.e3iSbxaKaheRe34Pbx8Nc3aQci1ynknvrkLOlQzNp65In0 HTTP/1.1" 200 887
201.245.192.253 - - [03/Oct/2023:13:04:52 -0500] "POST /forms/lservlet;jsessionid=ac16012b30d607c8f7daf1854769aea39dbd093f70dc.e3iSbxaKaheRe34Pbx8Nc3aQci1ynknvrkLOlQzNp65In0 HTTP/1.1" 200 854
201.245.192.253 - - [03/Oct/2023:13:04:54 -0500] "POST /forms/lservlet;jsessionid=ac16012b30d607c8f7daf1854769aea39dbd093f70dc.e3iSbxaKaheRe34Pbx8Nc3aQci1ynknvrkLOlQzNp65In0 HTTP/1.1" 200 1198
201.245.192.253 - - [03/Oct/2023:13:04:56 -0500] "POST /forms/lservlet;jsessionid=ac16012b30d607c8f7daf1854769aea39dbd093f70dc.e3iSbxaKaheRe34Pbx8Nc3aQci1ynknvrkLOlQzNp65In0 HTTP/1.1" 200 943
201.245.192.253 - - [03/Oct/2023:13:04:57 -0500] "POST /forms/lservlet;jsessionid=ac16012b30d607c8f7daf1854769aea39dbd093f70dc.e3iSbxaKaheRe34Pbx8Nc3aQci1ynknvrkLOlQzNp65In0 HTTP/1.1" 200 834
201.245.192.253 - - [03/Oct/2023:13:04:58 -0500] "POST /forms/lservlet;jsessionid=ac16012b30d607c8f7daf1854769aea39dbd093f70dc.e3iSbxaKaheRe34Pbx8Nc3aQci1ynknvrkLOlQzNp65In0 HTTP/1.1" 200 835
201.245.192.253 - - [03/Oct/2023:13:04:59 -0500] "POST /forms/lservlet;jsessionid=ac16012b30d607c8f7daf1854769aea39dbd093f70dc.e3iSbxaKaheRe34Pbx8Nc3aQci1ynknvrkLOlQzNp65In0 HTTP/1.1" 200 633
201.245.192.253 - - [03/Oct/2023:13:04:59 -0500] "POST /forms/lservlet;jsessionid=ac16012b30d607c8f7daf1854769aea39dbd093f70dc.e3iSbxaKaheRe34Pbx8Nc3aQci1ynknvrkLOlQzNp65In0 HTTP/1.1" 200 871
201.245.192.253 - - [03/Oct/2023:13:05:00 -0500] "POST /forms/lservlet;jsessionid=ac16012b30d607c8f7daf1854769aea39dbd093f70dc.e3iSbxaKaheRe34Pbx8Nc3aQci1ynknvrkLOlQzNp65In0 HTTP/1.1" 200 718
201.245.192.253 - - [03/Oct/2023:13:05:01 -0500] "POST /forms/lservlet;jsessionid=ac16012b30d607c8f7daf1854769aea39dbd093f70dc.e3iSbxaKaheRe34Pbx8Nc3aQci1ynknvrkLOlQzNp65In0 HTTP/1.1" 200 737
201.245.192.253 - - [03/Oct/2023:13:05:01 -0500] "POST /forms/lservlet;jsessionid=ac16012b30d607c8f7daf1854769aea39dbd093f70dc.e3iSbxaKaheRe34Pbx8Nc3aQci1ynknvrkLOlQzNp65In0 HTTP/1.1" 200 619
201.245.192.253 - - [03/Oct/2023:13:05:02 -0500] "POST /forms/lservlet;jsessionid=ac16012b30d607c8f7daf1854769aea39dbd093f70dc.e3iSbxaKaheRe34Pbx8Nc3aQci1ynknvrkLOlQzNp65In0 HTTP/1.1" 200 747
201.245.192.253 - - [03/Oct/2023:13:05:02 -0500] "POST /forms/lservlet;jsessionid=ac16012b30d607c8f7daf1854769aea39dbd093f70dc.e3iSbxaKaheRe34Pbx8Nc3aQci1ynknvrkLOlQzNp65In0 HTTP/1.1" 200 952
201.245.192.253 - - [03/Oct/2023:13:05:02 -0500] "POST /forms/lservlet;jsessionid=ac16012b30d607c8f7daf1854769aea39dbd093f70dc.e3iSbxaKaheRe34Pbx8Nc3aQci1ynknvrkLOlQzNp65In0 HTTP/1.1" 200 858
201.245.192.253 - - [03/Oct/2023:13:05:03 -0500] "POST /forms/lservlet;jsessionid=ac16012b30d607c8f7daf1854769aea39dbd093f70dc.e3iSbxaKaheRe34Pbx8Nc3aQci1ynknvrkLOlQzNp65In0 HTTP/1.1" 200 764
201.245.192.253 - - [03/Oct/2023:13:05:03 -0500] "POST /forms/lservlet;jsessionid=ac16012b30d607c8f7daf1854769aea39dbd093f70dc.e3iSbxaKaheRe34Pbx8Nc3aQci1ynknvrkLOlQzNp65In0 HTTP/1.1" 200 743
201.245.192.253 - - [03/Oct/2023:13:05:04 -0500] "POST /forms/lservlet;jsessionid=ac16012b30d607c8f7daf1854769aea39dbd093f70dc.e3iSbxaKaheRe34Pbx8Nc3aQci1ynknvrkLOlQzNp65In0 HTTP/1.1" 200 1054
201.245.192.253 - - [03/Oct/2023:13:05:05 -0500] "POST /forms/lservlet;jsessionid=ac16012b30d607c8f7daf1854769aea39dbd093f70dc.e3iSbxaKaheRe34Pbx8Nc3aQci1ynknvrkLOlQzNp65In0 HTTP/1.1" 200 946
201.245.192.253 - - [03/Oct/2023:13:05:05 -0500] "POST /forms/lservlet;jsessionid=ac16012b30d607c8f7daf1854769aea39dbd093f70dc.e3iSbxaKaheRe34Pbx8Nc3aQci1ynknvrkLOlQzNp65In0 HTTP/1.1" 200 796
201.245.192.253 - - [03/Oct/2023:13:05:06 -0500] "POST /forms/lservlet;jsessionid=ac16012b30d607c8f7daf1854769aea39dbd093f70dc.e3iSbxaKaheRe34Pbx8Nc3aQci1ynknvrkLOlQzNp65In0 HTTP/1.1" 200 1092
201.245.192.253 - - [03/Oct/2023:13:05:06 -0500] "POST /forms/lservlet;jsessionid=ac16012b30d607c8f7daf1854769aea39dbd093f70dc.e3iSbxaKaheRe34Pbx8Nc3aQci1ynknvrkLOlQzNp65In0 HTTP/1.1" 200 981
201.245.192.253 - - [03/Oct/2023:13:05:07 -0500] "POST /forms/lservlet;jsessionid=ac16012b30d607c8f7daf1854769aea39dbd093f70dc.e3iSbxaKaheRe34Pbx8Nc3aQci1ynknvrkLOlQzNp65In0 HTTP/1.1" 200 977
201.245.192.253 - - [03/Oct/2023:13:05:08 -0500] "POST /forms/lservlet;jsessionid=ac16012b30d607c8f7daf1854769aea39dbd093f70dc.e3iSbxaKaheRe34Pbx8Nc3aQci1ynknvrkLOlQzNp65In0 HTTP/1.1" 200 981
201.245.192.253 - - [03/Oct/2023:13:05:08 -0500] "POST /forms/lservlet;jsessionid=ac16012b30d607c8f7daf1854769aea39dbd093f70dc.e3iSbxaKaheRe34Pbx8Nc3aQci1ynknvrkLOlQzNp65In0 HTTP/1.1" 200 985
201.245.192.253 - - [03/Oct/2023:13:05:09 -0500] "POST /forms/lservlet;jsessionid=ac16012b30d607c8f7daf1854769aea39dbd093f70dc.e3iSbxaKaheRe34Pbx8Nc3aQci1ynknvrkLOlQzNp65In0 HTTP/1.1" 200 1003
201.245.192.253 - - [03/Oct/2023:13:05:09 -0500] "POST /forms/lservlet;jsessionid=ac16012b30d607c8f7daf1854769aea39dbd093f70dc.e3iSbxaKaheRe34Pbx8Nc3aQci1ynknvrkLOlQzNp65In0 HTTP/1.1" 200 846
201.245.192.253 - - [03/Oct/2023:13:05:10 -0500] "POST /forms/lservlet;jsessionid=ac16012b30d607c8f7daf1854769aea39dbd093f70dc.e3iSbxaKaheRe34Pbx8Nc3aQci1ynknvrkLOlQzNp65In0 HTTP/1.1" 200 867
201.245.192.253 - - [03/Oct/2023:13:05:10 -0500] "POST /forms/lservlet;jsessionid=ac16012b30d607c8f7daf1854769aea39dbd093f70dc.e3iSbxaKaheRe34Pbx8Nc3aQci1ynknvrkLOlQzNp65In0 HTTP/1.1" 200 863
201.245.192.253 - - [03/Oct/2023:13:05:11 -0500] "POST /forms/lservlet;jsessionid=ac16012b30d607c8f7daf1854769aea39dbd093f70dc.e3iSbxaKaheRe34Pbx8Nc3aQci1ynknvrkLOlQzNp65In0 HTTP/1.1" 200 1012
201.245.192.253 - - [03/Oct/2023:13:05:12 -0500] "POST /forms/lservlet;jsessionid=ac16012b30d607c8f7daf1854769aea39dbd093f70dc.e3iSbxaKaheRe34Pbx8Nc3aQci1ynknvrkLOlQzNp65In0 HTTP/1.1" 200 1055
201.245.192.253 - - [03/Oct/2023:13:05:12 -0500] "POST /forms/lservlet;jsessionid=ac16012b30d607c8f7daf1854769aea39dbd093f70dc.e3iSbxaKaheRe34Pbx8Nc3aQci1ynknvrkLOlQzNp65In0 HTTP/1.1" 200 908
201.245.192.253 - - [03/Oct/2023:13:05:13 -0500] "POST /forms/lservlet;jsessionid=ac16012b30d607c8f7daf1854769aea39dbd093f70dc.e3iSbxaKaheRe34Pbx8Nc3aQci1ynknvrkLOlQzNp65In0 HTTP/1.1" 200 961
201.245.192.253 - - [03/Oct/2023:13:05:13 -0500] "POST /forms/lservlet;jsessionid=ac16012b30d607c8f7daf1854769aea39dbd093f70dc.e3iSbxaKaheRe34Pbx8Nc3aQci1ynknvrkLOlQzNp65In0 HTTP/1.1" 200 605
201.245.192.253 - - [03/Oct/2023:13:05:14 -0500] "POST /forms/lservlet;jsessionid=ac16012b30d607c8f7daf1854769aea39dbd093f70dc.e3iSbxaKaheRe34Pbx8Nc3aQci1ynknvrkLOlQzNp65In0 HTTP/1.1" 200 650
201.245.192.253 - - [03/Oct/2023:13:05:14 -0500] "POST /forms/lservlet;jsessionid=ac16012b30d607c8f7daf1854769aea39dbd093f70dc.e3iSbxaKaheRe34Pbx8Nc3aQci1ynknvrkLOlQzNp65In0 HTTP/1.1" 200 642
201.245.192.253 - - [03/Oct/2023:13:05:15 -0500] "POST /forms/lservlet;jsessionid=ac16012b30d607c8f7daf1854769aea39dbd093f70dc.e3iSbxaKaheRe34Pbx8Nc3aQci1ynknvrkLOlQzNp65In0 HTTP/1.1" 200 641
201.245.192.253 - - [03/Oct/2023:13:05:15 -0500] "POST /forms/lservlet;jsessionid=ac16012b30d607c8f7daf1854769aea39dbd093f70dc.e3iSbxaKaheRe34Pbx8Nc3aQci1ynknvrkLOlQzNp65In0 HTTP/1.1" 200 622
201.245.192.253 - - [03/Oct/2023:13:05:16 -0500] "POST /forms/lservlet;jsessionid=ac16012b30d607c8f7daf1854769aea39dbd093f70dc.e3iSbxaKaheRe34Pbx8Nc3aQci1ynknvrkLOlQzNp65In0 HTTP/1.1" 200 650
201.245.192.253 - - [03/Oct/2023:13:05:16 -0500] "POST /forms/lservlet;jsessionid=ac16012b30d607c8f7daf1854769aea39dbd093f70dc.e3iSbxaKaheRe34Pbx8Nc3aQci1ynknvrkLOlQzNp65In0 HTTP/1.1" 200 1024
201.245.192.253 - - [03/Oct/2023:13:05:19 -0500] "POST /forms/lservlet;jsessionid=ac16012b30d607c8f7daf1854769aea39dbd093f70dc.e3iSbxaKaheRe34Pbx8Nc3aQci1ynknvrkLOlQzNp65In0 HTTP/1.1" 200 924
201.245.192.253 - - [03/Oct/2023:13:05:19 -0500] "POST /forms/lservlet;jsessionid=ac16012b30d607c8f7daf1854769aea39dbd093f70dc.e3iSbxaKaheRe34Pbx8Nc3aQci1ynknvrkLOlQzNp65In0 HTTP/1.1" 200 916
201.245.192.253 - - [03/Oct/2023:13:05:20 -0500] "POST /forms/lservlet;jsessionid=ac16012b30d607c8f7daf1854769aea39dbd093f70dc.e3iSbxaKaheRe34Pbx8Nc3aQci1ynknvrkLOlQzNp65In0 HTTP/1.1" 200 936
201.245.192.253 - - [03/Oct/2023:13:05:20 -0500] "POST /forms/lservlet;jsessionid=ac16012b30d607c8f7daf1854769aea39dbd093f70dc.e3iSbxaKaheRe34Pbx8Nc3aQci1ynknvrkLOlQzNp65In0 HTTP/1.1" 200 826
201.245.192.253 - - [03/Oct/2023:13:05:20 -0500] "POST /forms/lservlet;jsessionid=ac16012b30d607c8f7daf1854769aea39dbd093f70dc.e3iSbxaKaheRe34Pbx8Nc3aQci1ynknvrkLOlQzNp65In0 HTTP/1.1" 200 777
172.22.2.4 - - [03/Oct/2023:13:05:27 -0500] "GET /BLA/boletinlegal/actos.php HTTP/1.1" 200 9682
216.244.66.195 - - [03/Oct/2023:13:05:33 -0500] "GET /BLA/resoluciones/RESOLUCIONES%202020/2395.pdf HTTP/1.1" 200 336197
172.22.2.4 - - [03/Oct/2023:13:05:41 -0500] "GET /BLA/boletinlegal/consulta_actos.php?tipo=resoluciones&no=1258&usuario=&sector=&fecha=2021&resuelve= HTTP/1.1" 200 1156
201.245.192.253 - - [03/Oct/2023:13:05:39 -0500] "POST /kwsrmcab/Wsrmcab  HTTP/1.1" 200 42851
201.245.192.253 - - [03/Oct/2023:13:05:42 -0500] "POST /forms/lservlet;jsessionid=ac16012b30d607c8f7daf1854769aea39dbd093f70dc.e3iSbxaKaheRe34Pbx8Nc3aQci1ynknvrkLOlQzNp65In0 HTTP/1.1" 200 2
181.53.12.253 - - [03/Oct/2023:13:05:42 -0500] "GET /BLA/resoluciones/RESOLUCIONES%202021/1258.pdf HTTP/1.1" 200 1080968
201.245.192.253 - - [03/Oct/2023:13:06:11 -0500] "POST /forms/lservlet;jsessionid=ac16012b30d6d6f3d115f78c4008aad8a35d3bb86738.e3iSbxaKaheRe34Pbx8Nc3aQci1ynknvrkLOlQzNp65In0 HTTP/1.1" 200 2
216.244.66.195 - - [03/Oct/2023:13:06:17 -0500] "GET /BLA/resoluciones/RESOLUCIONES%202020/2599.pdf HTTP/1.1" 200 408928
216.244.66.195 - - [03/Oct/2023:13:06:56 -0500] "GET /BLA/resoluciones/RESOLUCIONES%202020/2729.pdf HTTP/1.1" 200 1083263
201.245.192.253 - - [03/Oct/2023:13:07:42 -0500] "POST /forms/lservlet;jsessionid=ac16012b30d607c8f7daf1854769aea39dbd093f70dc.e3iSbxaKaheRe34Pbx8Nc3aQci1ynknvrkLOlQzNp65In0 HTTP/1.1" 200 2
216.244.66.195 - - [03/Oct/2023:13:07:47 -0500] "GET /BLA/resoluciones/RESOLUCIONES%202022/2140.pdf HTTP/1.1" 200 357429
201.245.192.253 - - [03/Oct/2023:13:08:11 -0500] "POST /forms/lservlet;jsessionid=ac16012b30d6d6f3d115f78c4008aad8a35d3bb86738.e3iSbxaKaheRe34Pbx8Nc3aQci1ynknvrkLOlQzNp65In0 HTTP/1.1" 200 2
216.244.66.195 - - [03/Oct/2023:13:08:30 -0500] "GET /BLA/resoluciones/RESOLUCIONES%202022/2251.pdf HTTP/1.1" 200 340800
172.22.2.4 - - [03/Oct/2023:13:06:51 -0500] "HEAD /BLA/boletinlegal/ HTTP/1.1" 200 -
216.244.66.195 - - [03/Oct/2023:13:09:13 -0500] "GET /BLA/resoluciones/RESOLUCIONES%202022/2770.pdf HTTP/1.1" 200 448757
172.22.2.4 - - [03/Oct/2023:13:07:42 -0500] "GET /BLA/boletinlegal/ HTTP/1.1" 200 58187
201.245.192.253 - - [03/Oct/2023:13:09:42 -0500] "POST /forms/lservlet;jsessionid=ac16012b30d607c8f7daf1854769aea39dbd093f70dc.e3iSbxaKaheRe34Pbx8Nc3aQci1ynknvrkLOlQzNp65In0 HTTP/1.1" 200 2
216.245.221.92 - - [03/Oct/2023:13:09:42 -0500] "HEAD / HTTP/1.1" 200 -
190.109.20.165 - - [03/Oct/2023:13:09:49 -0500] "GET /sipse/faces/index.xhtml HTTP/1.1" 200 677
190.109.20.165 - - [03/Oct/2023:13:09:49 -0500] "GET /sipse/faces/javax.faces.resource/theme.css?ln=primefaces-sipse HTTP/1.1" 304 -
190.109.20.165 - - [03/Oct/2023:13:09:49 -0500] "GET /sipse/faces/faces/autenticacion.xhtml HTTP/1.1" 200 12411
190.109.20.165 - - [03/Oct/2023:13:09:50 -0500] "GET /sipse/js/disable_browser_buttons.js HTTP/1.1" 304 -
190.109.20.165 - - [03/Oct/2023:13:09:50 -0500] "GET /sipse/js/funciones.js HTTP/1.1" 304 -
190.109.20.165 - - [03/Oct/2023:13:09:50 -0500] "GET /sipse/css/custom_css_sg.css HTTP/1.1" 304 -
190.109.20.165 - - [03/Oct/2023:13:09:50 -0500] "GET /sipse/faces/javax.faces.resource/theme.css?ln=primefaces-sipse HTTP/1.1" 304 -
190.109.20.165 - - [03/Oct/2023:13:09:50 -0500] "GET /sipse/css/custom_css_sg_prime_login.css HTTP/1.1" 304 -
190.109.20.165 - - [03/Oct/2023:13:09:50 -0500] "GET /sipse/faces/javax.faces.resource/primefaces.css?ln=primefaces&v=4.0 HTTP/1.1" 304 -
190.109.20.165 - - [03/Oct/2023:13:09:50 -0500] "GET /sipse/faces/javax.faces.resource/layout/layout.css?ln=primefaces&v=4.0 HTTP/1.1" 304 -
190.109.20.165 - - [03/Oct/2023:13:09:50 -0500] "GET /sipse/faces/javax.faces.resource/jquery/jquery.js?ln=primefaces&v=4.0 HTTP/1.1" 304 -
190.109.20.165 - - [03/Oct/2023:13:09:50 -0500] "GET /sipse/faces/javax.faces.resource/jquery/jquery-plugins.js?ln=primefaces&v=4.0 HTTP/1.1" 304 -
190.109.20.165 - - [03/Oct/2023:13:09:50 -0500] "GET /sipse/faces/javax.faces.resource/primefaces.js?ln=primefaces&v=4.0 HTTP/1.1" 304 -
190.109.20.165 - - [03/Oct/2023:13:09:50 -0500] "GET /sipse/faces/javax.faces.resource/layout/layout.js?ln=primefaces&v=4.0 HTTP/1.1" 304 -
190.109.20.165 - - [03/Oct/2023:13:09:50 -0500] "GET /sipse/faces/javax.faces.resource/images/ui-icons_898989_256x240.png?ln=primefaces-aristo HTTP/1.1" 200 5355
190.109.20.165 - - [03/Oct/2023:13:09:50 -0500] "GET /sipse/css/imagen/logoSDG.png HTTP/1.1" 200 53064
190.109.20.165 - - [03/Oct/2023:13:09:50 -0500] "GET /sipse/css/imagen/loginimg.png HTTP/1.1" 200 71635
216.244.66.195 - - [03/Oct/2023:13:09:59 -0500] "GET /BLA/resoluciones/RESOLUCIONES%202022/3235.pdf HTTP/1.1" 200 429042
190.109.20.165 - - [03/Oct/2023:13:10:09 -0500] "POST /sipse/faces/autenticacion.xhtml HTTP/1.1" 200 12789
190.109.20.165 - - [03/Oct/2023:13:10:10 -0500] "GET /sipse/css/custom_css_sg_prime.css HTTP/1.1" 200 5201
190.109.20.165 - - [03/Oct/2023:13:10:10 -0500] "GET /sipse/faces/javax.faces.resource/jquery/jquery.js?ln=primefaces&v=4.0 HTTP/1.1" 304 -
190.109.20.165 - - [03/Oct/2023:13:10:10 -0500] "GET /sipse/faces/javax.faces.resource/jquery/jquery-plugins.js?ln=primefaces&v=4.0 HTTP/1.1" 304 -
190.109.20.165 - - [03/Oct/2023:13:10:10 -0500] "GET /sipse/faces/javax.faces.resource/primefaces.js?ln=primefaces&v=4.0 HTTP/1.1" 304 -
190.109.20.165 - - [03/Oct/2023:13:10:10 -0500] "GET /sipse/faces/javax.faces.resource/layout/layout.js?ln=primefaces&v=4.0 HTTP/1.1" 304 -
201.245.192.253 - - [03/Oct/2023:13:10:11 -0500] "POST /forms/lservlet;jsessionid=ac16012b30d6d6f3d115f78c4008aad8a35d3bb86738.e3iSbxaKaheRe34Pbx8Nc3aQci1ynknvrkLOlQzNp65In0 HTTP/1.1" 200 2
190.109.20.165 - - [03/Oct/2023:13:10:10 -0500] "GET /sipse/faces/javax.faces.resource/messages/messages.png?ln=primefaces&v=4.0 HTTP/1.1" 200 27209
190.109.20.165 - - [03/Oct/2023:13:10:15 -0500] "POST /sipse/faces/presentacion/sistema/seguridad/seleccionRol.xhtml HTTP/1.1" 200 7225
190.109.20.165 - - [03/Oct/2023:13:10:15 -0500] "POST /sipse/faces/presentacion/sistema/seguridad/seleccionRol.xhtml HTTP/1.1" 200 18238
190.109.20.165 - - [03/Oct/2023:13:10:16 -0500] "GET /sipse/js/jquery.min.js HTTP/1.1" 304 -
190.109.20.165 - - [03/Oct/2023:13:10:16 -0500] "GET /sipse/faces/javax.faces.resource/jquery/jquery.js?ln=primefaces&v=4.0 HTTP/1.1" 304 -
190.109.20.165 - - [03/Oct/2023:13:10:16 -0500] "GET /sipse/faces/javax.faces.resource/jquery/jquery-plugins.js?ln=primefaces&v=4.0 HTTP/1.1" 304 -
190.109.20.165 - - [03/Oct/2023:13:10:16 -0500] "GET /sipse/faces/javax.faces.resource/primefaces.js?ln=primefaces&v=4.0 HTTP/1.1" 304 -
190.109.20.165 - - [03/Oct/2023:13:10:17 -0500] "GET /sipse/faces/javax.faces.resource/layout/layout.js?ln=primefaces&v=4.0 HTTP/1.1" 304 -
190.109.20.165 - - [03/Oct/2023:13:10:17 -0500] "GET /sipse/imagenes/cargando.gif HTTP/1.1" 200 36959
190.109.20.165 - - [03/Oct/2023:13:10:17 -0500] "GET /sipse/css/v_mergente.css HTTP/1.1" 200 1505
190.109.20.165 - - [03/Oct/2023:13:10:17 -0500] "GET /sipse/css/imagen/contrasena.png HTTP/1.1" 404 383
190.109.20.165 - - [03/Oct/2023:13:10:17 -0500] "GET /sipse/imagenes/logoAplicacion.jpg HTTP/1.1" 200 155084
190.109.20.165 - - [03/Oct/2023:13:10:34 -0500] "GET /sipse/faces/javax.faces.resource/images/ui-bg_flat_0_2d5972_40x100.png?ln=primefaces-aristo HTTP/1.1" 200 183
190.109.20.165 - - [03/Oct/2023:13:10:34 -0500] "POST /sipse/faces/bienvenido.xhtml HTTP/1.1" 200 7386
190.109.20.165 - - [03/Oct/2023:13:10:36 -0500] "POST /sipse/faces/bienvenido.xhtml HTTP/1.1" 200 30088
190.109.20.165 - - [03/Oct/2023:13:10:37 -0500] "GET /sipse/faces/javax.faces.resource/jquery/jquery.js?ln=primefaces&v=4.0 HTTP/1.1" 304 -
190.109.20.165 - - [03/Oct/2023:13:10:37 -0500] "GET /sipse/faces/javax.faces.resource/jquery/jquery-plugins.js?ln=primefaces&v=4.0 HTTP/1.1" 304 -
190.109.20.165 - - [03/Oct/2023:13:10:37 -0500] "GET /sipse/faces/javax.faces.resource/primefaces.js?ln=primefaces&v=4.0 HTTP/1.1" 304 -
190.109.20.165 - - [03/Oct/2023:13:10:38 -0500] "GET /sipse/faces/javax.faces.resource/layout/layout.js?ln=primefaces&v=4.0 HTTP/1.1" 304 -
201.245.192.253 - - [03/Oct/2023:13:10:37 -0500] "POST /kwsrmcab/Wsrmcab  HTTP/1.1" 200 42851
186.154.32.158 - - [03/Oct/2023:13:10:41 -0500] "GET /BLA/resoluciones/ HTTP/1.1" 200 13696
216.244.66.195 - - [03/Oct/2023:13:10:42 -0500] "GET /BLA/resoluciones/RESOLUCIONES%202022/3682.pdf HTTP/1.1" 200 3550179
190.109.20.165 - - [03/Oct/2023:13:10:43 -0500] "POST /sipse/faces/presentacion/sistema/reporte/listarReportes.xhtml HTTP/1.1" 200 25412
190.109.20.165 - - [03/Oct/2023:13:10:43 -0500] "GET /sipse/faces/javax.faces.resource/theme.css?ln=primefaces-sipse HTTP/1.1" 304 -
190.109.20.165 - - [03/Oct/2023:13:10:43 -0500] "GET /sipse/faces/javax.faces.resource/primefaces.css?ln=primefaces&v=4.0 HTTP/1.1" 304 -
190.109.20.165 - - [03/Oct/2023:13:10:43 -0500] "GET /sipse/faces/javax.faces.resource/layout/layout.css?ln=primefaces&v=4.0 HTTP/1.1" 304 -
190.109.20.165 - - [03/Oct/2023:13:10:43 -0500] "GET /sipse/faces/javax.faces.resource/jquery/jquery.js?ln=primefaces&v=4.0 HTTP/1.1" 304 -
190.109.20.165 - - [03/Oct/2023:13:10:43 -0500] "GET /sipse/faces/javax.faces.resource/layout/layout.js?ln=primefaces&v=4.0 HTTP/1.1" 304 -
190.109.20.165 - - [03/Oct/2023:13:10:43 -0500] "GET /sipse/faces/javax.faces.resource/jquery/jquery-plugins.js?ln=primefaces&v=4.0 HTTP/1.1" 304 -
190.109.20.165 - - [03/Oct/2023:13:10:43 -0500] "GET /sipse/faces/javax.faces.resource/primefaces.js?ln=primefaces&v=4.0 HTTP/1.1" 304 -
190.109.20.165 - - [03/Oct/2023:13:10:44 -0500] "GET /sipse/faces/javax.faces.resource/images/ui-icons_898989_256x240.png?ln=primefaces-aristo HTTP/1.1" 304 -
216.244.66.195 - - [03/Oct/2023:13:11:32 -0500] "GET /BLA/resoluciones/RESOLUCIONES%202022/4058.pdf HTTP/1.1" 200 403196
201.245.192.253 - - [03/Oct/2023:13:11:42 -0500] "POST /forms/lservlet;jsessionid=ac16012b30d607c8f7daf1854769aea39dbd093f70dc.e3iSbxaKaheRe34Pbx8Nc3aQci1ynknvrkLOlQzNp65In0 HTTP/1.1" 200 2
186.29.18.215 - - [03/Oct/2023:13:12:02 -0500] "GET /BLA/resoluciones/RESOLUCIONES%202023/1328.pdf HTTP/1.1" 200 478610
172.22.2.4 - - [03/Oct/2023:13:12:03 -0500] "GET /BLA/boletinlegal/actos.php HTTP/1.1" 200 9682
172.22.2.4 - - [03/Oct/2023:13:12:03 -0500] "GET /BLA/boletinlegal/styles2.css HTTP/1.1" 200 1838
172.22.2.4 - - [03/Oct/2023:13:12:03 -0500] "GET /BLA/boletinlegal/niceforms-default.css HTTP/1.1" 200 6694
172.22.2.4 - - [03/Oct/2023:13:12:03 -0500] "GET /BLA/boletinlegal/style.css HTTP/1.1" 200 9406
172.22.2.4 - - [03/Oct/2023:13:12:03 -0500] "GET /BLA/boletinlegal/js/ajax_actos.js HTTP/1.1" 200 1322
172.22.2.4 - - [03/Oct/2023:13:12:03 -0500] "GET /BLA/boletinlegal/niceforms.js HTTP/1.1" 200 22876
172.22.2.4 - - [03/Oct/2023:13:12:03 -0500] "GET /BLA/boletinlegal/js/lib.js HTTP/1.1" 200 6474
172.22.2.4 - - [03/Oct/2023:13:12:03 -0500] "GET /BLA/boletinlegal/js/popup.js HTTP/1.1" 200 1270
172.22.2.4 - - [03/Oct/2023:13:12:03 -0500] "GET /BLA/boletinlegal/js/jquery1.js HTTP/1.1" 200 29846
172.22.2.4 - - [03/Oct/2023:13:12:03 -0500] "GET /BLA/boletinlegal/images/cabezote%20BLEGAL.jpg HTTP/1.1" 200 118164
172.22.2.4 - - [03/Oct/2023:13:12:03 -0500] "GET /BLA/boletinlegal/images/subscribe-icon-big.png HTTP/1.1" 200 47702
172.22.2.4 - - [03/Oct/2023:13:12:03 -0500] "GET /BLA/boletinlegal/images/historia.png HTTP/1.1" 200 52775
172.22.2.4 - - [03/Oct/2023:13:12:03 -0500] "GET /BLA/boletinlegal/images/registro-usuarios.png HTTP/1.1" 200 8106
172.22.2.4 - - [03/Oct/2023:13:12:03 -0500] "GET /BLA/boletinlegal/images/green-yellow-blue-pink-th.png HTTP/1.1" 200 7394
172.22.2.4 - - [03/Oct/2023:13:12:03 -0500] "GET /BLA/boletinlegal/images/tel.png HTTP/1.1" 200 14477
172.22.2.4 - - [03/Oct/2023:13:12:03 -0500] "GET /BLA/boletinlegal/images/icono-email.png HTTP/1.1" 200 5544
172.22.2.4 - - [03/Oct/2023:13:12:03 -0500] "GET /BLA/boletinlegal/images/body_bg.jpg HTTP/1.1" 200 1601
172.22.2.4 - - [03/Oct/2023:13:12:03 -0500] "GET /BLA/boletinlegal/images/menu_lft.gif HTTP/1.1" 200 1713
172.22.2.4 - - [03/Oct/2023:13:12:03 -0500] "GET /BLA/boletinlegal/images/menu_rght.gif HTTP/1.1" 200 1627
172.22.2.4 - - [03/Oct/2023:13:12:03 -0500] "GET /BLA/boletinlegal/images/bg_top.jpg HTTP/1.1" 200 522
172.22.2.4 - - [03/Oct/2023:13:12:03 -0500] "GET /BLA/boletinlegal/images/menu_bg.jpg HTTP/1.1" 200 620
172.22.2.4 - - [03/Oct/2023:13:12:03 -0500] "GET /BLA/boletinlegal/images/hover.jpg HTTP/1.1" 200 640
172.22.2.4 - - [03/Oct/2023:13:12:03 -0500] "GET /BLA/boletinlegal/images/text.jpg HTTP/1.1" 200 568
172.22.2.4 - - [03/Oct/2023:13:12:03 -0500] "GET /BLA/boletinlegal/images/footer_bg.jpg HTTP/1.1" 200 586
172.22.2.4 - - [03/Oct/2023:13:12:03 -0500] "GET /BLA/boletinlegal/images/footer_bg_l.jpg HTTP/1.1" 200 776
172.22.2.4 - - [03/Oct/2023:13:12:04 -0500] "GET /BLA/boletinlegal/img/0.png HTTP/1.1" 200 110
172.22.2.4 - - [03/Oct/2023:13:12:04 -0500] "GET /BLA/boletinlegal/img/select-left.png HTTP/1.1" 200 263
172.22.2.4 - - [03/Oct/2023:13:12:04 -0500] "GET /BLA/boletinlegal/img/select-right.png HTTP/1.1" 200 44019
172.22.2.4 - - [03/Oct/2023:13:12:04 -0500] "GET /BLA/boletinlegal/img/button-left.png HTTP/1.1" 200 57071
172.22.2.4 - - [03/Oct/2023:13:12:04 -0500] "GET /BLA/boletinlegal/img/button.png HTTP/1.1" 200 43241
172.22.2.4 - - [03/Oct/2023:13:12:04 -0500] "GET /BLA/boletinlegal/img/button-right.png HTTP/1.1" 200 57878
172.22.2.4 - - [03/Oct/2023:13:12:04 -0500] "GET /BLA/boletinlegal/favicon.ico HTTP/1.1" 404 1326
201.234.69.105 - - [03/Oct/2023:13:12:05 -0500] "-" 408 -
216.244.66.195 - - [03/Oct/2023:13:12:06 -0500] "GET /BLA/resoluciones/RESOLUCIONES%202022/4432.pdf HTTP/1.1" 200 481158
172.22.2.4 - - [03/Oct/2023:13:12:07 -0500] "GET /BLA/boletinlegal/consulta_actos.php?tipo=resoluciones&no=&usuario=&sector=PEV&fecha=2023&resuelve= HTTP/1.1" 200 24012
172.22.2.4 - - [03/Oct/2023:13:12:07 -0500] "GET /BLA/boletinlegal/images/background.gif HTTP/1.1" 200 -
172.22.2.4 - - [03/Oct/2023:13:12:07 -0500] "GET /BLA/boletinlegal/images/pdf.gif HTTP/1.1" 200 567
201.245.192.253 - - [03/Oct/2023:13:12:11 -0500] "POST /forms/lservlet;jsessionid=ac16012b30d6d6f3d115f78c4008aad8a35d3bb86738.e3iSbxaKaheRe34Pbx8Nc3aQci1ynknvrkLOlQzNp65In0 HTTP/1.1" 200 2
152.203.229.20 - - [03/Oct/2023:13:12:31 -0500] "GET /sipse/faces/faces/faces/faces/faces/faces/autenticacion.xhtml HTTP/1.1" 200 12420
152.203.229.20 - - [03/Oct/2023:13:12:31 -0500] "GET /sipse/faces/javax.faces.resource/theme.css?ln=primefaces-sipse HTTP/1.1" 304 -
152.203.229.20 - - [03/Oct/2023:13:12:31 -0500] "GET /sipse/faces/javax.faces.resource/primefaces.css?ln=primefaces&v=4.0 HTTP/1.1" 304 -
152.203.229.20 - - [03/Oct/2023:13:12:31 -0500] "GET /sipse/faces/javax.faces.resource/primefaces.js?ln=primefaces&v=4.0 HTTP/1.1" 304 -
152.203.229.20 - - [03/Oct/2023:13:12:31 -0500] "GET /sipse/faces/javax.faces.resource/jquery/jquery-plugins.js?ln=primefaces&v=4.0 HTTP/1.1" 304 -
152.203.229.20 - - [03/Oct/2023:13:12:31 -0500] "GET /sipse/faces/javax.faces.resource/jquery/jquery.js?ln=primefaces&v=4.0 HTTP/1.1" 304 -
152.203.229.20 - - [03/Oct/2023:13:12:31 -0500] "GET /sipse/faces/javax.faces.resource/layout/layout.js?ln=primefaces&v=4.0 HTTP/1.1" 304 -
152.203.229.20 - - [03/Oct/2023:13:12:31 -0500] "GET /sipse/faces/javax.faces.resource/layout/layout.css?ln=primefaces&v=4.0 HTTP/1.1" 304 -
152.203.229.20 - - [03/Oct/2023:13:12:31 -0500] "GET /sipse/faces/javax.faces.resource/images/ui-icons_898989_256x240.png?ln=primefaces-aristo HTTP/1.1" 304 -
152.203.229.20 - - [03/Oct/2023:13:12:31 -0500] "GET /sipse/faces/faces/faces/faces/faces/faces/index.xhtml HTTP/1.1" 200 677
152.203.229.20 - - [03/Oct/2023:13:12:31 -0500] "GET /sipse/faces/javax.faces.resource/theme.css?ln=primefaces-sipse HTTP/1.1" 304 -
152.203.229.20 - - [03/Oct/2023:13:12:31 -0500] "GET /sipse/faces/faces/faces/faces/faces/faces/faces/autenticacion.xhtml HTTP/1.1" 200 12420
152.203.229.20 - - [03/Oct/2023:13:12:31 -0500] "GET /sipse/faces/javax.faces.resource/jquery/jquery-plugins.js?ln=primefaces&v=4.0 HTTP/1.1" 304 -
152.203.229.20 - - [03/Oct/2023:13:12:31 -0500] "GET /sipse/faces/javax.faces.resource/theme.css?ln=primefaces-sipse HTTP/1.1" 304 -
152.203.229.20 - - [03/Oct/2023:13:12:31 -0500] "GET /sipse/faces/javax.faces.resource/primefaces.js?ln=primefaces&v=4.0 HTTP/1.1" 304 -
152.203.229.20 - - [03/Oct/2023:13:12:31 -0500] "GET /sipse/faces/javax.faces.resource/jquery/jquery.js?ln=primefaces&v=4.0 HTTP/1.1" 304 -
152.203.229.20 - - [03/Oct/2023:13:12:31 -0500] "GET /sipse/faces/javax.faces.resource/layout/layout.css?ln=primefaces&v=4.0 HTTP/1.1" 304 -
152.203.229.20 - - [03/Oct/2023:13:12:31 -0500] "GET /sipse/faces/javax.faces.resource/primefaces.css?ln=primefaces&v=4.0 HTTP/1.1" 304 -
152.203.229.20 - - [03/Oct/2023:13:12:31 -0500] "GET /sipse/faces/javax.faces.resource/layout/layout.js?ln=primefaces&v=4.0 HTTP/1.1" 304 -
152.203.229.20 - - [03/Oct/2023:13:12:31 -0500] "GET /sipse/faces/javax.faces.resource/images/ui-icons_898989_256x240.png?ln=primefaces-aristo HTTP/1.1" 304 -
152.203.229.20 - - [03/Oct/2023:13:12:38 -0500] "POST /sipse/faces/autenticacion.xhtml HTTP/1.1" 200 2220
152.203.229.20 - - [03/Oct/2023:13:12:38 -0500] "GET /sipse/faces/javax.faces.resource/messages/messages.png?ln=primefaces&v=4.0 HTTP/1.1" 304 -
152.203.229.20 - - [03/Oct/2023:13:12:40 -0500] "POST /sipse/faces/autenticacion.xhtml HTTP/1.1" 200 16436
152.203.229.20 - - [03/Oct/2023:13:12:40 -0500] "GET /sipse/faces/javax.faces.resource/layout/layout.css?ln=primefaces&v=4.0 HTTP/1.1" 304 -
152.203.229.20 - - [03/Oct/2023:13:12:40 -0500] "GET /sipse/faces/javax.faces.resource/theme.css?ln=primefaces-sipse HTTP/1.1" 304 -
152.203.229.20 - - [03/Oct/2023:13:12:40 -0500] "GET /sipse/faces/javax.faces.resource/primefaces.css?ln=primefaces&v=4.0 HTTP/1.1" 304 -
152.203.229.20 - - [03/Oct/2023:13:12:40 -0500] "GET /sipse/faces/javax.faces.resource/jquery/jquery.js?ln=primefaces&v=4.0 HTTP/1.1" 304 -
152.203.229.20 - - [03/Oct/2023:13:12:40 -0500] "GET /sipse/faces/javax.faces.resource/jquery/jquery-plugins.js?ln=primefaces&v=4.0 HTTP/1.1" 304 -
152.203.229.20 - - [03/Oct/2023:13:12:40 -0500] "GET /sipse/faces/javax.faces.resource/primefaces.js?ln=primefaces&v=4.0 HTTP/1.1" 304 -
152.203.229.20 - - [03/Oct/2023:13:12:40 -0500] "GET /sipse/faces/javax.faces.resource/layout/layout.js?ln=primefaces&v=4.0 HTTP/1.1" 304 -
152.203.229.20 - - [03/Oct/2023:13:12:40 -0500] "GET /sipse/css/imagen/contrasena.png HTTP/1.1" 404 383
152.203.229.20 - - [03/Oct/2023:13:12:42 -0500] "GET /sipse/faces/javax.faces.resource/images/ui-bg_flat_0_2d5972_40x100.png?ln=primefaces-aristo HTTP/1.1" 304 -
152.203.229.20 - - [03/Oct/2023:13:12:42 -0500] "POST /sipse/faces/bienvenido.xhtml HTTP/1.1" 200 2658
152.203.229.20 - - [03/Oct/2023:13:12:43 -0500] "POST /sipse/faces/bienvenido.xhtml HTTP/1.1" 200 56256
152.203.229.20 - - [03/Oct/2023:13:12:45 -0500] "GET /sipse/faces/javax.faces.resource/primefaces.css?ln=primefaces&v=4.0 HTTP/1.1" 304 -
152.203.229.20 - - [03/Oct/2023:13:12:45 -0500] "GET /sipse/faces/javax.faces.resource/theme.css?ln=primefaces-sipse HTTP/1.1" 304 -
152.203.229.20 - - [03/Oct/2023:13:12:45 -0500] "GET /sipse/faces/javax.faces.resource/layout/layout.css?ln=primefaces&v=4.0 HTTP/1.1" 304 -
152.203.229.20 - - [03/Oct/2023:13:12:45 -0500] "GET /sipse/faces/javax.faces.resource/jquery/jquery.js?ln=primefaces&v=4.0 HTTP/1.1" 304 -
152.203.229.20 - - [03/Oct/2023:13:12:45 -0500] "GET /sipse/faces/javax.faces.resource/jquery/jquery-plugins.js?ln=primefaces&v=4.0 HTTP/1.1" 304 -
152.203.229.20 - - [03/Oct/2023:13:12:45 -0500] "GET /sipse/faces/javax.faces.resource/primefaces.js?ln=primefaces&v=4.0 HTTP/1.1" 304 -
152.203.229.20 - - [03/Oct/2023:13:12:45 -0500] "GET /sipse/faces/javax.faces.resource/layout/layout.js?ln=primefaces&v=4.0 HTTP/1.1" 304 -
216.244.66.195 - - [03/Oct/2023:13:12:46 -0500] "GET /BLA/resoluciones/RESOLUCIONES%202022/4444.pdf HTTP/1.1" 200 474421
152.203.229.20 - - [03/Oct/2023:13:12:48 -0500] "POST /sipse/faces/presentacion/financiero/solicitudProceso/solicitudProcesoOtrosPagos.xhtml HTTP/1.1" 200 55974
152.203.229.20 - - [03/Oct/2023:13:12:49 -0500] "GET /sipse/faces/javax.faces.resource/primefaces.css?ln=primefaces&v=4.0 HTTP/1.1" 304 -
152.203.229.20 - - [03/Oct/2023:13:12:49 -0500] "GET /sipse/faces/javax.faces.resource/theme.css?ln=primefaces-sipse HTTP/1.1" 304 -
152.203.229.20 - - [03/Oct/2023:13:12:49 -0500] "GET /sipse/faces/javax.faces.resource/layout/layout.css?ln=primefaces&v=4.0 HTTP/1.1" 304 -
152.203.229.20 - - [03/Oct/2023:13:12:49 -0500] "GET /sipse/faces/javax.faces.resource/fileupload/fileupload.css?ln=primefaces&v=4.0 HTTP/1.1" 304 -
152.203.229.20 - - [03/Oct/2023:13:12:49 -0500] "GET /sipse/faces/javax.faces.resource/jquery/jquery.js?ln=primefaces&v=4.0 HTTP/1.1" 304 -
152.203.229.20 - - [03/Oct/2023:13:12:49 -0500] "GET /sipse/faces/javax.faces.resource/jquery/jquery-plugins.js?ln=primefaces&v=4.0 HTTP/1.1" 304 -
152.203.229.20 - - [03/Oct/2023:13:12:49 -0500] "GET /sipse/faces/javax.faces.resource/primefaces.js?ln=primefaces&v=4.0 HTTP/1.1" 304 -
152.203.229.20 - - [03/Oct/2023:13:12:49 -0500] "GET /sipse/faces/javax.faces.resource/layout/layout.js?ln=primefaces&v=4.0 HTTP/1.1" 304 -
152.203.229.20 - - [03/Oct/2023:13:12:49 -0500] "GET /sipse/faces/javax.faces.resource/fileupload/fileupload.js?ln=primefaces&v=4.0 HTTP/1.1" 304 -
186.29.18.215 - - [03/Oct/2023:13:12:53 -0500] "GET /BLA/resoluciones/RESOLUCIONES%202023/0095.pdf HTTP/1.1" 200 855777
152.203.229.20 - - [03/Oct/2023:13:12:58 -0500] "POST /sipse/faces/presentacion/financiero/solicitudProceso/detalleSolicitudProcesoOtrosPagos.xhtml HTTP/1.1" 200 9652
152.203.229.20 - - [03/Oct/2023:13:13:13 -0500] "POST /sipse/faces/presentacion/financiero/solicitudProceso/detalleSolicitudProcesoOtrosPagos.xhtml HTTP/1.1" 200 190
152.203.229.20 - - [03/Oct/2023:13:13:14 -0500] "GET /sipse/faces/presentacion/financiero/solicitudProceso/solicitudProcesoOtrosPagos.xhtml HTTP/1.1" 200 59175
152.203.229.20 - - [03/Oct/2023:13:13:15 -0500] "GET /sipse/faces/javax.faces.resource/theme.css?ln=primefaces-sipse HTTP/1.1" 304 -
152.203.229.20 - - [03/Oct/2023:13:13:15 -0500] "GET /sipse/faces/javax.faces.resource/primefaces.css?ln=primefaces&v=4.0 HTTP/1.1" 304 -
152.203.229.20 - - [03/Oct/2023:13:13:15 -0500] "GET /sipse/faces/javax.faces.resource/jquery/jquery.js?ln=primefaces&v=4.0 HTTP/1.1" 304 -
152.203.229.20 - - [03/Oct/2023:13:13:15 -0500] "GET /sipse/faces/javax.faces.resource/layout/layout.js?ln=primefaces&v=4.0 HTTP/1.1" 304 -
152.203.229.20 - - [03/Oct/2023:13:13:15 -0500] "GET /sipse/faces/javax.faces.resource/jquery/jquery-plugins.js?ln=primefaces&v=4.0 HTTP/1.1" 304 -
152.203.229.20 - - [03/Oct/2023:13:13:15 -0500] "GET /sipse/faces/javax.faces.resource/primefaces.js?ln=primefaces&v=4.0 HTTP/1.1" 304 -
152.203.229.20 - - [03/Oct/2023:13:13:15 -0500] "GET /sipse/faces/javax.faces.resource/layout/layout.css?ln=primefaces&v=4.0 HTTP/1.1" 304 -
152.203.229.20 - - [03/Oct/2023:13:13:15 -0500] "GET /sipse/faces/javax.faces.resource/messages/messages.png?ln=primefaces&v=4.0 HTTP/1.1" 304 -
216.244.66.195 - - [03/Oct/2023:13:13:18 -0500] "GET /BLA/resoluciones/RESOLUCIONES%202022/4990.pdf HTTP/1.1" 200 492665
152.203.229.20 - - [03/Oct/2023:13:13:29 -0500] "POST /sipse/faces/presentacion/financiero/solicitudProceso/solicitudProcesoOtrosPagos.xhtml HTTP/1.1" 200 52254
152.203.229.20 - - [03/Oct/2023:13:13:30 -0500] "GET /sipse/faces/javax.faces.resource/fileupload/fileupload.css?ln=primefaces&v=4.0 HTTP/1.1" 304 -
152.203.229.20 - - [03/Oct/2023:13:13:30 -0500] "GET /sipse/faces/javax.faces.resource/layout/layout.css?ln=primefaces&v=4.0 HTTP/1.1" 304 -
152.203.229.20 - - [03/Oct/2023:13:13:30 -0500] "GET /sipse/faces/javax.faces.resource/theme.css?ln=primefaces-sipse HTTP/1.1" 304 -
152.203.229.20 - - [03/Oct/2023:13:13:30 -0500] "GET /sipse/faces/javax.faces.resource/primefaces.css?ln=primefaces&v=4.0 HTTP/1.1" 304 -
152.203.229.20 - - [03/Oct/2023:13:13:30 -0500] "GET /sipse/faces/javax.faces.resource/jquery/jquery.js?ln=primefaces&v=4.0 HTTP/1.1" 304 -
152.203.229.20 - - [03/Oct/2023:13:13:30 -0500] "GET /sipse/faces/javax.faces.resource/jquery/jquery-plugins.js?ln=primefaces&v=4.0 HTTP/1.1" 304 -
152.203.229.20 - - [03/Oct/2023:13:13:30 -0500] "GET /sipse/faces/javax.faces.resource/primefaces.js?ln=primefaces&v=4.0 HTTP/1.1" 304 -
152.203.229.20 - - [03/Oct/2023:13:13:30 -0500] "GET /sipse/faces/javax.faces.resource/layout/layout.js?ln=primefaces&v=4.0 HTTP/1.1" 304 -
152.203.229.20 - - [03/Oct/2023:13:13:30 -0500] "GET /sipse/faces/javax.faces.resource/fileupload/fileupload.js?ln=primefaces&v=4.0 HTTP/1.1" 304 -
201.245.192.253 - - [03/Oct/2023:13:13:42 -0500] "POST /forms/lservlet;jsessionid=ac16012b30d607c8f7daf1854769aea39dbd093f70dc.e3iSbxaKaheRe34Pbx8Nc3aQci1ynknvrkLOlQzNp65In0 HTTP/1.1" 200 2
216.244.66.195 - - [03/Oct/2023:13:13:58 -0500] "GET /BLA/resoluciones/RESOLUCIONES%202022/5267.pdf HTTP/1.1" 200 542544
201.245.192.253 - - [03/Oct/2023:13:14:11 -0500] "POST /forms/lservlet;jsessionid=ac16012b30d6d6f3d115f78c4008aad8a35d3bb86738.e3iSbxaKaheRe34Pbx8Nc3aQci1ynknvrkLOlQzNp65In0 HTTP/1.1" 200 2
172.22.2.4 - - [03/Oct/2023:13:12:41 -0500] "HEAD /BLA/boletinlegal/ HTTP/1.1" 200 -
172.22.2.4 - - [03/Oct/2023:13:14:26 -0500] "GET /BLA/boletinlegal/actos.php HTTP/1.1" 200 9682
172.22.2.4 - - [03/Oct/2023:13:14:26 -0500] "GET /BLA/boletinlegal/favicon.ico HTTP/1.1" 404 1326
216.244.66.195 - - [03/Oct/2023:13:14:36 -0500] "GET /BLA/resoluciones/RESOLUCIONES%202022/5666.pdf HTTP/1.1" 200 1009036
172.22.2.4 - - [03/Oct/2023:13:14:36 -0500] "GET /BLA/boletinlegal/consulta_actos.php?tipo=resoluciones&no=1328&usuario=&sector=&fecha=2023&resuelve= HTTP/1.1" 200 1202
216.245.221.92 - - [03/Oct/2023:13:14:39 -0500] "HEAD / HTTP/1.1" 200 -
172.22.2.4 - - [03/Oct/2023:13:13:34 -0500] "GET /BLA/boletinlegal/ HTTP/1.1" 200 60342
216.244.66.195 - - [03/Oct/2023:13:15:24 -0500] "GET /BLA/resoluciones/RESOLUCIONES%202023/0217.pdf HTTP/1.1" 200 534414
201.245.192.253 - - [03/Oct/2023:13:15:37 -0500] "POST /kwsrmcab/Wsrmcab  HTTP/1.1" 200 42851
201.245.192.253 - - [03/Oct/2023:13:15:42 -0500] "POST /forms/lservlet;jsessionid=ac16012b30d607c8f7daf1854769aea39dbd093f70dc.e3iSbxaKaheRe34Pbx8Nc3aQci1ynknvrkLOlQzNp65In0 HTTP/1.1" 200 2
216.244.66.195 - - [03/Oct/2023:13:15:58 -0500] "GET /BLA/resoluciones/RESOLUCIONES%202023/1039.pdf HTTP/1.1" 200 544625
152.203.229.20 - - [03/Oct/2023:13:16:08 -0500] "GET /sipse/faces/faces/faces/faces/faces/faces/autenticacion.xhtml HTTP/1.1" 200 12420
152.203.229.20 - - [03/Oct/2023:13:16:08 -0500] "GET /sipse/faces/javax.faces.resource/theme.css?ln=primefaces-sipse HTTP/1.1" 304 -
152.203.229.20 - - [03/Oct/2023:13:16:08 -0500] "GET /sipse/faces/javax.faces.resource/primefaces.css?ln=primefaces&v=4.0 HTTP/1.1" 304 -
152.203.229.20 - - [03/Oct/2023:13:16:08 -0500] "GET /sipse/faces/javax.faces.resource/jquery/jquery.js?ln=primefaces&v=4.0 HTTP/1.1" 304 -
152.203.229.20 - - [03/Oct/2023:13:16:08 -0500] "GET /sipse/faces/javax.faces.resource/layout/layout.css?ln=primefaces&v=4.0 HTTP/1.1" 304 -
152.203.229.20 - - [03/Oct/2023:13:16:08 -0500] "GET /sipse/faces/javax.faces.resource/primefaces.js?ln=primefaces&v=4.0 HTTP/1.1" 304 -
152.203.229.20 - - [03/Oct/2023:13:16:08 -0500] "GET /sipse/faces/javax.faces.resource/jquery/jquery-plugins.js?ln=primefaces&v=4.0 HTTP/1.1" 304 -
152.203.229.20 - - [03/Oct/2023:13:16:08 -0500] "GET /sipse/faces/javax.faces.resource/layout/layout.js?ln=primefaces&v=4.0 HTTP/1.1" 304 -
152.203.229.20 - - [03/Oct/2023:13:16:08 -0500] "GET /sipse/faces/javax.faces.resource/images/ui-icons_898989_256x240.png?ln=primefaces-aristo HTTP/1.1" 304 -
152.203.229.20 - - [03/Oct/2023:13:16:08 -0500] "GET /sipse/faces/faces/faces/faces/faces/faces/index.xhtml HTTP/1.1" 200 677
152.203.229.20 - - [03/Oct/2023:13:16:08 -0500] "GET /sipse/faces/javax.faces.resource/theme.css?ln=primefaces-sipse HTTP/1.1" 304 -
152.203.229.20 - - [03/Oct/2023:13:16:08 -0500] "GET /sipse/faces/faces/faces/faces/faces/faces/faces/autenticacion.xhtml HTTP/1.1" 200 12420
152.203.229.20 - - [03/Oct/2023:13:16:08 -0500] "GET /sipse/faces/javax.faces.resource/jquery/jquery.js?ln=primefaces&v=4.0 HTTP/1.1" 304 -
152.203.229.20 - - [03/Oct/2023:13:16:08 -0500] "GET /sipse/faces/javax.faces.resource/primefaces.css?ln=primefaces&v=4.0 HTTP/1.1" 304 -
152.203.229.20 - - [03/Oct/2023:13:16:08 -0500] "GET /sipse/faces/javax.faces.resource/jquery/jquery-plugins.js?ln=primefaces&v=4.0 HTTP/1.1" 304 -
152.203.229.20 - - [03/Oct/2023:13:16:08 -0500] "GET /sipse/faces/javax.faces.resource/theme.css?ln=primefaces-sipse HTTP/1.1" 304 -
152.203.229.20 - - [03/Oct/2023:13:16:08 -0500] "GET /sipse/faces/javax.faces.resource/primefaces.js?ln=primefaces&v=4.0 HTTP/1.1" 304 -
152.203.229.20 - - [03/Oct/2023:13:16:08 -0500] "GET /sipse/faces/javax.faces.resource/layout/layout.css?ln=primefaces&v=4.0 HTTP/1.1" 304 -
152.203.229.20 - - [03/Oct/2023:13:16:08 -0500] "GET /sipse/faces/javax.faces.resource/layout/layout.js?ln=primefaces&v=4.0 HTTP/1.1" 304 -
152.203.229.20 - - [03/Oct/2023:13:16:08 -0500] "GET /sipse/faces/javax.faces.resource/images/ui-icons_898989_256x240.png?ln=primefaces-aristo HTTP/1.1" 304 -
201.245.192.253 - - [03/Oct/2023:13:16:11 -0500] "POST /forms/lservlet;jsessionid=ac16012b30d6d6f3d115f78c4008aad8a35d3bb86738.e3iSbxaKaheRe34Pbx8Nc3aQci1ynknvrkLOlQzNp65In0 HTTP/1.1" 200 2
191.95.54.250 - - [03/Oct/2023:13:16:23 -0500] "GET /proximo-4-de-octubre-simulacro-distrital-de-evacuacion-dia-y-noche.html HTTP/1.1" 200 783
216.244.66.195 - - [03/Oct/2023:13:16:30 -0500] "GET /BLA/resoluciones/AUTOS%202010/0154.pdf HTTP/1.1" 200 189839
152.203.229.20 - - [03/Oct/2023:13:16:34 -0500] "POST /sipse/faces/autenticacion.xhtml HTTP/1.1" 200 2220
152.203.229.20 - - [03/Oct/2023:13:16:34 -0500] "GET /sipse/faces/javax.faces.resource/messages/messages.png?ln=primefaces&v=4.0 HTTP/1.1" 304 -
152.203.229.20 - - [03/Oct/2023:13:16:35 -0500] "POST /sipse/faces/autenticacion.xhtml HTTP/1.1" 200 16427
152.203.229.20 - - [03/Oct/2023:13:16:36 -0500] "GET /sipse/faces/javax.faces.resource/theme.css?ln=primefaces-sipse HTTP/1.1" 304 -
152.203.229.20 - - [03/Oct/2023:13:16:36 -0500] "GET /sipse/faces/javax.faces.resource/layout/layout.css?ln=primefaces&v=4.0 HTTP/1.1" 304 -
152.203.229.20 - - [03/Oct/2023:13:16:36 -0500] "GET /sipse/faces/javax.faces.resource/primefaces.css?ln=primefaces&v=4.0 HTTP/1.1" 304 -
152.203.229.20 - - [03/Oct/2023:13:16:36 -0500] "GET /sipse/faces/javax.faces.resource/jquery/jquery.js?ln=primefaces&v=4.0 HTTP/1.1" 304 -
152.203.229.20 - - [03/Oct/2023:13:16:36 -0500] "GET /sipse/faces/javax.faces.resource/jquery/jquery-plugins.js?ln=primefaces&v=4.0 HTTP/1.1" 304 -
152.203.229.20 - - [03/Oct/2023:13:16:36 -0500] "GET /sipse/faces/javax.faces.resource/primefaces.js?ln=primefaces&v=4.0 HTTP/1.1" 304 -
152.203.229.20 - - [03/Oct/2023:13:16:36 -0500] "GET /sipse/faces/javax.faces.resource/layout/layout.js?ln=primefaces&v=4.0 HTTP/1.1" 304 -
152.203.229.20 - - [03/Oct/2023:13:16:36 -0500] "GET /sipse/css/imagen/contrasena.png HTTP/1.1" 404 383
152.203.229.20 - - [03/Oct/2023:13:16:44 -0500] "GET /sipse/faces/javax.faces.resource/images/ui-bg_flat_0_2d5972_40x100.png?ln=primefaces-aristo HTTP/1.1" 304 -
152.203.229.20 - - [03/Oct/2023:13:16:44 -0500] "POST /sipse/faces/bienvenido.xhtml HTTP/1.1" 200 2658
152.203.229.20 - - [03/Oct/2023:13:16:47 -0500] "POST /sipse/faces/bienvenido.xhtml HTTP/1.1" 200 65384
152.203.229.20 - - [03/Oct/2023:13:16:49 -0500] "GET /sipse/faces/javax.faces.resource/theme.css?ln=primefaces-sipse HTTP/1.1" 304 -
152.203.229.20 - - [03/Oct/2023:13:16:49 -0500] "GET /sipse/faces/javax.faces.resource/layout/layout.css?ln=primefaces&v=4.0 HTTP/1.1" 304 -
152.203.229.20 - - [03/Oct/2023:13:16:49 -0500] "GET /sipse/faces/javax.faces.resource/primefaces.css?ln=primefaces&v=4.0 HTTP/1.1" 304 -
152.203.229.20 - - [03/Oct/2023:13:16:49 -0500] "GET /sipse/faces/javax.faces.resource/jquery/jquery.js?ln=primefaces&v=4.0 HTTP/1.1" 304 -
152.203.229.20 - - [03/Oct/2023:13:16:49 -0500] "GET /sipse/faces/javax.faces.resource/jquery/jquery-plugins.js?ln=primefaces&v=4.0 HTTP/1.1" 304 -
152.203.229.20 - - [03/Oct/2023:13:16:49 -0500] "GET /sipse/faces/javax.faces.resource/primefaces.js?ln=primefaces&v=4.0 HTTP/1.1" 304 -
152.203.229.20 - - [03/Oct/2023:13:16:49 -0500] "GET /sipse/faces/javax.faces.resource/layout/layout.js?ln=primefaces&v=4.0 HTTP/1.1" 304 -
152.203.229.20 - - [03/Oct/2023:13:16:49 -0500] "POST /sipse/faces/presentacion/financiero/solicitudProceso/listarSolicitudProceso.xhtml HTTP/1.1" 200 1552
152.203.229.20 - - [03/Oct/2023:13:16:52 -0500] "POST /sipse/faces/presentacion/financiero/solicitudProceso/listarSolicitudProceso.xhtml HTTP/1.1" 200 44422
152.203.229.20 - - [03/Oct/2023:13:16:53 -0500] "POST /sipse/faces/presentacion/financiero/solicitudProceso/listarSolicitudProceso.xhtml HTTP/1.1" 200 44845
152.203.229.20 - - [03/Oct/2023:13:16:55 -0500] "POST /sipse/faces/presentacion/financiero/solicitudProceso/listarSolicitudProceso.xhtml HTTP/1.1" 200 14929
152.203.229.20 - - [03/Oct/2023:13:16:56 -0500] "POST /sipse/faces/presentacion/financiero/solicitudProceso/listarSolicitudProceso.xhtml HTTP/1.1" 200 44378
152.203.229.20 - - [03/Oct/2023:13:16:57 -0500] "POST /sipse/faces/presentacion/financiero/solicitudProceso/listarSolicitudProceso.xhtml HTTP/1.1" 200 44390
216.244.66.195 - - [03/Oct/2023:13:16:58 -0500] "GET /BLA/resoluciones/AUTOS%202010/0191.pdf HTTP/1.1" 200 230855
152.203.229.20 - - [03/Oct/2023:13:16:58 -0500] "POST /sipse/faces/presentacion/financiero/solicitudProceso/listarSolicitudProceso.xhtml HTTP/1.1" 200 44841
152.203.229.20 - - [03/Oct/2023:13:16:59 -0500] "POST /sipse/faces/presentacion/financiero/solicitudProceso/listarSolicitudProceso.xhtml HTTP/1.1" 200 44857
152.203.229.20 - - [03/Oct/2023:13:17:01 -0500] "POST /sipse/faces/presentacion/financiero/solicitudProceso/listarSolicitudProceso.xhtml HTTP/1.1" 200 29743
152.203.229.20 - - [03/Oct/2023:13:17:03 -0500] "POST /sipse/faces/presentacion/financiero/solicitudProceso/listarSolicitudProceso.xhtml HTTP/1.1" 200 17730
152.203.229.20 - - [03/Oct/2023:13:17:04 -0500] "POST /sipse/faces/presentacion/financiero/solicitudProceso/listarSolicitudProceso.xhtml HTTP/1.1" 200 158775
152.203.229.20 - - [03/Oct/2023:13:17:05 -0500] "GET /sipse/faces/javax.faces.resource/theme.css?ln=primefaces-sipse HTTP/1.1" 304 -
152.203.229.20 - - [03/Oct/2023:13:17:06 -0500] "GET /sipse/faces/javax.faces.resource/jquery/jquery.js?ln=primefaces&v=4.0 HTTP/1.1" 304 -
152.203.229.20 - - [03/Oct/2023:13:17:06 -0500] "GET /sipse/faces/javax.faces.resource/primefaces.css?ln=primefaces&v=4.0 HTTP/1.1" 304 -
152.203.229.20 - - [03/Oct/2023:13:17:06 -0500] "GET /sipse/faces/javax.faces.resource/layout/layout.css?ln=primefaces&v=4.0 HTTP/1.1" 304 -
152.203.229.20 - - [03/Oct/2023:13:17:06 -0500] "GET /sipse/faces/javax.faces.resource/jquery/jquery-plugins.js?ln=primefaces&v=4.0 HTTP/1.1" 304 -
152.203.229.20 - - [03/Oct/2023:13:17:06 -0500] "GET /sipse/faces/javax.faces.resource/primefaces.js?ln=primefaces&v=4.0 HTTP/1.1" 304 -
152.203.229.20 - - [03/Oct/2023:13:17:06 -0500] "GET /sipse/faces/javax.faces.resource/layout/layout.js?ln=primefaces&v=4.0 HTTP/1.1" 304 -
152.203.229.20 - - [03/Oct/2023:13:17:09 -0500] "POST /sipse/faces/presentacion/financiero/solicitudProceso/consultarSolicitudProceso.xhtml HTTP/1.1" 200 159885
216.244.66.195 - - [03/Oct/2023:13:17:26 -0500] "GET /BLA/resoluciones/AUTOS%202010/1117.pdf HTTP/1.1" 200 177013
104.194.250.202 - - [03/Oct/2023:13:17:29 -0500] "-" 408 -
201.245.192.253 - - [03/Oct/2023:13:17:42 -0500] "POST /forms/lservlet;jsessionid=ac16012b30d607c8f7daf1854769aea39dbd093f70dc.e3iSbxaKaheRe34Pbx8Nc3aQci1ynknvrkLOlQzNp65In0 HTTP/1.1" 200 2
201.245.192.253 - - [03/Oct/2023:13:17:49 -0500] "POST /kwsrmcab/Wsrmcab HTTP/1.1" 200 42139
216.244.66.195 - - [03/Oct/2023:13:17:53 -0500] "GET /BLA/resoluciones/AUTOS%202010/1422.pdf HTTP/1.1" 200 257893
201.245.192.253 - - [03/Oct/2023:13:17:52 -0500] "POST /kwsrmcab/Wsrmcab HTTP/1.1" 200 43318
201.245.192.253 - - [03/Oct/2023:13:18:11 -0500] "POST /forms/lservlet;jsessionid=ac16012b30d6d6f3d115f78c4008aad8a35d3bb86738.e3iSbxaKaheRe34Pbx8Nc3aQci1ynknvrkLOlQzNp65In0 HTTP/1.1" 200 2
216.244.66.195 - - [03/Oct/2023:13:18:19 -0500] "GET /BLA/resoluciones/AUTOS%202010/1890.pdf HTTP/1.1" 200 177102
216.244.66.195 - - [03/Oct/2023:13:18:43 -0500] "GET /BLA/resoluciones/AUTOS%202010/1957.pdf HTTP/1.1" 200 1050592
216.244.66.195 - - [03/Oct/2023:13:19:07 -0500] "GET /BLA/resoluciones/AUTOS%202010/1999.pdf HTTP/1.1" 200 5339456
216.245.221.92 - - [03/Oct/2023:13:19:39 -0500] "HEAD / HTTP/1.1" 200 -
201.245.192.253 - - [03/Oct/2023:13:19:42 -0500] "POST /forms/lservlet;jsessionid=ac16012b30d607c8f7daf1854769aea39dbd093f70dc.e3iSbxaKaheRe34Pbx8Nc3aQci1ynknvrkLOlQzNp65In0 HTTP/1.1" 200 2
123.126.50.122 - - [03/Oct/2023:13:19:47 -0500] "GET / HTTP/1.1" 200 319
216.244.66.195 - - [03/Oct/2023:13:19:50 -0500] "GET /BLA/resoluciones/AUTOS%202010/2795.pdf HTTP/1.1" 200 116800
172.22.2.4 - - [03/Oct/2023:13:20:09 -0500] "GET /BLA/boletinlegal/actos.php HTTP/1.1" 200 9682
172.22.2.4 - - [03/Oct/2023:13:20:10 -0500] "GET /BLA/boletinlegal/favicon.ico HTTP/1.1" 404 1326
201.245.192.253 - - [03/Oct/2023:13:20:11 -0500] "POST /forms/lservlet;jsessionid=ac16012b30d6d6f3d115f78c4008aad8a35d3bb86738.e3iSbxaKaheRe34Pbx8Nc3aQci1ynknvrkLOlQzNp65In0 HTTP/1.1" 200 2
172.22.2.4 - - [03/Oct/2023:13:18:31 -0500] "HEAD /BLA/boletinlegal/ HTTP/1.1" 200 -
216.244.66.195 - - [03/Oct/2023:13:20:21 -0500] "GET /BLA/resoluciones/AUTOS%202010/2919.pdf HTTP/1.1" 200 306833
201.245.192.253 - - [03/Oct/2023:13:20:35 -0500] "POST /kwsrmcab/Wsrmcab  HTTP/1.1" 200 42851
172.22.2.4 - - [03/Oct/2023:13:20:48 -0500] "GET /BLA/boletinlegal/consulta_actos.php?tipo=resoluciones&no=&usuario=&sector=&fecha=2023&resuelve=EMISIONES HTTP/1.1" 200 1090
172.22.2.4 - - [03/Oct/2023:13:20:48 -0500] "GET /BLA/boletinlegal/images/pdf.gif HTTP/1.1" 200 567
207.46.13.212 - - [03/Oct/2023:13:20:45 -0500] "GET /portaldeninos/wp-content/uploads/2019/08/Incendios-forestales-ajustada.gif HTTP/1.1" 200 764832
216.244.66.195 - - [03/Oct/2023:13:20:50 -0500] "GET /BLA/resoluciones/AUTOS%202010/3484.pdf HTTP/1.1" 200 489002
