201.245.192.253 - - [03/Oct/2023:07:30:03 -0500] "GET /sipse/faces/javax.faces.resource/primefaces.js?ln=primefaces&v=4.0 HTTP/1.1" 304 -
201.245.192.253 - - [03/Oct/2023:07:30:03 -0500] "GET /sipse/faces/javax.faces.resource/layout/layout.js?ln=primefaces&v=4.0 HTTP/1.1" 304 -
201.245.192.253 - - [03/Oct/2023:07:30:07 -0500] "POST /sipse/faces/autenticacion.xhtml HTTP/1.1" 200 11369
201.245.192.253 - - [03/Oct/2023:07:30:07 -0500] "GET /sipse/faces/javax.faces.resource/primefaces.css?ln=primefaces&v=4.0 HTTP/1.1" 304 -
201.245.192.253 - - [03/Oct/2023:07:30:07 -0500] "GET /sipse/faces/javax.faces.resource/theme.css?ln=primefaces-sipse HTTP/1.1" 304 -
201.245.192.253 - - [03/Oct/2023:07:30:07 -0500] "GET /sipse/faces/javax.faces.resource/layout/layout.css?ln=primefaces&v=4.0 HTTP/1.1" 304 -
201.245.192.253 - - [03/Oct/2023:07:30:07 -0500] "GET /sipse/faces/javax.faces.resource/jquery/jquery.js?ln=primefaces&v=4.0 HTTP/1.1" 304 -
201.245.192.253 - - [03/Oct/2023:07:30:07 -0500] "GET /sipse/faces/javax.faces.resource/jquery/jquery-plugins.js?ln=primefaces&v=4.0 HTTP/1.1" 304 -
201.245.192.253 - - [03/Oct/2023:07:30:07 -0500] "GET /sipse/faces/javax.faces.resource/primefaces.js?ln=primefaces&v=4.0 HTTP/1.1" 304 -
201.245.192.253 - - [03/Oct/2023:07:30:07 -0500] "GET /sipse/faces/javax.faces.resource/layout/layout.js?ln=primefaces&v=4.0 HTTP/1.1" 304 -
201.245.192.253 - - [03/Oct/2023:07:30:10 -0500] "POST /sipse/faces/presentacion/sistema/seguridad/seleccionRol.xhtml HTTP/1.1" 200 5803
201.245.192.253 - - [03/Oct/2023:07:30:11 -0500] "POST /sipse/faces/presentacion/sistema/seguridad/seleccionRol.xhtml HTTP/1.1" 200 16388
201.245.192.253 - - [03/Oct/2023:07:30:11 -0500] "GET /sipse/faces/javax.faces.resource/theme.css?ln=primefaces-sipse HTTP/1.1" 304 -
201.245.192.253 - - [03/Oct/2023:07:30:11 -0500] "GET /sipse/faces/javax.faces.resource/layout/layout.css?ln=primefaces&v=4.0 HTTP/1.1" 304 -
201.245.192.253 - - [03/Oct/2023:07:30:11 -0500] "GET /sipse/faces/javax.faces.resource/primefaces.css?ln=primefaces&v=4.0 HTTP/1.1" 304 -
201.245.192.253 - - [03/Oct/2023:07:30:11 -0500] "GET /sipse/faces/javax.faces.resource/jquery/jquery.js?ln=primefaces&v=4.0 HTTP/1.1" 304 -
201.245.192.253 - - [03/Oct/2023:07:30:11 -0500] "GET /sipse/faces/javax.faces.resource/jquery/jquery-plugins.js?ln=primefaces&v=4.0 HTTP/1.1" 304 -
201.245.192.253 - - [03/Oct/2023:07:30:11 -0500] "GET /sipse/faces/javax.faces.resource/primefaces.js?ln=primefaces&v=4.0 HTTP/1.1" 304 -
201.245.192.253 - - [03/Oct/2023:07:30:11 -0500] "GET /sipse/faces/javax.faces.resource/layout/layout.js?ln=primefaces&v=4.0 HTTP/1.1" 304 -
201.245.192.253 - - [03/Oct/2023:07:30:13 -0500] "POST /sipse/faces/bienvenido.xhtml HTTP/1.1" 200 2658
201.245.192.253 - - [03/Oct/2023:07:30:17 -0500] "POST /sipse/faces/bienvenido.xhtml HTTP/1.1" 200 184
201.245.192.253 - - [03/Oct/2023:07:30:17 -0500] "GET /sipse/faces/presentacion/financiero/solicitudAnulacion/solicitudAnulacion.xhtml HTTP/1.1" 200 31188
201.245.192.253 - - [03/Oct/2023:07:30:17 -0500] "GET /sipse/faces/javax.faces.resource/theme.css?ln=primefaces-sipse HTTP/1.1" 304 -
201.245.192.253 - - [03/Oct/2023:07:30:17 -0500] "GET /sipse/faces/javax.faces.resource/primefaces.css?ln=primefaces&v=4.0 HTTP/1.1" 304 -
201.245.192.253 - - [03/Oct/2023:07:30:17 -0500] "GET /sipse/faces/javax.faces.resource/primefaces.js?ln=primefaces&v=4.0 HTTP/1.1" 304 -
201.245.192.253 - - [03/Oct/2023:07:30:17 -0500] "GET /sipse/faces/javax.faces.resource/layout/layout.css?ln=primefaces&v=4.0 HTTP/1.1" 304 -
201.245.192.253 - - [03/Oct/2023:07:30:17 -0500] "GET /sipse/faces/javax.faces.resource/jquery/jquery.js?ln=primefaces&v=4.0 HTTP/1.1" 304 -
201.245.192.253 - - [03/Oct/2023:07:30:17 -0500] "GET /sipse/faces/javax.faces.resource/jquery/jquery-plugins.js?ln=primefaces&v=4.0 HTTP/1.1" 304 -
201.245.192.253 - - [03/Oct/2023:07:30:17 -0500] "GET /sipse/faces/javax.faces.resource/layout/layout.js?ln=primefaces&v=4.0 HTTP/1.1" 304 -
201.245.192.253 - - [03/Oct/2023:07:30:17 -0500] "POST /sipse/faces/presentacion/financiero/solicitudAnulacion/solicitudAnulacion.xhtml HTTP/1.1" 200 10464
201.245.192.253 - - [03/Oct/2023:07:30:19 -0500] "POST /sipse/faces/presentacion/financiero/solicitudAnulacion/solicitudAnulacion.xhtml HTTP/1.1" 200 39513
201.245.192.253 - - [03/Oct/2023:07:30:19 -0500] "GET /sipse/faces/javax.faces.resource/theme.css?ln=primefaces-sipse HTTP/1.1" 304 -
201.245.192.253 - - [03/Oct/2023:07:30:19 -0500] "GET /sipse/faces/javax.faces.resource/primefaces.css?ln=primefaces&v=4.0 HTTP/1.1" 304 -
201.245.192.253 - - [03/Oct/2023:07:30:19 -0500] "GET /sipse/faces/javax.faces.resource/layout/layout.css?ln=primefaces&v=4.0 HTTP/1.1" 304 -
201.245.192.253 - - [03/Oct/2023:07:30:19 -0500] "GET /sipse/faces/javax.faces.resource/jquery/jquery.js?ln=primefaces&v=4.0 HTTP/1.1" 304 -
201.245.192.253 - - [03/Oct/2023:07:30:19 -0500] "GET /sipse/faces/javax.faces.resource/jquery/jquery-plugins.js?ln=primefaces&v=4.0 HTTP/1.1" 304 -
201.245.192.253 - - [03/Oct/2023:07:30:19 -0500] "GET /sipse/faces/javax.faces.resource/primefaces.js?ln=primefaces&v=4.0 HTTP/1.1" 304 -
201.245.192.253 - - [03/Oct/2023:07:30:19 -0500] "GET /sipse/faces/javax.faces.resource/layout/layout.js?ln=primefaces&v=4.0 HTTP/1.1" 304 -
201.245.192.253 - - [03/Oct/2023:07:30:19 -0500] "POST /sipse/faces/presentacion/financiero/solicitudProceso/listarSolicitudProceso.xhtml HTTP/1.1" 200 1424
201.245.192.253 - - [03/Oct/2023:07:30:29 -0500] "POST /sipse/faces/presentacion/financiero/solicitudProceso/listarSolicitudProceso.xhtml HTTP/1.1" 200 911
201.245.192.253 - - [03/Oct/2023:07:30:31 -0500] "GET /sipse/faces/presentacion/financiero/solicitudAnulacion/faces/autenticacion HTTP/1.1" 302 -
201.245.192.253 - - [03/Oct/2023:07:30:31 -0500] "GET /sipse/faces/autenticacion.xhtml HTTP/1.1" 200 12411
201.245.192.253 - - [03/Oct/2023:07:30:31 -0500] "GET /sipse/faces/javax.faces.resource/theme.css?ln=primefaces-sipse HTTP/1.1" 304 -
201.245.192.253 - - [03/Oct/2023:07:30:31 -0500] "GET /sipse/faces/javax.faces.resource/layout/layout.css?ln=primefaces&v=4.0 HTTP/1.1" 304 -
201.245.192.253 - - [03/Oct/2023:07:30:31 -0500] "GET /sipse/faces/javax.faces.resource/primefaces.css?ln=primefaces&v=4.0 HTTP/1.1" 304 -
201.245.192.253 - - [03/Oct/2023:07:30:31 -0500] "GET /sipse/faces/javax.faces.resource/jquery/jquery.js?ln=primefaces&v=4.0 HTTP/1.1" 304 -
201.245.192.253 - - [03/Oct/2023:07:30:31 -0500] "GET /sipse/faces/javax.faces.resource/primefaces.js?ln=primefaces&v=4.0 HTTP/1.1" 304 -
201.245.192.253 - - [03/Oct/2023:07:30:31 -0500] "GET /sipse/faces/javax.faces.resource/jquery/jquery-plugins.js?ln=primefaces&v=4.0 HTTP/1.1" 304 -
201.245.192.253 - - [03/Oct/2023:07:30:31 -0500] "GET /sipse/faces/javax.faces.resource/layout/layout.js?ln=primefaces&v=4.0 HTTP/1.1" 304 -
201.245.192.253 - - [03/Oct/2023:07:30:35 -0500] "POST /sipse/faces/autenticacion.xhtml HTTP/1.1" 200 16832
201.245.192.253 - - [03/Oct/2023:07:30:35 -0500] "GET /sipse/faces/javax.faces.resource/theme.css?ln=primefaces-sipse HTTP/1.1" 304 -
201.245.192.253 - - [03/Oct/2023:07:30:35 -0500] "GET /sipse/faces/javax.faces.resource/primefaces.css?ln=primefaces&v=4.0 HTTP/1.1" 304 -
201.245.192.253 - - [03/Oct/2023:07:30:35 -0500] "GET /sipse/faces/javax.faces.resource/layout/layout.css?ln=primefaces&v=4.0 HTTP/1.1" 304 -
201.245.192.253 - - [03/Oct/2023:07:30:35 -0500] "GET /sipse/faces/javax.faces.resource/jquery/jquery.js?ln=primefaces&v=4.0 HTTP/1.1" 304 -
201.245.192.253 - - [03/Oct/2023:07:30:35 -0500] "GET /sipse/faces/javax.faces.resource/jquery/jquery-plugins.js?ln=primefaces&v=4.0 HTTP/1.1" 304 -
201.245.192.253 - - [03/Oct/2023:07:30:35 -0500] "GET /sipse/faces/javax.faces.resource/primefaces.js?ln=primefaces&v=4.0 HTTP/1.1" 304 -
201.245.192.253 - - [03/Oct/2023:07:30:35 -0500] "GET /sipse/faces/javax.faces.resource/layout/layout.js?ln=primefaces&v=4.0 HTTP/1.1" 304 -
172.22.2.4 - - [03/Oct/2023:07:29:12 -0500] "GET /BLA/boletinlegal/ HTTP/1.1" 200 60342
201.245.192.253 - - [03/Oct/2023:07:31:52 -0500] "POST /kwsrmcab/Wsrmcab  HTTP/1.1" 200 42851
185.216.71.45 - - [03/Oct/2023:07:33:43 -0500] "GET / HTTP/1.1" 200 319
172.22.2.4 - - [03/Oct/2023:07:33:45 -0500] "GET /BLA/boletinlegal/actos.php HTTP/1.1" 200 9682
201.217.200.196 - - [03/Oct/2023:07:33:48 -0500] "GET /BLA/resoluciones/ HTTP/1.1" 200 13696
201.217.200.196 - - [03/Oct/2023:07:33:50 -0500] "GET /BLA/resoluciones/index.php?dir=RESOLUCIONES+2018%2F HTTP/1.1" 200 279258
66.249.66.21 - - [03/Oct/2023:07:34:20 -0500] "GET /BLA/resoluciones/Notificaciones/AUTOS%202023/2502.pdf HTTP/1.1" 304 -
216.245.221.92 - - [03/Oct/2023:07:34:39 -0500] "HEAD / HTTP/1.1" 200 -
172.22.2.4 - - [03/Oct/2023:07:34:12 -0500] "HEAD /BLA/boletinlegal/ HTTP/1.1" 200 -
181.53.13.125 - - [03/Oct/2023:07:35:56 -0500] "GET /sipse/faces/index.xhtml HTTP/1.1" 200 677
181.53.13.125 - - [03/Oct/2023:07:35:56 -0500] "GET /sipse/faces/javax.faces.resource/theme.css?ln=primefaces-sipse HTTP/1.1" 304 -
181.53.13.125 - - [03/Oct/2023:07:35:56 -0500] "GET /sipse/faces/faces/autenticacion.xhtml HTTP/1.1" 200 12411
181.53.13.125 - - [03/Oct/2023:07:35:56 -0500] "GET /sipse/faces/javax.faces.resource/theme.css?ln=primefaces-sipse HTTP/1.1" 304 -
181.53.13.125 - - [03/Oct/2023:07:35:56 -0500] "GET /sipse/faces/javax.faces.resource/primefaces.css?ln=primefaces&v=4.0 HTTP/1.1" 304 -
181.53.13.125 - - [03/Oct/2023:07:35:56 -0500] "GET /sipse/faces/javax.faces.resource/jquery/jquery-plugins.js?ln=primefaces&v=4.0 HTTP/1.1" 304 -
181.53.13.125 - - [03/Oct/2023:07:35:56 -0500] "GET /sipse/faces/javax.faces.resource/layout/layout.css?ln=primefaces&v=4.0 HTTP/1.1" 304 -
181.53.13.125 - - [03/Oct/2023:07:35:56 -0500] "GET /sipse/faces/javax.faces.resource/layout/layout.js?ln=primefaces&v=4.0 HTTP/1.1" 304 -
181.53.13.125 - - [03/Oct/2023:07:35:56 -0500] "GET /sipse/faces/javax.faces.resource/jquery/jquery.js?ln=primefaces&v=4.0 HTTP/1.1" 304 -
181.53.13.125 - - [03/Oct/2023:07:35:56 -0500] "GET /sipse/faces/javax.faces.resource/primefaces.js?ln=primefaces&v=4.0 HTTP/1.1" 304 -
181.53.13.125 - - [03/Oct/2023:07:35:56 -0500] "GET /sipse/faces/javax.faces.resource/images/ui-icons_898989_256x240.png?ln=primefaces-aristo HTTP/1.1" 304 -
181.53.13.125 - - [03/Oct/2023:07:36:03 -0500] "POST /sipse/faces/autenticacion.xhtml HTTP/1.1" 200 2220
181.53.13.125 - - [03/Oct/2023:07:36:03 -0500] "GET /sipse/faces/javax.faces.resource/messages/messages.png?ln=primefaces&v=4.0 HTTP/1.1" 304 -
172.22.2.4 - - [03/Oct/2023:07:35:02 -0500] "GET /BLA/boletinlegal/ HTTP/1.1" 200 57323
201.245.192.253 - - [03/Oct/2023:07:36:52 -0500] "POST /kwsrmcab/Wsrmcab  HTTP/1.1" 200 42851
172.22.2.4 - - [03/Oct/2023:07:36:29 -0500] "GET /BLA/boletinlegal/ HTTP/1.1" 200 20427
201.245.192.253 - - [03/Oct/2023:07:37:50 -0500] "POST /kwsrmcab/Wsrmcab HTTP/1.1" 200 42616
201.245.192.253 - - [03/Oct/2023:07:37:53 -0500] "POST /kwsrmcab/Wsrmcab HTTP/1.1" 200 43045
173.252.83.12 - - [03/Oct/2023:07:38:23 -0500] "GET /participa-en-la-convocatoria-para-el-aseguramiento-metrologico-de-la-red-de-monitoreo-de-calidad-del-aire-de-bogota.html HTTP/1.1" 200 848
69.171.251.17 - - [03/Oct/2023:07:38:28 -0500] "GET /participa-en-la-convocatoria-para-el-aseguramiento-metrologico-de-la-red-de-monitoreo-de-calidad-del-aire-de-bogota.html HTTP/1.1" 200 848
216.245.221.92 - - [03/Oct/2023:07:39:39 -0500] "HEAD / HTTP/1.1" 200 -
172.22.2.4 - - [03/Oct/2023:07:40:01 -0500] "HEAD /BLA/boletinlegal/ HTTP/1.1" 200 -
201.245.192.253 - - [03/Oct/2023:07:41:51 -0500] "POST /kwsrmcab/Wsrmcab  HTTP/1.1" 200 42851
172.22.2.4 - - [03/Oct/2023:07:40:52 -0500] "GET /BLA/boletinlegal/ HTTP/1.1" 200 60342
216.245.221.92 - - [03/Oct/2023:07:44:39 -0500] "HEAD / HTTP/1.1" 200 -
201.245.192.253 - - [03/Oct/2023:07:46:50 -0500] "POST /kwsrmcab/Wsrmcab  HTTP/1.1" 200 42851
40.77.167.22 - - [03/Oct/2023:07:47:11 -0500] "GET /portaldeninos/tag/humedales-de-bogota/ HTTP/1.1" 200 93936
172.22.2.4 - - [03/Oct/2023:07:45:51 -0500] "HEAD /BLA/boletinlegal/ HTTP/1.1" 200 -
172.22.2.4 - - [03/Oct/2023:07:46:42 -0500] "GET /BLA/boletinlegal/ HTTP/1.1" 200 57790
216.244.66.195 - - [03/Oct/2023:07:49:37 -0500] "GET /BLA/resoluciones/RESOLUCIONES%202022/3289.pdf HTTP/1.1" 200 409907
216.245.221.92 - - [03/Oct/2023:07:49:39 -0500] "HEAD / HTTP/1.1" 200 -
216.244.66.195 - - [03/Oct/2023:07:50:22 -0500] "GET /BLA/resoluciones/RESOLUCIONES%202022/3333.pdf HTTP/1.1" 200 534059
216.244.66.195 - - [03/Oct/2023:07:51:09 -0500] "GET /BLA/resoluciones/RESOLUCIONES%202022/3450.pdf HTTP/1.1" 200 472137
201.245.192.253 - - [03/Oct/2023:07:51:49 -0500] "POST /kwsrmcab/Wsrmcab  HTTP/1.1" 200 42851
216.244.66.195 - - [03/Oct/2023:07:51:54 -0500] "GET /BLA/resoluciones/RESOLUCIONES%202022/3550.pdf HTTP/1.1" 200 452830
35.204.156.140 - - [03/Oct/2023:07:52:18 -0500] "GET /proximo-4-de-octubre-simulacro-distrital-de-evacuacion-dia-y-noche.html HTTP/1.1" 200 783
216.244.66.195 - - [03/Oct/2023:07:52:37 -0500] "GET /BLA/resoluciones/RESOLUCIONES%202022/3576.pdf HTTP/1.1" 200 395455
216.244.66.195 - - [03/Oct/2023:07:53:20 -0500] "GET /BLA/resoluciones/RESOLUCIONES%202022/3601.pdf HTTP/1.1" 200 440423
172.22.2.4 - - [03/Oct/2023:07:51:42 -0500] "HEAD /BLA/boletinlegal/ HTTP/1.1" 200 -
201.245.192.253 - - [03/Oct/2023:07:53:58 -0500] "GET /sipse/faces/faces/autenticacion.xhtml HTTP/1.1" 200 12733
201.245.192.253 - - [03/Oct/2023:07:53:58 -0500] "GET /sipse/faces/javax.faces.resource/theme.css?ln=primefaces-sipse HTTP/1.1" 304 -
201.245.192.253 - - [03/Oct/2023:07:53:58 -0500] "GET /sipse/faces/javax.faces.resource/layout/layout.css;jsessionid=QqiYAcGPKqXKcKrxdrn5rX0V.undefined?ln=primefaces&v=4.0 HTTP/1.1" 200 542
201.245.192.253 - - [03/Oct/2023:07:53:58 -0500] "GET /sipse/faces/javax.faces.resource/layout/layout.js;jsessionid=QqiYAcGPKqXKcKrxdrn5rX0V.undefined?ln=primefaces&v=4.0 HTTP/1.1" 200 87560
201.245.192.253 - - [03/Oct/2023:07:53:58 -0500] "GET /sipse/faces/javax.faces.resource/primefaces.css;jsessionid=QqiYAcGPKqXKcKrxdrn5rX0V.undefined?ln=primefaces&v=4.0 HTTP/1.1" 200 53295
201.245.192.253 - - [03/Oct/2023:07:53:58 -0500] "GET /sipse/faces/javax.faces.resource/jquery/jquery.js;jsessionid=QqiYAcGPKqXKcKrxdrn5rX0V.undefined?ln=primefaces&v=4.0 HTTP/1.1" 200 105384
201.245.192.253 - - [03/Oct/2023:07:53:58 -0500] "GET /sipse/faces/javax.faces.resource/primefaces.js;jsessionid=QqiYAcGPKqXKcKrxdrn5rX0V.undefined?ln=primefaces&v=4.0 HTTP/1.1" 200 276924
201.245.192.253 - - [03/Oct/2023:07:53:58 -0500] "GET /sipse/faces/javax.faces.resource/jquery/jquery-plugins.js;jsessionid=QqiYAcGPKqXKcKrxdrn5rX0V.undefined?ln=primefaces&v=4.0 HTTP/1.1" 200 220526
201.245.192.253 - - [03/Oct/2023:07:53:58 -0500] "GET /sipse/faces/javax.faces.resource/images/ui-icons_898989_256x240.png?ln=primefaces-aristo HTTP/1.1" 304 -
201.245.192.253 - - [03/Oct/2023:07:53:58 -0500] "GET /sipse/faces/faces/index.xhtml HTTP/1.1" 200 677
172.22.2.4 - - [03/Oct/2023:07:53:58 -0500] "GET /BLA/boletinlegal/Directivas/2015/Directiva%20No.%2001%20del%2014%20de%20Enero%20de%202015.pdf HTTP/1.1" 304 -
201.245.192.253 - - [03/Oct/2023:07:53:58 -0500] "GET /sipse/faces/javax.faces.resource/theme.css?ln=primefaces-sipse HTTP/1.1" 304 -
201.245.192.253 - - [03/Oct/2023:07:53:58 -0500] "GET /sipse/faces/faces/faces/autenticacion.xhtml HTTP/1.1" 200 12411
201.245.192.253 - - [03/Oct/2023:07:53:59 -0500] "GET /sipse/faces/javax.faces.resource/primefaces.css?ln=primefaces&v=4.0 HTTP/1.1" 304 -
201.245.192.253 - - [03/Oct/2023:07:53:59 -0500] "GET /sipse/faces/javax.faces.resource/jquery/jquery.js?ln=primefaces&v=4.0 HTTP/1.1" 304 -
201.245.192.253 - - [03/Oct/2023:07:53:59 -0500] "GET /sipse/faces/javax.faces.resource/theme.css?ln=primefaces-sipse HTTP/1.1" 304 -
201.245.192.253 - - [03/Oct/2023:07:53:59 -0500] "GET /sipse/faces/javax.faces.resource/primefaces.js?ln=primefaces&v=4.0 HTTP/1.1" 304 -
201.245.192.253 - - [03/Oct/2023:07:53:59 -0500] "GET /sipse/faces/javax.faces.resource/layout/layout.css?ln=primefaces&v=4.0 HTTP/1.1" 304 -
201.245.192.253 - - [03/Oct/2023:07:53:59 -0500] "GET /sipse/faces/javax.faces.resource/jquery/jquery-plugins.js?ln=primefaces&v=4.0 HTTP/1.1" 304 -
201.245.192.253 - - [03/Oct/2023:07:53:59 -0500] "GET /sipse/faces/javax.faces.resource/layout/layout.js?ln=primefaces&v=4.0 HTTP/1.1" 304 -
201.245.192.253 - - [03/Oct/2023:07:54:01 -0500] "POST /sipse/faces/autenticacion.xhtml HTTP/1.1" 200 11189
201.245.192.253 - - [03/Oct/2023:07:54:01 -0500] "GET /sipse/faces/javax.faces.resource/theme.css?ln=primefaces-sipse HTTP/1.1" 304 -
201.245.192.253 - - [03/Oct/2023:07:54:01 -0500] "GET /sipse/faces/javax.faces.resource/primefaces.css?ln=primefaces&v=4.0 HTTP/1.1" 304 -
201.245.192.253 - - [03/Oct/2023:07:54:01 -0500] "GET /sipse/faces/javax.faces.resource/layout/layout.css?ln=primefaces&v=4.0 HTTP/1.1" 304 -
201.245.192.253 - - [03/Oct/2023:07:54:01 -0500] "GET /sipse/faces/javax.faces.resource/jquery/jquery.js?ln=primefaces&v=4.0 HTTP/1.1" 304 -
201.245.192.253 - - [03/Oct/2023:07:54:01 -0500] "GET /sipse/faces/javax.faces.resource/jquery/jquery-plugins.js?ln=primefaces&v=4.0 HTTP/1.1" 304 -
201.245.192.253 - - [03/Oct/2023:07:54:01 -0500] "GET /sipse/faces/javax.faces.resource/primefaces.js?ln=primefaces&v=4.0 HTTP/1.1" 304 -
201.245.192.253 - - [03/Oct/2023:07:54:01 -0500] "GET /sipse/faces/javax.faces.resource/layout/layout.js?ln=primefaces&v=4.0 HTTP/1.1" 304 -
201.245.192.253 - - [03/Oct/2023:07:54:01 -0500] "GET /sipse/faces/javax.faces.resource/messages/messages.png?ln=primefaces&v=4.0 HTTP/1.1" 304 -
201.245.192.253 - - [03/Oct/2023:07:54:02 -0500] "GET /sipse/faces/javax.faces.resource/images/ui-icons_898989_256x240.png?ln=primefaces-aristo HTTP/1.1" 304 -
201.245.192.253 - - [03/Oct/2023:07:54:04 -0500] "POST /sipse/faces/presentacion/sistema/seguridad/seleccionRol.xhtml HTTP/1.1" 200 5624
216.244.66.195 - - [03/Oct/2023:07:54:04 -0500] "GET /BLA/resoluciones/RESOLUCIONES%202022/4479.pdf HTTP/1.1" 200 1734450
201.245.192.253 - - [03/Oct/2023:07:54:04 -0500] "POST /sipse/faces/presentacion/sistema/seguridad/seleccionRol.xhtml HTTP/1.1" 200 15185
201.245.192.253 - - [03/Oct/2023:07:54:05 -0500] "GET /sipse/faces/javax.faces.resource/layout/layout.css?ln=primefaces&v=4.0 HTTP/1.1" 304 -
201.245.192.253 - - [03/Oct/2023:07:54:05 -0500] "GET /sipse/faces/javax.faces.resource/theme.css?ln=primefaces-sipse HTTP/1.1" 304 -
201.245.192.253 - - [03/Oct/2023:07:54:05 -0500] "GET /sipse/faces/javax.faces.resource/primefaces.css?ln=primefaces&v=4.0 HTTP/1.1" 304 -
201.245.192.253 - - [03/Oct/2023:07:54:05 -0500] "GET /sipse/faces/javax.faces.resource/jquery/jquery.js?ln=primefaces&v=4.0 HTTP/1.1" 304 -
201.245.192.253 - - [03/Oct/2023:07:54:05 -0500] "GET /sipse/faces/javax.faces.resource/jquery/jquery-plugins.js?ln=primefaces&v=4.0 HTTP/1.1" 304 -
201.245.192.253 - - [03/Oct/2023:07:54:05 -0500] "GET /sipse/faces/javax.faces.resource/primefaces.js?ln=primefaces&v=4.0 HTTP/1.1" 304 -
201.245.192.253 - - [03/Oct/2023:07:54:05 -0500] "GET /sipse/faces/javax.faces.resource/layout/layout.js?ln=primefaces&v=4.0 HTTP/1.1" 304 -
201.245.192.253 - - [03/Oct/2023:07:54:05 -0500] "GET /sipse/css/imagen/contrasena.png HTTP/1.1" 404 383
201.245.192.253 - - [03/Oct/2023:07:54:06 -0500] "GET /sipse/faces/javax.faces.resource/images/ui-bg_flat_0_2d5972_40x100.png?ln=primefaces-aristo HTTP/1.1" 304 -
201.245.192.253 - - [03/Oct/2023:07:54:06 -0500] "POST /sipse/faces/bienvenido.xhtml HTTP/1.1" 200 3246
201.245.192.253 - - [03/Oct/2023:07:54:07 -0500] "POST /sipse/faces/bienvenido.xhtml HTTP/1.1" 200 63303
201.245.192.253 - - [03/Oct/2023:07:54:07 -0500] "GET /sipse/faces/javax.faces.resource/theme.css?ln=primefaces-sipse HTTP/1.1" 304 -
201.245.192.253 - - [03/Oct/2023:07:54:07 -0500] "GET /sipse/faces/javax.faces.resource/primefaces.css?ln=primefaces&v=4.0 HTTP/1.1" 304 -
201.245.192.253 - - [03/Oct/2023:07:54:07 -0500] "GET /sipse/faces/javax.faces.resource/layout/layout.css?ln=primefaces&v=4.0 HTTP/1.1" 304 -
201.245.192.253 - - [03/Oct/2023:07:54:07 -0500] "GET /sipse/faces/javax.faces.resource/jquery/jquery.js?ln=primefaces&v=4.0 HTTP/1.1" 304 -
201.245.192.253 - - [03/Oct/2023:07:54:07 -0500] "GET /sipse/faces/javax.faces.resource/jquery/jquery-plugins.js?ln=primefaces&v=4.0 HTTP/1.1" 304 -
201.245.192.253 - - [03/Oct/2023:07:54:07 -0500] "GET /sipse/faces/javax.faces.resource/primefaces.js?ln=primefaces&v=4.0 HTTP/1.1" 304 -
201.245.192.253 - - [03/Oct/2023:07:54:07 -0500] "GET /sipse/faces/javax.faces.resource/layout/layout.js?ln=primefaces&v=4.0 HTTP/1.1" 304 -
201.245.192.253 - - [03/Oct/2023:07:54:07 -0500] "POST /sipse/faces/presentacion/financiero/solicitudProceso/listarSolicitudProceso.xhtml HTTP/1.1" 200 1552
201.245.192.253 - - [03/Oct/2023:07:54:08 -0500] "POST /sipse/faces/presentacion/financiero/solicitudProceso/listarSolicitudProceso.xhtml HTTP/1.1" 200 46250
201.245.192.253 - - [03/Oct/2023:07:54:10 -0500] "POST /sipse/faces/presentacion/financiero/solicitudProceso/listarSolicitudProceso.xhtml HTTP/1.1" 200 1556
201.245.192.253 - - [03/Oct/2023:07:54:10 -0500] "POST /sipse/faces/presentacion/financiero/solicitudProceso/listarSolicitudProceso.xhtml HTTP/1.1" 200 7530
201.245.192.253 - - [03/Oct/2023:07:54:10 -0500] "POST /sipse/faces/presentacion/financiero/solicitudProceso/listarSolicitudProceso.xhtml HTTP/1.1" 200 19337
172.22.2.4 - - [03/Oct/2023:07:52:32 -0500] "GET /BLA/boletinlegal/ HTTP/1.1" 200 58187
216.245.221.92 - - [03/Oct/2023:07:54:39 -0500] "HEAD / HTTP/1.1" 200 -
216.244.66.195 - - [03/Oct/2023:07:54:59 -0500] "GET /BLA/resoluciones/RESOLUCIONES%202022/5213.pdf HTTP/1.1" 200 295247
216.244.66.195 - - [03/Oct/2023:07:55:31 -0500] "GET /BLA/resoluciones/RESOLUCIONES%202023/0460.pdf HTTP/1.1" 200 454404
216.244.66.195 - - [03/Oct/2023:07:56:08 -0500] "GET /BLA/resoluciones/RESOLUCIONES%202023/0830.pdf HTTP/1.1" 200 640696
216.244.66.195 - - [03/Oct/2023:07:56:44 -0500] "GET /BLA/resoluciones/RESOLUCIONES%202023/1028.pdf HTTP/1.1" 200 341193
201.245.192.253 - - [03/Oct/2023:07:56:48 -0500] "POST /kwsrmcab/Wsrmcab  HTTP/1.1" 200 42851
216.244.66.195 - - [03/Oct/2023:07:57:19 -0500] "GET /BLA/resoluciones/AUTOS%202007/0809.pdf HTTP/1.1" 200 90807
216.244.66.195 - - [03/Oct/2023:07:57:49 -0500] "GET /BLA/resoluciones/AUTOS%202007/1904.pdf HTTP/1.1" 200 48373
172.22.2.4 - - [03/Oct/2023:07:57:58 -0500] "GET /BLA/boletinlegal/images/body_bg.jpg HTTP/1.1" 200 1601
172.22.2.4 - - [03/Oct/2023:07:57:58 -0500] "GET /BLA/boletinlegal/images/menu_lft.gif HTTP/1.1" 200 1713
172.22.2.4 - - [03/Oct/2023:07:57:59 -0500] "GET /BLA/boletinlegal/images/menu_rght.gif HTTP/1.1" 200 1627
172.22.2.4 - - [03/Oct/2023:07:57:59 -0500] "GET /BLA/boletinlegal/images/bg_top.jpg HTTP/1.1" 200 522
172.22.2.4 - - [03/Oct/2023:07:57:59 -0500] "GET /BLA/boletinlegal/images/menu_bg.jpg HTTP/1.1" 200 620
172.22.2.4 - - [03/Oct/2023:07:57:59 -0500] "GET /BLA/boletinlegal/images/hover.jpg HTTP/1.1" 200 640
172.22.2.4 - - [03/Oct/2023:07:57:59 -0500] "GET /BLA/boletinlegal/images/text.jpg HTTP/1.1" 200 568
172.22.2.4 - - [03/Oct/2023:07:58:06 -0500] "GET /BLA/boletinlegal/images/screen_2.png HTTP/1.1" 200 362502
172.22.2.4 - - [03/Oct/2023:07:58:06 -0500] "GET /BLA/boletinlegal/images/screen_3.png HTTP/1.1" 200 210620
172.22.2.4 - - [03/Oct/2023:07:58:06 -0500] "GET /BLA/boletinlegal/images/screen_5.png HTTP/1.1" 200 368876
172.22.2.4 - - [03/Oct/2023:07:58:06 -0500] "GET /BLA/boletinlegal/images/footer_bg.jpg HTTP/1.1" 200 586
172.22.2.4 - - [03/Oct/2023:07:58:06 -0500] "GET /BLA/boletinlegal/images/arr_r.jpg HTTP/1.1" 200 1998
172.22.2.4 - - [03/Oct/2023:07:58:06 -0500] "GET /BLA/boletinlegal/actos.php HTTP/1.1" 200 9682
172.22.2.4 - - [03/Oct/2023:07:58:06 -0500] "GET /BLA/boletinlegal/niceforms.js HTTP/1.1" 200 22876
172.22.2.4 - - [03/Oct/2023:07:58:06 -0500] "GET /BLA/boletinlegal/niceforms-default.css HTTP/1.1" 200 6694
172.22.2.4 - - [03/Oct/2023:07:58:07 -0500] "GET /BLA/boletinlegal/js/lib.js HTTP/1.1" 200 6474
172.22.2.4 - - [03/Oct/2023:07:58:07 -0500] "GET /BLA/boletinlegal/js/ajax_actos.js HTTP/1.1" 200 1322
172.22.2.4 - - [03/Oct/2023:07:58:07 -0500] "GET /BLA/boletinlegal/js/popup.js HTTP/1.1" 200 1270
172.22.2.4 - - [03/Oct/2023:07:58:07 -0500] "GET /BLA/boletinlegal/js/jquery1.js HTTP/1.1" 200 29846
172.22.2.4 - - [03/Oct/2023:07:58:07 -0500] "GET /BLA/boletinlegal/images/green-yellow-blue-pink-th.png HTTP/1.1" 200 7394
172.22.2.4 - - [03/Oct/2023:07:58:07 -0500] "GET /BLA/boletinlegal/images/tel.png HTTP/1.1" 200 14477
172.22.2.4 - - [03/Oct/2023:07:58:07 -0500] "GET /BLA/boletinlegal/images/icono-email.png HTTP/1.1" 200 5544
172.22.2.4 - - [03/Oct/2023:07:58:07 -0500] "GET /BLA/boletinlegal/images/footer_bg_l.jpg HTTP/1.1" 200 776
172.22.2.4 - - [03/Oct/2023:07:58:07 -0500] "GET /BLA/boletinlegal/img/0.png HTTP/1.1" 200 110
172.22.2.4 - - [03/Oct/2023:07:58:07 -0500] "GET /BLA/boletinlegal/img/select-right.png HTTP/1.1" 200 44019
172.22.2.4 - - [03/Oct/2023:07:58:07 -0500] "GET /BLA/boletinlegal/img/select-left.png HTTP/1.1" 200 263
172.22.2.4 - - [03/Oct/2023:07:58:07 -0500] "GET /BLA/boletinlegal/img/button-left.png HTTP/1.1" 200 57071
172.22.2.4 - - [03/Oct/2023:07:58:07 -0500] "GET /BLA/boletinlegal/img/button.png HTTP/1.1" 200 43241
172.22.2.4 - - [03/Oct/2023:07:58:07 -0500] "GET /BLA/boletinlegal/img/button-right.png HTTP/1.1" 200 57878
172.22.2.4 - - [03/Oct/2023:07:58:07 -0500] "GET /BLA/boletinlegal/favicon.ico HTTP/1.1" 404 1326
216.244.66.195 - - [03/Oct/2023:07:58:18 -0500] "GET /BLA/resoluciones/AUTOS%202007/1936.pdf HTTP/1.1" 200 153708
172.22.2.4 - - [03/Oct/2023:07:58:19 -0500] "GET /BLA/boletinlegal/images/pdf.gif HTTP/1.1" 200 567
172.22.2.4 - - [03/Oct/2023:07:58:28 -0500] "GET /BLA/boletinlegal/consulta_actos.php?tipo=resoluciones&no=&usuario=&sector=MINERIA&fecha=2023&resuelve=resuelve HTTP/1.1" 200 1126
201.245.192.253 - - [03/Oct/2023:07:58:40 -0500] "GET /BLA/resoluciones/RESOLUCIONES%202023/0814.pdf HTTP/1.1" 200 1198128
201.245.192.253 - - [03/Oct/2023:07:58:40 -0500] "GET /favicon.ico HTTP/1.1" 200 7782
216.244.66.195 - - [03/Oct/2023:07:58:49 -0500] "GET /BLA/resoluciones/AUTOS%202010/0411.pdf HTTP/1.1" 200 200587
172.22.2.4 - - [03/Oct/2023:07:59:04 -0500] "GET /BLA/boletinlegal/consulta_actos.php?tipo=resoluciones&no=&usuario=&sector=MINERIA&fecha=2023&resuelve=sanci%F3n HTTP/1.1" 200 626
172.22.2.4 - - [03/Oct/2023:07:59:08 -0500] "GET /BLA/boletinlegal/consulta_actos.php?tipo=resoluciones&no=&usuario=&sector=MINERIA&fecha=2022&resuelve=sanci%F3n HTTP/1.1" 200 1094
172.22.2.4 - - [03/Oct/2023:07:57:32 -0500] "HEAD /BLA/boletinlegal/ HTTP/1.1" 200 -
172.22.2.4 - - [03/Oct/2023:07:59:15 -0500] "GET /BLA/boletinlegal/consulta_actos.php?tipo=resoluciones&no=&usuario=&sector=MINERIA&fecha=2021&resuelve=sanci%F3n HTTP/1.1" 200 3057
172.22.2.4 - - [03/Oct/2023:07:59:15 -0500] "GET /BLA/boletinlegal/images/background.gif HTTP/1.1" 200 -
216.244.66.195 - - [03/Oct/2023:07:59:16 -0500] "GET /BLA/resoluciones/AUTOS%202010/0412.pdf HTTP/1.1" 200 245515
172.22.2.4 - - [03/Oct/2023:07:59:22 -0500] "GET /BLA/boletinlegal/consulta_actos.php?tipo=resoluciones&no=&usuario=&sector=MINERIA&fecha=2020&resuelve=sanci%F3n HTTP/1.1" 200 3448
172.22.2.4 - - [03/Oct/2023:07:59:26 -0500] "GET /BLA/boletinlegal/Public/home/js/check.js HTTP/1.1" 404 1018
172.22.2.4 - - [03/Oct/2023:07:59:27 -0500] "GET /BLA/boletinlegal/static/admin/javascript/hetong.js HTTP/1.1" 404 1018
172.22.2.4 - - [03/Oct/2023:07:59:33 -0500] "GET /BLA/boletinlegal/consulta_actos.php?tipo=resoluciones&no=&usuario=&sector=MINERIA&fecha=2020&resuelve=resuelve%20proceso HTTP/1.1" 200 626
172.22.2.4 - - [03/Oct/2023:07:59:35 -0500] "GET /BLA/boletinlegal/consulta_actos.php?tipo=resoluciones&no=&usuario=&sector=MINERIA&fecha=2020&resuelve=resuelve%20proceso HTTP/1.1" 200 626
172.22.2.4 - - [03/Oct/2023:07:57:56 -0500] "GET /BLA/boletinlegal/ HTTP/1.1" 200 40614
172.22.2.4 - - [03/Oct/2023:07:57:57 -0500] "GET /BLA/boletinlegal/ HTTP/1.1" 200 40981
172.22.2.4 - - [03/Oct/2023:07:59:38 -0500] "GET /BLA/boletinlegal/consulta_actos.php?tipo=resoluciones&no=&usuario=&sector=MINERIA&fecha=2021&resuelve=resuelve%20proceso HTTP/1.1" 200 626
216.245.221.92 - - [03/Oct/2023:07:59:39 -0500] "HEAD / HTTP/1.1" 200 -
172.22.2.4 - - [03/Oct/2023:07:59:41 -0500] "GET /BLA/boletinlegal/consulta_actos.php?tipo=resoluciones&no=&usuario=&sector=MINERIA&fecha=2022&resuelve=resuelve%20proceso HTTP/1.1" 200 626
216.244.66.195 - - [03/Oct/2023:07:59:45 -0500] "GET /BLA/resoluciones/AUTOS%202010/1279.pdf HTTP/1.1" 200 464777
172.22.2.4 - - [03/Oct/2023:07:59:48 -0500] "GET /BLA/boletinlegal/consulta_actos.php?tipo=resoluciones&no=&usuario=&sector=MINERIA&fecha=2022&resuelve=impone HTTP/1.1" 200 1179
172.22.2.4 - - [03/Oct/2023:07:59:51 -0500] "GET /BLA/boletinlegal/consulta_actos.php?tipo=resoluciones&no=&usuario=&sector=MINERIA&fecha=2023&resuelve=impone HTTP/1.1" 200 626
172.22.2.4 - - [03/Oct/2023:07:59:56 -0500] "GET /BLA/boletinlegal/consulta_actos.php?tipo=resoluciones&no=&usuario=&sector=MINERIA&fecha=2020&resuelve=impone HTTP/1.1" 200 626
172.22.2.4 - - [03/Oct/2023:07:58:22 -0500] "GET /BLA/boletinlegal/ HTTP/1.1" 200 45101
172.22.2.4 - - [03/Oct/2023:08:00:05 -0500] "GET /BLA/boletinlegal/consulta_actos.php?tipo=resoluciones&no=&usuario=&sector=MINERIA&fecha=2020&resuelve=proceso%20sancionatorio HTTP/1.1" 200 626
172.22.2.4 - - [03/Oct/2023:08:00:07 -0500] "GET /BLA/boletinlegal/consulta_actos.php?tipo=resoluciones&no=&usuario=&sector=MINERIA&fecha=2020&resuelve=proceso%20sancionatorio HTTP/1.1" 200 626
172.22.2.4 - - [03/Oct/2023:08:00:10 -0500] "GET /BLA/boletinlegal/consulta_actos.php?tipo=resoluciones&no=&usuario=&sector=MINERIA&fecha=2021&resuelve=proceso%20sancionatorio HTTP/1.1" 200 626
172.22.2.4 - - [03/Oct/2023:08:00:10 -0500] "GET /BLA/boletinlegal/consulta_actos.php?tipo=resoluciones&no=&usuario=&sector=MINERIA&fecha=2021&resuelve=proceso%20sancionatorio HTTP/1.1" 200 626
216.244.66.195 - - [03/Oct/2023:08:00:10 -0500] "GET /BLA/resoluciones/AUTOS%202010/1390.pdf HTTP/1.1" 200 246883
172.22.2.4 - - [03/Oct/2023:08:00:19 -0500] "GET /BLA/boletinlegal/consulta_actos.php?tipo=resoluciones&no=&usuario=&sector=MINERIA&fecha=2023&resuelve=proceso%20sancionatorio HTTP/1.1" 200 626
172.22.2.4 - - [03/Oct/2023:08:00:25 -0500] "GET /BLA/boletinlegal/consulta_actos.php?tipo=resoluciones&no=&usuario=&sector=MINERIA&fecha=2023&resuelve=resuelve HTTP/1.1" 200 1126
172.22.2.4 - - [03/Oct/2023:08:00:29 -0500] "GET /BLA/boletinlegal/consulta_actos.php?tipo=resoluciones&no=&usuario=&sector=MINERIA&fecha=2022&resuelve=resuelve HTTP/1.1" 200 1094
201.245.192.253 - - [03/Oct/2023:08:00:31 -0500] "GET /BLA/resoluciones/RESOLUCIONES%202022/0828.pdf HTTP/1.1" 200 375322
216.244.66.195 - - [03/Oct/2023:08:00:36 -0500] "GET /BLA/resoluciones/AUTOS%202010/1468.pdf HTTP/1.1" 200 257227
172.22.2.4 - - [03/Oct/2023:08:00:52 -0500] "GET /BLA/boletinlegal/consulta_actos.php?tipo=resoluciones&no=&usuario=&sector=MINERIA&fecha=2021&resuelve=resuelve HTTP/1.1" 200 2230
172.22.2.4 - - [03/Oct/2023:08:00:58 -0500] "GET /BLA/boletinlegal/consulta_actos.php?tipo=resoluciones&no=&usuario=&sector=MINERIA&fecha=2020&resuelve=resuelve HTTP/1.1" 200 1582
216.244.66.195 - - [03/Oct/2023:08:00:59 -0500] "GET /BLA/resoluciones/AUTOS%202010/1482.pdf HTTP/1.1" 200 261145
172.22.2.4 - - [03/Oct/2023:08:01:04 -0500] "GET /BLA/boletinlegal/consulta_actos.php?tipo=resoluciones&no=&usuario=&sector=MINERIA&fecha=2019&resuelve=resuelve HTTP/1.1" 200 4207
201.245.192.253 - - [03/Oct/2023:08:01:06 -0500] "GET /BLA/resoluciones/RESOLUCIONES%202019/3227.pdf HTTP/1.1" 200 426732
201.245.192.253 - - [03/Oct/2023:08:01:10 -0500] "GET /BLA/resoluciones/RESOLUCIONES%202019/2027.pdf HTTP/1.1" 200 298529
201.245.192.253 - - [03/Oct/2023:08:01:13 -0500] "GET /BLA/resoluciones/RESOLUCIONES%202019/2026.pdf HTTP/1.1" 200 391004
201.245.192.253 - - [03/Oct/2023:08:01:16 -0500] "GET /BLA/resoluciones/RESOLUCIONES%202019/2024.pdf HTTP/1.1" 200 381689
216.244.66.195 - - [03/Oct/2023:08:01:21 -0500] "GET /BLA/resoluciones/AUTOS%202010/4016.pdf HTTP/1.1" 200 3230666
191.95.54.17 - - [03/Oct/2023:08:01:46 -0500] "GET /proximo-4-de-octubre-simulacro-distrital-de-evacuacion-dia-y-noche.html HTTP/1.1" 206 783
191.95.54.17 - - [03/Oct/2023:08:01:46 -0500] "GET /images/simulacro.jpg HTTP/1.1" 206 70588
201.245.192.253 - - [03/Oct/2023:08:01:47 -0500] "POST /kwsrmcab/Wsrmcab  HTTP/1.1" 200 42851
216.244.66.195 - - [03/Oct/2023:08:02:01 -0500] "GET /BLA/resoluciones/AUTOS%202010/4582.pdf HTTP/1.1" 200 177409
216.244.66.195 - - [03/Oct/2023:08:02:31 -0500] "GET /BLA/resoluciones/AUTOS%202010/4642.pdf HTTP/1.1" 200 325779
216.244.66.195 - - [03/Oct/2023:08:03:00 -0500] "GET /BLA/resoluciones/AUTOS%202010/5373.pdf HTTP/1.1" 200 1540998
216.244.66.195 - - [03/Oct/2023:08:03:46 -0500] "GET /BLA/resoluciones/AUTOS%202010/5660.pdf HTTP/1.1" 200 254255
216.244.66.195 - - [03/Oct/2023:08:04:17 -0500] "GET /BLA/resoluciones/AUTOS%202010/5725.pdf HTTP/1.1" 200 229967
216.245.221.92 - - [03/Oct/2023:08:04:39 -0500] "HEAD / HTTP/1.1" 200 -
216.244.66.195 - - [03/Oct/2023:08:04:46 -0500] "GET /BLA/resoluciones/AUTOS%202010/6263.pdf HTTP/1.1" 200 126957
172.22.2.4 - - [03/Oct/2023:08:03:21 -0500] "HEAD /BLA/boletinlegal/ HTTP/1.1" 200 -
52.167.144.220 - - [03/Oct/2023:08:05:13 -0500] "GET /abierta-convocatoria-para-postular-a-organizaciones-que-desarrollan-actividades-de-voluntariado-ambiental-en-bogota.html HTTP/1.1" 200 880
216.244.66.195 - - [03/Oct/2023:08:05:14 -0500] "GET /BLA/resoluciones/AUTOS%202010/6589.pdf HTTP/1.1" 200 1979096
216.244.66.195 - - [03/Oct/2023:08:05:44 -0500] "GET /BLA/resoluciones/AUTOS%202010/6626.pdf HTTP/1.1" 200 148721
172.22.2.4 - - [03/Oct/2023:08:04:12 -0500] "GET /BLA/boletinlegal/ HTTP/1.1" 200 60342
191.156.51.41 - - [03/Oct/2023:08:06:03 -0500] "GET /proximo-4-de-octubre-simulacro-distrital-de-evacuacion-dia-y-noche.html HTTP/1.1" 200 783
216.244.66.195 - - [03/Oct/2023:08:06:10 -0500] "GET /BLA/resoluciones/AUTOS%202010/6687.pdf HTTP/1.1" 200 188263
181.53.13.226 - - [03/Oct/2023:08:06:22 -0500] "GET /Publicaciones/SSFFS-09539-2023.zip HTTP/1.1" 404 232
216.244.66.195 - - [03/Oct/2023:08:06:36 -0500] "GET /BLA/resoluciones/AUTOS%202011/3295.pdf HTTP/1.1" 200 217591
201.245.192.253 - - [03/Oct/2023:08:06:45 -0500] "POST /kwsrmcab/Wsrmcab  HTTP/1.1" 200 42851
216.244.66.195 - - [03/Oct/2023:08:07:00 -0500] "GET /BLA/resoluciones/RESOLUCIONES%202016/0264.pdf HTTP/1.1" 200 764573
181.53.13.226 - - [03/Oct/2023:08:07:20 -0500] "GET /Publicaciones/SSFFS-09568-2023.zip HTTP/1.1" 404 232
216.244.66.195 - - [03/Oct/2023:08:07:24 -0500] "GET /BLA/resoluciones/RESOLUCIONES%202016/0346.pdf HTTP/1.1" 200 861720
181.53.13.226 - - [03/Oct/2023:08:07:43 -0500] "GET /Publicaciones/SSFFS-09031-2023.zip HTTP/1.1" 200 2008928
216.244.66.195 - - [03/Oct/2023:08:07:50 -0500] "GET /BLA/resoluciones/RESOLUCIONES%202016/1325.pdf HTTP/1.1" 200 677143
216.244.66.195 - - [03/Oct/2023:08:08:12 -0500] "GET /BLA/resoluciones/RESOLUCIONES%202016/1441.pdf HTTP/1.1" 200 594394
216.244.66.195 - - [03/Oct/2023:08:08:33 -0500] "GET /BLA/resoluciones/RESOLUCIONES%202016/1552.pdf HTTP/1.1" 200 622794
216.244.66.195 - - [03/Oct/2023:08:08:53 -0500] "GET /BLA/resoluciones/RESOLUCIONES%202016/1785.pdf HTTP/1.1" 200 439648
216.244.66.195 - - [03/Oct/2023:08:09:12 -0500] "GET /BLA/resoluciones/RESOLUCIONES%202016/1808.pdf HTTP/1.1" 200 528184
216.244.66.195 - - [03/Oct/2023:08:09:31 -0500] "GET /BLA/resoluciones/RESOLUCIONES%202016/2532.pdf HTTP/1.1" 200 510802
216.245.221.92 - - [03/Oct/2023:08:09:39 -0500] "HEAD / HTTP/1.1" 200 -
216.244.66.195 - - [03/Oct/2023:08:09:48 -0500] "GET /BLA/resoluciones/RESOLUCIONES%202017/0359.pdf HTTP/1.1" 200 2345773
186.102.86.37 - - [03/Oct/2023:08:10:15 -0500] "GET /kwssiamovil/sm/ldap/au?x=U2FsdGVkX1+Uiw8jiQjEu+/na53Cp4ZP1nl27qmsr1VqcWytZ69K/VKajTGiR2d9ZZd8dAJvaVWN0GTosW/iFg==&y=U2FsdGVkX18gWK+ZYZcEHN0ebRgOJ9M8914w22ra/jM2HcFPGMBhgXw+VGLs02FX HTTP/1.1" 200 30
186.102.86.37 - - [03/Oct/2023:08:10:15 -0500] "GET /kwssiamovil/sm/acme/s?s=U2FsdGVkX1/IiXWCX0Fkq0SFuL7MiZQBTWp7wokKXRhnAvifeKktaGEMDQbO/DZ/0x11AOP4evOAru5Qp8tTjSOgnnQJPPUnyIT8zXfJ8JA=&u=U2FsdGVkX1+/FJgb69jEhlFprpJW0zNRN2kkpG7cjlbx9s02H9EKLhBtQ1yaXKtz&y=U2FsdGVkX18gWK+ZYZcEHN0ebRgOJ9M8914w22ra/jM2HcFPGMBhgXw+VGLs02FX HTTP/1.1" 200 97
186.102.86.37 - - [03/Oct/2023:08:10:15 -0500] "GET /kwssiamovil/sm/acme/s?s=U2FsdGVkX1/6FGI7tobQz1ni9PhAxMcDJLsZp5R6rEeqYnKJd9l52HhSavA6aVnL9FsDJWLiDA8CqPNFfMXOI+eDcWllbSfdwVOW3B2OhrpAWvsudVwRAAx/DjvpzbQi1ehNw1/huZ7e2E9phsW0weFl+8S7bogbQoaMFUCOy9D6hE+UMd2I0LhQ73lNI7J+v+v/T+AdzaVlMy1lGaRiURmhUK6+9tFIRXBxsQoMy3YsCtvj6oAJWPS3Lcmo8xfrtw0HApQzwWV15ObkasmShRHQoYqmGEQAhjDPINum7jFjIECbNcMIRE+wV5SwEGbUbSD6TjqDJLep1pjdO69kfWEH8jJhKHpBXXcnO8w/MkBquGuCwdNHS1p4i6AwBp5oHna83i4wPQoRJWaA08o5u6UzzqiTcdkt7yrH0Q6R8kpa1V/WJ7QpYG8RySYvnwvk3YUASHaK4uegb1/2dBroSgpbQiuZdQABi3L1MlNBKsEx/g/5vAStVlvZHB5HBlkq1yCgyL7hpVZQRdg+SAx7OnOXpI5qZCbJBal649HFCFI6XqZ4rx98OONRIb0GtglGyCvanhvnyxT2JbkB957jTVqqW4XfFIIrMqfKC1GWhmuePpRk5dPt4ayYVvukte1TU2ZEC59RnzPw/AVqfcqJNXIKo6l3jCnDkmhU5M2VjG1iOFgIlyzrWNgt9ld3kMBFHgOcZwohJIGnYxIyHz9lVFw1SYyA9ynR6Gd13o6G+/S/ZF6xmT8T9cvSgO+PUCh9JjwdpBrNYZrkoSDj19626gCcDLBaiCiX/M4jOwnqYoxZhlCZZkiMf9lgKzW/yOaD5c29Pli792R2Ql9N4xBbqm347yxFlc3F7t6+WXFeX0VAqi0An+e+ws3JPt1wNXWiSmksJkF6YDEdE+4YUYByw9hjH8o2eXGcXZn0BUbVNyHUhtsOMtAiHcptTGMhnU/E/0Wlml0vJME9WtwH+k8Mz971z79evZq+Yq2BYhWZIaw7mBdmeeWxEiZFkJjw8qAWeAzFhQ2WInc0SUTO1G9+Tk9jC+KgAEEtw7IxIBzLChafTghB+HINUjssGO57ALk9InImrA2TxGhtikjeQ0k+JqyDReCphCI6fGYGoakvrWPHD79Wp+VWNDnlhaPgpKK8XEcgi3RfCM/MUP2s3lFwNvBZpZgR6wl3/5ntMd1aXxf+5VztN6/qn2W0KjL+QbWV7GOTRXiib3leLH87VoDF+JByLT3ChkE6plXapns79i8tdvqFfk7RgvkU9Qpba2PsGGHbokR4/74pY7LX8X1pK/noUJo+XJGmJgvvRIqiYsaQonPUQRLHzhLeOSsE7eMwv2khyMa8ylXt4v7e0qm5um7ISxkN5QkFnRlZZ9D/KNXs2jZN8xmfUm7rPgu1ZEBM1CDTDJoGOsR2qDM4Jm2Rr9BthXQOPBTqXu6BxFbGSiC//ykxTtTg/bj+5xl5aMgw7P995ZAkfKRVkBjfDP9jkpek/ptHkkN/4rauMJHNlmvv3xsyHR7tBjrlxW8HAy+SNF+hTzfpfvR0SUngybQXZellvYMKqdWVFAXZfpY3O2iuZacJCRQLZl7HSDQ67MmKjEpwKcPUH4I8Vj/gke2JH6OiJ91yTdaWRrgoqrgQSmOjlbJ8Xhm/oA/J6sEUz0YtHufb28mklHOjhdh+Vx2tISQCLQpQo6f+O79HoVVkhI98GJq6caw0tVag12IkhIy4rPux9YqIMqatpfgmD4+e68ZsN/Oxj/+8Xb5X847yvHvMwDAjVdT0zDnzRnlEZBjm&u=U2FsdGVkX1+/FJgb69jEhlFprpJW0zNRN2kkpG7cjlbx9s02H9EKLhBtQ1yaXKtz&y=U2FsdGVkX18gWK+ZYZcEHN0ebRgOJ9M8914w22ra/jM2HcFPGMBhgXw+VGLs02FX HTTP/1.1" 200 6185
186.102.86.37 - - [03/Oct/2023:08:10:15 -0500] "GET /kwssiamovil/sm/acme/s?s=U2FsdGVkX1/lac4az66YcpaBrLVrZ4OvRa6zl/5tgIM2Jaxn2lAR41FrpkQJPQOss204UXaSI1xgjEHbp8jP9zETDmCGPgfCDNY45kZJZbiB99i4mC2KVgwwJlk57Bw7dTMo/TPLDS/naU6CXkPQ3b9BMA3JIC5VfKoLg0Re/piSlpKsaOInWZNV3uCcxZoFEdXRTdjhEu4HXcrbcSkuEH6FvLHswwwhKEOUVNByCqpsggOkdcUeZMCIcFT5na9a+SVli64FFzp8Bu/+7I0/fIxvCptJLd3e02xzLiJPnlLrF1tbeBVflJDe9QBx8cu4xYjW365wWgUA222fW7mdaNpYRF60895EqrYOSFGbTron2JskMaREwHAiM92jp/G12Reep8mR22p4b7Bn/INV0My3YVBecolCEJlOTp6g0sLINloz8CbJ0H+tnrYx1IWdwkYsge2JrkLjoWx8Kcom4ZoWUDST3uw0TJir68PRfzkcs8pZSl6p7NldjatOO6UD1w8FO2/1Z0MwiIbeIYRy9khcT2Vjxxnn2fZjSmmDFT/Sa6bY+HhnLnJms63m2T3cxDPiqAV35OCk+fG+VNH+dXJUrO+L0wPe16jiSdqHvJKZdDZXAGFxzfOC5pi9pJOVvl+MbAtxae1KmFTx00522Z5c2ox4tnLaehPC4SvNoXPbgqhR4xgVbPWEhgMvKbLKBpGqywdU9w8V5jbzng8Fjn1CeIG0RfCBs5vn3ErCKoCApMnJCtaEsiY2KkMt+MQJCwVV2jBTGimskSr8nz24cA==&u=U2FsdGVkX1+/FJgb69jEhlFprpJW0zNRN2kkpG7cjlbx9s02H9EKLhBtQ1yaXKtz&y=U2FsdGVkX18gWK+ZYZcEHN0ebRgOJ9M8914w22ra/jM2HcFPGMBhgXw+VGLs02FX HTTP/1.1" 200 208
186.102.86.37 - - [03/Oct/2023:08:10:16 -0500] "GET /kwssiamovil/sm/cjson/pre?f=1&x=U2FsdGVkX1+Uiw8jiQjEu+/na53Cp4ZP1nl27qmsr1VqcWytZ69K/VKajTGiR2d9ZZd8dAJvaVWN0GTosW/iFg== HTTP/1.1" 200 31032
216.244.66.195 - - [03/Oct/2023:08:10:21 -0500] "GET /BLA/resoluciones/RESOLUCIONES%202017/0769.pdf HTTP/1.1" 200 2265671
172.22.2.4 - - [03/Oct/2023:08:09:11 -0500] "HEAD /BLA/boletinlegal/ HTTP/1.1" 200 -
66.102.8.36 - - [03/Oct/2023:08:10:58 -0500] "GET /BLA/resoluciones/RESOLUCIONES%202019/3640.pdf HTTP/1.1" 200 450788
172.22.2.4 - - [03/Oct/2023:08:10:02 -0500] "GET /BLA/boletinlegal/ HTTP/1.1" 200 56970
201.245.192.253 - - [03/Oct/2023:08:11:44 -0500] "POST /kwsrmcab/Wsrmcab  HTTP/1.1" 200 42851
172.22.2.4 - - [03/Oct/2023:08:11:50 -0500] "GET /BLA/boletinlegal/jquery-3.3.1.min.js HTTP/1.1" 404 1152
172.22.2.4 - - [03/Oct/2023:08:11:51 -0500] "POST /BLA/boletinlegal/categories/Yud HTTP/1.1" 404 1018
172.22.2.4 - - [03/Oct/2023:08:11:52 -0500] "POST /BLA/boletinlegal/nation.php HTTP/1.1" 404 1018
172.22.2.4 - - [03/Oct/2023:08:11:54 -0500] "GET /BLA/boletinlegal/is-bin HTTP/1.1" 404 1018
172.22.2.4 - - [03/Oct/2023:08:11:55 -0500] "GET /BLA/boletinlegal/is-bin HTTP/1.1" 404 1018
172.22.2.4 - - [03/Oct/2023:08:11:56 -0500] "GET /BLA/boletinlegal/news.php HTTP/1.1" 404 1018
172.22.2.4 - - [03/Oct/2023:08:11:57 -0500] "GET /BLA/boletinlegal/8.bin HTTP/1.1" 404 1018
172.22.2.4 - - [03/Oct/2023:08:11:58 -0500] "GET /BLA/boletinlegal/hrsgdsb7386wknzms.jpg HTTP/1.1" 404 1018
172.22.2.4 - - [03/Oct/2023:08:11:58 -0500] "GET /BLA/boletinlegal/UnityPlayer.dll HTTP/1.1" 404 1018
172.22.2.4 - - [03/Oct/2023:08:11:58 -0500] "GET /BLA/boletinlegal/ttd.exe HTTP/1.1" 404 1018
172.22.2.4 - - [03/Oct/2023:08:11:59 -0500] "GET /BLA/boletinlegal/qd.CHM HTTP/1.1" 404 1018
181.53.13.226 - - [03/Oct/2023:08:12:00 -0500] "GET /Publicaciones/SSFFS-09539-2023.zip HTTP/1.1" 404 232
172.22.2.4 - - [03/Oct/2023:08:12:00 -0500] "GET /BLA/boletinlegal/zMLUH93A HTTP/1.1" 404 1018
172.22.2.4 - - [03/Oct/2023:08:12:01 -0500] "GET /BLA/boletinlegal/Display/chan/IB61I7MYA HTTP/1.1" 406 -
172.22.2.4 - - [03/Oct/2023:08:12:03 -0500] "GET /BLA/boletinlegal/jquery-3.3.1.min.js HTTP/1.1" 404 1018
172.22.2.4 - - [03/Oct/2023:08:12:04 -0500] "GET /BLA/boletinlegal/Gmail/UnityPlayer.txt HTTP/1.1" 404 1018
172.22.2.4 - - [03/Oct/2023:08:12:05 -0500] "GET /BLA/boletinlegal/new/login HTTP/1.1" 404 1018
172.22.2.4 - - [03/Oct/2023:08:12:07 -0500] "GET /BLA/boletinlegal/viwwwsogou?op=8&query=%E7%A8%8F%E5%BB%BA%09%E9%BE%90%E1%B7%A2 HTTP/1.1" 404 1017
172.22.2.4 - - [03/Oct/2023:08:12:08 -0500] "GET /BLA/boletinlegal/e3e7e71a0b28b5e96cc492e636722f73/4sVKAOvu3D/BDyot0NxyG.php HTTP/1.1" 406 -
172.22.2.4 - - [03/Oct/2023:08:12:09 -0500] "GET /BLA/boletinlegal/jquery.js HTTP/1.1" 404 1018
172.22.2.4 - - [03/Oct/2023:08:12:11 -0500] "GET /BLA/boletinlegal/wh/glass.php HTTP/1.1" 404 1018
172.22.2.4 - - [03/Oct/2023:08:12:12 -0500] "GET /BLA/boletinlegal/login HTTP/1.1" 404 1018
172.22.2.4 - - [03/Oct/2023:08:12:14 -0500] "GET /BLA/boletinlegal/c/msdownload/update/software/update/2021/11/6632de33-967441-x86.cab HTTP/1.1" 404 1022
172.22.2.4 - - [03/Oct/2023:08:12:14 -0500] "GET /BLA/boletinlegal/c/msdownload/update/software/update/2021/11/6632de33-967441-x86.cab HTTP/1.1" 404 1022
172.22.2.4 - - [03/Oct/2023:08:12:15 -0500] "GET /BLA/boletinlegal/fw6I HTTP/1.1" 404 1018
172.22.2.4 - - [03/Oct/2023:08:12:16 -0500] "GET /BLA/boletinlegal/fw6I HTTP/1.1" 404 1018
172.22.2.4 - - [03/Oct/2023:08:12:17 -0500] "GET /BLA/boletinlegal/lCy4 HTTP/1.1" 404 1018
172.22.2.4 - - [03/Oct/2023:08:12:17 -0500] "GET /BLA/boletinlegal/XpRB HTTP/1.1" 404 1018
186.102.86.37 - - [03/Oct/2023:08:12:18 -0500] "GET /kwssiamovil/sm/ldap/au?x=U2FsdGVkX19Wz0eMkzUfygzXO3eE85C0rWEaxAfFhTV24tcQ7C1sAacTnRUEgJSvjwVv63Dkgz5c2raADD9enQ==&y=U2FsdGVkX1/y6CevUG+xtgB7cBzfK6+LI2Zfh1CEHzjKmsxlnT9kN5xwZKs9mjsn HTTP/1.1" 200 30
186.102.86.37 - - [03/Oct/2023:08:12:18 -0500] "GET /kwssiamovil/sm/acme/s?s=U2FsdGVkX1/SZixLCnDq/QddO0jyOAIgqSzebMU+FZbfbc/tr0AInUImOGW49gPbBQ3bSx9CuJ+eCaPd2nyXth0Kn15N3nvFJZpM+FebEns=&u=U2FsdGVkX18y2lpNAkeymay6uDmvSFicaO7GKdOORBRlfhBxnGtLP99x3M1oOfr6&y=U2FsdGVkX1/y6CevUG+xtgB7cBzfK6+LI2Zfh1CEHzjKmsxlnT9kN5xwZKs9mjsn HTTP/1.1" 200 97
186.102.86.37 - - [03/Oct/2023:08:12:18 -0500] "GET /kwssiamovil/sm/acme/s?s=U2FsdGVkX19HVw/wHjadPniAxSBAxMCK5qDmfONQ66JtvH/UTpQ6tNizN/+vlg+vSGdbyeI7dv2it/BCgqJwxpBUGVBfqnU63SKtV5yQhP41HcPwb3OMiaTUz8h8vDRgmxoQY8xvsDEUHflo+F6TOr9zT2UQ1qn3KT92GyLHojr0qihCt8vSYcyLTeuXZ1hu4QNBE+hTZBCDWnWbvFHOWfODFRKpvJJOZl3GcNMLi3pVPdKa2e2MSyBn9CCdfTAjc2EzCum+IOSAI2uvfkcgGZgQ1dmPz4FkfXETPEGMNIBqLRkBTC2wecOn37jZ/YegD971Vzx3CMxcH+IAPfJ2tizhNgbPQHNkI5E6ZfGspqnAsUpUXuF8QNsktlKqmDb7lT8PRE4wzuyBuetu/CyMm3DlfVcDcJXGmNMCQhbE3GO7sP1e2jEImVtRR9myY2sxibXZYWSPhYZunG7pvv2wlt3l5ytyY3YhKy0NxkRRjxXgG3XWHOA5iV2rdD1rZohZXft1FYos/hYq67SVLOZRdQGc5zZP9JEGvdFbh+2AdQn+70qCemCroyWITk12IRVk9c/vdNoOLwZCrFycCaqcJJRgcfCQL4NKORE4tJr9YxN4fXQ8rp9Tp/5igqUsqecprUOsZh0aUO2L1Y0xJH+x1kzLnpOQTjQp3+QSWNsr131QvvwqOL3pk3F6UoL013A8+aIiECWXBaR8bHURQ/FbnvUyBD4LU1gHH+ht3irpaAAXloWZ0WZRutWF/cNzsllZW/IY0vOFmmBE2iiCAkfL4WEVpwDcXqemAgqBddcv+1nc55m55N3S2TePTnYvSUjWHuMn4Z2RNWimqLo0i+tWgddm7nF3WWcK1c8VbkVUX6CmxjUJpLRey81xOZwdVgXeyu9VaJW9A+7n0tzixVfcZf6hE+oI0gqFH0OGS5+89FoWt3AMDdqdIWlfV5wUr+xAXP7ZkTIdtiGB+bTFkhRGcEqDZCRQru+ixS6eEcwCGcYfsCZlMgJd7Wz0NdNAtwkIc5DhDo6h8CcOgfETYeNmBBYIgTJ7lHryT9vPaa/RR9yOa5Dbq7QyEcFsfqkqGq95li8SKsR/08bgCXAXPjrR8eqSmSoW/bRQ99Oo2A9svrXg5ACJhPAunGSbS7ep4Ntmu2rriyiwg/Ynzs64R31ixJlquU4IiR5LI8vpGEuqdFcW+2eDQgUIIZXCxi28XJW36Bv7r5LfB+x+UbKwJE+iPooSH+GP2Qx1Rk6aN6tfp0TBHL+bDQV7qwUuB7BGHkzG1QVFkeOTCAq/dYvugvhWxwNMM9dLhMU4tyaPhTiGlpjfhjNMX4Yo9aOJYMaooB+x/2l+YIg1PM39b4MJk+P5PQBLDolWHtWCCq9BeXvKQ/GzhORTjQoh62RvmfDP2wDlXmv++8dyPuHnZRaKxHtnE1faAqNJexY2EwVo/Jgwd9zbSFvAJg8ZR/ILnCPvsji32sHiR/E9By89pshJRISIfGDQ5aMVUfpJUtEOsuOva191AXZrKgKQjwXs2iGuqdDbrfS5ly2OLqIJnGC/YxGu+hS0RvXXy7+FBwIgCfJ9rb8hDDJBmza6jdyzcYHSGQytjr8Xf+9B4uQQiPEbmIrtA2bYbKk4523oaPp04Sg3WPxW0lxtAl+ZVZryP1gsb+10CR9/Y/Ql9okUwohSRG2qQl2CzhfzimvfzowRGtaSUL5jpqXHhGL0+DGruplJfx+BnLgNs3CAjGLur1axy3SiXKMfdj4lJHKbCaMgag9N3c/rZnRA5bNUt37CoNp8q3v2&u=U2FsdGVkX18y2lpNAkeymay6uDmvSFicaO7GKdOORBRlfhBxnGtLP99x3M1oOfr6&y=U2FsdGVkX1/y6CevUG+xtgB7cBzfK6+LI2Zfh1CEHzjKmsxlnT9kN5xwZKs9mjsn HTTP/1.1" 200 6482
186.102.86.37 - - [03/Oct/2023:08:12:18 -0500] "GET /kwssiamovil/sm/acme/s?s=U2FsdGVkX1+IVgWsfDvOo5CEQKxAYpmU/tmSfrIVJj/8Qf8AMcXapYcsZ36dsQpCmznH758vk0xd2svPJjNJqK+LSDaCQPXTWwuMFMtTCm0MKaYhcx42KrCLYifYQ90Cik9uWXVh5+YCfvvc2uhTmeaErS9xJ7Y98ogjcWTlxgacaOYA7RS9eHi99uoO4tJToRsV8GTdD2qJGRJwPnNZM3PfhVsIDFnAUPs+Vk6/9HzIgyYycDmEVSFUy3KeuVV1/RWux0WCdnPP5smmToMyG7zb3OAivkUCgvM5weIFuUOa51fikg+e9BiYuUB8PhGmtYIT14I47NxqA/xKNhv/VbgTgyl014dx9AN7NuDdPYu17GICYpftMfPWO0P7KMGaDMkqffSkX7f9PDfwCa8085uNRFGASAgoARpnrybCmgd/9fNi5ExMpbp8px/nyvZwqmnR24pKRzqb3HJz2ia8ITHg8NoAO9wjGbx+iXUiqT91jw8rFJqkFMdVlcUJwk3QG6R2XY6qjDBmZF94Mx38ZWGzlZO6FE1pIGuhpQJyX78u4ll/5s74gIc8MrVuvrBGH9nmRMMv0MAdIT2wn/ASqhoIprRwsR2LJMTV8oxlnyoMC3y7gMtWQhQobs/FywOtABBwZQhAApHtubXHi39GyMrSrxL+eQQNs1VuZWoIgF64Mlj0RSqBSpEzGbo8sdz5bB391wMK+daguT0I/3bWsluVErtItSYNMUg6B7kuVFyuTfKHtJuUnOkSriSKSrUjA5IvockAl7NCbQtMyVmtzw==&u=U2FsdGVkX18y2lpNAkeymay6uDmvSFicaO7GKdOORBRlfhBxnGtLP99x3M1oOfr6&y=U2FsdGVkX1/y6CevUG+xtgB7cBzfK6+LI2Zfh1CEHzjKmsxlnT9kN5xwZKs9mjsn HTTP/1.1" 200 208
172.22.2.4 - - [03/Oct/2023:08:12:19 -0500] "GET /BLA/boletinlegal/Visu/ens/events HTTP/1.1" 404 1021
172.22.2.4 - - [03/Oct/2023:08:12:19 -0500] "GET /BLA/boletinlegal/Visu/ens/events HTTP/1.1" 404 1021
186.102.86.37 - - [03/Oct/2023:08:12:19 -0500] "GET /kwssiamovil/sm/cjson/pre?f=1&x=U2FsdGVkX19Wz0eMkzUfygzXO3eE85C0rWEaxAfFhTV24tcQ7C1sAacTnRUEgJSvjwVv63Dkgz5c2raADD9enQ== HTTP/1.1" 200 31032
172.22.2.4 - - [03/Oct/2023:08:11:40 -0500] "GET /BLA/boletinlegal/ HTTP/1.1" 200 24523
172.22.2.4 - - [03/Oct/2023:08:11:03 -0500] "GET /BLA/boletinlegal/index.php HTTP/1.1" 200 55844
216.245.221.92 - - [03/Oct/2023:08:14:39 -0500] "HEAD / HTTP/1.1" 200 -
216.244.66.195 - - [03/Oct/2023:08:14:53 -0500] "GET /robots.txt HTTP/1.1" 404 1018
173.252.107.9 - - [03/Oct/2023:08:16:23 -0500] "GET /serpiente-sabanera-pone-huevos-en-area-protegida-de-bogota.html HTTP/1.1" 200 670
172.22.2.4 - - [03/Oct/2023:08:16:24 -0500] "GET /BLA/boletinlegal/actos.php HTTP/1.1" 200 9682
172.22.2.4 - - [03/Oct/2023:08:16:35 -0500] "GET /BLA/boletinlegal/consulta_actos.php?tipo=autos&no=5103&usuario=&sector=&fecha=2014&resuelve= HTTP/1.1" 200 1025
201.245.192.253 - - [03/Oct/2023:08:16:37 -0500] "GET /BLA/resoluciones/AUTOS%202014/5103.pdf HTTP/1.1" 200 565383
172.22.2.4 - - [03/Oct/2023:08:15:01 -0500] "HEAD /BLA/boletinlegal/ HTTP/1.1" 200 -
201.245.192.253 - - [03/Oct/2023:08:16:43 -0500] "POST /kwsrmcab/Wsrmcab  HTTP/1.1" 200 42851
172.22.2.4 - - [03/Oct/2023:08:15:52 -0500] "GET /BLA/boletinlegal/ HTTP/1.1" 200 48235
201.245.192.253 - - [03/Oct/2023:08:17:50 -0500] "POST /kwsrmcab/Wsrmcab HTTP/1.1" 200 42612
201.245.192.253 - - [03/Oct/2023:08:17:53 -0500] "POST /kwsrmcab/Wsrmcab HTTP/1.1" 200 43053
172.22.2.4 - - [03/Oct/2023:08:16:22 -0500] "GET /BLA/boletinlegal/ HTTP/1.1" 200 49296
167.0.133.65 - - [03/Oct/2023:08:18:09 -0500] "GET /kwssiamovil/sm/acme/u?s=U2FsdGVkX1+EaaPX+5afnaqCO1dXUcXn9zANc8nz+5k3ZOYqEQtdnYjlMxNyqJTBegpnJ0KWRYqmHBVyxWUJgrRPSlhBFH5yrLv+jLpT5adEuKw6OpqltdEvXHejgBfX5oiJK8zkQIgWNxfLfRmxNqYhiQbwwBf9L+pRPdYlSws=&u=U2FsdGVkX1/oLWx0NwJO24CPFL/9vzIC0A3PM+o6ze8=&y=U2FsdGVkX1+nLr6SZg9QWH0VxKO0jP0BfRXCnGWAu3sbkp9XbJ5DPKhwHuyQjIW0 HTTP/1.1" 200 60
172.22.2.4 - - [03/Oct/2023:08:18:44 -0500] "GET /BLA/boletinlegal/images/arr_l.jpg HTTP/1.1" 200 1979
172.22.2.4 - - [03/Oct/2023:08:18:44 -0500] "GET /BLA/boletinlegal/images/hover.jpg HTTP/1.1" 200 640
172.22.2.4 - - [03/Oct/2023:08:18:44 -0500] "GET /BLA/boletinlegal/images/menu_bg.jpg HTTP/1.1" 200 620
172.22.2.4 - - [03/Oct/2023:08:18:44 -0500] "GET /BLA/boletinlegal/images/text.jpg HTTP/1.1" 200 568
172.22.2.4 - - [03/Oct/2023:08:18:51 -0500] "GET /BLA/boletinlegal/images/screen_2.png HTTP/1.1" 200 362502
172.22.2.4 - - [03/Oct/2023:08:18:51 -0500] "GET /BLA/boletinlegal/images/screen_3.png HTTP/1.1" 200 210620
172.22.2.4 - - [03/Oct/2023:08:18:51 -0500] "GET /BLA/boletinlegal/images/footer_bg.jpg HTTP/1.1" 200 586
172.22.2.4 - - [03/Oct/2023:08:18:51 -0500] "GET /BLA/boletinlegal/images/arr_r.jpg HTTP/1.1" 200 1998
172.22.2.4 - - [03/Oct/2023:08:18:52 -0500] "GET /BLA/boletinlegal/images/screen_5.png HTTP/1.1" 200 368876
172.22.2.4 - - [03/Oct/2023:08:18:55 -0500] "GET /BLA/boletinlegal/actos.php HTTP/1.1" 200 9682
172.22.2.4 - - [03/Oct/2023:08:18:55 -0500] "GET /BLA/boletinlegal/favicon.ico HTTP/1.1" 404 1140
172.22.2.4 - - [03/Oct/2023:08:18:55 -0500] "GET /BLA/boletinlegal/images/tel.png HTTP/1.1" 200 14477
