181.61.157.160 - - [05/Oct/2023:12:00:40 -0500] "GET /sipse/faces/javax.faces.resource/layout/layout.js?ln=primefaces&v=4.0 HTTP/1.1" 304 -
181.61.157.160 - - [05/Oct/2023:12:00:40 -0500] "POST /sipse/faces/presentacion/financiero/solicitudProceso/listarSolicitudProceso.xhtml HTTP/1.1" 200 1424
172.22.2.4 - - [05/Oct/2023:11:59:03 -0500] "GET /BLA/boletinlegal/ HTTP/1.1" 200 57790
216.244.66.195 - - [05/Oct/2023:12:00:43 -0500] "GET /BLA/resoluciones/AUTOS%202012/0794.pdf HTTP/1.1" 200 219818
172.22.2.4 - - [05/Oct/2023:12:00:52 -0500] "GET /BLA/boletinlegal/consulta_actos.php?tipo=resoluciones&no=2327&usuario=&sector=&fecha=2015&resuelve= HTTP/1.1" 200 4907
201.245.192.253 - - [05/Oct/2023:12:00:53 -0500] "GET /BLA/resoluciones/RESOLUCIONES%202015/2327.pdf HTTP/1.1" 206 1
201.245.192.253 - - [05/Oct/2023:12:00:53 -0500] "GET /BLA/resoluciones/RESOLUCIONES%202015/2327.pdf HTTP/1.1" 206 602761
201.245.192.253 - - [05/Oct/2023:12:00:53 -0500] "GET /BLA/resoluciones/RESOLUCIONES%202015/2327.pdf HTTP/1.1" 200 682789
181.61.157.160 - - [05/Oct/2023:12:00:55 -0500] "POST /sipse/faces/presentacion/financiero/solicitudProceso/listarSolicitudProceso.xhtml HTTP/1.1" 200 139118
181.61.157.160 - - [05/Oct/2023:12:00:55 -0500] "GET /sipse/faces/javax.faces.resource/theme.css?ln=primefaces-sipse HTTP/1.1" 304 -
181.61.157.160 - - [05/Oct/2023:12:00:55 -0500] "GET /sipse/faces/javax.faces.resource/primefaces.css?ln=primefaces&v=4.0 HTTP/1.1" 304 -
181.61.157.160 - - [05/Oct/2023:12:00:55 -0500] "GET /sipse/faces/javax.faces.resource/jquery/jquery.js?ln=primefaces&v=4.0 HTTP/1.1" 304 -
181.61.157.160 - - [05/Oct/2023:12:00:55 -0500] "GET /sipse/faces/javax.faces.resource/layout/layout.css?ln=primefaces&v=4.0 HTTP/1.1" 304 -
181.61.157.160 - - [05/Oct/2023:12:00:55 -0500] "GET /sipse/faces/javax.faces.resource/jquery/jquery-plugins.js?ln=primefaces&v=4.0 HTTP/1.1" 304 -
181.61.157.160 - - [05/Oct/2023:12:00:56 -0500] "GET /sipse/faces/javax.faces.resource/primefaces.js?ln=primefaces&v=4.0 HTTP/1.1" 304 -
181.61.157.160 - - [05/Oct/2023:12:00:56 -0500] "GET /sipse/faces/javax.faces.resource/layout/layout.js?ln=primefaces&v=4.0 HTTP/1.1" 304 -
216.244.66.195 - - [05/Oct/2023:12:01:10 -0500] "GET /BLA/resoluciones/AUTOS%202012/1128.pdf HTTP/1.1" 200 152383
66.249.66.19 - - [05/Oct/2023:12:01:11 -0500] "GET /BLA/resoluciones/RESOLUCIONES%202014/2709.pdf HTTP/1.1" 200 295200
201.245.192.253 - - [05/Oct/2023:12:01:16 -0500] "POST /kwsrmcab/Wsrmcab  HTTP/1.1" 200 42851
186.102.17.176 - - [05/Oct/2023:12:01:35 -0500] "GET /kwssiamovil/sm/acme/a?s=U2FsdGVkX182XT4GjXozlmt9ISmmcLo84LpgeQu6Qrj3v3kRV8LvhrMC5qPiYa5xgvDHSS37cj4bKciVyl4xucu9F520YA65omYZc9xBGQWCpnQU1UVU9i/XJKDnRfgbBUsUTYZgJGu/thnuQ/MHNbXqBSWK3xPxf+b2KDWoHHi+hGVeWmgkuPxAIiaLEo6amZ3LVAFqqvrTm0b7FP2nYsZM1qPKpIbQ9S0HnsPHxulNSM54etPjtNuKeH3FkAe/5NkMP1di8qXzZhOEWnIUHQ==&u=U2FsdGVkX18q+48RPJBip2svE72MASpyGSjM2px5aAc=&y=U2FsdGVkX1/j+5kT+WRqrc33AQz5B/f0oID8xiSN2T4= HTTP/1.1" 200 26
216.244.66.195 - - [05/Oct/2023:12:01:35 -0500] "GET /BLA/resoluciones/AUTOS%202012/1501.pdf HTTP/1.1" 200 374117
186.102.17.176 - - [05/Oct/2023:12:01:38 -0500] "GET /kwssiamovil/sm/acme/a?s=U2FsdGVkX1+VIivl48WS4JkQSe+MAQr9wVVV0q/9+0CaxX3xErHMYx8inV9qapU03iF7fkilTDBcCbzcERNK1KVALzPWTLf0TfomJui9q5kiSQ5lhQRV5zcbYkR7xL9taRe4KBHGHyAXZfxISOZq8k0c/pK3mTAeojK9KdNSg41S9Ve5915QKz4k/okcx21Gb4e5bGs+XiMIkr7STekkyeLt84jfO1ZEgkwgAOfIVMzUBUkrKzvAKcax2EqGsKWp/8ktDLVKVwgXRFR17J3YTK7+BhVJx2phkfNpY7YHpQIaXkr9uOuJQ3JfnO62odrbyK2cE4fBTb/LO/v7E/ooldTISzPvIbT6uO6kCfVUMryB1y+aun7Il2QF87rRFi4HZSzAP4TJxQo/jP8EYRX0n4971SELBWL8eXwbXvpuvP91Lz2frEUHx/qQ5Xx6OInzuip4fVl+3a8xe3ub/ZNPOzqZWs0xjjDlWiewBoTh5jbnZzjXahjKXxQA2EW7kkQbeW75P6QOsNw8Vi6gGwA5y2P1JikAs4dJIbOui3yshYDCxhM030NI30JXa8C8Pzb2CkY3DkSPu4GtTYMuIpftPMouV77nXvKqvlGK9FnJcWDVsc8V0R1NNifoJ3Z2eCjN+dUCXwCqWOhr3Upl5dJsdx2dZEmHtiq7eCPavDKNJjOV0Nolsi9DangrVxvCL8eo6T4MYVedEjTyYCP5EkyqGMs4R8dS5jFwON/a5JfUw+w7ypIvEQkVq74MmWWcWxelGEhqAhOA7FXvZd+00/lpgh1GT0Cd1adwd3hXHnucibQ9p1Ma1DOzb7L1r9ANrMGSfA7L7eDQ24ZCosXrE4T76AvYjnhMdptxPKXdSWXqHbRt3UJgUvcurrjpLZgTNNQo3cu7eb0IfsWIEcfnR6lBOmG9oxB3LUz5XGSHhACLffyy652Op/7qZrYMV3ma2BP4KqgB9wDHBYsoN5dXwvdF484NVZ3pNedOcicNAEyuLd3mbyNDwrbfTIhPZ2xgO5a7DYDOKn1L3V+PJu8U0wBY4GnI9+ai13TXmO4MeG/RIRz7TMIs6wQhfyNxzhFfY0c0cSvMAnWZxxn2AfwLpqgBlM25W/P1HrOrzHWQ7n8brYKpHcYqvHnKnREdhrzrFytr/zp5kG1fdZwNondu7bCJ7sRZ97WNV81fd2XJxZcF2KmUUBT5a0BZBneN58howQcLVgnAaj6XBQiC/BUZnEbHQCbhY57iaCKivfEi112bLg/JFGbWLUTQMAfpBpoYewQrT4lga+iKvi+Nmqe8KALsc3QmjTj55ZlRpS8f0KO1FC3cyhjFZvBOpRkW6fQyixyn8bsUVakiykc0epGpJvy24YZG6b2YPkfU9L3cypgLbhvyJDUePm6n8w9DRnmgA+JfqWF6p67tx/X+zDHjyxMwOKKKGNc42yr/8906xEp3akEp2WdOMvhWekDj9sKMukTt+DVBzLc9s3Omtgw6Sk+tCpMmo/l3ucDc3UFzb+6plGx2cgbxtSLjGFoFDTs5RRDdo62hf1tfmm6fKGS/sPt2m4lmLTEo17Csn1azS5fa7enhl79R2GZv/jDZv3+iDeRDux5d1jwYepzPEgdCzc9SXlpXKud/QPyWjB13eJU6hDKz3Gu5ROHjDJOU44gn+Oro6zkTwDHHiCmWr6Z/ZZH3YeHa0NOHfalTvLuLqur0sgiE2UAdIKkaMjoWg/tbYd2Bt3Tose09F8bMdG7wVclAIDR5BGOxZvpok2H5aot3uoa/piy65ylWPiZixyQhx9QO56c+D7+Vr+lwA56ThgQS94jxZaZf8braM/YcgsVlBGuwuBTMfscWVSYweIV3IQXdZpYBhuElkWGZo6RKnI1AFYLINeiCVndwlaNjtXUz3N5OJdqbOujo5GmwW1PVdL84tpIZbhouiO3Z3Z6Qm1HHN2Q6d6t0yeF8hSkLeKW6M7Q=&u=U2FsdGVkX18q+48RPJBip2svE72MASpyGSjM2px5aAc=&y=U2FsdGVkX1/j+5kT+WRqrc33AQz5B/f0oID8xiSN2T4= HTTP/1.1" 200 26
201.245.192.253 - - [05/Oct/2023:12:01:39 -0500] "POST /forms/lservlet;jsessionid=ac16012b30d631b237d665c3491e938ed2fcaf258f77.e3iSbxaKaheRe34Pbx8Nc3aQci1ynknvrkLOlQzNp65In0 HTTP/1.1" 200 2
181.61.157.160 - - [05/Oct/2023:12:01:36 -0500] "POST /sipse/faces/presentacion/financiero/solicitudProceso/consultarSolicitudProceso.xhtml HTTP/1.1" 200 34844
181.61.157.160 - - [05/Oct/2023:12:01:39 -0500] "GET /sipse/faces/javax.faces.resource/theme.css?ln=primefaces-sipse HTTP/1.1" 304 -
181.61.157.160 - - [05/Oct/2023:12:01:39 -0500] "GET /sipse/faces/javax.faces.resource/primefaces.css?ln=primefaces&v=4.0 HTTP/1.1" 304 -
181.61.157.160 - - [05/Oct/2023:12:01:39 -0500] "GET /sipse/faces/javax.faces.resource/layout/layout.css?ln=primefaces&v=4.0 HTTP/1.1" 304 -
181.61.157.160 - - [05/Oct/2023:12:01:39 -0500] "GET /sipse/faces/javax.faces.resource/jquery/jquery.js?ln=primefaces&v=4.0 HTTP/1.1" 304 -
181.61.157.160 - - [05/Oct/2023:12:01:39 -0500] "GET /sipse/faces/javax.faces.resource/jquery/jquery-plugins.js?ln=primefaces&v=4.0 HTTP/1.1" 304 -
186.102.17.176 - - [05/Oct/2023:12:01:39 -0500] "GET /kwssiamovil/sm/acme/a?s=U2FsdGVkX1+rMFgpkcb32SBMuSeMHWuA637KH+UedaIr+xQC+EYjCg3wq3/qI7NeOAhl8n4IBgjPgXInXNcyBBt/ZifFdL9uTilsJTC9+ysJHtsg8RatjyFvVMlGamsCU+pTsCv+jaPE2ZI3NcFLFOmq0OtekInxKZ+63M681RU=&u=U2FsdGVkX18q+48RPJBip2svE72MASpyGSjM2px5aAc=&y=U2FsdGVkX1/j+5kT+WRqrc33AQz5B/f0oID8xiSN2T4= HTTP/1.1" 200 26
181.61.157.160 - - [05/Oct/2023:12:01:39 -0500] "GET /sipse/faces/javax.faces.resource/primefaces.js?ln=primefaces&v=4.0 HTTP/1.1" 304 -
181.61.157.160 - - [05/Oct/2023:12:01:39 -0500] "GET /sipse/faces/javax.faces.resource/layout/layout.js?ln=primefaces&v=4.0 HTTP/1.1" 304 -
181.61.157.160 - - [05/Oct/2023:12:01:39 -0500] "POST /sipse/faces/presentacion/financiero/solicitudProceso/listarSolicitudProceso.xhtml HTTP/1.1" 200 1404
186.102.17.176 - - [05/Oct/2023:12:01:40 -0500] "GET /kwssiamovil/sm/acme/a?s=U2FsdGVkX1+8KHGBUCFrLKkSvtSkW7icp+s9+WnnUjZOogc/aB2WONFLIKcVuzvtq2Czcjlhf9S6cFlo1vo9SalMfzx2McPNoXEuIKcSdpUnTMZ8NawBLIGCPBYcqVA4sokEmFsSxwq/NIMokjjGcWdNKyAWXIxiFMQe5LB2bdI=&u=U2FsdGVkX18q+48RPJBip2svE72MASpyGSjM2px5aAc=&y=U2FsdGVkX1/j+5kT+WRqrc33AQz5B/f0oID8xiSN2T4= HTTP/1.1" 200 26
201.245.192.253 - - [05/Oct/2023:12:01:40 -0500] "POST /forms/lservlet;jsessionid=ac16012b30d631b237d665c3491e938ed2fcaf258f77.e3iSbxaKaheRe34Pbx8Nc3aQci1ynknvrkLOlQzNp65In0 HTTP/1.1" 200 151
201.245.192.253 - - [05/Oct/2023:12:01:40 -0500] "POST /forms/lservlet;jsessionid=ac16012b30d631b237d665c3491e938ed2fcaf258f77.e3iSbxaKaheRe34Pbx8Nc3aQci1ynknvrkLOlQzNp65In0 HTTP/1.1" 200 2
201.245.192.253 - - [05/Oct/2023:12:01:44 -0500] "POST /forms/lservlet;jsessionid=ac16012b30d631b237d665c3491e938ed2fcaf258f77.e3iSbxaKaheRe34Pbx8Nc3aQci1ynknvrkLOlQzNp65In0 HTTP/1.1" 200 7
186.102.17.176 - - [05/Oct/2023:12:01:45 -0500] "GET /kwssiamovil/sm/acme/a?s=U2FsdGVkX1/U00cOoUa5ZpO4YSblO55JbaxCn9Yl0Xc4FtrR59HsNqysUkyKQFR8DFKwkjwY+Lzb8BrB/YPspvz7hsJ0MiybgJqMrEkceh84qLdcAfEqpDmUg/ga4aUvWJ53NZVrRU6diKC445aHIEwkrHrgnnMW4EjNNLjIPTk=&u=U2FsdGVkX18q+48RPJBip2svE72MASpyGSjM2px5aAc=&y=U2FsdGVkX1/j+5kT+WRqrc33AQz5B/f0oID8xiSN2T4= HTTP/1.1" 200 26
201.245.192.253 - - [05/Oct/2023:12:01:45 -0500] "POST /forms/lservlet;jsessionid=ac16012b30d631b237d665c3491e938ed2fcaf258f77.e3iSbxaKaheRe34Pbx8Nc3aQci1ynknvrkLOlQzNp65In0 HTTP/1.1" 200 18
201.245.192.253 - - [05/Oct/2023:12:01:45 -0500] "POST /forms/lservlet;jsessionid=ac16012b30d631b237d665c3491e938ed2fcaf258f77.e3iSbxaKaheRe34Pbx8Nc3aQci1ynknvrkLOlQzNp65In0 HTTP/1.1" 200 8
201.245.192.253 - - [05/Oct/2023:12:01:45 -0500] "POST /forms/lservlet;jsessionid=ac16012b30d631b237d665c3491e938ed2fcaf258f77.e3iSbxaKaheRe34Pbx8Nc3aQci1ynknvrkLOlQzNp65In0 HTTP/1.1" 200 2
186.102.17.176 - - [05/Oct/2023:12:01:45 -0500] "GET /kwssiamovil/sm/acme/a?s=U2FsdGVkX18lIdT5hFTRCFzJiHsCpvDZbUlGPXF3SsEDAOOaK1wwq25Xp4hTG9ZzJvdU9IFcV1TdYJiJWZWqwbKH+J88ZbjqSEwr9Se3EFfgKoDeVnXZ6YWxalAoH4P51VMvZSQrVltsE2B2jT71egtRB1tgIq0XMqDiA20kaOIoGMOMe7DJRHEF0lyVYR6K&u=U2FsdGVkX18q+48RPJBip2svE72MASpyGSjM2px5aAc=&y=U2FsdGVkX1/j+5kT+WRqrc33AQz5B/f0oID8xiSN2T4= HTTP/1.1" 200 26
201.245.192.253 - - [05/Oct/2023:12:01:46 -0500] "POST /forms/lservlet;jsessionid=ac16012b30d631b237d665c3491e938ed2fcaf258f77.e3iSbxaKaheRe34Pbx8Nc3aQci1ynknvrkLOlQzNp65In0 HTTP/1.1" 200 1359
201.245.192.253 - - [05/Oct/2023:12:01:46 -0500] "POST /forms/lservlet;jsessionid=ac16012b30d6e3ac83cfa34d44e69cdfe83dd14ea1cd.e3iSbxaKaheRe34Pbx8Nc3aQci1ynknvrkLOlQzNp65In0 HTTP/1.1" 200 2
201.245.192.253 - - [05/Oct/2023:12:01:47 -0500] "POST /forms/lservlet;jsessionid=ac16012b30d631b237d665c3491e938ed2fcaf258f77.e3iSbxaKaheRe34Pbx8Nc3aQci1ynknvrkLOlQzNp65In0 HTTP/1.1" 200 24
201.245.192.253 - - [05/Oct/2023:12:01:49 -0500] "POST /forms/lservlet;jsessionid=ac16012b30d631b237d665c3491e938ed2fcaf258f77.e3iSbxaKaheRe34Pbx8Nc3aQci1ynknvrkLOlQzNp65In0 HTTP/1.1" 200 2160
201.245.192.253 - - [05/Oct/2023:12:01:52 -0500] "POST /forms/lservlet;jsessionid=ac16012b30d631b237d665c3491e938ed2fcaf258f77.e3iSbxaKaheRe34Pbx8Nc3aQci1ynknvrkLOlQzNp65In0 HTTP/1.1" 200 13
201.245.192.253 - - [05/Oct/2023:12:01:53 -0500] "POST /forms/lservlet;jsessionid=ac16012b30d631b237d665c3491e938ed2fcaf258f77.e3iSbxaKaheRe34Pbx8Nc3aQci1ynknvrkLOlQzNp65In0 HTTP/1.1" 200 7
201.245.192.253 - - [05/Oct/2023:12:01:54 -0500] "POST /forms/lservlet;jsessionid=ac16012b30d631b237d665c3491e938ed2fcaf258f77.e3iSbxaKaheRe34Pbx8Nc3aQci1ynknvrkLOlQzNp65In0 HTTP/1.1" 200 7
201.245.192.253 - - [05/Oct/2023:12:01:55 -0500] "POST /forms/lservlet;jsessionid=ac16012b30d631b237d665c3491e938ed2fcaf258f77.e3iSbxaKaheRe34Pbx8Nc3aQci1ynknvrkLOlQzNp65In0 HTTP/1.1" 200 7
216.244.66.195 - - [05/Oct/2023:12:01:56 -0500] "GET /BLA/resoluciones/AUTOS%202012/1547.pdf HTTP/1.1" 200 254377
201.245.192.253 - - [05/Oct/2023:12:01:57 -0500] "POST /forms/lservlet;jsessionid=ac16012b30d631b237d665c3491e938ed2fcaf258f77.e3iSbxaKaheRe34Pbx8Nc3aQci1ynknvrkLOlQzNp65In0 HTTP/1.1" 200 2
201.245.192.253 - - [05/Oct/2023:12:01:57 -0500] "POST /forms/lservlet;jsessionid=ac16012b30d631b237d665c3491e938ed2fcaf258f77.e3iSbxaKaheRe34Pbx8Nc3aQci1ynknvrkLOlQzNp65In0 HTTP/1.1" 200 12
216.245.221.92 - - [05/Oct/2023:12:02:13 -0500] "HEAD / HTTP/1.1" 200 -
216.244.66.195 - - [05/Oct/2023:12:02:17 -0500] "GET /BLA/resoluciones/AUTOS%202012/1606.pdf HTTP/1.1" 200 189084
52.167.144.145 - - [05/Oct/2023:12:02:19 -0500] "GET /portaldeninos/author/adminportalninos/page/6/ HTTP/1.1" 200 102384
181.53.13.125 - - [05/Oct/2023:12:02:35 -0500] "GET /sipse/faces/javax.faces.resource/theme.css?ln=primefaces-sipse HTTP/1.1" 304 -
181.53.13.125 - - [05/Oct/2023:12:02:35 -0500] "POST /sipse/faces/presentacion/financiero/solicitudProceso/consultarSolicitudProceso.xhtml HTTP/1.1" 200 21170
181.53.13.125 - - [05/Oct/2023:12:02:36 -0500] "GET /sipse/faces/javax.faces.resource/primefaces.css?ln=primefaces&v=4.0 HTTP/1.1" 304 -
181.53.13.125 - - [05/Oct/2023:12:02:36 -0500] "GET /sipse/faces/javax.faces.resource/layout/layout.css?ln=primefaces&v=4.0 HTTP/1.1" 304 -
181.53.13.125 - - [05/Oct/2023:12:02:36 -0500] "GET /sipse/faces/javax.faces.resource/fileupload/fileupload.css?ln=primefaces&v=4.0 HTTP/1.1" 304 -
181.53.13.125 - - [05/Oct/2023:12:02:36 -0500] "GET /sipse/faces/javax.faces.resource/jquery/jquery.js?ln=primefaces&v=4.0 HTTP/1.1" 304 -
181.53.13.125 - - [05/Oct/2023:12:02:36 -0500] "GET /sipse/faces/javax.faces.resource/jquery/jquery-plugins.js?ln=primefaces&v=4.0 HTTP/1.1" 304 -
181.53.13.125 - - [05/Oct/2023:12:02:36 -0500] "GET /sipse/faces/javax.faces.resource/layout/layout.js?ln=primefaces&v=4.0 HTTP/1.1" 304 -
181.53.13.125 - - [05/Oct/2023:12:02:36 -0500] "GET /sipse/faces/javax.faces.resource/primefaces.js?ln=primefaces&v=4.0 HTTP/1.1" 304 -
181.53.13.125 - - [05/Oct/2023:12:02:36 -0500] "GET /sipse/faces/javax.faces.resource/fileupload/fileupload.js?ln=primefaces&v=4.0 HTTP/1.1" 304 -
216.244.66.195 - - [05/Oct/2023:12:02:38 -0500] "GET /BLA/resoluciones/AUTOS%202012/1861.pdf HTTP/1.1" 200 323817
181.53.13.125 - - [05/Oct/2023:12:02:46 -0500] "GET /sipse/faces/javax.faces.resource/layout/layout.css?ln=primefaces&v=4.0 HTTP/1.1" 304 -
181.53.13.125 - - [05/Oct/2023:12:02:46 -0500] "GET /sipse/faces/javax.faces.resource/primefaces.css?ln=primefaces&v=4.0 HTTP/1.1" 304 -
181.53.13.125 - - [05/Oct/2023:12:02:46 -0500] "GET /sipse/faces/javax.faces.resource/theme.css?ln=primefaces-sipse HTTP/1.1" 304 -
181.53.13.125 - - [05/Oct/2023:12:02:46 -0500] "GET /sipse/faces/javax.faces.resource/jquery/jquery.js?ln=primefaces&v=4.0 HTTP/1.1" 304 -
181.53.13.125 - - [05/Oct/2023:12:02:46 -0500] "GET /sipse/faces/javax.faces.resource/layout/layout.js?ln=primefaces&v=4.0 HTTP/1.1" 304 -
181.53.13.125 - - [05/Oct/2023:12:02:46 -0500] "GET /sipse/faces/javax.faces.resource/jquery/jquery-plugins.js?ln=primefaces&v=4.0 HTTP/1.1" 304 -
181.53.13.125 - - [05/Oct/2023:12:02:46 -0500] "GET /sipse/faces/javax.faces.resource/primefaces.js?ln=primefaces&v=4.0 HTTP/1.1" 304 -
181.53.13.125 - - [05/Oct/2023:12:02:45 -0500] "POST /sipse/faces/presentacion/sistema/anexos/cargarAnexoSolicitudProceso.xhtml HTTP/1.1" 200 192836
216.244.66.195 - - [05/Oct/2023:12:02:56 -0500] "GET /BLA/resoluciones/AUTOS%202012/2215.pdf HTTP/1.1" 200 364693
216.244.66.195 - - [05/Oct/2023:12:03:14 -0500] "GET /BLA/resoluciones/AUTOS%202012/2316.pdf HTTP/1.1" 200 564914
173.252.83.3 - - [05/Oct/2023:12:03:20 -0500] "GET /images/Junio%2002-experiencias-jardines-verticales-sda.jpeg HTTP/1.1" 200 31171
201.245.192.253 - - [05/Oct/2023:12:03:23 -0500] "POST /kwsrmcab/Wsrmcab HTTP/1.1" 200 41346
216.244.66.195 - - [05/Oct/2023:12:03:30 -0500] "GET /BLA/resoluciones/AUTOS%202012/2333.pdf HTTP/1.1" 200 468582
201.245.192.253 - - [05/Oct/2023:12:03:46 -0500] "POST /forms/lservlet;jsessionid=ac16012b30d6e3ac83cfa34d44e69cdfe83dd14ea1cd.e3iSbxaKaheRe34Pbx8Nc3aQci1ynknvrkLOlQzNp65In0 HTTP/1.1" 200 2
181.53.13.125 - - [05/Oct/2023:12:03:49 -0500] "GET /sipse/faces/index.xhtml HTTP/1.1" 200 677
181.53.13.125 - - [05/Oct/2023:12:03:49 -0500] "GET /sipse/faces/javax.faces.resource/theme.css?ln=primefaces-sipse HTTP/1.1" 304 -
181.53.13.125 - - [05/Oct/2023:12:03:49 -0500] "GET /sipse/faces/faces/autenticacion.xhtml HTTP/1.1" 200 12420
181.53.13.125 - - [05/Oct/2023:12:03:49 -0500] "GET /sipse/faces/javax.faces.resource/theme.css?ln=primefaces-sipse HTTP/1.1" 304 -
181.53.13.125 - - [05/Oct/2023:12:03:49 -0500] "GET /sipse/faces/javax.faces.resource/jquery/jquery.js?ln=primefaces&v=4.0 HTTP/1.1" 304 -
181.53.13.125 - - [05/Oct/2023:12:03:49 -0500] "GET /sipse/faces/javax.faces.resource/primefaces.css?ln=primefaces&v=4.0 HTTP/1.1" 304 -
181.53.13.125 - - [05/Oct/2023:12:03:49 -0500] "GET /sipse/faces/javax.faces.resource/layout/layout.css?ln=primefaces&v=4.0 HTTP/1.1" 304 -
181.53.13.125 - - [05/Oct/2023:12:03:49 -0500] "GET /sipse/faces/javax.faces.resource/layout/layout.js?ln=primefaces&v=4.0 HTTP/1.1" 304 -
181.53.13.125 - - [05/Oct/2023:12:03:49 -0500] "GET /sipse/faces/javax.faces.resource/jquery/jquery-plugins.js?ln=primefaces&v=4.0 HTTP/1.1" 304 -
181.53.13.125 - - [05/Oct/2023:12:03:49 -0500] "GET /sipse/faces/javax.faces.resource/primefaces.js?ln=primefaces&v=4.0 HTTP/1.1" 304 -
181.53.13.125 - - [05/Oct/2023:12:03:50 -0500] "GET /sipse/faces/javax.faces.resource/images/ui-icons_898989_256x240.png?ln=primefaces-aristo HTTP/1.1" 304 -
216.244.66.195 - - [05/Oct/2023:12:03:54 -0500] "GET /BLA/resoluciones/AUTOS%202012/2762.pdf HTTP/1.1" 200 389288
181.53.13.125 - - [05/Oct/2023:12:03:54 -0500] "POST /sipse/faces/autenticacion.xhtml HTTP/1.1" 200 2220
181.53.13.125 - - [05/Oct/2023:12:03:54 -0500] "GET /sipse/faces/javax.faces.resource/messages/messages.png?ln=primefaces&v=4.0 HTTP/1.1" 304 -
181.53.13.125 - - [05/Oct/2023:12:03:55 -0500] "POST /sipse/faces/autenticacion.xhtml HTTP/1.1" 200 16436
181.53.13.125 - - [05/Oct/2023:12:03:56 -0500] "GET /sipse/faces/javax.faces.resource/theme.css?ln=primefaces-sipse HTTP/1.1" 304 -
181.53.13.125 - - [05/Oct/2023:12:03:56 -0500] "GET /sipse/faces/javax.faces.resource/primefaces.css?ln=primefaces&v=4.0 HTTP/1.1" 304 -
181.53.13.125 - - [05/Oct/2023:12:03:56 -0500] "GET /sipse/faces/javax.faces.resource/layout/layout.css?ln=primefaces&v=4.0 HTTP/1.1" 304 -
181.53.13.125 - - [05/Oct/2023:12:03:56 -0500] "GET /sipse/faces/javax.faces.resource/jquery/jquery.js?ln=primefaces&v=4.0 HTTP/1.1" 304 -
181.53.13.125 - - [05/Oct/2023:12:03:56 -0500] "GET /sipse/faces/javax.faces.resource/jquery/jquery-plugins.js?ln=primefaces&v=4.0 HTTP/1.1" 304 -
181.53.13.125 - - [05/Oct/2023:12:03:56 -0500] "GET /sipse/faces/javax.faces.resource/primefaces.js?ln=primefaces&v=4.0 HTTP/1.1" 304 -
181.53.13.125 - - [05/Oct/2023:12:03:56 -0500] "GET /sipse/faces/javax.faces.resource/layout/layout.js?ln=primefaces&v=4.0 HTTP/1.1" 304 -
201.245.192.253 - - [05/Oct/2023:12:03:57 -0500] "POST /forms/lservlet;jsessionid=ac16012b30d631b237d665c3491e938ed2fcaf258f77.e3iSbxaKaheRe34Pbx8Nc3aQci1ynknvrkLOlQzNp65In0 HTTP/1.1" 200 2
181.53.13.125 - - [05/Oct/2023:12:03:57 -0500] "GET /sipse/css/imagen/contrasena.png HTTP/1.1" 404 383
216.244.66.195 - - [05/Oct/2023:12:04:12 -0500] "GET /BLA/resoluciones/AUTOS%202013/0460.pdf HTTP/1.1" 200 398623
181.53.13.125 - - [05/Oct/2023:12:04:16 -0500] "GET /sipse/faces/javax.faces.resource/images/ui-bg_flat_0_2d5972_40x100.png?ln=primefaces-aristo HTTP/1.1" 304 -
181.53.13.125 - - [05/Oct/2023:12:04:16 -0500] "POST /sipse/faces/bienvenido.xhtml HTTP/1.1" 200 2073
181.53.13.125 - - [05/Oct/2023:12:04:18 -0500] "POST /sipse/faces/bienvenido.xhtml HTTP/1.1" 200 2658
181.53.13.125 - - [05/Oct/2023:12:04:19 -0500] "POST /sipse/faces/bienvenido.xhtml HTTP/1.1" 200 66618
181.53.13.125 - - [05/Oct/2023:12:04:23 -0500] "GET /sipse/faces/javax.faces.resource/theme.css?ln=primefaces-sipse HTTP/1.1" 304 -
181.53.13.125 - - [05/Oct/2023:12:04:23 -0500] "GET /sipse/faces/javax.faces.resource/primefaces.css?ln=primefaces&v=4.0 HTTP/1.1" 304 -
181.53.13.125 - - [05/Oct/2023:12:04:23 -0500] "GET /sipse/faces/javax.faces.resource/layout/layout.css?ln=primefaces&v=4.0 HTTP/1.1" 304 -
181.53.13.125 - - [05/Oct/2023:12:04:23 -0500] "GET /sipse/faces/javax.faces.resource/jquery/jquery.js?ln=primefaces&v=4.0 HTTP/1.1" 304 -
181.53.13.125 - - [05/Oct/2023:12:04:23 -0500] "GET /sipse/faces/javax.faces.resource/jquery/jquery-plugins.js?ln=primefaces&v=4.0 HTTP/1.1" 304 -
181.53.13.125 - - [05/Oct/2023:12:04:23 -0500] "GET /sipse/faces/javax.faces.resource/primefaces.js?ln=primefaces&v=4.0 HTTP/1.1" 304 -
181.53.13.125 - - [05/Oct/2023:12:04:23 -0500] "GET /sipse/faces/javax.faces.resource/layout/layout.js?ln=primefaces&v=4.0 HTTP/1.1" 304 -
181.53.13.125 - - [05/Oct/2023:12:04:24 -0500] "POST /sipse/faces/presentacion/financiero/solicitudProceso/listarSolicitudProceso.xhtml HTTP/1.1" 200 1552
181.53.13.125 - - [05/Oct/2023:12:04:27 -0500] "POST /sipse/faces/presentacion/financiero/solicitudProceso/listarSolicitudProceso.xhtml HTTP/1.1" 200 14937
69.63.189.120 - - [05/Oct/2023:12:04:29 -0500] "GET /experiencias-exitosas-en-la-implementacion-de-buenas-practicas-ambientales-en-entidades-del-distrito.html HTTP/1.1" 200 821
216.244.66.195 - - [05/Oct/2023:12:04:30 -0500] "GET /BLA/resoluciones/AUTOS%202013/0740.pdf HTTP/1.1" 200 1283608
181.53.13.125 - - [05/Oct/2023:12:04:30 -0500] "POST /sipse/faces/presentacion/financiero/solicitudProceso/listarSolicitudProceso.xhtml HTTP/1.1" 200 44692
201.245.192.253 - - [05/Oct/2023:12:04:39 -0500] "POST /kwsrmcab/Wsrmcab HTTP/1.1" 200 42012
201.245.192.253 - - [05/Oct/2023:12:05:03 -0500] "POST /kwsrmcab/Wsrmcab HTTP/1.1" 200 42737
201.245.192.253 - - [05/Oct/2023:12:05:26 -0500] "POST /kwsrmcab/Wsrmcab HTTP/1.1" 200 42012
201.245.192.253 - - [05/Oct/2023:12:05:40 -0500] "POST /forms/lservlet;jsessionid=ac16012b30d631b237d665c3491e938ed2fcaf258f77.e3iSbxaKaheRe34Pbx8Nc3aQci1ynknvrkLOlQzNp65In0 HTTP/1.1" 200 93
201.245.192.253 - - [05/Oct/2023:12:05:40 -0500] "POST /forms/lservlet;jsessionid=ac16012b30d631b237d665c3491e938ed2fcaf258f77.e3iSbxaKaheRe34Pbx8Nc3aQci1ynknvrkLOlQzNp65In0 HTTP/1.1" 200 1289
201.245.192.253 - - [05/Oct/2023:12:05:40 -0500] "POST /forms/lservlet;jsessionid=ac16012b30d631b237d665c3491e938ed2fcaf258f77.e3iSbxaKaheRe34Pbx8Nc3aQci1ynknvrkLOlQzNp65In0 HTTP/1.1" 200 10
201.245.192.253 - - [05/Oct/2023:12:05:41 -0500] "POST /forms/lservlet;jsessionid=ac16012b30d631b237d665c3491e938ed2fcaf258f77.e3iSbxaKaheRe34Pbx8Nc3aQci1ynknvrkLOlQzNp65In0 HTTP/1.1" 200 13
201.245.192.253 - - [05/Oct/2023:12:05:41 -0500] "POST /forms/lservlet;jsessionid=ac16012b30d631b237d665c3491e938ed2fcaf258f77.e3iSbxaKaheRe34Pbx8Nc3aQci1ynknvrkLOlQzNp65In0 HTTP/1.1" 200 207
201.245.192.253 - - [05/Oct/2023:12:05:42 -0500] "POST /forms/lservlet;jsessionid=ac16012b30d631b237d665c3491e938ed2fcaf258f77.e3iSbxaKaheRe34Pbx8Nc3aQci1ynknvrkLOlQzNp65In0 HTTP/1.1" 200 21
201.245.192.253 - - [05/Oct/2023:12:05:42 -0500] "POST /forms/lservlet;jsessionid=ac16012b30d631b237d665c3491e938ed2fcaf258f77.e3iSbxaKaheRe34Pbx8Nc3aQci1ynknvrkLOlQzNp65In0 HTTP/1.1" 200 7
201.245.192.253 - - [05/Oct/2023:12:05:42 -0500] "POST /forms/lservlet;jsessionid=ac16012b30d631b237d665c3491e938ed2fcaf258f77.e3iSbxaKaheRe34Pbx8Nc3aQci1ynknvrkLOlQzNp65In0 HTTP/1.1" 200 105
172.22.2.4 - - [05/Oct/2023:12:04:02 -0500] "HEAD /BLA/boletinlegal/ HTTP/1.1" 200 -
201.245.192.253 - - [05/Oct/2023:12:05:43 -0500] "POST /forms/lservlet;jsessionid=ac16012b30d631b237d665c3491e938ed2fcaf258f77.e3iSbxaKaheRe34Pbx8Nc3aQci1ynknvrkLOlQzNp65In0 HTTP/1.1" 200 2
201.245.192.253 - - [05/Oct/2023:12:05:46 -0500] "POST /forms/lservlet;jsessionid=ac16012b30d631b237d665c3491e938ed2fcaf258f77.e3iSbxaKaheRe34Pbx8Nc3aQci1ynknvrkLOlQzNp65In0 HTTP/1.1" 200 75
201.245.192.253 - - [05/Oct/2023:12:05:46 -0500] "POST /forms/lservlet;jsessionid=ac16012b30d631b237d665c3491e938ed2fcaf258f77.e3iSbxaKaheRe34Pbx8Nc3aQci1ynknvrkLOlQzNp65In0 HTTP/1.1" 200 53
201.245.192.253 - - [05/Oct/2023:12:05:46 -0500] "POST /forms/lservlet;jsessionid=ac16012b30d631b237d665c3491e938ed2fcaf258f77.e3iSbxaKaheRe34Pbx8Nc3aQci1ynknvrkLOlQzNp65In0 HTTP/1.1" 200 47
201.245.192.253 - - [05/Oct/2023:12:05:46 -0500] "POST /forms/lservlet;jsessionid=ac16012b30d6e3ac83cfa34d44e69cdfe83dd14ea1cd.e3iSbxaKaheRe34Pbx8Nc3aQci1ynknvrkLOlQzNp65In0 HTTP/1.1" 200 2
201.245.192.253 - - [05/Oct/2023:12:05:48 -0500] "POST /forms/lservlet;jsessionid=ac16012b30d631b237d665c3491e938ed2fcaf258f77.e3iSbxaKaheRe34Pbx8Nc3aQci1ynknvrkLOlQzNp65In0 HTTP/1.1" 200 53
201.245.192.253 - - [05/Oct/2023:12:05:51 -0500] "POST /forms/lservlet;jsessionid=ac16012b30d631b237d665c3491e938ed2fcaf258f77.e3iSbxaKaheRe34Pbx8Nc3aQci1ynknvrkLOlQzNp65In0 HTTP/1.1" 200 71
201.245.192.253 - - [05/Oct/2023:12:05:52 -0500] "POST /forms/lservlet;jsessionid=ac16012b30d631b237d665c3491e938ed2fcaf258f77.e3iSbxaKaheRe34Pbx8Nc3aQci1ynknvrkLOlQzNp65In0 HTTP/1.1" 200 2228
201.245.192.253 - - [05/Oct/2023:12:05:53 -0500] "POST /forms/lservlet;jsessionid=ac16012b30d631b237d665c3491e938ed2fcaf258f77.e3iSbxaKaheRe34Pbx8Nc3aQci1ynknvrkLOlQzNp65In0 HTTP/1.1" 200 13
201.245.192.253 - - [05/Oct/2023:12:05:57 -0500] "POST /forms/lservlet;jsessionid=ac16012b30d631b237d665c3491e938ed2fcaf258f77.e3iSbxaKaheRe34Pbx8Nc3aQci1ynknvrkLOlQzNp65In0 HTTP/1.1" 200 2
201.245.192.253 - - [05/Oct/2023:12:05:58 -0500] "POST /forms/lservlet;jsessionid=ac16012b30d631b237d665c3491e938ed2fcaf258f77.e3iSbxaKaheRe34Pbx8Nc3aQci1ynknvrkLOlQzNp65In0 HTTP/1.1" 200 12
201.245.192.253 - - [05/Oct/2023:12:06:15 -0500] "POST /kwsrmcab/Wsrmcab  HTTP/1.1" 200 42851
85.208.96.195 - - [05/Oct/2023:12:06:19 -0500] "GET /portaldeninos/humedal-capellania-2/ HTTP/1.1" 200 87949
172.22.2.4 - - [05/Oct/2023:12:04:53 -0500] "GET /BLA/boletinlegal/ HTTP/1.1" 200 57790
181.53.13.125 - - [05/Oct/2023:12:06:42 -0500] "POST /sipse/faces/presentacion/financiero/solicitudProceso/consultarSolicitudProceso.xhtml HTTP/1.1" 200 333
181.53.13.125 - - [05/Oct/2023:12:06:57 -0500] "POST /sipse/faces/presentacion/financiero/solicitudProceso/consultarSolicitudProceso.xhtml HTTP/1.1" 200 333
190.146.168.87 - - [05/Oct/2023:12:07:05 -0500] "OPTIONS /kwssiamovil/sm/des/setfile/f? HTTP/1.1" 200 13
181.53.13.125 - - [05/Oct/2023:12:07:10 -0500] "POST /sipse/faces/presentacion/financiero/solicitudProceso/consultarSolicitudProceso.xhtml HTTP/1.1" 200 333
216.245.221.92 - - [05/Oct/2023:12:07:13 -0500] "HEAD / HTTP/1.1" 200 -
201.245.192.253 - - [05/Oct/2023:12:07:13 -0500] "POST /kwsrmcab/Wsrmcab HTTP/1.1" 200 42737
181.53.13.125 - - [05/Oct/2023:12:07:19 -0500] "POST /sipse/faces/presentacion/financiero/solicitudProceso/consultarSolicitudProceso.xhtml HTTP/1.1" 200 66618
181.53.13.125 - - [05/Oct/2023:12:07:21 -0500] "GET /sipse/faces/javax.faces.resource/theme.css?ln=primefaces-sipse HTTP/1.1" 304 -
181.53.13.125 - - [05/Oct/2023:12:07:21 -0500] "GET /sipse/faces/javax.faces.resource/primefaces.css?ln=primefaces&v=4.0 HTTP/1.1" 304 -
181.53.13.125 - - [05/Oct/2023:12:07:21 -0500] "GET /sipse/css/imagen/contrasena.png HTTP/1.1" 404 383
181.53.13.125 - - [05/Oct/2023:12:07:21 -0500] "GET /sipse/faces/javax.faces.resource/layout/layout.css?ln=primefaces&v=4.0 HTTP/1.1" 304 -
181.53.13.125 - - [05/Oct/2023:12:07:21 -0500] "GET /sipse/faces/javax.faces.resource/jquery/jquery.js?ln=primefaces&v=4.0 HTTP/1.1" 304 -
181.53.13.125 - - [05/Oct/2023:12:07:21 -0500] "GET /sipse/faces/javax.faces.resource/jquery/jquery-plugins.js?ln=primefaces&v=4.0 HTTP/1.1" 304 -
181.53.13.125 - - [05/Oct/2023:12:07:21 -0500] "GET /sipse/faces/javax.faces.resource/primefaces.js?ln=primefaces&v=4.0 HTTP/1.1" 304 -
181.53.13.125 - - [05/Oct/2023:12:07:21 -0500] "GET /sipse/faces/javax.faces.resource/layout/layout.js?ln=primefaces&v=4.0 HTTP/1.1" 304 -
181.53.13.125 - - [05/Oct/2023:12:07:22 -0500] "GET /sipse/faces/javax.faces.resource/images/ui-icons_898989_256x240.png?ln=primefaces-aristo HTTP/1.1" 304 -
181.53.13.125 - - [05/Oct/2023:12:07:22 -0500] "GET /sipse/faces/javax.faces.resource/images/ui-bg_flat_0_2d5972_40x100.png?ln=primefaces-aristo HTTP/1.1" 304 -
181.53.13.125 - - [05/Oct/2023:12:07:22 -0500] "POST /sipse/faces/presentacion/financiero/solicitudProceso/listarSolicitudProceso.xhtml HTTP/1.1" 200 1552
181.53.13.125 - - [05/Oct/2023:12:07:25 -0500] "POST /sipse/faces/presentacion/financiero/solicitudProceso/listarSolicitudProceso.xhtml HTTP/1.1" 200 17733
181.53.13.125 - - [05/Oct/2023:12:07:31 -0500] "POST /sipse/faces/presentacion/financiero/solicitudProceso/listarSolicitudProceso.xhtml HTTP/1.1" 200 149905
181.53.13.125 - - [05/Oct/2023:12:07:33 -0500] "GET /sipse/faces/javax.faces.resource/theme.css?ln=primefaces-sipse HTTP/1.1" 304 -
181.53.13.125 - - [05/Oct/2023:12:07:33 -0500] "GET /sipse/faces/javax.faces.resource/primefaces.css?ln=primefaces&v=4.0 HTTP/1.1" 304 -
181.53.13.125 - - [05/Oct/2023:12:07:33 -0500] "GET /sipse/faces/javax.faces.resource/layout/layout.css?ln=primefaces&v=4.0 HTTP/1.1" 304 -
181.53.13.125 - - [05/Oct/2023:12:07:33 -0500] "GET /sipse/faces/javax.faces.resource/jquery/jquery.js?ln=primefaces&v=4.0 HTTP/1.1" 304 -
181.53.13.125 - - [05/Oct/2023:12:07:34 -0500] "GET /sipse/faces/javax.faces.resource/jquery/jquery-plugins.js?ln=primefaces&v=4.0 HTTP/1.1" 304 -
181.53.13.125 - - [05/Oct/2023:12:07:34 -0500] "GET /sipse/faces/javax.faces.resource/primefaces.js?ln=primefaces&v=4.0 HTTP/1.1" 304 -
181.53.13.125 - - [05/Oct/2023:12:07:34 -0500] "GET /sipse/faces/javax.faces.resource/layout/layout.js?ln=primefaces&v=4.0 HTTP/1.1" 304 -
201.245.192.253 - - [05/Oct/2023:12:07:36 -0500] "POST /kwsrmcab/Wsrmcab HTTP/1.1" 200 42012
201.245.192.253 - - [05/Oct/2023:12:07:46 -0500] "POST /forms/lservlet;jsessionid=ac16012b30d6e3ac83cfa34d44e69cdfe83dd14ea1cd.e3iSbxaKaheRe34Pbx8Nc3aQci1ynknvrkLOlQzNp65In0 HTTP/1.1" 200 2
201.245.192.253 - - [05/Oct/2023:12:07:49 -0500] "POST /kwsrmcab/Wsrmcab HTTP/1.1" 200 41346
201.245.192.253 - - [05/Oct/2023:12:07:57 -0500] "POST /forms/lservlet;jsessionid=ac16012b30d631b237d665c3491e938ed2fcaf258f77.e3iSbxaKaheRe34Pbx8Nc3aQci1ynknvrkLOlQzNp65In0 HTTP/1.1" 200 2
181.53.13.125 - - [05/Oct/2023:12:07:56 -0500] "POST /sipse/faces/presentacion/financiero/solicitudProceso/consultarSolicitudProceso.xhtml HTTP/1.1" 200 38734
181.53.13.125 - - [05/Oct/2023:12:08:00 -0500] "GET /sipse/faces/javax.faces.resource/theme.css?ln=primefaces-sipse HTTP/1.1" 304 -
181.53.13.125 - - [05/Oct/2023:12:08:00 -0500] "GET /sipse/faces/javax.faces.resource/layout/layout.css?ln=primefaces&v=4.0 HTTP/1.1" 304 -
181.53.13.125 - - [05/Oct/2023:12:08:00 -0500] "GET /sipse/faces/javax.faces.resource/primefaces.css?ln=primefaces&v=4.0 HTTP/1.1" 304 -
181.53.13.125 - - [05/Oct/2023:12:08:00 -0500] "GET /sipse/faces/javax.faces.resource/jquery/jquery.js?ln=primefaces&v=4.0 HTTP/1.1" 304 -
181.53.13.125 - - [05/Oct/2023:12:08:00 -0500] "GET /sipse/faces/javax.faces.resource/jquery/jquery-plugins.js?ln=primefaces&v=4.0 HTTP/1.1" 304 -
181.53.13.125 - - [05/Oct/2023:12:08:00 -0500] "GET /sipse/faces/javax.faces.resource/primefaces.js?ln=primefaces&v=4.0 HTTP/1.1" 304 -
181.53.13.125 - - [05/Oct/2023:12:08:01 -0500] "GET /sipse/faces/javax.faces.resource/layout/layout.js?ln=primefaces&v=4.0 HTTP/1.1" 304 -
181.53.13.125 - - [05/Oct/2023:12:08:01 -0500] "GET /sipse/faces/javax.faces.resource/messages/messages.png?ln=primefaces&v=4.0 HTTP/1.1" 304 -
181.53.13.125 - - [05/Oct/2023:12:08:01 -0500] "POST /sipse/faces/presentacion/financiero/solicitudProceso/listarSolicitudProceso.xhtml HTTP/1.1" 200 1404
181.53.13.125 - - [05/Oct/2023:12:08:08 -0500] "POST /sipse/faces/presentacion/financiero/solicitudProceso/listarSolicitudProceso.xhtml HTTP/1.1" 200 146068
181.53.13.125 - - [05/Oct/2023:12:08:09 -0500] "GET /sipse/faces/javax.faces.resource/theme.css?ln=primefaces-sipse HTTP/1.1" 304 -
181.53.13.125 - - [05/Oct/2023:12:08:09 -0500] "GET /sipse/faces/javax.faces.resource/layout/layout.css?ln=primefaces&v=4.0 HTTP/1.1" 304 -
181.53.13.125 - - [05/Oct/2023:12:08:09 -0500] "GET /sipse/faces/javax.faces.resource/primefaces.css?ln=primefaces&v=4.0 HTTP/1.1" 304 -
181.53.13.125 - - [05/Oct/2023:12:08:09 -0500] "GET /sipse/faces/javax.faces.resource/jquery/jquery.js?ln=primefaces&v=4.0 HTTP/1.1" 304 -
181.53.13.125 - - [05/Oct/2023:12:08:09 -0500] "GET /sipse/faces/javax.faces.resource/jquery/jquery-plugins.js?ln=primefaces&v=4.0 HTTP/1.1" 304 -
181.53.13.125 - - [05/Oct/2023:12:08:09 -0500] "GET /sipse/faces/javax.faces.resource/primefaces.js?ln=primefaces&v=4.0 HTTP/1.1" 304 -
181.53.13.125 - - [05/Oct/2023:12:08:10 -0500] "GET /sipse/faces/javax.faces.resource/layout/layout.js?ln=primefaces&v=4.0 HTTP/1.1" 304 -
186.155.138.104 - - [05/Oct/2023:12:08:14 -0500] "GET /BLA/boletinlegal/admin/index.php HTTP/1.1" 200 2324
186.155.138.104 - - [05/Oct/2023:12:08:15 -0500] "GET /BLA/boletinlegal/admin/index_files/style.css HTTP/1.1" 200 6223
186.155.138.104 - - [05/Oct/2023:12:08:15 -0500] "GET /BLA/boletinlegal/admin/images/bg.png HTTP/1.1" 200 332965
172.22.2.4 - - [05/Oct/2023:12:08:15 -0500] "GET /BLA/boletinlegal/consulta_actos.php?tipo=resoluciones&no=&usuario=&sector=&fecha=2015&resuelve=mapa HTTP/1.1" 200 626
201.245.192.253 - - [05/Oct/2023:12:08:15 -0500] "POST /kwsrmcab/Wsrmcab HTTP/1.1" 200 42012
172.22.2.4 - - [05/Oct/2023:12:08:19 -0500] "GET /BLA/boletinlegal/consulta_actos.php?tipo=resoluciones&no=&usuario=&sector=&fecha=2015&resuelve=manual HTTP/1.1" 200 6830
179.33.167.39 - - [05/Oct/2023:12:08:31 -0500] "GET /entidades-publicas-en-bogota-participen-en-la-sexta-version-del-concurso-de-buenas-practicas-ambientales.html?fbclid=IwAR1qbxR8ZJRpw6lIjEVptCKoBN6ClHwgIv045nNxt3Hn0XY9xtU_YiL6Jb0 HTTP/1.1" 200 810
201.245.192.253 - - [05/Oct/2023:12:08:33 -0500] "POST /kwsrmcab/Wsrmcab HTTP/1.1" 200 42737
201.245.192.253 - - [05/Oct/2023:12:08:39 -0500] "GET /BLA/resoluciones/RESOLUCIONES%202015/0928.pdf HTTP/1.1" 200 361779
201.245.192.253 - - [05/Oct/2023:12:08:39 -0500] "GET /BLA/resoluciones/RESOLUCIONES%202015/0928.pdf HTTP/1.1" 206 1025
201.245.192.253 - - [05/Oct/2023:12:08:39 -0500] "GET /BLA/resoluciones/RESOLUCIONES%202015/0928.pdf HTTP/1.1" 200 361779
186.155.138.104 - - [05/Oct/2023:12:08:41 -0500] "POST /BLA/boletinlegal/admin/usuarios/process.php HTTP/1.1" 302 -
216.244.66.195 - - [05/Oct/2023:12:08:44 -0500] "GET /robots.txt HTTP/1.1" 404 1018
201.245.192.253 - - [05/Oct/2023:12:08:46 -0500] "GET /BLA/resoluciones/RESOLUCIONES%202016/1372.pdf HTTP/1.1" 200 1187633
201.245.192.253 - - [05/Oct/2023:12:08:46 -0500] "GET /BLA/resoluciones/RESOLUCIONES%202016/1372.pdf HTTP/1.1" 200 1187633
201.245.192.253 - - [05/Oct/2023:12:08:46 -0500] "GET /BLA/resoluciones/RESOLUCIONES%202016/1372.pdf HTTP/1.1" 206 1025
181.53.13.125 - - [05/Oct/2023:12:08:46 -0500] "GET /sipse/faces/presentacion/sistema/anexos/cargarAnexoSolicitudProceso.xhtml HTTP/1.1" 200 22343
181.53.13.125 - - [05/Oct/2023:12:08:34 -0500] "POST /sipse/faces/presentacion/financiero/solicitudProceso/listarSolicitudProceso.xhtml HTTP/1.1" 200 24740
181.53.13.125 - - [05/Oct/2023:12:08:50 -0500] "GET /sipse/faces/javax.faces.resource/theme.css?ln=primefaces-sipse HTTP/1.1" 304 -
181.53.13.125 - - [05/Oct/2023:12:08:50 -0500] "GET /sipse/faces/javax.faces.resource/primefaces.css?ln=primefaces&v=4.0 HTTP/1.1" 304 -
181.53.13.125 - - [05/Oct/2023:12:08:50 -0500] "GET /sipse/faces/javax.faces.resource/layout/layout.css?ln=primefaces&v=4.0 HTTP/1.1" 304 -
181.53.13.125 - - [05/Oct/2023:12:08:50 -0500] "GET /sipse/faces/javax.faces.resource/fileupload/fileupload.css?ln=primefaces&v=4.0 HTTP/1.1" 304 -
181.53.13.125 - - [05/Oct/2023:12:08:50 -0500] "GET /sipse/faces/javax.faces.resource/jquery/jquery.js?ln=primefaces&v=4.0 HTTP/1.1" 304 -
181.53.13.125 - - [05/Oct/2023:12:08:50 -0500] "GET /sipse/faces/javax.faces.resource/jquery/jquery-plugins.js?ln=primefaces&v=4.0 HTTP/1.1" 304 -
181.53.13.125 - - [05/Oct/2023:12:08:50 -0500] "GET /sipse/faces/javax.faces.resource/primefaces.js?ln=primefaces&v=4.0 HTTP/1.1" 304 -
181.53.13.125 - - [05/Oct/2023:12:08:50 -0500] "GET /sipse/faces/javax.faces.resource/layout/layout.js?ln=primefaces&v=4.0 HTTP/1.1" 304 -
181.53.13.125 - - [05/Oct/2023:12:08:50 -0500] "GET /sipse/faces/javax.faces.resource/fileupload/fileupload.js?ln=primefaces&v=4.0 HTTP/1.1" 304 -
181.53.13.125 - - [05/Oct/2023:12:08:50 -0500] "GET /sipse/css/imagen/contrasena.png HTTP/1.1" 404 383
181.53.13.125 - - [05/Oct/2023:12:08:50 -0500] "GET /sipse/faces/javax.faces.resource/images/ui-icons_898989_256x240.png?ln=primefaces-aristo HTTP/1.1" 304 -
181.53.13.125 - - [05/Oct/2023:12:08:54 -0500] "GET /sipse/faces/javax.faces.resource/images/ui-bg_flat_0_2d5972_40x100.png?ln=primefaces-aristo HTTP/1.1" 304 -
181.53.13.125 - - [05/Oct/2023:12:08:54 -0500] "POST /sipse/faces/presentacion/sistema/anexos/cargarAnexoSolicitudProceso.xhtml HTTP/1.1" 200 38257
181.53.13.125 - - [05/Oct/2023:12:08:55 -0500] "GET /sipse/faces/javax.faces.resource/theme.css?ln=primefaces-sipse HTTP/1.1" 304 -
181.53.13.125 - - [05/Oct/2023:12:08:55 -0500] "GET /sipse/faces/javax.faces.resource/primefaces.css?ln=primefaces&v=4.0 HTTP/1.1" 304 -
181.53.13.125 - - [05/Oct/2023:12:08:55 -0500] "GET /sipse/faces/javax.faces.resource/layout/layout.css?ln=primefaces&v=4.0 HTTP/1.1" 304 -
181.53.13.125 - - [05/Oct/2023:12:08:55 -0500] "GET /sipse/faces/javax.faces.resource/jquery/jquery.js?ln=primefaces&v=4.0 HTTP/1.1" 304 -
181.53.13.125 - - [05/Oct/2023:12:08:55 -0500] "GET /sipse/faces/javax.faces.resource/jquery/jquery-plugins.js?ln=primefaces&v=4.0 HTTP/1.1" 304 -
181.53.13.125 - - [05/Oct/2023:12:08:56 -0500] "GET /sipse/faces/javax.faces.resource/primefaces.js?ln=primefaces&v=4.0 HTTP/1.1" 304 -
181.53.13.125 - - [05/Oct/2023:12:08:56 -0500] "GET /sipse/faces/javax.faces.resource/layout/layout.js?ln=primefaces&v=4.0 HTTP/1.1" 304 -
181.53.13.125 - - [05/Oct/2023:12:08:57 -0500] "POST /sipse/faces/presentacion/financiero/solicitudProceso/listarSolicitudProceso.xhtml HTTP/1.1" 200 1404
186.155.138.104 - - [05/Oct/2023:12:08:41 -0500] "GET /BLA/boletinlegal/admin/index.php HTTP/1.1" 200 5700
186.155.138.104 - - [05/Oct/2023:12:08:58 -0500] "GET /BLA/boletinlegal/admin/index_files/header.png HTTP/1.1" 200 240212
186.155.138.104 - - [05/Oct/2023:12:08:58 -0500] "GET /BLA/boletinlegal/images/can.png HTTP/1.1" 200 37574
186.155.138.104 - - [05/Oct/2023:12:08:58 -0500] "GET /BLA/boletinlegal/admin/index_files/3_5.gif HTTP/1.1" 200 1633
186.155.138.104 - - [05/Oct/2023:12:08:58 -0500] "GET /BLA/boletinlegal/admin/index_files/7_1.gif HTTP/1.1" 200 1455
186.155.138.104 - - [05/Oct/2023:12:08:58 -0500] "GET /BLA/boletinlegal/admin/index_files/7_5.gif HTTP/1.1" 200 1565
186.155.138.104 - - [05/Oct/2023:12:08:58 -0500] "GET /BLA/boletinlegal/admin/index_files/2_2.gif HTTP/1.1" 200 1728
186.155.138.104 - - [05/Oct/2023:12:08:58 -0500] "GET /BLA/boletinlegal/admin/index_files/2_4.gif HTTP/1.1" 200 1763
186.155.138.104 - - [05/Oct/2023:12:08:58 -0500] "GET /BLA/boletinlegal/admin/index_files/index_files/tback.gif HTTP/1.1" 404 1334
190.146.168.87 - - [05/Oct/2023:12:07:06 -0500] "POST /kwssiamovil/sm/des/setfile/f? HTTP/1.1" 200 381
190.146.168.87 - - [05/Oct/2023:12:09:00 -0500] "OPTIONS /kwssiamovil/sm/des/setfile/f? HTTP/1.1" 200 13
172.22.2.4 - - [05/Oct/2023:12:09:05 -0500] "GET /BLA/boletinlegal/actos.php HTTP/1.1" 200 9682
181.53.13.125 - - [05/Oct/2023:12:09:10 -0500] "POST /sipse/faces/presentacion/financiero/solicitudProceso/listarSolicitudProceso.xhtml HTTP/1.1" 200 17724
181.53.13.125 - - [05/Oct/2023:12:09:17 -0500] "POST /sipse/faces/presentacion/financiero/solicitudProceso/listarSolicitudProceso.xhtml HTTP/1.1" 200 44191
181.53.13.125 - - [05/Oct/2023:12:09:19 -0500] "POST /sipse/faces/presentacion/financiero/solicitudProceso/listarSolicitudProceso.xhtml HTTP/1.1" 200 24058
172.22.2.4 - - [05/Oct/2023:12:09:21 -0500] "GET /BLA/boletinlegal/consulta_actos.php?tipo=resoluciones&no=&usuario=&sector=&fecha=2015&resuelve= HTTP/1.1" 200 419569
181.53.13.125 - - [05/Oct/2023:12:09:21 -0500] "POST /sipse/faces/presentacion/financiero/solicitudProceso/listarSolicitudProceso.xhtml HTTP/1.1" 200 24042
172.22.2.4 - - [05/Oct/2023:12:09:21 -0500] "GET /BLA/boletinlegal/images/word.png HTTP/1.1" 200 50498
181.53.13.125 - - [05/Oct/2023:12:09:23 -0500] "POST /sipse/faces/presentacion/financiero/solicitudProceso/listarSolicitudProceso.xhtml HTTP/1.1" 200 17865
181.53.13.125 - - [05/Oct/2023:12:09:26 -0500] "POST /sipse/faces/presentacion/financiero/solicitudProceso/listarSolicitudProceso.xhtml HTTP/1.1" 200 134317
181.53.13.125 - - [05/Oct/2023:12:09:28 -0500] "GET /sipse/faces/javax.faces.resource/theme.css?ln=primefaces-sipse HTTP/1.1" 304 -
181.53.13.125 - - [05/Oct/2023:12:09:28 -0500] "GET /sipse/faces/javax.faces.resource/layout/layout.css?ln=primefaces&v=4.0 HTTP/1.1" 304 -
181.53.13.125 - - [05/Oct/2023:12:09:28 -0500] "GET /sipse/faces/javax.faces.resource/primefaces.css?ln=primefaces&v=4.0 HTTP/1.1" 304 -
181.53.13.125 - - [05/Oct/2023:12:09:28 -0500] "GET /sipse/faces/javax.faces.resource/jquery/jquery.js?ln=primefaces&v=4.0 HTTP/1.1" 304 -
181.53.13.125 - - [05/Oct/2023:12:09:28 -0500] "GET /sipse/faces/javax.faces.resource/jquery/jquery-plugins.js?ln=primefaces&v=4.0 HTTP/1.1" 304 -
181.53.13.125 - - [05/Oct/2023:12:09:28 -0500] "GET /sipse/faces/javax.faces.resource/primefaces.js?ln=primefaces&v=4.0 HTTP/1.1" 304 -
181.53.13.125 - - [05/Oct/2023:12:09:29 -0500] "GET /sipse/faces/javax.faces.resource/layout/layout.js?ln=primefaces&v=4.0 HTTP/1.1" 304 -
181.53.13.125 - - [05/Oct/2023:12:09:34 -0500] "POST /sipse/faces/presentacion/financiero/solicitudProceso/consultarSolicitudProceso.xhtml HTTP/1.1" 200 105341
181.53.13.125 - - [05/Oct/2023:12:09:37 -0500] "GET /sipse/faces/javax.faces.resource/theme.css?ln=primefaces-sipse HTTP/1.1" 304 -
181.53.13.125 - - [05/Oct/2023:12:09:37 -0500] "GET /sipse/faces/javax.faces.resource/layout/layout.css?ln=primefaces&v=4.0 HTTP/1.1" 304 -
181.53.13.125 - - [05/Oct/2023:12:09:37 -0500] "GET /sipse/faces/javax.faces.resource/primefaces.css?ln=primefaces&v=4.0 HTTP/1.1" 304 -
181.53.13.125 - - [05/Oct/2023:12:09:37 -0500] "GET /sipse/faces/javax.faces.resource/jquery/jquery.js?ln=primefaces&v=4.0 HTTP/1.1" 304 -
181.53.13.125 - - [05/Oct/2023:12:09:37 -0500] "GET /sipse/faces/javax.faces.resource/jquery/jquery-plugins.js?ln=primefaces&v=4.0 HTTP/1.1" 304 -
181.53.13.125 - - [05/Oct/2023:12:09:37 -0500] "GET /sipse/faces/javax.faces.resource/primefaces.js?ln=primefaces&v=4.0 HTTP/1.1" 304 -
181.53.13.125 - - [05/Oct/2023:12:09:37 -0500] "GET /sipse/faces/javax.faces.resource/layout/layout.js?ln=primefaces&v=4.0 HTTP/1.1" 304 -
201.245.192.253 - - [05/Oct/2023:12:09:46 -0500] "POST /forms/lservlet;jsessionid=ac16012b30d6e3ac83cfa34d44e69cdfe83dd14ea1cd.e3iSbxaKaheRe34Pbx8Nc3aQci1ynknvrkLOlQzNp65In0 HTTP/1.1" 200 2
181.53.13.125 - - [05/Oct/2023:12:09:47 -0500] "POST /sipse/faces/presentacion/financiero/solicitudProceso/crearModificarSolicitudProceso.xhtml HTTP/1.1" 200 45763
201.245.192.253 - - [05/Oct/2023:12:09:57 -0500] "POST /forms/lservlet;jsessionid=ac16012b30d631b237d665c3491e938ed2fcaf258f77.e3iSbxaKaheRe34Pbx8Nc3aQci1ynknvrkLOlQzNp65In0 HTTP/1.1" 200 2
181.53.13.125 - - [05/Oct/2023:12:10:11 -0500] "POST /sipse/faces/presentacion/financiero/solicitudProceso/crearModificarSolicitudProceso.xhtml HTTP/1.1" 200 43010
181.61.157.160 - - [05/Oct/2023:12:10:20 -0500] "POST /sipse/faces/presentacion/financiero/solicitudProceso/listarSolicitudProceso.xhtml HTTP/1.1" 200 137149
181.61.157.160 - - [05/Oct/2023:12:10:21 -0500] "GET /sipse/faces/javax.faces.resource/theme.css?ln=primefaces-sipse HTTP/1.1" 304 -
181.61.157.160 - - [05/Oct/2023:12:10:21 -0500] "GET /sipse/faces/javax.faces.resource/layout/layout.css?ln=primefaces&v=4.0 HTTP/1.1" 304 -
181.61.157.160 - - [05/Oct/2023:12:10:21 -0500] "GET /sipse/faces/javax.faces.resource/primefaces.css?ln=primefaces&v=4.0 HTTP/1.1" 304 -
181.61.157.160 - - [05/Oct/2023:12:10:21 -0500] "GET /sipse/faces/javax.faces.resource/jquery/jquery.js?ln=primefaces&v=4.0 HTTP/1.1" 304 -
181.61.157.160 - - [05/Oct/2023:12:10:21 -0500] "GET /sipse/faces/javax.faces.resource/jquery/jquery-plugins.js?ln=primefaces&v=4.0 HTTP/1.1" 304 -
181.61.157.160 - - [05/Oct/2023:12:10:21 -0500] "GET /sipse/faces/javax.faces.resource/primefaces.js?ln=primefaces&v=4.0 HTTP/1.1" 304 -
181.61.157.160 - - [05/Oct/2023:12:10:21 -0500] "GET /sipse/faces/javax.faces.resource/layout/layout.js?ln=primefaces&v=4.0 HTTP/1.1" 304 -
190.146.168.87 - - [05/Oct/2023:12:09:00 -0500] "POST /kwssiamovil/sm/des/setfile/f? HTTP/1.1" 200 381
190.146.168.87 - - [05/Oct/2023:12:10:22 -0500] "OPTIONS /kwssiamovil/sm/des/setfile/f? HTTP/1.1" 200 13
181.53.13.125 - - [05/Oct/2023:12:10:29 -0500] "POST /sipse/faces/presentacion/financiero/solicitudProceso/crearModificarSolicitudProceso.xhtml HTTP/1.1" 200 40263
181.61.157.160 - - [05/Oct/2023:12:10:30 -0500] "POST /sipse/faces/presentacion/financiero/solicitudProceso/consultarSolicitudProceso.xhtml HTTP/1.1" 200 147728
190.146.168.87 - - [05/Oct/2023:12:10:22 -0500] "POST /kwssiamovil/sm/des/setfile/f? HTTP/1.1" 200 381
66.249.66.21 - - [05/Oct/2023:12:10:33 -0500] "GET /BLA/resoluciones/RESOLUCIONES%202008/1699.pdf HTTP/1.1" 200 300531
181.53.13.125 - - [05/Oct/2023:12:10:35 -0500] "POST /sipse/faces/presentacion/financiero/solicitudProceso/crearModificarSolicitudProceso.xhtml HTTP/1.1" 200 37517
181.53.13.125 - - [05/Oct/2023:12:10:37 -0500] "POST /sipse/faces/presentacion/financiero/solicitudProceso/crearModificarSolicitudProceso.xhtml HTTP/1.1" 200 127604
181.53.13.125 - - [05/Oct/2023:12:10:39 -0500] "GET /sipse/faces/javax.faces.resource/theme.css?ln=primefaces-sipse HTTP/1.1" 304 -
181.53.13.125 - - [05/Oct/2023:12:10:39 -0500] "GET /sipse/faces/javax.faces.resource/layout/layout.css?ln=primefaces&v=4.0 HTTP/1.1" 304 -
181.53.13.125 - - [05/Oct/2023:12:10:39 -0500] "GET /sipse/faces/javax.faces.resource/jquery/jquery.js?ln=primefaces&v=4.0 HTTP/1.1" 304 -
181.53.13.125 - - [05/Oct/2023:12:10:39 -0500] "GET /sipse/faces/javax.faces.resource/primefaces.css?ln=primefaces&v=4.0 HTTP/1.1" 304 -
181.53.13.125 - - [05/Oct/2023:12:10:39 -0500] "GET /sipse/faces/javax.faces.resource/jquery/jquery-plugins.js?ln=primefaces&v=4.0 HTTP/1.1" 304 -
181.53.13.125 - - [05/Oct/2023:12:10:39 -0500] "GET /sipse/faces/javax.faces.resource/primefaces.js?ln=primefaces&v=4.0 HTTP/1.1" 304 -
181.53.13.125 - - [05/Oct/2023:12:10:40 -0500] "GET /sipse/faces/javax.faces.resource/layout/layout.js?ln=primefaces&v=4.0 HTTP/1.1" 304 -
181.53.13.125 - - [05/Oct/2023:12:10:40 -0500] "GET /sipse/faces/javax.faces.resource/messages/messages.png?ln=primefaces&v=4.0 HTTP/1.1" 304 -
45.65.234.112 - - [05/Oct/2023:12:10:43 -0500] "GET /catalogoisis/ HTTP/1.1" 200 8575
45.65.234.112 - - [05/Oct/2023:12:10:43 -0500] "GET /catalogoisis/Css/Busqueda.css HTTP/1.1" 200 1995
45.65.234.112 - - [05/Oct/2023:12:10:43 -0500] "GET /catalogoisis/Js/AceptarLimpiar.js HTTP/1.1" 200 331
45.65.234.112 - - [05/Oct/2023:12:10:43 -0500] "GET /catalogoisis/Js/CriterioCombinada.js HTTP/1.1" 200 1843
45.65.234.112 - - [05/Oct/2023:12:10:43 -0500] "GET /catalogoisis/Js/Cookies.js HTTP/1.1" 200 1369
45.65.234.112 - - [05/Oct/2023:12:10:43 -0500] "GET /catalogoisis/Js/Remote.js HTTP/1.1" 200 436
45.65.234.112 - - [05/Oct/2023:12:10:43 -0500] "GET /catalogoisis/Js/LimpiarCombinada.js HTTP/1.1" 200 207
45.65.234.112 - - [05/Oct/2023:12:10:43 -0500] "GET /catalogoisis/Js/Numero.js HTTP/1.1" 200 398
45.65.234.112 - - [05/Oct/2023:12:10:43 -0500] "GET /catalogoisis/Js/Enter.js HTTP/1.1" 200 1208
45.65.234.112 - - [05/Oct/2023:12:10:43 -0500] "GET /catalogoisis/Js/Go.js HTTP/1.1" 200 364
45.65.234.112 - - [05/Oct/2023:12:10:43 -0500] "GET /catalogoisis/imagenes/br1c1.gif HTTP/1.1" 200 172
45.65.234.112 - - [05/Oct/2023:12:10:43 -0500] "GET /catalogoisis/imagenes/br1c3.gif HTTP/1.1" 200 302
45.65.234.112 - - [05/Oct/2023:12:10:43 -0500] "GET /catalogoisis/imagenes/br3c1.gif HTTP/1.1" 200 177
45.65.234.112 - - [05/Oct/2023:12:10:43 -0500] "GET /catalogoisis/imagenes/limpiar1.gif HTTP/1.1" 200 606
45.65.234.112 - - [05/Oct/2023:12:10:43 -0500] "GET /catalogoisis/imagenes/aceptar1.gif HTTP/1.1" 200 604
45.65.234.112 - - [05/Oct/2023:12:10:43 -0500] "GET /catalogoisis/imagenes/Turnbo1.gif HTTP/1.1" 200 227
45.65.234.112 - - [05/Oct/2023:12:10:43 -0500] "GET /catalogoisis/imagenes/Header.gif HTTP/1.1" 200 27040
45.65.234.112 - - [05/Oct/2023:12:10:43 -0500] "GET /catalogoisis/imagenes/br2c1.gif HTTP/1.1" 200 297
45.65.234.112 - - [05/Oct/2023:12:10:43 -0500] "GET /catalogoisis/imagenes/br2c2.gif HTTP/1.1" 200 302
45.65.234.112 - - [05/Oct/2023:12:10:43 -0500] "GET /catalogoisis/imagenes/br3c3.gif HTTP/1.1" 200 186
45.65.234.112 - - [05/Oct/2023:12:10:43 -0500] "GET /catalogoisis/imagenes/br1c2.gif HTTP/1.1" 200 297
45.65.234.112 - - [05/Oct/2023:12:10:43 -0500] "GET /catalogoisis/imagenes/br2c3.gif HTTP/1.1" 200 416
45.65.234.112 - - [05/Oct/2023:12:10:43 -0500] "GET /catalogoisis/imagenes/br3c2.gif HTTP/1.1" 200 285
45.65.234.112 - - [05/Oct/2023:12:10:43 -0500] "GET /favicon.ico HTTP/1.1" 200 7782
45.65.234.112 - - [05/Oct/2023:12:10:46 -0500] "GET /catalogoisis/imagenes/limpiar2.gif HTTP/1.1" 200 589
181.53.13.125 - - [05/Oct/2023:12:10:51 -0500] "POST /sipse/faces/presentacion/financiero/solicitudProceso/consultarSolicitudProceso.xhtml HTTP/1.1" 200 22343
181.53.13.125 - - [05/Oct/2023:12:10:51 -0500] "GET /sipse/faces/javax.faces.resource/theme.css?ln=primefaces-sipse HTTP/1.1" 304 -
181.53.13.125 - - [05/Oct/2023:12:10:51 -0500] "GET /sipse/faces/javax.faces.resource/primefaces.css?ln=primefaces&v=4.0 HTTP/1.1" 304 -
181.53.13.125 - - [05/Oct/2023:12:10:51 -0500] "GET /sipse/faces/javax.faces.resource/primefaces.js?ln=primefaces&v=4.0 HTTP/1.1" 304 -
181.53.13.125 - - [05/Oct/2023:12:10:51 -0500] "GET /sipse/faces/javax.faces.resource/fileupload/fileupload.css?ln=primefaces&v=4.0 HTTP/1.1" 304 -
181.53.13.125 - - [05/Oct/2023:12:10:51 -0500] "GET /sipse/faces/javax.faces.resource/layout/layout.css?ln=primefaces&v=4.0 HTTP/1.1" 304 -
181.53.13.125 - - [05/Oct/2023:12:10:51 -0500] "GET /sipse/faces/javax.faces.resource/layout/layout.js?ln=primefaces&v=4.0 HTTP/1.1" 304 -
181.53.13.125 - - [05/Oct/2023:12:10:51 -0500] "GET /sipse/faces/javax.faces.resource/jquery/jquery.js?ln=primefaces&v=4.0 HTTP/1.1" 304 -
181.53.13.125 - - [05/Oct/2023:12:10:51 -0500] "GET /sipse/faces/javax.faces.resource/jquery/jquery-plugins.js?ln=primefaces&v=4.0 HTTP/1.1" 304 -
181.53.13.125 - - [05/Oct/2023:12:10:52 -0500] "GET /sipse/faces/javax.faces.resource/fileupload/fileupload.js?ln=primefaces&v=4.0 HTTP/1.1" 304 -
