172.22.2.4 - - [05/Oct/2023:12:37:55 -0500] "GET /BLA/boletinlegal/img/0.png HTTP/1.1" 200 110
172.22.2.4 - - [05/Oct/2023:12:37:55 -0500] "GET /BLA/boletinlegal/img/select-left.png HTTP/1.1" 200 263
172.22.2.4 - - [05/Oct/2023:12:37:55 -0500] "GET /BLA/boletinlegal/img/select-right.png HTTP/1.1" 200 44019
172.22.2.4 - - [05/Oct/2023:12:37:55 -0500] "GET /BLA/boletinlegal/img/button-left.png HTTP/1.1" 200 57071
172.22.2.4 - - [05/Oct/2023:12:37:55 -0500] "GET /BLA/boletinlegal/img/button.png HTTP/1.1" 200 43241
172.22.2.4 - - [05/Oct/2023:12:37:55 -0500] "GET /BLA/boletinlegal/img/button-right.png HTTP/1.1" 200 57878
172.22.2.4 - - [05/Oct/2023:12:37:55 -0500] "GET /BLA/boletinlegal/favicon.ico HTTP/1.1" 404 1326
186.29.144.245 - - [05/Oct/2023:12:37:56 -0500] "GET /BLA/resoluciones/AUTOS%202013/0114.pdf HTTP/1.1" 200 1157714
186.29.144.245 - - [05/Oct/2023:12:37:57 -0500] "GET /favicon.ico HTTP/1.1" 200 7782
201.245.192.253 - - [05/Oct/2023:12:37:57 -0500] "POST /forms/lservlet;jsessionid=ac16012b30d631b237d665c3491e938ed2fcaf258f77.e3iSbxaKaheRe34Pbx8Nc3aQci1ynknvrkLOlQzNp65In0 HTTP/1.1" 200 2
104.199.31.214 - - [05/Oct/2023:12:38:08 -0500] "GET / HTTP/1.1" 200 319
186.155.138.104 - - [05/Oct/2023:12:38:20 -0500] "POST /BLA/boletinlegal/admin/actos/ingresar.php HTTP/1.1" 200 7302
181.53.13.125 - - [05/Oct/2023:12:38:29 -0500] "POST /sipse/faces/presentacion/financiero/solicitudProceso/consultarSolicitudProceso.xhtml HTTP/1.1" 200 38866
181.53.13.125 - - [05/Oct/2023:12:38:35 -0500] "GET /sipse/faces/javax.faces.resource/theme.css?ln=primefaces-sipse HTTP/1.1" 304 -
181.53.13.125 - - [05/Oct/2023:12:38:35 -0500] "GET /sipse/faces/javax.faces.resource/primefaces.css?ln=primefaces&v=4.0 HTTP/1.1" 304 -
181.53.13.125 - - [05/Oct/2023:12:38:35 -0500] "GET /sipse/faces/javax.faces.resource/jquery/jquery.js?ln=primefaces&v=4.0 HTTP/1.1" 304 -
181.53.13.125 - - [05/Oct/2023:12:38:35 -0500] "GET /sipse/faces/javax.faces.resource/layout/layout.css?ln=primefaces&v=4.0 HTTP/1.1" 304 -
181.53.13.125 - - [05/Oct/2023:12:38:35 -0500] "GET /sipse/faces/javax.faces.resource/jquery/jquery-plugins.js?ln=primefaces&v=4.0 HTTP/1.1" 304 -
181.53.13.125 - - [05/Oct/2023:12:38:36 -0500] "GET /sipse/faces/javax.faces.resource/primefaces.js?ln=primefaces&v=4.0 HTTP/1.1" 304 -
181.53.13.125 - - [05/Oct/2023:12:38:36 -0500] "GET /sipse/faces/javax.faces.resource/layout/layout.js?ln=primefaces&v=4.0 HTTP/1.1" 304 -
216.244.66.195 - - [05/Oct/2023:12:38:36 -0500] "GET /BLA/resoluciones/AUTOS%202017/4721.pdf HTTP/1.1" 200 710451
181.53.13.125 - - [05/Oct/2023:12:38:36 -0500] "POST /sipse/faces/presentacion/financiero/solicitudProceso/listarSolicitudProceso.xhtml HTTP/1.1" 200 1404
172.22.2.4 - - [05/Oct/2023:12:37:10 -0500] "GET /BLA/boletinlegal/ HTTP/1.1" 200 62286
216.244.66.195 - - [05/Oct/2023:12:39:26 -0500] "GET /BLA/resoluciones/AUTOS%202017/5310.pdf HTTP/1.1" 200 830116
186.155.138.104 - - [05/Oct/2023:12:39:30 -0500] "POST /BLA/boletinlegal/admin/actos/ingresar.php HTTP/1.1" 200 7302
201.245.192.253 - - [05/Oct/2023:12:39:46 -0500] "POST /forms/lservlet;jsessionid=ac16012b30d6e3ac83cfa34d44e69cdfe83dd14ea1cd.e3iSbxaKaheRe34Pbx8Nc3aQci1ynknvrkLOlQzNp65In0 HTTP/1.1" 200 2
66.249.66.21 - - [05/Oct/2023:12:39:52 -0500] "GET /BLA/resoluciones/RESOLUCIONES%202011/5390.pdf HTTP/1.1" 200 496541
201.245.192.253 - - [05/Oct/2023:12:39:57 -0500] "POST /forms/lservlet;jsessionid=ac16012b30d631b237d665c3491e938ed2fcaf258f77.e3iSbxaKaheRe34Pbx8Nc3aQci1ynknvrkLOlQzNp65In0 HTTP/1.1" 200 2
66.249.66.19 - - [05/Oct/2023:12:40:13 -0500] "GET /BLA/resoluciones/RESOLUCIONES%202010/3997.pdf HTTP/1.1" 200 401359
216.244.66.195 - - [05/Oct/2023:12:40:19 -0500] "GET /BLA/resoluciones/RESOLUCIONES%202011/0178.pdf HTTP/1.1" 200 370341
186.155.138.104 - - [05/Oct/2023:12:40:36 -0500] "POST /BLA/boletinlegal/admin/actos/ingresar.php HTTP/1.1" 200 7302
172.22.2.4 - - [05/Oct/2023:12:39:02 -0500] "HEAD /BLA/boletinlegal/ HTTP/1.1" 200 -
66.249.66.19 - - [05/Oct/2023:12:40:48 -0500] "GET /BLA/resoluciones/RESOLUCIONES%202009/7345.pdf HTTP/1.1" 200 371078
186.84.88.158 - - [05/Oct/2023:12:40:51 -0500] "GET /sipse/faces/index.xhtml HTTP/1.1" 200 677
186.84.88.158 - - [05/Oct/2023:12:40:51 -0500] "GET /sipse/faces/javax.faces.resource/theme.css?ln=primefaces-sipse HTTP/1.1" 200 50058
186.84.88.158 - - [05/Oct/2023:12:40:51 -0500] "GET /favicon.ico HTTP/1.1" 200 7782
172.22.2.4 - - [05/Oct/2023:12:40:53 -0500] "GET /BLA/boletinlegal/actos.php HTTP/1.1" 200 9682
172.22.2.4 - - [05/Oct/2023:12:40:53 -0500] "GET /BLA/boletinlegal/styles2.css HTTP/1.1" 200 1838
172.22.2.4 - - [05/Oct/2023:12:40:53 -0500] "GET /BLA/boletinlegal/js/ajax_actos.js HTTP/1.1" 200 1322
172.22.2.4 - - [05/Oct/2023:12:40:53 -0500] "GET /BLA/boletinlegal/niceforms-default.css HTTP/1.1" 200 6694
172.22.2.4 - - [05/Oct/2023:12:40:53 -0500] "GET /BLA/boletinlegal/style.css HTTP/1.1" 200 9406
172.22.2.4 - - [05/Oct/2023:12:40:53 -0500] "GET /BLA/boletinlegal/js/popup.js HTTP/1.1" 200 1270
172.22.2.4 - - [05/Oct/2023:12:40:53 -0500] "GET /BLA/boletinlegal/niceforms.js HTTP/1.1" 200 22876
172.22.2.4 - - [05/Oct/2023:12:40:53 -0500] "GET /BLA/boletinlegal/js/jquery1.js HTTP/1.1" 200 29846
172.22.2.4 - - [05/Oct/2023:12:40:53 -0500] "GET /BLA/boletinlegal/js/lib.js HTTP/1.1" 200 6474
172.22.2.4 - - [05/Oct/2023:12:40:53 -0500] "GET /BLA/boletinlegal/images/cabezote%20BLEGAL.jpg HTTP/1.1" 200 118164
172.22.2.4 - - [05/Oct/2023:12:40:53 -0500] "GET /BLA/boletinlegal/images/subscribe-icon-big.png HTTP/1.1" 200 47702
172.22.2.4 - - [05/Oct/2023:12:40:53 -0500] "GET /BLA/boletinlegal/images/historia.png HTTP/1.1" 200 52775
172.22.2.4 - - [05/Oct/2023:12:40:53 -0500] "GET /BLA/boletinlegal/images/green-yellow-blue-pink-th.png HTTP/1.1" 200 7394
172.22.2.4 - - [05/Oct/2023:12:40:53 -0500] "GET /BLA/boletinlegal/images/tel.png HTTP/1.1" 200 14477
172.22.2.4 - - [05/Oct/2023:12:40:53 -0500] "GET /BLA/boletinlegal/images/registro-usuarios.png HTTP/1.1" 200 8106
172.22.2.4 - - [05/Oct/2023:12:40:53 -0500] "GET /BLA/boletinlegal/images/icono-email.png HTTP/1.1" 200 5544
172.22.2.4 - - [05/Oct/2023:12:40:53 -0500] "GET /BLA/boletinlegal/images/body_bg.jpg HTTP/1.1" 200 1601
172.22.2.4 - - [05/Oct/2023:12:40:53 -0500] "GET /BLA/boletinlegal/images/menu_lft.gif HTTP/1.1" 200 1713
172.22.2.4 - - [05/Oct/2023:12:40:53 -0500] "GET /BLA/boletinlegal/images/bg_top.jpg HTTP/1.1" 200 522
172.22.2.4 - - [05/Oct/2023:12:40:53 -0500] "GET /BLA/boletinlegal/images/menu_rght.gif HTTP/1.1" 200 1627
172.22.2.4 - - [05/Oct/2023:12:40:53 -0500] "GET /BLA/boletinlegal/images/menu_bg.jpg HTTP/1.1" 200 620
172.22.2.4 - - [05/Oct/2023:12:40:53 -0500] "GET /BLA/boletinlegal/images/hover.jpg HTTP/1.1" 200 640
172.22.2.4 - - [05/Oct/2023:12:40:53 -0500] "GET /BLA/boletinlegal/images/text.jpg HTTP/1.1" 200 568
172.22.2.4 - - [05/Oct/2023:12:40:53 -0500] "GET /BLA/boletinlegal/images/footer_bg.jpg HTTP/1.1" 200 586
172.22.2.4 - - [05/Oct/2023:12:40:53 -0500] "GET /BLA/boletinlegal/images/footer_bg_l.jpg HTTP/1.1" 200 776
172.22.2.4 - - [05/Oct/2023:12:40:53 -0500] "GET /BLA/boletinlegal/img/0.png HTTP/1.1" 200 110
172.22.2.4 - - [05/Oct/2023:12:40:53 -0500] "GET /BLA/boletinlegal/img/select-left.png HTTP/1.1" 200 263
172.22.2.4 - - [05/Oct/2023:12:40:53 -0500] "GET /BLA/boletinlegal/img/select-right.png HTTP/1.1" 200 44019
172.22.2.4 - - [05/Oct/2023:12:40:53 -0500] "GET /BLA/boletinlegal/img/button-left.png HTTP/1.1" 200 57071
172.22.2.4 - - [05/Oct/2023:12:40:53 -0500] "GET /BLA/boletinlegal/img/button-right.png HTTP/1.1" 200 57878
172.22.2.4 - - [05/Oct/2023:12:40:53 -0500] "GET /BLA/boletinlegal/img/button.png HTTP/1.1" 200 43241
172.22.2.4 - - [05/Oct/2023:12:40:54 -0500] "GET /BLA/boletinlegal/favicon.ico HTTP/1.1" 404 1326
216.244.66.195 - - [05/Oct/2023:12:40:54 -0500] "GET /BLA/resoluciones/RESOLUCIONES%202011/0226.pdf HTTP/1.1" 200 77759
186.84.88.158 - - [05/Oct/2023:12:41:01 -0500] "GET /appsia/controlador HTTP/1.1" 200 4799
186.84.88.158 - - [05/Oct/2023:12:41:01 -0500] "GET /appsia/css/estilos.css HTTP/1.1" 200 4804
186.84.88.158 - - [05/Oct/2023:12:41:01 -0500] "GET /appsia/scripts/validarIngreso.js HTTP/1.1" 200 851
186.84.88.158 - - [05/Oct/2023:12:41:01 -0500] "GET /appsia/images/logo_bogota_p.png HTTP/1.1" 200 14951
186.84.88.158 - - [05/Oct/2023:12:41:01 -0500] "GET /appsia/images/cabezoteHojaVida.png HTTP/1.1" 200 32493
201.245.192.253 - - [05/Oct/2023:12:41:05 -0500] "POST /kwsrmcab/Wsrmcab  HTTP/1.1" 200 42851
172.22.2.4 - - [05/Oct/2023:12:41:09 -0500] "GET /BLA/boletinlegal/consulta_actos.php?tipo=autos&no=3263&usuario=&sector=&fecha=2021&resuelve= HTTP/1.1" 200 1140
172.22.2.4 - - [05/Oct/2023:12:41:09 -0500] "GET /BLA/boletinlegal/images/pdf.gif HTTP/1.1" 200 567
186.84.22.95 - - [05/Oct/2023:12:41:15 -0500] "GET /BLA/resoluciones/AUTOS%202021/3263.pdf HTTP/1.1" 200 437153
186.84.22.95 - - [05/Oct/2023:12:41:16 -0500] "GET /BLA/resoluciones/AUTOS%202021/3263.pdf HTTP/1.1" 200 437153
186.84.22.95 - - [05/Oct/2023:12:41:16 -0500] "GET /BLA/resoluciones/AUTOS%202021/3263.pdf HTTP/1.1" 206 1025
216.244.66.195 - - [05/Oct/2023:12:41:25 -0500] "GET /BLA/resoluciones/RESOLUCIONES%202011/0439.pdf HTTP/1.1" 200 64021
172.22.2.4 - - [05/Oct/2023:12:39:53 -0500] "GET /BLA/boletinlegal/ HTTP/1.1" 200 57323
66.249.66.21 - - [05/Oct/2023:12:41:38 -0500] "GET /portel_dama/libreria/php/2006/ECOSISTEMAS%20FINAL%20web_mz27/x%20restauracion/sitio/55_artic/xtras/10.pdf HTTP/1.1" 404 1018
201.245.192.253 - - [05/Oct/2023:12:41:46 -0500] "POST /forms/lservlet;jsessionid=ac16012b30d6e3ac83cfa34d44e69cdfe83dd14ea1cd.e3iSbxaKaheRe34Pbx8Nc3aQci1ynknvrkLOlQzNp65In0 HTTP/1.1" 200 2
186.155.138.104 - - [05/Oct/2023:12:41:49 -0500] "POST /BLA/boletinlegal/admin/actos/ingresar.php HTTP/1.1" 200 7302
172.22.2.4 - - [05/Oct/2023:12:41:51 -0500] "GET /BLA/boletinlegal/normativa.php HTTP/1.1" 200 8343
172.22.2.4 - - [05/Oct/2023:12:41:51 -0500] "GET /BLA/boletinlegal/js/ajax_normativa.js HTTP/1.1" 200 1154
172.22.2.4 - - [05/Oct/2023:12:41:51 -0500] "GET /BLA/boletinlegal/styles2.css HTTP/1.1" 200 1838
172.22.2.4 - - [05/Oct/2023:12:41:51 -0500] "GET /BLA/boletinlegal/niceforms-default.css HTTP/1.1" 200 6694
172.22.2.4 - - [05/Oct/2023:12:41:51 -0500] "GET /BLA/boletinlegal/images/cabezote%20BLEGAL.jpg HTTP/1.1" 200 118164
172.22.2.4 - - [05/Oct/2023:12:41:51 -0500] "GET /BLA/boletinlegal/style.css HTTP/1.1" 200 9406
172.22.2.4 - - [05/Oct/2023:12:41:51 -0500] "GET /BLA/boletinlegal/niceforms.js HTTP/1.1" 200 22876
172.22.2.4 - - [05/Oct/2023:12:41:51 -0500] "GET /BLA/boletinlegal/images/subscribe-icon-big.png HTTP/1.1" 200 47702
172.22.2.4 - - [05/Oct/2023:12:41:51 -0500] "GET /BLA/boletinlegal/images/historia.png HTTP/1.1" 200 52775
172.22.2.4 - - [05/Oct/2023:12:41:51 -0500] "GET /BLA/boletinlegal/images/registro-usuarios.png HTTP/1.1" 200 8106
172.22.2.4 - - [05/Oct/2023:12:41:51 -0500] "GET /BLA/boletinlegal/images/tel.png HTTP/1.1" 200 14477
172.22.2.4 - - [05/Oct/2023:12:41:51 -0500] "GET /BLA/boletinlegal/images/icono-email.png HTTP/1.1" 200 5544
172.22.2.4 - - [05/Oct/2023:12:41:51 -0500] "GET /BLA/boletinlegal/images/body_bg.jpg HTTP/1.1" 200 1601
172.22.2.4 - - [05/Oct/2023:12:41:51 -0500] "GET /BLA/boletinlegal/images/menu_lft.gif HTTP/1.1" 200 1713
172.22.2.4 - - [05/Oct/2023:12:41:51 -0500] "GET /BLA/boletinlegal/images/bg_top.jpg HTTP/1.1" 200 522
172.22.2.4 - - [05/Oct/2023:12:41:51 -0500] "GET /BLA/boletinlegal/images/menu_bg.jpg HTTP/1.1" 200 620
172.22.2.4 - - [05/Oct/2023:12:41:51 -0500] "GET /BLA/boletinlegal/images/hover.jpg HTTP/1.1" 200 640
172.22.2.4 - - [05/Oct/2023:12:41:51 -0500] "GET /BLA/boletinlegal/images/menu_rght.gif HTTP/1.1" 200 1627
172.22.2.4 - - [05/Oct/2023:12:41:51 -0500] "GET /BLA/boletinlegal/images/text.jpg HTTP/1.1" 200 568
172.22.2.4 - - [05/Oct/2023:12:41:51 -0500] "GET /BLA/boletinlegal/images/footer_bg.jpg HTTP/1.1" 200 586
172.22.2.4 - - [05/Oct/2023:12:41:51 -0500] "GET /BLA/boletinlegal/images/footer_bg_l.jpg HTTP/1.1" 200 776
172.22.2.4 - - [05/Oct/2023:12:41:52 -0500] "GET /BLA/boletinlegal/img/0.png HTTP/1.1" 200 110
172.22.2.4 - - [05/Oct/2023:12:41:52 -0500] "GET /BLA/boletinlegal/img/select-right.png HTTP/1.1" 200 44019
172.22.2.4 - - [05/Oct/2023:12:41:52 -0500] "GET /BLA/boletinlegal/img/select-left.png HTTP/1.1" 200 263
172.22.2.4 - - [05/Oct/2023:12:41:52 -0500] "GET /BLA/boletinlegal/img/button-left.png HTTP/1.1" 200 57071
172.22.2.4 - - [05/Oct/2023:12:41:52 -0500] "GET /BLA/boletinlegal/img/button.png HTTP/1.1" 200 43241
172.22.2.4 - - [05/Oct/2023:12:41:52 -0500] "GET /BLA/boletinlegal/img/button-right.png HTTP/1.1" 200 57878
172.22.2.4 - - [05/Oct/2023:12:41:52 -0500] "GET /BLA/boletinlegal/favicon.ico HTTP/1.1" 404 1334
216.244.66.195 - - [05/Oct/2023:12:41:54 -0500] "GET /BLA/resoluciones/RESOLUCIONES%202011/0447.pdf HTTP/1.1" 200 73661
191.111.27.154 - - [05/Oct/2023:12:41:55 -0500] "GET /BLA/resoluciones/RESOLUCIONES%202010/3876.pdf HTTP/1.1" 200 1127736
201.245.192.253 - - [05/Oct/2023:12:41:57 -0500] "POST /forms/lservlet;jsessionid=ac16012b30d631b237d665c3491e938ed2fcaf258f77.e3iSbxaKaheRe34Pbx8Nc3aQci1ynknvrkLOlQzNp65In0 HTTP/1.1" 200 2
191.111.27.154 - - [05/Oct/2023:12:42:02 -0500] "GET /BLA/resoluciones/index.php?dir=RESOLUCIONES+2009%2F HTTP/1.1" 200 1694101
191.111.27.154 - - [05/Oct/2023:12:42:04 -0500] "GET /BLA/resoluciones/dlf/styles.css HTTP/1.1" 200 3049
191.111.27.154 - - [05/Oct/2023:12:42:04 -0500] "GET /BLA/resoluciones/dlf/dirup.png HTTP/1.1" 200 644
191.111.27.154 - - [05/Oct/2023:12:42:04 -0500] "GET /BLA/resoluciones/dlf/pdf.gif HTTP/1.1" 200 272
173.252.87.7 - - [05/Oct/2023:12:42:04 -0500] "GET /images/simulacro%20evacuacion.jpg HTTP/1.1" 200 73310
191.111.27.154 - - [05/Oct/2023:12:42:06 -0500] "GET /BLA/resoluciones/dlf/bg.gif HTTP/1.1" 200 54
216.245.221.92 - - [05/Oct/2023:12:42:13 -0500] "HEAD / HTTP/1.1" 200 -
66.249.66.19 - - [05/Oct/2023:12:42:18 -0500] "GET /BLA/resoluciones/RESOLUCIONES%202009/7303.pdf HTTP/1.1" 200 354358
216.244.66.195 - - [05/Oct/2023:12:42:23 -0500] "GET /BLA/resoluciones/RESOLUCIONES%202011/0564.pdf HTTP/1.1" 200 342209
66.249.66.20 - - [05/Oct/2023:12:42:38 -0500] "GET /BLA/resoluciones/RESOLUCIONES%202009/0080.pdf HTTP/1.1" 200 163848
216.244.66.195 - - [05/Oct/2023:12:42:51 -0500] "GET /BLA/resoluciones/RESOLUCIONES%202011/0677.pdf HTTP/1.1" 200 74219
172.22.2.4 - - [05/Oct/2023:12:43:00 -0500] "GET /BLA/boletinlegal/consulta_normativa.php?tipo=&sector=residuos&ano=&resuelve=Solidos%20peligrosos HTTP/1.1" 200 454
186.155.138.104 - - [05/Oct/2023:12:43:12 -0500] "POST /BLA/boletinlegal/admin/actos/ingresar.php HTTP/1.1" 200 7302
172.22.2.4 - - [05/Oct/2023:12:43:14 -0500] "GET /BLA/boletinlegal/consulta_normativa.php?tipo=Decreto&sector=residuos&ano=&resuelve=Solidos%20peligrosos HTTP/1.1" 200 454
172.22.2.4 - - [05/Oct/2023:12:43:15 -0500] "GET /BLA/boletinlegal/consulta_normativa.php?tipo=Decreto&sector=residuos&ano=&resuelve=Solidos%20peligrosos HTTP/1.1" 200 454
172.22.2.4 - - [05/Oct/2023:12:43:15 -0500] "GET /BLA/boletinlegal/consulta_normativa.php?tipo=Decreto&sector=residuos&ano=&resuelve=Solidos%20peligrosos HTTP/1.1" 200 454
172.22.2.4 - - [05/Oct/2023:12:43:19 -0500] "GET /BLA/boletinlegal/consulta_normativa.php?tipo=Ley&sector=residuos&ano=&resuelve=Solidos%20peligrosos HTTP/1.1" 200 454
216.244.66.195 - - [05/Oct/2023:12:43:19 -0500] "GET /BLA/resoluciones/RESOLUCIONES%202011/0692.pdf HTTP/1.1" 200 89571
172.22.2.4 - - [05/Oct/2023:12:43:19 -0500] "GET /BLA/boletinlegal/consulta_normativa.php?tipo=Ley&sector=residuos&ano=&resuelve=Solidos%20peligrosos HTTP/1.1" 200 454
172.22.2.4 - - [05/Oct/2023:12:43:23 -0500] "GET /BLA/boletinlegal/style.css HTTP/1.1" 200 9406
172.22.2.4 - - [05/Oct/2023:12:43:23 -0500] "GET /BLA/boletinlegal/styles2.css HTTP/1.1" 200 1838
172.22.2.4 - - [05/Oct/2023:12:43:23 -0500] "GET /BLA/boletinlegal/js/jquery.js HTTP/1.1" 200 57254
172.22.2.4 - - [05/Oct/2023:12:43:23 -0500] "GET /BLA/boletinlegal/js/jquery.scrollShow.js HTTP/1.1" 200 4586
172.22.2.4 - - [05/Oct/2023:12:43:23 -0500] "GET /BLA/boletinlegal/js/jquery.scrollTo-min.js HTTP/1.1" 200 1150
172.22.2.4 - - [05/Oct/2023:12:43:23 -0500] "GET /BLA/boletinlegal/images/historia.png HTTP/1.1" 200 52775
172.22.2.4 - - [05/Oct/2023:12:43:23 -0500] "GET /BLA/boletinlegal/images/cabezote%20BLEGAL.jpg HTTP/1.1" 200 118164
172.22.2.4 - - [05/Oct/2023:12:43:23 -0500] "GET /BLA/boletinlegal/images/subscribe-icon-big.png HTTP/1.1" 200 47702
172.22.2.4 - - [05/Oct/2023:12:43:23 -0500] "GET /BLA/boletinlegal/images/registro-usuarios.png HTTP/1.1" 200 8106
172.22.2.4 - - [05/Oct/2023:12:43:23 -0500] "GET /BLA/boletinlegal/images/arr_l.jpg HTTP/1.1" 200 1979
172.22.2.4 - - [05/Oct/2023:12:43:23 -0500] "GET /BLA/boletinlegal/images/launch.jpg HTTP/1.1" 200 14577
172.22.2.4 - - [05/Oct/2023:12:43:23 -0500] "GET /BLA/boletinlegal/images/screen_1.png HTTP/1.1" 200 202547
172.22.2.4 - - [05/Oct/2023:12:43:23 -0500] "GET /BLA/boletinlegal/images/body_bg.jpg HTTP/1.1" 200 1601
172.22.2.4 - - [05/Oct/2023:12:43:23 -0500] "GET /BLA/boletinlegal/images/menu_lft.gif HTTP/1.1" 200 1713
172.22.2.4 - - [05/Oct/2023:12:43:23 -0500] "GET /BLA/boletinlegal/images/menu_rght.gif HTTP/1.1" 200 1627
172.22.2.4 - - [05/Oct/2023:12:43:23 -0500] "GET /BLA/boletinlegal/images/bg_top.jpg HTTP/1.1" 200 522
172.22.2.4 - - [05/Oct/2023:12:43:23 -0500] "GET /BLA/boletinlegal/images/menu_bg.jpg HTTP/1.1" 200 620
172.22.2.4 - - [05/Oct/2023:12:43:23 -0500] "GET /BLA/boletinlegal/images/hover.jpg HTTP/1.1" 200 640
172.22.2.4 - - [05/Oct/2023:12:43:23 -0500] "GET /BLA/boletinlegal/images/text.jpg HTTP/1.1" 200 568
172.22.2.4 - - [05/Oct/2023:12:43:24 -0500] "GET /BLA/boletinlegal/consulta_normativa.php?tipo=Resolucion&sector=residuos&ano=&resuelve=Solidos%20peligrosos HTTP/1.1" 200 454
172.22.2.4 - - [05/Oct/2023:12:43:24 -0500] "GET /BLA/boletinlegal/consulta_normativa.php?tipo=Resolucion&sector=residuos&ano=&resuelve=Solidos%20peligrosos HTTP/1.1" 200 454
172.22.2.4 - - [05/Oct/2023:12:43:24 -0500] "GET /BLA/boletinlegal/consulta_normativa.php?tipo=Resolucion&sector=residuos&ano=&resuelve=Solidos%20peligrosos HTTP/1.1" 200 454
172.22.2.4 - - [05/Oct/2023:12:43:28 -0500] "GET /BLA/boletinlegal/consulta_normativa.php?tipo=Manual&sector=residuos&ano=&resuelve=Solidos%20peligrosos HTTP/1.1" 200 454
172.22.2.4 - - [05/Oct/2023:12:43:28 -0500] "GET /BLA/boletinlegal/consulta_normativa.php?tipo=Manual&sector=residuos&ano=&resuelve=Solidos%20peligrosos HTTP/1.1" 200 454
172.22.2.4 - - [05/Oct/2023:12:43:28 -0500] "GET /BLA/boletinlegal/consulta_normativa.php?tipo=Manual&sector=residuos&ano=&resuelve=Solidos%20peligrosos HTTP/1.1" 200 454
172.22.2.4 - - [05/Oct/2023:12:43:30 -0500] "GET /BLA/boletinlegal/images/screen_2.png HTTP/1.1" 200 362502
172.22.2.4 - - [05/Oct/2023:12:43:30 -0500] "GET /BLA/boletinlegal/images/screen_3.png HTTP/1.1" 200 210620
172.22.2.4 - - [05/Oct/2023:12:43:30 -0500] "GET /BLA/boletinlegal/images/screen_5.png HTTP/1.1" 200 368876
172.22.2.4 - - [05/Oct/2023:12:43:30 -0500] "GET /BLA/boletinlegal/images/arr_r.jpg HTTP/1.1" 200 1998
172.22.2.4 - - [05/Oct/2023:12:43:30 -0500] "GET /BLA/boletinlegal/images/footer_bg.jpg HTTP/1.1" 200 586
172.22.2.4 - - [05/Oct/2023:12:43:33 -0500] "GET /BLA/boletinlegal/consulta_normativa.php?tipo=Ley&sector=residuos&ano=&resuelve= HTTP/1.1" 200 922
172.22.2.4 - - [05/Oct/2023:12:43:33 -0500] "GET /BLA/boletinlegal/images/docs.png HTTP/1.1" 200 10288
172.22.2.4 - - [05/Oct/2023:12:43:38 -0500] "GET /BLA/boletinlegal/images/pdf.gif HTTP/1.1" 200 567
216.244.66.195 - - [05/Oct/2023:12:43:44 -0500] "GET /BLA/resoluciones/RESOLUCIONES%202011/0731.pdf HTTP/1.1" 200 246244
201.245.192.253 - - [05/Oct/2023:12:43:46 -0500] "POST /forms/lservlet;jsessionid=ac16012b30d6e3ac83cfa34d44e69cdfe83dd14ea1cd.e3iSbxaKaheRe34Pbx8Nc3aQci1ynknvrkLOlQzNp65In0 HTTP/1.1" 200 2
172.22.2.4 - - [05/Oct/2023:12:43:50 -0500] "GET /BLA/boletinlegal/consulta_normativa.php?tipo=Decreto&sector=residuos&ano=&resuelve= HTTP/1.1" 200 10584
172.22.2.4 - - [05/Oct/2023:12:43:50 -0500] "GET /BLA/boletinlegal/images/background.gif HTTP/1.1" 200 -
201.245.192.253 - - [05/Oct/2023:12:43:57 -0500] "POST /forms/lservlet;jsessionid=ac16012b30d631b237d665c3491e938ed2fcaf258f77.e3iSbxaKaheRe34Pbx8Nc3aQci1ynknvrkLOlQzNp65In0 HTTP/1.1" 200 2
66.249.66.19 - - [05/Oct/2023:12:44:01 -0500] "GET /sig/Manual%20de%20Procesos%20y%20Procedimientos/PM04%20Evaluaci%C3%B3n,%20Control%20y%20Seguimiento/126PM04-PR17%20Atenci%C3%B3n%20solicitud%20Salvoconducto%20Flora.pdf HTTP/1.1" 404 1018
216.244.66.195 - - [05/Oct/2023:12:44:10 -0500] "GET /BLA/resoluciones/RESOLUCIONES%202011/0749.pdf HTTP/1.1" 200 350662
186.155.138.104 - - [05/Oct/2023:12:44:19 -0500] "POST /BLA/boletinlegal/admin/actos/ingresar.php HTTP/1.1" 200 7302
216.244.66.195 - - [05/Oct/2023:12:44:35 -0500] "GET /BLA/resoluciones/RESOLUCIONES%202011/0881.pdf HTTP/1.1" 200 72429
216.244.66.195 - - [05/Oct/2023:12:44:58 -0500] "GET /BLA/resoluciones/RESOLUCIONES%202011/1035.pdf HTTP/1.1" 200 92329
172.22.2.4 - - [05/Oct/2023:12:43:23 -0500] "GET /BLA/boletinlegal/ HTTP/1.1" 200 61542
172.22.2.4 - - [05/Oct/2023:12:45:03 -0500] "GET /BLA/boletinlegal/favicon.ico HTTP/1.1" 404 1308
216.244.66.195 - - [05/Oct/2023:12:45:20 -0500] "GET /BLA/resoluciones/RESOLUCIONES%202011/1111.pdf HTTP/1.1" 200 351259
216.244.66.195 - - [05/Oct/2023:12:45:41 -0500] "GET /BLA/resoluciones/RESOLUCIONES%202011/1241.pdf HTTP/1.1" 200 317102
201.245.192.253 - - [05/Oct/2023:12:45:46 -0500] "POST /forms/lservlet;jsessionid=ac16012b30d6e3ac83cfa34d44e69cdfe83dd14ea1cd.e3iSbxaKaheRe34Pbx8Nc3aQci1ynknvrkLOlQzNp65In0 HTTP/1.1" 200 2
201.245.192.253 - - [05/Oct/2023:12:45:57 -0500] "POST /forms/lservlet;jsessionid=ac16012b30d631b237d665c3491e938ed2fcaf258f77.e3iSbxaKaheRe34Pbx8Nc3aQci1ynknvrkLOlQzNp65In0 HTTP/1.1" 200 2
216.244.66.195 - - [05/Oct/2023:12:46:05 -0500] "GET /BLA/resoluciones/RESOLUCIONES%202011/1388.pdf HTTP/1.1" 200 76685
201.245.192.253 - - [05/Oct/2023:12:46:04 -0500] "POST /kwsrmcab/Wsrmcab  HTTP/1.1" 200 42851
216.244.66.195 - - [05/Oct/2023:12:46:24 -0500] "GET /BLA/resoluciones/RESOLUCIONES%202011/1422.pdf HTTP/1.1" 200 79257
172.22.2.4 - - [05/Oct/2023:12:44:52 -0500] "HEAD /BLA/boletinlegal/ HTTP/1.1" 200 -
216.244.66.195 - - [05/Oct/2023:12:46:43 -0500] "GET /BLA/resoluciones/RESOLUCIONES%202011/1619.pdf HTTP/1.1" 200 64613
216.244.66.195 - - [05/Oct/2023:12:47:01 -0500] "GET /BLA/resoluciones/RESOLUCIONES%202011/1636.pdf HTTP/1.1" 200 302702
173.252.95.13 - - [05/Oct/2023:12:47:10 -0500] "GET /guadalupe-aguanoso-un-nuevo-tramo-de-camino-para-disfrutar-en-los-cerros-orientales.html HTTP/1.1" 200 795
216.245.221.92 - - [05/Oct/2023:12:47:13 -0500] "HEAD / HTTP/1.1" 200 -
186.155.138.104 - - [05/Oct/2023:12:47:15 -0500] "POST /BLA/boletinlegal/admin/actos/ingresar.php HTTP/1.1" 200 7302
216.244.66.195 - - [05/Oct/2023:12:47:17 -0500] "GET /BLA/resoluciones/RESOLUCIONES%202011/1648.pdf HTTP/1.1" 200 65447
172.22.2.4 - - [05/Oct/2023:12:45:43 -0500] "GET /BLA/boletinlegal/ HTTP/1.1" 200 58597
216.244.66.195 - - [05/Oct/2023:12:47:32 -0500] "GET /BLA/resoluciones/AUTOS%202008/0202.pdf HTTP/1.1" 200 103693
216.244.66.195 - - [05/Oct/2023:12:47:46 -0500] "GET /BLA/resoluciones/AUTOS%202008/0916.pdf HTTP/1.1" 200 88206
201.245.192.253 - - [05/Oct/2023:12:47:46 -0500] "POST /forms/lservlet;jsessionid=ac16012b30d6e3ac83cfa34d44e69cdfe83dd14ea1cd.e3iSbxaKaheRe34Pbx8Nc3aQci1ynknvrkLOlQzNp65In0 HTTP/1.1" 200 2
69.171.251.11 - - [05/Oct/2023:12:47:51 -0500] "GET /participa-en-la-convocatoria-para-el-aseguramiento-metrologico-de-la-red-de-monitoreo-de-calidad-del-aire-de-bogota.html HTTP/1.1" 200 848
172.22.2.4 - - [05/Oct/2023:12:47:53 -0500] "GET /BLA/boletinlegal/consulta_normativa.php?tipo=Ley&sector=residuos&ano=&resuelve= HTTP/1.1" 200 922
201.245.192.253 - - [05/Oct/2023:12:47:57 -0500] "POST /forms/lservlet;jsessionid=ac16012b30d631b237d665c3491e938ed2fcaf258f77.e3iSbxaKaheRe34Pbx8Nc3aQci1ynknvrkLOlQzNp65In0 HTTP/1.1" 200 2
216.244.66.195 - - [05/Oct/2023:12:47:58 -0500] "GET /BLA/resoluciones/AUTOS%202008/0960.pdf HTTP/1.1" 200 88109
216.244.66.195 - - [05/Oct/2023:12:48:10 -0500] "GET /BLA/resoluciones/AUTOS%202008/1037.pdf HTTP/1.1" 200 79089
216.244.66.195 - - [05/Oct/2023:12:48:20 -0500] "GET /BLA/resoluciones/AUTOS%202013/0262.pdf HTTP/1.1" 200 2124615
186.155.138.104 - - [05/Oct/2023:12:48:27 -0500] "POST /BLA/boletinlegal/admin/actos/ingresar.php HTTP/1.1" 200 7302
66.249.66.19 - - [05/Oct/2023:12:48:34 -0500] "GET /resoluciones/RESOLUCIONES%202007/RES%202007%20701%20AL%20800/RESOLUCION%200717%20DE%202007.pdf HTTP/1.1" 404 1018
66.249.66.193 - - [05/Oct/2023:12:48:46 -0500] "GET /feria-de-emprendimiento-mujeres-que-reverdecen-expusieron-sus-proyectos.html HTTP/1.1" 304 -
216.244.66.195 - - [05/Oct/2023:12:48:48 -0500] "GET /BLA/resoluciones/AUTOS%202013/1105.pdf HTTP/1.1" 200 1795041
216.244.66.195 - - [05/Oct/2023:12:49:08 -0500] "GET /BLA/resoluciones/AUTOS%202013/1942.pdf HTTP/1.1" 200 1937036
186.155.138.104 - - [05/Oct/2023:12:49:36 -0500] "POST /BLA/boletinlegal/admin/actos/ingresar.php HTTP/1.1" 200 7302
201.245.192.253 - - [05/Oct/2023:12:49:46 -0500] "POST /forms/lservlet;jsessionid=ac16012b30d6e3ac83cfa34d44e69cdfe83dd14ea1cd.e3iSbxaKaheRe34Pbx8Nc3aQci1ynknvrkLOlQzNp65In0 HTTP/1.1" 200 2
216.244.66.195 - - [05/Oct/2023:12:49:49 -0500] "GET /BLA/resoluciones/AUTOS%202013/2174.pdf HTTP/1.1" 200 1672116
74.85.210.243 - - [05/Oct/2023:12:49:56 -0500] "GET /distrito-formaliza-el-ultimo-acuerdo-de-la-actual-administracion-con-las-organizaciones-sindicales.html HTTP/1.1" 200 1000
94.176.59.139 - - [05/Oct/2023:12:49:56 -0500] "GET /distrito-formaliza-el-ultimo-acuerdo-de-la-actual-administracion-con-las-organizaciones-sindicales.html HTTP/1.1" 200 1000
201.245.192.253 - - [05/Oct/2023:12:49:57 -0500] "POST /forms/lservlet;jsessionid=ac16012b30d631b237d665c3491e938ed2fcaf258f77.e3iSbxaKaheRe34Pbx8Nc3aQci1ynknvrkLOlQzNp65In0 HTTP/1.1" 200 2
216.244.66.195 - - [05/Oct/2023:12:50:22 -0500] "GET /BLA/resoluciones/AUTOS%202013/2453.pdf HTTP/1.1" 200 617975
186.155.138.104 - - [05/Oct/2023:12:50:47 -0500] "POST /BLA/boletinlegal/admin/actos/ingresar.php HTTP/1.1" 200 7302
216.244.66.195 - - [05/Oct/2023:12:50:51 -0500] "GET /BLA/resoluciones/AUTOS%202013/2800.pdf HTTP/1.1" 200 1802493
66.249.66.21 - - [05/Oct/2023:12:50:53 -0500] "GET /BLA/resoluciones/RESOLUCIONES%202011/3470.pdf HTTP/1.1" 200 540274
201.245.192.253 - - [05/Oct/2023:12:51:03 -0500] "POST /kwsrmcab/Wsrmcab  HTTP/1.1" 200 42851
216.244.66.195 - - [05/Oct/2023:12:51:21 -0500] "GET /BLA/resoluciones/AUTOS%202014/1143.pdf HTTP/1.1" 200 930008
186.86.32.196 - - [05/Oct/2023:12:51:34 -0500] "OPTIONS /kwssiamovil/sm/setfile/f? HTTP/1.1" 200 13
186.86.32.196 - - [05/Oct/2023:12:51:34 -0500] "POST /kwssiamovil/sm/setfile/f? HTTP/1.1" 200 381
186.86.32.196 - - [05/Oct/2023:12:51:37 -0500] "OPTIONS /kwssiamovil/sm/setfile/f? HTTP/1.1" 200 13
186.86.32.196 - - [05/Oct/2023:12:51:37 -0500] "POST /kwssiamovil/sm/setfile/f? HTTP/1.1" 200 381
186.86.32.196 - - [05/Oct/2023:12:51:40 -0500] "OPTIONS /kwssiamovil/sm/setfile/f? HTTP/1.1" 200 13
186.86.32.196 - - [05/Oct/2023:12:51:40 -0500] "POST /kwssiamovil/sm/setfile/f? HTTP/1.1" 200 381
173.252.87.3 - - [05/Oct/2023:12:51:46 -0500] "GET /BLA/resoluciones/RESOLUCIONES%202013/1197.pdf HTTP/1.1" 200 1787007
201.245.192.253 - - [05/Oct/2023:12:51:46 -0500] "POST /forms/lservlet;jsessionid=ac16012b30d6e3ac83cfa34d44e69cdfe83dd14ea1cd.e3iSbxaKaheRe34Pbx8Nc3aQci1ynknvrkLOlQzNp65In0 HTTP/1.1" 200 2
31.13.127.18 - - [05/Oct/2023:12:51:46 -0500] "GET /BLA/resoluciones/RESOLUCIONES%202017/0520.pdf HTTP/1.1" 200 407112
216.244.66.195 - - [05/Oct/2023:12:51:49 -0500] "GET /BLA/resoluciones/AUTOS%202015/0051.pdf HTTP/1.1" 200 550978
186.86.32.196 - - [05/Oct/2023:12:51:50 -0500] "GET /kwssiamovil/sm/acme/a?s=U2FsdGVkX1/98UuxFbfqC2r76Gullvg+kOlh249XkBTuPvk96b0JNnO1YmDN+A1yS4lPbFbz66z9tN5oQRDOVgRle+4TDnKNTWjxC9tKmco8j0jiNrtMnVYYfAzbHK3FogdPIYID62dsG8BssNkc+nBe62dJikPJLbs84fSkc9Zkf/AOoh4AD+Z/Cs9NE29+2io8HavfidNkZofAKzPG0RhQgBmbiZ6MZz1Ggdvl6DYxusBjtkq/bX3FdxIzK4ywiQZAvStBfY4DokQR15y7SQ==&u=U2FsdGVkX18d7yqTlfCkS91RnuOE8HqVD9pLCVXhooI=&y=U2FsdGVkX1849N4d9lLwPQmaC/1ljimD87TXIZLA90I= HTTP/1.1" 200 26
186.86.32.196 - - [05/Oct/2023:12:51:50 -0500] "GET /kwssiamovil/sm/acme/a?s=U2FsdGVkX18XKX750QXC3X6VM6EP0fwefhmDgavT35cChNrpgH3I29MLJGnnoXStqqJQ5pmUmzU6OfOH8/9D13zncfOJLA3xs9ClJZAgH/8Y/3+VPN5IF2xL6K8ZzB794VUzaFdVo+woJ8ClUdmJkzl1jKZpuBKep8JZreC9ASZmHygpFkQwvWboMc8rOZ8eBEgLMqS4z2E4Qeev+8c1nfR/Gui9sNvUlCDAyORFtxsTAmSagPSpkeDe3UwduVYVGAoWS2i+3vuHfjw6L7AwmVc4dhQjrqlhsxZmn/j1RZ+rpb40gGWMf+DAx7mwtBXvE+k+AGi7rLFEUJ9ul0YMg4oaHWNcjiWAy6QIpxH0zr1/x+rE5N9pn9L0mnlKuSCvpSx+NkbnqPJvEJkCYvXvKwDYdGsf/A/AKUGDxO1gi6gUqNBYjDh4AmaYF3LCCc5cDuJyGVDLpJKidJ/fzdwuzCidB+3OHXEa2KkucOIZN2udytNsPFzfg2IssHm0OTFZNMlph/QX0810FK6S4I3RmqDKbSPZpkPZO5OQPFmaE4aDBFiZGEyxmArZ2avIr40bWOp7o7Xhaty2E/hnytaaBbV8Y1QiJTPoq46iubwqP+8Ktwdhlp1HSoSINIt8DJ7aFgIu8UDudOhWz7XoYdyKC8n0CZ/JLl6+QOCG0aaS0ITh9ee2+gYtOrTK82ldUrqr/nvLqp1lB9chgOfaOtN5l70spBg+lv5n2FSiTUrM0Xt1gjUT2PLoEAqu+mnInk1nLAiwLBsA2Tlfq4gXgCH+SZ3JvIZ5HffuHgMFcn3UWAMBY5ne5uuWz/DLKy8liTY/6kuDT2UZbEmBNAWXxUW1gnfvGAJ0GUIPfiRf2/T7JTtcAqX+X6rrWc/V/Rdx+TOusbc5U6Vh2ndeJzRJbuAow7UlmYnGBw8c0A74tNFqCqzhdOKgoO/mWq7jJ0biZDOSOF4ZvuyLdwEu2GoL2PzjsnKIDblUaSJaJVCRuWHuFCsRk26iTLkesbVm352cwOz4sOi1cs86HFkUIUUIVX9TeCcDbiG8EI1vvuJ+KfehTlucgT8zek2NHWEYAmWYPM67wTB/wtvAs9Wx3IIBZS7xrwf3jzYPysaCl4C0VVUCaTnnF16SE2VrjirAueMIDM4tY8XchCvGCCkEoC1CPl/mHRgdGrCI6RnwTBhD68oKwW9u0ojzTzvVus80FDZWTGZgzTnx2hikv3VMBpaQXipPcErTi9sMbGyEHjIjtgrgkmbTHqVyR1PNcJL6rWZ1cMWTDgUpDXSa/BixtGitq9PBiOQXwaUjxWcIQ+BdxV5Q1wbgJsFu3d5owk6WdRpmjLka3I69Skj2tA2QT/PTQ6/o8D42IhnadqU28hgzZucvJrJBA2SPFdfSGmHieag52nyeKO/DVk4C9+ybgmBtQyDAdb9ixtndgGVIAfMs6nqdW+J6/izRBfzR9a9K42Gs0p4YCOMQGicC62fxrrulPMIjSFYPKKjMxa2YcPUv+SmulyEtmkv1t0G+mKgPtl4ZzZxM1UIPyFkPEDkXm3gTC79iPsQ9Z31rtS0s2kvQSuSQXQcBXiQpWgdsEydR9fShcNd5AeV/qBCWRIo7o0NTNX8Y1DaFZlioK6Vs5axUTP7cXI53PtDJXC85KYoyuhDKZse1MD/84+62ahl6FvSd2pY+lh5L2U11FfP+fiRZXmxppGu3GG9ZHclFabXfyWowMpHsEhnX+b2R5qZXrtKBF6MHt1sHKamNmH3om1WvLLzykc0IDQAPLaheX2GuuE+GO4CEJvsV0rOJ5WDXPpG06jN4fTSqdqOuiPSED1PTh/fEIotr3dN6WFTfc0Lec3gfNRXu8uorHpEEPIYEeJhGMLYiKl0dqtlqzoP0pJFf4W6gh65KIMiRVd19A9AncKbkgCmV&u=U2FsdGVkX18d7yqTlfCkS91RnuOE8HqVD9pLCVXhooI=&y=U2FsdGVkX1849N4d9lLwPQmaC/1ljimD87TXIZLA90I= HTTP/1.1" 200 26
186.86.32.196 - - [05/Oct/2023:12:51:51 -0500] "GET /kwssiamovil/sm/acme/a?s=U2FsdGVkX19vR8hjAGf1wChMZCtChRhTmMV1iQ+BPDRO8W7mIKfqdcRMAdOiSlbI2mzZ1Qh8o5e1wjRz995WXwR+lsaTpmaJOh4eYjHiVqm9TlJmZoa89zkQMyppVFLJzriboveLKCIQOCNNbrhdjFOxqnJEMLjtoyKKtXjxcW0=&u=U2FsdGVkX18d7yqTlfCkS91RnuOE8HqVD9pLCVXhooI=&y=U2FsdGVkX1849N4d9lLwPQmaC/1ljimD87TXIZLA90I= HTTP/1.1" 200 26
186.86.32.196 - - [05/Oct/2023:12:51:51 -0500] "GET /kwssiamovil/sm/acme/a?s=U2FsdGVkX1+3jlGlW2ne5eWFATu/T/0J86EDwhK6QYsYU+u3SKj37C4sfE/sZXhM+w2VwRfvG0PPEF+RO3pZNcRP18YrAxjAH9Iq0gPpa5CHqDbv1WtPSDc2J84/qYTy/wbX+LNbulgKn5t2UvnMIkd4rVMFpBitswmydP8LRfE=&u=U2FsdGVkX18d7yqTlfCkS91RnuOE8HqVD9pLCVXhooI=&y=U2FsdGVkX1849N4d9lLwPQmaC/1ljimD87TXIZLA90I= HTTP/1.1" 200 26
186.86.32.196 - - [05/Oct/2023:12:51:51 -0500] "GET /kwssiamovil/sm/acme/a?s=U2FsdGVkX19cR+hRzRsWn3RDh7nyTC+g+y7Qy1qKC8V7QqdJmakpHlKtsEqWwIuZOfGNGKX2FcGdgRDWkoRD9cPiwxDcJtK5vMTFYm63p78gRzpsTb0xFlyij6gP8r/NYKldcaIrmHgYSKQ2LzZ7U6pDarGLs4kdMJUbx9blebA=&u=U2FsdGVkX18d7yqTlfCkS91RnuOE8HqVD9pLCVXhooI=&y=U2FsdGVkX1849N4d9lLwPQmaC/1ljimD87TXIZLA90I= HTTP/1.1" 200 26
186.86.32.196 - - [05/Oct/2023:12:51:51 -0500] "GET /kwssiamovil/sm/acme/a?s=U2FsdGVkX1/zqcnWMSQUzkW3d/mMQm/0x5QwReTHP3PhXrpTRlo9rmHXjeV7KRjeQpyVTUsn+IiKmH/qdCKaSJqna3akoS6VHzZcP3swUdcB98U5z7GCTfPxZQ1FjdsTFczCSdkxNM7WWrThk4/L5k8KbXLJ+QLYS9O2n5GlWB4C4TVma7iEo1Huo4aVLABa&u=U2FsdGVkX18d7yqTlfCkS91RnuOE8HqVD9pLCVXhooI=&y=U2FsdGVkX1849N4d9lLwPQmaC/1ljimD87TXIZLA90I= HTTP/1.1" 200 26
186.86.32.196 - - [05/Oct/2023:12:51:51 -0500] "GET /kwssiamovil/sm/acme/a?s=U2FsdGVkX1/3YYGGcKI+UO3rOo0e/b9T9m4OtTmKvf3zAXOcuexNOp71z8I9CBQJYW90f91AJXPeLnTwOkl3FFpp9Ih9EDQ6jtOSgdFdi6bnUfgYTCABEK8T111YotWCGdqG0MThYijMC8NI6KZIzjBlL3vXuVxrIspokwsLxQRSDvAc+wP7RWzbnxq6hmngMxjjeV/I34pcZOsCdMIHFg==&u=U2FsdGVkX18d7yqTlfCkS91RnuOE8HqVD9pLCVXhooI=&y=U2FsdGVkX1849N4d9lLwPQmaC/1ljimD87TXIZLA90I= HTTP/1.1" 200 26
186.86.32.196 - - [05/Oct/2023:12:51:52 -0500] "GET /kwssiamovil/sm/acme/a?s=U2FsdGVkX1890Ae4qIyMlcjlCjEI+y8us5qEZmxZTaTTbMBjA0obkBR6mpDGOXASnMly2NIEHAyFqlb3EjKi5Xz4tVSyiBCnw1W0NvwQB5K4XUSFrmtV1WhhyuaUY7fXrYkU2fnCUz1nJ2OBokdga8CmV5cjzqRkDYn4p5HvW4NTSEMaKwjmjkoK2QB0ePPB&u=U2FsdGVkX18d7yqTlfCkS91RnuOE8HqVD9pLCVXhooI=&y=U2FsdGVkX1849N4d9lLwPQmaC/1ljimD87TXIZLA90I= HTTP/1.1" 200 26
186.86.32.196 - - [05/Oct/2023:12:51:52 -0500] "GET /kwssiamovil/sm/acme/a?s=U2FsdGVkX197bnwKx5ao480NW6737XWitvv5plppvL2mQeVHYO7+czsT0dH5SBmsB2NVFeVuFdgKKxrqW2DwgTTA1uGTd+FcZpVPAnPLbOmgLT7vUSz0BAln8D7Mxk4LN0T05r6F4zlwBwoce+IrSXauSItPndaJ/uaulws3xBxmmSYDGiRxpzf7hliPTw8HUiMiPiZlpMGz4evKXuZQDQ==&u=U2FsdGVkX18d7yqTlfCkS91RnuOE8HqVD9pLCVXhooI=&y=U2FsdGVkX1849N4d9lLwPQmaC/1ljimD87TXIZLA90I= HTTP/1.1" 200 26
186.86.32.196 - - [05/Oct/2023:12:51:52 -0500] "GET /kwssiamovil/sm/acme/a?s=U2FsdGVkX1/WLlswi7C2S3NsrbYa9Do8xKMg9M3RWlys40d7agnFvNIz4CqEz3vrBDM0mg5vKDFVhh78wjMN4UDEyS2HgpfPon2IsE0Jm0+NrH64vzJ4+bxNdm6ePHuxnUlrmjFvEYSThqQ+gjw97n4pwQGEoPrXHu2OL2ShHzQw3N0iO0JOeXz3lC+vlPun&u=U2FsdGVkX18d7yqTlfCkS91RnuOE8HqVD9pLCVXhooI=&y=U2FsdGVkX1849N4d9lLwPQmaC/1ljimD87TXIZLA90I= HTTP/1.1" 200 26
186.86.32.196 - - [05/Oct/2023:12:51:52 -0500] "GET /kwssiamovil/sm/acme/a?s=U2FsdGVkX1+UYqeuVRP2FmvewciggORQdwtclZYncBbtrZy3SzqGV1Jtig/zS5oqifm2wAPWhb1u5j1kUjN3OXk4rrNSNe/3Y6uxHTgkKMMa0Atr4cUlUZMl1wxOTcqpHdMxE6A7t89xMJqNmanA2pBcEfY4FHKxxGQciNHPEhBtkVIicTCt1vP3dnxTX1cEl7WF/J29VAwiOnKGHziKXg==&u=U2FsdGVkX18d7yqTlfCkS91RnuOE8HqVD9pLCVXhooI=&y=U2FsdGVkX1849N4d9lLwPQmaC/1ljimD87TXIZLA90I= HTTP/1.1" 200 26
186.86.32.196 - - [05/Oct/2023:12:51:52 -0500] "GET /kwssiamovil/sm/acme/a?s=U2FsdGVkX19jDnBvSf5PO3bhe7ixAExgMBhtSAzFNQKX4Btee47foBONMTHKJnzK+FcuOIBID87qD39vcrjW5gxzdamumdqKRjJPEhx5+gaUtO2NbyRjFy9IajG9iNrC1DrmZ32mF9gP+sFp+pLLKTbqShOHet13fzwyLmQHOnQchWfei0NYSecNGirqA60v&u=U2FsdGVkX18d7yqTlfCkS91RnuOE8HqVD9pLCVXhooI=&y=U2FsdGVkX1849N4d9lLwPQmaC/1ljimD87TXIZLA90I= HTTP/1.1" 200 26
201.245.192.253 - - [05/Oct/2023:12:51:57 -0500] "POST /forms/lservlet;jsessionid=ac16012b30d631b237d665c3491e938ed2fcaf258f77.e3iSbxaKaheRe34Pbx8Nc3aQci1ynknvrkLOlQzNp65In0 HTTP/1.1" 200 2
186.155.138.104 - - [05/Oct/2023:12:52:01 -0500] "POST /BLA/boletinlegal/admin/actos/ingresar.php HTTP/1.1" 200 7302
216.245.221.92 - - [05/Oct/2023:12:52:13 -0500] "HEAD / HTTP/1.1" 200 -
216.244.66.195 - - [05/Oct/2023:12:52:18 -0500] "GET /BLA/resoluciones/AUTOS%202015/0137.pdf HTTP/1.1" 200 598166
172.22.2.4 - - [05/Oct/2023:12:50:42 -0500] "HEAD /BLA/boletinlegal/ HTTP/1.1" 200 -
216.244.66.195 - - [05/Oct/2023:12:52:44 -0500] "GET /BLA/resoluciones/AUTOS%202015/0316.pdf HTTP/1.1" 200 438233
66.249.66.21 - - [05/Oct/2023:12:53:01 -0500] "GET /pdc/actos/1731.pdf HTTP/1.1" 200 724138
216.244.66.195 - - [05/Oct/2023:12:53:08 -0500] "GET /BLA/resoluciones/AUTOS%202015/1467.pdf HTTP/1.1" 200 516539
186.155.138.104 - - [05/Oct/2023:12:53:09 -0500] "POST /BLA/boletinlegal/admin/actos/ingresar.php HTTP/1.1" 200 7302
172.22.2.4 - - [05/Oct/2023:12:51:32 -0500] "GET /BLA/boletinlegal/ HTTP/1.1" 200 58187
186.29.229.205 - - [05/Oct/2023:12:53:24 -0500] "GET /kwssiamovil/sm/ldap/au?x=U2FsdGVkX1/QXffKl6F5u0z7005skcJT0EvJm5aies+NBP698OtIUNY4HHQ4oXpe&y=U2FsdGVkX1/KYdTma4BB+ELM0m0uW6YJdG/hebKjEi39e/WINVFZguN9hzIY3gxJ HTTP/1.1" 200 30
186.29.229.205 - - [05/Oct/2023:12:53:24 -0500] "GET /kwssiamovil/sm/acme/s?s=U2FsdGVkX1/pGB90ma54lsIJ4U9JnNzjW6xKhN7q1K0MSscFaC4zxtNMIJ+rO2Y8cmfd3TT7d8FnvE3z3WYX6e6dCXJcXyL9OJEhxEwwQ2c=&u=U2FsdGVkX19Gig2onqvG8GTV3BsPZEUFyW7iRfDLuSZ4SIROPoPHKOMZgTqIvUit&y=U2FsdGVkX1/KYdTma4BB+ELM0m0uW6YJdG/hebKjEi39e/WINVFZguN9hzIY3gxJ HTTP/1.1" 200 97
186.29.229.205 - - [05/Oct/2023:12:53:24 -0500] "GET /kwssiamovil/sm/acme/s?s=U2FsdGVkX1+JO8BATjY8sf6RSKVyA/Gin1sCp9ey/3ueBtcAPQ+27d79pg7QN16O3jEikVs149QjQ2YYpevLB4PY9VnkLRKhUaxMNgbDVfR65lB5yEwSKdY1AY1D6dIiwxUr0Arr+1u+0DJto6vsj7e24JSKCr47kKMqjQsi8wOCd4IJSRxys7WQT77xF5J8V1ybSbqq495sGYtGrtzElKMjae6iiwNOljRtrzC6tmTApYhyv1XpUIC531I16zoZosfjNGrdRKHFTDRbIdWUkkkkNd3Kw2LxD2Voy4RCD5vHGuixO18sXMGomP+UwNuRPGEtmFCS5OpH0zOtcUdsUQofxKPsnZXjWIQwsia+9ykIS3da96UBSNYe5jg9PIVFkdphUjoXlibtfDDjVWXmI0hhayJ+tpQt4kuw49WWv/K+L9VyDJ4Cxj47A6d7CxxRVOBpU1XxzBooYeWu+ITTvh0JboYlpvRHjurULVT3OHxtSk+1NfdExmp42pNFEeCGfiCuFzwPIINgf9yyF7rsT/xLBqt054biOW7uaYy/hGRn8pxCQDh3qZcD8vbDU1T9kWPCIxqWXM7MnmtWOuANNeVdXWTocGn5Q3hnsn6eLBYti1NzhTPloQ7COiP3h4pREiGOSbLOKNmZhGAGFLvn7wLKPBwPMFMPjfNJcM6ndwGXkyud8qOTOl02RP4IomUIS8FhbsrZMJgAQ5OvJ5I4FoXlIuYFyF0NOxLeZ3eTVU2TkDhyu+JvFiJ26CEyzmhRejBvO2IrJDiThqkhf22gka0dPySB/WxGoarsW3G9y1igFvOFQvrCRrA4Aj2b1KP1bTOAyuKc4PXAnE71i5f8RjIAamXFr5AGbpHk12qVeJPaZ6gmEHAlMPzij63ZlDQdxXD4P4p9Xf2G6UNPcrnh5k5DRxCRNXINfOWa79NeO0ba2xiiOkxSn2zwnbTBW0SYB3yrUUjNo37mo3M2FaU9F2w3ta8gditL/kFNaQesMV5XQ6Dk08s3af3FMNuprDR2tljEmP2GsOZFwYFCjJLwDvDhRAXKwVAeG5ZEkV6R2qy749KDIVoj+O8brMJXq6ggQDTNOkpa1w/NbweDGcN8CgDZvWdHzh3lDEgzEsIU0F/q45awAwJ/j5EE0JMbsRDl+ku7KCTEJJJC6zb8T5s14ie0WYyUkK+83Ac3207iN4G2awevajiAcAwGHafJC4evSTUu8M5DgXoncOvwxktPunwliOtXs2TSTGyLhIa4Jp7MfBCWTYxG8rp3rObZD5RUXToOgwtWcbHlBZza0Wb46EDDNTO8ZS4C9PAjqrrMGOCHbnTz45FjpYYYCZIT7PoaTIuwPcJRhpS9rVsnu9Vyxe/J9QjUQYIfTqbBwP6WhyI6BLXweQ6FnkitICshgbRd82OIkMoXEZ6mtU91nsHZljcmPjEFFjld1jTN3Sf1VeFJi/nuzglGqZKoJZ6Qw/YafSDXujUOBQ91yScLpid9BVJGz9R1lkEXH1/fIhurWQe7ZJqkSnSmGdx8yDGr3OZOHxkh2rnoRODy3VJjLvt4a7eoGKFpWj+0qlmWrUutdtEIlQcdVgj7quw0Ark4qZsh8Kjv0/CBta9IhUV74LkXZUpstNjvlKXCVIlSShsV5r7tZDHVgMG0fYG6g9L0WgZIu4NbIaqnvAnzSGaUnAD4z/RxSU8VWFQzT2Zw26m1futemph5x9Uz7qlIRJ75x44aWRnbqwqByOfAoFslt9UEaane4znIi0AKaod9Lz4oiwf9ZG9yQmUuIDl6602pnBwg&u=U2FsdGVkX19Gig2onqvG8GTV3BsPZEUFyW7iRfDLuSZ4SIROPoPHKOMZgTqIvUit&y=U2FsdGVkX1/KYdTma4BB+ELM0m0uW6YJdG/hebKjEi39e/WINVFZguN9hzIY3gxJ HTTP/1.1" 200 3236
186.29.229.205 - - [05/Oct/2023:12:53:24 -0500] "GET /kwssiamovil/sm/acme/s?s=U2FsdGVkX18p+Pd870DC3SKWGRBhqD59utFYLPeAVG3cyt8/Q8/lQxaEin20bCLp5q899eKjNxiyUULMSQNZMPeuyH4VVK+QP5V92mQk5FoBO1HZvnJwh+A15T+P/xy22J5gJaykbm1BsUfdURN2Y5vbMJtOhbYWLWssb0/Sr5bkZFnyoBhI8RILBKgjmfnMzh6v2D3eLmXS41DIgVHFLd4nun4yTOOYG6bZ12ts2XkEByRWt9D7hBbuk1ymVcNZoGwPl6hTd/CSI+uJ8f/5TptTFBOwCpJcXHZYdad6VzHw1C2l02srup3faVDAtcOasCb/E1O/fxL0t6YX/bsHIqmS4WEuJGIiO6VJiW/OdvqTku2J6CkMcsjuFtkUBj9tVqfLqXaSkxAapYYOK6ub93mDwHr5BePHiX87jfLCwt9WzlfEkFQNWENwgJdbkPky40YI6JAmXAU2vRh8UZbFunuPGIF4ckySHf2xIL1zoJY4FcKbXZpBO3PE1EHnAOHjOR26kDEkzzRS/3NrNCgiEIyT5OV/mh7blIX4JfXC4mgA2bswllZY7r/QmPp7zEvXztV+8VTnaWmRP3gcVgdyH2s3sym3q/+eDaLIu0p2lt1wAZLvl1UthmncwCgLa5rv37cuT3zeUqRJUl2HbdPM5QZ+CmAuwSJGv4b/GjsKbOWwAO+TGmgW2IPw/t8TcrXQkKEi/Nd3oBTjRgo6bY6PGxRigWWQx9s/peNPpGi/RGJ5rpn5Xb0wiMKzJbv6XM9LQVRQ9kzf504AGFQWYo/mOA==&u=U2FsdGVkX19Gig2onqvG8GTV3BsPZEUFyW7iRfDLuSZ4SIROPoPHKOMZgTqIvUit&y=U2FsdGVkX1/KYdTma4BB+ELM0m0uW6YJdG/hebKjEi39e/WINVFZguN9hzIY3gxJ HTTP/1.1" 200 354
186.29.229.205 - - [05/Oct/2023:12:53:25 -0500] "GET /kwssiamovil/sm/cjson/pre?f=1&x=U2FsdGVkX1/QXffKl6F5u0z7005skcJT0EvJm5aies+NBP698OtIUNY4HHQ4oXpe HTTP/1.1" 200 31032
186.29.229.205 - - [05/Oct/2023:12:53:25 -0500] "GET /kwssiamovil/sm/cjson/pre?f=18&x=U2FsdGVkX1/QXffKl6F5u0z7005skcJT0EvJm5aies+NBP698OtIUNY4HHQ4oXpe HTTP/1.1" 200 32849
157.55.39.11 - - [05/Oct/2023:12:53:44 -0500] "GET /BLA/resoluciones/RESOLUCIONES%202021/1761.pdf HTTP/1.1" 200 6158106
201.245.192.253 - - [05/Oct/2023:12:53:46 -0500] "POST /forms/lservlet;jsessionid=ac16012b30d6e3ac83cfa34d44e69cdfe83dd14ea1cd.e3iSbxaKaheRe34Pbx8Nc3aQci1ynknvrkLOlQzNp65In0 HTTP/1.1" 200 2
201.245.192.253 - - [05/Oct/2023:12:53:57 -0500] "POST /forms/lservlet;jsessionid=ac16012b30d631b237d665c3491e938ed2fcaf258f77.e3iSbxaKaheRe34Pbx8Nc3aQci1ynknvrkLOlQzNp65In0 HTTP/1.1" 200 2
186.155.138.104 - - [05/Oct/2023:12:54:21 -0500] "POST /BLA/boletinlegal/admin/actos/ingresar.php HTTP/1.1" 200 7302
66.220.149.9 - - [05/Oct/2023:12:54:22 -0500] "GET /distrito-formaliza-el-ultimo-acuerdo-de-la-actual-administracion-con-las-organizaciones-sindicales.html HTTP/1.1" 206 1000
66.220.149.9 - - [05/Oct/2023:12:54:22 -0500] "GET /distrito-formaliza-el-ultimo-acuerdo-de-la-actual-administracion-con-las-organizaciones-sindicales.html HTTP/1.1" 206 1000
66.220.149.17 - - [05/Oct/2023:12:54:23 -0500] "GET /distrito-formaliza-el-ultimo-acuerdo-de-la-actual-administracion-con-las-organizaciones-sindicales.html HTTP/1.1" 200 1000
66.220.149.14 - - [05/Oct/2023:12:54:23 -0500] "GET /distrito-formaliza-el-ultimo-acuerdo-de-la-actual-administracion-con-las-organizaciones-sindicales.html HTTP/1.1" 200 1000
66.220.149.20 - - [05/Oct/2023:12:54:23 -0500] "GET /distrito-formaliza-el-ultimo-acuerdo-de-la-actual-administracion-con-las-organizaciones-sindicales.html HTTP/1.1" 200 1000
186.155.138.104 - - [05/Oct/2023:12:55:36 -0500] "POST /BLA/boletinlegal/admin/actos/ingresar.php HTTP/1.1" 200 7302
201.245.192.253 - - [05/Oct/2023:12:55:46 -0500] "POST /forms/lservlet;jsessionid=ac16012b30d6e3ac83cfa34d44e69cdfe83dd14ea1cd.e3iSbxaKaheRe34Pbx8Nc3aQci1ynknvrkLOlQzNp65In0 HTTP/1.1" 200 2
201.245.192.253 - - [05/Oct/2023:12:55:57 -0500] "POST /forms/lservlet;jsessionid=ac16012b30d631b237d665c3491e938ed2fcaf258f77.e3iSbxaKaheRe34Pbx8Nc3aQci1ynknvrkLOlQzNp65In0 HTTP/1.1" 200 2
201.245.192.253 - - [05/Oct/2023:12:56:01 -0500] "POST /kwsrmcab/Wsrmcab  HTTP/1.1" 200 42851
162.55.162.137 - - [05/Oct/2023:12:56:22 -0500] "GET / HTTP/1.1" 200 319
216.244.66.195 - - [05/Oct/2023:12:56:56 -0500] "GET /robots.txt HTTP/1.1" 404 1018
186.155.138.104 - - [05/Oct/2023:12:57:05 -0500] "POST /BLA/boletinlegal/admin/actos/ingresar.php HTTP/1.1" 200 7302
216.245.221.92 - - [05/Oct/2023:12:57:13 -0500] "HEAD / HTTP/1.1" 200 -
172.22.2.4 - - [05/Oct/2023:12:57:19 -0500] "GET /BLA/boletinlegal/actos.php HTTP/1.1" 200 9682
172.22.2.4 - - [05/Oct/2023:12:57:19 -0500] "GET /BLA/boletinlegal/styles2.css HTTP/1.1" 200 1838
172.22.2.4 - - [05/Oct/2023:12:57:19 -0500] "GET /BLA/boletinlegal/js/ajax_actos.js HTTP/1.1" 200 1322
172.22.2.4 - - [05/Oct/2023:12:57:19 -0500] "GET /BLA/boletinlegal/niceforms-default.css HTTP/1.1" 200 6694
172.22.2.4 - - [05/Oct/2023:12:57:19 -0500] "GET /BLA/boletinlegal/style.css HTTP/1.1" 200 9406
172.22.2.4 - - [05/Oct/2023:12:57:19 -0500] "GET /BLA/boletinlegal/niceforms.js HTTP/1.1" 200 22876
172.22.2.4 - - [05/Oct/2023:12:57:19 -0500] "GET /BLA/boletinlegal/js/jquery1.js HTTP/1.1" 200 29846
172.22.2.4 - - [05/Oct/2023:12:57:19 -0500] "GET /BLA/boletinlegal/js/popup.js HTTP/1.1" 200 1270
172.22.2.4 - - [05/Oct/2023:12:57:19 -0500] "GET /BLA/boletinlegal/js/lib.js HTTP/1.1" 200 6474
172.22.2.4 - - [05/Oct/2023:12:57:19 -0500] "GET /BLA/boletinlegal/images/cabezote%20BLEGAL.jpg HTTP/1.1" 200 118164
172.22.2.4 - - [05/Oct/2023:12:57:19 -0500] "GET /BLA/boletinlegal/images/subscribe-icon-big.png HTTP/1.1" 200 47702
172.22.2.4 - - [05/Oct/2023:12:57:20 -0500] "GET /BLA/boletinlegal/images/historia.png HTTP/1.1" 200 52775
172.22.2.4 - - [05/Oct/2023:12:57:20 -0500] "GET /BLA/boletinlegal/images/registro-usuarios.png HTTP/1.1" 200 8106
172.22.2.4 - - [05/Oct/2023:12:57:20 -0500] "GET /BLA/boletinlegal/images/green-yellow-blue-pink-th.png HTTP/1.1" 200 7394
172.22.2.4 - - [05/Oct/2023:12:57:20 -0500] "GET /BLA/boletinlegal/images/tel.png HTTP/1.1" 200 14477
172.22.2.4 - - [05/Oct/2023:12:57:20 -0500] "GET /BLA/boletinlegal/images/body_bg.jpg HTTP/1.1" 200 1601
172.22.2.4 - - [05/Oct/2023:12:57:20 -0500] "GET /BLA/boletinlegal/images/menu_lft.gif HTTP/1.1" 200 1713
172.22.2.4 - - [05/Oct/2023:12:57:20 -0500] "GET /BLA/boletinlegal/images/icono-email.png HTTP/1.1" 200 5544
172.22.2.4 - - [05/Oct/2023:12:57:20 -0500] "GET /BLA/boletinlegal/images/menu_rght.gif HTTP/1.1" 200 1627
172.22.2.4 - - [05/Oct/2023:12:57:20 -0500] "GET /BLA/boletinlegal/images/menu_bg.jpg HTTP/1.1" 200 620
172.22.2.4 - - [05/Oct/2023:12:57:20 -0500] "GET /BLA/boletinlegal/images/bg_top.jpg HTTP/1.1" 200 522
172.22.2.4 - - [05/Oct/2023:12:57:20 -0500] "GET /BLA/boletinlegal/images/hover.jpg HTTP/1.1" 200 640
172.22.2.4 - - [05/Oct/2023:12:57:20 -0500] "GET /BLA/boletinlegal/images/text.jpg HTTP/1.1" 200 568
172.22.2.4 - - [05/Oct/2023:12:57:20 -0500] "GET /BLA/boletinlegal/images/footer_bg.jpg HTTP/1.1" 200 586
172.22.2.4 - - [05/Oct/2023:12:57:20 -0500] "GET /BLA/boletinlegal/images/footer_bg_l.jpg HTTP/1.1" 200 776
172.22.2.4 - - [05/Oct/2023:12:57:20 -0500] "GET /BLA/boletinlegal/img/0.png HTTP/1.1" 200 110
172.22.2.4 - - [05/Oct/2023:12:57:20 -0500] "GET /BLA/boletinlegal/img/select-left.png HTTP/1.1" 200 263
172.22.2.4 - - [05/Oct/2023:12:57:20 -0500] "GET /BLA/boletinlegal/img/select-right.png HTTP/1.1" 200 44019
172.22.2.4 - - [05/Oct/2023:12:57:20 -0500] "GET /BLA/boletinlegal/img/button-left.png HTTP/1.1" 200 57071
172.22.2.4 - - [05/Oct/2023:12:57:20 -0500] "GET /BLA/boletinlegal/img/button.png HTTP/1.1" 200 43241
172.22.2.4 - - [05/Oct/2023:12:57:20 -0500] "GET /BLA/boletinlegal/img/button-right.png HTTP/1.1" 200 57878
172.22.2.4 - - [05/Oct/2023:12:57:20 -0500] "GET /BLA/boletinlegal/favicon.ico HTTP/1.1" 404 1326
201.245.192.253 - - [05/Oct/2023:12:57:46 -0500] "POST /forms/lservlet;jsessionid=ac16012b30d6e3ac83cfa34d44e69cdfe83dd14ea1cd.e3iSbxaKaheRe34Pbx8Nc3aQci1ynknvrkLOlQzNp65In0 HTTP/1.1" 200 2
201.245.192.253 - - [05/Oct/2023:12:57:57 -0500] "POST /forms/lservlet;jsessionid=ac16012b30d631b237d665c3491e938ed2fcaf258f77.e3iSbxaKaheRe34Pbx8Nc3aQci1ynknvrkLOlQzNp65In0 HTTP/1.1" 200 2
186.155.138.104 - - [05/Oct/2023:12:57:57 -0500] "GET /BLA/resoluciones/ HTTP/1.1" 200 13696
186.155.138.104 - - [05/Oct/2023:12:57:57 -0500] "GET /BLA/resoluciones/dlf/styles.css HTTP/1.1" 200 3049
186.155.138.104 - - [05/Oct/2023:12:57:57 -0500] "GET /BLA/resoluciones/dlf/folder.png HTTP/1.1" 200 410
186.155.138.104 - - [05/Oct/2023:12:57:57 -0500] "GET /BLA/resoluciones/dlf/bg.gif HTTP/1.1" 200 54
186.155.138.104 - - [05/Oct/2023:12:58:00 -0500] "GET /BLA/resoluciones/dlf/dirup.png HTTP/1.1" 200 644
186.155.138.104 - - [05/Oct/2023:12:58:00 -0500] "GET /BLA/resoluciones/dlf/pdf.gif HTTP/1.1" 200 272
186.155.138.104 - - [05/Oct/2023:12:57:59 -0500] "GET /BLA/resoluciones/index.php?dir=AUTOS+2023%2F HTTP/1.1" 200 334175
186.155.138.104 - - [05/Oct/2023:12:58:00 -0500] "GET /BLA/resoluciones/dlf/archive.png HTTP/1.1" 200 632
172.22.2.4 - - [05/Oct/2023:12:56:32 -0500] "HEAD /BLA/boletinlegal/ HTTP/1.1" 200 -
172.22.2.4 - - [05/Oct/2023:12:57:22 -0500] "GET /BLA/boletinlegal/ HTTP/1.1" 200 58187
186.155.138.104 - - [05/Oct/2023:12:59:45 -0500] "POST /BLA/boletinlegal/admin/actos/ingresar.php HTTP/1.1" 200 7302
201.245.192.253 - - [05/Oct/2023:12:59:46 -0500] "POST /forms/lservlet;jsessionid=ac16012b30d6e3ac83cfa34d44e69cdfe83dd14ea1cd.e3iSbxaKaheRe34Pbx8Nc3aQci1ynknvrkLOlQzNp65In0 HTTP/1.1" 200 2
201.245.192.253 - - [05/Oct/2023:12:59:57 -0500] "POST /forms/lservlet;jsessionid=ac16012b30d631b237d665c3491e938ed2fcaf258f77.e3iSbxaKaheRe34Pbx8Nc3aQci1ynknvrkLOlQzNp65In0 HTTP/1.1" 200 2
201.245.192.253 - - [05/Oct/2023:13:01:00 -0500] "POST /kwsrmcab/Wsrmcab  HTTP/1.1" 200 42851
186.155.138.104 - - [05/Oct/2023:13:01:04 -0500] "POST /BLA/boletinlegal/admin/actos/ingresar.php HTTP/1.1" 200 7302
186.154.47.100 - - [05/Oct/2023:13:01:09 -0500] "GET /mujeres-que-reverdec HTTP/1.1" 404 1136
186.154.47.100 - - [05/Oct/2023:13:01:10 -0500] "GET /favicon.ico HTTP/1.1" 404 1334
201.245.192.253 - - [05/Oct/2023:13:01:46 -0500] "POST /forms/lservlet;jsessionid=ac16012b30d6e3ac83cfa34d44e69cdfe83dd14ea1cd.e3iSbxaKaheRe34Pbx8Nc3aQci1ynknvrkLOlQzNp65In0 HTTP/1.1" 200 2
201.245.192.253 - - [05/Oct/2023:13:01:57 -0500] "POST /forms/lservlet;jsessionid=ac16012b30d631b237d665c3491e938ed2fcaf258f77.e3iSbxaKaheRe34Pbx8Nc3aQci1ynknvrkLOlQzNp65In0 HTTP/1.1" 200 2
216.245.221.92 - - [05/Oct/2023:13:02:13 -0500] "HEAD / HTTP/1.1" 200 -
186.155.138.104 - - [05/Oct/2023:13:02:17 -0500] "POST /BLA/boletinlegal/admin/actos/ingresar.php HTTP/1.1" 200 7302
186.155.138.104 - - [05/Oct/2023:13:03:33 -0500] "POST /BLA/boletinlegal/admin/actos/ingresar.php HTTP/1.1" 200 7302
201.245.192.253 - - [05/Oct/2023:13:03:46 -0500] "POST /forms/lservlet;jsessionid=ac16012b30d6e3ac83cfa34d44e69cdfe83dd14ea1cd.e3iSbxaKaheRe34Pbx8Nc3aQci1ynknvrkLOlQzNp65In0 HTTP/1.1" 200 2
201.245.192.253 - - [05/Oct/2023:13:03:57 -0500] "POST /forms/lservlet;jsessionid=ac16012b30d631b237d665c3491e938ed2fcaf258f77.e3iSbxaKaheRe34Pbx8Nc3aQci1ynknvrkLOlQzNp65In0 HTTP/1.1" 200 2
172.22.2.4 - - [05/Oct/2023:13:02:22 -0500] "HEAD /BLA/boletinlegal/ HTTP/1.1" 200 -
201.245.192.253 - - [05/Oct/2023:13:04:04 -0500] "GET /sipse/faces/index.xhtml HTTP/1.1" 200 677
201.245.192.253 - - [05/Oct/2023:13:04:04 -0500] "GET /sipse/faces/javax.faces.resource/theme.css?ln=primefaces-sipse HTTP/1.1" 304 -
201.245.192.253 - - [05/Oct/2023:13:04:04 -0500] "GET /sipse/faces/faces/autenticacion.xhtml HTTP/1.1" 200 12411
201.245.192.253 - - [05/Oct/2023:13:04:04 -0500] "GET /sipse/faces/javax.faces.resource/theme.css?ln=primefaces-sipse HTTP/1.1" 304 -
201.245.192.253 - - [05/Oct/2023:13:04:04 -0500] "GET /sipse/faces/javax.faces.resource/primefaces.css?ln=primefaces&v=4.0 HTTP/1.1" 304 -
201.245.192.253 - - [05/Oct/2023:13:04:04 -0500] "GET /sipse/faces/javax.faces.resource/jquery/jquery.js?ln=primefaces&v=4.0 HTTP/1.1" 304 -
201.245.192.253 - - [05/Oct/2023:13:04:04 -0500] "GET /sipse/faces/javax.faces.resource/layout/layout.css?ln=primefaces&v=4.0 HTTP/1.1" 304 -
201.245.192.253 - - [05/Oct/2023:13:04:04 -0500] "GET /sipse/faces/javax.faces.resource/jquery/jquery-plugins.js?ln=primefaces&v=4.0 HTTP/1.1" 304 -
201.245.192.253 - - [05/Oct/2023:13:04:04 -0500] "GET /sipse/faces/javax.faces.resource/primefaces.js?ln=primefaces&v=4.0 HTTP/1.1" 304 -
201.245.192.253 - - [05/Oct/2023:13:04:04 -0500] "GET /sipse/faces/javax.faces.resource/layout/layout.js?ln=primefaces&v=4.0 HTTP/1.1" 304 -
201.245.192.253 - - [05/Oct/2023:13:04:04 -0500] "GET /sipse/faces/javax.faces.resource/images/ui-icons_898989_256x240.png?ln=primefaces-aristo HTTP/1.1" 304 -
201.245.192.253 - - [05/Oct/2023:13:04:07 -0500] "POST /sipse/faces/autenticacion.xhtml HTTP/1.1" 200 11367
