181.53.12.124 - - [05/Oct/2023:06:05:49 -0500] "GET /kwssiamovil/sm/acme/u?s=U2FsdGVkX18BbRVFO6kXBX6DnuWVK6mnczXvDmrUKMmi2vSeK/4Ya2l+h/9LMxAges18z+afAQjTAVORanT1Yole9v6voj4c89c1MsOIHcuP3SWPZ80w+SlKLeJdIbzOzgG+Ru9pvmdmJ45q5XY12P1YOH2A83p7jsw+I2olEOQ=&u=U2FsdGVkX1/3ecC+p5m/zQbLoaD2Cky/HmbZdGgo8SY=&y=U2FsdGVkX18QVOu88htAPquwoV4AjACBWFwHsKZUwBD6c1O+5N494DzQNE8PhN91 HTTP/1.1" 200 60
216.245.221.92 - - [05/Oct/2023:06:07:14 -0500] "HEAD / HTTP/1.1" 200 -
201.245.192.253 - - [05/Oct/2023:06:07:46 -0500] "POST /kwsrmcab/Wsrmcab  HTTP/1.1" 200 42851
172.22.2.4 - - [05/Oct/2023:06:08:12 -0500] "HEAD /BLA/boletinlegal/ HTTP/1.1" 200 -
172.22.2.4 - - [05/Oct/2023:06:09:02 -0500] "GET /BLA/boletinlegal/ HTTP/1.1" 200 56257
159.69.179.16 - - [05/Oct/2023:06:11:48 -0500] "GET / HTTP/1.1" 200 319
216.245.221.92 - - [05/Oct/2023:06:12:14 -0500] "HEAD / HTTP/1.1" 200 -
181.53.12.124 - - [05/Oct/2023:06:12:19 -0500] "GET /kwssiamovil/sm/ldap/au?x=U2FsdGVkX1+FS3d0Fq9/Sxytd/+a8TVpAwtgRdzVJTZzQHHjLHibJxjL2kcBagm3&y=U2FsdGVkX19IT45Npm/B/nMbMslWnG+qfLv3eZmhArtKWSAqRCRWFl0l367wr9vl HTTP/1.1" 200 30
181.53.12.124 - - [05/Oct/2023:06:12:20 -0500] "GET /kwssiamovil/sm/acme/s?s=U2FsdGVkX19pBeSQLU8IqHcuoPDGkVBRcBPUKpWhqFw3CajdqgbKD/Q68jLlZ+TFegnfv0i8I46UPH1QJ/EPX9sIyN5W2PahN4XN5jZD88k=&u=U2FsdGVkX1+p6d+UCcXhngQIebTPFE/JpB+XGkv/bqI=&y=U2FsdGVkX19IT45Npm/B/nMbMslWnG+qfLv3eZmhArtKWSAqRCRWFl0l367wr9vl HTTP/1.1" 200 97
181.53.12.124 - - [05/Oct/2023:06:12:20 -0500] "GET /kwssiamovil/sm/acme/s?s=U2FsdGVkX1/gH8lw2BM/yRznT2JieJFFy1BuhLyNX4xr+ldi34DTEKpQPpxRlAmoTWz2ZTMQuCGT5BwrXG2S97xc1KY4JTToKswIhdJ3enh+CsGMWLGSJc9MBtWwh40OhPbiTVEAQr05tsXELB75Pyyr+xeDF4ftAT2mWziMdC/k+uAtcgZ+CoiIJctQDo3BKDX0BeaEk6BXivSiLiu4/bInnou5elptYD9nmtgWhlmWxNxFAFfZncI7KWGk0mzk05QegyeoI9bDS+b0jFKFQ96DFUtQDjTFvhrRSw+2v6lJma3xY7BVMXfX9yVVMmCVXCRzoXdrxQ1UDaDD7JREl2j2kaoSvsrv0t2Yt6bH06v2NtotFQ13qE69A4SrkaH0UwtuJrwT8NFHo4KiHQSNPHO1fQy21TUsxlx+bPpgjLZy0KeCNhVgwlxTAVBNVC7KyjvW8ydyMGdc9XNOHYgLGAZHx+F0S4wgmXJC/Ld/NBeFzguEAaZLvaHPTKpPsj0Uc8Yh7lBnVWs954afdbki4MjbYkE5cl+Qr3OZNJYtu+lZpu/WBBoh49CVbz3XiPxwRzjzWPCOsuAa8PKncPHeikNVbK/Xn9QBN9EdcPAkUz9/gk0ckZTHn3GdFf0T46PxPJmqECgqxSs8QNiO7ggKqVHsXrCjmaQxjLxPeQbpmzgEXZToYTjh1moXYLEBE45xE+iPIA83pka4nkw7+FkfXJ8Zh4HbFvYSZyGI2bUZaerr/11A2quznMkQqyDq8QSHSIcWIgzL3XHd7ZGF6YC1rSyIQZ5Ygn6ecB2FYlaxC2zz4ZJvhnZtv218lslAyC7NHdb/SR+SEzaJ2ouQiMPm+0fsOxvS5te6BPAi+RMExpq4fy9EojRAExlKKW+yxQlFmRR1dF/Yik4QnREbWEn/EHFToESn3chF0SOjpR4y2gqzRKRl7x9R+BNuE51MdwYrQRYyq8vu7ybI+8ZTxPgTQCmhl9T1f8s+mjkLJAMOg69XZqSpXyCFIYGnyymKm0S6drj7mo14+FJy+aUYc3h5yU3k0K2CqO4BEeuMsmEzPRv9Amh6aIxE1pX2NI7rFY1xQofnmGwnOXnuw8JJYBkzxi0ILU11IfULtGbyJFx8xXaZ+j9gIiohDt4t63rEkq/gsxMwi5YJ8bJDfGIA3qXzaoYYte6RJZxaVplL//+ks/Vo2dA1v1s7/Z3ukegwPAnnL6pMz9ukL2Mz9/s1qyYfkywlzoeKd3B9mGq1iTBE3sRF+rbx+4MVQ2/aupKZj9PJ7U2agy6vd/Ftx04c39tsu96O5PsL72fnDmlM3+B0MWN6HAwvFSOmgMNV33LF7qjbJ0+VVA7wEyJ/1gc5itE5TuDpBbQXRohf89Yr8E+4560k3QVkXEU4TSLrxv3EOcM+zVEgC2HWpfnuhnN1vPYO1omX+EWgB/F3IS9NXzNmASg=&u=U2FsdGVkX1+p6d+UCcXhngQIebTPFE/JpB+XGkv/bqI=&y=U2FsdGVkX19IT45Npm/B/nMbMslWnG+qfLv3eZmhArtKWSAqRCRWFl0l367wr9vl HTTP/1.1" 200 369
181.53.12.124 - - [05/Oct/2023:06:12:20 -0500] "GET /kwssiamovil/sm/acme/s?s=U2FsdGVkX19l2veZBlDniHEwf8Ts9o8fTOyV7efYLb15ITI1Y86S2B+bDYUCKoNuwZFeZsG3j8NqGAwcqxy5YPhqH+aRSZykKFgCDbnnSSiFWj8ZDVeCrvD3bshNkiNS6L8qoW+tf999Oy6wu8phuicrHwqdDyAfHL6Tm0kLGOn/Sl50bRwVchNJ6MOb2JC//I6UYneNd+eAwoQbAB+YzYMCZs50sAVrDLNU1zMf7L/7byp9Y4bsxMpX/zieQtrgjRwxV2pOm2ApFq2uoVIxeT9CCpD0KaNJTodl7kqjyF5w5Iygp//X392ZqrFJ3I6CR/t2LCyAW+js/8n3aOYxbw==&u=U2FsdGVkX1+p6d+UCcXhngQIebTPFE/JpB+XGkv/bqI=&y=U2FsdGVkX19IT45Npm/B/nMbMslWnG+qfLv3eZmhArtKWSAqRCRWFl0l367wr9vl HTTP/1.1" 200 196
181.53.12.124 - - [05/Oct/2023:06:12:20 -0500] "GET /kwssiamovil/sm/cjson/pre?f=1&x=U2FsdGVkX1+FS3d0Fq9/Sxytd/+a8TVpAwtgRdzVJTZzQHHjLHibJxjL2kcBagm3 HTTP/1.1" 200 31032
201.245.192.253 - - [05/Oct/2023:06:12:45 -0500] "POST /kwsrmcab/Wsrmcab  HTTP/1.1" 200 42851
66.220.149.14 - - [05/Oct/2023:06:14:07 -0500] "GET /participa-en-la-convocatoria-para-el-aseguramiento-metrologico-de-la-red-de-monitoreo-de-calidad-del-aire-de-bogota.html HTTP/1.1" 200 848
185.191.171.7 - - [05/Oct/2023:06:14:47 -0500] "GET /robots.txt HTTP/1.1" 404 1035
85.208.96.193 - - [05/Oct/2023:06:14:47 -0500] "GET /portaldeninos/gestion-del-riesgo-incendios-forestales/ HTTP/1.1" 200 86825
172.22.2.4 - - [05/Oct/2023:06:14:02 -0500] "HEAD /BLA/boletinlegal/ HTTP/1.1" 200 -
66.249.66.19 - - [05/Oct/2023:06:16:26 -0500] "GET /BLA/resoluciones/RESOLUCIONES%202010/3382.pdf HTTP/1.1" 200 301185
172.22.2.4 - - [05/Oct/2023:06:14:52 -0500] "GET /BLA/boletinlegal/ HTTP/1.1" 200 58187
172.22.2.4 - - [05/Oct/2023:06:16:38 -0500] "GET /BLA/boletinlegal/.well-known/traffic-advice HTTP/1.1" 404 1038
172.22.2.4 - - [05/Oct/2023:06:16:39 -0500] "GET /BLA/boletinlegal/ HTTP/1.1" 200 24523
216.245.221.92 - - [05/Oct/2023:06:17:14 -0500] "HEAD / HTTP/1.1" 200 -
201.245.192.253 - - [05/Oct/2023:06:17:41 -0500] "POST /kwsrmcab/Wsrmcab HTTP/1.1" 200 42880
201.245.192.253 - - [05/Oct/2023:06:17:43 -0500] "POST /kwsrmcab/Wsrmcab  HTTP/1.1" 200 42851
186.102.17.176 - - [05/Oct/2023:06:17:45 -0500] "GET /kwssiamovil/sm/ldap/au?x=U2FsdGVkX18sZOIyiz6qyguttBqY9KPEDxmPbwF8TQDeB0aYG7j4BtJQEDZGs/JQ&y=U2FsdGVkX1+ZdNA5WrwEDJWlMtYYi9ttUFutPmi4OAk= HTTP/1.1" 200 30
186.102.17.176 - - [05/Oct/2023:06:17:45 -0500] "GET /kwssiamovil/sm/acme/s?s=U2FsdGVkX1+koxU6K6fFH6xyMq0k90toCYJKiJiguwzwaKhN7JiSwsAv/r0RNUC7aPkNh/hHElpK2Ah+vaHG1rXKfjGo++OfaZ5eyMuwr+w=&u=U2FsdGVkX1/d6xsbsCxeq9q2UbNXvCA2VuBaM/4Th44=&y=U2FsdGVkX1+ZdNA5WrwEDJWlMtYYi9ttUFutPmi4OAk= HTTP/1.1" 200 97
186.102.17.176 - - [05/Oct/2023:06:17:45 -0500] "GET /kwssiamovil/sm/ldap/au?x=U2FsdGVkX18qq+i6Q0S7RG+1v7Ga5gKpk/zshj9ezZ+xjWUCPGbtJQ29CgTN7Ynl&y=U2FsdGVkX1/j+5kT+WRqrc33AQz5B/f0oID8xiSN2T4= HTTP/1.1" 200 30
186.102.17.176 - - [05/Oct/2023:06:17:45 -0500] "GET /kwssiamovil/sm/acme/s?s=U2FsdGVkX1+ixqV2gUDZgGhl8P+2y3MD+hvgKS2UkdAteXwySAq3C2zhILvAsOPbq+wVdqvmdvx9g5m78EBdS68vHLr5TjLM0iFN1VM1+/VYLy9fMOn1RUteYSitHJ5blV3sdAEvG5a3sun8TGUIYUvXU0A+29Pb0WBWMxiXGn0jHvFQUDwHiKY1NcV+UnKEFLC7alQnbqW6mw7ecZwg0oWv3HTf+3lbuuZzitl2lKgLhyVXBlwAvl7+fS2pgExwLb+g93sc4v4oa/NlhZaC7aMBa7L9XzCODoBiUsicHmA88ir4kF8l6j/oq4OJyu1D54+zJXAqHSKPLOddLv3q3P18kPxyA52SOBBP7ksvAXC8MvOWAvbrzvy3k4UJdpAG1kaiu4JznrWBSWdkY7R9fp7Ob3RTYeC/KxxjV4ndfVUH450HTJSyw056ZSVo8Va71YFtA8LWTuLlM3MAHrO4TzvkyfwVQR98qoX5Wr4XC0kNv0zCvDNtKts27MFlMfsDbRU+Q/t7Cfds2rnWUcXQvviqyI2OcdYuBQLVLFr1qGVUEflk/LTpX24kEatRIYL3UBiA6jGug5130K/pRVWtITjjYv4RHxkgoPsv12lnclmBwS9WeLtPPNIOv6pbMk8YHAcf82FQUicYQzU9DB7NUVthcTYyHJaTTiCNmSZt3FELk4ksBmz1S1GYi4Q6kDjQnwQYRoO0+q+qYiDbEhrsLQ1qyyaqb1K0i84zPHmIiNQt73ACru9QVP+LZxkr0L+OqAveIN4w5t0zJTeetAFWFXUq7xFqoXDL0aQDtv1v1UxaoYb7+p2Usg4p9nq1afVe/CCktRtmg0jDzwJZCkqaYPjnbwL5NzVqkAedlDmvxXaLLa6LU8pkZp4hEf5aico0nIO62Tp+RsGpNKOdwM5yqJcHnZtcAa5vqk8/YwxlhUP/ZR9TxgsTRnJBWq6Xkh8NCir+g04Nv1GHfL0v3p0qP3xyUvwEXXWTELFk9bhHeRIG1ZZhwIb4HYPNSnTRonfTlv2eLR4sKdI9j4pZxiyYnxSdAA4XyLBVO+gA9Mf4X3NQ4EOkcdmsuX42nHpYMY9CDZpu5xN25ANndJYaCIG4oMnNKjoBA4yeWoGMkBEbW3K4JhKynj8VTPt7Zj5aEG/JC2SMCepvMPNLRava8ZZcYJaOd4AZYuFB1+fG2oBxy9TZoe50ZO+T5cxffEJapzdSRx4fQV0u5vVetsgJp8yod1QVKLh9FcaXuN8Fu001nccPM3wg7K6IWfx0SQANTzYQBLeWS/KicAV9wqnUlmhlLeMNH84J49EH1SbLsYLr4jebGjsLjwBhiwzBgYA609X8ClWnjGngupxFV0RGcTJVU9SquWF+jpncYRDq6uz/mBn6SmBwKsTjFApFVI3i/mOY5/y8kiuUWOHNdI2hnOfz5lJLgUEWpdXi85kaa+kKYnc=&u=U2FsdGVkX1/d6xsbsCxeq9q2UbNXvCA2VuBaM/4Th44=&y=U2FsdGVkX1+ZdNA5WrwEDJWlMtYYi9ttUFutPmi4OAk= HTTP/1.1" 200 2981
186.102.17.176 - - [05/Oct/2023:06:17:45 -0500] "GET /kwssiamovil/sm/acme/s?s=U2FsdGVkX18Vw/C5/EglruBh1l6drWs3+Mut0cSnhG0VDpQAm+ZksxuWut9IDCcOvHEe1y6VQL8D/Qu0QOV1SXFgNvZLZYCKzJRbX2K8B7g=&u=U2FsdGVkX18q+48RPJBip2svE72MASpyGSjM2px5aAc=&y=U2FsdGVkX1/j+5kT+WRqrc33AQz5B/f0oID8xiSN2T4= HTTP/1.1" 200 97
186.102.17.176 - - [05/Oct/2023:06:17:46 -0500] "GET /kwssiamovil/sm/acme/s?s=U2FsdGVkX1/Qcwc4r+W2r28F856ppD/wN1hcmFcY7Q0TDuHQOG7hnTM/hL8nYAWPPNSp2ibSqH/sPHzZYFVhiiUfXf3arR47GdE/dr6rAgFQ1F3EVi3t6dVjOGEFl0LI/G1vdHeOjrvsWNmXYHuTWVlrUwBgYjoe7/nJY4OuFM7+JgLXB5v+IylKup+it5G2yXa3SkezOru473zIBnE5zKbCvflp2MFTt2ViridwGvY1+RoDslIsDZTFdKNL2RUQSTstDhdZ+nW/E4aSO94EznKVg4J8CEVZshmwpci+qFj5vxfeMDNzPB2SeL1COmXWRmlFeuq0kVaEdx4qd3sPWQ==&u=U2FsdGVkX1/d6xsbsCxeq9q2UbNXvCA2VuBaM/4Th44=&y=U2FsdGVkX1+ZdNA5WrwEDJWlMtYYi9ttUFutPmi4OAk= HTTP/1.1" 200 196
186.102.17.176 - - [05/Oct/2023:06:17:46 -0500] "GET /kwssiamovil/sm/acme/s?s=U2FsdGVkX1+RdZhuWnb4v7FYJpUET0KmBuMZyjg0g5DtIzZ/OeibAc4dQdbYlnQIokj5JhtTaPzcr2leVk+LgZ5uIpN9neH6mDUU+ii8552Pig71bFyJMK7P/IHZfJeUm5g+BbEk8XJ89S2oGPGbEql/gkq+kirsbZe4SiFwmdvc1KsTga12kZ+PVK2/apScX+NgVvTQVHsRnbfrk5ChcHFwmUl2brYuVc78m8te7WrsR2Nzap94GrAKi3EQYVQJUgwyCR77ETj/JJPphncoTISOI0yDUCbc4Fz6LDFZWNquPO0S9OvOxKQoyM3RhnpuNldyUzI8us/1BW18AcUm3UeqoXRCDJI9as3F47U9/Fg4HxbeKGLoepL6qgN+daQl0cPWzvTNd8meRDIYehlFK97P9ZDsAJpAPABYjXTChgXiKJIGpXb1Q2R4geOoWEUhbLexS6pLd0sToh/qFDzO1Zq2zbjfw9lq01nLC9JUhu7n+eDg8lCA5tXy/bsbAo1CJ3E6RUYI2veZxnd9Oaktaynuhgq3mH+ExupEF9erak2KdvY2BPXoXNXbuXjFSCIOVW43yrpgNaYp0XpONEGgSJGkKQl6dIA8pKQAcd1cf7KJr3WOnh0+dJez8Ne3UHtvjDpoRQNjChLRdrBMTMlTKEok2E+YAJn1RVMEt8auSB6wah1s5rDahqfx82CgI2e6+FMe8bZz9OS5UcadF7eWJcSxRl+M0srfemNIYYUtrty5gJe54J0AqpXuO5T/IE7BMmGcbHk+lt9Bky9WOgPri3Bj6hq/7090LtYhFnmPPKMmtDxDgUCN3/MHPHq2qwrH6LTv7MFaMluSqjc10BL8KBzf9XmVmOSVhdfqp+k1XQ6fOemvSQ78lPj6+LColAsIlFy88/96ojLo19k2UTEtG3X1Z1sDACVCHkaMEpxHmlIccqon+pa2uaCyo+J7+BfZ3Q9j87/g+1TxlIghpqhhJ5MqXJSOR6YLhLz+zFe9B3lLjX+u0d51tzF4v01fruMgHaG970j4iY0kLSAjLZm7Xv8AosC6vlG41N67+xMFDjQz//sCaJ1EQL76G32vg78U6ncd4XBR9lRSZ1IkkmNSLTg54/b2mzLsvSvoSbTRITFjBIfce8pYKw5ehJHwQ9UVvk2O0580s0Wu6Zsd7ANQIoc7KbXN2OJj5pwMAznYUG6qal84Nhm26dyN7Qwhbj2Y9DBJI09Et2jVHkRKNbTB6qB/vbvPeRhI8tMh2ms10hv66c32cx6GbYIwuVixK58Q7BKy16yaIobrNQJFJcQTeDLdVbCZ/FUXcaUmwmo7JYKwLs2XU8ImIvUpDh0hroMy2QmPr8PjTIns2kLU2Ze4MxqQBWjHHcOeGKVWlHt3uuRFlwcr7g6+Au2J69MM9lAwz3J2Y9/0rYODn7vLYnVY/bBL1Mc11WPkv8iMa21inps=&u=U2FsdGVkX18q+48RPJBip2svE72MASpyGSjM2px5aAc=&y=U2FsdGVkX1/j+5kT+WRqrc33AQz5B/f0oID8xiSN2T4= HTTP/1.1" 200 2981
201.245.192.253 - - [05/Oct/2023:06:17:44 -0500] "POST /kwsrmcab/Wsrmcab HTTP/1.1" 200 43046
186.102.17.176 - - [05/Oct/2023:06:17:46 -0500] "GET /kwssiamovil/sm/acme/s?s=U2FsdGVkX19rgmvb8Hz3+wbb3AG8TWRRMX8wEeL4IbxvYsv1WXmI3ROIYxX6nknkw4ARPaKA+MWhDcTYKf0d2OoLAAktdA5wcKllDts1k/esnVMgvjBkyTwxnbVdWYh8E2IcZZ0A47+djWhUkvvHIuwtv2qDIpJQXHnSY05xl9y5ozI01Npt2xCD4aTOcgbebARIeidGaYQYQ+tHCrie/1UKV0wZ2AWSSBx1BxSF9VzB85EmMfJEjCHKEo+wNAveS9M3OQ0pP5qlpSsQlziAyi81zn2qMvKY3hz3utCK7nMDDl62kAE4nGT7ARX/kwNhVzsg1AwXJnscaIPY2yveBQ==&u=U2FsdGVkX18q+48RPJBip2svE72MASpyGSjM2px5aAc=&y=U2FsdGVkX1/j+5kT+WRqrc33AQz5B/f0oID8xiSN2T4= HTTP/1.1" 200 196
186.102.17.176 - - [05/Oct/2023:06:17:46 -0500] "GET /kwssiamovil/sm/cjson/pre?f=1&x=U2FsdGVkX18sZOIyiz6qyguttBqY9KPEDxmPbwF8TQDeB0aYG7j4BtJQEDZGs/JQ HTTP/1.1" 200 31032
186.102.17.176 - - [05/Oct/2023:06:17:46 -0500] "GET /kwssiamovil/sm/cjson/pre?f=1&x=U2FsdGVkX18qq+i6Q0S7RG+1v7Ga5gKpk/zshj9ezZ+xjWUCPGbtJQ29CgTN7Ynl HTTP/1.1" 200 31032
186.102.17.176 - - [05/Oct/2023:06:18:06 -0500] "GET /kwssiamovil/sm/acme/u?s=U2FsdGVkX19LQeRuzBpkuk8elwxry/rIr2lgiIAnpIcNiGBcgTkcW1ml+WrWNpzw/wqspYGQwRMo36AQPqZCpcPd5nwGQ/QTfX8VEt5dkxx77MevS51BYqW583/Wg+HE/w7u3uzyYoKX+PbZr5bjEWSx+giHPl84ewq33ZFjGKM=&u=U2FsdGVkX18q+48RPJBip2svE72MASpyGSjM2px5aAc=&y=U2FsdGVkX1/j+5kT+WRqrc33AQz5B/f0oID8xiSN2T4= HTTP/1.1" 200 60
52.167.144.66 - - [05/Oct/2023:06:18:09 -0500] "GET /robots.txt HTTP/1.1" 404 1018
186.102.17.176 - - [05/Oct/2023:06:19:05 -0500] "GET /kwssiamovil/sm/acme/u?s=U2FsdGVkX1+7LygaYgjoSleYbWQvep7Hj7Db03I9aImfpmfypsoN8OZbvOC+1C4B4h22QqB8JxFAKrPyNZmdeuzYQzInHc4F83KTMj9+sXPQeImgre0/Kb/bQnde3XEmtlabgkK74jGMaDWZu+4/v4UOkcYltzFF7Vbcs5iDNt4bMP7rTYKqYqLrGqbFaaTPJxe1z2PMKuvel7PTVp2BaCEKdFhc6wYFeAyUXILCpOw=&u=U2FsdGVkX18q+48RPJBip2svE72MASpyGSjM2px5aAc=&y=U2FsdGVkX1/j+5kT+WRqrc33AQz5B/f0oID8xiSN2T4= HTTP/1.1" 200 60
186.102.17.176 - - [05/Oct/2023:06:19:32 -0500] "GET /kwssiamovil/sm/acme/u?s=U2FsdGVkX1+BdcqPSTS9HMf05fJko672vgMj4LF8E9JqBCMnsMFNrWmF8VNyQ06Mme+dw9kde8tSWqeTUo+7INfgFJarZwoTvuRKFzabj/IoEUKe2HmL3MeLfSNBgit7h52ODRwt63SATMTCtOB0yfvZBwDVz2yrhY4/JZhRuSA=&u=U2FsdGVkX18q+48RPJBip2svE72MASpyGSjM2px5aAc=&y=U2FsdGVkX1/j+5kT+WRqrc33AQz5B/f0oID8xiSN2T4= HTTP/1.1" 200 60
66.249.66.20 - - [05/Oct/2023:06:21:13 -0500] "GET /BLA/resoluciones/AUTOS%202013/2813.pdf HTTP/1.1" 200 259542
172.22.2.4 - - [05/Oct/2023:06:19:52 -0500] "HEAD /BLA/boletinlegal/ HTTP/1.1" 200 -
216.245.221.92 - - [05/Oct/2023:06:22:14 -0500] "HEAD / HTTP/1.1" 200 -
172.22.2.4 - - [05/Oct/2023:06:20:43 -0500] "GET /BLA/boletinlegal/ HTTP/1.1" 200 59343
201.245.192.253 - - [05/Oct/2023:06:22:42 -0500] "POST /kwsrmcab/Wsrmcab  HTTP/1.1" 200 42851
66.249.66.19 - - [05/Oct/2023:06:24:34 -0500] "GET /BLA/resoluciones/RESOLUCIONES%202010/6198.pdf HTTP/1.1" 200 665376
66.249.66.19 - - [05/Oct/2023:06:25:09 -0500] "GET /BLA/resoluciones/RESOLUCIONES%202008/1740.pdf HTTP/1.1" 200 374771
66.249.66.19 - - [05/Oct/2023:06:25:19 -0500] "GET /BLA/resoluciones/Autos%202008/0851.pdf HTTP/1.1" 200 76780
185.180.140.4 - - [05/Oct/2023:06:25:29 -0500] "GET / HTTP/1.1" 200 319
216.245.221.92 - - [05/Oct/2023:06:27:14 -0500] "HEAD / HTTP/1.1" 200 -
172.22.2.4 - - [05/Oct/2023:06:25:42 -0500] "HEAD /BLA/boletinlegal/ HTTP/1.1" 200 -
201.245.192.253 - - [05/Oct/2023:06:27:41 -0500] "POST /kwsrmcab/Wsrmcab  HTTP/1.1" 200 42851
201.245.192.253 - - [05/Oct/2023:06:27:41 -0500] "POST /kwsrmcab/Wsrmcab HTTP/1.1" 200 42880
201.245.192.253 - - [05/Oct/2023:06:27:44 -0500] "POST /kwsrmcab/Wsrmcab HTTP/1.1" 200 43046
172.22.2.4 - - [05/Oct/2023:06:26:32 -0500] "GET /BLA/boletinlegal/ HTTP/1.1" 200 58981
66.249.66.19 - - [05/Oct/2023:06:29:36 -0500] "GET /resoluciones/RESOLUCIONES%202008/3500.pdf HTTP/1.1" 404 1018
66.249.66.20 - - [05/Oct/2023:06:31:37 -0500] "GET /BLA/resoluciones/RESOLUCIONES%202009/4833.pdf HTTP/1.1" 200 420294
216.245.221.92 - - [05/Oct/2023:06:32:14 -0500] "HEAD / HTTP/1.1" 200 -
201.245.192.253 - - [05/Oct/2023:06:32:40 -0500] "POST /kwsrmcab/Wsrmcab  HTTP/1.1" 200 42851
172.22.2.4 - - [05/Oct/2023:06:31:32 -0500] "HEAD /BLA/boletinlegal/ HTTP/1.1" 200 -
172.22.2.4 - - [05/Oct/2023:06:32:22 -0500] "GET /BLA/boletinlegal/ HTTP/1.1" 200 59699
66.249.66.21 - - [05/Oct/2023:06:35:37 -0500] "GET /BLA/resoluciones/AUTOS%202014/4223.pdf HTTP/1.1" 200 312740
66.249.66.19 - - [05/Oct/2023:06:36:09 -0500] "GET /BLA/resoluciones/RESOLUCIONES%202010/5185.pdf HTTP/1.1" 200 849599
216.245.221.92 - - [05/Oct/2023:06:37:14 -0500] "HEAD / HTTP/1.1" 200 -
201.245.192.253 - - [05/Oct/2023:06:37:39 -0500] "POST /kwsrmcab/Wsrmcab  HTTP/1.1" 200 42851
201.245.192.253 - - [05/Oct/2023:06:37:41 -0500] "POST /kwsrmcab/Wsrmcab HTTP/1.1" 200 42880
172.22.2.4 - - [05/Oct/2023:06:37:45 -0500] "GET /BLA/boletinlegal/actos.php HTTP/1.1" 200 9682
172.22.2.4 - - [05/Oct/2023:06:37:45 -0500] "GET /BLA/boletinlegal/styles2.css HTTP/1.1" 200 1838
172.22.2.4 - - [05/Oct/2023:06:37:45 -0500] "GET /BLA/boletinlegal/js/ajax_actos.js HTTP/1.1" 200 1322
172.22.2.4 - - [05/Oct/2023:06:37:45 -0500] "GET /BLA/boletinlegal/niceforms-default.css HTTP/1.1" 200 6694
172.22.2.4 - - [05/Oct/2023:06:37:45 -0500] "GET /BLA/boletinlegal/style.css HTTP/1.1" 200 9406
172.22.2.4 - - [05/Oct/2023:06:37:45 -0500] "GET /BLA/boletinlegal/niceforms.js HTTP/1.1" 200 22876
172.22.2.4 - - [05/Oct/2023:06:37:45 -0500] "GET /BLA/boletinlegal/js/lib.js HTTP/1.1" 200 6474
172.22.2.4 - - [05/Oct/2023:06:37:45 -0500] "GET /BLA/boletinlegal/js/popup.js HTTP/1.1" 200 1270
172.22.2.4 - - [05/Oct/2023:06:37:45 -0500] "GET /BLA/boletinlegal/js/jquery1.js HTTP/1.1" 200 29846
172.22.2.4 - - [05/Oct/2023:06:37:45 -0500] "GET /BLA/boletinlegal/images/cabezote%20BLEGAL.jpg HTTP/1.1" 200 118164
201.245.192.253 - - [05/Oct/2023:06:37:44 -0500] "POST /kwsrmcab/Wsrmcab HTTP/1.1" 200 43046
172.22.2.4 - - [05/Oct/2023:06:37:47 -0500] "GET /BLA/boletinlegal/images/subscribe-icon-big.png HTTP/1.1" 200 47702
172.22.2.4 - - [05/Oct/2023:06:37:47 -0500] "GET /BLA/boletinlegal/images/historia.png HTTP/1.1" 200 52775
172.22.2.4 - - [05/Oct/2023:06:37:47 -0500] "GET /BLA/boletinlegal/images/body_bg.jpg HTTP/1.1" 200 1601
172.22.2.4 - - [05/Oct/2023:06:37:48 -0500] "GET /BLA/boletinlegal/images/footer_bg.jpg HTTP/1.1" 200 586
172.22.2.4 - - [05/Oct/2023:06:37:48 -0500] "GET /BLA/boletinlegal/images/menu_lft.gif HTTP/1.1" 200 1713
172.22.2.4 - - [05/Oct/2023:06:37:48 -0500] "GET /BLA/boletinlegal/images/menu_rght.gif HTTP/1.1" 200 1627
172.22.2.4 - - [05/Oct/2023:06:37:48 -0500] "GET /BLA/boletinlegal/images/bg_top.jpg HTTP/1.1" 200 522
172.22.2.4 - - [05/Oct/2023:06:37:48 -0500] "GET /BLA/boletinlegal/images/menu_bg.jpg HTTP/1.1" 200 620
172.22.2.4 - - [05/Oct/2023:06:37:48 -0500] "GET /BLA/boletinlegal/images/text.jpg HTTP/1.1" 200 568
172.22.2.4 - - [05/Oct/2023:06:37:48 -0500] "GET /BLA/boletinlegal/images/hover.jpg HTTP/1.1" 200 640
172.22.2.4 - - [05/Oct/2023:06:37:49 -0500] "GET /BLA/boletinlegal/images/registro-usuarios.png HTTP/1.1" 200 8106
172.22.2.4 - - [05/Oct/2023:06:37:49 -0500] "GET /BLA/boletinlegal/images/green-yellow-blue-pink-th.png HTTP/1.1" 200 7394
172.22.2.4 - - [05/Oct/2023:06:37:49 -0500] "GET /BLA/boletinlegal/images/tel.png HTTP/1.1" 200 14477
172.22.2.4 - - [05/Oct/2023:06:37:49 -0500] "GET /BLA/boletinlegal/images/icono-email.png HTTP/1.1" 200 5544
172.22.2.4 - - [05/Oct/2023:06:37:49 -0500] "GET /BLA/boletinlegal/images/footer_bg_l.jpg HTTP/1.1" 200 776
172.22.2.4 - - [05/Oct/2023:06:37:50 -0500] "GET /BLA/boletinlegal/img/0.png HTTP/1.1" 200 110
172.22.2.4 - - [05/Oct/2023:06:37:50 -0500] "GET /BLA/boletinlegal/img/select-left.png HTTP/1.1" 200 263
172.22.2.4 - - [05/Oct/2023:06:37:50 -0500] "GET /BLA/boletinlegal/img/select-right.png HTTP/1.1" 200 44019
172.22.2.4 - - [05/Oct/2023:06:37:51 -0500] "GET /BLA/boletinlegal/img/button-left.png HTTP/1.1" 200 57071
172.22.2.4 - - [05/Oct/2023:06:37:51 -0500] "GET /BLA/boletinlegal/favicon.ico HTTP/1.1" 404 1326
172.22.2.4 - - [05/Oct/2023:06:37:51 -0500] "GET /BLA/boletinlegal/img/button.png HTTP/1.1" 200 43241
172.22.2.4 - - [05/Oct/2023:06:37:53 -0500] "GET /BLA/boletinlegal/img/button-right.png HTTP/1.1" 200 57878
172.22.2.4 - - [05/Oct/2023:06:38:04 -0500] "GET /BLA/boletinlegal/consulta_actos.php?tipo=resoluciones&no=&usuario=SEcretaria%20distrital%20de%20ambiente&sector=&fecha=2023&resuelve= HTTP/1.1" 200 21801
172.22.2.4 - - [05/Oct/2023:06:38:04 -0500] "GET /BLA/boletinlegal/images/pdf.gif HTTP/1.1" 200 567
172.22.2.4 - - [05/Oct/2023:06:38:04 -0500] "GET /BLA/boletinlegal/images/background.gif HTTP/1.1" 200 -
172.22.2.4 - - [05/Oct/2023:06:38:45 -0500] "GET /BLA/boletinlegal/.env HTTP/1.1" 404 1018
172.22.2.4 - - [05/Oct/2023:06:37:22 -0500] "HEAD /BLA/boletinlegal/ HTTP/1.1" 200 -
172.22.2.4 - - [05/Oct/2023:06:38:45 -0500] "POST /BLA/boletinlegal/ HTTP/1.1" 200 24523
172.22.2.4 - - [05/Oct/2023:06:38:12 -0500] "GET /BLA/boletinlegal/ HTTP/1.1" 200 55460
216.244.66.195 - - [05/Oct/2023:06:40:27 -0500] "GET /BLA/resoluciones/RESOLUCIONES%202023/2789.pdf HTTP/1.1" 200 371982
66.249.66.19 - - [05/Oct/2023:06:40:34 -0500] "GET /BLA/resoluciones/RESOLUCIONES%202009/4833.pdf HTTP/1.1" 200 420294
216.245.221.92 - - [05/Oct/2023:06:42:14 -0500] "HEAD / HTTP/1.1" 200 -
201.245.192.253 - - [05/Oct/2023:06:42:38 -0500] "POST /kwsrmcab/Wsrmcab  HTTP/1.1" 200 42851
172.22.2.4 - - [05/Oct/2023:06:43:12 -0500] "HEAD /BLA/boletinlegal/ HTTP/1.1" 200 -
66.249.66.21 - - [05/Oct/2023:06:45:18 -0500] "GET /BLA/resoluciones/Autos%202008/2080.pdf HTTP/1.1" 200 98515
172.22.2.4 - - [05/Oct/2023:06:45:37 -0500] "GET /BLA/boletinlegal/js/jquery.js HTTP/1.1" 200 57254
172.22.2.4 - - [05/Oct/2023:06:45:38 -0500] "GET /BLA/boletinlegal/js/jquery.scrollTo-min.js HTTP/1.1" 200 1150
172.22.2.4 - - [05/Oct/2023:06:45:38 -0500] "GET /BLA/boletinlegal/js/jquery.scrollShow.js HTTP/1.1" 200 4586
172.22.2.4 - - [05/Oct/2023:06:45:38 -0500] "GET /BLA/boletinlegal/images/screen_1.png HTTP/1.1" 200 202547
172.22.2.4 - - [05/Oct/2023:06:45:41 -0500] "GET /BLA/boletinlegal/images/arr_l.jpg HTTP/1.1" 200 1979
172.22.2.4 - - [05/Oct/2023:06:45:41 -0500] "GET /BLA/boletinlegal/images/launch.jpg HTTP/1.1" 200 14577
172.22.2.4 - - [05/Oct/2023:06:44:02 -0500] "GET /BLA/boletinlegal/ HTTP/1.1" 200 57790
172.22.2.4 - - [05/Oct/2023:06:45:45 -0500] "GET /BLA/boletinlegal/images/screen_3.png HTTP/1.1" 200 210620
172.22.2.4 - - [05/Oct/2023:06:45:45 -0500] "GET /BLA/boletinlegal/images/screen_2.png HTTP/1.1" 200 362502
172.22.2.4 - - [05/Oct/2023:06:45:45 -0500] "GET /BLA/boletinlegal/images/screen_5.png HTTP/1.1" 200 368876
172.22.2.4 - - [05/Oct/2023:06:45:45 -0500] "GET /BLA/boletinlegal/images/arr_r.jpg HTTP/1.1" 200 1998
216.245.221.92 - - [05/Oct/2023:06:47:14 -0500] "HEAD / HTTP/1.1" 200 -
172.22.2.4 - - [05/Oct/2023:06:45:37 -0500] "GET /BLA/boletinlegal/ HTTP/1.1" 200 61922
201.245.192.253 - - [05/Oct/2023:06:47:37 -0500] "POST /kwsrmcab/Wsrmcab  HTTP/1.1" 200 42851
172.22.2.4 - - [05/Oct/2023:06:49:02 -0500] "HEAD /BLA/boletinlegal/ HTTP/1.1" 200 -
186.31.97.26 - - [05/Oct/2023:06:50:42 -0500] "GET /participa-en-la-convocatoria-para-el-aseguramiento-metrologico-de-la-red-de-monitoreo-de-calidad-del-aire-de-bogota.html HTTP/1.1" 200 848
186.31.97.26 - - [05/Oct/2023:06:50:42 -0500] "GET /favicon.ico HTTP/1.1" 404 1136
66.249.66.20 - - [05/Oct/2023:06:50:52 -0500] "GET /BLA/resoluciones/RESOLUCIONES%202007/RES%202007%203501%20AL%203600/RESOLUCION%203526%20DE%202007.pdf HTTP/1.1" 200 208928
172.22.2.4 - - [05/Oct/2023:06:49:52 -0500] "GET /BLA/boletinlegal/ HTTP/1.1" 200 58187
216.245.221.92 - - [05/Oct/2023:06:52:14 -0500] "HEAD / HTTP/1.1" 200 -
201.245.192.253 - - [05/Oct/2023:06:52:36 -0500] "POST /kwsrmcab/Wsrmcab  HTTP/1.1" 200 42851
52.167.144.163 - - [05/Oct/2023:06:54:05 -0500] "GET /portaldeninos/tag/abejas/ HTTP/1.1" 200 92876
172.22.2.4 - - [05/Oct/2023:06:54:52 -0500] "HEAD /BLA/boletinlegal/ HTTP/1.1" 200 -
216.245.221.92 - - [05/Oct/2023:06:57:14 -0500] "HEAD / HTTP/1.1" 200 -
172.22.2.4 - - [05/Oct/2023:06:55:42 -0500] "GET /BLA/boletinlegal/ HTTP/1.1" 200 57790
201.245.192.253 - - [05/Oct/2023:06:57:34 -0500] "POST /kwsrmcab/Wsrmcab  HTTP/1.1" 200 42851
66.249.66.19 - - [05/Oct/2023:07:00:37 -0500] "GET /BLA/resoluciones/AUTOS%202014/5792.pdf HTTP/1.1" 304 -
216.245.221.92 - - [05/Oct/2023:07:02:14 -0500] "HEAD / HTTP/1.1" 200 -
172.22.2.4 - - [05/Oct/2023:07:00:42 -0500] "HEAD /BLA/boletinlegal/ HTTP/1.1" 200 -
201.245.192.253 - - [05/Oct/2023:07:02:33 -0500] "POST /kwsrmcab/Wsrmcab  HTTP/1.1" 200 42851
172.22.2.4 - - [05/Oct/2023:07:01:32 -0500] "GET /BLA/boletinlegal/ HTTP/1.1" 200 58187
85.208.96.206 - - [05/Oct/2023:07:04:33 -0500] "GET /portaldeninos/fauna/ HTTP/1.1" 200 88429
216.245.221.92 - - [05/Oct/2023:07:07:13 -0500] "HEAD / HTTP/1.1" 200 -
201.245.192.253 - - [05/Oct/2023:07:07:32 -0500] "POST /kwsrmcab/Wsrmcab  HTTP/1.1" 200 42851
172.22.2.4 - - [05/Oct/2023:07:06:32 -0500] "HEAD /BLA/boletinlegal/ HTTP/1.1" 200 -
69.171.249.6 - - [05/Oct/2023:07:08:26 -0500] "GET /feria-de-emprendimiento-mujeres-que-reverdecen-expusieron-sus-proyectos.html HTTP/1.1" 200 889
69.171.249.13 - - [05/Oct/2023:07:08:26 -0500] "GET /bogota-esta-reverdeciendo-con-un-sistema-de-transporte-publico-limpio-y-sostenible-aire-mas-limpio-y-mas-de-330-000-arboles-sembrados.html HTTP/1.1" 200 913
201.245.192.253 - - [05/Oct/2023:07:08:47 -0500] "GET /sipse/faces/index.xhtml HTTP/1.1" 200 677
201.245.192.253 - - [05/Oct/2023:07:08:48 -0500] "GET /sipse/faces/javax.faces.resource/theme.css?ln=primefaces-sipse HTTP/1.1" 304 -
201.245.192.253 - - [05/Oct/2023:07:08:48 -0500] "GET /sipse/faces/faces/autenticacion.xhtml HTTP/1.1" 200 12411
201.245.192.253 - - [05/Oct/2023:07:08:48 -0500] "GET /sipse/css/custom_css_sg.css HTTP/1.1" 200 9694
201.245.192.253 - - [05/Oct/2023:07:08:48 -0500] "GET /sipse/css/custom_css_sg_prime_login.css HTTP/1.1" 200 443
201.245.192.253 - - [05/Oct/2023:07:08:48 -0500] "GET /sipse/faces/javax.faces.resource/layout/layout.css?ln=primefaces&v=4.0 HTTP/1.1" 200 542
201.245.192.253 - - [05/Oct/2023:07:08:48 -0500] "GET /sipse/faces/javax.faces.resource/theme.css?ln=primefaces-sipse HTTP/1.1" 304 -
201.245.192.253 - - [05/Oct/2023:07:08:48 -0500] "GET /sipse/js/disable_browser_buttons.js HTTP/1.1" 304 -
201.245.192.253 - - [05/Oct/2023:07:08:48 -0500] "GET /sipse/js/funciones.js HTTP/1.1" 304 -
201.245.192.253 - - [05/Oct/2023:07:08:48 -0500] "GET /sipse/faces/javax.faces.resource/primefaces.css?ln=primefaces&v=4.0 HTTP/1.1" 200 53295
201.245.192.253 - - [05/Oct/2023:07:08:48 -0500] "GET /sipse/faces/javax.faces.resource/jquery/jquery.js?ln=primefaces&v=4.0 HTTP/1.1" 304 -
201.245.192.253 - - [05/Oct/2023:07:08:48 -0500] "GET /sipse/faces/javax.faces.resource/jquery/jquery-plugins.js?ln=primefaces&v=4.0 HTTP/1.1" 304 -
201.245.192.253 - - [05/Oct/2023:07:08:48 -0500] "GET /sipse/faces/javax.faces.resource/primefaces.js?ln=primefaces&v=4.0 HTTP/1.1" 304 -
201.245.192.253 - - [05/Oct/2023:07:08:48 -0500] "GET /sipse/faces/javax.faces.resource/layout/layout.js?ln=primefaces&v=4.0 HTTP/1.1" 304 -
201.245.192.253 - - [05/Oct/2023:07:08:48 -0500] "GET /sipse/css/imagen/logoSDG.png HTTP/1.1" 200 53064
201.245.192.253 - - [05/Oct/2023:07:08:48 -0500] "GET /sipse/faces/javax.faces.resource/images/ui-icons_898989_256x240.png?ln=primefaces-aristo HTTP/1.1" 200 5355
201.245.192.253 - - [05/Oct/2023:07:08:48 -0500] "GET /sipse/css/imagen/loginimg.png HTTP/1.1" 200 71635
201.245.192.253 - - [05/Oct/2023:07:08:50 -0500] "POST /sipse/faces/autenticacion.xhtml HTTP/1.1" 200 11966
201.245.192.253 - - [05/Oct/2023:07:08:50 -0500] "GET /sipse/css/custom_css_sg_prime.css HTTP/1.1" 200 5201
201.245.192.253 - - [05/Oct/2023:07:08:50 -0500] "GET /sipse/faces/javax.faces.resource/jquery/jquery.js?ln=primefaces&v=4.0 HTTP/1.1" 304 -
201.245.192.253 - - [05/Oct/2023:07:08:50 -0500] "GET /sipse/faces/javax.faces.resource/jquery/jquery-plugins.js?ln=primefaces&v=4.0 HTTP/1.1" 304 -
201.245.192.253 - - [05/Oct/2023:07:08:50 -0500] "GET /sipse/faces/javax.faces.resource/primefaces.js?ln=primefaces&v=4.0 HTTP/1.1" 304 -
201.245.192.253 - - [05/Oct/2023:07:08:50 -0500] "GET /sipse/faces/javax.faces.resource/layout/layout.js?ln=primefaces&v=4.0 HTTP/1.1" 304 -
201.245.192.253 - - [05/Oct/2023:07:08:50 -0500] "GET /sipse/faces/javax.faces.resource/messages/messages.png?ln=primefaces&v=4.0 HTTP/1.1" 200 27209
201.245.192.253 - - [05/Oct/2023:07:08:55 -0500] "POST /sipse/faces/presentacion/sistema/seguridad/seleccionRol.xhtml HTTP/1.1" 200 6678
201.245.192.253 - - [05/Oct/2023:07:08:56 -0500] "GET /sipse/faces/javax.faces.resource/images/ui-bg_flat_0_2d5972_40x100.png?ln=primefaces-aristo HTTP/1.1" 200 183
201.245.192.253 - - [05/Oct/2023:07:08:59 -0500] "POST /sipse/faces/presentacion/sistema/seguridad/seleccionRol.xhtml HTTP/1.1" 200 16388
201.245.192.253 - - [05/Oct/2023:07:08:59 -0500] "GET /sipse/js/jquery.min.js HTTP/1.1" 304 -
201.245.192.253 - - [05/Oct/2023:07:08:59 -0500] "GET /sipse/faces/javax.faces.resource/jquery/jquery.js?ln=primefaces&v=4.0 HTTP/1.1" 304 -
201.245.192.253 - - [05/Oct/2023:07:08:59 -0500] "GET /sipse/faces/javax.faces.resource/jquery/jquery-plugins.js?ln=primefaces&v=4.0 HTTP/1.1" 304 -
201.245.192.253 - - [05/Oct/2023:07:08:59 -0500] "GET /sipse/faces/javax.faces.resource/primefaces.js?ln=primefaces&v=4.0 HTTP/1.1" 304 -
201.245.192.253 - - [05/Oct/2023:07:08:59 -0500] "GET /sipse/faces/javax.faces.resource/layout/layout.js?ln=primefaces&v=4.0 HTTP/1.1" 304 -
201.245.192.253 - - [05/Oct/2023:07:08:59 -0500] "GET /sipse/css/v_mergente.css HTTP/1.1" 200 1505
201.245.192.253 - - [05/Oct/2023:07:08:59 -0500] "GET /sipse/imagenes/cargando.gif HTTP/1.1" 200 36959
201.245.192.253 - - [05/Oct/2023:07:08:59 -0500] "GET /sipse/imagenes/logoAplicacion.jpg HTTP/1.1" 200 155084
201.245.192.253 - - [05/Oct/2023:07:08:59 -0500] "GET /sipse/css/imagen/contrasena.png HTTP/1.1" 404 383
172.22.2.4 - - [05/Oct/2023:07:07:22 -0500] "GET /BLA/boletinlegal/ HTTP/1.1" 200 60342
201.245.192.253 - - [05/Oct/2023:07:09:03 -0500] "POST /sipse/faces/bienvenido.xhtml HTTP/1.1" 200 6185
201.245.192.253 - - [05/Oct/2023:07:09:05 -0500] "POST /sipse/faces/bienvenido.xhtml HTTP/1.1" 200 28067
201.245.192.253 - - [05/Oct/2023:07:09:06 -0500] "GET /sipse/faces/javax.faces.resource/jquery/jquery.js?ln=primefaces&v=4.0 HTTP/1.1" 304 -
201.245.192.253 - - [05/Oct/2023:07:09:06 -0500] "GET /sipse/faces/javax.faces.resource/jquery/jquery-plugins.js?ln=primefaces&v=4.0 HTTP/1.1" 304 -
201.245.192.253 - - [05/Oct/2023:07:09:06 -0500] "GET /sipse/faces/javax.faces.resource/primefaces.js?ln=primefaces&v=4.0 HTTP/1.1" 304 -
201.245.192.253 - - [05/Oct/2023:07:09:06 -0500] "GET /sipse/faces/javax.faces.resource/layout/layout.js?ln=primefaces&v=4.0 HTTP/1.1" 304 -
31.13.115.6 - - [05/Oct/2023:07:09:11 -0500] "GET /bogota-esta-reverdeciendo-con-un-sistema-de-transporte-publico-limpio-y-sostenible-aire-mas-limpio-y-mas-de-330-000-arboles-sembrados.html?fbclid=IwAR1j6YEBq6QENJ2F-jL0rPjhfGar3IuUwk6jbj_CBF1GD3HtTdlckjqK9TU HTTP/1.1" 200 913
173.252.127.19 - - [05/Oct/2023:07:09:54 -0500] "GET /feria-de-emprendimiento-mujeres-que-reverdecen-expusieron-sus-proyectos.html?fbclid=IwAR3ruAZ3QGcxbSJqH161yQn0mUd4L91W6fl-m7mxuH9s9aSS9otC3b_kPjA HTTP/1.1" 200 889
201.245.192.253 - - [05/Oct/2023:07:10:17 -0500] "POST /sipse/faces/presentacion/sistema/reporte/listarReportes.xhtml HTTP/1.1" 200 22361
201.245.192.253 - - [05/Oct/2023:07:10:17 -0500] "GET /sipse/faces/javax.faces.resource/theme.css?ln=primefaces-sipse HTTP/1.1" 304 -
201.245.192.253 - - [05/Oct/2023:07:10:17 -0500] "GET /sipse/faces/javax.faces.resource/jquery/jquery.js?ln=primefaces&v=4.0 HTTP/1.1" 304 -
201.245.192.253 - - [05/Oct/2023:07:10:17 -0500] "GET /sipse/faces/javax.faces.resource/layout/layout.css?ln=primefaces&v=4.0 HTTP/1.1" 200 542
201.245.192.253 - - [05/Oct/2023:07:10:17 -0500] "GET /sipse/faces/javax.faces.resource/primefaces.js?ln=primefaces&v=4.0 HTTP/1.1" 304 -
201.245.192.253 - - [05/Oct/2023:07:10:17 -0500] "GET /sipse/faces/javax.faces.resource/layout/layout.js?ln=primefaces&v=4.0 HTTP/1.1" 304 -
201.245.192.253 - - [05/Oct/2023:07:10:17 -0500] "GET /sipse/faces/javax.faces.resource/jquery/jquery-plugins.js?ln=primefaces&v=4.0 HTTP/1.1" 304 -
201.245.192.253 - - [05/Oct/2023:07:10:17 -0500] "GET /sipse/faces/javax.faces.resource/primefaces.css?ln=primefaces&v=4.0 HTTP/1.1" 200 53295
201.245.192.253 - - [05/Oct/2023:07:10:17 -0500] "GET /sipse/faces/javax.faces.resource/images/ui-icons_898989_256x240.png?ln=primefaces-aristo HTTP/1.1" 200 5355
201.245.192.253 - - [05/Oct/2023:07:11:21 -0500] "GET /sipse/faces/javax.faces.resource/images/ui-bg_flat_0_2d5972_40x100.png?ln=primefaces-aristo HTTP/1.1" 200 183
201.245.192.253 - - [05/Oct/2023:07:11:21 -0500] "POST /sipse/faces/presentacion/sistema/reporte/ventanaVerReporteParametros.xhtml HTTP/1.1" 200 28067
201.245.192.253 - - [05/Oct/2023:07:11:21 -0500] "GET /sipse/faces/javax.faces.resource/jquery/jquery.js?ln=primefaces&v=4.0 HTTP/1.1" 304 -
201.245.192.253 - - [05/Oct/2023:07:11:21 -0500] "GET /sipse/faces/javax.faces.resource/jquery/jquery-plugins.js?ln=primefaces&v=4.0 HTTP/1.1" 304 -
201.245.192.253 - - [05/Oct/2023:07:11:21 -0500] "GET /sipse/faces/javax.faces.resource/primefaces.js?ln=primefaces&v=4.0 HTTP/1.1" 304 -
201.245.192.253 - - [05/Oct/2023:07:11:21 -0500] "GET /sipse/faces/javax.faces.resource/layout/layout.js?ln=primefaces&v=4.0 HTTP/1.1" 304 -
216.245.221.92 - - [05/Oct/2023:07:12:13 -0500] "HEAD / HTTP/1.1" 200 -
201.245.192.253 - - [05/Oct/2023:07:12:31 -0500] "POST /kwsrmcab/Wsrmcab  HTTP/1.1" 200 42851
172.22.2.4 - - [05/Oct/2023:07:12:22 -0500] "HEAD /BLA/boletinlegal/ HTTP/1.1" 200 -
201.245.192.253 - - [05/Oct/2023:07:14:50 -0500] "POST /sipse/faces/presentacion/sistema/reporte/listarReportes.xhtml HTTP/1.1" 200 11822
201.245.192.253 - - [05/Oct/2023:07:14:50 -0500] "GET /sipse/faces/javax.faces.resource/jquery/jquery.js?ln=primefaces&v=4.0 HTTP/1.1" 304 -
201.245.192.253 - - [05/Oct/2023:07:14:50 -0500] "GET /sipse/faces/javax.faces.resource/jquery/jquery-plugins.js?ln=primefaces&v=4.0 HTTP/1.1" 304 -
201.245.192.253 - - [05/Oct/2023:07:14:50 -0500] "GET /sipse/faces/javax.faces.resource/primefaces.js?ln=primefaces&v=4.0 HTTP/1.1" 304 -
201.245.192.253 - - [05/Oct/2023:07:14:50 -0500] "GET /sipse/faces/javax.faces.resource/layout/layout.js?ln=primefaces&v=4.0 HTTP/1.1" 304 -
172.22.2.4 - - [05/Oct/2023:07:13:12 -0500] "GET /BLA/boletinlegal/ HTTP/1.1" 200 55844
201.245.192.253 - - [05/Oct/2023:07:14:54 -0500] "POST /sipse/faces/presentacion/sistema/seguridad/seleccionRol.xhtml HTTP/1.1" 200 6403
201.245.192.253 - - [05/Oct/2023:07:14:54 -0500] "POST /sipse/faces/presentacion/sistema/seguridad/seleccionRol.xhtml HTTP/1.1" 200 18853
201.245.192.253 - - [05/Oct/2023:07:14:55 -0500] "GET /sipse/faces/javax.faces.resource/jquery/jquery.js?ln=primefaces&v=4.0 HTTP/1.1" 304 -
201.245.192.253 - - [05/Oct/2023:07:14:55 -0500] "GET /sipse/faces/javax.faces.resource/jquery/jquery-plugins.js?ln=primefaces&v=4.0 HTTP/1.1" 304 -
201.245.192.253 - - [05/Oct/2023:07:14:55 -0500] "GET /sipse/faces/javax.faces.resource/primefaces.js?ln=primefaces&v=4.0 HTTP/1.1" 304 -
201.245.192.253 - - [05/Oct/2023:07:14:55 -0500] "GET /sipse/faces/javax.faces.resource/layout/layout.js?ln=primefaces&v=4.0 HTTP/1.1" 304 -
201.245.192.253 - - [05/Oct/2023:07:14:55 -0500] "GET /sipse/imagenes/logoAplicacion.jpg HTTP/1.1" 200 155084
201.245.192.253 - - [05/Oct/2023:07:14:57 -0500] "POST /sipse/faces/bienvenido.xhtml HTTP/1.1" 200 7973
201.245.192.253 - - [05/Oct/2023:07:14:57 -0500] "POST /sipse/faces/bienvenido.xhtml HTTP/1.1" 200 31137
201.245.192.253 - - [05/Oct/2023:07:14:58 -0500] "GET /sipse/faces/javax.faces.resource/jquery/jquery.js?ln=primefaces&v=4.0 HTTP/1.1" 304 -
201.245.192.253 - - [05/Oct/2023:07:14:58 -0500] "GET /sipse/faces/javax.faces.resource/jquery/jquery-plugins.js?ln=primefaces&v=4.0 HTTP/1.1" 304 -
201.245.192.253 - - [05/Oct/2023:07:14:58 -0500] "GET /sipse/faces/javax.faces.resource/primefaces.js?ln=primefaces&v=4.0 HTTP/1.1" 304 -
201.245.192.253 - - [05/Oct/2023:07:14:58 -0500] "GET /sipse/faces/javax.faces.resource/layout/layout.js?ln=primefaces&v=4.0 HTTP/1.1" 304 -
201.245.192.253 - - [05/Oct/2023:07:14:58 -0500] "POST /sipse/faces/presentacion/sistema/reporte/listarReportes.xhtml HTTP/1.1" 200 24517
201.245.192.253 - - [05/Oct/2023:07:14:58 -0500] "POST /sipse/faces/presentacion/sistema/reporte/listarReportes.xhtml HTTP/1.1" 200 24517
172.22.2.4 - - [05/Oct/2023:07:14:07 -0500] "GET /BLA/boletinlegal/ HTTP/1.1" 200 36811
216.245.221.92 - - [05/Oct/2023:07:17:13 -0500] "HEAD / HTTP/1.1" 200 -
201.245.192.253 - - [05/Oct/2023:07:17:13 -0500] "POST /sipse/faces/presentacion/sistema/reporte/listarReportes.xhtml HTTP/1.1" 200 24647
201.245.192.253 - - [05/Oct/2023:07:17:14 -0500] "POST /sipse/faces/presentacion/sistema/reporte/listarReportes.xhtml HTTP/1.1" 200 24647
201.245.192.253 - - [05/Oct/2023:07:17:14 -0500] "POST /sipse/faces/presentacion/sistema/reporte/listarReportes.xhtml HTTP/1.1" 200 24647
201.245.192.253 - - [05/Oct/2023:07:17:14 -0500] "POST /sipse/faces/presentacion/sistema/reporte/listarReportes.xhtml HTTP/1.1" 200 24647
201.245.192.253 - - [05/Oct/2023:07:17:29 -0500] "POST /kwsrmcab/Wsrmcab  HTTP/1.1" 200 42851
201.245.192.253 - - [05/Oct/2023:07:17:41 -0500] "POST /kwsrmcab/Wsrmcab HTTP/1.1" 200 42723
201.245.192.253 - - [05/Oct/2023:07:17:44 -0500] "POST /kwsrmcab/Wsrmcab HTTP/1.1" 200 43058
172.22.2.4 - - [05/Oct/2023:07:18:12 -0500] "HEAD /BLA/boletinlegal/ HTTP/1.1" 200 -
172.22.2.4 - - [05/Oct/2023:07:19:02 -0500] "GET /BLA/boletinlegal/ HTTP/1.1" 200 58187
172.22.2.4 - - [05/Oct/2023:07:20:45 -0500] "GET /BLA/boletinlegal/Circulares/2017/Circular%20No.%20011%20del%2005%20de%20julio%20de%202017.pdf HTTP/1.1" 200 965526
172.22.2.4 - - [05/Oct/2023:07:20:45 -0500] "GET /BLA/boletinlegal/favicon.ico HTTP/1.1" 404 1492
216.245.221.92 - - [05/Oct/2023:07:22:13 -0500] "HEAD / HTTP/1.1" 200 -
201.245.192.253 - - [05/Oct/2023:07:22:28 -0500] "POST /kwsrmcab/Wsrmcab  HTTP/1.1" 200 42851
191.156.157.158 - - [05/Oct/2023:07:23:38 -0500] "GET /sipse/faces/javax.faces.resource/primefaces.css?ln=primefaces&v=4.0 HTTP/1.1" 304 -
191.156.148.178 - - [05/Oct/2023:07:23:38 -0500] "GET /sipse/faces/javax.faces.resource/theme.css?ln=primefaces-sipse HTTP/1.1" 304 -
191.156.144.113 - - [05/Oct/2023:07:23:38 -0500] "GET /sipse/faces/javax.faces.resource/layout/layout.css?ln=primefaces&v=4.0 HTTP/1.1" 304 -
191.156.149.213 - - [05/Oct/2023:07:23:38 -0500] "GET /sipse/faces/javax.faces.resource/primefaces.js?ln=primefaces&v=4.0 HTTP/1.1" 304 -
191.156.156.246 - - [05/Oct/2023:07:23:38 -0500] "GET /sipse/faces/javax.faces.resource/jquery/jquery.js?ln=primefaces&v=4.0 HTTP/1.1" 304 -
191.156.156.121 - - [05/Oct/2023:07:23:38 -0500] "GET /sipse/faces/javax.faces.resource/jquery/jquery-plugins.js?ln=primefaces&v=4.0 HTTP/1.1" 304 -
191.156.157.158 - - [05/Oct/2023:07:23:38 -0500] "GET /sipse/faces/javax.faces.resource/layout/layout.js?ln=primefaces&v=4.0 HTTP/1.1" 304 -
191.156.157.158 - - [05/Oct/2023:07:23:38 -0500] "GET /sipse/faces/javax.faces.resource/images/ui-icons_898989_256x240.png?ln=primefaces-aristo HTTP/1.1" 304 -
191.156.157.158 - - [05/Oct/2023:07:23:39 -0500] "GET /sipse/faces/faces/faces/faces/faces/index.xhtml HTTP/1.1" 200 677
191.156.157.158 - - [05/Oct/2023:07:23:39 -0500] "GET /sipse/faces/javax.faces.resource/theme.css?ln=primefaces-sipse HTTP/1.1" 304 -
191.156.157.158 - - [05/Oct/2023:07:23:39 -0500] "GET /sipse/faces/faces/faces/faces/faces/faces/autenticacion.xhtml HTTP/1.1" 200 12411
191.156.157.158 - - [05/Oct/2023:07:23:39 -0500] "GET /sipse/faces/javax.faces.resource/theme.css?ln=primefaces-sipse HTTP/1.1" 304 -
191.156.156.121 - - [05/Oct/2023:07:23:39 -0500] "GET /sipse/faces/javax.faces.resource/primefaces.css?ln=primefaces&v=4.0 HTTP/1.1" 304 -
191.156.156.246 - - [05/Oct/2023:07:23:39 -0500] "GET /sipse/faces/javax.faces.resource/layout/layout.css?ln=primefaces&v=4.0 HTTP/1.1" 304 -
191.156.148.178 - - [05/Oct/2023:07:23:39 -0500] "GET /sipse/faces/javax.faces.resource/primefaces.js?ln=primefaces&v=4.0 HTTP/1.1" 304 -
191.156.149.213 - - [05/Oct/2023:07:23:39 -0500] "GET /sipse/faces/javax.faces.resource/jquery/jquery.js?ln=primefaces&v=4.0 HTTP/1.1" 304 -
191.156.144.113 - - [05/Oct/2023:07:23:39 -0500] "GET /sipse/faces/javax.faces.resource/jquery/jquery-plugins.js?ln=primefaces&v=4.0 HTTP/1.1" 304 -
191.156.157.158 - - [05/Oct/2023:07:23:39 -0500] "GET /sipse/faces/javax.faces.resource/layout/layout.js?ln=primefaces&v=4.0 HTTP/1.1" 304 -
172.22.2.4 - - [05/Oct/2023:07:24:02 -0500] "HEAD /BLA/boletinlegal/ HTTP/1.1" 200 -
172.22.2.4 - - [05/Oct/2023:07:24:52 -0500] "GET /BLA/boletinlegal/ HTTP/1.1" 200 58187
216.245.221.92 - - [05/Oct/2023:07:27:13 -0500] "HEAD / HTTP/1.1" 200 -
201.245.192.253 - - [05/Oct/2023:07:27:26 -0500] "POST /kwsrmcab/Wsrmcab  HTTP/1.1" 200 42851
201.245.192.253 - - [05/Oct/2023:07:27:40 -0500] "POST /kwsrmcab/Wsrmcab HTTP/1.1" 200 42723
201.245.192.253 - - [05/Oct/2023:07:27:44 -0500] "POST /kwsrmcab/Wsrmcab HTTP/1.1" 200 43058
52.167.144.189 - - [05/Oct/2023:07:29:49 -0500] "GET /BLA/resoluciones/RESOLUCIONES%202021/0632.pdf HTTP/1.1" 200 477113
172.22.2.4 - - [05/Oct/2023:07:31:24 -0500] "GET /BLA/boletinlegal/ReportServer HTTP/1.1" 404 1018
172.22.2.4 - - [05/Oct/2023:07:29:52 -0500] "HEAD /BLA/boletinlegal/ HTTP/1.1" 200 -
216.245.221.92 - - [05/Oct/2023:07:32:13 -0500] "HEAD / HTTP/1.1" 200 -
157.55.39.54 - - [05/Oct/2023:07:32:19 -0500] "GET /sipse/faces/index.xhtml HTTP/1.1" 200 677
157.55.39.54 - - [05/Oct/2023:07:32:20 -0500] "GET /BLA/resoluciones/RESOLUCIONES%202021/0320.pdf HTTP/1.1" 200 699686
157.55.39.54 - - [05/Oct/2023:07:32:21 -0500] "GET /BLA/resoluciones/RESOLUCIONES%202021/0721.pdf HTTP/1.1" 200 80177
157.55.39.54 - - [05/Oct/2023:07:32:21 -0500] "GET /BLA/resoluciones/RESOLUCIONES%202021/1572.pdf HTTP/1.1" 200 345185
157.55.39.54 - - [05/Oct/2023:07:32:22 -0500] "GET /BLA/resoluciones/RESOLUCIONES%202021/0721.pdf HTTP/1.1" 200 80177
172.22.2.4 - - [05/Oct/2023:07:30:42 -0500] "GET /BLA/boletinlegal/ HTTP/1.1" 200 58187
201.245.192.253 - - [05/Oct/2023:07:32:26 -0500] "POST /kwsrmcab/Wsrmcab  HTTP/1.1" 200 42851
69.171.249.9 - - [05/Oct/2023:07:34:01 -0500] "GET /images/cr\xc3\xb3nica-29-nov-1_optimized.jpeg HTTP/1.1" 404 1034
65.49.1.35 - - [05/Oct/2023:07:34:16 -0500] "\x16\x03\x01" 400 226
173.252.107.7 - - [05/Oct/2023:07:35:01 -0500] "GET /con-actividades-pedagogicas-y-recorrido-interpretativo-bogota-conmemora-el-dia-internacional-de-los-anfibios.html HTTP/1.1" 200 964
172.22.2.4 - - [05/Oct/2023:07:36:18 -0500] "GET /BLA/boletinlegal/actos.php HTTP/1.1" 200 9682
172.22.2.4 - - [05/Oct/2023:07:36:18 -0500] "GET /BLA/boletinlegal/styles2.css HTTP/1.1" 200 1838
172.22.2.4 - - [05/Oct/2023:07:36:18 -0500] "GET /BLA/boletinlegal/niceforms-default.css HTTP/1.1" 200 6694
172.22.2.4 - - [05/Oct/2023:07:36:18 -0500] "GET /BLA/boletinlegal/style.css HTTP/1.1" 200 9406
172.22.2.4 - - [05/Oct/2023:07:36:18 -0500] "GET /BLA/boletinlegal/js/ajax_actos.js HTTP/1.1" 200 1322
172.22.2.4 - - [05/Oct/2023:07:36:18 -0500] "GET /BLA/boletinlegal/js/lib.js HTTP/1.1" 200 6474
172.22.2.4 - - [05/Oct/2023:07:36:18 -0500] "GET /BLA/boletinlegal/js/popup.js HTTP/1.1" 200 1270
172.22.2.4 - - [05/Oct/2023:07:36:18 -0500] "GET /BLA/boletinlegal/niceforms.js HTTP/1.1" 200 22876
172.22.2.4 - - [05/Oct/2023:07:36:18 -0500] "GET /BLA/boletinlegal/js/jquery1.js HTTP/1.1" 200 29846
172.22.2.4 - - [05/Oct/2023:07:36:18 -0500] "GET /BLA/boletinlegal/images/cabezote%20BLEGAL.jpg HTTP/1.1" 200 118164
172.22.2.4 - - [05/Oct/2023:07:36:18 -0500] "GET /BLA/boletinlegal/images/subscribe-icon-big.png HTTP/1.1" 200 47702
172.22.2.4 - - [05/Oct/2023:07:36:18 -0500] "GET /BLA/boletinlegal/images/historia.png HTTP/1.1" 200 52775
172.22.2.4 - - [05/Oct/2023:07:36:18 -0500] "GET /BLA/boletinlegal/images/registro-usuarios.png HTTP/1.1" 200 8106
172.22.2.4 - - [05/Oct/2023:07:36:18 -0500] "GET /BLA/boletinlegal/images/icono-email.png HTTP/1.1" 200 5544
172.22.2.4 - - [05/Oct/2023:07:36:18 -0500] "GET /BLA/boletinlegal/images/green-yellow-blue-pink-th.png HTTP/1.1" 200 7394
172.22.2.4 - - [05/Oct/2023:07:36:18 -0500] "GET /BLA/boletinlegal/images/tel.png HTTP/1.1" 200 14477
172.22.2.4 - - [05/Oct/2023:07:36:18 -0500] "GET /BLA/boletinlegal/images/body_bg.jpg HTTP/1.1" 200 1601
172.22.2.4 - - [05/Oct/2023:07:36:18 -0500] "GET /BLA/boletinlegal/images/menu_lft.gif HTTP/1.1" 200 1713
172.22.2.4 - - [05/Oct/2023:07:36:18 -0500] "GET /BLA/boletinlegal/images/menu_rght.gif HTTP/1.1" 200 1627
172.22.2.4 - - [05/Oct/2023:07:36:18 -0500] "GET /BLA/boletinlegal/images/bg_top.jpg HTTP/1.1" 200 522
172.22.2.4 - - [05/Oct/2023:07:36:18 -0500] "GET /BLA/boletinlegal/images/hover.jpg HTTP/1.1" 200 640
172.22.2.4 - - [05/Oct/2023:07:36:18 -0500] "GET /BLA/boletinlegal/images/menu_bg.jpg HTTP/1.1" 200 620
172.22.2.4 - - [05/Oct/2023:07:36:18 -0500] "GET /BLA/boletinlegal/images/text.jpg HTTP/1.1" 200 568
172.22.2.4 - - [05/Oct/2023:07:36:18 -0500] "GET /BLA/boletinlegal/images/footer_bg.jpg HTTP/1.1" 200 586
172.22.2.4 - - [05/Oct/2023:07:36:18 -0500] "GET /BLA/boletinlegal/images/footer_bg_l.jpg HTTP/1.1" 200 776
172.22.2.4 - - [05/Oct/2023:07:36:19 -0500] "GET /BLA/boletinlegal/img/0.png HTTP/1.1" 200 110
172.22.2.4 - - [05/Oct/2023:07:36:19 -0500] "GET /BLA/boletinlegal/img/select-left.png HTTP/1.1" 200 263
172.22.2.4 - - [05/Oct/2023:07:36:19 -0500] "GET /BLA/boletinlegal/img/select-right.png HTTP/1.1" 200 44019
172.22.2.4 - - [05/Oct/2023:07:36:19 -0500] "GET /BLA/boletinlegal/img/button-left.png HTTP/1.1" 200 57071
172.22.2.4 - - [05/Oct/2023:07:36:19 -0500] "GET /BLA/boletinlegal/img/button.png HTTP/1.1" 200 43241
172.22.2.4 - - [05/Oct/2023:07:36:19 -0500] "GET /BLA/boletinlegal/img/button-right.png HTTP/1.1" 200 57878
172.22.2.4 - - [05/Oct/2023:07:36:19 -0500] "GET /BLA/boletinlegal/favicon.ico HTTP/1.1" 404 1326
201.245.192.253 - - [05/Oct/2023:07:36:21 -0500] "GET /BLA/resoluciones/dlf/styles.css HTTP/1.1" 200 3049
201.245.192.253 - - [05/Oct/2023:07:36:21 -0500] "GET /BLA/resoluciones/dlf/folder.png HTTP/1.1" 200 410
201.245.192.253 - - [05/Oct/2023:07:36:21 -0500] "GET /BLA/resoluciones/ HTTP/1.1" 200 13696
201.245.192.253 - - [05/Oct/2023:07:36:21 -0500] "GET /BLA/resoluciones/dlf/bg.gif HTTP/1.1" 200 54
201.245.192.253 - - [05/Oct/2023:07:36:21 -0500] "GET /favicon.ico HTTP/1.1" 200 7782
216.245.221.92 - - [05/Oct/2023:07:37:13 -0500] "HEAD / HTTP/1.1" 200 -
172.22.2.4 - - [05/Oct/2023:07:35:41 -0500] "HEAD /BLA/boletinlegal/ HTTP/1.1" 200 -
201.245.192.253 - - [05/Oct/2023:07:37:25 -0500] "POST /kwsrmcab/Wsrmcab  HTTP/1.1" 200 42851
201.245.192.253 - - [05/Oct/2023:07:37:41 -0500] "POST /kwsrmcab/Wsrmcab HTTP/1.1" 200 42723
201.245.192.253 - - [05/Oct/2023:07:37:44 -0500] "POST /kwsrmcab/Wsrmcab HTTP/1.1" 200 43058
172.22.2.4 - - [05/Oct/2023:07:36:32 -0500] "GET /BLA/boletinlegal/ HTTP/1.1" 200 58597
157.55.39.203 - - [05/Oct/2023:07:38:49 -0500] "GET /BLA/resoluciones/RESOLUCIONES%202021/5486.pdf HTTP/1.1" 200 407460
186.102.69.43 - - [05/Oct/2023:07:39:43 -0500] "GET /kwssiamovil/sm/ldap/au?x=U2FsdGVkX18WB9OGwrZoNziQOqw5X6gvCI/JgGNpJo1YsqcZy/2U3cU7hygd61wq1sfytNtf/cvWhum/EaHFxg==&y=U2FsdGVkX1/kMQz0RRHtVt25TlVkVMWJgmXpaPCp3TTkiVYSZFX5ByEtu4pULgvf HTTP/1.1" 200 30
186.102.69.43 - - [05/Oct/2023:07:39:43 -0500] "GET /kwssiamovil/sm/acme/s?s=U2FsdGVkX19vx0QxyPne6XrrhPjUHqcgy7aQLRaQr0D4IvFfIPEj4UetGTO4+EmrQkDzqI8C4RM6vzI5bu+9EHnLieN96zYptTTSUdH0A8k=&u=U2FsdGVkX1/TxCQ6nAX4yq8ehFnfMpvATjuv1iDA6Nu4PRZRckJHSMe/zgrPeK1D&y=U2FsdGVkX1/kMQz0RRHtVt25TlVkVMWJgmXpaPCp3TTkiVYSZFX5ByEtu4pULgvf HTTP/1.1" 200 97
186.102.69.43 - - [05/Oct/2023:07:39:43 -0500] "GET /kwssiamovil/sm/acme/s?s=U2FsdGVkX1/Us/fQ0A/R4clsZg+DgRjPYMcwIsK0vhuCJ3REAv9nBlMS9BFYXKh5V2O9LhcnpVqaxzXS0RSCqSESy7u4eeRXeVsav9/SKEaW2kgXWji+PRTxKABmc5tdEtlGBGqzmHab4DYSHptB6s8L7eTsCGPKz9M1ESTK+fT+aqfHm2n7XPu0rJor2GcdrWuy0LtKqHkP6GjSOHTZBw92xwKa/3H2yn0RlxeqBkv/fipaILyHCKXKtRQ0MgGACNCaPzPdOYxIdPkrY9sZpCsSsmmD9SYpfdRiQcdLMvaqoF5EhzvsumidZi5a9icmCk2C/KXYJZHDJAAbwfj1LdT9ODw3ZVMXgqEKS7xva7W4O3GUUPWQ/6CKrJBcyWzfasXBuQ5rf/Bf0tnu59+6HKi8nlhe4JvT7I++NzNGPYpqLhc+LoFEG0ReBA6nbNZWgAm9nNDZJjNm6M4wjzYSlitvIIkwy9vxeN+dLpnISabCdJZljmUpDz0Xoah1MQHjluQCwlF1youh+83SdSi8Pg9/YWCiFL0cV2puG4khusx8Acxux0uLadZEkbvwWT5GHaODct7PvUNAi/hvAaBqrTItMA6RfGfmHA+X+LCZVf0wVgFpSJUNLaBBT1Gsf1F+y18HD2ZeQHx1rXcSUKFt1IMEMIQK8RK12lSEMzuu3H7QPFJsfPfTYDVT+/6/cl3jvz720U/SfMQX30F8F308d26r+XrLF/rFecQwG64S0348reRqFNtZDRtcEuybtd6Z2YblyiwN3fV4po8VdskxwuKCsNT2cF+FEMJ4P3sNcy0ijQjyr6S4QX/kMDQwpIfnvh2ywP+NFTFofJ9EQIMzYmRgW4nbNfGtFAxWC+AyyKSPBSLq2bdRUh04VNCbng3fx0oJauie1Zh2B0SfKB+krJsYOYgMJPomrhHLoQCXKYVVMGIjUZZIZD88WjQmRlnS9veLVRFSpsNtGHDitHaHAszNVTvQ25YlM0JLggWsQBqg6BeQVgRMNpuNmRIfqOkYfeFAwDrEfwYCLiQrjuq1Y42wX97M/n633GGF05e5iF0L1zWcVJZRb24zslyZ4kZPxhkqFYftpXkXa6H7apFrbpwgvH+maB4E/PzD+7H1xW0erk9vugFb2pedWhnIUyj+QvMvuSZIz43W8zUmSxGtkTgsHpGQTLkLWmc4Dstw2FWoc78aYDc05Qf4tj/RYANAFELpoi+qbvYfWu/UK2+AqBrFmuhLo4hQbt64dKjwt3lrx7XO+0TEplpiD0uILR4bEyJN8OYT6SaSmG4Cgyl71bAzb180mhjK4oU3Q0zuPw/mP4cxaZyiqTU6cjuoCHOMHN1cdpUfuQhGtdQ9/Gv4GyRMDTcYiUxVxTA+yk9DgZ38BCbufHpS6PSkqMHUPCZhI0XSMQTH5dj7O3CbfQ7aAsioIDmKFlDHmvpX8VpP2F3wpC5fRB8EYT3fHvLF6GRPFmHtX+xrU6QYUFrgfOLnq8D5FB6YIbYeJ/z31pl35YTyj1KllYvl0S+z8btlIHB3PC8Q1GJbHUuQdhF7ApvQYr5u6bIB20vrGA6Gj63sxne5Y2swzUNv+r4Iig3OZvnGxYPyoLJj2Rtcakx3QtI+hwVgVKlM55FGFCtsOVf4CnVz+vMSCbPN+plsrjwNqsuFN+Mz3/cKxNiV7F/L7DMcOkImNQUCu2v1AnlYvphku97pqMoJw1wbiGqVGGEVk3k4rSOSyeg1byNVJ2z05vn1qerSyozFMCOquK6+6cAeNkFq3H6eJMqMNfngBr7/Lgk5&u=U2FsdGVkX1/TxCQ6nAX4yq8ehFnfMpvATjuv1iDA6Nu4PRZRckJHSMe/zgrPeK1D&y=U2FsdGVkX1/kMQz0RRHtVt25TlVkVMWJgmXpaPCp3TTkiVYSZFX5ByEtu4pULgvf HTTP/1.1" 200 1433
186.102.69.43 - - [05/Oct/2023:07:39:43 -0500] "GET /kwssiamovil/sm/acme/s?s=U2FsdGVkX18pOliv7d984QkdX58CzXgLx3l2RhNq7cWcRC3hDDd5N8ZCPI0smy+Hqc/0lw7EKRbTGyENCGwXebLiQnjXluT6X3uoprrXDgVFeSBAGVmu1QxFa0y8+Arw5LqXQ5QYSTXX+1Vp8GPzZlNYgWUnLsMfjacoOiuRkgVmTFvSznIHQIN3tnJvCAG+pRtdac1fCKPTocz9zrnkiSRuWyuHgIw2O8YPXKz8v65ZDJT1E3JstJ7jNUtAz0fVlh3RLaIWIVS4ockDiVoijYqzuLIUJNiDQbS2HROZe2L1IoHmQPPJndn3FX5zhwRDf0WWX5/55qSK4roVdvV0KWHVxmL20+8nMOicyBf/qiMiIeKG7+Fbk1WYHFDQbkk+RWRgDzaw6mwUHZAGqZhPWoovxRTvG+EG5W3genDMGOMFww/md21ZBxYBeWwzk6X75nfm0wAEu3srpEjrqzc4sTsF8aHVnDEvYMox+Tkj0ZjehnUs0+Yu+ny+A1w/Hc/pHswqqwIUdmiQdexpTUYfflFYMb4ERy1o6NvtJqwhPOLHp+mm2ionjFkhGX9zzden6kbQJAI4mvgPjk2eS8XJVmrUxfrJIuYBTB0i0XKQ2my1BwODALRVVhB+b7HRbMTZiYjI8Q3ydUTw8kDoNdJyr6Oyaf4X9ydoqm4sHdD+mxZryscv0Ii3P46dvTx9UdZbzqH4d7HMFf0Sh0mtplZXGW1Dow6CaguBY9Xs08dMqIbZVRRVLtk41AUSJVnGjtz0jtOYBx3B0sikQ0zcRKKtqQ==&u=U2FsdGVkX1/TxCQ6nAX4yq8ehFnfMpvATjuv1iDA6Nu4PRZRckJHSMe/zgrPeK1D&y=U2FsdGVkX1/kMQz0RRHtVt25TlVkVMWJgmXpaPCp3TTkiVYSZFX5ByEtu4pULgvf HTTP/1.1" 200 352
186.102.69.43 - - [05/Oct/2023:07:39:43 -0500] "GET /kwssiamovil/sm/cjson/pre?f=9&x=U2FsdGVkX18WB9OGwrZoNziQOqw5X6gvCI/JgGNpJo1YsqcZy/2U3cU7hygd61wq1sfytNtf/cvWhum/EaHFxg== HTTP/1.1" 200 25142
186.102.69.43 - - [05/Oct/2023:07:39:43 -0500] "GET /kwssiamovil/sm/cjson/pre?f=18&x=U2FsdGVkX18WB9OGwrZoNziQOqw5X6gvCI/JgGNpJo1YsqcZy/2U3cU7hygd61wq1sfytNtf/cvWhum/EaHFxg== HTTP/1.1" 200 32849
52.167.144.24 - - [05/Oct/2023:07:41:32 -0500] "GET /transparencia/directorioservidores/diciembre2015.xlsx HTTP/1.1" 304 -
152.203.237.130 - - [05/Oct/2023:07:41:38 -0500] "GET /kwssiamovil/sm/ldap/au?x=U2FsdGVkX19lThEkkmb8LMSV7giemVUnjNlajQ1DGd0vJ3VH5ZyZtbPWR5UDVXYC&y=U2FsdGVkX1/4eCZZLmVF+9bo9bVWiriCtFchoJ8o+E82PhRkM1ttsf/zRfxSghUW HTTP/1.1" 200 30
152.203.237.130 - - [05/Oct/2023:07:41:38 -0500] "GET /kwssiamovil/sm/acme/s?s=U2FsdGVkX1/JPJg6WuY7Eh0LSg10ulAswKE8NGuw510XcpV33aJLJHA11XrYSZYfY2tSztjqEHyn7rP7sJYooTv6nKBXoutn3c+4muJNg5E=&u=U2FsdGVkX19CECrLvfVc9LsdOTKyGegwISxyPRGKlH479w1edfu1PX9t5nWLJFjM&y=U2FsdGVkX1/4eCZZLmVF+9bo9bVWiriCtFchoJ8o+E82PhRkM1ttsf/zRfxSghUW HTTP/1.1" 200 97
