201.245.192.253 - - [05/Oct/2023:16:59:59 -0500] "POST /forms/lservlet;jsessionid=ac16012b30d631b237d665c3491e938ed2fcaf258f77.e3iSbxaKaheRe34Pbx8Nc3aQci1ynknvrkLOlQzNp65In0 HTTP/1.1" 200 2
201.245.192.253 - - [05/Oct/2023:17:00:00 -0500] "POST /forms/lservlet;jsessionid=ac16012b30d6e3ac83cfa34d44e69cdfe83dd14ea1cd.e3iSbxaKaheRe34Pbx8Nc3aQci1ynknvrkLOlQzNp65In0 HTTP/1.1" 200 2
66.249.66.192 - - [05/Oct/2023:17:00:02 -0500] "GET /bioexpo-2023-bogota-alcanza-destacada-participacion-y-buenos-reditos-con-innovadores-negocios-verdes.html HTTP/1.1" 200 836
173.252.79.2 - - [05/Oct/2023:17:01:03 -0500] "GET /images/Red%20de%20Monitoreo%20de%20Calidad%20del%20Aire.jpg HTTP/1.1" 200 51986
181.61.246.28 - - [05/Oct/2023:17:01:37 -0500] "GET /como-debe-ser-el-manejo-del-ruido-en-bogota.html HTTP/1.1" 200 765
66.249.66.20 - - [05/Oct/2023:17:01:48 -0500] "GET /BLA/resoluciones/AUTOS%202013/3506.pdf HTTP/1.1" 200 413585
201.245.192.253 - - [05/Oct/2023:17:01:59 -0500] "POST /forms/lservlet;jsessionid=ac16012b30d631b237d665c3491e938ed2fcaf258f77.e3iSbxaKaheRe34Pbx8Nc3aQci1ynknvrkLOlQzNp65In0 HTTP/1.1" 200 2
201.245.192.253 - - [05/Oct/2023:17:02:00 -0500] "POST /forms/lservlet;jsessionid=ac16012b30d6e3ac83cfa34d44e69cdfe83dd14ea1cd.e3iSbxaKaheRe34Pbx8Nc3aQci1ynknvrkLOlQzNp65In0 HTTP/1.1" 200 2
216.245.221.92 - - [05/Oct/2023:17:02:12 -0500] "HEAD / HTTP/1.1" 200 -
162.55.41.96 - - [05/Oct/2023:17:02:13 -0500] "GET / HTTP/1.1" 200 319
172.22.2.4 - - [05/Oct/2023:17:01:34 -0500] "HEAD /BLA/boletinlegal/ HTTP/1.1" 200 -
52.167.144.222 - - [05/Oct/2023:17:03:43 -0500] "GET /BLA/resoluciones/RESOLUCIONES%202021/0662.pdf HTTP/1.1" 200 492757
201.245.192.253 - - [05/Oct/2023:17:03:59 -0500] "POST /forms/lservlet;jsessionid=ac16012b30d631b237d665c3491e938ed2fcaf258f77.e3iSbxaKaheRe34Pbx8Nc3aQci1ynknvrkLOlQzNp65In0 HTTP/1.1" 200 2
201.245.192.253 - - [05/Oct/2023:17:04:00 -0500] "POST /forms/lservlet;jsessionid=ac16012b30d6e3ac83cfa34d44e69cdfe83dd14ea1cd.e3iSbxaKaheRe34Pbx8Nc3aQci1ynknvrkLOlQzNp65In0 HTTP/1.1" 200 2
172.22.2.4 - - [05/Oct/2023:17:02:25 -0500] "GET /BLA/boletinlegal/ HTTP/1.1" 200 57790
201.245.192.253 - - [05/Oct/2023:17:04:52 -0500] "POST /kwsrmcab/Wsrmcab  HTTP/1.1" 200 42851
201.245.192.253 - - [05/Oct/2023:17:05:24 -0500] "GET /sipse/faces/index.xhtml HTTP/1.1" 200 677
201.245.192.253 - - [05/Oct/2023:17:05:25 -0500] "GET /sipse/faces/javax.faces.resource/theme.css?ln=primefaces-sipse HTTP/1.1" 304 -
201.245.192.253 - - [05/Oct/2023:17:05:25 -0500] "GET /favicon.ico HTTP/1.1" 200 7782
201.245.192.253 - - [05/Oct/2023:17:05:25 -0500] "GET /sipse/faces/faces/autenticacion.xhtml HTTP/1.1" 200 12411
201.245.192.253 - - [05/Oct/2023:17:05:25 -0500] "GET /sipse/js/disable_browser_buttons.js HTTP/1.1" 304 -
201.245.192.253 - - [05/Oct/2023:17:05:25 -0500] "GET /sipse/js/funciones.js HTTP/1.1" 304 -
201.245.192.253 - - [05/Oct/2023:17:05:25 -0500] "GET /sipse/css/custom_css_sg.css HTTP/1.1" 304 -
201.245.192.253 - - [05/Oct/2023:17:05:25 -0500] "GET /sipse/css/custom_css_sg_prime_login.css HTTP/1.1" 304 -
201.245.192.253 - - [05/Oct/2023:17:05:25 -0500] "GET /sipse/faces/javax.faces.resource/theme.css?ln=primefaces-sipse HTTP/1.1" 304 -
201.245.192.253 - - [05/Oct/2023:17:05:25 -0500] "GET /sipse/faces/javax.faces.resource/layout/layout.css?ln=primefaces&v=4.0 HTTP/1.1" 304 -
201.245.192.253 - - [05/Oct/2023:17:05:25 -0500] "GET /sipse/faces/javax.faces.resource/primefaces.css?ln=primefaces&v=4.0 HTTP/1.1" 304 -
201.245.192.253 - - [05/Oct/2023:17:05:25 -0500] "GET /sipse/faces/javax.faces.resource/jquery/jquery.js?ln=primefaces&v=4.0 HTTP/1.1" 304 -
201.245.192.253 - - [05/Oct/2023:17:05:25 -0500] "GET /sipse/faces/javax.faces.resource/primefaces.js?ln=primefaces&v=4.0 HTTP/1.1" 304 -
201.245.192.253 - - [05/Oct/2023:17:05:25 -0500] "GET /sipse/faces/javax.faces.resource/jquery/jquery-plugins.js?ln=primefaces&v=4.0 HTTP/1.1" 304 -
201.245.192.253 - - [05/Oct/2023:17:05:25 -0500] "GET /sipse/faces/javax.faces.resource/layout/layout.js?ln=primefaces&v=4.0 HTTP/1.1" 304 -
201.245.192.253 - - [05/Oct/2023:17:05:25 -0500] "GET /sipse/css/imagen/logoSDG.png HTTP/1.1" 304 -
201.245.192.253 - - [05/Oct/2023:17:05:25 -0500] "GET /sipse/css/imagen/loginimg.png HTTP/1.1" 304 -
201.245.192.253 - - [05/Oct/2023:17:05:25 -0500] "GET /sipse/faces/javax.faces.resource/images/ui-icons_898989_256x240.png?ln=primefaces-aristo HTTP/1.1" 304 -
201.245.192.253 - - [05/Oct/2023:17:05:37 -0500] "POST /sipse/faces/autenticacion.xhtml HTTP/1.1" 200 11320
201.245.192.253 - - [05/Oct/2023:17:05:37 -0500] "GET /sipse/css/custom_css_sg_prime.css HTTP/1.1" 304 -
201.245.192.253 - - [05/Oct/2023:17:05:37 -0500] "GET /sipse/faces/javax.faces.resource/theme.css?ln=primefaces-sipse HTTP/1.1" 304 -
201.245.192.253 - - [05/Oct/2023:17:05:37 -0500] "GET /sipse/faces/javax.faces.resource/primefaces.css?ln=primefaces&v=4.0 HTTP/1.1" 304 -
201.245.192.253 - - [05/Oct/2023:17:05:37 -0500] "GET /sipse/faces/javax.faces.resource/layout/layout.css?ln=primefaces&v=4.0 HTTP/1.1" 304 -
201.245.192.253 - - [05/Oct/2023:17:05:37 -0500] "GET /sipse/faces/javax.faces.resource/jquery/jquery.js?ln=primefaces&v=4.0 HTTP/1.1" 304 -
201.245.192.253 - - [05/Oct/2023:17:05:37 -0500] "GET /sipse/faces/javax.faces.resource/jquery/jquery-plugins.js?ln=primefaces&v=4.0 HTTP/1.1" 304 -
201.245.192.253 - - [05/Oct/2023:17:05:37 -0500] "GET /sipse/faces/javax.faces.resource/primefaces.js?ln=primefaces&v=4.0 HTTP/1.1" 304 -
201.245.192.253 - - [05/Oct/2023:17:05:37 -0500] "GET /sipse/faces/javax.faces.resource/layout/layout.js?ln=primefaces&v=4.0 HTTP/1.1" 304 -
201.245.192.253 - - [05/Oct/2023:17:05:37 -0500] "GET /sipse/faces/javax.faces.resource/messages/messages.png?ln=primefaces&v=4.0 HTTP/1.1" 304 -
201.245.192.253 - - [05/Oct/2023:17:05:40 -0500] "POST /sipse/faces/presentacion/sistema/seguridad/seleccionRol.xhtml HTTP/1.1" 200 5757
201.245.192.253 - - [05/Oct/2023:17:05:41 -0500] "POST /sipse/faces/presentacion/sistema/seguridad/seleccionRol.xhtml HTTP/1.1" 200 16392
201.245.192.253 - - [05/Oct/2023:17:05:41 -0500] "GET /sipse/faces/javax.faces.resource/theme.css?ln=primefaces-sipse HTTP/1.1" 304 -
201.245.192.253 - - [05/Oct/2023:17:05:41 -0500] "GET /sipse/faces/javax.faces.resource/primefaces.css?ln=primefaces&v=4.0 HTTP/1.1" 304 -
201.245.192.253 - - [05/Oct/2023:17:05:41 -0500] "GET /sipse/faces/javax.faces.resource/layout/layout.css?ln=primefaces&v=4.0 HTTP/1.1" 304 -
201.245.192.253 - - [05/Oct/2023:17:05:41 -0500] "GET /sipse/js/jquery.min.js HTTP/1.1" 304 -
201.245.192.253 - - [05/Oct/2023:17:05:41 -0500] "GET /sipse/faces/javax.faces.resource/jquery/jquery.js?ln=primefaces&v=4.0 HTTP/1.1" 304 -
201.245.192.253 - - [05/Oct/2023:17:05:41 -0500] "GET /sipse/faces/javax.faces.resource/jquery/jquery-plugins.js?ln=primefaces&v=4.0 HTTP/1.1" 304 -
201.245.192.253 - - [05/Oct/2023:17:05:41 -0500] "GET /sipse/faces/javax.faces.resource/primefaces.js?ln=primefaces&v=4.0 HTTP/1.1" 304 -
201.245.192.253 - - [05/Oct/2023:17:05:41 -0500] "GET /sipse/faces/javax.faces.resource/layout/layout.js?ln=primefaces&v=4.0 HTTP/1.1" 304 -
201.245.192.253 - - [05/Oct/2023:17:05:41 -0500] "GET /sipse/css/v_mergente.css HTTP/1.1" 304 -
201.245.192.253 - - [05/Oct/2023:17:05:41 -0500] "GET /sipse/imagenes/cargando.gif HTTP/1.1" 304 -
201.245.192.253 - - [05/Oct/2023:17:05:41 -0500] "GET /sipse/imagenes/logoAplicacion.jpg HTTP/1.1" 304 -
201.245.192.253 - - [05/Oct/2023:17:05:41 -0500] "GET /sipse/css/imagen/contrasena.png HTTP/1.1" 404 383
201.245.192.253 - - [05/Oct/2023:17:05:45 -0500] "GET /sipse/faces/javax.faces.resource/images/ui-bg_flat_0_2d5972_40x100.png?ln=primefaces-aristo HTTP/1.1" 304 -
201.245.192.253 - - [05/Oct/2023:17:05:45 -0500] "POST /sipse/faces/bienvenido.xhtml HTTP/1.1" 200 2658
201.245.192.253 - - [05/Oct/2023:17:05:46 -0500] "POST /sipse/faces/bienvenido.xhtml HTTP/1.1" 200 62789
201.245.192.253 - - [05/Oct/2023:17:05:46 -0500] "GET /sipse/faces/javax.faces.resource/primefaces.css?ln=primefaces&v=4.0 HTTP/1.1" 304 -
201.245.192.253 - - [05/Oct/2023:17:05:46 -0500] "GET /sipse/faces/javax.faces.resource/layout/layout.css?ln=primefaces&v=4.0 HTTP/1.1" 304 -
201.245.192.253 - - [05/Oct/2023:17:05:46 -0500] "GET /sipse/faces/javax.faces.resource/theme.css?ln=primefaces-sipse HTTP/1.1" 304 -
201.245.192.253 - - [05/Oct/2023:17:05:46 -0500] "GET /sipse/faces/javax.faces.resource/jquery/jquery.js?ln=primefaces&v=4.0 HTTP/1.1" 304 -
201.245.192.253 - - [05/Oct/2023:17:05:46 -0500] "GET /sipse/faces/javax.faces.resource/jquery/jquery-plugins.js?ln=primefaces&v=4.0 HTTP/1.1" 304 -
201.245.192.253 - - [05/Oct/2023:17:05:46 -0500] "GET /sipse/faces/javax.faces.resource/primefaces.js?ln=primefaces&v=4.0 HTTP/1.1" 304 -
201.245.192.253 - - [05/Oct/2023:17:05:46 -0500] "GET /sipse/faces/javax.faces.resource/layout/layout.js?ln=primefaces&v=4.0 HTTP/1.1" 304 -
201.245.192.253 - - [05/Oct/2023:17:05:46 -0500] "POST /sipse/faces/presentacion/financiero/solicitudProceso/listarSolicitudProceso.xhtml HTTP/1.1" 200 1552
201.245.192.253 - - [05/Oct/2023:17:05:50 -0500] "POST /sipse/faces/presentacion/financiero/solicitudProceso/listarSolicitudProceso.xhtml HTTP/1.1" 200 4805
201.245.192.253 - - [05/Oct/2023:17:05:51 -0500] "POST /sipse/faces/presentacion/financiero/solicitudProceso/listarSolicitudProceso.xhtml HTTP/1.1" 200 132155
201.245.192.253 - - [05/Oct/2023:17:05:52 -0500] "GET /sipse/faces/javax.faces.resource/theme.css?ln=primefaces-sipse HTTP/1.1" 304 -
201.245.192.253 - - [05/Oct/2023:17:05:52 -0500] "GET /sipse/faces/javax.faces.resource/primefaces.css?ln=primefaces&v=4.0 HTTP/1.1" 304 -
201.245.192.253 - - [05/Oct/2023:17:05:52 -0500] "GET /sipse/faces/javax.faces.resource/layout/layout.css?ln=primefaces&v=4.0 HTTP/1.1" 304 -
201.245.192.253 - - [05/Oct/2023:17:05:52 -0500] "GET /sipse/faces/javax.faces.resource/jquery/jquery.js?ln=primefaces&v=4.0 HTTP/1.1" 304 -
201.245.192.253 - - [05/Oct/2023:17:05:52 -0500] "GET /sipse/faces/javax.faces.resource/jquery/jquery-plugins.js?ln=primefaces&v=4.0 HTTP/1.1" 304 -
201.245.192.253 - - [05/Oct/2023:17:05:52 -0500] "GET /sipse/faces/javax.faces.resource/primefaces.js?ln=primefaces&v=4.0 HTTP/1.1" 304 -
201.245.192.253 - - [05/Oct/2023:17:05:52 -0500] "GET /sipse/faces/javax.faces.resource/layout/layout.js?ln=primefaces&v=4.0 HTTP/1.1" 304 -
201.245.192.253 - - [05/Oct/2023:17:05:59 -0500] "POST /forms/lservlet;jsessionid=ac16012b30d631b237d665c3491e938ed2fcaf258f77.e3iSbxaKaheRe34Pbx8Nc3aQci1ynknvrkLOlQzNp65In0 HTTP/1.1" 200 2
201.245.192.253 - - [05/Oct/2023:17:06:00 -0500] "POST /forms/lservlet;jsessionid=ac16012b30d6e3ac83cfa34d44e69cdfe83dd14ea1cd.e3iSbxaKaheRe34Pbx8Nc3aQci1ynknvrkLOlQzNp65In0 HTTP/1.1" 200 2
201.245.192.253 - - [05/Oct/2023:17:06:04 -0500] "POST /sipse/faces/presentacion/financiero/solicitudProceso/consultarSolicitudProceso.xhtml HTTP/1.1" 200 76922
181.61.246.28 - - [05/Oct/2023:17:06:13 -0500] "GET /como-debe-ser-el-manejo-del-ruido-en-bogota.html HTTP/1.1" 200 765
191.89.236.209 - - [05/Oct/2023:17:06:56 -0500] "GET /como-debe-ser-el-manejo-del-ruido-en-bogota.html HTTP/1.1" 200 765
216.245.221.92 - - [05/Oct/2023:17:07:12 -0500] "HEAD / HTTP/1.1" 200 -
201.245.192.253 - - [05/Oct/2023:17:07:14 -0500] "POST /sipse/faces/presentacion/financiero/solicitudProceso/consultarSolicitudProceso.xhtml HTTP/1.1" 200 25105
201.245.192.253 - - [05/Oct/2023:17:07:14 -0500] "GET /sipse/faces/javax.faces.resource/theme.css?ln=primefaces-sipse HTTP/1.1" 304 -
201.245.192.253 - - [05/Oct/2023:17:07:14 -0500] "GET /sipse/faces/javax.faces.resource/primefaces.css?ln=primefaces&v=4.0 HTTP/1.1" 304 -
201.245.192.253 - - [05/Oct/2023:17:07:14 -0500] "GET /sipse/faces/javax.faces.resource/layout/layout.css?ln=primefaces&v=4.0 HTTP/1.1" 304 -
201.245.192.253 - - [05/Oct/2023:17:07:14 -0500] "GET /sipse/faces/javax.faces.resource/jquery/jquery.js?ln=primefaces&v=4.0 HTTP/1.1" 304 -
201.245.192.253 - - [05/Oct/2023:17:07:14 -0500] "GET /sipse/faces/javax.faces.resource/jquery/jquery-plugins.js?ln=primefaces&v=4.0 HTTP/1.1" 304 -
201.245.192.253 - - [05/Oct/2023:17:07:15 -0500] "GET /sipse/faces/javax.faces.resource/primefaces.js?ln=primefaces&v=4.0 HTTP/1.1" 304 -
201.245.192.253 - - [05/Oct/2023:17:07:15 -0500] "GET /sipse/faces/javax.faces.resource/layout/layout.js?ln=primefaces&v=4.0 HTTP/1.1" 304 -
201.245.192.253 - - [05/Oct/2023:17:07:23 -0500] "POST /sipse/faces/presentacion/financiero/noHay/crearNoHay.xhtml HTTP/1.1" 200 136363
201.245.192.253 - - [05/Oct/2023:17:07:23 -0500] "GET /sipse/faces/javax.faces.resource/primefaces.css?ln=primefaces&v=4.0 HTTP/1.1" 304 -
201.245.192.253 - - [05/Oct/2023:17:07:23 -0500] "GET /sipse/faces/javax.faces.resource/theme.css?ln=primefaces-sipse HTTP/1.1" 304 -
201.245.192.253 - - [05/Oct/2023:17:07:23 -0500] "GET /sipse/faces/javax.faces.resource/layout/layout.css?ln=primefaces&v=4.0 HTTP/1.1" 304 -
201.245.192.253 - - [05/Oct/2023:17:07:23 -0500] "GET /sipse/faces/javax.faces.resource/jquery/jquery.js?ln=primefaces&v=4.0 HTTP/1.1" 304 -
201.245.192.253 - - [05/Oct/2023:17:07:23 -0500] "GET /sipse/faces/javax.faces.resource/jquery/jquery-plugins.js?ln=primefaces&v=4.0 HTTP/1.1" 304 -
201.245.192.253 - - [05/Oct/2023:17:07:23 -0500] "GET /sipse/faces/javax.faces.resource/primefaces.js?ln=primefaces&v=4.0 HTTP/1.1" 304 -
201.245.192.253 - - [05/Oct/2023:17:07:23 -0500] "GET /sipse/faces/javax.faces.resource/layout/layout.js?ln=primefaces&v=4.0 HTTP/1.1" 304 -
201.245.192.253 - - [05/Oct/2023:17:07:26 -0500] "POST /sipse/faces/presentacion/financiero/solicitudProceso/consultarSolicitudProceso.xhtml HTTP/1.1" 200 36707
201.245.192.253 - - [05/Oct/2023:17:07:28 -0500] "GET /sipse/faces/javax.faces.resource/primefaces.css?ln=primefaces&v=4.0 HTTP/1.1" 304 -
201.245.192.253 - - [05/Oct/2023:17:07:28 -0500] "GET /sipse/faces/javax.faces.resource/theme.css?ln=primefaces-sipse HTTP/1.1" 304 -
201.245.192.253 - - [05/Oct/2023:17:07:28 -0500] "GET /sipse/faces/javax.faces.resource/layout/layout.css?ln=primefaces&v=4.0 HTTP/1.1" 304 -
201.245.192.253 - - [05/Oct/2023:17:07:28 -0500] "GET /sipse/faces/javax.faces.resource/jquery/jquery.js?ln=primefaces&v=4.0 HTTP/1.1" 304 -
201.245.192.253 - - [05/Oct/2023:17:07:28 -0500] "GET /sipse/faces/javax.faces.resource/jquery/jquery-plugins.js?ln=primefaces&v=4.0 HTTP/1.1" 304 -
201.245.192.253 - - [05/Oct/2023:17:07:28 -0500] "GET /sipse/faces/javax.faces.resource/primefaces.js?ln=primefaces&v=4.0 HTTP/1.1" 304 -
201.245.192.253 - - [05/Oct/2023:17:07:28 -0500] "GET /sipse/faces/javax.faces.resource/layout/layout.js?ln=primefaces&v=4.0 HTTP/1.1" 304 -
201.245.192.253 - - [05/Oct/2023:17:07:29 -0500] "POST /sipse/faces/presentacion/financiero/solicitudProceso/listarSolicitudProceso.xhtml HTTP/1.1" 200 1404
168.119.253.13 - - [05/Oct/2023:17:07:33 -0500] "GET / HTTP/1.1" 200 319
185.191.171.7 - - [05/Oct/2023:17:07:48 -0500] "GET /portaldeninos/aulas-ambientales/ HTTP/1.1" 200 88416
201.245.192.253 - - [05/Oct/2023:17:07:59 -0500] "POST /forms/lservlet;jsessionid=ac16012b30d631b237d665c3491e938ed2fcaf258f77.e3iSbxaKaheRe34Pbx8Nc3aQci1ynknvrkLOlQzNp65In0 HTTP/1.1" 200 2
201.245.192.253 - - [05/Oct/2023:17:08:00 -0500] "POST /forms/lservlet;jsessionid=ac16012b30d6e3ac83cfa34d44e69cdfe83dd14ea1cd.e3iSbxaKaheRe34Pbx8Nc3aQci1ynknvrkLOlQzNp65In0 HTTP/1.1" 200 2
216.244.66.195 - - [05/Oct/2023:17:08:16 -0500] "GET /BLA/resoluciones/RESOLUCIONES%202017/1982.pdf HTTP/1.1" 200 827224
216.244.66.195 - - [05/Oct/2023:17:08:47 -0500] "GET /BLA/resoluciones/RESOLUCIONES%202017/2339.pdf HTTP/1.1" 200 236811
172.22.2.4 - - [05/Oct/2023:17:07:24 -0500] "HEAD /BLA/boletinlegal/ HTTP/1.1" 200 -
216.244.66.195 - - [05/Oct/2023:17:09:33 -0500] "GET /BLA/resoluciones/RESOLUCIONES%202017/2610.PDF HTTP/1.1" 200 10509587
201.245.192.253 - - [05/Oct/2023:17:09:41 -0500] "GET /BLA/resoluciones/RESOLUCIONES%202017/2767.pdf HTTP/1.1" 200 2357434
201.245.192.253 - - [05/Oct/2023:17:09:41 -0500] "GET /favicon.ico HTTP/1.1" 200 7782
181.48.255.70 - - [05/Oct/2023:17:09:42 -0500] "GET /BLA/resoluciones/RESOLUCIONES%202017/2767.pdf HTTP/1.1" 200 2357434
201.245.192.253 - - [05/Oct/2023:17:09:50 -0500] "POST /kwsrmcab/Wsrmcab  HTTP/1.1" 200 42851
172.22.2.4 - - [05/Oct/2023:17:08:15 -0500] "GET /BLA/boletinlegal/ HTTP/1.1" 200 57790
201.245.192.253 - - [05/Oct/2023:17:09:59 -0500] "POST /forms/lservlet;jsessionid=ac16012b30d631b237d665c3491e938ed2fcaf258f77.e3iSbxaKaheRe34Pbx8Nc3aQci1ynknvrkLOlQzNp65In0 HTTP/1.1" 200 2
201.245.192.253 - - [05/Oct/2023:17:10:00 -0500] "POST /forms/lservlet;jsessionid=ac16012b30d6e3ac83cfa34d44e69cdfe83dd14ea1cd.e3iSbxaKaheRe34Pbx8Nc3aQci1ynknvrkLOlQzNp65In0 HTTP/1.1" 200 2
216.244.66.195 - - [05/Oct/2023:17:10:23 -0500] "GET /BLA/resoluciones/RESOLUCIONES%202017/2678.pdf HTTP/1.1" 200 303575
216.244.66.195 - - [05/Oct/2023:17:11:02 -0500] "GET /BLA/resoluciones/RESOLUCIONES%202017/2769.pdf HTTP/1.1" 200 625587
216.244.66.195 - - [05/Oct/2023:17:11:52 -0500] "GET /BLA/resoluciones/RESOLUCIONES%202017/2981.pdf HTTP/1.1" 200 382855
172.22.2.4 - - [05/Oct/2023:17:11:56 -0500] "GET /BLA/boletinlegal/consulta_actos.php?tipo=resoluciones&no=1898&usuario=&sector=PEV&fecha=2022&resuelve= HTTP/1.1" 200 626
201.245.192.253 - - [05/Oct/2023:17:11:59 -0500] "POST /forms/lservlet;jsessionid=ac16012b30d631b237d665c3491e938ed2fcaf258f77.e3iSbxaKaheRe34Pbx8Nc3aQci1ynknvrkLOlQzNp65In0 HTTP/1.1" 200 2
201.245.192.253 - - [05/Oct/2023:17:12:00 -0500] "POST /forms/lservlet;jsessionid=ac16012b30d6e3ac83cfa34d44e69cdfe83dd14ea1cd.e3iSbxaKaheRe34Pbx8Nc3aQci1ynknvrkLOlQzNp65In0 HTTP/1.1" 200 2
201.245.192.253 - - [05/Oct/2023:17:12:04 -0500] "GET /BLA/resoluciones/ HTTP/1.1" 200 13696
201.245.192.253 - - [05/Oct/2023:17:12:04 -0500] "GET /BLA/resoluciones/dlf/styles.css HTTP/1.1" 200 3049
201.245.192.253 - - [05/Oct/2023:17:12:04 -0500] "GET /BLA/resoluciones/dlf/folder.png HTTP/1.1" 200 410
201.245.192.253 - - [05/Oct/2023:17:12:04 -0500] "GET /BLA/resoluciones/dlf/bg.gif HTTP/1.1" 200 54
201.245.192.253 - - [05/Oct/2023:17:12:04 -0500] "GET /favicon.ico HTTP/1.1" 200 7782
201.245.192.253 - - [05/Oct/2023:17:12:10 -0500] "GET /BLA/resoluciones/index.php?dir=RESOLUCIONES+2022%2F HTTP/1.1" 200 320796
201.245.192.253 - - [05/Oct/2023:17:12:10 -0500] "GET /BLA/resoluciones/dlf/dirup.png HTTP/1.1" 200 644
201.245.192.253 - - [05/Oct/2023:17:12:10 -0500] "GET /BLA/resoluciones/dlf/pdf.gif HTTP/1.1" 200 272
201.245.192.253 - - [05/Oct/2023:17:12:10 -0500] "GET /BLA/resoluciones/dlf/archive.png HTTP/1.1" 200 632
216.245.221.92 - - [05/Oct/2023:17:12:12 -0500] "HEAD / HTTP/1.1" 200 -
201.245.192.253 - - [05/Oct/2023:17:12:23 -0500] "GET /BLA/resoluciones/index.php?dir=RESOLUCIONES+2021%2F HTTP/1.1" 200 442711
88.249.48.21 - - [05/Oct/2023:17:12:33 -0500] "GET / HTTP/1.0" 200 319
216.244.66.195 - - [05/Oct/2023:17:12:40 -0500] "GET /BLA/resoluciones/RESOLUCIONES%202019/0553.pdf HTTP/1.1" 200 304277
186.84.90.74 - - [05/Oct/2023:17:13:18 -0500] "GET /kwssiamovil/sm/acme/a?s=U2FsdGVkX19EykJb+Ob4lwwmNMI6yjnv/nOfgq478lmzvWhmuGOKmrIdBm3YBtn2OXkynztP6cQOtSBy8qBeO0/3ANDMDTcwbw6TE5DiZHkJy6u0X9hoGseZPYbVkRZl74WBI94DEni7g7YeKKjJCIbp4CmCTsuzKENHCfNHlmqvrjFA27eFF8Ud9Y70wfAjJ9+jMldxq9IyOJAnLtlrbRV03OVWfPKYpjfKGVHRl2Y6m6XbaIQbvOTbXJHsz9azxKoedGZ/AuVDIpLNcT1qdA==&u=U2FsdGVkX19rcNvJHLfUuxDv+mEMpio5A/1prHCAV1I=&y=U2FsdGVkX19NGtOM5jRwUuSqoBH9jvNjJhWOmK6cwu7s1MYAn6jsVqOhp0WDR6Zg HTTP/1.1" 200 26
186.84.90.74 - - [05/Oct/2023:17:13:18 -0500] "GET /kwssiamovil/sm/acme/a?s=U2FsdGVkX195iXlrDNxwyJql6sqmrH2Dk8zdlZvDgo0PXZ/5sLwAiqvpl0/od5mk0UVOLZ/BVHRI9DJKQoueWhNHo0d04kIBBG1lT2pry6xABuIaZpJMOutJARzBSqIBgtAQu/3RXdKwhwGKZO5qphuX8itU8EeYHXI7zyiwYTnpDAYslijqiPJfm7JYZTpflJAH8dgzYqLLAFDU3ljRKkdgJNfMUMoemNNYDHSN2ai9bZPyYfr0e7RdseMebwyAwYL8zEu4mErjI4QhKrUB6lmamu1ygFPC+JkTJFDIvuLZmuNJM3DEvCpCvS4cuat7d9isM+sBj7F7cc3uykxW4AWxOYAAPBYaRChu/vHw38B9htNVpVnjrFgq6PahLmTu/yBfgpznpYw7lDJKe5pzJcpTArg7lKL8UsmijCRCiy1DKwAJErcPhHYJv0v58VUrL1eBaWXt7Hk1jweZ+klwTFzDGB3qT2iXf+jqgoQ5KOJH0EXNz0xpW90n+ks7y6o/BTqb95OXjbn2jj0bL+tbgHafPmltkqATy2m7L266blYTljXPPiueH8cQ88gXWxh3I0OEpL4/SnH30Yt3co3qBs4TT+0BEuDeylPbW50bmYt+6lQC7/atbh+NJX7kPNXbMelGiVX6e80DKA4xPm9lQSJful1YCP8ZaWuThwmB0gp7q4vSwysinrZBc1AkkG533JivjOYzhdcsNX0tAmCBnon3zV/JUqOFxg6qweWTVdtcOMPjjqiGKkhMkmnINPF5+PWF9HgU/PDOGBbMBeDvJPoOIvDedXcWIMJlfD9SFTsP9u9jL68VtxaOdxWMjj+ZbR9diDf8oVbW0vA77LmqrDDx7B5LscyZRYo8l7m/rDXNyY2H4JP2R87viJlszGxcUiCsDLKujKLRry/EdkSNyJUnSPhLTr1394CDxgf7Yvl75dwywxLNGIoG4BcFfEmITt3mLHQTDEzl7aAp6drMa9qOHRSPYeuqKp3WIoudzjaqfke3pTTPUfx0ejtKQ/7fMcV3yt2D7jYPwKcymUgbTxgDTdD0znV+IMNMCD83w8Arorj3cYTjgeqoP8QSqM4qYU7jWmipc1nI50sNiRhsP2pMWns9pQMOmRpC0gATeqEQl4j8YuEZo6FnD6TvlXxQZTGUAKtPsmPy5bkBvZJQm3Ngbs/sQSFmVRA4o9cfTgb/RVWiJeV0sj5Ejf+5lqdcXBvS4DSyXKnG05lgcDpV9gz6i2rDLEctFRagYfZny4vPrSUuoDSpp3BTXi5EGbk1Wt7njYyh0I209ZuvyhLcgf7WcY7lhU6xisxQBEvoqpJiGa94jrKPy3yOsZietrZgnCjEaHakUFOaA8IOLf+Ml7njqtJhMvpRBPMe/0l6lrN1s05y9kJNNi3pAfjZ5MuNMZPEbP1V6nuidN3mZ+in7xfP+S4j2V/HofAgM22bOseEWspYuParpt8xPOJ6+JItauxAlxsKGLPACblAuNNEoB6syi60+QftM4S9AjI1rMNuESNjmFC7OCmPPlMCo9KHWzG80G2xpbrED8TnLFPtaovD0DzzDIZMQkI762JT2oad4qZInh/zmDho/5V7Te4fXQ52Zmmm9Pr4OWA/H35acH7yqljtFrXmLgIBfUY7LdnsWl2Vt4PmwWz4ftJtMzdY56kYZLq3J110+9KyaPskqwunQcHcD3XZ+EBXrvVHCslEQrF2EJATQjGt+a8fGRY9zaxBMQk8C7CY2eZfCPDs0Q==&u=U2FsdGVkX19rcNvJHLfUuxDv+mEMpio5A/1prHCAV1I=&y=U2FsdGVkX19NGtOM5jRwUuSqoBH9jvNjJhWOmK6cwu7s1MYAn6jsVqOhp0WDR6Zg HTTP/1.1" 200 26
186.84.90.74 - - [05/Oct/2023:17:13:18 -0500] "GET /kwssiamovil/sm/acme/a?s=U2FsdGVkX1+BdGjWdr4rFELoggAVibDggrMvMaGVHGc5jaibATU0jxeGBJ8rtvgURWZeqLgT3XzGB/w13kzUMvZofDqcjxPBnSw6ds6wTEsAtt0128CQ4ZXdvt4GVumCx9/n9kaccpKtIj6nAqPGeMLHcUd5PrqU+EDr+v2TP1E=&u=U2FsdGVkX19rcNvJHLfUuxDv+mEMpio5A/1prHCAV1I=&y=U2FsdGVkX19NGtOM5jRwUuSqoBH9jvNjJhWOmK6cwu7s1MYAn6jsVqOhp0WDR6Zg HTTP/1.1" 200 26
186.84.90.74 - - [05/Oct/2023:17:13:19 -0500] "GET /kwssiamovil/sm/acme/a?s=U2FsdGVkX1+pAIYqWNHzWe5IL1iWFSiXo0lY7E4Cj2PMBGgkKn0xzCuOqDSs425p4dYYya65kpY3QBGJMxWhp98zZgNSa6fPDh0sA6hQIfgAvJJP6aKc8PxOpLjRev2LdhOR6/r0bL6Cf1OgTQocZE3wq8qUp8N9bDzTxiOYCsA=&u=U2FsdGVkX19rcNvJHLfUuxDv+mEMpio5A/1prHCAV1I=&y=U2FsdGVkX19NGtOM5jRwUuSqoBH9jvNjJhWOmK6cwu7s1MYAn6jsVqOhp0WDR6Zg HTTP/1.1" 200 26
186.84.90.74 - - [05/Oct/2023:17:13:19 -0500] "GET /kwssiamovil/sm/acme/a?s=U2FsdGVkX1/YPdDXkAmOH0qD+yE8Jq3vuTCbQDq97ZAzV4kC+qEhjbrwRHmyYl8Mh6HEfVWGLln4T53uYDtfWA1stUuVLrBLVzw4SPClx/0K7J8XYnqtR9r2350QSTgYlL7WxgZeGxm5bQLr4iWuhyCz0W/OqJMVIShYEFaUsUA=&u=U2FsdGVkX19rcNvJHLfUuxDv+mEMpio5A/1prHCAV1I=&y=U2FsdGVkX19NGtOM5jRwUuSqoBH9jvNjJhWOmK6cwu7s1MYAn6jsVqOhp0WDR6Zg HTTP/1.1" 200 26
186.84.90.74 - - [05/Oct/2023:17:13:19 -0500] "GET /kwssiamovil/sm/acme/a?s=U2FsdGVkX18KXDCz31KaGy4AU8LW4dVEtI/dMg2CMUGyPXJalcbFvZUnkOafTRi5ke1/9rBi6xDBL0Y7zt37aQnPcK6ZcZ6K0Bxgh37wvEW7uvEAf84VtIMZTzwf0t9958s8XqEZ1cZKBC4ZsbN51K30VV7tmwTrsxbzZE17c8Eu8/8ap5tsPXzLf+TQWt2gJng17iXTj4EQr4WNmJ4f6w==&u=U2FsdGVkX19rcNvJHLfUuxDv+mEMpio5A/1prHCAV1I=&y=U2FsdGVkX19NGtOM5jRwUuSqoBH9jvNjJhWOmK6cwu7s1MYAn6jsVqOhp0WDR6Zg HTTP/1.1" 200 26
216.244.66.195 - - [05/Oct/2023:17:13:27 -0500] "GET /BLA/resoluciones/RESOLUCIONES%202019/1026.pdf HTTP/1.1" 200 363243
201.245.192.253 - - [05/Oct/2023:17:13:59 -0500] "POST /forms/lservlet;jsessionid=ac16012b30d631b237d665c3491e938ed2fcaf258f77.e3iSbxaKaheRe34Pbx8Nc3aQci1ynknvrkLOlQzNp65In0 HTTP/1.1" 200 2
201.245.192.253 - - [05/Oct/2023:17:14:00 -0500] "POST /forms/lservlet;jsessionid=ac16012b30d6e3ac83cfa34d44e69cdfe83dd14ea1cd.e3iSbxaKaheRe34Pbx8Nc3aQci1ynknvrkLOlQzNp65In0 HTTP/1.1" 200 2
216.244.66.195 - - [05/Oct/2023:17:14:15 -0500] "GET /BLA/resoluciones/RESOLUCIONES%202019/1544.pdf HTTP/1.1" 200 220616
201.245.192.253 - - [05/Oct/2023:17:14:44 -0500] "POST /forms/lservlet;jsessionid=ac16012b30d631b237d665c3491e938ed2fcaf258f77.e3iSbxaKaheRe34Pbx8Nc3aQci1ynknvrkLOlQzNp65In0 HTTP/1.1" 200 1530
201.245.192.253 - - [05/Oct/2023:17:14:49 -0500] "POST /kwsrmcab/Wsrmcab  HTTP/1.1" 200 42851
172.22.2.4 - - [05/Oct/2023:17:13:14 -0500] "HEAD /BLA/boletinlegal/ HTTP/1.1" 200 -
201.245.192.253 - - [05/Oct/2023:17:14:56 -0500] "POST /forms/lservlet;jsessionid=ac16012b30d631b237d665c3491e938ed2fcaf258f77.e3iSbxaKaheRe34Pbx8Nc3aQci1ynknvrkLOlQzNp65In0 HTTP/1.1" 200 44
216.244.66.195 - - [05/Oct/2023:17:14:57 -0500] "GET /BLA/resoluciones/RESOLUCIONES%202019/1702.pdf HTTP/1.1" 200 310134
201.245.192.253 - - [05/Oct/2023:17:14:59 -0500] "POST /forms/lservlet;jsessionid=ac16012b30d631b237d665c3491e938ed2fcaf258f77.e3iSbxaKaheRe34Pbx8Nc3aQci1ynknvrkLOlQzNp65In0 HTTP/1.1" 200 123
201.245.192.253 - - [05/Oct/2023:17:14:59 -0500] "POST /forms/lservlet;jsessionid=ac16012b30d631b237d665c3491e938ed2fcaf258f77.e3iSbxaKaheRe34Pbx8Nc3aQci1ynknvrkLOlQzNp65In0 HTTP/1.1" 200 2
201.245.192.253 - - [05/Oct/2023:17:15:00 -0500] "POST /forms/lservlet;jsessionid=ac16012b30d631b237d665c3491e938ed2fcaf258f77.e3iSbxaKaheRe34Pbx8Nc3aQci1ynknvrkLOlQzNp65In0 HTTP/1.1" 200 584
201.245.192.253 - - [05/Oct/2023:17:15:00 -0500] "POST /forms/lservlet;jsessionid=ac16012b30d631b237d665c3491e938ed2fcaf258f77.e3iSbxaKaheRe34Pbx8Nc3aQci1ynknvrkLOlQzNp65In0 HTTP/1.1" 200 10
201.245.192.253 - - [05/Oct/2023:17:15:02 -0500] "POST /forms/lservlet;jsessionid=ac16012b30d631b237d665c3491e938ed2fcaf258f77.e3iSbxaKaheRe34Pbx8Nc3aQci1ynknvrkLOlQzNp65In0 HTTP/1.1" 200 24
201.245.192.253 - - [05/Oct/2023:17:15:05 -0500] "POST /forms/lservlet;jsessionid=ac16012b30d631b237d665c3491e938ed2fcaf258f77.e3iSbxaKaheRe34Pbx8Nc3aQci1ynknvrkLOlQzNp65In0 HTTP/1.1" 200 2147
201.245.192.253 - - [05/Oct/2023:17:15:11 -0500] "POST /forms/lservlet;jsessionid=ac16012b30d631b237d665c3491e938ed2fcaf258f77.e3iSbxaKaheRe34Pbx8Nc3aQci1ynknvrkLOlQzNp65In0 HTTP/1.1" 200 19
201.245.192.253 - - [05/Oct/2023:17:15:13 -0500] "POST /forms/lservlet;jsessionid=ac16012b30d631b237d665c3491e938ed2fcaf258f77.e3iSbxaKaheRe34Pbx8Nc3aQci1ynknvrkLOlQzNp65In0 HTTP/1.1" 200 12
172.22.2.4 - - [05/Oct/2023:17:14:05 -0500] "GET /BLA/boletinlegal/ HTTP/1.1" 200 60342
216.244.66.195 - - [05/Oct/2023:17:15:46 -0500] "GET /BLA/resoluciones/RESOLUCIONES%202019/1727.pdf HTTP/1.1" 200 283262
201.245.192.253 - - [05/Oct/2023:17:15:59 -0500] "POST /forms/lservlet;jsessionid=ac16012b30d631b237d665c3491e938ed2fcaf258f77.e3iSbxaKaheRe34Pbx8Nc3aQci1ynknvrkLOlQzNp65In0 HTTP/1.1" 200 2
201.245.192.253 - - [05/Oct/2023:17:16:00 -0500] "POST /forms/lservlet;jsessionid=ac16012b30d6e3ac83cfa34d44e69cdfe83dd14ea1cd.e3iSbxaKaheRe34Pbx8Nc3aQci1ynknvrkLOlQzNp65In0 HTTP/1.1" 200 2
201.245.192.253 - - [05/Oct/2023:17:16:01 -0500] "GET /BLA/resoluciones/index.php?dir=AUTOS+2014%2F HTTP/1.1" 200 890688
216.244.66.195 - - [05/Oct/2023:17:16:26 -0500] "GET /BLA/resoluciones/RESOLUCIONES%202019/2510.pdf HTTP/1.1" 200 696829
216.245.221.92 - - [05/Oct/2023:17:17:12 -0500] "HEAD / HTTP/1.1" 200 -
216.244.66.195 - - [05/Oct/2023:17:17:17 -0500] "GET /BLA/resoluciones/RESOLUCIONES%201997/RESOLUCION%20117%20DE%201997.pdf HTTP/1.1" 200 146307
181.55.184.43 - - [05/Oct/2023:17:17:21 -0500] "POST /appsia/controlador HTTP/1.1" 200 9169
170.246.113.196 - - [05/Oct/2023:17:17:35 -0500] "HEAD /bla/resoluciones/resoluciones%202018/2215.pdf HTTP/1.1" 200 -
201.245.192.253 - - [05/Oct/2023:17:17:38 -0500] "POST /kwsrmcab/Wsrmcab HTTP/1.1" 200 42997
201.245.192.253 - - [05/Oct/2023:17:17:41 -0500] "POST /kwsrmcab/Wsrmcab HTTP/1.1" 200 43645
191.95.49.236 - - [05/Oct/2023:17:17:48 -0500] "GET /como-debe-ser-el-manejo-del-ruido-en-bogota.html HTTP/1.1" 200 765
216.244.66.195 - - [05/Oct/2023:17:17:51 -0500] "GET /BLA/resoluciones/AUTOS%202007/0059.pdf HTTP/1.1" 200 54629
201.245.192.253 - - [05/Oct/2023:17:17:59 -0500] "POST /forms/lservlet;jsessionid=ac16012b30d631b237d665c3491e938ed2fcaf258f77.e3iSbxaKaheRe34Pbx8Nc3aQci1ynknvrkLOlQzNp65In0 HTTP/1.1" 200 2
201.245.192.253 - - [05/Oct/2023:17:18:00 -0500] "POST /forms/lservlet;jsessionid=ac16012b30d6e3ac83cfa34d44e69cdfe83dd14ea1cd.e3iSbxaKaheRe34Pbx8Nc3aQci1ynknvrkLOlQzNp65In0 HTTP/1.1" 200 2
216.244.66.195 - - [05/Oct/2023:17:18:24 -0500] "GET /BLA/resoluciones/AUTOS%202007/0067.pdf HTTP/1.1" 200 108402
40.77.167.25 - - [05/Oct/2023:17:18:24 -0500] "GET /forest/ HTTP/1.1" 200 12041
216.244.66.195 - - [05/Oct/2023:17:18:56 -0500] "GET /BLA/resoluciones/AUTOS%202007/0478.pdf HTTP/1.1" 200 29782
175.44.42.70 - - [05/Oct/2023:17:19:16 -0500] "GET /portaldeninos/ HTTP/1.1" 200 110175
216.244.66.195 - - [05/Oct/2023:17:19:25 -0500] "GET /BLA/resoluciones/AUTOS%202007/0485.pdf HTTP/1.1" 200 16021
201.245.192.253 - - [05/Oct/2023:17:19:48 -0500] "POST /kwsrmcab/Wsrmcab  HTTP/1.1" 200 42851
216.244.66.195 - - [05/Oct/2023:17:19:50 -0500] "GET /BLA/resoluciones/AUTOS%202007/0542.pdf HTTP/1.1" 200 166589
201.245.192.253 - - [05/Oct/2023:17:19:59 -0500] "POST /forms/lservlet;jsessionid=ac16012b30d631b237d665c3491e938ed2fcaf258f77.e3iSbxaKaheRe34Pbx8Nc3aQci1ynknvrkLOlQzNp65In0 HTTP/1.1" 200 2
201.245.192.253 - - [05/Oct/2023:17:20:00 -0500] "POST /forms/lservlet;jsessionid=ac16012b30d6e3ac83cfa34d44e69cdfe83dd14ea1cd.e3iSbxaKaheRe34Pbx8Nc3aQci1ynknvrkLOlQzNp65In0 HTTP/1.1" 200 2
66.249.66.19 - - [05/Oct/2023:17:20:02 -0500] "GET /BLA/resoluciones/RESOLUCIONES%202009/6539.pdf HTTP/1.1" 200 436611
152.203.237.130 - - [05/Oct/2023:17:20:08 -0500] "OPTIONS /kwssiamovil/sm/setfile/f? HTTP/1.1" 200 13
152.203.237.130 - - [05/Oct/2023:17:20:08 -0500] "POST /kwssiamovil/sm/setfile/f? HTTP/1.1" 200 381
216.244.66.195 - - [05/Oct/2023:17:20:18 -0500] "GET /BLA/resoluciones/AUTOS%202007/0669.pdf HTTP/1.1" 200 66514
152.203.237.130 - - [05/Oct/2023:17:20:25 -0500] "GET /kwssiamovil/sm/acme/a?s=U2FsdGVkX1+ehf+bsN4Mk0eYDVHfAF7UJ3g6VYJzqCeRO/p8Zucdtt4Vs7+0nytmXX9P8DrLQk581XcaIRnoYAAl+svPcstCFYi6SPjBhkHuMg/hRoYfRE9x4H2nqgasV1bEvuzwSNY/mjRslPFFuzPN9p/DbOHGhGKmaT/YKyvR0MR40LM8eMrsxA1zWhQnnsfzDh+OZfSBLkYjvIT4nNTKQbQ5YzTpsqax/YIGO1B9cSvqOihcdksvCiQI/Z+pCrm1YlEDU0B9N1fi41uiFQ==&u=U2FsdGVkX19CECrLvfVc9LsdOTKyGegwISxyPRGKlH479w1edfu1PX9t5nWLJFjM&y=U2FsdGVkX1/4eCZZLmVF+9bo9bVWiriCtFchoJ8o+E82PhRkM1ttsf/zRfxSghUW HTTP/1.1" 200 26
152.203.237.130 - - [05/Oct/2023:17:20:26 -0500] "GET /kwssiamovil/sm/acme/a?s=U2FsdGVkX19mYEcl/KOT6nxtDr6Q4OgmiCnTyDbyF1FuQNk8ms/++e7q6Hrp1WeRYW3ltcFBg2kuZkuTveJ6QoDZ13c1NKkYjsehz6dSBNjpSeEQjYq6vYeNE7wO9bWJqhsJryr4dEoXT0mc5rWEO7QN6LD0XRm+AyLRX6qlCwlEBfH7xFjxzej1Cu8nNpAET8kvycHCofBJ11/3yfffrJpWf0olTbjyIbUIJgjjtXxxH4zkJjr2cW5aUbJbxqZ/0lwAXoxW+DiyMPmi75jALnuar8A9z/dyQUTKpYg/HchQcw9m0TOBU+/z/10WcHRzonbCOvc/LwDOOXHBJUu3mOLMXGVuyECiMwEBc8YMlbdevgDTRXtFqqqCQT2xpr8LfjnbMnvaZ9UmqcdcOcQsNNFzVdrywo13ACkHbyp5EiyTjtp3cLwAsy4roUyzumEXwRpRhUW1iqhirlBtnty2B+GR7QeCjIDim5U1db+eecri95gZAgxDCTR07h7ouGgidbRplqn1Xex7VbSVrtq6vIR8gmXmjtzzhzMdJ/ShQLp93LJ+rGG0hGEnLIMqfd4Tixl9g9mVnILfqDNlNm7jD0n5s1S5XNU4wDY6O9iViuVXQSlihb6K8M/PU5AeRvrv7DmUNaSq5HZg2hIg3u4cn8+MsQAtMutI79Z9agy4Swwbjd5+ayeJVu1cBPyRzjGMK3Y7N5h9F/nCRV2Ik8hLtDxFT7uFbuwUutOPYdCYzZGGWpXX2Unk8+1KHGugt7vRDeIYPGyaeuT57z9iu1kl7D010qam7W9DcbcX+TohHwJzcDEha9Ou1sdiB+ctALJpzlsbXmQMLjLwluENkD4kBzAH6dBauMNlhOvlRwg4dhTCN/Er2vvoYnDyR5oLhe7Jl4IfRRU/8QTJILB7OsTUBdOGU6aOAfhbnQ5C2TCKjrmH/yQn6R2m8S3Ywb6uyJ2vvXxKvGdi6Xdf2apEqmbr+Y5GGz+bFKIcdDCtrUYsM+QdaCKqyfBOmJM6PH9X4k8I3tNFmQoqIz3DVQPtuQ48G0xAYU2YlmTLAzw8HAQuWp1Op/X/vKQvEnbhQ0MymwxHftDx5lZ4QYwaUyUa4zVjA+H3Of2oj8FYDawDsnbkRbFuGQRfMVAz9kKD4GG/JGNXojmX5XiVz5eigQVWQlrnq+Jxbr7RYEtRbB4OkRz0ITaAlIHaVIjtHm/jVzPnzEu09CFuVTRdTSGStCudpAoCW3vIz6OHi5db25Pp6BJd9XH5sdgu5gNTUk3P+SArhhWHFVGbhEjY1NFl4nxuujTrynltGgFhDMQxRoD0OXocMM1bwy6TNGveuNev5BGYmvwsH47wbSj5AnUpD/w7xFkViL48V8rY2wbg2R8NMgdKmFG8/yLvnqpP3guCTHY7ls7W8rtpdP4ZjY9Dhwv0H1Od1V6HmxZAGy6YRSJR8vyu2HQ4xjANQQtIZtizAHAf9BXPuCe73D1DfkIBYauzXiTtGu3zyigvDkGCE0uqRPj7dAEHNx13E+HZLf9/vhtKs95OsuLsYwF/WayAgCLpHQHOFz1OQWaCp0nDUB25TUYYUZM9NSh/wi0tfz+DeWt580Y3ykdaleuiLWbGuIPTAFZMemf3VoiZu0BZzt1Bdjm4Ywcf6MoEZ/RjiQ0tyW860NZ0+QGgP/V5NXn4dFd341JmBpdx2VuUcaDXVmTVi0JhAg+ubD2z1g7Iqeo9xyOq0W1kGDL9JpGVNbekypVT2tuGiIs73OBMkx+fyt7Oh6+nwjGDTy0F0fPrk5TqWfB7ost7ve/43AVOr/ruYTwwemhhyp6cwVzB96HQwX2/N4p3je/O1cxw2X53vQSj+zScHGN++82EtHQBOzqPCVx/TPYKZlwRHlhcRundyT8BfE89g/NlsXpF7uD2TeOnxfbAVoc/&u=U2FsdGVkX19CECrLvfVc9LsdOTKyGegwISxyPRGKlH479w1edfu1PX9t5nWLJFjM&y=U2FsdGVkX1/4eCZZLmVF+9bo9bVWiriCtFchoJ8o+E82PhRkM1ttsf/zRfxSghUW HTTP/1.1" 200 26
152.203.237.130 - - [05/Oct/2023:17:20:26 -0500] "GET /kwssiamovil/sm/acme/a?s=U2FsdGVkX1/tpGGdQU8vpIdWU/+uA1Rx8IZhRojvfdHqRAJP7LR42VsvVXxZUhsSftjbi+x152rBZ5HTfeW1rSXZI+Fs2r3narm6Ri3ZtcdOPHQq/0h5jCMsCC+0y19itJwZD3jEQzmJo2yiMInTVUX6jvXOweodbf6iHwQZVm8=&u=U2FsdGVkX19CECrLvfVc9LsdOTKyGegwISxyPRGKlH479w1edfu1PX9t5nWLJFjM&y=U2FsdGVkX1/4eCZZLmVF+9bo9bVWiriCtFchoJ8o+E82PhRkM1ttsf/zRfxSghUW HTTP/1.1" 200 26
152.203.237.130 - - [05/Oct/2023:17:20:26 -0500] "GET /kwssiamovil/sm/acme/a?s=U2FsdGVkX18N5IaMl2yq339SVzR64cDIMRbvZVdl2gFMcmjIMSokEGyRhJaRrceyM8PPDwf/7D9Byho6UPHaVIwyYkmzN/BD4y6a0IQoYRe8bxoxc9gaH4LuuBHKQPm/0pZubHlQtbZHg4uAgYA7DEyWmLpgs4/QTfnMGDE4u0g=&u=U2FsdGVkX19CECrLvfVc9LsdOTKyGegwISxyPRGKlH479w1edfu1PX9t5nWLJFjM&y=U2FsdGVkX1/4eCZZLmVF+9bo9bVWiriCtFchoJ8o+E82PhRkM1ttsf/zRfxSghUW HTTP/1.1" 200 26
152.203.237.130 - - [05/Oct/2023:17:20:26 -0500] "GET /kwssiamovil/sm/acme/a?s=U2FsdGVkX19kTE+poCwL+FCtIb/ep7/d2wHKeqmWBq0eGrztpNsGqA3EybfZnSdPPa/Cjx26AKcxXvRA4a6HScRupJC9tlN/Vf/w1ld47QJgOpcsudN9+JGSQCt1e4VGtr0tDAkZYpUMM53TpripZ+fsvdypa3xvtdOk0PKvBBA=&u=U2FsdGVkX19CECrLvfVc9LsdOTKyGegwISxyPRGKlH479w1edfu1PX9t5nWLJFjM&y=U2FsdGVkX1/4eCZZLmVF+9bo9bVWiriCtFchoJ8o+E82PhRkM1ttsf/zRfxSghUW HTTP/1.1" 200 26
152.203.237.130 - - [05/Oct/2023:17:20:26 -0500] "GET /kwssiamovil/sm/acme/a?s=U2FsdGVkX19hlN8O56UuvW6mXNXyibb39lRFapyiQLEIEyzgBCGS4OR2OPXL3dwSTwFN6ob6FXD4UElt9daiImutS6T0wA15M5PDKedQqDBKQxV1gdxQcFmsDbQqDjM7kGQ8OG3U20jVZzS0pqwUWnYvaVZmVHnKlock5mQf67GTVF+c6OOAmcCFgN4/5CKRZj7XvEEnaUShYLQOGVDcaQ==&u=U2FsdGVkX19CECrLvfVc9LsdOTKyGegwISxyPRGKlH479w1edfu1PX9t5nWLJFjM&y=U2FsdGVkX1/4eCZZLmVF+9bo9bVWiriCtFchoJ8o+E82PhRkM1ttsf/zRfxSghUW HTTP/1.1" 200 26
152.203.237.130 - - [05/Oct/2023:17:20:26 -0500] "GET /kwssiamovil/sm/acme/a?s=U2FsdGVkX186FX72HXsmEjT9xmENKp78YattRvAfseQYodwwWy4gQqf6ImUww9Gr7N8y+G/HI5UtZxv3pi4qa/ns/MeBNsATVRL2A2MaJxhrZ/EJJ1U2lcI0A25wuhMm56av5U5JcJxCHunkttUt9vSv5YTRn4SJHAxvdzz6gHumtjjzD2239DINgbIqYcYUp7qaT8q0XEJYcGYA6GmeE+nJCD3h9ekxY54IopicwqyR7iTCy5jdnw1NQi3a0flpro7j+BVpMFAcKDvUs3QEYJdUGyAkhbXfLmqlaXuKOeWPp8wKs5oCbUBJ65e53AsSfgIUzTqyM+OBzVjnE5fMdQSyAFseOBum8zigy6CVErPxKj1Y1KwXx45Oi8t8tjDAwvg9znWi8ldAcWL3nI8WUY3slubhgEPApQW+y1abiqsKQqNUFe4D7tGzOyD4VH0S885gHb460DNwd3AxsT0w+Q==&u=U2FsdGVkX19CECrLvfVc9LsdOTKyGegwISxyPRGKlH479w1edfu1PX9t5nWLJFjM&y=U2FsdGVkX1/4eCZZLmVF+9bo9bVWiriCtFchoJ8o+E82PhRkM1ttsf/zRfxSghUW HTTP/1.1" 200 25
152.203.237.130 - - [05/Oct/2023:17:20:27 -0500] "GET /kwssiamovil/sm/acme/a?s=U2FsdGVkX19U4udz6bRlMC8jEDMfttqGvAtP/js/hjyIQgPzpCQtT89wpymamg8ssoSVDeLoXq3cDF6lh5N43rMTQWSmaHk8i0jYN0U5yiTJtGv0JzZFi6cdoZyDncyJq5YesHweYjFU0sDBfzIZJwTxUselwPbNzKrI/t55mEdEWpPl1yySFmKb3Y/alxsAAQefJ/wXSGXYC5HlNzdVkdoyhf6Q6fivvSTr5u91QEYPTADc5dBLbvtimmXZl+1bxMuoGGtFzkp8lpGd7bmIP7faC6j4HnzjT5+6/4NcXJDACTmu/SzQFLWUWpnkcty0vTV7TApcTxsJm6g3slYEbutKfGOmpbmhGy0Yi0lXAoEQybeSwlePU9SAmO7ZxkUI5pUBN+pL1yS2nDgZyF+CJtxpsXEt/X5w4evivXGPlok=&u=U2FsdGVkX19CECrLvfVc9LsdOTKyGegwISxyPRGKlH479w1edfu1PX9t5nWLJFjM&y=U2FsdGVkX1/4eCZZLmVF+9bo9bVWiriCtFchoJ8o+E82PhRkM1ttsf/zRfxSghUW HTTP/1.1" 200 25
172.22.2.4 - - [05/Oct/2023:17:19:04 -0500] "HEAD /BLA/boletinlegal/ HTTP/1.1" 200 -
216.244.66.195 - - [05/Oct/2023:17:20:45 -0500] "GET /BLA/resoluciones/AUTOS%202007/0679.pdf HTTP/1.1" 200 145130
152.203.237.130 - - [05/Oct/2023:17:21:02 -0500] "GET /kwssiamovil/sm/acme/u?s=U2FsdGVkX1/X3qqyyh4JL45juun1x34l9RQeYgomkMRIIDYkDE0d0dKAE6/MxuOxQVwhI1DvnKgLyz/CP44glsBsfI95NA6LUEO68N9czsPxavH99krbNRXIWL1FVV/9QlG48uolAIkMizp5kPd4jqGyRrCQAcvrh2mJLTBwNeg=&u=U2FsdGVkX19CECrLvfVc9LsdOTKyGegwISxyPRGKlH479w1edfu1PX9t5nWLJFjM&y=U2FsdGVkX1/4eCZZLmVF+9bo9bVWiriCtFchoJ8o+E82PhRkM1ttsf/zRfxSghUW HTTP/1.1" 200 60
186.29.181.180 - - [05/Oct/2023:17:21:05 -0500] "GET /sipse/faces/presentacion/financiero/solicitudProceso/consultarSolicitudProceso.xhtml HTTP/1.1" 302 -
186.29.181.180 - - [05/Oct/2023:17:21:05 -0500] "GET /sipse/faces/autenticacion.xhtml HTTP/1.1" 200 12411
186.29.181.180 - - [05/Oct/2023:17:21:05 -0500] "GET /sipse/js/disable_browser_buttons.js HTTP/1.1" 304 -
186.29.181.180 - - [05/Oct/2023:17:21:05 -0500] "GET /sipse/faces/javax.faces.resource/theme.css?ln=primefaces-sipse HTTP/1.1" 304 -
186.29.181.180 - - [05/Oct/2023:17:21:05 -0500] "GET /sipse/css/custom_css_sg.css HTTP/1.1" 304 -
186.29.181.180 - - [05/Oct/2023:17:21:05 -0500] "GET /sipse/faces/javax.faces.resource/layout/layout.css?ln=primefaces&v=4.0 HTTP/1.1" 304 -
186.29.181.180 - - [05/Oct/2023:17:21:05 -0500] "GET /sipse/faces/javax.faces.resource/primefaces.css?ln=primefaces&v=4.0 HTTP/1.1" 304 -
186.29.181.180 - - [05/Oct/2023:17:21:05 -0500] "GET /sipse/js/funciones.js HTTP/1.1" 304 -
186.29.181.180 - - [05/Oct/2023:17:21:06 -0500] "GET /sipse/faces/javax.faces.resource/layout/layout.js?ln=primefaces&v=4.0 HTTP/1.1" 304 -
186.29.181.180 - - [05/Oct/2023:17:21:06 -0500] "GET /sipse/faces/javax.faces.resource/jquery/jquery.js?ln=primefaces&v=4.0 HTTP/1.1" 304 -
186.29.181.180 - - [05/Oct/2023:17:21:05 -0500] "GET /sipse/faces/javax.faces.resource/primefaces.js?ln=primefaces&v=4.0 HTTP/1.1" 200 276924
186.29.181.180 - - [05/Oct/2023:17:21:06 -0500] "GET /sipse/faces/javax.faces.resource/jquery/jquery-plugins.js?ln=primefaces&v=4.0 HTTP/1.1" 304 -
186.29.181.180 - - [05/Oct/2023:17:21:06 -0500] "GET /sipse/faces/javax.faces.resource/images/ui-icons_898989_256x240.png?ln=primefaces-aristo HTTP/1.1" 304 -
186.29.181.180 - - [05/Oct/2023:17:21:06 -0500] "GET /sipse/faces/index.xhtml HTTP/1.1" 200 677
186.29.181.180 - - [05/Oct/2023:17:21:06 -0500] "GET /sipse/faces/javax.faces.resource/theme.css?ln=primefaces-sipse HTTP/1.1" 304 -
186.29.181.180 - - [05/Oct/2023:17:21:06 -0500] "GET /sipse/faces/faces/autenticacion.xhtml HTTP/1.1" 200 12411
186.29.181.180 - - [05/Oct/2023:17:21:06 -0500] "GET /sipse/faces/javax.faces.resource/theme.css?ln=primefaces-sipse HTTP/1.1" 304 -
186.29.181.180 - - [05/Oct/2023:17:21:06 -0500] "GET /sipse/faces/javax.faces.resource/primefaces.css?ln=primefaces&v=4.0 HTTP/1.1" 304 -
186.29.181.180 - - [05/Oct/2023:17:21:06 -0500] "GET /sipse/faces/javax.faces.resource/layout/layout.css?ln=primefaces&v=4.0 HTTP/1.1" 304 -
186.29.181.180 - - [05/Oct/2023:17:21:06 -0500] "GET /sipse/faces/javax.faces.resource/jquery/jquery.js?ln=primefaces&v=4.0 HTTP/1.1" 304 -
186.29.181.180 - - [05/Oct/2023:17:21:06 -0500] "GET /sipse/faces/javax.faces.resource/jquery/jquery-plugins.js?ln=primefaces&v=4.0 HTTP/1.1" 304 -
186.29.181.180 - - [05/Oct/2023:17:21:06 -0500] "GET /sipse/faces/javax.faces.resource/primefaces.js?ln=primefaces&v=4.0 HTTP/1.1" 304 -
186.29.181.180 - - [05/Oct/2023:17:21:06 -0500] "GET /sipse/faces/javax.faces.resource/layout/layout.js?ln=primefaces&v=4.0 HTTP/1.1" 304 -
186.29.181.180 - - [05/Oct/2023:17:21:12 -0500] "POST /sipse/faces/autenticacion.xhtml HTTP/1.1" 200 2221
186.29.181.180 - - [05/Oct/2023:17:21:12 -0500] "GET /sipse/faces/javax.faces.resource/messages/messages.png?ln=primefaces&v=4.0 HTTP/1.1" 304 -
216.244.66.195 - - [05/Oct/2023:17:21:13 -0500] "GET /BLA/resoluciones/AUTOS%202007/0718.pdf HTTP/1.1" 200 286846
186.31.212.41 - - [05/Oct/2023:17:21:14 -0500] "GET /como-debe-ser-el-manejo-del-ruido-en-bogota.html HTTP/1.1" 206 765
186.31.212.41 - - [05/Oct/2023:17:21:14 -0500] "GET /images/manejo-del-ruido-bogota.jpg HTTP/1.1" 206 22806
186.29.181.180 - - [05/Oct/2023:17:21:20 -0500] "GET /sipse/faces/javax.faces.resource/images/ui-icons_898989_256x240.png?ln=primefaces-aristo HTTP/1.1" 304 -
186.29.181.180 - - [05/Oct/2023:17:21:20 -0500] "POST /sipse/faces/autenticacion.xhtml HTTP/1.1" 200 16394
186.29.181.180 - - [05/Oct/2023:17:21:21 -0500] "GET /sipse/css/custom_css_sg_prime.css HTTP/1.1" 304 -
186.29.181.180 - - [05/Oct/2023:17:21:21 -0500] "GET /sipse/faces/javax.faces.resource/theme.css?ln=primefaces-sipse HTTP/1.1" 304 -
186.29.181.180 - - [05/Oct/2023:17:21:21 -0500] "GET /sipse/faces/javax.faces.resource/primefaces.css?ln=primefaces&v=4.0 HTTP/1.1" 304 -
186.29.181.180 - - [05/Oct/2023:17:21:21 -0500] "GET /sipse/faces/javax.faces.resource/layout/layout.css?ln=primefaces&v=4.0 HTTP/1.1" 304 -
186.29.181.180 - - [05/Oct/2023:17:21:21 -0500] "GET /sipse/faces/javax.faces.resource/jquery/jquery.js?ln=primefaces&v=4.0 HTTP/1.1" 304 -
186.29.181.180 - - [05/Oct/2023:17:21:21 -0500] "GET /sipse/faces/javax.faces.resource/jquery/jquery-plugins.js?ln=primefaces&v=4.0 HTTP/1.1" 304 -
186.29.181.180 - - [05/Oct/2023:17:21:21 -0500] "GET /sipse/faces/javax.faces.resource/primefaces.js?ln=primefaces&v=4.0 HTTP/1.1" 304 -
186.29.181.180 - - [05/Oct/2023:17:21:21 -0500] "GET /sipse/faces/javax.faces.resource/layout/layout.js?ln=primefaces&v=4.0 HTTP/1.1" 304 -
186.29.181.180 - - [05/Oct/2023:17:21:21 -0500] "GET /sipse/css/imagen/contrasena.png HTTP/1.1" 404 383
186.29.181.180 - - [05/Oct/2023:17:21:30 -0500] "GET /sipse/faces/javax.faces.resource/images/ui-bg_flat_0_2d5972_40x100.png?ln=primefaces-aristo HTTP/1.1" 304 -
186.29.181.180 - - [05/Oct/2023:17:21:30 -0500] "POST /sipse/faces/bienvenido.xhtml HTTP/1.1" 200 2658
186.29.181.180 - - [05/Oct/2023:17:21:31 -0500] "POST /sipse/faces/bienvenido.xhtml HTTP/1.1" 200 63122
186.29.181.180 - - [05/Oct/2023:17:21:31 -0500] "GET /sipse/faces/javax.faces.resource/theme.css?ln=primefaces-sipse HTTP/1.1" 304 -
186.29.181.180 - - [05/Oct/2023:17:21:31 -0500] "GET /sipse/faces/javax.faces.resource/primefaces.css?ln=primefaces&v=4.0 HTTP/1.1" 304 -
186.29.181.180 - - [05/Oct/2023:17:21:31 -0500] "GET /sipse/faces/javax.faces.resource/layout/layout.css?ln=primefaces&v=4.0 HTTP/1.1" 304 -
186.29.181.180 - - [05/Oct/2023:17:21:31 -0500] "GET /sipse/faces/javax.faces.resource/jquery/jquery.js?ln=primefaces&v=4.0 HTTP/1.1" 304 -
186.29.181.180 - - [05/Oct/2023:17:21:31 -0500] "GET /sipse/faces/javax.faces.resource/jquery/jquery-plugins.js?ln=primefaces&v=4.0 HTTP/1.1" 304 -
186.29.181.180 - - [05/Oct/2023:17:21:31 -0500] "GET /sipse/faces/javax.faces.resource/primefaces.js?ln=primefaces&v=4.0 HTTP/1.1" 304 -
186.29.181.180 - - [05/Oct/2023:17:21:31 -0500] "GET /sipse/faces/javax.faces.resource/layout/layout.js?ln=primefaces&v=4.0 HTTP/1.1" 304 -
186.29.181.180 - - [05/Oct/2023:17:21:31 -0500] "POST /sipse/faces/presentacion/financiero/solicitudProceso/listarSolicitudProceso.xhtml HTTP/1.1" 200 1552
172.22.2.4 - - [05/Oct/2023:17:19:55 -0500] "GET /BLA/boletinlegal/ HTTP/1.1" 200 60692
186.29.181.180 - - [05/Oct/2023:17:21:38 -0500] "POST /sipse/faces/presentacion/financiero/solicitudProceso/listarSolicitudProceso.xhtml HTTP/1.1" 200 7680
186.29.181.180 - - [05/Oct/2023:17:21:45 -0500] "POST /sipse/faces/presentacion/financiero/solicitudProceso/listarSolicitudProceso.xhtml HTTP/1.1" 200 31431
216.244.66.195 - - [05/Oct/2023:17:21:51 -0500] "GET /BLA/resoluciones/AUTOS%202007/0786.pdf HTTP/1.1" 200 49883
201.245.192.253 - - [05/Oct/2023:17:21:59 -0500] "POST /forms/lservlet;jsessionid=ac16012b30d631b237d665c3491e938ed2fcaf258f77.e3iSbxaKaheRe34Pbx8Nc3aQci1ynknvrkLOlQzNp65In0 HTTP/1.1" 200 2
201.245.192.253 - - [05/Oct/2023:17:22:03 -0500] "POST /forms/lservlet;jsessionid=ac16012b30d6e3ac83cfa34d44e69cdfe83dd14ea1cd.e3iSbxaKaheRe34Pbx8Nc3aQci1ynknvrkLOlQzNp65In0 HTTP/1.1" 200 2
216.245.221.92 - - [05/Oct/2023:17:22:12 -0500] "HEAD / HTTP/1.1" 200 -
66.249.66.20 - - [05/Oct/2023:17:22:13 -0500] "GET /BLA/resoluciones/Notificaciones/REGISTROS%202016/01217.pdf HTTP/1.1" 200 448951
216.244.66.195 - - [05/Oct/2023:17:22:21 -0500] "GET /BLA/resoluciones/AUTOS%202007/0815.pdf HTTP/1.1" 200 159713
216.244.66.195 - - [05/Oct/2023:17:22:51 -0500] "GET /BLA/resoluciones/AUTOS%202007/0858.pdf HTTP/1.1" 200 85880
216.244.66.195 - - [05/Oct/2023:17:23:23 -0500] "GET /BLA/resoluciones/AUTOS%202007/0948.pdf HTTP/1.1" 200 63287
52.167.144.163 - - [05/Oct/2023:17:23:34 -0500] "GET /portaldeninos/2021/06/29/jasbleady-castaneda-una-mujer-que-le-pone-el-alma-a-la-proteccion-de-las-tinguas-azules/ HTTP/1.1" 200 108388
216.244.66.195 - - [05/Oct/2023:17:23:50 -0500] "GET /BLA/resoluciones/AUTOS%202007/0963.pdf HTTP/1.1" 200 62452
201.245.192.253 - - [05/Oct/2023:17:23:59 -0500] "POST /forms/lservlet;jsessionid=ac16012b30d631b237d665c3491e938ed2fcaf258f77.e3iSbxaKaheRe34Pbx8Nc3aQci1ynknvrkLOlQzNp65In0 HTTP/1.1" 200 2
201.245.192.253 - - [05/Oct/2023:17:24:04 -0500] "POST /forms/lservlet;jsessionid=ac16012b30d6e3ac83cfa34d44e69cdfe83dd14ea1cd.e3iSbxaKaheRe34Pbx8Nc3aQci1ynknvrkLOlQzNp65In0 HTTP/1.1" 200 2
216.244.66.195 - - [05/Oct/2023:17:24:16 -0500] "GET /BLA/resoluciones/AUTOS%202007/1034.pdf HTTP/1.1" 200 27824
52.167.144.217 - - [05/Oct/2023:17:24:26 -0500] "GET /portaldeninos/wp-content/themes/betheme/assets/jplayer/jplayer.min.js?ver=20.9.6 HTTP/1.1" 200 52702
52.167.144.217 - - [05/Oct/2023:17:24:26 -0500] "GET /portaldeninos/wp-content/themes/betheme/style.css?ver=20.9.6 HTTP/1.1" 200 287
52.167.144.217 - - [05/Oct/2023:17:24:26 -0500] "GET /portaldeninos/wp-content/themes/betheme/fonts/mfn-icons.ttf?93978679 HTTP/1.1" 200 124684
52.167.144.217 - - [05/Oct/2023:17:24:27 -0500] "GET /portaldeninos/wp-includes/js/wp-emoji-release.min.js?ver=4.9.8 HTTP/1.1" 200 12026
40.77.167.63 - - [05/Oct/2023:17:24:35 -0500] "GET /portaldeninos/wp-content/plugins/gallery-videos/CSS/totalsoft.css?ver=4.9.8 HTTP/1.1" 200 40622
40.77.167.63 - - [05/Oct/2023:17:24:35 -0500] "GET /portaldeninos/wp-content/plugins/gallery-videos/JS/modernizr.custom.js?ver=4.9.8 HTTP/1.1" 200 9019
40.77.167.63 - - [05/Oct/2023:17:24:36 -0500] "GET /portaldeninos/wp-content/uploads/useanyfont/uaf.css?ver=1589905315 HTTP/1.1" 200 408
40.77.167.63 - - [05/Oct/2023:17:24:36 -0500] "GET /portaldeninos/wp-includes/js/jquery/jquery-migrate.min.js?ver=1.4.1 HTTP/1.1" 200 10056
40.77.167.63 - - [05/Oct/2023:17:24:36 -0500] "GET /portaldeninos/wp-includes/js/comment-reply.min.js?ver=4.9.8 HTTP/1.1" 200 1078
52.167.144.176 - - [05/Oct/2023:17:24:39 -0500] "GET /portaldeninos/wp-content/plugins/gallery-videos/JS/Total-Soft-Gallery-Video-Widget.js?ver=4.9.8 HTTP/1.1" 200 80264
52.167.144.176 - - [05/Oct/2023:17:24:40 -0500] "GET /portaldeninos/wp-content/themes/betheme/assets/animations/animations.min.css?ver=20.9.6 HTTP/1.1" 200 58508
52.167.144.176 - - [05/Oct/2023:17:24:40 -0500] "GET /portaldeninos/wp-includes/js/wp-embed.min.js?ver=4.9.8 HTTP/1.1" 200 1398
52.167.144.176 - - [05/Oct/2023:17:24:41 -0500] "GET /portaldeninos/wp-includes/js/jquery/ui/accordion.min.js?ver=1.11.4 HTTP/1.1" 200 8584
216.244.66.195 - - [05/Oct/2023:17:24:41 -0500] "GET /BLA/resoluciones/AUTOS%202007/1095.pdf HTTP/1.1" 200 30844
201.245.192.253 - - [05/Oct/2023:17:24:47 -0500] "POST /kwsrmcab/Wsrmcab  HTTP/1.1" 200 42851
216.244.66.195 - - [05/Oct/2023:17:25:05 -0500] "GET /BLA/resoluciones/AUTOS%202007/1134.pdf HTTP/1.1" 200 29738
216.244.66.195 - - [05/Oct/2023:17:25:28 -0500] "GET /BLA/resoluciones/AUTOS%202007/1165.pdf HTTP/1.1" 200 26166
216.244.66.195 - - [05/Oct/2023:17:25:50 -0500] "GET /BLA/resoluciones/AUTOS%202007/1178.pdf HTTP/1.1" 200 25348
201.245.192.253 - - [05/Oct/2023:17:25:59 -0500] "POST /forms/lservlet;jsessionid=ac16012b30d631b237d665c3491e938ed2fcaf258f77.e3iSbxaKaheRe34Pbx8Nc3aQci1ynknvrkLOlQzNp65In0 HTTP/1.1" 200 2
201.245.192.253 - - [05/Oct/2023:17:26:04 -0500] "POST /forms/lservlet;jsessionid=ac16012b30d6e3ac83cfa34d44e69cdfe83dd14ea1cd.e3iSbxaKaheRe34Pbx8Nc3aQci1ynknvrkLOlQzNp65In0 HTTP/1.1" 200 2
181.61.157.160 - - [05/Oct/2023:17:26:06 -0500] "GET /sipse/faces/javax.faces.resource/theme.css?ln=primefaces-sipse HTTP/1.1" 304 -
181.61.157.160 - - [05/Oct/2023:17:26:06 -0500] "GET /sipse/faces/faces/autenticacion.xhtml HTTP/1.1" 200 12418
181.61.157.160 - - [05/Oct/2023:17:26:06 -0500] "GET /sipse/faces/javax.faces.resource/theme.css?ln=primefaces-sipse HTTP/1.1" 304 -
181.61.157.160 - - [05/Oct/2023:17:26:06 -0500] "GET /sipse/faces/javax.faces.resource/primefaces.css?ln=primefaces&v=4.0 HTTP/1.1" 304 -
181.61.157.160 - - [05/Oct/2023:17:26:06 -0500] "GET /sipse/faces/javax.faces.resource/layout/layout.css?ln=primefaces&v=4.0 HTTP/1.1" 304 -
181.61.157.160 - - [05/Oct/2023:17:26:06 -0500] "GET /sipse/faces/javax.faces.resource/primefaces.js?ln=primefaces&v=4.0 HTTP/1.1" 304 -
181.61.157.160 - - [05/Oct/2023:17:26:06 -0500] "GET /sipse/faces/javax.faces.resource/jquery/jquery.js?ln=primefaces&v=4.0 HTTP/1.1" 304 -
181.61.157.160 - - [05/Oct/2023:17:26:06 -0500] "GET /sipse/faces/javax.faces.resource/jquery/jquery-plugins.js?ln=primefaces&v=4.0 HTTP/1.1" 304 -
181.61.157.160 - - [05/Oct/2023:17:26:06 -0500] "GET /sipse/faces/javax.faces.resource/layout/layout.js?ln=primefaces&v=4.0 HTTP/1.1" 304 -
181.61.157.160 - - [05/Oct/2023:17:26:06 -0500] "GET /sipse/faces/javax.faces.resource/images/ui-icons_898989_256x240.png?ln=primefaces-aristo HTTP/1.1" 304 -
216.244.66.195 - - [05/Oct/2023:17:26:11 -0500] "GET /BLA/resoluciones/AUTOS%202007/1321.pdf HTTP/1.1" 200 37783
216.244.66.195 - - [05/Oct/2023:17:26:30 -0500] "GET /BLA/resoluciones/AUTOS%202007/1334.pdf HTTP/1.1" 200 64020
172.22.2.4 - - [05/Oct/2023:17:24:54 -0500] "HEAD /BLA/boletinlegal/ HTTP/1.1" 200 -
216.244.66.195 - - [05/Oct/2023:17:26:49 -0500] "GET /BLA/resoluciones/AUTOS%202007/1542.pdf HTTP/1.1" 200 251851
161.18.180.171 - - [05/Oct/2023:17:27:07 -0500] "GET /portaldeninos HTTP/1.1" 404 1137
161.18.180.171 - - [05/Oct/2023:17:27:08 -0500] "GET /favicon.ico HTTP/1.1" 200 7782
216.244.66.195 - - [05/Oct/2023:17:27:08 -0500] "GET /BLA/resoluciones/AUTOS%202007/1766.pdf HTTP/1.1" 200 35853
216.245.221.92 - - [05/Oct/2023:17:27:12 -0500] "HEAD / HTTP/1.1" 200 -
216.244.66.195 - - [05/Oct/2023:17:27:25 -0500] "GET /BLA/resoluciones/AUTOS%202007/1836.pdf HTTP/1.1" 200 28644
172.22.2.4 - - [05/Oct/2023:17:25:45 -0500] "GET /BLA/boletinlegal/ HTTP/1.1" 200 52656
201.245.192.253 - - [05/Oct/2023:17:27:38 -0500] "POST /kwsrmcab/Wsrmcab HTTP/1.1" 200 42997
216.244.66.195 - - [05/Oct/2023:17:27:41 -0500] "GET /BLA/resoluciones/AUTOS%202009/0721.pdf HTTP/1.1" 200 342927
201.245.192.253 - - [05/Oct/2023:17:27:41 -0500] "POST /kwsrmcab/Wsrmcab HTTP/1.1" 200 43645
216.244.66.195 - - [05/Oct/2023:17:27:57 -0500] "GET /BLA/resoluciones/AUTOS%202009/1257.pdf HTTP/1.1" 200 118921
