201.245.192.253 - - [05/Oct/2023:11:51:57 -0500] "POST /forms/lservlet;jsessionid=ac16012b30d631b237d665c3491e938ed2fcaf258f77.e3iSbxaKaheRe34Pbx8Nc3aQci1ynknvrkLOlQzNp65In0 HTTP/1.1" 200 2
201.245.192.253 - - [05/Oct/2023:11:51:57 -0500] "POST /forms/lservlet;jsessionid=ac16012b30d631b237d665c3491e938ed2fcaf258f77.e3iSbxaKaheRe34Pbx8Nc3aQci1ynknvrkLOlQzNp65In0 HTTP/1.1" 200 122
201.245.192.253 - - [05/Oct/2023:11:51:57 -0500] "POST /forms/lservlet;jsessionid=ac16012b30d631b237d665c3491e938ed2fcaf258f77.e3iSbxaKaheRe34Pbx8Nc3aQci1ynknvrkLOlQzNp65In0 HTTP/1.1" 200 2
201.245.192.253 - - [05/Oct/2023:11:51:57 -0500] "POST /forms/lservlet;jsessionid=ac16012b30d631b237d665c3491e938ed2fcaf258f77.e3iSbxaKaheRe34Pbx8Nc3aQci1ynknvrkLOlQzNp65In0 HTTP/1.1" 200 7
201.245.192.253 - - [05/Oct/2023:11:51:58 -0500] "POST /forms/lservlet;jsessionid=ac16012b30d631b237d665c3491e938ed2fcaf258f77.e3iSbxaKaheRe34Pbx8Nc3aQci1ynknvrkLOlQzNp65In0 HTTP/1.1" 200 815
201.245.192.253 - - [05/Oct/2023:11:52:04 -0500] "POST /forms/lservlet;jsessionid=ac16012b30d631b237d665c3491e938ed2fcaf258f77.e3iSbxaKaheRe34Pbx8Nc3aQci1ynknvrkLOlQzNp65In0 HTTP/1.1" 200 814
216.244.66.195 - - [05/Oct/2023:11:52:10 -0500] "GET /BLA/resoluciones/AUTOS%202011/2801.pdf HTTP/1.1" 200 375607
216.245.221.92 - - [05/Oct/2023:11:52:13 -0500] "HEAD / HTTP/1.1" 200 -
190.146.168.87 - - [05/Oct/2023:11:52:14 -0500] "GET /kwssiamovil/sm/des/ldap/au?x=U2FsdGVkX19Sc8byqdNCGmHvyACYONyWogDdLtfgG1j2UlZcggbHtTABMTIkXcQW&y=U2FsdGVkX1+6bQCWhrhjcpZRDlXUyL7nEQK0K1X2ip+NwwutfjuzqGKI7BkIQ2x9 HTTP/1.1" 200 30
190.146.168.87 - - [05/Oct/2023:11:52:15 -0500] "GET /kwssiamovil/sm/des/acme/s?s=U2FsdGVkX1+wA+5p+p3TXrsYktY2Y94YuRCk2V8b+XpwBRl5Skol0otOlAQeO6mUhuqV+2ezrrrhTxkoU0KqHHXt1KKj8Deu1RBqQHCv7QY=&u=U2FsdGVkX1+d9hjx8KPFSfwiKmvHoceY1HWlNMY8SEw=&y=U2FsdGVkX1+6bQCWhrhjcpZRDlXUyL7nEQK0K1X2ip+NwwutfjuzqGKI7BkIQ2x9 HTTP/1.1" 200 97
190.146.168.87 - - [05/Oct/2023:11:52:17 -0500] "GET /kwssiamovil/sm/des/acme/s?s=U2FsdGVkX18LeXYJQ4Z2oo3AXXoux6xPNJGoCPjT+6+2DfWaMx9GnyOgwnetsqsqC+WDkP4F1b5x/qGDMT3RUNkrR/145ECmwD9slNozG4/ZnLDd60rxRuKJ2fuL/13IkyUlnI+9XsOFc+mMxri8pMZjoR6X9f8nEdBgvbGZnNnA6uvsw3A4LuzZ72s8IOAaL95i5NCXHsa6JxeA2pofsP0KdNK8bthZz9jDY7rWUfAGKma0L4xJTaoRIrZLtEiAVNiAADGynopNwUXHyr674AeMnqzP/pG/2n//HikNXD4apsi11xrh5coc+dotUEupNTK8hZPh/mFZBE75Fo76ukaLYKv8SmqGC7b2dwRC42aUk7yWeaN92iC34GkG2CQ5hC1BAwbF9kk8HRTt+uB2jqRebqqxIbZstZCgF8mL59f26jUVYlUg5r+pPy8+u1gAZk9Mv6gOJMfO9i2IH5GaoYuSvG0B5R2G01tCjraUXBK3kOp6QA6ldKf07D8KoSz8S2pAD0QPCBcaOAb6KFGeI/vZ5j9kO+5D7M/Ut4xCouhFibYCLhppnw9e2cT28iEigvGGfiqrDwQL3ATX3dDVIdET485977fvrJb2e+62dg44SBh0VdKHbeAu30mv+JjrEA9SAU4Q9Rfld6KX0pAEzR0SVuyyrDR4d9CMGRBkTCCfcdA3YqH+mG2GOGFUimgalxVAfoTL0SwLiUrZbfyLy8BhwOcPeKye1Fw5QGkHVnLYFDIGF19kEM0eB7LInhjofnNgg2k/fsz0ru1zpGjn8PDlGBJWiHXsTaPGyGljr6EQ+4q/fHuctbZZ9qOTkcwYuEwyji2to0v3ocRGRx3jvzCWjxm29kXEEQIN2GdZzrcSWoaed+wBwJr9iFedHdHNGjOh+Rmk8z/ma2D55jGP5OOK7eC8ZxyfdoOSmRNXCzn5uczQ60i3NSDfzhLaicNe4hLfsYUxQc/bRcqLo2d1YrWdfo1JZMwH28TUSyuZWUtaDi/jPzPdKydLayezQJowhCBLSYldCpLBlwB1eKtv4LgziheDVDYLjPcY2fW5rn0STkBGFlpYA+efUncNjat7kMXMaGxoVmfFbMCP+NVqMEySrHCj1Yq7nnga/O2dCvLNF9NcWZ1/x0q7bsF4xPsb8F2E4S4SfMSvPVWgeTKQRHiD6xte8pRHGqtygBhAOPwPm3nIoy9UhjlDbnqoD1V+OJsRIqyWBtwMs1j+NxN/9fu1xqSrV/21AGJKU8G/YO0D+P/UHlrJbof/g9w/Z7oCmZiRbvYKDfZo4b61ynISXGZc+b5mNntb1HQQHqg++OBMX3Ww4K1DDgxcUMosdz+DTxN1OmRN0I3EtJtis6ojERpq9ZbykZDZQd+0o0aof41UyLfIC6bYPcMEoz9r5B3mvxG7KsaYkvJ5J5lJMcRI2nMNnhZx73MDIEjZfsvpENKB9TPE4mQ/x/TZD4lSZb+nFjydklmsMj9IijJrwGg+JJLdok3YQhBItUO1vijUo1SvZ7nG9CfPx9F5yF6xFIKwDewJc0vjA0Ud8fArz683xTwtwEOcFzwa+15B22ji4Ih5zg1AAHC9uFu+0J9yH6KetTi/IuqkZAYU/oBhu4k82qhbDQKNX0+V85Pa8+w8qxzwdXQ5s0c/lX+jdx47VNlTFQdKoScRfwiARIeNpdiD2ig1sCgPNLFUz58plkMQbbwHGQDwcVvoZKIgFWb1UAqrRcc3p28U0pxVW/KK6pok3XpAOaZufwGOSBD7EXeQFzk=&u=U2FsdGVkX1+d9hjx8KPFSfwiKmvHoceY1HWlNMY8SEw=&y=U2FsdGVkX1+6bQCWhrhjcpZRDlXUyL7nEQK0K1X2ip+NwwutfjuzqGKI7BkIQ2x9 HTTP/1.1" 200 1412
190.146.168.87 - - [05/Oct/2023:11:52:18 -0500] "GET /kwssiamovil/sm/des/acme/s?s=U2FsdGVkX19i6wPh80fLWR/11pRz18dHfePjJzRUzjuA6yBzEOIwnmYQTx9EU7J1jGXqzDo15b7JwpaFoJpvQQApiHN2wamlXdvmmW7Nubsra6UgD22GUr9AmjP0Vm2cb6hOKt9FQQTohFvGBavwuW2TUE72hT0CNqAj9mOIqaU5uwzqJsmkhJtYV7GcRkcNQ17M3MziAqJXoOkOSJ0QfYkymeLHI12dYsQ+AmrJnwJOm8m1oqo/cGLZSNts8fIoosqQokxoiQpA33QH/6kDuwRe5DrgRtZwbIRc6TlGaVRmSF1RpkdRpwHZ3DynaRvO/HIGBko/2RclPHxDUGQbTTfbiOgdg15uqSWxkFCFMPl0B1yW9K49NJUAoZB0XOqP7VaJWJjLzUyIJE1i6A5GiCpJBdP50CXDZi9UHHUaKUL8KSl+6NxfY44e7ceo84ZCn1kfOTOyO5BCqjVJA4ZU+HY22knc8nz/o33HTgX8LDtEijTqcgKViH0tVRqkOF4IDZHbEn30JQ+Z4JZla9wlic99aj2s7iZSLMC7dZ9QMBSpnAYXCU2ewKnowulwBom1YFQ0Q7z45RSEa4jH4/asWbLgYvsbSjnn+BTilUN+gXDkY7+8tz6u3zC3081zWnXrIPzZw3yYFBcKs8kSpWohTKL6GJ/RHpNENa2xFdRcO9iPCpRp83zScO5cWSFdfSt9l4SDzVvmhJYArpK0/KGfzGsnDzAwJkXk8hr2bS66AAdDf+rik8yloaiSY3c7mOsm&u=U2FsdGVkX1+d9hjx8KPFSfwiKmvHoceY1HWlNMY8SEw=&y=U2FsdGVkX1+6bQCWhrhjcpZRDlXUyL7nEQK0K1X2ip+NwwutfjuzqGKI7BkIQ2x9 HTTP/1.1" 200 359
201.245.192.253 - - [05/Oct/2023:11:52:18 -0500] "POST /forms/lservlet;jsessionid=ac16012b30d631b237d665c3491e938ed2fcaf258f77.e3iSbxaKaheRe34Pbx8Nc3aQci1ynknvrkLOlQzNp65In0 HTTP/1.1" 200 814
190.146.168.87 - - [05/Oct/2023:11:52:18 -0500] "GET /kwssiamovil/sm/des/cjson/pre?f=1&x=U2FsdGVkX19Sc8byqdNCGmHvyACYONyWogDdLtfgG1j2UlZcggbHtTABMTIkXcQW HTTP/1.1" 200 32032
190.146.168.87 - - [05/Oct/2023:11:52:18 -0500] "GET /kwssiamovil/sm/des/cjson/pre?f=19&x=U2FsdGVkX19Sc8byqdNCGmHvyACYONyWogDdLtfgG1j2UlZcggbHtTABMTIkXcQW HTTP/1.1" 200 64589
201.245.192.253 - - [05/Oct/2023:11:52:21 -0500] "POST /forms/lservlet;jsessionid=ac16012b30d631b237d665c3491e938ed2fcaf258f77.e3iSbxaKaheRe34Pbx8Nc3aQci1ynknvrkLOlQzNp65In0 HTTP/1.1" 200 7
172.22.2.4 - - [05/Oct/2023:11:52:27 -0500] "GET /BLA/boletinlegal/consulta_actos.php?tipo=resoluciones&no=5787&usuario=&sector=&fecha=2010&resuelve= HTTP/1.1" 200 2991
201.245.192.253 - - [05/Oct/2023:11:52:31 -0500] "GET /BLA/resoluciones/RESOLUCIONES%202010/5787.pdf HTTP/1.1" 200 218493
201.245.192.253 - - [05/Oct/2023:11:52:31 -0500] "GET /BLA/resoluciones/RESOLUCIONES%202010/5787.pdf HTTP/1.1" 206 1025
201.245.192.253 - - [05/Oct/2023:11:52:31 -0500] "GET /BLA/resoluciones/RESOLUCIONES%202010/5787.pdf HTTP/1.1" 200 218493
201.245.192.253 - - [05/Oct/2023:11:52:32 -0500] "POST /forms/lservlet;jsessionid=ac16012b30d631b237d665c3491e938ed2fcaf258f77.e3iSbxaKaheRe34Pbx8Nc3aQci1ynknvrkLOlQzNp65In0 HTTP/1.1" 200 117
201.245.192.253 - - [05/Oct/2023:11:52:32 -0500] "POST /forms/lservlet;jsessionid=ac16012b30d631b237d665c3491e938ed2fcaf258f77.e3iSbxaKaheRe34Pbx8Nc3aQci1ynknvrkLOlQzNp65In0 HTTP/1.1" 200 2
66.249.66.20 - - [05/Oct/2023:11:52:44 -0500] "GET /BLA/resoluciones/RESOLUCIONES%202009/4819.pdf HTTP/1.1" 200 160834
172.22.2.4 - - [05/Oct/2023:11:52:47 -0500] "GET /BLA/boletinlegal/consulta_actos.php?tipo=resoluciones&no=4707&usuario=&sector=&fecha=2010&resuelve= HTTP/1.1" 200 2417
172.22.2.4 - - [05/Oct/2023:11:52:47 -0500] "GET /BLA/boletinlegal/consulta_actos.php?tipo=resoluciones&no=4707&usuario=&sector=&fecha=2010&resuelve= HTTP/1.1" 200 2417
201.245.192.253 - - [05/Oct/2023:11:52:48 -0500] "POST /sipse/faces/presentacion/financiero/solicitudProceso/consultar.xhtml HTTP/1.1" 200 3224
201.245.192.253 - - [05/Oct/2023:11:52:49 -0500] "POST /sipse/faces/presentacion/financiero/solicitudProceso/consultar.xhtml HTTP/1.1" 200 33728
201.245.192.253 - - [05/Oct/2023:11:52:49 -0500] "GET /sipse/faces/javax.faces.resource/theme.css?ln=primefaces-sipse HTTP/1.1" 304 -
201.245.192.253 - - [05/Oct/2023:11:52:49 -0500] "GET /sipse/faces/javax.faces.resource/primefaces.css?ln=primefaces&v=4.0 HTTP/1.1" 304 -
201.245.192.253 - - [05/Oct/2023:11:52:49 -0500] "GET /sipse/faces/javax.faces.resource/layout/layout.css?ln=primefaces&v=4.0 HTTP/1.1" 304 -
201.245.192.253 - - [05/Oct/2023:11:52:49 -0500] "GET /sipse/faces/javax.faces.resource/jquery/jquery.js?ln=primefaces&v=4.0 HTTP/1.1" 304 -
201.245.192.253 - - [05/Oct/2023:11:52:49 -0500] "GET /sipse/faces/javax.faces.resource/jquery/jquery-plugins.js?ln=primefaces&v=4.0 HTTP/1.1" 304 -
201.245.192.253 - - [05/Oct/2023:11:52:50 -0500] "GET /sipse/faces/javax.faces.resource/primefaces.js?ln=primefaces&v=4.0 HTTP/1.1" 304 -
201.245.192.253 - - [05/Oct/2023:11:52:50 -0500] "GET /sipse/faces/javax.faces.resource/layout/layout.js?ln=primefaces&v=4.0 HTTP/1.1" 304 -
201.245.192.253 - - [05/Oct/2023:11:52:50 -0500] "POST /sipse/faces/presentacion/contratacion/contrato/listarContrato.xhtml HTTP/1.1" 200 27089
201.245.192.253 - - [05/Oct/2023:11:52:50 -0500] "POST /sipse/faces/presentacion/contratacion/contrato/listarContrato.xhtml HTTP/1.1" 200 27089
201.245.192.253 - - [05/Oct/2023:11:52:50 -0500] "POST /sipse/faces/presentacion/contratacion/contrato/listarContrato.xhtml HTTP/1.1" 200 27089
201.245.192.253 - - [05/Oct/2023:11:52:50 -0500] "POST /sipse/faces/presentacion/contratacion/contrato/listarContrato.xhtml HTTP/1.1" 200 27089
201.245.192.253 - - [05/Oct/2023:11:52:50 -0500] "POST /sipse/faces/presentacion/contratacion/contrato/listarContrato.xhtml HTTP/1.1" 200 27089
201.245.192.253 - - [05/Oct/2023:11:52:50 -0500] "POST /sipse/faces/presentacion/contratacion/contrato/listarContrato.xhtml HTTP/1.1" 200 27089
201.245.192.253 - - [05/Oct/2023:11:52:51 -0500] "POST /sipse/faces/presentacion/contratacion/contrato/listarContrato.xhtml HTTP/1.1" 200 27089
201.245.192.253 - - [05/Oct/2023:11:52:52 -0500] "POST /sipse/faces/presentacion/contratacion/contrato/listarContrato.xhtml HTTP/1.1" 200 7834
201.245.192.253 - - [05/Oct/2023:11:52:53 -0500] "GET /BLA/resoluciones/RESOLUCIONES%202010/4707.pdf HTTP/1.1" 200 111694
201.245.192.253 - - [05/Oct/2023:11:52:53 -0500] "GET /BLA/resoluciones/RESOLUCIONES%202010/4707.pdf HTTP/1.1" 206 1025
201.245.192.253 - - [05/Oct/2023:11:52:53 -0500] "GET /BLA/resoluciones/RESOLUCIONES%202010/4707.pdf HTTP/1.1" 200 111694
201.245.192.253 - - [05/Oct/2023:11:52:53 -0500] "POST /sipse/faces/presentacion/contratacion/contrato/listarContrato.xhtml HTTP/1.1" 200 7850
216.244.66.195 - - [05/Oct/2023:11:52:55 -0500] "GET /BLA/resoluciones/AUTOS%202011/3001.pdf HTTP/1.1" 200 277165
201.245.192.253 - - [05/Oct/2023:11:52:55 -0500] "POST /sipse/faces/presentacion/contratacion/contrato/listarContrato.xhtml HTTP/1.1" 200 7850
201.245.192.253 - - [05/Oct/2023:11:52:53 -0500] "POST /kwsrmcab/Wsrmcab HTTP/1.1" 200 43053
201.245.192.253 - - [05/Oct/2023:11:53:03 -0500] "POST /kwsrmcab/Wsrmcab HTTP/1.1" 200 43053
190.60.215.2 - - [05/Oct/2023:11:53:06 -0500] "GET /catalogoisis/ HTTP/1.1" 200 8575
190.60.215.2 - - [05/Oct/2023:11:53:06 -0500] "GET /catalogoisis/Css/Busqueda.css HTTP/1.1" 200 1995
190.60.215.2 - - [05/Oct/2023:11:53:06 -0500] "GET /catalogoisis/Js/AceptarLimpiar.js HTTP/1.1" 200 331
190.60.215.2 - - [05/Oct/2023:11:53:06 -0500] "GET /catalogoisis/Js/CriterioCombinada.js HTTP/1.1" 200 1843
190.60.215.2 - - [05/Oct/2023:11:53:06 -0500] "GET /catalogoisis/Js/LimpiarCombinada.js HTTP/1.1" 200 207
190.60.215.2 - - [05/Oct/2023:11:53:06 -0500] "GET /catalogoisis/Js/Cookies.js HTTP/1.1" 200 1369
190.60.215.2 - - [05/Oct/2023:11:53:06 -0500] "GET /catalogoisis/Js/Remote.js HTTP/1.1" 200 436
190.60.215.2 - - [05/Oct/2023:11:53:06 -0500] "GET /catalogoisis/Js/Go.js HTTP/1.1" 200 364
190.60.215.2 - - [05/Oct/2023:11:53:06 -0500] "GET /catalogoisis/Js/Numero.js HTTP/1.1" 200 398
190.60.215.2 - - [05/Oct/2023:11:53:06 -0500] "GET /catalogoisis/Js/Enter.js HTTP/1.1" 200 1208
190.60.215.2 - - [05/Oct/2023:11:53:06 -0500] "GET /catalogoisis/imagenes/br1c1.gif HTTP/1.1" 200 172
190.60.215.2 - - [05/Oct/2023:11:53:06 -0500] "GET /catalogoisis/imagenes/Header.gif HTTP/1.1" 200 27040
190.60.215.2 - - [05/Oct/2023:11:53:06 -0500] "GET /catalogoisis/imagenes/br1c3.gif HTTP/1.1" 200 302
190.60.215.2 - - [05/Oct/2023:11:53:06 -0500] "GET /catalogoisis/imagenes/Turnbo1.gif HTTP/1.1" 200 227
190.60.215.2 - - [05/Oct/2023:11:53:06 -0500] "GET /catalogoisis/imagenes/limpiar1.gif HTTP/1.1" 200 606
190.60.215.2 - - [05/Oct/2023:11:53:06 -0500] "GET /catalogoisis/imagenes/aceptar1.gif HTTP/1.1" 200 604
190.60.215.2 - - [05/Oct/2023:11:53:06 -0500] "GET /catalogoisis/imagenes/br3c1.gif HTTP/1.1" 200 177
190.60.215.2 - - [05/Oct/2023:11:53:06 -0500] "GET /catalogoisis/imagenes/br3c2.gif HTTP/1.1" 200 285
190.60.215.2 - - [05/Oct/2023:11:53:06 -0500] "GET /catalogoisis/imagenes/br2c1.gif HTTP/1.1" 200 297
190.60.215.2 - - [05/Oct/2023:11:53:06 -0500] "GET /catalogoisis/imagenes/br3c3.gif HTTP/1.1" 200 186
190.60.215.2 - - [05/Oct/2023:11:53:06 -0500] "GET /catalogoisis/imagenes/br1c2.gif HTTP/1.1" 200 297
190.60.215.2 - - [05/Oct/2023:11:53:06 -0500] "GET /catalogoisis/imagenes/br2c3.gif HTTP/1.1" 200 416
190.60.215.2 - - [05/Oct/2023:11:53:06 -0500] "GET /catalogoisis/imagenes/br2c2.gif HTTP/1.1" 200 302
190.60.215.2 - - [05/Oct/2023:11:53:06 -0500] "GET /favicon.ico HTTP/1.1" 200 7782
190.60.215.2 - - [05/Oct/2023:11:53:12 -0500] "GET /catalogoisis/imagenes/aceptar2.gif HTTP/1.1" 200 586
201.245.192.253 - - [05/Oct/2023:11:53:23 -0500] "POST /kwsrmcab/Wsrmcab HTTP/1.1" 500 241
201.245.192.253 - - [05/Oct/2023:11:53:28 -0500] "POST /kwsrmcab/Wsrmcab HTTP/1.1" 500 241
201.245.192.253 - - [05/Oct/2023:11:53:29 -0500] "POST /kwsrmcab/Wsrmcab HTTP/1.1" 500 241
201.245.192.253 - - [05/Oct/2023:11:53:32 -0500] "POST /kwsrmcab/Wsrmcab HTTP/1.1" 200 213
216.244.66.195 - - [05/Oct/2023:11:53:35 -0500] "GET /BLA/resoluciones/AUTOS%202011/3011.pdf HTTP/1.1" 200 115340
172.22.2.4 - - [05/Oct/2023:11:53:39 -0500] "GET /BLA/boletinlegal/actos.php HTTP/1.1" 200 9682
201.245.192.253 - - [05/Oct/2023:11:53:41 -0500] "GET /BLA/resoluciones/ HTTP/1.1" 200 13696
201.245.192.253 - - [05/Oct/2023:11:53:43 -0500] "POST /kwsrmcab/Wsrmcab HTTP/1.1" 200 43055
201.245.192.253 - - [05/Oct/2023:11:53:46 -0500] "POST /forms/lservlet;jsessionid=ac16012b30d6e3ac83cfa34d44e69cdfe83dd14ea1cd.e3iSbxaKaheRe34Pbx8Nc3aQci1ynknvrkLOlQzNp65In0 HTTP/1.1" 200 2
201.245.192.253 - - [05/Oct/2023:11:53:55 -0500] "GET /BLA/resoluciones/index.php?dir=RESOLUCIONES+2019%2F HTTP/1.1" 200 260392
201.245.192.253 - - [05/Oct/2023:11:53:57 -0500] "POST /forms/lservlet;jsessionid=ac16012b30d631b237d665c3491e938ed2fcaf258f77.e3iSbxaKaheRe34Pbx8Nc3aQci1ynknvrkLOlQzNp65In0 HTTP/1.1" 200 2
172.22.2.4 - - [05/Oct/2023:11:52:22 -0500] "HEAD /BLA/boletinlegal/ HTTP/1.1" 200 -
201.245.192.253 - - [05/Oct/2023:11:54:03 -0500] "GET /BLA/resoluciones/RESOLUCIONES%202019/1279.pdf HTTP/1.1" 200 438578
216.244.66.195 - - [05/Oct/2023:11:54:06 -0500] "GET /BLA/resoluciones/AUTOS%202011/3039.pdf HTTP/1.1" 200 161127
201.245.192.253 - - [05/Oct/2023:11:54:13 -0500] "POST /kwsrmcab/Wsrmcab HTTP/1.1" 200 43053
172.22.2.4 - - [05/Oct/2023:11:53:37 -0500] "GET /BLA/boletinlegal/ HTTP/1.1" 200 24523
201.245.192.253 - - [05/Oct/2023:11:54:33 -0500] "POST /kwsrmcab/Wsrmcab HTTP/1.1" 200 42996
216.244.66.195 - - [05/Oct/2023:11:54:38 -0500] "GET /BLA/resoluciones/AUTOS%202011/3106.pdf HTTP/1.1" 200 236867
172.22.2.4 - - [05/Oct/2023:11:54:44 -0500] "GET /BLA/boletinlegal/actos.php HTTP/1.1" 200 9682
172.22.2.4 - - [05/Oct/2023:11:54:44 -0500] "GET /BLA/boletinlegal/favicon.ico HTTP/1.1" 404 1326
172.22.2.4 - - [05/Oct/2023:11:53:13 -0500] "GET /BLA/boletinlegal/ HTTP/1.1" 200 49695
216.244.66.195 - - [05/Oct/2023:11:55:16 -0500] "GET /BLA/resoluciones/AUTOS%202011/3215.pdf HTTP/1.1" 200 289107
181.53.13.125 - - [05/Oct/2023:11:55:30 -0500] "GET /sipse/faces/javax.faces.resource/images/ui-icons_898989_256x240.png?ln=primefaces-aristo HTTP/1.1" 304 -
181.53.13.125 - - [05/Oct/2023:11:55:30 -0500] "GET /sipse/faces/javax.faces.resource/images/ui-bg_flat_0_2d5972_40x100.png?ln=primefaces-aristo HTTP/1.1" 304 -
172.22.2.4 - - [05/Oct/2023:11:55:32 -0500] "GET /BLA/boletinlegal/consulta_actos.php?tipo=resoluciones&no=3113&usuario=&sector=&fecha=2019&resuelve= HTTP/1.1" 200 1155
181.53.13.125 - - [05/Oct/2023:11:55:32 -0500] "POST /sipse/faces/presentacion/financiero/solicitudProceso/consultarSolicitudProceso.xhtml HTTP/1.1" 200 104290
181.53.13.125 - - [05/Oct/2023:11:55:33 -0500] "GET /sipse/faces/javax.faces.resource/theme.css?ln=primefaces-sipse HTTP/1.1" 304 -
181.53.13.125 - - [05/Oct/2023:11:55:33 -0500] "GET /sipse/faces/javax.faces.resource/layout/layout.css?ln=primefaces&v=4.0 HTTP/1.1" 304 -
181.53.13.125 - - [05/Oct/2023:11:55:33 -0500] "GET /sipse/faces/javax.faces.resource/primefaces.css?ln=primefaces&v=4.0 HTTP/1.1" 304 -
181.53.13.125 - - [05/Oct/2023:11:55:33 -0500] "GET /sipse/faces/javax.faces.resource/jquery/jquery.js?ln=primefaces&v=4.0 HTTP/1.1" 304 -
181.53.13.125 - - [05/Oct/2023:11:55:33 -0500] "GET /sipse/faces/javax.faces.resource/jquery/jquery-plugins.js?ln=primefaces&v=4.0 HTTP/1.1" 304 -
181.53.13.125 - - [05/Oct/2023:11:55:34 -0500] "GET /sipse/faces/javax.faces.resource/primefaces.js?ln=primefaces&v=4.0 HTTP/1.1" 304 -
181.53.13.125 - - [05/Oct/2023:11:55:34 -0500] "GET /sipse/faces/javax.faces.resource/layout/layout.js?ln=primefaces&v=4.0 HTTP/1.1" 304 -
191.156.61.89 - - [05/Oct/2023:11:55:37 -0500] "GET /BLA/resoluciones/RESOLUCIONES%202019/3113.pdf HTTP/1.1" 200 959332
191.156.52.205 - - [05/Oct/2023:11:55:37 -0500] "GET /favicon.ico HTTP/1.1" 200 7782
172.22.2.4 - - [05/Oct/2023:11:55:38 -0500] "GET /BLA/boletinlegal/consulta_actos.php?tipo=resoluciones&no=2327&usuario=&sector=&fecha=2015&resuelve= HTTP/1.1" 200 4907
201.245.192.253 - - [05/Oct/2023:11:55:46 -0500] "POST /forms/lservlet;jsessionid=ac16012b30d6e3ac83cfa34d44e69cdfe83dd14ea1cd.e3iSbxaKaheRe34Pbx8Nc3aQci1ynknvrkLOlQzNp65In0 HTTP/1.1" 200 2
216.244.66.195 - - [05/Oct/2023:11:55:48 -0500] "GET /BLA/resoluciones/AUTOS%202011/3293.pdf HTTP/1.1" 200 283449
201.245.192.253 - - [05/Oct/2023:11:55:48 -0500] "GET /BLA/resoluciones/RESOLUCIONES%202014/0250.pdf HTTP/1.1" 200 420116
201.245.192.253 - - [05/Oct/2023:11:55:48 -0500] "GET /BLA/resoluciones/RESOLUCIONES%202014/0250.pdf HTTP/1.1" 206 1025
201.245.192.253 - - [05/Oct/2023:11:55:48 -0500] "GET /BLA/resoluciones/RESOLUCIONES%202014/0250.pdf HTTP/1.1" 200 420116
201.245.192.253 - - [05/Oct/2023:11:55:49 -0500] "GET /BLA/resoluciones/RESOLUCIONES%202015/2327.pdf HTTP/1.1" 200 682789
201.245.192.253 - - [05/Oct/2023:11:55:49 -0500] "GET /BLA/resoluciones/RESOLUCIONES%202015/2327.pdf HTTP/1.1" 206 1025
201.245.192.253 - - [05/Oct/2023:11:55:49 -0500] "GET /BLA/resoluciones/RESOLUCIONES%202015/2327.pdf HTTP/1.1" 200 682789
201.245.192.253 - - [05/Oct/2023:11:55:57 -0500] "POST /forms/lservlet;jsessionid=ac16012b30d631b237d665c3491e938ed2fcaf258f77.e3iSbxaKaheRe34Pbx8Nc3aQci1ynknvrkLOlQzNp65In0 HTTP/1.1" 200 2
181.53.13.125 - - [05/Oct/2023:11:56:00 -0500] "POST /sipse/faces/presentacion/financiero/solicitudProceso/crearModificarSolicitudProceso.xhtml HTTP/1.1" 200 45763
181.53.13.125 - - [05/Oct/2023:11:56:03 -0500] "POST /sipse/faces/presentacion/financiero/solicitudProceso/crearModificarSolicitudProceso.xhtml HTTP/1.1" 200 131813
181.53.13.125 - - [05/Oct/2023:11:56:05 -0500] "GET /sipse/faces/javax.faces.resource/theme.css?ln=primefaces-sipse HTTP/1.1" 304 -
181.53.13.125 - - [05/Oct/2023:11:56:05 -0500] "GET /sipse/faces/javax.faces.resource/layout/layout.css?ln=primefaces&v=4.0 HTTP/1.1" 304 -
181.53.13.125 - - [05/Oct/2023:11:56:05 -0500] "GET /sipse/faces/javax.faces.resource/primefaces.css?ln=primefaces&v=4.0 HTTP/1.1" 304 -
181.53.13.125 - - [05/Oct/2023:11:56:05 -0500] "GET /sipse/faces/javax.faces.resource/jquery/jquery.js?ln=primefaces&v=4.0 HTTP/1.1" 304 -
181.53.13.125 - - [05/Oct/2023:11:56:05 -0500] "GET /sipse/faces/javax.faces.resource/jquery/jquery-plugins.js?ln=primefaces&v=4.0 HTTP/1.1" 304 -
181.53.13.125 - - [05/Oct/2023:11:56:06 -0500] "GET /sipse/faces/javax.faces.resource/primefaces.js?ln=primefaces&v=4.0 HTTP/1.1" 304 -
181.53.13.125 - - [05/Oct/2023:11:56:06 -0500] "GET /sipse/faces/javax.faces.resource/layout/layout.js?ln=primefaces&v=4.0 HTTP/1.1" 304 -
181.53.13.125 - - [05/Oct/2023:11:56:07 -0500] "GET /sipse/faces/javax.faces.resource/messages/messages.png?ln=primefaces&v=4.0 HTTP/1.1" 304 -
181.53.13.125 - - [05/Oct/2023:11:56:11 -0500] "POST /sipse/faces/presentacion/financiero/solicitudProceso/consultarSolicitudProceso.xhtml HTTP/1.1" 200 21170
181.53.13.125 - - [05/Oct/2023:11:56:12 -0500] "GET /sipse/faces/javax.faces.resource/theme.css?ln=primefaces-sipse HTTP/1.1" 304 -
181.53.13.125 - - [05/Oct/2023:11:56:12 -0500] "GET /sipse/faces/javax.faces.resource/primefaces.css?ln=primefaces&v=4.0 HTTP/1.1" 304 -
181.53.13.125 - - [05/Oct/2023:11:56:12 -0500] "GET /sipse/faces/javax.faces.resource/jquery/jquery.js?ln=primefaces&v=4.0 HTTP/1.1" 304 -
181.53.13.125 - - [05/Oct/2023:11:56:12 -0500] "GET /sipse/faces/javax.faces.resource/fileupload/fileupload.css?ln=primefaces&v=4.0 HTTP/1.1" 304 -
181.53.13.125 - - [05/Oct/2023:11:56:12 -0500] "GET /sipse/faces/javax.faces.resource/layout/layout.css?ln=primefaces&v=4.0 HTTP/1.1" 304 -
181.53.13.125 - - [05/Oct/2023:11:56:12 -0500] "GET /sipse/faces/javax.faces.resource/jquery/jquery-plugins.js?ln=primefaces&v=4.0 HTTP/1.1" 304 -
181.53.13.125 - - [05/Oct/2023:11:56:12 -0500] "GET /sipse/faces/javax.faces.resource/layout/layout.js?ln=primefaces&v=4.0 HTTP/1.1" 304 -
181.53.13.125 - - [05/Oct/2023:11:56:12 -0500] "GET /sipse/faces/javax.faces.resource/primefaces.js?ln=primefaces&v=4.0 HTTP/1.1" 304 -
181.53.13.125 - - [05/Oct/2023:11:56:12 -0500] "GET /sipse/faces/javax.faces.resource/fileupload/fileupload.js?ln=primefaces&v=4.0 HTTP/1.1" 304 -
216.244.66.195 - - [05/Oct/2023:11:56:18 -0500] "GET /BLA/resoluciones/AUTOS%202011/3482.pdf HTTP/1.1" 200 210475
172.22.2.4 - - [05/Oct/2023:11:54:38 -0500] "GET /BLA/boletinlegal/ HTTP/1.1" 200 61130
201.245.192.253 - - [05/Oct/2023:11:56:17 -0500] "POST /kwsrmcab/Wsrmcab  HTTP/1.1" 200 42851
181.53.13.125 - - [05/Oct/2023:11:56:20 -0500] "GET /sipse/faces/javax.faces.resource/theme.css?ln=primefaces-sipse HTTP/1.1" 304 -
181.53.13.125 - - [05/Oct/2023:11:56:20 -0500] "GET /sipse/faces/javax.faces.resource/primefaces.css?ln=primefaces&v=4.0 HTTP/1.1" 304 -
181.53.13.125 - - [05/Oct/2023:11:56:20 -0500] "GET /sipse/faces/javax.faces.resource/primefaces.js?ln=primefaces&v=4.0 HTTP/1.1" 304 -
181.53.13.125 - - [05/Oct/2023:11:56:20 -0500] "GET /sipse/faces/javax.faces.resource/layout/layout.css?ln=primefaces&v=4.0 HTTP/1.1" 304 -
181.53.13.125 - - [05/Oct/2023:11:56:20 -0500] "GET /sipse/faces/javax.faces.resource/jquery/jquery.js?ln=primefaces&v=4.0 HTTP/1.1" 304 -
181.53.13.125 - - [05/Oct/2023:11:56:20 -0500] "GET /sipse/faces/javax.faces.resource/layout/layout.js?ln=primefaces&v=4.0 HTTP/1.1" 304 -
181.53.13.125 - - [05/Oct/2023:11:56:20 -0500] "GET /sipse/faces/javax.faces.resource/jquery/jquery-plugins.js?ln=primefaces&v=4.0 HTTP/1.1" 304 -
181.53.13.125 - - [05/Oct/2023:11:56:19 -0500] "POST /sipse/faces/presentacion/sistema/anexos/cargarAnexoSolicitudProceso.xhtml HTTP/1.1" 200 177248
186.102.105.251 - - [05/Oct/2023:11:56:21 -0500] "GET /kwssiamovil/sm/acme/a?s=U2FsdGVkX181tvoSn1ZCENC/XzSNMYdD73pszOOvcwdu4uznU29xNq0I5CtzNUY+uZdoIk5KiKTBvPOWdFi0sd4nbuhfkOMUzkRPGGaggacXF/Ff6kLzSBYwT0Xsti9rBOyaNtwCrTF533vmjdVOs+tFYUKA1srvJcuYniV57lYS+EfJjQUHxPFkM8mz5o094mdF2vqAHcPu0glcDGpDthu6EhEh/zz+eM91L7Riwwf6+jYkSbWloQRzaqB3G4hug0dog7A9Zx9rSzNNNg0gzw==&u=U2FsdGVkX19kxbad/+2AEZiW0XJ3l3a/6eXUXkhfppI=&y=U2FsdGVkX19ICzYM0f05tD2Ns4Mv8qF1p4xJE7aVmV/I5YIhtv4Y3loRBoEp55FN HTTP/1.1" 200 26
186.102.105.251 - - [05/Oct/2023:11:56:21 -0500] "GET /kwssiamovil/sm/acme/a?s=U2FsdGVkX1+j/ZABEoOC01KdB62XftgQO9GawrS5T2BW1RwkkzYb6oOIruIpiMzPVPsTJMTI6E4h1Z43sXRggwj25Sbki0D+rODtsiZJjdX3zdaxaPHrSvOkz70+qOZewIvGKM5laBIZOvZMJZJaHUEVJy97Kkymfje+gd8ZxzSy+6PJ0Qh+nQZWbTD6pYjc8T3gpKE8+oEqI4/41TLJT2BPrRfgncAvJG+94SsYUSiHFeWLGpKZg6+AtzXR1wWqXbKh9WLo+enRnjDKsQLx436FEJ6Dq2dBl8WK1jufADU2DSoeedNzlZ7rkluJlSuqpaqmu8o8pJxhAVXCd1mbD5oEIIm1Y94uWPWIIEFDWXriVjMf9MgqjBfNbjHkS8xb1goNWvjEWcWAiJni9vSPUuU60zqmCmsbT6o/6djG6nB43sRg4ApMtMSnmiHmZoGXFq31UESM32rI/EmoXroaAGXeF51isBzxLGRFJbDvw5tsB1uDF9I5gs2s/vM8iEaH+4zYLbGZxMJYoCydtA2ywxj/wjbfTGhW95nrRE4s5H1G7JpfE6W6Gs9E+ewk9xPNYOXklkoRuHID2eDWjTM7hoS95VnQ1a3imXLg0bsol64rmBYO+Djz/5zaoYFtcsAEXb0M12F0KlohxWpmZwIB82oA/1rv92ug/Wci4bXCpYl+UEWbJRHKFTcHXqs1tp6uTukUL8ePN2HFIjyVq2MSczqKzEFDNOB49xEt/DI8UbW5+xR8nOuHiH8aM5+Z+fhiFjIaVzyT96ZgquBGwOAl/wMD+2KuVVMMbZIwjB3zJy+3bgUv5K46SRLH/L4k6pLASiznTXkVe9+6o6vXI338kVApILaTK4o2p1krJYt8sISfbIN62Yc8DUCdBXeiKpYj2RtvrmFM3zA3AgHmr6nRJBmfLIksDBQcHXjcS4zOW2m3T5TQmbac7fI+Mvzq594Ayq7jR4adjIT2IdKQER/bjn7+H4xXqbd3esJMFUqqPMYthEcAfWxPluqpETlzqyIuJa8jk0Ik/6TsGT8spBl4DOSdhJGEEeaMXrhfbqbr2JA2jxfHBEZKjiFR4S7nJck9AYBS4YA2hAqWio6jX9lunPW3FQ4ltZ+zwzRkyKMXs7F7zjziuN9GMFYmjOORa10nT+Hy1DZJsx6YggqfmZdcVZf11N/qTLHTnMo+FlmfZbHKnU1IiYAjOm77lMDwFMcUgP2JzRljROYA/lOC487D4ocTG53oYRk7i2Pmea8d7qOIDNqy13aYY8tO+B5gcbxtWSO5PQdKtElYnCeUqsFJi9cuxXODpuvD7ExmVPKJ/9HCQfPiplwA0T+q4zA1rtHB96pfHaBfnqM3KhgEojutpU1GHJHOWjSTLcqDOVIMHdnyvAow3vVB29F/Q3/AZ3Ih4m85oMQfbex+CncRVn5oFR6sfpyB8WiYVlu5beKJBCQScjzMnBXejlUrZG2IdimoqLnr1JvZUz7jGlGMdywBQcRldOzM5Okz7lPv4DtgY7BrKh11vX295fi+CKmSHDFsPvCmb7ubOgokdwPDRtktm1KRo/+/HkBxd9pmA1t4rp4gsgWMe+M57MY4Je8fQOo+IeCZi/NE0ZdtLMroyFRuDBmhD5A2NNlmFC29wFt5IHRIZshRwWeDGhwMoQ/oairOuYoVOmyRxzad7l2jU6GjmfiNMcHu8eSIbhZ2VDx2rWcC5rNgxaH7yVJWMfDHrzXxJd0fYM5zUKS1WWxFV6nxGidRUi48ZFG0jcQVDDzMFYhvFGH+mI8CG/puvV24wzrRm27a4EnhsaNlK6JZbYZwbOxb1VFpTUeCynHbmpCW7LGyWnMFaKDq8PqQlvHcMADj7ezc2s9Z1CAyxNhihSOkOb1cbz7May4w1I7AAbtYtWzvk+4gEnaZOAbuvHR3g1nC4slEMZLg69z0QuyCnpD1/d4AnLrW3EYgI5aJYVogc7wn21b8DiidXX11WdRc7FJLHJ+dLolWArfbdmvygHUbWg==&u=U2FsdGVkX19kxbad/+2AEZiW0XJ3l3a/6eXUXkhfppI=&y=U2FsdGVkX19ICzYM0f05tD2Ns4Mv8qF1p4xJE7aVmV/I5YIhtv4Y3loRBoEp55FN HTTP/1.1" 200 26
186.102.105.251 - - [05/Oct/2023:11:56:22 -0500] "GET /kwssiamovil/sm/acme/a?s=U2FsdGVkX1+Q8D0/ZpJadAxK7eFC9w8o18du9nqi3z3v3VAIiJ14jiT2ROXZfwJXlO8ExBApqEsAm7zw4vmvcvsVBi7bZ6G1LJ4kelrMWyuyp3mlyTpz3KE269TF8iOQnbaSUIvoXFAjS6YiR5Ratns0raQ+b9WDZRj4VNdZVGQ=&u=U2FsdGVkX19kxbad/+2AEZiW0XJ3l3a/6eXUXkhfppI=&y=U2FsdGVkX19ICzYM0f05tD2Ns4Mv8qF1p4xJE7aVmV/I5YIhtv4Y3loRBoEp55FN HTTP/1.1" 200 26
186.102.105.251 - - [05/Oct/2023:11:56:22 -0500] "GET /kwssiamovil/sm/acme/a?s=U2FsdGVkX18ZFhJ4ecgcxzMh/Nb8+4VdsOz0k2DzCW+J9VIcTbZyVRudsdVMXlRIaBL9jiG9i9siNhIS2rmuNy72Rc/7YrFI1JlDPYGv4LbM5SL42+DiLqve7xm1rfw9NhSC9oURtJebPn31AHfIQw73/vqoejrl/uVQtqvB4VY=&u=U2FsdGVkX19kxbad/+2AEZiW0XJ3l3a/6eXUXkhfppI=&y=U2FsdGVkX19ICzYM0f05tD2Ns4Mv8qF1p4xJE7aVmV/I5YIhtv4Y3loRBoEp55FN HTTP/1.1" 200 26
186.102.105.251 - - [05/Oct/2023:11:56:22 -0500] "GET /kwssiamovil/sm/acme/a?s=U2FsdGVkX1/r/LiMaV9odWCCeRoGie7tLqQTxDRyA7wCfXH9ACtQmRgknXh25E0JkPp47fwhPvHeSCIRIBhzw0U/Vx6ElaSyUE34z/JPvfOc1mIc+6npbK/UQD4/NvdoGwczdbT9YsFAz3DVbpeM7HBV2dl7I17IbfpNuE0WIGg=&u=U2FsdGVkX19kxbad/+2AEZiW0XJ3l3a/6eXUXkhfppI=&y=U2FsdGVkX19ICzYM0f05tD2Ns4Mv8qF1p4xJE7aVmV/I5YIhtv4Y3loRBoEp55FN HTTP/1.1" 200 26
186.102.105.251 - - [05/Oct/2023:11:56:23 -0500] "GET /kwssiamovil/sm/acme/a?s=U2FsdGVkX18Ff4MNdYigMzrCIUXaR614lVmciUsSVIZnQRDa7RAwNZYd9n1zvz1rx6p44h4xWJ3tosGH83rmHAoWEsNWPSmqLsygLOknrrn01ov/LomqnqHVozduELwS5eUe5WoWmE5ECmE1rt9aT1sSyOXWz6+QtoHT9Cexgz12BUv5Dr44zW+zTITDrnSdVmyjfZzd+ZxGP8U+PAkBKw==&u=U2FsdGVkX19kxbad/+2AEZiW0XJ3l3a/6eXUXkhfppI=&y=U2FsdGVkX19ICzYM0f05tD2Ns4Mv8qF1p4xJE7aVmV/I5YIhtv4Y3loRBoEp55FN HTTP/1.1" 200 26
181.53.13.125 - - [05/Oct/2023:11:56:41 -0500] "POST /sipse/faces/presentacion/financiero/solicitudProceso/consultarSolicitudProceso.xhtml HTTP/1.1" 200 37693
181.53.13.125 - - [05/Oct/2023:11:56:46 -0500] "GET /sipse/faces/javax.faces.resource/theme.css?ln=primefaces-sipse HTTP/1.1" 304 -
181.53.13.125 - - [05/Oct/2023:11:56:46 -0500] "GET /sipse/faces/javax.faces.resource/layout/layout.css?ln=primefaces&v=4.0 HTTP/1.1" 304 -
181.53.13.125 - - [05/Oct/2023:11:56:46 -0500] "GET /sipse/faces/javax.faces.resource/jquery/jquery.js?ln=primefaces&v=4.0 HTTP/1.1" 304 -
181.53.13.125 - - [05/Oct/2023:11:56:46 -0500] "GET /sipse/faces/javax.faces.resource/primefaces.css?ln=primefaces&v=4.0 HTTP/1.1" 304 -
181.53.13.125 - - [05/Oct/2023:11:56:46 -0500] "GET /sipse/faces/javax.faces.resource/jquery/jquery-plugins.js?ln=primefaces&v=4.0 HTTP/1.1" 304 -
181.53.13.125 - - [05/Oct/2023:11:56:46 -0500] "GET /sipse/faces/javax.faces.resource/primefaces.js?ln=primefaces&v=4.0 HTTP/1.1" 304 -
181.53.13.125 - - [05/Oct/2023:11:56:46 -0500] "GET /sipse/faces/javax.faces.resource/layout/layout.js?ln=primefaces&v=4.0 HTTP/1.1" 304 -
181.53.13.125 - - [05/Oct/2023:11:56:46 -0500] "POST /sipse/faces/presentacion/financiero/solicitudProceso/listarSolicitudProceso.xhtml HTTP/1.1" 200 1404
216.244.66.195 - - [05/Oct/2023:11:56:49 -0500] "GET /BLA/resoluciones/AUTOS%202011/3758.pdf HTTP/1.1" 200 305603
216.245.221.92 - - [05/Oct/2023:11:57:13 -0500] "HEAD / HTTP/1.1" 200 -
181.53.13.125 - - [05/Oct/2023:11:57:17 -0500] "POST /sipse/faces/presentacion/financiero/solicitudProceso/consultarSolicitudProceso.xhtml HTTP/1.1" 200 37216
181.53.13.125 - - [05/Oct/2023:11:57:18 -0500] "GET /sipse/faces/javax.faces.resource/theme.css?ln=primefaces-sipse HTTP/1.1" 304 -
181.53.13.125 - - [05/Oct/2023:11:57:18 -0500] "GET /sipse/faces/javax.faces.resource/layout/layout.css?ln=primefaces&v=4.0 HTTP/1.1" 304 -
181.53.13.125 - - [05/Oct/2023:11:57:18 -0500] "GET /sipse/faces/javax.faces.resource/primefaces.css?ln=primefaces&v=4.0 HTTP/1.1" 304 -
181.53.13.125 - - [05/Oct/2023:11:57:18 -0500] "GET /sipse/faces/javax.faces.resource/jquery/jquery.js?ln=primefaces&v=4.0 HTTP/1.1" 304 -
181.53.13.125 - - [05/Oct/2023:11:57:19 -0500] "GET /sipse/faces/javax.faces.resource/jquery/jquery-plugins.js?ln=primefaces&v=4.0 HTTP/1.1" 304 -
181.53.13.125 - - [05/Oct/2023:11:57:19 -0500] "GET /sipse/faces/javax.faces.resource/primefaces.js?ln=primefaces&v=4.0 HTTP/1.1" 304 -
181.53.13.125 - - [05/Oct/2023:11:57:19 -0500] "GET /sipse/faces/javax.faces.resource/layout/layout.js?ln=primefaces&v=4.0 HTTP/1.1" 304 -
181.53.13.125 - - [05/Oct/2023:11:57:20 -0500] "POST /sipse/faces/presentacion/financiero/solicitudProceso/listarSolicitudProceso.xhtml HTTP/1.1" 200 30538
181.53.13.125 - - [05/Oct/2023:11:57:21 -0500] "POST /sipse/faces/presentacion/financiero/solicitudProceso/listarSolicitudProceso.xhtml HTTP/1.1" 200 30538
181.53.13.125 - - [05/Oct/2023:11:57:22 -0500] "POST /sipse/faces/presentacion/financiero/solicitudProceso/listarSolicitudProceso.xhtml HTTP/1.1" 200 1404
181.53.13.125 - - [05/Oct/2023:11:57:23 -0500] "POST /sipse/faces/presentacion/financiero/solicitudProceso/listarSolicitudProceso.xhtml HTTP/1.1" 200 1384
181.53.13.125 - - [05/Oct/2023:11:57:23 -0500] "POST /sipse/faces/presentacion/financiero/solicitudProceso/listarSolicitudProceso.xhtml HTTP/1.1" 200 1404
173.252.95.1 - - [05/Oct/2023:11:57:25 -0500] "GET /con-el-pot-bogota-tendra-30-mas-de-areas-verdes-protegidas.html HTTP/1.1" 200 940
181.53.13.125 - - [05/Oct/2023:11:57:24 -0500] "POST /sipse/faces/presentacion/financiero/solicitudProceso/listarSolicitudProceso.xhtml HTTP/1.1" 200 44704
181.53.13.125 - - [05/Oct/2023:11:57:26 -0500] "POST /sipse/faces/presentacion/financiero/solicitudProceso/listarSolicitudProceso.xhtml HTTP/1.1" 200 44692
216.244.66.195 - - [05/Oct/2023:11:57:28 -0500] "GET /BLA/resoluciones/AUTOS%202012/0005.pdf HTTP/1.1" 200 169005
181.53.13.125 - - [05/Oct/2023:11:57:28 -0500] "POST /sipse/faces/presentacion/financiero/solicitudProceso/listarSolicitudProceso.xhtml HTTP/1.1" 200 17733
181.53.13.125 - - [05/Oct/2023:11:57:31 -0500] "POST /sipse/faces/presentacion/financiero/solicitudProceso/listarSolicitudProceso.xhtml HTTP/1.1" 200 146945
181.53.13.125 - - [05/Oct/2023:11:57:33 -0500] "GET /sipse/faces/javax.faces.resource/theme.css?ln=primefaces-sipse HTTP/1.1" 304 -
181.53.13.125 - - [05/Oct/2023:11:57:33 -0500] "GET /sipse/faces/javax.faces.resource/primefaces.css?ln=primefaces&v=4.0 HTTP/1.1" 304 -
181.53.13.125 - - [05/Oct/2023:11:57:33 -0500] "GET /sipse/faces/javax.faces.resource/layout/layout.css?ln=primefaces&v=4.0 HTTP/1.1" 304 -
181.53.13.125 - - [05/Oct/2023:11:57:33 -0500] "GET /sipse/faces/javax.faces.resource/jquery/jquery.js?ln=primefaces&v=4.0 HTTP/1.1" 304 -
181.53.13.125 - - [05/Oct/2023:11:57:34 -0500] "GET /sipse/faces/javax.faces.resource/jquery/jquery-plugins.js?ln=primefaces&v=4.0 HTTP/1.1" 304 -
181.53.13.125 - - [05/Oct/2023:11:57:34 -0500] "GET /sipse/faces/javax.faces.resource/primefaces.js?ln=primefaces&v=4.0 HTTP/1.1" 304 -
181.53.13.125 - - [05/Oct/2023:11:57:34 -0500] "GET /sipse/faces/javax.faces.resource/layout/layout.js?ln=primefaces&v=4.0 HTTP/1.1" 304 -
201.245.192.253 - - [05/Oct/2023:11:57:46 -0500] "POST /forms/lservlet;jsessionid=ac16012b30d6e3ac83cfa34d44e69cdfe83dd14ea1cd.e3iSbxaKaheRe34Pbx8Nc3aQci1ynknvrkLOlQzNp65In0 HTTP/1.1" 200 2
181.53.13.125 - - [05/Oct/2023:11:57:53 -0500] "POST /sipse/faces/presentacion/financiero/solicitudProceso/consultarSolicitudProceso.xhtml HTTP/1.1" 200 124661
181.53.13.125 - - [05/Oct/2023:11:57:54 -0500] "GET /sipse/faces/javax.faces.resource/theme.css?ln=primefaces-sipse HTTP/1.1" 304 -
181.53.13.125 - - [05/Oct/2023:11:57:54 -0500] "GET /sipse/faces/javax.faces.resource/jquery/jquery.js?ln=primefaces&v=4.0 HTTP/1.1" 304 -
181.53.13.125 - - [05/Oct/2023:11:57:54 -0500] "GET /sipse/faces/javax.faces.resource/primefaces.css?ln=primefaces&v=4.0 HTTP/1.1" 304 -
66.249.66.192 - - [05/Oct/2023:11:57:54 -0500] "GET /mujeres-que-reverdecen-secretaria-de-ambiente-anuncia-el-inicio-de-la-tercera-fase.html HTTP/1.1" 200 954
181.53.13.125 - - [05/Oct/2023:11:57:54 -0500] "GET /sipse/faces/javax.faces.resource/layout/layout.css?ln=primefaces&v=4.0 HTTP/1.1" 304 -
181.53.13.125 - - [05/Oct/2023:11:57:54 -0500] "GET /sipse/faces/javax.faces.resource/jquery/jquery-plugins.js?ln=primefaces&v=4.0 HTTP/1.1" 304 -
181.53.13.125 - - [05/Oct/2023:11:57:55 -0500] "GET /sipse/faces/javax.faces.resource/primefaces.js?ln=primefaces&v=4.0 HTTP/1.1" 304 -
181.53.13.125 - - [05/Oct/2023:11:57:55 -0500] "GET /sipse/faces/javax.faces.resource/layout/layout.js?ln=primefaces&v=4.0 HTTP/1.1" 304 -
201.245.192.253 - - [05/Oct/2023:11:57:57 -0500] "POST /forms/lservlet;jsessionid=ac16012b30d631b237d665c3491e938ed2fcaf258f77.e3iSbxaKaheRe34Pbx8Nc3aQci1ynknvrkLOlQzNp65In0 HTTP/1.1" 200 2
216.244.66.195 - - [05/Oct/2023:11:57:58 -0500] "GET /BLA/resoluciones/AUTOS%202012/0042.pdf HTTP/1.1" 200 170115
181.53.13.125 - - [05/Oct/2023:11:58:25 -0500] "GET /sipse/faces/javax.faces.resource/theme.css?ln=primefaces-sipse HTTP/1.1" 304 -
181.53.13.125 - - [05/Oct/2023:11:58:25 -0500] "GET /sipse/faces/javax.faces.resource/primefaces.css?ln=primefaces&v=4.0 HTTP/1.1" 304 -
181.53.13.125 - - [05/Oct/2023:11:58:25 -0500] "GET /sipse/faces/javax.faces.resource/layout/layout.css?ln=primefaces&v=4.0 HTTP/1.1" 304 -
181.53.13.125 - - [05/Oct/2023:11:58:25 -0500] "GET /sipse/faces/javax.faces.resource/jquery/jquery-plugins.js?ln=primefaces&v=4.0 HTTP/1.1" 304 -
181.53.13.125 - - [05/Oct/2023:11:58:25 -0500] "GET /sipse/faces/javax.faces.resource/jquery/jquery.js?ln=primefaces&v=4.0 HTTP/1.1" 304 -
181.53.13.125 - - [05/Oct/2023:11:58:25 -0500] "GET /sipse/faces/javax.faces.resource/primefaces.js?ln=primefaces&v=4.0 HTTP/1.1" 304 -
181.53.13.125 - - [05/Oct/2023:11:58:25 -0500] "GET /sipse/faces/javax.faces.resource/layout/layout.js?ln=primefaces&v=4.0 HTTP/1.1" 304 -
181.53.13.125 - - [05/Oct/2023:11:58:24 -0500] "POST /sipse/faces/presentacion/financiero/solicitudProceso/crearModificarSolicitudProceso.xhtml HTTP/1.1" 200 191011
216.244.66.195 - - [05/Oct/2023:11:58:29 -0500] "GET /BLA/resoluciones/AUTOS%202012/0045.pdf HTTP/1.1" 200 170832
190.146.168.87 - - [05/Oct/2023:11:58:37 -0500] "GET /kwssiamovil/sm/des/ldap/au?x=U2FsdGVkX1/HH76HltUEg0FkHMMIMff7lDazvK021ULfIz57OLNLAEzrbzZwOFSi&y=U2FsdGVkX18ba8yMKgzuIsZtqf+iMcPU5wWfJEduUbbh3ThFPTf9RAC13/PFfJDV HTTP/1.1" 200 31
190.146.168.87 - - [05/Oct/2023:11:58:49 -0500] "GET /kwssiamovil/sm/des/ldap/au?x=U2FsdGVkX195KSwD0imir7lyxzvOD0PuyoQBssHMjpti2Xe8KKp2RRLiGAftW7kv&y=U2FsdGVkX1/kRA+l8/i5dlsuRgs1f6KFcTnlB9KWXkS2leRdSa4zWbRudUeYwNTr HTTP/1.1" 200 30
172.22.2.4 - - [05/Oct/2023:11:58:57 -0500] "GET /BLA/boletinlegal/normativa.php HTTP/1.1" 200 8343
216.244.66.195 - - [05/Oct/2023:11:58:59 -0500] "GET /BLA/resoluciones/AUTOS%202012/0121.pdf HTTP/1.1" 200 664408
216.244.66.195 - - [05/Oct/2023:11:59:27 -0500] "GET /BLA/resoluciones/AUTOS%202012/0460.pdf HTTP/1.1" 200 338605
190.146.168.87 - - [05/Oct/2023:11:59:37 -0500] "GET /kwssiamovil/sm/des/ldap/au?x=U2FsdGVkX1/TvojgXU3k2iqODUGItt/6Qi6TPxAJeR6Ra69n1FoVkCVk/W3MX/84&y=U2FsdGVkX1+E2oqVUVqA/EkHvLdjHnGNaViGgq6PmNVj7qyy1D6aaLtP6nY3AZQ4 HTTP/1.1" 200 30
190.146.168.87 - - [05/Oct/2023:11:59:39 -0500] "GET /kwssiamovil/sm/des/acme/s?s=U2FsdGVkX1/Qnw4FHvVckYQlfzPntkTI3u9OoQtwGMzN/yVlaEM2mijvSXDWhz/1U33jra9FNIFnL48ypEs5dAzaEFnXIbGaNie1hakwl2w=&u=U2FsdGVkX18m6aft5RsA5ZpIcyEF6DaNrVonz4XgpLE=&y=U2FsdGVkX1+E2oqVUVqA/EkHvLdjHnGNaViGgq6PmNVj7qyy1D6aaLtP6nY3AZQ4 HTTP/1.1" 200 97
190.146.168.87 - - [05/Oct/2023:11:59:41 -0500] "GET /kwssiamovil/sm/des/ldap/au?x=U2FsdGVkX1+aWxMiKfyHk5ncH3WEQGFKFPTIEVLnlxx3cUiEFTSrJDru0Uy48RRM&y=U2FsdGVkX189ehttS0A3S6OpOqQhVk6PmlyQO42nJfAd2CG1pEJTcD2isVa3DPAY HTTP/1.1" 200 30
190.146.168.87 - - [05/Oct/2023:11:59:39 -0500] "GET /kwssiamovil/sm/des/acme/s?s=U2FsdGVkX1/znD277ZJ/edaWQfdJX8jJL6y5J9PYYbO0CaMfBr9roUTH8TWlhoSVSFvNYlWQ4rByC4Kwp3lX1f5WVnkuRRNdeiRmKxSSB1zWvhYGuJ1g9dhT78d4LgL68S7oce8uyH6IOtMdnwtffL2W5mnHQhbxb5aKoRHMdVNXV62NZQQE0lo588etmR6naYbGCUyzDoJqeS7SyveXZNc6FWqj+lv5fGgw28F8ZGlQagyb00M+zHh7bKzwfMKC6ptHrUCXBAF87c09+oKbT5fj79RQBo7mgYvS2YI7JQxs05fnlvMY76BHhl4rlCA8KpAcF6kL6mcfYORwJE9N6bQlJrnU99FVCVXZs7fl3+kFCg4eruOU7calPlUjkZk3zl79Ajw7ekdMhQ2oAT2zzHb9Vzykw1jGI/LPJi+55cHEd8cfF1I0ja2OrBm8fIbXwHJJBUkHQynmNeQISGbKe6m8b99/H05biiYuoRympEwEPCb3Q8/yi4lhfL9LH1oXZfm/d4jPwDfNKGOuk1nKcOm/aXCRieAdFAdFEBImKiR+GE8rLSQFtKOTtP+1blH2M7oMzq61whELQYCOmptJiWi82OziOtjEjLNmgT6YKqCzvlXcVw/ciMOxrZslNOlDCHetlH3PzdOFesMB1KqL81O64CEFrHZOaNwcHo56zvbWg4L3P4+O1UfYdfc/j3QS3uN82KYrQOVjDE5LZtyiRfS/A2yjuHBbLZ8KiB1FJaepO7pr7+nfHyqMjzbwQQcHNrArNTmj0VQqz9iG1VWX054ZwhfDydqSFddQ7sLRN+hp8Iy11YB3mB4oKv6jUQnL1wdtkKsNxKGozGrT0fkKcVpQP5cUeCaYeA1PLSHqvVdK7NllVIDkpLEws17NymYyg58ZEFGz9sbi7fZ02gulDTDlRscQOQkYPwGZ5XGYg3W2/OhVlStL1togHlw9yt1YhFjvWBXWGFFzlIPlkNgWB4bfA1QWCRLKqYIAxf741nioQAP8zKsXd7WX8WXP7s66JjlbN3OyDQZTqezR9F2mtNKVzMq2Br119wpxAPR33uLkUZl7EHB1eANLUUsQ8tpBRR+WQmeXeKPm1VEWIntkqz5Em8goeungCH1+y/cJbA8Crkngy8Vd+wBcxxos4wz43qrzWJoMC2VQ98CRG0LHwSe1wLqxL7JAfxP45keF91MafJAsyIIQOIpL/xTqXZ1SQOpQ2YhVfgSORb1VAq7Rauq5wVt05AP2jv7n70HoRKSxbGpL6PK7bPjF7g1Xkl+5/Ydsv3AlfqOlXQ+YtempE7mOUmo0iPAOkEWVjZS9RWMYvPg/x1JbIRGpW7NBwrKhTDfYLsud7y1JeQkGGI2WQfgmmRilRE1XHgZYS0hBXdkRy7PZ8p/g2jGbUpAn9XKXRyzk1Qy4GxH1Z93XxcmRkX6HAZ9Dgoow3XckbLum50QWVJzVnrfZNHUvaiSphn90OyNu8ziL6M14Ar7SeYSUB2MRRS0jiMqatHEQihCUyGHJUB9czJ/vjnORbD6r1S0Pz/MtyKp7SYAaX7Lrw+xwkjUmZ8JAzXvM4367XYi3b4NRrAgUnwxRI4q13RToefx3MJrzbfbmS8vgZtLhwH8v6pexH6yRvMpWPm7k/a15qxv3cnzE3ZPJn2lTWa6HGAaxPeK9HTXDP6jBxGGlSpcEwimLC5cn2YclwXLuZO5dN0Uo2JFySwu05sMv8pGzKAolcAfvUw/tfMGor8v20Xuunh9/3QFGggpEAFOGP8e6U1A=&u=U2FsdGVkX18m6aft5RsA5ZpIcyEF6DaNrVonz4XgpLE=&y=U2FsdGVkX1+E2oqVUVqA/EkHvLdjHnGNaViGgq6PmNVj7qyy1D6aaLtP6nY3AZQ4 HTTP/1.1" 200 1412
190.146.168.87 - - [05/Oct/2023:11:59:42 -0500] "GET /kwssiamovil/sm/des/acme/s?s=U2FsdGVkX18iB5uOJoRN1FSaoJxEdPszCMyPOOntKSWABuwhlxjhiA0KLwzKLbDjZAUdCqQK+jSZ2HUZreaRPoKpSm0gtXie7K57gmBvAu0=&u=U2FsdGVkX19gLnpbpmG3/YTTaDnk7CNE7srtsonfyDY=&y=U2FsdGVkX189ehttS0A3S6OpOqQhVk6PmlyQO42nJfAd2CG1pEJTcD2isVa3DPAY HTTP/1.1" 200 97
190.146.168.87 - - [05/Oct/2023:11:59:42 -0500] "GET /kwssiamovil/sm/des/acme/s?s=U2FsdGVkX199ajhDgkWsxZx2h86Qi7mfNlmQxTKlJtpRlgenY2k+9VXBXaTonyev8WCZtShAfhrN5eLC3/25dcEf0zdBS4ndaXqPV240If96rz+J1htsNxox+DejIbjaEBAw/YA1TyqLArYkBcADfcxPDwzsWBoiTn+c0cj/I65tV30BjmQ/h/iOZI5v2qDEl57WxMCduBo1D2U32sUJEjQ+V+bl7mfaPG2FKkbPubc99L5QkHFZzO/iJI1IC0tBUyhWpuJgEhcegatTRnyykxdJgOmYSYxp9dl3CcazbsxLRuhp0CQzjvwWFS0eFlcUkRPiZGSmmKXDY07OGp6o6oWxk7rWu+7IQlYtB/lPircOQLZXXOGiq/uCH4Q9a6HIQLROwI+VeVWUuWmDQfjYNz0ibwKNHIEqmLBxbp1vpVh5j9D5A1gX1grpe1TFJwfpfVBI7LFeDcwXSfNZ7g3n+9JjfeXjdqDh7g8CCS3f6vIW11SPZP9RFZfDM3X0pQRZalet9UOuYyDyhjmU7GA24DRR5gIyVAlgXkEQK4V10kN7elHOt/Qs2Ne8Loe/jrb03/l8BuvdRETcQ9YR9coXOYcm2iolZY7gDfKtf4eTssXTGcAifsy1xqnHzAcJ7/6H2yfQot+hCU+opJQZn/WJv1gowTKwcmijV0svjrmBqV8gutEaIpA+NjZpCIqq5zK57npv9yUyKSGZG8zR+oN2v1+2uMu1a/yDY6noqNhpUHRc6NDNNUP8+Wgg32i5+/Yn&u=U2FsdGVkX18m6aft5RsA5ZpIcyEF6DaNrVonz4XgpLE=&y=U2FsdGVkX1+E2oqVUVqA/EkHvLdjHnGNaViGgq6PmNVj7qyy1D6aaLtP6nY3AZQ4 HTTP/1.1" 200 359
190.146.168.87 - - [05/Oct/2023:11:59:42 -0500] "GET /kwssiamovil/sm/des/acme/s?s=U2FsdGVkX18lYuk/8MH84i3rbqtbrFzK362F3Fidx+dK1RES7tGaLrM5wSVpeDi8acsS8/Xa2K2wQRh3pVJJtvBnsEgVpx6BveW6IOvZONJ9VHekKWMczkyd5j0z06/wipB77LOsTU7RXv1y6sYIxszeTKvw2dwsAfUvs9H3RGx1o+OuMCIi7kuBjomhF8SmNwmbEPwPwArFaoY6lLXMMjlvgBfCx9tMzbVzrqViLXk9dOZqJ8nUiySk4z71nTqfVjiGpOji9S3uFptFNBDH8nnkPOj3dY/PfZR+kVxeOnC+UvaDnu6FJNMTpZCRLh59snp7zyMDwIDr2tgDa5+wJLXqX0CKbfH1QYmCKBH7O7NDaEJwTgvAbH8NTVZPhp6L77x+ScF+cMlFLXX7Dg2zQgEo7eD0YVkcsN+Hk/6a/IY4Mpq9RftB5chM5k+f3yxgcDK+ymD1tzH26xD2uc1iPPRSL3KSKXxh+aCq9YlwmQt+YI+0QJBMA3YgfxEVRRd3mYnp7bFRbVU584RxxhvFPFNDVj8R1iC2UqlOPj685ZAqaQt3KcvVeN1051+6hh8jziWf5fP+ym2/5Wl7bChTiaMglGO5kbDIBLpO+C5sTj6isLAPoSWqDMGINBreca5NyZ0WDmhMCDkG0CF3tuX9sKRNwtCwT05ODGBHrUhM2ESM7OxJO5pqenwNPw47kG1fL7w5Q5Xvq+h6ItejK41jmz6dFD2x4D3nYXZt9wVoNjqEBPFue6TS0Wmig3Oly37nL3BSuFGHBqRuPphKtsdyMKmiukUmB+3AISEeW/qfmi4XS0Wcr2K/zpkqQhLn8sMl010gXVS5zLKZ3nDvUmHRLEr0k07eQySeEYc7Lxt98nQNm8zJZ4CdlTjaApoFaRxpM/RkmDRyCANG59MfX4VymACaBQQe1N3g78RNE2Od8MUEs22xi904GXo1GIQvXfiBI75NYkxaEvdLvoABeVzt48Lw09zwXrdpbVF2u7GMjd55DlsKqQY35ckQRN/FhMP2Bq/bQdkl+bSBnyRY9k0ZbYJcq4cojiArrM6NjtnyxBUBAICU0lZ42pTA2PZ/etyKH55F3Q7dJDiYaUoWHOEif99Gx++DsSAsGKHa6kQsuerIWDklxe6fzMcOLW77MCTo707M+L5E7g94R7ggTGUT2rjI216aKkS/tHPIMnW4LJA9J9IDbxylulFGoKGyrBKKtVswngYhnP//RQBjVSIqvIVnkuBGk+4sXUf/BWQPtGoEmVr4iyoO5ku2NFQszKHhJO3ByLcljzAsEB22PHzq5o0FiN+S3mJM7lhOZcxizxPREGfEOCPUHo34Xn2irWaHehrPFqk4N0cf1sLfRSckkXaY5pU83YnTBKmVxx7ytP3I8p1BtkoZ2TbrowWFzMLUDPUJZbFOwURVfaw99K4aTurnJ3wQMboiOtlS8obITn5ATD31HLWOf5qQKoij7qjopzSKlW7NNjpDgoRBYOUvrUGulhQwzbbYwpTSYfVFayolrl5hRLF8bu3V88jO1Kr6poiDR6IHDp1Y9xHDq5uLPYGAYz57mgJZvQbiGdobL5Hbwta9vtp7WhfFN70AjN1nqAuFBXDSfuz8c/WdIXqiZiT53zfEVo3RVQSz+qdeVhwY0tVnEo7bLojZXZSHs6dqXldGVVgOtRRfY5NneAjn6Y4wfaPEXPxwiCV1LHzgYYPB8BUqwQw2YovXuawk+rU6HLW/YuieTEEJC43UseHF/5rnz2cGk2+O+wf6f4SrzsE=&u=U2FsdGVkX19gLnpbpmG3/YTTaDnk7CNE7srtsonfyDY=&y=U2FsdGVkX189ehttS0A3S6OpOqQhVk6PmlyQO42nJfAd2CG1pEJTcD2isVa3DPAY HTTP/1.1" 200 1412
190.146.168.87 - - [05/Oct/2023:11:59:42 -0500] "GET /kwssiamovil/sm/des/cjson/pre?f=1&x=U2FsdGVkX1/TvojgXU3k2iqODUGItt/6Qi6TPxAJeR6Ra69n1FoVkCVk/W3MX/84 HTTP/1.1" 200 32032
190.146.168.87 - - [05/Oct/2023:11:59:42 -0500] "GET /kwssiamovil/sm/des/acme/s?s=U2FsdGVkX18DIE98SMniQh4pQcLVrORxq+w1g+o3jbRpvROJCpiookDUy2DJc/GOtLDeNy8BCq5JjAWGfxVJJIU/FCsSAOl6WRax7aA4HJ5yFVIACcxRZKgxnrY6TDBQIVVT8/oPQUaj/FYB2y1KFlh8ARPNTfIoV5b3PWZWf2JnLX7nCk78odTKPJGcPwwHJwljlsDU0hymJrlqZy2x/EfY/tt+5++DpnklZh+pg3P8kNJGvK1/8eQ+n8JXo3rLa+wI2pgH0y+3HCTEukPeRx5Qhg3ajZSDr/nJ6z9zxI6EVfFlXJHtgRXr30M2k+iZQOoLxtkPV/2SzMmEViEAzstnLwLVZojt454p/aELBrsa6bchD2dp4m++LtGlxG4rDEs8ffoI/k5cZdTnPEyzGsxFfHuweDf9MsGCLIgDAI8MunSPJSa7GhY2fEp+asqtDHcaqogZVy69Ct9jnCOEbni9PSP5qxfkK0VBl/B2WaGJedmrkJ31/kmEkrUpRn/DPF1HSg0SpNfG+W3l3F2B6Qyy61eQwIsehSMtcMQoz9E8ZO1qz9RZaHJp1g/4QZXMJt/Evh0kPk+ORh5wb5fZE/H1QcbulK+msZtnM2EmSvpr/CGBIgWMefIUweVMYs247AGUGB3asvx6hcj3UDWMQBsPT/LbLeGOwK6ElX0nVPQFjftBNIwYd29c5xrB9tsxLFda3kPUBxffjxPNsl4zRG0yA/sRzxFrI+WU7iYGwtDuPg/Xe52rFbgQar26uDse&u=U2FsdGVkX19gLnpbpmG3/YTTaDnk7CNE7srtsonfyDY=&y=U2FsdGVkX189ehttS0A3S6OpOqQhVk6PmlyQO42nJfAd2CG1pEJTcD2isVa3DPAY HTTP/1.1" 200 359
190.146.168.87 - - [05/Oct/2023:11:59:42 -0500] "GET /kwssiamovil/sm/des/cjson/pre?f=19&x=U2FsdGVkX1/TvojgXU3k2iqODUGItt/6Qi6TPxAJeR6Ra69n1FoVkCVk/W3MX/84 HTTP/1.1" 200 64589
190.146.168.87 - - [05/Oct/2023:11:59:44 -0500] "GET /kwssiamovil/sm/des/cjson/pre?f=1&x=U2FsdGVkX1+aWxMiKfyHk5ncH3WEQGFKFPTIEVLnlxx3cUiEFTSrJDru0Uy48RRM HTTP/1.1" 200 32032
201.245.192.253 - - [05/Oct/2023:11:59:46 -0500] "POST /forms/lservlet;jsessionid=ac16012b30d6e3ac83cfa34d44e69cdfe83dd14ea1cd.e3iSbxaKaheRe34Pbx8Nc3aQci1ynknvrkLOlQzNp65In0 HTTP/1.1" 200 2
190.146.168.87 - - [05/Oct/2023:11:59:44 -0500] "GET /kwssiamovil/sm/des/cjson/pre?f=19&x=U2FsdGVkX1+aWxMiKfyHk5ncH3WEQGFKFPTIEVLnlxx3cUiEFTSrJDru0Uy48RRM HTTP/1.1" 200 64589
172.22.2.4 - - [05/Oct/2023:11:59:48 -0500] "GET /BLA/boletinlegal/actos.php HTTP/1.1" 200 9682
172.22.2.4 - - [05/Oct/2023:11:58:12 -0500] "HEAD /BLA/boletinlegal/ HTTP/1.1" 200 -
216.244.66.195 - - [05/Oct/2023:11:59:54 -0500] "GET /BLA/resoluciones/AUTOS%202012/0652.pdf HTTP/1.1" 200 456072
201.245.192.253 - - [05/Oct/2023:11:59:57 -0500] "POST /forms/lservlet;jsessionid=ac16012b30d631b237d665c3491e938ed2fcaf258f77.e3iSbxaKaheRe34Pbx8Nc3aQci1ynknvrkLOlQzNp65In0 HTTP/1.1" 200 2
172.22.2.4 - - [05/Oct/2023:12:00:06 -0500] "GET /BLA/boletinlegal/consulta_actos.php?tipo=resoluciones&no=4757&usuario=&sector=&fecha=2022&resuelve= HTTP/1.1" 200 1361
201.245.192.253 - - [05/Oct/2023:12:00:09 -0500] "POST /forms/lservlet;jsessionid=ac16012b30d631b237d665c3491e938ed2fcaf258f77.e3iSbxaKaheRe34Pbx8Nc3aQci1ynknvrkLOlQzNp65In0 HTTP/1.1" 200 13469
201.245.192.253 - - [05/Oct/2023:12:00:09 -0500] "POST /forms/lservlet;jsessionid=ac16012b30d631b237d665c3491e938ed2fcaf258f77.e3iSbxaKaheRe34Pbx8Nc3aQci1ynknvrkLOlQzNp65In0 HTTP/1.1" 200 10
201.245.192.253 - - [05/Oct/2023:12:00:09 -0500] "POST /forms/lservlet;jsessionid=ac16012b30d631b237d665c3491e938ed2fcaf258f77.e3iSbxaKaheRe34Pbx8Nc3aQci1ynknvrkLOlQzNp65In0 HTTP/1.1" 200 2
201.245.192.253 - - [05/Oct/2023:12:00:09 -0500] "POST /forms/lservlet;jsessionid=ac16012b30d631b237d665c3491e938ed2fcaf258f77.e3iSbxaKaheRe34Pbx8Nc3aQci1ynknvrkLOlQzNp65In0 HTTP/1.1" 200 2
201.245.192.253 - - [05/Oct/2023:12:00:10 -0500] "POST /forms/lservlet;jsessionid=ac16012b30d631b237d665c3491e938ed2fcaf258f77.e3iSbxaKaheRe34Pbx8Nc3aQci1ynknvrkLOlQzNp65In0 HTTP/1.1" 200 13
201.245.192.253 - - [05/Oct/2023:12:00:12 -0500] "POST /forms/lservlet;jsessionid=ac16012b30d631b237d665c3491e938ed2fcaf258f77.e3iSbxaKaheRe34Pbx8Nc3aQci1ynknvrkLOlQzNp65In0 HTTP/1.1" 200 1368
201.245.192.253 - - [05/Oct/2023:12:00:16 -0500] "POST /forms/lservlet;jsessionid=ac16012b30d631b237d665c3491e938ed2fcaf258f77.e3iSbxaKaheRe34Pbx8Nc3aQci1ynknvrkLOlQzNp65In0 HTTP/1.1" 200 44
216.244.66.195 - - [05/Oct/2023:12:00:19 -0500] "GET /BLA/resoluciones/AUTOS%202012/0699.pdf HTTP/1.1" 200 225792
181.61.157.160 - - [05/Oct/2023:12:00:33 -0500] "GET /sipse/faces/faces/ HTTP/1.1" 200 601
181.61.157.160 - - [05/Oct/2023:12:00:33 -0500] "GET /sipse/faces/faces/faces/autenticacion.xhtml HTTP/1.1" 200 12418
181.61.157.160 - - [05/Oct/2023:12:00:33 -0500] "GET /sipse/faces/javax.faces.resource/layout/layout.css?ln=primefaces&v=4.0 HTTP/1.1" 304 -
181.61.157.160 - - [05/Oct/2023:12:00:33 -0500] "GET /sipse/faces/javax.faces.resource/theme.css?ln=primefaces-sipse HTTP/1.1" 304 -
181.61.157.160 - - [05/Oct/2023:12:00:33 -0500] "GET /sipse/faces/javax.faces.resource/primefaces.css?ln=primefaces&v=4.0 HTTP/1.1" 304 -
181.61.157.160 - - [05/Oct/2023:12:00:33 -0500] "GET /sipse/faces/javax.faces.resource/jquery/jquery.js?ln=primefaces&v=4.0 HTTP/1.1" 304 -
181.61.157.160 - - [05/Oct/2023:12:00:33 -0500] "GET /sipse/faces/javax.faces.resource/jquery/jquery-plugins.js?ln=primefaces&v=4.0 HTTP/1.1" 304 -
181.61.157.160 - - [05/Oct/2023:12:00:33 -0500] "GET /sipse/faces/javax.faces.resource/primefaces.js?ln=primefaces&v=4.0 HTTP/1.1" 304 -
181.61.157.160 - - [05/Oct/2023:12:00:33 -0500] "GET /sipse/faces/javax.faces.resource/layout/layout.js?ln=primefaces&v=4.0 HTTP/1.1" 304 -
181.61.157.160 - - [05/Oct/2023:12:00:34 -0500] "GET /sipse/faces/javax.faces.resource/images/ui-icons_898989_256x240.png?ln=primefaces-aristo HTTP/1.1" 304 -
181.61.157.160 - - [05/Oct/2023:12:00:36 -0500] "POST /sipse/faces/autenticacion.xhtml HTTP/1.1" 200 16248
181.61.157.160 - - [05/Oct/2023:12:00:36 -0500] "GET /sipse/faces/javax.faces.resource/theme.css?ln=primefaces-sipse HTTP/1.1" 304 -
181.61.157.160 - - [05/Oct/2023:12:00:36 -0500] "GET /sipse/faces/javax.faces.resource/primefaces.css?ln=primefaces&v=4.0 HTTP/1.1" 304 -
181.61.157.160 - - [05/Oct/2023:12:00:36 -0500] "GET /sipse/faces/javax.faces.resource/layout/layout.css?ln=primefaces&v=4.0 HTTP/1.1" 304 -
181.61.157.160 - - [05/Oct/2023:12:00:36 -0500] "GET /sipse/faces/javax.faces.resource/jquery/jquery.js?ln=primefaces&v=4.0 HTTP/1.1" 304 -
181.61.157.160 - - [05/Oct/2023:12:00:36 -0500] "GET /sipse/faces/javax.faces.resource/jquery/jquery-plugins.js?ln=primefaces&v=4.0 HTTP/1.1" 304 -
181.61.157.160 - - [05/Oct/2023:12:00:37 -0500] "GET /sipse/faces/javax.faces.resource/primefaces.js?ln=primefaces&v=4.0 HTTP/1.1" 304 -
181.61.157.160 - - [05/Oct/2023:12:00:37 -0500] "GET /sipse/faces/javax.faces.resource/layout/layout.js?ln=primefaces&v=4.0 HTTP/1.1" 304 -
181.61.157.160 - - [05/Oct/2023:12:00:37 -0500] "GET /sipse/css/imagen/contrasena.png HTTP/1.1" 404 383
181.61.157.160 - - [05/Oct/2023:12:00:37 -0500] "GET /sipse/faces/javax.faces.resource/messages/messages.png?ln=primefaces&v=4.0 HTTP/1.1" 304 -
181.61.157.160 - - [05/Oct/2023:12:00:39 -0500] "GET /sipse/faces/javax.faces.resource/images/ui-bg_flat_0_2d5972_40x100.png?ln=primefaces-aristo HTTP/1.1" 304 -
181.61.157.160 - - [05/Oct/2023:12:00:39 -0500] "POST /sipse/faces/bienvenido.xhtml HTTP/1.1" 200 1471
181.61.157.160 - - [05/Oct/2023:12:00:39 -0500] "POST /sipse/faces/bienvenido.xhtml HTTP/1.1" 200 37471
181.61.157.160 - - [05/Oct/2023:12:00:39 -0500] "GET /sipse/faces/javax.faces.resource/theme.css?ln=primefaces-sipse HTTP/1.1" 304 -
181.61.157.160 - - [05/Oct/2023:12:00:39 -0500] "GET /sipse/faces/javax.faces.resource/layout/layout.css?ln=primefaces&v=4.0 HTTP/1.1" 304 -
181.61.157.160 - - [05/Oct/2023:12:00:39 -0500] "GET /sipse/faces/javax.faces.resource/primefaces.css?ln=primefaces&v=4.0 HTTP/1.1" 304 -
181.61.157.160 - - [05/Oct/2023:12:00:39 -0500] "GET /sipse/faces/javax.faces.resource/jquery/jquery.js?ln=primefaces&v=4.0 HTTP/1.1" 304 -
181.61.157.160 - - [05/Oct/2023:12:00:39 -0500] "GET /sipse/faces/javax.faces.resource/jquery/jquery-plugins.js?ln=primefaces&v=4.0 HTTP/1.1" 304 -
181.61.157.160 - - [05/Oct/2023:12:00:39 -0500] "GET /sipse/faces/javax.faces.resource/primefaces.js?ln=primefaces&v=4.0 HTTP/1.1" 304 -
