201.245.192.253 - - [05/Oct/2023:10:47:46 -0500] "POST /forms/lservlet;jsessionid=ac16012b30d6e3ac83cfa34d44e69cdfe83dd14ea1cd.e3iSbxaKaheRe34Pbx8Nc3aQci1ynknvrkLOlQzNp65In0 HTTP/1.1" 200 2
66.249.66.20 - - [05/Oct/2023:10:47:54 -0500] "GET /BLA/resoluciones/AUTOS%202013/3500.pdf HTTP/1.1" 200 423980
201.245.192.253 - - [05/Oct/2023:10:47:56 -0500] "POST /forms/lservlet;jsessionid=ac16012b30d631b237d665c3491e938ed2fcaf258f77.e3iSbxaKaheRe34Pbx8Nc3aQci1ynknvrkLOlQzNp65In0 HTTP/1.1" 200 2
216.244.66.195 - - [05/Oct/2023:10:48:12 -0500] "GET /BLA/resoluciones/AUTOS%202012/2573.pdf HTTP/1.1" 200 312363
66.249.66.76 - - [05/Oct/2023:10:48:45 -0500] "GET /portaldeninos/wp-content/uploads/2021/11/tunel-ambiente-6-junio-1024x574.jpg HTTP/1.1" 200 94163
66.249.66.193 - - [05/Oct/2023:10:48:46 -0500] "GET /los-tramites-y-servicios-que-ofrece-la-secretaria-de-ambiente-de-bogota.html HTTP/1.1" 304 -
216.244.66.195 - - [05/Oct/2023:10:48:49 -0500] "GET /BLA/resoluciones/AUTOS%202012/2719.pdf HTTP/1.1" 200 390806
186.86.32.196 - - [05/Oct/2023:10:48:52 -0500] "GET /kwssiamovil/sm/ldap/au?x=U2FsdGVkX1//6GisRtuyBGKQNvZW/oknxZMNLmFXJp5dpv4VB254+GRr3hlL71ly&y=U2FsdGVkX1/xrJcyYGeGb98oqa78AB8FPpO3zAdeRYk= HTTP/1.1" 200 30
186.86.32.196 - - [05/Oct/2023:10:48:52 -0500] "GET /kwssiamovil/sm/acme/s?s=U2FsdGVkX1+L5kgqBW+gBUUlGy+oeh++E3Rlsqj6DJ+wnM8bsP+IYaQ8/7sOjtlhKGuB+LJZ8qFhOpPsnF6KTBVDNaktq/cs4O41lJIa3B8=&u=U2FsdGVkX19qIFWA163E2uT6qc2j67tr/4fiMjraE7g=&y=U2FsdGVkX1/xrJcyYGeGb98oqa78AB8FPpO3zAdeRYk= HTTP/1.1" 200 97
186.86.32.196 - - [05/Oct/2023:10:48:52 -0500] "GET /kwssiamovil/sm/acme/s?s=U2FsdGVkX18jzOhB2jmxr/nxNXV3cuJtocDiAqGnv0mahI4wyP9/Zk+psqdLvkgVslU6/SfnFTvSeHFCoQApyhX0yFnWvVd7gyiFzEyxt6wy6r3Ifb5KAoupzViMKnO1tNS59UL8ufFW/zy1+MMFQ11qm4XWHWCebLMnCWx0zzQ25apxYXlhqBQCFvvbMAaa3RojNEvhAqndTstJKle8YqkunU1X2zrmmiz6RMK28duh/k7YHZQ3CmbyPiIslMnsL1mC5y8ArPobuVvRaNmbDOntAgLZXF0eL9srj5ydPC2bVDVh8fiRX0jHrL0w2erO0+k/qoaiD7Ji6lT8y3v8f6//l4q1HH9OFzMAespxLf710bLQWi6X7tMI4Tqvvtqr1G6U1MiWpTCHBCWVqajnFSDIXMyPecC6zP+SVUka+hiLyCh7+kw1eUvNbjuFiubLF1pxVlJLsx8AjnOSJP2B08IXOiMkVu/cPDk3I5PtSY0ZF/2TzryXp5Es79sw+yJGRqfgDOdVnAvhssf0TZ9INH8X2jF2C53Bv/C4uv+kikM9bHRtOrF5KKElPNMI+zTEIwkwDDnUIS4LjRqchutL9fIFFDNBMsActIF1qogxgnm7AaCYtl5GpOUkxNnKOin4PhuonhdJOZC0KUDmjc7IFd4TS/XXDsdO4Mq0mlPW1GIBJxSYgThGttF5qljBci3859FHMrO7Wzg5oZ9TsrTnq+s+JLVpf8fT4e48ETS70V+xMGZVJP5qGgeefCy0PmNqXHUxJeLSC+lrSdEE6ydxQy3cUiz/rJHLagTa+MTH+DmgEHNIFPTEkB5zOqqceBw6qYaTyFb0mbP/aQ9h/MDK5yyp/7tk9apFrZo+pntTtfGYRw0oweRSoTPlT2/FPhF2CtXPCmXKTSOcBGoiyICWsuWLfr//Y6gIOIWFhbt/GLlDAT2G2pzJTX4eiZ8OzZ5kRxOSOmBU4u5HUl4qR/mxrFa9pWSJ3MnEChVmKYBFhmo4X1SwsLgO0/ET4sRxY1DqwrEF9lMoOVK1dAekixU3zC/aPHdfb9+YQZ7oKwDwD/zPYsOsTd7EQL63OEEFM7NGtvgIMkyPsZ48lwZ6F9aRhlTtNl3xNDezEblSoeBRgKWViQjDc1nKXXvpL530Yoe0u5QP2Q7dIa/xUGyXOSydor17IjCM2KHnTcvXsreTdk4On9gZNT8NPSq/4nnbTazluw3M0Jrb/q9g8lMmVge8LpjKDCQVD6Ng7pJZEBOkJh8yvlPxeJKvdf7WuHCgnR/iDX1Y4cOw6Nfbizj8cICO0jgLAfUbelklWJN2ZQVntiRyqiFZkjT11vkKEFic3j+O9DkMKXSP2EyJsIwR3z5gDmUfog9XiI2BJQkAetZh+fLMXdND8Bmr71dCm6gVhd0SaW+8yB8n1OyutkaoSZM9EdzydyvirajI8GZYv2TY1GSX/10nsHAA+kIZNtOjHxvMlTrR7cbV7kdZx/8b1Z+uny5DT4IkmPEi4wdWvCozZQENlzP2Y1Jmj+uU9xQ74KcXHsawBI3ySO66xzYROC5oHVYVaaZtCsicKJ8rn7ja8JYGVJiBouPJT1BsS0ICeW6I72Oo43qvc+7GEtQv+Cfq5QlGkSVPNun8kgQkPywBJKRyv5dAjVL9E78MvuN13mCwfD9zo847jKSRT6No6ZV4oA4ZUQp4j82Se3IbQy4jKBdz+an/7mDKdPt+YT3Cc2VH1TLj1WCV0qtLPUpOR0BnjLTZ4CRwTI3PwdnL37XbYWA=&u=U2FsdGVkX19qIFWA163E2uT6qc2j67tr/4fiMjraE7g=&y=U2FsdGVkX1/xrJcyYGeGb98oqa78AB8FPpO3zAdeRYk= HTTP/1.1" 200 1655
186.86.32.196 - - [05/Oct/2023:10:48:52 -0500] "GET /kwssiamovil/sm/acme/s?s=U2FsdGVkX1+jWsFOzLZm5gR6dNodeJDDb7eZufOf9jVfYjk25Slu6albZzH1f9BqiOtuHw07qWKM8X7PbYvU+eNmS36NzoMKwE6iN6wx60IxkUUDBDtMur7fkvp/tXa9UUpjCqGZ4YbuzHCjF16TUKlp99/sOQoXo/ulrQj3hmbhObrtmotLLhSNRDLy8MYAPNu9vmC8nfx7tMoAxaaKOLxrG3ZSsi/RDrKbgCl7xzyap26kyplXjAP7eWrXqSMrWyS6AnfMY2OIUsse8UI79SXe+Lt99GkDnlE2Fo7+6yHtkZvMW5cdEK18XaFUwwvHAMI/p2jxktrbEcx9AHgnT3hUuzu1BqL4w+M8KJDa7SgPkHPDUuyoA/LTQ1iMbf3ohCuRdwaGRa/36cSL5q8wAc+Po3Ti2gJGxo5PptYBipRhvJ18a1KS7US+jEcVvMxXlIrKMlcHHfzCa2SuSRMV0NamTXM1rmKvHRJcACKwYW/a5zLjm4OFJ5COf8qeyfEmaV5Nq9KGjFj0MKEGsMVE2KOyWRSjJDsyD9Au2qquJwv53uOs7lyBj0r/i/5rd/BlYzWw9x0QHmTrVt64TrRQtWv4Mb2zLzWUHD9iiSHIEjKB7+uO0yutOpElvIA+EjTOSyvcb7kU1JlTOU/fyTWojO0TYE95vSR4eKZtpHE2YSegQgYhzdrvGptaJoMjSAmnX2VSrydPnpjs6Cp9FRP/iC6hpmWVjcKWdzWWhLiw+c5dGJicfwlZQm7DrF4WXx3M&u=U2FsdGVkX19qIFWA163E2uT6qc2j67tr/4fiMjraE7g=&y=U2FsdGVkX1/xrJcyYGeGb98oqa78AB8FPpO3zAdeRYk= HTTP/1.1" 200 208
186.86.32.196 - - [05/Oct/2023:10:48:52 -0500] "GET /kwssiamovil/sm/cjson/pre?f=1&x=U2FsdGVkX1//6GisRtuyBGKQNvZW/oknxZMNLmFXJp5dpv4VB254+GRr3hlL71ly HTTP/1.1" 200 31032
152.203.255.249 - - [05/Oct/2023:10:49:06 -0500] "POST /sipse/faces/presentacion/financiero/solicitudProceso/consultarSolicitudProceso.xhtml HTTP/1.1" 200 157845
216.244.66.195 - - [05/Oct/2023:10:49:30 -0500] "GET /BLA/resoluciones/AUTOS%202012/2812.pdf HTTP/1.1" 200 315131
66.249.66.19 - - [05/Oct/2023:10:49:33 -0500] "GET /portel_dama/libreria/php/2006/ECOSISTEMAS%20FINAL%20web_mz27/x%20restauracion/sitio/22_proye/xtras_in/cni_3.pdf HTTP/1.1" 404 1018
186.86.32.196 - - [05/Oct/2023:10:49:42 -0500] "GET /kwssiamovil/sm/acme/u?s=U2FsdGVkX183CzASn3f3uyu8RAd0cY9kkcjn/KdjVr7vvLzDQEFvDfr7VboYThn0T/lfkHZpIjR6/bMMMuqIvJTKb5RdRUE0Qg0ej2VZso+Ji3aKfecXw2vm/By6zcYomC2DxYdwxi4uS65ER+M25g+kbbdlme7CymOZHm8C4xMEYu2xbn9UkryMb3379bsrWzGu/vmjmchJuHJg10YCqE+Kpbrvy6BN0im3RxQeAZ9volDOlsNFwGdG3bNXyyiQLwNSzyjUYk1fDtpAyWfLlA==&u=U2FsdGVkX19qIFWA163E2uT6qc2j67tr/4fiMjraE7g=&y=U2FsdGVkX1/xrJcyYGeGb98oqa78AB8FPpO3zAdeRYk= HTTP/1.1" 200 60
201.245.192.253 - - [05/Oct/2023:10:49:46 -0500] "POST /forms/lservlet;jsessionid=ac16012b30d6e3ac83cfa34d44e69cdfe83dd14ea1cd.e3iSbxaKaheRe34Pbx8Nc3aQci1ynknvrkLOlQzNp65In0 HTTP/1.1" 200 2
172.22.2.4 - - [05/Oct/2023:10:48:11 -0500] "HEAD /BLA/boletinlegal/ HTTP/1.1" 200 -
201.245.192.253 - - [05/Oct/2023:10:49:56 -0500] "POST /forms/lservlet;jsessionid=ac16012b30d631b237d665c3491e938ed2fcaf258f77.e3iSbxaKaheRe34Pbx8Nc3aQci1ynknvrkLOlQzNp65In0 HTTP/1.1" 200 2
216.244.66.195 - - [05/Oct/2023:10:50:10 -0500] "GET /BLA/resoluciones/AUTOS%202013/0090.pdf HTTP/1.1" 200 1336806
66.249.66.21 - - [05/Oct/2023:10:50:24 -0500] "GET /webfile/normas/ley%20527.pdf HTTP/1.1" 404 1100
172.22.2.4 - - [05/Oct/2023:10:49:02 -0500] "GET /BLA/boletinlegal/ HTTP/1.1" 200 60342
162.55.43.55 - - [05/Oct/2023:10:50:51 -0500] "GET / HTTP/1.1" 200 319
216.244.66.195 - - [05/Oct/2023:10:51:01 -0500] "GET /BLA/resoluciones/AUTOS%202013/0289.pdf HTTP/1.1" 200 1094296
201.245.192.253 - - [05/Oct/2023:10:51:34 -0500] "POST /kwsrmcab/Wsrmcab  HTTP/1.1" 200 42851
201.245.192.253 - - [05/Oct/2023:10:51:46 -0500] "POST /forms/lservlet;jsessionid=ac16012b30d6e3ac83cfa34d44e69cdfe83dd14ea1cd.e3iSbxaKaheRe34Pbx8Nc3aQci1ynknvrkLOlQzNp65In0 HTTP/1.1" 200 2
216.244.66.195 - - [05/Oct/2023:10:51:51 -0500] "GET /BLA/resoluciones/AUTOS%202013/0387.pdf HTTP/1.1" 200 218742
201.245.192.253 - - [05/Oct/2023:10:51:56 -0500] "POST /forms/lservlet;jsessionid=ac16012b30d631b237d665c3491e938ed2fcaf258f77.e3iSbxaKaheRe34Pbx8Nc3aQci1ynknvrkLOlQzNp65In0 HTTP/1.1" 200 2
216.245.221.92 - - [05/Oct/2023:10:52:13 -0500] "HEAD / HTTP/1.1" 200 -
216.244.66.195 - - [05/Oct/2023:10:52:32 -0500] "GET /BLA/resoluciones/AUTOS%202013/0521.pdf HTTP/1.1" 200 199340
172.22.2.4 - - [05/Oct/2023:10:52:38 -0500] "GET /BLA/boletinlegal/actos.php HTTP/1.1" 200 9682
172.22.2.4 - - [05/Oct/2023:10:52:38 -0500] "GET /BLA/boletinlegal/styles2.css HTTP/1.1" 200 1838
181.32.216.101 - - [05/Oct/2023:10:52:46 -0500] "GET /BLA/resoluciones/ HTTP/1.1" 200 13696
181.32.216.101 - - [05/Oct/2023:10:52:46 -0500] "GET /BLA/resoluciones/dlf/bg.gif HTTP/1.1" 200 54
181.32.216.101 - - [05/Oct/2023:10:52:50 -0500] "GET /BLA/resoluciones/index.php?dir=RESOLUCIONES+2017%2F HTTP/1.1" 200 286831
181.32.216.101 - - [05/Oct/2023:10:52:51 -0500] "GET /BLA/resoluciones/dlf/archive.png HTTP/1.1" 200 632
181.32.216.101 - - [05/Oct/2023:10:53:04 -0500] "GET /BLA/resoluciones/RESOLUCIONES%202017/1192.pdf HTTP/1.1" 200 480696
172.22.2.4 - - [05/Oct/2023:10:53:08 -0500] "GET /BLA/boletinlegal/consulta_actos.php?tipo=resoluciones&no=3235&usuario=&sector=&fecha=2021&resuelve= HTTP/1.1" 200 1126
186.102.47.159 - - [05/Oct/2023:10:53:10 -0500] "GET /kwssiamovil/sm/acme/a?s=U2FsdGVkX1+jRk00Mzt9/vFRNdAb+lWPlUZhSae2fNP7q4QWu6Tgiji/+yhYhMbILXxhEUJW0LgXEIiIgaL2UsKHPiaVIo4U9DC6xAx02L3aUylgbOz81tQa7fEPRoR2Sh3T7e2lpbpf5GBOEvFLqV4uPP6//+jIs8ld0dnRwQRMvioorIqWa0y3gDLmzVJgnxbae83ZZpvLGx9i78QoIQ0PscpFrYWk12W/LJwZ83CNfWayPV4i9lHRoKtNjiQMUH2F6b5fpmw/+xLVv8qBbg==&u=U2FsdGVkX18/HUEG/atxMiZiBmR946BtUq5LRgu13WQ=&y=U2FsdGVkX1+96r9CZ2dbYRnGElwMyCl7/rIKLmFoCg0jTfD99k9G0Q7rvHLryPCs HTTP/1.1" 200 26
186.102.47.159 - - [05/Oct/2023:10:53:11 -0500] "GET /kwssiamovil/sm/acme/a?s=U2FsdGVkX1+yyzDi8gplYWSoOa5z2tuR15Ey/rDe/kpWc7WX0OGlo6eZUU8gDB9lCZVDhVLEGiuc/sAP+ObAtfbUqJfdyeIG8QM13vuBXEb7C6BcKkktyZl6xMrjSTyAWgnom7yBMD2im+l/+nmGIswjU3cgl3rvq3FoudEgxOo6QWWrzyAnOx2slBmcZEwT3kSMcQ/7Alr/YWVduOE2dMj8VceMGVwhgJ466BnItdGzaUnu32xl8F/jJ/f8SfyEz/Q9Lk2T1PCCXsFKIiH5kGZofdvCz1FkNCtSCxv0cNrBLSd2VMHrOpZckpC/pD6oEHAzD+8s5eCIFEctV+gbOX12qeBozun4PUML7la0/O1HGgamB6rXubTOsU1QHuR50r2ScjTK98sBHgBWR1hYDCnHRevcBNI2AR1d2c/NKAp6ZCm0jzEZ1+WtXMST3m/Gprlzqh3US/vxDUJfiRW8PZz6jWUgs2/sW/ChkaV8FA7gjh9UOpHSKM5/ZZJKeWEGGCnHARdYQkodnE9YI1WHpWMBXuinN8HaHDB6NvXjTwaz7xcH+35MK9x/AEvEtNZjDFkTl5V+mBICuhK7P7IAZoSwDgpHm5YR+W/otRKp06T5GQW0HPdVnFEnLqZjdEX3jE8xNoPrBS8WERGazXn6KNObjFCcJPHOoh5OQaY7WQrmA/xXgu+RF+8tcZM/L0x9z2Od4krc2JqW9O5ymujJr5asMrQjoSzRQC+f7Y5xLwUz3ifgW4lCTp42GVth1GIcjfJtXMgyKjBaK6wh87ENkGhSFUQAchDmRmX7F6YBGRBtnHvm0ETx+dMmHzWfGExMpJty7ha75ge7J1xtcYZVtQWx0b/iowtwJy4mQGpMe8UYvHn9h555aaLTHa1ZrWGIlO2kgZ8D1DnyDR0BnC2klstJZEHjNX/8DVVONIJIQWDvcc3gPLKVkwIttlAT/k82f1t7tC7Xs3WHqdbrR6VUR5qB1GkRvmWBa2jmQTC1xB8GAL0sR9D0WviDUtacSAKwyJ4PRaMkPsOdl0oYlVrNnDEqjCYmJPOGRXT384fEO8HF1MxKGRhnmVFcvE3WAMKya6WjRV8xhMWT5ubL9jgb1SFtgB/5XF3iPp+BRGuEmxtJH02PVD8Zn8JLl1eY2RuTr3d+Q2v6QGSYQhNeskBvj2zkoHKNnWc/uezGWuRbsjfyoWBifD4vXFihxAe5EWBT5BRj4dE8BF+G0xeQt+mbQNfO5uWSr05oPijSOMT60Z+EqlXUmmtOl5cYru1tSzLcXg3S7W9fKqjlB8oLaZlyeoHRRbkZOpOHP1bNpgJ5OxV4Fkkkb86ArD/J0BpvQLXQfE0epe0XkvIkxMnYJxx5ZX0D223xHkqSBFYnuKtY1Kob5M+xe4ErcgX9Spw9hSCH/sHlWMusddND5BpdSxd7OYwfiHGn5yILUM7yonDu0rbpQxQA7vGvwuhAyUfn8g1nhCTFrXJj7DHwz6iR7N8TYu0iVvCLFQAXk+rLCXXIcYHe+jbj1Qz2XlErVFuETAO3dX0hkGM/owQNfb5glrLMpT3v+av+o+0tu4f1q6SNFOrYQiskhGku14RYkpbGehhuLbRe24imbgfpbPTn4KsD+LDxDxia2d7gKN1sEzZzIbJ7yI/jBwGdo+Y+0uS59UBfMGA3PmESIdvhjVUQOEdNNcBS8T8z0cSa1Nf4qezzmz9Sdwvq0VXa9PeNhS2o4sWQijx4KPt2mauVLwwHDrdETrDHFno9Tw8zr1Eb3C8KA2PXeHnD1iOpKJRGGeFHEmjIihWkP836ldZUWRnVdOU4e/2QCfrm8bsabLDoSnMPKLnJjCr5ia2MUw2vnybFr79NV7Q78o2lKWckPZXFv31cgtUIZpKqhYMBeBxr/ubGOPTAKUZSRcStkoYUeTAkhH7ASGrfJFeQyd906BjvMwrBcKph9ckRz0ClUON6GmzWOxbn7+F9v5BJ1lmEUM1PvAfF4HEmcDPK8ikk50Frh2OM8S0TUjhmjTKorWsPm6sV5XQHuBw8XlH5jUUos36wwU+r1goB3yILrm6VU8yv76hJBkCYgiXm4B/MgBKavxgt3iIWxx8+Ut+ega7RPcKNJbfOjD7/ruvI3ON1t6UeeoApV1NagBhBZhfSHXUQKd46kHsZ6OmUdysfO7aRC+wmHERzHSFL+YiZZ5VTu7YsMVdgXnc1Fxer4CRpuodoiAdczs4i97J6JRpdyoqssPhR5t9PnlMrYab8bTJLpZHcr8580kk7njJtYGczOcnXxVRFmmVZqScItBoxeTb9Mz5XPCS6WXXbqy2wfqk/d5FKRoKmKCYhp0TBF8VeKFabsXbblR13Wy4mFZ/EEeR8gEzdxGQA&u=U2FsdGVkX18/HUEG/atxMiZiBmR946BtUq5LRgu13WQ=&y=U2FsdGVkX1+96r9CZ2dbYRnGElwMyCl7/rIKLmFoCg0jTfD99k9G0Q7rvHLryPCs HTTP/1.1" 200 26
186.31.127.58 - - [05/Oct/2023:10:53:11 -0500] "GET /BLA/resoluciones/ HTTP/1.1" 200 13696
186.102.47.159 - - [05/Oct/2023:10:53:11 -0500] "GET /kwssiamovil/sm/acme/a?s=U2FsdGVkX18x8v+Sm/6epxbNjw80Ee1z3djK017hZBPo3s9XczCZzG2G5t6DEPCG0PzSHeQsd6jLX0eN+oXTqsMPs5SO76h+AQCDUf/snzJ0l2yCSSOwO6yUPcNBiCSgPV8oihG+6tNoQKy4o9UhmLTFTWuKrPTonXxw/GVbpHE=&u=U2FsdGVkX18/HUEG/atxMiZiBmR946BtUq5LRgu13WQ=&y=U2FsdGVkX1+96r9CZ2dbYRnGElwMyCl7/rIKLmFoCg0jTfD99k9G0Q7rvHLryPCs HTTP/1.1" 200 26
186.102.47.159 - - [05/Oct/2023:10:53:11 -0500] "GET /kwssiamovil/sm/acme/a?s=U2FsdGVkX1+McrnppUbvPQFwgKu/CeOf+y9Cpf8rpm1Nf+E+841PeVIRa6Xo7gekZor10EajxzQ/m/2lMXty7LRVvhdMLnemYaus88AbO0v9NxlHmGTM1YRAMhV+Nn9srj1bj72kgoVT3D/n1ZZVoziIhrcOl7Mq5UxuCzHjm4Q=&u=U2FsdGVkX18/HUEG/atxMiZiBmR946BtUq5LRgu13WQ=&y=U2FsdGVkX1+96r9CZ2dbYRnGElwMyCl7/rIKLmFoCg0jTfD99k9G0Q7rvHLryPCs HTTP/1.1" 200 26
186.102.47.159 - - [05/Oct/2023:10:53:11 -0500] "GET /kwssiamovil/sm/acme/a?s=U2FsdGVkX18uKOPZrmakE5ghp2ZL1gabzIXL7VflTBkHMdYH3dc2Mk/d4+/VRSFEsjTw5DliwztLAYJDCWBv2oCVEuBW3Xn0S5kXXJ+7ICVRG6KcG1As4mj4ERDHzRLaTzQwpl9WWcM2YUqEEpj6iw6nN1S75Bbt/qiP/ytAi3c=&u=U2FsdGVkX18/HUEG/atxMiZiBmR946BtUq5LRgu13WQ=&y=U2FsdGVkX1+96r9CZ2dbYRnGElwMyCl7/rIKLmFoCg0jTfD99k9G0Q7rvHLryPCs HTTP/1.1" 200 26
186.102.47.159 - - [05/Oct/2023:10:53:12 -0500] "GET /kwssiamovil/sm/acme/a?s=U2FsdGVkX18R3pj+u5PFGTNXyR7QjhCc5kFROobx3kv578Y3o33oOJLTDSNhihrOt2kxndG+r6ITm2uTDOU+ZrCb1w3y12TuPxivbjwxOr0o1oQM+wfpdngEtX7ouy/XZ5dQpJ6tKiOfghQhyVhsT2ptknGgqhJkbwhTBYdvSOSYNzJJ4Kq0qM3jw7YRhWu8&u=U2FsdGVkX18/HUEG/atxMiZiBmR946BtUq5LRgu13WQ=&y=U2FsdGVkX1+96r9CZ2dbYRnGElwMyCl7/rIKLmFoCg0jTfD99k9G0Q7rvHLryPCs HTTP/1.1" 200 26
186.31.127.58 - - [05/Oct/2023:10:53:14 -0500] "GET /BLA/resoluciones/dlf/unknown.png HTTP/1.1" 200 266
186.31.127.58 - - [05/Oct/2023:10:53:14 -0500] "GET /BLA/resoluciones/index.php?dir=AUTOS+2021%2F HTTP/1.1" 200 398544
216.244.66.195 - - [05/Oct/2023:10:53:15 -0500] "GET /BLA/resoluciones/AUTOS%202013/0911.pdf HTTP/1.1" 200 294877
186.31.127.58 - - [05/Oct/2023:10:53:18 -0500] "GET /BLA/resoluciones/index.php?dir=RESOLUCIONES+2021%2F HTTP/1.1" 200 442711
199.16.157.181 - - [05/Oct/2023:10:53:38 -0500] "GET /robots.txt HTTP/1.1" 404 1034
199.16.157.181 - - [05/Oct/2023:10:53:38 -0500] "GET /secretaria-de-ambiente-suspende-tres-hornos-crematorios-de-bogota-por-contaminacion-del-aire.html HTTP/1.1" 200 927
199.16.157.182 - - [05/Oct/2023:10:53:39 -0500] "GET /robots.txt HTTP/1.1" 404 1034
199.16.157.182 - - [05/Oct/2023:10:53:39 -0500] "GET /images/1%20de%20febrer%20Operativo%20hornos.jpg HTTP/1.1" 200 69569
199.16.157.181 - - [05/Oct/2023:10:53:40 -0500] "GET /images/1%20de%20febrer%20Operativo%20hornos.jpg HTTP/1.1" 200 69569
201.245.192.253 - - [05/Oct/2023:10:53:46 -0500] "POST /forms/lservlet;jsessionid=ac16012b30d6e3ac83cfa34d44e69cdfe83dd14ea1cd.e3iSbxaKaheRe34Pbx8Nc3aQci1ynknvrkLOlQzNp65In0 HTTP/1.1" 200 2
216.244.66.195 - - [05/Oct/2023:10:53:47 -0500] "GET /BLA/resoluciones/AUTOS%202013/1169.pdf HTTP/1.1" 200 536301
201.245.192.253 - - [05/Oct/2023:10:53:56 -0500] "POST /forms/lservlet;jsessionid=ac16012b30d631b237d665c3491e938ed2fcaf258f77.e3iSbxaKaheRe34Pbx8Nc3aQci1ynknvrkLOlQzNp65In0 HTTP/1.1" 200 2
186.102.17.176 - - [05/Oct/2023:10:54:23 -0500] "OPTIONS /kwssiamovil/sm/setfile/f? HTTP/1.1" 200 13
186.102.17.176 - - [05/Oct/2023:10:54:23 -0500] "POST /kwssiamovil/sm/setfile/f? HTTP/1.1" 200 381
186.102.17.176 - - [05/Oct/2023:10:54:32 -0500] "GET /kwssiamovil/sm/acme/a?s=U2FsdGVkX187QDTDdJrhCBmqbX5rK8ebmfLcn/Qwss/zD/7ah84nfKtQclHLOJ7BwRcxwIYMPSOKOqnnJc3o92zTpGj6pZ2VTy/UnjQOADHrDdGreBem754/+qguUgzXAjmdl2RfWTci/nfqmulxF7PqSJ0B+qi/lEBdpy9SK1DLumj31R8TOrdfJYCXFwtQar+i2h2J39xohDJP1/HRAqEc4krkme3og9mupD5CNLKycWof0dt3sYU2MFjPNrVN0TKUfLU1IqkrNCZ78mqZeg==&u=U2FsdGVkX18q+48RPJBip2svE72MASpyGSjM2px5aAc=&y=U2FsdGVkX1/j+5kT+WRqrc33AQz5B/f0oID8xiSN2T4= HTTP/1.1" 200 26
186.102.17.176 - - [05/Oct/2023:10:54:32 -0500] "GET /kwssiamovil/sm/acme/a?s=U2FsdGVkX1+obgZrNtIoXSdD1oPwR8T4r8IbN6VBTHQ6x6mrmrRwuXTfYpdxsMAlppbWejKOKQjRWvRcEVdg3S4D2+KpNudeJ4p30nuW7Seyjp7BhACKfiqk+DWW9+PW1ME6gjGi7xtXbJhQWSrVAnDWJZFypiDaiR7X1O70EExCF+AULkuZApAH5Qvw8+02J9rirlmGX0NLoF47gkUPx6U63+m/J35JKMeSIwF4QYTG1a4zRtjaxasLjtmHyuo7pI5EaUsR+MPnfCnNmoYN5TV5SZ/U6ISvU40lTVg1cglXFfBLx5MYCLgFOtF8evej5L8ibD8JW9CnBiS0dEB7CstnXavfDfek4DiivAJSQ6jQphEY18Driq4u9blQQggYan9AVnvELH1w3b/4y4jB7iSa5rFkCFC/hladYnqprDKltIGriONkt9t6+J2ew3CA8oD18wY3u1I3iBl1rIRcoB7FJomMGWnnAKkCt+hxcWHbPjxZy7yrjOL7gdFrJ9siqZ0TUsOyGkDsRMiFnLNoMycaRitq3J/lLeAsh7ne7COuGc9t2SFZy56rdzLpFiDPYeBf62irOmUnx1b/WE/4cPouCUJ7Zr8TT/RrM/uWfByyeZ2DN9kgfxRjDSebl/gG9XzlKBmrQyY1JARf3oMnn7OBFj0hvDVz+cw6E7TA5eu6YLjcoh/irVLBLcRsK1ZbtGmRevv+5RcRa0Su2ayr4lGFDFnS0SotY1sbC0VlYlQ2Bjz+01VOtotzfOlQ7s2s6yWtGh0eA+yKokc+YL+oF90PCtvIKhOyXnG05AjSd8VUQqhgFDKg87TQPb677XdMEFdd626ziFn2CFJ7xn5MfpyAmywZXviQW5HMJyBX+odZ8T+FdIx4+bXoWADR7VW8SC1Hc1XmBSJ6ULZOomkYNv4QxV7L3GMQbpusJpgNZtncr6oY4z0S6kCOxSZSrRFIW7iur7DPqUm08xblSlVY00KeVKsXR0wnthQar8oQ0vtJ+7n6Hmws/BOnmBoIwCZBYJiwWPwhlces3euVyrabo+1eUB0/VbbTxw5NamlzTcH0ZhNWhfXgHtV7y4NNY51Vxsi1caCuUOycMfyBhiZ8yb2ue8fwpzeqHvhwCksYKSpeZKvOPri9msxb2wypS+CPui4cHj0uos96YmZINOMm5QKPsVbpEX/c5aM3+91zxVtPyNVLDVSdOH+FHwlPHOocHptq0BIN4uUq7WuYAfokBPpV2Obyp333nyZBlTC8lwliaIB8iSy3q0+SBrQK3VK/mY5xRa7rPdPPPUYQeTE7AteLQXex9Sm9NmdGq0q9ERzbm1bJw+DCO4xJAsFdLANXg8ialGsxpc3AttwSOk+gIifcCRFNYRgHk7/5xIQ45M7W/kCRdUBPa6uoOtEATMsAeBKqowUjsPMKqLMfWK46ZFZgtCVoaJbZ2j2gLMuMArM3L1Gr8Q/fV/IVirjzkoOTmWAy452WM3lDbim1TYhp74pfiIQ8iwV7oHbiCsezj2s3C2xebgyuwNayNWBgjzBdW2GsVT/UZJgGUCsgPH+V3MHnh5HA54q1vsyVmBQ6SKFCzTUSCz+kqhJiEzyFRuEX054mHQifYUmy7bV/7WvoKZrRaH+k72dBLJ9R1m1LKtplxXLp19OfcqQoaTcuiSbsIDgRzsnEMUtY0b6Yz4ufGomhgvh+Z9SqvlClz3kWN+rJ9jIUhq/5baSNmhpEeMrkB6hQdWMaau5fnnwVNbvN1DdnjPoOvMmuQ2y/z/oLGYPf7GBBHNtulKxC7XETkXoJhqW62RDh0RhvqO/J5K2maJYlYBpX3CrTvSRqqir1wq2NRKLpHxa2ACuOIOa1bcIR18J9y19Y+x3nmC/SRIPqWlOvtgFxZR0AQKK5cr56121aYtT4ufeDsSKtnKPw72HDjUlfrqF3b0XsaGurJ2nWMQC7iLjz0kGz2GEXLy/+NqDiEmtngWrihQhed7L0ElRtshk5ICJpnedBStP+8jNnZtTZTelfRiUOoxpXPicyZfl4FAPVa2WAOwUTZYHigMNdqHsqTdqQrz5N4slWSykn2dgjVoPjI5iLbzRkWUrPDEdcvyJcx7kZ6e9rChcHxnTIiyc7J0ej3cOyKZAfbVZ56u7F+ukDo40++z5HHDrL9MbJ2wk2A+xQ8EQ0Aq3ryMXX1BrCCdDr3UgMCEF7wmqBX/oIuFYsORJyfsGrFCoe/5A=&u=U2FsdGVkX18q+48RPJBip2svE72MASpyGSjM2px5aAc=&y=U2FsdGVkX1/j+5kT+WRqrc33AQz5B/f0oID8xiSN2T4= HTTP/1.1" 200 26
186.102.17.176 - - [05/Oct/2023:10:54:33 -0500] "GET /kwssiamovil/sm/acme/a?s=U2FsdGVkX1/UDMYPKEY5UbB5JWc+RQwZSOBg+njDQT7B6CffJLYLMBvSE2vs7PBi6xRBauoj7+gyChn2xx8rIXKdSoZWmb2tHYyjwjI9p7LFquLx1NK0+VSnSJpQahRc4FIPwHDalgKyd+czZaP7w0ASM0VzPXqobZfZTS6wxkc=&u=U2FsdGVkX18q+48RPJBip2svE72MASpyGSjM2px5aAc=&y=U2FsdGVkX1/j+5kT+WRqrc33AQz5B/f0oID8xiSN2T4= HTTP/1.1" 200 26
186.102.17.176 - - [05/Oct/2023:10:54:33 -0500] "GET /kwssiamovil/sm/acme/a?s=U2FsdGVkX188+u+Oampfn9xZQGzywfjXb868wlVkehkaqTcnB10k0IBgX64B6uqBh5uHWoHpaZWnIcx5Xcg7zWYmT2be925w09qpZfPg+/aYMfHhNF4rFryIQrvLgK9bCMMVlMl3qpx3u1lcQqvUmzwFlNtOjAIBvAyblee+9Fo=&u=U2FsdGVkX18q+48RPJBip2svE72MASpyGSjM2px5aAc=&y=U2FsdGVkX1/j+5kT+WRqrc33AQz5B/f0oID8xiSN2T4= HTTP/1.1" 200 26
186.102.17.176 - - [05/Oct/2023:10:54:33 -0500] "GET /kwssiamovil/sm/acme/a?s=U2FsdGVkX1/XTMc6iZFWJOgCrt0tEOw125HcfceHhRlnxsmY+TW6gdIjlCrc0Hpk2jdVw6vamP0EDHHSTVmCE6l0/Djv1ztu3en9kxp4US/rPyH2otAOfIKm27DQv6UyFPYjx5XeXVNlVehiG+aMH4V1Do91qt3cYbXtUfmXcr0=&u=U2FsdGVkX18q+48RPJBip2svE72MASpyGSjM2px5aAc=&y=U2FsdGVkX1/j+5kT+WRqrc33AQz5B/f0oID8xiSN2T4= HTTP/1.1" 200 26
186.102.17.176 - - [05/Oct/2023:10:54:33 -0500] "GET /kwssiamovil/sm/acme/a?s=U2FsdGVkX19jkpneNeNVbhz4rkj3LNCNSbtQQ0tTcw5xnEX12TrgnIkSJYhShjP05nShhZ1g7tySlfn2ZRfnDaW4ZUEc/fmqVQymnJX2QeMuQcjTEUoH0MY+Oq+9MC3V1Yd+gJMGdLIX86Ca6I/Ol+6zVnAMu6dwUDH1/RklmpCI3mDGxkKyxvJdZ87chOxT&u=U2FsdGVkX18q+48RPJBip2svE72MASpyGSjM2px5aAc=&y=U2FsdGVkX1/j+5kT+WRqrc33AQz5B/f0oID8xiSN2T4= HTTP/1.1" 200 26
186.102.17.176 - - [05/Oct/2023:10:54:33 -0500] "GET /kwssiamovil/sm/acme/a?s=U2FsdGVkX18W0bN313jQzZM+ZKo0oBIUORT5Honin+xV6HNUXksiuPdhpjm4prDrNaIXH539IFieQBkL+plPaGOKSRUIFh1tSdZ3hs8ni15ThaHaLpYViX7QFXLyxmxot4ayjjyz7AKekNcS8LjyAXPXvSLZ6WPcn7/X1oBtp0m5yX8Pqw/vc2YF2d6zYGgl/06H0GoLv2MdU2/H+nGRHZV8KAEg+l9EudqGw2NTJ4tg26KEKsLw6FQd7ntRuIGwh1E4ijqEsLGGeeA5eSnxG6W5SEcu2YApAx/EUR1w6AKO64WOeo1NwOr62sp8FLI0vHmSGBysgGNIKOkI5y4X3Nz7yjLvEIQH1rMOt3kNg3w=&u=U2FsdGVkX18q+48RPJBip2svE72MASpyGSjM2px5aAc=&y=U2FsdGVkX1/j+5kT+WRqrc33AQz5B/f0oID8xiSN2T4= HTTP/1.1" 200 25
186.102.17.176 - - [05/Oct/2023:10:54:34 -0500] "GET /kwssiamovil/sm/acme/a?s=U2FsdGVkX19WJt6j98F9AcLDvirYMWSc+EZYE6zm57l696fkjO9HgZotZztnOwg0f21f7TvWF7PrYRDLzjRbTa6kKO1awKB9G2ynUu4EDv1aofDmp7MtWSQamtQD9/Ebh4PpMwDrRZ5Y19jQ+rIme4bpovZglyfx8YweZH8bobp0ulih2bdNqGDLImlSDh9/dOsdkNAJq6U/B/dyTLxs3b3TQeD71/SEklpRKiLoDFCZI0ACn7p82LtjfKSo8wnRqMcIZ3+OXhRZogdn3U+E7PtGKPFzFC3qP/lORMXYzmIWl6PPM7xtWaWIIsuHvsdd&u=U2FsdGVkX18q+48RPJBip2svE72MASpyGSjM2px5aAc=&y=U2FsdGVkX1/j+5kT+WRqrc33AQz5B/f0oID8xiSN2T4= HTTP/1.1" 200 25
216.244.66.195 - - [05/Oct/2023:10:54:37 -0500] "GET /BLA/resoluciones/AUTOS%202013/1636.pdf HTTP/1.1" 200 1190152
201.245.192.253 - - [05/Oct/2023:10:55:01 -0500] "GET /sipsesda/faces/vista/sistema/cargarMenu.jspx?accionMenu=consultaCalculoParafiscales&menuID=130 HTTP/1.1" 200 33335
201.245.192.253 - - [05/Oct/2023:10:55:02 -0500] "GET /sipsesda/imagenes/cargando.gif HTTP/1.1" 200 1287
201.245.192.253 - - [05/Oct/2023:10:55:02 -0500] "GET /favicon.ico HTTP/1.1" 200 7782
201.245.192.253 - - [05/Oct/2023:10:55:02 -0500] "POST /sipsesda/faces/vista/sistema/cargarMenu.jspx HTTP/1.1" 200 35559
201.245.192.253 - - [05/Oct/2023:10:55:04 -0500] "POST /sipsesda/faces/vista/financiero/calculoParafiscales/calculoParafiscales.jspx HTTP/1.1" 200 34878
201.245.192.253 - - [05/Oct/2023:10:55:04 -0500] "GET /sipsesda/adf/jsLibs/ScriptEval10_1_3_4_0.js HTTP/1.1" 200 551
201.245.192.253 - - [05/Oct/2023:10:55:10 -0500] "POST /sipsesda/faces/vista/financiero/calculoParafiscales/calculoParafiscales.jspx HTTP/1.1" 200 31847
201.245.192.253 - - [05/Oct/2023:10:55:12 -0500] "POST /sipsesda/faces/vista/financiero/calculoParafiscales/calculoParafiscales.jspx HTTP/1.1" 200 35828
201.245.192.253 - - [05/Oct/2023:10:55:12 -0500] "GET /favicon.ico HTTP/1.1" 200 7782
216.244.66.195 - - [05/Oct/2023:10:55:27 -0500] "GET /BLA/resoluciones/AUTOS%202013/1720.pdf HTTP/1.1" 200 196960
66.249.66.21 - - [05/Oct/2023:10:55:39 -0500] "GET /BLA/resoluciones/RESOLUCIONES%202009/0009.pdf HTTP/1.1" 200 214931
172.22.2.4 - - [05/Oct/2023:10:54:01 -0500] "HEAD /BLA/boletinlegal/ HTTP/1.1" 200 -
201.245.192.253 - - [05/Oct/2023:10:55:46 -0500] "POST /forms/lservlet;jsessionid=ac16012b30d6e3ac83cfa34d44e69cdfe83dd14ea1cd.e3iSbxaKaheRe34Pbx8Nc3aQci1ynknvrkLOlQzNp65In0 HTTP/1.1" 200 2
201.245.192.253 - - [05/Oct/2023:10:55:56 -0500] "POST /forms/lservlet;jsessionid=ac16012b30d631b237d665c3491e938ed2fcaf258f77.e3iSbxaKaheRe34Pbx8Nc3aQci1ynknvrkLOlQzNp65In0 HTTP/1.1" 200 2
66.249.66.19 - - [05/Oct/2023:10:56:06 -0500] "GET /BLA/resoluciones/RESOLUCIONES%202009/7465.pdf HTTP/1.1" 200 712194
216.244.66.195 - - [05/Oct/2023:10:56:06 -0500] "GET /BLA/resoluciones/AUTOS%202013/1770.pdf HTTP/1.1" 200 654593
172.22.2.4 - - [05/Oct/2023:10:54:52 -0500] "GET /BLA/boletinlegal/ HTTP/1.1" 200 60692
201.245.192.253 - - [05/Oct/2023:10:56:33 -0500] "POST /kwsrmcab/Wsrmcab  HTTP/1.1" 200 42851
216.244.66.195 - - [05/Oct/2023:10:56:56 -0500] "GET /BLA/resoluciones/AUTOS%202013/2028.pdf HTTP/1.1" 200 1022415
216.245.221.92 - - [05/Oct/2023:10:57:13 -0500] "HEAD / HTTP/1.1" 200 -
201.245.192.253 - - [05/Oct/2023:10:57:46 -0500] "POST /forms/lservlet;jsessionid=ac16012b30d6e3ac83cfa34d44e69cdfe83dd14ea1cd.e3iSbxaKaheRe34Pbx8Nc3aQci1ynknvrkLOlQzNp65In0 HTTP/1.1" 200 2
216.244.66.195 - - [05/Oct/2023:10:57:46 -0500] "GET /BLA/resoluciones/AUTOS%202013/2091.pdf HTTP/1.1" 200 360704
152.203.251.21 - - [05/Oct/2023:10:57:47 -0500] "GET /sipse/faces/faces/autenticacion.xhtml HTTP/1.1" 200 12733
152.203.251.21 - - [05/Oct/2023:10:57:47 -0500] "GET /sipse/js/disable_browser_buttons.js HTTP/1.1" 200 3230
152.203.251.21 - - [05/Oct/2023:10:57:48 -0500] "GET /sipse/css/custom_css_sg_prime_login.css HTTP/1.1" 304 -
152.203.251.21 - - [05/Oct/2023:10:57:48 -0500] "GET /sipse/js/funciones.js HTTP/1.1" 200 12592
152.203.251.21 - - [05/Oct/2023:10:57:48 -0500] "GET /sipse/faces/javax.faces.resource/theme.css?ln=primefaces-sipse HTTP/1.1" 304 -
152.203.251.21 - - [05/Oct/2023:10:57:48 -0500] "GET /sipse/faces/javax.faces.resource/layout/layout.css;jsessionid=6cZw1HiEXUWNyGbxYJZx+IkO.undefined?ln=primefaces&v=4.0 HTTP/1.1" 200 542
152.203.251.21 - - [05/Oct/2023:10:57:48 -0500] "GET /sipse/css/custom_css_sg.css HTTP/1.1" 200 9694
152.203.251.21 - - [05/Oct/2023:10:57:48 -0500] "GET /sipse/faces/javax.faces.resource/jquery/jquery.js;jsessionid=6cZw1HiEXUWNyGbxYJZx+IkO.undefined?ln=primefaces&v=4.0 HTTP/1.1" 200 105384
152.203.251.21 - - [05/Oct/2023:10:57:48 -0500] "GET /sipse/faces/javax.faces.resource/layout/layout.js;jsessionid=6cZw1HiEXUWNyGbxYJZx+IkO.undefined?ln=primefaces&v=4.0 HTTP/1.1" 200 87560
152.203.251.21 - - [05/Oct/2023:10:57:48 -0500] "GET /sipse/faces/javax.faces.resource/primefaces.css;jsessionid=6cZw1HiEXUWNyGbxYJZx+IkO.undefined?ln=primefaces&v=4.0 HTTP/1.1" 200 53295
152.203.251.21 - - [05/Oct/2023:10:57:48 -0500] "GET /sipse/faces/javax.faces.resource/jquery/jquery-plugins.js;jsessionid=6cZw1HiEXUWNyGbxYJZx+IkO.undefined?ln=primefaces&v=4.0 HTTP/1.1" 200 220526
152.203.251.21 - - [05/Oct/2023:10:57:48 -0500] "GET /sipse/faces/javax.faces.resource/primefaces.js;jsessionid=6cZw1HiEXUWNyGbxYJZx+IkO.undefined?ln=primefaces&v=4.0 HTTP/1.1" 200 276924
152.203.251.21 - - [05/Oct/2023:10:57:48 -0500] "GET /sipse/faces/javax.faces.resource/images/ui-icons_898989_256x240.png?ln=primefaces-aristo HTTP/1.1" 304 -
152.203.251.21 - - [05/Oct/2023:10:57:48 -0500] "GET /sipse/css/imagen/logoSDG.png HTTP/1.1" 200 53064
152.203.251.21 - - [05/Oct/2023:10:57:48 -0500] "GET /sipse/css/imagen/loginimg.png HTTP/1.1" 200 71635
152.203.251.21 - - [05/Oct/2023:10:57:48 -0500] "GET /favicon.ico HTTP/1.1" 200 7782
152.203.251.21 - - [05/Oct/2023:10:57:48 -0500] "GET /sipse/faces/faces/index.xhtml HTTP/1.1" 200 677
152.203.251.21 - - [05/Oct/2023:10:57:48 -0500] "GET /sipse/faces/javax.faces.resource/theme.css?ln=primefaces-sipse HTTP/1.1" 304 -
152.203.251.21 - - [05/Oct/2023:10:57:48 -0500] "GET /sipse/faces/faces/faces/autenticacion.xhtml HTTP/1.1" 200 12411
152.203.251.21 - - [05/Oct/2023:10:57:48 -0500] "GET /sipse/faces/javax.faces.resource/theme.css?ln=primefaces-sipse HTTP/1.1" 304 -
152.203.251.21 - - [05/Oct/2023:10:57:48 -0500] "GET /sipse/faces/javax.faces.resource/jquery/jquery.js?ln=primefaces&v=4.0 HTTP/1.1" 304 -
152.203.251.21 - - [05/Oct/2023:10:57:48 -0500] "GET /sipse/faces/javax.faces.resource/layout/layout.css?ln=primefaces&v=4.0 HTTP/1.1" 200 542
152.203.251.21 - - [05/Oct/2023:10:57:48 -0500] "GET /sipse/faces/javax.faces.resource/primefaces.js?ln=primefaces&v=4.0 HTTP/1.1" 304 -
152.203.251.21 - - [05/Oct/2023:10:57:48 -0500] "GET /sipse/faces/javax.faces.resource/jquery/jquery-plugins.js?ln=primefaces&v=4.0 HTTP/1.1" 304 -
152.203.251.21 - - [05/Oct/2023:10:57:48 -0500] "GET /sipse/faces/javax.faces.resource/layout/layout.js?ln=primefaces&v=4.0 HTTP/1.1" 304 -
152.203.251.21 - - [05/Oct/2023:10:57:48 -0500] "GET /sipse/faces/javax.faces.resource/primefaces.css?ln=primefaces&v=4.0 HTTP/1.1" 200 53295
152.203.251.21 - - [05/Oct/2023:10:57:48 -0500] "GET /sipse/faces/javax.faces.resource/images/ui-icons_898989_256x240.png?ln=primefaces-aristo HTTP/1.1" 304 -
152.203.251.21 - - [05/Oct/2023:10:57:50 -0500] "POST /sipse/faces/autenticacion.xhtml HTTP/1.1" 200 2217
152.203.251.21 - - [05/Oct/2023:10:57:50 -0500] "GET /sipse/faces/javax.faces.resource/messages/messages.png?ln=primefaces&v=4.0 HTTP/1.1" 200 27209
152.203.251.21 - - [05/Oct/2023:10:57:51 -0500] "POST /sipse/faces/autenticacion.xhtml HTTP/1.1" 200 16393
152.203.251.21 - - [05/Oct/2023:10:57:51 -0500] "GET /sipse/css/custom_css_sg_prime.css HTTP/1.1" 200 5201
152.203.251.21 - - [05/Oct/2023:10:57:51 -0500] "GET /sipse/js/jquery.min.js HTTP/1.1" 304 -
152.203.251.21 - - [05/Oct/2023:10:57:51 -0500] "GET /sipse/faces/javax.faces.resource/jquery/jquery.js?ln=primefaces&v=4.0 HTTP/1.1" 304 -
152.203.251.21 - - [05/Oct/2023:10:57:51 -0500] "GET /sipse/faces/javax.faces.resource/jquery/jquery-plugins.js?ln=primefaces&v=4.0 HTTP/1.1" 304 -
152.203.251.21 - - [05/Oct/2023:10:57:51 -0500] "GET /sipse/faces/javax.faces.resource/primefaces.js?ln=primefaces&v=4.0 HTTP/1.1" 304 -
152.203.251.21 - - [05/Oct/2023:10:57:51 -0500] "GET /sipse/faces/javax.faces.resource/layout/layout.js?ln=primefaces&v=4.0 HTTP/1.1" 304 -
152.203.251.21 - - [05/Oct/2023:10:57:51 -0500] "GET /sipse/imagenes/logoAplicacion.jpg HTTP/1.1" 304 -
152.203.251.21 - - [05/Oct/2023:10:57:51 -0500] "GET /sipse/css/v_mergente.css HTTP/1.1" 304 -
152.203.251.21 - - [05/Oct/2023:10:57:51 -0500] "GET /sipse/imagenes/cargando.gif HTTP/1.1" 200 36959
152.203.251.21 - - [05/Oct/2023:10:57:51 -0500] "GET /sipse/css/imagen/contrasena.png HTTP/1.1" 404 383
152.203.251.21 - - [05/Oct/2023:10:57:53 -0500] "GET /sipse/faces/javax.faces.resource/images/ui-bg_flat_0_2d5972_40x100.png?ln=primefaces-aristo HTTP/1.1" 200 183
152.203.251.21 - - [05/Oct/2023:10:57:53 -0500] "POST /sipse/faces/bienvenido.xhtml HTTP/1.1" 200 2658
152.203.251.21 - - [05/Oct/2023:10:57:53 -0500] "POST /sipse/faces/bienvenido.xhtml HTTP/1.1" 200 2073
152.203.251.21 - - [05/Oct/2023:10:57:54 -0500] "POST /sipse/faces/bienvenido.xhtml HTTP/1.1" 200 40794
152.203.251.21 - - [05/Oct/2023:10:57:55 -0500] "GET /sipse/faces/javax.faces.resource/jquery/jquery.js?ln=primefaces&v=4.0 HTTP/1.1" 304 -
152.203.251.21 - - [05/Oct/2023:10:57:55 -0500] "GET /sipse/faces/javax.faces.resource/jquery/jquery-plugins.js?ln=primefaces&v=4.0 HTTP/1.1" 304 -
152.203.251.21 - - [05/Oct/2023:10:57:55 -0500] "GET /sipse/faces/javax.faces.resource/primefaces.js?ln=primefaces&v=4.0 HTTP/1.1" 304 -
152.203.251.21 - - [05/Oct/2023:10:57:55 -0500] "GET /sipse/faces/javax.faces.resource/layout/layout.js?ln=primefaces&v=4.0 HTTP/1.1" 304 -
201.245.192.253 - - [05/Oct/2023:10:57:56 -0500] "POST /forms/lservlet;jsessionid=ac16012b30d631b237d665c3491e938ed2fcaf258f77.e3iSbxaKaheRe34Pbx8Nc3aQci1ynknvrkLOlQzNp65In0 HTTP/1.1" 200 2
201.245.192.253 - - [05/Oct/2023:10:57:57 -0500] "GET /sipse/faces/faces/faces/index.xhtml HTTP/1.1" 200 677
201.245.192.253 - - [05/Oct/2023:10:57:57 -0500] "GET /sipse/faces/javax.faces.resource/theme.css?ln=primefaces-sipse HTTP/1.1" 304 -
201.245.192.253 - - [05/Oct/2023:10:57:57 -0500] "GET /sipse/faces/faces/faces/faces/autenticacion.xhtml HTTP/1.1" 200 12411
201.245.192.253 - - [05/Oct/2023:10:57:57 -0500] "GET /sipse/js/disable_browser_buttons.js HTTP/1.1" 304 -
201.245.192.253 - - [05/Oct/2023:10:57:57 -0500] "GET /sipse/js/funciones.js HTTP/1.1" 304 -
201.245.192.253 - - [05/Oct/2023:10:57:57 -0500] "GET /sipse/faces/javax.faces.resource/theme.css?ln=primefaces-sipse HTTP/1.1" 304 -
201.245.192.253 - - [05/Oct/2023:10:57:57 -0500] "GET /sipse/faces/javax.faces.resource/primefaces.css?ln=primefaces&v=4.0 HTTP/1.1" 304 -
201.245.192.253 - - [05/Oct/2023:10:57:57 -0500] "GET /sipse/faces/javax.faces.resource/layout/layout.css?ln=primefaces&v=4.0 HTTP/1.1" 304 -
201.245.192.253 - - [05/Oct/2023:10:57:57 -0500] "GET /sipse/faces/javax.faces.resource/jquery/jquery.js?ln=primefaces&v=4.0 HTTP/1.1" 304 -
201.245.192.253 - - [05/Oct/2023:10:57:57 -0500] "GET /sipse/faces/javax.faces.resource/jquery/jquery-plugins.js?ln=primefaces&v=4.0 HTTP/1.1" 304 -
201.245.192.253 - - [05/Oct/2023:10:57:57 -0500] "GET /sipse/faces/javax.faces.resource/primefaces.js?ln=primefaces&v=4.0 HTTP/1.1" 304 -
201.245.192.253 - - [05/Oct/2023:10:57:57 -0500] "GET /sipse/faces/javax.faces.resource/layout/layout.js?ln=primefaces&v=4.0 HTTP/1.1" 304 -
201.245.192.253 - - [05/Oct/2023:10:57:58 -0500] "GET /sipse/faces/javax.faces.resource/images/ui-icons_898989_256x240.png?ln=primefaces-aristo HTTP/1.1" 304 -
152.203.251.21 - - [05/Oct/2023:10:57:58 -0500] "POST /sipse/faces/presentacion/financiero/solicitudProceso/consultar.xhtml HTTP/1.1" 200 12808
201.245.192.253 - - [05/Oct/2023:10:58:05 -0500] "POST /sipse/faces/autenticacion.xhtml HTTP/1.1" 200 11165
201.245.192.253 - - [05/Oct/2023:10:58:05 -0500] "GET /sipse/css/custom_css_sg_prime.css HTTP/1.1" 304 -
201.245.192.253 - - [05/Oct/2023:10:58:05 -0500] "GET /sipse/faces/javax.faces.resource/jquery/jquery.js?ln=primefaces&v=4.0 HTTP/1.1" 304 -
201.245.192.253 - - [05/Oct/2023:10:58:05 -0500] "GET /sipse/faces/javax.faces.resource/jquery/jquery-plugins.js?ln=primefaces&v=4.0 HTTP/1.1" 304 -
201.245.192.253 - - [05/Oct/2023:10:58:05 -0500] "GET /sipse/faces/javax.faces.resource/primefaces.js?ln=primefaces&v=4.0 HTTP/1.1" 304 -
201.245.192.253 - - [05/Oct/2023:10:58:05 -0500] "GET /sipse/faces/javax.faces.resource/layout/layout.js?ln=primefaces&v=4.0 HTTP/1.1" 304 -
201.245.192.253 - - [05/Oct/2023:10:58:05 -0500] "GET /sipse/faces/javax.faces.resource/messages/messages.png?ln=primefaces&v=4.0 HTTP/1.1" 304 -
201.245.192.253 - - [05/Oct/2023:10:58:24 -0500] "POST /sipse/faces/presentacion/sistema/seguridad/seleccionRol.xhtml HTTP/1.1" 200 5600
157.55.39.12 - - [05/Oct/2023:10:58:24 -0500] "GET /BLA/resoluciones/RESOLUCIONES%202005/0510.tif HTTP/1.1" 200 60170
201.245.192.253 - - [05/Oct/2023:10:58:25 -0500] "POST /sipse/faces/presentacion/sistema/seguridad/seleccionRol.xhtml HTTP/1.1" 200 17608
201.245.192.253 - - [05/Oct/2023:10:58:25 -0500] "GET /sipse/js/jquery.min.js HTTP/1.1" 304 -
201.245.192.253 - - [05/Oct/2023:10:58:25 -0500] "GET /sipse/faces/javax.faces.resource/jquery/jquery.js?ln=primefaces&v=4.0 HTTP/1.1" 304 -
201.245.192.253 - - [05/Oct/2023:10:58:25 -0500] "GET /sipse/faces/javax.faces.resource/jquery/jquery-plugins.js?ln=primefaces&v=4.0 HTTP/1.1" 304 -
201.245.192.253 - - [05/Oct/2023:10:58:25 -0500] "GET /sipse/faces/javax.faces.resource/primefaces.js?ln=primefaces&v=4.0 HTTP/1.1" 304 -
201.245.192.253 - - [05/Oct/2023:10:58:25 -0500] "GET /sipse/faces/javax.faces.resource/layout/layout.js?ln=primefaces&v=4.0 HTTP/1.1" 304 -
201.245.192.253 - - [05/Oct/2023:10:58:27 -0500] "GET /sipse/faces/javax.faces.resource/images/ui-bg_flat_0_2d5972_40x100.png?ln=primefaces-aristo HTTP/1.1" 304 -
201.245.192.253 - - [05/Oct/2023:10:58:27 -0500] "POST /sipse/faces/bienvenido.xhtml HTTP/1.1" 200 2055
216.244.66.195 - - [05/Oct/2023:10:58:27 -0500] "GET /BLA/resoluciones/AUTOS%202013/2342.pdf HTTP/1.1" 200 716128
201.245.192.253 - - [05/Oct/2023:10:58:28 -0500] "POST /sipse/faces/bienvenido.xhtml HTTP/1.1" 200 81636
201.245.192.253 - - [05/Oct/2023:10:58:51 -0500] "GET /sipse/faces/javax.faces.resource/jquery/jquery.js?ln=primefaces&v=4.0 HTTP/1.1" 304 -
201.245.192.253 - - [05/Oct/2023:10:58:51 -0500] "GET /sipse/faces/javax.faces.resource/jquery/jquery-plugins.js?ln=primefaces&v=4.0 HTTP/1.1" 304 -
201.245.192.253 - - [05/Oct/2023:10:58:51 -0500] "GET /sipse/faces/javax.faces.resource/primefaces.js?ln=primefaces&v=4.0 HTTP/1.1" 304 -
201.245.192.253 - - [05/Oct/2023:10:58:51 -0500] "GET /sipse/faces/javax.faces.resource/layout/layout.js?ln=primefaces&v=4.0 HTTP/1.1" 304 -
201.245.192.253 - - [05/Oct/2023:10:58:54 -0500] "POST /sipse/faces/presentacion/proyectos/proyecto/listarProyecto.xhtml HTTP/1.1" 200 163
201.245.192.253 - - [05/Oct/2023:10:58:56 -0500] "GET /sipse/faces/javax.faces.resource/primefaces.css?ln=primefaces&v=4.0 HTTP/1.1" 304 -
201.245.192.253 - - [05/Oct/2023:10:58:56 -0500] "GET /sipse/faces/javax.faces.resource/theme.css?ln=primefaces-sipse HTTP/1.1" 304 -
201.245.192.253 - - [05/Oct/2023:10:58:56 -0500] "GET /sipse/faces/javax.faces.resource/layout/layout.css?ln=primefaces&v=4.0 HTTP/1.1" 304 -
201.245.192.253 - - [05/Oct/2023:10:58:56 -0500] "GET /sipse/faces/javax.faces.resource/primefaces.js?ln=primefaces&v=4.0 HTTP/1.1" 304 -
201.245.192.253 - - [05/Oct/2023:10:58:56 -0500] "GET /sipse/faces/javax.faces.resource/jquery/jquery.js?ln=primefaces&v=4.0 HTTP/1.1" 304 -
201.245.192.253 - - [05/Oct/2023:10:58:56 -0500] "GET /sipse/faces/javax.faces.resource/jquery/jquery-plugins.js?ln=primefaces&v=4.0 HTTP/1.1" 304 -
201.245.192.253 - - [05/Oct/2023:10:58:56 -0500] "GET /sipse/faces/javax.faces.resource/layout/layout.js?ln=primefaces&v=4.0 HTTP/1.1" 304 -
201.245.192.253 - - [05/Oct/2023:10:58:56 -0500] "GET /sipse/faces/javax.faces.resource/images/ui-icons_898989_256x240.png?ln=primefaces-aristo HTTP/1.1" 304 -
201.245.192.253 - - [05/Oct/2023:10:58:55 -0500] "GET /sipse/faces/presentacion/proyectos/proyecto/proyecto.xhtml HTTP/1.1" 200 87728
201.245.192.253 - - [05/Oct/2023:10:58:56 -0500] "GET /sipse/faces/javax.faces.resource/images/ui-bg_flat_0_2d5972_40x100.png?ln=primefaces-aristo HTTP/1.1" 304 -
201.245.192.253 - - [05/Oct/2023:10:58:56 -0500] "POST /sipse/faces/presentacion/proyectos/proyecto/proyecto.xhtml HTTP/1.1" 200 3257
201.245.192.253 - - [05/Oct/2023:10:59:00 -0500] "POST /sipse/faces/presentacion/proyectos/proyecto/proyecto.xhtml HTTP/1.1" 200 46428
201.245.192.253 - - [05/Oct/2023:10:59:02 -0500] "GET /sipse/faces/javax.faces.resource/spacer/dot_clear.gif?ln=primefaces&v=4.0 HTTP/1.1" 200 42
201.245.192.253 - - [05/Oct/2023:10:59:02 -0500] "POST /sipse/faces/presentacion/proyectos/proyecto/proyecto.xhtml HTTP/1.1" 200 3962
201.245.192.253 - - [05/Oct/2023:10:59:06 -0500] "POST /sipse/faces/presentacion/proyectos/proyecto/proyecto.xhtml HTTP/1.1" 200 76346
216.244.66.195 - - [05/Oct/2023:10:59:17 -0500] "GET /BLA/resoluciones/AUTOS%202014/0778.pdf HTTP/1.1" 200 438019
66.249.66.19 - - [05/Oct/2023:10:59:26 -0500] "GET /BLA/resoluciones/RESOLUCIONES%202009/3460.pdf HTTP/1.1" 200 290517
152.203.251.21 - - [05/Oct/2023:10:59:39 -0500] "POST /sipse/faces/presentacion/financiero/solicitudProceso/consultar.xhtml HTTP/1.1" 200 151749
152.203.251.21 - - [05/Oct/2023:10:59:40 -0500] "GET /sipse/faces/javax.faces.resource/jquery/jquery.js?ln=primefaces&v=4.0 HTTP/1.1" 304 -
152.203.251.21 - - [05/Oct/2023:10:59:40 -0500] "GET /sipse/faces/javax.faces.resource/jquery/jquery-plugins.js?ln=primefaces&v=4.0 HTTP/1.1" 304 -
152.203.251.21 - - [05/Oct/2023:10:59:40 -0500] "GET /sipse/faces/javax.faces.resource/primefaces.js?ln=primefaces&v=4.0 HTTP/1.1" 304 -
152.203.251.21 - - [05/Oct/2023:10:59:40 -0500] "GET /sipse/faces/javax.faces.resource/layout/layout.js?ln=primefaces&v=4.0 HTTP/1.1" 304 -
201.245.192.253 - - [05/Oct/2023:10:59:46 -0500] "POST /forms/lservlet;jsessionid=ac16012b30d6e3ac83cfa34d44e69cdfe83dd14ea1cd.e3iSbxaKaheRe34Pbx8Nc3aQci1ynknvrkLOlQzNp65In0 HTTP/1.1" 200 2
152.203.251.21 - - [05/Oct/2023:10:59:52 -0500] "POST /sipse/faces/presentacion/financiero/solicitudProceso/consultarSolicitudProceso.xhtml HTTP/1.1" 200 78117
201.245.192.253 - - [05/Oct/2023:10:59:56 -0500] "POST /forms/lservlet;jsessionid=ac16012b30d631b237d665c3491e938ed2fcaf258f77.e3iSbxaKaheRe34Pbx8Nc3aQci1ynknvrkLOlQzNp65In0 HTTP/1.1" 200 2
216.244.66.195 - - [05/Oct/2023:11:00:06 -0500] "GET /BLA/resoluciones/AUTOS%202014/1139.pdf HTTP/1.1" 200 424587
201.245.192.253 - - [05/Oct/2023:11:00:32 -0500] "POST /sipse/faces/presentacion/proyectos/proyecto/proyecto.xhtml HTTP/1.1" 200 81636
201.245.192.253 - - [05/Oct/2023:11:00:32 -0500] "GET /sipse/faces/javax.faces.resource/jquery/jquery.js?ln=primefaces&v=4.0 HTTP/1.1" 304 -
201.245.192.253 - - [05/Oct/2023:11:00:32 -0500] "GET /sipse/faces/javax.faces.resource/jquery/jquery-plugins.js?ln=primefaces&v=4.0 HTTP/1.1" 304 -
201.245.192.253 - - [05/Oct/2023:11:00:32 -0500] "GET /sipse/faces/javax.faces.resource/primefaces.js?ln=primefaces&v=4.0 HTTP/1.1" 304 -
201.245.192.253 - - [05/Oct/2023:11:00:32 -0500] "GET /sipse/faces/javax.faces.resource/layout/layout.js?ln=primefaces&v=4.0 HTTP/1.1" 304 -
201.245.192.253 - - [05/Oct/2023:11:00:35 -0500] "POST /sipse/faces/presentacion/proyectos/proyecto/listarProyecto.xhtml HTTP/1.1" 200 163
201.245.192.253 - - [05/Oct/2023:11:00:37 -0500] "GET /sipse/faces/javax.faces.resource/theme.css?ln=primefaces-sipse HTTP/1.1" 304 -
201.245.192.253 - - [05/Oct/2023:11:00:37 -0500] "GET /sipse/faces/javax.faces.resource/primefaces.css?ln=primefaces&v=4.0 HTTP/1.1" 304 -
201.245.192.253 - - [05/Oct/2023:11:00:37 -0500] "GET /sipse/faces/javax.faces.resource/layout/layout.css?ln=primefaces&v=4.0 HTTP/1.1" 304 -
201.245.192.253 - - [05/Oct/2023:11:00:37 -0500] "GET /sipse/faces/javax.faces.resource/jquery/jquery.js?ln=primefaces&v=4.0 HTTP/1.1" 304 -
201.245.192.253 - - [05/Oct/2023:11:00:37 -0500] "GET /sipse/faces/javax.faces.resource/jquery/jquery-plugins.js?ln=primefaces&v=4.0 HTTP/1.1" 304 -
201.245.192.253 - - [05/Oct/2023:11:00:37 -0500] "GET /sipse/faces/javax.faces.resource/primefaces.js?ln=primefaces&v=4.0 HTTP/1.1" 304 -
201.245.192.253 - - [05/Oct/2023:11:00:37 -0500] "GET /sipse/faces/javax.faces.resource/layout/layout.js?ln=primefaces&v=4.0 HTTP/1.1" 304 -
201.245.192.253 - - [05/Oct/2023:11:00:37 -0500] "GET /sipse/faces/javax.faces.resource/images/ui-icons_898989_256x240.png?ln=primefaces-aristo HTTP/1.1" 304 -
201.245.192.253 - - [05/Oct/2023:11:00:35 -0500] "GET /sipse/faces/presentacion/proyectos/proyecto/proyecto.xhtml HTTP/1.1" 200 87633
201.245.192.253 - - [05/Oct/2023:11:00:38 -0500] "GET /sipse/faces/javax.faces.resource/images/ui-bg_flat_0_2d5972_40x100.png?ln=primefaces-aristo HTTP/1.1" 304 -
201.245.192.253 - - [05/Oct/2023:11:00:38 -0500] "POST /sipse/faces/presentacion/proyectos/proyecto/proyecto.xhtml HTTP/1.1" 200 3257
201.245.192.253 - - [05/Oct/2023:11:00:41 -0500] "POST /sipse/faces/presentacion/proyectos/proyecto/proyecto.xhtml HTTP/1.1" 200 44644
201.245.192.253 - - [05/Oct/2023:11:00:43 -0500] "GET /sipse/faces/javax.faces.resource/spacer/dot_clear.gif?ln=primefaces&v=4.0 HTTP/1.1" 304 -
201.245.192.253 - - [05/Oct/2023:11:00:43 -0500] "POST /sipse/faces/presentacion/proyectos/proyecto/proyecto.xhtml HTTP/1.1" 200 3961
201.245.192.253 - - [05/Oct/2023:11:00:46 -0500] "POST /sipse/faces/presentacion/proyectos/proyecto/proyecto.xhtml HTTP/1.1" 200 72140
216.244.66.195 - - [05/Oct/2023:11:00:53 -0500] "GET /BLA/resoluciones/AUTOS%202014/1264.pdf HTTP/1.1" 200 204358
201.245.192.253 - - [05/Oct/2023:11:01:03 -0500] "POST /sipse/faces/presentacion/proyectos/proyecto/proyecto.xhtml HTTP/1.1" 200 71743
172.22.2.4 - - [05/Oct/2023:10:59:51 -0500] "HEAD /BLA/boletinlegal/ HTTP/1.1" 200 -
201.245.192.253 - - [05/Oct/2023:11:01:31 -0500] "POST /kwsrmcab/Wsrmcab  HTTP/1.1" 200 42851
216.244.66.195 - - [05/Oct/2023:11:01:36 -0500] "GET /BLA/resoluciones/AUTOS%202014/1737.pdf HTTP/1.1" 200 324073
179.33.167.39 - - [05/Oct/2023:11:01:38 -0500] "GET /entidades-publicas-en-bogota-participen-en-la-sexta-version-del-concurso-de-buenas-practicas-ambientales.html?fbclid=IwAR3rv9Jjx8-UwLYxg1lDKRhs_n0d6JXzwoDwM5tw-DICoLBKLd0x_Y0x3mM HTTP/1.1" 200 810
201.245.192.253 - - [05/Oct/2023:11:01:46 -0500] "POST /forms/lservlet;jsessionid=ac16012b30d6e3ac83cfa34d44e69cdfe83dd14ea1cd.e3iSbxaKaheRe34Pbx8Nc3aQci1ynknvrkLOlQzNp65In0 HTTP/1.1" 200 2
201.245.192.253 - - [05/Oct/2023:11:01:56 -0500] "POST /forms/lservlet;jsessionid=ac16012b30d631b237d665c3491e938ed2fcaf258f77.e3iSbxaKaheRe34Pbx8Nc3aQci1ynknvrkLOlQzNp65In0 HTTP/1.1" 200 2
201.245.192.253 - - [05/Oct/2023:11:02:03 -0500] "POST /sipse/faces/presentacion/proyectos/proyecto/proyecto.xhtml HTTP/1.1" 200 10334
201.245.192.253 - - [05/Oct/2023:11:02:06 -0500] "POST /sipse/faces/presentacion/proyectos/proyecto/proyecto.xhtml HTTP/1.1" 200 71759
201.245.192.253 - - [05/Oct/2023:11:02:12 -0500] "GET /sipsesda/faces/vista/sistema/cargarMenu.jspx?accionMenu=consultaCalculoParafiscales&menuID=130 HTTP/1.1" 200 33360
201.245.192.253 - - [05/Oct/2023:11:02:12 -0500] "GET /sipsesda/imagenes/cargando.gif HTTP/1.1" 200 1287
201.245.192.253 - - [05/Oct/2023:11:02:12 -0500] "POST /sipsesda/faces/vista/sistema/cargarMenu.jspx HTTP/1.1" 200 35559
201.245.192.253 - - [05/Oct/2023:11:02:13 -0500] "GET /favicon.ico HTTP/1.1" 200 7782
216.245.221.92 - - [05/Oct/2023:11:02:13 -0500] "HEAD / HTTP/1.1" 200 -
216.244.66.195 - - [05/Oct/2023:11:02:19 -0500] "GET /BLA/resoluciones/AUTOS%202014/1919.pdf HTTP/1.1" 200 439749
172.22.2.4 - - [05/Oct/2023:11:00:42 -0500] "GET /BLA/boletinlegal/ HTTP/1.1" 200 56607
201.245.192.253 - - [05/Oct/2023:11:02:19 -0500] "POST /sipse/faces/presentacion/proyectos/proyecto/proyecto.xhtml HTTP/1.1" 200 72260
201.245.192.253 - - [05/Oct/2023:11:02:45 -0500] "POST /sipsesda/faces/vista/financiero/calculoParafiscales/calculoParafiscales.jspx HTTP/1.1" 200 34878
201.245.192.253 - - [05/Oct/2023:11:02:51 -0500] "POST /sipsesda/faces/vista/financiero/calculoParafiscales/calculoParafiscales.jspx HTTP/1.1" 200 31847
201.245.192.253 - - [05/Oct/2023:11:02:56 -0500] "POST /sipsesda/faces/vista/financiero/calculoParafiscales/calculoParafiscales.jspx HTTP/1.1" 200 35828
216.244.66.195 - - [05/Oct/2023:11:03:06 -0500] "GET /BLA/resoluciones/AUTOS%202014/2098.pdf HTTP/1.1" 200 458269
69.63.184.3 - - [05/Oct/2023:11:03:32 -0500] "GET /images/Red%20de%20Monitoreo%20de%20Calidad%20del%20Aire.jpg HTTP/1.1" 200 51986
201.245.192.253 - - [05/Oct/2023:11:03:46 -0500] "POST /forms/lservlet;jsessionid=ac16012b30d6e3ac83cfa34d44e69cdfe83dd14ea1cd.e3iSbxaKaheRe34Pbx8Nc3aQci1ynknvrkLOlQzNp65In0 HTTP/1.1" 200 2
216.244.66.195 - - [05/Oct/2023:11:03:53 -0500] "GET /BLA/resoluciones/AUTOS%202014/2605.pdf HTTP/1.1" 200 267695
201.245.192.253 - - [05/Oct/2023:11:03:56 -0500] "POST /forms/lservlet;jsessionid=ac16012b30d631b237d665c3491e938ed2fcaf258f77.e3iSbxaKaheRe34Pbx8Nc3aQci1ynknvrkLOlQzNp65In0 HTTP/1.1" 200 2
201.245.192.253 - - [05/Oct/2023:11:03:59 -0500] "POST /sipse/faces/presentacion/proyectos/proyecto/proyecto.xhtml HTTP/1.1" 200 81636
201.245.192.253 - - [05/Oct/2023:11:03:59 -0500] "GET /sipse/faces/javax.faces.resource/jquery/jquery.js?ln=primefaces&v=4.0 HTTP/1.1" 304 -
201.245.192.253 - - [05/Oct/2023:11:03:59 -0500] "GET /sipse/faces/javax.faces.resource/jquery/jquery-plugins.js?ln=primefaces&v=4.0 HTTP/1.1" 304 -
201.245.192.253 - - [05/Oct/2023:11:03:59 -0500] "GET /sipse/faces/javax.faces.resource/primefaces.js?ln=primefaces&v=4.0 HTTP/1.1" 304 -
201.245.192.253 - - [05/Oct/2023:11:04:00 -0500] "GET /sipse/faces/javax.faces.resource/layout/layout.js?ln=primefaces&v=4.0 HTTP/1.1" 304 -
201.245.192.253 - - [05/Oct/2023:11:04:05 -0500] "POST /sipse/faces/presentacion/proyectos/proyecto/listarProyecto.xhtml HTTP/1.1" 200 163
201.245.192.253 - - [05/Oct/2023:11:04:06 -0500] "GET /sipse/faces/presentacion/proyectos/proyecto/proyecto.xhtml HTTP/1.1" 200 91007
201.245.192.253 - - [05/Oct/2023:11:04:07 -0500] "GET /sipse/faces/javax.faces.resource/theme.css?ln=primefaces-sipse HTTP/1.1" 304 -
201.245.192.253 - - [05/Oct/2023:11:04:07 -0500] "GET /sipse/faces/javax.faces.resource/primefaces.css?ln=primefaces&v=4.0 HTTP/1.1" 304 -
201.245.192.253 - - [05/Oct/2023:11:04:07 -0500] "GET /sipse/faces/javax.faces.resource/jquery/jquery.js?ln=primefaces&v=4.0 HTTP/1.1" 304 -
201.245.192.253 - - [05/Oct/2023:11:04:07 -0500] "GET /sipse/faces/javax.faces.resource/layout/layout.css?ln=primefaces&v=4.0 HTTP/1.1" 304 -
201.245.192.253 - - [05/Oct/2023:11:04:07 -0500] "GET /sipse/faces/javax.faces.resource/jquery/jquery-plugins.js?ln=primefaces&v=4.0 HTTP/1.1" 304 -
201.245.192.253 - - [05/Oct/2023:11:04:07 -0500] "GET /sipse/faces/javax.faces.resource/primefaces.js?ln=primefaces&v=4.0 HTTP/1.1" 304 -
201.245.192.253 - - [05/Oct/2023:11:04:07 -0500] "GET /sipse/faces/javax.faces.resource/layout/layout.js?ln=primefaces&v=4.0 HTTP/1.1" 304 -
201.245.192.253 - - [05/Oct/2023:11:04:07 -0500] "GET /sipse/faces/javax.faces.resource/images/ui-icons_898989_256x240.png?ln=primefaces-aristo HTTP/1.1" 304 -
201.245.192.253 - - [05/Oct/2023:11:04:08 -0500] "GET /sipse/faces/javax.faces.resource/images/ui-bg_flat_0_2d5972_40x100.png?ln=primefaces-aristo HTTP/1.1" 304 -
201.245.192.253 - - [05/Oct/2023:11:04:08 -0500] "POST /sipse/faces/presentacion/proyectos/proyecto/proyecto.xhtml HTTP/1.1" 200 3257
201.245.192.253 - - [05/Oct/2023:11:04:11 -0500] "POST /sipse/faces/presentacion/proyectos/proyecto/proyecto.xhtml HTTP/1.1" 200 43679
201.245.192.253 - - [05/Oct/2023:11:04:13 -0500] "GET /sipse/faces/javax.faces.resource/spacer/dot_clear.gif?ln=primefaces&v=4.0 HTTP/1.1" 304 -
201.245.192.253 - - [05/Oct/2023:11:04:13 -0500] "POST /sipse/faces/presentacion/proyectos/proyecto/proyecto.xhtml HTTP/1.1" 200 3959
201.245.192.253 - - [05/Oct/2023:11:04:23 -0500] "POST /sipse/faces/presentacion/proyectos/proyecto/proyecto.xhtml HTTP/1.1" 200 81636
201.245.192.253 - - [05/Oct/2023:11:04:23 -0500] "GET /sipse/faces/javax.faces.resource/jquery/jquery.js?ln=primefaces&v=4.0 HTTP/1.1" 304 -
201.245.192.253 - - [05/Oct/2023:11:04:23 -0500] "GET /sipse/faces/javax.faces.resource/jquery/jquery-plugins.js?ln=primefaces&v=4.0 HTTP/1.1" 304 -
201.245.192.253 - - [05/Oct/2023:11:04:23 -0500] "GET /sipse/faces/javax.faces.resource/primefaces.js?ln=primefaces&v=4.0 HTTP/1.1" 304 -
201.245.192.253 - - [05/Oct/2023:11:04:23 -0500] "GET /sipse/faces/javax.faces.resource/layout/layout.js?ln=primefaces&v=4.0 HTTP/1.1" 304 -
172.22.2.4 - - [05/Oct/2023:11:04:29 -0500] "GET /BLA/boletinlegal/normativa.php HTTP/1.1" 200 8343
172.22.2.4 - - [05/Oct/2023:11:04:29 -0500] "GET /BLA/boletinlegal/js/ajax_normativa.js HTTP/1.1" 200 1154
172.22.2.4 - - [05/Oct/2023:11:04:29 -0500] "GET /BLA/boletinlegal/styles2.css HTTP/1.1" 200 1838
172.22.2.4 - - [05/Oct/2023:11:04:29 -0500] "GET /BLA/boletinlegal/niceforms-default.css HTTP/1.1" 200 6694
172.22.2.4 - - [05/Oct/2023:11:04:29 -0500] "GET /BLA/boletinlegal/style.css HTTP/1.1" 200 9406
172.22.2.4 - - [05/Oct/2023:11:04:29 -0500] "GET /BLA/boletinlegal/niceforms.js HTTP/1.1" 200 22876
172.22.2.4 - - [05/Oct/2023:11:04:29 -0500] "GET /BLA/boletinlegal/images/cabezote%20BLEGAL.jpg HTTP/1.1" 200 118164
201.245.192.253 - - [05/Oct/2023:11:04:29 -0500] "POST /sipse/faces/presentacion/proyectos/proyecto/listarProyecto.xhtml HTTP/1.1" 200 163
172.22.2.4 - - [05/Oct/2023:11:04:30 -0500] "GET /BLA/boletinlegal/images/icono-email.png HTTP/1.1" 200 5544
172.22.2.4 - - [05/Oct/2023:11:04:30 -0500] "GET /BLA/boletinlegal/images/body_bg.jpg HTTP/1.1" 200 1601
172.22.2.4 - - [05/Oct/2023:11:04:30 -0500] "GET /BLA/boletinlegal/images/historia.png HTTP/1.1" 200 52775
172.22.2.4 - - [05/Oct/2023:11:04:30 -0500] "GET /BLA/boletinlegal/images/tel.png HTTP/1.1" 200 14477
172.22.2.4 - - [05/Oct/2023:11:04:30 -0500] "GET /BLA/boletinlegal/images/subscribe-icon-big.png HTTP/1.1" 200 47702
172.22.2.4 - - [05/Oct/2023:11:04:30 -0500] "GET /BLA/boletinlegal/images/registro-usuarios.png HTTP/1.1" 200 8106
201.245.192.253 - - [05/Oct/2023:11:04:30 -0500] "GET /sipse/faces/presentacion/proyectos/proyecto/proyecto.xhtml HTTP/1.1" 200 89497
201.245.192.253 - - [05/Oct/2023:11:04:31 -0500] "GET /sipse/faces/javax.faces.resource/theme.css?ln=primefaces-sipse HTTP/1.1" 304 -
