66.249.66.39 - - [18/Oct/2023:01:44:29 -0500] "GET /los-pies-descalzos-que-recorrieron-chinavita-boyaca-y-que-hoy-siembran-esperanza-en-bogota.html HTTP/1.1" 304 -
201.245.192.253 - - [18/Oct/2023:01:44:31 -0500] "POST /forms/lservlet;jsessionid=ac16012b30d65e6f2539d893487fae2aaa53fb20822f.e3iSbxaKaheRe34Pbx8Nc3aQci1ynknvrkLOlQzNp65In0 HTTP/1.1" 200 2
201.245.192.253 - - [18/Oct/2023:01:45:16 -0500] "POST /forms/lservlet;jsessionid=ac16012b30d6d38790c287764274bc7ebbfb504ae1d9.e3iSbxaKaheRe34Pbx8Nc3aQci1ynknvrkLOlQzNp65In0 HTTP/1.1" 200 2
52.167.144.214 - - [18/Oct/2023:01:46:16 -0500] "GET /bla/resoluciones/resoluciones%202012/0031.pdf HTTP/1.1" 200 614250
201.245.192.253 - - [18/Oct/2023:01:46:31 -0500] "POST /forms/lservlet;jsessionid=ac16012b30d65e6f2539d893487fae2aaa53fb20822f.e3iSbxaKaheRe34Pbx8Nc3aQci1ynknvrkLOlQzNp65In0 HTTP/1.1" 200 2
172.22.2.4 - - [18/Oct/2023:01:46:48 -0500] "GET /BLA/boletinlegal/robots.txt HTTP/1.1" 404 1037
172.22.2.4 - - [18/Oct/2023:01:46:50 -0500] "GET /BLA/boletinlegal/Circulares/2012/Circular%20No.%2014%20del%2011%20de%20Septiembre%20de%202012.pdf HTTP/1.1" 304 -
201.245.192.253 - - [18/Oct/2023:01:47:16 -0500] "POST /forms/lservlet;jsessionid=ac16012b30d6d38790c287764274bc7ebbfb504ae1d9.e3iSbxaKaheRe34Pbx8Nc3aQci1ynknvrkLOlQzNp65In0 HTTP/1.1" 200 2
199.16.157.180 - - [18/Oct/2023:01:47:25 -0500] "GET /images/pl%C3%A1sticos%20foto%201..jpg HTTP/1.1" 404 1034
201.245.192.253 - - [18/Oct/2023:01:48:31 -0500] "POST /forms/lservlet;jsessionid=ac16012b30d65e6f2539d893487fae2aaa53fb20822f.e3iSbxaKaheRe34Pbx8Nc3aQci1ynknvrkLOlQzNp65In0 HTTP/1.1" 200 2
216.245.221.92 - - [18/Oct/2023:01:48:54 -0500] "HEAD / HTTP/1.1" 200 -
201.245.192.253 - - [18/Oct/2023:01:49:16 -0500] "POST /forms/lservlet;jsessionid=ac16012b30d6d38790c287764274bc7ebbfb504ae1d9.e3iSbxaKaheRe34Pbx8Nc3aQci1ynknvrkLOlQzNp65In0 HTTP/1.1" 200 2
172.22.2.4 - - [18/Oct/2023:01:47:37 -0500] "HEAD /BLA/boletinlegal/ HTTP/1.1" 200 -
52.167.144.65 - - [18/Oct/2023:01:49:20 -0500] "GET /robots.txt HTTP/1.1" 404 1035
201.245.192.253 - - [18/Oct/2023:01:49:22 -0500] "POST /kwsrmcab/Wsrmcab  HTTP/1.1" 200 40671
52.167.144.222 - - [18/Oct/2023:01:49:26 -0500] "GET /portaldeninos/2019/08/05/ruido-2/feed/ HTTP/1.1" 200 883
172.22.2.4 - - [18/Oct/2023:01:48:28 -0500] "GET /BLA/boletinlegal/ HTTP/1.1" 200 60189
201.245.192.253 - - [18/Oct/2023:01:50:31 -0500] "POST /forms/lservlet;jsessionid=ac16012b30d65e6f2539d893487fae2aaa53fb20822f.e3iSbxaKaheRe34Pbx8Nc3aQci1ynknvrkLOlQzNp65In0 HTTP/1.1" 200 2
114.119.145.134 - - [18/Oct/2023:01:50:40 -0500] "GET /BLA/resoluciones/index.php?dir=RESOLUCIONES%2B2020/&sort=date&order=desc HTTP/1.1" 200 13902
201.245.192.253 - - [18/Oct/2023:01:51:16 -0500] "POST /forms/lservlet;jsessionid=ac16012b30d6d38790c287764274bc7ebbfb504ae1d9.e3iSbxaKaheRe34Pbx8Nc3aQci1ynknvrkLOlQzNp65In0 HTTP/1.1" 200 2
66.249.66.19 - - [18/Oct/2023:01:51:17 -0500] "GET /BLA/resoluciones/AUTOS%25202010/5456.pdf HTTP/1.1" 404 1018
201.245.192.253 - - [18/Oct/2023:01:52:31 -0500] "POST /forms/lservlet;jsessionid=ac16012b30d65e6f2539d893487fae2aaa53fb20822f.e3iSbxaKaheRe34Pbx8Nc3aQci1ynknvrkLOlQzNp65In0 HTTP/1.1" 200 2
172.22.2.4 - - [18/Oct/2023:01:52:57 -0500] "GET /BLA/boletinlegal/showLogin.cc HTTP/1.1" 404 1018
201.245.192.253 - - [18/Oct/2023:01:53:16 -0500] "POST /forms/lservlet;jsessionid=ac16012b30d6d38790c287764274bc7ebbfb504ae1d9.e3iSbxaKaheRe34Pbx8Nc3aQci1ynknvrkLOlQzNp65In0 HTTP/1.1" 200 2
172.22.2.4 - - [18/Oct/2023:01:52:38 -0500] "GET /BLA/boletinlegal/ HTTP/1.1" 200 32715
216.245.221.92 - - [18/Oct/2023:01:53:54 -0500] "HEAD / HTTP/1.1" 200 -
201.245.192.253 - - [18/Oct/2023:01:54:21 -0500] "POST /kwsrmcab/Wsrmcab  HTTP/1.1" 200 40671
201.245.192.253 - - [18/Oct/2023:01:54:31 -0500] "POST /forms/lservlet;jsessionid=ac16012b30d65e6f2539d893487fae2aaa53fb20822f.e3iSbxaKaheRe34Pbx8Nc3aQci1ynknvrkLOlQzNp65In0 HTTP/1.1" 200 2
172.22.2.4 - - [18/Oct/2023:01:53:27 -0500] "HEAD /BLA/boletinlegal/ HTTP/1.1" 200 -
201.245.192.253 - - [18/Oct/2023:01:55:16 -0500] "POST /forms/lservlet;jsessionid=ac16012b30d6d38790c287764274bc7ebbfb504ae1d9.e3iSbxaKaheRe34Pbx8Nc3aQci1ynknvrkLOlQzNp65In0 HTTP/1.1" 200 2
172.22.2.4 - - [18/Oct/2023:01:53:55 -0500] "GET /BLA/boletinlegal/index.php HTTP/1.1" 200 46517
172.22.2.4 - - [18/Oct/2023:01:55:55 -0500] "GET /BLA/boletinlegal/js/jquery.js HTTP/1.1" 200 57254
172.22.2.4 - - [18/Oct/2023:01:55:55 -0500] "GET /BLA/boletinlegal/style.css HTTP/1.1" 200 9406
172.22.2.4 - - [18/Oct/2023:01:55:55 -0500] "GET /BLA/boletinlegal/styles2.css HTTP/1.1" 200 1838
172.22.2.4 - - [18/Oct/2023:01:54:18 -0500] "GET /BLA/boletinlegal/ HTTP/1.1" 200 47856
172.22.2.4 - - [18/Oct/2023:01:55:59 -0500] "GET /BLA/boletinlegal/js/jquery.scrollShow.js HTTP/1.1" 200 4586
172.22.2.4 - - [18/Oct/2023:01:55:59 -0500] "GET /BLA/boletinlegal/js/jquery.scrollTo-min.js HTTP/1.1" 200 1150
201.245.192.253 - - [18/Oct/2023:01:56:31 -0500] "POST /forms/lservlet;jsessionid=ac16012b30d65e6f2539d893487fae2aaa53fb20822f.e3iSbxaKaheRe34Pbx8Nc3aQci1ynknvrkLOlQzNp65In0 HTTP/1.1" 200 2
201.245.192.253 - - [18/Oct/2023:01:57:16 -0500] "POST /forms/lservlet;jsessionid=ac16012b30d6d38790c287764274bc7ebbfb504ae1d9.e3iSbxaKaheRe34Pbx8Nc3aQci1ynknvrkLOlQzNp65In0 HTTP/1.1" 200 2
201.245.192.253 - - [18/Oct/2023:01:58:31 -0500] "POST /forms/lservlet;jsessionid=ac16012b30d65e6f2539d893487fae2aaa53fb20822f.e3iSbxaKaheRe34Pbx8Nc3aQci1ynknvrkLOlQzNp65In0 HTTP/1.1" 200 2
216.245.221.92 - - [18/Oct/2023:01:58:54 -0500] "HEAD / HTTP/1.1" 200 -
201.245.192.253 - - [18/Oct/2023:01:59:16 -0500] "POST /forms/lservlet;jsessionid=ac16012b30d6d38790c287764274bc7ebbfb504ae1d9.e3iSbxaKaheRe34Pbx8Nc3aQci1ynknvrkLOlQzNp65In0 HTTP/1.1" 200 2
201.245.192.253 - - [18/Oct/2023:01:59:19 -0500] "POST /kwsrmcab/Wsrmcab  HTTP/1.1" 200 40671
201.245.192.253 - - [18/Oct/2023:02:00:31 -0500] "POST /forms/lservlet;jsessionid=ac16012b30d65e6f2539d893487fae2aaa53fb20822f.e3iSbxaKaheRe34Pbx8Nc3aQci1ynknvrkLOlQzNp65In0 HTTP/1.1" 200 2
172.22.2.4 - - [18/Oct/2023:01:59:17 -0500] "HEAD /BLA/boletinlegal/ HTTP/1.1" 200 -
201.245.192.253 - - [18/Oct/2023:02:01:16 -0500] "POST /forms/lservlet;jsessionid=ac16012b30d6d38790c287764274bc7ebbfb504ae1d9.e3iSbxaKaheRe34Pbx8Nc3aQci1ynknvrkLOlQzNp65In0 HTTP/1.1" 200 2
172.22.2.4 - - [18/Oct/2023:02:00:08 -0500] "GET /BLA/boletinlegal/ HTTP/1.1" 200 57816
201.245.192.253 - - [18/Oct/2023:02:02:31 -0500] "POST /forms/lservlet;jsessionid=ac16012b30d65e6f2539d893487fae2aaa53fb20822f.e3iSbxaKaheRe34Pbx8Nc3aQci1ynknvrkLOlQzNp65In0 HTTP/1.1" 200 2
201.245.192.253 - - [18/Oct/2023:02:03:16 -0500] "POST /forms/lservlet;jsessionid=ac16012b30d6d38790c287764274bc7ebbfb504ae1d9.e3iSbxaKaheRe34Pbx8Nc3aQci1ynknvrkLOlQzNp65In0 HTTP/1.1" 200 2
216.245.221.92 - - [18/Oct/2023:02:03:54 -0500] "HEAD / HTTP/1.1" 200 -
201.245.192.253 - - [18/Oct/2023:02:04:19 -0500] "POST /kwsrmcab/Wsrmcab  HTTP/1.1" 200 40671
201.245.192.253 - - [18/Oct/2023:02:04:31 -0500] "POST /forms/lservlet;jsessionid=ac16012b30d65e6f2539d893487fae2aaa53fb20822f.e3iSbxaKaheRe34Pbx8Nc3aQci1ynknvrkLOlQzNp65In0 HTTP/1.1" 200 2
201.245.192.253 - - [18/Oct/2023:02:05:16 -0500] "POST /forms/lservlet;jsessionid=ac16012b30d6d38790c287764274bc7ebbfb504ae1d9.e3iSbxaKaheRe34Pbx8Nc3aQci1ynknvrkLOlQzNp65In0 HTTP/1.1" 200 2
201.245.192.253 - - [18/Oct/2023:02:06:31 -0500] "POST /forms/lservlet;jsessionid=ac16012b30d65e6f2539d893487fae2aaa53fb20822f.e3iSbxaKaheRe34Pbx8Nc3aQci1ynknvrkLOlQzNp65In0 HTTP/1.1" 200 2
172.22.2.4 - - [18/Oct/2023:02:05:07 -0500] "HEAD /BLA/boletinlegal/ HTTP/1.1" 200 -
66.249.66.37 - - [18/Oct/2023:02:06:58 -0500] "GET /dia-mundial-de-los-humedales-mas-de-60-aves-alzaron-vuelo-en-el-humedal-el-tunjo.html HTTP/1.1" 304 -
201.245.192.253 - - [18/Oct/2023:02:07:16 -0500] "POST /forms/lservlet;jsessionid=ac16012b30d6d38790c287764274bc7ebbfb504ae1d9.e3iSbxaKaheRe34Pbx8Nc3aQci1ynknvrkLOlQzNp65In0 HTTP/1.1" 200 2
172.22.2.4 - - [18/Oct/2023:02:06:02 -0500] "GET /BLA/boletinlegal/ HTTP/1.1" 200 58169
201.245.192.253 - - [18/Oct/2023:02:08:31 -0500] "POST /forms/lservlet;jsessionid=ac16012b30d65e6f2539d893487fae2aaa53fb20822f.e3iSbxaKaheRe34Pbx8Nc3aQci1ynknvrkLOlQzNp65In0 HTTP/1.1" 200 2
172.22.2.4 - - [18/Oct/2023:02:08:37 -0500] "GET /BLA/boletinlegal/jurisprudencia.php HTTP/1.1" 200 17583
216.244.66.195 - - [18/Oct/2023:02:08:42 -0500] "GET /BLA/resoluciones/AUTOS%202010/4400.pdf HTTP/1.1" 200 224454
216.244.66.195 - - [18/Oct/2023:02:08:51 -0500] "GET /BLA/resoluciones/AUTOS%202010/4450.pdf HTTP/1.1" 200 278215
216.245.221.92 - - [18/Oct/2023:02:08:54 -0500] "HEAD / HTTP/1.1" 200 -
216.244.66.195 - - [18/Oct/2023:02:08:58 -0500] "GET /BLA/resoluciones/AUTOS%202010/4603.pdf HTTP/1.1" 200 114876
216.244.66.195 - - [18/Oct/2023:02:09:03 -0500] "GET /BLA/resoluciones/AUTOS%202010/4723.pdf HTTP/1.1" 200 491381
172.22.2.4 - - [18/Oct/2023:02:09:07 -0500] "GET /BLA/boletinlegal/js/jquery1.js HTTP/1.1" 200 29846
172.22.2.4 - - [18/Oct/2023:02:09:07 -0500] "GET /BLA/boletinlegal/js/popup.js HTTP/1.1" 200 1270
216.244.66.195 - - [18/Oct/2023:02:09:08 -0500] "GET /BLA/resoluciones/AUTOS%202010/4835.pdf HTTP/1.1" 200 396557
172.22.2.4 - - [18/Oct/2023:02:09:12 -0500] "GET /BLA/boletinlegal/js/lib.js HTTP/1.1" 200 6474
216.244.66.195 - - [18/Oct/2023:02:09:14 -0500] "GET /BLA/resoluciones/AUTOS%202010/6657.pdf HTTP/1.1" 200 155367
201.245.192.253 - - [18/Oct/2023:02:09:16 -0500] "POST /forms/lservlet;jsessionid=ac16012b30d6d38790c287764274bc7ebbfb504ae1d9.e3iSbxaKaheRe34Pbx8Nc3aQci1ynknvrkLOlQzNp65In0 HTTP/1.1" 200 2
216.244.66.195 - - [18/Oct/2023:02:09:17 -0500] "GET /BLA/resoluciones/AUTOS%202010/6685.pdf HTTP/1.1" 200 142779
201.245.192.253 - - [18/Oct/2023:02:09:18 -0500] "POST /kwsrmcab/Wsrmcab  HTTP/1.1" 200 40671
216.244.66.195 - - [18/Oct/2023:02:09:21 -0500] "GET /BLA/resoluciones/AUTOS%202010/6880.pdf HTTP/1.1" 200 201151
216.244.66.195 - - [18/Oct/2023:02:09:24 -0500] "GET /BLA/resoluciones/RESOLUCIONES%202016/0608.pdf HTTP/1.1" 200 481556
216.244.66.195 - - [18/Oct/2023:02:09:27 -0500] "GET /BLA/resoluciones/RESOLUCIONES%202016/1797.pdf HTTP/1.1" 200 687637
216.244.66.195 - - [18/Oct/2023:02:09:39 -0500] "GET /BLA/resoluciones/RESOLUCIONES%202016/2196.pdf HTTP/1.1" 200 548588
216.244.66.195 - - [18/Oct/2023:02:09:49 -0500] "GET /BLA/resoluciones/RESOLUCIONES%202016/2233.pdf HTTP/1.1" 200 880145
216.244.66.195 - - [18/Oct/2023:02:09:57 -0500] "GET /BLA/resoluciones/RESOLUCIONES%202016/3113.pdf HTTP/1.1" 200 302125
201.245.192.253 - - [18/Oct/2023:02:10:31 -0500] "POST /forms/lservlet;jsessionid=ac16012b30d65e6f2539d893487fae2aaa53fb20822f.e3iSbxaKaheRe34Pbx8Nc3aQci1ynknvrkLOlQzNp65In0 HTTP/1.1" 200 2
201.245.192.253 - - [18/Oct/2023:02:11:16 -0500] "POST /forms/lservlet;jsessionid=ac16012b30d6d38790c287764274bc7ebbfb504ae1d9.e3iSbxaKaheRe34Pbx8Nc3aQci1ynknvrkLOlQzNp65In0 HTTP/1.1" 200 2
172.22.2.4 - - [18/Oct/2023:02:12:26 -0500] "GET /BLA/boletinlegal/Circulares/2023/CIRCULAR%20No.%2000010%20DEL%2010%20DE%20OCTUBRE%20DEL%202023.pdf HTTP/1.1" 200 341821
172.22.2.4 - - [18/Oct/2023:02:12:27 -0500] "GET /BLA/boletinlegal/Circulares/2023/CIRCULAR%20No.%2000009%20DEL%2010%20DE%20OCTUBRE%20DEL%202023.pdf HTTP/1.1" 200 529599
201.245.192.253 - - [18/Oct/2023:02:12:31 -0500] "POST /forms/lservlet;jsessionid=ac16012b30d65e6f2539d893487fae2aaa53fb20822f.e3iSbxaKaheRe34Pbx8Nc3aQci1ynknvrkLOlQzNp65In0 HTTP/1.1" 200 2
172.22.2.4 - - [18/Oct/2023:02:11:01 -0500] "HEAD /BLA/boletinlegal/ HTTP/1.1" 200 -
201.245.192.253 - - [18/Oct/2023:02:13:16 -0500] "POST /forms/lservlet;jsessionid=ac16012b30d6d38790c287764274bc7ebbfb504ae1d9.e3iSbxaKaheRe34Pbx8Nc3aQci1ynknvrkLOlQzNp65In0 HTTP/1.1" 200 2
172.22.2.4 - - [18/Oct/2023:02:11:52 -0500] "GET /BLA/boletinlegal/ HTTP/1.1" 200 60189
216.245.221.92 - - [18/Oct/2023:02:13:54 -0500] "HEAD / HTTP/1.1" 200 -
216.244.66.195 - - [18/Oct/2023:02:14:07 -0500] "GET /BLA/resoluciones/RESOLUCIONES%202001/2001%201050-1099.TIF HTTP/1.1" 200 17232248
52.167.144.205 - - [18/Oct/2023:02:14:08 -0500] "GET /portaldeninos/wp-content/uploads/2021/07/inforgrafia-agua-12x50.jpg HTTP/1.1" 200 1142
114.119.157.195 - - [18/Oct/2023:02:14:15 -0500] "GET /BLA/resoluciones/index.php?dir=RESOLUCIONES%2B2007/ HTTP/1.1" 200 13903
201.245.192.253 - - [18/Oct/2023:02:14:17 -0500] "POST /kwsrmcab/Wsrmcab  HTTP/1.1" 200 40671
216.244.66.195 - - [18/Oct/2023:02:14:21 -0500] "GET /BLA/resoluciones/RESOLUCIONES%202001/2001%20600-649.TIF HTTP/1.1" 200 9885868
201.245.192.253 - - [18/Oct/2023:02:14:31 -0500] "POST /forms/lservlet;jsessionid=ac16012b30d65e6f2539d893487fae2aaa53fb20822f.e3iSbxaKaheRe34Pbx8Nc3aQci1ynknvrkLOlQzNp65In0 HTTP/1.1" 200 2
201.245.192.253 - - [18/Oct/2023:02:15:16 -0500] "POST /forms/lservlet;jsessionid=ac16012b30d6d38790c287764274bc7ebbfb504ae1d9.e3iSbxaKaheRe34Pbx8Nc3aQci1ynknvrkLOlQzNp65In0 HTTP/1.1" 200 2
114.119.137.68 - - [18/Oct/2023:02:15:28 -0500] "GET /BLA/resoluciones/index.php?dir=Notificaciones/&sort=date&order=desc HTTP/1.1" 200 11649
201.245.192.253 - - [18/Oct/2023:02:16:31 -0500] "POST /forms/lservlet;jsessionid=ac16012b30d65e6f2539d893487fae2aaa53fb20822f.e3iSbxaKaheRe34Pbx8Nc3aQci1ynknvrkLOlQzNp65In0 HTTP/1.1" 200 2
201.245.192.253 - - [18/Oct/2023:02:17:16 -0500] "POST /forms/lservlet;jsessionid=ac16012b30d6d38790c287764274bc7ebbfb504ae1d9.e3iSbxaKaheRe34Pbx8Nc3aQci1ynknvrkLOlQzNp65In0 HTTP/1.1" 200 2
216.244.66.195 - - [18/Oct/2023:02:17:35 -0500] "GET /BLA/resoluciones/AUTOS%202009/2193.pdf HTTP/1.1" 200 113256
201.245.192.253 - - [18/Oct/2023:02:17:39 -0500] "POST /kwsrmcab/Wsrmcab HTTP/1.1" 200 40345
201.245.192.253 - - [18/Oct/2023:02:17:41 -0500] "POST /kwsrmcab/Wsrmcab HTTP/1.1" 200 40988
216.244.66.195 - - [18/Oct/2023:02:17:58 -0500] "GET /BLA/resoluciones/AUTOS%202009/2222.pdf HTTP/1.1" 200 122755
216.244.66.195 - - [18/Oct/2023:02:18:21 -0500] "GET /BLA/resoluciones/AUTOS%202009/2254.pdf HTTP/1.1" 200 121667
172.22.2.4 - - [18/Oct/2023:02:16:51 -0500] "HEAD /BLA/boletinlegal/ HTTP/1.1" 200 -
201.245.192.253 - - [18/Oct/2023:02:18:31 -0500] "POST /forms/lservlet;jsessionid=ac16012b30d65e6f2539d893487fae2aaa53fb20822f.e3iSbxaKaheRe34Pbx8Nc3aQci1ynknvrkLOlQzNp65In0 HTTP/1.1" 200 2
216.244.66.195 - - [18/Oct/2023:02:18:41 -0500] "GET /BLA/resoluciones/AUTOS%202009/2262.pdf HTTP/1.1" 200 122708
216.245.221.92 - - [18/Oct/2023:02:18:54 -0500] "HEAD / HTTP/1.1" 200 -
216.244.66.195 - - [18/Oct/2023:02:19:01 -0500] "GET /BLA/resoluciones/AUTOS%202009/2403.pdf HTTP/1.1" 200 102971
201.245.192.253 - - [18/Oct/2023:02:19:16 -0500] "POST /forms/lservlet;jsessionid=ac16012b30d6d38790c287764274bc7ebbfb504ae1d9.e3iSbxaKaheRe34Pbx8Nc3aQci1ynknvrkLOlQzNp65In0 HTTP/1.1" 200 2
201.245.192.253 - - [18/Oct/2023:02:19:16 -0500] "POST /kwsrmcab/Wsrmcab  HTTP/1.1" 200 40671
216.244.66.195 - - [18/Oct/2023:02:19:19 -0500] "GET /BLA/resoluciones/AUTOS%202009/2582.pdf HTTP/1.1" 200 121391
172.22.2.4 - - [18/Oct/2023:02:17:42 -0500] "GET /BLA/boletinlegal/ HTTP/1.1" 200 57816
216.244.66.195 - - [18/Oct/2023:02:19:36 -0500] "GET /BLA/resoluciones/AUTOS%202009/2707.pdf HTTP/1.1" 200 105210
216.244.66.195 - - [18/Oct/2023:02:19:52 -0500] "GET /BLA/resoluciones/AUTOS%202009/2791.pdf HTTP/1.1" 200 93012
216.244.66.195 - - [18/Oct/2023:02:20:07 -0500] "GET /BLA/resoluciones/AUTOS%202009/2849.pdf HTTP/1.1" 200 91387
216.244.66.195 - - [18/Oct/2023:02:20:21 -0500] "GET /BLA/resoluciones/AUTOS%202009/2905.pdf HTTP/1.1" 200 98393
201.245.192.253 - - [18/Oct/2023:02:20:31 -0500] "POST /forms/lservlet;jsessionid=ac16012b30d65e6f2539d893487fae2aaa53fb20822f.e3iSbxaKaheRe34Pbx8Nc3aQci1ynknvrkLOlQzNp65In0 HTTP/1.1" 200 2
216.244.66.195 - - [18/Oct/2023:02:20:37 -0500] "GET /BLA/resoluciones/AUTOS%202011/0196.pdf HTTP/1.1" 200 167827
216.244.66.195 - - [18/Oct/2023:02:20:49 -0500] "GET /BLA/resoluciones/AUTOS%202011/0202.pdf HTTP/1.1" 200 169441
216.244.66.195 - - [18/Oct/2023:02:21:02 -0500] "GET /BLA/resoluciones/AUTOS%202011/0738.pdf HTTP/1.1" 200 160527
216.244.66.195 - - [18/Oct/2023:02:21:12 -0500] "GET /BLA/resoluciones/AUTOS%202011/0739.pdf HTTP/1.1" 200 163937
201.245.192.253 - - [18/Oct/2023:02:21:16 -0500] "POST /forms/lservlet;jsessionid=ac16012b30d6d38790c287764274bc7ebbfb504ae1d9.e3iSbxaKaheRe34Pbx8Nc3aQci1ynknvrkLOlQzNp65In0 HTTP/1.1" 200 2
40.77.167.16 - - [18/Oct/2023:02:21:19 -0500] "GET /Publicaciones/2023EE238367.pdf HTTP/1.1" 200 231976
216.244.66.195 - - [18/Oct/2023:02:21:22 -0500] "GET /BLA/resoluciones/AUTOS%202011/0870.pdf HTTP/1.1" 200 152365
216.244.66.195 - - [18/Oct/2023:02:21:30 -0500] "GET /BLA/resoluciones/AUTOS%202011/1278.pdf HTTP/1.1" 200 129940
216.244.66.195 - - [18/Oct/2023:02:21:37 -0500] "GET /BLA/resoluciones/AUTOS%202011/1324.pdf HTTP/1.1" 200 237465
216.244.66.195 - - [18/Oct/2023:02:21:45 -0500] "GET /BLA/resoluciones/AUTOS%202011/1420.pdf HTTP/1.1" 200 159137
216.244.66.195 - - [18/Oct/2023:02:21:57 -0500] "GET /BLA/resoluciones/AUTOS%202011/1510.pdf HTTP/1.1" 200 1341450
201.245.192.253 - - [18/Oct/2023:02:22:31 -0500] "POST /forms/lservlet;jsessionid=ac16012b30d65e6f2539d893487fae2aaa53fb20822f.e3iSbxaKaheRe34Pbx8Nc3aQci1ynknvrkLOlQzNp65In0 HTTP/1.1" 200 2
216.244.66.195 - - [18/Oct/2023:02:22:45 -0500] "GET /BLA/resoluciones/AUTOS%202011/2010.pdf HTTP/1.1" 200 264504
201.245.192.253 - - [18/Oct/2023:02:23:16 -0500] "POST /forms/lservlet;jsessionid=ac16012b30d6d38790c287764274bc7ebbfb504ae1d9.e3iSbxaKaheRe34Pbx8Nc3aQci1ynknvrkLOlQzNp65In0 HTTP/1.1" 200 2
216.244.66.195 - - [18/Oct/2023:02:23:20 -0500] "GET /BLA/resoluciones/AUTOS%202011/2051.pdf HTTP/1.1" 200 148741
216.244.66.195 - - [18/Oct/2023:02:23:49 -0500] "GET /BLA/resoluciones/AUTOS%202011/2152.pdf HTTP/1.1" 200 202459
216.245.221.92 - - [18/Oct/2023:02:23:54 -0500] "HEAD / HTTP/1.1" 200 -
201.245.192.253 - - [18/Oct/2023:02:24:15 -0500] "POST /kwsrmcab/Wsrmcab  HTTP/1.1" 200 40671
216.244.66.195 - - [18/Oct/2023:02:24:20 -0500] "GET /BLA/resoluciones/AUTOS%202011/2203.pdf HTTP/1.1" 200 107798
172.22.2.4 - - [18/Oct/2023:02:22:41 -0500] "HEAD /BLA/boletinlegal/ HTTP/1.1" 200 -
201.245.192.253 - - [18/Oct/2023:02:24:31 -0500] "POST /forms/lservlet;jsessionid=ac16012b30d65e6f2539d893487fae2aaa53fb20822f.e3iSbxaKaheRe34Pbx8Nc3aQci1ynknvrkLOlQzNp65In0 HTTP/1.1" 200 2
216.244.66.195 - - [18/Oct/2023:02:24:48 -0500] "GET /BLA/resoluciones/AUTOS%202011/2691.pdf HTTP/1.1" 200 150153
172.22.2.4 - - [18/Oct/2023:02:23:32 -0500] "GET /BLA/boletinlegal/ HTTP/1.1" 200 58169
216.244.66.195 - - [18/Oct/2023:02:25:16 -0500] "GET /BLA/resoluciones/AUTOS%202011/3046.pdf HTTP/1.1" 200 653682
201.245.192.253 - - [18/Oct/2023:02:25:16 -0500] "POST /forms/lservlet;jsessionid=ac16012b30d6d38790c287764274bc7ebbfb504ae1d9.e3iSbxaKaheRe34Pbx8Nc3aQci1ynknvrkLOlQzNp65In0 HTTP/1.1" 200 2
216.244.66.195 - - [18/Oct/2023:02:26:00 -0500] "GET /BLA/resoluciones/AUTOS%202011/3247.pdf HTTP/1.1" 200 342798
201.245.192.253 - - [18/Oct/2023:02:26:31 -0500] "POST /forms/lservlet;jsessionid=ac16012b30d65e6f2539d893487fae2aaa53fb20822f.e3iSbxaKaheRe34Pbx8Nc3aQci1ynknvrkLOlQzNp65In0 HTTP/1.1" 200 2
216.244.66.195 - - [18/Oct/2023:02:26:34 -0500] "GET /BLA/resoluciones/AUTOS%202011/3289.pdf HTTP/1.1" 200 215133
216.244.66.195 - - [18/Oct/2023:02:27:08 -0500] "GET /BLA/resoluciones/AUTOS%202011/3303.pdf HTTP/1.1" 200 412071
201.245.192.253 - - [18/Oct/2023:02:27:16 -0500] "POST /forms/lservlet;jsessionid=ac16012b30d6d38790c287764274bc7ebbfb504ae1d9.e3iSbxaKaheRe34Pbx8Nc3aQci1ynknvrkLOlQzNp65In0 HTTP/1.1" 200 2
201.245.192.253 - - [18/Oct/2023:02:27:39 -0500] "POST /kwsrmcab/Wsrmcab HTTP/1.1" 200 40345
201.245.192.253 - - [18/Oct/2023:02:27:42 -0500] "POST /kwsrmcab/Wsrmcab HTTP/1.1" 200 40988
216.244.66.195 - - [18/Oct/2023:02:27:47 -0500] "GET /BLA/resoluciones/AUTOS%202011/3606.pdf HTTP/1.1" 200 498261
34.174.152.29 - - [18/Oct/2023:02:27:56 -0500] "HEAD /BLA/resoluciones/RESOLUCIONES%202017/0520.pdf HTTP/1.1" 200 -
201.245.192.253 - - [18/Oct/2023:02:28:31 -0500] "POST /forms/lservlet;jsessionid=ac16012b30d65e6f2539d893487fae2aaa53fb20822f.e3iSbxaKaheRe34Pbx8Nc3aQci1ynknvrkLOlQzNp65In0 HTTP/1.1" 200 2
216.245.221.92 - - [18/Oct/2023:02:28:54 -0500] "HEAD / HTTP/1.1" 200 -
201.245.192.253 - - [18/Oct/2023:02:29:14 -0500] "POST /kwsrmcab/Wsrmcab  HTTP/1.1" 200 40671
201.245.192.253 - - [18/Oct/2023:02:29:16 -0500] "POST /forms/lservlet;jsessionid=ac16012b30d6d38790c287764274bc7ebbfb504ae1d9.e3iSbxaKaheRe34Pbx8Nc3aQci1ynknvrkLOlQzNp65In0 HTTP/1.1" 200 2
66.249.66.38 - - [18/Oct/2023:02:29:28 -0500] "GET /cuales-son-los-tramites-ambientales-mas-solicitados-de-bogota.html HTTP/1.1" 304 -
172.22.2.4 - - [18/Oct/2023:02:28:31 -0500] "HEAD /BLA/boletinlegal/ HTTP/1.1" 200 -
201.245.192.253 - - [18/Oct/2023:02:30:31 -0500] "POST /forms/lservlet;jsessionid=ac16012b30d65e6f2539d893487fae2aaa53fb20822f.e3iSbxaKaheRe34Pbx8Nc3aQci1ynknvrkLOlQzNp65In0 HTTP/1.1" 200 2
172.22.2.4 - - [18/Oct/2023:02:29:22 -0500] "GET /BLA/boletinlegal/ HTTP/1.1" 200 58169
201.245.192.253 - - [18/Oct/2023:02:31:16 -0500] "POST /forms/lservlet;jsessionid=ac16012b30d6d38790c287764274bc7ebbfb504ae1d9.e3iSbxaKaheRe34Pbx8Nc3aQci1ynknvrkLOlQzNp65In0 HTTP/1.1" 200 2
201.245.192.253 - - [18/Oct/2023:02:32:31 -0500] "POST /forms/lservlet;jsessionid=ac16012b30d65e6f2539d893487fae2aaa53fb20822f.e3iSbxaKaheRe34Pbx8Nc3aQci1ynknvrkLOlQzNp65In0 HTTP/1.1" 200 2
201.245.192.253 - - [18/Oct/2023:02:33:16 -0500] "POST /forms/lservlet;jsessionid=ac16012b30d6d38790c287764274bc7ebbfb504ae1d9.e3iSbxaKaheRe34Pbx8Nc3aQci1ynknvrkLOlQzNp65In0 HTTP/1.1" 200 2
216.245.221.92 - - [18/Oct/2023:02:33:54 -0500] "HEAD / HTTP/1.1" 200 -
201.245.192.253 - - [18/Oct/2023:02:34:13 -0500] "POST /kwsrmcab/Wsrmcab  HTTP/1.1" 200 40671
201.245.192.253 - - [18/Oct/2023:02:34:31 -0500] "POST /forms/lservlet;jsessionid=ac16012b30d65e6f2539d893487fae2aaa53fb20822f.e3iSbxaKaheRe34Pbx8Nc3aQci1ynknvrkLOlQzNp65In0 HTTP/1.1" 200 2
201.245.192.253 - - [18/Oct/2023:02:35:16 -0500] "POST /forms/lservlet;jsessionid=ac16012b30d6d38790c287764274bc7ebbfb504ae1d9.e3iSbxaKaheRe34Pbx8Nc3aQci1ynknvrkLOlQzNp65In0 HTTP/1.1" 200 2
172.22.2.4 - - [18/Oct/2023:02:34:21 -0500] "HEAD /BLA/boletinlegal/ HTTP/1.1" 200 -
201.245.192.253 - - [18/Oct/2023:02:36:31 -0500] "POST /forms/lservlet;jsessionid=ac16012b30d65e6f2539d893487fae2aaa53fb20822f.e3iSbxaKaheRe34Pbx8Nc3aQci1ynknvrkLOlQzNp65In0 HTTP/1.1" 200 2
172.22.2.4 - - [18/Oct/2023:02:35:12 -0500] "GET /BLA/boletinlegal/ HTTP/1.1" 200 57816
201.245.192.253 - - [18/Oct/2023:02:37:16 -0500] "POST /forms/lservlet;jsessionid=ac16012b30d6d38790c287764274bc7ebbfb504ae1d9.e3iSbxaKaheRe34Pbx8Nc3aQci1ynknvrkLOlQzNp65In0 HTTP/1.1" 200 2
162.55.175.158 - - [18/Oct/2023:02:37:29 -0500] "GET / HTTP/1.1" 200 319
162.55.175.158 - - [18/Oct/2023:02:37:29 -0500] "GET / HTTP/1.1" 200 4720
201.245.192.253 - - [18/Oct/2023:02:37:39 -0500] "POST /kwsrmcab/Wsrmcab HTTP/1.1" 200 40345
201.245.192.253 - - [18/Oct/2023:02:37:42 -0500] "POST /kwsrmcab/Wsrmcab HTTP/1.1" 200 40988
201.245.192.253 - - [18/Oct/2023:02:38:31 -0500] "POST /forms/lservlet;jsessionid=ac16012b30d65e6f2539d893487fae2aaa53fb20822f.e3iSbxaKaheRe34Pbx8Nc3aQci1ynknvrkLOlQzNp65In0 HTTP/1.1" 200 2
216.244.66.195 - - [18/Oct/2023:02:38:35 -0500] "GET /robots.txt HTTP/1.1" 404 1018
216.245.221.92 - - [18/Oct/2023:02:38:54 -0500] "HEAD / HTTP/1.1" 200 -
201.245.192.253 - - [18/Oct/2023:02:39:12 -0500] "POST /kwsrmcab/Wsrmcab  HTTP/1.1" 200 40671
201.245.192.253 - - [18/Oct/2023:02:39:16 -0500] "POST /forms/lservlet;jsessionid=ac16012b30d6d38790c287764274bc7ebbfb504ae1d9.e3iSbxaKaheRe34Pbx8Nc3aQci1ynknvrkLOlQzNp65In0 HTTP/1.1" 200 2
201.245.192.253 - - [18/Oct/2023:02:40:31 -0500] "POST /forms/lservlet;jsessionid=ac16012b30d65e6f2539d893487fae2aaa53fb20822f.e3iSbxaKaheRe34Pbx8Nc3aQci1ynknvrkLOlQzNp65In0 HTTP/1.1" 200 2
201.245.192.253 - - [18/Oct/2023:02:41:16 -0500] "POST /forms/lservlet;jsessionid=ac16012b30d6d38790c287764274bc7ebbfb504ae1d9.e3iSbxaKaheRe34Pbx8Nc3aQci1ynknvrkLOlQzNp65In0 HTTP/1.1" 200 2
172.22.2.4 - - [18/Oct/2023:02:40:11 -0500] "HEAD /BLA/boletinlegal/ HTTP/1.1" 200 -
34.78.100.130 - - [18/Oct/2023:02:42:19 -0500] "GET /robots.txt HTTP/1.1" 404 1049
34.78.100.130 - - [18/Oct/2023:02:42:19 -0500] "GET /bla/boletinlegal/normativa.php HTTP/1.1" 200 8343
201.245.192.253 - - [18/Oct/2023:02:42:31 -0500] "POST /forms/lservlet;jsessionid=ac16012b30d65e6f2539d893487fae2aaa53fb20822f.e3iSbxaKaheRe34Pbx8Nc3aQci1ynknvrkLOlQzNp65In0 HTTP/1.1" 200 2
172.22.2.4 - - [18/Oct/2023:02:41:02 -0500] "GET /BLA/boletinlegal/ HTTP/1.1" 200 57816
52.167.144.22 - - [18/Oct/2023:02:42:50 -0500] "GET /BLA/resoluciones/RESOLUCIONES%202005/00001079.tif HTTP/1.1" 200 134620
201.245.192.253 - - [18/Oct/2023:02:43:16 -0500] "POST /forms/lservlet;jsessionid=ac16012b30d6d38790c287764274bc7ebbfb504ae1d9.e3iSbxaKaheRe34Pbx8Nc3aQci1ynknvrkLOlQzNp65In0 HTTP/1.1" 200 2
216.245.221.92 - - [18/Oct/2023:02:43:54 -0500] "HEAD / HTTP/1.1" 200 -
201.245.192.253 - - [18/Oct/2023:02:44:12 -0500] "POST /kwsrmcab/Wsrmcab  HTTP/1.1" 200 40671
201.245.192.253 - - [18/Oct/2023:02:44:31 -0500] "POST /forms/lservlet;jsessionid=ac16012b30d65e6f2539d893487fae2aaa53fb20822f.e3iSbxaKaheRe34Pbx8Nc3aQci1ynknvrkLOlQzNp65In0 HTTP/1.1" 200 2
201.245.192.253 - - [18/Oct/2023:02:45:16 -0500] "POST /forms/lservlet;jsessionid=ac16012b30d6d38790c287764274bc7ebbfb504ae1d9.e3iSbxaKaheRe34Pbx8Nc3aQci1ynknvrkLOlQzNp65In0 HTTP/1.1" 200 2
40.77.167.50 - - [18/Oct/2023:02:46:19 -0500] "GET /Publicaciones/2023EE224403.pdf HTTP/1.1" 404 228
201.245.192.253 - - [18/Oct/2023:02:46:31 -0500] "POST /forms/lservlet;jsessionid=ac16012b30d65e6f2539d893487fae2aaa53fb20822f.e3iSbxaKaheRe34Pbx8Nc3aQci1ynknvrkLOlQzNp65In0 HTTP/1.1" 200 2
201.245.192.253 - - [18/Oct/2023:02:47:16 -0500] "POST /forms/lservlet;jsessionid=ac16012b30d6d38790c287764274bc7ebbfb504ae1d9.e3iSbxaKaheRe34Pbx8Nc3aQci1ynknvrkLOlQzNp65In0 HTTP/1.1" 200 2
172.22.2.4 - - [18/Oct/2023:02:46:01 -0500] "HEAD /BLA/boletinlegal/ HTTP/1.1" 200 -
201.245.192.253 - - [18/Oct/2023:02:48:31 -0500] "POST /forms/lservlet;jsessionid=ac16012b30d65e6f2539d893487fae2aaa53fb20822f.e3iSbxaKaheRe34Pbx8Nc3aQci1ynknvrkLOlQzNp65In0 HTTP/1.1" 200 2
172.22.2.4 - - [18/Oct/2023:02:46:52 -0500] "GET /BLA/boletinlegal/ HTTP/1.1" 200 60189
216.245.221.92 - - [18/Oct/2023:02:48:54 -0500] "HEAD / HTTP/1.1" 200 -
201.245.192.253 - - [18/Oct/2023:02:49:11 -0500] "POST /kwsrmcab/Wsrmcab  HTTP/1.1" 200 40671
201.245.192.253 - - [18/Oct/2023:02:49:16 -0500] "POST /forms/lservlet;jsessionid=ac16012b30d6d38790c287764274bc7ebbfb504ae1d9.e3iSbxaKaheRe34Pbx8Nc3aQci1ynknvrkLOlQzNp65In0 HTTP/1.1" 200 2
201.245.192.253 - - [18/Oct/2023:02:50:31 -0500] "POST /forms/lservlet;jsessionid=ac16012b30d65e6f2539d893487fae2aaa53fb20822f.e3iSbxaKaheRe34Pbx8Nc3aQci1ynknvrkLOlQzNp65In0 HTTP/1.1" 200 2
66.249.66.39 - - [18/Oct/2023:02:50:43 -0500] "GET /mujeres-que-reverdecen-secretaria-de-ambiente-anuncia-300-cupos-para-la-tercera-fase-del-programa.html HTTP/1.1" 304 -
207.46.13.141 - - [18/Oct/2023:02:50:56 -0500] "GET /BLA/resoluciones/AUTOS%202022/4086.pdf HTTP/1.1" 304 -
201.245.192.253 - - [18/Oct/2023:02:51:16 -0500] "POST /forms/lservlet;jsessionid=ac16012b30d6d38790c287764274bc7ebbfb504ae1d9.e3iSbxaKaheRe34Pbx8Nc3aQci1ynknvrkLOlQzNp65In0 HTTP/1.1" 200 2
190.84.119.77 - - [18/Oct/2023:02:51:44 -0500] "GET /BLA/resoluciones/index.php?dir=AUTOS+2016%2F HTTP/1.1" 200 331625
66.249.66.38 - - [18/Oct/2023:02:51:58 -0500] "GET /bogota-lanza-la-red-colaborativa-de-microsensores-para-medir-la-calidad-del-aire-en-microambientes.html HTTP/1.1" 304 -
201.245.192.253 - - [18/Oct/2023:02:52:31 -0500] "POST /forms/lservlet;jsessionid=ac16012b30d65e6f2539d893487fae2aaa53fb20822f.e3iSbxaKaheRe34Pbx8Nc3aQci1ynknvrkLOlQzNp65In0 HTTP/1.1" 200 2
40.77.167.50 - - [18/Oct/2023:02:52:43 -0500] "GET /Publicaciones/2023EE237777.pdf HTTP/1.1" 200 948486
201.245.192.253 - - [18/Oct/2023:02:53:16 -0500] "POST /forms/lservlet;jsessionid=ac16012b30d6d38790c287764274bc7ebbfb504ae1d9.e3iSbxaKaheRe34Pbx8Nc3aQci1ynknvrkLOlQzNp65In0 HTTP/1.1" 200 2
172.22.2.4 - - [18/Oct/2023:02:51:51 -0500] "HEAD /BLA/boletinlegal/ HTTP/1.1" 200 -
216.245.221.92 - - [18/Oct/2023:02:53:54 -0500] "HEAD / HTTP/1.1" 200 -
201.245.192.253 - - [18/Oct/2023:02:54:10 -0500] "POST /kwsrmcab/Wsrmcab  HTTP/1.1" 200 40671
172.22.2.4 - - [18/Oct/2023:02:52:42 -0500] "GET /BLA/boletinlegal/ HTTP/1.1" 200 58169
201.245.192.253 - - [18/Oct/2023:02:54:31 -0500] "POST /forms/lservlet;jsessionid=ac16012b30d65e6f2539d893487fae2aaa53fb20822f.e3iSbxaKaheRe34Pbx8Nc3aQci1ynknvrkLOlQzNp65In0 HTTP/1.1" 200 2
201.245.192.253 - - [18/Oct/2023:02:55:16 -0500] "POST /forms/lservlet;jsessionid=ac16012b30d6d38790c287764274bc7ebbfb504ae1d9.e3iSbxaKaheRe34Pbx8Nc3aQci1ynknvrkLOlQzNp65In0 HTTP/1.1" 200 2
201.245.192.253 - - [18/Oct/2023:02:56:32 -0500] "POST /forms/lservlet;jsessionid=ac16012b30d65e6f2539d893487fae2aaa53fb20822f.e3iSbxaKaheRe34Pbx8Nc3aQci1ynknvrkLOlQzNp65In0 HTTP/1.1" 200 2
40.77.167.241 - - [18/Oct/2023:02:57:12 -0500] "GET /alianza-entre-secretaria-de-ambiente-y-universidad-piloto-para-capacitar-y-fortalecer-a-las-mujeres-que-reverdecen.html HTTP/1.1" 200 950
201.245.192.253 - - [18/Oct/2023:02:57:16 -0500] "POST /forms/lservlet;jsessionid=ac16012b30d6d38790c287764274bc7ebbfb504ae1d9.e3iSbxaKaheRe34Pbx8Nc3aQci1ynknvrkLOlQzNp65In0 HTTP/1.1" 200 2
201.245.192.253 - - [18/Oct/2023:02:58:32 -0500] "POST /forms/lservlet;jsessionid=ac16012b30d65e6f2539d893487fae2aaa53fb20822f.e3iSbxaKaheRe34Pbx8Nc3aQci1ynknvrkLOlQzNp65In0 HTTP/1.1" 200 2
20.15.133.172 - - [18/Oct/2023:02:58:44 -0500] "GET /robots.txt HTTP/1.1" 404 1018
216.245.221.92 - - [18/Oct/2023:02:58:54 -0500] "HEAD / HTTP/1.1" 200 -
20.15.133.185 - - [18/Oct/2023:02:58:54 -0500] "GET /Publicaciones/2023EE224011.pdf HTTP/1.1" 404 228
201.245.192.253 - - [18/Oct/2023:02:59:09 -0500] "POST /kwsrmcab/Wsrmcab  HTTP/1.1" 200 40671
201.245.192.253 - - [18/Oct/2023:02:59:16 -0500] "POST /forms/lservlet;jsessionid=ac16012b30d6d38790c287764274bc7ebbfb504ae1d9.e3iSbxaKaheRe34Pbx8Nc3aQci1ynknvrkLOlQzNp65In0 HTTP/1.1" 200 2
172.22.2.4 - - [18/Oct/2023:02:57:41 -0500] "HEAD /BLA/boletinlegal/ HTTP/1.1" 200 -
172.22.2.4 - - [18/Oct/2023:02:58:32 -0500] "GET /BLA/boletinlegal/ HTTP/1.1" 200 57816
201.245.192.253 - - [18/Oct/2023:03:00:31 -0500] "POST /forms/lservlet;jsessionid=ac16012b30d65e6f2539d893487fae2aaa53fb20822f.e3iSbxaKaheRe34Pbx8Nc3aQci1ynknvrkLOlQzNp65In0 HTTP/1.1" 200 2
201.245.192.253 - - [18/Oct/2023:03:01:16 -0500] "POST /forms/lservlet;jsessionid=ac16012b30d6d38790c287764274bc7ebbfb504ae1d9.e3iSbxaKaheRe34Pbx8Nc3aQci1ynknvrkLOlQzNp65In0 HTTP/1.1" 200 2
198.235.24.180 - - [18/Oct/2023:03:01:24 -0500] "GET / HTTP/1.1" 200 4720
201.245.192.253 - - [18/Oct/2023:03:02:32 -0500] "POST /forms/lservlet;jsessionid=ac16012b30d65e6f2539d893487fae2aaa53fb20822f.e3iSbxaKaheRe34Pbx8Nc3aQci1ynknvrkLOlQzNp65In0 HTTP/1.1" 200 2
167.94.138.124 - - [18/Oct/2023:03:03:14 -0500] "GET / HTTP/1.1" 200 319
167.94.138.124 - - [18/Oct/2023:03:03:14 -0500] "GET / HTTP/1.1" 200 319
167.94.138.124 - - [18/Oct/2023:03:03:14 -0500] "PRI * HTTP/2.0" 400 946
167.94.138.124 - - [18/Oct/2023:03:03:14 -0500] "GET /favicon.ico HTTP/1.1" 200 7782
201.245.192.253 - - [18/Oct/2023:03:03:16 -0500] "POST /forms/lservlet;jsessionid=ac16012b30d6d38790c287764274bc7ebbfb504ae1d9.e3iSbxaKaheRe34Pbx8Nc3aQci1ynknvrkLOlQzNp65In0 HTTP/1.1" 200 2
216.245.221.92 - - [18/Oct/2023:03:03:54 -0500] "HEAD / HTTP/1.1" 200 -
201.245.192.253 - - [18/Oct/2023:03:04:08 -0500] "POST /kwsrmcab/Wsrmcab  HTTP/1.1" 200 40671
201.245.192.253 - - [18/Oct/2023:03:04:32 -0500] "POST /forms/lservlet;jsessionid=ac16012b30d65e6f2539d893487fae2aaa53fb20822f.e3iSbxaKaheRe34Pbx8Nc3aQci1ynknvrkLOlQzNp65In0 HTTP/1.1" 200 2
172.22.2.4 - - [18/Oct/2023:03:03:31 -0500] "HEAD /BLA/boletinlegal/ HTTP/1.1" 200 -
201.245.192.253 - - [18/Oct/2023:03:05:16 -0500] "POST /forms/lservlet;jsessionid=ac16012b30d6d38790c287764274bc7ebbfb504ae1d9.e3iSbxaKaheRe34Pbx8Nc3aQci1ynknvrkLOlQzNp65In0 HTTP/1.1" 200 2
20.15.133.182 - - [18/Oct/2023:03:05:35 -0500] "GET /Publicaciones/2023EE224011.pdf HTTP/1.1" 404 228
172.22.2.4 - - [18/Oct/2023:03:04:22 -0500] "GET /BLA/boletinlegal/ HTTP/1.1" 200 58169
201.245.192.253 - - [18/Oct/2023:03:06:31 -0500] "POST /forms/lservlet;jsessionid=ac16012b30d65e6f2539d893487fae2aaa53fb20822f.e3iSbxaKaheRe34Pbx8Nc3aQci1ynknvrkLOlQzNp65In0 HTTP/1.1" 200 2
201.245.192.253 - - [18/Oct/2023:03:07:16 -0500] "POST /forms/lservlet;jsessionid=ac16012b30d6d38790c287764274bc7ebbfb504ae1d9.e3iSbxaKaheRe34Pbx8Nc3aQci1ynknvrkLOlQzNp65In0 HTTP/1.1" 200 2
201.245.192.253 - - [18/Oct/2023:03:08:32 -0500] "POST /forms/lservlet;jsessionid=ac16012b30d65e6f2539d893487fae2aaa53fb20822f.e3iSbxaKaheRe34Pbx8Nc3aQci1ynknvrkLOlQzNp65In0 HTTP/1.1" 200 2
216.245.221.92 - - [18/Oct/2023:03:08:54 -0500] "HEAD / HTTP/1.1" 200 -
201.245.192.253 - - [18/Oct/2023:03:09:07 -0500] "POST /kwsrmcab/Wsrmcab  HTTP/1.1" 200 40671
201.245.192.253 - - [18/Oct/2023:03:09:16 -0500] "POST /forms/lservlet;jsessionid=ac16012b30d6d38790c287764274bc7ebbfb504ae1d9.e3iSbxaKaheRe34Pbx8Nc3aQci1ynknvrkLOlQzNp65In0 HTTP/1.1" 200 2
201.245.192.253 - - [18/Oct/2023:03:10:32 -0500] "POST /forms/lservlet;jsessionid=ac16012b30d65e6f2539d893487fae2aaa53fb20822f.e3iSbxaKaheRe34Pbx8Nc3aQci1ynknvrkLOlQzNp65In0 HTTP/1.1" 200 2
216.244.66.195 - - [18/Oct/2023:03:10:41 -0500] "GET /BLA/resoluciones/AUTOS%202007/1336.pdf HTTP/1.1" 200 31799
216.244.66.195 - - [18/Oct/2023:03:10:46 -0500] "GET /BLA/resoluciones/AUTOS%202007/1386.pdf HTTP/1.1" 200 28611
216.244.66.195 - - [18/Oct/2023:03:10:50 -0500] "GET /BLA/resoluciones/AUTOS%202007/1484.pdf HTTP/1.1" 200 55948
216.244.66.195 - - [18/Oct/2023:03:10:54 -0500] "GET /BLA/resoluciones/AUTOS%202007/1499.pdf HTTP/1.1" 200 262604
172.22.2.4 - - [18/Oct/2023:03:09:21 -0500] "HEAD /BLA/boletinlegal/ HTTP/1.1" 200 -
216.244.66.195 - - [18/Oct/2023:03:11:14 -0500] "GET /BLA/resoluciones/AUTOS%202007/1524.pdf HTTP/1.1" 200 84647
201.245.192.253 - - [18/Oct/2023:03:11:16 -0500] "POST /forms/lservlet;jsessionid=ac16012b30d6d38790c287764274bc7ebbfb504ae1d9.e3iSbxaKaheRe34Pbx8Nc3aQci1ynknvrkLOlQzNp65In0 HTTP/1.1" 200 2
216.244.66.195 - - [18/Oct/2023:03:11:30 -0500] "GET /BLA/resoluciones/AUTOS%202007/1533.pdf HTTP/1.1" 200 101586
216.244.66.195 - - [18/Oct/2023:03:11:43 -0500] "GET /BLA/resoluciones/AUTOS%202007/1575.pdf HTTP/1.1" 200 29412
172.22.2.4 - - [18/Oct/2023:03:10:12 -0500] "GET /BLA/boletinlegal/ HTTP/1.1" 200 58169
216.244.66.195 - - [18/Oct/2023:03:11:56 -0500] "GET /BLA/resoluciones/AUTOS%202007/1603.pdf HTTP/1.1" 200 53114
185.189.182.234 - - [18/Oct/2023:03:12:04 -0500] "GET / HTTP/1.1" 400 946
216.244.66.195 - - [18/Oct/2023:03:12:12 -0500] "GET /BLA/resoluciones/AUTOS%202007/1759.pdf HTTP/1.1" 200 40039
216.244.66.195 - - [18/Oct/2023:03:12:22 -0500] "GET /BLA/resoluciones/AUTOS%202007/1797.pdf HTTP/1.1" 200 31072
201.245.192.253 - - [18/Oct/2023:03:12:32 -0500] "POST /forms/lservlet;jsessionid=ac16012b30d65e6f2539d893487fae2aaa53fb20822f.e3iSbxaKaheRe34Pbx8Nc3aQci1ynknvrkLOlQzNp65In0 HTTP/1.1" 200 2
216.244.66.195 - - [18/Oct/2023:03:12:33 -0500] "GET /BLA/resoluciones/AUTOS%202007/1823.pdf HTTP/1.1" 200 28936
216.244.66.195 - - [18/Oct/2023:03:12:41 -0500] "GET /BLA/resoluciones/AUTOS%202009/0717.pdf HTTP/1.1" 200 153753
216.244.66.195 - - [18/Oct/2023:03:12:49 -0500] "GET /BLA/resoluciones/AUTOS%202009/0755.pdf HTTP/1.1" 200 250510
216.244.66.195 - - [18/Oct/2023:03:13:07 -0500] "GET /BLA/resoluciones/AUTOS%202009/0807.pdf HTTP/1.1" 200 64219
201.245.192.253 - - [18/Oct/2023:03:13:16 -0500] "POST /forms/lservlet;jsessionid=ac16012b30d6d38790c287764274bc7ebbfb504ae1d9.e3iSbxaKaheRe34Pbx8Nc3aQci1ynknvrkLOlQzNp65In0 HTTP/1.1" 200 2
216.244.66.195 - - [18/Oct/2023:03:13:20 -0500] "GET /BLA/resoluciones/AUTOS%202009/0923.pdf HTTP/1.1" 200 121428
216.244.66.195 - - [18/Oct/2023:03:13:32 -0500] "GET /BLA/resoluciones/AUTOS%202009/0998.pdf HTTP/1.1" 200 161352
94.156.6.86 - - [18/Oct/2023:03:13:41 -0500] "HEAD / HTTP/1.0" 200 -
216.244.66.195 - - [18/Oct/2023:03:13:45 -0500] "GET /BLA/resoluciones/AUTOS%202009/1007.pdf HTTP/1.1" 200 291938
216.245.221.92 - - [18/Oct/2023:03:13:54 -0500] "HEAD / HTTP/1.1" 200 -
216.244.66.195 - - [18/Oct/2023:03:13:55 -0500] "GET /BLA/resoluciones/AUTOS%202009/1189.pdf HTTP/1.1" 200 124225
216.244.66.195 - - [18/Oct/2023:03:14:04 -0500] "GET /BLA/resoluciones/AUTOS%202009/1274.pdf HTTP/1.1" 200 149246
201.245.192.253 - - [18/Oct/2023:03:14:06 -0500] "POST /kwsrmcab/Wsrmcab  HTTP/1.1" 200 40671
216.244.66.195 - - [18/Oct/2023:03:14:13 -0500] "GET /BLA/resoluciones/AUTOS%202009/1285.pdf HTTP/1.1" 200 164692
216.244.66.195 - - [18/Oct/2023:03:14:21 -0500] "GET /BLA/resoluciones/AUTOS%202009/1411.pdf HTTP/1.1" 200 191590
66.249.66.39 - - [18/Oct/2023:03:14:28 -0500] "GET /inscribete-en-este-proceso-de-formacion-para-ser-un-lider-o-una-lideresa-ambiental-en-tu-localidad.html HTTP/1.1" 304 -
66.249.66.37 - - [18/Oct/2023:03:14:29 -0500] "GET /privados-y-distrito-inauguraron-vivero-en-la-reserva-van-der-hammen-con-capacidad-para-producir-50-mil-arboles-al-ano.html HTTP/1.1" 304 -
216.244.66.195 - - [18/Oct/2023:03:14:31 -0500] "GET /BLA/resoluciones/AUTOS%202009/1593.pdf HTTP/1.1" 200 125078
201.245.192.253 - - [18/Oct/2023:03:14:32 -0500] "POST /forms/lservlet;jsessionid=ac16012b30d65e6f2539d893487fae2aaa53fb20822f.e3iSbxaKaheRe34Pbx8Nc3aQci1ynknvrkLOlQzNp65In0 HTTP/1.1" 200 2
216.244.66.195 - - [18/Oct/2023:03:14:40 -0500] "GET /BLA/resoluciones/AUTOS%202009/1786.pdf HTTP/1.1" 200 97526
216.244.66.195 - - [18/Oct/2023:03:14:46 -0500] "GET /BLA/resoluciones/AUTOS%202009/1854.pdf HTTP/1.1" 200 100605
216.244.66.195 - - [18/Oct/2023:03:14:52 -0500] "GET /BLA/resoluciones/AUTOS%202009/2007.pdf HTTP/1.1" 200 100229
216.244.66.195 - - [18/Oct/2023:03:14:57 -0500] "GET /BLA/resoluciones/AUTOS%202009/2014.pdf HTTP/1.1" 200 100937
216.244.66.195 - - [18/Oct/2023:03:15:01 -0500] "GET /BLA/resoluciones/AUTOS%202009/2153.pdf HTTP/1.1" 200 96621
216.244.66.195 - - [18/Oct/2023:03:15:11 -0500] "GET /BLA/resoluciones/AUTOS%202009/2220.pdf HTTP/1.1" 200 124378
201.245.192.253 - - [18/Oct/2023:03:15:16 -0500] "POST /forms/lservlet;jsessionid=ac16012b30d6d38790c287764274bc7ebbfb504ae1d9.e3iSbxaKaheRe34Pbx8Nc3aQci1ynknvrkLOlQzNp65In0 HTTP/1.1" 200 2
216.244.66.195 - - [18/Oct/2023:03:15:26 -0500] "GET /BLA/resoluciones/AUTOS%202009/2256.pdf HTTP/1.1" 200 121391
216.244.66.195 - - [18/Oct/2023:03:15:37 -0500] "GET /BLA/resoluciones/AUTOS%202009/2815.pdf HTTP/1.1" 200 82819
216.244.66.195 - - [18/Oct/2023:03:15:48 -0500] "GET /BLA/resoluciones/AUTOS%202009/2901.pdf HTTP/1.1" 200 87344
216.244.66.195 - - [18/Oct/2023:03:15:57 -0500] "GET /BLA/resoluciones/AUTOS%202011/0485.pdf HTTP/1.1" 200 94879
216.244.66.195 - - [18/Oct/2023:03:16:05 -0500] "GET /BLA/resoluciones/AUTOS%202011/0881.pdf HTTP/1.1" 200 150889
216.244.66.195 - - [18/Oct/2023:03:16:12 -0500] "GET /BLA/resoluciones/AUTOS%202011/1610.pdf HTTP/1.1" 200 246125
216.244.66.195 - - [18/Oct/2023:03:16:27 -0500] "GET /BLA/resoluciones/AUTOS%202011/1892.pdf HTTP/1.1" 200 160213
201.245.192.253 - - [18/Oct/2023:03:16:32 -0500] "POST /forms/lservlet;jsessionid=ac16012b30d65e6f2539d893487fae2aaa53fb20822f.e3iSbxaKaheRe34Pbx8Nc3aQci1ynknvrkLOlQzNp65In0 HTTP/1.1" 200 2
216.244.66.195 - - [18/Oct/2023:03:16:38 -0500] "GET /BLA/resoluciones/AUTOS%202011/1904.pdf HTTP/1.1" 200 208358
216.244.66.195 - - [18/Oct/2023:03:16:49 -0500] "GET /BLA/resoluciones/AUTOS%202011/2050.pdf HTTP/1.1" 200 170017
172.22.2.4 - - [18/Oct/2023:03:15:11 -0500] "HEAD /BLA/boletinlegal/ HTTP/1.1" 200 -
216.244.66.195 - - [18/Oct/2023:03:16:57 -0500] "GET /BLA/resoluciones/AUTOS%202011/2059.pdf HTTP/1.1" 200 159783
216.244.66.195 - - [18/Oct/2023:03:17:05 -0500] "GET /BLA/resoluciones/AUTOS%202011/2082.pdf HTTP/1.1" 200 242865
216.244.66.195 - - [18/Oct/2023:03:17:13 -0500] "GET /BLA/resoluciones/AUTOS%202011/2086.pdf HTTP/1.1" 200 138199
201.245.192.253 - - [18/Oct/2023:03:17:16 -0500] "POST /forms/lservlet;jsessionid=ac16012b30d6d38790c287764274bc7ebbfb504ae1d9.e3iSbxaKaheRe34Pbx8Nc3aQci1ynknvrkLOlQzNp65In0 HTTP/1.1" 200 2
216.244.66.195 - - [18/Oct/2023:03:17:32 -0500] "GET /BLA/resoluciones/AUTOS%202011/2207.pdf HTTP/1.1" 200 118037
201.245.192.253 - - [18/Oct/2023:03:17:39 -0500] "POST /kwsrmcab/Wsrmcab HTTP/1.1" 200 40305
172.22.2.4 - - [18/Oct/2023:03:16:02 -0500] "GET /BLA/boletinlegal/ HTTP/1.1" 200 58169
201.245.192.253 - - [18/Oct/2023:03:17:41 -0500] "POST /kwsrmcab/Wsrmcab HTTP/1.1" 200 40968
216.244.66.195 - - [18/Oct/2023:03:17:46 -0500] "GET /BLA/resoluciones/AUTOS%202011/2393.pdf HTTP/1.1" 200 137823
216.244.66.195 - - [18/Oct/2023:03:18:00 -0500] "GET /BLA/resoluciones/AUTOS%202011/2452.pdf HTTP/1.1" 200 175315
216.244.66.195 - - [18/Oct/2023:03:18:12 -0500] "GET /BLA/resoluciones/AUTOS%202011/2723.pdf HTTP/1.1" 200 205029
40.77.167.54 - - [18/Oct/2023:03:18:25 -0500] "GET /Publicaciones/2023EE205028.pdf HTTP/1.1" 404 228
201.245.192.253 - - [18/Oct/2023:03:18:32 -0500] "POST /forms/lservlet;jsessionid=ac16012b30d65e6f2539d893487fae2aaa53fb20822f.e3iSbxaKaheRe34Pbx8Nc3aQci1ynknvrkLOlQzNp65In0 HTTP/1.1" 200 2
216.244.66.195 - - [18/Oct/2023:03:18:40 -0500] "GET /BLA/resoluciones/AUTOS%202011/2931.pdf HTTP/1.1" 200 458982
52.149.22.89 - - [18/Oct/2023:03:18:48 -0500] "GET /Publicaciones/2023EE205028.pdf HTTP/1.1" 404 228
216.245.221.92 - - [18/Oct/2023:03:18:54 -0500] "HEAD / HTTP/1.1" 200 -
216.244.66.195 - - [18/Oct/2023:03:19:04 -0500] "GET /BLA/resoluciones/AUTOS%202011/3453.pdf HTTP/1.1" 200 321431
201.245.192.253 - - [18/Oct/2023:03:19:05 -0500] "POST /kwsrmcab/Wsrmcab  HTTP/1.1" 200 40671
201.245.192.253 - - [18/Oct/2023:03:19:16 -0500] "POST /forms/lservlet;jsessionid=ac16012b30d6d38790c287764274bc7ebbfb504ae1d9.e3iSbxaKaheRe34Pbx8Nc3aQci1ynknvrkLOlQzNp65In0 HTTP/1.1" 200 2
216.244.66.195 - - [18/Oct/2023:03:19:30 -0500] "GET /BLA/resoluciones/AUTOS%202011/3543.pdf HTTP/1.1" 200 236587
52.167.144.228 - - [18/Oct/2023:03:19:46 -0500] "GET /BLA/resoluciones/RESOLUCIONES%202023/1910.pdf HTTP/1.1" 200 1821410
216.244.66.195 - - [18/Oct/2023:03:19:50 -0500] "GET /BLA/resoluciones/AUTOS%202012/0018.pdf HTTP/1.1" 200 369443
216.244.66.195 - - [18/Oct/2023:03:20:25 -0500] "GET /BLA/resoluciones/AUTOS%202012/0115.pdf HTTP/1.1" 200 353093
201.245.192.253 - - [18/Oct/2023:03:20:32 -0500] "POST /forms/lservlet;jsessionid=ac16012b30d65e6f2539d893487fae2aaa53fb20822f.e3iSbxaKaheRe34Pbx8Nc3aQci1ynknvrkLOlQzNp65In0 HTTP/1.1" 200 2
216.244.66.195 - - [18/Oct/2023:03:21:03 -0500] "GET /BLA/resoluciones/AUTOS%202012/0116.pdf HTTP/1.1" 200 391688
201.245.192.253 - - [18/Oct/2023:03:21:16 -0500] "POST /forms/lservlet;jsessionid=ac16012b30d6d38790c287764274bc7ebbfb504ae1d9.e3iSbxaKaheRe34Pbx8Nc3aQci1ynknvrkLOlQzNp65In0 HTTP/1.1" 200 2
66.249.66.19 - - [18/Oct/2023:03:21:17 -0500] "GET /BLA/resoluciones/AUTOS%25202010/5456.pdf HTTP/1.1" 404 1018
216.244.66.195 - - [18/Oct/2023:03:21:44 -0500] "GET /BLA/resoluciones/AUTOS%202012/0197.pdf HTTP/1.1" 200 772501
201.245.192.253 - - [18/Oct/2023:03:22:32 -0500] "POST /forms/lservlet;jsessionid=ac16012b30d65e6f2539d893487fae2aaa53fb20822f.e3iSbxaKaheRe34Pbx8Nc3aQci1ynknvrkLOlQzNp65In0 HTTP/1.1" 200 2
216.244.66.195 - - [18/Oct/2023:03:22:32 -0500] "GET /BLA/resoluciones/AUTOS%202012/0252.pdf HTTP/1.1" 200 586361
172.22.2.4 - - [18/Oct/2023:03:21:01 -0500] "HEAD /BLA/boletinlegal/ HTTP/1.1" 200 -
216.244.66.195 - - [18/Oct/2023:03:23:09 -0500] "GET /BLA/resoluciones/AUTOS%202012/0675.pdf HTTP/1.1" 200 326499
201.245.192.253 - - [18/Oct/2023:03:23:16 -0500] "POST /forms/lservlet;jsessionid=ac16012b30d6d38790c287764274bc7ebbfb504ae1d9.e3iSbxaKaheRe34Pbx8Nc3aQci1ynknvrkLOlQzNp65In0 HTTP/1.1" 200 2
172.22.2.4 - - [18/Oct/2023:03:21:51 -0500] "GET /BLA/boletinlegal/ HTTP/1.1" 200 60189
216.244.66.195 - - [18/Oct/2023:03:23:46 -0500] "GET /BLA/resoluciones/AUTOS%202012/0834.pdf HTTP/1.1" 200 289957
216.245.221.92 - - [18/Oct/2023:03:23:54 -0500] "HEAD / HTTP/1.1" 200 -
201.245.192.253 - - [18/Oct/2023:03:24:05 -0500] "POST /kwsrmcab/Wsrmcab  HTTP/1.1" 200 40671
216.244.66.195 - - [18/Oct/2023:03:24:17 -0500] "GET /BLA/resoluciones/AUTOS%202012/0910.pdf HTTP/1.1" 200 294437
201.245.192.253 - - [18/Oct/2023:03:24:32 -0500] "POST /forms/lservlet;jsessionid=ac16012b30d65e6f2539d893487fae2aaa53fb20822f.e3iSbxaKaheRe34Pbx8Nc3aQci1ynknvrkLOlQzNp65In0 HTTP/1.1" 200 2
216.244.66.195 - - [18/Oct/2023:03:24:46 -0500] "GET /BLA/resoluciones/AUTOS%202012/1199.pdf HTTP/1.1" 200 177664
201.245.192.253 - - [18/Oct/2023:03:25:16 -0500] "POST /forms/lservlet;jsessionid=ac16012b30d6d38790c287764274bc7ebbfb504ae1d9.e3iSbxaKaheRe34Pbx8Nc3aQci1ynknvrkLOlQzNp65In0 HTTP/1.1" 200 2
201.245.192.253 - - [18/Oct/2023:03:26:32 -0500] "POST /forms/lservlet;jsessionid=ac16012b30d65e6f2539d893487fae2aaa53fb20822f.e3iSbxaKaheRe34Pbx8Nc3aQci1ynknvrkLOlQzNp65In0 HTTP/1.1" 200 2
201.245.192.253 - - [18/Oct/2023:03:27:16 -0500] "POST /forms/lservlet;jsessionid=ac16012b30d6d38790c287764274bc7ebbfb504ae1d9.e3iSbxaKaheRe34Pbx8Nc3aQci1ynknvrkLOlQzNp65In0 HTTP/1.1" 200 2
201.245.192.253 - - [18/Oct/2023:03:27:39 -0500] "POST /kwsrmcab/Wsrmcab HTTP/1.1" 200 40305
201.245.192.253 - - [18/Oct/2023:03:27:41 -0500] "POST /kwsrmcab/Wsrmcab HTTP/1.1" 200 40968
40.77.167.254 - - [18/Oct/2023:03:27:44 -0500] "GET /bogota-fashion-week-una-ventana-para-la-sostenibilidad-en-bogota.html HTTP/1.1" 200 754
172.22.2.4 - - [18/Oct/2023:03:26:51 -0500] "HEAD /BLA/boletinlegal/ HTTP/1.1" 200 -
201.245.192.253 - - [18/Oct/2023:03:28:32 -0500] "POST /forms/lservlet;jsessionid=ac16012b30d65e6f2539d893487fae2aaa53fb20822f.e3iSbxaKaheRe34Pbx8Nc3aQci1ynknvrkLOlQzNp65In0 HTTP/1.1" 200 2
216.245.221.92 - - [18/Oct/2023:03:28:54 -0500] "HEAD / HTTP/1.1" 200 -
201.245.192.253 - - [18/Oct/2023:03:29:05 -0500] "POST /kwsrmcab/Wsrmcab  HTTP/1.1" 200 40671
201.245.192.253 - - [18/Oct/2023:03:29:16 -0500] "POST /forms/lservlet;jsessionid=ac16012b30d6d38790c287764274bc7ebbfb504ae1d9.e3iSbxaKaheRe34Pbx8Nc3aQci1ynknvrkLOlQzNp65In0 HTTP/1.1" 200 2
172.22.2.4 - - [18/Oct/2023:03:27:42 -0500] "GET /BLA/boletinlegal/ HTTP/1.1" 200 58169
201.245.192.253 - - [18/Oct/2023:03:30:32 -0500] "POST /forms/lservlet;jsessionid=ac16012b30d65e6f2539d893487fae2aaa53fb20822f.e3iSbxaKaheRe34Pbx8Nc3aQci1ynknvrkLOlQzNp65In0 HTTP/1.1" 200 2
34.91.158.34 - - [18/Oct/2023:03:30:49 -0500] "GET /caminatas-ecologicas-un-plan-imperdible-para-octubre.html HTTP/1.1" 200 747
201.245.192.253 - - [18/Oct/2023:03:31:16 -0500] "POST /forms/lservlet;jsessionid=ac16012b30d6d38790c287764274bc7ebbfb504ae1d9.e3iSbxaKaheRe34Pbx8Nc3aQci1ynknvrkLOlQzNp65In0 HTTP/1.1" 200 2
201.245.192.253 - - [18/Oct/2023:03:32:32 -0500] "POST /forms/lservlet;jsessionid=ac16012b30d65e6f2539d893487fae2aaa53fb20822f.e3iSbxaKaheRe34Pbx8Nc3aQci1ynknvrkLOlQzNp65In0 HTTP/1.1" 200 2
201.245.192.253 - - [18/Oct/2023:03:33:16 -0500] "POST /forms/lservlet;jsessionid=ac16012b30d6d38790c287764274bc7ebbfb504ae1d9.e3iSbxaKaheRe34Pbx8Nc3aQci1ynknvrkLOlQzNp65In0 HTTP/1.1" 200 2
216.245.221.92 - - [18/Oct/2023:03:33:54 -0500] "HEAD / HTTP/1.1" 200 -
216.244.66.195 - - [18/Oct/2023:03:34:00 -0500] "GET /robots.txt HTTP/1.1" 404 1018
201.245.192.253 - - [18/Oct/2023:03:34:04 -0500] "POST /kwsrmcab/Wsrmcab  HTTP/1.1" 200 40671
172.22.2.4 - - [18/Oct/2023:03:32:42 -0500] "HEAD /BLA/boletinlegal/ HTTP/1.1" 200 -
201.245.192.253 - - [18/Oct/2023:03:34:32 -0500] "POST /forms/lservlet;jsessionid=ac16012b30d65e6f2539d893487fae2aaa53fb20822f.e3iSbxaKaheRe34Pbx8Nc3aQci1ynknvrkLOlQzNp65In0 HTTP/1.1" 200 2
172.22.2.4 - - [18/Oct/2023:03:33:33 -0500] "GET /BLA/boletinlegal/ HTTP/1.1" 200 58169
201.245.192.253 - - [18/Oct/2023:03:35:16 -0500] "POST /forms/lservlet;jsessionid=ac16012b30d6d38790c287764274bc7ebbfb504ae1d9.e3iSbxaKaheRe34Pbx8Nc3aQci1ynknvrkLOlQzNp65In0 HTTP/1.1" 200 2
157.55.39.200 - - [18/Oct/2023:03:36:19 -0500] "GET /Publicaciones/2023EE239801.pdf HTTP/1.1" 200 1403172
201.245.192.253 - - [18/Oct/2023:03:36:32 -0500] "POST /forms/lservlet;jsessionid=ac16012b30d65e6f2539d893487fae2aaa53fb20822f.e3iSbxaKaheRe34Pbx8Nc3aQci1ynknvrkLOlQzNp65In0 HTTP/1.1" 200 2
66.249.66.37 - - [18/Oct/2023:03:36:57 -0500] "GET /semana-bogota-reverdece-135-nuevos-arboles-para-el-humedal-la-conejera.html HTTP/1.1" 304 -
201.245.192.253 - - [18/Oct/2023:03:37:16 -0500] "POST /forms/lservlet;jsessionid=ac16012b30d6d38790c287764274bc7ebbfb504ae1d9.e3iSbxaKaheRe34Pbx8Nc3aQci1ynknvrkLOlQzNp65In0 HTTP/1.1" 200 2
201.245.192.253 - - [18/Oct/2023:03:37:39 -0500] "POST /kwsrmcab/Wsrmcab HTTP/1.1" 200 40305
201.245.192.253 - - [18/Oct/2023:03:37:41 -0500] "POST /kwsrmcab/Wsrmcab HTTP/1.1" 200 40968
201.245.192.253 - - [18/Oct/2023:03:38:32 -0500] "POST /forms/lservlet;jsessionid=ac16012b30d65e6f2539d893487fae2aaa53fb20822f.e3iSbxaKaheRe34Pbx8Nc3aQci1ynknvrkLOlQzNp65In0 HTTP/1.1" 200 2
216.245.221.92 - - [18/Oct/2023:03:38:54 -0500] "HEAD / HTTP/1.1" 200 -
201.245.192.253 - - [18/Oct/2023:03:39:02 -0500] "POST /kwsrmcab/Wsrmcab  HTTP/1.1" 200 40671
201.245.192.253 - - [18/Oct/2023:03:39:16 -0500] "POST /forms/lservlet;jsessionid=ac16012b30d6d38790c287764274bc7ebbfb504ae1d9.e3iSbxaKaheRe34Pbx8Nc3aQci1ynknvrkLOlQzNp65In0 HTTP/1.1" 200 2
172.22.2.4 - - [18/Oct/2023:03:38:32 -0500] "HEAD /BLA/boletinlegal/ HTTP/1.1" 200 -
201.245.192.253 - - [18/Oct/2023:03:40:32 -0500] "POST /forms/lservlet;jsessionid=ac16012b30d65e6f2539d893487fae2aaa53fb20822f.e3iSbxaKaheRe34Pbx8Nc3aQci1ynknvrkLOlQzNp65In0 HTTP/1.1" 200 2
172.22.2.4 - - [18/Oct/2023:03:39:23 -0500] "GET /BLA/boletinlegal/ HTTP/1.1" 200 60189
201.245.192.253 - - [18/Oct/2023:03:41:16 -0500] "POST /forms/lservlet;jsessionid=ac16012b30d6d38790c287764274bc7ebbfb504ae1d9.e3iSbxaKaheRe34Pbx8Nc3aQci1ynknvrkLOlQzNp65In0 HTTP/1.1" 200 2
201.245.192.253 - - [18/Oct/2023:03:42:32 -0500] "POST /forms/lservlet;jsessionid=ac16012b30d65e6f2539d893487fae2aaa53fb20822f.e3iSbxaKaheRe34Pbx8Nc3aQci1ynknvrkLOlQzNp65In0 HTTP/1.1" 200 2
201.245.192.253 - - [18/Oct/2023:03:43:16 -0500] "POST /forms/lservlet;jsessionid=ac16012b30d6d38790c287764274bc7ebbfb504ae1d9.e3iSbxaKaheRe34Pbx8Nc3aQci1ynknvrkLOlQzNp65In0 HTTP/1.1" 200 2
