201.245.192.253 - - [19/Oct/2023:04:20:32 -0500] "POST /kwsrmcab/Wsrmcab HTTP/1.1" 200 40650
201.245.192.253 - - [19/Oct/2023:04:20:35 -0500] "POST /kwsrmcab/Wsrmcab HTTP/1.1" 200 40945
157.55.39.14 - - [19/Oct/2023:04:21:06 -0500] "GET /galeria/galeria/fotos/cusumbo4G.jpg HTTP/1.1" 200 292522
172.22.2.4 - - [19/Oct/2023:04:19:33 -0500] "GET /BLA/boletinlegal/ HTTP/1.1" 200 60189
201.245.192.253 - - [19/Oct/2023:04:24:28 -0500] "POST /kwsrmcab/Wsrmcab  HTTP/1.1" 200 40671
216.245.221.92 - - [19/Oct/2023:04:24:41 -0500] "HEAD / HTTP/1.1" 200 -
172.22.2.4 - - [19/Oct/2023:04:24:32 -0500] "HEAD /BLA/boletinlegal/ HTTP/1.1" 200 -
172.22.2.4 - - [19/Oct/2023:04:25:23 -0500] "GET /BLA/boletinlegal/ HTTP/1.1" 200 60545
201.245.192.253 - - [19/Oct/2023:04:27:34 -0500] "POST /kwsrmcab/Wsrmcab HTTP/1.1" 200 40650
201.245.192.253 - - [19/Oct/2023:04:27:37 -0500] "POST /kwsrmcab/Wsrmcab HTTP/1.1" 200 40945
172.22.2.4 - - [19/Oct/2023:04:27:35 -0500] "GET /BLA/boletinlegal/ HTTP/1.1" 200 62388
201.245.192.253 - - [19/Oct/2023:04:29:27 -0500] "POST /kwsrmcab/Wsrmcab  HTTP/1.1" 200 40671
216.245.221.92 - - [19/Oct/2023:04:29:41 -0500] "HEAD / HTTP/1.1" 200 -
201.245.192.253 - - [19/Oct/2023:04:30:32 -0500] "POST /kwsrmcab/Wsrmcab HTTP/1.1" 200 40650
201.245.192.253 - - [19/Oct/2023:04:30:35 -0500] "POST /kwsrmcab/Wsrmcab HTTP/1.1" 200 40945
172.22.2.4 - - [19/Oct/2023:04:30:22 -0500] "HEAD /BLA/boletinlegal/ HTTP/1.1" 200 -
172.22.2.4 - - [19/Oct/2023:04:31:13 -0500] "GET /BLA/boletinlegal/ HTTP/1.1" 200 57816
216.244.66.195 - - [19/Oct/2023:04:33:07 -0500] "GET /BLA/resoluciones/AUTOS%202017/3806.pdf HTTP/1.1" 200 1017407
157.55.39.205 - - [19/Oct/2023:04:33:40 -0500] "GET /forest/ HTTP/1.1" 200 12041
216.244.66.195 - - [19/Oct/2023:04:33:47 -0500] "GET /BLA/resoluciones/AUTOS%202017/4241.pdf HTTP/1.1" 200 287155
216.244.66.195 - - [19/Oct/2023:04:34:20 -0500] "GET /BLA/resoluciones/AUTOS%202017/4357.pdf HTTP/1.1" 200 411171
201.245.192.253 - - [19/Oct/2023:04:34:27 -0500] "POST /kwsrmcab/Wsrmcab  HTTP/1.1" 200 40671
216.245.221.92 - - [19/Oct/2023:04:34:41 -0500] "HEAD / HTTP/1.1" 200 -
216.244.66.195 - - [19/Oct/2023:04:34:55 -0500] "GET /BLA/resoluciones/AUTOS%202017/5237.pdf HTTP/1.1" 200 741543
216.244.66.195 - - [19/Oct/2023:04:35:24 -0500] "GET /BLA/resoluciones/RESOLUCIONES%202011/0063.pdf HTTP/1.1" 200 402564
40.77.167.1 - - [19/Oct/2023:04:35:45 -0500] "GET /BLA/resoluciones/RESOLUCIONES%202023/0547.pdf HTTP/1.1" 200 1070333
216.244.66.195 - - [19/Oct/2023:04:35:52 -0500] "GET /BLA/resoluciones/RESOLUCIONES%202011/0574.pdf HTTP/1.1" 200 40070
216.244.66.195 - - [19/Oct/2023:04:36:18 -0500] "GET /BLA/resoluciones/RESOLUCIONES%202011/0817.pdf HTTP/1.1" 200 301642
216.244.66.195 - - [19/Oct/2023:04:36:43 -0500] "GET /BLA/resoluciones/RESOLUCIONES%202011/1095.pdf HTTP/1.1" 200 246697
216.244.66.195 - - [19/Oct/2023:04:37:11 -0500] "GET /BLA/resoluciones/RESOLUCIONES%202011/1558.pdf HTTP/1.1" 200 240213
66.249.66.39 - - [19/Oct/2023:04:37:30 -0500] "GET /secretaria-de-ambiente-abre-inscripciones-para-la-ruta-de-emprendimiento-verde-2022.html HTTP/1.1" 200 902
216.244.66.195 - - [19/Oct/2023:04:37:34 -0500] "GET /galeria/galeria/fotos/caminata2Gra.jpg HTTP/1.1" 200 154460
201.245.192.253 - - [19/Oct/2023:04:37:34 -0500] "POST /kwsrmcab/Wsrmcab HTTP/1.1" 200 40650
201.245.192.253 - - [19/Oct/2023:04:37:36 -0500] "POST /kwsrmcab/Wsrmcab HTTP/1.1" 200 40945
172.22.2.4 - - [19/Oct/2023:04:36:12 -0500] "HEAD /BLA/boletinlegal/ HTTP/1.1" 200 -
52.167.144.187 - - [19/Oct/2023:04:38:33 -0500] "GET /BLA/resoluciones/index.php?dir=RESOLUCIONES+2007%2FRES+2007+2001+AL+2100%2F HTTP/1.1" 200 26870
172.22.2.4 - - [19/Oct/2023:04:37:03 -0500] "GET /BLA/boletinlegal/ HTTP/1.1" 200 58169
201.245.192.253 - - [19/Oct/2023:04:39:26 -0500] "POST /kwsrmcab/Wsrmcab  HTTP/1.1" 200 40671
172.22.2.4 - - [19/Oct/2023:04:39:37 -0500] "GET /BLA/boletinlegal/images/screen_1.png HTTP/1.1" 304 -
216.245.221.92 - - [19/Oct/2023:04:39:41 -0500] "HEAD / HTTP/1.1" 200 -
201.245.192.253 - - [19/Oct/2023:04:40:32 -0500] "POST /kwsrmcab/Wsrmcab HTTP/1.1" 200 40650
201.245.192.253 - - [19/Oct/2023:04:40:35 -0500] "POST /kwsrmcab/Wsrmcab HTTP/1.1" 200 40945
172.22.2.4 - - [19/Oct/2023:04:42:02 -0500] "HEAD /BLA/boletinlegal/ HTTP/1.1" 200 -
201.245.192.253 - - [19/Oct/2023:04:44:25 -0500] "POST /kwsrmcab/Wsrmcab  HTTP/1.1" 200 40671
172.22.2.4 - - [19/Oct/2023:04:42:53 -0500] "GET /BLA/boletinlegal/ HTTP/1.1" 200 58169
216.245.221.92 - - [19/Oct/2023:04:44:41 -0500] "HEAD / HTTP/1.1" 200 -
216.244.66.195 - - [19/Oct/2023:04:46:19 -0500] "GET /BLA/resoluciones/AUTOS%202008/0220.pdf HTTP/1.1" 200 107554
216.244.66.195 - - [19/Oct/2023:04:46:40 -0500] "GET /BLA/resoluciones/AUTOS%202008/0529.pdf HTTP/1.1" 200 91639
216.244.66.195 - - [19/Oct/2023:04:47:00 -0500] "GET /BLA/resoluciones/AUTOS%202008/0779.pdf HTTP/1.1" 200 75688
157.55.39.15 - - [19/Oct/2023:04:47:12 -0500] "GET /BLA/resoluciones/AUTOS%202021/4517.pdf HTTP/1.1" 200 376044
216.244.66.195 - - [19/Oct/2023:04:47:19 -0500] "GET /BLA/resoluciones/AUTOS%202008/1458.pdf HTTP/1.1" 200 86409
216.244.66.195 - - [19/Oct/2023:04:47:37 -0500] "GET /BLA/resoluciones/AUTOS%202008/1621.pdf HTTP/1.1" 200 60805
216.244.66.195 - - [19/Oct/2023:04:47:55 -0500] "GET /BLA/resoluciones/AUTOS%202008/1656.pdf HTTP/1.1" 200 85624
216.244.66.195 - - [19/Oct/2023:04:48:11 -0500] "GET /BLA/resoluciones/AUTOS%202008/1668.pdf HTTP/1.1" 200 81086
216.244.66.195 - - [19/Oct/2023:04:48:26 -0500] "GET /BLA/resoluciones/AUTOS%202008/1953.pdf HTTP/1.1" 200 87254
66.249.66.21 - - [19/Oct/2023:04:48:30 -0500] "GET /BLA/resoluciones/RESOLUCIONES%202009/1329.pdf HTTP/1.1" 200 464683
216.244.66.195 - - [19/Oct/2023:04:48:40 -0500] "GET /BLA/resoluciones/AUTOS%202009/0642.pdf HTTP/1.1" 200 80544
172.22.2.4 - - [19/Oct/2023:04:48:41 -0500] "GET /BLA/boletinlegal/ews/exchange/ HTTP/1.1" 404 1018
216.244.66.195 - - [19/Oct/2023:04:48:53 -0500] "GET /BLA/resoluciones/AUTOS%202009/0681.pdf HTTP/1.1" 200 70685
216.244.66.195 - - [19/Oct/2023:04:49:05 -0500] "GET /BLA/resoluciones/AUTOS%202013/0270.pdf HTTP/1.1" 200 3178617
201.245.192.253 - - [19/Oct/2023:04:49:23 -0500] "POST /kwsrmcab/Wsrmcab  HTTP/1.1" 200 40671
216.244.66.195 - - [19/Oct/2023:04:49:31 -0500] "GET /BLA/resoluciones/AUTOS%202013/0954.pdf HTTP/1.1" 200 2223182
172.22.2.4 - - [19/Oct/2023:04:47:52 -0500] "HEAD /BLA/boletinlegal/ HTTP/1.1" 200 -
216.245.221.92 - - [19/Oct/2023:04:49:41 -0500] "HEAD / HTTP/1.1" 200 -
216.244.66.195 - - [19/Oct/2023:04:50:04 -0500] "GET /BLA/resoluciones/AUTOS%202013/1949.pdf HTTP/1.1" 200 416890
172.22.2.4 - - [19/Oct/2023:04:48:43 -0500] "GET /BLA/boletinlegal/ HTTP/1.1" 200 60189
216.244.66.195 - - [19/Oct/2023:04:50:35 -0500] "GET /BLA/resoluciones/AUTOS%202013/2165.pdf HTTP/1.1" 200 1847921
123.126.50.70 - - [19/Oct/2023:04:50:52 -0500] "GET / HTTP/1.1" 200 319
216.244.66.195 - - [19/Oct/2023:04:51:05 -0500] "GET /BLA/resoluciones/AUTOS%202013/2577.pdf HTTP/1.1" 200 1763550
216.244.66.195 - - [19/Oct/2023:04:51:49 -0500] "GET /BLA/resoluciones/AUTOS%202013/2773.pdf HTTP/1.1" 200 1847063
216.244.66.195 - - [19/Oct/2023:04:52:35 -0500] "GET /BLA/resoluciones/AUTOS%202014/1297.pdf HTTP/1.1" 200 1606834
216.244.66.195 - - [19/Oct/2023:04:53:07 -0500] "GET /BLA/resoluciones/AUTOS%202014/1569.pdf HTTP/1.1" 200 773264
216.244.66.195 - - [19/Oct/2023:04:53:37 -0500] "GET /BLA/resoluciones/AUTOS%202014/2219.pdf HTTP/1.1" 200 2919094
201.245.192.253 - - [19/Oct/2023:04:54:23 -0500] "POST /kwsrmcab/Wsrmcab  HTTP/1.1" 200 40671
216.244.66.195 - - [19/Oct/2023:04:54:31 -0500] "GET /BLA/resoluciones/AUTOS%202014/2373.pdf HTTP/1.1" 200 2428626
216.245.221.92 - - [19/Oct/2023:04:54:41 -0500] "HEAD / HTTP/1.1" 200 -
216.244.66.195 - - [19/Oct/2023:04:55:11 -0500] "GET /BLA/resoluciones/AUTOS%202015/0191.pdf HTTP/1.1" 200 469182
172.22.2.4 - - [19/Oct/2023:04:53:42 -0500] "HEAD /BLA/boletinlegal/ HTTP/1.1" 200 -
216.244.66.195 - - [19/Oct/2023:04:55:43 -0500] "GET /BLA/resoluciones/AUTOS%202015/0221.pdf HTTP/1.1" 200 521427
216.244.66.195 - - [19/Oct/2023:04:56:12 -0500] "GET /BLA/resoluciones/AUTOS%202015/0307.pdf HTTP/1.1" 200 567145
172.22.2.4 - - [19/Oct/2023:04:54:33 -0500] "GET /BLA/boletinlegal/ HTTP/1.1" 200 58169
216.244.66.195 - - [19/Oct/2023:04:56:46 -0500] "GET /BLA/resoluciones/AUTOS%202015/0528.pdf HTTP/1.1" 200 548814
66.249.66.20 - - [19/Oct/2023:04:57:02 -0500] "GET /BLA/resoluciones/RESOLUCIONES%202008/2153.pdf HTTP/1.1" 200 293384
216.244.66.195 - - [19/Oct/2023:04:57:17 -0500] "GET /BLA/resoluciones/AUTOS%202015/0547.pdf HTTP/1.1" 200 553195
216.244.66.195 - - [19/Oct/2023:04:57:43 -0500] "GET /BLA/resoluciones/AUTOS%202015/1308.pdf HTTP/1.1" 200 820882
216.244.66.195 - - [19/Oct/2023:04:58:11 -0500] "GET /BLA/resoluciones/AUTOS%202015/1611.pdf HTTP/1.1" 200 563570
216.244.66.195 - - [19/Oct/2023:04:58:49 -0500] "GET /BLA/resoluciones/AUTOS%202015/1710.pdf HTTP/1.1" 200 585462
201.245.192.253 - - [19/Oct/2023:04:59:23 -0500] "POST /kwsrmcab/Wsrmcab  HTTP/1.1" 200 40671
216.244.66.195 - - [19/Oct/2023:04:59:26 -0500] "GET /BLA/resoluciones/AUTOS%202015/2349.pdf HTTP/1.1" 200 268949
216.245.221.92 - - [19/Oct/2023:04:59:41 -0500] "HEAD / HTTP/1.1" 200 -
216.244.66.195 - - [19/Oct/2023:04:59:58 -0500] "GET /BLA/resoluciones/AUTOS%202015/2427.pdf HTTP/1.1" 200 630230
216.244.66.195 - - [19/Oct/2023:05:00:37 -0500] "GET /BLA/resoluciones/AUTOS%202015/2537.pdf HTTP/1.1" 200 613392
216.244.66.195 - - [19/Oct/2023:05:01:07 -0500] "GET /BLA/resoluciones/AUTOS%202015/2677.pdf HTTP/1.1" 200 545878
172.22.2.4 - - [19/Oct/2023:04:59:32 -0500] "HEAD /BLA/boletinlegal/ HTTP/1.1" 200 -
172.22.2.4 - - [19/Oct/2023:05:00:23 -0500] "GET /BLA/boletinlegal/ HTTP/1.1" 200 57816
52.167.144.221 - - [19/Oct/2023:05:03:41 -0500] "GET /BLA/resoluciones/AUTOS%202021/3689.pdf HTTP/1.1" 304 -
201.245.192.253 - - [19/Oct/2023:05:04:22 -0500] "POST /kwsrmcab/Wsrmcab  HTTP/1.1" 200 40671
216.245.221.92 - - [19/Oct/2023:05:04:41 -0500] "HEAD / HTTP/1.1" 200 -
40.77.167.52 - - [19/Oct/2023:05:05:59 -0500] "GET /Publicaciones/2023EE239871.pdf HTTP/1.1" 200 232490
66.249.66.19 - - [19/Oct/2023:05:06:56 -0500] "GET /BLA/resoluciones/RESOLUCIONES%202010/2017.pdf HTTP/1.1" 200 339030
172.22.2.4 - - [19/Oct/2023:05:05:22 -0500] "HEAD /BLA/boletinlegal/ HTTP/1.1" 200 -
69.63.184.116 - - [19/Oct/2023:05:07:06 -0500] "GET /images/feria-servicios-ambiental-barrios-unidos-17-marzo.jpg HTTP/1.1" 200 58797
172.22.2.4 - - [19/Oct/2023:05:06:13 -0500] "GET /BLA/boletinlegal/ HTTP/1.1" 200 60189
201.245.192.253 - - [19/Oct/2023:05:09:20 -0500] "POST /kwsrmcab/Wsrmcab  HTTP/1.1" 200 40671
216.245.221.92 - - [19/Oct/2023:05:09:41 -0500] "HEAD / HTTP/1.1" 200 -
157.55.39.48 - - [19/Oct/2023:05:10:24 -0500] "GET /sipse/faces/faces/autenticacion.xhtml HTTP/1.1" 200 12726
216.244.66.195 - - [19/Oct/2023:05:12:49 -0500] "GET /robots.txt HTTP/1.1" 404 1018
172.22.2.4 - - [19/Oct/2023:05:11:12 -0500] "HEAD /BLA/boletinlegal/ HTTP/1.1" 200 -
172.22.2.4 - - [19/Oct/2023:05:12:03 -0500] "GET /BLA/boletinlegal/ HTTP/1.1" 200 60189
201.245.192.253 - - [19/Oct/2023:05:14:20 -0500] "POST /kwsrmcab/Wsrmcab  HTTP/1.1" 200 40671
216.245.221.92 - - [19/Oct/2023:05:14:41 -0500] "HEAD / HTTP/1.1" 200 -
218.95.234.4 - - [19/Oct/2023:05:14:43 -0500] "GET / HTTP/1.0" 200 319
66.249.66.21 - - [19/Oct/2023:05:15:17 -0500] "GET /BLA/resoluciones/AUTOS%202011/4529.pdf HTTP/1.1" 200 190734
207.46.13.153 - - [19/Oct/2023:05:15:44 -0500] "GET /BLA/resoluciones/RESOLUCIONES%202023/0833.pdf HTTP/1.1" 200 364842
207.46.13.153 - - [19/Oct/2023:05:15:45 -0500] "GET /BLA/resoluciones/Notificaciones/REGISTROS%202020/1123.pdf HTTP/1.1" 200 273156
34.34.16.176 - - [19/Oct/2023:05:16:18 -0500] "GET /caminatas-ecologicas-un-plan-imperdible-para-octubre.html HTTP/1.1" 200 747
201.245.192.253 - - [19/Oct/2023:05:17:34 -0500] "POST /kwsrmcab/Wsrmcab HTTP/1.1" 200 40488
201.245.192.253 - - [19/Oct/2023:05:17:36 -0500] "POST /kwsrmcab/Wsrmcab HTTP/1.1" 200 40945
52.167.144.228 - - [19/Oct/2023:05:18:16 -0500] "GET /BLA/resoluciones/AUTOS%202023/3461.pdf HTTP/1.1" 200 563345
172.22.2.4 - - [19/Oct/2023:05:18:37 -0500] "GET /BLA/boletinlegal/ab2g HTTP/1.1" 404 1018
172.22.2.4 - - [19/Oct/2023:05:18:37 -0500] "GET /BLA/boletinlegal/ab2h HTTP/1.1" 404 1018
172.22.2.4 - - [19/Oct/2023:05:17:02 -0500] "HEAD /BLA/boletinlegal/ HTTP/1.1" 200 -
172.22.2.4 - - [19/Oct/2023:05:18:52 -0500] "GET /BLA/boletinlegal/t4 HTTP/1.1" 404 1018
172.22.2.4 - - [19/Oct/2023:05:18:53 -0500] "GET /BLA/boletinlegal/favicon.ico HTTP/1.1" 404 1018
201.245.192.253 - - [19/Oct/2023:05:19:19 -0500] "POST /kwsrmcab/Wsrmcab  HTTP/1.1" 200 40671
172.22.2.4 - - [19/Oct/2023:05:17:53 -0500] "GET /BLA/boletinlegal/ HTTP/1.1" 200 49506
216.245.221.92 - - [19/Oct/2023:05:19:41 -0500] "HEAD / HTTP/1.1" 200 -
172.22.2.4 - - [19/Oct/2023:05:18:41 -0500] "GET /BLA/boletinlegal/ HTTP/1.1" 200 32715
172.22.2.4 - - [19/Oct/2023:05:18:53 -0500] "GET /BLA/boletinlegal/ HTTP/1.1" 200 24523
201.245.192.253 - - [19/Oct/2023:05:20:32 -0500] "POST /kwsrmcab/Wsrmcab HTTP/1.1" 200 40488
201.245.192.253 - - [19/Oct/2023:05:20:35 -0500] "POST /kwsrmcab/Wsrmcab HTTP/1.1" 200 40945
172.22.2.4 - - [19/Oct/2023:05:21:00 -0500] "GET /BLA/boletinlegal/actos.php HTTP/1.1" 200 9682
172.22.2.4 - - [19/Oct/2023:05:21:00 -0500] "GET /BLA/boletinlegal/styles2.css HTTP/1.1" 200 1838
172.22.2.4 - - [19/Oct/2023:05:21:00 -0500] "GET /BLA/boletinlegal/js/ajax_actos.js HTTP/1.1" 200 1322
172.22.2.4 - - [19/Oct/2023:05:21:00 -0500] "GET /BLA/boletinlegal/niceforms.js HTTP/1.1" 200 22876
172.22.2.4 - - [19/Oct/2023:05:21:00 -0500] "GET /BLA/boletinlegal/niceforms-default.css HTTP/1.1" 200 6694
172.22.2.4 - - [19/Oct/2023:05:21:00 -0500] "GET /BLA/boletinlegal/style.css HTTP/1.1" 200 9406
172.22.2.4 - - [19/Oct/2023:05:21:00 -0500] "GET /BLA/boletinlegal/js/lib.js HTTP/1.1" 200 6474
172.22.2.4 - - [19/Oct/2023:05:21:00 -0500] "GET /BLA/boletinlegal/js/popup.js HTTP/1.1" 200 1270
172.22.2.4 - - [19/Oct/2023:05:21:00 -0500] "GET /BLA/boletinlegal/images/cabezote%20BLEGAL.jpg HTTP/1.1" 200 118164
172.22.2.4 - - [19/Oct/2023:05:21:00 -0500] "GET /BLA/boletinlegal/js/jquery1.js HTTP/1.1" 200 29846
172.22.2.4 - - [19/Oct/2023:05:21:00 -0500] "GET /BLA/boletinlegal/images/subscribe-icon-big.png HTTP/1.1" 200 47702
172.22.2.4 - - [19/Oct/2023:05:21:00 -0500] "GET /BLA/boletinlegal/images/historia.png HTTP/1.1" 200 52775
172.22.2.4 - - [19/Oct/2023:05:21:00 -0500] "GET /BLA/boletinlegal/images/body_bg.jpg HTTP/1.1" 200 1601
172.22.2.4 - - [19/Oct/2023:05:21:01 -0500] "GET /BLA/boletinlegal/images/footer_bg.jpg HTTP/1.1" 200 586
172.22.2.4 - - [19/Oct/2023:05:21:01 -0500] "GET /BLA/boletinlegal/images/menu_lft.gif HTTP/1.1" 200 1713
172.22.2.4 - - [19/Oct/2023:05:21:01 -0500] "GET /BLA/boletinlegal/images/menu_rght.gif HTTP/1.1" 200 1627
172.22.2.4 - - [19/Oct/2023:05:21:01 -0500] "GET /BLA/boletinlegal/images/menu_bg.jpg HTTP/1.1" 200 620
172.22.2.4 - - [19/Oct/2023:05:21:01 -0500] "GET /BLA/boletinlegal/images/bg_top.jpg HTTP/1.1" 200 522
172.22.2.4 - - [19/Oct/2023:05:21:01 -0500] "GET /BLA/boletinlegal/images/text.jpg HTTP/1.1" 200 568
172.22.2.4 - - [19/Oct/2023:05:21:01 -0500] "GET /BLA/boletinlegal/images/hover.jpg HTTP/1.1" 200 640
172.22.2.4 - - [19/Oct/2023:05:21:01 -0500] "GET /BLA/boletinlegal/images/green-yellow-blue-pink-th.png HTTP/1.1" 200 7394
172.22.2.4 - - [19/Oct/2023:05:21:01 -0500] "GET /BLA/boletinlegal/images/registro-usuarios.png HTTP/1.1" 200 8106
172.22.2.4 - - [19/Oct/2023:05:21:01 -0500] "GET /BLA/boletinlegal/images/icono-email.png HTTP/1.1" 200 5544
172.22.2.4 - - [19/Oct/2023:05:21:01 -0500] "GET /BLA/boletinlegal/images/tel.png HTTP/1.1" 200 14477
172.22.2.4 - - [19/Oct/2023:05:21:01 -0500] "GET /BLA/boletinlegal/images/footer_bg_l.jpg HTTP/1.1" 200 776
172.22.2.4 - - [19/Oct/2023:05:21:01 -0500] "GET /BLA/boletinlegal/img/select-left.png HTTP/1.1" 200 263
172.22.2.4 - - [19/Oct/2023:05:21:01 -0500] "GET /BLA/boletinlegal/img/0.png HTTP/1.1" 200 110
172.22.2.4 - - [19/Oct/2023:05:21:01 -0500] "GET /BLA/boletinlegal/img/select-right.png HTTP/1.1" 200 44019
172.22.2.4 - - [19/Oct/2023:05:21:02 -0500] "GET /BLA/boletinlegal/img/button-left.png HTTP/1.1" 200 57071
172.22.2.4 - - [19/Oct/2023:05:21:02 -0500] "GET /BLA/boletinlegal/favicon.ico HTTP/1.1" 404 1326
172.22.2.4 - - [19/Oct/2023:05:21:02 -0500] "GET /BLA/boletinlegal/img/button.png HTTP/1.1" 200 43241
172.22.2.4 - - [19/Oct/2023:05:21:02 -0500] "GET /BLA/boletinlegal/img/button-right.png HTTP/1.1" 200 57878
66.249.66.166 - - [19/Oct/2023:05:22:30 -0500] "GET /portaldeninos/humedal-el-burro-2/ HTTP/1.1" 200 87926
66.249.66.37 - - [19/Oct/2023:05:22:31 -0500] "GET /dia-mundial-del-agua-2023-programate-para-participar-en-estas-actividades-de-educacion-ambiental.html HTTP/1.1" 304 -
66.249.66.166 - - [19/Oct/2023:05:22:33 -0500] "GET /portaldeninos/wp-includes/js/jquery/ui/core.min.js?ver=1.11.4 HTTP/1.1" 200 4000
66.249.66.167 - - [19/Oct/2023:05:22:34 -0500] "GET /portaldeninos/wp-content/plugins/gallery-videos/CSS/totalsoft.css?ver=4.9.8 HTTP/1.1" 200 40622
66.249.66.167 - - [19/Oct/2023:05:22:34 -0500] "GET /portaldeninos/wp-content/themes/betheme/style.css?ver=20.9.6 HTTP/1.1" 200 287
66.249.66.166 - - [19/Oct/2023:05:22:35 -0500] "GET /portaldeninos/wp-content/themes/betheme/assets/jplayer/css/jplayer.blue.monday.css?ver=20.9.6 HTTP/1.1" 200 9834
66.249.66.167 - - [19/Oct/2023:05:22:36 -0500] "GET /portaldeninos/wp-content/themes/betheme/assets/animations/animations.min.css?ver=20.9.6 HTTP/1.1" 200 58508
66.249.66.166 - - [19/Oct/2023:05:22:37 -0500] "GET /portaldeninos/wp-content/themes/betheme/css/shortcodes.css?ver=20.9.6 HTTP/1.1" 200 138889
66.249.66.166 - - [19/Oct/2023:05:22:38 -0500] "GET /portaldeninos/wp-content/plugins/gallery-videos/JS/Total-Soft-Gallery-Video-Widget.js?ver=4.9.8 HTTP/1.1" 200 80264
66.249.66.166 - - [19/Oct/2023:05:22:39 -0500] "GET /portaldeninos/wp-content/plugins/google-analytics-for-wordpress/assets/js/frontend-gtag.min.js?ver=8.5.0 HTTP/1.1" 200 11801
66.249.66.166 - - [19/Oct/2023:05:22:40 -0500] "GET /portaldeninos/wp-content/themes/betheme/css/responsive.css?ver=20.9.6 HTTP/1.1" 200 55740
66.249.66.166 - - [19/Oct/2023:05:22:41 -0500] "GET /portaldeninos/wp-content/plugins/gallery-videos/JS/modernizr.custom.js?ver=4.9.8 HTTP/1.1" 200 9019
66.249.66.166 - - [19/Oct/2023:05:22:42 -0500] "GET /portaldeninos/wp-content/uploads/useanyfont/uaf.css?ver=1589905315 HTTP/1.1" 200 408
66.249.66.166 - - [19/Oct/2023:05:22:43 -0500] "GET /portaldeninos/wp-includes/js/jquery/ui/widget.min.js?ver=1.11.4 HTTP/1.1" 200 6908
66.249.66.166 - - [19/Oct/2023:05:22:44 -0500] "GET /portaldeninos/wp-includes/js/jquery/ui/mouse.min.js?ver=1.11.4 HTTP/1.1" 200 3148
66.249.66.166 - - [19/Oct/2023:05:22:45 -0500] "GET /portaldeninos/wp-includes/js/wp-embed.min.js?ver=4.9.8 HTTP/1.1" 200 1398
66.249.66.166 - - [19/Oct/2023:05:22:46 -0500] "GET /portaldeninos/wp-content/themes/betheme/assets/animations/animations.min.js?ver=20.9.6 HTTP/1.1" 200 1896
66.249.66.166 - - [19/Oct/2023:05:22:47 -0500] "GET /portaldeninos/wp-content/themes/betheme/js/menu.js?ver=20.9.6 HTTP/1.1" 200 2449
172.22.2.4 - - [19/Oct/2023:05:23:56 -0500] "GET /BLA/boletinlegal/consulta_actos.php?tipo=resoluciones&no=&usuario=secretaria%20distrital%20de%20ambiente&sector=&fecha=2023&resuelve= HTTP/1.1" 200 23163
172.22.2.4 - - [19/Oct/2023:05:23:56 -0500] "GET /BLA/boletinlegal/images/pdf.gif HTTP/1.1" 200 567
172.22.2.4 - - [19/Oct/2023:05:23:56 -0500] "GET /BLA/boletinlegal/images/background.gif HTTP/1.1" 200 -
201.245.192.253 - - [19/Oct/2023:05:24:18 -0500] "POST /kwsrmcab/Wsrmcab  HTTP/1.1" 200 40671
172.22.2.4 - - [19/Oct/2023:05:22:52 -0500] "HEAD /BLA/boletinlegal/ HTTP/1.1" 200 -
216.245.221.92 - - [19/Oct/2023:05:24:41 -0500] "HEAD / HTTP/1.1" 200 -
172.22.2.4 - - [19/Oct/2023:05:23:43 -0500] "GET /BLA/boletinlegal/ HTTP/1.1" 200 59033
216.244.66.195 - - [19/Oct/2023:05:27:06 -0500] "GET /BLA/resoluciones/RESOLUCIONES%202017/0146.pdf HTTP/1.1" 200 704863
201.245.192.253 - - [19/Oct/2023:05:27:34 -0500] "POST /kwsrmcab/Wsrmcab HTTP/1.1" 200 40488
201.245.192.253 - - [19/Oct/2023:05:27:36 -0500] "POST /kwsrmcab/Wsrmcab HTTP/1.1" 200 40945
162.55.175.142 - - [19/Oct/2023:05:27:48 -0500] "GET / HTTP/1.1" 200 319
162.55.175.142 - - [19/Oct/2023:05:27:48 -0500] "GET / HTTP/1.1" 200 4720
216.244.66.195 - - [19/Oct/2023:05:27:50 -0500] "GET /BLA/resoluciones/RESOLUCIONES%202017/0277.pdf HTTP/1.1" 200 365683
216.244.66.195 - - [19/Oct/2023:05:28:21 -0500] "GET /BLA/resoluciones/RESOLUCIONES%202017/0852.pdf HTTP/1.1" 200 351081
66.249.66.37 - - [19/Oct/2023:05:28:34 -0500] "GET /distrito-firmo-resolucion-de-etiquetado-vehicular-ambiental-herramienta-para-clasificar-vehiculos-segun-sus-niveles-de-emisiones.html HTTP/1.1" 200 841
216.244.66.195 - - [19/Oct/2023:05:28:59 -0500] "GET /BLA/resoluciones/RESOLUCIONES%202017/0983.pdf HTTP/1.1" 200 317517
201.245.192.253 - - [19/Oct/2023:05:29:17 -0500] "POST /kwsrmcab/Wsrmcab  HTTP/1.1" 200 40671
216.244.66.195 - - [19/Oct/2023:05:29:30 -0500] "GET /BLA/resoluciones/RESOLUCIONES%202017/1177.pdf HTTP/1.1" 200 385284
216.245.221.92 - - [19/Oct/2023:05:29:41 -0500] "HEAD / HTTP/1.1" 200 -
216.244.66.195 - - [19/Oct/2023:05:30:04 -0500] "GET /BLA/resoluciones/RESOLUCIONES%202017/1481.pdf HTTP/1.1" 200 1421761
172.22.2.4 - - [19/Oct/2023:05:28:42 -0500] "HEAD /BLA/boletinlegal/ HTTP/1.1" 200 -
201.245.192.253 - - [19/Oct/2023:05:30:32 -0500] "POST /kwsrmcab/Wsrmcab HTTP/1.1" 200 40488
201.245.192.253 - - [19/Oct/2023:05:30:35 -0500] "POST /kwsrmcab/Wsrmcab HTTP/1.1" 200 40945
216.244.66.195 - - [19/Oct/2023:05:30:44 -0500] "GET /BLA/resoluciones/RESOLUCIONES%202017/1712.pdf HTTP/1.1" 200 426609
172.22.2.4 - - [19/Oct/2023:05:29:33 -0500] "GET /BLA/boletinlegal/ HTTP/1.1" 200 58169
216.244.66.195 - - [19/Oct/2023:05:31:14 -0500] "GET /BLA/resoluciones/RESOLUCIONES%202017/2084.pdf HTTP/1.1" 200 406357
216.244.66.195 - - [19/Oct/2023:05:31:43 -0500] "GET /BLA/resoluciones/RESOLUCIONES%202017/2267.pdf HTTP/1.1" 200 305037
216.244.66.195 - - [19/Oct/2023:05:32:12 -0500] "GET /BLA/resoluciones/RESOLUCIONES%202017/2585.pdf HTTP/1.1" 200 325941
216.244.66.195 - - [19/Oct/2023:05:32:43 -0500] "GET /BLA/resoluciones/RESOLUCIONES%202017/2758.pdf HTTP/1.1" 200 379532
216.244.66.195 - - [19/Oct/2023:05:33:11 -0500] "GET /BLA/resoluciones/RESOLUCIONES%202017/2825.pdf HTTP/1.1" 200 302550
216.244.66.195 - - [19/Oct/2023:05:33:36 -0500] "GET /BLA/resoluciones/RESOLUCIONES%202017/2830.pdf HTTP/1.1" 200 279274
216.244.66.195 - - [19/Oct/2023:05:34:03 -0500] "GET /BLA/resoluciones/RESOLUCIONES%202017/2840.pdf HTTP/1.1" 200 279021
201.245.192.253 - - [19/Oct/2023:05:34:16 -0500] "POST /kwsrmcab/Wsrmcab  HTTP/1.1" 200 40671
216.244.66.195 - - [19/Oct/2023:05:34:26 -0500] "GET /BLA/resoluciones/RESOLUCIONES%202017/2920.pdf HTTP/1.1" 200 306549
216.245.221.92 - - [19/Oct/2023:05:34:41 -0500] "HEAD / HTTP/1.1" 200 -
216.244.66.195 - - [19/Oct/2023:05:34:49 -0500] "GET /BLA/resoluciones/RESOLUCIONES%202017/3829.pdf HTTP/1.1" 200 314279
216.244.66.195 - - [19/Oct/2023:05:35:10 -0500] "GET /BLA/resoluciones/RESOLUCIONES%202019/1618.pdf HTTP/1.1" 200 289182
190.84.43.231 - - [19/Oct/2023:05:35:19 -0500] "GET /sipse/faces/index.xhtml HTTP/1.1" 200 677
190.84.43.231 - - [19/Oct/2023:05:35:19 -0500] "GET /sipse/faces/javax.faces.resource/theme.css?ln=primefaces-sipse HTTP/1.1" 304 -
190.84.43.231 - - [19/Oct/2023:05:35:19 -0500] "GET /favicon.ico HTTP/1.1" 200 7782
190.84.43.231 - - [19/Oct/2023:05:35:19 -0500] "GET /sipse/faces/faces/autenticacion.xhtml HTTP/1.1" 200 12404
190.84.43.231 - - [19/Oct/2023:05:35:20 -0500] "GET /sipse/js/disable_browser_buttons.js HTTP/1.1" 200 3230
190.84.43.231 - - [19/Oct/2023:05:35:20 -0500] "GET /sipse/css/custom_css_sg.css HTTP/1.1" 200 9694
190.84.43.231 - - [19/Oct/2023:05:35:20 -0500] "GET /sipse/css/custom_css_sg_prime_login.css HTTP/1.1" 200 443
190.84.43.231 - - [19/Oct/2023:05:35:20 -0500] "GET /sipse/faces/javax.faces.resource/primefaces.css?ln=primefaces&v=4.0 HTTP/1.1" 304 -
190.84.43.231 - - [19/Oct/2023:05:35:20 -0500] "GET /sipse/faces/javax.faces.resource/theme.css?ln=primefaces-sipse HTTP/1.1" 304 -
190.84.43.231 - - [19/Oct/2023:05:35:20 -0500] "GET /sipse/faces/javax.faces.resource/layout/layout.css?ln=primefaces&v=4.0 HTTP/1.1" 304 -
190.84.43.231 - - [19/Oct/2023:05:35:20 -0500] "GET /sipse/faces/javax.faces.resource/jquery/jquery-plugins.js?ln=primefaces&v=4.0 HTTP/1.1" 304 -
190.84.43.231 - - [19/Oct/2023:05:35:20 -0500] "GET /sipse/faces/javax.faces.resource/jquery/jquery.js?ln=primefaces&v=4.0 HTTP/1.1" 304 -
190.84.43.231 - - [19/Oct/2023:05:35:20 -0500] "GET /sipse/faces/javax.faces.resource/primefaces.js?ln=primefaces&v=4.0 HTTP/1.1" 304 -
190.84.43.231 - - [19/Oct/2023:05:35:20 -0500] "GET /sipse/faces/javax.faces.resource/layout/layout.js?ln=primefaces&v=4.0 HTTP/1.1" 304 -
190.84.43.231 - - [19/Oct/2023:05:35:20 -0500] "GET /sipse/js/funciones.js HTTP/1.1" 200 12592
190.84.43.231 - - [19/Oct/2023:05:35:20 -0500] "GET /sipse/css/imagen/logoSDG.png HTTP/1.1" 200 53064
190.84.43.231 - - [19/Oct/2023:05:35:20 -0500] "GET /sipse/faces/javax.faces.resource/images/ui-icons_898989_256x240.png?ln=primefaces-aristo HTTP/1.1" 200 5355
190.84.43.231 - - [19/Oct/2023:05:35:20 -0500] "GET /sipse/css/imagen/loginimg.png HTTP/1.1" 200 71635
190.84.43.231 - - [19/Oct/2023:05:35:30 -0500] "POST /sipse/faces/autenticacion.xhtml HTTP/1.1" 200 16169
190.84.43.231 - - [19/Oct/2023:05:35:32 -0500] "GET /sipse/css/custom_css_sg_prime.css HTTP/1.1" 200 5201
190.84.43.231 - - [19/Oct/2023:05:35:32 -0500] "GET /sipse/faces/javax.faces.resource/theme.css?ln=primefaces-sipse HTTP/1.1" 304 -
190.84.43.231 - - [19/Oct/2023:05:35:32 -0500] "GET /sipse/faces/javax.faces.resource/primefaces.css?ln=primefaces&v=4.0 HTTP/1.1" 304 -
190.84.43.231 - - [19/Oct/2023:05:35:32 -0500] "GET /sipse/faces/javax.faces.resource/layout/layout.css?ln=primefaces&v=4.0 HTTP/1.1" 304 -
216.244.66.195 - - [19/Oct/2023:05:35:33 -0500] "GET /BLA/resoluciones/RESOLUCIONES%202019/1650.pdf HTTP/1.1" 200 283772
190.84.43.231 - - [19/Oct/2023:05:35:32 -0500] "GET /sipse/js/jquery.min.js HTTP/1.1" 200 85582
190.84.43.231 - - [19/Oct/2023:05:35:35 -0500] "GET /sipse/faces/javax.faces.resource/jquery/jquery.js?ln=primefaces&v=4.0 HTTP/1.1" 304 -
190.84.43.231 - - [19/Oct/2023:05:35:35 -0500] "GET /sipse/faces/javax.faces.resource/jquery/jquery-plugins.js?ln=primefaces&v=4.0 HTTP/1.1" 304 -
190.84.43.231 - - [19/Oct/2023:05:35:36 -0500] "GET /sipse/faces/javax.faces.resource/primefaces.js?ln=primefaces&v=4.0 HTTP/1.1" 304 -
190.84.43.231 - - [19/Oct/2023:05:35:36 -0500] "GET /sipse/faces/javax.faces.resource/layout/layout.js?ln=primefaces&v=4.0 HTTP/1.1" 304 -
190.84.43.231 - - [19/Oct/2023:05:35:36 -0500] "GET /sipse/css/v_mergente.css HTTP/1.1" 200 1505
190.84.43.231 - - [19/Oct/2023:05:35:36 -0500] "GET /sipse/css/imagen/contrasena.png HTTP/1.1" 404 383
190.84.43.231 - - [19/Oct/2023:05:35:36 -0500] "GET /sipse/faces/javax.faces.resource/messages/messages.png?ln=primefaces&v=4.0 HTTP/1.1" 200 27209
190.84.43.231 - - [19/Oct/2023:05:35:36 -0500] "GET /sipse/imagenes/cargando.gif HTTP/1.1" 200 36959
190.84.43.231 - - [19/Oct/2023:05:35:36 -0500] "GET /sipse/imagenes/logoAplicacion.jpg HTTP/1.1" 200 155084
190.84.43.231 - - [19/Oct/2023:05:35:38 -0500] "GET /sipse/faces/javax.faces.resource/images/ui-bg_flat_0_2d5972_40x100.png?ln=primefaces-aristo HTTP/1.1" 200 183
190.84.43.231 - - [19/Oct/2023:05:35:38 -0500] "POST /sipse/faces/bienvenido.xhtml HTTP/1.1" 200 1473
190.84.43.231 - - [19/Oct/2023:05:35:38 -0500] "POST /sipse/faces/bienvenido.xhtml HTTP/1.1" 200 37754
190.84.43.231 - - [19/Oct/2023:05:35:39 -0500] "GET /sipse/faces/javax.faces.resource/primefaces.css?ln=primefaces&v=4.0 HTTP/1.1" 304 -
190.84.43.231 - - [19/Oct/2023:05:35:39 -0500] "GET /sipse/faces/javax.faces.resource/theme.css?ln=primefaces-sipse HTTP/1.1" 304 -
190.84.43.231 - - [19/Oct/2023:05:35:39 -0500] "GET /sipse/faces/javax.faces.resource/layout/layout.css?ln=primefaces&v=4.0 HTTP/1.1" 304 -
190.84.43.231 - - [19/Oct/2023:05:35:39 -0500] "GET /sipse/faces/javax.faces.resource/jquery/jquery.js?ln=primefaces&v=4.0 HTTP/1.1" 304 -
190.84.43.231 - - [19/Oct/2023:05:35:39 -0500] "GET /sipse/faces/javax.faces.resource/jquery/jquery-plugins.js?ln=primefaces&v=4.0 HTTP/1.1" 304 -
190.84.43.231 - - [19/Oct/2023:05:35:39 -0500] "GET /sipse/faces/javax.faces.resource/primefaces.js?ln=primefaces&v=4.0 HTTP/1.1" 304 -
190.84.43.231 - - [19/Oct/2023:05:35:39 -0500] "GET /sipse/faces/javax.faces.resource/layout/layout.js?ln=primefaces&v=4.0 HTTP/1.1" 304 -
190.84.43.231 - - [19/Oct/2023:05:35:41 -0500] "POST /sipse/faces/presentacion/financiero/solicitudProceso/consultar.xhtml HTTP/1.1" 200 2591
190.84.43.231 - - [19/Oct/2023:05:35:42 -0500] "POST /sipse/faces/presentacion/financiero/solicitudProceso/consultar.xhtml HTTP/1.1" 200 34877
190.84.43.231 - - [19/Oct/2023:05:35:43 -0500] "GET /sipse/faces/javax.faces.resource/layout/layout.css?ln=primefaces&v=4.0 HTTP/1.1" 304 -
190.84.43.231 - - [19/Oct/2023:05:35:43 -0500] "GET /sipse/faces/javax.faces.resource/theme.css?ln=primefaces-sipse HTTP/1.1" 304 -
190.84.43.231 - - [19/Oct/2023:05:35:43 -0500] "GET /sipse/faces/javax.faces.resource/primefaces.css?ln=primefaces&v=4.0 HTTP/1.1" 304 -
190.84.43.231 - - [19/Oct/2023:05:35:43 -0500] "GET /sipse/faces/javax.faces.resource/jquery/jquery.js?ln=primefaces&v=4.0 HTTP/1.1" 304 -
190.84.43.231 - - [19/Oct/2023:05:35:43 -0500] "GET /sipse/faces/javax.faces.resource/jquery/jquery-plugins.js?ln=primefaces&v=4.0 HTTP/1.1" 304 -
190.84.43.231 - - [19/Oct/2023:05:35:43 -0500] "GET /sipse/faces/javax.faces.resource/primefaces.js?ln=primefaces&v=4.0 HTTP/1.1" 304 -
190.84.43.231 - - [19/Oct/2023:05:35:43 -0500] "GET /sipse/faces/javax.faces.resource/layout/layout.js?ln=primefaces&v=4.0 HTTP/1.1" 304 -
190.84.43.231 - - [19/Oct/2023:05:35:43 -0500] "POST /sipse/faces/presentacion/financiero/solicitudProceso/listarSolicitudProceso.xhtml HTTP/1.1" 200 28267
190.84.43.231 - - [19/Oct/2023:05:35:44 -0500] "POST /sipse/faces/presentacion/financiero/solicitudProceso/listarSolicitudProceso.xhtml HTTP/1.1" 200 1400
190.84.43.231 - - [19/Oct/2023:05:35:44 -0500] "POST /sipse/faces/presentacion/financiero/solicitudProceso/listarSolicitudProceso.xhtml HTTP/1.1" 200 1396
190.84.43.231 - - [19/Oct/2023:05:35:46 -0500] "POST /sipse/faces/presentacion/financiero/solicitudProceso/listarSolicitudProceso.xhtml HTTP/1.1" 200 118846
190.84.43.231 - - [19/Oct/2023:05:35:47 -0500] "GET /sipse/faces/javax.faces.resource/primefaces.css?ln=primefaces&v=4.0 HTTP/1.1" 304 -
190.84.43.231 - - [19/Oct/2023:05:35:47 -0500] "GET /sipse/faces/javax.faces.resource/theme.css?ln=primefaces-sipse HTTP/1.1" 304 -
190.84.43.231 - - [19/Oct/2023:05:35:47 -0500] "GET /sipse/faces/javax.faces.resource/layout/layout.css?ln=primefaces&v=4.0 HTTP/1.1" 304 -
190.84.43.231 - - [19/Oct/2023:05:35:47 -0500] "GET /sipse/faces/javax.faces.resource/jquery/jquery.js?ln=primefaces&v=4.0 HTTP/1.1" 304 -
190.84.43.231 - - [19/Oct/2023:05:35:47 -0500] "GET /sipse/faces/javax.faces.resource/jquery/jquery-plugins.js?ln=primefaces&v=4.0 HTTP/1.1" 304 -
190.84.43.231 - - [19/Oct/2023:05:35:47 -0500] "GET /sipse/faces/javax.faces.resource/primefaces.js?ln=primefaces&v=4.0 HTTP/1.1" 304 -
190.84.43.231 - - [19/Oct/2023:05:35:47 -0500] "GET /sipse/faces/javax.faces.resource/layout/layout.js?ln=primefaces&v=4.0 HTTP/1.1" 304 -
216.244.66.195 - - [19/Oct/2023:05:35:53 -0500] "GET /BLA/resoluciones/RESOLUCIONES%202019/1998.pdf HTTP/1.1" 200 373341
216.244.66.195 - - [19/Oct/2023:05:36:12 -0500] "GET /BLA/resoluciones/RESOLUCIONES%202019/2227.pdf HTTP/1.1" 200 337004
172.22.2.4 - - [19/Oct/2023:05:34:32 -0500] "HEAD /BLA/boletinlegal/ HTTP/1.1" 200 -
190.84.43.231 - - [19/Oct/2023:05:36:27 -0500] "POST /sipse/faces/presentacion/financiero/solicitudProceso/consultarSolicitudProceso.xhtml HTTP/1.1" 200 757189
190.84.43.231 - - [19/Oct/2023:05:36:28 -0500] "POST /sipse/faces/presentacion/financiero/solicitudProceso/consultarSolicitudProceso.xhtml HTTP/1.1" 200 1039563
190.84.43.231 - - [19/Oct/2023:05:36:29 -0500] "POST /sipse/faces/presentacion/financiero/solicitudProceso/consultarSolicitudProceso.xhtml HTTP/1.1" 200 161396
216.244.66.195 - - [19/Oct/2023:05:36:29 -0500] "GET /BLA/resoluciones/index.php?dir=RESOLUCIONES%202003/RES%202003%201801-1850/&sort=size&order=asc HTTP/1.1" 200 12154
216.244.66.195 - - [19/Oct/2023:05:36:45 -0500] "GET /BLA/resoluciones/RESOLUCIONES%201997/RESOLUCION%201060%20DE%201997.pdf HTTP/1.1" 200 199211
216.244.66.195 - - [19/Oct/2023:05:37:00 -0500] "GET /BLA/resoluciones/RESOLUCIONES%202001/2001%20300-349.TIF HTTP/1.1" 200 9570664
172.22.2.4 - - [19/Oct/2023:05:35:23 -0500] "GET /BLA/boletinlegal/ HTTP/1.1" 200 57816
52.167.144.174 - - [19/Oct/2023:05:37:27 -0500] "GET /Publicaciones/2023EE211970.pdf HTTP/1.1" 404 228
201.245.192.253 - - [19/Oct/2023:05:37:34 -0500] "POST /kwsrmcab/Wsrmcab HTTP/1.1" 200 40488
216.244.66.195 - - [19/Oct/2023:05:37:34 -0500] "GET /BLA/resoluciones/RESOLUCIONES%202001/2001%20350-399.TIF HTTP/1.1" 200 11619082
201.245.192.253 - - [19/Oct/2023:05:37:36 -0500] "POST /kwsrmcab/Wsrmcab HTTP/1.1" 200 40945
216.244.66.195 - - [19/Oct/2023:05:38:08 -0500] "GET /BLA/resoluciones/AUTOS%202007/0021.pdf HTTP/1.1" 200 45798
216.244.66.195 - - [19/Oct/2023:05:38:38 -0500] "GET /BLA/resoluciones/AUTOS%202007/0029.pdf HTTP/1.1" 200 49432
216.244.66.195 - - [19/Oct/2023:05:39:07 -0500] "GET /BLA/resoluciones/AUTOS%202007/0568.pdf HTTP/1.1" 200 74778
66.249.66.21 - - [19/Oct/2023:05:39:09 -0500] "GET /resoluciones/RESOLUCIONES%202008/3741.pdf HTTP/1.1" 404 1018
201.245.192.253 - - [19/Oct/2023:05:39:15 -0500] "POST /kwsrmcab/Wsrmcab  HTTP/1.1" 200 40671
216.244.66.195 - - [19/Oct/2023:05:39:35 -0500] "GET /BLA/resoluciones/AUTOS%202007/0673.pdf HTTP/1.1" 200 84969
216.245.221.92 - - [19/Oct/2023:05:39:41 -0500] "HEAD / HTTP/1.1" 200 -
216.244.66.195 - - [19/Oct/2023:05:40:02 -0500] "GET /BLA/resoluciones/AUTOS%202007/0843.pdf HTTP/1.1" 200 53729
216.244.66.195 - - [19/Oct/2023:05:40:28 -0500] "GET /BLA/resoluciones/AUTOS%202007/0874.pdf HTTP/1.1" 200 75455
201.245.192.253 - - [19/Oct/2023:05:40:32 -0500] "POST /kwsrmcab/Wsrmcab HTTP/1.1" 200 40488
201.245.192.253 - - [19/Oct/2023:05:40:34 -0500] "POST /kwsrmcab/Wsrmcab HTTP/1.1" 200 40945
216.244.66.195 - - [19/Oct/2023:05:40:53 -0500] "GET /BLA/resoluciones/AUTOS%202007/0885.pdf HTTP/1.1" 200 109435
66.249.66.21 - - [19/Oct/2023:05:41:05 -0500] "GET /resoluciones/RESOLUCIONES%202010/0073.pdf HTTP/1.1" 404 1018
216.244.66.195 - - [19/Oct/2023:05:41:17 -0500] "GET /BLA/resoluciones/AUTOS%202007/0890.pdf HTTP/1.1" 200 156957
216.244.66.195 - - [19/Oct/2023:05:41:40 -0500] "GET /BLA/resoluciones/AUTOS%202007/0933.pdf HTTP/1.1" 200 29418
144.255.17.173 - - [19/Oct/2023:05:41:46 -0500] "GET / HTTP/1.1" 200 319
175.19.74.244 - - [19/Oct/2023:05:41:47 -0500] "GET /favicon.ico HTTP/1.1" 200 7782
66.249.66.19 - - [19/Oct/2023:05:41:51 -0500] "GET /BLA/resoluciones/RESOLUCIONES%202008/3488.pdf HTTP/1.1" 200 382402
172.22.2.4 - - [19/Oct/2023:05:40:22 -0500] "HEAD /BLA/boletinlegal/ HTTP/1.1" 200 -
216.244.66.195 - - [19/Oct/2023:05:42:02 -0500] "GET /BLA/resoluciones/AUTOS%202007/1057.pdf HTTP/1.1" 200 61747
216.244.66.195 - - [19/Oct/2023:05:42:23 -0500] "GET /BLA/resoluciones/AUTOS%202007/1198.pdf HTTP/1.1" 200 100529
216.244.66.195 - - [19/Oct/2023:05:42:43 -0500] "GET /BLA/resoluciones/AUTOS%202007/1282.pdf HTTP/1.1" 200 73742
172.22.2.4 - - [19/Oct/2023:05:41:13 -0500] "GET /BLA/boletinlegal/ HTTP/1.1" 200 57816
216.244.66.195 - - [19/Oct/2023:05:43:02 -0500] "GET /BLA/resoluciones/AUTOS%202007/1392.pdf HTTP/1.1" 200 90195
52.167.144.179 - - [19/Oct/2023:05:43:18 -0500] "GET /BLA/resoluciones/RESOLUCIONES%202023/0916.pdf HTTP/1.1" 200 382887
216.244.66.195 - - [19/Oct/2023:05:43:20 -0500] "GET /BLA/resoluciones/AUTOS%202007/1453.pdf HTTP/1.1" 200 42797
207.46.13.168 - - [19/Oct/2023:05:43:23 -0500] "GET /BLA/resoluciones/RESOLUCIONES%202023/0543.pdf HTTP/1.1" 200 2428045
216.244.66.195 - - [19/Oct/2023:05:43:38 -0500] "GET /BLA/resoluciones/AUTOS%202007/1455.pdf HTTP/1.1" 200 39191
216.244.66.195 - - [19/Oct/2023:05:43:54 -0500] "GET /BLA/resoluciones/AUTOS%202007/1594.pdf HTTP/1.1" 200 29275
216.244.66.195 - - [19/Oct/2023:05:44:10 -0500] "GET /BLA/resoluciones/AUTOS%202007/1604.pdf HTTP/1.1" 200 42184
201.245.192.253 - - [19/Oct/2023:05:44:14 -0500] "POST /kwsrmcab/Wsrmcab  HTTP/1.1" 200 40671
216.244.66.195 - - [19/Oct/2023:05:44:23 -0500] "GET /BLA/resoluciones/AUTOS%202007/1707.pdf HTTP/1.1" 200 36389
216.244.66.195 - - [19/Oct/2023:05:44:36 -0500] "GET /BLA/resoluciones/AUTOS%202009/0695.pdf HTTP/1.1" 200 86920
216.245.221.92 - - [19/Oct/2023:05:44:41 -0500] "HEAD / HTTP/1.1" 200 -
216.244.66.195 - - [19/Oct/2023:05:44:48 -0500] "GET /BLA/resoluciones/AUTOS%202009/0738.pdf HTTP/1.1" 200 154387
216.244.66.195 - - [19/Oct/2023:05:44:59 -0500] "GET /BLA/resoluciones/AUTOS%202009/0900.pdf HTTP/1.1" 200 124184
66.249.66.20 - - [19/Oct/2023:05:45:03 -0500] "GET /BLA/resoluciones/AUTOS%202014/5786.pdf HTTP/1.1" 200 201202
216.244.66.195 - - [19/Oct/2023:05:45:10 -0500] "GET /BLA/resoluciones/AUTOS%202009/0916.pdf HTTP/1.1" 200 122888
216.244.66.195 - - [19/Oct/2023:05:45:20 -0500] "GET /BLA/resoluciones/AUTOS%202009/1329.pdf HTTP/1.1" 200 90734
216.244.66.195 - - [19/Oct/2023:05:45:28 -0500] "GET /BLA/resoluciones/AUTOS%202009/1539.pdf HTTP/1.1" 200 117609
216.244.66.195 - - [19/Oct/2023:05:45:35 -0500] "GET /BLA/resoluciones/AUTOS%202009/1560.pdf HTTP/1.1" 200 122253
216.244.66.195 - - [19/Oct/2023:05:45:41 -0500] "GET /BLA/resoluciones/AUTOS%202009/1597.pdf HTTP/1.1" 200 125965
216.244.66.195 - - [19/Oct/2023:05:45:47 -0500] "GET /BLA/resoluciones/AUTOS%202009/1687.pdf HTTP/1.1" 200 123748
216.244.66.195 - - [19/Oct/2023:05:45:51 -0500] "GET /BLA/resoluciones/AUTOS%202009/1707.pdf HTTP/1.1" 200 124445
216.244.66.195 - - [19/Oct/2023:05:45:55 -0500] "GET /BLA/resoluciones/AUTOS%202009/2062.pdf HTTP/1.1" 200 99391
216.244.66.195 - - [19/Oct/2023:05:45:59 -0500] "GET /BLA/resoluciones/AUTOS%202009/2267.pdf HTTP/1.1" 200 122137
216.244.66.195 - - [19/Oct/2023:05:46:02 -0500] "GET /BLA/resoluciones/AUTOS%202009/2573.pdf HTTP/1.1" 200 98259
216.244.66.195 - - [19/Oct/2023:05:46:05 -0500] "GET /BLA/resoluciones/AUTOS%202009/2666.pdf HTTP/1.1" 200 82534
216.244.66.195 - - [19/Oct/2023:05:46:08 -0500] "GET /BLA/resoluciones/AUTOS%202009/2821.pdf HTTP/1.1" 200 97699
216.244.66.195 - - [19/Oct/2023:05:46:10 -0500] "GET /BLA/resoluciones/AUTOS%202009/2822.pdf HTTP/1.1" 200 137595
216.244.66.195 - - [19/Oct/2023:05:46:12 -0500] "GET /BLA/resoluciones/AUTOS%202011/0146.pdf HTTP/1.1" 200 2920
216.244.66.195 - - [19/Oct/2023:05:46:13 -0500] "GET /BLA/resoluciones/AUTOS%202011/0262.pdf HTTP/1.1" 200 150603
216.244.66.195 - - [19/Oct/2023:05:46:16 -0500] "GET /BLA/resoluciones/AUTOS%202011/0282.pdf HTTP/1.1" 200 217133
216.244.66.195 - - [19/Oct/2023:05:46:19 -0500] "GET /BLA/resoluciones/AUTOS%202011/0731.pdf HTTP/1.1" 200 110554
216.244.66.195 - - [19/Oct/2023:05:46:21 -0500] "GET /BLA/resoluciones/AUTOS%202011/0749.pdf HTTP/1.1" 200 167261
216.244.66.195 - - [19/Oct/2023:05:46:23 -0500] "GET /BLA/resoluciones/AUTOS%202011/1300.pdf HTTP/1.1" 200 160787
216.244.66.195 - - [19/Oct/2023:05:46:26 -0500] "GET /BLA/resoluciones/AUTOS%202011/1608.pdf HTTP/1.1" 200 151567
216.244.66.195 - - [19/Oct/2023:05:46:28 -0500] "GET /BLA/resoluciones/AUTOS%202011/1714.pdf HTTP/1.1" 200 160747
216.244.66.195 - - [19/Oct/2023:05:46:36 -0500] "GET /BLA/resoluciones/AUTOS%202011/1740.pdf HTTP/1.1" 200 58400
216.244.66.195 - - [19/Oct/2023:05:46:41 -0500] "GET /BLA/resoluciones/AUTOS%202011/2054.pdf HTTP/1.1" 200 133650
216.244.66.195 - - [19/Oct/2023:05:46:45 -0500] "GET /BLA/resoluciones/AUTOS%202011/2405.pdf HTTP/1.1" 200 410660
216.244.66.195 - - [19/Oct/2023:05:46:49 -0500] "GET /BLA/resoluciones/AUTOS%202011/2457.pdf HTTP/1.1" 200 148123
216.244.66.195 - - [19/Oct/2023:05:46:53 -0500] "GET /BLA/resoluciones/AUTOS%202011/2463.pdf HTTP/1.1" 200 105166
216.244.66.195 - - [19/Oct/2023:05:46:56 -0500] "GET /BLA/resoluciones/AUTOS%202011/2806.pdf HTTP/1.1" 200 200977
216.244.66.195 - - [19/Oct/2023:05:46:59 -0500] "GET /BLA/resoluciones/AUTOS%202011/3029.pdf HTTP/1.1" 200 183319
216.244.66.195 - - [19/Oct/2023:05:47:02 -0500] "GET /BLA/resoluciones/AUTOS%202011/3224.pdf HTTP/1.1" 200 160442
216.244.66.195 - - [19/Oct/2023:05:47:04 -0500] "GET /BLA/resoluciones/AUTOS%202011/3653.pdf HTTP/1.1" 200 227589
216.244.66.195 - - [19/Oct/2023:05:47:07 -0500] "GET /BLA/resoluciones/AUTOS%202011/3703.pdf HTTP/1.1" 200 166941
216.244.66.195 - - [19/Oct/2023:05:47:15 -0500] "GET /BLA/resoluciones/AUTOS%202012/0264.pdf HTTP/1.1" 200 158123
207.46.13.168 - - [19/Oct/2023:05:47:18 -0500] "GET /BLA/resoluciones/RESOLUCIONES%202023/1346.pdf HTTP/1.1" 200 897460
216.244.66.195 - - [19/Oct/2023:05:47:21 -0500] "GET /BLA/resoluciones/AUTOS%202012/0266.pdf HTTP/1.1" 200 167215
216.244.66.195 - - [19/Oct/2023:05:47:25 -0500] "GET /BLA/resoluciones/AUTOS%202012/0285.pdf HTTP/1.1" 200 351967
216.244.66.195 - - [19/Oct/2023:05:47:30 -0500] "GET /BLA/resoluciones/AUTOS%202012/0902.pdf HTTP/1.1" 200 408316
216.244.66.195 - - [19/Oct/2023:05:47:34 -0500] "GET /BLA/resoluciones/AUTOS%202012/0915.pdf HTTP/1.1" 200 292316
66.249.66.20 - - [19/Oct/2023:05:47:38 -0500] "GET /BLA/resoluciones/RESOLUCIONES%202010/5943.pdf HTTP/1.1" 200 101425
216.244.66.195 - - [19/Oct/2023:05:47:38 -0500] "GET /BLA/resoluciones/AUTOS%202012/1183.pdf HTTP/1.1" 200 152934
216.244.66.195 - - [19/Oct/2023:05:47:41 -0500] "GET /BLA/resoluciones/AUTOS%202012/1378.pdf HTTP/1.1" 200 472190
216.244.66.195 - - [19/Oct/2023:05:47:46 -0500] "GET /BLA/resoluciones/AUTOS%202012/1532.pdf HTTP/1.1" 200 1045765
172.22.2.4 - - [19/Oct/2023:05:46:12 -0500] "HEAD /BLA/boletinlegal/ HTTP/1.1" 200 -
216.244.66.195 - - [19/Oct/2023:05:47:57 -0500] "GET /BLA/resoluciones/AUTOS%202012/1813.pdf HTTP/1.1" 200 367619
216.244.66.195 - - [19/Oct/2023:05:48:05 -0500] "GET /BLA/resoluciones/AUTOS%202012/1821.pdf HTTP/1.1" 200 331236
216.244.66.195 - - [19/Oct/2023:05:48:15 -0500] "GET /BLA/resoluciones/AUTOS%202012/1885.pdf HTTP/1.1" 200 431902
216.244.66.195 - - [19/Oct/2023:05:48:42 -0500] "GET /BLA/resoluciones/AUTOS%202012/2403.pdf HTTP/1.1" 200 635484
172.22.2.4 - - [19/Oct/2023:05:47:03 -0500] "GET /BLA/boletinlegal/ HTTP/1.1" 200 57816
201.245.192.253 - - [19/Oct/2023:05:49:14 -0500] "POST /kwsrmcab/Wsrmcab  HTTP/1.1" 200 40671
216.244.66.195 - - [19/Oct/2023:05:49:20 -0500] "GET /BLA/resoluciones/AUTOS%202012/2903.pdf HTTP/1.1" 200 216567
216.245.221.92 - - [19/Oct/2023:05:49:41 -0500] "HEAD / HTTP/1.1" 200 -
216.244.66.195 - - [19/Oct/2023:05:49:51 -0500] "GET /BLA/resoluciones/AUTOS%202012/2926.pdf HTTP/1.1" 200 384422
216.244.66.195 - - [19/Oct/2023:05:50:22 -0500] "GET /BLA/resoluciones/AUTOS%202013/0091.pdf HTTP/1.1" 200 1387916
216.244.66.195 - - [19/Oct/2023:05:51:12 -0500] "GET /BLA/resoluciones/AUTOS%202013/1845.pdf HTTP/1.1" 200 1106688
66.249.66.20 - - [19/Oct/2023:05:51:29 -0500] "GET /BLA/resoluciones/RESOLUCIONES%202013/2711.pdf HTTP/1.1" 200 618006
216.244.66.195 - - [19/Oct/2023:05:52:02 -0500] "GET /BLA/resoluciones/AUTOS%202013/1855.pdf HTTP/1.1" 200 429272
216.244.66.195 - - [19/Oct/2023:05:52:39 -0500] "GET /BLA/resoluciones/AUTOS%202013/2200.pdf HTTP/1.1" 200 542120
216.244.66.195 - - [19/Oct/2023:05:53:21 -0500] "GET /BLA/resoluciones/AUTOS%202013/2362.pdf HTTP/1.1" 200 431376
172.22.2.4 - - [19/Oct/2023:05:52:02 -0500] "HEAD /BLA/boletinlegal/ HTTP/1.1" 200 -
216.244.66.195 - - [19/Oct/2023:05:53:56 -0500] "GET /BLA/resoluciones/AUTOS%202013/2902.pdf HTTP/1.1" 200 463725
201.245.192.253 - - [19/Oct/2023:05:54:13 -0500] "POST /kwsrmcab/Wsrmcab  HTTP/1.1" 200 40671
216.244.66.195 - - [19/Oct/2023:05:54:26 -0500] "GET /BLA/resoluciones/AUTOS%202014/0435.pdf HTTP/1.1" 200 381909
172.22.2.4 - - [19/Oct/2023:05:52:53 -0500] "GET /BLA/boletinlegal/ HTTP/1.1" 200 60545
216.245.221.92 - - [19/Oct/2023:05:54:41 -0500] "HEAD / HTTP/1.1" 200 -
216.244.66.195 - - [19/Oct/2023:05:54:55 -0500] "GET /BLA/resoluciones/AUTOS%202014/1782.pdf HTTP/1.1" 200 467120
216.244.66.195 - - [19/Oct/2023:05:55:33 -0500] "GET /BLA/resoluciones/AUTOS%202014/1792.pdf HTTP/1.1" 200 449298
216.244.66.195 - - [19/Oct/2023:05:56:05 -0500] "GET /BLA/resoluciones/AUTOS%202014/2479.pdf HTTP/1.1" 200 425482
216.244.66.195 - - [19/Oct/2023:05:56:38 -0500] "GET /BLA/resoluciones/AUTOS%202014/2670.pdf HTTP/1.1" 200 498190
216.244.66.195 - - [19/Oct/2023:05:57:06 -0500] "GET /BLA/resoluciones/AUTOS%202019/0661.pdf HTTP/1.1" 200 401409
173.252.107.117 - - [19/Oct/2023:05:58:41 -0500] "GET /secretaria-de-ambiente-realizo-jornada-de-sensibilizacion-y-control-al-ruido-en-varias-zonas-de-chapinero.html HTTP/1.1" 200 1060
201.245.192.253 - - [19/Oct/2023:05:59:13 -0500] "POST /kwsrmcab/Wsrmcab  HTTP/1.1" 200 40671
172.22.2.4 - - [19/Oct/2023:05:57:52 -0500] "HEAD /BLA/boletinlegal/ HTTP/1.1" 200 -
216.245.221.92 - - [19/Oct/2023:05:59:41 -0500] "HEAD / HTTP/1.1" 200 -
40.77.167.26 - - [19/Oct/2023:06:00:18 -0500] "GET /BLA/resoluciones/index.php?dir=RESOLUCIONES+2006%2FRES+2006+2201-2250%2F HTTP/1.1" 200 12366
172.22.2.4 - - [19/Oct/2023:05:58:43 -0500] "GET /BLA/boletinlegal/ HTTP/1.1" 200 54208
34.67.136.168 - - [19/Oct/2023:06:01:56 -0500] "GET / HTTP/1.1" 200 319
157.55.39.48 - - [19/Oct/2023:06:02:30 -0500] "GET /BLA/resoluciones/RESOLUCIONES%202023/1463.pdf HTTP/1.1" 200 365722
201.245.192.253 - - [19/Oct/2023:06:04:11 -0500] "POST /kwsrmcab/Wsrmcab  HTTP/1.1" 200 40671
216.245.221.92 - - [19/Oct/2023:06:04:41 -0500] "HEAD / HTTP/1.1" 200 -
172.22.2.4 - - [19/Oct/2023:06:03:42 -0500] "HEAD /BLA/boletinlegal/ HTTP/1.1" 200 -
40.77.167.5 - - [19/Oct/2023:06:05:40 -0500] "GET /Publicaciones/2023EE219321.pdf HTTP/1.1" 404 228
172.22.2.4 - - [19/Oct/2023:06:04:33 -0500] "GET /BLA/boletinlegal/ HTTP/1.1" 200 58169
172.22.2.4 - - [19/Oct/2023:06:06:26 -0500] "GET /BLA/boletinlegal/actos.php HTTP/1.1" 200 9682
66.249.66.19 - - [19/Oct/2023:06:06:42 -0500] "GET /BLA/resoluciones/AUTOS%202014/4176.pdf HTTP/1.1" 200 266222
216.244.66.195 - - [19/Oct/2023:06:07:15 -0500] "GET /robots.txt HTTP/1.1" 404 1018
66.249.66.38 - - [19/Oct/2023:06:07:30 -0500] "GET /robots.txt HTTP/1.1" 404 1034
66.249.66.38 - - [19/Oct/2023:06:07:30 -0500] "GET /distrito-avanza-con-la-plantacion-de-arboles-186-nuevos-individuos-fueron-sembrados-en-el-humedal-capellania.html HTTP/1.1" 304 -
201.245.192.253 - - [19/Oct/2023:06:09:09 -0500] "POST /kwsrmcab/Wsrmcab  HTTP/1.1" 200 40671
216.245.221.92 - - [19/Oct/2023:06:09:41 -0500] "HEAD / HTTP/1.1" 200 -
172.22.2.4 - - [19/Oct/2023:06:09:32 -0500] "HEAD /BLA/boletinlegal/ HTTP/1.1" 200 -
107.173.224.5 - - [19/Oct/2023:06:11:49 -0500] "GET /robots.txt HTTP/1.1" 404 1034
172.22.2.4 - - [19/Oct/2023:06:10:23 -0500] "GET /BLA/boletinlegal/ HTTP/1.1" 200 60189
40.77.167.5 - - [19/Oct/2023:06:12:08 -0500] "GET /BLA/resoluciones/index.php?dir=RESOLUCIONES+2006%2FRES+2006+1101-1150%2F HTTP/1.1" 200 12368
201.245.192.253 - - [19/Oct/2023:06:14:09 -0500] "POST /kwsrmcab/Wsrmcab  HTTP/1.1" 200 40671
216.245.221.92 - - [19/Oct/2023:06:14:41 -0500] "HEAD / HTTP/1.1" 200 -
40.77.167.45 - - [19/Oct/2023:06:16:55 -0500] "GET /Publicaciones/2023EE200636.pdf HTTP/1.1" 404 228
172.22.2.4 - - [19/Oct/2023:06:16:55 -0500] "GET /BLA/boletinlegal/version HTTP/1.1" 404 1018
172.22.2.4 - - [19/Oct/2023:06:15:22 -0500] "HEAD /BLA/boletinlegal/ HTTP/1.1" 200 -
201.245.192.253 - - [19/Oct/2023:06:17:33 -0500] "POST /kwsrmcab/Wsrmcab HTTP/1.1" 200 40525
201.245.192.253 - - [19/Oct/2023:06:17:36 -0500] "POST /kwsrmcab/Wsrmcab HTTP/1.1" 200 40958
172.22.2.4 - - [19/Oct/2023:06:16:13 -0500] "GET /BLA/boletinlegal/ HTTP/1.1" 200 52165
173.252.107.117 - - [19/Oct/2023:06:18:34 -0500] "GET /mujeres-que-reverdecen-secretaria-de-ambiente-anuncia-300-cupos-para-la-tercera-fase-del-programa.html HTTP/1.1" 200 823
201.245.192.253 - - [19/Oct/2023:06:19:08 -0500] "POST /kwsrmcab/Wsrmcab  HTTP/1.1" 200 40671
216.245.221.92 - - [19/Oct/2023:06:19:41 -0500] "HEAD / HTTP/1.1" 200 -
201.245.192.253 - - [19/Oct/2023:06:20:32 -0500] "POST /kwsrmcab/Wsrmcab HTTP/1.1" 200 40525
201.245.192.253 - - [19/Oct/2023:06:20:35 -0500] "POST /kwsrmcab/Wsrmcab HTTP/1.1" 200 40958
172.22.2.4 - - [19/Oct/2023:06:21:12 -0500] "HEAD /BLA/boletinlegal/ HTTP/1.1" 200 -
172.22.2.4 - - [19/Oct/2023:06:22:03 -0500] "GET /BLA/boletinlegal/ HTTP/1.1" 200 58169
201.245.192.253 - - [19/Oct/2023:06:24:06 -0500] "POST /kwsrmcab/Wsrmcab  HTTP/1.1" 200 40671
52.167.144.14 - - [19/Oct/2023:06:24:22 -0500] "GET /galeria/galeria/jquery.fancybox.js?v=2.1.5 HTTP/1.1" 200 48706
201.245.192.253 - - [19/Oct/2023:06:24:25 -0500] "GET /sipse/faces/index.xhtml HTTP/1.1" 200 677
201.245.192.253 - - [19/Oct/2023:06:24:26 -0500] "GET /sipse/faces/javax.faces.resource/theme.css?ln=primefaces-sipse HTTP/1.1" 200 50058
201.245.192.253 - - [19/Oct/2023:06:24:26 -0500] "GET /favicon.ico HTTP/1.1" 200 7782
201.245.192.253 - - [19/Oct/2023:06:24:26 -0500] "GET /sipse/faces/faces/autenticacion.xhtml HTTP/1.1" 200 12404
201.245.192.253 - - [19/Oct/2023:06:24:26 -0500] "GET /sipse/css/custom_css_sg.css HTTP/1.1" 200 9694
201.245.192.253 - - [19/Oct/2023:06:24:26 -0500] "GET /sipse/css/custom_css_sg_prime_login.css HTTP/1.1" 200 443
201.245.192.253 - - [19/Oct/2023:06:24:26 -0500] "GET /sipse/faces/javax.faces.resource/layout/layout.css?ln=primefaces&v=4.0 HTTP/1.1" 200 542
201.245.192.253 - - [19/Oct/2023:06:24:26 -0500] "GET /sipse/faces/javax.faces.resource/theme.css?ln=primefaces-sipse HTTP/1.1" 304 -
201.245.192.253 - - [19/Oct/2023:06:24:26 -0500] "GET /sipse/js/disable_browser_buttons.js HTTP/1.1" 200 3230
201.245.192.253 - - [19/Oct/2023:06:24:26 -0500] "GET /sipse/js/funciones.js HTTP/1.1" 200 12592
