172.22.2.4 - - [21/Oct/2023:16:27:31 -0500] "GET /BLA/boletinlegal/images/historia.png HTTP/1.1" 200 52775
172.22.2.4 - - [21/Oct/2023:16:27:31 -0500] "GET /BLA/boletinlegal/images/launch.jpg HTTP/1.1" 200 14577
172.22.2.4 - - [21/Oct/2023:16:27:31 -0500] "GET /BLA/boletinlegal/images/cabezote%20BLEGAL.jpg HTTP/1.1" 200 118164
172.22.2.4 - - [21/Oct/2023:16:27:31 -0500] "GET /BLA/boletinlegal/images/body_bg.jpg HTTP/1.1" 200 1601
172.22.2.4 - - [21/Oct/2023:16:27:31 -0500] "GET /BLA/boletinlegal/images/menu_lft.gif HTTP/1.1" 200 1713
172.22.2.4 - - [21/Oct/2023:16:27:31 -0500] "GET /BLA/boletinlegal/images/menu_rght.gif HTTP/1.1" 200 1627
172.22.2.4 - - [21/Oct/2023:16:27:31 -0500] "GET /BLA/boletinlegal/images/bg_top.jpg HTTP/1.1" 200 522
172.22.2.4 - - [21/Oct/2023:16:27:31 -0500] "GET /BLA/boletinlegal/images/menu_bg.jpg HTTP/1.1" 200 620
172.22.2.4 - - [21/Oct/2023:16:27:31 -0500] "GET /BLA/boletinlegal/images/hover.jpg HTTP/1.1" 200 640
172.22.2.4 - - [21/Oct/2023:16:27:31 -0500] "GET /BLA/boletinlegal/images/text.jpg HTTP/1.1" 200 568
172.22.2.4 - - [21/Oct/2023:16:27:32 -0500] "GET /BLA/boletinlegal/favicon.ico HTTP/1.1" 404 1308
172.22.2.4 - - [21/Oct/2023:16:27:38 -0500] "GET /BLA/boletinlegal/actos.php HTTP/1.1" 200 9682
172.22.2.4 - - [21/Oct/2023:16:27:38 -0500] "GET /BLA/boletinlegal/js/ajax_actos.js HTTP/1.1" 200 1322
172.22.2.4 - - [21/Oct/2023:16:27:38 -0500] "GET /BLA/boletinlegal/niceforms.js HTTP/1.1" 200 22876
172.22.2.4 - - [21/Oct/2023:16:27:38 -0500] "GET /BLA/boletinlegal/js/lib.js HTTP/1.1" 200 6474
172.22.2.4 - - [21/Oct/2023:16:27:38 -0500] "GET /BLA/boletinlegal/niceforms-default.css HTTP/1.1" 200 6694
172.22.2.4 - - [21/Oct/2023:16:27:38 -0500] "GET /BLA/boletinlegal/js/jquery1.js HTTP/1.1" 200 29846
172.22.2.4 - - [21/Oct/2023:16:27:38 -0500] "GET /BLA/boletinlegal/js/popup.js HTTP/1.1" 200 1270
172.22.2.4 - - [21/Oct/2023:16:27:38 -0500] "GET /BLA/boletinlegal/images/icono-email.png HTTP/1.1" 200 5544
172.22.2.4 - - [21/Oct/2023:16:27:38 -0500] "GET /BLA/boletinlegal/images/green-yellow-blue-pink-th.png HTTP/1.1" 200 7394
172.22.2.4 - - [21/Oct/2023:16:27:38 -0500] "GET /BLA/boletinlegal/images/tel.png HTTP/1.1" 200 14477
172.22.2.4 - - [21/Oct/2023:16:27:38 -0500] "GET /BLA/boletinlegal/images/footer_bg.jpg HTTP/1.1" 200 586
172.22.2.4 - - [21/Oct/2023:16:27:38 -0500] "GET /BLA/boletinlegal/images/footer_bg_l.jpg HTTP/1.1" 200 776
172.22.2.4 - - [21/Oct/2023:16:27:38 -0500] "GET /BLA/boletinlegal/img/0.png HTTP/1.1" 200 110
172.22.2.4 - - [21/Oct/2023:16:27:38 -0500] "GET /BLA/boletinlegal/img/button.png HTTP/1.1" 200 43241
172.22.2.4 - - [21/Oct/2023:16:27:38 -0500] "GET /BLA/boletinlegal/img/select-left.png HTTP/1.1" 200 263
172.22.2.4 - - [21/Oct/2023:16:27:38 -0500] "GET /BLA/boletinlegal/img/select-right.png HTTP/1.1" 200 44019
172.22.2.4 - - [21/Oct/2023:16:27:38 -0500] "GET /BLA/boletinlegal/img/button-left.png HTTP/1.1" 200 57071
172.22.2.4 - - [21/Oct/2023:16:27:38 -0500] "GET /BLA/boletinlegal/img/button-right.png HTTP/1.1" 200 57878
172.22.2.4 - - [21/Oct/2023:16:27:58 -0500] "GET /BLA/boletinlegal/consulta_actos.php?tipo=resoluciones&no=2518&usuario=&sector=&fecha=2007&resuelve= HTTP/1.1" 200 626
201.245.192.253 - - [21/Oct/2023:16:28:09 -0500] "POST /forms/lservlet;jsessionid=ac16012b30d66c604508abbb4d319f23fcb845129ef7.e3iSbxaKaheRe34Pbx8Nc3aQci1ynknvrkLOlQzNp65In0 HTTP/1.1" 200 2
172.22.2.4 - - [21/Oct/2023:16:27:30 -0500] "GET /BLA/boletinlegal/ HTTP/1.1" 200 32715
172.22.2.4 - - [21/Oct/2023:16:28:30 -0500] "GET /BLA/boletinlegal/consulta_actos.php?tipo=resoluciones&no=2518&usuario=&sector=&fecha=2007&resuelve= HTTP/1.1" 200 626
66.249.66.20 - - [21/Oct/2023:16:28:43 -0500] "GET /Publicaciones/2022EE263742.pdf HTTP/1.1" 404 228
201.245.192.253 - - [21/Oct/2023:16:29:06 -0500] "POST /forms/lservlet;jsessionid=ac16012b30d656b142fdde064d2fb44da24020c7bd50.e3iSbxaKaheRe34Pbx8Nc3aQci1ynknvrkLOlQzNp65In0 HTTP/1.1" 200 2
216.245.221.92 - - [21/Oct/2023:16:29:31 -0500] "HEAD / HTTP/1.1" 200 -
201.245.192.253 - - [21/Oct/2023:16:30:09 -0500] "POST /forms/lservlet;jsessionid=ac16012b30d66c604508abbb4d319f23fcb845129ef7.e3iSbxaKaheRe34Pbx8Nc3aQci1ynknvrkLOlQzNp65In0 HTTP/1.1" 200 2
201.245.192.253 - - [21/Oct/2023:16:30:22 -0500] "POST /kwsrmcab/Wsrmcab HTTP/1.1" 200 41092
201.245.192.253 - - [21/Oct/2023:16:30:25 -0500] "POST /kwsrmcab/Wsrmcab HTTP/1.1" 200 41242
201.245.192.253 - - [21/Oct/2023:16:30:38 -0500] "POST /kwsrmcab/Wsrmcab  HTTP/1.1" 200 40804
172.22.2.4 - - [21/Oct/2023:16:29:14 -0500] "HEAD /BLA/boletinlegal/ HTTP/1.1" 200 -
201.245.192.253 - - [21/Oct/2023:16:31:06 -0500] "POST /forms/lservlet;jsessionid=ac16012b30d656b142fdde064d2fb44da24020c7bd50.e3iSbxaKaheRe34Pbx8Nc3aQci1ynknvrkLOlQzNp65In0 HTTP/1.1" 200 2
172.22.2.4 - - [21/Oct/2023:16:30:05 -0500] "GET /BLA/boletinlegal/ HTTP/1.1" 200 58169
66.249.66.19 - - [21/Oct/2023:16:31:51 -0500] "GET /Publicaciones/2022EE258960.pdf HTTP/1.1" 404 228
172.22.2.4 - - [21/Oct/2023:16:31:52 -0500] "GET /BLA/boletinlegal/consulta_actos.php?tipo=resoluciones&no=2518&usuario=&sector=&fecha=2007&resuelve= HTTP/1.1" 200 626
172.22.2.4 - - [21/Oct/2023:16:31:53 -0500] "GET /BLA/boletinlegal/consulta_actos.php?tipo=resoluciones&no=2518&usuario=&sector=&fecha=2007&resuelve= HTTP/1.1" 200 626
172.22.2.4 - - [21/Oct/2023:16:31:53 -0500] "GET /BLA/boletinlegal/consulta_actos.php?tipo=resoluciones&no=2518&usuario=&sector=&fecha=2007&resuelve= HTTP/1.1" 200 626
172.22.2.4 - - [21/Oct/2023:16:32:04 -0500] "GET /BLA/boletinlegal/consulta_actos.php?tipo=resoluciones&no=2518&usuario=&sector=&fecha=2007&resuelve= HTTP/1.1" 200 626
201.245.192.253 - - [21/Oct/2023:16:32:09 -0500] "POST /forms/lservlet;jsessionid=ac16012b30d66c604508abbb4d319f23fcb845129ef7.e3iSbxaKaheRe34Pbx8Nc3aQci1ynknvrkLOlQzNp65In0 HTTP/1.1" 200 2
201.245.192.253 - - [21/Oct/2023:16:33:06 -0500] "POST /forms/lservlet;jsessionid=ac16012b30d656b142fdde064d2fb44da24020c7bd50.e3iSbxaKaheRe34Pbx8Nc3aQci1ynknvrkLOlQzNp65In0 HTTP/1.1" 200 2
66.249.66.39 - - [21/Oct/2023:16:33:39 -0500] "GET /cooperacion-internacional-postulate-para-la-coordinacion-ambiental-de-proyecto-con-la-union-europea-avantia.html HTTP/1.1" 304 -
186.155.102.13 - - [21/Oct/2023:16:33:56 -0500] "GET /BLA/resoluciones/RESOLUCIONES%202007/RES%202007%202501%20AL%202600/RESOLUCION%202518%20DE%202007.pdf HTTP/1.1" 200 710384
186.155.102.13 - - [21/Oct/2023:16:33:58 -0500] "GET /favicon.ico HTTP/1.1" 200 7782
201.245.192.253 - - [21/Oct/2023:16:34:09 -0500] "POST /forms/lservlet;jsessionid=ac16012b30d66c604508abbb4d319f23fcb845129ef7.e3iSbxaKaheRe34Pbx8Nc3aQci1ynknvrkLOlQzNp65In0 HTTP/1.1" 200 2
216.245.221.92 - - [21/Oct/2023:16:34:31 -0500] "HEAD / HTTP/1.1" 200 -
66.249.66.20 - - [21/Oct/2023:16:34:34 -0500] "GET /Publicaciones/2022EE263655.pdf HTTP/1.1" 404 228
172.22.2.4 - - [21/Oct/2023:16:33:05 -0500] "GET /BLA/boletinlegal/ HTTP/1.1" 200 62768
201.245.192.253 - - [21/Oct/2023:16:35:06 -0500] "POST /forms/lservlet;jsessionid=ac16012b30d656b142fdde064d2fb44da24020c7bd50.e3iSbxaKaheRe34Pbx8Nc3aQci1ynknvrkLOlQzNp65In0 HTTP/1.1" 200 2
201.245.192.253 - - [21/Oct/2023:16:35:37 -0500] "POST /kwsrmcab/Wsrmcab  HTTP/1.1" 200 40804
201.245.192.253 - - [21/Oct/2023:16:36:09 -0500] "POST /forms/lservlet;jsessionid=ac16012b30d66c604508abbb4d319f23fcb845129ef7.e3iSbxaKaheRe34Pbx8Nc3aQci1ynknvrkLOlQzNp65In0 HTTP/1.1" 200 2
192.168.171.105 - - [21/Oct/2023:16:36:36 -0500] "POST /BLA/boletinlegal/admin/actos/ingresar.php HTTP/1.1" 200 7302
172.22.2.4 - - [21/Oct/2023:16:36:40 -0500] "GET /BLA/boletinlegal/consulta_actos.php?tipo=autos&no=0140&usuario=&sector=&fecha=2019&resuelve= HTTP/1.1" 200 1086
172.22.2.4 - - [21/Oct/2023:16:35:04 -0500] "HEAD /BLA/boletinlegal/ HTTP/1.1" 200 -
172.22.2.4 - - [21/Oct/2023:16:37:02 -0500] "GET /BLA/boletinlegal/Circulares/2019/.pdf HTTP/1.1" 404 1218
201.245.192.253 - - [21/Oct/2023:16:37:06 -0500] "POST /forms/lservlet;jsessionid=ac16012b30d656b142fdde064d2fb44da24020c7bd50.e3iSbxaKaheRe34Pbx8Nc3aQci1ynknvrkLOlQzNp65In0 HTTP/1.1" 200 2
172.22.2.4 - - [21/Oct/2023:16:37:11 -0500] "GET /BLA/boletinlegal/Circulares/2012/Circular%20No.%2010%20del%2026%20de%20Enero%20de%202012.pdf HTTP/1.1" 404 1218
201.245.192.253 - - [21/Oct/2023:16:37:21 -0500] "POST /kwsrmcab/Wsrmcab HTTP/1.1" 200 41092
201.245.192.253 - - [21/Oct/2023:16:37:24 -0500] "POST /kwsrmcab/Wsrmcab HTTP/1.1" 200 41242
172.22.2.4 - - [21/Oct/2023:16:35:55 -0500] "GET /BLA/boletinlegal/ HTTP/1.1" 200 60545
201.245.192.253 - - [21/Oct/2023:16:38:09 -0500] "POST /forms/lservlet;jsessionid=ac16012b30d66c604508abbb4d319f23fcb845129ef7.e3iSbxaKaheRe34Pbx8Nc3aQci1ynknvrkLOlQzNp65In0 HTTP/1.1" 200 2
201.245.192.253 - - [21/Oct/2023:16:39:06 -0500] "POST /forms/lservlet;jsessionid=ac16012b30d656b142fdde064d2fb44da24020c7bd50.e3iSbxaKaheRe34Pbx8Nc3aQci1ynknvrkLOlQzNp65In0 HTTP/1.1" 200 2
201.245.192.253 - - [21/Oct/2023:16:39:21 -0500] "POST /sipse/faces/presentacion/proyectos/proyecto/presupuesto/presupuestoEntreActividades/seleccionarActividadesOrigen.xhtml HTTP/1.1" 200 81598
201.245.192.253 - - [21/Oct/2023:16:39:22 -0500] "GET /sipse/faces/javax.faces.resource/jquery/jquery.js?ln=primefaces&v=4.0 HTTP/1.1" 304 -
201.245.192.253 - - [21/Oct/2023:16:39:22 -0500] "GET /sipse/faces/javax.faces.resource/jquery/jquery-plugins.js?ln=primefaces&v=4.0 HTTP/1.1" 304 -
201.245.192.253 - - [21/Oct/2023:16:39:22 -0500] "GET /sipse/faces/javax.faces.resource/primefaces.js?ln=primefaces&v=4.0 HTTP/1.1" 304 -
201.245.192.253 - - [21/Oct/2023:16:39:22 -0500] "GET /sipse/faces/javax.faces.resource/layout/layout.js?ln=primefaces&v=4.0 HTTP/1.1" 304 -
201.245.192.253 - - [21/Oct/2023:16:39:22 -0500] "POST /sipse/faces/presentacion/proyectos/proyecto/listarProyecto.xhtml HTTP/1.1" 200 75030
216.245.221.92 - - [21/Oct/2023:16:39:31 -0500] "HEAD / HTTP/1.1" 200 -
201.245.192.253 - - [21/Oct/2023:16:39:27 -0500] "POST /sipse/faces/presentacion/proyectos/proyecto/listarProyecto.xhtml HTTP/1.1" 200 163
201.245.192.253 - - [21/Oct/2023:16:39:35 -0500] "GET /sipse/faces/presentacion/proyectos/proyecto/proyecto.xhtml HTTP/1.1" 200 87758
201.245.192.253 - - [21/Oct/2023:16:39:45 -0500] "GET /sipse/faces/javax.faces.resource/theme.css?ln=primefaces-sipse HTTP/1.1" 304 -
201.245.192.253 - - [21/Oct/2023:16:39:45 -0500] "GET /sipse/faces/javax.faces.resource/jquery/jquery-plugins.js?ln=primefaces&v=4.0 HTTP/1.1" 304 -
201.245.192.253 - - [21/Oct/2023:16:39:45 -0500] "GET /sipse/faces/javax.faces.resource/jquery/jquery.js?ln=primefaces&v=4.0 HTTP/1.1" 304 -
201.245.192.253 - - [21/Oct/2023:16:39:45 -0500] "GET /sipse/faces/javax.faces.resource/layout/layout.css?ln=primefaces&v=4.0 HTTP/1.1" 304 -
201.245.192.253 - - [21/Oct/2023:16:39:45 -0500] "GET /sipse/faces/javax.faces.resource/primefaces.js?ln=primefaces&v=4.0 HTTP/1.1" 304 -
201.245.192.253 - - [21/Oct/2023:16:39:45 -0500] "GET /sipse/faces/javax.faces.resource/primefaces.css?ln=primefaces&v=4.0 HTTP/1.1" 304 -
201.245.192.253 - - [21/Oct/2023:16:39:45 -0500] "GET /sipse/faces/javax.faces.resource/layout/layout.js?ln=primefaces&v=4.0 HTTP/1.1" 304 -
201.245.192.253 - - [21/Oct/2023:16:39:45 -0500] "GET /sipse/faces/javax.faces.resource/images/ui-icons_898989_256x240.png?ln=primefaces-aristo HTTP/1.1" 304 -
201.245.192.253 - - [21/Oct/2023:16:39:45 -0500] "GET /sipse/faces/javax.faces.resource/images/ui-bg_flat_0_2d5972_40x100.png?ln=primefaces-aristo HTTP/1.1" 304 -
201.245.192.253 - - [21/Oct/2023:16:39:45 -0500] "POST /sipse/faces/presentacion/proyectos/proyecto/proyecto.xhtml HTTP/1.1" 200 3265
201.245.192.253 - - [21/Oct/2023:16:40:09 -0500] "POST /forms/lservlet;jsessionid=ac16012b30d66c604508abbb4d319f23fcb845129ef7.e3iSbxaKaheRe34Pbx8Nc3aQci1ynknvrkLOlQzNp65In0 HTTP/1.1" 200 2
201.245.192.253 - - [21/Oct/2023:16:39:56 -0500] "POST /sipse/faces/presentacion/proyectos/proyecto/proyecto.xhtml HTTP/1.1" 200 43950
201.245.192.253 - - [21/Oct/2023:16:40:16 -0500] "GET /sipse/faces/javax.faces.resource/spacer/dot_clear.gif?ln=primefaces&v=4.0 HTTP/1.1" 200 42
201.245.192.253 - - [21/Oct/2023:16:40:22 -0500] "POST /kwsrmcab/Wsrmcab HTTP/1.1" 200 41092
201.245.192.253 - - [21/Oct/2023:16:40:16 -0500] "POST /sipse/faces/presentacion/proyectos/proyecto/proyecto.xhtml HTTP/1.1" 200 3942
201.245.192.253 - - [21/Oct/2023:16:40:25 -0500] "POST /kwsrmcab/Wsrmcab HTTP/1.1" 200 41242
172.22.2.4 - - [21/Oct/2023:16:40:30 -0500] "GET /BLA/boletinlegal/style.css HTTP/1.1" 200 9406
172.22.2.4 - - [21/Oct/2023:16:40:30 -0500] "GET /BLA/boletinlegal/js/jquery.js HTTP/1.1" 200 57254
172.22.2.4 - - [21/Oct/2023:16:40:30 -0500] "GET /BLA/boletinlegal/styles2.css HTTP/1.1" 200 1838
172.22.2.4 - - [21/Oct/2023:16:40:30 -0500] "GET /BLA/boletinlegal/js/jquery.scrollTo-min.js HTTP/1.1" 200 1150
172.22.2.4 - - [21/Oct/2023:16:40:30 -0500] "GET /BLA/boletinlegal/js/jquery.scrollShow.js HTTP/1.1" 200 4586
172.22.2.4 - - [21/Oct/2023:16:40:30 -0500] "GET /BLA/boletinlegal/images/cabezote%20BLEGAL.jpg HTTP/1.1" 200 118164
172.22.2.4 - - [21/Oct/2023:16:40:30 -0500] "GET /BLA/boletinlegal/images/screen_1.png HTTP/1.1" 200 202547
172.22.2.4 - - [21/Oct/2023:16:40:30 -0500] "GET /BLA/boletinlegal/images/subscribe-icon-big.png HTTP/1.1" 200 47702
172.22.2.4 - - [21/Oct/2023:16:40:30 -0500] "GET /BLA/boletinlegal/images/historia.png HTTP/1.1" 200 52775
172.22.2.4 - - [21/Oct/2023:16:40:30 -0500] "GET /BLA/boletinlegal/images/registro-usuarios.png HTTP/1.1" 200 8106
172.22.2.4 - - [21/Oct/2023:16:40:30 -0500] "GET /BLA/boletinlegal/images/arr_l.jpg HTTP/1.1" 200 1979
172.22.2.4 - - [21/Oct/2023:16:40:30 -0500] "GET /BLA/boletinlegal/images/launch.jpg HTTP/1.1" 200 14577
172.22.2.4 - - [21/Oct/2023:16:40:31 -0500] "GET /BLA/boletinlegal/images/body_bg.jpg HTTP/1.1" 200 1601
172.22.2.4 - - [21/Oct/2023:16:40:31 -0500] "GET /BLA/boletinlegal/images/menu_lft.gif HTTP/1.1" 200 1713
172.22.2.4 - - [21/Oct/2023:16:40:31 -0500] "GET /BLA/boletinlegal/images/bg_top.jpg HTTP/1.1" 200 522
172.22.2.4 - - [21/Oct/2023:16:40:31 -0500] "GET /BLA/boletinlegal/images/menu_rght.gif HTTP/1.1" 200 1627
172.22.2.4 - - [21/Oct/2023:16:40:31 -0500] "GET /BLA/boletinlegal/images/menu_bg.jpg HTTP/1.1" 200 620
172.22.2.4 - - [21/Oct/2023:16:40:31 -0500] "GET /BLA/boletinlegal/images/text.jpg HTTP/1.1" 200 568
172.22.2.4 - - [21/Oct/2023:16:40:31 -0500] "GET /BLA/boletinlegal/images/hover.jpg HTTP/1.1" 200 640
172.22.2.4 - - [21/Oct/2023:16:40:37 -0500] "GET /BLA/boletinlegal/images/screen_2.png HTTP/1.1" 200 362502
172.22.2.4 - - [21/Oct/2023:16:40:37 -0500] "GET /BLA/boletinlegal/images/screen_3.png HTTP/1.1" 200 210620
172.22.2.4 - - [21/Oct/2023:16:40:37 -0500] "GET /BLA/boletinlegal/images/screen_5.png HTTP/1.1" 200 368876
172.22.2.4 - - [21/Oct/2023:16:40:38 -0500] "GET /BLA/boletinlegal/images/arr_r.jpg HTTP/1.1" 200 1998
201.245.192.253 - - [21/Oct/2023:16:40:37 -0500] "POST /kwsrmcab/Wsrmcab  HTTP/1.1" 200 40804
186.29.230.66 - - [21/Oct/2023:16:40:43 -0500] "GET /sipse/faces/index.xhtml HTTP/1.1" 200 677
172.22.2.4 - - [21/Oct/2023:16:40:44 -0500] "GET /BLA/boletinlegal/images/footer_bg.jpg HTTP/1.1" 200 586
186.29.230.66 - - [21/Oct/2023:16:40:44 -0500] "GET /sipse/faces/javax.faces.resource/theme.css?ln=primefaces-sipse HTTP/1.1" 200 50058
172.22.2.4 - - [21/Oct/2023:16:40:55 -0500] "GET /BLA/boletinlegal/consulta_actos.php?tipo=autos&no=3169&usuario=&sector=&fecha=2017&resuelve= HTTP/1.1" 200 626
201.245.192.253 - - [21/Oct/2023:16:41:06 -0500] "POST /forms/lservlet;jsessionid=ac16012b30d656b142fdde064d2fb44da24020c7bd50.e3iSbxaKaheRe34Pbx8Nc3aQci1ynknvrkLOlQzNp65In0 HTTP/1.1" 200 2
172.22.2.4 - - [21/Oct/2023:16:40:30 -0500] "GET /BLA/boletinlegal/ HTTP/1.1" 200 32715
201.245.192.253 - - [21/Oct/2023:16:40:49 -0500] "POST /sipse/faces/presentacion/proyectos/proyecto/proyecto.xhtml HTTP/1.1" 200 58325
186.29.230.66 - - [21/Oct/2023:16:41:21 -0500] "GET /sipse/faces/index.xhtml HTTP/1.1" 200 677
186.29.230.66 - - [21/Oct/2023:16:41:22 -0500] "GET /sipse/faces/javax.faces.resource/theme.css?ln=primefaces-sipse HTTP/1.1" 200 50058
186.29.230.66 - - [21/Oct/2023:16:41:28 -0500] "GET /favicon.ico HTTP/1.1" 200 7782
186.29.230.66 - - [21/Oct/2023:16:41:43 -0500] "GET /sipse/faces/index.xhtml HTTP/1.1" 200 677
186.29.230.66 - - [21/Oct/2023:16:41:44 -0500] "GET /sipse/faces/javax.faces.resource/theme.css?ln=primefaces-sipse HTTP/1.1" 304 -
186.29.230.66 - - [21/Oct/2023:16:41:45 -0500] "GET /sipse/js/disable_browser_buttons.js HTTP/1.1" 200 3230
186.29.230.66 - - [21/Oct/2023:16:41:44 -0500] "GET /sipse/faces/faces/autenticacion.xhtml HTTP/1.1" 200 12405
186.29.230.66 - - [21/Oct/2023:16:41:45 -0500] "GET /sipse/css/custom_css_sg_prime_login.css HTTP/1.1" 200 443
186.29.230.66 - - [21/Oct/2023:16:41:45 -0500] "GET /sipse/css/custom_css_sg.css HTTP/1.1" 200 9694
186.29.230.66 - - [21/Oct/2023:16:41:45 -0500] "GET /sipse/faces/javax.faces.resource/layout/layout.css?ln=primefaces&v=4.0 HTTP/1.1" 200 542
186.29.230.66 - - [21/Oct/2023:16:41:45 -0500] "GET /sipse/js/funciones.js HTTP/1.1" 200 12592
186.29.230.66 - - [21/Oct/2023:16:41:45 -0500] "GET /sipse/faces/javax.faces.resource/theme.css?ln=primefaces-sipse HTTP/1.1" 304 -
186.29.230.66 - - [21/Oct/2023:16:41:45 -0500] "GET /sipse/faces/javax.faces.resource/primefaces.css?ln=primefaces&v=4.0 HTTP/1.1" 200 53295
186.29.230.66 - - [21/Oct/2023:16:41:45 -0500] "GET /sipse/faces/javax.faces.resource/jquery/jquery-plugins.js?ln=primefaces&v=4.0 HTTP/1.1" 200 220526
186.29.230.66 - - [21/Oct/2023:16:41:46 -0500] "GET /sipse/faces/javax.faces.resource/layout/layout.js?ln=primefaces&v=4.0 HTTP/1.1" 200 87560
186.29.230.66 - - [21/Oct/2023:16:41:46 -0500] "GET /sipse/faces/javax.faces.resource/primefaces.js?ln=primefaces&v=4.0 HTTP/1.1" 200 276924
186.29.230.66 - - [21/Oct/2023:16:41:45 -0500] "GET /sipse/faces/javax.faces.resource/jquery/jquery.js?ln=primefaces&v=4.0 HTTP/1.1" 200 105384
186.29.230.66 - - [21/Oct/2023:16:42:00 -0500] "GET /sipse/faces/javax.faces.resource/images/ui-icons_898989_256x240.png?ln=primefaces-aristo HTTP/1.1" 200 5355
186.29.230.66 - - [21/Oct/2023:16:42:00 -0500] "GET /sipse/css/imagen/logoSDG.png HTTP/1.1" 200 53064
186.29.230.66 - - [21/Oct/2023:16:42:00 -0500] "GET /sipse/css/imagen/loginimg.png HTTP/1.1" 200 71635
201.245.192.253 - - [21/Oct/2023:16:42:09 -0500] "POST /forms/lservlet;jsessionid=ac16012b30d66c604508abbb4d319f23fcb845129ef7.e3iSbxaKaheRe34Pbx8Nc3aQci1ynknvrkLOlQzNp65In0 HTTP/1.1" 200 2
186.29.230.66 - - [21/Oct/2023:16:42:19 -0500] "POST /sipse/faces/autenticacion.xhtml HTTP/1.1" 200 2217
186.29.230.66 - - [21/Oct/2023:16:42:19 -0500] "GET /sipse/faces/javax.faces.resource/messages/messages.png?ln=primefaces&v=4.0 HTTP/1.1" 200 27209
186.29.230.66 - - [21/Oct/2023:16:42:21 -0500] "POST /sipse/faces/autenticacion.xhtml HTTP/1.1" 200 16344
186.29.230.66 - - [21/Oct/2023:16:42:22 -0500] "GET /sipse/css/custom_css_sg_prime.css HTTP/1.1" 200 5201
186.29.230.66 - - [21/Oct/2023:16:42:23 -0500] "GET /sipse/faces/javax.faces.resource/layout/layout.css?ln=primefaces&v=4.0 HTTP/1.1" 304 -
186.29.230.66 - - [21/Oct/2023:16:42:23 -0500] "GET /sipse/faces/javax.faces.resource/primefaces.css?ln=primefaces&v=4.0 HTTP/1.1" 304 -
186.29.230.66 - - [21/Oct/2023:16:42:23 -0500] "GET /sipse/faces/javax.faces.resource/theme.css?ln=primefaces-sipse HTTP/1.1" 304 -
186.29.230.66 - - [21/Oct/2023:16:42:23 -0500] "GET /sipse/js/jquery.min.js HTTP/1.1" 200 85582
186.29.230.66 - - [21/Oct/2023:16:42:24 -0500] "GET /sipse/faces/javax.faces.resource/jquery/jquery.js?ln=primefaces&v=4.0 HTTP/1.1" 304 -
186.29.230.66 - - [21/Oct/2023:16:42:26 -0500] "GET /sipse/faces/javax.faces.resource/jquery/jquery-plugins.js?ln=primefaces&v=4.0 HTTP/1.1" 304 -
186.29.230.66 - - [21/Oct/2023:16:42:26 -0500] "GET /sipse/faces/javax.faces.resource/primefaces.js?ln=primefaces&v=4.0 HTTP/1.1" 304 -
186.29.230.66 - - [21/Oct/2023:16:42:28 -0500] "GET /sipse/faces/javax.faces.resource/layout/layout.js?ln=primefaces&v=4.0 HTTP/1.1" 304 -
186.29.230.66 - - [21/Oct/2023:16:42:28 -0500] "GET /sipse/css/v_mergente.css HTTP/1.1" 200 1505
186.29.230.66 - - [21/Oct/2023:16:42:28 -0500] "GET /sipse/css/imagen/contrasena.png HTTP/1.1" 404 383
186.29.230.66 - - [21/Oct/2023:16:42:30 -0500] "GET /sipse/faces/javax.faces.resource/images/ui-bg_flat_0_2d5972_40x100.png?ln=primefaces-aristo HTTP/1.1" 200 183
186.29.230.66 - - [21/Oct/2023:16:42:30 -0500] "POST /sipse/faces/bienvenido.xhtml HTTP/1.1" 200 2658
186.29.230.66 - - [21/Oct/2023:16:42:28 -0500] "GET /sipse/imagenes/cargando.gif HTTP/1.1" 200 36959
172.22.2.4 - - [21/Oct/2023:16:40:54 -0500] "HEAD /BLA/boletinlegal/ HTTP/1.1" 200 -
186.29.230.66 - - [21/Oct/2023:16:42:33 -0500] "POST /sipse/faces/bienvenido.xhtml HTTP/1.1" 200 64108
186.29.230.66 - - [21/Oct/2023:16:42:28 -0500] "GET /sipse/imagenes/logoAplicacion.jpg HTTP/1.1" 200 155084
186.29.230.66 - - [21/Oct/2023:16:42:46 -0500] "GET /sipse/faces/javax.faces.resource/theme.css?ln=primefaces-sipse HTTP/1.1" 304 -
186.29.230.66 - - [21/Oct/2023:16:42:46 -0500] "GET /sipse/faces/javax.faces.resource/jquery/jquery.js?ln=primefaces&v=4.0 HTTP/1.1" 304 -
186.29.230.66 - - [21/Oct/2023:16:42:46 -0500] "GET /sipse/faces/javax.faces.resource/primefaces.css?ln=primefaces&v=4.0 HTTP/1.1" 304 -
186.29.230.66 - - [21/Oct/2023:16:42:46 -0500] "GET /sipse/faces/javax.faces.resource/layout/layout.css?ln=primefaces&v=4.0 HTTP/1.1" 304 -
186.29.230.66 - - [21/Oct/2023:16:42:47 -0500] "GET /sipse/faces/javax.faces.resource/jquery/jquery-plugins.js?ln=primefaces&v=4.0 HTTP/1.1" 304 -
186.29.230.66 - - [21/Oct/2023:16:42:48 -0500] "GET /sipse/faces/javax.faces.resource/primefaces.js?ln=primefaces&v=4.0 HTTP/1.1" 304 -
186.29.230.66 - - [21/Oct/2023:16:42:49 -0500] "GET /sipse/faces/javax.faces.resource/layout/layout.js?ln=primefaces&v=4.0 HTTP/1.1" 304 -
192.168.171.105 - - [21/Oct/2023:16:42:52 -0500] "POST /BLA/boletinlegal/admin/actos/ingresar.php HTTP/1.1" 200 7302
172.22.2.4 - - [21/Oct/2023:16:42:56 -0500] "GET /BLA/boletinlegal/consulta_actos.php?tipo=autos&no=3169&usuario=&sector=&fecha=2017&resuelve= HTTP/1.1" 200 1086
186.29.230.66 - - [21/Oct/2023:16:42:50 -0500] "POST /sipse/faces/presentacion/financiero/solicitudProceso/listarSolicitudProceso.xhtml HTTP/1.1" 200 1544
201.245.192.253 - - [21/Oct/2023:16:43:06 -0500] "POST /forms/lservlet;jsessionid=ac16012b30d656b142fdde064d2fb44da24020c7bd50.e3iSbxaKaheRe34Pbx8Nc3aQci1ynknvrkLOlQzNp65In0 HTTP/1.1" 200 2
172.22.2.4 - - [21/Oct/2023:16:41:45 -0500] "GET /BLA/boletinlegal/ HTTP/1.1" 200 58169
173.252.87.119 - - [21/Oct/2023:16:43:26 -0500] "GET /images/presentaci\xc3\xb3n%20convenci\xc3\xb3n.jpg HTTP/1.1" 404 1034
186.29.230.66 - - [21/Oct/2023:16:43:40 -0500] "POST /sipse/faces/presentacion/financiero/solicitudProceso/listarSolicitudProceso.xhtml HTTP/1.1" 200 34473
186.29.230.66 - - [21/Oct/2023:16:43:43 -0500] "POST /sipse/faces/presentacion/financiero/solicitudProceso/listarSolicitudProceso.xhtml HTTP/1.1" 200 34461
186.29.230.66 - - [21/Oct/2023:16:43:47 -0500] "POST /sipse/faces/presentacion/financiero/solicitudProceso/listarSolicitudProceso.xhtml HTTP/1.1" 200 34473
186.29.230.66 - - [21/Oct/2023:16:43:49 -0500] "POST /sipse/faces/presentacion/financiero/solicitudProceso/listarSolicitudProceso.xhtml HTTP/1.1" 200 34461
186.29.230.66 - - [21/Oct/2023:16:43:54 -0500] "POST /sipse/faces/presentacion/financiero/solicitudProceso/listarSolicitudProceso.xhtml HTTP/1.1" 200 25815
186.29.230.66 - - [21/Oct/2023:16:43:57 -0500] "POST /sipse/faces/presentacion/financiero/solicitudProceso/listarSolicitudProceso.xhtml HTTP/1.1" 200 25803
186.29.230.66 - - [21/Oct/2023:16:43:59 -0500] "POST /sipse/faces/presentacion/financiero/solicitudProceso/listarSolicitudProceso.xhtml HTTP/1.1" 200 25811
201.245.192.253 - - [21/Oct/2023:16:44:09 -0500] "POST /forms/lservlet;jsessionid=ac16012b30d66c604508abbb4d319f23fcb845129ef7.e3iSbxaKaheRe34Pbx8Nc3aQci1ynknvrkLOlQzNp65In0 HTTP/1.1" 200 2
186.29.230.66 - - [21/Oct/2023:16:44:20 -0500] "POST /sipse/faces/presentacion/financiero/solicitudProceso/listarSolicitudProceso.xhtml HTTP/1.1" 200 19994
216.245.221.92 - - [21/Oct/2023:16:44:31 -0500] "HEAD / HTTP/1.1" 200 -
186.29.230.66 - - [21/Oct/2023:16:44:35 -0500] "POST /sipse/faces/presentacion/financiero/solicitudProceso/listarSolicitudProceso.xhtml HTTP/1.1" 200 107134
186.29.230.66 - - [21/Oct/2023:16:44:44 -0500] "GET /sipse/faces/javax.faces.resource/primefaces.css?ln=primefaces&v=4.0 HTTP/1.1" 304 -
185.180.143.138 - - [21/Oct/2023:16:44:43 -0500] "GET /portaldeninos/ HTTP/1.1" 200 110175
186.29.230.66 - - [21/Oct/2023:16:44:45 -0500] "GET /sipse/faces/javax.faces.resource/jquery/jquery.js?ln=primefaces&v=4.0 HTTP/1.1" 304 -
186.29.230.66 - - [21/Oct/2023:16:44:45 -0500] "GET /sipse/faces/javax.faces.resource/layout/layout.css?ln=primefaces&v=4.0 HTTP/1.1" 304 -
186.29.230.66 - - [21/Oct/2023:16:44:45 -0500] "GET /sipse/faces/javax.faces.resource/theme.css?ln=primefaces-sipse HTTP/1.1" 304 -
186.29.230.66 - - [21/Oct/2023:16:44:45 -0500] "GET /sipse/faces/javax.faces.resource/jquery/jquery-plugins.js?ln=primefaces&v=4.0 HTTP/1.1" 304 -
186.29.230.66 - - [21/Oct/2023:16:44:45 -0500] "GET /sipse/faces/javax.faces.resource/primefaces.js?ln=primefaces&v=4.0 HTTP/1.1" 304 -
186.29.230.66 - - [21/Oct/2023:16:44:45 -0500] "GET /sipse/faces/javax.faces.resource/layout/layout.js?ln=primefaces&v=4.0 HTTP/1.1" 304 -
201.245.192.253 - - [21/Oct/2023:16:45:06 -0500] "POST /forms/lservlet;jsessionid=ac16012b30d656b142fdde064d2fb44da24020c7bd50.e3iSbxaKaheRe34Pbx8Nc3aQci1ynknvrkLOlQzNp65In0 HTTP/1.1" 200 2
201.245.192.253 - - [21/Oct/2023:16:45:36 -0500] "POST /kwsrmcab/Wsrmcab  HTTP/1.1" 200 40804
201.245.192.253 - - [21/Oct/2023:16:46:09 -0500] "POST /forms/lservlet;jsessionid=ac16012b30d66c604508abbb4d319f23fcb845129ef7.e3iSbxaKaheRe34Pbx8Nc3aQci1ynknvrkLOlQzNp65In0 HTTP/1.1" 200 2
173.252.95.116 - - [21/Oct/2023:16:46:57 -0500] "GET /images/cuerpos%20de%20agua%20en%20humedales-19-10.jpg HTTP/1.1" 200 73528
201.245.192.253 - - [21/Oct/2023:16:47:06 -0500] "POST /forms/lservlet;jsessionid=ac16012b30d656b142fdde064d2fb44da24020c7bd50.e3iSbxaKaheRe34Pbx8Nc3aQci1ynknvrkLOlQzNp65In0 HTTP/1.1" 200 2
173.252.95.1 - - [21/Oct/2023:16:47:10 -0500] "GET /ingresar-a-los-cuerpos-de-agua-de-los-humedales-esta-prohibido-no-arriesgues-tu-vida-por-unos-me-gusta.html HTTP/1.1" 200 894
40.77.167.63 - - [21/Oct/2023:16:48:05 -0500] "GET /galeria/galeria/fotos/3humedal-Burro3G.jpg HTTP/1.1" 200 74809
201.245.192.253 - - [21/Oct/2023:16:48:09 -0500] "POST /forms/lservlet;jsessionid=ac16012b30d66c604508abbb4d319f23fcb845129ef7.e3iSbxaKaheRe34Pbx8Nc3aQci1ynknvrkLOlQzNp65In0 HTTP/1.1" 200 2
172.22.2.4 - - [21/Oct/2023:16:46:44 -0500] "HEAD /BLA/boletinlegal/ HTTP/1.1" 200 -
201.245.192.253 - - [21/Oct/2023:16:49:06 -0500] "POST /forms/lservlet;jsessionid=ac16012b30d656b142fdde064d2fb44da24020c7bd50.e3iSbxaKaheRe34Pbx8Nc3aQci1ynknvrkLOlQzNp65In0 HTTP/1.1" 200 2
172.22.2.4 - - [21/Oct/2023:16:47:35 -0500] "GET /BLA/boletinlegal/ HTTP/1.1" 200 60189
216.245.221.92 - - [21/Oct/2023:16:49:31 -0500] "HEAD / HTTP/1.1" 200 -
201.245.192.253 - - [21/Oct/2023:16:50:09 -0500] "POST /forms/lservlet;jsessionid=ac16012b30d66c604508abbb4d319f23fcb845129ef7.e3iSbxaKaheRe34Pbx8Nc3aQci1ynknvrkLOlQzNp65In0 HTTP/1.1" 200 2
201.245.192.253 - - [21/Oct/2023:16:50:34 -0500] "POST /kwsrmcab/Wsrmcab  HTTP/1.1" 200 40804
201.245.192.253 - - [21/Oct/2023:16:51:06 -0500] "POST /forms/lservlet;jsessionid=ac16012b30d656b142fdde064d2fb44da24020c7bd50.e3iSbxaKaheRe34Pbx8Nc3aQci1ynknvrkLOlQzNp65In0 HTTP/1.1" 200 2
168.119.253.21 - - [21/Oct/2023:16:51:54 -0500] "GET / HTTP/1.1" 200 319
168.119.253.21 - - [21/Oct/2023:16:51:55 -0500] "GET / HTTP/1.1" 200 4720
201.245.192.253 - - [21/Oct/2023:16:52:09 -0500] "POST /forms/lservlet;jsessionid=ac16012b30d66c604508abbb4d319f23fcb845129ef7.e3iSbxaKaheRe34Pbx8Nc3aQci1ynknvrkLOlQzNp65In0 HTTP/1.1" 200 2
172.22.2.4 - - [21/Oct/2023:16:52:15 -0500] "GET /BLA/boletinlegal/ HTTP/1.1" 200 24523
201.245.192.253 - - [21/Oct/2023:16:53:06 -0500] "POST /forms/lservlet;jsessionid=ac16012b30d656b142fdde064d2fb44da24020c7bd50.e3iSbxaKaheRe34Pbx8Nc3aQci1ynknvrkLOlQzNp65In0 HTTP/1.1" 200 2
186.29.230.66 - - [21/Oct/2023:16:53:11 -0500] "GET /sipse/faces/faces/autenticacion.xhtml HTTP/1.1" 200 12727
186.29.230.66 - - [21/Oct/2023:16:53:15 -0500] "GET /sipse/faces/javax.faces.resource/layout/layout.css;jsessionid=xEauFg+SLRFurkWio23ZBD+U.undefined?ln=primefaces&v=4.0 HTTP/1.1" 200 542
186.29.230.66 - - [21/Oct/2023:16:53:17 -0500] "GET /sipse/css/custom_css_sg.css HTTP/1.1" 200 9694
186.29.230.66 - - [21/Oct/2023:16:53:17 -0500] "GET /sipse/css/custom_css_sg_prime_login.css HTTP/1.1" 200 443
186.29.230.66 - - [21/Oct/2023:16:53:17 -0500] "GET /sipse/faces/javax.faces.resource/theme.css?ln=primefaces-sipse HTTP/1.1" 304 -
186.29.230.66 - - [21/Oct/2023:16:53:19 -0500] "GET /sipse/js/disable_browser_buttons.js HTTP/1.1" 200 3230
186.29.230.66 - - [21/Oct/2023:16:53:19 -0500] "GET /sipse/js/funciones.js HTTP/1.1" 200 12592
186.29.230.66 - - [21/Oct/2023:16:53:18 -0500] "GET /sipse/faces/javax.faces.resource/jquery/jquery.js;jsessionid=xEauFg+SLRFurkWio23ZBD+U.undefined?ln=primefaces&v=4.0 HTTP/1.1" 200 105384
186.29.230.66 - - [21/Oct/2023:16:53:18 -0500] "GET /sipse/faces/javax.faces.resource/primefaces.js;jsessionid=xEauFg+SLRFurkWio23ZBD+U.undefined?ln=primefaces&v=4.0 HTTP/1.1" 200 276924
186.29.230.66 - - [21/Oct/2023:16:53:18 -0500] "GET /sipse/faces/javax.faces.resource/jquery/jquery-plugins.js;jsessionid=xEauFg+SLRFurkWio23ZBD+U.undefined?ln=primefaces&v=4.0 HTTP/1.1" 200 220526
186.29.230.66 - - [21/Oct/2023:16:53:15 -0500] "GET /sipse/faces/javax.faces.resource/primefaces.css;jsessionid=xEauFg+SLRFurkWio23ZBD+U.undefined?ln=primefaces&v=4.0 HTTP/1.1" 200 53295
186.29.230.66 - - [21/Oct/2023:16:53:18 -0500] "GET /sipse/faces/javax.faces.resource/layout/layout.js;jsessionid=xEauFg+SLRFurkWio23ZBD+U.undefined?ln=primefaces&v=4.0 HTTP/1.1" 200 87560
186.29.230.66 - - [21/Oct/2023:16:53:25 -0500] "GET /sipse/faces/javax.faces.resource/images/ui-icons_898989_256x240.png?ln=primefaces-aristo HTTP/1.1" 304 -
186.29.230.66 - - [21/Oct/2023:16:53:25 -0500] "GET /sipse/css/imagen/logoSDG.png HTTP/1.1" 200 53064
186.29.230.66 - - [21/Oct/2023:16:53:25 -0500] "GET /sipse/css/imagen/loginimg.png HTTP/1.1" 200 71635
186.29.230.66 - - [21/Oct/2023:16:53:26 -0500] "GET /sipse/faces/faces/index.xhtml HTTP/1.1" 200 677
186.29.230.66 - - [21/Oct/2023:16:53:26 -0500] "GET /sipse/faces/javax.faces.resource/theme.css?ln=primefaces-sipse HTTP/1.1" 304 -
186.29.230.66 - - [21/Oct/2023:16:53:26 -0500] "GET /sipse/faces/faces/faces/autenticacion.xhtml HTTP/1.1" 200 12405
186.29.230.66 - - [21/Oct/2023:16:53:26 -0500] "GET /sipse/faces/javax.faces.resource/theme.css?ln=primefaces-sipse HTTP/1.1" 304 -
186.29.230.66 - - [21/Oct/2023:16:53:26 -0500] "GET /sipse/faces/javax.faces.resource/layout/layout.css?ln=primefaces&v=4.0 HTTP/1.1" 304 -
186.29.230.66 - - [21/Oct/2023:16:53:26 -0500] "GET /sipse/faces/javax.faces.resource/primefaces.css?ln=primefaces&v=4.0 HTTP/1.1" 304 -
186.29.230.66 - - [21/Oct/2023:16:53:27 -0500] "GET /sipse/faces/javax.faces.resource/layout/layout.js?ln=primefaces&v=4.0 HTTP/1.1" 304 -
186.29.230.66 - - [21/Oct/2023:16:53:26 -0500] "GET /sipse/faces/javax.faces.resource/jquery/jquery.js?ln=primefaces&v=4.0 HTTP/1.1" 200 105384
186.29.230.66 - - [21/Oct/2023:16:53:26 -0500] "GET /sipse/faces/javax.faces.resource/jquery/jquery-plugins.js?ln=primefaces&v=4.0 HTTP/1.1" 200 220526
186.29.230.66 - - [21/Oct/2023:16:53:26 -0500] "GET /sipse/faces/javax.faces.resource/primefaces.js?ln=primefaces&v=4.0 HTTP/1.1" 200 276924
201.245.192.253 - - [21/Oct/2023:16:54:09 -0500] "POST /forms/lservlet;jsessionid=ac16012b30d66c604508abbb4d319f23fcb845129ef7.e3iSbxaKaheRe34Pbx8Nc3aQci1ynknvrkLOlQzNp65In0 HTTP/1.1" 200 2
172.22.2.4 - - [21/Oct/2023:16:52:34 -0500] "HEAD /BLA/boletinlegal/ HTTP/1.1" 200 -
216.245.221.92 - - [21/Oct/2023:16:54:31 -0500] "HEAD / HTTP/1.1" 200 -
66.249.66.19 - - [21/Oct/2023:16:54:58 -0500] "GET /Publicaciones/2022EE259319.pdf HTTP/1.1" 404 228
172.22.2.4 - - [21/Oct/2023:16:53:25 -0500] "GET /BLA/boletinlegal/ HTTP/1.1" 200 60189
201.245.192.253 - - [21/Oct/2023:16:55:06 -0500] "POST /forms/lservlet;jsessionid=ac16012b30d656b142fdde064d2fb44da24020c7bd50.e3iSbxaKaheRe34Pbx8Nc3aQci1ynknvrkLOlQzNp65In0 HTTP/1.1" 200 2
186.29.230.66 - - [21/Oct/2023:16:55:24 -0500] "POST /sipse/faces/autenticacion.xhtml HTTP/1.1" 200 16797
186.29.230.66 - - [21/Oct/2023:16:55:26 -0500] "GET /sipse/faces/javax.faces.resource/theme.css?ln=primefaces-sipse HTTP/1.1" 304 -
186.29.230.66 - - [21/Oct/2023:16:55:26 -0500] "GET /sipse/faces/javax.faces.resource/primefaces.css?ln=primefaces&v=4.0 HTTP/1.1" 304 -
186.29.230.66 - - [21/Oct/2023:16:55:26 -0500] "GET /sipse/css/custom_css_sg_prime.css HTTP/1.1" 200 5201
186.29.230.66 - - [21/Oct/2023:16:55:26 -0500] "GET /sipse/faces/javax.faces.resource/layout/layout.css?ln=primefaces&v=4.0 HTTP/1.1" 304 -
186.29.230.66 - - [21/Oct/2023:16:55:26 -0500] "GET /sipse/js/jquery.min.js HTTP/1.1" 200 85582
186.29.230.66 - - [21/Oct/2023:16:55:27 -0500] "GET /sipse/faces/javax.faces.resource/jquery/jquery.js?ln=primefaces&v=4.0 HTTP/1.1" 304 -
186.29.230.66 - - [21/Oct/2023:16:55:27 -0500] "GET /sipse/faces/javax.faces.resource/jquery/jquery-plugins.js?ln=primefaces&v=4.0 HTTP/1.1" 304 -
186.29.230.66 - - [21/Oct/2023:16:55:27 -0500] "GET /sipse/faces/javax.faces.resource/primefaces.js?ln=primefaces&v=4.0 HTTP/1.1" 304 -
186.29.230.66 - - [21/Oct/2023:16:55:28 -0500] "GET /sipse/faces/javax.faces.resource/layout/layout.js?ln=primefaces&v=4.0 HTTP/1.1" 304 -
186.29.230.66 - - [21/Oct/2023:16:55:28 -0500] "GET /sipse/css/v_mergente.css HTTP/1.1" 200 1505
186.29.230.66 - - [21/Oct/2023:16:55:28 -0500] "GET /sipse/css/imagen/contrasena.png HTTP/1.1" 404 383
186.29.230.66 - - [21/Oct/2023:16:55:28 -0500] "GET /sipse/faces/javax.faces.resource/messages/messages.png?ln=primefaces&v=4.0 HTTP/1.1" 304 -
186.29.230.66 - - [21/Oct/2023:16:55:28 -0500] "GET /sipse/imagenes/cargando.gif HTTP/1.1" 200 36959
186.29.230.66 - - [21/Oct/2023:16:55:28 -0500] "GET /sipse/imagenes/logoAplicacion.jpg HTTP/1.1" 200 155084
186.29.230.66 - - [21/Oct/2023:16:55:31 -0500] "GET /sipse/faces/javax.faces.resource/images/ui-bg_flat_0_2d5972_40x100.png?ln=primefaces-aristo HTTP/1.1" 304 -
186.29.230.66 - - [21/Oct/2023:16:55:31 -0500] "POST /sipse/faces/bienvenido.xhtml HTTP/1.1" 200 2073
186.29.230.66 - - [21/Oct/2023:16:55:32 -0500] "POST /sipse/faces/bienvenido.xhtml HTTP/1.1" 200 2658
194.165.16.72 - - [21/Oct/2023:16:55:34 -0500] "\x03" 400 226
201.245.192.253 - - [21/Oct/2023:16:55:33 -0500] "POST /kwsrmcab/Wsrmcab  HTTP/1.1" 200 40804
186.29.230.66 - - [21/Oct/2023:16:55:34 -0500] "POST /sipse/faces/bienvenido.xhtml HTTP/1.1" 200 43139
186.29.230.66 - - [21/Oct/2023:16:55:36 -0500] "GET /sipse/faces/javax.faces.resource/primefaces.css?ln=primefaces&v=4.0 HTTP/1.1" 304 -
186.29.230.66 - - [21/Oct/2023:16:55:36 -0500] "GET /sipse/faces/javax.faces.resource/theme.css?ln=primefaces-sipse HTTP/1.1" 304 -
186.29.230.66 - - [21/Oct/2023:16:55:36 -0500] "GET /sipse/faces/javax.faces.resource/layout/layout.css?ln=primefaces&v=4.0 HTTP/1.1" 304 -
186.29.230.66 - - [21/Oct/2023:16:55:36 -0500] "GET /sipse/faces/javax.faces.resource/jquery/jquery.js?ln=primefaces&v=4.0 HTTP/1.1" 304 -
186.29.230.66 - - [21/Oct/2023:16:55:36 -0500] "GET /sipse/faces/javax.faces.resource/jquery/jquery-plugins.js?ln=primefaces&v=4.0 HTTP/1.1" 304 -
186.29.230.66 - - [21/Oct/2023:16:55:36 -0500] "GET /sipse/faces/javax.faces.resource/primefaces.js?ln=primefaces&v=4.0 HTTP/1.1" 304 -
186.29.230.66 - - [21/Oct/2023:16:55:36 -0500] "GET /sipse/faces/javax.faces.resource/layout/layout.js?ln=primefaces&v=4.0 HTTP/1.1" 304 -
186.29.230.66 - - [21/Oct/2023:16:55:36 -0500] "POST /sipse/faces/presentacion/financiero/solicitudProceso/listarSolicitudProceso.xhtml HTTP/1.1" 200 1428
201.245.192.253 - - [21/Oct/2023:16:56:09 -0500] "POST /forms/lservlet;jsessionid=ac16012b30d66c604508abbb4d319f23fcb845129ef7.e3iSbxaKaheRe34Pbx8Nc3aQci1ynknvrkLOlQzNp65In0 HTTP/1.1" 200 2
201.245.192.253 - - [21/Oct/2023:16:57:06 -0500] "POST /forms/lservlet;jsessionid=ac16012b30d656b142fdde064d2fb44da24020c7bd50.e3iSbxaKaheRe34Pbx8Nc3aQci1ynknvrkLOlQzNp65In0 HTTP/1.1" 200 2
66.240.205.34 - - [21/Oct/2023:16:57:36 -0500] "Gh0st\xad" 400 226
201.245.192.253 - - [21/Oct/2023:16:58:09 -0500] "POST /forms/lservlet;jsessionid=ac16012b30d66c604508abbb4d319f23fcb845129ef7.e3iSbxaKaheRe34Pbx8Nc3aQci1ynknvrkLOlQzNp65In0 HTTP/1.1" 200 2
186.29.230.66 - - [21/Oct/2023:16:58:18 -0500] "POST /sipse/faces/presentacion/financiero/solicitudProceso/listarSolicitudProceso.xhtml HTTP/1.1" 200 36509
186.29.230.66 - - [21/Oct/2023:16:58:21 -0500] "POST /sipse/faces/presentacion/financiero/solicitudProceso/listarSolicitudProceso.xhtml HTTP/1.1" 200 36509
186.29.230.66 - - [21/Oct/2023:16:58:22 -0500] "POST /sipse/faces/presentacion/financiero/solicitudProceso/listarSolicitudProceso.xhtml HTTP/1.1" 200 1428
186.29.230.66 - - [21/Oct/2023:16:58:23 -0500] "POST /sipse/faces/presentacion/financiero/solicitudProceso/listarSolicitudProceso.xhtml HTTP/1.1" 200 1428
186.29.230.66 - - [21/Oct/2023:16:58:29 -0500] "GET /sipse/faces/javax.faces.resource/images/ui-icons_898989_256x240.png?ln=primefaces-aristo HTTP/1.1" 304 -
186.29.230.66 - - [21/Oct/2023:16:58:29 -0500] "POST /sipse/faces/presentacion/financiero/solicitudProceso/listarSolicitudProceso.xhtml HTTP/1.1" 200 110261
186.29.230.66 - - [21/Oct/2023:16:58:36 -0500] "GET /sipse/faces/javax.faces.resource/theme.css?ln=primefaces-sipse HTTP/1.1" 304 -
186.29.230.66 - - [21/Oct/2023:16:58:36 -0500] "GET /sipse/faces/javax.faces.resource/primefaces.css?ln=primefaces&v=4.0 HTTP/1.1" 304 -
186.29.230.66 - - [21/Oct/2023:16:58:36 -0500] "GET /sipse/faces/javax.faces.resource/layout/layout.css?ln=primefaces&v=4.0 HTTP/1.1" 304 -
186.29.230.66 - - [21/Oct/2023:16:58:36 -0500] "GET /sipse/faces/javax.faces.resource/jquery/jquery.js?ln=primefaces&v=4.0 HTTP/1.1" 304 -
186.29.230.66 - - [21/Oct/2023:16:58:36 -0500] "GET /sipse/faces/javax.faces.resource/jquery/jquery-plugins.js?ln=primefaces&v=4.0 HTTP/1.1" 304 -
186.29.230.66 - - [21/Oct/2023:16:58:36 -0500] "GET /sipse/faces/javax.faces.resource/primefaces.js?ln=primefaces&v=4.0 HTTP/1.1" 304 -
186.29.230.66 - - [21/Oct/2023:16:58:36 -0500] "GET /sipse/faces/javax.faces.resource/layout/layout.js?ln=primefaces&v=4.0 HTTP/1.1" 304 -
186.29.230.66 - - [21/Oct/2023:16:59:00 -0500] "POST /sipse/faces/presentacion/financiero/solicitudProceso/consultarSolicitudProceso.xhtml HTTP/1.1" 200 36432
186.29.230.66 - - [21/Oct/2023:16:59:02 -0500] "GET /sipse/faces/javax.faces.resource/theme.css?ln=primefaces-sipse HTTP/1.1" 304 -
186.29.230.66 - - [21/Oct/2023:16:59:02 -0500] "GET /sipse/faces/javax.faces.resource/primefaces.css?ln=primefaces&v=4.0 HTTP/1.1" 304 -
186.29.230.66 - - [21/Oct/2023:16:59:02 -0500] "GET /sipse/faces/javax.faces.resource/jquery/jquery.js?ln=primefaces&v=4.0 HTTP/1.1" 304 -
186.29.230.66 - - [21/Oct/2023:16:59:02 -0500] "GET /sipse/faces/javax.faces.resource/layout/layout.css?ln=primefaces&v=4.0 HTTP/1.1" 304 -
186.29.230.66 - - [21/Oct/2023:16:58:54 -0500] "POST /sipse/faces/presentacion/financiero/solicitudProceso/consultarSolicitudProceso.xhtml HTTP/1.1" 200 40647
186.29.230.66 - - [21/Oct/2023:16:59:02 -0500] "GET /sipse/faces/javax.faces.resource/jquery/jquery-plugins.js?ln=primefaces&v=4.0 HTTP/1.1" 304 -
186.29.230.66 - - [21/Oct/2023:16:59:03 -0500] "GET /sipse/faces/javax.faces.resource/primefaces.js?ln=primefaces&v=4.0 HTTP/1.1" 304 -
186.29.230.66 - - [21/Oct/2023:16:59:03 -0500] "GET /sipse/faces/javax.faces.resource/layout/layout.js?ln=primefaces&v=4.0 HTTP/1.1" 304 -
186.29.230.66 - - [21/Oct/2023:16:59:03 -0500] "GET /sipse/faces/javax.faces.resource/theme.css?ln=primefaces-sipse HTTP/1.1" 304 -
186.29.230.66 - - [21/Oct/2023:16:59:03 -0500] "GET /sipse/faces/javax.faces.resource/primefaces.css?ln=primefaces&v=4.0 HTTP/1.1" 304 -
186.29.230.66 - - [21/Oct/2023:16:59:03 -0500] "GET /sipse/faces/javax.faces.resource/layout/layout.css?ln=primefaces&v=4.0 HTTP/1.1" 304 -
186.29.230.66 - - [21/Oct/2023:16:59:03 -0500] "GET /sipse/faces/javax.faces.resource/jquery/jquery.js?ln=primefaces&v=4.0 HTTP/1.1" 304 -
186.29.230.66 - - [21/Oct/2023:16:59:04 -0500] "GET /sipse/faces/javax.faces.resource/jquery/jquery-plugins.js?ln=primefaces&v=4.0 HTTP/1.1" 304 -
186.29.230.66 - - [21/Oct/2023:16:59:04 -0500] "GET /sipse/faces/javax.faces.resource/primefaces.js?ln=primefaces&v=4.0 HTTP/1.1" 304 -
186.29.230.66 - - [21/Oct/2023:16:59:03 -0500] "POST /sipse/faces/presentacion/financiero/solicitudProceso/listarSolicitudProceso.xhtml HTTP/1.1" 200 29814
186.29.230.66 - - [21/Oct/2023:16:59:04 -0500] "GET /sipse/faces/javax.faces.resource/layout/layout.js?ln=primefaces&v=4.0 HTTP/1.1" 304 -
186.29.230.66 - - [21/Oct/2023:16:59:04 -0500] "POST /sipse/faces/presentacion/financiero/solicitudProceso/listarSolicitudProceso.xhtml HTTP/1.1" 200 1408
186.29.230.66 - - [21/Oct/2023:16:59:04 -0500] "POST /sipse/faces/presentacion/financiero/solicitudProceso/listarSolicitudProceso.xhtml HTTP/1.1" 200 29814
201.245.192.253 - - [21/Oct/2023:16:59:06 -0500] "POST /forms/lservlet;jsessionid=ac16012b30d656b142fdde064d2fb44da24020c7bd50.e3iSbxaKaheRe34Pbx8Nc3aQci1ynknvrkLOlQzNp65In0 HTTP/1.1" 200 2
186.29.230.66 - - [21/Oct/2023:16:59:05 -0500] "POST /sipse/faces/presentacion/financiero/solicitudProceso/listarSolicitudProceso.xhtml HTTP/1.1" 200 1388
186.29.230.66 - - [21/Oct/2023:16:59:07 -0500] "POST /sipse/faces/presentacion/financiero/solicitudProceso/listarSolicitudProceso.xhtml HTTP/1.1" 200 121350
186.29.230.66 - - [21/Oct/2023:16:59:19 -0500] "GET /sipse/faces/javax.faces.resource/theme.css?ln=primefaces-sipse HTTP/1.1" 304 -
186.29.230.66 - - [21/Oct/2023:16:59:19 -0500] "GET /sipse/faces/javax.faces.resource/primefaces.css?ln=primefaces&v=4.0 HTTP/1.1" 304 -
186.29.230.66 - - [21/Oct/2023:16:59:19 -0500] "GET /sipse/faces/javax.faces.resource/jquery/jquery.js?ln=primefaces&v=4.0 HTTP/1.1" 304 -
186.29.230.66 - - [21/Oct/2023:16:59:19 -0500] "GET /sipse/faces/javax.faces.resource/layout/layout.css?ln=primefaces&v=4.0 HTTP/1.1" 304 -
186.29.230.66 - - [21/Oct/2023:16:59:20 -0500] "GET /sipse/faces/javax.faces.resource/jquery/jquery-plugins.js?ln=primefaces&v=4.0 HTTP/1.1" 304 -
186.29.230.66 - - [21/Oct/2023:16:59:20 -0500] "GET /sipse/faces/javax.faces.resource/primefaces.js?ln=primefaces&v=4.0 HTTP/1.1" 304 -
186.29.230.66 - - [21/Oct/2023:16:59:20 -0500] "GET /sipse/faces/javax.faces.resource/layout/layout.js?ln=primefaces&v=4.0 HTTP/1.1" 304 -
186.29.230.66 - - [21/Oct/2023:16:59:15 -0500] "POST /sipse/faces/presentacion/financiero/solicitudProceso/listarSolicitudProceso.xhtml HTTP/1.1" 200 1384
186.29.230.66 - - [21/Oct/2023:16:59:22 -0500] "POST /sipse/faces/presentacion/financiero/solicitudProceso/listarSolicitudProceso.xhtml HTTP/1.1" 200 1392
216.245.221.92 - - [21/Oct/2023:16:59:31 -0500] "HEAD / HTTP/1.1" 200 -
186.29.230.66 - - [21/Oct/2023:16:59:40 -0500] "POST /sipse/faces/presentacion/financiero/solicitudProceso/consultarSolicitudProceso.xhtml HTTP/1.1" 200 6140
172.22.2.4 - - [21/Oct/2023:16:58:24 -0500] "HEAD /BLA/boletinlegal/ HTTP/1.1" 200 -
201.245.192.253 - - [21/Oct/2023:17:00:09 -0500] "POST /forms/lservlet;jsessionid=ac16012b30d66c604508abbb4d319f23fcb845129ef7.e3iSbxaKaheRe34Pbx8Nc3aQci1ynknvrkLOlQzNp65In0 HTTP/1.1" 200 2
186.29.230.66 - - [21/Oct/2023:17:00:16 -0500] "POST /sipse/faces/presentacion/financiero/solicitudProceso/listarSolicitudProceso.xhtml HTTP/1.1" 200 46296
201.245.192.253 - - [21/Oct/2023:17:00:32 -0500] "POST /kwsrmcab/Wsrmcab  HTTP/1.1" 200 40804
172.22.2.4 - - [21/Oct/2023:16:59:15 -0500] "GET /BLA/boletinlegal/ HTTP/1.1" 200 58169
201.245.192.253 - - [21/Oct/2023:17:01:06 -0500] "POST /forms/lservlet;jsessionid=ac16012b30d656b142fdde064d2fb44da24020c7bd50.e3iSbxaKaheRe34Pbx8Nc3aQci1ynknvrkLOlQzNp65In0 HTTP/1.1" 200 2
216.244.66.195 - - [21/Oct/2023:17:01:27 -0500] "GET /robots.txt HTTP/1.1" 404 1018
152.203.189.141 - - [21/Oct/2023:17:01:34 -0500] "GET /Publicaciones/2023EE244840.pdf HTTP/1.1" 200 173991
152.203.189.141 - - [21/Oct/2023:17:01:34 -0500] "GET /favicon.ico HTTP/1.1" 200 7782
152.203.189.141 - - [21/Oct/2023:17:01:34 -0500] "GET /Publicaciones/2023EE244840.pdf HTTP/1.1" 206 1025
152.203.189.141 - - [21/Oct/2023:17:01:34 -0500] "GET /Publicaciones/2023EE244840.pdf HTTP/1.1" 200 231512
186.29.230.66 - - [21/Oct/2023:17:01:51 -0500] "POST /sipse/faces/presentacion/financiero/solicitudProceso/consultarSolicitudProceso.xhtml HTTP/1.1" 200 40205
186.29.230.66 - - [21/Oct/2023:17:01:53 -0500] "GET /sipse/faces/javax.faces.resource/theme.css?ln=primefaces-sipse HTTP/1.1" 304 -
186.29.230.66 - - [21/Oct/2023:17:01:53 -0500] "GET /sipse/faces/javax.faces.resource/primefaces.css?ln=primefaces&v=4.0 HTTP/1.1" 304 -
186.29.230.66 - - [21/Oct/2023:17:01:53 -0500] "GET /sipse/faces/javax.faces.resource/layout/layout.css?ln=primefaces&v=4.0 HTTP/1.1" 304 -
186.29.230.66 - - [21/Oct/2023:17:01:53 -0500] "GET /sipse/faces/javax.faces.resource/jquery/jquery.js?ln=primefaces&v=4.0 HTTP/1.1" 304 -
186.29.230.66 - - [21/Oct/2023:17:01:53 -0500] "GET /sipse/faces/javax.faces.resource/jquery/jquery-plugins.js?ln=primefaces&v=4.0 HTTP/1.1" 304 -
186.29.230.66 - - [21/Oct/2023:17:01:53 -0500] "GET /sipse/faces/javax.faces.resource/primefaces.js?ln=primefaces&v=4.0 HTTP/1.1" 304 -
186.29.230.66 - - [21/Oct/2023:17:01:53 -0500] "GET /sipse/faces/javax.faces.resource/layout/layout.js?ln=primefaces&v=4.0 HTTP/1.1" 304 -
186.29.230.66 - - [21/Oct/2023:17:01:53 -0500] "POST /sipse/faces/presentacion/financiero/solicitudProceso/listarSolicitudProceso.xhtml HTTP/1.1" 200 33575
186.29.230.66 - - [21/Oct/2023:17:01:54 -0500] "POST /sipse/faces/presentacion/financiero/solicitudProceso/listarSolicitudProceso.xhtml HTTP/1.1" 200 33575
186.29.230.66 - - [21/Oct/2023:17:01:55 -0500] "POST /sipse/faces/presentacion/financiero/solicitudProceso/listarSolicitudProceso.xhtml HTTP/1.1" 200 33575
186.29.230.66 - - [21/Oct/2023:17:01:56 -0500] "POST /sipse/faces/presentacion/financiero/solicitudProceso/listarSolicitudProceso.xhtml HTTP/1.1" 200 33575
186.29.230.66 - - [21/Oct/2023:17:01:57 -0500] "POST /sipse/faces/presentacion/financiero/solicitudProceso/listarSolicitudProceso.xhtml HTTP/1.1" 200 1408
186.29.230.66 - - [21/Oct/2023:17:01:58 -0500] "POST /sipse/faces/presentacion/financiero/solicitudProceso/listarSolicitudProceso.xhtml HTTP/1.1" 200 1412
186.29.230.66 - - [21/Oct/2023:17:01:58 -0500] "POST /sipse/faces/presentacion/financiero/solicitudProceso/listarSolicitudProceso.xhtml HTTP/1.1" 200 1412
186.29.230.66 - - [21/Oct/2023:17:01:59 -0500] "POST /sipse/faces/presentacion/financiero/solicitudProceso/listarSolicitudProceso.xhtml HTTP/1.1" 200 1412
186.29.230.66 - - [21/Oct/2023:17:02:00 -0500] "POST /sipse/faces/presentacion/financiero/solicitudProceso/listarSolicitudProceso.xhtml HTTP/1.1" 200 1412
186.29.230.66 - - [21/Oct/2023:17:02:03 -0500] "POST /sipse/faces/presentacion/financiero/solicitudProceso/listarSolicitudProceso.xhtml HTTP/1.1" 200 121350
186.29.230.66 - - [21/Oct/2023:17:02:07 -0500] "GET /sipse/faces/javax.faces.resource/primefaces.css?ln=primefaces&v=4.0 HTTP/1.1" 304 -
186.29.230.66 - - [21/Oct/2023:17:02:07 -0500] "GET /sipse/faces/javax.faces.resource/theme.css?ln=primefaces-sipse HTTP/1.1" 304 -
186.29.230.66 - - [21/Oct/2023:17:02:07 -0500] "GET /sipse/faces/javax.faces.resource/layout/layout.css?ln=primefaces&v=4.0 HTTP/1.1" 304 -
186.29.230.66 - - [21/Oct/2023:17:02:07 -0500] "GET /sipse/faces/javax.faces.resource/jquery/jquery.js?ln=primefaces&v=4.0 HTTP/1.1" 304 -
186.29.230.66 - - [21/Oct/2023:17:02:07 -0500] "GET /sipse/faces/javax.faces.resource/jquery/jquery-plugins.js?ln=primefaces&v=4.0 HTTP/1.1" 304 -
186.29.230.66 - - [21/Oct/2023:17:02:07 -0500] "GET /sipse/faces/javax.faces.resource/primefaces.js?ln=primefaces&v=4.0 HTTP/1.1" 304 -
186.29.230.66 - - [21/Oct/2023:17:02:07 -0500] "GET /sipse/faces/javax.faces.resource/layout/layout.js?ln=primefaces&v=4.0 HTTP/1.1" 304 -
201.245.192.253 - - [21/Oct/2023:17:02:09 -0500] "POST /forms/lservlet;jsessionid=ac16012b30d66c604508abbb4d319f23fcb845129ef7.e3iSbxaKaheRe34Pbx8Nc3aQci1ynknvrkLOlQzNp65In0 HTTP/1.1" 200 2
201.245.192.253 - - [21/Oct/2023:17:03:06 -0500] "POST /forms/lservlet;jsessionid=ac16012b30d656b142fdde064d2fb44da24020c7bd50.e3iSbxaKaheRe34Pbx8Nc3aQci1ynknvrkLOlQzNp65In0 HTTP/1.1" 200 2
186.29.230.66 - - [21/Oct/2023:17:03:14 -0500] "POST /sipse/faces/presentacion/financiero/solicitudProceso/listarSolicitudProceso.xhtml HTTP/1.1" 200 45312
172.22.2.4 - - [21/Oct/2023:17:03:18 -0500] "GET /BLA/boletinlegal/admin/ HTTP/1.1" 200 5695
172.22.2.4 - - [21/Oct/2023:17:03:35 -0500] "GET /BLA/boletinlegal/admin/index_files/style.css HTTP/1.1" 200 6223
172.22.2.4 - - [21/Oct/2023:17:03:35 -0500] "GET /BLA/boletinlegal/admin/index_files/header.png HTTP/1.1" 200 240212
172.22.2.4 - - [21/Oct/2023:17:03:35 -0500] "GET /BLA/boletinlegal/images/can.png HTTP/1.1" 200 37574
172.22.2.4 - - [21/Oct/2023:17:03:35 -0500] "GET /BLA/boletinlegal/admin/index_files/3_5.gif HTTP/1.1" 200 1633
172.22.2.4 - - [21/Oct/2023:17:03:35 -0500] "GET /BLA/boletinlegal/admin/index_files/7_1.gif HTTP/1.1" 200 1455
172.22.2.4 - - [21/Oct/2023:17:03:35 -0500] "GET /BLA/boletinlegal/admin/index_files/2_2.gif HTTP/1.1" 200 1728
172.22.2.4 - - [21/Oct/2023:17:03:35 -0500] "GET /BLA/boletinlegal/admin/index_files/7_5.gif HTTP/1.1" 200 1565
172.22.2.4 - - [21/Oct/2023:17:03:35 -0500] "GET /BLA/boletinlegal/admin/index_files/2_4.gif HTTP/1.1" 200 1763
172.22.2.4 - - [21/Oct/2023:17:03:35 -0500] "GET /BLA/boletinlegal/admin/index_files/index_files/tback.gif HTTP/1.1" 404 1362
172.22.2.4 - - [21/Oct/2023:17:03:35 -0500] "GET /BLA/boletinlegal/favicon.ico HTTP/1.1" 404 1320
