201.245.192.253 - - [21/Oct/2023:18:42:10 -0500] "POST /forms/lservlet;jsessionid=ac16012b30d66c604508abbb4d319f23fcb845129ef7.e3iSbxaKaheRe34Pbx8Nc3aQci1ynknvrkLOlQzNp65In0 HTTP/1.1" 200 2
172.22.2.4 - - [21/Oct/2023:18:43:24 -0500] "POST /BLA/boletinlegal/admin/actos/ingresar.php HTTP/1.1" 200 7302
201.245.192.253 - - [21/Oct/2023:18:43:29 -0500] "POST /forms/lservlet;jsessionid=ac16012b30d656b142fdde064d2fb44da24020c7bd50.e3iSbxaKaheRe34Pbx8Nc3aQci1ynknvrkLOlQzNp65In0 HTTP/1.1" 200 2
201.245.192.253 - - [21/Oct/2023:18:44:10 -0500] "POST /forms/lservlet;jsessionid=ac16012b30d66c604508abbb4d319f23fcb845129ef7.e3iSbxaKaheRe34Pbx8Nc3aQci1ynknvrkLOlQzNp65In0 HTTP/1.1" 200 2
216.245.221.92 - - [21/Oct/2023:18:44:31 -0500] "HEAD / HTTP/1.1" 200 -
172.22.2.4 - - [21/Oct/2023:18:43:24 -0500] "HEAD /BLA/boletinlegal/ HTTP/1.1" 200 -
201.245.192.253 - - [21/Oct/2023:18:45:11 -0500] "POST /kwsrmcab/Wsrmcab  HTTP/1.1" 200 40804
201.245.192.253 - - [21/Oct/2023:18:45:29 -0500] "POST /forms/lservlet;jsessionid=ac16012b30d656b142fdde064d2fb44da24020c7bd50.e3iSbxaKaheRe34Pbx8Nc3aQci1ynknvrkLOlQzNp65In0 HTTP/1.1" 200 2
172.22.2.4 - - [21/Oct/2023:18:45:44 -0500] "POST /BLA/boletinlegal/admin/actos/ingresar.php HTTP/1.1" 200 7302
172.22.2.4 - - [21/Oct/2023:18:44:15 -0500] "GET /BLA/boletinlegal/ HTTP/1.1" 200 59033
201.245.192.253 - - [21/Oct/2023:18:46:10 -0500] "POST /forms/lservlet;jsessionid=ac16012b30d66c604508abbb4d319f23fcb845129ef7.e3iSbxaKaheRe34Pbx8Nc3aQci1ynknvrkLOlQzNp65In0 HTTP/1.1" 200 2
201.245.192.253 - - [21/Oct/2023:18:47:29 -0500] "POST /forms/lservlet;jsessionid=ac16012b30d656b142fdde064d2fb44da24020c7bd50.e3iSbxaKaheRe34Pbx8Nc3aQci1ynknvrkLOlQzNp65In0 HTTP/1.1" 200 2
201.245.192.253 - - [21/Oct/2023:18:48:10 -0500] "POST /forms/lservlet;jsessionid=ac16012b30d66c604508abbb4d319f23fcb845129ef7.e3iSbxaKaheRe34Pbx8Nc3aQci1ynknvrkLOlQzNp65In0 HTTP/1.1" 200 2
172.22.2.4 - - [21/Oct/2023:18:48:10 -0500] "POST /BLA/boletinlegal/admin/actos/ingresar.php HTTP/1.1" 200 7302
186.30.102.45 - - [21/Oct/2023:18:48:19 -0500] "GET /sipse/faces/index.xhtml HTTP/1.1" 200 677
186.30.102.45 - - [21/Oct/2023:18:48:19 -0500] "GET /sipse/faces/javax.faces.resource/theme.css?ln=primefaces-sipse HTTP/1.1" 200 50058
186.30.102.45 - - [21/Oct/2023:18:48:20 -0500] "GET /favicon.ico HTTP/1.1" 200 7782
186.30.102.45 - - [21/Oct/2023:18:48:20 -0500] "GET /sipse/faces/faces/autenticacion.xhtml HTTP/1.1" 200 12405
186.30.102.45 - - [21/Oct/2023:18:48:20 -0500] "GET /sipse/css/custom_css_sg.css HTTP/1.1" 200 9694
186.30.102.45 - - [21/Oct/2023:18:48:20 -0500] "GET /sipse/css/custom_css_sg_prime_login.css HTTP/1.1" 200 443
186.30.102.45 - - [21/Oct/2023:18:48:20 -0500] "GET /sipse/js/disable_browser_buttons.js HTTP/1.1" 200 3230
186.30.102.45 - - [21/Oct/2023:18:48:20 -0500] "GET /sipse/faces/javax.faces.resource/theme.css?ln=primefaces-sipse HTTP/1.1" 304 -
186.30.102.45 - - [21/Oct/2023:18:48:20 -0500] "GET /sipse/faces/javax.faces.resource/layout/layout.css?ln=primefaces&v=4.0 HTTP/1.1" 200 542
186.30.102.45 - - [21/Oct/2023:18:48:20 -0500] "GET /sipse/js/funciones.js HTTP/1.1" 200 12592
186.30.102.45 - - [21/Oct/2023:18:48:20 -0500] "GET /sipse/faces/javax.faces.resource/jquery/jquery.js?ln=primefaces&v=4.0 HTTP/1.1" 304 -
186.30.102.45 - - [21/Oct/2023:18:48:20 -0500] "GET /sipse/faces/javax.faces.resource/primefaces.css?ln=primefaces&v=4.0 HTTP/1.1" 200 53295
186.30.102.45 - - [21/Oct/2023:18:48:20 -0500] "GET /sipse/faces/javax.faces.resource/jquery/jquery-plugins.js?ln=primefaces&v=4.0 HTTP/1.1" 304 -
186.30.102.45 - - [21/Oct/2023:18:48:20 -0500] "GET /sipse/faces/javax.faces.resource/primefaces.js?ln=primefaces&v=4.0 HTTP/1.1" 304 -
186.30.102.45 - - [21/Oct/2023:18:48:21 -0500] "GET /sipse/faces/javax.faces.resource/layout/layout.js?ln=primefaces&v=4.0 HTTP/1.1" 304 -
186.30.102.45 - - [21/Oct/2023:18:48:21 -0500] "GET /sipse/faces/javax.faces.resource/images/ui-icons_898989_256x240.png?ln=primefaces-aristo HTTP/1.1" 200 5355
186.30.102.45 - - [21/Oct/2023:18:48:21 -0500] "GET /sipse/css/imagen/logoSDG.png HTTP/1.1" 200 53064
186.30.102.45 - - [21/Oct/2023:18:48:21 -0500] "GET /sipse/css/imagen/loginimg.png HTTP/1.1" 200 71635
186.30.102.45 - - [21/Oct/2023:18:48:23 -0500] "POST /sipse/faces/autenticacion.xhtml HTTP/1.1" 200 12791
186.30.102.45 - - [21/Oct/2023:18:48:23 -0500] "GET /sipse/css/custom_css_sg_prime.css HTTP/1.1" 200 5201
186.30.102.45 - - [21/Oct/2023:18:48:23 -0500] "GET /sipse/faces/javax.faces.resource/jquery/jquery.js?ln=primefaces&v=4.0 HTTP/1.1" 304 -
186.30.102.45 - - [21/Oct/2023:18:48:23 -0500] "GET /sipse/faces/javax.faces.resource/jquery/jquery-plugins.js?ln=primefaces&v=4.0 HTTP/1.1" 304 -
186.30.102.45 - - [21/Oct/2023:18:48:23 -0500] "GET /sipse/faces/javax.faces.resource/primefaces.js?ln=primefaces&v=4.0 HTTP/1.1" 304 -
186.30.102.45 - - [21/Oct/2023:18:48:24 -0500] "GET /sipse/faces/javax.faces.resource/layout/layout.js?ln=primefaces&v=4.0 HTTP/1.1" 304 -
186.30.102.45 - - [21/Oct/2023:18:48:24 -0500] "GET /sipse/faces/javax.faces.resource/messages/messages.png?ln=primefaces&v=4.0 HTTP/1.1" 200 27209
191.89.196.79 - - [21/Oct/2023:18:48:41 -0500] "GET /appsia/controlador HTTP/1.1" 200 4799
191.89.196.79 - - [21/Oct/2023:18:48:42 -0500] "GET /appsia/css/estilos.css HTTP/1.1" 200 4804
191.89.196.79 - - [21/Oct/2023:18:48:42 -0500] "GET /appsia/scripts/validarIngreso.js HTTP/1.1" 200 851
191.89.196.79 - - [21/Oct/2023:18:48:42 -0500] "GET /appsia/images/logo_bogota_p.png HTTP/1.1" 200 14951
191.89.196.79 - - [21/Oct/2023:18:48:42 -0500] "GET /appsia/images/cabezoteHojaVida.png HTTP/1.1" 200 32493
191.89.196.79 - - [21/Oct/2023:18:48:42 -0500] "GET /favicon.ico HTTP/1.1" 200 7782
186.30.102.45 - - [21/Oct/2023:18:48:51 -0500] "POST /sipse/faces/presentacion/sistema/seguridad/seleccionRol.xhtml HTTP/1.1" 200 7225
186.30.102.45 - - [21/Oct/2023:18:48:52 -0500] "POST /sipse/faces/presentacion/sistema/seguridad/seleccionRol.xhtml HTTP/1.1" 200 17576
186.30.102.45 - - [21/Oct/2023:18:48:53 -0500] "GET /sipse/js/jquery.min.js HTTP/1.1" 200 85582
186.30.102.45 - - [21/Oct/2023:18:48:53 -0500] "GET /sipse/faces/javax.faces.resource/jquery/jquery.js?ln=primefaces&v=4.0 HTTP/1.1" 304 -
186.30.102.45 - - [21/Oct/2023:18:48:53 -0500] "GET /sipse/faces/javax.faces.resource/jquery/jquery-plugins.js?ln=primefaces&v=4.0 HTTP/1.1" 304 -
186.30.102.45 - - [21/Oct/2023:18:48:54 -0500] "GET /sipse/faces/javax.faces.resource/primefaces.js?ln=primefaces&v=4.0 HTTP/1.1" 304 -
186.30.102.45 - - [21/Oct/2023:18:48:54 -0500] "GET /sipse/faces/javax.faces.resource/layout/layout.js?ln=primefaces&v=4.0 HTTP/1.1" 304 -
186.30.102.45 - - [21/Oct/2023:18:48:54 -0500] "GET /sipse/css/v_mergente.css HTTP/1.1" 200 1505
186.30.102.45 - - [21/Oct/2023:18:48:54 -0500] "GET /sipse/imagenes/cargando.gif HTTP/1.1" 200 36959
186.30.102.45 - - [21/Oct/2023:18:48:54 -0500] "GET /sipse/css/imagen/contrasena.png HTTP/1.1" 404 383
186.30.102.45 - - [21/Oct/2023:18:48:54 -0500] "GET /sipse/imagenes/logoAplicacion.jpg HTTP/1.1" 200 155084
186.30.102.45 - - [21/Oct/2023:18:48:56 -0500] "GET /sipse/faces/javax.faces.resource/images/ui-bg_flat_0_2d5972_40x100.png?ln=primefaces-aristo HTTP/1.1" 200 183
186.30.102.45 - - [21/Oct/2023:18:48:56 -0500] "POST /sipse/faces/bienvenido.xhtml HTTP/1.1" 200 2055
108.174.5.112 - - [21/Oct/2023:18:48:58 -0500] "GET /acuerdos-de-conservacion-firmados-en-la-reserva-van-der-hammen-empieza-a-dar-frutos.html HTTP/1.1" 206 843
191.89.196.79 - - [21/Oct/2023:18:49:09 -0500] "POST /appsia/controlador HTTP/1.1" 200 3602
191.89.196.79 - - [21/Oct/2023:18:49:10 -0500] "GET /appsia/jscripts/validarSolicitud.js HTTP/1.1" 404 68
201.245.192.253 - - [21/Oct/2023:18:49:29 -0500] "POST /forms/lservlet;jsessionid=ac16012b30d656b142fdde064d2fb44da24020c7bd50.e3iSbxaKaheRe34Pbx8Nc3aQci1ynknvrkLOlQzNp65In0 HTTP/1.1" 200 2
216.245.221.92 - - [21/Oct/2023:18:49:31 -0500] "HEAD / HTTP/1.1" 200 -
186.30.102.45 - - [21/Oct/2023:18:48:58 -0500] "POST /sipse/faces/bienvenido.xhtml HTTP/1.1" 200 81615
186.30.102.45 - - [21/Oct/2023:18:49:54 -0500] "GET /sipse/faces/javax.faces.resource/jquery/jquery.js?ln=primefaces&v=4.0 HTTP/1.1" 304 -
186.30.102.45 - - [21/Oct/2023:18:49:54 -0500] "GET /sipse/faces/javax.faces.resource/jquery/jquery-plugins.js?ln=primefaces&v=4.0 HTTP/1.1" 304 -
186.30.102.45 - - [21/Oct/2023:18:49:54 -0500] "GET /sipse/faces/javax.faces.resource/primefaces.js?ln=primefaces&v=4.0 HTTP/1.1" 304 -
186.30.102.45 - - [21/Oct/2023:18:49:54 -0500] "GET /sipse/faces/javax.faces.resource/layout/layout.js?ln=primefaces&v=4.0 HTTP/1.1" 304 -
52.167.144.142 - - [21/Oct/2023:18:50:01 -0500] "GET /BLA/resoluciones/AUTOS%202023/1317.pdf HTTP/1.1" 200 463974
201.245.192.253 - - [21/Oct/2023:18:50:10 -0500] "POST /forms/lservlet;jsessionid=ac16012b30d66c604508abbb4d319f23fcb845129ef7.e3iSbxaKaheRe34Pbx8Nc3aQci1ynknvrkLOlQzNp65In0 HTTP/1.1" 200 2
172.22.2.4 - - [21/Oct/2023:18:50:11 -0500] "POST /BLA/boletinlegal/admin/actos/ingresar.php HTTP/1.1" 200 7302
201.245.192.253 - - [21/Oct/2023:18:50:10 -0500] "POST /kwsrmcab/Wsrmcab  HTTP/1.1" 200 40804
66.249.66.20 - - [21/Oct/2023:18:50:39 -0500] "GET /BLA/boletinlegal/Directivas/2011/Directiva%20No.%207%20del%2015%20de%20Septiembre%20de%202011.pdf HTTP/1.1" 304 -
172.22.2.4 - - [21/Oct/2023:18:49:14 -0500] "HEAD /BLA/boletinlegal/ HTTP/1.1" 200 -
173.252.107.118 - - [21/Oct/2023:18:51:19 -0500] "GET /images/cuerpos%20de%20agua%20en%20humedales-19-10.jpg HTTP/1.1" 200 73528
31.13.127.17 - - [21/Oct/2023:18:51:23 -0500] "GET /ingresar-a-los-cuerpos-de-agua-de-los-humedales-esta-prohibido-no-arriesgues-tu-vida-por-unos-me-gusta.html HTTP/1.1" 200 894
201.245.192.253 - - [21/Oct/2023:18:51:29 -0500] "POST /forms/lservlet;jsessionid=ac16012b30d656b142fdde064d2fb44da24020c7bd50.e3iSbxaKaheRe34Pbx8Nc3aQci1ynknvrkLOlQzNp65In0 HTTP/1.1" 200 2
173.252.107.119 - - [21/Oct/2023:18:51:32 -0500] "GET /ingresar-a-los-cuerpos-de-agua-de-los-humedales-esta-prohibido-no-arriesgues-tu-vida-por-unos-me-gusta.html HTTP/1.1" 200 894
173.252.107.119 - - [21/Oct/2023:18:51:32 -0500] "GET /ingresar-a-los-cuerpos-de-agua-de-los-humedales-esta-prohibido-no-arriesgues-tu-vida-por-unos-me-gusta.html HTTP/1.1" 200 894
172.22.2.4 - - [21/Oct/2023:18:50:05 -0500] "GET /BLA/boletinlegal/ HTTP/1.1" 200 52546
201.245.192.253 - - [21/Oct/2023:18:52:10 -0500] "POST /forms/lservlet;jsessionid=ac16012b30d66c604508abbb4d319f23fcb845129ef7.e3iSbxaKaheRe34Pbx8Nc3aQci1ynknvrkLOlQzNp65In0 HTTP/1.1" 200 2
172.22.2.4 - - [21/Oct/2023:18:52:49 -0500] "POST /BLA/boletinlegal/admin/actos/ingresar.php HTTP/1.1" 200 7302
201.245.192.253 - - [21/Oct/2023:18:53:29 -0500] "POST /forms/lservlet;jsessionid=ac16012b30d656b142fdde064d2fb44da24020c7bd50.e3iSbxaKaheRe34Pbx8Nc3aQci1ynknvrkLOlQzNp65In0 HTTP/1.1" 200 2
201.245.192.253 - - [21/Oct/2023:18:54:10 -0500] "POST /forms/lservlet;jsessionid=ac16012b30d66c604508abbb4d319f23fcb845129ef7.e3iSbxaKaheRe34Pbx8Nc3aQci1ynknvrkLOlQzNp65In0 HTTP/1.1" 200 2
216.245.221.92 - - [21/Oct/2023:18:54:31 -0500] "HEAD / HTTP/1.1" 200 -
201.245.192.253 - - [21/Oct/2023:18:55:09 -0500] "POST /kwsrmcab/Wsrmcab  HTTP/1.1" 200 40804
172.22.2.4 - - [21/Oct/2023:18:55:12 -0500] "POST /BLA/boletinlegal/admin/actos/ingresar.php HTTP/1.1" 200 7302
201.245.192.253 - - [21/Oct/2023:18:55:29 -0500] "POST /forms/lservlet;jsessionid=ac16012b30d656b142fdde064d2fb44da24020c7bd50.e3iSbxaKaheRe34Pbx8Nc3aQci1ynknvrkLOlQzNp65In0 HTTP/1.1" 200 2
201.245.192.253 - - [21/Oct/2023:18:56:10 -0500] "POST /forms/lservlet;jsessionid=ac16012b30d66c604508abbb4d319f23fcb845129ef7.e3iSbxaKaheRe34Pbx8Nc3aQci1ynknvrkLOlQzNp65In0 HTTP/1.1" 200 2
168.138.105.69 - - [21/Oct/2023:18:56:42 -0500] "GET /galeria/galeria/fotos/Humedal-Vaca3P.jpg HTTP/1.1" 200 38460
172.22.2.4 - - [21/Oct/2023:18:55:04 -0500] "HEAD /BLA/boletinlegal/ HTTP/1.1" 200 -
34.90.139.239 - - [21/Oct/2023:18:57:10 -0500] "GET /caminatas-ecologicas-un-plan-imperdible-para-octubre.html HTTP/1.1" 200 747
172.22.2.4 - - [21/Oct/2023:18:57:27 -0500] "POST /BLA/boletinlegal/admin/actos/ingresar.php HTTP/1.1" 200 7302
201.245.192.253 - - [21/Oct/2023:18:57:29 -0500] "POST /forms/lservlet;jsessionid=ac16012b30d656b142fdde064d2fb44da24020c7bd50.e3iSbxaKaheRe34Pbx8Nc3aQci1ynknvrkLOlQzNp65In0 HTTP/1.1" 200 2
172.22.2.4 - - [21/Oct/2023:18:55:55 -0500] "GET /BLA/boletinlegal/ HTTP/1.1" 200 58169
201.245.192.253 - - [21/Oct/2023:18:58:10 -0500] "POST /forms/lservlet;jsessionid=ac16012b30d66c604508abbb4d319f23fcb845129ef7.e3iSbxaKaheRe34Pbx8Nc3aQci1ynknvrkLOlQzNp65In0 HTTP/1.1" 200 2
191.89.196.79 - - [21/Oct/2023:18:58:36 -0500] "GET /appsia/controlador HTTP/1.1" 200 4799
191.89.196.79 - - [21/Oct/2023:18:59:13 -0500] "POST /appsia/controlador HTTP/1.1" 200 5437
191.89.196.79 - - [21/Oct/2023:18:59:21 -0500] "POST /appsia/controlador HTTP/1.1" 200 7724
191.89.196.79 - - [21/Oct/2023:18:59:22 -0500] "GET /appsia/images/logo_escudo.png HTTP/1.1" 200 36965
201.245.192.253 - - [21/Oct/2023:18:59:29 -0500] "POST /forms/lservlet;jsessionid=ac16012b30d656b142fdde064d2fb44da24020c7bd50.e3iSbxaKaheRe34Pbx8Nc3aQci1ynknvrkLOlQzNp65In0 HTTP/1.1" 200 2
216.245.221.92 - - [21/Oct/2023:18:59:31 -0500] "HEAD / HTTP/1.1" 200 -
173.252.79.2 - - [21/Oct/2023:19:00:02 -0500] "GET /images/Acuerdos%2001%20(1)%20(1).jpeg HTTP/1.1" 200 32884
172.22.2.4 - - [21/Oct/2023:19:00:03 -0500] "POST /BLA/boletinlegal/admin/actos/ingresar.php HTTP/1.1" 200 7302
201.245.192.253 - - [21/Oct/2023:19:00:10 -0500] "POST /forms/lservlet;jsessionid=ac16012b30d66c604508abbb4d319f23fcb845129ef7.e3iSbxaKaheRe34Pbx8Nc3aQci1ynknvrkLOlQzNp65In0 HTTP/1.1" 200 2
201.245.192.253 - - [21/Oct/2023:19:00:08 -0500] "POST /kwsrmcab/Wsrmcab  HTTP/1.1" 200 40804
201.245.192.253 - - [21/Oct/2023:19:01:29 -0500] "POST /forms/lservlet;jsessionid=ac16012b30d656b142fdde064d2fb44da24020c7bd50.e3iSbxaKaheRe34Pbx8Nc3aQci1ynknvrkLOlQzNp65In0 HTTP/1.1" 200 2
201.245.192.253 - - [21/Oct/2023:19:02:10 -0500] "POST /forms/lservlet;jsessionid=ac16012b30d66c604508abbb4d319f23fcb845129ef7.e3iSbxaKaheRe34Pbx8Nc3aQci1ynknvrkLOlQzNp65In0 HTTP/1.1" 200 2
172.22.2.4 - - [21/Oct/2023:19:02:11 -0500] "POST /BLA/boletinlegal/admin/actos/ingresar.php HTTP/1.1" 200 7302
172.22.2.4 - - [21/Oct/2023:19:00:54 -0500] "HEAD /BLA/boletinlegal/ HTTP/1.1" 200 -
172.22.2.4 - - [21/Oct/2023:19:01:45 -0500] "GET /BLA/boletinlegal/ HTTP/1.1" 200 60545
201.245.192.253 - - [21/Oct/2023:19:03:29 -0500] "POST /forms/lservlet;jsessionid=ac16012b30d656b142fdde064d2fb44da24020c7bd50.e3iSbxaKaheRe34Pbx8Nc3aQci1ynknvrkLOlQzNp65In0 HTTP/1.1" 200 2
172.22.2.4 - - [21/Oct/2023:19:04:00 -0500] "POST /BLA/boletinlegal/admin/actos/ingresar.php HTTP/1.1" 200 7302
201.245.192.253 - - [21/Oct/2023:19:04:10 -0500] "POST /forms/lservlet;jsessionid=ac16012b30d66c604508abbb4d319f23fcb845129ef7.e3iSbxaKaheRe34Pbx8Nc3aQci1ynknvrkLOlQzNp65In0 HTTP/1.1" 200 2
216.245.221.92 - - [21/Oct/2023:19:04:31 -0500] "HEAD / HTTP/1.1" 200 -
66.249.66.38 - - [21/Oct/2023:19:04:47 -0500] "GET /distrito-lanza-la-patrulla-cazachimeneas-un-vehiculo-que-hara-seguimiento-a-fuentes-moviles-contaminantes.html HTTP/1.1" 304 -
66.249.66.38 - - [21/Oct/2023:19:04:48 -0500] "GET /secretaria-de-ambiente-suspende-tres-hornos-crematorios-de-bogota-por-contaminacion-del-aire.html HTTP/1.1" 200 927
201.245.192.253 - - [21/Oct/2023:19:05:07 -0500] "POST /kwsrmcab/Wsrmcab  HTTP/1.1" 200 40804
201.245.192.253 - - [21/Oct/2023:19:05:29 -0500] "POST /forms/lservlet;jsessionid=ac16012b30d656b142fdde064d2fb44da24020c7bd50.e3iSbxaKaheRe34Pbx8Nc3aQci1ynknvrkLOlQzNp65In0 HTTP/1.1" 200 2
201.245.192.253 - - [21/Oct/2023:19:06:10 -0500] "POST /forms/lservlet;jsessionid=ac16012b30d66c604508abbb4d319f23fcb845129ef7.e3iSbxaKaheRe34Pbx8Nc3aQci1ynknvrkLOlQzNp65In0 HTTP/1.1" 200 2
172.22.2.4 - - [21/Oct/2023:19:06:25 -0500] "POST /BLA/boletinlegal/admin/actos/ingresar.php HTTP/1.1" 200 7302
172.22.2.4 - - [21/Oct/2023:19:07:21 -0500] "GET /BLA/boletinlegal/robots.txt HTTP/1.1" 404 1037
172.22.2.4 - - [21/Oct/2023:19:07:29 -0500] "GET /BLA/boletinlegal/Circulares/2023/CIRCULAR%20No.%2000005%20DEL%2013%20DE%20JUNIO%20DEL%202023.pdf HTTP/1.1" 304 -
201.245.192.253 - - [21/Oct/2023:19:07:29 -0500] "POST /forms/lservlet;jsessionid=ac16012b30d656b142fdde064d2fb44da24020c7bd50.e3iSbxaKaheRe34Pbx8Nc3aQci1ynknvrkLOlQzNp65In0 HTTP/1.1" 200 2
201.245.192.253 - - [21/Oct/2023:19:08:10 -0500] "POST /forms/lservlet;jsessionid=ac16012b30d66c604508abbb4d319f23fcb845129ef7.e3iSbxaKaheRe34Pbx8Nc3aQci1ynknvrkLOlQzNp65In0 HTTP/1.1" 200 2
172.22.2.4 - - [21/Oct/2023:19:06:44 -0500] "HEAD /BLA/boletinlegal/ HTTP/1.1" 200 -
172.22.2.4 - - [21/Oct/2023:19:07:35 -0500] "GET /BLA/boletinlegal/ HTTP/1.1" 200 58169
201.245.192.253 - - [21/Oct/2023:19:09:29 -0500] "POST /forms/lservlet;jsessionid=ac16012b30d656b142fdde064d2fb44da24020c7bd50.e3iSbxaKaheRe34Pbx8Nc3aQci1ynknvrkLOlQzNp65In0 HTTP/1.1" 200 2
172.22.2.4 - - [21/Oct/2023:19:09:30 -0500] "GET /BLA/boletinlegal/favicon.ico HTTP/1.1" 404 1018
216.245.221.92 - - [21/Oct/2023:19:09:31 -0500] "HEAD / HTTP/1.1" 200 -
172.22.2.4 - - [21/Oct/2023:19:09:15 -0500] "GET /BLA/boletinlegal/ HTTP/1.1" 200 20427
172.22.2.4 - - [21/Oct/2023:19:09:15 -0500] "GET /BLA/boletinlegal/ HTTP/1.1" 200 32715
201.245.192.253 - - [21/Oct/2023:19:10:06 -0500] "POST /kwsrmcab/Wsrmcab  HTTP/1.1" 200 40804
201.245.192.253 - - [21/Oct/2023:19:10:10 -0500] "POST /forms/lservlet;jsessionid=ac16012b30d66c604508abbb4d319f23fcb845129ef7.e3iSbxaKaheRe34Pbx8Nc3aQci1ynknvrkLOlQzNp65In0 HTTP/1.1" 200 2
186.30.102.45 - - [21/Oct/2023:19:10:59 -0500] "POST /sipse/faces/presentacion/proyectos/proyecto/listarProyecto.xhtml HTTP/1.1" 200 4886
186.30.102.45 - - [21/Oct/2023:19:11:00 -0500] "POST /sipse/faces/presentacion/proyectos/proyecto/listarProyecto.xhtml HTTP/1.1" 200 4894
186.30.102.45 - - [21/Oct/2023:19:11:02 -0500] "POST /sipse/faces/presentacion/proyectos/proyecto/listarProyecto.xhtml HTTP/1.1" 200 163
186.30.102.45 - - [21/Oct/2023:19:11:08 -0500] "GET /sipse/faces/presentacion/proyectos/proyecto/proyecto.xhtml HTTP/1.1" 200 88024
186.30.102.45 - - [21/Oct/2023:19:11:14 -0500] "GET /sipse/faces/javax.faces.resource/jquery/jquery.js?ln=primefaces&v=4.0 HTTP/1.1" 304 -
186.30.102.45 - - [21/Oct/2023:19:11:14 -0500] "GET /sipse/faces/javax.faces.resource/jquery/jquery-plugins.js?ln=primefaces&v=4.0 HTTP/1.1" 304 -
186.30.102.45 - - [21/Oct/2023:19:11:14 -0500] "GET /sipse/faces/javax.faces.resource/primefaces.js?ln=primefaces&v=4.0 HTTP/1.1" 304 -
186.30.102.45 - - [21/Oct/2023:19:11:14 -0500] "GET /sipse/faces/javax.faces.resource/layout/layout.js?ln=primefaces&v=4.0 HTTP/1.1" 304 -
186.30.102.45 - - [21/Oct/2023:19:11:14 -0500] "GET /sipse/faces/javax.faces.resource/layout/layout.css?ln=primefaces&v=4.0 HTTP/1.1" 200 542
186.30.102.45 - - [21/Oct/2023:19:11:14 -0500] "GET /sipse/faces/javax.faces.resource/primefaces.css?ln=primefaces&v=4.0 HTTP/1.1" 200 53295
186.30.102.45 - - [21/Oct/2023:19:11:14 -0500] "GET /sipse/faces/javax.faces.resource/theme.css?ln=primefaces-sipse HTTP/1.1" 200 50058
186.30.102.45 - - [21/Oct/2023:19:11:15 -0500] "GET /sipse/faces/javax.faces.resource/images/ui-icons_898989_256x240.png?ln=primefaces-aristo HTTP/1.1" 200 5355
186.30.102.45 - - [21/Oct/2023:19:11:15 -0500] "GET /sipse/faces/javax.faces.resource/images/ui-bg_flat_0_2d5972_40x100.png?ln=primefaces-aristo HTTP/1.1" 200 183
186.30.102.45 - - [21/Oct/2023:19:11:15 -0500] "POST /sipse/faces/presentacion/proyectos/proyecto/proyecto.xhtml HTTP/1.1" 200 3265
201.245.192.253 - - [21/Oct/2023:19:11:29 -0500] "POST /forms/lservlet;jsessionid=ac16012b30d656b142fdde064d2fb44da24020c7bd50.e3iSbxaKaheRe34Pbx8Nc3aQci1ynknvrkLOlQzNp65In0 HTTP/1.1" 200 2
201.245.192.253 - - [21/Oct/2023:19:12:10 -0500] "POST /forms/lservlet;jsessionid=ac16012b30d66c604508abbb4d319f23fcb845129ef7.e3iSbxaKaheRe34Pbx8Nc3aQci1ynknvrkLOlQzNp65In0 HTTP/1.1" 200 2
201.245.192.253 - - [21/Oct/2023:19:13:29 -0500] "POST /forms/lservlet;jsessionid=ac16012b30d656b142fdde064d2fb44da24020c7bd50.e3iSbxaKaheRe34Pbx8Nc3aQci1ynknvrkLOlQzNp65In0 HTTP/1.1" 200 2
186.30.102.45 - - [21/Oct/2023:19:13:26 -0500] "POST /sipse/faces/presentacion/proyectos/proyecto/proyecto.xhtml HTTP/1.1" 200 43628
186.30.102.45 - - [21/Oct/2023:19:13:42 -0500] "GET /sipse/faces/javax.faces.resource/spacer/dot_clear.gif?ln=primefaces&v=4.0 HTTP/1.1" 200 42
186.30.102.45 - - [21/Oct/2023:19:13:42 -0500] "POST /sipse/faces/presentacion/proyectos/proyecto/proyecto.xhtml HTTP/1.1" 200 3944
201.245.192.253 - - [21/Oct/2023:19:14:10 -0500] "POST /forms/lservlet;jsessionid=ac16012b30d66c604508abbb4d319f23fcb845129ef7.e3iSbxaKaheRe34Pbx8Nc3aQci1ynknvrkLOlQzNp65In0 HTTP/1.1" 200 2
172.22.2.4 - - [21/Oct/2023:19:12:35 -0500] "HEAD /BLA/boletinlegal/ HTTP/1.1" 200 -
216.245.221.92 - - [21/Oct/2023:19:14:31 -0500] "HEAD / HTTP/1.1" 200 -
172.22.2.4 - - [21/Oct/2023:19:13:26 -0500] "GET /BLA/boletinlegal/ HTTP/1.1" 200 60545
201.245.192.253 - - [21/Oct/2023:19:15:05 -0500] "POST /kwsrmcab/Wsrmcab  HTTP/1.1" 200 40804
201.245.192.253 - - [21/Oct/2023:19:15:29 -0500] "POST /forms/lservlet;jsessionid=ac16012b30d656b142fdde064d2fb44da24020c7bd50.e3iSbxaKaheRe34Pbx8Nc3aQci1ynknvrkLOlQzNp65In0 HTTP/1.1" 200 2
173.252.79.6 - - [21/Oct/2023:19:16:05 -0500] "GET /images/presentaci\xc3\xb3n%20convenci\xc3\xb3n.jpg HTTP/1.1" 404 1034
201.245.192.253 - - [21/Oct/2023:19:16:10 -0500] "POST /forms/lservlet;jsessionid=ac16012b30d66c604508abbb4d319f23fcb845129ef7.e3iSbxaKaheRe34Pbx8Nc3aQci1ynknvrkLOlQzNp65In0 HTTP/1.1" 200 2
201.245.192.253 - - [21/Oct/2023:19:17:21 -0500] "POST /kwsrmcab/Wsrmcab HTTP/1.1" 200 40886
201.245.192.253 - - [21/Oct/2023:19:17:23 -0500] "POST /kwsrmcab/Wsrmcab HTTP/1.1" 200 41205
201.245.192.253 - - [21/Oct/2023:19:17:29 -0500] "POST /forms/lservlet;jsessionid=ac16012b30d656b142fdde064d2fb44da24020c7bd50.e3iSbxaKaheRe34Pbx8Nc3aQci1ynknvrkLOlQzNp65In0 HTTP/1.1" 200 2
201.245.192.253 - - [21/Oct/2023:19:18:10 -0500] "POST /forms/lservlet;jsessionid=ac16012b30d66c604508abbb4d319f23fcb845129ef7.e3iSbxaKaheRe34Pbx8Nc3aQci1ynknvrkLOlQzNp65In0 HTTP/1.1" 200 2
201.245.192.253 - - [21/Oct/2023:19:19:29 -0500] "POST /forms/lservlet;jsessionid=ac16012b30d656b142fdde064d2fb44da24020c7bd50.e3iSbxaKaheRe34Pbx8Nc3aQci1ynknvrkLOlQzNp65In0 HTTP/1.1" 200 2
216.245.221.92 - - [21/Oct/2023:19:19:31 -0500] "HEAD / HTTP/1.1" 200 -
168.119.252.242 - - [21/Oct/2023:19:19:34 -0500] "GET / HTTP/1.1" 200 4720
168.119.252.242 - - [21/Oct/2023:19:19:36 -0500] "GET / HTTP/1.1" 200 319
31.13.127.4 - - [21/Oct/2023:19:19:52 -0500] "GET /galeria/galeria/jquery.fancybox.js?v=2.1.5 HTTP/1.1" 200 48706
172.22.2.4 - - [21/Oct/2023:19:18:25 -0500] "HEAD /BLA/boletinlegal/ HTTP/1.1" 200 -
201.245.192.253 - - [21/Oct/2023:19:20:04 -0500] "POST /kwsrmcab/Wsrmcab  HTTP/1.1" 200 40804
201.245.192.253 - - [21/Oct/2023:19:20:10 -0500] "POST /forms/lservlet;jsessionid=ac16012b30d66c604508abbb4d319f23fcb845129ef7.e3iSbxaKaheRe34Pbx8Nc3aQci1ynknvrkLOlQzNp65In0 HTTP/1.1" 200 2
201.245.192.253 - - [21/Oct/2023:19:20:21 -0500] "POST /kwsrmcab/Wsrmcab HTTP/1.1" 200 40886
201.245.192.253 - - [21/Oct/2023:19:20:27 -0500] "POST /kwsrmcab/Wsrmcab HTTP/1.1" 200 41205
172.22.2.4 - - [21/Oct/2023:19:20:45 -0500] "GET /BLA/boletinlegal/favicon.ico HTTP/1.1" 404 1018
172.22.2.4 - - [21/Oct/2023:19:19:16 -0500] "GET /BLA/boletinlegal/ HTTP/1.1" 200 47026
172.22.2.4 - - [21/Oct/2023:19:20:58 -0500] "GET /BLA/boletinlegal/robots.txt HTTP/1.1" 404 1018
172.22.2.4 - - [21/Oct/2023:19:21:02 -0500] "GET /BLA/boletinlegal/sitemap.xml HTTP/1.1" 404 1018
172.22.2.4 - - [21/Oct/2023:19:19:49 -0500] "GET /BLA/boletinlegal/ HTTP/1.1" 200 36811
201.245.192.253 - - [21/Oct/2023:19:21:29 -0500] "POST /forms/lservlet;jsessionid=ac16012b30d656b142fdde064d2fb44da24020c7bd50.e3iSbxaKaheRe34Pbx8Nc3aQci1ynknvrkLOlQzNp65In0 HTTP/1.1" 200 2
172.22.2.4 - - [21/Oct/2023:19:21:56 -0500] "GET /BLA/boletinlegal/actos.php HTTP/1.1" 200 9682
172.22.2.4 - - [21/Oct/2023:19:21:56 -0500] "GET /BLA/boletinlegal/styles2.css HTTP/1.1" 200 1838
172.22.2.4 - - [21/Oct/2023:19:21:56 -0500] "GET /BLA/boletinlegal/js/ajax_actos.js HTTP/1.1" 200 1322
172.22.2.4 - - [21/Oct/2023:19:21:56 -0500] "GET /BLA/boletinlegal/niceforms-default.css HTTP/1.1" 200 6694
172.22.2.4 - - [21/Oct/2023:19:21:56 -0500] "GET /BLA/boletinlegal/style.css HTTP/1.1" 200 9406
172.22.2.4 - - [21/Oct/2023:19:21:56 -0500] "GET /BLA/boletinlegal/niceforms.js HTTP/1.1" 200 22876
172.22.2.4 - - [21/Oct/2023:19:21:56 -0500] "GET /BLA/boletinlegal/js/lib.js HTTP/1.1" 200 6474
172.22.2.4 - - [21/Oct/2023:19:21:56 -0500] "GET /BLA/boletinlegal/js/popup.js HTTP/1.1" 200 1270
172.22.2.4 - - [21/Oct/2023:19:21:56 -0500] "GET /BLA/boletinlegal/js/jquery1.js HTTP/1.1" 200 29846
172.22.2.4 - - [21/Oct/2023:19:21:56 -0500] "GET /BLA/boletinlegal/images/cabezote%20BLEGAL.jpg HTTP/1.1" 200 118164
172.22.2.4 - - [21/Oct/2023:19:21:56 -0500] "GET /BLA/boletinlegal/images/subscribe-icon-big.png HTTP/1.1" 200 47702
172.22.2.4 - - [21/Oct/2023:19:21:56 -0500] "GET /BLA/boletinlegal/images/historia.png HTTP/1.1" 200 52775
172.22.2.4 - - [21/Oct/2023:19:21:56 -0500] "GET /BLA/boletinlegal/images/registro-usuarios.png HTTP/1.1" 200 8106
172.22.2.4 - - [21/Oct/2023:19:21:57 -0500] "GET /BLA/boletinlegal/images/green-yellow-blue-pink-th.png HTTP/1.1" 200 7394
172.22.2.4 - - [21/Oct/2023:19:21:57 -0500] "GET /BLA/boletinlegal/images/tel.png HTTP/1.1" 200 14477
172.22.2.4 - - [21/Oct/2023:19:21:57 -0500] "GET /BLA/boletinlegal/images/icono-email.png HTTP/1.1" 200 5544
172.22.2.4 - - [21/Oct/2023:19:21:57 -0500] "GET /BLA/boletinlegal/images/body_bg.jpg HTTP/1.1" 200 1601
172.22.2.4 - - [21/Oct/2023:19:21:57 -0500] "GET /BLA/boletinlegal/images/menu_lft.gif HTTP/1.1" 200 1713
172.22.2.4 - - [21/Oct/2023:19:21:57 -0500] "GET /BLA/boletinlegal/images/menu_rght.gif HTTP/1.1" 200 1627
172.22.2.4 - - [21/Oct/2023:19:21:57 -0500] "GET /BLA/boletinlegal/images/bg_top.jpg HTTP/1.1" 200 522
172.22.2.4 - - [21/Oct/2023:19:21:57 -0500] "GET /BLA/boletinlegal/images/menu_bg.jpg HTTP/1.1" 200 620
172.22.2.4 - - [21/Oct/2023:19:21:57 -0500] "GET /BLA/boletinlegal/images/hover.jpg HTTP/1.1" 200 640
172.22.2.4 - - [21/Oct/2023:19:21:57 -0500] "GET /BLA/boletinlegal/images/text.jpg HTTP/1.1" 200 568
172.22.2.4 - - [21/Oct/2023:19:21:57 -0500] "GET /BLA/boletinlegal/images/footer_bg.jpg HTTP/1.1" 200 586
172.22.2.4 - - [21/Oct/2023:19:21:57 -0500] "GET /BLA/boletinlegal/images/footer_bg_l.jpg HTTP/1.1" 200 776
172.22.2.4 - - [21/Oct/2023:19:21:57 -0500] "GET /BLA/boletinlegal/img/0.png HTTP/1.1" 200 110
172.22.2.4 - - [21/Oct/2023:19:21:57 -0500] "GET /BLA/boletinlegal/img/select-left.png HTTP/1.1" 200 263
172.22.2.4 - - [21/Oct/2023:19:21:57 -0500] "GET /BLA/boletinlegal/img/select-right.png HTTP/1.1" 200 44019
172.22.2.4 - - [21/Oct/2023:19:21:57 -0500] "GET /BLA/boletinlegal/img/button-left.png HTTP/1.1" 200 57071
172.22.2.4 - - [21/Oct/2023:19:21:57 -0500] "GET /BLA/boletinlegal/img/button.png HTTP/1.1" 200 43241
172.22.2.4 - - [21/Oct/2023:19:21:57 -0500] "GET /BLA/boletinlegal/img/button-right.png HTTP/1.1" 200 57878
172.22.2.4 - - [21/Oct/2023:19:21:57 -0500] "GET /BLA/boletinlegal/favicon.ico HTTP/1.1" 404 1326
172.22.2.4 - - [21/Oct/2023:19:22:08 -0500] "GET /BLA/boletinlegal/consulta_actos.php?tipo=resoluciones&no=0140&usuario=&sector=&fecha=2023&resuelve= HTTP/1.1" 200 626
201.245.192.253 - - [21/Oct/2023:19:22:10 -0500] "POST /forms/lservlet;jsessionid=ac16012b30d66c604508abbb4d319f23fcb845129ef7.e3iSbxaKaheRe34Pbx8Nc3aQci1ynknvrkLOlQzNp65In0 HTTP/1.1" 200 2
172.22.2.4 - - [21/Oct/2023:19:22:15 -0500] "GET /BLA/boletinlegal/consulta_actos.php?tipo=resoluciones&no=140&usuario=&sector=&fecha=2023&resuelve= HTTP/1.1" 200 1593
172.22.2.4 - - [21/Oct/2023:19:22:16 -0500] "GET /BLA/boletinlegal/images/pdf.gif HTTP/1.1" 200 567
172.22.2.4 - - [21/Oct/2023:19:22:16 -0500] "GET /BLA/boletinlegal/images/background.gif HTTP/1.1" 200 -
172.22.2.4 - - [21/Oct/2023:19:22:16 -0500] "GET /BLA/boletinlegal/consulta_actos.php?tipo=resoluciones&no=0140&usuario=&sector=&fecha=2023&resuelve= HTTP/1.1" 200 626
172.22.2.4 - - [21/Oct/2023:19:22:17 -0500] "GET /BLA/boletinlegal/consulta_actos.php?tipo=resoluciones&no=0140&usuario=&sector=&fecha=2023&resuelve= HTTP/1.1" 200 626
172.22.2.4 - - [21/Oct/2023:19:22:23 -0500] "GET /BLA/boletinlegal/consulta_actos.php?tipo=resoluciones&no=0140&usuario=&sector=&fecha=2023&resuelve= HTTP/1.1" 200 626
172.22.2.4 - - [21/Oct/2023:19:22:36 -0500] "GET /BLA/boletinlegal/consulta_actos.php?tipo=resoluciones&no=0140&usuario=&sector=&fecha=2023&resuelve= HTTP/1.1" 200 626
172.22.2.4 - - [21/Oct/2023:19:22:42 -0500] "GET /BLA/boletinlegal/consulta_actos.php?tipo=autos&no=0140&usuario=&sector=&fecha=2023&resuelve= HTTP/1.1" 200 626
172.22.2.4 - - [21/Oct/2023:19:22:49 -0500] "GET /BLA/boletinlegal/consulta_actos.php?tipo=autos&no=0140&usuario=&sector=&fecha=2023&resuelve= HTTP/1.1" 200 626
157.55.39.15 - - [21/Oct/2023:19:22:49 -0500] "GET /bla/resoluciones/notificaciones/registros%202017/0953.pdf HTTP/1.1" 200 267670
172.22.2.4 - - [21/Oct/2023:19:23:13 -0500] "GET /BLA/boletinlegal/consulta_actos.php?tipo=resoluciones&no=0140&usuario=&sector=&fecha=2023&resuelve= HTTP/1.1" 200 626
201.245.192.253 - - [21/Oct/2023:19:23:29 -0500] "POST /forms/lservlet;jsessionid=ac16012b30d656b142fdde064d2fb44da24020c7bd50.e3iSbxaKaheRe34Pbx8Nc3aQci1ynknvrkLOlQzNp65In0 HTTP/1.1" 200 2
40.77.167.2 - - [21/Oct/2023:19:23:52 -0500] "GET /Publicaciones/2023EE213441.pdf HTTP/1.1" 404 228
201.245.192.253 - - [21/Oct/2023:19:24:10 -0500] "POST /forms/lservlet;jsessionid=ac16012b30d66c604508abbb4d319f23fcb845129ef7.e3iSbxaKaheRe34Pbx8Nc3aQci1ynknvrkLOlQzNp65In0 HTTP/1.1" 200 2
216.245.221.92 - - [21/Oct/2023:19:24:31 -0500] "HEAD / HTTP/1.1" 200 -
201.245.192.253 - - [21/Oct/2023:19:25:03 -0500] "POST /kwsrmcab/Wsrmcab  HTTP/1.1" 200 40804
201.245.192.253 - - [21/Oct/2023:19:25:29 -0500] "POST /forms/lservlet;jsessionid=ac16012b30d656b142fdde064d2fb44da24020c7bd50.e3iSbxaKaheRe34Pbx8Nc3aQci1ynknvrkLOlQzNp65In0 HTTP/1.1" 200 2
172.22.2.4 - - [21/Oct/2023:19:25:39 -0500] "GET /BLA/boletinlegal/consulta_actos.php?tipo=resoluciones&no=0139&usuario=&sector=&fecha=2023&resuelve= HTTP/1.1" 200 626
172.22.2.4 - - [21/Oct/2023:19:25:49 -0500] "GET /BLA/boletinlegal/consulta_actos.php?tipo=resoluciones&no=0139&usuario=&sector=&fecha=2022&resuelve= HTTP/1.1" 200 1101
66.220.149.117 - - [21/Oct/2023:19:25:51 -0500] "GET /ingresar-a-los-cuerpos-de-agua-de-los-humedales-esta-prohibido-no-arriesgues-tu-vida-por-unos-me-gusta.html HTTP/1.1" 200 894
66.220.149.19 - - [21/Oct/2023:19:25:51 -0500] "GET /ingresar-a-los-cuerpos-de-agua-de-los-humedales-esta-prohibido-no-arriesgues-tu-vida-por-unos-me-gusta.html HTTP/1.1" 200 894
172.22.2.4 - - [21/Oct/2023:19:24:15 -0500] "HEAD /BLA/boletinlegal/ HTTP/1.1" 200 -
172.22.2.4 - - [21/Oct/2023:19:25:57 -0500] "GET /BLA/boletinlegal/consulta_actos.php?tipo=resoluciones&no=0139&usuario=&sector=&fecha=2023&resuelve= HTTP/1.1" 200 626
201.245.192.253 - - [21/Oct/2023:19:26:10 -0500] "POST /forms/lservlet;jsessionid=ac16012b30d66c604508abbb4d319f23fcb845129ef7.e3iSbxaKaheRe34Pbx8Nc3aQci1ynknvrkLOlQzNp65In0 HTTP/1.1" 200 2
172.22.2.4 - - [21/Oct/2023:19:25:06 -0500] "GET /BLA/boletinlegal/ HTTP/1.1" 200 57816
173.252.83.4 - - [21/Oct/2023:19:27:04 -0500] "GET /images/Red%20de%20Monitoreo%20de%20Calidad%20del%20Aire.jpg HTTP/1.1" 200 51986
201.245.192.253 - - [21/Oct/2023:19:27:21 -0500] "POST /kwsrmcab/Wsrmcab HTTP/1.1" 200 40886
201.245.192.253 - - [21/Oct/2023:19:27:24 -0500] "POST /kwsrmcab/Wsrmcab HTTP/1.1" 200 41205
201.245.192.253 - - [21/Oct/2023:19:27:29 -0500] "POST /forms/lservlet;jsessionid=ac16012b30d656b142fdde064d2fb44da24020c7bd50.e3iSbxaKaheRe34Pbx8Nc3aQci1ynknvrkLOlQzNp65In0 HTTP/1.1" 200 2
201.245.192.253 - - [21/Oct/2023:19:28:10 -0500] "POST /forms/lservlet;jsessionid=ac16012b30d66c604508abbb4d319f23fcb845129ef7.e3iSbxaKaheRe34Pbx8Nc3aQci1ynknvrkLOlQzNp65In0 HTTP/1.1" 200 2
172.22.2.4 - - [21/Oct/2023:19:29:21 -0500] "GET /BLA/boletinlegal/consulta_actos.php?tipo=autos&no=0163&usuario=&sector=&fecha=2023&resuelve= HTTP/1.1" 200 1094
201.245.192.253 - - [21/Oct/2023:19:29:29 -0500] "POST /forms/lservlet;jsessionid=ac16012b30d656b142fdde064d2fb44da24020c7bd50.e3iSbxaKaheRe34Pbx8Nc3aQci1ynknvrkLOlQzNp65In0 HTTP/1.1" 200 2
216.245.221.92 - - [21/Oct/2023:19:29:31 -0500] "HEAD / HTTP/1.1" 200 -
172.22.2.4 - - [21/Oct/2023:19:29:52 -0500] "GET /BLA/boletinlegal/jurisprudencia/analisis/CUADRO%20SENTENCIA%20T-299%20DE%202008.doc HTTP/1.1" 304 -
201.245.192.253 - - [21/Oct/2023:19:30:02 -0500] "POST /kwsrmcab/Wsrmcab  HTTP/1.1" 200 40804
201.245.192.253 - - [21/Oct/2023:19:30:10 -0500] "POST /forms/lservlet;jsessionid=ac16012b30d66c604508abbb4d319f23fcb845129ef7.e3iSbxaKaheRe34Pbx8Nc3aQci1ynknvrkLOlQzNp65In0 HTTP/1.1" 200 2
201.245.192.253 - - [21/Oct/2023:19:30:22 -0500] "POST /kwsrmcab/Wsrmcab HTTP/1.1" 200 40886
201.245.192.253 - - [21/Oct/2023:19:30:25 -0500] "POST /kwsrmcab/Wsrmcab HTTP/1.1" 200 41205
201.245.192.253 - - [21/Oct/2023:19:31:29 -0500] "POST /forms/lservlet;jsessionid=ac16012b30d656b142fdde064d2fb44da24020c7bd50.e3iSbxaKaheRe34Pbx8Nc3aQci1ynknvrkLOlQzNp65In0 HTTP/1.1" 200 2
172.22.2.4 - - [21/Oct/2023:19:30:05 -0500] "HEAD /BLA/boletinlegal/ HTTP/1.1" 200 -
40.77.167.126 - - [21/Oct/2023:19:32:05 -0500] "GET /BLA/resoluciones/RESOLUCIONES%202005/00001098.tif HTTP/1.1" 200 97672
201.245.192.253 - - [21/Oct/2023:19:32:10 -0500] "POST /forms/lservlet;jsessionid=ac16012b30d66c604508abbb4d319f23fcb845129ef7.e3iSbxaKaheRe34Pbx8Nc3aQci1ynknvrkLOlQzNp65In0 HTTP/1.1" 200 2
172.22.2.4 - - [21/Oct/2023:19:30:56 -0500] "GET /BLA/boletinlegal/ HTTP/1.1" 200 58169
201.245.192.253 - - [21/Oct/2023:19:33:29 -0500] "POST /forms/lservlet;jsessionid=ac16012b30d656b142fdde064d2fb44da24020c7bd50.e3iSbxaKaheRe34Pbx8Nc3aQci1ynknvrkLOlQzNp65In0 HTTP/1.1" 200 2
201.245.192.253 - - [21/Oct/2023:19:34:10 -0500] "POST /forms/lservlet;jsessionid=ac16012b30d66c604508abbb4d319f23fcb845129ef7.e3iSbxaKaheRe34Pbx8Nc3aQci1ynknvrkLOlQzNp65In0 HTTP/1.1" 200 2
40.77.167.19 - - [21/Oct/2023:19:34:20 -0500] "GET /BLA/resoluciones/RESOLUCIONES%202017/1710.pdf HTTP/1.1" 200 442014
216.245.221.92 - - [21/Oct/2023:19:34:31 -0500] "HEAD / HTTP/1.1" 200 -
201.245.192.253 - - [21/Oct/2023:19:35:01 -0500] "POST /kwsrmcab/Wsrmcab  HTTP/1.1" 200 40804
201.245.192.253 - - [21/Oct/2023:19:35:29 -0500] "POST /forms/lservlet;jsessionid=ac16012b30d656b142fdde064d2fb44da24020c7bd50.e3iSbxaKaheRe34Pbx8Nc3aQci1ynknvrkLOlQzNp65In0 HTTP/1.1" 200 2
172.22.2.4 - - [21/Oct/2023:19:33:54 -0500] "GET /BLA/boletinlegal/ HTTP/1.1" 200 62768
201.245.192.253 - - [21/Oct/2023:19:36:10 -0500] "POST /forms/lservlet;jsessionid=ac16012b30d66c604508abbb4d319f23fcb845129ef7.e3iSbxaKaheRe34Pbx8Nc3aQci1ynknvrkLOlQzNp65In0 HTTP/1.1" 200 2
201.245.192.253 - - [21/Oct/2023:19:37:21 -0500] "POST /kwsrmcab/Wsrmcab HTTP/1.1" 200 40886
201.245.192.253 - - [21/Oct/2023:19:37:24 -0500] "POST /kwsrmcab/Wsrmcab HTTP/1.1" 200 41205
201.245.192.253 - - [21/Oct/2023:19:37:29 -0500] "POST /forms/lservlet;jsessionid=ac16012b30d656b142fdde064d2fb44da24020c7bd50.e3iSbxaKaheRe34Pbx8Nc3aQci1ynknvrkLOlQzNp65In0 HTTP/1.1" 200 2
172.22.2.4 - - [21/Oct/2023:19:35:55 -0500] "HEAD /BLA/boletinlegal/ HTTP/1.1" 200 -
186.30.102.45 - - [21/Oct/2023:19:37:34 -0500] "POST /sipse/faces/presentacion/proyectos/proyecto/proyecto.xhtml HTTP/1.1" 200 185149
186.30.102.45 - - [21/Oct/2023:19:37:45 -0500] "GET /sipse/faces/javax.faces.resource/jquery/jquery.js?ln=primefaces&v=4.0 HTTP/1.1" 304 -
186.30.102.45 - - [21/Oct/2023:19:37:45 -0500] "GET /sipse/faces/javax.faces.resource/jquery/jquery-plugins.js?ln=primefaces&v=4.0 HTTP/1.1" 304 -
186.30.102.45 - - [21/Oct/2023:19:37:45 -0500] "GET /sipse/faces/javax.faces.resource/primefaces.js?ln=primefaces&v=4.0 HTTP/1.1" 304 -
186.30.102.45 - - [21/Oct/2023:19:37:45 -0500] "GET /sipse/faces/javax.faces.resource/layout/layout.js?ln=primefaces&v=4.0 HTTP/1.1" 304 -
172.22.2.4 - - [21/Oct/2023:19:37:58 -0500] "GET /BLA/boletinlegal/Circulares/2019/.pdf HTTP/1.1" 404 1218
172.22.2.4 - - [21/Oct/2023:19:38:08 -0500] "GET /BLA/boletinlegal/Circulares/2012/Circular%20No.%2010%20del%2026%20de%20Enero%20de%202012.pdf HTTP/1.1" 404 1218
201.245.192.253 - - [21/Oct/2023:19:38:10 -0500] "POST /forms/lservlet;jsessionid=ac16012b30d66c604508abbb4d319f23fcb845129ef7.e3iSbxaKaheRe34Pbx8Nc3aQci1ynknvrkLOlQzNp65In0 HTTP/1.1" 200 2
172.22.2.4 - - [21/Oct/2023:19:36:46 -0500] "GET /BLA/boletinlegal/ HTTP/1.1" 200 57103
186.30.102.45 - - [21/Oct/2023:19:38:23 -0500] "POST /sipse/faces/presentacion/proyectos/proyecto/actividad/crearActividad.xhtml HTTP/1.1" 200 89328
186.30.102.45 - - [21/Oct/2023:19:38:42 -0500] "GET /sipse/faces/javax.faces.resource/jquery/jquery.js?ln=primefaces&v=4.0 HTTP/1.1" 304 -
186.30.102.45 - - [21/Oct/2023:19:38:42 -0500] "GET /sipse/faces/javax.faces.resource/jquery/jquery-plugins.js?ln=primefaces&v=4.0 HTTP/1.1" 304 -
186.30.102.45 - - [21/Oct/2023:19:38:42 -0500] "GET /sipse/faces/javax.faces.resource/primefaces.js?ln=primefaces&v=4.0 HTTP/1.1" 304 -
186.30.102.45 - - [21/Oct/2023:19:38:42 -0500] "GET /sipse/faces/javax.faces.resource/layout/layout.js?ln=primefaces&v=4.0 HTTP/1.1" 304 -
186.30.102.45 - - [21/Oct/2023:19:38:42 -0500] "POST /sipse/faces/presentacion/proyectos/proyecto/proyecto.xhtml HTTP/1.1" 200 3824
186.30.102.45 - - [21/Oct/2023:19:38:51 -0500] "POST /sipse/faces/presentacion/proyectos/proyecto/proyecto.xhtml HTTP/1.1" 200 3824
186.30.102.45 - - [21/Oct/2023:19:39:06 -0500] "POST /sipse/faces/presentacion/proyectos/proyecto/proyecto.xhtml HTTP/1.1" 200 64561
201.245.192.253 - - [21/Oct/2023:19:39:29 -0500] "POST /forms/lservlet;jsessionid=ac16012b30d656b142fdde064d2fb44da24020c7bd50.e3iSbxaKaheRe34Pbx8Nc3aQci1ynknvrkLOlQzNp65In0 HTTP/1.1" 200 2
216.245.221.92 - - [21/Oct/2023:19:39:31 -0500] "HEAD / HTTP/1.1" 200 -
186.30.102.45 - - [21/Oct/2023:19:39:42 -0500] "POST /sipse/faces/presentacion/proyectos/proyecto/proyecto.xhtml HTTP/1.1" 200 23105
201.245.192.253 - - [21/Oct/2023:19:40:00 -0500] "POST /kwsrmcab/Wsrmcab  HTTP/1.1" 200 40804
201.245.192.253 - - [21/Oct/2023:19:40:10 -0500] "POST /forms/lservlet;jsessionid=ac16012b30d66c604508abbb4d319f23fcb845129ef7.e3iSbxaKaheRe34Pbx8Nc3aQci1ynknvrkLOlQzNp65In0 HTTP/1.1" 200 2
186.30.102.45 - - [21/Oct/2023:19:39:57 -0500] "POST /sipse/faces/presentacion/proyectos/proyecto/proyecto.xhtml HTTP/1.1" 200 135752
186.30.102.45 - - [21/Oct/2023:19:40:11 -0500] "GET /sipse/faces/javax.faces.resource/jquery/jquery.js?ln=primefaces&v=4.0 HTTP/1.1" 304 -
186.30.102.45 - - [21/Oct/2023:19:40:11 -0500] "GET /sipse/faces/javax.faces.resource/jquery/jquery-plugins.js?ln=primefaces&v=4.0 HTTP/1.1" 304 -
186.30.102.45 - - [21/Oct/2023:19:40:11 -0500] "GET /sipse/faces/javax.faces.resource/primefaces.js?ln=primefaces&v=4.0 HTTP/1.1" 304 -
186.30.102.45 - - [21/Oct/2023:19:40:11 -0500] "GET /sipse/faces/javax.faces.resource/layout/layout.js?ln=primefaces&v=4.0 HTTP/1.1" 304 -
201.245.192.253 - - [21/Oct/2023:19:40:22 -0500] "POST /kwsrmcab/Wsrmcab HTTP/1.1" 200 40886
186.30.102.45 - - [21/Oct/2023:19:40:18 -0500] "POST /sipse/faces/presentacion/proyectos/proyecto/meta/meta.xhtml HTTP/1.1" 200 182730
186.30.102.45 - - [21/Oct/2023:19:40:25 -0500] "GET /sipse/faces/javax.faces.resource/jquery/jquery.js?ln=primefaces&v=4.0 HTTP/1.1" 304 -
186.30.102.45 - - [21/Oct/2023:19:40:25 -0500] "GET /sipse/faces/javax.faces.resource/jquery/jquery-plugins.js?ln=primefaces&v=4.0 HTTP/1.1" 304 -
186.30.102.45 - - [21/Oct/2023:19:40:25 -0500] "GET /sipse/faces/javax.faces.resource/primefaces.js?ln=primefaces&v=4.0 HTTP/1.1" 304 -
186.30.102.45 - - [21/Oct/2023:19:40:25 -0500] "GET /sipse/faces/javax.faces.resource/layout/layout.js?ln=primefaces&v=4.0 HTTP/1.1" 304 -
201.245.192.253 - - [21/Oct/2023:19:40:25 -0500] "POST /kwsrmcab/Wsrmcab HTTP/1.1" 200 41205
186.30.102.45 - - [21/Oct/2023:19:40:57 -0500] "POST /sipse/faces/presentacion/proyectos/proyecto/actividad/crearActividad.xhtml HTTP/1.1" 200 2540
186.30.102.45 - - [21/Oct/2023:19:41:02 -0500] "POST /sipse/faces/presentacion/proyectos/proyecto/actividad/crearActividad.xhtml HTTP/1.1" 200 2564
52.167.144.140 - - [21/Oct/2023:19:41:13 -0500] "GET /BLA/resoluciones/AUTOS%202023/3764.pdf HTTP/1.1" 304 -
186.30.102.45 - - [21/Oct/2023:19:41:13 -0500] "POST /sipse/faces/presentacion/proyectos/proyecto/actividad/crearActividad.xhtml HTTP/1.1" 200 2568
201.245.192.253 - - [21/Oct/2023:19:41:29 -0500] "POST /forms/lservlet;jsessionid=ac16012b30d656b142fdde064d2fb44da24020c7bd50.e3iSbxaKaheRe34Pbx8Nc3aQci1ynknvrkLOlQzNp65In0 HTTP/1.1" 200 2
186.30.102.45 - - [21/Oct/2023:19:41:57 -0500] "POST /sipse/faces/presentacion/proyectos/proyecto/actividad/crearActividad.xhtml HTTP/1.1" 200 2580
186.30.102.45 - - [21/Oct/2023:19:42:03 -0500] "POST /sipse/faces/presentacion/proyectos/proyecto/actividad/crearActividad.xhtml HTTP/1.1" 200 2588
31.13.103.8 - - [21/Oct/2023:19:42:04 -0500] "GET /images/cuerpos%20de%20agua%20en%20humedales-19-10.jpg HTTP/1.1" 200 73528
201.245.192.253 - - [21/Oct/2023:19:42:10 -0500] "POST /forms/lservlet;jsessionid=ac16012b30d66c604508abbb4d319f23fcb845129ef7.e3iSbxaKaheRe34Pbx8Nc3aQci1ynknvrkLOlQzNp65In0 HTTP/1.1" 200 2
186.30.102.45 - - [21/Oct/2023:19:42:22 -0500] "POST /sipse/faces/presentacion/proyectos/proyecto/actividad/crearActividad.xhtml HTTP/1.1" 200 2596
186.30.102.45 - - [21/Oct/2023:19:42:32 -0500] "POST /sipse/faces/presentacion/proyectos/proyecto/actividad/crearActividad.xhtml HTTP/1.1" 200 7291
186.30.102.45 - - [21/Oct/2023:19:42:34 -0500] "POST /sipse/faces/presentacion/proyectos/proyecto/actividad/crearActividad.xhtml HTTP/1.1" 200 7302
186.30.102.45 - - [21/Oct/2023:19:42:36 -0500] "POST /sipse/faces/presentacion/proyectos/proyecto/actividad/crearActividad.xhtml HTTP/1.1" 200 7318
186.30.102.45 - - [21/Oct/2023:19:42:43 -0500] "POST /sipse/faces/presentacion/proyectos/proyecto/actividad/crearActividad.xhtml HTTP/1.1" 200 26264
186.30.102.45 - - [21/Oct/2023:19:42:47 -0500] "GET /sipse/faces/javax.faces.resource/jquery/jquery.js?ln=primefaces&v=4.0 HTTP/1.1" 304 -
186.30.102.45 - - [21/Oct/2023:19:42:47 -0500] "GET /sipse/faces/javax.faces.resource/jquery/jquery-plugins.js?ln=primefaces&v=4.0 HTTP/1.1" 304 -
186.30.102.45 - - [21/Oct/2023:19:42:47 -0500] "GET /sipse/faces/javax.faces.resource/primefaces.js?ln=primefaces&v=4.0 HTTP/1.1" 304 -
186.30.102.45 - - [21/Oct/2023:19:42:47 -0500] "GET /sipse/faces/javax.faces.resource/layout/layout.js?ln=primefaces&v=4.0 HTTP/1.1" 304 -
186.30.102.45 - - [21/Oct/2023:19:42:53 -0500] "POST /sipse/faces/presentacion/proyectos/proyecto/actividad/ponderacionVertical.xhtml HTTP/1.1" 200 7299
186.30.102.45 - - [21/Oct/2023:19:43:05 -0500] "POST /sipse/faces/presentacion/proyectos/proyecto/actividad/ponderacionVertical.xhtml HTTP/1.1" 200 7300
186.30.102.45 - - [21/Oct/2023:19:43:13 -0500] "POST /sipse/faces/presentacion/proyectos/proyecto/actividad/ponderacionVertical.xhtml HTTP/1.1" 200 7250
186.30.102.45 - - [21/Oct/2023:19:43:21 -0500] "POST /sipse/faces/presentacion/proyectos/proyecto/actividad/ponderacionVertical.xhtml HTTP/1.1" 200 7251
172.22.2.4 - - [21/Oct/2023:19:41:45 -0500] "HEAD /BLA/boletinlegal/ HTTP/1.1" 200 -
201.245.192.253 - - [21/Oct/2023:19:43:29 -0500] "POST /forms/lservlet;jsessionid=ac16012b30d656b142fdde064d2fb44da24020c7bd50.e3iSbxaKaheRe34Pbx8Nc3aQci1ynknvrkLOlQzNp65In0 HTTP/1.1" 200 2
186.30.102.45 - - [21/Oct/2023:19:43:24 -0500] "POST /sipse/faces/presentacion/proyectos/proyecto/actividad/ponderacionVertical.xhtml HTTP/1.1" 200 188347
186.30.102.45 - - [21/Oct/2023:19:43:30 -0500] "GET /sipse/faces/javax.faces.resource/theme.css?ln=primefaces-sipse HTTP/1.1" 304 -
186.30.102.45 - - [21/Oct/2023:19:43:30 -0500] "GET /sipse/faces/javax.faces.resource/jquery/jquery.js?ln=primefaces&v=4.0 HTTP/1.1" 304 -
186.30.102.45 - - [21/Oct/2023:19:43:30 -0500] "GET /sipse/faces/javax.faces.resource/jquery/jquery-plugins.js?ln=primefaces&v=4.0 HTTP/1.1" 304 -
186.30.102.45 - - [21/Oct/2023:19:43:30 -0500] "GET /sipse/faces/javax.faces.resource/layout/layout.css?ln=primefaces&v=4.0 HTTP/1.1" 304 -
186.30.102.45 - - [21/Oct/2023:19:43:30 -0500] "GET /sipse/faces/javax.faces.resource/primefaces.css?ln=primefaces&v=4.0 HTTP/1.1" 304 -
186.30.102.45 - - [21/Oct/2023:19:43:30 -0500] "GET /sipse/faces/javax.faces.resource/primefaces.js?ln=primefaces&v=4.0 HTTP/1.1" 304 -
186.30.102.45 - - [21/Oct/2023:19:43:30 -0500] "GET /sipse/faces/javax.faces.resource/layout/layout.js?ln=primefaces&v=4.0 HTTP/1.1" 304 -
186.30.102.45 - - [21/Oct/2023:19:43:30 -0500] "GET /sipse/faces/javax.faces.resource/spacer/dot_clear.gif?ln=primefaces&v=4.0 HTTP/1.1" 304 -
186.30.102.45 - - [21/Oct/2023:19:43:30 -0500] "GET /sipse/faces/javax.faces.resource/images/ui-icons_898989_256x240.png?ln=primefaces-aristo HTTP/1.1" 304 -
186.30.102.45 - - [21/Oct/2023:19:43:30 -0500] "GET /sipse/faces/javax.faces.resource/messages/messages.png?ln=primefaces&v=4.0 HTTP/1.1" 200 27209
186.30.102.45 - - [21/Oct/2023:19:43:48 -0500] "GET /sipse/faces/javax.faces.resource/images/ui-bg_flat_0_2d5972_40x100.png?ln=primefaces-aristo HTTP/1.1" 304 -
186.30.102.45 - - [21/Oct/2023:19:43:48 -0500] "POST /sipse/faces/presentacion/proyectos/proyecto/actividad/crearActividad.xhtml HTTP/1.1" 200 142379
186.30.102.45 - - [21/Oct/2023:19:44:04 -0500] "GET /sipse/faces/javax.faces.resource/jquery/jquery.js?ln=primefaces&v=4.0 HTTP/1.1" 304 -
186.30.102.45 - - [21/Oct/2023:19:44:04 -0500] "GET /sipse/faces/javax.faces.resource/jquery/jquery-plugins.js?ln=primefaces&v=4.0 HTTP/1.1" 304 -
186.30.102.45 - - [21/Oct/2023:19:44:04 -0500] "GET /sipse/faces/javax.faces.resource/primefaces.js?ln=primefaces&v=4.0 HTTP/1.1" 304 -
186.30.102.45 - - [21/Oct/2023:19:44:04 -0500] "GET /sipse/faces/javax.faces.resource/layout/layout.js?ln=primefaces&v=4.0 HTTP/1.1" 304 -
201.245.192.253 - - [21/Oct/2023:19:44:10 -0500] "POST /forms/lservlet;jsessionid=ac16012b30d66c604508abbb4d319f23fcb845129ef7.e3iSbxaKaheRe34Pbx8Nc3aQci1ynknvrkLOlQzNp65In0 HTTP/1.1" 200 2
172.22.2.4 - - [21/Oct/2023:19:42:36 -0500] "GET /BLA/boletinlegal/ HTTP/1.1" 200 55806
216.245.221.92 - - [21/Oct/2023:19:44:31 -0500] "HEAD / HTTP/1.1" 200 -
186.30.102.45 - - [21/Oct/2023:19:44:32 -0500] "POST /sipse/faces/presentacion/proyectos/proyecto/meta/meta.xhtml HTTP/1.1" 200 31636
201.245.192.253 - - [21/Oct/2023:19:44:59 -0500] "POST /kwsrmcab/Wsrmcab  HTTP/1.1" 200 40804
201.245.192.253 - - [21/Oct/2023:19:45:29 -0500] "POST /forms/lservlet;jsessionid=ac16012b30d656b142fdde064d2fb44da24020c7bd50.e3iSbxaKaheRe34Pbx8Nc3aQci1ynknvrkLOlQzNp65In0 HTTP/1.1" 200 2
207.46.13.168 - - [21/Oct/2023:19:46:08 -0500] "GET /BLA/resoluciones/RESOLUCIONES%202003/1435.pdf HTTP/1.1" 200 126505
179.31.53.135 - - [21/Oct/2023:19:46:08 -0500] "GET /incendios-forestales-como-prevenirlos-y-aportar-al-cuidado-de-los-ecosistemas.html/ HTTP/1.1" 404 1264
212.98.160.5 - - [21/Oct/2023:19:46:09 -0500] "GET /incendios-forestales-como-prevenirlos-y-aportar-al-cuidado-de-los-ecosistemas.html/ HTTP/1.1" 404 1168
201.245.192.253 - - [21/Oct/2023:19:46:10 -0500] "POST /forms/lservlet;jsessionid=ac16012b30d66c604508abbb4d319f23fcb845129ef7.e3iSbxaKaheRe34Pbx8Nc3aQci1ynknvrkLOlQzNp65In0 HTTP/1.1" 200 2
69.171.249.2 - - [21/Oct/2023:19:47:15 -0500] "GET /images/cuerpos%20de%20agua%20en%20humedales-19-10.jpg HTTP/1.1" 200 73528
201.245.192.253 - - [21/Oct/2023:19:47:29 -0500] "POST /forms/lservlet;jsessionid=ac16012b30d656b142fdde064d2fb44da24020c7bd50.e3iSbxaKaheRe34Pbx8Nc3aQci1ynknvrkLOlQzNp65In0 HTTP/1.1" 200 2
201.245.192.253 - - [21/Oct/2023:19:48:10 -0500] "POST /forms/lservlet;jsessionid=ac16012b30d66c604508abbb4d319f23fcb845129ef7.e3iSbxaKaheRe34Pbx8Nc3aQci1ynknvrkLOlQzNp65In0 HTTP/1.1" 200 2
172.22.2.4 - - [21/Oct/2023:19:47:35 -0500] "HEAD /BLA/boletinlegal/ HTTP/1.1" 200 -
201.245.192.253 - - [21/Oct/2023:19:49:29 -0500] "POST /forms/lservlet;jsessionid=ac16012b30d656b142fdde064d2fb44da24020c7bd50.e3iSbxaKaheRe34Pbx8Nc3aQci1ynknvrkLOlQzNp65In0 HTTP/1.1" 200 2
216.245.221.92 - - [21/Oct/2023:19:49:31 -0500] "HEAD / HTTP/1.1" 200 -
201.245.192.253 - - [21/Oct/2023:19:49:58 -0500] "POST /kwsrmcab/Wsrmcab  HTTP/1.1" 200 40804
172.22.2.4 - - [21/Oct/2023:19:48:25 -0500] "GET /BLA/boletinlegal/ HTTP/1.1" 200 58169
201.245.192.253 - - [21/Oct/2023:19:50:10 -0500] "POST /forms/lservlet;jsessionid=ac16012b30d66c604508abbb4d319f23fcb845129ef7.e3iSbxaKaheRe34Pbx8Nc3aQci1ynknvrkLOlQzNp65In0 HTTP/1.1" 200 2
216.244.66.195 - - [21/Oct/2023:19:50:53 -0500] "GET /robots.txt HTTP/1.1" 404 1018
201.245.192.253 - - [21/Oct/2023:19:51:29 -0500] "POST /forms/lservlet;jsessionid=ac16012b30d656b142fdde064d2fb44da24020c7bd50.e3iSbxaKaheRe34Pbx8Nc3aQci1ynknvrkLOlQzNp65In0 HTTP/1.1" 200 2
201.245.192.253 - - [21/Oct/2023:19:52:10 -0500] "POST /forms/lservlet;jsessionid=ac16012b30d66c604508abbb4d319f23fcb845129ef7.e3iSbxaKaheRe34Pbx8Nc3aQci1ynknvrkLOlQzNp65In0 HTTP/1.1" 200 2
173.252.107.4 - - [21/Oct/2023:19:53:01 -0500] "GET /cerca-de-20-actividades-al-abrigo-de-las-aves-no-te-pierdas-la-jornada-cultural-jardin-de-noche.html HTTP/1.1" 200 793
201.245.192.253 - - [21/Oct/2023:19:53:29 -0500] "POST /forms/lservlet;jsessionid=ac16012b30d656b142fdde064d2fb44da24020c7bd50.e3iSbxaKaheRe34Pbx8Nc3aQci1ynknvrkLOlQzNp65In0 HTTP/1.1" 200 2
201.245.192.253 - - [21/Oct/2023:19:54:10 -0500] "POST /forms/lservlet;jsessionid=ac16012b30d66c604508abbb4d319f23fcb845129ef7.e3iSbxaKaheRe34Pbx8Nc3aQci1ynknvrkLOlQzNp65In0 HTTP/1.1" 200 2
216.245.221.92 - - [21/Oct/2023:19:54:31 -0500] "HEAD / HTTP/1.1" 200 -
201.245.192.253 - - [21/Oct/2023:19:54:57 -0500] "POST /kwsrmcab/Wsrmcab  HTTP/1.1" 200 40804
172.22.2.4 - - [21/Oct/2023:19:53:25 -0500] "HEAD /BLA/boletinlegal/ HTTP/1.1" 200 -
201.245.192.253 - - [21/Oct/2023:19:55:29 -0500] "POST /forms/lservlet;jsessionid=ac16012b30d656b142fdde064d2fb44da24020c7bd50.e3iSbxaKaheRe34Pbx8Nc3aQci1ynknvrkLOlQzNp65In0 HTTP/1.1" 200 2
172.22.2.4 - - [21/Oct/2023:19:54:16 -0500] "GET /BLA/boletinlegal/ HTTP/1.1" 200 60545
