191.95.162.216 - - [25/Oct/2023:07:21:00 -0500] "GET /sipse/faces/javax.faces.resource/theme.css?ln=primefaces-sipse HTTP/1.1" 304 -
191.95.162.216 - - [25/Oct/2023:07:21:00 -0500] "GET /sipse/faces/javax.faces.resource/layout/layout.css?ln=primefaces&v=4.0 HTTP/1.1" 304 -
191.95.162.216 - - [25/Oct/2023:07:21:00 -0500] "GET /sipse/faces/javax.faces.resource/primefaces.css?ln=primefaces&v=4.0 HTTP/1.1" 304 -
191.95.162.216 - - [25/Oct/2023:07:21:00 -0500] "GET /sipse/faces/javax.faces.resource/jquery/jquery.js?ln=primefaces&v=4.0 HTTP/1.1" 304 -
191.95.162.216 - - [25/Oct/2023:07:21:00 -0500] "GET /sipse/faces/javax.faces.resource/jquery/jquery-plugins.js?ln=primefaces&v=4.0 HTTP/1.1" 304 -
191.95.162.216 - - [25/Oct/2023:07:21:00 -0500] "GET /sipse/faces/javax.faces.resource/primefaces.js?ln=primefaces&v=4.0 HTTP/1.1" 304 -
191.95.162.216 - - [25/Oct/2023:07:21:00 -0500] "GET /sipse/faces/javax.faces.resource/layout/layout.js?ln=primefaces&v=4.0 HTTP/1.1" 304 -
191.95.162.216 - - [25/Oct/2023:07:21:01 -0500] "POST /sipse/faces/presentacion/financiero/solicitudProceso/listarSolicitudProceso.xhtml HTTP/1.1" 200 1548
191.95.162.216 - - [25/Oct/2023:07:21:03 -0500] "POST /sipse/faces/presentacion/financiero/solicitudProceso/listarSolicitudProceso.xhtml HTTP/1.1" 200 22704
186.85.234.32 - - [25/Oct/2023:07:21:58 -0500] "GET /sipse/faces/index.xhtml HTTP/1.1" 200 677
186.85.234.32 - - [25/Oct/2023:07:21:58 -0500] "GET /sipse/faces/javax.faces.resource/theme.css?ln=primefaces-sipse HTTP/1.1" 200 50058
186.85.234.32 - - [25/Oct/2023:07:21:58 -0500] "GET /favicon.ico HTTP/1.1" 200 7782
186.85.234.32 - - [25/Oct/2023:07:21:58 -0500] "GET /sipse/faces/faces/autenticacion.xhtml HTTP/1.1" 200 12408
186.85.234.32 - - [25/Oct/2023:07:21:58 -0500] "GET /sipse/js/disable_browser_buttons.js HTTP/1.1" 200 3230
186.85.234.32 - - [25/Oct/2023:07:21:58 -0500] "GET /sipse/css/custom_css_sg.css HTTP/1.1" 200 9694
186.85.234.32 - - [25/Oct/2023:07:21:58 -0500] "GET /sipse/js/funciones.js HTTP/1.1" 200 12592
186.85.234.32 - - [25/Oct/2023:07:21:58 -0500] "GET /sipse/css/custom_css_sg_prime_login.css HTTP/1.1" 200 443
186.85.234.32 - - [25/Oct/2023:07:21:58 -0500] "GET /sipse/faces/javax.faces.resource/layout/layout.css?ln=primefaces&v=4.0 HTTP/1.1" 200 542
186.85.234.32 - - [25/Oct/2023:07:21:58 -0500] "GET /sipse/faces/javax.faces.resource/theme.css?ln=primefaces-sipse HTTP/1.1" 304 -
186.85.234.32 - - [25/Oct/2023:07:21:58 -0500] "GET /sipse/faces/javax.faces.resource/primefaces.css?ln=primefaces&v=4.0 HTTP/1.1" 200 53295
186.85.234.32 - - [25/Oct/2023:07:21:58 -0500] "GET /sipse/faces/javax.faces.resource/layout/layout.js?ln=primefaces&v=4.0 HTTP/1.1" 200 87560
186.85.234.32 - - [25/Oct/2023:07:21:58 -0500] "GET /sipse/faces/javax.faces.resource/jquery/jquery.js?ln=primefaces&v=4.0 HTTP/1.1" 200 105384
186.85.234.32 - - [25/Oct/2023:07:21:58 -0500] "GET /sipse/faces/javax.faces.resource/jquery/jquery-plugins.js?ln=primefaces&v=4.0 HTTP/1.1" 200 220526
186.85.234.32 - - [25/Oct/2023:07:21:58 -0500] "GET /sipse/faces/javax.faces.resource/primefaces.js?ln=primefaces&v=4.0 HTTP/1.1" 200 276924
186.85.234.32 - - [25/Oct/2023:07:21:59 -0500] "GET /sipse/faces/javax.faces.resource/images/ui-icons_898989_256x240.png?ln=primefaces-aristo HTTP/1.1" 200 5355
186.85.234.32 - - [25/Oct/2023:07:21:59 -0500] "GET /sipse/css/imagen/logoSDG.png HTTP/1.1" 200 53064
186.85.234.32 - - [25/Oct/2023:07:21:59 -0500] "GET /sipse/css/imagen/loginimg.png HTTP/1.1" 200 71635
186.85.234.32 - - [25/Oct/2023:07:22:03 -0500] "POST /sipse/faces/autenticacion.xhtml HTTP/1.1" 200 2220
186.85.234.32 - - [25/Oct/2023:07:22:03 -0500] "GET /sipse/faces/javax.faces.resource/messages/messages.png?ln=primefaces&v=4.0 HTTP/1.1" 200 27209
186.85.234.32 - - [25/Oct/2023:07:22:04 -0500] "POST /sipse/faces/autenticacion.xhtml HTTP/1.1" 200 2228
186.85.234.32 - - [25/Oct/2023:07:22:10 -0500] "POST /sipse/faces/autenticacion.xhtml HTTP/1.1" 200 16334
186.85.234.32 - - [25/Oct/2023:07:22:10 -0500] "GET /sipse/css/custom_css_sg_prime.css HTTP/1.1" 200 5201
186.85.234.32 - - [25/Oct/2023:07:22:10 -0500] "GET /sipse/faces/javax.faces.resource/theme.css?ln=primefaces-sipse HTTP/1.1" 304 -
186.85.234.32 - - [25/Oct/2023:07:22:10 -0500] "GET /sipse/faces/javax.faces.resource/primefaces.css?ln=primefaces&v=4.0 HTTP/1.1" 304 -
186.85.234.32 - - [25/Oct/2023:07:22:10 -0500] "GET /sipse/faces/javax.faces.resource/layout/layout.css?ln=primefaces&v=4.0 HTTP/1.1" 304 -
186.85.234.32 - - [25/Oct/2023:07:22:10 -0500] "GET /sipse/js/jquery.min.js HTTP/1.1" 200 85582
186.85.234.32 - - [25/Oct/2023:07:22:10 -0500] "GET /sipse/faces/javax.faces.resource/jquery/jquery.js?ln=primefaces&v=4.0 HTTP/1.1" 304 -
186.85.234.32 - - [25/Oct/2023:07:22:11 -0500] "GET /sipse/faces/javax.faces.resource/jquery/jquery-plugins.js?ln=primefaces&v=4.0 HTTP/1.1" 304 -
186.85.234.32 - - [25/Oct/2023:07:22:11 -0500] "GET /sipse/faces/javax.faces.resource/primefaces.js?ln=primefaces&v=4.0 HTTP/1.1" 304 -
186.85.234.32 - - [25/Oct/2023:07:22:11 -0500] "GET /sipse/faces/javax.faces.resource/layout/layout.js?ln=primefaces&v=4.0 HTTP/1.1" 304 -
186.85.234.32 - - [25/Oct/2023:07:22:11 -0500] "GET /sipse/css/v_mergente.css HTTP/1.1" 200 1505
186.85.234.32 - - [25/Oct/2023:07:22:11 -0500] "GET /sipse/css/imagen/contrasena.png HTTP/1.1" 404 383
186.85.234.32 - - [25/Oct/2023:07:22:11 -0500] "GET /sipse/imagenes/cargando.gif HTTP/1.1" 200 36959
186.85.234.32 - - [25/Oct/2023:07:22:11 -0500] "GET /sipse/imagenes/logoAplicacion.jpg HTTP/1.1" 200 155084
186.85.234.32 - - [25/Oct/2023:07:22:16 -0500] "GET /sipse/faces/javax.faces.resource/images/ui-bg_flat_0_2d5972_40x100.png?ln=primefaces-aristo HTTP/1.1" 200 183
186.85.234.32 - - [25/Oct/2023:07:22:16 -0500] "POST /sipse/faces/bienvenido.xhtml HTTP/1.1" 200 2658
216.244.66.246 - - [25/Oct/2023:07:22:18 -0500] "GET /robots.txt HTTP/1.1" 404 1035
186.85.234.32 - - [25/Oct/2023:07:22:18 -0500] "POST /sipse/faces/bienvenido.xhtml HTTP/1.1" 200 64374
186.85.234.32 - - [25/Oct/2023:07:22:19 -0500] "GET /sipse/faces/javax.faces.resource/theme.css?ln=primefaces-sipse HTTP/1.1" 304 -
186.85.234.32 - - [25/Oct/2023:07:22:19 -0500] "GET /sipse/faces/javax.faces.resource/primefaces.css?ln=primefaces&v=4.0 HTTP/1.1" 304 -
186.85.234.32 - - [25/Oct/2023:07:22:19 -0500] "GET /sipse/faces/javax.faces.resource/layout/layout.css?ln=primefaces&v=4.0 HTTP/1.1" 304 -
186.85.234.32 - - [25/Oct/2023:07:22:19 -0500] "GET /sipse/faces/javax.faces.resource/jquery/jquery.js?ln=primefaces&v=4.0 HTTP/1.1" 304 -
186.85.234.32 - - [25/Oct/2023:07:22:19 -0500] "GET /sipse/faces/javax.faces.resource/jquery/jquery-plugins.js?ln=primefaces&v=4.0 HTTP/1.1" 304 -
186.85.234.32 - - [25/Oct/2023:07:22:19 -0500] "GET /sipse/faces/javax.faces.resource/primefaces.js?ln=primefaces&v=4.0 HTTP/1.1" 304 -
186.85.234.32 - - [25/Oct/2023:07:22:19 -0500] "GET /sipse/faces/javax.faces.resource/layout/layout.js?ln=primefaces&v=4.0 HTTP/1.1" 304 -
186.85.234.32 - - [25/Oct/2023:07:22:19 -0500] "POST /sipse/faces/presentacion/financiero/solicitudProceso/listarSolicitudProceso.xhtml HTTP/1.1" 200 1548
186.85.234.32 - - [25/Oct/2023:07:22:23 -0500] "POST /sipse/faces/presentacion/financiero/solicitudProceso/listarSolicitudProceso.xhtml HTTP/1.1" 200 19794
172.22.2.4 - - [25/Oct/2023:07:21:36 -0500] "HEAD /BLA/boletinlegal/ HTTP/1.1" 200 -
201.245.192.253 - - [25/Oct/2023:07:24:01 -0500] "POST /kwsrmcab/Wsrmcab  HTTP/1.1" 200 40804
172.22.2.4 - - [25/Oct/2023:07:22:40 -0500] "GET /BLA/boletinlegal/ HTTP/1.1" 200 59129
172.22.2.4 - - [25/Oct/2023:07:24:27 -0500] "GET /BLA/boletinlegal/NPClient.html HTTP/1.1" 404 1018
52.167.144.191 - - [25/Oct/2023:07:25:22 -0500] "GET /Publicaciones/2023EE244749.pdf HTTP/1.1" 200 2974436
216.245.221.92 - - [25/Oct/2023:07:25:54 -0500] "HEAD / HTTP/1.1" 200 -
186.102.67.140 - - [25/Oct/2023:07:26:02 -0500] "GET /kwssiamovil/sm/ldap/au?x=U2FsdGVkX18vsQXsh+5FTjPCsa5mgJONhJIWIxG58N8OOO30xN50ZuSJ17AQFduA&y=U2FsdGVkX18MCyY43wyzRsnHdJ+5AUWYy5C7662z/f95x45nyXgmixRbRnntixhq HTTP/1.1" 200 30
186.102.67.140 - - [25/Oct/2023:07:26:03 -0500] "GET /kwssiamovil/sm/acme/s?s=U2FsdGVkX1+ugG1kdZnexg6Npc8WSgxgoVK6bI9uFVUNSF/K1NLRqQLs5fVAPMH53BNPFs+esEzc9E1tEFeu/T9JXApyZULsjMHfl+NJ66U=&u=U2FsdGVkX190Co4V+MxckoiwF2nPTIEYC5iSK3cDhD7/vcFjJE5eq9puwX8iKvMi&y=U2FsdGVkX18MCyY43wyzRsnHdJ+5AUWYy5C7662z/f95x45nyXgmixRbRnntixhq HTTP/1.1" 200 97
186.102.67.140 - - [25/Oct/2023:07:26:03 -0500] "GET /kwssiamovil/sm/acme/s?s=U2FsdGVkX18e1Qmj2P+QKspu4+l5DU9v/gT7yL3KNjfDhG3Rd8Z1q2UC+FClzgZXMRp2oIf3GSMS5hjbov1MDYFahkaswt6QDnhKOMDPhWLBJAr+K0uZtQ1zWUTiitEamvJsLOXOXs7wbW43Jm5Cd6CBcDBOv9xiCCFKYrGfXy+8y/gkShLggmnh7IZ9u6T4Vr+Tt6TKqfcRtLjO8s9Rdm2puUKowWQBqUL5oJg1pmxfT1ket3plZnQvAAV90vxPfb5W4ig32xmAzrjYdB0OQvLtE/czvgLprGctlstL+/+aidFJm5+J4wVVLXjQ3SZJPJxSO4KsVi0oIvLDUsKGo/YNc4WqXvsDta/RzBjVjt/1GImlYBcR9Dm+724kVRLKgExQihG+zqorloDuSOJBp4g33PP1UF+u+mJKE2KI/E473PGl+FJgJrTIEuJbwyiJFC/u751qZc8mUsL0YPHS/UzqHoy6QH1ag6OwayV3xhhgkEwy0dg0aYgyPksiTT/ECgt9s+i98I37fNRifCup2WgO2P+NEsIEq019EjzBy5XN4rdEFk+zrciSdJapNRW9Uwj0CHBNJBN9vdoxcACmfdLMa4p+gx11jamBBGR7OENkvhGpqSQGYrBGNPd4qgpSMmkv9NAuVegOj7BCeqrUFwuwPSgTrQUV5twP1kTwT0Z64PqrnUy7yQRRhtOIhpkUlbkb7GrQxT4WecUu7bNjVVMbCQ29Ek9qvGDtjlcrrUywbgkpLpBKeKgf4adT0sYhLRdJuMxWlGKxtl7o0deCXXMH8WP/DBpsWm7lYBKCeyKKkzwk7X4//OoSTn0S/waiPN1oLwmdUtMe0A8lOiiifparmaCz55ftEGejnLMzTqRJkX5hH9TvOxJmspvwKigeYcz5KW8uY3O0rBA+83zqzYzF0RXnNZTbYsYqXLWVxCRXvbO11cpanMskWaMU5CIvNd56fyvtni1Frm+j6ga8/oUuHJDG0SWKwVX0qMjRAkYcKgTZpKqB0UagphH7SKNXwKfRCfkhhfz0bC2ZVWSTEX0RrGKS7WTKjY2n1J+1CGVEzzF1NLVixgmud6yqBDLzMQIK7u4qKtmGDKiEFF+VA20OkwdY7XUWLNHLw7ixg8CIRbnU238BIi6vnbzzADHP02YN0ltIU2p0owUIch/wky1Fi2ibb5uu9NaeJY3ZS0FGIMdXhA+VrTXIVAz89Oq3/cP/uS7wahqeIU9Kvex5G2tuqhpeeO8s3/uSTHrS6M837YMrM/qdlS53b2UinpsvpOvEcEGcFYbXifuYT57knunq+PFnahQFuAfBUKJFeK/0B6Jdt3Ce0cjUDquozNtI4jHYoZTwGopvFvTB31FPBblQqJQkYkMwiVASO4SiClIh4GT5cOKvekgZQV2NmrVcBm+ihK9KUPGseUVPTPc5EJT+fgAb/GczpahYHMnILZDvZsRis6f9j6RFPqRAOw99leHrxO0PBMwgqNAmYLjXzQY9jm0FQrqJz0UlVMa/tOzF8vkl/wOIu/4QJQeXr685L5ylifXMxz8GS0r2cI85D4lJ52xHUSUhhAbhQg+VF80Lk5DYqpdW0B2tprUoljY1pfMbZBktMznLYtWkMe2AaLfazYrRR2/F+vZjpibXfAarzZS3DvDPy6mKcZrxo0RF96QNi2ghbt/lJCKaFJY4UJylV0Z1NmSXrUf3uI3WlSJLO3WZUX+hHVvRJ165ad0QkG0uxqcFaaYthBvbVpun4hc6iKV2fTO53RBXFU986tIXZqrmMcM/tN+C3ZHEuHfk&u=U2FsdGVkX190Co4V+MxckoiwF2nPTIEYC5iSK3cDhD7/vcFjJE5eq9puwX8iKvMi&y=U2FsdGVkX18MCyY43wyzRsnHdJ+5AUWYy5C7662z/f95x45nyXgmixRbRnntixhq HTTP/1.1" 200 303
186.102.67.140 - - [25/Oct/2023:07:26:03 -0500] "GET /kwssiamovil/sm/acme/s?s=U2FsdGVkX19L7lZBwOYAHEqfn4bx81IDdgNJN8xZtdc1qfEn2w4xLXFvKGHF3yegDofUG+6nZ4oFib29sArnuuGDg3iqqLLABvHM/saiTTmGYba5OnccEJn/TuxhBY0ZV3xAHKkttEeUpMsebOKPASfrVtOLkQixyxaLYH6ThqddIDt4Jgojbeuoovgm+3RjoEWdFoKw1CtbKRqtb+J1pxCs33Mh+7JtU1cTyK7gcgj8Ry3dd9bOlrMrfY8iSFoHRAPFq30YsVpDwFssMmkl26Baip8wXsnwS8gHWI68lgeXF/l7GyCBHo2irobIm+n+SPIPtTAML1OmTg+827vwaaqfC6nAcm/DVMpAjWih+waw5wo6P8sD8EnfLF+jDFHxmk+GNxl6SXHpSudNWlnD1GPEFLbTfes0cT5bBYZjkTb842kN1BPtejp+uz6bkNqernwFd1dm7SqksTKc1aSXIiuIxtBbBgZwNcEpBJoHS0CH6hmwo+oY27QORPH3bwM1SfCC74NJ9SPrjN6QdoEnwK4x6EuuDH0Ynrc8QkRvxuoD1KvkOHVdfTMCUbdrCBzabhkRHnhn91oNxTjOxxxPlVyixvDZo5azBDUWQl7MkMJWQevXbl09MMr05AOxF26qz6Vvgf/zuKlRh7cXtdguQ+/omoTQYA1KU9k0zbUnvA92eN1SM4WrrWeCgCpFu3MNOBX0eakqfqGpHO2vQtJ7BZ2xtXmqk9JroP1UovUOHT8wn9G8O1L8YcGOleQyGKcj&u=U2FsdGVkX190Co4V+MxckoiwF2nPTIEYC5iSK3cDhD7/vcFjJE5eq9puwX8iKvMi&y=U2FsdGVkX18MCyY43wyzRsnHdJ+5AUWYy5C7662z/f95x45nyXgmixRbRnntixhq HTTP/1.1" 200 208
186.102.67.140 - - [25/Oct/2023:07:26:03 -0500] "GET /kwssiamovil/sm/cjson/pre?f=1&x=U2FsdGVkX18vsQXsh+5FTjPCsa5mgJONhJIWIxG58N8OOO30xN50ZuSJ17AQFduA HTTP/1.1" 200 31032
52.167.144.191 - - [25/Oct/2023:07:26:52 -0500] "GET /Publicaciones/2023EE247563.pdf HTTP/1.1" 200 232816
201.245.192.253 - - [25/Oct/2023:07:27:04 -0500] "POST /kwsrmcab/Wsrmcab HTTP/1.1" 200 40385
201.245.192.253 - - [25/Oct/2023:07:27:06 -0500] "POST /kwsrmcab/Wsrmcab HTTP/1.1" 200 39197
172.22.2.4 - - [25/Oct/2023:07:28:40 -0500] "GET /BLA/boletinlegal/NPClient.html HTTP/1.1" 404 1018
201.245.192.253 - - [25/Oct/2023:07:29:00 -0500] "POST /kwsrmcab/Wsrmcab  HTTP/1.1" 200 40804
52.167.144.209 - - [25/Oct/2023:07:29:16 -0500] "GET /Publicaciones/2023EE244957.pdf HTTP/1.1" 200 231873
172.22.2.4 - - [25/Oct/2023:07:27:40 -0500] "HEAD /BLA/boletinlegal/ HTTP/1.1" 200 -
201.245.192.253 - - [25/Oct/2023:07:30:08 -0500] "POST /kwsrmcab/Wsrmcab HTTP/1.1" 200 40385
172.22.2.4 - - [25/Oct/2023:07:28:30 -0500] "GET /BLA/boletinlegal/ HTTP/1.1" 200 57957
201.245.192.253 - - [25/Oct/2023:07:30:11 -0500] "POST /kwsrmcab/Wsrmcab HTTP/1.1" 200 39197
216.245.221.92 - - [25/Oct/2023:07:30:54 -0500] "HEAD / HTTP/1.1" 200 -
34.34.61.208 - - [25/Oct/2023:07:31:26 -0500] "GET /caminatas-ecologicas-un-plan-imperdible-para-octubre.html HTTP/1.1" 200 747
216.244.66.246 - - [25/Oct/2023:07:31:28 -0500] "GET /portaldeninos/comments/feed/ HTTP/1.1" 200 1823
186.102.46.35 - - [25/Oct/2023:07:31:39 -0500] "-" 408 -
186.102.67.140 - - [25/Oct/2023:07:31:40 -0500] "GET /kwssiamovil/sm/ldap/au?x=U2FsdGVkX188hMl5eVm3eiymEKKjudnF8w3P1ceLMR9/aBMVH+76EXjnhp2R6Mx6&y=U2FsdGVkX18RlwLR3pkh9B7LL1RW5YEcrw29TPNeo9h/1b7Evo2MxPNxLMLlmPLD HTTP/1.1" 200 30
186.102.67.140 - - [25/Oct/2023:07:31:40 -0500] "GET /kwssiamovil/sm/acme/s?s=U2FsdGVkX1/5lJp/ZZXx7gvc+bgTBwy/DfGYITOZ4zeD61Rt+7b5W9RzEBIpPnRRRHfVAcZogZIzlxDskcax/UUzS0N90MdAIM4950SM5JA=&u=U2FsdGVkX18V2gGB7inPxhRW5HUzV1QHV+xPOnUqCm7J3A52vhp5Ry0/N50gTiTU&y=U2FsdGVkX18RlwLR3pkh9B7LL1RW5YEcrw29TPNeo9h/1b7Evo2MxPNxLMLlmPLD HTTP/1.1" 200 97
186.102.67.140 - - [25/Oct/2023:07:31:40 -0500] "GET /kwssiamovil/sm/acme/s?s=U2FsdGVkX1+92VhC5d1xkO11kGRbnK9SJCBupuSGFqu8k/XgOa0iCiYlrW1p4LxIDOgTJ8+tIxVvw07A4H8GFQzMvPDPnp7gmBzpbLq3CWFthh+7v9XKGjZkb0Nzq//cthimNll0W+8H3agT2f3WfGh/0+et6dQbOUV8a6aC4wsIjFtT+J8/96Y3H9AxCEOJRB2agwbjyBh5md1KNLUjQJ8wxaT1eK2j5IIF1hG0pNeXxHOgW0MvcLUjJE53n46AY8Wn3Do8io/m9gqZqGIOLoLEk14tGtWB/hjr8S0oM8rqExFv0YVylmNrvAZQqJRNudAzKDLIkzg0rIh0Gvm3wbbjwheVYwemFetC0Vs9wqX9FQSrHVm4Y5i7ANdJ83fL7sk6hJue2kBBxT2+Aq21o0erTI8XzP3dfjj+36nMDPbYmG3XXmHV2T9MzHG+iCuRYn3S1avqmfVHf5Om03C0ZfahO+B3MsD1zbE4CjvIjTPAAUDKopn3VYXmcOkYx9YqdH88ow+qfeyUxx0SvDti0EPzqnY1KpfueCPY8nvlDBp3BHXF+9ETkYFomsD/wXdc5ZsBad4Djh+CW8yP0S/H1655cTJHhd65kDCLzHwGUXzPbMHfYqolXZjViIGe9BBAh3GkMKn806RXTAScQsoVHufu2ZzMUUXz+OUfI1w+3aqN67fnL1GKjyxyMswWgzrFNZ3jtt/L3/S1xfXlrpBNNwmY2cP3CfyBpytnAnULcy+Pq0g737cSXcHzxrg6MLqCIYrIyPQn8vSdlcBKDShZJDxqDDLsad31crn1zlqPlt1eLp5XYi9Ur12gOWpjyEn2PudWfsB0fw2JLAbwxCpDRxg/5o+rEmcgln11XpVXEUqt/2HqvBC0PR8/xII6dcjeSg365OuMrHATPpK/ZUzZ/50+HRZein9YpetZHcigUxmR0Yak4hH++OYEjDLl/q+xy1wc9tVcqCD5gsp2cDEC0O7raWknK1hEK3DnzVhmZXKN+1EbrY16j9bLwfPMfdIGwW0wgAKXSHtj+vvBzXFPqy4AIXoLchWgHZrKr+roFXC9wXBszLhdiJEbQdqPVe9yJsjIAvV0X8BDqoNfkRrVDCzVQZJk08aE/W6+LnZz0By47RV/vZb/wBrKyQb6QP0W9XpRVaFHkH4S2nVIy88jm521HB1DrGXYeq8s72Myxf+GNsWGReTTnVKU2uYIvq4tsL8J7uIs4Vi90HRQg7FXYSd1W+QnJDomjb20565A9PwEcab70vLNe8ENueZzlw/clGRkx+nhpxH1BBrlUQG/bsK8gZHADG7uPN9U3cKyHL7nZvF4a6tczc/w7uzUDUXI8g/zU/w6UJBqM1Ky63dJH7UwlQ41kQEqVICUvSA6vjxhjqy98gxBzz7WIg9CyX1gt81sDYVVUxMF1ZSdhvPV7lBdSXbqmm6Kqg7VSzpHkPOc3DZFJYOhGQLVUsS2bKmBvDa21EHLbfJCL5/K494JjhrJBn3TDm+gcmqCAjgYhGj+Ga/RH2kKUceYJk877PfBqlgM1eV8B2X+KsKQQjZx4hyEEtO9QEqm42jFKTbuzGn0v/OwkcmUFnibSjy7Tuo1IfJZRP+Ls1dr3c8eIuq1rhmDSfn2nla8l5i3BhytBH4ZKKZt5f55sjSVvjoAlI7/xuoQTjZmENdBhEqlDeAJlRZyfbdC+QPy/AhZVNJcXe9Gzo5CBiTnDG8WPPPxYrRO6mmm+kkOxjlxCfzAz8Uh59CfnlSwYO3NM19LVCuGeXBvhscjEK1SEiT3loRjCs2s&u=U2FsdGVkX18V2gGB7inPxhRW5HUzV1QHV+xPOnUqCm7J3A52vhp5Ry0/N50gTiTU&y=U2FsdGVkX18RlwLR3pkh9B7LL1RW5YEcrw29TPNeo9h/1b7Evo2MxPNxLMLlmPLD HTTP/1.1" 200 535
186.102.67.140 - - [25/Oct/2023:07:31:40 -0500] "GET /kwssiamovil/sm/acme/s?s=U2FsdGVkX18D+xHXAsFpILwekU2RioOUAH2pCiUTYGF1/99fYqJzQHXhiOYqbT9YZwDr+P2anovHMWXwSPUh77RuhMfqRfH9MUSMVyqxakJItkrzbgcNVTDbnWQoVm852W/oOcg8kgdHrr1JdlXvPIB5p7OvzCyGt8FDXqRmVjds4IGPEwGwH05IFhQdCGcQI2j3X/a74XaqVvNrW8MToStuD9v1VckkvY12Er+PDTKvbrnTOHXWlpzoUOoVNmH5mB91YeO4O34+56zEOmaj4mjg6o/cigzjeSrVPBzI9R20GrejJ3ikEBBPiiVQEN4bQdib+EV3oQinqzivFnVSIk95pSTUV3/ju7/JzmXgn0//Lj3OGshFZ8fZAuTuPrRZLTVU9iW7Mg5lfMbKu3s+7IxYOWjo+bVVpUHFijIXhyUon/zU1iksqB71GLpZdd7GR1dfY15hq4ipbPzKNfNK10cqkndD1IoZVOFSbmpZuvDNQcqkRt4ep9TfoeWlyT0eAZi2IIg63BX7AuXT7cSCz7Z+LoDU5y8D2BU1hff9xVG32d4rM/fUpe83SHKGVch/ef1DqqA3j3yFOdi8pmzSoOcwCNTT4oeYfefY1mFb1aG8beSGehtLESJi1PyoKPyinUse2oNQ1FR0OBYZo/3JiNMA31vbcbF1DmKkKv3EQltpikCrdrCAQlTg0GjDUP+wQcL7i5VKNEYfqYSPxcb4/uQ+Di6A7GAJaiJXqbz9TmBRLsgogVgzpCIDnUcdOsBR&u=U2FsdGVkX18V2gGB7inPxhRW5HUzV1QHV+xPOnUqCm7J3A52vhp5Ry0/N50gTiTU&y=U2FsdGVkX18RlwLR3pkh9B7LL1RW5YEcrw29TPNeo9h/1b7Evo2MxPNxLMLlmPLD HTTP/1.1" 200 208
186.102.67.140 - - [25/Oct/2023:07:31:41 -0500] "GET /kwssiamovil/sm/cjson/pre?f=1&x=U2FsdGVkX188hMl5eVm3eiymEKKjudnF8w3P1ceLMR9/aBMVH+76EXjnhp2R6Mx6 HTTP/1.1" 200 31032
20.125.53.49 - - [25/Oct/2023:07:31:49 -0500] "GET /galeria/galeria/fotos/Humedal-la-conejera4P.jpg HTTP/1.1" 200 33365
185.225.45.232 - - [25/Oct/2023:07:33:34 -0500] "GET /admin/.env HTTP/1.1" 404 1018
185.225.45.232 - - [25/Oct/2023:07:33:40 -0500] "POST /admin HTTP/1.1" 404 1018
216.244.66.195 - - [25/Oct/2023:07:33:59 -0500] "GET /BLA/resoluciones/RESOLUCIONES%202009/2818.pdf HTTP/1.1" 200 486766
201.245.192.253 - - [25/Oct/2023:07:33:59 -0500] "POST /kwsrmcab/Wsrmcab  HTTP/1.1" 200 40804
216.244.66.195 - - [25/Oct/2023:07:34:08 -0500] "GET /BLA/resoluciones/RESOLUCIONES%202011/0200.pdf HTTP/1.1" 200 90259
172.22.2.4 - - [25/Oct/2023:07:32:37 -0500] "GET /BLA/boletinlegal/ HTTP/1.1" 200 58309
216.244.66.195 - - [25/Oct/2023:07:34:19 -0500] "GET /BLA/resoluciones/RESOLUCIONES%202011/0494.pdf HTTP/1.1" 200 71489
216.244.66.195 - - [25/Oct/2023:07:34:29 -0500] "GET /BLA/resoluciones/RESOLUCIONES%202011/0615.pdf HTTP/1.1" 200 72271
216.244.66.195 - - [25/Oct/2023:07:34:40 -0500] "GET /BLA/resoluciones/RESOLUCIONES%202011/0681.pdf HTTP/1.1" 200 363154
172.22.2.4 - - [25/Oct/2023:07:33:30 -0500] "HEAD /BLA/boletinlegal/ HTTP/1.1" 200 -
216.244.66.195 - - [25/Oct/2023:07:35:21 -0500] "GET /BLA/resoluciones/RESOLUCIONES%202011/0735.pdf HTTP/1.1" 200 259112
201.245.192.253 - - [25/Oct/2023:07:35:22 -0500] "GET /appsia/controlador HTTP/1.1" 200 4799
201.245.192.253 - - [25/Oct/2023:07:35:22 -0500] "GET /appsia/css/estilos.css HTTP/1.1" 200 4804
201.245.192.253 - - [25/Oct/2023:07:35:22 -0500] "GET /appsia/scripts/validarIngreso.js HTTP/1.1" 200 851
201.245.192.253 - - [25/Oct/2023:07:35:22 -0500] "GET /appsia/images/logo_bogota_p.png HTTP/1.1" 200 14951
201.245.192.253 - - [25/Oct/2023:07:35:22 -0500] "GET /appsia/images/cabezoteHojaVida.png HTTP/1.1" 200 32493
201.245.192.253 - - [25/Oct/2023:07:35:22 -0500] "GET /favicon.ico HTTP/1.1" 200 7782
201.245.192.253 - - [25/Oct/2023:07:35:25 -0500] "POST /appsia/controlador HTTP/1.1" 200 5437
201.245.192.253 - - [25/Oct/2023:07:35:26 -0500] "POST /appsia/controlador HTTP/1.1" 200 7781
201.245.192.253 - - [25/Oct/2023:07:35:27 -0500] "POST /appsia/controlador HTTP/1.1" 200 6646
201.245.192.253 - - [25/Oct/2023:07:35:28 -0500] "POST /appsia/controlador HTTP/1.1" 200 11300
216.244.66.195 - - [25/Oct/2023:07:35:51 -0500] "GET /BLA/resoluciones/RESOLUCIONES%202011/0962.pdf HTTP/1.1" 200 75011
216.245.221.92 - - [25/Oct/2023:07:35:54 -0500] "HEAD / HTTP/1.1" 200 -
172.22.2.4 - - [25/Oct/2023:07:34:20 -0500] "GET /BLA/boletinlegal/ HTTP/1.1" 200 60331
216.244.66.195 - - [25/Oct/2023:07:36:21 -0500] "GET /BLA/resoluciones/RESOLUCIONES%202011/1281.pdf HTTP/1.1" 200 364172
216.244.66.195 - - [25/Oct/2023:07:36:57 -0500] "GET /BLA/resoluciones/RESOLUCIONES%202011/1341.pdf HTTP/1.1" 200 65725
201.245.192.253 - - [25/Oct/2023:07:37:04 -0500] "POST /kwsrmcab/Wsrmcab HTTP/1.1" 200 40385
201.245.192.253 - - [25/Oct/2023:07:37:07 -0500] "POST /kwsrmcab/Wsrmcab HTTP/1.1" 200 39197
216.244.66.195 - - [25/Oct/2023:07:37:27 -0500] "GET /BLA/resoluciones/RESOLUCIONES%202011/1419.pdf HTTP/1.1" 200 413625
34.77.127.183 - - [25/Oct/2023:07:37:34 -0500] "GET / HTTP/1.1" 200 319
201.245.192.253 - - [25/Oct/2023:07:38:03 -0500] "GET /sipse/faces/index.xhtml HTTP/1.1" 200 677
201.245.192.253 - - [25/Oct/2023:07:38:03 -0500] "GET /sipse/faces/javax.faces.resource/theme.css?ln=primefaces-sipse HTTP/1.1" 304 -
201.245.192.253 - - [25/Oct/2023:07:38:03 -0500] "GET /sipse/faces/faces/autenticacion.xhtml HTTP/1.1" 200 12408
201.245.192.253 - - [25/Oct/2023:07:38:03 -0500] "GET /sipse/js/disable_browser_buttons.js HTTP/1.1" 304 -
201.245.192.253 - - [25/Oct/2023:07:38:03 -0500] "GET /sipse/css/custom_css_sg.css HTTP/1.1" 304 -
201.245.192.253 - - [25/Oct/2023:07:38:03 -0500] "GET /sipse/faces/javax.faces.resource/primefaces.css?ln=primefaces&v=4.0 HTTP/1.1" 304 -
201.245.192.253 - - [25/Oct/2023:07:38:03 -0500] "GET /sipse/css/custom_css_sg_prime_login.css HTTP/1.1" 304 -
201.245.192.253 - - [25/Oct/2023:07:38:03 -0500] "GET /sipse/faces/javax.faces.resource/layout/layout.css?ln=primefaces&v=4.0 HTTP/1.1" 304 -
201.245.192.253 - - [25/Oct/2023:07:38:03 -0500] "GET /sipse/js/funciones.js HTTP/1.1" 304 -
201.245.192.253 - - [25/Oct/2023:07:38:03 -0500] "GET /sipse/faces/javax.faces.resource/theme.css?ln=primefaces-sipse HTTP/1.1" 304 -
201.245.192.253 - - [25/Oct/2023:07:38:03 -0500] "GET /sipse/faces/javax.faces.resource/jquery/jquery.js?ln=primefaces&v=4.0 HTTP/1.1" 304 -
201.245.192.253 - - [25/Oct/2023:07:38:03 -0500] "GET /sipse/faces/javax.faces.resource/primefaces.js?ln=primefaces&v=4.0 HTTP/1.1" 304 -
201.245.192.253 - - [25/Oct/2023:07:38:03 -0500] "GET /sipse/faces/javax.faces.resource/jquery/jquery-plugins.js?ln=primefaces&v=4.0 HTTP/1.1" 304 -
201.245.192.253 - - [25/Oct/2023:07:38:03 -0500] "GET /sipse/faces/javax.faces.resource/layout/layout.js?ln=primefaces&v=4.0 HTTP/1.1" 304 -
201.245.192.253 - - [25/Oct/2023:07:38:03 -0500] "GET /sipse/css/imagen/logoSDG.png HTTP/1.1" 304 -
201.245.192.253 - - [25/Oct/2023:07:38:03 -0500] "GET /sipse/css/imagen/loginimg.png HTTP/1.1" 304 -
201.245.192.253 - - [25/Oct/2023:07:38:03 -0500] "GET /sipse/faces/javax.faces.resource/images/ui-icons_898989_256x240.png?ln=primefaces-aristo HTTP/1.1" 304 -
201.245.192.253 - - [25/Oct/2023:07:38:08 -0500] "POST /sipse/faces/autenticacion.xhtml HTTP/1.1" 200 16786
201.245.192.253 - - [25/Oct/2023:07:38:08 -0500] "GET /sipse/css/custom_css_sg_prime.css HTTP/1.1" 304 -
201.245.192.253 - - [25/Oct/2023:07:38:08 -0500] "GET /sipse/faces/javax.faces.resource/theme.css?ln=primefaces-sipse HTTP/1.1" 304 -
201.245.192.253 - - [25/Oct/2023:07:38:08 -0500] "GET /sipse/faces/javax.faces.resource/primefaces.css?ln=primefaces&v=4.0 HTTP/1.1" 304 -
201.245.192.253 - - [25/Oct/2023:07:38:08 -0500] "GET /sipse/faces/javax.faces.resource/layout/layout.css?ln=primefaces&v=4.0 HTTP/1.1" 304 -
201.245.192.253 - - [25/Oct/2023:07:38:08 -0500] "GET /sipse/js/jquery.min.js HTTP/1.1" 304 -
201.245.192.253 - - [25/Oct/2023:07:38:08 -0500] "GET /sipse/faces/javax.faces.resource/jquery/jquery.js?ln=primefaces&v=4.0 HTTP/1.1" 304 -
201.245.192.253 - - [25/Oct/2023:07:38:08 -0500] "GET /sipse/faces/javax.faces.resource/jquery/jquery-plugins.js?ln=primefaces&v=4.0 HTTP/1.1" 304 -
201.245.192.253 - - [25/Oct/2023:07:38:08 -0500] "GET /sipse/faces/javax.faces.resource/primefaces.js?ln=primefaces&v=4.0 HTTP/1.1" 304 -
201.245.192.253 - - [25/Oct/2023:07:38:08 -0500] "GET /sipse/faces/javax.faces.resource/layout/layout.js?ln=primefaces&v=4.0 HTTP/1.1" 304 -
201.245.192.253 - - [25/Oct/2023:07:38:08 -0500] "GET /sipse/css/v_mergente.css HTTP/1.1" 304 -
201.245.192.253 - - [25/Oct/2023:07:38:08 -0500] "GET /sipse/imagenes/logoAplicacion.jpg HTTP/1.1" 304 -
201.245.192.253 - - [25/Oct/2023:07:38:08 -0500] "GET /sipse/imagenes/cargando.gif HTTP/1.1" 304 -
201.245.192.253 - - [25/Oct/2023:07:38:08 -0500] "GET /sipse/css/imagen/contrasena.png HTTP/1.1" 404 383
201.245.192.253 - - [25/Oct/2023:07:38:08 -0500] "GET /sipse/faces/javax.faces.resource/messages/messages.png?ln=primefaces&v=4.0 HTTP/1.1" 304 -
201.245.192.253 - - [25/Oct/2023:07:38:10 -0500] "GET /sipse/faces/javax.faces.resource/images/ui-bg_flat_0_2d5972_40x100.png?ln=primefaces-aristo HTTP/1.1" 304 -
201.245.192.253 - - [25/Oct/2023:07:38:10 -0500] "POST /sipse/faces/bienvenido.xhtml HTTP/1.1" 200 1471
201.245.192.253 - - [25/Oct/2023:07:38:11 -0500] "POST /sipse/faces/bienvenido.xhtml HTTP/1.1" 200 38229
201.245.192.253 - - [25/Oct/2023:07:38:12 -0500] "GET /sipse/faces/javax.faces.resource/primefaces.css?ln=primefaces&v=4.0 HTTP/1.1" 304 -
201.245.192.253 - - [25/Oct/2023:07:38:12 -0500] "GET /sipse/faces/javax.faces.resource/theme.css?ln=primefaces-sipse HTTP/1.1" 304 -
201.245.192.253 - - [25/Oct/2023:07:38:12 -0500] "GET /sipse/faces/javax.faces.resource/layout/layout.css?ln=primefaces&v=4.0 HTTP/1.1" 304 -
201.245.192.253 - - [25/Oct/2023:07:38:12 -0500] "GET /sipse/faces/javax.faces.resource/jquery/jquery.js?ln=primefaces&v=4.0 HTTP/1.1" 304 -
201.245.192.253 - - [25/Oct/2023:07:38:12 -0500] "GET /sipse/faces/javax.faces.resource/jquery/jquery-plugins.js?ln=primefaces&v=4.0 HTTP/1.1" 304 -
201.245.192.253 - - [25/Oct/2023:07:38:12 -0500] "GET /sipse/faces/javax.faces.resource/primefaces.js?ln=primefaces&v=4.0 HTTP/1.1" 304 -
201.245.192.253 - - [25/Oct/2023:07:38:12 -0500] "GET /sipse/faces/javax.faces.resource/layout/layout.js?ln=primefaces&v=4.0 HTTP/1.1" 304 -
201.245.192.253 - - [25/Oct/2023:07:38:12 -0500] "POST /sipse/faces/presentacion/financiero/solicitudProceso/listarSolicitudProceso.xhtml HTTP/1.1" 200 1420
216.244.66.195 - - [25/Oct/2023:07:38:12 -0500] "GET /BLA/resoluciones/RESOLUCIONES%202011/1541.pdf HTTP/1.1" 200 78119
216.244.66.195 - - [25/Oct/2023:07:38:44 -0500] "GET /BLA/resoluciones/RESOLUCIONES%202011/1587.pdf HTTP/1.1" 200 79929
186.29.165.62 - - [25/Oct/2023:07:38:58 -0500] "GET /BLA/resoluciones/AUTOS%202014/0018.pdf HTTP/1.1" 200 456274
201.245.192.253 - - [25/Oct/2023:07:38:58 -0500] "POST /kwsrmcab/Wsrmcab  HTTP/1.1" 200 40804
186.29.165.62 - - [25/Oct/2023:07:39:10 -0500] "GET /BLA/resoluciones/AUTOS%202014/0042.pdf HTTP/1.1" 200 826826
216.244.66.195 - - [25/Oct/2023:07:39:15 -0500] "GET /BLA/resoluciones/AUTOS%202014/2913.pdf HTTP/1.1" 200 595189
159.69.179.16 - - [25/Oct/2023:07:39:33 -0500] "GET / HTTP/1.1" 200 319
159.69.179.16 - - [25/Oct/2023:07:39:34 -0500] "GET / HTTP/1.1" 200 4720
186.29.165.62 - - [25/Oct/2023:07:39:42 -0500] "GET /BLA/resoluciones/AUTOS%202014/0467.pdf HTTP/1.1" 200 422328
191.95.59.75 - - [25/Oct/2023:07:39:54 -0500] "POST /sipse/faces/presentacion/financiero/solicitudProceso/listarSolicitudProceso.xhtml HTTP/1.1" 200 4996
172.22.2.4 - - [25/Oct/2023:07:38:15 -0500] "GET /BLA/boletinlegal/ HTTP/1.1" 200 61049
216.244.66.195 - - [25/Oct/2023:07:40:05 -0500] "GET /BLA/resoluciones/AUTOS%202017/4075.pdf HTTP/1.1" 200 860899
201.245.192.253 - - [25/Oct/2023:07:40:08 -0500] "POST /kwsrmcab/Wsrmcab HTTP/1.1" 200 40385
201.245.192.253 - - [25/Oct/2023:07:40:10 -0500] "POST /kwsrmcab/Wsrmcab HTTP/1.1" 200 39197
186.29.165.62 - - [25/Oct/2023:07:40:12 -0500] "GET /BLA/resoluciones/index.php?dir=AUTOS+2012%2F HTTP/1.1" 200 276641
186.29.165.62 - - [25/Oct/2023:07:40:18 -0500] "GET /BLA/resoluciones/AUTOS%202012/0232.pdf HTTP/1.1" 200 491123
186.29.165.62 - - [25/Oct/2023:07:40:09 -0500] "GET /BLA/resoluciones/index.php?dir=AUTOS+2012%2F HTTP/1.1" 200 12235
186.29.165.62 - - [25/Oct/2023:07:40:49 -0500] "GET /BLA/resoluciones/AUTOS%202012/1000.pdf HTTP/1.1" 200 503384
216.245.221.92 - - [25/Oct/2023:07:40:54 -0500] "HEAD / HTTP/1.1" 200 -
216.244.66.195 - - [25/Oct/2023:07:40:55 -0500] "GET /BLA/resoluciones/AUTOS%202017/4253.pdf HTTP/1.1" 200 287432
172.22.2.4 - - [25/Oct/2023:07:39:20 -0500] "HEAD /BLA/boletinlegal/ HTTP/1.1" 200 -
116.203.250.97 - - [25/Oct/2023:07:41:11 -0500] "GET / HTTP/1.1" 200 4720
116.203.250.97 - - [25/Oct/2023:07:41:12 -0500] "GET / HTTP/1.1" 200 319
216.244.66.195 - - [25/Oct/2023:07:41:36 -0500] "GET /BLA/resoluciones/AUTOS%202017/5147.pdf HTTP/1.1" 200 330872
40.77.167.18 - - [25/Oct/2023:07:41:44 -0500] "GET /BLA/resoluciones/index.php?dir=AUTOS+2022%2F HTTP/1.1" 200 507811
40.77.167.77 - - [25/Oct/2023:07:41:47 -0500] "GET /portaldeninos/aulas-ambientales/aula-ambiental-sorotama/ HTTP/1.1" 200 89596
172.22.2.4 - - [25/Oct/2023:07:40:10 -0500] "GET /BLA/boletinlegal/ HTTP/1.1" 200 60682
216.244.66.195 - - [25/Oct/2023:07:42:17 -0500] "GET /BLA/resoluciones/RESOLUCIONES%202008/4755.pdf HTTP/1.1" 200 276033
216.244.66.195 - - [25/Oct/2023:07:42:55 -0500] "GET /BLA/resoluciones/RESOLUCIONES%202013/2140.pdf HTTP/1.1" 200 2898127
66.249.66.21 - - [25/Oct/2023:07:43:48 -0500] "GET /Publicaciones/2023EE215073.pdf HTTP/1.1" 404 228
173.252.127.3 - - [25/Oct/2023:07:43:53 -0500] "GET /images/Reciclaton-2023.jpg HTTP/1.1" 200 68883
201.245.192.253 - - [25/Oct/2023:07:43:57 -0500] "POST /kwsrmcab/Wsrmcab  HTTP/1.1" 200 40804
216.244.66.195 - - [25/Oct/2023:07:43:45 -0500] "GET /BLA/resoluciones/index.php?dir=AUTOS%202015/&sort=size&order=asc HTTP/1.1" 200 565195
216.244.66.195 - - [25/Oct/2023:07:44:35 -0500] "GET /BLA/resoluciones/AUTOS%202008/0009.pdf HTTP/1.1" 200 117087
40.77.167.18 - - [25/Oct/2023:07:44:42 -0500] "GET /BLA/resoluciones/AUTOS%202022/5788.pdf HTTP/1.1" 200 317153
40.77.167.18 - - [25/Oct/2023:07:44:42 -0500] "GET /BLA/resoluciones/AUTOS%202022/8404.pdf HTTP/1.1" 200 1754330
40.77.167.19 - - [25/Oct/2023:07:44:46 -0500] "GET /BLA/resoluciones/AUTOS%202022/7565.pdf HTTP/1.1" 200 393685
40.77.167.18 - - [25/Oct/2023:07:44:46 -0500] "GET /BLA/resoluciones/AUTOS%202022/7613.pdf HTTP/1.1" 200 445511
40.77.167.18 - - [25/Oct/2023:07:44:47 -0500] "GET /BLA/resoluciones/AUTOS%202022/5786.pdf HTTP/1.1" 200 332489
40.77.167.18 - - [25/Oct/2023:07:44:55 -0500] "GET /BLA/resoluciones/AUTOS%202022/2540.pdf HTTP/1.1" 200 352403
40.77.167.19 - - [25/Oct/2023:07:45:00 -0500] "GET /BLA/resoluciones/AUTOS%202022/7552.pdf HTTP/1.1" 200 708493
40.77.167.19 - - [25/Oct/2023:07:45:01 -0500] "GET /BLA/resoluciones/AUTOS%202022/7545.pdf HTTP/1.1" 200 415528
40.77.167.19 - - [25/Oct/2023:07:45:01 -0500] "GET /BLA/resoluciones/AUTOS%202022/7525.pdf HTTP/1.1" 200 464988
216.244.66.195 - - [25/Oct/2023:07:45:08 -0500] "GET /BLA/resoluciones/AUTOS%202008/0237.pdf HTTP/1.1" 200 96930
40.77.167.18 - - [25/Oct/2023:07:45:15 -0500] "GET /BLA/resoluciones/AUTOS%202022/7577.pdf HTTP/1.1" 200 412095
190.117.75.186 - - [25/Oct/2023:07:45:36 -0500] "GET /Residuos/cosmeticos/files/guia_cosmeticos-aseo.pdf HTTP/1.1" 200 13926317
190.117.75.186 - - [25/Oct/2023:07:45:39 -0500] "GET /Residuos/cosmeticos/files/guia_cosmeticos-aseo.pdf HTTP/1.1" 200 13926317
190.117.75.186 - - [25/Oct/2023:07:45:39 -0500] "GET /Residuos/cosmeticos/files/guia_cosmeticos-aseo.pdf HTTP/1.1" 206 1025
216.244.66.195 - - [25/Oct/2023:07:45:42 -0500] "GET /BLA/resoluciones/AUTOS%202008/0793.pdf HTTP/1.1" 200 68394
190.117.75.186 - - [25/Oct/2023:07:45:44 -0500] "GET /Residuos/cosmeticos/files/guia_cosmeticos-aseo.pdf HTTP/1.1" 206 64512
216.245.221.92 - - [25/Oct/2023:07:45:54 -0500] "HEAD / HTTP/1.1" 200 -
216.244.66.195 - - [25/Oct/2023:07:46:13 -0500] "GET /BLA/resoluciones/AUTOS%202008/1079.pdf HTTP/1.1" 200 45335
216.244.66.195 - - [25/Oct/2023:07:46:43 -0500] "GET /BLA/resoluciones/AUTOS%202008/1108.pdf HTTP/1.1" 200 76270
172.22.2.4 - - [25/Oct/2023:07:45:09 -0500] "HEAD /BLA/boletinlegal/ HTTP/1.1" 200 -
186.84.22.242 - - [25/Oct/2023:07:47:05 -0500] "GET /BLA/resoluciones/RESOLUCIONES%202022/2842.pdf HTTP/1.1" 200 383040
186.84.22.242 - - [25/Oct/2023:07:47:05 -0500] "GET /favicon.ico HTTP/1.1" 200 7782
216.244.66.195 - - [25/Oct/2023:07:47:24 -0500] "GET /BLA/resoluciones/AUTOS%202008/1206.pdf HTTP/1.1" 200 69083
40.77.167.13 - - [25/Oct/2023:07:47:37 -0500] "GET /Publicaciones/2023EE245801.pdf HTTP/1.1" 200 231903
172.22.2.4 - - [25/Oct/2023:07:46:00 -0500] "GET /BLA/boletinlegal/ HTTP/1.1" 200 58309
216.244.66.195 - - [25/Oct/2023:07:47:56 -0500] "GET /BLA/resoluciones/AUTOS%202008/1245.pdf HTTP/1.1" 200 63145
216.244.66.195 - - [25/Oct/2023:07:48:26 -0500] "GET /BLA/resoluciones/AUTOS%202008/1471.pdf HTTP/1.1" 200 86210
216.244.66.195 - - [25/Oct/2023:07:48:56 -0500] "GET /BLA/resoluciones/AUTOS%202008/1534.pdf HTTP/1.1" 200 112649
201.245.192.253 - - [25/Oct/2023:07:48:56 -0500] "POST /kwsrmcab/Wsrmcab  HTTP/1.1" 200 40804
40.77.167.22 - - [25/Oct/2023:07:49:23 -0500] "GET /BLA/resoluciones/RESOLUCIONES%202007/RES%202007%203201%20AL%203300/Resolucion%203257%20del%2030%20de%20octubre%20de%202007.pdf HTTP/1.1" 200 3274841
216.244.66.195 - - [25/Oct/2023:07:49:25 -0500] "GET /BLA/resoluciones/AUTOS%202008/1643.pdf HTTP/1.1" 200 85077
40.77.167.59 - - [25/Oct/2023:07:49:28 -0500] "GET /BLA/resoluciones/RESOLUCIONES%202023/1015.pdf HTTP/1.1" 200 384881
216.244.66.195 - - [25/Oct/2023:07:49:54 -0500] "GET /BLA/resoluciones/AUTOS%202008/1730.pdf HTTP/1.1" 200 89274
216.244.66.195 - - [25/Oct/2023:07:50:20 -0500] "GET /BLA/resoluciones/AUTOS%202009/0624.pdf HTTP/1.1" 200 74085
181.53.12.124 - - [25/Oct/2023:07:50:28 -0500] "GET /kwssiamovil/sm/ldap/au?x=U2FsdGVkX1/WyMOZ0NgwVIeYVCiRKaOI9mJd/mcIcvSXBAVutj9ZYhGnspGjZ0p+&y=U2FsdGVkX19gAZuWF/+fmaRFAuY3Ou4+u4d9O9RyWqlJXIGj1DXPobTkp4r7tIaQ HTTP/1.1" 200 30
181.53.12.124 - - [25/Oct/2023:07:50:28 -0500] "GET /kwssiamovil/sm/acme/s?s=U2FsdGVkX1+rwAdiU2s4FjsZDHZYsqLkwlBDN26hOeKHUYn8l44rNfUwQctdK29xytVgWmPriuBCMNwBjhZNcX32IbOV796k2gGBmKVuTV8=&u=U2FsdGVkX19ZWE3fCwRAFLOe1L4g6u3oV2EyLCLbhFQ=&y=U2FsdGVkX19gAZuWF/+fmaRFAuY3Ou4+u4d9O9RyWqlJXIGj1DXPobTkp4r7tIaQ HTTP/1.1" 200 97
181.53.12.124 - - [25/Oct/2023:07:50:28 -0500] "GET /kwssiamovil/sm/acme/s?s=U2FsdGVkX19uW5RItbDzn5150VgI/k2HI7/ankP7VDrRO1srZ7Pn1hdclcRQTiCvcWyT+ZVZa5ZrhWVAwuc4dUN7AQSULGtY8e+qkyp/7eoXNHa1G5zN+ftnpNk/VPHJYLhjuSwX4N1XErWwdCV7vTNZzqo0CRWjdj/hu+d3sj4IKnR4cgoVdE7T4Su28i7ZldZXvUHGPAhV2zixYk9yECGarWiqCiY760L8df1txta+I3k1DZWGWshuuFm7/vuunqYdV+5slacXhQOMnDgm+eEIkQNoXhKeYS03z/Nk6/We19STX7nfncySKe+dKpHTU9XAyQdv97nu/gkJFwGzVAANTOUjRxvyhKW0vuiGxTKlEGy8ZEXQpiqN30W4W2Fv8WdUllWpGJSI0CtZdgqdtgQq/GI9QLI/dBIi7TSB66GIvG7hoZv26cE9dHCLyboVm8YWaZP7iYPx4CM1JbxyMWmWt9406AwqenMHsDt2Y7spgqSQLgPk5svkTfeZP4PgK5C4AIjb346PDo8pLXKGW0phDq9tuUMtjODZyyi7plsmHWX8ZZ3unU18/6FJ4bOl+fn4JRTA17KFA4Fs9qfbTRDJj0vSm4MLMVsYVmSGjhvEnDJnsKw3yx0HwW3wkfkkuKhony4wZJdhMZ2ewMR+nGsEwet3H12F7fuVb52DLZ/VXkWhMP7hOwjlmvSGhNcPbVFOW1ClchTCX8p0Nfirks552xc4T7HyZJ+ondSzcJcL60s3oDVqvQrg/HO4gBMykyhl3OXgPrcD7uy41q7VsmLYYisr9LSkVbmvAssi3+xpRRUmNpQyYM2BcmvkKZTYhR/W7Isz3ZPlMSlDoWwiMiL1xe/gbv32PlGJ/tP2+6X3zyMDOTNYDsJZ/Cdde8CVmpW7DCZE7uE1/4fLSygM4Zz3ukarStXd14Pdr+53O1CTzL8lm/xRaxO4SrXxXvDN5+iXI18G86Onk6IVCwWLHyzGZo4C6dg47Q09wAdm+AARD6FtyxkdhPecTfFT5z0uOy+4Fp63W/opunnKV6QKS462OEXDzQBLOUHy0oMjT56geK7jBemjUysZRAu1dzxEcZ6Wfx3UKx3fD2F9ijNOn/Qvd4zaVGgbltgWT1CFGytHOm8d6+4xL7SXxNwDk40tCcblcs87jckzqm0RqyjhyJtghdOPiqoB1BOrsQHUqElq3LVhq4TQIuEE0qUr0VGZTuXkKoAXfJwL51fsw7wRCI1nipukSfDQDt/4JW+/2mloQ8fSpXyaCyoDa4KaCWH2Ebl+qQLzjiefTjZon/UEwmyUwch/cd+ozWjvthlEJeXHCm92qfZUJLcGPl3VqErLFEC6vAqJcIygRJP2T+Td8KUyvc4D32Ukw/cN9N4WNsw6mVWIfLQfn28aXnlvBIZT/rr5UdbTlIX+eh9cpE+JQM9rpoloiJFcp6z7CS256Qo=&u=U2FsdGVkX19ZWE3fCwRAFLOe1L4g6u3oV2EyLCLbhFQ=&y=U2FsdGVkX19gAZuWF/+fmaRFAuY3Ou4+u4d9O9RyWqlJXIGj1DXPobTkp4r7tIaQ HTTP/1.1" 200 390
181.53.12.124 - - [25/Oct/2023:07:50:29 -0500] "GET /kwssiamovil/sm/acme/s?s=U2FsdGVkX19kzlt96d7ewBYMy0YV6RGjLP22Z0cAziMXCKKEJZI/VXjj7LDmqrfmlvdx8vfG0O1w5OkmZ6agpl8kjZpRociTfgzmAn/Ew9iK5SwshxkVU3kJEgw2F8WIeWAFhGD0d0St/5qgxZm6RYPlztwgA/xZdoayMbq2QaOEG0pFUwqFcutwpu7+47zm6KUmB5h+/oF56vr+RrXO8V8rQMHWe9agiI+I35ua0bQozVi2PlncRykNrashcI1nbsJHwz72WbPFh7bH9o/VEhMIgPAEP2SHsgF+9CPnt4Gkn7BWRQWbrlfg2V4IpRE9ZZILdub0/R9Z4DJpSnsBIw==&u=U2FsdGVkX19ZWE3fCwRAFLOe1L4g6u3oV2EyLCLbhFQ=&y=U2FsdGVkX19gAZuWF/+fmaRFAuY3Ou4+u4d9O9RyWqlJXIGj1DXPobTkp4r7tIaQ HTTP/1.1" 200 196
181.53.12.124 - - [25/Oct/2023:07:50:29 -0500] "GET /kwssiamovil/sm/cjson/pre?f=1&x=U2FsdGVkX1/WyMOZ0NgwVIeYVCiRKaOI9mJd/mcIcvSXBAVutj9ZYhGnspGjZ0p+ HTTP/1.1" 200 31032
216.244.66.195 - - [25/Oct/2023:07:50:45 -0500] "GET /BLA/resoluciones/AUTOS%202013/2037.pdf HTTP/1.1" 200 3908132
216.245.221.92 - - [25/Oct/2023:07:50:54 -0500] "HEAD / HTTP/1.1" 200 -
216.244.66.195 - - [25/Oct/2023:07:51:35 -0500] "GET /BLA/resoluciones/AUTOS%202014/0809.pdf HTTP/1.1" 200 503612
216.244.66.195 - - [25/Oct/2023:07:52:12 -0500] "GET /BLA/resoluciones/AUTOS%202014/1220.pdf HTTP/1.1" 200 1099717
172.22.2.4 - - [25/Oct/2023:07:50:59 -0500] "HEAD /BLA/boletinlegal/ HTTP/1.1" 200 -
216.244.66.195 - - [25/Oct/2023:07:52:44 -0500] "GET /BLA/resoluciones/AUTOS%202014/1536.pdf HTTP/1.1" 200 572295
172.22.2.4 - - [25/Oct/2023:07:52:56 -0500] "GET /BLA/boletinlegal/actos.php HTTP/1.1" 200 9682
172.22.2.4 - - [25/Oct/2023:07:52:57 -0500] "GET /BLA/boletinlegal/js/ajax_actos.js HTTP/1.1" 200 1322
172.22.2.4 - - [25/Oct/2023:07:52:57 -0500] "GET /BLA/boletinlegal/styles2.css HTTP/1.1" 200 1838
172.22.2.4 - - [25/Oct/2023:07:52:57 -0500] "GET /BLA/boletinlegal/niceforms.js HTTP/1.1" 200 22876
172.22.2.4 - - [25/Oct/2023:07:52:57 -0500] "GET /BLA/boletinlegal/niceforms-default.css HTTP/1.1" 200 6694
172.22.2.4 - - [25/Oct/2023:07:52:57 -0500] "GET /BLA/boletinlegal/style.css HTTP/1.1" 200 9406
172.22.2.4 - - [25/Oct/2023:07:52:57 -0500] "GET /BLA/boletinlegal/js/lib.js HTTP/1.1" 200 6474
172.22.2.4 - - [25/Oct/2023:07:52:57 -0500] "GET /BLA/boletinlegal/js/popup.js HTTP/1.1" 200 1270
172.22.2.4 - - [25/Oct/2023:07:52:57 -0500] "GET /BLA/boletinlegal/js/jquery1.js HTTP/1.1" 200 29846
172.22.2.4 - - [25/Oct/2023:07:52:57 -0500] "GET /BLA/boletinlegal/images/cabezote%20BLEGAL.jpg HTTP/1.1" 200 118164
172.22.2.4 - - [25/Oct/2023:07:52:58 -0500] "GET /BLA/boletinlegal/images/subscribe-icon-big.png HTTP/1.1" 200 47702
172.22.2.4 - - [25/Oct/2023:07:52:58 -0500] "GET /BLA/boletinlegal/images/historia.png HTTP/1.1" 200 52775
172.22.2.4 - - [25/Oct/2023:07:52:58 -0500] "GET /BLA/boletinlegal/images/body_bg.jpg HTTP/1.1" 200 1601
172.22.2.4 - - [25/Oct/2023:07:52:58 -0500] "GET /BLA/boletinlegal/images/footer_bg.jpg HTTP/1.1" 200 586
172.22.2.4 - - [25/Oct/2023:07:52:58 -0500] "GET /BLA/boletinlegal/images/menu_lft.gif HTTP/1.1" 200 1713
172.22.2.4 - - [25/Oct/2023:07:52:58 -0500] "GET /BLA/boletinlegal/images/menu_rght.gif HTTP/1.1" 200 1627
172.22.2.4 - - [25/Oct/2023:07:52:58 -0500] "GET /BLA/boletinlegal/images/bg_top.jpg HTTP/1.1" 200 522
172.22.2.4 - - [25/Oct/2023:07:52:58 -0500] "GET /BLA/boletinlegal/images/menu_bg.jpg HTTP/1.1" 200 620
172.22.2.4 - - [25/Oct/2023:07:52:58 -0500] "GET /BLA/boletinlegal/images/text.jpg HTTP/1.1" 200 568
172.22.2.4 - - [25/Oct/2023:07:52:58 -0500] "GET /BLA/boletinlegal/images/hover.jpg HTTP/1.1" 200 640
172.22.2.4 - - [25/Oct/2023:07:52:58 -0500] "GET /BLA/boletinlegal/images/registro-usuarios.png HTTP/1.1" 200 8106
172.22.2.4 - - [25/Oct/2023:07:52:59 -0500] "GET /BLA/boletinlegal/images/icono-email.png HTTP/1.1" 200 5544
172.22.2.4 - - [25/Oct/2023:07:52:59 -0500] "GET /BLA/boletinlegal/images/green-yellow-blue-pink-th.png HTTP/1.1" 200 7394
172.22.2.4 - - [25/Oct/2023:07:52:59 -0500] "GET /BLA/boletinlegal/images/tel.png HTTP/1.1" 200 14477
172.22.2.4 - - [25/Oct/2023:07:52:59 -0500] "GET /BLA/boletinlegal/images/footer_bg_l.jpg HTTP/1.1" 200 776
172.22.2.4 - - [25/Oct/2023:07:52:59 -0500] "GET /BLA/boletinlegal/img/0.png HTTP/1.1" 200 110
172.22.2.4 - - [25/Oct/2023:07:52:59 -0500] "GET /BLA/boletinlegal/img/select-right.png HTTP/1.1" 200 44019
172.22.2.4 - - [25/Oct/2023:07:52:59 -0500] "GET /BLA/boletinlegal/img/select-left.png HTTP/1.1" 200 263
172.22.2.4 - - [25/Oct/2023:07:53:00 -0500] "GET /BLA/boletinlegal/favicon.ico HTTP/1.1" 404 1326
172.22.2.4 - - [25/Oct/2023:07:53:00 -0500] "GET /BLA/boletinlegal/img/button-left.png HTTP/1.1" 200 57071
172.22.2.4 - - [25/Oct/2023:07:53:00 -0500] "GET /BLA/boletinlegal/img/button.png HTTP/1.1" 200 43241
172.22.2.4 - - [25/Oct/2023:07:53:00 -0500] "GET /BLA/boletinlegal/img/button-right.png HTTP/1.1" 200 57878
216.244.66.195 - - [25/Oct/2023:07:53:26 -0500] "GET /BLA/resoluciones/AUTOS%202014/1542.pdf HTTP/1.1" 200 695403
172.22.2.4 - - [25/Oct/2023:07:51:50 -0500] "GET /BLA/boletinlegal/ HTTP/1.1" 200 57957
181.237.247.91 - - [25/Oct/2023:07:53:38 -0500] "GET /forest/login.do HTTP/1.1" 404 1120
172.22.2.4 - - [25/Oct/2023:07:53:48 -0500] "GET /BLA/boletinlegal/consulta_actos.php?tipo=resoluciones&no=&usuario=SEcretaria%20distrital%20de%20ambiente&sector=&fecha=2023&resuelve= HTTP/1.1" 200 23867
172.22.2.4 - - [25/Oct/2023:07:53:48 -0500] "GET /BLA/boletinlegal/images/pdf.gif HTTP/1.1" 200 567
172.22.2.4 - - [25/Oct/2023:07:53:48 -0500] "GET /BLA/boletinlegal/images/background.gif HTTP/1.1" 200 -
201.245.192.253 - - [25/Oct/2023:07:53:55 -0500] "POST /kwsrmcab/Wsrmcab  HTTP/1.1" 200 40804
216.244.66.195 - - [25/Oct/2023:07:54:07 -0500] "GET /BLA/resoluciones/AUTOS%202014/1563.pdf HTTP/1.1" 200 698131
40.77.167.24 - - [25/Oct/2023:07:54:27 -0500] "GET /Publicaciones/2023EE241942.pdf HTTP/1.1" 200 231924
201.245.192.253 - - [25/Oct/2023:07:54:29 -0500] "POST /sipse/faces/presentacion/financiero/solicitudProceso/consultarSolicitudProceso.xhtml HTTP/1.1" 302 -
201.245.192.253 - - [25/Oct/2023:07:54:29 -0500] "GET /sipse/faces/autenticacion.xhtml HTTP/1.1" 200 12408
201.245.192.253 - - [25/Oct/2023:07:54:29 -0500] "GET /sipse/js/disable_browser_buttons.js HTTP/1.1" 200 3230
201.245.192.253 - - [25/Oct/2023:07:54:29 -0500] "GET /sipse/js/funciones.js HTTP/1.1" 200 12592
201.245.192.253 - - [25/Oct/2023:07:54:29 -0500] "GET /sipse/css/custom_css_sg_prime_login.css HTTP/1.1" 200 443
201.245.192.253 - - [25/Oct/2023:07:54:29 -0500] "GET /sipse/css/custom_css_sg.css HTTP/1.1" 200 9694
201.245.192.253 - - [25/Oct/2023:07:54:29 -0500] "GET /sipse/faces/javax.faces.resource/theme.css?ln=primefaces-sipse HTTP/1.1" 304 -
201.245.192.253 - - [25/Oct/2023:07:54:29 -0500] "GET /sipse/faces/javax.faces.resource/layout/layout.css?ln=primefaces&v=4.0 HTTP/1.1" 200 542
201.245.192.253 - - [25/Oct/2023:07:54:29 -0500] "GET /sipse/faces/javax.faces.resource/jquery/jquery.js?ln=primefaces&v=4.0 HTTP/1.1" 304 -
201.245.192.253 - - [25/Oct/2023:07:54:29 -0500] "GET /sipse/faces/javax.faces.resource/jquery/jquery-plugins.js?ln=primefaces&v=4.0 HTTP/1.1" 304 -
201.245.192.253 - - [25/Oct/2023:07:54:29 -0500] "GET /sipse/faces/javax.faces.resource/primefaces.js?ln=primefaces&v=4.0 HTTP/1.1" 304 -
201.245.192.253 - - [25/Oct/2023:07:54:29 -0500] "GET /sipse/faces/javax.faces.resource/layout/layout.js?ln=primefaces&v=4.0 HTTP/1.1" 304 -
201.245.192.253 - - [25/Oct/2023:07:54:29 -0500] "GET /sipse/faces/javax.faces.resource/primefaces.css?ln=primefaces&v=4.0 HTTP/1.1" 200 53295
201.245.192.253 - - [25/Oct/2023:07:54:29 -0500] "GET /sipse/css/imagen/logoSDG.png HTTP/1.1" 200 53064
201.245.192.253 - - [25/Oct/2023:07:54:29 -0500] "GET /sipse/css/imagen/loginimg.png HTTP/1.1" 200 71635
201.245.192.253 - - [25/Oct/2023:07:54:29 -0500] "GET /sipse/faces/javax.faces.resource/images/ui-icons_898989_256x240.png?ln=primefaces-aristo HTTP/1.1" 200 5355
201.245.192.253 - - [25/Oct/2023:07:54:29 -0500] "GET /favicon.ico HTTP/1.1" 200 7782
201.245.192.253 - - [25/Oct/2023:07:54:32 -0500] "POST /sipse/faces/autenticacion.xhtml HTTP/1.1" 200 11971
201.245.192.253 - - [25/Oct/2023:07:54:32 -0500] "GET /sipse/css/custom_css_sg_prime.css HTTP/1.1" 200 5201
201.245.192.253 - - [25/Oct/2023:07:54:32 -0500] "GET /sipse/faces/javax.faces.resource/jquery/jquery.js?ln=primefaces&v=4.0 HTTP/1.1" 304 -
201.245.192.253 - - [25/Oct/2023:07:54:32 -0500] "GET /sipse/faces/javax.faces.resource/jquery/jquery-plugins.js?ln=primefaces&v=4.0 HTTP/1.1" 304 -
201.245.192.253 - - [25/Oct/2023:07:54:32 -0500] "GET /sipse/faces/javax.faces.resource/primefaces.js?ln=primefaces&v=4.0 HTTP/1.1" 304 -
201.245.192.253 - - [25/Oct/2023:07:54:32 -0500] "GET /sipse/faces/javax.faces.resource/layout/layout.js?ln=primefaces&v=4.0 HTTP/1.1" 304 -
201.245.192.253 - - [25/Oct/2023:07:54:32 -0500] "GET /sipse/faces/javax.faces.resource/messages/messages.png?ln=primefaces&v=4.0 HTTP/1.1" 200 27209
201.245.192.253 - - [25/Oct/2023:07:54:34 -0500] "POST /sipse/faces/presentacion/sistema/seguridad/seleccionRol.xhtml HTTP/1.1" 200 6403
201.245.192.253 - - [25/Oct/2023:07:54:35 -0500] "POST /sipse/faces/presentacion/sistema/seguridad/seleccionRol.xhtml HTTP/1.1" 200 18784
201.245.192.253 - - [25/Oct/2023:07:54:35 -0500] "GET /sipse/js/jquery.min.js HTTP/1.1" 200 85582
201.245.192.253 - - [25/Oct/2023:07:54:35 -0500] "GET /sipse/faces/javax.faces.resource/jquery/jquery.js?ln=primefaces&v=4.0 HTTP/1.1" 304 -
201.245.192.253 - - [25/Oct/2023:07:54:35 -0500] "GET /sipse/faces/javax.faces.resource/jquery/jquery-plugins.js?ln=primefaces&v=4.0 HTTP/1.1" 304 -
201.245.192.253 - - [25/Oct/2023:07:54:35 -0500] "GET /sipse/faces/javax.faces.resource/primefaces.js?ln=primefaces&v=4.0 HTTP/1.1" 304 -
201.245.192.253 - - [25/Oct/2023:07:54:35 -0500] "GET /sipse/faces/javax.faces.resource/layout/layout.js?ln=primefaces&v=4.0 HTTP/1.1" 304 -
201.245.192.253 - - [25/Oct/2023:07:54:36 -0500] "GET /sipse/css/v_mergente.css HTTP/1.1" 200 1505
201.245.192.253 - - [25/Oct/2023:07:54:36 -0500] "GET /sipse/imagenes/logoAplicacion.jpg HTTP/1.1" 200 155084
201.245.192.253 - - [25/Oct/2023:07:54:36 -0500] "GET /sipse/css/imagen/contrasena.png HTTP/1.1" 404 383
201.245.192.253 - - [25/Oct/2023:07:54:36 -0500] "GET /sipse/imagenes/cargando.gif HTTP/1.1" 200 36959
201.245.192.253 - - [25/Oct/2023:07:54:37 -0500] "POST /sipse/faces/bienvenido.xhtml HTTP/1.1" 200 3887
201.245.192.253 - - [25/Oct/2023:07:54:37 -0500] "GET /sipse/faces/javax.faces.resource/images/ui-bg_flat_0_2d5972_40x100.png?ln=primefaces-aristo HTTP/1.1" 200 183
201.245.192.253 - - [25/Oct/2023:07:54:39 -0500] "POST /sipse/faces/bienvenido.xhtml HTTP/1.1" 200 43225
201.245.192.253 - - [25/Oct/2023:07:54:39 -0500] "GET /sipse/js/jquery.min.js HTTP/1.1" 200 85582
201.245.192.253 - - [25/Oct/2023:07:54:39 -0500] "GET /sipse/faces/javax.faces.resource/jquery/jquery.js?ln=primefaces&v=4.0 HTTP/1.1" 304 -
201.245.192.253 - - [25/Oct/2023:07:54:39 -0500] "GET /sipse/faces/javax.faces.resource/jquery/jquery-plugins.js?ln=primefaces&v=4.0 HTTP/1.1" 304 -
201.245.192.253 - - [25/Oct/2023:07:54:39 -0500] "GET /sipse/faces/javax.faces.resource/primefaces.js?ln=primefaces&v=4.0 HTTP/1.1" 304 -
201.245.192.253 - - [25/Oct/2023:07:54:39 -0500] "GET /sipse/faces/javax.faces.resource/layout/layout.js?ln=primefaces&v=4.0 HTTP/1.1" 304 -
216.244.66.195 - - [25/Oct/2023:07:54:41 -0500] "GET /BLA/resoluciones/AUTOS%202015/0063.pdf HTTP/1.1" 200 491668
216.244.66.195 - - [25/Oct/2023:07:55:13 -0500] "GET /BLA/resoluciones/AUTOS%202015/0150.pdf HTTP/1.1" 200 517462
216.244.66.195 - - [25/Oct/2023:07:55:42 -0500] "GET /BLA/resoluciones/AUTOS%202015/0907.pdf HTTP/1.1" 200 534432
201.245.192.253 - - [25/Oct/2023:07:55:48 -0500] "GET /sipse/faces/faces/faces/autenticacion.xhtml HTTP/1.1" 200 12730
201.245.192.253 - - [25/Oct/2023:07:55:48 -0500] "GET /sipse/js/disable_browser_buttons.js HTTP/1.1" 304 -
201.245.192.253 - - [25/Oct/2023:07:55:48 -0500] "GET /sipse/js/funciones.js HTTP/1.1" 304 -
201.245.192.253 - - [25/Oct/2023:07:55:48 -0500] "GET /sipse/css/custom_css_sg.css HTTP/1.1" 304 -
201.245.192.253 - - [25/Oct/2023:07:55:48 -0500] "GET /sipse/css/custom_css_sg_prime_login.css HTTP/1.1" 304 -
201.245.192.253 - - [25/Oct/2023:07:55:48 -0500] "GET /sipse/faces/javax.faces.resource/theme.css?ln=primefaces-sipse HTTP/1.1" 304 -
201.245.192.253 - - [25/Oct/2023:07:55:48 -0500] "GET /sipse/faces/javax.faces.resource/layout/layout.css;jsessionid=hCSh9AJrGRKUgf7a1i-NMz0N.undefined?ln=primefaces&v=4.0 HTTP/1.1" 200 542
201.245.192.253 - - [25/Oct/2023:07:55:48 -0500] "GET /sipse/faces/javax.faces.resource/layout/layout.js;jsessionid=hCSh9AJrGRKUgf7a1i-NMz0N.undefined?ln=primefaces&v=4.0 HTTP/1.1" 200 87560
201.245.192.253 - - [25/Oct/2023:07:55:48 -0500] "GET /sipse/faces/javax.faces.resource/jquery/jquery.js;jsessionid=hCSh9AJrGRKUgf7a1i-NMz0N.undefined?ln=primefaces&v=4.0 HTTP/1.1" 200 105384
201.245.192.253 - - [25/Oct/2023:07:55:48 -0500] "GET /sipse/faces/javax.faces.resource/primefaces.js;jsessionid=hCSh9AJrGRKUgf7a1i-NMz0N.undefined?ln=primefaces&v=4.0 HTTP/1.1" 200 276924
201.245.192.253 - - [25/Oct/2023:07:55:48 -0500] "GET /sipse/faces/javax.faces.resource/primefaces.css;jsessionid=hCSh9AJrGRKUgf7a1i-NMz0N.undefined?ln=primefaces&v=4.0 HTTP/1.1" 200 53295
201.245.192.253 - - [25/Oct/2023:07:55:48 -0500] "GET /sipse/faces/javax.faces.resource/jquery/jquery-plugins.js;jsessionid=hCSh9AJrGRKUgf7a1i-NMz0N.undefined?ln=primefaces&v=4.0 HTTP/1.1" 200 220526
201.245.192.253 - - [25/Oct/2023:07:55:49 -0500] "GET /sipse/css/imagen/logoSDG.png HTTP/1.1" 304 -
201.245.192.253 - - [25/Oct/2023:07:55:49 -0500] "GET /sipse/css/imagen/loginimg.png HTTP/1.1" 304 -
201.245.192.253 - - [25/Oct/2023:07:55:49 -0500] "GET /sipse/faces/javax.faces.resource/images/ui-icons_898989_256x240.png?ln=primefaces-aristo HTTP/1.1" 304 -
201.245.192.253 - - [25/Oct/2023:07:55:49 -0500] "GET /favicon.ico HTTP/1.1" 200 7782
201.245.192.253 - - [25/Oct/2023:07:55:49 -0500] "GET /sipse/faces/faces/faces/index.xhtml HTTP/1.1" 200 677
201.245.192.253 - - [25/Oct/2023:07:55:49 -0500] "GET /sipse/faces/javax.faces.resource/theme.css?ln=primefaces-sipse HTTP/1.1" 304 -
201.245.192.253 - - [25/Oct/2023:07:55:49 -0500] "GET /sipse/faces/faces/faces/faces/autenticacion.xhtml HTTP/1.1" 200 12408
201.245.192.253 - - [25/Oct/2023:07:55:49 -0500] "GET /sipse/faces/javax.faces.resource/theme.css?ln=primefaces-sipse HTTP/1.1" 304 -
201.245.192.253 - - [25/Oct/2023:07:55:49 -0500] "GET /sipse/faces/javax.faces.resource/layout/layout.css?ln=primefaces&v=4.0 HTTP/1.1" 200 542
201.245.192.253 - - [25/Oct/2023:07:55:49 -0500] "GET /sipse/faces/javax.faces.resource/jquery/jquery.js?ln=primefaces&v=4.0 HTTP/1.1" 304 -
201.245.192.253 - - [25/Oct/2023:07:55:49 -0500] "GET /sipse/faces/javax.faces.resource/jquery/jquery-plugins.js?ln=primefaces&v=4.0 HTTP/1.1" 304 -
201.245.192.253 - - [25/Oct/2023:07:55:49 -0500] "GET /sipse/faces/javax.faces.resource/primefaces.js?ln=primefaces&v=4.0 HTTP/1.1" 304 -
201.245.192.253 - - [25/Oct/2023:07:55:49 -0500] "GET /sipse/faces/javax.faces.resource/layout/layout.js?ln=primefaces&v=4.0 HTTP/1.1" 304 -
