!C99Shell v. 1.0 pre-release build #13!

Software: Apache. PHP/5.5.15 

uname -a: Windows NT SVR-DMZ 6.1 build 7600 (Windows Server 2008 R2 Enterprise Edition) i586 

SYSTEM 

Safe-mode: OFF (not secure)

E:\nuevo\apache\logs\   drwxrwxrwx
Free 7.33 GB of 239.26 GB (3.07%)
Detected drives: [ a ] [ c ] [ d ] [ e ] [ f ]
Home    Back    Forward    UPDIR    Refresh    Search    Buffer    Encoder    Tools    Proc.    FTP brute    Sec.    SQL    PHP-code    Update    Feedback    Self remove    Logout    


Viewing file:     access.2023.10.25.log (5.58 MB)      -rw-rw-rw-
Select action/file-type:
(+) | (+) | (+) | Code (+) | Session (+) | (+) | SDB (+) | (+) | (+) | (+) | (+) | (+) |
52.167.144.23 - - [25/Oct/2023:00:00:02 -0500] "GET /BLA/resoluciones/AUTOS%202023/4926.pdf HTTP/1.1" 200 4297674
52.167.144.23 - - [25/Oct/2023:00:00:04 -0500] "GET /BLA/resoluciones/AUTOS%202023/4652.pdf HTTP/1.1" 200 2101990
52.167.144.23 - - [25/Oct/2023:00:00:05 -0500] "GET /BLA/resoluciones/AUTOS%202023/5384.pdf HTTP/1.1" 200 319824
52.167.144.23 - - [25/Oct/2023:00:00:05 -0500] "GET /BLA/resoluciones/AUTOS%202023/3686.pdf HTTP/1.1" 200 458611
52.167.144.23 - - [25/Oct/2023:00:00:06 -0500] "GET /BLA/resoluciones/AUTOS%202023/4037.pdf HTTP/1.1" 200 2930023
52.167.144.23 - - [25/Oct/2023:00:00:06 -0500] "GET /BLA/resoluciones/AUTOS%202023/3358.pdf HTTP/1.1" 200 3677629
52.167.144.23 - - [25/Oct/2023:00:00:08 -0500] "GET /BLA/resoluciones/AUTOS%202023/5228.pdf HTTP/1.1" 200 851125
52.167.144.23 - - [25/Oct/2023:00:00:09 -0500] "GET /BLA/resoluciones/AUTOS%202023/3371.pdf HTTP/1.1" 200 2020218
52.167.144.23 - - [25/Oct/2023:00:00:09 -0500] "GET /BLA/resoluciones/AUTOS%202023/3372.pdf HTTP/1.1" 200 2106322
52.167.144.23 - - [25/Oct/2023:00:00:10 -0500] "GET /BLA/resoluciones/AUTOS%202023/2443.pdf HTTP/1.1" 200 332219
52.167.144.23 - - [25/Oct/2023:00:00:10 -0500] "GET /BLA/resoluciones/AUTOS%202023/5163.pdf HTTP/1.1" 200 728430
52.167.144.23 - - [25/Oct/2023:00:00:10 -0500] "GET /BLA/resoluciones/AUTOS%202023/5236.pdf HTTP/1.1" 200 1664369
172.22.2.4 - - [25/Oct/2023:00:00:11 -0500] "GET /BLA/boletinlegal/jurisprudencia/analisis/AnalisisT-606-15.docx HTTP/1.1" 200 26698
52.167.144.23 - - [25/Oct/2023:00:00:11 -0500] "GET /BLA/resoluciones/AUTOS%202023/4201.pdf HTTP/1.1" 200 398561
52.167.144.23 - - [25/Oct/2023:00:00:11 -0500] "GET /BLA/resoluciones/AUTOS%202023/4021.pdf HTTP/1.1" 200 440978
52.167.144.23 - - [25/Oct/2023:00:00:11 -0500] "GET /BLA/resoluciones/AUTOS%202023/5209.pdf HTTP/1.1" 200 2660602
52.167.144.23 - - [25/Oct/2023:00:00:12 -0500] "GET /BLA/resoluciones/AUTOS%202023/4280.pdf HTTP/1.1" 200 449529
52.167.144.23 - - [25/Oct/2023:00:00:13 -0500] "GET /BLA/resoluciones/AUTOS%202023/4022.pdf HTTP/1.1" 200 1705876
52.167.144.23 - - [25/Oct/2023:00:00:14 -0500] "GET /BLA/resoluciones/AUTOS%202023/4054.pdf HTTP/1.1" 200 2577859
52.167.144.23 - - [25/Oct/2023:00:00:15 -0500] "GET /BLA/resoluciones/AUTOS%202023/3693.pdf HTTP/1.1" 200 454530
52.167.144.23 - - [25/Oct/2023:00:00:16 -0500] "GET /BLA/resoluciones/AUTOS%202023/3291.pdf HTTP/1.1" 200 951185
52.167.144.23 - - [25/Oct/2023:00:00:16 -0500] "GET /BLA/resoluciones/AUTOS%202023/2442.pdf HTTP/1.1" 200 330943
52.167.144.23 - - [25/Oct/2023:00:00:17 -0500] "GET /BLA/resoluciones/AUTOS%202023/3242.pdf HTTP/1.1" 200 339811
52.167.144.23 - - [25/Oct/2023:00:00:17 -0500] "GET /BLA/resoluciones/AUTOS%202023/4129.pdf HTTP/1.1" 200 392610
52.167.144.23 - - [25/Oct/2023:00:00:17 -0500] "GET /BLA/resoluciones/AUTOS%202023/6699.pdf HTTP/1.1" 200 513422
52.167.144.23 - - [25/Oct/2023:00:00:17 -0500] "GET /BLA/resoluciones/AUTOS%202023/4173.pdf HTTP/1.1" 200 440214
52.167.144.23 - - [25/Oct/2023:00:00:18 -0500] "GET /BLA/resoluciones/AUTOS%202023/5233.pdf HTTP/1.1" 200 1345352
52.167.144.23 - - [25/Oct/2023:00:00:18 -0500] "GET /BLA/resoluciones/AUTOS%202023/2464.pdf HTTP/1.1" 200 321397
52.167.144.23 - - [25/Oct/2023:00:00:18 -0500] "GET /BLA/resoluciones/AUTOS%202023/4235.pdf HTTP/1.1" 200 851308
52.167.144.23 - - [25/Oct/2023:00:00:19 -0500] "GET /BLA/resoluciones/AUTOS%202023/5166.pdf HTTP/1.1" 200 482682
52.167.144.23 - - [25/Oct/2023:00:00:19 -0500] "GET /BLA/resoluciones/AUTOS%202023/3868.pdf HTTP/1.1" 200 693563
201.245.192.253 - - [25/Oct/2023:00:00:22 -0500] "POST /kwsrmcab/Wsrmcab  HTTP/1.1" 200 40804
52.167.144.23 - - [25/Oct/2023:00:00:31 -0500] "GET /BLA/resoluciones/AUTOS%202023/4175.pdf HTTP/1.1" 200 406339
66.249.66.19 - - [25/Oct/2023:00:00:31 -0500] "GET /BLA/resoluciones/RESOLUCIONES%202009/1883.pdf HTTP/1.1" 200 418895
40.77.167.181 - - [25/Oct/2023:00:00:32 -0500] "GET /robots.txt HTTP/1.1" 404 1018
52.167.144.23 - - [25/Oct/2023:00:00:32 -0500] "GET /BLA/resoluciones/AUTOS%202023/4100.pdf HTTP/1.1" 200 408028
52.167.144.23 - - [25/Oct/2023:00:00:32 -0500] "GET /BLA/resoluciones/AUTOS%202023/5382.pdf HTTP/1.1" 200 319188
52.167.144.23 - - [25/Oct/2023:00:00:32 -0500] "GET /BLA/resoluciones/AUTOS%202023/4154.pdf HTTP/1.1" 200 418277
52.167.144.23 - - [25/Oct/2023:00:00:33 -0500] "GET /BLA/resoluciones/AUTOS%202023/5411.pdf HTTP/1.1" 200 354495
52.167.144.23 - - [25/Oct/2023:00:00:33 -0500] "GET /BLA/resoluciones/AUTOS%202023/5134.pdf HTTP/1.1" 200 431443
52.167.144.23 - - [25/Oct/2023:00:00:33 -0500] "GET /BLA/resoluciones/AUTOS%202023/4024.pdf HTTP/1.1" 200 1549912
52.167.144.23 - - [25/Oct/2023:00:00:34 -0500] "GET /BLA/resoluciones/AUTOS%202023/4975.pdf HTTP/1.1" 200 327999
52.167.144.23 - - [25/Oct/2023:00:00:35 -0500] "GET /BLA/resoluciones/AUTOS%202023/4762.pdf HTTP/1.1" 200 579129
52.167.144.23 - - [25/Oct/2023:00:00:35 -0500] "GET /BLA/resoluciones/AUTOS%202023/5047.pdf HTTP/1.1" 200 1908553
52.167.144.23 - - [25/Oct/2023:00:00:36 -0500] "GET /BLA/resoluciones/AUTOS%202023/4281.pdf HTTP/1.1" 200 761698
52.167.144.23 - - [25/Oct/2023:00:00:37 -0500] "GET /BLA/resoluciones/AUTOS%202023/3344.pdf HTTP/1.1" 200 977785
52.167.144.23 - - [25/Oct/2023:00:00:37 -0500] "GET /BLA/resoluciones/AUTOS%202023/4833.pdf HTTP/1.1" 200 830404
52.167.144.23 - - [25/Oct/2023:00:00:37 -0500] "GET /BLA/resoluciones/AUTOS%202023/3443.pdf HTTP/1.1" 200 1193695
52.167.144.23 - - [25/Oct/2023:00:00:38 -0500] "GET /BLA/resoluciones/AUTOS%202023/3244.pdf HTTP/1.1" 200 329712
52.167.144.23 - - [25/Oct/2023:00:00:38 -0500] "GET /BLA/resoluciones/AUTOS%202023/5193.pdf HTTP/1.1" 200 681877
52.167.144.23 - - [25/Oct/2023:00:00:38 -0500] "GET /BLA/resoluciones/AUTOS%202023/3246.pdf HTTP/1.1" 200 804841
52.167.144.23 - - [25/Oct/2023:00:00:38 -0500] "GET /BLA/resoluciones/AUTOS%202023/3392.pdf HTTP/1.1" 200 1216787
52.167.144.23 - - [25/Oct/2023:00:00:39 -0500] "GET /BLA/resoluciones/AUTOS%202023/3727.pdf HTTP/1.1" 200 2369626
52.167.144.23 - - [25/Oct/2023:00:00:39 -0500] "GET /BLA/resoluciones/AUTOS%202023/4041.pdf HTTP/1.1" 200 1879583
52.167.144.23 - - [25/Oct/2023:00:00:40 -0500] "GET /BLA/resoluciones/AUTOS%202023/4826.pdf HTTP/1.1" 200 3727165
52.167.144.23 - - [25/Oct/2023:00:00:41 -0500] "GET /BLA/resoluciones/AUTOS%202023/5156.pdf HTTP/1.1" 200 908481
173.252.111.6 - - [25/Oct/2023:00:00:45 -0500] "GET /ingresar-a-los-cuerpos-de-agua-de-los-humedales-esta-prohibido-no-arriesgues-tu-vida-por-unos-me-gusta.html HTTP/1.1" 200 894
173.252.111.12 - - [25/Oct/2023:00:00:45 -0500] "GET /ingresar-a-los-cuerpos-de-agua-de-los-humedales-esta-prohibido-no-arriesgues-tu-vida-por-unos-me-gusta.html HTTP/1.1" 200 894
173.252.111.116 - - [25/Oct/2023:00:00:45 -0500] "GET /ingresar-a-los-cuerpos-de-agua-de-los-humedales-esta-prohibido-no-arriesgues-tu-vida-por-unos-me-gusta.html HTTP/1.1" 200 894
216.245.221.92 - - [25/Oct/2023:00:00:49 -0500] "HEAD / HTTP/1.1" 200 -
40.77.167.23 - - [25/Oct/2023:00:00:53 -0500] "GET /BLA/resoluciones/AUTOS%202023/5981.pdf HTTP/1.1" 200 373098
40.77.167.23 - - [25/Oct/2023:00:00:54 -0500] "GET /BLA/resoluciones/AUTOS%202023/5119.pdf HTTP/1.1" 200 423484
40.77.167.23 - - [25/Oct/2023:00:00:54 -0500] "GET /BLA/resoluciones/AUTOS%202023/4120.pdf HTTP/1.1" 200 394426
40.77.167.23 - - [25/Oct/2023:00:00:55 -0500] "GET /BLA/resoluciones/AUTOS%202023/4735.pdf HTTP/1.1" 200 403196
40.77.167.23 - - [25/Oct/2023:00:00:55 -0500] "GET /BLA/resoluciones/AUTOS%202023/5114.pdf HTTP/1.1" 200 564262
40.77.167.23 - - [25/Oct/2023:00:00:55 -0500] "GET /BLA/resoluciones/AUTOS%202023/4106.pdf HTTP/1.1" 200 414054
40.77.167.23 - - [25/Oct/2023:00:00:55 -0500] "GET /BLA/resoluciones/AUTOS%202023/5042.pdf HTTP/1.1" 200 3175489
40.77.167.23 - - [25/Oct/2023:00:00:57 -0500] "GET /BLA/resoluciones/AUTOS%202023/2444.pdf HTTP/1.1" 200 329257
40.77.167.23 - - [25/Oct/2023:00:00:58 -0500] "GET /BLA/resoluciones/AUTOS%202023/4070.pdf HTTP/1.1" 200 1717159
40.77.167.23 - - [25/Oct/2023:00:00:58 -0500] "GET /BLA/resoluciones/AUTOS%202023/4923.pdf HTTP/1.1" 200 362025
40.77.167.23 - - [25/Oct/2023:00:00:59 -0500] "GET /BLA/resoluciones/AUTOS%202023/3722.pdf HTTP/1.1" 200 384473
40.77.167.23 - - [25/Oct/2023:00:00:59 -0500] "GET /BLA/resoluciones/AUTOS%202023/5271.pdf HTTP/1.1" 200 694472
40.77.167.23 - - [25/Oct/2023:00:00:59 -0500] "GET /BLA/resoluciones/AUTOS%202023/5396.pdf HTTP/1.1" 200 351582
40.77.167.23 - - [25/Oct/2023:00:00:59 -0500] "GET /BLA/resoluciones/AUTOS%202023/5427.pdf HTTP/1.1" 200 320739
40.77.167.23 - - [25/Oct/2023:00:01:00 -0500] "GET /BLA/resoluciones/AUTOS%202023/3168.pdf HTTP/1.1" 200 1688886
40.77.167.23 - - [25/Oct/2023:00:01:00 -0500] "GET /BLA/resoluciones/AUTOS%202023/4170.pdf HTTP/1.1" 200 416480
40.77.167.23 - - [25/Oct/2023:00:01:00 -0500] "GET /BLA/resoluciones/AUTOS%202023/4836.pdf HTTP/1.1" 200 2738388
40.77.167.23 - - [25/Oct/2023:00:01:02 -0500] "GET /BLA/resoluciones/AUTOS%202023/4845.pdf HTTP/1.1" 200 675458
40.77.167.23 - - [25/Oct/2023:00:01:02 -0500] "GET /BLA/resoluciones/AUTOS%202023/3901.pdf HTTP/1.1" 200 496586
40.77.167.23 - - [25/Oct/2023:00:01:02 -0500] "GET /BLA/resoluciones/AUTOS%202023/5151.pdf HTTP/1.1" 200 813845
40.77.167.23 - - [25/Oct/2023:00:01:03 -0500] "GET /BLA/resoluciones/AUTOS%202023/5094.pdf HTTP/1.1" 200 395246
40.77.167.23 - - [25/Oct/2023:00:01:03 -0500] "GET /BLA/resoluciones/AUTOS%202023/5243.pdf HTTP/1.1" 200 846701
40.77.167.23 - - [25/Oct/2023:00:01:04 -0500] "GET /BLA/resoluciones/AUTOS%202023/5041.pdf HTTP/1.1" 200 2543088
40.77.167.23 - - [25/Oct/2023:00:01:05 -0500] "GET /BLA/resoluciones/AUTOS%202023/4012.pdf HTTP/1.1" 200 446569
40.77.167.23 - - [25/Oct/2023:00:01:06 -0500] "GET /BLA/resoluciones/AUTOS%202023/3308.pdf HTTP/1.1" 200 628649
40.77.167.23 - - [25/Oct/2023:00:01:06 -0500] "GET /BLA/resoluciones/AUTOS%202023/5288.pdf HTTP/1.1" 200 2255606
40.77.167.23 - - [25/Oct/2023:00:01:07 -0500] "GET /BLA/resoluciones/AUTOS%202023/6111.pdf HTTP/1.1" 200 489377
40.77.167.23 - - [25/Oct/2023:00:01:08 -0500] "GET /BLA/resoluciones/AUTOS%202023/6326.pdf HTTP/1.1" 200 528686
40.77.167.23 - - [25/Oct/2023:00:01:08 -0500] "GET /BLA/resoluciones/AUTOS%202023/5183.pdf HTTP/1.1" 200 643366
40.77.167.23 - - [25/Oct/2023:00:01:08 -0500] "GET /BLA/resoluciones/AUTOS%202023/5116.pdf HTTP/1.1" 200 412568
172.22.2.4 - - [24/Oct/2023:23:59:34 -0500] "HEAD /BLA/boletinlegal/ HTTP/1.1" 200 -
40.77.167.23 - - [25/Oct/2023:00:01:24 -0500] "GET /BLA/resoluciones/AUTOS%202023/3272.pdf HTTP/1.1" 200 1772066
40.77.167.23 - - [25/Oct/2023:00:01:25 -0500] "GET /BLA/resoluciones/AUTOS%202023/4973.pdf HTTP/1.1" 200 331478
40.77.167.23 - - [25/Oct/2023:00:01:25 -0500] "GET /BLA/resoluciones/AUTOS%202023/3095.pdf HTTP/1.1" 200 1231650
40.77.167.23 - - [25/Oct/2023:00:01:26 -0500] "GET /BLA/resoluciones/AUTOS%202023/4654.pdf HTTP/1.1" 200 2888133
40.77.167.23 - - [25/Oct/2023:00:01:27 -0500] "GET /BLA/resoluciones/AUTOS%202023/5204.pdf HTTP/1.1" 200 883610
40.77.167.23 - - [25/Oct/2023:00:01:28 -0500] "GET /BLA/resoluciones/AUTOS%202023/4020.pdf HTTP/1.1" 200 447109
40.77.167.23 - - [25/Oct/2023:00:01:28 -0500] "GET /BLA/resoluciones/AUTOS%202023/3071.pdf HTTP/1.1" 200 366338
40.77.167.23 - - [25/Oct/2023:00:01:28 -0500] "GET /BLA/resoluciones/AUTOS%202023/5080.pdf HTTP/1.1" 200 396315
40.77.167.23 - - [25/Oct/2023:00:01:28 -0500] "GET /BLA/resoluciones/AUTOS%202023/3391.pdf HTTP/1.1" 200 2408808
40.77.167.23 - - [25/Oct/2023:00:01:29 -0500] "GET /BLA/resoluciones/AUTOS%202023/3222.pdf HTTP/1.1" 200 343806
40.77.167.23 - - [25/Oct/2023:00:01:30 -0500] "GET /BLA/resoluciones/AUTOS%202023/5066.pdf HTTP/1.1" 200 417536
40.77.167.23 - - [25/Oct/2023:00:01:30 -0500] "GET /BLA/resoluciones/AUTOS%202023/2077.pdf HTTP/1.1" 200 326745
40.77.167.23 - - [25/Oct/2023:00:01:30 -0500] "GET /BLA/resoluciones/AUTOS%202023/5147.pdf HTTP/1.1" 200 447496
40.77.167.23 - - [25/Oct/2023:00:01:30 -0500] "GET /BLA/resoluciones/AUTOS%202023/4963.pdf HTTP/1.1" 200 1245162
40.77.167.23 - - [25/Oct/2023:00:01:31 -0500] "GET /BLA/resoluciones/AUTOS%202023/5168.pdf HTTP/1.1" 200 503462
40.77.167.23 - - [25/Oct/2023:00:01:31 -0500] "GET /BLA/resoluciones/AUTOS%202023/4125.pdf HTTP/1.1" 200 390227
40.77.167.23 - - [25/Oct/2023:00:01:32 -0500] "GET /BLA/resoluciones/AUTOS%202023/4722.pdf HTTP/1.1" 200 703087
66.249.66.20 - - [25/Oct/2023:00:01:34 -0500] "GET /BLA/resoluciones/RESOLUCIONES%202008/5181.pdf HTTP/1.1" 200 86285
52.167.144.212 - - [25/Oct/2023:00:01:40 -0500] "GET /BLA/resoluciones/AUTOS%202023/4126.pdf HTTP/1.1" 200 475238
52.167.144.212 - - [25/Oct/2023:00:01:41 -0500] "GET /BLA/resoluciones/AUTOS%202023/4152.pdf HTTP/1.1" 200 433859
52.167.144.212 - - [25/Oct/2023:00:01:41 -0500] "GET /BLA/resoluciones/AUTOS%202023/2452.pdf HTTP/1.1" 200 4842361
52.167.144.212 - - [25/Oct/2023:00:01:44 -0500] "GET /BLA/resoluciones/AUTOS%202023/4874.pdf HTTP/1.1" 200 706979
52.167.144.212 - - [25/Oct/2023:00:01:45 -0500] "GET /BLA/resoluciones/AUTOS%202023/3367.pdf HTTP/1.1" 200 2321733
52.167.144.212 - - [25/Oct/2023:00:01:51 -0500] "GET /BLA/resoluciones/AUTOS%202023/5499.pdf HTTP/1.1" 200 408249
52.167.144.212 - - [25/Oct/2023:00:01:51 -0500] "GET /BLA/resoluciones/AUTOS%202023/5049.pdf HTTP/1.1" 200 2311886
52.167.144.212 - - [25/Oct/2023:00:01:52 -0500] "GET /BLA/resoluciones/AUTOS%202023/5234.pdf HTTP/1.1" 200 984382
52.167.144.212 - - [25/Oct/2023:00:01:52 -0500] "GET /BLA/resoluciones/AUTOS%202023/4074.pdf HTTP/1.1" 200 1373391
52.167.144.212 - - [25/Oct/2023:00:01:53 -0500] "GET /BLA/resoluciones/AUTOS%202023/4875.pdf HTTP/1.1" 200 951544
52.167.144.212 - - [25/Oct/2023:00:01:53 -0500] "GET /BLA/resoluciones/AUTOS%202023/4748.pdf HTTP/1.1" 200 399985
52.167.144.212 - - [25/Oct/2023:00:01:54 -0500] "GET /BLA/resoluciones/AUTOS%202023/4275.pdf HTTP/1.1" 200 438888
52.167.144.212 - - [25/Oct/2023:00:01:54 -0500] "GET /BLA/resoluciones/AUTOS%202023/1635.pdf HTTP/1.1" 200 2831662
52.167.144.212 - - [25/Oct/2023:00:01:55 -0500] "GET /BLA/resoluciones/AUTOS%202023/4128.pdf HTTP/1.1" 200 396282
52.167.144.212 - - [25/Oct/2023:00:01:55 -0500] "GET /BLA/resoluciones/AUTOS%202023/1844.pdf HTTP/1.1" 200 329894
52.167.144.212 - - [25/Oct/2023:00:01:55 -0500] "GET /BLA/resoluciones/AUTOS%202023/2841.pdf HTTP/1.1" 200 414462
52.167.144.212 - - [25/Oct/2023:00:01:56 -0500] "GET /BLA/resoluciones/AUTOS%202023/4225.pdf HTTP/1.1" 200 701381
52.167.144.212 - - [25/Oct/2023:00:01:56 -0500] "GET /BLA/resoluciones/AUTOS%202023/2447.pdf HTTP/1.1" 200 390807
52.167.144.212 - - [25/Oct/2023:00:01:57 -0500] "GET /BLA/resoluciones/AUTOS%202023/4866.pdf HTTP/1.1" 200 686894
52.167.144.212 - - [25/Oct/2023:00:01:57 -0500] "GET /BLA/resoluciones/AUTOS%202023/3374.pdf HTTP/1.1" 200 2435905
52.167.144.212 - - [25/Oct/2023:00:01:58 -0500] "GET /BLA/resoluciones/AUTOS%202023/2392.pdf HTTP/1.1" 200 475230
52.167.144.212 - - [25/Oct/2023:00:01:58 -0500] "GET /BLA/resoluciones/AUTOS%202023/5397.pdf HTTP/1.1" 200 323142
52.167.144.212 - - [25/Oct/2023:00:01:59 -0500] "GET /BLA/resoluciones/AUTOS%202023/4974.pdf HTTP/1.1" 200 336573
52.167.144.212 - - [25/Oct/2023:00:01:59 -0500] "GET /BLA/resoluciones/AUTOS%202023/5212.pdf HTTP/1.1" 200 423356
52.167.144.212 - - [25/Oct/2023:00:01:59 -0500] "GET /BLA/resoluciones/AUTOS%202023/5237.pdf HTTP/1.1" 200 1301776
52.167.144.212 - - [25/Oct/2023:00:02:00 -0500] "GET /BLA/resoluciones/AUTOS%202023/4858.pdf HTTP/1.1" 200 786100
52.167.144.212 - - [25/Oct/2023:00:02:00 -0500] "GET /BLA/resoluciones/AUTOS%202023/4157.pdf HTTP/1.1" 200 428114
52.167.144.212 - - [25/Oct/2023:00:02:00 -0500] "GET /BLA/resoluciones/AUTOS%202023/3975.pdf HTTP/1.1" 200 776476
52.167.144.212 - - [25/Oct/2023:00:02:01 -0500] "GET /BLA/resoluciones/AUTOS%202023/5305.pdf HTTP/1.1" 200 359261
52.167.144.212 - - [25/Oct/2023:00:02:01 -0500] "GET /BLA/resoluciones/AUTOS%202023/5088.pdf HTTP/1.1" 200 400793
52.167.144.212 - - [25/Oct/2023:00:02:01 -0500] "GET /BLA/resoluciones/AUTOS%202023/3538.pdf HTTP/1.1" 200 412908
52.167.144.212 - - [25/Oct/2023:00:02:01 -0500] "GET /BLA/resoluciones/AUTOS%202023/4852.pdf HTTP/1.1" 200 899339
52.167.144.212 - - [25/Oct/2023:00:02:02 -0500] "GET /BLA/resoluciones/AUTOS%202023/3320.pdf HTTP/1.1" 200 895222
52.167.144.212 - - [25/Oct/2023:00:02:02 -0500] "GET /BLA/resoluciones/AUTOS%202023/4228.pdf HTTP/1.1" 200 804284
52.167.144.212 - - [25/Oct/2023:00:02:02 -0500] "GET /BLA/resoluciones/AUTOS%202023/4090.pdf HTTP/1.1" 200 2287220
172.22.2.4 - - [25/Oct/2023:00:00:24 -0500] "GET /BLA/boletinlegal/ HTTP/1.1" 200 60331
52.167.144.212 - - [25/Oct/2023:00:02:22 -0500] "GET /BLA/resoluciones/AUTOS%202023/4006.pdf HTTP/1.1" 200 680974
52.167.144.212 - - [25/Oct/2023:00:02:23 -0500] "GET /BLA/resoluciones/AUTOS%202023/3318.pdf HTTP/1.1" 200 584094
52.167.144.212 - - [25/Oct/2023:00:02:23 -0500] "GET /BLA/resoluciones/AUTOS%202023/5038.pdf HTTP/1.1" 200 1761821
52.167.144.212 - - [25/Oct/2023:00:02:25 -0500] "GET /BLA/resoluciones/AUTOS%202023/2962.pdf HTTP/1.1" 200 449178
52.167.144.212 - - [25/Oct/2023:00:02:25 -0500] "GET /BLA/resoluciones/AUTOS%202023/3303.pdf HTTP/1.1" 200 1015659
52.167.144.212 - - [25/Oct/2023:00:02:25 -0500] "GET /BLA/resoluciones/AUTOS%202023/5227.pdf HTTP/1.1" 200 707535
52.167.144.212 - - [25/Oct/2023:00:02:26 -0500] "GET /BLA/resoluciones/AUTOS%202023/3289.pdf HTTP/1.1" 200 1272101
52.167.144.212 - - [25/Oct/2023:00:02:26 -0500] "GET /BLA/resoluciones/AUTOS%202023/4574.pdf HTTP/1.1" 200 778612
52.167.144.212 - - [25/Oct/2023:00:02:27 -0500] "GET /BLA/resoluciones/AUTOS%202023/2777.pdf HTTP/1.1" 200 1263090
52.167.144.212 - - [25/Oct/2023:00:02:27 -0500] "GET /BLA/resoluciones/AUTOS%202023/5171.pdf HTTP/1.1" 200 452541
52.167.144.212 - - [25/Oct/2023:00:02:28 -0500] "GET /BLA/resoluciones/AUTOS%202023/5202.pdf HTTP/1.1" 200 555542
52.167.144.212 - - [25/Oct/2023:00:02:28 -0500] "GET /BLA/resoluciones/AUTOS%202023/4060.pdf HTTP/1.1" 200 1656814
52.167.144.212 - - [25/Oct/2023:00:02:28 -0500] "GET /BLA/resoluciones/AUTOS%202023/4105.pdf HTTP/1.1" 200 413308
52.167.144.212 - - [25/Oct/2023:00:02:29 -0500] "GET /BLA/resoluciones/AUTOS%202023/4131.pdf HTTP/1.1" 200 521661
52.167.144.212 - - [25/Oct/2023:00:02:29 -0500] "GET /BLA/resoluciones/AUTOS%202023/3988.pdf HTTP/1.1" 200 700461
52.167.144.212 - - [25/Oct/2023:00:02:30 -0500] "GET /BLA/resoluciones/AUTOS%202023/4967.pdf HTTP/1.1" 200 592569
52.167.144.212 - - [25/Oct/2023:00:02:30 -0500] "GET /BLA/resoluciones/AUTOS%202023/4130.pdf HTTP/1.1" 200 455707
52.167.144.212 - - [25/Oct/2023:00:02:30 -0500] "GET /BLA/resoluciones/AUTOS%202023/3377.pdf HTTP/1.1" 200 731554
52.167.144.212 - - [25/Oct/2023:00:02:31 -0500] "GET /BLA/resoluciones/AUTOS%202023/5118.pdf HTTP/1.1" 200 450833
52.167.144.212 - - [25/Oct/2023:00:02:31 -0500] "GET /BLA/resoluciones/AUTOS%202023/5383.pdf HTTP/1.1" 200 321258
52.167.144.212 - - [25/Oct/2023:00:02:31 -0500] "GET /BLA/resoluciones/AUTOS%202023/3224.pdf HTTP/1.1" 200 344486
52.167.144.212 - - [25/Oct/2023:00:02:31 -0500] "GET /BLA/resoluciones/AUTOS%202023/2463.pdf HTTP/1.1" 200 314719
52.167.144.212 - - [25/Oct/2023:00:02:31 -0500] "GET /BLA/resoluciones/AUTOS%202023/3304.pdf HTTP/1.1" 200 1059298
52.167.144.212 - - [25/Oct/2023:00:02:32 -0500] "GET /BLA/resoluciones/AUTOS%202023/1954.pdf HTTP/1.1" 200 370928
52.167.144.212 - - [25/Oct/2023:00:02:32 -0500] "GET /BLA/resoluciones/AUTOS%202023/4151.pdf HTTP/1.1" 200 436099
52.167.144.212 - - [25/Oct/2023:00:02:32 -0500] "GET /BLA/resoluciones/AUTOS%202023/5040.pdf HTTP/1.1" 200 2190918
52.167.144.212 - - [25/Oct/2023:00:02:34 -0500] "GET /BLA/resoluciones/AUTOS%202023/4250.pdf HTTP/1.1" 200 952337
52.167.144.212 - - [25/Oct/2023:00:02:36 -0500] "GET /BLA/resoluciones/AUTOS%202023/4005.pdf HTTP/1.1" 200 412938
66.249.66.21 - - [25/Oct/2023:00:02:36 -0500] "GET /BLA/resoluciones/AUTOS%202012/2566.pdf HTTP/1.1" 200 505067
52.167.144.212 - - [25/Oct/2023:00:02:37 -0500] "GET /BLA/resoluciones/AUTOS%202023/3477.pdf HTTP/1.1" 200 1603533
52.167.144.212 - - [25/Oct/2023:00:02:38 -0500] "GET /BLA/resoluciones/AUTOS%202023/5013.pdf HTTP/1.1" 200 529360
52.167.144.212 - - [25/Oct/2023:00:02:51 -0500] "GET /BLA/resoluciones/AUTOS%202023/3357.pdf HTTP/1.1" 200 2024108
52.167.144.212 - - [25/Oct/2023:00:02:52 -0500] "GET /BLA/resoluciones/AUTOS%202023/5176.pdf HTTP/1.1" 200 425135
52.167.144.212 - - [25/Oct/2023:00:02:52 -0500] "GET /BLA/resoluciones/AUTOS%202023/4838.pdf HTTP/1.1" 200 889797
52.167.144.212 - - [25/Oct/2023:00:02:53 -0500] "GET /BLA/resoluciones/AUTOS%202023/5218.pdf HTTP/1.1" 200 411625
52.167.144.212 - - [25/Oct/2023:00:02:53 -0500] "GET /BLA/resoluciones/AUTOS%202023/4400.pdf HTTP/1.1" 200 481337
52.167.144.212 - - [25/Oct/2023:00:02:53 -0500] "GET /BLA/resoluciones/AUTOS%202023/4149.pdf HTTP/1.1" 200 435838
52.167.144.212 - - [25/Oct/2023:00:02:53 -0500] "GET /BLA/resoluciones/AUTOS%202023/4160.pdf HTTP/1.1" 200 434496
52.167.144.212 - - [25/Oct/2023:00:02:54 -0500] "GET /BLA/resoluciones/AUTOS%202023/5034.pdf HTTP/1.1" 200 750838
52.167.144.212 - - [25/Oct/2023:00:02:54 -0500] "GET /BLA/resoluciones/AUTOS%202023/3326.pdf HTTP/1.1" 200 1105375
52.167.144.212 - - [25/Oct/2023:00:02:55 -0500] "GET /BLA/resoluciones/AUTOS%202023/3816.pdf HTTP/1.1" 200 412679
52.167.144.212 - - [25/Oct/2023:00:02:56 -0500] "GET /BLA/resoluciones/AUTOS%202023/5231.pdf HTTP/1.1" 200 844214
52.167.144.212 - - [25/Oct/2023:00:02:56 -0500] "GET /BLA/resoluciones/AUTOS%202023/3325.pdf HTTP/1.1" 200 1311901
52.167.144.212 - - [25/Oct/2023:00:02:57 -0500] "GET /BLA/resoluciones/AUTOS%202023/4310.pdf HTTP/1.1" 200 419944
52.167.144.212 - - [25/Oct/2023:00:02:57 -0500] "GET /BLA/resoluciones/AUTOS%202023/5031.pdf HTTP/1.1" 200 499881
52.167.144.212 - - [25/Oct/2023:00:02:57 -0500] "GET /BLA/resoluciones/AUTOS%202023/5120.pdf HTTP/1.1" 200 1239289
52.167.144.212 - - [25/Oct/2023:00:02:58 -0500] "GET /BLA/resoluciones/AUTOS%202023/5078.pdf HTTP/1.1" 200 418422
52.167.144.212 - - [25/Oct/2023:00:02:58 -0500] "GET /BLA/resoluciones/AUTOS%202023/4246.pdf HTTP/1.1" 200 937724
52.167.144.212 - - [25/Oct/2023:00:02:58 -0500] "GET /BLA/resoluciones/AUTOS%202023/6324.pdf HTTP/1.1" 200 506223
52.167.144.212 - - [25/Oct/2023:00:02:59 -0500] "GET /BLA/resoluciones/AUTOS%202023/2459.pdf HTTP/1.1" 200 415875
52.167.144.212 - - [25/Oct/2023:00:02:59 -0500] "GET /BLA/resoluciones/AUTOS%202023/5173.pdf HTTP/1.1" 200 442263
52.167.144.212 - - [25/Oct/2023:00:02:59 -0500] "GET /BLA/resoluciones/AUTOS%202023/5050.pdf HTTP/1.1" 200 730888
52.167.144.212 - - [25/Oct/2023:00:03:00 -0500] "GET /BLA/resoluciones/AUTOS%202023/2921.pdf HTTP/1.1" 200 460450
52.167.144.212 - - [25/Oct/2023:00:03:00 -0500] "GET /BLA/resoluciones/AUTOS%202023/4879.pdf HTTP/1.1" 200 526921
52.167.144.212 - - [25/Oct/2023:00:03:04 -0500] "GET /Publicaciones/2023EE242226.pdf HTTP/1.1" 200 822453
181.56.233.37 - - [25/Oct/2023:00:03:07 -0500] "GET /BLA/resoluciones/index.php?dir=AUTOS+2016%2F HTTP/1.1" 200 331625
201.245.192.253 - - [25/Oct/2023:00:05:21 -0500] "POST /kwsrmcab/Wsrmcab  HTTP/1.1" 200 40804
216.245.221.92 - - [25/Oct/2023:00:05:48 -0500] "HEAD / HTTP/1.1" 200 -
172.22.2.4 - - [25/Oct/2023:00:05:24 -0500] "HEAD /BLA/boletinlegal/ HTTP/1.1" 200 -
172.22.2.4 - - [25/Oct/2023:00:06:14 -0500] "GET /BLA/boletinlegal/ HTTP/1.1" 200 60331
172.22.2.4 - - [25/Oct/2023:00:08:21 -0500] "GET /BLA/boletinlegal/actos.php HTTP/1.1" 200 9682
172.22.2.4 - - [25/Oct/2023:00:08:21 -0500] "GET /BLA/boletinlegal/styles2.css HTTP/1.1" 200 1838
172.22.2.4 - - [25/Oct/2023:00:08:21 -0500] "GET /BLA/boletinlegal/niceforms-default.css HTTP/1.1" 200 6694
172.22.2.4 - - [25/Oct/2023:00:08:21 -0500] "GET /BLA/boletinlegal/js/ajax_actos.js HTTP/1.1" 200 1322
172.22.2.4 - - [25/Oct/2023:00:08:21 -0500] "GET /BLA/boletinlegal/js/lib.js HTTP/1.1" 200 6474
172.22.2.4 - - [25/Oct/2023:00:08:21 -0500] "GET /BLA/boletinlegal/style.css HTTP/1.1" 200 9406
172.22.2.4 - - [25/Oct/2023:00:08:21 -0500] "GET /BLA/boletinlegal/niceforms.js HTTP/1.1" 200 22876
172.22.2.4 - - [25/Oct/2023:00:08:21 -0500] "GET /BLA/boletinlegal/js/jquery1.js HTTP/1.1" 200 29846
172.22.2.4 - - [25/Oct/2023:00:08:21 -0500] "GET /BLA/boletinlegal/js/popup.js HTTP/1.1" 200 1270
172.22.2.4 - - [25/Oct/2023:00:08:21 -0500] "GET /BLA/boletinlegal/images/cabezote%20BLEGAL.jpg HTTP/1.1" 200 118164
172.22.2.4 - - [25/Oct/2023:00:08:21 -0500] "GET /BLA/boletinlegal/images/subscribe-icon-big.png HTTP/1.1" 200 47702
172.22.2.4 - - [25/Oct/2023:00:08:21 -0500] "GET /BLA/boletinlegal/images/historia.png HTTP/1.1" 200 52775
172.22.2.4 - - [25/Oct/2023:00:08:21 -0500] "GET /BLA/boletinlegal/images/green-yellow-blue-pink-th.png HTTP/1.1" 200 7394
172.22.2.4 - - [25/Oct/2023:00:08:21 -0500] "GET /BLA/boletinlegal/images/registro-usuarios.png HTTP/1.1" 200 8106
172.22.2.4 - - [25/Oct/2023:00:08:21 -0500] "GET /BLA/boletinlegal/images/tel.png HTTP/1.1" 200 14477
172.22.2.4 - - [25/Oct/2023:00:08:21 -0500] "GET /BLA/boletinlegal/images/icono-email.png HTTP/1.1" 200 5544
172.22.2.4 - - [25/Oct/2023:00:08:21 -0500] "GET /BLA/boletinlegal/images/body_bg.jpg HTTP/1.1" 200 1601
172.22.2.4 - - [25/Oct/2023:00:08:21 -0500] "GET /BLA/boletinlegal/images/menu_lft.gif HTTP/1.1" 200 1713
172.22.2.4 - - [25/Oct/2023:00:08:21 -0500] "GET /BLA/boletinlegal/images/menu_rght.gif HTTP/1.1" 200 1627
172.22.2.4 - - [25/Oct/2023:00:08:21 -0500] "GET /BLA/boletinlegal/images/bg_top.jpg HTTP/1.1" 200 522
172.22.2.4 - - [25/Oct/2023:00:08:21 -0500] "GET /BLA/boletinlegal/images/menu_bg.jpg HTTP/1.1" 200 620
172.22.2.4 - - [25/Oct/2023:00:08:21 -0500] "GET /BLA/boletinlegal/images/hover.jpg HTTP/1.1" 200 640
172.22.2.4 - - [25/Oct/2023:00:08:21 -0500] "GET /BLA/boletinlegal/images/text.jpg HTTP/1.1" 200 568
172.22.2.4 - - [25/Oct/2023:00:08:21 -0500] "GET /BLA/boletinlegal/images/footer_bg_l.jpg HTTP/1.1" 200 776
172.22.2.4 - - [25/Oct/2023:00:08:21 -0500] "GET /BLA/boletinlegal/images/footer_bg.jpg HTTP/1.1" 200 586
172.22.2.4 - - [25/Oct/2023:00:08:21 -0500] "GET /BLA/boletinlegal/img/0.png HTTP/1.1" 200 110
172.22.2.4 - - [25/Oct/2023:00:08:21 -0500] "GET /BLA/boletinlegal/img/select-left.png HTTP/1.1" 200 263
172.22.2.4 - - [25/Oct/2023:00:08:21 -0500] "GET /BLA/boletinlegal/img/select-right.png HTTP/1.1" 200 44019
172.22.2.4 - - [25/Oct/2023:00:08:21 -0500] "GET /BLA/boletinlegal/img/button-left.png HTTP/1.1" 200 57071
172.22.2.4 - - [25/Oct/2023:00:08:21 -0500] "GET /BLA/boletinlegal/img/button-right.png HTTP/1.1" 200 57878
172.22.2.4 - - [25/Oct/2023:00:08:21 -0500] "GET /BLA/boletinlegal/img/button.png HTTP/1.1" 200 43241
172.22.2.4 - - [25/Oct/2023:00:08:34 -0500] "GET /BLA/boletinlegal/consulta_actos.php?tipo=resoluciones&no=&usuario=&sector=&fecha=2009&resuelve=rio%20fucha HTTP/1.1" 200 626
172.22.2.4 - - [25/Oct/2023:00:08:37 -0500] "GET /BLA/boletinlegal/consulta_actos.php?tipo=resoluciones&no=&usuario=&sector=&fecha=2010&resuelve=rio%20fucha HTTP/1.1" 200 626
172.22.2.4 - - [25/Oct/2023:00:08:41 -0500] "GET /BLA/boletinlegal/consulta_actos.php?tipo=resoluciones&no=&usuario=&sector=&fecha=2011&resuelve=rio%20fucha HTTP/1.1" 200 626
66.249.66.21 - - [25/Oct/2023:00:08:41 -0500] "GET /BLA/resoluciones/RESOLUCIONES%202009/8035.pdf HTTP/1.1" 200 419672
172.22.2.4 - - [25/Oct/2023:00:08:43 -0500] "GET /BLA/boletinlegal/consulta_actos.php?tipo=resoluciones&no=&usuario=&sector=&fecha=2012&resuelve=rio%20fucha HTTP/1.1" 200 626
172.22.2.4 - - [25/Oct/2023:00:08:45 -0500] "GET /BLA/boletinlegal/consulta_actos.php?tipo=resoluciones&no=&usuario=&sector=&fecha=2013&resuelve=rio%20fucha HTTP/1.1" 200 626
172.22.2.4 - - [25/Oct/2023:00:08:47 -0500] "GET /BLA/boletinlegal/consulta_actos.php?tipo=resoluciones&no=&usuario=&sector=&fecha=2014&resuelve=rio%20fucha HTTP/1.1" 200 626
52.167.144.212 - - [25/Oct/2023:00:09:25 -0500] "GET /Publicaciones/2023EE245408.pdf HTTP/1.1" 200 3018110
201.245.192.253 - - [25/Oct/2023:00:10:20 -0500] "POST /kwsrmcab/Wsrmcab  HTTP/1.1" 200 40804
216.245.221.92 - - [25/Oct/2023:00:10:47 -0500] "HEAD / HTTP/1.1" 200 -
193.42.32.109 - - [25/Oct/2023:00:11:11 -0500] "GET /.env HTTP/1.1" 404 1018
193.42.32.109 - - [25/Oct/2023:00:11:15 -0500] "POST / HTTP/1.1" 200 319
172.22.2.4 - - [25/Oct/2023:00:10:08 -0500] "GET /BLA/boletinlegal/ HTTP/1.1" 200 57596
172.22.2.4 - - [25/Oct/2023:00:11:14 -0500] "HEAD /BLA/boletinlegal/ HTTP/1.1" 200 -
20.15.133.185 - - [25/Oct/2023:00:13:46 -0500] "GET /BLA/resoluciones/AUTOS%202023/4157.pdf HTTP/1.1" 200 428114
20.15.133.185 - - [25/Oct/2023:00:13:47 -0500] "GET /BLA/resoluciones/AUTOS%202023/6699.pdf HTTP/1.1" 200 513422
172.22.2.4 - - [25/Oct/2023:00:12:14 -0500] "GET /BLA/boletinlegal/ HTTP/1.1" 200 59129
152.61.192.232 - - [25/Oct/2023:00:14:01 -0500] "GET / HTTP/1.1" 200 319
52.167.144.235 - - [25/Oct/2023:00:15:02 -0500] "GET /BLA/resoluciones/AUTOS%202023/4962.pdf HTTP/1.1" 200 333337
52.167.144.235 - - [25/Oct/2023:00:15:03 -0500] "GET /BLA/resoluciones/RESOLUCIONES%202023/1581.pdf HTTP/1.1" 200 462673
201.245.192.253 - - [25/Oct/2023:00:15:19 -0500] "POST /kwsrmcab/Wsrmcab  HTTP/1.1" 200 40804
216.245.221.92 - - [25/Oct/2023:00:15:48 -0500] "HEAD / HTTP/1.1" 200 -
201.245.192.253 - - [25/Oct/2023:00:17:05 -0500] "POST /kwsrmcab/Wsrmcab HTTP/1.1" 200 40788
201.245.192.253 - - [25/Oct/2023:00:17:08 -0500] "POST /kwsrmcab/Wsrmcab HTTP/1.1" 200 39315
172.22.2.4 - - [25/Oct/2023:00:17:13 -0500] "HEAD /BLA/boletinlegal/ HTTP/1.1" 200 -
172.22.2.4 - - [25/Oct/2023:00:18:03 -0500] "GET /BLA/boletinlegal/ HTTP/1.1" 200 57957
201.245.192.253 - - [25/Oct/2023:00:20:09 -0500] "POST /kwsrmcab/Wsrmcab HTTP/1.1" 200 40788
201.245.192.253 - - [25/Oct/2023:00:20:11 -0500] "POST /kwsrmcab/Wsrmcab HTTP/1.1" 200 39315
201.245.192.253 - - [25/Oct/2023:00:20:18 -0500] "POST /kwsrmcab/Wsrmcab  HTTP/1.1" 200 40804
216.245.221.92 - - [25/Oct/2023:00:20:48 -0500] "HEAD / HTTP/1.1" 200 -
66.249.66.21 - - [25/Oct/2023:00:21:22 -0500] "GET /BLA/resoluciones/AUTOS%202014/5640.pdf HTTP/1.1" 200 206044
66.249.66.19 - - [25/Oct/2023:00:22:01 -0500] "GET /Publicaciones/2022EE253046.pdf HTTP/1.1" 404 228
152.203.140.233 - - [25/Oct/2023:00:22:31 -0500] "GET /BLA/resoluciones/dlf/styles.css HTTP/1.1" 200 3049
152.203.140.233 - - [25/Oct/2023:00:22:31 -0500] "GET /BLA/resoluciones/dlf/pdf.gif HTTP/1.1" 200 272
152.203.140.233 - - [25/Oct/2023:00:22:31 -0500] "GET /BLA/resoluciones/dlf/dirup.png HTTP/1.1" 200 644
152.203.140.233 - - [25/Oct/2023:00:22:31 -0500] "GET /BLA/resoluciones/dlf/bg.gif HTTP/1.1" 200 54
152.203.140.233 - - [25/Oct/2023:00:22:31 -0500] "GET /BLA/resoluciones/index.php?dir=RESOLUCIONES+2011%2F HTTP/1.1" 200 745419
152.61.128.50 - - [25/Oct/2023:00:23:24 -0500] "GET / HTTP/1.1" 200 319
40.77.167.28 - - [25/Oct/2023:00:23:27 -0500] "GET /Publicaciones/2023EE246270.pdf HTTP/1.1" 200 497609
185.15.56.22 - - [25/Oct/2023:00:24:07 -0500] "HEAD /POT-2013/Cartografia/Anexo01_Sistema_Hidrico.pdf HTTP/1.1" 200 -
66.249.66.21 - - [25/Oct/2023:00:24:19 -0500] "GET /BLA/resoluciones/AUTOS%202007/3104.pdf HTTP/1.1" 200 281754
172.22.2.4 - - [25/Oct/2023:00:23:03 -0500] "HEAD /BLA/boletinlegal/ HTTP/1.1" 200 -
201.245.192.253 - - [25/Oct/2023:00:25:17 -0500] "POST /kwsrmcab/Wsrmcab  HTTP/1.1" 200 40804
172.22.2.4 - - [25/Oct/2023:00:23:53 -0500] "GET /BLA/boletinlegal/ HTTP/1.1" 200 60682
216.245.221.92 - - [25/Oct/2023:00:25:47 -0500] "HEAD / HTTP/1.1" 200 -
201.245.192.253 - - [25/Oct/2023:00:27:05 -0500] "POST /kwsrmcab/Wsrmcab HTTP/1.1" 200 40788
201.245.192.253 - - [25/Oct/2023:00:27:07 -0500] "POST /kwsrmcab/Wsrmcab HTTP/1.1" 200 39315
172.22.2.4 - - [25/Oct/2023:00:28:49 -0500] "GET /BLA/boletinlegal/jurisprudencia/analisis/AnalisisT-606-15.docx HTTP/1.1" 200 26698
172.22.2.4 - - [25/Oct/2023:00:28:50 -0500] "GET /BLA/boletinlegal/apple-touch-icon-120x120-precomposed.png HTTP/1.1" 404 1140
172.22.2.4 - - [25/Oct/2023:00:28:50 -0500] "GET /BLA/boletinlegal/apple-touch-icon-120x120.png HTTP/1.1" 404 1140
172.22.2.4 - - [25/Oct/2023:00:28:50 -0500] "GET /BLA/boletinlegal/apple-touch-icon-precomposed.png HTTP/1.1" 404 1140
172.22.2.4 - - [25/Oct/2023:00:28:50 -0500] "GET /BLA/boletinlegal/apple-touch-icon.png HTTP/1.1" 404 1140
172.22.2.4 - - [25/Oct/2023:00:28:50 -0500] "GET /BLA/boletinlegal/favicon.ico HTTP/1.1" 404 1140
172.22.2.4 - - [25/Oct/2023:00:28:50 -0500] "GET /BLA/boletinlegal/apple-touch-icon-120x120-precomposed.png HTTP/1.1" 404 1140
172.22.2.4 - - [25/Oct/2023:00:28:50 -0500] "GET /BLA/boletinlegal/apple-touch-icon-120x120.png HTTP/1.1" 404 1140
172.22.2.4 - - [25/Oct/2023:00:28:50 -0500] "GET /BLA/boletinlegal/apple-touch-icon-precomposed.png HTTP/1.1" 404 1140
172.22.2.4 - - [25/Oct/2023:00:28:50 -0500] "GET /BLA/boletinlegal/apple-touch-icon.png HTTP/1.1" 404 1140
172.22.2.4 - - [25/Oct/2023:00:28:50 -0500] "GET /BLA/boletinlegal/favicon.ico HTTP/1.1" 404 1140
201.245.192.253 - - [25/Oct/2023:00:30:09 -0500] "POST /kwsrmcab/Wsrmcab HTTP/1.1" 200 40788
201.245.192.253 - - [25/Oct/2023:00:30:12 -0500] "POST /kwsrmcab/Wsrmcab HTTP/1.1" 200 39315
201.245.192.253 - - [25/Oct/2023:00:30:16 -0500] "POST /kwsrmcab/Wsrmcab  HTTP/1.1" 200 40804
172.22.2.4 - - [25/Oct/2023:00:28:53 -0500] "HEAD /BLA/boletinlegal/ HTTP/1.1" 200 -
216.245.221.92 - - [25/Oct/2023:00:30:47 -0500] "HEAD / HTTP/1.1" 200 -
172.22.2.4 - - [25/Oct/2023:00:29:43 -0500] "GET /BLA/boletinlegal/ HTTP/1.1" 200 57957
201.245.192.253 - - [25/Oct/2023:00:35:14 -0500] "POST /kwsrmcab/Wsrmcab  HTTP/1.1" 200 40804
172.22.2.4 - - [25/Oct/2023:00:35:47 -0500] "GET /BLA/boletinlegal/jurisprudencia/analisis/CUADRO%20SENTENCIA%20T-299%20DE%202008.doc HTTP/1.1" 200 40960
216.245.221.92 - - [25/Oct/2023:00:35:47 -0500] "HEAD / HTTP/1.1" 200 -
172.22.2.4 - - [25/Oct/2023:00:34:43 -0500] "HEAD /BLA/boletinlegal/ HTTP/1.1" 200 -
201.245.192.253 - - [25/Oct/2023:00:37:06 -0500] "POST /kwsrmcab/Wsrmcab HTTP/1.1" 200 40788
201.245.192.253 - - [25/Oct/2023:00:37:10 -0500] "POST /kwsrmcab/Wsrmcab HTTP/1.1" 200 39315
172.22.2.4 - - [25/Oct/2023:00:35:33 -0500] "GET /BLA/boletinlegal/ HTTP/1.1" 200 58309
52.167.144.161 - - [25/Oct/2023:00:38:05 -0500] "GET /Publicaciones/2023EE229939.pdf HTTP/1.1" 404 228
20.27.20.29 - - [25/Oct/2023:00:39:06 -0500] "GET /Publicaciones/2023EE229939.pdf HTTP/1.1" 404 228
201.245.192.253 - - [25/Oct/2023:00:40:10 -0500] "POST /kwsrmcab/Wsrmcab HTTP/1.1" 200 40788
201.245.192.253 - - [25/Oct/2023:00:40:12 -0500] "POST /kwsrmcab/Wsrmcab HTTP/1.1" 200 39315
201.245.192.253 - - [25/Oct/2023:00:40:14 -0500] "POST /kwsrmcab/Wsrmcab  HTTP/1.1" 200 40804
216.245.221.92 - - [25/Oct/2023:00:40:47 -0500] "HEAD / HTTP/1.1" 200 -
172.22.2.4 - - [25/Oct/2023:00:40:33 -0500] "HEAD /BLA/boletinlegal/ HTTP/1.1" 200 -
40.77.167.70 - - [25/Oct/2023:00:42:55 -0500] "GET /BLA/resoluciones/RESOLUCIONES%202023/1744.pdf HTTP/1.1" 200 378836
172.22.2.4 - - [25/Oct/2023:00:41:23 -0500] "GET /BLA/boletinlegal/ HTTP/1.1" 200 58309
201.245.192.253 - - [25/Oct/2023:00:45:13 -0500] "POST /kwsrmcab/Wsrmcab  HTTP/1.1" 200 40804
216.245.221.92 - - [25/Oct/2023:00:45:47 -0500] "HEAD / HTTP/1.1" 200 -
66.249.66.19 - - [25/Oct/2023:00:47:23 -0500] "GET /Publicaciones/2023EE221737.pdf HTTP/1.1" 404 228
172.22.2.4 - - [25/Oct/2023:00:46:23 -0500] "HEAD /BLA/boletinlegal/ HTTP/1.1" 200 -
172.22.2.4 - - [25/Oct/2023:00:47:13 -0500] "GET /BLA/boletinlegal/ HTTP/1.1" 200 60331
34.32.130.94 - - [25/Oct/2023:00:49:27 -0500] "GET /caminatas-ecologicas-un-plan-imperdible-para-octubre.html HTTP/1.1" 200 747
201.245.192.253 - - [25/Oct/2023:00:50:12 -0500] "POST /kwsrmcab/Wsrmcab  HTTP/1.1" 200 40804
216.245.221.92 - - [25/Oct/2023:00:50:47 -0500] "HEAD / HTTP/1.1" 200 -
152.61.192.232 - - [25/Oct/2023:00:51:22 -0500] "GET /arcgis/services/Calidad_del_Agua_WQI/MapServer/WMSServer?request=GetCapabilities&service=WMS HTTP/1.1" 503 1020
152.61.192.232 - - [25/Oct/2023:00:51:24 -0500] "GET /arcgis/services/Calidad_del_Agua_WQI/MapServer/WMSServer?SERVICE=WMS&REQUEST=GetCapabilities HTTP/1.1" 503 1020
152.61.192.232 - - [25/Oct/2023:00:51:24 -0500] "GET /arcgis/services/Calidad_del_Agua_WQI/MapServer/WMSServer?WMTVER=1.0.0&REQUEST=capabilities HTTP/1.1" 503 1020
52.167.144.222 - - [25/Oct/2023:00:53:36 -0500] "GET /Publicaciones/2023EE243370.pdf HTTP/1.1" 200 478173
66.249.66.19 - - [25/Oct/2023:00:53:47 -0500] "GET /BLA/resoluciones/RESOLUCIONES%202011/3514.pdf HTTP/1.1" 200 440045
172.22.2.4 - - [25/Oct/2023:00:52:12 -0500] "HEAD /BLA/boletinlegal/ HTTP/1.1" 200 -
172.22.2.4 - - [25/Oct/2023:00:53:03 -0500] "GET /BLA/boletinlegal/ HTTP/1.1" 200 60682
66.249.66.19 - - [25/Oct/2023:00:54:49 -0500] "GET /BLA/resoluciones/RESOLUCIONES%202012/0717.pdf HTTP/1.1" 200 176594
201.245.192.253 - - [25/Oct/2023:00:55:11 -0500] "POST /kwsrmcab/Wsrmcab  HTTP/1.1" 200 40804
216.245.221.92 - - [25/Oct/2023:00:55:47 -0500] "HEAD / HTTP/1.1" 200 -
52.167.144.233 - - [25/Oct/2023:00:58:12 -0500] "GET /Publicaciones/2023EE245712.pdf HTTP/1.1" 200 422110
172.22.2.4 - - [25/Oct/2023:00:58:02 -0500] "HEAD /BLA/boletinlegal/ HTTP/1.1" 200 -
201.245.192.253 - - [25/Oct/2023:01:00:09 -0500] "POST /kwsrmcab/Wsrmcab  HTTP/1.1" 200 40804
172.22.2.4 - - [25/Oct/2023:00:58:53 -0500] "GET /BLA/boletinlegal/ HTTP/1.1" 200 60331
216.245.221.92 - - [25/Oct/2023:01:00:47 -0500] "HEAD / HTTP/1.1" 200 -
66.249.66.20 - - [25/Oct/2023:01:02:42 -0500] "GET /BLA/resoluciones/RESOLUCIONES%202007/RES%202007%203801%20AL%203900/RESOLUCION%203870%20DE%202007.pdf HTTP/1.1" 200 308289
52.167.144.209 - - [25/Oct/2023:01:03:22 -0500] "GET /Publicaciones/2023EE245089.pdf HTTP/1.1" 200 231966
66.249.66.20 - - [25/Oct/2023:01:03:28 -0500] "GET /galeria/nivo-slider/demo/images/gobierno%20digital-01.jpg HTTP/1.1" 200 116163
66.249.66.20 - - [25/Oct/2023:01:03:28 -0500] "GET /galeria/nivo-slider/demo/images/BANNER%20punto.jpg HTTP/1.1" 200 75932
201.245.192.253 - - [25/Oct/2023:01:05:08 -0500] "POST /kwsrmcab/Wsrmcab  HTTP/1.1" 200 40804
172.22.2.4 - - [25/Oct/2023:01:03:52 -0500] "HEAD /BLA/boletinlegal/ HTTP/1.1" 200 -
216.245.221.92 - - [25/Oct/2023:01:05:47 -0500] "HEAD / HTTP/1.1" 200 -
172.22.2.4 - - [25/Oct/2023:01:04:43 -0500] "GET /BLA/boletinlegal/ HTTP/1.1" 200 58309
178.79.188.190 - - [25/Oct/2023:01:06:47 -0500] "GET /wp-login.php HTTP/1.1" 404 1035
66.249.66.19 - - [25/Oct/2023:01:07:48 -0500] "GET /Residuos/pinturas/pinturas.html HTTP/1.1" 200 1959
66.249.66.37 - - [25/Oct/2023:01:09:48 -0500] "GET /los-pies-descalzos-que-recorrieron-chinavita-boyaca-y-que-hoy-siembran-esperanza-en-bogota.html HTTP/1.1" 304 -
66.249.66.20 - - [25/Oct/2023:01:08:26 -0500] "GET /BLA/boletinlegal/index.php? HTTP/1.1" 200 60331
66.249.66.19 - - [25/Oct/2023:01:10:06 -0500] "GET /BLA/resoluciones/AUTOS%202008/1015.pdf HTTP/1.1" 200 366911
66.249.66.19 - - [25/Oct/2023:01:10:08 -0500] "GET /BLA/boletinlegal/styles2.css HTTP/1.1" 200 1838
201.245.192.253 - - [25/Oct/2023:01:10:06 -0500] "POST /kwsrmcab/Wsrmcab  HTTP/1.1" 200 40804
216.245.221.92 - - [25/Oct/2023:01:10:47 -0500] "HEAD / HTTP/1.1" 200 -
172.22.2.4 - - [25/Oct/2023:01:09:42 -0500] "HEAD /BLA/boletinlegal/ HTTP/1.1" 200 -
40.77.167.60 - - [25/Oct/2023:01:11:29 -0500] "GET /Publicaciones/2023EE244837.pdf HTTP/1.1" 200 231483
123.126.50.98 - - [25/Oct/2023:01:11:37 -0500] "GET / HTTP/1.1" 200 319
172.22.2.4 - - [25/Oct/2023:01:10:33 -0500] "GET /BLA/boletinlegal/ HTTP/1.1" 200 57957
66.249.66.19 - - [25/Oct/2023:01:12:37 -0500] "GET /portel_dama/libreria/pdf/ecosistemas/areas_prot/sitio/xtras/2.pdf HTTP/1.1" 404 1018
95.111.225.53 - - [25/Oct/2023:01:13:32 -0500] "GET / HTTP/1.0" 200 319
152.61.128.50 - - [25/Oct/2023:01:14:02 -0500] "GET /arcgis/services/Calidad_del_Agua_WQI/MapServer/WMSServer?request=GetCapabilities&service=WMS HTTP/1.1" 503 1020
152.61.128.50 - - [25/Oct/2023:01:14:03 -0500] "GET /arcgis/services/Calidad_del_Agua_WQI/MapServer/WMSServer?SERVICE=WMS&REQUEST=GetCapabilities HTTP/1.1" 503 1020
152.61.128.50 - - [25/Oct/2023:01:14:04 -0500] "GET /arcgis/services/Calidad_del_Agua_WQI/MapServer/WMSServer?WMTVER=1.0.0&REQUEST=capabilities HTTP/1.1" 503 1020
40.77.167.53 - - [25/Oct/2023:01:14:05 -0500] "GET /Publicaciones/2023EE244962.pdf HTTP/1.1" 200 231906
201.245.192.253 - - [25/Oct/2023:01:15:06 -0500] "POST /kwsrmcab/Wsrmcab  HTTP/1.1" 200 40804
216.245.221.92 - - [25/Oct/2023:01:15:47 -0500] "HEAD / HTTP/1.1" 200 -
201.245.192.253 - - [25/Oct/2023:01:17:05 -0500] "POST /kwsrmcab/Wsrmcab HTTP/1.1" 200 40658
201.245.192.253 - - [25/Oct/2023:01:17:08 -0500] "POST /kwsrmcab/Wsrmcab HTTP/1.1" 200 39320
172.22.2.4 - - [25/Oct/2023:01:15:32 -0500] "HEAD /BLA/boletinlegal/ HTTP/1.1" 200 -
52.167.144.22 - - [25/Oct/2023:01:17:45 -0500] "GET /portaldeninos/wp-content/uploads/2020/01/Fauna-gif.gif HTTP/1.1" 200 3779027
172.22.2.4 - - [25/Oct/2023:01:16:26 -0500] "GET /BLA/boletinlegal/ HTTP/1.1" 200 58309
201.245.192.253 - - [25/Oct/2023:01:20:05 -0500] "POST /kwsrmcab/Wsrmcab  HTTP/1.1" 200 40804
201.245.192.253 - - [25/Oct/2023:01:20:09 -0500] "POST /kwsrmcab/Wsrmcab HTTP/1.1" 200 40658
201.245.192.253 - - [25/Oct/2023:01:20:13 -0500] "POST /kwsrmcab/Wsrmcab HTTP/1.1" 200 39320
40.77.167.61 - - [25/Oct/2023:01:20:19 -0500] "GET /forest/ HTTP/1.1" 200 12041
216.245.221.92 - - [25/Oct/2023:01:20:47 -0500] "HEAD / HTTP/1.1" 200 -
51.222.253.14 - - [25/Oct/2023:01:22:21 -0500] "GET /galeria/galeria/jquery.fancybox.css?v=2.1.5 HTTP/1.1" 200 4895
66.249.66.20 - - [25/Oct/2023:01:22:27 -0500] "GET /BLA/resoluciones/AUTOS%202022/0355.pdf HTTP/1.1" 200 467970
172.22.2.4 - - [25/Oct/2023:01:21:25 -0500] "HEAD /BLA/boletinlegal/ HTTP/1.1" 200 -
172.22.2.4 - - [25/Oct/2023:01:22:16 -0500] "GET /BLA/boletinlegal/ HTTP/1.1" 200 60682
201.245.192.253 - - [25/Oct/2023:01:25:05 -0500] "POST /kwsrmcab/Wsrmcab  HTTP/1.1" 200 40804
185.180.143.7 - - [25/Oct/2023:01:25:43 -0500] "GET / HTTP/1.1" 200 319
185.180.143.7 - - [25/Oct/2023:01:25:45 -0500] "GET /showLogin.cc HTTP/1.1" 404 1018
216.245.221.92 - - [25/Oct/2023:01:25:47 -0500] "HEAD / HTTP/1.1" 200 -
40.77.167.61 - - [25/Oct/2023:01:25:59 -0500] "GET /Publicaciones/2023EE213441.pdf HTTP/1.1" 404 228
54.234.245.96 - - [25/Oct/2023:01:26:22 -0500] "GET / HTTP/1.1" 200 319
172.22.2.4 - - [25/Oct/2023:01:26:17 -0500] "GET /BLA/boletinlegal/ HTTP/1.1" 200 24523
201.245.192.253 - - [25/Oct/2023:01:27:05 -0500] "POST /kwsrmcab/Wsrmcab HTTP/1.1" 200 40658
201.245.192.253 - - [25/Oct/2023:01:27:09 -0500] "POST /kwsrmcab/Wsrmcab HTTP/1.1" 200 39320
172.22.2.4 - - [25/Oct/2023:01:27:15 -0500] "HEAD /BLA/boletinlegal/ HTTP/1.1" 200 -
172.22.2.4 - - [25/Oct/2023:01:28:06 -0500] "GET /BLA/boletinlegal/ HTTP/1.1" 200 60682
201.245.192.253 - - [25/Oct/2023:01:30:04 -0500] "POST /kwsrmcab/Wsrmcab  HTTP/1.1" 200 40804
201.245.192.253 - - [25/Oct/2023:01:30:09 -0500] "POST /kwsrmcab/Wsrmcab HTTP/1.1" 200 40658
201.245.192.253 - - [25/Oct/2023:01:30:12 -0500] "POST /kwsrmcab/Wsrmcab HTTP/1.1" 200 39320
216.245.221.92 - - [25/Oct/2023:01:30:47 -0500] "HEAD / HTTP/1.1" 200 -
114.119.158.97 - - [25/Oct/2023:01:31:11 -0500] "GET /BLA/resoluciones/index.php?dir=AUTOS%2B1997/&sort=date&order=asc HTTP/1.1" 200 13882
172.22.2.4 - - [25/Oct/2023:01:31:43 -0500] "GET /BLA/boletinlegal/Directivas/2016/Directiva%20No.%2002%20del%2019%20de%20Abril%20de%202016.pdf HTTP/1.1" 200 11898321
40.77.167.27 - - [25/Oct/2023:01:34:35 -0500] "GET /BLA/resoluciones/AUTOS%202022/6377.pdf HTTP/1.1" 304 -
168.138.105.69 - - [25/Oct/2023:01:34:44 -0500] "GET /galeria/galeria/fotos/diaSC3Peq.jpg HTTP/1.1" 200 24913
172.22.2.4 - - [25/Oct/2023:01:33:05 -0500] "HEAD /BLA/boletinlegal/ HTTP/1.1" 200 -
201.245.192.253 - - [25/Oct/2023:01:35:02 -0500] "POST /kwsrmcab/Wsrmcab  HTTP/1.1" 200 40804
172.22.2.4 - - [25/Oct/2023:01:33:57 -0500] "GET /BLA/boletinlegal/ HTTP/1.1" 200 58309
65.141.6.170 - - [25/Oct/2023:01:35:41 -0500] "GET /api/.env HTTP/1.1" 404 1018
65.141.6.170 - - [25/Oct/2023:01:35:42 -0500] "POST /api HTTP/1.1" 404 1018
216.245.221.92 - - [25/Oct/2023:01:35:47 -0500] "HEAD / HTTP/1.1" 200 -
201.245.192.253 - - [25/Oct/2023:01:37:05 -0500] "POST /kwsrmcab/Wsrmcab HTTP/1.1" 200 40658
201.245.192.253 - - [25/Oct/2023:01:37:08 -0500] "POST /kwsrmcab/Wsrmcab HTTP/1.1" 200 39320
173.252.79.120 - - [25/Oct/2023:01:37:48 -0500] "GET /images/presentaci\xc3\xb3n%20convenci\xc3\xb3n.jpg HTTP/1.1" 404 1034
31.13.103.1 - - [25/Oct/2023:01:37:49 -0500] "GET /ingresar-a-los-cuerpos-de-agua-de-los-humedales-esta-prohibido-no-arriesgues-tu-vida-por-unos-me-gusta.html HTTP/1.1" 200 894
31.13.103.111 - - [25/Oct/2023:01:37:49 -0500] "GET /ingresar-a-los-cuerpos-de-agua-de-los-humedales-esta-prohibido-no-arriesgues-tu-vida-por-unos-me-gusta.html HTTP/1.1" 200 894
31.13.103.8 - - [25/Oct/2023:01:37:49 -0500] "GET /ingresar-a-los-cuerpos-de-agua-de-los-humedales-esta-prohibido-no-arriesgues-tu-vida-por-unos-me-gusta.html HTTP/1.1" 200 894
31.13.103.15 - - [25/Oct/2023:01:37:49 -0500] "GET /ingresar-a-los-cuerpos-de-agua-de-los-humedales-esta-prohibido-no-arriesgues-tu-vida-por-unos-me-gusta.html HTTP/1.1" 200 894
201.245.192.253 - - [25/Oct/2023:01:40:01 -0500] "POST /kwsrmcab/Wsrmcab  HTTP/1.1" 200 40804
201.245.192.253 - - [25/Oct/2023:01:40:09 -0500] "POST /kwsrmcab/Wsrmcab HTTP/1.1" 200 40658
201.245.192.253 - - [25/Oct/2023:01:40:12 -0500] "POST /kwsrmcab/Wsrmcab HTTP/1.1" 200 39320
172.22.2.4 - - [25/Oct/2023:01:38:56 -0500] "HEAD /BLA/boletinlegal/ HTTP/1.1" 200 -
216.245.221.92 - - [25/Oct/2023:01:40:47 -0500] "HEAD / HTTP/1.1" 200 -
172.22.2.4 - - [25/Oct/2023:01:39:47 -0500] "GET /BLA/boletinlegal/ HTTP/1.1" 200 58309
66.249.66.19 - - [25/Oct/2023:01:42:22 -0500] "GET /silvicultura/1.pdf HTTP/1.1" 304 -
201.245.192.253 - - [25/Oct/2023:01:45:01 -0500] "POST /kwsrmcab/Wsrmcab  HTTP/1.1" 200 40804
40.77.167.43 - - [25/Oct/2023:01:45:45 -0500] "GET /Publicaciones/2023EE245185.pdf HTTP/1.1" 200 231839
216.245.221.92 - - [25/Oct/2023:01:45:47 -0500] "HEAD / HTTP/1.1" 200 -
172.22.2.4 - - [25/Oct/2023:01:44:46 -0500] "HEAD /BLA/boletinlegal/ HTTP/1.1" 200 -
192.177.165.165 - - [25/Oct/2023:01:46:29 -0500] "GET /portaldeninos/ HTTP/1.1" 200 110175
156.239.38.65 - - [25/Oct/2023:01:46:36 -0500] "GET /portaldeninos/wp-admin/admin-ajax.php HTTP/1.1" 400 1
154.201.56.140 - - [25/Oct/2023:01:46:39 -0500] "GET /portaldeninos/wp-admin/admin-ajax.php?action=register HTTP/1.1" 400 1
172.22.2.4 - - [25/Oct/2023:01:45:37 -0500] "GET /BLA/boletinlegal/ HTTP/1.1" 200 58309
69.63.184.117 - - [25/Oct/2023:01:48:43 -0500] "GET /abierta-convocatoria-para-postular-a-organizaciones-que-desarrollan-actividades-de-voluntariado-ambiental-en-bogota.html HTTP/1.1" 200 880
201.245.192.253 - - [25/Oct/2023:01:50:01 -0500] "POST /kwsrmcab/Wsrmcab  HTTP/1.1" 200 40804
216.245.221.92 - - [25/Oct/2023:01:50:47 -0500] "HEAD / HTTP/1.1" 200 -
66.249.66.38 - - [25/Oct/2023:01:51:09 -0500] "GET /ojo-con-los-arboles-en-la-temporada-de-vientos.html HTTP/1.1" 200 769
114.119.135.66 - - [25/Oct/2023:01:52:01 -0500] "GET /BLA/resoluciones/index.php?dir=Notificaciones/AUTOS%2B2018/&sort=date&order=desc HTTP/1.1" 200 13943
172.22.2.4 - - [25/Oct/2023:01:50:36 -0500] "HEAD /BLA/boletinlegal/ HTTP/1.1" 200 -
172.22.2.4 - - [25/Oct/2023:01:51:27 -0500] "GET /BLA/boletinlegal/ HTTP/1.1" 200 60682
114.119.155.236 - - [25/Oct/2023:01:53:10 -0500] "GET /BLA/resoluciones/index.php?dir=Notificaciones/AUTOS%2B2023/&sort=name&order=asc HTTP/1.1" 200 13944
66.249.66.38 - - [25/Oct/2023:01:54:48 -0500] "GET /con-plantacion-de-arboles-sigue-la-consolidacion-de-los-conectores-ecosistemicos-en-bogota.html HTTP/1.1" 200 896
201.245.192.253 - - [25/Oct/2023:01:55:00 -0500] "POST /kwsrmcab/Wsrmcab  HTTP/1.1" 200 40804
40.77.167.23 - - [25/Oct/2023:01:55:22 -0500] "GET /BLA/resoluciones/index.php?dir=RESOLUCIONES+2023%2F HTTP/1.1" 200 98815
216.245.221.92 - - [25/Oct/2023:01:55:47 -0500] "HEAD / HTTP/1.1" 200 -
40.77.167.5 - - [25/Oct/2023:01:56:47 -0500] "GET /portaldeninos/wp-content/uploads/2022/08/Infograf%C3%ADa-humedales-actualizada.png HTTP/1.1" 200 588022
52.167.144.182 - - [25/Oct/2023:01:57:42 -0500] "GET /BLA/resoluciones/RESOLUCIONES%202023/0257.pdf HTTP/1.1" 200 1181211
172.22.2.4 - - [25/Oct/2023:01:56:26 -0500] "HEAD /BLA/boletinlegal/ HTTP/1.1" 200 -
172.22.2.4 - - [25/Oct/2023:01:57:17 -0500] "GET /BLA/boletinlegal/ HTTP/1.1" 200 58309
35.204.173.242 - - [25/Oct/2023:01:59:39 -0500] "GET /caminatas-ecologicas-un-plan-imperdible-para-octubre.html HTTP/1.1" 200 747
201.245.192.253 - - [25/Oct/2023:01:59:59 -0500] "POST /kwsrmcab/Wsrmcab  HTTP/1.1" 200 40804
14.116.239.33 - - [25/Oct/2023:02:00:37 -0500] "GET /galeria/galeria/fotos/3humedal-Burro3P.jpg HTTP/1.1" 200 8564
216.245.221.92 - - [25/Oct/2023:02:00:47 -0500] "HEAD / HTTP/1.1" 200 -
66.249.66.39 - - [25/Oct/2023:02:03:29 -0500] "GET /camaras-trampa HTTP/1.1" 404 1034
172.22.2.4 - - [25/Oct/2023:02:02:16 -0500] "HEAD /BLA/boletinlegal/ HTTP/1.1" 200 -
172.22.2.4 - - [25/Oct/2023:02:03:07 -0500] "GET /BLA/boletinlegal/ HTTP/1.1" 200 58309
201.245.192.253 - - [25/Oct/2023:02:04:58 -0500] "POST /kwsrmcab/Wsrmcab  HTTP/1.1" 200 40804
216.245.221.92 - - [25/Oct/2023:02:05:47 -0500] "HEAD / HTTP/1.1" 200 -
172.22.2.4 - - [25/Oct/2023:02:08:55 -0500] "GET /BLA/boletinlegal/Circulares/2023/CIRCULAR%20No.%2000009%20DEL%2010%20DE%20OCTUBRE%20DEL%202023.pdf HTTP/1.1" 200 529599
172.22.2.4 - - [25/Oct/2023:02:08:06 -0500] "HEAD /BLA/boletinlegal/ HTTP/1.1" 200 -
201.245.192.253 - - [25/Oct/2023:02:09:58 -0500] "POST /kwsrmcab/Wsrmcab  HTTP/1.1" 200 40804
