181.56.171.197 - - [06/Nov/2023:18:26:08 -0500] "POST /sipse/faces/presentacion/financiero/solicitudProceso/listarSolicitudProceso.xhtml HTTP/1.1" 200 57876
181.56.171.197 - - [06/Nov/2023:18:26:08 -0500] "POST /sipse/faces/presentacion/financiero/solicitudProceso/listarSolicitudProceso.xhtml HTTP/1.1" 200 57876
181.56.171.197 - - [06/Nov/2023:18:26:08 -0500] "POST /sipse/faces/presentacion/financiero/solicitudProceso/listarSolicitudProceso.xhtml HTTP/1.1" 200 57876
181.56.171.197 - - [06/Nov/2023:18:26:09 -0500] "POST /sipse/faces/presentacion/financiero/solicitudProceso/listarSolicitudProceso.xhtml HTTP/1.1" 200 57876
181.56.171.197 - - [06/Nov/2023:18:26:09 -0500] "POST /sipse/faces/presentacion/financiero/solicitudProceso/listarSolicitudProceso.xhtml HTTP/1.1" 200 57876
181.56.171.197 - - [06/Nov/2023:18:26:09 -0500] "POST /sipse/faces/presentacion/financiero/solicitudProceso/listarSolicitudProceso.xhtml HTTP/1.1" 200 57876
181.56.171.197 - - [06/Nov/2023:18:26:10 -0500] "POST /sipse/faces/presentacion/financiero/solicitudProceso/listarSolicitudProceso.xhtml HTTP/1.1" 200 57876
181.56.171.197 - - [06/Nov/2023:18:26:10 -0500] "POST /sipse/faces/presentacion/financiero/solicitudProceso/listarSolicitudProceso.xhtml HTTP/1.1" 200 57876
181.56.171.197 - - [06/Nov/2023:18:26:10 -0500] "POST /sipse/faces/presentacion/financiero/solicitudProceso/listarSolicitudProceso.xhtml HTTP/1.1" 200 57876
181.56.171.197 - - [06/Nov/2023:18:26:11 -0500] "POST /sipse/faces/presentacion/financiero/solicitudProceso/listarSolicitudProceso.xhtml HTTP/1.1" 200 57876
181.56.171.197 - - [06/Nov/2023:18:26:11 -0500] "POST /sipse/faces/presentacion/financiero/solicitudProceso/listarSolicitudProceso.xhtml HTTP/1.1" 200 57876
181.56.171.197 - - [06/Nov/2023:18:26:12 -0500] "POST /sipse/faces/presentacion/financiero/solicitudProceso/listarSolicitudProceso.xhtml HTTP/1.1" 200 57876
181.56.171.197 - - [06/Nov/2023:18:26:12 -0500] "POST /sipse/faces/presentacion/financiero/solicitudProceso/listarSolicitudProceso.xhtml HTTP/1.1" 200 57876
181.56.171.197 - - [06/Nov/2023:18:26:12 -0500] "POST /sipse/faces/presentacion/financiero/solicitudProceso/listarSolicitudProceso.xhtml HTTP/1.1" 200 57876
181.56.171.197 - - [06/Nov/2023:18:26:13 -0500] "POST /sipse/faces/presentacion/financiero/solicitudProceso/listarSolicitudProceso.xhtml HTTP/1.1" 200 57876
181.56.171.197 - - [06/Nov/2023:18:26:13 -0500] "POST /sipse/faces/presentacion/financiero/solicitudProceso/listarSolicitudProceso.xhtml HTTP/1.1" 200 57876
181.56.171.197 - - [06/Nov/2023:18:26:13 -0500] "POST /sipse/faces/presentacion/financiero/solicitudProceso/listarSolicitudProceso.xhtml HTTP/1.1" 200 57876
181.56.171.197 - - [06/Nov/2023:18:26:14 -0500] "POST /sipse/faces/presentacion/financiero/solicitudProceso/listarSolicitudProceso.xhtml HTTP/1.1" 200 1548
181.56.171.197 - - [06/Nov/2023:18:26:14 -0500] "POST /sipse/faces/presentacion/financiero/solicitudProceso/listarSolicitudProceso.xhtml HTTP/1.1" 200 1560
181.56.171.197 - - [06/Nov/2023:18:26:14 -0500] "POST /sipse/faces/presentacion/financiero/solicitudProceso/listarSolicitudProceso.xhtml HTTP/1.1" 200 1556
181.56.171.197 - - [06/Nov/2023:18:26:15 -0500] "POST /sipse/faces/presentacion/financiero/solicitudProceso/listarSolicitudProceso.xhtml HTTP/1.1" 200 1560
181.56.171.197 - - [06/Nov/2023:18:26:15 -0500] "POST /sipse/faces/presentacion/financiero/solicitudProceso/listarSolicitudProceso.xhtml HTTP/1.1" 200 1556
181.56.171.197 - - [06/Nov/2023:18:26:15 -0500] "POST /sipse/faces/presentacion/financiero/solicitudProceso/listarSolicitudProceso.xhtml HTTP/1.1" 200 1560
181.56.171.197 - - [06/Nov/2023:18:26:16 -0500] "POST /sipse/faces/presentacion/financiero/solicitudProceso/listarSolicitudProceso.xhtml HTTP/1.1" 200 1552
181.56.171.197 - - [06/Nov/2023:18:26:16 -0500] "POST /sipse/faces/presentacion/financiero/solicitudProceso/listarSolicitudProceso.xhtml HTTP/1.1" 200 1560
181.56.171.197 - - [06/Nov/2023:18:26:17 -0500] "POST /sipse/faces/presentacion/financiero/solicitudProceso/listarSolicitudProceso.xhtml HTTP/1.1" 200 1556
181.56.171.197 - - [06/Nov/2023:18:26:17 -0500] "POST /sipse/faces/presentacion/financiero/solicitudProceso/listarSolicitudProceso.xhtml HTTP/1.1" 200 1560
181.56.171.197 - - [06/Nov/2023:18:26:17 -0500] "POST /sipse/faces/presentacion/financiero/solicitudProceso/listarSolicitudProceso.xhtml HTTP/1.1" 200 1556
181.56.171.197 - - [06/Nov/2023:18:26:18 -0500] "POST /sipse/faces/presentacion/financiero/solicitudProceso/listarSolicitudProceso.xhtml HTTP/1.1" 200 1560
181.56.171.197 - - [06/Nov/2023:18:26:18 -0500] "POST /sipse/faces/presentacion/financiero/solicitudProceso/listarSolicitudProceso.xhtml HTTP/1.1" 200 1556
181.56.171.197 - - [06/Nov/2023:18:26:18 -0500] "POST /sipse/faces/presentacion/financiero/solicitudProceso/listarSolicitudProceso.xhtml HTTP/1.1" 200 1560
181.56.171.197 - - [06/Nov/2023:18:26:19 -0500] "POST /sipse/faces/presentacion/financiero/solicitudProceso/listarSolicitudProceso.xhtml HTTP/1.1" 200 1556
181.56.171.197 - - [06/Nov/2023:18:26:19 -0500] "POST /sipse/faces/presentacion/financiero/solicitudProceso/listarSolicitudProceso.xhtml HTTP/1.1" 200 1560
181.56.171.197 - - [06/Nov/2023:18:26:19 -0500] "POST /sipse/faces/presentacion/financiero/solicitudProceso/listarSolicitudProceso.xhtml HTTP/1.1" 200 1552
181.56.171.197 - - [06/Nov/2023:18:26:20 -0500] "POST /sipse/faces/presentacion/financiero/solicitudProceso/listarSolicitudProceso.xhtml HTTP/1.1" 200 1560
181.56.171.197 - - [06/Nov/2023:18:26:20 -0500] "POST /sipse/faces/presentacion/financiero/solicitudProceso/listarSolicitudProceso.xhtml HTTP/1.1" 200 1552
181.56.171.197 - - [06/Nov/2023:18:26:20 -0500] "POST /sipse/faces/presentacion/financiero/solicitudProceso/listarSolicitudProceso.xhtml HTTP/1.1" 200 1560
181.56.171.197 - - [06/Nov/2023:18:26:21 -0500] "POST /sipse/faces/presentacion/financiero/solicitudProceso/listarSolicitudProceso.xhtml HTTP/1.1" 200 1556
181.56.171.197 - - [06/Nov/2023:18:26:24 -0500] "POST /sipse/faces/presentacion/financiero/solicitudProceso/listarSolicitudProceso.xhtml HTTP/1.1" 200 10460
181.56.171.197 - - [06/Nov/2023:18:26:36 -0500] "POST /sipse/faces/presentacion/financiero/solicitudProceso/listarSolicitudProceso.xhtml HTTP/1.1" 200 117907
181.56.171.197 - - [06/Nov/2023:18:26:37 -0500] "GET /sipse/faces/javax.faces.resource/theme.css?ln=primefaces-sipse HTTP/1.1" 304 -
181.56.171.197 - - [06/Nov/2023:18:26:37 -0500] "GET /sipse/faces/javax.faces.resource/layout/layout.css?ln=primefaces&v=4.0 HTTP/1.1" 304 -
181.56.171.197 - - [06/Nov/2023:18:26:37 -0500] "GET /sipse/faces/javax.faces.resource/primefaces.css?ln=primefaces&v=4.0 HTTP/1.1" 304 -
181.56.171.197 - - [06/Nov/2023:18:26:37 -0500] "GET /sipse/faces/javax.faces.resource/jquery/jquery.js?ln=primefaces&v=4.0 HTTP/1.1" 304 -
181.56.171.197 - - [06/Nov/2023:18:26:37 -0500] "GET /sipse/faces/javax.faces.resource/jquery/jquery-plugins.js?ln=primefaces&v=4.0 HTTP/1.1" 304 -
181.56.171.197 - - [06/Nov/2023:18:26:37 -0500] "GET /sipse/faces/javax.faces.resource/primefaces.js?ln=primefaces&v=4.0 HTTP/1.1" 304 -
181.56.171.197 - - [06/Nov/2023:18:26:37 -0500] "GET /sipse/faces/javax.faces.resource/layout/layout.js?ln=primefaces&v=4.0 HTTP/1.1" 304 -
181.56.171.197 - - [06/Nov/2023:18:26:37 -0500] "GET /sipse/faces/javax.faces.resource/dynamiccontent.properties?ln=primefaces&pfdrid=XjOR5%2F%2FfPAZAuY9TpWQeCiM0BhlXxYRBGKi%2FQcXXfeA%3D&pfdrid_c=false HTTP/1.1" 500 383
201.245.192.253 - - [06/Nov/2023:18:27:04 -0500] "POST /kwsrmcab/Wsrmcab HTTP/1.1" 200 40300
201.245.192.253 - - [06/Nov/2023:18:27:06 -0500] "POST /kwsrmcab/Wsrmcab HTTP/1.1" 200 40487
40.77.167.247 - - [06/Nov/2023:18:27:29 -0500] "GET /BLA/resoluciones/AUTOS%202023/2555.pdf HTTP/1.1" 200 907875
66.249.66.21 - - [06/Nov/2023:18:27:45 -0500] "GET /BLA/resoluciones/RESOLUCIONES%202009/6845.pdf HTTP/1.1" 200 272211
172.22.2.4 - - [06/Nov/2023:18:28:00 -0500] "GET /BLA/boletinlegal/jurisprudencia/analisis/AnalisisT-606-15.docx HTTP/1.1" 200 26698
172.22.2.4 - - [06/Nov/2023:18:28:00 -0500] "GET /BLA/boletinlegal/apple-touch-icon-120x120-precomposed.png HTTP/1.1" 404 1140
172.22.2.4 - - [06/Nov/2023:18:28:00 -0500] "GET /BLA/boletinlegal/apple-touch-icon-120x120.png HTTP/1.1" 404 1140
172.22.2.4 - - [06/Nov/2023:18:28:01 -0500] "GET /BLA/boletinlegal/apple-touch-icon-precomposed.png HTTP/1.1" 404 1140
172.22.2.4 - - [06/Nov/2023:18:28:01 -0500] "GET /BLA/boletinlegal/apple-touch-icon.png HTTP/1.1" 404 1140
172.22.2.4 - - [06/Nov/2023:18:28:01 -0500] "GET /BLA/boletinlegal/favicon.ico HTTP/1.1" 404 1140
172.22.2.4 - - [06/Nov/2023:18:28:01 -0500] "GET /BLA/boletinlegal/apple-touch-icon-120x120-precomposed.png HTTP/1.1" 404 1140
172.22.2.4 - - [06/Nov/2023:18:28:01 -0500] "GET /BLA/boletinlegal/apple-touch-icon-120x120.png HTTP/1.1" 404 1140
172.22.2.4 - - [06/Nov/2023:18:28:01 -0500] "GET /BLA/boletinlegal/apple-touch-icon-precomposed.png HTTP/1.1" 404 1140
172.22.2.4 - - [06/Nov/2023:18:28:01 -0500] "GET /BLA/boletinlegal/apple-touch-icon.png HTTP/1.1" 404 1140
172.22.2.4 - - [06/Nov/2023:18:28:01 -0500] "GET /BLA/boletinlegal/favicon.ico HTTP/1.1" 404 1140
172.22.2.4 - - [06/Nov/2023:18:28:10 -0500] "HEAD /BLA/boletinlegal/ HTTP/1.1" 200 -
201.245.192.253 - - [06/Nov/2023:18:30:03 -0500] "POST /kwsrmcab/Wsrmcab  HTTP/1.1" 200 42686
181.56.171.197 - - [06/Nov/2023:18:30:13 -0500] "POST /sipse/faces/presentacion/financiero/solicitudProceso/consultarSolicitudProceso.xhtml HTTP/1.1" 200 64490
181.56.171.197 - - [06/Nov/2023:18:30:13 -0500] "GET /sipse/faces/javax.faces.resource/theme.css?ln=primefaces-sipse HTTP/1.1" 304 -
181.56.171.197 - - [06/Nov/2023:18:30:13 -0500] "GET /sipse/faces/javax.faces.resource/jquery/jquery.js?ln=primefaces&v=4.0 HTTP/1.1" 304 -
181.56.171.197 - - [06/Nov/2023:18:30:13 -0500] "GET /sipse/faces/javax.faces.resource/layout/layout.css?ln=primefaces&v=4.0 HTTP/1.1" 304 -
181.56.171.197 - - [06/Nov/2023:18:30:13 -0500] "GET /sipse/faces/javax.faces.resource/primefaces.css?ln=primefaces&v=4.0 HTTP/1.1" 304 -
181.56.171.197 - - [06/Nov/2023:18:30:13 -0500] "GET /sipse/faces/javax.faces.resource/jquery/jquery-plugins.js?ln=primefaces&v=4.0 HTTP/1.1" 304 -
181.56.171.197 - - [06/Nov/2023:18:30:13 -0500] "GET /sipse/faces/javax.faces.resource/primefaces.js?ln=primefaces&v=4.0 HTTP/1.1" 304 -
181.56.171.197 - - [06/Nov/2023:18:30:13 -0500] "GET /sipse/faces/javax.faces.resource/layout/layout.js?ln=primefaces&v=4.0 HTTP/1.1" 304 -
181.56.171.197 - - [06/Nov/2023:18:30:13 -0500] "POST /sipse/faces/presentacion/financiero/solicitudProceso/listarSolicitudProceso.xhtml HTTP/1.1" 200 57876
181.56.171.197 - - [06/Nov/2023:18:30:14 -0500] "POST /sipse/faces/presentacion/financiero/solicitudProceso/listarSolicitudProceso.xhtml HTTP/1.1" 200 57876
181.56.171.197 - - [06/Nov/2023:18:30:14 -0500] "POST /sipse/faces/presentacion/financiero/solicitudProceso/listarSolicitudProceso.xhtml HTTP/1.1" 200 57876
181.56.171.197 - - [06/Nov/2023:18:30:14 -0500] "POST /sipse/faces/presentacion/financiero/solicitudProceso/listarSolicitudProceso.xhtml HTTP/1.1" 200 57876
181.56.171.197 - - [06/Nov/2023:18:30:15 -0500] "POST /sipse/faces/presentacion/financiero/solicitudProceso/listarSolicitudProceso.xhtml HTTP/1.1" 200 57876
181.56.171.197 - - [06/Nov/2023:18:30:15 -0500] "POST /sipse/faces/presentacion/financiero/solicitudProceso/listarSolicitudProceso.xhtml HTTP/1.1" 200 57876
181.56.171.197 - - [06/Nov/2023:18:30:16 -0500] "POST /sipse/faces/presentacion/financiero/solicitudProceso/listarSolicitudProceso.xhtml HTTP/1.1" 200 57876
181.56.171.197 - - [06/Nov/2023:18:30:16 -0500] "POST /sipse/faces/presentacion/financiero/solicitudProceso/listarSolicitudProceso.xhtml HTTP/1.1" 200 57876
181.56.171.197 - - [06/Nov/2023:18:30:16 -0500] "POST /sipse/faces/presentacion/financiero/solicitudProceso/listarSolicitudProceso.xhtml HTTP/1.1" 200 57876
181.56.171.197 - - [06/Nov/2023:18:30:17 -0500] "POST /sipse/faces/presentacion/financiero/solicitudProceso/listarSolicitudProceso.xhtml HTTP/1.1" 200 57876
181.56.171.197 - - [06/Nov/2023:18:30:17 -0500] "POST /sipse/faces/presentacion/financiero/solicitudProceso/listarSolicitudProceso.xhtml HTTP/1.1" 200 57876
181.56.171.197 - - [06/Nov/2023:18:30:17 -0500] "POST /sipse/faces/presentacion/financiero/solicitudProceso/listarSolicitudProceso.xhtml HTTP/1.1" 200 57876
181.56.171.197 - - [06/Nov/2023:18:30:18 -0500] "POST /sipse/faces/presentacion/financiero/solicitudProceso/listarSolicitudProceso.xhtml HTTP/1.1" 200 57876
181.56.171.197 - - [06/Nov/2023:18:30:18 -0500] "POST /sipse/faces/presentacion/financiero/solicitudProceso/listarSolicitudProceso.xhtml HTTP/1.1" 200 57876
181.56.171.197 - - [06/Nov/2023:18:30:18 -0500] "POST /sipse/faces/presentacion/financiero/solicitudProceso/listarSolicitudProceso.xhtml HTTP/1.1" 200 57876
181.56.171.197 - - [06/Nov/2023:18:30:19 -0500] "POST /sipse/faces/presentacion/financiero/solicitudProceso/listarSolicitudProceso.xhtml HTTP/1.1" 200 57876
181.56.171.197 - - [06/Nov/2023:18:30:19 -0500] "POST /sipse/faces/presentacion/financiero/solicitudProceso/listarSolicitudProceso.xhtml HTTP/1.1" 200 57876
181.56.171.197 - - [06/Nov/2023:18:30:20 -0500] "POST /sipse/faces/presentacion/financiero/solicitudProceso/listarSolicitudProceso.xhtml HTTP/1.1" 200 57876
181.56.171.197 - - [06/Nov/2023:18:30:20 -0500] "POST /sipse/faces/presentacion/financiero/solicitudProceso/listarSolicitudProceso.xhtml HTTP/1.1" 200 57876
181.56.171.197 - - [06/Nov/2023:18:30:20 -0500] "POST /sipse/faces/presentacion/financiero/solicitudProceso/listarSolicitudProceso.xhtml HTTP/1.1" 200 57876
181.56.171.197 - - [06/Nov/2023:18:30:21 -0500] "POST /sipse/faces/presentacion/financiero/solicitudProceso/listarSolicitudProceso.xhtml HTTP/1.1" 200 57876
181.56.171.197 - - [06/Nov/2023:18:30:21 -0500] "POST /sipse/faces/presentacion/financiero/solicitudProceso/listarSolicitudProceso.xhtml HTTP/1.1" 200 57876
201.245.192.253 - - [06/Nov/2023:18:30:19 -0500] "POST /kwsrmcab/Wsrmcab HTTP/1.1" 200 40300
181.56.171.197 - - [06/Nov/2023:18:30:21 -0500] "POST /sipse/faces/presentacion/financiero/solicitudProceso/listarSolicitudProceso.xhtml HTTP/1.1" 200 1548
181.56.171.197 - - [06/Nov/2023:18:30:22 -0500] "POST /sipse/faces/presentacion/financiero/solicitudProceso/listarSolicitudProceso.xhtml HTTP/1.1" 200 1560
181.56.171.197 - - [06/Nov/2023:18:30:22 -0500] "POST /sipse/faces/presentacion/financiero/solicitudProceso/listarSolicitudProceso.xhtml HTTP/1.1" 200 1556
181.56.171.197 - - [06/Nov/2023:18:30:22 -0500] "POST /sipse/faces/presentacion/financiero/solicitudProceso/listarSolicitudProceso.xhtml HTTP/1.1" 200 1560
181.56.171.197 - - [06/Nov/2023:18:30:23 -0500] "POST /sipse/faces/presentacion/financiero/solicitudProceso/listarSolicitudProceso.xhtml HTTP/1.1" 200 1556
181.56.171.197 - - [06/Nov/2023:18:30:23 -0500] "POST /sipse/faces/presentacion/financiero/solicitudProceso/listarSolicitudProceso.xhtml HTTP/1.1" 200 1560
181.56.171.197 - - [06/Nov/2023:18:30:23 -0500] "POST /sipse/faces/presentacion/financiero/solicitudProceso/listarSolicitudProceso.xhtml HTTP/1.1" 200 1552
181.56.171.197 - - [06/Nov/2023:18:30:24 -0500] "POST /sipse/faces/presentacion/financiero/solicitudProceso/listarSolicitudProceso.xhtml HTTP/1.1" 200 1560
181.56.171.197 - - [06/Nov/2023:18:30:24 -0500] "POST /sipse/faces/presentacion/financiero/solicitudProceso/listarSolicitudProceso.xhtml HTTP/1.1" 200 1556
181.56.171.197 - - [06/Nov/2023:18:30:24 -0500] "POST /sipse/faces/presentacion/financiero/solicitudProceso/listarSolicitudProceso.xhtml HTTP/1.1" 200 1560
201.245.192.253 - - [06/Nov/2023:18:30:22 -0500] "POST /kwsrmcab/Wsrmcab HTTP/1.1" 200 40487
181.56.171.197 - - [06/Nov/2023:18:30:25 -0500] "POST /sipse/faces/presentacion/financiero/solicitudProceso/listarSolicitudProceso.xhtml HTTP/1.1" 200 1556
181.56.171.197 - - [06/Nov/2023:18:30:25 -0500] "POST /sipse/faces/presentacion/financiero/solicitudProceso/listarSolicitudProceso.xhtml HTTP/1.1" 200 1560
181.56.171.197 - - [06/Nov/2023:18:30:25 -0500] "POST /sipse/faces/presentacion/financiero/solicitudProceso/listarSolicitudProceso.xhtml HTTP/1.1" 200 1556
181.56.171.197 - - [06/Nov/2023:18:30:25 -0500] "POST /sipse/faces/presentacion/financiero/solicitudProceso/listarSolicitudProceso.xhtml HTTP/1.1" 200 1560
181.56.171.197 - - [06/Nov/2023:18:30:26 -0500] "POST /sipse/faces/presentacion/financiero/solicitudProceso/listarSolicitudProceso.xhtml HTTP/1.1" 200 1556
181.56.171.197 - - [06/Nov/2023:18:30:26 -0500] "POST /sipse/faces/presentacion/financiero/solicitudProceso/listarSolicitudProceso.xhtml HTTP/1.1" 200 1560
181.56.171.197 - - [06/Nov/2023:18:30:26 -0500] "POST /sipse/faces/presentacion/financiero/solicitudProceso/listarSolicitudProceso.xhtml HTTP/1.1" 200 1552
181.56.171.197 - - [06/Nov/2023:18:30:27 -0500] "POST /sipse/faces/presentacion/financiero/solicitudProceso/listarSolicitudProceso.xhtml HTTP/1.1" 200 1560
181.56.171.197 - - [06/Nov/2023:18:30:27 -0500] "POST /sipse/faces/presentacion/financiero/solicitudProceso/listarSolicitudProceso.xhtml HTTP/1.1" 200 1552
181.56.171.197 - - [06/Nov/2023:18:30:27 -0500] "POST /sipse/faces/presentacion/financiero/solicitudProceso/listarSolicitudProceso.xhtml HTTP/1.1" 200 1560
181.56.171.197 - - [06/Nov/2023:18:30:28 -0500] "POST /sipse/faces/presentacion/financiero/solicitudProceso/listarSolicitudProceso.xhtml HTTP/1.1" 200 1556
181.56.171.197 - - [06/Nov/2023:18:30:28 -0500] "POST /sipse/faces/presentacion/financiero/solicitudProceso/listarSolicitudProceso.xhtml HTTP/1.1" 200 1560
181.56.171.197 - - [06/Nov/2023:18:30:28 -0500] "POST /sipse/faces/presentacion/financiero/solicitudProceso/listarSolicitudProceso.xhtml HTTP/1.1" 200 1556
181.56.171.197 - - [06/Nov/2023:18:30:31 -0500] "POST /sipse/faces/presentacion/financiero/solicitudProceso/listarSolicitudProceso.xhtml HTTP/1.1" 200 10460
172.22.2.4 - - [06/Nov/2023:18:29:01 -0500] "GET /BLA/boletinlegal/ HTTP/1.1" 200 61018
181.56.171.197 - - [06/Nov/2023:18:30:47 -0500] "POST /sipse/faces/presentacion/financiero/solicitudProceso/listarSolicitudProceso.xhtml HTTP/1.1" 200 31462
216.245.221.92 - - [06/Nov/2023:18:30:47 -0500] "HEAD / HTTP/1.1" 200 -
181.56.171.197 - - [06/Nov/2023:18:30:57 -0500] "POST /sipse/faces/presentacion/financiero/solicitudProceso/listarSolicitudProceso.xhtml HTTP/1.1" 200 31118
181.56.171.197 - - [06/Nov/2023:18:31:37 -0500] "POST /sipse/faces/presentacion/financiero/solicitudProceso/listarSolicitudProceso.xhtml HTTP/1.1" 200 57876
181.56.171.197 - - [06/Nov/2023:18:31:37 -0500] "POST /sipse/faces/presentacion/financiero/solicitudProceso/listarSolicitudProceso.xhtml HTTP/1.1" 200 57876
181.56.171.197 - - [06/Nov/2023:18:31:38 -0500] "POST /sipse/faces/presentacion/financiero/solicitudProceso/listarSolicitudProceso.xhtml HTTP/1.1" 200 57876
181.56.171.197 - - [06/Nov/2023:18:31:38 -0500] "POST /sipse/faces/presentacion/financiero/solicitudProceso/listarSolicitudProceso.xhtml HTTP/1.1" 200 57876
181.56.171.197 - - [06/Nov/2023:18:31:39 -0500] "POST /sipse/faces/presentacion/financiero/solicitudProceso/listarSolicitudProceso.xhtml HTTP/1.1" 200 57876
181.56.171.197 - - [06/Nov/2023:18:31:39 -0500] "POST /sipse/faces/presentacion/financiero/solicitudProceso/listarSolicitudProceso.xhtml HTTP/1.1" 200 57876
181.56.171.197 - - [06/Nov/2023:18:31:39 -0500] "POST /sipse/faces/presentacion/financiero/solicitudProceso/listarSolicitudProceso.xhtml HTTP/1.1" 200 57876
181.56.171.197 - - [06/Nov/2023:18:31:40 -0500] "POST /sipse/faces/presentacion/financiero/solicitudProceso/listarSolicitudProceso.xhtml HTTP/1.1" 200 57876
181.56.171.197 - - [06/Nov/2023:18:31:40 -0500] "POST /sipse/faces/presentacion/financiero/solicitudProceso/listarSolicitudProceso.xhtml HTTP/1.1" 200 57876
181.56.171.197 - - [06/Nov/2023:18:31:40 -0500] "POST /sipse/faces/presentacion/financiero/solicitudProceso/listarSolicitudProceso.xhtml HTTP/1.1" 200 57876
181.56.171.197 - - [06/Nov/2023:18:31:41 -0500] "POST /sipse/faces/presentacion/financiero/solicitudProceso/listarSolicitudProceso.xhtml HTTP/1.1" 200 57876
181.56.171.197 - - [06/Nov/2023:18:31:41 -0500] "POST /sipse/faces/presentacion/financiero/solicitudProceso/listarSolicitudProceso.xhtml HTTP/1.1" 200 57876
181.56.171.197 - - [06/Nov/2023:18:31:41 -0500] "POST /sipse/faces/presentacion/financiero/solicitudProceso/listarSolicitudProceso.xhtml HTTP/1.1" 200 57876
181.56.171.197 - - [06/Nov/2023:18:31:42 -0500] "POST /sipse/faces/presentacion/financiero/solicitudProceso/listarSolicitudProceso.xhtml HTTP/1.1" 200 57876
181.56.171.197 - - [06/Nov/2023:18:31:42 -0500] "POST /sipse/faces/presentacion/financiero/solicitudProceso/listarSolicitudProceso.xhtml HTTP/1.1" 200 57876
181.56.171.197 - - [06/Nov/2023:18:31:42 -0500] "POST /sipse/faces/presentacion/financiero/solicitudProceso/listarSolicitudProceso.xhtml HTTP/1.1" 200 57876
181.56.171.197 - - [06/Nov/2023:18:31:43 -0500] "POST /sipse/faces/presentacion/financiero/solicitudProceso/listarSolicitudProceso.xhtml HTTP/1.1" 200 57876
181.56.171.197 - - [06/Nov/2023:18:31:43 -0500] "POST /sipse/faces/presentacion/financiero/solicitudProceso/listarSolicitudProceso.xhtml HTTP/1.1" 200 57876
181.56.171.197 - - [06/Nov/2023:18:31:43 -0500] "POST /sipse/faces/presentacion/financiero/solicitudProceso/listarSolicitudProceso.xhtml HTTP/1.1" 200 57876
181.56.171.197 - - [06/Nov/2023:18:31:44 -0500] "POST /sipse/faces/presentacion/financiero/solicitudProceso/listarSolicitudProceso.xhtml HTTP/1.1" 200 57876
181.56.171.197 - - [06/Nov/2023:18:31:44 -0500] "POST /sipse/faces/presentacion/financiero/solicitudProceso/listarSolicitudProceso.xhtml HTTP/1.1" 200 57876
181.56.171.197 - - [06/Nov/2023:18:31:44 -0500] "POST /sipse/faces/presentacion/financiero/solicitudProceso/listarSolicitudProceso.xhtml HTTP/1.1" 200 57876
181.56.171.197 - - [06/Nov/2023:18:31:45 -0500] "POST /sipse/faces/presentacion/financiero/solicitudProceso/listarSolicitudProceso.xhtml HTTP/1.1" 200 57876
181.56.171.197 - - [06/Nov/2023:18:31:45 -0500] "POST /sipse/faces/presentacion/financiero/solicitudProceso/listarSolicitudProceso.xhtml HTTP/1.1" 200 57876
181.56.171.197 - - [06/Nov/2023:18:31:45 -0500] "POST /sipse/faces/presentacion/financiero/solicitudProceso/listarSolicitudProceso.xhtml HTTP/1.1" 200 1548
181.56.171.197 - - [06/Nov/2023:18:31:46 -0500] "POST /sipse/faces/presentacion/financiero/solicitudProceso/listarSolicitudProceso.xhtml HTTP/1.1" 200 1560
181.56.171.197 - - [06/Nov/2023:18:31:46 -0500] "POST /sipse/faces/presentacion/financiero/solicitudProceso/listarSolicitudProceso.xhtml HTTP/1.1" 200 1556
181.56.171.197 - - [06/Nov/2023:18:31:46 -0500] "POST /sipse/faces/presentacion/financiero/solicitudProceso/listarSolicitudProceso.xhtml HTTP/1.1" 200 1560
54.184.159.16 - - [06/Nov/2023:18:31:46 -0500] "GET /BLA/resoluciones/index.php?dir=RESOLUCIONES%202004/RES%202004%201551-1600/&order=desc&sort=date HTTP/1.1" 200 12344
181.56.171.197 - - [06/Nov/2023:18:31:47 -0500] "POST /sipse/faces/presentacion/financiero/solicitudProceso/listarSolicitudProceso.xhtml HTTP/1.1" 200 1556
181.56.171.197 - - [06/Nov/2023:18:31:47 -0500] "POST /sipse/faces/presentacion/financiero/solicitudProceso/listarSolicitudProceso.xhtml HTTP/1.1" 200 1560
181.56.171.197 - - [06/Nov/2023:18:31:47 -0500] "POST /sipse/faces/presentacion/financiero/solicitudProceso/listarSolicitudProceso.xhtml HTTP/1.1" 200 1552
181.56.171.197 - - [06/Nov/2023:18:31:47 -0500] "POST /sipse/faces/presentacion/financiero/solicitudProceso/listarSolicitudProceso.xhtml HTTP/1.1" 200 1560
181.56.171.197 - - [06/Nov/2023:18:31:48 -0500] "POST /sipse/faces/presentacion/financiero/solicitudProceso/listarSolicitudProceso.xhtml HTTP/1.1" 200 1556
181.56.171.197 - - [06/Nov/2023:18:31:48 -0500] "POST /sipse/faces/presentacion/financiero/solicitudProceso/listarSolicitudProceso.xhtml HTTP/1.1" 200 1560
181.56.171.197 - - [06/Nov/2023:18:31:48 -0500] "POST /sipse/faces/presentacion/financiero/solicitudProceso/listarSolicitudProceso.xhtml HTTP/1.1" 200 1556
181.56.171.197 - - [06/Nov/2023:18:31:49 -0500] "POST /sipse/faces/presentacion/financiero/solicitudProceso/listarSolicitudProceso.xhtml HTTP/1.1" 200 1560
181.56.171.197 - - [06/Nov/2023:18:31:49 -0500] "POST /sipse/faces/presentacion/financiero/solicitudProceso/listarSolicitudProceso.xhtml HTTP/1.1" 200 1556
181.56.171.197 - - [06/Nov/2023:18:31:49 -0500] "POST /sipse/faces/presentacion/financiero/solicitudProceso/listarSolicitudProceso.xhtml HTTP/1.1" 200 1560
181.56.171.197 - - [06/Nov/2023:18:31:50 -0500] "POST /sipse/faces/presentacion/financiero/solicitudProceso/listarSolicitudProceso.xhtml HTTP/1.1" 200 1556
181.56.171.197 - - [06/Nov/2023:18:31:50 -0500] "POST /sipse/faces/presentacion/financiero/solicitudProceso/listarSolicitudProceso.xhtml HTTP/1.1" 200 1560
181.56.171.197 - - [06/Nov/2023:18:31:50 -0500] "POST /sipse/faces/presentacion/financiero/solicitudProceso/listarSolicitudProceso.xhtml HTTP/1.1" 200 1552
181.56.171.197 - - [06/Nov/2023:18:31:50 -0500] "POST /sipse/faces/presentacion/financiero/solicitudProceso/listarSolicitudProceso.xhtml HTTP/1.1" 200 1560
181.56.171.197 - - [06/Nov/2023:18:31:51 -0500] "POST /sipse/faces/presentacion/financiero/solicitudProceso/listarSolicitudProceso.xhtml HTTP/1.1" 200 1552
181.56.171.197 - - [06/Nov/2023:18:31:51 -0500] "POST /sipse/faces/presentacion/financiero/solicitudProceso/listarSolicitudProceso.xhtml HTTP/1.1" 200 1560
181.56.171.197 - - [06/Nov/2023:18:31:51 -0500] "POST /sipse/faces/presentacion/financiero/solicitudProceso/listarSolicitudProceso.xhtml HTTP/1.1" 200 1556
181.56.171.197 - - [06/Nov/2023:18:31:52 -0500] "POST /sipse/faces/presentacion/financiero/solicitudProceso/listarSolicitudProceso.xhtml HTTP/1.1" 200 1560
181.56.171.197 - - [06/Nov/2023:18:31:52 -0500] "POST /sipse/faces/presentacion/financiero/solicitudProceso/listarSolicitudProceso.xhtml HTTP/1.1" 200 1556
181.56.171.197 - - [06/Nov/2023:18:31:52 -0500] "POST /sipse/faces/presentacion/financiero/solicitudProceso/listarSolicitudProceso.xhtml HTTP/1.1" 200 1560
186.102.68.20 - - [06/Nov/2023:18:32:18 -0500] "GET /kwssiamovil/sm/acme/a?s=U2FsdGVkX18TrReVRdLbx7Riwn1Qh0YuXhXdefe1a1n6DCCqKE5aolGshRGIPpqJSx2mkCuGQEI0/iLDdzPmV+CriHJImR+MUIBsg9hFLYDGmpFECa6p3ZRo4LwBdr7cLVxpsspWHW7rjkZuVIdsK+ZJiVe1TILaONApTq/K+EBDsW73e9UVFjf1hpactzCRmzsbNY3UFpmSTsJJL3afg/O4IheM5BUMKF3AVfQS2yJZ/4BDmZFNCS9BaStqLsO/s+oErq5eBvg8NaA584digsR6K9kvURgOz/F/LoYJuIs=&u=U2FsdGVkX18uS5oceZN6iwVh7Czf4VBx2WUf7l7Hl2FyD5pf0xl8OtvfissF1ArO&y=U2FsdGVkX1+7MNJFGavzUJpImBNzl0qvSNyjOMKxn0lKfXp9OnbYQd6LCSw/en+m HTTP/1.1" 200 26
186.102.68.20 - - [06/Nov/2023:18:32:18 -0500] "GET /kwssiamovil/sm/acme/a?s=U2FsdGVkX19V97TVo6odT/GXKsT9zXdh3LoC+naCGCESaanT7OEJ5T7nUG1gd+2du3vT5UXG/kYoq1r3bGroySzqPJ6nfC/lhnnlTmhoTYMux4DFVN2lfHxYwbH4hhTAhXOlticruyzkTHMm4Bk9foyD79IEqaN+7DCCZU04kt8xhes7LOS11r6PGErr4gg58Ir1g+UXcq9wuFO/R3fHxwYKSt0ruv3jfCtN0nnOaNgg2PFUnr5ZJcY/6IXrft3uVginF82gPxwIS6vIjKfzrcXTpc4rM2bxojQfPirJktOkqWb/Ko8uOZ79WS9YWDAuiv3ju+wZARYQC++ib5zYvaPGb9uhS3Ldr5K8mJI1czQfxhBXllYqEMoP4hNeHou6tp4LwKfP19RgS+ny4nMATJmnWSMqDizupaScnp9dLEbN/iT3A+h0/GU6qsLoxTAzvR/U57GWb5ndtO5WLVEWZ+hDLwlFU5mLQSMVMo7b3t0fprPdirKtwtym+2eQnsjDErSyFqOpK90yEnoANn1XGUoNCm0WX0mSv5T+euHBeM+BVIqe1Q/NdBmHRmaMaeajxIepZ4iaKA/xDTuLFBAEAVpOyaPN1TOM0QAuvIUeu59l33YBan+qkMpdIOsHu9r0VJk/3agnJiin9C8m9qXwG+ACeDRI6BgDKZ2RxQIC9R5toGKrLYBBTQydz3jUS6GhnJpF+wA5HU+Pge6T7joVvKd0ch451KNLgt9PdkeuTQ3oBn9hi6HlBwxxGOyCXaQIUn5mbSr+dMsWsvCCtf6QMP5/y0wcLnwwu0/zCUlrkIvB5ptd+9C2ucrPKeKUgi6lPhEQbMKoTXJS5Tp1oooTQ00Ap/Is+Bv5/b5DOvKBoS7uLfc6Yot7lh+safYgX817Rs00zVtAhIrVKstZ9wfXQQPW3wv1MBb6gixwitiGy2PW6BnzoXaTfkFiMAvqDRVlAJ6ImhWqYkrLAjCwhx769mnGpdgGs7NFs8RlR1U52BcADnhzXVbNpDkBqkS0B7pwIJgy7TH67OzfZTtGl8FB3bX1U1Otyh+HrLthmagmwPLFgo1sPzqPZ/BKiEK7BP2srAC3y3mjngGqel5tx8PNEBzXtKGxGlqfu5WHxw+NR/pF3YVS+YXCLCt3OsyRghB2&u=U2FsdGVkX18uS5oceZN6iwVh7Czf4VBx2WUf7l7Hl2FyD5pf0xl8OtvfissF1ArO&y=U2FsdGVkX1+7MNJFGavzUJpImBNzl0qvSNyjOMKxn0lKfXp9OnbYQd6LCSw/en+m HTTP/1.1" 200 26
186.102.68.20 - - [06/Nov/2023:18:32:19 -0500] "GET /kwssiamovil/sm/acme/a?s=U2FsdGVkX18gO1AJ+srkSBQG/QAEYikfPREguQxNH8c8k8lKLR+8uplJUnI2R8U1kt8UKAQqzNZUs98HnLS+fMeldnTgw9m8rEFg9Fl17hhlGUsR3HsJ2gALtgk2MAGA6SamzPlLsLYw5oLsXOiSA46zL4bzUKqZxz0e+KzC6p4=&u=U2FsdGVkX18uS5oceZN6iwVh7Czf4VBx2WUf7l7Hl2FyD5pf0xl8OtvfissF1ArO&y=U2FsdGVkX1+7MNJFGavzUJpImBNzl0qvSNyjOMKxn0lKfXp9OnbYQd6LCSw/en+m HTTP/1.1" 200 26
186.102.68.20 - - [06/Nov/2023:18:32:19 -0500] "GET /kwssiamovil/sm/acme/a?s=U2FsdGVkX1+KUmIgANULhfkB14qkB9CDhH1X2K1tl0KLLy6NU/caZhYm0jfgmKyEQFiTgHZjQ4YsWMhkTU5y1udmAZd0bWsZ8C/QXJssNHl2ekPuT8V+3oKc9kUxFvue5i+tmF0GhE4hPBfkhdmvBgnyJx2A1W9G6G/Z6E/wVL0=&u=U2FsdGVkX18uS5oceZN6iwVh7Czf4VBx2WUf7l7Hl2FyD5pf0xl8OtvfissF1ArO&y=U2FsdGVkX1+7MNJFGavzUJpImBNzl0qvSNyjOMKxn0lKfXp9OnbYQd6LCSw/en+m HTTP/1.1" 200 26
186.102.68.20 - - [06/Nov/2023:18:32:19 -0500] "GET /kwssiamovil/sm/acme/a?s=U2FsdGVkX1/i3v4y84T6HksnLLPNdflCIJGlhrTdCQ2PQIyk+mxF/F8kxa1g3KbXbaRS6MNP1UTNIWmHBR3Ng+kvLrHwoZkAEjTbhj6RB8b2iUq3Q3mRorE5ArwB5ouc9eFLvtsNGJl75wZo2WzoUVfjjuqZUukQfrvA8h0rOrc=&u=U2FsdGVkX18uS5oceZN6iwVh7Czf4VBx2WUf7l7Hl2FyD5pf0xl8OtvfissF1ArO&y=U2FsdGVkX1+7MNJFGavzUJpImBNzl0qvSNyjOMKxn0lKfXp9OnbYQd6LCSw/en+m HTTP/1.1" 200 26
186.102.68.20 - - [06/Nov/2023:18:32:20 -0500] "GET /kwssiamovil/sm/acme/a?s=U2FsdGVkX18Pi+Goe2OlxluB6i4tmneTh9fPCguVOm7YJN/oaPW11Rb2KFBOBpyFNFPOEb1BrkRz6D1+ldCsysE3mM2qPAFXJnuyySboAoZn1pykZipYG1DJoxtr3ouJitFYnG2/NLXiBWTH3Pym+7d3lL/Zv2B6mmiZycJ6//gJIu9oXQQ7oB9Nx5+vj85mWAaTByxxnKVqHFwfubcRAw==&u=U2FsdGVkX18uS5oceZN6iwVh7Czf4VBx2WUf7l7Hl2FyD5pf0xl8OtvfissF1ArO&y=U2FsdGVkX1+7MNJFGavzUJpImBNzl0qvSNyjOMKxn0lKfXp9OnbYQd6LCSw/en+m HTTP/1.1" 200 26
172.22.2.4 - - [06/Nov/2023:18:32:40 -0500] "GET /BLA/boletinlegal/style.css HTTP/1.1" 200 9406
172.22.2.4 - - [06/Nov/2023:18:32:40 -0500] "GET /BLA/boletinlegal/styles2.css HTTP/1.1" 200 1838
172.22.2.4 - - [06/Nov/2023:18:32:40 -0500] "GET /BLA/boletinlegal/js/jquery.js HTTP/1.1" 200 57254
172.22.2.4 - - [06/Nov/2023:18:32:40 -0500] "GET /BLA/boletinlegal/js/jquery.scrollTo-min.js HTTP/1.1" 200 1150
172.22.2.4 - - [06/Nov/2023:18:32:40 -0500] "GET /BLA/boletinlegal/js/jquery.scrollShow.js HTTP/1.1" 200 4586
172.22.2.4 - - [06/Nov/2023:18:32:40 -0500] "GET /BLA/boletinlegal/images/cabezote%20BLEGAL.jpg HTTP/1.1" 200 118164
172.22.2.4 - - [06/Nov/2023:18:32:40 -0500] "GET /BLA/boletinlegal/images/subscribe-icon-big.png HTTP/1.1" 200 47702
172.22.2.4 - - [06/Nov/2023:18:32:40 -0500] "GET /BLA/boletinlegal/images/historia.png HTTP/1.1" 200 52775
172.22.2.4 - - [06/Nov/2023:18:32:40 -0500] "GET /BLA/boletinlegal/images/registro-usuarios.png HTTP/1.1" 200 8106
172.22.2.4 - - [06/Nov/2023:18:32:40 -0500] "GET /BLA/boletinlegal/images/menu_bg.jpg HTTP/1.1" 200 620
172.22.2.4 - - [06/Nov/2023:18:32:40 -0500] "GET /BLA/boletinlegal/images/menu_lft.gif HTTP/1.1" 200 1713
172.22.2.4 - - [06/Nov/2023:18:32:40 -0500] "GET /BLA/boletinlegal/images/menu_rght.gif HTTP/1.1" 200 1627
172.22.2.4 - - [06/Nov/2023:18:32:40 -0500] "GET /BLA/boletinlegal/images/body_bg.jpg HTTP/1.1" 200 1601
172.22.2.4 - - [06/Nov/2023:18:32:40 -0500] "GET /BLA/boletinlegal/images/text.jpg HTTP/1.1" 200 568
172.22.2.4 - - [06/Nov/2023:18:32:40 -0500] "GET /BLA/boletinlegal/images/hover.jpg HTTP/1.1" 200 640
172.22.2.4 - - [06/Nov/2023:18:32:40 -0500] "GET /BLA/boletinlegal/images/bg_top.jpg HTTP/1.1" 200 522
172.22.2.4 - - [06/Nov/2023:18:32:40 -0500] "GET /BLA/boletinlegal/images/arr_l.jpg HTTP/1.1" 200 1979
172.22.2.4 - - [06/Nov/2023:18:32:40 -0500] "GET /BLA/boletinlegal/images/screen_1.png HTTP/1.1" 200 202547
172.22.2.4 - - [06/Nov/2023:18:32:40 -0500] "GET /BLA/boletinlegal/images/launch.jpg HTTP/1.1" 200 14577
181.56.171.197 - - [06/Nov/2023:18:32:45 -0500] "POST /sipse/faces/presentacion/financiero/solicitudProceso/listarSolicitudProceso.xhtml HTTP/1.1" 200 2853
181.56.171.197 - - [06/Nov/2023:18:32:46 -0500] "POST /sipse/faces/presentacion/financiero/solicitudProceso/listarSolicitudProceso.xhtml HTTP/1.1" 200 40725
181.56.171.197 - - [06/Nov/2023:18:32:46 -0500] "GET /sipse/faces/javax.faces.resource/theme.css?ln=primefaces-sipse HTTP/1.1" 304 -
181.56.171.197 - - [06/Nov/2023:18:32:46 -0500] "GET /sipse/faces/javax.faces.resource/primefaces.css?ln=primefaces&v=4.0 HTTP/1.1" 304 -
181.56.171.197 - - [06/Nov/2023:18:32:46 -0500] "GET /sipse/faces/javax.faces.resource/layout/layout.css?ln=primefaces&v=4.0 HTTP/1.1" 304 -
181.56.171.197 - - [06/Nov/2023:18:32:46 -0500] "GET /sipse/faces/javax.faces.resource/jquery/jquery.js?ln=primefaces&v=4.0 HTTP/1.1" 304 -
181.56.171.197 - - [06/Nov/2023:18:32:46 -0500] "GET /sipse/faces/javax.faces.resource/jquery/jquery-plugins.js?ln=primefaces&v=4.0 HTTP/1.1" 304 -
181.56.171.197 - - [06/Nov/2023:18:32:46 -0500] "GET /sipse/faces/javax.faces.resource/primefaces.js?ln=primefaces&v=4.0 HTTP/1.1" 304 -
181.56.171.197 - - [06/Nov/2023:18:32:46 -0500] "GET /sipse/faces/javax.faces.resource/layout/layout.js?ln=primefaces&v=4.0 HTTP/1.1" 304 -
181.56.171.197 - - [06/Nov/2023:18:32:46 -0500] "POST /sipse/faces/presentacion/financiero/solicitudProceso/consultar.xhtml HTTP/1.1" 200 34137
181.56.171.197 - - [06/Nov/2023:18:32:47 -0500] "POST /sipse/faces/presentacion/financiero/solicitudProceso/consultar.xhtml HTTP/1.1" 200 34137
172.22.2.4 - - [06/Nov/2023:18:32:47 -0500] "GET /BLA/boletinlegal/images/screen_2.png HTTP/1.1" 200 362502
172.22.2.4 - - [06/Nov/2023:18:32:47 -0500] "GET /BLA/boletinlegal/images/screen_3.png HTTP/1.1" 200 210620
172.22.2.4 - - [06/Nov/2023:18:32:47 -0500] "GET /BLA/boletinlegal/images/screen_5.png HTTP/1.1" 200 368876
172.22.2.4 - - [06/Nov/2023:18:32:47 -0500] "GET /BLA/boletinlegal/images/arr_r.jpg HTTP/1.1" 200 1998
172.22.2.4 - - [06/Nov/2023:18:32:47 -0500] "GET /BLA/boletinlegal/images/footer_bg.jpg HTTP/1.1" 200 586
181.56.171.197 - - [06/Nov/2023:18:32:47 -0500] "POST /sipse/faces/presentacion/financiero/solicitudProceso/consultar.xhtml HTTP/1.1" 200 34137
181.56.171.197 - - [06/Nov/2023:18:32:47 -0500] "POST /sipse/faces/presentacion/financiero/solicitudProceso/consultar.xhtml HTTP/1.1" 200 34137
181.56.171.197 - - [06/Nov/2023:18:32:47 -0500] "POST /sipse/faces/presentacion/financiero/solicitudProceso/consultar.xhtml HTTP/1.1" 200 34137
181.56.171.197 - - [06/Nov/2023:18:32:47 -0500] "POST /sipse/faces/presentacion/financiero/solicitudProceso/consultar.xhtml HTTP/1.1" 200 34137
172.22.2.4 - - [06/Nov/2023:18:32:48 -0500] "GET /BLA/boletinlegal/actos.php HTTP/1.1" 200 9682
181.56.171.197 - - [06/Nov/2023:18:32:48 -0500] "POST /sipse/faces/presentacion/financiero/solicitudProceso/consultar.xhtml HTTP/1.1" 200 34137
172.22.2.4 - - [06/Nov/2023:18:32:48 -0500] "GET /BLA/boletinlegal/js/ajax_actos.js HTTP/1.1" 200 1322
172.22.2.4 - - [06/Nov/2023:18:32:48 -0500] "GET /BLA/boletinlegal/niceforms.js HTTP/1.1" 200 22876
172.22.2.4 - - [06/Nov/2023:18:32:48 -0500] "GET /BLA/boletinlegal/js/lib.js HTTP/1.1" 200 6474
172.22.2.4 - - [06/Nov/2023:18:32:48 -0500] "GET /BLA/boletinlegal/js/popup.js HTTP/1.1" 200 1270
172.22.2.4 - - [06/Nov/2023:18:32:48 -0500] "GET /BLA/boletinlegal/niceforms-default.css HTTP/1.1" 200 6694
172.22.2.4 - - [06/Nov/2023:18:32:48 -0500] "GET /BLA/boletinlegal/js/jquery1.js HTTP/1.1" 200 29846
172.22.2.4 - - [06/Nov/2023:18:32:48 -0500] "GET /BLA/boletinlegal/images/green-yellow-blue-pink-th.png HTTP/1.1" 200 7394
172.22.2.4 - - [06/Nov/2023:18:32:48 -0500] "GET /BLA/boletinlegal/images/tel.png HTTP/1.1" 200 14477
172.22.2.4 - - [06/Nov/2023:18:32:48 -0500] "GET /BLA/boletinlegal/images/icono-email.png HTTP/1.1" 200 5544
172.22.2.4 - - [06/Nov/2023:18:32:48 -0500] "GET /BLA/boletinlegal/images/footer_bg_l.jpg HTTP/1.1" 200 776
172.22.2.4 - - [06/Nov/2023:18:32:48 -0500] "GET /BLA/boletinlegal/img/0.png HTTP/1.1" 200 110
172.22.2.4 - - [06/Nov/2023:18:32:48 -0500] "GET /BLA/boletinlegal/img/select-left.png HTTP/1.1" 200 263
172.22.2.4 - - [06/Nov/2023:18:32:48 -0500] "GET /BLA/boletinlegal/img/select-right.png HTTP/1.1" 200 44019
172.22.2.4 - - [06/Nov/2023:18:32:48 -0500] "GET /BLA/boletinlegal/img/button.png HTTP/1.1" 200 43241
172.22.2.4 - - [06/Nov/2023:18:32:48 -0500] "GET /BLA/boletinlegal/img/button-left.png HTTP/1.1" 200 57071
172.22.2.4 - - [06/Nov/2023:18:32:48 -0500] "GET /BLA/boletinlegal/img/button-right.png HTTP/1.1" 200 57878
172.22.2.4 - - [06/Nov/2023:18:32:48 -0500] "GET /BLA/boletinlegal/favicon.ico HTTP/1.1" 404 1326
181.56.171.197 - - [06/Nov/2023:18:32:48 -0500] "POST /sipse/faces/presentacion/financiero/solicitudProceso/consultar.xhtml HTTP/1.1" 200 34137
181.56.171.197 - - [06/Nov/2023:18:32:48 -0500] "POST /sipse/faces/presentacion/financiero/solicitudProceso/consultar.xhtml HTTP/1.1" 200 34137
181.56.171.197 - - [06/Nov/2023:18:32:48 -0500] "POST /sipse/faces/presentacion/financiero/solicitudProceso/consultar.xhtml HTTP/1.1" 200 34137
181.56.171.197 - - [06/Nov/2023:18:32:49 -0500] "POST /sipse/faces/presentacion/financiero/solicitudProceso/consultar.xhtml HTTP/1.1" 200 34137
181.56.171.197 - - [06/Nov/2023:18:32:49 -0500] "POST /sipse/faces/presentacion/financiero/solicitudProceso/consultar.xhtml HTTP/1.1" 200 34137
181.56.171.197 - - [06/Nov/2023:18:32:49 -0500] "POST /sipse/faces/presentacion/financiero/solicitudProceso/consultar.xhtml HTTP/1.1" 200 34137
181.56.171.197 - - [06/Nov/2023:18:32:49 -0500] "POST /sipse/faces/presentacion/financiero/solicitudProceso/consultar.xhtml HTTP/1.1" 200 34137
181.56.171.197 - - [06/Nov/2023:18:32:49 -0500] "POST /sipse/faces/presentacion/financiero/solicitudProceso/consultar.xhtml HTTP/1.1" 200 34137
181.56.171.197 - - [06/Nov/2023:18:32:50 -0500] "POST /sipse/faces/presentacion/financiero/solicitudProceso/consultar.xhtml HTTP/1.1" 200 34137
181.56.171.197 - - [06/Nov/2023:18:32:50 -0500] "POST /sipse/faces/presentacion/financiero/solicitudProceso/consultar.xhtml HTTP/1.1" 200 34137
181.56.171.197 - - [06/Nov/2023:18:32:50 -0500] "POST /sipse/faces/presentacion/financiero/solicitudProceso/consultar.xhtml HTTP/1.1" 200 34137
181.56.171.197 - - [06/Nov/2023:18:32:50 -0500] "POST /sipse/faces/presentacion/financiero/solicitudProceso/consultar.xhtml HTTP/1.1" 200 34137
181.56.171.197 - - [06/Nov/2023:18:32:50 -0500] "POST /sipse/faces/presentacion/financiero/solicitudProceso/consultar.xhtml HTTP/1.1" 200 34137
181.56.171.197 - - [06/Nov/2023:18:32:51 -0500] "POST /sipse/faces/presentacion/financiero/solicitudProceso/consultar.xhtml HTTP/1.1" 200 34137
181.56.171.197 - - [06/Nov/2023:18:32:51 -0500] "POST /sipse/faces/presentacion/financiero/solicitudProceso/consultar.xhtml HTTP/1.1" 200 34137
181.56.171.197 - - [06/Nov/2023:18:32:51 -0500] "POST /sipse/faces/presentacion/financiero/solicitudProceso/consultar.xhtml HTTP/1.1" 200 34137
172.22.2.4 - - [06/Nov/2023:18:32:53 -0500] "GET /BLA/boletinlegal/normativa.php HTTP/1.1" 200 8343
172.22.2.4 - - [06/Nov/2023:18:32:53 -0500] "GET /BLA/boletinlegal/js/ajax_normativa.js HTTP/1.1" 200 1154
181.56.171.197 - - [06/Nov/2023:18:32:56 -0500] "POST /sipse/faces/presentacion/financiero/solicitudProceso/consultar.xhtml HTTP/1.1" 200 12797
181.56.171.197 - - [06/Nov/2023:18:33:01 -0500] "POST /sipse/faces/presentacion/financiero/solicitudProceso/consultar.xhtml HTTP/1.1" 200 127174
181.56.171.197 - - [06/Nov/2023:18:33:02 -0500] "GET /sipse/faces/javax.faces.resource/theme.css?ln=primefaces-sipse HTTP/1.1" 304 -
181.56.171.197 - - [06/Nov/2023:18:33:02 -0500] "GET /sipse/faces/javax.faces.resource/jquery/jquery.js?ln=primefaces&v=4.0 HTTP/1.1" 304 -
181.56.171.197 - - [06/Nov/2023:18:33:02 -0500] "GET /sipse/faces/javax.faces.resource/primefaces.css?ln=primefaces&v=4.0 HTTP/1.1" 304 -
181.56.171.197 - - [06/Nov/2023:18:33:02 -0500] "GET /sipse/faces/javax.faces.resource/layout/layout.css?ln=primefaces&v=4.0 HTTP/1.1" 304 -
181.56.171.197 - - [06/Nov/2023:18:33:02 -0500] "GET /sipse/faces/javax.faces.resource/jquery/jquery-plugins.js?ln=primefaces&v=4.0 HTTP/1.1" 304 -
181.56.171.197 - - [06/Nov/2023:18:33:02 -0500] "GET /sipse/faces/javax.faces.resource/primefaces.js?ln=primefaces&v=4.0 HTTP/1.1" 304 -
181.56.171.197 - - [06/Nov/2023:18:33:02 -0500] "GET /sipse/faces/javax.faces.resource/layout/layout.js?ln=primefaces&v=4.0 HTTP/1.1" 304 -
181.56.171.197 - - [06/Nov/2023:18:33:03 -0500] "GET /sipse/faces/javax.faces.resource/dynamiccontent.properties?ln=primefaces&pfdrid=XjOR5%2F%2FfPAZAuY9TpWQeCiM0BhlXxYRBGKi%2FQcXXfeA%3D&pfdrid_c=false HTTP/1.1" 500 383
172.22.2.4 - - [06/Nov/2023:18:33:03 -0500] "GET /BLA/boletinlegal/conceptos.php HTTP/1.1" 200 7496
172.22.2.4 - - [06/Nov/2023:18:33:04 -0500] "GET /BLA/boletinlegal/js/ajax_conceptos.js HTTP/1.1" 200 1326
172.22.2.4 - - [06/Nov/2023:18:32:39 -0500] "GET /BLA/boletinlegal/ HTTP/1.1" 200 32715
172.22.2.4 - - [06/Nov/2023:18:32:59 -0500] "GET /BLA/boletinlegal/index.php HTTP/1.1" 200 24523
172.22.2.4 - - [06/Nov/2023:18:33:13 -0500] "GET /BLA/boletinlegal/index.php HTTP/1.1" 200 24523
172.22.2.4 - - [06/Nov/2023:18:33:21 -0500] "GET /BLA/boletinlegal/ HTTP/1.1" 200 24523
172.22.2.4 - - [06/Nov/2023:18:32:49 -0500] "GET /BLA/boletinlegal/ HTTP/1.1" 200 43449
52.25.208.208 - - [06/Nov/2023:18:34:46 -0500] "GET /BLA/resoluciones/index.php?dir=RESOLUCIONES%202002/RES%202002%201451-1500/&order=asc&sort=date HTTP/1.1" 200 12146
66.249.66.20 - - [06/Nov/2023:18:34:57 -0500] "GET /BLA/resoluciones/AUTOS%202016/0074.pdf HTTP/1.1" 200 521430
201.245.192.253 - - [06/Nov/2023:18:35:02 -0500] "POST /kwsrmcab/Wsrmcab  HTTP/1.1" 200 42686
172.22.2.4 - - [06/Nov/2023:18:34:00 -0500] "HEAD /BLA/boletinlegal/ HTTP/1.1" 200 -
216.245.221.92 - - [06/Nov/2023:18:35:47 -0500] "HEAD / HTTP/1.1" 200 -
172.22.2.4 - - [06/Nov/2023:18:35:01 -0500] "POST /BLA/boletinlegal/ HTTP/1.1" 200 24523
172.22.2.4 - - [06/Nov/2023:18:36:04 -0500] "GET /BLA/boletinlegal/jurisprudencia/analisis/SENTENCIA%20C-703%20DE%202010.xls HTTP/1.1" 200 38912
172.22.2.4 - - [06/Nov/2023:18:34:51 -0500] "GET /BLA/boletinlegal/ HTTP/1.1" 200 50272
201.245.192.253 - - [06/Nov/2023:18:37:04 -0500] "POST /kwsrmcab/Wsrmcab HTTP/1.1" 200 40300
201.245.192.253 - - [06/Nov/2023:18:37:07 -0500] "POST /kwsrmcab/Wsrmcab HTTP/1.1" 200 40487
40.77.167.44 - - [06/Nov/2023:18:37:48 -0500] "GET /bla/resoluciones/resoluciones%202023/0696.pdf HTTP/1.1" 200 507695
66.249.66.19 - - [06/Nov/2023:18:39:08 -0500] "GET /BLA/resoluciones/RESOLUCIONES%202009/8771.pdf HTTP/1.1" 200 1431087
66.249.66.19 - - [06/Nov/2023:18:39:21 -0500] "GET /BLA/resoluciones/RESOLUCIONES%202012/0725.pdf HTTP/1.1" 200 376644
44.231.202.44 - - [06/Nov/2023:18:39:52 -0500] "GET /BLA/resoluciones/index.php?dir=RESOLUCIONES%202007/RES%202007%204101%20AL%204200/&order=asc&sort=date HTTP/1.1" 200 26886
201.245.192.253 - - [06/Nov/2023:18:40:00 -0500] "POST /kwsrmcab/Wsrmcab  HTTP/1.1" 200 42686
201.245.192.253 - - [06/Nov/2023:18:40:20 -0500] "POST /kwsrmcab/Wsrmcab HTTP/1.1" 200 40300
201.245.192.253 - - [06/Nov/2023:18:40:23 -0500] "POST /kwsrmcab/Wsrmcab HTTP/1.1" 200 40487
216.245.221.92 - - [06/Nov/2023:18:40:47 -0500] "HEAD / HTTP/1.1" 200 -
172.22.2.4 - - [06/Nov/2023:18:39:50 -0500] "HEAD /BLA/boletinlegal/ HTTP/1.1" 200 -
162.55.37.179 - - [06/Nov/2023:18:42:36 -0500] "GET / HTTP/1.1" 200 319
162.55.37.179 - - [06/Nov/2023:18:42:37 -0500] "GET / HTTP/1.1" 200 4720
172.22.2.4 - - [06/Nov/2023:18:40:57 -0500] "GET /BLA/boletinlegal/ HTTP/1.1" 200 59827
66.249.66.21 - - [06/Nov/2023:18:42:52 -0500] "GET /BLA/resoluciones/RESOLUCIONES%202009/2388.pdf HTTP/1.1" 200 446924
66.249.66.20 - - [06/Nov/2023:18:43:08 -0500] "GET /BLA/resoluciones/RESOLUCIONES%202019/0427.pdf HTTP/1.1" 200 265237
40.77.167.70 - - [06/Nov/2023:18:44:40 -0500] "GET /images/Serran%C3%ADa%20El%20Zuque%203.jpeg HTTP/1.1" 404 1034
201.245.192.253 - - [06/Nov/2023:18:45:00 -0500] "POST /kwsrmcab/Wsrmcab  HTTP/1.1" 200 42686
216.245.221.92 - - [06/Nov/2023:18:45:47 -0500] "HEAD / HTTP/1.1" 200 -
52.167.144.211 - - [06/Nov/2023:18:45:50 -0500] "GET /BLA/resoluciones/RESOLUCIONES%202023/1058.pdf HTTP/1.1" 200 494405
50.112.160.3 - - [06/Nov/2023:18:46:38 -0500] "GET /BLA/resoluciones/index.php?dir=&order=desc&sort=name HTTP/1.1" 200 13695
54.184.159.16 - - [06/Nov/2023:18:46:39 -0500] "GET /BLA/resoluciones/index.php?dir=AUTOS%202008/ HTTP/1.1" 200 569644
54.184.159.16 - - [06/Nov/2023:18:47:02 -0500] "GET /BLA/resoluciones/index.php?dir=RESOLUCIONES%202023/ HTTP/1.1" 200 105964
172.22.2.4 - - [06/Nov/2023:18:45:57 -0500] "HEAD /BLA/boletinlegal/ HTTP/1.1" 200 -
52.167.144.211 - - [06/Nov/2023:18:47:50 -0500] "GET /BLA/resoluciones/AUTOS%202023/4740.pdf HTTP/1.1" 200 420187
40.77.167.68 - - [06/Nov/2023:18:48:20 -0500] "GET /BLA/resoluciones/RESOLUCIONES%202023/1028.pdf HTTP/1.1" 200 341193
172.22.2.4 - - [06/Nov/2023:18:46:48 -0500] "GET /BLA/boletinlegal/ HTTP/1.1" 200 58644
172.22.2.4 - - [06/Nov/2023:18:49:14 -0500] "GET /BLA/boletinlegal/jurisprudencia/analisis/CUADRO%20ANALISIS%20SENTENCIA%20T-411%20DE%201992.doc HTTP/1.1" 200 41984
172.22.2.4 - - [06/Nov/2023:18:49:15 -0500] "GET /BLA/boletinlegal/jurisprudencia/analisis/CUADRO%20ANALISIS%20SENTENCIA%20T-411%20DE%201992.doc HTTP/1.1" 200 41984
201.245.192.253 - - [06/Nov/2023:18:49:58 -0500] "POST /kwsrmcab/Wsrmcab  HTTP/1.1" 200 42686
216.245.221.92 - - [06/Nov/2023:18:50:47 -0500] "HEAD / HTTP/1.1" 200 -
173.252.107.120 - - [06/Nov/2023:18:51:38 -0500] "GET /con-liberacion-de-fauna-plantaciones-de-arboles-recorridos-interpretativos-y-de-educacion-bogota-celebra-el-dia-mundial-de-los-humedales.html HTTP/1.1" 200 885
54.184.159.16 - - [06/Nov/2023:18:51:47 -0500] "GET /BLA/resoluciones/index.php?dir=RESOLUCIONES%202005/RES%202005%201-50/RES%202005%201-50/&order=desc&sort=size HTTP/1.1" 200 2510
50.112.160.3 - - [06/Nov/2023:18:52:30 -0500] "GET /BLA/resoluciones/index.php?dir=RESOLUCIONES%202005/RES%202005%201-50/RES%202005%201-50/&order=desc&sort=date HTTP/1.1" 200 2510
66.249.66.21 - - [06/Nov/2023:18:52:57 -0500] "GET /BLA/resoluciones/RESOLUCIONES%202010/5770.pdf HTTP/1.1" 200 87262
172.22.2.4 - - [06/Nov/2023:18:51:47 -0500] "HEAD /BLA/boletinlegal/ HTTP/1.1" 200 -
44.231.202.44 - - [06/Nov/2023:18:53:27 -0500] "GET /BLA/resoluciones/index.php?dir=RESOLUCIONES%202005/ HTTP/1.1" 200 49688
172.22.2.4 - - [06/Nov/2023:18:52:39 -0500] "GET /BLA/boletinlegal/ HTTP/1.1" 200 58644
50.112.160.3 - - [06/Nov/2023:18:54:31 -0500] "GET /BLA/resoluciones/index.php?dir=RESOLUCIONES%202003/RES%202003%201001-1050/ HTTP/1.1" 200 11566
201.245.192.253 - - [06/Nov/2023:18:54:57 -0500] "POST /kwsrmcab/Wsrmcab  HTTP/1.1" 200 42686
216.245.221.92 - - [06/Nov/2023:18:55:47 -0500] "HEAD / HTTP/1.1" 200 -
40.77.167.3 - - [06/Nov/2023:18:56:00 -0500] "GET /BLA/resoluciones/AUTOS%202007/0386.pdf HTTP/1.1" 200 159482
181.234.202.124 - - [06/Nov/2023:18:56:57 -0500] "GET /BLA/resoluciones/index.php?dir=AUTOS+2019%2F HTTP/1.1" 200 390105
66.249.66.20 - - [06/Nov/2023:18:57:44 -0500] "GET /BLA/resoluciones/Notificaciones/RESOLUCIONES%202021/02717.pdf HTTP/1.1" 200 1632096
66.249.66.19 - - [06/Nov/2023:18:58:01 -0500] "GET /BLA/resoluciones/RESOLUCIONES%202014/2709.pdf HTTP/1.1" 200 295200
52.167.144.20 - - [06/Nov/2023:18:58:02 -0500] "GET /bla/resoluciones/notificaciones/autos%202017/05041.pdf HTTP/1.1" 200 282100
51.159.214.48 - - [06/Nov/2023:18:58:50 -0500] "HEAD / HTTP/1.1" 200 -
51.159.214.48 - - [06/Nov/2023:18:58:51 -0500] "GET / HTTP/1.1" 200 319
173.252.107.8 - - [06/Nov/2023:18:58:55 -0500] "GET /recuperados-en-la-terminal-el-salitre-102-peces-que-eran-movilizados-ilegalmente-desde-el-caribe-colombiano.html HTTP/1.1" 200 773
52.167.144.175 - - [06/Nov/2023:18:59:11 -0500] "GET /BLA/resoluciones/AUTOS%202023/2624.pdf HTTP/1.1" 200 467022
172.22.2.4 - - [06/Nov/2023:18:57:37 -0500] "HEAD /BLA/boletinlegal/ HTTP/1.1" 200 -
172.22.2.4 - - [06/Nov/2023:18:57:42 -0500] "GET /BLA/boletinlegal/ HTTP/1.1" 200 45941
201.245.192.253 - - [06/Nov/2023:18:59:56 -0500] "POST /kwsrmcab/Wsrmcab  HTTP/1.1" 200 42686
172.22.2.4 - - [06/Nov/2023:18:58:28 -0500] "GET /BLA/boletinlegal/ HTTP/1.1" 200 51333
66.249.66.20 - - [06/Nov/2023:19:00:18 -0500] "GET /BLA/resoluciones/RESOLUCIONES%202008/2349.pdf HTTP/1.1" 200 385845
186.102.1.85 - - [06/Nov/2023:19:00:41 -0500] "OPTIONS /kwssiamovil/sm/setfile/f? HTTP/1.1" 200 13
186.102.1.85 - - [06/Nov/2023:19:00:41 -0500] "POST /kwssiamovil/sm/setfile/f? HTTP/1.1" 200 381
216.245.221.92 - - [06/Nov/2023:19:00:47 -0500] "HEAD / HTTP/1.1" 200 -
40.77.167.53 - - [06/Nov/2023:19:01:22 -0500] "GET /BLA/resoluciones/RESOLUCIONES%202021/4723.pdf HTTP/1.1" 200 494152
186.102.1.85 - - [06/Nov/2023:19:01:39 -0500] "GET /kwssiamovil/sm/acme/a?s=U2FsdGVkX189q1ApdDW9mnVWHtOw9NN/c5tB9UFmYJPG2RfL0YxpMZ1HTspRkbf1u6o/V5+1fntUZPnuXphuY1wkZIwkHf1oaJoMYdSkYItJWHhaqbdl0CDLsWFzsiE90tKEmKbfzhjv3BhFAAwAyX64/2b+WGg38bNs1R64Fu0wfuln+eKofQhaY8PAow5E/k2X4i5q8E3kZu99b0EDOj1eL8B6doAd01Hf3D7qcXfB1IP3n9QraxdO1iH+sqMm2P3SVbwr/ERPrNLAQ53x8w==&u=U2FsdGVkX1/cLif3PoQA/M/oY3bAyMx6WHwJQTcOCecwBioU+pKQOgjRbY8vO5ST&y=U2FsdGVkX18TQyk4OIarEG9nwPyswuWh7FsA43qWEWbjx5otWYt4uigdC5D+wNut HTTP/1.1" 200 26
