50.112.160.3 - - [06/Nov/2023:14:42:35 -0500] "GET /BLA/resoluciones/index.php?dir=Notificaciones/REGISTROS%202019/&order=desc&sort=name HTTP/1.1" 200 18600
50.112.160.3 - - [06/Nov/2023:14:42:36 -0500] "GET /BLA/resoluciones/index.php?dir=Acuerdos/&order=desc&sort=date HTTP/1.1" 200 3395
44.231.202.44 - - [06/Nov/2023:14:42:37 -0500] "GET /BLA/resoluciones/index.php?dir=Notificaciones/REGISTROS%202015/&order=asc&sort=size HTTP/1.1" 200 19557
44.231.202.44 - - [06/Nov/2023:14:42:38 -0500] "GET /BLA/resoluciones/index.php?dir=RESOLUCIONES%202006/RES%202006%20151-200/&order=asc&sort=date HTTP/1.1" 200 12238
54.184.159.16 - - [06/Nov/2023:14:42:40 -0500] "GET /BLA/resoluciones/index.php?dir=Notificaciones/REGISTROS%202015/&order=asc&sort=date HTTP/1.1" 200 19557
44.231.202.44 - - [06/Nov/2023:14:42:45 -0500] "GET /BLA/resoluciones/index.php?dir=RESOLUCIONES%202005/RES%202005%202701%20-2750/&order=asc&sort=size HTTP/1.1" 200 12404
50.112.160.3 - - [06/Nov/2023:14:42:45 -0500] "GET /BLA/resoluciones/index.php?dir=Notificaciones/AUTOS%202020/&order=asc&sort=size HTTP/1.1" 200 119693
50.112.160.3 - - [06/Nov/2023:14:42:46 -0500] "GET /BLA/resoluciones/RESOLUCIONES%202005/RES%202005%201501-1550/INDEX.DAT HTTP/1.1" 200 2000
54.184.159.16 - - [06/Nov/2023:14:42:46 -0500] "GET /BLA/resoluciones/index.php?dir=RESOLUCIONES%202002/RES%202002%20251-300/&order=desc&sort=name HTTP/1.1" 200 12033
52.25.208.208 - - [06/Nov/2023:14:42:46 -0500] "GET /BLA/resoluciones/index.php?dir=Notificaciones/AUTOS%202016/&order=desc&sort=size HTTP/1.1" 200 75953
50.112.160.3 - - [06/Nov/2023:14:42:48 -0500] "GET /BLA/resoluciones/index.php?dir=RESOLUCIONES%202002/RES%202002%201201-1250/&order=asc&sort=name HTTP/1.1" 200 12151
50.112.160.3 - - [06/Nov/2023:14:42:48 -0500] "GET /BLA/resoluciones/index.php?dir=RESOLUCIONES%202003/RES%202003%201751-1800/&order=asc&sort=name HTTP/1.1" 200 12151
50.112.160.3 - - [06/Nov/2023:14:42:49 -0500] "GET /BLA/resoluciones/index.php?dir=Notificaciones/REGISTROS%202014/&order=asc&sort=size HTTP/1.1" 200 15754
54.184.159.16 - - [06/Nov/2023:14:42:52 -0500] "GET /BLA/resoluciones/RESOLUCIONES%202006/RES%202006%201101-1150/INDEX.DAT HTTP/1.1" 200 2000
52.25.208.208 - - [06/Nov/2023:14:42:56 -0500] "GET /BLA/resoluciones/index.php?dir=AUTOS%202006/AUTOS%202006%201-100/&order=desc&sort=date HTTP/1.1" 200 21538
179.33.161.109 - - [06/Nov/2023:14:42:57 -0500] "GET /sipse/faces/javax.faces.resource/images/ui-bg_flat_0_2d5972_40x100.png?ln=primefaces-aristo HTTP/1.1" 304 -
179.33.161.109 - - [06/Nov/2023:14:42:57 -0500] "POST /sipse/faces/presentacion/financiero/solicitudProceso/consultarSolicitudProceso.xhtml HTTP/1.1" 200 42326
179.33.161.109 - - [06/Nov/2023:14:42:57 -0500] "GET /sipse/faces/javax.faces.resource/theme.css?ln=primefaces-sipse HTTP/1.1" 304 -
179.33.161.109 - - [06/Nov/2023:14:42:57 -0500] "GET /sipse/faces/javax.faces.resource/primefaces.css?ln=primefaces&v=4.0 HTTP/1.1" 304 -
179.33.161.109 - - [06/Nov/2023:14:42:57 -0500] "GET /sipse/faces/javax.faces.resource/layout/layout.css?ln=primefaces&v=4.0 HTTP/1.1" 304 -
179.33.161.109 - - [06/Nov/2023:14:42:58 -0500] "GET /sipse/faces/javax.faces.resource/jquery/jquery.js?ln=primefaces&v=4.0 HTTP/1.1" 304 -
179.33.161.109 - - [06/Nov/2023:14:42:58 -0500] "GET /sipse/faces/javax.faces.resource/jquery/jquery-plugins.js?ln=primefaces&v=4.0 HTTP/1.1" 304 -
179.33.161.109 - - [06/Nov/2023:14:42:58 -0500] "GET /sipse/faces/javax.faces.resource/primefaces.js?ln=primefaces&v=4.0 HTTP/1.1" 304 -
179.33.161.109 - - [06/Nov/2023:14:42:58 -0500] "GET /sipse/faces/javax.faces.resource/layout/layout.js?ln=primefaces&v=4.0 HTTP/1.1" 304 -
44.231.202.44 - - [06/Nov/2023:14:42:57 -0500] "GET /BLA/resoluciones/index.php?dir=RESOLUCIONES%202004/RES%202004%202101-2150/&order=asc&sort=size HTTP/1.1" 200 12359
179.33.161.109 - - [06/Nov/2023:14:42:58 -0500] "POST /sipse/faces/presentacion/financiero/solicitudProceso/consultar.xhtml HTTP/1.1" 200 35737
54.184.159.16 - - [06/Nov/2023:14:42:58 -0500] "GET /BLA/resoluciones/RESOLUCIONES%202005/RES%202005%201751-1800/INDEX.DAT HTTP/1.1" 200 2000
179.33.161.109 - - [06/Nov/2023:14:42:58 -0500] "POST /sipse/faces/presentacion/financiero/solicitudProceso/consultar.xhtml HTTP/1.1" 200 35737
179.33.161.109 - - [06/Nov/2023:14:42:58 -0500] "POST /sipse/faces/presentacion/financiero/solicitudProceso/consultar.xhtml HTTP/1.1" 200 35737
179.33.161.109 - - [06/Nov/2023:14:42:59 -0500] "POST /sipse/faces/presentacion/financiero/solicitudProceso/consultar.xhtml HTTP/1.1" 200 35737
179.33.161.109 - - [06/Nov/2023:14:42:59 -0500] "POST /sipse/faces/presentacion/financiero/solicitudProceso/consultar.xhtml HTTP/1.1" 200 35737
179.33.161.109 - - [06/Nov/2023:14:42:59 -0500] "POST /sipse/faces/presentacion/financiero/solicitudProceso/consultar.xhtml HTTP/1.1" 200 35737
179.33.161.109 - - [06/Nov/2023:14:42:59 -0500] "POST /sipse/faces/presentacion/financiero/solicitudProceso/consultar.xhtml HTTP/1.1" 200 35737
54.184.159.16 - - [06/Nov/2023:14:43:02 -0500] "GET /BLA/resoluciones/RESOLUCIONES%202005/RES%202005%20551-600/INDEX.DAT HTTP/1.1" 200 2000
179.33.161.109 - - [06/Nov/2023:14:43:02 -0500] "POST /sipse/faces/presentacion/financiero/solicitudProceso/consultar.xhtml HTTP/1.1" 200 12906
44.231.202.44 - - [06/Nov/2023:14:43:01 -0500] "GET /portaldeninos/aulas-ambientales/aula-ambiental-sorotama/ HTTP/1.1" 200 89596
44.231.202.44 - - [06/Nov/2023:14:43:05 -0500] "GET /BLA/resoluciones/RESOLUCIONES%202005/RES%202005%20751-800/INDEX.DAT HTTP/1.1" 200 2000
44.231.202.44 - - [06/Nov/2023:14:43:05 -0500] "GET /BLA/resoluciones/index.php?dir=RESOLUCIONES%202005/RES%202005%20851-900/&order=asc&sort=date HTTP/1.1" 200 12242
54.184.159.16 - - [06/Nov/2023:14:43:12 -0500] "GET /BLA/resoluciones/index.php?dir=Notificaciones/REGISTROS%202014/&order=asc&sort=date HTTP/1.1" 200 15754
179.33.161.109 - - [06/Nov/2023:14:43:11 -0500] "POST /sipse/faces/presentacion/financiero/solicitudProceso/consultar.xhtml HTTP/1.1" 200 150880
179.33.161.109 - - [06/Nov/2023:14:43:13 -0500] "GET /sipse/faces/javax.faces.resource/theme.css?ln=primefaces-sipse HTTP/1.1" 304 -
179.33.161.109 - - [06/Nov/2023:14:43:13 -0500] "GET /sipse/faces/javax.faces.resource/primefaces.css?ln=primefaces&v=4.0 HTTP/1.1" 304 -
179.33.161.109 - - [06/Nov/2023:14:43:13 -0500] "GET /sipse/faces/javax.faces.resource/layout/layout.css?ln=primefaces&v=4.0 HTTP/1.1" 304 -
179.33.161.109 - - [06/Nov/2023:14:43:13 -0500] "GET /sipse/faces/javax.faces.resource/jquery/jquery.js?ln=primefaces&v=4.0 HTTP/1.1" 304 -
179.33.161.109 - - [06/Nov/2023:14:43:13 -0500] "GET /sipse/faces/javax.faces.resource/jquery/jquery-plugins.js?ln=primefaces&v=4.0 HTTP/1.1" 304 -
179.33.161.109 - - [06/Nov/2023:14:43:13 -0500] "GET /sipse/faces/javax.faces.resource/primefaces.js?ln=primefaces&v=4.0 HTTP/1.1" 304 -
179.33.161.109 - - [06/Nov/2023:14:43:13 -0500] "GET /sipse/faces/javax.faces.resource/layout/layout.js?ln=primefaces&v=4.0 HTTP/1.1" 304 -
44.231.202.44 - - [06/Nov/2023:14:43:14 -0500] "GET /BLA/resoluciones/index.php?dir=RESOLUCIONES%202004/RES%202004%202101-2150/&order=desc&sort=name HTTP/1.1" 200 12358
44.231.202.44 - - [06/Nov/2023:14:43:15 -0500] "GET /BLA/resoluciones/index.php?dir=RESOLUCIONES%202005/RES%202005%201051-1100/&order=asc&sort=date HTTP/1.1" 200 3976
44.231.202.44 - - [06/Nov/2023:14:43:17 -0500] "GET /BLA/resoluciones/index.php?dir=Notificaciones/RESOLUCIONES%202018/&order=asc&sort=size HTTP/1.1" 200 19727
179.33.161.109 - - [06/Nov/2023:14:43:19 -0500] "POST /sipse/faces/presentacion/financiero/solicitudProceso/consultarSolicitudProceso.xhtml HTTP/1.1" 200 214555
179.33.161.109 - - [06/Nov/2023:14:43:20 -0500] "POST /sipse/faces/presentacion/financiero/solicitudProceso/consultarSolicitudProceso.xhtml HTTP/1.1" 200 258331
50.112.160.3 - - [06/Nov/2023:14:43:22 -0500] "GET /BLA/resoluciones/index.php?dir=RESOLUCIONES%202007/RES%202007%204201%20AL%204300/&order=asc&sort=date HTTP/1.1" 200 26607
179.33.161.109 - - [06/Nov/2023:14:43:23 -0500] "POST /sipse/faces/presentacion/financiero/solicitudProceso/consultarSolicitudProceso.xhtml HTTP/1.1" 200 92693
44.231.202.44 - - [06/Nov/2023:14:43:23 -0500] "GET /BLA/resoluciones/index.php?dir=Notificaciones/REGISTROS%202023/&order=desc&sort=name HTTP/1.1" 200 5000
50.112.160.3 - - [06/Nov/2023:14:43:23 -0500] "GET /BLA/resoluciones/index.php?dir=RESOLUCIONES%202020/&order=desc&sort=size HTTP/1.1" 200 169741
44.231.202.44 - - [06/Nov/2023:14:43:26 -0500] "GET /BLA/resoluciones/index.php?dir=Notificaciones/RESOLUCIONES%202019/&order=desc&sort=size HTTP/1.1" 200 40759
54.184.159.16 - - [06/Nov/2023:14:43:27 -0500] "GET /BLA/resoluciones/index.php?dir=AUTOS%202006/AUTOS%202006%20801-900/&order=desc&sort=size HTTP/1.1" 200 21774
44.231.202.44 - - [06/Nov/2023:14:43:27 -0500] "GET /BLA/resoluciones/index.php?dir=Notificaciones/AUTOS%202014/&order=asc&sort=date HTTP/1.1" 200 307884
52.25.208.208 - - [06/Nov/2023:14:43:29 -0500] "GET /BLA/resoluciones/index.php?dir=RESOLUCIONES%202002/RES%202002%20251-300/&order=asc&sort=name HTTP/1.1" 200 12034
54.184.159.16 - - [06/Nov/2023:14:43:29 -0500] "GET /BLA/resoluciones/index.php?dir=RESOLUCIONES%202005/RES%202005%20701-750/&order=desc&sort=name HTTP/1.1" 200 12246
54.184.159.16 - - [06/Nov/2023:14:43:37 -0500] "GET /BLA/resoluciones/RESOLUCIONES%202005/RES%202005%20701-750/INDEX.DAT HTTP/1.1" 200 2000
54.184.159.16 - - [06/Nov/2023:14:43:38 -0500] "GET /BLA/resoluciones/index.php?dir=RESOLUCIONES%202005/RES%202005%201851-1900/&order=desc&sort=name HTTP/1.1" 200 12355
44.231.202.44 - - [06/Nov/2023:14:43:38 -0500] "GET /BLA/resoluciones/index.php?dir=AUTOS%202003/&order=desc&sort=size HTTP/1.1" 200 1812
50.112.160.3 - - [06/Nov/2023:14:43:39 -0500] "GET /BLA/resoluciones/RESOLUCIONES%202004/RES%202004%201551-1600/INDEX.DAT HTTP/1.1" 200 2000
44.231.202.44 - - [06/Nov/2023:14:43:39 -0500] "GET /BLA/resoluciones/index.php?dir=RESOLUCIONES%202006/RES%202006%202001-2050/&order=asc&sort=date HTTP/1.1" 200 12363
50.112.160.3 - - [06/Nov/2023:14:43:39 -0500] "GET /BLA/resoluciones/index.php?dir=Notificaciones/AUTOS%202020/&order=asc&sort=date HTTP/1.1" 200 119693
54.184.159.16 - - [06/Nov/2023:14:43:42 -0500] "GET /BLA/resoluciones/index.php?dir=RESOLUCIONES%202006/RES%202006%202001-2050/&order=desc&sort=name HTTP/1.1" 200 12362
54.184.159.16 - - [06/Nov/2023:14:43:43 -0500] "GET /BLA/resoluciones/index.php?dir=RESOLUCIONES%202004/RES%202004%20101-150/&order=asc&sort=size HTTP/1.1" 200 12033
54.184.159.16 - - [06/Nov/2023:14:43:46 -0500] "GET /BLA/resoluciones/index.php?dir=RESOLUCIONES%202020/&order=desc&sort=date HTTP/1.1" 200 169741
44.231.202.44 - - [06/Nov/2023:14:43:51 -0500] "GET /BLA/resoluciones/index.php?dir=Notificaciones/REGISTROS%202013/&order=asc&sort=size HTTP/1.1" 200 2053
54.184.159.16 - - [06/Nov/2023:14:43:52 -0500] "GET /BLA/resoluciones/index.php?dir=Notificaciones/AUTOS%202020/&order=desc&sort=name HTTP/1.1" 200 119692
50.112.160.3 - - [06/Nov/2023:14:43:54 -0500] "GET /BLA/resoluciones/index.php?dir=RESOLUCIONES%202006/RES%202006%201251-1300/&order=asc&sort=size HTTP/1.1" 200 12368
50.112.160.3 - - [06/Nov/2023:14:43:59 -0500] "GET /BLA/resoluciones/index.php?dir=RESOLUCIONES%202002/RES%202002%201401-1450/&order=desc&sort=name HTTP/1.1" 200 12161
54.184.159.16 - - [06/Nov/2023:14:43:59 -0500] "GET /BLA/resoluciones/index.php?dir=RESOLUCIONES%202004/RES%202004%20801-850/&order=desc&sort=name HTTP/1.1" 200 12047
44.231.202.44 - - [06/Nov/2023:14:44:02 -0500] "GET /BLA/resoluciones/index.php?dir=RESOLUCIONES%202006/RES%202006%20%202801-2850/&order=asc&sort=size HTTP/1.1" 200 12415
54.184.159.16 - - [06/Nov/2023:14:44:03 -0500] "GET /BLA/resoluciones/index.php?dir=Notificaciones/REGISTROS%202014/&order=desc&sort=name HTTP/1.1" 200 15753
50.112.160.3 - - [06/Nov/2023:14:44:04 -0500] "GET /BLA/resoluciones/index.php?dir=Notificaciones/REGISTROS%200218/&order=asc&sort=date HTTP/1.1" 200 1871
44.231.202.44 - - [06/Nov/2023:14:44:05 -0500] "GET /BLA/resoluciones/index.php?dir=Notificaciones/AUTOS%201985/&order=asc&sort=size HTTP/1.1" 200 2733
54.184.159.16 - - [06/Nov/2023:14:44:07 -0500] "GET /BLA/resoluciones/index.php?dir=RESOLUCIONES%202005/RES%202005%202551-2600/&order=asc&sort=date HTTP/1.1" 200 12367
54.184.159.16 - - [06/Nov/2023:14:44:08 -0500] "GET /portaldeninos/ruido/ HTTP/1.1" 200 88494
189.131.221.254 - - [06/Nov/2023:14:44:10 -0500] "GET / HTTP/1.1" 200 319
44.231.202.44 - - [06/Nov/2023:14:44:10 -0500] "GET /BLA/resoluciones/index.php?dir=Notificaciones/RESOLUCIONES%202017/&order=desc&sort=name HTTP/1.1" 200 13654
44.231.202.44 - - [06/Nov/2023:14:44:12 -0500] "GET /BLA/resoluciones/index.php?dir=Notificaciones/AUTOS%202029/&order=asc&sort=date HTTP/1.1" 200 2024
44.231.202.44 - - [06/Nov/2023:14:44:13 -0500] "GET /BLA/resoluciones/index.php?dir=RESOLUCIONES%202006/RES%202006%202101-2150/&order=desc&sort=name HTTP/1.1" 200 12368
50.112.160.3 - - [06/Nov/2023:14:44:14 -0500] "GET /BLA/resoluciones/index.php?dir=RESOLUCIONES%202004/RES%202004%201501-1550/&order=desc&sort=name HTTP/1.1" 200 12357
50.112.160.3 - - [06/Nov/2023:14:44:15 -0500] "GET /BLA/resoluciones/index.php?dir=Notificaciones/RESOLUCIONES%202013/&order=asc&sort=size HTTP/1.1" 200 2817
44.231.202.44 - - [06/Nov/2023:14:44:16 -0500] "GET /portaldeninos/fauna/ HTTP/1.1" 200 88429
54.184.159.16 - - [06/Nov/2023:14:44:17 -0500] "GET /BLA/resoluciones/index.php?dir=RESOLUCIONES%202005/RES%202005%202601-2650/&order=asc&sort=date HTTP/1.1" 200 12161
54.184.159.16 - - [06/Nov/2023:14:44:20 -0500] "GET /BLA/resoluciones/index.php?dir=Notificaciones/AUTOS%202029/&order=asc&sort=size HTTP/1.1" 200 2024
44.231.202.44 - - [06/Nov/2023:14:44:20 -0500] "GET /BLA/resoluciones/index.php?dir=AUTOS%202006/AUTOS%202006%202901%20-%203000/&order=desc&sort=size HTTP/1.1" 200 22190
44.231.202.44 - - [06/Nov/2023:14:44:24 -0500] "GET /BLA/resoluciones/index.php?dir=Notificaciones/AUTOS%202014/&order=desc&sort=name HTTP/1.1" 200 307883
50.112.160.3 - - [06/Nov/2023:14:44:26 -0500] "GET /BLA/resoluciones/index.php?dir=RESOLUCIONES%202005/RES%202005%201451-1500/&order=asc&sort=size HTTP/1.1" 200 12368
54.184.159.16 - - [06/Nov/2023:14:44:26 -0500] "GET /BLA/resoluciones/index.php?dir=RESOLUCIONES%202002/RES%202002%201401-1450/&order=asc&sort=date HTTP/1.1" 200 12162
50.112.160.3 - - [06/Nov/2023:14:44:28 -0500] "GET /BLA/resoluciones/index.php?dir=RESOLUCIONES%202002/RES%202002%201451-1500/&order=asc&sort=date HTTP/1.1" 200 12146
54.184.159.16 - - [06/Nov/2023:14:44:33 -0500] "GET /BLA/resoluciones/index.php?dir=RESOLUCIONES%202006/RES%202006%201251-1300/&order=asc&sort=date HTTP/1.1" 200 12368
54.184.159.16 - - [06/Nov/2023:14:44:33 -0500] "GET /BLA/resoluciones/index.php?dir=RESOLUCIONES%202007/RES%202007%201601%20AL%201725/&order=asc&sort=date HTTP/1.1" 200 7202
44.231.202.44 - - [06/Nov/2023:14:44:33 -0500] "GET /BLA/resoluciones/index.php?dir=RESOLUCIONES%202002/RES%202002%201151-1200/&order=asc&sort=size HTTP/1.1" 200 12144
44.231.202.44 - - [06/Nov/2023:14:44:38 -0500] "GET /BLA/resoluciones/index.php?dir=RESOLUCIONES%202005/RES%202005%202051-2100/&order=asc&sort=size HTTP/1.1" 200 12352
44.231.202.44 - - [06/Nov/2023:14:44:38 -0500] "GET /BLA/resoluciones/index.php?dir=RESOLUCIONES%202004/&order=desc&sort=date HTTP/1.1" 200 33859
54.184.159.16 - - [06/Nov/2023:14:44:40 -0500] "GET /portaldeninos/los-arboles/tips/ HTTP/1.1" 200 87677
52.167.144.25 - - [06/Nov/2023:14:44:40 -0500] "GET /portaldeninos/corresponsal-ambiental/ HTTP/1.1" 200 93768
44.231.202.44 - - [06/Nov/2023:14:44:47 -0500] "GET /BLA/resoluciones/index.php?dir=RESOLUCIONES%202002/RES%202002%20901-950/&order=desc&sort=name HTTP/1.1" 200 12467
44.231.202.44 - - [06/Nov/2023:14:44:46 -0500] "GET /BLA/resoluciones/index.php?dir=RESOLUCIONES%202015/&order=asc&sort=name HTTP/1.1" 200 130562
54.184.159.16 - - [06/Nov/2023:14:44:47 -0500] "GET /BLA/resoluciones/index.php?dir=RESOLUCIONES%202006/RES%202006%202051-2100/&order=asc&sort=date HTTP/1.1" 200 12363
44.231.202.44 - - [06/Nov/2023:14:44:50 -0500] "GET /BLA/resoluciones/index.php?dir=RESOLUCIONES%202005/RES%202005%201501-1550/&order=desc&sort=name HTTP/1.1" 200 12364
158.69.27.238 - - [06/Nov/2023:14:44:52 -0500] "GET /el-reverdecer-de-bogota-no-para-207-nuevos-arboles-plantados-en-el-sur-de-la-ciudad.html HTTP/1.1" 200 912
54.184.159.16 - - [06/Nov/2023:14:44:52 -0500] "GET /BLA/resoluciones/index.php?dir=Notificaciones/REGISTROS%202015/&order=desc&sort=name HTTP/1.1" 200 19556
54.184.159.16 - - [06/Nov/2023:14:44:52 -0500] "GET /BLA/resoluciones/index.php?dir=AUTOS%202022/&order=asc&sort=name HTTP/1.1" 200 507974
44.231.202.44 - - [06/Nov/2023:14:44:54 -0500] "GET /BLA/resoluciones/index.php?dir=RESOLUCIONES%202007/RES%202007%201901%20AL%202000/&order=asc&sort=date HTTP/1.1" 200 26856
44.231.202.44 - - [06/Nov/2023:14:44:55 -0500] "GET /BLA/resoluciones/index.php?dir=Notificaciones/REGISTROS%200218/&order=asc&sort=size HTTP/1.1" 200 1871
50.112.160.3 - - [06/Nov/2023:14:44:55 -0500] "GET /BLA/resoluciones/RESOLUCIONES%202006/RES%202006%202051-2100/INDEX.DAT HTTP/1.1" 200 2000
50.112.160.3 - - [06/Nov/2023:14:44:54 -0500] "GET /BLA/resoluciones/index.php?dir=AUTOS%202016/&order=asc&sort=name HTTP/1.1" 200 331625
44.231.202.44 - - [06/Nov/2023:14:44:56 -0500] "GET /BLA/resoluciones/RESOLUCIONES%202005/RES%202005%201301-1350/INDEX.DAT HTTP/1.1" 200 2000
50.112.160.3 - - [06/Nov/2023:14:44:56 -0500] "GET /BLA/resoluciones/index.php?dir=Notificaciones/RESOLUCIONES%202017/&order=asc&sort=size HTTP/1.1" 200 13655
52.167.144.182 - - [06/Nov/2023:14:44:56 -0500] "GET /portaldeninos/wp-content/themes/betheme/fonts/mfn-icons.ttf?93978679 HTTP/1.1" 200 124684
52.167.144.182 - - [06/Nov/2023:14:44:57 -0500] "GET /portaldeninos/wp-content/themes/betheme/assets/jplayer/jplayer.min.js?ver=20.9.6 HTTP/1.1" 200 52702
52.167.144.182 - - [06/Nov/2023:14:44:57 -0500] "GET /portaldeninos/wp-content/themes/betheme/js/plugins.js?ver=20.9.6 HTTP/1.1" 200 197151
44.231.202.44 - - [06/Nov/2023:14:44:58 -0500] "GET /BLA/resoluciones/index.php?dir=RESOLUCIONES%201996/&order=asc&sort=name HTTP/1.1" 200 9137
52.167.144.25 - - [06/Nov/2023:14:44:59 -0500] "GET /portaldeninos/wp-content/plugins/gallery-videos/JS/Total-Soft-Gallery-Video-Widget.js?ver=4.9.8 HTTP/1.1" 200 80264
52.167.144.182 - - [06/Nov/2023:14:44:59 -0500] "GET /portaldeninos/wp-content/themes/betheme/style.css?ver=20.9.6 HTTP/1.1" 200 287
52.167.144.182 - - [06/Nov/2023:14:45:00 -0500] "GET /portaldeninos/wp-includes/js/jquery/ui/core.min.js?ver=1.11.4 HTTP/1.1" 200 4000
44.231.202.44 - - [06/Nov/2023:14:45:00 -0500] "GET /BLA/resoluciones/index.php?dir=RESOLUCIONES%202005/RES%202005%201751-1800/&order=asc&sort=size HTTP/1.1" 200 12368
52.167.144.182 - - [06/Nov/2023:14:45:00 -0500] "GET /portaldeninos/wp-includes/js/wp-emoji-release.min.js?ver=4.9.8 HTTP/1.1" 200 12026
52.167.144.3 - - [06/Nov/2023:14:45:01 -0500] "GET /portaldeninos/wp-content/plugins/gallery-videos/JS/modernizr.custom.js?ver=4.9.8 HTTP/1.1" 200 9019
44.231.202.44 - - [06/Nov/2023:14:45:02 -0500] "GET /BLA/resoluciones/index.php?dir=RESOLUCIONES%202005/RES%202005%20751-800/&order=desc&sort=name HTTP/1.1" 200 12253
50.112.160.3 - - [06/Nov/2023:14:45:02 -0500] "GET /BLA/resoluciones/index.php?dir=RESOLUCIONES%202005/RES%202005%201301-1350/&order=desc&sort=name HTTP/1.1" 200 12343
44.231.202.44 - - [06/Nov/2023:14:45:05 -0500] "GET /BLA/resoluciones/index.php?dir=RESOLUCIONES%202006/RES%202006%201251-1300/&order=desc&sort=name HTTP/1.1" 200 12367
50.112.160.3 - - [06/Nov/2023:14:45:06 -0500] "GET /BLA/resoluciones/index.php?dir=RESOLUCIONES%202006/RES%202006%202051-2100/&order=asc&sort=size HTTP/1.1" 200 12363
207.46.13.6 - - [06/Nov/2023:14:45:07 -0500] "GET /BLA/resoluciones/AUTOS%202023/2772.pdf HTTP/1.1" 200 776776
50.112.160.3 - - [06/Nov/2023:14:45:08 -0500] "GET /BLA/resoluciones/index.php?dir=RESOLUCIONES%202005/RES%202005%201901-1950/&order=asc&sort=size HTTP/1.1" 200 12364
52.167.144.25 - - [06/Nov/2023:14:45:09 -0500] "GET /portaldeninos/wp-content/themes/betheme/assets/animations/animations.min.css?ver=20.9.6 HTTP/1.1" 200 58508
52.167.144.25 - - [06/Nov/2023:14:45:09 -0500] "GET /portaldeninos/wp-includes/js/jquery/ui/accordion.min.js?ver=1.11.4 HTTP/1.1" 200 8584
52.167.144.25 - - [06/Nov/2023:14:45:10 -0500] "GET /portaldeninos/wp-includes/js/jquery/ui/mouse.min.js?ver=1.11.4 HTTP/1.1" 200 3148
50.112.160.3 - - [06/Nov/2023:14:45:09 -0500] "GET /BLA/resoluciones/index.php?dir=RESOLUCIONES%202006/RES%202006%202051-2100/&order=desc&sort=name HTTP/1.1" 200 12362
52.167.144.25 - - [06/Nov/2023:14:45:10 -0500] "GET /portaldeninos/wp-includes/js/wp-embed.min.js?ver=4.9.8 HTTP/1.1" 200 1398
44.231.202.44 - - [06/Nov/2023:14:45:12 -0500] "GET /BLA/resoluciones/index.php?dir=RESOLUCIONES%202005/RES%202005%201401-1450/&order=asc&sort=date HTTP/1.1" 200 12365
44.231.202.44 - - [06/Nov/2023:14:45:13 -0500] "GET /BLA/resoluciones/index.php?dir=RESOLUCIONES%202002/RES%202002%20251-300/&order=asc&sort=date HTTP/1.1" 200 12034
40.77.167.54 - - [06/Nov/2023:14:45:14 -0500] "GET /portaldeninos/wp-content/plugins/gallery-videos/CSS/Total-Soft-Gallery-Video-Widget.css?ver=4.9.8 HTTP/1.1" 200 51554
40.77.167.54 - - [06/Nov/2023:14:45:14 -0500] "GET /portaldeninos/wp-content/plugins/gallery-videos/CSS/totalsoft.css?ver=4.9.8 HTTP/1.1" 200 40622
40.77.167.54 - - [06/Nov/2023:14:45:15 -0500] "GET /portaldeninos/wp-content/themes/betheme/assets/jplayer/css/jplayer.blue.monday.css?ver=20.9.6 HTTP/1.1" 200 9834
40.77.167.54 - - [06/Nov/2023:14:45:15 -0500] "GET /portaldeninos/wp-content/themes/betheme/js/scripts.js?ver=20.9.6 HTTP/1.1" 200 77162
40.77.167.54 - - [06/Nov/2023:14:45:15 -0500] "GET /portaldeninos/wp-content/uploads/useanyfont/uaf.css?ver=1589905315 HTTP/1.1" 200 408
40.77.167.54 - - [06/Nov/2023:14:45:16 -0500] "GET /portaldeninos/wp-includes/js/jquery/jquery-migrate.min.js?ver=1.4.1 HTTP/1.1" 200 10056
44.231.202.44 - - [06/Nov/2023:14:45:16 -0500] "GET /BLA/resoluciones/index.php?dir=RESOLUCIONES%202004/RES%202004%202151-2200/&order=asc&sort=size HTTP/1.1" 200 12359
50.112.160.3 - - [06/Nov/2023:14:45:16 -0500] "GET /BLA/resoluciones/index.php?dir=Notificaciones/REGISTROS%200218/&order=desc&sort=name HTTP/1.1" 200 1870
44.231.202.44 - - [06/Nov/2023:14:45:16 -0500] "GET /BLA/resoluciones/index.php?dir=Notificaciones/RESOLUCIONES%202016/&order=desc&sort=name HTTP/1.1" 200 18210
44.231.202.44 - - [06/Nov/2023:14:45:15 -0500] "GET /BLA/resoluciones/index.php?dir=AUTOS%202015/ HTTP/1.1" 200 584494
54.184.159.16 - - [06/Nov/2023:14:45:18 -0500] "GET /BLA/resoluciones/RESOLUCIONES%202005/RES%202005%201851-1900/INDEX.DAT HTTP/1.1" 200 2000
50.112.160.3 - - [06/Nov/2023:14:45:18 -0500] "GET /BLA/resoluciones/index.php?dir=RESOLUCIONES%202006/RES%202006%202551-2600/&order=asc&sort=date HTTP/1.1" 200 12354
54.184.159.16 - - [06/Nov/2023:14:45:18 -0500] "GET /BLA/resoluciones/index.php?dir=RESOLUCIONES%202002/RES%202002%201301-1350/&order=asc&sort=size HTTP/1.1" 200 12634
54.184.159.16 - - [06/Nov/2023:14:45:22 -0500] "GET /BLA/resoluciones/index.php?dir=RESOLUCIONES%202005/RES%202005%202051-2100/&order=asc&sort=date HTTP/1.1" 200 12352
54.184.159.16 - - [06/Nov/2023:14:45:23 -0500] "GET /BLA/resoluciones/index.php?dir=RESOLUCIONES%202005/RES%202005%202851-2900/&order=asc&sort=size HTTP/1.1" 200 12156
54.184.159.16 - - [06/Nov/2023:14:45:25 -0500] "GET /BLA/resoluciones/RESOLUCIONES%202002/RES%202002%20901-950/INDEX.DAT HTTP/1.1" 200 1960
50.112.160.3 - - [06/Nov/2023:14:45:24 -0500] "GET /BLA/resoluciones/index.php?dir=Notificaciones/RESOLUCIONES%202022/&order=desc&sort=name HTTP/1.1" 200 106365
54.184.159.16 - - [06/Nov/2023:14:45:27 -0500] "GET /BLA/resoluciones/index.php?dir=RESOLUCIONES%202005/RES%202005%20501-550/&order=asc&sort=date HTTP/1.1" 200 12244
44.231.202.44 - - [06/Nov/2023:14:45:31 -0500] "GET /BLA/resoluciones/index.php?dir=RESOLUCIONES%202005/RES%202005%201751-1800/&order=desc&sort=name HTTP/1.1" 200 12367
44.231.202.44 - - [06/Nov/2023:14:45:31 -0500] "GET /BLA/resoluciones/index.php?dir=AUTOS%202015/&order=asc&sort=name HTTP/1.1" 200 584494
216.245.221.92 - - [06/Nov/2023:14:45:38 -0500] "HEAD / HTTP/1.1" 200 -
54.184.159.16 - - [06/Nov/2023:14:45:38 -0500] "GET /BLA/resoluciones/index.php?dir=Notificaciones/AUTOS%201988/&order=asc&sort=size HTTP/1.1" 200 2205
50.112.160.3 - - [06/Nov/2023:14:45:38 -0500] "GET /BLA/resoluciones/index.php?dir=RESOLUCIONES%202006/RES%202006%20451-500/&order=desc&sort=name HTTP/1.1" 200 12243
50.112.160.3 - - [06/Nov/2023:14:45:39 -0500] "GET /BLA/resoluciones/index.php?dir=Notificaciones/RESOLUCIONES%202013/&order=desc&sort=name HTTP/1.1" 200 2816
50.112.160.3 - - [06/Nov/2023:14:45:39 -0500] "GET /BLA/resoluciones/index.php?dir=Notificaciones/AUTOS%202021/&order=desc&sort=name HTTP/1.1" 200 200237
54.184.159.16 - - [06/Nov/2023:14:45:42 -0500] "GET /BLA/resoluciones/index.php?dir=Notificaciones/RESOLUCIONES%202016/&order=asc&sort=date HTTP/1.1" 200 18211
54.184.159.16 - - [06/Nov/2023:14:45:44 -0500] "GET /BLA/resoluciones/index.php?dir=Notificaciones/DISCIPLINARIOS%202019/&order=asc&sort=date HTTP/1.1" 200 3553
54.184.159.16 - - [06/Nov/2023:14:45:44 -0500] "GET /BLA/resoluciones/index.php?dir=Notificaciones/AUTOS%200022/&order=asc&sort=size HTTP/1.1" 200 2018
54.184.159.16 - - [06/Nov/2023:14:45:44 -0500] "GET /BLA/resoluciones/index.php?dir=RESOLUCIONES%202005/RES%202005%202701%20-2750/&order=asc&sort=date HTTP/1.1" 200 12404
54.184.159.16 - - [06/Nov/2023:14:45:44 -0500] "GET /BLA/resoluciones/index.php?dir=RESOLUCIONES%202006/RES%202006%20751-800/&order=desc&sort=name HTTP/1.1" 200 12234
44.231.202.44 - - [06/Nov/2023:14:45:45 -0500] "GET /BLA/resoluciones/index.php?dir=RESOLUCIONES%202005/RES%202005%202851-2900/&order=desc&sort=name HTTP/1.1" 200 12155
54.184.159.16 - - [06/Nov/2023:14:45:46 -0500] "GET /BLA/resoluciones/index.php?dir=RESOLUCIONES%202002/RES%202002%20501-550/&order=asc&sort=size HTTP/1.1" 200 12510
50.112.160.3 - - [06/Nov/2023:14:45:47 -0500] "GET /BLA/resoluciones/index.php?dir=Notificaciones/RESOLUCIONES%202022/&order=asc&sort=date HTTP/1.1" 200 106366
44.231.202.44 - - [06/Nov/2023:14:45:48 -0500] "GET /BLA/resoluciones/index.php?dir=RESOLUCIONES%202006/RES%202006%2051-100/&order=asc&sort=size HTTP/1.1" 200 11996
44.231.202.44 - - [06/Nov/2023:14:45:48 -0500] "GET /BLA/resoluciones/index.php?dir=RESOLUCIONES%202017/&order=desc&sort=date HTTP/1.1" 200 286830
66.249.66.21 - - [06/Nov/2023:14:45:50 -0500] "GET /favicon.ico HTTP/1.1" 200 7782
50.112.160.3 - - [06/Nov/2023:14:45:52 -0500] "GET /BLA/resoluciones/index.php?dir=RESOLUCIONES%202012/&order=desc&sort=date HTTP/1.1" 200 140065
201.245.192.253 - - [06/Nov/2023:14:45:51 -0500] "POST /kwsrmcab/Wsrmcab  HTTP/1.1" 200 42686
54.184.159.16 - - [06/Nov/2023:14:45:54 -0500] "GET /BLA/resoluciones/RESOLUCIONES%202005/RES%202005%202951-3000/INDEX.DAT HTTP/1.1" 200 1920
54.184.159.16 - - [06/Nov/2023:14:45:54 -0500] "GET /BLA/resoluciones/index.php?dir=RESOLUCIONES%202005/RES%202005%202751-2800/&order=desc&sort=name HTTP/1.1" 200 12344
50.112.160.3 - - [06/Nov/2023:14:45:56 -0500] "GET /BLA/resoluciones/RESOLUCIONES%202004/RES%202004%202301-2350/INDEX.DAT HTTP/1.1" 200 2000
44.231.202.44 - - [06/Nov/2023:14:45:56 -0500] "GET /BLA/resoluciones/index.php?dir=RESOLUCIONES%202002/RES%202002%20501-550/&order=desc&sort=name HTTP/1.1" 200 12509
50.112.160.3 - - [06/Nov/2023:14:45:59 -0500] "GET /BLA/resoluciones/index.php?dir=RESOLUCIONES%202002/RES%202002%201151-1200/ HTTP/1.1" 200 12144
54.184.159.16 - - [06/Nov/2023:14:46:03 -0500] "GET /BLA/resoluciones/index.php?dir=RESOLUCIONES%202005/RES%202005%201851-1900/&order=asc&sort=size HTTP/1.1" 200 12356
44.231.202.44 - - [06/Nov/2023:14:46:03 -0500] "GET /BLA/resoluciones/index.php?dir=RESOLUCIONES%202002/RES%202002%20951-1000/&order=desc&sort=name HTTP/1.1" 200 12520
44.231.202.44 - - [06/Nov/2023:14:46:04 -0500] "GET /BLA/resoluciones/index.php?dir=RESOLUCIONES%202004/RES%202004%20151-200/&order=asc&sort=date HTTP/1.1" 200 12047
54.184.159.16 - - [06/Nov/2023:14:46:05 -0500] "GET /BLA/resoluciones/RESOLUCIONES%202002/RES%202002%20701-750/INDEX.DAT HTTP/1.1" 200 2000
100.21.24.205 - - [06/Nov/2023:14:46:08 -0500] "GET /BLA/resoluciones/index.php?dir=AUTOS%202006/AUTOS%202006%202601%20-%202700/&order=asc&sort=name HTTP/1.1" 200 22189
54.184.159.16 - - [06/Nov/2023:14:46:09 -0500] "GET /BLA/resoluciones/index.php?dir=Notificaciones/RESOLUCIONES%202022/&order=asc&sort=size HTTP/1.1" 200 106366
44.231.202.44 - - [06/Nov/2023:14:46:11 -0500] "GET /BLA/resoluciones/index.php?dir=AUTOS%202006/AUTOS%202006%202901%20-%203000/&order=asc&sort=name HTTP/1.1" 200 22191
44.231.202.44 - - [06/Nov/2023:14:46:15 -0500] "GET /BLA/resoluciones/index.php?dir=RESOLUCIONES%202002/RES%202002%201451-1500/&order=desc&sort=name HTTP/1.1" 200 12145
50.112.160.3 - - [06/Nov/2023:14:46:17 -0500] "GET /BLA/resoluciones/index.php?dir=RESOLUCIONES%202002/RES%202002%20701-750/&order=asc&sort=size HTTP/1.1" 200 12223
50.112.160.3 - - [06/Nov/2023:14:46:17 -0500] "GET /BLA/resoluciones/index.php?dir=Notificaciones/&order=desc&sort=size HTTP/1.1" 200 11649
44.231.202.44 - - [06/Nov/2023:14:46:20 -0500] "GET /BLA/resoluciones/index.php?dir=RESOLUCIONES%202006/RES%202006%20551-600/&order=asc&sort=size HTTP/1.1" 200 12250
100.21.24.205 - - [06/Nov/2023:14:46:21 -0500] "GET /BLA/resoluciones/index.php?dir=AUTOS%202006/AUTOS%202006%202601%20-%202700/&order=desc&sort=date HTTP/1.1" 200 22188
50.112.160.3 - - [06/Nov/2023:14:46:21 -0500] "GET /BLA/resoluciones/index.php?dir=RESOLUCIONES%202007/RES%202007%20801%20AL%20900/&order=desc&sort=name HTTP/1.1" 200 26641
44.231.202.44 - - [06/Nov/2023:14:46:22 -0500] "GET /BLA/resoluciones/index.php?dir=RESOLUCIONES%202002/RES%202002%20951-1000/&order=asc&sort=size HTTP/1.1" 200 12521
44.231.202.44 - - [06/Nov/2023:14:46:22 -0500] "GET /BLA/resoluciones/index.php?dir=Notificaciones/RESOLUCIONES%202015/&order=desc&sort=name HTTP/1.1" 200 14393
50.112.160.3 - - [06/Nov/2023:14:46:23 -0500] "GET /BLA/resoluciones/index.php?dir=RESOLUCIONES%202002/ANEXOS/&order=asc&sort=size HTTP/1.1" 200 2240
44.231.202.44 - - [06/Nov/2023:14:46:23 -0500] "GET /BLA/resoluciones/index.php?dir=Notificaciones/RESOLUCIONES%202019/&order=asc&sort=name HTTP/1.1" 200 40760
44.231.202.44 - - [06/Nov/2023:14:46:23 -0500] "GET /BLA/resoluciones/index.php?dir=RESOLUCIONES%202005/RES%202005%201801-1850/&order=asc&sort=size HTTP/1.1" 200 12362
50.112.160.3 - - [06/Nov/2023:14:46:24 -0500] "GET /BLA/resoluciones/index.php?dir=Notificaciones/AUTOS%202016/ HTTP/1.1" 200 75954
44.231.202.44 - - [06/Nov/2023:14:46:27 -0500] "GET /BLA/resoluciones/index.php?dir=RESOLUCIONES%202004/RES%202004%202151-2200/&order=desc&sort=name HTTP/1.1" 200 12358
54.184.159.16 - - [06/Nov/2023:14:46:28 -0500] "GET /BLA/resoluciones/index.php?dir=AUTOS%202006/AUTOS%202006%201901%20-%202000/&order=asc&sort=name HTTP/1.1" 200 22186
50.112.160.3 - - [06/Nov/2023:14:46:32 -0500] "GET /BLA/resoluciones/index.php?dir=RESOLUCIONES%202002/RES%202002%20701-750/&order=asc&sort=date HTTP/1.1" 200 12223
54.184.159.16 - - [06/Nov/2023:14:46:32 -0500] "GET /BLA/resoluciones/index.php?dir=RESOLUCIONES%202002/RES%202002%201151-1200/&order=asc&sort=date HTTP/1.1" 200 12144
44.231.202.44 - - [06/Nov/2023:14:46:33 -0500] "GET /BLA/resoluciones/index.php?dir=RESOLUCIONES%202004/RES%202004%202351-2401/&order=asc&sort=size HTTP/1.1" 200 12572
50.112.160.3 - - [06/Nov/2023:14:46:34 -0500] "GET /BLA/resoluciones/index.php?dir=RESOLUCIONES%202004/RES%202004%201001-1050/&order=asc&sort=size HTTP/1.1" 200 12169
54.184.159.16 - - [06/Nov/2023:14:46:34 -0500] "GET /BLA/resoluciones/index.php?dir=RESOLUCIONES%202002/RES%202002%20801-850/&order=asc&sort=size HTTP/1.1" 200 12225
173.252.95.119 - - [06/Nov/2023:14:46:37 -0500] "GET /el-reverdecer-de-bogota-no-para-207-nuevos-arboles-plantados-en-el-sur-de-la-ciudad.html HTTP/1.1" 200 912
50.112.160.3 - - [06/Nov/2023:14:46:38 -0500] "GET /BLA/resoluciones/index.php?dir=RESOLUCIONES%202005/RES%202005%202951-3000/&order=desc&sort=name HTTP/1.1" 200 11936
54.184.159.16 - - [06/Nov/2023:14:46:38 -0500] "GET /BLA/resoluciones/index.php?dir=RESOLUCIONES%202002/ANEXOS/&order=desc&sort=name HTTP/1.1" 200 2239
54.184.159.16 - - [06/Nov/2023:14:46:40 -0500] "GET /BLA/resoluciones/index.php?dir=RESOLUCIONES%202005/RES%202005%201901-1950/&order=asc&sort=date HTTP/1.1" 200 12364
44.231.202.44 - - [06/Nov/2023:14:46:41 -0500] "GET /BLA/resoluciones/index.php?dir=RESOLUCIONES%202006/RES%202006%20551-600/&order=desc&sort=name HTTP/1.1" 200 12249
44.231.202.44 - - [06/Nov/2023:14:46:42 -0500] "GET /BLA/resoluciones/index.php?dir=RESOLUCIONES%202002/RES%202002%201151-1200/&order=desc&sort=name HTTP/1.1" 200 12143
50.112.160.3 - - [06/Nov/2023:14:46:42 -0500] "GET /BLA/resoluciones/index.php?dir=RESOLUCIONES%202007/RES%202007%203301%20AL%203400/&order=asc&sort=date HTTP/1.1" 200 26620
44.231.202.44 - - [06/Nov/2023:14:46:44 -0500] "GET /BLA/resoluciones/RESOLUCIONES%202004/RES%202004%202151-2200/INDEX.DAT HTTP/1.1" 200 2000
54.184.159.16 - - [06/Nov/2023:14:46:45 -0500] "GET /BLA/resoluciones/index.php?dir=RESOLUCIONES%202005/RES%202005%201301-1350/&order=asc&sort=date HTTP/1.1" 200 12344
44.231.202.44 - - [06/Nov/2023:14:46:45 -0500] "GET /BLA/resoluciones/index.php?dir=RESOLUCIONES%202005/RES%202005%202751-2800/&order=asc&sort=date HTTP/1.1" 200 12345
44.231.202.44 - - [06/Nov/2023:14:46:46 -0500] "GET /BLA/resoluciones/RESOLUCIONES%202006/RES%202006%202351-2400/INDEX.DAT HTTP/1.1" 200 2000
173.252.95.8 - - [06/Nov/2023:14:46:47 -0500] "GET /el-reverdecer-de-bogota-no-para-207-nuevos-arboles-plantados-en-el-sur-de-la-ciudad.html?fbclid=IwAR3a42J9b_3nD6h8QdAsx6GMokKdEkH5XgebYG26wjgvVF3JHXMRiZJF_CY HTTP/1.1" 200 912
44.231.202.44 - - [06/Nov/2023:14:46:50 -0500] "GET /BLA/resoluciones/index.php?dir=RESOLUCIONES%201999/&order=desc&sort=size HTTP/1.1" 200 11561
54.184.159.16 - - [06/Nov/2023:14:46:53 -0500] "GET /BLA/resoluciones/index.php?dir=AUTOS%202006/AUTOS%202006%20601-700/&order=asc&sort=name HTTP/1.1" 200 21776
44.231.202.44 - - [06/Nov/2023:14:46:55 -0500] "GET /BLA/resoluciones/index.php?dir=RESOLUCIONES%202002/ANEXOS/&order=asc&sort=date HTTP/1.1" 200 2240
50.112.160.3 - - [06/Nov/2023:14:46:53 -0500] "GET /BLA/resoluciones/index.php?dir=AUTOS%202019/&order=desc&sort=size HTTP/1.1" 200 390104
54.184.159.16 - - [06/Nov/2023:14:46:56 -0500] "GET /BLA/resoluciones/index.php?dir=RESOLUCIONES%202004/RES%202004%201601-1650/&order=desc&sort=name HTTP/1.1" 200 12358
54.184.159.16 - - [06/Nov/2023:14:47:00 -0500] "GET /BLA/resoluciones/index.php?dir=RESOLUCIONES%202004/RES%202004%201001-1050/&order=asc&sort=date HTTP/1.1" 200 12169
50.112.160.3 - - [06/Nov/2023:14:47:00 -0500] "GET /BLA/resoluciones/index.php?dir=RESOLUCIONES%202002/&order=desc&sort=size HTTP/1.1" 200 26095
172.22.2.4 - - [06/Nov/2023:14:45:21 -0500] "HEAD /BLA/boletinlegal/ HTTP/1.1" 200 -
44.231.202.44 - - [06/Nov/2023:14:47:00 -0500] "GET /BLA/resoluciones/index.php?dir=RESOLUCIONES%202006/RES%202006%202351-2400/&order=asc&sort=size HTTP/1.1" 200 12357
50.112.160.3 - - [06/Nov/2023:14:47:03 -0500] "GET /BLA/resoluciones/index.php?dir=RESOLUCIONES%202003/RES%202003%201751-1800/&order=desc&sort=size HTTP/1.1" 200 12150
54.184.159.16 - - [06/Nov/2023:14:47:04 -0500] "GET /BLA/resoluciones/index.php?dir=RESOLUCIONES%202005/RES%202005%201901-1950/&order=desc&sort=name HTTP/1.1" 200 12363
44.230.252.91 - - [06/Nov/2023:14:47:06 -0500] "GET /BLA/resoluciones/index.php?dir=Notificaciones/REGISTROS%202014/&order=asc&sort=name HTTP/1.1" 200 15754
50.112.160.3 - - [06/Nov/2023:14:47:10 -0500] "GET /BLA/resoluciones/index.php?dir=RESOLUCIONES%202007/RES%202007%201201%20AL%201300/&order=asc&sort=size HTTP/1.1" 200 26864
50.112.160.3 - - [06/Nov/2023:14:47:10 -0500] "GET /BLA/resoluciones/index.php?dir=RESOLUCIONES%201996/&order=desc&sort=date HTTP/1.1" 200 9136
44.231.202.44 - - [06/Nov/2023:14:47:10 -0500] "GET /BLA/resoluciones/RESOLUCIONES%202005/RES%202005%202001-2050/INDEX.DAT HTTP/1.1" 200 2000
50.112.160.3 - - [06/Nov/2023:14:47:12 -0500] "GET /BLA/resoluciones/index.php?dir=Notificaciones/RESOLUCIONES%202016/&order=asc&sort=size HTTP/1.1" 200 18211
54.184.159.16 - - [06/Nov/2023:14:47:21 -0500] "GET /BLA/resoluciones/index.php?dir=RESOLUCIONES%202005/RES%202005%20551-600/&order=asc&sort=date HTTP/1.1" 200 12249
44.231.202.44 - - [06/Nov/2023:14:47:21 -0500] "GET /BLA/resoluciones/index.php?dir=RESOLUCIONES%202006/RES%202006%201101-1150/&order=asc&sort=size HTTP/1.1" 200 12368
44.231.202.44 - - [06/Nov/2023:14:47:26 -0500] "GET /BLA/resoluciones/index.php?dir=RESOLUCIONES%202004/RES%202004%201001-1050/&order=desc&sort=name HTTP/1.1" 200 12168
50.112.160.3 - - [06/Nov/2023:14:47:27 -0500] "GET /BLA/resoluciones/index.php?dir=AUTOS%202006/AUTOS%202006%202901%20-%203000/&order=desc&sort=date HTTP/1.1" 200 22190
54.184.159.16 - - [06/Nov/2023:14:47:27 -0500] "GET /BLA/resoluciones/RESOLUCIONES%202006/RES%202006%201801-1850/INDEX.DAT HTTP/1.1" 200 1960
54.184.159.16 - - [06/Nov/2023:14:47:28 -0500] "GET /BLA/resoluciones/index.php?dir=Notificaciones/AUTOS%202202/&order=desc&sort=name HTTP/1.1" 200 2021
44.231.202.44 - - [06/Nov/2023:14:47:29 -0500] "GET /BLA/resoluciones/RESOLUCIONES%202004/RES%202004%201951-2000/INDEX.DAT HTTP/1.1" 200 2000
50.112.160.3 - - [06/Nov/2023:14:47:30 -0500] "GET /BLA/resoluciones/index.php?dir=RESOLUCIONES%202005/RES%202005%20751-800/&order=asc&sort=date HTTP/1.1" 200 12254
54.184.159.16 - - [06/Nov/2023:14:47:32 -0500] "GET /BLA/resoluciones/index.php?dir=RESOLUCIONES%202004/RES%202004%201101-1150/&order=desc&sort=name HTTP/1.1" 200 12171
44.231.202.44 - - [06/Nov/2023:14:47:33 -0500] "GET /BLA/resoluciones/index.php?dir=Notificaciones/RESOLUCIONES%202023/&order=desc&sort=name HTTP/1.1" 200 34512
44.230.252.91 - - [06/Nov/2023:14:47:33 -0500] "GET /BLA/resoluciones/index.php?dir=RESOLUCIONES%202002/RES%202002%201401-1450/&order=asc&sort=name HTTP/1.1" 200 12162
54.184.159.16 - - [06/Nov/2023:14:47:34 -0500] "GET /BLA/resoluciones/index.php?dir=RESOLUCIONES%202006/RES%202006%20701-750/&order=asc&sort=size HTTP/1.1" 200 12251
44.231.202.44 - - [06/Nov/2023:14:47:35 -0500] "GET /BLA/resoluciones/index.php?dir=Notificaciones/&order=asc&sort=name HTTP/1.1" 200 11650
50.112.160.3 - - [06/Nov/2023:14:47:36 -0500] "GET /BLA/resoluciones/index.php?dir=RESOLUCIONES%202005/RES%202005%202001-2050/&order=desc&sort=name HTTP/1.1" 200 12357
54.184.159.16 - - [06/Nov/2023:14:47:36 -0500] "GET /BLA/resoluciones/index.php?dir=RESOLUCIONES%202005/RES%202005%202001-2050/&order=asc&sort=size HTTP/1.1" 200 12358
50.112.160.3 - - [06/Nov/2023:14:47:36 -0500] "GET /BLA/resoluciones/index.php?dir=AUTOS%202012/&order=desc&sort=size HTTP/1.1" 200 276640
54.184.159.16 - - [06/Nov/2023:14:47:45 -0500] "GET /BLA/resoluciones/index.php?dir=Notificaciones/RESOLUCIONES%202023/&order=asc&sort=size HTTP/1.1" 200 34513
50.112.160.3 - - [06/Nov/2023:14:47:46 -0500] "GET /BLA/resoluciones/index.php?dir=Notificaciones/RESOLUCIONES%202020/&order=asc&sort=name HTTP/1.1" 200 54295
54.184.159.16 - - [06/Nov/2023:14:47:46 -0500] "GET /BLA/resoluciones/index.php?dir=RESOLUCIONES%202007/RES%202007%202901%20AL%203000/&order=asc&sort=size HTTP/1.1" 200 26859
54.184.159.16 - - [06/Nov/2023:14:47:47 -0500] "GET /BLA/resoluciones/index.php?dir=RESOLUCIONES%202005/RES%202005%201-50/&order=asc&sort=date HTTP/1.1" 200 12563
50.112.160.3 - - [06/Nov/2023:14:47:48 -0500] "GET /BLA/resoluciones/index.php?dir=RESOLUCIONES%202006/RES%202006%201151-1200/&order=desc&sort=name HTTP/1.1" 200 12364
172.22.2.4 - - [06/Nov/2023:14:46:11 -0500] "GET /BLA/boletinlegal/ HTTP/1.1" 200 58644
50.112.160.3 - - [06/Nov/2023:14:47:52 -0500] "GET /BLA/resoluciones/index.php?dir=Notificaciones/AUTOS%202202/&order=asc&sort=date HTTP/1.1" 200 2022
50.112.160.3 - - [06/Nov/2023:14:47:53 -0500] "GET /BLA/resoluciones/index.php?dir=RESOLUCIONES%202005/RES%202005%20551-600/&order=asc&sort=size HTTP/1.1" 200 12249
44.231.202.44 - - [06/Nov/2023:14:47:55 -0500] "GET /BLA/resoluciones/index.php?dir=Notificaciones/RESOLUCIONES%202019/&order=desc&sort=date HTTP/1.1" 200 40759
50.112.160.3 - - [06/Nov/2023:14:47:56 -0500] "GET /BLA/resoluciones/index.php?dir=RESOLUCIONES%202004/RES%202004%202151-2200/&order=asc&sort=date HTTP/1.1" 200 12359
44.231.202.44 - - [06/Nov/2023:14:47:58 -0500] "GET /BLA/resoluciones/index.php?dir=RESOLUCIONES%202007/RES%202007%202901%20AL%203000/&order=asc&sort=date HTTP/1.1" 200 26859
44.231.202.44 - - [06/Nov/2023:14:48:00 -0500] "GET /BLA/resoluciones/index.php?dir=RESOLUCIONES%202002/RES%202002%20451-500/&order=asc&sort=date HTTP/1.1" 200 12051
50.112.160.3 - - [06/Nov/2023:14:48:04 -0500] "GET /BLA/resoluciones/index.php?dir=RESOLUCIONES%202015/&order=desc&sort=date HTTP/1.1" 200 130561
50.112.160.3 - - [06/Nov/2023:14:48:07 -0500] "GET /BLA/resoluciones/index.php?dir=RESOLUCIONES%202004/RES%202004%20901-950/&order=desc&sort=name HTTP/1.1" 200 12048
50.112.160.3 - - [06/Nov/2023:14:48:07 -0500] "GET /BLA/resoluciones/index.php?dir=RESOLUCIONES%202005/RES%202005%201-50/RES%202005%20101-150/ HTTP/1.1" 200 13168
50.112.160.3 - - [06/Nov/2023:14:48:08 -0500] "GET /BLA/resoluciones/RESOLUCIONES%202006/RES%202006%20151-200/INDEX.DAT HTTP/1.1" 200 2000
54.184.159.16 - - [06/Nov/2023:14:48:08 -0500] "GET /BLA/resoluciones/index.php?dir=RESOLUCIONES%202002/RES%202002%201501-1550/&order=asc&sort=size HTTP/1.1" 200 12147
54.184.159.16 - - [06/Nov/2023:14:48:09 -0500] "GET /BLA/resoluciones/index.php?dir=RESOLUCIONES%202005/RES%202005%202051-2100/&order=desc&sort=name HTTP/1.1" 200 12351
44.231.202.44 - - [06/Nov/2023:14:48:10 -0500] "GET /BLA/resoluciones/index.php?dir=RESOLUCIONES%202004/RES%202004%201351-1400/&order=desc&sort=name HTTP/1.1" 200 12358
50.112.160.3 - - [06/Nov/2023:14:48:11 -0500] "GET /BLA/resoluciones/index.php?dir=RESOLUCIONES%202004/RES%202004%2051-100/&order=asc&sort=size HTTP/1.1" 200 11980
44.231.202.44 - - [06/Nov/2023:14:48:12 -0500] "GET /BLA/resoluciones/index.php?dir=Notificaciones/RESOLUCIONES%202015/&order=asc&sort=size HTTP/1.1" 200 14394
44.231.202.44 - - [06/Nov/2023:14:48:13 -0500] "GET /BLA/resoluciones/RESOLUCIONES%202005/RES%202005%201-50/INDEX.DAT HTTP/1.1" 200 2000
54.184.159.16 - - [06/Nov/2023:14:48:12 -0500] "GET /BLA/resoluciones/index.php?dir=RESOLUCIONES%202006/RES%202006%201801-1850/&order=desc&sort=name HTTP/1.1" 200 12356
54.184.159.16 - - [06/Nov/2023:14:48:16 -0500] "GET /BLA/resoluciones/index.php?dir=RESOLUCIONES%202007/RES%202007%202901%20AL%203000/&order=desc&sort=name HTTP/1.1" 200 26858
50.112.160.3 - - [06/Nov/2023:14:48:19 -0500] "GET /BLA/resoluciones/index.php?dir=RESOLUCIONES%202004/RES%202004%201151-1200/&order=asc&sort=size HTTP/1.1" 200 12176
44.231.202.44 - - [06/Nov/2023:14:48:23 -0500] "GET /BLA/resoluciones/index.php?dir=RESOLUCIONES%202004/RES%202004%20951-1000/&order=asc&sort=size HTTP/1.1" 200 12101
50.112.160.3 - - [06/Nov/2023:14:48:24 -0500] "GET /BLA/resoluciones/index.php?dir=RESOLUCIONES%202004/RES%202004%201101-1150/&order=asc&sort=size HTTP/1.1" 200 12172
50.112.160.3 - - [06/Nov/2023:14:48:24 -0500] "GET /BLA/resoluciones/index.php?dir=RESOLUCIONES%202004/RES%202004%20151-200/&order=asc&sort=size HTTP/1.1" 200 12047
54.184.159.16 - - [06/Nov/2023:14:48:24 -0500] "GET /BLA/resoluciones/index.php?dir=Notificaciones/RESOLUCIONES%202017/&order=asc&sort=date HTTP/1.1" 200 13655
44.231.202.44 - - [06/Nov/2023:14:48:25 -0500] "GET /BLA/resoluciones/index.php?dir=Decretos/&order=desc&sort=date HTTP/1.1" 200 6803
44.231.202.44 - - [06/Nov/2023:14:48:25 -0500] "GET /BLA/resoluciones/RESOLUCIONES%202005/RES%202005%202151-2200/INDEX.DAT HTTP/1.1" 200 1880
54.184.159.16 - - [06/Nov/2023:14:48:27 -0500] "GET /BLA/resoluciones/index.php?dir=RESOLUCIONES%202006/RES%202006%202351-2400/&order=desc&sort=name HTTP/1.1" 200 12356
54.184.159.16 - - [06/Nov/2023:14:48:29 -0500] "GET /BLA/resoluciones/index.php?dir=AUTOS%202016/&order=desc&sort=date HTTP/1.1" 200 331624
54.184.159.16 - - [06/Nov/2023:14:48:31 -0500] "GET /BLA/resoluciones/index.php?dir=RESOLUCIONES%202006/&order=desc&sort=date HTTP/1.1" 200 40915
44.231.202.44 - - [06/Nov/2023:14:48:34 -0500] "GET /BLA/resoluciones/RESOLUCIONES%202005/RES%202005%202051-2100/INDEX.DAT HTTP/1.1" 200 2000
44.231.202.44 - - [06/Nov/2023:14:48:36 -0500] "GET /BLA/resoluciones/index.php?dir=RESOLUCIONES%202004/RES%202004%201501-1550/&order=asc&sort=date HTTP/1.1" 200 12358
50.112.160.3 - - [06/Nov/2023:14:48:41 -0500] "GET /BLA/resoluciones/index.php?dir=RESOLUCIONES%202003/RES%202003%201651-1700/&order=desc&sort=date HTTP/1.1" 200 12147
52.25.208.208 - - [06/Nov/2023:14:48:42 -0500] "GET /BLA/resoluciones/index.php?dir=Notificaciones/REGISTROS%202013/&order=desc&sort=size HTTP/1.1" 200 2052
54.184.159.16 - - [06/Nov/2023:14:48:44 -0500] "GET /BLA/resoluciones/index.php?dir=Notificaciones/AUTOS%202019/&order=asc&sort=size HTTP/1.1" 200 109638
44.231.202.44 - - [06/Nov/2023:14:48:44 -0500] "GET /BLA/resoluciones/index.php?dir=RESOLUCIONES%202006/RES%202006%20901-950/&order=desc&sort=name HTTP/1.1" 200 12238
44.231.202.44 - - [06/Nov/2023:14:48:46 -0500] "GET /BLA/resoluciones/index.php?dir=RESOLUCIONES%202004/RES%202004%201551-1600/&order=asc&sort=size HTTP/1.1" 200 12345
44.231.202.44 - - [06/Nov/2023:14:48:47 -0500] "GET /BLA/resoluciones/index.php?dir=RESOLUCIONES%202002/RES%202002%20501-550/&order=asc&sort=date HTTP/1.1" 200 12510
54.184.159.16 - - [06/Nov/2023:14:48:49 -0500] "GET /BLA/resoluciones/index.php?dir=Notificaciones/AUTOS%202021/&order=asc&sort=date HTTP/1.1" 200 200238
52.25.208.208 - - [06/Nov/2023:14:48:51 -0500] "GET /BLA/resoluciones/index.php?dir=Notificaciones/REGISTROS%202016/&order=asc&sort=name HTTP/1.1" 200 17179
50.112.160.3 - - [06/Nov/2023:14:48:51 -0500] "GET /BLA/resoluciones/index.php?dir=RESOLUCIONES%202004/RES%202004%20751-800/&order=asc&sort=size HTTP/1.1" 200 12053
50.112.160.3 - - [06/Nov/2023:14:48:51 -0500] "GET /BLA/resoluciones/index.php?dir=RESOLUCIONES%202004/RES%202004%201101-1150/&order=asc&sort=date HTTP/1.1" 200 12172
50.112.160.3 - - [06/Nov/2023:14:48:52 -0500] "GET /BLA/resoluciones/index.php?dir=RESOLUCIONES%202004/RES%202004%20951-1000/&order=asc&sort=date HTTP/1.1" 200 12101
50.112.160.3 - - [06/Nov/2023:14:48:52 -0500] "GET /BLA/resoluciones/index.php?dir=RESOLUCIONES%202017/&order=desc&sort=size HTTP/1.1" 200 286830
50.112.160.3 - - [06/Nov/2023:14:48:55 -0500] "GET /BLA/resoluciones/index.php?dir=RESOLUCIONES%202003/RES%202003%201651-1700/&order=asc&sort=name HTTP/1.1" 200 12148
54.184.159.16 - - [06/Nov/2023:14:48:55 -0500] "GET /BLA/resoluciones/index.php?dir=RESOLUCIONES%202005/RES%202005%201301-1350/&order=asc&sort=size HTTP/1.1" 200 12344
54.184.159.16 - - [06/Nov/2023:14:48:56 -0500] "GET /BLA/resoluciones/index.php?dir=Notificaciones/REGISTROS%202017/&order=asc&sort=name HTTP/1.1" 200 9178
54.184.159.16 - - [06/Nov/2023:14:48:57 -0500] "GET /BLA/resoluciones/index.php?dir=RESOLUCIONES%202004/RES%202004%201501-1550/&order=asc&sort=size HTTP/1.1" 200 12358
50.112.160.3 - - [06/Nov/2023:14:48:58 -0500] "GET /BLA/resoluciones/index.php?dir=RESOLUCIONES%202006/RES%202006%20%202951-3000/&order=asc&sort=size HTTP/1.1" 200 12390
44.231.202.44 - - [06/Nov/2023:14:49:00 -0500] "GET /BLA/resoluciones/index.php?dir=RESOLUCIONES%202006/RES%202006%20151-200/&order=desc&sort=name HTTP/1.1" 200 12237
50.112.160.3 - - [06/Nov/2023:14:49:01 -0500] "GET /BLA/resoluciones/index.php?dir=RESOLUCIONES%202004/RES%202004%20101-150/&order=asc&sort=date HTTP/1.1" 200 12033
44.231.202.44 - - [06/Nov/2023:14:49:01 -0500] "GET /BLA/resoluciones/index.php?dir=RESOLUCIONES%202011/&order=asc&sort=name HTTP/1.1" 200 747162
54.184.159.16 - - [06/Nov/2023:14:49:11 -0500] "GET /BLA/resoluciones/index.php?dir=RESOLUCIONES%202006/RES%202006%202251-2300/&order=asc&sort=date HTTP/1.1" 200 12361
50.112.160.3 - - [06/Nov/2023:14:49:14 -0500] "GET /BLA/resoluciones/RESOLUCIONES%202006/RES%202006%202701-2750/INDEX.DAT HTTP/1.1" 200 2000
50.112.160.3 - - [06/Nov/2023:14:49:16 -0500] "GET /BLA/resoluciones/index.php?dir=RESOLUCIONES%202007/RES%202007%201401%20AL%201500/&order=desc&sort=name HTTP/1.1" 200 26853
44.231.202.44 - - [06/Nov/2023:14:49:17 -0500] "GET /BLA/resoluciones/index.php?dir=RESOLUCIONES%202006/RES%202006%201501-1550/&order=asc&sort=size HTTP/1.1" 200 12370
44.231.202.44 - - [06/Nov/2023:14:49:21 -0500] "GET /BLA/resoluciones/index.php?dir=RESOLUCIONES%202006/&order=asc&sort=name HTTP/1.1" 200 40916
44.231.202.44 - - [06/Nov/2023:14:49:24 -0500] "GET /BLA/resoluciones/index.php?dir=RESOLUCIONES%202004/RES%202004%201551-1600/&order=desc&sort=name HTTP/1.1" 200 12344
54.184.159.16 - - [06/Nov/2023:14:49:25 -0500] "GET /BLA/resoluciones/index.php?dir=RESOLUCIONES%202007/RES%202007%204001%20AL%204100/&order=asc&sort=date HTTP/1.1" 200 26864
44.231.202.44 - - [06/Nov/2023:14:49:24 -0500] "GET /BLA/resoluciones/index.php?dir=Notificaciones/AUTOS%202021/&order=asc&sort=size HTTP/1.1" 200 200238
50.112.160.3 - - [06/Nov/2023:14:49:29 -0500] "GET /BLA/resoluciones/index.php?dir=Notificaciones/RESOLUCIONES%202013/&order=asc&sort=date HTTP/1.1" 200 2817
44.231.202.44 - - [06/Nov/2023:14:49:31 -0500] "GET /BLA/resoluciones/index.php?dir=RESOLUCIONES%202004/RES%202004%202351-2401/&order=desc&sort=name HTTP/1.1" 200 12571
44.231.202.44 - - [06/Nov/2023:14:49:33 -0500] "GET /BLA/resoluciones/index.php?dir=RESOLUCIONES%202006/RES%202006%201-50/&order=desc&sort=name HTTP/1.1" 200 11866
54.184.159.16 - - [06/Nov/2023:14:49:35 -0500] "GET /BLA/resoluciones/index.php?dir=RESOLUCIONES%202004/RES%202004%20751-800/&order=asc&sort=date HTTP/1.1" 200 12053
50.112.160.3 - - [06/Nov/2023:14:49:44 -0500] "GET /BLA/resoluciones/index.php?dir=RESOLUCIONES%202004/RES%202004%2051-100/&order=desc&sort=name HTTP/1.1" 200 11979
44.231.202.44 - - [06/Nov/2023:14:49:48 -0500] "GET /BLA/resoluciones/RESOLUCIONES%202005/RES%202005%201201-1250/INDEX.DAT HTTP/1.1" 200 2000
