172.22.2.4 - - [06/Nov/2023:10:33:10 -0500] "GET /BLA/boletinlegal/consulta_actos.php?tipo=resoluciones&no=1455&usuario=&sector=&fecha=2020&resuelve= HTTP/1.1" 200 626
172.22.2.4 - - [06/Nov/2023:10:33:10 -0500] "GET /BLA/boletinlegal/consulta_actos.php?tipo=resoluciones&no=1455&usuario=&sector=&fecha=2020&resuelve= HTTP/1.1" 200 626
172.22.2.4 - - [06/Nov/2023:10:33:13 -0500] "GET /BLA/boletinlegal/consulta_actos.php?tipo=resoluciones&no=1455&usuario=bayer&sector=&fecha=2020&resuelve= HTTP/1.1" 200 626
172.22.2.4 - - [06/Nov/2023:10:33:15 -0500] "GET /BLA/boletinlegal/consulta_actos.php?tipo=resoluciones&no=1455&usuario=bayer&sector=&fecha=2020&resuelve= HTTP/1.1" 200 626
172.22.2.4 - - [06/Nov/2023:10:33:15 -0500] "GET /BLA/boletinlegal/consulta_actos.php?tipo=resoluciones&no=1455&usuario=bayer&sector=&fecha=2020&resuelve= HTTP/1.1" 200 626
172.22.2.4 - - [06/Nov/2023:10:33:16 -0500] "GET /BLA/boletinlegal/consulta_actos.php?tipo=resoluciones&no=1455&usuario=bayer&sector=&fecha=2020&resuelve= HTTP/1.1" 200 626
172.22.2.4 - - [06/Nov/2023:10:33:16 -0500] "GET /BLA/boletinlegal/consulta_actos.php?tipo=resoluciones&no=1455&usuario=bayer&sector=&fecha=2020&resuelve= HTTP/1.1" 200 626
172.22.2.4 - - [06/Nov/2023:10:33:16 -0500] "GET /BLA/boletinlegal/consulta_actos.php?tipo=resoluciones&no=1455&usuario=bayer&sector=&fecha=2020&resuelve= HTTP/1.1" 200 626
172.22.2.4 - - [06/Nov/2023:10:33:16 -0500] "GET /BLA/boletinlegal/consulta_actos.php?tipo=resoluciones&no=1455&usuario=bayer&sector=&fecha=2020&resuelve= HTTP/1.1" 200 626
172.22.2.4 - - [06/Nov/2023:10:33:16 -0500] "GET /BLA/boletinlegal/consulta_actos.php?tipo=resoluciones&no=1455&usuario=bayer&sector=&fecha=2020&resuelve= HTTP/1.1" 200 626
172.22.2.4 - - [06/Nov/2023:10:33:17 -0500] "GET /BLA/boletinlegal/consulta_actos.php?tipo=resoluciones&no=1455&usuario=bayer&sector=&fecha=2020&resuelve= HTTP/1.1" 200 626
172.22.2.4 - - [06/Nov/2023:10:33:17 -0500] "GET /BLA/boletinlegal/consulta_actos.php?tipo=resoluciones&no=1455&usuario=bayer&sector=&fecha=2020&resuelve= HTTP/1.1" 200 626
172.22.2.4 - - [06/Nov/2023:10:33:17 -0500] "GET /BLA/boletinlegal/consulta_actos.php?tipo=resoluciones&no=1455&usuario=bayer&sector=&fecha=2020&resuelve= HTTP/1.1" 200 626
216.244.66.195 - - [06/Nov/2023:10:33:58 -0500] "GET /BLA/resoluciones/AUTOS%202015/2256.pdf HTTP/1.1" 200 567379
216.244.66.195 - - [06/Nov/2023:10:34:51 -0500] "GET /BLA/resoluciones/AUTOS%202015/3067.pdf HTTP/1.1" 200 456782
216.245.221.92 - - [06/Nov/2023:10:35:38 -0500] "HEAD / HTTP/1.1" 200 -
181.53.12.6 - - [06/Nov/2023:10:35:38 -0500] "GET /dos-grandes-caminatas-para-noviembre-con-la-secretaria-de-ambiente.html HTTP/1.1" 200 881
186.102.62.75 - - [06/Nov/2023:10:35:54 -0500] "GET /kwssiamovil/sm/acme/a?s=U2FsdGVkX19+X5TPIyNDcwh0CAONAPTILVQD3fEJ7mT2YSx8uDqNqaHF5q8VLAgp/x1dNLxRXkKQ/rvd75tx9ujw2VKAD4bukpOj4cVy5YOhb5ZvbhDd3tD92yQRmt70umjaakZwlB6n/77epXgn5YxinQlV95tda2RKYWg4l6Rqs5UkL+SGV5D6ozR6O30NtbCSl3Qw7XWweevTcVQiPT4aKQS3Y00nzgUkR/v8TO2DkNEmN5FmpXLUZMiVTGeo2QzVnTtzKtmdCBeUSX4rdg==&u=U2FsdGVkX1/oIVIoCq0AviWMHXhBSgnF6K1PtNQaSo9O2lYvwdG1OrK6XuTQ7omy&y=U2FsdGVkX19YRv4mSrN7eoFcWo3pgep/M9Quqzuxq0jGwilSybDVa3uadhzPV7t/ HTTP/1.1" 200 26
186.102.62.75 - - [06/Nov/2023:10:35:55 -0500] "GET /kwssiamovil/sm/acme/a?s=U2FsdGVkX18tJLYZzLFdft7epV8XsL48kHZsmcSn2HARzN643zJNHQua04amf5cHvWXWbwoTJ3Y6uZWur8NugBq+3ii78MIhgSi08U+w0n+y+PE7knlcppcYd84IsYYOVAVwgZS5AslgjSzIDUo/jHx1C74qrhAYYRn3mABekl94S0IWrQ5xiAXqlnKpluSYCPsE6Zi+X+bdjDVe+eiTCESTxZ3Klq0+NysCgpXr56Bo5ZjP3/723pPM0ALI8dlenoS9NUdRxxD6fHEHf1vw7c4ZTBCwoQxPHqHDTmUz74O0hSp5FVs91x80oTbCZrW2P/hdeLLMLA1hFmcF8ocyhDFUCvGTkM0PfZx3mGfqesM3EDH7HhtyWeEd8X7i3y+M9pVFZvAc06+cvuFAjZFCtRicPx1JZwizkPfx8nFKSnVUqwHr26VqSBYpL1J3PpuZt53w3UyWUwWaRZNiJ5LSq3haxgjmWjJcxeRqllkf/jFjKOZOcLH41J6f5Gj9LJJO6MnApvjiTlHuTQVpO1SwKGI/vs12G2X2PNyHQqLjh4Ljpw84PNomLaL2Ry94q3dgYcSjK7WRH9SKKb6sY/hai/ZxDiLtqA1sXi0bqnAtXQIDOAfRMoEFtd7mVfLgpm6b2OQ4j8R+FDL/YYxx6L95ZbJ7v7tc6wqwX4OixMcB3hjPWqsvh6oiXCpm7wrLbbi17jjAunkeMu+vh8FIUkGx4OWN2Uxe5Dc5fui+lKn8G8dhJZrM3GsyTiPw+02YTMMAbVDCpNBMpAQb+JA/V0dZVPPE7bNl99cODYoOwknNhzqo6lxHYzmKZ0Df8Vjk2vm82HcSX2Wi9rxkwG/4JDeMSjTMnEHlCJ/jELBxl2SEYm4r1nU9swcMKLHoHdFOGQQM4k9mdFczgVcpUtr0RCotBFXNanUp7rLDCO/KezxKl5xZ8zpTwRvh/SCcmMgrXMkNv3a6w0iNyaFuCnUWhrPeP00o3bmw/ufQt/U3CTrjw0139TBJfTCEgKGgVi7tIS4PwuDrfgB4c3Uo5LUmUX5EhWLHlr3EyBLAEAQ+LUfCqLmEgcR4W96A5SNn36KvY2hceesFK/Lec35aspjL9ynFtw9akhzTw+itT5FJpuhltEd18t33Q/MmW1dQrzBBxLvC9p8YiDUwdczQQtsw8YUM+eEortzNvmJ4ms6/c+gURktteY4nPppXdSLIJFy+Xj7d+nyIC10RdV/WGDKsHaHH1obJVkEvzWVfE940IYHMqwWzLX2FgDnQfzJ5SmFC72y+qfpiSFyHZi/9t/wyWwQxHdxMZ4W+pSCQKQV35gIRheXeXwE84S6abh35xn5cwmu+6hhwwuPXcF1fgyXF1IsT3Q4sVCJW2uLOijZLxK6Jukf8h+V7AzX7Eg2N6vM7sDv4g/Db3Ru8ZIOCV1kiSFjy/cgf6JLnWUUFE+PBIXiaUfF6J7aeOaEkHBSyi+dq1sYbLtOrpVGGfmuxF8El0eVT29i0SdNCFRVX0+MWPrP1M/9k74Hi9MSN0ioCq0lE5QISdtScxlTNcwyIaG+h1beN2GzObkTeyuqqbepkXvw/GClTUAKf5tTuMXJk9sRHvMlh9xzo/Ovld7zdrQewPdzla58yf0CWYuAop2/LjUR82HvoGGeFRnTE2q0g8GVD0piuncZ/IUCYYqXzJtURvyaDnHM1Xoy7yrUl/lA3iHVnpe+juSqoE+anhqbj0VzAhv7S08lBhB/S+szZD4Eh1fS9Ihp30+l7z2aZOpOSpdsoA6C3mEvla4AZKoNgiV/75a8La6JuOU68Dk4PIaLV2JQxEG9yGkA4DCmOjZas1lX2Qc0D9gnhXVZibhTEAB5IQFlR7f9D5nj62WO/kLGX/Rlv8DG8/rXOioVoQ3HDWbCJ3sn9pBJ5WN/p10SMwqmxTjMRvUI42QZHcGw9pO7lJqBkHAzY/BGhjra2Jc4gV7wVLcPQM/C/mWIU5HRYkPsZqPEHKxMqCGEonh/RyXYoYSMaK/xPBp+Ty8kflyQ/rxGh6RdQT9FUH360Hj2W98oLVY/Jrt12XGkkoJ59aeR4FSJ37KMdBQKiUSp83pV7PYDiOIfySSYAzmt2w+bEi71HwYDtcgPwNaxZYVW2IVP6dyjVFEk402qzQR7Y5ijP9gkg/CMtKroB2ajBlPNwIoQg/7zEW1M2T/5cVTWivScMykt1/aEcMWswnvGBmL/lRwRX/FBZkawY6989+R4cZ5zU78PNW9O5i33crIwX1g44evvCvA8tgSeLseoT6H1fr6jYEg5Ns6iKq/aGlFT2C9xbEv2AKffdSZNNw2pWLU7fcCCCQQjL0GO/ud0mutERrTVl1b5iY9c6hWdX4clV2QwvD6YbV12fZDGodVMHmwmDo1F0Kfz1f3gxdUz0jqBC7ToPrcEnaXNyHF/IbCzB58bTpM/IqnMnvzhuLCVfmQOfDfTKp2cRH77CCqd3gHxNyoyw/7c5GLPWFAX8TTACW6f1RSJ+/Sxtssx0+Zy8cD7Xon2tRokOc2P3xXMI1I0LXHzICJHgTX1P7dM28gLxlx+jCK+v&u=U2FsdGVkX1/oIVIoCq0AviWMHXhBSgnF6K1PtNQaSo9O2lYvwdG1OrK6XuTQ7omy&y=U2FsdGVkX19YRv4mSrN7eoFcWo3pgep/M9Quqzuxq0jGwilSybDVa3uadhzPV7t/ HTTP/1.1" 200 26
186.102.62.75 - - [06/Nov/2023:10:35:56 -0500] "GET /kwssiamovil/sm/acme/a?s=U2FsdGVkX19FFBgYx4WiAB9+5+rAGd4F0xKAqtkWicaHDsfW1RDqVAjfIsVmPEumArGr5mjSAS2JJP4kQxJaDa4W91eoR8QRY1nlwEthwh5xyooaLRXw5HOjXpdLE9A66UvinXcxOKycLNItXwiYqd/V+F1z9pYdiCvdqpNZXoI=&u=U2FsdGVkX1/oIVIoCq0AviWMHXhBSgnF6K1PtNQaSo9O2lYvwdG1OrK6XuTQ7omy&y=U2FsdGVkX19YRv4mSrN7eoFcWo3pgep/M9Quqzuxq0jGwilSybDVa3uadhzPV7t/ HTTP/1.1" 200 26
186.102.62.75 - - [06/Nov/2023:10:35:56 -0500] "GET /kwssiamovil/sm/acme/a?s=U2FsdGVkX18kaqwB5d0piHd6G1MPU59qA9bMs06XmZHS+65uD/mFjUKh4lPnjF329+GPxpXWJnavhbFNUGBDgnq/XOKvwWaU5IVw2qpdRwCrL7qLTwLINffmlUCKU0rydHiGIcEHxWyKfQ8+rM3jEmEu1rc3EPEeSIs4fekxBLk=&u=U2FsdGVkX1/oIVIoCq0AviWMHXhBSgnF6K1PtNQaSo9O2lYvwdG1OrK6XuTQ7omy&y=U2FsdGVkX19YRv4mSrN7eoFcWo3pgep/M9Quqzuxq0jGwilSybDVa3uadhzPV7t/ HTTP/1.1" 200 26
186.102.62.75 - - [06/Nov/2023:10:35:56 -0500] "GET /kwssiamovil/sm/acme/a?s=U2FsdGVkX1/0LqotheYhtpPQPvpmkzMx+eDHTT48IuFY2GVRD8gOb5/QouqtwbWXEvBGYdtWDusr/GGXetzDhFMYbJQFbx+oxx92zAvMbtYyC7mez24HzJLa5T3DnkGypP3QAEHJ2+u+JOqQ8ULwAANmO6YHaEpV8YbyqCKH/JM=&u=U2FsdGVkX1/oIVIoCq0AviWMHXhBSgnF6K1PtNQaSo9O2lYvwdG1OrK6XuTQ7omy&y=U2FsdGVkX19YRv4mSrN7eoFcWo3pgep/M9Quqzuxq0jGwilSybDVa3uadhzPV7t/ HTTP/1.1" 200 26
186.102.62.75 - - [06/Nov/2023:10:35:57 -0500] "GET /kwssiamovil/sm/acme/a?s=U2FsdGVkX1+K2ain7Fk8LztUgCO9W5LGcFABVAQktlZ1kRcku3yLtM4MKa5LmFZmG1n7jPzfTdvU7MpFh/Kd/p8ETJ2W7MGnp78YSERQbqfyC0ub2Bt4XJI7Z2xnYBL4PnzCmzn4FaVlqnnek3KpHQrKBQB7DQYTX2FMhvj5UOe1nCZRawtKCISnCEKiu+92r+3B++nUHQAVro0QsvMRgg==&u=U2FsdGVkX1/oIVIoCq0AviWMHXhBSgnF6K1PtNQaSo9O2lYvwdG1OrK6XuTQ7omy&y=U2FsdGVkX19YRv4mSrN7eoFcWo3pgep/M9Quqzuxq0jGwilSybDVa3uadhzPV7t/ HTTP/1.1" 200 26
172.22.2.4 - - [06/Nov/2023:10:34:31 -0500] "HEAD /BLA/boletinlegal/ HTTP/1.1" 200 -
207.46.13.230 - - [06/Nov/2023:10:36:20 -0500] "GET /robots.txt HTTP/1.1" 404 1018
201.245.192.253 - - [06/Nov/2023:10:36:48 -0500] "POST /kwsrmcab/Wsrmcab  HTTP/1.1" 200 42686
172.22.2.4 - - [06/Nov/2023:10:35:22 -0500] "GET /BLA/boletinlegal/ HTTP/1.1" 200 58294
201.245.192.253 - - [06/Nov/2023:10:37:06 -0500] "POST /kwsrmcab/Wsrmcab HTTP/1.1" 200 38519
201.245.192.253 - - [06/Nov/2023:10:37:09 -0500] "POST /kwsrmcab/Wsrmcab HTTP/1.1" 200 40484
186.102.69.186 - - [06/Nov/2023:10:38:08 -0500] "GET /kwssiamovil/sm/ldap/au?x=U2FsdGVkX1/vW19YuHEUJXRX0F+yV5Yk3mes+EmCiH36+xxN//Segy1bmgFwuCI0&y=U2FsdGVkX1+dGFB2QgIBnGUZQUROIZ/xi/C2DAZOUs6qLDFhBx5P5mMnrgapJxJz HTTP/1.1" 200 31
186.102.69.186 - - [06/Nov/2023:10:38:12 -0500] "GET /kwssiamovil/sm/ldap/au?x=U2FsdGVkX1/5EEd9mrIb4Ivs+8XEb6TxtCwVIt+J2oGsgC4nHFukGNNxmgBPZf7E&y=U2FsdGVkX1+TGpzKFJuxZ2pjP5yrqIlv+UiAb4KVdDc4sf36YevAW4NZVD05YUem HTTP/1.1" 200 30
186.102.69.186 - - [06/Nov/2023:10:38:13 -0500] "GET /kwssiamovil/sm/acme/s?s=U2FsdGVkX1+YPCZFN63bmAn0a/n3AtkYBJB9q1CYBSIdtT/nY5drG3nlJ+Qd7UjKjzqyIkTNMp4MW5b4ETZAmZ/a24Cafo80qdE6PjjRPTU=&u=U2FsdGVkX196Hg8kzbqpCVxcPKIN0Fs1FBKj+iJP8y8=&y=U2FsdGVkX1+TGpzKFJuxZ2pjP5yrqIlv+UiAb4KVdDc4sf36YevAW4NZVD05YUem HTTP/1.1" 200 97
186.102.69.186 - - [06/Nov/2023:10:38:13 -0500] "GET /kwssiamovil/sm/acme/s?s=U2FsdGVkX1+oDlNWzzKDMIrvYjkTaAYjtCIZTR78L+XwIf1f16kreKuA03CTTWxRyeEqoF8hBRpr/tt4iMrY3u+FPuUQK7YL5tezjsYy9zXNnnfyhsPOAj9kdFXGP9ouPhk+eIvGcoTqVGWTfH5UJS8NYVlbtLtDW/mVbdHepcKH8i3NcZOaLkShHVOCeX+Wr6/3tlTqxDs7wqGhEBCkSp9KTkfUcdKkH0uELb7I8DIp3yWswmubw6jjelu+eh9LSxpz5XdFQRpf3Kml7OjyzWi42lEM3LoJh6mf0PIfl3wNqLJLhAWGx2Zkf8POZ48Jr3909IwZK0/tj7JYHaJCOGF36NTKzcbVldAhV4go+b50SlMJ4/cb9NKUVb1aexKNwRtTev4qG56nCYZsNLGV9TBtWcdZwl5L4h8upaqWtSOTlPdwkftSTqctdfnuCJV9HOVbY2vydbyAmuQPr+XZNaLoNaVFk/KIB5dvjrCvAT8x8DS92Dq0Q5pZWb52QPVA0Yyo7WFHOEkYN72o29RBfyhqS63sbJ+4fWYAa010ePmygmoWjtPw7miHnVcf998/bg96xMiKqzufjcRnsytFgX9XFjN+3IxuzRrHZVsOps5HOPkkg8sQSlaoV384kmCz5V+Jb4oo3TMPN02UXj2P3s0SN0ACBvKWADMjLXYtrvDArTLxBkc+976++ol00pg+P00JkXh3xJDyML6IqYnvXBuers+NSSDrJyy6Z+rL9LEookohaqQJdVRSEtWnX8STuAG4BAY/CZHoJQ45SrYAsaq1F58L/gQQKtMrkwqWwJgzD32NeMiXdbm5dgWPhedQ8YvyRc3T+aczrq/sY/fWTz+j26kfKZh2RevhmEEoP9//iv1IpHDe+iS95d5I0QJoJkgT43txPVm/4X95P32M8ZQ6T3cEiI7n4DzWkDis7x9A1vliUvI8i3vFwVV5jPLj2w1idXxLl8fBtphyyyXsVr0pXvbejPuW6o+53rgGexj5X7vQHDVd0gxWLq4oKf/U8+k2tb/OtO2rVtR7GB0tZ15K6a9fdqW+6sbzlaZJ30kZMj6Q4aKsmOoXGCzOEst9IDc2CJ2RwFds4J/9cbOaE9zOmOlvWDnWrg3PxaVdknoYhuxW4EsAf1wZE2/VblZsJX/95DwABbeyXGGFiLdFGquGiZxoBJGNNMKLJ8BrVmWGYFNH2fRUoIIRfgv7inKutDT8vOrWtVLyAnTNqJNQ4fAEDHvVrnNLfbJpcgOuc+lfHfKfVCzHLuYFYgXs+brpkHJP5YorNyr/9tfKA3gsDwKTCXKpnDVNs66Qi8JK3jYJlw6Sivmdu7aYap2v66zSziGapxYA7hjYri4rOeVAnKfZA3113Vekipq+rekyJskOR1kUSYO4lfDAT4SQom76Owhe1aInsJt+bpPTiKQjfA0CCi/pasgLPDT59j29KHPFZO0TKgCc9k5k1RFEADxgzSXo5PVMLHz35TT4Ctxv62BuDNSy22TjDAQdaiZ4ejEzFAa2PCXkhRINQsnp8EaDAHxP12eTD6Odg1p8OpWQc7kSjUlnRmXRNzMhCQrdUN96TjDhYXwblRsDW4i0ZPZ5EKDpWbECQZARzfkKpnQR4RcxmOezisv8B2/lxgYdNp33LSJC81mnNm0OlTlfPEHWJRrHlD2ZHKfF/ikJRy4/ABKFcikz+yc8ezZiK2+voIR4s07h0Ge8KhOsz8jXvOWLdKL5UG6ktXXhgl9m6VGEPosUIITnnIEO4Ij8PLKQXVo=&u=U2FsdGVkX196Hg8kzbqpCVxcPKIN0Fs1FBKj+iJP8y8=&y=U2FsdGVkX1+TGpzKFJuxZ2pjP5yrqIlv+UiAb4KVdDc4sf36YevAW4NZVD05YUem HTTP/1.1" 200 1045
186.102.69.186 - - [06/Nov/2023:10:38:13 -0500] "GET /kwssiamovil/sm/acme/s?s=U2FsdGVkX1/wbR9Uj/DDRrKAjGI0z+JaCSZQZ2sdqkxEbRoicVRLHJ1ReYQKkl3NN/dAXBipARshVK1Wv4xk3r67xM5ukkiVhANXSLTiuaBxN7TtQsjufSWVQK9qtD+c0X/ZQ5nWmzqNV8iYxJsSOTFx4HrAk1PG73Efo15syuJBqLSa2xgZDYgGx3Sw+6bF3Ik551gfHFuZ+COPfo291pV0BG29/WXW2Zv3UmWEGYKbEsnnVheGDWNYq2QiY1Um7d5YBgMWtCxdL8KNRCYZcDdaaPwHUvJC9WPh80V/r6Z2VH3XAJMlNqIXGsyg9t+/u4EDLdAGLAjci38tPCujALKaFpD1ELjV/LXpIHkaLtFLfDyhkETNs3hmUGT8jsLlTm0r//hjvXH6qJvhBcRKBz1ZpMlVKKm28GIQjs6gEy+iJmwM+wRQ5dwhHPFbjjlD5RBvSlaEbBsW0KBHsL5gwD2aVmNzTKZWwPle7DX+D+AL1wMENGAiKSpZJr+zIMdqScN4WhwApE9v5XmN70rcK3AQkD4J5h/+Ffu5cnXowNRgKsvyyPD9Mvi1s8DsyWdDQQ/6p8lc890zw8DUM1p+koMwFgD/yyLo1VhmQrBq3NDHkHu6K0M3WUkXrDrq8XsYgzjgxWbr4pcJq3g1QjUDTU74PBvE+NY6M4e2GRvS43jlzo+hvBAOmEydzfxGyzSyyqnmj/6MzKPHDgy5d7cFQfizlFUWPdkb9b7DEPxvRBQ/Sj5icmc0SDq6Tan1ECIl&u=U2FsdGVkX196Hg8kzbqpCVxcPKIN0Fs1FBKj+iJP8y8=&y=U2FsdGVkX1+TGpzKFJuxZ2pjP5yrqIlv+UiAb4KVdDc4sf36YevAW4NZVD05YUem HTTP/1.1" 200 208
186.102.69.186 - - [06/Nov/2023:10:38:13 -0500] "GET /kwssiamovil/sm/cjson/pre?f=1&x=U2FsdGVkX1/5EEd9mrIb4Ivs+8XEb6TxtCwVIt+J2oGsgC4nHFukGNNxmgBPZf7E HTTP/1.1" 200 31032
172.22.2.4 - - [06/Nov/2023:10:39:00 -0500] "GET /BLA/boletinlegal/autodiscover/autodiscover.json?@zdi/Powershell HTTP/1.1" 404 1018
157.55.39.58 - - [06/Nov/2023:10:39:53 -0500] "GET /BLA/resoluciones/RESOLUCIONES%202021/4026.pdf HTTP/1.1" 200 347121
201.245.192.253 - - [06/Nov/2023:10:40:20 -0500] "POST /kwsrmcab/Wsrmcab HTTP/1.1" 200 38519
201.245.192.253 - - [06/Nov/2023:10:40:23 -0500] "POST /kwsrmcab/Wsrmcab HTTP/1.1" 200 40484
216.245.221.92 - - [06/Nov/2023:10:40:38 -0500] "HEAD / HTTP/1.1" 200 -
40.77.167.79 - - [06/Nov/2023:10:40:40 -0500] "GET /BLA/resoluciones/AUTOS%202023/3210.pdf HTTP/1.1" 200 352913
201.245.192.253 - - [06/Nov/2023:10:41:46 -0500] "POST /kwsrmcab/Wsrmcab  HTTP/1.1" 200 42686
172.22.2.4 - - [06/Nov/2023:10:40:21 -0500] "HEAD /BLA/boletinlegal/ HTTP/1.1" 200 -
172.22.2.4 - - [06/Nov/2023:10:41:12 -0500] "GET /BLA/boletinlegal/ HTTP/1.1" 200 56997
216.245.221.92 - - [06/Nov/2023:10:45:38 -0500] "HEAD / HTTP/1.1" 200 -
152.203.228.178 - - [06/Nov/2023:10:46:28 -0500] "OPTIONS /kwssiamovil/sm/setfile/f? HTTP/1.1" 200 13
152.203.228.178 - - [06/Nov/2023:10:46:28 -0500] "POST /kwssiamovil/sm/setfile/f? HTTP/1.1" 200 381
152.203.228.178 - - [06/Nov/2023:10:46:31 -0500] "OPTIONS /kwssiamovil/sm/setfile/f? HTTP/1.1" 200 13
152.203.228.178 - - [06/Nov/2023:10:46:31 -0500] "POST /kwssiamovil/sm/setfile/f? HTTP/1.1" 200 381
152.203.228.178 - - [06/Nov/2023:10:46:33 -0500] "OPTIONS /kwssiamovil/sm/setfile/f? HTTP/1.1" 200 13
152.203.228.178 - - [06/Nov/2023:10:46:34 -0500] "POST /kwssiamovil/sm/setfile/f? HTTP/1.1" 200 381
152.203.228.178 - - [06/Nov/2023:10:46:36 -0500] "OPTIONS /kwssiamovil/sm/setfile/f? HTTP/1.1" 200 13
152.203.228.178 - - [06/Nov/2023:10:46:36 -0500] "POST /kwssiamovil/sm/setfile/f? HTTP/1.1" 200 381
152.203.228.178 - - [06/Nov/2023:10:46:39 -0500] "OPTIONS /kwssiamovil/sm/setfile/f? HTTP/1.1" 200 13
152.203.228.178 - - [06/Nov/2023:10:46:39 -0500] "POST /kwssiamovil/sm/setfile/f? HTTP/1.1" 200 381
152.203.228.178 - - [06/Nov/2023:10:46:41 -0500] "OPTIONS /kwssiamovil/sm/setfile/f? HTTP/1.1" 200 13
152.203.228.178 - - [06/Nov/2023:10:46:41 -0500] "POST /kwssiamovil/sm/setfile/f? HTTP/1.1" 200 381
201.245.192.253 - - [06/Nov/2023:10:46:45 -0500] "POST /kwsrmcab/Wsrmcab  HTTP/1.1" 200 42686
152.203.228.178 - - [06/Nov/2023:10:47:01 -0500] "GET /kwssiamovil/sm/acme/a?s=U2FsdGVkX188yXfjOgHsnIGtkCgqO/IvEftegFYsh+gLSFAyko9JwqNaLI+mcNHlBTNFrMW3eXuA6V01ATn96Cy9du9mbretA3QTKFgqapOO7vfigGwSVOV18rmr5KqVhPFJYt6Syvpg8mXIiMzGZxjrHk77ppLB0L/UVjvFfjELJRfqMLI9GDBPaDH5FJyd/Xpm4h5tsDqtOgszGZ6xU6MxZbY+R/D/mJyW2tLP3kJyN7M2CiQ/fX3wVy9FEsvRmZlkzVUC9kBtaO7E3OnSjg==&u=U2FsdGVkX18xUhmt3WbHEStDpb7LKG2BDZeBy+eyC8f8/RWa+KMvkKFzXXOA73kq&y=U2FsdGVkX180dPjFJMgPOm1db75JjAsetSJanaH0NouSrVjRjnI2pswkUYRMK6I7 HTTP/1.1" 200 26
152.203.228.178 - - [06/Nov/2023:10:47:02 -0500] "GET /kwssiamovil/sm/acme/a?s=U2FsdGVkX1+N7rnWvozYBPVeRUOPCoO/PCL0lZ7nxZeDLu/W6/nqRR475rUJcXzcJhdy4qcoUpHhB5tej49+rbgS2hkl9z2IuDEozI90Ffbg51AH97+8s3tpm2e9jH+aO7gceRfKndKOQnCc/cMsMkdvy0u0+uF+DN4xWLRs7wJphwEmzRbAYJ3g9GyijoGN24ImPsaxdds8s8v8UEI/itNR6Q5S/3LetRgAF4WSxn5XHp6pN9+HUNyPX2OSlHKp9donNv0LilAK1WNL+bmRfcBBwIGV/rnjw6knzf2uvxCAX7QlslZRVDQ9wpa5FArUQtW4hIqqi6YEhJ1LDWtecrX6vnYHsSmQ5GxJCsZPEILdRm+EN043obSgCSnYIZ4MAu03Dg7fi2WdDflXST6+HAGNfgfioW+X1igxgDXLklonTOjzaohQuJ4Ol03NyVRixu82inQwYF5b7PWv9i10djzx7m2IkmxG0QDpRo9pxiX3l7wncB9AgwwvMlkjEiFq8pJ9XYL2/XR5+NYw9QeNhzcfDbzhvj2YW/UuhOU4vg3JZlt4b1PDhvKjyjblydtUmnnGrbbyx7QW0NbWny5oChk25yDMiijSQ7BUYpd3y0xC/E16NiUtbUJqg3Ku3el4dJVFf0gUI+UnzcYicyfq5WYLD+HmMMooq7CMnTd+wgud8TsqE39XZDt+Vv3gGC9A+xIrwS+0rAXT0umC/gidlrwae2tHHcGR0M78lsZPSt1p40KQJK6MPGRlUKMH/j45wM1OBjxAxCOGqHFkC67/6tr+gX/i2qB0zASaCQa1uLkQoC9vfPyps13yay3RE/vQfXZ1np7s0Vv6qxxpBF59Lg48pJ1eO3COZ2HgihOa9wfsZzFadLeSh/zxaWBzsee8Zb6vvlSeDf3lTslkEOlifrQfN1B2D0rJFHvQjEbTuX9QNtHBE/Q17rQkGaGmpr8Uv6uEWiSfgnq4zwJHKjXlBnQfeWkfAa5W5iEGocRjXOXEOtB9aNW+Bte9b6kNuhlAH5x/MmmvFzhMtBBcQ59OtHz+lYScx1b05UL74OomXg1AaRdr9elrQ/oJ/v3pgE+Uwun+YrImiacuGD5L8yaB7jiKeVpxQD0MWCrlSCtIBb4iyJftilHALDuxrmp7u1ATipLENSxUxBA2OsPHLIKbMSjm1gJgbLX7KMOYHG6weGrHJ1nVJP00XyxDYqK6vcEMD/szZCpp8DspoaH6k2PYbh0BiVSXDKv2yW+GO/NmkWBS0QfBZAAaYOtbBlxVxOQJXgif7bQ2rs9kRkPjGdiuPqirDdp557vty5xU/0MjXrbhl0Zb710ahld3LR8x8svfhQ25jDVVGGAtk9vmEoV9GY0mjxZKIO8ebilX7POaiTo=&u=U2FsdGVkX18xUhmt3WbHEStDpb7LKG2BDZeBy+eyC8f8/RWa+KMvkKFzXXOA73kq&y=U2FsdGVkX180dPjFJMgPOm1db75JjAsetSJanaH0NouSrVjRjnI2pswkUYRMK6I7 HTTP/1.1" 200 26
152.203.228.178 - - [06/Nov/2023:10:47:02 -0500] "GET /kwssiamovil/sm/acme/a?s=U2FsdGVkX184w80/9peGttlHa43o4oRxEjP+X7s7xly98QEKYwVSFINxRyoJ2b7BQexXO+WYHk0GeOGuJ3bOdnBCjVfVlL/gbc0HJRxFOK2hOmHXW2fRErCK2mqYBNKT4ZueMOe7vyr6nAuaW6Ms0K2hNHGFprU21x/PLD6nVoI=&u=U2FsdGVkX18xUhmt3WbHEStDpb7LKG2BDZeBy+eyC8f8/RWa+KMvkKFzXXOA73kq&y=U2FsdGVkX180dPjFJMgPOm1db75JjAsetSJanaH0NouSrVjRjnI2pswkUYRMK6I7 HTTP/1.1" 200 26
152.203.228.178 - - [06/Nov/2023:10:47:02 -0500] "GET /kwssiamovil/sm/acme/a?s=U2FsdGVkX1/G4KMNUXE+pPSQqb25HSlgzi7ljBv2a2fZ4g5bU5YtjuNJz5BXKaEvm1qb5R83RfoR0bY91lC6BQuOuK6i5ME1rEmrH5rNslgFk8KdzRGqCPXhOECH63h6nDjMAcia0glfjfxTEW++4HEynD+QZ6kPeKc5t0tLo9Q=&u=U2FsdGVkX18xUhmt3WbHEStDpb7LKG2BDZeBy+eyC8f8/RWa+KMvkKFzXXOA73kq&y=U2FsdGVkX180dPjFJMgPOm1db75JjAsetSJanaH0NouSrVjRjnI2pswkUYRMK6I7 HTTP/1.1" 200 26
152.203.228.178 - - [06/Nov/2023:10:47:02 -0500] "GET /kwssiamovil/sm/acme/a?s=U2FsdGVkX19ISwQqLJoKVDvuFT+3BxH6GZIK5APAVeiqa1cBo1o0+pj9j6u4wGxVGLo1PSQdOlNdXqgVOLoX+Bz4Su/DEH6B2+O59pB3N7yFRfUOpk+PobZKSU1X4D3baeNvI3Y/z86/1NuTOkh5ODTLiZ1abOoxdVehruYBd3c=&u=U2FsdGVkX18xUhmt3WbHEStDpb7LKG2BDZeBy+eyC8f8/RWa+KMvkKFzXXOA73kq&y=U2FsdGVkX180dPjFJMgPOm1db75JjAsetSJanaH0NouSrVjRjnI2pswkUYRMK6I7 HTTP/1.1" 200 26
152.203.228.178 - - [06/Nov/2023:10:47:02 -0500] "GET /kwssiamovil/sm/acme/a?s=U2FsdGVkX1+PjmEpfye2olpzb6fUGwXc1tsU63vHIIkuzfDvI3KF1R6qZb6O2haFkn9bPw6godGhm8AHKORyWaBmxOiVxw9axWrTgb6yX5riVtKQ2Vff9hP6/+NVeiVCg+FRFdFKn1UYDPPoOCap2uiz9OsHhQspEpX6pdBqne1WBSVolUJekPrD0kcA/dWumeW6b1RNQ/I1jMPZ3Xowzw==&u=U2FsdGVkX18xUhmt3WbHEStDpb7LKG2BDZeBy+eyC8f8/RWa+KMvkKFzXXOA73kq&y=U2FsdGVkX180dPjFJMgPOm1db75JjAsetSJanaH0NouSrVjRjnI2pswkUYRMK6I7 HTTP/1.1" 200 26
152.203.228.178 - - [06/Nov/2023:10:47:03 -0500] "GET /kwssiamovil/sm/acme/a?s=U2FsdGVkX18+rBKCeM5hLSepNoZnG2JDRVEB5MwRZcX/HouewrnhWDUvcB4828Ttcp8SGvEkz2BwGq06sRZJl/e6gSO+l2tRwRgjaea0W0++1B0v4Buq2QG+GLYQVavBMSq7GHiwthRoOILIPfPmJj9Xb7cRbas9SQ6KaIUnDLnNtLmZx82XY0DF/vggYjPZEmD9alL3o4eGeI+WcPxLmA==&u=U2FsdGVkX18xUhmt3WbHEStDpb7LKG2BDZeBy+eyC8f8/RWa+KMvkKFzXXOA73kq&y=U2FsdGVkX180dPjFJMgPOm1db75JjAsetSJanaH0NouSrVjRjnI2pswkUYRMK6I7 HTTP/1.1" 200 26
152.203.228.178 - - [06/Nov/2023:10:47:03 -0500] "GET /kwssiamovil/sm/acme/a?s=U2FsdGVkX18uRgXoZB0PhAoM8Vm35aHXFR19OPUySV5kKJw9tEiw8DUlSVZS4RIIroGNRopdXwX9+BSgsu3khYpuTfqg01HV9qf8K7qGMY03NzDn+o/ruHcxJTGhrZj7xrk5AxXrEuuMzFGTBk4m8tNoO5lPWJlBiQHQDEcvvN2pVGVBCSiyQdvcft+pc4qL20yGBWalNw85RU+EBapHuAJyy7RnjQSrFMgPk489EQUVWlPFRBODBjUYEXbRDex7KJMta+ibb+nv3LW8RQxD0LL8Jr+tsZ4qE5hVEb4dpjofK9KlMCUo2Zy/NPQBmXLRp3thabCmpemgtwKAxxTFf18NjBvDOpPx5p367w4SQWMIvqEdEcmfOIXBXJAa4sElZZin/hgYaUrsq9oMrf2fCIC7pBTFNqGiN9v5Nt2CBYfvfXvIoOm0CannGK/QXI0z&u=U2FsdGVkX18xUhmt3WbHEStDpb7LKG2BDZeBy+eyC8f8/RWa+KMvkKFzXXOA73kq&y=U2FsdGVkX180dPjFJMgPOm1db75JjAsetSJanaH0NouSrVjRjnI2pswkUYRMK6I7 HTTP/1.1" 200 25
152.203.228.178 - - [06/Nov/2023:10:47:03 -0500] "GET /kwssiamovil/sm/acme/a?s=U2FsdGVkX1951dC5j0htaR/+GAY3GRYtAz17VqrtFcI1nALnCbqJVq47qUjxJTso1GaTmGBE+p/oRbfkocDOx/i3QFTot45tfHd0zKpGPs92P7mzh3Uwr9A/AfXBDFQN5+ohRsm+9K59drFE7RjI2pubzzOCMPj2Y1EL8/I+2XJie+L9fQNflK2RXS9vTwuG&u=U2FsdGVkX18xUhmt3WbHEStDpb7LKG2BDZeBy+eyC8f8/RWa+KMvkKFzXXOA73kq&y=U2FsdGVkX180dPjFJMgPOm1db75JjAsetSJanaH0NouSrVjRjnI2pswkUYRMK6I7 HTTP/1.1" 200 26
152.203.228.178 - - [06/Nov/2023:10:47:03 -0500] "GET /kwssiamovil/sm/acme/a?s=U2FsdGVkX18UahupGt3Vei7DQhY86p/XT+VCoY5xYxB2SfxYakPId9F+8sM5nKyeSvpaNIE4A6B/BX7C/46q/itZbgxqgqZLNIGxIIkZueHBG2ViANFRHcQncQppHuRvWMCot68g8hq8NxJueuKIwVDrVeS/LLXSI8LIv7RkxXjuSBvT0c+lQD+gfgrcdloRe8emE6qFesElNfogKe48miQgY7XpCXgr7QeRsoIO+gAhsRgitZAAQJu6Tgi504sj2BLMkI/bQu2lTojmj2HpFOY1uS2//BAojjO/Sw7SBRGrsbl1ZNGMwu/7GDZkl30i+NZWMw5xWaCIuWpWGB8FwMzYyAYwqO4Ii/O6HeqJ/CuaD6x8V8MnW3W82NQ8xa4gKOJ4v+DSlWfHaRqQbLZ0fqJd6ga60dNgjATSvqZbB8g=&u=U2FsdGVkX18xUhmt3WbHEStDpb7LKG2BDZeBy+eyC8f8/RWa+KMvkKFzXXOA73kq&y=U2FsdGVkX180dPjFJMgPOm1db75JjAsetSJanaH0NouSrVjRjnI2pswkUYRMK6I7 HTTP/1.1" 200 25
152.203.228.178 - - [06/Nov/2023:10:47:03 -0500] "GET /kwssiamovil/sm/acme/a?s=U2FsdGVkX18NaHynoumAxXYDf0OzSGW8qTlznXT1LZnvCJzAQQqgQLeuIi73UWWw49/l7/PXhmz+fpuP4PKqbQHMRKuBdEUKHAQHPrVZLMlDWRBXdyfEl+hlFGZ40cg8PLERSaTeDiDKAYHuZ/Zc9yeTHRLZMMt+8hQhcaWPol9BFX0cHntbPlvLpbSh+DT0qPCpu5wlENxFq7GT15fRaA==&u=U2FsdGVkX18xUhmt3WbHEStDpb7LKG2BDZeBy+eyC8f8/RWa+KMvkKFzXXOA73kq&y=U2FsdGVkX180dPjFJMgPOm1db75JjAsetSJanaH0NouSrVjRjnI2pswkUYRMK6I7 HTTP/1.1" 200 26
152.203.228.178 - - [06/Nov/2023:10:47:04 -0500] "GET /kwssiamovil/sm/acme/a?s=U2FsdGVkX183HyeKNI2IJh0PJi9Y17fD6ghmS3zsREL/3BLDbKT0VNXliVIBCJChldc3qBGXbzRtPMYLbT4XcnyqGa50Q9iaAHbGM9EYFeDbgA8mtM6BHE/GJSgm1HaQKK0v8kTmorZMHmfOpkCRFhHGhU8nJcr049PTZYZQVtVay8K6VJTT9jI/K0Rz9IGL&u=U2FsdGVkX18xUhmt3WbHEStDpb7LKG2BDZeBy+eyC8f8/RWa+KMvkKFzXXOA73kq&y=U2FsdGVkX180dPjFJMgPOm1db75JjAsetSJanaH0NouSrVjRjnI2pswkUYRMK6I7 HTTP/1.1" 200 26
152.203.228.178 - - [06/Nov/2023:10:47:04 -0500] "GET /kwssiamovil/sm/acme/a?s=U2FsdGVkX1/xFFWLWmG27T2qmBU6fdv2Mt6PXNMAlDtMtu+t6fRc5fNXuvayv7ytsAIG5jrASVLsgVeN/x6QDmhCC/hoc3vNmkLDwxwYMyJ80ceG4D+xvkxCO5IQTngQHUg9BmFBNQWTrR3FE63vWLK65mYJ7Vi4mYeiE4483OFftBFEfIoIedaOA6yhHfuQWoQMvtD+bg8I7Fxzily+aQ==&u=U2FsdGVkX18xUhmt3WbHEStDpb7LKG2BDZeBy+eyC8f8/RWa+KMvkKFzXXOA73kq&y=U2FsdGVkX180dPjFJMgPOm1db75JjAsetSJanaH0NouSrVjRjnI2pswkUYRMK6I7 HTTP/1.1" 200 26
152.203.228.178 - - [06/Nov/2023:10:47:04 -0500] "GET /kwssiamovil/sm/acme/a?s=U2FsdGVkX1/TZjdoREoimtnPC1HVcPOGrLguwFyo9cO7og0Jw02RDVbR9/nVNnjoPa9he1bWY9gBGpa0cvQDBgsmBvWmOj4r67VVKNdGMfiuUf6KuPkAyl3lUsPR5uvoV2FluZu2zLOPbUE+fnj12k6wNzJ654kfX8/ogtrqxjq8BwHDDxPmAEXGGxeMUQsE&u=U2FsdGVkX18xUhmt3WbHEStDpb7LKG2BDZeBy+eyC8f8/RWa+KMvkKFzXXOA73kq&y=U2FsdGVkX180dPjFJMgPOm1db75JjAsetSJanaH0NouSrVjRjnI2pswkUYRMK6I7 HTTP/1.1" 200 26
152.203.228.178 - - [06/Nov/2023:10:47:04 -0500] "GET /kwssiamovil/sm/acme/a?s=U2FsdGVkX1/8Ac8aOUHzL9aleH+lyQwb6VRgNiIlqfH1WzQ0yfyCnKT4d+FTKbFTVyyt9KgHPLIvQTWoR9zvXDKjHu3eYOWeuhVskUQGgacWn0atR15iMSOB9Ak4nZEOWlwfBnvRalIfHT25bOHvus80h53osNeIyT1cHnkba15EFhypaB009QCt144Nq2MfeaYeyc2mOlTZw8LqNB1XoQ==&u=U2FsdGVkX18xUhmt3WbHEStDpb7LKG2BDZeBy+eyC8f8/RWa+KMvkKFzXXOA73kq&y=U2FsdGVkX180dPjFJMgPOm1db75JjAsetSJanaH0NouSrVjRjnI2pswkUYRMK6I7 HTTP/1.1" 200 26
152.203.228.178 - - [06/Nov/2023:10:47:04 -0500] "GET /kwssiamovil/sm/acme/a?s=U2FsdGVkX19dONFoXV1ePCBME0LwWl9ZEXEQC/WeU8NyKXynzPGWkRDFk0ON6VSKpV8pbGP/qSL+PSeBbOVQ4x56hEBFcRJmaxkyBZCucHQy1tLcWNRrplgElRaitk4P2uugQqPBoHKHNtRTF60NaIR0CuEO5CiQ5M5wPJIC0UiVHKWyKis0Go/EAjU3rdJE&u=U2FsdGVkX18xUhmt3WbHEStDpb7LKG2BDZeBy+eyC8f8/RWa+KMvkKFzXXOA73kq&y=U2FsdGVkX180dPjFJMgPOm1db75JjAsetSJanaH0NouSrVjRjnI2pswkUYRMK6I7 HTTP/1.1" 200 26
152.203.228.178 - - [06/Nov/2023:10:47:04 -0500] "GET /kwssiamovil/sm/acme/a?s=U2FsdGVkX19rNIQI586d2JLw24Y3dKMwQF9etRbyVwaJlWVxa2dy+X/c/6Ei4Fo/pmO2tw6L1k6YXig/S1Z8Xx8RE1/Yyo4t+NCN2dYHkSM4LuiNOpdgoNSME4FFg6Lur6qzNsLUCEI0xPXG+G9OYxWPoF98NalvIgUcSu7iCueNJFJfWcNq10k/noQw9mmNU/XA7UxdSQQgBKYRovqzXQ==&u=U2FsdGVkX18xUhmt3WbHEStDpb7LKG2BDZeBy+eyC8f8/RWa+KMvkKFzXXOA73kq&y=U2FsdGVkX180dPjFJMgPOm1db75JjAsetSJanaH0NouSrVjRjnI2pswkUYRMK6I7 HTTP/1.1" 200 26
152.203.228.178 - - [06/Nov/2023:10:47:05 -0500] "GET /kwssiamovil/sm/acme/a?s=U2FsdGVkX1+pBmIbuph6YR8XwFBET2mDDsXvA4Z7K0J01NMfx+F9lH1clsYj1SpP6PRDdvS76BlCzp02ctibZCBozk187g/Rc4lg/kSbewYdnHYlcnSaKvdvZ01LLu6aVsdOjsuD+5bbmXU626WevALoz/QnkIw2yQwkhwjikxe2B0nSIGlyIi4dTrUTg6yB&u=U2FsdGVkX18xUhmt3WbHEStDpb7LKG2BDZeBy+eyC8f8/RWa+KMvkKFzXXOA73kq&y=U2FsdGVkX180dPjFJMgPOm1db75JjAsetSJanaH0NouSrVjRjnI2pswkUYRMK6I7 HTTP/1.1" 200 26
172.22.2.4 - - [06/Nov/2023:10:47:10 -0500] "GET /BLA/boletinlegal/actos.php HTTP/1.1" 200 9682
172.22.2.4 - - [06/Nov/2023:10:46:11 -0500] "HEAD /BLA/boletinlegal/ HTTP/1.1" 200 -
172.22.2.4 - - [06/Nov/2023:10:47:02 -0500] "GET /BLA/boletinlegal/ HTTP/1.1" 200 61018
66.249.66.19 - - [06/Nov/2023:10:49:08 -0500] "GET /BLA/resoluciones/RESOLUCIONES%202009/0346.pdf HTTP/1.1" 200 204222
40.77.167.14 - - [06/Nov/2023:10:49:43 -0500] "GET /BLA/resoluciones/AUTOS%202020/4846.pdf HTTP/1.1" 200 404470
216.245.221.92 - - [06/Nov/2023:10:50:38 -0500] "HEAD / HTTP/1.1" 200 -
201.245.192.253 - - [06/Nov/2023:10:51:44 -0500] "POST /kwsrmcab/Wsrmcab  HTTP/1.1" 200 42686
173.252.111.12 - - [06/Nov/2023:10:53:12 -0500] "GET /en-el-diamundialdelmedioambiente-distrito-ejercito-nacional-y-comunidad-plantaron-120-arboles-en-parque-nacional.html HTTP/1.1" 200 838
172.22.2.4 - - [06/Nov/2023:10:52:01 -0500] "HEAD /BLA/boletinlegal/ HTTP/1.1" 200 -
172.22.2.4 - - [06/Nov/2023:10:52:52 -0500] "GET /BLA/boletinlegal/ HTTP/1.1" 200 60634
216.245.221.92 - - [06/Nov/2023:10:55:38 -0500] "HEAD / HTTP/1.1" 200 -
173.252.107.119 - - [06/Nov/2023:10:55:44 -0500] "GET /secretaria-de-ambiente-presente-en-la-feria-internacional-del-ambiente-2023.html HTTP/1.1" 200 841
40.77.167.14 - - [06/Nov/2023:10:56:02 -0500] "GET /bla/resoluciones/autos%202010/4897.pdf HTTP/1.1" 200 1174229
186.102.62.75 - - [06/Nov/2023:10:56:20 -0500] "GET /kwssiamovil/sm/acme/a?s=U2FsdGVkX1+J3yNANyeMVfWm/4iBx+coO8uK/V/5K62PJZnVz5GvVsWON/xIrOVz1DqKI9Z0Y3N9W2ma98s37xdu+aGcf+GZr4xlKGfOaldMqDCXA+F5GxT7cBRHfjC6aQvS2vkLVUdP9eTHW48GhrN6hgqIze0Wse0FFFV253xSEw8hFhVhjmRq+nJMLGZgdBvtpR8+ekzQIoNkcSj+wrqejeZFbAXxnkn8dmG/bI0WmO4+i9btYpl9IkueJu8UUvdWeCDFDt+UrtW+angxRw==&u=U2FsdGVkX1/oIVIoCq0AviWMHXhBSgnF6K1PtNQaSo9O2lYvwdG1OrK6XuTQ7omy&y=U2FsdGVkX19YRv4mSrN7eoFcWo3pgep/M9Quqzuxq0jGwilSybDVa3uadhzPV7t/ HTTP/1.1" 200 26
186.102.62.75 - - [06/Nov/2023:10:56:21 -0500] "GET /kwssiamovil/sm/acme/a?s=U2FsdGVkX18eHsLtkUAPonukh0GxcKw6b8DxVoHqTPiSyIG09mOQhIvV0LInZiO9ED1zPIcsjhZG5lIMfhC06ZlzWC9BFu87ZRMh29P7vTbcGcd5xrFAqMGaFw/4jhAoyd141Vr3owDiHGSrY33PGJNBkFsT6X7sZRri4VqO+2NOK1DXZCMQFinWqI6a4sBY57KkzUCwo4jIz5zWt1WP243ZT1Io5STUHHkjoarVkKkiIPdYSo8NCEUHyY9iD1SfCyjRhZUoM/XmBFiydaFwRh5qdUlbPmceD7PzLsWaZwUNe5Y61nOIWbST9JQb+oLo58XgntMORE4eIkH0KGpi/js2FoAHlx8mf4HhaBu86SbQv9dC+SYiP2n/EHCcyVzGj55T70Im/RN+KwE/TGJhH8V2V4kDOmuJzAhiHc4iAwnmDPPCMWfg/w79JQbIxna6DTY4BTn40CZZSR63PsSML3tWv8i/tGve8Lf2FcpdZvG/M9XpiKRH95T7QwfQMhn3w7C4bAl2WNHgTaLmkvXPxP6U11MNiOekHFpr8pd/hgssfIxfVKzl1Z+MurZV2HoC4494fp7itmccgAN8/87nWG05RG13rXxgNioKE25euECd0RdrT1W3S4mXQr0O1WcNVaKIwQTiaA1fG5olfb3gHj8+JuEtLH1kjdi5KeG3/aOaypNIXgLIXkVQvMZ/G+CIJ19gAW+oCTTbv3WfHp+rbV+A9A8aCWZmT+COKVSPwLb/USnWd3EktM/lmFnj6Y+J4VQPmP+tVdbIz9GK4HHtq2Y9rnRSqwTGDciGJwVEc2mjQsemq7v4eQLTdCYVAtOYh5f5mT4uvapmH1lS0/tWnnvvLNclxPHfS0v+nUMcy6/f8azhLwT/3wfih6NzeZTgnkRHYV/Oy/o+Bev6rzPG6ddQP7RV7EcOsqqqRfu/Xky/8Qjg8uy7s0In6I0F1MOxSqxJFdfhPJ6W4H0nHlMUhjrPCcsn6i3+4cpTrvqEH6CYaEB3EVbxxRKgkmt2Ret7zQHFBk3j9pvKJDR01dmMaUBrjqX8Aubz+NpoSMA8j+oOjkQoYhxdYMjuelESJ8DSstRO3NR+cp5q35y3Yj8lGlS47BPeXFsLLGvjvRQvSEq0qjFJxMoLT6pbq+F/0EaPOZj2CRK+HIdQcq/x0/St2dp+Moa8C5QSvRInolC17EPokZGZq8jQ9vAzEmxSbqGGTdc4+ZIG1h/VpOKc1bMxDDQOeufofzRGeEyAFN7OJFjmEihZl8Yh0JpQwQwg8Zk8XtvzoaADtDRwmXpwVzdB15Rcmyo7AKrikYXtF2L/ThzC+fEHjfsnZXnrL0VuFKHwuzCvgDEro3891H1GUSHVqZVVSbeHX25koQzSqklIeMnesSO5V0pH6/x/IxNBD8jivJvykGgt1mOPrh7LbkxZrVenCY/yMYUE+eQZnN9sKvIRAMg9YL5beXoypUYuIMnoYN62vb/D5i4fBpFA/ZQy5BfvuSdbz+aVwNVio6bE5Iiu9M9CbLhMOjjO7osKzZXLZZkgRJVTvlkM0GKiPHO3fXWbxJWIrW7slvoUafU/edTH8CbaPOb1ftlExyc2WIAyAFFv9EWLQE/i+FX9kD+ob8yu7Wk0LQ0iqgdPBUKMZJBDpa70qexMlmjNfN3iGLfIhoEZAvdK4RmMv1pY2LxndEOIlPCCU68Ha+KkdGKXebAfRJDU56LIirkbBp19e8Lj6OO3oSgqBwyevmKfB0zayfD2ms69a9PtCBGtNDz9L1DKqEln3PrZpOQheODIZwc2gT9Gh8qM8jlrK165JwB38y87ibb7uR2hgqxjiiDcS3KLvPVmtoV1Nya1Ffekua0d+L4BMqvaCEZTd05clq6lwlzhk1HKFDyDbO23hV0YovE6nrCY5piUhygQykDgh4Nhn809ce6IAGZWx1tHC6FaMSYhvaSwGKa14R9kIv6zNPeMX6F9ASyxsrZmOEVt8WYSgvCWU44GCtO08LtP12vOkjEUPv+yMhp4w9qCCASO3owACwMvXW7zC2de7Xxq03UyOpS/BFHKU3Qo/xK5IytT9PEITDRC8q/K+GmfdKExLV8=&u=U2FsdGVkX1/oIVIoCq0AviWMHXhBSgnF6K1PtNQaSo9O2lYvwdG1OrK6XuTQ7omy&y=U2FsdGVkX19YRv4mSrN7eoFcWo3pgep/M9Quqzuxq0jGwilSybDVa3uadhzPV7t/ HTTP/1.1" 200 26
186.102.62.75 - - [06/Nov/2023:10:56:21 -0500] "GET /kwssiamovil/sm/acme/a?s=U2FsdGVkX19xiO0ejqnhl10+fnB4YyJOlx3sykSe9+aZcfWfb703KB1WoKl/20cE8mwPOCOBhIqF8gbvc6JOAyEYvUmm+GY4y1LPRZOIrfb4M+vfMzVFNLkveZlkhJYFL6IssJ+exCDx/thknbr2njZkRGyZL2ycYpVdvfmrq6w=&u=U2FsdGVkX1/oIVIoCq0AviWMHXhBSgnF6K1PtNQaSo9O2lYvwdG1OrK6XuTQ7omy&y=U2FsdGVkX19YRv4mSrN7eoFcWo3pgep/M9Quqzuxq0jGwilSybDVa3uadhzPV7t/ HTTP/1.1" 200 26
186.102.62.75 - - [06/Nov/2023:10:56:21 -0500] "GET /kwssiamovil/sm/acme/a?s=U2FsdGVkX1/eDdNCZeZSyaldnzed1R0C59RPdcCq36jp6wql8s3hMvJjn8L3EMGwJ+5aiNd9Vh8UEZBNCTzBBrFuO0Gv2/vDNJrcxOuT9eT31snF4yU24qoM5lpOX3PAB4F+pQFuTGmVKEnhgSe5uuL5e/r3yUQPhD1RFuiaApU=&u=U2FsdGVkX1/oIVIoCq0AviWMHXhBSgnF6K1PtNQaSo9O2lYvwdG1OrK6XuTQ7omy&y=U2FsdGVkX19YRv4mSrN7eoFcWo3pgep/M9Quqzuxq0jGwilSybDVa3uadhzPV7t/ HTTP/1.1" 200 26
186.102.62.75 - - [06/Nov/2023:10:56:22 -0500] "GET /kwssiamovil/sm/acme/a?s=U2FsdGVkX1+42mtKp4LDkbdM/xHOPx9DxHl7RrD8RstHSaOAC8n6WqEsnHg4WLJvLj26Dd2nz0Xu+wNRFLMc0NmEYZXt2AmXpDXK/DKtIoDp+q71jPOmka6D3cYIJk9XnBvwPLJrtt7E6s9DY4RefLXGbPZN8HXxKlLZlneRULw=&u=U2FsdGVkX1/oIVIoCq0AviWMHXhBSgnF6K1PtNQaSo9O2lYvwdG1OrK6XuTQ7omy&y=U2FsdGVkX19YRv4mSrN7eoFcWo3pgep/M9Quqzuxq0jGwilSybDVa3uadhzPV7t/ HTTP/1.1" 200 26
186.102.62.75 - - [06/Nov/2023:10:56:22 -0500] "GET /kwssiamovil/sm/acme/a?s=U2FsdGVkX1+DEmU780QmybXU92Qg8u5uoJGURokojAbKh6nxhVukfop8/Ukco6cJwPWpjCbJ7hZc1DQ1Zrptcjs7kHGRncJWQcgeoanp6L/SrT1j61gvWepDMPMn/BzwwxWvZa5lTGxyiYCDrpUYF2sw6PMgt7tiQtjBXaIS386zSw5bfHXKbmmpfFp04a3Th9x50ZYiuz8cnxepsZfamQ==&u=U2FsdGVkX1/oIVIoCq0AviWMHXhBSgnF6K1PtNQaSo9O2lYvwdG1OrK6XuTQ7omy&y=U2FsdGVkX19YRv4mSrN7eoFcWo3pgep/M9Quqzuxq0jGwilSybDVa3uadhzPV7t/ HTTP/1.1" 200 26
201.245.192.253 - - [06/Nov/2023:10:56:44 -0500] "POST /kwsrmcab/Wsrmcab  HTTP/1.1" 200 42686
40.77.167.60 - - [06/Nov/2023:10:57:27 -0500] "GET /BLA/resoluciones/AUTOS%202022/4435.pdf HTTP/1.1" 304 -
40.77.167.60 - - [06/Nov/2023:10:57:28 -0500] "GET /BLA/resoluciones/RESOLUCIONES%202021/1092.pdf HTTP/1.1" 200 454624
172.22.2.4 - - [06/Nov/2023:10:59:18 -0500] "GET /BLA/boletinlegal/robots.txt HTTP/1.1" 404 1038
44.230.252.91 - - [06/Nov/2023:10:59:31 -0500] "GET /robots.txt HTTP/1.1" 404 1034
172.22.2.4 - - [06/Nov/2023:10:57:51 -0500] "HEAD /BLA/boletinlegal/ HTTP/1.1" 200 -
44.230.252.91 - - [06/Nov/2023:11:00:16 -0500] "GET /robots.txt HTTP/1.1" 404 1035
172.22.2.4 - - [06/Nov/2023:10:58:42 -0500] "GET /BLA/boletinlegal/ HTTP/1.1" 200 58294
216.245.221.92 - - [06/Nov/2023:11:00:38 -0500] "HEAD / HTTP/1.1" 200 -
191.156.150.67 - - [06/Nov/2023:11:00:51 -0500] "GET /secretaria-de-ambiente-invita-a-proteger-la-culebra-sabanera.html HTTP/1.1" 200 924
191.156.150.67 - - [06/Nov/2023:11:00:51 -0500] "GET /images/culebra-sabanera-2020.jpg HTTP/1.1" 200 102873
172.22.2.4 - - [06/Nov/2023:11:01:16 -0500] "GET /BLA/boletinlegal/actos.php HTTP/1.1" 200 9682
66.249.66.21 - - [06/Nov/2023:11:01:39 -0500] "GET /BLA/resoluciones/RESOLUCIONES%202008/1706.pdf HTTP/1.1" 200 243985
201.245.192.253 - - [06/Nov/2023:11:01:43 -0500] "POST /kwsrmcab/Wsrmcab  HTTP/1.1" 200 42686
172.22.2.4 - - [06/Nov/2023:11:01:03 -0500] "GET /BLA/boletinlegal/ HTTP/1.1" 200 49099
52.25.208.208 - - [06/Nov/2023:11:02:21 -0500] "GET /propietarios-inscritos-en-el-inventario-nacional-de-bifenilos-de-policlorados-tienen-plazo-hasta-noviembre-para-reportar-su-balance.html HTTP/1.1" 200 1003
173.252.79.117 - - [06/Nov/2023:11:03:26 -0500] "GET /images/serpiente-sabanera.jpeg HTTP/1.1" 200 167272
66.249.73.67 - - [06/Nov/2023:11:04:31 -0500] "GET /cooperacion-internacional-postulate-para-la-coordinacion-ambiental-de-proyecto-con-la-union-europea-avantia.html HTTP/1.1" 304 -
66.249.73.68 - - [06/Nov/2023:11:04:32 -0500] "GET /el-agua-recurso-vital-para-la-conservacion-de-los-ecosistemas.html HTTP/1.1" 304 -
40.77.167.35 - - [06/Nov/2023:11:04:39 -0500] "GET /BLA/resoluciones/RESOLUCIONES%202021/5506.pdf HTTP/1.1" 200 383826
40.77.167.35 - - [06/Nov/2023:11:04:40 -0500] "GET /BLA/resoluciones/RESOLUCIONES%202021/1257.pdf HTTP/1.1" 200 434863
66.249.66.20 - - [06/Nov/2023:11:05:21 -0500] "GET /BLA/resoluciones/RESOLUCIONES%202008/3597.pdf HTTP/1.1" 200 255118
172.22.2.4 - - [06/Nov/2023:11:03:41 -0500] "HEAD /BLA/boletinlegal/ HTTP/1.1" 200 -
66.249.66.21 - - [06/Nov/2023:11:05:33 -0500] "GET /BLA/resoluciones/RESOLUCIONES%202007/RES%202007%203001%20AL%203100/RESOLUCION%203050%20DE%202007.pdf HTTP/1.1" 200 50650
216.245.221.92 - - [06/Nov/2023:11:05:38 -0500] "HEAD / HTTP/1.1" 200 -
172.22.2.4 - - [06/Nov/2023:11:04:32 -0500] "GET /BLA/boletinlegal/ HTTP/1.1" 200 58644
44.230.252.91 - - [06/Nov/2023:11:06:27 -0500] "GET /robots.txt HTTP/1.1" 404 1018
201.245.192.253 - - [06/Nov/2023:11:06:41 -0500] "POST /kwsrmcab/Wsrmcab  HTTP/1.1" 200 42686
172.22.2.4 - - [06/Nov/2023:11:07:10 -0500] "GET /BLA/boletinlegal/normativa.php HTTP/1.1" 200 8343
172.22.2.4 - - [06/Nov/2023:11:07:18 -0500] "GET /BLA/boletinlegal/conceptos.php HTTP/1.1" 200 7496
157.55.39.205 - - [06/Nov/2023:11:07:24 -0500] "GET /BLA/resoluciones/RESOLUCIONES%202021/5027.pdf HTTP/1.1" 200 336083
100.21.24.205 - - [06/Nov/2023:11:07:47 -0500] "GET /BLA/resoluciones/ HTTP/1.1" 200 13696
172.22.2.4 - - [06/Nov/2023:11:08:02 -0500] "GET /BLA/boletinlegal/doctrina.php HTTP/1.1" 200 5614
172.22.2.4 - - [06/Nov/2023:11:08:10 -0500] "GET /BLA/boletinlegal/sugerencias.php HTTP/1.1" 200 8615
172.22.2.4 - - [06/Nov/2023:11:08:35 -0500] "GET /BLA/boletinlegal/jurisprudencia.php HTTP/1.1" 200 17583
66.249.66.19 - - [06/Nov/2023:11:09:10 -0500] "GET /BLA/resoluciones/RESOLUCIONES%202008/3446.pdf HTTP/1.1" 200 247806
172.22.2.4 - - [06/Nov/2023:11:08:35 -0500] "GET /BLA/boletinlegal/index.php HTTP/1.1" 200 36811
38.156.231.72 - - [06/Nov/2023:11:09:51 -0500] "GET / HTTP/1.1" 200 4720
38.156.231.72 - - [06/Nov/2023:11:09:51 -0500] "GET /js/url.js HTTP/1.1" 404 1294
38.156.231.72 - - [06/Nov/2023:11:09:51 -0500] "GET /fonts/icomoon/style.css HTTP/1.1" 200 79820
38.156.231.72 - - [06/Nov/2023:11:09:51 -0500] "GET /css/style.css HTTP/1.1" 200 3473
38.156.231.72 - - [06/Nov/2023:11:09:51 -0500] "GET /css/bootstrap.min.css HTTP/1.1" 200 178212
38.156.231.72 - - [06/Nov/2023:11:09:51 -0500] "GET /favicon.ico HTTP/1.1" 404 1294
40.77.167.35 - - [06/Nov/2023:11:10:06 -0500] "GET /bla/resoluciones/notificaciones/autos%202018/00679.pdf HTTP/1.1" 200 265203
216.245.221.92 - - [06/Nov/2023:11:10:38 -0500] "HEAD / HTTP/1.1" 200 -
172.22.2.4 - - [06/Nov/2023:11:09:31 -0500] "HEAD /BLA/boletinlegal/ HTTP/1.1" 200 -
201.245.192.253 - - [06/Nov/2023:11:11:40 -0500] "POST /kwsrmcab/Wsrmcab  HTTP/1.1" 200 42686
172.22.2.4 - - [06/Nov/2023:11:10:22 -0500] "GET /BLA/boletinlegal/ HTTP/1.1" 200 54693
172.22.2.4 - - [06/Nov/2023:11:12:41 -0500] "GET /BLA/boletinlegal/norma_menu.php HTTP/1.1" 200 6328
172.22.2.4 - - [06/Nov/2023:11:12:41 -0500] "GET /BLA/boletinlegal/Circulares/2020/CIRCULAR%20No.%2000019%20DEL%2018%20DE%20DICIEMBRE%20DEL%202020.pdf HTTP/1.1" 304 -
172.22.2.4 - - [06/Nov/2023:11:15:20 -0500] "GET /BLA/boletinlegal/jurisprudencia/analisis/null HTTP/1.1" 404 1038
216.245.221.92 - - [06/Nov/2023:11:15:38 -0500] "HEAD / HTTP/1.1" 200 -
201.245.192.253 - - [06/Nov/2023:11:16:38 -0500] "POST /kwsrmcab/Wsrmcab  HTTP/1.1" 200 42686
44.230.252.91 - - [06/Nov/2023:11:16:56 -0500] "GET /BLA/resoluciones/index.php?dir=AUTOS%202007/ HTTP/1.1" 200 628423
172.22.2.4 - - [06/Nov/2023:11:15:21 -0500] "HEAD /BLA/boletinlegal/ HTTP/1.1" 200 -
201.245.192.253 - - [06/Nov/2023:11:17:06 -0500] "POST /kwsrmcab/Wsrmcab HTTP/1.1" 200 38386
201.245.192.253 - - [06/Nov/2023:11:17:09 -0500] "POST /kwsrmcab/Wsrmcab HTTP/1.1" 200 40475
100.21.24.205 - - [06/Nov/2023:11:17:24 -0500] "GET /BLA/resoluciones/index.php HTTP/1.1" 200 13696
52.25.208.208 - - [06/Nov/2023:11:16:57 -0500] "GET /BLA/resoluciones/index.php?dir=RESOLUCIONES%202011/ HTTP/1.1" 200 233419
172.22.2.4 - - [06/Nov/2023:11:16:12 -0500] "GET /BLA/boletinlegal/ HTTP/1.1" 200 58644
52.25.208.208 - - [06/Nov/2023:11:17:52 -0500] "GET /BLA/resoluciones/index.php?dir=RESOLUCIONES%202004/ HTTP/1.1" 200 33860
52.25.208.208 - - [06/Nov/2023:11:18:06 -0500] "GET /BLA/resoluciones/index.php?dir=RESOLUCIONES%202001/ HTTP/1.1" 200 25492
44.230.252.91 - - [06/Nov/2023:11:17:41 -0500] "GET /BLA/resoluciones/index.php?dir=AUTOS%202021/ HTTP/1.1" 200 398874
52.25.208.208 - - [06/Nov/2023:11:18:24 -0500] "GET /BLA/resoluciones/index.php?dir=RESOLUCIONES%202000/ HTTP/1.1" 200 27998
38.156.231.72 - - [06/Nov/2023:11:18:57 -0500] "POST /procesar.php HTTP/1.1" 200 1002
38.156.231.72 - - [06/Nov/2023:11:19:06 -0500] "GET /el-reverdecer-de-bogota-no-para-207-nuevos-arboles-plantados-en-el-sur-de-la-ciudad.html HTTP/1.1" 200 912
44.230.252.91 - - [06/Nov/2023:11:18:19 -0500] "GET /BLA/resoluciones/index.php?dir=AUTOS%202023/ HTTP/1.1" 200 389499
191.156.42.226 - - [06/Nov/2023:11:19:18 -0500] "GET /el-reverdecer-de-bogota-no-para-207-nuevos-arboles-plantados-en-el-sur-de-la-ciudad.html HTTP/1.1" 206 912
40.77.167.27 - - [06/Nov/2023:11:20:19 -0500] "GET /BLA/resoluciones/RESOLUCIONES%202021/1113.pdf HTTP/1.1" 200 453105
201.245.192.253 - - [06/Nov/2023:11:20:21 -0500] "POST /kwsrmcab/Wsrmcab HTTP/1.1" 200 38386
201.245.192.253 - - [06/Nov/2023:11:20:24 -0500] "POST /kwsrmcab/Wsrmcab HTTP/1.1" 200 40475
186.30.83.117 - - [06/Nov/2023:11:20:32 -0500] "GET /el-reverdecer-de-bogota-no-para-207-nuevos-arboles-plantados-en-el-sur-de-la-ciudad.html HTTP/1.1" 200 912
216.245.221.92 - - [06/Nov/2023:11:20:38 -0500] "HEAD / HTTP/1.1" 200 -
44.230.252.91 - - [06/Nov/2023:11:21:22 -0500] "GET /BLA/resoluciones/index.php?dir=AUTOS%202003/ HTTP/1.1" 200 1813
186.84.89.131 - - [06/Nov/2023:11:21:37 -0500] "GET /el-reverdecer-de-bogota-no-para-207-nuevos-arboles-plantados-en-el-sur-de-la-ciudad.html HTTP/1.1" 206 912
201.245.192.253 - - [06/Nov/2023:11:21:37 -0500] "POST /kwsrmcab/Wsrmcab  HTTP/1.1" 200 42686
52.25.208.208 - - [06/Nov/2023:11:21:44 -0500] "GET /BLA/resoluciones/index.php?dir=2018/ HTTP/1.1" 200 1608
100.21.24.205 - - [06/Nov/2023:11:21:47 -0500] "GET /BLA/resoluciones/index.php?dir=AUTOS%202005/ HTTP/1.1" 200 2791
44.230.252.91 - - [06/Nov/2023:11:21:58 -0500] "GET /BLA/resoluciones/index.php?dir=AUTOS%202013/ HTTP/1.1" 200 407754
44.230.252.91 - - [06/Nov/2023:11:22:02 -0500] "GET /BLA/resoluciones/index.php?dir=AUTOS%202008/ HTTP/1.1" 200 569644
173.252.83.116 - - [06/Nov/2023:11:22:14 -0500] "GET /images/pl\xc3\xa1sticos%20foto%201..jpg HTTP/1.1" 404 1034
52.25.208.208 - - [06/Nov/2023:11:22:19 -0500] "GET /BLA/resoluciones/index.php?dir=RESOLUCIONES%202004/RES%202004%20651-700/ HTTP/1.1" 200 12049
44.230.252.91 - - [06/Nov/2023:11:22:26 -0500] "GET /BLA/resoluciones/index.php?dir=AUTOS%202002/ HTTP/1.1" 200 1813
52.25.208.208 - - [06/Nov/2023:11:22:29 -0500] "GET /BLA/resoluciones/index.php?dir=RESOLUCIONES%202004/RES%202004%202001-2050/ HTTP/1.1" 200 12347
52.25.208.208 - - [06/Nov/2023:11:22:49 -0500] "GET /BLA/resoluciones/index.php?dir=RESOLUCIONES%201996/ HTTP/1.1" 200 9137
44.230.252.91 - - [06/Nov/2023:11:22:50 -0500] "GET /BLA/resoluciones/index.php?dir=RESOLUCIONES%202000/&order=asc&sort=size HTTP/1.1" 200 27998
172.22.2.4 - - [06/Nov/2023:11:21:11 -0500] "HEAD /BLA/boletinlegal/ HTTP/1.1" 200 -
52.25.208.208 - - [06/Nov/2023:11:22:04 -0500] "GET /BLA/resoluciones/index.php?dir=AUTOS%202015/ HTTP/1.1" 200 151499
44.230.252.91 - - [06/Nov/2023:11:23:01 -0500] "GET /BLA/resoluciones/index.php?dir=RESOLUCIONES%202004/RES%202004%202051-2100/ HTTP/1.1" 200 12370
44.230.252.91 - - [06/Nov/2023:11:22:15 -0500] "GET /BLA/resoluciones/index.php?dir=AUTOS%202014/ HTTP/1.1" 200 225227
52.25.208.208 - - [06/Nov/2023:11:23:18 -0500] "GET /BLA/resoluciones/index.php?dir=RESOLUCIONES%202018/ HTTP/1.1" 200 279938
52.167.144.210 - - [06/Nov/2023:11:23:21 -0500] "GET /BLA/resoluciones/RESOLUCIONES%202019/0311.pdf HTTP/1.1" 200 419407
52.25.208.208 - - [06/Nov/2023:11:23:23 -0500] "GET /BLA/resoluciones/index.php?dir=RESOLUCIONES%202012/ HTTP/1.1" 200 140066
172.22.2.4 - - [06/Nov/2023:11:23:28 -0500] "GET /BLA/boletinlegal/Circulares/2023/CIRCULAR%20No.%2000011%20DEL%2023%20DE%20OCTUBRE%20DEL%202023.pdf HTTP/1.1" 200 334676
172.22.2.4 - - [06/Nov/2023:11:22:02 -0500] "GET /BLA/boletinlegal/ HTTP/1.1" 200 58644
44.230.252.91 - - [06/Nov/2023:11:24:01 -0500] "GET /BLA/resoluciones/index.php?dir=&order=desc&sort=name HTTP/1.1" 200 13695
44.230.252.91 - - [06/Nov/2023:11:23:57 -0500] "GET /BLA/resoluciones/index.php?dir=&order=asc&sort=size HTTP/1.1" 200 13696
44.230.252.91 - - [06/Nov/2023:11:23:25 -0500] "GET /BLA/resoluciones/index.php?dir=RESOLUCIONES%202014/ HTTP/1.1" 200 257995
44.230.252.91 - - [06/Nov/2023:11:24:28 -0500] "GET /BLA/resoluciones/index.php?dir=RESOLUCIONES%201992/ HTTP/1.1" 200 2871
44.230.252.91 - - [06/Nov/2023:11:24:41 -0500] "GET /BLA/resoluciones/AUTOS%202021/0245.php HTTP/1.1" 200 107011
44.230.252.91 - - [06/Nov/2023:11:24:48 -0500] "GET /BLA/resoluciones/index.php?dir=AUTOS%202004/ HTTP/1.1" 200 2786
172.22.2.4 - - [06/Nov/2023:11:25:31 -0500] "GET /BLA/boletinlegal/login HTTP/1.1" 404 1018
100.21.24.205 - - [06/Nov/2023:11:25:34 -0500] "GET /BLA/resoluciones/index.php?dir=RESOLUCIONES%202004/RES%202004%201401-1450/ HTTP/1.1" 200 12371
216.245.221.92 - - [06/Nov/2023:11:25:38 -0500] "HEAD / HTTP/1.1" 200 -
52.25.208.208 - - [06/Nov/2023:11:25:54 -0500] "GET /BLA/resoluciones/index.php?dir=RESOLUCIONES%202004/&order=desc&sort=name HTTP/1.1" 200 33859
44.230.252.91 - - [06/Nov/2023:11:25:55 -0500] "GET /BLA/resoluciones/index.php?dir=AUTOS%201997/ HTTP/1.1" 200 2025
44.230.252.91 - - [06/Nov/2023:11:26:05 -0500] "GET /BLA/resoluciones/index.php?dir=AUTOS%202006/ HTTP/1.1" 200 9681
100.21.24.205 - - [06/Nov/2023:11:26:11 -0500] "GET /BLA/resoluciones/index.php?dir=AUTOS%202018/ HTTP/1.1" 200 467093
100.21.24.205 - - [06/Nov/2023:11:26:13 -0500] "GET /BLA/resoluciones/index.php?dir=AUTOS%202016/ HTTP/1.1" 200 331625
52.25.208.208 - - [06/Nov/2023:11:26:04 -0500] "GET /BLA/resoluciones/index.php?dir=AUTOS%202009/ HTTP/1.1" 200 399860
44.230.252.91 - - [06/Nov/2023:11:26:22 -0500] "GET /BLA/resoluciones/index.php?dir=Decretos/ HTTP/1.1" 200 6804
44.230.252.91 - - [06/Nov/2023:11:26:23 -0500] "GET /BLA/resoluciones/index.php?dir=Acuerdos/ HTTP/1.1" 200 3396
44.230.252.91 - - [06/Nov/2023:11:25:55 -0500] "GET /BLA/resoluciones/index.php?dir=AUTOS%202010/ HTTP/1.1" 200 280537
44.230.252.91 - - [06/Nov/2023:11:26:28 -0500] "GET /BLA/resoluciones/index.php?dir=RESOLUCIONES%202005/ HTTP/1.1" 200 49688
52.25.208.208 - - [06/Nov/2023:11:26:29 -0500] "GET /BLA/resoluciones/index.php?dir=RESOLUCIONES%201998/ HTTP/1.1" 200 14920
100.21.24.205 - - [06/Nov/2023:11:26:32 -0500] "GET /BLA/resoluciones/index.php?dir=AUTOS%202020/ HTTP/1.1" 200 332687
100.21.24.205 - - [06/Nov/2023:11:26:35 -0500] "GET /BLA/resoluciones/index.php?dir=RESOLUCIONES%201994/ HTTP/1.1" 200 2479
201.245.192.253 - - [06/Nov/2023:11:26:36 -0500] "POST /kwsrmcab/Wsrmcab  HTTP/1.1" 200 42686
44.230.252.91 - - [06/Nov/2023:11:26:42 -0500] "GET /BLA/resoluciones/index.php?dir=Notificaciones/ HTTP/1.1" 200 11650
52.25.208.208 - - [06/Nov/2023:11:26:44 -0500] "GET /BLA/resoluciones/index.php?dir=RESOLUCIONES%202004/RES%202004%202101-2150/ HTTP/1.1" 200 12359
52.25.208.208 - - [06/Nov/2023:11:26:47 -0500] "GET /BLA/resoluciones/index.php?dir=RESOLUCIONES%201999/ HTTP/1.1" 200 11562
44.230.252.91 - - [06/Nov/2023:11:26:54 -0500] "GET /BLA/resoluciones/index.php?dir=RESOLUCIONES%201995/ HTTP/1.1" 200 12497
52.25.208.208 - - [06/Nov/2023:11:26:56 -0500] "GET /BLA/resoluciones/index.php?dir=RESOLUCIONES%202004/RES%202004%20951-1000/ HTTP/1.1" 200 12101
201.245.192.253 - - [06/Nov/2023:11:27:06 -0500] "POST /kwsrmcab/Wsrmcab HTTP/1.1" 200 38386
100.21.24.205 - - [06/Nov/2023:11:27:09 -0500] "GET /BLA/resoluciones/index.php?dir=RESOLUCIONES%202003/ HTTP/1.1" 200 34282
201.245.192.253 - - [06/Nov/2023:11:27:08 -0500] "POST /kwsrmcab/Wsrmcab HTTP/1.1" 200 40475
52.25.208.208 - - [06/Nov/2023:11:26:46 -0500] "GET /BLA/resoluciones/index.php?dir=AUTOS%202012/ HTTP/1.1" 200 276641
44.230.252.91 - - [06/Nov/2023:11:27:12 -0500] "GET /BLA/resoluciones/index.php?dir=RESOLUCIONES%202004/RES%202004%20101-150/ HTTP/1.1" 200 12033
44.230.252.91 - - [06/Nov/2023:11:27:19 -0500] "GET /BLA/resoluciones/index.php?dir=RESOLUCIONES%202006/ HTTP/1.1" 200 40916
52.25.208.208 - - [06/Nov/2023:11:27:20 -0500] "GET /BLA/resoluciones/index.php?dir=RESOLUCIONES%201993/ HTTP/1.1" 200 2879
52.25.208.208 - - [06/Nov/2023:11:26:36 -0500] "GET /BLA/resoluciones/index.php?dir=AUTOS%202022/ HTTP/1.1" 200 384971
44.230.252.91 - - [06/Nov/2023:11:27:02 -0500] "GET /BLA/resoluciones/index.php?dir=AUTOS%202019/ HTTP/1.1" 200 390105
52.25.208.208 - - [06/Nov/2023:11:27:27 -0500] "GET /BLA/resoluciones/index.php?dir=RESOLUCIONES%201997/ HTTP/1.1" 200 17831
44.230.252.91 - - [06/Nov/2023:11:27:25 -0500] "GET /BLA/resoluciones/index.php?dir=RESOLUCIONES%202013/ HTTP/1.1" 200 238278
100.21.24.205 - - [06/Nov/2023:11:27:23 -0500] "GET /BLA/resoluciones/index.php?dir=RESOLUCIONES%202008/ HTTP/1.1" 200 976272
100.21.24.205 - - [06/Nov/2023:11:27:32 -0500] "GET /BLA/resoluciones/index.php?dir=RESOLUCIONES%202015/ HTTP/1.1" 200 130562
52.25.208.208 - - [06/Nov/2023:11:27:33 -0500] "GET /BLA/resoluciones/index.php?dir=RESOLUCIONES%202002/ HTTP/1.1" 200 26096
100.21.24.205 - - [06/Nov/2023:11:27:35 -0500] "GET /BLA/resoluciones/index.php?dir=RESOLUCIONES%202004/RES%202004%20651-700/&order=asc&sort=size HTTP/1.1" 200 12049
44.230.252.91 - - [06/Nov/2023:11:27:35 -0500] "GET /BLA/resoluciones/index.php?dir=RESOLUCIONES%202016/ HTTP/1.1" 200 172327
44.230.252.91 - - [06/Nov/2023:11:27:10 -0500] "GET /BLA/resoluciones/index.php?dir=AUTOS%202017/ HTTP/1.1" 200 483318
44.230.252.91 - - [06/Nov/2023:11:27:40 -0500] "GET /BLA/resoluciones/index.php?dir=RESOLUCIONES%202004/RES%202004%201101-1150/ HTTP/1.1" 200 12172
100.21.24.205 - - [06/Nov/2023:11:27:38 -0500] "GET /BLA/resoluciones/index.php?dir=RESOLUCIONES%202022/ HTTP/1.1" 200 322327
100.21.24.205 - - [06/Nov/2023:11:27:42 -0500] "GET /BLA/resoluciones/index.php?dir=RESOLUCIONES%202007/ HTTP/1.1" 200 37998
100.21.24.205 - - [06/Nov/2023:11:27:43 -0500] "GET /BLA/resoluciones/index.php?dir=RESOLUCIONES%202019/ HTTP/1.1" 200 261413
100.21.24.205 - - [06/Nov/2023:11:27:47 -0500] "GET /BLA/resoluciones/index.php?dir=RESOLUCIONES%202001/&order=asc&sort=size HTTP/1.1" 200 25492
52.25.208.208 - - [06/Nov/2023:11:27:48 -0500] "GET /BLA/resoluciones/index.php?dir=RESOLUCIONES%202021/ HTTP/1.1" 200 442881
52.25.208.208 - - [06/Nov/2023:11:27:52 -0500] "GET /BLA/resoluciones/index.php?dir=AUTOS%202011/ HTTP/1.1" 200 636914
100.21.24.205 - - [06/Nov/2023:11:27:49 -0500] "GET /BLA/resoluciones/index.php?dir=RESOLUCIONES%202010/ HTTP/1.1" 200 1307967
52.25.208.208 - - [06/Nov/2023:11:27:50 -0500] "GET /BLA/resoluciones/index.php?dir=RESOLUCIONES%202009/ HTTP/1.1" 200 1694101
100.21.24.205 - - [06/Nov/2023:11:28:11 -0500] "GET /BLA/resoluciones/index.php?dir=RESOLUCIONES%202017/ HTTP/1.1" 200 286831
52.25.208.208 - - [06/Nov/2023:11:28:14 -0500] "GET /BLA/resoluciones/index.php?dir=RESOLUCIONES%202004/RES%202004%20251-300/ HTTP/1.1" 200 12044
52.25.208.208 - - [06/Nov/2023:11:28:14 -0500] "GET /BLA/resoluciones/index.php?dir=RESOLUCIONES%202004/RES%202004%202301-2350/ HTTP/1.1" 200 12356
100.21.24.205 - - [06/Nov/2023:11:28:17 -0500] "GET /BLA/resoluciones/index.php?dir=RESOLUCIONES%202020/ HTTP/1.1" 200 169742
100.21.24.205 - - [06/Nov/2023:11:28:22 -0500] "GET /BLA/resoluciones/index.php?dir=RESOLUCIONES%20CONJUNTAS/ HTTP/1.1" 200 4762
52.25.208.208 - - [06/Nov/2023:11:28:25 -0500] "GET /BLA/resoluciones/index.php?dir=RESOLUCIONES%202004/RES%202004%2001-%2050/ HTTP/1.1" 200 11966
44.230.252.91 - - [06/Nov/2023:11:28:30 -0500] "GET /BLA/resoluciones/index.php?dir=RESOLUCIONES%202004/RES%202004%201001-1050/ HTTP/1.1" 200 12169
100.21.24.205 - - [06/Nov/2023:11:28:32 -0500] "GET /BLA/resoluciones/index.php?dir=&order=asc&sort=date HTTP/1.1" 200 13696
100.21.24.205 - - [06/Nov/2023:11:28:37 -0500] "GET /BLA/resoluciones/index.php?dir=RESOLUCIONES%202023/ HTTP/1.1" 200 105964
172.22.2.4 - - [06/Nov/2023:11:27:01 -0500] "HEAD /BLA/boletinlegal/ HTTP/1.1" 200 -
186.102.107.19 - - [06/Nov/2023:11:28:43 -0500] "GET /kwssiamovil/sm/ldap/au?x=U2FsdGVkX1+OAyvyjP1bJbqtd1dsdY/llUSt7tCwhWTfzNP+B5gTpkWdJlpLJNg5&y=U2FsdGVkX18nBk4/RoccZn1Ax1IY8LzYwAqHKEeCLjSVVEFq+b+FQxXN24IoKFVC HTTP/1.1" 200 30
186.102.107.19 - - [06/Nov/2023:11:28:43 -0500] "GET /kwssiamovil/sm/acme/s?s=U2FsdGVkX19nU227TqcP1v3b/1jrDzElSJXpOPV/qw8LmHyb8xeSOSmtYxy/IaD1W/KOjL9bxSrf/Y1/ozCk1pQCkt3CjPltdzlau+QRQh4=&u=U2FsdGVkX1/W7QkztNHFZKeJ6Nd/EfrFOiFnnJI6MxM=&y=U2FsdGVkX18nBk4/RoccZn1Ax1IY8LzYwAqHKEeCLjSVVEFq+b+FQxXN24IoKFVC HTTP/1.1" 200 97
