44.230.252.91 - - [06/Nov/2023:13:15:37 -0500] "GET /BLA/resoluciones/index.php?dir=RESOLUCIONES%202007/RES%202007%20601%20AL%20700/&order=asc&sort=date HTTP/1.1" 200 26655
216.245.221.92 - - [06/Nov/2023:13:15:38 -0500] "HEAD / HTTP/1.1" 200 -
172.22.2.4 - - [06/Nov/2023:13:15:45 -0500] "GET /BLA/boletinlegal/style.css HTTP/1.1" 200 9406
172.22.2.4 - - [06/Nov/2023:13:15:45 -0500] "GET /BLA/boletinlegal/styles2.css HTTP/1.1" 200 1838
172.22.2.4 - - [06/Nov/2023:13:15:45 -0500] "GET /BLA/boletinlegal/js/jquery.scrollTo-min.js HTTP/1.1" 200 1150
172.22.2.4 - - [06/Nov/2023:13:15:45 -0500] "GET /BLA/boletinlegal/js/jquery.js HTTP/1.1" 200 57254
172.22.2.4 - - [06/Nov/2023:13:15:45 -0500] "GET /BLA/boletinlegal/images/cabezote%20BLEGAL.jpg HTTP/1.1" 200 118164
172.22.2.4 - - [06/Nov/2023:13:15:45 -0500] "GET /BLA/boletinlegal/js/jquery.scrollShow.js HTTP/1.1" 200 4586
172.22.2.4 - - [06/Nov/2023:13:15:45 -0500] "GET /BLA/boletinlegal/images/screen_1.png HTTP/1.1" 200 202547
172.22.2.4 - - [06/Nov/2023:13:15:45 -0500] "GET /BLA/boletinlegal/images/subscribe-icon-big.png HTTP/1.1" 200 47702
172.22.2.4 - - [06/Nov/2023:13:15:45 -0500] "GET /BLA/boletinlegal/images/registro-usuarios.png HTTP/1.1" 200 8106
172.22.2.4 - - [06/Nov/2023:13:15:45 -0500] "GET /BLA/boletinlegal/images/historia.png HTTP/1.1" 200 52775
172.22.2.4 - - [06/Nov/2023:13:15:45 -0500] "GET /BLA/boletinlegal/images/bg_top.jpg HTTP/1.1" 200 522
172.22.2.4 - - [06/Nov/2023:13:15:45 -0500] "GET /BLA/boletinlegal/images/text.jpg HTTP/1.1" 200 568
172.22.2.4 - - [06/Nov/2023:13:15:45 -0500] "GET /BLA/boletinlegal/images/body_bg.jpg HTTP/1.1" 200 1601
172.22.2.4 - - [06/Nov/2023:13:15:45 -0500] "GET /BLA/boletinlegal/images/menu_rght.gif HTTP/1.1" 200 1627
172.22.2.4 - - [06/Nov/2023:13:15:45 -0500] "GET /BLA/boletinlegal/images/menu_lft.gif HTTP/1.1" 200 1713
172.22.2.4 - - [06/Nov/2023:13:15:45 -0500] "GET /BLA/boletinlegal/images/menu_bg.jpg HTTP/1.1" 200 620
172.22.2.4 - - [06/Nov/2023:13:15:45 -0500] "GET /BLA/boletinlegal/images/launch.jpg HTTP/1.1" 200 14577
172.22.2.4 - - [06/Nov/2023:13:15:45 -0500] "GET /BLA/boletinlegal/images/hover.jpg HTTP/1.1" 200 640
172.22.2.4 - - [06/Nov/2023:13:15:45 -0500] "GET /BLA/boletinlegal/images/arr_l.jpg HTTP/1.1" 200 1979
100.21.24.205 - - [06/Nov/2023:13:15:51 -0500] "GET /en-bosa-distrito-inicio-la-consolidacion-de-las-zonas-urbanas-por-un-mejor-aire.html HTTP/1.1" 200 942
52.25.208.208 - - [06/Nov/2023:13:15:51 -0500] "GET /BLA/resoluciones/index.php?dir=RESOLUCIONES%202002/RES%202002%201451-1500/&order=desc&sort=name HTTP/1.1" 200 12145
172.22.2.4 - - [06/Nov/2023:13:15:52 -0500] "GET /BLA/boletinlegal/actos.php HTTP/1.1" 200 9682
172.22.2.4 - - [06/Nov/2023:13:15:54 -0500] "GET /BLA/boletinlegal/images/screen_3.png HTTP/1.1" 200 210620
172.22.2.4 - - [06/Nov/2023:13:15:54 -0500] "GET /BLA/boletinlegal/images/screen_5.png HTTP/1.1" 200 368876
172.22.2.4 - - [06/Nov/2023:13:15:54 -0500] "GET /BLA/boletinlegal/images/screen_2.png HTTP/1.1" 200 362502
172.22.2.4 - - [06/Nov/2023:13:15:54 -0500] "GET /BLA/boletinlegal/images/arr_r.jpg HTTP/1.1" 200 1998
172.22.2.4 - - [06/Nov/2023:13:15:54 -0500] "GET /BLA/boletinlegal/images/footer_bg.jpg HTTP/1.1" 200 586
52.25.208.208 - - [06/Nov/2023:13:15:54 -0500] "GET /BLA/resoluciones/index.php?dir=2018/&order=desc&sort=date HTTP/1.1" 200 1607
100.21.24.205 - - [06/Nov/2023:13:15:55 -0500] "GET /BLA/resoluciones/index.php?dir=Notificaciones/AUTOS%202014/&order=asc&sort=date HTTP/1.1" 200 307884
44.231.202.44 - - [06/Nov/2023:13:15:57 -0500] "GET /robots.txt HTTP/1.1" 404 1018
100.21.24.205 - - [06/Nov/2023:13:16:04 -0500] "GET /BLA/resoluciones/index.php?dir=RESOLUCIONES%202006/RES%202006%20751-800/&order=asc&sort=date HTTP/1.1" 200 12235
201.245.192.253 - - [06/Nov/2023:13:16:12 -0500] "POST /kwsrmcab/Wsrmcab  HTTP/1.1" 200 42686
172.22.2.4 - - [06/Nov/2023:13:15:34 -0500] "GET /BLA/boletinlegal/ HTTP/1.1" 200 36811
172.22.2.4 - - [06/Nov/2023:13:15:45 -0500] "GET /BLA/boletinlegal/ HTTP/1.1" 200 32715
100.21.24.205 - - [06/Nov/2023:13:16:36 -0500] "GET /BLA/resoluciones/index.php?dir=RESOLUCIONES%202004/RES%202004%20451-500/&order=desc&sort=date HTTP/1.1" 200 12036
100.21.24.205 - - [06/Nov/2023:13:16:40 -0500] "GET /BLA/resoluciones/index.php?dir=RESOLUCIONES%202004/RES%202004%20451-500/&order=asc&sort=name HTTP/1.1" 200 12037
44.230.252.91 - - [06/Nov/2023:13:16:41 -0500] "GET /BLA/resoluciones/index.php?dir=RESOLUCIONES%202004/RES%202004%20201-250/&order=desc&sort=date HTTP/1.1" 200 12049
100.21.24.205 - - [06/Nov/2023:13:16:52 -0500] "GET /BLA/resoluciones/index.php?dir=Notificaciones/REGISTROS%200216/&order=asc&sort=size HTTP/1.1" 200 2241
199.16.157.181 - - [06/Nov/2023:13:16:53 -0500] "GET /images/pl%C3%A1sticos%20foto%201..jpg HTTP/1.1" 404 1034
44.230.252.91 - - [06/Nov/2023:13:16:53 -0500] "GET /BLA/resoluciones/index.php?dir=Notificaciones/REGISTROS%200216/&order=asc&sort=date HTTP/1.1" 200 2241
44.230.252.91 - - [06/Nov/2023:13:16:58 -0500] "GET /BLA/resoluciones/index.php?dir=Notificaciones/AUTOS%200022/&order=asc&sort=date HTTP/1.1" 200 2018
100.21.24.205 - - [06/Nov/2023:13:17:00 -0500] "GET /BLA/resoluciones/index.php?dir=RESOLUCIONES%202004/RES%202004%201001-1050/&order=desc&sort=date HTTP/1.1" 200 12168
201.245.192.253 - - [06/Nov/2023:13:17:05 -0500] "POST /kwsrmcab/Wsrmcab HTTP/1.1" 200 40304
201.245.192.253 - - [06/Nov/2023:13:17:08 -0500] "POST /kwsrmcab/Wsrmcab HTTP/1.1" 200 40472
50.112.160.3 - - [06/Nov/2023:13:17:12 -0500] "GET /BLA/resoluciones/ HTTP/1.1" 200 13696
52.25.208.208 - - [06/Nov/2023:13:17:17 -0500] "GET /BLA/resoluciones/index.php?dir=RESOLUCIONES%202003/RES%202003%20701-750/&order=asc&sort=size HTTP/1.1" 200 11298
100.21.24.205 - - [06/Nov/2023:13:17:19 -0500] "GET /BLA/resoluciones/index.php?dir=RESOLUCIONES%202005/RES%202005%20301-351/&order=desc&sort=name HTTP/1.1" 200 12251
52.25.208.208 - - [06/Nov/2023:13:17:22 -0500] "GET /BLA/resoluciones/RESOLUCIONES%202006/RES%202006%202151-2200/INDEX.DAT HTTP/1.1" 200 2000
44.230.252.91 - - [06/Nov/2023:13:17:39 -0500] "GET /BLA/resoluciones/index.php?dir=Notificaciones/REGISTROS%202013/&order=desc&sort=name HTTP/1.1" 200 2052
44.230.252.91 - - [06/Nov/2023:13:17:40 -0500] "GET /BLA/resoluciones/index.php?dir=AUTOS%201997/&order=desc&sort=date HTTP/1.1" 200 2024
44.230.252.91 - - [06/Nov/2023:13:17:49 -0500] "GET /inscribete-y-participa-en-la-convencion-internacional-de-emergencia-climatica-bogota-2023.html HTTP/1.1" 200 895
100.21.24.205 - - [06/Nov/2023:13:17:55 -0500] "GET /BLA/resoluciones/index.php?dir=RESOLUCIONES%202003/RES%202003%201251-1300/&order=asc&sort=date HTTP/1.1" 200 12202
44.230.252.91 - - [06/Nov/2023:13:18:06 -0500] "GET /BLA/resoluciones/index.php?dir=Notificaciones/RESOLUCIONES%200217/&order=desc&sort=name HTTP/1.1" 200 2267
44.230.252.91 - - [06/Nov/2023:13:18:04 -0500] "GET /BLA/resoluciones/index.php?dir=AUTOS%202008/&order=desc&sort=date HTTP/1.1" 200 569643
52.25.208.208 - - [06/Nov/2023:13:18:07 -0500] "GET /BLA/resoluciones/index.php?dir=RESOLUCIONES%202003/RES%202003%20101-150/&order=desc&sort=name HTTP/1.1" 200 12354
100.21.24.205 - - [06/Nov/2023:13:18:17 -0500] "GET /BLA/resoluciones/index.php?dir=RESOLUCIONES%202007/RES%202007%20601%20AL%20700/&order=desc&sort=name HTTP/1.1" 200 26654
100.21.24.205 - - [06/Nov/2023:13:18:19 -0500] "GET /BLA/resoluciones/index.php?dir=Notificaciones/AUTOS%202014/&order=desc&sort=name HTTP/1.1" 200 307883
100.21.24.205 - - [06/Nov/2023:13:18:22 -0500] "GET /BLA/resoluciones/index.php?dir=RESOLUCIONES%202005/RES%202005%20401-450/&order=asc&sort=size HTTP/1.1" 200 12254
52.25.208.208 - - [06/Nov/2023:13:18:26 -0500] "GET /BLA/resoluciones/index.php?dir=RESOLUCIONES%202006/RES%202006%202401-2450/&order=asc&sort=size HTTP/1.1" 200 12370
44.230.252.91 - - [06/Nov/2023:13:18:28 -0500] "GET /BLA/resoluciones/index.php?dir=RESOLUCIONES%202006/RES%202006%202701-2750/&order=desc&sort=name HTTP/1.1" 200 12366
52.25.208.208 - - [06/Nov/2023:13:18:33 -0500] "GET /BLA/resoluciones/index.php?dir=AUTOS%202006/AUTOS%202006%201601%20-%201700/&order=desc&sort=name HTTP/1.1" 200 22247
52.25.208.208 - - [06/Nov/2023:13:18:38 -0500] "GET /semana-bogota-reverdece-inventario-de-emisiones-de-gases-efecto-invernadero-2022-mostro-una-reduccion-de-19-8.html HTTP/1.1" 200 878
44.231.202.44 - - [06/Nov/2023:13:18:39 -0500] "GET /BLA/resoluciones/index.php?dir=RESOLUCIONES%201995/ HTTP/1.1" 200 12497
100.21.24.205 - - [06/Nov/2023:13:18:44 -0500] "GET /BLA/resoluciones/index.php?dir=RESOLUCIONES%202006/RES%202006%202151-2200/&order=desc&sort=name HTTP/1.1" 200 12367
100.21.24.205 - - [06/Nov/2023:13:18:43 -0500] "GET /BLA/resoluciones/index.php?dir=AUTOS%202010/&order=asc&sort=name HTTP/1.1" 200 280537
100.21.24.205 - - [06/Nov/2023:13:18:45 -0500] "GET /BLA/resoluciones/index.php?dir=Notificaciones/AUTOS%202014/&order=asc&sort=size HTTP/1.1" 200 307884
54.184.159.16 - - [06/Nov/2023:13:18:44 -0500] "GET /BLA/resoluciones/index.php?dir=RESOLUCIONES%202016/ HTTP/1.1" 200 172327
181.56.171.197 - - [06/Nov/2023:13:18:59 -0500] "GET /sipse/faces/index.xhtml HTTP/1.1" 200 677
181.56.171.197 - - [06/Nov/2023:13:18:59 -0500] "GET /sipse/faces/javax.faces.resource/theme.css?ln=primefaces-sipse HTTP/1.1" 200 50058
181.56.171.197 - - [06/Nov/2023:13:18:59 -0500] "GET /favicon.ico HTTP/1.1" 200 7782
181.56.171.197 - - [06/Nov/2023:13:18:59 -0500] "GET /sipse/faces/faces/autenticacion.xhtml HTTP/1.1" 200 12404
181.56.171.197 - - [06/Nov/2023:13:18:59 -0500] "GET /sipse/css/custom_css_sg.css HTTP/1.1" 200 9694
181.56.171.197 - - [06/Nov/2023:13:18:59 -0500] "GET /sipse/css/custom_css_sg_prime_login.css HTTP/1.1" 200 443
181.56.171.197 - - [06/Nov/2023:13:19:00 -0500] "GET /sipse/js/funciones.js HTTP/1.1" 200 12592
181.56.171.197 - - [06/Nov/2023:13:19:00 -0500] "GET /sipse/js/disable_browser_buttons.js HTTP/1.1" 200 3230
181.56.171.197 - - [06/Nov/2023:13:19:00 -0500] "GET /sipse/faces/javax.faces.resource/theme.css?ln=primefaces-sipse HTTP/1.1" 304 -
181.56.171.197 - - [06/Nov/2023:13:19:00 -0500] "GET /sipse/faces/javax.faces.resource/layout/layout.css?ln=primefaces&v=4.0 HTTP/1.1" 200 542
181.56.171.197 - - [06/Nov/2023:13:19:00 -0500] "GET /sipse/faces/javax.faces.resource/primefaces.css?ln=primefaces&v=4.0 HTTP/1.1" 200 53295
181.56.171.197 - - [06/Nov/2023:13:19:00 -0500] "GET /sipse/faces/javax.faces.resource/layout/layout.js?ln=primefaces&v=4.0 HTTP/1.1" 200 87560
181.56.171.197 - - [06/Nov/2023:13:19:00 -0500] "GET /sipse/faces/javax.faces.resource/jquery/jquery.js?ln=primefaces&v=4.0 HTTP/1.1" 200 105384
181.56.171.197 - - [06/Nov/2023:13:19:00 -0500] "GET /sipse/faces/javax.faces.resource/primefaces.js?ln=primefaces&v=4.0 HTTP/1.1" 200 276924
181.56.171.197 - - [06/Nov/2023:13:19:00 -0500] "GET /sipse/faces/javax.faces.resource/jquery/jquery-plugins.js?ln=primefaces&v=4.0 HTTP/1.1" 200 220526
181.56.171.197 - - [06/Nov/2023:13:19:00 -0500] "GET /sipse/faces/javax.faces.resource/images/ui-icons_898989_256x240.png?ln=primefaces-aristo HTTP/1.1" 200 5355
181.56.171.197 - - [06/Nov/2023:13:19:00 -0500] "GET /sipse/css/imagen/logoSDG.png HTTP/1.1" 200 53064
181.56.171.197 - - [06/Nov/2023:13:19:00 -0500] "GET /sipse/css/imagen/loginimg.png HTTP/1.1" 200 71635
52.25.208.208 - - [06/Nov/2023:13:19:00 -0500] "GET /BLA/resoluciones/index.php?dir=RESOLUCIONES%202002/RES%202002%20751-800/&order=desc&sort=name HTTP/1.1" 200 12566
100.21.24.205 - - [06/Nov/2023:13:19:03 -0500] "GET /BLA/resoluciones/index.php?dir=AUTOS%201997/&order=asc&sort=name HTTP/1.1" 200 2025
52.25.208.208 - - [06/Nov/2023:13:19:05 -0500] "GET /BLA/resoluciones/index.php?dir=AUTOS%202010/&order=desc&sort=size HTTP/1.1" 200 280536
44.230.252.91 - - [06/Nov/2023:13:19:07 -0500] "GET /BLA/resoluciones/index.php?dir=RESOLUCIONES%202006/RES%202006%201751-1800/&order=asc&sort=size HTTP/1.1" 200 12368
52.25.208.208 - - [06/Nov/2023:13:19:09 -0500] "GET /BLA/resoluciones/index.php?dir=RESOLUCIONES%202004/RES%202004%20201-250/&order=asc&sort=name HTTP/1.1" 200 12050
181.56.171.197 - - [06/Nov/2023:13:19:11 -0500] "POST /sipse/faces/autenticacion.xhtml HTTP/1.1" 200 2220
44.230.252.91 - - [06/Nov/2023:13:19:11 -0500] "GET /BLA/resoluciones/index.php?dir=RESOLUCIONES%202004/RES%202004%201201-1250/&order=asc&sort=name HTTP/1.1" 200 12361
181.56.171.197 - - [06/Nov/2023:13:19:11 -0500] "GET /sipse/faces/javax.faces.resource/messages/messages.png?ln=primefaces&v=4.0 HTTP/1.1" 200 27209
100.21.24.205 - - [06/Nov/2023:13:19:11 -0500] "GET /BLA/resoluciones/index.php?dir=Notificaciones/RESOLUCIONES%202019/&order=asc&sort=size HTTP/1.1" 200 40760
181.56.171.197 - - [06/Nov/2023:13:19:13 -0500] "POST /sipse/faces/autenticacion.xhtml HTTP/1.1" 200 16340
181.56.171.197 - - [06/Nov/2023:13:19:13 -0500] "GET /sipse/css/custom_css_sg_prime.css HTTP/1.1" 200 5201
181.56.171.197 - - [06/Nov/2023:13:19:13 -0500] "GET /sipse/faces/javax.faces.resource/theme.css?ln=primefaces-sipse HTTP/1.1" 304 -
181.56.171.197 - - [06/Nov/2023:13:19:13 -0500] "GET /sipse/faces/javax.faces.resource/primefaces.css?ln=primefaces&v=4.0 HTTP/1.1" 304 -
181.56.171.197 - - [06/Nov/2023:13:19:13 -0500] "GET /sipse/faces/javax.faces.resource/layout/layout.css?ln=primefaces&v=4.0 HTTP/1.1" 304 -
181.56.171.197 - - [06/Nov/2023:13:19:13 -0500] "GET /sipse/js/jquery.min.js HTTP/1.1" 200 85582
181.56.171.197 - - [06/Nov/2023:13:19:13 -0500] "GET /sipse/faces/javax.faces.resource/jquery/jquery.js?ln=primefaces&v=4.0 HTTP/1.1" 304 -
181.56.171.197 - - [06/Nov/2023:13:19:13 -0500] "GET /sipse/faces/javax.faces.resource/jquery/jquery-plugins.js?ln=primefaces&v=4.0 HTTP/1.1" 304 -
181.56.171.197 - - [06/Nov/2023:13:19:13 -0500] "GET /sipse/faces/javax.faces.resource/primefaces.js?ln=primefaces&v=4.0 HTTP/1.1" 304 -
181.56.171.197 - - [06/Nov/2023:13:19:13 -0500] "GET /sipse/faces/javax.faces.resource/layout/layout.js?ln=primefaces&v=4.0 HTTP/1.1" 304 -
181.56.171.197 - - [06/Nov/2023:13:19:13 -0500] "GET /sipse/css/v_mergente.css HTTP/1.1" 200 1505
181.56.171.197 - - [06/Nov/2023:13:19:13 -0500] "GET /sipse/css/imagen/contrasena.png HTTP/1.1" 404 383
181.56.171.197 - - [06/Nov/2023:13:19:13 -0500] "GET /sipse/imagenes/cargando.gif HTTP/1.1" 200 36959
181.56.171.197 - - [06/Nov/2023:13:19:13 -0500] "GET /sipse/imagenes/logoAplicacion.jpg HTTP/1.1" 200 155084
181.56.171.197 - - [06/Nov/2023:13:19:15 -0500] "GET /sipse/faces/javax.faces.resource/images/ui-bg_flat_0_2d5972_40x100.png?ln=primefaces-aristo HTTP/1.1" 200 183
181.56.171.197 - - [06/Nov/2023:13:19:15 -0500] "POST /sipse/faces/bienvenido.xhtml HTTP/1.1" 200 2658
181.56.171.197 - - [06/Nov/2023:13:19:17 -0500] "POST /sipse/faces/bienvenido.xhtml HTTP/1.1" 200 64490
181.56.171.197 - - [06/Nov/2023:13:19:18 -0500] "GET /sipse/faces/javax.faces.resource/layout/layout.css?ln=primefaces&v=4.0 HTTP/1.1" 304 -
181.56.171.197 - - [06/Nov/2023:13:19:18 -0500] "GET /sipse/faces/javax.faces.resource/theme.css?ln=primefaces-sipse HTTP/1.1" 304 -
181.56.171.197 - - [06/Nov/2023:13:19:18 -0500] "GET /sipse/faces/javax.faces.resource/primefaces.css?ln=primefaces&v=4.0 HTTP/1.1" 304 -
181.56.171.197 - - [06/Nov/2023:13:19:18 -0500] "GET /sipse/faces/javax.faces.resource/jquery/jquery.js?ln=primefaces&v=4.0 HTTP/1.1" 304 -
181.56.171.197 - - [06/Nov/2023:13:19:18 -0500] "GET /sipse/faces/javax.faces.resource/jquery/jquery-plugins.js?ln=primefaces&v=4.0 HTTP/1.1" 304 -
181.56.171.197 - - [06/Nov/2023:13:19:18 -0500] "GET /sipse/faces/javax.faces.resource/primefaces.js?ln=primefaces&v=4.0 HTTP/1.1" 304 -
181.56.171.197 - - [06/Nov/2023:13:19:18 -0500] "GET /sipse/faces/javax.faces.resource/layout/layout.js?ln=primefaces&v=4.0 HTTP/1.1" 304 -
181.56.171.197 - - [06/Nov/2023:13:19:18 -0500] "POST /sipse/faces/presentacion/financiero/solicitudProceso/listarSolicitudProceso.xhtml HTTP/1.1" 200 1548
181.56.171.197 - - [06/Nov/2023:13:19:23 -0500] "POST /sipse/faces/presentacion/financiero/solicitudProceso/listarSolicitudProceso.xhtml HTTP/1.1" 200 10460
172.22.2.4 - - [06/Nov/2023:13:17:51 -0500] "HEAD /BLA/boletinlegal/ HTTP/1.1" 200 -
44.231.202.44 - - [06/Nov/2023:13:19:31 -0500] "GET /BLA/resoluciones/index.php?dir=AUTOS%202006/ HTTP/1.1" 200 9681
54.184.159.16 - - [06/Nov/2023:13:19:20 -0500] "GET /BLA/resoluciones/index.php?dir=AUTOS%202014/ HTTP/1.1" 200 890851
100.21.24.205 - - [06/Nov/2023:13:19:41 -0500] "GET /BLA/resoluciones/index.php?dir=RESOLUCIONES%202002/RES%202002%20601-650/&order=asc&sort=date HTTP/1.1" 200 12037
181.56.171.197 - - [06/Nov/2023:13:19:45 -0500] "POST /sipse/faces/presentacion/financiero/solicitudProceso/listarSolicitudProceso.xhtml HTTP/1.1" 200 31466
54.184.159.16 - - [06/Nov/2023:13:19:47 -0500] "GET /portaldeninos/biodiversidad HTTP/1.1" 301 -
44.230.252.91 - - [06/Nov/2023:13:19:53 -0500] "GET /BLA/resoluciones/index.php?dir=RESOLUCIONES%202004/RES%202004%201601-1650/&order=asc&sort=name HTTP/1.1" 200 12359
44.230.252.91 - - [06/Nov/2023:13:19:53 -0500] "GET /BLA/resoluciones/index.php?dir=RESOLUCIONES%202006/RES%202006%20201-250/&order=asc&sort=size HTTP/1.1" 200 12238
50.112.160.3 - - [06/Nov/2023:13:19:19 -0500] "GET /BLA/resoluciones/index.php?dir=AUTOS%202020/ HTTP/1.1" 200 151499
54.184.159.16 - - [06/Nov/2023:13:19:48 -0500] "GET /portaldeninos/biodiversidad/ HTTP/1.1" 200 86633
44.230.252.91 - - [06/Nov/2023:13:19:56 -0500] "GET /BLA/resoluciones/index.php?dir=AUTOS%202006/AUTOS%202006%201201-1300/&order=desc&sort=name HTTP/1.1" 200 22012
44.231.202.44 - - [06/Nov/2023:13:19:59 -0500] "GET /propietarios-inscritos-en-el-inventario-nacional-de-bifenilos-de-policlorados-tienen-plazo-hasta-noviembre-para-reportar-su-balance.html HTTP/1.1" 200 1003
52.25.208.208 - - [06/Nov/2023:13:19:59 -0500] "GET /BLA/resoluciones/index.php?dir=RESOLUCIONES%202006/RES%202006%202701-2750/&order=asc&sort=date HTTP/1.1" 200 12367
44.230.252.91 - - [06/Nov/2023:13:20:01 -0500] "GET /BLA/resoluciones/index.php?dir=RESOLUCIONES%202003/&order=desc&sort=size HTTP/1.1" 200 34281
44.230.252.91 - - [06/Nov/2023:13:20:06 -0500] "GET /BLA/resoluciones/index.php?dir=Notificaciones/REGISTROS%202017/&order=asc&sort=size HTTP/1.1" 200 9178
52.25.208.208 - - [06/Nov/2023:13:20:09 -0500] "GET /BLA/resoluciones/index.php?dir=RESOLUCIONES%202006/&order=desc&sort=date HTTP/1.1" 200 40915
44.230.252.91 - - [06/Nov/2023:13:20:18 -0500] "GET /BLA/resoluciones/index.php?dir=AUTOS%202006/AUTOS%202006%202801%20-%202900/&order=desc&sort=name HTTP/1.1" 200 22228
172.22.2.4 - - [06/Nov/2023:13:18:42 -0500] "GET /BLA/boletinlegal/ HTTP/1.1" 200 59827
44.230.252.91 - - [06/Nov/2023:13:20:21 -0500] "GET /BLA/resoluciones/index.php?dir=RESOLUCIONES%202006/RES%202006%202151-2200/&order=asc&sort=date HTTP/1.1" 200 12368
44.230.252.91 - - [06/Nov/2023:13:20:22 -0500] "GET /BLA/resoluciones/index.php?dir=RESOLUCIONES%202006/&order=asc&sort=name HTTP/1.1" 200 40916
201.245.192.253 - - [06/Nov/2023:13:20:21 -0500] "POST /kwsrmcab/Wsrmcab HTTP/1.1" 200 40304
44.230.252.91 - - [06/Nov/2023:13:20:23 -0500] "GET /BLA/resoluciones/RESOLUCIONES%202006/RES%202006%201901-1950/INDEX.DAT HTTP/1.1" 200 2000
100.21.24.205 - - [06/Nov/2023:13:20:25 -0500] "GET /BLA/resoluciones/index.php?dir=Notificaciones/RESOLUCIONES%202019/&order=desc&sort=name HTTP/1.1" 200 40759
201.245.192.253 - - [06/Nov/2023:13:20:24 -0500] "POST /kwsrmcab/Wsrmcab HTTP/1.1" 200 40472
100.21.24.205 - - [06/Nov/2023:13:20:30 -0500] "GET /BLA/resoluciones/index.php?dir=RESOLUCIONES%202003/RES%202003%20701-750/&order=desc&sort=name HTTP/1.1" 200 11297
44.230.252.91 - - [06/Nov/2023:13:20:32 -0500] "GET /BLA/resoluciones/index.php?dir=RESOLUCIONES%202003/RES%202003%201351-1400/&order=desc&sort=name HTTP/1.1" 200 12156
44.230.252.91 - - [06/Nov/2023:13:20:33 -0500] "GET /BLA/resoluciones/index.php?dir=RESOLUCIONES%202004/RES%202004%20701-750/&order=desc&sort=size HTTP/1.1" 200 12058
52.25.208.208 - - [06/Nov/2023:13:20:36 -0500] "GET /BLA/resoluciones/index.php?dir=RESOLUCIONES%202004/RES%202004%20401-450/&order=asc&sort=name HTTP/1.1" 200 12039
216.245.221.92 - - [06/Nov/2023:13:20:38 -0500] "HEAD / HTTP/1.1" 200 -
52.25.208.208 - - [06/Nov/2023:13:20:37 -0500] "GET /BLA/resoluciones/index.php?dir=RESOLUCIONES%202005/RES%202005%202151-2200/&order=desc&sort=name HTTP/1.1" 200 16990
100.21.24.205 - - [06/Nov/2023:13:20:45 -0500] "GET /BLA/resoluciones/index.php?dir=AUTOS%202006/AUTOS%202006%20201-300/&order=asc&sort=size HTTP/1.1" 200 21766
52.25.208.208 - - [06/Nov/2023:13:20:49 -0500] "GET /BLA/resoluciones/AUTOS%202006/AUTOS%202006%203201%20-%203300/INDEX.DAT HTTP/1.1" 200 4000
50.112.160.3 - - [06/Nov/2023:13:20:50 -0500] "GET /BLA/resoluciones/index.php?dir=RESOLUCIONES%202009/ HTTP/1.1" 200 1694101
100.21.24.205 - - [06/Nov/2023:13:20:57 -0500] "GET /BLA/resoluciones/index.php?dir=AUTOS%202003/&order=desc&sort=date HTTP/1.1" 200 1812
100.21.24.205 - - [06/Nov/2023:13:20:57 -0500] "GET /BLA/resoluciones/RESOLUCIONES%202005/RES%202005%20251-300/INDEX.DAT HTTP/1.1" 200 2000
44.231.202.44 - - [06/Nov/2023:13:20:55 -0500] "GET /BLA/resoluciones/index.php?dir=RESOLUCIONES%202021/ HTTP/1.1" 200 442881
54.184.159.16 - - [06/Nov/2023:13:21:00 -0500] "GET /BLA/resoluciones/index.php?dir=AUTOS%201997/ HTTP/1.1" 200 2025
44.230.252.91 - - [06/Nov/2023:13:21:11 -0500] "GET /BLA/resoluciones/index.php?dir=Notificaciones/&order=desc&sort=date HTTP/1.1" 200 11649
201.245.192.253 - - [06/Nov/2023:13:21:11 -0500] "POST /kwsrmcab/Wsrmcab  HTTP/1.1" 200 42686
172.22.2.4 - - [06/Nov/2023:13:21:19 -0500] "GET /BLA/boletinlegal/jurisprudencia.php HTTP/1.1" 200 17583
52.25.208.208 - - [06/Nov/2023:13:21:21 -0500] "GET /BLA/resoluciones/index.php?dir=RESOLUCIONES%202003/RES%202003%20301-350/&order=desc&sort=name HTTP/1.1" 200 11307
44.230.252.91 - - [06/Nov/2023:13:21:34 -0500] "GET /BLA/resoluciones/index.php?dir=RESOLUCIONES%202006/RES%202006%201901-1950/&order=asc&sort=date HTTP/1.1" 200 12360
100.21.24.205 - - [06/Nov/2023:13:21:36 -0500] "GET /BLA/resoluciones/index.php?dir=Notificaciones/AUTOS%202019/&order=desc&sort=name HTTP/1.1" 200 109637
100.21.24.205 - - [06/Nov/2023:13:21:40 -0500] "GET /BLA/resoluciones/RESOLUCIONES%202005/RES%202005%201151-1200/INDEX.DAT HTTP/1.1" 200 2000
52.25.208.208 - - [06/Nov/2023:13:21:46 -0500] "GET /BLA/resoluciones/index.php?dir=RESOLUCIONES%202004/RES%202004%201901-1950/&order=asc&sort=name HTTP/1.1" 200 12350
44.230.252.91 - - [06/Nov/2023:13:21:46 -0500] "GET /BLA/resoluciones/index.php?dir=RESOLUCIONES%202006/RES%202006%201351-1400/&order=desc&sort=name HTTP/1.1" 200 12366
44.230.252.91 - - [06/Nov/2023:13:21:46 -0500] "GET /BLA/resoluciones/index.php?dir=Notificaciones/AUTOS%202019/&order=asc&sort=date HTTP/1.1" 200 109638
179.33.161.109 - - [06/Nov/2023:13:21:50 -0500] "GET /sipse/faces/index.xhtml HTTP/1.1" 200 677
100.21.24.205 - - [06/Nov/2023:13:21:51 -0500] "GET /BLA/resoluciones/AUTOS%202006/AUTOS%202006%201101-1200/INDEX.DAT HTTP/1.1" 200 4000
179.33.161.109 - - [06/Nov/2023:13:21:52 -0500] "GET /sipse/faces/javax.faces.resource/theme.css?ln=primefaces-sipse HTTP/1.1" 304 -
179.33.161.109 - - [06/Nov/2023:13:21:52 -0500] "GET /sipse/faces/faces/autenticacion.xhtml HTTP/1.1" 200 12404
179.33.161.109 - - [06/Nov/2023:13:21:52 -0500] "GET /sipse/css/custom_css_sg_prime_login.css HTTP/1.1" 304 -
179.33.161.109 - - [06/Nov/2023:13:21:52 -0500] "GET /sipse/faces/javax.faces.resource/theme.css?ln=primefaces-sipse HTTP/1.1" 304 -
179.33.161.109 - - [06/Nov/2023:13:21:52 -0500] "GET /sipse/js/disable_browser_buttons.js HTTP/1.1" 304 -
179.33.161.109 - - [06/Nov/2023:13:21:52 -0500] "GET /sipse/faces/javax.faces.resource/primefaces.css?ln=primefaces&v=4.0 HTTP/1.1" 304 -
179.33.161.109 - - [06/Nov/2023:13:21:52 -0500] "GET /sipse/faces/javax.faces.resource/jquery/jquery-plugins.js?ln=primefaces&v=4.0 HTTP/1.1" 304 -
179.33.161.109 - - [06/Nov/2023:13:21:52 -0500] "GET /sipse/css/custom_css_sg.css HTTP/1.1" 304 -
179.33.161.109 - - [06/Nov/2023:13:21:52 -0500] "GET /sipse/faces/javax.faces.resource/layout/layout.css?ln=primefaces&v=4.0 HTTP/1.1" 304 -
179.33.161.109 - - [06/Nov/2023:13:21:52 -0500] "GET /sipse/faces/javax.faces.resource/primefaces.js?ln=primefaces&v=4.0 HTTP/1.1" 304 -
179.33.161.109 - - [06/Nov/2023:13:21:52 -0500] "GET /sipse/faces/javax.faces.resource/layout/layout.js?ln=primefaces&v=4.0 HTTP/1.1" 304 -
179.33.161.109 - - [06/Nov/2023:13:21:53 -0500] "GET /sipse/faces/javax.faces.resource/jquery/jquery.js?ln=primefaces&v=4.0 HTTP/1.1" 304 -
52.25.208.208 - - [06/Nov/2023:13:21:53 -0500] "GET /BLA/resoluciones/index.php?dir=Notificaciones/REGISTROS%202023/&order=desc&sort=name HTTP/1.1" 200 5000
179.33.161.109 - - [06/Nov/2023:13:21:53 -0500] "GET /sipse/js/funciones.js HTTP/1.1" 304 -
179.33.161.109 - - [06/Nov/2023:13:21:53 -0500] "GET /sipse/css/imagen/logoSDG.png HTTP/1.1" 304 -
179.33.161.109 - - [06/Nov/2023:13:21:53 -0500] "GET /sipse/css/imagen/loginimg.png HTTP/1.1" 304 -
100.21.24.205 - - [06/Nov/2023:13:21:53 -0500] "GET /BLA/resoluciones/index.php?dir=Notificaciones/RESOLUCIONES%200217/&order=asc&sort=date HTTP/1.1" 200 2268
179.33.161.109 - - [06/Nov/2023:13:21:53 -0500] "GET /sipse/faces/javax.faces.resource/images/ui-icons_898989_256x240.png?ln=primefaces-aristo HTTP/1.1" 304 -
52.25.208.208 - - [06/Nov/2023:13:21:54 -0500] "GET /BLA/resoluciones/index.php?dir=RESOLUCIONES%202002/RES%202002%20351-400/&order=asc&sort=date HTTP/1.1" 200 12209
44.230.252.91 - - [06/Nov/2023:13:21:56 -0500] "GET /BLA/resoluciones/index.php?dir=RESOLUCIONES%202003/RES%202003%20301-350/&order=asc&sort=date HTTP/1.1" 200 11308
179.33.161.109 - - [06/Nov/2023:13:21:58 -0500] "POST /sipse/faces/autenticacion.xhtml HTTP/1.1" 200 2221
179.33.161.109 - - [06/Nov/2023:13:21:58 -0500] "GET /sipse/faces/javax.faces.resource/messages/messages.png?ln=primefaces&v=4.0 HTTP/1.1" 304 -
52.25.208.208 - - [06/Nov/2023:13:21:58 -0500] "GET /BLA/resoluciones/index.php?dir=RESOLUCIONES%202003/RES%202003%20101-150/&order=asc&sort=date HTTP/1.1" 200 12355
179.33.161.109 - - [06/Nov/2023:13:21:59 -0500] "POST /sipse/faces/autenticacion.xhtml HTTP/1.1" 200 16341
179.33.161.109 - - [06/Nov/2023:13:21:59 -0500] "GET /sipse/faces/javax.faces.resource/theme.css?ln=primefaces-sipse HTTP/1.1" 304 -
179.33.161.109 - - [06/Nov/2023:13:21:59 -0500] "GET /sipse/js/jquery.min.js HTTP/1.1" 304 -
179.33.161.109 - - [06/Nov/2023:13:21:59 -0500] "GET /sipse/faces/javax.faces.resource/layout/layout.css?ln=primefaces&v=4.0 HTTP/1.1" 304 -
179.33.161.109 - - [06/Nov/2023:13:21:59 -0500] "GET /sipse/faces/javax.faces.resource/primefaces.css?ln=primefaces&v=4.0 HTTP/1.1" 304 -
179.33.161.109 - - [06/Nov/2023:13:21:59 -0500] "GET /sipse/css/custom_css_sg_prime.css HTTP/1.1" 304 -
179.33.161.109 - - [06/Nov/2023:13:22:00 -0500] "GET /sipse/faces/javax.faces.resource/jquery/jquery.js?ln=primefaces&v=4.0 HTTP/1.1" 304 -
179.33.161.109 - - [06/Nov/2023:13:22:00 -0500] "GET /sipse/faces/javax.faces.resource/jquery/jquery-plugins.js?ln=primefaces&v=4.0 HTTP/1.1" 304 -
179.33.161.109 - - [06/Nov/2023:13:22:00 -0500] "GET /sipse/faces/javax.faces.resource/primefaces.js?ln=primefaces&v=4.0 HTTP/1.1" 304 -
179.33.161.109 - - [06/Nov/2023:13:22:00 -0500] "GET /sipse/faces/javax.faces.resource/layout/layout.js?ln=primefaces&v=4.0 HTTP/1.1" 304 -
179.33.161.109 - - [06/Nov/2023:13:22:00 -0500] "GET /sipse/css/imagen/contrasena.png HTTP/1.1" 404 383
179.33.161.109 - - [06/Nov/2023:13:22:00 -0500] "GET /sipse/css/v_mergente.css HTTP/1.1" 304 -
179.33.161.109 - - [06/Nov/2023:13:22:00 -0500] "GET /sipse/imagenes/cargando.gif HTTP/1.1" 304 -
179.33.161.109 - - [06/Nov/2023:13:22:00 -0500] "GET /sipse/imagenes/logoAplicacion.jpg HTTP/1.1" 304 -
44.230.252.91 - - [06/Nov/2023:13:22:00 -0500] "GET /BLA/resoluciones/index.php?dir=Notificaciones/AUTOS%201988/&order=desc&sort=name HTTP/1.1" 200 2204
179.33.161.109 - - [06/Nov/2023:13:22:03 -0500] "GET /sipse/faces/javax.faces.resource/images/ui-bg_flat_0_2d5972_40x100.png?ln=primefaces-aristo HTTP/1.1" 304 -
179.33.161.109 - - [06/Nov/2023:13:22:03 -0500] "POST /sipse/faces/bienvenido.xhtml HTTP/1.1" 200 2658
100.21.24.205 - - [06/Nov/2023:13:22:04 -0500] "GET /BLA/resoluciones/index.php?dir=RESOLUCIONES%202006/RES%202006%20751-800/&order=asc&sort=size HTTP/1.1" 200 12235
179.33.161.109 - - [06/Nov/2023:13:22:05 -0500] "POST /sipse/faces/bienvenido.xhtml HTTP/1.1" 200 63838
179.33.161.109 - - [06/Nov/2023:13:22:06 -0500] "GET /sipse/faces/javax.faces.resource/theme.css?ln=primefaces-sipse HTTP/1.1" 304 -
179.33.161.109 - - [06/Nov/2023:13:22:06 -0500] "GET /sipse/faces/javax.faces.resource/primefaces.css?ln=primefaces&v=4.0 HTTP/1.1" 304 -
179.33.161.109 - - [06/Nov/2023:13:22:06 -0500] "GET /sipse/faces/javax.faces.resource/layout/layout.css?ln=primefaces&v=4.0 HTTP/1.1" 304 -
179.33.161.109 - - [06/Nov/2023:13:22:06 -0500] "GET /sipse/faces/javax.faces.resource/jquery/jquery.js?ln=primefaces&v=4.0 HTTP/1.1" 304 -
179.33.161.109 - - [06/Nov/2023:13:22:06 -0500] "GET /sipse/faces/javax.faces.resource/jquery/jquery-plugins.js?ln=primefaces&v=4.0 HTTP/1.1" 304 -
179.33.161.109 - - [06/Nov/2023:13:22:06 -0500] "GET /sipse/faces/javax.faces.resource/primefaces.js?ln=primefaces&v=4.0 HTTP/1.1" 304 -
179.33.161.109 - - [06/Nov/2023:13:22:06 -0500] "GET /sipse/faces/javax.faces.resource/layout/layout.js?ln=primefaces&v=4.0 HTTP/1.1" 304 -
179.33.161.109 - - [06/Nov/2023:13:22:06 -0500] "POST /sipse/faces/presentacion/financiero/solicitudProceso/listarSolicitudProceso.xhtml HTTP/1.1" 200 1548
172.22.2.4 - - [06/Nov/2023:13:22:12 -0500] "GET /BLA/boletinlegal/conceptos.php HTTP/1.1" 200 7496
179.33.161.109 - - [06/Nov/2023:13:22:15 -0500] "POST /sipse/faces/presentacion/financiero/solicitudProceso/listarSolicitudProceso.xhtml HTTP/1.1" 200 29318
100.21.24.205 - - [06/Nov/2023:13:22:15 -0500] "GET /BLA/resoluciones/index.php?dir=RESOLUCIONES%202003/RES%202003%201351-1400/&order=asc&sort=size HTTP/1.1" 200 12157
100.21.24.205 - - [06/Nov/2023:13:22:20 -0500] "GET /BLA/resoluciones/index.php?dir=RESOLUCIONES%202004/RES%202004%20601-650/&order=asc&sort=name HTTP/1.1" 200 12060
52.25.208.208 - - [06/Nov/2023:13:22:20 -0500] "GET /BLA/resoluciones/index.php?dir=RESOLUCIONES%202007/RES%202007%202301%20AL%202400/&order=asc&sort=date HTTP/1.1" 200 26611
52.25.208.208 - - [06/Nov/2023:13:22:24 -0500] "GET /BLA/resoluciones/index.php?dir=AUTOS%202006/AUTOS%202006%201101-1200/&order=desc&sort=name HTTP/1.1" 200 21975
44.230.252.91 - - [06/Nov/2023:13:22:27 -0500] "GET /BLA/resoluciones/AUTOS%202006/AUTOS%202006%201601%20-%201700/INDEX.DAT HTTP/1.1" 200 4000
100.21.24.205 - - [06/Nov/2023:13:22:30 -0500] "GET /BLA/resoluciones/index.php?dir=RESOLUCIONES%202004/RES%202004%202301-2350/&order=asc&sort=name HTTP/1.1" 200 12356
44.230.252.91 - - [06/Nov/2023:13:22:31 -0500] "GET /BLA/resoluciones/index.php?dir=AUTOS%202006/AUTOS%202006%201101-1200/&order=asc&sort=date HTTP/1.1" 200 21976
52.25.208.208 - - [06/Nov/2023:13:22:32 -0500] "GET /BLA/resoluciones/index.php?dir=AUTOS%202020/&order=asc&sort=name HTTP/1.1" 200 332687
100.21.24.205 - - [06/Nov/2023:13:22:37 -0500] "GET /BLA/resoluciones/index.php?dir=RESOLUCIONES%202004/RES%202004%20551-600/&order=asc&sort=name HTTP/1.1" 200 12047
54.184.159.16 - - [06/Nov/2023:13:22:37 -0500] "GET /BLA/resoluciones/index.php?dir=RESOLUCIONES%201995/&order=asc&sort=date HTTP/1.1" 200 12497
100.21.24.205 - - [06/Nov/2023:13:22:45 -0500] "GET /BLA/resoluciones/index.php?dir=RESOLUCIONES%202005/RES%202005%20301-351/&order=asc&sort=size HTTP/1.1" 200 12252
100.21.24.205 - - [06/Nov/2023:13:22:45 -0500] "GET /BLA/resoluciones/index.php?dir=AUTOS%202010/&order=desc&sort=date HTTP/1.1" 200 280536
179.33.161.109 - - [06/Nov/2023:13:22:52 -0500] "POST /sipse/faces/presentacion/financiero/solicitudProceso/listarSolicitudProceso.xhtml HTTP/1.1" 200 53426
52.167.144.229 - - [06/Nov/2023:13:22:53 -0500] "GET /BLA/resoluciones/RESOLUCIONES%202019/0674.pdf HTTP/1.1" 200 406883
179.33.161.109 - - [06/Nov/2023:13:22:53 -0500] "POST /sipse/faces/presentacion/financiero/solicitudProceso/listarSolicitudProceso.xhtml HTTP/1.1" 200 53418
179.33.161.109 - - [06/Nov/2023:13:22:53 -0500] "POST /sipse/faces/presentacion/financiero/solicitudProceso/listarSolicitudProceso.xhtml HTTP/1.1" 200 1824
179.33.161.109 - - [06/Nov/2023:13:22:54 -0500] "POST /sipse/faces/presentacion/financiero/solicitudProceso/listarSolicitudProceso.xhtml HTTP/1.1" 200 1820
179.33.161.109 - - [06/Nov/2023:13:22:55 -0500] "POST /sipse/faces/presentacion/financiero/solicitudProceso/listarSolicitudProceso.xhtml HTTP/1.1" 200 3077
179.33.161.109 - - [06/Nov/2023:13:22:56 -0500] "POST /sipse/faces/presentacion/financiero/solicitudProceso/listarSolicitudProceso.xhtml HTTP/1.1" 200 38968
179.33.161.109 - - [06/Nov/2023:13:22:56 -0500] "GET /sipse/faces/javax.faces.resource/theme.css?ln=primefaces-sipse HTTP/1.1" 304 -
179.33.161.109 - - [06/Nov/2023:13:22:56 -0500] "GET /sipse/faces/javax.faces.resource/layout/layout.css?ln=primefaces&v=4.0 HTTP/1.1" 304 -
179.33.161.109 - - [06/Nov/2023:13:22:56 -0500] "GET /sipse/faces/javax.faces.resource/primefaces.css?ln=primefaces&v=4.0 HTTP/1.1" 304 -
179.33.161.109 - - [06/Nov/2023:13:22:56 -0500] "GET /sipse/faces/javax.faces.resource/jquery/jquery.js?ln=primefaces&v=4.0 HTTP/1.1" 304 -
179.33.161.109 - - [06/Nov/2023:13:22:56 -0500] "GET /sipse/faces/javax.faces.resource/jquery/jquery-plugins.js?ln=primefaces&v=4.0 HTTP/1.1" 304 -
179.33.161.109 - - [06/Nov/2023:13:22:56 -0500] "GET /sipse/faces/javax.faces.resource/primefaces.js?ln=primefaces&v=4.0 HTTP/1.1" 304 -
179.33.161.109 - - [06/Nov/2023:13:22:56 -0500] "GET /sipse/faces/javax.faces.resource/layout/layout.js?ln=primefaces&v=4.0 HTTP/1.1" 304 -
179.33.161.109 - - [06/Nov/2023:13:22:57 -0500] "POST /sipse/faces/presentacion/financiero/solicitudProceso/consultar.xhtml HTTP/1.1" 200 32379
52.25.208.208 - - [06/Nov/2023:13:23:00 -0500] "GET /BLA/resoluciones/index.php?dir=Notificaciones/&order=asc&sort=name HTTP/1.1" 200 11650
50.112.160.3 - - [06/Nov/2023:13:23:05 -0500] "GET /BLA/resoluciones/index.php?dir=RESOLUCIONES%202023/ HTTP/1.1" 200 105964
44.230.252.91 - - [06/Nov/2023:13:23:07 -0500] "GET /BLA/resoluciones/index.php?dir=RESOLUCIONES%202002/RES%202002%20601-650/&order=desc&sort=name HTTP/1.1" 200 12036
100.21.24.205 - - [06/Nov/2023:13:23:07 -0500] "GET /BLA/resoluciones/index.php?dir=RESOLUCIONES%202004/RES%202004%20301-350/&order=asc&sort=name HTTP/1.1" 200 12062
52.25.208.208 - - [06/Nov/2023:13:23:06 -0500] "GET /BLA/resoluciones/index.php?dir=AUTOS%202013/&order=asc&sort=name HTTP/1.1" 200 407754
100.21.24.205 - - [06/Nov/2023:13:23:10 -0500] "GET /BLA/resoluciones/index.php?dir=Notificaciones/REGISTROS%202022/&order=asc&sort=date HTTP/1.1" 200 16832
52.25.208.208 - - [06/Nov/2023:13:23:11 -0500] "GET /BLA/resoluciones/index.php?dir=RESOLUCIONES%202002/RES%202002%201801-1850/&order=desc&sort=name HTTP/1.1" 200 12157
52.25.208.208 - - [06/Nov/2023:13:23:15 -0500] "GET /BLA/resoluciones/index.php?dir=RESOLUCIONES%202002/RES%202002%20701-750/&order=asc&sort=size HTTP/1.1" 200 12223
54.184.159.16 - - [06/Nov/2023:13:23:08 -0500] "GET /portaldeninos/tipos-de-arboles-en-bogota/ HTTP/1.1" 200 109802
50.112.160.3 - - [06/Nov/2023:13:22:59 -0500] "GET /BLA/resoluciones/index.php?dir=RESOLUCIONES%202010/ HTTP/1.1" 200 1307967
100.21.24.205 - - [06/Nov/2023:13:23:29 -0500] "GET /BLA/resoluciones/index.php?dir=RESOLUCIONES%202004/RES%202004%201101-1150/&order=desc&sort=date HTTP/1.1" 200 12171
52.25.208.208 - - [06/Nov/2023:13:23:31 -0500] "GET /BLA/resoluciones/index.php?dir=RESOLUCIONES%202003/RES%202003%201651-1700/&order=asc&sort=size HTTP/1.1" 200 12148
54.184.159.16 - - [06/Nov/2023:13:23:10 -0500] "GET /BLA/resoluciones/index.php?dir=AUTOS%202021/ HTTP/1.1" 200 85963
44.230.252.91 - - [06/Nov/2023:13:23:37 -0500] "GET /BLA/resoluciones/index.php?dir=RESOLUCIONES%202004/RES%202004%20301-350/&order=desc&sort=size HTTP/1.1" 200 12061
52.25.208.208 - - [06/Nov/2023:13:23:41 -0500] "GET /BLA/resoluciones/index.php?dir=Notificaciones/AUTOS%202023/&order=asc&sort=date HTTP/1.1" 200 105125
100.21.24.205 - - [06/Nov/2023:13:23:43 -0500] "GET /BLA/resoluciones/index.php?dir=AUTOS%202006/AUTOS%202006%202801%20-%202900/&order=asc&sort=date HTTP/1.1" 200 22229
100.21.24.205 - - [06/Nov/2023:13:23:47 -0500] "GET /BLA/resoluciones/index.php?dir=Notificaciones/AUTOS%202023/&order=desc&sort=name HTTP/1.1" 200 105124
44.231.202.44 - - [06/Nov/2023:13:23:51 -0500] "GET /BLA/resoluciones/index.php?dir=RESOLUCIONES%201992/ HTTP/1.1" 200 2871
52.25.208.208 - - [06/Nov/2023:13:23:53 -0500] "GET /BLA/resoluciones/index.php?dir=RESOLUCIONES%202004/RES%202004%201051-1100/&order=asc&sort=name HTTP/1.1" 200 12164
44.231.202.44 - - [06/Nov/2023:13:23:53 -0500] "GET /BLA/resoluciones/index.php?dir=RESOLUCIONES%201995/&order=desc&sort=name HTTP/1.1" 200 12496
44.230.252.91 - - [06/Nov/2023:13:23:56 -0500] "GET /BLA/resoluciones/index.php?dir=AUTOS%202006/AUTOS%202006%201801-%201900/&order=asc&sort=size HTTP/1.1" 200 22159
50.112.160.3 - - [06/Nov/2023:13:23:58 -0500] "GET /BLA/resoluciones/index.php?dir=RESOLUCIONES%202003/ HTTP/1.1" 200 34282
172.22.2.4 - - [06/Nov/2023:13:22:45 -0500] "GET /BLA/boletinlegal/index.php HTTP/1.1" 200 49099
44.230.252.91 - - [06/Nov/2023:13:24:04 -0500] "GET /BLA/resoluciones/index.php?dir=RESOLUCIONES%202004/RES%202004%201951-2000/&order=asc&sort=name HTTP/1.1" 200 12355
100.21.24.205 - - [06/Nov/2023:13:24:11 -0500] "GET /BLA/resoluciones/index.php?dir=AUTOS%202006/AUTOS%202006%203201%20-%203300/&order=asc&sort=date HTTP/1.1" 200 22209
44.230.252.91 - - [06/Nov/2023:13:24:12 -0500] "GET /BLA/resoluciones/index.php?dir=AUTOS%202006/&order=desc&sort=size HTTP/1.1" 200 9680
100.21.24.205 - - [06/Nov/2023:13:24:12 -0500] "GET /BLA/resoluciones/index.php?dir=AUTOS%202006/AUTOS%202006%203201%20-%203300/&order=desc&sort=name HTTP/1.1" 200 22208
100.21.24.205 - - [06/Nov/2023:13:24:21 -0500] "GET /BLA/resoluciones/index.php?dir=Notificaciones/AUTOS%200022/&order=asc&sort=size HTTP/1.1" 200 2018
100.21.24.205 - - [06/Nov/2023:13:24:22 -0500] "GET /BLA/resoluciones/index.php?dir=Notificaciones/REGISTROS%202021/&order=asc&sort=date HTTP/1.1" 200 23530
44.230.252.91 - - [06/Nov/2023:13:24:28 -0500] "GET /BLA/resoluciones/index.php?dir=AUTOS%202006/AUTOS%202006%201801-%201900/&order=desc&sort=name HTTP/1.1" 200 22158
44.230.252.91 - - [06/Nov/2023:13:24:29 -0500] "GET /BLA/resoluciones/index.php?dir=Notificaciones/AUTOS%200022/&order=desc&sort=name HTTP/1.1" 200 2017
100.21.24.205 - - [06/Nov/2023:13:24:29 -0500] "GET /BLA/resoluciones/index.php?dir=Notificaciones/REGISTROS%202018/&order=asc&sort=size HTTP/1.1" 200 21644
100.21.24.205 - - [06/Nov/2023:13:24:33 -0500] "GET /BLA/resoluciones/index.php?dir=AUTOS%202006/AUTOS%202006%20201-300/&order=asc&sort=date HTTP/1.1" 200 21766
44.230.252.91 - - [06/Nov/2023:13:24:35 -0500] "GET /BLA/resoluciones/index.php?dir=RESOLUCIONES%202004/RES%202004%201001-1050/&order=asc&sort=name HTTP/1.1" 200 12169
66.249.73.68 - - [06/Nov/2023:13:24:39 -0500] "GET /mas-de-1300-tinguas-fueron-recuperadas-en-epoca-migratoria-en-bogota.html HTTP/1.1" 200 724
44.230.252.91 - - [06/Nov/2023:13:24:41 -0500] "GET /BLA/resoluciones/index.php?dir=RESOLUCIONES%201998/&order=asc&sort=name HTTP/1.1" 200 14920
52.25.208.208 - - [06/Nov/2023:13:24:50 -0500] "GET /BLA/resoluciones/index.php?dir=RESOLUCIONES%202005/RES%202005%20601-650/&order=asc&sort=size HTTP/1.1" 200 12246
50.112.160.3 - - [06/Nov/2023:13:24:47 -0500] "GET /BLA/resoluciones/index.php?dir=RESOLUCIONES%202016/&order=desc&sort=name HTTP/1.1" 200 172326
186.102.62.75 - - [06/Nov/2023:13:24:51 -0500] "GET /kwssiamovil/sm/acme/a?s=U2FsdGVkX1+Ep+aemudRMmg/t1mWPE3S2jUfsvtlhO3JXLvlWxYASq1xhRhmXwEbIbtpE/AD3/Hp7/p19oTrDRr4Dz0YctOuBR4ezHnYFSo3sAHhFQEZskFfuyjTRdGFyWgoie+2Qxjlw6pmg7E7DD12dgIHc8DaF4tqWvXlCQgsk9OOduEmkTtGHNocYmQjT7ZL+Q7lPwU/NOt5hvnEQeIa7NIaGUy6fQOwPOk3Pa3d+7ZjCL3eAN4/j2u04X2Cp7Vk5PkIZNPbYaNHw3Z/FQ==&u=U2FsdGVkX1/oIVIoCq0AviWMHXhBSgnF6K1PtNQaSo9O2lYvwdG1OrK6XuTQ7omy&y=U2FsdGVkX19YRv4mSrN7eoFcWo3pgep/M9Quqzuxq0jGwilSybDVa3uadhzPV7t/ HTTP/1.1" 200 26
186.102.62.75 - - [06/Nov/2023:13:24:52 -0500] "GET /kwssiamovil/sm/acme/a?s=U2FsdGVkX19rzh5TdmaVbGkKStGk9exfA7pJmyEFaqOfWwNK8mQbdlFAGmFBzaCw6+64Dw/9HdnjEe4BFtww1BT+k94WJpqc0+wm1AaqT4pbONJZTZRpy6gVLaPA/l9F6blMqaqkXDczve3/QN4Ev0JzP4vS6ux+08dQldWklCYhVsvQjDNd8ugLBsZIf0cUn0Rfr38DwFS2gFMnUfF8s0WMz73N5aEBydPEqZfFrnF84oQa9jrqltnvt4FvxHK1W5ItnxafkOs9bb/+6b4gajlUbIcj/RLz6NdVcInskOf3KlBuRSIjZOfIcgT8lVRH4OGWMrD0fKfU1DHNKx+2+4Sc3NTE0oRUgrj0Td3m/15NF/il9aOvKW3gdMTqSvjysQo3T2vHpQqs76HWTzqw5IYMW21L+5Lsc2x2OWCSmY89ZfoZZ/jm2GndA+zxhjFOvAq3+bYU/KNpacOetXRfZXE12XGBA3DKmAIR/8vKGOkF2o3rrkLzN+Tq6D4+fR4zyDOO/VBC/BGJ0wT2sF3Dat3WomnLf2xUpN1VN2OfrG3/GNhUdrhUGdnFh8rP+q74DnUXr+mrLypT0FSUf9o0zY+RcFDkdlNQm9YETkmeau4CvCP7NnnxYg9OpKdrfwMIyzW7bWMCJuBRNWUTrokybEkYKEK8jj10mvgrkmWh9w7ZSq65mSnSth4hNxYxpXt1EsP7ZFW6GOWwo6xXoLgzwhJB7l8N1GSz8D104lMySj53v/Pcs8DWGZq+7XzVJKQyfxZjL6PIIeYThfc4PP1VRIqy/5tN7F2KR9hwVyOvdvqmVmwv3m3LL4qsJiJ02hAw9uAJbl6NCSFFtvVq1h+uRdYQGtW+Q2ZF2Z32UF7+DBJTOdCZxFRhDvWK3Zs7opuGpzFck0T8SDnvAa4XuXIYp50aNCysh+u6DljP+MScRkc6KyQofeWXuxc6i5ZlNiqHpZKhWSWr2n7afiogTxpt13eDemxhsV0r3OBgfDub61P8i9+cCVc4jidy6NVNOncnv0hs/T2yFwLmemXQK4dbmcQGUerbkvCY4Ffso3IH8i0NOLQvwnkbnjB7rL6twbtv6q+ae0m/zGi276qrTW8F8NvU3YcUuGjSm+2y5xFGbm4MU5Pjq7DC3f8h/NkbDN375k9D6MpII0jknQG8LVLEEgTSK+0ZfOHqSBZpYX4Uzattva633ICa96t0PND+D7h9foUT/WdDX/Aad0d0hVXXgkVLvgdf8Dg88KqeUi4CoPUJfMp57jcvG485JSGJ5peUKXOOA3BbQ1ehecSxLj85896AHVdGW3/WpRUiOcLGQbWQtKmY9KpHNWpcnWOwsB3GPzjROC32UypfWBErYznPKuaAhwcbDiJVOivyOH1MAXffXyZmBhyZu1VQcdced/jelAm4U9zyckeAWsu+/SIKzMcgj5NEAFhX6XD0MvJ47Z6iPzlIqrTvaDFiFiIReXOGYecrFaPKyQBCRm2MyRgpEum04MlsNfd0s7a110aKE6mNHbf9UAcJxaOKyJc3mmvkKJ2ycFk8TdW59azo0ZcuX7TvJSNm39XK5lXDgegRYmgokwvZ7euPZMa0QYwn/bW9ilel4zOisVIbXMAL9CZB1JCak0oEnRLarNwgzF6QNDg/dIFaSVjjpJwSAfc4oxxyCJvgTxOcqktQS6HSPgicskXv8uBv9QfavrN+4VTj9MPTJHBIkcROJCvvV+60pmPLTRdPnGihBCAiN6GCMmaOCy5bZHYfrOk2UVdi2RFvxaEeVMwN6Pfz0soz1m+PxULNhhWOF7K09IuIvVoVdeTcqAh+fXaEEBBJjpbs6vCvw1YCumJtnYUxJtqCEpgFq4jhSCj21TD5Dr0zfn0IYkmxy2MsBCKO47ZGaan+SCCNYdnjbRCereZRF0ybmOwM4Gn4mJMNKzdA+6LBgUMPluWSDGRsCsctM1OuI9KlwjA/vNvoWZpCgp+K6jYGm+wYliAXnciWX3Q5QYVyy+audWnn9HffifHVkLxTlDNvY6yXZ9kxEHXOeFedDwd71qIaDq4wKN9IR5Mtdcv8aQON93l411+Z6iyH+uw8EQ1KrXCxjYiFzTwYkBqM4hiP+c7G3QsCu60f0Vb0gkVgyNlAB+tP0JF6raspu51vAl+xb6xyLoUK0zwyOAyPDfSKbLy7vaLIPbJdiQE9yQRxYcL44hRH1T0bZHWBiSFDX5d+fSajj2k003EN2Ex84KVNd6xACvjle7jg4ltr3eZXOVD4110azjwFH+5RqJ4OgN9ciZtnou5oZV+6ZpP/sQ7EWobqBH4QAjOnkWvvVzQqxcxw/PA/Jg==&u=U2FsdGVkX1/oIVIoCq0AviWMHXhBSgnF6K1PtNQaSo9O2lYvwdG1OrK6XuTQ7omy&y=U2FsdGVkX19YRv4mSrN7eoFcWo3pgep/M9Quqzuxq0jGwilSybDVa3uadhzPV7t/ HTTP/1.1" 200 26
186.102.62.75 - - [06/Nov/2023:13:24:52 -0500] "GET /kwssiamovil/sm/acme/a?s=U2FsdGVkX1/c9E1am5pp6bNhrWXvJI0IbkNLgXnEFWISH45g6VzxLv8qmIY6fVhQV9Bcl3whMoec7kZqfSXnecHFmkQ26TUs7EfQULo7G9RpOaXBhEgmdwUzxcjN1WnPTLtjABF0E5Dfu8jYAfwdL/4d3Jv8bLHsFZ8jSC9XrMw=&u=U2FsdGVkX1/oIVIoCq0AviWMHXhBSgnF6K1PtNQaSo9O2lYvwdG1OrK6XuTQ7omy&y=U2FsdGVkX19YRv4mSrN7eoFcWo3pgep/M9Quqzuxq0jGwilSybDVa3uadhzPV7t/ HTTP/1.1" 200 26
186.102.62.75 - - [06/Nov/2023:13:24:53 -0500] "GET /kwssiamovil/sm/acme/a?s=U2FsdGVkX19vC8JDGFUK4srWxM/MM5CIym8OD9f9LPELbChimihsaCFctXbNQcb+Zzn9BHmuzicQ4PXe0sQyWHIsc7Z4iZmiRmQmeE9hIrwHgVnu01XaOoLNSzc4uyZ571RLs1m866e2gFG+g0fvjyVXcM0fqH7KxdnyowlkUnQ=&u=U2FsdGVkX1/oIVIoCq0AviWMHXhBSgnF6K1PtNQaSo9O2lYvwdG1OrK6XuTQ7omy&y=U2FsdGVkX19YRv4mSrN7eoFcWo3pgep/M9Quqzuxq0jGwilSybDVa3uadhzPV7t/ HTTP/1.1" 200 26
186.102.62.75 - - [06/Nov/2023:13:24:53 -0500] "GET /kwssiamovil/sm/acme/a?s=U2FsdGVkX18AV3zCs9i5K5tg3144EgeDSwJdjkJWEAaji0Mp5jdmTGo9aazcLIL32HBgz3kYEF8wfSo1zaJEg0KP/4cB0t96PxyOYMUc1fJ8O8+xSuPV4ihT/a7sbENT3PdFlungoRKcoCUaaoZHjU8tDeLel2bzUR+Mnr0D6EA=&u=U2FsdGVkX1/oIVIoCq0AviWMHXhBSgnF6K1PtNQaSo9O2lYvwdG1OrK6XuTQ7omy&y=U2FsdGVkX19YRv4mSrN7eoFcWo3pgep/M9Quqzuxq0jGwilSybDVa3uadhzPV7t/ HTTP/1.1" 200 26
186.102.62.75 - - [06/Nov/2023:13:24:53 -0500] "GET /kwssiamovil/sm/acme/a?s=U2FsdGVkX1+BSfezjoXoduDzwx8NOuII3ruB7zCmC4SRUJOvhwXpt6zXYyj4IwAgvPlah5hDj/VSnqFw6GBLZ6S5bpVPMVeesNOi0nSq3zyw/T8v5qhQSVd76GJs1hU3QHnCNDbFv6FiD5gpZ38aimyNVfQT4cbz5p/vc+6yZi5n9Dj8ADXUWw+n/vgWKn+lbTKn/vkqw85aYO5dJTpNZA==&u=U2FsdGVkX1/oIVIoCq0AviWMHXhBSgnF6K1PtNQaSo9O2lYvwdG1OrK6XuTQ7omy&y=U2FsdGVkX19YRv4mSrN7eoFcWo3pgep/M9Quqzuxq0jGwilSybDVa3uadhzPV7t/ HTTP/1.1" 200 26
120.17.188.131 - - [06/Nov/2023:13:25:02 -0500] "GET /el-reverdecer-de-bogota-no-para-207-nuevos-arboles-plantados-en-el-sur-de-la-ciudad.html HTTP/1.1" 200 912
44.230.252.91 - - [06/Nov/2023:13:25:02 -0500] "GET /BLA/resoluciones/RESOLUCIONES%202006/RES%202006%201351-1400/INDEX.DAT HTTP/1.1" 200 2000
52.25.208.208 - - [06/Nov/2023:13:25:02 -0500] "GET /BLA/resoluciones/index.php?dir=RESOLUCIONES%202004/RES%202004%202051-2100/&order=desc&sort=size HTTP/1.1" 200 12369
100.21.24.205 - - [06/Nov/2023:13:25:06 -0500] "GET /BLA/resoluciones/RESOLUCIONES%202002/RES%202002%20901-950/INDEX.DAT HTTP/1.1" 200 1960
52.167.144.229 - - [06/Nov/2023:13:25:12 -0500] "GET /BLA/resoluciones/RESOLUCIONES%202023/0240.pdf HTTP/1.1" 200 455996
52.25.208.208 - - [06/Nov/2023:13:25:18 -0500] "GET /BLA/resoluciones/index.php?dir=RESOLUCIONES%202003/RES%202003%201151-1200/&order=desc&sort=name HTTP/1.1" 200 11569
44.230.252.91 - - [06/Nov/2023:13:25:19 -0500] "GET /BLA/resoluciones/index.php?dir=AUTOS%202006/AUTOS%202006%202501%20-%202600/&order=desc&sort=name HTTP/1.1" 200 22208
44.230.252.91 - - [06/Nov/2023:13:25:20 -0500] "GET /BLA/resoluciones/index.php?dir=RESOLUCIONES%202007/RES%202007%202501%20AL%202600/&order=asc&sort=date HTTP/1.1" 200 26847
44.230.252.91 - - [06/Nov/2023:13:25:20 -0500] "GET /BLA/resoluciones/index.php?dir=RESOLUCIONES%202005/RES%202005%20301-351/&order=asc&sort=date HTTP/1.1" 200 12252
172.22.2.4 - - [06/Nov/2023:13:23:41 -0500] "HEAD /BLA/boletinlegal/ HTTP/1.1" 200 -
44.230.252.91 - - [06/Nov/2023:13:25:23 -0500] "GET /BLA/resoluciones/RESOLUCIONES%202006/RES%202006%20101-150/INDEX.DAT HTTP/1.1" 200 2000
44.230.252.91 - - [06/Nov/2023:13:25:23 -0500] "GET /BLA/resoluciones/index.php?dir=AUTOS%202006/AUTOS%202006%202501%20-%202600/&order=asc&sort=size HTTP/1.1" 200 22209
172.22.2.4 - - [06/Nov/2023:13:25:25 -0500] "GET /BLA/boletinlegal/doctrina.php HTTP/1.1" 200 5614
44.230.252.91 - - [06/Nov/2023:13:25:31 -0500] "GET /BLA/resoluciones/AUTOS%202006/AUTOS%202006%20201-300/INDEX.DAT HTTP/1.1" 200 4000
100.21.24.205 - - [06/Nov/2023:13:25:33 -0500] "GET /BLA/resoluciones/AUTOS%202006/AUTOS%202006%202501%20-%202600/INDEX.DAT HTTP/1.1" 200 4000
44.230.252.91 - - [06/Nov/2023:13:25:36 -0500] "GET /secretaria-de-ambiente-invita-a-proteger-la-culebra-sabanera.html HTTP/1.1" 200 924
172.22.2.4 - - [06/Nov/2023:13:25:37 -0500] "GET /BLA/boletinlegal/sugerencias.php HTTP/1.1" 200 8615
216.245.221.92 - - [06/Nov/2023:13:25:38 -0500] "HEAD / HTTP/1.1" 200 -
44.230.252.91 - - [06/Nov/2023:13:25:37 -0500] "GET /BLA/resoluciones/index.php?dir=RESOLUCIONES%202003/RES%202003%201201-1250/&order=asc&sort=date HTTP/1.1" 200 12626
44.230.252.91 - - [06/Nov/2023:13:25:39 -0500] "GET /BLA/resoluciones/index.php?dir=RESOLUCIONES%202005/RES%202005%203151-3180/&order=desc&sort=name HTTP/1.1" 200 8262
100.21.24.205 - - [06/Nov/2023:13:25:40 -0500] "GET /BLA/resoluciones/index.php?dir=RESOLUCIONES%202006/RES%202006%202551-2600/&order=asc&sort=size HTTP/1.1" 200 12354
100.21.24.205 - - [06/Nov/2023:13:25:41 -0500] "GET /BLA/resoluciones/index.php?dir=RESOLUCIONES%202007/RES%202007%203801%20AL%203900/&order=asc&sort=size HTTP/1.1" 200 26637
50.112.160.3 - - [06/Nov/2023:13:25:47 -0500] "GET /BLA/resoluciones/index.php?dir=AUTOS%202006/AUTOS%202006%202001%20-%202100/ HTTP/1.1" 200 22199
172.22.2.4 - - [06/Nov/2023:13:25:58 -0500] "GET /BLA/boletinlegal/normativa.php HTTP/1.1" 200 8343
52.25.208.208 - - [06/Nov/2023:13:25:59 -0500] "GET /BLA/resoluciones/index.php?dir=RESOLUCIONES%202005/RES%202005%203151-3180/&order=asc&sort=date HTTP/1.1" 200 8263
44.230.252.91 - - [06/Nov/2023:13:26:02 -0500] "GET /BLA/resoluciones/index.php?dir=RESOLUCIONES%202002/RES%202002%201601-1650/&order=asc&sort=date HTTP/1.1" 200 12158
44.230.252.91 - - [06/Nov/2023:13:26:04 -0500] "GET /BLA/resoluciones/index.php?dir=AUTOS%202011/&order=desc&sort=date HTTP/1.1" 200 636913
44.231.202.44 - - [06/Nov/2023:13:26:06 -0500] "GET /portaldeninos/humedal-el-tunjo/ HTTP/1.1" 200 87661
52.25.208.208 - - [06/Nov/2023:13:26:08 -0500] "GET /BLA/resoluciones/index.php?dir=RESOLUCIONES%202002/RES%202002%201851-1900/&order=asc&sort=date HTTP/1.1" 200 12150
172.22.2.4 - - [06/Nov/2023:13:24:32 -0500] "GET /BLA/boletinlegal/ HTTP/1.1" 200 58644
52.25.208.208 - - [06/Nov/2023:13:26:11 -0500] "GET /BLA/resoluciones/index.php?dir=Notificaciones/AUTOS%202017/&order=asc&sort=size HTTP/1.1" 200 140025
201.245.192.253 - - [06/Nov/2023:13:26:10 -0500] "POST /kwsrmcab/Wsrmcab  HTTP/1.1" 200 42686
100.21.24.205 - - [06/Nov/2023:13:26:19 -0500] "GET /BLA/resoluciones/index.php?dir=RESOLUCIONES%202003/RES%202003%201201-1250/&order=desc&sort=name HTTP/1.1" 200 12625
44.231.202.44 - - [06/Nov/2023:13:26:21 -0500] "GET /BLA/resoluciones/index.php?dir=RESOLUCIONES%201998/ HTTP/1.1" 200 14920
44.230.252.91 - - [06/Nov/2023:13:26:22 -0500] "GET /BLA/resoluciones/index.php?dir=RESOLUCIONES%202004/RES%202004%201901-1950/&order=desc&sort=date HTTP/1.1" 200 12349
44.230.252.91 - - [06/Nov/2023:13:26:23 -0500] "GET /BLA/resoluciones/index.php?dir=AUTOS%202006/AUTOS%202006%202501%20-%202600/&order=asc&sort=date HTTP/1.1" 200 22209
44.230.252.91 - - [06/Nov/2023:13:26:28 -0500] "GET /BLA/resoluciones/index.php?dir=Notificaciones/DISCIPLINARIOS%202019/&order=asc&sort=date HTTP/1.1" 200 3553
52.25.208.208 - - [06/Nov/2023:13:26:30 -0500] "GET /BLA/resoluciones/index.php?dir=Notificaciones/DISCIPLINARIOS%202019/&order=asc&sort=size HTTP/1.1" 200 3553
44.230.252.91 - - [06/Nov/2023:13:26:31 -0500] "GET /BLA/resoluciones/index.php?dir=RESOLUCIONES%202002/RES%202002%201651-1700/&order=desc&sort=name HTTP/1.1" 200 12154
52.167.144.229 - - [06/Nov/2023:13:26:34 -0500] "GET /BLA/resoluciones/AUTOS%202007/1312.pdf HTTP/1.1" 200 55714
