50.112.160.3 - - [06/Nov/2023:14:49:49 -0500] "GET /BLA/resoluciones/index.php?dir=RESOLUCIONES%202004/RES%202004%201301-1350/&order=asc&sort=date HTTP/1.1" 200 12341
50.112.160.3 - - [06/Nov/2023:14:49:48 -0500] "GET /BLA/resoluciones/index.php?dir=Notificaciones/AUTOS%202015/&order=asc&sort=date HTTP/1.1" 200 102197
44.231.202.44 - - [06/Nov/2023:14:49:53 -0500] "GET /BLA/resoluciones/index.php?dir=RESOLUCIONES%202004/RES%202004%201551-1600/&order=asc&sort=date HTTP/1.1" 200 12345
50.112.160.3 - - [06/Nov/2023:14:50:02 -0500] "GET /BLA/resoluciones/index.php?dir=RESOLUCIONES%202003/RES%202003%201351-1400/&order=asc&sort=name HTTP/1.1" 200 12157
50.112.160.3 - - [06/Nov/2023:14:50:04 -0500] "GET /BLA/resoluciones/index.php?dir=RESOLUCIONES%202004/RES%202004%20101-150/&order=desc&sort=name HTTP/1.1" 200 12032
40.77.167.71 - - [06/Nov/2023:14:50:07 -0500] "GET /Publicaciones/2023EE225791.pdf HTTP/1.1" 404 228
54.184.159.16 - - [06/Nov/2023:14:50:09 -0500] "GET /BLA/resoluciones/index.php?dir=RESOLUCIONES%202007/RES%202007%203001%20AL%203100/&order=asc&sort=size HTTP/1.1" 200 26891
54.184.159.16 - - [06/Nov/2023:14:50:10 -0500] "GET /BLA/resoluciones/index.php?dir=RESOLUCIONES%202002/RES%202002%20101-150/&order=asc&sort=date HTTP/1.1" 200 12339
54.184.159.16 - - [06/Nov/2023:14:50:13 -0500] "GET /BLA/resoluciones/index.php?dir=RESOLUCIONES%202004/RES%202004%20901-950/&order=asc&sort=date HTTP/1.1" 200 12049
44.231.202.44 - - [06/Nov/2023:14:50:16 -0500] "GET /BLA/resoluciones/index.php?dir=RESOLUCIONES%202007/RES%202007%20701%20AL%20800/&order=asc&sort=date HTTP/1.1" 200 26639
50.112.160.3 - - [06/Nov/2023:14:50:18 -0500] "GET /BLA/resoluciones/index.php?dir=RESOLUCIONES%202005/RES%202005%201201-1250/&order=desc&sort=name HTTP/1.1" 200 12368
100.21.24.205 - - [06/Nov/2023:14:50:18 -0500] "GET /BLA/resoluciones/index.php?dir=Notificaciones/REGISTROS%202014/&order=desc&sort=date HTTP/1.1" 200 15753
50.112.160.3 - - [06/Nov/2023:14:50:27 -0500] "GET /BLA/resoluciones/RESOLUCIONES%202006/RES%202006%20401-450/INDEX.DAT HTTP/1.1" 200 2000
50.112.160.3 - - [06/Nov/2023:14:50:27 -0500] "GET /BLA/resoluciones/index.php?dir=RESOLUCIONES%202002/RES%202002%201751-1800/&order=desc&sort=name HTTP/1.1" 200 12155
50.112.160.3 - - [06/Nov/2023:14:50:27 -0500] "GET /BLA/resoluciones/index.php?dir=RESOLUCIONES%202006/RES%202006%201501-1550/&order=desc&sort=name HTTP/1.1" 200 12369
54.184.159.16 - - [06/Nov/2023:14:50:27 -0500] "GET /BLA/resoluciones/index.php?dir=RESOLUCIONES%202004/RES%202004%201951-2000/&order=asc&sort=size HTTP/1.1" 200 12355
44.231.202.44 - - [06/Nov/2023:14:50:29 -0500] "GET /BLA/resoluciones/index.php?dir=RESOLUCIONES%202007/RES%202007%20701%20AL%20800/&order=asc&sort=size HTTP/1.1" 200 26639
50.112.160.3 - - [06/Nov/2023:14:50:31 -0500] "GET /BLA/resoluciones/RESOLUCIONES%202006/RES%202006%201851-1900/INDEX.DAT HTTP/1.1" 200 2000
54.184.159.16 - - [06/Nov/2023:14:50:31 -0500] "GET /BLA/resoluciones/index.php?dir=RESOLUCIONES%202005/RES%202005%201201-1250/&order=asc&sort=date HTTP/1.1" 200 12369
50.112.160.3 - - [06/Nov/2023:14:50:32 -0500] "GET /BLA/resoluciones/RESOLUCIONES%202006/RES%202006%20551-600/INDEX.DAT HTTP/1.1" 200 2000
54.184.159.16 - - [06/Nov/2023:14:50:32 -0500] "GET /BLA/resoluciones/index.php?dir=RESOLUCIONES%202004/RES%202004%201651-1700/&order=asc&sort=date HTTP/1.1" 200 12370
54.184.159.16 - - [06/Nov/2023:14:50:33 -0500] "GET /BLA/resoluciones/index.php?dir=RESOLUCIONES%202002/RES%202002%20101-150/&order=desc&sort=name HTTP/1.1" 200 12338
216.245.221.92 - - [06/Nov/2023:14:50:37 -0500] "HEAD / HTTP/1.1" 200 -
44.231.202.44 - - [06/Nov/2023:14:50:39 -0500] "GET /BLA/resoluciones/index.php?dir=RESOLUCIONES%202004/RES%202004%2051-100/&order=asc&sort=date HTTP/1.1" 200 11980
44.231.202.44 - - [06/Nov/2023:14:50:40 -0500] "GET /BLA/resoluciones/index.php?dir=AUTOS%202006/AUTOS%202006%201901%20-%202000/&order=desc&sort=size HTTP/1.1" 200 22185
50.112.160.3 - - [06/Nov/2023:14:50:41 -0500] "GET /BLA/resoluciones/index.php?dir=RESOLUCIONES%202004/RES%202004%201051-1100/&order=asc&sort=date HTTP/1.1" 200 12164
44.231.202.44 - - [06/Nov/2023:14:50:43 -0500] "GET /BLA/resoluciones/index.php?dir=RESOLUCIONES%202007/RES%202007%201401%20AL%201500/&order=asc&sort=size HTTP/1.1" 200 26854
207.46.13.6 - - [06/Nov/2023:14:50:44 -0500] "GET /Publicaciones/2023EE114859.pdf HTTP/1.1" 404 228
50.112.160.3 - - [06/Nov/2023:14:50:45 -0500] "GET /BLA/resoluciones/index.php?dir=Notificaciones/AUTOS%202015/&order=desc&sort=name HTTP/1.1" 200 102196
54.184.159.16 - - [06/Nov/2023:14:50:46 -0500] "GET /BLA/resoluciones/index.php?dir=RESOLUCIONES%202005/RES%202005%201751-1800/&order=asc&sort=date HTTP/1.1" 200 12368
54.184.159.16 - - [06/Nov/2023:14:50:48 -0500] "GET /BLA/resoluciones/index.php?dir=RESOLUCIONES%202005/RES%202005%201201-1250/&order=asc&sort=size HTTP/1.1" 200 12369
50.112.160.3 - - [06/Nov/2023:14:50:48 -0500] "GET /BLA/resoluciones/index.php?dir=RESOLUCIONES%202005/RES%202005%202301-2350/&order=asc&sort=size HTTP/1.1" 200 12369
44.231.202.44 - - [06/Nov/2023:14:50:50 -0500] "GET /BLA/resoluciones/index.php?dir=AUTOS%202006/AUTOS%202006%20901-1000/&order=asc&sort=name HTTP/1.1" 200 21877
44.231.202.44 - - [06/Nov/2023:14:50:51 -0500] "GET /BLA/resoluciones/index.php?dir=RESOLUCIONES%202007/RES%202007%203001%20AL%203100/&order=desc&sort=name HTTP/1.1" 200 26890
54.184.159.16 - - [06/Nov/2023:14:50:51 -0500] "GET /BLA/resoluciones/index.php?dir=RESOLUCIONES%202002/RES%202002%201951-1971/&order=asc&sort=size HTTP/1.1" 200 6225
50.112.160.3 - - [06/Nov/2023:14:50:51 -0500] "GET /BLA/resoluciones/index.php?dir=RESOLUCIONES%202004/RES%202004%20901-950/&order=asc&sort=size HTTP/1.1" 200 12049
54.184.159.16 - - [06/Nov/2023:14:50:52 -0500] "GET /BLA/resoluciones/index.php?dir=RESOLUCIONES%202002/&order=desc&sort=date HTTP/1.1" 200 26095
44.231.202.44 - - [06/Nov/2023:14:50:52 -0500] "GET /BLA/resoluciones/index.php?dir=RESOLUCIONES%202006/RES%202006%201851-1900/&order=asc&sort=date HTTP/1.1" 200 12364
201.245.192.253 - - [06/Nov/2023:14:50:51 -0500] "POST /kwsrmcab/Wsrmcab  HTTP/1.1" 200 42686
172.22.2.4 - - [06/Nov/2023:14:50:30 -0500] "GET /BLA/boletinlegal/ HTTP/1.1" 200 20427
44.231.202.44 - - [06/Nov/2023:14:50:55 -0500] "GET /BLA/resoluciones/index.php?dir=RESOLUCIONES%202002/RES%202002%201751-1800/&order=asc&sort=size HTTP/1.1" 200 12156
44.231.202.44 - - [06/Nov/2023:14:50:53 -0500] "GET /BLA/resoluciones/index.php?dir=AUTOS%202015/&order=desc&sort=size HTTP/1.1" 200 584493
44.231.202.44 - - [06/Nov/2023:14:50:58 -0500] "GET /BLA/resoluciones/index.php?dir=RESOLUCIONES%202004/RES%202004%20401-450/&order=asc&sort=size HTTP/1.1" 200 12039
54.184.159.16 - - [06/Nov/2023:14:51:01 -0500] "GET /BLA/resoluciones/index.php?dir=RESOLUCIONES%202006/RES%202006%202351-2400/&order=asc&sort=date HTTP/1.1" 200 12357
50.112.160.3 - - [06/Nov/2023:14:51:03 -0500] "GET /BLA/resoluciones/index.php?dir=RESOLUCIONES%202004/RES%202004%20601-650/&order=asc&sort=date HTTP/1.1" 200 12060
54.184.159.16 - - [06/Nov/2023:14:51:05 -0500] "GET /BLA/resoluciones/index.php?dir=RESOLUCIONES%202002/RES%202002%201751-1800/&order=asc&sort=date HTTP/1.1" 200 12156
44.231.202.44 - - [06/Nov/2023:14:51:11 -0500] "GET /BLA/resoluciones/index.php?dir=RESOLUCIONES%202004/RES%202004%202301-2350/&order=asc&sort=size HTTP/1.1" 200 12356
50.112.160.3 - - [06/Nov/2023:14:51:11 -0500] "GET /BLA/resoluciones/index.php?dir=RESOLUCIONES%202002/RES%202002%20751-800/&order=asc&sort=date HTTP/1.1" 200 12567
50.112.160.3 - - [06/Nov/2023:14:51:15 -0500] "GET /BLA/resoluciones/index.php?dir=RESOLUCIONES%202005/RES%202005%202301-2350/&order=asc&sort=date HTTP/1.1" 200 12369
50.112.160.3 - - [06/Nov/2023:14:51:16 -0500] "GET /BLA/resoluciones/index.php?dir=RESOLUCIONES%202002/RES%202002%20801-850/&order=desc&sort=name HTTP/1.1" 200 12224
54.184.159.16 - - [06/Nov/2023:14:51:17 -0500] "GET /BLA/resoluciones/index.php?dir=RESOLUCIONES%202006/RES%202006%20401-450/&order=asc&sort=size HTTP/1.1" 200 12245
40.77.167.71 - - [06/Nov/2023:14:51:20 -0500] "GET /BLA/resoluciones/RESOLUCIONES%202015/0486.pdf HTTP/1.1" 304 -
54.184.159.16 - - [06/Nov/2023:14:51:21 -0500] "GET /BLA/resoluciones/index.php?dir=RESOLUCIONES%202006/RES%202006%20101-150/&order=asc&sort=size HTTP/1.1" 200 12241
54.184.159.16 - - [06/Nov/2023:14:51:21 -0500] "GET /BLA/resoluciones/index.php?dir=RESOLUCIONES%202007/RES%202007%20701%20AL%20800/&order=desc&sort=name HTTP/1.1" 200 26638
50.112.160.3 - - [06/Nov/2023:14:51:24 -0500] "GET /BLA/resoluciones/index.php?dir=AUTOS%202006/AUTOS%202006%203201%20-%203300/&order=desc&sort=date HTTP/1.1" 200 22208
54.184.159.16 - - [06/Nov/2023:14:51:25 -0500] "GET /BLA/resoluciones/index.php?dir=RESOLUCIONES%202007/RES%202007%20201%20AL%20300/&order=desc&sort=name HTTP/1.1" 200 27109
54.184.159.16 - - [06/Nov/2023:14:51:28 -0500] "GET /BLA/resoluciones/index.php?dir=RESOLUCIONES%202002/RES%202002%201951-1971/&order=desc&sort=name HTTP/1.1" 200 6224
54.184.159.16 - - [06/Nov/2023:14:51:30 -0500] "GET /BLA/resoluciones/index.php?dir=RESOLUCIONES%202006/RES%202006%20551-600/&order=asc&sort=date HTTP/1.1" 200 12250
44.231.202.44 - - [06/Nov/2023:14:51:38 -0500] "GET /BLA/resoluciones/index.php?dir=RESOLUCIONES%202005/RES%202005%202401-2450/&order=desc&sort=size HTTP/1.1" 200 12360
44.231.202.44 - - [06/Nov/2023:14:51:39 -0500] "GET /BLA/resoluciones/index.php?dir=RESOLUCIONES%202006/RES%202006%201101-1150/&order=asc&sort=date HTTP/1.1" 200 12368
44.231.202.44 - - [06/Nov/2023:14:51:41 -0500] "GET /BLA/resoluciones/index.php?dir=RESOLUCIONES%202007/RES%202007%201001%20AL%201100/&order=asc&sort=date HTTP/1.1" 200 26838
44.231.202.44 - - [06/Nov/2023:14:51:43 -0500] "GET /BLA/resoluciones/index.php?dir=Notificaciones/AUTOS%202015/&order=asc&sort=size HTTP/1.1" 200 102197
44.231.202.44 - - [06/Nov/2023:14:51:46 -0500] "GET /BLA/resoluciones/index.php?dir=RESOLUCIONES%202002/RES%202002%201601-1650/&order=asc&sort=size HTTP/1.1" 200 12158
54.184.159.16 - - [06/Nov/2023:14:51:46 -0500] "GET /BLA/resoluciones/index.php?dir=RESOLUCIONES%202004/RES%202004%20401-450/&order=asc&sort=date HTTP/1.1" 200 12039
44.231.202.44 - - [06/Nov/2023:14:51:47 -0500] "GET /BLA/resoluciones/index.php?dir=RESOLUCIONES%202004/RES%202004%201251-1300/&order=desc&sort=name HTTP/1.1" 200 12351
40.77.167.71 - - [06/Nov/2023:14:51:49 -0500] "GET /BLA/resoluciones/AUTOS%202023/5097.pdf HTTP/1.1" 200 403605
44.231.202.44 - - [06/Nov/2023:14:51:51 -0500] "GET /BLA/resoluciones/index.php?dir=RESOLUCIONES%202006/RES%202006%201101-1150/&order=desc&sort=name HTTP/1.1" 200 12367
44.231.202.44 - - [06/Nov/2023:14:51:55 -0500] "GET /BLA/resoluciones/index.php?dir=RESOLUCIONES%202002/RES%202002%20101-150/&order=asc&sort=size HTTP/1.1" 200 12339
54.184.159.16 - - [06/Nov/2023:14:51:55 -0500] "GET /BLA/resoluciones/index.php?dir=RESOLUCIONES%202002/RES%202002%201951-1971/&order=asc&sort=date HTTP/1.1" 200 6225
50.112.160.3 - - [06/Nov/2023:14:51:56 -0500] "GET /BLA/resoluciones/index.php?dir=RESOLUCIONES%202006/RES%202006%20151-200/&order=asc&sort=size HTTP/1.1" 200 12238
50.112.160.3 - - [06/Nov/2023:14:52:01 -0500] "GET /BLA/resoluciones/index.php?dir=RESOLUCIONES%202004/RES%202004%201051-1100/&order=desc&sort=name HTTP/1.1" 200 12163
54.184.159.16 - - [06/Nov/2023:14:52:04 -0500] "GET /BLA/resoluciones/index.php?dir=RESOLUCIONES%202002/RES%202002%20601-650/&order=asc&sort=date HTTP/1.1" 200 12037
100.21.24.205 - - [06/Nov/2023:14:52:10 -0500] "GET /BLA/resoluciones/index.php?dir=RESOLUCIONES%202002/RES%202002%20251-300/&order=desc&sort=date HTTP/1.1" 200 12033
52.167.144.223 - - [06/Nov/2023:14:52:10 -0500] "GET /portaldeninos/parque-ecologico-distrital-humedal-santa-maria-del-lago/ HTTP/1.1" 200 90199
54.184.159.16 - - [06/Nov/2023:14:52:10 -0500] "GET /BLA/resoluciones/index.php?dir=AUTOS%202019/&order=asc&sort=name HTTP/1.1" 200 390105
100.21.24.205 - - [06/Nov/2023:14:52:16 -0500] "GET /BLA/resoluciones/index.php?dir=AUTOS%202006/AUTOS%202006%201001-1100/&order=asc&sort=name HTTP/1.1" 200 21966
186.29.165.62 - - [06/Nov/2023:14:52:17 -0500] "GET /BLA/resoluciones/index.php?dir=AUTOS+2018%2F HTTP/1.1" 200 467093
50.112.160.3 - - [06/Nov/2023:14:52:18 -0500] "GET /BLA/resoluciones/index.php?dir=RESOLUCIONES%202006/RES%202006%20901-950/&order=asc&sort=date HTTP/1.1" 200 12239
50.112.160.3 - - [06/Nov/2023:14:52:18 -0500] "GET /BLA/resoluciones/index.php?dir=RESOLUCIONES%202007/RES%202007%20301%20AL%20400/&order=asc&sort=date HTTP/1.1" 200 26381
44.231.202.44 - - [06/Nov/2023:14:52:20 -0500] "GET /BLA/resoluciones/index.php?dir=RESOLUCIONES%202007/RES%202007%203301%20AL%203400/&order=asc&sort=size HTTP/1.1" 200 26620
54.184.159.16 - - [06/Nov/2023:14:52:20 -0500] "GET /BLA/resoluciones/index.php?dir=RESOLUCIONES%202004/RES%202004%201401-1450/&order=asc&sort=size HTTP/1.1" 200 12371
50.112.160.3 - - [06/Nov/2023:14:52:21 -0500] "GET /BLA/resoluciones/index.php?dir=RESOLUCIONES%202005/RES%202005%20301-351/&order=asc&sort=size HTTP/1.1" 200 12252
44.231.202.44 - - [06/Nov/2023:14:52:22 -0500] "GET /BLA/resoluciones/index.php?dir=RESOLUCIONES%202002/RES%202002%20451-500/&order=asc&sort=size HTTP/1.1" 200 12051
50.112.160.3 - - [06/Nov/2023:14:52:22 -0500] "GET /BLA/resoluciones/index.php?dir=RESOLUCIONES%202002/RES%202002%20251-300/&order=asc&sort=size HTTP/1.1" 200 12034
50.112.160.3 - - [06/Nov/2023:14:52:38 -0500] "GET /BLA/resoluciones/index.php?dir=RESOLUCIONES%202004/RES%202004%201301-1350/&order=asc&sort=size HTTP/1.1" 200 12341
50.112.160.3 - - [06/Nov/2023:14:52:39 -0500] "GET /BLA/resoluciones/RESOLUCIONES%202006/RES%202006%20901-950/INDEX.DAT HTTP/1.1" 200 2000
54.184.159.16 - - [06/Nov/2023:14:52:38 -0500] "GET /BLA/resoluciones/index.php?dir=RESOLUCIONES%202006/RES%202006%201851-1900/&order=asc&sort=size HTTP/1.1" 200 12364
44.231.202.44 - - [06/Nov/2023:14:52:42 -0500] "GET /BLA/resoluciones/index.php?dir=RESOLUCIONES%202005/RES%202005%20301-351/&order=desc&sort=name HTTP/1.1" 200 12251
50.112.160.3 - - [06/Nov/2023:14:52:43 -0500] "GET /BLA/resoluciones/index.php?dir=RESOLUCIONES%202004/&order=asc&sort=name HTTP/1.1" 200 33860
50.112.160.3 - - [06/Nov/2023:14:52:45 -0500] "GET /BLA/resoluciones/RESOLUCIONES%202004/RES%202004%201351-1400/INDEX.DAT HTTP/1.1" 200 2000
44.231.202.44 - - [06/Nov/2023:14:52:45 -0500] "GET /BLA/resoluciones/index.php?dir=RESOLUCIONES%202006/RES%202006%20401-450/&order=desc&sort=name HTTP/1.1" 200 12244
44.231.202.44 - - [06/Nov/2023:14:52:45 -0500] "GET /BLA/resoluciones/index.php?dir=Notificaciones/REGISTROS%202017/&order=desc&sort=date HTTP/1.1" 200 9177
54.184.159.16 - - [06/Nov/2023:14:52:47 -0500] "GET /BLA/resoluciones/index.php?dir=RESOLUCIONES%202006/RES%202006%201951-2000/&order=desc&sort=name HTTP/1.1" 200 12348
44.231.202.44 - - [06/Nov/2023:14:52:48 -0500] "GET /BLA/resoluciones/index.php?dir=RESOLUCIONES%202004/RES%202004%201051-1100/&order=asc&sort=size HTTP/1.1" 200 12164
54.184.159.16 - - [06/Nov/2023:14:52:48 -0500] "GET /BLA/resoluciones/index.php?dir=RESOLUCIONES%202002/RES%202002%20451-500/&order=desc&sort=name HTTP/1.1" 200 12050
44.231.202.44 - - [06/Nov/2023:14:52:49 -0500] "GET /BLA/resoluciones/index.php?dir=RESOLUCIONES%202003/RES%202003%20151-200/&order=desc&sort=size HTTP/1.1" 200 12345
44.231.202.44 - - [06/Nov/2023:14:52:50 -0500] "GET /BLA/resoluciones/RESOLUCIONES%202006/RES%202006%20351-400/INDEX.DAT HTTP/1.1" 200 2000
50.112.160.3 - - [06/Nov/2023:14:52:50 -0500] "GET /BLA/resoluciones/index.php?dir=RESOLUCIONES%201994/&order=desc&sort=size HTTP/1.1" 200 2478
50.112.160.3 - - [06/Nov/2023:14:52:50 -0500] "GET /BLA/resoluciones/index.php?dir=RESOLUCIONES%202003/RES%202003%201851--1900/&order=desc&sort=date HTTP/1.1" 200 12205
172.22.2.4 - - [06/Nov/2023:14:51:11 -0500] "HEAD /BLA/boletinlegal/ HTTP/1.1" 200 -
54.184.159.16 - - [06/Nov/2023:14:52:53 -0500] "GET /BLA/resoluciones/index.php?dir=RESOLUCIONES%202006/RES%202006%20351-400/&order=desc&sort=name HTTP/1.1" 200 12233
54.184.159.16 - - [06/Nov/2023:14:52:53 -0500] "GET /BLA/resoluciones/index.php?dir=RESOLUCIONES%202006/RES%202006%201801-1850/&order=asc&sort=date HTTP/1.1" 200 12357
54.184.159.16 - - [06/Nov/2023:14:52:58 -0500] "GET /BLA/resoluciones/index.php?dir=AUTOS%202006/AUTOS%202006%201001-1100/&order=asc&sort=name HTTP/1.1" 200 21966
54.184.159.16 - - [06/Nov/2023:14:52:59 -0500] "GET /BLA/resoluciones/index.php?dir=RESOLUCIONES%202005/RES%202005%202151-2200/&order=asc&sort=size HTTP/1.1" 200 16688
44.231.202.44 - - [06/Nov/2023:14:52:59 -0500] "GET /BLA/resoluciones/index.php?dir=RESOLUCIONES%202006/RES%202006%20%203001-3054/&order=asc&sort=size HTTP/1.1" 200 13210
44.231.202.44 - - [06/Nov/2023:14:53:00 -0500] "GET /BLA/resoluciones/RESOLUCIONES%202004/RES%202004%201301-1350/INDEX.DAT HTTP/1.1" 200 2000
44.231.202.44 - - [06/Nov/2023:14:53:00 -0500] "GET /BLA/resoluciones/index.php?dir=RESOLUCIONES%202004/RES%202004%201951-2000/&order=desc&sort=name HTTP/1.1" 200 12354
172.22.2.4 - - [06/Nov/2023:14:53:11 -0500] "HEAD /BLA/boletinlegal/Circulares/2011/Circular%20No.%208%20del%2020%20de%20Septiembre%20de%202011.pdf HTTP/1.1" 200 -
172.22.2.4 - - [06/Nov/2023:14:53:11 -0500] "GET /BLA/boletinlegal/Circulares/2011/Circular%20No.%208%20del%2020%20de%20Septiembre%20de%202011.pdf HTTP/1.1" 200 285158
50.112.160.3 - - [06/Nov/2023:14:53:12 -0500] "GET /BLA/resoluciones/index.php?dir=RESOLUCIONES%202006/RES%202006%201351-1400/&order=asc&sort=size HTTP/1.1" 200 12367
54.184.159.16 - - [06/Nov/2023:14:53:13 -0500] "GET /BLA/resoluciones/index.php?dir=AUTOS%202006/AUTOS%202006%20601-700/&order=desc&sort=date HTTP/1.1" 200 21775
50.112.160.3 - - [06/Nov/2023:14:53:14 -0500] "GET /BLA/resoluciones/index.php?dir=RESOLUCIONES%202004/RES%202004%20601-650/&order=desc&sort=name HTTP/1.1" 200 12059
40.77.167.71 - - [06/Nov/2023:14:53:19 -0500] "GET /BLA/resoluciones/AUTOS%202023/6699.pdf HTTP/1.1" 200 513422
50.112.160.3 - - [06/Nov/2023:14:53:19 -0500] "GET /BLA/resoluciones/index.php?dir=RESOLUCIONES%202004/RES%202004%201351-1400/&order=asc&sort=size HTTP/1.1" 200 12359
50.112.160.3 - - [06/Nov/2023:14:53:21 -0500] "GET /BLA/resoluciones/index.php?dir=AUTOS%202006/AUTOS%202006%201001-1100/&order=desc&sort=size HTTP/1.1" 200 21965
54.184.159.16 - - [06/Nov/2023:14:53:21 -0500] "GET /BLA/resoluciones/index.php?dir=RESOLUCIONES%202006/RES%202006%20651-700/&order=asc&sort=size HTTP/1.1" 200 12252
54.184.159.16 - - [06/Nov/2023:14:53:23 -0500] "GET /BLA/resoluciones/index.php?dir=RESOLUCIONES%202007/RES%202007%20101%20AL%20200/&order=asc&sort=date HTTP/1.1" 200 26931
50.112.160.3 - - [06/Nov/2023:14:53:26 -0500] "GET /BLA/resoluciones/index.php?dir=RESOLUCIONES%202004/RES%202004%201151-1200/&order=desc&sort=name HTTP/1.1" 200 12175
54.184.159.16 - - [06/Nov/2023:14:53:28 -0500] "GET /BLA/resoluciones/index.php?dir=RESOLUCIONES%202004/RES%202004%202051-2100/&order=asc&sort=size HTTP/1.1" 200 12370
44.231.202.44 - - [06/Nov/2023:14:53:28 -0500] "GET /BLA/resoluciones/index.php?dir=RESOLUCIONES%202004/RES%202004%201351-1400/&order=asc&sort=date HTTP/1.1" 200 12359
44.231.202.44 - - [06/Nov/2023:14:53:28 -0500] "GET /BLA/resoluciones/index.php?dir=Notificaciones/AUTOS%202019/&order=desc&sort=name HTTP/1.1" 200 109637
50.112.160.3 - - [06/Nov/2023:14:53:30 -0500] "GET /BLA/resoluciones/index.php?dir=RESOLUCIONES%202007/&order=asc&sort=name HTTP/1.1" 200 37998
44.231.202.44 - - [06/Nov/2023:14:53:35 -0500] "GET /BLA/resoluciones/RESOLUCIONES%202004/RES%202004%202001-2050/INDEX.DAT HTTP/1.1" 200 2000
54.184.159.16 - - [06/Nov/2023:14:53:37 -0500] "GET /BLA/resoluciones/RESOLUCIONES%202005/RES%202005%20301-351/INDEX.DAT HTTP/1.1" 200 2000
54.184.159.16 - - [06/Nov/2023:14:53:38 -0500] "GET /BLA/resoluciones/RESOLUCIONES%202006/RES%202006%201951-2000/INDEX.DAT HTTP/1.1" 200 2000
44.231.202.44 - - [06/Nov/2023:14:53:40 -0500] "GET /BLA/resoluciones/index.php?dir=RESOLUCIONES%202006/RES%202006%20%202951-3000/&order=asc&sort=date HTTP/1.1" 200 12390
54.184.159.16 - - [06/Nov/2023:14:53:41 -0500] "GET /BLA/resoluciones/index.php?dir=RESOLUCIONES%202005/RES%202005%201051-1100/&order=asc&sort=size HTTP/1.1" 200 3976
50.112.160.3 - - [06/Nov/2023:14:53:42 -0500] "GET /BLA/resoluciones/index.php?dir=RESOLUCIONES%202007/RES%202007%20101%20AL%20200/&order=desc&sort=name HTTP/1.1" 200 26930
172.22.2.4 - - [06/Nov/2023:14:52:02 -0500] "GET /BLA/boletinlegal/ HTTP/1.1" 200 58294
44.231.202.44 - - [06/Nov/2023:14:53:43 -0500] "GET /BLA/resoluciones/index.php?dir=RESOLUCIONES%202002/RES%202002%201351-1400/&order=asc&sort=size HTTP/1.1" 200 12141
44.231.202.44 - - [06/Nov/2023:14:53:45 -0500] "GET /BLA/resoluciones/index.php?dir=RESOLUCIONES%202002/RES%202002%201501-1550/&order=desc&sort=name HTTP/1.1" 200 12146
50.112.160.3 - - [06/Nov/2023:14:53:46 -0500] "GET /BLA/resoluciones/index.php?dir=RESOLUCIONES%202004/RES%202004%202301-2350/&order=desc&sort=name HTTP/1.1" 200 12355
50.112.160.3 - - [06/Nov/2023:14:53:46 -0500] "GET /BLA/resoluciones/index.php?dir=RESOLUCIONES%202004/RES%202004%201951-2000/&order=asc&sort=date HTTP/1.1" 200 12355
44.231.202.44 - - [06/Nov/2023:14:53:52 -0500] "GET /BLA/resoluciones/RESOLUCIONES%202006/RES%202006%20%202951-3000/INDEX.DAT HTTP/1.1" 200 2000
50.112.160.3 - - [06/Nov/2023:14:53:52 -0500] "GET /BLA/resoluciones/index.php?dir=RESOLUCIONES%202007/RES%202007%20101%20AL%20200/&order=asc&sort=size HTTP/1.1" 200 26931
50.112.160.3 - - [06/Nov/2023:14:53:55 -0500] "GET /BLA/resoluciones/index.php?dir=RESOLUCIONES%202002/RES%202002%201351-1400/&order=asc&sort=date HTTP/1.1" 200 12141
44.231.202.44 - - [06/Nov/2023:14:53:57 -0500] "GET /BLA/resoluciones/index.php?dir=Notificaciones/REGISTROS%202020/&order=desc&sort=date HTTP/1.1" 200 20178
54.184.159.16 - - [06/Nov/2023:14:54:03 -0500] "GET /BLA/resoluciones/index.php?dir=RESOLUCIONES%202006/RES%202006%20%202951-3000/&order=desc&sort=name HTTP/1.1" 200 12389
54.184.159.16 - - [06/Nov/2023:14:54:08 -0500] "GET /BLA/resoluciones/index.php?dir=Notificaciones/RESOLUCIONES%202021/&order=asc&sort=name HTTP/1.1" 200 118582
50.112.160.3 - - [06/Nov/2023:14:54:11 -0500] "GET /BLA/resoluciones/index.php?dir=RESOLUCIONES%202002/RES%202002%2001-50/&order=desc&sort=name HTTP/1.1" 200 13728
44.231.202.44 - - [06/Nov/2023:14:54:13 -0500] "GET /BLA/resoluciones/index.php?dir=RESOLUCIONES%202004/RES%202004%202301-2350/&order=asc&sort=date HTTP/1.1" 200 12356
44.231.202.44 - - [06/Nov/2023:14:54:14 -0500] "GET /BLA/resoluciones/index.php?dir=RESOLUCIONES%202002/RES%202002%20601-650/&order=asc&sort=size HTTP/1.1" 200 12037
44.231.202.44 - - [06/Nov/2023:14:54:15 -0500] "GET /BLA/resoluciones/index.php?dir=RESOLUCIONES%202005/RES%202005%202151-2200/&order=desc&sort=name HTTP/1.1" 200 16990
50.112.160.3 - - [06/Nov/2023:14:54:17 -0500] "GET /BLA/resoluciones/index.php?dir=RESOLUCIONES%202007/RES%202007%202101%20AL%202200/&order=desc&sort=name HTTP/1.1" 200 26621
50.112.160.3 - - [06/Nov/2023:14:54:18 -0500] "GET /BLA/resoluciones/index.php?dir=RESOLUCIONES%202004/RES%202004%201251-1300/&order=asc&sort=size HTTP/1.1" 200 12352
44.231.202.44 - - [06/Nov/2023:14:54:21 -0500] "GET /BLA/resoluciones/index.php?dir=RESOLUCIONES%202002/RES%202002%201601-1650/&order=desc&sort=name HTTP/1.1" 200 12157
44.231.202.44 - - [06/Nov/2023:14:54:21 -0500] "GET /BLA/resoluciones/index.php?dir=RESOLUCIONES%202007/RES%202007%201401%20AL%201500/&order=asc&sort=date HTTP/1.1" 200 26854
50.112.160.3 - - [06/Nov/2023:14:54:22 -0500] "GET /BLA/resoluciones/index.php?dir=RESOLUCIONES%202005/RES%202005%20551-600/&order=desc&sort=name HTTP/1.1" 200 12248
54.184.159.16 - - [06/Nov/2023:14:54:23 -0500] "GET /BLA/resoluciones/RESOLUCIONES%202005/RES%202005%201801-1850/INDEX.DAT HTTP/1.1" 200 2000
54.184.159.16 - - [06/Nov/2023:14:54:30 -0500] "GET /BLA/resoluciones/index.php?dir=RESOLUCIONES%202006/RES%202006%202251-2300/&order=asc&sort=size HTTP/1.1" 200 12361
50.112.160.3 - - [06/Nov/2023:14:54:30 -0500] "GET /BLA/resoluciones/RESOLUCIONES%202006/RES%202006%20%203001-3054/INDEX.DAT HTTP/1.1" 200 2160
44.231.202.44 - - [06/Nov/2023:14:54:32 -0500] "GET /BLA/resoluciones/index.php?dir=RESOLUCIONES%202007/RES%202007%201001%20AL%201100/&order=desc&sort=name HTTP/1.1" 200 26837
44.231.202.44 - - [06/Nov/2023:14:54:34 -0500] "GET /BLA/resoluciones/index.php?dir=RESOLUCIONES%202004/RES%202004%202001-2050/&order=asc&sort=date HTTP/1.1" 200 12347
54.184.159.16 - - [06/Nov/2023:14:54:35 -0500] "GET /BLA/resoluciones/index.php?dir=RESOLUCIONES%202003/RES%202003%20151-200/&order=asc&sort=name HTTP/1.1" 200 12346
54.184.159.16 - - [06/Nov/2023:14:54:36 -0500] "GET /BLA/resoluciones/index.php?dir=AUTOS%202018/&order=asc&sort=name HTTP/1.1" 200 467093
44.231.202.44 - - [06/Nov/2023:14:54:40 -0500] "GET /BLA/resoluciones/RESOLUCIONES%202006/RES%202006%20751-800/INDEX.DAT HTTP/1.1" 200 1160
54.184.159.16 - - [06/Nov/2023:14:54:42 -0500] "GET /BLA/resoluciones/RESOLUCIONES%202006/RES%202006%202551-2600/INDEX.DAT HTTP/1.1" 200 2000
50.112.160.3 - - [06/Nov/2023:14:54:44 -0500] "GET /BLA/resoluciones/RESOLUCIONES%202006/RES%202006%201351-1400/INDEX.DAT HTTP/1.1" 200 2000
50.112.160.3 - - [06/Nov/2023:14:54:46 -0500] "GET /BLA/resoluciones/index.php?dir=RESOLUCIONES%202004/RES%202004%20751-800/&order=desc&sort=name HTTP/1.1" 200 12052
44.231.202.44 - - [06/Nov/2023:14:54:47 -0500] "GET /BLA/resoluciones/index.php?dir=RESOLUCIONES%202006/RES%202006%202651-2700/&order=desc&sort=name HTTP/1.1" 200 12364
44.231.202.44 - - [06/Nov/2023:14:54:51 -0500] "GET /BLA/resoluciones/index.php?dir=RESOLUCIONES%202007/RES%202007%204001%20AL%204100/&order=desc&sort=name HTTP/1.1" 200 26863
50.112.160.3 - - [06/Nov/2023:14:54:52 -0500] "GET /BLA/resoluciones/index.php?dir=RESOLUCIONES%202006/RES%202006%20301-350/&order=desc&sort=name HTTP/1.1" 200 12248
54.184.159.16 - - [06/Nov/2023:14:54:53 -0500] "GET /BLA/resoluciones/index.php?dir=RESOLUCIONES%202006/RES%202006%201-50/&order=asc&sort=date HTTP/1.1" 200 11867
54.184.159.16 - - [06/Nov/2023:14:54:58 -0500] "GET /BLA/resoluciones/index.php?dir=RESOLUCIONES%202005/RES%202005%201051-1100/&order=desc&sort=name HTTP/1.1" 200 3975
54.184.159.16 - - [06/Nov/2023:14:54:59 -0500] "GET /BLA/resoluciones/index.php?dir=AUTOS%202006/AUTOS%202006%201301-1400/&order=desc&sort=size HTTP/1.1" 200 22001
50.112.160.3 - - [06/Nov/2023:14:55:00 -0500] "GET /BLA/resoluciones/index.php?dir=RESOLUCIONES%202005/ANEXO%20RES%202643-2005/&order=asc&sort=date HTTP/1.1" 200 2446
54.184.159.16 - - [06/Nov/2023:14:55:01 -0500] "GET /BLA/resoluciones/index.php?dir=RESOLUCIONES%202004/RES%202004%202001-2050/&order=desc&sort=name HTTP/1.1" 200 12346
50.112.160.3 - - [06/Nov/2023:14:55:05 -0500] "GET /BLA/resoluciones/index.php?dir=RESOLUCIONES%202007/RES%202007%20201%20AL%20300/&order=asc&sort=date HTTP/1.1" 200 27110
172.22.2.4 - - [06/Nov/2023:14:54:39 -0500] "GET /BLA/boletinlegal/ HTTP/1.1" 200 24523
54.184.159.16 - - [06/Nov/2023:14:55:12 -0500] "GET /BLA/resoluciones/index.php?dir=AUTOS%202005/&order=desc&sort=date HTTP/1.1" 200 2790
54.184.159.16 - - [06/Nov/2023:14:55:12 -0500] "GET /BLA/resoluciones/index.php?dir=RESOLUCIONES%202004/RES%202004%202001-2050/&order=asc&sort=size HTTP/1.1" 200 12347
44.231.202.44 - - [06/Nov/2023:14:55:14 -0500] "GET /BLA/resoluciones/index.php?dir=RESOLUCIONES%202005/RES%202005%201151-1200/&order=asc&sort=date HTTP/1.1" 200 12362
54.184.159.16 - - [06/Nov/2023:14:55:18 -0500] "GET /BLA/resoluciones/index.php?dir=RESOLUCIONES%202006/RES%202006%20751-800/&order=asc&sort=date HTTP/1.1" 200 12235
44.231.202.44 - - [06/Nov/2023:14:55:21 -0500] "GET /BLA/resoluciones/RESOLUCIONES%202006/RES%202006%20101-150/INDEX.DAT HTTP/1.1" 200 2000
54.184.159.16 - - [06/Nov/2023:14:55:22 -0500] "GET /BLA/resoluciones/index.php?dir=RESOLUCIONES%202003/RES%202003%20151-200/&order=asc&sort=date HTTP/1.1" 200 12346
44.231.202.44 - - [06/Nov/2023:14:55:23 -0500] "GET /BLA/resoluciones/index.php?dir=RESOLUCIONES%202006/RES%202006%20201-250/&order=desc&sort=name HTTP/1.1" 200 12237
50.112.160.3 - - [06/Nov/2023:14:55:25 -0500] "GET /BLA/resoluciones/RESOLUCIONES%202006/RES%202006%20301-350/INDEX.DAT HTTP/1.1" 200 2000
54.184.159.16 - - [06/Nov/2023:14:55:26 -0500] "GET /BLA/resoluciones/index.php?dir=RESOLUCIONES%202006/RES%202006%201-50/&order=asc&sort=size HTTP/1.1" 200 11867
50.112.160.3 - - [06/Nov/2023:14:55:29 -0500] "GET /BLA/resoluciones/RESOLUCIONES%202006/RES%202006%201501-1550/INDEX.DAT HTTP/1.1" 200 2000
44.231.202.44 - - [06/Nov/2023:14:55:32 -0500] "GET /BLA/resoluciones/index.php?dir=RESOLUCIONES%202005/RES%202005%20901-950/&order=asc&sort=date HTTP/1.1" 200 12245
44.231.202.44 - - [06/Nov/2023:14:55:34 -0500] "GET /BLA/resoluciones/index.php?dir=RESOLUCIONES%202006/RES%202006%20%202801-2850/&order=desc&sort=name HTTP/1.1" 200 12414
44.231.202.44 - - [06/Nov/2023:14:55:35 -0500] "GET /BLA/resoluciones/index.php?dir=RESOLUCIONES%202006/RES%202006%201351-1400/&order=asc&sort=date HTTP/1.1" 200 12367
44.231.202.44 - - [06/Nov/2023:14:55:37 -0500] "GET /BLA/resoluciones/RESOLUCIONES%202005/RES%202005%202301-2350/INDEX.DAT HTTP/1.1" 200 2000
216.245.221.92 - - [06/Nov/2023:14:55:37 -0500] "HEAD / HTTP/1.1" 200 -
44.231.202.44 - - [06/Nov/2023:14:55:37 -0500] "GET /BLA/resoluciones/index.php?dir=RESOLUCIONES%202006/RES%202006%20301-350/&order=asc&sort=size HTTP/1.1" 200 12249
54.184.159.16 - - [06/Nov/2023:14:55:39 -0500] "GET /BLA/resoluciones/index.php?dir=RESOLUCIONES%202006/RES%202006%201651-1700/&order=asc&sort=date HTTP/1.1" 200 12354
44.231.202.44 - - [06/Nov/2023:14:55:40 -0500] "GET /BLA/resoluciones/index.php?dir=RESOLUCIONES%202004/RES%202004%201251-1300/&order=asc&sort=date HTTP/1.1" 200 12352
44.231.202.44 - - [06/Nov/2023:14:55:44 -0500] "GET /BLA/resoluciones/index.php?dir=RESOLUCIONES%202006/RES%202006%20651-700/&order=desc&sort=name HTTP/1.1" 200 12251
44.231.202.44 - - [06/Nov/2023:14:55:45 -0500] "GET /BLA/resoluciones/index.php?dir=RESOLUCIONES%202006/RES%202006%20101-150/&order=desc&sort=name HTTP/1.1" 200 12240
44.231.202.44 - - [06/Nov/2023:14:55:45 -0500] "GET /BLA/resoluciones/RESOLUCIONES%202005/ANEXO%20RES%202643-2005/INDEX.DAT HTTP/1.1" 200 40
44.231.202.44 - - [06/Nov/2023:14:55:46 -0500] "GET /BLA/resoluciones/index.php?dir=RESOLUCIONES%202006/RES%202006%201651-1700/&order=asc&sort=size HTTP/1.1" 200 12354
50.112.160.3 - - [06/Nov/2023:14:55:46 -0500] "GET /BLA/resoluciones/index.php?dir=RESOLUCIONES%202002/RES%202002%201701-1750/&order=asc&sort=date HTTP/1.1" 200 12141
50.112.160.3 - - [06/Nov/2023:14:55:51 -0500] "GET /BLA/resoluciones/index.php?dir=RESOLUCIONES%202005/RES%202005%20601-650/&order=asc&sort=size HTTP/1.1" 200 12246
201.245.192.253 - - [06/Nov/2023:14:55:50 -0500] "POST /kwsrmcab/Wsrmcab  HTTP/1.1" 200 42686
44.231.202.44 - - [06/Nov/2023:14:55:53 -0500] "GET /BLA/resoluciones/index.php?dir=RESOLUCIONES%201994/&order=asc&sort=name HTTP/1.1" 200 2479
44.231.202.44 - - [06/Nov/2023:14:55:56 -0500] "GET /BLA/resoluciones/index.php?dir=RESOLUCIONES%202006/RES%202006%201851-1900/&order=desc&sort=name HTTP/1.1" 200 12363
54.184.159.16 - - [06/Nov/2023:14:56:00 -0500] "GET /BLA/resoluciones/index.php?dir=RESOLUCIONES%202004/RES%202004%201651-1700/&order=desc&sort=name HTTP/1.1" 200 12369
44.231.202.44 - - [06/Nov/2023:14:56:03 -0500] "GET /BLA/resoluciones/index.php?dir=Notificaciones/RESOLUCIONES%202021/&order=desc&sort=date HTTP/1.1" 200 118581
100.21.24.205 - - [06/Nov/2023:14:56:05 -0500] "GET /BLA/resoluciones/index.php?dir=Notificaciones/REGISTROS%202013/&order=asc&sort=name HTTP/1.1" 200 2053
44.231.202.44 - - [06/Nov/2023:14:56:06 -0500] "GET /BLA/resoluciones/index.php?dir=RESOLUCIONES%202006/RES%202006%20101-150/&order=asc&sort=date HTTP/1.1" 200 12241
52.25.208.208 - - [06/Nov/2023:14:56:07 -0500] "GET /BLA/resoluciones/index.php?dir=RESOLUCIONES%202002/RES%202002%201451-1500/&order=desc&sort=date HTTP/1.1" 200 12145
54.184.159.16 - - [06/Nov/2023:14:56:08 -0500] "GET /BLA/resoluciones/RESOLUCIONES%202004/RES%202004%201251-1300/INDEX.DAT HTTP/1.1" 200 2000
44.231.202.44 - - [06/Nov/2023:14:56:08 -0500] "GET /BLA/resoluciones/RESOLUCIONES%202004/RES%202004%201651-1700/INDEX.DAT HTTP/1.1" 200 2000
50.112.160.3 - - [06/Nov/2023:14:56:09 -0500] "GET /BLA/resoluciones/index.php?dir=RESOLUCIONES%202005/RES%202005%202301-2350/&order=desc&sort=name HTTP/1.1" 200 12368
44.231.202.44 - - [06/Nov/2023:14:56:10 -0500] "GET /BLA/resoluciones/index.php?dir=RESOLUCIONES%201993/&order=desc&sort=date HTTP/1.1" 200 2878
50.112.160.3 - - [06/Nov/2023:14:56:10 -0500] "GET /BLA/resoluciones/index.php?dir=RESOLUCIONES%202004/RES%202004%201651-1700/&order=asc&sort=size HTTP/1.1" 200 12370
50.112.160.3 - - [06/Nov/2023:14:56:11 -0500] "GET /BLA/resoluciones/index.php?dir=RESOLUCIONES%202005/RES%202005%20301-351/&order=asc&sort=date HTTP/1.1" 200 12252
52.167.144.228 - - [06/Nov/2023:14:56:13 -0500] "GET /incendios-forestales-como-prevenirlos-y-aportar-al-cuidado-de-los-ecosistemas.html HTTP/1.1" 200 883
44.231.202.44 - - [06/Nov/2023:14:56:15 -0500] "GET /BLA/resoluciones/index.php?dir=RESOLUCIONES%202002/RES%202002%201701-1750/&order=asc&sort=size HTTP/1.1" 200 12141
44.231.202.44 - - [06/Nov/2023:14:56:16 -0500] "GET /BLA/resoluciones/index.php?dir=RESOLUCIONES%202005/ANEXO%20RES%202643-2005/&order=asc&sort=size HTTP/1.1" 200 2446
50.112.160.3 - - [06/Nov/2023:14:56:17 -0500] "GET /BLA/resoluciones/index.php?dir=RESOLUCIONES%202006/RES%202006%201901-1950/&order=desc&sort=name HTTP/1.1" 200 12359
50.112.160.3 - - [06/Nov/2023:14:56:22 -0500] "GET /BLA/resoluciones/index.php?dir=RESOLUCIONES%202004/RES%202004%201451-1500/&order=desc&sort=name HTTP/1.1" 200 12352
50.112.160.3 - - [06/Nov/2023:14:56:24 -0500] "GET /BLA/resoluciones/index.php?dir=Notificaciones/RESOLUCIONES%202020/&order=desc&sort=date HTTP/1.1" 200 54294
44.231.202.44 - - [06/Nov/2023:14:56:25 -0500] "GET /BLA/resoluciones/index.php?dir=RESOLUCIONES%201996/&order=desc&sort=size HTTP/1.1" 200 9136
44.231.202.44 - - [06/Nov/2023:14:56:27 -0500] "GET /BLA/resoluciones/index.php?dir=RESOLUCIONES%202006/RES%202006%201551-1600/&order=desc&sort=name HTTP/1.1" 200 12368
50.112.160.3 - - [06/Nov/2023:14:56:34 -0500] "GET /BLA/resoluciones/index.php?dir=RESOLUCIONES%202006/RES%202006%201251-1300/ HTTP/1.1" 200 12368
44.231.202.44 - - [06/Nov/2023:14:56:35 -0500] "GET /BLA/resoluciones/index.php?dir=RESOLUCIONES%202006/RES%202006%20951-1000/&order=asc&sort=size HTTP/1.1" 200 12308
44.231.202.44 - - [06/Nov/2023:14:56:37 -0500] "GET /BLA/resoluciones/index.php?dir=RESOLUCIONES%202005/RES%202005%202551-2600/&order=asc&sort=size HTTP/1.1" 200 12367
44.231.202.44 - - [06/Nov/2023:14:56:39 -0500] "GET /BLA/resoluciones/index.php?dir=RESOLUCIONES%202006/RES%202006%20901-950/&order=asc&sort=size HTTP/1.1" 200 12239
44.231.202.44 - - [06/Nov/2023:14:56:41 -0500] "GET /BLA/resoluciones/index.php?dir=RESOLUCIONES%202006/RES%202006%201551-1600/&order=asc&sort=date HTTP/1.1" 200 12369
44.231.202.44 - - [06/Nov/2023:14:56:42 -0500] "GET /BLA/resoluciones/RESOLUCIONES%202004/RES%202004%201401-1450/INDEX.DAT HTTP/1.1" 200 2000
52.25.208.208 - - [06/Nov/2023:14:56:44 -0500] "GET /BLA/resoluciones/index.php?dir=RESOLUCIONES%202002/RES%202002%201401-1450/&order=desc&sort=size HTTP/1.1" 200 12161
50.112.160.3 - - [06/Nov/2023:14:56:45 -0500] "GET /BLA/resoluciones/index.php?dir=RESOLUCIONES%202006/&order=desc&sort=size HTTP/1.1" 200 40915
54.184.159.16 - - [06/Nov/2023:14:56:45 -0500] "GET /BLA/resoluciones/index.php?dir=RESOLUCIONES%202007/&order=desc&sort=date HTTP/1.1" 200 37997
50.112.160.3 - - [06/Nov/2023:14:56:46 -0500] "GET /BLA/resoluciones/index.php?dir=RESOLUCIONES%202007/RES%202007%20201%20AL%20300/&order=asc&sort=size HTTP/1.1" 200 27110
44.231.202.44 - - [06/Nov/2023:14:56:47 -0500] "GET /BLA/resoluciones/index.php?dir=RESOLUCIONES%202006/RES%202006%20351-400/&order=asc&sort=date HTTP/1.1" 200 12234
44.231.202.44 - - [06/Nov/2023:14:56:49 -0500] "GET /BLA/resoluciones/RESOLUCIONES%202004/RES%202004%201751-1800/INDEX.DAT HTTP/1.1" 200 2000
50.112.160.3 - - [06/Nov/2023:14:56:52 -0500] "GET /BLA/resoluciones/index.php?dir=RESOLUCIONES%202006/RES%202006%20451-500/&order=asc&sort=size HTTP/1.1" 200 12244
54.184.159.16 - - [06/Nov/2023:14:56:53 -0500] "GET /BLA/resoluciones/index.php?dir=RESOLUCIONES%202004/RES%202004%201451-1500/&order=asc&sort=size HTTP/1.1" 200 12353
181.53.96.31 - - [06/Nov/2023:14:57:01 -0500] "GET /decision-de-frenar-obras-en-el-zuque-es-caprichosa-y-priva-a-la-ciudadania-de-conocer-y-preservar-los-cerros-orientales-urrutia-secretaria-de-ambiente.html HTTP/1.1" 200 1018
44.231.202.44 - - [06/Nov/2023:14:57:02 -0500] "GET /BLA/resoluciones/index.php?dir=RESOLUCIONES%202005/RES%202005%20901-950/&order=asc&sort=size HTTP/1.1" 200 12245
50.112.160.3 - - [06/Nov/2023:14:57:03 -0500] "GET /BLA/resoluciones/RESOLUCIONES%202005/RES%202005%20901-950/INDEX.DAT HTTP/1.1" 200 2000
44.231.202.44 - - [06/Nov/2023:14:57:03 -0500] "GET /BLA/resoluciones/index.php?dir=RESOLUCIONES%202006/RES%202006%20201-250/&order=asc&sort=size HTTP/1.1" 200 12238
44.231.202.44 - - [06/Nov/2023:14:57:03 -0500] "GET /BLA/resoluciones/index.php?dir=RESOLUCIONES%202005/RES%202005%203051-3100/&order=asc&sort=date HTTP/1.1" 200 12360
54.184.159.16 - - [06/Nov/2023:14:57:05 -0500] "GET /BLA/resoluciones/index.php?dir=Notificaciones/RESOLUCIONES%202020/&order=desc&sort=size HTTP/1.1" 200 54294
44.231.202.44 - - [06/Nov/2023:14:57:06 -0500] "GET /BLA/resoluciones/index.php?dir=RESOLUCIONES%202004/RES%202004%201451-1500/&order=asc&sort=date HTTP/1.1" 200 12353
100.21.24.205 - - [06/Nov/2023:14:57:06 -0500] "GET /BLA/resoluciones/index.php?dir=Notificaciones/REGISTROS%202016/ HTTP/1.1" 200 17179
44.231.202.44 - - [06/Nov/2023:14:57:08 -0500] "GET /BLA/resoluciones/index.php?dir=RESOLUCIONES%202007/RES%202007%202501%20AL%202600/&order=desc&sort=name HTTP/1.1" 200 26846
50.112.160.3 - - [06/Nov/2023:14:57:08 -0500] "GET /BLA/resoluciones/index.php?dir=RESOLUCIONES%202004/RES%202004%202051-2100/&order=desc&sort=name HTTP/1.1" 200 12369
54.184.159.16 - - [06/Nov/2023:14:57:13 -0500] "GET /BLA/resoluciones/index.php?dir=RESOLUCIONES%202006/RES%202006%20451-500/&order=asc&sort=date HTTP/1.1" 200 12244
54.184.159.16 - - [06/Nov/2023:14:57:13 -0500] "GET /BLA/resoluciones/index.php?dir=RESOLUCIONES%202005/RES%202005%202401-2450/&order=asc&sort=name HTTP/1.1" 200 12361
50.112.160.3 - - [06/Nov/2023:14:57:14 -0500] "GET /BLA/resoluciones/index.php?dir=RESOLUCIONES%202002/RES%202002%201501-1550/&order=asc&sort=date HTTP/1.1" 200 12147
54.184.159.16 - - [06/Nov/2023:14:57:15 -0500] "GET /BLA/resoluciones/index.php?dir=RESOLUCIONES%202007/RES%202007%202501%20AL%202600/&order=asc&sort=date HTTP/1.1" 200 26847
44.231.202.44 - - [06/Nov/2023:14:57:15 -0500] "GET /BLA/resoluciones/index.php?dir=RESOLUCIONES%202006/RES%202006%20%203001-3054/&order=asc&sort=date HTTP/1.1" 200 13210
50.112.160.3 - - [06/Nov/2023:14:57:16 -0500] "GET /BLA/resoluciones/RESOLUCIONES%202006/RES%202006%201551-1600/INDEX.DAT HTTP/1.1" 200 2000
50.112.160.3 - - [06/Nov/2023:14:57:17 -0500] "GET /BLA/resoluciones/index.php?dir=RESOLUCIONES%202004/RES%202004%201701-1750/&order=asc&sort=date HTTP/1.1" 200 12358
44.231.202.44 - - [06/Nov/2023:14:57:17 -0500] "GET /BLA/resoluciones/index.php?dir=RESOLUCIONES%202006/RES%202006%201151-1200/&order=asc&sort=size HTTP/1.1" 200 12365
50.112.160.3 - - [06/Nov/2023:14:57:19 -0500] "GET /BLA/resoluciones/RESOLUCIONES%202004/RES%202004%201701-1750/INDEX.DAT HTTP/1.1" 200 2000
44.231.202.44 - - [06/Nov/2023:14:57:21 -0500] "GET /BLA/resoluciones/RESOLUCIONES%202004/RES%202004%201451-1500/INDEX.DAT HTTP/1.1" 200 2000
50.112.160.3 - - [06/Nov/2023:14:57:22 -0500] "GET /BLA/resoluciones/index.php?dir=RESOLUCIONES%202006/RES%202006%20401-450/&order=asc&sort=date HTTP/1.1" 200 12245
44.231.202.44 - - [06/Nov/2023:14:57:25 -0500] "GET /BLA/resoluciones/index.php?dir=RESOLUCIONES%202006/RES%202006%20351-400/&order=asc&sort=size HTTP/1.1" 200 12234
50.112.160.3 - - [06/Nov/2023:14:57:28 -0500] "GET /BLA/resoluciones/index.php?dir=AUTOS%202006/AUTOS%202006%20201-300/ HTTP/1.1" 200 21766
44.231.202.44 - - [06/Nov/2023:14:57:29 -0500] "GET /BLA/resoluciones/index.php?dir=RESOLUCIONES%202007/RES%202007%203601%20AL%203700/&order=desc&sort=name HTTP/1.1" 200 26854
44.231.202.44 - - [06/Nov/2023:14:57:31 -0500] "GET /BLA/resoluciones/index.php?dir=RESOLUCIONES%202007/RES%202007%202101%20AL%202200/&order=asc&sort=size HTTP/1.1" 200 26622
54.184.159.16 - - [06/Nov/2023:14:57:33 -0500] "GET /BLA/resoluciones/index.php?dir=RESOLUCIONES%202002/RES%202002%20601-650/&order=desc&sort=name HTTP/1.1" 200 12036
50.112.160.3 - - [06/Nov/2023:14:57:36 -0500] "GET /BLA/resoluciones/index.php?dir=RESOLUCIONES%202004/RES%202004%201401-1450/&order=desc&sort=name HTTP/1.1" 200 12370
44.231.202.44 - - [06/Nov/2023:14:57:36 -0500] "GET /BLA/resoluciones/index.php?dir=RESOLUCIONES%202006/RES%202006%20%203001-3054/&order=desc&sort=name HTTP/1.1" 200 13209
100.21.24.205 - - [06/Nov/2023:14:57:37 -0500] "GET /BLA/resoluciones/index.php?dir=Notificaciones/REGISTROS%202016/&order=desc&sort=date HTTP/1.1" 200 17178
54.184.159.16 - - [06/Nov/2023:14:57:37 -0500] "GET /BLA/resoluciones/index.php?dir=RESOLUCIONES%202006/RES%202006%202251-2300/&order=desc&sort=name HTTP/1.1" 200 12360
54.184.159.16 - - [06/Nov/2023:14:57:42 -0500] "GET /BLA/resoluciones/index.php?dir=RESOLUCIONES%202005/RES%202005%201801-1850/&order=asc&sort=date HTTP/1.1" 200 12362
50.112.160.3 - - [06/Nov/2023:14:57:47 -0500] "GET /BLA/resoluciones/index.php?dir=RESOLUCIONES%202004/RES%202004%201151-1200/&order=asc&sort=date HTTP/1.1" 200 12176
50.112.160.3 - - [06/Nov/2023:14:57:48 -0500] "GET /BLA/resoluciones/index.php?dir=RESOLUCIONES%202002/RES%202002%20151-200/&order=desc&sort=name HTTP/1.1" 200 12569
44.231.202.44 - - [06/Nov/2023:14:57:50 -0500] "GET /BLA/resoluciones/index.php?dir=RESOLUCIONES%202004/RES%202004%201701-1750/&order=desc&sort=name HTTP/1.1" 200 12357
44.231.202.44 - - [06/Nov/2023:14:57:52 -0500] "GET /BLA/resoluciones/RESOLUCIONES%202006/RES%202006%202001-2050/INDEX.DAT HTTP/1.1" 200 2000
52.25.208.208 - - [06/Nov/2023:14:57:52 -0500] "GET /BLA/resoluciones/index.php?dir=RESOLUCIONES%202002/RES%202002%201451-1500/&order=asc&sort=name HTTP/1.1" 200 12146
44.231.202.44 - - [06/Nov/2023:14:57:52 -0500] "GET /BLA/resoluciones/index.php?dir=RESOLUCIONES%202006/RES%202006%201501-1550/&order=asc&sort=date HTTP/1.1" 200 12370
54.184.159.16 - - [06/Nov/2023:14:57:54 -0500] "GET /BLA/resoluciones/RESOLUCIONES%202006/RES%202006%202251-2300/INDEX.DAT HTTP/1.1" 200 2000
44.231.202.44 - - [06/Nov/2023:14:57:56 -0500] "GET /BLA/resoluciones/index.php?dir=RESOLUCIONES%202007/RES%202007%201601%20AL%201725/&order=asc&sort=size HTTP/1.1" 200 7202
44.231.202.44 - - [06/Nov/2023:14:57:59 -0500] "GET /BLA/resoluciones/index.php?dir=AUTOS%202006/AUTOS%202006%20601-700/&order=desc&sort=size HTTP/1.1" 200 21775
54.184.159.16 - - [06/Nov/2023:14:58:00 -0500] "GET /BLA/resoluciones/index.php?dir=RESOLUCIONES%202005/RES%202005%201801-1850/&order=desc&sort=name HTTP/1.1" 200 12361
50.112.160.3 - - [06/Nov/2023:14:58:01 -0500] "GET /BLA/resoluciones/index.php?dir=RESOLUCIONES%202002/RES%202002%20151-200/&order=asc&sort=size HTTP/1.1" 200 12570
44.231.202.44 - - [06/Nov/2023:14:58:05 -0500] "GET /BLA/resoluciones/RESOLUCIONES%202004/RES%202004%202051-2100/INDEX.DAT HTTP/1.1" 200 2000
50.112.160.3 - - [06/Nov/2023:14:58:07 -0500] "GET /BLA/resoluciones/index.php?dir=RESOLUCIONES%202004/RES%202004%202051-2100/&order=asc&sort=date HTTP/1.1" 200 12370
44.230.252.91 - - [06/Nov/2023:14:58:07 -0500] "GET /BLA/resoluciones/index.php?dir=Notificaciones/AUTOS%202015/&order=desc&sort=size HTTP/1.1" 200 102196
50.112.160.3 - - [06/Nov/2023:14:58:13 -0500] "GET /BLA/resoluciones/index.php?dir=RESOLUCIONES%202002/RES%202002%201601-1650/&order=asc&sort=date HTTP/1.1" 200 12158
50.112.160.3 - - [06/Nov/2023:14:58:14 -0500] "GET /BLA/resoluciones/RESOLUCIONES%202005/RES%202005%202901-2950/INDEX.DAT HTTP/1.1" 200 2000
54.184.159.16 - - [06/Nov/2023:14:58:15 -0500] "GET /BLA/resoluciones/index.php?dir=AUTOS%202006/AUTOS%202006%202601%20-%202700/&order=desc&sort=size HTTP/1.1" 200 22188
44.231.202.44 - - [06/Nov/2023:14:58:19 -0500] "GET /BLA/resoluciones/index.php?dir=RESOLUCIONES%202007/RES%202007%204201%20AL%204300/&order=asc&sort=size HTTP/1.1" 200 26607
50.112.160.3 - - [06/Nov/2023:14:58:24 -0500] "GET /BLA/resoluciones/RESOLUCIONES%202005/RES%202005%202551-2600/INDEX.DAT HTTP/1.1" 200 2000
44.231.202.44 - - [06/Nov/2023:14:58:24 -0500] "GET /BLA/resoluciones/index.php?dir=RESOLUCIONES%202006/RES%202006%20701-750/&order=asc&sort=date HTTP/1.1" 200 12251
50.112.160.3 - - [06/Nov/2023:14:58:28 -0500] "GET /BLA/resoluciones/index.php?dir=RESOLUCIONES%202006/RES%202006%201951-2000/&order=asc&sort=date HTTP/1.1" 200 12349
50.112.160.3 - - [06/Nov/2023:14:58:32 -0500] "GET /BLA/resoluciones/index.php?dir=RESOLUCIONES%202007/RES%202007%201001%20AL%201100/&order=asc&sort=size HTTP/1.1" 200 26838
44.231.202.44 - - [06/Nov/2023:14:58:32 -0500] "GET /BLA/resoluciones/index.php?dir=RESOLUCIONES%202006/RES%202006%20601-650/&order=desc&sort=name HTTP/1.1" 200 12249
54.184.159.16 - - [06/Nov/2023:14:58:33 -0500] "GET /BLA/resoluciones/index.php?dir=RESOLUCIONES%202007/RES%202007%203101%20AL%203200/&order=asc&sort=size HTTP/1.1" 200 26880
50.112.160.3 - - [06/Nov/2023:14:58:35 -0500] "GET /BLA/resoluciones/index.php?dir=RESOLUCIONES%202006/RES%202006%201901-1950/&order=asc&sort=size HTTP/1.1" 200 12360
54.184.159.16 - - [06/Nov/2023:14:58:35 -0500] "GET /BLA/resoluciones/index.php?dir=RESOLUCIONES%202003/RES%202003%20151-200/&order=desc&sort=date HTTP/1.1" 200 12345
50.112.160.3 - - [06/Nov/2023:14:58:36 -0500] "GET /BLA/resoluciones/index.php?dir=RESOLUCIONES%202005/RES%202005%202901-2950/&order=asc&sort=date HTTP/1.1" 200 12331
54.184.159.16 - - [06/Nov/2023:14:58:40 -0500] "GET /BLA/resoluciones/RESOLUCIONES%202006/RES%202006%20201-250/INDEX.DAT HTTP/1.1" 200 2000
50.112.160.3 - - [06/Nov/2023:14:58:40 -0500] "GET /BLA/resoluciones/index.php?dir=RESOLUCIONES%202002/RES%202002%20151-200/&order=asc&sort=date HTTP/1.1" 200 12570
172.22.2.4 - - [06/Nov/2023:14:57:01 -0500] "HEAD /BLA/boletinlegal/ HTTP/1.1" 200 -
50.112.160.3 - - [06/Nov/2023:14:58:41 -0500] "GET /BLA/resoluciones/index.php?dir=RESOLUCIONES%202002/RES%202002%2001-50/&order=asc&sort=date HTTP/1.1" 200 13729
50.112.160.3 - - [06/Nov/2023:14:58:43 -0500] "GET /BLA/resoluciones/index.php?dir=RESOLUCIONES%202002/RES%202002%201801-1850/&order=asc&sort=date HTTP/1.1" 200 12158
50.112.160.3 - - [06/Nov/2023:14:58:45 -0500] "GET /BLA/resoluciones/index.php?dir=RESOLUCIONES%202002/RES%202002%201701-1750/&order=desc&sort=name HTTP/1.1" 200 12140
54.184.159.16 - - [06/Nov/2023:14:58:47 -0500] "GET /BLA/resoluciones/index.php?dir=RESOLUCIONES%202002/RES%202002%201251-1301/&order=desc&sort=name HTTP/1.1" 200 12147
44.231.202.44 - - [06/Nov/2023:14:58:53 -0500] "GET /BLA/resoluciones/index.php?dir=RESOLUCIONES%202005/RES%202005%202901-2950/&order=desc&sort=name HTTP/1.1" 200 12330
54.184.159.16 - - [06/Nov/2023:14:58:55 -0500] "GET /BLA/resoluciones/index.php?dir=Notificaciones/&order=desc&sort=date HTTP/1.1" 200 11649
54.184.159.16 - - [06/Nov/2023:14:58:55 -0500] "GET /BLA/resoluciones/index.php?dir=Notificaciones/REGISTROS%202020/&order=asc&sort=name HTTP/1.1" 200 20179
50.112.160.3 - - [06/Nov/2023:14:58:56 -0500] "GET /BLA/resoluciones/index.php?dir=RESOLUCIONES%202007/RES%202007%203701%20AL%203800/&order=desc&sort=name HTTP/1.1" 200 26850
50.112.160.3 - - [06/Nov/2023:14:58:58 -0500] "GET /BLA/resoluciones/RESOLUCIONES%202006/RES%202006%201151-1200/INDEX.DAT HTTP/1.1" 200 2000
50.112.160.3 - - [06/Nov/2023:14:58:59 -0500] "GET /BLA/resoluciones/index.php?dir=RESOLUCIONES%202005/RES%202005%202901-2950/&order=asc&sort=size HTTP/1.1" 200 12331
54.184.159.16 - - [06/Nov/2023:14:59:00 -0500] "GET /BLA/resoluciones/index.php?dir=RESOLUCIONES%202006/RES%202006%202001-2050/&order=asc&sort=size HTTP/1.1" 200 12363
54.184.159.16 - - [06/Nov/2023:14:59:01 -0500] "GET /BLA/resoluciones/index.php?dir=RESOLUCIONES%202004/RES%202004%202201-2250/&order=desc&sort=date HTTP/1.1" 200 12357
44.231.202.44 - - [06/Nov/2023:14:59:01 -0500] "GET /BLA/resoluciones/index.php?dir=RESOLUCIONES%202006/RES%202006%20201-250/&order=asc&sort=date HTTP/1.1" 200 12238
54.184.159.16 - - [06/Nov/2023:14:59:02 -0500] "GET /BLA/resoluciones/index.php?dir=RESOLUCIONES%202007/RES%202007%203701%20AL%203800/&order=asc&sort=size HTTP/1.1" 200 26851
44.231.202.44 - - [06/Nov/2023:14:59:04 -0500] "GET /BLA/resoluciones/RESOLUCIONES%202006/RES%202006%202101-2150/INDEX.DAT HTTP/1.1" 200 2000
44.231.202.44 - - [06/Nov/2023:14:59:06 -0500] "GET /BLA/resoluciones/index.php?dir=RESOLUCIONES%202006/RES%202006%202101-2150/&order=asc&sort=date HTTP/1.1" 200 12369
44.231.202.44 - - [06/Nov/2023:14:59:08 -0500] "GET /BLA/resoluciones/index.php?dir=RESOLUCIONES%202006/RES%202006%202101-2150/&order=asc&sort=size HTTP/1.1" 200 12369
50.112.160.3 - - [06/Nov/2023:14:59:10 -0500] "GET /BLA/resoluciones/index.php?dir=RESOLUCIONES%202006/RES%202006%20301-350/&order=asc&sort=date HTTP/1.1" 200 12249
54.184.159.16 - - [06/Nov/2023:14:59:11 -0500] "GET /BLA/resoluciones/index.php?dir=RESOLUCIONES%202007/RES%202007%203101%20AL%203200/&order=desc&sort=name HTTP/1.1" 200 26879
50.112.160.3 - - [06/Nov/2023:14:59:17 -0500] "GET /BLA/resoluciones/index.php?dir=RESOLUCIONES%202004/&order=desc&sort=size HTTP/1.1" 200 33859
50.112.160.3 - - [06/Nov/2023:14:59:18 -0500] "GET /BLA/resoluciones/index.php?dir=RESOLUCIONES%202007/RES%202007%203101%20AL%203200/&order=asc&sort=date HTTP/1.1" 200 26880
54.184.159.16 - - [06/Nov/2023:14:59:22 -0500] "GET /BLA/resoluciones/index.php?dir=RESOLUCIONES%202002/RES%202002%201551-1600/&order=asc&sort=size HTTP/1.1" 200 12155
54.184.159.16 - - [06/Nov/2023:14:59:23 -0500] "GET /BLA/resoluciones/index.php?dir=RESOLUCIONES%202006/RES%202006%201951-2000/&order=asc&sort=size HTTP/1.1" 200 12349
