44.231.202.44 - - [06/Nov/2023:16:20:02 -0500] "GET /BLA/resoluciones/index.php?dir=RESOLUCIONES%202007/RES%202007%204201%20AL%204300/&order=desc&sort=size HTTP/1.1" 200 26606
50.112.160.3 - - [06/Nov/2023:16:20:03 -0500] "GET /BLA/resoluciones/index.php?dir=RESOLUCIONES%202004/RES%202004%20401-450/&order=asc&sort=name HTTP/1.1" 200 12039
50.112.160.3 - - [06/Nov/2023:16:20:07 -0500] "GET /BLA/resoluciones/index.php?dir=RESOLUCIONES%202006/RES%202006%201851-1900/&order=desc&sort=size HTTP/1.1" 200 12363
44.231.202.44 - - [06/Nov/2023:16:20:18 -0500] "GET /BLA/resoluciones/index.php?dir=RESOLUCIONES%202007/RES%202007%201301%20AL%201400/&order=desc&sort=date HTTP/1.1" 200 26816
44.231.202.44 - - [06/Nov/2023:16:20:19 -0500] "GET /BLA/resoluciones/index.php?dir=RESOLUCIONES%202002/ HTTP/1.1" 200 26096
201.245.192.253 - - [06/Nov/2023:16:20:20 -0500] "POST /kwsrmcab/Wsrmcab HTTP/1.1" 200 40794
201.245.192.253 - - [06/Nov/2023:16:20:23 -0500] "POST /kwsrmcab/Wsrmcab HTTP/1.1" 200 40327
54.184.159.16 - - [06/Nov/2023:16:20:29 -0500] "GET /BLA/resoluciones/index.php?dir=RESOLUCIONES%202002/RES%202002%20601-650/&order=desc&sort=date HTTP/1.1" 200 12036
50.112.160.3 - - [06/Nov/2023:16:20:31 -0500] "GET /BLA/resoluciones/index.php?dir=RESOLUCIONES%202004/RES%202004%201051-1100/&order=desc&sort=date HTTP/1.1" 200 12163
201.245.192.253 - - [06/Nov/2023:16:20:33 -0500] "POST /kwsrmcab/Wsrmcab  HTTP/1.1" 200 42686
44.231.202.44 - - [06/Nov/2023:16:20:36 -0500] "GET /BLA/resoluciones/index.php?dir=RESOLUCIONES%202007/RES%202007%20101%20AL%20200/&order=asc&sort=name HTTP/1.1" 200 26931
54.184.159.16 - - [06/Nov/2023:16:20:37 -0500] "GET /BLA/resoluciones/index.php?dir=RESOLUCIONES%202006/RES%202006%202251-2300/&order=desc&sort=size HTTP/1.1" 200 12360
216.245.221.92 - - [06/Nov/2023:16:20:37 -0500] "HEAD / HTTP/1.1" 200 -
44.231.202.44 - - [06/Nov/2023:16:20:39 -0500] "GET /BLA/resoluciones/index.php?dir=RESOLUCIONES%202007/RES%202007%20701%20AL%20800/&order=desc&sort=date HTTP/1.1" 200 26638
50.112.160.3 - - [06/Nov/2023:16:20:41 -0500] "GET /BLA/resoluciones/index.php?dir=RESOLUCIONES%202002/RES%202002%201351-1400/&order=desc&sort=size HTTP/1.1" 200 12140
54.184.159.16 - - [06/Nov/2023:16:20:43 -0500] "GET /BLA/resoluciones/index.php?dir=RESOLUCIONES%202002/RES%202002%201751-1800/&order=asc&sort=name HTTP/1.1" 200 12156
44.231.202.44 - - [06/Nov/2023:16:20:46 -0500] "GET /BLA/resoluciones/index.php?dir=RESOLUCIONES%202002/RES%202002%20101-150/&order=desc&sort=date HTTP/1.1" 200 12338
54.184.159.16 - - [06/Nov/2023:16:20:46 -0500] "GET /BLA/resoluciones/index.php?dir=RESOLUCIONES%202007/RES%202007%203001%20AL%203100/&order=desc&sort=size HTTP/1.1" 200 26890
54.184.159.16 - - [06/Nov/2023:16:20:47 -0500] "GET /BLA/resoluciones/index.php HTTP/1.1" 200 13696
44.231.202.44 - - [06/Nov/2023:16:20:48 -0500] "GET /BLA/resoluciones/index.php?dir=RESOLUCIONES%202006/RES%202006%20401-450/&order=asc&sort=name HTTP/1.1" 200 12245
50.112.160.3 - - [06/Nov/2023:16:20:53 -0500] "GET /BLA/resoluciones/index.php?dir=RESOLUCIONES%202002/RES%202002%20751-800/&order=desc&sort=date HTTP/1.1" 200 12566
54.184.159.16 - - [06/Nov/2023:16:20:56 -0500] "GET /BLA/resoluciones/index.php?dir=RESOLUCIONES%202002/RES%202002%20101-150/&order=asc&sort=name HTTP/1.1" 200 12339
44.231.202.44 - - [06/Nov/2023:16:20:59 -0500] "GET /BLA/resoluciones/index.php?dir=RESOLUCIONES%202004/RES%202004%201251-1300/&order=desc&sort=size HTTP/1.1" 200 12351
44.231.202.44 - - [06/Nov/2023:16:20:59 -0500] "GET /BLA/resoluciones/index.php?dir=RESOLUCIONES%202004/RES%202004%201951-2000/&order=desc&sort=size HTTP/1.1" 200 12354
50.112.160.3 - - [06/Nov/2023:16:21:01 -0500] "GET /BLA/resoluciones/index.php?dir=RESOLUCIONES%202006/RES%202006%202501-2550/&order=desc&sort=date HTTP/1.1" 200 12357
44.231.202.44 - - [06/Nov/2023:16:21:05 -0500] "GET /BLA/resoluciones/index.php?dir=RESOLUCIONES%202002/RES%202002%20601-650/&order=asc&sort=name HTTP/1.1" 200 12037
54.184.159.16 - - [06/Nov/2023:16:21:07 -0500] "GET /BLA/resoluciones/index.php?dir=RESOLUCIONES%202004/RES%202004%202301-2350/&order=desc&sort=size HTTP/1.1" 200 12355
44.231.202.44 - - [06/Nov/2023:16:21:10 -0500] "GET /BLA/resoluciones/index.php?dir=RESOLUCIONES%202006/RES%202006%201851-1900/&order=asc&sort=name HTTP/1.1" 200 12364
54.184.159.16 - - [06/Nov/2023:16:21:10 -0500] "GET /BLA/resoluciones/index.php?dir=RESOLUCIONES%202006/RES%202006%202551-2600/&order=asc&sort=date HTTP/1.1" 200 12354
50.112.160.3 - - [06/Nov/2023:16:21:21 -0500] "GET /BLA/resoluciones/index.php?dir=RESOLUCIONES%202006/RES%202006%20401-450/&order=desc&sort=size HTTP/1.1" 200 12244
44.231.202.44 - - [06/Nov/2023:16:21:22 -0500] "GET /BLA/resoluciones/index.php?dir=RESOLUCIONES%202007/RES%202007%201401%20AL%201500/&order=desc&sort=date HTTP/1.1" 200 26853
50.112.160.3 - - [06/Nov/2023:16:21:25 -0500] "GET /BLA/resoluciones/index.php?dir=RESOLUCIONES%202005/ANEXO%20RES%202643-2005/&order=desc&sort=date HTTP/1.1" 200 2445
54.184.159.16 - - [06/Nov/2023:16:21:26 -0500] "GET /BLA/resoluciones/index.php?dir=RESOLUCIONES%202007/RES%202007%202501%20AL%202600/&order=desc&sort=date HTTP/1.1" 200 26846
44.231.202.44 - - [06/Nov/2023:16:21:29 -0500] "GET /BLA/resoluciones/index.php?dir=RESOLUCIONES%202006/RES%202006%20951-1000/&order=asc&sort=name HTTP/1.1" 200 12308
44.231.202.44 - - [06/Nov/2023:16:21:30 -0500] "GET /BLA/resoluciones/index.php?dir=RESOLUCIONES%202006/RES%202006%20901-950/&order=desc&sort=date HTTP/1.1" 200 12238
54.184.159.16 - - [06/Nov/2023:16:21:35 -0500] "GET /BLA/resoluciones/index.php?dir=RESOLUCIONES%202007/RES%202007%201%20AL%20100/&order=desc&sort=size HTTP/1.1" 200 26174
172.22.2.4 - - [06/Nov/2023:16:19:59 -0500] "HEAD /BLA/boletinlegal/ HTTP/1.1" 200 -
44.231.202.44 - - [06/Nov/2023:16:21:41 -0500] "GET /BLA/resoluciones/index.php?dir=RESOLUCIONES%202002/RES%202002%201601-1650/&order=desc&sort=size HTTP/1.1" 200 12157
44.231.202.44 - - [06/Nov/2023:16:21:43 -0500] "GET /BLA/resoluciones/index.php?dir=RESOLUCIONES%202006/RES%202006%20101-150/&order=asc&sort=name HTTP/1.1" 200 12241
50.112.160.3 - - [06/Nov/2023:16:21:43 -0500] "GET /BLA/resoluciones/index.php?dir=RESOLUCIONES%202007/RES%202007%20101%20AL%20200/&order=desc&sort=size HTTP/1.1" 200 26930
50.112.160.3 - - [06/Nov/2023:16:21:47 -0500] "GET /BLA/resoluciones/index.php?dir=RESOLUCIONES%202006/RES%202006%202401-2450/ HTTP/1.1" 200 12370
54.184.159.16 - - [06/Nov/2023:16:21:52 -0500] "GET /BLA/resoluciones/index.php?dir=RESOLUCIONES%202005/RES%202005%202301-2350/&order=asc&sort=name HTTP/1.1" 200 12369
50.112.160.3 - - [06/Nov/2023:16:21:55 -0500] "GET /BLA/resoluciones/index.php?dir=RESOLUCIONES%202005/RES%202005%201201-1250/&order=desc&sort=size HTTP/1.1" 200 12368
54.184.159.16 - - [06/Nov/2023:16:21:56 -0500] "GET /BLA/resoluciones/index.php?dir=RESOLUCIONES%202004/RES%202004%20601-650/&order=desc&sort=date HTTP/1.1" 200 12059
54.184.159.16 - - [06/Nov/2023:16:22:03 -0500] "GET /BLA/resoluciones/index.php?dir=RESOLUCIONES%202006/RES%202006%20%203001-3054/&order=asc&sort=name HTTP/1.1" 200 13210
54.184.159.16 - - [06/Nov/2023:16:22:07 -0500] "GET /BLA/resoluciones/index.php?dir=Notificaciones/AUTOS%202015/&order=desc&sort=size HTTP/1.1" 200 102196
50.112.160.3 - - [06/Nov/2023:16:22:09 -0500] "GET /BLA/resoluciones/index.php?dir=RESOLUCIONES%202004/RES%202004%202301-2350/&order=asc&sort=name HTTP/1.1" 200 12356
44.231.202.44 - - [06/Nov/2023:16:22:14 -0500] "GET /BLA/resoluciones/index.php?dir=RESOLUCIONES%202004/RES%202004%202301-2350/&order=desc&sort=date HTTP/1.1" 200 12355
50.112.160.3 - - [06/Nov/2023:16:22:19 -0500] "GET /BLA/resoluciones/index.php?dir=Notificaciones/RESOLUCIONES%202020/&order=asc&sort=date HTTP/1.1" 200 54295
54.184.159.16 - - [06/Nov/2023:16:22:19 -0500] "GET /BLA/resoluciones/index.php?dir=RESOLUCIONES%202002/RES%202002%20101-150/&order=desc&sort=size HTTP/1.1" 200 12338
54.184.159.16 - - [06/Nov/2023:16:22:20 -0500] "GET /BLA/resoluciones/index.php?dir=RESOLUCIONES%202005/ANEXO%20RES%202643-2005/&order=desc&sort=size HTTP/1.1" 200 2445
44.231.202.44 - - [06/Nov/2023:16:22:20 -0500] "GET /BLA/resoluciones/index.php?dir=RESOLUCIONES%202007/RES%202007%203301%20AL%203400/&order=desc&sort=size HTTP/1.1" 200 26619
50.112.160.3 - - [06/Nov/2023:16:22:23 -0500] "GET /BLA/resoluciones/index.php?dir=RESOLUCIONES%202006/RES%202006%20451-500/&order=desc&sort=size HTTP/1.1" 200 12243
50.112.160.3 - - [06/Nov/2023:16:22:27 -0500] "GET /BLA/resoluciones/index.php?dir=RESOLUCIONES%202002/RES%202002%201951-1971/&order=desc&sort=date HTTP/1.1" 200 6224
54.184.159.16 - - [06/Nov/2023:16:22:27 -0500] "GET /BLA/resoluciones/index.php?dir=RESOLUCIONES%202005/RES%202005%202301-2350/&order=desc&sort=date HTTP/1.1" 200 12368
172.22.2.4 - - [06/Nov/2023:16:20:49 -0500] "GET /BLA/boletinlegal/ HTTP/1.1" 200 58294
54.184.159.16 - - [06/Nov/2023:16:22:30 -0500] "GET /BLA/resoluciones/index.php?dir=RESOLUCIONES%202006/ HTTP/1.1" 200 40916
44.231.202.44 - - [06/Nov/2023:16:22:32 -0500] "GET /BLA/resoluciones/index.php?dir=RESOLUCIONES%202003/ HTTP/1.1" 200 34282
44.231.202.44 - - [06/Nov/2023:16:22:32 -0500] "GET /BLA/resoluciones/index.php?dir=RESOLUCIONES%202006/RES%202006%201551-1600/&order=asc&sort=name HTTP/1.1" 200 12369
44.231.202.44 - - [06/Nov/2023:16:22:41 -0500] "GET /BLA/resoluciones/index.php?dir=RESOLUCIONES%202006/RES%202006%201-50/&order=desc&sort=size HTTP/1.1" 200 11866
50.112.160.3 - - [06/Nov/2023:16:22:41 -0500] "GET /BLA/resoluciones/index.php HTTP/1.1" 200 13696
44.231.202.44 - - [06/Nov/2023:16:22:47 -0500] "GET /BLA/resoluciones/index.php?dir=RESOLUCIONES%202004/RES%202004%201701-1750/&order=desc&sort=size HTTP/1.1" 200 12357
50.112.160.3 - - [06/Nov/2023:16:22:48 -0500] "GET /BLA/resoluciones/index.php?dir=RESOLUCIONES%202006/RES%202006%201651-1700/&order=desc&sort=size HTTP/1.1" 200 12353
44.231.202.44 - - [06/Nov/2023:16:22:50 -0500] "GET /BLA/resoluciones/index.php?dir=RESOLUCIONES%202007/RES%202007%202401%20AL%202500/&order=asc&sort=name HTTP/1.1" 200 26869
50.112.160.3 - - [06/Nov/2023:16:22:59 -0500] "GET /BLA/resoluciones/index.php?dir=AUTOS%202003/ HTTP/1.1" 200 1813
54.184.159.16 - - [06/Nov/2023:16:23:17 -0500] "GET /BLA/resoluciones/index.php?dir=RESOLUCIONES%202004/RES%202004%201401-1450/&order=asc&sort=name HTTP/1.1" 200 12371
50.112.160.3 - - [06/Nov/2023:16:23:18 -0500] "GET /BLA/resoluciones/index.php?dir=RESOLUCIONES%202004/RES%202004%202051-2100/&order=desc&sort=date HTTP/1.1" 200 12369
44.231.202.44 - - [06/Nov/2023:16:23:19 -0500] "GET /BLA/resoluciones/index.php?dir=RESOLUCIONES%202006/RES%202006%20351-400/&order=desc&sort=size HTTP/1.1" 200 12233
40.77.167.60 - - [06/Nov/2023:16:23:21 -0500] "GET /serpiente-sabanera-pone-huevos-en-area-protegida-de-bogota.html HTTP/1.1" 200 670
54.184.159.16 - - [06/Nov/2023:16:23:29 -0500] "GET /BLA/resoluciones/index.php?dir=RESOLUCIONES%202006/RES%202006%201551-1600/&order=desc&sort=date HTTP/1.1" 200 12368
54.184.159.16 - - [06/Nov/2023:16:23:32 -0500] "GET /BLA/resoluciones/index.php?dir=RESOLUCIONES%202006/RES%202006%201951-2000/&order=asc&sort=name HTTP/1.1" 200 12349
66.249.66.21 - - [06/Nov/2023:16:23:34 -0500] "GET /BLA/resoluciones/RESOLUCIONES%202015/1795.pdf HTTP/1.1" 200 920523
50.112.160.3 - - [06/Nov/2023:16:23:34 -0500] "GET /BLA/resoluciones/index.php?dir=RESOLUCIONES%202006/RES%202006%201351-1400/&order=desc&sort=size HTTP/1.1" 200 12366
54.184.159.16 - - [06/Nov/2023:16:23:35 -0500] "GET /BLA/resoluciones/RESOLUCIONES%202006/RES%202006%20%203001-3054/INDEX.DAT HTTP/1.1" 200 2160
54.184.159.16 - - [06/Nov/2023:16:23:36 -0500] "GET /BLA/resoluciones/index.php?dir=RESOLUCIONES%202006/RES%202006%20%203001-3054/&order=desc&sort=size HTTP/1.1" 200 13209
50.112.160.3 - - [06/Nov/2023:16:23:37 -0500] "GET /BLA/resoluciones/index.php?dir=RESOLUCIONES%202006/RES%202006%201351-1400/&order=desc&sort=date HTTP/1.1" 200 12366
54.184.159.16 - - [06/Nov/2023:16:23:40 -0500] "GET /BLA/resoluciones/index.php?dir=RESOLUCIONES%202006/RES%202006%201901-1950/&order=desc&sort=date HTTP/1.1" 200 12359
50.112.160.3 - - [06/Nov/2023:16:23:50 -0500] "GET /BLA/resoluciones/index.php?dir=RESOLUCIONES%202005/RES%202005%20301-351/&order=desc&sort=date HTTP/1.1" 200 12251
44.231.202.44 - - [06/Nov/2023:16:23:50 -0500] "GET /BLA/resoluciones/index.php?dir=RESOLUCIONES%202005/RES%202005%202151-2200/&order=desc&sort=size HTTP/1.1" 200 12454
44.231.202.44 - - [06/Nov/2023:16:23:50 -0500] "GET /BLA/resoluciones/index.php?dir=RESOLUCIONES%202004/RES%202004%201051-1100/&order=desc&sort=size HTTP/1.1" 200 12163
50.112.160.3 - - [06/Nov/2023:16:24:13 -0500] "GET /BLA/resoluciones/index.php?dir=RESOLUCIONES%202004/RES%202004%202051-2100/&order=asc&sort=name HTTP/1.1" 200 12370
50.112.160.3 - - [06/Nov/2023:16:24:16 -0500] "GET /BLA/resoluciones/index.php?dir=RESOLUCIONES%202006/RES%202006%20251-300/&order=desc&sort=date HTTP/1.1" 200 12235
44.231.202.44 - - [06/Nov/2023:16:24:16 -0500] "GET /BLA/resoluciones/index.php?dir=RESOLUCIONES%202004/RES%202004%20851-900/&order=asc&sort=name HTTP/1.1" 200 12040
44.231.202.44 - - [06/Nov/2023:16:24:21 -0500] "GET /BLA/resoluciones/index.php?dir=RESOLUCIONES%202007/RES%202007%20201%20AL%20300/&order=desc&sort=size HTTP/1.1" 200 27109
54.184.159.16 - - [06/Nov/2023:16:24:23 -0500] "GET /BLA/resoluciones/index.php?dir=RESOLUCIONES%202006/RES%202006%20301-350/&order=asc&sort=name HTTP/1.1" 200 12249
50.112.160.3 - - [06/Nov/2023:16:24:24 -0500] "GET /BLA/resoluciones/index.php?dir=RESOLUCIONES%202004/RES%202004%201951-2000/&order=desc&sort=date HTTP/1.1" 200 12354
50.112.160.3 - - [06/Nov/2023:16:24:25 -0500] "GET /BLA/resoluciones/index.php?dir=RESOLUCIONES%202006/RES%202006%20251-300/&order=asc&sort=name HTTP/1.1" 200 12236
44.231.202.44 - - [06/Nov/2023:16:24:30 -0500] "GET /BLA/resoluciones/index.php?dir=RESOLUCIONES%202006/RES%202006%20651-700/&order=desc&sort=size HTTP/1.1" 200 12251
50.112.160.3 - - [06/Nov/2023:16:24:31 -0500] "GET /BLA/resoluciones/index.php?dir=RESOLUCIONES%202004/RES%202004%202051-2100/&order=desc&sort=size HTTP/1.1" 200 12369
40.77.167.70 - - [06/Nov/2023:16:24:31 -0500] "GET /el-reverdecer-de-bogota-no-para-207-nuevos-arboles-plantados-en-el-sur-de-la-ciudad.html HTTP/1.1" 200 912
50.112.160.3 - - [06/Nov/2023:16:24:31 -0500] "GET /BLA/resoluciones/index.php?dir=RESOLUCIONES%202004/RES%202004%201151-1200/&order=asc&sort=size HTTP/1.1" 200 12176
54.184.159.16 - - [06/Nov/2023:16:24:35 -0500] "GET /BLA/resoluciones/index.php?dir=RESOLUCIONES%202005/RES%202005%20901-950/&order=desc&sort=size HTTP/1.1" 200 12244
44.231.202.44 - - [06/Nov/2023:16:24:36 -0500] "GET /BLA/resoluciones/index.php?dir=RESOLUCIONES%202006/RES%202006%202701-2750/&order=asc&sort=name HTTP/1.1" 200 12367
50.112.160.3 - - [06/Nov/2023:16:24:36 -0500] "GET /BLA/resoluciones/index.php?dir=RESOLUCIONES%202006/RES%202006%202551-2600/&order=desc&sort=size HTTP/1.1" 200 12353
50.112.160.3 - - [06/Nov/2023:16:24:37 -0500] "GET /BLA/resoluciones/index.php?dir=RESOLUCIONES%202006/RES%202006%20301-350/ HTTP/1.1" 200 12249
54.184.159.16 - - [06/Nov/2023:16:24:44 -0500] "GET /BLA/resoluciones/index.php?dir=RESOLUCIONES%202006/RES%202006%201151-1200/&order=desc&sort=size HTTP/1.1" 200 12364
181.237.13.205 - - [06/Nov/2023:16:24:49 -0500] "GET /sipse/faces/faces/index.xhtml HTTP/1.1" 200 677
181.237.13.205 - - [06/Nov/2023:16:24:49 -0500] "GET /sipse/faces/javax.faces.resource/theme.css?ln=primefaces-sipse HTTP/1.1" 304 -
181.237.13.205 - - [06/Nov/2023:16:24:49 -0500] "GET /favicon.ico HTTP/1.1" 200 7782
181.237.13.205 - - [06/Nov/2023:16:24:49 -0500] "GET /sipse/faces/faces/faces/autenticacion.xhtml HTTP/1.1" 200 12404
181.237.13.205 - - [06/Nov/2023:16:24:49 -0500] "GET /sipse/js/disable_browser_buttons.js HTTP/1.1" 200 3230
181.237.13.205 - - [06/Nov/2023:16:24:49 -0500] "GET /sipse/css/custom_css_sg.css HTTP/1.1" 200 9694
181.237.13.205 - - [06/Nov/2023:16:24:49 -0500] "GET /sipse/css/custom_css_sg_prime_login.css HTTP/1.1" 200 443
181.237.13.205 - - [06/Nov/2023:16:24:49 -0500] "GET /sipse/faces/javax.faces.resource/theme.css?ln=primefaces-sipse HTTP/1.1" 304 -
181.237.13.205 - - [06/Nov/2023:16:24:49 -0500] "GET /sipse/faces/javax.faces.resource/primefaces.css?ln=primefaces&v=4.0 HTTP/1.1" 304 -
181.237.13.205 - - [06/Nov/2023:16:24:49 -0500] "GET /sipse/faces/javax.faces.resource/layout/layout.css?ln=primefaces&v=4.0 HTTP/1.1" 304 -
181.237.13.205 - - [06/Nov/2023:16:24:49 -0500] "GET /sipse/js/funciones.js HTTP/1.1" 200 12592
181.237.13.205 - - [06/Nov/2023:16:24:49 -0500] "GET /sipse/faces/javax.faces.resource/jquery/jquery-plugins.js?ln=primefaces&v=4.0 HTTP/1.1" 304 -
181.237.13.205 - - [06/Nov/2023:16:24:49 -0500] "GET /sipse/faces/javax.faces.resource/jquery/jquery.js?ln=primefaces&v=4.0 HTTP/1.1" 304 -
181.237.13.205 - - [06/Nov/2023:16:24:49 -0500] "GET /sipse/faces/javax.faces.resource/primefaces.js?ln=primefaces&v=4.0 HTTP/1.1" 304 -
181.237.13.205 - - [06/Nov/2023:16:24:49 -0500] "GET /sipse/faces/javax.faces.resource/layout/layout.js?ln=primefaces&v=4.0 HTTP/1.1" 304 -
181.237.13.205 - - [06/Nov/2023:16:24:49 -0500] "GET /sipse/css/imagen/loginimg.png HTTP/1.1" 200 71635
181.237.13.205 - - [06/Nov/2023:16:24:49 -0500] "GET /sipse/css/imagen/logoSDG.png HTTP/1.1" 200 53064
181.237.13.205 - - [06/Nov/2023:16:24:49 -0500] "GET /sipse/faces/javax.faces.resource/images/ui-icons_898989_256x240.png?ln=primefaces-aristo HTTP/1.1" 200 5355
54.184.159.16 - - [06/Nov/2023:16:24:49 -0500] "GET /BLA/resoluciones/index.php?dir=RESOLUCIONES%202007/RES%202007%20101%20AL%20200/ HTTP/1.1" 200 26931
54.184.159.16 - - [06/Nov/2023:16:24:52 -0500] "GET /BLA/resoluciones/index.php?dir=RESOLUCIONES%202006/RES%202006%20%202951-3000/&order=desc&sort=date HTTP/1.1" 200 12389
181.237.13.205 - - [06/Nov/2023:16:24:59 -0500] "POST /sipse/faces/autenticacion.xhtml HTTP/1.1" 200 2179
181.237.13.205 - - [06/Nov/2023:16:24:59 -0500] "GET /sipse/faces/javax.faces.resource/messages/messages.png?ln=primefaces&v=4.0 HTTP/1.1" 200 27209
44.231.202.44 - - [06/Nov/2023:16:24:59 -0500] "GET /BLA/resoluciones/index.php?dir=RESOLUCIONES%202007/RES%202007%20401%20AL%20500/&order=desc&sort=size HTTP/1.1" 200 26641
50.112.160.3 - - [06/Nov/2023:16:25:03 -0500] "GET /BLA/resoluciones/index.php?dir=RESOLUCIONES%202006/RES%202006%201-50/&order=desc&sort=date HTTP/1.1" 200 11866
181.237.13.205 - - [06/Nov/2023:16:25:04 -0500] "POST /sipse/faces/autenticacion.xhtml HTTP/1.1" 200 2228
44.231.202.44 - - [06/Nov/2023:16:25:05 -0500] "GET /BLA/resoluciones/index.php?dir=RESOLUCIONES%202002/RES%202002%20601-650/&order=desc&sort=size HTTP/1.1" 200 12036
181.237.13.205 - - [06/Nov/2023:16:25:06 -0500] "POST /sipse/faces/autenticacion.xhtml HTTP/1.1" 200 16354
181.237.13.205 - - [06/Nov/2023:16:25:06 -0500] "GET /sipse/css/custom_css_sg_prime.css HTTP/1.1" 200 5201
181.237.13.205 - - [06/Nov/2023:16:25:06 -0500] "GET /sipse/faces/javax.faces.resource/theme.css?ln=primefaces-sipse HTTP/1.1" 304 -
181.237.13.205 - - [06/Nov/2023:16:25:06 -0500] "GET /sipse/faces/javax.faces.resource/primefaces.css?ln=primefaces&v=4.0 HTTP/1.1" 304 -
181.237.13.205 - - [06/Nov/2023:16:25:06 -0500] "GET /sipse/faces/javax.faces.resource/layout/layout.css?ln=primefaces&v=4.0 HTTP/1.1" 304 -
181.237.13.205 - - [06/Nov/2023:16:25:06 -0500] "GET /sipse/js/jquery.min.js HTTP/1.1" 200 85582
181.237.13.205 - - [06/Nov/2023:16:25:06 -0500] "GET /sipse/faces/javax.faces.resource/jquery/jquery.js?ln=primefaces&v=4.0 HTTP/1.1" 304 -
181.237.13.205 - - [06/Nov/2023:16:25:06 -0500] "GET /sipse/faces/javax.faces.resource/jquery/jquery-plugins.js?ln=primefaces&v=4.0 HTTP/1.1" 304 -
181.237.13.205 - - [06/Nov/2023:16:25:06 -0500] "GET /sipse/faces/javax.faces.resource/primefaces.js?ln=primefaces&v=4.0 HTTP/1.1" 304 -
181.237.13.205 - - [06/Nov/2023:16:25:06 -0500] "GET /sipse/faces/javax.faces.resource/layout/layout.js?ln=primefaces&v=4.0 HTTP/1.1" 304 -
181.237.13.205 - - [06/Nov/2023:16:25:06 -0500] "GET /sipse/css/v_mergente.css HTTP/1.1" 200 1505
181.237.13.205 - - [06/Nov/2023:16:25:06 -0500] "GET /sipse/css/imagen/contrasena.png HTTP/1.1" 404 383
181.237.13.205 - - [06/Nov/2023:16:25:06 -0500] "GET /sipse/imagenes/cargando.gif HTTP/1.1" 200 36959
181.237.13.205 - - [06/Nov/2023:16:25:06 -0500] "GET /sipse/imagenes/logoAplicacion.jpg HTTP/1.1" 200 155084
44.231.202.44 - - [06/Nov/2023:16:25:06 -0500] "GET /BLA/resoluciones/index.php?dir=RESOLUCIONES%202007/RES%202007%20101%20AL%20200/&order=desc&sort=date HTTP/1.1" 200 26930
181.237.13.205 - - [06/Nov/2023:16:25:09 -0500] "GET /sipse/faces/javax.faces.resource/images/ui-bg_flat_0_2d5972_40x100.png?ln=primefaces-aristo HTTP/1.1" 200 183
181.237.13.205 - - [06/Nov/2023:16:25:09 -0500] "POST /sipse/faces/bienvenido.xhtml HTTP/1.1" 200 2658
44.231.202.44 - - [06/Nov/2023:16:25:09 -0500] "GET /BLA/resoluciones/index.php?dir=RESOLUCIONES%202006/RES%202006%20751-800/&order=desc&sort=date HTTP/1.1" 200 12234
181.237.13.205 - - [06/Nov/2023:16:25:12 -0500] "POST /sipse/faces/bienvenido.xhtml HTTP/1.1" 200 184
181.237.13.205 - - [06/Nov/2023:16:25:12 -0500] "GET /sipse/faces/presentacion/financiero/solicitudAnulacion/solicitudAnulacion.xhtml HTTP/1.1" 200 71128
181.237.13.205 - - [06/Nov/2023:16:25:14 -0500] "GET /sipse/faces/javax.faces.resource/theme.css?ln=primefaces-sipse HTTP/1.1" 304 -
181.237.13.205 - - [06/Nov/2023:16:25:14 -0500] "GET /sipse/faces/javax.faces.resource/primefaces.css?ln=primefaces&v=4.0 HTTP/1.1" 304 -
181.237.13.205 - - [06/Nov/2023:16:25:14 -0500] "GET /sipse/faces/javax.faces.resource/jquery/jquery.js?ln=primefaces&v=4.0 HTTP/1.1" 304 -
181.237.13.205 - - [06/Nov/2023:16:25:14 -0500] "GET /sipse/faces/javax.faces.resource/layout/layout.css?ln=primefaces&v=4.0 HTTP/1.1" 304 -
181.237.13.205 - - [06/Nov/2023:16:25:14 -0500] "GET /sipse/faces/javax.faces.resource/jquery/jquery-plugins.js?ln=primefaces&v=4.0 HTTP/1.1" 304 -
181.237.13.205 - - [06/Nov/2023:16:25:14 -0500] "GET /sipse/faces/javax.faces.resource/primefaces.js?ln=primefaces&v=4.0 HTTP/1.1" 304 -
181.237.13.205 - - [06/Nov/2023:16:25:14 -0500] "GET /sipse/faces/javax.faces.resource/layout/layout.js?ln=primefaces&v=4.0 HTTP/1.1" 304 -
181.237.13.205 - - [06/Nov/2023:16:25:14 -0500] "POST /sipse/faces/presentacion/financiero/solicitudAnulacion/solicitudAnulacion.xhtml HTTP/1.1" 200 49297
44.231.202.44 - - [06/Nov/2023:16:25:18 -0500] "GET /BLA/resoluciones/index.php?dir=RESOLUCIONES%202002/RES%202002%201351-1400/&order=desc&sort=date HTTP/1.1" 200 12140
181.237.13.205 - - [06/Nov/2023:16:25:18 -0500] "POST /sipse/faces/presentacion/financiero/solicitudAnulacion/solicitudAnulacion.xhtml HTTP/1.1" 200 36076
181.237.13.205 - - [06/Nov/2023:16:25:18 -0500] "GET /sipse/faces/javax.faces.resource/theme.css?ln=primefaces-sipse HTTP/1.1" 304 -
181.237.13.205 - - [06/Nov/2023:16:25:18 -0500] "GET /sipse/faces/javax.faces.resource/primefaces.css?ln=primefaces&v=4.0 HTTP/1.1" 304 -
181.237.13.205 - - [06/Nov/2023:16:25:18 -0500] "GET /sipse/faces/javax.faces.resource/fileupload/fileupload.css?ln=primefaces&v=4.0 HTTP/1.1" 200 1330
181.237.13.205 - - [06/Nov/2023:16:25:18 -0500] "GET /sipse/faces/javax.faces.resource/layout/layout.css?ln=primefaces&v=4.0 HTTP/1.1" 304 -
181.237.13.205 - - [06/Nov/2023:16:25:19 -0500] "GET /sipse/faces/javax.faces.resource/jquery/jquery.js?ln=primefaces&v=4.0 HTTP/1.1" 304 -
181.237.13.205 - - [06/Nov/2023:16:25:19 -0500] "GET /sipse/faces/javax.faces.resource/jquery/jquery-plugins.js?ln=primefaces&v=4.0 HTTP/1.1" 304 -
181.237.13.205 - - [06/Nov/2023:16:25:19 -0500] "GET /sipse/faces/javax.faces.resource/primefaces.js?ln=primefaces&v=4.0 HTTP/1.1" 304 -
181.237.13.205 - - [06/Nov/2023:16:25:19 -0500] "GET /sipse/faces/javax.faces.resource/layout/layout.js?ln=primefaces&v=4.0 HTTP/1.1" 304 -
181.237.13.205 - - [06/Nov/2023:16:25:19 -0500] "GET /sipse/faces/javax.faces.resource/fileupload/fileupload.js?ln=primefaces&v=4.0 HTTP/1.1" 200 28091
181.237.13.205 - - [06/Nov/2023:16:25:22 -0500] "POST /sipse/faces/presentacion/financiero/solicitudAnulacion/registrarSolicitudAnulacion.xhtml HTTP/1.1" 200 19439
54.184.159.16 - - [06/Nov/2023:16:25:30 -0500] "GET /BLA/resoluciones/index.php?dir=RESOLUCIONES%202006/RES%202006%201-50/ HTTP/1.1" 200 11867
181.237.13.205 - - [06/Nov/2023:16:25:32 -0500] "POST /sipse/faces/presentacion/financiero/solicitudAnulacion/registrarSolicitudAnulacion.xhtml HTTP/1.1" 200 19453
201.245.192.253 - - [06/Nov/2023:16:25:32 -0500] "POST /kwsrmcab/Wsrmcab  HTTP/1.1" 200 42686
216.245.221.92 - - [06/Nov/2023:16:25:37 -0500] "HEAD / HTTP/1.1" 200 -
44.231.202.44 - - [06/Nov/2023:16:25:40 -0500] "GET /BLA/resoluciones/index.php?dir=RESOLUCIONES%202004/RES%202004%20851-900/&order=desc&sort=size HTTP/1.1" 200 12039
54.184.159.16 - - [06/Nov/2023:16:25:41 -0500] "GET /BLA/resoluciones/index.php?dir=RESOLUCIONES%202007/RES%202007%203601%20AL%203700/&order=asc&sort=name HTTP/1.1" 200 26855
50.112.160.3 - - [06/Nov/2023:16:25:46 -0500] "GET /BLA/resoluciones/index.php?dir=RESOLUCIONES%202006/RES%202006%201501-1550/&order=desc&sort=date HTTP/1.1" 200 12369
44.231.202.44 - - [06/Nov/2023:16:25:47 -0500] "GET /BLA/resoluciones/index.php?dir=RESOLUCIONES%202007/RES%202007%20901%20AL%201000/&order=asc&sort=name HTTP/1.1" 200 26734
50.112.160.3 - - [06/Nov/2023:16:25:50 -0500] "GET /BLA/resoluciones/index.php?dir=RESOLUCIONES%202006/RES%202006%201901-1950/&order=desc&sort=size HTTP/1.1" 200 12359
44.231.202.44 - - [06/Nov/2023:16:26:01 -0500] "GET /BLA/resoluciones/index.php?dir=RESOLUCIONES%202006/RES%202006%20301-350/&order=desc&sort=size HTTP/1.1" 200 12248
44.231.202.44 - - [06/Nov/2023:16:26:01 -0500] "GET /BLA/resoluciones/index.php?dir=RESOLUCIONES%202005/RES%202005%201151-1200/&order=desc&sort=date HTTP/1.1" 200 12361
181.237.13.205 - - [06/Nov/2023:16:26:03 -0500] "POST /sipse/faces/presentacion/financiero/solicitudAnulacion/registrarSolicitudAnulacion.xhtml HTTP/1.1" 200 3874
157.55.39.60 - - [06/Nov/2023:16:26:09 -0500] "GET /BLA/resoluciones/RESOLUCIONES%202021/5378.pdf HTTP/1.1" 200 511679
157.55.39.60 - - [06/Nov/2023:16:26:10 -0500] "GET /bla/resoluciones/notificaciones/autos%202020/1492.pdf HTTP/1.1" 200 440050
181.237.13.205 - - [06/Nov/2023:16:26:12 -0500] "POST /sipse/faces/presentacion/financiero/solicitudAnulacion/registrarSolicitudAnulacion.xhtml HTTP/1.1" 200 3880
54.184.159.16 - - [06/Nov/2023:16:26:15 -0500] "GET /BLA/resoluciones/index.php?dir=RESOLUCIONES%202005/RES%202005%202551-2600/&order=desc&sort=size HTTP/1.1" 200 12366
157.55.39.60 - - [06/Nov/2023:16:26:16 -0500] "GET /BLA/resoluciones/AUTOS%202023/5190.pdf HTTP/1.1" 200 876260
44.231.202.44 - - [06/Nov/2023:16:26:21 -0500] "GET /BLA/resoluciones/index.php?dir=RESOLUCIONES%202006/RES%202006%20951-1000/&order=desc&sort=size HTTP/1.1" 200 12307
54.184.159.16 - - [06/Nov/2023:16:26:26 -0500] "GET /BLA/resoluciones/index.php?dir=RESOLUCIONES%202006/RES%202006%202651-2700/&order=asc&sort=name HTTP/1.1" 200 12365
181.237.13.205 - - [06/Nov/2023:16:26:27 -0500] "POST /sipse/faces/presentacion/financiero/solicitudAnulacion/registrarSolicitudAnulacion.xhtml HTTP/1.1" 200 3947
181.237.13.205 - - [06/Nov/2023:16:26:27 -0500] "POST /sipse/faces/presentacion/financiero/solicitudAnulacion/registrarSolicitudAnulacion.xhtml HTTP/1.1" 200 40759
181.237.13.205 - - [06/Nov/2023:16:26:28 -0500] "GET /sipse/faces/javax.faces.resource/theme.css?ln=primefaces-sipse HTTP/1.1" 304 -
181.237.13.205 - - [06/Nov/2023:16:26:28 -0500] "GET /sipse/faces/javax.faces.resource/primefaces.css?ln=primefaces&v=4.0 HTTP/1.1" 304 -
181.237.13.205 - - [06/Nov/2023:16:26:28 -0500] "GET /sipse/faces/javax.faces.resource/layout/layout.css?ln=primefaces&v=4.0 HTTP/1.1" 304 -
181.237.13.205 - - [06/Nov/2023:16:26:28 -0500] "GET /sipse/faces/javax.faces.resource/jquery/jquery.js?ln=primefaces&v=4.0 HTTP/1.1" 304 -
181.237.13.205 - - [06/Nov/2023:16:26:28 -0500] "GET /sipse/faces/javax.faces.resource/jquery/jquery-plugins.js?ln=primefaces&v=4.0 HTTP/1.1" 304 -
181.237.13.205 - - [06/Nov/2023:16:26:28 -0500] "GET /sipse/faces/javax.faces.resource/primefaces.js?ln=primefaces&v=4.0 HTTP/1.1" 304 -
181.237.13.205 - - [06/Nov/2023:16:26:28 -0500] "GET /sipse/faces/javax.faces.resource/layout/layout.js?ln=primefaces&v=4.0 HTTP/1.1" 304 -
50.112.160.3 - - [06/Nov/2023:16:26:30 -0500] "GET /BLA/resoluciones/index.php?dir=RESOLUCIONES%202006/RES%202006%20501-550/&order=asc&sort=name HTTP/1.1" 200 12241
44.231.202.44 - - [06/Nov/2023:16:26:31 -0500] "GET /BLA/resoluciones/index.php?dir=RESOLUCIONES%202007/RES%202007%202401%20AL%202500/&order=desc&sort=size HTTP/1.1" 200 26868
181.237.13.205 - - [06/Nov/2023:16:26:33 -0500] "POST /sipse/faces/presentacion/financiero/solicitudProceso/consultar.xhtml HTTP/1.1" 200 12789
50.112.160.3 - - [06/Nov/2023:16:26:34 -0500] "GET /BLA/resoluciones/index.php?dir=RESOLUCIONES%202006/RES%202006%20951-1000/&order=desc&sort=date HTTP/1.1" 200 12307
181.237.13.205 - - [06/Nov/2023:16:26:35 -0500] "POST /sipse/faces/presentacion/financiero/solicitudProceso/consultar.xhtml HTTP/1.1" 200 45331
181.237.13.205 - - [06/Nov/2023:16:26:36 -0500] "GET /sipse/faces/javax.faces.resource/theme.css?ln=primefaces-sipse HTTP/1.1" 304 -
181.237.13.205 - - [06/Nov/2023:16:26:36 -0500] "GET /sipse/faces/javax.faces.resource/primefaces.css?ln=primefaces&v=4.0 HTTP/1.1" 304 -
181.237.13.205 - - [06/Nov/2023:16:26:36 -0500] "GET /sipse/faces/javax.faces.resource/fileupload/fileupload.css?ln=primefaces&v=4.0 HTTP/1.1" 304 -
181.237.13.205 - - [06/Nov/2023:16:26:36 -0500] "GET /sipse/faces/javax.faces.resource/layout/layout.css?ln=primefaces&v=4.0 HTTP/1.1" 304 -
181.237.13.205 - - [06/Nov/2023:16:26:36 -0500] "GET /sipse/faces/javax.faces.resource/jquery/jquery.js?ln=primefaces&v=4.0 HTTP/1.1" 304 -
181.237.13.205 - - [06/Nov/2023:16:26:36 -0500] "GET /sipse/faces/javax.faces.resource/jquery/jquery-plugins.js?ln=primefaces&v=4.0 HTTP/1.1" 304 -
181.237.13.205 - - [06/Nov/2023:16:26:36 -0500] "GET /sipse/faces/javax.faces.resource/primefaces.js?ln=primefaces&v=4.0 HTTP/1.1" 304 -
181.237.13.205 - - [06/Nov/2023:16:26:36 -0500] "GET /sipse/faces/javax.faces.resource/layout/layout.js?ln=primefaces&v=4.0 HTTP/1.1" 304 -
181.237.13.205 - - [06/Nov/2023:16:26:36 -0500] "GET /sipse/faces/javax.faces.resource/fileupload/fileupload.js?ln=primefaces&v=4.0 HTTP/1.1" 304 -
54.184.159.16 - - [06/Nov/2023:16:26:38 -0500] "GET /BLA/resoluciones/index.php?dir=RESOLUCIONES%202007/RES%202007%201301%20AL%201400/&order=asc&sort=name HTTP/1.1" 200 26817
44.231.202.44 - - [06/Nov/2023:16:26:39 -0500] "GET /BLA/resoluciones/index.php?dir=RESOLUCIONES%202006/RES%202006%201901-1950/&order=asc&sort=name HTTP/1.1" 200 12360
181.237.13.205 - - [06/Nov/2023:16:26:46 -0500] "POST /sipse/faces/presentacion/financiero/solicitudAnulacion/registrarSolicitudAnulacion.xhtml HTTP/1.1" 200 29215
181.237.13.205 - - [06/Nov/2023:16:26:49 -0500] "GET /sipse/faces/javax.faces.resource/theme.css?ln=primefaces-sipse HTTP/1.1" 304 -
181.237.13.205 - - [06/Nov/2023:16:26:49 -0500] "GET /sipse/faces/javax.faces.resource/layout/layout.css?ln=primefaces&v=4.0 HTTP/1.1" 304 -
181.237.13.205 - - [06/Nov/2023:16:26:49 -0500] "GET /sipse/faces/javax.faces.resource/primefaces.css?ln=primefaces&v=4.0 HTTP/1.1" 304 -
181.237.13.205 - - [06/Nov/2023:16:26:49 -0500] "GET /sipse/faces/javax.faces.resource/jquery/jquery.js?ln=primefaces&v=4.0 HTTP/1.1" 304 -
181.237.13.205 - - [06/Nov/2023:16:26:49 -0500] "GET /sipse/faces/javax.faces.resource/jquery/jquery-plugins.js?ln=primefaces&v=4.0 HTTP/1.1" 304 -
181.237.13.205 - - [06/Nov/2023:16:26:49 -0500] "GET /sipse/faces/javax.faces.resource/primefaces.js?ln=primefaces&v=4.0 HTTP/1.1" 304 -
181.237.13.205 - - [06/Nov/2023:16:26:49 -0500] "GET /sipse/faces/javax.faces.resource/layout/layout.js?ln=primefaces&v=4.0 HTTP/1.1" 304 -
181.237.13.205 - - [06/Nov/2023:16:26:49 -0500] "POST /sipse/faces/presentacion/financiero/solicitudAnulacion/solicitudAnulacion.xhtml HTTP/1.1" 200 51604
54.184.159.16 - - [06/Nov/2023:16:26:58 -0500] "GET /BLA/resoluciones/index.php?dir=RESOLUCIONES%202006/RES%202006%20201-250/&order=asc&sort=name HTTP/1.1" 200 12238
50.112.160.3 - - [06/Nov/2023:16:27:00 -0500] "GET /BLA/resoluciones/index.php?dir=RESOLUCIONES%202018/ HTTP/1.1" 200 279938
44.231.202.44 - - [06/Nov/2023:16:27:05 -0500] "GET /BLA/resoluciones/index.php?dir=RESOLUCIONES%202005/RES%202005%202901-2950/&order=desc&sort=date HTTP/1.1" 200 12330
201.245.192.253 - - [06/Nov/2023:16:27:05 -0500] "POST /kwsrmcab/Wsrmcab HTTP/1.1" 200 40794
201.245.192.253 - - [06/Nov/2023:16:27:07 -0500] "POST /kwsrmcab/Wsrmcab HTTP/1.1" 200 40327
181.237.13.205 - - [06/Nov/2023:16:27:10 -0500] "POST /sipse/faces/presentacion/financiero/solicitudAnulacion/solicitudAnulacion.xhtml HTTP/1.1" 200 36076
181.237.13.205 - - [06/Nov/2023:16:27:10 -0500] "GET /sipse/faces/javax.faces.resource/theme.css?ln=primefaces-sipse HTTP/1.1" 304 -
181.237.13.205 - - [06/Nov/2023:16:27:10 -0500] "GET /sipse/faces/javax.faces.resource/primefaces.css?ln=primefaces&v=4.0 HTTP/1.1" 304 -
181.237.13.205 - - [06/Nov/2023:16:27:10 -0500] "GET /sipse/faces/javax.faces.resource/layout/layout.css?ln=primefaces&v=4.0 HTTP/1.1" 304 -
181.237.13.205 - - [06/Nov/2023:16:27:10 -0500] "GET /sipse/faces/javax.faces.resource/jquery/jquery.js?ln=primefaces&v=4.0 HTTP/1.1" 304 -
181.237.13.205 - - [06/Nov/2023:16:27:10 -0500] "GET /sipse/faces/javax.faces.resource/jquery/jquery-plugins.js?ln=primefaces&v=4.0 HTTP/1.1" 304 -
181.237.13.205 - - [06/Nov/2023:16:27:11 -0500] "GET /sipse/faces/javax.faces.resource/primefaces.js?ln=primefaces&v=4.0 HTTP/1.1" 304 -
181.237.13.205 - - [06/Nov/2023:16:27:11 -0500] "GET /sipse/faces/javax.faces.resource/layout/layout.js?ln=primefaces&v=4.0 HTTP/1.1" 304 -
181.237.13.205 - - [06/Nov/2023:16:27:11 -0500] "GET /sipse/faces/javax.faces.resource/fileupload/fileupload.js?ln=primefaces&v=4.0 HTTP/1.1" 304 -
181.237.13.205 - - [06/Nov/2023:16:27:11 -0500] "GET /sipse/faces/javax.faces.resource/fileupload/fileupload.css?ln=primefaces&v=4.0 HTTP/1.1" 304 -
44.231.202.44 - - [06/Nov/2023:16:27:12 -0500] "GET /BLA/resoluciones/index.php?dir=RESOLUCIONES%202004/RES%202004%202001-2050/&order=desc&sort=size HTTP/1.1" 200 12346
50.112.160.3 - - [06/Nov/2023:16:27:13 -0500] "GET /BLA/resoluciones/index.php?dir=RESOLUCIONES%201998/ HTTP/1.1" 200 14920
54.184.159.16 - - [06/Nov/2023:16:27:13 -0500] "GET /BLA/resoluciones/index.php?dir=RESOLUCIONES%202002/RES%202002%201701-1750/&order=desc&sort=date HTTP/1.1" 200 12140
181.237.13.205 - - [06/Nov/2023:16:27:14 -0500] "POST /sipse/faces/presentacion/financiero/solicitudAnulacion/registrarSolicitudAnulacion.xhtml HTTP/1.1" 200 19439
44.231.202.44 - - [06/Nov/2023:16:27:14 -0500] "GET /BLA/resoluciones/index.php?dir=RESOLUCIONES%202005/RES%202005%20601-650/&order=desc&sort=size HTTP/1.1" 200 12245
181.237.13.205 - - [06/Nov/2023:16:27:15 -0500] "POST /sipse/faces/presentacion/financiero/solicitudAnulacion/registrarSolicitudAnulacion.xhtml HTTP/1.1" 200 19453
54.184.159.16 - - [06/Nov/2023:16:27:18 -0500] "GET /BLA/resoluciones/index.php?dir=RESOLUCIONES%202007/RES%202007%201726%20AL%201800/&order=desc&sort=date HTTP/1.1" 200 20644
66.249.66.21 - - [06/Nov/2023:16:27:21 -0500] "GET /BLA/resoluciones/RESOLUCIONES%202008/4662.pdf HTTP/1.1" 200 1299247
50.112.160.3 - - [06/Nov/2023:16:27:21 -0500] "GET /BLA/resoluciones/index.php?dir=RESOLUCIONES%202005/RES%202005%20901-950/&order=asc&sort=name HTTP/1.1" 200 12245
181.237.13.205 - - [06/Nov/2023:16:27:23 -0500] "POST /sipse/faces/presentacion/financiero/solicitudAnulacion/registrarSolicitudAnulacion.xhtml HTTP/1.1" 200 3851
44.231.202.44 - - [06/Nov/2023:16:27:24 -0500] "GET /BLA/resoluciones/index.php?dir=RESOLUCIONES%202004/RES%202004%201751-1800/&order=asc&sort=name HTTP/1.1" 200 12363
172.22.2.4 - - [06/Nov/2023:16:25:48 -0500] "HEAD /BLA/boletinlegal/ HTTP/1.1" 200 -
50.112.160.3 - - [06/Nov/2023:16:27:29 -0500] "GET /BLA/resoluciones/index.php?dir=RESOLUCIONES%202006/RES%202006%20101-150/&order=desc&sort=date HTTP/1.1" 200 12240
181.237.13.205 - - [06/Nov/2023:16:27:35 -0500] "POST /sipse/faces/presentacion/financiero/solicitudAnulacion/registrarSolicitudAnulacion.xhtml HTTP/1.1" 200 3875
50.112.160.3 - - [06/Nov/2023:16:27:37 -0500] "GET /BLA/resoluciones/index.php?dir=RESOLUCIONES%202004/RES%202004%201701-1750/&order=desc&sort=date HTTP/1.1" 200 12357
50.112.160.3 - - [06/Nov/2023:16:27:42 -0500] "GET /BLA/resoluciones/index.php?dir=RESOLUCIONES%202002/RES%202002%201001-1050/&order=desc&sort=date HTTP/1.1" 200 12609
44.231.202.44 - - [06/Nov/2023:16:27:46 -0500] "GET /BLA/resoluciones/index.php?dir=RESOLUCIONES%202004/RES%202004%201651-1700/&order=desc&sort=size HTTP/1.1" 200 12369
50.112.160.3 - - [06/Nov/2023:16:27:48 -0500] "GET /BLA/resoluciones/index.php?dir=RESOLUCIONES%202005/RES%202005%20601-650/&order=asc&sort=name HTTP/1.1" 200 12246
181.237.13.205 - - [06/Nov/2023:16:28:05 -0500] "POST /sipse/faces/presentacion/financiero/solicitudAnulacion/registrarSolicitudAnulacion.xhtml HTTP/1.1" 200 3994
50.112.160.3 - - [06/Nov/2023:16:28:08 -0500] "GET /BLA/resoluciones/index.php?dir=RESOLUCIONES%202002/RES%202002%201701-1750/&order=desc&sort=size HTTP/1.1" 200 12140
44.231.202.44 - - [06/Nov/2023:16:28:10 -0500] "GET /BLA/resoluciones/index.php?dir=RESOLUCIONES%202007/RES%202007%202501%20AL%202600/&order=asc&sort=name HTTP/1.1" 200 26847
181.237.13.205 - - [06/Nov/2023:16:28:11 -0500] "POST /sipse/faces/presentacion/financiero/solicitudAnulacion/registrarSolicitudAnulacion.xhtml HTTP/1.1" 200 40759
181.237.13.205 - - [06/Nov/2023:16:28:11 -0500] "GET /sipse/faces/javax.faces.resource/theme.css?ln=primefaces-sipse HTTP/1.1" 304 -
181.237.13.205 - - [06/Nov/2023:16:28:11 -0500] "GET /sipse/faces/javax.faces.resource/primefaces.css?ln=primefaces&v=4.0 HTTP/1.1" 304 -
181.237.13.205 - - [06/Nov/2023:16:28:11 -0500] "GET /sipse/faces/javax.faces.resource/layout/layout.css?ln=primefaces&v=4.0 HTTP/1.1" 304 -
181.237.13.205 - - [06/Nov/2023:16:28:11 -0500] "GET /sipse/faces/javax.faces.resource/jquery/jquery.js?ln=primefaces&v=4.0 HTTP/1.1" 304 -
181.237.13.205 - - [06/Nov/2023:16:28:11 -0500] "GET /sipse/faces/javax.faces.resource/jquery/jquery-plugins.js?ln=primefaces&v=4.0 HTTP/1.1" 304 -
181.237.13.205 - - [06/Nov/2023:16:28:11 -0500] "GET /sipse/faces/javax.faces.resource/primefaces.js?ln=primefaces&v=4.0 HTTP/1.1" 304 -
181.237.13.205 - - [06/Nov/2023:16:28:11 -0500] "GET /sipse/faces/javax.faces.resource/layout/layout.js?ln=primefaces&v=4.0 HTTP/1.1" 304 -
50.112.160.3 - - [06/Nov/2023:16:28:16 -0500] "GET /BLA/resoluciones/index.php?dir=RESOLUCIONES%202004/RES%202004%201451-1500/&order=desc&sort=size HTTP/1.1" 200 12352
50.112.160.3 - - [06/Nov/2023:16:28:17 -0500] "GET /BLA/resoluciones/index.php?dir=RESOLUCIONES%202005/RES%202005%20601-650/&order=desc&sort=date HTTP/1.1" 200 12245
54.184.159.16 - - [06/Nov/2023:16:28:17 -0500] "GET /BLA/resoluciones/index.php?dir=RESOLUCIONES%202006/RES%202006%201601-1650/&order=asc&sort=name HTTP/1.1" 200 12366
181.237.13.205 - - [06/Nov/2023:16:28:19 -0500] "POST /sipse/faces/presentacion/financiero/solicitudProceso/consultar.xhtml HTTP/1.1" 200 12600
172.22.2.4 - - [06/Nov/2023:16:26:39 -0500] "GET /BLA/boletinlegal/ HTTP/1.1" 200 59360
50.112.160.3 - - [06/Nov/2023:16:28:20 -0500] "GET /BLA/resoluciones/index.php?dir=RESOLUCIONES%202002/RES%202002%201001-1050/&order=asc&sort=name HTTP/1.1" 200 12610
181.237.13.205 - - [06/Nov/2023:16:28:21 -0500] "POST /sipse/faces/presentacion/financiero/solicitudProceso/consultar.xhtml HTTP/1.1" 200 45287
181.237.13.205 - - [06/Nov/2023:16:28:21 -0500] "GET /sipse/faces/javax.faces.resource/theme.css?ln=primefaces-sipse HTTP/1.1" 304 -
181.237.13.205 - - [06/Nov/2023:16:28:21 -0500] "GET /sipse/faces/javax.faces.resource/primefaces.css?ln=primefaces&v=4.0 HTTP/1.1" 304 -
181.237.13.205 - - [06/Nov/2023:16:28:21 -0500] "GET /sipse/faces/javax.faces.resource/layout/layout.css?ln=primefaces&v=4.0 HTTP/1.1" 304 -
181.237.13.205 - - [06/Nov/2023:16:28:21 -0500] "GET /sipse/faces/javax.faces.resource/fileupload/fileupload.css?ln=primefaces&v=4.0 HTTP/1.1" 304 -
181.237.13.205 - - [06/Nov/2023:16:28:22 -0500] "GET /sipse/faces/javax.faces.resource/jquery/jquery.js?ln=primefaces&v=4.0 HTTP/1.1" 304 -
181.237.13.205 - - [06/Nov/2023:16:28:22 -0500] "GET /sipse/faces/javax.faces.resource/jquery/jquery-plugins.js?ln=primefaces&v=4.0 HTTP/1.1" 304 -
181.237.13.205 - - [06/Nov/2023:16:28:22 -0500] "GET /sipse/faces/javax.faces.resource/primefaces.js?ln=primefaces&v=4.0 HTTP/1.1" 304 -
181.237.13.205 - - [06/Nov/2023:16:28:22 -0500] "GET /sipse/faces/javax.faces.resource/layout/layout.js?ln=primefaces&v=4.0 HTTP/1.1" 304 -
181.237.13.205 - - [06/Nov/2023:16:28:22 -0500] "GET /sipse/faces/javax.faces.resource/fileupload/fileupload.js?ln=primefaces&v=4.0 HTTP/1.1" 304 -
54.184.159.16 - - [06/Nov/2023:16:28:22 -0500] "GET /BLA/resoluciones/index.php?dir=RESOLUCIONES%202005/RES%202005%202901-2950/&order=desc&sort=size HTTP/1.1" 200 12330
50.112.160.3 - - [06/Nov/2023:16:28:27 -0500] "GET /BLA/resoluciones/index.php?dir=RESOLUCIONES%202006/RES%202006%202101-2150/&order=desc&sort=date HTTP/1.1" 200 12368
50.112.160.3 - - [06/Nov/2023:16:28:27 -0500] "GET /BLA/resoluciones/index.php?dir=RESOLUCIONES%202007/RES%202007%201001%20AL%201100/&order=desc&sort=size HTTP/1.1" 200 26837
44.231.202.44 - - [06/Nov/2023:16:28:28 -0500] "GET /BLA/resoluciones/index.php?dir=RESOLUCIONES%202007/RES%202007%201801%20AL%201900/ HTTP/1.1" 200 26857
44.231.202.44 - - [06/Nov/2023:16:28:30 -0500] "GET /BLA/resoluciones/index.php?dir=RESOLUCIONES%202006/RES%202006%20901-950/&order=desc&sort=size HTTP/1.1" 200 12238
181.237.13.205 - - [06/Nov/2023:16:28:31 -0500] "POST /sipse/faces/presentacion/financiero/solicitudAnulacion/registrarSolicitudAnulacion.xhtml HTTP/1.1" 200 29215
181.237.13.205 - - [06/Nov/2023:16:28:33 -0500] "GET /sipse/faces/javax.faces.resource/theme.css?ln=primefaces-sipse HTTP/1.1" 304 -
181.237.13.205 - - [06/Nov/2023:16:28:33 -0500] "GET /sipse/faces/javax.faces.resource/layout/layout.css?ln=primefaces&v=4.0 HTTP/1.1" 304 -
181.237.13.205 - - [06/Nov/2023:16:28:33 -0500] "GET /sipse/faces/javax.faces.resource/primefaces.css?ln=primefaces&v=4.0 HTTP/1.1" 304 -
181.237.13.205 - - [06/Nov/2023:16:28:33 -0500] "GET /sipse/faces/javax.faces.resource/jquery/jquery.js?ln=primefaces&v=4.0 HTTP/1.1" 304 -
181.237.13.205 - - [06/Nov/2023:16:28:33 -0500] "GET /sipse/faces/javax.faces.resource/jquery/jquery-plugins.js?ln=primefaces&v=4.0 HTTP/1.1" 304 -
181.237.13.205 - - [06/Nov/2023:16:28:33 -0500] "GET /sipse/faces/javax.faces.resource/primefaces.js?ln=primefaces&v=4.0 HTTP/1.1" 304 -
181.237.13.205 - - [06/Nov/2023:16:28:33 -0500] "GET /sipse/faces/javax.faces.resource/layout/layout.js?ln=primefaces&v=4.0 HTTP/1.1" 304 -
54.184.159.16 - - [06/Nov/2023:16:28:34 -0500] "GET /BLA/resoluciones/index.php?dir=RESOLUCIONES%202006/RES%202006%201751-1800/&order=desc&sort=date HTTP/1.1" 200 12367
181.237.13.205 - - [06/Nov/2023:16:28:33 -0500] "POST /sipse/faces/presentacion/financiero/solicitudAnulacion/solicitudAnulacion.xhtml HTTP/1.1" 200 53908
44.231.202.44 - - [06/Nov/2023:16:28:39 -0500] "GET /BLA/resoluciones/index.php?dir=RESOLUCIONES%202002/RES%202002%20151-200/&order=asc&sort=name HTTP/1.1" 200 12570
50.112.160.3 - - [06/Nov/2023:16:28:46 -0500] "GET /BLA/resoluciones/index.php?dir=RESOLUCIONES%202005/RES%202005%201801-1850/&order=desc&sort=date HTTP/1.1" 200 12361
54.184.159.16 - - [06/Nov/2023:16:28:47 -0500] "GET /BLA/resoluciones/index.php?dir=RESOLUCIONES%202006/RES%202006%20401-450/&order=desc&sort=date HTTP/1.1" 200 12244
50.112.160.3 - - [06/Nov/2023:16:28:48 -0500] "GET /BLA/resoluciones/index.php?dir=RESOLUCIONES%202007/RES%202007%201726%20AL%201800/&order=asc&sort=name HTTP/1.1" 200 20645
50.112.160.3 - - [06/Nov/2023:16:28:50 -0500] "GET /BLA/resoluciones/index.php?dir=RESOLUCIONES%202005/RES%202005%203051-3100/&order=desc&sort=date HTTP/1.1" 200 12359
44.231.202.44 - - [06/Nov/2023:16:28:52 -0500] "GET /BLA/resoluciones/index.php?dir=RESOLUCIONES%202006/RES%202006%202701-2750/&order=desc&sort=date HTTP/1.1" 200 12366
44.231.202.44 - - [06/Nov/2023:16:28:53 -0500] "GET /BLA/resoluciones/index.php?dir=RESOLUCIONES%202004/RES%202004%201151-1200/&order=desc&sort=date HTTP/1.1" 200 12175
44.231.202.44 - - [06/Nov/2023:16:29:02 -0500] "GET /BLA/resoluciones/index.php?dir=RESOLUCIONES%202004/RES%202004%201751-1800/&order=desc&sort=size HTTP/1.1" 200 12362
50.112.160.3 - - [06/Nov/2023:16:29:02 -0500] "GET /BLA/resoluciones/index.php?dir=RESOLUCIONES%202002/RES%202002%201601-1650/&order=desc&sort=date HTTP/1.1" 200 12157
54.184.159.16 - - [06/Nov/2023:16:29:06 -0500] "GET /BLA/resoluciones/index.php?dir=RESOLUCIONES%202002/RES%202002%20751-800/&order=desc&sort=size HTTP/1.1" 200 12566
50.112.160.3 - - [06/Nov/2023:16:29:07 -0500] "GET /BLA/resoluciones/index.php?dir=RESOLUCIONES%202002/RES%202002%201801-1850/&order=desc&sort=date HTTP/1.1" 200 12157
50.112.160.3 - - [06/Nov/2023:16:29:07 -0500] "GET /BLA/resoluciones/index.php?dir=RESOLUCIONES%202006/RES%202006%20%202801-2850/&order=desc&sort=date HTTP/1.1" 200 12414
44.231.202.44 - - [06/Nov/2023:16:29:09 -0500] "GET /BLA/resoluciones/index.php?dir=RESOLUCIONES%202004/RES%202004%201601-1650/&order=desc&sort=date HTTP/1.1" 200 12358
50.112.160.3 - - [06/Nov/2023:16:29:12 -0500] "GET /BLA/resoluciones/index.php?dir=RESOLUCIONES%202006/RES%202006%20%203001-3054/&order=desc&sort=date HTTP/1.1" 200 13209
50.112.160.3 - - [06/Nov/2023:16:29:12 -0500] "GET /BLA/resoluciones/index.php?dir=RESOLUCIONES%202005/RES%202005%203051-3100/&order=asc&sort=name HTTP/1.1" 200 12360
44.231.202.44 - - [06/Nov/2023:16:29:13 -0500] "GET /BLA/resoluciones/index.php?dir=RESOLUCIONES%202002/RES%202002%201251-1301/&order=asc&sort=name HTTP/1.1" 200 12148
54.184.159.16 - - [06/Nov/2023:16:29:15 -0500] "GET /BLA/resoluciones/index.php?dir=RESOLUCIONES%202006/RES%202006%20201-250/&order=desc&sort=size HTTP/1.1" 200 12237
172.22.2.4 - - [06/Nov/2023:16:29:22 -0500] "GET /BLA/boletinlegal/robots.txt HTTP/1.1" 404 1038
44.231.202.44 - - [06/Nov/2023:16:29:22 -0500] "GET /BLA/resoluciones/index.php?dir=RESOLUCIONES%202005/RES%202005%202901-2950/&order=asc&sort=name HTTP/1.1" 200 12331
50.112.160.3 - - [06/Nov/2023:16:29:29 -0500] "GET /BLA/resoluciones/index.php?dir=RESOLUCIONES%202006/RES%202006%20601-650/&order=asc&sort=name HTTP/1.1" 200 12250
50.112.160.3 - - [06/Nov/2023:16:29:30 -0500] "GET /BLA/resoluciones/index.php?dir=RESOLUCIONES%202004/RES%202004%20801-850/ HTTP/1.1" 200 12048
50.112.160.3 - - [06/Nov/2023:16:29:37 -0500] "GET /BLA/resoluciones/index.php?dir=RESOLUCIONES%202006/RES%202006%20451-500/&order=desc&sort=date HTTP/1.1" 200 12243
54.184.159.16 - - [06/Nov/2023:16:29:38 -0500] "GET /BLA/resoluciones/index.php?dir=RESOLUCIONES%202007/RES%202007%203201%20AL%203300/&order=desc&sort=date HTTP/1.1" 200 27413
54.184.159.16 - - [06/Nov/2023:16:29:40 -0500] "GET /BLA/resoluciones/index.php?dir=RESOLUCIONES%202007/RES%202007%201601%20AL%201725/&order=desc&sort=size HTTP/1.1" 200 7201
44.231.202.44 - - [06/Nov/2023:16:29:40 -0500] "GET /BLA/resoluciones/index.php?dir=RESOLUCIONES%202007/RES%202007%201%20AL%20100/&order=desc&sort=date HTTP/1.1" 200 26174
54.184.159.16 - - [06/Nov/2023:16:29:51 -0500] "GET /BLA/resoluciones/index.php?dir=RESOLUCIONES%202002/RES%202002%201501-1550/&order=desc&sort=date HTTP/1.1" 200 12146
50.112.160.3 - - [06/Nov/2023:16:29:52 -0500] "GET /BLA/resoluciones/index.php?dir=RESOLUCIONES%202007/RES%202007%202701%20AL%202800/&order=desc&sort=size HTTP/1.1" 200 26888
44.231.202.44 - - [06/Nov/2023:16:29:54 -0500] "GET /BLA/resoluciones/index.php?dir=RESOLUCIONES%202006/RES%202006%201151-1200/&order=desc&sort=date HTTP/1.1" 200 12364
44.231.202.44 - - [06/Nov/2023:16:30:01 -0500] "GET /BLA/resoluciones/index.php?dir=RESOLUCIONES%202006/RES%202006%20701-750/&order=desc&sort=date HTTP/1.1" 200 12250
54.184.159.16 - - [06/Nov/2023:16:30:03 -0500] "GET /BLA/resoluciones/index.php?dir=RESOLUCIONES%202007/RES%202007%202101%20AL%202200/&order=desc&sort=size HTTP/1.1" 200 26621
44.231.202.44 - - [06/Nov/2023:16:30:07 -0500] "GET /BLA/resoluciones/index.php?dir=RESOLUCIONES%202002/RES%202002%201551-1600/&order=asc&sort=name HTTP/1.1" 200 12155
54.184.159.16 - - [06/Nov/2023:16:30:07 -0500] "GET /BLA/resoluciones/index.php?dir=RESOLUCIONES%202002/RES%202002%201001-1050/&order=desc&sort=size HTTP/1.1" 200 12609
54.184.159.16 - - [06/Nov/2023:16:30:10 -0500] "GET /BLA/resoluciones/index.php?dir=RESOLUCIONES%202006/RES%202006%201751-1800/&order=desc&sort=size HTTP/1.1" 200 12367
50.112.160.3 - - [06/Nov/2023:16:30:16 -0500] "GET /BLA/resoluciones/index.php?dir=RESOLUCIONES%202002/RES%202002%201551-1600/&order=desc&sort=size HTTP/1.1" 200 12154
201.245.192.253 - - [06/Nov/2023:16:30:19 -0500] "POST /kwsrmcab/Wsrmcab HTTP/1.1" 200 40794
44.231.202.44 - - [06/Nov/2023:16:30:23 -0500] "GET /BLA/resoluciones/index.php?dir=RESOLUCIONES%202006/RES%202006%201751-1800/&order=asc&sort=name HTTP/1.1" 200 12368
201.245.192.253 - - [06/Nov/2023:16:30:22 -0500] "POST /kwsrmcab/Wsrmcab HTTP/1.1" 200 40327
201.245.192.253 - - [06/Nov/2023:16:30:31 -0500] "POST /kwsrmcab/Wsrmcab  HTTP/1.1" 200 42686
216.245.221.92 - - [06/Nov/2023:16:30:37 -0500] "HEAD / HTTP/1.1" 200 -
54.184.159.16 - - [06/Nov/2023:16:30:43 -0500] "GET /BLA/resoluciones/index.php?dir=RESOLUCIONES%202007/RES%202007%203201%20AL%203300/&order=asc&sort=name HTTP/1.1" 200 27414
50.112.160.3 - - [06/Nov/2023:16:30:44 -0500] "GET /BLA/resoluciones/index.php?dir=RESOLUCIONES%202002/RES%202002%201251-1301/&order=desc&sort=date HTTP/1.1" 200 12147
50.112.160.3 - - [06/Nov/2023:16:30:50 -0500] "GET /BLA/resoluciones/index.php?dir=RESOLUCIONES%202002/RES%202002%2051-100/&order=desc&sort=date HTTP/1.1" 200 12119
44.231.202.44 - - [06/Nov/2023:16:30:57 -0500] "GET /BLA/resoluciones/index.php?dir=RESOLUCIONES%202004/RES%202004%20351-400/&order=asc&sort=name HTTP/1.1" 200 12050
