44.230.252.91 - - [06/Nov/2023:13:26:35 -0500] "GET /BLA/resoluciones/index.php?dir=Notificaciones/AUTOS%202013/&order=desc&sort=name HTTP/1.1" 200 39421
52.25.208.208 - - [06/Nov/2023:13:26:38 -0500] "GET /BLA/resoluciones/index.php?dir=Notificaciones/REGISTROS%202022/&order=asc&sort=size HTTP/1.1" 200 16832
44.231.202.44 - - [06/Nov/2023:13:26:43 -0500] "GET /BLA/resoluciones/index.php?dir=AUTOS%202006/AUTOS%202006%201501%20-%201600/ HTTP/1.1" 200 22232
100.21.24.205 - - [06/Nov/2023:13:26:49 -0500] "GET /BLA/resoluciones/index.php?dir=RESOLUCIONES%202006/RES%202006%20101-150/&order=desc&sort=name HTTP/1.1" 200 12240
52.25.208.208 - - [06/Nov/2023:13:26:49 -0500] "GET /BLA/resoluciones/index.php?dir=RESOLUCIONES%202004/RES%202004%202051-2100/&order=asc&sort=name HTTP/1.1" 200 12370
44.231.202.44 - - [06/Nov/2023:13:26:50 -0500] "GET /portaldeninos/humedal-la-conejera-2/ HTTP/1.1" 200 88020
100.21.24.205 - - [06/Nov/2023:13:26:53 -0500] "GET /BLA/resoluciones/index.php?dir=RESOLUCIONES%202004/RES%202004%201901-1950/&order=desc&sort=size HTTP/1.1" 200 12349
44.230.252.91 - - [06/Nov/2023:13:26:58 -0500] "GET /BLA/resoluciones/index.php?dir=AUTOS%202011/&order=asc&sort=name HTTP/1.1" 200 636914
44.230.252.91 - - [06/Nov/2023:13:27:01 -0500] "GET /BLA/resoluciones/index.php?dir=RESOLUCIONES%202004/RES%202004%202351-2401/&order=asc&sort=name HTTP/1.1" 200 12572
44.231.202.44 - - [06/Nov/2023:13:27:02 -0500] "GET /portaldeninos/aula-ambiental-artistica-itinerante-auambari/ HTTP/1.1" 200 89306
44.230.252.91 - - [06/Nov/2023:13:27:06 -0500] "GET /BLA/resoluciones/RESOLUCIONES%202005/RES%202005%201451-1500/INDEX.DAT HTTP/1.1" 200 2000
201.245.192.253 - - [06/Nov/2023:13:27:05 -0500] "POST /kwsrmcab/Wsrmcab HTTP/1.1" 200 40304
50.112.160.3 - - [06/Nov/2023:13:27:08 -0500] "GET /BLA/resoluciones/index.php?dir=AUTOS%202006/AUTOS%202006%201-100/ HTTP/1.1" 200 21539
201.245.192.253 - - [06/Nov/2023:13:27:08 -0500] "POST /kwsrmcab/Wsrmcab HTTP/1.1" 200 40472
172.22.2.4 - - [06/Nov/2023:13:27:12 -0500] "GET /BLA/boletinlegal/Circulares/2023/CIRCULAR%20No.%2000011%20DEL%2023%20DE%20OCTUBRE%20DEL%202023.pdf HTTP/1.1" 200 334676
52.25.208.208 - - [06/Nov/2023:13:27:16 -0500] "GET /BLA/resoluciones/index.php?dir=AUTOS%202006/AUTOS%202006%202201%20-%202300/&order=asc&sort=date HTTP/1.1" 200 22194
54.184.159.16 - - [06/Nov/2023:13:27:14 -0500] "GET /BLA/resoluciones/index.php?dir=AUTOS%202006/AUTOS%202006%203301%20-%203418/ HTTP/1.1" 200 25807
100.21.24.205 - - [06/Nov/2023:13:27:16 -0500] "GET /BLA/resoluciones/index.php?dir=Notificaciones/AUTOS%202013/&order=asc&sort=size HTTP/1.1" 200 39422
100.21.24.205 - - [06/Nov/2023:13:27:20 -0500] "GET /BLA/resoluciones/RESOLUCIONES%202002/RES%202002%20701-750/INDEX.DAT HTTP/1.1" 200 2000
173.252.95.3 - - [06/Nov/2023:13:27:23 -0500] "GET /images/mercados-campesinos-5-mayo.jpg HTTP/1.1" 200 95848
54.184.159.16 - - [06/Nov/2023:13:27:22 -0500] "GET /BLA/resoluciones/index.php?dir=RESOLUCIONES%202016/&order=asc&sort=size HTTP/1.1" 200 172327
100.21.24.205 - - [06/Nov/2023:13:27:25 -0500] "GET /BLA/resoluciones/index.php?dir=AUTOS%202006/AUTOS%202006%202201%20-%202300/&order=desc&sort=name HTTP/1.1" 200 22193
44.231.202.44 - - [06/Nov/2023:13:27:28 -0500] "GET /BLA/resoluciones/index.php?dir=AUTOS%202006/AUTOS%202006%20201-300/ HTTP/1.1" 200 21766
44.230.252.91 - - [06/Nov/2023:13:27:28 -0500] "GET /BLA/resoluciones/index.php?dir=RESOLUCIONES%202006/RES%202006%20651-700/&order=desc&sort=name HTTP/1.1" 200 12251
100.21.24.205 - - [06/Nov/2023:13:27:30 -0500] "GET /BLA/resoluciones/index.php?dir=RESOLUCIONES%202003/RES%202003%202151-2189/&order=desc&sort=name HTTP/1.1" 200 9914
50.112.160.3 - - [06/Nov/2023:13:27:32 -0500] "GET /BLA/resoluciones/index.php?dir=&order=asc&sort=date HTTP/1.1" 200 13696
52.25.208.208 - - [06/Nov/2023:13:27:37 -0500] "GET /BLA/resoluciones/index.php?dir=AUTOS%202006/AUTOS%202006%202201%20-%202300/&order=asc&sort=size HTTP/1.1" 200 22194
44.230.252.91 - - [06/Nov/2023:13:27:37 -0500] "GET /BLA/resoluciones/index.php?dir=AUTOS%202019/&order=asc&sort=name HTTP/1.1" 200 390105
54.184.159.16 - - [06/Nov/2023:13:27:42 -0500] "GET /BLA/resoluciones/index.php?dir=AUTOS%202006/AUTOS%202006%202801%20-%202900/ HTTP/1.1" 200 22229
100.21.24.205 - - [06/Nov/2023:13:27:44 -0500] "GET /BLA/resoluciones/index.php?dir=RESOLUCIONES%202005/RES%202005%202151-2200/&order=asc&sort=size HTTP/1.1" 200 16688
52.167.144.229 - - [06/Nov/2023:13:27:45 -0500] "GET /BLA/resoluciones/AUTOS%202023/1317.pdf HTTP/1.1" 200 463974
52.25.208.208 - - [06/Nov/2023:13:27:44 -0500] "GET /BLA/resoluciones/index.php?dir=Notificaciones/AUTOS%202017/&order=asc&sort=date HTTP/1.1" 200 140025
100.21.24.205 - - [06/Nov/2023:13:27:49 -0500] "GET /BLA/resoluciones/index.php?dir=RESOLUCIONES%202003/RES%202003%201651-1700/&order=desc&sort=name HTTP/1.1" 200 12147
100.21.24.205 - - [06/Nov/2023:13:27:50 -0500] "GET /BLA/resoluciones/RESOLUCIONES%202002/RES%202002%20351-400/INDEX.DAT HTTP/1.1" 200 10000
44.231.202.44 - - [06/Nov/2023:13:27:52 -0500] "GET /BLA/resoluciones/index.php?dir=Decretos/ HTTP/1.1" 200 6804
54.184.159.16 - - [06/Nov/2023:13:27:25 -0500] "GET /BLA/resoluciones/index.php?dir=AUTOS%202009/ HTTP/1.1" 200 399860
40.77.167.5 - - [06/Nov/2023:13:27:53 -0500] "GET /bla/resoluciones/resoluciones%202023/1044.pdf HTTP/1.1" 200 336047
54.184.159.16 - - [06/Nov/2023:13:27:53 -0500] "GET /BLA/resoluciones/index.php?dir=AUTOS%202006/AUTOS%202006%20401-500/ HTTP/1.1" 200 21769
54.184.159.16 - - [06/Nov/2023:13:27:56 -0500] "GET /BLA/resoluciones/index.php?dir=AUTOS%202002/ HTTP/1.1" 200 1813
50.112.160.3 - - [06/Nov/2023:13:27:58 -0500] "GET /BLA/resoluciones/index.php?dir=AUTOS%202005/ HTTP/1.1" 200 2791
44.230.252.91 - - [06/Nov/2023:13:27:58 -0500] "GET /BLA/resoluciones/index.php?dir=Notificaciones/AUTOS%202020/&order=asc&sort=date HTTP/1.1" 200 119693
100.21.24.205 - - [06/Nov/2023:13:27:59 -0500] "GET /BLA/resoluciones/index.php?dir=RESOLUCIONES%202003/RES%202003%20701-750/&order=asc&sort=date HTTP/1.1" 200 11298
50.112.160.3 - - [06/Nov/2023:13:27:59 -0500] "GET /BLA/resoluciones/index.php?dir=AUTOS%202006/AUTOS%202006%201701%20-%201800/ HTTP/1.1" 200 22247
44.231.202.44 - - [06/Nov/2023:13:28:00 -0500] "GET /BLA/resoluciones/index.php?dir=AUTOS%202006/AUTOS%202006%20801-900/ HTTP/1.1" 200 21775
44.231.202.44 - - [06/Nov/2023:13:27:59 -0500] "GET /BLA/resoluciones/index.php?dir=RESOLUCIONES%202021/&order=desc&sort=name HTTP/1.1" 200 442880
179.33.161.109 - - [06/Nov/2023:13:28:01 -0500] "POST /sipse/faces/presentacion/financiero/solicitudProceso/consultar.xhtml HTTP/1.1" 200 13034
52.25.208.208 - - [06/Nov/2023:13:28:03 -0500] "GET /BLA/resoluciones/index.php?dir=RESOLUCIONES%202002/RES%202002%20751-800/&order=asc&sort=size HTTP/1.1" 200 12567
100.21.24.205 - - [06/Nov/2023:13:28:04 -0500] "GET /BLA/resoluciones/index.php?dir=RESOLUCIONES%202002/RES%202002%201901-1950/&order=desc&sort=name HTTP/1.1" 200 12148
50.112.160.3 - - [06/Nov/2023:13:28:04 -0500] "GET /BLA/resoluciones/index.php?dir=RESOLUCIONES%202016/&order=asc&sort=date HTTP/1.1" 200 172327
52.25.208.208 - - [06/Nov/2023:13:28:05 -0500] "GET /BLA/resoluciones/index.php?dir=RESOLUCIONES%20CONJUNTAS/&order=asc&sort=name HTTP/1.1" 200 4762
52.25.208.208 - - [06/Nov/2023:13:28:07 -0500] "GET /BLA/resoluciones/index.php?dir=AUTOS%202006/AUTOS%202006%201201-1300/&order=asc&sort=date HTTP/1.1" 200 22013
179.33.161.109 - - [06/Nov/2023:13:28:06 -0500] "POST /sipse/faces/presentacion/financiero/solicitudProceso/consultar.xhtml HTTP/1.1" 200 156377
179.33.161.109 - - [06/Nov/2023:13:28:07 -0500] "GET /sipse/faces/javax.faces.resource/theme.css?ln=primefaces-sipse HTTP/1.1" 304 -
179.33.161.109 - - [06/Nov/2023:13:28:07 -0500] "GET /sipse/faces/javax.faces.resource/primefaces.css?ln=primefaces&v=4.0 HTTP/1.1" 304 -
179.33.161.109 - - [06/Nov/2023:13:28:07 -0500] "GET /sipse/faces/javax.faces.resource/layout/layout.css?ln=primefaces&v=4.0 HTTP/1.1" 304 -
179.33.161.109 - - [06/Nov/2023:13:28:08 -0500] "GET /sipse/faces/javax.faces.resource/jquery/jquery.js?ln=primefaces&v=4.0 HTTP/1.1" 304 -
179.33.161.109 - - [06/Nov/2023:13:28:08 -0500] "GET /sipse/faces/javax.faces.resource/jquery/jquery-plugins.js?ln=primefaces&v=4.0 HTTP/1.1" 304 -
179.33.161.109 - - [06/Nov/2023:13:28:08 -0500] "GET /sipse/faces/javax.faces.resource/primefaces.js?ln=primefaces&v=4.0 HTTP/1.1" 304 -
179.33.161.109 - - [06/Nov/2023:13:28:08 -0500] "GET /sipse/faces/javax.faces.resource/layout/layout.js?ln=primefaces&v=4.0 HTTP/1.1" 304 -
54.184.159.16 - - [06/Nov/2023:13:28:06 -0500] "GET /portaldeninos/humedal-santa-maria-del-lago/ HTTP/1.1" 200 88988
52.25.208.208 - - [06/Nov/2023:13:28:06 -0500] "GET /BLA/resoluciones/index.php?dir=AUTOS%202011/&order=desc&sort=size HTTP/1.1" 200 636913
44.231.202.44 - - [06/Nov/2023:13:28:10 -0500] "GET /BLA/resoluciones/index.php?dir=RESOLUCIONES%202005/ HTTP/1.1" 200 49688
44.230.252.91 - - [06/Nov/2023:13:28:12 -0500] "GET /BLA/resoluciones/RESOLUCIONES%202005/RES%202005%20601-650/INDEX.DAT HTTP/1.1" 200 2000
52.25.208.208 - - [06/Nov/2023:13:28:13 -0500] "GET /BLA/resoluciones/index.php?dir=Notificaciones/AUTOS%201985/&order=desc&sort=name HTTP/1.1" 200 2732
100.21.24.205 - - [06/Nov/2023:13:28:18 -0500] "GET /BLA/resoluciones/index.php?dir=AUTOS%202006/AUTOS%202006%203201%20-%203300/&order=asc&sort=size HTTP/1.1" 200 22209
50.112.160.3 - - [06/Nov/2023:13:28:18 -0500] "GET /portaldeninos/residuos HTTP/1.1" 301 -
52.25.208.208 - - [06/Nov/2023:13:28:20 -0500] "GET /BLA/resoluciones/index.php?dir=RESOLUCIONES%202002/RES%202002%201201-1250/&order=asc&sort=size HTTP/1.1" 200 12151
44.231.202.44 - - [06/Nov/2023:13:28:22 -0500] "GET /BLA/resoluciones/index.php?dir=AUTOS%201997/&order=desc&sort=name HTTP/1.1" 200 2024
44.230.252.91 - - [06/Nov/2023:13:28:20 -0500] "GET /BLA/resoluciones/index.php?dir=AUTOS%202009/&order=desc&sort=size HTTP/1.1" 200 399859
52.25.208.208 - - [06/Nov/2023:13:28:23 -0500] "GET /BLA/resoluciones/index.php?dir=2018/&order=desc&sort=size HTTP/1.1" 200 1607
50.112.160.3 - - [06/Nov/2023:13:28:14 -0500] "GET /BLA/resoluciones/index.php?dir=RESOLUCIONES%202022/ HTTP/1.1" 200 322327
52.25.208.208 - - [06/Nov/2023:13:28:23 -0500] "GET /BLA/resoluciones/index.php?dir=RESOLUCIONES%202004/RES%202004%202201-2250/&order=asc&sort=name HTTP/1.1" 200 12358
50.112.160.3 - - [06/Nov/2023:13:28:19 -0500] "GET /portaldeninos/residuos/ HTTP/1.1" 200 87443
52.25.208.208 - - [06/Nov/2023:13:28:23 -0500] "GET /BLA/resoluciones/index.php?dir=RESOLUCIONES%202007/RES%202007%204301%20AL%204352/&order=asc&sort=date HTTP/1.1" 200 14905
52.25.208.208 - - [06/Nov/2023:13:28:22 -0500] "GET /BLA/resoluciones/index.php?dir=AUTOS%202009/&order=asc&sort=name HTTP/1.1" 200 399860
44.230.252.91 - - [06/Nov/2023:13:28:24 -0500] "GET /BLA/resoluciones/index.php?dir=RESOLUCIONES%202005/RES%202005%203151-3180/&order=asc&sort=size HTTP/1.1" 200 8263
100.21.24.205 - - [06/Nov/2023:13:28:25 -0500] "GET /BLA/resoluciones/index.php?dir=RESOLUCIONES%202003/RES%202003%201351-1400/&order=asc&sort=date HTTP/1.1" 200 12157
179.33.161.109 - - [06/Nov/2023:13:28:26 -0500] "POST /sipse/faces/presentacion/financiero/solicitudProceso/consultarSolicitudProceso.xhtml HTTP/1.1" 200 345167
100.21.24.205 - - [06/Nov/2023:13:28:28 -0500] "GET /BLA/resoluciones/index.php?dir=RESOLUCIONES%202007/RES%202007%204301%20AL%204352/&order=desc&sort=name HTTP/1.1" 200 14904
179.33.161.109 - - [06/Nov/2023:13:28:28 -0500] "POST /sipse/faces/presentacion/financiero/solicitudProceso/consultarSolicitudProceso.xhtml HTTP/1.1" 200 406520
52.25.208.208 - - [06/Nov/2023:13:28:28 -0500] "GET /BLA/resoluciones/index.php?dir=RESOLUCIONES%202006/RES%202006%201901-1950/&order=desc&sort=name HTTP/1.1" 200 12359
44.231.202.44 - - [06/Nov/2023:13:28:29 -0500] "GET /portaldeninos/que-es-cambio-climatico HTTP/1.1" 301 -
54.184.159.16 - - [06/Nov/2023:13:28:27 -0500] "GET /BLA/resoluciones/index.php?dir=AUTOS%202013/ HTTP/1.1" 200 407754
44.231.202.44 - - [06/Nov/2023:13:28:29 -0500] "GET /portaldeninos/que-es-cambio-climatico/ HTTP/1.1" 200 86727
179.33.161.109 - - [06/Nov/2023:13:28:31 -0500] "POST /sipse/faces/presentacion/financiero/solicitudProceso/consultarSolicitudProceso.xhtml HTTP/1.1" 200 91033
44.231.202.44 - - [06/Nov/2023:13:28:14 -0500] "GET /BLA/resoluciones/index.php?dir=AUTOS%202012/ HTTP/1.1" 200 276641
50.112.160.3 - - [06/Nov/2023:13:28:34 -0500] "GET /BLA/resoluciones/index.php?dir=AUTOS%202006/AUTOS%202006%202901%20-%203000/ HTTP/1.1" 200 22191
44.231.202.44 - - [06/Nov/2023:13:28:34 -0500] "GET /BLA/resoluciones/index.php?dir=RESOLUCIONES%201997/ HTTP/1.1" 200 17831
44.230.252.91 - - [06/Nov/2023:13:28:34 -0500] "GET /BLA/resoluciones/index.php?dir=RESOLUCIONES%202004/RES%202004%20801-850/&order=asc&sort=name HTTP/1.1" 200 12048
52.25.208.208 - - [06/Nov/2023:13:28:36 -0500] "GET /BLA/resoluciones/index.php?dir=RESOLUCIONES%202006/RES%202006%201001-1050/&order=asc&sort=date HTTP/1.1" 200 12341
44.231.202.44 - - [06/Nov/2023:13:28:34 -0500] "GET /BLA/resoluciones/index.php?dir=RESOLUCIONES%202019/ HTTP/1.1" 200 261413
44.230.252.91 - - [06/Nov/2023:13:28:39 -0500] "GET /BLA/resoluciones/index.php?dir=RESOLUCIONES%202003/RES%202003%201501-1550/&order=desc&sort=name HTTP/1.1" 200 12136
44.231.202.44 - - [06/Nov/2023:13:28:41 -0500] "GET /BLA/resoluciones/index.php HTTP/1.1" 200 13696
44.231.202.44 - - [06/Nov/2023:13:28:40 -0500] "GET /BLA/resoluciones/index.php?dir=AUTOS%202015/ HTTP/1.1" 200 584494
44.230.252.91 - - [06/Nov/2023:13:28:46 -0500] "GET /BLA/resoluciones/index.php?dir=RESOLUCIONES%202006/RES%202006%20651-700/&order=asc&sort=date HTTP/1.1" 200 12252
44.230.252.91 - - [06/Nov/2023:13:28:46 -0500] "GET /BLA/resoluciones/index.php?dir=Notificaciones/REGISTROS%202018/&order=desc&sort=name HTTP/1.1" 200 21643
44.231.202.44 - - [06/Nov/2023:13:28:49 -0500] "GET /BLA/resoluciones/index.php?dir=Acuerdos/ HTTP/1.1" 200 3396
100.21.24.205 - - [06/Nov/2023:13:28:49 -0500] "GET /BLA/resoluciones/index.php?dir=RESOLUCIONES%202005/RES%202005%20251-300/&order=asc&sort=date HTTP/1.1" 200 12254
54.184.159.16 - - [06/Nov/2023:13:28:50 -0500] "GET /BLA/resoluciones/index.php?dir=AUTOS%202006/AUTOS%202006%202601%20-%202700/ HTTP/1.1" 200 22189
50.112.160.3 - - [06/Nov/2023:13:28:51 -0500] "GET /BLA/resoluciones/index.php?dir=2018/ HTTP/1.1" 200 1608
50.112.160.3 - - [06/Nov/2023:13:28:13 -0500] "GET /BLA/resoluciones/index.php?dir=AUTOS%202011/ HTTP/1.1" 200 636914
54.184.159.16 - - [06/Nov/2023:13:28:46 -0500] "GET /BLA/resoluciones/index.php?dir=AUTOS%202010/ HTTP/1.1" 200 280537
44.231.202.44 - - [06/Nov/2023:13:28:52 -0500] "GET /BLA/resoluciones/index.php?dir=AUTOS%202018/ HTTP/1.1" 200 467093
50.112.160.3 - - [06/Nov/2023:13:28:55 -0500] "GET /BLA/resoluciones/index.php?dir=Notificaciones/ HTTP/1.1" 200 11650
44.230.252.91 - - [06/Nov/2023:13:28:55 -0500] "GET /BLA/resoluciones/index.php?dir=Notificaciones/&order=desc&sort=size HTTP/1.1" 200 11649
100.21.24.205 - - [06/Nov/2023:13:28:58 -0500] "GET /BLA/resoluciones/index.php?dir=RESOLUCIONES%202007/RES%202007%201601%20AL%201725/&order=desc&sort=name HTTP/1.1" 200 7201
50.112.160.3 - - [06/Nov/2023:13:28:57 -0500] "GET /BLA/resoluciones/index.php?dir=RESOLUCIONES%202020/ HTTP/1.1" 200 169742
50.112.160.3 - - [06/Nov/2023:13:28:57 -0500] "GET /BLA/resoluciones/index.php?dir=AUTOS%202017/ HTTP/1.1" 200 483318
50.112.160.3 - - [06/Nov/2023:13:29:02 -0500] "GET /portaldeninos/agua-y-estructura-ecologica-principal HTTP/1.1" 301 -
100.21.24.205 - - [06/Nov/2023:13:29:05 -0500] "GET /BLA/resoluciones/index.php?dir=RESOLUCIONES%202005/RES%202005%202151-2200/&order=asc&sort=date HTTP/1.1" 200 12146
54.184.159.16 - - [06/Nov/2023:13:29:05 -0500] "GET /BLA/resoluciones/index.php?dir=RESOLUCIONES%201996/ HTTP/1.1" 200 9137
52.25.208.208 - - [06/Nov/2023:13:29:05 -0500] "GET /BLA/resoluciones/index.php?dir=RESOLUCIONES%202007/RES%202007%202601%20AL%202700/&order=desc&sort=name HTTP/1.1" 200 26864
50.112.160.3 - - [06/Nov/2023:13:29:04 -0500] "GET /portaldeninos/agua-y-estructura-ecologica-principal/ HTTP/1.1" 200 87488
52.25.208.208 - - [06/Nov/2023:13:29:08 -0500] "GET /BLA/resoluciones/RESOLUCIONES%202005/RES%202005%203151-3180/INDEX.DAT HTTP/1.1" 200 1200
44.230.252.91 - - [06/Nov/2023:13:29:08 -0500] "GET /BLA/resoluciones/index.php?dir=Notificaciones/REGISTROS%202017/&order=desc&sort=name HTTP/1.1" 200 9177
100.21.24.205 - - [06/Nov/2023:13:29:08 -0500] "GET /BLA/resoluciones/index.php?dir=RESOLUCIONES%202003/RES%202003%201201-1250/&order=asc&sort=size HTTP/1.1" 200 12626
50.112.160.3 - - [06/Nov/2023:13:29:09 -0500] "GET /BLA/resoluciones/index.php?dir=RESOLUCIONES%20CONJUNTAS/ HTTP/1.1" 200 4762
54.184.159.16 - - [06/Nov/2023:13:29:06 -0500] "GET /BLA/resoluciones/index.php?dir=AUTOS%202022/ HTTP/1.1" 200 507974
44.230.252.91 - - [06/Nov/2023:13:29:12 -0500] "GET /BLA/resoluciones/index.php?dir=RESOLUCIONES%20CONJUNTAS/&order=desc&sort=date HTTP/1.1" 200 4761
50.112.160.3 - - [06/Nov/2023:13:29:10 -0500] "GET /portaldeninos/gestion-del-riesgo-incendios-forestales HTTP/1.1" 301 -
54.184.159.16 - - [06/Nov/2023:13:29:13 -0500] "GET /BLA/resoluciones/index.php?dir=AUTOS%202003/ HTTP/1.1" 200 1813
44.230.252.91 - - [06/Nov/2023:13:29:14 -0500] "GET /BLA/resoluciones/index.php?dir=Notificaciones/RESOLUCIONES%202014/&order=desc&sort=name HTTP/1.1" 200 13931
50.112.160.3 - - [06/Nov/2023:13:29:13 -0500] "GET /BLA/resoluciones/index.php?dir=RESOLUCIONES%202013/ HTTP/1.1" 200 238278
54.184.159.16 - - [06/Nov/2023:13:29:11 -0500] "GET /BLA/resoluciones/index.php?dir=RESOLUCIONES%202009/&order=desc&sort=name HTTP/1.1" 200 1694100
50.112.160.3 - - [06/Nov/2023:13:29:14 -0500] "GET /portaldeninos/gestion-del-riesgo-incendios-forestales/ HTTP/1.1" 200 86825
100.21.24.205 - - [06/Nov/2023:13:29:17 -0500] "GET /BLA/resoluciones/index.php?dir=RESOLUCIONES%202004/RES%202004%20901-950/&order=desc&sort=date HTTP/1.1" 200 12048
44.231.202.44 - - [06/Nov/2023:13:29:19 -0500] "GET /BLA/resoluciones/index.php?dir=AUTOS%202006/AUTOS%202006%202101%20-%202200/ HTTP/1.1" 200 22204
52.167.144.229 - - [06/Nov/2023:13:29:20 -0500] "GET /BLA/resoluciones/RESOLUCIONES%202021/0905.pdf HTTP/1.1" 200 494605
50.112.160.3 - - [06/Nov/2023:13:29:19 -0500] "GET /portaldeninos/humedal-torca-y-guaymaral-2/ HTTP/1.1" 200 88086
52.25.208.208 - - [06/Nov/2023:13:29:22 -0500] "GET /BLA/resoluciones/index.php?dir=AUTOS%202009/&order=desc&sort=date HTTP/1.1" 200 399859
44.231.202.44 - - [06/Nov/2023:13:29:22 -0500] "GET /BLA/resoluciones/index.php?dir=RESOLUCIONES%202011/ HTTP/1.1" 200 747162
100.21.24.205 - - [06/Nov/2023:13:29:24 -0500] "GET /BLA/resoluciones/index.php?dir=RESOLUCIONES%202003/RES%202003%201251-1300/&order=asc&sort=size HTTP/1.1" 200 12202
52.25.208.208 - - [06/Nov/2023:13:29:28 -0500] "GET /BLA/resoluciones/index.php?dir=RESOLUCIONES%202005/RES%202005%20401-450/&order=desc&sort=name HTTP/1.1" 200 12253
100.21.24.205 - - [06/Nov/2023:13:29:29 -0500] "GET /BLA/resoluciones/index.php?dir=RESOLUCIONES%202003/RES%202003%201501-1550/&order=asc&sort=date HTTP/1.1" 200 12137
54.184.159.16 - - [06/Nov/2023:13:29:28 -0500] "GET /BLA/resoluciones/index.php?dir=RESOLUCIONES%202017/ HTTP/1.1" 200 286831
44.230.252.91 - - [06/Nov/2023:13:29:30 -0500] "GET /BLA/resoluciones/index.php?dir=RESOLUCIONES%202003/RES%202003%20101-150/&order=asc&sort=size HTTP/1.1" 200 12355
50.112.160.3 - - [06/Nov/2023:13:29:29 -0500] "GET /BLA/resoluciones/index.php?dir=AUTOS%202008/ HTTP/1.1" 200 569644
44.230.252.91 - - [06/Nov/2023:13:29:31 -0500] "GET /BLA/resoluciones/index.php?dir=RESOLUCIONES%202002/RES%202002%201301-1350/&order=desc&sort=name HTTP/1.1" 200 12633
50.112.160.3 - - [06/Nov/2023:13:29:30 -0500] "GET /BLA/resoluciones/index.php?dir=AUTOS%202007/ HTTP/1.1" 200 628423
44.230.252.91 - - [06/Nov/2023:13:29:33 -0500] "GET /BLA/resoluciones/index.php?dir=Notificaciones/RESOLUCIONES%202014/&order=asc&sort=date HTTP/1.1" 200 13932
44.231.202.44 - - [06/Nov/2023:13:29:34 -0500] "GET /BLA/resoluciones/index.php?dir=RESOLUCIONES%202002/ HTTP/1.1" 200 26096
100.21.24.205 - - [06/Nov/2023:13:29:34 -0500] "GET /BLA/resoluciones/index.php?dir=AUTOS%202006/AUTOS%202006%20601-700/&order=desc&sort=name HTTP/1.1" 200 21775
100.21.24.205 - - [06/Nov/2023:13:29:35 -0500] "GET /BLA/resoluciones/index.php?dir=RESOLUCIONES%202006/RES%202006%202501-2550/&order=desc&sort=name HTTP/1.1" 200 12357
44.231.202.44 - - [06/Nov/2023:13:29:38 -0500] "GET /BLA/resoluciones/index.php?dir=AUTOS%202004/ HTTP/1.1" 200 2786
100.21.24.205 - - [06/Nov/2023:13:29:41 -0500] "GET /BLA/resoluciones/RESOLUCIONES%202005/RES%202005%20401-450/INDEX.DAT HTTP/1.1" 200 2000
54.184.159.16 - - [06/Nov/2023:13:29:42 -0500] "GET /BLA/resoluciones/index.php?dir=RESOLUCIONES%201993/ HTTP/1.1" 200 2879
50.112.160.3 - - [06/Nov/2023:13:29:42 -0500] "GET /BLA/resoluciones/AUTOS%201997/portal-tullaveplus.tar HTTP/1.1" 200 1205176320
44.231.202.44 - - [06/Nov/2023:13:29:44 -0500] "GET /BLA/resoluciones/index.php?dir=AUTOS%202016/ HTTP/1.1" 200 331625
54.184.159.16 - - [06/Nov/2023:13:29:48 -0500] "GET /BLA/resoluciones/index.php?dir=RESOLUCIONES%201994/ HTTP/1.1" 200 2479
44.231.202.44 - - [06/Nov/2023:13:29:48 -0500] "GET /portaldeninos/corresponsal-ambiental/ HTTP/1.1" 200 93768
54.184.159.16 - - [06/Nov/2023:13:29:47 -0500] "GET /BLA/resoluciones/index.php?dir=RESOLUCIONES%202018/ HTTP/1.1" 200 279938
44.230.252.91 - - [06/Nov/2023:13:29:52 -0500] "GET /BLA/resoluciones/index.php?dir=RESOLUCIONES%202006/RES%202006%201901-1950/&order=asc&sort=size HTTP/1.1" 200 12360
50.112.160.3 - - [06/Nov/2023:13:29:51 -0500] "GET /BLA/resoluciones/index.php?dir=AUTOS%202013/&order=desc&sort=name HTTP/1.1" 200 407753
100.21.24.205 - - [06/Nov/2023:13:29:53 -0500] "GET /BLA/resoluciones/index.php?dir=RESOLUCIONES%202003/RES%202003%201801-1850/&order=asc&sort=date HTTP/1.1" 200 12154
52.25.208.208 - - [06/Nov/2023:13:29:52 -0500] "GET /BLA/resoluciones/index.php?dir=Notificaciones/AUTOS%202021/&order=desc&sort=name HTTP/1.1" 200 200237
52.25.208.208 - - [06/Nov/2023:13:29:55 -0500] "GET /BLA/resoluciones/index.php?dir=RESOLUCIONES%202003/RES%202003%201151-1200/&order=asc&sort=date HTTP/1.1" 200 11570
44.231.202.44 - - [06/Nov/2023:13:29:57 -0500] "GET /portaldeninos/parque-mirador-de-los-nevados/ HTTP/1.1" 200 89855
44.231.202.44 - - [06/Nov/2023:13:30:00 -0500] "GET /BLA/resoluciones/index.php?dir=RESOLUCIONES%202021/&order=asc&sort=name HTTP/1.1" 200 442881
44.231.202.44 - - [06/Nov/2023:13:29:59 -0500] "GET /BLA/resoluciones/index.php?dir=RESOLUCIONES%202008/ HTTP/1.1" 200 976272
100.21.24.205 - - [06/Nov/2023:13:30:04 -0500] "GET /BLA/resoluciones/index.php?dir=RESOLUCIONES%202002/RES%202002%20951-1000/&order=asc&sort=size HTTP/1.1" 200 12521
50.112.160.3 - - [06/Nov/2023:13:30:05 -0500] "GET /BLA/resoluciones/index.php?dir=AUTOS%202006/AUTOS%202006%20401-500/&order=asc&sort=date HTTP/1.1" 200 21769
100.21.24.205 - - [06/Nov/2023:13:30:08 -0500] "GET /BLA/resoluciones/index.php?dir=AUTOS%202008/&order=asc&sort=name HTTP/1.1" 200 569644
44.231.202.44 - - [06/Nov/2023:13:30:10 -0500] "GET /BLA/resoluciones/index.php?dir=RESOLUCIONES%201999/ HTTP/1.1" 200 11562
54.184.159.16 - - [06/Nov/2023:13:29:58 -0500] "GET /BLA/resoluciones/index.php?dir=RESOLUCIONES%202014/ HTTP/1.1" 200 334189
44.231.202.44 - - [06/Nov/2023:13:30:14 -0500] "GET /BLA/resoluciones/index.php?dir=RESOLUCIONES%202004/ HTTP/1.1" 200 33860
44.231.202.44 - - [06/Nov/2023:13:30:14 -0500] "GET /BLA/resoluciones/index.php?dir=RESOLUCIONES%201995/&order=asc&sort=size HTTP/1.1" 200 12497
52.25.208.208 - - [06/Nov/2023:13:30:15 -0500] "GET /BLA/resoluciones/index.php?dir=Notificaciones/AUTOS%202021/&order=asc&sort=date HTTP/1.1" 200 200238
100.21.24.205 - - [06/Nov/2023:13:30:17 -0500] "GET /BLA/resoluciones/index.php?dir=AUTOS%202012/&order=desc&sort=date HTTP/1.1" 200 276640
44.231.202.44 - - [06/Nov/2023:13:30:20 -0500] "GET /BLA/resoluciones/index.php?dir= HTTP/1.1" 200 13696
52.25.208.208 - - [06/Nov/2023:13:30:21 -0500] "GET /BLA/resoluciones/index.php?dir=RESOLUCIONES%202005/RES%202005%20401-450/&order=asc&sort=date HTTP/1.1" 200 12254
54.184.159.16 - - [06/Nov/2023:13:30:21 -0500] "GET /BLA/resoluciones/index.php?dir=RESOLUCIONES%202001/ HTTP/1.1" 200 25492
44.231.202.44 - - [06/Nov/2023:13:30:21 -0500] "GET /BLA/resoluciones/index.php?dir=RESOLUCIONES%202000/ HTTP/1.1" 200 27998
201.245.192.253 - - [06/Nov/2023:13:30:20 -0500] "POST /kwsrmcab/Wsrmcab HTTP/1.1" 200 40304
44.231.202.44 - - [06/Nov/2023:13:30:14 -0500] "GET /BLA/resoluciones/index.php?dir=AUTOS%202019/ HTTP/1.1" 200 390105
50.112.160.3 - - [06/Nov/2023:13:30:23 -0500] "GET /BLA/resoluciones/index.php?dir=RESOLUCIONES%202007/ HTTP/1.1" 200 37998
201.245.192.253 - - [06/Nov/2023:13:30:23 -0500] "POST /kwsrmcab/Wsrmcab HTTP/1.1" 200 40472
44.230.252.91 - - [06/Nov/2023:13:30:26 -0500] "GET /BLA/resoluciones/index.php?dir=RESOLUCIONES%202004/RES%202004%20901-950/&order=asc&sort=name HTTP/1.1" 200 12049
54.184.159.16 - - [06/Nov/2023:13:29:40 -0500] "GET /BLA/resoluciones/index.php?dir=AUTOS%202023/ HTTP/1.1" 200 298955
44.230.252.91 - - [06/Nov/2023:13:30:34 -0500] "GET /BLA/resoluciones/index.php?dir=Notificaciones/REGISTROS%202021/&order=desc&sort=name HTTP/1.1" 200 23529
50.112.160.3 - - [06/Nov/2023:13:30:35 -0500] "GET /BLA/resoluciones/index.php?dir=&order=asc&sort=size HTTP/1.1" 200 13696
50.112.160.3 - - [06/Nov/2023:13:30:34 -0500] "GET /BLA/resoluciones/index.php?dir=RESOLUCIONES%202012/ HTTP/1.1" 200 140066
216.245.221.92 - - [06/Nov/2023:13:30:38 -0500] "HEAD / HTTP/1.1" 200 -
44.231.202.44 - - [06/Nov/2023:13:30:39 -0500] "GET /BLA/resoluciones/index.php?dir=RESOLUCIONES%202003/RES%202003%20151-200/ HTTP/1.1" 200 12346
100.21.24.205 - - [06/Nov/2023:13:30:41 -0500] "GET /BLA/resoluciones/RESOLUCIONES%202006/RES%202006%202401-2450/INDEX.DAT HTTP/1.1" 200 2000
52.25.208.208 - - [06/Nov/2023:13:30:47 -0500] "GET /BLA/resoluciones/index.php?dir=RESOLUCIONES%202005/RES%202005%202251-2300/&order=desc&sort=name HTTP/1.1" 200 12352
50.112.160.3 - - [06/Nov/2023:13:30:46 -0500] "GET /portaldeninos/humedal-juan-amarillo-2/ HTTP/1.1" 200 88155
50.112.160.3 - - [06/Nov/2023:13:30:50 -0500] "GET /BLA/resoluciones/index.php?dir=Notificaciones/REGISTROS%202017/ HTTP/1.1" 200 9178
54.184.159.16 - - [06/Nov/2023:13:30:50 -0500] "GET /BLA/resoluciones/index.php?dir=Notificaciones/RESOLUCIONES%202021/ HTTP/1.1" 200 118582
44.230.252.91 - - [06/Nov/2023:13:30:51 -0500] "GET /BLA/resoluciones/index.php?dir=RESOLUCIONES%202018/&order=desc&sort=size HTTP/1.1" 200 279937
44.230.252.91 - - [06/Nov/2023:13:30:54 -0500] "GET /BLA/resoluciones/index.php?dir=Notificaciones/REGISTROS%202017/&order=asc&sort=date HTTP/1.1" 200 9178
50.112.160.3 - - [06/Nov/2023:13:30:58 -0500] "GET /BLA/resoluciones/index.php?dir=Notificaciones/REGISTROS%202020/ HTTP/1.1" 200 20179
44.231.202.44 - - [06/Nov/2023:13:30:58 -0500] "GET /BLA/resoluciones/index.php?dir=RESOLUCIONES%202005/RES%202005%203001-3050/ HTTP/1.1" 200 12364
100.21.24.205 - - [06/Nov/2023:13:30:56 -0500] "GET /BLA/resoluciones/index.php?dir=AUTOS%202019/&order=desc&sort=size HTTP/1.1" 200 390104
52.167.144.182 - - [06/Nov/2023:13:31:01 -0500] "GET /BLA/resoluciones/RESOLUCIONES%202021/3566.pdf HTTP/1.1" 200 428658
100.21.24.205 - - [06/Nov/2023:13:31:02 -0500] "GET /BLA/resoluciones/AUTOS%202006/AUTOS%202006%201401%20-%201500/INDEX.DAT HTTP/1.1" 200 4000
100.21.24.205 - - [06/Nov/2023:13:31:02 -0500] "GET /BLA/resoluciones/index.php?dir=Notificaciones/REGISTROS%202023/&order=asc&sort=size HTTP/1.1" 200 5001
52.25.208.208 - - [06/Nov/2023:13:31:02 -0500] "GET /BLA/resoluciones/index.php?dir=RESOLUCIONES%202003/RES%202003%202151-2189/&order=asc&sort=date HTTP/1.1" 200 9915
44.230.252.91 - - [06/Nov/2023:13:31:03 -0500] "GET /BLA/resoluciones/index.php?dir=AUTOS%202006/AUTOS%202006%202301%20-%202400/&order=asc&sort=date HTTP/1.1" 200 22197
44.231.202.44 - - [06/Nov/2023:13:31:03 -0500] "GET /BLA/resoluciones/index.php?dir=RESOLUCIONES%202006/ HTTP/1.1" 200 40916
44.230.252.91 - - [06/Nov/2023:13:31:04 -0500] "GET /BLA/resoluciones/index.php?dir=RESOLUCIONES%202002/RES%202002%20701-750/&order=asc&sort=date HTTP/1.1" 200 12223
50.112.160.3 - - [06/Nov/2023:13:31:04 -0500] "GET /BLA/resoluciones/index.php?dir=AUTOS%202006/AUTOS%202006%20101-200/ HTTP/1.1" 200 21758
44.230.252.91 - - [06/Nov/2023:13:31:05 -0500] "GET /BLA/resoluciones/index.php?dir=RESOLUCIONES%202007/RES%202007%201601%20AL%201725/&order=asc&sort=size HTTP/1.1" 200 7202
50.112.160.3 - - [06/Nov/2023:13:31:06 -0500] "GET /BLA/resoluciones/index.php?dir=&order=desc&sort=name HTTP/1.1" 200 13695
44.231.202.44 - - [06/Nov/2023:13:31:06 -0500] "GET /BLA/resoluciones/index.php?dir=RESOLUCIONES%202015/ HTTP/1.1" 200 130562
44.231.202.44 - - [06/Nov/2023:13:31:08 -0500] "GET /BLA/resoluciones/index.php?dir=Notificaciones/RESOLUCIONES%202019/ HTTP/1.1" 200 40760
54.184.159.16 - - [06/Nov/2023:13:31:08 -0500] "GET /BLA/resoluciones/index.php?dir=AUTOS%202006/AUTOS%202006%201901%20-%202000/ HTTP/1.1" 200 22186
62.171.167.21 - - [06/Nov/2023:13:31:10 -0500] "GET /.env HTTP/1.1" 404 1049
62.171.167.21 - - [06/Nov/2023:13:31:11 -0500] "POST / HTTP/1.1" 200 319
172.22.2.4 - - [06/Nov/2023:13:29:31 -0500] "HEAD /BLA/boletinlegal/ HTTP/1.1" 200 -
62.171.167.21 - - [06/Nov/2023:13:31:11 -0500] "GET /sendgrid/.env HTTP/1.1" 404 1049
62.171.167.21 - - [06/Nov/2023:13:31:11 -0500] "POST / HTTP/1.1" 200 319
201.245.192.253 - - [06/Nov/2023:13:31:09 -0500] "POST /kwsrmcab/Wsrmcab  HTTP/1.1" 200 42686
100.21.24.205 - - [06/Nov/2023:13:31:13 -0500] "GET /BLA/resoluciones/index.php?dir=RESOLUCIONES%202005/RES%202005%201151-1200/&order=asc&sort=date HTTP/1.1" 200 12362
44.230.252.91 - - [06/Nov/2023:13:31:18 -0500] "GET /BLA/resoluciones/index.php?dir=RESOLUCIONES%202006/RES%202006%201001-1050/&order=desc&sort=name HTTP/1.1" 200 12340
100.21.24.205 - - [06/Nov/2023:13:31:18 -0500] "GET /BLA/resoluciones/index.php?dir=Acuerdos/&order=desc&sort=size HTTP/1.1" 200 3395
54.184.159.16 - - [06/Nov/2023:13:31:18 -0500] "GET /portaldeninos/humedal-capellania-2/ HTTP/1.1" 200 87949
100.21.24.205 - - [06/Nov/2023:13:31:22 -0500] "GET /BLA/resoluciones/index.php?dir=AUTOS%202002/&order=asc&sort=name HTTP/1.1" 200 1813
54.184.159.16 - - [06/Nov/2023:13:31:20 -0500] "GET /BLA/resoluciones/index.php?dir=RESOLUCIONES%202019/&order=asc&sort=size HTTP/1.1" 200 261413
50.112.160.3 - - [06/Nov/2023:13:31:24 -0500] "GET /BLA/resoluciones/index.php?dir=AUTOS%202006/AUTOS%202006%201601%20-%201700/ HTTP/1.1" 200 22248
52.25.208.208 - - [06/Nov/2023:13:31:25 -0500] "GET /BLA/resoluciones/index.php?dir=RESOLUCIONES%202006/RES%202006%202501-2550/&order=asc&sort=size HTTP/1.1" 200 12358
54.184.159.16 - - [06/Nov/2023:13:31:22 -0500] "GET /BLA/resoluciones/index.php?dir=AUTOS%202014/&order=desc&sort=name HTTP/1.1" 200 890850
44.230.252.91 - - [06/Nov/2023:13:31:28 -0500] "GET /BLA/resoluciones/index.php?dir=RESOLUCIONES%202002/RES%202002%20601-650/&order=asc&sort=size HTTP/1.1" 200 12037
100.21.24.205 - - [06/Nov/2023:13:31:29 -0500] "GET /BLA/resoluciones/index.php?dir=RESOLUCIONES%202007/RES%202007%202301%20AL%202400/&order=desc&sort=name HTTP/1.1" 200 26610
52.25.208.208 - - [06/Nov/2023:13:31:32 -0500] "GET /BLA/resoluciones/index.php?dir=RESOLUCIONES%202002/RES%202002%20351-400/&order=desc&sort=name HTTP/1.1" 200 12208
100.21.24.205 - - [06/Nov/2023:13:31:32 -0500] "GET /BLA/resoluciones/index.php?dir=RESOLUCIONES%202002/RES%202002%20851-900/&order=asc&sort=date HTTP/1.1" 200 12703
54.184.159.16 - - [06/Nov/2023:13:31:34 -0500] "GET /BLA/resoluciones/index.php?dir=RESOLUCIONES%20CONJUNTAS/&order=asc&sort=size HTTP/1.1" 200 4762
52.25.208.208 - - [06/Nov/2023:13:31:40 -0500] "GET /BLA/resoluciones/index.php?dir=RESOLUCIONES%202003/RES%202003%20551-600/&order=desc&sort=name HTTP/1.1" 200 11304
44.231.202.44 - - [06/Nov/2023:13:31:41 -0500] "GET /BLA/resoluciones/index.php?dir=AUTOS%202006/AUTOS%202006%203101%20-%203200/ HTTP/1.1" 200 22189
44.230.252.91 - - [06/Nov/2023:13:31:42 -0500] "GET /BLA/resoluciones/index.php?dir=AUTOS%202006/AUTOS%202006%20101-200/&order=asc&sort=size HTTP/1.1" 200 21758
100.21.24.205 - - [06/Nov/2023:13:31:45 -0500] "GET /BLA/resoluciones/index.php?dir=RESOLUCIONES%202007/RES%202007%202201%20AL%202300/&order=asc&sort=date HTTP/1.1" 200 27114
52.25.208.208 - - [06/Nov/2023:13:31:46 -0500] "GET /BLA/resoluciones/index.php?dir=RESOLUCIONES%202002/RES%202002%20151-200/&order=asc&sort=size HTTP/1.1" 200 12570
50.112.160.3 - - [06/Nov/2023:13:31:50 -0500] "GET /BLA/resoluciones/index.php?dir=RESOLUCIONES%202009/&order=asc&sort=size HTTP/1.1" 200 1694101
44.230.252.91 - - [06/Nov/2023:13:31:56 -0500] "GET /BLA/resoluciones/index.php?dir=RESOLUCIONES%201992/&order=desc&sort=size HTTP/1.1" 200 2870
54.184.159.16 - - [06/Nov/2023:13:31:56 -0500] "GET /BLA/resoluciones/index.php?dir=RESOLUCIONES%202005/RES%202005%202401-2450/ HTTP/1.1" 200 12361
52.25.208.208 - - [06/Nov/2023:13:31:58 -0500] "GET /BLA/resoluciones/index.php?dir=RESOLUCIONES%202005/RES%202005%201151-1200/&order=desc&sort=name HTTP/1.1" 200 12361
52.25.208.208 - - [06/Nov/2023:13:31:58 -0500] "GET /BLA/resoluciones/index.php?dir=AUTOS%202006/AUTOS%202006%201701%20-%201800/&order=asc&sort=size HTTP/1.1" 200 22247
44.231.202.44 - - [06/Nov/2023:13:32:00 -0500] "GET /BLA/resoluciones/index.php?dir=AUTOS%202006/AUTOS%202006%201201-1300/ HTTP/1.1" 200 22013
172.22.2.4 - - [06/Nov/2023:13:30:21 -0500] "GET /BLA/boletinlegal/ HTTP/1.1" 200 60634
52.25.208.208 - - [06/Nov/2023:13:32:02 -0500] "GET /BLA/resoluciones/index.php?dir=Notificaciones/RESOLUCIONES%202012/&order=asc&sort=size HTTP/1.1" 200 2077
100.21.24.205 - - [06/Nov/2023:13:32:02 -0500] "GET /BLA/resoluciones/index.php?dir=RESOLUCIONES%202002/RES%202002%201251-1301/&order=asc&sort=date HTTP/1.1" 200 12148
54.184.159.16 - - [06/Nov/2023:13:31:59 -0500] "GET /BLA/resoluciones/index.php?dir=AUTOS%202014/&order=asc&sort=date HTTP/1.1" 200 890851
50.112.160.3 - - [06/Nov/2023:13:32:02 -0500] "GET /portaldeninos/publicidad/ HTTP/1.1" 200 87569
54.184.159.16 - - [06/Nov/2023:13:32:03 -0500] "GET /BLA/resoluciones/index.php?dir=RESOLUCIONES%202018/&order=asc&sort=size HTTP/1.1" 200 279938
50.112.160.3 - - [06/Nov/2023:13:32:06 -0500] "GET /BLA/resoluciones/index.php?dir=RESOLUCIONES%202003/RES%202003%201351-1400/ HTTP/1.1" 200 12157
50.112.160.3 - - [06/Nov/2023:13:32:06 -0500] "GET /portaldeninos/aulas-ambientales/ HTTP/1.1" 200 88416
44.231.202.44 - - [06/Nov/2023:13:32:10 -0500] "GET /portaldeninos/humedal-tibanica-2/ HTTP/1.1" 200 87771
54.184.159.16 - - [06/Nov/2023:13:32:11 -0500] "GET /BLA/resoluciones/index.php?dir=AUTOS%202006/AUTOS%202006%20601-700/ HTTP/1.1" 200 21776
44.231.202.44 - - [06/Nov/2023:13:32:11 -0500] "GET /portaldeninos/parque-ecologico-distrital-humedal-santa-maria-del-lago/ HTTP/1.1" 200 90199
100.21.24.205 - - [06/Nov/2023:13:32:13 -0500] "GET /BLA/resoluciones/index.php?dir=RESOLUCIONES%202005/RES%202005%20601-650/&order=asc&sort=date HTTP/1.1" 200 12246
100.21.24.205 - - [06/Nov/2023:13:32:13 -0500] "GET /BLA/resoluciones/RESOLUCIONES%202006/RES%202006%201001-1050/INDEX.DAT HTTP/1.1" 200 2000
50.112.160.3 - - [06/Nov/2023:13:32:16 -0500] "GET /BLA/resoluciones/index.php?dir=RESOLUCIONES%202002/RES%202002%20651-700/ HTTP/1.1" 200 12213
50.112.160.3 - - [06/Nov/2023:13:32:18 -0500] "GET /BLA/resoluciones/index.php?dir=AUTOS%202006/AUTOS%202006%201801-%201900/ HTTP/1.1" 200 22159
44.231.202.44 - - [06/Nov/2023:13:32:18 -0500] "GET /BLA/resoluciones/index.php?dir=AUTOS%202006/AUTOS%202006%201001-1100/ HTTP/1.1" 200 21966
44.230.252.91 - - [06/Nov/2023:13:32:18 -0500] "GET /BLA/resoluciones/index.php?dir=RESOLUCIONES%202021/&order=asc&sort=name HTTP/1.1" 200 442881
44.231.202.44 - - [06/Nov/2023:13:32:20 -0500] "GET /BLA/resoluciones/index.php?dir=RESOLUCIONES%202003/RES%202003%20301-350/ HTTP/1.1" 200 11308
54.184.159.16 - - [06/Nov/2023:13:32:22 -0500] "GET /BLA/resoluciones/index.php?dir=AUTOS%202006/AUTOS%202006%201401%20-%201500/ HTTP/1.1" 200 13545
52.25.208.208 - - [06/Nov/2023:13:32:24 -0500] "GET /BLA/resoluciones/index.php?dir=RESOLUCIONES%202002/RES%202002%20351-400/&order=asc&sort=size HTTP/1.1" 200 12209
100.21.24.205 - - [06/Nov/2023:13:32:26 -0500] "GET /BLA/resoluciones/RESOLUCIONES%202006/RES%202006%201401-1450/INDEX.DAT HTTP/1.1" 200 2000
54.184.159.16 - - [06/Nov/2023:13:32:24 -0500] "GET /BLA/resoluciones/index.php?dir=RESOLUCIONES%202010/&order=asc&sort=date HTTP/1.1" 200 1307967
44.230.252.91 - - [06/Nov/2023:13:32:28 -0500] "GET /BLA/resoluciones/index.php?dir=RESOLUCIONES%202002/RES%202002%201151-1200/&order=asc&sort=size HTTP/1.1" 200 12144
44.231.202.44 - - [06/Nov/2023:13:32:29 -0500] "GET /BLA/resoluciones/index.php?dir=RESOLUCIONES%202003/RES%202003%201751-1800/ HTTP/1.1" 200 12151
50.112.160.3 - - [06/Nov/2023:13:32:29 -0500] "GET /BLA/resoluciones/index.php?dir=AUTOS%202006/AUTOS%202006%20301-400/ HTTP/1.1" 200 21781
44.230.252.91 - - [06/Nov/2023:13:32:30 -0500] "GET /BLA/resoluciones/index.php?dir=RESOLUCIONES%202002/RES%202002%201351-1400/&order=asc&sort=size HTTP/1.1" 200 12141
50.112.160.3 - - [06/Nov/2023:13:32:35 -0500] "GET /BLA/resoluciones/index.php?dir=AUTOS%202006/&order=asc&sort=date HTTP/1.1" 200 9681
52.25.208.208 - - [06/Nov/2023:13:32:39 -0500] "GET /BLA/resoluciones/index.php?dir=RESOLUCIONES%202005/RES%202005%20601-650/&order=desc&sort=name HTTP/1.1" 200 12245
50.112.160.3 - - [06/Nov/2023:13:32:40 -0500] "GET /BLA/resoluciones/index.php?dir=AUTOS%202006/&order=asc&sort=size HTTP/1.1" 200 9681
50.112.160.3 - - [06/Nov/2023:13:32:40 -0500] "GET /portaldeninos/humedal-el-burro-2/ HTTP/1.1" 200 87926
44.231.202.44 - - [06/Nov/2023:13:32:41 -0500] "GET /portaldeninos/humedales-ramsar/ HTTP/1.1" 200 89255
100.21.24.205 - - [06/Nov/2023:13:32:43 -0500] "GET /BLA/resoluciones/RESOLUCIONES%202006/RES%202006%202701-2750/INDEX.DAT HTTP/1.1" 200 2000
50.112.160.3 - - [06/Nov/2023:13:32:42 -0500] "GET /portaldeninos/humedal-jaboque-2/ HTTP/1.1" 200 87846
44.231.202.44 - - [06/Nov/2023:13:32:44 -0500] "GET /BLA/resoluciones/index.php?dir=RESOLUCIONES%202003/RES%202003%20351-400/ HTTP/1.1" 200 11305
52.25.208.208 - - [06/Nov/2023:13:32:46 -0500] "GET /BLA/resoluciones/index.php?dir=RESOLUCIONES%202003/RES%202003%201251-1300/&order=desc&sort=name HTTP/1.1" 200 12201
52.25.208.208 - - [06/Nov/2023:13:32:50 -0500] "GET /BLA/resoluciones/index.php?dir=RESOLUCIONES%202004/RES%202004%20551-600/&order=desc&sort=date HTTP/1.1" 200 12046
54.184.159.16 - - [06/Nov/2023:13:32:51 -0500] "GET /BLA/resoluciones/index.php?dir=RESOLUCIONES%202003/RES%202003%201451-1500/ HTTP/1.1" 200 12159
54.184.159.16 - - [06/Nov/2023:13:32:51 -0500] "GET /portaldeninos/humedal-la-vaca-2/ HTTP/1.1" 200 87837
100.21.24.205 - - [06/Nov/2023:13:32:52 -0500] "GET /BLA/resoluciones/index.php?dir=RESOLUCIONES%202005/RES%202005%20251-300/&order=desc&sort=name HTTP/1.1" 200 12253
44.231.202.44 - - [06/Nov/2023:13:32:55 -0500] "GET /BLA/resoluciones/index.php?dir=AUTOS%202006/AUTOS%202006%203201%20-%203300/ HTTP/1.1" 200 22209
44.231.202.44 - - [06/Nov/2023:13:32:55 -0500] "GET /BLA/resoluciones/index.php?dir=RESOLUCIONES%201997/&order=desc&sort=name HTTP/1.1" 200 17830
44.231.202.44 - - [06/Nov/2023:13:32:56 -0500] "GET /BLA/resoluciones/index.php?dir=RESOLUCIONES%202002/RES%202002%201201-1250/ HTTP/1.1" 200 12151
54.184.159.16 - - [06/Nov/2023:13:32:56 -0500] "GET /BLA/resoluciones/index.php?dir=RESOLUCIONES%202003/RES%202003%20451-500/ HTTP/1.1" 200 11311
54.184.159.16 - - [06/Nov/2023:13:33:01 -0500] "GET /BLA/resoluciones/index.php?dir=AUTOS%202006/AUTOS%202006%20901-1000/ HTTP/1.1" 200 21877
54.184.159.16 - - [06/Nov/2023:13:33:03 -0500] "GET /portaldeninos/relatos-urbanos-de-los-ecosistemas-bogotanos-2/ HTTP/1.1" 200 88374
50.112.160.3 - - [06/Nov/2023:13:33:02 -0500] "GET /BLA/resoluciones/index.php?dir=AUTOS%202014/&order=asc&sort=size HTTP/1.1" 200 890851
100.21.24.205 - - [06/Nov/2023:13:33:06 -0500] "GET /BLA/resoluciones/index.php?dir=RESOLUCIONES%202005/RES%202005%20851-900/&order=asc&sort=date HTTP/1.1" 200 12242
50.112.160.3 - - [06/Nov/2023:13:33:07 -0500] "GET /BLA/resoluciones/index.php?dir=RESOLUCIONES%202004/RES%202004%20301-350/ HTTP/1.1" 200 12062
52.25.208.208 - - [06/Nov/2023:13:33:10 -0500] "GET /BLA/resoluciones/index.php?dir=AUTOS%202006/AUTOS%202006%201401%20-%201500/&order=asc&sort=date HTTP/1.1" 200 13545
54.184.159.16 - - [06/Nov/2023:13:33:11 -0500] "GET /BLA/resoluciones/index.php?dir=RESOLUCIONES%202003/RES%202003%201601-1650/ HTTP/1.1" 200 12152
44.230.252.91 - - [06/Nov/2023:13:33:12 -0500] "GET /BLA/resoluciones/index.php?dir=RESOLUCIONES%202005/&order=asc&sort=name HTTP/1.1" 200 49688
44.231.202.44 - - [06/Nov/2023:13:33:12 -0500] "GET /BLA/resoluciones/index.php?dir=AUTOS%202006/AUTOS%202006%201301-1400/ HTTP/1.1" 200 22002
44.231.202.44 - - [06/Nov/2023:13:33:14 -0500] "GET /BLA/resoluciones/index.php?dir=RESOLUCIONES%202003/RES%202003%20601-650/ HTTP/1.1" 200 11292
44.231.202.44 - - [06/Nov/2023:13:33:16 -0500] "GET /BLA/resoluciones/index.php?dir=RESOLUCIONES%202003/RES%202003%20901-950/ HTTP/1.1" 200 11306
44.230.252.91 - - [06/Nov/2023:13:33:17 -0500] "GET /BLA/resoluciones/index.php?dir=Notificaciones/RESOLUCIONES%202019/&order=asc&sort=date HTTP/1.1" 200 40760
50.112.160.3 - - [06/Nov/2023:13:33:20 -0500] "GET /BLA/resoluciones/index.php?dir=RESOLUCIONES%202002/RES%202002%20351-400/ HTTP/1.1" 200 12209
54.184.159.16 - - [06/Nov/2023:13:33:21 -0500] "GET /BLA/resoluciones/index.php?dir=AUTOS%202006/AUTOS%202006%202201%20-%202300/ HTTP/1.1" 200 22194
44.231.202.44 - - [06/Nov/2023:13:33:21 -0500] "GET /BLA/resoluciones/index.php?dir=AUTOS%202006/AUTOS%202006%202301%20-%202400/ HTTP/1.1" 200 22197
50.112.160.3 - - [06/Nov/2023:13:33:24 -0500] "GET /BLA/resoluciones/index.php?dir=AUTOS%202006/&order=desc&sort=name HTTP/1.1" 200 9680
100.21.24.205 - - [06/Nov/2023:13:33:26 -0500] "GET /BLA/resoluciones/index.php?dir=RESOLUCIONES%202006/RES%202006%202751-2800/&order=desc&sort=name HTTP/1.1" 200 12357
52.25.208.208 - - [06/Nov/2023:13:33:26 -0500] "GET /BLA/resoluciones/index.php?dir=RESOLUCIONES%202005/RES%202005%201451-1500/&order=asc&sort=date HTTP/1.1" 200 12368
44.230.252.91 - - [06/Nov/2023:13:33:27 -0500] "GET /BLA/resoluciones/index.php?dir=Decretos/&order=desc&sort=size HTTP/1.1" 200 6803
50.112.160.3 - - [06/Nov/2023:13:33:27 -0500] "GET /BLA/resoluciones/index.php?dir=AUTOS%202006/AUTOS%202006%20501-600/ HTTP/1.1" 200 21780
54.184.159.16 - - [06/Nov/2023:13:33:27 -0500] "GET /BLA/resoluciones/index.php?dir=RESOLUCIONES%202003/RES%202003%201101-1150/ HTTP/1.1" 200 11572
52.25.208.208 - - [06/Nov/2023:13:33:31 -0500] "GET /BLA/resoluciones/index.php?dir=RESOLUCIONES%202004/RES%202004%202101-2150/&order=desc&sort=date HTTP/1.1" 200 12358
54.184.159.16 - - [06/Nov/2023:13:33:37 -0500] "GET /BLA/resoluciones/index.php?dir=AUTOS%202006/AUTOS%202006%20701-800/ HTTP/1.1" 200 21969
44.231.202.44 - - [06/Nov/2023:13:33:37 -0500] "GET /BLA/resoluciones/index.php?dir=Notificaciones/RESOLUCIONES%202020/ HTTP/1.1" 200 54295
44.230.252.91 - - [06/Nov/2023:13:33:40 -0500] "GET /BLA/resoluciones/index.php?dir=Notificaciones/RESOLUCIONES%202023/&order=desc&sort=name HTTP/1.1" 200 34512
52.25.208.208 - - [06/Nov/2023:13:33:41 -0500] "GET /BLA/resoluciones/index.php?dir=Notificaciones/RESOLUCIONES%202018/&order=desc&sort=name HTTP/1.1" 200 19726
44.230.252.91 - - [06/Nov/2023:13:33:42 -0500] "GET /BLA/resoluciones/index.php?dir=RESOLUCIONES%202006/RES%202006%201401-1450/&order=asc&sort=date HTTP/1.1" 200 12367
52.25.208.208 - - [06/Nov/2023:13:33:43 -0500] "GET /BLA/resoluciones/index.php?dir=RESOLUCIONES%202006/RES%202006%20751-800/&order=desc&sort=name HTTP/1.1" 200 12234
52.25.208.208 - - [06/Nov/2023:13:33:43 -0500] "GET /BLA/resoluciones/index.php?dir=Notificaciones/AUTOS%202022/&order=asc&sort=date HTTP/1.1" 200 166286
100.21.24.205 - - [06/Nov/2023:13:33:49 -0500] "GET /BLA/resoluciones/index.php?dir=RESOLUCIONES%202006/RES%202006%202551-2600/&order=asc&sort=date HTTP/1.1" 200 12354
100.21.24.205 - - [06/Nov/2023:13:33:48 -0500] "GET /BLA/resoluciones/index.php?dir=RESOLUCIONES%202020/&order=asc&sort=name HTTP/1.1" 200 169742
44.230.252.91 - - [06/Nov/2023:13:33:51 -0500] "GET /BLA/resoluciones/index.php?dir=RESOLUCIONES%202006/RES%202006%201751-1800/&order=asc&sort=date HTTP/1.1" 200 12368
100.21.24.205 - - [06/Nov/2023:13:33:54 -0500] "GET /BLA/resoluciones/index.php?dir=RESOLUCIONES%202006/RES%202006%202501-2550/&order=asc&sort=date HTTP/1.1" 200 12358
44.231.202.44 - - [06/Nov/2023:13:33:58 -0500] "GET /BLA/resoluciones/index.php?dir=AUTOS%202006/AUTOS%202006%202401%20-%202500/ HTTP/1.1" 200 22199
54.184.159.16 - - [06/Nov/2023:13:34:01 -0500] "GET /BLA/resoluciones/index.php?dir=AUTOS%202006/AUTOS%202006%201101-1200/ HTTP/1.1" 200 21976
44.231.202.44 - - [06/Nov/2023:13:34:02 -0500] "GET /BLA/resoluciones/index.php?dir=RESOLUCIONES%202001/&order=asc&sort=date HTTP/1.1" 200 25492
50.112.160.3 - - [06/Nov/2023:13:34:03 -0500] "GET /BLA/resoluciones/index.php?dir=RESOLUCIONES%202003/&order=desc&sort=name HTTP/1.1" 200 34281
50.112.160.3 - - [06/Nov/2023:13:34:03 -0500] "GET /BLA/resoluciones/index.php?dir=RESOLUCIONES%202021/&order=asc&sort=size HTTP/1.1" 200 442881
44.230.252.91 - - [06/Nov/2023:13:34:06 -0500] "GET /BLA/resoluciones/index.php?dir=RESOLUCIONES%202007/RES%202007%201801%20AL%201900/&order=asc&sort=date HTTP/1.1" 200 26857
52.25.208.208 - - [06/Nov/2023:13:34:06 -0500] "GET /BLA/resoluciones/index.php?dir=Notificaciones/AUTOS%202022/&order=desc&sort=name HTTP/1.1" 200 166285
66.249.66.21 - - [06/Nov/2023:13:34:12 -0500] "GET /BLA/resoluciones/RESOLUCIONES%202018/3127.pdf HTTP/1.1" 200 3663984
52.25.208.208 - - [06/Nov/2023:13:34:12 -0500] "GET /BLA/resoluciones/RESOLUCIONES%202006/RES%202006%20751-800/INDEX.DAT HTTP/1.1" 200 1160
44.230.252.91 - - [06/Nov/2023:13:34:14 -0500] "GET /BLA/resoluciones/index.php?dir=RESOLUCIONES%202002/RES%202002%201851-1900/&order=asc&sort=size HTTP/1.1" 200 12150
54.184.159.16 - - [06/Nov/2023:13:34:12 -0500] "GET /BLA/resoluciones/index.php?dir=RESOLUCIONES%202021/&order=asc&sort=date HTTP/1.1" 200 442881
44.230.252.91 - - [06/Nov/2023:13:34:19 -0500] "GET /BLA/resoluciones/index.php?dir=RESOLUCIONES%202004/RES%202004%201401-1450/&order=asc&sort=name HTTP/1.1" 200 12371
100.21.24.205 - - [06/Nov/2023:13:34:19 -0500] "GET /BLA/resoluciones/index.php?dir=RESOLUCIONES%202002/RES%202002%201751-1800/&order=asc&sort=date HTTP/1.1" 200 12156
52.25.208.208 - - [06/Nov/2023:13:34:20 -0500] "GET /BLA/resoluciones/index.php?dir=RESOLUCIONES%202004/RES%202004%202351-2401/&order=desc&sort=size HTTP/1.1" 200 12571
100.21.24.205 - - [06/Nov/2023:13:34:21 -0500] "GET /BLA/resoluciones/index.php?dir=RESOLUCIONES%202005/RES%202005%201151-1200/&order=asc&sort=size HTTP/1.1" 200 12362
44.231.202.44 - - [06/Nov/2023:13:34:22 -0500] "GET /BLA/resoluciones/index.php?dir=RESOLUCIONES%202003/RES%202003%20951-1000/ HTTP/1.1" 200 11179
114.119.150.16 - - [06/Nov/2023:13:34:22 -0500] "GET /BLA/resoluciones/index.php?dir=RESOLUCIONES%2B2017/&sort=date&order=desc HTTP/1.1" 200 13902
44.230.252.91 - - [06/Nov/2023:13:34:23 -0500] "GET /BLA/resoluciones/RESOLUCIONES%202005/RES%202005%20301-351/INDEX.DAT HTTP/1.1" 200 2000
44.230.252.91 - - [06/Nov/2023:13:34:24 -0500] "GET /BLA/resoluciones/index.php?dir=RESOLUCIONES%202006/RES%202006%20351-400/&order=asc&sort=size HTTP/1.1" 200 12234
44.230.252.91 - - [06/Nov/2023:13:34:24 -0500] "GET /BLA/resoluciones/index.php?dir=RESOLUCIONES%202004/RES%202004%2001-%2050/&order=asc&sort=name HTTP/1.1" 200 11966
52.25.208.208 - - [06/Nov/2023:13:34:25 -0500] "GET /BLA/resoluciones/index.php?dir=RESOLUCIONES%202004/RES%202004%2001-%2050/&order=desc&sort=date HTTP/1.1" 200 11965
44.230.252.91 - - [06/Nov/2023:13:34:25 -0500] "GET /BLA/resoluciones/index.php?dir=RESOLUCIONES%202002/RES%202002%201751-1800/&order=desc&sort=name HTTP/1.1" 200 12155
44.231.202.44 - - [06/Nov/2023:13:34:25 -0500] "GET /BLA/resoluciones/index.php?dir=RESOLUCIONES%201993/&order=desc&sort=name HTTP/1.1" 200 2878
44.230.252.91 - - [06/Nov/2023:13:34:26 -0500] "GET /BLA/resoluciones/RESOLUCIONES%202005/RES%202005%202251-2300/INDEX.DAT HTTP/1.1" 200 2000
66.249.66.19 - - [06/Nov/2023:13:34:26 -0500] "GET /BLA/resoluciones/RESOLUCIONES%202009/5257.pdf HTTP/1.1" 200 327204
44.231.202.44 - - [06/Nov/2023:13:34:27 -0500] "GET /BLA/resoluciones/index.php?dir=AUTOS%201997/&order=asc&sort=date HTTP/1.1" 200 2025
100.21.24.205 - - [06/Nov/2023:13:34:27 -0500] "GET /BLA/resoluciones/index.php?dir=RESOLUCIONES%202003/RES%202003%201001-1050/&order=asc&sort=date HTTP/1.1" 200 11566
52.25.208.208 - - [06/Nov/2023:13:34:28 -0500] "GET /BLA/resoluciones/index.php?dir=RESOLUCIONES%202003/RES%202003%202101-2150/&order=asc&sort=date HTTP/1.1" 200 12160
54.184.159.16 - - [06/Nov/2023:13:34:30 -0500] "GET /BLA/resoluciones/index.php?dir=AUTOS%202006/AUTOS%202006%202501%20-%202600/ HTTP/1.1" 200 22209
100.21.24.205 - - [06/Nov/2023:13:34:32 -0500] "GET /BLA/resoluciones/index.php?dir=RESOLUCIONES%202006/RES%202006%202551-2600/&order=desc&sort=name HTTP/1.1" 200 12353
52.25.208.208 - - [06/Nov/2023:13:34:33 -0500] "GET /BLA/resoluciones/index.php?dir=RESOLUCIONES%202004/RES%202004%202201-2250/&order=desc&sort=date HTTP/1.1" 200 12357
44.230.252.91 - - [06/Nov/2023:13:34:33 -0500] "GET /BLA/resoluciones/index.php?dir=RESOLUCIONES%202009/&order=desc&sort=size HTTP/1.1" 200 1694100
44.231.202.44 - - [06/Nov/2023:13:34:38 -0500] "GET /BLA/resoluciones/index.php?dir=Notificaciones/RESOLUCIONES%200217/ HTTP/1.1" 200 2268
50.112.160.3 - - [06/Nov/2023:13:34:38 -0500] "GET /BLA/resoluciones/index.php?dir=RESOLUCIONES%202003/&order=asc&sort=date HTTP/1.1" 200 34282
54.184.159.16 - - [06/Nov/2023:13:34:39 -0500] "GET /BLA/resoluciones/index.php?dir=RESOLUCIONES%202003/RES%202003%201801-1850/ HTTP/1.1" 200 12154
