186.154.32.22 - - [06/Nov/2023:08:51:52 -0500] "GET /sipse/faces/javax.faces.resource/jquery/jquery-plugins.js;jsessionid=Pu768AVS-DHQyl79hP5tH4Oj.undefined?ln=primefaces&v=4.0 HTTP/1.1" 200 163840
186.154.32.22 - - [06/Nov/2023:08:51:52 -0500] "GET /sipse/faces/javax.faces.resource/primefaces.js;jsessionid=Pu768AVS-DHQyl79hP5tH4Oj.undefined?ln=primefaces&v=4.0 HTTP/1.1" 200 86718
172.22.2.4 - - [06/Nov/2023:08:50:21 -0500] "GET /BLA/boletinlegal/ HTTP/1.1" 200 60634
201.245.192.253 - - [06/Nov/2023:08:52:14 -0500] "POST /kwsrmcab/Wsrmcab  HTTP/1.1" 200 42686
52.167.144.189 - - [06/Nov/2023:08:54:13 -0500] "GET /BLA/resoluciones/RESOLUCIONES%202021/1551.pdf HTTP/1.1" 200 423779
186.102.35.103 - - [06/Nov/2023:08:54:48 -0500] "GET /kwssiamovil/sm/ldap/au?x=U2FsdGVkX1/W6EWm7mu+0y93bI+ZfQK7GyePCf+neWwqDtTV9bHgwGiHu0TFgYyS&y=U2FsdGVkX1+ViLICkZQnpFyYCrcL59ZuWOR+KyzGjqI= HTTP/1.1" 200 30
186.102.35.103 - - [06/Nov/2023:08:54:48 -0500] "GET /kwssiamovil/sm/acme/s?s=U2FsdGVkX1+uVRJT47DmowoHANLiKuWvaVvOZBqVFXe3FFIgvRAvYIc0JMt4yyeauItZWf2npsKgaqnd+HnbaGya0vpTeE7ENY8/BFv3TvM=&u=U2FsdGVkX189nbAoGRGFevYoTDZMqvQv7d2dGKUiC8E=&y=U2FsdGVkX1+ViLICkZQnpFyYCrcL59ZuWOR+KyzGjqI= HTTP/1.1" 200 97
186.102.35.103 - - [06/Nov/2023:08:54:49 -0500] "GET /kwssiamovil/sm/acme/s?s=U2FsdGVkX1/9pT6o2l/T70f0Qt3BNC7ughmZrGOpFv4txLwPYoHZbTfnqvzuFBukTgfY2Qg+DEXD3EQ2vA0KGuzN/FDdHaawT+0xBR7eMY3PwWkSA1qt3d+rqotiWrqyZSHbweJg9hp+1U0sNH3l50j0f3W40Z+6mM1xzZf3sqte55OyO2KGrkgq/8U6IGfGE6pFTF5hYZ11vhix9LWTX9A4jNkKyaIKnAXjW8PoWLK1fI91gcIDVUAJUl3tYohuHWXtOvT62YAzAlzDu1XeIulW5ADK83VQPDRZWhZ1CJOu1BgxQZRTQxBPz7WVsAoIV1MvG5pngXnItZ7v/QiwBQJyKpuvJz02+9YMmJgAhd6o9znFcq+Eh7fw1Eb/67Yjo0EuGRPV34ZZglIBviKzRKBE+4HoG+88uIk6UR6blEW6y6sl6B9MV3yj+xtuQMzZYEIT7Xs4p1BJ98xiMHdsJv5ylR1sOSn+qcX3uYherjfRwVgDhY+NHC/ovhaqcFU9XFVcpseiZqTV+Zfavtt8JhQiV+zT8OZ1Rj+Z/fwcSmBm7xDMUYphiz3elPISCjovXzzPZlA0xT6zVkZE01mwc0fQeOxEQHMuqDwftSN8WmDFy59ILDhL0WKIU3kIdfUmy1MCfOSHicfuZNFfUWqkgGWrZCD7ydif1AcRq9Dk0O+64MAVDrf9DMs38q9t90nsOy9Lj6Xx/NmX35edYE1ldOZba8qtPK370Ur3AnJyb1m3u9rRfPfIYPlX/VDoFFnKLDcXUMGsW215FOMef0dcD0Q/M9KpUYzztXbSpBNwox8Pf5aZbt7Ai+8LBcJM+pMGr49kiFlK73MDouuoJawGQLKhW2EWWcBDtKLLS+igJ0BwpA6oxxeu//yKJKk1a8nFivIIy4LAUPz10G/+l4Nh1LP3EeSTSYt5RXcaTQoaTqMjftrnXioJYFzzDweC6NB96AQEUiDeC+Weu1gRHgB96Al8p9I7EQ4Sc4Sx+rA6z0bNeIlggRApCPfZGSNOZ1Y9XFriw7wfRvxjY3NmiahlbqzXaDRaLURnfcdLnTx8UVPAdU/5mC9i/T6fKEi5N2Z7t3ruJZnZK+SM5/6sKk2dWTJXjHDEWT1wNdAgtrcBqwEdtr9LqVEWiZtvUeCYJt62d9Gp52FMIQl6A9yO8QqcjcOWLDL9LDhe5YmaTGQiizxZBAACh1OFt5WWzf9aXr5PkdkDSMZ7AO6zd3GmXQcRWNv+eZBr0cWyLZMLISvV6UPtbPRNSTRi5Pny8gFQw+bj1Gsh0nKgA2Fr00cAHQiIO/my6/VUHifxVNdQB4sZ0UELGmJ0tA1TIM6ZI23bZzEODuntq/wCkUUAQKTRAhc/BW5yxMAb+olmllsCovSRc3mvlsrIXKytl5YEzKB8ewCMx8ijDHqrNDLwSB9iktf0Hh27y/LYrwGc0dGc9om7k8k=&u=U2FsdGVkX189nbAoGRGFevYoTDZMqvQv7d2dGKUiC8E=&y=U2FsdGVkX1+ViLICkZQnpFyYCrcL59ZuWOR+KyzGjqI= HTTP/1.1" 200 1772
186.102.35.103 - - [06/Nov/2023:08:54:49 -0500] "GET /kwssiamovil/sm/acme/s?s=U2FsdGVkX18RmXDCR4SNaYYzkAe+rPWcvXl4hDnSTvCuo1wfaf9Pou5HKg6Uu8KUSba3ADW2FFnILRS3RZDfb4xz4QPIgQCBwpRKjAqmu6ymmCBJgWF9OnIuWmMxD2Y5YOTZ+HuSeWkbl2UI260WojxE6rMXOQszMhB6dF88q7t5bYrQboptQBrYpGUiHzQjcQhTGCWDJrEmMUex2j3hYO71fPm88Wtdp340TVfrNoJovEQ4eyR7O54POnz/yNir831bMfbJQpYiwPQA9l1cTZsACZlrW3dk5osdnbkG1ImJ+YCgpTKXflOEFo6zN36ecNy8xFZEo4g+GylWIhPH7A==&u=U2FsdGVkX189nbAoGRGFevYoTDZMqvQv7d2dGKUiC8E=&y=U2FsdGVkX1+ViLICkZQnpFyYCrcL59ZuWOR+KyzGjqI= HTTP/1.1" 200 196
186.102.35.103 - - [06/Nov/2023:08:54:49 -0500] "GET /kwssiamovil/sm/cjson/pre?f=1&x=U2FsdGVkX1/W6EWm7mu+0y93bI+ZfQK7GyePCf+neWwqDtTV9bHgwGiHu0TFgYyS HTTP/1.1" 200 31032
186.29.165.62 - - [06/Nov/2023:08:55:30 -0500] "GET /BLA/resoluciones/index.php?dir=AUTOS+2014%2F HTTP/1.1" 200 890851
216.245.221.92 - - [06/Nov/2023:08:55:38 -0500] "HEAD / HTTP/1.1" 200 -
186.29.165.62 - - [06/Nov/2023:08:55:45 -0500] "GET /BLA/resoluciones/AUTOS%202014/4063.pdf HTTP/1.1" 200 557234
172.22.2.4 - - [06/Nov/2023:08:55:20 -0500] "HEAD /BLA/boletinlegal/ HTTP/1.1" 200 -
201.245.192.253 - - [06/Nov/2023:08:57:12 -0500] "POST /kwsrmcab/Wsrmcab  HTTP/1.1" 200 42686
52.167.144.214 - - [06/Nov/2023:08:57:43 -0500] "GET / HTTP/1.1" 200 4720
20.1.205.219 - - [06/Nov/2023:08:57:43 -0500] "GET / HTTP/1.1" 200 4720
40.77.167.79 - - [06/Nov/2023:08:57:44 -0500] "GET /favicon.ico HTTP/1.1" 404 1034
172.22.2.4 - - [06/Nov/2023:08:56:11 -0500] "GET /BLA/boletinlegal/ HTTP/1.1" 200 58294
216.244.66.195 - - [06/Nov/2023:08:59:12 -0500] "GET /BLA/resoluciones/AUTOS%202015/2159.pdf HTTP/1.1" 200 412905
216.245.221.92 - - [06/Nov/2023:09:00:38 -0500] "HEAD / HTTP/1.1" 200 -
186.102.62.75 - - [06/Nov/2023:09:01:45 -0500] "GET /kwssiamovil/sm/ldap/au?x=U2FsdGVkX1+OuE6FIHnEBQUmHrxESSmJ8ygsjmkX4DyzlZtHbXqMLU753j3jCrDG&y=U2FsdGVkX19YRv4mSrN7eoFcWo3pgep/M9Quqzuxq0jGwilSybDVa3uadhzPV7t/ HTTP/1.1" 200 30
186.102.62.75 - - [06/Nov/2023:09:01:45 -0500] "GET /kwssiamovil/sm/acme/s?s=U2FsdGVkX186/GBcjo6M16t3UYnXbA3u7vj85434zAlt5bfbCGitAby+yMYAwHmdwTalSsmvw3qTGjxtYaRk6QhSkedSL9a9eOWP9WnhlSM=&u=U2FsdGVkX1/oIVIoCq0AviWMHXhBSgnF6K1PtNQaSo9O2lYvwdG1OrK6XuTQ7omy&y=U2FsdGVkX19YRv4mSrN7eoFcWo3pgep/M9Quqzuxq0jGwilSybDVa3uadhzPV7t/ HTTP/1.1" 200 97
186.102.62.75 - - [06/Nov/2023:09:01:45 -0500] "GET /kwssiamovil/sm/acme/s?s=U2FsdGVkX19yTxrrdMqZ5UZHACFdsnourY42JKFSMoRTaZhgM56rbGBEuTVRwoSR0J+2mQgiMy8GPyAw8MtJnTqPGejtfAXrvOaY7c+TG33eb28Zp0pjti5H0Gqf33sS8zpGTkp1LwTGAgAnvz7ddLwiEyYVS0TmDS2jwl9BITGiqxMI+aIxYxakdNdHei+s34H7l5ACWgT97EUs7SNqAuBcFBE1j4xgn9GkHk3wP08vlj0lgcxvL1D35HcNqIHwYVgFItfhoilcAF7VuL4K+zzS2e/K35JODYeSXyROop8SNtOgAq1Khv+zOOW7joK6lb5aeFsvDosJ8LcvDKGvl0OmIdZwzxgj34nrty+aOaiQYzoFsEA38a/NytxT9BoXkfNUqYzIWAawL7EBrbvoncY18jX6wtqhRRE2OJKDFIbr4qFfKVZgSOlq1jpPOA2tvvRe5tbmO0+xE0TFYJIvHkkqmthWgP8K4iuMHEjJBuerFrR2H9ZEhUWVnpjEJ+gFz2+KjwqO9x8J8AmkljHFlyGEAWYIh2z/5MMWrbf/BP08ZXu/+5KKSERFZe4NRIbUJpy67uR49ERt/acOLf5AnV8TZgKY1zd1QN7+bbdYWz09XK5vsifAoVuRKLNNKJDSH7q5fAj7C+d/DlJoEHaFgsAUf9ufRIzfNf3im9S3GiefUBnrHZeEiJURRIkPnZvFrRqMIKQX8ZGbBa8SZA4c8RPav3EbWJ76h+JHrOCvrVz2ooeGNSFAu6zkvVxg3D4Q2DLzrCR2x6AHSLD807OEjjIMQDCuF7iSVZAuoaHSdlfI0QmZXp8JqpsIguXRf/OHdvaYp/E/QfA2TlAfOJSj612FH9TolCIFjk+p9asKbAnNclGZNt31nNX5uJH5fOlW5RiMdI1BgU4N8xhtDY/7MIvkXcfhm8jSsCJsWmlGQ4jSze5wKJGjbu8AY1hJm3P0yufll4B8Po9Vk0+mo7X41sme/BX+vJkZUM47g0jdWouCWpD2iI0VQa77SBY9bSQTVRO2xjqW6F0ejHUbWiyYWfj2QNg3fRpxZZxnDDjxFHWLeq71FUCapeogtTBrmIdlOhC2Mi8k/zRuXC8wDhMg2UW8/zsAbF+/fzW/sVKFudxdAVWPy9v2sr69e+PVYqpu5Nozs7tNJJlZXDkvvd1CxfjeEdevC8s2AZqUmssoKXaETzTgqb7L8ntvQzqvagtDGlbxT8fthIs9jtA7bSqk84owBRWIxlNdIx0fAVl4r/a2EKgWAd/rIYDPUCqP0tBe+o0K5Y7hraWl8J/5UpytCNs12O69T2cGunZs4NmEXjHlPymrNgddVgDqqycvXq0aXterE7HCnv4WEJoPfOb/TiD4V8J6ZB4OmMZ8Pe7fVVtYoDOUv9/osVqQElyqyeWWzxi3qCScGGxdB6af8GNiRR9/h3IhQKohgcL1xpq5DDg=&u=U2FsdGVkX1/oIVIoCq0AviWMHXhBSgnF6K1PtNQaSo9O2lYvwdG1OrK6XuTQ7omy&y=U2FsdGVkX19YRv4mSrN7eoFcWo3pgep/M9Quqzuxq0jGwilSybDVa3uadhzPV7t/ HTTP/1.1" 200 21586
186.102.62.75 - - [06/Nov/2023:09:01:46 -0500] "GET /kwssiamovil/sm/acme/s?s=U2FsdGVkX1/BrHoWb52SvswE0x6LXohIJNdgqNezIHb7FEH3Q68/MXmtDDojd7KKn7R35YF1HEIm4M6GAgs3MJJFxi7n6mhn0jrqof4uJ1I/I+MFx9C6v9gkqaeNk2Y8Ex7IEocymxIi26OztOodBlQRGcAir89QTQpJ5GVcJySOpfF6eYdFSRpgq1D5ght5hyrE6zauAmMNqr3ro977UP9ShaXijCzLxaF0AE6/FYJiZBsOAqsKb9s1EMTVJvXlf0ST3/Vxc0cc0azcvgGTe0l+XoVy9+XFcWYhMqBpmrm5ZAIpy+MtjKwa1jC1aCtc/1L6TRtEsReh7KCPE3nonPgQG5LSW8LSGSowLVNQ5FM=&u=U2FsdGVkX1/oIVIoCq0AviWMHXhBSgnF6K1PtNQaSo9O2lYvwdG1OrK6XuTQ7omy&y=U2FsdGVkX19YRv4mSrN7eoFcWo3pgep/M9Quqzuxq0jGwilSybDVa3uadhzPV7t/ HTTP/1.1" 200 196
186.102.62.75 - - [06/Nov/2023:09:01:46 -0500] "GET /kwssiamovil/sm/cjson/pre?f=1&x=U2FsdGVkX1+OuE6FIHnEBQUmHrxESSmJ8ygsjmkX4DyzlZtHbXqMLU753j3jCrDG HTTP/1.1" 200 31032
201.245.192.253 - - [06/Nov/2023:09:02:10 -0500] "POST /kwsrmcab/Wsrmcab  HTTP/1.1" 200 42686
52.167.144.16 - - [06/Nov/2023:09:02:45 -0500] "GET /BLA/resoluciones/index.php?dir=RESOLUCIONES+2009%2F HTTP/1.1" 200 1694101
172.22.2.4 - - [06/Nov/2023:09:01:10 -0500] "HEAD /BLA/boletinlegal/ HTTP/1.1" 200 -
172.22.2.4 - - [06/Nov/2023:09:02:01 -0500] "GET /BLA/boletinlegal/ HTTP/1.1" 200 58644
216.245.221.92 - - [06/Nov/2023:09:05:38 -0500] "HEAD / HTTP/1.1" 200 -
40.77.167.59 - - [06/Nov/2023:09:06:55 -0500] "GET /BLA/resoluciones/AUTOS%202023/5335.pdf HTTP/1.1" 200 413333
201.245.192.253 - - [06/Nov/2023:09:07:10 -0500] "POST /kwsrmcab/Wsrmcab  HTTP/1.1" 200 42686
52.167.144.191 - - [06/Nov/2023:09:07:18 -0500] "GET /BLA/resoluciones/RESOLUCIONES%202021/2130.pdf HTTP/1.1" 200 370498
172.22.2.4 - - [06/Nov/2023:09:07:00 -0500] "HEAD /BLA/boletinlegal/ HTTP/1.1" 200 -
172.22.2.4 - - [06/Nov/2023:09:07:51 -0500] "GET /BLA/boletinlegal/ HTTP/1.1" 200 59360
186.102.69.186 - - [06/Nov/2023:09:09:52 -0500] "GET /kwssiamovil/sm/ldap/au?x=U2FsdGVkX19AyllFamyRzjRIQpXLTD/5J5uFU2aAEdlbeItytWVbBwbaUpyqwk7+&y=U2FsdGVkX19+3od6RG0RuB/Hx4TYr/r41ciAEi2rDsFwvNsME5+mwUwZFCTCucRa HTTP/1.1" 200 30
186.102.69.186 - - [06/Nov/2023:09:09:52 -0500] "GET /kwssiamovil/sm/acme/s?s=U2FsdGVkX1/tzqu1SuyyM/sjS0BuC2vfmpT2FZCjfK0PrFQWTEhXlfmPQLMLek72Ychy42Vt2ur7H+R/NiHA0QU5LZ60OI5J0AhXMjj/vks=&u=U2FsdGVkX18Tm/3cgoYJHnP1SQMjGgSvqpnEjgYLhZ4=&y=U2FsdGVkX19+3od6RG0RuB/Hx4TYr/r41ciAEi2rDsFwvNsME5+mwUwZFCTCucRa HTTP/1.1" 200 97
186.102.69.186 - - [06/Nov/2023:09:09:52 -0500] "GET /kwssiamovil/sm/acme/s?s=U2FsdGVkX19A+ElxJnjdL6UYvUIH/ezSUcm8Qpjq9pjdww9sxFT3uNQ/UBdZnKchCeV2TZvfRC9GbmZbcKPWMp6wgAYm0mpLokD8svNOW9k/XiiSyiFqCH/CC2X0rd8Mi0fwlAnA3fJO4UPFqe4/CeZ9vPEiu73WuvwgX1W8/8r1u+fCj3gls4hjWrzl3xGqoF+s1mWiaeKzV76/q2mayuyLliocnythGludxdSE8gFj17SV6J+pBN2+hA29gsvYvPF0ky1DXbSybxUC61QrIVpaLX5NU1fEQ4LF4+vtfUX+EdNRbH1DBABsR1w8sjbdAXBFgkfaX23l6zO9uUgudXecDkP3eZerMb18EaJxnU1XZ6NUURyNFrAEqoCIL2rliiiXkg1VNKAh/E7u8k9hX4JdzcpZ3cIhpX1xsjmNvkTkcXoyljjZJTz4X0aJNqcj7Cs7EAck4Pa9U4sM+5On31F4HfMNmdLllLs+H9bnaWyW2yfhsFIGrgQp2Yk/8ePpDOLI98m3EzsMgvGiPKe+uRvLvVlpxJQKGDvU3BwckkU4sewyyBE8Sd2iOXm+tDWucvVqE1NC51sNJSVBLb6FLsM+GU031ysU3GJPidBgSn5pF+mIV78z/rw2NA85817SATM6f1A6NZSU9Q4g3Lnmkj5UY+VNWVLzkIuRdjX2mtnVT6YluA12PQiCgQhPrbthOi+Tb5fsdqk47VnEzR3gfCcfchdWiyqViDK+T8KEDyxKplOvQI9F26wxZ1o/xtehyHyCpoQxJdl9VbcDGnpzRg2KvaBmeP3m3KLtZYm5uwelKVvJViWcj62kvPBmCmTKeZ7+czmy7r3FzNKeUBAtZvoYo82oLKBHPTlWyiXs1peLeimwq380fNdKWiP45Zjg7riTcjb6rhr/sB5xt6NvHjk1wo1blIU2ilbIeGDp3/FCXC/XeB+VXwRHKRLA0NBhOVM1gnsnbryp3w//ImcPW0w1Ab28GIFQqqz5iB5Zh+E1HJJyAG3jRf5H8kwh2krnkaHxMqjrxVeW3U9P4WTaxTe+7rFvMV2yZ1jw9WXF37DzkMXgcJ9LFTSSmxY5fomtiTc9HKaSDWzNoHJ4i1Q3eYeLwf3GNzBKVNyQXA/khcFQwIDD02vtll6HX2jJ6td+Fi70GGYHQ3gM3AR30a8o6ptg2+tvngZZWW4eHFc/hGpUDHqf3V6y++vOyxkSAi3hakKlBDxYXQCg9p4S+nZwLCa0gi5boLer05mSU6uDi88XhH5DDx3VOZD9zMtI3F63Fhbe0VHmgCRLZ01PiEwuqBJjprm6Ie1/NEgMbriAZ74XcXhCvjeXebEmaFYtSdb91na6RYeutK7+aZHPVnbnx7VVczGxXc07guNJbf98Y7WHRbqWDQhWTPyBLPAKuGzZ18iCL9kgUFbc51xPyXQWnFzeJw4oMMPbYUgQ3KYUb0W5QkXL6c8w6JpsJyKg1DWp8w5SDy6HZYLEF+GtWBpM3bunKgL7BdJqhjL6LI0g7sF6JA/HrioWZIsKAJSPBXVyJ1+z2OCaFOlmNF1xD7QNLQPEuiGfdD4cuMORQWPQHkQuZNO+JWxEUfGhRtKrtXButQbiWlSE2hx6K6/33IjfvPrSlOEbKnq3c6gXyNKOrx7+pkCFFnFUycFVixOZp6V3v3+mBOsZAnESvmOGmDRAvWbfDCFPn3vbVN3qnrfsWLvp9oF5ozqwHrDRE3rv+k41L21HEyqQbJAb+4FF6PO00Rtlnmd21Y7lfr6n8O3Dsyk=&u=U2FsdGVkX18Tm/3cgoYJHnP1SQMjGgSvqpnEjgYLhZ4=&y=U2FsdGVkX19+3od6RG0RuB/Hx4TYr/r41ciAEi2rDsFwvNsME5+mwUwZFCTCucRa HTTP/1.1" 200 721
186.102.69.186 - - [06/Nov/2023:09:09:52 -0500] "GET /kwssiamovil/sm/acme/s?s=U2FsdGVkX1/CetB11JpQgbkWX8Q88vfDfy5yvxBrqSLU5yGRZGw+Y3LzDxQnxCzxawSfqNVGLrRzNOJIi/uWmI1e6taPll+YFlS2MdccOOQpxUiGpJZntuQHOXDkBtOyxQjaSy/74ZlGvQ9ZSRc9HP49mCTisIs61jH8UK+XbBVmg5YWTJmP29/OKUgUrbFpZOjNetBFqj33qQgG8vG/jEBk0jV450EMJkgYuL0HJi94UYiFJeyKwC9a4TeUXUpz0UpjNbID85II3Dz8P8h1Ei6HmLFrDw7m3DYktk0yMYT86F9K9pgH9tmQ3Rwz3po5spp4EbuAYBGCe2Eo9AdCkwybUMQeNi3KqM/L4VV2fC94lmDqr0YVGGueeakX2QsT64j/hgJ5ZZrOhUjQMMftlT0rjjEcdis4LGZADvhHXSminujlxSJfLgsOz4g5fRI+6VDdPDNR1iLHMTb4U3HRZCr/azrja4bWfxmI5Msiz4s+ui0PtBzSi5/s9uhLJbtd+d9vx1Bgz2R5RksIeIGuEpKr2mTapOa6aLSG9jtSF4t5Sbp38L/SofqWJmNVkwaI6mZ/9rkfysoPecGD3Hx1lMCXfUKdmQ9bisOjBkhAQ/Uwkvm4yTpThd+uMu1dN/OOTL6S8xFOBhI7MN5Pd9QhuVK3gH9u+Oep3nDE+uJvgRAHc4cFOal1WnCbuRm1HDlgWINqRbsg4msjW33eo6LhSipLjZd2mrsXiPd/mm53iEPQoW/3eU/XgXNQpwszZMMO&u=U2FsdGVkX18Tm/3cgoYJHnP1SQMjGgSvqpnEjgYLhZ4=&y=U2FsdGVkX19+3od6RG0RuB/Hx4TYr/r41ciAEi2rDsFwvNsME5+mwUwZFCTCucRa HTTP/1.1" 200 208
186.102.69.186 - - [06/Nov/2023:09:09:52 -0500] "GET /kwssiamovil/sm/cjson/pre?f=1&x=U2FsdGVkX19AyllFamyRzjRIQpXLTD/5J5uFU2aAEdlbeItytWVbBwbaUpyqwk7+ HTTP/1.1" 200 31032
216.245.221.92 - - [06/Nov/2023:09:10:38 -0500] "HEAD / HTTP/1.1" 200 -
40.77.167.3 - - [06/Nov/2023:09:11:12 -0500] "GET /en-junio-conectate-con-la-naturaleza-y-el-medioambiente-a-traves-de-estas-caminatas-ecologicas.html HTTP/1.1" 200 900
201.245.192.253 - - [06/Nov/2023:09:12:09 -0500] "POST /kwsrmcab/Wsrmcab  HTTP/1.1" 200 42686
52.167.144.145 - - [06/Nov/2023:09:12:19 -0500] "GET /BLA/resoluciones/RESOLUCIONES%202021/1137.pdf HTTP/1.1" 200 440705
52.167.144.145 - - [06/Nov/2023:09:13:41 -0500] "GET /BLA/resoluciones/RESOLUCIONES%202021/3821.pdf HTTP/1.1" 200 349190
172.22.2.4 - - [06/Nov/2023:09:12:50 -0500] "HEAD /BLA/boletinlegal/ HTTP/1.1" 200 -
172.22.2.4 - - [06/Nov/2023:09:13:41 -0500] "GET /BLA/boletinlegal/ HTTP/1.1" 200 55399
216.245.221.92 - - [06/Nov/2023:09:15:38 -0500] "HEAD / HTTP/1.1" 200 -
201.245.192.253 - - [06/Nov/2023:09:17:06 -0500] "POST /kwsrmcab/Wsrmcab HTTP/1.1" 200 40374
201.245.192.253 - - [06/Nov/2023:09:17:08 -0500] "POST /kwsrmcab/Wsrmcab  HTTP/1.1" 200 42686
201.245.192.253 - - [06/Nov/2023:09:17:09 -0500] "POST /kwsrmcab/Wsrmcab HTTP/1.1" 200 40238
201.244.170.58 - - [06/Nov/2023:09:18:53 -0500] "GET /portaldeninos/ HTTP/1.1" 200 14393
201.244.170.58 - - [06/Nov/2023:09:18:56 -0500] "GET /portaldeninos/ HTTP/1.1" 200 110175
201.244.170.58 - - [06/Nov/2023:09:18:57 -0500] "GET /portaldeninos/wp-content/uploads/useanyfont/uaf.css?ver=1589905315 HTTP/1.1" 200 408
201.244.170.58 - - [06/Nov/2023:09:18:57 -0500] "GET /portaldeninos/wp-includes/js/wp-emoji-release.min.js?ver=4.9.8 HTTP/1.1" 200 12026
201.244.170.58 - - [06/Nov/2023:09:18:57 -0500] "GET /portaldeninos/wp-content/themes/betheme/style.css?ver=20.9.6 HTTP/1.1" 200 287
201.244.170.58 - - [06/Nov/2023:09:18:57 -0500] "GET /portaldeninos/wp-content/plugins/gallery-videos/CSS/totalsoft.css?ver=4.9.8 HTTP/1.1" 200 40622
201.244.170.58 - - [06/Nov/2023:09:18:57 -0500] "GET /portaldeninos/wp-content/plugins/gallery-videos/CSS/Total-Soft-Gallery-Video-Widget.css?ver=4.9.8 HTTP/1.1" 200 51554
201.244.170.58 - - [06/Nov/2023:09:18:57 -0500] "GET /portaldeninos/wp-content/themes/betheme/css/base.css?ver=20.9.6 HTTP/1.1" 200 57283
201.244.170.58 - - [06/Nov/2023:09:18:57 -0500] "GET /portaldeninos/wp-content/themes/betheme/assets/jplayer/css/jplayer.blue.monday.css?ver=20.9.6 HTTP/1.1" 200 9834
201.244.170.58 - - [06/Nov/2023:09:18:57 -0500] "GET /portaldeninos/wp-content/themes/betheme/assets/animations/animations.min.css?ver=20.9.6 HTTP/1.1" 200 58508
201.244.170.58 - - [06/Nov/2023:09:18:57 -0500] "GET /portaldeninos/wp-content/themes/betheme/assets/ui/jquery.ui.all.css?ver=20.9.6 HTTP/1.1" 200 18765
201.244.170.58 - - [06/Nov/2023:09:18:57 -0500] "GET /portaldeninos/wp-content/themes/betheme/css/responsive.css?ver=20.9.6 HTTP/1.1" 200 55740
201.244.170.58 - - [06/Nov/2023:09:18:57 -0500] "GET /portaldeninos/wp-content/plugins/popup-maker/assets/css/site.min.css?ver=1.8.14 HTTP/1.1" 200 8260
201.244.170.58 - - [06/Nov/2023:09:18:57 -0500] "GET /portaldeninos/wp-content/plugins/google-analytics-for-wordpress/assets/js/frontend-gtag.min.js?ver=8.5.0 HTTP/1.1" 200 11801
201.244.170.58 - - [06/Nov/2023:09:18:57 -0500] "GET /portaldeninos/wp-includes/js/jquery/jquery-migrate.min.js?ver=1.4.1 HTTP/1.1" 200 10056
201.244.170.58 - - [06/Nov/2023:09:18:57 -0500] "GET /portaldeninos/wp-includes/js/jquery/ui/core.min.js?ver=1.11.4 HTTP/1.1" 200 4000
201.244.170.58 - - [06/Nov/2023:09:18:57 -0500] "GET /portaldeninos/wp-content/themes/betheme/css/layout.css?ver=20.9.6 HTTP/1.1" 200 116639
201.244.170.58 - - [06/Nov/2023:09:18:57 -0500] "GET /portaldeninos/wp-content/plugins/gallery-videos/JS/modernizr.custom.js?ver=4.9.8 HTTP/1.1" 200 9019
201.244.170.58 - - [06/Nov/2023:09:18:57 -0500] "GET /portaldeninos/wp-content/themes/betheme/css/shortcodes.css?ver=20.9.6 HTTP/1.1" 200 138889
201.244.170.58 - - [06/Nov/2023:09:18:57 -0500] "GET /portaldeninos/wp-content/plugins/gallery-videos/JS/Total-Soft-Gallery-Video-Widget.js?ver=4.9.8 HTTP/1.1" 200 80264
201.244.170.58 - - [06/Nov/2023:09:18:57 -0500] "GET /portaldeninos/wp-content/uploads/2021/06/titulo-cabezote-ni%C3%B1os.png HTTP/1.1" 200 64425
201.244.170.58 - - [06/Nov/2023:09:18:57 -0500] "GET /portaldeninos/wp-includes/js/jquery/ui/widget.min.js?ver=1.11.4 HTTP/1.1" 200 6908
201.244.170.58 - - [06/Nov/2023:09:18:57 -0500] "GET /portaldeninos/wp-includes/js/jquery/ui/mouse.min.js?ver=1.11.4 HTTP/1.1" 200 3148
201.244.170.58 - - [06/Nov/2023:09:18:57 -0500] "GET /portaldeninos/wp-includes/js/jquery/jquery.js?ver=1.12.4 HTTP/1.1" 200 97184
201.244.170.58 - - [06/Nov/2023:09:18:57 -0500] "GET /portaldeninos/wp-content/uploads/2019/08/Logo-Ambientic.png HTTP/1.1" 200 22941
201.244.170.58 - - [06/Nov/2023:09:18:57 -0500] "GET /portaldeninos/wp-includes/js/jquery/ui/sortable.min.js?ver=1.11.4 HTTP/1.1" 200 24899
201.244.170.58 - - [06/Nov/2023:09:18:57 -0500] "GET /portaldeninos/wp-includes/js/jquery/ui/tabs.min.js?ver=1.11.4 HTTP/1.1" 200 12110
201.244.170.58 - - [06/Nov/2023:09:18:57 -0500] "GET /portaldeninos/wp-includes/js/jquery/ui/accordion.min.js?ver=1.11.4 HTTP/1.1" 200 8584
201.244.170.58 - - [06/Nov/2023:09:18:57 -0500] "GET /portaldeninos/wp-content/themes/betheme/js/menu.js?ver=20.9.6 HTTP/1.1" 200 2449
201.244.170.58 - - [06/Nov/2023:09:18:57 -0500] "GET /portaldeninos/wp-content/themes/betheme/assets/animations/animations.min.js?ver=20.9.6 HTTP/1.1" 200 1896
201.244.170.58 - - [06/Nov/2023:09:18:57 -0500] "GET /portaldeninos/wp-includes/js/jquery/ui/position.min.js?ver=1.11.4 HTTP/1.1" 200 6527
201.244.170.58 - - [06/Nov/2023:09:18:57 -0500] "GET /portaldeninos/wp-content/themes/betheme/assets/jplayer/jplayer.min.js?ver=20.9.6 HTTP/1.1" 200 52702
201.244.170.58 - - [06/Nov/2023:09:18:57 -0500] "GET /portaldeninos/wp-includes/js/wp-embed.min.js?ver=4.9.8 HTTP/1.1" 200 1398
201.244.170.58 - - [06/Nov/2023:09:18:57 -0500] "GET /portaldeninos/wp-content/themes/betheme/js/scripts.js?ver=20.9.6 HTTP/1.1" 200 77162
201.244.170.58 - - [06/Nov/2023:09:18:57 -0500] "GET /portaldeninos/wp-content/uploads/2021/06/titulo-miambiente-ni%C3%B1os.png HTTP/1.1" 200 11944
201.244.170.58 - - [06/Nov/2023:09:18:57 -0500] "GET /portaldeninos/wp-content/plugins/popup-maker/assets/js/site.min.js?defer&ver=1.8.14 HTTP/1.1" 200 48457
201.244.170.58 - - [06/Nov/2023:09:18:57 -0500] "GET /portaldeninos/wp-content/themes/betheme/fonts/mfn-icons.woff?93978679 HTTP/1.1" 200 80932
201.244.170.58 - - [06/Nov/2023:09:18:57 -0500] "GET /portaldeninos/wp-content/themes/betheme/js/plugins.js?ver=20.9.6 HTTP/1.1" 200 197151
201.244.170.58 - - [06/Nov/2023:09:18:57 -0500] "GET /portaldeninos/wp-content/uploads/2021/06/titulo-videos-ni%C3%B1os.png HTTP/1.1" 200 10502
201.244.170.58 - - [06/Nov/2023:09:18:57 -0500] "GET /portaldeninos/wp-content/uploads/2020/01/Tierra-escenario.jpg HTTP/1.1" 200 181491
201.244.170.58 - - [06/Nov/2023:09:18:57 -0500] "GET /portaldeninos/wp-content/uploads/2021/06/titulo-humedales-ni%C3%B1os.png HTTP/1.1" 200 13361
201.244.170.58 - - [06/Nov/2023:09:18:57 -0500] "GET /portaldeninos/wp-content/uploads/2020/01/Frailejon-escenario.jpg HTTP/1.1" 200 357472
201.244.170.58 - - [06/Nov/2023:09:18:57 -0500] "GET /portaldeninos/wp-content/uploads/2018/10/oso.jpg HTTP/1.1" 200 305180
201.244.170.58 - - [06/Nov/2023:09:18:57 -0500] "GET /portaldeninos/wp-content/uploads/2018/11/caneca.jpg HTTP/1.1" 200 262661
201.244.170.58 - - [06/Nov/2023:09:18:57 -0500] "GET /portaldeninos/wp-content/uploads/2020/05/fb.jpg HTTP/1.1" 200 9893
201.244.170.58 - - [06/Nov/2023:09:18:57 -0500] "GET /portaldeninos/wp-content/uploads/2020/05/ig.jpg HTTP/1.1" 200 11470
201.244.170.58 - - [06/Nov/2023:09:18:58 -0500] "GET /portaldeninos/wp-content/uploads/2020/06/yt.jpg HTTP/1.1" 200 10577
201.244.170.58 - - [06/Nov/2023:09:18:58 -0500] "GET /portaldeninos/wp-content/uploads/2020/06/tw.jpg HTTP/1.1" 200 11056
201.244.170.58 - - [06/Nov/2023:09:18:58 -0500] "GET /portaldeninos/wp-content/themes/betheme/images/box_shadow.png HTTP/1.1" 200 108
201.244.170.58 - - [06/Nov/2023:09:18:58 -0500] "GET /portaldeninos/wp-content/themes/betheme/images/stripes/stripes_3_b.png HTTP/1.1" 200 974
201.244.170.58 - - [06/Nov/2023:09:18:57 -0500] "GET /portaldeninos/wp-content/uploads/2018/11/tigrillo.jpg HTTP/1.1" 200 402961
201.244.170.58 - - [06/Nov/2023:09:18:58 -0500] "GET /portaldeninos/wp-content/uploads/2023/08/Infografia-Web-Infantil.mp4 HTTP/1.1" 206 100754
201.244.170.58 - - [06/Nov/2023:09:18:57 -0500] "GET /portaldeninos/wp-content/uploads/2022/08/Infograf%C3%ADa-humedales-actualizada.png HTTP/1.1" 200 588022
201.244.170.58 - - [06/Nov/2023:09:18:58 -0500] "GET /portaldeninos/wp-json/pum/v1/analytics/?event=open&pid=1126&_cache=1699280310562 HTTP/1.1" 204 -
201.244.170.58 - - [06/Nov/2023:09:18:57 -0500] "GET /portaldeninos/wp-content/uploads/2022/08/HUmedalConejera03-1.jpg HTTP/1.1" 200 12388495
201.244.170.58 - - [06/Nov/2023:09:18:58 -0500] "GET /portaldeninos/wp-content/uploads/2019/06/CabezoteAMBIENTIC.mp4 HTTP/1.1" 206 21677757
201.244.170.58 - - [06/Nov/2023:09:18:58 -0500] "GET /portaldeninos/wp-content/uploads/2023/08/Infografia-Web-Infantil.mp4 HTTP/1.1" 206 9064808
216.244.66.195 - - [06/Nov/2023:09:19:31 -0500] "GET /robots.txt HTTP/1.1" 404 1018
172.22.2.4 - - [06/Nov/2023:09:18:40 -0500] "HEAD /BLA/boletinlegal/ HTTP/1.1" 200 -
201.245.192.253 - - [06/Nov/2023:09:20:21 -0500] "POST /kwsrmcab/Wsrmcab HTTP/1.1" 200 40374
201.245.192.253 - - [06/Nov/2023:09:20:24 -0500] "POST /kwsrmcab/Wsrmcab HTTP/1.1" 200 40238
216.245.221.92 - - [06/Nov/2023:09:20:38 -0500] "HEAD / HTTP/1.1" 200 -
52.167.144.139 - - [06/Nov/2023:09:20:57 -0500] "GET /BLA/resoluciones/AUTOS%202021/0477.pdf HTTP/1.1" 304 -
172.22.2.4 - - [06/Nov/2023:09:19:31 -0500] "GET /BLA/boletinlegal/ HTTP/1.1" 200 58644
201.245.192.253 - - [06/Nov/2023:09:22:06 -0500] "POST /kwsrmcab/Wsrmcab  HTTP/1.1" 200 42686
143.244.136.24 - - [06/Nov/2023:09:24:59 -0500] "GET / HTTP/1.1" 200 319
186.154.39.204 - - [06/Nov/2023:09:25:07 -0500] "GET /BLA/resoluciones/ HTTP/1.1" 200 13696
186.154.39.204 - - [06/Nov/2023:09:25:09 -0500] "GET /BLA/resoluciones/index.php?dir=AUTOS+2019%2F HTTP/1.1" 200 390105
216.245.221.92 - - [06/Nov/2023:09:25:38 -0500] "HEAD / HTTP/1.1" 200 -
172.22.2.4 - - [06/Nov/2023:09:24:30 -0500] "HEAD /BLA/boletinlegal/ HTTP/1.1" 200 -
167.94.145.51 - - [06/Nov/2023:09:26:56 -0500] "GET / HTTP/1.1" 200 319
167.94.145.51 - - [06/Nov/2023:09:26:57 -0500] "GET / HTTP/1.1" 200 319
167.94.145.51 - - [06/Nov/2023:09:26:57 -0500] "PRI * HTTP/2.0" 400 946
167.94.145.51 - - [06/Nov/2023:09:26:57 -0500] "GET /favicon.ico HTTP/1.1" 200 7782
172.22.2.4 - - [06/Nov/2023:09:25:21 -0500] "GET /BLA/boletinlegal/ HTTP/1.1" 200 58644
201.245.192.253 - - [06/Nov/2023:09:27:04 -0500] "POST /kwsrmcab/Wsrmcab  HTTP/1.1" 200 42686
201.245.192.253 - - [06/Nov/2023:09:27:06 -0500] "POST /kwsrmcab/Wsrmcab HTTP/1.1" 200 40374
201.245.192.253 - - [06/Nov/2023:09:27:09 -0500] "POST /kwsrmcab/Wsrmcab HTTP/1.1" 200 40238
52.167.144.139 - - [06/Nov/2023:09:27:48 -0500] "GET /BLA/resoluciones/AUTOS%202007/1093.pdf HTTP/1.1" 200 23935
52.167.144.182 - - [06/Nov/2023:09:28:08 -0500] "GET /bla/resoluciones/resoluciones%202012/0974.pdf HTTP/1.1" 200 1491889
186.84.21.100 - - [06/Nov/2023:09:30:21 -0500] "GET /appsia/controlador HTTP/1.1" 200 4799
186.84.21.100 - - [06/Nov/2023:09:30:22 -0500] "GET /appsia/css/estilos.css HTTP/1.1" 200 4804
186.84.21.100 - - [06/Nov/2023:09:30:22 -0500] "GET /appsia/scripts/validarIngreso.js HTTP/1.1" 200 851
186.84.21.100 - - [06/Nov/2023:09:30:22 -0500] "GET /appsia/images/logo_bogota_p.png HTTP/1.1" 200 14951
186.84.21.100 - - [06/Nov/2023:09:30:22 -0500] "GET /appsia/images/cabezoteHojaVida.png HTTP/1.1" 200 32493
186.84.21.100 - - [06/Nov/2023:09:30:22 -0500] "GET /favicon.ico HTTP/1.1" 200 7782
201.245.192.253 - - [06/Nov/2023:09:30:20 -0500] "POST /kwsrmcab/Wsrmcab HTTP/1.1" 200 40374
201.245.192.253 - - [06/Nov/2023:09:30:23 -0500] "POST /kwsrmcab/Wsrmcab HTTP/1.1" 200 40238
216.245.221.92 - - [06/Nov/2023:09:30:38 -0500] "HEAD / HTTP/1.1" 200 -
172.22.2.4 - - [06/Nov/2023:09:30:20 -0500] "HEAD /BLA/boletinlegal/ HTTP/1.1" 200 -
201.245.192.253 - - [06/Nov/2023:09:32:03 -0500] "POST /kwsrmcab/Wsrmcab  HTTP/1.1" 200 42686
172.22.2.4 - - [06/Nov/2023:09:31:11 -0500] "GET /BLA/boletinlegal/ HTTP/1.1" 200 58644
172.22.2.4 - - [06/Nov/2023:09:33:12 -0500] "GET /BLA/boletinlegal/ HTTP/1.1" 200 62729
216.245.221.92 - - [06/Nov/2023:09:35:38 -0500] "HEAD / HTTP/1.1" 200 -
201.245.192.253 - - [06/Nov/2023:09:37:03 -0500] "POST /kwsrmcab/Wsrmcab  HTTP/1.1" 200 42686
201.245.192.253 - - [06/Nov/2023:09:37:06 -0500] "POST /kwsrmcab/Wsrmcab HTTP/1.1" 200 40374
201.245.192.253 - - [06/Nov/2023:09:37:09 -0500] "POST /kwsrmcab/Wsrmcab HTTP/1.1" 200 40238
66.249.66.21 - - [06/Nov/2023:09:37:46 -0500] "GET /portalsiaccapacitaciones/Listas%20de%20Asistencia%202016/RELACION%20DE%20ASIST.31-03-2016.pdf HTTP/1.1" 200 577991
172.22.2.4 - - [06/Nov/2023:09:36:10 -0500] "HEAD /BLA/boletinlegal/ HTTP/1.1" 200 -
172.22.2.4 - - [06/Nov/2023:09:37:01 -0500] "GET /BLA/boletinlegal/ HTTP/1.1" 200 58644
66.249.66.19 - - [06/Nov/2023:09:39:03 -0500] "GET /BLA/resoluciones/AUTOS%202011/2153.pdf HTTP/1.1" 200 168470
201.245.192.253 - - [06/Nov/2023:09:40:21 -0500] "POST /kwsrmcab/Wsrmcab HTTP/1.1" 200 40374
201.245.192.253 - - [06/Nov/2023:09:40:24 -0500] "POST /kwsrmcab/Wsrmcab HTTP/1.1" 200 40238
216.245.221.92 - - [06/Nov/2023:09:40:38 -0500] "HEAD / HTTP/1.1" 200 -
201.245.192.253 - - [06/Nov/2023:09:42:02 -0500] "POST /kwsrmcab/Wsrmcab  HTTP/1.1" 200 42686
172.22.2.4 - - [06/Nov/2023:09:42:00 -0500] "HEAD /BLA/boletinlegal/ HTTP/1.1" 200 -
172.22.2.4 - - [06/Nov/2023:09:42:51 -0500] "GET /BLA/boletinlegal/ HTTP/1.1" 200 58644
66.249.66.19 - - [06/Nov/2023:09:44:53 -0500] "GET /BLA/resoluciones/RESOLUCIONES%202009/5765.pdf HTTP/1.1" 200 166998
43.135.164.74 - - [06/Nov/2023:09:45:06 -0500] "GET /portaldeninos/ HTTP/1.1" 200 110179
216.245.221.92 - - [06/Nov/2023:09:45:38 -0500] "HEAD / HTTP/1.1" 200 -
66.249.66.20 - - [06/Nov/2023:09:46:03 -0500] "GET /BLA/resoluciones/RESOLUCIONES%202008/3420.pdf HTTP/1.1" 200 250870
216.244.66.195 - - [06/Nov/2023:09:46:15 -0500] "GET /BLA/resoluciones/AUTOS%202015/0255.pdf HTTP/1.1" 200 441549
216.244.66.195 - - [06/Nov/2023:09:46:48 -0500] "GET /BLA/resoluciones/AUTOS%202015/2419.pdf HTTP/1.1" 200 504461
201.245.192.253 - - [06/Nov/2023:09:47:01 -0500] "POST /kwsrmcab/Wsrmcab  HTTP/1.1" 200 42686
171.234.9.216 - - [06/Nov/2023:09:49:11 -0500] "GET / HTTP/1.1" 200 319
52.167.144.235 - - [06/Nov/2023:09:49:18 -0500] "GET /BLA/resoluciones/RESOLUCIONES%202021/1587.pdf HTTP/1.1" 200 435128
172.22.2.4 - - [06/Nov/2023:09:47:50 -0500] "HEAD /BLA/boletinlegal/ HTTP/1.1" 200 -
152.203.228.178 - - [06/Nov/2023:09:50:13 -0500] "GET /kwssiamovil/sm/ldap/au?x=U2FsdGVkX1+bQ01E/taXn9XbBwJG+2MFrW7705wX9MbOacHRx3g3Wxbzn2zqAcPQ&y=U2FsdGVkX180dPjFJMgPOm1db75JjAsetSJanaH0NouSrVjRjnI2pswkUYRMK6I7 HTTP/1.1" 200 30
152.203.228.178 - - [06/Nov/2023:09:50:13 -0500] "GET /kwssiamovil/sm/acme/s?s=U2FsdGVkX198WKcPcqWshtsajDL/lksBZ7pvaXYvVAD21GGtBvUQ1TOLhcv++tkX5PhJ9ZMqH167NbtqkUanGDDBjUttmnigxNC4wu4xp7o=&u=U2FsdGVkX18xUhmt3WbHEStDpb7LKG2BDZeBy+eyC8f8/RWa+KMvkKFzXXOA73kq&y=U2FsdGVkX180dPjFJMgPOm1db75JjAsetSJanaH0NouSrVjRjnI2pswkUYRMK6I7 HTTP/1.1" 200 70
152.203.228.178 - - [06/Nov/2023:09:50:13 -0500] "GET /kwssiamovil/sm/acme/s?s=U2FsdGVkX1/9gjmeRuVdICr/Xe1HyWS2/omYVCCULLpMUfPippztGXltKzyAxTutbWg7cMcd1ZNN/BEyFNCAoN+VQr2SihhAYrTIaxWlK/dhngNYYHzDrq+espt+yL8V75wLf86CrvMOQhIM9bb59XEQYlw9Wf2QQqDN9kjwnQ8LPED0CyGnUydG4SbRizODonEeqHWKExLAQS2+FjDtToEmP7yp9qXX87L+IF+XgRbF5cRHhVWxO7yeE+tZJz3UR372xbNzBxkKhUm2Ewd+5ijUoNyU1NjUjdX9yttVIGuK5NNDj3wmEOSpTxXpaN++WWkkUm3lECUO7rhrKB8oUNUc8UNRdkCzTCy76XRGHNNONiuSUJonYHcGUzxZexJWTbcs1yknqYbo6NHP0sMQpJY6R9R6rmSQoAXN9k5yjX7pWLjiSGCvWogH0skG0YPKRJMKC8AIVSO6z8SbLvKH+3yYem+i+8fWMIcKdjYImF2EOigmtlbh/emsHGSkZUF7BdE7tffwrvu3qmSaYcpqf30hdC4G5OkhxOZMFv16JGUVvrwNiA5uZgrmgownC8kANzgwZhecgG0FCFpLGNSzlW7QdaqTGefTnDghKyS82IwBkWzVcxWNnUrjHgMcU6C1s3wjC6ZQ2WhFjG0ZPB7Jw3VZFyGBVuTd9LenHX0eWHOKXNoNVtF3mY88EWbd3Qu6P7j4t433SP4O6eiVYYvlnPY0Dxwms7aKFSG3tLhcOJcbscn5wqEhp2H7kMe7W44T11RQHxqc14vXe0q8+ANWrTuXL3HGWpnzfubHmnPgTVRH4Oz79x2I3UjoD4RBx+EVrVy49a1vwNZwYB4EbFJTXRq3ha+pYqIufsaylhLBPEcufbgqYC8qCasNSSB6MEH6OnWZbW9yyyvwZDBEbdHKI/IXDPn90TGijTP18/orzWsjaJk9lumzuh4d1H5uBuKiKnfJODorNVJrnbCOTRT9V9nOIUNrWFmLOzuEieVnkgzHhg9RdOUv24e34mWTfOpLtWIlm9Smq1OMYl3tMhbRa3nxUnnZNgAotqS7nO5F7FeicMLX1UzvwN96aZ+/sVEX/HbOvQJ3HbPA/3Ly6Yk6lVxPXHUUmqXXKzBQPImZFBAOnUPnJB7zb8gamJ2XyuguIoP9HYYTDOMR2dSHQpzjbFjGeFZbETNH1RcuUjVdfKSPyyL2kdyf8758o57XwwHgPY3hUjKo47nEvrlKA6QEvOiO+juUZNBOi1be0Jp8IPxroE8Jth3pnOa/+JeRB7Hr/1REf8igtbW4mYM0iICDv5oPIPdKqdMY+qL9O5JClHnBxFM1ngUCshtt5auflyVMBkOEVNH540zbTtcrVnFIn0F9JnkPGDWvntDkHyPHBeKnKZfS1cf6AG4hdNVUu4TC0LvrHnog8PIKGqsMjoOHp9LuzekS6T78UrDbJgeYTGw=&u=U2FsdGVkX18xUhmt3WbHEStDpb7LKG2BDZeBy+eyC8f8/RWa+KMvkKFzXXOA73kq&y=U2FsdGVkX180dPjFJMgPOm1db75JjAsetSJanaH0NouSrVjRjnI2pswkUYRMK6I7 HTTP/1.1" 200 1186
152.203.228.178 - - [06/Nov/2023:09:50:14 -0500] "GET /kwssiamovil/sm/acme/s?s=U2FsdGVkX1/MmoVwhq32JuAsf/IjyXUDRqQghw8zLioJMtoppsD7W8E/K0PUqv5Y95u7KZdsfYrO5axyQO8RN/hKvCl0caUQxs9ix5Vfd/unVaNkquPN1E2wD036JKbamJkLllCZa1mshAfAp1jmzltL/ECv4/meglR56Sk+CV+2zQHXhGn8/QBB/xCSDpU4hPl3jJFnEJ4kqdBVlkeAA/gB8ikK+w8ou6ieRW2vCtOKVz2WgkH0rohff7vezgh8Z1qS1xR3qQMw8yOM2feKRJwbJzkkm+AyDDJCR/eROTv6Z6hpcYVV0Xv0ZpwwzpT/HEHV2vgJjr1O8w/Sme78Sd+NPTh5+zb7+UNsvSEtNp4=&u=U2FsdGVkX18xUhmt3WbHEStDpb7LKG2BDZeBy+eyC8f8/RWa+KMvkKFzXXOA73kq&y=U2FsdGVkX180dPjFJMgPOm1db75JjAsetSJanaH0NouSrVjRjnI2pswkUYRMK6I7 HTTP/1.1" 200 196
152.203.228.178 - - [06/Nov/2023:09:50:14 -0500] "GET /kwssiamovil/sm/cjson/pre?f=1&x=U2FsdGVkX1+bQ01E/taXn9XbBwJG+2MFrW7705wX9MbOacHRx3g3Wxbzn2zqAcPQ HTTP/1.1" 200 31032
172.22.2.4 - - [06/Nov/2023:09:48:41 -0500] "GET /BLA/boletinlegal/ HTTP/1.1" 200 58294
216.245.221.92 - - [06/Nov/2023:09:50:38 -0500] "HEAD / HTTP/1.1" 200 -
40.77.167.53 - - [06/Nov/2023:09:51:33 -0500] "GET /BLA/resoluciones/AUTOS%202023/3422.pdf HTTP/1.1" 200 701775
201.245.192.253 - - [06/Nov/2023:09:51:59 -0500] "POST /kwsrmcab/Wsrmcab  HTTP/1.1" 200 42686
40.77.167.53 - - [06/Nov/2023:09:55:15 -0500] "GET /BLA/resoluciones/AUTOS%202023/3301.pdf HTTP/1.1" 200 949416
172.22.2.4 - - [06/Nov/2023:09:53:40 -0500] "HEAD /BLA/boletinlegal/ HTTP/1.1" 200 -
216.245.221.92 - - [06/Nov/2023:09:55:38 -0500] "HEAD / HTTP/1.1" 200 -
172.22.2.4 - - [06/Nov/2023:09:54:31 -0500] "GET /BLA/boletinlegal/ HTTP/1.1" 200 61018
201.245.192.253 - - [06/Nov/2023:09:56:58 -0500] "POST /kwsrmcab/Wsrmcab  HTTP/1.1" 200 42686
66.249.66.20 - - [06/Nov/2023:09:57:55 -0500] "GET /BLA/resoluciones/RESOLUCIONES%202013/0115.pdf HTTP/1.1" 200 4519280
216.245.221.92 - - [06/Nov/2023:10:00:38 -0500] "HEAD / HTTP/1.1" 200 -
172.22.2.4 - - [06/Nov/2023:09:59:30 -0500] "HEAD /BLA/boletinlegal/ HTTP/1.1" 200 -
52.167.144.222 - - [06/Nov/2023:10:01:33 -0500] "GET /BLA/resoluciones/AUTOS%202023/5214.pdf HTTP/1.1" 200 420708
201.245.192.253 - - [06/Nov/2023:10:01:57 -0500] "POST /kwsrmcab/Wsrmcab  HTTP/1.1" 200 42686
172.22.2.4 - - [06/Nov/2023:10:00:21 -0500] "GET /BLA/boletinlegal/ HTTP/1.1" 200 59007
172.22.2.4 - - [06/Nov/2023:10:03:33 -0500] "GET /BLA/boletinlegal/actos.php HTTP/1.1" 200 9682
172.22.2.4 - - [06/Nov/2023:10:03:33 -0500] "GET /BLA/boletinlegal/styles2.css HTTP/1.1" 200 1838
172.22.2.4 - - [06/Nov/2023:10:03:33 -0500] "GET /BLA/boletinlegal/js/ajax_actos.js HTTP/1.1" 200 1322
172.22.2.4 - - [06/Nov/2023:10:03:33 -0500] "GET /BLA/boletinlegal/niceforms-default.css HTTP/1.1" 200 6694
172.22.2.4 - - [06/Nov/2023:10:03:33 -0500] "GET /BLA/boletinlegal/style.css HTTP/1.1" 200 9406
172.22.2.4 - - [06/Nov/2023:10:03:33 -0500] "GET /BLA/boletinlegal/js/lib.js HTTP/1.1" 200 6474
172.22.2.4 - - [06/Nov/2023:10:03:33 -0500] "GET /BLA/boletinlegal/niceforms.js HTTP/1.1" 200 22876
172.22.2.4 - - [06/Nov/2023:10:03:33 -0500] "GET /BLA/boletinlegal/js/popup.js HTTP/1.1" 200 1270
172.22.2.4 - - [06/Nov/2023:10:03:33 -0500] "GET /BLA/boletinlegal/js/jquery1.js HTTP/1.1" 200 29846
172.22.2.4 - - [06/Nov/2023:10:03:33 -0500] "GET /BLA/boletinlegal/images/cabezote%20BLEGAL.jpg HTTP/1.1" 200 118164
172.22.2.4 - - [06/Nov/2023:10:03:33 -0500] "GET /BLA/boletinlegal/images/subscribe-icon-big.png HTTP/1.1" 200 47702
172.22.2.4 - - [06/Nov/2023:10:03:33 -0500] "GET /BLA/boletinlegal/images/historia.png HTTP/1.1" 200 52775
172.22.2.4 - - [06/Nov/2023:10:03:33 -0500] "GET /BLA/boletinlegal/images/registro-usuarios.png HTTP/1.1" 200 8106
172.22.2.4 - - [06/Nov/2023:10:03:33 -0500] "GET /BLA/boletinlegal/images/green-yellow-blue-pink-th.png HTTP/1.1" 200 7394
172.22.2.4 - - [06/Nov/2023:10:03:33 -0500] "GET /BLA/boletinlegal/images/icono-email.png HTTP/1.1" 200 5544
172.22.2.4 - - [06/Nov/2023:10:03:33 -0500] "GET /BLA/boletinlegal/images/tel.png HTTP/1.1" 200 14477
172.22.2.4 - - [06/Nov/2023:10:03:33 -0500] "GET /BLA/boletinlegal/images/body_bg.jpg HTTP/1.1" 200 1601
172.22.2.4 - - [06/Nov/2023:10:03:33 -0500] "GET /BLA/boletinlegal/images/menu_rght.gif HTTP/1.1" 200 1627
172.22.2.4 - - [06/Nov/2023:10:03:33 -0500] "GET /BLA/boletinlegal/images/menu_lft.gif HTTP/1.1" 200 1713
172.22.2.4 - - [06/Nov/2023:10:03:33 -0500] "GET /BLA/boletinlegal/images/bg_top.jpg HTTP/1.1" 200 522
172.22.2.4 - - [06/Nov/2023:10:03:33 -0500] "GET /BLA/boletinlegal/images/menu_bg.jpg HTTP/1.1" 200 620
172.22.2.4 - - [06/Nov/2023:10:03:33 -0500] "GET /BLA/boletinlegal/images/hover.jpg HTTP/1.1" 200 640
172.22.2.4 - - [06/Nov/2023:10:03:33 -0500] "GET /BLA/boletinlegal/images/text.jpg HTTP/1.1" 200 568
172.22.2.4 - - [06/Nov/2023:10:03:33 -0500] "GET /BLA/boletinlegal/images/footer_bg.jpg HTTP/1.1" 200 586
172.22.2.4 - - [06/Nov/2023:10:03:33 -0500] "GET /BLA/boletinlegal/images/footer_bg_l.jpg HTTP/1.1" 200 776
172.22.2.4 - - [06/Nov/2023:10:03:33 -0500] "GET /BLA/boletinlegal/img/0.png HTTP/1.1" 200 110
172.22.2.4 - - [06/Nov/2023:10:03:33 -0500] "GET /BLA/boletinlegal/img/select-left.png HTTP/1.1" 200 263
172.22.2.4 - - [06/Nov/2023:10:03:33 -0500] "GET /BLA/boletinlegal/img/select-right.png HTTP/1.1" 200 44019
172.22.2.4 - - [06/Nov/2023:10:03:33 -0500] "GET /BLA/boletinlegal/img/button-left.png HTTP/1.1" 200 57071
172.22.2.4 - - [06/Nov/2023:10:03:33 -0500] "GET /BLA/boletinlegal/img/button.png HTTP/1.1" 200 43241
172.22.2.4 - - [06/Nov/2023:10:03:33 -0500] "GET /BLA/boletinlegal/img/button-right.png HTTP/1.1" 200 57878
172.22.2.4 - - [06/Nov/2023:10:03:33 -0500] "GET /BLA/boletinlegal/favicon.ico HTTP/1.1" 404 1326
80.66.88.204 - - [06/Nov/2023:10:04:05 -0500] "\x03" 400 226
172.22.2.4 - - [06/Nov/2023:10:04:11 -0500] "GET /BLA/boletinlegal/consulta_actos.php?tipo=resoluciones&no=3961&usuario=&sector=&fecha=2008&resuelve= HTTP/1.1" 200 1016
172.22.2.4 - - [06/Nov/2023:10:04:12 -0500] "GET /BLA/boletinlegal/images/pdf.gif HTTP/1.1" 200 567
186.154.39.204 - - [06/Nov/2023:10:04:26 -0500] "GET /BLA/resoluciones/index.php?dir=AUTOS+2019%2F HTTP/1.1" 200 390105
186.154.39.204 - - [06/Nov/2023:10:04:31 -0500] "GET /BLA/resoluciones/AUTOS%202019/3018.pdf HTTP/1.1" 200 227837
172.22.2.4 - - [06/Nov/2023:10:05:16 -0500] "GET /BLA/boletinlegal/actos.php HTTP/1.1" 200 9682
172.22.2.4 - - [06/Nov/2023:10:05:24 -0500] "GET /BLA/boletinlegal/consulta_actos.php?tipo=autos&no=3961&usuario=&sector=&fecha=2008&resuelve= HTTP/1.1" 200 626
172.22.2.4 - - [06/Nov/2023:10:05:32 -0500] "GET /BLA/boletinlegal/consulta_actos.php?tipo=resoluciones&no=3961&usuario=&sector=&fecha=2008&resuelve= HTTP/1.1" 200 1016
186.155.60.129 - - [06/Nov/2023:10:05:35 -0500] "GET /BLA/resoluciones/RESOLUCIONES%202008/3961.pdf HTTP/1.1" 200 250912
186.155.60.129 - - [06/Nov/2023:10:05:35 -0500] "GET /favicon.ico HTTP/1.1" 200 7782
216.245.221.92 - - [06/Nov/2023:10:05:38 -0500] "HEAD / HTTP/1.1" 200 -
216.244.66.195 - - [06/Nov/2023:10:06:27 -0500] "GET /robots.txt HTTP/1.1" 404 1018
131.72.137.230 - - [06/Nov/2023:10:06:29 -0500] "GET /BLA/resoluciones/ HTTP/1.1" 200 13696
131.72.137.230 - - [06/Nov/2023:10:06:29 -0500] "GET /BLA/resoluciones/dlf/folder.png HTTP/1.1" 200 410
131.72.137.230 - - [06/Nov/2023:10:06:29 -0500] "GET /BLA/resoluciones/dlf/styles.css HTTP/1.1" 200 3049
131.72.137.230 - - [06/Nov/2023:10:06:29 -0500] "GET /BLA/resoluciones/dlf/bg.gif HTTP/1.1" 200 54
131.72.137.230 - - [06/Nov/2023:10:06:29 -0500] "GET /favicon.ico HTTP/1.1" 200 7782
131.72.137.230 - - [06/Nov/2023:10:06:46 -0500] "GET /BLA/resoluciones/dlf/dirup.png HTTP/1.1" 200 644
131.72.137.230 - - [06/Nov/2023:10:06:46 -0500] "GET /BLA/resoluciones/dlf/pdf.gif HTTP/1.1" 200 272
131.72.137.230 - - [06/Nov/2023:10:06:46 -0500] "GET /BLA/resoluciones/index.php?dir=RESOLUCIONES+2022%2F HTTP/1.1" 200 322327
131.72.137.230 - - [06/Nov/2023:10:06:46 -0500] "GET /BLA/resoluciones/dlf/archive.png HTTP/1.1" 200 632
201.245.192.253 - - [06/Nov/2023:10:06:56 -0500] "POST /kwsrmcab/Wsrmcab  HTTP/1.1" 200 42686
172.22.2.4 - - [06/Nov/2023:10:05:20 -0500] "HEAD /BLA/boletinlegal/ HTTP/1.1" 200 -
131.72.137.230 - - [06/Nov/2023:10:07:02 -0500] "GET /BLA/resoluciones/RESOLUCIONES%202022/3604.pdf HTTP/1.1" 200 520793
172.22.2.4 - - [06/Nov/2023:10:06:11 -0500] "GET /BLA/boletinlegal/ HTTP/1.1" 200 58294
52.167.144.161 - - [06/Nov/2023:10:09:42 -0500] "GET /BLA/resoluciones/RESOLUCIONES%202021/3163.pdf HTTP/1.1" 200 348811
66.249.66.20 - - [06/Nov/2023:10:09:49 -0500] "GET /BLA/resoluciones/RESOLUCIONES%202008/0360.pdf HTTP/1.1" 200 220972
66.249.66.19 - - [06/Nov/2023:10:10:20 -0500] "GET /BLA/resoluciones/RESOLUCIONES%202009/8042.pdf HTTP/1.1" 200 414432
66.249.66.19 - - [06/Nov/2023:10:10:24 -0500] "GET /BLA/resoluciones/RESOLUCIONES%202009/2297.pdf HTTP/1.1" 200 371398
216.245.221.92 - - [06/Nov/2023:10:10:38 -0500] "HEAD / HTTP/1.1" 200 -
66.249.66.20 - - [06/Nov/2023:10:10:49 -0500] "GET /BLA/resoluciones/RESOLUCIONES%202007/RES%202007%20501%20AL%20600/RESOLUCION%200541%20DE%202007.pdf HTTP/1.1" 200 495739
172.22.2.4 - - [06/Nov/2023:10:11:38 -0500] "GET /BLA/boletinlegal/consulta_actos.php?tipo=resoluciones&no=1455&usuario=&sector=&fecha=2020&resuelve= HTTP/1.1" 200 626
66.249.66.20 - - [06/Nov/2023:10:11:49 -0500] "GET /BLA/resoluciones/RESOLUCIONES%202009/4178.pdf HTTP/1.1" 200 135138
201.245.192.253 - - [06/Nov/2023:10:11:55 -0500] "POST /kwsrmcab/Wsrmcab  HTTP/1.1" 200 42686
172.22.2.4 - - [06/Nov/2023:10:12:06 -0500] "GET /BLA/boletinlegal/actos.php HTTP/1.1" 200 9682
172.22.2.4 - - [06/Nov/2023:10:12:21 -0500] "GET /BLA/boletinlegal/consulta_actos.php?tipo=autos&no=1455&usuario=&sector=&fecha=2020&resuelve= HTTP/1.1" 200 626
172.22.2.4 - - [06/Nov/2023:10:12:31 -0500] "GET /BLA/boletinlegal/consulta_actos.php?tipo=resoluciones&no=1455&usuario=&sector=&fecha=2020&resuelve= HTTP/1.1" 200 626
172.22.2.4 - - [06/Nov/2023:10:12:35 -0500] "GET /BLA/boletinlegal/consulta_actos.php?tipo=resoluciones&no=1455&usuario=&sector=&fecha=2020&resuelve= HTTP/1.1" 200 626
172.22.2.4 - - [06/Nov/2023:10:12:36 -0500] "GET /BLA/boletinlegal/consulta_actos.php?tipo=resoluciones&no=1455&usuario=&sector=&fecha=2020&resuelve= HTTP/1.1" 200 626
172.22.2.4 - - [06/Nov/2023:10:12:37 -0500] "GET /BLA/boletinlegal/consulta_actos.php?tipo=resoluciones&no=1455&usuario=&sector=&fecha=2020&resuelve= HTTP/1.1" 200 626
172.22.2.4 - - [06/Nov/2023:10:12:38 -0500] "GET /BLA/boletinlegal/consulta_actos.php?tipo=resoluciones&no=1455&usuario=&sector=&fecha=2020&resuelve= HTTP/1.1" 200 626
66.249.66.19 - - [06/Nov/2023:10:12:41 -0500] "GET /BLA/resoluciones/RESOLUCIONES%202009/2484.pdf HTTP/1.1" 200 392162
66.249.66.20 - - [06/Nov/2023:10:12:43 -0500] "GET /BLA/resoluciones/RESOLUCIONES%202009/0383.pdf HTTP/1.1" 200 353561
172.22.2.4 - - [06/Nov/2023:10:11:10 -0500] "HEAD /BLA/boletinlegal/ HTTP/1.1" 200 -
66.249.66.20 - - [06/Nov/2023:10:13:19 -0500] "GET /BLA/resoluciones/RESOLUCIONES%202008/0531.pdf HTTP/1.1" 200 837326
172.22.2.4 - - [06/Nov/2023:10:12:01 -0500] "GET /BLA/boletinlegal/ HTTP/1.1" 200 58294
52.167.144.223 - - [06/Nov/2023:10:15:12 -0500] "GET /Publicaciones/2023EE215585.pdf HTTP/1.1" 404 228
216.245.221.92 - - [06/Nov/2023:10:15:38 -0500] "HEAD / HTTP/1.1" 200 -
186.102.69.186 - - [06/Nov/2023:10:15:55 -0500] "GET /kwssiamovil/sm/ldap/au?x=U2FsdGVkX19Pqvfkfl/U++LNiwU5hfPzHgjheIbA29J7spulWQQE5OZUPYq0eUjz&y=U2FsdGVkX19G/MMcAPNjkIEpIcGHC2hiSNHV9OzES9q0wsY2H++RXOcaK1dDNesa HTTP/1.1" 200 30
186.102.69.186 - - [06/Nov/2023:10:15:55 -0500] "GET /kwssiamovil/sm/acme/s?s=U2FsdGVkX18DTeguJqow1gj0ujJ4RqCJBicVLo3cPlGAnN/xcFBuS7CpER2wbUSpnjh0ICkeD2yR8a6mhLsUNYC3r5A/hTOBFHFarrIyfLk=&u=U2FsdGVkX1/yobhotWs3MG48ut5SclSQj0X4i4SXg2Y=&y=U2FsdGVkX19G/MMcAPNjkIEpIcGHC2hiSNHV9OzES9q0wsY2H++RXOcaK1dDNesa HTTP/1.1" 200 97
186.102.69.186 - - [06/Nov/2023:10:15:55 -0500] "GET /kwssiamovil/sm/acme/s?s=U2FsdGVkX1/azvHMcUql0ZvluJ5P8HenCFo042A0sX1dHHr+epj/H1eO9hqbjrNJbeI6EXyZrlskvaM8APKUD2ycQIfFnFPlMbK3TqBmNVCGaNuj+LdluUjMTCdVYxXepwR+l051WixTmvbO8kXYYAGPt4DYL4Ee1yptgX36RSrvS8llA2IVs826lg1FpAV8qDN9RZfYYQQm1He2onAl0spTEvbDNl5dGZxnzN1PoFGb+hTqWMAkzQOHTqqJixsERUAU0kBxgfMF1ZLOe45r3Bg8NlcM4DVMStsZLibbVhBvm9MoLSjy14F1kG2KU7gY0C5eDwIhN23nsKg085ilEBjYGl4u2UlQKo68Z6RXZKxDyDrBIlHtTLTXwTv0Q8oWoNO1QEYfcejg4GPC8yvfxCVwY92KfRBQcsbOWKSiuebXnkusTnA/NqqUAwMiFVGwagnAdqvdDqajtLiJucbV/aMnFWNXKg5vY2e+0LLp9N84/H9YJNvz3s/vdGXHuzcVftMCQSWfRjoNrm1yGyS9Knp+rCSDSCy431NCcddgU/rBP8CJTBV/xhmSRbF8uN6KC2IscSAEl66AcCJqZDcrE5UpyQCfCx3KsVwm5T565zMfjxHXlM9XdURaeq1IsALwnUK8uZRB/1pxbbj67n/J4H3R0hRhaesxrKoIGdr+h2ln0026K408rPIaFGIJmi0W3vw/tVll3F+WEoq3lxvOM7/iN1UPADeuWrpkkpmlT8qH30jSsHvX4A43Y0+gZJuVnEJPTs/rFZu/GqW9EYuyB5FIQsrorqDlHRzMsn1G68E9FdjW08WSl0EsI+qYUolbKzwtT831J1QaMJ2/dVOWgA6uBUftYAuzkdlBE62WXbNTi/W1s99inrYwru0GJiYxwW612Jj23wAJ2x4uRtD/S+fyk+TRhbEUwmgkb9tWs0Q+flS19ebvck6iLTS0LATC2IPnDv8WU/6OyGlZyupZFxCa611FOvjjKQJNbKZW8bRUTjQeRqkaYAqapCv1oY1zOI/fBEsBGrByWIsBQxe25i2Y40dWIF0b/xMRv4DCP9Q7eN8rgbbGbxnJD8AmdDSkYA1TePQ/54EI8t8qLfCyXVxxtUxnZiVHffSrKmFeRCv/hgtD45tviHqEO4osYVodVCg4qmRb3kpsDRy8Q3Ko5ZNgbZmrVi1/H12CwE0AdWJdO7xJa/4cNDT7SCossuTsNF+sp/FgG9wYX4+tnKX4bDujQf/0DOfEsjWHk6jxvNaBb8ACohNi/bWUSZQH+txQeHHSPsoWeEAdOhKSFmQ/G7p2XjIP51QdTmggu0s4QcO66hG+PRKuvCke45W3esrU9TfIMTFGdzIVuIURn5L5kChngfjgC3d9V7RUXdAlA7evHc+sN4bu86mcZFUhMsdr9T1USCH/g/a4xjStNswiivlvMF33chxOm1E/zHBJitA6+Ye3/GX7iiWXyZkhtvg6/XrbgqPWTPZBLJflRvYDVO+ddXIpdedA8ngUDx2xwvqyzSzKTaDLM0xK9WoPY32fxQs2C6tFkuQwycl0Xryn4XQbPi0g38HAehg4jM9qu+HdNAb6u0dMuMGE2bFBeHkFLF6x9Zw+pMfahrdwpOPb0Wivvp5jUX9aV0r84nbEgJHIf5ky7cvbhXysxIGOGaQR4L2ahJMLneEMyg+IGa7S1JaFvPiAG2mPmv3I7K6S2l5L60pQpGq6HDJ1rcgyJgmrTh4wabydQ+gSDydJzFUu0I41Gq8C3zA19H7bhXS6G6w=&u=U2FsdGVkX1/yobhotWs3MG48ut5SclSQj0X4i4SXg2Y=&y=U2FsdGVkX19G/MMcAPNjkIEpIcGHC2hiSNHV9OzES9q0wsY2H++RXOcaK1dDNesa HTTP/1.1" 200 1045
186.102.69.186 - - [06/Nov/2023:10:15:55 -0500] "GET /kwssiamovil/sm/acme/s?s=U2FsdGVkX1/HGKg/sjdwf39WTFRzLJqsJyn0CEhhwa7uO+Bp6CTFWDiTMnAFLa/ixulqNuFVdhTzrLDINrkz3kupU/loUGYXtUQcXesvhDEX00QNO6Ezeumo2rdwXpCN391ZqvDG9HVgxD+3Uaj7++4z1+qVTx3BjxMxMFA8aKa96t+yXmWaS+8nKIQpDb39WvJhoirAtFOXtjbTc6Q2TO4xQB4jB4lT47JI/QVyXlZAGD/pWfDoE/cfJDHGI4nLZDHb6REkW4vOhvkBEPqYI/AJZ6vkly6HNWEIq5sAdV1Oyr0EKTBFBXJ+3hgECu1F1NC1rB1mU9qNnU+e8eiuJMyawMUugnCN8TOqWhWcDXUm2WiJEsE0Xi5WZF8A4DK5tynPKx0MPeBbzvDb5fcDFGr2TUYlaQbOkD2W9l8oVKq6DaaW/m8AbIA63eINRMzNCV9YfauGN2I+wA4qsXU3Bqq/McN2QIQUGRUQ1hqPau9oJyF+/boQtekumOGtCAR7ecOIHmSKNcJwHVoWBGsmvwU3t21z4W1ei/QMLqWbqFDzcWoon0+qcVA9DSPXTfAsyeajKYrwCaV2NMiEl8c2DCRLHWfF0njQLEqkiQTWJSufW8UHDXhGDALe7btrPbYyfN2ugjeYUZbeN74GkqPAZ8+Vlmub+ocTcSYVd+oJl7qZMBa6o4E4K9OFcWreN07wS7gBVuayrFC3PdJAwHkqDOSRH5Y0RXyv3TcKyPkTPPJrll4exEhwSMTd+KiyYN6h&u=U2FsdGVkX1/yobhotWs3MG48ut5SclSQj0X4i4SXg2Y=&y=U2FsdGVkX19G/MMcAPNjkIEpIcGHC2hiSNHV9OzES9q0wsY2H++RXOcaK1dDNesa HTTP/1.1" 200 208
186.102.69.186 - - [06/Nov/2023:10:15:55 -0500] "GET /kwssiamovil/sm/cjson/pre?f=1&x=U2FsdGVkX19Pqvfkfl/U++LNiwU5hfPzHgjheIbA29J7spulWQQE5OZUPYq0eUjz HTTP/1.1" 200 31032
201.245.192.253 - - [06/Nov/2023:10:16:52 -0500] "POST /kwsrmcab/Wsrmcab  HTTP/1.1" 200 42686
201.245.192.253 - - [06/Nov/2023:10:17:05 -0500] "POST /kwsrmcab/Wsrmcab HTTP/1.1" 200 38519
201.245.192.253 - - [06/Nov/2023:10:17:08 -0500] "POST /kwsrmcab/Wsrmcab HTTP/1.1" 200 40484
52.167.144.233 - - [06/Nov/2023:10:17:15 -0500] "GET /BLA/resoluciones/RESOLUCIONES%202021/1192.pdf HTTP/1.1" 200 384541
172.22.2.4 - - [06/Nov/2023:10:17:00 -0500] "HEAD /BLA/boletinlegal/ HTTP/1.1" 200 -
66.249.73.67 - - [06/Nov/2023:10:19:32 -0500] "GET /compania-nacional-de-chocolates-cerescos-y-cablemovil-entre-las-empresas-que-han-implementado-proyectos-ambientales-exitosos.html HTTP/1.1" 304 -
172.22.2.4 - - [06/Nov/2023:10:17:52 -0500] "GET /BLA/boletinlegal/ HTTP/1.1" 200 61018
66.249.73.67 - - [06/Nov/2023:10:19:33 -0500] "GET /cumbre-p4g-soluciones-conjuntas-para-consolidar-ciudades-sostenibles.html HTTP/1.1" 304 -
40.77.167.26 - - [06/Nov/2023:10:19:57 -0500] "GET /siipev/Diseno%20de%20Elementos%20de%20Mobiliario%20Urbano/Otros%20Elementos/PARTE%20B/Dise%C3%B1o%20de%20Elementos%20M-160.pdf HTTP/1.1" 304 -
69.63.189.2 - - [06/Nov/2023:10:20:14 -0500] "GET /mujeres-secretaria-de-ambiente-abre-nueva-convocatoria-para-aprender-sobre-el-cuidado-de-los-humedales.html HTTP/1.1" 200 853
191.156.224.12 - - [06/Nov/2023:10:20:19 -0500] "GET /appsia/controlador HTTP/1.1" 200 4799
201.245.192.253 - - [06/Nov/2023:10:20:21 -0500] "POST /kwsrmcab/Wsrmcab HTTP/1.1" 200 38519
201.245.192.253 - - [06/Nov/2023:10:20:24 -0500] "POST /kwsrmcab/Wsrmcab HTTP/1.1" 200 40484
191.156.234.58 - - [06/Nov/2023:10:20:37 -0500] "GET /appsia/controlador HTTP/1.1" 200 4799
216.245.221.92 - - [06/Nov/2023:10:20:38 -0500] "HEAD / HTTP/1.1" 200 -
191.156.234.58 - - [06/Nov/2023:10:20:39 -0500] "GET /appsia/scripts/validarIngreso.js HTTP/1.1" 200 851
191.156.234.58 - - [06/Nov/2023:10:20:39 -0500] "GET /appsia/css/estilos.css HTTP/1.1" 200 4804
191.156.224.12 - - [06/Nov/2023:10:20:39 -0500] "GET /appsia/images/logo_bogota_p.png HTTP/1.1" 200 14951
191.156.234.58 - - [06/Nov/2023:10:20:39 -0500] "GET /appsia/images/cabezoteHojaVida.png HTTP/1.1" 200 32493
191.156.234.58 - - [06/Nov/2023:10:20:39 -0500] "GET /favicon.ico HTTP/1.1" 200 7782
191.156.224.12 - - [06/Nov/2023:10:21:13 -0500] "POST /appsia/controlador HTTP/1.1" 200 4621
181.48.255.198 - - [06/Nov/2023:10:21:18 -0500] "GET /appsia/controlador HTTP/1.1" 200 4799
181.48.255.198 - - [06/Nov/2023:10:21:18 -0500] "GET /appsia/scripts/validarIngreso.js HTTP/1.1" 200 851
181.48.255.198 - - [06/Nov/2023:10:21:18 -0500] "GET /appsia/css/estilos.css HTTP/1.1" 200 4804
181.48.255.198 - - [06/Nov/2023:10:21:18 -0500] "GET /appsia/images/cabezoteHojaVida.png HTTP/1.1" 200 32493
181.48.255.198 - - [06/Nov/2023:10:21:18 -0500] "GET /appsia/images/logo_bogota_p.png HTTP/1.1" 200 14951
191.156.224.12 - - [06/Nov/2023:10:21:19 -0500] "POST /appsia/controlador HTTP/1.1" 200 7726
191.156.224.12 - - [06/Nov/2023:10:21:20 -0500] "GET /appsia/images/logo_escudo.png HTTP/1.1" 200 36965
201.245.192.253 - - [06/Nov/2023:10:21:51 -0500] "POST /kwsrmcab/Wsrmcab  HTTP/1.1" 200 42686
172.22.2.4 - - [06/Nov/2023:10:22:50 -0500] "HEAD /BLA/boletinlegal/ HTTP/1.1" 200 -
157.55.39.14 - - [06/Nov/2023:10:24:43 -0500] "GET /BLA/resoluciones/AUTOS%202007/3292.pdf HTTP/1.1" 200 146961
172.22.2.4 - - [06/Nov/2023:10:23:41 -0500] "GET /BLA/boletinlegal/ HTTP/1.1" 200 58294
216.245.221.92 - - [06/Nov/2023:10:25:38 -0500] "HEAD / HTTP/1.1" 200 -
201.245.192.253 - - [06/Nov/2023:10:26:50 -0500] "POST /kwsrmcab/Wsrmcab  HTTP/1.1" 200 42686
201.245.192.253 - - [06/Nov/2023:10:27:06 -0500] "POST /kwsrmcab/Wsrmcab HTTP/1.1" 200 38519
201.245.192.253 - - [06/Nov/2023:10:27:09 -0500] "POST /kwsrmcab/Wsrmcab HTTP/1.1" 200 40484
40.77.167.52 - - [06/Nov/2023:10:27:18 -0500] "GET /BLA/resoluciones/RESOLUCIONES%202021/5630.pdf HTTP/1.1" 200 608900
34.91.73.3 - - [06/Nov/2023:10:27:33 -0500] "GET /propietarios-inscritos-en-el-inventario-nacional-de-bifenilos-de-policlorados-tienen-plazo-hasta-noviembre-para-reportar-su-balance.html HTTP/1.1" 200 1003
66.249.66.21 - - [06/Nov/2023:10:30:14 -0500] "GET /BLA/resoluciones/RESOLUCIONES%202008/2527.pdf HTTP/1.1" 200 405184
172.22.2.4 - - [06/Nov/2023:10:28:40 -0500] "HEAD /BLA/boletinlegal/ HTTP/1.1" 200 -
201.245.192.253 - - [06/Nov/2023:10:30:20 -0500] "POST /kwsrmcab/Wsrmcab HTTP/1.1" 200 38519
201.245.192.253 - - [06/Nov/2023:10:30:23 -0500] "POST /kwsrmcab/Wsrmcab HTTP/1.1" 200 40484
216.245.221.92 - - [06/Nov/2023:10:30:38 -0500] "HEAD / HTTP/1.1" 200 -
216.244.66.195 - - [06/Nov/2023:10:31:07 -0500] "GET /BLA/resoluciones/AUTOS%202015/0910.pdf HTTP/1.1" 200 555946
172.22.2.4 - - [06/Nov/2023:10:29:31 -0500] "GET /BLA/boletinlegal/ HTTP/1.1" 200 58644
216.244.66.195 - - [06/Nov/2023:10:31:37 -0500] "GET /BLA/resoluciones/AUTOS%202015/0937.pdf HTTP/1.1" 200 494745
201.245.192.253 - - [06/Nov/2023:10:31:50 -0500] "POST /kwsrmcab/Wsrmcab  HTTP/1.1" 200 42686
216.244.66.195 - - [06/Nov/2023:10:32:17 -0500] "GET /BLA/resoluciones/AUTOS%202015/1421.pdf HTTP/1.1" 200 513261
172.22.2.4 - - [06/Nov/2023:10:32:37 -0500] "GET /BLA/boletinlegal/actos.php HTTP/1.1" 200 9682
172.22.2.4 - - [06/Nov/2023:10:32:48 -0500] "GET /BLA/boletinlegal/consulta_actos.php?tipo=resoluciones&no=0145&usuario=&sector=&fecha=2020&resuelve= HTTP/1.1" 200 626
172.22.2.4 - - [06/Nov/2023:10:33:05 -0500] "GET /BLA/boletinlegal/consulta_actos.php?tipo=resoluciones&no=1455&usuario=&sector=&fecha=2020&resuelve= HTTP/1.1" 200 626
216.244.66.195 - - [06/Nov/2023:10:33:07 -0500] "GET /BLA/resoluciones/AUTOS%202015/2091.pdf HTTP/1.1" 200 575394
172.22.2.4 - - [06/Nov/2023:10:33:07 -0500] "GET /BLA/boletinlegal/consulta_actos.php?tipo=resoluciones&no=1455&usuario=&sector=&fecha=2020&resuelve= HTTP/1.1" 200 626
172.22.2.4 - - [06/Nov/2023:10:33:09 -0500] "GET /BLA/boletinlegal/consulta_actos.php?tipo=resoluciones&no=1455&usuario=&sector=&fecha=2020&resuelve= HTTP/1.1" 200 626
