54.184.159.16 - - [06/Nov/2023:16:30:58 -0500] "GET /BLA/resoluciones/index.php?dir=RESOLUCIONES%202007/RES%202007%203101%20AL%203200/&order=desc&sort=date HTTP/1.1" 200 26879
44.231.202.44 - - [06/Nov/2023:16:31:02 -0500] "GET /BLA/resoluciones/index.php?dir=RESOLUCIONES%202006/RES%202006%20501-550/&order=desc&sort=date HTTP/1.1" 200 12240
172.22.2.4 - - [06/Nov/2023:16:29:23 -0500] "GET /BLA/boletinlegal/ HTTP/1.1" 200 63167
44.231.202.44 - - [06/Nov/2023:16:31:06 -0500] "GET /BLA/resoluciones/index.php?dir=RESOLUCIONES%202007/RES%202007%203401%20AL%203500/&order=asc&sort=name HTTP/1.1" 200 26618
54.184.159.16 - - [06/Nov/2023:16:31:07 -0500] "GET /BLA/resoluciones/index.php?dir=RESOLUCIONES%202006/RES%202006%202101-2150/&order=desc&sort=size HTTP/1.1" 200 12368
50.112.160.3 - - [06/Nov/2023:16:31:09 -0500] "GET /BLA/resoluciones/index.php?dir=RESOLUCIONES%202007/RES%202007%203701%20AL%203800/&order=asc&sort=name HTTP/1.1" 200 26851
44.231.202.44 - - [06/Nov/2023:16:31:10 -0500] "GET /BLA/resoluciones/index.php?dir=RESOLUCIONES%202002/RES%202002%2051-100/&order=asc&sort=name HTTP/1.1" 200 12120
54.184.159.16 - - [06/Nov/2023:16:31:11 -0500] "GET /BLA/resoluciones/index.php?dir=RESOLUCIONES%202006/RES%202006%201601-1650/&order=desc&sort=date HTTP/1.1" 200 12365
44.231.202.44 - - [06/Nov/2023:16:31:19 -0500] "GET /BLA/resoluciones/index.php?dir=RESOLUCIONES%202007/RES%202007%203701%20AL%203800/&order=desc&sort=size HTTP/1.1" 200 26850
54.184.159.16 - - [06/Nov/2023:16:31:21 -0500] "GET /BLA/resoluciones/index.php?dir=RESOLUCIONES%202006/RES%202006%201951-2000/&order=desc&sort=date HTTP/1.1" 200 12348
54.184.159.16 - - [06/Nov/2023:16:31:22 -0500] "GET /BLA/resoluciones/index.php?dir=RESOLUCIONES%202006/RES%202006%202001-2050/&order=desc&sort=size HTTP/1.1" 200 12362
44.231.202.44 - - [06/Nov/2023:16:31:22 -0500] "GET /BLA/resoluciones/index.php?dir=RESOLUCIONES%202002/RES%202002%201551-1600/&order=desc&sort=date HTTP/1.1" 200 12154
54.184.159.16 - - [06/Nov/2023:16:31:22 -0500] "GET /BLA/resoluciones/index.php?dir=RESOLUCIONES%202007/RES%202007%201901%20AL%202000/&order=desc&sort=size HTTP/1.1" 200 26855
50.112.160.3 - - [06/Nov/2023:16:31:24 -0500] "GET /BLA/resoluciones/index.php?dir=RESOLUCIONES%202004/RES%202004%201401-1450/&order=desc&sort=date HTTP/1.1" 200 12370
54.184.159.16 - - [06/Nov/2023:16:31:36 -0500] "GET /BLA/resoluciones/index.php?dir=RESOLUCIONES%202004/RES%202004%20851-900/&order=desc&sort=date HTTP/1.1" 200 12039
50.112.160.3 - - [06/Nov/2023:16:31:40 -0500] "GET /BLA/resoluciones/index.php?dir=RESOLUCIONES%202006/RES%202006%201551-1600/&order=desc&sort=size HTTP/1.1" 200 12368
44.231.202.44 - - [06/Nov/2023:16:31:40 -0500] "GET /BLA/resoluciones/index.php?dir=RESOLUCIONES%202006/RES%202006%201151-1200/&order=asc&sort=size HTTP/1.1" 200 12365
50.112.160.3 - - [06/Nov/2023:16:31:45 -0500] "GET /BLA/resoluciones/index.php?dir=RESOLUCIONES%202006/RES%202006%20301-350/&order=desc&sort=date HTTP/1.1" 200 12248
54.184.159.16 - - [06/Nov/2023:16:31:47 -0500] "GET /BLA/resoluciones/index.php?dir=RESOLUCIONES%202006/RES%202006%20301-350/&order=asc&sort=name HTTP/1.1" 200 12249
54.184.159.16 - - [06/Nov/2023:16:31:48 -0500] "GET /BLA/resoluciones/index.php?dir=RESOLUCIONES%202006/RES%202006%20951-1000/ HTTP/1.1" 200 12308
50.112.160.3 - - [06/Nov/2023:16:31:49 -0500] "GET /BLA/resoluciones/index.php?dir=RESOLUCIONES%202007/RES%202007%203601%20AL%203700/&order=desc&sort=date HTTP/1.1" 200 26854
44.231.202.44 - - [06/Nov/2023:16:31:50 -0500] "GET /BLA/resoluciones/index.php?dir=RESOLUCIONES%202007/RES%202007%202701%20AL%202800/&order=asc&sort=name HTTP/1.1" 200 26889
50.112.160.3 - - [06/Nov/2023:16:31:53 -0500] "GET /BLA/resoluciones/index.php?dir=Notificaciones/RESOLUCIONES%202014/&order=asc&sort=name HTTP/1.1" 200 13932
44.231.202.44 - - [06/Nov/2023:16:31:54 -0500] "GET /BLA/resoluciones/index.php?dir=RESOLUCIONES%202006/RES%202006%202501-2550/&order=asc&sort=name HTTP/1.1" 200 12358
50.112.160.3 - - [06/Nov/2023:16:31:58 -0500] "GET /BLA/resoluciones/index.php?dir=Notificaciones/RESOLUCIONES%200020/&order=asc&sort=name HTTP/1.1" 200 2077
44.231.202.44 - - [06/Nov/2023:16:32:25 -0500] "GET /BLA/resoluciones/index.php?dir=RESOLUCIONES%202006/RES%202006%20751-800/&order=desc&sort=size HTTP/1.1" 200 12234
50.112.160.3 - - [06/Nov/2023:16:32:33 -0500] "GET /BLA/resoluciones/index.php?dir=RESOLUCIONES%202007/RES%202007%201%20AL%20100/&order=asc&sort=name HTTP/1.1" 200 26175
66.249.73.69 - - [06/Nov/2023:16:32:34 -0500] "GET /habilitado-nuevo-camino-para-recorrer-los-cerros-guadalupe-aguanoso.html HTTP/1.1" 304 -
66.249.73.69 - - [06/Nov/2023:16:32:35 -0500] "GET /participa-en-la-convocatoria-para-el-aseguramiento-metrologico-de-la-red-de-monitoreo-de-calidad-del-aire-de-bogota.html HTTP/1.1" 304 -
50.112.160.3 - - [06/Nov/2023:16:32:37 -0500] "GET /BLA/resoluciones/index.php?dir=RESOLUCIONES%202007/RES%202007%201801%20AL%201900/&order=asc&sort=name HTTP/1.1" 200 26857
54.184.159.16 - - [06/Nov/2023:16:32:39 -0500] "GET /BLA/resoluciones/index.php?dir=RESOLUCIONES%202002/RES%202002%2051-100/&order=desc&sort=size HTTP/1.1" 200 12119
54.184.159.16 - - [06/Nov/2023:16:32:41 -0500] "GET /BLA/resoluciones/index.php?dir=RESOLUCIONES%202007/RES%202007%202801%20AL%202900/&order=desc&sort=size HTTP/1.1" 200 26858
44.231.202.44 - - [06/Nov/2023:16:32:46 -0500] "GET /BLA/resoluciones/index.php?dir=RESOLUCIONES%202004/RES%202004%20351-400/&order=desc&sort=date HTTP/1.1" 200 12049
50.112.160.3 - - [06/Nov/2023:16:32:50 -0500] "GET /BLA/resoluciones/index.php?dir=RESOLUCIONES%202007/RES%202007%203801%20AL%203900/&order=asc&sort=name HTTP/1.1" 200 26637
44.231.202.44 - - [06/Nov/2023:16:33:09 -0500] "GET /BLA/resoluciones/index.php?dir=RESOLUCIONES%202007/RES%202007%202701%20AL%202800/&order=desc&sort=date HTTP/1.1" 200 26888
54.184.159.16 - - [06/Nov/2023:16:33:10 -0500] "GET /BLA/resoluciones/index.php?dir=RESOLUCIONES%202007/RES%202007%202801%20AL%202900/&order=asc&sort=name HTTP/1.1" 200 26859
54.184.159.16 - - [06/Nov/2023:16:33:18 -0500] "GET /BLA/resoluciones/index.php?dir=RESOLUCIONES%202006/RES%202006%20501-550/&order=desc&sort=size HTTP/1.1" 200 12240
172.22.2.4 - - [06/Nov/2023:16:31:39 -0500] "HEAD /BLA/boletinlegal/ HTTP/1.1" 200 -
54.184.159.16 - - [06/Nov/2023:16:33:20 -0500] "GET /BLA/resoluciones/index.php?dir=RESOLUCIONES%202006/RES%202006%20701-750/&order=desc&sort=name HTTP/1.1" 200 12250
50.112.160.3 - - [06/Nov/2023:16:33:22 -0500] "GET /BLA/resoluciones/index.php?dir=AUTOS%202006/AUTOS%202006%203101%20-%203200/&order=desc&sort=name HTTP/1.1" 200 22188
54.184.159.16 - - [06/Nov/2023:16:33:23 -0500] "GET /BLA/resoluciones/index.php?dir=RESOLUCIONES%202007/RES%202007%20401%20AL%20500/&order=asc&sort=name HTTP/1.1" 200 26642
50.112.160.3 - - [06/Nov/2023:16:33:33 -0500] "GET /BLA/resoluciones/index.php?dir=RESOLUCIONES%202005/RES%202005%201151-1200/&order=desc&sort=size HTTP/1.1" 200 12361
50.112.160.3 - - [06/Nov/2023:16:33:35 -0500] "GET /BLA/resoluciones/index.php?dir=RESOLUCIONES%202006/RES%202006%20851-900/&order=desc&sort=date HTTP/1.1" 200 12233
54.184.159.16 - - [06/Nov/2023:16:33:35 -0500] "GET /BLA/resoluciones/index.php?dir=RESOLUCIONES%202006/RES%202006%20851-900/&order=asc&sort=name HTTP/1.1" 200 12234
50.112.160.3 - - [06/Nov/2023:16:33:47 -0500] "GET /BLA/resoluciones/index.php?dir=RESOLUCIONES%202007/RES%202007%201201%20AL%201300/&order=desc&sort=date HTTP/1.1" 200 26863
44.231.202.44 - - [06/Nov/2023:16:33:56 -0500] "GET /BLA/resoluciones/index.php?dir=RESOLUCIONES%202007/RES%202007%203601%20AL%203700/&order=desc&sort=size HTTP/1.1" 200 26854
44.231.202.44 - - [06/Nov/2023:16:33:59 -0500] "GET /BLA/resoluciones/index.php?dir=RESOLUCIONES%202004/RES%202004%201751-1800/&order=desc&sort=date HTTP/1.1" 200 12362
50.112.160.3 - - [06/Nov/2023:16:34:03 -0500] "GET /BLA/resoluciones/index.php?dir=RESOLUCIONES%202007/RES%202007%201726%20AL%201800/&order=desc&sort=size HTTP/1.1" 200 20644
50.112.160.3 - - [06/Nov/2023:16:34:05 -0500] "GET /BLA/resoluciones/index.php?dir=RESOLUCIONES%202004/RES%202004%201601-1650/&order=desc&sort=size HTTP/1.1" 200 12358
44.231.202.44 - - [06/Nov/2023:16:34:11 -0500] "GET /BLA/resoluciones/index.php?dir=RESOLUCIONES%202006/RES%202006%20251-300/&order=desc&sort=size HTTP/1.1" 200 12235
52.167.144.161 - - [06/Nov/2023:16:34:25 -0500] "GET /BLA/resoluciones/RESOLUCIONES%202021/2448.pdf HTTP/1.1" 200 362670
66.249.66.21 - - [06/Nov/2023:16:34:33 -0500] "GET /BLA/resoluciones/AUTOS%202015/0371.pdf HTTP/1.1" 200 1095189
66.249.66.20 - - [06/Nov/2023:16:34:57 -0500] "GET /BLA/resoluciones/RESOLUCIONES%202009/3986.pdf HTTP/1.1" 200 371780
50.112.160.3 - - [06/Nov/2023:16:35:04 -0500] "GET /BLA/resoluciones/index.php?dir=RESOLUCIONES%202007/RES%202007%203401%20AL%203500/&order=desc&sort=date HTTP/1.1" 200 26617
44.231.202.44 - - [06/Nov/2023:16:35:07 -0500] "GET /BLA/resoluciones/index.php?dir=RESOLUCIONES%202007/RES%202007%203701%20AL%203800/&order=desc&sort=date HTTP/1.1" 200 26850
44.231.202.44 - - [06/Nov/2023:16:35:09 -0500] "GET /BLA/resoluciones/index.php?dir=RESOLUCIONES%202006/RES%202006%202201-2250/&order=asc&sort=name HTTP/1.1" 200 12366
44.231.202.44 - - [06/Nov/2023:16:35:14 -0500] "GET /BLA/resoluciones/index.php?dir=RESOLUCIONES%202005/RES%202005%20801-850/&order=asc&sort=name HTTP/1.1" 200 12246
31.13.127.120 - - [06/Nov/2023:16:35:23 -0500] "GET /images/Acuerdos%2001%20(1)%20(1).jpeg HTTP/1.1" 200 32884
50.112.160.3 - - [06/Nov/2023:16:35:25 -0500] "GET /BLA/resoluciones/index.php?dir=RESOLUCIONES%202007/RES%202007%20401%20AL%20500/&order=desc&sort=date HTTP/1.1" 200 26641
173.252.95.120 - - [06/Nov/2023:16:35:26 -0500] "GET /images/mercados-campesinos-5-mayo.jpg HTTP/1.1" 200 95848
201.245.192.253 - - [06/Nov/2023:16:35:30 -0500] "POST /kwsrmcab/Wsrmcab  HTTP/1.1" 200 42686
50.112.160.3 - - [06/Nov/2023:16:35:36 -0500] "GET /BLA/resoluciones/index.php?dir=RESOLUCIONES%202002/RES%202002%2001-50/&order=desc&sort=size HTTP/1.1" 200 13728
216.245.221.92 - - [06/Nov/2023:16:35:37 -0500] "HEAD / HTTP/1.1" 200 -
172.22.2.4 - - [06/Nov/2023:16:34:00 -0500] "GET /BLA/boletinlegal/ HTTP/1.1" 200 63167
54.184.159.16 - - [06/Nov/2023:16:35:42 -0500] "GET /BLA/resoluciones/index.php?dir=RESOLUCIONES%202002/RES%202002%201251-1301/&order=desc&sort=size HTTP/1.1" 200 12147
44.231.202.44 - - [06/Nov/2023:16:35:50 -0500] "GET /BLA/resoluciones/index.php?dir=Notificaciones/RESOLUCIONES%200020/&order=desc&sort=date HTTP/1.1" 200 2076
44.231.202.44 - - [06/Nov/2023:16:35:51 -0500] "GET /BLA/resoluciones/index.php?dir=RESOLUCIONES%202007/RES%202007%202401%20AL%202500/&order=desc&sort=date HTTP/1.1" 200 26868
50.112.160.3 - - [06/Nov/2023:16:36:17 -0500] "GET /BLA/resoluciones/index.php?dir=RESOLUCIONES%202007/RES%202007%203801%20AL%203900/&order=desc&sort=size HTTP/1.1" 200 26636
54.184.159.16 - - [06/Nov/2023:16:36:20 -0500] "GET /BLA/resoluciones/index.php?dir=RESOLUCIONES%202007/RES%202007%201801%20AL%201900/&order=desc&sort=date HTTP/1.1" 200 26856
44.231.202.44 - - [06/Nov/2023:16:36:24 -0500] "GET /BLA/resoluciones/index.php?dir=RESOLUCIONES%202002/RES%202002%20401-450/&order=desc&sort=size HTTP/1.1" 200 12023
44.231.202.44 - - [06/Nov/2023:16:36:27 -0500] "GET /BLA/resoluciones/index.php?dir=RESOLUCIONES%202006/RES%202006%202701-2750/&order=desc&sort=size HTTP/1.1" 200 12366
54.184.159.16 - - [06/Nov/2023:16:36:29 -0500] "GET /BLA/resoluciones/index.php?dir=RESOLUCIONES%202007/RES%202007%202501%20AL%202600/&order=desc&sort=size HTTP/1.1" 200 26846
44.231.202.44 - - [06/Nov/2023:16:36:30 -0500] "GET /BLA/resoluciones/index.php?dir=RESOLUCIONES%202007/RES%202007%20901%20AL%201000/&order=desc&sort=size HTTP/1.1" 200 26733
66.249.66.21 - - [06/Nov/2023:16:36:33 -0500] "GET /Publicaciones/2023EE222755.pdf HTTP/1.1" 404 228
54.184.159.16 - - [06/Nov/2023:16:36:39 -0500] "GET /BLA/resoluciones/index.php?dir=RESOLUCIONES%202002/RES%202002%20401-450/&order=asc&sort=name HTTP/1.1" 200 12024
50.112.160.3 - - [06/Nov/2023:16:36:40 -0500] "GET /BLA/resoluciones/index.php?dir=RESOLUCIONES%202004/RES%202004%201851-1900/&order=desc&sort=date HTTP/1.1" 200 12368
50.112.160.3 - - [06/Nov/2023:16:36:42 -0500] "GET /BLA/resoluciones/index.php?dir=RESOLUCIONES%202005/RES%202005%20801-850/&order=desc&sort=date HTTP/1.1" 200 12245
44.231.202.44 - - [06/Nov/2023:16:36:47 -0500] "GET /BLA/resoluciones/index.php?dir=RESOLUCIONES%202007/RES%202007%203901%20AL%204000/&order=desc&sort=size HTTP/1.1" 200 26850
50.112.160.3 - - [06/Nov/2023:16:36:58 -0500] "GET /BLA/resoluciones/index.php?dir=RESOLUCIONES%202007/RES%202007%203401%20AL%203500/&order=desc&sort=size HTTP/1.1" 200 26617
54.184.159.16 - - [06/Nov/2023:16:37:00 -0500] "GET /BLA/resoluciones/index.php?dir=RESOLUCIONES%202007/RES%202007%203901%20AL%204000/&order=asc&sort=name HTTP/1.1" 200 26851
201.245.192.253 - - [06/Nov/2023:16:37:05 -0500] "POST /kwsrmcab/Wsrmcab HTTP/1.1" 200 40794
201.245.192.253 - - [06/Nov/2023:16:37:08 -0500] "POST /kwsrmcab/Wsrmcab HTTP/1.1" 200 40327
44.231.202.44 - - [06/Nov/2023:16:37:11 -0500] "GET /BLA/resoluciones/index.php?dir=RESOLUCIONES%202004/RES%202004%201851-1900/&order=asc&sort=name HTTP/1.1" 200 12369
54.184.159.16 - - [06/Nov/2023:16:37:22 -0500] "GET /BLA/resoluciones/index.php?dir=RESOLUCIONES%202006/RES%202006%201201-1250/&order=asc&sort=name HTTP/1.1" 200 12346
54.184.159.16 - - [06/Nov/2023:16:37:35 -0500] "GET /BLA/resoluciones/index.php?dir=RESOLUCIONES%202006/RES%202006%202501-2550/&order=desc&sort=size HTTP/1.1" 200 12357
50.112.160.3 - - [06/Nov/2023:16:37:37 -0500] "GET /BLA/resoluciones/index.php?dir=RESOLUCIONES%202006/RES%202006%201201-1250/&order=desc&sort=date HTTP/1.1" 200 12345
44.231.202.44 - - [06/Nov/2023:16:37:51 -0500] "GET /BLA/resoluciones/index.php?dir=RESOLUCIONES%202007/RES%202007%203901%20AL%204000/&order=desc&sort=date HTTP/1.1" 200 26850
172.22.2.4 - - [06/Nov/2023:16:38:06 -0500] "GET /BLA/boletinlegal/Circulares/2019/.pdf HTTP/1.1" 404 1218
66.249.66.20 - - [06/Nov/2023:16:38:13 -0500] "GET /BLA/resoluciones/RESOLUCIONES%202009/4678.pdf HTTP/1.1" 200 367026
172.22.2.4 - - [06/Nov/2023:16:38:15 -0500] "GET /BLA/boletinlegal/Circulares/2012/Circular%20No.%2010%20del%2026%20de%20Enero%20de%202012.pdf HTTP/1.1" 404 1218
54.184.159.16 - - [06/Nov/2023:16:38:28 -0500] "GET /BLA/resoluciones/index.php?dir=Notificaciones/RESOLUCIONES%200020/&order=desc&sort=size HTTP/1.1" 200 2076
44.231.202.44 - - [06/Nov/2023:16:38:39 -0500] "GET /BLA/resoluciones/index.php?dir=RESOLUCIONES%202005/RES%202005%20801-850/&order=desc&sort=size HTTP/1.1" 200 12245
54.184.159.16 - - [06/Nov/2023:16:38:52 -0500] "GET /BLA/resoluciones/index.php?dir=RESOLUCIONES%202007/RES%202007%204301%20AL%204352/&order=asc&sort=name HTTP/1.1" 200 14905
54.184.159.16 - - [06/Nov/2023:16:39:53 -0500] "GET /BLA/resoluciones/index.php?dir=RESOLUCIONES%202006/RES%202006%20851-900/&order=desc&sort=size HTTP/1.1" 200 12233
44.231.202.44 - - [06/Nov/2023:16:40:12 -0500] "GET /BLA/resoluciones/index.php?dir=RESOLUCIONES%202007/RES%202007%20301%20AL%20400/&order=desc&sort=size HTTP/1.1" 200 26380
66.249.73.67 - - [06/Nov/2023:16:40:14 -0500] "GET /atrapamoscas-coronidorado-ave-austral-que-se-registro-en-el-humedal-cordoba.html HTTP/1.1" 200 991
201.245.192.253 - - [06/Nov/2023:16:40:20 -0500] "POST /kwsrmcab/Wsrmcab HTTP/1.1" 200 40794
157.55.39.14 - - [06/Nov/2023:16:40:22 -0500] "GET /BLA/resoluciones/AUTOS%202015/3031.pdf HTTP/1.1" 200 704934
201.245.192.253 - - [06/Nov/2023:16:40:23 -0500] "POST /kwsrmcab/Wsrmcab HTTP/1.1" 200 40327
172.22.2.4 - - [06/Nov/2023:16:38:47 -0500] "HEAD /BLA/boletinlegal/ HTTP/1.1" 200 -
201.245.192.253 - - [06/Nov/2023:16:40:28 -0500] "POST /kwsrmcab/Wsrmcab  HTTP/1.1" 200 42686
216.245.221.92 - - [06/Nov/2023:16:40:37 -0500] "HEAD / HTTP/1.1" 200 -
50.112.160.3 - - [06/Nov/2023:16:40:53 -0500] "GET /BLA/resoluciones/index.php?dir=RESOLUCIONES%202007/RES%202007%202801%20AL%202900/&order=desc&sort=date HTTP/1.1" 200 26858
44.231.202.44 - - [06/Nov/2023:16:41:28 -0500] "GET /BLA/resoluciones/index.php?dir=RESOLUCIONES%202007/RES%202007%204301%20AL%204352/&order=desc&sort=size HTTP/1.1" 200 14904
54.184.159.16 - - [06/Nov/2023:16:41:59 -0500] "GET /BLA/resoluciones/index.php?dir=RESOLUCIONES%202007/RES%202007%203801%20AL%203900/&order=desc&sort=date HTTP/1.1" 200 26636
50.112.160.3 - - [06/Nov/2023:16:42:15 -0500] "GET /BLA/resoluciones/index.php?dir=RESOLUCIONES%202007/RES%202007%201801%20AL%201900/&order=desc&sort=size HTTP/1.1" 200 26856
54.184.159.16 - - [06/Nov/2023:16:42:34 -0500] "GET /BLA/resoluciones/index.php?dir=RESOLUCIONES%202006/RES%202006%202651-2700/&order=desc&sort=date HTTP/1.1" 200 12364
44.231.202.44 - - [06/Nov/2023:16:42:40 -0500] "GET /BLA/resoluciones/index.php?dir=RESOLUCIONES%202002/RES%202002%20401-450/&order=desc&sort=date HTTP/1.1" 200 12023
50.112.160.3 - - [06/Nov/2023:16:42:56 -0500] "GET /BLA/resoluciones/index.php?dir=RESOLUCIONES%202006/RES%202006%202401-2450/&order=asc&sort=name HTTP/1.1" 200 12370
44.231.202.44 - - [06/Nov/2023:16:43:06 -0500] "GET /BLA/resoluciones/index.php?dir=RESOLUCIONES%202006/RES%202006%202401-2450/&order=desc&sort=size HTTP/1.1" 200 12369
50.112.160.3 - - [06/Nov/2023:16:43:33 -0500] "GET /BLA/resoluciones/index.php?dir=RESOLUCIONES%202006/RES%202006%202201-2250/&order=desc&sort=size HTTP/1.1" 200 12365
34.91.68.143 - - [06/Nov/2023:16:43:43 -0500] "GET /propietarios-inscritos-en-el-inventario-nacional-de-bifenilos-de-policlorados-tienen-plazo-hasta-noviembre-para-reportar-su-balance.html HTTP/1.1" 200 1003
50.112.160.3 - - [06/Nov/2023:16:43:51 -0500] "GET /BLA/resoluciones/index.php?dir=RESOLUCIONES%202004/RES%202004%2001-%2050/&order=desc&sort=size HTTP/1.1" 200 11965
54.184.159.16 - - [06/Nov/2023:16:43:53 -0500] "GET /BLA/resoluciones/index.php?dir=RESOLUCIONES%202004/RES%202004%2001-%2050/&order=asc&sort=name HTTP/1.1" 200 11966
66.249.66.19 - - [06/Nov/2023:16:44:00 -0500] "GET /BLA/resoluciones/RESOLUCIONES%202015/0067.pdf HTTP/1.1" 200 525348
186.102.62.75 - - [06/Nov/2023:16:44:03 -0500] "GET /kwssiamovil/sm/acme/a?s=U2FsdGVkX1/6Gqir4Qsi8WhdkPw+ZGMu2AjpIDrLJ6FurtLcDNc6gzEbUKZ5ctqwD6n6YF9KlsOJfcdjl6Lg8DSWMoHbB5FySspdID+FMDx27cGxQlvDAbtlSfVILNZrSVsCvnpw06K2S1lHK9ONW/k5ZimbMCDnbt3O5I+EsKyERVWm93wg+8Qa4dltPKByIcYE+QzymsKSk82pnaOK2dmBkoc3JKT6Ui7yaZpQ5RMDntsk7bwnkTLNaqNYoyrHe5A7lQCqRXeN2MNQwEGOTQ==&u=U2FsdGVkX1/oIVIoCq0AviWMHXhBSgnF6K1PtNQaSo9O2lYvwdG1OrK6XuTQ7omy&y=U2FsdGVkX19YRv4mSrN7eoFcWo3pgep/M9Quqzuxq0jGwilSybDVa3uadhzPV7t/ HTTP/1.1" 200 70
172.22.2.4 - - [06/Nov/2023:16:44:30 -0500] "GET /BLA/boletinlegal/Circulares/2023/CIRCULAR%20No.%2000001%20DEL%2020%20DE%20FEBRERO%20DEL%202023.pdf HTTP/1.1" 200 317520
172.22.2.4 - - [06/Nov/2023:16:44:31 -0500] "GET /BLA/boletinlegal/Circulares/2023/CIRCULAR%20No.%2000001%20DEL%2020%20DE%20FEBRERO%20DEL%202023.pdf HTTP/1.1" 200 317520
44.231.202.44 - - [06/Nov/2023:16:45:01 -0500] "GET /BLA/resoluciones/index.php?dir=RESOLUCIONES%202006/RES%202006%202201-2250/&order=desc&sort=date HTTP/1.1" 200 12365
186.102.62.75 - - [06/Nov/2023:16:45:04 -0500] "GET /kwssiamovil/sm/acme/a?s=U2FsdGVkX199q1BVRG0vbVXApy/xW0NJE9IIScMTTpdALv/bhsX0qeXgbpI/QmEDC41ooTnDcgb9KvpAe+YkwujvYF39R0vt2FKJ6wMN1FaQVLJ9rNwJ6H36/Ss5auPYz2K2e007zfXVg2kqxJJGwP4H2Vk35jRicYgUk88RnO1eQ7n1iWW1EgB+cHyQtp9I5u7XhYNgk8O1+myj+bvzKQQFLVOkfyZc59lTLqM+x4/3qrDtdWU95frOPp4p4vqC0uhAnYP+U26z05nC8viCCQ==&u=U2FsdGVkX1/oIVIoCq0AviWMHXhBSgnF6K1PtNQaSo9O2lYvwdG1OrK6XuTQ7omy&y=U2FsdGVkX19YRv4mSrN7eoFcWo3pgep/M9Quqzuxq0jGwilSybDVa3uadhzPV7t/ HTTP/1.1" 200 26
186.102.62.75 - - [06/Nov/2023:16:45:04 -0500] "GET /kwssiamovil/sm/acme/a?s=U2FsdGVkX1+r66FQX2dyXkVlsgo7FD/2BJRCpYs1NkMdZzmPgUV/tYzZZFy6Ddywq4aVaVEFI1ncUKgOxzGQzyVyYX9i3AUQgCjEMuBemfMZDZyvBF4nxsgNNLdxyb7PzU7LZvP27XzSS7++mSKfqfBUTUa2n8mq4bWC4od9x5qdpABI6NE7VUgTzgDbQu2eXYzFcUPcsgR544BhzvdDwj+nPJffGUR3hbztudgnnaHCNkGzYYcZNAezkdiAvQuRjRxtkMuKv8uR+mZzb/gEczDfnCcpamAwkqMmt0zzjhGfGCdlp+oI12EZ23OWQMhpJ9WxaybHWE1p5Ujw9ZsCqssVkE1cr8kc5HMHWZDdjwi1vspFH57rJPHbVh/vThTol7YEtP3QCy2pqrHy/3S4q5pamfsmNIa3bCy9tc5lod1FR9wgTYxymh86QG7yLBRV7pS1lp3c+eqDX2Xtrq2oFcY0z3C6f33Mlwx1hbtDKBc4aRDhJSClIDSZs8FyLFMnbV0SUMUj0p/VyrW0exRg9l76bSZSz1ruW22PAsykbwBaylRtwGN9NiPC5j7jCrTPgrGGqZxshOHbRwg4ldt5XuFvI6ugecvm4X6iAB9B5KqZMEJ40OGXmK7QObM18v5Nls9Obg6MbI381uwEfJOZbMjmBTHA9rkWtKCpSFADpeOS4gwa43pMIQ3mOTE0x7GiAjjfe0xRAO8v19fCHjmftUFX/hhDeamOPdZFhK1X1Thm9wTddVM+iicT3QbCu7N7dsLMqWXg2FDJf5+si1VLCmLtrkS8Vw0uDPEE2/oH/J54tgurAD8q3wBj3N8NMjjEaFAIJC8G4LDla482BW52kzEgnUha5KK03Xx4bdFW3sOkKzY3PKitGiROXpJiwKQMXa8V9pzgxQqgtje6t94UW1r4fFFJGSiwZE4aSnQoeCqqdRpdVBW2eDXUjxz8xPmA0FcBKr3DZVEZZMmN9udzDeka1aQ0jQQlRrohREDorKX/DtidZVdzwM/ZrDkyBYLUaRhf7nrggkH5ZtARL5FLtiQSjxL8oKYGoyEubvtLDmqjm065IhO5Gd89Y85azcv6CBqfi6JBAxoB28+8NEzrZ3sbBMUcZMplFAvS5f/iHfwFCMqKReQf4hIsNT96E7BTheLTV2o5HunzoTlh62JIPlMRz+wDDW4N96MklwMfJDzNQjWmndjeQHB2jp6DUlNQs1uqHX9mE5vjhRVU3x5/N48dGeHVVCBV4B8YH/KcoDqrra1JuOQIeBSIdXaRRf24ztnwfTEa4Nb3YNcThASxAW3HO0LzOr762AxnILjQ9AuzFGAbVUsdSzJpwIloXPRviUfMljS4ItB6umjLOthhQVA2kjjOVL0gl7KEuLoMSU1Zl0SC5fMmCn7YseAvnOGgdEUvn8Vybfc9cRWnc0FfpewBSPkrYCGUpBjw4ygnLJ1e+3KNNz7T2HshDk1NF4Zd2vi3EAtPPaUsSyJhjMv4CedxdoesUjD2a+Qwegq3Q/dS+inUYbePjFbyLtDLCt5bwQa0BeghCnOWNPgPqNCmZe5C6zXuvfO3SbrN0tX20Cw2cHZMnAdVuDX2YRRsJsv65Pug4TX9LWSOXkIlAYzVbIsJybnPeThgfL0cD9C3V9k7OHnj2WPwFi7qNGtlCRlLjcLLJ8fjTNyQrogT+HQ/QtAordOXeCOpA4NpV9BO4kPiGop5PxZfdX5pehsMFp4PLjXVfxgtSXLIh48/OeOshJG/ulzG9RHo0Gnyd+6O6CH9c+5/SwsraDeg3vr93GMv4BvAdKI06/VHL9zlnzmitkKkeYNXCQVU7fECZd3TVrjpHj1WTYyFHZuujEsvaxrKd/01yivn8mQ5FN9CxsiHLllsDbppTTPNBYQt5d4wQfU1shwGBROypvNIaql6BTwKZNv1Kxg8h9H/ZLXvWsrUb9LS72wf2U1P0sEAGooPWTSBisRv3vG12tilMkBOiWI9rEVxyU1I6bXDW4V3p/8iJYeKxDrXJ+wU8AGcbgwh9hll45CjkK3Pb0M4jLi9y5/rhy5TCe/5HlWALESCSM4JmEU1vqZhJyiIrzkZHzN0+fwmEgB0ix7/M3ziwKzflq0oiKg3ywPDLabH/Em3I/MhSMhg8+MQgG05BLYK4XAHCdJ9hZHvmRrWjvBf+Aqfq2vV4p+0pW/cqwEAuJkRWZAJhL2vNXo8pGnUN2TpedwUJYwO3F0UWT61kRf9hEDWhI1QAXKQYKmtrjWyrYhJUj8PmiNVhVhQF5oRH3Qa97GaCYbai/bv3ieFsyK/Tf06XRqUaDOXJ54Ao1n7bvZPIjKXdmPl1+X+fZmxOiRXxzxkpyNtAIxvyqpdXWTmubfuYXLDaHYAdDapyAxArJbnlqfgBTTEfh5qJis4D/AwuCDToRU=&u=U2FsdGVkX1/oIVIoCq0AviWMHXhBSgnF6K1PtNQaSo9O2lYvwdG1OrK6XuTQ7omy&y=U2FsdGVkX19YRv4mSrN7eoFcWo3pgep/M9Quqzuxq0jGwilSybDVa3uadhzPV7t/ HTTP/1.1" 200 26
186.102.62.75 - - [06/Nov/2023:16:45:05 -0500] "GET /kwssiamovil/sm/acme/a?s=U2FsdGVkX19vt4w+8s2ubQkRbGU4ayV2Sf+gl4dUe0fHP3ipUh9Voeu/NrjSNyODjxDuxOi+Ko4NdKeDcT1FQV7CzjWtm/5cyo+zum52ovVRuNRxQ9gDuv8G9Fw6ah1CpxZsT9JvZpChI4ReFvL++/WgtsRcRSium7WcSlCvCGQ=&u=U2FsdGVkX1/oIVIoCq0AviWMHXhBSgnF6K1PtNQaSo9O2lYvwdG1OrK6XuTQ7omy&y=U2FsdGVkX19YRv4mSrN7eoFcWo3pgep/M9Quqzuxq0jGwilSybDVa3uadhzPV7t/ HTTP/1.1" 200 26
186.102.62.75 - - [06/Nov/2023:16:45:05 -0500] "GET /kwssiamovil/sm/acme/a?s=U2FsdGVkX18DkNGM3CND1YwkFyZgmTR2sRaRbo56hOhyfA9i1rdZ4uNQdf5Zb7K3ymXTio713/o8YZpX/Q9UkdX+cgHugD3LtX8SZcDcfMlGNxzVc/tBXX9FWG7lhlcUcjX9d3OkS0RAkTb147XtmLhjco5hD6Ois5udZ3q4HnI=&u=U2FsdGVkX1/oIVIoCq0AviWMHXhBSgnF6K1PtNQaSo9O2lYvwdG1OrK6XuTQ7omy&y=U2FsdGVkX19YRv4mSrN7eoFcWo3pgep/M9Quqzuxq0jGwilSybDVa3uadhzPV7t/ HTTP/1.1" 200 26
186.102.62.75 - - [06/Nov/2023:16:45:05 -0500] "GET /kwssiamovil/sm/acme/a?s=U2FsdGVkX18UUNiBPgYUIJDythAmDB2foMDaUstQ3/+p5Ur96trVCgK/FzhvdzDEMq7CEHglGgGCJqx4x5X/aIdT1gVYNnht5RzdU51vV3OgJ1VuvZulDIuiSqZYnztESD/L5cNxG4JKOdSv378LOjYa2XE2odowapitcBqPalM=&u=U2FsdGVkX1/oIVIoCq0AviWMHXhBSgnF6K1PtNQaSo9O2lYvwdG1OrK6XuTQ7omy&y=U2FsdGVkX19YRv4mSrN7eoFcWo3pgep/M9Quqzuxq0jGwilSybDVa3uadhzPV7t/ HTTP/1.1" 200 26
186.102.62.75 - - [06/Nov/2023:16:45:05 -0500] "GET /kwssiamovil/sm/acme/a?s=U2FsdGVkX18y0ZflD5S7VkAiUJM3jilbjP0oQMyuafZlFOlTE+QUs/FtzwjTuxskl7v+1rhRFi/lB7txRz+XAUICM/Z11Pz+gswBIYy4siTJ0zQj62DV4JUvTEV+cJjny8I141FJpJfOP3oFdiHdOY2S5DIkWcGEPEE6pQy3nsuo4S/vt5AABiGxIRD8jzpUc0XfJ6a/LPPPkb4pxlkNuA==&u=U2FsdGVkX1/oIVIoCq0AviWMHXhBSgnF6K1PtNQaSo9O2lYvwdG1OrK6XuTQ7omy&y=U2FsdGVkX19YRv4mSrN7eoFcWo3pgep/M9Quqzuxq0jGwilSybDVa3uadhzPV7t/ HTTP/1.1" 200 26
157.55.39.14 - - [06/Nov/2023:16:45:23 -0500] "GET /BLA/resoluciones/AUTOS%202023/1635.pdf HTTP/1.1" 200 2831662
50.112.160.3 - - [06/Nov/2023:16:45:26 -0500] "GET /BLA/resoluciones/index.php?dir=RESOLUCIONES%202006/RES%202006%201451-1500/&order=desc&sort=size HTTP/1.1" 200 12369
201.245.192.253 - - [06/Nov/2023:16:45:27 -0500] "POST /kwsrmcab/Wsrmcab  HTTP/1.1" 200 42686
44.231.202.44 - - [06/Nov/2023:16:45:44 -0500] "GET /BLA/resoluciones/index.php?dir=RESOLUCIONES%202006/RES%202006%201451-1500/&order=asc&sort=name HTTP/1.1" 200 12370
172.22.2.4 - - [06/Nov/2023:16:44:06 -0500] "GET /BLA/boletinlegal/ HTTP/1.1" 200 62729
172.22.2.4 - - [06/Nov/2023:16:45:53 -0500] "GET /BLA/boletinlegal/actos.php HTTP/1.1" 200 9682
54.184.159.16 - - [06/Nov/2023:16:45:54 -0500] "GET /BLA/resoluciones/index.php?dir=RESOLUCIONES%202007/RES%202007%204301%20AL%204352/&order=desc&sort=date HTTP/1.1" 200 14904
44.231.202.44 - - [06/Nov/2023:16:46:17 -0500] "GET /BLA/resoluciones/index.php?dir=RESOLUCIONES%202006/RES%202006%201201-1250/&order=desc&sort=size HTTP/1.1" 200 12345
50.112.160.3 - - [06/Nov/2023:16:46:43 -0500] "GET /BLA/resoluciones/index.php?dir=RESOLUCIONES%202006/RES%202006%202651-2700/&order=desc&sort=size HTTP/1.1" 200 12364
50.112.160.3 - - [06/Nov/2023:16:46:46 -0500] "GET /BLA/resoluciones/index.php?dir=RESOLUCIONES%202007/RES%202007%201301%20AL%201400/&order=desc&sort=size HTTP/1.1" 200 26816
50.112.160.3 - - [06/Nov/2023:16:46:55 -0500] "GET /BLA/resoluciones/index.php?dir=RESOLUCIONES%202005/RES%202005%201551-1600/&order=desc&sort=size HTTP/1.1" 200 12363
50.112.160.3 - - [06/Nov/2023:16:46:56 -0500] "GET /BLA/resoluciones/index.php?dir=RESOLUCIONES%202005/RES%202005%201551-1600/&order=asc&sort=name HTTP/1.1" 200 12364
66.249.66.21 - - [06/Nov/2023:16:46:58 -0500] "GET /BLA/resoluciones/RESOLUCIONES%202011/0489.pdf HTTP/1.1" 200 70279
50.112.160.3 - - [06/Nov/2023:16:46:58 -0500] "GET /BLA/resoluciones/index.php?dir=RESOLUCIONES%202005/RES%202005%20%201701-1750/ HTTP/1.1" 200 12210
50.112.160.3 - - [06/Nov/2023:16:46:59 -0500] "GET /BLA/resoluciones/index.php?dir=RESOLUCIONES%202005/RES%202005%201301-1350/ HTTP/1.1" 200 12344
50.112.160.3 - - [06/Nov/2023:16:47:00 -0500] "GET /BLA/resoluciones/index.php?dir=RESOLUCIONES%202005/RES%202005%201751-1800/ HTTP/1.1" 200 12368
50.112.160.3 - - [06/Nov/2023:16:47:06 -0500] "GET /BLA/resoluciones/index.php?dir=RESOLUCIONES%202006/RES%202006%20801-850/&order=asc&sort=name HTTP/1.1" 200 12230
54.184.159.16 - - [06/Nov/2023:16:47:12 -0500] "GET /BLA/resoluciones/index.php?dir=RESOLUCIONES%202006/RES%202006%201401-1450/&order=desc&sort=size HTTP/1.1" 200 12366
50.112.160.3 - - [06/Nov/2023:16:47:18 -0500] "GET /BLA/resoluciones/index.php?dir=Notificaciones/RESOLUCIONES%202014/&order=desc&sort=size HTTP/1.1" 200 13931
54.184.159.16 - - [06/Nov/2023:16:47:20 -0500] "GET /BLA/resoluciones/index.php?dir=RESOLUCIONES%202006/RES%202006%201401-1450/&order=asc&sort=name HTTP/1.1" 200 12367
18.205.235.110 - - [06/Nov/2023:16:47:25 -0500] "GET /propietarios-inscritos-en-el-inventario-nacional-de-bifenilos-de-policlorados-tienen-plazo-hasta-noviembre-para-reportar-su-balance.html HTTP/1.1" 200 1003
173.252.79.119 - - [06/Nov/2023:16:47:26 -0500] "GET /images/mercados-campesinos-5-mayo.jpg HTTP/1.1" 200 95848
172.22.2.4 - - [06/Nov/2023:16:45:55 -0500] "HEAD /BLA/boletinlegal/ HTTP/1.1" 200 -
66.249.66.19 - - [06/Nov/2023:16:48:02 -0500] "GET /BLA/resoluciones/RESOLUCIONES%202009/1427.pdf HTTP/1.1" 200 940833
18.205.235.110 - - [06/Nov/2023:16:48:16 -0500] "GET /portaldeninos/ HTTP/1.1" 200 110175
172.22.2.4 - - [06/Nov/2023:16:48:20 -0500] "GET /BLA/boletinlegal/actos.php HTTP/1.1" 200 9682
44.231.202.44 - - [06/Nov/2023:16:48:26 -0500] "GET /BLA/resoluciones/index.php?dir=Notificaciones/AUTOS%202017/&order=asc&sort=name HTTP/1.1" 200 140025
40.77.167.44 - - [06/Nov/2023:16:48:57 -0500] "GET /BLA/resoluciones/index.php?dir=AUTOS+2005%2F HTTP/1.1" 200 2791
50.112.160.3 - - [06/Nov/2023:16:48:57 -0500] "GET /BLA/resoluciones/RESOLUCIONES%202004/RES%202004%201851-1900/INDEX.DAT HTTP/1.1" 200 2000
50.112.160.3 - - [06/Nov/2023:16:49:02 -0500] "GET /BLA/resoluciones/index.php?dir=RESOLUCIONES%202004/RES%202004%201851-1900/&order=desc&sort=size HTTP/1.1" 200 12368
44.231.202.44 - - [06/Nov/2023:16:49:16 -0500] "GET /BLA/resoluciones/index.php?dir=RESOLUCIONES%202006/RES%202006%201451-1500/&order=desc&sort=date HTTP/1.1" 200 12369
44.231.202.44 - - [06/Nov/2023:16:49:24 -0500] "GET /BLA/resoluciones/index.php?dir=RESOLUCIONES%202006/RES%202006%201001-1050/&order=asc&sort=name HTTP/1.1" 200 12341
54.184.159.16 - - [06/Nov/2023:16:49:25 -0500] "GET /BLA/resoluciones/index.php?dir=RESOLUCIONES%202006/RES%202006%201001-1050/&order=desc&sort=date HTTP/1.1" 200 12340
50.112.160.3 - - [06/Nov/2023:16:49:30 -0500] "GET /BLA/resoluciones/index.php?dir=RESOLUCIONES%202006/RES%202006%201401-1450/&order=desc&sort=date HTTP/1.1" 200 12366
66.249.66.19 - - [06/Nov/2023:16:50:04 -0500] "GET /BLA/resoluciones/RESOLUCIONES%202009/3947.pdf HTTP/1.1" 200 338176
54.184.159.16 - - [06/Nov/2023:16:50:09 -0500] "GET /BLA/resoluciones/index.php?dir=RESOLUCIONES%202007/RES%202007%203201%20AL%203300/&order=desc&sort=size HTTP/1.1" 200 27413
201.245.192.253 - - [06/Nov/2023:16:50:26 -0500] "POST /kwsrmcab/Wsrmcab  HTTP/1.1" 200 42686
157.55.39.14 - - [06/Nov/2023:16:50:43 -0500] "GET /Publicaciones/2023EE114859.pdf HTTP/1.1" 404 228
44.231.202.44 - - [06/Nov/2023:16:50:47 -0500] "GET /BLA/resoluciones/index.php?dir=RESOLUCIONES%202006/RES%202006%201001-1050/&order=desc&sort=size HTTP/1.1" 200 12340
172.22.2.4 - - [06/Nov/2023:16:50:56 -0500] "GET /BLA/boletinlegal/jurisprudencia/analisis/ANALISIST-257-96.docx HTTP/1.1" 304 -
20.210.58.98 - - [06/Nov/2023:16:51:21 -0500] "GET /Publicaciones/2023EE114859.pdf HTTP/1.1" 404 228
44.231.202.44 - - [06/Nov/2023:16:51:22 -0500] "GET /BLA/resoluciones/index.php?dir=RESOLUCIONES%202005/RES%202005%203051-3100/&order=desc&sort=size HTTP/1.1" 200 12359
172.22.2.4 - - [06/Nov/2023:16:52:33 -0500] "GET /BLA/boletinlegal/actos.php HTTP/1.1" 200 9682
172.22.2.4 - - [06/Nov/2023:16:52:35 -0500] "GET /BLA/boletinlegal/favicon.ico HTTP/1.1" 404 1326
172.22.2.4 - - [06/Nov/2023:16:52:46 -0500] "GET /BLA/boletinlegal/consulta_actos.php?tipo=resoluciones&no=&usuario=&sector=AIRE&fecha=2023&resuelve=fuerza HTTP/1.1" 200 7318
54.184.159.16 - - [06/Nov/2023:16:52:51 -0500] "GET /BLA/resoluciones/index.php?dir=RESOLUCIONES%202006/RES%202006%201051-1100/&order=asc&sort=name HTTP/1.1" 200 12369
50.112.160.3 - - [06/Nov/2023:16:52:57 -0500] "GET /BLA/resoluciones/index.php?dir=RESOLUCIONES%202006/RES%202006%201051-1100/&order=desc&sort=size HTTP/1.1" 200 12368
66.249.66.20 - - [06/Nov/2023:16:53:13 -0500] "GET /BLA/resoluciones/RESOLUCIONES%202008/4736.pdf HTTP/1.1" 200 440133
44.231.202.44 - - [06/Nov/2023:16:53:13 -0500] "GET /BLA/resoluciones/index.php?dir=RESOLUCIONES%202004/RES%202004%201901-1950/&order=asc&sort=name HTTP/1.1" 200 12350
172.22.2.4 - - [06/Nov/2023:16:53:17 -0500] "GET /BLA/boletinlegal/robots.txt HTTP/1.1" 404 1037
172.22.2.4 - - [06/Nov/2023:16:53:17 -0500] "GET /BLA/boletinlegal/robots.txt HTTP/1.1" 404 1037
172.22.2.4 - - [06/Nov/2023:16:53:19 -0500] "GET /BLA/boletinlegal/consulta_actos.php?tipo=resoluciones&no=&usuario=&sector=AIRE&fecha=2022&resuelve=fuerza HTTP/1.1" 200 17874
172.22.2.4 - - [06/Nov/2023:16:53:23 -0500] "GET /BLA/boletinlegal/Circulares/2013/Circular%20No.%203%20del%2005%20de%20abril%20de%202013.pdf HTTP/1.1" 200 93580
66.249.66.20 - - [06/Nov/2023:16:53:39 -0500] "GET /BLA/resoluciones/RESOLUCIONES%202008/1643.pdf HTTP/1.1" 200 230973
54.184.159.16 - - [06/Nov/2023:16:54:09 -0500] "GET /BLA/resoluciones/index.php?dir=RESOLUCIONES%202006/RES%202006%201051-1100/&order=desc&sort=date HTTP/1.1" 200 12368
66.249.66.20 - - [06/Nov/2023:16:54:16 -0500] "GET /BLA/resoluciones/RESOLUCIONES%202009/2245.pdf HTTP/1.1" 200 501676
44.231.202.44 - - [06/Nov/2023:16:54:22 -0500] "GET /BLA/resoluciones/index.php?dir=RESOLUCIONES%202003/RES%202003%20601-650/&order=asc&sort=size HTTP/1.1" 200 11292
66.249.66.19 - - [06/Nov/2023:16:54:25 -0500] "GET /BLA/resoluciones/RESOLUCIONES%202009/3045.pdf HTTP/1.1" 200 376386
200.118.80.56 - - [06/Nov/2023:16:54:34 -0500] "GET /BLA/resoluciones/RESOLUCIONES%202022/4424.pdf HTTP/1.1" 200 397319
200.118.80.56 - - [06/Nov/2023:16:54:35 -0500] "GET /favicon.ico HTTP/1.1" 200 7782
54.184.159.16 - - [06/Nov/2023:16:54:56 -0500] "GET /BLA/resoluciones/index.php?dir=RESOLUCIONES%202005/RES%202005%201551-1600/&order=desc&sort=date HTTP/1.1" 200 12363
44.231.202.44 - - [06/Nov/2023:16:54:57 -0500] "GET /BLA/resoluciones/index.php?dir=RESOLUCIONES%202004/RES%202004%201901-1950/&order=desc&sort=date HTTP/1.1" 200 12349
54.184.159.16 - - [06/Nov/2023:16:55:17 -0500] "GET /BLA/resoluciones/index.php?dir=RESOLUCIONES%202004/RES%202004%201201-1250/&order=asc&sort=name HTTP/1.1" 200 12361
50.112.160.3 - - [06/Nov/2023:16:55:19 -0500] "GET /BLA/resoluciones/index.php?dir=AUTOS%202006/AUTOS%202006%201401%20-%201500/&order=asc&sort=date HTTP/1.1" 200 13545
172.22.2.4 - - [06/Nov/2023:16:55:23 -0500] "GET /BLA/boletinlegal/consulta_actos.php?tipo=resoluciones&no=&usuario=&sector=AIRE&fecha=2022&resuelve=ladrillera HTTP/1.1" 200 626
172.22.2.4 - - [06/Nov/2023:16:55:24 -0500] "GET /BLA/boletinlegal/consulta_actos.php?tipo=resoluciones&no=&usuario=&sector=AIRE&fecha=2022&resuelve=ladrillera HTTP/1.1" 200 626
201.245.192.253 - - [06/Nov/2023:16:55:26 -0500] "POST /kwsrmcab/Wsrmcab  HTTP/1.1" 200 42686
50.112.160.3 - - [06/Nov/2023:16:55:29 -0500] "GET /BLA/resoluciones/index.php?dir=RESOLUCIONES%202006/RES%202006%20601-650/&order=desc&sort=date HTTP/1.1" 200 12249
172.22.2.4 - - [06/Nov/2023:16:55:33 -0500] "GET /BLA/boletinlegal/consulta_actos.php?tipo=resoluciones&no=&usuario=ladrillera%20sanra&sector=AIRE&fecha=2022&resuelve= HTTP/1.1" 200 626
172.22.2.4 - - [06/Nov/2023:16:55:37 -0500] "GET /BLA/boletinlegal/consulta_actos.php?tipo=resoluciones&no=&usuario=ladrillera%20santa&sector=AIRE&fecha=2022&resuelve= HTTP/1.1" 200 626
172.22.2.4 - - [06/Nov/2023:16:55:44 -0500] "GET /BLA/boletinlegal/consulta_actos.php?tipo=resoluciones&no=&usuario=ladrillera&sector=AIRE&fecha=2022&resuelve= HTTP/1.1" 200 1101
216.245.221.92 - - [06/Nov/2023:16:55:47 -0500] "HEAD / HTTP/1.1" 200 -
52.167.144.205 - - [06/Nov/2023:16:55:48 -0500] "GET /por-un-corazon-mas-verde-del-1-al-9-de-junio-se-celebrara-la-semana-ambiental-2023-en-bogota.html HTTP/1.1" 200 819
172.22.2.4 - - [06/Nov/2023:16:54:11 -0500] "HEAD /BLA/boletinlegal/ HTTP/1.1" 200 -
172.22.2.4 - - [06/Nov/2023:16:55:56 -0500] "GET /BLA/boletinlegal/consulta_actos.php?tipo=resoluciones&no=&usuario=LADRILLERA&sector=AIRE&fecha=2023&resuelve= HTTP/1.1" 200 1090
54.184.159.16 - - [06/Nov/2023:16:56:03 -0500] "GET /BLA/resoluciones/index.php?dir=RESOLUCIONES%202007/RES%202007%203501%20AL%203600/&order=asc&sort=name HTTP/1.1" 200 26836
172.22.2.4 - - [06/Nov/2023:16:56:10 -0500] "GET /BLA/boletinlegal/consulta_actos.php?tipo=resoluciones&no=&usuario=LADRILLERA&sector=AIRE&fecha=2021&resuelve= HTTP/1.1" 200 2093
44.231.202.44 - - [06/Nov/2023:16:56:11 -0500] "GET /BLA/resoluciones/index.php?dir=RESOLUCIONES%202003/RES%202003%201501-1550/&order=asc&sort=size HTTP/1.1" 200 12137
172.22.2.4 - - [06/Nov/2023:16:56:15 -0500] "GET /BLA/boletinlegal/consulta_actos.php?tipo=resoluciones&no=&usuario=LADRILLERA&sector=AIRE&fecha=2020&resuelve= HTTP/1.1" 200 1120
172.22.2.4 - - [06/Nov/2023:16:56:18 -0500] "GET /BLA/boletinlegal/consulta_actos.php?tipo=resoluciones&no=&usuario=LADRILLERA&sector=AIRE&fecha=2019&resuelve= HTTP/1.1" 200 2032
66.249.66.21 - - [06/Nov/2023:16:56:28 -0500] "GET /BLA/resoluciones/AUTOS%202011/0155.pdf HTTP/1.1" 200 154767
173.252.107.1 - - [06/Nov/2023:16:56:30 -0500] "GET /engativa-tendra-jornada-de-recoleccion-de-llantas-este-miercoles.html HTTP/1.1" 200 933
172.22.2.4 - - [06/Nov/2023:16:56:31 -0500] "GET /BLA/boletinlegal/consulta_actos.php?tipo=resoluciones&no=&usuario=&sector=AIRE&fecha=2023&resuelve=FUERZA HTTP/1.1" 200 7318
54.184.159.16 - - [06/Nov/2023:16:56:36 -0500] "GET /BLA/resoluciones/index.php?dir=Notificaciones/RESOLUCIONES%202014/&order=desc&sort=date HTTP/1.1" 200 13931
200.118.80.56 - - [06/Nov/2023:16:56:44 -0500] "GET /BLA/resoluciones/RESOLUCIONES%202023/0045.pdf HTTP/1.1" 200 418737
172.22.2.4 - - [06/Nov/2023:16:55:16 -0500] "GET /BLA/boletinlegal/ HTTP/1.1" 200 59827
172.22.2.4 - - [06/Nov/2023:16:57:03 -0500] "GET /BLA/boletinlegal/consulta_actos.php?tipo=resoluciones&no=&usuario=&sector=AIRE&fecha=2022&resuelve=FUERZA HTTP/1.1" 200 17874
200.118.80.56 - - [06/Nov/2023:16:57:18 -0500] "GET /BLA/resoluciones/RESOLUCIONES%202022/4122.pdf HTTP/1.1" 200 555287
172.22.2.4 - - [06/Nov/2023:16:57:58 -0500] "GET /BLA/boletinlegal/consulta_actos.php?tipo=resoluciones&no=&usuario=&sector=AIRE&fecha=2021&resuelve=FUERZA HTTP/1.1" 200 5728
17.241.227.63 - - [06/Nov/2023:16:57:58 -0500] "GET /el-reverdecer-de-bogota-no-para-207-nuevos-arboles-plantados-en-el-sur-de-la-ciudad.html HTTP/1.1" 200 912
200.118.80.56 - - [06/Nov/2023:16:58:06 -0500] "GET /BLA/resoluciones/RESOLUCIONES%202021/2325.pdf HTTP/1.1" 200 689918
54.36.148.92 - - [06/Nov/2023:16:58:08 -0500] "GET /robots.txt HTTP/1.1" 404 1018
200.118.80.56 - - [06/Nov/2023:16:58:11 -0500] "GET /BLA/resoluciones/RESOLUCIONES%202021/1800.pdf HTTP/1.1" 200 476680
54.184.159.16 - - [06/Nov/2023:16:58:44 -0500] "GET /BLA/resoluciones/index.php?dir=RESOLUCIONES%202004/RES%202004%20201-250/&order=asc&sort=date HTTP/1.1" 200 12050
44.231.202.44 - - [06/Nov/2023:16:58:46 -0500] "GET /BLA/resoluciones/index.php?dir=RESOLUCIONES%202004/RES%202004%20201-250/&order=desc&sort=size HTTP/1.1" 200 12049
50.112.160.3 - - [06/Nov/2023:16:59:02 -0500] "GET /BLA/resoluciones/index.php?dir=RESOLUCIONES%202004/RES%202004%20201-250/&order=asc&sort=name HTTP/1.1" 200 12050
54.184.159.16 - - [06/Nov/2023:16:59:19 -0500] "GET /BLA/resoluciones/index.php?dir=RESOLUCIONES%202006/RES%202006%20601-650/&order=desc&sort=size HTTP/1.1" 200 12249
52.167.144.222 - - [06/Nov/2023:16:59:20 -0500] "GET /BLA/resoluciones/RESOLUCIONES%202021/3848.pdf HTTP/1.1" 200 464855
50.112.160.3 - - [06/Nov/2023:16:59:24 -0500] "GET /BLA/resoluciones/index.php?dir=RESOLUCIONES%202004/RES%202004%20201-250/&order=desc&sort=date HTTP/1.1" 200 12049
192.99.44.57 - - [06/Nov/2023:16:59:26 -0500] "GET /el-reverdecer-de-bogota-no-para-207-nuevos-arboles-plantados-en-el-sur-de-la-ciudad.html HTTP/1.1" 200 912
44.231.202.44 - - [06/Nov/2023:17:00:16 -0500] "GET /BLA/resoluciones/index.php?dir=Notificaciones/RESOLUCIONES%202012/&order=asc&sort=name HTTP/1.1" 200 2077
201.245.192.253 - - [06/Nov/2023:17:00:25 -0500] "POST /kwsrmcab/Wsrmcab  HTTP/1.1" 200 42686
54.184.159.16 - - [06/Nov/2023:17:00:28 -0500] "GET /BLA/resoluciones/index.php?dir=Notificaciones/RESOLUCIONES%202012/&order=desc&sort=date HTTP/1.1" 200 2076
44.231.202.44 - - [06/Nov/2023:17:00:29 -0500] "GET /BLA/resoluciones/index.php?dir=RESOLUCIONES%202006/RES%202006%202401-2450/&order=desc&sort=date HTTP/1.1" 200 12369
216.245.221.92 - - [06/Nov/2023:17:00:47 -0500] "HEAD / HTTP/1.1" 200 -
50.112.160.3 - - [06/Nov/2023:17:01:16 -0500] "GET /BLA/resoluciones/index.php?dir=RESOLUCIONES%202004/RES%202004%201901-1950/&order=desc&sort=size HTTP/1.1" 200 12349
172.22.2.4 - - [06/Nov/2023:17:00:15 -0500] "HEAD /BLA/boletinlegal/ HTTP/1.1" 200 -
172.22.2.4 - - [06/Nov/2023:17:01:30 -0500] "GET /BLA/boletinlegal/ HTTP/1.1" 200 60224
52.167.144.194 - - [06/Nov/2023:17:03:41 -0500] "GET /BLA/resoluciones/RESOLUCIONES%202021/1652.pdf HTTP/1.1" 200 368915
186.102.1.85 - - [06/Nov/2023:17:03:42 -0500] "GET /kwssiamovil/sm/ldap/au?x=U2FsdGVkX1/gsC1CFoDm17ZiWXL7qKqf9/wIzcnQTBE2AbtZoU5l0YRd5qxD56At&y=U2FsdGVkX19B1U1C97PjZT0s5rlJgtlLPA5ToprLRiLz9bayOJrV75ZfqgATbDOx HTTP/1.1" 200 30
186.102.1.85 - - [06/Nov/2023:17:03:42 -0500] "GET /kwssiamovil/sm/acme/s?s=U2FsdGVkX19DjHLnA0vCUbhKqrFpagGD/JRcdxs/mTTwu5I51DU4OVI9TM9JWDIDybQKq2j0A8HfB8T8nqgWeQel/0N2PlFguN9J20Tf72E=&u=U2FsdGVkX18WVVS9E0YsSlSNahH1yXFscZi3n1lzUjifDUHNeSZB5BVmeK3Dg2eU&y=U2FsdGVkX19B1U1C97PjZT0s5rlJgtlLPA5ToprLRiLz9bayOJrV75ZfqgATbDOx HTTP/1.1" 200 97
186.102.1.85 - - [06/Nov/2023:17:03:42 -0500] "GET /kwssiamovil/sm/acme/s?s=U2FsdGVkX1+/H75yAQFRO3m0lDgDDd9sAcT7FHYQCFMW2J3gVTTdESXNjVKsGdmCqpymvvymVizhUVqIlFPMOgJ7x+N7gSfjJDzTQxzXeHwBBvYri+/IyJO0ceuS+bNSbS2OxFxpwbhUe6XqGYNxN6AHszNMZKkwvySRBA6FYIGlRGQblMCAu2CPdZqaQ9GgX5T1X0HyapoVHYCz30+yuBfnb4GTw1NUQTNzWJmcecN8k/AogEz2hc7gcgt7DpJuD/wU9QvzuWeVqIHEvP6YB9ApBPBy2hU1Ek8mjgV1/feuLkGrFXdakeAK6OOynGDvJV8gT9bdF/YUAz/IpG+pEk46aR7WOWpdwkLWPs2b7f6j/lDF/Yqtxoiq5TEAk6VX3gosLcSVwpCXNLtqclhao5TJzphXMpccRo5DvvvtEn0DCN1G+/ldBRuYGOjm6OXzd0LZWKylSp0bR+In9zP6JuNdCUy7NatgP2NXRv66g6SmcRDRRCTfvEet2lHf5RI+kYyAskA6xNpg6B/gYVp/oQByObVzJSCIZMU2LfArZ4b/Nb0D3foWmpg8HBbGDFgZ2CuOHC60cKAfGQzsdhQSWG67gF7gYpTjQrkjpKx9v0Q7q+lmLNJCZ4VgTBdaYpykY9RIrDcTZ/f2otrZbL8FqF6P6a2QITRHxMlRpa5vnnR9T/F741nvAV1OcLm2Qqk4KtrhxSXjVBfrd+gaz3QyI6tubibBNcFCdl5+IIGeCDVYxgakEJBjSvtFuE25gizakvKAme6kLQTSeT1l8HcEECMpMYZQ+BZNXlLqrcLHVahrZrtQiuhr5n2S3gjeibBTfSz1b1KYKNMXS8ejN6uesvqGis8ckUr8IKfp54qSIyLq4B3Ck+5HqBaczxxfJw+qk1k8ZsNpxeXO/Xf0+zSi01CyjliBkjBkLoHm1eesF912HoWYpGI1tARoQ8KL+7T93tonjvwLUspTzNXEVFFcrAVqTWNAfvVg8ccxcIdcId5B0o35+eOkEv74qY7UP5JtUFIXzpHwPvVBYJOeUqmQjMYndXbm51gnYwgWkJ0Z2T7Kiiuf5s/06eYg9QaMpZ58/3YL5ShZ/P9PPHiufajFWvgSHsH8f2isxIYt8b9ztG/rPIqTSvmfvVlTXoAoa2eLTfykKTEjTq7HCGjdth/Qx05Reo05ZD56IMfjslg8sY2cfnL3Ab045YBDuE43NX7UmILEZZfYek2YzYaGLZWCLrsQ+AgTp283c+NPXo8TDxX7Hql+asA7KgAiBq6lOPJxHb/vtll81zDbCkmnFyj3HIKSKp99/kJKPZNQO5FV4CGUJKsDhovhH1/0cMGQa9wBS4DO4wFY6vNADb9HohdC5MQKL3/YHc4LW8xBFCDeRhgu+fkcinOJ5RKOYZRozGmcvzDW5pCA+Psju26cVwetC5Orwead3jcE81aE81CKgFOHoU1p9i+hJQxKhnnxQcwxOWji7VOJ8D25UTjvMWPOJLVHCCMS3vNdd032HQ0OHnjFNKTQXWFtId/5K7P5J3hv0D2BbZF9E11s/o3I0Kvx8ijmGUDvB9UHDox/ob+1i5S5y9rvG9CxiIChIa7PMaVgToI7NIsXugRUVeEXtUxxClkwxoTHnCAAWSXDdnU+NnLUvhKV6d4QUVj6b/7VMTshMad7QHcxowTSvYpg8ldd33btsyz0vMHyNKw9haz0BROkQMy9IidT9eGk9r2VA+idy5pw7I/IG5QHvrKfSLr9m2LLGorRG2C60y8MG6gUMrAFOqXd2vjaApMjm1xIhSUX&u=U2FsdGVkX18WVVS9E0YsSlSNahH1yXFscZi3n1lzUjifDUHNeSZB5BVmeK3Dg2eU&y=U2FsdGVkX19B1U1C97PjZT0s5rlJgtlLPA5ToprLRiLz9bayOJrV75ZfqgATbDOx HTTP/1.1" 200 3087
186.102.1.85 - - [06/Nov/2023:17:03:42 -0500] "GET /kwssiamovil/sm/acme/s?s=U2FsdGVkX1+m3qdrvaCf6DOKOziRlXXciAaI3KbpxsvJgJ/z6g6E7lxnnllNgQlsBoItqF+w+J2L7mBVTnztIm4nKSpskmjVPhVI/aNwBvPKd9vF8uRVVgQOJNVHn01OhE2Un6Ya+8Icd0SStQkWpI4Ronp1AE+etFBMwu4a8SbM6pPcZsFPrmaMmnOnBG7EkkydFptNmXLNLRhZzoGJkzZfI0bv123zBW2ZRSepYK4gCG0wpX/L6zc/wHzxQ+ZyLfwpB0bhjHFW9BYWUOJdKEsKoByuMpZs4vJzMBYFVRzSP68OA0TRkhjUBrQX5QxKe25iZ8CkixS6oT82xeOSvbsbGyBkam1XK66FsvX09DBC1l0uuGoRmZgPkX0DP7IFZD88uTslSQEdiruYqyq7v2tW+PLEBRdLgm6SzzqQQ/kswCWpVF52OXAexQrdz4HB8teTWHz05mbO7rttUdJ9piNpHQDESr3nQk5F9QtFEHecHw0KvhnVhnPMXLzyxIyylJuU2nE+2tUmzhfDSnlKI2Py8rK9YbdNgfdB1tPsi6VhpAebv+kzRq25LQjG6xmmLUfqO2+BPS3U2DWcSWL+zGjNXUSL5iyMmmOlqPYZq5yJw25Ons/cRClBliyfw6BO0rioNAGxxIsDGdCFmg0NOD89MYde049DaPSpL3Hb1bpSMgGczvKTT8APwpfw2taY1XzfJS+GHiV6oYDrq7E+sT1QnM91vVdu3GV2eKXw80luJkPgdajqndiw82aE5X0j&u=U2FsdGVkX18WVVS9E0YsSlSNahH1yXFscZi3n1lzUjifDUHNeSZB5BVmeK3Dg2eU&y=U2FsdGVkX19B1U1C97PjZT0s5rlJgtlLPA5ToprLRiLz9bayOJrV75ZfqgATbDOx HTTP/1.1" 200 208
186.102.1.85 - - [06/Nov/2023:17:03:43 -0500] "GET /kwssiamovil/sm/cjson/pre?f=1&x=U2FsdGVkX1/gsC1CFoDm17ZiWXL7qKqf9/wIzcnQTBE2AbtZoU5l0YRd5qxD56At HTTP/1.1" 200 31032
181.56.115.30 - - [06/Nov/2023:17:05:05 -0500] "GET /appsia/controlador HTTP/1.1" 200 4799
181.56.115.30 - - [06/Nov/2023:17:05:05 -0500] "GET /appsia/css/estilos.css HTTP/1.1" 200 4804
181.56.115.30 - - [06/Nov/2023:17:05:05 -0500] "GET /appsia/scripts/validarIngreso.js HTTP/1.1" 200 851
181.56.115.30 - - [06/Nov/2023:17:05:05 -0500] "GET /appsia/images/cabezoteHojaVida.png HTTP/1.1" 200 32493
181.56.115.30 - - [06/Nov/2023:17:05:05 -0500] "GET /appsia/images/logo_bogota_p.png HTTP/1.1" 200 14951
181.56.115.30 - - [06/Nov/2023:17:05:05 -0500] "GET /favicon.ico HTTP/1.1" 200 7782
181.56.115.30 - - [06/Nov/2023:17:05:17 -0500] "GET /sipse/faces/index.xhtml HTTP/1.1" 200 677
181.56.115.30 - - [06/Nov/2023:17:05:17 -0500] "GET /sipse/faces/javax.faces.resource/theme.css?ln=primefaces-sipse HTTP/1.1" 200 50058
181.56.115.30 - - [06/Nov/2023:17:05:19 -0500] "GET /sipse/faces/faces/autenticacion.xhtml HTTP/1.1" 200 12404
181.56.115.30 - - [06/Nov/2023:17:05:19 -0500] "GET /sipse/js/disable_browser_buttons.js HTTP/1.1" 200 3230
181.56.115.30 - - [06/Nov/2023:17:05:20 -0500] "GET /sipse/css/custom_css_sg.css HTTP/1.1" 200 9694
181.56.115.30 - - [06/Nov/2023:17:05:20 -0500] "GET /sipse/css/custom_css_sg_prime_login.css HTTP/1.1" 200 443
181.56.115.30 - - [06/Nov/2023:17:05:20 -0500] "GET /sipse/js/funciones.js HTTP/1.1" 200 12592
181.56.115.30 - - [06/Nov/2023:17:05:20 -0500] "GET /sipse/faces/javax.faces.resource/theme.css?ln=primefaces-sipse HTTP/1.1" 304 -
181.56.115.30 - - [06/Nov/2023:17:05:20 -0500] "GET /sipse/faces/javax.faces.resource/layout/layout.css?ln=primefaces&v=4.0 HTTP/1.1" 200 542
181.56.115.30 - - [06/Nov/2023:17:05:20 -0500] "GET /sipse/faces/javax.faces.resource/layout/layout.js?ln=primefaces&v=4.0 HTTP/1.1" 200 87560
181.56.115.30 - - [06/Nov/2023:17:05:20 -0500] "GET /sipse/faces/javax.faces.resource/jquery/jquery.js?ln=primefaces&v=4.0 HTTP/1.1" 200 105384
181.56.115.30 - - [06/Nov/2023:17:05:20 -0500] "GET /sipse/faces/javax.faces.resource/primefaces.css?ln=primefaces&v=4.0 HTTP/1.1" 200 53295
181.56.115.30 - - [06/Nov/2023:17:05:20 -0500] "GET /sipse/faces/javax.faces.resource/jquery/jquery-plugins.js?ln=primefaces&v=4.0 HTTP/1.1" 200 220526
181.56.115.30 - - [06/Nov/2023:17:05:20 -0500] "GET /sipse/faces/javax.faces.resource/primefaces.js?ln=primefaces&v=4.0 HTTP/1.1" 200 276924
181.56.115.30 - - [06/Nov/2023:17:05:21 -0500] "GET /sipse/faces/javax.faces.resource/images/ui-icons_898989_256x240.png?ln=primefaces-aristo HTTP/1.1" 200 5355
181.56.115.30 - - [06/Nov/2023:17:05:21 -0500] "GET /sipse/css/imagen/loginimg.png HTTP/1.1" 200 71635
181.56.115.30 - - [06/Nov/2023:17:05:21 -0500] "GET /sipse/css/imagen/logoSDG.png HTTP/1.1" 200 53064
66.249.66.19 - - [06/Nov/2023:17:05:22 -0500] "GET /BLA/resoluciones/RESOLUCIONES%202009/2539.pdf HTTP/1.1" 200 446162
201.245.192.253 - - [06/Nov/2023:17:05:23 -0500] "POST /kwsrmcab/Wsrmcab  HTTP/1.1" 200 42686
181.56.115.30 - - [06/Nov/2023:17:05:27 -0500] "POST /sipse/faces/autenticacion.xhtml HTTP/1.1" 200 16165
181.56.115.30 - - [06/Nov/2023:17:05:27 -0500] "GET /sipse/css/custom_css_sg_prime.css HTTP/1.1" 200 5201
181.56.115.30 - - [06/Nov/2023:17:05:27 -0500] "GET /sipse/faces/javax.faces.resource/layout/layout.css?ln=primefaces&v=4.0 HTTP/1.1" 304 -
181.56.115.30 - - [06/Nov/2023:17:05:27 -0500] "GET /sipse/faces/javax.faces.resource/primefaces.css?ln=primefaces&v=4.0 HTTP/1.1" 304 -
181.56.115.30 - - [06/Nov/2023:17:05:27 -0500] "GET /sipse/faces/javax.faces.resource/theme.css?ln=primefaces-sipse HTTP/1.1" 304 -
181.56.115.30 - - [06/Nov/2023:17:05:27 -0500] "GET /sipse/js/jquery.min.js HTTP/1.1" 200 85582
181.56.115.30 - - [06/Nov/2023:17:05:27 -0500] "GET /sipse/faces/javax.faces.resource/jquery/jquery.js?ln=primefaces&v=4.0 HTTP/1.1" 304 -
181.56.115.30 - - [06/Nov/2023:17:05:27 -0500] "GET /sipse/faces/javax.faces.resource/jquery/jquery-plugins.js?ln=primefaces&v=4.0 HTTP/1.1" 304 -
181.56.115.30 - - [06/Nov/2023:17:05:27 -0500] "GET /sipse/faces/javax.faces.resource/primefaces.js?ln=primefaces&v=4.0 HTTP/1.1" 304 -
181.56.115.30 - - [06/Nov/2023:17:05:27 -0500] "GET /sipse/faces/javax.faces.resource/layout/layout.js?ln=primefaces&v=4.0 HTTP/1.1" 304 -
181.56.115.30 - - [06/Nov/2023:17:05:28 -0500] "GET /sipse/css/v_mergente.css HTTP/1.1" 200 1505
181.56.115.30 - - [06/Nov/2023:17:05:28 -0500] "GET /sipse/css/imagen/contrasena.png HTTP/1.1" 404 383
181.56.115.30 - - [06/Nov/2023:17:05:28 -0500] "GET /sipse/faces/javax.faces.resource/messages/messages.png?ln=primefaces&v=4.0 HTTP/1.1" 200 27209
181.56.115.30 - - [06/Nov/2023:17:05:28 -0500] "GET /sipse/imagenes/logoAplicacion.jpg HTTP/1.1" 200 155084
181.56.115.30 - - [06/Nov/2023:17:05:28 -0500] "GET /sipse/imagenes/cargando.gif HTTP/1.1" 200 36959
181.56.115.30 - - [06/Nov/2023:17:05:46 -0500] "GET /sipse/faces/javax.faces.resource/images/ui-bg_flat_0_2d5972_40x100.png?ln=primefaces-aristo HTTP/1.1" 200 183
181.56.115.30 - - [06/Nov/2023:17:05:46 -0500] "POST /sipse/faces/bienvenido.xhtml HTTP/1.1" 200 1471
216.245.221.92 - - [06/Nov/2023:17:05:47 -0500] "HEAD / HTTP/1.1" 200 -
181.56.115.30 - - [06/Nov/2023:17:05:48 -0500] "POST /sipse/faces/bienvenido.xhtml HTTP/1.1" 200 43503
181.56.115.30 - - [06/Nov/2023:17:05:49 -0500] "GET /sipse/faces/javax.faces.resource/theme.css?ln=primefaces-sipse HTTP/1.1" 304 -
181.56.115.30 - - [06/Nov/2023:17:05:49 -0500] "GET /sipse/faces/javax.faces.resource/primefaces.css?ln=primefaces&v=4.0 HTTP/1.1" 304 -
181.56.115.30 - - [06/Nov/2023:17:05:49 -0500] "GET /sipse/faces/javax.faces.resource/layout/layout.css?ln=primefaces&v=4.0 HTTP/1.1" 304 -
181.56.115.30 - - [06/Nov/2023:17:05:49 -0500] "GET /sipse/faces/javax.faces.resource/jquery/jquery.js?ln=primefaces&v=4.0 HTTP/1.1" 304 -
181.56.115.30 - - [06/Nov/2023:17:05:49 -0500] "GET /sipse/faces/javax.faces.resource/jquery/jquery-plugins.js?ln=primefaces&v=4.0 HTTP/1.1" 304 -
181.56.115.30 - - [06/Nov/2023:17:05:49 -0500] "GET /sipse/faces/javax.faces.resource/primefaces.js?ln=primefaces&v=4.0 HTTP/1.1" 304 -
181.56.115.30 - - [06/Nov/2023:17:05:49 -0500] "GET /sipse/faces/javax.faces.resource/layout/layout.js?ln=primefaces&v=4.0 HTTP/1.1" 304 -
181.56.115.30 - - [06/Nov/2023:17:05:50 -0500] "POST /sipse/faces/presentacion/financiero/solicitudProceso/listarSolicitudProceso.xhtml HTTP/1.1" 200 1460
44.231.202.44 - - [06/Nov/2023:17:05:50 -0500] "GET /BLA/resoluciones/index.php?dir=RESOLUCIONES%202003/RES%202003%20751-800/&order=desc&sort=name HTTP/1.1" 200 11301
181.56.115.30 - - [06/Nov/2023:17:05:57 -0500] "POST /sipse/faces/presentacion/financiero/solicitudProceso/listarSolicitudProceso.xhtml HTTP/1.1" 200 2161
181.56.115.30 - - [06/Nov/2023:17:05:58 -0500] "POST /sipse/faces/presentacion/financiero/solicitudProceso/listarSolicitudProceso.xhtml HTTP/1.1" 200 38322
