201.245.192.253 - - [10/Nov/2023:05:10:57 -0500] "POST /kwsrmcab/Wsrmcab  HTTP/1.1" 200 38506
216.245.221.92 - - [10/Nov/2023:05:11:36 -0500] "HEAD / HTTP/1.1" 200 -
52.167.144.179 - - [10/Nov/2023:05:11:45 -0500] "GET /BLA/resoluciones/ HTTP/1.1" 200 13696
186.155.16.72 - - [10/Nov/2023:05:11:53 -0500] "GET /BLA/resoluciones/RESOLUCIONES%202021/4076.pdf HTTP/1.1" 200 481020
186.155.16.72 - - [10/Nov/2023:05:12:07 -0500] "GET /BLA/resoluciones/RESOLUCIONES%202021/3984.pdf HTTP/1.1" 200 622369
186.155.16.72 - - [10/Nov/2023:05:12:21 -0500] "GET /BLA/resoluciones/RESOLUCIONES%202021/3834.pdf HTTP/1.1" 200 488746
186.155.16.72 - - [10/Nov/2023:05:12:37 -0500] "GET /BLA/resoluciones/RESOLUCIONES%202021/3821.pdf HTTP/1.1" 200 349190
186.155.16.72 - - [10/Nov/2023:05:12:58 -0500] "GET /BLA/resoluciones/RESOLUCIONES%202021/3820.pdf HTTP/1.1" 200 393333
186.155.16.72 - - [10/Nov/2023:05:13:13 -0500] "GET /BLA/resoluciones/RESOLUCIONES%202021/3819.pdf HTTP/1.1" 200 348797
186.155.16.72 - - [10/Nov/2023:05:13:28 -0500] "GET /BLA/resoluciones/RESOLUCIONES%202021/3818.pdf HTTP/1.1" 200 515398
186.155.16.72 - - [10/Nov/2023:05:13:40 -0500] "GET /BLA/resoluciones/RESOLUCIONES%202021/3807.pdf HTTP/1.1" 200 426113
186.155.16.72 - - [10/Nov/2023:05:13:52 -0500] "GET /BLA/resoluciones/RESOLUCIONES%202021/3724.pdf HTTP/1.1" 200 416488
172.22.2.4 - - [10/Nov/2023:05:12:20 -0500] "HEAD /BLA/boletinlegal/ HTTP/1.1" 200 -
186.155.16.72 - - [10/Nov/2023:05:14:06 -0500] "GET /BLA/resoluciones/RESOLUCIONES%202021/3723.pdf HTTP/1.1" 200 570353
186.155.16.72 - - [10/Nov/2023:05:14:43 -0500] "GET /BLA/resoluciones/RESOLUCIONES%202021/3722.pdf HTTP/1.1" 200 551760
172.22.2.4 - - [10/Nov/2023:05:13:11 -0500] "GET /BLA/boletinlegal/ HTTP/1.1" 200 55803
186.155.16.72 - - [10/Nov/2023:05:15:07 -0500] "GET /BLA/resoluciones/RESOLUCIONES%202021/3621.pdf HTTP/1.1" 200 440602
186.155.16.72 - - [10/Nov/2023:05:15:19 -0500] "GET /BLA/resoluciones/RESOLUCIONES%202021/3549.pdf HTTP/1.1" 200 816986
66.249.66.19 - - [10/Nov/2023:05:15:49 -0500] "GET /resoluciones/RESOLUCIONES%202009/4846.pdf HTTP/1.1" 404 1018
186.155.16.72 - - [10/Nov/2023:05:15:53 -0500] "GET /BLA/resoluciones/RESOLUCIONES%202021/3067.pdf HTTP/1.1" 200 693158
201.245.192.253 - - [10/Nov/2023:05:15:56 -0500] "POST /kwsrmcab/Wsrmcab  HTTP/1.1" 200 38506
216.245.221.92 - - [10/Nov/2023:05:16:36 -0500] "HEAD / HTTP/1.1" 200 -
201.245.192.253 - - [10/Nov/2023:05:16:47 -0500] "POST /kwsrmcab/Wsrmcab HTTP/1.1" 200 40025
201.245.192.253 - - [10/Nov/2023:05:16:50 -0500] "POST /kwsrmcab/Wsrmcab HTTP/1.1" 200 38969
66.249.66.20 - - [10/Nov/2023:05:16:57 -0500] "GET /BLA/resoluciones/Notificaciones/AUTOS%202022/6051.pdf HTTP/1.1" 304 -
172.22.2.4 - - [10/Nov/2023:05:18:10 -0500] "HEAD /BLA/boletinlegal/ HTTP/1.1" 200 -
201.245.192.253 - - [10/Nov/2023:05:20:05 -0500] "POST /kwsrmcab/Wsrmcab HTTP/1.1" 200 40025
201.245.192.253 - - [10/Nov/2023:05:20:09 -0500] "POST /kwsrmcab/Wsrmcab HTTP/1.1" 200 38969
172.22.2.4 - - [10/Nov/2023:05:19:01 -0500] "GET /BLA/boletinlegal/ HTTP/1.1" 200 58644
201.245.192.253 - - [10/Nov/2023:05:20:56 -0500] "POST /kwsrmcab/Wsrmcab  HTTP/1.1" 200 38506
216.245.221.92 - - [10/Nov/2023:05:21:36 -0500] "HEAD / HTTP/1.1" 200 -
168.119.48.175 - - [10/Nov/2023:05:22:38 -0500] "GET / HTTP/1.1" 200 4720
168.119.48.175 - - [10/Nov/2023:05:22:38 -0500] "GET / HTTP/1.1" 200 319
172.22.2.4 - - [10/Nov/2023:05:23:48 -0500] "HEAD /BLA/boletinlegal/Circulares/2011/Circular%20No.%207%20del%2023%20de%20Diciembre%20de%202011.pdf HTTP/1.1" 200 -
172.22.2.4 - - [10/Nov/2023:05:23:48 -0500] "GET /BLA/boletinlegal/Circulares/2011/Circular%20No.%207%20del%2023%20de%20Diciembre%20de%202011.pdf HTTP/1.1" 200 1107785
40.77.167.52 - - [10/Nov/2023:05:25:39 -0500] "GET /secretaria-de-ambiente-y-car-firman-el-plan-de-manejo-ambiental-del-sitio-ramsar-complejo-de-humedales-urbanos-de-bogota-unico-en-america-latina.html HTTP/1.1" 200 1040
172.22.2.4 - - [10/Nov/2023:05:24:00 -0500] "HEAD /BLA/boletinlegal/ HTTP/1.1" 200 -
201.245.192.253 - - [10/Nov/2023:05:25:55 -0500] "POST /kwsrmcab/Wsrmcab  HTTP/1.1" 200 38506
172.22.2.4 - - [10/Nov/2023:05:24:51 -0500] "GET /BLA/boletinlegal/ HTTP/1.1" 200 60634
216.245.221.92 - - [10/Nov/2023:05:26:36 -0500] "HEAD / HTTP/1.1" 200 -
201.245.192.253 - - [10/Nov/2023:05:26:47 -0500] "POST /kwsrmcab/Wsrmcab HTTP/1.1" 200 40025
201.245.192.253 - - [10/Nov/2023:05:26:50 -0500] "POST /kwsrmcab/Wsrmcab HTTP/1.1" 200 38969
186.155.16.72 - - [10/Nov/2023:05:27:53 -0500] "GET /BLA/resoluciones/RESOLUCIONES%202021/3056.pdf HTTP/1.1" 200 487643
186.155.16.72 - - [10/Nov/2023:05:28:05 -0500] "GET /BLA/resoluciones/RESOLUCIONES%202021/3053.pdf HTTP/1.1" 200 460939
186.155.16.72 - - [10/Nov/2023:05:28:30 -0500] "GET /BLA/resoluciones/RESOLUCIONES%202021/3017.pdf HTTP/1.1" 200 483327
186.155.16.72 - - [10/Nov/2023:05:28:41 -0500] "GET /BLA/resoluciones/RESOLUCIONES%202021/2961.pdf HTTP/1.1" 200 566131
186.155.16.72 - - [10/Nov/2023:05:28:55 -0500] "GET /BLA/resoluciones/RESOLUCIONES%202021/2960.pdf HTTP/1.1" 200 488735
186.155.16.72 - - [10/Nov/2023:05:29:11 -0500] "GET /BLA/resoluciones/RESOLUCIONES%202021/2752.pdf HTTP/1.1" 200 601838
186.155.16.72 - - [10/Nov/2023:05:29:30 -0500] "GET /BLA/resoluciones/RESOLUCIONES%202021/2255.pdf HTTP/1.1" 200 434069
186.155.16.72 - - [10/Nov/2023:05:29:43 -0500] "GET /BLA/resoluciones/RESOLUCIONES%202021/2278.pdf HTTP/1.1" 200 2047123
186.155.16.72 - - [10/Nov/2023:05:29:58 -0500] "GET /BLA/resoluciones/RESOLUCIONES%202021/2277.pdf HTTP/1.1" 200 513932
201.245.192.253 - - [10/Nov/2023:05:30:06 -0500] "POST /kwsrmcab/Wsrmcab HTTP/1.1" 200 40025
201.245.192.253 - - [10/Nov/2023:05:30:09 -0500] "POST /kwsrmcab/Wsrmcab HTTP/1.1" 200 38969
186.155.16.72 - - [10/Nov/2023:05:30:19 -0500] "GET /BLA/resoluciones/RESOLUCIONES%202021/2237.pdf HTTP/1.1" 200 372188
186.155.16.72 - - [10/Nov/2023:05:30:37 -0500] "GET /BLA/resoluciones/RESOLUCIONES%202021/2230.pdf HTTP/1.1" 200 975712
186.155.16.72 - - [10/Nov/2023:05:30:51 -0500] "GET /BLA/resoluciones/RESOLUCIONES%202021/2204.pdf HTTP/1.1" 200 862320
201.245.192.253 - - [10/Nov/2023:05:30:54 -0500] "POST /kwsrmcab/Wsrmcab  HTTP/1.1" 200 38506
186.155.16.72 - - [10/Nov/2023:05:31:11 -0500] "GET /BLA/resoluciones/RESOLUCIONES%202021/2203.pdf HTTP/1.1" 200 763232
186.155.16.72 - - [10/Nov/2023:05:31:23 -0500] "GET /BLA/resoluciones/RESOLUCIONES%202021/2199.pdf HTTP/1.1" 200 539367
172.22.2.4 - - [10/Nov/2023:05:29:50 -0500] "HEAD /BLA/boletinlegal/ HTTP/1.1" 200 -
186.155.16.72 - - [10/Nov/2023:05:31:34 -0500] "GET /BLA/resoluciones/RESOLUCIONES%202021/2084.pdf HTTP/1.1" 200 932773
216.245.221.92 - - [10/Nov/2023:05:31:36 -0500] "HEAD / HTTP/1.1" 200 -
186.155.16.72 - - [10/Nov/2023:05:31:49 -0500] "GET /BLA/resoluciones/RESOLUCIONES%202021/2078.pdf HTTP/1.1" 200 507594
186.155.16.72 - - [10/Nov/2023:05:31:59 -0500] "GET /BLA/resoluciones/RESOLUCIONES%202021/2044.pdf HTTP/1.1" 200 373411
186.155.16.72 - - [10/Nov/2023:05:32:11 -0500] "GET /BLA/resoluciones/RESOLUCIONES%202021/1180.pdf HTTP/1.1" 200 2200314
172.22.2.4 - - [10/Nov/2023:05:30:41 -0500] "GET /BLA/boletinlegal/ HTTP/1.1" 200 60634
186.155.16.72 - - [10/Nov/2023:05:32:23 -0500] "GET /BLA/resoluciones/RESOLUCIONES%202021/1179.pdf HTTP/1.1" 200 576782
186.155.16.72 - - [10/Nov/2023:05:32:37 -0500] "GET /BLA/resoluciones/RESOLUCIONES%202021/1178.pdf HTTP/1.1" 200 631256
186.155.16.72 - - [10/Nov/2023:05:32:49 -0500] "GET /BLA/resoluciones/RESOLUCIONES%202021/1169.pdf HTTP/1.1" 200 551038
186.155.16.72 - - [10/Nov/2023:05:34:16 -0500] "GET /BLA/resoluciones/RESOLUCIONES%202021/1120.pdf HTTP/1.1" 200 382854
186.155.16.72 - - [10/Nov/2023:05:34:29 -0500] "GET /BLA/resoluciones/RESOLUCIONES%202021/1108.pdf HTTP/1.1" 200 451285
186.155.16.72 - - [10/Nov/2023:05:34:41 -0500] "GET /BLA/resoluciones/RESOLUCIONES%202021/0969.pdf HTTP/1.1" 200 451678
186.155.16.72 - - [10/Nov/2023:05:34:52 -0500] "GET /BLA/resoluciones/RESOLUCIONES%202021/0968.pdf HTTP/1.1" 200 543967
186.155.16.72 - - [10/Nov/2023:05:35:03 -0500] "GET /BLA/resoluciones/RESOLUCIONES%202021/0945.pdf HTTP/1.1" 200 365487
186.155.16.72 - - [10/Nov/2023:05:35:13 -0500] "GET /BLA/resoluciones/RESOLUCIONES%202021/0927.pdf HTTP/1.1" 200 509716
186.155.16.72 - - [10/Nov/2023:05:35:25 -0500] "GET /BLA/resoluciones/RESOLUCIONES%202021/0856.pdf HTTP/1.1" 200 731885
186.155.16.72 - - [10/Nov/2023:05:35:47 -0500] "GET /BLA/boletinlegal/consulta_actos.php?tipo=resoluciones&no=&usuario=INSTITUTO%20DE%20DESARROLLO%20URBANO-I&sector=SILVICULTURA&fecha=2019&resuelve= HTTP/1.1" 200 8687
186.155.16.72 - - [10/Nov/2023:05:35:53 -0500] "GET /BLA/resoluciones/RESOLUCIONES%202019/3808.pdf HTTP/1.1" 200 954142
201.245.192.253 - - [10/Nov/2023:05:35:53 -0500] "POST /kwsrmcab/Wsrmcab  HTTP/1.1" 200 38506
186.155.16.72 - - [10/Nov/2023:05:36:03 -0500] "GET /BLA/resoluciones/RESOLUCIONES%202019/3806.pdf HTTP/1.1" 200 1318068
186.155.16.72 - - [10/Nov/2023:05:36:24 -0500] "GET /BLA/resoluciones/RESOLUCIONES%202019/3805.pdf HTTP/1.1" 200 709520
216.245.221.92 - - [10/Nov/2023:05:36:36 -0500] "HEAD / HTTP/1.1" 200 -
186.155.16.72 - - [10/Nov/2023:05:36:36 -0500] "GET /BLA/resoluciones/RESOLUCIONES%202019/3640.pdf HTTP/1.1" 200 450788
186.155.16.72 - - [10/Nov/2023:05:36:47 -0500] "GET /BLA/resoluciones/RESOLUCIONES%202019/3527.pdf HTTP/1.1" 200 353840
201.245.192.253 - - [10/Nov/2023:05:36:47 -0500] "POST /kwsrmcab/Wsrmcab HTTP/1.1" 200 40025
186.29.32.224 - - [10/Nov/2023:05:36:51 -0500] "GET /desplazamientos-humanos-causados-por-el-cambio-climatico-que-estan-haciendo-los-paises-y-cuales-son-las-recomendaciones.ht HTTP/1.1" 404 1264
186.29.32.224 - - [10/Nov/2023:05:36:51 -0500] "GET /favicon.ico HTTP/1.1" 404 1538
201.245.192.253 - - [10/Nov/2023:05:36:49 -0500] "POST /kwsrmcab/Wsrmcab HTTP/1.1" 200 38969
186.155.16.72 - - [10/Nov/2023:05:36:59 -0500] "GET /BLA/resoluciones/RESOLUCIONES%202019/3115.pdf HTTP/1.1" 200 600763
186.155.16.72 - - [10/Nov/2023:05:37:16 -0500] "GET /BLA/resoluciones/RESOLUCIONES%202019/3113.pdf HTTP/1.1" 200 959332
172.22.2.4 - - [10/Nov/2023:05:35:40 -0500] "HEAD /BLA/boletinlegal/ HTTP/1.1" 200 -
186.155.16.72 - - [10/Nov/2023:05:37:27 -0500] "GET /BLA/resoluciones/RESOLUCIONES%202019/3112.pdf HTTP/1.1" 200 676599
186.155.16.72 - - [10/Nov/2023:05:37:39 -0500] "GET /BLA/resoluciones/RESOLUCIONES%202019/3111.pdf HTTP/1.1" 200 583489
186.155.16.72 - - [10/Nov/2023:05:37:47 -0500] "GET /BLA/resoluciones/RESOLUCIONES%202019/3110.pdf HTTP/1.1" 200 514354
186.155.16.72 - - [10/Nov/2023:05:38:01 -0500] "GET /BLA/resoluciones/RESOLUCIONES%202019/3108.pdf HTTP/1.1" 200 845333
186.155.16.72 - - [10/Nov/2023:05:38:10 -0500] "GET /BLA/resoluciones/RESOLUCIONES%202019/3106.pdf HTTP/1.1" 200 668799
172.22.2.4 - - [10/Nov/2023:05:36:31 -0500] "GET /BLA/boletinlegal/ HTTP/1.1" 200 58294
186.155.16.72 - - [10/Nov/2023:05:38:17 -0500] "GET /BLA/resoluciones/RESOLUCIONES%202019/3104.pdf HTTP/1.1" 200 650800
186.155.16.72 - - [10/Nov/2023:05:38:30 -0500] "GET /BLA/resoluciones/RESOLUCIONES%202019/3103.pdf HTTP/1.1" 200 804543
186.155.16.72 - - [10/Nov/2023:05:38:45 -0500] "GET /BLA/resoluciones/RESOLUCIONES%202019/0142.pdf HTTP/1.1" 200 293776
186.155.16.72 - - [10/Nov/2023:05:39:12 -0500] "GET /BLA/resoluciones/RESOLUCIONES%202019/1652.pdf HTTP/1.1" 200 442145
186.155.16.72 - - [10/Nov/2023:05:39:30 -0500] "GET /BLA/boletinlegal/consulta_actos.php?tipo=resoluciones&no=&usuario=INSTITUTO%20DE%20DESARROLLO%20URBANO-I&sector=SILVICULTURA&fecha=2018&resuelve= HTTP/1.1" 200 2112
186.155.16.72 - - [10/Nov/2023:05:39:34 -0500] "GET /BLA/resoluciones/RESOLUCIONES%202018/4019.pdf HTTP/1.1" 200 621258
201.245.192.253 - - [10/Nov/2023:05:40:06 -0500] "POST /kwsrmcab/Wsrmcab HTTP/1.1" 200 40025
40.77.167.43 - - [10/Nov/2023:05:40:10 -0500] "GET /images/pl%C3%A1sticos%20foto%201..jpg HTTP/1.1" 404 1034
201.245.192.253 - - [10/Nov/2023:05:40:09 -0500] "POST /kwsrmcab/Wsrmcab HTTP/1.1" 200 38969
186.155.16.72 - - [10/Nov/2023:05:40:35 -0500] "GET /BLA/resoluciones/RESOLUCIONES%202018/3171.pdf HTTP/1.1" 200 273533
186.155.16.72 - - [10/Nov/2023:05:40:44 -0500] "GET /BLA/resoluciones/RESOLUCIONES%202018/0278.pdf HTTP/1.1" 200 430056
201.245.192.253 - - [10/Nov/2023:05:40:52 -0500] "POST /kwsrmcab/Wsrmcab  HTTP/1.1" 200 38506
186.155.16.72 - - [10/Nov/2023:05:41:06 -0500] "GET /BLA/boletinlegal/consulta_actos.php?tipo=resoluciones&no=&usuario=INSTITUTO%20DE%20DESARROLLO%20URBANO-I&sector=SILVICULTURA&fecha=2020&resuelve= HTTP/1.1" 200 6547
216.245.221.92 - - [10/Nov/2023:05:41:36 -0500] "HEAD / HTTP/1.1" 200 -
172.22.2.4 - - [10/Nov/2023:05:41:30 -0500] "HEAD /BLA/boletinlegal/ HTTP/1.1" 200 -
66.249.66.21 - - [10/Nov/2023:05:43:14 -0500] "GET /BLA/resoluciones/RESOLUCIONES%202011/3477.pdf HTTP/1.1" 200 534308
172.22.2.4 - - [10/Nov/2023:05:42:21 -0500] "GET /BLA/boletinlegal/ HTTP/1.1" 200 61018
201.245.192.253 - - [10/Nov/2023:05:45:51 -0500] "POST /kwsrmcab/Wsrmcab  HTTP/1.1" 200 38506
216.245.221.92 - - [10/Nov/2023:05:46:36 -0500] "HEAD / HTTP/1.1" 200 -
172.22.2.4 - - [10/Nov/2023:05:47:21 -0500] "HEAD /BLA/boletinlegal/ HTTP/1.1" 200 -
185.180.140.5 - - [10/Nov/2023:05:49:18 -0500] "GET /portaldeninos/ HTTP/1.1" 200 110175
172.22.2.4 - - [10/Nov/2023:05:48:12 -0500] "GET /BLA/boletinlegal/ HTTP/1.1" 200 58294
201.245.192.253 - - [10/Nov/2023:05:50:50 -0500] "POST /kwsrmcab/Wsrmcab  HTTP/1.1" 200 38506
216.245.221.92 - - [10/Nov/2023:05:51:36 -0500] "HEAD / HTTP/1.1" 200 -
66.249.66.76 - - [10/Nov/2023:05:53:21 -0500] "GET /favicon.ico HTTP/1.1" 200 7782
66.249.66.21 - - [10/Nov/2023:05:53:43 -0500] "GET /isolucionsda/FrameSetArticulo.asp?Pagina=/isolucionsda/bancoconocimiento/R/Resolucion288del20deAbrilde2012/Resolucion288del20deAbrilde2012.asp?IdArticulo=6537 HTTP/1.1" 200 527
172.22.2.4 - - [10/Nov/2023:05:53:11 -0500] "HEAD /BLA/boletinlegal/ HTTP/1.1" 200 -
66.249.66.21 - - [10/Nov/2023:05:55:18 -0500] "GET /BLA/resoluciones/RESOLUCIONES%202008/4598.pdf HTTP/1.1" 200 489997
172.22.2.4 - - [10/Nov/2023:05:54:02 -0500] "GET /BLA/boletinlegal/ HTTP/1.1" 200 61018
201.245.192.253 - - [10/Nov/2023:05:55:49 -0500] "POST /kwsrmcab/Wsrmcab  HTTP/1.1" 200 38506
216.245.221.92 - - [10/Nov/2023:05:56:36 -0500] "HEAD / HTTP/1.1" 200 -
172.22.2.4 - - [10/Nov/2023:05:58:48 -0500] "GET /BLA/boletinlegal/jurisprudencia/analisis/Analisis%20jurisprudencial%20Sentencia%20C-366-11.doc HTTP/1.1" 304 -
172.22.2.4 - - [10/Nov/2023:05:59:01 -0500] "HEAD /BLA/boletinlegal/ HTTP/1.1" 200 -
201.245.192.253 - - [10/Nov/2023:06:00:48 -0500] "POST /kwsrmcab/Wsrmcab  HTTP/1.1" 200 38506
172.22.2.4 - - [10/Nov/2023:05:59:52 -0500] "GET /BLA/boletinlegal/ HTTP/1.1" 200 58294
216.245.221.92 - - [10/Nov/2023:06:01:36 -0500] "HEAD / HTTP/1.1" 200 -
186.155.16.72 - - [10/Nov/2023:06:04:37 -0500] "GET /BLA/boletinlegal/consulta_actos.php?tipo=resoluciones&no=&usuario=la%20salle&sector=SILVICULTURA&fecha=2018&resuelve= HTTP/1.1" 200 1536
186.155.16.72 - - [10/Nov/2023:06:04:56 -0500] "GET /BLA/resoluciones/RESOLUCIONES%202018/6384. HTTP/1.1" 404 1298
186.155.16.72 - - [10/Nov/2023:06:05:05 -0500] "GET /BLA/resoluciones/RESOLUCIONES%202018/0711.pdf HTTP/1.1" 200 419049
186.155.16.72 - - [10/Nov/2023:06:05:23 -0500] "GET /BLA/boletinlegal/consulta_actos.php?tipo=resoluciones&no=&usuario=la%20salle&sector=SILVICULTURA&fecha=2017&resuelve= HTTP/1.1" 200 1169
186.155.16.72 - - [10/Nov/2023:06:05:30 -0500] "GET /BLA/resoluciones/RESOLUCIONES%202017/1003.pdf HTTP/1.1" 200 293923
201.245.192.253 - - [10/Nov/2023:06:05:47 -0500] "POST /kwsrmcab/Wsrmcab  HTTP/1.1" 200 38506
186.155.16.72 - - [10/Nov/2023:06:05:50 -0500] "GET /BLA/boletinlegal/consulta_actos.php?tipo=resoluciones&no=&usuario=la%20salle&sector=SILVICULTURA&fecha=2016&resuelve= HTTP/1.1" 200 626
186.155.16.72 - - [10/Nov/2023:06:05:53 -0500] "GET /BLA/boletinlegal/consulta_actos.php?tipo=resoluciones&no=&usuario=la%20salle&sector=SILVICULTURA&fecha=2019&resuelve= HTTP/1.1" 200 626
186.155.16.72 - - [10/Nov/2023:06:05:57 -0500] "GET /BLA/boletinlegal/consulta_actos.php?tipo=resoluciones&no=&usuario=la%20salle&sector=SILVICULTURA&fecha=2019&resuelve= HTTP/1.1" 200 626
186.155.16.72 - - [10/Nov/2023:06:06:03 -0500] "GET /BLA/boletinlegal/consulta_actos.php?tipo=resoluciones&no=&usuario=la%20salle&sector=SILVICULTURA&fecha=2020&resuelve= HTTP/1.1" 200 626
186.155.16.72 - - [10/Nov/2023:06:06:07 -0500] "GET /BLA/boletinlegal/consulta_actos.php?tipo=resoluciones&no=&usuario=la%20salle&sector=SILVICULTURA&fecha=2021&resuelve= HTTP/1.1" 200 626
186.155.16.72 - - [10/Nov/2023:06:06:10 -0500] "GET /BLA/boletinlegal/consulta_actos.php?tipo=resoluciones&no=&usuario=la%20salle&sector=SILVICULTURA&fecha=2022&resuelve= HTTP/1.1" 200 626
186.155.16.72 - - [10/Nov/2023:06:06:12 -0500] "GET /BLA/boletinlegal/consulta_actos.php?tipo=resoluciones&no=&usuario=la%20salle&sector=SILVICULTURA&fecha=2023&resuelve= HTTP/1.1" 200 626
186.155.16.72 - - [10/Nov/2023:06:06:30 -0500] "GET /BLA/boletinlegal/consulta_actos.php?tipo=resoluciones&no=&usuario=planificadas&sector=SILVICULTURA&fecha=2018&resuelve= HTTP/1.1" 200 1113
172.22.2.4 - - [10/Nov/2023:06:04:51 -0500] "HEAD /BLA/boletinlegal/ HTTP/1.1" 200 -
186.155.16.72 - - [10/Nov/2023:06:06:33 -0500] "GET /BLA/resoluciones/RESOLUCIONES%202018/0040.pdf HTTP/1.1" 200 355991
216.245.221.92 - - [10/Nov/2023:06:06:36 -0500] "HEAD / HTTP/1.1" 200 -
186.155.16.72 - - [10/Nov/2023:06:06:56 -0500] "GET /BLA/boletinlegal/consulta_actos.php?tipo=resoluciones&no=&usuario=planificadas&sector=SILVICULTURA&fecha=2017&resuelve= HTTP/1.1" 200 626
186.155.16.72 - - [10/Nov/2023:06:07:00 -0500] "GET /BLA/boletinlegal/consulta_actos.php?tipo=resoluciones&no=&usuario=planificadas&sector=SILVICULTURA&fecha=2016&resuelve= HTTP/1.1" 200 626
172.22.2.4 - - [10/Nov/2023:06:07:05 -0500] "GET /BLA/boletinlegal/actos.php HTTP/1.1" 200 9682
172.22.2.4 - - [10/Nov/2023:06:07:06 -0500] "GET /BLA/boletinlegal/favicon.ico HTTP/1.1" 404 1326
179.12.148.189 - - [10/Nov/2023:06:07:08 -0500] "GET /BLA/resoluciones/ HTTP/1.1" 200 13696
186.155.16.72 - - [10/Nov/2023:06:07:10 -0500] "GET /BLA/boletinlegal/consulta_actos.php?tipo=resoluciones&no=&usuario=planificadas&sector=SILVICULTURA&fecha=2019&resuelve= HTTP/1.1" 200 626
186.155.16.72 - - [10/Nov/2023:06:07:13 -0500] "GET /BLA/boletinlegal/consulta_actos.php?tipo=resoluciones&no=&usuario=planificadas&sector=SILVICULTURA&fecha=2020&resuelve= HTTP/1.1" 200 626
186.155.16.72 - - [10/Nov/2023:06:07:15 -0500] "GET /BLA/boletinlegal/consulta_actos.php?tipo=resoluciones&no=&usuario=planificadas&sector=SILVICULTURA&fecha=2021&resuelve= HTTP/1.1" 200 626
172.22.2.4 - - [10/Nov/2023:06:05:42 -0500] "GET /BLA/boletinlegal/ HTTP/1.1" 200 53356
179.12.148.189 - - [10/Nov/2023:06:07:24 -0500] "GET /BLA/resoluciones/index.php?dir=AUTOS+2011%2F HTTP/1.1" 200 637240
172.22.2.4 - - [10/Nov/2023:06:07:03 -0500] "GET /BLA/boletinlegal/ HTTP/1.1" 200 24523
201.245.192.253 - - [10/Nov/2023:06:10:46 -0500] "POST /kwsrmcab/Wsrmcab  HTTP/1.1" 200 38506
162.55.171.94 - - [10/Nov/2023:06:11:56 -0500] "GET / HTTP/1.1" 200 4720
162.55.171.94 - - [10/Nov/2023:06:11:58 -0500] "GET / HTTP/1.1" 200 319
216.245.221.92 - - [10/Nov/2023:06:12:06 -0500] "HEAD / HTTP/1.1" 200 -
172.22.2.4 - - [10/Nov/2023:06:10:41 -0500] "HEAD /BLA/boletinlegal/ HTTP/1.1" 200 -
172.22.2.4 - - [10/Nov/2023:06:11:31 -0500] "GET /BLA/boletinlegal/ HTTP/1.1" 200 61018
66.249.66.20 - - [10/Nov/2023:06:14:42 -0500] "GET /BLA/resoluciones/RESOLUCIONES%202009/0628.pdf HTTP/1.1" 200 374789
52.167.144.194 - - [10/Nov/2023:06:14:43 -0500] "GET /portaldeninos/humedal-juan-amarillo-2/ HTTP/1.1" 200 88155
201.245.192.253 - - [10/Nov/2023:06:15:45 -0500] "POST /kwsrmcab/Wsrmcab  HTTP/1.1" 200 38506
168.119.252.253 - - [10/Nov/2023:06:16:01 -0500] "GET / HTTP/1.1" 200 319
168.119.252.253 - - [10/Nov/2023:06:16:03 -0500] "GET / HTTP/1.1" 200 4720
52.167.144.22 - - [10/Nov/2023:06:16:14 -0500] "GET /BLA/resoluciones/RESOLUCIONES%202022/4237.pdf HTTP/1.1" 200 414241
201.245.192.253 - - [10/Nov/2023:06:16:48 -0500] "POST /kwsrmcab/Wsrmcab HTTP/1.1" 200 40340
201.245.192.253 - - [10/Nov/2023:06:16:50 -0500] "POST /kwsrmcab/Wsrmcab HTTP/1.1" 200 39001
216.245.221.92 - - [10/Nov/2023:06:17:05 -0500] "HEAD / HTTP/1.1" 200 -
66.249.66.20 - - [10/Nov/2023:06:17:15 -0500] "GET /resoluciones/RESOLUCIONES%202007/RES%202007%20201%20AL%20300/RESOLUCION%200202%20DE%202007.pdf HTTP/1.1" 404 1018
172.22.2.4 - - [10/Nov/2023:06:16:31 -0500] "HEAD /BLA/boletinlegal/ HTTP/1.1" 200 -
173.252.87.10 - - [10/Nov/2023:06:18:31 -0500] "GET /se-abre-proceso-de-formacion-para-aprender-sobre-especies-migratorias-y-avistamiento-de-aves.html HTTP/1.1" 200 939
172.22.2.4 - - [10/Nov/2023:06:17:24 -0500] "GET /BLA/boletinlegal/ HTTP/1.1" 200 54105
142.54.189.234 - - [10/Nov/2023:06:19:42 -0500] "GET / HTTP/1.1" 200 319
201.245.192.253 - - [10/Nov/2023:06:20:05 -0500] "POST /kwsrmcab/Wsrmcab HTTP/1.1" 200 40340
201.245.192.253 - - [10/Nov/2023:06:20:08 -0500] "POST /kwsrmcab/Wsrmcab HTTP/1.1" 200 39001
201.245.192.253 - - [10/Nov/2023:06:20:44 -0500] "POST /kwsrmcab/Wsrmcab  HTTP/1.1" 200 38506
52.167.144.145 - - [10/Nov/2023:06:21:13 -0500] "GET /BLA/resoluciones/RESOLUCIONES%202017/2756.pdf HTTP/1.1" 200 516896
216.245.221.92 - - [10/Nov/2023:06:22:05 -0500] "HEAD / HTTP/1.1" 200 -
172.22.2.4 - - [10/Nov/2023:06:22:23 -0500] "HEAD /BLA/boletinlegal/ HTTP/1.1" 200 -
172.22.2.4 - - [10/Nov/2023:06:23:13 -0500] "GET /BLA/boletinlegal/ HTTP/1.1" 200 60634
201.245.192.253 - - [10/Nov/2023:06:25:43 -0500] "POST /kwsrmcab/Wsrmcab  HTTP/1.1" 200 38506
201.245.192.253 - - [10/Nov/2023:06:26:47 -0500] "POST /kwsrmcab/Wsrmcab HTTP/1.1" 200 40340
201.245.192.253 - - [10/Nov/2023:06:26:49 -0500] "POST /kwsrmcab/Wsrmcab HTTP/1.1" 200 39001
216.245.221.92 - - [10/Nov/2023:06:27:05 -0500] "HEAD / HTTP/1.1" 200 -
172.22.2.4 - - [10/Nov/2023:06:28:58 -0500] "GET /BLA/boletinlegal/robots.txt HTTP/1.1" 404 1018
172.22.2.4 - - [10/Nov/2023:06:28:59 -0500] "GET /BLA/boletinlegal/sitemap.xml HTTP/1.1" 404 1018
172.22.2.4 - - [10/Nov/2023:06:29:01 -0500] "GET /BLA/boletinlegal/.well-known/security.txt HTTP/1.1" 404 1018
172.22.2.4 - - [10/Nov/2023:06:29:03 -0500] "GET /BLA/boletinlegal/favicon.ico HTTP/1.1" 404 1018
172.22.2.4 - - [10/Nov/2023:06:29:06 -0500] "GET /BLA/boletinlegal/aaa9 HTTP/1.1" 404 1018
172.22.2.4 - - [10/Nov/2023:06:29:07 -0500] "GET /BLA/boletinlegal/aad7 HTTP/1.1" 404 1018
172.22.2.4 - - [10/Nov/2023:06:27:38 -0500] "GET /BLA/boletinlegal/ HTTP/1.1" 200 59007
172.22.2.4 - - [10/Nov/2023:06:28:13 -0500] "HEAD /BLA/boletinlegal/ HTTP/1.1" 200 -
201.245.192.253 - - [10/Nov/2023:06:30:05 -0500] "POST /kwsrmcab/Wsrmcab HTTP/1.1" 200 40340
201.245.192.253 - - [10/Nov/2023:06:30:09 -0500] "POST /kwsrmcab/Wsrmcab HTTP/1.1" 200 39001
186.30.4.107 - - [10/Nov/2023:06:30:35 -0500] "GET /appsia/controlador HTTP/1.1" 200 4799
186.30.4.107 - - [10/Nov/2023:06:30:36 -0500] "GET /appsia/css/estilos.css HTTP/1.1" 200 4804
186.30.4.107 - - [10/Nov/2023:06:30:36 -0500] "GET /appsia/scripts/validarIngreso.js HTTP/1.1" 200 851
186.30.4.107 - - [10/Nov/2023:06:30:36 -0500] "GET /appsia/images/logo_bogota_p.png HTTP/1.1" 200 14951
186.30.4.107 - - [10/Nov/2023:06:30:36 -0500] "GET /appsia/images/cabezoteHojaVida.png HTTP/1.1" 200 32493
186.30.4.107 - - [10/Nov/2023:06:30:36 -0500] "GET /favicon.ico HTTP/1.1" 200 7782
172.22.2.4 - - [10/Nov/2023:06:29:04 -0500] "GET /BLA/boletinlegal/ HTTP/1.1" 200 53737
201.245.192.253 - - [10/Nov/2023:06:30:42 -0500] "POST /kwsrmcab/Wsrmcab  HTTP/1.1" 200 38506
186.30.4.107 - - [10/Nov/2023:06:30:48 -0500] "POST /appsia/controlador HTTP/1.1" 200 5437
186.30.4.107 - - [10/Nov/2023:06:30:52 -0500] "POST /appsia/controlador HTTP/1.1" 200 7785
186.30.4.107 - - [10/Nov/2023:06:31:02 -0500] "POST /appsia/controlador HTTP/1.1" 200 6650
186.30.4.107 - - [10/Nov/2023:06:31:08 -0500] "POST /appsia/controlador HTTP/1.1" 200 12000
186.155.16.72 - - [10/Nov/2023:06:31:15 -0500] "GET /BLA/boletinlegal/consulta_actos.php?tipo=resoluciones&no=&usuario=IDU&sector=SILVICULTURA&fecha=2021&resuelve= HTTP/1.1" 200 117580
186.155.16.72 - - [10/Nov/2023:06:31:33 -0500] "GET /BLA/boletinlegal/consulta_actos.php?tipo=resoluciones&no=&usuario=IDU&sector=SILVICULTURA&fecha=2017&resuelve= HTTP/1.1" 200 21889
216.245.221.92 - - [10/Nov/2023:06:32:05 -0500] "HEAD / HTTP/1.1" 200 -
186.155.16.72 - - [10/Nov/2023:06:32:43 -0500] "GET /BLA/resoluciones/RESOLUCIONES%202017/2925.pdf HTTP/1.1" 200 388752
186.155.16.72 - - [10/Nov/2023:06:32:57 -0500] "GET /BLA/resoluciones/RESOLUCIONES%202017/2680.pdf HTTP/1.1" 200 406284
186.155.16.72 - - [10/Nov/2023:06:33:33 -0500] "GET /BLA/resoluciones/RESOLUCIONES%202017/2675.pdf HTTP/1.1" 200 411777
186.155.16.72 - - [10/Nov/2023:06:33:41 -0500] "GET /BLA/resoluciones/RESOLUCIONES%202017/2674.pdf HTTP/1.1" 200 391301
186.155.16.72 - - [10/Nov/2023:06:34:43 -0500] "GET /BLA/boletinlegal/consulta_actos.php?tipo=resoluciones&no=&usuario=INSTITUTO%20DE%20DESARROLLO%20URBANO-I&sector=SILVICULTURA&fecha=2017&resuelve= HTTP/1.1" 200 626
186.155.16.72 - - [10/Nov/2023:06:34:51 -0500] "GET /BLA/boletinlegal/consulta_actos.php?tipo=resoluciones&no=&usuario=INSTITUTO%20DE%20DESARROLLO%20URBANO-I&sector=SILVICULTURA&fecha=2018&resuelve= HTTP/1.1" 200 2112
186.30.4.107 - - [10/Nov/2023:06:34:57 -0500] "POST /appsia/controlador HTTP/1.1" 200 7785
186.30.4.107 - - [10/Nov/2023:06:35:04 -0500] "POST /appsia/controlador HTTP/1.1" 200 6650
186.30.4.107 - - [10/Nov/2023:06:35:05 -0500] "POST /appsia/controlador HTTP/1.1" 200 11610
181.53.13.184 - - [10/Nov/2023:06:35:20 -0500] "GET /BLA/resoluciones/Notificaciones/REGISTROS%202023/00241.pdf HTTP/1.1" 200 281089
172.22.2.4 - - [10/Nov/2023:06:34:03 -0500] "HEAD /BLA/boletinlegal/ HTTP/1.1" 200 -
201.245.192.253 - - [10/Nov/2023:06:35:41 -0500] "POST /kwsrmcab/Wsrmcab  HTTP/1.1" 200 38506
172.22.2.4 - - [10/Nov/2023:06:34:54 -0500] "GET /BLA/boletinlegal/ HTTP/1.1" 200 52827
201.245.192.253 - - [10/Nov/2023:06:36:47 -0500] "POST /kwsrmcab/Wsrmcab HTTP/1.1" 200 40340
201.245.192.253 - - [10/Nov/2023:06:36:49 -0500] "POST /kwsrmcab/Wsrmcab HTTP/1.1" 200 39001
190.215.29.188 - - [10/Nov/2023:06:39:22 -0500] "GET /appsia/controlador HTTP/1.1" 200 4799
190.215.29.188 - - [10/Nov/2023:06:39:22 -0500] "GET /appsia/css/estilos.css HTTP/1.1" 200 4804
190.215.29.188 - - [10/Nov/2023:06:39:22 -0500] "GET /appsia/scripts/validarIngreso.js HTTP/1.1" 200 851
190.215.29.188 - - [10/Nov/2023:06:39:22 -0500] "GET /appsia/images/logo_bogota_p.png HTTP/1.1" 200 14951
190.215.29.188 - - [10/Nov/2023:06:39:22 -0500] "GET /appsia/images/cabezoteHojaVida.png HTTP/1.1" 200 32493
190.215.29.188 - - [10/Nov/2023:06:39:31 -0500] "POST /appsia/controlador HTTP/1.1" 200 3599
190.215.29.188 - - [10/Nov/2023:06:39:32 -0500] "GET /appsia/jscripts/validarSolicitud.js HTTP/1.1" 404 68
190.215.29.188 - - [10/Nov/2023:06:39:34 -0500] "POST /appsia/controlador HTTP/1.1" 200 4799
201.245.192.253 - - [10/Nov/2023:06:40:06 -0500] "POST /kwsrmcab/Wsrmcab HTTP/1.1" 200 40340
201.245.192.253 - - [10/Nov/2023:06:40:09 -0500] "POST /kwsrmcab/Wsrmcab HTTP/1.1" 200 39001
186.86.33.245 - - [10/Nov/2023:06:40:22 -0500] "GET /sipse/faces/index.xhtml HTTP/1.1" 200 677
186.86.33.245 - - [10/Nov/2023:06:40:22 -0500] "GET /sipse/faces/javax.faces.resource/theme.css?ln=primefaces-sipse HTTP/1.1" 304 -
186.86.33.245 - - [10/Nov/2023:06:40:22 -0500] "GET /sipse/faces/faces/autenticacion.xhtml HTTP/1.1" 200 12407
186.86.33.245 - - [10/Nov/2023:06:40:22 -0500] "GET /sipse/css/custom_css_sg_prime_login.css HTTP/1.1" 200 443
186.86.33.245 - - [10/Nov/2023:06:40:22 -0500] "GET /sipse/js/funciones.js HTTP/1.1" 200 12592
186.86.33.245 - - [10/Nov/2023:06:40:22 -0500] "GET /sipse/js/disable_browser_buttons.js HTTP/1.1" 200 3230
186.86.33.245 - - [10/Nov/2023:06:40:22 -0500] "GET /sipse/css/custom_css_sg.css HTTP/1.1" 200 9694
186.86.33.245 - - [10/Nov/2023:06:40:22 -0500] "GET /sipse/faces/javax.faces.resource/layout/layout.css?ln=primefaces&v=4.0 HTTP/1.1" 200 542
186.86.33.245 - - [10/Nov/2023:06:40:22 -0500] "GET /sipse/faces/javax.faces.resource/jquery/jquery.js?ln=primefaces&v=4.0 HTTP/1.1" 304 -
186.86.33.245 - - [10/Nov/2023:06:40:22 -0500] "GET /sipse/faces/javax.faces.resource/jquery/jquery-plugins.js?ln=primefaces&v=4.0 HTTP/1.1" 304 -
186.86.33.245 - - [10/Nov/2023:06:40:22 -0500] "GET /sipse/faces/javax.faces.resource/primefaces.js?ln=primefaces&v=4.0 HTTP/1.1" 304 -
186.86.33.245 - - [10/Nov/2023:06:40:22 -0500] "GET /sipse/faces/javax.faces.resource/layout/layout.js?ln=primefaces&v=4.0 HTTP/1.1" 304 -
186.86.33.245 - - [10/Nov/2023:06:40:22 -0500] "GET /sipse/faces/javax.faces.resource/theme.css?ln=primefaces-sipse HTTP/1.1" 304 -
186.86.33.245 - - [10/Nov/2023:06:40:22 -0500] "GET /sipse/faces/javax.faces.resource/primefaces.css?ln=primefaces&v=4.0 HTTP/1.1" 200 53295
186.86.33.245 - - [10/Nov/2023:06:40:22 -0500] "GET /sipse/faces/javax.faces.resource/images/ui-icons_898989_256x240.png?ln=primefaces-aristo HTTP/1.1" 200 5355
186.86.33.245 - - [10/Nov/2023:06:40:22 -0500] "GET /sipse/css/imagen/logoSDG.png HTTP/1.1" 200 53064
186.86.33.245 - - [10/Nov/2023:06:40:22 -0500] "GET /sipse/css/imagen/loginimg.png HTTP/1.1" 200 71635
216.245.221.92 - - [10/Nov/2023:06:40:28 -0500] "HEAD / HTTP/1.1" 200 -
201.245.192.253 - - [10/Nov/2023:06:40:40 -0500] "POST /kwsrmcab/Wsrmcab  HTTP/1.1" 200 38506
190.215.29.188 - - [10/Nov/2023:06:40:43 -0500] "POST /appsia/controlador HTTP/1.1" 200 5437
186.86.33.245 - - [10/Nov/2023:06:40:44 -0500] "POST /sipse/faces/autenticacion.xhtml HTTP/1.1" 200 16290
186.86.33.245 - - [10/Nov/2023:06:40:44 -0500] "GET /sipse/css/custom_css_sg_prime.css HTTP/1.1" 200 5201
186.86.33.245 - - [10/Nov/2023:06:40:44 -0500] "GET /sipse/js/jquery.min.js HTTP/1.1" 200 85582
186.86.33.245 - - [10/Nov/2023:06:40:44 -0500] "GET /sipse/faces/javax.faces.resource/jquery/jquery.js?ln=primefaces&v=4.0 HTTP/1.1" 304 -
186.86.33.245 - - [10/Nov/2023:06:40:44 -0500] "GET /sipse/faces/javax.faces.resource/jquery/jquery-plugins.js?ln=primefaces&v=4.0 HTTP/1.1" 304 -
186.86.33.245 - - [10/Nov/2023:06:40:44 -0500] "GET /sipse/faces/javax.faces.resource/primefaces.js?ln=primefaces&v=4.0 HTTP/1.1" 304 -
186.86.33.245 - - [10/Nov/2023:06:40:44 -0500] "GET /sipse/faces/javax.faces.resource/layout/layout.js?ln=primefaces&v=4.0 HTTP/1.1" 304 -
186.86.33.245 - - [10/Nov/2023:06:40:44 -0500] "GET /sipse/imagenes/cargando.gif HTTP/1.1" 200 36959
186.86.33.245 - - [10/Nov/2023:06:40:44 -0500] "GET /sipse/css/v_mergente.css HTTP/1.1" 200 1505
186.86.33.245 - - [10/Nov/2023:06:40:45 -0500] "GET /sipse/css/imagen/contrasena.png HTTP/1.1" 404 383
186.86.33.245 - - [10/Nov/2023:06:40:45 -0500] "GET /sipse/faces/javax.faces.resource/messages/messages.png?ln=primefaces&v=4.0 HTTP/1.1" 304 -
186.86.33.245 - - [10/Nov/2023:06:40:44 -0500] "GET /sipse/imagenes/logoAplicacion.jpg HTTP/1.1" 200 155084
186.86.33.245 - - [10/Nov/2023:06:40:47 -0500] "POST /sipse/faces/bienvenido.xhtml HTTP/1.1" 200 1471
186.86.33.245 - - [10/Nov/2023:06:40:47 -0500] "GET /sipse/faces/javax.faces.resource/images/ui-bg_flat_0_2d5972_40x100.png?ln=primefaces-aristo HTTP/1.1" 304 -
186.86.33.245 - - [10/Nov/2023:06:40:48 -0500] "POST /sipse/faces/bienvenido.xhtml HTTP/1.1" 200 43742
186.86.33.245 - - [10/Nov/2023:06:40:48 -0500] "GET /sipse/faces/javax.faces.resource/jquery/jquery.js?ln=primefaces&v=4.0 HTTP/1.1" 304 -
186.86.33.245 - - [10/Nov/2023:06:40:48 -0500] "GET /sipse/faces/javax.faces.resource/jquery/jquery-plugins.js?ln=primefaces&v=4.0 HTTP/1.1" 304 -
186.86.33.245 - - [10/Nov/2023:06:40:48 -0500] "GET /sipse/faces/javax.faces.resource/primefaces.js?ln=primefaces&v=4.0 HTTP/1.1" 304 -
186.86.33.245 - - [10/Nov/2023:06:40:48 -0500] "GET /sipse/faces/javax.faces.resource/layout/layout.js?ln=primefaces&v=4.0 HTTP/1.1" 304 -
190.215.29.188 - - [10/Nov/2023:06:40:48 -0500] "POST /appsia/controlador HTTP/1.1" 200 7725
186.86.33.245 - - [10/Nov/2023:06:40:48 -0500] "POST /sipse/faces/presentacion/financiero/solicitudProceso/listarSolicitudProceso.xhtml HTTP/1.1" 200 1468
190.215.29.188 - - [10/Nov/2023:06:40:48 -0500] "GET /appsia/images/logo_escudo.png HTTP/1.1" 200 36965
172.22.2.4 - - [10/Nov/2023:06:39:53 -0500] "HEAD /BLA/boletinlegal/ HTTP/1.1" 200 -
40.77.167.19 - - [10/Nov/2023:06:41:57 -0500] "GET /BLA/resoluciones/Notificaciones/REGISTROS%202018/01175.pdf HTTP/1.1" 200 269255
186.155.16.72 - - [10/Nov/2023:06:41:58 -0500] "GET /BLA/boletinlegal/consulta_actos.php?tipo=resoluciones&no=2488&usuario=&sector=SILVICULTURA&fecha=2019&resuelve= HTTP/1.1" 200 1072
186.155.16.72 - - [10/Nov/2023:06:42:04 -0500] "GET /BLA/resoluciones/RESOLUCIONES%202019/2488.pdf HTTP/1.1" 200 333291
172.22.2.4 - - [10/Nov/2023:06:40:43 -0500] "GET /BLA/boletinlegal/ HTTP/1.1" 200 57881
40.77.167.19 - - [10/Nov/2023:06:43:19 -0500] "GET /BLA/resoluciones/AUTOS%202022/1290.pdf HTTP/1.1" 304 -
190.215.29.188 - - [10/Nov/2023:06:43:35 -0500] "POST /appsia/controlador HTTP/1.1" 200 7725
52.167.144.212 - - [10/Nov/2023:06:44:25 -0500] "GET /BLA/resoluciones/RESOLUCIONES%202007/RES%202007%203201%20AL%203300/RESOLUCION%203257%20DE%202007.pdf HTTP/1.1" 304 -
186.102.42.68 - - [10/Nov/2023:06:45:13 -0500] "GET /kwssiamovil/sm/ldap/au?x=U2FsdGVkX1/P1vGgmlnsYk06YhVV1flaeaVMW7Gw22CFlLJGWWWhfB/3tUbdGToL&y=U2FsdGVkX1/6EETIpyiWzhW2zd4Ha6pafhHd6a84u0QFVEmPx9TgFhXEpV/THtQb HTTP/1.1" 200 30
186.102.42.68 - - [10/Nov/2023:06:45:13 -0500] "GET /kwssiamovil/sm/acme/s?s=U2FsdGVkX1/XL/QF/DK1ZotHlsPN/RTYjARYU14/tRGEb/yUGZ3HAKD70f/pHP8CE5QI1jBXFA2gYmWRNiN3vvS2qMhYNjzyEkSkJlb4Td0=&u=U2FsdGVkX1+F/SvMyVrIIJ3KC6OaVtz4A74sygft8y+VYg9qjn0ekFTtAFL0XQDR&y=U2FsdGVkX1/6EETIpyiWzhW2zd4Ha6pafhHd6a84u0QFVEmPx9TgFhXEpV/THtQb HTTP/1.1" 200 97
186.102.42.68 - - [10/Nov/2023:06:45:13 -0500] "GET /kwssiamovil/sm/acme/s?s=U2FsdGVkX18ythH7XtCa/PEKj45m/Uz4a2NQMGEBryWgg360lhLZUmLXNJ9v7XShMRg4LQEsqG6S7N/7jUFspU2MJwkxx/95tia/hNXdI17R9J9sa42dIv9y5yDNSjaOHrvCUWcAahM/QLMvEwbEFkcsr/m3XP/MNSamuFPtB4xqcsKWCXf/9zT03c08H5svR6FaCetRTBrazpFz3Qt0hCehMVHZUVwPFiIllO3YuuBCaWqF0rBKSd3BEhu924wReRqC4ODcH2VE79j8R/D2fOXsonfRCIja0hMR7n2D+B2gPztGH8U+xqEpFsevnb/opUeqBopVhjLVa0ir/BjbUoEnE0Yg+1Ih1NvjnQH04OwXspmnc+uz0weQH/E5nIssI6hhFL+emrylecTFZv/yluRd/aRfGfqaEbdByI5ipldV2uY2GO7i4Sh3Q/dam3U3g+Wj+jpqKHiQua9PibmEM8b9VJg2ZNxtfkhyx5J7ToIJzvyXI7uHxb7WgVWTf/LGv77IYdlgtC7AeUNUq4NZquJudONhxuEIgUxPmQpubmT35Shm78D5LeOZ1vzHK3d+CCFuWZ76jht3mx6CA2YoFfmnlNRmizvvr9gxdykFeXy6Qjlznl4TY1K6OK1OmwhChnI3jZXPqwpJ8IFtfesFQ+Adbg+Btyr7WWYygAmwk4q0DJK2mh0+Csfx7jZ2WgU3GuDNtd+gvh+dpRAMoHrYVBWbUvbpUaH0e15zKQX7rtYzvoVwXF2Fbvpj3J5gf3LEFm9Dqx9lIIQsxi5p5Zst0gO6bv7/5OA4+Om2RtMcpT/Zd4PWdjJ6yq9Wky5nCcCew8mf1tWrRZzXmoKuYpO9X5XPPKTnwSa3idj9AR8exygPG2HwiPAwvGljuDFQucDBTrLDQ7i6pTjyC5HR9iw7dJuGFOATJxzQWCrP7YMsJ37vOTCtT2U2g/2nVmcYiIPtCZIMxjC0guxrKrnQrJgWzH6V8V9VTG1Ms2FDN6WNqTk1JBMLrTqhV8td57Z+lXOuUn9BY5xnfqb+fqjrk29HxF3Ug2R0pM8+LgpKz3XFeBFglqzQWHZthZSCsEzu80afCuvSdwS3bDLV5UJpsnpQc0Nm+qQQNAh8NBtkEMiXFg+Fzt9gHT2oD0D7owDVNvirB//KddzguCH8T8fmO7RUX/j0ynpcY19ojLwmlf3SQA7EUZSPo+hHELTsJh2xHQtkiUpsV3VrY8PO+twcU4NvtxKRx+FYctw1hkmriy1Aoq4LN066lJDp6+fgJCnpqZLQBqzNnVEtqfMOz0xlIqKj9Kat5hNbL6pQFgfnk46t6KtXmePzdzRoy1txoGHUPSljW4vu1RztHpk3GlhTyGXCzIlUq30rzMhIVljO3DAi5KCY4GExbVIiBS3463Y4IzPafhy/Ut5SwQoRTw/VLkV9gUUiUnY17DBMomxd8lGsHQoezG5GGrG5GYStRRyzlch6wynQ1cQNfSN1NzNppOVN+rwF8vJkLNs/HD/LkyNPMnvx6UVZ3+s66TVbYc3V5RKlBSb3UQBZtwAy8AjadKea4CdZMlgvPF3GgQNZ3lwrnBqdQYABONnwHca4OQdQXnxy3chsqI/GyFMpJ69VGJgfrBCPrtpQnI8e3S8TcQUdqI3Th3pbMiLsedhE9620iilAjgKz5QHbBLHATKtfzPMK//ex1cI8yNjixcmo9FMYMATXKFOderXYWZefoB6ATlgR9+1TwL1eVIxdUQUDUAhDROnEEoG2nUv9xcXeQ8kEeID8GPgODb3VyHBtrF//tCUu&u=U2FsdGVkX1+F/SvMyVrIIJ3KC6OaVtz4A74sygft8y+VYg9qjn0ekFTtAFL0XQDR&y=U2FsdGVkX1/6EETIpyiWzhW2zd4Ha6pafhHd6a84u0QFVEmPx9TgFhXEpV/THtQb HTTP/1.1" 200 1775
186.102.42.68 - - [10/Nov/2023:06:45:14 -0500] "GET /kwssiamovil/sm/acme/s?s=U2FsdGVkX1/brH2iyTBh3wuTSfxqbRzQLeEMfZkC6tp22VwaWVWq444WpOnF3dDhXHxpDGazUPl7/FqfawT3akuAF2i42/ibbzBafsBw4wUdGWuD+9VK0sC3jJwkbenvKIseEe58K5sikvBQ/P7wW+pnqwl69VqRJI/jEnZsK0QhChAa3hd2QZMJOivJ5OTJS0bHT88nAOT1WOZ7Q44zAfz03Rux9B9WmiZNTeVH68eDGCfOhGRzEGNo+XiUP/Z2vwnHyMfxm97i7VbZPR3gTnBPqwYrg0cfYW2Iozr7/GmG+q18/ewRZJS7gSuPI0XDxvOayuPt/NYtqgThavPBQNHLSFKddnWqBJKFR2JZaIshS2ITprHxazpdtfZJHlOCk54Mp8bBZvdpY+3UZiRTT8236WB94Ac/LRQxq9b+Y5oUEaVJ7aC71jesQwqlPS88olfCXz02svjb+lw4ty1Ox3FYcOgt9rBL+JeVMqKu21MpI/MrKGJEK8sjcZNrJG1n+NbqpgUR92PNHfbz6vAcxIlBJjwX7cAWAUmSWbOb6ROzx0RSe5e3RKP9jN2Sm7+eKMKlU809MD3jr1ExAMImVM9ISPWPISJOTISNgwqYq1tkiYjafRZVPgTHv0NNu6GVbxywPFibf28HBn0w9ERNYqX23xf1rZC8PI/dD0YoGqtj0a2imSyRG2wItPzN3ZuYYnYlprh31F1DI8cVpIxeteqSCoZew7thzxvg+hfOxuTNWlaOb5eenvDTHUfMMm+4LqW5ly7PwulkFxsTw/E74A==&u=U2FsdGVkX1+F/SvMyVrIIJ3KC6OaVtz4A74sygft8y+VYg9qjn0ekFTtAFL0XQDR&y=U2FsdGVkX1/6EETIpyiWzhW2zd4Ha6pafhHd6a84u0QFVEmPx9TgFhXEpV/THtQb HTTP/1.1" 200 208
186.102.42.68 - - [10/Nov/2023:06:45:14 -0500] "GET /kwssiamovil/sm/cjson/pre?f=1&x=U2FsdGVkX1/P1vGgmlnsYk06YhVV1flaeaVMW7Gw22CFlLJGWWWhfB/3tUbdGToL HTTP/1.1" 200 31032
216.245.221.92 - - [10/Nov/2023:06:45:28 -0500] "HEAD / HTTP/1.1" 200 -
201.245.192.253 - - [10/Nov/2023:06:45:39 -0500] "POST /kwsrmcab/Wsrmcab  HTTP/1.1" 200 38506
133.32.51.134 - - [10/Nov/2023:06:46:12 -0500] "GET /BLA/resoluciones/dlf/styles.css HTTP/1.1" 200 3049
133.32.51.134 - - [10/Nov/2023:06:46:12 -0500] "GET /BLA/resoluciones/dlf/dirup.png HTTP/1.1" 200 644
133.32.51.134 - - [10/Nov/2023:06:46:12 -0500] "GET /BLA/resoluciones/dlf/pdf.gif HTTP/1.1" 200 272
133.32.51.134 - - [10/Nov/2023:06:46:12 -0500] "GET /BLA/resoluciones/dlf/bg.gif HTTP/1.1" 200 54
133.32.51.134 - - [10/Nov/2023:06:46:15 -0500] "GET /BLA/resoluciones/dlf/archive.png HTTP/1.1" 200 632
133.32.51.134 - - [10/Nov/2023:06:46:16 -0500] "GET /BLA/resoluciones/AUTOS%202022/1658.pdf HTTP/1.1" 200 370012
133.32.51.134 - - [10/Nov/2023:06:46:11 -0500] "GET /BLA/resoluciones/index.php?dir=AUTOS+2022%2F HTTP/1.1" 200 307147
104.152.52.137 - - [10/Nov/2023:06:47:15 -0500] "GET / HTTP/1.0" 200 319
172.22.2.4 - - [10/Nov/2023:06:45:43 -0500] "HEAD /BLA/boletinlegal/ HTTP/1.1" 200 -
172.22.2.4 - - [10/Nov/2023:06:47:39 -0500] "GET /BLA/boletinlegal/jurisprudencia/analisis/AnalisisC-746-12.docx HTTP/1.1" 200 22637
172.22.2.4 - - [10/Nov/2023:06:46:34 -0500] "GET /BLA/boletinlegal/ HTTP/1.1" 200 58644
216.245.221.92 - - [10/Nov/2023:06:50:28 -0500] "HEAD / HTTP/1.1" 200 -
201.245.192.253 - - [10/Nov/2023:06:50:38 -0500] "POST /kwsrmcab/Wsrmcab  HTTP/1.1" 200 38506
66.249.66.19 - - [10/Nov/2023:06:51:03 -0500] "GET /resoluciones/RESOLUCIONES%202010/1989.pdf HTTP/1.1" 404 1018
181.61.157.160 - - [10/Nov/2023:06:51:22 -0500] "GET /sipse/faces/faces/ HTTP/1.1" 302 -
181.61.157.160 - - [10/Nov/2023:06:51:22 -0500] "GET /sipse/faces/autenticacion.xhtml HTTP/1.1" 200 12407
181.61.157.160 - - [10/Nov/2023:06:51:22 -0500] "GET /sipse/js/disable_browser_buttons.js HTTP/1.1" 200 3230
181.61.157.160 - - [10/Nov/2023:06:51:22 -0500] "GET /sipse/css/custom_css_sg.css HTTP/1.1" 200 9694
181.61.157.160 - - [10/Nov/2023:06:51:22 -0500] "GET /sipse/css/custom_css_sg_prime_login.css HTTP/1.1" 200 443
181.61.157.160 - - [10/Nov/2023:06:51:22 -0500] "GET /sipse/faces/javax.faces.resource/theme.css?ln=primefaces-sipse HTTP/1.1" 304 -
181.61.157.160 - - [10/Nov/2023:06:51:22 -0500] "GET /sipse/faces/javax.faces.resource/layout/layout.css?ln=primefaces&v=4.0 HTTP/1.1" 304 -
181.61.157.160 - - [10/Nov/2023:06:51:22 -0500] "GET /sipse/faces/javax.faces.resource/primefaces.css?ln=primefaces&v=4.0 HTTP/1.1" 304 -
181.61.157.160 - - [10/Nov/2023:06:51:22 -0500] "GET /sipse/js/funciones.js HTTP/1.1" 200 12592
181.61.157.160 - - [10/Nov/2023:06:51:22 -0500] "GET /sipse/faces/javax.faces.resource/jquery/jquery-plugins.js?ln=primefaces&v=4.0 HTTP/1.1" 304 -
181.61.157.160 - - [10/Nov/2023:06:51:22 -0500] "GET /sipse/faces/javax.faces.resource/jquery/jquery.js?ln=primefaces&v=4.0 HTTP/1.1" 304 -
181.61.157.160 - - [10/Nov/2023:06:51:22 -0500] "GET /sipse/faces/javax.faces.resource/layout/layout.js?ln=primefaces&v=4.0 HTTP/1.1" 304 -
181.61.157.160 - - [10/Nov/2023:06:51:22 -0500] "GET /sipse/faces/javax.faces.resource/primefaces.js?ln=primefaces&v=4.0 HTTP/1.1" 304 -
181.61.157.160 - - [10/Nov/2023:06:51:23 -0500] "GET /sipse/faces/javax.faces.resource/images/ui-icons_898989_256x240.png?ln=primefaces-aristo HTTP/1.1" 304 -
181.61.157.160 - - [10/Nov/2023:06:51:23 -0500] "GET /sipse/css/imagen/logoSDG.png HTTP/1.1" 200 53064
181.61.157.160 - - [10/Nov/2023:06:51:23 -0500] "GET /sipse/css/imagen/loginimg.png HTTP/1.1" 200 71635
181.61.157.160 - - [10/Nov/2023:06:51:23 -0500] "GET /sipse/faces/index.xhtml HTTP/1.1" 200 677
181.61.157.160 - - [10/Nov/2023:06:51:23 -0500] "GET /sipse/faces/javax.faces.resource/theme.css?ln=primefaces-sipse HTTP/1.1" 304 -
181.61.157.160 - - [10/Nov/2023:06:51:23 -0500] "GET /sipse/faces/faces/autenticacion.xhtml HTTP/1.1" 200 12407
181.61.157.160 - - [10/Nov/2023:06:51:23 -0500] "GET /sipse/faces/javax.faces.resource/theme.css?ln=primefaces-sipse HTTP/1.1" 304 -
181.61.157.160 - - [10/Nov/2023:06:51:23 -0500] "GET /sipse/faces/javax.faces.resource/primefaces.css?ln=primefaces&v=4.0 HTTP/1.1" 304 -
181.61.157.160 - - [10/Nov/2023:06:51:23 -0500] "GET /sipse/faces/javax.faces.resource/layout/layout.css?ln=primefaces&v=4.0 HTTP/1.1" 304 -
181.61.157.160 - - [10/Nov/2023:06:51:23 -0500] "GET /sipse/faces/javax.faces.resource/primefaces.js?ln=primefaces&v=4.0 HTTP/1.1" 304 -
181.61.157.160 - - [10/Nov/2023:06:51:23 -0500] "GET /sipse/faces/javax.faces.resource/jquery/jquery.js?ln=primefaces&v=4.0 HTTP/1.1" 304 -
181.61.157.160 - - [10/Nov/2023:06:51:23 -0500] "GET /sipse/faces/javax.faces.resource/jquery/jquery-plugins.js?ln=primefaces&v=4.0 HTTP/1.1" 304 -
181.61.157.160 - - [10/Nov/2023:06:51:23 -0500] "GET /sipse/faces/javax.faces.resource/layout/layout.js?ln=primefaces&v=4.0 HTTP/1.1" 304 -
181.61.157.160 - - [10/Nov/2023:06:51:26 -0500] "POST /sipse/faces/autenticacion.xhtml HTTP/1.1" 200 16287
181.61.157.160 - - [10/Nov/2023:06:51:27 -0500] "GET /sipse/css/custom_css_sg_prime.css HTTP/1.1" 200 5201
181.61.157.160 - - [10/Nov/2023:06:51:27 -0500] "GET /sipse/faces/javax.faces.resource/theme.css?ln=primefaces-sipse HTTP/1.1" 304 -
181.61.157.160 - - [10/Nov/2023:06:51:27 -0500] "GET /sipse/faces/javax.faces.resource/primefaces.css?ln=primefaces&v=4.0 HTTP/1.1" 304 -
181.61.157.160 - - [10/Nov/2023:06:51:27 -0500] "GET /sipse/faces/javax.faces.resource/layout/layout.css?ln=primefaces&v=4.0 HTTP/1.1" 304 -
181.61.157.160 - - [10/Nov/2023:06:51:27 -0500] "GET /sipse/js/jquery.min.js HTTP/1.1" 200 85582
181.61.157.160 - - [10/Nov/2023:06:51:27 -0500] "GET /sipse/faces/javax.faces.resource/jquery/jquery.js?ln=primefaces&v=4.0 HTTP/1.1" 304 -
181.61.157.160 - - [10/Nov/2023:06:51:27 -0500] "GET /sipse/faces/javax.faces.resource/jquery/jquery-plugins.js?ln=primefaces&v=4.0 HTTP/1.1" 304 -
181.61.157.160 - - [10/Nov/2023:06:51:27 -0500] "GET /sipse/faces/javax.faces.resource/primefaces.js?ln=primefaces&v=4.0 HTTP/1.1" 304 -
181.61.157.160 - - [10/Nov/2023:06:51:27 -0500] "GET /sipse/faces/javax.faces.resource/layout/layout.js?ln=primefaces&v=4.0 HTTP/1.1" 304 -
181.61.157.160 - - [10/Nov/2023:06:51:27 -0500] "GET /sipse/css/v_mergente.css HTTP/1.1" 200 1505
181.61.157.160 - - [10/Nov/2023:06:51:27 -0500] "GET /sipse/css/imagen/contrasena.png HTTP/1.1" 404 383
181.61.157.160 - - [10/Nov/2023:06:51:27 -0500] "GET /sipse/faces/javax.faces.resource/messages/messages.png?ln=primefaces&v=4.0 HTTP/1.1" 304 -
181.61.157.160 - - [10/Nov/2023:06:51:27 -0500] "GET /sipse/imagenes/cargando.gif HTTP/1.1" 200 36959
181.61.157.160 - - [10/Nov/2023:06:51:27 -0500] "GET /sipse/imagenes/logoAplicacion.jpg HTTP/1.1" 200 155084
181.61.157.160 - - [10/Nov/2023:06:51:29 -0500] "GET /sipse/faces/javax.faces.resource/images/ui-bg_flat_0_2d5972_40x100.png?ln=primefaces-aristo HTTP/1.1" 304 -
181.61.157.160 - - [10/Nov/2023:06:51:29 -0500] "POST /sipse/faces/bienvenido.xhtml HTTP/1.1" 200 1471
181.61.157.160 - - [10/Nov/2023:06:51:30 -0500] "POST /sipse/faces/bienvenido.xhtml HTTP/1.1" 200 43560
181.61.157.160 - - [10/Nov/2023:06:51:30 -0500] "GET /sipse/faces/javax.faces.resource/theme.css?ln=primefaces-sipse HTTP/1.1" 304 -
181.61.157.160 - - [10/Nov/2023:06:51:30 -0500] "GET /sipse/faces/javax.faces.resource/layout/layout.css?ln=primefaces&v=4.0 HTTP/1.1" 304 -
181.61.157.160 - - [10/Nov/2023:06:51:30 -0500] "GET /sipse/faces/javax.faces.resource/primefaces.css?ln=primefaces&v=4.0 HTTP/1.1" 304 -
181.61.157.160 - - [10/Nov/2023:06:51:30 -0500] "GET /sipse/faces/javax.faces.resource/jquery/jquery.js?ln=primefaces&v=4.0 HTTP/1.1" 304 -
181.61.157.160 - - [10/Nov/2023:06:51:30 -0500] "GET /sipse/faces/javax.faces.resource/jquery/jquery-plugins.js?ln=primefaces&v=4.0 HTTP/1.1" 304 -
181.61.157.160 - - [10/Nov/2023:06:51:30 -0500] "GET /sipse/faces/javax.faces.resource/primefaces.js?ln=primefaces&v=4.0 HTTP/1.1" 304 -
181.61.157.160 - - [10/Nov/2023:06:51:30 -0500] "GET /sipse/faces/javax.faces.resource/layout/layout.js?ln=primefaces&v=4.0 HTTP/1.1" 304 -
181.61.157.160 - - [10/Nov/2023:06:51:30 -0500] "POST /sipse/faces/presentacion/financiero/solicitudProceso/listarSolicitudProceso.xhtml HTTP/1.1" 200 1468
181.53.13.222 - - [10/Nov/2023:06:51:51 -0500] "POST /sipse/faces/presentacion/contratacion/procesoContractual/registrarInvitacionContratista.xhtml HTTP/1.1" 200 9689
181.53.13.222 - - [10/Nov/2023:06:52:03 -0500] "POST /sipse/faces/presentacion/contratacion/procesoContractual/registrarInvitacionContratista.xhtml HTTP/1.1" 200 9251
179.219.106.233 - - [10/Nov/2023:06:52:42 -0500] "GET /olux.php HTTP/1.1" 404 1018
179.219.106.233 - - [10/Nov/2023:06:52:43 -0500] "GET /indoxploit.php HTTP/1.1" 404 1018
179.219.106.233 - - [10/Nov/2023:06:52:44 -0500] "GET /indoxploit.php HTTP/1.1" 404 1018
179.219.106.233 - - [10/Nov/2023:06:52:46 -0500] "GET /wso.php HTTP/1.1" 404 1018
179.219.106.233 - - [10/Nov/2023:06:52:46 -0500] "GET /images/ HTTP/1.1" 200 493
179.219.106.233 - - [10/Nov/2023:06:52:47 -0500] "GET /uploads/ HTTP/1.1" 404 1018
179.219.106.233 - - [10/Nov/2023:06:52:48 -0500] "GET /img/ HTTP/1.1" 200 487
179.219.106.233 - - [10/Nov/2023:06:52:49 -0500] "GET /upload/ HTTP/1.1" 404 1018
179.219.106.233 - - [10/Nov/2023:06:52:50 -0500] "GET /gallery/ HTTP/1.1" 404 1018
179.219.106.233 - - [10/Nov/2023:06:52:51 -0500] "GET /files/ HTTP/1.1" 404 1018
179.219.106.233 - - [10/Nov/2023:06:52:51 -0500] "GET /pdf/ HTTP/1.1" 404 1018
179.219.106.233 - - [10/Nov/2023:06:52:53 -0500] "GET /docs/ HTTP/1.1" 404 1018
179.219.106.233 - - [10/Nov/2023:06:52:54 -0500] "GET / HTTP/1.1" 200 319
179.219.106.233 - - [10/Nov/2023:06:52:55 -0500] "GET /up.php HTTP/1.1" 404 1018
179.219.106.233 - - [10/Nov/2023:06:52:58 -0500] "GET /upload.php HTTP/1.1" 404 1018
179.219.106.233 - - [10/Nov/2023:06:53:01 -0500] "GET /shell.php HTTP/1.1" 404 1018
172.22.2.4 - - [10/Nov/2023:06:51:34 -0500] "HEAD /BLA/boletinlegal/ HTTP/1.1" 200 -
35.204.6.173 - - [10/Nov/2023:06:53:23 -0500] "GET /propietarios-inscritos-en-el-inventario-nacional-de-bifenilos-de-policlorados-tienen-plazo-hasta-noviembre-para-reportar-su-balance.html HTTP/1.1" 200 1003
181.53.13.222 - - [10/Nov/2023:06:53:27 -0500] "POST /sipse/faces/presentacion/contratacion/contratista/crearModificarContratista.xhtml HTTP/1.1" 200 3307
172.22.2.4 - - [10/Nov/2023:06:52:24 -0500] "GET /BLA/boletinlegal/ HTTP/1.1" 200 60634
216.245.221.92 - - [10/Nov/2023:06:55:28 -0500] "HEAD / HTTP/1.1" 200 -
201.245.192.253 - - [10/Nov/2023:06:55:37 -0500] "POST /kwsrmcab/Wsrmcab  HTTP/1.1" 200 38506
181.61.157.160 - - [10/Nov/2023:06:55:45 -0500] "GET /sipse/faces/javax.faces.resource/images/ui-icons_898989_256x240.png?ln=primefaces-aristo HTTP/1.1" 304 -
181.61.157.160 - - [10/Nov/2023:06:55:46 -0500] "POST /sipse/faces/presentacion/financiero/solicitudProceso/listarSolicitudProceso.xhtml HTTP/1.1" 200 124169
181.61.157.160 - - [10/Nov/2023:06:55:46 -0500] "GET /sipse/faces/javax.faces.resource/theme.css?ln=primefaces-sipse HTTP/1.1" 304 -
181.61.157.160 - - [10/Nov/2023:06:55:46 -0500] "GET /sipse/faces/javax.faces.resource/primefaces.css?ln=primefaces&v=4.0 HTTP/1.1" 304 -
181.61.157.160 - - [10/Nov/2023:06:55:46 -0500] "GET /sipse/faces/javax.faces.resource/layout/layout.css?ln=primefaces&v=4.0 HTTP/1.1" 304 -
181.61.157.160 - - [10/Nov/2023:06:55:46 -0500] "GET /sipse/faces/javax.faces.resource/jquery/jquery.js?ln=primefaces&v=4.0 HTTP/1.1" 304 -
181.61.157.160 - - [10/Nov/2023:06:55:46 -0500] "GET /sipse/faces/javax.faces.resource/jquery/jquery-plugins.js?ln=primefaces&v=4.0 HTTP/1.1" 304 -
181.61.157.160 - - [10/Nov/2023:06:55:46 -0500] "GET /sipse/faces/javax.faces.resource/primefaces.js?ln=primefaces&v=4.0 HTTP/1.1" 304 -
181.61.157.160 - - [10/Nov/2023:06:55:46 -0500] "GET /sipse/faces/javax.faces.resource/layout/layout.js?ln=primefaces&v=4.0 HTTP/1.1" 304 -
186.155.16.72 - - [10/Nov/2023:06:57:22 -0500] "GET /BLA/boletinlegal/consulta_actos.php?tipo=resoluciones&no=&usuario=IDU&sector=SILVICULTURA&fecha=2019&resuelve= HTTP/1.1" 200 48301
157.90.209.79 - - [10/Nov/2023:06:58:40 -0500] "GET /robots.txt HTTP/1.1" 404 1034
157.90.209.79 - - [10/Nov/2023:06:58:43 -0500] "GET /sitemap HTTP/1.1" 404 1034
181.61.157.160 - - [10/Nov/2023:06:58:46 -0500] "POST /sipse/faces/presentacion/financiero/solicitudProceso/consultarSolicitudProceso.xhtml HTTP/1.1" 200 19425
181.61.157.160 - - [10/Nov/2023:06:58:46 -0500] "GET /sipse/faces/javax.faces.resource/fileupload/fileupload.js?ln=primefaces&v=4.0 HTTP/1.1" 304 -
181.61.157.160 - - [10/Nov/2023:06:58:46 -0500] "GET /sipse/faces/javax.faces.resource/primefaces.css?ln=primefaces&v=4.0 HTTP/1.1" 304 -
181.61.157.160 - - [10/Nov/2023:06:58:46 -0500] "GET /sipse/faces/javax.faces.resource/theme.css?ln=primefaces-sipse HTTP/1.1" 304 -
181.61.157.160 - - [10/Nov/2023:06:58:46 -0500] "GET /sipse/faces/javax.faces.resource/layout/layout.css?ln=primefaces&v=4.0 HTTP/1.1" 304 -
181.61.157.160 - - [10/Nov/2023:06:58:46 -0500] "GET /sipse/faces/javax.faces.resource/primefaces.js?ln=primefaces&v=4.0 HTTP/1.1" 304 -
