!C99Shell v. 1.0 pre-release build #13!

Software: Apache. PHP/5.5.15 

uname -a: Windows NT SVR-DMZ 6.1 build 7600 (Windows Server 2008 R2 Enterprise Edition) i586 

SYSTEM 

Safe-mode: OFF (not secure)

E:\nuevo\apache\logs\   drwxrwxrwx
Free 7.33 GB of 239.26 GB (3.07%)
Detected drives: [ a ] [ c ] [ d ] [ e ] [ f ]
Home    Back    Forward    UPDIR    Refresh    Search    Buffer    Encoder    Tools    Proc.    FTP brute    Sec.    SQL    PHP-code    Update    Feedback    Self remove    Logout    


Viewing file:     access.2023.11.10.log (3.89 MB)      -rw-rw-rw-
Select action/file-type:
(+) | (+) | (+) | Code (+) | Session (+) | (+) | SDB (+) | (+) | (+) | (+) | (+) | (+) |
216.245.221.92 - - [10/Nov/2023:00:01:37 -0500] "HEAD / HTTP/1.1" 200 -
201.245.192.253 - - [10/Nov/2023:00:02:01 -0500] "POST /kwsrmcab/Wsrmcab  HTTP/1.1" 200 38506
87.250.224.214 - - [10/Nov/2023:00:02:58 -0500] "GET /robots.txt HTTP/1.1" 404 1018
87.250.224.3 - - [10/Nov/2023:00:02:58 -0500] "GET /galeria/mapa/3MapaBogot%C3%A1.jpg HTTP/1.1" 200 688183
103.56.17.4 - - [10/Nov/2023:00:03:57 -0500] "GET / HTTP/1.1" 200 4720
103.56.17.4 - - [10/Nov/2023:00:03:58 -0500] "GET /favicon.ico HTTP/1.1" 404 1034
103.56.17.4 - - [10/Nov/2023:00:03:59 -0500] "GET /favicon.ico HTTP/1.1" 404 1034
103.56.17.4 - - [10/Nov/2023:00:04:00 -0500] "GET /favicon.ico HTTP/1.1" 404 1034
172.22.2.4 - - [10/Nov/2023:00:03:57 -0500] "GET /BLA/boletinlegal/ HTTP/1.1" 200 20427
172.22.2.4 - - [10/Nov/2023:00:03:03 -0500] "HEAD /BLA/boletinlegal/ HTTP/1.1" 200 -
172.22.2.4 - - [10/Nov/2023:00:03:54 -0500] "GET /BLA/boletinlegal/ HTTP/1.1" 200 53737
162.55.175.138 - - [10/Nov/2023:00:05:48 -0500] "GET / HTTP/1.1" 200 319
162.55.175.138 - - [10/Nov/2023:00:05:48 -0500] "GET / HTTP/1.1" 200 4720
31.13.127.10 - - [10/Nov/2023:00:06:05 -0500] "GET /si-eres-mujer-y-te-gusta-el-cuidado-de-los-humedales-este-proceso-de-formacion-es-para-ti.html HTTP/1.1" 200 1025
216.245.221.92 - - [10/Nov/2023:00:06:37 -0500] "HEAD / HTTP/1.1" 200 -
201.245.192.253 - - [10/Nov/2023:00:07:00 -0500] "POST /kwsrmcab/Wsrmcab  HTTP/1.1" 200 38506
172.22.2.4 - - [10/Nov/2023:00:07:08 -0500] "GET /BLA/boletinlegal/ HTTP/1.1" 200 32715
52.167.144.233 - - [10/Nov/2023:00:08:15 -0500] "GET /BLA/resoluciones/AUTOS%202007/2366.pdf HTTP/1.1" 200 69526
186.102.69.186 - - [10/Nov/2023:00:08:28 -0500] "GET /kwssiamovil/sm/ldap/au?x=U2FsdGVkX1/l1OwtJ9fK9kM2I/GFJ2q3/CarVa1kmBVxJcCeTx3WIPyXMu2sXxJ4&y=U2FsdGVkX185yHoiLltHxc3vkqlrBWUjUPI4Xl6nSCjudbUasvuSH1ijGBJfg4DX HTTP/1.1" 200 30
186.102.69.186 - - [10/Nov/2023:00:08:29 -0500] "GET /kwssiamovil/sm/acme/s?s=U2FsdGVkX19kmDuoXW6y4Fbl7BAwmo2nRtZTRw5elsz5q6nnVZVamVMnsWA7PMgGv8ksZq8g4wNjWmtq0YbJLgrgr52qE9gbf5Cj/HZmUNI=&u=U2FsdGVkX1/unvIbKJIIDM3Wq1nhqFlAKBcTGuoE960=&y=U2FsdGVkX185yHoiLltHxc3vkqlrBWUjUPI4Xl6nSCjudbUasvuSH1ijGBJfg4DX HTTP/1.1" 200 97
186.102.69.186 - - [10/Nov/2023:00:08:29 -0500] "GET /kwssiamovil/sm/acme/s?s=U2FsdGVkX19weFgI+eFckEmFCzNN0OohrKLKEBNs1gLuoesKHq/+r6CM+XeopxUdZwZVIp0qdGjciD+lmCTLYO3goT47hSCPSClZBjgyjBziydQKAzf5HmZ+LlJbZaPA362LZkCYK5byoRqOQzpfRzI4ZUNH46GvUyMTChKkMRSbaLH9+Cg7A10CIFjHRERKmaw1+x+9onYij6arCnQGl5FVYEbz8yDhGbOuKDa2Z7A3uK9REq9/KHaIO2rcOcEosE4V2iUsID/jcc+gl1TFMprOCmlk8WrJCTYiVXhYTuoK4+n0OfG6Rj09jCSGe6+qc+99x4nWHyc/+1HloWayGW4uW06lrJRbu//qxj/0JScg5zNmayvK6fSuXqbpmL4P4LG7VWV2dkLPRwQfT3bpFp0/gw4qUr+JGL2+lJwIMz9MnT/VrtRUJViFmm29bJlhDGahAgW5ijRvzU5I54Jv1HrYgkfW0nQU1RK8yNPLMxkH7/kiuG5gkkcd3cX2cIGb1FVaJNjsEG3uJFQb2Edj4yN3QpArgbeDwSdoH7dPuxz4rvQAaSdda20X/AtTzsBrpUQmQRwUJf+V7PQtUrI2ll6FERNIJGbyHJ8VhqvmtreK5w4L6k9hfBAWdvJCoilUsyy7/0ReBPXAUHOb03HIPzG4SH9N8ejtVMKy551iNtjuDLRzrbtKr9PWehJH4QZJqUfCI89gN23nA1EC364ao8YZThGG2vNpyqr3J3/2jcVBtWBQmrve99CDeq8kq4HRtLPd6o7minaGaY3QG6Wv/4QeumxhmlzMCFGaLQvkGELgW0pRD5wcvBI0TeuxNIo6kXl5XHp+UsYAp0ADQcix5DFd1cYhw2oVZojHLI1+hjwouL05cC3UNCITnUux85E1eK0x6h3Asl8BVH6edTBKR8mdl3r6BKcM5vajmPY6r/yPYal0CcrFObDPo9ajEWJFN75QjAeWOnVTgXAGRFbel3oU4af17JEH8CKxDxv3cb4u8+ml/Rho2h1ISmUk5pem440KQXrAAYYkphziYXO2kfJmJ1ZAsskDAcYtlk56aUp/BzmA+ecULdDg0SnHwXcN3wG4ZrjKjBr8DTCzGzVVC933HP7iCD/dKY/8cYODr2d7KMj5seThz3MbpVt0q5q2xK0DBFjZsr0WgP13jvmMs/wPgFkGlHFH5/DZ3ARGjNEpjorwCh8AKO7ikOkQE8NIB7pjPlamlKw0i0OVAWjnxXV/Sesse4S/0RqnxkEzA26ZBZbMo/rUZ+M09HrQqoHKwcJsNFrP9eS1F06lvX9EEntnIZEQDJKzTsKPPmFqmt4UFqpaC3L5vuVkRrXvRjU46uxurvv6RF7tykKJreS1OEBVaV59Pl5jz11fiRU7n6Q18d4OGBx6WyUo/08bOmIrHODyytmM+YSjktDjwkIvMCmJPeqsgeW2+55diT/hj7ozIp3eojsAV8dbBltJIQtaP3HWXrZxo97RAyeNb8Z8d/5aBXxa/RZK8Uku9930bHeO3NBb0RtUpPOsZYYFpypqG/eUZ5Cmce4pEw/OZFDcVd7x8gnG7QU+ApuX5zdnfc2SlRSI+aZzHKgMxHESAd2NkQ/BH/RceM3C+f7upIJJYKIZQlucWMGVSFoucWE7iZ6Zp/kUR3nBcu5HMAvngSLdmUFlkBa9B3RZBPMDfMHuH+twZjoNPwAgUv6mKZZxyqRnhTwL9E4ktldJgoWBOFDUHABw5UfUTO24d+3KpVFh2vxGyEYdjCGBPjhH2+KJOEc=&u=U2FsdGVkX1/unvIbKJIIDM3Wq1nhqFlAKBcTGuoE960=&y=U2FsdGVkX185yHoiLltHxc3vkqlrBWUjUPI4Xl6nSCjudbUasvuSH1ijGBJfg4DX HTTP/1.1" 200 1694
186.102.69.186 - - [10/Nov/2023:00:08:29 -0500] "GET /kwssiamovil/sm/acme/s?s=U2FsdGVkX19kFaUGt3DlSLRkqq5LkwbzaeDYuP9O25YvxCBUydbbekMft0F0tPrFLjyTnGkeFPjFXNVVMLHqze5XMkrGf9ohf4b3H15u2E+oN8CfSY7APxQDjo+5iDlQ1CTul7IIllp2qpHMzPCmggeIAXHdB16+BPYwfAc+oPkkSLFtsuNdNNS40U7GAcQXcDXLgXz5CxsQ3lsogq6fIFIHmNZg4p9d0/D7Llu0vJD2ePJQtgqM1bwsrL6ArT7SkcX1SkveoaWKMz/j+cFitzOKzDmshnFocfF6UN1rOYSzgNq9DJ3wTSZiUqHrHDzLRnDGXbnPAma2UuVja9WFnKdJ30J4aoL6nAt29+LYRWqmAZJqjtcjvwrBLYUqrFuq6VkM1LVCYI6UHmSrgxHGh9KoPVMKz4RfZhGhv/ad2B2fuTi2eDh0mJhQmEOsF73xSHJJ/UnvaAXKVrJxD6zn6mpNBKPTFLITnvB2Y8dVC8heq06Aqhdtm+FhtRPKzr+TJd+cosTHbLx0Bs0OGK2cIWfAHBV3iZqS8QFjNMxwbcblF0+SM+7vRpRTXLhqkgImEijgO2tAOBQTG87w4O3tckcRw5XrjbmAW/oV6UFKSg2m1/+7s1aIQ1WQjRpsZfnFKghDy/n1qugILLVh3+Jd16pa/nP2PHmt4zJ6exTsBGSF0Jpv4RsFK6UfDhUuHNmFvTq9zoHrK19/zyGI6w9y/0PZlyQWFkxiNSLroFg8K2NkqDupkXWGanCzBrAJlyh7&u=U2FsdGVkX1/unvIbKJIIDM3Wq1nhqFlAKBcTGuoE960=&y=U2FsdGVkX185yHoiLltHxc3vkqlrBWUjUPI4Xl6nSCjudbUasvuSH1ijGBJfg4DX HTTP/1.1" 200 208
186.102.69.186 - - [10/Nov/2023:00:08:29 -0500] "GET /kwssiamovil/sm/cjson/pre?f=1&x=U2FsdGVkX1/l1OwtJ9fK9kM2I/GFJ2q3/CarVa1kmBVxJcCeTx3WIPyXMu2sXxJ4 HTTP/1.1" 200 31032
172.22.2.4 - - [10/Nov/2023:00:07:59 -0500] "GET /BLA/boletinlegal/ HTTP/1.1" 200 58644
66.249.66.19 - - [10/Nov/2023:00:10:21 -0500] "GET /BLA/resoluciones/RESOLUCIONES%202010/4900.pdf HTTP/1.1" 200 753573
172.22.2.4 - - [10/Nov/2023:00:08:54 -0500] "HEAD /BLA/boletinlegal/ HTTP/1.1" 200 -
40.77.167.70 - - [10/Nov/2023:00:10:57 -0500] "GET /BLA/resoluciones/index.php?dir=RESOLUCIONES+2021%2F HTTP/1.1" 200 442881
40.77.167.70 - - [10/Nov/2023:00:10:59 -0500] "GET /BLA/resoluciones/index.php?dir=RESOLUCIONES+2022%2F HTTP/1.1" 200 322327
66.249.66.19 - - [10/Nov/2023:00:11:05 -0500] "GET /BLA/resoluciones/RESOLUCIONES%202010/0516.pdf HTTP/1.1" 200 655898
172.22.2.4 - - [10/Nov/2023:00:09:45 -0500] "GET /BLA/boletinlegal/ HTTP/1.1" 200 58644
216.245.221.92 - - [10/Nov/2023:00:11:37 -0500] "HEAD / HTTP/1.1" 200 -
201.245.192.253 - - [10/Nov/2023:00:11:59 -0500] "POST /kwsrmcab/Wsrmcab  HTTP/1.1" 200 38506
31.13.127.118 - - [10/Nov/2023:00:12:17 -0500] "GET /secretaria-de-ambiente-fortalece-y-capacita-a-industriales-del-sector-curtidor-en-bogota.html HTTP/1.1" 200 875
66.249.66.20 - - [10/Nov/2023:00:12:50 -0500] "GET /BLA/resoluciones/RESOLUCIONES%202011/2054.pdf HTTP/1.1" 304 -
172.22.2.4 - - [10/Nov/2023:00:12:58 -0500] "GET /BLA/boletinlegal/actos.php HTTP/1.1" 200 9682
172.22.2.4 - - [10/Nov/2023:00:12:58 -0500] "GET /BLA/boletinlegal/js/ajax_actos.js HTTP/1.1" 200 1322
172.22.2.4 - - [10/Nov/2023:00:12:58 -0500] "GET /BLA/boletinlegal/styles2.css HTTP/1.1" 200 1838
172.22.2.4 - - [10/Nov/2023:00:12:58 -0500] "GET /BLA/boletinlegal/niceforms-default.css HTTP/1.1" 200 6694
172.22.2.4 - - [10/Nov/2023:00:12:58 -0500] "GET /BLA/boletinlegal/style.css HTTP/1.1" 200 9406
172.22.2.4 - - [10/Nov/2023:00:12:58 -0500] "GET /BLA/boletinlegal/js/lib.js HTTP/1.1" 200 6474
172.22.2.4 - - [10/Nov/2023:00:12:58 -0500] "GET /BLA/boletinlegal/niceforms.js HTTP/1.1" 200 22876
172.22.2.4 - - [10/Nov/2023:00:12:58 -0500] "GET /BLA/boletinlegal/js/jquery1.js HTTP/1.1" 200 29846
172.22.2.4 - - [10/Nov/2023:00:12:58 -0500] "GET /BLA/boletinlegal/js/popup.js HTTP/1.1" 200 1270
172.22.2.4 - - [10/Nov/2023:00:12:58 -0500] "GET /BLA/boletinlegal/images/cabezote%20BLEGAL.jpg HTTP/1.1" 200 118164
172.22.2.4 - - [10/Nov/2023:00:12:58 -0500] "GET /BLA/boletinlegal/images/subscribe-icon-big.png HTTP/1.1" 200 47702
172.22.2.4 - - [10/Nov/2023:00:12:58 -0500] "GET /BLA/boletinlegal/images/historia.png HTTP/1.1" 200 52775
172.22.2.4 - - [10/Nov/2023:00:12:58 -0500] "GET /BLA/boletinlegal/images/registro-usuarios.png HTTP/1.1" 200 8106
172.22.2.4 - - [10/Nov/2023:00:12:58 -0500] "GET /BLA/boletinlegal/images/green-yellow-blue-pink-th.png HTTP/1.1" 200 7394
172.22.2.4 - - [10/Nov/2023:00:12:58 -0500] "GET /BLA/boletinlegal/images/tel.png HTTP/1.1" 200 14477
172.22.2.4 - - [10/Nov/2023:00:12:58 -0500] "GET /BLA/boletinlegal/images/body_bg.jpg HTTP/1.1" 200 1601
172.22.2.4 - - [10/Nov/2023:00:12:58 -0500] "GET /BLA/boletinlegal/images/icono-email.png HTTP/1.1" 200 5544
172.22.2.4 - - [10/Nov/2023:00:12:58 -0500] "GET /BLA/boletinlegal/images/menu_lft.gif HTTP/1.1" 200 1713
172.22.2.4 - - [10/Nov/2023:00:12:58 -0500] "GET /BLA/boletinlegal/images/menu_rght.gif HTTP/1.1" 200 1627
172.22.2.4 - - [10/Nov/2023:00:12:58 -0500] "GET /BLA/boletinlegal/images/footer_bg.jpg HTTP/1.1" 200 586
172.22.2.4 - - [10/Nov/2023:00:12:58 -0500] "GET /BLA/boletinlegal/images/hover.jpg HTTP/1.1" 200 640
172.22.2.4 - - [10/Nov/2023:00:12:58 -0500] "GET /BLA/boletinlegal/images/bg_top.jpg HTTP/1.1" 200 522
172.22.2.4 - - [10/Nov/2023:00:12:58 -0500] "GET /BLA/boletinlegal/images/menu_bg.jpg HTTP/1.1" 200 620
172.22.2.4 - - [10/Nov/2023:00:12:58 -0500] "GET /BLA/boletinlegal/images/text.jpg HTTP/1.1" 200 568
172.22.2.4 - - [10/Nov/2023:00:12:58 -0500] "GET /BLA/boletinlegal/images/footer_bg_l.jpg HTTP/1.1" 200 776
172.22.2.4 - - [10/Nov/2023:00:12:58 -0500] "GET /BLA/boletinlegal/img/0.png HTTP/1.1" 200 110
172.22.2.4 - - [10/Nov/2023:00:12:58 -0500] "GET /BLA/boletinlegal/img/select-left.png HTTP/1.1" 200 263
172.22.2.4 - - [10/Nov/2023:00:12:58 -0500] "GET /BLA/boletinlegal/img/select-right.png HTTP/1.1" 200 44019
172.22.2.4 - - [10/Nov/2023:00:12:58 -0500] "GET /BLA/boletinlegal/img/button-left.png HTTP/1.1" 200 57071
172.22.2.4 - - [10/Nov/2023:00:12:58 -0500] "GET /BLA/boletinlegal/favicon.ico HTTP/1.1" 404 1326
172.22.2.4 - - [10/Nov/2023:00:12:58 -0500] "GET /BLA/boletinlegal/img/button-right.png HTTP/1.1" 200 57878
172.22.2.4 - - [10/Nov/2023:00:12:58 -0500] "GET /BLA/boletinlegal/img/button.png HTTP/1.1" 200 43241
40.77.167.18 - - [10/Nov/2023:00:14:37 -0500] "GET /BLA/resoluciones/AUTOS%202007/0593.pdf HTTP/1.1" 200 101430
173.252.83.2 - - [10/Nov/2023:00:16:09 -0500] "GET /images/cuerpos%20de%20agua%20en%20humedales-19-10.jpg HTTP/1.1" 200 73528
172.22.2.4 - - [10/Nov/2023:00:14:44 -0500] "HEAD /BLA/boletinlegal/ HTTP/1.1" 200 -
216.245.221.92 - - [10/Nov/2023:00:16:37 -0500] "HEAD / HTTP/1.1" 200 -
201.245.192.253 - - [10/Nov/2023:00:16:48 -0500] "POST /kwsrmcab/Wsrmcab HTTP/1.1" 200 40172
201.245.192.253 - - [10/Nov/2023:00:16:51 -0500] "POST /kwsrmcab/Wsrmcab HTTP/1.1" 200 38507
46.101.80.179 - - [10/Nov/2023:00:16:55 -0500] "\x16\x03\x01\x01\xfd\x01" 400 226
201.245.192.253 - - [10/Nov/2023:00:16:58 -0500] "POST /kwsrmcab/Wsrmcab  HTTP/1.1" 200 38506
172.22.2.4 - - [10/Nov/2023:00:15:34 -0500] "GET /BLA/boletinlegal/ HTTP/1.1" 200 59007
173.252.107.10 - - [10/Nov/2023:00:17:47 -0500] "GET /oso-melero-recuperado-en-bogota-fue-liberado-exitosamente-en-el-meta.html HTTP/1.1" 200 948
52.167.144.216 - - [10/Nov/2023:00:19:51 -0500] "GET /BLA/resoluciones/AUTOS%202007/0981.pdf HTTP/1.1" 200 30408
201.245.192.253 - - [10/Nov/2023:00:20:07 -0500] "POST /kwsrmcab/Wsrmcab HTTP/1.1" 200 40172
201.245.192.253 - - [10/Nov/2023:00:20:10 -0500] "POST /kwsrmcab/Wsrmcab HTTP/1.1" 200 38507
216.245.221.92 - - [10/Nov/2023:00:21:37 -0500] "HEAD / HTTP/1.1" 200 -
201.245.192.253 - - [10/Nov/2023:00:21:56 -0500] "POST /kwsrmcab/Wsrmcab  HTTP/1.1" 200 38506
172.22.2.4 - - [10/Nov/2023:00:20:34 -0500] "HEAD /BLA/boletinlegal/ HTTP/1.1" 200 -
172.22.2.4 - - [10/Nov/2023:00:21:25 -0500] "GET /BLA/boletinlegal/ HTTP/1.1" 200 52827
186.102.69.186 - - [10/Nov/2023:00:23:13 -0500] "-" 408 -
66.249.66.20 - - [10/Nov/2023:00:25:34 -0500] "GET /BLA/resoluciones/AUTOS%202011/4529.pdf HTTP/1.1" 200 190734
216.245.221.92 - - [10/Nov/2023:00:26:37 -0500] "HEAD / HTTP/1.1" 200 -
201.245.192.253 - - [10/Nov/2023:00:26:48 -0500] "POST /kwsrmcab/Wsrmcab HTTP/1.1" 200 40172
201.245.192.253 - - [10/Nov/2023:00:26:51 -0500] "POST /kwsrmcab/Wsrmcab HTTP/1.1" 200 38507
201.245.192.253 - - [10/Nov/2023:00:26:55 -0500] "POST /kwsrmcab/Wsrmcab  HTTP/1.1" 200 38506
172.22.2.4 - - [10/Nov/2023:00:26:25 -0500] "HEAD /BLA/boletinlegal/ HTTP/1.1" 200 -
172.22.2.4 - - [10/Nov/2023:00:27:15 -0500] "GET /BLA/boletinlegal/ HTTP/1.1" 200 58294
52.167.144.236 - - [10/Nov/2023:00:29:05 -0500] "GET /BLA/resoluciones/index.php?dir=RESOLUCIONES+2023%2F HTTP/1.1" 200 106644
66.249.66.193 - - [10/Nov/2023:00:29:44 -0500] "GET /hoy-vence-plazo-para-que-candidatos-y-partidos-politicos-retiren-publicidad-exterior-electoral-en-bogota.html HTTP/1.1" 200 866
201.245.192.253 - - [10/Nov/2023:00:30:07 -0500] "POST /kwsrmcab/Wsrmcab HTTP/1.1" 200 40172
201.245.192.253 - - [10/Nov/2023:00:30:10 -0500] "POST /kwsrmcab/Wsrmcab HTTP/1.1" 200 38507
66.249.66.20 - - [10/Nov/2023:00:31:20 -0500] "GET /php/ProyectosInversion/Ficha%20ebi.pdf HTTP/1.1" 404 1018
216.245.221.92 - - [10/Nov/2023:00:31:37 -0500] "HEAD / HTTP/1.1" 200 -
66.249.66.19 - - [10/Nov/2023:00:31:40 -0500] "GET /BLA/resoluciones/RESOLUCIONES%202011/3393.pdf HTTP/1.1" 200 626248
40.77.167.52 - - [10/Nov/2023:00:31:48 -0500] "GET /BLA/resoluciones/RESOLUCIONES%202023/1411.pdf HTTP/1.1" 200 410405
52.167.144.236 - - [10/Nov/2023:00:31:53 -0500] "GET /BLA/resoluciones/RESOLUCIONES%202023/0933.pdf HTTP/1.1" 200 380716
52.167.144.236 - - [10/Nov/2023:00:31:54 -0500] "GET /BLA/resoluciones/RESOLUCIONES%202023/1123.pdf HTTP/1.1" 200 463704
201.245.192.253 - - [10/Nov/2023:00:31:54 -0500] "POST /kwsrmcab/Wsrmcab  HTTP/1.1" 200 38506
52.167.144.188 - - [10/Nov/2023:00:31:58 -0500] "GET /BLA/resoluciones/RESOLUCIONES%202023/0983.pdf HTTP/1.1" 200 372258
186.102.117.1 - - [10/Nov/2023:00:33:01 -0500] "GET /kwssiamovil/sm/ldap/au?x=U2FsdGVkX198RY1iuGS1JecaQR2nQTyc/Q88o0UiaR4Ql9TtQsEpFKR9KnQ12ts1f4c+WJh+UVY7GPAFkb2coA==&y=U2FsdGVkX1/IUv0Xxg0JigN6E7oWLFpSML+vvAbqOhoZ558uNmh8mVw1ZyqRDSps HTTP/1.1" 200 30
186.102.117.1 - - [10/Nov/2023:00:33:01 -0500] "GET /kwssiamovil/sm/acme/s?s=U2FsdGVkX1+0ltOxJpy9wDkIt+J28FKoBzO0+mz/8W1WYnSVh5BFfti5KqsbuvI7t7t7CxBFQLcysdwH2uYqiA1AgmCqwRuUj9CY8Ok+V8s=&u=U2FsdGVkX19RXhPaWY4NZj3reh+e9ejbblGYktHS8+0M5IIWeEdhI3lsmz+skZVh&y=U2FsdGVkX1/IUv0Xxg0JigN6E7oWLFpSML+vvAbqOhoZ558uNmh8mVw1ZyqRDSps HTTP/1.1" 200 97
186.102.117.1 - - [10/Nov/2023:00:33:01 -0500] "GET /kwssiamovil/sm/acme/s?s=U2FsdGVkX19RWLBsDvppfYvxwY99pJFZF9sW+7ci1liGUXX277ezI7Dlvr0Wk0pGAdbjB+VLPSrKmK3jfkRrB3pKNTN5Po3o+cChb+eA8nqH84pzbhObQRNZr1u9a6lqs6kSe4Ev8RtWjfS8dgrOrtXgXZkYwvi/xgLXiGANBKoqopFEMmzjwX+CdNGalVOVFrIRISJPrLjWfpOTv6szj/b+rqlcil8vditriSaX9rGNiGyoFFAYCpvIE4vHxkJfA6kUG31Q78XE6w1oiliwBRu/thgSC+gHfcveFR76NS7AeWArN0ySE3yGxRqnJ2S4W3+BBjUk31zxcZbz2TwGFcFgDK4gv4C440hdYLO84Ue8CEAp58QCdJ+xF6bMQC27wBfRLzYbH0KjxL2DVQMRBWk0Jj6oJ9Bzfz6RBWqJzmt2Qgm26DrSlrIA1C4ems1wInZgles70EtCmfwvNxE2Wx8lGn/WvYXrpELbHlqC/D09PtqIfZqvzW5uLWCWajsTKVExGy60yyjNaGq9yWqlr6EQi6EGzmc4/4MO4PoD3ZAN6Gokw6CifmB2twPpVKQWW00cVsQzUsAyqhroJVhSPUwfchyd50qaM94sJY1pd3PNyNoYz80s8aKa/q2/kz9EW/RCCW7WvLwT44GIStfwb6Dqw2toWpMfkU1TVIj3BYWLB9JHZ4jVSXGHf9mq9c/9Hd9zAcgPXfyCIVK1gAaizBBjaLzxugrVNZI5eMgCPC9kbb22zIh2DTWRTUPd07Rc25Drh5mhbxKQlibSQEtS4hYaXSBxCpwbsln4UP2htqXiwRAQAtzS9gKS/l+iVEiPci6gKhT1j/7x02yogsSApFmMVeF1Apa0AGFBD5Dlu+hoYeqBsdR0Bw/YLwOv12kL8kwKRQneYxQ4QC/eChB1dFSr57ai19+qLN4y3KguOxMD55nngtXne+Gf3bzaxv9t0VLoWd0sfE9fgSgS5+iBsIaC7RKYDrdA4OdwnhbpNg8AxAjwN/gOeH0wX2zfziKYHJTaQIoIJoW2eBvZD+pEbLkiWk2g/7ps2JR05iLX9UMMnVJjumI6vveo9p81ZUQ3UvPxi7CW/TJ00Ogucwaqq27MLivN9tNZd1+ycsn4OHIInDKYYGEKZ987VL2jCGv5jeEkK9K6QWg7u9uv02SyDZzaOnaYPaCjUz+ODNlou5cXOONW5cp9Fx+/rleZ7H7315lRA8BgQx2Q+cgGu6NUHMiCGuidOd5uNh1TTK7+pkE6PlgjqSZCp0zehjR07jvqoIvaM8GAEyxH4i4JwLiNmCoaeO0VU8rwPSKF5VYvPCzgsTDz/qF/1TEIQYkjkR8mNAdGvzfYWZ5faTW6erVFKmyB+Jvy3XvZ2s65cBiMYBRpwC4ULqs8CtFChLBUAT6qp82vZfSAHArbzt13fLaXYHYsQjmtZPmfr0BTdVU2vTVanZTJ04tuZBXpRhKSKlivk3bMVWFMJ2+h4GxXk6cm/NbIgM9jKcytlpGOLUIsplrwMpr2hIl2ElBnXyIRuswOJkRhywPDF0MDUygAvrJ7N9PnhWNgQOAOkPuhonNUwSnA9VkhiY85KSw+QTgNWcG9PPCRdsKX0Q7NvHczNczwL8DjdlKhU/D5Vh3yxMLc9RjexnaLdFd9Ko3ZKFMlWx5Pc1bJCrXsJdbZmelWZECXIkwttfIm/8bjMSdySBonIvPUnNyeWQRN9jOzMBkN+rb85Q0C024eDn0RtYahIXoOR7Cp8Bq+8BqNu0Y0puQvVVkbW+AGKOGAF4NwxYLsvHgJ&u=U2FsdGVkX19RXhPaWY4NZj3reh+e9ejbblGYktHS8+0M5IIWeEdhI3lsmz+skZVh&y=U2FsdGVkX1/IUv0Xxg0JigN6E7oWLFpSML+vvAbqOhoZ558uNmh8mVw1ZyqRDSps HTTP/1.1" 200 3601
186.102.117.1 - - [10/Nov/2023:00:33:01 -0500] "GET /kwssiamovil/sm/acme/s?s=U2FsdGVkX1+ir8UQnvvr7WvNp+v7SVN0P/FBA5kg7YHK0bgx+nu8S0PZOjNvhp0i2wsM6S5wt/x+4tMnZR4EUgzXWAm8vxM2p86RqiG0X/6GT99Ud/WRcXfM6wbsH4GeROj4IwEPp0ukp5Fb7i9MmRgHAl3NSp7LswtVmX3mh4PBAPfMSyYQOOo2qdsii+w5TxQM2PdYqs6Qcg9aUUMUOn7J+mSr/D8kI7D21V164CyajDkC3Ajwf3Vaw9eF0L8Liqil903fpPWeSsmdLIBOEQO+8hGRj/d+Jju05Q32Czv79GYS7B3xP536yrNzP0h1k2jZg4sOAGvCU1kJC8w7xkZfCL0UMQ/Ef/cqqSJjoUpWVFcWbJ8d0ZMl/gtL30n8QWfAT6RGE6j0+NPVuhAWhRm0mOIguhYEfp4GpQAWI/JTTZ8YAfeCU5nXgYIqP3yU77+l0D7z1g6ZRvJ9Xhr7rhom72XRCWoiMfQfGxtVGETRlXsFLddsJpsezLM0thh5pphfINIgz0XQSxv+Q5dIy5JC8SbUEthScRAGWWfhRXFvo/pSzRS8yOdBsr/aMoIgiUKR6AR8g0+nRc3B+a13GvHHa1pLb9AWZZJTHtu79z+Hrs2xHIygGuT/cC2lnGAStDrLZjsp9VvdZf5DbZDOO6sHmw20PhZ09/W302MIJh0cEoXxg92yMDR2az/h8wH5hF7NVkd8dG5QFcTLFZvvcLL/uWM2bqBD7FrcQ3d0WNB2J7mehKeEZER4jlA3xsNs&u=U2FsdGVkX19RXhPaWY4NZj3reh+e9ejbblGYktHS8+0M5IIWeEdhI3lsmz+skZVh&y=U2FsdGVkX1/IUv0Xxg0JigN6E7oWLFpSML+vvAbqOhoZ558uNmh8mVw1ZyqRDSps HTTP/1.1" 200 208
186.102.117.1 - - [10/Nov/2023:00:33:02 -0500] "GET /kwssiamovil/sm/cjson/pre?f=1&x=U2FsdGVkX198RY1iuGS1JecaQR2nQTyc/Q88o0UiaR4Ql9TtQsEpFKR9KnQ12ts1f4c+WJh+UVY7GPAFkb2coA== HTTP/1.1" 200 31032
172.22.2.4 - - [10/Nov/2023:00:32:15 -0500] "HEAD /BLA/boletinlegal/ HTTP/1.1" 200 -
20.15.133.173 - - [10/Nov/2023:00:34:04 -0500] "GET /robots.txt HTTP/1.1" 404 1018
20.15.133.186 - - [10/Nov/2023:00:34:09 -0500] "GET /Publicaciones/2023EE205033.pdf HTTP/1.1" 404 228
172.22.2.4 - - [10/Nov/2023:00:33:05 -0500] "GET /BLA/boletinlegal/ HTTP/1.1" 200 52827
216.245.221.92 - - [10/Nov/2023:00:36:37 -0500] "HEAD / HTTP/1.1" 200 -
201.245.192.253 - - [10/Nov/2023:00:36:48 -0500] "POST /kwsrmcab/Wsrmcab HTTP/1.1" 200 40172
201.245.192.253 - - [10/Nov/2023:00:36:51 -0500] "POST /kwsrmcab/Wsrmcab HTTP/1.1" 200 38507
201.245.192.253 - - [10/Nov/2023:00:36:53 -0500] "POST /kwsrmcab/Wsrmcab  HTTP/1.1" 200 38506
40.77.167.40 - - [10/Nov/2023:00:38:10 -0500] "GET /BLA/resoluciones/index.php?dir=AUTOS+2007%2F HTTP/1.1" 200 628423
40.77.167.26 - - [10/Nov/2023:00:38:28 -0500] "GET /forest/ HTTP/1.1" 200 12041
172.22.2.4 - - [10/Nov/2023:00:38:05 -0500] "HEAD /BLA/boletinlegal/ HTTP/1.1" 200 -
201.245.192.253 - - [10/Nov/2023:00:40:06 -0500] "POST /kwsrmcab/Wsrmcab HTTP/1.1" 200 40172
201.245.192.253 - - [10/Nov/2023:00:40:10 -0500] "POST /kwsrmcab/Wsrmcab HTTP/1.1" 200 38507
172.22.2.4 - - [10/Nov/2023:00:38:55 -0500] "GET /BLA/boletinlegal/ HTTP/1.1" 200 61018
216.245.221.92 - - [10/Nov/2023:00:41:36 -0500] "HEAD / HTTP/1.1" 200 -
201.245.192.253 - - [10/Nov/2023:00:41:51 -0500] "POST /kwsrmcab/Wsrmcab  HTTP/1.1" 200 38506
40.77.167.40 - - [10/Nov/2023:00:44:54 -0500] "GET /BLA/resoluciones/Notificaciones/REGISTROS%202018/1159.pdf HTTP/1.1" 200 265833
172.22.2.4 - - [10/Nov/2023:00:43:55 -0500] "HEAD /BLA/boletinlegal/ HTTP/1.1" 200 -
172.22.2.4 - - [10/Nov/2023:00:44:45 -0500] "GET /BLA/boletinlegal/ HTTP/1.1" 200 58294
40.77.167.77 - - [10/Nov/2023:00:46:30 -0500] "GET /sipse/faces/faces/autenticacion.xhtml HTTP/1.1" 200 12729
216.245.221.92 - - [10/Nov/2023:00:46:37 -0500] "HEAD / HTTP/1.1" 200 -
201.245.192.253 - - [10/Nov/2023:00:46:51 -0500] "POST /kwsrmcab/Wsrmcab  HTTP/1.1" 200 38506
172.22.2.4 - - [10/Nov/2023:00:49:45 -0500] "HEAD /BLA/boletinlegal/ HTTP/1.1" 200 -
216.245.221.92 - - [10/Nov/2023:00:51:36 -0500] "HEAD / HTTP/1.1" 200 -
201.245.192.253 - - [10/Nov/2023:00:51:50 -0500] "POST /kwsrmcab/Wsrmcab  HTTP/1.1" 200 38506
66.249.66.21 - - [10/Nov/2023:00:52:10 -0500] "GET /resoluciones/RESOLUCIONES%202008/1601.pdf HTTP/1.1" 404 1018
172.22.2.4 - - [10/Nov/2023:00:50:35 -0500] "GET /BLA/boletinlegal/ HTTP/1.1" 200 58644
186.102.117.1 - - [10/Nov/2023:00:54:36 -0500] "OPTIONS /kwssiamovil/sm/setfile/f? HTTP/1.1" 200 13
186.102.117.1 - - [10/Nov/2023:00:54:37 -0500] "POST /kwssiamovil/sm/setfile/f? HTTP/1.1" 200 381
186.102.117.1 - - [10/Nov/2023:00:54:43 -0500] "GET /kwssiamovil/sm/acme/a?s=U2FsdGVkX1/o1kp6QQ2JhQxHZ+RMDgrKmqqJSTGit5oYciTahXawtPc/D4NDevn3R+MsCJa0fShGSq5UFtgXBxwA028ORt/xIOLFseueGBBho81Z4g08uRFwjXY1eV8cIY3UdtrPMP0zvRsV1j0r67yB23vg+Nou3JvqwhA9fUhsT7vPBHaEdD6r3TjVFNPxnSEps6erL/xI/xlxLI3IGtwTzHaOKR3m2WtAbhnuwHhCpSNfxGtfQ0lnXEpLX0ibAjqbs3shT4mbeg4l6Ro4hg==&u=U2FsdGVkX19RXhPaWY4NZj3reh+e9ejbblGYktHS8+0M5IIWeEdhI3lsmz+skZVh&y=U2FsdGVkX1/IUv0Xxg0JigN6E7oWLFpSML+vvAbqOhoZ558uNmh8mVw1ZyqRDSps HTTP/1.1" 200 26
186.102.117.1 - - [10/Nov/2023:00:54:44 -0500] "GET /kwssiamovil/sm/acme/a?s=U2FsdGVkX1/5DmLqnFFk8rXpbSm595EH7obLn7vlSTelMSKRcoZLTepv1vaE3fPjMmiAcCqUNx/csjSrhPR1Ad7GHI/hJkfiKqHsHAh3EFqkooNus48XMLCcLAeHLwq2sJEMMCi7q/ms7TGi5R1lyaVNV+TjsdDMDjVHnSvghLyj6hRr5vghckK7TNi5vM/HPu1Dyv0GnSLyVZrU2BGDBGebYcupXMOr32slpEphhR2mh6S/GO/gIr3xakEm1ykQyZBxDBTE6HKjg98lP5jvHFCPSfrXH9rekOmxBzRp6UZ48P6xWHlOEDg50YJP1tIcxcfh67GtyhwWiRsKvm6nt8MxNlJOI6seshJuH8wME6/aBPXdkoJ6qWBPyNX0cBeFdj3/Mv5JQKv0elbbKeVV0f+GYDKSDO/4PmkU/+385sWa9zOweqChLjXHp0NmRxIDky0tXVyBCGht2WCIU1L+mA3bkx4N95CAs93go0e6y1XdcgoJ1yu6/La+EKpMi7oFatSiKoLX5pdxsQk8WNnW/kfTfYaLBj9cJYGCP3+DeBErs/hCBsiOWiWTQuracTo1NcrA3e5fm3kQCQdsFYOK+OvulcPNx5UugPTYcsTOnRTOExhmoqTjwE2+TlNJvulfSjONKYhgsAZ+aGJjFWzQGHZLgoQWEoRTpK+sXxooKbV+DEnP8gg7IBbOmPxj1czgu7tYL0+S45j45hzZk4Lmf/C6DYNM1m29jz4fB937exIB+xcZ6mzgFjQiyaPdTD17urWondhcLBk7eipw6PJYuW1HUEprp3lKMLipXC8w9IcEUSB+aIOrYHmBskchf2Ya1CnmSBA4nbibh9dmZMMl+PIrgtrBBPHwNzbgwidM6wiQfoCMdkKP3IfbZfsR51toEUIhV1eGYuGQ9VQeB713z3MRIc2Pkr9iaoZkk2z1Y1bu4rT+NlRyOKOgp+HBsmGQrxoOjwGsuRWKuAtRvzDDmoSA20k2lx589UTWpI+TSPsXfo8tEafK04TG48WSQ6OSOLeDL5OOJKK7DxYgAgb2uR64MVKl88IrygqGxnQV/kApWnoQSE/BAJQQP4IlZ9WXlcaG5Eu9hvr9Y+nUnjQmJWKbkpWL7im0a61GJ1x6t0q+QVS/HXRyJPlEkybHFNLJng4s9oPw2WQetD+j2avRomnwYSx3Q5SoMeylmR9Z2cbyuO75FupTiM/+IoxPKqESm/ZAf5nl4YRDppZQn93ex0Z/oFEsZi8NjOyAX0qDDP+7oglet7z3AQjCwXVq7prCjN4TRk1fD50dyFaONPbE5a+CiWly14SvPn04tMrlfHat0jiYGrSMD3ywMR6yEp2WzhC3aXoHOLbAAu+eEMxsEDOYZoNYEWOkWHTRUlWFYiDSVoCAxiacux891DWgymcKOMfJaXRVKQX3YRsAh0Dem8UTb+LovJRNNv+wdzp9Z3lfRp5G0nB9SaLR0SgKCOd9Iv/U0KPf3UeV3OAW+34gkl67RLbgdWgd8PdEV7oWTUZCjiAMkNxk8uak64v5te9yrMUL2lgZZLDeQxvRjkK8D2ibgNRWWc4g3IKjmto+8Zbcqt6JYmKcYeZpG/0swWjM5zl9qD4u7nO6rZ3+oy3LicD0P74v5jDjVzCMXU0Zp9qKQ7TcxZHTJjNMTrUKEM82JpLF2NlDc96O44SmWj7NTZE2Fm+kufk9mfLGi43lOPVooZTenmLn21FzB+I61oYBSL1+QWdfQBpO7S4aIIqJabZuN/TsYEkrLHOwN8b/hOCStm++0jkuoESh8Rmbn+0muxLDafVJNCAYmvzRVvjUy4+2aTMyGCmrVKweLd0XdrJ4xS8mr/lc5a7JZ1tVxRzzByna4y40zg7HDHPnzb1vIsDF2wOfXpOyFf7MT4z2GRayLArlgShdr4L4gsvCz3uUYlIvEoybFv8GhhP3W1HJqKx35S+GcbKCdq3iI2pdmBykGxpR73oQNfxxrJrICbfdoxKSWI8H2yAGU86csD3v08ZC10n1+apAiP4t7Q8isxttg8DDeaofm259DSBI1EwoxcwOugLnJZ+sVDFzHtjuEK6JEK+UpT0Ft4OXW+n+fWSjMF8MGffZ6DSH6vQ7j2fRig9R3u520ZM4/g6naeo3auyPv0mW3YXb/ao8oPV2FiM2ZXlDFlFm9el/gJX+uQUdIn+NATxWu3vAF7nDD7vZW+O9ToEme9cyEfbUvZMCy9r7UEnunNeVEFZD+afdcuKl/2GWbIJJ7E5O3AvtVBdX8xyXrmXoO3y8hqjVh+lCluYDbcvCXVDaYFrS1i0HKAlOBFTxDNWHkQDpuwYsJhjyHWhUsn55iwpwwrTuMTh1wDHbnJ1a00GxgkJvScZDCPhAK3/rQaCcUT5KQ8h3VBJxiPTKrUu2HaEJUJdWw6fzLn+Vuz/LZ1ZmbjAVsFZhTju3D5Qk7YdjVAlCaAznGjfLdZdA6Ar5sYciP7O1C0hwnDbwqUGwO8FAOONMKqeF5/YHOXTK3wnI10Y+GdI+GILO2Mysqb5ldgDQ8tg/XXZWIFER90nri1apwoXPgB6iD4zW49KpxCiLKzaecGjdARb4LN4eWIVru1Q16rFdYkNY74j6MFOXFHFg44yWpJ12XGjprmRZIZL+nMDraFdUUtjBlA==&u=U2FsdGVkX19RXhPaWY4NZj3reh+e9ejbblGYktHS8+0M5IIWeEdhI3lsmz+skZVh&y=U2FsdGVkX1/IUv0Xxg0JigN6E7oWLFpSML+vvAbqOhoZ558uNmh8mVw1ZyqRDSps HTTP/1.1" 200 26
186.102.117.1 - - [10/Nov/2023:00:54:44 -0500] "GET /kwssiamovil/sm/acme/a?s=U2FsdGVkX18QtM6IfiSFxNSjX0nM95TD9bF7yY5AC/B+pwvfY9WjuNT10UC1r4U7LeiVKsH2Iqj69w5aCtqsXmTRLAjQ5aAI7ou2p3Gf8J8LkgFNhd3jKn2j39AaqZlIgy0Ia1dVkMJZsKmMJQQL0sGpP177YR3Vwm9UCdoG/iY=&u=U2FsdGVkX19RXhPaWY4NZj3reh+e9ejbblGYktHS8+0M5IIWeEdhI3lsmz+skZVh&y=U2FsdGVkX1/IUv0Xxg0JigN6E7oWLFpSML+vvAbqOhoZ558uNmh8mVw1ZyqRDSps HTTP/1.1" 200 26
186.102.117.1 - - [10/Nov/2023:00:54:45 -0500] "GET /kwssiamovil/sm/acme/a?s=U2FsdGVkX19AA2J8vZNbAlBY7jEVm/CDdCEjlQCDYr1SFqd7+dNu67K5o4aKbDf+CiJDtXgu4/dSNsCj29FfEwyfRD9VWxXr6j5XnLgcPHRBVdvnigqAeMgF6saiM59gEA17CfCjYl+6o18/E7ibtgn34cLGHk9ypX8wwgfrqj4=&u=U2FsdGVkX19RXhPaWY4NZj3reh+e9ejbblGYktHS8+0M5IIWeEdhI3lsmz+skZVh&y=U2FsdGVkX1/IUv0Xxg0JigN6E7oWLFpSML+vvAbqOhoZ558uNmh8mVw1ZyqRDSps HTTP/1.1" 200 26
186.102.117.1 - - [10/Nov/2023:00:54:45 -0500] "GET /kwssiamovil/sm/acme/a?s=U2FsdGVkX19azU9sOAgqbegBm632vkzC+tfI4lB2tY/MhAH3X1g84VX9mr07zxMzo+/h8BdfmNqBFmTY7l+Sy5JYfQVOwWgpxeOy6TPHNhdhkLVDuIYCLr2KURd6phyaIUf7WK5dEfNssTLU8qAap+ZCeAu0fMleYL2+2F+xo0A=&u=U2FsdGVkX19RXhPaWY4NZj3reh+e9ejbblGYktHS8+0M5IIWeEdhI3lsmz+skZVh&y=U2FsdGVkX1/IUv0Xxg0JigN6E7oWLFpSML+vvAbqOhoZ558uNmh8mVw1ZyqRDSps HTTP/1.1" 200 26
186.102.117.1 - - [10/Nov/2023:00:54:45 -0500] "GET /kwssiamovil/sm/acme/a?s=U2FsdGVkX1/ROayk89UQrecPUxMjbmePEApWXNWvuWB+/TDJeAjxAYGGb4/axfSK4fgQB64FudMDvxjTjKcVK2uObD0mvCp1vwdyYbmXdfwuuoqeFW/dmet0pvbJ4zHqBzHJtiH+30yO3zeTcG0aV81TCCQv1k44K79OPbQNo2cIhpecWG7XkitEKF/ZjNnSEiUIzT3+Nr1elQ2yJrd0hg==&u=U2FsdGVkX19RXhPaWY4NZj3reh+e9ejbblGYktHS8+0M5IIWeEdhI3lsmz+skZVh&y=U2FsdGVkX1/IUv0Xxg0JigN6E7oWLFpSML+vvAbqOhoZ558uNmh8mVw1ZyqRDSps HTTP/1.1" 200 26
186.102.117.1 - - [10/Nov/2023:00:54:45 -0500] "GET /kwssiamovil/sm/acme/a?s=U2FsdGVkX19TSHxX/c0UPs/U1mid/f5lh4bMyxM31yH/ngHT4yrYy434q7q/4TSDT3rE7Df8rVsHSd7uPAnPSQW7Yg7gkG0zuHrTusCxnWVt7dt/bnbw7sKBghMVLPEOOe06a806odQyjDQaTKv0bJ95ytTnUPpbe3t7nF4eHUvMGt8NYFwnso6yWQsIg7DcME+D2ceKwetIrrYQV/+OJv/fIl8qJvzSN3D0CjD3yfI0v4SRMhOHT88kDBgEl/5d/z9Ifxrwg4vC0+3Gp5u76p809Iw/+6/Xq2ER95NJ3QdJNpOb7Us5HfGOnE/8FQ2911I/TMO/oAOhokbMD3NMBNqDIho+Q1Ug6icqzpuSdLAuFA12D23/MYWjOoNSuep2CNLwqRVHRe7d6CMYe91jKl2necN6gPBcbOLQjgly1FZMvjEbifF/nmZsj+XuOJI6wJMz4UPIITt/Xc1n5olV4w==&u=U2FsdGVkX19RXhPaWY4NZj3reh+e9ejbblGYktHS8+0M5IIWeEdhI3lsmz+skZVh&y=U2FsdGVkX1/IUv0Xxg0JigN6E7oWLFpSML+vvAbqOhoZ558uNmh8mVw1ZyqRDSps HTTP/1.1" 200 25
186.102.117.1 - - [10/Nov/2023:00:54:45 -0500] "GET /kwssiamovil/sm/acme/a?s=U2FsdGVkX1/jRY86m5CRZEGzJ+cZcr2vTWJfaA9Fd7uaksNCMPA4n8b56xN6EbqcXaskcO74u9fC9EwcdMOXKodENL1HjGs/h0r83YNdYvlCtLrWF80aYU/k+76upzA2m0g7RwDZyxHY33CgO+ODyyFPR3ChrIqeHJC4RL7eCuooaUzcJ9H4VmJ7SdAU86PcwcuHhhYDmECeD39DzDzQZZrASnAG7oXQaVNNKo6Qx22JNdERrAgAi2g8NpQlBNUj+Lut0DnY5utC5fndYF4ZdHkNIDa+1XC1Ipjh+Ih0X1H1OR1NhFNHS5cevPjNCW3s5p510Irup1tcwqwjfL8/lGjpDM9r/JsWLJItdH7YiCuiDgS9dUYzc7Scpva3cDjhmTII0fXw5OWZPuy/uHHtASJIXvHqtkc30Euqp8Bh/9gLccqqbwstRTk0K9cbYdzV&u=U2FsdGVkX19RXhPaWY4NZj3reh+e9ejbblGYktHS8+0M5IIWeEdhI3lsmz+skZVh&y=U2FsdGVkX1/IUv0Xxg0JigN6E7oWLFpSML+vvAbqOhoZ558uNmh8mVw1ZyqRDSps HTTP/1.1" 200 25
172.22.2.4 - - [10/Nov/2023:00:55:26 -0500] "GET /BLA/boletinlegal/js/jquery.scrollTo-min.js HTTP/1.1" 200 1150
172.22.2.4 - - [10/Nov/2023:00:55:26 -0500] "GET /BLA/boletinlegal/js/jquery.scrollShow.js HTTP/1.1" 200 4586
172.22.2.4 - - [10/Nov/2023:00:55:26 -0500] "GET /BLA/boletinlegal/js/jquery.js HTTP/1.1" 200 57254
52.167.144.137 - - [10/Nov/2023:00:56:03 -0500] "GET /BLA/resoluciones/index.php?dir=AUTOS+2019%2F HTTP/1.1" 200 390920
172.22.2.4 - - [10/Nov/2023:00:55:16 -0500] "GET /BLA/boletinlegal/ HTTP/1.1" 200 32715
66.249.66.21 - - [10/Nov/2023:00:56:35 -0500] "GET /BLA/resoluciones/AUTOS%202009/1861.pdf HTTP/1.1" 200 101532
216.245.221.92 - - [10/Nov/2023:00:56:36 -0500] "HEAD / HTTP/1.1" 200 -
201.245.192.253 - - [10/Nov/2023:00:56:49 -0500] "POST /kwsrmcab/Wsrmcab  HTTP/1.1" 200 38506
191.156.229.229 - - [10/Nov/2023:00:57:01 -0500] "GET /sipse/faces/javax.faces.resource/theme.css?ln=primefaces-sipse HTTP/1.1" 304 -
191.156.229.229 - - [10/Nov/2023:00:57:01 -0500] "GET /sipse/faces/javax.faces.resource/primefaces.css?ln=primefaces&v=4.0 HTTP/1.1" 304 -
191.156.229.229 - - [10/Nov/2023:00:57:01 -0500] "GET /sipse/faces/javax.faces.resource/layout/layout.css?ln=primefaces&v=4.0 HTTP/1.1" 304 -
191.156.229.229 - - [10/Nov/2023:00:57:01 -0500] "GET /sipse/faces/javax.faces.resource/jquery/jquery.js?ln=primefaces&v=4.0 HTTP/1.1" 304 -
191.156.229.229 - - [10/Nov/2023:00:57:01 -0500] "GET /sipse/faces/javax.faces.resource/primefaces.js?ln=primefaces&v=4.0 HTTP/1.1" 304 -
191.156.229.229 - - [10/Nov/2023:00:57:01 -0500] "GET /sipse/faces/javax.faces.resource/jquery/jquery-plugins.js?ln=primefaces&v=4.0 HTTP/1.1" 304 -
191.156.229.229 - - [10/Nov/2023:00:57:01 -0500] "GET /sipse/faces/javax.faces.resource/layout/layout.js?ln=primefaces&v=4.0 HTTP/1.1" 304 -
191.156.229.229 - - [10/Nov/2023:00:57:01 -0500] "GET /sipse/faces/javax.faces.resource/images/ui-icons_898989_256x240.png?ln=primefaces-aristo HTTP/1.1" 304 -
191.156.229.229 - - [10/Nov/2023:00:57:01 -0500] "GET /sipse/faces/faces/index.xhtml HTTP/1.1" 200 677
191.156.229.229 - - [10/Nov/2023:00:57:02 -0500] "GET /sipse/faces/javax.faces.resource/theme.css?ln=primefaces-sipse HTTP/1.1" 304 -
191.156.229.229 - - [10/Nov/2023:00:57:02 -0500] "GET /sipse/faces/faces/faces/autenticacion.xhtml HTTP/1.1" 200 12407
191.156.229.229 - - [10/Nov/2023:00:57:02 -0500] "GET /sipse/faces/javax.faces.resource/theme.css?ln=primefaces-sipse HTTP/1.1" 304 -
191.156.229.229 - - [10/Nov/2023:00:57:02 -0500] "GET /sipse/faces/javax.faces.resource/jquery/jquery.js?ln=primefaces&v=4.0 HTTP/1.1" 304 -
191.156.229.229 - - [10/Nov/2023:00:57:02 -0500] "GET /sipse/faces/javax.faces.resource/primefaces.css?ln=primefaces&v=4.0 HTTP/1.1" 304 -
191.156.229.229 - - [10/Nov/2023:00:57:02 -0500] "GET /sipse/faces/javax.faces.resource/layout/layout.css?ln=primefaces&v=4.0 HTTP/1.1" 304 -
191.156.229.229 - - [10/Nov/2023:00:57:02 -0500] "GET /sipse/faces/javax.faces.resource/jquery/jquery-plugins.js?ln=primefaces&v=4.0 HTTP/1.1" 304 -
191.156.229.229 - - [10/Nov/2023:00:57:02 -0500] "GET /sipse/faces/javax.faces.resource/primefaces.js?ln=primefaces&v=4.0 HTTP/1.1" 304 -
191.156.229.229 - - [10/Nov/2023:00:57:02 -0500] "GET /sipse/faces/javax.faces.resource/layout/layout.js?ln=primefaces&v=4.0 HTTP/1.1" 304 -
172.22.2.4 - - [10/Nov/2023:00:57:12 -0500] "GET /BLA/boletinlegal/normativa.php HTTP/1.1" 200 8343
172.22.2.4 - - [10/Nov/2023:00:55:35 -0500] "HEAD /BLA/boletinlegal/ HTTP/1.1" 200 -
172.22.2.4 - - [10/Nov/2023:00:56:25 -0500] "GET /BLA/boletinlegal/ HTTP/1.1" 200 58644
66.249.66.19 - - [10/Nov/2023:00:58:07 -0500] "GET /BLA/resoluciones/RESOLUCIONES%202011/3514.pdf HTTP/1.1" 200 440045
52.167.144.174 - - [10/Nov/2023:00:59:42 -0500] "GET /sipse/faces/autenticacion.xhtml HTTP/1.1" 200 12729
216.245.221.92 - - [10/Nov/2023:01:01:36 -0500] "HEAD / HTTP/1.1" 200 -
201.245.192.253 - - [10/Nov/2023:01:01:48 -0500] "POST /kwsrmcab/Wsrmcab  HTTP/1.1" 200 38506
172.22.2.4 - - [10/Nov/2023:01:01:25 -0500] "HEAD /BLA/boletinlegal/ HTTP/1.1" 200 -
172.22.2.4 - - [10/Nov/2023:01:02:15 -0500] "GET /BLA/boletinlegal/ HTTP/1.1" 200 58644
207.46.13.168 - - [10/Nov/2023:01:04:41 -0500] "GET /el-reverdecer-de-bogota-no-para-207-nuevos-arboles-plantados-en-el-sur-de-la-ciudad.html HTTP/1.1" 200 912
216.245.221.92 - - [10/Nov/2023:01:06:36 -0500] "HEAD / HTTP/1.1" 200 -
201.245.192.253 - - [10/Nov/2023:01:06:47 -0500] "POST /kwsrmcab/Wsrmcab  HTTP/1.1" 200 38506
172.22.2.4 - - [10/Nov/2023:01:08:21 -0500] "GET /BLA/boletinlegal/Circulares/2011/Circular%20No.%202%20del%2031%20de%20Mayo%20de%202011.pdf HTTP/1.1" 304 -
172.22.2.4 - - [10/Nov/2023:01:08:30 -0500] "GET /BLA/boletinlegal/jurisprudencia/analisis/AnalisisT-606-15.docx HTTP/1.1" 200 26698
172.22.2.4 - - [10/Nov/2023:01:08:30 -0500] "GET /BLA/boletinlegal/apple-touch-icon-120x120-precomposed.png HTTP/1.1" 404 1140
172.22.2.4 - - [10/Nov/2023:01:08:30 -0500] "GET /BLA/boletinlegal/apple-touch-icon-120x120.png HTTP/1.1" 404 1140
172.22.2.4 - - [10/Nov/2023:01:08:30 -0500] "GET /BLA/boletinlegal/apple-touch-icon-precomposed.png HTTP/1.1" 404 1140
172.22.2.4 - - [10/Nov/2023:01:08:30 -0500] "GET /BLA/boletinlegal/apple-touch-icon.png HTTP/1.1" 404 1140
172.22.2.4 - - [10/Nov/2023:01:08:30 -0500] "GET /BLA/boletinlegal/favicon.ico HTTP/1.1" 404 1140
172.22.2.4 - - [10/Nov/2023:01:08:30 -0500] "GET /BLA/boletinlegal/apple-touch-icon-120x120-precomposed.png HTTP/1.1" 404 1140
172.22.2.4 - - [10/Nov/2023:01:08:30 -0500] "GET /BLA/boletinlegal/apple-touch-icon-120x120.png HTTP/1.1" 404 1140
172.22.2.4 - - [10/Nov/2023:01:08:30 -0500] "GET /BLA/boletinlegal/apple-touch-icon-precomposed.png HTTP/1.1" 404 1140
172.22.2.4 - - [10/Nov/2023:01:08:30 -0500] "GET /BLA/boletinlegal/apple-touch-icon.png HTTP/1.1" 404 1140
172.22.2.4 - - [10/Nov/2023:01:08:31 -0500] "GET /BLA/boletinlegal/favicon.ico HTTP/1.1" 404 1140
172.22.2.4 - - [10/Nov/2023:01:08:54 -0500] "GET /BLA/boletinlegal/Directivas/2017/Directiva%20No.%2004%20del%2028%20de%20Abril%20de%202017.pdf HTTP/1.1" 200 8194919
172.22.2.4 - - [10/Nov/2023:01:07:15 -0500] "HEAD /BLA/boletinlegal/ HTTP/1.1" 200 -
172.22.2.4 - - [10/Nov/2023:01:08:05 -0500] "GET /BLA/boletinlegal/ HTTP/1.1" 200 61018
216.245.221.92 - - [10/Nov/2023:01:11:36 -0500] "HEAD / HTTP/1.1" 200 -
201.245.192.253 - - [10/Nov/2023:01:11:45 -0500] "POST /kwsrmcab/Wsrmcab  HTTP/1.1" 200 38506
152.61.192.232 - - [10/Nov/2023:01:13:26 -0500] "GET / HTTP/1.1" 200 319
66.249.66.77 - - [10/Nov/2023:01:13:55 -0500] "GET /robots.txt HTTP/1.1" 404 1035
66.249.66.76 - - [10/Nov/2023:01:13:55 -0500] "GET /portaldeninos/parque-mirador-de-los-nevados/ HTTP/1.1" 200 89855
66.249.66.193 - - [10/Nov/2023:01:13:56 -0500] "GET /los-tramites-y-servicios-que-ofrece-la-secretaria-de-ambiente-de-bogota.html HTTP/1.1" 200 911
172.22.2.4 - - [10/Nov/2023:01:13:04 -0500] "HEAD /BLA/boletinlegal/ HTTP/1.1" 200 -
172.22.2.4 - - [10/Nov/2023:01:13:55 -0500] "GET /BLA/boletinlegal/ HTTP/1.1" 200 60634
205.210.31.50 - - [10/Nov/2023:01:16:36 -0500] "\x16\x03\x01" 400 226
205.210.31.50 - - [10/Nov/2023:01:16:36 -0500] "\x16\x03\x01" 400 226
216.245.221.92 - - [10/Nov/2023:01:16:36 -0500] "HEAD / HTTP/1.1" 200 -
201.245.192.253 - - [10/Nov/2023:01:16:44 -0500] "POST /kwsrmcab/Wsrmcab  HTTP/1.1" 200 38506
201.245.192.253 - - [10/Nov/2023:01:16:48 -0500] "POST /kwsrmcab/Wsrmcab HTTP/1.1" 200 40179
201.245.192.253 - - [10/Nov/2023:01:16:52 -0500] "POST /kwsrmcab/Wsrmcab HTTP/1.1" 200 38369
66.249.66.19 - - [10/Nov/2023:01:17:54 -0500] "GET /BLA/resoluciones/RESOLUCIONES%202009/1584.pdf HTTP/1.1" 200 522515
66.249.66.19 - - [10/Nov/2023:01:19:07 -0500] "GET /resoluciones/RESOLUCIONES%202009/0131.pdf HTTP/1.1" 404 1018
201.245.192.253 - - [10/Nov/2023:01:20:06 -0500] "POST /kwsrmcab/Wsrmcab HTTP/1.1" 200 40179
201.245.192.253 - - [10/Nov/2023:01:20:09 -0500] "POST /kwsrmcab/Wsrmcab HTTP/1.1" 200 38369
172.22.2.4 - - [10/Nov/2023:01:18:54 -0500] "HEAD /BLA/boletinlegal/ HTTP/1.1" 200 -
52.167.144.228 - - [10/Nov/2023:01:21:04 -0500] "GET /BLA/resoluciones/index.php?dir=AUTOS+2022%2F HTTP/1.1" 200 507974
172.22.2.4 - - [10/Nov/2023:01:19:45 -0500] "GET /BLA/boletinlegal/ HTTP/1.1" 200 61018
216.245.221.92 - - [10/Nov/2023:01:21:36 -0500] "HEAD / HTTP/1.1" 200 -
201.245.192.253 - - [10/Nov/2023:01:21:43 -0500] "POST /kwsrmcab/Wsrmcab  HTTP/1.1" 200 38506
52.167.144.228 - - [10/Nov/2023:01:22:23 -0500] "GET /BLA/resoluciones/AUTOS%202011/7698.pdf HTTP/1.1" 200 509595
40.77.167.4 - - [10/Nov/2023:01:22:56 -0500] "GET /portaldeninos/parque-mirador-de-los-nevados/ HTTP/1.1" 200 89855
40.77.167.126 - - [10/Nov/2023:01:23:25 -0500] "GET /BLA/resoluciones/AUTOS%202022/6075.pdf HTTP/1.1" 200 372150
152.61.128.50 - - [10/Nov/2023:01:25:37 -0500] "GET / HTTP/1.1" 200 319
172.22.2.4 - - [10/Nov/2023:01:24:44 -0500] "HEAD /BLA/boletinlegal/ HTTP/1.1" 200 -
216.245.221.92 - - [10/Nov/2023:01:26:36 -0500] "HEAD / HTTP/1.1" 200 -
201.245.192.253 - - [10/Nov/2023:01:26:42 -0500] "POST /kwsrmcab/Wsrmcab  HTTP/1.1" 200 38506
201.245.192.253 - - [10/Nov/2023:01:26:48 -0500] "POST /kwsrmcab/Wsrmcab HTTP/1.1" 200 40179
201.245.192.253 - - [10/Nov/2023:01:26:52 -0500] "POST /kwsrmcab/Wsrmcab HTTP/1.1" 200 38369
172.22.2.4 - - [10/Nov/2023:01:25:36 -0500] "GET /BLA/boletinlegal/ HTTP/1.1" 200 58644
201.245.192.253 - - [10/Nov/2023:01:30:07 -0500] "POST /kwsrmcab/Wsrmcab HTTP/1.1" 200 40179
201.245.192.253 - - [10/Nov/2023:01:30:10 -0500] "POST /kwsrmcab/Wsrmcab HTTP/1.1" 200 38369
216.245.221.92 - - [10/Nov/2023:01:31:36 -0500] "HEAD / HTTP/1.1" 200 -
201.245.192.253 - - [10/Nov/2023:01:31:41 -0500] "POST /kwsrmcab/Wsrmcab  HTTP/1.1" 200 38506
172.22.2.4 - - [10/Nov/2023:01:30:36 -0500] "HEAD /BLA/boletinlegal/ HTTP/1.1" 200 -
172.22.2.4 - - [10/Nov/2023:01:31:26 -0500] "GET /BLA/boletinlegal/ HTTP/1.1" 200 55050
40.77.167.230 - - [10/Nov/2023:01:36:33 -0500] "GET /BLA/resoluciones/RESOLUCIONES%202021/5502.pdf HTTP/1.1" 304 -
216.245.221.92 - - [10/Nov/2023:01:36:36 -0500] "HEAD / HTTP/1.1" 200 -
201.245.192.253 - - [10/Nov/2023:01:36:39 -0500] "POST /kwsrmcab/Wsrmcab  HTTP/1.1" 200 38506
201.245.192.253 - - [10/Nov/2023:01:36:48 -0500] "POST /kwsrmcab/Wsrmcab HTTP/1.1" 200 40179
201.245.192.253 - - [10/Nov/2023:01:36:51 -0500] "POST /kwsrmcab/Wsrmcab HTTP/1.1" 200 38369
172.22.2.4 - - [10/Nov/2023:01:36:25 -0500] "HEAD /BLA/boletinlegal/ HTTP/1.1" 200 -
172.22.2.4 - - [10/Nov/2023:01:37:16 -0500] "GET /BLA/boletinlegal/ HTTP/1.1" 200 58644
201.245.192.253 - - [10/Nov/2023:01:40:06 -0500] "POST /kwsrmcab/Wsrmcab HTTP/1.1" 200 40179
201.245.192.253 - - [10/Nov/2023:01:40:09 -0500] "POST /kwsrmcab/Wsrmcab HTTP/1.1" 200 38369
216.245.221.92 - - [10/Nov/2023:01:41:36 -0500] "HEAD / HTTP/1.1" 200 -
201.245.192.253 - - [10/Nov/2023:01:41:39 -0500] "POST /kwsrmcab/Wsrmcab  HTTP/1.1" 200 38506
5.32.176.111 - - [10/Nov/2023:01:41:58 -0500] "GET / HTTP/1.1" 200 319
172.22.2.4 - - [10/Nov/2023:01:41:36 -0500] "GET /BLA/boletinlegal/ HTTP/1.1" 200 32715
172.22.2.4 - - [10/Nov/2023:01:41:25 -0500] "GET /BLA/boletinlegal/ HTTP/1.1" 200 48217
172.22.2.4 - - [10/Nov/2023:01:42:15 -0500] "HEAD /BLA/boletinlegal/ HTTP/1.1" 200 -
172.22.2.4 - - [10/Nov/2023:01:43:06 -0500] "GET /BLA/boletinlegal/ HTTP/1.1" 200 58644
199.16.157.180 - - [10/Nov/2023:01:46:07 -0500] "GET /images/pl%C3%A1sticos%20foto%201..jpg HTTP/1.1" 404 1034
199.16.157.181 - - [10/Nov/2023:01:46:08 -0500] "GET /images/pl%C3%A1sticos%20foto%201..jpg HTTP/1.1" 404 1034
216.245.221.92 - - [10/Nov/2023:01:46:36 -0500] "HEAD / HTTP/1.1" 200 -
201.245.192.253 - - [10/Nov/2023:01:46:38 -0500] "POST /kwsrmcab/Wsrmcab  HTTP/1.1" 200 38506
52.167.144.8 - - [10/Nov/2023:01:48:41 -0500] "GET /Publicaciones/2023EE182132.pdf HTTP/1.1" 404 228
52.167.144.228 - - [10/Nov/2023:01:49:12 -0500] "GET /BLA/resoluciones/AUTOS%202022/2329.pdf HTTP/1.1" 200 641262
172.22.2.4 - - [10/Nov/2023:01:48:05 -0500] "HEAD /BLA/boletinlegal/ HTTP/1.1" 200 -
172.22.2.4 - - [10/Nov/2023:01:48:56 -0500] "GET /BLA/boletinlegal/ HTTP/1.1" 200 61018
35.204.6.173 - - [10/Nov/2023:01:51:07 -0500] "GET /propietarios-inscritos-en-el-inventario-nacional-de-bifenilos-de-policlorados-tienen-plazo-hasta-noviembre-para-reportar-su-balance.html HTTP/1.1" 200 1003
152.61.192.232 - - [10/Nov/2023:01:51:31 -0500] "GET /arcgis/services/Calidad_del_Agua_WQI/MapServer/WMSServer?request=GetCapabilities&service=WMS HTTP/1.1" 503 1020
152.61.192.232 - - [10/Nov/2023:01:51:32 -0500] "GET /arcgis/services/Calidad_del_Agua_WQI/MapServer/WMSServer?SERVICE=WMS&REQUEST=GetCapabilities HTTP/1.1" 503 1020
152.61.192.232 - - [10/Nov/2023:01:51:32 -0500] "GET /arcgis/services/Calidad_del_Agua_WQI/MapServer/WMSServer?WMTVER=1.0.0&REQUEST=capabilities HTTP/1.1" 503 1020
216.245.221.92 - - [10/Nov/2023:01:51:36 -0500] "HEAD / HTTP/1.1" 200 -
201.245.192.253 - - [10/Nov/2023:01:51:37 -0500] "POST /kwsrmcab/Wsrmcab  HTTP/1.1" 200 38506
172.22.2.4 - - [10/Nov/2023:01:53:55 -0500] "HEAD /BLA/boletinlegal/ HTTP/1.1" 200 -
172.22.2.4 - - [10/Nov/2023:01:54:46 -0500] "GET /BLA/boletinlegal/ HTTP/1.1" 200 54105
216.245.221.92 - - [10/Nov/2023:01:56:36 -0500] "HEAD / HTTP/1.1" 200 -
201.245.192.253 - - [10/Nov/2023:01:56:36 -0500] "POST /kwsrmcab/Wsrmcab  HTTP/1.1" 200 38506
172.22.2.4 - - [10/Nov/2023:02:00:51 -0500] "GET /BLA/boletinlegal/jurisprudencia/analisis/ANALISIST-046-99.docx HTTP/1.1" 304 -
172.22.2.4 - - [10/Nov/2023:01:59:45 -0500] "HEAD /BLA/boletinlegal/ HTTP/1.1" 200 -
216.245.221.92 - - [10/Nov/2023:02:01:36 -0500] "HEAD / HTTP/1.1" 200 -
201.245.192.253 - - [10/Nov/2023:02:01:35 -0500] "POST /kwsrmcab/Wsrmcab  HTTP/1.1" 200 38506
172.22.2.4 - - [10/Nov/2023:02:00:36 -0500] "GET /BLA/boletinlegal/ HTTP/1.1" 200 60634
172.22.2.4 - - [10/Nov/2023:02:04:37 -0500] "GET /BLA/boletinlegal/ HTTP/1.1" 200 61380
216.245.221.92 - - [10/Nov/2023:02:06:36 -0500] "HEAD / HTTP/1.1" 200 -
201.245.192.253 - - [10/Nov/2023:02:06:34 -0500] "POST /kwsrmcab/Wsrmcab  HTTP/1.1" 200 38506
178.79.168.114 - - [10/Nov/2023:02:06:59 -0500] "GET / HTTP/1.1" 200 319
178.79.168.114 - - [10/Nov/2023:02:06:59 -0500] "\x16\x03\x01" 400 226
178.79.168.114 - - [10/Nov/2023:02:06:59 -0500] "\x16\x03\x01" 400 226
178.79.168.114 - - [10/Nov/2023:02:07:00 -0500] "\x16\x03\x01" 400 226
172.22.2.4 - - [10/Nov/2023:02:05:35 -0500] "HEAD /BLA/boletinlegal/ HTTP/1.1" 200 -
172.22.2.4 - - [10/Nov/2023:02:06:26 -0500] "GET /BLA/boletinlegal/ HTTP/1.1" 200 58294
207.46.13.168 - - [10/Nov/2023:02:09:04 -0500] "GET /portaldeninos/?s=2023 HTTP/1.1" 200 87105
216.245.221.92 - - [10/Nov/2023:02:11:36 -0500] "HEAD / HTTP/1.1" 200 -
201.245.192.253 - - [10/Nov/2023:02:11:34 -0500] "POST /kwsrmcab/Wsrmcab  HTTP/1.1" 200 38506
172.22.2.4 - - [10/Nov/2023:02:11:25 -0500] "HEAD /BLA/boletinlegal/ HTTP/1.1" 200 -
152.61.128.50 - - [10/Nov/2023:02:13:37 -0500] "GET /arcgis/services/Calidad_del_Agua_WQI/MapServer/WMSServer?request=GetCapabilities&service=WMS HTTP/1.1" 503 1020
152.61.128.50 - - [10/Nov/2023:02:13:38 -0500] "GET /arcgis/services/Calidad_del_Agua_WQI/MapServer/WMSServer?SERVICE=WMS&REQUEST=GetCapabilities HTTP/1.1" 503 1020
152.61.128.50 - - [10/Nov/2023:02:13:38 -0500] "GET /arcgis/services/Calidad_del_Agua_WQI/MapServer/WMSServer?WMTVER=1.0.0&REQUEST=capabilities HTTP/1.1" 503 1020
172.22.2.4 - - [10/Nov/2023:02:12:17 -0500] "GET /BLA/boletinlegal/ HTTP/1.1" 200 58644
172.22.2.4 - - [10/Nov/2023:02:15:12 -0500] "GET /BLA/boletinlegal/robots.txt HTTP/1.1" 404 1038
172.22.2.4 - - [10/Nov/2023:02:15:17 -0500] "GET /BLA/boletinlegal/actos.php HTTP/1.1" 200 9682
66.249.66.20 - - [10/Nov/2023:02:15:19 -0500] "GET /BLA/resoluciones/RESOLUCIONES%202008/0490.pdf HTTP/1.1" 200 114752
172.22.2.4 - - [10/Nov/2023:02:15:19 -0500] "GET /BLA/boletinlegal/niceforms-default.css HTTP/1.1" 200 6694
172.22.2.4 - - [10/Nov/2023:02:15:19 -0500] "GET /BLA/boletinlegal/images/cabezote%20BLEGAL.jpg HTTP/1.1" 200 118164
172.22.2.4 - - [10/Nov/2023:02:15:20 -0500] "GET /BLA/boletinlegal/js/ajax_actos.js HTTP/1.1" 200 1322
172.22.2.4 - - [10/Nov/2023:02:15:21 -0500] "GET /BLA/boletinlegal/js/jquery1.js HTTP/1.1" 200 29846
172.22.2.4 - - [10/Nov/2023:02:15:22 -0500] "GET /BLA/boletinlegal/images/historia.png HTTP/1.1" 200 52775
172.22.2.4 - - [10/Nov/2023:02:15:22 -0500] "GET /BLA/boletinlegal/images/subscribe-icon-big.png HTTP/1.1" 200 47702
172.22.2.4 - - [10/Nov/2023:02:15:23 -0500] "GET /BLA/boletinlegal/images/icono-email.png HTTP/1.1" 200 5544
172.22.2.4 - - [10/Nov/2023:02:15:24 -0500] "GET /BLA/boletinlegal/style.css HTTP/1.1" 200 9406
172.22.2.4 - - [10/Nov/2023:02:15:25 -0500] "GET /BLA/boletinlegal/images/registro-usuarios.png HTTP/1.1" 200 8106
172.22.2.4 - - [10/Nov/2023:02:15:26 -0500] "GET /BLA/boletinlegal/js/popup.js HTTP/1.1" 200 1270
172.22.2.4 - - [10/Nov/2023:02:15:27 -0500] "GET /BLA/boletinlegal/styles2.css HTTP/1.1" 200 1838
172.22.2.4 - - [10/Nov/2023:02:15:28 -0500] "GET /BLA/boletinlegal/niceforms.js HTTP/1.1" 200 22876
172.22.2.4 - - [10/Nov/2023:02:15:28 -0500] "GET /BLA/boletinlegal/images/tel.png HTTP/1.1" 200 14477
172.22.2.4 - - [10/Nov/2023:02:15:29 -0500] "GET /BLA/boletinlegal/js/lib.js HTTP/1.1" 200 6474
201.245.192.253 - - [10/Nov/2023:02:16:33 -0500] "POST /kwsrmcab/Wsrmcab  HTTP/1.1" 200 38506
216.245.221.92 - - [10/Nov/2023:02:16:36 -0500] "HEAD / HTTP/1.1" 200 -
201.245.192.253 - - [10/Nov/2023:02:16:48 -0500] "POST /kwsrmcab/Wsrmcab HTTP/1.1" 200 39890
201.245.192.253 - - [10/Nov/2023:02:16:51 -0500] "POST /kwsrmcab/Wsrmcab HTTP/1.1" 200 38933
172.22.2.4 - - [10/Nov/2023:02:17:16 -0500] "HEAD /BLA/boletinlegal/ HTTP/1.1" 200 -
172.22.2.4 - - [10/Nov/2023:02:18:07 -0500] "GET /BLA/boletinlegal/ HTTP/1.1" 200 58644
66.249.66.192 - - [10/Nov/2023:02:19:57 -0500] "GET /desplazamientos-humanos-causados-por-el-cambio-climatico-que-estan-haciendo-los-paises-y-cuales-son-las- HTTP/1.1" 404 1034
201.245.192.253 - - [10/Nov/2023:02:20:06 -0500] "POST /kwsrmcab/Wsrmcab HTTP/1.1" 200 39890
201.245.192.253 - - [10/Nov/2023:02:20:09 -0500] "POST /kwsrmcab/Wsrmcab HTTP/1.1" 200 38933
201.245.192.253 - - [10/Nov/2023:02:21:31 -0500] "POST /kwsrmcab/Wsrmcab  HTTP/1.1" 200 38506
216.245.221.92 - - [10/Nov/2023:02:21:36 -0500] "HEAD / HTTP/1.1" 200 -
162.55.35.116 - - [10/Nov/2023:02:21:42 -0500] "GET / HTTP/1.1" 200 319
162.55.35.116 - - [10/Nov/2023:02:21:44 -0500] "GET / HTTP/1.1" 200 4720
172.22.2.4 - - [10/Nov/2023:02:24:46 -0500] "GET /BLA/boletinlegal/conceptos.php HTTP/1.1" 200 7496
172.22.2.4 - - [10/Nov/2023:02:23:06 -0500] "HEAD /BLA/boletinlegal/ HTTP/1.1" 200 -
172.22.2.4 - - [10/Nov/2023:02:23:57 -0500] "GET /BLA/boletinlegal/ HTTP/1.1" 200 58644
201.245.192.253 - - [10/Nov/2023:02:26:31 -0500] "POST /kwsrmcab/Wsrmcab  HTTP/1.1" 200 38506
216.245.221.92 - - [10/Nov/2023:02:26:36 -0500] "HEAD / HTTP/1.1" 200 -
201.245.192.253 - - [10/Nov/2023:02:26:48 -0500] "POST /kwsrmcab/Wsrmcab HTTP/1.1" 200 39890
201.245.192.253 - - [10/Nov/2023:02:26:50 -0500] "POST /kwsrmcab/Wsrmcab HTTP/1.1" 200 38933
172.22.2.4 - - [10/Nov/2023:02:27:02 -0500] "GET /BLA/boletinlegal/Directivas/2018/Directiva%20No.%2024%20del%2027%20de%20diciembre%20de%202018.pdf HTTP/1.1" 200 575948
199.16.157.182 - - [10/Nov/2023:02:29:36 -0500] "GET /images/cr%C3%B3nica-29-nov-1_optimized.jpeg HTTP/1.1" 404 1034
201.245.192.253 - - [10/Nov/2023:02:30:06 -0500] "POST /kwsrmcab/Wsrmcab HTTP/1.1" 200 39890
201.245.192.253 - - [10/Nov/2023:02:30:09 -0500] "POST /kwsrmcab/Wsrmcab HTTP/1.1" 200 38933
172.22.2.4 - - [10/Nov/2023:02:28:56 -0500] "HEAD /BLA/boletinlegal/ HTTP/1.1" 200 -
172.22.2.4 - - [10/Nov/2023:02:29:47 -0500] "GET /BLA/boletinlegal/ HTTP/1.1" 200 58294
201.245.192.253 - - [10/Nov/2023:02:31:30 -0500] "POST /kwsrmcab/Wsrmcab  HTTP/1.1" 200 38506
216.245.221.92 - - [10/Nov/2023:02:31:36 -0500] "HEAD / HTTP/1.1" 200 -
66.249.66.193 - - [10/Nov/2023:02:34:57 -0500] "GET /conoce-las-medidas-de-prevencion-y-mitigacion-contempladas-en-la-alerta-fase-1-por-calidad-del-aire.html HTTP/1.1" 304 -
172.22.2.4 - - [10/Nov/2023:02:34:47 -0500] "HEAD /BLA/boletinlegal/ HTTP/1.1" 200 -
201.245.192.253 - - [10/Nov/2023:02:36:29 -0500] "POST /kwsrmcab/Wsrmcab  HTTP/1.1" 200 38506
216.245.221.92 - - [10/Nov/2023:02:36:36 -0500] "HEAD / HTTP/1.1" 200 -
201.245.192.253 - - [10/Nov/2023:02:36:47 -0500] "POST /kwsrmcab/Wsrmcab HTTP/1.1" 200 39890
201.245.192.253 - - [10/Nov/2023:02:36:50 -0500] "POST /kwsrmcab/Wsrmcab HTTP/1.1" 200 38933
172.22.2.4 - - [10/Nov/2023:02:35:38 -0500] "GET /BLA/boletinlegal/ HTTP/1.1" 200 58644
50.31.21.6 - - [10/Nov/2023:02:38:24 -0500] "GET / HTTP/1.0" 200 319
185.180.143.138 - - [10/Nov/2023:02:39:58 -0500] "GET / HTTP/1.1" 200 319
201.245.192.253 - - [10/Nov/2023:02:40:06 -0500] "POST /kwsrmcab/Wsrmcab HTTP/1.1" 200 39890
50.31.21.6 - - [10/Nov/2023:02:40:10 -0500] "GET / HTTP/1.0" 200 319
50.31.21.6 - - [10/Nov/2023:02:40:10 -0500] "GET /nmaplowercheck1699601995 HTTP/1.1" 404 1018
50.31.21.6 - - [10/Nov/2023:02:40:10 -0500] "GET / HTTP/1.1" 200 319
50.31.21.6 - - [10/Nov/2023:02:40:10 -0500] "GET /evox/about HTTP/1.1" 404 1018
50.31.21.6 - - [10/Nov/2023:02:40:11 -0500] "GET /HNAP1 HTTP/1.1" 404 1018
201.245.192.253 - - [10/Nov/2023:02:40:10 -0500] "POST /kwsrmcab/Wsrmcab HTTP/1.1" 200 38933
50.31.21.6 - - [10/Nov/2023:02:40:12 -0500] "HEAD / HTTP/1.1" 200 -
50.31.21.6 - - [10/Nov/2023:02:40:13 -0500] "POST /sdk HTTP/1.1" 404 1018
201.245.192.253 - - [10/Nov/2023:02:41:28 -0500] "POST /kwsrmcab/Wsrmcab  HTTP/1.1" 200 38506
216.245.221.92 - - [10/Nov/2023:02:41:36 -0500] "HEAD / HTTP/1.1" 200 -
172.22.2.4 - - [10/Nov/2023:02:40:37 -0500] "HEAD /BLA/boletinlegal/ HTTP/1.1" 200 -
172.22.2.4 - - [10/Nov/2023:02:41:28 -0500] "GET /BLA/boletinlegal/ HTTP/1.1" 200 56997
47.128.55.131 - - [10/Nov/2023:02:46:22 -0500] "GET /inicio/ HTTP/1.1" 404 1049
201.245.192.253 - - [10/Nov/2023:02:46:27 -0500] "POST /kwsrmcab/Wsrmcab  HTTP/1.1" 200 38506
216.245.221.92 - - [10/Nov/2023:02:46:36 -0500] "HEAD / HTTP/1.1" 200 -
172.22.2.4 - - [10/Nov/2023:02:46:27 -0500] "HEAD /BLA/boletinlegal/ HTTP/1.1" 200 -
20.15.133.186 - - [10/Nov/2023:02:48:11 -0500] "GET /Publicaciones/2023EE205033.pdf HTTP/1.1" 404 228
172.22.2.4 - - [10/Nov/2023:02:47:19 -0500] "GET /BLA/boletinlegal/ HTTP/1.1" 200 60634
172.22.2.4 - - [10/Nov/2023:02:49:32 -0500] "GET /BLA/boletinlegal/jurisprudencia/analisis/analisis%20sentencia%20C%20401%20de%202010.doc HTTP/1.1" 304 -
66.249.66.193 - - [10/Nov/2023:02:49:57 -0500] "GET /dia-mundial-del-agua-2023-programate-para-participar-en-estas-actividades-de-educacion-ambiental.html HTTP/1.1" 304 -
201.245.192.253 - - [10/Nov/2023:02:51:26 -0500] "POST /kwsrmcab/Wsrmcab  HTTP/1.1" 200 38506
216.245.221.92 - - [10/Nov/2023:02:51:36 -0500] "HEAD / HTTP/1.1" 200 -
52.167.144.212 - - [10/Nov/2023:02:51:51 -0500] "GET /BLA/resoluciones/AUTOS%202007/2519.pdf HTTP/1.1" 200 296906
40.77.167.35 - - [10/Nov/2023:02:52:05 -0500] "GET /BLA/resoluciones/AUTOS%202022/2118.pdf HTTP/1.1" 304 -
