186.155.19.167 - - [13/Nov/2023:21:51:56 -0500] "POST /sipse/faces/autenticacion.xhtml HTTP/1.1" 200 2225
186.155.19.167 - - [13/Nov/2023:21:51:56 -0500] "GET /sipse/faces/javax.faces.resource/messages/messages.png?ln=primefaces&v=4.0 HTTP/1.1" 304 -
186.155.19.167 - - [13/Nov/2023:21:51:57 -0500] "POST /sipse/faces/autenticacion.xhtml HTTP/1.1" 200 16463
186.155.19.167 - - [13/Nov/2023:21:51:57 -0500] "GET /sipse/css/custom_css_sg_prime.css HTTP/1.1" 304 -
186.155.19.167 - - [13/Nov/2023:21:51:57 -0500] "GET /sipse/js/jquery.min.js HTTP/1.1" 304 -
186.155.19.167 - - [13/Nov/2023:21:51:57 -0500] "GET /sipse/faces/javax.faces.resource/jquery/jquery.js?ln=primefaces&v=4.0 HTTP/1.1" 304 -
186.155.19.167 - - [13/Nov/2023:21:51:57 -0500] "GET /sipse/faces/javax.faces.resource/jquery/jquery-plugins.js?ln=primefaces&v=4.0 HTTP/1.1" 304 -
186.155.19.167 - - [13/Nov/2023:21:51:57 -0500] "GET /sipse/faces/javax.faces.resource/primefaces.js?ln=primefaces&v=4.0 HTTP/1.1" 304 -
186.155.19.167 - - [13/Nov/2023:21:51:57 -0500] "GET /sipse/faces/javax.faces.resource/layout/layout.js?ln=primefaces&v=4.0 HTTP/1.1" 304 -
186.155.19.167 - - [13/Nov/2023:21:51:57 -0500] "GET /sipse/css/v_mergente.css HTTP/1.1" 304 -
186.155.19.167 - - [13/Nov/2023:21:51:57 -0500] "GET /sipse/imagenes/logoAplicacion.jpg HTTP/1.1" 304 -
186.155.19.167 - - [13/Nov/2023:21:51:57 -0500] "GET /sipse/css/imagen/contrasena.png HTTP/1.1" 404 383
186.155.19.167 - - [13/Nov/2023:21:51:57 -0500] "GET /sipse/imagenes/cargando.gif HTTP/1.1" 304 -
186.155.19.167 - - [13/Nov/2023:21:51:58 -0500] "GET /sipse/faces/javax.faces.resource/images/ui-bg_flat_0_2d5972_40x100.png?ln=primefaces-aristo HTTP/1.1" 304 -
186.155.19.167 - - [13/Nov/2023:21:51:58 -0500] "POST /sipse/faces/bienvenido.xhtml HTTP/1.1" 200 2658
186.155.19.167 - - [13/Nov/2023:21:51:59 -0500] "POST /sipse/faces/bienvenido.xhtml HTTP/1.1" 200 63152
186.155.19.167 - - [13/Nov/2023:21:52:00 -0500] "GET /sipse/faces/javax.faces.resource/jquery/jquery.js?ln=primefaces&v=4.0 HTTP/1.1" 304 -
186.155.19.167 - - [13/Nov/2023:21:52:00 -0500] "GET /sipse/faces/javax.faces.resource/jquery/jquery-plugins.js?ln=primefaces&v=4.0 HTTP/1.1" 304 -
186.155.19.167 - - [13/Nov/2023:21:52:00 -0500] "GET /sipse/faces/javax.faces.resource/primefaces.js?ln=primefaces&v=4.0 HTTP/1.1" 304 -
186.155.19.167 - - [13/Nov/2023:21:52:00 -0500] "GET /sipse/faces/javax.faces.resource/layout/layout.js?ln=primefaces&v=4.0 HTTP/1.1" 304 -
186.155.19.167 - - [13/Nov/2023:21:52:00 -0500] "POST /sipse/faces/presentacion/financiero/solicitudProceso/listarSolicitudProceso.xhtml HTTP/1.1" 200 1556
186.155.19.167 - - [13/Nov/2023:21:52:02 -0500] "POST /sipse/faces/presentacion/financiero/solicitudProceso/listarSolicitudProceso.xhtml HTTP/1.1" 200 16475
186.155.19.167 - - [13/Nov/2023:21:52:10 -0500] "POST /sipse/faces/presentacion/financiero/solicitudProceso/listarSolicitudProceso.xhtml HTTP/1.1" 200 145507
186.155.19.167 - - [13/Nov/2023:21:52:10 -0500] "GET /sipse/faces/javax.faces.resource/jquery/jquery.js?ln=primefaces&v=4.0 HTTP/1.1" 304 -
186.155.19.167 - - [13/Nov/2023:21:52:10 -0500] "GET /sipse/faces/javax.faces.resource/jquery/jquery-plugins.js?ln=primefaces&v=4.0 HTTP/1.1" 304 -
186.155.19.167 - - [13/Nov/2023:21:52:10 -0500] "GET /sipse/faces/javax.faces.resource/primefaces.js?ln=primefaces&v=4.0 HTTP/1.1" 304 -
186.155.19.167 - - [13/Nov/2023:21:52:10 -0500] "GET /sipse/faces/javax.faces.resource/layout/layout.js?ln=primefaces&v=4.0 HTTP/1.1" 304 -
186.84.89.10 - - [13/Nov/2023:21:52:12 -0500] "GET /consulta-y-conoce-los-proyectos-de-resolucion-de-para-los-planes-de-manejo-ambiental-de-cinco-humedales-en-bogota.html HTTP/1.1" 200 971
201.245.192.253 - - [13/Nov/2023:21:52:14 -0500] "POST /kwsrmcab/Wsrmcab  HTTP/1.1" 200 40720
186.155.19.167 - - [13/Nov/2023:21:52:22 -0500] "POST /sipse/faces/presentacion/financiero/solicitudProceso/consultarSolicitudProceso.xhtml HTTP/1.1" 200 21229
186.155.19.167 - - [13/Nov/2023:21:52:22 -0500] "GET /sipse/faces/javax.faces.resource/theme.css?ln=primefaces-sipse HTTP/1.1" 304 -
186.155.19.167 - - [13/Nov/2023:21:52:22 -0500] "GET /sipse/faces/javax.faces.resource/jquery/jquery.js?ln=primefaces&v=4.0 HTTP/1.1" 304 -
186.155.19.167 - - [13/Nov/2023:21:52:22 -0500] "GET /sipse/faces/javax.faces.resource/jquery/jquery-plugins.js?ln=primefaces&v=4.0 HTTP/1.1" 304 -
186.155.19.167 - - [13/Nov/2023:21:52:22 -0500] "GET /sipse/faces/javax.faces.resource/layout/layout.js?ln=primefaces&v=4.0 HTTP/1.1" 304 -
186.155.19.167 - - [13/Nov/2023:21:52:22 -0500] "GET /sipse/faces/javax.faces.resource/primefaces.js?ln=primefaces&v=4.0 HTTP/1.1" 304 -
186.155.19.167 - - [13/Nov/2023:21:52:22 -0500] "GET /sipse/faces/javax.faces.resource/primefaces.css?ln=primefaces&v=4.0 HTTP/1.1" 304 -
186.155.19.167 - - [13/Nov/2023:21:52:22 -0500] "GET /sipse/faces/javax.faces.resource/layout/layout.css?ln=primefaces&v=4.0 HTTP/1.1" 304 -
186.155.19.167 - - [13/Nov/2023:21:52:22 -0500] "GET /sipse/faces/javax.faces.resource/fileupload/fileupload.css?ln=primefaces&v=4.0 HTTP/1.1" 304 -
186.155.19.167 - - [13/Nov/2023:21:52:22 -0500] "GET /sipse/faces/javax.faces.resource/fileupload/fileupload.js?ln=primefaces&v=4.0 HTTP/1.1" 304 -
186.155.19.167 - - [13/Nov/2023:21:52:22 -0500] "GET /favicon.ico HTTP/1.1" 200 7782
186.155.19.167 - - [13/Nov/2023:21:52:22 -0500] "GET /sipse/faces/javax.faces.resource/images/ui-icons_898989_256x240.png?ln=primefaces-aristo HTTP/1.1" 304 -
186.155.19.167 - - [13/Nov/2023:21:52:22 -0500] "GET /sipse/imagenes/cargando.gif HTTP/1.1" 200 36959
186.155.19.167 - - [13/Nov/2023:21:52:42 -0500] "POST /sipse/faces/presentacion/sistema/anexos/cargarAnexoSolicitudProceso.xhtml HTTP/1.1" 200 192760
186.155.19.167 - - [13/Nov/2023:21:52:43 -0500] "GET /sipse/faces/javax.faces.resource/primefaces.css?ln=primefaces&v=4.0 HTTP/1.1" 304 -
186.155.19.167 - - [13/Nov/2023:21:52:43 -0500] "GET /sipse/faces/javax.faces.resource/theme.css?ln=primefaces-sipse HTTP/1.1" 304 -
186.155.19.167 - - [13/Nov/2023:21:52:43 -0500] "GET /sipse/faces/javax.faces.resource/layout/layout.css?ln=primefaces&v=4.0 HTTP/1.1" 304 -
186.155.19.167 - - [13/Nov/2023:21:52:43 -0500] "GET /sipse/faces/javax.faces.resource/jquery/jquery.js?ln=primefaces&v=4.0 HTTP/1.1" 304 -
186.155.19.167 - - [13/Nov/2023:21:52:43 -0500] "GET /sipse/faces/javax.faces.resource/jquery/jquery-plugins.js?ln=primefaces&v=4.0 HTTP/1.1" 304 -
186.155.19.167 - - [13/Nov/2023:21:52:43 -0500] "GET /sipse/faces/javax.faces.resource/layout/layout.js?ln=primefaces&v=4.0 HTTP/1.1" 304 -
186.155.19.167 - - [13/Nov/2023:21:52:43 -0500] "GET /sipse/faces/javax.faces.resource/primefaces.js?ln=primefaces&v=4.0 HTTP/1.1" 304 -
186.155.19.167 - - [13/Nov/2023:21:52:43 -0500] "GET /sipse/faces/javax.faces.resource/images/ui-icons_898989_256x240.png?ln=primefaces-aristo HTTP/1.1" 304 -
186.155.19.167 - - [13/Nov/2023:21:52:47 -0500] "POST /sipse/faces/presentacion/financiero/solicitudProceso/consultarSolicitudProceso.xhtml HTTP/1.1" 200 21229
186.155.19.167 - - [13/Nov/2023:21:52:48 -0500] "GET /sipse/faces/javax.faces.resource/primefaces.css?ln=primefaces&v=4.0 HTTP/1.1" 304 -
186.155.19.167 - - [13/Nov/2023:21:52:48 -0500] "GET /sipse/faces/javax.faces.resource/theme.css?ln=primefaces-sipse HTTP/1.1" 304 -
186.155.19.167 - - [13/Nov/2023:21:52:48 -0500] "GET /sipse/faces/javax.faces.resource/layout/layout.css?ln=primefaces&v=4.0 HTTP/1.1" 304 -
186.155.19.167 - - [13/Nov/2023:21:52:48 -0500] "GET /sipse/faces/javax.faces.resource/jquery/jquery.js?ln=primefaces&v=4.0 HTTP/1.1" 304 -
186.155.19.167 - - [13/Nov/2023:21:52:48 -0500] "GET /sipse/faces/javax.faces.resource/primefaces.js?ln=primefaces&v=4.0 HTTP/1.1" 304 -
186.155.19.167 - - [13/Nov/2023:21:52:48 -0500] "GET /sipse/faces/javax.faces.resource/jquery/jquery-plugins.js?ln=primefaces&v=4.0 HTTP/1.1" 304 -
186.155.19.167 - - [13/Nov/2023:21:52:48 -0500] "GET /sipse/faces/javax.faces.resource/layout/layout.js?ln=primefaces&v=4.0 HTTP/1.1" 304 -
186.155.19.167 - - [13/Nov/2023:21:52:48 -0500] "GET /sipse/faces/javax.faces.resource/fileupload/fileupload.css?ln=primefaces&v=4.0 HTTP/1.1" 304 -
186.155.19.167 - - [13/Nov/2023:21:52:48 -0500] "GET /sipse/faces/javax.faces.resource/fileupload/fileupload.js?ln=primefaces&v=4.0 HTTP/1.1" 304 -
186.155.19.167 - - [13/Nov/2023:21:52:48 -0500] "GET /sipse/faces/javax.faces.resource/images/ui-icons_898989_256x240.png?ln=primefaces-aristo HTTP/1.1" 304 -
186.155.19.167 - - [13/Nov/2023:21:52:55 -0500] "POST /sipse/faces/presentacion/sistema/anexos/cargarAnexoSolicitudProceso.xhtml HTTP/1.1" 200 194602
186.155.19.167 - - [13/Nov/2023:21:52:56 -0500] "GET /sipse/faces/javax.faces.resource/primefaces.js?ln=primefaces&v=4.0 HTTP/1.1" 304 -
186.155.19.167 - - [13/Nov/2023:21:52:56 -0500] "GET /sipse/faces/javax.faces.resource/theme.css?ln=primefaces-sipse HTTP/1.1" 304 -
186.155.19.167 - - [13/Nov/2023:21:52:56 -0500] "GET /sipse/faces/javax.faces.resource/primefaces.css?ln=primefaces&v=4.0 HTTP/1.1" 304 -
186.155.19.167 - - [13/Nov/2023:21:52:56 -0500] "GET /sipse/faces/javax.faces.resource/jquery/jquery-plugins.js?ln=primefaces&v=4.0 HTTP/1.1" 304 -
186.155.19.167 - - [13/Nov/2023:21:52:56 -0500] "GET /sipse/faces/javax.faces.resource/layout/layout.css?ln=primefaces&v=4.0 HTTP/1.1" 304 -
186.155.19.167 - - [13/Nov/2023:21:52:56 -0500] "GET /sipse/faces/javax.faces.resource/jquery/jquery.js?ln=primefaces&v=4.0 HTTP/1.1" 304 -
186.155.19.167 - - [13/Nov/2023:21:52:56 -0500] "GET /sipse/faces/javax.faces.resource/layout/layout.js?ln=primefaces&v=4.0 HTTP/1.1" 304 -
186.155.19.167 - - [13/Nov/2023:21:52:56 -0500] "GET /sipse/faces/javax.faces.resource/images/ui-icons_898989_256x240.png?ln=primefaces-aristo HTTP/1.1" 304 -
186.155.19.167 - - [13/Nov/2023:21:53:03 -0500] "POST /sipse/faces/presentacion/financiero/solicitudProceso/consultarSolicitudProceso.xhtml HTTP/1.1" 200 37758
186.155.19.167 - - [13/Nov/2023:21:53:04 -0500] "GET /sipse/faces/javax.faces.resource/theme.css?ln=primefaces-sipse HTTP/1.1" 304 -
186.155.19.167 - - [13/Nov/2023:21:53:04 -0500] "GET /sipse/faces/javax.faces.resource/primefaces.css?ln=primefaces&v=4.0 HTTP/1.1" 304 -
186.155.19.167 - - [13/Nov/2023:21:53:04 -0500] "GET /sipse/faces/javax.faces.resource/layout/layout.css?ln=primefaces&v=4.0 HTTP/1.1" 304 -
186.155.19.167 - - [13/Nov/2023:21:53:04 -0500] "GET /sipse/faces/javax.faces.resource/jquery/jquery.js?ln=primefaces&v=4.0 HTTP/1.1" 304 -
186.155.19.167 - - [13/Nov/2023:21:53:04 -0500] "GET /sipse/faces/javax.faces.resource/jquery/jquery-plugins.js?ln=primefaces&v=4.0 HTTP/1.1" 304 -
186.155.19.167 - - [13/Nov/2023:21:53:04 -0500] "GET /sipse/faces/javax.faces.resource/primefaces.js?ln=primefaces&v=4.0 HTTP/1.1" 304 -
186.155.19.167 - - [13/Nov/2023:21:53:04 -0500] "GET /sipse/faces/javax.faces.resource/layout/layout.js?ln=primefaces&v=4.0 HTTP/1.1" 304 -
186.155.19.167 - - [13/Nov/2023:21:53:04 -0500] "GET /sipse/faces/javax.faces.resource/images/ui-icons_898989_256x240.png?ln=primefaces-aristo HTTP/1.1" 304 -
186.155.19.167 - - [13/Nov/2023:21:53:06 -0500] "POST /sipse/faces/presentacion/financiero/solicitudProceso/consultarHistorialSolProceso.xhtml HTTP/1.1" 200 194602
186.155.19.167 - - [13/Nov/2023:21:53:07 -0500] "GET /sipse/faces/javax.faces.resource/primefaces.css?ln=primefaces&v=4.0 HTTP/1.1" 304 -
186.155.19.167 - - [13/Nov/2023:21:53:07 -0500] "GET /sipse/faces/javax.faces.resource/theme.css?ln=primefaces-sipse HTTP/1.1" 304 -
186.155.19.167 - - [13/Nov/2023:21:53:07 -0500] "GET /sipse/faces/javax.faces.resource/layout/layout.css?ln=primefaces&v=4.0 HTTP/1.1" 304 -
186.155.19.167 - - [13/Nov/2023:21:53:07 -0500] "GET /sipse/faces/javax.faces.resource/jquery/jquery.js?ln=primefaces&v=4.0 HTTP/1.1" 304 -
186.155.19.167 - - [13/Nov/2023:21:53:07 -0500] "GET /sipse/faces/javax.faces.resource/jquery/jquery-plugins.js?ln=primefaces&v=4.0 HTTP/1.1" 304 -
186.155.19.167 - - [13/Nov/2023:21:53:07 -0500] "GET /sipse/faces/javax.faces.resource/primefaces.js?ln=primefaces&v=4.0 HTTP/1.1" 304 -
186.155.19.167 - - [13/Nov/2023:21:53:07 -0500] "GET /sipse/faces/javax.faces.resource/layout/layout.js?ln=primefaces&v=4.0 HTTP/1.1" 304 -
186.155.19.167 - - [13/Nov/2023:21:53:07 -0500] "GET /sipse/faces/javax.faces.resource/images/ui-icons_898989_256x240.png?ln=primefaces-aristo HTTP/1.1" 304 -
40.77.167.43 - - [13/Nov/2023:21:53:30 -0500] "GET /BLA/resoluciones/AUTOS%202023/2534.pdf HTTP/1.1" 200 1111898
186.84.89.169 - - [13/Nov/2023:21:53:53 -0500] "GET /consulta-y-conoce-los-proyectos-de-resolucion-de-para-los-planes-de-manejo-ambiental-de-cinco-humedales-en-bogota.html?fbclid=IwAR0w9oEVOB_aT1rfm_XUHUVDeNUXcQlnreSYMyKfNI30eOIVhlKNt4W3rNM HTTP/1.1" 200 971
186.155.19.167 - - [13/Nov/2023:21:54:04 -0500] "GET /sipse/faces/javax.faces.resource/images/ui-bg_flat_0_2d5972_40x100.png?ln=primefaces-aristo HTTP/1.1" 304 -
186.155.19.167 - - [13/Nov/2023:21:54:05 -0500] "POST /sipse/faces/presentacion/financiero/solicitudProceso/consultarSolicitudProceso.xhtml HTTP/1.1" 200 63587
186.155.19.167 - - [13/Nov/2023:21:54:08 -0500] "GET /sipse/faces/javax.faces.resource/jquery/jquery.js?ln=primefaces&v=4.0 HTTP/1.1" 304 -
186.155.19.167 - - [13/Nov/2023:21:54:08 -0500] "GET /sipse/faces/javax.faces.resource/jquery/jquery-plugins.js?ln=primefaces&v=4.0 HTTP/1.1" 304 -
186.155.19.167 - - [13/Nov/2023:21:54:08 -0500] "GET /sipse/faces/javax.faces.resource/primefaces.js?ln=primefaces&v=4.0 HTTP/1.1" 304 -
186.155.19.167 - - [13/Nov/2023:21:54:08 -0500] "GET /sipse/faces/javax.faces.resource/layout/layout.js?ln=primefaces&v=4.0 HTTP/1.1" 304 -
186.155.19.167 - - [13/Nov/2023:21:54:08 -0500] "GET /sipse/faces/javax.faces.resource/messages/messages.png?ln=primefaces&v=4.0 HTTP/1.1" 304 -
186.155.19.167 - - [13/Nov/2023:21:54:08 -0500] "POST /sipse/faces/presentacion/financiero/solicitudProceso/listarSolicitudProceso.xhtml HTTP/1.1" 200 1556
186.155.19.167 - - [13/Nov/2023:21:54:09 -0500] "POST /sipse/faces/presentacion/financiero/solicitudProceso/listarSolicitudProceso.xhtml HTTP/1.1" 200 1552
186.155.19.167 - - [13/Nov/2023:21:54:12 -0500] "POST /sipse/faces/presentacion/financiero/solicitudProceso/listarSolicitudProceso.xhtml HTTP/1.1" 200 16471
186.155.19.167 - - [13/Nov/2023:21:54:17 -0500] "POST /sipse/faces/presentacion/financiero/solicitudProceso/listarSolicitudProceso.xhtml HTTP/1.1" 200 56373
186.155.19.167 - - [13/Nov/2023:21:54:17 -0500] "POST /sipse/faces/presentacion/financiero/solicitudProceso/listarSolicitudProceso.xhtml HTTP/1.1" 200 56373
186.155.19.167 - - [13/Nov/2023:21:54:18 -0500] "POST /sipse/faces/presentacion/financiero/solicitudProceso/listarSolicitudProceso.xhtml HTTP/1.1" 200 1556
186.155.19.167 - - [13/Nov/2023:21:54:18 -0500] "POST /sipse/faces/presentacion/financiero/solicitudProceso/listarSolicitudProceso.xhtml HTTP/1.1" 200 1552
186.155.19.167 - - [13/Nov/2023:21:54:26 -0500] "POST /sipse/faces/presentacion/financiero/solicitudProceso/listarSolicitudProceso.xhtml HTTP/1.1" 200 16471
40.77.167.43 - - [13/Nov/2023:21:54:29 -0500] "GET /BLA/resoluciones/AUTOS%202023/3185.pdf HTTP/1.1" 200 1538056
172.22.2.4 - - [13/Nov/2023:21:53:04 -0500] "HEAD /BLA/boletinlegal/ HTTP/1.1" 200 -
172.22.2.4 - - [13/Nov/2023:21:54:46 -0500] "GET /BLA/boletinlegal/actos.php HTTP/1.1" 200 9682
173.252.95.120 - - [13/Nov/2023:21:54:56 -0500] "GET /consulta-y-conoce-los-proyectos-de-resolucion-de-para-los-planes-de-manejo-ambiental-de-cinco-humedales-en-bogota.html HTTP/1.1" 200 971
123.6.49.9 - - [13/Nov/2023:21:54:58 -0500] "GET / HTTP/1.1" 200 319
172.22.2.4 - - [13/Nov/2023:21:55:12 -0500] "GET /BLA/boletinlegal/robots.txt HTTP/1.1" 404 1038
216.245.221.92 - - [13/Nov/2023:21:55:28 -0500] "HEAD / HTTP/1.1" 200 -
172.22.2.4 - - [13/Nov/2023:21:53:55 -0500] "GET /BLA/boletinlegal/ HTTP/1.1" 200 58294
186.86.33.245 - - [13/Nov/2023:21:56:45 -0500] "POST /sipse/faces/presentacion/financiero/solicitudProceso/listarSolicitudProceso.xhtml HTTP/1.1" 200 36714
186.86.33.245 - - [13/Nov/2023:21:56:47 -0500] "POST /sipse/faces/presentacion/financiero/solicitudProceso/listarSolicitudProceso.xhtml HTTP/1.1" 200 1508
186.86.33.245 - - [13/Nov/2023:21:56:49 -0500] "POST /sipse/faces/presentacion/financiero/solicitudProceso/listarSolicitudProceso.xhtml HTTP/1.1" 200 2157
186.86.33.245 - - [13/Nov/2023:21:56:50 -0500] "POST /sipse/faces/presentacion/financiero/solicitudProceso/listarSolicitudProceso.xhtml HTTP/1.1" 200 37873
186.86.33.245 - - [13/Nov/2023:21:56:50 -0500] "GET /sipse/faces/javax.faces.resource/jquery/jquery.js?ln=primefaces&v=4.0 HTTP/1.1" 304 -
186.86.33.245 - - [13/Nov/2023:21:56:50 -0500] "GET /sipse/faces/javax.faces.resource/jquery/jquery-plugins.js?ln=primefaces&v=4.0 HTTP/1.1" 304 -
186.86.33.245 - - [13/Nov/2023:21:56:50 -0500] "GET /sipse/faces/javax.faces.resource/primefaces.js?ln=primefaces&v=4.0 HTTP/1.1" 304 -
186.86.33.245 - - [13/Nov/2023:21:56:51 -0500] "GET /sipse/faces/javax.faces.resource/layout/layout.js?ln=primefaces&v=4.0 HTTP/1.1" 304 -
172.22.2.4 - - [13/Nov/2023:21:55:14 -0500] "GET /BLA/boletinlegal/ HTTP/1.1" 200 61380
186.86.33.245 - - [13/Nov/2023:21:56:54 -0500] "POST /sipse/faces/presentacion/financiero/solicitudProceso/consultar.xhtml HTTP/1.1" 200 12912
186.86.33.245 - - [13/Nov/2023:21:57:05 -0500] "POST /sipse/faces/presentacion/financiero/solicitudProceso/consultar.xhtml HTTP/1.1" 200 113745
186.86.33.245 - - [13/Nov/2023:21:57:05 -0500] "GET /sipse/faces/javax.faces.resource/jquery/jquery.js?ln=primefaces&v=4.0 HTTP/1.1" 304 -
186.86.33.245 - - [13/Nov/2023:21:57:06 -0500] "GET /sipse/faces/javax.faces.resource/jquery/jquery-plugins.js?ln=primefaces&v=4.0 HTTP/1.1" 304 -
186.86.33.245 - - [13/Nov/2023:21:57:06 -0500] "GET /sipse/faces/javax.faces.resource/primefaces.js?ln=primefaces&v=4.0 HTTP/1.1" 304 -
186.86.33.245 - - [13/Nov/2023:21:57:06 -0500] "GET /sipse/faces/javax.faces.resource/layout/layout.js?ln=primefaces&v=4.0 HTTP/1.1" 304 -
201.245.192.253 - - [13/Nov/2023:21:57:14 -0500] "POST /kwsrmcab/Wsrmcab  HTTP/1.1" 200 40720
186.86.33.245 - - [13/Nov/2023:21:57:30 -0500] "POST /sipse/faces/presentacion/financiero/solicitudProceso/consultarSolicitudProceso.xhtml HTTP/1.1" 200 153000
186.86.33.245 - - [13/Nov/2023:21:57:58 -0500] "GET /sipse/faces/faces/autenticacion.xhtml HTTP/1.1" 200 12413
186.86.33.245 - - [13/Nov/2023:21:57:58 -0500] "GET /sipse/faces/javax.faces.resource/theme.css?ln=primefaces-sipse HTTP/1.1" 304 -
186.86.33.245 - - [13/Nov/2023:21:57:58 -0500] "GET /sipse/faces/javax.faces.resource/primefaces.css?ln=primefaces&v=4.0 HTTP/1.1" 304 -
186.86.33.245 - - [13/Nov/2023:21:57:58 -0500] "GET /sipse/faces/javax.faces.resource/primefaces.js?ln=primefaces&v=4.0 HTTP/1.1" 304 -
186.86.33.245 - - [13/Nov/2023:21:57:58 -0500] "GET /sipse/faces/javax.faces.resource/layout/layout.css?ln=primefaces&v=4.0 HTTP/1.1" 304 -
186.86.33.245 - - [13/Nov/2023:21:57:58 -0500] "GET /sipse/faces/javax.faces.resource/jquery/jquery-plugins.js?ln=primefaces&v=4.0 HTTP/1.1" 304 -
186.86.33.245 - - [13/Nov/2023:21:57:58 -0500] "GET /sipse/faces/javax.faces.resource/jquery/jquery.js?ln=primefaces&v=4.0 HTTP/1.1" 304 -
186.86.33.245 - - [13/Nov/2023:21:57:58 -0500] "GET /sipse/faces/javax.faces.resource/layout/layout.js?ln=primefaces&v=4.0 HTTP/1.1" 304 -
186.86.33.245 - - [13/Nov/2023:21:57:58 -0500] "GET /sipse/faces/javax.faces.resource/images/ui-icons_898989_256x240.png?ln=primefaces-aristo HTTP/1.1" 304 -
186.86.33.245 - - [13/Nov/2023:21:57:58 -0500] "GET /sipse/css/imagen/loginimg.png HTTP/1.1" 200 16070
186.86.33.245 - - [13/Nov/2023:21:58:03 -0500] "POST /sipse/faces/presentacion/financiero/solicitudProceso/consultarSolicitudProceso.xhtml HTTP/1.1" 200 41014
186.86.33.245 - - [13/Nov/2023:21:58:03 -0500] "GET /sipse/faces/javax.faces.resource/jquery/jquery.js?ln=primefaces&v=4.0 HTTP/1.1" 304 -
186.86.33.245 - - [13/Nov/2023:21:58:03 -0500] "GET /sipse/faces/javax.faces.resource/jquery/jquery-plugins.js?ln=primefaces&v=4.0 HTTP/1.1" 304 -
186.86.33.245 - - [13/Nov/2023:21:58:04 -0500] "GET /sipse/faces/javax.faces.resource/primefaces.js?ln=primefaces&v=4.0 HTTP/1.1" 304 -
186.86.33.245 - - [13/Nov/2023:21:58:04 -0500] "GET /sipse/faces/javax.faces.resource/layout/layout.js?ln=primefaces&v=4.0 HTTP/1.1" 304 -
186.86.33.245 - - [13/Nov/2023:21:58:04 -0500] "POST /sipse/faces/presentacion/financiero/solicitudProceso/consultar.xhtml HTTP/1.1" 200 34311
186.86.33.245 - - [13/Nov/2023:21:58:05 -0500] "POST /sipse/faces/presentacion/financiero/solicitudProceso/consultar.xhtml HTTP/1.1" 200 34311
186.86.33.245 - - [13/Nov/2023:21:58:27 -0500] "POST /sipse/faces/presentacion/financiero/solicitudProceso/consultar.xhtml HTTP/1.1" 200 13091
186.86.33.245 - - [13/Nov/2023:21:58:32 -0500] "POST /sipse/faces/presentacion/financiero/solicitudProceso/consultar.xhtml HTTP/1.1" 200 121910
186.86.33.245 - - [13/Nov/2023:21:58:34 -0500] "GET /sipse/faces/javax.faces.resource/jquery/jquery.js?ln=primefaces&v=4.0 HTTP/1.1" 304 -
186.86.33.245 - - [13/Nov/2023:21:58:34 -0500] "GET /sipse/faces/javax.faces.resource/jquery/jquery-plugins.js?ln=primefaces&v=4.0 HTTP/1.1" 304 -
186.86.33.245 - - [13/Nov/2023:21:58:34 -0500] "GET /sipse/faces/javax.faces.resource/primefaces.js?ln=primefaces&v=4.0 HTTP/1.1" 304 -
186.86.33.245 - - [13/Nov/2023:21:58:34 -0500] "GET /sipse/faces/javax.faces.resource/layout/layout.js?ln=primefaces&v=4.0 HTTP/1.1" 304 -
186.86.33.245 - - [13/Nov/2023:21:58:42 -0500] "POST /sipse/faces/presentacion/financiero/solicitudProceso/consultarSolicitudProceso.xhtml HTTP/1.1" 200 158610
216.245.221.92 - - [13/Nov/2023:22:00:28 -0500] "HEAD / HTTP/1.1" 200 -
172.22.2.4 - - [13/Nov/2023:21:58:54 -0500] "HEAD /BLA/boletinlegal/ HTTP/1.1" 200 -
172.22.2.4 - - [13/Nov/2023:21:59:47 -0500] "GET /BLA/boletinlegal/ HTTP/1.1" 200 52827
172.22.2.4 - - [13/Nov/2023:22:01:38 -0500] "GET /BLA/boletinlegal/jurisprudencia.php HTTP/1.1" 200 17583
172.22.2.4 - - [13/Nov/2023:22:01:39 -0500] "GET /BLA/boletinlegal/documentos-importantes.php HTTP/1.1" 200 4829
172.22.2.4 - - [13/Nov/2023:22:01:42 -0500] "GET /BLA/boletinlegal/normativa.php HTTP/1.1" 200 8343
172.22.2.4 - - [13/Nov/2023:22:01:44 -0500] "GET /BLA/boletinlegal/doctrina.php HTTP/1.1" 200 5614
172.22.2.4 - - [13/Nov/2023:22:01:46 -0500] "GET /BLA/boletinlegal/conceptos.php HTTP/1.1" 200 7496
172.22.2.4 - - [13/Nov/2023:22:01:49 -0500] "GET /BLA/boletinlegal/sugerencias.php HTTP/1.1" 200 8615
172.22.2.4 - - [13/Nov/2023:22:01:51 -0500] "GET /BLA/boletinlegal/actos.php HTTP/1.1" 200 9682
201.245.192.253 - - [13/Nov/2023:22:02:13 -0500] "POST /kwsrmcab/Wsrmcab  HTTP/1.1" 200 40720
172.22.2.4 - - [13/Nov/2023:22:01:53 -0500] "GET /BLA/boletinlegal/index.php HTTP/1.1" 200 62729
52.167.144.210 - - [13/Nov/2023:22:03:45 -0500] "GET /documents/10184/4278102/Conversatorio+2.jpeg/219799c9-21e7-41ea-a8fd-1c7ffddad194?t=1676480799358 HTTP/1.1" 404 1034
216.245.221.92 - - [13/Nov/2023:22:05:28 -0500] "HEAD / HTTP/1.1" 200 -
186.80.191.170 - - [13/Nov/2023:22:05:37 -0500] "GET /sipse/faces/autenticacion.xhtml HTTP/1.1" 200 12727
186.80.191.170 - - [13/Nov/2023:22:05:38 -0500] "GET /sipse/js/disable_browser_buttons.js HTTP/1.1" 200 3230
186.80.191.170 - - [13/Nov/2023:22:05:38 -0500] "GET /sipse/js/funciones.js HTTP/1.1" 200 12592
186.80.191.170 - - [13/Nov/2023:22:05:38 -0500] "GET /sipse/css/custom_css_sg_prime_login.css HTTP/1.1" 200 443
186.80.191.170 - - [13/Nov/2023:22:05:39 -0500] "GET /sipse/css/custom_css_sg.css HTTP/1.1" 200 9694
186.80.191.170 - - [13/Nov/2023:22:05:40 -0500] "GET /sipse/faces/javax.faces.resource/layout/layout.css;jsessionid=10-odz9A1GVEM-GAfdZf4sDt.undefined?ln=primefaces&v=4.0 HTTP/1.1" 200 542
186.80.191.170 - - [13/Nov/2023:22:05:40 -0500] "GET /sipse/faces/javax.faces.resource/primefaces.css;jsessionid=10-odz9A1GVEM-GAfdZf4sDt.undefined?ln=primefaces&v=4.0 HTTP/1.1" 200 53295
186.80.191.170 - - [13/Nov/2023:22:05:39 -0500] "GET /sipse/faces/javax.faces.resource/theme.css?ln=primefaces-sipse HTTP/1.1" 200 50058
186.80.191.170 - - [13/Nov/2023:22:05:47 -0500] "GET /sipse/faces/javax.faces.resource/layout/layout.js;jsessionid=10-odz9A1GVEM-GAfdZf4sDt.undefined?ln=primefaces&v=4.0 HTTP/1.1" 200 87560
186.80.191.170 - - [13/Nov/2023:22:05:40 -0500] "GET /sipse/faces/javax.faces.resource/jquery/jquery-plugins.js;jsessionid=10-odz9A1GVEM-GAfdZf4sDt.undefined?ln=primefaces&v=4.0 HTTP/1.1" 200 220526
186.80.191.170 - - [13/Nov/2023:22:05:41 -0500] "GET /sipse/faces/javax.faces.resource/primefaces.js;jsessionid=10-odz9A1GVEM-GAfdZf4sDt.undefined?ln=primefaces&v=4.0 HTTP/1.1" 200 155648
172.22.2.4 - - [13/Nov/2023:22:04:46 -0500] "HEAD /BLA/boletinlegal/ HTTP/1.1" 200 -
186.80.191.170 - - [13/Nov/2023:22:05:40 -0500] "GET /sipse/faces/javax.faces.resource/jquery/jquery.js;jsessionid=10-odz9A1GVEM-GAfdZf4sDt.undefined?ln=primefaces&v=4.0 HTTP/1.1" 200 105384
186.102.36.175 - - [13/Nov/2023:22:06:31 -0500] "GET /kwssiamovil/sm/acme/a?s=U2FsdGVkX18jCpNEv9m9S56lnqQIclywWadRuI8GJXk8cJa2xpecUrQ/R7m5uPN0vvFmQLDc6O7nzsyqCFSdR/Pw1GImVsMrDpV5HokyWqFNZUho/li51kltx0GEJFl3uVO5qGFfiEfdKHst2PZlmYotnwnhGq9yC36RNA7m2mcvyzEQxLkUaRNXnrKgVDo2iJQdlgtuJyj43xNp+ie1XQUOjDdewIPPJOIV26vgf2UHm0j1IatqKuT1kEILS3nITm1s6EI92wRmwueQcueCuEOGg5Ylv5eYWqRWnSm1VIQ=&u=U2FsdGVkX1802Q2q24c8wRJ37L+UHKu37hT4jkwnjvkberCj79KCsT9S4GLMs08h&y=U2FsdGVkX19GOW55MsnSb8UWRPm28tWGLPtU/FZ7jvFopQ57aqqYKFZHBiatpCXU HTTP/1.1" 200 26
186.102.36.175 - - [13/Nov/2023:22:06:32 -0500] "GET /kwssiamovil/sm/acme/a?s=U2FsdGVkX1/d9/FJrOk+IODYBDKNfrhDYRVdetiltIwaQLAa24dAtf2tTeMWqQlCNtW2ZTJqDAs9wbmBwloNOEEgoQ53KIe9IcuK9g2yVKN9j3tBxmCmwBqgFDs6LeUUiibezjHG5I1sTCYMc1n3Kma270YR45xwIp1q/i0986yOQXdMCJguivF0W2qtfUpCNDKi691woj7WuQ5ZkmbH7HCHEo7T038atvfrpssqpt0kATaJ6Zjir8qhJ3+dVfQw1o3fzye7wPy3ZxUwYQCuPk64fN75hr9w1yomIhaGTs7fYvcu0dN1JRhahVCj/CMLC+/5+ELjDYK3b1rojDqXM0Z8lZhDmmX7GcT407m+j3QOxD4PNP9uqo+Vx6NKNdgbPmqB5YvaeErUW1fO3nhh99ozfZMqihsOZ2/V+tqOXmoK3ltJLdzLtjlnUAGALE+PhB5gxOmBWUI+CgjFMeiI5CpQpVnhAYEHbAdzpSnp31UKfmvPvZd+1Ijl2pygZ+LUXEU3q1g0tzkVTRMqRQrVuQQeHKaCU55vJLqGIQQzUSAbMcQhfv07heXikoMq0tqg/btDs9RblNoc9fc0Aa7m92bL7j/+dawjXOxsYL5MpxCzJ1hx1nEa1fL79xjpNVclvHfJRcT1ForD1wU1bmo88ZS8NQwkKais73qE5c063gNC0CZTQs8FaQRwuRpm8METmkkRVo4k9HBAVSUScgN3PK+VhAZfvWF+1lGezXxBjMNNnOLJ7ocOcw7rHMOgP5kAaygyHYMdID44uFqswNrp0T67nlXp59N0lQ9AAW/LDKsAwdmI1r+7DkbYl5tuW0uqAA/gJQXAyfc2FpMsvgn6CEdHcuoJUIT3H/XwhEXjkweDDyh/3Z0p9eUmedEORSq0qA3roe+llRyiAZHa0FrvQvz+SekKVh3wqBUHLwAexe9CWn1HRepm31GMTjuURTff/PGY6nrov/n8EGasngFXItbEe3L5WT0H3v7bVzJ85YRoKEJ0Z6GTHvPgN8Qy/4hAOTm3LxB1KHXWzSVkHpYA7xls3myVn1AbsAvXtLBS041dQUnxnwLFJTgJwkzEOatNZJab5oMA6OqGHlorX0UAyPQCJy7fUNHESWCotTPQkwRjCVicdoTf2Y5L0t6JM/nqPGHvMDfKZblKRh8lfv/PC5B5s+jQ3JCGVnEqzJWLXJ4MxcqOV0XxQzPSaUpdaeed3sssewxEP4A9whLOxzRoouZ1Fie5JJPRdHoDan6P5D5tTUnEvBkfFQQcnMYMyOA0+AuDRtwVKHhoWfxQgtV88j5yomjEVHsZWZ8Uh4u9/KfGgK6K0+hC+2UvnhxUjDzKRdQqdySRZ8tL/qkew3386bUv3MoCsq+LTNFlhH5YfKf+tidsZC+RorKoOibCTRGHfgp+K16U2iZHbNbG20hXEj5T95NFZ7Z6qGbtVP4J6zOIVrYIQZfkGp1hKKUOYv4YFyTuYt5ZroF5RTDj+2VRJQ==&u=U2FsdGVkX1802Q2q24c8wRJ37L+UHKu37hT4jkwnjvkberCj79KCsT9S4GLMs08h&y=U2FsdGVkX19GOW55MsnSb8UWRPm28tWGLPtU/FZ7jvFopQ57aqqYKFZHBiatpCXU HTTP/1.1" 200 26
186.102.36.175 - - [13/Nov/2023:22:06:32 -0500] "GET /kwssiamovil/sm/acme/a?s=U2FsdGVkX18l0N/viDxP1WY5vw8+5WTpAdvP92h09rAC9iTywb6MxFCWdm9u4Q+Pa+Ez3yI3IgIji89QRMAqgiyHrJbVi68doL8si9s1IFB4hBEUP8f/rTgLofS5Tll6+o8FL3Zuz/vyQDiavv45AOM74yu4eaUlbb3FQcW8hQk=&u=U2FsdGVkX1802Q2q24c8wRJ37L+UHKu37hT4jkwnjvkberCj79KCsT9S4GLMs08h&y=U2FsdGVkX19GOW55MsnSb8UWRPm28tWGLPtU/FZ7jvFopQ57aqqYKFZHBiatpCXU HTTP/1.1" 200 26
186.102.36.175 - - [13/Nov/2023:22:06:33 -0500] "GET /kwssiamovil/sm/acme/a?s=U2FsdGVkX18cFXTu5d0SkFZIFBf7N1qbRrW28JzXqIrwXGm3aj6pBeoZYZX/pJ15MzOAcl2lUQGVsTX6ISQXOz+vg1tqORbcpT8ZpGBUsFwYDB8vfu0DMErJBqmgkwZc2di9pli1S5fCxbRJ2BQ0NqKEfD/0eBGgnjvtqyPnglY=&u=U2FsdGVkX1802Q2q24c8wRJ37L+UHKu37hT4jkwnjvkberCj79KCsT9S4GLMs08h&y=U2FsdGVkX19GOW55MsnSb8UWRPm28tWGLPtU/FZ7jvFopQ57aqqYKFZHBiatpCXU HTTP/1.1" 200 26
186.102.36.175 - - [13/Nov/2023:22:06:33 -0500] "GET /kwssiamovil/sm/acme/a?s=U2FsdGVkX1+LK0lSIrzip9di2JKrL2yRRGbRjtIs1yrCRvBwp50WFwbSPSFvViRtl3YMNcF2cwNMANqMC0H6Wrim9KFBUbvp0ZfQ7/PG+FH979xXXdKurBEJ6K4hBnlTh0BI1xYFS5qgUwefXsI7VrpaISmGrB4GU8M44BsIjeo=&u=U2FsdGVkX1802Q2q24c8wRJ37L+UHKu37hT4jkwnjvkberCj79KCsT9S4GLMs08h&y=U2FsdGVkX19GOW55MsnSb8UWRPm28tWGLPtU/FZ7jvFopQ57aqqYKFZHBiatpCXU HTTP/1.1" 200 26
186.102.36.175 - - [13/Nov/2023:22:06:33 -0500] "GET /kwssiamovil/sm/acme/a?s=U2FsdGVkX1/eGPVAHFwRJWQeBA4romPeXVtDkekG0Bi2LM6iStOAZlVij4AvAYFnxsE4UVnzeACC7DK/jMnRdwS+afGMIR5DU73N/WVdv4E68CuU8WYbk9PrqizTXqEpyjmtbCEBl1NK6FKvA6I7LLYuT1oX2PrUaoD7L4YWSr2hrNFtEq38YrqVLKVu0sl5KI90/oo2vv+cmKsrR1SUMw==&u=U2FsdGVkX1802Q2q24c8wRJ37L+UHKu37hT4jkwnjvkberCj79KCsT9S4GLMs08h&y=U2FsdGVkX19GOW55MsnSb8UWRPm28tWGLPtU/FZ7jvFopQ57aqqYKFZHBiatpCXU HTTP/1.1" 200 26
201.245.192.253 - - [13/Nov/2023:22:07:11 -0500] "POST /kwsrmcab/Wsrmcab  HTTP/1.1" 200 40720
172.22.2.4 - - [13/Nov/2023:22:07:16 -0500] "GET /BLA/boletinlegal/actos.php HTTP/1.1" 200 9682
172.22.2.4 - - [13/Nov/2023:22:05:37 -0500] "GET /BLA/boletinlegal/ HTTP/1.1" 200 58294
186.84.88.2 - - [13/Nov/2023:22:07:18 -0500] "GET /BLA/resoluciones/ HTTP/1.1" 200 13696
186.84.88.2 - - [13/Nov/2023:22:07:18 -0500] "GET /BLA/resoluciones/dlf/styles.css HTTP/1.1" 200 3049
186.84.88.2 - - [13/Nov/2023:22:07:18 -0500] "GET /BLA/resoluciones/dlf/folder.png HTTP/1.1" 200 410
186.84.88.2 - - [13/Nov/2023:22:07:18 -0500] "GET /BLA/resoluciones/dlf/bg.gif HTTP/1.1" 200 54
186.84.88.2 - - [13/Nov/2023:22:07:27 -0500] "GET /BLA/resoluciones/index.php?dir=AUTOS+2020%2F HTTP/1.1" 200 12235
186.84.88.2 - - [13/Nov/2023:22:07:28 -0500] "GET /BLA/resoluciones/dlf/dirup.png HTTP/1.1" 200 644
186.84.88.2 - - [13/Nov/2023:22:07:28 -0500] "GET /BLA/resoluciones/dlf/pdf.gif HTTP/1.1" 200 272
186.84.88.2 - - [13/Nov/2023:22:07:27 -0500] "GET /BLA/resoluciones/index.php?dir=AUTOS+2020%2F HTTP/1.1" 200 332687
207.46.13.151 - - [13/Nov/2023:22:07:30 -0500] "GET /BLA/resoluciones/index.php?dir=RESOLUCIONES+2023%2F HTTP/1.1" 200 107664
172.22.2.4 - - [13/Nov/2023:22:07:13 -0500] "GET /BLA/boletinlegal/ HTTP/1.1" 200 62729
216.245.221.92 - - [13/Nov/2023:22:10:28 -0500] "HEAD / HTTP/1.1" 200 -
201.245.192.253 - - [13/Nov/2023:22:12:10 -0500] "POST /kwsrmcab/Wsrmcab  HTTP/1.1" 200 40720
172.22.2.4 - - [13/Nov/2023:22:10:36 -0500] "HEAD /BLA/boletinlegal/ HTTP/1.1" 200 -
172.22.2.4 - - [13/Nov/2023:22:11:27 -0500] "GET /BLA/boletinlegal/ HTTP/1.1" 200 53737
190.130.81.29 - - [13/Nov/2023:22:13:43 -0500] "GET /recuperado-zorro-cangrejero-que-era-tenido-ilegalmente-como-mascota-en-una-vivienda-del-sur-de-bogota.html HTTP/1.1" 200 801
20.120.74.197 - - [13/Nov/2023:22:14:05 -0500] "GET /robots.txt HTTP/1.1" 404 1034
200.118.16.147 - - [13/Nov/2023:22:14:07 -0500] "GET /sipse/faces/javax.faces.resource/dynamiccontent.properties?ln=primefaces&pfdrid=XjOR5%2F%2FfPAZAuY9TpWQeCiM0BhlXxYRBGKi%2FQcXXfeA%3D&pfdrid_c=false HTTP/1.1" 500 383
20.120.74.197 - - [13/Nov/2023:22:14:08 -0500] "HEAD /images/servicios-ambientales_optimized.jpeg HTTP/1.1" 200 -
216.245.221.92 - - [13/Nov/2023:22:15:28 -0500] "HEAD / HTTP/1.1" 200 -
52.167.144.179 - - [13/Nov/2023:22:15:59 -0500] "GET /portaldeninos/?s= HTTP/1.1" 200 85920
201.245.192.253 - - [13/Nov/2023:22:16:29 -0500] "POST /kwsrmcab/Wsrmcab HTTP/1.1" 200 40551
201.245.192.253 - - [13/Nov/2023:22:16:32 -0500] "POST /kwsrmcab/Wsrmcab HTTP/1.1" 200 41748
186.170.128.14 - - [13/Nov/2023:22:16:43 -0500] "GET /consulta-y-conoce-los-proyectos-de-resolucion-de-para-los-planes-de-manejo-ambiental-de-cinco-humedales-en-bogota.html?fbclid=IwAR0Fu5UZgZO_bILZbizHmoGtSeNp3l4EI-ElmiWmk_vO2dZovCsDFpuW2-o HTTP/1.1" 200 971
201.245.192.253 - - [13/Nov/2023:22:17:08 -0500] "POST /kwsrmcab/Wsrmcab  HTTP/1.1" 200 40720
138.75.125.125 - - [13/Nov/2023:22:17:45 -0500] "GET / HTTP/1.0" 200 319
172.22.2.4 - - [13/Nov/2023:22:16:26 -0500] "HEAD /BLA/boletinlegal/ HTTP/1.1" 200 -
172.22.2.4 - - [13/Nov/2023:22:17:17 -0500] "GET /BLA/boletinlegal/ HTTP/1.1" 200 52827
40.77.167.40 - - [13/Nov/2023:22:19:37 -0500] "GET /Publicaciones/2023EE181312.pdf HTTP/1.1" 404 228
201.245.192.253 - - [13/Nov/2023:22:19:51 -0500] "POST /kwsrmcab/Wsrmcab HTTP/1.1" 200 40551
201.245.192.253 - - [13/Nov/2023:22:19:57 -0500] "POST /kwsrmcab/Wsrmcab HTTP/1.1" 200 41748
216.245.221.92 - - [13/Nov/2023:22:20:28 -0500] "HEAD / HTTP/1.1" 200 -
181.59.241.151 - - [13/Nov/2023:22:20:57 -0500] "GET /BLA/resoluciones/index.php HTTP/1.1" 200 13696
181.59.241.151 - - [13/Nov/2023:22:21:00 -0500] "GET /BLA/resoluciones/index.php?dir=AUTOS+2022%2F HTTP/1.1" 200 507974
45.79.213.144 - - [13/Nov/2023:22:21:13 -0500] "GET / HTTP/1.1" 200 319
201.245.192.253 - - [13/Nov/2023:22:22:07 -0500] "POST /kwsrmcab/Wsrmcab  HTTP/1.1" 200 40720
172.22.2.4 - - [13/Nov/2023:22:22:16 -0500] "HEAD /BLA/boletinlegal/ HTTP/1.1" 200 -
172.22.2.4 - - [13/Nov/2023:22:23:07 -0500] "GET /BLA/boletinlegal/ HTTP/1.1" 200 59007
173.252.79.120 - - [13/Nov/2023:22:25:26 -0500] "GET /consulta-y-conoce-los-proyectos-de-resolucion-de-para-los-planes-de-manejo-ambiental-de-cinco-humedales-en-bogota.html HTTP/1.1" 200 971
216.245.221.92 - - [13/Nov/2023:22:25:28 -0500] "HEAD / HTTP/1.1" 200 -
66.249.66.192 - - [13/Nov/2023:22:25:57 -0500] "GET /robots.txt HTTP/1.1" 404 1034
66.249.66.194 - - [13/Nov/2023:22:25:57 -0500] "GET /el-reverdecer-de-bogota-no-para-207-nuevos-arboles-plantados-en-el-sur-de-la-ciudad.html HTTP/1.1" 200 912
201.245.192.253 - - [13/Nov/2023:22:26:29 -0500] "POST /kwsrmcab/Wsrmcab HTTP/1.1" 200 40551
201.245.192.253 - - [13/Nov/2023:22:26:32 -0500] "POST /kwsrmcab/Wsrmcab HTTP/1.1" 200 41748
31.13.127.9 - - [13/Nov/2023:22:27:08 -0500] "GET /que-orgullo-bogota-obtiene-reconocimiento-por-sus-planes-y-acciones-para-enfrentar-el-cambio-climatico.html HTTP/1.1" 200 773
201.245.192.253 - - [13/Nov/2023:22:27:06 -0500] "POST /kwsrmcab/Wsrmcab  HTTP/1.1" 200 40720
207.46.13.168 - - [13/Nov/2023:22:28:04 -0500] "GET /Publicaciones/2023EE236912.pdf HTTP/1.1" 404 228
172.22.2.4 - - [13/Nov/2023:22:28:06 -0500] "HEAD /BLA/boletinlegal/ HTTP/1.1" 200 -
201.245.192.253 - - [13/Nov/2023:22:29:51 -0500] "POST /kwsrmcab/Wsrmcab HTTP/1.1" 200 40551
201.245.192.253 - - [13/Nov/2023:22:29:54 -0500] "POST /kwsrmcab/Wsrmcab HTTP/1.1" 200 41748
40.77.167.16 - - [13/Nov/2023:22:29:58 -0500] "GET /portaldeninos/parque-mirador-de-los-nevados/ HTTP/1.1" 200 89855
66.249.66.20 - - [13/Nov/2023:22:30:14 -0500] "GET /BLA/resoluciones/RESOLUCIONES%202009/4833.pdf HTTP/1.1" 200 420294
216.245.221.92 - - [13/Nov/2023:22:30:28 -0500] "HEAD / HTTP/1.1" 200 -
172.22.2.4 - - [13/Nov/2023:22:28:57 -0500] "GET /BLA/boletinlegal/ HTTP/1.1" 200 52827
173.252.83.4 - - [13/Nov/2023:22:31:07 -0500] "GET /recuperado-zorro-cangrejero-que-era-tenido-ilegalmente-como-mascota-en-una-vivienda-del-sur-de-bogota.html HTTP/1.1" 200 801
173.252.83.12 - - [13/Nov/2023:22:31:07 -0500] "GET /recuperado-zorro-cangrejero-que-era-tenido-ilegalmente-como-mascota-en-una-vivienda-del-sur-de-bogota.html HTTP/1.1" 200 801
40.77.167.14 - - [13/Nov/2023:22:31:09 -0500] "GET /Publicaciones/2023EE182132.pdf HTTP/1.1" 404 228
201.159.58.164 - - [13/Nov/2023:22:31:35 -0500] "GET / HTTP/1.0" 200 319
201.245.192.253 - - [13/Nov/2023:22:32:05 -0500] "POST /kwsrmcab/Wsrmcab  HTTP/1.1" 200 40720
172.22.2.4 - - [13/Nov/2023:22:32:14 -0500] "GET /BLA/boletinlegal/jurisprudencia/analisis/AnalisisT-606-15.docx HTTP/1.1" 200 26698
172.22.2.4 - - [13/Nov/2023:22:32:15 -0500] "GET /BLA/boletinlegal/apple-touch-icon-120x120-precomposed.png HTTP/1.1" 404 1140
172.22.2.4 - - [13/Nov/2023:22:32:15 -0500] "GET /BLA/boletinlegal/apple-touch-icon-120x120.png HTTP/1.1" 404 1140
172.22.2.4 - - [13/Nov/2023:22:32:15 -0500] "GET /BLA/boletinlegal/apple-touch-icon-precomposed.png HTTP/1.1" 404 1140
172.22.2.4 - - [13/Nov/2023:22:32:15 -0500] "GET /BLA/boletinlegal/apple-touch-icon.png HTTP/1.1" 404 1140
172.22.2.4 - - [13/Nov/2023:22:32:15 -0500] "GET /BLA/boletinlegal/favicon.ico HTTP/1.1" 404 1140
172.22.2.4 - - [13/Nov/2023:22:32:15 -0500] "GET /BLA/boletinlegal/apple-touch-icon-120x120-precomposed.png HTTP/1.1" 404 1140
172.22.2.4 - - [13/Nov/2023:22:32:15 -0500] "GET /BLA/boletinlegal/apple-touch-icon-120x120.png HTTP/1.1" 404 1140
172.22.2.4 - - [13/Nov/2023:22:32:15 -0500] "GET /BLA/boletinlegal/apple-touch-icon-precomposed.png HTTP/1.1" 404 1140
172.22.2.4 - - [13/Nov/2023:22:32:15 -0500] "GET /BLA/boletinlegal/apple-touch-icon.png HTTP/1.1" 404 1140
172.22.2.4 - - [13/Nov/2023:22:32:15 -0500] "GET /BLA/boletinlegal/favicon.ico HTTP/1.1" 404 1140
66.249.66.20 - - [13/Nov/2023:22:32:16 -0500] "GET /BLA/resoluciones/RESOLUCIONES%202009/0794.pdf HTTP/1.1" 200 405476
172.22.2.4 - - [13/Nov/2023:22:32:26 -0500] "GET /BLA/boletinlegal/jurisprudencia/analisis/Analisis%20Sentencia%20T-1077,%202%20corregida.doc HTTP/1.1" 200 47616
172.22.2.4 - - [13/Nov/2023:22:32:58 -0500] "GET /BLA/boletinlegal/ HTTP/1.1" 200 59360
134.238.151.137 - - [13/Nov/2023:22:34:51 -0500] "GET /BLA/resoluciones/RESOLUCIONES%202021/5262.pdf HTTP/1.1" 200 370932
134.238.151.137 - - [13/Nov/2023:22:34:51 -0500] "GET /favicon.ico HTTP/1.1" 200 7782
173.252.87.14 - - [13/Nov/2023:22:35:05 -0500] "GET /consulta-y-conoce-los-proyectos-de-resolucion-de-para-los-planes-de-manejo-ambiental-de-cinco-humedales-en-bogota.html HTTP/1.1" 200 971
216.245.221.92 - - [13/Nov/2023:22:35:28 -0500] "HEAD / HTTP/1.1" 200 -
172.22.2.4 - - [13/Nov/2023:22:33:56 -0500] "HEAD /BLA/boletinlegal/ HTTP/1.1" 200 -
172.22.2.4 - - [13/Nov/2023:22:35:43 -0500] "GET /BLA/boletinlegal/Circulares/2017/Circular%20No.%20011%20del%2005%20de%20julio%20de%202017.pdf HTTP/1.1" 200 965526
172.22.2.4 - - [13/Nov/2023:22:35:43 -0500] "GET /BLA/boletinlegal/Circulares/2017/Circular%20No.%20011%20del%2005%20de%20julio%20de%202017.pdf HTTP/1.1" 206 1025
172.22.2.4 - - [13/Nov/2023:22:35:43 -0500] "GET /BLA/boletinlegal/Circulares/2017/Circular%20No.%20011%20del%2005%20de%20julio%20de%202017.pdf HTTP/1.1" 200 965526
31.13.103.118 - - [13/Nov/2023:22:36:05 -0500] "GET /recuperado-zorro-cangrejero-que-era-tenido-ilegalmente-como-mascota-en-una-vivienda-del-sur-de-bogota.html HTTP/1.1" 200 801
31.13.103.5 - - [13/Nov/2023:22:36:05 -0500] "GET /recuperado-zorro-cangrejero-que-era-tenido-ilegalmente-como-mascota-en-una-vivienda-del-sur-de-bogota.html HTTP/1.1" 200 801
172.22.2.4 - - [13/Nov/2023:22:34:47 -0500] "GET /BLA/boletinlegal/ HTTP/1.1" 200 52827
201.245.192.253 - - [13/Nov/2023:22:36:29 -0500] "POST /kwsrmcab/Wsrmcab HTTP/1.1" 200 40551
201.245.192.253 - - [13/Nov/2023:22:36:32 -0500] "POST /kwsrmcab/Wsrmcab HTTP/1.1" 200 41748
172.22.2.4 - - [13/Nov/2023:22:36:57 -0500] "GET /BLA/boletinlegal/Circulares/2019/.pdf HTTP/1.1" 404 1218
201.245.192.253 - - [13/Nov/2023:22:37:04 -0500] "POST /kwsrmcab/Wsrmcab  HTTP/1.1" 200 40720
66.249.66.19 - - [13/Nov/2023:22:37:16 -0500] "GET /BLA/resoluciones/RESOLUCIONES%202009/4643.pdf HTTP/1.1" 200 548311
181.56.80.97 - - [13/Nov/2023:22:38:57 -0500] "GET /appsia/controlador HTTP/1.1" 200 4799
181.56.80.97 - - [13/Nov/2023:22:38:58 -0500] "GET /appsia/css/estilos.css HTTP/1.1" 200 4804
181.56.80.97 - - [13/Nov/2023:22:38:58 -0500] "GET /appsia/scripts/validarIngreso.js HTTP/1.1" 200 851
181.56.80.97 - - [13/Nov/2023:22:38:58 -0500] "GET /appsia/images/cabezoteHojaVida.png HTTP/1.1" 200 32493
181.56.80.97 - - [13/Nov/2023:22:38:58 -0500] "GET /appsia/images/logo_bogota_p.png HTTP/1.1" 200 14951
181.56.80.97 - - [13/Nov/2023:22:38:58 -0500] "GET /favicon.ico HTTP/1.1" 200 7782
181.56.80.97 - - [13/Nov/2023:22:39:04 -0500] "POST /appsia/controlador HTTP/1.1" 200 3599
181.56.80.97 - - [13/Nov/2023:22:39:04 -0500] "GET /appsia/jscripts/validarSolicitud.js HTTP/1.1" 404 68
181.56.80.97 - - [13/Nov/2023:22:39:16 -0500] "POST /appsia/controlador HTTP/1.1" 200 4799
181.56.80.97 - - [13/Nov/2023:22:39:19 -0500] "POST /appsia/controlador HTTP/1.1" 200 3599
181.56.80.97 - - [13/Nov/2023:22:39:19 -0500] "GET /appsia/jscripts/validarSolicitud.js HTTP/1.1" 404 68
181.56.80.97 - - [13/Nov/2023:22:39:23 -0500] "POST /appsia/controlador HTTP/1.1" 200 4799
31.13.127.2 - - [13/Nov/2023:22:39:25 -0500] "GET /consulta-y-conoce-los-proyectos-de-resolucion-de-para-los-planes-de-manejo-ambiental-de-cinco-humedales-en-bogota.html HTTP/1.1" 200 971
181.56.80.97 - - [13/Nov/2023:22:39:35 -0500] "POST /appsia/controlador HTTP/1.1" 200 5437
181.56.80.97 - - [13/Nov/2023:22:39:38 -0500] "POST /appsia/controlador HTTP/1.1" 200 65676
181.56.80.97 - - [13/Nov/2023:22:39:39 -0500] "GET /appsia/images/logo_escudo.png HTTP/1.1" 200 36965
201.245.192.253 - - [13/Nov/2023:22:39:51 -0500] "POST /kwsrmcab/Wsrmcab HTTP/1.1" 200 40551
201.245.192.253 - - [13/Nov/2023:22:39:54 -0500] "POST /kwsrmcab/Wsrmcab HTTP/1.1" 200 41748
216.245.221.92 - - [13/Nov/2023:22:40:28 -0500] "HEAD / HTTP/1.1" 200 -
173.252.79.119 - - [13/Nov/2023:22:41:19 -0500] "GET /images/Zorro%20cangrejero.jpg HTTP/1.1" 200 40050
172.22.2.4 - - [13/Nov/2023:22:39:46 -0500] "HEAD /BLA/boletinlegal/ HTTP/1.1" 200 -
201.245.192.253 - - [13/Nov/2023:22:42:03 -0500] "POST /kwsrmcab/Wsrmcab  HTTP/1.1" 200 40720
172.22.2.4 - - [13/Nov/2023:22:40:37 -0500] "GET /BLA/boletinlegal/ HTTP/1.1" 200 58644
66.249.66.21 - - [13/Nov/2023:22:42:21 -0500] "GET /BLA/resoluciones/RESOLUCIONES%202010/6198.pdf HTTP/1.1" 200 665376
66.249.66.21 - - [13/Nov/2023:22:43:05 -0500] "GET /BLA/resoluciones/RESOLUCIONES%202008/5717.pdf HTTP/1.1" 200 250039
172.22.2.4 - - [13/Nov/2023:22:43:10 -0500] "GET /BLA/boletinlegal/api/v1 HTTP/1.1" 404 1018
66.249.66.21 - - [13/Nov/2023:22:45:05 -0500] "GET /BLA/resoluciones/RESOLUCIONES%202014/2209.pdf HTTP/1.1" 200 619895
66.249.66.19 - - [13/Nov/2023:22:45:21 -0500] "GET /BLA/resoluciones/RESOLUCIONES%202009/0632.pdf HTTP/1.1" 200 759165
216.245.221.92 - - [13/Nov/2023:22:45:28 -0500] "HEAD / HTTP/1.1" 200 -
66.249.66.19 - - [13/Nov/2023:22:45:43 -0500] "GET /BLA/resoluciones/RESOLUCIONES%202010/6041.pdf HTTP/1.1" 200 44165
201.245.192.253 - - [13/Nov/2023:22:47:02 -0500] "POST /kwsrmcab/Wsrmcab  HTTP/1.1" 200 40720
172.22.2.4 - - [13/Nov/2023:22:45:36 -0500] "HEAD /BLA/boletinlegal/ HTTP/1.1" 200 -
66.249.66.20 - - [13/Nov/2023:22:48:04 -0500] "GET /BLA/resoluciones/RESOLUCIONES%202011/3470.pdf HTTP/1.1" 200 540274
172.22.2.4 - - [13/Nov/2023:22:46:27 -0500] "GET /BLA/boletinlegal/ HTTP/1.1" 200 61018
66.249.66.19 - - [13/Nov/2023:22:48:30 -0500] "GET /BLA/resoluciones/RESOLUCIONES%202008/0150.pdf HTTP/1.1" 200 95011
205.210.31.101 - - [13/Nov/2023:22:49:32 -0500] "\x16\x03\x01" 400 226
205.210.31.101 - - [13/Nov/2023:22:49:32 -0500] "\x16\x03\x01" 400 226
66.249.66.21 - - [13/Nov/2023:22:50:09 -0500] "GET /resoluciones/RESOLUCIONES%202010/2017.pdf HTTP/1.1" 404 1018
216.245.221.92 - - [13/Nov/2023:22:50:28 -0500] "HEAD / HTTP/1.1" 200 -
172.22.2.4 - - [13/Nov/2023:22:51:00 -0500] "GET /BLA/boletinlegal/robots.txt HTTP/1.1" 404 1038
66.249.66.20 - - [13/Nov/2023:22:51:32 -0500] "GET /BLA/resoluciones/RESOLUCIONES%202009/7300.pdf HTTP/1.1" 200 335910
201.245.192.253 - - [13/Nov/2023:22:52:01 -0500] "POST /kwsrmcab/Wsrmcab  HTTP/1.1" 200 40720
66.249.66.19 - - [13/Nov/2023:22:52:29 -0500] "GET /BLA/resoluciones/Autos%202008/1810.pdf HTTP/1.1" 200 171944
172.22.2.4 - - [13/Nov/2023:22:51:00 -0500] "GET /BLA/boletinlegal/ HTTP/1.1" 200 57881
172.22.2.4 - - [13/Nov/2023:22:51:26 -0500] "HEAD /BLA/boletinlegal/ HTTP/1.1" 200 -
172.22.2.4 - - [13/Nov/2023:22:52:17 -0500] "GET /BLA/boletinlegal/ HTTP/1.1" 200 54105
52.167.144.211 - - [13/Nov/2023:22:54:35 -0500] "GET /BLA/resoluciones/AUTOS%202023/4314.pdf HTTP/1.1" 200 1161185
216.245.221.92 - - [13/Nov/2023:22:55:28 -0500] "HEAD / HTTP/1.1" 200 -
201.245.192.253 - - [13/Nov/2023:22:57:00 -0500] "POST /kwsrmcab/Wsrmcab  HTTP/1.1" 200 40720
172.22.2.4 - - [13/Nov/2023:22:57:16 -0500] "HEAD /BLA/boletinlegal/ HTTP/1.1" 200 -
172.22.2.4 - - [13/Nov/2023:22:58:07 -0500] "GET /BLA/boletinlegal/ HTTP/1.1" 200 58294
216.245.221.92 - - [13/Nov/2023:23:00:28 -0500] "HEAD / HTTP/1.1" 200 -
66.249.66.19 - - [13/Nov/2023:23:01:30 -0500] "GET /BLA/resoluciones/RESOLUCIONES%202007/RES%202007%203501%20AL%203600/RESOLUCION%203526%20DE%202007.pdf HTTP/1.1" 200 208928
69.171.231.8 - - [13/Nov/2023:23:01:49 -0500] "GET /consulta-y-conoce-los-proyectos-de-resolucion-de-para-los-planes-de-manejo-ambiental-de-cinco-humedales-en-bogota.html HTTP/1.1" 200 971
201.245.192.253 - - [13/Nov/2023:23:01:59 -0500] "POST /kwsrmcab/Wsrmcab  HTTP/1.1" 200 40720
173.252.87.117 - - [13/Nov/2023:23:02:39 -0500] "GET /images/24%20de%20febrero%20Sendero%20guadalupe%202.jpeg HTTP/1.1" 200 70964
52.167.144.205 - - [13/Nov/2023:23:03:25 -0500] "GET /Publicaciones/2023EE205035.pdf HTTP/1.1" 404 228
69.171.249.112 - - [13/Nov/2023:23:03:33 -0500] "GET /recuperado-zorro-cangrejero-que-era-tenido-ilegalmente-como-mascota-en-una-vivienda-del-sur-de-bogota.html HTTP/1.1" 200 801
172.22.2.4 - - [13/Nov/2023:23:03:56 -0500] "GET /BLA/boletinlegal/actos.php HTTP/1.1" 200 9682
66.249.66.20 - - [13/Nov/2023:23:04:46 -0500] "GET /BLA/boletinlegal/Directivas/2011/Directiva%20No.%207%20del%2015%20de%20Septiembre%20de%202011.pdf HTTP/1.1" 304 -
172.22.2.4 - - [13/Nov/2023:23:03:06 -0500] "HEAD /BLA/boletinlegal/ HTTP/1.1" 200 -
216.245.221.92 - - [13/Nov/2023:23:05:28 -0500] "HEAD / HTTP/1.1" 200 -
172.22.2.4 - - [13/Nov/2023:23:03:57 -0500] "GET /BLA/boletinlegal/ HTTP/1.1" 200 57881
201.245.192.253 - - [13/Nov/2023:23:06:58 -0500] "POST /kwsrmcab/Wsrmcab  HTTP/1.1" 200 40720
114.119.158.165 - - [13/Nov/2023:23:07:38 -0500] "GET /BLA/resoluciones/index.php?dir=RESOLUCIONES%2B2015/&sort=name&order=desc HTTP/1.1" 200 13902
172.22.2.4 - - [13/Nov/2023:23:07:52 -0500] "GET /BLA/boletinlegal/jurisprudencia/analisis/AnalisisT-095-16.docx HTTP/1.1" 200 20284
173.252.107.3 - - [13/Nov/2023:23:08:00 -0500] "GET /distrito-inicia-pavimentacion-de-vias-para-mejorar-la-calidad-del-aire-de-bogota.html HTTP/1.1" 200 970
173.252.107.1 - - [13/Nov/2023:23:08:06 -0500] "GET /secretaria-de-ambiente-impone-medidas-preventivas-a-un-privado-que-utilizaba-un-area-protegida-para-promocionar-proyectos.html HTTP/1.1" 200 866
66.220.149.17 - - [13/Nov/2023:23:08:26 -0500] "GET /images/8%20de%20febrero%20incendio%20forestal.jpeg HTTP/1.1" 200 56283
114.119.141.206 - - [13/Nov/2023:23:09:00 -0500] "GET /BLA/resoluciones/index.php?dir=Notificaciones/AUTOS%2B2023/&sort=name&order=asc HTTP/1.1" 200 13944
216.245.221.92 - - [13/Nov/2023:23:10:28 -0500] "HEAD / HTTP/1.1" 200 -
172.22.2.4 - - [13/Nov/2023:23:08:57 -0500] "HEAD /BLA/boletinlegal/ HTTP/1.1" 200 -
66.249.66.193 - - [13/Nov/2023:23:10:57 -0500] "GET /el-agua-recurso-vital-para-la-conservacion-de-los-ecosistemas.html HTTP/1.1" 304 -
172.22.2.4 - - [13/Nov/2023:23:09:47 -0500] "GET /BLA/boletinlegal/ HTTP/1.1" 200 58644
52.167.144.22 - - [13/Nov/2023:23:11:46 -0500] "GET /BLA/resoluciones/RESOLUCIONES%202017/2756.pdf HTTP/1.1" 200 516896
201.245.192.253 - - [13/Nov/2023:23:11:56 -0500] "POST /kwsrmcab/Wsrmcab  HTTP/1.1" 200 40720
66.249.66.19 - - [13/Nov/2023:23:13:56 -0500] "GET /BLA/resoluciones/RESOLUCIONES%202014/0348.pdf HTTP/1.1" 200 921946
66.249.66.20 - - [13/Nov/2023:23:14:12 -0500] "GET /BLA/resoluciones/RESOLUCIONES%202008/3741.pdf HTTP/1.1" 200 222718
185.189.182.234 - - [13/Nov/2023:23:15:10 -0500] "GET / HTTP/1.1" 400 946
216.245.221.92 - - [13/Nov/2023:23:15:28 -0500] "HEAD / HTTP/1.1" 200 -
172.22.2.4 - - [13/Nov/2023:23:14:47 -0500] "HEAD /BLA/boletinlegal/ HTTP/1.1" 200 -
201.245.192.253 - - [13/Nov/2023:23:16:29 -0500] "POST /kwsrmcab/Wsrmcab HTTP/1.1" 200 37589
201.245.192.253 - - [13/Nov/2023:23:16:32 -0500] "POST /kwsrmcab/Wsrmcab HTTP/1.1" 200 41752
201.245.192.253 - - [13/Nov/2023:23:16:55 -0500] "POST /kwsrmcab/Wsrmcab  HTTP/1.1" 200 40720
172.22.2.4 - - [13/Nov/2023:23:15:38 -0500] "GET /BLA/boletinlegal/ HTTP/1.1" 200 56187
143.255.242.131 - - [13/Nov/2023:23:18:03 -0500] "GET / HTTP/1.1" 200 319
201.245.192.253 - - [13/Nov/2023:23:19:51 -0500] "POST /kwsrmcab/Wsrmcab HTTP/1.1" 200 37589
201.245.192.253 - - [13/Nov/2023:23:19:54 -0500] "POST /kwsrmcab/Wsrmcab HTTP/1.1" 200 41752
216.245.221.92 - - [13/Nov/2023:23:20:28 -0500] "HEAD / HTTP/1.1" 200 -
172.22.2.4 - - [13/Nov/2023:23:20:39 -0500] "GET /BLA/boletinlegal/robots.txt HTTP/1.1" 404 1038
172.22.2.4 - - [13/Nov/2023:23:20:41 -0500] "GET /BLA/boletinlegal/normativa.php HTTP/1.1" 200 8343
52.167.144.179 - - [13/Nov/2023:23:20:46 -0500] "GET /bla/resoluciones/resoluciones%202012/0466.pdf HTTP/1.1" 200 695216
201.245.192.253 - - [13/Nov/2023:23:21:55 -0500] "POST /kwsrmcab/Wsrmcab  HTTP/1.1" 200 40720
52.167.144.179 - - [13/Nov/2023:23:22:13 -0500] "GET /BLA/resoluciones/AUTOS%202021/3135.pdf HTTP/1.1" 304 -
172.22.2.4 - - [13/Nov/2023:23:20:37 -0500] "HEAD /BLA/boletinlegal/ HTTP/1.1" 200 -
172.22.2.4 - - [13/Nov/2023:23:21:28 -0500] "GET /BLA/boletinlegal/ HTTP/1.1" 200 52827
66.249.66.21 - - [13/Nov/2023:23:23:56 -0500] "GET /BLA/resoluciones/RESOLUCIONES%202011/2544.pdf HTTP/1.1" 200 720463
66.249.66.19 - - [13/Nov/2023:23:24:30 -0500] "GET /BLA/resoluciones/Notificaciones/RESOLUCIONES%202023/0382.pdf HTTP/1.1" 200 4804242
216.245.221.92 - - [13/Nov/2023:23:25:28 -0500] "HEAD / HTTP/1.1" 200 -
201.245.192.253 - - [13/Nov/2023:23:26:29 -0500] "POST /kwsrmcab/Wsrmcab HTTP/1.1" 200 37589
201.245.192.253 - - [13/Nov/2023:23:26:32 -0500] "POST /kwsrmcab/Wsrmcab HTTP/1.1" 200 41752
201.245.192.253 - - [13/Nov/2023:23:26:53 -0500] "POST /kwsrmcab/Wsrmcab  HTTP/1.1" 200 40720
172.22.2.4 - - [13/Nov/2023:23:26:22 -0500] "GET /BLA/boletinlegal/ HTTP/1.1" 200 24523
172.22.2.4 - - [13/Nov/2023:23:26:27 -0500] "HEAD /BLA/boletinlegal/ HTTP/1.1" 200 -
172.22.2.4 - - [13/Nov/2023:23:27:17 -0500] "GET /BLA/boletinlegal/ HTTP/1.1" 200 51732
201.245.192.253 - - [13/Nov/2023:23:29:51 -0500] "POST /kwsrmcab/Wsrmcab HTTP/1.1" 200 37589
201.245.192.253 - - [13/Nov/2023:23:29:54 -0500] "POST /kwsrmcab/Wsrmcab HTTP/1.1" 200 41752
40.77.167.23 - - [13/Nov/2023:23:30:26 -0500] "GET /BLA/resoluciones/AUTOS%202023/3193.pdf HTTP/1.1" 200 422357
172.22.2.4 - - [13/Nov/2023:23:28:47 -0500] "HEAD /BLA/boletinlegal/ HTTP/1.1" 200 -
