201.245.192.253 - - [13/Nov/2023:20:29:53 -0500] "GET /sipse/faces/javax.faces.resource/layout/layout.js?ln=primefaces&v=4.0 HTTP/1.1" 304 -
201.245.192.253 - - [13/Nov/2023:20:29:53 -0500] "GET /sipse/faces/javax.faces.resource/dynamiccontent.properties?ln=primefaces&pfdrid=XjOR5%2F%2FfPAZAuY9TpWQeCiM0BhlXxYRBGKi%2FQcXXfeA%3D&pfdrid_c=false HTTP/1.1" 500 383
201.245.192.253 - - [13/Nov/2023:20:29:52 -0500] "POST /kwsrmcab/Wsrmcab HTTP/1.1" 200 41141
201.245.192.253 - - [13/Nov/2023:20:29:56 -0500] "POST /sipse/faces/presentacion/financiero/solicitudProceso/consultarSolicitudProceso.xhtml HTTP/1.1" 200 34481
201.245.192.253 - - [13/Nov/2023:20:29:56 -0500] "GET /sipse/faces/javax.faces.resource/theme.css?ln=primefaces-sipse HTTP/1.1" 304 -
201.245.192.253 - - [13/Nov/2023:20:29:56 -0500] "GET /sipse/faces/javax.faces.resource/jquery/jquery.js?ln=primefaces&v=4.0 HTTP/1.1" 304 -
201.245.192.253 - - [13/Nov/2023:20:29:56 -0500] "GET /sipse/faces/javax.faces.resource/layout/layout.js?ln=primefaces&v=4.0 HTTP/1.1" 304 -
201.245.192.253 - - [13/Nov/2023:20:29:56 -0500] "GET /sipse/faces/javax.faces.resource/layout/layout.css?ln=primefaces&v=4.0 HTTP/1.1" 304 -
201.245.192.253 - - [13/Nov/2023:20:29:56 -0500] "GET /sipse/faces/javax.faces.resource/primefaces.js?ln=primefaces&v=4.0 HTTP/1.1" 304 -
201.245.192.253 - - [13/Nov/2023:20:29:56 -0500] "GET /sipse/faces/javax.faces.resource/primefaces.css?ln=primefaces&v=4.0 HTTP/1.1" 304 -
201.245.192.253 - - [13/Nov/2023:20:29:56 -0500] "GET /sipse/faces/javax.faces.resource/jquery/jquery-plugins.js?ln=primefaces&v=4.0 HTTP/1.1" 304 -
201.245.192.253 - - [13/Nov/2023:20:29:56 -0500] "GET /sipse/faces/javax.faces.resource/images/ui-icons_898989_256x240.png?ln=primefaces-aristo HTTP/1.1" 304 -
201.245.192.253 - - [13/Nov/2023:20:29:58 -0500] "POST /sipse/faces/presentacion/financiero/solicitudProceso/consultarHistorialSolProceso.xhtml HTTP/1.1" 200 161939
201.245.192.253 - - [13/Nov/2023:20:29:58 -0500] "GET /sipse/faces/javax.faces.resource/theme.css?ln=primefaces-sipse HTTP/1.1" 304 -
201.245.192.253 - - [13/Nov/2023:20:29:58 -0500] "GET /sipse/faces/javax.faces.resource/primefaces.css?ln=primefaces&v=4.0 HTTP/1.1" 304 -
201.245.192.253 - - [13/Nov/2023:20:29:58 -0500] "GET /sipse/faces/javax.faces.resource/layout/layout.css?ln=primefaces&v=4.0 HTTP/1.1" 304 -
201.245.192.253 - - [13/Nov/2023:20:29:58 -0500] "GET /sipse/faces/javax.faces.resource/jquery/jquery.js?ln=primefaces&v=4.0 HTTP/1.1" 304 -
201.245.192.253 - - [13/Nov/2023:20:29:58 -0500] "GET /sipse/faces/javax.faces.resource/jquery/jquery-plugins.js?ln=primefaces&v=4.0 HTTP/1.1" 304 -
201.245.192.253 - - [13/Nov/2023:20:29:58 -0500] "GET /sipse/faces/javax.faces.resource/primefaces.js?ln=primefaces&v=4.0 HTTP/1.1" 304 -
201.245.192.253 - - [13/Nov/2023:20:29:58 -0500] "GET /sipse/faces/javax.faces.resource/layout/layout.js?ln=primefaces&v=4.0 HTTP/1.1" 304 -
201.245.192.253 - - [13/Nov/2023:20:29:56 -0500] "POST /kwsrmcab/Wsrmcab HTTP/1.1" 200 41752
201.245.192.253 - - [13/Nov/2023:20:29:58 -0500] "GET /sipse/faces/javax.faces.resource/images/ui-icons_898989_256x240.png?ln=primefaces-aristo HTTP/1.1" 304 -
201.245.192.253 - - [13/Nov/2023:20:29:58 -0500] "GET /sipse/faces/javax.faces.resource/dynamiccontent.properties?ln=primefaces&pfdrid=XjOR5%2F%2FfPAZAuY9TpWQeCiM0BhlXxYRBGKi%2FQcXXfeA%3D&pfdrid_c=false HTTP/1.1" 500 383
201.245.192.253 - - [13/Nov/2023:20:30:00 -0500] "GET /sipse/faces/javax.faces.resource/images/ui-bg_flat_0_2d5972_40x100.png?ln=primefaces-aristo HTTP/1.1" 304 -
201.245.192.253 - - [13/Nov/2023:20:30:00 -0500] "POST /sipse/faces/presentacion/financiero/solicitudProceso/consultarSolicitudProceso.xhtml HTTP/1.1" 200 39583
201.245.192.253 - - [13/Nov/2023:20:30:02 -0500] "GET /sipse/faces/javax.faces.resource/jquery/jquery.js?ln=primefaces&v=4.0 HTTP/1.1" 304 -
201.245.192.253 - - [13/Nov/2023:20:30:02 -0500] "GET /sipse/faces/javax.faces.resource/jquery/jquery-plugins.js?ln=primefaces&v=4.0 HTTP/1.1" 304 -
201.245.192.253 - - [13/Nov/2023:20:30:02 -0500] "GET /sipse/faces/javax.faces.resource/primefaces.js?ln=primefaces&v=4.0 HTTP/1.1" 304 -
201.245.192.253 - - [13/Nov/2023:20:30:02 -0500] "GET /sipse/faces/javax.faces.resource/layout/layout.js?ln=primefaces&v=4.0 HTTP/1.1" 304 -
201.245.192.253 - - [13/Nov/2023:20:30:02 -0500] "GET /sipse/faces/javax.faces.resource/messages/messages.png?ln=primefaces&v=4.0 HTTP/1.1" 304 -
201.245.192.253 - - [13/Nov/2023:20:30:02 -0500] "POST /sipse/faces/presentacion/financiero/solicitudProceso/listarSolicitudProceso.xhtml HTTP/1.1" 200 1372
186.86.33.245 - - [13/Nov/2023:20:30:10 -0500] "POST /sipse/faces/presentacion/financiero/solicitudProceso/consultarSolicitudProceso.xhtml HTTP/1.1" 200 38512
201.245.192.253 - - [13/Nov/2023:20:30:14 -0500] "POST /sipse/faces/presentacion/financiero/solicitudProceso/listarSolicitudProceso.xhtml HTTP/1.1" 200 184
201.245.192.253 - - [13/Nov/2023:20:30:14 -0500] "POST /sipse/faces/presentacion/financiero/solicitudProceso/listarSolicitudProceso.xhtml HTTP/1.1" 200 184
201.245.192.253 - - [13/Nov/2023:20:30:14 -0500] "GET /sipse/faces/presentacion/financiero/solicitudAnulacion/solicitudAnulacion.xhtml HTTP/1.1" 200 20304
201.245.192.253 - - [13/Nov/2023:20:30:14 -0500] "GET /sipse/faces/presentacion/financiero/solicitudAnulacion/solicitudAnulacion.xhtml HTTP/1.1" 200 37703
201.245.192.253 - - [13/Nov/2023:20:30:15 -0500] "GET /sipse/faces/javax.faces.resource/theme.css?ln=primefaces-sipse HTTP/1.1" 304 -
201.245.192.253 - - [13/Nov/2023:20:30:15 -0500] "GET /sipse/faces/javax.faces.resource/primefaces.css?ln=primefaces&v=4.0 HTTP/1.1" 304 -
201.245.192.253 - - [13/Nov/2023:20:30:15 -0500] "GET /sipse/faces/javax.faces.resource/layout/layout.css?ln=primefaces&v=4.0 HTTP/1.1" 304 -
201.245.192.253 - - [13/Nov/2023:20:30:15 -0500] "GET /sipse/faces/javax.faces.resource/jquery/jquery.js?ln=primefaces&v=4.0 HTTP/1.1" 304 -
201.245.192.253 - - [13/Nov/2023:20:30:15 -0500] "GET /sipse/faces/javax.faces.resource/primefaces.js?ln=primefaces&v=4.0 HTTP/1.1" 304 -
201.245.192.253 - - [13/Nov/2023:20:30:15 -0500] "GET /sipse/faces/javax.faces.resource/jquery/jquery-plugins.js?ln=primefaces&v=4.0 HTTP/1.1" 304 -
201.245.192.253 - - [13/Nov/2023:20:30:15 -0500] "GET /sipse/faces/javax.faces.resource/layout/layout.js?ln=primefaces&v=4.0 HTTP/1.1" 304 -
201.245.192.253 - - [13/Nov/2023:20:30:15 -0500] "GET /sipse/faces/javax.faces.resource/images/ui-icons_898989_256x240.png?ln=primefaces-aristo HTTP/1.1" 304 -
201.245.192.253 - - [13/Nov/2023:20:30:15 -0500] "GET /sipse/faces/javax.faces.resource/images/ui-bg_flat_0_2d5972_40x100.png?ln=primefaces-aristo HTTP/1.1" 304 -
201.245.192.253 - - [13/Nov/2023:20:30:15 -0500] "POST /sipse/faces/presentacion/financiero/solicitudAnulacion/solicitudAnulacion.xhtml HTTP/1.1" 200 10468
201.245.192.253 - - [13/Nov/2023:20:30:15 -0500] "GET /sipse/faces/javax.faces.resource/messages/messages.png?ln=primefaces&v=4.0 HTTP/1.1" 304 -
201.245.192.253 - - [13/Nov/2023:20:30:17 -0500] "POST /sipse/faces/presentacion/financiero/solicitudAnulacion/solicitudAnulacion.xhtml HTTP/1.1" 200 33889
201.245.192.253 - - [13/Nov/2023:20:30:17 -0500] "GET /sipse/faces/javax.faces.resource/jquery/jquery.js?ln=primefaces&v=4.0 HTTP/1.1" 304 -
201.245.192.253 - - [13/Nov/2023:20:30:17 -0500] "GET /sipse/faces/javax.faces.resource/jquery/jquery-plugins.js?ln=primefaces&v=4.0 HTTP/1.1" 304 -
201.245.192.253 - - [13/Nov/2023:20:30:17 -0500] "GET /sipse/faces/javax.faces.resource/primefaces.js?ln=primefaces&v=4.0 HTTP/1.1" 304 -
201.245.192.253 - - [13/Nov/2023:20:30:17 -0500] "GET /sipse/faces/javax.faces.resource/layout/layout.js?ln=primefaces&v=4.0 HTTP/1.1" 304 -
216.245.221.92 - - [13/Nov/2023:20:30:28 -0500] "HEAD / HTTP/1.1" 200 -
186.86.33.245 - - [13/Nov/2023:20:30:47 -0500] "POST /sipse/faces/presentacion/financiero/solicitudProceso/consultarSolicitudProceso.xhtml HTTP/1.1" 200 957261
186.86.33.245 - - [13/Nov/2023:20:31:11 -0500] "POST /sipse/faces/presentacion/financiero/solicitudProceso/consultarSolicitudProceso.xhtml HTTP/1.1" 200 140139
186.86.33.245 - - [13/Nov/2023:20:31:47 -0500] "POST /sipse/faces/presentacion/financiero/solicitudProceso/consultarSolicitudProceso.xhtml HTTP/1.1" 200 409614
201.245.192.253 - - [13/Nov/2023:20:32:29 -0500] "POST /kwsrmcab/Wsrmcab  HTTP/1.1" 200 40720
186.86.33.245 - - [13/Nov/2023:20:32:48 -0500] "POST /sipse/faces/presentacion/financiero/solicitudProceso/consultarSolicitudProceso.xhtml HTTP/1.1" 200 489923
173.252.83.118 - - [13/Nov/2023:20:32:55 -0500] "GET /images/humedales-bog.jpg HTTP/1.1" 200 38008
173.252.107.9 - - [13/Nov/2023:20:32:55 -0500] "GET /consulta-y-conoce-los-proyectos-de-resolucion-de-para-los-planes-de-manejo-ambiental-de-cinco-humedales-en-bogota.html HTTP/1.1" 200 971
186.86.33.245 - - [13/Nov/2023:20:32:58 -0500] "POST /sipse/faces/presentacion/financiero/solicitudProceso/consultarSolicitudProceso.xhtml HTTP/1.1" 200 497132
172.22.2.4 - - [13/Nov/2023:20:31:21 -0500] "HEAD /BLA/boletinlegal/ HTTP/1.1" 200 -
181.62.236.130 - - [13/Nov/2023:20:33:19 -0500] "GET /recuperado-zorro-cangrejero-que-era-tenido-ilegalmente-como-mascota-en-una-vivienda-del-sur-de-bogota.html HTTP/1.1" 200 801
172.22.2.4 - - [13/Nov/2023:20:32:12 -0500] "GET /BLA/boletinlegal/ HTTP/1.1" 200 59360
216.245.221.92 - - [13/Nov/2023:20:35:28 -0500] "HEAD / HTTP/1.1" 200 -
172.22.2.4 - - [13/Nov/2023:20:34:10 -0500] "GET /BLA/boletinlegal/ HTTP/1.1" 200 63167
201.245.192.253 - - [13/Nov/2023:20:36:30 -0500] "POST /kwsrmcab/Wsrmcab HTTP/1.1" 200 41141
201.245.192.253 - - [13/Nov/2023:20:36:32 -0500] "POST /kwsrmcab/Wsrmcab HTTP/1.1" 200 41752
201.245.192.253 - - [13/Nov/2023:20:37:28 -0500] "POST /kwsrmcab/Wsrmcab  HTTP/1.1" 200 40720
172.22.2.4 - - [13/Nov/2023:20:38:14 -0500] "GET /BLA/boletinlegal/Circulares/2019/.pdf HTTP/1.1" 404 1218
181.53.14.167 - - [13/Nov/2023:20:38:21 -0500] "GET /sipse/faces/faces/ HTTP/1.1" 302 -
181.53.14.167 - - [13/Nov/2023:20:38:21 -0500] "GET /sipse/faces/autenticacion.xhtml HTTP/1.1" 200 12405
181.53.14.167 - - [13/Nov/2023:20:38:22 -0500] "GET /sipse/css/custom_css_sg.css HTTP/1.1" 200 9694
181.53.14.167 - - [13/Nov/2023:20:38:22 -0500] "GET /sipse/css/custom_css_sg_prime_login.css HTTP/1.1" 200 443
181.53.14.167 - - [13/Nov/2023:20:38:22 -0500] "GET /sipse/faces/javax.faces.resource/layout/layout.css?ln=primefaces&v=4.0 HTTP/1.1" 304 -
181.53.14.167 - - [13/Nov/2023:20:38:22 -0500] "GET /sipse/faces/javax.faces.resource/theme.css?ln=primefaces-sipse HTTP/1.1" 200 50058
181.53.14.167 - - [13/Nov/2023:20:38:22 -0500] "GET /sipse/js/disable_browser_buttons.js HTTP/1.1" 200 3230
181.53.14.167 - - [13/Nov/2023:20:38:22 -0500] "GET /sipse/js/funciones.js HTTP/1.1" 200 12592
181.53.14.167 - - [13/Nov/2023:20:38:22 -0500] "GET /sipse/faces/javax.faces.resource/primefaces.css?ln=primefaces&v=4.0 HTTP/1.1" 200 53295
181.53.14.167 - - [13/Nov/2023:20:38:22 -0500] "GET /sipse/faces/javax.faces.resource/layout/layout.js?ln=primefaces&v=4.0 HTTP/1.1" 200 87560
181.53.14.167 - - [13/Nov/2023:20:38:22 -0500] "GET /sipse/faces/javax.faces.resource/jquery/jquery.js?ln=primefaces&v=4.0 HTTP/1.1" 200 105384
181.53.14.167 - - [13/Nov/2023:20:38:22 -0500] "GET /sipse/faces/javax.faces.resource/jquery/jquery-plugins.js?ln=primefaces&v=4.0 HTTP/1.1" 200 220526
181.53.14.167 - - [13/Nov/2023:20:38:22 -0500] "GET /sipse/faces/javax.faces.resource/primefaces.js?ln=primefaces&v=4.0 HTTP/1.1" 200 276924
181.53.14.167 - - [13/Nov/2023:20:38:22 -0500] "GET /sipse/faces/javax.faces.resource/images/ui-icons_898989_256x240.png?ln=primefaces-aristo HTTP/1.1" 304 -
181.53.14.167 - - [13/Nov/2023:20:38:22 -0500] "GET /sipse/css/imagen/logoSDG.png HTTP/1.1" 200 53064
181.53.14.167 - - [13/Nov/2023:20:38:22 -0500] "GET /sipse/css/imagen/loginimg.png HTTP/1.1" 200 71635
181.53.14.167 - - [13/Nov/2023:20:38:23 -0500] "GET /sipse/faces/index.xhtml HTTP/1.1" 200 677
181.53.14.167 - - [13/Nov/2023:20:38:23 -0500] "GET /sipse/faces/javax.faces.resource/theme.css?ln=primefaces-sipse HTTP/1.1" 304 -
181.53.14.167 - - [13/Nov/2023:20:38:23 -0500] "GET /sipse/faces/faces/autenticacion.xhtml HTTP/1.1" 200 12405
181.53.14.167 - - [13/Nov/2023:20:38:23 -0500] "GET /sipse/faces/javax.faces.resource/theme.css?ln=primefaces-sipse HTTP/1.1" 304 -
181.53.14.167 - - [13/Nov/2023:20:38:23 -0500] "GET /sipse/faces/javax.faces.resource/layout/layout.css?ln=primefaces&v=4.0 HTTP/1.1" 304 -
181.53.14.167 - - [13/Nov/2023:20:38:23 -0500] "GET /sipse/faces/javax.faces.resource/primefaces.css?ln=primefaces&v=4.0 HTTP/1.1" 304 -
181.53.14.167 - - [13/Nov/2023:20:38:23 -0500] "GET /sipse/faces/javax.faces.resource/jquery/jquery-plugins.js?ln=primefaces&v=4.0 HTTP/1.1" 304 -
181.53.14.167 - - [13/Nov/2023:20:38:23 -0500] "GET /sipse/faces/javax.faces.resource/jquery/jquery.js?ln=primefaces&v=4.0 HTTP/1.1" 304 -
181.53.14.167 - - [13/Nov/2023:20:38:23 -0500] "GET /sipse/faces/javax.faces.resource/primefaces.js?ln=primefaces&v=4.0 HTTP/1.1" 304 -
181.53.14.167 - - [13/Nov/2023:20:38:23 -0500] "GET /sipse/faces/javax.faces.resource/layout/layout.js?ln=primefaces&v=4.0 HTTP/1.1" 304 -
172.22.2.4 - - [13/Nov/2023:20:38:24 -0500] "GET /BLA/boletinlegal/Circulares/2012/Circular%20No.%2010%20del%2026%20de%20Enero%20de%202012.pdf HTTP/1.1" 404 1218
181.53.14.167 - - [13/Nov/2023:20:38:25 -0500] "POST /sipse/faces/autenticacion.xhtml HTTP/1.1" 200 2225
181.53.14.167 - - [13/Nov/2023:20:38:25 -0500] "GET /sipse/faces/javax.faces.resource/messages/messages.png?ln=primefaces&v=4.0 HTTP/1.1" 304 -
181.53.14.167 - - [13/Nov/2023:20:38:29 -0500] "GET /sipse/faces/javax.faces.resource/images/ui-icons_898989_256x240.png?ln=primefaces-aristo HTTP/1.1" 304 -
181.53.14.167 - - [13/Nov/2023:20:38:29 -0500] "POST /sipse/faces/autenticacion.xhtml HTTP/1.1" 200 16460
181.53.14.167 - - [13/Nov/2023:20:38:29 -0500] "GET /sipse/faces/javax.faces.resource/theme.css?ln=primefaces-sipse HTTP/1.1" 304 -
181.53.14.167 - - [13/Nov/2023:20:38:29 -0500] "GET /sipse/faces/javax.faces.resource/layout/layout.css?ln=primefaces&v=4.0 HTTP/1.1" 304 -
181.53.14.167 - - [13/Nov/2023:20:38:29 -0500] "GET /sipse/faces/javax.faces.resource/primefaces.css?ln=primefaces&v=4.0 HTTP/1.1" 304 -
181.53.14.167 - - [13/Nov/2023:20:38:29 -0500] "GET /sipse/css/custom_css_sg_prime.css HTTP/1.1" 200 5201
181.53.14.167 - - [13/Nov/2023:20:38:29 -0500] "GET /sipse/js/jquery.min.js HTTP/1.1" 200 85582
181.53.14.167 - - [13/Nov/2023:20:38:29 -0500] "GET /sipse/faces/javax.faces.resource/jquery/jquery.js?ln=primefaces&v=4.0 HTTP/1.1" 304 -
181.53.14.167 - - [13/Nov/2023:20:38:30 -0500] "GET /sipse/faces/javax.faces.resource/jquery/jquery-plugins.js?ln=primefaces&v=4.0 HTTP/1.1" 304 -
181.53.14.167 - - [13/Nov/2023:20:38:30 -0500] "GET /sipse/faces/javax.faces.resource/primefaces.js?ln=primefaces&v=4.0 HTTP/1.1" 304 -
181.53.14.167 - - [13/Nov/2023:20:38:30 -0500] "GET /sipse/faces/javax.faces.resource/layout/layout.js?ln=primefaces&v=4.0 HTTP/1.1" 304 -
181.53.14.167 - - [13/Nov/2023:20:38:30 -0500] "GET /sipse/css/imagen/contrasena.png HTTP/1.1" 404 383
181.53.14.167 - - [13/Nov/2023:20:38:30 -0500] "GET /sipse/css/v_mergente.css HTTP/1.1" 200 1505
181.53.14.167 - - [13/Nov/2023:20:38:30 -0500] "GET /sipse/imagenes/cargando.gif HTTP/1.1" 200 36959
181.53.14.167 - - [13/Nov/2023:20:38:30 -0500] "GET /sipse/imagenes/logoAplicacion.jpg HTTP/1.1" 200 155084
181.53.14.167 - - [13/Nov/2023:20:38:35 -0500] "GET /sipse/faces/javax.faces.resource/images/ui-bg_flat_0_2d5972_40x100.png?ln=primefaces-aristo HTTP/1.1" 304 -
181.53.14.167 - - [13/Nov/2023:20:38:35 -0500] "POST /sipse/faces/bienvenido.xhtml HTTP/1.1" 200 2658
181.53.14.167 - - [13/Nov/2023:20:38:37 -0500] "POST /sipse/faces/bienvenido.xhtml HTTP/1.1" 200 63892
181.53.14.167 - - [13/Nov/2023:20:38:37 -0500] "GET /sipse/faces/javax.faces.resource/primefaces.css?ln=primefaces&v=4.0 HTTP/1.1" 304 -
181.53.14.167 - - [13/Nov/2023:20:38:37 -0500] "GET /sipse/faces/javax.faces.resource/theme.css?ln=primefaces-sipse HTTP/1.1" 304 -
181.53.14.167 - - [13/Nov/2023:20:38:37 -0500] "GET /sipse/faces/javax.faces.resource/layout/layout.css?ln=primefaces&v=4.0 HTTP/1.1" 304 -
181.53.14.167 - - [13/Nov/2023:20:38:37 -0500] "GET /sipse/css/imagen/contrasena.png HTTP/1.1" 404 383
181.53.14.167 - - [13/Nov/2023:20:38:37 -0500] "GET /sipse/faces/javax.faces.resource/jquery/jquery.js?ln=primefaces&v=4.0 HTTP/1.1" 304 -
181.53.14.167 - - [13/Nov/2023:20:38:37 -0500] "GET /sipse/faces/javax.faces.resource/jquery/jquery-plugins.js?ln=primefaces&v=4.0 HTTP/1.1" 304 -
181.53.14.167 - - [13/Nov/2023:20:38:37 -0500] "GET /sipse/faces/javax.faces.resource/primefaces.js?ln=primefaces&v=4.0 HTTP/1.1" 304 -
181.53.14.167 - - [13/Nov/2023:20:38:38 -0500] "GET /sipse/faces/javax.faces.resource/layout/layout.js?ln=primefaces&v=4.0 HTTP/1.1" 304 -
181.53.14.167 - - [13/Nov/2023:20:38:38 -0500] "POST /sipse/faces/presentacion/financiero/solicitudProceso/listarSolicitudProceso.xhtml HTTP/1.1" 200 1556
181.53.14.167 - - [13/Nov/2023:20:38:45 -0500] "POST /sipse/faces/presentacion/financiero/solicitudProceso/listarSolicitudProceso.xhtml HTTP/1.1" 200 32359
172.22.2.4 - - [13/Nov/2023:20:37:11 -0500] "HEAD /BLA/boletinlegal/ HTTP/1.1" 200 -
181.53.14.167 - - [13/Nov/2023:20:38:58 -0500] "POST /sipse/faces/presentacion/financiero/solicitudProceso/listarSolicitudProceso.xhtml HTTP/1.1" 200 141967
181.53.14.167 - - [13/Nov/2023:20:38:59 -0500] "GET /sipse/faces/javax.faces.resource/theme.css?ln=primefaces-sipse HTTP/1.1" 304 -
181.53.14.167 - - [13/Nov/2023:20:38:59 -0500] "GET /sipse/faces/javax.faces.resource/primefaces.css?ln=primefaces&v=4.0 HTTP/1.1" 304 -
181.53.14.167 - - [13/Nov/2023:20:38:59 -0500] "GET /sipse/faces/javax.faces.resource/layout/layout.css?ln=primefaces&v=4.0 HTTP/1.1" 304 -
181.53.14.167 - - [13/Nov/2023:20:38:59 -0500] "GET /sipse/faces/javax.faces.resource/jquery/jquery.js?ln=primefaces&v=4.0 HTTP/1.1" 304 -
181.53.14.167 - - [13/Nov/2023:20:38:59 -0500] "GET /sipse/faces/javax.faces.resource/jquery/jquery-plugins.js?ln=primefaces&v=4.0 HTTP/1.1" 304 -
181.53.14.167 - - [13/Nov/2023:20:38:59 -0500] "GET /sipse/faces/javax.faces.resource/primefaces.js?ln=primefaces&v=4.0 HTTP/1.1" 304 -
181.53.14.167 - - [13/Nov/2023:20:38:59 -0500] "GET /sipse/faces/javax.faces.resource/layout/layout.js?ln=primefaces&v=4.0 HTTP/1.1" 304 -
181.53.14.167 - - [13/Nov/2023:20:39:06 -0500] "POST /sipse/faces/presentacion/financiero/solicitudProceso/consultarSolicitudProceso.xhtml HTTP/1.1" 200 36310
181.53.14.167 - - [13/Nov/2023:20:39:06 -0500] "GET /sipse/faces/javax.faces.resource/primefaces.css?ln=primefaces&v=4.0 HTTP/1.1" 304 -
181.53.14.167 - - [13/Nov/2023:20:39:06 -0500] "GET /sipse/faces/javax.faces.resource/theme.css?ln=primefaces-sipse HTTP/1.1" 304 -
181.53.14.167 - - [13/Nov/2023:20:39:06 -0500] "GET /sipse/faces/javax.faces.resource/layout/layout.css?ln=primefaces&v=4.0 HTTP/1.1" 304 -
181.53.14.167 - - [13/Nov/2023:20:39:06 -0500] "GET /sipse/faces/javax.faces.resource/jquery/jquery.js?ln=primefaces&v=4.0 HTTP/1.1" 304 -
181.53.14.167 - - [13/Nov/2023:20:39:06 -0500] "GET /sipse/faces/javax.faces.resource/jquery/jquery-plugins.js?ln=primefaces&v=4.0 HTTP/1.1" 304 -
181.53.14.167 - - [13/Nov/2023:20:39:06 -0500] "GET /sipse/faces/javax.faces.resource/primefaces.js?ln=primefaces&v=4.0 HTTP/1.1" 304 -
181.53.14.167 - - [13/Nov/2023:20:39:06 -0500] "GET /sipse/faces/javax.faces.resource/layout/layout.js?ln=primefaces&v=4.0 HTTP/1.1" 304 -
51.222.253.3 - - [13/Nov/2023:20:39:34 -0500] "GET /robots.txt HTTP/1.1" 404 1034
51.222.253.19 - - [13/Nov/2023:20:39:35 -0500] "GET /te-contamos-como-instalar-un-contenedor-para-baterias-de-litio-en-tu-establecimiento.html HTTP/1.1" 200 892
172.22.2.4 - - [13/Nov/2023:20:38:02 -0500] "GET /BLA/boletinlegal/ HTTP/1.1" 200 58294
201.245.192.253 - - [13/Nov/2023:20:39:52 -0500] "POST /kwsrmcab/Wsrmcab HTTP/1.1" 200 41141
201.245.192.253 - - [13/Nov/2023:20:39:55 -0500] "POST /kwsrmcab/Wsrmcab HTTP/1.1" 200 41752
216.245.221.92 - - [13/Nov/2023:20:40:28 -0500] "HEAD / HTTP/1.1" 200 -
201.245.192.253 - - [13/Nov/2023:20:42:28 -0500] "POST /kwsrmcab/Wsrmcab  HTTP/1.1" 200 40720
69.171.231.6 - - [13/Nov/2023:20:43:43 -0500] "GET /recuperado-zorro-cangrejero-que-era-tenido-ilegalmente-como-mascota-en-una-vivienda-del-sur-de-bogota.html HTTP/1.1" 200 801
172.22.2.4 - - [13/Nov/2023:20:44:12 -0500] "GET /BLA/boletinlegal/robots.txt HTTP/1.1" 404 1140
172.22.2.4 - - [13/Nov/2023:20:43:01 -0500] "HEAD /BLA/boletinlegal/ HTTP/1.1" 200 -
216.245.221.92 - - [13/Nov/2023:20:45:28 -0500] "HEAD / HTTP/1.1" 200 -
172.22.2.4 - - [13/Nov/2023:20:43:52 -0500] "GET /BLA/boletinlegal/ HTTP/1.1" 200 53356
201.245.192.253 - - [13/Nov/2023:20:47:26 -0500] "POST /kwsrmcab/Wsrmcab  HTTP/1.1" 200 40720
216.245.221.92 - - [13/Nov/2023:20:50:28 -0500] "HEAD / HTTP/1.1" 200 -
172.22.2.4 - - [13/Nov/2023:20:48:51 -0500] "HEAD /BLA/boletinlegal/ HTTP/1.1" 200 -
172.22.2.4 - - [13/Nov/2023:20:49:42 -0500] "GET /BLA/boletinlegal/ HTTP/1.1" 200 60634
201.245.192.253 - - [13/Nov/2023:20:52:26 -0500] "POST /kwsrmcab/Wsrmcab  HTTP/1.1" 200 40720
168.119.253.85 - - [13/Nov/2023:20:52:30 -0500] "GET / HTTP/1.1" 200 4720
168.119.253.85 - - [13/Nov/2023:20:52:34 -0500] "GET / HTTP/1.1" 200 319
216.245.221.92 - - [13/Nov/2023:20:55:28 -0500] "HEAD / HTTP/1.1" 200 -
172.22.2.4 - - [13/Nov/2023:20:54:41 -0500] "HEAD /BLA/boletinlegal/ HTTP/1.1" 200 -
172.22.2.4 - - [13/Nov/2023:20:55:34 -0500] "GET /BLA/boletinlegal/ HTTP/1.1" 200 59007
190.159.184.39 - - [13/Nov/2023:20:57:14 -0500] "GET /BLA/resoluciones/ HTTP/1.1" 200 13696
190.159.184.39 - - [13/Nov/2023:20:57:17 -0500] "GET /BLA/resoluciones/index.php?dir=AUTOS+2023%2F HTTP/1.1" 200 403693
201.245.192.253 - - [13/Nov/2023:20:57:25 -0500] "POST /kwsrmcab/Wsrmcab  HTTP/1.1" 200 40720
162.55.175.141 - - [13/Nov/2023:20:58:29 -0500] "GET / HTTP/1.1" 200 4720
162.55.175.141 - - [13/Nov/2023:20:58:31 -0500] "GET / HTTP/1.1" 200 319
216.245.221.92 - - [13/Nov/2023:21:00:30 -0500] "HEAD / HTTP/1.1" 200 -
69.63.189.119 - - [13/Nov/2023:21:02:14 -0500] "GET /mas-de-179-individuos-de-aves-fueron-avistados-en-el-global-big-day.html HTTP/1.1" 200 786
172.22.2.4 - - [13/Nov/2023:21:00:35 -0500] "HEAD /BLA/boletinlegal/ HTTP/1.1" 200 -
172.22.2.4 - - [13/Nov/2023:21:02:17 -0500] "GET /BLA/boletinlegal/Circulares/2023/CIRCULAR%20No.%2000009%20DEL%2010%20DE%20OCTUBRE%20DEL%202023.pdf HTTP/1.1" 200 529599
201.245.192.253 - - [13/Nov/2023:21:02:24 -0500] "POST /kwsrmcab/Wsrmcab  HTTP/1.1" 200 40720
172.22.2.4 - - [13/Nov/2023:21:01:25 -0500] "GET /BLA/boletinlegal/ HTTP/1.1" 200 54693
172.22.2.4 - - [13/Nov/2023:21:04:17 -0500] "GET /BLA/boletinlegal/jurisprudencia/analisis/AnalisisT-606-15.docx HTTP/1.1" 200 26698
172.22.2.4 - - [13/Nov/2023:21:04:17 -0500] "GET /BLA/boletinlegal/apple-touch-icon-120x120-precomposed.png HTTP/1.1" 404 1140
172.22.2.4 - - [13/Nov/2023:21:04:17 -0500] "GET /BLA/boletinlegal/apple-touch-icon-120x120.png HTTP/1.1" 404 1140
172.22.2.4 - - [13/Nov/2023:21:04:17 -0500] "GET /BLA/boletinlegal/apple-touch-icon-precomposed.png HTTP/1.1" 404 1140
172.22.2.4 - - [13/Nov/2023:21:04:17 -0500] "GET /BLA/boletinlegal/apple-touch-icon.png HTTP/1.1" 404 1140
172.22.2.4 - - [13/Nov/2023:21:04:17 -0500] "GET /BLA/boletinlegal/favicon.ico HTTP/1.1" 404 1140
172.22.2.4 - - [13/Nov/2023:21:04:17 -0500] "GET /BLA/boletinlegal/apple-touch-icon-120x120-precomposed.png HTTP/1.1" 404 1140
172.22.2.4 - - [13/Nov/2023:21:04:17 -0500] "GET /BLA/boletinlegal/apple-touch-icon-120x120.png HTTP/1.1" 404 1140
172.22.2.4 - - [13/Nov/2023:21:04:17 -0500] "GET /BLA/boletinlegal/apple-touch-icon-precomposed.png HTTP/1.1" 404 1140
172.22.2.4 - - [13/Nov/2023:21:04:18 -0500] "GET /BLA/boletinlegal/apple-touch-icon.png HTTP/1.1" 404 1140
172.22.2.4 - - [13/Nov/2023:21:04:18 -0500] "GET /BLA/boletinlegal/favicon.ico HTTP/1.1" 404 1140
216.245.221.92 - - [13/Nov/2023:21:05:28 -0500] "HEAD / HTTP/1.1" 200 -
40.77.167.19 - - [13/Nov/2023:21:06:37 -0500] "GET /BLA/resoluciones/AUTOS%202023/4174.pdf HTTP/1.1" 200 418913
201.245.192.253 - - [13/Nov/2023:21:07:24 -0500] "POST /kwsrmcab/Wsrmcab  HTTP/1.1" 200 40720
172.22.2.4 - - [13/Nov/2023:21:06:24 -0500] "HEAD /BLA/boletinlegal/ HTTP/1.1" 200 -
172.22.2.4 - - [13/Nov/2023:21:07:15 -0500] "GET /BLA/boletinlegal/ HTTP/1.1" 200 60634
216.245.221.92 - - [13/Nov/2023:21:10:28 -0500] "HEAD / HTTP/1.1" 200 -
191.156.186.2 - - [13/Nov/2023:21:11:19 -0500] "GET /recuperado-zorro-cangrejero-que-era-tenido-ilegalmente-como-mascota-en-una-vivienda-del-sur-de-bogota.html HTTP/1.1" 200 801
181.57.120.177 - - [13/Nov/2023:21:11:41 -0500] "GET /galeria/galeria/jquery.fancybox.js?v=2.1.5 HTTP/1.1" 200 48706
201.245.192.253 - - [13/Nov/2023:21:12:23 -0500] "POST /kwsrmcab/Wsrmcab  HTTP/1.1" 200 40720
172.22.2.4 - - [13/Nov/2023:21:12:14 -0500] "HEAD /BLA/boletinlegal/ HTTP/1.1" 200 -
172.22.2.4 - - [13/Nov/2023:21:13:05 -0500] "GET /BLA/boletinlegal/ HTTP/1.1" 200 59007
216.245.221.92 - - [13/Nov/2023:21:15:28 -0500] "HEAD / HTTP/1.1" 200 -
201.245.192.253 - - [13/Nov/2023:21:16:30 -0500] "POST /kwsrmcab/Wsrmcab HTTP/1.1" 200 41152
201.245.192.253 - - [13/Nov/2023:21:16:33 -0500] "POST /kwsrmcab/Wsrmcab HTTP/1.1" 200 41750
186.102.93.39 - - [13/Nov/2023:21:16:35 -0500] "GET /kwssiamovil/sm/acme/a?s=U2FsdGVkX1+Jn16+8RdNIPSXtJTOoLQedoZflr0Ke4aG8T3bCAqtEDFOIwflDEAAci+sT7naKzs+MDQiM6DOPPvqlSoSaWTu5N4CuzWP9MVjU24kyQDozb8nJtmSZtQLIG9A1lwm5MmvpCmAGQOPUrDUJmQZJOzPeMPkFEJ3yrKnoRB4CTm3eoXMyVOuAjBDxL1s306+0eHJnxsGKfRUhO0nrYzQPOT0+71xBPAYCLw74q3tSKPI045g/GSeYOfcmNUpR3r9XIG7vsDMOh5kRg==&u=U2FsdGVkX1/EdWq8zlW2xn8RSCjzdiq69NADXn9ztNzleaBxeBTO4+qzk0z8oRbm&y=U2FsdGVkX18hdEiOBDra3/DRxOlnrgAPAKcnxy7qo7CWK9AqyIMquA3gRoXO8+Pj HTTP/1.1" 200 26
186.102.93.39 - - [13/Nov/2023:21:16:36 -0500] "GET /kwssiamovil/sm/acme/a?s=U2FsdGVkX185Q6r7X6wJ4bnh2zINVPshIBtC8mSqoc6lemCjDuxMNgav00P9wlki8C7DQPoz58P7fq2Sll8jtwKjZK8jdsUIZBQ3GnHHvN5uMwe+Nh4xQ0g34tlsFH72Zm5I3WRYXObyuyC2//WFnWzjJlNnqO95+M4i8UMiwvS/1lLBsSytT92nWf//YNRp7RAl34+AhUGJBfOG3WupxSthZOc6x2RRyKLYXUg6YsXX6QzncBWxzxShNvlivuE11G0KAJt1iy14nJfbY+vTJ57P6We8NsWjLT3Kau6cWeFWMIR2hoKivyc8z4YNwEmuPCVDg61H7bm9J4Ty9012malNQf41yza8dwMzTm0Tq5t14c4eRLuL4rvY17gAhvpO0bJOZnX51AxfldU4BVLmTrUcBD7boS3S6t8KKE2K1cLLgjZH2Hzm5u0P1h6wKLhPuZsvZuaC0gMfpST1SlkwoGmWXCpoYk9r8airTSAi2JvdCTa/fgX7gRJGph6ql1PVsPYAfjxhbXforOp9XW5Ed5fxlZ7xxWMTYmmZTCekQ8Vz6ewbd9b0fxW4X5R6BFyefBYmcnZwu3GeFOr4r6LN7LRLio+O4kYuFs0+ORMbGo194oqAPJsWsbSD9hgsAmxjUt/sqyZlQvMcv7p8RyrfBi02HL2Pa2r/l95pn6xUv+wXxgOQMl6zUXdp/ad9Mu3QYJJvMp5Bj79il3yz7og1W0lfSrX0Mlxj9vr6URIlGF00Xo/hQhVSRlqYGW4xVS4H6UfTrYjWfULgGruxvAQE6/mTooGz0LH89S+tuKnnO16/K6zNu2qIcpoGkpWDgarsQk6IpQLR/ShT0amt/lBFP1yWpMAJeGKEhOGTNXASuPnVyg5jaxUlub+w5T2wJgCRrnn1Ryy7KWFQjBpH75kIzyAg1YK/2b15AIcltyDItC8yrdG+O8f1BCfid2hHhwlf7QqH67of8DcmrpqFmRklkmMqOyswUPHigirKa/+KLrEKAocR7jLfr1T9eKvnn5MuOBemrTxydrTnbvY9YGv76SWSJG3tSPEiOVjBUdM/rLkABWf3Lq2VfCkVlPwf7Kd4jjwdQzfpuJVdPCdNUh7ZFhr2dFg+v/yiKggEYSfo3t/ws7KvnVxuxucO7ul3MCliUg94AZQ0capUBJbGi50FdO8KXzy07bLsPrlWXIqf/UT8f1tBeMx3nlWWaqb1hGv9ZJkjnadxSmsdpgJKpXvjSUd7MwxuxnbZi8D+V4a9XbdlPgdGugM1oD2gqdQij79drwLn0NWqPEviBABpUvBubUK/hPB0EfChaULRRn1sZf+E/vLI9qiccNHZWHMrMPPG3kk6vkrOS81C5555IIgthSBIteMDUJUgsvqZnz+HwwyrbzYXk4ZWc5xOYdGkswC+nK8bKAVDvlpfnoFFeomq44f42UMu0IuE/EnLi2TNxJv/dW/s6wPS0Y447FKh36bIfKhHoLNjOUTJKcmr1SUFudYuDW4yYYT2HxUhOtqMxmxFMSsvMbXCC4TlXZL/pNx4Fnxy2eXVLU2IqMMjH/Q7dA4CqnafV5815H0O7jv0YeDctxRMSoK8dEnL8cXBb7+3+4UVj3CT1C48ps1n7f0S3yecAVsWeXXjhn1hGwdnsenN8jjbMLHIrX5g9GyzKegrkOeJQmjoO4sn+OcyZurTgCrrl/AIfr1jVKtFJccGdf1/5jih+V5jNttludmzEuzFYzKDh/5g8b0rE7xPLrijzWx41/2uG0/xvjnIAXLe1X5i5G1EK2XEV78Lc6Niq9SYBDMT969hchZmLkEmPnvySzeP6rSuLKPBKchj6A+4JVIxUIBHinqFyjWpcCds21MrNvL5kK3maA019I5HjfbbE1FGaJVAFm2ElnXk8HDr4o7x8bOtn8sgxkNstlmASvXC+3oXfr5V5/aCltTEYUnuLAq05bWIORFSzAsgNRqbYehfOou89hXTYG7DTOaJCUd6cUht/+qUKybqNSg4EV0uBYu7WXxYAEBk0ZoKhMmuSY4=&u=U2FsdGVkX1/EdWq8zlW2xn8RSCjzdiq69NADXn9ztNzleaBxeBTO4+qzk0z8oRbm&y=U2FsdGVkX18hdEiOBDra3/DRxOlnrgAPAKcnxy7qo7CWK9AqyIMquA3gRoXO8+Pj HTTP/1.1" 200 26
186.102.93.39 - - [13/Nov/2023:21:16:36 -0500] "GET /kwssiamovil/sm/acme/a?s=U2FsdGVkX19SIUTBLxIc4kTtxN1RC/DxDvS8mgnpOnrj81UXftaDwsKxjMGY9pXDrpGdKH897wcTYtIxBrzQryqct0mmPMiyd8kbuVFxQDHSrfPTGagfXKM0tf3W4sAodVfbIHrj77LKj/+cSVWvXr7FMGgREquareLrtl8tf6U=&u=U2FsdGVkX1/EdWq8zlW2xn8RSCjzdiq69NADXn9ztNzleaBxeBTO4+qzk0z8oRbm&y=U2FsdGVkX18hdEiOBDra3/DRxOlnrgAPAKcnxy7qo7CWK9AqyIMquA3gRoXO8+Pj HTTP/1.1" 200 26
186.102.93.39 - - [13/Nov/2023:21:16:36 -0500] "GET /kwssiamovil/sm/acme/a?s=U2FsdGVkX18yeEsYt7/31HzkQJMe8fUFwIA76D3b6F5T4C9XWDNfbmFQD1xKyKMxfYCMUsOof48ZGuQG3mSS2GII9S+yY0fcbl2sd9Kb8FKzNlFkzLZMdKdWY9pwiLJQui0dK0ozb4VZsB1Gp6srf8bxGPGnzHWahO+F+2cK6QI=&u=U2FsdGVkX1/EdWq8zlW2xn8RSCjzdiq69NADXn9ztNzleaBxeBTO4+qzk0z8oRbm&y=U2FsdGVkX18hdEiOBDra3/DRxOlnrgAPAKcnxy7qo7CWK9AqyIMquA3gRoXO8+Pj HTTP/1.1" 200 26
186.102.93.39 - - [13/Nov/2023:21:16:36 -0500] "GET /kwssiamovil/sm/acme/a?s=U2FsdGVkX186e7ZhbvYsfydFXJaAIR9jv7xoxVAOyYHh0fbirU3xtRJYCMN4w7KjxT83tBXKw9vfwEAb/un0dUX/0sbTj9z2BshjiAXRUelnJTlTKvtRZjFZcPxk5HiGmjBr2HWwZX7q0dzYBQV0LR1FIUIHTQ2gOVBnDUz9IKc=&u=U2FsdGVkX1/EdWq8zlW2xn8RSCjzdiq69NADXn9ztNzleaBxeBTO4+qzk0z8oRbm&y=U2FsdGVkX18hdEiOBDra3/DRxOlnrgAPAKcnxy7qo7CWK9AqyIMquA3gRoXO8+Pj HTTP/1.1" 200 26
186.102.93.39 - - [13/Nov/2023:21:16:37 -0500] "GET /kwssiamovil/sm/acme/a?s=U2FsdGVkX1/wz/86vyRJ4yP3o0rxbiW1VMkAOFlLShbCucMjB2FoSZwsG+wtWMq74BxbyxdcNCELZQRGX9o95gf+5/jfOY9rkn9aGmIct4xz0wMAFT2z3RK/e3PLmXJbNMQ+QzIndS0tLaFB8KYG+G8gELHreZdsmFL/76zKP73zpXDz+eG6C+IghnYF+8oCJQOdlzHRfYIB/6dJR5c92g==&u=U2FsdGVkX1/EdWq8zlW2xn8RSCjzdiq69NADXn9ztNzleaBxeBTO4+qzk0z8oRbm&y=U2FsdGVkX18hdEiOBDra3/DRxOlnrgAPAKcnxy7qo7CWK9AqyIMquA3gRoXO8+Pj HTTP/1.1" 200 26
201.245.192.253 - - [13/Nov/2023:21:17:22 -0500] "POST /kwsrmcab/Wsrmcab  HTTP/1.1" 200 40720
181.237.188.175 - - [13/Nov/2023:21:19:26 -0500] "GET /appsia/controlador HTTP/1.1" 200 4799
181.237.188.175 - - [13/Nov/2023:21:19:26 -0500] "GET /appsia/css/estilos.css HTTP/1.1" 200 4804
181.237.188.175 - - [13/Nov/2023:21:19:26 -0500] "GET /appsia/scripts/validarIngreso.js HTTP/1.1" 200 851
181.237.188.175 - - [13/Nov/2023:21:19:26 -0500] "GET /appsia/images/cabezoteHojaVida.png HTTP/1.1" 200 32493
181.237.188.175 - - [13/Nov/2023:21:19:26 -0500] "GET /appsia/images/logo_bogota_p.png HTTP/1.1" 200 14951
181.237.188.175 - - [13/Nov/2023:21:19:27 -0500] "GET /favicon.ico HTTP/1.1" 200 7782
181.237.188.175 - - [13/Nov/2023:21:19:32 -0500] "POST /appsia/controlador HTTP/1.1" 200 3589
181.237.188.175 - - [13/Nov/2023:21:19:32 -0500] "GET /appsia/jscripts/validarSolicitud.js HTTP/1.1" 404 68
181.237.188.175 - - [13/Nov/2023:21:19:33 -0500] "POST /appsia/controlador HTTP/1.1" 200 4799
172.22.2.4 - - [13/Nov/2023:21:18:04 -0500] "HEAD /BLA/boletinlegal/ HTTP/1.1" 200 -
181.237.188.175 - - [13/Nov/2023:21:19:47 -0500] "POST /appsia/controlador HTTP/1.1" 200 3601
181.237.188.175 - - [13/Nov/2023:21:19:49 -0500] "GET /appsia/jscripts/validarSolicitud.js HTTP/1.1" 404 68
181.237.188.175 - - [13/Nov/2023:21:19:51 -0500] "POST /appsia/controlador HTTP/1.1" 200 4799
201.245.192.253 - - [13/Nov/2023:21:19:51 -0500] "POST /kwsrmcab/Wsrmcab HTTP/1.1" 200 41152
201.245.192.253 - - [13/Nov/2023:21:19:55 -0500] "POST /kwsrmcab/Wsrmcab HTTP/1.1" 200 41750
181.237.188.175 - - [13/Nov/2023:21:20:09 -0500] "POST /appsia/controlador HTTP/1.1" 200 5437
181.237.188.175 - - [13/Nov/2023:21:20:11 -0500] "POST /appsia/controlador HTTP/1.1" 200 8701
181.237.188.175 - - [13/Nov/2023:21:20:11 -0500] "GET /appsia/images/logo_escudo.png HTTP/1.1" 200 36965
172.22.2.4 - - [13/Nov/2023:21:19:39 -0500] "GET /BLA/boletinlegal/ HTTP/1.1" 200 24523
216.245.221.92 - - [13/Nov/2023:21:20:28 -0500] "HEAD / HTTP/1.1" 200 -
172.22.2.4 - - [13/Nov/2023:21:18:55 -0500] "GET /BLA/boletinlegal/ HTTP/1.1" 200 49900
172.22.2.4 - - [13/Nov/2023:21:21:45 -0500] "GET /BLA/boletinlegal/Circulares/2013/Circular%20No.%206%20del%2019%20de%20julio%20de%202013.pdf HTTP/1.1" 200 4210437
201.245.192.253 - - [13/Nov/2023:21:22:21 -0500] "POST /kwsrmcab/Wsrmcab  HTTP/1.1" 200 40720
172.22.2.4 - - [13/Nov/2023:21:23:18 -0500] "GET /BLA/boletinlegal/Circulares/2023/CIRCULAR%20No.%2000009%20DEL%2010%20DE%20OCTUBRE%20DEL%202023.pdf HTTP/1.1" 200 529599
216.245.221.92 - - [13/Nov/2023:21:25:28 -0500] "HEAD / HTTP/1.1" 200 -
172.22.2.4 - - [13/Nov/2023:21:23:54 -0500] "HEAD /BLA/boletinlegal/ HTTP/1.1" 200 -
172.22.2.4 - - [13/Nov/2023:21:25:37 -0500] "GET /BLA/boletinlegal/jurisprudencia/analisis/ANALISIST-672-14.docx HTTP/1.1" 200 22530
172.22.2.4 - - [13/Nov/2023:21:24:45 -0500] "GET /BLA/boletinlegal/ HTTP/1.1" 200 58644
201.245.192.253 - - [13/Nov/2023:21:26:30 -0500] "POST /kwsrmcab/Wsrmcab HTTP/1.1" 200 41152
201.245.192.253 - - [13/Nov/2023:21:26:33 -0500] "POST /kwsrmcab/Wsrmcab HTTP/1.1" 200 41750
201.245.192.253 - - [13/Nov/2023:21:27:21 -0500] "POST /kwsrmcab/Wsrmcab  HTTP/1.1" 200 40720
186.102.93.39 - - [13/Nov/2023:21:27:51 -0500] "GET /kwssiamovil/sm/acme/a?s=U2FsdGVkX1/PFucKI41Weg9Qbat0PXndpaIYYQpu2LNCyCxvvEpDOGPGtKsBnQgU+hthWutavCL875v4+mjtyWUbVIFta8nS8v6di1Lg5KjkbtP4TbYEF3WYHeqV6Mn8ROOVU3HIti10SP4O0GnxELINXhSvnUTiOjk61KemHaLZ1+BdLvgBSdqQBSja9COYhsq6rmCOictrMFHOv1JSrwK/4JZH9WWoOCYSiZMxSChKI3/LAJG8IgegIYFVKgJ+3dAyKbBX+60QXjWLRsT/eg==&u=U2FsdGVkX1/EdWq8zlW2xn8RSCjzdiq69NADXn9ztNzleaBxeBTO4+qzk0z8oRbm&y=U2FsdGVkX18hdEiOBDra3/DRxOlnrgAPAKcnxy7qo7CWK9AqyIMquA3gRoXO8+Pj HTTP/1.1" 200 26
186.102.93.39 - - [13/Nov/2023:21:27:52 -0500] "GET /kwssiamovil/sm/acme/a?s=U2FsdGVkX18QaWQyTnbywtU7UXiB6FqBGW1CMXbElEQENK9lRyfHfaOrFRoaZW77g1UDD/aBro+1X6i+9samXSJghLX7Ss4OhZY8a50H4NxzjMqfNjqnR57qG2MX2Gaj7CzKgDFn25Y3DLrsmNB6wWG3DKK6sbO7+E4a3jXwpNEZtm/FhflPQiMy3nASP6IVljWF6cY02fF7Oz3b0NpxEm9RCnUQpjE2SX1eWCICVan21O/F+7BCVORSQc4wzv7gbAT39p4mJQjjPXwdxXJOKJznpCSRy1UqpR4EG7eU8vpUOjJWsmccZanEJ2jgnMqUo5VKqC7lQfB4TwnG9Jg6IBajvNxVC04FYdAT0gnt0P9czDbNOjs4Z830dmdwFoqAVjuodlDD1if94K4l3XTApEpjRswc4VFfzeip+9UyasSfxcE9Vriq/pA6oIbvBQ9eBnP5en5NFQ5j8qaVD3MeaWfUGLpc0COJp9og+1vbEDmE3+1n9HVHai90A+innW2hjvK1uT03/fgb2YRVwND+lBZSAjXsGO5ZFqdHqr/Jz0iJafs50c3NEmWXuvPg68cAT2uPO20nJ8xanWKXlpRH7ws37XuQ32zhBWNNFXF0oo6KR++/F99A+z9G/MomFCv42fik9j21bz/MJ1T8HeyNMqeLA6SnjBb3/BH6+WzXnGOC0IdQguUBDaZIKNvXyBotFfM4nZozGEZhnISdqlX04wVVeLHMEfPOn85A/2kfjTnsOKkDutTnComPMfw4qre2DEJ8D0qACK5vC4l6WqRL6pP6iaScC6IkeFxMtGyIAaNHktifDqn5PDqWVzFyZG+PxLfCklgR4LgH8S3yKGCXqEZuVRjwNj5prMOGcpPKyNyNUasVVWG5oioGrsps5P3TClrUENUsGfDgjjuVGpAA/Meajt3aNIboCiCWmxNIyf0l3bipNS+gcHZG7zmCbqGRpnShNHb+xQmwv4VZl5fci3CDlkJRde0Pv2MpxmmnZowQsX+nGAU4PWynaARq3ayw2OHEZCZ8p6s4v5vxJa+TcKMai+IobEPvuK2O0iKXI/uBVE5cTm4Z1/7Ocfobfo4gnxeFtmMQNL6rXFJ9yz0ReraEo+5WuCYKj4O6CxNCj5EVlHCJZ7cIypfxDcIOMjsVi9As6PdQu4EjBzg2rFu5TvhwtPui0knmERgWq2/xo57QeGZ+/xcG/2A867cWMPDzZ5BeQrgTeA/33buNnd3Mt7Ex4/wX/jjbsxmxOFvGOOFPdUjdZmhVGIKn/Sb2JrheMPYRHnrqzwnQRC3UEcY3eVGGOg4Pbsrpfgkxs2v1YAW/jk0jRmwQcauYHHQI+2Ubw8TfIFzWymXC7yptB431aI/pep9cXvrxtzxLST1+heIq86E0bS+gZ6WEjvZEPlkQtYayuK67UqYc6CDoQdXA5yJboDcLM++uCIFJCFN1lUdIvIAKo14dAI1r6MYc4nxQS1D/KX7n3FGHi+yUowlHAn8aMNnQlY7iHsGAy2k2aV4RIrJ9eXmyYn+oqu+VZVnSV2QY/pAtsEFv3jGwUdxlTq+rcBo8k+W0Qh8/kTLP1S8xoyTyD8VYYo62e7BrhXvwcq1+L84U+bp2ehWjX4lcc/LGjXTEfjVaC9E8sk60A/Hitcb8/qtKFvP6G3wqBT6K7oxQotnjnodMJcZeHVbIBLHz4PLKhKTneLydNTsdn95Ph5FlFRqV3RQep30qJJu0rzhz4A+nfVXImb30d2fd0hWaIQUoXLBIz5Z+0+mnybgmX8Dnk/rMwyYmIdJDzwDkahyy/HV9c3k+3vpiSwwqKDr0NJWLzfFsS4sJ5FOTVpU/dE7fZHyGyWz6LQgYXLSnCG9ovzmO83aVL/910QJ8OA==&u=U2FsdGVkX1/EdWq8zlW2xn8RSCjzdiq69NADXn9ztNzleaBxeBTO4+qzk0z8oRbm&y=U2FsdGVkX18hdEiOBDra3/DRxOlnrgAPAKcnxy7qo7CWK9AqyIMquA3gRoXO8+Pj HTTP/1.1" 200 26
186.102.93.39 - - [13/Nov/2023:21:27:52 -0500] "GET /kwssiamovil/sm/acme/a?s=U2FsdGVkX19AwB+sv86AaFP9tceEMX0x6srVdB6kP8vo/o6Qj5Ijsty2cnH650vHCQ+DMThHZ0NRoqXrBgGbKGeiyglcvyAVUz1lolIlHnzVmqTPEBR+eIjp6CcsTDLqbYv8j3Z5LXWKUMy+vIw4/9quDUIMVNVu2GZEP+F/2Kc=&u=U2FsdGVkX1/EdWq8zlW2xn8RSCjzdiq69NADXn9ztNzleaBxeBTO4+qzk0z8oRbm&y=U2FsdGVkX18hdEiOBDra3/DRxOlnrgAPAKcnxy7qo7CWK9AqyIMquA3gRoXO8+Pj HTTP/1.1" 200 26
186.102.93.39 - - [13/Nov/2023:21:27:53 -0500] "GET /kwssiamovil/sm/acme/a?s=U2FsdGVkX19d71Ntvidvzc4EAkez0vHE6uxVbAvGethLNJ8SOtxi68i8BvQ5KozDMl9LsR/soXp2BclXaOe5IsrLKaIxaIvXU0do29mzI8a6acKUYDs0j7iKT8u4UoqcW9/yQ7nP9ssk+BuPyFEixWYI5RYD9gibvtA1zHsxVaQ=&u=U2FsdGVkX1/EdWq8zlW2xn8RSCjzdiq69NADXn9ztNzleaBxeBTO4+qzk0z8oRbm&y=U2FsdGVkX18hdEiOBDra3/DRxOlnrgAPAKcnxy7qo7CWK9AqyIMquA3gRoXO8+Pj HTTP/1.1" 200 26
186.102.93.39 - - [13/Nov/2023:21:27:53 -0500] "GET /kwssiamovil/sm/acme/a?s=U2FsdGVkX1+Au+HVbaz8TNUMyBq2y3RjYvD7zRAQZDqrLPH6CpRbbcE9sg8xwj55HecWO8YRwt5IpNCoCpK6NE3ltXn6hS1h7rpVapBTUZBpmMjPM0GC6pJKmfZKQtlYpa/xK1UsVG7BtTPPXd+YWJ+h/WYffplAEOKLRKqP2wU=&u=U2FsdGVkX1/EdWq8zlW2xn8RSCjzdiq69NADXn9ztNzleaBxeBTO4+qzk0z8oRbm&y=U2FsdGVkX18hdEiOBDra3/DRxOlnrgAPAKcnxy7qo7CWK9AqyIMquA3gRoXO8+Pj HTTP/1.1" 200 26
186.102.93.39 - - [13/Nov/2023:21:27:53 -0500] "GET /kwssiamovil/sm/acme/a?s=U2FsdGVkX1+zRmt4MkLYfL4dWwqxkLa3qKxSz/zfT0ZTVOJWX92QDSw4TXEhl/aHIWjTEqpyq7FvubCioy55Hf/Wkiudb7YXqA3JS2fmdcLPEXFDR5TKXz+OMD55XbNsGMekgBcP09hZpa/Yy987QHP49fBxFN2jUHvDPjACVTslC9zq+dxgBpqn+O+DkIprt0dmfcvtQ/2tGyqoYK5eVw==&u=U2FsdGVkX1/EdWq8zlW2xn8RSCjzdiq69NADXn9ztNzleaBxeBTO4+qzk0z8oRbm&y=U2FsdGVkX18hdEiOBDra3/DRxOlnrgAPAKcnxy7qo7CWK9AqyIMquA3gRoXO8+Pj HTTP/1.1" 200 26
172.22.2.4 - - [13/Nov/2023:21:28:40 -0500] "GET /BLA/boletinlegal/favicon.ico HTTP/1.1" 404 1230
201.245.192.253 - - [13/Nov/2023:21:29:52 -0500] "POST /kwsrmcab/Wsrmcab HTTP/1.1" 200 41152
201.245.192.253 - - [13/Nov/2023:21:29:55 -0500] "POST /kwsrmcab/Wsrmcab HTTP/1.1" 200 41750
216.245.221.92 - - [13/Nov/2023:21:30:28 -0500] "HEAD / HTTP/1.1" 200 -
172.22.2.4 - - [13/Nov/2023:21:29:44 -0500] "HEAD /BLA/boletinlegal/ HTTP/1.1" 200 -
173.252.127.22 - - [13/Nov/2023:21:31:55 -0500] "GET /images/negocios-verdes-mayo-2022.jpg HTTP/1.1" 200 48000
172.22.2.4 - - [13/Nov/2023:21:31:13 -0500] "GET /BLA/boletinlegal/ HTTP/1.1" 200 24523
172.22.2.4 - - [13/Nov/2023:21:32:11 -0500] "GET /BLA/boletinlegal/WuEL HTTP/1.1" 404 1018
172.22.2.4 - - [13/Nov/2023:21:30:35 -0500] "GET /BLA/boletinlegal/ HTTP/1.1" 200 49900
201.245.192.253 - - [13/Nov/2023:21:32:19 -0500] "POST /kwsrmcab/Wsrmcab  HTTP/1.1" 200 40720
172.22.2.4 - - [13/Nov/2023:21:32:23 -0500] "GET /BLA/boletinlegal/a HTTP/1.1" 404 1018
172.22.2.4 - - [13/Nov/2023:21:31:37 -0500] "POST /BLA/boletinlegal/ HTTP/1.1" 200 32715
172.22.2.4 - - [13/Nov/2023:21:32:37 -0500] "GET /BLA/boletinlegal/SiteLoader HTTP/1.1" 404 1018
181.50.241.38 - - [13/Nov/2023:21:34:42 -0500] "GET /propietarios-inscritos-en-el-inventario-nacional-de-bifenilos-de-policlorados-tienen-plazo-hasta-noviembre-para-reportar-su-balance.html HTTP/1.1" 200 1003
181.50.241.38 - - [13/Nov/2023:21:34:42 -0500] "GET /favicon.ico HTTP/1.1" 404 1566
172.22.2.4 - - [13/Nov/2023:21:33:47 -0500] "GET /BLA/boletinlegal/ HTTP/1.1" 200 62729
216.245.221.92 - - [13/Nov/2023:21:35:28 -0500] "HEAD / HTTP/1.1" 200 -
40.77.167.63 - - [13/Nov/2023:21:35:56 -0500] "GET /BLA/resoluciones/index.php HTTP/1.1" 200 13696
34.78.6.216 - - [13/Nov/2023:21:36:09 -0500] "GET / HTTP/1.1" 200 319
201.245.192.253 - - [13/Nov/2023:21:36:30 -0500] "POST /kwsrmcab/Wsrmcab HTTP/1.1" 200 41152
201.245.192.253 - - [13/Nov/2023:21:36:33 -0500] "POST /kwsrmcab/Wsrmcab HTTP/1.1" 200 41750
186.86.33.245 - - [13/Nov/2023:21:36:39 -0500] "GET /sipse/faces/presentacion/financiero/solicitudProceso/consultarSolicitudProceso.xhtml HTTP/1.1" 200 16113
186.86.33.245 - - [13/Nov/2023:21:36:40 -0500] "POST /sipse/faces/presentacion/financiero/solicitudProceso/listarSolicitudProceso.xhtml HTTP/1.1" 200 1468
186.86.33.245 - - [13/Nov/2023:21:36:40 -0500] "POST /sipse/faces/presentacion/financiero/solicitudProceso/listarSolicitudProceso.xhtml HTTP/1.1" 200 1460
34.91.177.174 - - [13/Nov/2023:21:37:04 -0500] "GET /consulta-y-conoce-los-proyectos-de-resolucion-de-para-los-planes-de-manejo-ambiental-de-cinco-humedales-en-bogota.html HTTP/1.1" 200 971
172.22.2.4 - - [13/Nov/2023:21:35:34 -0500] "HEAD /BLA/boletinlegal/ HTTP/1.1" 200 -
201.245.192.253 - - [13/Nov/2023:21:37:17 -0500] "POST /kwsrmcab/Wsrmcab  HTTP/1.1" 200 40720
66.249.66.20 - - [13/Nov/2023:21:37:38 -0500] "GET /BLA/resoluciones/AUTOS%202017/1286.pdf HTTP/1.1" 200 307036
173.252.107.3 - - [13/Nov/2023:21:37:51 -0500] "GET /primer-festival-de-la-papa-nativa-en-el-jardin-botanico-conozca-pruebe-y-disfrute-estos-manjares-criollos-y-saludables.html HTTP/1.1" 200 1116
172.22.2.4 - - [13/Nov/2023:21:37:51 -0500] "GET /BLA/boletinlegal/Circulares/2019/.pdf HTTP/1.1" 404 1218
173.252.79.117 - - [13/Nov/2023:21:37:51 -0500] "GET /images/mercados-campesinos-5-mayo.jpg HTTP/1.1" 200 95848
172.22.2.4 - - [13/Nov/2023:21:37:59 -0500] "GET /BLA/boletinlegal/Circulares/2012/Circular%20No.%2010%20del%2026%20de%20Enero%20de%202012.pdf HTTP/1.1" 404 1218
172.22.2.4 - - [13/Nov/2023:21:36:25 -0500] "GET /BLA/boletinlegal/ HTTP/1.1" 200 54693
201.245.192.253 - - [13/Nov/2023:21:39:51 -0500] "POST /kwsrmcab/Wsrmcab HTTP/1.1" 200 41152
201.245.192.253 - - [13/Nov/2023:21:39:54 -0500] "POST /kwsrmcab/Wsrmcab HTTP/1.1" 200 41750
216.245.221.92 - - [13/Nov/2023:21:40:28 -0500] "HEAD / HTTP/1.1" 200 -
66.249.66.193 - - [13/Nov/2023:21:40:57 -0500] "GET /el-agua-recurso-vital-para-la-conservacion-de-los-ecosistemas.html HTTP/1.1" 304 -
201.245.192.253 - - [13/Nov/2023:21:42:16 -0500] "POST /kwsrmcab/Wsrmcab  HTTP/1.1" 200 40720
66.220.149.118 - - [13/Nov/2023:21:42:54 -0500] "GET /images/reunion-planta-termovalorizacion-11-mayo.jpg HTTP/1.1" 200 34782
173.252.107.9 - - [13/Nov/2023:21:42:57 -0500] "GET /BLA/resoluciones/RESOLUCIONES%202017/2767.pdf HTTP/1.1" 200 2357434
172.22.2.4 - - [13/Nov/2023:21:41:24 -0500] "HEAD /BLA/boletinlegal/ HTTP/1.1" 200 -
172.22.2.4 - - [13/Nov/2023:21:42:15 -0500] "GET /BLA/boletinlegal/ HTTP/1.1" 200 53737
179.19.104.226 - - [13/Nov/2023:21:44:47 -0500] "GET /kwssiamovil/sm/acme/a?s=U2FsdGVkX185yEp45frZCjmuIW5J72l+T0TgSL2LRoUyIVd1rCNqmIyfJsysUXr/I+qIj6lLotybvpLg2szyqx12Qmtlkzqv+IWLkOzZ+hEHT5MWBzlYp0VR0xLWyFDQCeThz5/ycfxlXW7KoeoKXm33lG9qVeFdDoTCn3udfYEo/zIVoQZDJvrKS8bVEOX+VF5mVTbDorBRf1apD6S7KLGwmb4VewAaQwTUeRI8hV3Ccd6wpzJXBfh+xH1Eak/TDr+BlITRccF9tkcU8cZ3cg==&u=U2FsdGVkX1+eeKPzrnXFWa7MOnz/RxIa7dQU8AjopW8=&y=U2FsdGVkX19vnTrkdrk/WlCDHvB3kwBonfaKAXSDa3HQQdAD1nXxdEXtGCDkjrfu HTTP/1.1" 200 26
179.19.104.226 - - [13/Nov/2023:21:44:48 -0500] "GET /kwssiamovil/sm/acme/a?s=U2FsdGVkX1/Wn7eLjpS06wsGncoa17gyZEYYryFOZSdI5vkKvhs3iEnwqI7GJA+qEGG1lASN6a/cHujQAWrII7xDPr1soFlsLfy/f5pDd2U/YYsMn7vtWDcsVolllkhx0XlAh8RKjzGHgtaS8lf/RNDs2d2yU37H5RmM3frHcIAvWV/KdJuJuceLdgDyLt40gdgSB2kia4awkFE2UfqOXLA+iuwfCv3Li5NDJSgi7jEW1mojtEHGK1vfXIwTwITo+6YPKybIb4fLxF/rzQ/MNdyiKDwE4SU30vmEdvx64IGjXL13DhfRnE3MbMrR/+c5kb+DmtQMrUteQG9r9enPD93k8fwE6ZCP4FsJRftJJdTNrggy1uwkI8Vi5bZDlrZvfunjOaZPpBOfkltTtpNjHv4no14pfWXAx/UOVYN1ZFYcfV4JHI/fFQDcPuU3dbrjliuLInAxZ4zKxdE47MvukTe6hgSeULKYtqKsHF0a9P0xslxfR8IVZ7zaQ1NYxDkKispFJxVvKUdOMxygFIFZh7E8Cg0gvIhb8KzSw3W2G0zYnX18eV6+MolyGR2AB2XM/tRe/iM/uwGs5VbSJOYU0DKSQKa8QtiQmKvGw7n+0VVc7eSbgAokUXmNZJUgQVIpE/uJk7dan1aONmsk87VK1Pqr534Fs2K1bXM4UdzfMCnuY+MWCyx1YHocXHfNz7vz6DQIi6bFohzywqlxfK8E/FyqdpVI5RWjj/FLgvsNBwzdr7mAGagvHk3rvAhIRu97HudfDyuau5uDzQOeQHrOPYqI4x9/5wTvqULB8yHEHUgUgH31Q4ZU0Jga3jmJ2lx8LJP6JpJfnpGnHhvQF14cQDMwVOLhNDYK2008e/opB4DGQpcwzz44UjuYKQlPuRd3w513IZn/wXH4CvPrOnD7wqYNazmu+u4Fy5eyjLeq7jjFq5gOxV8hmPK4L4DI5eyosfNa7vzVlvM8wAi6zziNLbUE550Uhcy3EJEVlccd7COeDTEwrXmF15W8af+eWqZdOqvfY8e6jcVkPTGwyJkLZfxg7D6/niuArerY8F6F+jIx8M6gi6pM3Bbl06oPuxIfvdZ9tRSicTGBqor2cpwEMJy989sJlZ51U2drdaI+SSit0h7tOwsjX4qusotjF15TFYtlysUSIHpjLZzCKLj0G25HxT+3NLXTd9SjBhqIWD7/VCsH6TNFi4JxXIk5kD3NcSxy1uU/NuudIHqQgqZQ7DHo/QmjURuw0pL+iRbwTtNtRaVTWO0ZgY1mrclg3G+Zucu9lK6M2bLtRnxywzydb857bc2maBrPrQF51FVxYg6l4UwiHX1rlGltiGdBgmEvPIVZDFqjGhGwWCl48XL5Juk+GF9zQfFOWbQsGQVX5msdyC3zY+71cymEwrd7eb6iJY2xJjl1xRsGJXe3OFaWqJ3/oqWenephcEogsxrMCzosFiwQ+n1F56MjJGGUMbzKRB0FolLK2HqMUM/HzciPwzEqA5tK41koDl7Typ0TB1VZJHegyMonO/qgctgV2+ej5fDmDfaHPyv/TMDfsNMlVmKFFKItYVSUGmSoCvzZZqEe/AMJtyFw9V/RGhMJ/A1SIbBhCU10lm1AbkY/10FaOeA/+MY5FNSoVB4ECpSylQDBBOFGevHNxYBZMiLHjAqbK2wrkx62T11MYyathOuk7bmQyfOZqEQ41hZLv258zcNoJ/SRCY40ZGikz4EAgjt9w7NMskYS1Mr1GPTofERDq5RAtL/4UaMCIBz9UdyoKHEfV/QBkH536xT+3J2y/TWao1bAbgyVXhqjg5X1yK2aoozj/wP6LdKv85/JPEqiBplY+TY9ohxInlIN38p3PbNlXc6/bnvxlZve4iIeusnUhelHvZp04S82/66OA5HO4s7FZ+tfWlw58jqTxot+JRVOcQ+u2Sx9BNIEkrDx30LV9k5ZxybkKBhDeO7eUD52fykQhdi73gLuIXsl97KEO/YQVNK1S3rvq1iPgMsAXbG4EA==&u=U2FsdGVkX1+eeKPzrnXFWa7MOnz/RxIa7dQU8AjopW8=&y=U2FsdGVkX19vnTrkdrk/WlCDHvB3kwBonfaKAXSDa3HQQdAD1nXxdEXtGCDkjrfu HTTP/1.1" 200 26
179.19.104.226 - - [13/Nov/2023:21:44:48 -0500] "GET /kwssiamovil/sm/acme/a?s=U2FsdGVkX19RgVrAcrdMzBaMi6q5GHA3n6290XBz2AxW5XSCOZbOFo7g5OrxfjqLdXOJusBp4tX/504ftEQIA/Uzyi5fAJBiXcXMEFTDe1sW0UHowUEFP5StqKLEmqJqg4Vv89xfkgGQ4ejbO6GlxOSDrgVVhUBJZBw/bfCKqUI=&u=U2FsdGVkX1+eeKPzrnXFWa7MOnz/RxIa7dQU8AjopW8=&y=U2FsdGVkX19vnTrkdrk/WlCDHvB3kwBonfaKAXSDa3HQQdAD1nXxdEXtGCDkjrfu HTTP/1.1" 200 26
179.19.104.226 - - [13/Nov/2023:21:44:49 -0500] "GET /kwssiamovil/sm/acme/a?s=U2FsdGVkX18qIZQAo9uIlZpg2wxhRHC0oCGPP3uYAW3lwiBvjNXHR8LPG97nY8iujP8Xhhqg9Gd8FJUd4sNQSH9FYWjmJtbSNTyBQGcB9re36dZWRXWA7mmlPwXxmWHmSrOOhyAlNJbikhTiPT3fmccm0cZU6q0Zd6XBFAsQuVc=&u=U2FsdGVkX1+eeKPzrnXFWa7MOnz/RxIa7dQU8AjopW8=&y=U2FsdGVkX19vnTrkdrk/WlCDHvB3kwBonfaKAXSDa3HQQdAD1nXxdEXtGCDkjrfu HTTP/1.1" 200 26
179.19.104.226 - - [13/Nov/2023:21:44:49 -0500] "GET /kwssiamovil/sm/acme/a?s=U2FsdGVkX1/i748eZgnaWSYa5jlWCpEd3QhbSyFLJGcOjcOpOOsUQBn55x4nr4MBxCZXjqyh7bCDjL38+65PKUjLLvD0AG35G10U9UEHHyHtAI0v6fYHlgh8tAEHxs23BmOrCSMSUYqFvjt1ZW7utm7rLAJMPb65loc8916rpZA=&u=U2FsdGVkX1+eeKPzrnXFWa7MOnz/RxIa7dQU8AjopW8=&y=U2FsdGVkX19vnTrkdrk/WlCDHvB3kwBonfaKAXSDa3HQQdAD1nXxdEXtGCDkjrfu HTTP/1.1" 200 26
179.19.104.226 - - [13/Nov/2023:21:44:49 -0500] "GET /kwssiamovil/sm/acme/a?s=U2FsdGVkX18edyniuwPBx7ha2+T4FvDJqGrpySOamSZEREb/Yr0WcvOx0gG+Mzknn5SQzhKeXMorV50VNbPLWCb2uKR0jk874XJLuBIQoSz23qMmD4oHqbALKZsDSUJO7fI5LZ492VCYGzXpVyPE8/GO8maaBb05G2Lvc+vqD4acQ70KYly70bgb6UKEynZxS/AK/S8UoNI6M9urq4K8+A==&u=U2FsdGVkX1+eeKPzrnXFWa7MOnz/RxIa7dQU8AjopW8=&y=U2FsdGVkX19vnTrkdrk/WlCDHvB3kwBonfaKAXSDa3HQQdAD1nXxdEXtGCDkjrfu HTTP/1.1" 200 26
216.245.221.92 - - [13/Nov/2023:21:45:28 -0500] "HEAD / HTTP/1.1" 200 -
40.77.167.44 - - [13/Nov/2023:21:46:55 -0500] "GET /portaldeninos/author/adminportalninos/page/5/ HTTP/1.1" 200 101253
201.245.192.253 - - [13/Nov/2023:21:47:15 -0500] "POST /kwsrmcab/Wsrmcab  HTTP/1.1" 200 40720
198.235.24.2 - - [13/Nov/2023:21:47:19 -0500] "GET / HTTP/1.0" 200 319
172.22.2.4 - - [13/Nov/2023:21:47:14 -0500] "HEAD /BLA/boletinlegal/ HTTP/1.1" 200 -
111.202.101.75 - - [13/Nov/2023:21:49:30 -0500] "GET / HTTP/1.1" 200 319
172.22.2.4 - - [13/Nov/2023:21:48:05 -0500] "GET /BLA/boletinlegal/ HTTP/1.1" 200 58644
216.245.221.92 - - [13/Nov/2023:21:50:28 -0500] "HEAD / HTTP/1.1" 200 -
186.155.19.167 - - [13/Nov/2023:21:51:52 -0500] "GET /sipse/faces/faces/autenticacion.xhtml HTTP/1.1" 200 12405
186.155.19.167 - - [13/Nov/2023:21:51:52 -0500] "GET /sipse/js/disable_browser_buttons.js HTTP/1.1" 304 -
186.155.19.167 - - [13/Nov/2023:21:51:52 -0500] "GET /sipse/js/funciones.js HTTP/1.1" 304 -
186.155.19.167 - - [13/Nov/2023:21:51:52 -0500] "GET /sipse/css/custom_css_sg.css HTTP/1.1" 304 -
186.155.19.167 - - [13/Nov/2023:21:51:52 -0500] "GET /sipse/css/custom_css_sg_prime_login.css HTTP/1.1" 304 -
186.155.19.167 - - [13/Nov/2023:21:51:52 -0500] "GET /sipse/faces/javax.faces.resource/theme.css?ln=primefaces-sipse HTTP/1.1" 304 -
186.155.19.167 - - [13/Nov/2023:21:51:52 -0500] "GET /sipse/faces/javax.faces.resource/layout/layout.css?ln=primefaces&v=4.0 HTTP/1.1" 304 -
186.155.19.167 - - [13/Nov/2023:21:51:52 -0500] "GET /sipse/faces/javax.faces.resource/jquery/jquery.js?ln=primefaces&v=4.0 HTTP/1.1" 304 -
186.155.19.167 - - [13/Nov/2023:21:51:52 -0500] "GET /sipse/faces/javax.faces.resource/primefaces.css?ln=primefaces&v=4.0 HTTP/1.1" 304 -
186.155.19.167 - - [13/Nov/2023:21:51:52 -0500] "GET /sipse/faces/javax.faces.resource/jquery/jquery-plugins.js?ln=primefaces&v=4.0 HTTP/1.1" 304 -
186.155.19.167 - - [13/Nov/2023:21:51:52 -0500] "GET /sipse/faces/javax.faces.resource/primefaces.js?ln=primefaces&v=4.0 HTTP/1.1" 304 -
186.155.19.167 - - [13/Nov/2023:21:51:52 -0500] "GET /sipse/faces/javax.faces.resource/layout/layout.js?ln=primefaces&v=4.0 HTTP/1.1" 304 -
186.155.19.167 - - [13/Nov/2023:21:51:53 -0500] "GET /sipse/faces/javax.faces.resource/images/ui-icons_898989_256x240.png?ln=primefaces-aristo HTTP/1.1" 200 5355
186.155.19.167 - - [13/Nov/2023:21:51:53 -0500] "GET /sipse/css/imagen/logoSDG.png HTTP/1.1" 200 53064
186.155.19.167 - - [13/Nov/2023:21:51:53 -0500] "GET /sipse/css/imagen/loginimg.png HTTP/1.1" 200 71635
186.155.19.167 - - [13/Nov/2023:21:51:53 -0500] "GET /sipse/faces/faces/index.xhtml HTTP/1.1" 200 677
186.155.19.167 - - [13/Nov/2023:21:51:53 -0500] "GET /sipse/faces/javax.faces.resource/theme.css?ln=primefaces-sipse HTTP/1.1" 304 -
186.155.19.167 - - [13/Nov/2023:21:51:53 -0500] "GET /sipse/faces/faces/faces/autenticacion.xhtml HTTP/1.1" 200 12405
186.155.19.167 - - [13/Nov/2023:21:51:53 -0500] "GET /sipse/faces/javax.faces.resource/jquery/jquery.js?ln=primefaces&v=4.0 HTTP/1.1" 304 -
186.155.19.167 - - [13/Nov/2023:21:51:53 -0500] "GET /sipse/faces/javax.faces.resource/jquery/jquery-plugins.js?ln=primefaces&v=4.0 HTTP/1.1" 304 -
186.155.19.167 - - [13/Nov/2023:21:51:53 -0500] "GET /sipse/faces/javax.faces.resource/primefaces.js?ln=primefaces&v=4.0 HTTP/1.1" 304 -
186.155.19.167 - - [13/Nov/2023:21:51:53 -0500] "GET /sipse/faces/javax.faces.resource/layout/layout.js?ln=primefaces&v=4.0 HTTP/1.1" 304 -
186.155.19.167 - - [13/Nov/2023:21:51:53 -0500] "GET /sipse/faces/javax.faces.resource/theme.css?ln=primefaces-sipse HTTP/1.1" 304 -
186.155.19.167 - - [13/Nov/2023:21:51:53 -0500] "GET /sipse/faces/javax.faces.resource/primefaces.css?ln=primefaces&v=4.0 HTTP/1.1" 304 -
186.155.19.167 - - [13/Nov/2023:21:51:53 -0500] "GET /sipse/faces/javax.faces.resource/layout/layout.css?ln=primefaces&v=4.0 HTTP/1.1" 304 -
186.155.19.167 - - [13/Nov/2023:21:51:53 -0500] "GET /sipse/faces/javax.faces.resource/images/ui-icons_898989_256x240.png?ln=primefaces-aristo HTTP/1.1" 200 5355
