201.245.192.253 - - [19/Nov/2023:14:45:02 -0500] "POST /sipse/faces/presentacion/proyectos/proyecto/listarProyecto.xhtml HTTP/1.1" 200 163
201.245.192.253 - - [19/Nov/2023:14:45:02 -0500] "GET /sipse/faces/presentacion/proyectos/proyecto/proyecto.xhtml HTTP/1.1" 200 89668
201.245.192.253 - - [19/Nov/2023:14:45:03 -0500] "GET /sipse/faces/javax.faces.resource/theme.css?ln=primefaces-sipse HTTP/1.1" 304 -
201.245.192.253 - - [19/Nov/2023:14:45:03 -0500] "GET /sipse/faces/javax.faces.resource/primefaces.css?ln=primefaces&v=4.0 HTTP/1.1" 304 -
201.245.192.253 - - [19/Nov/2023:14:45:03 -0500] "GET /sipse/faces/javax.faces.resource/jquery/jquery.js?ln=primefaces&v=4.0 HTTP/1.1" 304 -
201.245.192.253 - - [19/Nov/2023:14:45:03 -0500] "GET /sipse/faces/javax.faces.resource/layout/layout.css?ln=primefaces&v=4.0 HTTP/1.1" 304 -
201.245.192.253 - - [19/Nov/2023:14:45:03 -0500] "GET /sipse/faces/javax.faces.resource/jquery/jquery-plugins.js?ln=primefaces&v=4.0 HTTP/1.1" 304 -
201.245.192.253 - - [19/Nov/2023:14:45:03 -0500] "GET /sipse/faces/javax.faces.resource/layout/layout.js?ln=primefaces&v=4.0 HTTP/1.1" 304 -
201.245.192.253 - - [19/Nov/2023:14:45:03 -0500] "GET /sipse/faces/javax.faces.resource/primefaces.js?ln=primefaces&v=4.0 HTTP/1.1" 304 -
201.245.192.253 - - [19/Nov/2023:14:45:03 -0500] "GET /sipse/faces/javax.faces.resource/images/ui-icons_898989_256x240.png?ln=primefaces-aristo HTTP/1.1" 304 -
201.245.192.253 - - [19/Nov/2023:14:45:03 -0500] "GET /sipse/faces/javax.faces.resource/images/ui-bg_flat_0_2d5972_40x100.png?ln=primefaces-aristo HTTP/1.1" 304 -
201.245.192.253 - - [19/Nov/2023:14:45:03 -0500] "POST /sipse/faces/presentacion/proyectos/proyecto/proyecto.xhtml HTTP/1.1" 200 3261
52.167.144.136 - - [19/Nov/2023:14:45:10 -0500] "GET /BLA/resoluciones/AUTOS%202022/2395.pdf HTTP/1.1" 304 -
201.245.192.253 - - [19/Nov/2023:14:45:14 -0500] "POST /sipse/faces/presentacion/proyectos/proyecto/proyecto.xhtml HTTP/1.1" 200 44652
201.245.192.253 - - [19/Nov/2023:14:45:15 -0500] "GET /sipse/faces/javax.faces.resource/spacer/dot_clear.gif?ln=primefaces&v=4.0 HTTP/1.1" 304 -
201.245.192.253 - - [19/Nov/2023:14:45:15 -0500] "POST /sipse/faces/presentacion/proyectos/proyecto/proyecto.xhtml HTTP/1.1" 200 3947
201.245.192.253 - - [19/Nov/2023:14:45:19 -0500] "POST /sipse/faces/presentacion/proyectos/proyecto/proyecto.xhtml HTTP/1.1" 200 71703
201.245.192.253 - - [19/Nov/2023:14:45:36 -0500] "POST /sipse/faces/presentacion/proyectos/proyecto/proyecto.xhtml HTTP/1.1" 200 72446
201.245.192.253 - - [19/Nov/2023:14:45:49 -0500] "POST /sipse/faces/presentacion/proyectos/proyecto/proyecto.xhtml HTTP/1.1" 200 10508
201.245.192.253 - - [19/Nov/2023:14:45:59 -0500] "POST /kwsrmcab/Wsrmcab  HTTP/1.1" 200 40861
201.245.192.253 - - [19/Nov/2023:14:46:02 -0500] "POST /sipse/faces/presentacion/proyectos/proyecto/proyecto.xhtml HTTP/1.1" 200 73302
216.245.221.92 - - [19/Nov/2023:14:46:58 -0500] "HEAD / HTTP/1.1" 200 -
40.88.21.235 - - [19/Nov/2023:14:47:03 -0500] "GET / HTTP/1.1" 200 319
40.88.21.235 - - [19/Nov/2023:14:47:03 -0500] "GET /favicon.ico HTTP/1.1" 200 7782
173.252.87.4 - - [19/Nov/2023:14:47:04 -0500] "GET /distrito-alcanza-meta-de-1000-hectareas-ya-con-pagos-por-servicios-ambientales.html HTTP/1.1" 200 828
66.249.66.204 - - [19/Nov/2023:14:48:09 -0500] "GET /BLA/boletinlegal/Circulares/2013/Circular%20No.%206%20del%2019%20de%20julio%20de%202013.pdf HTTP/1.1" 200 4210437
200.118.60.241 - - [19/Nov/2023:14:48:18 -0500] "GET /portaldeninos/aulas-ambientales-2/parque-ecologico-distrital-de-montana-entrenubes/ HTTP/1.1" 200 90406
200.118.60.241 - - [19/Nov/2023:14:48:19 -0500] "GET /portaldeninos/wp-content/uploads/useanyfont/uaf.css?ver=1589905315 HTTP/1.1" 200 408
200.118.60.241 - - [19/Nov/2023:14:48:19 -0500] "GET /portaldeninos/wp-content/themes/betheme/style.css?ver=20.9.6 HTTP/1.1" 200 287
200.118.60.241 - - [19/Nov/2023:14:48:19 -0500] "GET /portaldeninos/wp-content/plugins/gallery-videos/CSS/Total-Soft-Gallery-Video-Widget.css?ver=4.9.8 HTTP/1.1" 200 51554
200.118.60.241 - - [19/Nov/2023:14:48:19 -0500] "GET /portaldeninos/wp-content/themes/betheme/assets/ui/jquery.ui.all.css?ver=20.9.6 HTTP/1.1" 200 18765
200.118.60.241 - - [19/Nov/2023:14:48:19 -0500] "GET /portaldeninos/wp-content/themes/betheme/assets/jplayer/css/jplayer.blue.monday.css?ver=20.9.6 HTTP/1.1" 200 9834
200.118.60.241 - - [19/Nov/2023:14:48:19 -0500] "GET /portaldeninos/wp-content/themes/betheme/css/base.css?ver=20.9.6 HTTP/1.1" 200 57283
200.118.60.241 - - [19/Nov/2023:14:48:19 -0500] "GET /portaldeninos/wp-content/themes/betheme/assets/animations/animations.min.css?ver=20.9.6 HTTP/1.1" 200 58508
200.118.60.241 - - [19/Nov/2023:14:48:19 -0500] "GET /portaldeninos/wp-content/plugins/gallery-videos/CSS/totalsoft.css?ver=4.9.8 HTTP/1.1" 200 40622
200.118.60.241 - - [19/Nov/2023:14:48:19 -0500] "GET /portaldeninos/wp-content/plugins/google-analytics-for-wordpress/assets/js/frontend-gtag.min.js?ver=8.5.0 HTTP/1.1" 200 11801
200.118.60.241 - - [19/Nov/2023:14:48:19 -0500] "GET /portaldeninos/wp-content/themes/betheme/css/layout.css?ver=20.9.6 HTTP/1.1" 200 116639
200.118.60.241 - - [19/Nov/2023:14:48:19 -0500] "GET /portaldeninos/wp-content/themes/betheme/css/responsive.css?ver=20.9.6 HTTP/1.1" 200 55740
200.118.60.241 - - [19/Nov/2023:14:48:19 -0500] "GET /portaldeninos/wp-content/themes/betheme/css/shortcodes.css?ver=20.9.6 HTTP/1.1" 200 138889
200.118.60.241 - - [19/Nov/2023:14:48:19 -0500] "GET /portaldeninos/wp-includes/js/jquery/jquery-migrate.min.js?ver=1.4.1 HTTP/1.1" 200 10056
200.118.60.241 - - [19/Nov/2023:14:48:19 -0500] "GET /portaldeninos/wp-includes/js/jquery/ui/core.min.js?ver=1.11.4 HTTP/1.1" 200 4000
200.118.60.241 - - [19/Nov/2023:14:48:19 -0500] "GET /portaldeninos/wp-content/plugins/gallery-videos/JS/modernizr.custom.js?ver=4.9.8 HTTP/1.1" 200 9019
200.118.60.241 - - [19/Nov/2023:14:48:19 -0500] "GET /portaldeninos/wp-includes/js/wp-emoji-release.min.js?ver=4.9.8 HTTP/1.1" 200 12026
200.118.60.241 - - [19/Nov/2023:14:48:19 -0500] "GET /portaldeninos/wp-content/plugins/gallery-videos/JS/Total-Soft-Gallery-Video-Widget.js?ver=4.9.8 HTTP/1.1" 200 80264
200.118.60.241 - - [19/Nov/2023:14:48:19 -0500] "GET /portaldeninos/wp-content/uploads/2019/08/Logo-Ambientic.png HTTP/1.1" 200 22941
200.118.60.241 - - [19/Nov/2023:14:48:19 -0500] "GET /portaldeninos/wp-includes/js/jquery/jquery.js?ver=1.12.4 HTTP/1.1" 200 97184
200.118.60.241 - - [19/Nov/2023:14:48:19 -0500] "GET /portaldeninos/wp-content/uploads/2021/07/Banners-pa%CC%81gina-de-nin%CC%83os3.jpg HTTP/1.1" 200 33682
200.118.60.241 - - [19/Nov/2023:14:48:19 -0500] "GET /portaldeninos/wp-includes/js/jquery/ui/widget.min.js?ver=1.11.4 HTTP/1.1" 200 6908
200.118.60.241 - - [19/Nov/2023:14:48:19 -0500] "GET /portaldeninos/wp-includes/js/jquery/ui/mouse.min.js?ver=1.11.4 HTTP/1.1" 200 3148
200.118.60.241 - - [19/Nov/2023:14:48:20 -0500] "GET /portaldeninos/wp-includes/js/jquery/ui/tabs.min.js?ver=1.11.4 HTTP/1.1" 200 12110
200.118.60.241 - - [19/Nov/2023:14:48:20 -0500] "GET /portaldeninos/wp-includes/js/jquery/ui/accordion.min.js?ver=1.11.4 HTTP/1.1" 200 8584
200.118.60.241 - - [19/Nov/2023:14:48:20 -0500] "GET /portaldeninos/wp-content/themes/betheme/js/menu.js?ver=20.9.6 HTTP/1.1" 200 2449
200.118.60.241 - - [19/Nov/2023:14:48:20 -0500] "GET /portaldeninos/wp-content/themes/betheme/assets/animations/animations.min.js?ver=20.9.6 HTTP/1.1" 200 1896
200.118.60.241 - - [19/Nov/2023:14:48:20 -0500] "GET /portaldeninos/wp-includes/js/jquery/ui/sortable.min.js?ver=1.11.4 HTTP/1.1" 200 24899
200.118.60.241 - - [19/Nov/2023:14:48:20 -0500] "GET /portaldeninos/wp-includes/js/wp-embed.min.js?ver=4.9.8 HTTP/1.1" 200 1398
200.118.60.241 - - [19/Nov/2023:14:48:20 -0500] "GET /portaldeninos/wp-content/themes/betheme/fonts/mfn-icons.woff?93978679 HTTP/1.1" 200 80932
200.118.60.241 - - [19/Nov/2023:14:48:20 -0500] "GET /portaldeninos/wp-content/themes/betheme/js/scripts.js?ver=20.9.6 HTTP/1.1" 200 77162
200.118.60.241 - - [19/Nov/2023:14:48:20 -0500] "GET /portaldeninos/wp-content/themes/betheme/assets/jplayer/jplayer.min.js?ver=20.9.6 HTTP/1.1" 200 52702
200.118.60.241 - - [19/Nov/2023:14:48:20 -0500] "GET /portaldeninos/wp-content/themes/betheme/images/box_shadow.png HTTP/1.1" 200 108
200.118.60.241 - - [19/Nov/2023:14:48:20 -0500] "GET /portaldeninos/wp-content/uploads/2021/07/imagenes-con-marcos-pa%CC%81gina-de-nin%CC%83os-parque-entrenubes-1.jpg HTTP/1.1" 200 38322
200.118.60.241 - - [19/Nov/2023:14:48:20 -0500] "GET /portaldeninos/wp-content/themes/betheme/js/plugins.js?ver=20.9.6 HTTP/1.1" 200 197151
172.22.2.4 - - [19/Nov/2023:14:46:43 -0500] "HEAD /BLA/boletinlegal/ HTTP/1.1" 200 -
52.167.144.232 - - [19/Nov/2023:14:48:39 -0500] "GET /BLA/resoluciones/RESOLUCIONES%202021/4048.pdf HTTP/1.1" 304 -
172.22.2.4 - - [19/Nov/2023:14:47:34 -0500] "GET /BLA/boletinlegal/ HTTP/1.1" 200 58294
200.118.60.241 - - [19/Nov/2023:14:48:20 -0500] "GET /portaldeninos/wp-content/uploads/2021/07/Parque-entrenubes.mp4 HTTP/1.1" 206 11698950
201.245.192.253 - - [19/Nov/2023:14:50:59 -0500] "POST /kwsrmcab/Wsrmcab  HTTP/1.1" 200 40861
216.245.221.92 - - [19/Nov/2023:14:51:58 -0500] "HEAD / HTTP/1.1" 200 -
172.22.2.4 - - [19/Nov/2023:14:52:33 -0500] "HEAD /BLA/boletinlegal/ HTTP/1.1" 200 -
172.22.2.4 - - [19/Nov/2023:14:53:24 -0500] "GET /BLA/boletinlegal/ HTTP/1.1" 200 43959
52.167.144.186 - - [19/Nov/2023:14:55:21 -0500] "GET /Publicaciones/2023EE230701.pdf HTTP/1.1" 404 228
40.77.167.7 - - [19/Nov/2023:14:55:38 -0500] "GET /consulta-y-conoce-los-proyectos-de-resolucion-de-para-los-planes-de-manejo-ambiental-de-cinco-humedales-en-bogota.html HTTP/1.1" 200 971
172.22.2.4 - - [19/Nov/2023:14:54:00 -0500] "GET /BLA/boletinlegal/ HTTP/1.1" 200 49475
201.245.192.253 - - [19/Nov/2023:14:55:58 -0500] "POST /kwsrmcab/Wsrmcab  HTTP/1.1" 200 40861
216.245.221.92 - - [19/Nov/2023:14:56:58 -0500] "HEAD / HTTP/1.1" 200 -
172.22.2.4 - - [19/Nov/2023:14:58:23 -0500] "HEAD /BLA/boletinlegal/ HTTP/1.1" 200 -
172.22.2.4 - - [19/Nov/2023:14:59:14 -0500] "GET /BLA/boletinlegal/ HTTP/1.1" 200 58294
201.245.192.253 - - [19/Nov/2023:15:00:56 -0500] "POST /kwsrmcab/Wsrmcab  HTTP/1.1" 200 40861
216.245.221.92 - - [19/Nov/2023:15:01:58 -0500] "HEAD / HTTP/1.1" 200 -
199.16.157.182 - - [19/Nov/2023:15:03:38 -0500] "GET /images/humedales-bog.jpg HTTP/1.1" 200 38008
172.22.2.4 - - [19/Nov/2023:15:04:13 -0500] "HEAD /BLA/boletinlegal/ HTTP/1.1" 200 -
201.245.192.253 - - [19/Nov/2023:15:05:55 -0500] "POST /kwsrmcab/Wsrmcab  HTTP/1.1" 200 40861
172.22.2.4 - - [19/Nov/2023:15:05:04 -0500] "GET /BLA/boletinlegal/ HTTP/1.1" 200 50697
216.245.221.92 - - [19/Nov/2023:15:06:58 -0500] "HEAD / HTTP/1.1" 200 -
114.119.156.152 - - [19/Nov/2023:15:07:01 -0500] "GET /BLA/resoluciones/index.php?dir=Notificaciones/RESOLUCIONES%2B2014/&sort=date&order=asc HTTP/1.1" 200 13965
40.77.167.235 - - [19/Nov/2023:15:08:22 -0500] "GET /BLA/resoluciones/AUTOS%202019/2559.pdf HTTP/1.1" 304 -
201.245.192.253 - - [19/Nov/2023:15:10:54 -0500] "POST /kwsrmcab/Wsrmcab  HTTP/1.1" 200 40861
40.88.21.235 - - [19/Nov/2023:15:11:22 -0500] "GET / HTTP/1.1" 200 319
40.88.21.235 - - [19/Nov/2023:15:11:22 -0500] "GET /favicon.ico HTTP/1.1" 200 7782
172.22.2.4 - - [19/Nov/2023:15:10:03 -0500] "HEAD /BLA/boletinlegal/ HTTP/1.1" 200 -
216.245.221.92 - - [19/Nov/2023:15:11:58 -0500] "HEAD / HTTP/1.1" 200 -
172.22.2.4 - - [19/Nov/2023:15:10:54 -0500] "GET /BLA/boletinlegal/ HTTP/1.1" 200 53356
201.184.54.179 - - [19/Nov/2023:15:12:36 -0500] "GET /catalogoisis/ HTTP/1.1" 404 211
201.184.54.179 - - [19/Nov/2023:15:12:36 -0500] "GET /favicon.ico HTTP/1.1" 200 7782
172.22.2.4 - - [19/Nov/2023:15:12:01 -0500] "GET /BLA/boletinlegal/ HTTP/1.1" 200 20427
201.245.192.253 - - [19/Nov/2023:15:13:20 -0500] "POST /sipse/faces/presentacion/proyectos/proyecto/proyecto.xhtml HTTP/1.1" 200 83946
201.245.192.253 - - [19/Nov/2023:15:13:20 -0500] "GET /sipse/faces/javax.faces.resource/jquery/jquery.js?ln=primefaces&v=4.0 HTTP/1.1" 304 -
201.245.192.253 - - [19/Nov/2023:15:13:20 -0500] "GET /sipse/faces/javax.faces.resource/jquery/jquery-plugins.js?ln=primefaces&v=4.0 HTTP/1.1" 304 -
201.245.192.253 - - [19/Nov/2023:15:13:20 -0500] "GET /sipse/faces/javax.faces.resource/primefaces.js?ln=primefaces&v=4.0 HTTP/1.1" 304 -
201.245.192.253 - - [19/Nov/2023:15:13:20 -0500] "GET /sipse/faces/javax.faces.resource/layout/layout.js?ln=primefaces&v=4.0 HTTP/1.1" 304 -
201.245.192.253 - - [19/Nov/2023:15:13:31 -0500] "POST /sipse/faces/presentacion/proyectos/proyecto/listarProyecto.xhtml HTTP/1.1" 200 163
201.245.192.253 - - [19/Nov/2023:15:13:32 -0500] "GET /sipse/faces/presentacion/proyectos/proyecto/proyecto.xhtml HTTP/1.1" 200 91715
201.245.192.253 - - [19/Nov/2023:15:13:32 -0500] "GET /sipse/faces/javax.faces.resource/theme.css?ln=primefaces-sipse HTTP/1.1" 304 -
201.245.192.253 - - [19/Nov/2023:15:13:32 -0500] "GET /sipse/faces/javax.faces.resource/primefaces.css?ln=primefaces&v=4.0 HTTP/1.1" 304 -
201.245.192.253 - - [19/Nov/2023:15:13:32 -0500] "GET /sipse/faces/javax.faces.resource/jquery/jquery.js?ln=primefaces&v=4.0 HTTP/1.1" 304 -
201.245.192.253 - - [19/Nov/2023:15:13:32 -0500] "GET /sipse/faces/javax.faces.resource/primefaces.js?ln=primefaces&v=4.0 HTTP/1.1" 304 -
201.245.192.253 - - [19/Nov/2023:15:13:32 -0500] "GET /sipse/faces/javax.faces.resource/layout/layout.css?ln=primefaces&v=4.0 HTTP/1.1" 304 -
201.245.192.253 - - [19/Nov/2023:15:13:32 -0500] "GET /sipse/faces/javax.faces.resource/jquery/jquery-plugins.js?ln=primefaces&v=4.0 HTTP/1.1" 304 -
201.245.192.253 - - [19/Nov/2023:15:13:32 -0500] "GET /sipse/faces/javax.faces.resource/layout/layout.js?ln=primefaces&v=4.0 HTTP/1.1" 304 -
201.184.54.179 - - [19/Nov/2023:15:13:32 -0500] "GET /catalogoisis/ HTTP/1.1" 404 211
201.245.192.253 - - [19/Nov/2023:15:13:32 -0500] "GET /sipse/faces/javax.faces.resource/images/ui-icons_898989_256x240.png?ln=primefaces-aristo HTTP/1.1" 304 -
201.245.192.253 - - [19/Nov/2023:15:13:32 -0500] "GET /sipse/faces/javax.faces.resource/images/ui-bg_flat_0_2d5972_40x100.png?ln=primefaces-aristo HTTP/1.1" 304 -
201.245.192.253 - - [19/Nov/2023:15:13:32 -0500] "POST /sipse/faces/presentacion/proyectos/proyecto/proyecto.xhtml HTTP/1.1" 200 3261
201.245.192.253 - - [19/Nov/2023:15:13:39 -0500] "POST /sipse/faces/presentacion/proyectos/proyecto/proyecto.xhtml HTTP/1.1" 200 44017
201.245.192.253 - - [19/Nov/2023:15:13:40 -0500] "GET /sipse/faces/javax.faces.resource/spacer/dot_clear.gif?ln=primefaces&v=4.0 HTTP/1.1" 304 -
201.245.192.253 - - [19/Nov/2023:15:13:40 -0500] "POST /sipse/faces/presentacion/proyectos/proyecto/proyecto.xhtml HTTP/1.1" 200 3948
201.245.192.253 - - [19/Nov/2023:15:13:44 -0500] "POST /sipse/faces/presentacion/proyectos/proyecto/proyecto.xhtml HTTP/1.1" 200 71470
186.29.32.101 - - [19/Nov/2023:15:15:31 -0500] "GET /BLA/resoluciones/index.php?dir=RESOLUCIONES+2014%2F HTTP/1.1" 200 334529
186.29.32.101 - - [19/Nov/2023:15:15:31 -0500] "GET /BLA/resoluciones/dlf/unknown.png HTTP/1.1" 200 266
201.245.192.253 - - [19/Nov/2023:15:15:54 -0500] "POST /kwsrmcab/Wsrmcab  HTTP/1.1" 200 40861
186.29.32.101 - - [19/Nov/2023:15:16:15 -0500] "GET /BLA/resoluciones/index.php?dir=RESOLUCIONES+2013%2F HTTP/1.1" 200 238278
186.29.32.101 - - [19/Nov/2023:15:16:16 -0500] "GET /BLA/resoluciones/dlf/doc.gif HTTP/1.1" 200 1079
216.245.221.92 - - [19/Nov/2023:15:16:58 -0500] "HEAD / HTTP/1.1" 200 -
201.245.192.253 - - [19/Nov/2023:15:17:02 -0500] "POST /kwsrmcab/Wsrmcab HTTP/1.1" 200 40683
201.245.192.253 - - [19/Nov/2023:15:17:05 -0500] "POST /kwsrmcab/Wsrmcab HTTP/1.1" 200 42113
172.22.2.4 - - [19/Nov/2023:15:15:53 -0500] "HEAD /BLA/boletinlegal/ HTTP/1.1" 200 -
52.167.144.186 - - [19/Nov/2023:15:18:12 -0500] "GET /BLA/resoluciones/RESOLUCIONES%202021/5663.pdf HTTP/1.1" 304 -
172.22.2.4 - - [19/Nov/2023:15:16:44 -0500] "GET /BLA/boletinlegal/ HTTP/1.1" 200 54105
201.245.192.253 - - [19/Nov/2023:15:20:29 -0500] "POST /kwsrmcab/Wsrmcab HTTP/1.1" 200 40683
201.245.192.253 - - [19/Nov/2023:15:20:32 -0500] "POST /kwsrmcab/Wsrmcab HTTP/1.1" 200 42113
201.245.192.253 - - [19/Nov/2023:15:20:53 -0500] "POST /kwsrmcab/Wsrmcab  HTTP/1.1" 200 40861
31.13.115.8 - - [19/Nov/2023:15:21:46 -0500] "GET /images/presentaci\xc3\xb3n%20convenci\xc3\xb3n.jpg HTTP/1.1" 404 1034
216.245.221.92 - - [19/Nov/2023:15:21:58 -0500] "HEAD / HTTP/1.1" 200 -
172.22.2.4 - - [19/Nov/2023:15:21:43 -0500] "HEAD /BLA/boletinlegal/ HTTP/1.1" 200 -
52.167.144.230 - - [19/Nov/2023:15:23:33 -0500] "GET /Publicaciones/2023EE207824.pdf HTTP/1.1" 404 228
40.77.167.243 - - [19/Nov/2023:15:24:01 -0500] "GET /Publicaciones/2023EE184073.pdf HTTP/1.1" 404 228
40.77.167.136 - - [19/Nov/2023:15:24:06 -0500] "GET /Publicaciones/2023EE232161.pdf HTTP/1.1" 404 228
172.22.2.4 - - [19/Nov/2023:15:22:34 -0500] "GET /BLA/boletinlegal/ HTTP/1.1" 200 58644
52.167.144.230 - - [19/Nov/2023:15:25:24 -0500] "GET /Publicaciones/2023EE203646.pdf HTTP/1.1" 404 228
201.245.192.253 - - [19/Nov/2023:15:25:51 -0500] "POST /kwsrmcab/Wsrmcab  HTTP/1.1" 200 40861
216.245.221.92 - - [19/Nov/2023:15:26:58 -0500] "HEAD / HTTP/1.1" 200 -
201.245.192.253 - - [19/Nov/2023:15:27:02 -0500] "POST /kwsrmcab/Wsrmcab HTTP/1.1" 200 40683
201.245.192.253 - - [19/Nov/2023:15:27:05 -0500] "POST /kwsrmcab/Wsrmcab HTTP/1.1" 200 42113
114.119.153.16 - - [19/Nov/2023:15:27:48 -0500] "GET /BLA/resoluciones/index.php?dir=RESOLUCIONES%2B2017/&sort=date&order=asc HTTP/1.1" 200 13903
172.22.2.4 - - [19/Nov/2023:15:27:33 -0500] "HEAD /BLA/boletinlegal/ HTTP/1.1" 200 -
172.22.2.4 - - [19/Nov/2023:15:28:24 -0500] "GET /BLA/boletinlegal/ HTTP/1.1" 200 52827
201.245.192.253 - - [19/Nov/2023:15:30:29 -0500] "POST /kwsrmcab/Wsrmcab HTTP/1.1" 200 40683
201.245.192.253 - - [19/Nov/2023:15:30:33 -0500] "POST /kwsrmcab/Wsrmcab HTTP/1.1" 200 42113
201.245.192.253 - - [19/Nov/2023:15:30:50 -0500] "POST /kwsrmcab/Wsrmcab  HTTP/1.1" 200 40861
216.245.221.92 - - [19/Nov/2023:15:31:58 -0500] "HEAD / HTTP/1.1" 200 -
66.249.66.76 - - [19/Nov/2023:15:33:09 -0500] "GET /portaldeninos/los-arboles/tips/ HTTP/1.1" 200 87677
66.249.66.193 - - [19/Nov/2023:15:33:10 -0500] "GET /privados-y-distrito-inauguraron-vivero-en-la-reserva-van-der-hammen-con-capacidad-para-producir-50-mil-arboles-al-ano.html HTTP/1.1" 200 899
66.249.66.76 - - [19/Nov/2023:15:33:13 -0500] "GET /portaldeninos/wp-content/themes/betheme/css/shortcodes.css?ver=20.9.6 HTTP/1.1" 200 138889
66.249.66.76 - - [19/Nov/2023:15:33:13 -0500] "GET /portaldeninos/wp-content/plugins/gallery-videos/JS/modernizr.custom.js?ver=4.9.8 HTTP/1.1" 200 9019
66.249.66.75 - - [19/Nov/2023:15:33:14 -0500] "GET /portaldeninos/wp-content/themes/betheme/assets/animations/animations.min.js?ver=20.9.6 HTTP/1.1" 200 1896
201.245.192.253 - - [19/Nov/2023:15:33:16 -0500] "POST /sipse/faces/presentacion/proyectos/proyecto/proyecto.xhtml HTTP/1.1" 200 83946
201.245.192.253 - - [19/Nov/2023:15:33:16 -0500] "GET /sipse/faces/javax.faces.resource/jquery/jquery.js?ln=primefaces&v=4.0 HTTP/1.1" 304 -
201.245.192.253 - - [19/Nov/2023:15:33:16 -0500] "GET /sipse/faces/javax.faces.resource/jquery/jquery-plugins.js?ln=primefaces&v=4.0 HTTP/1.1" 304 -
201.245.192.253 - - [19/Nov/2023:15:33:16 -0500] "GET /sipse/faces/javax.faces.resource/primefaces.js?ln=primefaces&v=4.0 HTTP/1.1" 304 -
201.245.192.253 - - [19/Nov/2023:15:33:17 -0500] "GET /sipse/faces/javax.faces.resource/layout/layout.js?ln=primefaces&v=4.0 HTTP/1.1" 304 -
201.245.192.253 - - [19/Nov/2023:15:33:21 -0500] "POST /sipse/faces/presentacion/proyectos/proyecto/listarProyecto.xhtml HTTP/1.1" 200 163
201.245.192.253 - - [19/Nov/2023:15:33:21 -0500] "GET /sipse/faces/presentacion/proyectos/proyecto/proyecto.xhtml HTTP/1.1" 200 89849
201.245.192.253 - - [19/Nov/2023:15:33:22 -0500] "GET /sipse/faces/javax.faces.resource/theme.css?ln=primefaces-sipse HTTP/1.1" 304 -
201.245.192.253 - - [19/Nov/2023:15:33:22 -0500] "GET /sipse/faces/javax.faces.resource/primefaces.css?ln=primefaces&v=4.0 HTTP/1.1" 304 -
201.245.192.253 - - [19/Nov/2023:15:33:22 -0500] "GET /sipse/faces/javax.faces.resource/jquery/jquery-plugins.js?ln=primefaces&v=4.0 HTTP/1.1" 304 -
201.245.192.253 - - [19/Nov/2023:15:33:22 -0500] "GET /sipse/faces/javax.faces.resource/layout/layout.css?ln=primefaces&v=4.0 HTTP/1.1" 304 -
201.245.192.253 - - [19/Nov/2023:15:33:22 -0500] "GET /sipse/faces/javax.faces.resource/primefaces.js?ln=primefaces&v=4.0 HTTP/1.1" 304 -
201.245.192.253 - - [19/Nov/2023:15:33:22 -0500] "GET /sipse/faces/javax.faces.resource/jquery/jquery.js?ln=primefaces&v=4.0 HTTP/1.1" 304 -
201.245.192.253 - - [19/Nov/2023:15:33:22 -0500] "GET /sipse/faces/javax.faces.resource/layout/layout.js?ln=primefaces&v=4.0 HTTP/1.1" 304 -
201.245.192.253 - - [19/Nov/2023:15:33:22 -0500] "GET /sipse/faces/javax.faces.resource/images/ui-icons_898989_256x240.png?ln=primefaces-aristo HTTP/1.1" 304 -
201.245.192.253 - - [19/Nov/2023:15:33:22 -0500] "GET /sipse/faces/javax.faces.resource/images/ui-bg_flat_0_2d5972_40x100.png?ln=primefaces-aristo HTTP/1.1" 304 -
201.245.192.253 - - [19/Nov/2023:15:33:22 -0500] "POST /sipse/faces/presentacion/proyectos/proyecto/proyecto.xhtml HTTP/1.1" 200 3261
201.245.192.253 - - [19/Nov/2023:15:33:27 -0500] "POST /sipse/faces/presentacion/proyectos/proyecto/proyecto.xhtml HTTP/1.1" 200 44455
201.245.192.253 - - [19/Nov/2023:15:33:29 -0500] "GET /sipse/faces/javax.faces.resource/spacer/dot_clear.gif?ln=primefaces&v=4.0 HTTP/1.1" 304 -
201.245.192.253 - - [19/Nov/2023:15:33:29 -0500] "POST /sipse/faces/presentacion/proyectos/proyecto/proyecto.xhtml HTTP/1.1" 200 3949
201.245.192.253 - - [19/Nov/2023:15:33:33 -0500] "POST /sipse/faces/presentacion/proyectos/proyecto/proyecto.xhtml HTTP/1.1" 200 71964
173.252.111.2 - - [19/Nov/2023:15:33:44 -0500] "GET /images/cuerpos%20de%20agua%20en%20humedales-19-10.jpg HTTP/1.1" 200 73528
172.22.2.4 - - [19/Nov/2023:15:34:23 -0500] "GET /BLA/boletinlegal/robots.txt HTTP/1.1" 404 1038
172.22.2.4 - - [19/Nov/2023:15:34:24 -0500] "GET /BLA/boletinlegal/jurisprudencia/analisis/AnalisisT-146-16.docx HTTP/1.1" 304 -
172.22.2.4 - - [19/Nov/2023:15:34:24 -0500] "GET /BLA/boletinlegal/jurisprudencia/analisis/G__Jurisp.%20Junio%202014_ANALISIS%20JURISPRUDENCIA%20C-634-12%20DECOMISO.docx HTTP/1.1" 200 27045
172.22.2.4 - - [19/Nov/2023:15:33:23 -0500] "HEAD /BLA/boletinlegal/ HTTP/1.1" 200 -
172.22.2.4 - - [19/Nov/2023:15:34:09 -0500] "GET /BLA/boletinlegal/ HTTP/1.1" 200 42651
201.245.192.253 - - [19/Nov/2023:15:35:49 -0500] "POST /kwsrmcab/Wsrmcab  HTTP/1.1" 200 40861
172.22.2.4 - - [19/Nov/2023:15:34:14 -0500] "GET /BLA/boletinlegal/ HTTP/1.1" 200 42651
201.245.192.253 - - [19/Nov/2023:15:35:55 -0500] "POST /sipse/faces/presentacion/proyectos/proyecto/proyecto.xhtml HTTP/1.1" 200 71716
201.245.192.253 - - [19/Nov/2023:15:36:06 -0500] "POST /sipse/faces/presentacion/proyectos/proyecto/proyecto.xhtml HTTP/1.1" 200 13745
216.245.221.92 - - [19/Nov/2023:15:36:58 -0500] "HEAD / HTTP/1.1" 200 -
201.245.192.253 - - [19/Nov/2023:15:37:02 -0500] "POST /kwsrmcab/Wsrmcab HTTP/1.1" 200 40683
201.245.192.253 - - [19/Nov/2023:15:37:05 -0500] "POST /kwsrmcab/Wsrmcab HTTP/1.1" 200 42113
201.245.192.253 - - [19/Nov/2023:15:37:35 -0500] "POST /sipse/faces/presentacion/proyectos/proyecto/proyecto.xhtml HTTP/1.1" 200 71732
201.245.192.253 - - [19/Nov/2023:15:37:49 -0500] "POST /sipse/faces/presentacion/proyectos/proyecto/proyecto.xhtml HTTP/1.1" 200 13745
172.22.2.4 - - [19/Nov/2023:15:38:05 -0500] "GET /BLA/boletinlegal/Circulares/2023/CIRCULAR%20No.%2000003%20DEL%2021%20DE%20FEBRERO%20DEL%202023.pdf HTTP/1.1" 200 355302
172.22.2.4 - - [19/Nov/2023:15:38:13 -0500] "GET /BLA/boletinlegal/Circulares/2023/CIRCULAR%20No.%2000002%20DEL%2020%20DE%20FEBRERO%20DEL%202023.pdf HTTP/1.1" 200 333231
52.167.144.212 - - [19/Nov/2023:15:39:04 -0500] "GET /BLA/resoluciones/AUTOS%202023/3307.pdf HTTP/1.1" 200 588443
201.245.192.253 - - [19/Nov/2023:15:39:49 -0500] "POST /sipse/faces/presentacion/proyectos/proyecto/proyecto.xhtml HTTP/1.1" 200 75163
201.245.192.253 - - [19/Nov/2023:15:39:51 -0500] "GET /sipse/faces/javax.faces.resource/jquery/jquery.js?ln=primefaces&v=4.0 HTTP/1.1" 304 -
201.245.192.253 - - [19/Nov/2023:15:39:51 -0500] "GET /sipse/faces/javax.faces.resource/jquery/jquery-plugins.js?ln=primefaces&v=4.0 HTTP/1.1" 304 -
201.245.192.253 - - [19/Nov/2023:15:39:51 -0500] "GET /sipse/faces/javax.faces.resource/primefaces.js?ln=primefaces&v=4.0 HTTP/1.1" 304 -
201.245.192.253 - - [19/Nov/2023:15:39:51 -0500] "GET /sipse/faces/javax.faces.resource/layout/layout.js?ln=primefaces&v=4.0 HTTP/1.1" 304 -
201.245.192.253 - - [19/Nov/2023:15:40:29 -0500] "POST /kwsrmcab/Wsrmcab HTTP/1.1" 200 40683
201.245.192.253 - - [19/Nov/2023:15:40:33 -0500] "POST /kwsrmcab/Wsrmcab HTTP/1.1" 200 42113
201.245.192.253 - - [19/Nov/2023:15:40:49 -0500] "POST /kwsrmcab/Wsrmcab  HTTP/1.1" 200 40861
172.22.2.4 - - [19/Nov/2023:15:39:13 -0500] "HEAD /BLA/boletinlegal/ HTTP/1.1" 200 -
201.245.192.253 - - [19/Nov/2023:15:41:08 -0500] "POST /sipse/faces/presentacion/proyectos/proyecto/presupuesto/presupuestoEntreActividades/seleccionarActividadesOrigen.xhtml HTTP/1.1" 200 1860
201.245.192.253 - - [19/Nov/2023:15:41:27 -0500] "POST /sipse/faces/presentacion/proyectos/proyecto/presupuesto/presupuestoEntreActividades/seleccionarActividadesOrigen.xhtml HTTP/1.1" 200 88926
201.245.192.253 - - [19/Nov/2023:15:41:27 -0500] "GET /sipse/faces/javax.faces.resource/jquery/jquery.js?ln=primefaces&v=4.0 HTTP/1.1" 304 -
201.245.192.253 - - [19/Nov/2023:15:41:27 -0500] "GET /sipse/faces/javax.faces.resource/jquery/jquery-plugins.js?ln=primefaces&v=4.0 HTTP/1.1" 304 -
201.245.192.253 - - [19/Nov/2023:15:41:27 -0500] "GET /sipse/faces/javax.faces.resource/primefaces.js?ln=primefaces&v=4.0 HTTP/1.1" 304 -
201.245.192.253 - - [19/Nov/2023:15:41:27 -0500] "GET /sipse/faces/javax.faces.resource/layout/layout.js?ln=primefaces&v=4.0 HTTP/1.1" 304 -
172.22.2.4 - - [19/Nov/2023:15:40:04 -0500] "GET /BLA/boletinlegal/ HTTP/1.1" 200 53356
201.245.192.253 - - [19/Nov/2023:15:41:55 -0500] "POST /sipse/faces/presentacion/proyectos/proyecto/presupuesto/presupuestoEntreActividades/seleccionarActividadesDestino.xhtml HTTP/1.1" 200 39342
201.245.192.253 - - [19/Nov/2023:15:41:55 -0500] "GET /sipse/faces/javax.faces.resource/jquery/jquery.js?ln=primefaces&v=4.0 HTTP/1.1" 304 -
201.245.192.253 - - [19/Nov/2023:15:41:55 -0500] "GET /sipse/faces/javax.faces.resource/jquery/jquery-plugins.js?ln=primefaces&v=4.0 HTTP/1.1" 304 -
201.245.192.253 - - [19/Nov/2023:15:41:55 -0500] "GET /sipse/faces/javax.faces.resource/primefaces.js?ln=primefaces&v=4.0 HTTP/1.1" 304 -
201.245.192.253 - - [19/Nov/2023:15:41:55 -0500] "GET /sipse/faces/javax.faces.resource/layout/layout.js?ln=primefaces&v=4.0 HTTP/1.1" 304 -
216.245.221.92 - - [19/Nov/2023:15:41:58 -0500] "HEAD / HTTP/1.1" 200 -
201.245.192.253 - - [19/Nov/2023:15:42:27 -0500] "POST /sipse/faces/presentacion/proyectos/proyecto/presupuesto/presupuestoEntreActividades/resumen.xhtml HTTP/1.1" 200 2329
201.245.192.253 - - [19/Nov/2023:15:42:31 -0500] "POST /sipse/faces/presentacion/proyectos/proyecto/presupuesto/presupuestoEntreActividades/resumen.xhtml HTTP/1.1" 200 2532
201.245.192.253 - - [19/Nov/2023:15:42:31 -0500] "POST /sipse/faces/presentacion/proyectos/proyecto/presupuesto/presupuestoEntreActividades/resumen.xhtml HTTP/1.1" 200 2532
201.245.192.253 - - [19/Nov/2023:15:42:37 -0500] "POST /sipse/faces/presentacion/proyectos/proyecto/presupuesto/presupuestoEntreActividades/resumen.xhtml HTTP/1.1" 200 3060
201.245.192.253 - - [19/Nov/2023:15:42:37 -0500] "POST /sipse/faces/presentacion/proyectos/proyecto/presupuesto/presupuestoEntreActividades/resumen.xhtml HTTP/1.1" 200 2532
201.245.192.253 - - [19/Nov/2023:15:42:38 -0500] "POST /sipse/faces/presentacion/proyectos/proyecto/presupuesto/presupuestoEntreActividades/resumen.xhtml HTTP/1.1" 200 2532
201.245.192.253 - - [19/Nov/2023:15:43:02 -0500] "POST /sipse/faces/presentacion/proyectos/proyecto/presupuesto/presupuestoEntreActividades/resumen.xhtml HTTP/1.1" 200 66846
201.245.192.253 - - [19/Nov/2023:15:43:03 -0500] "GET /sipse/faces/javax.faces.resource/jquery/jquery.js?ln=primefaces&v=4.0 HTTP/1.1" 304 -
201.245.192.253 - - [19/Nov/2023:15:43:03 -0500] "GET /sipse/faces/javax.faces.resource/jquery/jquery-plugins.js?ln=primefaces&v=4.0 HTTP/1.1" 304 -
201.245.192.253 - - [19/Nov/2023:15:43:03 -0500] "GET /sipse/faces/javax.faces.resource/primefaces.js?ln=primefaces&v=4.0 HTTP/1.1" 304 -
201.245.192.253 - - [19/Nov/2023:15:43:03 -0500] "GET /sipse/faces/javax.faces.resource/layout/layout.js?ln=primefaces&v=4.0 HTTP/1.1" 304 -
201.245.192.253 - - [19/Nov/2023:15:43:03 -0500] "GET /sipse/faces/javax.faces.resource/messages/messages.png?ln=primefaces&v=4.0 HTTP/1.1" 304 -
201.245.192.253 - - [19/Nov/2023:15:43:03 -0500] "POST /sipse/faces/presentacion/proyectos/proyecto/proyecto.xhtml HTTP/1.1" 200 3405
201.245.192.253 - - [19/Nov/2023:15:43:06 -0500] "POST /sipse/faces/presentacion/proyectos/proyecto/proyecto.xhtml HTTP/1.1" 200 44491
201.245.192.253 - - [19/Nov/2023:15:43:08 -0500] "POST /sipse/faces/presentacion/proyectos/proyecto/proyecto.xhtml HTTP/1.1" 200 3989
201.245.192.253 - - [19/Nov/2023:15:43:10 -0500] "POST /sipse/faces/presentacion/proyectos/proyecto/proyecto.xhtml HTTP/1.1" 200 13622
201.245.192.253 - - [19/Nov/2023:15:45:48 -0500] "POST /kwsrmcab/Wsrmcab  HTTP/1.1" 200 40861
172.22.2.4 - - [19/Nov/2023:15:45:04 -0500] "HEAD /BLA/boletinlegal/ HTTP/1.1" 200 -
216.245.221.92 - - [19/Nov/2023:15:46:58 -0500] "HEAD / HTTP/1.1" 200 -
172.22.2.4 - - [19/Nov/2023:15:45:54 -0500] "GET /BLA/boletinlegal/ HTTP/1.1" 200 59007
99.169.155.39 - - [19/Nov/2023:15:48:18 -0500] "GET /camaras-trampa-de-la-secretaria-de-ambiente-registran-fauna-en-cerros-orientales-en-areas-donde-tenemos-acuerdos-de-conservacion.html HTTP/1.1" 200 982
52.167.144.180 - - [19/Nov/2023:15:49:40 -0500] "GET /BLA/resoluciones/RESOLUCIONES%202022/3337.pdf HTTP/1.1" 304 -
201.245.192.253 - - [19/Nov/2023:15:50:46 -0500] "POST /kwsrmcab/Wsrmcab  HTTP/1.1" 200 40861
66.249.66.193 - - [19/Nov/2023:15:51:08 -0500] "GET /presentamos-las-nuevas-herramientas-de-la-secretaria-de-ambiente-para-analizar-y-monitorear-los-rios-de-bogota.html HTTP/1.1" 200 905
17.241.75.164 - - [19/Nov/2023:15:51:39 -0500] "GET /secretaria-de-ambiente-suspende-actividades-de-industria-que-operaba-en-usme-sin-permisos-ambientales.html HTTP/1.1" 200 864
123.125.109.32 - - [19/Nov/2023:15:51:49 -0500] "GET / HTTP/1.1" 200 319
216.245.221.92 - - [19/Nov/2023:15:51:58 -0500] "HEAD / HTTP/1.1" 200 -
173.252.87.8 - - [19/Nov/2023:15:52:26 -0500] "GET /images/simulacro.jpg HTTP/1.1" 200 70588
172.22.2.4 - - [19/Nov/2023:15:50:54 -0500] "HEAD /BLA/boletinlegal/ HTTP/1.1" 200 -
172.22.2.4 - - [19/Nov/2023:15:51:45 -0500] "GET /BLA/boletinlegal/ HTTP/1.1" 200 60634
201.245.192.253 - - [19/Nov/2023:15:55:45 -0500] "POST /kwsrmcab/Wsrmcab  HTTP/1.1" 200 40861
172.22.2.4 - - [19/Nov/2023:15:56:37 -0500] "GET /BLA/boletinlegal/actos.php HTTP/1.1" 200 9682
172.22.2.4 - - [19/Nov/2023:15:56:37 -0500] "GET /BLA/boletinlegal/styles2.css HTTP/1.1" 200 1838
172.22.2.4 - - [19/Nov/2023:15:56:37 -0500] "GET /BLA/boletinlegal/js/ajax_actos.js HTTP/1.1" 200 1322
172.22.2.4 - - [19/Nov/2023:15:56:37 -0500] "GET /BLA/boletinlegal/niceforms-default.css HTTP/1.1" 200 6694
172.22.2.4 - - [19/Nov/2023:15:56:37 -0500] "GET /BLA/boletinlegal/style.css HTTP/1.1" 200 9406
172.22.2.4 - - [19/Nov/2023:15:56:37 -0500] "GET /BLA/boletinlegal/niceforms.js HTTP/1.1" 200 22876
172.22.2.4 - - [19/Nov/2023:15:56:37 -0500] "GET /BLA/boletinlegal/js/popup.js HTTP/1.1" 200 1270
172.22.2.4 - - [19/Nov/2023:15:56:37 -0500] "GET /BLA/boletinlegal/js/lib.js HTTP/1.1" 200 6474
172.22.2.4 - - [19/Nov/2023:15:56:37 -0500] "GET /BLA/boletinlegal/js/jquery1.js HTTP/1.1" 200 29846
172.22.2.4 - - [19/Nov/2023:15:56:37 -0500] "GET /BLA/boletinlegal/images/cabezote%20BLEGAL.jpg HTTP/1.1" 200 118164
172.22.2.4 - - [19/Nov/2023:15:56:37 -0500] "GET /BLA/boletinlegal/images/subscribe-icon-big.png HTTP/1.1" 200 47702
172.22.2.4 - - [19/Nov/2023:15:56:37 -0500] "GET /BLA/boletinlegal/images/historia.png HTTP/1.1" 200 52775
172.22.2.4 - - [19/Nov/2023:15:56:37 -0500] "GET /BLA/boletinlegal/images/registro-usuarios.png HTTP/1.1" 200 8106
172.22.2.4 - - [19/Nov/2023:15:56:37 -0500] "GET /BLA/boletinlegal/images/green-yellow-blue-pink-th.png HTTP/1.1" 200 7394
172.22.2.4 - - [19/Nov/2023:15:56:37 -0500] "GET /BLA/boletinlegal/images/tel.png HTTP/1.1" 200 14477
172.22.2.4 - - [19/Nov/2023:15:56:37 -0500] "GET /BLA/boletinlegal/images/menu_bg.jpg HTTP/1.1" 200 620
172.22.2.4 - - [19/Nov/2023:15:56:37 -0500] "GET /BLA/boletinlegal/images/body_bg.jpg HTTP/1.1" 200 1601
172.22.2.4 - - [19/Nov/2023:15:56:37 -0500] "GET /BLA/boletinlegal/images/menu_rght.gif HTTP/1.1" 200 1627
172.22.2.4 - - [19/Nov/2023:15:56:37 -0500] "GET /BLA/boletinlegal/images/hover.jpg HTTP/1.1" 200 640
172.22.2.4 - - [19/Nov/2023:15:56:37 -0500] "GET /BLA/boletinlegal/images/footer_bg.jpg HTTP/1.1" 200 586
172.22.2.4 - - [19/Nov/2023:15:56:37 -0500] "GET /BLA/boletinlegal/images/bg_top.jpg HTTP/1.1" 200 522
172.22.2.4 - - [19/Nov/2023:15:56:37 -0500] "GET /BLA/boletinlegal/images/menu_lft.gif HTTP/1.1" 200 1713
172.22.2.4 - - [19/Nov/2023:15:56:37 -0500] "GET /BLA/boletinlegal/images/text.jpg HTTP/1.1" 200 568
172.22.2.4 - - [19/Nov/2023:15:56:38 -0500] "GET /BLA/boletinlegal/images/icono-email.png HTTP/1.1" 200 5544
172.22.2.4 - - [19/Nov/2023:15:56:38 -0500] "GET /BLA/boletinlegal/images/footer_bg_l.jpg HTTP/1.1" 200 776
172.22.2.4 - - [19/Nov/2023:15:56:38 -0500] "GET /BLA/boletinlegal/img/0.png HTTP/1.1" 200 110
172.22.2.4 - - [19/Nov/2023:15:56:38 -0500] "GET /BLA/boletinlegal/img/select-right.png HTTP/1.1" 200 44019
172.22.2.4 - - [19/Nov/2023:15:56:38 -0500] "GET /BLA/boletinlegal/img/button-left.png HTTP/1.1" 200 57071
172.22.2.4 - - [19/Nov/2023:15:56:38 -0500] "GET /BLA/boletinlegal/img/select-left.png HTTP/1.1" 200 263
172.22.2.4 - - [19/Nov/2023:15:56:38 -0500] "GET /BLA/boletinlegal/img/button.png HTTP/1.1" 200 43241
172.22.2.4 - - [19/Nov/2023:15:56:38 -0500] "GET /BLA/boletinlegal/img/button-right.png HTTP/1.1" 200 57878
172.22.2.4 - - [19/Nov/2023:15:56:38 -0500] "GET /BLA/boletinlegal/favicon.ico HTTP/1.1" 404 1326
172.22.2.4 - - [19/Nov/2023:15:56:43 -0500] "GET /BLA/boletinlegal/consulta_actos.php?tipo=autos&no=&usuario=&sector=&fecha=2023&resuelve= HTTP/1.1" 200 1188926
172.22.2.4 - - [19/Nov/2023:15:56:44 -0500] "GET /BLA/boletinlegal/images/pdf.gif HTTP/1.1" 200 567
172.22.2.4 - - [19/Nov/2023:15:56:44 -0500] "GET /BLA/boletinlegal/images/background.gif HTTP/1.1" 200 -
191.102.197.211 - - [19/Nov/2023:15:56:54 -0500] "GET /BLA/resoluciones/AUTOS%202023/7545.pdf HTTP/1.1" 200 415528
191.102.197.211 - - [19/Nov/2023:15:56:54 -0500] "GET /favicon.ico HTTP/1.1" 200 7782
216.245.221.92 - - [19/Nov/2023:15:56:58 -0500] "HEAD / HTTP/1.1" 200 -
40.77.167.68 - - [19/Nov/2023:15:57:04 -0500] "GET /images/chulo-o-gallinazo-optimized.jpg HTTP/1.1" 200 60427
191.102.197.211 - - [19/Nov/2023:15:57:07 -0500] "GET /BLA/resoluciones/AUTOS%202023/6111.pdf HTTP/1.1" 200 489377
191.102.197.211 - - [19/Nov/2023:15:57:10 -0500] "GET /BLA/resoluciones/AUTOS%202023/5990.pdf HTTP/1.1" 200 397971
191.102.224.198 - - [19/Nov/2023:15:57:11 -0500] "GET /BLA/resoluciones/AUTOS%202023/5990.pdf HTTP/1.1" 200 397971
191.102.197.211 - - [19/Nov/2023:15:57:14 -0500] "GET /BLA/resoluciones/AUTOS%202023/5960.pdf HTTP/1.1" 200 443834
191.102.197.211 - - [19/Nov/2023:15:57:17 -0500] "GET /BLA/resoluciones/AUTOS%202023/5948.pdf HTTP/1.1" 200 423523
191.102.197.211 - - [19/Nov/2023:15:57:20 -0500] "GET /BLA/resoluciones/AUTOS%202023/5924.pdf HTTP/1.1" 200 978563
191.102.197.211 - - [19/Nov/2023:15:57:27 -0500] "GET /BLA/resoluciones/AUTOS%202023/5807.pdf HTTP/1.1" 200 388911
172.22.2.4 - - [19/Nov/2023:15:56:44 -0500] "HEAD /BLA/boletinlegal/ HTTP/1.1" 200 -
172.22.2.4 - - [19/Nov/2023:15:57:35 -0500] "GET /BLA/boletinlegal/ HTTP/1.1" 200 58644
201.245.192.253 - - [19/Nov/2023:16:00:44 -0500] "POST /kwsrmcab/Wsrmcab  HTTP/1.1" 200 40861
40.77.167.68 - - [19/Nov/2023:16:01:04 -0500] "GET /consulta-y-conoce-los-proyectos-de-resolucion-de-para-los-planes-de-manejo-ambiental-de-cinco-humedales-en-bogota.html HTTP/1.1" 200 971
216.245.221.92 - - [19/Nov/2023:16:01:58 -0500] "HEAD / HTTP/1.1" 200 -
52.167.144.236 - - [19/Nov/2023:16:03:48 -0500] "GET /BLA/resoluciones/RESOLUCIONES%202021/0890.pdf HTTP/1.1" 200 498349
172.22.2.4 - - [19/Nov/2023:16:02:34 -0500] "HEAD /BLA/boletinlegal/ HTTP/1.1" 200 -
172.22.2.4 - - [19/Nov/2023:16:02:59 -0500] "GET /BLA/boletinlegal/ HTTP/1.1" 200 40907
172.22.2.4 - - [19/Nov/2023:16:03:25 -0500] "GET /BLA/boletinlegal/ HTTP/1.1" 200 55803
201.245.192.253 - - [19/Nov/2023:16:05:43 -0500] "POST /kwsrmcab/Wsrmcab  HTTP/1.1" 200 40861
216.245.221.92 - - [19/Nov/2023:16:06:58 -0500] "HEAD / HTTP/1.1" 200 -
172.22.2.4 - - [19/Nov/2023:16:08:24 -0500] "HEAD /BLA/boletinlegal/ HTTP/1.1" 200 -
173.252.127.23 - - [19/Nov/2023:16:10:39 -0500] "GET /cuando-un-humedal-es-tu-oficina-la-labor-de-los-administradores-de-estos-ecosistemas.html HTTP/1.1" 200 957
201.245.192.253 - - [19/Nov/2023:16:10:42 -0500] "POST /kwsrmcab/Wsrmcab  HTTP/1.1" 200 40861
172.22.2.4 - - [19/Nov/2023:16:09:15 -0500] "GET /BLA/boletinlegal/ HTTP/1.1" 200 54105
216.245.221.92 - - [19/Nov/2023:16:11:58 -0500] "HEAD / HTTP/1.1" 200 -
172.22.2.4 - - [19/Nov/2023:16:12:12 -0500] "GET /BLA/boletinlegal/actos.php HTTP/1.1" 200 9682
172.22.2.4 - - [19/Nov/2023:16:12:12 -0500] "GET /BLA/boletinlegal/styles2.css HTTP/1.1" 200 1838
172.22.2.4 - - [19/Nov/2023:16:12:12 -0500] "GET /BLA/boletinlegal/js/ajax_actos.js HTTP/1.1" 200 1322
172.22.2.4 - - [19/Nov/2023:16:12:13 -0500] "GET /BLA/boletinlegal/niceforms.js HTTP/1.1" 200 22876
172.22.2.4 - - [19/Nov/2023:16:12:13 -0500] "GET /BLA/boletinlegal/niceforms-default.css HTTP/1.1" 200 6694
172.22.2.4 - - [19/Nov/2023:16:12:13 -0500] "GET /BLA/boletinlegal/style.css HTTP/1.1" 200 9406
172.22.2.4 - - [19/Nov/2023:16:12:13 -0500] "GET /BLA/boletinlegal/js/popup.js HTTP/1.1" 200 1270
172.22.2.4 - - [19/Nov/2023:16:12:13 -0500] "GET /BLA/boletinlegal/js/lib.js HTTP/1.1" 200 6474
172.22.2.4 - - [19/Nov/2023:16:12:13 -0500] "GET /BLA/boletinlegal/js/jquery1.js HTTP/1.1" 200 29846
172.22.2.4 - - [19/Nov/2023:16:12:13 -0500] "GET /BLA/boletinlegal/images/cabezote%20BLEGAL.jpg HTTP/1.1" 200 118164
172.22.2.4 - - [19/Nov/2023:16:12:13 -0500] "GET /BLA/boletinlegal/images/subscribe-icon-big.png HTTP/1.1" 200 47702
172.22.2.4 - - [19/Nov/2023:16:12:13 -0500] "GET /BLA/boletinlegal/images/historia.png HTTP/1.1" 200 52775
172.22.2.4 - - [19/Nov/2023:16:12:13 -0500] "GET /BLA/boletinlegal/images/body_bg.jpg HTTP/1.1" 200 1601
172.22.2.4 - - [19/Nov/2023:16:12:13 -0500] "GET /BLA/boletinlegal/images/footer_bg.jpg HTTP/1.1" 200 586
172.22.2.4 - - [19/Nov/2023:16:12:13 -0500] "GET /BLA/boletinlegal/images/menu_lft.gif HTTP/1.1" 200 1713
172.22.2.4 - - [19/Nov/2023:16:12:13 -0500] "GET /BLA/boletinlegal/images/menu_rght.gif HTTP/1.1" 200 1627
172.22.2.4 - - [19/Nov/2023:16:12:13 -0500] "GET /BLA/boletinlegal/images/bg_top.jpg HTTP/1.1" 200 522
172.22.2.4 - - [19/Nov/2023:16:12:13 -0500] "GET /BLA/boletinlegal/images/menu_bg.jpg HTTP/1.1" 200 620
172.22.2.4 - - [19/Nov/2023:16:12:13 -0500] "GET /BLA/boletinlegal/images/text.jpg HTTP/1.1" 200 568
172.22.2.4 - - [19/Nov/2023:16:12:13 -0500] "GET /BLA/boletinlegal/images/hover.jpg HTTP/1.1" 200 640
172.22.2.4 - - [19/Nov/2023:16:12:13 -0500] "GET /BLA/boletinlegal/images/registro-usuarios.png HTTP/1.1" 200 8106
172.22.2.4 - - [19/Nov/2023:16:12:13 -0500] "GET /BLA/boletinlegal/images/green-yellow-blue-pink-th.png HTTP/1.1" 200 7394
172.22.2.4 - - [19/Nov/2023:16:12:13 -0500] "GET /BLA/boletinlegal/images/tel.png HTTP/1.1" 200 14477
172.22.2.4 - - [19/Nov/2023:16:12:13 -0500] "GET /BLA/boletinlegal/images/icono-email.png HTTP/1.1" 200 5544
172.22.2.4 - - [19/Nov/2023:16:12:13 -0500] "GET /BLA/boletinlegal/images/footer_bg_l.jpg HTTP/1.1" 200 776
172.22.2.4 - - [19/Nov/2023:16:12:13 -0500] "GET /BLA/boletinlegal/img/0.png HTTP/1.1" 200 110
172.22.2.4 - - [19/Nov/2023:16:12:13 -0500] "GET /BLA/boletinlegal/img/select-left.png HTTP/1.1" 200 263
172.22.2.4 - - [19/Nov/2023:16:12:13 -0500] "GET /BLA/boletinlegal/img/select-right.png HTTP/1.1" 200 44019
172.22.2.4 - - [19/Nov/2023:16:12:13 -0500] "GET /BLA/boletinlegal/favicon.ico HTTP/1.1" 404 1326
172.22.2.4 - - [19/Nov/2023:16:12:13 -0500] "GET /BLA/boletinlegal/img/button-left.png HTTP/1.1" 200 57071
172.22.2.4 - - [19/Nov/2023:16:12:13 -0500] "GET /BLA/boletinlegal/img/button.png HTTP/1.1" 200 43241
172.22.2.4 - - [19/Nov/2023:16:12:13 -0500] "GET /BLA/boletinlegal/img/button-right.png HTTP/1.1" 200 57878
201.245.192.253 - - [19/Nov/2023:16:15:42 -0500] "POST /kwsrmcab/Wsrmcab  HTTP/1.1" 200 40861
172.22.2.4 - - [19/Nov/2023:16:14:14 -0500] "HEAD /BLA/boletinlegal/ HTTP/1.1" 200 -
172.22.2.4 - - [19/Nov/2023:16:16:25 -0500] "GET /BLA/boletinlegal/actos.php HTTP/1.1" 200 9682
172.22.2.4 - - [19/Nov/2023:16:16:25 -0500] "GET /BLA/boletinlegal/styles2.css HTTP/1.1" 200 1838
172.22.2.4 - - [19/Nov/2023:16:16:25 -0500] "GET /BLA/boletinlegal/js/ajax_actos.js HTTP/1.1" 200 1322
172.22.2.4 - - [19/Nov/2023:16:16:25 -0500] "GET /BLA/boletinlegal/niceforms.js HTTP/1.1" 200 22876
172.22.2.4 - - [19/Nov/2023:16:16:25 -0500] "GET /BLA/boletinlegal/niceforms-default.css HTTP/1.1" 200 6694
172.22.2.4 - - [19/Nov/2023:16:16:25 -0500] "GET /BLA/boletinlegal/style.css HTTP/1.1" 200 9406
172.22.2.4 - - [19/Nov/2023:16:16:25 -0500] "GET /BLA/boletinlegal/js/lib.js HTTP/1.1" 200 6474
172.22.2.4 - - [19/Nov/2023:16:16:25 -0500] "GET /BLA/boletinlegal/js/popup.js HTTP/1.1" 200 1270
172.22.2.4 - - [19/Nov/2023:16:16:25 -0500] "GET /BLA/boletinlegal/js/jquery1.js HTTP/1.1" 200 29846
172.22.2.4 - - [19/Nov/2023:16:16:25 -0500] "GET /BLA/boletinlegal/images/cabezote%20BLEGAL.jpg HTTP/1.1" 200 118164
172.22.2.4 - - [19/Nov/2023:16:16:25 -0500] "GET /BLA/boletinlegal/images/subscribe-icon-big.png HTTP/1.1" 200 47702
172.22.2.4 - - [19/Nov/2023:16:16:25 -0500] "GET /BLA/boletinlegal/images/historia.png HTTP/1.1" 200 52775
172.22.2.4 - - [19/Nov/2023:16:16:25 -0500] "GET /BLA/boletinlegal/images/registro-usuarios.png HTTP/1.1" 200 8106
172.22.2.4 - - [19/Nov/2023:16:16:25 -0500] "GET /BLA/boletinlegal/images/green-yellow-blue-pink-th.png HTTP/1.1" 200 7394
172.22.2.4 - - [19/Nov/2023:16:16:25 -0500] "GET /BLA/boletinlegal/images/tel.png HTTP/1.1" 200 14477
172.22.2.4 - - [19/Nov/2023:16:16:25 -0500] "GET /BLA/boletinlegal/images/icono-email.png HTTP/1.1" 200 5544
172.22.2.4 - - [19/Nov/2023:16:16:25 -0500] "GET /BLA/boletinlegal/images/body_bg.jpg HTTP/1.1" 200 1601
172.22.2.4 - - [19/Nov/2023:16:16:25 -0500] "GET /BLA/boletinlegal/images/bg_top.jpg HTTP/1.1" 200 522
172.22.2.4 - - [19/Nov/2023:16:16:25 -0500] "GET /BLA/boletinlegal/images/footer_bg.jpg HTTP/1.1" 200 586
172.22.2.4 - - [19/Nov/2023:16:16:25 -0500] "GET /BLA/boletinlegal/images/menu_lft.gif HTTP/1.1" 200 1713
172.22.2.4 - - [19/Nov/2023:16:16:25 -0500] "GET /BLA/boletinlegal/images/menu_rght.gif HTTP/1.1" 200 1627
172.22.2.4 - - [19/Nov/2023:16:16:25 -0500] "GET /BLA/boletinlegal/images/menu_bg.jpg HTTP/1.1" 200 620
172.22.2.4 - - [19/Nov/2023:16:16:25 -0500] "GET /BLA/boletinlegal/images/text.jpg HTTP/1.1" 200 568
172.22.2.4 - - [19/Nov/2023:16:16:25 -0500] "GET /BLA/boletinlegal/images/hover.jpg HTTP/1.1" 200 640
172.22.2.4 - - [19/Nov/2023:16:16:25 -0500] "GET /BLA/boletinlegal/images/footer_bg_l.jpg HTTP/1.1" 200 776
172.22.2.4 - - [19/Nov/2023:16:16:26 -0500] "GET /BLA/boletinlegal/img/0.png HTTP/1.1" 200 110
172.22.2.4 - - [19/Nov/2023:16:16:26 -0500] "GET /BLA/boletinlegal/img/select-left.png HTTP/1.1" 200 263
172.22.2.4 - - [19/Nov/2023:16:16:26 -0500] "GET /BLA/boletinlegal/img/select-right.png HTTP/1.1" 200 44019
172.22.2.4 - - [19/Nov/2023:16:16:26 -0500] "GET /BLA/boletinlegal/img/button-left.png HTTP/1.1" 200 57071
172.22.2.4 - - [19/Nov/2023:16:16:26 -0500] "GET /BLA/boletinlegal/img/button.png HTTP/1.1" 200 43241
172.22.2.4 - - [19/Nov/2023:16:16:26 -0500] "GET /BLA/boletinlegal/img/button-right.png HTTP/1.1" 200 57878
172.22.2.4 - - [19/Nov/2023:16:15:05 -0500] "GET /BLA/boletinlegal/ HTTP/1.1" 200 60634
216.245.221.92 - - [19/Nov/2023:16:16:58 -0500] "HEAD / HTTP/1.1" 200 -
201.245.192.253 - - [19/Nov/2023:16:17:02 -0500] "POST /kwsrmcab/Wsrmcab HTTP/1.1" 200 40386
201.245.192.253 - - [19/Nov/2023:16:17:05 -0500] "POST /kwsrmcab/Wsrmcab HTTP/1.1" 200 42118
172.22.2.4 - - [19/Nov/2023:16:17:49 -0500] "GET /BLA/boletinlegal/ HTTP/1.1" 200 63167
172.22.2.4 - - [19/Nov/2023:16:19:37 -0500] "GET /BLA/boletinlegal/js/jquery.scrollShow.js HTTP/1.1" 200 4586
201.245.192.253 - - [19/Nov/2023:16:20:29 -0500] "POST /kwsrmcab/Wsrmcab HTTP/1.1" 200 40386
201.245.192.253 - - [19/Nov/2023:16:20:33 -0500] "POST /kwsrmcab/Wsrmcab HTTP/1.1" 200 42118
161.18.158.89 - - [19/Nov/2023:16:20:38 -0500] "GET /siipev/Diseno%20de%20Elementos%20de%20Mobiliario%20Urbano/Diseno%20pertenecientes%20al%20mobiliario%20urbano%20M10-M160/PARTE%20A/Dise%C3%B1o%20de%20Elementos%20M-131.pdf HTTP/1.1" 200 1348523
201.245.192.253 - - [19/Nov/2023:16:20:40 -0500] "POST /kwsrmcab/Wsrmcab  HTTP/1.1" 200 40861
161.18.158.89 - - [19/Nov/2023:16:20:50 -0500] "GET /siipev/Diseno%20de%20Elementos%20de%20Mobiliario%20Urbano/Diseno%20pertenecientes%20al%20mobiliario%20urbano%20M10-M160/PARTE%20A/Dise%C3%B1o%20de%20Elementos%20M-131.pdf HTTP/1.1" 206 1
161.18.158.89 - - [19/Nov/2023:16:20:50 -0500] "GET /siipev/Diseno%20de%20Elementos%20de%20Mobiliario%20Urbano/Diseno%20pertenecientes%20al%20mobiliario%20urbano%20M10-M160/PARTE%20A/Dise%C3%B1o%20de%20Elementos%20M-131.pdf HTTP/1.1" 206 1340229
161.18.158.89 - - [19/Nov/2023:16:20:59 -0500] "GET /siipev/Diseno%20de%20Elementos%20de%20Mobiliario%20Urbano/Diseno%20pertenecientes%20al%20mobiliario%20urbano%20M10-M160/PARTE%20A/Dise%C3%B1o%20de%20Elementos%20M-130.pdf HTTP/1.1" 200 1571005
161.18.158.89 - - [19/Nov/2023:16:21:17 -0500] "GET /siipev/Diseno%20de%20Elementos%20de%20Mobiliario%20Urbano/Otros%20Elementos/PARTE%20B/Dise%C3%B1o%20de%20Elementos%20M-130.pdf HTTP/1.1" 200 815593
161.18.158.89 - - [19/Nov/2023:16:21:27 -0500] "GET /siipev/Diseno%20de%20Elementos%20de%20Mobiliario%20Urbano/Diseno%20pertenecientes%20al%20mobiliario%20urbano%20M10-M160/PARTE%20A/Dise%C3%B1o%20de%20Elementos%20M-142.pdf HTTP/1.1" 200 2969432
172.22.2.4 - - [19/Nov/2023:16:20:48 -0500] "GET /BLA/boletinlegal/index.php?option=com_jresearch&controller=../../../../../../../../etc/passwd%00 HTTP/1.1" 200 24523
172.22.2.4 - - [19/Nov/2023:16:20:04 -0500] "HEAD /BLA/boletinlegal/ HTTP/1.1" 200 -
216.245.221.92 - - [19/Nov/2023:16:21:58 -0500] "HEAD / HTTP/1.1" 200 -
201.245.192.253 - - [19/Nov/2023:16:22:25 -0500] "POST /sipse/faces/presentacion/proyectos/proyecto/proyecto.xhtml HTTP/1.1" 200 83946
201.245.192.253 - - [19/Nov/2023:16:22:25 -0500] "GET /sipse/js/disable_browser_buttons.js HTTP/1.1" 304 -
201.245.192.253 - - [19/Nov/2023:16:22:25 -0500] "GET /sipse/js/jquery.min.js HTTP/1.1" 304 -
201.245.192.253 - - [19/Nov/2023:16:22:25 -0500] "GET /sipse/js/funciones.js HTTP/1.1" 304 -
201.245.192.253 - - [19/Nov/2023:16:22:25 -0500] "GET /sipse/faces/javax.faces.resource/jquery/jquery.js?ln=primefaces&v=4.0 HTTP/1.1" 304 -
201.245.192.253 - - [19/Nov/2023:16:22:25 -0500] "GET /sipse/faces/javax.faces.resource/jquery/jquery-plugins.js?ln=primefaces&v=4.0 HTTP/1.1" 304 -
201.245.192.253 - - [19/Nov/2023:16:22:25 -0500] "GET /sipse/faces/javax.faces.resource/primefaces.js?ln=primefaces&v=4.0 HTTP/1.1" 304 -
201.245.192.253 - - [19/Nov/2023:16:22:26 -0500] "GET /sipse/faces/javax.faces.resource/layout/layout.js?ln=primefaces&v=4.0 HTTP/1.1" 304 -
201.245.192.253 - - [19/Nov/2023:16:22:26 -0500] "GET /sipse/imagenes/cargando.gif HTTP/1.1" 304 -
201.245.192.253 - - [19/Nov/2023:16:22:26 -0500] "POST /sipse/faces/presentacion/proyectos/proyecto/listarProyecto.xhtml HTTP/1.1" 200 77376
201.245.192.253 - - [19/Nov/2023:16:22:26 -0500] "POST /sipse/faces/presentacion/proyectos/proyecto/listarProyecto.xhtml HTTP/1.1" 200 77376
201.245.192.253 - - [19/Nov/2023:16:22:26 -0500] "POST /sipse/faces/presentacion/proyectos/proyecto/listarProyecto.xhtml HTTP/1.1" 200 77376
201.245.192.253 - - [19/Nov/2023:16:22:26 -0500] "POST /sipse/faces/presentacion/proyectos/proyecto/listarProyecto.xhtml HTTP/1.1" 200 77376
172.22.2.4 - - [19/Nov/2023:16:20:55 -0500] "GET /BLA/boletinlegal/ HTTP/1.1" 200 53737
201.245.192.253 - - [19/Nov/2023:16:23:14 -0500] "POST /sipse/faces/presentacion/proyectos/proyecto/listarProyecto.xhtml HTTP/1.1" 200 77376
201.245.192.253 - - [19/Nov/2023:16:23:14 -0500] "POST /sipse/faces/presentacion/proyectos/proyecto/listarProyecto.xhtml HTTP/1.1" 200 77376
201.245.192.253 - - [19/Nov/2023:16:23:14 -0500] "POST /sipse/faces/presentacion/proyectos/proyecto/listarProyecto.xhtml HTTP/1.1" 200 77376
201.245.192.253 - - [19/Nov/2023:16:23:14 -0500] "POST /sipse/faces/presentacion/proyectos/proyecto/listarProyecto.xhtml HTTP/1.1" 200 77376
201.245.192.253 - - [19/Nov/2023:16:23:14 -0500] "POST /sipse/faces/presentacion/proyectos/proyecto/listarProyecto.xhtml HTTP/1.1" 200 77376
201.245.192.253 - - [19/Nov/2023:16:23:15 -0500] "POST /sipse/faces/presentacion/proyectos/proyecto/listarProyecto.xhtml HTTP/1.1" 200 77376
40.77.167.70 - - [19/Nov/2023:16:23:17 -0500] "GET /Publicaciones/2023EE225213.pdf HTTP/1.1" 404 228
201.245.192.253 - - [19/Nov/2023:16:23:21 -0500] "POST /sipse/faces/presentacion/proyectos/proyecto/listarProyecto.xhtml HTTP/1.1" 200 163
201.245.192.253 - - [19/Nov/2023:16:23:22 -0500] "GET /sipse/css/custom_css_sg.css HTTP/1.1" 304 -
201.245.192.253 - - [19/Nov/2023:16:23:22 -0500] "GET /sipse/faces/javax.faces.resource/theme.css?ln=primefaces-sipse HTTP/1.1" 304 -
201.245.192.253 - - [19/Nov/2023:16:23:22 -0500] "GET /sipse/css/custom_css_sg_prime.css HTTP/1.1" 304 -
201.245.192.253 - - [19/Nov/2023:16:23:22 -0500] "GET /sipse/faces/javax.faces.resource/primefaces.css?ln=primefaces&v=4.0 HTTP/1.1" 304 -
