!C99Shell v. 1.0 pre-release build #13!

Software: Apache. PHP/5.5.15 

uname -a: Windows NT SVR-DMZ 6.1 build 7600 (Windows Server 2008 R2 Enterprise Edition) i586 

SYSTEM 

Safe-mode: OFF (not secure)

E:\nuevo\apache\logs\   drwxrwxrwx
Free 7.33 GB of 239.26 GB (3.07%)
Detected drives: [ a ] [ c ] [ d ] [ e ] [ f ]
Home    Back    Forward    UPDIR    Refresh    Search    Buffer    Encoder    Tools    Proc.    FTP brute    Sec.    SQL    PHP-code    Update    Feedback    Self remove    Logout    


Viewing file:     access.2023.11.19.log (563.76 KB)      -rw-rw-rw-
Select action/file-type:
(+) | (+) | (+) | Code (+) | Session (+) | (+) | SDB (+) | (+) | (+) | (+) | (+) | (+) |
207.46.13.154 - - [19/Nov/2023:00:00:49 -0500] "GET /images/liberaci%C3%B3n%20gavilan%20aliancho.jpg HTTP/1.1" 404 1034
216.245.221.92 - - [19/Nov/2023:00:02:00 -0500] "HEAD / HTTP/1.1" 200 -
207.46.13.154 - - [19/Nov/2023:00:02:39 -0500] "GET /images/alcaldesa%20claudia-lopez-19-09-23.jpg HTTP/1.1" 200 36328
201.245.192.253 - - [19/Nov/2023:00:02:40 -0500] "POST /kwsrmcab/Wsrmcab  HTTP/1.1" 200 40861
40.77.167.78 - - [19/Nov/2023:00:02:59 -0500] "GET /Publicaciones/2023EE207827.pdf HTTP/1.1" 404 228
172.22.2.4 - - [19/Nov/2023:00:02:20 -0500] "HEAD /BLA/boletinlegal/ HTTP/1.1" 200 -
172.22.2.4 - - [19/Nov/2023:00:03:11 -0500] "GET /BLA/boletinlegal/ HTTP/1.1" 200 60634
216.245.221.92 - - [19/Nov/2023:00:07:00 -0500] "HEAD / HTTP/1.1" 200 -
201.245.192.253 - - [19/Nov/2023:00:07:39 -0500] "POST /kwsrmcab/Wsrmcab  HTTP/1.1" 200 40861
69.63.189.2 - - [19/Nov/2023:00:07:52 -0500] "GET /images/Zorro%20cangrejero.jpg HTTP/1.1" 200 40050
69.63.189.118 - - [19/Nov/2023:00:08:04 -0500] "GET /images/cuerpos%20de%20agua%20en%20humedales-19-10.jpg HTTP/1.1" 200 73528
172.22.2.4 - - [19/Nov/2023:00:08:05 -0500] "GET /BLA/boletinlegal/Circulares/2017/Circular%20No.%20011%20del%2005%20de%20julio%20de%202017.pdf HTTP/1.1" 304 -
172.22.2.4 - - [19/Nov/2023:00:08:11 -0500] "HEAD /BLA/boletinlegal/ HTTP/1.1" 200 -
172.22.2.4 - - [19/Nov/2023:00:09:01 -0500] "GET /BLA/boletinlegal/ HTTP/1.1" 200 60634
216.245.221.92 - - [19/Nov/2023:00:12:00 -0500] "HEAD / HTTP/1.1" 200 -
201.245.192.253 - - [19/Nov/2023:00:12:38 -0500] "POST /kwsrmcab/Wsrmcab  HTTP/1.1" 200 40861
172.22.2.4 - - [19/Nov/2023:00:14:00 -0500] "HEAD /BLA/boletinlegal/ HTTP/1.1" 200 -
207.46.13.14 - - [19/Nov/2023:00:15:42 -0500] "GET /BLA/resoluciones/RESOLUCIONES%202022/0206.pdf HTTP/1.1" 304 -
162.55.175.141 - - [19/Nov/2023:00:16:12 -0500] "GET / HTTP/1.1" 200 4720
162.55.175.141 - - [19/Nov/2023:00:16:12 -0500] "GET / HTTP/1.1" 200 319
172.22.2.4 - - [19/Nov/2023:00:14:51 -0500] "GET /BLA/boletinlegal/ HTTP/1.1" 200 58644
216.245.221.92 - - [19/Nov/2023:00:17:00 -0500] "HEAD / HTTP/1.1" 200 -
201.245.192.253 - - [19/Nov/2023:00:17:05 -0500] "POST /kwsrmcab/Wsrmcab HTTP/1.1" 200 40693
201.245.192.253 - - [19/Nov/2023:00:17:08 -0500] "POST /kwsrmcab/Wsrmcab HTTP/1.1" 200 41806
162.216.150.70 - - [19/Nov/2023:00:17:38 -0500] "GET / HTTP/1.1" 200 319
201.245.192.253 - - [19/Nov/2023:00:17:37 -0500] "POST /kwsrmcab/Wsrmcab  HTTP/1.1" 200 40861
172.22.2.4 - - [19/Nov/2023:00:17:58 -0500] "GET /BLA/boletinlegal/Circulares/2011/Circular%20No.%204%20del%2014%20de%20Julio%20de%202011.pdf HTTP/1.1" 200 399895
201.245.192.253 - - [19/Nov/2023:00:20:31 -0500] "POST /kwsrmcab/Wsrmcab HTTP/1.1" 200 40693
201.245.192.253 - - [19/Nov/2023:00:20:35 -0500] "POST /kwsrmcab/Wsrmcab HTTP/1.1" 200 41806
40.77.167.16 - - [19/Nov/2023:00:20:46 -0500] "GET /BLA/resoluciones/AUTOS%202023/5858.pdf HTTP/1.1" 200 426738
104.200.151.108 - - [19/Nov/2023:00:20:53 -0500] "GET / HTTP/1.1" 200 319
172.22.2.4 - - [19/Nov/2023:00:19:50 -0500] "HEAD /BLA/boletinlegal/ HTTP/1.1" 200 -
52.167.144.180 - - [19/Nov/2023:00:21:33 -0500] "GET /BLA/resoluciones/AUTOS%202023/6599.pdf HTTP/1.1" 200 424920
216.245.221.92 - - [19/Nov/2023:00:22:00 -0500] "HEAD / HTTP/1.1" 200 -
172.22.2.4 - - [19/Nov/2023:00:20:41 -0500] "GET /BLA/boletinlegal/ HTTP/1.1" 200 58294
201.245.192.253 - - [19/Nov/2023:00:22:36 -0500] "POST /kwsrmcab/Wsrmcab  HTTP/1.1" 200 40861
18.220.217.9 - - [19/Nov/2023:00:24:12 -0500] "GET /ai.txt?t=1700355870.35514 HTTP/1.1" 404 1035
18.220.217.9 - - [19/Nov/2023:00:24:12 -0500] "GET /.well-known/ai.txt?t=1700355870.35514 HTTP/1.1" 404 1035
216.245.221.92 - - [19/Nov/2023:00:27:00 -0500] "HEAD / HTTP/1.1" 200 -
201.245.192.253 - - [19/Nov/2023:00:27:05 -0500] "POST /kwsrmcab/Wsrmcab HTTP/1.1" 200 40693
201.245.192.253 - - [19/Nov/2023:00:27:09 -0500] "POST /kwsrmcab/Wsrmcab HTTP/1.1" 200 41806
172.22.2.4 - - [19/Nov/2023:00:25:40 -0500] "HEAD /BLA/boletinlegal/ HTTP/1.1" 200 -
201.245.192.253 - - [19/Nov/2023:00:27:35 -0500] "POST /kwsrmcab/Wsrmcab  HTTP/1.1" 200 40861
172.22.2.4 - - [19/Nov/2023:00:26:31 -0500] "GET /BLA/boletinlegal/ HTTP/1.1" 200 54105
66.249.73.67 - - [19/Nov/2023:00:29:02 -0500] "GET /semana-bogota-reverdece-135-nuevos-arboles-para-el-humedal-la-conejera.html HTTP/1.1" 304 -
89.190.156.174 - - [19/Nov/2023:00:29:37 -0500] "GET /cgi/conf.bin HTTP/1.1" 404 1182
201.245.192.253 - - [19/Nov/2023:00:30:32 -0500] "POST /kwsrmcab/Wsrmcab HTTP/1.1" 200 40693
201.245.192.253 - - [19/Nov/2023:00:30:35 -0500] "POST /kwsrmcab/Wsrmcab HTTP/1.1" 200 41806
216.245.221.92 - - [19/Nov/2023:00:32:00 -0500] "HEAD / HTTP/1.1" 200 -
201.245.192.253 - - [19/Nov/2023:00:32:34 -0500] "POST /kwsrmcab/Wsrmcab  HTTP/1.1" 200 40861
66.249.66.21 - - [19/Nov/2023:00:33:01 -0500] "GET /BLA/resoluciones/RESOLUCIONES%202009/1941.pdf HTTP/1.1" 200 468531
172.22.2.4 - - [19/Nov/2023:00:31:30 -0500] "HEAD /BLA/boletinlegal/ HTTP/1.1" 200 -
172.22.2.4 - - [19/Nov/2023:00:32:21 -0500] "GET /BLA/boletinlegal/ HTTP/1.1" 200 58644
216.245.221.92 - - [19/Nov/2023:00:37:00 -0500] "HEAD / HTTP/1.1" 200 -
201.245.192.253 - - [19/Nov/2023:00:37:05 -0500] "POST /kwsrmcab/Wsrmcab HTTP/1.1" 200 40693
201.245.192.253 - - [19/Nov/2023:00:37:08 -0500] "POST /kwsrmcab/Wsrmcab HTTP/1.1" 200 41806
201.245.192.253 - - [19/Nov/2023:00:37:34 -0500] "POST /kwsrmcab/Wsrmcab  HTTP/1.1" 200 40861
66.249.66.19 - - [19/Nov/2023:00:37:46 -0500] "GET /BLA/resoluciones/RESOLUCIONES%202010/6975.pdf HTTP/1.1" 200 378188
66.249.66.19 - - [19/Nov/2023:00:37:54 -0500] "GET /BLA/resoluciones/RESOLUCIONES%202009/0009.pdf HTTP/1.1" 200 214931
168.119.253.11 - - [19/Nov/2023:00:38:23 -0500] "GET / HTTP/1.1" 200 319
168.119.253.11 - - [19/Nov/2023:00:38:23 -0500] "GET / HTTP/1.1" 200 4720
172.22.2.4 - - [19/Nov/2023:00:37:20 -0500] "HEAD /BLA/boletinlegal/ HTTP/1.1" 200 -
40.94.27.82 - - [19/Nov/2023:00:39:45 -0500] "GET /camaras-trampa-de-la-secretaria-de-ambiente-registran-fauna-en-cerros-orientales-en-areas-donde-tenemos-acuerdos-de-conservacion.html HTTP/1.1" 200 982
172.22.2.4 - - [19/Nov/2023:00:38:11 -0500] "GET /BLA/boletinlegal/ HTTP/1.1" 200 59007
201.245.192.253 - - [19/Nov/2023:00:40:31 -0500] "POST /kwsrmcab/Wsrmcab HTTP/1.1" 200 40693
201.245.192.253 - - [19/Nov/2023:00:40:36 -0500] "POST /kwsrmcab/Wsrmcab HTTP/1.1" 200 41806
66.249.66.20 - - [19/Nov/2023:00:41:13 -0500] "GET /BLA/resoluciones/RESOLUCIONES%202019/3093.pdf HTTP/1.1" 200 292489
216.245.221.92 - - [19/Nov/2023:00:42:00 -0500] "HEAD / HTTP/1.1" 200 -
201.245.192.253 - - [19/Nov/2023:00:42:33 -0500] "POST /kwsrmcab/Wsrmcab  HTTP/1.1" 200 40861
66.249.66.20 - - [19/Nov/2023:00:44:04 -0500] "GET /BLA/resoluciones/RESOLUCIONES%202011/5576.pdf HTTP/1.1" 200 456847
172.22.2.4 - - [19/Nov/2023:00:44:13 -0500] "GET /BLA/boletinlegal/actos.php HTTP/1.1" 200 9682
172.22.2.4 - - [19/Nov/2023:00:43:10 -0500] "HEAD /BLA/boletinlegal/ HTTP/1.1" 200 -
172.22.2.4 - - [19/Nov/2023:00:44:02 -0500] "GET /BLA/boletinlegal/ HTTP/1.1" 200 58294
190.67.158.150 - - [19/Nov/2023:00:46:33 -0500] "GET /BLA/resoluciones/index.php?dir=AUTOS+2014%2F HTTP/1.1" 200 891177
190.67.158.150 - - [19/Nov/2023:00:46:35 -0500] "GET /BLA/resoluciones/dlf/unknown.png HTTP/1.1" 200 266
216.245.221.92 - - [19/Nov/2023:00:47:00 -0500] "HEAD / HTTP/1.1" 200 -
201.245.192.253 - - [19/Nov/2023:00:47:33 -0500] "POST /kwsrmcab/Wsrmcab  HTTP/1.1" 200 40861
66.249.66.20 - - [19/Nov/2023:00:49:49 -0500] "GET /BLA/resoluciones/Notificaciones/RESOLUCIONES%202022/5207.pdf HTTP/1.1" 200 3355367
66.249.66.21 - - [19/Nov/2023:00:49:54 -0500] "GET /BLA/resoluciones/Notificaciones/REGISTROS%202021/01932.pdf HTTP/1.1" 200 423316
66.249.65.203 - - [19/Nov/2023:00:50:02 -0500] "GET /portaldeninos/ HTTP/1.1" 200 110175
66.249.65.204 - - [19/Nov/2023:00:50:06 -0500] "GET /portaldeninos/wp-includes/js/wp-emoji-release.min.js?ver=4.9.8 HTTP/1.1" 200 12026
66.249.65.203 - - [19/Nov/2023:00:50:08 -0500] "GET /portaldeninos/wp-content/themes/betheme/css/responsive.css?ver=20.9.6 HTTP/1.1" 200 55740
66.249.65.204 - - [19/Nov/2023:00:50:09 -0500] "GET /portaldeninos/wp-content/plugins/popup-maker/assets/css/site.min.css?ver=1.8.14 HTTP/1.1" 200 8260
66.249.65.203 - - [19/Nov/2023:00:50:10 -0500] "GET /portaldeninos/wp-content/plugins/gallery-videos/CSS/Total-Soft-Gallery-Video-Widget.css?ver=4.9.8 HTTP/1.1" 200 51554
66.249.65.203 - - [19/Nov/2023:00:50:11 -0500] "GET /portaldeninos/wp-includes/js/jquery/ui/widget.min.js?ver=1.11.4 HTTP/1.1" 200 6908
66.249.65.203 - - [19/Nov/2023:00:50:12 -0500] "GET /portaldeninos/wp-includes/js/jquery/ui/position.min.js?ver=1.11.4 HTTP/1.1" 200 6527
66.249.65.203 - - [19/Nov/2023:00:50:13 -0500] "GET /portaldeninos/wp-content/plugins/popup-maker/assets/js/site.min.js?defer&ver=1.8.14 HTTP/1.1" 200 48457
172.22.2.4 - - [19/Nov/2023:00:49:00 -0500] "HEAD /BLA/boletinlegal/ HTTP/1.1" 200 -
172.22.2.4 - - [19/Nov/2023:00:49:51 -0500] "GET /BLA/boletinlegal/ HTTP/1.1" 200 58644
216.245.221.92 - - [19/Nov/2023:00:52:00 -0500] "HEAD / HTTP/1.1" 200 -
66.249.66.21 - - [19/Nov/2023:00:52:33 -0500] "GET /bla/resoluciones/resoluciones%202007/res%202007%204001%20al%204100/resolucion%204090%20de%202007.pdf HTTP/1.1" 304 -
201.245.192.253 - - [19/Nov/2023:00:52:32 -0500] "POST /kwsrmcab/Wsrmcab  HTTP/1.1" 200 40861
66.249.66.20 - - [19/Nov/2023:00:53:25 -0500] "GET /isolucionsda/FrameSetArticulo.asp?Pagina=/IsolucionSDA/BancoConocimiento/R/Resolucion5589del30deSeptiembrede2011/Resolucion5589del30deSeptiembrede2011.asp?IdArticulo=6573 HTTP/1.1" 200 527
66.249.66.21 - - [19/Nov/2023:00:55:03 -0500] "GET /BLA/resoluciones/Notificaciones/AUTOS%202022/6395.pdf HTTP/1.1" 200 538418
66.249.66.19 - - [19/Nov/2023:00:55:41 -0500] "GET /BLA/resoluciones/RESOLUCIONES%202009/3865.pdf HTTP/1.1" 200 1141662
52.167.144.186 - - [19/Nov/2023:00:56:17 -0500] "GET /BLA/resoluciones/index.php HTTP/1.1" 200 13696
172.22.2.4 - - [19/Nov/2023:00:54:50 -0500] "HEAD /BLA/boletinlegal/ HTTP/1.1" 200 -
216.245.221.92 - - [19/Nov/2023:00:57:00 -0500] "HEAD / HTTP/1.1" 200 -
172.22.2.4 - - [19/Nov/2023:00:55:41 -0500] "GET /BLA/boletinlegal/ HTTP/1.1" 200 52827
201.245.192.253 - - [19/Nov/2023:00:57:31 -0500] "POST /kwsrmcab/Wsrmcab  HTTP/1.1" 200 40861
184.94.240.88 - - [19/Nov/2023:00:58:16 -0500] "GET / HTTP/1.1" 200 319
66.249.66.21 - - [19/Nov/2023:00:58:52 -0500] "GET /portel_dama/libreria/php/2006/restauracion/22_proye/xtras_in/2a.pdf HTTP/1.1" 404 1018
66.249.66.20 - - [19/Nov/2023:00:59:33 -0500] "GET /BLA/resoluciones/RESOLUCIONES%202011/0185.pdf HTTP/1.1" 200 285634
52.167.144.186 - - [19/Nov/2023:01:01:24 -0500] "GET /Publicaciones/2023EE230853.pdf HTTP/1.1" 404 228
216.245.221.92 - - [19/Nov/2023:01:02:00 -0500] "HEAD / HTTP/1.1" 200 -
172.22.2.4 - - [19/Nov/2023:01:00:40 -0500] "HEAD /BLA/boletinlegal/ HTTP/1.1" 200 -
201.245.192.253 - - [19/Nov/2023:01:02:29 -0500] "POST /kwsrmcab/Wsrmcab  HTTP/1.1" 200 40861
66.249.66.20 - - [19/Nov/2023:01:03:00 -0500] "GET /resoluciones/RESOLUCIONES%202007/RES%202007%202801%20AL%202900/RESOLUCION%202834%20DE%202007.pdf HTTP/1.1" 404 1018
181.55.178.48 - - [19/Nov/2023:01:03:07 -0500] "GET /BLA/resoluciones/index.php?dir=AUTOS+2014%2F HTTP/1.1" 200 891177
172.22.2.4 - - [19/Nov/2023:01:01:31 -0500] "GET /BLA/boletinlegal/ HTTP/1.1" 200 58644
199.16.157.181 - - [19/Nov/2023:01:04:00 -0500] "GET /images/prendas-1_optimized.jpeg HTTP/1.1" 200 65869
66.249.66.21 - - [19/Nov/2023:01:04:21 -0500] "GET /resoluciones/RESOLUCIONES%202010/2554.pdf HTTP/1.1" 404 1018
66.249.66.21 - - [19/Nov/2023:01:05:45 -0500] "GET /sig/encuestas/Gestion%20Ambiental/Ficha%20tecnica%20encuesta%20de%20percepcion%20GAE.pdf HTTP/1.1" 404 1018
216.245.221.92 - - [19/Nov/2023:01:07:00 -0500] "HEAD / HTTP/1.1" 200 -
66.249.66.20 - - [19/Nov/2023:01:07:27 -0500] "GET /resoluciones/AUTOS%202007/2330.pdf HTTP/1.1" 404 1018
201.245.192.253 - - [19/Nov/2023:01:07:29 -0500] "POST /kwsrmcab/Wsrmcab  HTTP/1.1" 200 40861
172.22.2.4 - - [19/Nov/2023:01:06:30 -0500] "HEAD /BLA/boletinlegal/ HTTP/1.1" 200 -
172.22.2.4 - - [19/Nov/2023:01:07:21 -0500] "GET /BLA/boletinlegal/ HTTP/1.1" 200 55803
216.245.221.92 - - [19/Nov/2023:01:12:00 -0500] "HEAD / HTTP/1.1" 200 -
201.245.192.253 - - [19/Nov/2023:01:12:28 -0500] "POST /kwsrmcab/Wsrmcab  HTTP/1.1" 200 40861
66.249.66.19 - - [19/Nov/2023:01:13:16 -0500] "GET /BLA/resoluciones/Notificaciones/REGISTROS%202021/02008.pdf HTTP/1.1" 200 416369
172.22.2.4 - - [19/Nov/2023:01:12:20 -0500] "HEAD /BLA/boletinlegal/ HTTP/1.1" 200 -
66.249.73.68 - - [19/Nov/2023:01:14:02 -0500] "GET /semana-bogota-reverdece-135-nuevos-arboles-para-el-humedal-la-conejera.html HTTP/1.1" 304 -
66.249.65.192 - - [19/Nov/2023:01:14:03 -0500] "GET /portaldeninos/aulas-ambientales/ HTTP/1.1" 200 88416
172.22.2.4 - - [19/Nov/2023:01:13:11 -0500] "GET /BLA/boletinlegal/ HTTP/1.1" 200 56634
152.61.192.232 - - [19/Nov/2023:01:15:04 -0500] "GET / HTTP/1.1" 200 319
216.245.221.92 - - [19/Nov/2023:01:17:00 -0500] "HEAD / HTTP/1.1" 200 -
201.245.192.253 - - [19/Nov/2023:01:17:05 -0500] "POST /kwsrmcab/Wsrmcab HTTP/1.1" 200 40546
201.245.192.253 - - [19/Nov/2023:01:17:08 -0500] "POST /kwsrmcab/Wsrmcab HTTP/1.1" 200 41958
201.245.192.253 - - [19/Nov/2023:01:17:27 -0500] "POST /kwsrmcab/Wsrmcab  HTTP/1.1" 200 40861
66.249.66.21 - - [19/Nov/2023:01:18:00 -0500] "GET /BLA/resoluciones/RESOLUCIONES%202009/8855.pdf HTTP/1.1" 200 186459
207.46.13.116 - - [19/Nov/2023:01:18:18 -0500] "GET /portalsiaccapacitaciones/Listas%20de%20Asistencia%202015 HTTP/1.1" 301 287
172.22.2.4 - - [19/Nov/2023:01:18:10 -0500] "HEAD /BLA/boletinlegal/ HTTP/1.1" 200 -
66.249.65.203 - - [19/Nov/2023:01:20:02 -0500] "GET /portaldeninos/ HTTP/1.1" 200 110175
66.249.65.192 - - [19/Nov/2023:01:20:05 -0500] "GET /portaldeninos/wp-content/themes/betheme/css/layout.css?ver=20.9.6 HTTP/1.1" 200 116639
52.167.144.204 - - [19/Nov/2023:01:20:19 -0500] "GET /BLA/resoluciones/RESOLUCIONES%202021/0026.pdf HTTP/1.1" 200 600898
201.245.192.253 - - [19/Nov/2023:01:20:32 -0500] "POST /kwsrmcab/Wsrmcab HTTP/1.1" 200 40546
201.245.192.253 - - [19/Nov/2023:01:20:35 -0500] "POST /kwsrmcab/Wsrmcab HTTP/1.1" 200 41958
172.22.2.4 - - [19/Nov/2023:01:19:01 -0500] "GET /BLA/boletinlegal/ HTTP/1.1" 200 59007
216.245.221.92 - - [19/Nov/2023:01:22:00 -0500] "HEAD / HTTP/1.1" 200 -
201.245.192.253 - - [19/Nov/2023:01:22:25 -0500] "POST /kwsrmcab/Wsrmcab  HTTP/1.1" 200 40861
172.22.2.4 - - [19/Nov/2023:01:24:00 -0500] "HEAD /BLA/boletinlegal/ HTTP/1.1" 200 -
172.22.2.4 - - [19/Nov/2023:01:24:51 -0500] "GET /BLA/boletinlegal/ HTTP/1.1" 200 58294
152.61.128.50 - - [19/Nov/2023:01:26:57 -0500] "GET / HTTP/1.1" 200 319
216.245.221.92 - - [19/Nov/2023:01:27:00 -0500] "HEAD / HTTP/1.1" 200 -
201.245.192.253 - - [19/Nov/2023:01:27:04 -0500] "POST /kwsrmcab/Wsrmcab HTTP/1.1" 200 40546
201.245.192.253 - - [19/Nov/2023:01:27:07 -0500] "POST /kwsrmcab/Wsrmcab HTTP/1.1" 200 41958
201.245.192.253 - - [19/Nov/2023:01:27:25 -0500] "POST /kwsrmcab/Wsrmcab  HTTP/1.1" 200 40861
201.245.192.253 - - [19/Nov/2023:01:30:31 -0500] "POST /kwsrmcab/Wsrmcab HTTP/1.1" 200 40546
201.245.192.253 - - [19/Nov/2023:01:30:35 -0500] "POST /kwsrmcab/Wsrmcab HTTP/1.1" 200 41958
172.22.2.4 - - [19/Nov/2023:01:29:50 -0500] "HEAD /BLA/boletinlegal/ HTTP/1.1" 200 -
216.245.221.92 - - [19/Nov/2023:01:32:00 -0500] "HEAD / HTTP/1.1" 200 -
172.22.2.4 - - [19/Nov/2023:01:30:41 -0500] "GET /BLA/boletinlegal/ HTTP/1.1" 200 58644
201.245.192.253 - - [19/Nov/2023:01:32:24 -0500] "POST /kwsrmcab/Wsrmcab  HTTP/1.1" 200 40861
157.55.39.202 - - [19/Nov/2023:01:34:07 -0500] "GET /BLA/resoluciones/RESOLUCIONES%202022/2428.pdf HTTP/1.1" 200 463970
216.245.221.92 - - [19/Nov/2023:01:37:00 -0500] "HEAD / HTTP/1.1" 200 -
201.245.192.253 - - [19/Nov/2023:01:37:05 -0500] "POST /kwsrmcab/Wsrmcab HTTP/1.1" 200 40546
201.245.192.253 - - [19/Nov/2023:01:37:09 -0500] "POST /kwsrmcab/Wsrmcab HTTP/1.1" 200 41958
172.22.2.4 - - [19/Nov/2023:01:35:40 -0500] "HEAD /BLA/boletinlegal/ HTTP/1.1" 200 -
201.245.192.253 - - [19/Nov/2023:01:37:22 -0500] "POST /kwsrmcab/Wsrmcab  HTTP/1.1" 200 40861
172.22.2.4 - - [19/Nov/2023:01:36:31 -0500] "GET /BLA/boletinlegal/ HTTP/1.1" 200 58644
201.245.192.253 - - [19/Nov/2023:01:40:31 -0500] "POST /kwsrmcab/Wsrmcab HTTP/1.1" 200 40546
201.245.192.253 - - [19/Nov/2023:01:40:35 -0500] "POST /kwsrmcab/Wsrmcab HTTP/1.1" 200 41958
216.245.221.92 - - [19/Nov/2023:01:42:00 -0500] "HEAD / HTTP/1.1" 200 -
201.245.192.253 - - [19/Nov/2023:01:42:21 -0500] "POST /kwsrmcab/Wsrmcab  HTTP/1.1" 200 40861
172.22.2.4 - - [19/Nov/2023:01:41:30 -0500] "HEAD /BLA/boletinlegal/ HTTP/1.1" 200 -
172.22.2.4 - - [19/Nov/2023:01:42:21 -0500] "GET /BLA/boletinlegal/ HTTP/1.1" 200 60634
216.245.221.92 - - [19/Nov/2023:01:47:00 -0500] "HEAD / HTTP/1.1" 200 -
173.252.107.5 - - [19/Nov/2023:01:47:03 -0500] "GET /mujeres-secretaria-de-ambiente-abre-nueva-convocatoria-para-aprender-sobre-el-cuidado-de-los-humedales.html HTTP/1.1" 200 853
173.252.107.9 - - [19/Nov/2023:01:47:03 -0500] "GET /gran-mercado-campesino-en-bogota.html HTTP/1.1" 200 759
120.63.180.123 - - [19/Nov/2023:01:47:16 -0500] "POST /cgi-bin-igd/netcore_get.cgi? HTTP/1.1" 404 1153
201.245.192.253 - - [19/Nov/2023:01:47:20 -0500] "POST /kwsrmcab/Wsrmcab  HTTP/1.1" 200 40861
173.252.107.120 - - [19/Nov/2023:01:47:25 -0500] "GET /secretaria-de-ambiente-capacito-y-certifico-a-miembros-del-ejercito-nacional-en-temas-de-cuidado-y-proteccion-ambiental.html HTTP/1.1" 200 888
185.142.236.40 - - [19/Nov/2023:01:47:36 -0500] "GET / HTTP/1.1" 200 319
185.142.236.40 - - [19/Nov/2023:01:47:38 -0500] "GET /robots.txt HTTP/1.1" 404 1018
185.142.236.40 - - [19/Nov/2023:01:47:38 -0500] "GET /sitemap.xml HTTP/1.1" 404 1018
185.142.236.40 - - [19/Nov/2023:01:47:40 -0500] "GET /.well-known/security.txt HTTP/1.1" 404 1018
185.142.236.40 - - [19/Nov/2023:01:47:41 -0500] "GET /favicon.ico HTTP/1.1" 200 7782
172.22.2.4 - - [19/Nov/2023:01:47:20 -0500] "HEAD /BLA/boletinlegal/ HTTP/1.1" 200 -
172.22.2.4 - - [19/Nov/2023:01:48:11 -0500] "GET /BLA/boletinlegal/ HTTP/1.1" 200 58644
66.249.65.203 - - [19/Nov/2023:01:50:02 -0500] "GET /portaldeninos/ HTTP/1.1" 200 110175
66.249.65.203 - - [19/Nov/2023:01:50:05 -0500] "GET /portaldeninos/wp-content/themes/betheme/assets/jplayer/css/jplayer.blue.monday.css?ver=20.9.6 HTTP/1.1" 200 9834
66.249.65.204 - - [19/Nov/2023:01:50:06 -0500] "GET /portaldeninos/wp-includes/js/wp-emoji-release.min.js?ver=4.9.8 HTTP/1.1" 200 12026
66.249.65.203 - - [19/Nov/2023:01:50:07 -0500] "GET /portaldeninos/wp-content/plugins/popup-maker/assets/css/site.min.css?ver=1.8.14 HTTP/1.1" 200 8260
66.249.65.204 - - [19/Nov/2023:01:50:08 -0500] "GET /portaldeninos/wp-includes/js/jquery/ui/position.min.js?ver=1.11.4 HTTP/1.1" 200 6527
66.249.65.204 - - [19/Nov/2023:01:50:09 -0500] "GET /portaldeninos/wp-content/plugins/popup-maker/assets/js/site.min.js?defer&ver=1.8.14 HTTP/1.1" 200 48457
152.61.192.232 - - [19/Nov/2023:01:51:10 -0500] "GET /arcgis/services/Calidad_del_Agua_WQI/MapServer/WMSServer?request=GetCapabilities&service=WMS HTTP/1.1" 503 1020
152.61.192.232 - - [19/Nov/2023:01:51:11 -0500] "GET /arcgis/services/Calidad_del_Agua_WQI/MapServer/WMSServer?SERVICE=WMS&REQUEST=GetCapabilities HTTP/1.1" 503 1020
152.61.192.232 - - [19/Nov/2023:01:51:11 -0500] "GET /arcgis/services/Calidad_del_Agua_WQI/MapServer/WMSServer?WMTVER=1.0.0&REQUEST=capabilities HTTP/1.1" 503 1020
216.245.221.92 - - [19/Nov/2023:01:52:00 -0500] "HEAD / HTTP/1.1" 200 -
201.245.192.253 - - [19/Nov/2023:01:52:20 -0500] "POST /kwsrmcab/Wsrmcab  HTTP/1.1" 200 40861
207.90.244.14 - - [19/Nov/2023:01:52:29 -0500] "GET / HTTP/1.1" 200 319
207.90.244.14 - - [19/Nov/2023:01:52:29 -0500] "GET /robots.txt HTTP/1.1" 404 1018
207.90.244.14 - - [19/Nov/2023:01:52:30 -0500] "GET /sitemap.xml HTTP/1.1" 404 1018
207.90.244.14 - - [19/Nov/2023:01:52:30 -0500] "GET /.well-known/security.txt HTTP/1.1" 404 1018
207.90.244.14 - - [19/Nov/2023:01:52:30 -0500] "GET /favicon.ico HTTP/1.1" 200 7782
17.241.227.198 - - [19/Nov/2023:01:53:03 -0500] "GET /robots.txt HTTP/1.1" 404 1034
17.241.227.198 - - [19/Nov/2023:01:53:03 -0500] "GET /distrito-firmo-resolucion-de-etiquetado-vehicular-ambiental-herramienta-para-clasificar-vehiculos-segun-sus-niveles-de-emisiones.html HTTP/1.1" 200 841
172.22.2.4 - - [19/Nov/2023:01:53:10 -0500] "HEAD /BLA/boletinlegal/ HTTP/1.1" 200 -
172.22.2.4 - - [19/Nov/2023:01:54:01 -0500] "GET /BLA/boletinlegal/ HTTP/1.1" 200 59827
216.245.221.92 - - [19/Nov/2023:01:57:00 -0500] "HEAD / HTTP/1.1" 200 -
201.245.192.253 - - [19/Nov/2023:01:57:18 -0500] "POST /kwsrmcab/Wsrmcab  HTTP/1.1" 200 40861
52.167.144.212 - - [19/Nov/2023:01:57:57 -0500] "GET /BLA/resoluciones/RESOLUCIONES%202022/4417.pdf HTTP/1.1" 304 -
66.249.73.67 - - [19/Nov/2023:01:59:05 -0500] "GET /robots.txt HTTP/1.1" 404 1034
66.249.73.68 - - [19/Nov/2023:01:59:05 -0500] "GET /inscribete-y-participa-en-la-convencion-internacional-de-emergencia-climatica-bogota-2023.html HTTP/1.1" 200 895
172.22.2.4 - - [19/Nov/2023:01:59:00 -0500] "HEAD /BLA/boletinlegal/ HTTP/1.1" 200 -
172.22.2.4 - - [19/Nov/2023:01:59:51 -0500] "GET /BLA/boletinlegal/ HTTP/1.1" 200 58644
216.245.221.92 - - [19/Nov/2023:02:02:00 -0500] "HEAD / HTTP/1.1" 200 -
201.245.192.253 - - [19/Nov/2023:02:02:17 -0500] "POST /kwsrmcab/Wsrmcab  HTTP/1.1" 200 40861
173.252.87.119 - - [19/Nov/2023:02:05:18 -0500] "GET /images/cuerpos%20de%20agua%20en%20humedales-19-10.jpg HTTP/1.1" 200 73528
172.22.2.4 - - [19/Nov/2023:02:04:51 -0500] "HEAD /BLA/boletinlegal/ HTTP/1.1" 200 -
216.245.221.92 - - [19/Nov/2023:02:07:00 -0500] "HEAD / HTTP/1.1" 200 -
201.245.192.253 - - [19/Nov/2023:02:07:16 -0500] "POST /kwsrmcab/Wsrmcab  HTTP/1.1" 200 40861
172.22.2.4 - - [19/Nov/2023:02:05:42 -0500] "GET /BLA/boletinlegal/ HTTP/1.1" 200 60634
173.252.107.2 - - [19/Nov/2023:02:07:23 -0500] "GET /juntos-cuidamos-bogota-mas-de-65-kilogramos-de-residuos-especiales-y-peligrosos-fueron-recolectados-en-engativa.html HTTP/1.1" 200 994
35.234.168.79 - - [19/Nov/2023:02:08:24 -0500] "GET /consulta-y-conoce-los-proyectos-de-resolucion-de-para-los-planes-de-manejo-ambiental-de-cinco-humedales-en-bogota.html HTTP/1.1" 200 971
52.167.144.176 - - [19/Nov/2023:02:09:42 -0500] "GET /BLA/resoluciones/AUTOS%202019/1102.pdf HTTP/1.1" 304 -
216.245.221.92 - - [19/Nov/2023:02:12:00 -0500] "HEAD / HTTP/1.1" 200 -
201.245.192.253 - - [19/Nov/2023:02:12:16 -0500] "POST /kwsrmcab/Wsrmcab  HTTP/1.1" 200 40861
172.22.2.4 - - [19/Nov/2023:02:10:41 -0500] "HEAD /BLA/boletinlegal/ HTTP/1.1" 200 -
172.22.2.4 - - [19/Nov/2023:02:11:32 -0500] "GET /BLA/boletinlegal/ HTTP/1.1" 200 58294
199.16.157.181 - - [19/Nov/2023:02:14:47 -0500] "GET /images/imagen-comunicado-podcast.jpg HTTP/1.1" 200 39765
216.245.221.92 - - [19/Nov/2023:02:17:00 -0500] "HEAD / HTTP/1.1" 200 -
201.245.192.253 - - [19/Nov/2023:02:17:04 -0500] "POST /kwsrmcab/Wsrmcab HTTP/1.1" 200 40550
201.245.192.253 - - [19/Nov/2023:02:17:07 -0500] "POST /kwsrmcab/Wsrmcab HTTP/1.1" 200 41976
201.245.192.253 - - [19/Nov/2023:02:17:15 -0500] "POST /kwsrmcab/Wsrmcab  HTTP/1.1" 200 40861
172.22.2.4 - - [19/Nov/2023:02:16:31 -0500] "HEAD /BLA/boletinlegal/ HTTP/1.1" 200 -
172.22.2.4 - - [19/Nov/2023:02:17:22 -0500] "GET /BLA/boletinlegal/ HTTP/1.1" 200 61018
152.61.128.50 - - [19/Nov/2023:02:19:18 -0500] "GET /arcgis/services/Calidad_del_Agua_WQI/MapServer/WMSServer?request=GetCapabilities&service=WMS HTTP/1.1" 503 1020
152.61.128.50 - - [19/Nov/2023:02:19:19 -0500] "GET /arcgis/services/Calidad_del_Agua_WQI/MapServer/WMSServer?SERVICE=WMS&REQUEST=GetCapabilities HTTP/1.1" 503 1020
152.61.128.50 - - [19/Nov/2023:02:19:20 -0500] "GET /arcgis/services/Calidad_del_Agua_WQI/MapServer/WMSServer?WMTVER=1.0.0&REQUEST=capabilities HTTP/1.1" 503 1020
201.245.192.253 - - [19/Nov/2023:02:20:31 -0500] "POST /kwsrmcab/Wsrmcab HTTP/1.1" 200 40550
46.72.55.214 - - [19/Nov/2023:02:20:33 -0500] "GET / HTTP/1.1" 200 319
201.245.192.253 - - [19/Nov/2023:02:20:34 -0500] "POST /kwsrmcab/Wsrmcab HTTP/1.1" 200 41976
216.245.221.92 - - [19/Nov/2023:02:22:00 -0500] "HEAD / HTTP/1.1" 200 -
201.245.192.253 - - [19/Nov/2023:02:22:15 -0500] "POST /kwsrmcab/Wsrmcab  HTTP/1.1" 200 40861
172.22.2.4 - - [19/Nov/2023:02:22:21 -0500] "HEAD /BLA/boletinlegal/ HTTP/1.1" 200 -
172.22.2.4 - - [19/Nov/2023:02:23:12 -0500] "GET /BLA/boletinlegal/ HTTP/1.1" 200 58294
216.245.221.92 - - [19/Nov/2023:02:27:00 -0500] "HEAD / HTTP/1.1" 200 -
201.245.192.253 - - [19/Nov/2023:02:27:04 -0500] "POST /kwsrmcab/Wsrmcab HTTP/1.1" 200 40550
201.245.192.253 - - [19/Nov/2023:02:27:07 -0500] "POST /kwsrmcab/Wsrmcab HTTP/1.1" 200 41976
201.245.192.253 - - [19/Nov/2023:02:27:12 -0500] "POST /kwsrmcab/Wsrmcab  HTTP/1.1" 200 40861
81.61.43.253 - - [19/Nov/2023:02:27:28 -0500] "GET /catalogoisis/ HTTP/1.1" 404 211
81.61.43.253 - - [19/Nov/2023:02:27:28 -0500] "GET /favicon.ico HTTP/1.1" 200 7782
172.22.2.4 - - [19/Nov/2023:02:28:11 -0500] "HEAD /BLA/boletinlegal/ HTTP/1.1" 200 -
201.245.192.253 - - [19/Nov/2023:02:30:31 -0500] "POST /kwsrmcab/Wsrmcab HTTP/1.1" 200 40550
66.249.66.20 - - [19/Nov/2023:02:30:35 -0500] "GET /BLA/resoluciones/Notificaciones/RESOLUCIONES%202020/5418.pdf HTTP/1.1" 200 6626985
201.245.192.253 - - [19/Nov/2023:02:30:35 -0500] "POST /kwsrmcab/Wsrmcab HTTP/1.1" 200 41976
172.22.2.4 - - [19/Nov/2023:02:29:02 -0500] "GET /BLA/boletinlegal/ HTTP/1.1" 200 58644
66.249.66.21 - - [19/Nov/2023:02:31:31 -0500] "GET /Residuos/textiles/files/guia_textiles.pdf HTTP/1.1" 200 12356716
216.245.221.92 - - [19/Nov/2023:02:32:00 -0500] "HEAD / HTTP/1.1" 200 -
201.245.192.253 - - [19/Nov/2023:02:32:12 -0500] "POST /kwsrmcab/Wsrmcab  HTTP/1.1" 200 40861
172.22.2.4 - - [19/Nov/2023:02:34:01 -0500] "HEAD /BLA/boletinlegal/ HTTP/1.1" 200 -
172.22.2.4 - - [19/Nov/2023:02:34:52 -0500] "GET /BLA/boletinlegal/ HTTP/1.1" 200 58644
216.245.221.92 - - [19/Nov/2023:02:37:00 -0500] "HEAD / HTTP/1.1" 200 -
201.245.192.253 - - [19/Nov/2023:02:37:05 -0500] "POST /kwsrmcab/Wsrmcab HTTP/1.1" 200 40550
201.245.192.253 - - [19/Nov/2023:02:37:08 -0500] "POST /kwsrmcab/Wsrmcab HTTP/1.1" 200 41976
201.245.192.253 - - [19/Nov/2023:02:37:11 -0500] "POST /kwsrmcab/Wsrmcab  HTTP/1.1" 200 40861
201.245.192.253 - - [19/Nov/2023:02:40:31 -0500] "POST /kwsrmcab/Wsrmcab HTTP/1.1" 200 40550
201.245.192.253 - - [19/Nov/2023:02:40:34 -0500] "POST /kwsrmcab/Wsrmcab HTTP/1.1" 200 41976
172.22.2.4 - - [19/Nov/2023:02:39:51 -0500] "HEAD /BLA/boletinlegal/ HTTP/1.1" 200 -
216.245.221.92 - - [19/Nov/2023:02:42:00 -0500] "HEAD / HTTP/1.1" 200 -
201.245.192.253 - - [19/Nov/2023:02:42:10 -0500] "POST /kwsrmcab/Wsrmcab  HTTP/1.1" 200 40861
172.22.2.4 - - [19/Nov/2023:02:40:42 -0500] "GET /BLA/boletinlegal/ HTTP/1.1" 200 54105
216.245.221.92 - - [19/Nov/2023:02:47:00 -0500] "HEAD / HTTP/1.1" 200 -
201.245.192.253 - - [19/Nov/2023:02:47:09 -0500] "POST /kwsrmcab/Wsrmcab  HTTP/1.1" 200 40861
172.22.2.4 - - [19/Nov/2023:02:45:41 -0500] "HEAD /BLA/boletinlegal/ HTTP/1.1" 200 -
172.22.2.4 - - [19/Nov/2023:02:46:32 -0500] "GET /BLA/boletinlegal/ HTTP/1.1" 200 52827
173.252.127.22 - - [19/Nov/2023:02:50:41 -0500] "GET /vehiculos-de-cero-o-bajas-emisiones-para-enfrentar-el-cambio-climatico.html HTTP/1.1" 200 743
216.245.221.92 - - [19/Nov/2023:02:52:00 -0500] "HEAD / HTTP/1.1" 200 -
201.245.192.253 - - [19/Nov/2023:02:52:09 -0500] "POST /kwsrmcab/Wsrmcab  HTTP/1.1" 200 40861
172.22.2.4 - - [19/Nov/2023:02:51:31 -0500] "HEAD /BLA/boletinlegal/ HTTP/1.1" 200 -
172.22.2.4 - - [19/Nov/2023:02:52:22 -0500] "GET /BLA/boletinlegal/ HTTP/1.1" 200 60634
66.249.73.67 - - [19/Nov/2023:02:55:05 -0500] "GET /moda-circular-manos-reparadoras-la-estrategia-del-distrito-para-restaurar-prendas-usadas.html HTTP/1.1" 304 -
216.245.221.92 - - [19/Nov/2023:02:57:00 -0500] "HEAD / HTTP/1.1" 200 -
201.245.192.253 - - [19/Nov/2023:02:57:07 -0500] "POST /kwsrmcab/Wsrmcab  HTTP/1.1" 200 40861
52.167.144.171 - - [19/Nov/2023:02:57:56 -0500] "GET /portaldeninos/wp-content/uploads/2020/11/La-Conejera-B-133x75.jpg HTTP/1.1" 200 4673
172.22.2.4 - - [19/Nov/2023:02:57:21 -0500] "HEAD /BLA/boletinlegal/ HTTP/1.1" 200 -
172.22.2.4 - - [19/Nov/2023:02:58:12 -0500] "GET /BLA/boletinlegal/ HTTP/1.1" 200 56187
216.245.221.92 - - [19/Nov/2023:03:02:00 -0500] "HEAD / HTTP/1.1" 200 -
201.245.192.253 - - [19/Nov/2023:03:02:07 -0500] "POST /kwsrmcab/Wsrmcab  HTTP/1.1" 200 40861
172.22.2.4 - - [19/Nov/2023:03:03:11 -0500] "HEAD /BLA/boletinlegal/ HTTP/1.1" 200 -
172.22.2.4 - - [19/Nov/2023:03:04:02 -0500] "GET /BLA/boletinlegal/ HTTP/1.1" 200 52827
216.245.221.92 - - [19/Nov/2023:03:07:00 -0500] "HEAD / HTTP/1.1" 200 -
201.245.192.253 - - [19/Nov/2023:03:07:05 -0500] "POST /kwsrmcab/Wsrmcab  HTTP/1.1" 200 40861
172.22.2.4 - - [19/Nov/2023:03:09:01 -0500] "HEAD /BLA/boletinlegal/ HTTP/1.1" 200 -
172.22.2.4 - - [19/Nov/2023:03:09:52 -0500] "GET /BLA/boletinlegal/ HTTP/1.1" 200 60634
216.245.221.92 - - [19/Nov/2023:03:12:00 -0500] "HEAD / HTTP/1.1" 200 -
201.245.192.253 - - [19/Nov/2023:03:12:04 -0500] "POST /kwsrmcab/Wsrmcab  HTTP/1.1" 200 40861
172.22.2.4 - - [19/Nov/2023:03:14:51 -0500] "HEAD /BLA/boletinlegal/ HTTP/1.1" 200 -
216.245.221.92 - - [19/Nov/2023:03:17:00 -0500] "HEAD / HTTP/1.1" 200 -
201.245.192.253 - - [19/Nov/2023:03:17:03 -0500] "POST /kwsrmcab/Wsrmcab  HTTP/1.1" 200 40861
201.245.192.253 - - [19/Nov/2023:03:17:04 -0500] "POST /kwsrmcab/Wsrmcab HTTP/1.1" 200 40533
201.245.192.253 - - [19/Nov/2023:03:17:07 -0500] "POST /kwsrmcab/Wsrmcab HTTP/1.1" 200 41804
172.22.2.4 - - [19/Nov/2023:03:15:42 -0500] "GET /BLA/boletinlegal/ HTTP/1.1" 200 52827
52.167.144.18 - - [19/Nov/2023:03:18:23 -0500] "GET /BLA/resoluciones/AUTOS%202021/3072.pdf HTTP/1.1" 200 485467
201.245.192.253 - - [19/Nov/2023:03:20:32 -0500] "POST /kwsrmcab/Wsrmcab HTTP/1.1" 200 40533
52.167.144.18 - - [19/Nov/2023:03:20:35 -0500] "GET /BLA/resoluciones/AUTOS%202022/1331.pdf HTTP/1.1" 304 -
201.245.192.253 - - [19/Nov/2023:03:20:36 -0500] "POST /kwsrmcab/Wsrmcab HTTP/1.1" 200 41804
216.245.221.92 - - [19/Nov/2023:03:22:00 -0500] "HEAD / HTTP/1.1" 200 -
201.245.192.253 - - [19/Nov/2023:03:22:02 -0500] "POST /kwsrmcab/Wsrmcab  HTTP/1.1" 200 40861
172.22.2.4 - - [19/Nov/2023:03:20:41 -0500] "HEAD /BLA/boletinlegal/ HTTP/1.1" 200 -
172.22.2.4 - - [19/Nov/2023:03:21:32 -0500] "GET /BLA/boletinlegal/ HTTP/1.1" 200 60634
52.167.144.192 - - [19/Nov/2023:03:23:43 -0500] "GET /consulta-y-conoce-los-proyectos-de-resolucion-de-para-los-planes-de-manejo-ambiental-de-cinco-humedales-en-bogota.html HTTP/1.1" 200 971
216.245.221.92 - - [19/Nov/2023:03:27:00 -0500] "HEAD / HTTP/1.1" 200 -
201.245.192.253 - - [19/Nov/2023:03:27:01 -0500] "POST /kwsrmcab/Wsrmcab  HTTP/1.1" 200 40861
201.245.192.253 - - [19/Nov/2023:03:27:04 -0500] "POST /kwsrmcab/Wsrmcab HTTP/1.1" 200 40533
201.245.192.253 - - [19/Nov/2023:03:27:07 -0500] "POST /kwsrmcab/Wsrmcab HTTP/1.1" 200 41804
172.22.2.4 - - [19/Nov/2023:03:26:31 -0500] "HEAD /BLA/boletinlegal/ HTTP/1.1" 200 -
172.22.2.4 - - [19/Nov/2023:03:27:22 -0500] "GET /BLA/boletinlegal/ HTTP/1.1" 200 58644
201.245.192.253 - - [19/Nov/2023:03:30:31 -0500] "POST /kwsrmcab/Wsrmcab HTTP/1.1" 200 40533
66.249.66.19 - - [19/Nov/2023:03:30:34 -0500] "GET /BLA/resoluciones/Notificaciones/RESOLUCIONES%202021/01555.pdf HTTP/1.1" 200 402165
201.245.192.253 - - [19/Nov/2023:03:30:34 -0500] "POST /kwsrmcab/Wsrmcab HTTP/1.1" 200 41804
216.245.221.92 - - [19/Nov/2023:03:32:00 -0500] "HEAD / HTTP/1.1" 200 -
201.245.192.253 - - [19/Nov/2023:03:32:00 -0500] "POST /kwsrmcab/Wsrmcab  HTTP/1.1" 200 40861
172.22.2.4 - - [19/Nov/2023:03:32:21 -0500] "HEAD /BLA/boletinlegal/ HTTP/1.1" 200 -
207.46.13.153 - - [19/Nov/2023:03:34:36 -0500] "GET /images/dora-villalobos-humedal-la-vaca-30-octubre.jpg HTTP/1.1" 200 76865
172.22.2.4 - - [19/Nov/2023:03:33:12 -0500] "GET /BLA/boletinlegal/ HTTP/1.1" 200 58644
216.245.221.92 - - [19/Nov/2023:03:37:00 -0500] "HEAD / HTTP/1.1" 200 -
201.245.192.253 - - [19/Nov/2023:03:37:00 -0500] "POST /kwsrmcab/Wsrmcab  HTTP/1.1" 200 40861
201.245.192.253 - - [19/Nov/2023:03:37:05 -0500] "POST /kwsrmcab/Wsrmcab HTTP/1.1" 200 40533
201.245.192.253 - - [19/Nov/2023:03:37:08 -0500] "POST /kwsrmcab/Wsrmcab HTTP/1.1" 200 41804
172.22.2.4 - - [19/Nov/2023:03:38:11 -0500] "HEAD /BLA/boletinlegal/ HTTP/1.1" 200 -
201.245.192.253 - - [19/Nov/2023:03:40:31 -0500] "POST /kwsrmcab/Wsrmcab HTTP/1.1" 200 40533
201.245.192.253 - - [19/Nov/2023:03:40:35 -0500] "POST /kwsrmcab/Wsrmcab HTTP/1.1" 200 41804
172.22.2.4 - - [19/Nov/2023:03:39:02 -0500] "GET /BLA/boletinlegal/ HTTP/1.1" 200 60634
216.245.221.92 - - [19/Nov/2023:03:42:00 -0500] "HEAD / HTTP/1.1" 200 -
201.245.192.253 - - [19/Nov/2023:03:41:58 -0500] "POST /kwsrmcab/Wsrmcab  HTTP/1.1" 200 40861
40.77.167.36 - - [19/Nov/2023:03:42:56 -0500] "GET /Publicaciones/2023EE217057.pdf HTTP/1.1" 404 228
40.77.167.68 - - [19/Nov/2023:03:43:00 -0500] "GET /Publicaciones/2023EE207908.pdf HTTP/1.1" 404 228
40.77.167.68 - - [19/Nov/2023:03:43:08 -0500] "GET /BLA/resoluciones/AUTOS%202022/0105.pdf HTTP/1.1" 304 -
52.167.144.205 - - [19/Nov/2023:03:43:19 -0500] "GET /Publicaciones/2023EE244725.pdf HTTP/1.1" 404 228
66.249.66.21 - - [19/Nov/2023:03:44:04 -0500] "GET /BLA/resoluciones/Notificaciones/RESOLUCIONES%202022/3424.pdf HTTP/1.1" 200 478360
172.22.2.4 - - [19/Nov/2023:03:44:01 -0500] "HEAD /BLA/boletinlegal/ HTTP/1.1" 200 -
52.167.144.186 - - [19/Nov/2023:03:46:26 -0500] "GET /Publicaciones/2023EE214613.pdf HTTP/1.1" 404 228
172.22.2.4 - - [19/Nov/2023:03:44:52 -0500] "GET /BLA/boletinlegal/ HTTP/1.1" 200 58294
201.245.192.253 - - [19/Nov/2023:03:46:57 -0500] "POST /kwsrmcab/Wsrmcab  HTTP/1.1" 200 40861
216.245.221.92 - - [19/Nov/2023:03:47:00 -0500] "HEAD / HTTP/1.1" 200 -
114.119.152.231 - - [19/Nov/2023:03:47:34 -0500] "GET /BLA/resoluciones/index.php?dir=AUTOS%2B2005/&sort=size&order=desc HTTP/1.1" 200 13881
173.252.127.4 - - [19/Nov/2023:03:47:47 -0500] "GET /ciudad-bolivar-y-puente-aranda-se-alistan-para-una-nueva-llantaton.html HTTP/1.1" 200 991
66.249.66.20 - - [19/Nov/2023:03:49:01 -0500] "GET /BLA/resoluciones/AUTOS%202022/1878.pdf HTTP/1.1" 304 -
172.22.2.4 - - [19/Nov/2023:03:49:51 -0500] "HEAD /BLA/boletinlegal/ HTTP/1.1" 200 -
201.245.192.253 - - [19/Nov/2023:03:51:56 -0500] "POST /kwsrmcab/Wsrmcab  HTTP/1.1" 200 40861
216.245.221.92 - - [19/Nov/2023:03:52:00 -0500] "HEAD / HTTP/1.1" 200 -
172.22.2.4 - - [19/Nov/2023:03:50:42 -0500] "GET /BLA/boletinlegal/ HTTP/1.1" 200 58644
66.249.66.21 - - [19/Nov/2023:03:56:04 -0500] "GET /BLA/resoluciones/Notificaciones/REGISTROS%202021/01964.pdf HTTP/1.1" 200 416819
201.245.192.253 - - [19/Nov/2023:03:56:55 -0500] "POST /kwsrmcab/Wsrmcab  HTTP/1.1" 200 40861
216.245.221.92 - - [19/Nov/2023:03:57:00 -0500] "HEAD / HTTP/1.1" 200 -
172.22.2.4 - - [19/Nov/2023:03:55:41 -0500] "HEAD /BLA/boletinlegal/ HTTP/1.1" 200 -
172.22.2.4 - - [19/Nov/2023:03:56:32 -0500] "GET /BLA/boletinlegal/ HTTP/1.1" 200 58644
201.245.192.253 - - [19/Nov/2023:04:01:54 -0500] "POST /kwsrmcab/Wsrmcab  HTTP/1.1" 200 40861
216.245.221.92 - - [19/Nov/2023:04:02:00 -0500] "HEAD / HTTP/1.1" 200 -
172.22.2.4 - - [19/Nov/2023:04:01:31 -0500] "HEAD /BLA/boletinlegal/ HTTP/1.1" 200 -
172.22.2.4 - - [19/Nov/2023:04:02:22 -0500] "GET /BLA/boletinlegal/ HTTP/1.1" 200 53356
201.245.192.253 - - [19/Nov/2023:04:06:52 -0500] "POST /kwsrmcab/Wsrmcab  HTTP/1.1" 200 40861
216.245.221.92 - - [19/Nov/2023:04:07:00 -0500] "HEAD / HTTP/1.1" 200 -
172.22.2.4 - - [19/Nov/2023:04:08:45 -0500] "GET /BLA/boletinlegal/Circulares/2012/Circular%20No.%2010%20del%2022%20de%20Agosto%20de%202012.pdf HTTP/1.1" 200 1563219
172.22.2.4 - - [19/Nov/2023:04:07:21 -0500] "HEAD /BLA/boletinlegal/ HTTP/1.1" 200 -
66.249.73.68 - - [19/Nov/2023:04:09:06 -0500] "GET /ciudadana HTTP/1.1" 404 1034
199.16.157.180 - - [19/Nov/2023:04:09:33 -0500] "GET /images/Adopcion-gatos-y-perros-en-bogota-abril-23.jpeg HTTP/1.1" 200 68661
199.16.157.182 - - [19/Nov/2023:04:09:34 -0500] "GET /bogota-se-prepara-para-tres-fines-de-semana-de-adopciones.html HTTP/1.1" 200 821
172.22.2.4 - - [19/Nov/2023:04:08:13 -0500] "GET /BLA/boletinlegal/ HTTP/1.1" 200 53356
201.245.192.253 - - [19/Nov/2023:04:11:51 -0500] "POST /kwsrmcab/Wsrmcab  HTTP/1.1" 200 40861
216.245.221.92 - - [19/Nov/2023:04:12:00 -0500] "HEAD / HTTP/1.1" 200 -
40.77.167.50 - - [19/Nov/2023:04:13:13 -0500] "GET /sipse/faces/faces/autenticacion.xhtml HTTP/1.1" 200 12729
172.22.2.4 - - [19/Nov/2023:04:13:11 -0500] "HEAD /BLA/boletinlegal/ HTTP/1.1" 200 -
172.22.2.4 - - [19/Nov/2023:04:14:52 -0500] "GET /BLA/boletinlegal/robots.txt HTTP/1.1" 404 1038
172.22.2.4 - - [19/Nov/2023:04:14:54 -0500] "GET /BLA/boletinlegal/Circulares/2012/Circular%20No.%2016%20del%2022%20de%20octubre%20de%202012.pdf HTTP/1.1" 200 381186
172.22.2.4 - - [19/Nov/2023:04:14:02 -0500] "GET /BLA/boletinlegal/ HTTP/1.1" 200 61018
66.249.66.21 - - [19/Nov/2023:04:16:48 -0500] "GET /robots.txt HTTP/1.1" 404 1018
66.249.66.20 - - [19/Nov/2023:04:16:49 -0500] "GET /Publicaciones/2023EE218153.pdf HTTP/1.1" 404 228
201.245.192.253 - - [19/Nov/2023:04:16:50 -0500] "POST /kwsrmcab/Wsrmcab  HTTP/1.1" 200 40861
216.245.221.92 - - [19/Nov/2023:04:17:00 -0500] "HEAD / HTTP/1.1" 200 -
201.245.192.253 - - [19/Nov/2023:04:17:05 -0500] "POST /kwsrmcab/Wsrmcab HTTP/1.1" 200 40700
66.249.66.19 - - [19/Nov/2023:04:17:08 -0500] "GET /BLA/resoluciones/Autos%202008/1577.pdf HTTP/1.1" 200 132354
66.249.66.19 - - [19/Nov/2023:04:17:10 -0500] "GET /BLA/resoluciones/RESOLUCIONES%202007/RES%202007%201%20AL%20100/RESOLUCION%200006%20DE%202007.pdf HTTP/1.1" 200 263078
201.245.192.253 - - [19/Nov/2023:04:17:08 -0500] "POST /kwsrmcab/Wsrmcab HTTP/1.1" 200 41638
52.167.144.136 - - [19/Nov/2023:04:19:11 -0500] "GET /BLA/resoluciones/AUTOS%202021/4410.pdf HTTP/1.1" 200 361322
201.245.192.253 - - [19/Nov/2023:04:20:31 -0500] "POST /kwsrmcab/Wsrmcab HTTP/1.1" 200 40700
201.245.192.253 - - [19/Nov/2023:04:20:34 -0500] "POST /kwsrmcab/Wsrmcab HTTP/1.1" 200 41638
172.22.2.4 - - [19/Nov/2023:04:19:01 -0500] "HEAD /BLA/boletinlegal/ HTTP/1.1" 200 -
114.119.142.188 - - [19/Nov/2023:04:21:01 -0500] "GET /BLA/resoluciones/index.php?dir=RESOLUCIONES%2B1994/&sort=size&order=desc HTTP/1.1" 200 13902
172.22.2.4 - - [19/Nov/2023:04:19:52 -0500] "GET /BLA/boletinlegal/ HTTP/1.1" 200 61018
66.249.66.21 - - [19/Nov/2023:04:21:35 -0500] "GET /Publicaciones/2023EE158683.pdf HTTP/1.1" 404 228
201.245.192.253 - - [19/Nov/2023:04:21:49 -0500] "POST /kwsrmcab/Wsrmcab  HTTP/1.1" 200 40861
216.245.221.92 - - [19/Nov/2023:04:22:00 -0500] "HEAD / HTTP/1.1" 200 -
66.249.66.21 - - [19/Nov/2023:04:22:27 -0500] "GET /BLA/resoluciones/RESOLUCIONES%202009/6541.pdf HTTP/1.1" 200 435741
66.249.66.20 - - [19/Nov/2023:04:23:20 -0500] "GET /BLA/resoluciones/RESOLUCIONES%202009/5686.pdf HTTP/1.1" 200 876706
52.167.144.136 - - [19/Nov/2023:04:23:29 -0500] "GET /Publicaciones/2023EE245067.pdf HTTP/1.1" 404 228
66.249.66.19 - - [19/Nov/2023:04:24:50 -0500] "GET /BLA/resoluciones/RESOLUCIONES%202009/5708.pdf HTTP/1.1" 200 448710
66.249.73.68 - - [19/Nov/2023:04:25:04 -0500] "GET /como-ayudar-a-mantener-una-buena-calidad-del-aire-en-bogota.html HTTP/1.1" 200 914
172.22.2.4 - - [19/Nov/2023:04:24:51 -0500] "HEAD /BLA/boletinlegal/ HTTP/1.1" 200 -
66.249.66.19 - - [19/Nov/2023:04:26:34 -0500] "GET /BLA/resoluciones/Notificaciones/RESOLUCIONES%202022/2973.pdf HTTP/1.1" 200 774800
52.167.144.222 - - [19/Nov/2023:04:26:43 -0500] "GET /documents/10184/4278102/Conversatorio+2.jpeg/219799c9-21e7-41ea-a8fd-1c7ffddad194?t=1676480799358 HTTP/1.1" 404 1034
201.245.192.253 - - [19/Nov/2023:04:26:47 -0500] "POST /kwsrmcab/Wsrmcab  HTTP/1.1" 200 40861
66.249.66.19 - - [19/Nov/2023:04:26:50 -0500] "GET /portel_dama/libreria/pdf/2.pdf HTTP/1.1" 404 1018
216.245.221.92 - - [19/Nov/2023:04:27:00 -0500] "HEAD / HTTP/1.1" 200 -
201.245.192.253 - - [19/Nov/2023:04:27:04 -0500] "POST /kwsrmcab/Wsrmcab HTTP/1.1" 200 40700
201.245.192.253 - - [19/Nov/2023:04:27:07 -0500] "POST /kwsrmcab/Wsrmcab HTTP/1.1" 200 41638
172.22.2.4 - - [19/Nov/2023:04:25:42 -0500] "GET /BLA/boletinlegal/ HTTP/1.1" 200 61018
52.167.144.174 - - [19/Nov/2023:04:28:43 -0500] "GET /Publicaciones/2023EE192923.pdf HTTP/1.1" 404 228
201.245.192.253 - - [19/Nov/2023:04:30:30 -0500] "POST /kwsrmcab/Wsrmcab HTTP/1.1" 200 40700
66.249.66.19 - - [19/Nov/2023:04:30:34 -0500] "GET /BLA/resoluciones/Notificaciones/RESOLUCIONES%201969/5446.pdf HTTP/1.1" 404 1018
66.249.66.20 - - [19/Nov/2023:04:30:35 -0500] "GET /BLA/resoluciones/Notificaciones/RESOLUCIONES%202022/5455.pdf HTTP/1.1" 200 3964896
66.249.66.20 - - [19/Nov/2023:04:30:36 -0500] "GET /BLA/resoluciones/Notificaciones/RESOLUCIONES%202023/0388.pdf HTTP/1.1" 200 5819098
201.245.192.253 - - [19/Nov/2023:04:30:34 -0500] "POST /kwsrmcab/Wsrmcab HTTP/1.1" 200 41638
66.249.66.19 - - [19/Nov/2023:04:30:38 -0500] "GET /BLA/resoluciones/Notificaciones/RESOLUCIONES%202022/5429.pdf HTTP/1.1" 200 4021149
66.249.66.19 - - [19/Nov/2023:04:30:40 -0500] "GET /BLA/resoluciones/Notificaciones/RESOLUCIONES%202021/5600.pdf HTTP/1.1" 200 352039
66.249.66.20 - - [19/Nov/2023:04:30:41 -0500] "GET /BLA/resoluciones/Notificaciones/RESOLUCIONES%202022/5463.pdf HTTP/1.1" 200 3595994
66.249.66.21 - - [19/Nov/2023:04:30:44 -0500] "GET /BLA/resoluciones/RESOLUCIONES%202012/1034.pdf HTTP/1.1" 200 601592
40.77.167.38 - - [19/Nov/2023:04:30:50 -0500] "GET /Publicaciones/2023EE187209.pdf HTTP/1.1" 404 228
40.77.167.38 - - [19/Nov/2023:04:30:51 -0500] "GET /Publicaciones/2023EE248317.pdf HTTP/1.1" 404 228
66.249.66.20 - - [19/Nov/2023:04:30:53 -0500] "GET /BLA/resoluciones/RESOLUCIONES%202011/5013.pdf HTTP/1.1" 200 1733503
40.77.167.8 - - [19/Nov/2023:04:31:13 -0500] "GET /Publicaciones/2023EE183212.pdf HTTP/1.1" 404 228
66.249.66.19 - - [19/Nov/2023:04:31:20 -0500] "GET /BLA/resoluciones/AUTOS%202012/2827.pdf HTTP/1.1" 200 418727
201.245.192.253 - - [19/Nov/2023:04:31:45 -0500] "POST /kwsrmcab/Wsrmcab  HTTP/1.1" 200 40861
216.245.221.92 - - [19/Nov/2023:04:32:00 -0500] "HEAD / HTTP/1.1" 200 -
172.22.2.4 - - [19/Nov/2023:04:30:42 -0500] "HEAD /BLA/boletinlegal/ HTTP/1.1" 200 -
172.22.2.4 - - [19/Nov/2023:04:31:33 -0500] "GET /BLA/boletinlegal/ HTTP/1.1" 200 58644
52.167.144.234 - - [19/Nov/2023:04:33:23 -0500] "GET /Publicaciones/2023EE184772.pdf HTTP/1.1" 404 228
40.77.167.136 - - [19/Nov/2023:04:33:34 -0500] "GET /Publicaciones/2023EE206521.pdf HTTP/1.1" 404 228
201.245.192.253 - - [19/Nov/2023:04:36:44 -0500] "POST /kwsrmcab/Wsrmcab  HTTP/1.1" 200 40861
216.245.221.92 - - [19/Nov/2023:04:37:00 -0500] "HEAD / HTTP/1.1" 200 -
201.245.192.253 - - [19/Nov/2023:04:37:05 -0500] "POST /kwsrmcab/Wsrmcab HTTP/1.1" 200 40700
201.245.192.253 - - [19/Nov/2023:04:37:07 -0500] "POST /kwsrmcab/Wsrmcab HTTP/1.1" 200 41638
66.249.66.19 - - [19/Nov/2023:04:37:11 -0500] "GET /BLA/resoluciones/Autos%202008/0123.pdf HTTP/1.1" 200 92021
66.249.66.21 - - [19/Nov/2023:04:38:09 -0500] "GET /BLA/resoluciones/RESOLUCIONES%202011/3976.pdf HTTP/1.1" 200 792238
172.22.2.4 - - [19/Nov/2023:04:36:32 -0500] "HEAD /BLA/boletinlegal/ HTTP/1.1" 200 -
172.22.2.4 - - [19/Nov/2023:04:37:23 -0500] "GET /BLA/boletinlegal/ HTTP/1.1" 200 55050
66.249.66.20 - - [19/Nov/2023:04:39:03 -0500] "GET /BLA/resoluciones/AUTOS%202009/1322.pdf HTTP/1.1" 200 128388
201.245.192.253 - - [19/Nov/2023:04:40:31 -0500] "POST /kwsrmcab/Wsrmcab HTTP/1.1" 200 40700
201.245.192.253 - - [19/Nov/2023:04:40:34 -0500] "POST /kwsrmcab/Wsrmcab HTTP/1.1" 200 41638
172.22.2.4 - - [19/Nov/2023:04:41:04 -0500] "GET /BLA/boletinlegal/actos.php HTTP/1.1" 200 9682
201.245.192.253 - - [19/Nov/2023:04:41:43 -0500] "POST /kwsrmcab/Wsrmcab  HTTP/1.1" 200 40861
172.22.2.4 - - [19/Nov/2023:04:41:55 -0500] "GET /BLA/boletinlegal/style.css HTTP/1.1" 200 9406
172.22.2.4 - - [19/Nov/2023:04:41:55 -0500] "GET /BLA/boletinlegal/styles2.css HTTP/1.1" 200 1838
216.245.221.92 - - [19/Nov/2023:04:42:00 -0500] "HEAD / HTTP/1.1" 200 -
172.22.2.4 - - [19/Nov/2023:04:42:00 -0500] "GET /BLA/boletinlegal/js/lib.js HTTP/1.1" 200 6474
172.22.2.4 - - [19/Nov/2023:04:42:00 -0500] "GET /BLA/boletinlegal/niceforms-default.css HTTP/1.1" 200 6694
172.22.2.4 - - [19/Nov/2023:04:42:00 -0500] "GET /BLA/boletinlegal/niceforms.js HTTP/1.1" 200 22876
172.22.2.4 - - [19/Nov/2023:04:42:05 -0500] "GET /BLA/boletinlegal/js/ajax_actos.js HTTP/1.1" 200 1322
172.22.2.4 - - [19/Nov/2023:04:42:05 -0500] "GET /BLA/boletinlegal/js/jquery1.js HTTP/1.1" 200 29846
172.22.2.4 - - [19/Nov/2023:04:42:05 -0500] "GET /BLA/boletinlegal/js/popup.js HTTP/1.1" 200 1270
172.22.2.4 - - [19/Nov/2023:04:42:22 -0500] "HEAD /BLA/boletinlegal/ HTTP/1.1" 200 -
172.22.2.4 - - [19/Nov/2023:04:43:13 -0500] "GET /BLA/boletinlegal/ HTTP/1.1" 200 58644
201.245.192.253 - - [19/Nov/2023:04:46:41 -0500] "POST /kwsrmcab/Wsrmcab  HTTP/1.1" 200 40861
216.245.221.92 - - [19/Nov/2023:04:47:00 -0500] "HEAD / HTTP/1.1" 200 -
66.249.66.21 - - [19/Nov/2023:04:49:24 -0500] "GET /BLA/resoluciones/Notificaciones/AUTOS%202022/5509.pdf HTTP/1.1" 200 350014
172.22.2.4 - - [19/Nov/2023:04:48:12 -0500] "HEAD /BLA/boletinlegal/ HTTP/1.1" 200 -
52.167.144.238 - - [19/Nov/2023:04:50:25 -0500] "GET /BLA/resoluciones/AUTOS%202022/7766.pdf HTTP/1.1" 304 -
172.22.2.4 - - [19/Nov/2023:04:49:03 -0500] "GET /BLA/boletinlegal/ HTTP/1.1" 200 60634
201.245.192.253 - - [19/Nov/2023:04:51:41 -0500] "POST /kwsrmcab/Wsrmcab  HTTP/1.1" 200 40861
216.245.221.92 - - [19/Nov/2023:04:52:00 -0500] "HEAD / HTTP/1.1" 200 -
172.22.2.4 - - [19/Nov/2023:04:53:21 -0500] "GET /BLA/boletinlegal/wp-content/plugins/sniplets/modules/syntax_highlight.php?libpath=../../../../wp-config.php HTTP/1.1" 404 1038
172.22.2.4 - - [19/Nov/2023:04:53:22 -0500] "GET /BLA/boletinlegal/webshell4/login.php?errcode=0&login=\\%22%20onfocus=alert(document.domain);%20autofocus%20\\%22&err=U HTTP/1.1" 404 1038
172.22.2.4 - - [19/Nov/2023:04:53:22 -0500] "GET /BLA/boletinlegal/_vti_inf.html HTTP/1.1" 404 1038
172.22.2.4 - - [19/Nov/2023:04:53:22 -0500] "GET /BLA/boletinlegal/names.nsf/People?OpenView HTTP/1.1" 404 1038
172.22.2.4 - - [19/Nov/2023:04:53:22 -0500] "GET /BLA/boletinlegal/bitrix/help/en/index.html?page=javascript:alert('2YO4HU50hihmVlb9yLePZ3BuaBL') HTTP/1.1" 404 1038
172.22.2.4 - - [19/Nov/2023:04:53:22 -0500] "GET /BLA/boletinlegal/jira/secure/BrowseProject.jspa?id=%22%3e%3cscript%3ealert(document.domain)%3c%2fscript%3e HTTP/1.1" 404 1038
172.22.2.4 - - [19/Nov/2023:04:53:22 -0500] "GET /BLA/boletinlegal/search.htm?searchstring2&searchstring=%27%3E%22%3C%2Fscript%3E%3Cscript%3Ealert%28document.domain%29%3C%2Fscript%3E HTTP/1.1" 404 1038
172.22.2.4 - - [19/Nov/2023:04:53:22 -0500] "GET /BLA/boletinlegal/mail/src/compose.php?mailbox=%3C%2Fscript%3E%3Cscript%3Ealert%28document.domain%29%3C%2Fscript%3E HTTP/1.1" 404 1038
172.22.2.4 - - [19/Nov/2023:04:53:22 -0500] "GET /BLA/boletinlegal/redirect.php/%22%3E%3Cscript%3Ealert(%22document.domain%22)%3C/script%3E?subject=server&server=test HTTP/1.1" 404 1038
172.22.2.4 - - [19/Nov/2023:04:53:23 -0500] "GET /BLA/boletinlegal/wp-content/plugins/sniplets/view/sniplets/warning.php?text=%3C%2Fscript%3E%3Cscript%3Ealert%28document.domain%29%3C%2Fscript%3E HTTP/1.1" 404 1038
172.22.2.4 - - [19/Nov/2023:04:53:22 -0500] "GET /BLA/boletinlegal/index.php?appservlang=%3Csvg%2Fonload=confirm%28%27xss%27%29%3E HTTP/1.1" 200 32715
172.22.2.4 - - [19/Nov/2023:04:54:02 -0500] "HEAD /BLA/boletinlegal/ HTTP/1.1" 200 -
172.22.2.4 - - [19/Nov/2023:04:54:53 -0500] "GET /BLA/boletinlegal/ HTTP/1.1" 200 58644
201.245.192.253 - - [19/Nov/2023:04:56:40 -0500] "POST /kwsrmcab/Wsrmcab  HTTP/1.1" 200 40861
172.22.2.4 - - [19/Nov/2023:04:56:49 -0500] "POST /BLA/boletinlegal/login.action HTTP/1.1" 404 1038
216.245.221.92 - - [19/Nov/2023:04:57:00 -0500] "HEAD / HTTP/1.1" 200 -
172.22.2.4 - - [19/Nov/2023:04:57:27 -0500] "GET /BLA/boletinlegal/components/com_rwcards/captcha/captcha_image.php?img=../../../../../../../../../etc/passwd%00 HTTP/1.1" 404 1038
172.22.2.4 - - [19/Nov/2023:04:56:59 -0500] "GET /BLA/boletinlegal/index.php?option=com_extplorer&action=show_error&dir=..%2F..%2F..%2F%2F..%2F..%2Fetc%2Fpasswd HTTP/1.1" 200 32715
172.22.2.4 - - [19/Nov/2023:04:57:43 -0500] "GET /BLA/boletinlegal/phpPgAdmin/index.php?_language=../../../../../../../../etc/passwd%00 HTTP/1.1" 404 1038
172.22.2.4 - - [19/Nov/2023:04:57:54 -0500] "GET /BLA/boletinlegal/src/redirect.php?plugins[]=../../../../etc/passwd%00 HTTP/1.1" 404 1038
66.249.66.21 - - [19/Nov/2023:04:58:03 -0500] "GET /BLA/resoluciones/RESOLUCIONES%202010/6227.pdf HTTP/1.1" 200 571603
172.22.2.4 - - [19/Nov/2023:04:58:12 -0500] "GET /BLA/boletinlegal/components/com_ionfiles/download.php?file=../../../../../../../../etc/passwd&download=1 HTTP/1.1" 404 1038
172.22.2.4 - - [19/Nov/2023:04:57:26 -0500] "GET /BLA/boletinlegal/index.php?option=com_imagebrowser&folder=../../../../etc/passwd HTTP/1.1" 200 32715
172.22.2.4 - - [19/Nov/2023:04:57:41 -0500] "GET /BLA/boletinlegal/index.php?sl=../../../../../../../etc/passwd%00 HTTP/1.1" 200 32715
66.249.73.69 - - [19/Nov/2023:04:59:01 -0500] "GET /ofensiva-conta-el-trafico-de-fauna-silvestre-durante-la-semana-ambiental-en-bogota.html HTTP/1.1" 200 989
172.22.2.4 - - [19/Nov/2023:04:58:15 -0500] "GET /BLA/boletinlegal/index.php?option=com_pro_desk&include_file=../../../../../../etc/passwd HTTP/1.1" 200 24523
172.22.2.4 - - [19/Nov/2023:04:58:15 -0500] "GET /BLA/boletinlegal/index.php?option=com_rsfiles&task=files.display&path=../../../../../../../../../etc/passwd HTTP/1.1" 200 24523
