186.102.25.230 - - [19/Nov/2023:20:56:57 -0500] "GET /kwssiamovil/sm/acme/a?s=U2FsdGVkX19mEhzf+fkrv7ZQ9pUCrdfoL7W41gIJxAyASvaEYiPKz6Q2QTXn3d+RN52+lAKzdd83vn+ocU7YbwStbPcxoLL7YSQg8moplJMt1bh77EbJPRPvFDrNhxKMHwsqdwSiCOTz+kkgkBd2VCxR6ZY/Tjh/BtYXd0O91Mo=&u=U2FsdGVkX1+ZKWnJuOESIjOCsKg+iNy6Yyh5RbXaPV8=&y=U2FsdGVkX1/56QY2IljS1RoBLuwe1LcjQbcf9E1tLZnAsMwoe9gEKhKDDiJjF4D/ HTTP/1.1" 200 26
186.102.25.230 - - [19/Nov/2023:20:56:57 -0500] "GET /kwssiamovil/sm/acme/a?s=U2FsdGVkX1/CL13XR1cL/4tFt4/nuhJRY3H/Y8LyfEG3b7sMLir19fPGdqyIok4re7BbA22YJjUbFKunRYSeblCz4EkeMBmdCUwNCsOT3tlwEInAW4Hki+D4M+DlkEHQ5woOd0DM26D6/5eExYNOnAdj1Nw+FH4YFg++hyl5xDw=&u=U2FsdGVkX1+ZKWnJuOESIjOCsKg+iNy6Yyh5RbXaPV8=&y=U2FsdGVkX1/56QY2IljS1RoBLuwe1LcjQbcf9E1tLZnAsMwoe9gEKhKDDiJjF4D/ HTTP/1.1" 200 26
186.102.25.230 - - [19/Nov/2023:20:56:57 -0500] "GET /kwssiamovil/sm/acme/a?s=U2FsdGVkX1/9cVmE/17j2eBPvOd0jYPmiUwAZqxymXdw4YsmqhYMuy6+a9clFm+oAX2tXg7ZFeSXEtrPvISEU4qFoAtKq+8N+1aJrK4sBl5j6F2blbMnowOCuyjLRtl3cyKZYxPKjyy6XH2fObSz+o7MarsRI6ZUp9QrkgHde4I6iy+nyN+XF9DoOilzSdzRKNJZZ+1DRtA+FrZSwQYV3g==&u=U2FsdGVkX1+ZKWnJuOESIjOCsKg+iNy6Yyh5RbXaPV8=&y=U2FsdGVkX1/56QY2IljS1RoBLuwe1LcjQbcf9E1tLZnAsMwoe9gEKhKDDiJjF4D/ HTTP/1.1" 200 26
216.245.221.92 - - [19/Nov/2023:20:56:57 -0500] "HEAD / HTTP/1.1" 200 -
186.102.25.230 - - [19/Nov/2023:20:56:57 -0500] "GET /kwssiamovil/sm/acme/a?s=U2FsdGVkX18KZm929VIXHxIGGdg73BPgKsyjdUEeYo+G+yF+8MkPiosuZlXBH5EG0ZYMAJ1cJ2zpbzyiwrrYgdXUWpXdRoJt3WKxd72o+RE3tbqTj0lX0/QBjEmzuzbHqi+7MqmMEcgp4jCvD1s/u0H30dxq7o5hdyG3Hkh2yE6MkjTRobxTJxhI62n71zc2x0dimKJpKPDckEJONXkkYw==&u=U2FsdGVkX1+ZKWnJuOESIjOCsKg+iNy6Yyh5RbXaPV8=&y=U2FsdGVkX1/56QY2IljS1RoBLuwe1LcjQbcf9E1tLZnAsMwoe9gEKhKDDiJjF4D/ HTTP/1.1" 200 26
186.102.25.230 - - [19/Nov/2023:20:56:58 -0500] "GET /kwssiamovil/sm/acme/a?s=U2FsdGVkX19JZdpqqrfNafHkpM2iNWYhOFB9ekLrC16n9gl6ZHdytRKvCy9XGtXkN3L9AXEhw1s1kvbWyzpJh5saS9N/ebuyXM4Y7uZ9VUeOOaSGXJMP1Drncg41rKeOl/gcz4Mi/uVp2Ji9SthIHY+Xj4JNkJ6PJo7aVwJtEaeIZ6EkZx9NSCTrVFk0/Dki&u=U2FsdGVkX1+ZKWnJuOESIjOCsKg+iNy6Yyh5RbXaPV8=&y=U2FsdGVkX1/56QY2IljS1RoBLuwe1LcjQbcf9E1tLZnAsMwoe9gEKhKDDiJjF4D/ HTTP/1.1" 200 26
172.22.2.4 - - [19/Nov/2023:20:57:07 -0500] "GET /BLA/boletinlegal/Circulares/2011/Circular%20No.%206%20del%2023%20de%20Septiembre%20de%202011.pdf HTTP/1.1" 200 252800
172.22.2.4 - - [19/Nov/2023:20:57:52 -0500] "GET /BLA/boletinlegal/Directivas/2022/DIRECTIVA%20No.%2000001%20DEL%2015%20DE%20JUNIO%20DEL%202022.pdf HTTP/1.1" 304 -
172.22.2.4 - - [19/Nov/2023:20:58:24 -0500] "GET /BLA/boletinlegal/images/body_bg.jpg HTTP/1.1" 200 1601
172.22.2.4 - - [19/Nov/2023:20:58:25 -0500] "GET /BLA/boletinlegal/images/menu_lft.gif HTTP/1.1" 200 1713
172.22.2.4 - - [19/Nov/2023:20:58:25 -0500] "GET /BLA/boletinlegal/images/menu_rght.gif HTTP/1.1" 200 1627
172.22.2.4 - - [19/Nov/2023:20:58:25 -0500] "GET /BLA/boletinlegal/images/bg_top.jpg HTTP/1.1" 200 522
172.22.2.4 - - [19/Nov/2023:20:58:25 -0500] "GET /BLA/boletinlegal/images/menu_bg.jpg HTTP/1.1" 200 620
172.22.2.4 - - [19/Nov/2023:20:58:25 -0500] "GET /BLA/boletinlegal/images/hover.jpg HTTP/1.1" 200 640
172.22.2.4 - - [19/Nov/2023:20:58:25 -0500] "GET /BLA/boletinlegal/images/text.jpg HTTP/1.1" 200 568
172.22.2.4 - - [19/Nov/2023:20:58:26 -0500] "GET /BLA/boletinlegal/actos.php HTTP/1.1" 200 9682
172.22.2.4 - - [19/Nov/2023:20:58:26 -0500] "GET /BLA/boletinlegal/js/ajax_actos.js HTTP/1.1" 200 1322
172.22.2.4 - - [19/Nov/2023:20:58:26 -0500] "GET /BLA/boletinlegal/niceforms.js HTTP/1.1" 200 22876
172.22.2.4 - - [19/Nov/2023:20:58:26 -0500] "GET /BLA/boletinlegal/niceforms-default.css HTTP/1.1" 200 6694
172.22.2.4 - - [19/Nov/2023:20:58:26 -0500] "GET /BLA/boletinlegal/js/lib.js HTTP/1.1" 200 6474
172.22.2.4 - - [19/Nov/2023:20:58:26 -0500] "GET /BLA/boletinlegal/js/popup.js HTTP/1.1" 200 1270
172.22.2.4 - - [19/Nov/2023:20:58:26 -0500] "GET /BLA/boletinlegal/js/jquery1.js HTTP/1.1" 200 29846
172.22.2.4 - - [19/Nov/2023:20:58:26 -0500] "GET /BLA/boletinlegal/images/green-yellow-blue-pink-th.png HTTP/1.1" 200 7394
172.22.2.4 - - [19/Nov/2023:20:58:26 -0500] "GET /BLA/boletinlegal/images/tel.png HTTP/1.1" 200 14477
172.22.2.4 - - [19/Nov/2023:20:58:26 -0500] "GET /BLA/boletinlegal/images/icono-email.png HTTP/1.1" 200 5544
172.22.2.4 - - [19/Nov/2023:20:58:26 -0500] "GET /BLA/boletinlegal/images/footer_bg.jpg HTTP/1.1" 200 586
172.22.2.4 - - [19/Nov/2023:20:58:26 -0500] "GET /BLA/boletinlegal/images/footer_bg_l.jpg HTTP/1.1" 200 776
172.22.2.4 - - [19/Nov/2023:20:58:26 -0500] "GET /BLA/boletinlegal/img/0.png HTTP/1.1" 200 110
172.22.2.4 - - [19/Nov/2023:20:58:26 -0500] "GET /BLA/boletinlegal/img/select-left.png HTTP/1.1" 200 263
172.22.2.4 - - [19/Nov/2023:20:58:26 -0500] "GET /BLA/boletinlegal/img/select-right.png HTTP/1.1" 200 44019
172.22.2.4 - - [19/Nov/2023:20:58:26 -0500] "GET /BLA/boletinlegal/img/button-left.png HTTP/1.1" 200 57071
172.22.2.4 - - [19/Nov/2023:20:58:26 -0500] "GET /BLA/boletinlegal/img/button.png HTTP/1.1" 200 43241
172.22.2.4 - - [19/Nov/2023:20:58:26 -0500] "GET /BLA/boletinlegal/img/button-right.png HTTP/1.1" 200 57878
172.22.2.4 - - [19/Nov/2023:20:58:26 -0500] "GET /BLA/boletinlegal/favicon.ico HTTP/1.1" 404 1326
172.22.2.4 - - [19/Nov/2023:20:58:41 -0500] "GET /BLA/boletinlegal/consulta_actos.php?tipo=resoluciones&no=5489&usuario=&sector=&fecha=2022&resuelve= HTTP/1.1" 200 1104
172.22.2.4 - - [19/Nov/2023:20:58:41 -0500] "GET /BLA/boletinlegal/images/pdf.gif HTTP/1.1" 200 567
181.237.243.134 - - [19/Nov/2023:20:58:55 -0500] "GET /BLA/resoluciones/RESOLUCIONES%202022/5489.pdf HTTP/1.1" 200 502266
172.22.2.4 - - [19/Nov/2023:20:58:22 -0500] "GET /BLA/boletinlegal/ HTTP/1.1" 200 24523
201.245.192.253 - - [19/Nov/2023:20:59:40 -0500] "POST /kwsrmcab/Wsrmcab  HTTP/1.1" 200 40861
172.22.2.4 - - [19/Nov/2023:21:02:28 -0500] "GET /BLA/boletinlegal/actos.php HTTP/1.1" 200 9682
172.22.2.4 - - [19/Nov/2023:21:02:29 -0500] "GET /BLA/boletinlegal/favicon.ico HTTP/1.1" 404 1326
172.22.2.4 - - [19/Nov/2023:21:03:05 -0500] "GET /BLA/boletinlegal/actos.php HTTP/1.1" 200 9682
172.22.2.4 - - [19/Nov/2023:21:03:05 -0500] "GET /BLA/boletinlegal/favicon.ico HTTP/1.1" 404 1326
172.22.2.4 - - [19/Nov/2023:21:03:08 -0500] "GET /BLA/boletinlegal/consulta_actos.php?tipo=resoluciones&no=&usuario=&sector=&fecha=2023&resuelve=EFECTIMEDIOS HTTP/1.1" 200 626
161.18.114.107 - - [19/Nov/2023:21:03:12 -0500] "GET /BLA/resoluciones/ HTTP/1.1" 200 13696
161.18.114.107 - - [19/Nov/2023:21:03:54 -0500] "GET /BLA/resoluciones/index.php?dir=AUTOS+2023%2F HTTP/1.1" 200 407446
172.22.2.4 - - [19/Nov/2023:21:03:56 -0500] "GET /BLA/boletinlegal/consulta_actos.php?tipo=resoluciones&no=&usuario=&sector=&fecha=2023&resuelve=SE%20RESUELVE%20UN%20RECURSO HTTP/1.1" 200 13541
172.22.2.4 - - [19/Nov/2023:21:04:05 -0500] "GET /BLA/boletinlegal/consulta_actos.php?tipo=resoluciones&no=&usuario=&sector=PEV&fecha=2023&resuelve=SE%20RESUELVE%20UN%20RECURSO HTTP/1.1" 200 3089
201.245.192.253 - - [19/Nov/2023:21:04:39 -0500] "POST /kwsrmcab/Wsrmcab  HTTP/1.1" 200 40861
172.22.2.4 - - [19/Nov/2023:21:04:54 -0500] "GET /BLA/boletinlegal/consulta_actos.php?tipo=resoluciones&no=&usuario=&sector=PEV&fecha=2022&resuelve=SE%20RESUELVE%20UN%20RECURSO HTTP/1.1" 200 786003
172.22.2.4 - - [19/Nov/2023:21:05:14 -0500] "GET /BLA/boletinlegal/consulta_actos.php?tipo=resoluciones&no=&usuario=&sector=PEV&fecha=2021&resuelve=SE%20RESUELVE%20UN%20RECURSO HTTP/1.1" 200 227929
69.30.231.226 - - [19/Nov/2023:21:05:28 -0500] "POST /bsh.servlet.BshServlet HTTP/1.1" 404 1034
69.30.231.226 - - [19/Nov/2023:21:05:31 -0500] "POST /webadm/?q=moni_detail.do&action=gragh HTTP/1.1" 404 1034
172.22.2.4 - - [19/Nov/2023:21:05:06 -0500] "GET /BLA/boletinlegal/index.php?option=com_myblog&Itemid=1&task=../../../../../../../../etc/passwd%00 HTTP/1.1" 200 32715
172.22.2.4 - - [19/Nov/2023:21:06:15 -0500] "GET /BLA/boletinlegal/actos.php HTTP/1.1" 200 9682
172.22.2.4 - - [19/Nov/2023:21:06:16 -0500] "GET /BLA/boletinlegal/styles2.css HTTP/1.1" 200 1838
172.22.2.4 - - [19/Nov/2023:21:06:16 -0500] "GET /BLA/boletinlegal/js/ajax_actos.js HTTP/1.1" 200 1322
172.22.2.4 - - [19/Nov/2023:21:06:16 -0500] "GET /BLA/boletinlegal/niceforms-default.css HTTP/1.1" 200 6694
172.22.2.4 - - [19/Nov/2023:21:06:16 -0500] "GET /BLA/boletinlegal/niceforms.js HTTP/1.1" 200 22876
172.22.2.4 - - [19/Nov/2023:21:06:16 -0500] "GET /BLA/boletinlegal/style.css HTTP/1.1" 200 9406
172.22.2.4 - - [19/Nov/2023:21:06:16 -0500] "GET /BLA/boletinlegal/js/lib.js HTTP/1.1" 200 6474
172.22.2.4 - - [19/Nov/2023:21:06:16 -0500] "GET /BLA/boletinlegal/js/popup.js HTTP/1.1" 200 1270
172.22.2.4 - - [19/Nov/2023:21:06:16 -0500] "GET /BLA/boletinlegal/js/jquery1.js HTTP/1.1" 200 29846
172.22.2.4 - - [19/Nov/2023:21:06:16 -0500] "GET /BLA/boletinlegal/images/cabezote%20BLEGAL.jpg HTTP/1.1" 200 118164
172.22.2.4 - - [19/Nov/2023:21:06:16 -0500] "GET /BLA/boletinlegal/images/subscribe-icon-big.png HTTP/1.1" 200 47702
172.22.2.4 - - [19/Nov/2023:21:06:16 -0500] "GET /BLA/boletinlegal/images/historia.png HTTP/1.1" 200 52775
172.22.2.4 - - [19/Nov/2023:21:06:16 -0500] "GET /BLA/boletinlegal/images/body_bg.jpg HTTP/1.1" 200 1601
172.22.2.4 - - [19/Nov/2023:21:06:16 -0500] "GET /BLA/boletinlegal/images/footer_bg.jpg HTTP/1.1" 200 586
172.22.2.4 - - [19/Nov/2023:21:06:16 -0500] "GET /BLA/boletinlegal/images/menu_lft.gif HTTP/1.1" 200 1713
172.22.2.4 - - [19/Nov/2023:21:06:16 -0500] "GET /BLA/boletinlegal/images/menu_rght.gif HTTP/1.1" 200 1627
172.22.2.4 - - [19/Nov/2023:21:06:16 -0500] "GET /BLA/boletinlegal/images/bg_top.jpg HTTP/1.1" 200 522
172.22.2.4 - - [19/Nov/2023:21:06:16 -0500] "GET /BLA/boletinlegal/images/menu_bg.jpg HTTP/1.1" 200 620
172.22.2.4 - - [19/Nov/2023:21:06:16 -0500] "GET /BLA/boletinlegal/images/text.jpg HTTP/1.1" 200 568
172.22.2.4 - - [19/Nov/2023:21:06:16 -0500] "GET /BLA/boletinlegal/images/hover.jpg HTTP/1.1" 200 640
172.22.2.4 - - [19/Nov/2023:21:06:16 -0500] "GET /BLA/boletinlegal/images/registro-usuarios.png HTTP/1.1" 200 8106
172.22.2.4 - - [19/Nov/2023:21:06:16 -0500] "GET /BLA/boletinlegal/images/green-yellow-blue-pink-th.png HTTP/1.1" 200 7394
172.22.2.4 - - [19/Nov/2023:21:06:16 -0500] "GET /BLA/boletinlegal/images/icono-email.png HTTP/1.1" 200 5544
172.22.2.4 - - [19/Nov/2023:21:06:16 -0500] "GET /BLA/boletinlegal/images/tel.png HTTP/1.1" 200 14477
172.22.2.4 - - [19/Nov/2023:21:06:16 -0500] "GET /BLA/boletinlegal/images/footer_bg_l.jpg HTTP/1.1" 200 776
172.22.2.4 - - [19/Nov/2023:21:06:16 -0500] "GET /BLA/boletinlegal/img/select-left.png HTTP/1.1" 200 263
172.22.2.4 - - [19/Nov/2023:21:06:16 -0500] "GET /BLA/boletinlegal/img/0.png HTTP/1.1" 200 110
172.22.2.4 - - [19/Nov/2023:21:06:16 -0500] "GET /BLA/boletinlegal/img/select-right.png HTTP/1.1" 200 44019
172.22.2.4 - - [19/Nov/2023:21:06:16 -0500] "GET /BLA/boletinlegal/img/button-left.png HTTP/1.1" 200 57071
172.22.2.4 - - [19/Nov/2023:21:06:16 -0500] "GET /BLA/boletinlegal/img/button.png HTTP/1.1" 200 43241
172.22.2.4 - - [19/Nov/2023:21:06:16 -0500] "GET /BLA/boletinlegal/img/button-right.png HTTP/1.1" 200 57878
172.22.2.4 - - [19/Nov/2023:21:06:17 -0500] "GET /BLA/boletinlegal/favicon.ico HTTP/1.1" 404 1326
186.83.246.35 - - [19/Nov/2023:21:06:19 -0500] "GET /BLA/resoluciones/ HTTP/1.1" 200 13696
186.83.246.35 - - [19/Nov/2023:21:06:20 -0500] "GET /BLA/resoluciones/dlf/styles.css HTTP/1.1" 200 3049
186.83.246.35 - - [19/Nov/2023:21:06:20 -0500] "GET /BLA/resoluciones/dlf/folder.png HTTP/1.1" 200 410
186.83.246.35 - - [19/Nov/2023:21:06:20 -0500] "GET /BLA/resoluciones/dlf/bg.gif HTTP/1.1" 200 54
186.83.246.35 - - [19/Nov/2023:21:06:20 -0500] "GET /favicon.ico HTTP/1.1" 200 7782
186.83.246.35 - - [19/Nov/2023:21:06:22 -0500] "GET /BLA/resoluciones/dlf/dirup.png HTTP/1.1" 200 644
186.83.246.35 - - [19/Nov/2023:21:06:22 -0500] "GET /BLA/resoluciones/dlf/pdf.gif HTTP/1.1" 200 272
186.83.246.35 - - [19/Nov/2023:21:06:22 -0500] "GET /BLA/resoluciones/dlf/archive.png HTTP/1.1" 200 632
186.83.246.35 - - [19/Nov/2023:21:06:22 -0500] "GET /BLA/resoluciones/index.php?dir=AUTOS+2023%2F HTTP/1.1" 200 407446
66.249.66.21 - - [19/Nov/2023:21:06:34 -0500] "GET /isolucionsda/FrameSetArticulo.asp?Pagina=/isolucionsda/bancoconocimiento/R/Resolucion3257de30deoctubrede2007/Resolucion3257de30deoctubrede2007.asp?IdArticulo=1091 HTTP/1.1" 200 527
52.167.144.180 - - [19/Nov/2023:21:06:45 -0500] "GET /BLA/resoluciones/RESOLUCIONES%202021/3052.pdf HTTP/1.1" 200 517629
172.22.2.4 - - [19/Nov/2023:21:06:47 -0500] "GET /BLA/boletinlegal/consulta_actos.php?tipo=resoluciones&no=&usuario=&sector=PEV&fecha=2020&resuelve=SE%20RESUELVE%20UN%20RECURSO HTTP/1.1" 200 206551
186.113.64.164 - - [19/Nov/2023:21:07:07 -0500] "GET /BLA/resoluciones/RESOLUCIONES%202020/2383.pdf HTTP/1.1" 200 3790521
52.167.144.180 - - [19/Nov/2023:21:08:24 -0500] "GET /BLA/resoluciones/RESOLUCIONES%202007/RES%202007%203201%20AL%203300/RESOLUCION%203217%20DE%202007.pdf HTTP/1.1" 200 257006
201.245.192.253 - - [19/Nov/2023:21:09:37 -0500] "POST /kwsrmcab/Wsrmcab  HTTP/1.1" 200 40861
172.22.2.4 - - [19/Nov/2023:21:10:01 -0500] "POST /BLA/boletinlegal/QNAP_helpdesk.cgi?Dump=hdanz_smart_dump) HTTP/1.1" 404 1038
172.22.2.4 - - [19/Nov/2023:21:10:03 -0500] "GET /BLA/boletinlegal/f1CSI9 HTTP/1.1" 404 1038
172.22.2.4 - - [19/Nov/2023:21:10:06 -0500] "POST /BLA/boletinlegal/QNAP_helpdesk.cgi?Dump=hdanz_smart_dump) HTTP/1.1" 404 1038
172.22.2.4 - - [19/Nov/2023:21:10:52 -0500] "GET /BLA/boletinlegal/consulta_actos.php?tipo=resoluciones&no=&usuario=&sector=PEV&fecha=2019&resuelve=SE%20RESUELVE%20UN%20RECURSO HTTP/1.1" 200 32729
172.22.2.4 - - [19/Nov/2023:21:11:21 -0500] "HEAD /BLA/boletinlegal/Circulares/2011/Circular%20No.%202%20del%2031%20de%20Mayo%20de%202011.pdf HTTP/1.1" 200 -
172.22.2.4 - - [19/Nov/2023:21:11:21 -0500] "GET /BLA/boletinlegal/Circulares/2011/Circular%20No.%202%20del%2031%20de%20Mayo%20de%202011.pdf HTTP/1.1" 200 496778
172.22.2.4 - - [19/Nov/2023:21:11:25 -0500] "GET /BLA/boletinlegal/consulta_actos.php?tipo=resoluciones&no=&usuario=EFECTIMEDIOS&sector=PEV&fecha=2019&resuelve=SE%20RESUELVE%20UN%20RECURSO HTTP/1.1" 200 626
216.245.221.92 - - [19/Nov/2023:21:11:57 -0500] "HEAD / HTTP/1.1" 200 -
172.22.2.4 - - [19/Nov/2023:21:12:07 -0500] "GET /BLA/boletinlegal/consulta_actos.php?tipo=resoluciones&no=&usuario=EFECTIMEDIOS&sector=PEV&fecha=2020&resuelve=SE%20RESUELVE%20UN%20RECURSO HTTP/1.1" 200 1122
172.22.2.4 - - [19/Nov/2023:21:13:29 -0500] "GET /BLA/boletinlegal/consulta_actos.php?tipo=resoluciones&no=&usuario=EFECTIMEDIOS&sector=PEV&fecha=2021&resuelve=SE%20RESUELVE%20UN%20RECURSO HTTP/1.1" 200 626
172.22.2.4 - - [19/Nov/2023:21:13:34 -0500] "GET /BLA/boletinlegal/consulta_actos.php?tipo=resoluciones&no=&usuario=EFECTIMEDIOS&sector=PEV&fecha=2022&resuelve=SE%20RESUELVE%20UN%20RECURSO HTTP/1.1" 200 626
172.22.2.4 - - [19/Nov/2023:21:13:36 -0500] "GET /BLA/boletinlegal/consulta_actos.php?tipo=resoluciones&no=&usuario=EFECTIMEDIOS&sector=PEV&fecha=2022&resuelve=SE%20RESUELVE%20UN%20RECURSO HTTP/1.1" 200 626
172.22.2.4 - - [19/Nov/2023:21:13:37 -0500] "GET /BLA/boletinlegal/consulta_actos.php?tipo=resoluciones&no=&usuario=EFECTIMEDIOS&sector=PEV&fecha=2022&resuelve=SE%20RESUELVE%20UN%20RECURSO HTTP/1.1" 200 626
172.22.2.4 - - [19/Nov/2023:21:13:38 -0500] "GET /BLA/boletinlegal/consulta_actos.php?tipo=resoluciones&no=&usuario=EFECTIMEDIOS&sector=PEV&fecha=2022&resuelve=SE%20RESUELVE%20UN%20RECURSO HTTP/1.1" 200 626
172.22.2.4 - - [19/Nov/2023:21:13:43 -0500] "GET /BLA/boletinlegal/consulta_actos.php?tipo=resoluciones&no=&usuario=EFECTIMEDIOS&sector=PEV&fecha=2023&resuelve=SE%20RESUELVE%20UN%20RECURSO HTTP/1.1" 200 626
172.22.2.4 - - [19/Nov/2023:21:13:45 -0500] "GET /BLA/boletinlegal/consulta_actos.php?tipo=resoluciones&no=&usuario=EFECTIMEDIOS&sector=PEV&fecha=2023&resuelve=SE%20RESUELVE%20UN%20RECURSO HTTP/1.1" 200 626
201.245.192.253 - - [19/Nov/2023:21:14:37 -0500] "POST /kwsrmcab/Wsrmcab  HTTP/1.1" 200 40861
201.245.192.253 - - [19/Nov/2023:21:17:01 -0500] "POST /kwsrmcab/Wsrmcab HTTP/1.1" 200 40982
201.245.192.253 - - [19/Nov/2023:21:17:05 -0500] "POST /kwsrmcab/Wsrmcab HTTP/1.1" 200 41925
172.22.2.4 - - [19/Nov/2023:21:18:04 -0500] "HEAD /BLA/boletinlegal/Directivas/2018/Directiva%20No.%2023%20del%2026%20de%20diciembre%20de%202018.pdf HTTP/1.1" 200 -
172.22.2.4 - - [19/Nov/2023:21:18:04 -0500] "GET /BLA/boletinlegal/Directivas/2018/Directiva%20No.%2023%20del%2026%20de%20diciembre%20de%202018.pdf HTTP/1.1" 200 481134
201.245.192.253 - - [19/Nov/2023:21:19:37 -0500] "POST /kwsrmcab/Wsrmcab  HTTP/1.1" 200 40861
172.22.2.4 - - [19/Nov/2023:21:18:33 -0500] "GET /BLA/boletinlegal/ HTTP/1.1" 200 49099
201.245.192.253 - - [19/Nov/2023:21:20:28 -0500] "POST /kwsrmcab/Wsrmcab HTTP/1.1" 200 40982
201.245.192.253 - - [19/Nov/2023:21:20:32 -0500] "POST /kwsrmcab/Wsrmcab HTTP/1.1" 200 41925
186.113.64.164 - - [19/Nov/2023:21:20:38 -0500] "GET /BLA/resoluciones/ HTTP/1.1" 200 13696
186.113.64.164 - - [19/Nov/2023:21:22:08 -0500] "GET /BLA/resoluciones/index.php?dir=RESOLUCIONES+2021%2F HTTP/1.1" 200 442881
186.113.64.164 - - [19/Nov/2023:21:22:15 -0500] "GET /BLA/resoluciones/RESOLUCIONES%202021/2025.pdf HTTP/1.1" 200 629520
201.245.192.253 - - [19/Nov/2023:21:24:36 -0500] "POST /kwsrmcab/Wsrmcab  HTTP/1.1" 200 40861
52.167.144.171 - - [19/Nov/2023:21:24:53 -0500] "GET /Publicaciones/2023EE245189.pdf HTTP/1.1" 404 228
172.22.2.4 - - [19/Nov/2023:21:25:26 -0500] "GET /BLA/boletinlegal/actos.php HTTP/1.1" 200 9682
216.245.221.92 - - [19/Nov/2023:21:26:57 -0500] "HEAD / HTTP/1.1" 200 -
201.245.192.253 - - [19/Nov/2023:21:27:01 -0500] "POST /kwsrmcab/Wsrmcab HTTP/1.1" 200 40982
201.245.192.253 - - [19/Nov/2023:21:27:04 -0500] "POST /kwsrmcab/Wsrmcab HTTP/1.1" 200 41925
172.22.2.4 - - [19/Nov/2023:21:26:56 -0500] "HEAD /BLA/boletinlegal/ HTTP/1.1" 200 -
182.42.111.213 - - [19/Nov/2023:21:29:00 -0500] "GET / HTTP/1.1" 200 319
186.102.25.230 - - [19/Nov/2023:21:29:14 -0500] "OPTIONS /kwssiamovil/sm/setfile/f? HTTP/1.1" 200 13
186.102.25.230 - - [19/Nov/2023:21:29:14 -0500] "POST /kwssiamovil/sm/setfile/f? HTTP/1.1" 200 381
172.22.2.4 - - [19/Nov/2023:21:27:47 -0500] "GET /BLA/boletinlegal/ HTTP/1.1" 200 58294
186.102.25.230 - - [19/Nov/2023:21:29:33 -0500] "GET /kwssiamovil/sm/acme/a?s=U2FsdGVkX1+vLV731Q9R/XXHb5UM9soxSz8DTvGOBvh72V9GR9TQDpmh7d7DiVJnBJgIRurghT13NwsylX2e4pqswV1PrZyqaTFWYkia6FwXs/WOG3r6uJCyIstaWjibgpWFNhMeA4hMEAtyDq1o1kMyyOKwgl8zSdKYE/bioeSN6oXoC8Xuba1wGIpMRSxBzro2f5xSRskJ1hD6xzV/qwZzqHFjSOyTq7AwOdKl5llYlRuTbVvMQ91J5lEGKMM6StbQ0HvyABXJPd5x9AEbYg==&u=U2FsdGVkX1+ZKWnJuOESIjOCsKg+iNy6Yyh5RbXaPV8=&y=U2FsdGVkX1/56QY2IljS1RoBLuwe1LcjQbcf9E1tLZnAsMwoe9gEKhKDDiJjF4D/ HTTP/1.1" 200 26
186.102.25.230 - - [19/Nov/2023:21:29:33 -0500] "GET /kwssiamovil/sm/acme/a?s=U2FsdGVkX189niPjFOVEA3MR5Rw3Pfs0b2DrTzFvjbn2O5Qpmq0agzIM1E1N/5+qlp63+HRRG/Z6WrZxHgfXhSluT8/C60VFW7J8FcQjydWIioHubb+LnYN8wXu1RZ2AeojcjmcS8DI7Ju9mxqQU2m1Qycg7snp3iZ5MzkLu7g5LfpxK28/u9aC9z7mV2Q5hcJo8KHbLUX2IQfC0O+/JzsoPmLjdwpwa3EWspCnez+MAtP9vPIB67Bk0nyzSjC5KhtVtS586SP66V0vA2fcxve2eOB80/mFZpOsPuEJSgqEqiZK0hKXlOIkblgHY9gbmJLPIy9bDiva8+yyVeuKm9PiH24B8r2cVWYqRSIuUgwrmA4QcLdQ2fLh9WfDObGrPWf5zM3hyBehkUCx4iO1jyY68l48YbypPy6/2rqAvR5PRO6oCdkP6WrPDYSfVSf+ziVdhbOpl6ZlQslPQeMtbsyrWN/a/B6jUIiIGF4tUA+2PJir/XYQv6pLWCSCCjn+rqRbDA/k3dZcDiTgieuM16CHN0dWBnZrcyiSkjrF4WGhsFu7lYcQjjNt8tgdJ9u2VoHS8KX1Zssd/u9eTd8J6thHU5odwTWdnOax/ait5IQWcFK6mrYVBZ+0S6svPkRIdZXU0z9DLdFBwcyIH/zu2oD5nj6VejqThSnMtNtduNJKfPNqvco9WyeQR8LlURCX9/b5ko3npoHjKXYzgauEFdLIGlUE+/uYalz+p+rNvZY8xy5fHgKgh5VzJApdJCx2i0FbyWr+FegP5ef6TFY9cHAeh5zwEtmXwV++59A10uNCA42I0Xy9n7ORy/4fuheOWY4jZ0EXEBfCJYqaB1TO9srQvZe3Ey3NAjljncnQ+VRdamqRUFGFTAQQjVLPXGBz3iH66YFqADM2MVGBtccEobIgqo3NLAnbV64ikrngx8RwK3aroD9jRexZjuKUKa5wY1+NR0QGIlk9AL2Z9uRPRNrU9xVKWMBmNMWqqlHKoVUjIIYEBJpN/Swduq4o7WukOziz77jecWIkoEh5J/1m1gjil3JaBpHEWNflwATJRBbPdIrGVkrNTgiRFPaqKAGqThdpAHLm45s//InrLOYZ8kMOm8Pv0axKRhpNGxKylrQehlDb5VK4Y09WhTi6D4EvOdoJYfHD0Bpao7a7PziavMsyejR1k1dJn4ePyNhwBRvpkQkoeGHBGd1bcTFjJHZSDP1puwuSPtekDiARVqKNEw42VR1sG6TBqEb/Oeia2fasxQQXi1N0eL9AabR6I1J+lknPK9o9bUuO7OiX4gTuB4Is9j2D4MM3w3jxYpiQlkFvpDEUzaMpHVP9Qeme2xLsR7kQG7+Yd6crpQlJ8aI7KNi9AcjqGFO6gxcPEUx1PHjfhGoMOfpDqEYAZMkkhMKCm5kkV3GTt/MDx/qtRqajDGJM6qufr0kDewXgFQebyNoRkDxbzUhYqNXCu9+Cn1W3gTNscUFALsijsuJ7OIMrVWx0CR4+SL/fH8WKSmVIBqm/yKheUSXzXuj5Wajo6GExAVoPgNqEY5fVPyFloeRWwe3nDt+/aZBDB7nTTaxlJoYDi+2QRAcxdRONm060clya8HR50i9IT1pWcaz/9M8RKc2l62TFemLuqQeFCOgDGR4+EMU6hxiTNREYQTiYPeURUldeWd1eww4WYnbkBUT9aQ1e79XE1Rx8U41p14VYWiE2JlIOEyik83OFYpkX+sNce6wNtw0gjN7F7l3UEk/86cDkrY/XV2KdCcDr7ngaxPpThIzNM43PdKJNHfstpSDYriA7/uy9taMO2wQA2ygbN+mE4GYy4i/08gpcM4YxnhFw=&u=U2FsdGVkX1+ZKWnJuOESIjOCsKg+iNy6Yyh5RbXaPV8=&y=U2FsdGVkX1/56QY2IljS1RoBLuwe1LcjQbcf9E1tLZnAsMwoe9gEKhKDDiJjF4D/ HTTP/1.1" 200 26
186.102.25.230 - - [19/Nov/2023:21:29:34 -0500] "GET /kwssiamovil/sm/acme/a?s=U2FsdGVkX186HGyU8+fBDmruASUzFhOUM39JR6QjQm4TSPIaGNf7tMmlzM49CA1Xt/YAiqDSK2hE6NnaugsPLcMGHLybJIkL8CDHRjtUOKbkkCjq17MkoCSWQiwxBGRMWi7vD9/35RO54A+kzFcVkdBwtHjMrEW4/Lj4CoPia3k=&u=U2FsdGVkX1+ZKWnJuOESIjOCsKg+iNy6Yyh5RbXaPV8=&y=U2FsdGVkX1/56QY2IljS1RoBLuwe1LcjQbcf9E1tLZnAsMwoe9gEKhKDDiJjF4D/ HTTP/1.1" 200 26
186.102.25.230 - - [19/Nov/2023:21:29:34 -0500] "GET /kwssiamovil/sm/acme/a?s=U2FsdGVkX191gYocmQdzpQ77ERMTGI/1eXcjIudSB+AzsbBfLu1luFcweROXklH1KBac61sFfW6cwMg209HVw7Nsz2FTt/1Zl0HH+xptq4D4wRbVqmQ9uC4xdhSwDmAziXbwas6W6gDWbQ34SN7BRROnjB0V/O47ivKz/RdeNdU=&u=U2FsdGVkX1+ZKWnJuOESIjOCsKg+iNy6Yyh5RbXaPV8=&y=U2FsdGVkX1/56QY2IljS1RoBLuwe1LcjQbcf9E1tLZnAsMwoe9gEKhKDDiJjF4D/ HTTP/1.1" 200 26
186.102.25.230 - - [19/Nov/2023:21:29:34 -0500] "GET /kwssiamovil/sm/acme/a?s=U2FsdGVkX19yWMR4UOE2tVqUBSaFnoWdGjiVFmEFQjaurqEqn7Q9WuwqnSsykUBjAYsUCGshA2ggbnPTtGuPfFHY86exzMKb8BDHOLl7TNBfyhEsEaha7zfqgOlEeL8ud5k4QgVqmzIlViovZMvgrHrDQCE56O1iCvmpNJZEas4=&u=U2FsdGVkX1+ZKWnJuOESIjOCsKg+iNy6Yyh5RbXaPV8=&y=U2FsdGVkX1/56QY2IljS1RoBLuwe1LcjQbcf9E1tLZnAsMwoe9gEKhKDDiJjF4D/ HTTP/1.1" 200 26
186.102.25.230 - - [19/Nov/2023:21:29:34 -0500] "GET /kwssiamovil/sm/acme/a?s=U2FsdGVkX1/v+X3hjbj3iC20RxchqGZ7lYG+bauC3/XxWxcmLqem9EFQ8Tm7aIsfKpUzwhLImi0MAJTOOCi9RQoTuFDyUJsk15J60LPMTCSiz2mhDoyNs4fLaLcONSICih/RsgnCu44Lri4O9oI0LB7MOVEQ+U1CO4D4LyBrTA1mpvaD16Tgt/LCBtKdXLKQ3NEZZ+KtHQ9jbgz2RgEiFg==&u=U2FsdGVkX1+ZKWnJuOESIjOCsKg+iNy6Yyh5RbXaPV8=&y=U2FsdGVkX1/56QY2IljS1RoBLuwe1LcjQbcf9E1tLZnAsMwoe9gEKhKDDiJjF4D/ HTTP/1.1" 200 26
186.102.25.230 - - [19/Nov/2023:21:29:34 -0500] "GET /kwssiamovil/sm/acme/a?s=U2FsdGVkX18r6bBp7jUp7aK7YtmrWvMPRVw3tvMy2VF1VVTWc1eUPloJyDYjZJMcc6WoqI2E48SH1IwNNzwOekdPQjw69GMPTzIfTRJt5Mi4gUNKAhB80ejh8KdsVMX1q7Oa4BtoorCqXbahMrXR8vPCqPTssd70EwIDKbj44HgBdrq96pBlcMwR+lQHKVM8cWsqUR2vxLhw8OGRuDtV5Q==&u=U2FsdGVkX1+ZKWnJuOESIjOCsKg+iNy6Yyh5RbXaPV8=&y=U2FsdGVkX1/56QY2IljS1RoBLuwe1LcjQbcf9E1tLZnAsMwoe9gEKhKDDiJjF4D/ HTTP/1.1" 200 26
186.102.25.230 - - [19/Nov/2023:21:29:34 -0500] "GET /kwssiamovil/sm/acme/a?s=U2FsdGVkX1/Vt6MbOg2NZ7OT3u+47abypOH7KQTaaKyC2nNjEoe0umIZNRi1lHT/2HLncYpfIdY0Xu0tzYohZ+fvWwCZwMxQegPYFzHVQVuCvT9QLLvlWK1PBrZR3CujqfugnW7S3Ehi2lvh7ZudGVUxeTmYrfqbNfqcSDhODe+9Hw4aJ1G+V6nno0ug+5mR&u=U2FsdGVkX1+ZKWnJuOESIjOCsKg+iNy6Yyh5RbXaPV8=&y=U2FsdGVkX1/56QY2IljS1RoBLuwe1LcjQbcf9E1tLZnAsMwoe9gEKhKDDiJjF4D/ HTTP/1.1" 200 26
201.245.192.253 - - [19/Nov/2023:21:29:35 -0500] "POST /kwsrmcab/Wsrmcab  HTTP/1.1" 200 40861
40.77.167.7 - - [19/Nov/2023:21:29:58 -0500] "GET /POT-2013/Cartografia/15_Sistema%20de%20Movilidad%20_Secciones%20Viales_Circuitos_movilida.pdf HTTP/1.1" 304 -
201.245.192.253 - - [19/Nov/2023:21:30:28 -0500] "POST /kwsrmcab/Wsrmcab HTTP/1.1" 200 40982
201.245.192.253 - - [19/Nov/2023:21:30:31 -0500] "POST /kwsrmcab/Wsrmcab HTTP/1.1" 200 41925
66.249.66.194 - - [19/Nov/2023:21:31:03 -0500] "GET /consulta-y-conoce-los-proyectos-de-resolucion-de-para-los-planes-de-manejo-ambiental-de-cinco-humedales-en-bogota.html HTTP/1.1" 200 971
172.22.2.4 - - [19/Nov/2023:21:32:46 -0500] "HEAD /BLA/boletinlegal/ HTTP/1.1" 200 -
201.245.192.253 - - [19/Nov/2023:21:34:34 -0500] "POST /kwsrmcab/Wsrmcab  HTTP/1.1" 200 40861
172.22.2.4 - - [19/Nov/2023:21:33:13 -0500] "GET /BLA/boletinlegal/ HTTP/1.1" 200 45941
40.77.167.26 - - [19/Nov/2023:21:35:09 -0500] "GET /BLA/resoluciones/AUTOS%202023/5770.pdf HTTP/1.1" 200 1466595
172.22.2.4 - - [19/Nov/2023:21:33:37 -0500] "GET /BLA/boletinlegal/ HTTP/1.1" 200 47138
201.245.192.253 - - [19/Nov/2023:21:37:01 -0500] "POST /kwsrmcab/Wsrmcab HTTP/1.1" 200 40982
201.245.192.253 - - [19/Nov/2023:21:37:04 -0500] "POST /kwsrmcab/Wsrmcab HTTP/1.1" 200 41925
172.22.2.4 - - [19/Nov/2023:21:37:11 -0500] "GET /BLA/boletinlegal/Circulares/2019/.pdf HTTP/1.1" 404 1218
198.235.24.21 - - [19/Nov/2023:21:38:39 -0500] "GET / HTTP/1.0" 200 319
201.245.192.253 - - [19/Nov/2023:21:39:33 -0500] "POST /kwsrmcab/Wsrmcab  HTTP/1.1" 200 40861
172.22.2.4 - - [19/Nov/2023:21:38:39 -0500] "HEAD /BLA/boletinlegal/ HTTP/1.1" 200 -
201.245.192.253 - - [19/Nov/2023:21:40:28 -0500] "POST /kwsrmcab/Wsrmcab HTTP/1.1" 200 40982
201.245.192.253 - - [19/Nov/2023:21:40:32 -0500] "POST /kwsrmcab/Wsrmcab HTTP/1.1" 200 41925
172.22.2.4 - - [19/Nov/2023:21:40:21 -0500] "GET /BLA/boletinlegal/index.php?option=com_jacomment&view=../../../../../../../../../../etc/passwd%00 HTTP/1.1" 200 32715
172.22.2.4 - - [19/Nov/2023:21:39:29 -0500] "GET /BLA/boletinlegal/ HTTP/1.1" 200 56997
216.245.221.92 - - [19/Nov/2023:21:41:57 -0500] "HEAD / HTTP/1.1" 200 -
172.22.2.4 - - [19/Nov/2023:21:41:39 -0500] "GET /BLA/boletinlegal/index.php?option=com_zimbcomment&controller=../../../../../../../../../../etc/passwd%00 HTTP/1.1" 200 32715
172.22.2.4 - - [19/Nov/2023:21:41:39 -0500] "GET /BLA/boletinlegal/index.php?option=com_zimbcore&controller=../../../../../../../../../../etc/passwd%00 HTTP/1.1" 200 32715
186.102.25.230 - - [19/Nov/2023:21:43:16 -0500] "OPTIONS /kwssiamovil/sm/setfile/f? HTTP/1.1" 200 13
186.102.25.230 - - [19/Nov/2023:21:43:18 -0500] "POST /kwssiamovil/sm/setfile/f? HTTP/1.1" 200 381
69.30.231.226 - - [19/Nov/2023:21:43:46 -0500] "POST /guest_auth/guestIsUp.php" 404 1019
186.102.25.230 - - [19/Nov/2023:21:43:48 -0500] "GET /kwssiamovil/sm/acme/a?s=U2FsdGVkX19J366VCw61H/1JRF3ftu+uU6fB5imkRIjFFMmD5UI2iT1y9xlMAkIPt79kw9LZa+6/kkA8vxSUJCw9+vco/SMZXeSPivIeEBBBW9jQX8b2ecixMi5BUBa2Ekt68tr3FKeAv7rokq25h+Op4JofDg2Efyzpe5xLGYrRd9f7DrcJMFIxsVfa849wlf9oHc0K7AOXdP0Ev219lQBndeJ1x8sM6uKpjl8vwbK0vPESbVZyc+9fXs+e1lpuO3wQmzZjLF7cBcYBXfO7bw==&u=U2FsdGVkX1+ZKWnJuOESIjOCsKg+iNy6Yyh5RbXaPV8=&y=U2FsdGVkX1/56QY2IljS1RoBLuwe1LcjQbcf9E1tLZnAsMwoe9gEKhKDDiJjF4D/ HTTP/1.1" 200 26
186.102.25.230 - - [19/Nov/2023:21:43:48 -0500] "GET /kwssiamovil/sm/acme/a?s=U2FsdGVkX18mqPk+Il9gXTXALO7XZ4EaYJrOUBbGQ9/tfGLAv4OvKWBGtpR/spdBIb+ns4jRXtNix4ahEsSYgM1400qXv+ug+h1suMwWNXTIMsd/HYq+SC8l9V8KKvd/4BkSuvOePpMVopTb1HNXJj6TxvJiHNQqOnv5liPnxYov79uxvzP8mtDi4WXya9J6BxiZADtAw8+LfXyX9Ylk/6OA8YRPT4bJiDbPZGjbev7L6hR0ZUdR36oB98RvW/65g0Q4MpQIOPDKFGY31wFQdOUyXZewOV8rvl+2yN8o6Ix6yXtP6kqamO2sW9nNHQIUPgoYEfkpJI79wZJlmab2hcXJ8mwKb3wjn1RxQyIMwvY847OCJpM84oMcH+ADlPPmvHgNWElrunuO9MeAF0e+48Cn2WIvjQHub3MFMlHOxv3UNlJw2AQhcsS+cJPTy1DCJM1OprnbrVPoKo5sAnMSth+G6KxeXE4YKxHDpktFPQcWD1jeGaMWCDu/BEDVT291+BUjbgI7q23sKSmMpt0yP6v21e7HwCajiwXIEKFlWg6+g6wpJza4f4evB0GHdS8RcwsR3Nk3lBb/N6llZArDPjNeeToLO+EOra5ua0oHmXSi9sgTQvyyTmJvqp5E6Mw+iqfooFEpvRkZEijxq3JV73VsB3VicgmPVd2tpQrAuebOx5Gi0EAONprGZZuau0MRMK00l789JvEYOX8QRRpAO7qvbtiwlJnwjRv8nD3I1eX5dqXJ13QQ4s8bbRf02JRV/4qcfnrbOB1Hntf/TrzFfhxfv3KsU3hZjfluQGrZwPa7roxuqGLq8BYU/64hNgBU0kaCydL05YHu08uD3/eMl6iWJ8EeuEe0ByOFmV2VWGqPbKBQYPLyIwd5Y1kvTlVEe4A39QSI10fCVEbyKFkOoGICLRK01453HiAPpxDUNj6CYXrB7eFKJgqC0aOmPhJFhxZ1Ifa775TaN5Ep9eKp9Jv9HiANBY9xIgQAWpwPD5VFMlwvK81TxJFE30Ofy2//ZDHcQ0biVoRoqOGqjVlGtwXlLw+ajB9ItfL71heGeQhtm3rCWA5WRad23yhSPPLSFW4hVcQYJV5hiwd/zxwmvb1qx+to1SwEUBc3DgsCr2dTn8pEXw6TOIrRawCpydBPEraY5kGis+xvY3gHqLmH5nglaVfEnTC1WHU4TdDZOlpPZeUYb3h799RH1Eg80T55RluprMPWBDYdJxmGeDU2WGjz4HaXWvzZQRdNMOm+kcKrsUyJowt9wIoYAzTszZYA3BvJP3L0EyjCVjwK7C5xcpmighPryhQ18/1QzuEKYXKG7QtOkEsGE2D70Nv0ksL/2fB4+5qY3iBI6FPKvDD8YP6A1sBVW3bDg/vVSpMlahVXVtqpwozbU7stL6gvRmeQF9pNXZpRnfdBr81I7w5txTeZryp6gmqPpylXinbKY3Zm20QvmAPmp0uk+Zl+BRm2iXr8YuGkXmyDqMON6c3J5shf3StAS68ZnRgPBJPKokOrWkQuULSVVoOruKok4yWV+MUTuBzAZBcTYLqfT+HpK/BS/6G1m5ZUHo2Ygx6Mv05E5NdsDckR1U0/gy6Nr9vep+3ZUo6J/CiZqkhoeim6XBTCsM/L7Nv2mfZvXzrc8draKFO8pR0InHQXFBDQ8xRvmV3nr7W40E7ikXj6hG+lH5u+/VNS3S4Pt5Ivsn771stnz1mzNQR4H9GMRUPVL/ofsIgjT2w2BDN5S8ZRh0uSRyLi/XdF54hPk9+A2Uw15TL2hDp90keipar4NrHir1lFHmpEjr3tNQKC1UCS8rgwhCPWylHXYqLD1aGy6tHAxW03+ArqE0ux3ig9SWXX3iCmt7EOoVQ82Z/xM5jmmHUZ8A9k9OhVw2zcAdkeOMGq8pZ96W/Fdzg4IyBCitu2u2XAUuUcdJiFWNej68e8/eS1QQ==&u=U2FsdGVkX1+ZKWnJuOESIjOCsKg+iNy6Yyh5RbXaPV8=&y=U2FsdGVkX1/56QY2IljS1RoBLuwe1LcjQbcf9E1tLZnAsMwoe9gEKhKDDiJjF4D/ HTTP/1.1" 200 26
186.102.25.230 - - [19/Nov/2023:21:43:49 -0500] "GET /kwssiamovil/sm/acme/a?s=U2FsdGVkX19Td/4YZl9F1rjENRrqbLxT6kWV50loWkVtKPVLI5VM67RoT1gqEJywP7d9Xk7l6hGwIvb4pXtcKkbX8X5h2wESXdfm06EPe9mwFKdKu/EALa22Um9pThxBAOMff5AdqNtYwe4eOVzXcaOtYgGWkK1PUNBVTlO/1TA=&u=U2FsdGVkX1+ZKWnJuOESIjOCsKg+iNy6Yyh5RbXaPV8=&y=U2FsdGVkX1/56QY2IljS1RoBLuwe1LcjQbcf9E1tLZnAsMwoe9gEKhKDDiJjF4D/ HTTP/1.1" 200 26
186.102.25.230 - - [19/Nov/2023:21:43:49 -0500] "GET /kwssiamovil/sm/acme/a?s=U2FsdGVkX1/eJzSs5PAK/6LcPgIGCMNhsiBBdnWvtrpV8TkrUpiM736dzVYExoBGZbvZ6VI595McPy4M3bk/nAKIsSS1giu25d+droeZu+iAISUd16bY1MVlhhViZ1855msPvpVezbAWdPSuJ2jMQ+C9jW41MKZ51iOQ/zuW36Y=&u=U2FsdGVkX1+ZKWnJuOESIjOCsKg+iNy6Yyh5RbXaPV8=&y=U2FsdGVkX1/56QY2IljS1RoBLuwe1LcjQbcf9E1tLZnAsMwoe9gEKhKDDiJjF4D/ HTTP/1.1" 200 26
186.102.25.230 - - [19/Nov/2023:21:43:49 -0500] "GET /kwssiamovil/sm/acme/a?s=U2FsdGVkX1/tO5hCB9+R3wdFfdeNYRRZgvA4etF5zNsVkbElklqf7nV9IpP55hnErpZb0ZU0LtGbtE81mgBzqRld09EYZy4JwqNdzMqpaQwUvgY9uPyiyCEM5SAAQQURRUeEEGg4DVNqYlAbOYs5U90r6DY2K/RhJ5QfgPw6lXM=&u=U2FsdGVkX1+ZKWnJuOESIjOCsKg+iNy6Yyh5RbXaPV8=&y=U2FsdGVkX1/56QY2IljS1RoBLuwe1LcjQbcf9E1tLZnAsMwoe9gEKhKDDiJjF4D/ HTTP/1.1" 200 26
186.102.25.230 - - [19/Nov/2023:21:43:50 -0500] "GET /kwssiamovil/sm/acme/a?s=U2FsdGVkX1+FipjqfHeldi/K+syAqobPlTgA14fMaH80+8nzNaYw+8u3fu72nehkbxuwKcjerPSlUH76SyfswKHR6dvcEuPLVb+C9BNSwxx4emRYrWVIP29QOJB/gD9pXQQtUPVGgWGS1StyIjZjauzKma1nIh1fvmsCfYgkGWFUVYlmWRKLCnTLRbYA+ZYYSanVOT4tOIUdeLgNc6fC0A==&u=U2FsdGVkX1+ZKWnJuOESIjOCsKg+iNy6Yyh5RbXaPV8=&y=U2FsdGVkX1/56QY2IljS1RoBLuwe1LcjQbcf9E1tLZnAsMwoe9gEKhKDDiJjF4D/ HTTP/1.1" 200 26
186.102.25.230 - - [19/Nov/2023:21:43:50 -0500] "GET /kwssiamovil/sm/acme/a?s=U2FsdGVkX19wMq6HgsSK0cHfzRy5b4xIjIyIn1/fqUlOw5CrZDGXhybpGZ7EQnzJ/QIIkV3jNB3m5kBzSC9y7Xgivdp5mZdjNf1v6ICX+F3oUDRy07AAeP5GYnKcGFkQhAAoQKlTzKPwEZU6qU1lruLS1sFnzveyYc9nGimdsgicKegbkJcuX+yMCc1GtDjEh//n2kgCN/zgKc1pBTokOg==&u=U2FsdGVkX1+ZKWnJuOESIjOCsKg+iNy6Yyh5RbXaPV8=&y=U2FsdGVkX1/56QY2IljS1RoBLuwe1LcjQbcf9E1tLZnAsMwoe9gEKhKDDiJjF4D/ HTTP/1.1" 200 26
186.102.25.230 - - [19/Nov/2023:21:43:51 -0500] "GET /kwssiamovil/sm/acme/a?s=U2FsdGVkX18dMaWmQArC5rko7bPHX/LbW381Up6Mc9Uk526YrePXOSZoM2H8ePTvmBQmWzyWAf5lhtLvA/1vv7jUCA0kBNi3SLlALbYXdRov/5bSC1bH6wsQx7i0kGz1e5tAW/Rq1kQFF9PXPYFqG4NQwK5qXEQs1uOw9FgpH6pJcuGhe9waM48frHHdEgEr&u=U2FsdGVkX1+ZKWnJuOESIjOCsKg+iNy6Yyh5RbXaPV8=&y=U2FsdGVkX1/56QY2IljS1RoBLuwe1LcjQbcf9E1tLZnAsMwoe9gEKhKDDiJjF4D/ HTTP/1.1" 200 26
41.235.206.79 - - [19/Nov/2023:21:44:19 -0500] "GET / HTTP/1.1" 200 319
201.245.192.253 - - [19/Nov/2023:21:44:32 -0500] "POST /kwsrmcab/Wsrmcab  HTTP/1.1" 200 40861
172.22.2.4 - - [19/Nov/2023:21:44:29 -0500] "HEAD /BLA/boletinlegal/ HTTP/1.1" 200 -
172.22.2.4 - - [19/Nov/2023:21:45:19 -0500] "GET /BLA/boletinlegal/index.php?option=com_wmi&controller=../../../../../../../../../etc/passwd%00 HTTP/1.1" 200 24523
172.22.2.4 - - [19/Nov/2023:21:46:24 -0500] "GET /BLA/boletinlegal/robots.txt HTTP/1.1" 404 1038
172.22.2.4 - - [19/Nov/2023:21:46:25 -0500] "GET /BLA/boletinlegal/Directivas/2014/Directiva%20No.%204%20del%2006%20de%20Junio%20de%202014.pdf HTTP/1.1" 200 236794
216.245.221.92 - - [19/Nov/2023:21:46:57 -0500] "HEAD / HTTP/1.1" 200 -
172.22.2.4 - - [19/Nov/2023:21:45:20 -0500] "GET /BLA/boletinlegal/ HTTP/1.1" 200 51333
201.245.192.253 - - [19/Nov/2023:21:49:31 -0500] "POST /kwsrmcab/Wsrmcab  HTTP/1.1" 200 40861
172.22.2.4 - - [19/Nov/2023:21:50:06 -0500] "GET /BLA/boletinlegal/index.php?option=com_graphics&controller=../../../../../../../../../etc/passwd%00 HTTP/1.1" 200 32715
216.245.221.92 - - [19/Nov/2023:21:51:57 -0500] "HEAD / HTTP/1.1" 200 -
172.22.2.4 - - [19/Nov/2023:21:50:18 -0500] "HEAD /BLA/boletinlegal/ HTTP/1.1" 200 -
172.22.2.4 - - [19/Nov/2023:21:51:09 -0500] "GET /BLA/boletinlegal/ HTTP/1.1" 200 56997
186.102.25.230 - - [19/Nov/2023:21:54:05 -0500] "GET /kwssiamovil/sm/ldap/au?x=U2FsdGVkX1/tWn+uew24im9yMnoYXr0ms+60a1vDKwN1WCx9HdWttupqF30p8sUD&y=U2FsdGVkX1+R18h4DIeo2VwBLy36xJMy8ApY2sSXXnURvRkjFZoamwKPTdXnhx8p HTTP/1.1" 200 30
186.102.25.230 - - [19/Nov/2023:21:54:05 -0500] "GET /kwssiamovil/sm/acme/s?s=U2FsdGVkX1/xu5I7/oBmAn7fGK07YRIAkmH54nhPZvWcCdWUTD/Ccmr0HzEh40V4Rr/VSyg2/jyseDOezqToZGNrbT+TEg+hym963Mk9sh4=&u=U2FsdGVkX19g2HJReITXV/vC3oM27kygyJqdAY0yFss=&y=U2FsdGVkX1+R18h4DIeo2VwBLy36xJMy8ApY2sSXXnURvRkjFZoamwKPTdXnhx8p HTTP/1.1" 200 97
186.102.25.230 - - [19/Nov/2023:21:54:05 -0500] "GET /kwssiamovil/sm/acme/s?s=U2FsdGVkX18AfiycZz4b6kJ7ijkbl5Hunma3d7ZRkRffdlK2Dwct59oGuaolSCVipRy3Vieobp/YFuYSOZJzIL6TNi6h/s+6UelgSHbwYWDnUxoKujAVFKTFmXKMnn1iANzhL6cwlx/YvgiiBuJAwGtW/4fiZnWrvs136yq15Kh1ifIwuuAHfJrOo0XRirQ5mk9wkT2Za8Q01QVySM3bsDaXf5kg5CQdkpGlOxa1GVUrWAwfl8Zymdz6QF2Q/e4weQvBpOZHxTYQuttDI7zvbX/kbUQEBlL1rapUnkc2yb5gTfkb37N86y9z5cUgin0uGtoqQMz+SF2jQ9fs9d+Rrnb21YGnR4JjnOYkoB8UzoGd8hgOEha2cg68IsAfbFBhEFFwTCSPPEojosLEkyjzhZVwzafNjK9/CyKPJLs0k1ken+CTuS75AjKCop6zSulyVGo8N0ivlOnLzQbov+pLUCT0WCzRCzfcEoU2clmvvKiF43lFJCrMC0adrHLz/OecCU2R+Xs7NDw2wUHslOWCSYRI3u1arSZmeJr/tbpr2AXT8KLSHsqFFDEXvD+YYLk7KU+q0IQQSMGM8Y4I7Q62+ixmh7KhpKd/6ZvQgHnsRXIO1/J2vIBJpDfeNkv44cj/910sy7EVYo4CqYEOO4f1u9ZhjvMU3A3KTDe8RqDsWarQoq76D97ldIex+6AbqDAUG8uZn6QcTPgRawYbWP+IJvRygsR8MnAuZqZu5SLcDFt8TDeDPEXe3lwgN6fV2F2dN+gXZkf/oNs2U0KfXd/9WTeK455ASp2wJNQ02FGVVfJZ+8eeffIZ2WUoZfyjqB+bvCwOOr2REJQDGW1rGREMI01t5ohsNcrCO9j47xWygtod7DLxTmj7IOn7F7gwX/eulkLjvgRs6h+llV9rVW6SOqwtIFp/jot6keeLWLLjoRGQYMVDZFCIXpMnbhEQFCIlkBPljW38M/Q4OALhdWRvCiPVcxB+amkpiERuYOsgILZaQcmpZfw2x00zDRx7Sak2ijYV1Z7zLMchxfmX0DgNW7rjFsPPfPLfKeq6lfHcpbb2xluVfQf00WbWtwMpaDom98wCQL1Qxd196TQhCsTqkwgwwXZcevK5/kkA0zU0QVS4fuMvudexWMQ7sxJRZdjTwOd14xRLQyHrWs6CAV3EtfT0YGaO32OD7roQ6lXTOYXM9H/DXRVbD+sRk7vrm1O3JED9yd8SCgcgpjh1FjSuAgigzkoKgX3gC5T4ZhuDdCldsFQVmNmDltAdK8Cl6XeyTY+iyEXuTiE/GJjYxKuyo6V9pkpJex53WC+kLLCADM60MW1BrTukxOrkUDLDFDz4A66w0Bpz8WvIbVktWSrg/59upjOc1pHoUnSssZ19/OrD5zSka777YSnxbYz1IoUUi4yhhGXjlc26+AZFjCV0Rp3RsKJnphlrwq+1M6MevGgo/N7uiN8vXSQTzVxpBm5j1GYhawb70YZnDbJ8qFMc37cdjmn2yLzQiSe5MSEoMiT/1fsOncXfvnFAShbjGvs8X6ltgWgVX7UV+6OLspTxYbJWvKi6NnOuQBemZmubi9eMRZ8Qls55EjV60KPLUkOmywAQQKUPciGMI2QsupE1rhOOdmrKa4HG/BYv6wyy1jGsapbrBGT0EV8YQnnwTjN9Ty5eq9DSw1GghiQUzwxSu8gGMw1zSYqtwVhGLDRa9kWCR/ulQEOKmYRUVJhfqskj2E4zIphJh0qzDegqBqpFjHGySORbmFKXAZJb7F5EEBo=&u=U2FsdGVkX19g2HJReITXV/vC3oM27kygyJqdAY0yFss=&y=U2FsdGVkX1+R18h4DIeo2VwBLy36xJMy8ApY2sSXXnURvRkjFZoamwKPTdXnhx8p HTTP/1.1" 200 4545
186.102.25.230 - - [19/Nov/2023:21:54:05 -0500] "GET /kwssiamovil/sm/acme/s?s=U2FsdGVkX19t8QvNr0aDMJJLJXppjWkQ4A4bP32o8e6GGeiuDM2MRhbb2QZ2ND4PHxHCsHAjmhh6YKkp2oCdzOLw8OMzKumnNpIv6P7Ml6340BoA1CphifpVazEyt3tHbCZlxA8dpEand5lfzK3735Rpnl3ct1IbwWFMM4cmgT4hoE3/bmk/77e7mjL2OPalArulZr51dTXMSYY8mHkV1jaadVIcrF3jQgLhUuNnV12AC9sCb/gj36d1YKsx0s+uMsJBbtzYM48AghjHR/H86Y1uvDe9fpXwws6jphfmrX8c5szhy2fPtYgfIH4BEkQtaDcprVeIcX+Xca3FkG4zWy98CBNbQivUiWL0DZA/B+5XHaplTOuCegbRRgHrPxx9LAih1qjAMpkezrhYkYHhA8DSYflZYrO2LvrvEH3Ip0F2QRgFjG4AMPRvOA6k6DgexC9WosrC3JYKVK53WzGJTlZLJ0zn9SxB1OE6dHKJe5362baTiBt8loBZXvYRE5bY9/nsSa2d9KZNtc5cUMo52XQvzY1UB2Av706gT/+WkwWjEyspteKiCQB2eElv4V2h9Ak9YDC8+VsLhb2HBM10qGclUUgLkeoeMYlM/b4v7QW56LC9qDm9UFmWkdUXduHnZVGuHsBL7yiQG1WFWqJ1W35sGaCSQ09VgfIitrQeNO0+DTDhWpIoqs0UaG1AxBkmvybQiKyGFAul/1uLhFFFCNwatMeImy5OrhR2mHrGa9G6Sno32E0+L2PHG85BNyZV&u=U2FsdGVkX19g2HJReITXV/vC3oM27kygyJqdAY0yFss=&y=U2FsdGVkX1+R18h4DIeo2VwBLy36xJMy8ApY2sSXXnURvRkjFZoamwKPTdXnhx8p HTTP/1.1" 200 208
186.102.25.230 - - [19/Nov/2023:21:54:06 -0500] "GET /kwssiamovil/sm/cjson/pre?f=1&x=U2FsdGVkX1/tWn+uew24im9yMnoYXr0ms+60a1vDKwN1WCx9HdWttupqF30p8sUD HTTP/1.1" 200 31032
201.245.192.253 - - [19/Nov/2023:21:54:29 -0500] "POST /kwsrmcab/Wsrmcab  HTTP/1.1" 200 40861
113.117.146.90 - - [19/Nov/2023:21:54:35 -0500] "HEAD /catalogoisis/ HTTP/1.1" 404 -
172.22.2.4 - - [19/Nov/2023:21:54:52 -0500] "GET /BLA/boletinlegal/Directivas/2017/Directiva%20No.%2003%20del%2024%20de%20Febrero%20de%202017.pdf HTTP/1.1" 200 6911517
186.102.25.230 - - [19/Nov/2023:21:55:31 -0500] "OPTIONS /kwssiamovil/sm/setfile/f? HTTP/1.1" 200 13
113.117.146.90 - - [19/Nov/2023:21:54:01 -0500] "HEAD /bla/boletinlegal/ HTTP/1.1" 200 -
186.102.25.230 - - [19/Nov/2023:21:55:33 -0500] "POST /kwssiamovil/sm/setfile/f? HTTP/1.1" 200 381
186.102.25.230 - - [19/Nov/2023:21:55:51 -0500] "GET /kwssiamovil/sm/acme/a?s=U2FsdGVkX1+WqNfkWYYgYI3QMHvRrBcR1zG4wYqbsdg0hY9PTAhesoka2LJhZ1cDxvBsepmNWa++johN3gqYME0KM1aWKpQtYTNp4ea037CLxKsWQG/tnH475CKNV1ApkUwlftOEDBdSdNfz7fjvfzZPryJoII7ZRMTFb1o76mLZwsoXY1d7tUNEh98xg/omk/euCMObt2yUikLyOkPJuLiMt7NkjwdEuJlOAwA/bNXmp+T8qI4tcKH3rx3hsFSsvUk5WYyXISHEb16d6Abk7Q==&u=U2FsdGVkX19g2HJReITXV/vC3oM27kygyJqdAY0yFss=&y=U2FsdGVkX1+R18h4DIeo2VwBLy36xJMy8ApY2sSXXnURvRkjFZoamwKPTdXnhx8p HTTP/1.1" 200 26
186.102.25.230 - - [19/Nov/2023:21:55:53 -0500] "GET /kwssiamovil/sm/acme/a?s=U2FsdGVkX19ed90NIAqkY+YJJZBW7zAqsBpS/2YiQVAr203Wm2VqeI39Ej83P9TPgyXAh4pFa97is8iF+8VPYe43vSHb3bxjUgYdy/GTjlUH5CC1S1wPSoLzGb9iNkaGYDiHZItSjV5VwJIRQV0FqQwc5PvcUUryEbUZiwqL0+G4ZibyXInyEV+oshfjzsxoamV0g8R8W/+2RuIU5+72KIIutUHKUJJ0MWRcEgkTnY4/7JHWWjzMypcGdJ22A5QRocW0dTNLcEmhIzDoGVCdgespt/hiXytj7vfcBRbMROy/GTYiZ/YZMKSz1UX3/odfOZgZ2xev8LxHLw5rUUZJvHegxdJJ4DHfPzFgGB3+iRWm/KLDXv+EsPhYwScamahDeImR3QLc660MJ4vDC+TrnbkTQqhICWJXJrrr+KKC7I6Imfei2fz5XyNP0tNCqI293uVgUH6eapstyqIRgf6aUcnAAkBGrQpx/k6PUth+WPIVG6Ucev/GdpMMCIHaodku3R40/VfsF0V41hw8DU7QWm9lCmYSnM8l1JdTBFsqKdm/btyzW0XmjVF7aWJ8yDXyIaUd9CW4zOzuG1BXLzqwBlYjLL5maaI3VaZIFlSERjo617BFdyUx4Qp/ENONm2WVVX/N4i/fxSiRABoroxDNstAX5izAu+swp9Q+sBCYDPbtvo/wxt0qEmk90iIgxCxA07IvIigvyXdRkXU6iu4gn+b5XfBDqicQV6qCLm7pXAaUUifpQDqJacyeBGV4HBRdkoxOJcsIE5jroejuRVmiSTCPkA/OPU/UpybPONCv592o6Wzzx6+YRG5e+1+UrFwVkfFhB+lv4r2XZ/DlRcgnwtdj82wIPKotsO0mzDcSb0aNUXi/a8p22fJNksvGVuHGzDh/W4EPjt6i5+4KxW7/4xPN51riTt/NN+CwjCq6pWHU4rwyGftcHn1vpPe8JSZfuN+MXn/C9LWd1He/TLb2tj57nhjgRcLHy82oI2c7KYLBpDZ8dOjRBOX/1cBeXV3BljJGCxGk9m4FnDiSu12Pso/39AyJ67KCPSyxCt208z1zVBE+XOWasgj4RUQFartIcc18c0wuytl8mCRM3RWClVxNeiuIvnM3zKS9nPGruaMxkmALKXj5jQt7hzocCDn442pXmp1lqloa0k2oXeLQKforGZZU5rAn9uvSTjMjwyAt7EDtRlWaG0/CwQmk5QJPJ4CdK9mjyqUBfvja2Rz6ZqsOdgdhpI1HebuVi6xcBeS8mqDJjreo4JAnBQlOkPRu6pG+V4lBfVzjf3PwsMNQcyvasHQHbkitKkh8LmN8DYsfOQVaaTpfG1TCzaxVU0sXvLF1+4llgYyhhQlb0JpN1WzoHQ8zoU28mJJGEQjKvfhz8w2tPOuxx1Mk1qAyz6QUO/1YfdhY7BmtFALuwkRKfPTqA4o0dL/Ez/LOw0qNe0B3wf7xsLSMxQ98ASZpu63cmjYuhDvsRbmRXKd8iB5tRjwkMbGF9kI7N9EuC5yPrPZgEdB7iUVmWIxsH4154R2sp2k48yb3cS1Ol0ebj2we6MFH8pVCX/2LrEKLK++urzDf9fXkPPmEdKmcCNLsaopDBhnE0LMYx+u+BISQ4XjVvkAkvsELzcmfZFE/ktcOh4e+5a5T8wp9AMliwUYg0DPiP89BF0Mse9rGPk4UJOnmUZDDdWYoRSsMNW1xHComR3V7LvnE/GFUBVn3z8/snKZ0/BaFEMP11IAzIy3ouJ16gTjRs1wDBR09U7EsSuxL7JSMSrzBPlyttp7sngzKeR7rhKLM/gq1i6w9kzAS6CJXP6TYVRmOnrKA9NR46SOF7YHMrAzzPukpRvVR7s82EUuL+a2VKO62rDaLJicbNw0u+w==&u=U2FsdGVkX19g2HJReITXV/vC3oM27kygyJqdAY0yFss=&y=U2FsdGVkX1+R18h4DIeo2VwBLy36xJMy8ApY2sSXXnURvRkjFZoamwKPTdXnhx8p HTTP/1.1" 200 26
186.102.25.230 - - [19/Nov/2023:21:55:53 -0500] "GET /kwssiamovil/sm/acme/a?s=U2FsdGVkX19TnnO02xFup4c33Es3q1n9EMfOjXScyNIjw31VEEI1YOvfqJ0BPqQ97kwiOXfFhwbw6U83v/3aR3+zPUgLOPytN7NWbnrKes9xy+Hoiu4Xytg+/kqzIfW+4+ffrWAzCVmiXLAD8dBTN0NWahxTW9V6Xd7S46dID5I=&u=U2FsdGVkX19g2HJReITXV/vC3oM27kygyJqdAY0yFss=&y=U2FsdGVkX1+R18h4DIeo2VwBLy36xJMy8ApY2sSXXnURvRkjFZoamwKPTdXnhx8p HTTP/1.1" 200 26
186.102.25.230 - - [19/Nov/2023:21:55:54 -0500] "GET /kwssiamovil/sm/acme/a?s=U2FsdGVkX1/BE+kPrFPaOeJc7WZZcqiK3PTW66aVWR292KI6fpTRxsWmc+w8qQR3RODEQQ0gsF9ANrNyiucrKYQ2gBC6OUy4c7ZjSnJLwCoun9qeNHdZ8RKcUnx9seMa/vMudbIostPibW/yqLEsuMj/MIvIQtxpWJo3pqxyx7E=&u=U2FsdGVkX19g2HJReITXV/vC3oM27kygyJqdAY0yFss=&y=U2FsdGVkX1+R18h4DIeo2VwBLy36xJMy8ApY2sSXXnURvRkjFZoamwKPTdXnhx8p HTTP/1.1" 200 26
186.102.25.230 - - [19/Nov/2023:21:55:54 -0500] "GET /kwssiamovil/sm/acme/a?s=U2FsdGVkX19wMhdts1z40OxBJil0fgwZLknXRxUFrKwYorXscUYsdN7lant4m9hHPnAbZSqvtvzUNlifpBOERmFZ6TG55bbtsqGnXfHpLF6gjVAegoMYwFCMulfTN5QD4t5MfFEhEcXaY6/9Qby/meH1nz6dXPDlUXFIcyb6Ckc=&u=U2FsdGVkX19g2HJReITXV/vC3oM27kygyJqdAY0yFss=&y=U2FsdGVkX1+R18h4DIeo2VwBLy36xJMy8ApY2sSXXnURvRkjFZoamwKPTdXnhx8p HTTP/1.1" 200 26
186.102.25.230 - - [19/Nov/2023:21:55:54 -0500] "GET /kwssiamovil/sm/acme/a?s=U2FsdGVkX18ZQYkyjbiSFb6cVgQsRFNBn38paKR7ng/p66So2ARiRLteFgTMRIr36fxpZhpkzazCHDjTR+v8rEuOr71/NINg8icQ6Sk4T0mb2K80lh3j+ljwR4B3AEtLgstfp30uYC0lP4gdh+mDDIFEfh9urT/cbrFpNw5BRmPyHftOkrxgr90VyXjj2jwfWl8Z+LEtly2/tHcqzkcB+A==&u=U2FsdGVkX19g2HJReITXV/vC3oM27kygyJqdAY0yFss=&y=U2FsdGVkX1+R18h4DIeo2VwBLy36xJMy8ApY2sSXXnURvRkjFZoamwKPTdXnhx8p HTTP/1.1" 200 26
186.102.25.230 - - [19/Nov/2023:21:55:54 -0500] "GET /kwssiamovil/sm/acme/a?s=U2FsdGVkX18/y4awLSmx0BpSmUmzNa0uSK8fOPa6SkJ1/KFzX05xwbWSDS2m+we5Y9Q/gykNEDPDrWR+yqYuuvCB0c3xHlOROwakOvs3nG13vvCw+Xub7JySuF+iNuXVqORUunPS6DyzIoVtokpdVYcuJKor6J9iwyM0brav46/CGoj0+gyyLFOe5Onn1K/17n/taGHNNVTd++ZxOoGE1A==&u=U2FsdGVkX19g2HJReITXV/vC3oM27kygyJqdAY0yFss=&y=U2FsdGVkX1+R18h4DIeo2VwBLy36xJMy8ApY2sSXXnURvRkjFZoamwKPTdXnhx8p HTTP/1.1" 200 26
186.102.25.230 - - [19/Nov/2023:21:55:54 -0500] "GET /kwssiamovil/sm/acme/a?s=U2FsdGVkX18hbeWyJZ3KBCUK77rmBGRPfDbwhBtNASccRBt6MnKAN1ezMqwZcAmZRxlrkMn0GgW2MdQQ1wJslcJJP9L4VaydB2JRSRkfhGlm/2fEUfYabo4vxvcZGmG4vYzy922MUK6nfHruxW4GyZl2jjtaJngQjWZK7ViLEZWPfklxYE9/s2O1frYwri2K&u=U2FsdGVkX19g2HJReITXV/vC3oM27kygyJqdAY0yFss=&y=U2FsdGVkX1+R18h4DIeo2VwBLy36xJMy8ApY2sSXXnURvRkjFZoamwKPTdXnhx8p HTTP/1.1" 200 26
216.245.221.92 - - [19/Nov/2023:21:56:57 -0500] "HEAD / HTTP/1.1" 200 -
20.210.58.97 - - [19/Nov/2023:21:57:25 -0500] "GET /Publicaciones/2023EE253925.pdf HTTP/1.1" 404 228
172.22.2.4 - - [19/Nov/2023:21:56:08 -0500] "HEAD /BLA/boletinlegal/ HTTP/1.1" 200 -
172.22.2.4 - - [19/Nov/2023:21:56:59 -0500] "GET /BLA/boletinlegal/ HTTP/1.1" 200 52214
201.245.192.253 - - [19/Nov/2023:21:59:27 -0500] "POST /kwsrmcab/Wsrmcab  HTTP/1.1" 200 40861
216.244.66.195 - - [19/Nov/2023:21:59:57 -0500] "GET /robots.txt HTTP/1.1" 404 1018
216.245.221.92 - - [19/Nov/2023:22:01:57 -0500] "HEAD / HTTP/1.1" 200 -
172.22.2.4 - - [19/Nov/2023:22:01:07 -0500] "GET /BLA/boletinlegal/ HTTP/1.1" 200 58644
172.22.2.4 - - [19/Nov/2023:22:01:58 -0500] "HEAD /BLA/boletinlegal/ HTTP/1.1" 200 -
172.22.2.4 - - [19/Nov/2023:22:02:48 -0500] "GET /BLA/boletinlegal/index.php?option=com_smartsite&controller=../../../../../../../../../../etc/passwd%00 HTTP/1.1" 200 24523
185.157.246.199 - - [19/Nov/2023:22:04:07 -0500] "GET /backend/.env HTTP/1.1" 404 1018
185.157.246.199 - - [19/Nov/2023:22:04:07 -0500] "GET /frontend/.env HTTP/1.1" 404 1018
172.22.2.4 - - [19/Nov/2023:22:02:49 -0500] "GET /BLA/boletinlegal/ HTTP/1.1" 200 51333
201.245.192.253 - - [19/Nov/2023:22:04:26 -0500] "POST /kwsrmcab/Wsrmcab  HTTP/1.1" 200 40861
216.245.221.92 - - [19/Nov/2023:22:06:57 -0500] "HEAD / HTTP/1.1" 200 -
172.22.2.4 - - [19/Nov/2023:22:07:02 -0500] "GET /BLA/boletinlegal/index.php?option=com_noticeboard&controller=../../../../../../../../../../etc/passwd%00 HTTP/1.1" 200 32715
201.245.192.253 - - [19/Nov/2023:22:09:25 -0500] "POST /kwsrmcab/Wsrmcab  HTTP/1.1" 200 40861
172.22.2.4 - - [19/Nov/2023:22:07:48 -0500] "HEAD /BLA/boletinlegal/ HTTP/1.1" 200 -
172.22.2.4 - - [19/Nov/2023:22:08:31 -0500] "GET /BLA/boletinlegal/index.php?option=com_ultimateportfolio&controller=../../../../../../../../../../etc/passwd%00 HTTP/1.1" 200 32715
172.22.2.4 - - [19/Nov/2023:22:08:39 -0500] "GET /BLA/boletinlegal/ HTTP/1.1" 200 54105
172.22.2.4 - - [19/Nov/2023:22:10:40 -0500] "GET /BLA/boletinlegal/index.php?option=com_arcadegames&controller=../../../../../../../../../../etc/passwd%00 HTTP/1.1" 200 32715
172.22.2.4 - - [19/Nov/2023:22:10:41 -0500] "GET /BLA/boletinlegal/index.php?option=com_onlineexam&controller=../../../../../../../../../../etc/passwd%00 HTTP/1.1" 200 32715
216.245.221.92 - - [19/Nov/2023:22:11:57 -0500] "HEAD / HTTP/1.1" 200 -
201.245.192.253 - - [19/Nov/2023:22:14:23 -0500] "POST /kwsrmcab/Wsrmcab  HTTP/1.1" 200 40861
172.22.2.4 - - [19/Nov/2023:22:13:38 -0500] "HEAD /BLA/boletinlegal/ HTTP/1.1" 200 -
162.55.35.116 - - [19/Nov/2023:22:16:08 -0500] "GET / HTTP/1.1" 200 319
172.22.2.4 - - [19/Nov/2023:22:14:29 -0500] "GET /BLA/boletinlegal/ HTTP/1.1" 200 56187
162.55.35.116 - - [19/Nov/2023:22:16:10 -0500] "GET / HTTP/1.1" 200 4720
216.244.66.195 - - [19/Nov/2023:22:16:19 -0500] "GET /BLA/resoluciones/AUTOS%202015/0182.pdf HTTP/1.1" 200 504490
216.244.66.195 - - [19/Nov/2023:22:16:53 -0500] "GET /BLA/resoluciones/AUTOS%202015/2768.pdf HTTP/1.1" 200 387759
216.245.221.92 - - [19/Nov/2023:22:16:57 -0500] "HEAD / HTTP/1.1" 200 -
201.245.192.253 - - [19/Nov/2023:22:17:01 -0500] "POST /kwsrmcab/Wsrmcab HTTP/1.1" 200 40965
201.245.192.253 - - [19/Nov/2023:22:17:04 -0500] "POST /kwsrmcab/Wsrmcab HTTP/1.1" 200 42068
216.244.66.195 - - [19/Nov/2023:22:17:39 -0500] "GET /BLA/resoluciones/AUTOS%202015/3519.pdf HTTP/1.1" 200 498970
172.22.2.4 - - [19/Nov/2023:22:17:49 -0500] "GET /BLA/boletinlegal/index.php?option=com_archeryscores&controller=../../../../../../../../../etc/passwd%00 HTTP/1.1" 200 32715
172.22.2.4 - - [19/Nov/2023:22:17:58 -0500] "GET /BLA/boletinlegal/index.php?option=com_if_surfalert&controller=../../../../../../../../../../etc/passwd%00 HTTP/1.1" 200 24523
172.22.2.4 - - [19/Nov/2023:22:17:55 -0500] "GET /BLA/boletinlegal/index.php?option=com_mtfireeagle&controller=../../../../../../../../../../etc/passwd%00 HTTP/1.1" 200 32715
200.118.61.63 - - [19/Nov/2023:22:18:58 -0500] "GET /BLA/resoluciones/dlf/styles.css HTTP/1.1" 200 3049
200.118.61.63 - - [19/Nov/2023:22:18:58 -0500] "GET /BLA/resoluciones/dlf/dirup.png HTTP/1.1" 200 644
200.118.61.63 - - [19/Nov/2023:22:18:58 -0500] "GET /BLA/resoluciones/dlf/pdf.gif HTTP/1.1" 200 272
200.118.61.63 - - [19/Nov/2023:22:18:58 -0500] "GET /BLA/resoluciones/dlf/bg.gif HTTP/1.1" 200 54
200.118.61.63 - - [19/Nov/2023:22:18:58 -0500] "GET /BLA/resoluciones/index.php?dir=AUTOS+2015%2F HTTP/1.1" 200 584657
200.118.61.63 - - [19/Nov/2023:22:18:59 -0500] "GET /BLA/resoluciones/dlf/unknown.png HTTP/1.1" 200 266
200.118.61.63 - - [19/Nov/2023:22:19:00 -0500] "GET /BLA/resoluciones/ HTTP/1.1" 200 13696
200.118.61.63 - - [19/Nov/2023:22:19:00 -0500] "GET /BLA/resoluciones/dlf/folder.png HTTP/1.1" 200 410
200.118.61.63 - - [19/Nov/2023:22:19:03 -0500] "GET /BLA/resoluciones/dlf/archive.png HTTP/1.1" 200 632
200.118.61.63 - - [19/Nov/2023:22:19:03 -0500] "GET /BLA/resoluciones/index.php?dir=AUTOS+2023%2F HTTP/1.1" 200 407446
201.245.192.253 - - [19/Nov/2023:22:19:22 -0500] "POST /kwsrmcab/Wsrmcab  HTTP/1.1" 200 40861
168.119.253.21 - - [19/Nov/2023:22:19:47 -0500] "GET / HTTP/1.1" 200 319
168.119.253.21 - - [19/Nov/2023:22:19:48 -0500] "GET / HTTP/1.1" 200 4720
201.245.192.253 - - [19/Nov/2023:22:20:28 -0500] "POST /kwsrmcab/Wsrmcab HTTP/1.1" 200 40965
201.245.192.253 - - [19/Nov/2023:22:20:31 -0500] "POST /kwsrmcab/Wsrmcab HTTP/1.1" 200 42068
172.22.2.4 - - [19/Nov/2023:22:19:28 -0500] "HEAD /BLA/boletinlegal/ HTTP/1.1" 200 -
66.220.149.117 - - [19/Nov/2023:22:21:47 -0500] "GET /images/Zorro%20cangrejero.jpg HTTP/1.1" 200 40050
216.245.221.92 - - [19/Nov/2023:22:21:57 -0500] "HEAD / HTTP/1.1" 200 -
172.22.2.4 - - [19/Nov/2023:22:20:19 -0500] "GET /BLA/boletinlegal/ HTTP/1.1" 200 58644
31.13.127.19 - - [19/Nov/2023:22:22:02 -0500] "GET /recuperado-zorro-cangrejero-que-era-tenido-ilegalmente-como-mascota-en-una-vivienda-del-sur-de-bogota.html HTTP/1.1" 200 801
31.13.127.6 - - [19/Nov/2023:22:22:02 -0500] "GET /recuperado-zorro-cangrejero-que-era-tenido-ilegalmente-como-mascota-en-una-vivienda-del-sur-de-bogota.html HTTP/1.1" 200 801
31.13.127.8 - - [19/Nov/2023:22:22:02 -0500] "GET /recuperado-zorro-cangrejero-que-era-tenido-ilegalmente-como-mascota-en-una-vivienda-del-sur-de-bogota.html HTTP/1.1" 200 801
69.171.251.7 - - [19/Nov/2023:22:22:05 -0500] "GET /recuperado-zorro-cangrejero-que-era-tenido-ilegalmente-como-mascota-en-una-vivienda-del-sur-de-bogota.html HTTP/1.1" 200 801
172.22.2.4 - - [19/Nov/2023:22:22:45 -0500] "GET /BLA/boletinlegal/index.php?option=com_market&controller=../../../../../../../../../../etc/passwd%00 HTTP/1.1" 200 24523
172.22.2.4 - - [19/Nov/2023:22:22:50 -0500] "GET /BLA/boletinlegal/index.php?option=com_drawroot&controller=../../../../../../../../../../etc/passwd%00 HTTP/1.1" 200 24523
40.77.167.235 - - [19/Nov/2023:22:23:50 -0500] "GET /Publicaciones/2023EE205564.pdf HTTP/1.1" 404 228
52.167.144.205 - - [19/Nov/2023:22:24:09 -0500] "GET /Publicaciones/2023EE212339.pdf HTTP/1.1" 404 228
172.22.2.4 - - [19/Nov/2023:22:23:30 -0500] "GET /BLA/boletinlegal/index.php?option=com_jvehicles&controller=../../../../../../../../../../etc/passwd%00 HTTP/1.1" 200 24523
172.22.2.4 - - [19/Nov/2023:22:23:18 -0500] "GET /BLA/boletinlegal/index.php?option=com_smestorage&controller=../../../../../../../../../etc/passwd%00 HTTP/1.1" 200 24523
201.245.192.253 - - [19/Nov/2023:22:24:21 -0500] "POST /kwsrmcab/Wsrmcab  HTTP/1.1" 200 40861
172.22.2.4 - - [19/Nov/2023:22:23:38 -0500] "GET /BLA/boletinlegal/index.php?option=com_properties&controller=../../../../../../../../../../../../../etc/passwd%00 HTTP/1.1" 200 24523
172.22.2.4 - - [19/Nov/2023:22:23:49 -0500] "GET /BLA/boletinlegal/index.php?option=com_beeheard&controller=../../../../../../../../../../etc/passwd%00 HTTP/1.1" 200 24523
172.22.2.4 - - [19/Nov/2023:22:23:49 -0500] "GET /BLA/boletinlegal/index.php?option=com_orgchart&controller=../../../../../../../../../../etc/passwd%00 HTTP/1.1" 200 24523
52.167.144.211 - - [19/Nov/2023:22:25:00 -0500] "GET /Publicaciones/2023EE235347.pdf HTTP/1.1" 404 228
52.167.144.214 - - [19/Nov/2023:22:26:39 -0500] "GET /Publicaciones/2023EE223715.pdf HTTP/1.1" 404 228
216.245.221.92 - - [19/Nov/2023:22:26:57 -0500] "HEAD / HTTP/1.1" 200 -
172.22.2.4 - - [19/Nov/2023:22:25:18 -0500] "HEAD /BLA/boletinlegal/ HTTP/1.1" 200 -
201.245.192.253 - - [19/Nov/2023:22:27:00 -0500] "POST /kwsrmcab/Wsrmcab HTTP/1.1" 200 40965
