201.245.192.253 - - [19/Nov/2023:16:23:22 -0500] "GET /sipse/faces/javax.faces.resource/layout/layout.css?ln=primefaces&v=4.0 HTTP/1.1" 304 -
201.245.192.253 - - [19/Nov/2023:16:23:22 -0500] "GET /sipse/faces/javax.faces.resource/jquery/jquery.js?ln=primefaces&v=4.0 HTTP/1.1" 304 -
201.245.192.253 - - [19/Nov/2023:16:23:22 -0500] "GET /sipse/faces/javax.faces.resource/jquery/jquery-plugins.js?ln=primefaces&v=4.0 HTTP/1.1" 304 -
201.245.192.253 - - [19/Nov/2023:16:23:22 -0500] "GET /sipse/faces/javax.faces.resource/primefaces.js?ln=primefaces&v=4.0 HTTP/1.1" 304 -
201.245.192.253 - - [19/Nov/2023:16:23:22 -0500] "GET /sipse/faces/javax.faces.resource/layout/layout.js?ln=primefaces&v=4.0 HTTP/1.1" 304 -
201.245.192.253 - - [19/Nov/2023:16:23:22 -0500] "GET /sipse/faces/presentacion/proyectos/proyecto/proyecto.xhtml HTTP/1.1" 200 90375
201.245.192.253 - - [19/Nov/2023:16:23:22 -0500] "GET /sipse/css/imagen/logoSDG.png HTTP/1.1" 304 -
201.245.192.253 - - [19/Nov/2023:16:23:22 -0500] "GET /sipse/css/imagen/contrasena.png HTTP/1.1" 404 383
201.245.192.253 - - [19/Nov/2023:16:23:22 -0500] "GET /sipse/faces/javax.faces.resource/images/ui-icons_898989_256x240.png?ln=primefaces-aristo HTTP/1.1" 304 -
201.245.192.253 - - [19/Nov/2023:16:23:22 -0500] "GET /sipse/faces/javax.faces.resource/images/ui-bg_flat_0_2d5972_40x100.png?ln=primefaces-aristo HTTP/1.1" 304 -
201.245.192.253 - - [19/Nov/2023:16:23:22 -0500] "POST /sipse/faces/presentacion/proyectos/proyecto/proyecto.xhtml HTTP/1.1" 200 3261
201.245.192.253 - - [19/Nov/2023:16:23:25 -0500] "POST /sipse/faces/presentacion/proyectos/proyecto/proyecto.xhtml HTTP/1.1" 200 43615
201.245.192.253 - - [19/Nov/2023:16:23:26 -0500] "GET /sipse/faces/javax.faces.resource/spacer/dot_clear.gif?ln=primefaces&v=4.0 HTTP/1.1" 304 -
201.245.192.253 - - [19/Nov/2023:16:23:26 -0500] "POST /sipse/faces/presentacion/proyectos/proyecto/proyecto.xhtml HTTP/1.1" 200 3948
201.245.192.253 - - [19/Nov/2023:16:23:31 -0500] "POST /sipse/faces/presentacion/proyectos/proyecto/proyecto.xhtml HTTP/1.1" 200 68052
40.77.167.35 - - [19/Nov/2023:16:24:07 -0500] "GET /Publicaciones/2023EE241549.pdf HTTP/1.1" 404 228
201.245.192.253 - - [19/Nov/2023:16:25:40 -0500] "POST /kwsrmcab/Wsrmcab  HTTP/1.1" 200 40861
40.77.167.35 - - [19/Nov/2023:16:25:58 -0500] "GET /BLA/resoluciones/RESOLUCIONES%202022/2223.pdf HTTP/1.1" 304 -
40.77.167.36 - - [19/Nov/2023:16:26:19 -0500] "GET /Publicaciones/2023EE245801.pdf HTTP/1.1" 404 228
40.77.167.36 - - [19/Nov/2023:16:26:19 -0500] "GET /Publicaciones/2023EE214445.pdf HTTP/1.1" 404 228
216.245.221.92 - - [19/Nov/2023:16:26:58 -0500] "HEAD / HTTP/1.1" 200 -
201.245.192.253 - - [19/Nov/2023:16:27:01 -0500] "POST /kwsrmcab/Wsrmcab HTTP/1.1" 200 40386
201.245.192.253 - - [19/Nov/2023:16:27:04 -0500] "POST /kwsrmcab/Wsrmcab HTTP/1.1" 200 42118
172.22.2.4 - - [19/Nov/2023:16:25:54 -0500] "HEAD /BLA/boletinlegal/ HTTP/1.1" 200 -
172.22.2.4 - - [19/Nov/2023:16:26:45 -0500] "GET /BLA/boletinlegal/ HTTP/1.1" 200 61018
186.30.178.107 - - [19/Nov/2023:16:28:26 -0500] "GET /BLA/resoluciones/AUTOS%202023/1738.pdf HTTP/1.1" 200 399088
52.167.144.238 - - [19/Nov/2023:16:30:17 -0500] "GET /portaldeninos/wp-content/uploads/2021/06/infograf%C3%ADa-ruido_optimized-97x300.jpg HTTP/1.1" 200 10388
201.245.192.253 - - [19/Nov/2023:16:30:29 -0500] "POST /kwsrmcab/Wsrmcab HTTP/1.1" 200 40386
201.245.192.253 - - [19/Nov/2023:16:30:32 -0500] "POST /kwsrmcab/Wsrmcab HTTP/1.1" 200 42118
52.167.144.212 - - [19/Nov/2023:16:30:38 -0500] "GET /Publicaciones/2023EE233245.pdf HTTP/1.1" 404 228
52.167.144.212 - - [19/Nov/2023:16:30:38 -0500] "GET /Publicaciones/2023EE251522.pdf HTTP/1.1" 404 228
201.245.192.253 - - [19/Nov/2023:16:30:38 -0500] "POST /kwsrmcab/Wsrmcab  HTTP/1.1" 200 40861
216.245.221.92 - - [19/Nov/2023:16:31:58 -0500] "HEAD / HTTP/1.1" 200 -
172.22.2.4 - - [19/Nov/2023:16:31:44 -0500] "HEAD /BLA/boletinlegal/ HTTP/1.1" 200 -
172.22.2.4 - - [19/Nov/2023:16:32:35 -0500] "GET /BLA/boletinlegal/ HTTP/1.1" 200 59007
172.22.2.4 - - [19/Nov/2023:16:34:23 -0500] "GET /BLA/boletinlegal/robots.txt HTTP/1.1" 404 1038
172.22.2.4 - - [19/Nov/2023:16:34:24 -0500] "GET /BLA/boletinlegal/jurisprudencia/analisis/analisis%20sentencia%20C-1007-2011-1.doc HTTP/1.1" 200 35328
172.22.2.4 - - [19/Nov/2023:16:34:26 -0500] "GET /BLA/boletinlegal/favicon.ico HTTP/1.1" 404 1018
172.22.2.4 - - [19/Nov/2023:16:34:07 -0500] "GET /BLA/boletinlegal/ HTTP/1.1" 200 20427
172.22.2.4 - - [19/Nov/2023:16:34:10 -0500] "GET /BLA/boletinlegal/ HTTP/1.1" 200 24523
201.245.192.253 - - [19/Nov/2023:16:35:38 -0500] "POST /kwsrmcab/Wsrmcab  HTTP/1.1" 200 40861
172.22.2.4 - - [19/Nov/2023:16:34:01 -0500] "GET /BLA/boletinlegal/ HTTP/1.1" 200 43959
172.22.2.4 - - [19/Nov/2023:16:34:48 -0500] "GET /BLA/boletinlegal/index.php HTTP/1.1" 200 53737
172.22.2.4 - - [19/Nov/2023:16:36:30 -0500] "GET /BLA/boletinlegal/js/jquery.scrollTo-min.js HTTP/1.1" 200 1150
216.245.221.92 - - [19/Nov/2023:16:36:58 -0500] "HEAD / HTTP/1.1" 200 -
201.245.192.253 - - [19/Nov/2023:16:37:02 -0500] "POST /kwsrmcab/Wsrmcab HTTP/1.1" 200 40386
201.245.192.253 - - [19/Nov/2023:16:37:05 -0500] "POST /kwsrmcab/Wsrmcab HTTP/1.1" 200 42118
172.22.2.4 - - [19/Nov/2023:16:37:34 -0500] "HEAD /BLA/boletinlegal/ HTTP/1.1" 200 -
172.22.2.4 - - [19/Nov/2023:16:38:25 -0500] "GET /BLA/boletinlegal/ HTTP/1.1" 200 52827
201.245.192.253 - - [19/Nov/2023:16:40:29 -0500] "POST /kwsrmcab/Wsrmcab HTTP/1.1" 200 40386
201.245.192.253 - - [19/Nov/2023:16:40:33 -0500] "GET /kwsrmcab/Wsrmcab?wsdl HTTP/1.1" 200 6948
201.245.192.253 - - [19/Nov/2023:16:40:33 -0500] "POST /kwsrmcab/Wsrmcab HTTP/1.1" 200 42118
201.245.192.253 - - [19/Nov/2023:16:40:38 -0500] "POST /kwsrmcab/Wsrmcab  HTTP/1.1" 200 40861
186.102.17.127 - - [19/Nov/2023:16:41:30 -0500] "GET /kwssiamovil/sm/acme/a?s=U2FsdGVkX18jrX4smIEVG1Cu/hmUX7biW/8Sn0cMHhkuKG1IAH64WCL3EWl2mVjG+xhqspNiTEJFtJjSi6+io4Z6sLSJ5rE0Fi6LG6bolqOxd95/YavVM6kuP8nCXSxZkyTeFypWxhzUxrB3OYr4qcMet+0EHlJObGVfippWEIuAt3iOXLwjkAz697Zw5NUNuvwRen6ntx8q7KXBJ41AYHkML374fofdBktLUEFJSO3pZ+iyZQzufKuYJPrtsUgfduMU3/g109eByO6RPJNIYuFrnxG6ORm9tDr+AAF3Gjo=&u=U2FsdGVkX1+vgzPxO/3OA6KjcxQ/oSjmq36NSLWymbGTc3TqHrFBsy3DetlhPHHe&y=U2FsdGVkX18tTkGpHCEF+c8n7MVAG59P2d5+I34uArP4tBpvDx4H3szUnL8+6nch HTTP/1.1" 200 26
186.102.17.127 - - [19/Nov/2023:16:41:30 -0500] "GET /kwssiamovil/sm/acme/a?s=U2FsdGVkX18Z7n1dLKQNromEBHqR9Cv/Cc+2/6WkWwLLK7ajcJzQ4UZnXPsUn/w2CK9zZL2yX02TZd/tCY5idRlFc1dR/Jv+EpqVpDxOXHHwS1AAOMXOZtJiZqImbyPI6Z32t2sFu57C7WXdAbMZ5d2qBRCK1r2T5TfpVI5krIMfSL7/PhAx3l4K+K+be0+h2DARhHotl+g1bY+rHRrhG0aBDCP4gndRy9S27jYc+kiD/DA8ZZxBrxHhB4FHuIDl7QOjEcXx2SOwkncmwyl9dsuGbrcFdEPuhcX1fOsjfN4ZM4HO0vImdApxZ+gFpjg9soiKQ+rT7hwnaMyYXHFzIfC1sd41wo59dsCnv1oW4S44sDLNbkEeuig8DGzQdxk+sudA3RhjvjieKWWiuVFmjP1L+vfW3QbeCuiA+joqOQI6NJtk9VtrBM7/EoRjV4Z/mEX/VhBGDaLwvb6/quJeZ3lhXFhAQQL3K01ys0Vks1II35D9XhcX3vG4mrvLncRMiR62wA0rB5qWdU0erqN4K9lUQCp/tBfoLok0YsROHcPv5J+h4lxEoYg9uWGcMIXw6EJc0Ws7AfwgHa1r4dX0MFwo0z8IrVZbpj0AOyxEBJxlACgiDlZvm/qgLJa3WO2edyNKJ1YWTWiDhvXmM2D64UpRX1RuCkelXFrBFHK7H/2LU3bvKUPSNl2dNx8h7yeahMqDgPYztbqkc6H92PeQmoYj/GKZeJ6OP2e2jihjTIOhcpaiQOk9OUXWrWUmjV/KV/ZNzFAHzqVTrO58SkRx2uxz42XfZZw4yh3O/1jPjez4Gr7SnaK+xctzureA56pYoK0c36MLsycVIReqOB/kYS5Qn7b7rO+cb7Fz3mVTB5oQM5EzgTIFTa1I3SbVtjgdLSUZWgYhjAKWST9X446Z6Upq4cJ8/wLx1PQZ6LxMEJuiyuG5cqu+PJBTp/8HY9KyStAhlE1+kSEAiRe259QRc/djTG27BTrhiLEtL1lcxAjMtxNnAmQwjvwDko8q8fNBIUOToD8ibet2VnMkQTKEc7j71Oz86V+NFypfpx/AEsWqQS3BkR17zapnoDKoxHBPwNVQoBQiFy/OmHQlrqCDuaDEfuFJfpqFRe62snw9R8rcx8DmO1emFn2Aiqb7QxadPUf1q015oIbcQC4SFNnxAcHgHZcuezXc4NSiojB1fq5cyZCM0zjZmLEQ+X2sntqKttVEQkpdktC46pslPWVGlicCE21WsP+4j0v8yVxVRcg=&u=U2FsdGVkX1+vgzPxO/3OA6KjcxQ/oSjmq36NSLWymbGTc3TqHrFBsy3DetlhPHHe&y=U2FsdGVkX18tTkGpHCEF+c8n7MVAG59P2d5+I34uArP4tBpvDx4H3szUnL8+6nch HTTP/1.1" 200 26
186.102.17.127 - - [19/Nov/2023:16:41:31 -0500] "GET /kwssiamovil/sm/acme/a?s=U2FsdGVkX18CDnNBRmUEYZcPlEbbH6OtXOoJgXKedVlXdcKZazYS0HqxTMgN6iDAA4CFytBXIrLfIfX073+LIgjvGrD1x863AlGrNrQv4yY010eW5yIgscPTYlBU/looIyiZrWkSM/SW/yarRnH/BWyd98jsmrdIqhptxsY9mR4=&u=U2FsdGVkX1+vgzPxO/3OA6KjcxQ/oSjmq36NSLWymbGTc3TqHrFBsy3DetlhPHHe&y=U2FsdGVkX18tTkGpHCEF+c8n7MVAG59P2d5+I34uArP4tBpvDx4H3szUnL8+6nch HTTP/1.1" 200 26
186.102.17.127 - - [19/Nov/2023:16:41:31 -0500] "GET /kwssiamovil/sm/acme/a?s=U2FsdGVkX18FA4PZYmQiw5v1yc0fgHCAW2FfiY4qo/U6ImpeWwyqcJl3h6DYSymgRAk2lyUCn/ahNyowKbODxmsmDeVxj52nim9Y1yhf68C3E/aIlFkuQUgq9ErrQrZtYhNLUX65zEtesVs02uDkPnLB0Jti8EFH8mNeRTB88rU=&u=U2FsdGVkX1+vgzPxO/3OA6KjcxQ/oSjmq36NSLWymbGTc3TqHrFBsy3DetlhPHHe&y=U2FsdGVkX18tTkGpHCEF+c8n7MVAG59P2d5+I34uArP4tBpvDx4H3szUnL8+6nch HTTP/1.1" 200 26
186.102.17.127 - - [19/Nov/2023:16:41:31 -0500] "GET /kwssiamovil/sm/acme/a?s=U2FsdGVkX18iMkVC/snseugI5Ld3Jc701uvBAQkZZh+Hhp+6cCQghAWsU7tREDnIGGKUhHO2IBOtFZJMVF272+8c62vC5/8iaBJfZBo9XtUt/RTeu0DOnKGrXMiut4vduJOejHZ+uLk5yUTTCvbDDwnn8THWy1H/XO7zsIwqAmA=&u=U2FsdGVkX1+vgzPxO/3OA6KjcxQ/oSjmq36NSLWymbGTc3TqHrFBsy3DetlhPHHe&y=U2FsdGVkX18tTkGpHCEF+c8n7MVAG59P2d5+I34uArP4tBpvDx4H3szUnL8+6nch HTTP/1.1" 200 26
186.102.17.127 - - [19/Nov/2023:16:41:31 -0500] "GET /kwssiamovil/sm/acme/a?s=U2FsdGVkX18/KApxCeFcI7ttw2iDFIEZESDdr7nXeCbyg1fKbN9EJbUbqAZ3Ke1Wz7Weba5gLN9+8+1NxD8dWaGkTC5ln0j2dkjK6a2bFQh8LI/WqWSgoJf2zw4WTRxDvvP8hUeKo6VcjDg5jXSs9Xph0/w9GrToJ9xFlFTW01MeEk/6RjAhmaJPhSeKuEo/tVp/yiCpF8PsoTRdENjy/w==&u=U2FsdGVkX1+vgzPxO/3OA6KjcxQ/oSjmq36NSLWymbGTc3TqHrFBsy3DetlhPHHe&y=U2FsdGVkX18tTkGpHCEF+c8n7MVAG59P2d5+I34uArP4tBpvDx4H3szUnL8+6nch HTTP/1.1" 200 26
216.245.221.92 - - [19/Nov/2023:16:41:58 -0500] "HEAD / HTTP/1.1" 200 -
47.128.56.83 - - [19/Nov/2023:16:43:05 -0500] "GET /galeria/nivo-slider/demo/images/buses-chimenea.jpg HTTP/1.1" 200 144235
47.128.19.31 - - [19/Nov/2023:16:43:19 -0500] "GET /robots.txt HTTP/1.1" 404 1018
172.22.2.4 - - [19/Nov/2023:16:43:17 -0500] "GET /BLA/boletinlegal/ HTTP/1.1" 200 47138
172.22.2.4 - - [19/Nov/2023:16:44:58 -0500] "GET /BLA/boletinlegal/style.css HTTP/1.1" 200 9406
172.22.2.4 - - [19/Nov/2023:16:43:24 -0500] "HEAD /BLA/boletinlegal/ HTTP/1.1" 200 -
201.245.192.253 - - [19/Nov/2023:16:45:36 -0500] "POST /kwsrmcab/Wsrmcab  HTTP/1.1" 200 40861
172.22.2.4 - - [19/Nov/2023:16:44:16 -0500] "GET /BLA/boletinlegal/ HTTP/1.1" 200 53737
216.245.221.92 - - [19/Nov/2023:16:46:58 -0500] "HEAD / HTTP/1.1" 200 -
191.104.115.107 - - [19/Nov/2023:16:48:38 -0500] "GET /recuperado-zorro-cangrejero-que-era-tenido-ilegalmente-como-mascota-en-una-vivienda-del-sur-de-bogota.html HTTP/1.1" 200 801
173.252.127.21 - - [19/Nov/2023:16:48:43 -0500] "GET /hoy-vence-plazo-para-que-candidatos-y-partidos-politicos-retiren-publicidad-exterior-electoral-en-bogota.html HTTP/1.1" 200 866
162.55.165.184 - - [19/Nov/2023:16:49:32 -0500] "GET / HTTP/1.1" 200 319
162.55.165.184 - - [19/Nov/2023:16:49:34 -0500] "GET / HTTP/1.1" 200 4720
201.245.192.253 - - [19/Nov/2023:16:50:35 -0500] "POST /kwsrmcab/Wsrmcab  HTTP/1.1" 200 40861
172.22.2.4 - - [19/Nov/2023:16:49:14 -0500] "HEAD /BLA/boletinlegal/ HTTP/1.1" 200 -
172.22.2.4 - - [19/Nov/2023:16:50:05 -0500] "GET /BLA/boletinlegal/ HTTP/1.1" 200 58294
216.245.221.92 - - [19/Nov/2023:16:51:58 -0500] "HEAD / HTTP/1.1" 200 -
173.252.127.13 - - [19/Nov/2023:16:55:05 -0500] "GET /incautadas-tarantulas-que-iban-a-ser-exportadas-ilegalmente-desde-bogota-hasta-mexico.html HTTP/1.1" 200 899
172.22.2.4 - - [19/Nov/2023:16:55:07 -0500] "GET /BLA/boletinlegal/favicon.ico HTTP/1.1" 404 1018
162.55.167.166 - - [19/Nov/2023:16:55:12 -0500] "GET / HTTP/1.1" 200 4720
162.55.167.166 - - [19/Nov/2023:16:55:12 -0500] "GET / HTTP/1.1" 200 319
172.22.2.4 - - [19/Nov/2023:16:54:49 -0500] "GET /BLA/boletinlegal/ HTTP/1.1" 200 20427
201.245.192.253 - - [19/Nov/2023:16:55:34 -0500] "POST /kwsrmcab/Wsrmcab  HTTP/1.1" 200 40861
172.22.2.4 - - [19/Nov/2023:16:54:52 -0500] "GET /BLA/boletinlegal/ HTTP/1.1" 200 32715
172.22.2.4 - - [19/Nov/2023:16:55:04 -0500] "HEAD /BLA/boletinlegal/ HTTP/1.1" 200 -
216.245.221.92 - - [19/Nov/2023:16:56:58 -0500] "HEAD / HTTP/1.1" 200 -
172.22.2.4 - - [19/Nov/2023:16:55:55 -0500] "GET /BLA/boletinlegal/ HTTP/1.1" 200 58294
173.252.107.118 - - [19/Nov/2023:16:57:44 -0500] "GET /si-tienes-ropa-y-calzado-que-ya-no-usas-aca-te-presentamos-seis-puntos-a-donde-los-puedes-llevar.html HTTP/1.1" 200 872
173.252.107.10 - - [19/Nov/2023:16:57:44 -0500] "GET /images/prendas-1_optimized.jpeg HTTP/1.1" 200 65869
173.252.107.10 - - [19/Nov/2023:16:57:44 -0500] "GET /images/prendas-1_optimized.jpeg HTTP/1.1" 200 65869
69.30.231.226 - - [19/Nov/2023:16:59:42 -0500] "GET /install/ HTTP/1.1" 404 1049
69.30.231.226 - - [19/Nov/2023:16:59:42 -0500] "GET /s=set&_method=__construct&method=*&filter[]=system HTTP/1.1" 403 1037
69.30.231.226 - - [19/Nov/2023:16:59:42 -0500] "GET /get_dkey.php?user=admin HTTP/1.1" 404 1049
69.30.231.226 - - [19/Nov/2023:16:59:42 -0500] "GET /authenticationserverservlet HTTP/1.1" 404 1049
69.30.231.226 - - [19/Nov/2023:16:59:42 -0500] "POST /WEB_VMS/LEVEL15/ HTTP/1.1" 404 1049
69.30.231.226 - - [19/Nov/2023:16:59:42 -0500] "GET /web/xml/webuser-auth.xml HTTP/1.1" 404 1049
69.30.231.226 - - [19/Nov/2023:16:59:42 -0500] "GET /tool/log/c.php?strip_slashes=printf&host=nl+c.php HTTP/1.1" 404 1049
69.30.231.226 - - [19/Nov/2023:16:59:42 -0500] "GET /jshERP-boot/user/getAllList;.ico HTTP/1.1" 404 1049
69.30.231.226 - - [19/Nov/2023:16:59:42 -0500] "GET /backup/auto.php?password=NzbwpQSdbY06Dngnoteo2wdgiekm7j4N&path=../backup/auto.php HTTP/1.1" 404 1049
69.30.231.226 - - [19/Nov/2023:16:59:43 -0500] "GET /public/index.php?s=/index/qrcode/download/url/L2V0Yy9wYXNzd2Q= HTTP/1.1" 404 1049
69.30.231.226 - - [19/Nov/2023:16:59:43 -0500] "GET /seeyon/webmail.do?method=doDownloadAtt&filename=index.jsp&filePath=../conf/datasourceCtp.properties HTTP/1.1" 404 1049
69.30.231.226 - - [19/Nov/2023:16:59:44 -0500] "GET /include/thumb.php?dir=http\\..\\admin\\login\\login_check.php HTTP/1.1" 404 1049
69.30.231.226 - - [19/Nov/2023:16:59:59 -0500] "GET /e/ViewImg/index.html?url=javascript:alert(1) HTTP/1.1" 404 1049
201.245.192.253 - - [19/Nov/2023:17:00:33 -0500] "POST /kwsrmcab/Wsrmcab  HTTP/1.1" 200 40861
172.22.2.4 - - [19/Nov/2023:17:00:01 -0500] "GET /BLA/boletinlegal/index.php?option=com_ckforms&controller=../../../../../../../../../../etc/passwd%00 HTTP/1.1" 200 32715
114.119.135.171 - - [19/Nov/2023:17:00:51 -0500] "GET /BLA/resoluciones/index.php?dir=RESOLUCIONES%2B2004/&sort=name&order=desc HTTP/1.1" 200 13902
66.249.66.77 - - [19/Nov/2023:17:01:23 -0500] "GET /portaldeninos/2021/05/30/agua-3/ HTTP/1.1" 200 92909
216.245.221.92 - - [19/Nov/2023:17:01:58 -0500] "HEAD / HTTP/1.1" 200 -
172.22.2.4 - - [19/Nov/2023:17:00:55 -0500] "HEAD /BLA/boletinlegal/ HTTP/1.1" 200 -
172.22.2.4 - - [19/Nov/2023:17:01:46 -0500] "GET /BLA/boletinlegal/ HTTP/1.1" 200 58644
201.245.192.253 - - [19/Nov/2023:17:05:32 -0500] "POST /kwsrmcab/Wsrmcab  HTTP/1.1" 200 40861
173.252.87.7 - - [19/Nov/2023:17:06:57 -0500] "GET /secretaria-de-ambiente-hace-seguimiento-a-la-calidad-del-aire-producto-de-incendio-a-las-afueras-de-bogota.html HTTP/1.1" 200 922
216.245.221.92 - - [19/Nov/2023:17:06:58 -0500] "HEAD / HTTP/1.1" 200 -
172.22.2.4 - - [19/Nov/2023:17:06:45 -0500] "HEAD /BLA/boletinlegal/ HTTP/1.1" 200 -
172.22.2.4 - - [19/Nov/2023:17:08:57 -0500] "GET /BLA/boletinlegal/robots.txt HTTP/1.1" 404 1038
172.22.2.4 - - [19/Nov/2023:17:07:36 -0500] "GET /BLA/boletinlegal/ HTTP/1.1" 200 56997
186.80.199.188 - - [19/Nov/2023:17:09:45 -0500] "GET /BLA/resoluciones/index.php?dir=AUTOS+2022%2F HTTP/1.1" 200 508137
172.22.2.4 - - [19/Nov/2023:17:08:59 -0500] "GET /BLA/boletinlegal/ HTTP/1.1" 200 45003
201.245.192.253 - - [19/Nov/2023:17:10:30 -0500] "POST /kwsrmcab/Wsrmcab  HTTP/1.1" 200 40861
173.252.95.23 - - [19/Nov/2023:17:11:06 -0500] "GET /%C3%82%C2%A1este-22-de-septiembre-vuelve-el-dia-sin-carro-y-sin-moto-a-bogota.html HTTP/1.1" 206 920
173.252.95.3 - - [19/Nov/2023:17:11:07 -0500] "GET /images/d\xc3\xada-sin-carro-en-bogot\xc3\xa1-3_optimized.jpeg HTTP/1.1" 404 1034
173.252.95.117 - - [19/Nov/2023:17:11:07 -0500] "GET /\xc3\x82\xc2\xa1este-22-de-septiembre-vuelve-el-dia-sin-carro-y-sin-moto-a-bogota.html HTTP/1.1" 200 920
173.252.95.2 - - [19/Nov/2023:17:11:07 -0500] "GET /images/d\xc3\xada-sin-carro-en-bogot\xc3\xa1-3_optimized.jpeg HTTP/1.1" 404 1034
173.252.95.1 - - [19/Nov/2023:17:11:07 -0500] "GET /\xc3\x82\xc2\xa1este-22-de-septiembre-vuelve-el-dia-sin-carro-y-sin-moto-a-bogota.html HTTP/1.1" 200 920
173.252.83.9 - - [19/Nov/2023:17:11:08 -0500] "GET /\xc3\x82\xc2\xa1este-22-de-septiembre-vuelve-el-dia-sin-carro-y-sin-moto-a-bogota.html HTTP/1.1" 200 920
69.171.231.3 - - [19/Nov/2023:17:11:09 -0500] "GET /\xc3\x82\xc2\xa1este-22-de-septiembre-vuelve-el-dia-sin-carro-y-sin-moto-a-bogota.html HTTP/1.1" 200 920
172.22.2.4 - - [19/Nov/2023:17:11:19 -0500] "GET /BLA/boletinlegal/actos.php HTTP/1.1" 200 9682
172.22.2.4 - - [19/Nov/2023:17:11:20 -0500] "GET /BLA/boletinlegal/favicon.ico HTTP/1.1" 404 1326
172.22.2.4 - - [19/Nov/2023:17:11:39 -0500] "GET /BLA/boletinlegal/consulta_actos.php?tipo=resoluciones&no=0890&usuario=&sector=&fecha=2021&resuelve= HTTP/1.1" 200 1092
216.245.221.92 - - [19/Nov/2023:17:11:58 -0500] "HEAD / HTTP/1.1" 200 -
173.252.83.9 - - [19/Nov/2023:17:12:13 -0500] "GET /engativa-tendra-jornada-de-recoleccion-de-llantas-este-miercoles.html HTTP/1.1" 200 933
172.22.2.4 - - [19/Nov/2023:17:11:15 -0500] "GET /BLA/boletinlegal/ HTTP/1.1" 200 61380
172.22.2.4 - - [19/Nov/2023:17:12:35 -0500] "HEAD /BLA/boletinlegal/ HTTP/1.1" 200 -
172.22.2.4 - - [19/Nov/2023:17:13:04 -0500] "GET /BLA/boletinlegal/ HTTP/1.1" 200 36811
172.22.2.4 - - [19/Nov/2023:17:13:26 -0500] "GET /BLA/boletinlegal/ HTTP/1.1" 200 52827
12.25.6.252 - - [19/Nov/2023:17:15:09 -0500] "HEAD /semana-bogota-reverdece-politica-publica-de-accion-climatica-es-una-realidad.html HTTP/1.1" 200 -
12.25.6.252 - - [19/Nov/2023:17:15:09 -0500] "GET /semana-bogota-reverdece-politica-publica-de-accion-climatica-es-una-realidad.html HTTP/1.1" 200 891
12.25.6.252 - - [19/Nov/2023:17:15:10 -0500] "GET /semana-bogota-reverdece-politica-publica-de-accion-climatica-es-una-realidad.html HTTP/1.1" 200 891
201.245.192.253 - - [19/Nov/2023:17:15:29 -0500] "POST /kwsrmcab/Wsrmcab  HTTP/1.1" 200 40861
173.252.107.3 - - [19/Nov/2023:17:15:52 -0500] "GET /images/Zorro%20cangrejero.jpg HTTP/1.1" 200 40050
173.252.107.3 - - [19/Nov/2023:17:15:55 -0500] "GET /images/cuerpos%20de%20agua%20en%20humedales-19-10.jpg HTTP/1.1" 200 73528
69.63.184.119 - - [19/Nov/2023:17:15:57 -0500] "GET /images/Zorro%20cangrejero.jpg HTTP/1.1" 200 40050
173.252.107.4 - - [19/Nov/2023:17:16:08 -0500] "GET /images/plantacion-humedal-la-conejera.jpg HTTP/1.1" 200 92644
173.252.107.116 - - [19/Nov/2023:17:16:10 -0500] "GET /images/Zuque%20(1)%20(1).jpeg HTTP/1.1" 200 66921
173.252.107.119 - - [19/Nov/2023:17:16:12 -0500] "GET /images/pieza-voluntariado-ambiental.jpeg HTTP/1.1" 200 51125
216.245.221.92 - - [19/Nov/2023:17:16:58 -0500] "HEAD / HTTP/1.1" 200 -
201.245.192.253 - - [19/Nov/2023:17:17:02 -0500] "POST /kwsrmcab/Wsrmcab HTTP/1.1" 200 40698
201.245.192.253 - - [19/Nov/2023:17:17:05 -0500] "GET /kwsrmcab/Wsrmcab?wsdl HTTP/1.1" 200 6948
201.245.192.253 - - [19/Nov/2023:17:17:05 -0500] "POST /kwsrmcab/Wsrmcab HTTP/1.1" 200 42114
69.63.184.7 - - [19/Nov/2023:17:18:18 -0500] "GET /disfruta-en-familia-la-magia-y-el-encanto-de-la-ultima-jornada-cultural-jardin-de-noche-de-2023.html HTTP/1.1" 200 903
69.63.184.4 - - [19/Nov/2023:17:18:24 -0500] "GET /con-plantacion-de-arboles-sigue-la-consolidacion-de-los-conectores-ecosistemicos-en-bogota.html HTTP/1.1" 200 896
69.63.184.7 - - [19/Nov/2023:17:18:29 -0500] "GET /avances-en-la-gestion-de-sitios-contaminados-en-bogota.html HTTP/1.1" 200 833
69.63.184.6 - - [19/Nov/2023:17:18:33 -0500] "GET /images/cuerpos%20de%20agua%20en%20humedales-19-10.jpg HTTP/1.1" 200 73528
69.63.184.118 - - [19/Nov/2023:17:19:13 -0500] "GET /el-agua-recurso-vital-para-la-conservacion-de-los-ecosistemas.html HTTP/1.1" 200 870
172.22.2.4 - - [19/Nov/2023:17:19:42 -0500] "GET /BLA/boletinlegal/images/icono-email.png HTTP/1.1" 200 5544
173.252.83.119 - - [19/Nov/2023:17:19:48 -0500] "GET /se-abre-convocatoria-a-organizaciones-ambientales-para-generar-1-070-empleos-verdes-dirigidos-a-mujeres.html HTTP/1.1" 200 1128
172.22.2.4 - - [19/Nov/2023:17:18:25 -0500] "HEAD /BLA/boletinlegal/ HTTP/1.1" 200 -
201.245.192.253 - - [19/Nov/2023:17:20:28 -0500] "POST /kwsrmcab/Wsrmcab  HTTP/1.1" 200 40861
201.245.192.253 - - [19/Nov/2023:17:20:29 -0500] "POST /kwsrmcab/Wsrmcab HTTP/1.1" 200 40698
201.245.192.253 - - [19/Nov/2023:17:20:33 -0500] "POST /kwsrmcab/Wsrmcab HTTP/1.1" 200 42114
172.22.2.4 - - [19/Nov/2023:17:19:19 -0500] "GET /BLA/boletinlegal/ HTTP/1.1" 200 56187
52.167.144.176 - - [19/Nov/2023:17:21:21 -0500] "GET /Publicaciones/2023EE217446.pdf HTTP/1.1" 404 228
52.167.144.232 - - [19/Nov/2023:17:21:25 -0500] "GET /Publicaciones/2023EE219714.pdf HTTP/1.1" 404 228
52.167.144.232 - - [19/Nov/2023:17:21:26 -0500] "GET /Publicaciones/2023EE205624.pdf HTTP/1.1" 404 228
216.245.221.92 - - [19/Nov/2023:17:21:58 -0500] "HEAD / HTTP/1.1" 200 -
52.167.144.189 - - [19/Nov/2023:17:22:20 -0500] "GET /Publicaciones/2023EE250141.pdf HTTP/1.1" 404 228
152.201.223.200 - - [19/Nov/2023:17:22:59 -0500] "GET /BLA/resoluciones/index.php HTTP/1.1" 200 13696
66.249.66.21 - - [19/Nov/2023:17:23:07 -0500] "GET /robots.txt HTTP/1.1" 404 1018
66.249.66.20 - - [19/Nov/2023:17:23:07 -0500] "GET /pdc/actos/301.pdf HTTP/1.1" 304 -
152.201.223.200 - - [19/Nov/2023:17:23:11 -0500] "GET /BLA/resoluciones/index.php?dir=AUTOS+2012%2F HTTP/1.1" 200 276641
52.167.144.189 - - [19/Nov/2023:17:23:30 -0500] "GET /Publicaciones/2023EE203647.pdf HTTP/1.1" 404 228
52.167.144.189 - - [19/Nov/2023:17:23:31 -0500] "GET /Publicaciones/2023EE217009.pdf HTTP/1.1" 404 228
52.167.144.176 - - [19/Nov/2023:17:23:52 -0500] "GET /Publicaciones/2023EE209993.pdf HTTP/1.1" 404 228
52.167.144.189 - - [19/Nov/2023:17:24:01 -0500] "GET /Publicaciones/2023EE183068.pdf HTTP/1.1" 404 228
172.22.2.4 - - [19/Nov/2023:17:24:06 -0500] "GET /BLA/boletinlegal/actos.php HTTP/1.1" 200 9682
172.22.2.4 - - [19/Nov/2023:17:24:06 -0500] "GET /BLA/boletinlegal/favicon.ico HTTP/1.1" 404 1326
172.22.2.4 - - [19/Nov/2023:17:24:25 -0500] "GET /BLA/boletinlegal/consulta_actos.php?tipo=resoluciones&no=0840&usuario=&sector=SILVICULTURA&fecha=2019&resuelve= HTTP/1.1" 200 1369
186.84.90.109 - - [19/Nov/2023:17:24:27 -0500] "GET /BLA/resoluciones/RESOLUCIONES%202019/0840.pdf HTTP/1.1" 200 495891
201.245.192.253 - - [19/Nov/2023:17:25:28 -0500] "POST /kwsrmcab/Wsrmcab  HTTP/1.1" 200 40861
172.22.2.4 - - [19/Nov/2023:17:24:15 -0500] "HEAD /BLA/boletinlegal/ HTTP/1.1" 200 -
172.22.2.4 - - [19/Nov/2023:17:25:06 -0500] "GET /BLA/boletinlegal/ HTTP/1.1" 200 57497
216.245.221.92 - - [19/Nov/2023:17:26:58 -0500] "HEAD / HTTP/1.1" 200 -
201.245.192.253 - - [19/Nov/2023:17:27:02 -0500] "POST /kwsrmcab/Wsrmcab HTTP/1.1" 200 40698
201.245.192.253 - - [19/Nov/2023:17:27:05 -0500] "POST /kwsrmcab/Wsrmcab HTTP/1.1" 200 42114
191.156.186.2 - - [19/Nov/2023:17:27:29 -0500] "GET /sipse/css/custom_css_sg.css HTTP/1.1" 200 9694
191.156.182.224 - - [19/Nov/2023:17:27:29 -0500] "GET /sipse/css/custom_css_sg_prime_login.css HTTP/1.1" 200 443
191.156.177.178 - - [19/Nov/2023:17:27:29 -0500] "GET /sipse/faces/javax.faces.resource/layout/layout.css?ln=primefaces&v=4.0 HTTP/1.1" 304 -
191.156.186.2 - - [19/Nov/2023:17:27:29 -0500] "GET /sipse/faces/javax.faces.resource/theme.css?ln=primefaces-sipse HTTP/1.1" 200 50058
191.156.186.2 - - [19/Nov/2023:17:27:29 -0500] "GET /sipse/faces/javax.faces.resource/layout/layout.js?ln=primefaces&v=4.0 HTTP/1.1" 200 87560
191.156.182.224 - - [19/Nov/2023:17:27:29 -0500] "GET /sipse/faces/javax.faces.resource/jquery/jquery-plugins.js?ln=primefaces&v=4.0 HTTP/1.1" 200 220526
191.156.177.178 - - [19/Nov/2023:17:27:29 -0500] "GET /sipse/faces/javax.faces.resource/jquery/jquery.js?ln=primefaces&v=4.0 HTTP/1.1" 200 105384
191.156.186.2 - - [19/Nov/2023:17:27:30 -0500] "GET /sipse/js/disable_browser_buttons.js HTTP/1.1" 200 3230
191.156.182.224 - - [19/Nov/2023:17:27:30 -0500] "GET /sipse/js/funciones.js HTTP/1.1" 200 12592
191.156.186.2 - - [19/Nov/2023:17:27:29 -0500] "GET /sipse/faces/javax.faces.resource/primefaces.js?ln=primefaces&v=4.0 HTTP/1.1" 200 276924
191.156.176.137 - - [19/Nov/2023:17:27:29 -0500] "GET /sipse/faces/javax.faces.resource/primefaces.css?ln=primefaces&v=4.0 HTTP/1.1" 200 17631
191.156.182.224 - - [19/Nov/2023:17:27:36 -0500] "GET /sipse/faces/javax.faces.resource/theme.css?ln=primefaces-sipse HTTP/1.1" 304 -
191.156.177.178 - - [19/Nov/2023:17:27:36 -0500] "GET /sipse/faces/javax.faces.resource/jquery/jquery.js?ln=primefaces&v=4.0 HTTP/1.1" 304 -
191.156.186.2 - - [19/Nov/2023:17:27:36 -0500] "GET /sipse/faces/javax.faces.resource/layout/layout.css?ln=primefaces&v=4.0 HTTP/1.1" 304 -
191.156.187.69 - - [19/Nov/2023:17:27:36 -0500] "GET /sipse/faces/javax.faces.resource/jquery/jquery-plugins.js?ln=primefaces&v=4.0 HTTP/1.1" 304 -
191.156.182.224 - - [19/Nov/2023:17:27:36 -0500] "GET /sipse/faces/javax.faces.resource/primefaces.js?ln=primefaces&v=4.0 HTTP/1.1" 304 -
191.156.182.224 - - [19/Nov/2023:17:27:36 -0500] "GET /sipse/faces/javax.faces.resource/layout/layout.js?ln=primefaces&v=4.0 HTTP/1.1" 304 -
191.156.186.2 - - [19/Nov/2023:17:27:36 -0500] "GET /sipse/faces/javax.faces.resource/primefaces.css?ln=primefaces&v=4.0 HTTP/1.1" 200 53295
191.156.182.224 - - [19/Nov/2023:17:27:36 -0500] "GET /sipse/faces/javax.faces.resource/images/ui-icons_898989_256x240.png?ln=primefaces-aristo HTTP/1.1" 304 -
191.156.186.2 - - [19/Nov/2023:17:27:36 -0500] "GET /sipse/css/imagen/loginimg.png HTTP/1.1" 200 71635
191.156.187.69 - - [19/Nov/2023:17:27:36 -0500] "GET /sipse/css/imagen/logoSDG.png HTTP/1.1" 200 53064
191.156.187.69 - - [19/Nov/2023:17:27:40 -0500] "GET /sipse/faces/faces/faces/index.xhtml HTTP/1.1" 200 677
191.156.187.69 - - [19/Nov/2023:17:27:40 -0500] "GET /sipse/faces/javax.faces.resource/theme.css?ln=primefaces-sipse HTTP/1.1" 304 -
191.156.186.2 - - [19/Nov/2023:17:27:41 -0500] "GET /sipse/faces/javax.faces.resource/theme.css?ln=primefaces-sipse HTTP/1.1" 304 -
191.156.182.224 - - [19/Nov/2023:17:27:41 -0500] "GET /sipse/faces/javax.faces.resource/primefaces.css?ln=primefaces&v=4.0 HTTP/1.1" 304 -
191.156.182.224 - - [19/Nov/2023:17:27:41 -0500] "GET /sipse/faces/javax.faces.resource/layout/layout.css?ln=primefaces&v=4.0 HTTP/1.1" 304 -
191.156.186.2 - - [19/Nov/2023:17:27:41 -0500] "GET /sipse/faces/javax.faces.resource/primefaces.js?ln=primefaces&v=4.0 HTTP/1.1" 304 -
191.156.182.224 - - [19/Nov/2023:17:27:41 -0500] "GET /sipse/faces/javax.faces.resource/jquery/jquery-plugins.js?ln=primefaces&v=4.0 HTTP/1.1" 304 -
191.156.182.224 - - [19/Nov/2023:17:27:41 -0500] "GET /sipse/faces/javax.faces.resource/jquery/jquery.js?ln=primefaces&v=4.0 HTTP/1.1" 304 -
191.156.177.178 - - [19/Nov/2023:17:27:41 -0500] "GET /sipse/faces/javax.faces.resource/layout/layout.js?ln=primefaces&v=4.0 HTTP/1.1" 304 -
191.156.187.69 - - [19/Nov/2023:17:27:41 -0500] "GET /sipse/faces/faces/faces/faces/autenticacion.xhtml HTTP/1.1" 200 12407
40.77.167.17 - - [19/Nov/2023:17:29:33 -0500] "GET /Publicaciones/2023EE211969.pdf HTTP/1.1" 404 228
52.167.144.189 - - [19/Nov/2023:17:30:14 -0500] "GET /Publicaciones/2023EE182929.pdf HTTP/1.1" 404 228
52.167.144.189 - - [19/Nov/2023:17:30:16 -0500] "GET /BLA/resoluciones/AUTOS%202021/2685.pdf HTTP/1.1" 304 -
201.245.192.253 - - [19/Nov/2023:17:30:27 -0500] "POST /kwsrmcab/Wsrmcab  HTTP/1.1" 200 40861
201.245.192.253 - - [19/Nov/2023:17:30:28 -0500] "POST /kwsrmcab/Wsrmcab HTTP/1.1" 200 40698
201.245.192.253 - - [19/Nov/2023:17:30:32 -0500] "POST /kwsrmcab/Wsrmcab HTTP/1.1" 200 42114
199.16.157.180 - - [19/Nov/2023:17:31:27 -0500] "GET /images/pl%C3%A1sticos%20foto%201..jpg HTTP/1.1" 404 1034
172.22.2.4 - - [19/Nov/2023:17:31:34 -0500] "GET /BLA/boletinlegal/Circulares/2011/Circular%20No.%205%20del%2014%20de%20Julio%20de%202011.pdf HTTP/1.1" 304 -
172.22.2.4 - - [19/Nov/2023:17:30:05 -0500] "HEAD /BLA/boletinlegal/ HTTP/1.1" 200 -
186.155.141.173 - - [19/Nov/2023:17:31:51 -0500] "GET /portaldeninos/aulas-ambientales-2/parque-ecologico-distrital-de-montana-entrenubes/ HTTP/1.1" 200 90406
186.155.141.173 - - [19/Nov/2023:17:31:52 -0500] "GET /portaldeninos/wp-includes/js/wp-emoji-release.min.js?ver=4.9.8 HTTP/1.1" 200 12026
186.155.141.173 - - [19/Nov/2023:17:31:52 -0500] "GET /portaldeninos/wp-content/plugins/gallery-videos/CSS/totalsoft.css?ver=4.9.8 HTTP/1.1" 200 40622
186.155.141.173 - - [19/Nov/2023:17:31:52 -0500] "GET /portaldeninos/wp-content/uploads/useanyfont/uaf.css?ver=1589905315 HTTP/1.1" 200 408
186.155.141.173 - - [19/Nov/2023:17:31:52 -0500] "GET /portaldeninos/wp-content/themes/betheme/style.css?ver=20.9.6 HTTP/1.1" 200 287
186.155.141.173 - - [19/Nov/2023:17:31:52 -0500] "GET /portaldeninos/wp-content/plugins/gallery-videos/CSS/Total-Soft-Gallery-Video-Widget.css?ver=4.9.8 HTTP/1.1" 200 51554
186.155.141.173 - - [19/Nov/2023:17:31:52 -0500] "GET /portaldeninos/wp-content/themes/betheme/css/base.css?ver=20.9.6 HTTP/1.1" 200 57283
186.155.141.173 - - [19/Nov/2023:17:31:52 -0500] "GET /portaldeninos/wp-content/themes/betheme/css/layout.css?ver=20.9.6 HTTP/1.1" 200 116639
186.155.141.173 - - [19/Nov/2023:17:31:52 -0500] "GET /portaldeninos/wp-content/themes/betheme/assets/animations/animations.min.css?ver=20.9.6 HTTP/1.1" 200 58508
186.155.141.173 - - [19/Nov/2023:17:31:52 -0500] "GET /portaldeninos/wp-content/themes/betheme/css/shortcodes.css?ver=20.9.6 HTTP/1.1" 200 138889
186.155.141.173 - - [19/Nov/2023:17:31:52 -0500] "GET /portaldeninos/wp-content/themes/betheme/assets/jplayer/css/jplayer.blue.monday.css?ver=20.9.6 HTTP/1.1" 200 9834
186.155.141.173 - - [19/Nov/2023:17:31:52 -0500] "GET /portaldeninos/wp-content/themes/betheme/assets/ui/jquery.ui.all.css?ver=20.9.6 HTTP/1.1" 200 18765
186.155.141.173 - - [19/Nov/2023:17:31:52 -0500] "GET /portaldeninos/wp-content/themes/betheme/css/responsive.css?ver=20.9.6 HTTP/1.1" 200 55740
186.155.141.173 - - [19/Nov/2023:17:31:52 -0500] "GET /portaldeninos/wp-content/plugins/google-analytics-for-wordpress/assets/js/frontend-gtag.min.js?ver=8.5.0 HTTP/1.1" 200 11801
186.155.141.173 - - [19/Nov/2023:17:31:52 -0500] "GET /portaldeninos/wp-includes/js/jquery/jquery.js?ver=1.12.4 HTTP/1.1" 200 97184
186.155.141.173 - - [19/Nov/2023:17:31:52 -0500] "GET /portaldeninos/wp-includes/js/jquery/jquery-migrate.min.js?ver=1.4.1 HTTP/1.1" 200 10056
186.155.141.173 - - [19/Nov/2023:17:31:52 -0500] "GET /portaldeninos/wp-includes/js/jquery/ui/core.min.js?ver=1.11.4 HTTP/1.1" 200 4000
186.155.141.173 - - [19/Nov/2023:17:31:52 -0500] "GET /portaldeninos/wp-content/plugins/gallery-videos/JS/modernizr.custom.js?ver=4.9.8 HTTP/1.1" 200 9019
186.155.141.173 - - [19/Nov/2023:17:31:52 -0500] "GET /portaldeninos/wp-content/uploads/2019/08/Logo-Ambientic.png HTTP/1.1" 200 22941
186.155.141.173 - - [19/Nov/2023:17:31:52 -0500] "GET /portaldeninos/wp-content/plugins/gallery-videos/JS/Total-Soft-Gallery-Video-Widget.js?ver=4.9.8 HTTP/1.1" 200 80264
186.155.141.173 - - [19/Nov/2023:17:31:52 -0500] "GET /portaldeninos/wp-includes/js/jquery/ui/widget.min.js?ver=1.11.4 HTTP/1.1" 200 6908
186.155.141.173 - - [19/Nov/2023:17:31:52 -0500] "GET /portaldeninos/wp-includes/js/jquery/ui/mouse.min.js?ver=1.11.4 HTTP/1.1" 200 3148
186.155.141.173 - - [19/Nov/2023:17:31:52 -0500] "GET /portaldeninos/wp-includes/js/jquery/ui/sortable.min.js?ver=1.11.4 HTTP/1.1" 200 24899
186.155.141.173 - - [19/Nov/2023:17:31:52 -0500] "GET /portaldeninos/wp-content/uploads/2021/07/Banners-pa%CC%81gina-de-nin%CC%83os3.jpg HTTP/1.1" 200 33682
186.155.141.173 - - [19/Nov/2023:17:31:52 -0500] "GET /portaldeninos/wp-includes/js/jquery/ui/accordion.min.js?ver=1.11.4 HTTP/1.1" 200 8584
186.155.141.173 - - [19/Nov/2023:17:31:52 -0500] "GET /portaldeninos/wp-includes/js/jquery/ui/tabs.min.js?ver=1.11.4 HTTP/1.1" 200 12110
186.155.141.173 - - [19/Nov/2023:17:31:52 -0500] "GET /portaldeninos/wp-content/themes/betheme/js/plugins.js?ver=20.9.6 HTTP/1.1" 200 197151
186.155.141.173 - - [19/Nov/2023:17:31:53 -0500] "GET /portaldeninos/wp-content/themes/betheme/js/menu.js?ver=20.9.6 HTTP/1.1" 200 2449
186.155.141.173 - - [19/Nov/2023:17:31:53 -0500] "GET /portaldeninos/wp-content/themes/betheme/assets/animations/animations.min.js?ver=20.9.6 HTTP/1.1" 200 1896
186.155.141.173 - - [19/Nov/2023:17:31:53 -0500] "GET /portaldeninos/wp-content/themes/betheme/assets/jplayer/jplayer.min.js?ver=20.9.6 HTTP/1.1" 200 52702
186.155.141.173 - - [19/Nov/2023:17:31:53 -0500] "GET /portaldeninos/wp-includes/js/wp-embed.min.js?ver=4.9.8 HTTP/1.1" 200 1398
186.155.141.173 - - [19/Nov/2023:17:31:53 -0500] "GET /portaldeninos/wp-content/uploads/2021/07/imagenes-con-marcos-pa%CC%81gina-de-nin%CC%83os-parque-entrenubes-1.jpg HTTP/1.1" 200 38322
186.155.141.173 - - [19/Nov/2023:17:31:53 -0500] "GET /portaldeninos/wp-content/themes/betheme/images/box_shadow.png HTTP/1.1" 200 108
186.155.141.173 - - [19/Nov/2023:17:31:53 -0500] "GET /portaldeninos/wp-content/themes/betheme/js/scripts.js?ver=20.9.6 HTTP/1.1" 200 77162
186.155.141.173 - - [19/Nov/2023:17:31:53 -0500] "GET /portaldeninos/wp-content/themes/betheme/fonts/mfn-icons.woff?93978679 HTTP/1.1" 200 80932
216.245.221.92 - - [19/Nov/2023:17:31:58 -0500] "HEAD / HTTP/1.1" 200 -
172.22.2.4 - - [19/Nov/2023:17:30:56 -0500] "GET /BLA/boletinlegal/ HTTP/1.1" 200 58644
172.22.2.4 - - [19/Nov/2023:17:33:17 -0500] "GET /BLA/boletinlegal/status?full=true HTTP/1.1" 404 1038
172.22.2.4 - - [19/Nov/2023:17:32:43 -0500] "GET /BLA/boletinlegal/index.php?option=com_loginbox&view=../../../../../../../../../etc/passwd%00 HTTP/1.1" 200 32715
172.22.2.4 - - [19/Nov/2023:17:32:44 -0500] "GET /BLA/boletinlegal/index.php?option=com_jukebox&controller=../../../../../../../../../../etc/passwd%00 HTTP/1.1" 200 32715
172.22.2.4 - - [19/Nov/2023:17:33:00 -0500] "GET /BLA/boletinlegal/ HTTP/1.1" 200 55050
201.245.192.253 - - [19/Nov/2023:17:35:26 -0500] "POST /kwsrmcab/Wsrmcab  HTTP/1.1" 200 40861
172.22.2.4 - - [19/Nov/2023:17:36:55 -0500] "GET /BLA/boletinlegal/Circulares/2019/.pdf HTTP/1.1" 404 1218
216.245.221.92 - - [19/Nov/2023:17:36:58 -0500] "HEAD / HTTP/1.1" 200 -
201.245.192.253 - - [19/Nov/2023:17:37:01 -0500] "POST /kwsrmcab/Wsrmcab HTTP/1.1" 200 40698
201.245.192.253 - - [19/Nov/2023:17:37:04 -0500] "POST /kwsrmcab/Wsrmcab HTTP/1.1" 200 42114
52.167.144.179 - - [19/Nov/2023:17:37:13 -0500] "GET /Publicaciones/2023EE252638.pdf HTTP/1.1" 404 228
172.22.2.4 - - [19/Nov/2023:17:35:55 -0500] "HEAD /BLA/boletinlegal/ HTTP/1.1" 200 -
172.22.2.4 - - [19/Nov/2023:17:37:30 -0500] "GET /BLA/boletinlegal/index.php?option=com_vjdeo&controller=../../../../../../../../../../../../../../../etc/passwd%00 HTTP/1.1" 200 24523
172.22.2.4 - - [19/Nov/2023:17:36:46 -0500] "GET /BLA/boletinlegal/ HTTP/1.1" 200 50697
157.55.39.10 - - [19/Nov/2023:17:38:36 -0500] "GET /portaldeninos/2021/05/21/2070/ HTTP/1.1" 200 109949
40.77.167.38 - - [19/Nov/2023:17:38:52 -0500] "GET /portaldeninos/wp-content/themes/betheme/assets/animations/animations.min.js?ver=20.9.6 HTTP/1.1" 200 1896
40.77.167.38 - - [19/Nov/2023:17:38:53 -0500] "GET /portaldeninos/wp-content/themes/betheme/assets/jplayer/jplayer.min.js?ver=20.9.6 HTTP/1.1" 200 52702
40.77.167.38 - - [19/Nov/2023:17:38:53 -0500] "GET /portaldeninos/wp-content/themes/betheme/css/shortcodes.css?ver=20.9.6 HTTP/1.1" 200 138889
40.77.167.38 - - [19/Nov/2023:17:38:53 -0500] "GET /portaldeninos/wp-content/themes/betheme/js/plugins.js?ver=20.9.6 HTTP/1.1" 200 197151
40.77.167.38 - - [19/Nov/2023:17:38:54 -0500] "GET /portaldeninos/wp-content/themes/betheme/style.css?ver=20.9.6 HTTP/1.1" 200 287
40.77.167.38 - - [19/Nov/2023:17:38:54 -0500] "GET /portaldeninos/wp-includes/js/jquery/ui/core.min.js?ver=1.11.4 HTTP/1.1" 200 4000
40.77.167.38 - - [19/Nov/2023:17:38:54 -0500] "GET /portaldeninos/wp-includes/js/jquery/ui/sortable.min.js?ver=1.11.4 HTTP/1.1" 200 24899
40.77.167.38 - - [19/Nov/2023:17:38:55 -0500] "GET /portaldeninos/wp-includes/js/wp-emoji-release.min.js?ver=4.9.8 HTTP/1.1" 200 12026
157.55.39.10 - - [19/Nov/2023:17:39:00 -0500] "GET /portaldeninos/wp-content/themes/betheme/assets/animations/animations.min.css?ver=20.9.6 HTTP/1.1" 200 58508
157.55.39.10 - - [19/Nov/2023:17:39:00 -0500] "GET /portaldeninos/wp-content/themes/betheme/js/menu.js?ver=20.9.6 HTTP/1.1" 200 2449
157.55.39.10 - - [19/Nov/2023:17:39:01 -0500] "GET /portaldeninos/wp-includes/js/jquery/ui/accordion.min.js?ver=1.11.4 HTTP/1.1" 200 8584
157.55.39.10 - - [19/Nov/2023:17:39:01 -0500] "GET /portaldeninos/wp-includes/js/jquery/ui/mouse.min.js?ver=1.11.4 HTTP/1.1" 200 3148
157.55.39.10 - - [19/Nov/2023:17:39:01 -0500] "GET /portaldeninos/wp-includes/js/jquery/ui/tabs.min.js?ver=1.11.4 HTTP/1.1" 200 12110
157.55.39.10 - - [19/Nov/2023:17:39:02 -0500] "GET /portaldeninos/wp-includes/js/jquery/ui/widget.min.js?ver=1.11.4 HTTP/1.1" 200 6908
157.55.39.10 - - [19/Nov/2023:17:39:02 -0500] "GET /portaldeninos/wp-includes/js/wp-embed.min.js?ver=4.9.8 HTTP/1.1" 200 1398
52.167.144.229 - - [19/Nov/2023:17:39:09 -0500] "GET /portaldeninos/wp-content/plugins/gallery-videos/CSS/Total-Soft-Gallery-Video-Widget.css?ver=4.9.8 HTTP/1.1" 200 51554
52.167.144.229 - - [19/Nov/2023:17:39:10 -0500] "GET /portaldeninos/wp-content/plugins/gallery-videos/CSS/totalsoft.css?ver=4.9.8 HTTP/1.1" 200 40622
52.167.144.229 - - [19/Nov/2023:17:39:10 -0500] "GET /portaldeninos/wp-content/plugins/gallery-videos/JS/modernizr.custom.js?ver=4.9.8 HTTP/1.1" 200 9019
52.167.144.229 - - [19/Nov/2023:17:39:10 -0500] "GET /portaldeninos/wp-content/themes/betheme/assets/jplayer/css/jplayer.blue.monday.css?ver=20.9.6 HTTP/1.1" 200 9834
52.167.144.229 - - [19/Nov/2023:17:39:10 -0500] "GET /portaldeninos/wp-content/themes/betheme/assets/ui/jquery.ui.all.css?ver=20.9.6 HTTP/1.1" 200 18765
52.167.144.229 - - [19/Nov/2023:17:39:11 -0500] "GET /portaldeninos/wp-content/themes/betheme/css/base.css?ver=20.9.6 HTTP/1.1" 200 57283
52.167.144.229 - - [19/Nov/2023:17:39:11 -0500] "GET /portaldeninos/wp-content/themes/betheme/css/layout.css?ver=20.9.6 HTTP/1.1" 200 116639
52.167.144.229 - - [19/Nov/2023:17:39:12 -0500] "GET /portaldeninos/wp-content/themes/betheme/css/responsive.css?ver=20.9.6 HTTP/1.1" 200 55740
52.167.144.229 - - [19/Nov/2023:17:39:12 -0500] "GET /portaldeninos/wp-content/themes/betheme/js/scripts.js?ver=20.9.6 HTTP/1.1" 200 77162
52.167.144.229 - - [19/Nov/2023:17:39:13 -0500] "GET /portaldeninos/wp-content/uploads/useanyfont/uaf.css?ver=1589905315 HTTP/1.1" 200 408
52.167.144.229 - - [19/Nov/2023:17:39:13 -0500] "GET /portaldeninos/wp-includes/js/comment-reply.min.js?ver=4.9.8 HTTP/1.1" 200 1078
52.167.144.229 - - [19/Nov/2023:17:39:13 -0500] "GET /portaldeninos/wp-includes/js/jquery/jquery-migrate.min.js?ver=1.4.1 HTTP/1.1" 200 10056
52.167.144.229 - - [19/Nov/2023:17:39:14 -0500] "GET /portaldeninos/wp-includes/js/jquery/jquery.js?ver=1.12.4 HTTP/1.1" 200 97184
66.249.66.193 - - [19/Nov/2023:17:39:34 -0500] "GET /secretaria-de-ambiente-suspende-actividades-de-industria-que-operaba-en-usme-sin-permisos-ambientales.html HTTP/1.1" 200 864
201.245.192.253 - - [19/Nov/2023:17:40:25 -0500] "POST /kwsrmcab/Wsrmcab  HTTP/1.1" 200 40861
201.245.192.253 - - [19/Nov/2023:17:40:29 -0500] "POST /kwsrmcab/Wsrmcab HTTP/1.1" 200 40698
201.245.192.253 - - [19/Nov/2023:17:40:32 -0500] "POST /kwsrmcab/Wsrmcab HTTP/1.1" 200 42114
172.22.2.4 - - [19/Nov/2023:17:41:46 -0500] "GET /BLA/boletinlegal/normativa.php HTTP/1.1" 200 8343
216.245.221.92 - - [19/Nov/2023:17:41:58 -0500] "HEAD / HTTP/1.1" 200 -
40.77.167.17 - - [19/Nov/2023:17:42:47 -0500] "GET /BLA/resoluciones/RESOLUCIONES%202021/5307.pdf HTTP/1.1" 200 516552
172.22.2.4 - - [19/Nov/2023:17:42:17 -0500] "GET /BLA/boletinlegal/index.php?option=com_photobattle&view=../../../../../../../../../../etc/passwd%00 HTTP/1.1" 200 32715
172.22.2.4 - - [19/Nov/2023:17:41:45 -0500] "HEAD /BLA/boletinlegal/ HTTP/1.1" 200 -
186.30.178.107 - - [19/Nov/2023:17:43:26 -0500] "GET /BLA/resoluciones/ HTTP/1.1" 200 13696
186.30.178.107 - - [19/Nov/2023:17:43:29 -0500] "GET /BLA/resoluciones/index.php?dir=AUTOS+2023%2F HTTP/1.1" 200 407446
186.30.178.107 - - [19/Nov/2023:17:43:33 -0500] "GET /BLA/resoluciones/AUTOS%202023/1790.pdf HTTP/1.1" 200 418021
114.119.156.85 - - [19/Nov/2023:17:44:07 -0500] "GET /BLA/resoluciones/index.php?dir=AUTOS%2B2008/&sort=name&order=asc HTTP/1.1" 200 13882
172.22.2.4 - - [19/Nov/2023:17:42:36 -0500] "GET /BLA/boletinlegal/ HTTP/1.1" 200 51732
40.77.167.254 - - [19/Nov/2023:17:44:21 -0500] "GET /portaldeninos/wp-content/uploads/2020/11/Juan-Amarillo-B-133x75.jpg HTTP/1.1" 200 3630
201.245.192.253 - - [19/Nov/2023:17:45:24 -0500] "POST /kwsrmcab/Wsrmcab  HTTP/1.1" 200 40861
69.30.231.226 - - [19/Nov/2023:17:46:42 -0500] "POST /bsh.servlet.BshServlet HTTP/1.1" 404 1049
69.30.231.226 - - [19/Nov/2023:17:46:45 -0500] "POST /webadm/?q=moni_detail.do&action=gragh HTTP/1.1" 404 1049
216.245.221.92 - - [19/Nov/2023:17:46:58 -0500] "HEAD / HTTP/1.1" 200 -
172.22.2.4 - - [19/Nov/2023:17:47:35 -0500] "HEAD /BLA/boletinlegal/ HTTP/1.1" 200 -
172.22.2.4 - - [19/Nov/2023:17:48:26 -0500] "GET /BLA/boletinlegal/ HTTP/1.1" 200 59007
201.245.192.253 - - [19/Nov/2023:17:50:23 -0500] "POST /kwsrmcab/Wsrmcab  HTTP/1.1" 200 40861
172.22.2.4 - - [19/Nov/2023:17:51:03 -0500] "GET /BLA/boletinlegal/index.php?option=com_jprojectmanager&controller=../../../../../../../../../../etc/passwd%00 HTTP/1.1" 200 32715
216.245.221.92 - - [19/Nov/2023:17:51:58 -0500] "HEAD / HTTP/1.1" 200 -
207.46.13.168 - - [19/Nov/2023:17:54:28 -0500] "GET /distrito-lanza-la-patrulla-cazachimeneas-un-vehiculo-que-hara-seguimiento-a-fuentes-moviles-contaminantes.html HTTP/1.1" 304 -
40.77.188.39 - - [19/Nov/2023:17:54:56 -0500] "GET /portaldeninos/wp-content/themes/betheme/fonts/mfn-icons.woff?93978679 HTTP/1.1" 200 80932
172.22.2.4 - - [19/Nov/2023:17:53:25 -0500] "HEAD /BLA/boletinlegal/ HTTP/1.1" 200 -
172.22.2.4 - - [19/Nov/2023:17:54:20 -0500] "GET /BLA/boletinlegal/index.php?option=com_webtv&controller=../../../../../../../../../../etc/passwd%00 HTTP/1.1" 200 24523
201.245.192.253 - - [19/Nov/2023:17:55:21 -0500] "POST /kwsrmcab/Wsrmcab  HTTP/1.1" 200 40861
172.22.2.4 - - [19/Nov/2023:17:54:52 -0500] "GET /BLA/boletinlegal/index.php?option=com_addressbook&controller=../../../../../../../../../../etc/passwd%00 HTTP/1.1" 200 24523
172.22.2.4 - - [19/Nov/2023:17:54:16 -0500] "GET /BLA/boletinlegal/ HTTP/1.1" 200 42651
216.245.221.92 - - [19/Nov/2023:17:56:58 -0500] "HEAD / HTTP/1.1" 200 -
172.22.2.4 - - [19/Nov/2023:17:56:17 -0500] "GET /BLA/boletinlegal/index.php?option=com_horoscope&controller=../../../../../../../../../../etc/passwd%00 HTTP/1.1" 200 32715
186.155.141.173 - - [19/Nov/2023:17:57:26 -0500] "GET /portaldeninos/wp-content/uploads/2021/07/Parque-entrenubes.mp4 HTTP/1.1" 206 3627394
172.22.2.4 - - [19/Nov/2023:17:56:46 -0500] "GET /BLA/boletinlegal/index.php?option=com_advertising&controller=../../../../../../../../../../etc/passwd%00 HTTP/1.1" 200 32715
201.245.192.253 - - [19/Nov/2023:18:00:20 -0500] "POST /kwsrmcab/Wsrmcab  HTTP/1.1" 200 40861
172.22.2.4 - - [19/Nov/2023:17:59:15 -0500] "HEAD /BLA/boletinlegal/ HTTP/1.1" 200 -
172.22.2.4 - - [19/Nov/2023:18:00:06 -0500] "GET /BLA/boletinlegal/ HTTP/1.1" 200 43959
172.22.2.4 - - [19/Nov/2023:18:00:49 -0500] "GET /BLA/boletinlegal/index.php?option=com_alphauserpoints&view=../../../../../../../../../../etc/passwd%00 HTTP/1.1" 200 24523
172.22.2.4 - - [19/Nov/2023:18:00:49 -0500] "GET /BLA/boletinlegal/index.php?option=com_preventive&controller==../../../../../../../../../../etc/passwd%00 HTTP/1.1" 200 24523
172.22.2.4 - - [19/Nov/2023:18:00:52 -0500] "GET /BLA/boletinlegal/index.php?option=com_sweetykeeper&controller=../../../../../../../../../../etc/passwd%00 HTTP/1.1" 200 24523
216.245.221.92 - - [19/Nov/2023:18:01:58 -0500] "HEAD / HTTP/1.1" 200 -
173.252.107.6 - - [19/Nov/2023:18:03:12 -0500] "GET /con-plantacion-de-arboles-sigue-la-consolidacion-de-los-conectores-ecosistemicos-en-bogota.html HTTP/1.1" 200 896
172.22.2.4 - - [19/Nov/2023:18:03:51 -0500] "GET /BLA/boletinlegal/index.php?option=com_jfeedback&controller=../../../../../../../../../../etc/passwd%00 HTTP/1.1" 200 32715
201.245.192.253 - - [19/Nov/2023:18:05:19 -0500] "POST /kwsrmcab/Wsrmcab  HTTP/1.1" 200 40861
172.22.2.4 - - [19/Nov/2023:18:04:00 -0500] "GET /BLA/boletinlegal/index.php?option=com_awdwall&controller=../../../../../../../../../../etc/passwd%00 HTTP/1.1" 200 32715
172.22.2.4 - - [19/Nov/2023:18:04:16 -0500] "GET /BLA/boletinlegal/index.php?option=com_mmsblog&controller=../../../../../../../../../../etc/passwd%00 HTTP/1.1" 200 24523
172.22.2.4 - - [19/Nov/2023:18:04:21 -0500] "GET /BLA/boletinlegal/index.php?option=com_matamko&controller=../../../../../../../../../../etc/passwd%00 HTTP/1.1" 200 27375
172.22.2.4 - - [19/Nov/2023:18:04:24 -0500] "GET /BLA/boletinlegal/index.php?option=com_powermail&controller=../../../../../../../../../../etc/passwd%00 HTTP/1.1" 200 26935
172.22.2.4 - - [19/Nov/2023:18:04:32 -0500] "GET /BLA/boletinlegal/index.php?option=com_tweetla&controller=../../../../../../../etc/passwd%00 HTTP/1.1" 200 24523
172.22.2.4 - - [19/Nov/2023:18:04:31 -0500] "GET /BLA/boletinlegal/index.php?option=com_redshop&view=../../../../../../../../../../../../../../../etc/passwd%00 HTTP/1.1" 200 25666
172.22.2.4 - - [19/Nov/2023:18:04:42 -0500] "GET /BLA/boletinlegal/index.php?option=com_shoutbox&controller=../../../../../../../etc/passwd%00 HTTP/1.1" 200 24523
69.30.231.226 - - [19/Nov/2023:18:06:25 -0500] "POST /guest_auth/guestIsUp.php" 404 1019
172.22.2.4 - - [19/Nov/2023:18:05:05 -0500] "HEAD /BLA/boletinlegal/ HTTP/1.1" 200 -
216.245.221.92 - - [19/Nov/2023:18:06:58 -0500] "HEAD / HTTP/1.1" 200 -
172.22.2.4 - - [19/Nov/2023:18:05:56 -0500] "GET /BLA/boletinlegal/ HTTP/1.1" 200 55399
201.245.192.253 - - [19/Nov/2023:18:10:18 -0500] "POST /kwsrmcab/Wsrmcab  HTTP/1.1" 200 40861
216.245.221.92 - - [19/Nov/2023:18:11:58 -0500] "HEAD / HTTP/1.1" 200 -
172.22.2.4 - - [19/Nov/2023:18:10:55 -0500] "HEAD /BLA/boletinlegal/ HTTP/1.1" 200 -
152.201.223.200 - - [19/Nov/2023:18:12:46 -0500] "GET /BLA/resoluciones/index.php HTTP/1.1" 200 13696
152.201.223.200 - - [19/Nov/2023:18:12:48 -0500] "GET /BLA/resoluciones/index.php?dir=AUTOS+2011%2F HTTP/1.1" 200 637403
172.22.2.4 - - [19/Nov/2023:18:11:46 -0500] "GET /BLA/boletinlegal/ HTTP/1.1" 200 52214
173.252.83.11 - - [19/Nov/2023:18:13:26 -0500] "GET /con-plantacion-de-arboles-sigue-la-consolidacion-de-los-conectores-ecosistemicos-en-bogota.html HTTP/1.1" 200 896
172.22.2.4 - - [19/Nov/2023:18:12:44 -0500] "GET /BLA/boletinlegal/index.php HTTP/1.1" 200 56634
201.245.192.253 - - [19/Nov/2023:18:15:18 -0500] "POST /kwsrmcab/Wsrmcab  HTTP/1.1" 200 40861
216.245.221.92 - - [19/Nov/2023:18:16:58 -0500] "HEAD / HTTP/1.1" 200 -
201.245.192.253 - - [19/Nov/2023:18:17:01 -0500] "POST /kwsrmcab/Wsrmcab HTTP/1.1" 200 40701
201.245.192.253 - - [19/Nov/2023:18:17:04 -0500] "POST /kwsrmcab/Wsrmcab HTTP/1.1" 200 42122
172.22.2.4 - - [19/Nov/2023:18:16:45 -0500] "HEAD /BLA/boletinlegal/ HTTP/1.1" 200 -
172.22.2.4 - - [19/Nov/2023:18:17:36 -0500] "GET /BLA/boletinlegal/ HTTP/1.1" 200 60634
172.22.2.4 - - [19/Nov/2023:18:19:44 -0500] "HEAD /BLA/boletinlegal/Circulares/2012/Circular%20No.%207%20del%2008%20de%20Agosto%20de%202012.pdf HTTP/1.1" 200 -
172.22.2.4 - - [19/Nov/2023:18:19:44 -0500] "GET /BLA/boletinlegal/Circulares/2012/Circular%20No.%207%20del%2008%20de%20Agosto%20de%202012.pdf HTTP/1.1" 200 972955
201.245.192.253 - - [19/Nov/2023:18:20:16 -0500] "POST /kwsrmcab/Wsrmcab  HTTP/1.1" 200 40861
201.245.192.253 - - [19/Nov/2023:18:20:29 -0500] "POST /kwsrmcab/Wsrmcab HTTP/1.1" 200 40701
201.245.192.253 - - [19/Nov/2023:18:20:32 -0500] "POST /kwsrmcab/Wsrmcab HTTP/1.1" 200 42122
52.167.144.142 - - [19/Nov/2023:18:21:28 -0500] "GET /Publicaciones/2023EE204994.pdf HTTP/1.1" 404 228
216.245.221.92 - - [19/Nov/2023:18:21:58 -0500] "HEAD / HTTP/1.1" 200 -
172.22.2.4 - - [19/Nov/2023:18:22:35 -0500] "HEAD /BLA/boletinlegal/ HTTP/1.1" 200 -
17.241.227.12 - - [19/Nov/2023:18:24:27 -0500] "GET /mejora-tu-bienestar-con-las-caminatas-ecologicas-%C3%82%C2%A1conoce-la-programacion-de-agosto.html HTTP/1.1" 200 873
172.22.2.4 - - [19/Nov/2023:18:23:26 -0500] "GET /BLA/boletinlegal/ HTTP/1.1" 200 55050
201.245.192.253 - - [19/Nov/2023:18:25:15 -0500] "POST /kwsrmcab/Wsrmcab  HTTP/1.1" 200 40861
40.77.167.230 - - [19/Nov/2023:18:25:32 -0500] "GET /BLA/resoluciones/AUTOS%202022/0447.pdf HTTP/1.1" 304 -
216.245.221.92 - - [19/Nov/2023:18:26:58 -0500] "HEAD / HTTP/1.1" 200 -
201.245.192.253 - - [19/Nov/2023:18:27:02 -0500] "POST /kwsrmcab/Wsrmcab HTTP/1.1" 200 40701
201.245.192.253 - - [19/Nov/2023:18:27:05 -0500] "POST /kwsrmcab/Wsrmcab HTTP/1.1" 200 42122
172.22.2.4 - - [19/Nov/2023:18:29:26 -0500] "GET /BLA/boletinlegal/actos.php HTTP/1.1" 200 9682
172.22.2.4 - - [19/Nov/2023:18:28:25 -0500] "HEAD /BLA/boletinlegal/ HTTP/1.1" 200 -
172.22.2.4 - - [19/Nov/2023:18:29:21 -0500] "GET /BLA/boletinlegal/ HTTP/1.1" 200 24523
201.245.192.253 - - [19/Nov/2023:18:30:13 -0500] "POST /kwsrmcab/Wsrmcab  HTTP/1.1" 200 40861
201.245.192.253 - - [19/Nov/2023:18:30:28 -0500] "POST /kwsrmcab/Wsrmcab HTTP/1.1" 200 40701
186.80.199.188 - - [19/Nov/2023:18:30:30 -0500] "GET /BLA/resoluciones/ HTTP/1.1" 200 13696
186.80.199.188 - - [19/Nov/2023:18:30:31 -0500] "GET /favicon.ico HTTP/1.1" 200 7782
201.245.192.253 - - [19/Nov/2023:18:30:31 -0500] "POST /kwsrmcab/Wsrmcab HTTP/1.1" 200 42122
186.80.199.188 - - [19/Nov/2023:18:30:35 -0500] "GET /BLA/resoluciones/index.php?dir=AUTOS+2023%2F HTTP/1.1" 200 407446
172.22.2.4 - - [19/Nov/2023:18:29:16 -0500] "GET /BLA/boletinlegal/ HTTP/1.1" 200 55050
40.77.167.32 - - [19/Nov/2023:18:31:13 -0500] "GET /Publicaciones/2023EE205892.pdf HTTP/1.1" 404 228
216.245.221.92 - - [19/Nov/2023:18:31:58 -0500] "HEAD / HTTP/1.1" 200 -
40.77.167.28 - - [19/Nov/2023:18:32:20 -0500] "GET /BLA/resoluciones/AUTOS%202023/3661.pdf HTTP/1.1" 200 1658928
40.77.167.32 - - [19/Nov/2023:18:32:33 -0500] "GET /Publicaciones/2023EE222899.pdf HTTP/1.1" 404 228
