190.27.185.40 - - [19/Nov/2023:13:05:02 -0500] "GET /sipse/faces/javax.faces.resource/jquery/jquery.js?ln=primefaces&v=4.0 HTTP/1.1" 304 -
190.27.185.40 - - [19/Nov/2023:13:05:02 -0500] "GET /sipse/faces/javax.faces.resource/jquery/jquery-plugins.js?ln=primefaces&v=4.0 HTTP/1.1" 304 -
190.27.185.40 - - [19/Nov/2023:13:05:02 -0500] "GET /sipse/faces/javax.faces.resource/primefaces.js?ln=primefaces&v=4.0 HTTP/1.1" 304 -
190.27.185.40 - - [19/Nov/2023:13:05:02 -0500] "GET /sipse/faces/javax.faces.resource/layout/layout.js?ln=primefaces&v=4.0 HTTP/1.1" 304 -
190.27.185.40 - - [19/Nov/2023:13:05:02 -0500] "GET /sipse/faces/javax.faces.resource/dynamiccontent.properties?ln=primefaces&pfdrid=XjOR5%2F%2FfPAZAuY9TpWQeCiM0BhlXxYRBGKi%2FQcXXfeA%3D&pfdrid_c=false HTTP/1.1" 500 383
190.27.185.40 - - [19/Nov/2023:13:05:08 -0500] "POST /sipse/faces/presentacion/financiero/solicitudProceso/consultarSolicitudProceso.xhtml HTTP/1.1" 200 30209
190.27.185.40 - - [19/Nov/2023:13:05:08 -0500] "GET /sipse/faces/javax.faces.resource/jquery/jquery.js?ln=primefaces&v=4.0 HTTP/1.1" 304 -
190.27.185.40 - - [19/Nov/2023:13:05:08 -0500] "GET /sipse/faces/javax.faces.resource/jquery/jquery-plugins.js?ln=primefaces&v=4.0 HTTP/1.1" 304 -
190.27.185.40 - - [19/Nov/2023:13:05:08 -0500] "GET /sipse/faces/javax.faces.resource/primefaces.js?ln=primefaces&v=4.0 HTTP/1.1" 304 -
190.27.185.40 - - [19/Nov/2023:13:05:08 -0500] "GET /sipse/faces/javax.faces.resource/layout/layout.js?ln=primefaces&v=4.0 HTTP/1.1" 304 -
190.27.185.40 - - [19/Nov/2023:13:05:10 -0500] "POST /sipse/faces/presentacion/financiero/solicitudProceso/asignarContratacion.xhtml HTTP/1.1" 200 6660
190.27.185.40 - - [19/Nov/2023:13:05:12 -0500] "POST /sipse/faces/presentacion/financiero/solicitudProceso/asignarContratacion.xhtml HTTP/1.1" 200 35606
190.27.185.40 - - [19/Nov/2023:13:05:13 -0500] "GET /sipse/faces/javax.faces.resource/jquery/jquery.js?ln=primefaces&v=4.0 HTTP/1.1" 304 -
190.27.185.40 - - [19/Nov/2023:13:05:14 -0500] "GET /sipse/faces/javax.faces.resource/jquery/jquery-plugins.js?ln=primefaces&v=4.0 HTTP/1.1" 304 -
190.27.185.40 - - [19/Nov/2023:13:05:14 -0500] "GET /sipse/faces/javax.faces.resource/primefaces.js?ln=primefaces&v=4.0 HTTP/1.1" 304 -
190.27.185.40 - - [19/Nov/2023:13:05:14 -0500] "GET /sipse/faces/javax.faces.resource/layout/layout.js?ln=primefaces&v=4.0 HTTP/1.1" 304 -
190.27.185.40 - - [19/Nov/2023:13:05:14 -0500] "POST /sipse/faces/presentacion/financiero/solicitudProceso/listarSolicitudProceso.xhtml HTTP/1.1" 200 1396
190.27.185.40 - - [19/Nov/2023:13:05:21 -0500] "POST /sipse/faces/presentacion/financiero/solicitudProceso/listarSolicitudProceso.xhtml HTTP/1.1" 200 115708
190.27.185.40 - - [19/Nov/2023:13:05:21 -0500] "GET /sipse/faces/javax.faces.resource/jquery/jquery.js?ln=primefaces&v=4.0 HTTP/1.1" 304 -
190.27.185.40 - - [19/Nov/2023:13:05:21 -0500] "GET /sipse/faces/javax.faces.resource/jquery/jquery-plugins.js?ln=primefaces&v=4.0 HTTP/1.1" 304 -
190.27.185.40 - - [19/Nov/2023:13:05:21 -0500] "GET /sipse/faces/javax.faces.resource/primefaces.js?ln=primefaces&v=4.0 HTTP/1.1" 304 -
190.27.185.40 - - [19/Nov/2023:13:05:21 -0500] "GET /sipse/faces/javax.faces.resource/layout/layout.js?ln=primefaces&v=4.0 HTTP/1.1" 304 -
190.27.185.40 - - [19/Nov/2023:13:05:21 -0500] "GET /sipse/faces/javax.faces.resource/dynamiccontent.properties?ln=primefaces&pfdrid=XjOR5%2F%2FfPAZAuY9TpWQeCiM0BhlXxYRBGKi%2FQcXXfeA%3D&pfdrid_c=false HTTP/1.1" 500 383
190.27.185.40 - - [19/Nov/2023:13:05:25 -0500] "POST /sipse/faces/presentacion/financiero/solicitudProceso/consultarSolicitudProceso.xhtml HTTP/1.1" 200 30209
190.27.185.40 - - [19/Nov/2023:13:05:25 -0500] "GET /sipse/faces/javax.faces.resource/jquery/jquery.js?ln=primefaces&v=4.0 HTTP/1.1" 304 -
190.27.185.40 - - [19/Nov/2023:13:05:25 -0500] "GET /sipse/faces/javax.faces.resource/jquery/jquery-plugins.js?ln=primefaces&v=4.0 HTTP/1.1" 304 -
190.27.185.40 - - [19/Nov/2023:13:05:25 -0500] "GET /sipse/faces/javax.faces.resource/primefaces.js?ln=primefaces&v=4.0 HTTP/1.1" 304 -
190.27.185.40 - - [19/Nov/2023:13:05:25 -0500] "GET /sipse/faces/javax.faces.resource/layout/layout.js?ln=primefaces&v=4.0 HTTP/1.1" 304 -
190.27.185.40 - - [19/Nov/2023:13:05:27 -0500] "POST /sipse/faces/presentacion/financiero/solicitudProceso/asignarContratacion.xhtml HTTP/1.1" 200 6660
66.249.66.193 - - [19/Nov/2023:13:05:27 -0500] "GET /camaras-trampa-de-la-secretaria-de-ambiente-registran-fauna-en-cerros-orientales-en-areas-donde-tenemos-acuerdos-de-conservacion.html HTTP/1.1" 200 982
66.249.66.193 - - [19/Nov/2023:13:05:28 -0500] "GET /camaras-trampa-de-la-secretaria-de-ambiente-registran-fauna-en-cerros-orientales-en-areas-donde-tenemos-acuerdos-de-conservacion.html HTTP/1.1" 200 982
190.27.185.40 - - [19/Nov/2023:13:05:29 -0500] "POST /sipse/faces/presentacion/financiero/solicitudProceso/asignarContratacion.xhtml HTTP/1.1" 200 32366
190.27.185.40 - - [19/Nov/2023:13:05:31 -0500] "GET /sipse/faces/javax.faces.resource/jquery/jquery.js?ln=primefaces&v=4.0 HTTP/1.1" 304 -
190.27.185.40 - - [19/Nov/2023:13:05:31 -0500] "GET /sipse/faces/javax.faces.resource/jquery/jquery-plugins.js?ln=primefaces&v=4.0 HTTP/1.1" 304 -
190.27.185.40 - - [19/Nov/2023:13:05:31 -0500] "GET /sipse/faces/javax.faces.resource/primefaces.js?ln=primefaces&v=4.0 HTTP/1.1" 304 -
190.27.185.40 - - [19/Nov/2023:13:05:31 -0500] "GET /sipse/faces/javax.faces.resource/layout/layout.js?ln=primefaces&v=4.0 HTTP/1.1" 304 -
190.27.185.40 - - [19/Nov/2023:13:05:31 -0500] "POST /sipse/faces/presentacion/financiero/solicitudProceso/listarSolicitudProceso.xhtml HTTP/1.1" 200 1372
52.167.144.236 - - [19/Nov/2023:13:05:41 -0500] "GET /Publicaciones/2023EE200637.pdf HTTP/1.1" 404 228
20.26.80.128 - - [19/Nov/2023:13:05:54 -0500] "GET /Publicaciones/2023EE255371.pdf HTTP/1.1" 404 228
201.245.192.253 - - [19/Nov/2023:13:06:23 -0500] "POST /kwsrmcab/Wsrmcab  HTTP/1.1" 200 40861
216.245.221.92 - - [19/Nov/2023:13:06:59 -0500] "HEAD / HTTP/1.1" 200 -
172.22.2.4 - - [19/Nov/2023:13:07:34 -0500] "HEAD /BLA/boletinlegal/ HTTP/1.1" 200 -
172.22.2.4 - - [19/Nov/2023:13:08:24 -0500] "GET /BLA/boletinlegal/ HTTP/1.1" 200 58644
172.22.2.4 - - [19/Nov/2023:13:11:23 -0500] "GET /BLA/boletinlegal/robots.txt HTTP/1.1" 404 1038
201.245.192.253 - - [19/Nov/2023:13:11:22 -0500] "POST /kwsrmcab/Wsrmcab  HTTP/1.1" 200 40861
216.245.221.92 - - [19/Nov/2023:13:11:59 -0500] "HEAD / HTTP/1.1" 200 -
52.167.144.174 - - [19/Nov/2023:13:12:09 -0500] "GET /images/publicidad-exterior-bogota.jpg HTTP/1.1" 200 38930
66.249.66.194 - - [19/Nov/2023:13:14:03 -0500] "GET /dia-mundial-de-los-humedales-mas-de-60-aves-alzaron-vuelo-en-el-humedal-el-tunjo.html HTTP/1.1" 304 -
172.22.2.4 - - [19/Nov/2023:13:13:24 -0500] "HEAD /BLA/boletinlegal/ HTTP/1.1" 200 -
172.22.2.4 - - [19/Nov/2023:13:14:15 -0500] "GET /BLA/boletinlegal/ HTTP/1.1" 200 56997
201.245.192.253 - - [19/Nov/2023:13:16:21 -0500] "POST /kwsrmcab/Wsrmcab  HTTP/1.1" 200 40861
216.245.221.92 - - [19/Nov/2023:13:16:59 -0500] "HEAD / HTTP/1.1" 200 -
201.245.192.253 - - [19/Nov/2023:13:17:03 -0500] "POST /kwsrmcab/Wsrmcab HTTP/1.1" 200 38814
201.245.192.253 - - [19/Nov/2023:13:17:06 -0500] "POST /kwsrmcab/Wsrmcab HTTP/1.1" 200 41665
54.39.104.161 - - [19/Nov/2023:13:17:14 -0500] "GET /disenos-arquitectonicos-para-proteger-millones-de-aves-en-bogota.html HTTP/1.1" 200 838
51.222.253.11 - - [19/Nov/2023:13:17:29 -0500] "GET /catalogoisis/ HTTP/1.1" 404 211
34.32.255.92 - - [19/Nov/2023:13:17:31 -0500] "GET /consulta-y-conoce-los-proyectos-de-resolucion-de-para-los-planes-de-manejo-ambiental-de-cinco-humedales-en-bogota.html HTTP/1.1" 200 971
191.107.136.93 - - [19/Nov/2023:13:18:11 -0500] "GET /camaras-trampa-de-la-secretaria-de-ambiente-registran-fauna-en-cerros-orientales-en-areas-donde-tenemos-acuerdos-de-conservacion.html?fbclid=PAAaapXZ7mTjczyM8PJNbusNzf2zQpLKo4NvOLvIoznZg8uvnjw2A2JigZpZ8 HTTP/1.1" 200 982
201.245.192.253 - - [19/Nov/2023:13:20:29 -0500] "POST /kwsrmcab/Wsrmcab HTTP/1.1" 200 38814
201.245.192.253 - - [19/Nov/2023:13:20:33 -0500] "POST /kwsrmcab/Wsrmcab HTTP/1.1" 200 41665
172.22.2.4 - - [19/Nov/2023:13:19:14 -0500] "HEAD /BLA/boletinlegal/ HTTP/1.1" 200 -
201.245.192.253 - - [19/Nov/2023:13:21:20 -0500] "POST /kwsrmcab/Wsrmcab  HTTP/1.1" 200 40861
172.22.2.4 - - [19/Nov/2023:13:20:04 -0500] "GET /BLA/boletinlegal/ HTTP/1.1" 200 57497
216.245.221.92 - - [19/Nov/2023:13:21:59 -0500] "HEAD / HTTP/1.1" 200 -
94.102.61.10 - - [19/Nov/2023:13:22:05 -0500] "GET / HTTP/1.1" 200 319
172.22.2.4 - - [19/Nov/2023:13:21:43 -0500] "GET /BLA/boletinlegal/index.php?option=com_jashowcase&view=jashowcase&controller=../../../../../../../etc/passwd%00 HTTP/1.1" 200 32715
172.22.2.4 - - [19/Nov/2023:13:21:44 -0500] "GET /BLA/boletinlegal/index.php?option=com_jcollection&controller=../../../../../../../etc/passwd%00 HTTP/1.1" 200 32715
201.245.192.253 - - [19/Nov/2023:13:22:55 -0500] "GET /sipse/faces/faces/faces/autenticacion.xhtml HTTP/1.1" 200 12729
201.245.192.253 - - [19/Nov/2023:13:22:55 -0500] "GET /sipse/js/disable_browser_buttons.js HTTP/1.1" 304 -
201.245.192.253 - - [19/Nov/2023:13:22:55 -0500] "GET /sipse/js/funciones.js HTTP/1.1" 304 -
201.245.192.253 - - [19/Nov/2023:13:22:55 -0500] "GET /sipse/css/custom_css_sg.css HTTP/1.1" 200 9694
201.245.192.253 - - [19/Nov/2023:13:22:55 -0500] "GET /sipse/css/custom_css_sg_prime_login.css HTTP/1.1" 200 443
201.245.192.253 - - [19/Nov/2023:13:22:55 -0500] "GET /sipse/faces/javax.faces.resource/layout/layout.css;jsessionid=lmOtxaJ+QYW4YnDoyZcgsprO.undefined?ln=primefaces&v=4.0 HTTP/1.1" 200 542
201.245.192.253 - - [19/Nov/2023:13:22:55 -0500] "GET /sipse/faces/javax.faces.resource/jquery/jquery.js;jsessionid=lmOtxaJ+QYW4YnDoyZcgsprO.undefined?ln=primefaces&v=4.0 HTTP/1.1" 200 105384
201.245.192.253 - - [19/Nov/2023:13:22:55 -0500] "GET /sipse/faces/javax.faces.resource/theme.css?ln=primefaces-sipse HTTP/1.1" 200 50058
201.245.192.253 - - [19/Nov/2023:13:22:55 -0500] "GET /sipse/faces/javax.faces.resource/primefaces.js;jsessionid=lmOtxaJ+QYW4YnDoyZcgsprO.undefined?ln=primefaces&v=4.0 HTTP/1.1" 200 276924
201.245.192.253 - - [19/Nov/2023:13:22:55 -0500] "GET /sipse/faces/javax.faces.resource/primefaces.css;jsessionid=lmOtxaJ+QYW4YnDoyZcgsprO.undefined?ln=primefaces&v=4.0 HTTP/1.1" 200 53295
201.245.192.253 - - [19/Nov/2023:13:22:55 -0500] "GET /sipse/faces/javax.faces.resource/jquery/jquery-plugins.js;jsessionid=lmOtxaJ+QYW4YnDoyZcgsprO.undefined?ln=primefaces&v=4.0 HTTP/1.1" 200 220526
201.245.192.253 - - [19/Nov/2023:13:22:55 -0500] "GET /sipse/faces/javax.faces.resource/layout/layout.js;jsessionid=lmOtxaJ+QYW4YnDoyZcgsprO.undefined?ln=primefaces&v=4.0 HTTP/1.1" 200 87560
201.245.192.253 - - [19/Nov/2023:13:22:55 -0500] "GET /sipse/faces/javax.faces.resource/images/ui-icons_898989_256x240.png?ln=primefaces-aristo HTTP/1.1" 200 5355
201.245.192.253 - - [19/Nov/2023:13:22:55 -0500] "GET /sipse/css/imagen/loginimg.png HTTP/1.1" 200 71635
201.245.192.253 - - [19/Nov/2023:13:22:55 -0500] "GET /sipse/css/imagen/logoSDG.png HTTP/1.1" 200 53064
201.245.192.253 - - [19/Nov/2023:13:22:55 -0500] "GET /favicon.ico HTTP/1.1" 200 7782
201.245.192.253 - - [19/Nov/2023:13:22:55 -0500] "GET /sipse/faces/faces/faces/index.xhtml HTTP/1.1" 200 677
201.245.192.253 - - [19/Nov/2023:13:22:55 -0500] "GET /sipse/faces/javax.faces.resource/theme.css?ln=primefaces-sipse HTTP/1.1" 304 -
201.245.192.253 - - [19/Nov/2023:13:22:55 -0500] "GET /sipse/faces/faces/faces/faces/autenticacion.xhtml HTTP/1.1" 200 12407
201.245.192.253 - - [19/Nov/2023:13:22:55 -0500] "GET /sipse/faces/javax.faces.resource/theme.css?ln=primefaces-sipse HTTP/1.1" 304 -
201.245.192.253 - - [19/Nov/2023:13:22:55 -0500] "GET /sipse/faces/javax.faces.resource/layout/layout.css?ln=primefaces&v=4.0 HTTP/1.1" 200 542
201.245.192.253 - - [19/Nov/2023:13:22:55 -0500] "GET /sipse/faces/javax.faces.resource/jquery/jquery.js?ln=primefaces&v=4.0 HTTP/1.1" 304 -
201.245.192.253 - - [19/Nov/2023:13:22:55 -0500] "GET /sipse/faces/javax.faces.resource/jquery/jquery-plugins.js?ln=primefaces&v=4.0 HTTP/1.1" 304 -
201.245.192.253 - - [19/Nov/2023:13:22:55 -0500] "GET /sipse/faces/javax.faces.resource/layout/layout.js?ln=primefaces&v=4.0 HTTP/1.1" 304 -
201.245.192.253 - - [19/Nov/2023:13:22:55 -0500] "GET /sipse/faces/javax.faces.resource/primefaces.js?ln=primefaces&v=4.0 HTTP/1.1" 304 -
201.245.192.253 - - [19/Nov/2023:13:22:55 -0500] "GET /sipse/faces/javax.faces.resource/primefaces.css?ln=primefaces&v=4.0 HTTP/1.1" 200 53295
201.245.192.253 - - [19/Nov/2023:13:22:55 -0500] "GET /sipse/faces/javax.faces.resource/images/ui-icons_898989_256x240.png?ln=primefaces-aristo HTTP/1.1" 304 -
201.245.192.253 - - [19/Nov/2023:13:22:58 -0500] "POST /sipse/faces/autenticacion.xhtml HTTP/1.1" 200 11169
201.245.192.253 - - [19/Nov/2023:13:22:58 -0500] "GET /sipse/css/custom_css_sg_prime.css HTTP/1.1" 200 5201
201.245.192.253 - - [19/Nov/2023:13:22:58 -0500] "GET /sipse/faces/javax.faces.resource/jquery/jquery.js?ln=primefaces&v=4.0 HTTP/1.1" 304 -
201.245.192.253 - - [19/Nov/2023:13:22:58 -0500] "GET /sipse/faces/javax.faces.resource/jquery/jquery-plugins.js?ln=primefaces&v=4.0 HTTP/1.1" 304 -
201.245.192.253 - - [19/Nov/2023:13:22:58 -0500] "GET /sipse/faces/javax.faces.resource/primefaces.js?ln=primefaces&v=4.0 HTTP/1.1" 304 -
201.245.192.253 - - [19/Nov/2023:13:22:58 -0500] "GET /sipse/faces/javax.faces.resource/layout/layout.js?ln=primefaces&v=4.0 HTTP/1.1" 304 -
201.245.192.253 - - [19/Nov/2023:13:22:58 -0500] "GET /sipse/faces/javax.faces.resource/messages/messages.png?ln=primefaces&v=4.0 HTTP/1.1" 200 27209
201.245.192.253 - - [19/Nov/2023:13:23:01 -0500] "POST /sipse/faces/presentacion/sistema/seguridad/seleccionRol.xhtml HTTP/1.1" 200 5600
201.245.192.253 - - [19/Nov/2023:13:23:02 -0500] "POST /sipse/faces/presentacion/sistema/seguridad/seleccionRol.xhtml HTTP/1.1" 200 17561
201.245.192.253 - - [19/Nov/2023:13:23:02 -0500] "GET /sipse/js/jquery.min.js HTTP/1.1" 304 -
201.245.192.253 - - [19/Nov/2023:13:23:02 -0500] "GET /sipse/faces/javax.faces.resource/jquery/jquery.js?ln=primefaces&v=4.0 HTTP/1.1" 304 -
201.245.192.253 - - [19/Nov/2023:13:23:02 -0500] "GET /sipse/faces/javax.faces.resource/jquery/jquery-plugins.js?ln=primefaces&v=4.0 HTTP/1.1" 304 -
201.245.192.253 - - [19/Nov/2023:13:23:03 -0500] "GET /sipse/faces/javax.faces.resource/primefaces.js?ln=primefaces&v=4.0 HTTP/1.1" 304 -
201.245.192.253 - - [19/Nov/2023:13:23:03 -0500] "GET /sipse/faces/javax.faces.resource/layout/layout.js?ln=primefaces&v=4.0 HTTP/1.1" 304 -
201.245.192.253 - - [19/Nov/2023:13:23:03 -0500] "GET /sipse/css/v_mergente.css HTTP/1.1" 200 1505
201.245.192.253 - - [19/Nov/2023:13:23:03 -0500] "GET /sipse/imagenes/cargando.gif HTTP/1.1" 200 36959
201.245.192.253 - - [19/Nov/2023:13:23:03 -0500] "GET /sipse/imagenes/logoAplicacion.jpg HTTP/1.1" 200 155084
201.245.192.253 - - [19/Nov/2023:13:23:03 -0500] "GET /sipse/css/imagen/contrasena.png HTTP/1.1" 404 383
201.245.192.253 - - [19/Nov/2023:13:23:05 -0500] "GET /sipse/faces/javax.faces.resource/images/ui-bg_flat_0_2d5972_40x100.png?ln=primefaces-aristo HTTP/1.1" 200 183
201.245.192.253 - - [19/Nov/2023:13:23:05 -0500] "POST /sipse/faces/bienvenido.xhtml HTTP/1.1" 200 3246
201.245.192.253 - - [19/Nov/2023:13:23:09 -0500] "POST /sipse/faces/bienvenido.xhtml HTTP/1.1" 200 2055
201.245.192.253 - - [19/Nov/2023:13:23:10 -0500] "POST /sipse/faces/bienvenido.xhtml HTTP/1.1" 200 83946
201.245.192.253 - - [19/Nov/2023:13:23:14 -0500] "GET /sipse/faces/javax.faces.resource/jquery/jquery.js?ln=primefaces&v=4.0 HTTP/1.1" 304 -
201.245.192.253 - - [19/Nov/2023:13:23:14 -0500] "GET /sipse/faces/javax.faces.resource/jquery/jquery-plugins.js?ln=primefaces&v=4.0 HTTP/1.1" 304 -
201.245.192.253 - - [19/Nov/2023:13:23:14 -0500] "GET /sipse/faces/javax.faces.resource/primefaces.js?ln=primefaces&v=4.0 HTTP/1.1" 304 -
201.245.192.253 - - [19/Nov/2023:13:23:14 -0500] "GET /sipse/faces/javax.faces.resource/layout/layout.js?ln=primefaces&v=4.0 HTTP/1.1" 304 -
201.245.192.253 - - [19/Nov/2023:13:23:18 -0500] "POST /sipse/faces/presentacion/proyectos/proyecto/listarProyecto.xhtml HTTP/1.1" 200 163
201.245.192.253 - - [19/Nov/2023:13:23:19 -0500] "GET /sipse/faces/presentacion/proyectos/proyecto/proyecto.xhtml HTTP/1.1" 200 85013
201.245.192.253 - - [19/Nov/2023:13:23:20 -0500] "GET /sipse/faces/javax.faces.resource/theme.css?ln=primefaces-sipse HTTP/1.1" 304 -
201.245.192.253 - - [19/Nov/2023:13:23:20 -0500] "GET /sipse/faces/javax.faces.resource/primefaces.css?ln=primefaces&v=4.0 HTTP/1.1" 304 -
201.245.192.253 - - [19/Nov/2023:13:23:20 -0500] "GET /sipse/faces/javax.faces.resource/layout/layout.css?ln=primefaces&v=4.0 HTTP/1.1" 304 -
201.245.192.253 - - [19/Nov/2023:13:23:20 -0500] "GET /sipse/faces/javax.faces.resource/jquery/jquery.js?ln=primefaces&v=4.0 HTTP/1.1" 304 -
201.245.192.253 - - [19/Nov/2023:13:23:20 -0500] "GET /sipse/faces/javax.faces.resource/jquery/jquery-plugins.js?ln=primefaces&v=4.0 HTTP/1.1" 304 -
201.245.192.253 - - [19/Nov/2023:13:23:20 -0500] "GET /sipse/faces/javax.faces.resource/primefaces.js?ln=primefaces&v=4.0 HTTP/1.1" 304 -
201.245.192.253 - - [19/Nov/2023:13:23:20 -0500] "GET /sipse/faces/javax.faces.resource/layout/layout.js?ln=primefaces&v=4.0 HTTP/1.1" 304 -
201.245.192.253 - - [19/Nov/2023:13:23:20 -0500] "GET /sipse/faces/javax.faces.resource/images/ui-icons_898989_256x240.png?ln=primefaces-aristo HTTP/1.1" 304 -
201.245.192.253 - - [19/Nov/2023:13:23:20 -0500] "GET /sipse/faces/javax.faces.resource/images/ui-bg_flat_0_2d5972_40x100.png?ln=primefaces-aristo HTTP/1.1" 304 -
201.245.192.253 - - [19/Nov/2023:13:23:20 -0500] "POST /sipse/faces/presentacion/proyectos/proyecto/proyecto.xhtml HTTP/1.1" 200 3249
201.245.192.253 - - [19/Nov/2023:13:23:26 -0500] "POST /sipse/faces/presentacion/proyectos/proyecto/proyecto.xhtml HTTP/1.1" 200 43799
201.245.192.253 - - [19/Nov/2023:13:23:27 -0500] "GET /sipse/faces/javax.faces.resource/spacer/dot_clear.gif?ln=primefaces&v=4.0 HTTP/1.1" 200 42
201.245.192.253 - - [19/Nov/2023:13:23:27 -0500] "POST /sipse/faces/presentacion/proyectos/proyecto/proyecto.xhtml HTTP/1.1" 200 3942
201.245.192.253 - - [19/Nov/2023:13:23:34 -0500] "POST /sipse/faces/presentacion/proyectos/proyecto/proyecto.xhtml HTTP/1.1" 200 44121
172.22.2.4 - - [19/Nov/2023:13:24:13 -0500] "GET /BLA/boletinlegal/Circulares/2019/Circular%20No.%200003%20del%2031%20de%20Enero%20de%202019.pdf HTTP/1.1" 304 -
52.167.144.211 - - [19/Nov/2023:13:24:32 -0500] "GET /Publicaciones/2023EE230924.pdf HTTP/1.1" 404 228
52.167.144.211 - - [19/Nov/2023:13:25:42 -0500] "GET /Publicaciones/2023EE226622.pdf HTTP/1.1" 404 228
52.167.144.211 - - [19/Nov/2023:13:25:42 -0500] "GET /Publicaciones/2023EE230758.pdf HTTP/1.1" 404 228
201.245.192.253 - - [19/Nov/2023:13:26:18 -0500] "POST /kwsrmcab/Wsrmcab  HTTP/1.1" 200 40861
52.167.144.214 - - [19/Nov/2023:13:26:30 -0500] "GET /Publicaciones/2023EE218367.pdf HTTP/1.1" 404 228
172.22.2.4 - - [19/Nov/2023:13:25:04 -0500] "HEAD /BLA/boletinlegal/ HTTP/1.1" 200 -
52.167.144.182 - - [19/Nov/2023:13:26:50 -0500] "GET /Publicaciones/2023EE186787.pdf HTTP/1.1" 404 228
52.167.144.182 - - [19/Nov/2023:13:26:51 -0500] "GET /Publicaciones/2023EE190575.pdf HTTP/1.1" 404 228
186.29.32.101 - - [19/Nov/2023:13:26:55 -0500] "GET /BLA/resoluciones/index.php?dir=AUTOS+2020%2F HTTP/1.1" 200 332687
216.245.221.92 - - [19/Nov/2023:13:26:59 -0500] "HEAD / HTTP/1.1" 200 -
172.22.2.4 - - [19/Nov/2023:13:26:13 -0500] "GET /BLA/boletinlegal/index.php?option=com_gcalendar&controller=../../../../../etc/passwd%00 HTTP/1.1" 200 24523
201.245.192.253 - - [19/Nov/2023:13:27:02 -0500] "POST /kwsrmcab/Wsrmcab HTTP/1.1" 200 38814
201.245.192.253 - - [19/Nov/2023:13:27:05 -0500] "POST /kwsrmcab/Wsrmcab HTTP/1.1" 200 41665
172.22.2.4 - - [19/Nov/2023:13:25:54 -0500] "GET /BLA/boletinlegal/ HTTP/1.1" 200 54105
172.22.2.4 - - [19/Nov/2023:13:29:24 -0500] "GET /BLA/boletinlegal/robots.txt HTTP/1.1" 404 1139
172.22.2.4 - - [19/Nov/2023:13:30:11 -0500] "GET /BLA/boletinlegal/jurisprudencia/analisis/CUADRO%20ANALISIS%20SENTENCIA%20T-411%20DE%201992.doc HTTP/1.1" 200 41984
201.245.192.253 - - [19/Nov/2023:13:30:30 -0500] "POST /kwsrmcab/Wsrmcab HTTP/1.1" 200 38814
201.245.192.253 - - [19/Nov/2023:13:30:33 -0500] "POST /kwsrmcab/Wsrmcab HTTP/1.1" 200 41665
66.249.66.192 - - [19/Nov/2023:13:31:02 -0500] "GET /secretaria-de-ambiente-abre-convocatoria-para-el-proceso-de-formacion-mujeres-cuidadoras-de-humedales.html HTTP/1.1" 304 -
201.245.192.253 - - [19/Nov/2023:13:31:18 -0500] "POST /kwsrmcab/Wsrmcab  HTTP/1.1" 200 40861
216.245.221.92 - - [19/Nov/2023:13:31:59 -0500] "HEAD / HTTP/1.1" 200 -
172.22.2.4 - - [19/Nov/2023:13:30:54 -0500] "HEAD /BLA/boletinlegal/ HTTP/1.1" 200 -
172.22.2.4 - - [19/Nov/2023:13:31:44 -0500] "GET /BLA/boletinlegal/ HTTP/1.1" 200 56634
199.16.157.180 - - [19/Nov/2023:13:34:08 -0500] "GET /images/cr%C3%B3nica-29-nov-1_optimized.jpeg HTTP/1.1" 404 1034
201.245.192.253 - - [19/Nov/2023:13:36:17 -0500] "POST /kwsrmcab/Wsrmcab  HTTP/1.1" 200 40861
216.245.221.92 - - [19/Nov/2023:13:36:58 -0500] "HEAD / HTTP/1.1" 200 -
172.22.2.4 - - [19/Nov/2023:13:36:17 -0500] "GET /BLA/boletinlegal/index.php?option=com_cartweberp&controller=../../../../../../../../etc/passwd HTTP/1.1" 200 32715
201.245.192.253 - - [19/Nov/2023:13:37:02 -0500] "POST /kwsrmcab/Wsrmcab HTTP/1.1" 200 38814
201.245.192.253 - - [19/Nov/2023:13:37:05 -0500] "POST /kwsrmcab/Wsrmcab HTTP/1.1" 200 41665
172.22.2.4 - - [19/Nov/2023:13:37:31 -0500] "GET /BLA/boletinlegal/actos.php HTTP/1.1" 200 9682
172.22.2.4 - - [19/Nov/2023:13:37:32 -0500] "GET /BLA/boletinlegal/favicon.ico HTTP/1.1" 404 1326
190.67.158.150 - - [19/Nov/2023:13:37:34 -0500] "GET /BLA/resoluciones/ HTTP/1.1" 200 13696
173.252.83.2 - - [19/Nov/2023:13:37:41 -0500] "GET /bogota-se-la-juega-por-las-mujeres-emprendedoras-de-bogota-es-mi-huerta-y-mujeres-que-reverdecen-expusieron-sus-proyectos-productivos.html HTTP/1.1" 200 985
190.67.158.150 - - [19/Nov/2023:13:37:41 -0500] "GET /BLA/resoluciones/index.php?dir=AUTOS+2014%2F HTTP/1.1" 200 891177
172.22.2.4 - - [19/Nov/2023:13:36:44 -0500] "HEAD /BLA/boletinlegal/ HTTP/1.1" 200 -
40.77.167.14 - - [19/Nov/2023:13:39:02 -0500] "GET /Publicaciones/2023EE193721.pdf HTTP/1.1" 404 228
172.22.2.4 - - [19/Nov/2023:13:37:34 -0500] "GET /BLA/boletinlegal/ HTTP/1.1" 200 59827
52.167.144.161 - - [19/Nov/2023:13:39:36 -0500] "GET /forest/ HTTP/1.1" 200 12041
172.22.2.4 - - [19/Nov/2023:13:39:03 -0500] "GET /BLA/boletinlegal/index.php?option=com_abbrev&controller=../../../../../../../../../../etc/passwd%00 HTTP/1.1" 200 32715
52.167.144.161 - - [19/Nov/2023:13:40:04 -0500] "GET /Publicaciones/2023EE245400.pdf HTTP/1.1" 404 228
172.22.2.4 - - [19/Nov/2023:13:39:38 -0500] "GET /BLA/boletinlegal/index.php?option=com_rokdownloads&controller=../../../../../../../../../../etc/passwd%00 HTTP/1.1" 200 24523
201.245.192.253 - - [19/Nov/2023:13:40:29 -0500] "POST /kwsrmcab/Wsrmcab HTTP/1.1" 200 38814
201.245.192.253 - - [19/Nov/2023:13:40:33 -0500] "POST /kwsrmcab/Wsrmcab HTTP/1.1" 200 41665
172.22.2.4 - - [19/Nov/2023:13:40:15 -0500] "GET /BLA/boletinlegal/index.php?option=com_communitypolls&controller=../../../../../../../../../../../../../../../etc/passwd%00 HTTP/1.1" 200 32715
201.245.192.253 - - [19/Nov/2023:13:41:16 -0500] "POST /kwsrmcab/Wsrmcab  HTTP/1.1" 200 40861
172.22.2.4 - - [19/Nov/2023:13:40:50 -0500] "GET /BLA/boletinlegal/index.php?option=com_jeformcr&view=../../../../../../../../etc/passwd%00 HTTP/1.1" 200 32715
216.245.221.92 - - [19/Nov/2023:13:41:58 -0500] "HEAD / HTTP/1.1" 200 -
172.22.2.4 - - [19/Nov/2023:13:42:51 -0500] "GET /BLA/boletinlegal/index.php?option=com_janews&controller=../../../../../../../../../../etc/passwd%00 HTTP/1.1" 200 32715
172.22.2.4 - - [19/Nov/2023:13:43:15 -0500] "GET /BLA/boletinlegal/index.php?option=com_dwgraphs&controller=../../../../../../../../etc/passwd%00 HTTP/1.1" 200 24523
172.22.2.4 - - [19/Nov/2023:13:42:34 -0500] "HEAD /BLA/boletinlegal/ HTTP/1.1" 200 -
172.22.2.4 - - [19/Nov/2023:13:43:24 -0500] "GET /BLA/boletinlegal/index.php?option=com_userstatus&controller=../../../../../../../../../../etc/passwd%00 HTTP/1.1" 200 24523
172.22.2.4 - - [19/Nov/2023:13:43:24 -0500] "GET /BLA/boletinlegal/ HTTP/1.1" 200 44547
172.22.2.4 - - [19/Nov/2023:13:44:49 -0500] "GET /BLA/boletinlegal/index.php?option=com_joomlaupdater&controller=../../../../../../../etc/passwd%00 HTTP/1.1" 200 24523
172.22.2.4 - - [19/Nov/2023:13:44:44 -0500] "GET /BLA/boletinlegal/index.php?option=com_joomlapicasa2&controller=../../../../../etc/passwd%00 HTTP/1.1" 200 24523
172.22.2.4 - - [19/Nov/2023:13:44:45 -0500] "GET /BLA/boletinlegal/index.php?option=com_jinventory&controller=../../../../../../../../../../etc/passwd%00 HTTP/1.1" 200 24523
201.245.192.253 - - [19/Nov/2023:13:46:14 -0500] "POST /kwsrmcab/Wsrmcab  HTTP/1.1" 200 40861
172.22.2.4 - - [19/Nov/2023:13:45:19 -0500] "GET /BLA/boletinlegal/index.php?option=com_hsconfig&controller=../../../../../../../../../../etc/passwd%00 HTTP/1.1" 200 24523
172.22.2.4 - - [19/Nov/2023:13:45:00 -0500] "GET /BLA/boletinlegal/index.php?option=com_svmap&controller=../../../../../../../etc/passwd%00 HTTP/1.1" 200 24523
14.215.163.132 - - [19/Nov/2023:13:46:27 -0500] "GET / HTTP/1.1" 200 319
172.22.2.4 - - [19/Nov/2023:13:45:07 -0500] "GET /BLA/boletinlegal/index.php?option=com_news_portal&controller=../../../../../../../../../../etc/passwd%00 HTTP/1.1" 200 24523
172.22.2.4 - - [19/Nov/2023:13:45:31 -0500] "GET /BLA/boletinlegal/index.php?option=com_sebercart&view=../../../../../../../../../../etc/passwd%00 HTTP/1.1" 200 24523
172.22.2.4 - - [19/Nov/2023:13:45:32 -0500] "GET /BLA/boletinlegal/index.php?option=com_weberpcustomer&controller=../../../../../../../../../../etc/passwd%00 HTTP/1.1" 200 24523
216.245.221.92 - - [19/Nov/2023:13:46:58 -0500] "HEAD / HTTP/1.1" 200 -
66.249.66.192 - - [19/Nov/2023:13:48:01 -0500] "GET /como-hacer-uso-de-la-publicidad-exterior-visual-en-epoca-electoral.html HTTP/1.1" 304 -
172.22.2.4 - - [19/Nov/2023:13:48:24 -0500] "HEAD /BLA/boletinlegal/ HTTP/1.1" 200 -
172.22.2.4 - - [19/Nov/2023:13:49:15 -0500] "GET /BLA/boletinlegal/ HTTP/1.1" 200 43449
201.245.192.253 - - [19/Nov/2023:13:51:14 -0500] "POST /kwsrmcab/Wsrmcab  HTTP/1.1" 200 40861
216.245.221.92 - - [19/Nov/2023:13:51:58 -0500] "HEAD / HTTP/1.1" 200 -
52.167.144.67 - - [19/Nov/2023:13:53:00 -0500] "GET /robots.txt HTTP/1.1" 404 1018
172.22.2.4 - - [19/Nov/2023:13:54:26 -0500] "HEAD /BLA/boletinlegal/Directivas/2014/Directiva%20No.%201%20del%2010%20de%20Abril%20de%202014.pdf HTTP/1.1" 200 -
172.22.2.4 - - [19/Nov/2023:13:54:26 -0500] "GET /BLA/boletinlegal/Directivas/2014/Directiva%20No.%201%20del%2010%20de%20Abril%20de%202014.pdf HTTP/1.1" 200 258865
172.22.2.4 - - [19/Nov/2023:13:54:26 -0500] "GET /BLA/boletinlegal/owa/auth/logon.aspx HTTP/1.1" 404 1018
52.167.144.230 - - [19/Nov/2023:13:55:45 -0500] "GET /BLA/resoluciones/RESOLUCIONES%202009/9382.pdf HTTP/1.1" 304 -
172.22.2.4 - - [19/Nov/2023:13:54:14 -0500] "HEAD /BLA/boletinlegal/ HTTP/1.1" 200 -
201.245.192.253 - - [19/Nov/2023:13:56:13 -0500] "POST /kwsrmcab/Wsrmcab  HTTP/1.1" 200 40861
172.22.2.4 - - [19/Nov/2023:13:55:04 -0500] "GET /BLA/boletinlegal/ HTTP/1.1" 200 59007
52.167.144.225 - - [19/Nov/2023:13:56:47 -0500] "GET /Autoliquidacion/ HTTP/1.1" 200 7098
216.245.221.92 - - [19/Nov/2023:13:56:58 -0500] "HEAD / HTTP/1.1" 200 -
40.77.167.64 - - [19/Nov/2023:13:57:43 -0500] "GET /Publicaciones/2023EE188345.pdf HTTP/1.1" 404 228
40.77.167.64 - - [19/Nov/2023:13:57:44 -0500] "GET /Autoliquidacion/dlf/styles.css HTTP/1.1" 200 3045
201.245.192.253 - - [19/Nov/2023:14:01:10 -0500] "POST /kwsrmcab/Wsrmcab  HTTP/1.1" 200 40861
172.22.2.4 - - [19/Nov/2023:14:00:03 -0500] "HEAD /BLA/boletinlegal/ HTTP/1.1" 200 -
216.245.221.92 - - [19/Nov/2023:14:01:58 -0500] "HEAD / HTTP/1.1" 200 -
172.22.2.4 - - [19/Nov/2023:14:00:54 -0500] "GET /BLA/boletinlegal/ HTTP/1.1" 200 61018
66.249.66.194 - - [19/Nov/2023:14:03:09 -0500] "GET /proyecto-avantia-con-la-union-europea-busca-especialista-en-cambio-climatico.html HTTP/1.1" 304 -
66.249.66.194 - - [19/Nov/2023:14:03:09 -0500] "GET /robots.txt HTTP/1.1" 404 1034
66.249.66.193 - - [19/Nov/2023:14:03:10 -0500] "GET /secretaria-de-ambiente-invita-al-conversatorio-sobre-publicidad-exterior-electoral.html HTTP/1.1" 304 -
66.249.66.192 - - [19/Nov/2023:14:03:10 -0500] "GET /este-jueves-muevete-sostenible-y-dale-un-respiro-a-la-ciudad-en-el-dia-sin-carro-y-sin-moto.html HTTP/1.1" 304 -
201.245.192.253 - - [19/Nov/2023:14:06:10 -0500] "POST /kwsrmcab/Wsrmcab  HTTP/1.1" 200 40861
216.245.221.92 - - [19/Nov/2023:14:06:58 -0500] "HEAD / HTTP/1.1" 200 -
173.208.203.122 - - [19/Nov/2023:14:07:02 -0500] "GET / HTTP/1.1" 200 319
172.22.2.4 - - [19/Nov/2023:14:05:53 -0500] "HEAD /BLA/boletinlegal/ HTTP/1.1" 200 -
216.244.66.195 - - [19/Nov/2023:14:08:14 -0500] "GET /robots.txt HTTP/1.1" 404 1018
172.22.2.4 - - [19/Nov/2023:14:06:44 -0500] "GET /BLA/boletinlegal/ HTTP/1.1" 200 60634
201.245.192.253 - - [19/Nov/2023:14:09:18 -0500] "POST /sipse/faces/presentacion/proyectos/proyecto/proyecto.xhtml HTTP/1.1" 200 83946
201.245.192.253 - - [19/Nov/2023:14:09:18 -0500] "GET /sipse/faces/javax.faces.resource/jquery/jquery.js?ln=primefaces&v=4.0 HTTP/1.1" 304 -
201.245.192.253 - - [19/Nov/2023:14:09:19 -0500] "GET /sipse/faces/javax.faces.resource/jquery/jquery-plugins.js?ln=primefaces&v=4.0 HTTP/1.1" 304 -
201.245.192.253 - - [19/Nov/2023:14:09:19 -0500] "GET /sipse/faces/javax.faces.resource/primefaces.js?ln=primefaces&v=4.0 HTTP/1.1" 304 -
201.245.192.253 - - [19/Nov/2023:14:09:19 -0500] "GET /sipse/faces/javax.faces.resource/layout/layout.js?ln=primefaces&v=4.0 HTTP/1.1" 304 -
201.245.192.253 - - [19/Nov/2023:14:09:29 -0500] "POST /sipse/faces/presentacion/proyectos/proyecto/listarProyecto.xhtml HTTP/1.1" 200 163
201.245.192.253 - - [19/Nov/2023:14:09:29 -0500] "GET /sipse/faces/presentacion/proyectos/proyecto/proyecto.xhtml HTTP/1.1" 200 86413
201.245.192.253 - - [19/Nov/2023:14:09:29 -0500] "GET /sipse/faces/javax.faces.resource/theme.css?ln=primefaces-sipse HTTP/1.1" 304 -
201.245.192.253 - - [19/Nov/2023:14:09:29 -0500] "GET /sipse/faces/javax.faces.resource/primefaces.css?ln=primefaces&v=4.0 HTTP/1.1" 304 -
201.245.192.253 - - [19/Nov/2023:14:09:29 -0500] "GET /sipse/faces/javax.faces.resource/jquery/jquery-plugins.js?ln=primefaces&v=4.0 HTTP/1.1" 304 -
201.245.192.253 - - [19/Nov/2023:14:09:29 -0500] "GET /sipse/faces/javax.faces.resource/primefaces.js?ln=primefaces&v=4.0 HTTP/1.1" 304 -
201.245.192.253 - - [19/Nov/2023:14:09:29 -0500] "GET /sipse/faces/javax.faces.resource/jquery/jquery.js?ln=primefaces&v=4.0 HTTP/1.1" 304 -
201.245.192.253 - - [19/Nov/2023:14:09:29 -0500] "GET /sipse/faces/javax.faces.resource/layout/layout.css?ln=primefaces&v=4.0 HTTP/1.1" 304 -
201.245.192.253 - - [19/Nov/2023:14:09:29 -0500] "GET /sipse/faces/javax.faces.resource/layout/layout.js?ln=primefaces&v=4.0 HTTP/1.1" 304 -
201.245.192.253 - - [19/Nov/2023:14:09:29 -0500] "GET /sipse/faces/javax.faces.resource/images/ui-icons_898989_256x240.png?ln=primefaces-aristo HTTP/1.1" 304 -
201.245.192.253 - - [19/Nov/2023:14:09:30 -0500] "GET /sipse/faces/javax.faces.resource/images/ui-bg_flat_0_2d5972_40x100.png?ln=primefaces-aristo HTTP/1.1" 304 -
201.245.192.253 - - [19/Nov/2023:14:09:30 -0500] "POST /sipse/faces/presentacion/proyectos/proyecto/proyecto.xhtml HTTP/1.1" 200 3261
201.245.192.253 - - [19/Nov/2023:14:09:32 -0500] "POST /sipse/faces/presentacion/proyectos/proyecto/proyecto.xhtml HTTP/1.1" 200 43853
201.245.192.253 - - [19/Nov/2023:14:09:33 -0500] "GET /sipse/faces/javax.faces.resource/spacer/dot_clear.gif?ln=primefaces&v=4.0 HTTP/1.1" 304 -
201.245.192.253 - - [19/Nov/2023:14:09:33 -0500] "POST /sipse/faces/presentacion/proyectos/proyecto/proyecto.xhtml HTTP/1.1" 200 3944
201.245.192.253 - - [19/Nov/2023:14:09:36 -0500] "POST /sipse/faces/presentacion/proyectos/proyecto/proyecto.xhtml HTTP/1.1" 200 41944
201.245.192.253 - - [19/Nov/2023:14:09:37 -0500] "GET /sipse/faces/javax.faces.resource/jquery/jquery.js?ln=primefaces&v=4.0 HTTP/1.1" 304 -
201.245.192.253 - - [19/Nov/2023:14:09:37 -0500] "GET /sipse/faces/javax.faces.resource/jquery/jquery-plugins.js?ln=primefaces&v=4.0 HTTP/1.1" 304 -
201.245.192.253 - - [19/Nov/2023:14:09:37 -0500] "GET /sipse/faces/javax.faces.resource/primefaces.js?ln=primefaces&v=4.0 HTTP/1.1" 304 -
201.245.192.253 - - [19/Nov/2023:14:09:37 -0500] "GET /sipse/faces/javax.faces.resource/layout/layout.js?ln=primefaces&v=4.0 HTTP/1.1" 304 -
201.245.192.253 - - [19/Nov/2023:14:09:48 -0500] "POST /sipse/faces/presentacion/proyectos/proyecto/presupuesto/presupuestoEntreActividades/seleccionarActividadesOrigen.xhtml HTTP/1.1" 200 59452
201.245.192.253 - - [19/Nov/2023:14:09:48 -0500] "GET /sipse/faces/javax.faces.resource/jquery/jquery.js?ln=primefaces&v=4.0 HTTP/1.1" 304 -
201.245.192.253 - - [19/Nov/2023:14:09:48 -0500] "GET /sipse/faces/javax.faces.resource/jquery/jquery-plugins.js?ln=primefaces&v=4.0 HTTP/1.1" 304 -
201.245.192.253 - - [19/Nov/2023:14:09:48 -0500] "GET /sipse/faces/javax.faces.resource/primefaces.js?ln=primefaces&v=4.0 HTTP/1.1" 304 -
201.245.192.253 - - [19/Nov/2023:14:09:48 -0500] "GET /sipse/faces/javax.faces.resource/layout/layout.js?ln=primefaces&v=4.0 HTTP/1.1" 304 -
201.245.192.253 - - [19/Nov/2023:14:09:49 -0500] "POST /sipse/faces/presentacion/proyectos/proyecto/proyecto.xhtml HTTP/1.1" 200 3401
201.245.192.253 - - [19/Nov/2023:14:09:52 -0500] "POST /sipse/faces/presentacion/proyectos/proyecto/proyecto.xhtml HTTP/1.1" 200 43885
201.245.192.253 - - [19/Nov/2023:14:09:53 -0500] "POST /sipse/faces/presentacion/proyectos/proyecto/proyecto.xhtml HTTP/1.1" 200 3980
66.249.66.193 - - [19/Nov/2023:14:10:31 -0500] "GET /entrenubes-raton-de-montana-se-alimenta-de-hongos-presentes-en-este-ecosistema-del-suroriente-de-bogota.html HTTP/1.1" 304 -
168.119.253.69 - - [19/Nov/2023:14:10:58 -0500] "GET / HTTP/1.1" 200 319
168.119.253.69 - - [19/Nov/2023:14:10:58 -0500] "GET / HTTP/1.1" 200 4720
201.245.192.253 - - [19/Nov/2023:14:11:09 -0500] "POST /kwsrmcab/Wsrmcab  HTTP/1.1" 200 40861
216.245.221.92 - - [19/Nov/2023:14:11:58 -0500] "HEAD / HTTP/1.1" 200 -
172.22.2.4 - - [19/Nov/2023:14:12:50 -0500] "GET /BLA/boletinlegal/actos.php HTTP/1.1" 200 9682
172.22.2.4 - - [19/Nov/2023:14:13:16 -0500] "GET /BLA/boletinlegal/consulta_actos.php?tipo=resoluciones&no=1138&usuario=&sector=&fecha=2013&resuelve= HTTP/1.1" 200 1121
191.74.142.114 - - [19/Nov/2023:14:13:20 -0500] "GET /BLA/resoluciones/RESOLUCIONES%202013/1138.pdf HTTP/1.1" 200 495266
172.22.2.4 - - [19/Nov/2023:14:11:43 -0500] "HEAD /BLA/boletinlegal/ HTTP/1.1" 200 -
172.22.2.4 - - [19/Nov/2023:14:12:34 -0500] "GET /BLA/boletinlegal/ HTTP/1.1" 200 43018
172.22.2.4 - - [19/Nov/2023:14:12:46 -0500] "GET /BLA/boletinlegal/ HTTP/1.1" 200 44334
201.245.192.253 - - [19/Nov/2023:14:16:07 -0500] "POST /kwsrmcab/Wsrmcab  HTTP/1.1" 200 40861
216.245.221.92 - - [19/Nov/2023:14:16:58 -0500] "HEAD / HTTP/1.1" 200 -
201.245.192.253 - - [19/Nov/2023:14:17:03 -0500] "POST /kwsrmcab/Wsrmcab HTTP/1.1" 200 39479
201.245.192.253 - - [19/Nov/2023:14:17:06 -0500] "POST /kwsrmcab/Wsrmcab HTTP/1.1" 200 42102
172.22.2.4 - - [19/Nov/2023:14:17:33 -0500] "HEAD /BLA/boletinlegal/ HTTP/1.1" 200 -
20.15.133.185 - - [19/Nov/2023:14:19:48 -0500] "GET /bla/resoluciones/autos%202021/4499.pdf HTTP/1.1" 200 1204146
172.22.2.4 - - [19/Nov/2023:14:18:24 -0500] "GET /BLA/boletinlegal/ HTTP/1.1" 200 55399
201.245.192.253 - - [19/Nov/2023:14:20:29 -0500] "POST /kwsrmcab/Wsrmcab HTTP/1.1" 200 39479
201.245.192.253 - - [19/Nov/2023:14:20:33 -0500] "POST /kwsrmcab/Wsrmcab HTTP/1.1" 200 42102
201.245.192.253 - - [19/Nov/2023:14:21:05 -0500] "POST /kwsrmcab/Wsrmcab  HTTP/1.1" 200 40861
66.249.66.193 - - [19/Nov/2023:14:21:46 -0500] "GET /aeropuerto-el-dorado-distrito-sensibilizo-a-viajeros-para-evitar-el-trafico-de-especies-silvestres.html HTTP/1.1" 304 -
216.245.221.92 - - [19/Nov/2023:14:21:58 -0500] "HEAD / HTTP/1.1" 200 -
201.245.192.253 - - [19/Nov/2023:14:22:10 -0500] "POST /sipse/faces/presentacion/proyectos/proyecto/proyecto.xhtml HTTP/1.1" 200 41944
201.245.192.253 - - [19/Nov/2023:14:22:11 -0500] "GET /sipse/faces/javax.faces.resource/jquery/jquery.js?ln=primefaces&v=4.0 HTTP/1.1" 304 -
201.245.192.253 - - [19/Nov/2023:14:22:11 -0500] "GET /sipse/faces/javax.faces.resource/jquery/jquery-plugins.js?ln=primefaces&v=4.0 HTTP/1.1" 304 -
201.245.192.253 - - [19/Nov/2023:14:22:11 -0500] "GET /sipse/faces/javax.faces.resource/primefaces.js?ln=primefaces&v=4.0 HTTP/1.1" 304 -
201.245.192.253 - - [19/Nov/2023:14:22:12 -0500] "GET /sipse/faces/javax.faces.resource/layout/layout.js?ln=primefaces&v=4.0 HTTP/1.1" 304 -
201.245.192.253 - - [19/Nov/2023:14:22:20 -0500] "POST /sipse/faces/presentacion/proyectos/proyecto/presupuesto/presupuestoEntreActividades/seleccionarActividadesOrigen.xhtml HTTP/1.1" 200 1712
201.245.192.253 - - [19/Nov/2023:14:23:00 -0500] "POST /sipse/faces/presentacion/proyectos/proyecto/presupuesto/presupuestoEntreActividades/seleccionarActividadesOrigen.xhtml HTTP/1.1" 200 59452
201.245.192.253 - - [19/Nov/2023:14:23:01 -0500] "GET /sipse/faces/javax.faces.resource/jquery/jquery.js?ln=primefaces&v=4.0 HTTP/1.1" 304 -
201.245.192.253 - - [19/Nov/2023:14:23:01 -0500] "GET /sipse/faces/javax.faces.resource/jquery/jquery-plugins.js?ln=primefaces&v=4.0 HTTP/1.1" 304 -
201.245.192.253 - - [19/Nov/2023:14:23:01 -0500] "GET /sipse/faces/javax.faces.resource/primefaces.js?ln=primefaces&v=4.0 HTTP/1.1" 304 -
201.245.192.253 - - [19/Nov/2023:14:23:01 -0500] "GET /sipse/faces/javax.faces.resource/layout/layout.js?ln=primefaces&v=4.0 HTTP/1.1" 304 -
201.245.192.253 - - [19/Nov/2023:14:23:01 -0500] "POST /sipse/faces/presentacion/proyectos/proyecto/proyecto.xhtml HTTP/1.1" 200 3401
52.167.144.191 - - [19/Nov/2023:14:23:05 -0500] "GET /Publicaciones/2023EE248668.pdf HTTP/1.1" 404 228
201.245.192.253 - - [19/Nov/2023:14:23:05 -0500] "POST /sipse/faces/presentacion/proyectos/proyecto/proyecto.xhtml HTTP/1.1" 200 43885
201.245.192.253 - - [19/Nov/2023:14:23:07 -0500] "POST /sipse/faces/presentacion/proyectos/proyecto/proyecto.xhtml HTTP/1.1" 200 3980
201.245.192.253 - - [19/Nov/2023:14:23:09 -0500] "POST /sipse/faces/presentacion/proyectos/proyecto/proyecto.xhtml HTTP/1.1" 200 41944
201.245.192.253 - - [19/Nov/2023:14:23:10 -0500] "GET /sipse/faces/javax.faces.resource/jquery/jquery.js?ln=primefaces&v=4.0 HTTP/1.1" 304 -
201.245.192.253 - - [19/Nov/2023:14:23:10 -0500] "GET /sipse/faces/javax.faces.resource/jquery/jquery-plugins.js?ln=primefaces&v=4.0 HTTP/1.1" 304 -
201.245.192.253 - - [19/Nov/2023:14:23:10 -0500] "GET /sipse/faces/javax.faces.resource/primefaces.js?ln=primefaces&v=4.0 HTTP/1.1" 304 -
201.245.192.253 - - [19/Nov/2023:14:23:10 -0500] "GET /sipse/faces/javax.faces.resource/layout/layout.js?ln=primefaces&v=4.0 HTTP/1.1" 304 -
201.245.192.253 - - [19/Nov/2023:14:23:23 -0500] "POST /sipse/faces/presentacion/proyectos/proyecto/presupuesto/presupuestoEntreActividades/seleccionarActividadesOrigen.xhtml HTTP/1.1" 200 1712
201.245.192.253 - - [19/Nov/2023:14:23:36 -0500] "POST /sipse/faces/presentacion/proyectos/proyecto/presupuesto/presupuestoEntreActividades/seleccionarActividadesOrigen.xhtml HTTP/1.1" 200 37118
201.245.192.253 - - [19/Nov/2023:14:23:36 -0500] "GET /sipse/faces/javax.faces.resource/jquery/jquery.js?ln=primefaces&v=4.0 HTTP/1.1" 304 -
201.245.192.253 - - [19/Nov/2023:14:23:36 -0500] "GET /sipse/faces/javax.faces.resource/jquery/jquery-plugins.js?ln=primefaces&v=4.0 HTTP/1.1" 304 -
201.245.192.253 - - [19/Nov/2023:14:23:36 -0500] "GET /sipse/faces/javax.faces.resource/primefaces.js?ln=primefaces&v=4.0 HTTP/1.1" 304 -
201.245.192.253 - - [19/Nov/2023:14:23:36 -0500] "GET /sipse/faces/javax.faces.resource/layout/layout.js?ln=primefaces&v=4.0 HTTP/1.1" 304 -
52.167.144.142 - - [19/Nov/2023:14:23:47 -0500] "GET /Publicaciones/2023EE207084.pdf HTTP/1.1" 404 228
201.245.192.253 - - [19/Nov/2023:14:23:57 -0500] "POST /sipse/faces/presentacion/proyectos/proyecto/presupuesto/presupuestoEntreActividades/seleccionarActividadesDestino.xhtml HTTP/1.1" 200 48350
201.245.192.253 - - [19/Nov/2023:14:23:57 -0500] "GET /sipse/faces/javax.faces.resource/jquery/jquery.js?ln=primefaces&v=4.0 HTTP/1.1" 304 -
201.245.192.253 - - [19/Nov/2023:14:23:57 -0500] "GET /sipse/faces/javax.faces.resource/jquery/jquery-plugins.js?ln=primefaces&v=4.0 HTTP/1.1" 304 -
201.245.192.253 - - [19/Nov/2023:14:23:57 -0500] "GET /sipse/faces/javax.faces.resource/primefaces.js?ln=primefaces&v=4.0 HTTP/1.1" 304 -
201.245.192.253 - - [19/Nov/2023:14:23:57 -0500] "GET /sipse/faces/javax.faces.resource/layout/layout.js?ln=primefaces&v=4.0 HTTP/1.1" 304 -
201.245.192.253 - - [19/Nov/2023:14:24:15 -0500] "POST /sipse/faces/presentacion/proyectos/proyecto/presupuesto/presupuestoEntreActividades/resumen.xhtml HTTP/1.1" 200 2608
172.22.2.4 - - [19/Nov/2023:14:24:47 -0500] "GET /BLA/boletinlegal/style.css HTTP/1.1" 200 9406
172.22.2.4 - - [19/Nov/2023:14:24:47 -0500] "GET /BLA/boletinlegal/styles2.css HTTP/1.1" 200 1838
172.22.2.4 - - [19/Nov/2023:14:24:47 -0500] "GET /BLA/boletinlegal/js/jquery.js HTTP/1.1" 200 57254
172.22.2.4 - - [19/Nov/2023:14:24:47 -0500] "GET /BLA/boletinlegal/js/jquery.scrollTo-min.js HTTP/1.1" 200 1150
172.22.2.4 - - [19/Nov/2023:14:24:47 -0500] "GET /BLA/boletinlegal/images/subscribe-icon-big.png HTTP/1.1" 200 47702
172.22.2.4 - - [19/Nov/2023:14:24:47 -0500] "GET /BLA/boletinlegal/js/jquery.scrollShow.js HTTP/1.1" 200 4586
172.22.2.4 - - [19/Nov/2023:14:24:47 -0500] "GET /BLA/boletinlegal/images/cabezote%20BLEGAL.jpg HTTP/1.1" 200 118164
172.22.2.4 - - [19/Nov/2023:14:24:47 -0500] "GET /BLA/boletinlegal/images/historia.png HTTP/1.1" 200 52775
172.22.2.4 - - [19/Nov/2023:14:24:47 -0500] "GET /BLA/boletinlegal/images/registro-usuarios.png HTTP/1.1" 200 8106
172.22.2.4 - - [19/Nov/2023:14:24:47 -0500] "GET /BLA/boletinlegal/images/arr_l.jpg HTTP/1.1" 200 1979
172.22.2.4 - - [19/Nov/2023:14:24:47 -0500] "GET /BLA/boletinlegal/images/screen_1.png HTTP/1.1" 200 202547
172.22.2.4 - - [19/Nov/2023:14:24:47 -0500] "GET /BLA/boletinlegal/images/launch.jpg HTTP/1.1" 200 14577
172.22.2.4 - - [19/Nov/2023:14:24:57 -0500] "GET /BLA/boletinlegal/images/screen_2.png HTTP/1.1" 200 362502
172.22.2.4 - - [19/Nov/2023:14:24:57 -0500] "GET /BLA/boletinlegal/images/screen_3.png HTTP/1.1" 200 210620
172.22.2.4 - - [19/Nov/2023:14:24:57 -0500] "GET /BLA/boletinlegal/images/screen_5.png HTTP/1.1" 200 368876
172.22.2.4 - - [19/Nov/2023:14:24:57 -0500] "GET /BLA/boletinlegal/images/arr_r.jpg HTTP/1.1" 200 1998
172.22.2.4 - - [19/Nov/2023:14:23:23 -0500] "HEAD /BLA/boletinlegal/ HTTP/1.1" 200 -
52.167.144.229 - - [19/Nov/2023:14:25:06 -0500] "GET /Publicaciones/2023EE187157.pdf HTTP/1.1" 404 228
172.22.2.4 - - [19/Nov/2023:14:25:12 -0500] "GET /BLA/boletinlegal/images/pdf.gif HTTP/1.1" 200 567
201.245.192.253 - - [19/Nov/2023:14:25:29 -0500] "POST /sipse/faces/presentacion/proyectos/proyecto/presupuesto/presupuestoEntreActividades/resumen.xhtml HTTP/1.1" 200 2391
201.245.192.253 - - [19/Nov/2023:14:25:50 -0500] "POST /sipse/faces/presentacion/proyectos/proyecto/presupuesto/presupuestoEntreActividades/resumen.xhtml HTTP/1.1" 200 2407
172.22.2.4 - - [19/Nov/2023:14:24:14 -0500] "GET /BLA/boletinlegal/ HTTP/1.1" 200 47138
201.245.192.253 - - [19/Nov/2023:14:25:59 -0500] "POST /sipse/faces/presentacion/proyectos/proyecto/presupuesto/presupuestoEntreActividades/resumen.xhtml HTTP/1.1" 200 2395
201.245.192.253 - - [19/Nov/2023:14:26:04 -0500] "POST /kwsrmcab/Wsrmcab  HTTP/1.1" 200 40861
201.245.192.253 - - [19/Nov/2023:14:26:09 -0500] "POST /sipse/faces/presentacion/proyectos/proyecto/presupuesto/presupuestoEntreActividades/resumen.xhtml HTTP/1.1" 200 2413
201.245.192.253 - - [19/Nov/2023:14:26:09 -0500] "POST /sipse/faces/presentacion/proyectos/proyecto/presupuesto/presupuestoEntreActividades/resumen.xhtml HTTP/1.1" 200 60245
201.245.192.253 - - [19/Nov/2023:14:26:10 -0500] "GET /sipse/faces/javax.faces.resource/jquery/jquery.js?ln=primefaces&v=4.0 HTTP/1.1" 304 -
201.245.192.253 - - [19/Nov/2023:14:26:10 -0500] "GET /sipse/faces/javax.faces.resource/jquery/jquery-plugins.js?ln=primefaces&v=4.0 HTTP/1.1" 304 -
201.245.192.253 - - [19/Nov/2023:14:26:11 -0500] "GET /sipse/faces/javax.faces.resource/primefaces.js?ln=primefaces&v=4.0 HTTP/1.1" 304 -
201.245.192.253 - - [19/Nov/2023:14:26:11 -0500] "GET /sipse/faces/javax.faces.resource/layout/layout.js?ln=primefaces&v=4.0 HTTP/1.1" 304 -
201.245.192.253 - - [19/Nov/2023:14:26:11 -0500] "GET /sipse/faces/javax.faces.resource/messages/messages.png?ln=primefaces&v=4.0 HTTP/1.1" 304 -
201.245.192.253 - - [19/Nov/2023:14:26:11 -0500] "POST /sipse/faces/presentacion/proyectos/proyecto/proyecto.xhtml HTTP/1.1" 200 3401
172.22.2.4 - - [19/Nov/2023:14:24:46 -0500] "GET /BLA/boletinlegal/ HTTP/1.1" 200 49047
201.245.192.253 - - [19/Nov/2023:14:26:34 -0500] "POST /sipse/faces/presentacion/proyectos/proyecto/proyecto.xhtml HTTP/1.1" 200 43873
201.245.192.253 - - [19/Nov/2023:14:26:36 -0500] "POST /sipse/faces/presentacion/proyectos/proyecto/proyecto.xhtml HTTP/1.1" 200 3980
216.245.221.92 - - [19/Nov/2023:14:26:58 -0500] "HEAD / HTTP/1.1" 200 -
201.245.192.253 - - [19/Nov/2023:14:27:02 -0500] "POST /kwsrmcab/Wsrmcab HTTP/1.1" 200 39479
201.245.192.253 - - [19/Nov/2023:14:27:05 -0500] "POST /kwsrmcab/Wsrmcab HTTP/1.1" 200 42102
216.244.66.195 - - [19/Nov/2023:14:28:10 -0500] "GET /BLA/resoluciones/AUTOS%202015/3302.pdf HTTP/1.1" 200 522609
52.167.144.161 - - [19/Nov/2023:14:29:36 -0500] "GET /Publicaciones/2023EE230673.pdf HTTP/1.1" 404 228
40.77.167.235 - - [19/Nov/2023:14:30:27 -0500] "GET /Publicaciones/2023EE244841.pdf HTTP/1.1" 404 228
201.245.192.253 - - [19/Nov/2023:14:30:29 -0500] "POST /kwsrmcab/Wsrmcab HTTP/1.1" 200 39479
201.245.192.253 - - [19/Nov/2023:14:30:32 -0500] "POST /kwsrmcab/Wsrmcab HTTP/1.1" 200 42102
172.22.2.4 - - [19/Nov/2023:14:29:13 -0500] "HEAD /BLA/boletinlegal/ HTTP/1.1" 200 -
201.245.192.253 - - [19/Nov/2023:14:31:04 -0500] "POST /kwsrmcab/Wsrmcab  HTTP/1.1" 200 40861
172.22.2.4 - - [19/Nov/2023:14:30:04 -0500] "GET /BLA/boletinlegal/ HTTP/1.1" 200 58294
216.245.221.92 - - [19/Nov/2023:14:31:58 -0500] "HEAD / HTTP/1.1" 200 -
66.249.66.193 - - [19/Nov/2023:14:33:01 -0500] "GET /secretaria-de-ambiente-impone-medidas-preventivas-a-un-privado-que-utilizaba-un-area-protegida-para-promocionar-proyectos.html HTTP/1.1" 304 -
201.245.192.253 - - [19/Nov/2023:14:36:02 -0500] "POST /kwsrmcab/Wsrmcab  HTTP/1.1" 200 40861
172.22.2.4 - - [19/Nov/2023:14:35:03 -0500] "HEAD /BLA/boletinlegal/ HTTP/1.1" 200 -
216.245.221.92 - - [19/Nov/2023:14:36:58 -0500] "HEAD / HTTP/1.1" 200 -
201.245.192.253 - - [19/Nov/2023:14:37:02 -0500] "POST /kwsrmcab/Wsrmcab HTTP/1.1" 200 39479
201.245.192.253 - - [19/Nov/2023:14:37:05 -0500] "POST /kwsrmcab/Wsrmcab HTTP/1.1" 200 42102
191.108.51.101 - - [19/Nov/2023:14:37:18 -0500] "GET /camaras-trampa-de-la-secretaria-de-ambiente-registran-fauna-en-cerros-orientales-en-areas-donde-tenemos-acuerdos-de-conservacion.html HTTP/1.1" 200 982
172.22.2.4 - - [19/Nov/2023:14:35:54 -0500] "GET /BLA/boletinlegal/ HTTP/1.1" 200 53737
66.249.66.192 - - [19/Nov/2023:14:37:39 -0500] "GET /secretaria-de-ambiente-abre-convocatoria-para-el-proceso-de-formacion-mujeres-cuidadoras-de-humedales.html HTTP/1.1" 200 943
40.77.167.36 - - [19/Nov/2023:14:38:42 -0500] "GET /sipse/faces/faces/autenticacion.xhtml HTTP/1.1" 200 12729
17.241.219.236 - - [19/Nov/2023:14:40:11 -0500] "GET /alianza-entre-secretaria-de-ambiente-y-universidad-piloto-para-capacitar-y-fortalecer-a-las-mujeres-que-reverdecen.html HTTP/1.1" 200 950
201.245.192.253 - - [19/Nov/2023:14:40:29 -0500] "POST /kwsrmcab/Wsrmcab HTTP/1.1" 200 39479
201.245.192.253 - - [19/Nov/2023:14:40:32 -0500] "POST /kwsrmcab/Wsrmcab HTTP/1.1" 200 42102
201.245.192.253 - - [19/Nov/2023:14:41:00 -0500] "POST /kwsrmcab/Wsrmcab  HTTP/1.1" 200 40861
216.245.221.92 - - [19/Nov/2023:14:41:58 -0500] "HEAD / HTTP/1.1" 200 -
172.22.2.4 - - [19/Nov/2023:14:40:53 -0500] "HEAD /BLA/boletinlegal/ HTTP/1.1" 200 -
172.22.2.4 - - [19/Nov/2023:14:41:44 -0500] "GET /BLA/boletinlegal/ HTTP/1.1" 200 58294
201.245.192.253 - - [19/Nov/2023:14:44:58 -0500] "POST /sipse/faces/presentacion/proyectos/proyecto/proyecto.xhtml HTTP/1.1" 200 83946
201.245.192.253 - - [19/Nov/2023:14:44:58 -0500] "GET /sipse/faces/javax.faces.resource/jquery/jquery.js?ln=primefaces&v=4.0 HTTP/1.1" 304 -
201.245.192.253 - - [19/Nov/2023:14:44:58 -0500] "GET /sipse/faces/javax.faces.resource/jquery/jquery-plugins.js?ln=primefaces&v=4.0 HTTP/1.1" 304 -
201.245.192.253 - - [19/Nov/2023:14:44:58 -0500] "GET /sipse/faces/javax.faces.resource/primefaces.js?ln=primefaces&v=4.0 HTTP/1.1" 304 -
201.245.192.253 - - [19/Nov/2023:14:44:58 -0500] "GET /sipse/faces/javax.faces.resource/layout/layout.js?ln=primefaces&v=4.0 HTTP/1.1" 304 -
201.245.192.253 - - [19/Nov/2023:14:44:58 -0500] "POST /sipse/faces/presentacion/proyectos/proyecto/listarProyecto.xhtml HTTP/1.1" 200 77376
201.245.192.253 - - [19/Nov/2023:14:44:58 -0500] "POST /sipse/faces/presentacion/proyectos/proyecto/listarProyecto.xhtml HTTP/1.1" 200 77376
201.245.192.253 - - [19/Nov/2023:14:44:58 -0500] "POST /sipse/faces/presentacion/proyectos/proyecto/listarProyecto.xhtml HTTP/1.1" 200 77376
201.245.192.253 - - [19/Nov/2023:14:44:58 -0500] "POST /sipse/faces/presentacion/proyectos/proyecto/listarProyecto.xhtml HTTP/1.1" 200 77376
201.245.192.253 - - [19/Nov/2023:14:44:59 -0500] "POST /sipse/faces/presentacion/proyectos/proyecto/listarProyecto.xhtml HTTP/1.1" 200 77376
201.245.192.253 - - [19/Nov/2023:14:44:59 -0500] "POST /sipse/faces/presentacion/proyectos/proyecto/listarProyecto.xhtml HTTP/1.1" 200 77376
201.245.192.253 - - [19/Nov/2023:14:44:59 -0500] "POST /sipse/faces/presentacion/proyectos/proyecto/listarProyecto.xhtml HTTP/1.1" 200 77376
201.245.192.253 - - [19/Nov/2023:14:44:59 -0500] "POST /sipse/faces/presentacion/proyectos/proyecto/listarProyecto.xhtml HTTP/1.1" 200 77376
