!C99Shell v. 1.0 pre-release build #13!

Software: Apache. PHP/5.5.15 

uname -a: Windows NT SVR-DMZ 6.1 build 7600 (Windows Server 2008 R2 Enterprise Edition) i586 

SYSTEM 

Safe-mode: OFF (not secure)

E:\nuevo\apache\logs\   drwxrwxrwx
Free 7.33 GB of 239.26 GB (3.07%)
Detected drives: [ a ] [ c ] [ d ] [ e ] [ f ]
Home    Back    Forward    UPDIR    Refresh    Search    Buffer    Encoder    Tools    Proc.    FTP brute    Sec.    SQL    PHP-code    Update    Feedback    Self remove    Logout    


Viewing file:     access.2023.11.30.log (8.41 MB)      -rw-rw-rw-
Select action/file-type:
(+) | (+) | (+) | Code (+) | Session (+) | (+) | SDB (+) | (+) | (+) | (+) | (+) | (+) |
172.22.2.4 - - [29/Nov/2023:23:58:33 -0500] "HEAD /BLA/boletinlegal/ HTTP/1.1" 200 -
201.245.192.253 - - [30/Nov/2023:00:00:36 -0500] "POST /forms/lservlet;jsessionid=ac16012b30d66bd79d5a81354b569b64ca0b03586396.e3iSbxaKaheRe3eRa38MahaQbi1ynknvrkLOlQzNp65In0 HTTP/1.1" 200 2
172.22.2.4 - - [29/Nov/2023:23:59:24 -0500] "GET /BLA/boletinlegal/ HTTP/1.1" 200 58294
190.27.57.161 - - [30/Nov/2023:00:01:44 -0500] "POST /sipse/faces/presentacion/financiero/solicitudProceso/consultarSolicitudProceso.xhtml HTTP/1.1" 200 61571
190.27.57.161 - - [30/Nov/2023:00:01:45 -0500] "GET /sipse/css/custom_css_sg.css HTTP/1.1" 304 -
190.27.57.161 - - [30/Nov/2023:00:01:45 -0500] "GET /sipse/js/disable_browser_buttons.js HTTP/1.1" 304 -
190.27.57.161 - - [30/Nov/2023:00:01:45 -0500] "GET /sipse/faces/javax.faces.resource/theme.css?ln=primefaces-sipse HTTP/1.1" 304 -
190.27.57.161 - - [30/Nov/2023:00:01:45 -0500] "GET /sipse/faces/javax.faces.resource/primefaces.css?ln=primefaces&v=4.0 HTTP/1.1" 304 -
190.27.57.161 - - [30/Nov/2023:00:01:45 -0500] "GET /sipse/faces/javax.faces.resource/layout/layout.css?ln=primefaces&v=4.0 HTTP/1.1" 304 -
190.27.57.161 - - [30/Nov/2023:00:01:45 -0500] "GET /sipse/js/jquery.min.js HTTP/1.1" 304 -
190.27.57.161 - - [30/Nov/2023:00:01:45 -0500] "GET /sipse/css/custom_css_sg_prime.css HTTP/1.1" 304 -
190.27.57.161 - - [30/Nov/2023:00:01:45 -0500] "GET /sipse/js/funciones.js HTTP/1.1" 304 -
190.27.57.161 - - [30/Nov/2023:00:01:45 -0500] "GET /sipse/faces/javax.faces.resource/jquery/jquery.js?ln=primefaces&v=4.0 HTTP/1.1" 304 -
190.27.57.161 - - [30/Nov/2023:00:01:45 -0500] "GET /sipse/faces/javax.faces.resource/jquery/jquery-plugins.js?ln=primefaces&v=4.0 HTTP/1.1" 304 -
190.27.57.161 - - [30/Nov/2023:00:01:45 -0500] "GET /sipse/faces/javax.faces.resource/primefaces.js?ln=primefaces&v=4.0 HTTP/1.1" 304 -
190.27.57.161 - - [30/Nov/2023:00:01:45 -0500] "GET /sipse/faces/javax.faces.resource/layout/layout.js?ln=primefaces&v=4.0 HTTP/1.1" 304 -
190.27.57.161 - - [30/Nov/2023:00:01:45 -0500] "GET /sipse/css/imagen/contrasena.png HTTP/1.1" 404 383
190.27.57.161 - - [30/Nov/2023:00:01:45 -0500] "POST /sipse/faces/presentacion/financiero/solicitudProceso/listarSolicitudProceso.xhtml HTTP/1.1" 200 54842
190.27.57.161 - - [30/Nov/2023:00:01:45 -0500] "POST /sipse/faces/presentacion/financiero/solicitudProceso/listarSolicitudProceso.xhtml HTTP/1.1" 200 54842
190.27.57.161 - - [30/Nov/2023:00:01:45 -0500] "POST /sipse/faces/presentacion/financiero/solicitudProceso/listarSolicitudProceso.xhtml HTTP/1.1" 200 54842
190.27.57.161 - - [30/Nov/2023:00:01:46 -0500] "POST /sipse/faces/presentacion/financiero/solicitudProceso/listarSolicitudProceso.xhtml HTTP/1.1" 200 54842
190.27.57.161 - - [30/Nov/2023:00:01:46 -0500] "POST /sipse/faces/presentacion/financiero/solicitudProceso/listarSolicitudProceso.xhtml HTTP/1.1" 200 54842
190.27.57.161 - - [30/Nov/2023:00:01:46 -0500] "POST /sipse/faces/presentacion/financiero/solicitudProceso/listarSolicitudProceso.xhtml HTTP/1.1" 200 54842
190.27.57.161 - - [30/Nov/2023:00:01:46 -0500] "POST /sipse/faces/presentacion/financiero/solicitudProceso/listarSolicitudProceso.xhtml HTTP/1.1" 200 54842
190.27.57.161 - - [30/Nov/2023:00:01:47 -0500] "POST /sipse/faces/presentacion/financiero/solicitudProceso/listarSolicitudProceso.xhtml HTTP/1.1" 200 54842
190.27.57.161 - - [30/Nov/2023:00:01:47 -0500] "POST /sipse/faces/presentacion/financiero/solicitudProceso/listarSolicitudProceso.xhtml HTTP/1.1" 200 1564
190.27.57.161 - - [30/Nov/2023:00:01:47 -0500] "POST /sipse/faces/presentacion/financiero/solicitudProceso/listarSolicitudProceso.xhtml HTTP/1.1" 200 1560
190.27.57.161 - - [30/Nov/2023:00:01:47 -0500] "POST /sipse/faces/presentacion/financiero/solicitudProceso/listarSolicitudProceso.xhtml HTTP/1.1" 200 1568
190.27.57.161 - - [30/Nov/2023:00:01:47 -0500] "POST /sipse/faces/presentacion/financiero/solicitudProceso/listarSolicitudProceso.xhtml HTTP/1.1" 200 1560
190.27.57.161 - - [30/Nov/2023:00:01:47 -0500] "POST /sipse/faces/presentacion/financiero/solicitudProceso/listarSolicitudProceso.xhtml HTTP/1.1" 200 1568
190.27.57.161 - - [30/Nov/2023:00:01:47 -0500] "POST /sipse/faces/presentacion/financiero/solicitudProceso/listarSolicitudProceso.xhtml HTTP/1.1" 200 1560
190.27.57.161 - - [30/Nov/2023:00:01:48 -0500] "POST /sipse/faces/presentacion/financiero/solicitudProceso/listarSolicitudProceso.xhtml HTTP/1.1" 200 1568
190.27.57.161 - - [30/Nov/2023:00:01:48 -0500] "POST /sipse/faces/presentacion/financiero/solicitudProceso/listarSolicitudProceso.xhtml HTTP/1.1" 200 1560
190.27.57.161 - - [30/Nov/2023:00:01:48 -0500] "POST /sipse/faces/presentacion/financiero/solicitudProceso/listarSolicitudProceso.xhtml HTTP/1.1" 200 1568
190.27.57.161 - - [30/Nov/2023:00:01:49 -0500] "POST /sipse/faces/presentacion/financiero/solicitudProceso/listarSolicitudProceso.xhtml HTTP/1.1" 200 31490
201.245.192.253 - - [30/Nov/2023:00:02:16 -0500] "POST /kwsrmcab/Wsrmcab  HTTP/1.1" 200 41956
216.245.221.92 - - [30/Nov/2023:00:02:26 -0500] "HEAD / HTTP/1.1" 200 -
201.245.192.253 - - [30/Nov/2023:00:02:36 -0500] "POST /forms/lservlet;jsessionid=ac16012b30d66bd79d5a81354b569b64ca0b03586396.e3iSbxaKaheRe3eRa38MahaQbi1ynknvrkLOlQzNp65In0 HTTP/1.1" 200 2
66.249.66.21 - - [30/Nov/2023:00:02:56 -0500] "GET /portel_dama/libreria/php/2006/restauracion/22_proye/xtras_in/cni_3.pdf HTTP/1.1" 404 1018
200.118.61.63 - - [30/Nov/2023:00:03:00 -0500] "GET /BLA/resoluciones/index.php?dir=AUTOS+2014%2F HTTP/1.1" 200 891177
190.27.57.161 - - [30/Nov/2023:00:03:07 -0500] "POST /sipse/faces/presentacion/financiero/solicitudProceso/listarSolicitudProceso.xhtml HTTP/1.1" 200 116448
190.27.57.161 - - [30/Nov/2023:00:03:08 -0500] "GET /sipse/faces/javax.faces.resource/theme.css?ln=primefaces-sipse HTTP/1.1" 304 -
190.27.57.161 - - [30/Nov/2023:00:03:08 -0500] "GET /sipse/faces/javax.faces.resource/primefaces.css?ln=primefaces&v=4.0 HTTP/1.1" 304 -
190.27.57.161 - - [30/Nov/2023:00:03:08 -0500] "GET /sipse/faces/javax.faces.resource/layout/layout.css?ln=primefaces&v=4.0 HTTP/1.1" 304 -
190.27.57.161 - - [30/Nov/2023:00:03:08 -0500] "GET /sipse/faces/javax.faces.resource/jquery/jquery.js?ln=primefaces&v=4.0 HTTP/1.1" 304 -
190.27.57.161 - - [30/Nov/2023:00:03:08 -0500] "GET /sipse/faces/javax.faces.resource/jquery/jquery-plugins.js?ln=primefaces&v=4.0 HTTP/1.1" 304 -
190.27.57.161 - - [30/Nov/2023:00:03:08 -0500] "GET /sipse/faces/javax.faces.resource/primefaces.js?ln=primefaces&v=4.0 HTTP/1.1" 304 -
190.27.57.161 - - [30/Nov/2023:00:03:09 -0500] "GET /sipse/faces/javax.faces.resource/layout/layout.js?ln=primefaces&v=4.0 HTTP/1.1" 304 -
190.27.57.161 - - [30/Nov/2023:00:03:09 -0500] "GET /sipse/css/imagen/contrasena.png HTTP/1.1" 404 383
190.27.57.161 - - [30/Nov/2023:00:03:09 -0500] "GET /sipse/faces/javax.faces.resource/dynamiccontent.properties?ln=primefaces&pfdrid=XjOR5%2F%2FfPAZAuY9TpWQeCiM0BhlXxYRBGKi%2FQcXXfeA%3D&pfdrid_c=false HTTP/1.1" 500 383
190.27.57.161 - - [30/Nov/2023:00:03:17 -0500] "POST /sipse/faces/presentacion/financiero/solicitudProceso/consultarSolicitudProceso.xhtml HTTP/1.1" 200 222327
190.27.57.161 - - [30/Nov/2023:00:03:33 -0500] "POST /sipse/faces/presentacion/financiero/solicitudProceso/consultarSolicitudProceso.xhtml HTTP/1.1" 200 2141691
190.27.57.161 - - [30/Nov/2023:00:03:42 -0500] "POST /sipse/faces/presentacion/financiero/solicitudProceso/consultarSolicitudProceso.xhtml HTTP/1.1" 200 2815690
190.27.57.161 - - [30/Nov/2023:00:03:57 -0500] "POST /sipse/faces/presentacion/financiero/solicitudProceso/consultarSolicitudProceso.xhtml HTTP/1.1" 200 5461
190.27.57.161 - - [30/Nov/2023:00:03:57 -0500] "GET /sipse/faces/javax.faces.resource/dynamiccontent.properties?ln=primefaces&pfdrid=XjOR5%2F%2FfPAZAuY9TpWQeCiM0BhlXxYRBGKi%2FQcXXfeA%3D&pfdrid_c=false HTTP/1.1" 200 117342
164.52.0.94 - - [30/Nov/2023:00:04:17 -0500] "GET / HTTP/1.1" 200 319
164.52.0.94 - - [30/Nov/2023:00:04:20 -0500] "GET / HTTP/1.1" 200 319
201.245.192.253 - - [30/Nov/2023:00:04:36 -0500] "POST /forms/lservlet;jsessionid=ac16012b30d66bd79d5a81354b569b64ca0b03586396.e3iSbxaKaheRe3eRa38MahaQbi1ynknvrkLOlQzNp65In0 HTTP/1.1" 200 2
66.249.66.20 - - [30/Nov/2023:00:05:29 -0500] "GET /BLA/resoluciones/RESOLUCIONES%202011/0258.pdf HTTP/1.1" 200 292609
164.52.0.94 - - [30/Nov/2023:00:05:45 -0500] "GET /favicon.ico HTTP/1.1" 200 7782
172.22.2.4 - - [30/Nov/2023:00:04:23 -0500] "HEAD /BLA/boletinlegal/ HTTP/1.1" 200 -
201.245.192.253 - - [30/Nov/2023:00:06:36 -0500] "POST /forms/lservlet;jsessionid=ac16012b30d66bd79d5a81354b569b64ca0b03586396.e3iSbxaKaheRe3eRa38MahaQbi1ynknvrkLOlQzNp65In0 HTTP/1.1" 200 2
172.22.2.4 - - [30/Nov/2023:00:05:14 -0500] "GET /BLA/boletinlegal/ HTTP/1.1" 200 55803
66.249.66.20 - - [30/Nov/2023:00:06:55 -0500] "GET /BLA/resoluciones/RESOLUCIONES%202008/3369.pdf HTTP/1.1" 200 842926
201.245.192.253 - - [30/Nov/2023:00:07:14 -0500] "POST /kwsrmcab/Wsrmcab  HTTP/1.1" 200 41956
216.245.221.92 - - [30/Nov/2023:00:07:26 -0500] "HEAD / HTTP/1.1" 200 -
201.245.192.253 - - [30/Nov/2023:00:08:36 -0500] "POST /forms/lservlet;jsessionid=ac16012b30d66bd79d5a81354b569b64ca0b03586396.e3iSbxaKaheRe3eRa38MahaQbi1ynknvrkLOlQzNp65In0 HTTP/1.1" 200 2
66.249.66.19 - - [30/Nov/2023:00:10:24 -0500] "GET /BLA/resoluciones/RESOLUCIONES%202010/6041.pdf HTTP/1.1" 200 44165
201.245.192.253 - - [30/Nov/2023:00:10:36 -0500] "POST /forms/lservlet;jsessionid=ac16012b30d66bd79d5a81354b569b64ca0b03586396.e3iSbxaKaheRe3eRa38MahaQbi1ynknvrkLOlQzNp65In0 HTTP/1.1" 200 2
66.249.66.20 - - [30/Nov/2023:00:11:00 -0500] "GET /Publicaciones/2022EE225633.pdf HTTP/1.1" 404 228
172.22.2.4 - - [30/Nov/2023:00:10:13 -0500] "HEAD /BLA/boletinlegal/ HTTP/1.1" 200 -
52.167.144.189 - - [30/Nov/2023:00:11:58 -0500] "GET /galeria/galeria/jquery.fancybox.js?v=2.1.5 HTTP/1.1" 200 48706
201.245.192.253 - - [30/Nov/2023:00:12:12 -0500] "POST /kwsrmcab/Wsrmcab  HTTP/1.1" 200 41956
216.245.221.92 - - [30/Nov/2023:00:12:26 -0500] "HEAD / HTTP/1.1" 200 -
201.245.192.253 - - [30/Nov/2023:00:12:36 -0500] "POST /forms/lservlet;jsessionid=ac16012b30d66bd79d5a81354b569b64ca0b03586396.e3iSbxaKaheRe3eRa38MahaQbi1ynknvrkLOlQzNp65In0 HTTP/1.1" 200 2
172.22.2.4 - - [30/Nov/2023:00:11:04 -0500] "GET /BLA/boletinlegal/ HTTP/1.1" 200 58294
201.245.192.253 - - [30/Nov/2023:00:14:36 -0500] "POST /forms/lservlet;jsessionid=ac16012b30d66bd79d5a81354b569b64ca0b03586396.e3iSbxaKaheRe3eRa38MahaQbi1ynknvrkLOlQzNp65In0 HTTP/1.1" 200 2
190.27.57.161 - - [30/Nov/2023:00:15:04 -0500] "POST /sipse/faces/presentacion/financiero/solicitudProceso/consultarSolicitudProceso.xhtml HTTP/1.1" 200 61571
190.27.57.161 - - [30/Nov/2023:00:15:04 -0500] "GET /sipse/faces/javax.faces.resource/theme.css?ln=primefaces-sipse HTTP/1.1" 304 -
190.27.57.161 - - [30/Nov/2023:00:15:04 -0500] "GET /sipse/faces/javax.faces.resource/primefaces.css?ln=primefaces&v=4.0 HTTP/1.1" 304 -
190.27.57.161 - - [30/Nov/2023:00:15:04 -0500] "GET /sipse/faces/javax.faces.resource/layout/layout.css?ln=primefaces&v=4.0 HTTP/1.1" 304 -
190.27.57.161 - - [30/Nov/2023:00:15:04 -0500] "GET /sipse/faces/javax.faces.resource/jquery/jquery.js?ln=primefaces&v=4.0 HTTP/1.1" 304 -
190.27.57.161 - - [30/Nov/2023:00:15:04 -0500] "GET /sipse/faces/javax.faces.resource/jquery/jquery-plugins.js?ln=primefaces&v=4.0 HTTP/1.1" 304 -
190.27.57.161 - - [30/Nov/2023:00:15:04 -0500] "GET /sipse/faces/javax.faces.resource/primefaces.js?ln=primefaces&v=4.0 HTTP/1.1" 304 -
190.27.57.161 - - [30/Nov/2023:00:15:04 -0500] "GET /sipse/faces/javax.faces.resource/layout/layout.js?ln=primefaces&v=4.0 HTTP/1.1" 304 -
190.27.57.161 - - [30/Nov/2023:00:15:04 -0500] "GET /sipse/css/imagen/contrasena.png HTTP/1.1" 404 383
190.27.57.161 - - [30/Nov/2023:00:15:04 -0500] "POST /sipse/faces/presentacion/financiero/solicitudProceso/listarSolicitudProceso.xhtml HTTP/1.1" 200 54842
190.27.57.161 - - [30/Nov/2023:00:15:04 -0500] "POST /sipse/faces/presentacion/financiero/solicitudProceso/listarSolicitudProceso.xhtml HTTP/1.1" 200 54842
190.27.57.161 - - [30/Nov/2023:00:15:05 -0500] "POST /sipse/faces/presentacion/financiero/solicitudProceso/listarSolicitudProceso.xhtml HTTP/1.1" 200 54842
190.27.57.161 - - [30/Nov/2023:00:15:05 -0500] "POST /sipse/faces/presentacion/financiero/solicitudProceso/listarSolicitudProceso.xhtml HTTP/1.1" 200 54842
190.27.57.161 - - [30/Nov/2023:00:15:05 -0500] "POST /sipse/faces/presentacion/financiero/solicitudProceso/listarSolicitudProceso.xhtml HTTP/1.1" 200 54842
190.27.57.161 - - [30/Nov/2023:00:15:06 -0500] "POST /sipse/faces/presentacion/financiero/solicitudProceso/listarSolicitudProceso.xhtml HTTP/1.1" 200 54842
190.27.57.161 - - [30/Nov/2023:00:15:06 -0500] "POST /sipse/faces/presentacion/financiero/solicitudProceso/listarSolicitudProceso.xhtml HTTP/1.1" 200 54842
190.27.57.161 - - [30/Nov/2023:00:15:06 -0500] "POST /sipse/faces/presentacion/financiero/solicitudProceso/listarSolicitudProceso.xhtml HTTP/1.1" 200 54842
190.27.57.161 - - [30/Nov/2023:00:15:07 -0500] "POST /sipse/faces/presentacion/financiero/solicitudProceso/listarSolicitudProceso.xhtml HTTP/1.1" 200 54842
190.27.57.161 - - [30/Nov/2023:00:15:07 -0500] "POST /sipse/faces/presentacion/financiero/solicitudProceso/listarSolicitudProceso.xhtml HTTP/1.1" 200 54842
190.27.57.161 - - [30/Nov/2023:00:15:07 -0500] "POST /sipse/faces/presentacion/financiero/solicitudProceso/listarSolicitudProceso.xhtml HTTP/1.1" 200 1564
190.27.57.161 - - [30/Nov/2023:00:15:07 -0500] "POST /sipse/faces/presentacion/financiero/solicitudProceso/listarSolicitudProceso.xhtml HTTP/1.1" 200 1560
190.27.57.161 - - [30/Nov/2023:00:15:08 -0500] "POST /sipse/faces/presentacion/financiero/solicitudProceso/listarSolicitudProceso.xhtml HTTP/1.1" 200 1568
190.27.57.161 - - [30/Nov/2023:00:15:08 -0500] "POST /sipse/faces/presentacion/financiero/solicitudProceso/listarSolicitudProceso.xhtml HTTP/1.1" 200 1560
190.27.57.161 - - [30/Nov/2023:00:15:08 -0500] "POST /sipse/faces/presentacion/financiero/solicitudProceso/listarSolicitudProceso.xhtml HTTP/1.1" 200 1568
190.27.57.161 - - [30/Nov/2023:00:15:08 -0500] "POST /sipse/faces/presentacion/financiero/solicitudProceso/listarSolicitudProceso.xhtml HTTP/1.1" 200 1560
190.27.57.161 - - [30/Nov/2023:00:15:08 -0500] "POST /sipse/faces/presentacion/financiero/solicitudProceso/listarSolicitudProceso.xhtml HTTP/1.1" 200 1568
190.27.57.161 - - [30/Nov/2023:00:15:08 -0500] "POST /sipse/faces/presentacion/financiero/solicitudProceso/listarSolicitudProceso.xhtml HTTP/1.1" 200 1560
190.27.57.161 - - [30/Nov/2023:00:15:08 -0500] "POST /sipse/faces/presentacion/financiero/solicitudProceso/listarSolicitudProceso.xhtml HTTP/1.1" 200 1568
190.27.57.161 - - [30/Nov/2023:00:15:08 -0500] "POST /sipse/faces/presentacion/financiero/solicitudProceso/listarSolicitudProceso.xhtml HTTP/1.1" 200 1560
190.27.57.161 - - [30/Nov/2023:00:15:08 -0500] "POST /sipse/faces/presentacion/financiero/solicitudProceso/listarSolicitudProceso.xhtml HTTP/1.1" 200 1568
190.27.57.161 - - [30/Nov/2023:00:15:13 -0500] "POST /sipse/faces/presentacion/financiero/solicitudProceso/listarSolicitudProceso.xhtml HTTP/1.1" 200 31486
190.27.57.161 - - [30/Nov/2023:00:15:25 -0500] "POST /sipse/faces/presentacion/financiero/solicitudProceso/listarSolicitudProceso.xhtml HTTP/1.1" 200 116491
190.27.57.161 - - [30/Nov/2023:00:15:26 -0500] "GET /sipse/faces/javax.faces.resource/theme.css?ln=primefaces-sipse HTTP/1.1" 304 -
190.27.57.161 - - [30/Nov/2023:00:15:26 -0500] "GET /sipse/faces/javax.faces.resource/layout/layout.css?ln=primefaces&v=4.0 HTTP/1.1" 304 -
190.27.57.161 - - [30/Nov/2023:00:15:26 -0500] "GET /sipse/faces/javax.faces.resource/primefaces.css?ln=primefaces&v=4.0 HTTP/1.1" 304 -
190.27.57.161 - - [30/Nov/2023:00:15:26 -0500] "GET /sipse/faces/javax.faces.resource/jquery/jquery.js?ln=primefaces&v=4.0 HTTP/1.1" 304 -
190.27.57.161 - - [30/Nov/2023:00:15:26 -0500] "GET /sipse/faces/javax.faces.resource/jquery/jquery-plugins.js?ln=primefaces&v=4.0 HTTP/1.1" 304 -
190.27.57.161 - - [30/Nov/2023:00:15:26 -0500] "GET /sipse/faces/javax.faces.resource/primefaces.js?ln=primefaces&v=4.0 HTTP/1.1" 304 -
190.27.57.161 - - [30/Nov/2023:00:15:26 -0500] "GET /sipse/faces/javax.faces.resource/layout/layout.js?ln=primefaces&v=4.0 HTTP/1.1" 304 -
190.27.57.161 - - [30/Nov/2023:00:15:26 -0500] "GET /sipse/css/imagen/contrasena.png HTTP/1.1" 404 383
190.27.57.161 - - [30/Nov/2023:00:15:27 -0500] "GET /sipse/faces/javax.faces.resource/dynamiccontent.properties?ln=primefaces&pfdrid=XjOR5%2F%2FfPAZAuY9TpWQeCiM0BhlXxYRBGKi%2FQcXXfeA%3D&pfdrid_c=false HTTP/1.1" 500 383
201.245.192.253 - - [30/Nov/2023:00:16:12 -0500] "POST /kwsrmcab/Wsrmcab HTTP/1.1" 200 41648
201.245.192.253 - - [30/Nov/2023:00:16:16 -0500] "POST /kwsrmcab/Wsrmcab HTTP/1.1" 200 36657
190.27.57.161 - - [30/Nov/2023:00:16:21 -0500] "POST /sipse/faces/presentacion/financiero/solicitudProceso/consultarSolicitudProceso.xhtml HTTP/1.1" 200 842513
201.245.192.253 - - [30/Nov/2023:00:16:36 -0500] "POST /forms/lservlet;jsessionid=ac16012b30d66bd79d5a81354b569b64ca0b03586396.e3iSbxaKaheRe3eRa38MahaQbi1ynknvrkLOlQzNp65In0 HTTP/1.1" 200 2
201.245.192.253 - - [30/Nov/2023:00:17:11 -0500] "POST /kwsrmcab/Wsrmcab  HTTP/1.1" 200 41956
216.245.221.92 - - [30/Nov/2023:00:17:26 -0500] "HEAD / HTTP/1.1" 200 -
66.249.66.19 - - [30/Nov/2023:00:17:37 -0500] "GET /BLA/resoluciones/RESOLUCIONES%202009/4458.pdf HTTP/1.1" 200 411262
172.22.2.4 - - [30/Nov/2023:00:16:03 -0500] "HEAD /BLA/boletinlegal/ HTTP/1.1" 200 -
190.27.57.161 - - [30/Nov/2023:00:17:58 -0500] "POST /sipse/faces/presentacion/financiero/solicitudProceso/consultarSolicitudProceso.xhtml HTTP/1.1" 200 842513
190.27.57.161 - - [30/Nov/2023:00:18:22 -0500] "POST /sipse/faces/presentacion/financiero/solicitudProceso/consultarSolicitudProceso.xhtml HTTP/1.1" 200 221249
190.27.57.161 - - [30/Nov/2023:00:18:28 -0500] "POST /sipse/faces/presentacion/financiero/solicitudProceso/consultarSolicitudProceso.xhtml HTTP/1.1" 200 2141685
172.22.2.4 - - [30/Nov/2023:00:16:54 -0500] "GET /BLA/boletinlegal/ HTTP/1.1" 200 52827
201.245.192.253 - - [30/Nov/2023:00:18:36 -0500] "POST /forms/lservlet;jsessionid=ac16012b30d66bd79d5a81354b569b64ca0b03586396.e3iSbxaKaheRe3eRa38MahaQbi1ynknvrkLOlQzNp65In0 HTTP/1.1" 200 2
190.27.57.161 - - [30/Nov/2023:00:18:39 -0500] "POST /sipse/faces/presentacion/financiero/solicitudProceso/consultarSolicitudProceso.xhtml HTTP/1.1" 200 5461
190.27.57.161 - - [30/Nov/2023:00:18:39 -0500] "GET /sipse/faces/javax.faces.resource/dynamiccontent.properties?ln=primefaces&pfdrid=XjOR5%2F%2FfPAZAuY9TpWQeCiM0BhlXxYRBGKi%2FQcXXfeA%3D&pfdrid_c=false HTTP/1.1" 200 117343
172.22.2.4 - - [30/Nov/2023:00:19:45 -0500] "GET /BLA/boletinlegal/actos.php HTTP/1.1" 200 9682
172.22.2.4 - - [30/Nov/2023:00:19:48 -0500] "GET /BLA/boletinlegal/conceptos.php HTTP/1.1" 200 7496
172.22.2.4 - - [30/Nov/2023:00:19:48 -0500] "GET /BLA/boletinlegal/js/ajax_conceptos.js HTTP/1.1" 200 1326
172.22.2.4 - - [30/Nov/2023:00:19:50 -0500] "GET /BLA/boletinlegal/consulta_conceptos.php?no=&solicitante=&radicado_entrada=&fecha_concepto=2023&objeto= HTTP/1.1" 200 28296
201.245.192.253 - - [30/Nov/2023:00:19:48 -0500] "POST /kwsrmcab/Wsrmcab HTTP/1.1" 200 41648
172.22.2.4 - - [30/Nov/2023:00:20:23 -0500] "GET /BLA/boletinlegal/conceptos/2023/56.pdf HTTP/1.1" 200 428955
201.245.192.253 - - [30/Nov/2023:00:20:36 -0500] "POST /forms/lservlet;jsessionid=ac16012b30d66bd79d5a81354b569b64ca0b03586396.e3iSbxaKaheRe3eRa38MahaQbi1ynknvrkLOlQzNp65In0 HTTP/1.1" 200 2
216.244.66.195 - - [30/Nov/2023:00:21:04 -0500] "GET /robots.txt HTTP/1.1" 404 1018
201.245.192.253 - - [30/Nov/2023:00:22:10 -0500] "POST /kwsrmcab/Wsrmcab  HTTP/1.1" 200 41956
216.245.221.92 - - [30/Nov/2023:00:22:26 -0500] "HEAD / HTTP/1.1" 200 -
198.235.24.145 - - [30/Nov/2023:00:22:36 -0500] "GET / HTTP/1.0" 200 319
201.245.192.253 - - [30/Nov/2023:00:22:36 -0500] "POST /forms/lservlet;jsessionid=ac16012b30d66bd79d5a81354b569b64ca0b03586396.e3iSbxaKaheRe3eRa38MahaQbi1ynknvrkLOlQzNp65In0 HTTP/1.1" 200 2
201.245.192.253 - - [30/Nov/2023:00:22:47 -0500] "POST /kwsrmcab/Wsrmcab HTTP/1.1" 200 36657
172.22.2.4 - - [30/Nov/2023:00:21:53 -0500] "HEAD /BLA/boletinlegal/ HTTP/1.1" 200 -
66.249.66.21 - - [30/Nov/2023:00:23:35 -0500] "GET /BLA/resoluciones/RESOLUCIONES%202011/6293.pdf HTTP/1.1" 200 470871
172.22.2.4 - - [30/Nov/2023:00:22:44 -0500] "GET /BLA/boletinlegal/ HTTP/1.1" 200 58294
201.245.192.253 - - [30/Nov/2023:00:24:36 -0500] "POST /forms/lservlet;jsessionid=ac16012b30d66bd79d5a81354b569b64ca0b03586396.e3iSbxaKaheRe3eRa38MahaQbi1ynknvrkLOlQzNp65In0 HTTP/1.1" 200 2
66.249.66.20 - - [30/Nov/2023:00:24:55 -0500] "GET /BLA/resoluciones/AUTOS%202017/1698.pdf HTTP/1.1" 200 650697
201.245.192.253 - - [30/Nov/2023:00:26:11 -0500] "POST /kwsrmcab/Wsrmcab HTTP/1.1" 200 41648
201.245.192.253 - - [30/Nov/2023:00:26:15 -0500] "POST /kwsrmcab/Wsrmcab HTTP/1.1" 200 36657
201.245.192.253 - - [30/Nov/2023:00:26:36 -0500] "POST /forms/lservlet;jsessionid=ac16012b30d66bd79d5a81354b569b64ca0b03586396.e3iSbxaKaheRe3eRa38MahaQbi1ynknvrkLOlQzNp65In0 HTTP/1.1" 200 2
66.249.66.19 - - [30/Nov/2023:00:27:04 -0500] "GET /BLA/resoluciones/RESOLUCIONES%202009/9001.pdf HTTP/1.1" 200 728472
201.245.192.253 - - [30/Nov/2023:00:27:09 -0500] "POST /kwsrmcab/Wsrmcab  HTTP/1.1" 200 41956
216.245.221.92 - - [30/Nov/2023:00:27:26 -0500] "HEAD / HTTP/1.1" 200 -
172.22.2.4 - - [30/Nov/2023:00:27:38 -0500] "GET /BLA/boletinlegal/robots.txt HTTP/1.1" 404 1038
172.22.2.4 - - [30/Nov/2023:00:27:39 -0500] "GET /BLA/boletinlegal/Directivas/2011/Directiva%20No.%209%20del%2023%20de%20Septiembre%20de%202011.pdf HTTP/1.1" 200 326687
201.245.192.253 - - [30/Nov/2023:00:28:36 -0500] "POST /forms/lservlet;jsessionid=ac16012b30d66bd79d5a81354b569b64ca0b03586396.e3iSbxaKaheRe3eRa38MahaQbi1ynknvrkLOlQzNp65In0 HTTP/1.1" 200 2
172.22.2.4 - - [30/Nov/2023:00:27:43 -0500] "HEAD /BLA/boletinlegal/ HTTP/1.1" 200 -
201.245.192.253 - - [30/Nov/2023:00:29:48 -0500] "POST /kwsrmcab/Wsrmcab HTTP/1.1" 200 41648
172.22.2.4 - - [30/Nov/2023:00:28:34 -0500] "GET /BLA/boletinlegal/ HTTP/1.1" 200 61018
190.27.57.161 - - [30/Nov/2023:00:30:36 -0500] "POST /sipse/faces/presentacion/financiero/solicitudProceso/consultarSolicitudProceso.xhtml HTTP/1.1" 200 61571
190.27.57.161 - - [30/Nov/2023:00:30:36 -0500] "GET /sipse/faces/javax.faces.resource/theme.css?ln=primefaces-sipse HTTP/1.1" 304 -
190.27.57.161 - - [30/Nov/2023:00:30:36 -0500] "GET /sipse/faces/javax.faces.resource/layout/layout.css?ln=primefaces&v=4.0 HTTP/1.1" 304 -
190.27.57.161 - - [30/Nov/2023:00:30:36 -0500] "GET /sipse/faces/javax.faces.resource/primefaces.css?ln=primefaces&v=4.0 HTTP/1.1" 304 -
190.27.57.161 - - [30/Nov/2023:00:30:36 -0500] "GET /sipse/faces/javax.faces.resource/jquery/jquery.js?ln=primefaces&v=4.0 HTTP/1.1" 304 -
190.27.57.161 - - [30/Nov/2023:00:30:36 -0500] "GET /sipse/faces/javax.faces.resource/jquery/jquery-plugins.js?ln=primefaces&v=4.0 HTTP/1.1" 304 -
190.27.57.161 - - [30/Nov/2023:00:30:36 -0500] "GET /sipse/faces/javax.faces.resource/primefaces.js?ln=primefaces&v=4.0 HTTP/1.1" 304 -
190.27.57.161 - - [30/Nov/2023:00:30:36 -0500] "GET /sipse/faces/javax.faces.resource/layout/layout.js?ln=primefaces&v=4.0 HTTP/1.1" 304 -
201.245.192.253 - - [30/Nov/2023:00:30:36 -0500] "POST /forms/lservlet;jsessionid=ac16012b30d66bd79d5a81354b569b64ca0b03586396.e3iSbxaKaheRe3eRa38MahaQbi1ynknvrkLOlQzNp65In0 HTTP/1.1" 200 2
190.27.57.161 - - [30/Nov/2023:00:30:36 -0500] "GET /sipse/css/imagen/contrasena.png HTTP/1.1" 404 383
190.27.57.161 - - [30/Nov/2023:00:30:36 -0500] "POST /sipse/faces/presentacion/financiero/solicitudProceso/listarSolicitudProceso.xhtml HTTP/1.1" 200 54842
190.27.57.161 - - [30/Nov/2023:00:30:37 -0500] "POST /sipse/faces/presentacion/financiero/solicitudProceso/listarSolicitudProceso.xhtml HTTP/1.1" 200 54842
190.27.57.161 - - [30/Nov/2023:00:30:37 -0500] "POST /sipse/faces/presentacion/financiero/solicitudProceso/listarSolicitudProceso.xhtml HTTP/1.1" 200 54842
190.27.57.161 - - [30/Nov/2023:00:30:37 -0500] "POST /sipse/faces/presentacion/financiero/solicitudProceso/listarSolicitudProceso.xhtml HTTP/1.1" 200 54842
190.27.57.161 - - [30/Nov/2023:00:30:37 -0500] "POST /sipse/faces/presentacion/financiero/solicitudProceso/listarSolicitudProceso.xhtml HTTP/1.1" 200 54842
190.27.57.161 - - [30/Nov/2023:00:30:38 -0500] "POST /sipse/faces/presentacion/financiero/solicitudProceso/listarSolicitudProceso.xhtml HTTP/1.1" 200 54842
190.27.57.161 - - [30/Nov/2023:00:30:38 -0500] "POST /sipse/faces/presentacion/financiero/solicitudProceso/listarSolicitudProceso.xhtml HTTP/1.1" 200 54842
190.27.57.161 - - [30/Nov/2023:00:30:38 -0500] "POST /sipse/faces/presentacion/financiero/solicitudProceso/listarSolicitudProceso.xhtml HTTP/1.1" 200 54842
190.27.57.161 - - [30/Nov/2023:00:30:39 -0500] "POST /sipse/faces/presentacion/financiero/solicitudProceso/listarSolicitudProceso.xhtml HTTP/1.1" 200 54842
190.27.57.161 - - [30/Nov/2023:00:30:39 -0500] "POST /sipse/faces/presentacion/financiero/solicitudProceso/listarSolicitudProceso.xhtml HTTP/1.1" 200 54842
190.27.57.161 - - [30/Nov/2023:00:30:39 -0500] "POST /sipse/faces/presentacion/financiero/solicitudProceso/listarSolicitudProceso.xhtml HTTP/1.1" 200 54842
190.27.57.161 - - [30/Nov/2023:00:30:40 -0500] "POST /sipse/faces/presentacion/financiero/solicitudProceso/listarSolicitudProceso.xhtml HTTP/1.1" 200 54842
190.27.57.161 - - [30/Nov/2023:00:30:40 -0500] "POST /sipse/faces/presentacion/financiero/solicitudProceso/listarSolicitudProceso.xhtml HTTP/1.1" 200 1564
190.27.57.161 - - [30/Nov/2023:00:30:40 -0500] "POST /sipse/faces/presentacion/financiero/solicitudProceso/listarSolicitudProceso.xhtml HTTP/1.1" 200 1560
190.27.57.161 - - [30/Nov/2023:00:30:40 -0500] "POST /sipse/faces/presentacion/financiero/solicitudProceso/listarSolicitudProceso.xhtml HTTP/1.1" 200 1568
190.27.57.161 - - [30/Nov/2023:00:30:40 -0500] "POST /sipse/faces/presentacion/financiero/solicitudProceso/listarSolicitudProceso.xhtml HTTP/1.1" 200 1560
190.27.57.161 - - [30/Nov/2023:00:30:40 -0500] "POST /sipse/faces/presentacion/financiero/solicitudProceso/listarSolicitudProceso.xhtml HTTP/1.1" 200 1568
190.27.57.161 - - [30/Nov/2023:00:30:40 -0500] "POST /sipse/faces/presentacion/financiero/solicitudProceso/listarSolicitudProceso.xhtml HTTP/1.1" 200 1560
190.27.57.161 - - [30/Nov/2023:00:30:41 -0500] "POST /sipse/faces/presentacion/financiero/solicitudProceso/listarSolicitudProceso.xhtml HTTP/1.1" 200 1568
190.27.57.161 - - [30/Nov/2023:00:30:41 -0500] "POST /sipse/faces/presentacion/financiero/solicitudProceso/listarSolicitudProceso.xhtml HTTP/1.1" 200 1560
190.27.57.161 - - [30/Nov/2023:00:30:41 -0500] "POST /sipse/faces/presentacion/financiero/solicitudProceso/listarSolicitudProceso.xhtml HTTP/1.1" 200 1568
190.27.57.161 - - [30/Nov/2023:00:30:41 -0500] "POST /sipse/faces/presentacion/financiero/solicitudProceso/listarSolicitudProceso.xhtml HTTP/1.1" 200 1560
190.27.57.161 - - [30/Nov/2023:00:30:41 -0500] "POST /sipse/faces/presentacion/financiero/solicitudProceso/listarSolicitudProceso.xhtml HTTP/1.1" 200 1568
190.27.57.161 - - [30/Nov/2023:00:30:41 -0500] "POST /sipse/faces/presentacion/financiero/solicitudProceso/listarSolicitudProceso.xhtml HTTP/1.1" 200 1560
190.27.57.161 - - [30/Nov/2023:00:30:41 -0500] "POST /sipse/faces/presentacion/financiero/solicitudProceso/listarSolicitudProceso.xhtml HTTP/1.1" 200 1568
190.27.57.161 - - [30/Nov/2023:00:30:42 -0500] "POST /sipse/faces/presentacion/financiero/solicitudProceso/listarSolicitudProceso.xhtml HTTP/1.1" 200 31490
66.249.66.20 - - [30/Nov/2023:00:30:52 -0500] "GET /BLA/resoluciones/Autos%202008/1818.pdf HTTP/1.1" 200 144095
190.27.57.161 - - [30/Nov/2023:00:31:59 -0500] "POST /sipse/faces/presentacion/financiero/solicitudProceso/listarSolicitudProceso.xhtml HTTP/1.1" 200 116659
190.27.57.161 - - [30/Nov/2023:00:32:00 -0500] "GET /sipse/faces/javax.faces.resource/theme.css?ln=primefaces-sipse HTTP/1.1" 304 -
190.27.57.161 - - [30/Nov/2023:00:32:00 -0500] "GET /sipse/faces/javax.faces.resource/primefaces.css?ln=primefaces&v=4.0 HTTP/1.1" 304 -
190.27.57.161 - - [30/Nov/2023:00:32:00 -0500] "GET /sipse/faces/javax.faces.resource/layout/layout.css?ln=primefaces&v=4.0 HTTP/1.1" 304 -
190.27.57.161 - - [30/Nov/2023:00:32:00 -0500] "GET /sipse/faces/javax.faces.resource/jquery/jquery.js?ln=primefaces&v=4.0 HTTP/1.1" 304 -
190.27.57.161 - - [30/Nov/2023:00:32:00 -0500] "GET /sipse/faces/javax.faces.resource/jquery/jquery-plugins.js?ln=primefaces&v=4.0 HTTP/1.1" 304 -
190.27.57.161 - - [30/Nov/2023:00:32:00 -0500] "GET /sipse/faces/javax.faces.resource/primefaces.js?ln=primefaces&v=4.0 HTTP/1.1" 304 -
190.27.57.161 - - [30/Nov/2023:00:32:00 -0500] "GET /sipse/faces/javax.faces.resource/layout/layout.js?ln=primefaces&v=4.0 HTTP/1.1" 304 -
190.27.57.161 - - [30/Nov/2023:00:32:00 -0500] "GET /sipse/css/imagen/contrasena.png HTTP/1.1" 404 383
190.27.57.161 - - [30/Nov/2023:00:32:01 -0500] "GET /sipse/faces/javax.faces.resource/dynamiccontent.properties?ln=primefaces&pfdrid=XjOR5%2F%2FfPAZAuY9TpWQeCiM0BhlXxYRBGKi%2FQcXXfeA%3D&pfdrid_c=false HTTP/1.1" 500 383
190.27.57.161 - - [30/Nov/2023:00:32:07 -0500] "POST /sipse/faces/presentacion/financiero/solicitudProceso/consultarSolicitudProceso.xhtml HTTP/1.1" 200 134267
201.245.192.253 - - [30/Nov/2023:00:32:07 -0500] "POST /kwsrmcab/Wsrmcab  HTTP/1.1" 200 41956
216.245.221.92 - - [30/Nov/2023:00:32:26 -0500] "HEAD / HTTP/1.1" 200 -
201.245.192.253 - - [30/Nov/2023:00:32:36 -0500] "POST /forms/lservlet;jsessionid=ac16012b30d66bd79d5a81354b569b64ca0b03586396.e3iSbxaKaheRe3eRa38MahaQbi1ynknvrkLOlQzNp65In0 HTTP/1.1" 200 2
190.27.57.161 - - [30/Nov/2023:00:32:44 -0500] "POST /sipse/faces/presentacion/financiero/solicitudProceso/consultarSolicitudProceso.xhtml HTTP/1.1" 200 2141688
190.27.57.161 - - [30/Nov/2023:00:32:49 -0500] "POST /sipse/faces/presentacion/financiero/solicitudProceso/consultarSolicitudProceso.xhtml HTTP/1.1" 200 1100771
201.245.192.253 - - [30/Nov/2023:00:32:49 -0500] "POST /kwsrmcab/Wsrmcab HTTP/1.1" 200 36657
66.249.66.21 - - [30/Nov/2023:00:32:57 -0500] "GET /Publicaciones/2023EE228014.pdf HTTP/1.1" 404 228
66.249.66.192 - - [30/Nov/2023:00:32:57 -0500] "GET /secretaria-de-ambiente-invita-al-conversatorio-sobre-publicidad-exterior-electoral.html HTTP/1.1" 304 -
190.27.57.161 - - [30/Nov/2023:00:32:59 -0500] "POST /sipse/faces/presentacion/financiero/solicitudProceso/consultarSolicitudProceso.xhtml HTTP/1.1" 200 5461
190.27.57.161 - - [30/Nov/2023:00:32:59 -0500] "GET /sipse/faces/javax.faces.resource/dynamiccontent.properties?ln=primefaces&pfdrid=XjOR5%2F%2FfPAZAuY9TpWQeCiM0BhlXxYRBGKi%2FQcXXfeA%3D&pfdrid_c=false HTTP/1.1" 200 117415
162.55.175.143 - - [30/Nov/2023:00:34:03 -0500] "GET / HTTP/1.1" 200 319
162.55.175.143 - - [30/Nov/2023:00:34:05 -0500] "GET / HTTP/1.1" 200 4720
65.108.227.178 - - [30/Nov/2023:00:34:13 -0500] "GET /robots.txt HTTP/1.1" 404 1034
65.108.227.178 - - [30/Nov/2023:00:34:15 -0500] "GET /inventario-de-emisiones-2020-transporte-publico-sitp-redujo-emisiones-de-pm-2-5-en-un-37.html HTTP/1.1" 200 925
66.249.66.20 - - [30/Nov/2023:00:34:24 -0500] "GET /BLA/resoluciones/RESOLUCIONES%202011/0299.pdf HTTP/1.1" 200 80163
201.245.192.253 - - [30/Nov/2023:00:34:36 -0500] "POST /forms/lservlet;jsessionid=ac16012b30d66bd79d5a81354b569b64ca0b03586396.e3iSbxaKaheRe3eRa38MahaQbi1ynknvrkLOlQzNp65In0 HTTP/1.1" 200 2
172.22.2.4 - - [30/Nov/2023:00:33:33 -0500] "HEAD /BLA/boletinlegal/ HTTP/1.1" 200 -
66.249.66.21 - - [30/Nov/2023:00:35:47 -0500] "GET /resoluciones/RESOLUCIONES%202009/1341.pdf HTTP/1.1" 404 1018
172.22.2.4 - - [30/Nov/2023:00:34:24 -0500] "GET /BLA/boletinlegal/ HTTP/1.1" 200 56997
201.245.192.253 - - [30/Nov/2023:00:36:11 -0500] "POST /kwsrmcab/Wsrmcab HTTP/1.1" 200 41648
201.245.192.253 - - [30/Nov/2023:00:36:14 -0500] "POST /kwsrmcab/Wsrmcab HTTP/1.1" 200 36657
201.245.192.253 - - [30/Nov/2023:00:36:36 -0500] "POST /forms/lservlet;jsessionid=ac16012b30d66bd79d5a81354b569b64ca0b03586396.e3iSbxaKaheRe3eRa38MahaQbi1ynknvrkLOlQzNp65In0 HTTP/1.1" 200 2
201.245.192.253 - - [30/Nov/2023:00:37:07 -0500] "POST /kwsrmcab/Wsrmcab  HTTP/1.1" 200 41956
216.245.221.92 - - [30/Nov/2023:00:37:26 -0500] "HEAD / HTTP/1.1" 200 -
172.22.2.4 - - [30/Nov/2023:00:36:07 -0500] "GET /BLA/boletinlegal/ HTTP/1.1" 200 63167
157.55.39.57 - - [30/Nov/2023:00:38:14 -0500] "GET /inventario-de-emisiones-2020-transporte-publico-sitp-redujo-emisiones-de-pm-2-5-en-un-37.html HTTP/1.1" 200 925
201.245.192.253 - - [30/Nov/2023:00:38:36 -0500] "POST /forms/lservlet;jsessionid=ac16012b30d66bd79d5a81354b569b64ca0b03586396.e3iSbxaKaheRe3eRa38MahaQbi1ynknvrkLOlQzNp65In0 HTTP/1.1" 200 2
66.249.66.20 - - [30/Nov/2023:00:39:39 -0500] "GET /BLA/jurisprudencia/sentencias/C-703-10.rtf HTTP/1.1" 404 1018
201.245.192.253 - - [30/Nov/2023:00:39:48 -0500] "POST /kwsrmcab/Wsrmcab HTTP/1.1" 200 41648
216.244.66.195 - - [30/Nov/2023:00:39:54 -0500] "GET /BLA/resoluciones/AUTOS%202008/0398.pdf HTTP/1.1" 200 78831
216.244.66.195 - - [30/Nov/2023:00:40:25 -0500] "GET /BLA/resoluciones/AUTOS%202008/0912.pdf HTTP/1.1" 200 72373
201.245.192.253 - - [30/Nov/2023:00:40:36 -0500] "POST /forms/lservlet;jsessionid=ac16012b30d66bd79d5a81354b569b64ca0b03586396.e3iSbxaKaheRe3eRa38MahaQbi1ynknvrkLOlQzNp65In0 HTTP/1.1" 200 2
216.244.66.195 - - [30/Nov/2023:00:40:51 -0500] "GET /BLA/resoluciones/AUTOS%202008/1958.pdf HTTP/1.1" 200 87977
172.22.2.4 - - [30/Nov/2023:00:39:23 -0500] "HEAD /BLA/boletinlegal/ HTTP/1.1" 200 -
172.22.2.4 - - [30/Nov/2023:00:41:10 -0500] "GET /BLA/boletinlegal/Ep1v HTTP/1.1" 404 1018
172.22.2.4 - - [30/Nov/2023:00:41:10 -0500] "GET /BLA/boletinlegal/GWqN HTTP/1.1" 404 1018
216.244.66.195 - - [30/Nov/2023:00:41:20 -0500] "GET /BLA/resoluciones/AUTOS%202009/0616.pdf HTTP/1.1" 200 120882
172.22.2.4 - - [30/Nov/2023:00:40:14 -0500] "GET /BLA/boletinlegal/ HTTP/1.1" 200 49900
172.22.2.4 - - [30/Nov/2023:00:41:00 -0500] "GET /BLA/boletinlegal/ HTTP/1.1" 200 24523
216.244.66.195 - - [30/Nov/2023:00:42:00 -0500] "GET /BLA/resoluciones/AUTOS%202009/0650.pdf HTTP/1.1" 200 99227
201.245.192.253 - - [30/Nov/2023:00:42:06 -0500] "POST /kwsrmcab/Wsrmcab  HTTP/1.1" 200 41956
216.245.221.92 - - [30/Nov/2023:00:42:26 -0500] "HEAD / HTTP/1.1" 200 -
216.244.66.195 - - [30/Nov/2023:00:42:34 -0500] "GET /BLA/resoluciones/AUTOS%202013/0128.pdf HTTP/1.1" 200 2158572
201.245.192.253 - - [30/Nov/2023:00:42:36 -0500] "POST /forms/lservlet;jsessionid=ac16012b30d66bd79d5a81354b569b64ca0b03586396.e3iSbxaKaheRe3eRa38MahaQbi1ynknvrkLOlQzNp65In0 HTTP/1.1" 200 2
40.77.167.50 - - [30/Nov/2023:00:42:46 -0500] "GET /BLA/resoluciones/RESOLUCIONES%202023/0076.pdf HTTP/1.1" 304 -
201.245.192.253 - - [30/Nov/2023:00:42:48 -0500] "POST /kwsrmcab/Wsrmcab HTTP/1.1" 200 36657
216.244.66.195 - - [30/Nov/2023:00:43:24 -0500] "GET /BLA/resoluciones/AUTOS%202013/0699.pdf HTTP/1.1" 200 1850585
66.249.66.20 - - [30/Nov/2023:00:44:01 -0500] "GET /pdc/actos/1731.pdf HTTP/1.1" 200 724138
216.244.66.195 - - [30/Nov/2023:00:44:14 -0500] "GET /BLA/resoluciones/AUTOS%202013/1014.pdf HTTP/1.1" 200 2130005
201.245.192.253 - - [30/Nov/2023:00:44:36 -0500] "POST /forms/lservlet;jsessionid=ac16012b30d66bd79d5a81354b569b64ca0b03586396.e3iSbxaKaheRe3eRa38MahaQbi1ynknvrkLOlQzNp65In0 HTTP/1.1" 200 2
66.249.66.19 - - [30/Nov/2023:00:44:42 -0500] "GET /BLA/resoluciones/RESOLUCIONES%202009/4819.pdf HTTP/1.1" 200 160834
216.244.66.195 - - [30/Nov/2023:00:45:05 -0500] "GET /BLA/resoluciones/AUTOS%202014/0531.pdf HTTP/1.1" 200 650688
190.27.57.161 - - [30/Nov/2023:00:45:11 -0500] "POST /sipse/faces/presentacion/financiero/solicitudProceso/consultarSolicitudProceso.xhtml HTTP/1.1" 200 61571
190.27.57.161 - - [30/Nov/2023:00:45:12 -0500] "GET /sipse/faces/javax.faces.resource/theme.css?ln=primefaces-sipse HTTP/1.1" 304 -
190.27.57.161 - - [30/Nov/2023:00:45:12 -0500] "GET /sipse/faces/javax.faces.resource/layout/layout.css?ln=primefaces&v=4.0 HTTP/1.1" 304 -
190.27.57.161 - - [30/Nov/2023:00:45:12 -0500] "GET /sipse/faces/javax.faces.resource/primefaces.css?ln=primefaces&v=4.0 HTTP/1.1" 304 -
190.27.57.161 - - [30/Nov/2023:00:45:12 -0500] "GET /sipse/faces/javax.faces.resource/jquery/jquery.js?ln=primefaces&v=4.0 HTTP/1.1" 304 -
190.27.57.161 - - [30/Nov/2023:00:45:12 -0500] "GET /sipse/faces/javax.faces.resource/jquery/jquery-plugins.js?ln=primefaces&v=4.0 HTTP/1.1" 304 -
190.27.57.161 - - [30/Nov/2023:00:45:12 -0500] "GET /sipse/faces/javax.faces.resource/primefaces.js?ln=primefaces&v=4.0 HTTP/1.1" 304 -
190.27.57.161 - - [30/Nov/2023:00:45:12 -0500] "GET /sipse/faces/javax.faces.resource/layout/layout.js?ln=primefaces&v=4.0 HTTP/1.1" 304 -
190.27.57.161 - - [30/Nov/2023:00:45:12 -0500] "GET /sipse/css/imagen/contrasena.png HTTP/1.1" 404 383
190.27.57.161 - - [30/Nov/2023:00:45:12 -0500] "POST /sipse/faces/presentacion/financiero/solicitudProceso/listarSolicitudProceso.xhtml HTTP/1.1" 200 54842
190.27.57.161 - - [30/Nov/2023:00:45:12 -0500] "POST /sipse/faces/presentacion/financiero/solicitudProceso/listarSolicitudProceso.xhtml HTTP/1.1" 200 54842
190.27.57.161 - - [30/Nov/2023:00:45:12 -0500] "POST /sipse/faces/presentacion/financiero/solicitudProceso/listarSolicitudProceso.xhtml HTTP/1.1" 200 54842
190.27.57.161 - - [30/Nov/2023:00:45:13 -0500] "POST /sipse/faces/presentacion/financiero/solicitudProceso/listarSolicitudProceso.xhtml HTTP/1.1" 200 54842
190.27.57.161 - - [30/Nov/2023:00:45:13 -0500] "POST /sipse/faces/presentacion/financiero/solicitudProceso/listarSolicitudProceso.xhtml HTTP/1.1" 200 54842
190.27.57.161 - - [30/Nov/2023:00:45:13 -0500] "POST /sipse/faces/presentacion/financiero/solicitudProceso/listarSolicitudProceso.xhtml HTTP/1.1" 200 54842
190.27.57.161 - - [30/Nov/2023:00:45:13 -0500] "POST /sipse/faces/presentacion/financiero/solicitudProceso/listarSolicitudProceso.xhtml HTTP/1.1" 200 54842
190.27.57.161 - - [30/Nov/2023:00:45:13 -0500] "POST /sipse/faces/presentacion/financiero/solicitudProceso/listarSolicitudProceso.xhtml HTTP/1.1" 200 54842
190.27.57.161 - - [30/Nov/2023:00:45:14 -0500] "POST /sipse/faces/presentacion/financiero/solicitudProceso/listarSolicitudProceso.xhtml HTTP/1.1" 200 54842
190.27.57.161 - - [30/Nov/2023:00:45:14 -0500] "POST /sipse/faces/presentacion/financiero/solicitudProceso/listarSolicitudProceso.xhtml HTTP/1.1" 200 54842
190.27.57.161 - - [30/Nov/2023:00:45:14 -0500] "POST /sipse/faces/presentacion/financiero/solicitudProceso/listarSolicitudProceso.xhtml HTTP/1.1" 200 54842
190.27.57.161 - - [30/Nov/2023:00:45:14 -0500] "POST /sipse/faces/presentacion/financiero/solicitudProceso/listarSolicitudProceso.xhtml HTTP/1.1" 200 54842
190.27.57.161 - - [30/Nov/2023:00:45:15 -0500] "POST /sipse/faces/presentacion/financiero/solicitudProceso/listarSolicitudProceso.xhtml HTTP/1.1" 200 54842
190.27.57.161 - - [30/Nov/2023:00:45:15 -0500] "POST /sipse/faces/presentacion/financiero/solicitudProceso/listarSolicitudProceso.xhtml HTTP/1.1" 200 54842
190.27.57.161 - - [30/Nov/2023:00:45:15 -0500] "POST /sipse/faces/presentacion/financiero/solicitudProceso/listarSolicitudProceso.xhtml HTTP/1.1" 200 1564
190.27.57.161 - - [30/Nov/2023:00:45:15 -0500] "POST /sipse/faces/presentacion/financiero/solicitudProceso/listarSolicitudProceso.xhtml HTTP/1.1" 200 1560
190.27.57.161 - - [30/Nov/2023:00:45:15 -0500] "POST /sipse/faces/presentacion/financiero/solicitudProceso/listarSolicitudProceso.xhtml HTTP/1.1" 200 1568
190.27.57.161 - - [30/Nov/2023:00:45:15 -0500] "POST /sipse/faces/presentacion/financiero/solicitudProceso/listarSolicitudProceso.xhtml HTTP/1.1" 200 1560
190.27.57.161 - - [30/Nov/2023:00:45:15 -0500] "POST /sipse/faces/presentacion/financiero/solicitudProceso/listarSolicitudProceso.xhtml HTTP/1.1" 200 1568
190.27.57.161 - - [30/Nov/2023:00:45:16 -0500] "POST /sipse/faces/presentacion/financiero/solicitudProceso/listarSolicitudProceso.xhtml HTTP/1.1" 200 1560
190.27.57.161 - - [30/Nov/2023:00:45:16 -0500] "POST /sipse/faces/presentacion/financiero/solicitudProceso/listarSolicitudProceso.xhtml HTTP/1.1" 200 1568
190.27.57.161 - - [30/Nov/2023:00:45:16 -0500] "POST /sipse/faces/presentacion/financiero/solicitudProceso/listarSolicitudProceso.xhtml HTTP/1.1" 200 1560
190.27.57.161 - - [30/Nov/2023:00:45:16 -0500] "POST /sipse/faces/presentacion/financiero/solicitudProceso/listarSolicitudProceso.xhtml HTTP/1.1" 200 1568
190.27.57.161 - - [30/Nov/2023:00:45:16 -0500] "POST /sipse/faces/presentacion/financiero/solicitudProceso/listarSolicitudProceso.xhtml HTTP/1.1" 200 1560
190.27.57.161 - - [30/Nov/2023:00:45:16 -0500] "POST /sipse/faces/presentacion/financiero/solicitudProceso/listarSolicitudProceso.xhtml HTTP/1.1" 200 1568
190.27.57.161 - - [30/Nov/2023:00:45:16 -0500] "POST /sipse/faces/presentacion/financiero/solicitudProceso/listarSolicitudProceso.xhtml HTTP/1.1" 200 1560
190.27.57.161 - - [30/Nov/2023:00:45:17 -0500] "POST /sipse/faces/presentacion/financiero/solicitudProceso/listarSolicitudProceso.xhtml HTTP/1.1" 200 1568
190.27.57.161 - - [30/Nov/2023:00:45:17 -0500] "POST /sipse/faces/presentacion/financiero/solicitudProceso/listarSolicitudProceso.xhtml HTTP/1.1" 200 1560
190.27.57.161 - - [30/Nov/2023:00:45:17 -0500] "POST /sipse/faces/presentacion/financiero/solicitudProceso/listarSolicitudProceso.xhtml HTTP/1.1" 200 1568
190.27.57.161 - - [30/Nov/2023:00:45:25 -0500] "POST /sipse/faces/presentacion/financiero/solicitudProceso/listarSolicitudProceso.xhtml HTTP/1.1" 200 31727
190.27.57.161 - - [30/Nov/2023:00:45:25 -0500] "POST /sipse/faces/presentacion/financiero/solicitudProceso/listarSolicitudProceso.xhtml HTTP/1.1" 200 43751
190.27.57.161 - - [30/Nov/2023:00:45:27 -0500] "POST /sipse/faces/presentacion/financiero/solicitudProceso/listarSolicitudProceso.xhtml HTTP/1.1" 200 31774
190.27.57.161 - - [30/Nov/2023:00:45:43 -0500] "POST /sipse/faces/presentacion/financiero/solicitudProceso/listarSolicitudProceso.xhtml HTTP/1.1" 200 114139
190.27.57.161 - - [30/Nov/2023:00:45:44 -0500] "GET /sipse/faces/javax.faces.resource/theme.css?ln=primefaces-sipse HTTP/1.1" 304 -
190.27.57.161 - - [30/Nov/2023:00:45:44 -0500] "GET /sipse/faces/javax.faces.resource/layout/layout.css?ln=primefaces&v=4.0 HTTP/1.1" 304 -
190.27.57.161 - - [30/Nov/2023:00:45:44 -0500] "GET /sipse/faces/javax.faces.resource/primefaces.css?ln=primefaces&v=4.0 HTTP/1.1" 304 -
190.27.57.161 - - [30/Nov/2023:00:45:44 -0500] "GET /sipse/faces/javax.faces.resource/jquery/jquery.js?ln=primefaces&v=4.0 HTTP/1.1" 304 -
190.27.57.161 - - [30/Nov/2023:00:45:44 -0500] "GET /sipse/faces/javax.faces.resource/jquery/jquery-plugins.js?ln=primefaces&v=4.0 HTTP/1.1" 304 -
190.27.57.161 - - [30/Nov/2023:00:45:44 -0500] "GET /sipse/faces/javax.faces.resource/primefaces.js?ln=primefaces&v=4.0 HTTP/1.1" 304 -
190.27.57.161 - - [30/Nov/2023:00:45:44 -0500] "GET /sipse/faces/javax.faces.resource/layout/layout.js?ln=primefaces&v=4.0 HTTP/1.1" 304 -
190.27.57.161 - - [30/Nov/2023:00:45:44 -0500] "GET /sipse/css/imagen/contrasena.png HTTP/1.1" 404 383
190.27.57.161 - - [30/Nov/2023:00:45:44 -0500] "GET /sipse/faces/javax.faces.resource/dynamiccontent.properties?ln=primefaces&pfdrid=XjOR5%2F%2FfPAZAuY9TpWQeCiM0BhlXxYRBGKi%2FQcXXfeA%3D&pfdrid_c=false HTTP/1.1" 500 383
216.244.66.195 - - [30/Nov/2023:00:45:55 -0500] "GET /BLA/resoluciones/AUTOS%202014/1045.pdf HTTP/1.1" 200 614632
66.249.66.20 - - [30/Nov/2023:00:46:15 -0500] "GET /BLA/resoluciones/RESOLUCIONES%202007/RES%202007%202801%20AL%202900/RESOLUCION%202873%20DE%202007.pdf HTTP/1.1" 200 351498
201.245.192.253 - - [30/Nov/2023:00:46:36 -0500] "POST /forms/lservlet;jsessionid=ac16012b30d66bd79d5a81354b569b64ca0b03586396.e3iSbxaKaheRe3eRa38MahaQbi1ynknvrkLOlQzNp65In0 HTTP/1.1" 200 2
190.27.57.161 - - [30/Nov/2023:00:46:37 -0500] "POST /sipse/faces/presentacion/financiero/solicitudProceso/consultarSolicitudProceso.xhtml HTTP/1.1" 200 2141688
216.244.66.195 - - [30/Nov/2023:00:46:45 -0500] "GET /BLA/resoluciones/AUTOS%202014/1472.pdf HTTP/1.1" 200 519653
190.27.57.161 - - [30/Nov/2023:00:46:50 -0500] "POST /sipse/faces/presentacion/financiero/solicitudProceso/consultarSolicitudProceso.xhtml HTTP/1.1" 200 2977338
172.22.2.4 - - [30/Nov/2023:00:45:13 -0500] "HEAD /BLA/boletinlegal/ HTTP/1.1" 200 -
190.27.57.161 - - [30/Nov/2023:00:46:59 -0500] "POST /sipse/faces/presentacion/financiero/solicitudProceso/consultarSolicitudProceso.xhtml HTTP/1.1" 200 149235
201.245.192.253 - - [30/Nov/2023:00:47:05 -0500] "POST /kwsrmcab/Wsrmcab  HTTP/1.1" 200 41956
190.27.57.161 - - [30/Nov/2023:00:47:11 -0500] "POST /sipse/faces/presentacion/financiero/solicitudProceso/consultarSolicitudProceso.xhtml HTTP/1.1" 200 5461
190.27.57.161 - - [30/Nov/2023:00:47:11 -0500] "GET /sipse/faces/javax.faces.resource/dynamiccontent.properties?ln=primefaces&pfdrid=XjOR5%2F%2FfPAZAuY9TpWQeCiM0BhlXxYRBGKi%2FQcXXfeA%3D&pfdrid_c=false HTTP/1.1" 200 117299
216.245.221.92 - - [30/Nov/2023:00:47:26 -0500] "HEAD / HTTP/1.1" 200 -
216.244.66.195 - - [30/Nov/2023:00:47:35 -0500] "GET /BLA/resoluciones/AUTOS%202014/1518.pdf HTTP/1.1" 200 614851
172.22.2.4 - - [30/Nov/2023:00:46:03 -0500] "GET /BLA/boletinlegal/ HTTP/1.1" 200 58644
66.249.66.21 - - [30/Nov/2023:00:48:08 -0500] "GET /BLA/resoluciones/RESOLUCIONES%202009/6539.pdf HTTP/1.1" 200 436611
216.244.66.195 - - [30/Nov/2023:00:48:25 -0500] "GET /BLA/resoluciones/AUTOS%202014/2792.pdf HTTP/1.1" 200 487670
201.245.192.253 - - [30/Nov/2023:00:48:36 -0500] "POST /forms/lservlet;jsessionid=ac16012b30d66bd79d5a81354b569b64ca0b03586396.e3iSbxaKaheRe3eRa38MahaQbi1ynknvrkLOlQzNp65In0 HTTP/1.1" 200 2
216.244.66.195 - - [30/Nov/2023:00:49:14 -0500] "GET /BLA/resoluciones/AUTOS%202015/0014.pdf HTTP/1.1" 200 493913
216.244.66.195 - - [30/Nov/2023:00:50:04 -0500] "GET /BLA/resoluciones/AUTOS%202015/0031.pdf HTTP/1.1" 200 609950
201.245.192.253 - - [30/Nov/2023:00:50:36 -0500] "POST /forms/lservlet;jsessionid=ac16012b30d66bd79d5a81354b569b64ca0b03586396.e3iSbxaKaheRe3eRa38MahaQbi1ynknvrkLOlQzNp65In0 HTTP/1.1" 200 2
216.244.66.195 - - [30/Nov/2023:00:50:54 -0500] "GET /BLA/resoluciones/AUTOS%202015/0110.pdf HTTP/1.1" 200 590120
34.34.58.99 - - [30/Nov/2023:00:51:40 -0500] "GET /propietarios-inscritos-en-el-inventario-nacional-de-bifenilos-de-policlorados-tienen-plazo-hasta-noviembre-para-reportar-su-balance.html HTTP/1.1" 200 1003
216.244.66.195 - - [30/Nov/2023:00:51:44 -0500] "GET /BLA/resoluciones/AUTOS%202015/0880.pdf HTTP/1.1" 200 680546
201.245.192.253 - - [30/Nov/2023:00:52:03 -0500] "POST /kwsrmcab/Wsrmcab  HTTP/1.1" 200 41956
216.245.221.92 - - [30/Nov/2023:00:52:26 -0500] "HEAD / HTTP/1.1" 200 -
216.244.66.195 - - [30/Nov/2023:00:52:34 -0500] "GET /BLA/resoluciones/AUTOS%202015/1161.pdf HTTP/1.1" 200 242950
201.245.192.253 - - [30/Nov/2023:00:52:36 -0500] "POST /forms/lservlet;jsessionid=ac16012b30d66bd79d5a81354b569b64ca0b03586396.e3iSbxaKaheRe3eRa38MahaQbi1ynknvrkLOlQzNp65In0 HTTP/1.1" 200 2
172.22.2.4 - - [30/Nov/2023:00:51:03 -0500] "HEAD /BLA/boletinlegal/ HTTP/1.1" 200 -
216.244.66.195 - - [30/Nov/2023:00:53:08 -0500] "GET /BLA/resoluciones/AUTOS%202015/1219.pdf HTTP/1.1" 200 777459
172.22.2.4 - - [30/Nov/2023:00:51:54 -0500] "GET /BLA/boletinlegal/ HTTP/1.1" 200 54693
66.249.66.20 - - [30/Nov/2023:00:53:42 -0500] "GET /portel_dama/libreria/php/2006/restauracion/55_artic/xtras/2.pdf HTTP/1.1" 404 1018
216.244.66.195 - - [30/Nov/2023:00:53:58 -0500] "GET /BLA/resoluciones/AUTOS%202015/1468.pdf HTTP/1.1" 200 578127
201.245.192.253 - - [30/Nov/2023:00:54:36 -0500] "POST /forms/lservlet;jsessionid=ac16012b30d66bd79d5a81354b569b64ca0b03586396.e3iSbxaKaheRe3eRa38MahaQbi1ynknvrkLOlQzNp65In0 HTTP/1.1" 200 2
216.244.66.195 - - [30/Nov/2023:00:54:45 -0500] "GET /BLA/resoluciones/AUTOS%202015/1545.pdf HTTP/1.1" 200 624564
207.46.13.107 - - [30/Nov/2023:00:54:46 -0500] "GET /documents/10184/5569773/caminata-ecologica-octubre.jpeg/ae784403-a519-43f7-9e85-3718dcc876ab?t=1696967710809 HTTP/1.1" 404 1034
172.22.2.4 - - [30/Nov/2023:00:53:39 -0500] "GET /BLA/boletinlegal/ HTTP/1.1" 200 63167
216.244.66.195 - - [30/Nov/2023:00:55:32 -0500] "GET /BLA/resoluciones/AUTOS%202015/1873.pdf HTTP/1.1" 200 736739
216.244.66.195 - - [30/Nov/2023:00:56:16 -0500] "GET /BLA/resoluciones/AUTOS%202015/3236.pdf HTTP/1.1" 200 808203
201.245.192.253 - - [30/Nov/2023:00:56:36 -0500] "POST /forms/lservlet;jsessionid=ac16012b30d66bd79d5a81354b569b64ca0b03586396.e3iSbxaKaheRe3eRa38MahaQbi1ynknvrkLOlQzNp65In0 HTTP/1.1" 200 2
216.244.66.195 - - [30/Nov/2023:00:56:56 -0500] "GET /BLA/resoluciones/AUTOS%202015/3338.pdf HTTP/1.1" 200 667351
201.245.192.253 - - [30/Nov/2023:00:57:01 -0500] "POST /kwsrmcab/Wsrmcab  HTTP/1.1" 200 41956
54.226.246.123 - - [30/Nov/2023:00:57:07 -0500] "GET /consulta-y-conoce-los-proyectos-de-resolucion-de-para-los-planes-de-manejo-ambiental-de-cinco-humedales-en-bogota.html HTTP/1.1" 200 971
54.226.246.123 - - [30/Nov/2023:00:57:08 -0500] "GET /propietarios-inscritos-en-el-inventario-nacional-de-bifenilos-de-policlorados-tienen-plazo-hasta-noviembre-para-reportar-su-balance.html HTTP/1.1" 200 1003
157.55.39.52 - - [30/Nov/2023:00:57:20 -0500] "GET /BLA/resoluciones/index.php HTTP/1.1" 200 13696
216.245.221.92 - - [30/Nov/2023:00:57:26 -0500] "HEAD / HTTP/1.1" 200 -
216.244.66.195 - - [30/Nov/2023:00:57:29 -0500] "GET /BLA/resoluciones/AUTOS%202015/3383.pdf HTTP/1.1" 200 643449
54.226.246.123 - - [30/Nov/2023:00:57:54 -0500] "GET /portaldeninos/ HTTP/1.1" 200 110175
