201.245.192.253 - - [30/Nov/2023:05:04:37 -0500] "POST /forms/lservlet;jsessionid=ac16012b30d66bd79d5a81354b569b64ca0b03586396.e3iSbxaKaheRe3eRa38MahaQbi1ynknvrkLOlQzNp65In0 HTTP/1.1" 200 2
201.245.192.253 - - [30/Nov/2023:05:05:51 -0500] "POST /kwsrmcab/Wsrmcab  HTTP/1.1" 200 41956
201.245.192.253 - - [30/Nov/2023:05:06:37 -0500] "POST /forms/lservlet;jsessionid=ac16012b30d66bd79d5a81354b569b64ca0b03586396.e3iSbxaKaheRe3eRa38MahaQbi1ynknvrkLOlQzNp65In0 HTTP/1.1" 200 2
216.245.221.92 - - [30/Nov/2023:05:07:25 -0500] "HEAD / HTTP/1.1" 200 -
201.245.192.253 - - [30/Nov/2023:05:08:37 -0500] "POST /forms/lservlet;jsessionid=ac16012b30d66bd79d5a81354b569b64ca0b03586396.e3iSbxaKaheRe3eRa38MahaQbi1ynknvrkLOlQzNp65In0 HTTP/1.1" 200 2
172.22.2.4 - - [30/Nov/2023:05:07:42 -0500] "HEAD /BLA/boletinlegal/ HTTP/1.1" 200 -
172.22.2.4 - - [30/Nov/2023:05:08:33 -0500] "GET /BLA/boletinlegal/ HTTP/1.1" 200 61018
201.245.192.253 - - [30/Nov/2023:05:10:37 -0500] "POST /forms/lservlet;jsessionid=ac16012b30d66bd79d5a81354b569b64ca0b03586396.e3iSbxaKaheRe3eRa38MahaQbi1ynknvrkLOlQzNp65In0 HTTP/1.1" 200 2
201.245.192.253 - - [30/Nov/2023:05:10:49 -0500] "POST /kwsrmcab/Wsrmcab  HTTP/1.1" 200 41956
173.252.107.2 - - [30/Nov/2023:05:11:40 -0500] "GET /bogota-ya-cuenta-mas-de-70-negocios-verdes-verificados.html HTTP/1.1" 200 992
173.252.107.113 - - [30/Nov/2023:05:11:41 -0500] "GET /images/negocios-verdes-mayo-2022.jpg HTTP/1.1" 200 48000
216.245.221.92 - - [30/Nov/2023:05:12:25 -0500] "HEAD / HTTP/1.1" 200 -
201.245.192.253 - - [30/Nov/2023:05:12:37 -0500] "POST /forms/lservlet;jsessionid=ac16012b30d66bd79d5a81354b569b64ca0b03586396.e3iSbxaKaheRe3eRa38MahaQbi1ynknvrkLOlQzNp65In0 HTTP/1.1" 200 2
201.245.192.253 - - [30/Nov/2023:05:14:37 -0500] "POST /forms/lservlet;jsessionid=ac16012b30d66bd79d5a81354b569b64ca0b03586396.e3iSbxaKaheRe3eRa38MahaQbi1ynknvrkLOlQzNp65In0 HTTP/1.1" 200 2
172.22.2.4 - - [30/Nov/2023:05:13:32 -0500] "HEAD /BLA/boletinlegal/ HTTP/1.1" 200 -
199.16.157.180 - - [30/Nov/2023:05:15:23 -0500] "GET /images/presentaci%C3%B3n%20convenci%C3%B3n.jpg HTTP/1.1" 404 1034
201.245.192.253 - - [30/Nov/2023:05:15:48 -0500] "POST /kwsrmcab/Wsrmcab  HTTP/1.1" 200 41956
172.22.2.4 - - [30/Nov/2023:05:14:23 -0500] "GET /BLA/boletinlegal/ HTTP/1.1" 200 61018
201.245.192.253 - - [30/Nov/2023:05:16:11 -0500] "POST /kwsrmcab/Wsrmcab HTTP/1.1" 200 41779
201.245.192.253 - - [30/Nov/2023:05:16:14 -0500] "POST /kwsrmcab/Wsrmcab HTTP/1.1" 200 36825
201.245.192.253 - - [30/Nov/2023:05:16:37 -0500] "POST /forms/lservlet;jsessionid=ac16012b30d66bd79d5a81354b569b64ca0b03586396.e3iSbxaKaheRe3eRa38MahaQbi1ynknvrkLOlQzNp65In0 HTTP/1.1" 200 2
216.245.221.92 - - [30/Nov/2023:05:17:25 -0500] "HEAD / HTTP/1.1" 200 -
201.245.192.253 - - [30/Nov/2023:05:18:37 -0500] "POST /forms/lservlet;jsessionid=ac16012b30d66bd79d5a81354b569b64ca0b03586396.e3iSbxaKaheRe3eRa38MahaQbi1ynknvrkLOlQzNp65In0 HTTP/1.1" 200 2
152.61.128.50 - - [30/Nov/2023:05:18:37 -0500] "GET /arcgis/services/Calidad_del_Agua_WQI/MapServer/WMSServer?request=GetCapabilities&service=WMS HTTP/1.1" 503 1020
152.61.128.50 - - [30/Nov/2023:05:18:39 -0500] "GET /arcgis/services/Calidad_del_Agua_WQI/MapServer/WMSServer?SERVICE=WMS&REQUEST=GetCapabilities HTTP/1.1" 503 1020
152.61.128.50 - - [30/Nov/2023:05:18:39 -0500] "GET /arcgis/services/Calidad_del_Agua_WQI/MapServer/WMSServer?WMTVER=1.0.0&REQUEST=capabilities HTTP/1.1" 503 1020
201.245.192.253 - - [30/Nov/2023:05:19:48 -0500] "POST /kwsrmcab/Wsrmcab HTTP/1.1" 200 41779
201.245.192.253 - - [30/Nov/2023:05:20:37 -0500] "POST /forms/lservlet;jsessionid=ac16012b30d66bd79d5a81354b569b64ca0b03586396.e3iSbxaKaheRe3eRa38MahaQbi1ynknvrkLOlQzNp65In0 HTTP/1.1" 200 2
201.245.192.253 - - [30/Nov/2023:05:20:46 -0500] "POST /kwsrmcab/Wsrmcab  HTTP/1.1" 200 41956
172.22.2.4 - - [30/Nov/2023:05:19:22 -0500] "HEAD /BLA/boletinlegal/ HTTP/1.1" 200 -
172.22.2.4 - - [30/Nov/2023:05:20:13 -0500] "GET /BLA/boletinlegal/ HTTP/1.1" 200 61018
216.245.221.92 - - [30/Nov/2023:05:22:25 -0500] "HEAD / HTTP/1.1" 200 -
201.245.192.253 - - [30/Nov/2023:05:22:37 -0500] "POST /forms/lservlet;jsessionid=ac16012b30d66bd79d5a81354b569b64ca0b03586396.e3iSbxaKaheRe3eRa38MahaQbi1ynknvrkLOlQzNp65In0 HTTP/1.1" 200 2
201.245.192.253 - - [30/Nov/2023:05:22:42 -0500] "POST /kwsrmcab/Wsrmcab HTTP/1.1" 200 36825
201.245.192.253 - - [30/Nov/2023:05:24:37 -0500] "POST /forms/lservlet;jsessionid=ac16012b30d66bd79d5a81354b569b64ca0b03586396.e3iSbxaKaheRe3eRa38MahaQbi1ynknvrkLOlQzNp65In0 HTTP/1.1" 200 2
201.245.192.253 - - [30/Nov/2023:05:25:44 -0500] "POST /kwsrmcab/Wsrmcab  HTTP/1.1" 200 41956
201.245.192.253 - - [30/Nov/2023:05:26:11 -0500] "POST /kwsrmcab/Wsrmcab HTTP/1.1" 200 41779
201.245.192.253 - - [30/Nov/2023:05:26:14 -0500] "POST /kwsrmcab/Wsrmcab HTTP/1.1" 200 36825
201.245.192.253 - - [30/Nov/2023:05:26:37 -0500] "POST /forms/lservlet;jsessionid=ac16012b30d66bd79d5a81354b569b64ca0b03586396.e3iSbxaKaheRe3eRa38MahaQbi1ynknvrkLOlQzNp65In0 HTTP/1.1" 200 2
172.22.2.4 - - [30/Nov/2023:05:25:12 -0500] "HEAD /BLA/boletinlegal/ HTTP/1.1" 200 -
216.245.221.92 - - [30/Nov/2023:05:27:25 -0500] "HEAD / HTTP/1.1" 200 -
172.22.2.4 - - [30/Nov/2023:05:26:03 -0500] "GET /BLA/boletinlegal/ HTTP/1.1" 200 59360
201.245.192.253 - - [30/Nov/2023:05:28:37 -0500] "POST /forms/lservlet;jsessionid=ac16012b30d66bd79d5a81354b569b64ca0b03586396.e3iSbxaKaheRe3eRa38MahaQbi1ynknvrkLOlQzNp65In0 HTTP/1.1" 200 2
201.245.192.253 - - [30/Nov/2023:05:29:47 -0500] "POST /kwsrmcab/Wsrmcab HTTP/1.1" 200 41779
201.245.192.253 - - [30/Nov/2023:05:30:37 -0500] "POST /forms/lservlet;jsessionid=ac16012b30d66bd79d5a81354b569b64ca0b03586396.e3iSbxaKaheRe3eRa38MahaQbi1ynknvrkLOlQzNp65In0 HTTP/1.1" 200 2
201.245.192.253 - - [30/Nov/2023:05:30:43 -0500] "POST /kwsrmcab/Wsrmcab  HTTP/1.1" 200 41956
186.29.34.21 - - [30/Nov/2023:05:31:22 -0500] "POST /sipse/faces/presentacion/financiero/solicitudProceso/listarSolicitudProceso.xhtml HTTP/1.1" 302 -
186.29.34.21 - - [30/Nov/2023:05:31:22 -0500] "GET /sipse/faces/autenticacion.xhtml HTTP/1.1" 200 1099
186.29.34.21 - - [30/Nov/2023:05:31:22 -0500] "POST /sipse/faces/presentacion/financiero/solicitudProceso/listarSolicitudProceso.xhtml HTTP/1.1" 302 -
186.29.34.21 - - [30/Nov/2023:05:31:22 -0500] "GET /sipse/faces/autenticacion.xhtml HTTP/1.1" 200 1099
186.29.34.21 - - [30/Nov/2023:05:31:26 -0500] "POST /sipse/faces/presentacion/financiero/solicitudProceso/listarSolicitudProceso.xhtml HTTP/1.1" 302 -
186.29.34.21 - - [30/Nov/2023:05:31:26 -0500] "GET /sipse/faces/autenticacion.xhtml HTTP/1.1" 200 1099
186.29.34.21 - - [30/Nov/2023:05:31:26 -0500] "POST /sipse/faces/presentacion/financiero/solicitudProceso/listarSolicitudProceso.xhtml HTTP/1.1" 302 -
186.29.34.21 - - [30/Nov/2023:05:31:26 -0500] "GET /sipse/faces/autenticacion.xhtml HTTP/1.1" 200 1099
186.29.34.21 - - [30/Nov/2023:05:31:26 -0500] "POST /sipse/faces/presentacion/financiero/solicitudProceso/listarSolicitudProceso.xhtml HTTP/1.1" 302 -
186.29.34.21 - - [30/Nov/2023:05:31:26 -0500] "GET /sipse/faces/autenticacion.xhtml HTTP/1.1" 200 1099
186.29.34.21 - - [30/Nov/2023:05:31:26 -0500] "POST /sipse/faces/presentacion/financiero/solicitudProceso/listarSolicitudProceso.xhtml HTTP/1.1" 302 -
186.29.34.21 - - [30/Nov/2023:05:31:26 -0500] "GET /sipse/faces/autenticacion.xhtml HTTP/1.1" 200 1099
186.29.34.21 - - [30/Nov/2023:05:31:28 -0500] "POST /sipse/faces/presentacion/financiero/solicitudProceso/listarSolicitudProceso.xhtml HTTP/1.1" 302 -
186.29.34.21 - - [30/Nov/2023:05:31:28 -0500] "GET /sipse/faces/autenticacion.xhtml HTTP/1.1" 200 1099
186.29.34.21 - - [30/Nov/2023:05:31:34 -0500] "POST /sipse/faces/presentacion/financiero/solicitudProceso/listarSolicitudProceso.xhtml HTTP/1.1" 302 -
186.29.34.21 - - [30/Nov/2023:05:31:34 -0500] "GET /sipse/faces/autenticacion.xhtml HTTP/1.1" 200 1099
186.29.34.21 - - [30/Nov/2023:05:31:34 -0500] "POST /sipse/faces/presentacion/financiero/solicitudProceso/listarSolicitudProceso.xhtml HTTP/1.1" 302 -
186.29.34.21 - - [30/Nov/2023:05:31:34 -0500] "GET /sipse/faces/autenticacion.xhtml HTTP/1.1" 200 1099
123.126.68.113 - - [30/Nov/2023:05:31:50 -0500] "GET / HTTP/1.1" 200 319
216.245.221.92 - - [30/Nov/2023:05:32:25 -0500] "HEAD / HTTP/1.1" 200 -
201.245.192.253 - - [30/Nov/2023:05:32:37 -0500] "POST /forms/lservlet;jsessionid=ac16012b30d66bd79d5a81354b569b64ca0b03586396.e3iSbxaKaheRe3eRa38MahaQbi1ynknvrkLOlQzNp65In0 HTTP/1.1" 200 2
172.22.2.4 - - [30/Nov/2023:05:31:02 -0500] "HEAD /BLA/boletinlegal/ HTTP/1.1" 200 -
201.245.192.253 - - [30/Nov/2023:05:32:41 -0500] "POST /kwsrmcab/Wsrmcab HTTP/1.1" 200 36825
172.22.2.4 - - [30/Nov/2023:05:31:53 -0500] "GET /BLA/boletinlegal/ HTTP/1.1" 200 60634
162.55.167.166 - - [30/Nov/2023:05:34:36 -0500] "GET / HTTP/1.1" 200 4720
162.55.167.166 - - [30/Nov/2023:05:34:37 -0500] "GET / HTTP/1.1" 200 319
201.245.192.253 - - [30/Nov/2023:05:34:37 -0500] "POST /forms/lservlet;jsessionid=ac16012b30d66bd79d5a81354b569b64ca0b03586396.e3iSbxaKaheRe3eRa38MahaQbi1ynknvrkLOlQzNp65In0 HTTP/1.1" 200 2
34.147.16.138 - - [30/Nov/2023:05:34:38 -0500] "GET /consulta-y-conoce-los-proyectos-de-resolucion-de-para-los-planes-de-manejo-ambiental-de-cinco-humedales-en-bogota.html HTTP/1.1" 200 971
35.204.116.86 - - [30/Nov/2023:05:34:55 -0500] "GET /propietarios-inscritos-en-el-inventario-nacional-de-bifenilos-de-policlorados-tienen-plazo-hasta-noviembre-para-reportar-su-balance.html HTTP/1.1" 200 1003
201.245.192.253 - - [30/Nov/2023:05:35:41 -0500] "POST /kwsrmcab/Wsrmcab  HTTP/1.1" 200 41956
201.245.192.253 - - [30/Nov/2023:05:36:11 -0500] "POST /kwsrmcab/Wsrmcab HTTP/1.1" 200 41779
201.245.192.253 - - [30/Nov/2023:05:36:15 -0500] "POST /kwsrmcab/Wsrmcab HTTP/1.1" 200 36825
201.245.192.253 - - [30/Nov/2023:05:36:37 -0500] "POST /forms/lservlet;jsessionid=ac16012b30d66bd79d5a81354b569b64ca0b03586396.e3iSbxaKaheRe3eRa38MahaQbi1ynknvrkLOlQzNp65In0 HTTP/1.1" 200 2
216.245.221.92 - - [30/Nov/2023:05:37:25 -0500] "HEAD / HTTP/1.1" 200 -
172.22.2.4 - - [30/Nov/2023:05:36:52 -0500] "HEAD /BLA/boletinlegal/ HTTP/1.1" 200 -
201.245.192.253 - - [30/Nov/2023:05:38:37 -0500] "POST /forms/lservlet;jsessionid=ac16012b30d66bd79d5a81354b569b64ca0b03586396.e3iSbxaKaheRe3eRa38MahaQbi1ynknvrkLOlQzNp65In0 HTTP/1.1" 200 2
5.188.87.39 - - [30/Nov/2023:05:38:49 -0500] "GET / HTTP/1.1" 200 319
5.188.87.39 - - [30/Nov/2023:05:38:49 -0500] "GET /wp-login.php HTTP/1.1" 404 1018
5.188.87.39 - - [30/Nov/2023:05:38:50 -0500] "GET /admin/ HTTP/1.1" 404 1018
5.188.87.39 - - [30/Nov/2023:05:38:50 -0500] "GET /admin/ HTTP/1.1" 404 1018
5.188.87.39 - - [30/Nov/2023:05:38:51 -0500] "GET /admin/ HTTP/1.1" 404 1018
5.188.87.39 - - [30/Nov/2023:05:38:51 -0500] "GET /admin/ HTTP/1.1" 404 1018
5.188.87.39 - - [30/Nov/2023:05:38:51 -0500] "GET /magento/ HTTP/1.1" 404 1018
5.188.87.39 - - [30/Nov/2023:05:38:52 -0500] "GET /admin/config.php HTTP/1.1" 404 1018
5.188.87.39 - - [30/Nov/2023:05:38:52 -0500] "GET /magento/admin HTTP/1.1" 404 1018
5.188.87.39 - - [30/Nov/2023:05:38:52 -0500] "GET / HTTP/1.1" 200 319
172.22.2.4 - - [30/Nov/2023:05:37:43 -0500] "GET /BLA/boletinlegal/ HTTP/1.1" 200 58644
201.245.192.253 - - [30/Nov/2023:05:39:47 -0500] "POST /kwsrmcab/Wsrmcab HTTP/1.1" 200 41779
201.245.192.253 - - [30/Nov/2023:05:40:37 -0500] "POST /forms/lservlet;jsessionid=ac16012b30d66bd79d5a81354b569b64ca0b03586396.e3iSbxaKaheRe3eRa38MahaQbi1ynknvrkLOlQzNp65In0 HTTP/1.1" 200 2
201.245.192.253 - - [30/Nov/2023:05:40:39 -0500] "POST /kwsrmcab/Wsrmcab  HTTP/1.1" 200 41956
66.249.66.21 - - [30/Nov/2023:05:42:21 -0500] "GET /BLA/resoluciones/RESOLUCIONES%202012/1552.pdf HTTP/1.1" 200 450745
216.245.221.92 - - [30/Nov/2023:05:42:25 -0500] "HEAD / HTTP/1.1" 200 -
201.245.192.253 - - [30/Nov/2023:05:42:37 -0500] "POST /forms/lservlet;jsessionid=ac16012b30d66bd79d5a81354b569b64ca0b03586396.e3iSbxaKaheRe3eRa38MahaQbi1ynknvrkLOlQzNp65In0 HTTP/1.1" 200 2
201.245.192.253 - - [30/Nov/2023:05:42:40 -0500] "POST /kwsrmcab/Wsrmcab HTTP/1.1" 200 36825
40.77.167.56 - - [30/Nov/2023:05:43:37 -0500] "GET /BLA/resoluciones/RESOLUCIONES%202023/1412.pdf HTTP/1.1" 304 -
172.22.2.4 - - [30/Nov/2023:05:42:42 -0500] "HEAD /BLA/boletinlegal/ HTTP/1.1" 200 -
201.245.192.253 - - [30/Nov/2023:05:44:37 -0500] "POST /forms/lservlet;jsessionid=ac16012b30d66bd79d5a81354b569b64ca0b03586396.e3iSbxaKaheRe3eRa38MahaQbi1ynknvrkLOlQzNp65In0 HTTP/1.1" 200 2
172.22.2.4 - - [30/Nov/2023:05:43:33 -0500] "GET /BLA/boletinlegal/ HTTP/1.1" 200 61018
201.245.192.253 - - [30/Nov/2023:05:45:37 -0500] "POST /kwsrmcab/Wsrmcab  HTTP/1.1" 200 41956
201.245.192.253 - - [30/Nov/2023:05:46:37 -0500] "POST /forms/lservlet;jsessionid=ac16012b30d66bd79d5a81354b569b64ca0b03586396.e3iSbxaKaheRe3eRa38MahaQbi1ynknvrkLOlQzNp65In0 HTTP/1.1" 200 2
172.22.2.4 - - [30/Nov/2023:05:46:41 -0500] "GET /BLA/boletinlegal/js/jquery.scrollTo-min.js HTTP/1.1" 200 1150
172.22.2.4 - - [30/Nov/2023:05:46:41 -0500] "GET /BLA/boletinlegal/js/jquery.scrollShow.js HTTP/1.1" 200 4586
172.22.2.4 - - [30/Nov/2023:05:46:41 -0500] "GET /BLA/boletinlegal/js/jquery.js HTTP/1.1" 200 57254
172.22.2.4 - - [30/Nov/2023:05:46:31 -0500] "GET /BLA/boletinlegal/ HTTP/1.1" 200 36811
216.245.221.92 - - [30/Nov/2023:05:47:25 -0500] "HEAD / HTTP/1.1" 200 -
201.245.192.253 - - [30/Nov/2023:05:48:37 -0500] "POST /forms/lservlet;jsessionid=ac16012b30d66bd79d5a81354b569b64ca0b03586396.e3iSbxaKaheRe3eRa38MahaQbi1ynknvrkLOlQzNp65In0 HTTP/1.1" 200 2
172.22.2.4 - - [30/Nov/2023:05:48:32 -0500] "HEAD /BLA/boletinlegal/ HTTP/1.1" 200 -
201.245.192.253 - - [30/Nov/2023:05:50:37 -0500] "POST /forms/lservlet;jsessionid=ac16012b30d66bd79d5a81354b569b64ca0b03586396.e3iSbxaKaheRe3eRa38MahaQbi1ynknvrkLOlQzNp65In0 HTTP/1.1" 200 2
201.245.192.253 - - [30/Nov/2023:05:50:36 -0500] "POST /kwsrmcab/Wsrmcab  HTTP/1.1" 200 41956
172.22.2.4 - - [30/Nov/2023:05:49:23 -0500] "GET /BLA/boletinlegal/ HTTP/1.1" 200 52827
216.245.221.92 - - [30/Nov/2023:05:52:25 -0500] "HEAD / HTTP/1.1" 200 -
201.245.192.253 - - [30/Nov/2023:05:52:37 -0500] "POST /forms/lservlet;jsessionid=ac16012b30d66bd79d5a81354b569b64ca0b03586396.e3iSbxaKaheRe3eRa38MahaQbi1ynknvrkLOlQzNp65In0 HTTP/1.1" 200 2
201.245.192.253 - - [30/Nov/2023:05:54:37 -0500] "POST /forms/lservlet;jsessionid=ac16012b30d66bd79d5a81354b569b64ca0b03586396.e3iSbxaKaheRe3eRa38MahaQbi1ynknvrkLOlQzNp65In0 HTTP/1.1" 200 2
201.245.192.253 - - [30/Nov/2023:05:55:36 -0500] "POST /kwsrmcab/Wsrmcab  HTTP/1.1" 200 41956
172.22.2.4 - - [30/Nov/2023:05:54:22 -0500] "HEAD /BLA/boletinlegal/ HTTP/1.1" 200 -
201.245.192.253 - - [30/Nov/2023:05:56:37 -0500] "POST /forms/lservlet;jsessionid=ac16012b30d66bd79d5a81354b569b64ca0b03586396.e3iSbxaKaheRe3eRa38MahaQbi1ynknvrkLOlQzNp65In0 HTTP/1.1" 200 2
186.84.21.128 - - [30/Nov/2023:05:56:42 -0500] "GET /BLA/resoluciones/ HTTP/1.1" 200 13696
186.84.21.128 - - [30/Nov/2023:05:56:42 -0500] "GET /BLA/resoluciones/dlf/styles.css HTTP/1.1" 200 3049
186.84.21.128 - - [30/Nov/2023:05:56:42 -0500] "GET /BLA/resoluciones/dlf/folder.png HTTP/1.1" 200 410
186.84.21.128 - - [30/Nov/2023:05:56:42 -0500] "GET /BLA/resoluciones/dlf/bg.gif HTTP/1.1" 200 54
186.84.21.128 - - [30/Nov/2023:05:56:50 -0500] "GET /BLA/resoluciones/dlf/dirup.png HTTP/1.1" 200 644
186.84.21.128 - - [30/Nov/2023:05:56:50 -0500] "GET /BLA/resoluciones/dlf/archive.png HTTP/1.1" 200 632
186.84.21.128 - - [30/Nov/2023:05:56:50 -0500] "GET /BLA/resoluciones/dlf/pdf.gif HTTP/1.1" 200 272
186.84.21.128 - - [30/Nov/2023:05:56:50 -0500] "GET /BLA/resoluciones/index.php?dir=RESOLUCIONES+2019%2F HTTP/1.1" 200 262093
172.22.2.4 - - [30/Nov/2023:05:55:13 -0500] "GET /BLA/boletinlegal/ HTTP/1.1" 200 55399
186.84.21.128 - - [30/Nov/2023:05:56:55 -0500] "GET /BLA/resoluciones/RESOLUCIONES%202019/1589.pdf HTTP/1.1" 200 411888
186.84.21.128 - - [30/Nov/2023:05:56:55 -0500] "GET /BLA/resoluciones/RESOLUCIONES%202019/1589.pdf HTTP/1.1" 200 411888
186.84.21.128 - - [30/Nov/2023:05:56:55 -0500] "GET /BLA/resoluciones/RESOLUCIONES%202019/1589.pdf HTTP/1.1" 206 1025
216.245.221.92 - - [30/Nov/2023:05:57:25 -0500] "HEAD / HTTP/1.1" 200 -
201.245.192.253 - - [30/Nov/2023:05:58:37 -0500] "POST /forms/lservlet;jsessionid=ac16012b30d66bd79d5a81354b569b64ca0b03586396.e3iSbxaKaheRe3eRa38MahaQbi1ynknvrkLOlQzNp65In0 HTTP/1.1" 200 2
66.249.66.21 - - [30/Nov/2023:05:59:54 -0500] "GET /BLA/resoluciones/AUTOS%202014/5571.pdf HTTP/1.1" 200 537408
201.245.192.253 - - [30/Nov/2023:06:00:34 -0500] "POST /kwsrmcab/Wsrmcab  HTTP/1.1" 200 41956
172.22.2.4 - - [30/Nov/2023:06:00:36 -0500] "GET /BLA/boletinlegal/jurisprudencia/analisis/AnalisisT-693-12.docx HTTP/1.1" 304 -
201.245.192.253 - - [30/Nov/2023:06:00:37 -0500] "POST /forms/lservlet;jsessionid=ac16012b30d66bd79d5a81354b569b64ca0b03586396.e3iSbxaKaheRe3eRa38MahaQbi1ynknvrkLOlQzNp65In0 HTTP/1.1" 200 2
69.171.251.4 - - [30/Nov/2023:06:01:32 -0500] "GET /images/jornadas-llantas-usadas-23-mayo.jpg HTTP/1.1" 200 148376
173.252.79.4 - - [30/Nov/2023:06:01:32 -0500] "GET /images/jardines-verticales-plantas-24-mayo.jpg HTTP/1.1" 200 148288
66.249.66.19 - - [30/Nov/2023:06:01:42 -0500] "GET /BLA/resoluciones/RESOLUCIONES%202008/3152.pdf HTTP/1.1" 200 1132215
172.22.2.4 - - [30/Nov/2023:06:00:12 -0500] "HEAD /BLA/boletinlegal/ HTTP/1.1" 200 -
66.249.66.21 - - [30/Nov/2023:06:02:13 -0500] "GET /BLA/resoluciones/RESOLUCIONES%202009/0150.pdf HTTP/1.1" 200 289740
216.245.221.92 - - [30/Nov/2023:06:02:25 -0500] "HEAD / HTTP/1.1" 200 -
201.245.192.253 - - [30/Nov/2023:06:02:37 -0500] "POST /forms/lservlet;jsessionid=ac16012b30d66bd79d5a81354b569b64ca0b03586396.e3iSbxaKaheRe3eRa38MahaQbi1ynknvrkLOlQzNp65In0 HTTP/1.1" 200 2
172.22.2.4 - - [30/Nov/2023:06:01:03 -0500] "GET /BLA/boletinlegal/ HTTP/1.1" 200 60634
66.249.66.21 - - [30/Nov/2023:06:04:05 -0500] "GET /BLA/resoluciones/Autos%202008/1842.pdf HTTP/1.1" 200 276383
172.22.2.4 - - [30/Nov/2023:06:04:13 -0500] "POST /BLA/boletinlegal/dns-query HTTP/1.1" 406 -
201.245.192.253 - - [30/Nov/2023:06:04:37 -0500] "POST /forms/lservlet;jsessionid=ac16012b30d66bd79d5a81354b569b64ca0b03586396.e3iSbxaKaheRe3eRa38MahaQbi1ynknvrkLOlQzNp65In0 HTTP/1.1" 200 2
157.55.39.200 - - [30/Nov/2023:06:04:42 -0500] "GET /BLA/boletinlegal/Directivas/2019/Directiva%20008%20del%2001%20de%20noviembre%20de%202019.pdf HTTP/1.1" 304 -
66.249.66.19 - - [30/Nov/2023:06:04:54 -0500] "GET /BLA/resoluciones/AUTOS%202014/5792.pdf HTTP/1.1" 200 199883
190.27.57.161 - - [30/Nov/2023:06:05:20 -0500] "POST /sipse/faces/presentacion/financiero/solicitudProceso/consultarSolicitudProceso.xhtml HTTP/1.1" 200 34807
190.27.57.161 - - [30/Nov/2023:06:05:20 -0500] "GET /sipse/faces/javax.faces.resource/layout/layout.css?ln=primefaces&v=4.0 HTTP/1.1" 304 -
190.27.57.161 - - [30/Nov/2023:06:05:20 -0500] "GET /sipse/css/custom_css_sg.css HTTP/1.1" 304 -
190.27.57.161 - - [30/Nov/2023:06:05:20 -0500] "GET /sipse/faces/javax.faces.resource/primefaces.css?ln=primefaces&v=4.0 HTTP/1.1" 304 -
190.27.57.161 - - [30/Nov/2023:06:05:21 -0500] "GET /sipse/faces/javax.faces.resource/theme.css?ln=primefaces-sipse HTTP/1.1" 304 -
190.27.57.161 - - [30/Nov/2023:06:05:21 -0500] "GET /sipse/css/custom_css_sg_prime.css HTTP/1.1" 304 -
190.27.57.161 - - [30/Nov/2023:06:05:21 -0500] "GET /sipse/js/disable_browser_buttons.js HTTP/1.1" 304 -
190.27.57.161 - - [30/Nov/2023:06:05:21 -0500] "GET /sipse/js/jquery.min.js HTTP/1.1" 304 -
190.27.57.161 - - [30/Nov/2023:06:05:21 -0500] "GET /sipse/js/funciones.js HTTP/1.1" 304 -
190.27.57.161 - - [30/Nov/2023:06:05:21 -0500] "GET /sipse/faces/javax.faces.resource/jquery/jquery.js?ln=primefaces&v=4.0 HTTP/1.1" 304 -
190.27.57.161 - - [30/Nov/2023:06:05:21 -0500] "GET /sipse/faces/javax.faces.resource/jquery/jquery-plugins.js?ln=primefaces&v=4.0 HTTP/1.1" 304 -
190.27.57.161 - - [30/Nov/2023:06:05:21 -0500] "GET /sipse/faces/javax.faces.resource/primefaces.js?ln=primefaces&v=4.0 HTTP/1.1" 304 -
190.27.57.161 - - [30/Nov/2023:06:05:21 -0500] "GET /sipse/faces/javax.faces.resource/layout/layout.js?ln=primefaces&v=4.0 HTTP/1.1" 304 -
190.27.57.161 - - [30/Nov/2023:06:05:21 -0500] "GET /sipse/css/imagen/contrasena.png HTTP/1.1" 404 383
190.27.57.161 - - [30/Nov/2023:06:05:21 -0500] "POST /sipse/faces/presentacion/financiero/solicitudProceso/listarSolicitudProceso.xhtml HTTP/1.1" 200 28076
190.27.57.161 - - [30/Nov/2023:06:05:22 -0500] "POST /sipse/faces/presentacion/financiero/solicitudProceso/listarSolicitudProceso.xhtml HTTP/1.1" 200 28076
190.27.57.161 - - [30/Nov/2023:06:05:22 -0500] "POST /sipse/faces/presentacion/financiero/solicitudProceso/listarSolicitudProceso.xhtml HTTP/1.1" 200 1396
190.27.57.161 - - [30/Nov/2023:06:05:22 -0500] "POST /sipse/faces/presentacion/financiero/solicitudProceso/listarSolicitudProceso.xhtml HTTP/1.1" 200 1392
190.27.57.161 - - [30/Nov/2023:06:05:22 -0500] "POST /sipse/faces/presentacion/financiero/solicitudProceso/listarSolicitudProceso.xhtml HTTP/1.1" 200 1404
190.27.57.161 - - [30/Nov/2023:06:05:24 -0500] "POST /sipse/faces/presentacion/financiero/solicitudProceso/listarSolicitudProceso.xhtml HTTP/1.1" 200 32010
190.27.57.161 - - [30/Nov/2023:06:05:25 -0500] "POST /sipse/faces/presentacion/financiero/solicitudProceso/listarSolicitudProceso.xhtml HTTP/1.1" 200 43943
190.27.57.161 - - [30/Nov/2023:06:05:26 -0500] "POST /sipse/faces/presentacion/financiero/solicitudProceso/listarSolicitudProceso.xhtml HTTP/1.1" 200 32006
190.27.57.161 - - [30/Nov/2023:06:05:26 -0500] "POST /sipse/faces/presentacion/financiero/solicitudProceso/listarSolicitudProceso.xhtml HTTP/1.1" 200 43943
190.27.57.161 - - [30/Nov/2023:06:05:35 -0500] "POST /sipse/faces/presentacion/financiero/solicitudProceso/listarSolicitudProceso.xhtml HTTP/1.1" 200 5073
201.245.192.253 - - [30/Nov/2023:06:05:33 -0500] "POST /kwsrmcab/Wsrmcab  HTTP/1.1" 200 41956
190.27.57.161 - - [30/Nov/2023:06:05:41 -0500] "POST /sipse/faces/presentacion/financiero/solicitudProceso/listarSolicitudProceso.xhtml HTTP/1.1" 200 112760
190.27.57.161 - - [30/Nov/2023:06:05:41 -0500] "GET /sipse/faces/javax.faces.resource/theme.css?ln=primefaces-sipse HTTP/1.1" 304 -
190.27.57.161 - - [30/Nov/2023:06:05:41 -0500] "GET /sipse/faces/javax.faces.resource/layout/layout.css?ln=primefaces&v=4.0 HTTP/1.1" 304 -
190.27.57.161 - - [30/Nov/2023:06:05:41 -0500] "GET /sipse/faces/javax.faces.resource/primefaces.css?ln=primefaces&v=4.0 HTTP/1.1" 304 -
190.27.57.161 - - [30/Nov/2023:06:05:41 -0500] "GET /sipse/faces/javax.faces.resource/jquery/jquery.js?ln=primefaces&v=4.0 HTTP/1.1" 304 -
190.27.57.161 - - [30/Nov/2023:06:05:41 -0500] "GET /sipse/faces/javax.faces.resource/jquery/jquery-plugins.js?ln=primefaces&v=4.0 HTTP/1.1" 304 -
190.27.57.161 - - [30/Nov/2023:06:05:41 -0500] "GET /sipse/faces/javax.faces.resource/primefaces.js?ln=primefaces&v=4.0 HTTP/1.1" 304 -
190.27.57.161 - - [30/Nov/2023:06:05:41 -0500] "GET /sipse/faces/javax.faces.resource/layout/layout.js?ln=primefaces&v=4.0 HTTP/1.1" 304 -
190.27.57.161 - - [30/Nov/2023:06:05:41 -0500] "GET /sipse/css/imagen/contrasena.png HTTP/1.1" 404 383
190.27.57.161 - - [30/Nov/2023:06:05:42 -0500] "GET /sipse/faces/javax.faces.resource/dynamiccontent.properties?ln=primefaces&pfdrid=XjOR5%2F%2FfPAZAuY9TpWQeCiM0BhlXxYRBGKi%2FQcXXfeA%3D&pfdrid_c=false HTTP/1.1" 500 383
190.27.57.161 - - [30/Nov/2023:06:06:21 -0500] "POST /sipse/faces/presentacion/financiero/solicitudProceso/consultarSolicitudProceso.xhtml HTTP/1.1" 200 51813
201.245.192.253 - - [30/Nov/2023:06:06:37 -0500] "POST /forms/lservlet;jsessionid=ac16012b30d66bd79d5a81354b569b64ca0b03586396.e3iSbxaKaheRe3eRa38MahaQbi1ynknvrkLOlQzNp65In0 HTTP/1.1" 200 2
172.22.2.4 - - [30/Nov/2023:06:06:39 -0500] "GET /BLA/boletinlegal/actos.php HTTP/1.1" 200 9682
172.22.2.4 - - [30/Nov/2023:06:06:40 -0500] "GET /BLA/boletinlegal/favicon.ico HTTP/1.1" 404 1326
186.29.17.124 - - [30/Nov/2023:06:06:41 -0500] "GET /BLA/resoluciones/ HTTP/1.1" 200 13696
190.27.57.161 - - [30/Nov/2023:06:06:41 -0500] "POST /sipse/faces/presentacion/financiero/solicitudProceso/consultarSolicitudProceso.xhtml HTTP/1.1" 200 2124080
186.29.17.124 - - [30/Nov/2023:06:06:43 -0500] "GET /BLA/resoluciones/index.php?dir=AUTOS+2023%2F HTTP/1.1" 200 428989
190.27.57.161 - - [30/Nov/2023:06:06:53 -0500] "POST /sipse/faces/presentacion/financiero/solicitudProceso/consultarSolicitudProceso.xhtml HTTP/1.1" 200 424301
186.29.17.124 - - [30/Nov/2023:06:06:57 -0500] "GET /BLA/resoluciones/AUTOS%202023/1911.pdf HTTP/1.1" 200 431069
186.29.17.124 - - [30/Nov/2023:06:06:58 -0500] "GET /BLA/resoluciones/AUTOS%202023/1911.pdf HTTP/1.1" 206 1025
66.249.66.21 - - [30/Nov/2023:06:07:05 -0500] "GET /BLA/resoluciones/RESOLUCIONES%202009/7345.pdf HTTP/1.1" 200 371078
190.27.57.161 - - [30/Nov/2023:06:07:08 -0500] "POST /sipse/faces/presentacion/financiero/solicitudProceso/consultarSolicitudProceso.xhtml HTTP/1.1" 200 5469
190.27.57.161 - - [30/Nov/2023:06:07:08 -0500] "GET /sipse/faces/javax.faces.resource/dynamiccontent.properties?ln=primefaces&pfdrid=XjOR5%2F%2FfPAZAuY9TpWQeCiM0BhlXxYRBGKi%2FQcXXfeA%3D&pfdrid_c=false HTTP/1.1" 200 117449
216.245.221.92 - - [30/Nov/2023:06:07:25 -0500] "HEAD / HTTP/1.1" 200 -
172.22.2.4 - - [30/Nov/2023:06:06:02 -0500] "HEAD /BLA/boletinlegal/ HTTP/1.1" 200 -
66.249.66.19 - - [30/Nov/2023:06:07:50 -0500] "GET /BLA/resoluciones/AUTOS%202013/2134.pdf HTTP/1.1" 200 260732
172.22.2.4 - - [30/Nov/2023:06:06:53 -0500] "GET /BLA/boletinlegal/ HTTP/1.1" 200 59007
201.245.192.253 - - [30/Nov/2023:06:08:37 -0500] "POST /forms/lservlet;jsessionid=ac16012b30d66bd79d5a81354b569b64ca0b03586396.e3iSbxaKaheRe3eRa38MahaQbi1ynknvrkLOlQzNp65In0 HTTP/1.1" 200 2
201.245.192.253 - - [30/Nov/2023:06:10:32 -0500] "POST /kwsrmcab/Wsrmcab  HTTP/1.1" 200 41956
201.245.192.253 - - [30/Nov/2023:06:10:37 -0500] "POST /forms/lservlet;jsessionid=ac16012b30d66bd79d5a81354b569b64ca0b03586396.e3iSbxaKaheRe3eRa38MahaQbi1ynknvrkLOlQzNp65In0 HTTP/1.1" 200 2
66.249.66.20 - - [30/Nov/2023:06:11:09 -0500] "GET /BLA/resoluciones/Autos%202008/0687.pdf HTTP/1.1" 200 89648
216.245.221.92 - - [30/Nov/2023:06:12:25 -0500] "HEAD / HTTP/1.1" 200 -
201.245.192.253 - - [30/Nov/2023:06:12:37 -0500] "POST /forms/lservlet;jsessionid=ac16012b30d66bd79d5a81354b569b64ca0b03586396.e3iSbxaKaheRe3eRa38MahaQbi1ynknvrkLOlQzNp65In0 HTTP/1.1" 200 2
172.22.2.4 - - [30/Nov/2023:06:11:52 -0500] "HEAD /BLA/boletinlegal/ HTTP/1.1" 200 -
66.249.66.19 - - [30/Nov/2023:06:13:38 -0500] "GET /BLA/resoluciones/RESOLUCIONES%202011/1371.pdf HTTP/1.1" 200 519061
172.22.2.4 - - [30/Nov/2023:06:12:43 -0500] "GET /BLA/boletinlegal/ HTTP/1.1" 200 61018
201.245.192.253 - - [30/Nov/2023:06:14:37 -0500] "POST /forms/lservlet;jsessionid=ac16012b30d66bd79d5a81354b569b64ca0b03586396.e3iSbxaKaheRe3eRa38MahaQbi1ynknvrkLOlQzNp65In0 HTTP/1.1" 200 2
40.77.167.230 - - [30/Nov/2023:06:15:30 -0500] "GET /BLA/resoluciones/AUTOS%202014/5445.pdf HTTP/1.1" 304 -
66.249.66.21 - - [30/Nov/2023:06:15:30 -0500] "GET /BLA/resoluciones/RESOLUCIONES%202008/1409.pdf HTTP/1.1" 200 202954
201.245.192.253 - - [30/Nov/2023:06:15:30 -0500] "POST /kwsrmcab/Wsrmcab  HTTP/1.1" 200 41956
201.245.192.253 - - [30/Nov/2023:06:16:11 -0500] "POST /kwsrmcab/Wsrmcab HTTP/1.1" 200 41817
201.245.192.253 - - [30/Nov/2023:06:16:14 -0500] "POST /kwsrmcab/Wsrmcab HTTP/1.1" 200 36671
40.77.167.50 - - [30/Nov/2023:06:16:23 -0500] "GET /BLA/resoluciones/AUTOS%202022/8325.pdf HTTP/1.1" 200 380578
201.245.192.253 - - [30/Nov/2023:06:16:37 -0500] "POST /forms/lservlet;jsessionid=ac16012b30d66bd79d5a81354b569b64ca0b03586396.e3iSbxaKaheRe3eRa38MahaQbi1ynknvrkLOlQzNp65In0 HTTP/1.1" 200 2
216.245.221.92 - - [30/Nov/2023:06:17:25 -0500] "HEAD / HTTP/1.1" 200 -
66.249.66.19 - - [30/Nov/2023:06:17:32 -0500] "GET /BLA/resoluciones/RESOLUCIONES%202012/1081.pdf HTTP/1.1" 200 435221
157.55.39.10 - - [30/Nov/2023:06:18:09 -0500] "GET /BLA/resoluciones/AUTOS%202021/4756.pdf HTTP/1.1" 304 -
5.188.87.39 - - [30/Nov/2023:06:18:16 -0500] "GET / HTTP/1.1" 200 319
5.188.87.39 - - [30/Nov/2023:06:18:17 -0500] "GET /wp-login.php HTTP/1.1" 404 1018
5.188.87.39 - - [30/Nov/2023:06:18:17 -0500] "GET /admin/ HTTP/1.1" 404 1018
5.188.87.39 - - [30/Nov/2023:06:18:18 -0500] "GET /admin/ HTTP/1.1" 404 1018
5.188.87.39 - - [30/Nov/2023:06:18:18 -0500] "GET /admin/ HTTP/1.1" 404 1018
5.188.87.39 - - [30/Nov/2023:06:18:18 -0500] "GET /admin/ HTTP/1.1" 404 1018
5.188.87.39 - - [30/Nov/2023:06:18:19 -0500] "GET /magento/ HTTP/1.1" 404 1018
5.188.87.39 - - [30/Nov/2023:06:18:19 -0500] "GET /admin/config.php HTTP/1.1" 404 1018
5.188.87.39 - - [30/Nov/2023:06:18:19 -0500] "GET /magento/admin HTTP/1.1" 404 1018
5.188.87.39 - - [30/Nov/2023:06:18:20 -0500] "GET / HTTP/1.1" 200 319
201.245.192.253 - - [30/Nov/2023:06:18:37 -0500] "POST /forms/lservlet;jsessionid=ac16012b30d66bd79d5a81354b569b64ca0b03586396.e3iSbxaKaheRe3eRa38MahaQbi1ynknvrkLOlQzNp65In0 HTTP/1.1" 200 2
40.77.167.27 - - [30/Nov/2023:06:19:11 -0500] "GET /BLA/resoluciones/AUTOS%202023/1911.pdf HTTP/1.1" 200 431069
172.22.2.4 - - [30/Nov/2023:06:17:42 -0500] "HEAD /BLA/boletinlegal/ HTTP/1.1" 200 -
201.245.192.253 - - [30/Nov/2023:06:19:47 -0500] "POST /kwsrmcab/Wsrmcab HTTP/1.1" 200 41817
172.22.2.4 - - [30/Nov/2023:06:18:33 -0500] "GET /BLA/boletinlegal/ HTTP/1.1" 200 58294
201.245.192.253 - - [30/Nov/2023:06:20:29 -0500] "POST /kwsrmcab/Wsrmcab  HTTP/1.1" 200 41956
201.245.192.253 - - [30/Nov/2023:06:20:37 -0500] "POST /forms/lservlet;jsessionid=ac16012b30d66bd79d5a81354b569b64ca0b03586396.e3iSbxaKaheRe3eRa38MahaQbi1ynknvrkLOlQzNp65In0 HTTP/1.1" 200 2
172.22.2.4 - - [30/Nov/2023:06:21:45 -0500] "GET /BLA/boletinlegal/actos.php HTTP/1.1" 200 9682
172.22.2.4 - - [30/Nov/2023:06:21:45 -0500] "GET /BLA/boletinlegal/js/ajax_actos.js HTTP/1.1" 200 1322
172.22.2.4 - - [30/Nov/2023:06:21:45 -0500] "GET /BLA/boletinlegal/niceforms.js HTTP/1.1" 200 22876
172.22.2.4 - - [30/Nov/2023:06:21:45 -0500] "GET /BLA/boletinlegal/styles2.css HTTP/1.1" 200 1838
172.22.2.4 - - [30/Nov/2023:06:21:45 -0500] "GET /BLA/boletinlegal/niceforms-default.css HTTP/1.1" 200 6694
172.22.2.4 - - [30/Nov/2023:06:21:45 -0500] "GET /BLA/boletinlegal/style.css HTTP/1.1" 200 9406
172.22.2.4 - - [30/Nov/2023:06:21:45 -0500] "GET /BLA/boletinlegal/js/lib.js HTTP/1.1" 200 6474
172.22.2.4 - - [30/Nov/2023:06:21:45 -0500] "GET /BLA/boletinlegal/js/popup.js HTTP/1.1" 200 1270
172.22.2.4 - - [30/Nov/2023:06:21:45 -0500] "GET /BLA/boletinlegal/js/jquery1.js HTTP/1.1" 200 29846
172.22.2.4 - - [30/Nov/2023:06:21:45 -0500] "GET /BLA/boletinlegal/images/cabezote%20BLEGAL.jpg HTTP/1.1" 200 118164
172.22.2.4 - - [30/Nov/2023:06:21:45 -0500] "GET /BLA/boletinlegal/images/subscribe-icon-big.png HTTP/1.1" 200 47702
172.22.2.4 - - [30/Nov/2023:06:21:45 -0500] "GET /BLA/boletinlegal/images/historia.png HTTP/1.1" 200 52775
172.22.2.4 - - [30/Nov/2023:06:21:46 -0500] "GET /BLA/boletinlegal/images/body_bg.jpg HTTP/1.1" 200 1601
172.22.2.4 - - [30/Nov/2023:06:21:46 -0500] "GET /BLA/boletinlegal/images/menu_rght.gif HTTP/1.1" 200 1627
172.22.2.4 - - [30/Nov/2023:06:21:46 -0500] "GET /BLA/boletinlegal/images/menu_lft.gif HTTP/1.1" 200 1713
172.22.2.4 - - [30/Nov/2023:06:21:46 -0500] "GET /BLA/boletinlegal/images/menu_bg.jpg HTTP/1.1" 200 620
172.22.2.4 - - [30/Nov/2023:06:21:46 -0500] "GET /BLA/boletinlegal/images/footer_bg.jpg HTTP/1.1" 200 586
172.22.2.4 - - [30/Nov/2023:06:21:46 -0500] "GET /BLA/boletinlegal/images/bg_top.jpg HTTP/1.1" 200 522
172.22.2.4 - - [30/Nov/2023:06:21:46 -0500] "GET /BLA/boletinlegal/images/text.jpg HTTP/1.1" 200 568
172.22.2.4 - - [30/Nov/2023:06:21:46 -0500] "GET /BLA/boletinlegal/images/hover.jpg HTTP/1.1" 200 640
172.22.2.4 - - [30/Nov/2023:06:21:46 -0500] "GET /BLA/boletinlegal/images/registro-usuarios.png HTTP/1.1" 200 8106
172.22.2.4 - - [30/Nov/2023:06:21:46 -0500] "GET /BLA/boletinlegal/images/green-yellow-blue-pink-th.png HTTP/1.1" 200 7394
172.22.2.4 - - [30/Nov/2023:06:21:46 -0500] "GET /BLA/boletinlegal/images/tel.png HTTP/1.1" 200 14477
172.22.2.4 - - [30/Nov/2023:06:21:46 -0500] "GET /BLA/boletinlegal/images/icono-email.png HTTP/1.1" 200 5544
172.22.2.4 - - [30/Nov/2023:06:21:46 -0500] "GET /BLA/boletinlegal/images/footer_bg_l.jpg HTTP/1.1" 200 776
172.22.2.4 - - [30/Nov/2023:06:21:47 -0500] "GET /BLA/boletinlegal/img/0.png HTTP/1.1" 200 110
172.22.2.4 - - [30/Nov/2023:06:21:47 -0500] "GET /BLA/boletinlegal/img/select-left.png HTTP/1.1" 200 263
172.22.2.4 - - [30/Nov/2023:06:21:47 -0500] "GET /BLA/boletinlegal/img/select-right.png HTTP/1.1" 200 44019
172.22.2.4 - - [30/Nov/2023:06:21:47 -0500] "GET /BLA/boletinlegal/img/button-left.png HTTP/1.1" 200 57071
172.22.2.4 - - [30/Nov/2023:06:21:47 -0500] "GET /BLA/boletinlegal/img/button-right.png HTTP/1.1" 200 57878
172.22.2.4 - - [30/Nov/2023:06:21:47 -0500] "GET /BLA/boletinlegal/img/button.png HTTP/1.1" 200 43241
172.22.2.4 - - [30/Nov/2023:06:21:47 -0500] "GET /BLA/boletinlegal/favicon.ico HTTP/1.1" 404 1326
216.245.221.92 - - [30/Nov/2023:06:22:25 -0500] "HEAD / HTTP/1.1" 200 -
201.245.192.253 - - [30/Nov/2023:06:22:37 -0500] "POST /forms/lservlet;jsessionid=ac16012b30d66bd79d5a81354b569b64ca0b03586396.e3iSbxaKaheRe3eRa38MahaQbi1ynknvrkLOlQzNp65In0 HTTP/1.1" 200 2
201.245.192.253 - - [30/Nov/2023:06:22:41 -0500] "POST /kwsrmcab/Wsrmcab HTTP/1.1" 200 36671
172.22.2.4 - - [30/Nov/2023:06:22:45 -0500] "GET /BLA/boletinlegal/autodiscover/autodiscover.json?@zdi/Powershell HTTP/1.1" 404 1018
172.22.2.4 - - [30/Nov/2023:06:23:01 -0500] "GET /BLA/boletinlegal/consulta_actos.php?tipo=resoluciones&no=0630&usuario=&sector=&fecha=2021&resuelve= HTTP/1.1" 200 1100
172.22.2.4 - - [30/Nov/2023:06:23:01 -0500] "GET /BLA/boletinlegal/images/pdf.gif HTTP/1.1" 200 567
66.249.66.21 - - [30/Nov/2023:06:23:05 -0500] "GET /BLA/resoluciones/AUTOS%202007/1686.pdf HTTP/1.1" 200 144797
186.86.32.196 - - [30/Nov/2023:06:23:12 -0500] "GET /BLA/resoluciones/RESOLUCIONES%202021/0630.pdf HTTP/1.1" 200 469915
186.86.32.196 - - [30/Nov/2023:06:23:12 -0500] "GET /BLA/resoluciones/RESOLUCIONES%202021/0630.pdf HTTP/1.1" 200 469915
186.86.32.196 - - [30/Nov/2023:06:23:12 -0500] "GET /BLA/resoluciones/RESOLUCIONES%202021/0630.pdf HTTP/1.1" 206 1025
172.22.2.4 - - [30/Nov/2023:06:23:20 -0500] "GET /BLA/boletinlegal/consulta_actos.php?tipo=resoluciones&no=0794&usuario=&sector=&fecha=2021&resuelve= HTTP/1.1" 200 1256
130.84.14.26 - - [30/Nov/2023:06:23:30 -0500] "GET /robots.txt HTTP/1.1" 404 1035
130.84.14.26 - - [30/Nov/2023:06:23:31 -0500] "GET /portaldeninos/wp-content/uploads/2021/07/residuos-pagina-ni%C3%B1os.jpg HTTP/1.1" 200 316433
186.86.32.196 - - [30/Nov/2023:06:23:36 -0500] "GET /BLA/resoluciones/RESOLUCIONES%202021/0794.pdf HTTP/1.1" 200 543408
186.86.32.196 - - [30/Nov/2023:06:23:36 -0500] "GET /BLA/resoluciones/RESOLUCIONES%202021/0794.pdf HTTP/1.1" 200 543408
186.86.32.196 - - [30/Nov/2023:06:23:36 -0500] "GET /BLA/resoluciones/RESOLUCIONES%202021/0794.pdf HTTP/1.1" 206 1025
172.22.2.4 - - [30/Nov/2023:06:23:43 -0500] "GET /BLA/boletinlegal/consulta_actos.php?tipo=resoluciones&no=0708&usuario=&sector=&fecha=2021&resuelve= HTTP/1.1" 200 1101
66.249.66.20 - - [30/Nov/2023:06:23:46 -0500] "GET /BLA/resoluciones/AUTOS%202013/3506.pdf HTTP/1.1" 200 413585
172.22.2.4 - - [30/Nov/2023:06:23:46 -0500] "GET /BLA/boletinlegal/consulta_actos.php?tipo=resoluciones&no=0708&usuario=&sector=&fecha=2021&resuelve= HTTP/1.1" 200 1101
186.86.32.196 - - [30/Nov/2023:06:23:56 -0500] "GET /BLA/resoluciones/RESOLUCIONES%202021/0708.pdf HTTP/1.1" 200 500049
186.86.32.196 - - [30/Nov/2023:06:23:56 -0500] "GET /BLA/resoluciones/RESOLUCIONES%202021/0708.pdf HTTP/1.1" 206 1025
186.86.32.196 - - [30/Nov/2023:06:23:56 -0500] "GET /BLA/resoluciones/RESOLUCIONES%202021/0708.pdf HTTP/1.1" 200 500049
201.245.192.253 - - [30/Nov/2023:06:24:37 -0500] "POST /forms/lservlet;jsessionid=ac16012b30d66bd79d5a81354b569b64ca0b03586396.e3iSbxaKaheRe3eRa38MahaQbi1ynknvrkLOlQzNp65In0 HTTP/1.1" 200 2
40.77.167.27 - - [30/Nov/2023:06:25:12 -0500] "GET /BLA/resoluciones/AUTOS%202023/2843.pdf HTTP/1.1" 304 -
172.22.2.4 - - [30/Nov/2023:06:23:32 -0500] "HEAD /BLA/boletinlegal/ HTTP/1.1" 200 -
201.245.192.253 - - [30/Nov/2023:06:25:27 -0500] "POST /kwsrmcab/Wsrmcab  HTTP/1.1" 200 41956
172.22.2.4 - - [30/Nov/2023:06:24:23 -0500] "GET /BLA/boletinlegal/ HTTP/1.1" 200 58644
201.245.192.253 - - [30/Nov/2023:06:26:10 -0500] "POST /kwsrmcab/Wsrmcab HTTP/1.1" 200 41817
201.245.192.253 - - [30/Nov/2023:06:26:13 -0500] "POST /kwsrmcab/Wsrmcab HTTP/1.1" 200 36671
201.245.192.253 - - [30/Nov/2023:06:26:37 -0500] "POST /forms/lservlet;jsessionid=ac16012b30d66bd79d5a81354b569b64ca0b03586396.e3iSbxaKaheRe3eRa38MahaQbi1ynknvrkLOlQzNp65In0 HTTP/1.1" 200 2
216.245.221.92 - - [30/Nov/2023:06:27:25 -0500] "HEAD / HTTP/1.1" 200 -
186.155.82.113 - - [30/Nov/2023:06:27:47 -0500] "GET /sipse/faces/index.xhtml HTTP/1.1" 200 677
186.155.82.113 - - [30/Nov/2023:06:27:47 -0500] "GET /sipse/faces/javax.faces.resource/theme.css?ln=primefaces-sipse HTTP/1.1" 304 -
186.155.82.113 - - [30/Nov/2023:06:27:48 -0500] "GET /sipse/faces/faces/autenticacion.xhtml HTTP/1.1" 200 12414
186.155.82.113 - - [30/Nov/2023:06:27:48 -0500] "GET /sipse/js/disable_browser_buttons.js HTTP/1.1" 304 -
186.155.82.113 - - [30/Nov/2023:06:27:48 -0500] "GET /sipse/css/custom_css_sg.css HTTP/1.1" 304 -
186.155.82.113 - - [30/Nov/2023:06:27:48 -0500] "GET /sipse/faces/javax.faces.resource/theme.css?ln=primefaces-sipse HTTP/1.1" 304 -
186.155.82.113 - - [30/Nov/2023:06:27:48 -0500] "GET /sipse/faces/javax.faces.resource/layout/layout.css?ln=primefaces&v=4.0 HTTP/1.1" 304 -
186.155.82.113 - - [30/Nov/2023:06:27:48 -0500] "GET /sipse/faces/javax.faces.resource/jquery/jquery.js?ln=primefaces&v=4.0 HTTP/1.1" 304 -
186.155.82.113 - - [30/Nov/2023:06:27:48 -0500] "GET /sipse/faces/javax.faces.resource/jquery/jquery-plugins.js?ln=primefaces&v=4.0 HTTP/1.1" 304 -
186.155.82.113 - - [30/Nov/2023:06:27:48 -0500] "GET /sipse/js/funciones.js HTTP/1.1" 304 -
186.155.82.113 - - [30/Nov/2023:06:27:48 -0500] "GET /sipse/css/custom_css_sg_prime_login.css HTTP/1.1" 304 -
186.155.82.113 - - [30/Nov/2023:06:27:48 -0500] "GET /sipse/faces/javax.faces.resource/primefaces.css?ln=primefaces&v=4.0 HTTP/1.1" 304 -
186.155.82.113 - - [30/Nov/2023:06:27:48 -0500] "GET /sipse/faces/javax.faces.resource/primefaces.js?ln=primefaces&v=4.0 HTTP/1.1" 304 -
186.155.82.113 - - [30/Nov/2023:06:27:48 -0500] "GET /sipse/faces/javax.faces.resource/layout/layout.js?ln=primefaces&v=4.0 HTTP/1.1" 304 -
186.155.82.113 - - [30/Nov/2023:06:27:49 -0500] "GET /sipse/css/imagen/logoSDG.png HTTP/1.1" 304 -
186.155.82.113 - - [30/Nov/2023:06:27:49 -0500] "GET /sipse/css/imagen/loginimg.png HTTP/1.1" 304 -
186.155.82.113 - - [30/Nov/2023:06:27:49 -0500] "GET /sipse/faces/javax.faces.resource/images/ui-icons_898989_256x240.png?ln=primefaces-aristo HTTP/1.1" 304 -
186.155.82.113 - - [30/Nov/2023:06:27:53 -0500] "POST /sipse/faces/autenticacion.xhtml HTTP/1.1" 200 2227
186.155.82.113 - - [30/Nov/2023:06:27:53 -0500] "GET /sipse/faces/javax.faces.resource/messages/messages.png?ln=primefaces&v=4.0 HTTP/1.1" 304 -
186.155.82.113 - - [30/Nov/2023:06:27:54 -0500] "POST /sipse/faces/autenticacion.xhtml HTTP/1.1" 200 16463
186.155.82.113 - - [30/Nov/2023:06:27:54 -0500] "GET /sipse/faces/javax.faces.resource/theme.css?ln=primefaces-sipse HTTP/1.1" 304 -
186.155.82.113 - - [30/Nov/2023:06:27:54 -0500] "GET /sipse/faces/javax.faces.resource/layout/layout.css?ln=primefaces&v=4.0 HTTP/1.1" 304 -
186.155.82.113 - - [30/Nov/2023:06:27:54 -0500] "GET /sipse/faces/javax.faces.resource/primefaces.css?ln=primefaces&v=4.0 HTTP/1.1" 304 -
186.155.82.113 - - [30/Nov/2023:06:27:54 -0500] "GET /sipse/css/custom_css_sg_prime.css HTTP/1.1" 304 -
186.155.82.113 - - [30/Nov/2023:06:27:54 -0500] "GET /sipse/js/jquery.min.js HTTP/1.1" 304 -
186.155.82.113 - - [30/Nov/2023:06:27:54 -0500] "GET /sipse/faces/javax.faces.resource/jquery/jquery.js?ln=primefaces&v=4.0 HTTP/1.1" 304 -
186.155.82.113 - - [30/Nov/2023:06:27:54 -0500] "GET /sipse/faces/javax.faces.resource/jquery/jquery-plugins.js?ln=primefaces&v=4.0 HTTP/1.1" 304 -
186.155.82.113 - - [30/Nov/2023:06:27:54 -0500] "GET /sipse/faces/javax.faces.resource/primefaces.js?ln=primefaces&v=4.0 HTTP/1.1" 304 -
186.155.82.113 - - [30/Nov/2023:06:27:54 -0500] "GET /sipse/faces/javax.faces.resource/layout/layout.js?ln=primefaces&v=4.0 HTTP/1.1" 304 -
186.155.82.113 - - [30/Nov/2023:06:27:54 -0500] "GET /sipse/css/v_mergente.css HTTP/1.1" 304 -
186.155.82.113 - - [30/Nov/2023:06:27:54 -0500] "GET /sipse/css/imagen/contrasena.png HTTP/1.1" 404 383
186.155.82.113 - - [30/Nov/2023:06:27:54 -0500] "GET /sipse/imagenes/cargando.gif HTTP/1.1" 304 -
186.155.82.113 - - [30/Nov/2023:06:27:54 -0500] "GET /sipse/imagenes/logoAplicacion.jpg HTTP/1.1" 304 -
186.155.82.113 - - [30/Nov/2023:06:27:57 -0500] "GET /sipse/faces/javax.faces.resource/images/ui-bg_flat_0_2d5972_40x100.png?ln=primefaces-aristo HTTP/1.1" 304 -
186.155.82.113 - - [30/Nov/2023:06:27:57 -0500] "POST /sipse/faces/bienvenido.xhtml HTTP/1.1" 200 2658
186.155.82.113 - - [30/Nov/2023:06:27:58 -0500] "POST /sipse/faces/bienvenido.xhtml HTTP/1.1" 200 64189
186.155.82.113 - - [30/Nov/2023:06:27:58 -0500] "GET /sipse/faces/javax.faces.resource/theme.css?ln=primefaces-sipse HTTP/1.1" 304 -
186.155.82.113 - - [30/Nov/2023:06:27:58 -0500] "GET /sipse/faces/javax.faces.resource/primefaces.css?ln=primefaces&v=4.0 HTTP/1.1" 304 -
186.155.82.113 - - [30/Nov/2023:06:27:58 -0500] "GET /sipse/faces/javax.faces.resource/layout/layout.css?ln=primefaces&v=4.0 HTTP/1.1" 304 -
186.155.82.113 - - [30/Nov/2023:06:27:58 -0500] "GET /sipse/faces/javax.faces.resource/jquery/jquery.js?ln=primefaces&v=4.0 HTTP/1.1" 304 -
186.155.82.113 - - [30/Nov/2023:06:27:58 -0500] "GET /sipse/faces/javax.faces.resource/jquery/jquery-plugins.js?ln=primefaces&v=4.0 HTTP/1.1" 304 -
186.155.82.113 - - [30/Nov/2023:06:27:58 -0500] "GET /sipse/faces/javax.faces.resource/primefaces.js?ln=primefaces&v=4.0 HTTP/1.1" 304 -
186.155.82.113 - - [30/Nov/2023:06:27:58 -0500] "GET /sipse/faces/javax.faces.resource/layout/layout.js?ln=primefaces&v=4.0 HTTP/1.1" 304 -
186.155.82.113 - - [30/Nov/2023:06:27:59 -0500] "POST /sipse/faces/presentacion/financiero/solicitudProceso/listarSolicitudProceso.xhtml HTTP/1.1" 200 1564
186.155.82.113 - - [30/Nov/2023:06:28:01 -0500] "POST /sipse/faces/presentacion/financiero/solicitudProceso/listarSolicitudProceso.xhtml HTTP/1.1" 200 2849
186.155.82.113 - - [30/Nov/2023:06:28:03 -0500] "POST /sipse/faces/presentacion/financiero/solicitudProceso/listarSolicitudProceso.xhtml HTTP/1.1" 200 40860
186.155.82.113 - - [30/Nov/2023:06:28:03 -0500] "GET /sipse/faces/javax.faces.resource/theme.css?ln=primefaces-sipse HTTP/1.1" 304 -
186.155.82.113 - - [30/Nov/2023:06:28:03 -0500] "GET /sipse/faces/javax.faces.resource/primefaces.css?ln=primefaces&v=4.0 HTTP/1.1" 304 -
186.155.82.113 - - [30/Nov/2023:06:28:03 -0500] "GET /sipse/faces/javax.faces.resource/layout/layout.css?ln=primefaces&v=4.0 HTTP/1.1" 304 -
186.155.82.113 - - [30/Nov/2023:06:28:03 -0500] "GET /sipse/faces/javax.faces.resource/jquery/jquery.js?ln=primefaces&v=4.0 HTTP/1.1" 304 -
186.155.82.113 - - [30/Nov/2023:06:28:03 -0500] "GET /sipse/faces/javax.faces.resource/jquery/jquery-plugins.js?ln=primefaces&v=4.0 HTTP/1.1" 304 -
186.155.82.113 - - [30/Nov/2023:06:28:03 -0500] "GET /sipse/faces/javax.faces.resource/primefaces.js?ln=primefaces&v=4.0 HTTP/1.1" 304 -
186.155.82.113 - - [30/Nov/2023:06:28:03 -0500] "GET /sipse/faces/javax.faces.resource/layout/layout.js?ln=primefaces&v=4.0 HTTP/1.1" 304 -
186.155.82.113 - - [30/Nov/2023:06:28:03 -0500] "POST /sipse/faces/presentacion/financiero/solicitudProceso/consultar.xhtml HTTP/1.1" 200 34149
186.155.82.113 - - [30/Nov/2023:06:28:13 -0500] "POST /sipse/faces/presentacion/financiero/solicitudProceso/consultar.xhtml HTTP/1.1" 200 12810
186.155.82.113 - - [30/Nov/2023:06:28:20 -0500] "POST /sipse/faces/presentacion/financiero/solicitudProceso/consultar.xhtml HTTP/1.1" 200 65362
186.155.82.113 - - [30/Nov/2023:06:28:20 -0500] "GET /sipse/faces/javax.faces.resource/theme.css?ln=primefaces-sipse HTTP/1.1" 304 -
186.155.82.113 - - [30/Nov/2023:06:28:20 -0500] "GET /sipse/faces/javax.faces.resource/layout/layout.css?ln=primefaces&v=4.0 HTTP/1.1" 304 -
186.155.82.113 - - [30/Nov/2023:06:28:20 -0500] "GET /sipse/faces/javax.faces.resource/primefaces.css?ln=primefaces&v=4.0 HTTP/1.1" 304 -
186.155.82.113 - - [30/Nov/2023:06:28:20 -0500] "GET /sipse/faces/javax.faces.resource/jquery/jquery.js?ln=primefaces&v=4.0 HTTP/1.1" 304 -
186.155.82.113 - - [30/Nov/2023:06:28:20 -0500] "GET /sipse/faces/javax.faces.resource/jquery/jquery-plugins.js?ln=primefaces&v=4.0 HTTP/1.1" 304 -
186.155.82.113 - - [30/Nov/2023:06:28:20 -0500] "GET /sipse/faces/javax.faces.resource/primefaces.js?ln=primefaces&v=4.0 HTTP/1.1" 304 -
186.155.82.113 - - [30/Nov/2023:06:28:20 -0500] "GET /sipse/faces/javax.faces.resource/layout/layout.js?ln=primefaces&v=4.0 HTTP/1.1" 304 -
186.155.82.113 - - [30/Nov/2023:06:28:20 -0500] "POST /sipse/faces/presentacion/financiero/solicitudProceso/listarSolicitudProceso.xhtml HTTP/1.1" 200 58625
186.155.82.113 - - [30/Nov/2023:06:28:21 -0500] "POST /sipse/faces/presentacion/financiero/solicitudProceso/listarSolicitudProceso.xhtml HTTP/1.1" 200 58625
186.155.82.113 - - [30/Nov/2023:06:28:21 -0500] "POST /sipse/faces/presentacion/financiero/solicitudProceso/listarSolicitudProceso.xhtml HTTP/1.1" 200 1564
186.155.82.113 - - [30/Nov/2023:06:28:22 -0500] "POST /sipse/faces/presentacion/financiero/solicitudProceso/listarSolicitudProceso.xhtml HTTP/1.1" 200 1560
186.155.82.113 - - [30/Nov/2023:06:28:22 -0500] "POST /sipse/faces/presentacion/financiero/solicitudProceso/listarSolicitudProceso.xhtml HTTP/1.1" 200 1568
186.155.82.113 - - [30/Nov/2023:06:28:24 -0500] "POST /sipse/faces/presentacion/financiero/solicitudProceso/listarSolicitudProceso.xhtml HTTP/1.1" 200 60330
186.155.82.113 - - [30/Nov/2023:06:28:26 -0500] "GET /sipse/faces/javax.faces.resource/theme.css?ln=primefaces-sipse HTTP/1.1" 304 -
186.155.82.113 - - [30/Nov/2023:06:28:26 -0500] "GET /sipse/faces/javax.faces.resource/primefaces.css?ln=primefaces&v=4.0 HTTP/1.1" 304 -
186.155.82.113 - - [30/Nov/2023:06:28:26 -0500] "GET /sipse/faces/javax.faces.resource/layout/layout.css?ln=primefaces&v=4.0 HTTP/1.1" 304 -
186.155.82.113 - - [30/Nov/2023:06:28:26 -0500] "GET /sipse/faces/javax.faces.resource/jquery/jquery.js?ln=primefaces&v=4.0 HTTP/1.1" 304 -
186.155.82.113 - - [30/Nov/2023:06:28:26 -0500] "GET /sipse/faces/javax.faces.resource/jquery/jquery-plugins.js?ln=primefaces&v=4.0 HTTP/1.1" 304 -
186.155.82.113 - - [30/Nov/2023:06:28:26 -0500] "GET /sipse/faces/javax.faces.resource/primefaces.js?ln=primefaces&v=4.0 HTTP/1.1" 304 -
186.155.82.113 - - [30/Nov/2023:06:28:26 -0500] "GET /sipse/faces/javax.faces.resource/layout/layout.js?ln=primefaces&v=4.0 HTTP/1.1" 304 -
186.155.82.113 - - [30/Nov/2023:06:28:32 -0500] "POST /sipse/faces/presentacion/financiero/solicitudProceso/crearModificarSolicitudProceso.xhtml HTTP/1.1" 200 27314
157.55.39.202 - - [30/Nov/2023:06:28:35 -0500] "GET /portaldeninos/agua-y-estructura-ecologica-principal/ HTTP/1.1" 200 87488
201.245.192.253 - - [30/Nov/2023:06:28:37 -0500] "POST /forms/lservlet;jsessionid=ac16012b30d66bd79d5a81354b569b64ca0b03586396.e3iSbxaKaheRe3eRa38MahaQbi1ynknvrkLOlQzNp65In0 HTTP/1.1" 200 2
66.249.66.20 - - [30/Nov/2023:06:28:41 -0500] "GET /BLA/resoluciones/RESOLUCIONES%202010/7753.pdf HTTP/1.1" 200 543457
186.155.82.113 - - [30/Nov/2023:06:29:04 -0500] "POST /sipse/faces/presentacion/financiero/solicitudProceso/crearModificarSolicitudProceso.xhtml HTTP/1.1" 200 9404
186.155.82.113 - - [30/Nov/2023:06:29:45 -0500] "POST /sipse/faces/presentacion/financiero/solicitudProceso/crearModificarSolicitudProceso.xhtml HTTP/1.1" 200 24675
186.155.82.113 - - [30/Nov/2023:06:29:45 -0500] "GET /sipse/faces/javax.faces.resource/theme.css?ln=primefaces-sipse HTTP/1.1" 304 -
186.155.82.113 - - [30/Nov/2023:06:29:45 -0500] "GET /sipse/faces/javax.faces.resource/primefaces.css?ln=primefaces&v=4.0 HTTP/1.1" 304 -
186.155.82.113 - - [30/Nov/2023:06:29:45 -0500] "GET /sipse/faces/javax.faces.resource/jquery/jquery.js?ln=primefaces&v=4.0 HTTP/1.1" 304 -
186.155.82.113 - - [30/Nov/2023:06:29:45 -0500] "GET /sipse/faces/javax.faces.resource/layout/layout.css?ln=primefaces&v=4.0 HTTP/1.1" 304 -
186.155.82.113 - - [30/Nov/2023:06:29:45 -0500] "GET /sipse/faces/javax.faces.resource/jquery/jquery-plugins.js?ln=primefaces&v=4.0 HTTP/1.1" 304 -
186.155.82.113 - - [30/Nov/2023:06:29:45 -0500] "GET /sipse/faces/javax.faces.resource/primefaces.js?ln=primefaces&v=4.0 HTTP/1.1" 304 -
186.155.82.113 - - [30/Nov/2023:06:29:45 -0500] "GET /sipse/faces/javax.faces.resource/layout/layout.js?ln=primefaces&v=4.0 HTTP/1.1" 304 -
201.245.192.253 - - [30/Nov/2023:06:29:48 -0500] "POST /kwsrmcab/Wsrmcab HTTP/1.1" 200 41817
186.155.82.113 - - [30/Nov/2023:06:29:50 -0500] "POST /sipse/faces/presentacion/financiero/solicitudProyectoActividad/asociarProyectoSolicitud.xhtml HTTP/1.1" 200 6769
186.155.82.113 - - [30/Nov/2023:06:29:51 -0500] "POST /sipse/faces/presentacion/financiero/solicitudProyectoActividad/asociarProyectoSolicitud.xhtml HTTP/1.1" 200 1704
186.155.82.113 - - [30/Nov/2023:06:29:52 -0500] "POST /sipse/faces/presentacion/financiero/solicitudProyectoActividad/asociarProyectoSolicitud.xhtml HTTP/1.1" 200 77949
186.155.82.113 - - [30/Nov/2023:06:29:53 -0500] "GET /sipse/faces/javax.faces.resource/theme.css?ln=primefaces-sipse HTTP/1.1" 304 -
186.155.82.113 - - [30/Nov/2023:06:29:53 -0500] "GET /sipse/faces/javax.faces.resource/primefaces.css?ln=primefaces&v=4.0 HTTP/1.1" 304 -
186.155.82.113 - - [30/Nov/2023:06:29:53 -0500] "GET /sipse/faces/javax.faces.resource/layout/layout.css?ln=primefaces&v=4.0 HTTP/1.1" 304 -
186.155.82.113 - - [30/Nov/2023:06:29:53 -0500] "GET /sipse/faces/javax.faces.resource/jquery/jquery.js?ln=primefaces&v=4.0 HTTP/1.1" 304 -
186.155.82.113 - - [30/Nov/2023:06:29:53 -0500] "GET /sipse/faces/javax.faces.resource/jquery/jquery-plugins.js?ln=primefaces&v=4.0 HTTP/1.1" 304 -
186.155.82.113 - - [30/Nov/2023:06:29:53 -0500] "GET /sipse/faces/javax.faces.resource/primefaces.js?ln=primefaces&v=4.0 HTTP/1.1" 304 -
