190.27.57.161 - - [30/Nov/2023:01:28:31 -0500] "POST /sipse/faces/presentacion/financiero/solicitudProceso/listarSolicitudProceso.xhtml HTTP/1.1" 200 1560
190.27.57.161 - - [30/Nov/2023:01:28:32 -0500] "POST /sipse/faces/presentacion/financiero/solicitudProceso/listarSolicitudProceso.xhtml HTTP/1.1" 200 1568
190.27.57.161 - - [30/Nov/2023:01:28:32 -0500] "POST /sipse/faces/presentacion/financiero/solicitudProceso/listarSolicitudProceso.xhtml HTTP/1.1" 200 1560
190.27.57.161 - - [30/Nov/2023:01:28:32 -0500] "POST /sipse/faces/presentacion/financiero/solicitudProceso/listarSolicitudProceso.xhtml HTTP/1.1" 200 1568
190.27.57.161 - - [30/Nov/2023:01:28:32 -0500] "POST /sipse/faces/presentacion/financiero/solicitudProceso/listarSolicitudProceso.xhtml HTTP/1.1" 200 31715
190.27.57.161 - - [30/Nov/2023:01:28:32 -0500] "POST /sipse/faces/presentacion/financiero/solicitudProceso/listarSolicitudProceso.xhtml HTTP/1.1" 200 43739
172.22.2.4 - - [30/Nov/2023:01:26:53 -0500] "GET /BLA/boletinlegal/ HTTP/1.1" 200 60634
190.27.57.161 - - [30/Nov/2023:01:28:34 -0500] "POST /sipse/faces/presentacion/financiero/solicitudProceso/listarSolicitudProceso.xhtml HTTP/1.1" 200 31715
190.27.57.161 - - [30/Nov/2023:01:28:34 -0500] "POST /sipse/faces/presentacion/financiero/solicitudProceso/listarSolicitudProceso.xhtml HTTP/1.1" 200 43739
190.27.57.161 - - [30/Nov/2023:01:28:35 -0500] "POST /sipse/faces/presentacion/financiero/solicitudProceso/listarSolicitudProceso.xhtml HTTP/1.1" 200 31902
201.245.192.253 - - [30/Nov/2023:01:28:36 -0500] "POST /forms/lservlet;jsessionid=ac16012b30d66bd79d5a81354b569b64ca0b03586396.e3iSbxaKaheRe3eRa38MahaQbi1ynknvrkLOlQzNp65In0 HTTP/1.1" 200 2
190.27.57.161 - - [30/Nov/2023:01:29:39 -0500] "POST /sipse/faces/presentacion/financiero/solicitudProceso/listarSolicitudProceso.xhtml HTTP/1.1" 200 121810
190.27.57.161 - - [30/Nov/2023:01:29:40 -0500] "GET /sipse/faces/javax.faces.resource/theme.css?ln=primefaces-sipse HTTP/1.1" 304 -
190.27.57.161 - - [30/Nov/2023:01:29:40 -0500] "GET /sipse/faces/javax.faces.resource/layout/layout.css?ln=primefaces&v=4.0 HTTP/1.1" 304 -
190.27.57.161 - - [30/Nov/2023:01:29:40 -0500] "GET /sipse/faces/javax.faces.resource/primefaces.css?ln=primefaces&v=4.0 HTTP/1.1" 304 -
190.27.57.161 - - [30/Nov/2023:01:29:40 -0500] "GET /sipse/faces/javax.faces.resource/jquery/jquery.js?ln=primefaces&v=4.0 HTTP/1.1" 304 -
190.27.57.161 - - [30/Nov/2023:01:29:40 -0500] "GET /sipse/faces/javax.faces.resource/jquery/jquery-plugins.js?ln=primefaces&v=4.0 HTTP/1.1" 304 -
190.27.57.161 - - [30/Nov/2023:01:29:40 -0500] "GET /sipse/faces/javax.faces.resource/primefaces.js?ln=primefaces&v=4.0 HTTP/1.1" 304 -
190.27.57.161 - - [30/Nov/2023:01:29:40 -0500] "GET /sipse/faces/javax.faces.resource/layout/layout.js?ln=primefaces&v=4.0 HTTP/1.1" 304 -
190.27.57.161 - - [30/Nov/2023:01:29:40 -0500] "GET /sipse/css/imagen/contrasena.png HTTP/1.1" 404 383
190.27.57.161 - - [30/Nov/2023:01:29:41 -0500] "GET /sipse/faces/javax.faces.resource/dynamiccontent.properties?ln=primefaces&pfdrid=XjOR5%2F%2FfPAZAuY9TpWQeCiM0BhlXxYRBGKi%2FQcXXfeA%3D&pfdrid_c=false HTTP/1.1" 500 383
190.27.57.161 - - [30/Nov/2023:01:29:45 -0500] "POST /sipse/faces/presentacion/financiero/solicitudProceso/consultarSolicitudProceso.xhtml HTTP/1.1" 200 148546
201.245.192.253 - - [30/Nov/2023:01:29:48 -0500] "POST /kwsrmcab/Wsrmcab HTTP/1.1" 200 41804
190.27.57.161 - - [30/Nov/2023:01:30:35 -0500] "POST /sipse/faces/presentacion/financiero/solicitudProceso/consultarSolicitudProceso.xhtml HTTP/1.1" 200 2141681
201.245.192.253 - - [30/Nov/2023:01:30:36 -0500] "POST /forms/lservlet;jsessionid=ac16012b30d66bd79d5a81354b569b64ca0b03586396.e3iSbxaKaheRe3eRa38MahaQbi1ynknvrkLOlQzNp65In0 HTTP/1.1" 200 2
190.27.57.161 - - [30/Nov/2023:01:30:42 -0500] "POST /sipse/faces/presentacion/financiero/solicitudProceso/consultarSolicitudProceso.xhtml HTTP/1.1" 200 148981
190.27.57.161 - - [30/Nov/2023:01:30:52 -0500] "POST /sipse/faces/presentacion/financiero/solicitudProceso/consultarSolicitudProceso.xhtml HTTP/1.1" 200 1387807
190.27.57.161 - - [30/Nov/2023:01:31:05 -0500] "POST /sipse/faces/presentacion/financiero/solicitudProceso/consultarSolicitudProceso.xhtml HTTP/1.1" 200 5461
190.27.57.161 - - [30/Nov/2023:01:31:05 -0500] "GET /sipse/faces/javax.faces.resource/dynamiccontent.properties?ln=primefaces&pfdrid=XjOR5%2F%2FfPAZAuY9TpWQeCiM0BhlXxYRBGKi%2FQcXXfeA%3D&pfdrid_c=false HTTP/1.1" 200 117305
201.245.192.253 - - [30/Nov/2023:01:31:51 -0500] "POST /kwsrmcab/Wsrmcab  HTTP/1.1" 200 41956
216.245.221.92 - - [30/Nov/2023:01:32:26 -0500] "HEAD / HTTP/1.1" 200 -
201.245.192.253 - - [30/Nov/2023:01:32:36 -0500] "POST /forms/lservlet;jsessionid=ac16012b30d66bd79d5a81354b569b64ca0b03586396.e3iSbxaKaheRe3eRa38MahaQbi1ynknvrkLOlQzNp65In0 HTTP/1.1" 200 2
201.245.192.253 - - [30/Nov/2023:01:32:51 -0500] "POST /kwsrmcab/Wsrmcab HTTP/1.1" 200 36828
198.20.101.86 - - [30/Nov/2023:01:33:10 -0500] "\x16\x03\x01" 400 226
172.22.2.4 - - [30/Nov/2023:01:31:53 -0500] "HEAD /BLA/boletinlegal/ HTTP/1.1" 200 -
152.61.192.232 - - [30/Nov/2023:01:33:40 -0500] "GET / HTTP/1.1" 200 319
172.22.2.4 - - [30/Nov/2023:01:32:43 -0500] "GET /BLA/boletinlegal/ HTTP/1.1" 200 60634
201.245.192.253 - - [30/Nov/2023:01:34:36 -0500] "POST /forms/lservlet;jsessionid=ac16012b30d66bd79d5a81354b569b64ca0b03586396.e3iSbxaKaheRe3eRa38MahaQbi1ynknvrkLOlQzNp65In0 HTTP/1.1" 200 2
40.77.167.22 - - [30/Nov/2023:01:34:46 -0500] "GET /BLA/resoluciones/AUTOS%202018/0723.pdf HTTP/1.1" 304 -
190.27.57.161 - - [30/Nov/2023:01:36:16 -0500] "POST /sipse/faces/presentacion/financiero/solicitudProceso/consultarSolicitudProceso.xhtml HTTP/1.1" 200 62586
190.27.57.161 - - [30/Nov/2023:01:36:17 -0500] "GET /sipse/faces/javax.faces.resource/theme.css?ln=primefaces-sipse HTTP/1.1" 304 -
190.27.57.161 - - [30/Nov/2023:01:36:17 -0500] "GET /sipse/faces/javax.faces.resource/primefaces.css?ln=primefaces&v=4.0 HTTP/1.1" 304 -
190.27.57.161 - - [30/Nov/2023:01:36:17 -0500] "GET /sipse/faces/javax.faces.resource/layout/layout.css?ln=primefaces&v=4.0 HTTP/1.1" 304 -
190.27.57.161 - - [30/Nov/2023:01:36:17 -0500] "GET /sipse/faces/javax.faces.resource/jquery/jquery.js?ln=primefaces&v=4.0 HTTP/1.1" 304 -
190.27.57.161 - - [30/Nov/2023:01:36:18 -0500] "GET /sipse/faces/javax.faces.resource/jquery/jquery-plugins.js?ln=primefaces&v=4.0 HTTP/1.1" 304 -
190.27.57.161 - - [30/Nov/2023:01:36:18 -0500] "GET /sipse/faces/javax.faces.resource/primefaces.js?ln=primefaces&v=4.0 HTTP/1.1" 304 -
190.27.57.161 - - [30/Nov/2023:01:36:18 -0500] "GET /sipse/faces/javax.faces.resource/layout/layout.js?ln=primefaces&v=4.0 HTTP/1.1" 304 -
190.27.57.161 - - [30/Nov/2023:01:36:18 -0500] "GET /sipse/css/imagen/contrasena.png HTTP/1.1" 404 383
190.27.57.161 - - [30/Nov/2023:01:36:18 -0500] "GET /sipse/faces/javax.faces.resource/messages/messages.png?ln=primefaces&v=4.0 HTTP/1.1" 304 -
190.27.57.161 - - [30/Nov/2023:01:36:18 -0500] "POST /sipse/faces/presentacion/financiero/solicitudProceso/listarSolicitudProceso.xhtml HTTP/1.1" 200 1564
190.27.57.161 - - [30/Nov/2023:01:36:20 -0500] "POST /sipse/faces/presentacion/financiero/solicitudProceso/listarSolicitudProceso.xhtml HTTP/1.1" 200 31695
190.27.57.161 - - [30/Nov/2023:01:36:20 -0500] "POST /sipse/faces/presentacion/financiero/solicitudProceso/listarSolicitudProceso.xhtml HTTP/1.1" 200 43727
201.245.192.253 - - [30/Nov/2023:01:36:12 -0500] "POST /kwsrmcab/Wsrmcab HTTP/1.1" 200 41804
201.245.192.253 - - [30/Nov/2023:01:36:28 -0500] "POST /kwsrmcab/Wsrmcab HTTP/1.1" 200 36828
201.245.192.253 - - [30/Nov/2023:01:36:37 -0500] "POST /forms/lservlet;jsessionid=ac16012b30d66bd79d5a81354b569b64ca0b03586396.e3iSbxaKaheRe3eRa38MahaQbi1ynknvrkLOlQzNp65In0 HTTP/1.1" 200 2
201.245.192.253 - - [30/Nov/2023:01:36:50 -0500] "POST /kwsrmcab/Wsrmcab  HTTP/1.1" 200 41956
142.93.233.136 - - [30/Nov/2023:01:36:55 -0500] "GET / HTTP/1.1" 200 319
216.245.221.92 - - [30/Nov/2023:01:37:26 -0500] "HEAD / HTTP/1.1" 200 -
201.245.192.253 - - [30/Nov/2023:01:38:37 -0500] "POST /forms/lservlet;jsessionid=ac16012b30d66bd79d5a81354b569b64ca0b03586396.e3iSbxaKaheRe3eRa38MahaQbi1ynknvrkLOlQzNp65In0 HTTP/1.1" 200 2
157.55.39.49 - - [30/Nov/2023:01:39:14 -0500] "GET /distrito-declara-alerta-preventiva-en-el-suroccidente-de-la-ciudad-por-mala-calidad-del-aire.html HTTP/1.1" 200 1065
172.22.2.4 - - [30/Nov/2023:01:37:43 -0500] "HEAD /BLA/boletinlegal/ HTTP/1.1" 200 -
201.245.192.253 - - [30/Nov/2023:01:39:48 -0500] "POST /kwsrmcab/Wsrmcab HTTP/1.1" 200 41804
172.22.2.4 - - [30/Nov/2023:01:38:33 -0500] "GET /BLA/boletinlegal/ HTTP/1.1" 200 57881
201.245.192.253 - - [30/Nov/2023:01:40:36 -0500] "POST /forms/lservlet;jsessionid=ac16012b30d66bd79d5a81354b569b64ca0b03586396.e3iSbxaKaheRe3eRa38MahaQbi1ynknvrkLOlQzNp65In0 HTTP/1.1" 200 2
201.245.192.253 - - [30/Nov/2023:01:41:49 -0500] "POST /kwsrmcab/Wsrmcab  HTTP/1.1" 200 41956
216.245.221.92 - - [30/Nov/2023:01:42:26 -0500] "HEAD / HTTP/1.1" 200 -
201.245.192.253 - - [30/Nov/2023:01:42:36 -0500] "POST /forms/lservlet;jsessionid=ac16012b30d66bd79d5a81354b569b64ca0b03586396.e3iSbxaKaheRe3eRa38MahaQbi1ynknvrkLOlQzNp65In0 HTTP/1.1" 200 2
201.245.192.253 - - [30/Nov/2023:01:42:51 -0500] "POST /kwsrmcab/Wsrmcab HTTP/1.1" 200 36828
201.245.192.253 - - [30/Nov/2023:01:44:37 -0500] "POST /forms/lservlet;jsessionid=ac16012b30d66bd79d5a81354b569b64ca0b03586396.e3iSbxaKaheRe3eRa38MahaQbi1ynknvrkLOlQzNp65In0 HTTP/1.1" 200 2
190.27.57.161 - - [30/Nov/2023:01:45:01 -0500] "POST /sipse/faces/presentacion/financiero/solicitudProceso/listarSolicitudProceso.xhtml HTTP/1.1" 200 31707
190.27.57.161 - - [30/Nov/2023:01:45:01 -0500] "POST /sipse/faces/presentacion/financiero/solicitudProceso/listarSolicitudProceso.xhtml HTTP/1.1" 200 43727
190.27.57.161 - - [30/Nov/2023:01:45:02 -0500] "POST /sipse/faces/presentacion/financiero/solicitudProceso/listarSolicitudProceso.xhtml HTTP/1.1" 200 31897
172.22.2.4 - - [30/Nov/2023:01:43:33 -0500] "HEAD /BLA/boletinlegal/ HTTP/1.1" 200 -
66.249.66.20 - - [30/Nov/2023:01:45:57 -0500] "GET /Publicaciones/2023EE225772.pdf HTTP/1.1" 404 228
172.22.2.4 - - [30/Nov/2023:01:44:23 -0500] "GET /BLA/boletinlegal/ HTTP/1.1" 200 58294
190.27.57.161 - - [30/Nov/2023:01:46:12 -0500] "POST /sipse/faces/presentacion/financiero/solicitudProceso/listarSolicitudProceso.xhtml HTTP/1.1" 200 117178
190.27.57.161 - - [30/Nov/2023:01:46:13 -0500] "GET /sipse/faces/javax.faces.resource/theme.css?ln=primefaces-sipse HTTP/1.1" 304 -
190.27.57.161 - - [30/Nov/2023:01:46:13 -0500] "GET /sipse/faces/javax.faces.resource/primefaces.css?ln=primefaces&v=4.0 HTTP/1.1" 304 -
190.27.57.161 - - [30/Nov/2023:01:46:13 -0500] "GET /sipse/faces/javax.faces.resource/layout/layout.css?ln=primefaces&v=4.0 HTTP/1.1" 304 -
190.27.57.161 - - [30/Nov/2023:01:46:13 -0500] "GET /sipse/faces/javax.faces.resource/jquery/jquery.js?ln=primefaces&v=4.0 HTTP/1.1" 304 -
190.27.57.161 - - [30/Nov/2023:01:46:13 -0500] "GET /sipse/faces/javax.faces.resource/jquery/jquery-plugins.js?ln=primefaces&v=4.0 HTTP/1.1" 304 -
190.27.57.161 - - [30/Nov/2023:01:46:13 -0500] "GET /sipse/faces/javax.faces.resource/primefaces.js?ln=primefaces&v=4.0 HTTP/1.1" 304 -
190.27.57.161 - - [30/Nov/2023:01:46:13 -0500] "GET /sipse/faces/javax.faces.resource/layout/layout.js?ln=primefaces&v=4.0 HTTP/1.1" 304 -
190.27.57.161 - - [30/Nov/2023:01:46:13 -0500] "GET /sipse/css/imagen/contrasena.png HTTP/1.1" 404 383
190.27.57.161 - - [30/Nov/2023:01:46:13 -0500] "GET /sipse/faces/javax.faces.resource/dynamiccontent.properties?ln=primefaces&pfdrid=XjOR5%2F%2FfPAZAuY9TpWQeCiM0BhlXxYRBGKi%2FQcXXfeA%3D&pfdrid_c=false HTTP/1.1" 500 383
190.27.57.161 - - [30/Nov/2023:01:46:18 -0500] "POST /sipse/faces/presentacion/financiero/solicitudProceso/consultarSolicitudProceso.xhtml HTTP/1.1" 200 222079
201.245.192.253 - - [30/Nov/2023:01:46:37 -0500] "POST /forms/lservlet;jsessionid=ac16012b30d66bd79d5a81354b569b64ca0b03586396.e3iSbxaKaheRe3eRa38MahaQbi1ynknvrkLOlQzNp65In0 HTTP/1.1" 200 2
201.245.192.253 - - [30/Nov/2023:01:46:47 -0500] "POST /kwsrmcab/Wsrmcab  HTTP/1.1" 200 41956
190.27.57.161 - - [30/Nov/2023:01:47:03 -0500] "POST /sipse/faces/presentacion/financiero/solicitudProceso/consultarSolicitudProceso.xhtml HTTP/1.1" 200 2141686
190.27.57.161 - - [30/Nov/2023:01:47:11 -0500] "POST /sipse/faces/presentacion/financiero/solicitudProceso/consultarSolicitudProceso.xhtml HTTP/1.1" 200 3086321
190.27.57.161 - - [30/Nov/2023:01:47:22 -0500] "POST /sipse/faces/presentacion/financiero/solicitudProceso/consultarSolicitudProceso.xhtml HTTP/1.1" 200 5469
190.27.57.161 - - [30/Nov/2023:01:47:22 -0500] "GET /sipse/faces/javax.faces.resource/dynamiccontent.properties?ln=primefaces&pfdrid=XjOR5%2F%2FfPAZAuY9TpWQeCiM0BhlXxYRBGKi%2FQcXXfeA%3D&pfdrid_c=false HTTP/1.1" 200 117360
216.245.221.92 - - [30/Nov/2023:01:47:26 -0500] "HEAD / HTTP/1.1" 200 -
66.249.66.77 - - [30/Nov/2023:01:47:57 -0500] "GET /robots.txt HTTP/1.1" 404 1035
66.249.66.76 - - [30/Nov/2023:01:47:57 -0500] "GET /portaldeninos/2021/06/01/agroecologia-tips-para-germinar-semillas-en-casa/ HTTP/1.1" 200 105801
66.249.66.76 - - [30/Nov/2023:01:48:00 -0500] "GET /portaldeninos/wp-content/themes/betheme/assets/animations/animations.min.css?ver=20.9.6 HTTP/1.1" 200 58508
66.249.66.76 - - [30/Nov/2023:01:48:01 -0500] "GET /portaldeninos/wp-content/themes/betheme/style.css?ver=20.9.6 HTTP/1.1" 200 287
66.249.66.76 - - [30/Nov/2023:01:48:02 -0500] "GET /portaldeninos/wp-includes/js/jquery/jquery-migrate.min.js?ver=1.4.1 HTTP/1.1" 200 10056
66.249.66.75 - - [30/Nov/2023:01:48:03 -0500] "GET /portaldeninos/wp-includes/js/jquery/ui/mouse.min.js?ver=1.11.4 HTTP/1.1" 200 3148
66.249.66.76 - - [30/Nov/2023:01:48:04 -0500] "GET /portaldeninos/wp-includes/js/jquery/ui/accordion.min.js?ver=1.11.4 HTTP/1.1" 200 8584
66.249.66.77 - - [30/Nov/2023:01:48:05 -0500] "GET /portaldeninos/wp-content/themes/betheme/assets/animations/animations.min.js?ver=20.9.6 HTTP/1.1" 200 1896
201.245.192.253 - - [30/Nov/2023:01:48:37 -0500] "POST /forms/lservlet;jsessionid=ac16012b30d66bd79d5a81354b569b64ca0b03586396.e3iSbxaKaheRe3eRa38MahaQbi1ynknvrkLOlQzNp65In0 HTTP/1.1" 200 2
201.245.192.253 - - [30/Nov/2023:01:50:37 -0500] "POST /forms/lservlet;jsessionid=ac16012b30d66bd79d5a81354b569b64ca0b03586396.e3iSbxaKaheRe3eRa38MahaQbi1ynknvrkLOlQzNp65In0 HTTP/1.1" 200 2
172.22.2.4 - - [30/Nov/2023:01:49:23 -0500] "HEAD /BLA/boletinlegal/ HTTP/1.1" 200 -
52.167.144.171 - - [30/Nov/2023:01:51:05 -0500] "GET /BLA/resoluciones/AUTOS%202021/2470.pdf HTTP/1.1" 304 -
201.245.192.253 - - [30/Nov/2023:01:51:46 -0500] "POST /kwsrmcab/Wsrmcab  HTTP/1.1" 200 41956
172.22.2.4 - - [30/Nov/2023:01:50:13 -0500] "GET /BLA/boletinlegal/ HTTP/1.1" 200 58294
216.245.221.92 - - [30/Nov/2023:01:52:26 -0500] "HEAD / HTTP/1.1" 200 -
201.245.192.253 - - [30/Nov/2023:01:52:37 -0500] "POST /forms/lservlet;jsessionid=ac16012b30d66bd79d5a81354b569b64ca0b03586396.e3iSbxaKaheRe3eRa38MahaQbi1ynknvrkLOlQzNp65In0 HTTP/1.1" 200 2
67.21.36.5 - - [30/Nov/2023:01:52:46 -0500] "\x16\x03\x01\x01\x10\x01" 400 226
190.27.57.161 - - [30/Nov/2023:01:54:29 -0500] "POST /sipse/faces/presentacion/financiero/solicitudProceso/consultarSolicitudProceso.xhtml HTTP/1.1" 200 62586
190.27.57.161 - - [30/Nov/2023:01:54:31 -0500] "GET /sipse/faces/javax.faces.resource/theme.css?ln=primefaces-sipse HTTP/1.1" 304 -
190.27.57.161 - - [30/Nov/2023:01:54:31 -0500] "GET /sipse/faces/javax.faces.resource/layout/layout.css?ln=primefaces&v=4.0 HTTP/1.1" 304 -
190.27.57.161 - - [30/Nov/2023:01:54:31 -0500] "GET /sipse/faces/javax.faces.resource/primefaces.css?ln=primefaces&v=4.0 HTTP/1.1" 304 -
190.27.57.161 - - [30/Nov/2023:01:54:31 -0500] "GET /sipse/faces/javax.faces.resource/jquery/jquery.js?ln=primefaces&v=4.0 HTTP/1.1" 304 -
190.27.57.161 - - [30/Nov/2023:01:54:31 -0500] "GET /sipse/faces/javax.faces.resource/jquery/jquery-plugins.js?ln=primefaces&v=4.0 HTTP/1.1" 304 -
190.27.57.161 - - [30/Nov/2023:01:54:31 -0500] "GET /sipse/faces/javax.faces.resource/primefaces.js?ln=primefaces&v=4.0 HTTP/1.1" 304 -
190.27.57.161 - - [30/Nov/2023:01:54:31 -0500] "GET /sipse/faces/javax.faces.resource/layout/layout.js?ln=primefaces&v=4.0 HTTP/1.1" 304 -
190.27.57.161 - - [30/Nov/2023:01:54:31 -0500] "GET /sipse/css/imagen/contrasena.png HTTP/1.1" 404 383
190.27.57.161 - - [30/Nov/2023:01:54:31 -0500] "GET /sipse/faces/javax.faces.resource/messages/messages.png?ln=primefaces&v=4.0 HTTP/1.1" 304 -
190.27.57.161 - - [30/Nov/2023:01:54:31 -0500] "POST /sipse/faces/presentacion/financiero/solicitudProceso/listarSolicitudProceso.xhtml HTTP/1.1" 200 1564
201.245.192.253 - - [30/Nov/2023:01:54:37 -0500] "POST /forms/lservlet;jsessionid=ac16012b30d66bd79d5a81354b569b64ca0b03586396.e3iSbxaKaheRe3eRa38MahaQbi1ynknvrkLOlQzNp65In0 HTTP/1.1" 200 2
216.244.66.195 - - [30/Nov/2023:01:54:58 -0500] "GET /robots.txt HTTP/1.1" 404 1018
172.22.2.4 - - [30/Nov/2023:01:56:04 -0500] "GET /BLA/boletinlegal/consulta_actos.php?tipo=resoluciones&no=0667&usuario=&sector=&fecha=2022&resuelve= HTTP/1.1" 200 626
201.245.192.253 - - [30/Nov/2023:01:56:37 -0500] "POST /forms/lservlet;jsessionid=ac16012b30d66bd79d5a81354b569b64ca0b03586396.e3iSbxaKaheRe3eRa38MahaQbi1ynknvrkLOlQzNp65In0 HTTP/1.1" 200 2
201.245.192.253 - - [30/Nov/2023:01:56:45 -0500] "POST /kwsrmcab/Wsrmcab  HTTP/1.1" 200 41956
172.22.2.4 - - [30/Nov/2023:01:55:13 -0500] "HEAD /BLA/boletinlegal/ HTTP/1.1" 200 -
216.245.221.92 - - [30/Nov/2023:01:57:26 -0500] "HEAD / HTTP/1.1" 200 -
172.22.2.4 - - [30/Nov/2023:01:56:03 -0500] "GET /BLA/boletinlegal/ HTTP/1.1" 200 58644
201.245.192.253 - - [30/Nov/2023:01:58:37 -0500] "POST /forms/lservlet;jsessionid=ac16012b30d66bd79d5a81354b569b64ca0b03586396.e3iSbxaKaheRe3eRa38MahaQbi1ynknvrkLOlQzNp65In0 HTTP/1.1" 200 2
172.22.2.4 - - [30/Nov/2023:01:58:54 -0500] "GET /BLA/boletinlegal/ HTTP/1.1" 200 62729
201.245.192.253 - - [30/Nov/2023:02:00:37 -0500] "POST /forms/lservlet;jsessionid=ac16012b30d66bd79d5a81354b569b64ca0b03586396.e3iSbxaKaheRe3eRa38MahaQbi1ynknvrkLOlQzNp65In0 HTTP/1.1" 200 2
190.27.57.161 - - [30/Nov/2023:02:01:18 -0500] "POST /sipse/faces/presentacion/financiero/solicitudProceso/listarSolicitudProceso.xhtml HTTP/1.1" 200 31671
190.27.57.161 - - [30/Nov/2023:02:01:18 -0500] "POST /sipse/faces/presentacion/financiero/solicitudProceso/listarSolicitudProceso.xhtml HTTP/1.1" 200 43687
190.27.57.161 - - [30/Nov/2023:02:01:20 -0500] "POST /sipse/faces/presentacion/financiero/solicitudProceso/listarSolicitudProceso.xhtml HTTP/1.1" 200 31860
201.245.192.253 - - [30/Nov/2023:02:01:44 -0500] "POST /kwsrmcab/Wsrmcab  HTTP/1.1" 200 41956
216.245.221.92 - - [30/Nov/2023:02:02:26 -0500] "HEAD / HTTP/1.1" 200 -
201.245.192.253 - - [30/Nov/2023:02:02:37 -0500] "POST /forms/lservlet;jsessionid=ac16012b30d66bd79d5a81354b569b64ca0b03586396.e3iSbxaKaheRe3eRa38MahaQbi1ynknvrkLOlQzNp65In0 HTTP/1.1" 200 2
172.22.2.4 - - [30/Nov/2023:02:01:03 -0500] "HEAD /BLA/boletinlegal/ HTTP/1.1" 200 -
190.27.57.161 - - [30/Nov/2023:02:03:07 -0500] "POST /sipse/faces/presentacion/financiero/solicitudProceso/listarSolicitudProceso.xhtml HTTP/1.1" 200 121940
190.27.57.161 - - [30/Nov/2023:02:03:08 -0500] "GET /sipse/faces/javax.faces.resource/theme.css?ln=primefaces-sipse HTTP/1.1" 304 -
190.27.57.161 - - [30/Nov/2023:02:03:08 -0500] "GET /sipse/faces/javax.faces.resource/layout/layout.css?ln=primefaces&v=4.0 HTTP/1.1" 304 -
190.27.57.161 - - [30/Nov/2023:02:03:08 -0500] "GET /sipse/faces/javax.faces.resource/primefaces.css?ln=primefaces&v=4.0 HTTP/1.1" 304 -
190.27.57.161 - - [30/Nov/2023:02:03:08 -0500] "GET /sipse/faces/javax.faces.resource/jquery/jquery.js?ln=primefaces&v=4.0 HTTP/1.1" 304 -
190.27.57.161 - - [30/Nov/2023:02:03:08 -0500] "GET /sipse/faces/javax.faces.resource/jquery/jquery-plugins.js?ln=primefaces&v=4.0 HTTP/1.1" 304 -
190.27.57.161 - - [30/Nov/2023:02:03:08 -0500] "GET /sipse/faces/javax.faces.resource/primefaces.js?ln=primefaces&v=4.0 HTTP/1.1" 304 -
190.27.57.161 - - [30/Nov/2023:02:03:08 -0500] "GET /sipse/faces/javax.faces.resource/layout/layout.js?ln=primefaces&v=4.0 HTTP/1.1" 304 -
190.27.57.161 - - [30/Nov/2023:02:03:08 -0500] "GET /sipse/css/imagen/contrasena.png HTTP/1.1" 404 383
190.27.57.161 - - [30/Nov/2023:02:03:08 -0500] "GET /sipse/faces/javax.faces.resource/dynamiccontent.properties?ln=primefaces&pfdrid=XjOR5%2F%2FfPAZAuY9TpWQeCiM0BhlXxYRBGKi%2FQcXXfeA%3D&pfdrid_c=false HTTP/1.1" 500 383
190.27.57.161 - - [30/Nov/2023:02:03:17 -0500] "POST /sipse/faces/presentacion/financiero/solicitudProceso/consultarSolicitudProceso.xhtml HTTP/1.1" 200 218434
172.22.2.4 - - [30/Nov/2023:02:01:53 -0500] "GET /BLA/boletinlegal/ HTTP/1.1" 200 58644
190.27.57.161 - - [30/Nov/2023:02:03:41 -0500] "POST /sipse/faces/presentacion/financiero/solicitudProceso/consultarSolicitudProceso.xhtml HTTP/1.1" 200 2141689
190.27.57.161 - - [30/Nov/2023:02:03:51 -0500] "POST /sipse/faces/presentacion/financiero/solicitudProceso/consultarSolicitudProceso.xhtml HTTP/1.1" 200 1068501
190.27.57.161 - - [30/Nov/2023:02:04:01 -0500] "POST /sipse/faces/presentacion/financiero/solicitudProceso/consultarSolicitudProceso.xhtml HTTP/1.1" 200 5469
190.27.57.161 - - [30/Nov/2023:02:04:01 -0500] "GET /sipse/faces/javax.faces.resource/dynamiccontent.properties?ln=primefaces&pfdrid=XjOR5%2F%2FfPAZAuY9TpWQeCiM0BhlXxYRBGKi%2FQcXXfeA%3D&pfdrid_c=false HTTP/1.1" 200 117365
201.245.192.253 - - [30/Nov/2023:02:04:37 -0500] "POST /forms/lservlet;jsessionid=ac16012b30d66bd79d5a81354b569b64ca0b03586396.e3iSbxaKaheRe3eRa38MahaQbi1ynknvrkLOlQzNp65In0 HTTP/1.1" 200 2
201.245.192.253 - - [30/Nov/2023:02:06:37 -0500] "POST /forms/lservlet;jsessionid=ac16012b30d66bd79d5a81354b569b64ca0b03586396.e3iSbxaKaheRe3eRa38MahaQbi1ynknvrkLOlQzNp65In0 HTTP/1.1" 200 2
201.245.192.253 - - [30/Nov/2023:02:06:43 -0500] "POST /kwsrmcab/Wsrmcab  HTTP/1.1" 200 41956
54.185.202.91 - - [30/Nov/2023:02:06:59 -0500] "GET /galeria/galeria/fotos/Humedal-Tibanica3P.jpg HTTP/1.1" 200 28016
216.245.221.92 - - [30/Nov/2023:02:07:26 -0500] "HEAD / HTTP/1.1" 200 -
172.22.2.4 - - [30/Nov/2023:02:06:53 -0500] "HEAD /BLA/boletinlegal/ HTTP/1.1" 200 -
201.245.192.253 - - [30/Nov/2023:02:08:37 -0500] "POST /forms/lservlet;jsessionid=ac16012b30d66bd79d5a81354b569b64ca0b03586396.e3iSbxaKaheRe3eRa38MahaQbi1ynknvrkLOlQzNp65In0 HTTP/1.1" 200 2
172.22.2.4 - - [30/Nov/2023:02:07:43 -0500] "GET /BLA/boletinlegal/ HTTP/1.1" 200 58294
201.245.192.253 - - [30/Nov/2023:02:10:37 -0500] "POST /forms/lservlet;jsessionid=ac16012b30d66bd79d5a81354b569b64ca0b03586396.e3iSbxaKaheRe3eRa38MahaQbi1ynknvrkLOlQzNp65In0 HTTP/1.1" 200 2
201.245.192.253 - - [30/Nov/2023:02:11:41 -0500] "POST /kwsrmcab/Wsrmcab  HTTP/1.1" 200 41956
152.61.128.50 - - [30/Nov/2023:02:12:01 -0500] "GET / HTTP/1.1" 200 319
200.118.61.63 - - [30/Nov/2023:02:12:02 -0500] "GET /BLA/resoluciones/index.php?dir=AUTOS+2015%2F HTTP/1.1" 200 584657
200.118.61.63 - - [30/Nov/2023:02:12:11 -0500] "GET /BLA/resoluciones/index.php?dir=AUTOS+2014%2F HTTP/1.1" 200 891177
216.245.221.92 - - [30/Nov/2023:02:12:26 -0500] "HEAD / HTTP/1.1" 200 -
201.245.192.253 - - [30/Nov/2023:02:12:37 -0500] "POST /forms/lservlet;jsessionid=ac16012b30d66bd79d5a81354b569b64ca0b03586396.e3iSbxaKaheRe3eRa38MahaQbi1ynknvrkLOlQzNp65In0 HTTP/1.1" 200 2
172.22.2.4 - - [30/Nov/2023:02:12:43 -0500] "HEAD /BLA/boletinlegal/ HTTP/1.1" 200 -
201.245.192.253 - - [30/Nov/2023:02:14:37 -0500] "POST /forms/lservlet;jsessionid=ac16012b30d66bd79d5a81354b569b64ca0b03586396.e3iSbxaKaheRe3eRa38MahaQbi1ynknvrkLOlQzNp65In0 HTTP/1.1" 200 2
190.27.57.161 - - [30/Nov/2023:02:15:04 -0500] "POST /sipse/faces/presentacion/financiero/solicitudProceso/consultarSolicitudProceso.xhtml HTTP/1.1" 200 62144
190.27.57.161 - - [30/Nov/2023:02:15:04 -0500] "GET /sipse/faces/javax.faces.resource/theme.css?ln=primefaces-sipse HTTP/1.1" 304 -
190.27.57.161 - - [30/Nov/2023:02:15:04 -0500] "GET /sipse/faces/javax.faces.resource/primefaces.css?ln=primefaces&v=4.0 HTTP/1.1" 304 -
190.27.57.161 - - [30/Nov/2023:02:15:04 -0500] "GET /sipse/faces/javax.faces.resource/layout/layout.css?ln=primefaces&v=4.0 HTTP/1.1" 304 -
190.27.57.161 - - [30/Nov/2023:02:15:04 -0500] "GET /sipse/faces/javax.faces.resource/jquery/jquery.js?ln=primefaces&v=4.0 HTTP/1.1" 304 -
190.27.57.161 - - [30/Nov/2023:02:15:04 -0500] "GET /sipse/faces/javax.faces.resource/jquery/jquery-plugins.js?ln=primefaces&v=4.0 HTTP/1.1" 304 -
190.27.57.161 - - [30/Nov/2023:02:15:04 -0500] "GET /sipse/faces/javax.faces.resource/primefaces.js?ln=primefaces&v=4.0 HTTP/1.1" 304 -
190.27.57.161 - - [30/Nov/2023:02:15:04 -0500] "GET /sipse/faces/javax.faces.resource/layout/layout.js?ln=primefaces&v=4.0 HTTP/1.1" 304 -
190.27.57.161 - - [30/Nov/2023:02:15:04 -0500] "GET /sipse/css/imagen/contrasena.png HTTP/1.1" 404 383
190.27.57.161 - - [30/Nov/2023:02:15:04 -0500] "POST /sipse/faces/presentacion/financiero/solicitudProceso/listarSolicitudProceso.xhtml HTTP/1.1" 200 55415
190.27.57.161 - - [30/Nov/2023:02:15:05 -0500] "POST /sipse/faces/presentacion/financiero/solicitudProceso/listarSolicitudProceso.xhtml HTTP/1.1" 200 55415
190.27.57.161 - - [30/Nov/2023:02:15:05 -0500] "POST /sipse/faces/presentacion/financiero/solicitudProceso/listarSolicitudProceso.xhtml HTTP/1.1" 200 55415
190.27.57.161 - - [30/Nov/2023:02:15:05 -0500] "POST /sipse/faces/presentacion/financiero/solicitudProceso/listarSolicitudProceso.xhtml HTTP/1.1" 200 55415
190.27.57.161 - - [30/Nov/2023:02:15:06 -0500] "POST /sipse/faces/presentacion/financiero/solicitudProceso/listarSolicitudProceso.xhtml HTTP/1.1" 200 55415
190.27.57.161 - - [30/Nov/2023:02:15:06 -0500] "POST /sipse/faces/presentacion/financiero/solicitudProceso/listarSolicitudProceso.xhtml HTTP/1.1" 200 55415
190.27.57.161 - - [30/Nov/2023:02:15:06 -0500] "POST /sipse/faces/presentacion/financiero/solicitudProceso/listarSolicitudProceso.xhtml HTTP/1.1" 200 55415
190.27.57.161 - - [30/Nov/2023:02:15:07 -0500] "POST /sipse/faces/presentacion/financiero/solicitudProceso/listarSolicitudProceso.xhtml HTTP/1.1" 200 55415
190.27.57.161 - - [30/Nov/2023:02:15:07 -0500] "POST /sipse/faces/presentacion/financiero/solicitudProceso/listarSolicitudProceso.xhtml HTTP/1.1" 200 55415
190.27.57.161 - - [30/Nov/2023:02:15:07 -0500] "POST /sipse/faces/presentacion/financiero/solicitudProceso/listarSolicitudProceso.xhtml HTTP/1.1" 200 55415
190.27.57.161 - - [30/Nov/2023:02:15:07 -0500] "POST /sipse/faces/presentacion/financiero/solicitudProceso/listarSolicitudProceso.xhtml HTTP/1.1" 200 55415
190.27.57.161 - - [30/Nov/2023:02:15:08 -0500] "POST /sipse/faces/presentacion/financiero/solicitudProceso/listarSolicitudProceso.xhtml HTTP/1.1" 200 55415
190.27.57.161 - - [30/Nov/2023:02:15:08 -0500] "POST /sipse/faces/presentacion/financiero/solicitudProceso/listarSolicitudProceso.xhtml HTTP/1.1" 200 55415
190.27.57.161 - - [30/Nov/2023:02:15:08 -0500] "POST /sipse/faces/presentacion/financiero/solicitudProceso/listarSolicitudProceso.xhtml HTTP/1.1" 200 55415
190.27.57.161 - - [30/Nov/2023:02:15:09 -0500] "POST /sipse/faces/presentacion/financiero/solicitudProceso/listarSolicitudProceso.xhtml HTTP/1.1" 200 55415
190.27.57.161 - - [30/Nov/2023:02:15:09 -0500] "POST /sipse/faces/presentacion/financiero/solicitudProceso/listarSolicitudProceso.xhtml HTTP/1.1" 200 55415
190.27.57.161 - - [30/Nov/2023:02:15:09 -0500] "POST /sipse/faces/presentacion/financiero/solicitudProceso/listarSolicitudProceso.xhtml HTTP/1.1" 200 55415
190.27.57.161 - - [30/Nov/2023:02:15:09 -0500] "POST /sipse/faces/presentacion/financiero/solicitudProceso/listarSolicitudProceso.xhtml HTTP/1.1" 200 55415
190.27.57.161 - - [30/Nov/2023:02:15:10 -0500] "POST /sipse/faces/presentacion/financiero/solicitudProceso/listarSolicitudProceso.xhtml HTTP/1.1" 200 55415
190.27.57.161 - - [30/Nov/2023:02:15:10 -0500] "POST /sipse/faces/presentacion/financiero/solicitudProceso/listarSolicitudProceso.xhtml HTTP/1.1" 200 55415
190.27.57.161 - - [30/Nov/2023:02:15:10 -0500] "POST /sipse/faces/presentacion/financiero/solicitudProceso/listarSolicitudProceso.xhtml HTTP/1.1" 200 55415
190.27.57.161 - - [30/Nov/2023:02:15:11 -0500] "POST /sipse/faces/presentacion/financiero/solicitudProceso/listarSolicitudProceso.xhtml HTTP/1.1" 200 55415
190.27.57.161 - - [30/Nov/2023:02:15:11 -0500] "POST /sipse/faces/presentacion/financiero/solicitudProceso/listarSolicitudProceso.xhtml HTTP/1.1" 200 55415
190.27.57.161 - - [30/Nov/2023:02:15:11 -0500] "POST /sipse/faces/presentacion/financiero/solicitudProceso/listarSolicitudProceso.xhtml HTTP/1.1" 200 55415
190.27.57.161 - - [30/Nov/2023:02:15:11 -0500] "POST /sipse/faces/presentacion/financiero/solicitudProceso/listarSolicitudProceso.xhtml HTTP/1.1" 200 55415
190.27.57.161 - - [30/Nov/2023:02:15:12 -0500] "POST /sipse/faces/presentacion/financiero/solicitudProceso/listarSolicitudProceso.xhtml HTTP/1.1" 200 55415
190.27.57.161 - - [30/Nov/2023:02:15:12 -0500] "POST /sipse/faces/presentacion/financiero/solicitudProceso/listarSolicitudProceso.xhtml HTTP/1.1" 200 55415
190.27.57.161 - - [30/Nov/2023:02:15:12 -0500] "POST /sipse/faces/presentacion/financiero/solicitudProceso/listarSolicitudProceso.xhtml HTTP/1.1" 200 55415
190.27.57.161 - - [30/Nov/2023:02:15:13 -0500] "POST /sipse/faces/presentacion/financiero/solicitudProceso/listarSolicitudProceso.xhtml HTTP/1.1" 200 1564
190.27.57.161 - - [30/Nov/2023:02:15:13 -0500] "POST /sipse/faces/presentacion/financiero/solicitudProceso/listarSolicitudProceso.xhtml HTTP/1.1" 200 1560
190.27.57.161 - - [30/Nov/2023:02:15:13 -0500] "POST /sipse/faces/presentacion/financiero/solicitudProceso/listarSolicitudProceso.xhtml HTTP/1.1" 200 1568
190.27.57.161 - - [30/Nov/2023:02:15:13 -0500] "POST /sipse/faces/presentacion/financiero/solicitudProceso/listarSolicitudProceso.xhtml HTTP/1.1" 200 1560
190.27.57.161 - - [30/Nov/2023:02:15:13 -0500] "POST /sipse/faces/presentacion/financiero/solicitudProceso/listarSolicitudProceso.xhtml HTTP/1.1" 200 1568
172.22.2.4 - - [30/Nov/2023:02:13:33 -0500] "GET /BLA/boletinlegal/ HTTP/1.1" 200 58644
190.27.57.161 - - [30/Nov/2023:02:15:13 -0500] "POST /sipse/faces/presentacion/financiero/solicitudProceso/listarSolicitudProceso.xhtml HTTP/1.1" 200 1560
190.27.57.161 - - [30/Nov/2023:02:15:14 -0500] "POST /sipse/faces/presentacion/financiero/solicitudProceso/listarSolicitudProceso.xhtml HTTP/1.1" 200 1568
190.27.57.161 - - [30/Nov/2023:02:15:14 -0500] "POST /sipse/faces/presentacion/financiero/solicitudProceso/listarSolicitudProceso.xhtml HTTP/1.1" 200 1560
190.27.57.161 - - [30/Nov/2023:02:15:14 -0500] "POST /sipse/faces/presentacion/financiero/solicitudProceso/listarSolicitudProceso.xhtml HTTP/1.1" 200 1568
190.27.57.161 - - [30/Nov/2023:02:15:14 -0500] "POST /sipse/faces/presentacion/financiero/solicitudProceso/listarSolicitudProceso.xhtml HTTP/1.1" 200 1560
190.27.57.161 - - [30/Nov/2023:02:15:14 -0500] "POST /sipse/faces/presentacion/financiero/solicitudProceso/listarSolicitudProceso.xhtml HTTP/1.1" 200 1568
190.27.57.161 - - [30/Nov/2023:02:15:14 -0500] "POST /sipse/faces/presentacion/financiero/solicitudProceso/listarSolicitudProceso.xhtml HTTP/1.1" 200 1560
190.27.57.161 - - [30/Nov/2023:02:15:14 -0500] "POST /sipse/faces/presentacion/financiero/solicitudProceso/listarSolicitudProceso.xhtml HTTP/1.1" 200 1568
190.27.57.161 - - [30/Nov/2023:02:15:14 -0500] "POST /sipse/faces/presentacion/financiero/solicitudProceso/listarSolicitudProceso.xhtml HTTP/1.1" 200 1560
190.27.57.161 - - [30/Nov/2023:02:15:15 -0500] "POST /sipse/faces/presentacion/financiero/solicitudProceso/listarSolicitudProceso.xhtml HTTP/1.1" 200 1568
190.27.57.161 - - [30/Nov/2023:02:15:15 -0500] "POST /sipse/faces/presentacion/financiero/solicitudProceso/listarSolicitudProceso.xhtml HTTP/1.1" 200 1560
190.27.57.161 - - [30/Nov/2023:02:15:15 -0500] "POST /sipse/faces/presentacion/financiero/solicitudProceso/listarSolicitudProceso.xhtml HTTP/1.1" 200 1568
190.27.57.161 - - [30/Nov/2023:02:15:15 -0500] "POST /sipse/faces/presentacion/financiero/solicitudProceso/listarSolicitudProceso.xhtml HTTP/1.1" 200 1560
190.27.57.161 - - [30/Nov/2023:02:15:15 -0500] "POST /sipse/faces/presentacion/financiero/solicitudProceso/listarSolicitudProceso.xhtml HTTP/1.1" 200 1568
190.27.57.161 - - [30/Nov/2023:02:15:15 -0500] "POST /sipse/faces/presentacion/financiero/solicitudProceso/listarSolicitudProceso.xhtml HTTP/1.1" 200 1560
190.27.57.161 - - [30/Nov/2023:02:15:16 -0500] "POST /sipse/faces/presentacion/financiero/solicitudProceso/listarSolicitudProceso.xhtml HTTP/1.1" 200 1568
190.27.57.161 - - [30/Nov/2023:02:15:16 -0500] "POST /sipse/faces/presentacion/financiero/solicitudProceso/listarSolicitudProceso.xhtml HTTP/1.1" 200 1560
190.27.57.161 - - [30/Nov/2023:02:15:16 -0500] "POST /sipse/faces/presentacion/financiero/solicitudProceso/listarSolicitudProceso.xhtml HTTP/1.1" 200 1568
190.27.57.161 - - [30/Nov/2023:02:15:16 -0500] "POST /sipse/faces/presentacion/financiero/solicitudProceso/listarSolicitudProceso.xhtml HTTP/1.1" 200 1560
190.27.57.161 - - [30/Nov/2023:02:15:16 -0500] "POST /sipse/faces/presentacion/financiero/solicitudProceso/listarSolicitudProceso.xhtml HTTP/1.1" 200 1568
190.27.57.161 - - [30/Nov/2023:02:15:16 -0500] "POST /sipse/faces/presentacion/financiero/solicitudProceso/listarSolicitudProceso.xhtml HTTP/1.1" 200 1560
190.27.57.161 - - [30/Nov/2023:02:15:16 -0500] "POST /sipse/faces/presentacion/financiero/solicitudProceso/listarSolicitudProceso.xhtml HTTP/1.1" 200 1572
190.27.57.161 - - [30/Nov/2023:02:15:17 -0500] "POST /sipse/faces/presentacion/financiero/solicitudProceso/listarSolicitudProceso.xhtml HTTP/1.1" 200 1560
190.27.57.161 - - [30/Nov/2023:02:15:17 -0500] "POST /sipse/faces/presentacion/financiero/solicitudProceso/listarSolicitudProceso.xhtml HTTP/1.1" 200 1568
190.27.57.161 - - [30/Nov/2023:02:15:19 -0500] "POST /sipse/faces/presentacion/financiero/solicitudProceso/listarSolicitudProceso.xhtml HTTP/1.1" 200 31628
201.245.192.253 - - [30/Nov/2023:02:16:12 -0500] "POST /kwsrmcab/Wsrmcab HTTP/1.1" 200 41788
201.245.192.253 - - [30/Nov/2023:02:16:15 -0500] "POST /kwsrmcab/Wsrmcab HTTP/1.1" 200 36815
201.245.192.253 - - [30/Nov/2023:02:16:37 -0500] "POST /forms/lservlet;jsessionid=ac16012b30d66bd79d5a81354b569b64ca0b03586396.e3iSbxaKaheRe3eRa38MahaQbi1ynknvrkLOlQzNp65In0 HTTP/1.1" 200 2
201.245.192.253 - - [30/Nov/2023:02:16:39 -0500] "POST /kwsrmcab/Wsrmcab  HTTP/1.1" 200 41956
190.27.57.161 - - [30/Nov/2023:02:16:58 -0500] "POST /sipse/faces/presentacion/financiero/solicitudProceso/listarSolicitudProceso.xhtml HTTP/1.1" 200 4893
216.245.221.92 - - [30/Nov/2023:02:17:26 -0500] "HEAD / HTTP/1.1" 200 -
190.27.57.161 - - [30/Nov/2023:02:17:53 -0500] "GET /sipse/faces/index.xhtml HTTP/1.1" 200 677
190.27.57.161 - - [30/Nov/2023:02:17:53 -0500] "GET /sipse/faces/javax.faces.resource/theme.css?ln=primefaces-sipse HTTP/1.1" 304 -
190.27.57.161 - - [30/Nov/2023:02:17:54 -0500] "GET /sipse/faces/faces/autenticacion.xhtml HTTP/1.1" 200 12423
190.27.57.161 - - [30/Nov/2023:02:17:54 -0500] "GET /sipse/css/custom_css_sg_prime_login.css HTTP/1.1" 304 -
190.27.57.161 - - [30/Nov/2023:02:17:54 -0500] "GET /sipse/faces/javax.faces.resource/primefaces.css?ln=primefaces&v=4.0 HTTP/1.1" 304 -
190.27.57.161 - - [30/Nov/2023:02:17:54 -0500] "GET /sipse/faces/javax.faces.resource/layout/layout.css?ln=primefaces&v=4.0 HTTP/1.1" 304 -
190.27.57.161 - - [30/Nov/2023:02:17:54 -0500] "GET /sipse/faces/javax.faces.resource/theme.css?ln=primefaces-sipse HTTP/1.1" 304 -
190.27.57.161 - - [30/Nov/2023:02:17:54 -0500] "GET /sipse/faces/javax.faces.resource/jquery/jquery-plugins.js?ln=primefaces&v=4.0 HTTP/1.1" 304 -
190.27.57.161 - - [30/Nov/2023:02:17:54 -0500] "GET /sipse/faces/javax.faces.resource/jquery/jquery.js?ln=primefaces&v=4.0 HTTP/1.1" 304 -
190.27.57.161 - - [30/Nov/2023:02:17:54 -0500] "GET /sipse/faces/javax.faces.resource/primefaces.js?ln=primefaces&v=4.0 HTTP/1.1" 304 -
190.27.57.161 - - [30/Nov/2023:02:17:54 -0500] "GET /sipse/faces/javax.faces.resource/layout/layout.js?ln=primefaces&v=4.0 HTTP/1.1" 304 -
190.27.57.161 - - [30/Nov/2023:02:17:54 -0500] "GET /sipse/faces/javax.faces.resource/images/ui-icons_898989_256x240.png?ln=primefaces-aristo HTTP/1.1" 304 -
190.27.57.161 - - [30/Nov/2023:02:18:00 -0500] "POST /sipse/faces/autenticacion.xhtml HTTP/1.1" 200 16324
190.27.57.161 - - [30/Nov/2023:02:18:00 -0500] "GET /sipse/faces/javax.faces.resource/theme.css?ln=primefaces-sipse HTTP/1.1" 304 -
190.27.57.161 - - [30/Nov/2023:02:18:00 -0500] "GET /sipse/faces/javax.faces.resource/primefaces.css?ln=primefaces&v=4.0 HTTP/1.1" 304 -
190.27.57.161 - - [30/Nov/2023:02:18:00 -0500] "GET /sipse/faces/javax.faces.resource/layout/layout.css?ln=primefaces&v=4.0 HTTP/1.1" 304 -
190.27.57.161 - - [30/Nov/2023:02:18:00 -0500] "GET /sipse/faces/javax.faces.resource/jquery/jquery.js?ln=primefaces&v=4.0 HTTP/1.1" 304 -
190.27.57.161 - - [30/Nov/2023:02:18:00 -0500] "GET /sipse/faces/javax.faces.resource/jquery/jquery-plugins.js?ln=primefaces&v=4.0 HTTP/1.1" 304 -
190.27.57.161 - - [30/Nov/2023:02:18:00 -0500] "GET /sipse/faces/javax.faces.resource/primefaces.js?ln=primefaces&v=4.0 HTTP/1.1" 304 -
190.27.57.161 - - [30/Nov/2023:02:18:00 -0500] "GET /sipse/faces/javax.faces.resource/layout/layout.js?ln=primefaces&v=4.0 HTTP/1.1" 304 -
190.27.57.161 - - [30/Nov/2023:02:18:00 -0500] "GET /sipse/imagenes/cargando.gif HTTP/1.1" 304 -
190.27.57.161 - - [30/Nov/2023:02:18:00 -0500] "GET /sipse/imagenes/logoAplicacion.jpg HTTP/1.1" 304 -
190.27.57.161 - - [30/Nov/2023:02:18:00 -0500] "GET /sipse/css/v_mergente.css HTTP/1.1" 304 -
190.27.57.161 - - [30/Nov/2023:02:18:00 -0500] "GET /sipse/css/imagen/contrasena.png HTTP/1.1" 404 383
190.27.57.161 - - [30/Nov/2023:02:18:00 -0500] "GET /sipse/faces/javax.faces.resource/messages/messages.png?ln=primefaces&v=4.0 HTTP/1.1" 304 -
201.245.192.253 - - [30/Nov/2023:02:18:37 -0500] "POST /forms/lservlet;jsessionid=ac16012b30d66bd79d5a81354b569b64ca0b03586396.e3iSbxaKaheRe3eRa38MahaQbi1ynknvrkLOlQzNp65In0 HTTP/1.1" 200 2
216.244.66.195 - - [30/Nov/2023:02:19:25 -0500] "GET /BLA/resoluciones/AUTOS%202015/0728.pdf HTTP/1.1" 200 464878
201.245.192.253 - - [30/Nov/2023:02:19:48 -0500] "POST /kwsrmcab/Wsrmcab HTTP/1.1" 200 41788
172.22.2.4 - - [30/Nov/2023:02:18:33 -0500] "HEAD /BLA/boletinlegal/ HTTP/1.1" 200 -
216.244.66.195 - - [30/Nov/2023:02:20:19 -0500] "GET /BLA/resoluciones/AUTOS%202015/1162.pdf HTTP/1.1" 200 204661
201.245.192.253 - - [30/Nov/2023:02:20:37 -0500] "POST /forms/lservlet;jsessionid=ac16012b30d66bd79d5a81354b569b64ca0b03586396.e3iSbxaKaheRe3eRa38MahaQbi1ynknvrkLOlQzNp65In0 HTTP/1.1" 200 2
216.244.66.195 - - [30/Nov/2023:02:20:56 -0500] "GET /BLA/resoluciones/AUTOS%202015/1370.pdf HTTP/1.1" 200 223192
172.22.2.4 - - [30/Nov/2023:02:19:23 -0500] "GET /BLA/boletinlegal/ HTTP/1.1" 200 52827
216.244.66.195 - - [30/Nov/2023:02:21:38 -0500] "GET /BLA/resoluciones/AUTOS%202015/1814.pdf HTTP/1.1" 200 501184
201.245.192.253 - - [30/Nov/2023:02:21:38 -0500] "POST /kwsrmcab/Wsrmcab  HTTP/1.1" 200 41956
216.245.221.92 - - [30/Nov/2023:02:22:26 -0500] "HEAD / HTTP/1.1" 200 -
216.244.66.195 - - [30/Nov/2023:02:22:29 -0500] "GET /BLA/resoluciones/AUTOS%202015/3042.pdf HTTP/1.1" 200 497037
201.245.192.253 - - [30/Nov/2023:02:22:37 -0500] "POST /forms/lservlet;jsessionid=ac16012b30d66bd79d5a81354b569b64ca0b03586396.e3iSbxaKaheRe3eRa38MahaQbi1ynknvrkLOlQzNp65In0 HTTP/1.1" 200 2
201.245.192.253 - - [30/Nov/2023:02:22:51 -0500] "POST /kwsrmcab/Wsrmcab HTTP/1.1" 200 36815
216.244.66.195 - - [30/Nov/2023:02:23:19 -0500] "GET /BLA/resoluciones/AUTOS%202015/3589.pdf HTTP/1.1" 200 513273
216.244.66.195 - - [30/Nov/2023:02:24:09 -0500] "GET /BLA/resoluciones/AUTOS%202015/3831.pdf HTTP/1.1" 200 534243
201.245.192.253 - - [30/Nov/2023:02:24:37 -0500] "POST /forms/lservlet;jsessionid=ac16012b30d66bd79d5a81354b569b64ca0b03586396.e3iSbxaKaheRe3eRa38MahaQbi1ynknvrkLOlQzNp65In0 HTTP/1.1" 200 2
172.22.2.4 - - [30/Nov/2023:02:24:23 -0500] "HEAD /BLA/boletinlegal/ HTTP/1.1" 200 -
201.245.192.253 - - [30/Nov/2023:02:26:11 -0500] "POST /kwsrmcab/Wsrmcab HTTP/1.1" 200 41788
201.245.192.253 - - [30/Nov/2023:02:26:15 -0500] "POST /kwsrmcab/Wsrmcab HTTP/1.1" 200 36815
201.245.192.253 - - [30/Nov/2023:02:26:37 -0500] "POST /forms/lservlet;jsessionid=ac16012b30d66bd79d5a81354b569b64ca0b03586396.e3iSbxaKaheRe3eRa38MahaQbi1ynknvrkLOlQzNp65In0 HTTP/1.1" 200 2
201.245.192.253 - - [30/Nov/2023:02:26:37 -0500] "POST /kwsrmcab/Wsrmcab  HTTP/1.1" 200 41956
172.22.2.4 - - [30/Nov/2023:02:25:13 -0500] "GET /BLA/boletinlegal/ HTTP/1.1" 200 54693
216.245.221.92 - - [30/Nov/2023:02:27:25 -0500] "HEAD / HTTP/1.1" 200 -
138.201.157.89 - - [30/Nov/2023:02:27:48 -0500] "GET / HTTP/1.1" 200 319
138.201.157.89 - - [30/Nov/2023:02:27:48 -0500] "GET / HTTP/1.1" 200 4720
201.245.192.253 - - [30/Nov/2023:02:28:37 -0500] "POST /forms/lservlet;jsessionid=ac16012b30d66bd79d5a81354b569b64ca0b03586396.e3iSbxaKaheRe3eRa38MahaQbi1ynknvrkLOlQzNp65In0 HTTP/1.1" 200 2
52.167.144.139 - - [30/Nov/2023:02:28:50 -0500] "GET /BLA/resoluciones/AUTOS%202021/5612.pdf HTTP/1.1" 304 -
190.27.57.161 - - [30/Nov/2023:02:29:27 -0500] "GET /sipse/faces/javax.faces.resource/images/ui-bg_flat_0_2d5972_40x100.png?ln=primefaces-aristo HTTP/1.1" 304 -
190.27.57.161 - - [30/Nov/2023:02:29:27 -0500] "POST /sipse/faces/bienvenido.xhtml HTTP/1.1" 200 1471
190.27.57.161 - - [30/Nov/2023:02:29:28 -0500] "POST /sipse/faces/bienvenido.xhtml HTTP/1.1" 200 62209
190.27.57.161 - - [30/Nov/2023:02:29:28 -0500] "GET /sipse/faces/javax.faces.resource/primefaces.css?ln=primefaces&v=4.0 HTTP/1.1" 304 -
190.27.57.161 - - [30/Nov/2023:02:29:28 -0500] "GET /sipse/faces/javax.faces.resource/theme.css?ln=primefaces-sipse HTTP/1.1" 304 -
190.27.57.161 - - [30/Nov/2023:02:29:28 -0500] "GET /sipse/faces/javax.faces.resource/layout/layout.css?ln=primefaces&v=4.0 HTTP/1.1" 304 -
190.27.57.161 - - [30/Nov/2023:02:29:28 -0500] "GET /sipse/css/imagen/contrasena.png HTTP/1.1" 404 383
190.27.57.161 - - [30/Nov/2023:02:29:28 -0500] "GET /sipse/faces/javax.faces.resource/jquery/jquery.js?ln=primefaces&v=4.0 HTTP/1.1" 304 -
190.27.57.161 - - [30/Nov/2023:02:29:28 -0500] "GET /sipse/faces/javax.faces.resource/jquery/jquery-plugins.js?ln=primefaces&v=4.0 HTTP/1.1" 304 -
190.27.57.161 - - [30/Nov/2023:02:29:28 -0500] "GET /sipse/faces/javax.faces.resource/primefaces.js?ln=primefaces&v=4.0 HTTP/1.1" 304 -
190.27.57.161 - - [30/Nov/2023:02:29:28 -0500] "GET /sipse/faces/javax.faces.resource/layout/layout.js?ln=primefaces&v=4.0 HTTP/1.1" 304 -
190.27.57.161 - - [30/Nov/2023:02:29:28 -0500] "POST /sipse/faces/presentacion/financiero/solicitudProceso/listarSolicitudProceso.xhtml HTTP/1.1" 200 1564
190.27.57.161 - - [30/Nov/2023:02:29:31 -0500] "POST /sipse/faces/presentacion/financiero/solicitudProceso/listarSolicitudProceso.xhtml HTTP/1.1" 200 4990
190.27.57.161 - - [30/Nov/2023:02:29:31 -0500] "POST /sipse/faces/presentacion/financiero/solicitudProceso/listarSolicitudProceso.xhtml HTTP/1.1" 200 32150
190.27.57.161 - - [30/Nov/2023:02:29:32 -0500] "POST /sipse/faces/presentacion/financiero/solicitudProceso/listarSolicitudProceso.xhtml HTTP/1.1" 200 44079
190.27.57.161 - - [30/Nov/2023:02:29:32 -0500] "POST /sipse/faces/presentacion/financiero/solicitudProceso/listarSolicitudProceso.xhtml HTTP/1.1" 200 32146
190.27.57.161 - - [30/Nov/2023:02:29:34 -0500] "POST /sipse/faces/presentacion/financiero/solicitudProceso/listarSolicitudProceso.xhtml HTTP/1.1" 200 4990
190.27.57.161 - - [30/Nov/2023:02:29:39 -0500] "POST /sipse/faces/presentacion/financiero/solicitudProceso/listarSolicitudProceso.xhtml HTTP/1.1" 200 124290
190.27.57.161 - - [30/Nov/2023:02:29:40 -0500] "GET /sipse/faces/javax.faces.resource/theme.css?ln=primefaces-sipse HTTP/1.1" 304 -
190.27.57.161 - - [30/Nov/2023:02:29:40 -0500] "GET /sipse/faces/javax.faces.resource/primefaces.css?ln=primefaces&v=4.0 HTTP/1.1" 304 -
190.27.57.161 - - [30/Nov/2023:02:29:40 -0500] "GET /sipse/faces/javax.faces.resource/layout/layout.css?ln=primefaces&v=4.0 HTTP/1.1" 304 -
190.27.57.161 - - [30/Nov/2023:02:29:40 -0500] "GET /sipse/faces/javax.faces.resource/jquery/jquery.js?ln=primefaces&v=4.0 HTTP/1.1" 304 -
190.27.57.161 - - [30/Nov/2023:02:29:40 -0500] "GET /sipse/faces/javax.faces.resource/jquery/jquery-plugins.js?ln=primefaces&v=4.0 HTTP/1.1" 304 -
190.27.57.161 - - [30/Nov/2023:02:29:40 -0500] "GET /sipse/faces/javax.faces.resource/primefaces.js?ln=primefaces&v=4.0 HTTP/1.1" 304 -
190.27.57.161 - - [30/Nov/2023:02:29:40 -0500] "GET /sipse/faces/javax.faces.resource/layout/layout.js?ln=primefaces&v=4.0 HTTP/1.1" 304 -
190.27.57.161 - - [30/Nov/2023:02:29:40 -0500] "GET /sipse/css/imagen/contrasena.png HTTP/1.1" 404 383
190.27.57.161 - - [30/Nov/2023:02:29:40 -0500] "GET /sipse/faces/javax.faces.resource/dynamiccontent.properties?ln=primefaces&pfdrid=XjOR5%2F%2FfPAZAuY9TpWQeCiM0BhlXxYRBGKi%2FQcXXfeA%3D&pfdrid_c=false HTTP/1.1" 500 383
201.245.192.253 - - [30/Nov/2023:02:29:48 -0500] "POST /kwsrmcab/Wsrmcab HTTP/1.1" 200 41788
190.27.57.161 - - [30/Nov/2023:02:30:31 -0500] "POST /sipse/faces/presentacion/financiero/solicitudProceso/consultarSolicitudProceso.xhtml HTTP/1.1" 200 2558524
201.245.192.253 - - [30/Nov/2023:02:30:37 -0500] "POST /forms/lservlet;jsessionid=ac16012b30d66bd79d5a81354b569b64ca0b03586396.e3iSbxaKaheRe3eRa38MahaQbi1ynknvrkLOlQzNp65In0 HTTP/1.1" 200 2
172.22.2.4 - - [30/Nov/2023:02:30:44 -0500] "GET /BLA/boletinlegal/robots.txt HTTP/1.1" 404 1038
172.22.2.4 - - [30/Nov/2023:02:30:47 -0500] "GET /BLA/boletinlegal/actos.php HTTP/1.1" 200 9682
190.27.57.161 - - [30/Nov/2023:02:30:48 -0500] "POST /sipse/faces/presentacion/financiero/solicitudProceso/consultarSolicitudProceso.xhtml HTTP/1.1" 200 410034
190.27.57.161 - - [30/Nov/2023:02:31:05 -0500] "POST /sipse/faces/presentacion/financiero/solicitudProceso/consultarSolicitudProceso.xhtml HTTP/1.1" 200 2123891
199.16.157.181 - - [30/Nov/2023:02:31:13 -0500] "GET /images/cr%C3%B3nica-29-nov-1_optimized.jpeg HTTP/1.1" 404 1034
190.27.57.161 - - [30/Nov/2023:02:31:28 -0500] "POST /sipse/faces/presentacion/financiero/solicitudProceso/consultarSolicitudProceso.xhtml HTTP/1.1" 200 511033
201.245.192.253 - - [30/Nov/2023:02:31:36 -0500] "POST /kwsrmcab/Wsrmcab  HTTP/1.1" 200 41956
190.27.57.161 - - [30/Nov/2023:02:31:39 -0500] "POST /sipse/faces/presentacion/financiero/solicitudProceso/consultarSolicitudProceso.xhtml HTTP/1.1" 200 5461
190.27.57.161 - - [30/Nov/2023:02:31:39 -0500] "GET /sipse/faces/javax.faces.resource/dynamiccontent.properties?ln=primefaces&pfdrid=XjOR5%2F%2FfPAZAuY9TpWQeCiM0BhlXxYRBGKi%2FQcXXfeA%3D&pfdrid_c=false HTTP/1.1" 200 117390
172.22.2.4 - - [30/Nov/2023:02:30:13 -0500] "HEAD /BLA/boletinlegal/ HTTP/1.1" 200 -
216.245.221.92 - - [30/Nov/2023:02:32:26 -0500] "HEAD / HTTP/1.1" 200 -
201.245.192.253 - - [30/Nov/2023:02:32:37 -0500] "POST /forms/lservlet;jsessionid=ac16012b30d66bd79d5a81354b569b64ca0b03586396.e3iSbxaKaheRe3eRa38MahaQbi1ynknvrkLOlQzNp65In0 HTTP/1.1" 200 2
172.22.2.4 - - [30/Nov/2023:02:31:03 -0500] "GET /BLA/boletinlegal/ HTTP/1.1" 200 53737
201.245.192.253 - - [30/Nov/2023:02:32:49 -0500] "POST /kwsrmcab/Wsrmcab HTTP/1.1" 200 36815
66.249.66.77 - - [30/Nov/2023:02:32:50 -0500] "GET /portaldeninos/aulas-ambientales/ HTTP/1.1" 200 88416
66.249.66.77 - - [30/Nov/2023:02:32:53 -0500] "GET /portaldeninos/wp-content/themes/betheme/assets/ui/jquery.ui.all.css?ver=20.9.6 HTTP/1.1" 200 18765
201.245.192.253 - - [30/Nov/2023:02:34:37 -0500] "POST /forms/lservlet;jsessionid=ac16012b30d66bd79d5a81354b569b64ca0b03586396.e3iSbxaKaheRe3eRa38MahaQbi1ynknvrkLOlQzNp65In0 HTTP/1.1" 200 2
201.245.192.253 - - [30/Nov/2023:02:36:11 -0500] "POST /kwsrmcab/Wsrmcab HTTP/1.1" 200 41788
201.245.192.253 - - [30/Nov/2023:02:36:14 -0500] "POST /kwsrmcab/Wsrmcab HTTP/1.1" 200 36815
201.245.192.253 - - [30/Nov/2023:02:36:34 -0500] "POST /kwsrmcab/Wsrmcab  HTTP/1.1" 200 41956
201.245.192.253 - - [30/Nov/2023:02:36:37 -0500] "POST /forms/lservlet;jsessionid=ac16012b30d66bd79d5a81354b569b64ca0b03586396.e3iSbxaKaheRe3eRa38MahaQbi1ynknvrkLOlQzNp65In0 HTTP/1.1" 200 2
216.245.221.92 - - [30/Nov/2023:02:37:25 -0500] "HEAD / HTTP/1.1" 200 -
172.22.2.4 - - [30/Nov/2023:02:36:03 -0500] "HEAD /BLA/boletinlegal/ HTTP/1.1" 200 -
172.22.2.4 - - [30/Nov/2023:02:36:53 -0500] "GET /BLA/boletinlegal/ HTTP/1.1" 200 52827
201.245.192.253 - - [30/Nov/2023:02:38:37 -0500] "POST /forms/lservlet;jsessionid=ac16012b30d66bd79d5a81354b569b64ca0b03586396.e3iSbxaKaheRe3eRa38MahaQbi1ynknvrkLOlQzNp65In0 HTTP/1.1" 200 2
201.245.192.253 - - [30/Nov/2023:02:39:48 -0500] "POST /kwsrmcab/Wsrmcab HTTP/1.1" 200 41788
201.245.192.253 - - [30/Nov/2023:02:40:37 -0500] "POST /forms/lservlet;jsessionid=ac16012b30d66bd79d5a81354b569b64ca0b03586396.e3iSbxaKaheRe3eRa38MahaQbi1ynknvrkLOlQzNp65In0 HTTP/1.1" 200 2
201.245.192.253 - - [30/Nov/2023:02:41:33 -0500] "POST /kwsrmcab/Wsrmcab  HTTP/1.1" 200 41956
216.245.221.92 - - [30/Nov/2023:02:42:25 -0500] "HEAD / HTTP/1.1" 200 -
201.245.192.253 - - [30/Nov/2023:02:42:37 -0500] "POST /forms/lservlet;jsessionid=ac16012b30d66bd79d5a81354b569b64ca0b03586396.e3iSbxaKaheRe3eRa38MahaQbi1ynknvrkLOlQzNp65In0 HTTP/1.1" 200 2
201.245.192.253 - - [30/Nov/2023:02:42:51 -0500] "POST /kwsrmcab/Wsrmcab HTTP/1.1" 200 36815
172.22.2.4 - - [30/Nov/2023:02:43:12 -0500] "GET /BLA/boletinlegal/robots.txt HTTP/1.1" 404 1038
172.22.2.4 - - [30/Nov/2023:02:43:12 -0500] "GET /BLA/boletinlegal/jurisprudencia/analisis/analisis%20sentencia%20C-1007-2011-1.doc HTTP/1.1" 200 35328
172.22.2.4 - - [30/Nov/2023:02:41:53 -0500] "HEAD /BLA/boletinlegal/ HTTP/1.1" 200 -
40.77.167.247 - - [30/Nov/2023:02:43:41 -0500] "GET /BLA/resoluciones/AUTOS%202022/1196.pdf HTTP/1.1" 304 -
172.22.2.4 - - [30/Nov/2023:02:42:43 -0500] "GET /BLA/boletinlegal/ HTTP/1.1" 200 58294
201.245.192.253 - - [30/Nov/2023:02:44:37 -0500] "POST /forms/lservlet;jsessionid=ac16012b30d66bd79d5a81354b569b64ca0b03586396.e3iSbxaKaheRe3eRa38MahaQbi1ynknvrkLOlQzNp65In0 HTTP/1.1" 200 2
152.61.192.232 - - [30/Nov/2023:02:45:16 -0500] "GET /arcgis/services/Calidad_del_Agua_WQI/MapServer/WMSServer?request=GetCapabilities&service=WMS HTTP/1.1" 503 1020
