190.27.57.161 - - [20/Dec/2023:01:38:48 -0500] "GET /sipse/faces/javax.faces.resource/theme.css?ln=primefaces-sipse HTTP/1.1" 304 -
190.27.57.161 - - [20/Dec/2023:01:38:48 -0500] "GET /sipse/faces/javax.faces.resource/jquery/jquery-plugins.js?ln=primefaces&v=4.0 HTTP/1.1" 304 -
190.27.57.161 - - [20/Dec/2023:01:38:48 -0500] "GET /sipse/faces/javax.faces.resource/jquery/jquery.js?ln=primefaces&v=4.0 HTTP/1.1" 304 -
190.27.57.161 - - [20/Dec/2023:01:38:48 -0500] "GET /sipse/faces/javax.faces.resource/layout/layout.css?ln=primefaces&v=4.0 HTTP/1.1" 304 -
190.27.57.161 - - [20/Dec/2023:01:38:48 -0500] "GET /sipse/faces/javax.faces.resource/primefaces.js?ln=primefaces&v=4.0 HTTP/1.1" 304 -
190.27.57.161 - - [20/Dec/2023:01:38:48 -0500] "GET /sipse/faces/javax.faces.resource/primefaces.css?ln=primefaces&v=4.0 HTTP/1.1" 304 -
190.27.57.161 - - [20/Dec/2023:01:38:47 -0500] "POST /sipse/faces/presentacion/sistema/anexos/cargarAnexoSolicitudProceso.xhtml HTTP/1.1" 200 189435
190.27.57.161 - - [20/Dec/2023:01:38:48 -0500] "GET /sipse/faces/javax.faces.resource/layout/layout.js?ln=primefaces&v=4.0 HTTP/1.1" 304 -
47.128.60.126 - - [20/Dec/2023:01:38:52 -0500] "GET /BLA/resoluciones/index.php?dir=RESOLUCIONES%201996%2F&order=desc&sort=size HTTP/1.1" 200 9136
47.128.60.126 - - [20/Dec/2023:01:38:53 -0500] "GET /BLA/resoluciones/dlf/pdf.gif HTTP/1.1" 200 272
47.128.60.126 - - [20/Dec/2023:01:38:53 -0500] "GET /BLA/resoluciones/dlf/dirup.png HTTP/1.1" 200 644
190.27.57.161 - - [20/Dec/2023:01:38:53 -0500] "POST /sipse/faces/presentacion/financiero/solicitudProceso/consultarSolicitudProceso.xhtml HTTP/1.1" 200 6206
190.27.57.161 - - [20/Dec/2023:01:38:54 -0500] "POST /sipse/faces/presentacion/financiero/solicitudProceso/consultarSolicitudProceso.xhtml HTTP/1.1" 200 6206
190.27.57.161 - - [20/Dec/2023:01:38:55 -0500] "POST /sipse/faces/presentacion/financiero/solicitudProceso/consultarSolicitudProceso.xhtml HTTP/1.1" 200 46475
190.27.57.161 - - [20/Dec/2023:01:38:58 -0500] "GET /sipse/faces/javax.faces.resource/theme.css?ln=primefaces-sipse HTTP/1.1" 304 -
190.27.57.161 - - [20/Dec/2023:01:38:58 -0500] "GET /sipse/faces/javax.faces.resource/layout/layout.css?ln=primefaces&v=4.0 HTTP/1.1" 304 -
190.27.57.161 - - [20/Dec/2023:01:38:58 -0500] "GET /sipse/faces/javax.faces.resource/primefaces.css?ln=primefaces&v=4.0 HTTP/1.1" 304 -
190.27.57.161 - - [20/Dec/2023:01:38:58 -0500] "GET /sipse/faces/javax.faces.resource/jquery/jquery.js?ln=primefaces&v=4.0 HTTP/1.1" 304 -
190.27.57.161 - - [20/Dec/2023:01:38:58 -0500] "GET /sipse/faces/javax.faces.resource/jquery/jquery-plugins.js?ln=primefaces&v=4.0 HTTP/1.1" 304 -
190.27.57.161 - - [20/Dec/2023:01:38:58 -0500] "GET /sipse/faces/javax.faces.resource/primefaces.js?ln=primefaces&v=4.0 HTTP/1.1" 304 -
190.27.57.161 - - [20/Dec/2023:01:38:58 -0500] "GET /sipse/faces/javax.faces.resource/layout/layout.js?ln=primefaces&v=4.0 HTTP/1.1" 304 -
190.27.57.161 - - [20/Dec/2023:01:38:58 -0500] "POST /sipse/faces/presentacion/financiero/solicitudProceso/listarSolicitudProceso.xhtml HTTP/1.1" 200 1480
201.245.192.253 - - [20/Dec/2023:01:38:58 -0500] "POST /forms/lservlet;jsessionid=ac16012b30d65f92fa67ce9340589b498a1304d31ae2.e3iSbxaKaheRe34Qc38TbN0Nb41ynknvrkLOlQzNp65In0 HTTP/1.1" 200 2
190.27.57.161 - - [20/Dec/2023:01:39:02 -0500] "POST /sipse/faces/presentacion/financiero/solicitudProceso/listarSolicitudProceso.xhtml HTTP/1.1" 200 10346
190.27.57.161 - - [20/Dec/2023:01:39:05 -0500] "POST /sipse/faces/presentacion/financiero/solicitudProceso/listarSolicitudProceso.xhtml HTTP/1.1" 200 13330
47.128.27.119 - - [20/Dec/2023:01:39:15 -0500] "GET /BLA/resoluciones/index.php?dir=RESOLUCIONES%202007%2FRES%202007%202101%20AL%202200%2F&order=asc&sort=size HTTP/1.1" 200 26622
47.128.27.119 - - [20/Dec/2023:01:39:16 -0500] "GET /BLA/resoluciones/dlf/pdf.gif HTTP/1.1" 200 272
47.128.27.119 - - [20/Dec/2023:01:39:16 -0500] "GET /BLA/resoluciones/dlf/dirup.png HTTP/1.1" 200 644
201.245.192.253 - - [20/Dec/2023:01:40:32 -0500] "POST /kwsrmcab/Wsrmcab HTTP/1.1" 200 38680
190.27.57.161 - - [20/Dec/2023:01:40:39 -0500] "POST /sipse/faces/presentacion/financiero/solicitudProceso/listarSolicitudProceso.xhtml HTTP/1.1" 200 7418
201.245.192.253 - - [20/Dec/2023:01:40:37 -0500] "POST /kwsrmcab/Wsrmcab HTTP/1.1" 200 36342
162.55.175.138 - - [20/Dec/2023:01:40:40 -0500] "GET / HTTP/1.1" 200 319
162.55.175.138 - - [20/Dec/2023:01:40:40 -0500] "GET / HTTP/1.1" 200 4720
201.245.192.253 - - [20/Dec/2023:01:40:58 -0500] "POST /forms/lservlet;jsessionid=ac16012b30d65f92fa67ce9340589b498a1304d31ae2.e3iSbxaKaheRe34Qc38TbN0Nb41ynknvrkLOlQzNp65In0 HTTP/1.1" 200 2
186.85.234.113 - - [20/Dec/2023:01:41:30 -0500] "POST /sipse/faces/presentacion/financiero/solicitudProceso/consultarSolicitudProceso.xhtml HTTP/1.1" 200 911
172.22.2.4 - - [20/Dec/2023:01:39:58 -0500] "HEAD /BLA/boletinlegal/ HTTP/1.1" 200 -
172.22.2.4 - - [20/Dec/2023:01:40:49 -0500] "GET /BLA/boletinlegal/ HTTP/1.1" 200 58562
69.171.249.117 - - [20/Dec/2023:01:42:41 -0500] "GET /images/calidad-aire.jpg HTTP/1.1" 200 42421
201.245.192.253 - - [20/Dec/2023:01:42:58 -0500] "POST /forms/lservlet;jsessionid=ac16012b30d65f92fa67ce9340589b498a1304d31ae2.e3iSbxaKaheRe34Qc38TbN0Nb41ynknvrkLOlQzNp65In0 HTTP/1.1" 200 2
201.245.192.253 - - [20/Dec/2023:01:43:03 -0500] "POST /kwsrmcab/Wsrmcab  HTTP/1.1" 200 37894
207.46.13.64 - - [20/Dec/2023:01:43:24 -0500] "GET /BLA/resoluciones/AUTOS%202023/9267.pdf HTTP/1.1" 200 511710
51.222.44.188 - - [20/Dec/2023:01:43:25 -0500] "GET /wp-content/themes/twentystd/index.php HTTP/1.1" 404 1035
51.222.44.188 - - [20/Dec/2023:01:43:28 -0500] "GET /wp-content/themes/twentystd/index.php HTTP/1.1" 404 1032
216.245.221.92 - - [20/Dec/2023:01:43:38 -0500] "HEAD / HTTP/1.1" 200 -
157.55.39.49 - - [20/Dec/2023:01:43:50 -0500] "GET /BLA/resoluciones/AUTOS%202023/5335.pdf HTTP/1.1" 200 413333
201.245.192.253 - - [20/Dec/2023:01:44:58 -0500] "POST /forms/lservlet;jsessionid=ac16012b30d65f92fa67ce9340589b498a1304d31ae2.e3iSbxaKaheRe34Qc38TbN0Nb41ynknvrkLOlQzNp65In0 HTTP/1.1" 200 2
201.245.192.253 - - [20/Dec/2023:01:46:58 -0500] "POST /forms/lservlet;jsessionid=ac16012b30d65f92fa67ce9340589b498a1304d31ae2.e3iSbxaKaheRe34Qc38TbN0Nb41ynknvrkLOlQzNp65In0 HTTP/1.1" 200 2
172.22.2.4 - - [20/Dec/2023:01:45:48 -0500] "HEAD /BLA/boletinlegal/ HTTP/1.1" 200 -
201.245.192.253 - - [20/Dec/2023:01:48:02 -0500] "POST /kwsrmcab/Wsrmcab  HTTP/1.1" 200 37894
66.249.66.20 - - [20/Dec/2023:01:48:10 -0500] "GET /portel_dama/libreria/php/2006/ECOSISTEMAS%20FINAL%20web_mz27/restauracion/sitio/22_proye/xtras_in/3a.pdf HTTP/1.1" 404 1018
172.22.2.4 - - [20/Dec/2023:01:46:39 -0500] "GET /BLA/boletinlegal/ HTTP/1.1" 200 58562
216.245.221.92 - - [20/Dec/2023:01:48:38 -0500] "HEAD / HTTP/1.1" 200 -
66.249.66.20 - - [20/Dec/2023:01:48:40 -0500] "GET /BLA/resoluciones/RESOLUCIONES%202009/1734.pdf HTTP/1.1" 200 238398
201.245.192.253 - - [20/Dec/2023:01:48:58 -0500] "POST /forms/lservlet;jsessionid=ac16012b30d65f92fa67ce9340589b498a1304d31ae2.e3iSbxaKaheRe34Qc38TbN0Nb41ynknvrkLOlQzNp65In0 HTTP/1.1" 200 2
207.46.13.64 - - [20/Dec/2023:01:50:15 -0500] "GET /BLA/resoluciones/AUTOS%202023/5666.pdf HTTP/1.1" 200 397941
201.245.192.253 - - [20/Dec/2023:01:50:59 -0500] "POST /forms/lservlet;jsessionid=ac16012b30d65f92fa67ce9340589b498a1304d31ae2.e3iSbxaKaheRe34Qc38TbN0Nb41ynknvrkLOlQzNp65In0 HTTP/1.1" 200 2
66.249.66.21 - - [20/Dec/2023:01:52:23 -0500] "GET /BLA/resoluciones/RESOLUCIONES%202012/1914.pdf HTTP/1.1" 200 319834
201.245.192.253 - - [20/Dec/2023:01:52:59 -0500] "POST /forms/lservlet;jsessionid=ac16012b30d65f92fa67ce9340589b498a1304d31ae2.e3iSbxaKaheRe34Qc38TbN0Nb41ynknvrkLOlQzNp65In0 HTTP/1.1" 200 2
201.245.192.253 - - [20/Dec/2023:01:53:01 -0500] "POST /kwsrmcab/Wsrmcab  HTTP/1.1" 200 37894
157.55.39.55 - - [20/Dec/2023:01:53:04 -0500] "GET /BLA/resoluciones/Notificaciones/REGISTROS%202020/01653.pdf HTTP/1.1" 200 328378
172.22.2.4 - - [20/Dec/2023:01:51:38 -0500] "HEAD /BLA/boletinlegal/ HTTP/1.1" 200 -
216.245.221.92 - - [20/Dec/2023:01:53:38 -0500] "HEAD / HTTP/1.1" 200 -
172.22.2.4 - - [20/Dec/2023:01:52:29 -0500] "GET /BLA/boletinlegal/ HTTP/1.1" 200 58562
66.249.66.20 - - [20/Dec/2023:01:54:50 -0500] "GET /BLA/resoluciones/RESOLUCIONES%202009/5805.pdf HTTP/1.1" 200 171107
201.245.192.253 - - [20/Dec/2023:01:54:59 -0500] "POST /forms/lservlet;jsessionid=ac16012b30d65f92fa67ce9340589b498a1304d31ae2.e3iSbxaKaheRe34Qc38TbN0Nb41ynknvrkLOlQzNp65In0 HTTP/1.1" 200 2
157.55.39.8 - - [20/Dec/2023:01:56:39 -0500] "GET /galeria/galeria/jquery.fancybox.css?v=2.1.5 HTTP/1.1" 200 4895
201.245.192.253 - - [20/Dec/2023:01:56:59 -0500] "POST /forms/lservlet;jsessionid=ac16012b30d65f92fa67ce9340589b498a1304d31ae2.e3iSbxaKaheRe34Qc38TbN0Nb41ynknvrkLOlQzNp65In0 HTTP/1.1" 200 2
201.245.192.253 - - [20/Dec/2023:01:58:00 -0500] "POST /kwsrmcab/Wsrmcab  HTTP/1.1" 200 37894
216.245.221.92 - - [20/Dec/2023:01:58:38 -0500] "HEAD / HTTP/1.1" 200 -
172.22.2.4 - - [20/Dec/2023:01:57:09 -0500] "GET /BLA/boletinlegal/ HTTP/1.1" 200 54775
201.245.192.253 - - [20/Dec/2023:01:58:59 -0500] "POST /forms/lservlet;jsessionid=ac16012b30d65f92fa67ce9340589b498a1304d31ae2.e3iSbxaKaheRe34Qc38TbN0Nb41ynknvrkLOlQzNp65In0 HTTP/1.1" 200 2
172.22.2.4 - - [20/Dec/2023:01:57:28 -0500] "HEAD /BLA/boletinlegal/ HTTP/1.1" 200 -
157.55.39.53 - - [20/Dec/2023:01:59:14 -0500] "GET /BLA/resoluciones/AUTOS%202023/1199.pdf HTTP/1.1" 200 432478
66.249.66.21 - - [20/Dec/2023:01:59:52 -0500] "GET /BLA/resoluciones/RESOLUCIONES%202008/5121.pdf HTTP/1.1" 200 613496
172.22.2.4 - - [20/Dec/2023:01:58:19 -0500] "GET /BLA/boletinlegal/ HTTP/1.1" 200 52884
104.248.229.49 - - [20/Dec/2023:02:00:38 -0500] "GET /aaa9 HTTP/1.1" 404 1018
104.248.229.49 - - [20/Dec/2023:02:00:39 -0500] "GET /aab8 HTTP/1.1" 404 1018
104.248.229.49 - - [20/Dec/2023:02:00:39 -0500] "GET / HTTP/1.1" 200 319
201.245.192.253 - - [20/Dec/2023:02:00:59 -0500] "POST /forms/lservlet;jsessionid=ac16012b30d65f92fa67ce9340589b498a1304d31ae2.e3iSbxaKaheRe34Qc38TbN0Nb41ynknvrkLOlQzNp65In0 HTTP/1.1" 200 2
66.249.66.19 - - [20/Dec/2023:02:01:10 -0500] "GET /BLA/resoluciones/RESOLUCIONES%202009/4627.pdf HTTP/1.1" 200 644165
216.244.66.195 - - [20/Dec/2023:02:02:43 -0500] "GET /BLA/resoluciones/AUTOS%202023/0473.pdf HTTP/1.1" 200 463151
201.245.192.253 - - [20/Dec/2023:02:02:59 -0500] "POST /forms/lservlet;jsessionid=ac16012b30d65f92fa67ce9340589b498a1304d31ae2.e3iSbxaKaheRe34Qc38TbN0Nb41ynknvrkLOlQzNp65In0 HTTP/1.1" 200 2
201.245.192.253 - - [20/Dec/2023:02:02:59 -0500] "POST /kwsrmcab/Wsrmcab  HTTP/1.1" 200 37894
216.244.66.195 - - [20/Dec/2023:02:03:32 -0500] "GET /BLA/resoluciones/AUTOS%202023/0763.pdf HTTP/1.1" 200 413432
191.156.53.89 - - [20/Dec/2023:02:03:35 -0500] "GET /BLA/resoluciones/RESOLUCIONES%202023/2700.pdf HTTP/1.1" 200 13546798
191.156.53.89 - - [20/Dec/2023:02:03:35 -0500] "GET /BLA/resoluciones/RESOLUCIONES%202023/2700.pdf HTTP/1.1" 206 9031199
191.156.49.95 - - [20/Dec/2023:02:03:35 -0500] "GET /BLA/resoluciones/RESOLUCIONES%202023/2700.pdf HTTP/1.1" 206 4515600
216.245.221.92 - - [20/Dec/2023:02:03:38 -0500] "HEAD / HTTP/1.1" 200 -
216.244.66.195 - - [20/Dec/2023:02:04:26 -0500] "GET /BLA/resoluciones/AUTOS%202023/3682.pdf HTTP/1.1" 200 1587259
157.55.39.53 - - [20/Dec/2023:02:04:46 -0500] "GET /BLA/resoluciones/AUTOS%202023/3606.pdf HTTP/1.1" 200 5029468
172.22.2.4 - - [20/Dec/2023:02:04:50 -0500] "GET /BLA/boletinlegal/autodiscover/autodiscover.json?@zdi/Powershell HTTP/1.1" 404 1018
172.22.2.4 - - [20/Dec/2023:02:03:18 -0500] "HEAD /BLA/boletinlegal/ HTTP/1.1" 200 -
201.245.192.253 - - [20/Dec/2023:02:04:59 -0500] "POST /forms/lservlet;jsessionid=ac16012b30d65f92fa67ce9340589b498a1304d31ae2.e3iSbxaKaheRe34Qc38TbN0Nb41ynknvrkLOlQzNp65In0 HTTP/1.1" 200 2
216.244.66.195 - - [20/Dec/2023:02:05:18 -0500] "GET /BLA/resoluciones/RESOLUCIONES%202019/1537.pdf HTTP/1.1" 200 261181
172.22.2.4 - - [20/Dec/2023:02:04:09 -0500] "GET /BLA/boletinlegal/ HTTP/1.1" 200 60497
216.244.66.195 - - [20/Dec/2023:02:06:03 -0500] "GET /BLA/resoluciones/RESOLUCIONES%202019/2833.pdf HTTP/1.1" 200 429216
216.244.66.195 - - [20/Dec/2023:02:06:55 -0500] "GET /BLA/resoluciones/RESOLUCIONES%202019/2934.pdf HTTP/1.1" 200 795046
201.245.192.253 - - [20/Dec/2023:02:06:59 -0500] "POST /forms/lservlet;jsessionid=ac16012b30d65f92fa67ce9340589b498a1304d31ae2.e3iSbxaKaheRe34Qc38TbN0Nb41ynknvrkLOlQzNp65In0 HTTP/1.1" 200 2
216.244.66.195 - - [20/Dec/2023:02:07:46 -0500] "GET /BLA/resoluciones/RESOLUCIONES%202019/3135.pdf HTTP/1.1" 200 575919
201.245.192.253 - - [20/Dec/2023:02:07:57 -0500] "POST /kwsrmcab/Wsrmcab  HTTP/1.1" 200 37894
216.244.66.195 - - [20/Dec/2023:02:08:36 -0500] "GET /BLA/resoluciones/RESOLUCIONES%202019/3652.pdf HTTP/1.1" 200 299069
216.245.221.92 - - [20/Dec/2023:02:08:38 -0500] "HEAD / HTTP/1.1" 200 -
201.245.192.253 - - [20/Dec/2023:02:08:59 -0500] "POST /forms/lservlet;jsessionid=ac16012b30d65f92fa67ce9340589b498a1304d31ae2.e3iSbxaKaheRe34Qc38TbN0Nb41ynknvrkLOlQzNp65In0 HTTP/1.1" 200 2
216.244.66.195 - - [20/Dec/2023:02:09:23 -0500] "GET /BLA/resoluciones/RESOLUCIONES%202019/3752.pdf HTTP/1.1" 200 297417
172.22.2.4 - - [20/Dec/2023:02:09:08 -0500] "HEAD /BLA/boletinlegal/ HTTP/1.1" 200 -
201.245.192.253 - - [20/Dec/2023:02:10:59 -0500] "POST /forms/lservlet;jsessionid=ac16012b30d65f92fa67ce9340589b498a1304d31ae2.e3iSbxaKaheRe34Qc38TbN0Nb41ynknvrkLOlQzNp65In0 HTTP/1.1" 200 2
207.46.13.151 - - [20/Dec/2023:02:11:12 -0500] "GET /BLA/resoluciones/AUTOS%202023/4433.pdf HTTP/1.1" 200 396397
172.22.2.4 - - [20/Dec/2023:02:09:59 -0500] "GET /BLA/boletinlegal/ HTTP/1.1" 200 58167
201.245.192.253 - - [20/Dec/2023:02:12:56 -0500] "POST /kwsrmcab/Wsrmcab  HTTP/1.1" 200 37894
201.245.192.253 - - [20/Dec/2023:02:12:59 -0500] "POST /forms/lservlet;jsessionid=ac16012b30d65f92fa67ce9340589b498a1304d31ae2.e3iSbxaKaheRe34Qc38TbN0Nb41ynknvrkLOlQzNp65In0 HTTP/1.1" 200 2
157.55.39.9 - - [20/Dec/2023:02:13:38 -0500] "GET /BLA/resoluciones/AUTOS%202013/2730.pdf HTTP/1.1" 200 796457
216.245.221.92 - - [20/Dec/2023:02:13:38 -0500] "HEAD / HTTP/1.1" 200 -
31.13.103.119 - - [20/Dec/2023:02:14:10 -0500] "GET /capital-natural-para-impulsar-el-desarrollo-economico-sostenible.html HTTP/1.1" 200 942
47.128.52.138 - - [20/Dec/2023:02:14:25 -0500] "GET /BLA/resoluciones/index.php?dir=RESOLUCIONES%202007%2FRES%202007%201101%20AL%201200%2F&order=asc&sort=date HTTP/1.1" 200 26852
47.128.52.138 - - [20/Dec/2023:02:14:26 -0500] "GET /BLA/resoluciones/dlf/dirup.png HTTP/1.1" 200 644
47.128.52.138 - - [20/Dec/2023:02:14:26 -0500] "GET /BLA/resoluciones/dlf/pdf.gif HTTP/1.1" 200 272
47.128.109.33 - - [20/Dec/2023:02:14:49 -0500] "GET /robots.txt HTTP/1.1" 404 1018
201.245.192.253 - - [20/Dec/2023:02:14:59 -0500] "POST /forms/lservlet;jsessionid=ac16012b30d65f92fa67ce9340589b498a1304d31ae2.e3iSbxaKaheRe34Qc38TbN0Nb41ynknvrkLOlQzNp65In0 HTTP/1.1" 200 2
47.128.98.246 - - [20/Dec/2023:02:15:12 -0500] "GET /BLA/resoluciones/index.php?dir=RESOLUCIONES%202007%2FRES%202007%20801%20AL%20900%2F&order=desc&sort=name HTTP/1.1" 200 26641
47.128.98.246 - - [20/Dec/2023:02:15:13 -0500] "GET /BLA/resoluciones/dlf/dirup.png HTTP/1.1" 200 644
47.128.98.246 - - [20/Dec/2023:02:15:13 -0500] "GET /BLA/resoluciones/dlf/pdf.gif HTTP/1.1" 200 272
47.128.116.192 - - [20/Dec/2023:02:15:38 -0500] "GET /BLA/resoluciones/dlf/pdf.gif HTTP/1.1" 200 272
47.128.116.192 - - [20/Dec/2023:02:15:38 -0500] "GET /BLA/resoluciones/dlf/dirup.png HTTP/1.1" 200 644
47.128.116.192 - - [20/Dec/2023:02:15:38 -0500] "GET /BLA/resoluciones/dlf/archive.png HTTP/1.1" 200 632
157.55.39.204 - - [20/Dec/2023:02:15:58 -0500] "GET /BLA/resoluciones/AUTOS%202023/3634.pdf HTTP/1.1" 200 499651
47.128.116.192 - - [20/Dec/2023:02:15:37 -0500] "GET /BLA/resoluciones/index.php?dir=RESOLUCIONES%202021%2F&order=desc&sort=date HTTP/1.1" 200 380875
172.22.2.4 - - [20/Dec/2023:02:14:58 -0500] "HEAD /BLA/boletinlegal/ HTTP/1.1" 200 -
201.245.192.253 - - [20/Dec/2023:02:16:36 -0500] "POST /kwsrmcab/Wsrmcab HTTP/1.1" 200 38674
201.245.192.253 - - [20/Dec/2023:02:16:40 -0500] "POST /kwsrmcab/Wsrmcab HTTP/1.1" 200 36519
201.245.192.253 - - [20/Dec/2023:02:16:59 -0500] "POST /forms/lservlet;jsessionid=ac16012b30d65f92fa67ce9340589b498a1304d31ae2.e3iSbxaKaheRe34Qc38TbN0Nb41ynknvrkLOlQzNp65In0 HTTP/1.1" 200 2
157.55.39.202 - - [20/Dec/2023:02:17:13 -0500] "GET /BLA/resoluciones/RESOLUCIONES%202021/3106.pdf HTTP/1.1" 200 344288
172.22.2.4 - - [20/Dec/2023:02:15:48 -0500] "GET /BLA/boletinlegal/ HTTP/1.1" 200 58964
201.245.192.253 - - [20/Dec/2023:02:17:55 -0500] "POST /kwsrmcab/Wsrmcab  HTTP/1.1" 200 37894
216.245.221.92 - - [20/Dec/2023:02:18:38 -0500] "HEAD / HTTP/1.1" 200 -
201.245.192.253 - - [20/Dec/2023:02:18:59 -0500] "POST /forms/lservlet;jsessionid=ac16012b30d65f92fa67ce9340589b498a1304d31ae2.e3iSbxaKaheRe34Qc38TbN0Nb41ynknvrkLOlQzNp65In0 HTTP/1.1" 200 2
201.245.192.253 - - [20/Dec/2023:02:20:32 -0500] "POST /kwsrmcab/Wsrmcab HTTP/1.1" 200 38674
201.245.192.253 - - [20/Dec/2023:02:20:37 -0500] "POST /kwsrmcab/Wsrmcab HTTP/1.1" 200 36519
201.245.192.253 - - [20/Dec/2023:02:20:59 -0500] "POST /forms/lservlet;jsessionid=ac16012b30d65f92fa67ce9340589b498a1304d31ae2.e3iSbxaKaheRe34Qc38TbN0Nb41ynknvrkLOlQzNp65In0 HTTP/1.1" 200 2
173.252.107.2 - - [20/Dec/2023:02:21:43 -0500] "GET /abierta-convocatoria-para-postular-a-organizaciones-que-desarrollan-actividades-de-voluntariado-ambiental-en-bogota.html HTTP/1.1" 200 880
173.252.87.6 - - [20/Dec/2023:02:21:44 -0500] "GET /images/pieza-voluntariado-ambiental.jpeg HTTP/1.1" 200 51125
172.22.2.4 - - [20/Dec/2023:02:20:48 -0500] "HEAD /BLA/boletinlegal/ HTTP/1.1" 200 -
173.252.107.2 - - [20/Dec/2023:02:22:30 -0500] "GET /como-hacer-uso-de-la-publicidad-exterior-visual-en-epoca-electoral.html HTTP/1.1" 200 843
69.171.251.2 - - [20/Dec/2023:02:22:46 -0500] "GET /como-hacer-uso-de-la-publicidad-exterior-visual-en-epoca-electoral.html HTTP/1.1" 200 843
173.252.107.9 - - [20/Dec/2023:02:22:47 -0500] "GET /secretaria-de-ambiente-presenta-cartilla-con-el-protocolo-para-el-manejo-y-control-de-la-langostilla-de-rio.html HTTP/1.1" 200 857
201.245.192.253 - - [20/Dec/2023:02:22:54 -0500] "POST /kwsrmcab/Wsrmcab  HTTP/1.1" 200 37894
201.245.192.253 - - [20/Dec/2023:02:22:59 -0500] "POST /forms/lservlet;jsessionid=ac16012b30d65f92fa67ce9340589b498a1304d31ae2.e3iSbxaKaheRe34Qc38TbN0Nb41ynknvrkLOlQzNp65In0 HTTP/1.1" 200 2
172.22.2.4 - - [20/Dec/2023:02:21:39 -0500] "GET /BLA/boletinlegal/ HTTP/1.1" 200 60497
216.245.221.92 - - [20/Dec/2023:02:23:38 -0500] "HEAD / HTTP/1.1" 200 -
201.245.192.253 - - [20/Dec/2023:02:24:59 -0500] "POST /forms/lservlet;jsessionid=ac16012b30d65f92fa67ce9340589b498a1304d31ae2.e3iSbxaKaheRe34Qc38TbN0Nb41ynknvrkLOlQzNp65In0 HTTP/1.1" 200 2
201.245.192.253 - - [20/Dec/2023:02:26:37 -0500] "POST /kwsrmcab/Wsrmcab HTTP/1.1" 200 38674
201.245.192.253 - - [20/Dec/2023:02:26:39 -0500] "POST /kwsrmcab/Wsrmcab HTTP/1.1" 200 36519
201.245.192.253 - - [20/Dec/2023:02:26:59 -0500] "POST /forms/lservlet;jsessionid=ac16012b30d65f92fa67ce9340589b498a1304d31ae2.e3iSbxaKaheRe34Qc38TbN0Nb41ynknvrkLOlQzNp65In0 HTTP/1.1" 200 2
168.151.133.119 - - [20/Dec/2023:02:27:27 -0500] "GET /bogota-actualiza-su-plan-de-gestion-ambiental-para-un-conseguir-un-futuro-mas-sostenible.html HTTP/1.1" 200 796
209.242.223.225 - - [20/Dec/2023:02:27:28 -0500] "GET /bogota-actualiza-su-plan-de-gestion-ambiental-para-un-conseguir-un-futuro-mas-sostenible.html HTTP/1.1" 200 796
152.61.128.50 - - [20/Dec/2023:02:27:48 -0500] "GET /arcgis/services/Calidad_del_Agua_WQI/MapServer/WMSServer?request=GetCapabilities&service=WMS HTTP/1.1" 503 1020
152.61.128.50 - - [20/Dec/2023:02:27:49 -0500] "GET /arcgis/services/Calidad_del_Agua_WQI/MapServer/WMSServer?SERVICE=WMS&REQUEST=GetCapabilities HTTP/1.1" 503 1020
152.61.128.50 - - [20/Dec/2023:02:27:49 -0500] "GET /arcgis/services/Calidad_del_Agua_WQI/MapServer/WMSServer?WMTVER=1.0.0&REQUEST=capabilities HTTP/1.1" 503 1020
201.245.192.253 - - [20/Dec/2023:02:27:53 -0500] "POST /kwsrmcab/Wsrmcab  HTTP/1.1" 200 37894
172.22.2.4 - - [20/Dec/2023:02:26:38 -0500] "HEAD /BLA/boletinlegal/ HTTP/1.1" 200 -
216.245.221.92 - - [20/Dec/2023:02:28:38 -0500] "HEAD / HTTP/1.1" 200 -
201.245.192.253 - - [20/Dec/2023:02:28:59 -0500] "POST /forms/lservlet;jsessionid=ac16012b30d65f92fa67ce9340589b498a1304d31ae2.e3iSbxaKaheRe34Qc38TbN0Nb41ynknvrkLOlQzNp65In0 HTTP/1.1" 200 2
172.22.2.4 - - [20/Dec/2023:02:27:29 -0500] "GET /BLA/boletinlegal/ HTTP/1.1" 200 60905
216.244.66.195 - - [20/Dec/2023:02:30:21 -0500] "GET /robots.txt HTTP/1.1" 404 1018
201.245.192.253 - - [20/Dec/2023:02:30:32 -0500] "POST /kwsrmcab/Wsrmcab HTTP/1.1" 200 38674
201.245.192.253 - - [20/Dec/2023:02:30:37 -0500] "POST /kwsrmcab/Wsrmcab HTTP/1.1" 200 36519
201.245.192.253 - - [20/Dec/2023:02:30:59 -0500] "POST /forms/lservlet;jsessionid=ac16012b30d65f92fa67ce9340589b498a1304d31ae2.e3iSbxaKaheRe34Qc38TbN0Nb41ynknvrkLOlQzNp65In0 HTTP/1.1" 200 2
74.125.212.4 - - [20/Dec/2023:02:31:00 -0500] "GET / HTTP/1.1" 200 4720
74.125.212.4 - - [20/Dec/2023:02:31:00 -0500] "GET /css/style.css HTTP/1.1" 200 3473
74.125.212.3 - - [20/Dec/2023:02:31:00 -0500] "GET /js/url.js HTTP/1.1" 404 1198
74.125.212.3 - - [20/Dec/2023:02:31:00 -0500] "GET /fonts/icomoon/style.css HTTP/1.1" 200 79820
74.125.212.4 - - [20/Dec/2023:02:31:00 -0500] "GET /css/bootstrap.min.css HTTP/1.1" 200 178212
74.125.212.3 - - [20/Dec/2023:02:31:01 -0500] "GET /favicon.ico HTTP/1.1" 404 1198
207.46.13.17 - - [20/Dec/2023:02:31:58 -0500] "GET /portaldeninos/wp-content/uploads/2020/11/Jaboque-B-50x28.jpg HTTP/1.1" 200 1457
201.245.192.253 - - [20/Dec/2023:02:32:51 -0500] "POST /kwsrmcab/Wsrmcab  HTTP/1.1" 200 37894
157.55.39.59 - - [20/Dec/2023:02:32:58 -0500] "GET /BLA/resoluciones/AUTOS%202023/5651.pdf HTTP/1.1" 200 409706
201.245.192.253 - - [20/Dec/2023:02:32:59 -0500] "POST /forms/lservlet;jsessionid=ac16012b30d65f92fa67ce9340589b498a1304d31ae2.e3iSbxaKaheRe34Qc38TbN0Nb41ynknvrkLOlQzNp65In0 HTTP/1.1" 200 2
157.55.39.59 - - [20/Dec/2023:02:33:00 -0500] "GET /BLA/resoluciones/AUTOS%202023/5959.pdf HTTP/1.1" 200 409780
216.245.221.92 - - [20/Dec/2023:02:33:38 -0500] "HEAD / HTTP/1.1" 200 -
172.22.2.4 - - [20/Dec/2023:02:33:41 -0500] "GET /BLA/boletinlegal/vendor/laravel-filemanager/js/script.js HTTP/1.1" 404 1037
172.22.2.4 - - [20/Dec/2023:02:33:42 -0500] "GET /BLA/boletinlegal/dev/vendor/laravel-filemanager/js/script.js HTTP/1.1" 404 1037
172.22.2.4 - - [20/Dec/2023:02:33:43 -0500] "GET /BLA/boletinlegal/web/vendor/laravel-filemanager/js/script.js HTTP/1.1" 404 1037
172.22.2.4 - - [20/Dec/2023:02:33:45 -0500] "GET /BLA/boletinlegal/covid/vendor/laravel-filemanager/js/script.js HTTP/1.1" 404 1037
172.22.2.4 - - [20/Dec/2023:02:33:46 -0500] "GET /BLA/boletinlegal/protected/vendor/laravel-filemanager/js/script.js HTTP/1.1" 404 1037
172.22.2.4 - - [20/Dec/2023:02:33:48 -0500] "GET /BLA/boletinlegal/blog/vendor/laravel-filemanager/js/script.js HTTP/1.1" 404 1037
172.22.2.4 - - [20/Dec/2023:02:33:49 -0500] "GET /BLA/boletinlegal/app/vendor/laravel-filemanager/js/script.js HTTP/1.1" 404 1037
172.22.2.4 - - [20/Dec/2023:02:33:50 -0500] "GET /BLA/boletinlegal/backend/vendor/laravel-filemanager/js/script.js HTTP/1.1" 404 1037
172.22.2.4 - - [20/Dec/2023:02:33:52 -0500] "GET /BLA/boletinlegal/public/laravel-filemanager/js/script.js HTTP/1.1" 404 1037
172.22.2.4 - - [20/Dec/2023:02:33:53 -0500] "GET /BLA/boletinlegal/laravel-filemanager/js/script.js HTTP/1.1" 404 1037
172.22.2.4 - - [20/Dec/2023:02:33:54 -0500] "GET /BLA/boletinlegal/app/laravel-filemanager/js/script.js HTTP/1.1" 404 1037
172.22.2.4 - - [20/Dec/2023:02:33:56 -0500] "GET /BLA/boletinlegal/filemanager/js/script.js HTTP/1.1" 404 1037
172.22.2.4 - - [20/Dec/2023:02:33:57 -0500] "GET /BLA/boletinlegal/file-manager/js/script.js HTTP/1.1" 404 1037
172.22.2.4 - - [20/Dec/2023:02:33:58 -0500] "GET /BLA/boletinlegal/backend/filemanager/js/script.js HTTP/1.1" 404 1037
172.22.2.4 - - [20/Dec/2023:02:34:00 -0500] "GET /BLA/boletinlegal/backend/laravel-filemanager/js/script.js HTTP/1.1" 404 1037
172.22.2.4 - - [20/Dec/2023:02:34:01 -0500] "GET /BLA/boletinlegal/backend/file-manager/js/script.js HTTP/1.1" 404 1037
172.22.2.4 - - [20/Dec/2023:02:34:02 -0500] "GET /BLA/boletinlegal/public/filemanager/js/script.js HTTP/1.1" 404 1037
172.22.2.4 - - [20/Dec/2023:02:34:04 -0500] "GET /BLA/boletinlegal/vendor/laravel-filemanager HTTP/1.1" 404 1037
172.22.2.4 - - [20/Dec/2023:02:34:06 -0500] "GET /BLA/boletinlegal/public/laravel-filemanager HTTP/1.1" 404 1037
172.22.2.4 - - [20/Dec/2023:02:34:07 -0500] "GET /BLA/boletinlegal/laravel-filemanager HTTP/1.1" 404 1037
172.22.2.4 - - [20/Dec/2023:02:32:28 -0500] "HEAD /BLA/boletinlegal/ HTTP/1.1" 200 -
172.22.2.4 - - [20/Dec/2023:02:34:08 -0500] "GET /BLA/boletinlegal/app/laravel-filemanager HTTP/1.1" 404 1037
172.22.2.4 - - [20/Dec/2023:02:34:10 -0500] "GET /BLA/boletinlegal/filemanager HTTP/1.1" 404 1037
172.22.2.4 - - [20/Dec/2023:02:34:11 -0500] "GET /BLA/boletinlegal/file-manager HTTP/1.1" 404 1037
172.22.2.4 - - [20/Dec/2023:02:34:13 -0500] "GET /BLA/boletinlegal/backend/filemanager HTTP/1.1" 404 1037
172.22.2.4 - - [20/Dec/2023:02:34:14 -0500] "GET /BLA/boletinlegal/backend/laravel-filemanager HTTP/1.1" 404 1037
172.22.2.4 - - [20/Dec/2023:02:34:15 -0500] "GET /BLA/boletinlegal/backend/file-manager HTTP/1.1" 404 1037
172.22.2.4 - - [20/Dec/2023:02:34:17 -0500] "GET /BLA/boletinlegal/public/filemanager HTTP/1.1" 404 1037
172.22.2.4 - - [20/Dec/2023:02:33:18 -0500] "GET /BLA/boletinlegal/ HTTP/1.1" 200 60905
201.245.192.253 - - [20/Dec/2023:02:34:59 -0500] "POST /forms/lservlet;jsessionid=ac16012b30d65f92fa67ce9340589b498a1304d31ae2.e3iSbxaKaheRe34Qc38TbN0Nb41ynknvrkLOlQzNp65In0 HTTP/1.1" 200 2
207.46.13.128 - - [20/Dec/2023:02:36:09 -0500] "GET /BLA/resoluciones/AUTOS%202023/4515.pdf HTTP/1.1" 200 641647
201.245.192.253 - - [20/Dec/2023:02:36:37 -0500] "POST /kwsrmcab/Wsrmcab HTTP/1.1" 200 38674
201.245.192.253 - - [20/Dec/2023:02:36:40 -0500] "POST /kwsrmcab/Wsrmcab HTTP/1.1" 200 36519
201.245.192.253 - - [20/Dec/2023:02:36:59 -0500] "POST /forms/lservlet;jsessionid=ac16012b30d65f92fa67ce9340589b498a1304d31ae2.e3iSbxaKaheRe34Qc38TbN0Nb41ynknvrkLOlQzNp65In0 HTTP/1.1" 200 2
66.249.66.194 - - [20/Dec/2023:02:37:00 -0500] "GET /distrito-avanza-con-la-plantacion-de-arboles-186-nuevos-individuos-fueron-sembrados-en-el-humedal-capellania.html HTTP/1.1" 200 990
201.245.192.253 - - [20/Dec/2023:02:37:50 -0500] "POST /kwsrmcab/Wsrmcab  HTTP/1.1" 200 37894
216.245.221.92 - - [20/Dec/2023:02:38:38 -0500] "HEAD / HTTP/1.1" 200 -
201.245.192.253 - - [20/Dec/2023:02:38:59 -0500] "POST /forms/lservlet;jsessionid=ac16012b30d65f92fa67ce9340589b498a1304d31ae2.e3iSbxaKaheRe34Qc38TbN0Nb41ynknvrkLOlQzNp65In0 HTTP/1.1" 200 2
172.22.2.4 - - [20/Dec/2023:02:39:13 -0500] "POST /BLA/boletinlegal/vpnsvc/connect.cgi HTTP/1.1" 404 1018
172.22.2.4 - - [20/Dec/2023:02:38:18 -0500] "HEAD /BLA/boletinlegal/ HTTP/1.1" 200 -
201.245.192.253 - - [20/Dec/2023:02:40:32 -0500] "POST /kwsrmcab/Wsrmcab HTTP/1.1" 200 38674
201.245.192.253 - - [20/Dec/2023:02:40:37 -0500] "POST /kwsrmcab/Wsrmcab HTTP/1.1" 200 36519
172.22.2.4 - - [20/Dec/2023:02:39:08 -0500] "GET /BLA/boletinlegal/ HTTP/1.1" 200 60497
201.245.192.253 - - [20/Dec/2023:02:40:59 -0500] "POST /forms/lservlet;jsessionid=ac16012b30d65f92fa67ce9340589b498a1304d31ae2.e3iSbxaKaheRe34Qc38TbN0Nb41ynknvrkLOlQzNp65In0 HTTP/1.1" 200 2
157.55.39.51 - - [20/Dec/2023:02:42:38 -0500] "GET /BLA/resoluciones/AUTOS%202023/3906.pdf HTTP/1.1" 200 416187
201.245.192.253 - - [20/Dec/2023:02:42:48 -0500] "POST /kwsrmcab/Wsrmcab  HTTP/1.1" 200 37894
201.245.192.253 - - [20/Dec/2023:02:42:59 -0500] "POST /forms/lservlet;jsessionid=ac16012b30d65f92fa67ce9340589b498a1304d31ae2.e3iSbxaKaheRe34Qc38TbN0Nb41ynknvrkLOlQzNp65In0 HTTP/1.1" 200 2
152.61.192.232 - - [20/Dec/2023:02:42:58 -0500] "GET /arcgis/services/Calidad_del_Agua_WQI/MapServer/WMSServer?request=GetCapabilities&service=WMS HTTP/1.1" 503 1020
152.61.192.232 - - [20/Dec/2023:02:43:00 -0500] "GET /arcgis/services/Calidad_del_Agua_WQI/MapServer/WMSServer?SERVICE=WMS&REQUEST=GetCapabilities HTTP/1.1" 503 1020
152.61.192.232 - - [20/Dec/2023:02:43:00 -0500] "GET /arcgis/services/Calidad_del_Agua_WQI/MapServer/WMSServer?WMTVER=1.0.0&REQUEST=capabilities HTTP/1.1" 503 1020
207.90.244.3 - - [20/Dec/2023:02:43:38 -0500] "GET / HTTP/1.1" 200 319
216.245.221.92 - - [20/Dec/2023:02:43:38 -0500] "HEAD / HTTP/1.1" 200 -
207.90.244.3 - - [20/Dec/2023:02:43:38 -0500] "GET /robots.txt HTTP/1.1" 404 1018
207.90.244.3 - - [20/Dec/2023:02:43:38 -0500] "GET /sitemap.xml HTTP/1.1" 404 1018
207.90.244.3 - - [20/Dec/2023:02:43:38 -0500] "GET /.well-known/security.txt HTTP/1.1" 404 1018
207.90.244.3 - - [20/Dec/2023:02:43:38 -0500] "GET /favicon.ico HTTP/1.1" 200 7782
52.173.144.77 - - [20/Dec/2023:02:44:09 -0500] "GET /robots.txt HTTP/1.1" 404 1034
40.77.167.235 - - [20/Dec/2023:02:44:36 -0500] "GET /portaldeninos/?s=2024 HTTP/1.1" 200 85855
201.245.192.253 - - [20/Dec/2023:02:44:59 -0500] "POST /forms/lservlet;jsessionid=ac16012b30d65f92fa67ce9340589b498a1304d31ae2.e3iSbxaKaheRe34Qc38TbN0Nb41ynknvrkLOlQzNp65In0 HTTP/1.1" 200 2
172.22.2.4 - - [20/Dec/2023:02:44:08 -0500] "HEAD /BLA/boletinlegal/ HTTP/1.1" 200 -
172.22.2.4 - - [20/Dec/2023:02:44:58 -0500] "GET /BLA/boletinlegal/ HTTP/1.1" 200 60905
201.245.192.253 - - [20/Dec/2023:02:46:59 -0500] "POST /forms/lservlet;jsessionid=ac16012b30d65f92fa67ce9340589b498a1304d31ae2.e3iSbxaKaheRe34Qc38TbN0Nb41ynknvrkLOlQzNp65In0 HTTP/1.1" 200 2
201.245.192.253 - - [20/Dec/2023:02:47:47 -0500] "POST /kwsrmcab/Wsrmcab  HTTP/1.1" 200 37894
216.245.221.92 - - [20/Dec/2023:02:48:38 -0500] "HEAD / HTTP/1.1" 200 -
201.245.192.253 - - [20/Dec/2023:02:48:59 -0500] "POST /forms/lservlet;jsessionid=ac16012b30d65f92fa67ce9340589b498a1304d31ae2.e3iSbxaKaheRe34Qc38TbN0Nb41ynknvrkLOlQzNp65In0 HTTP/1.1" 200 2
201.245.192.253 - - [20/Dec/2023:02:50:59 -0500] "POST /forms/lservlet;jsessionid=ac16012b30d65f92fa67ce9340589b498a1304d31ae2.e3iSbxaKaheRe34Qc38TbN0Nb41ynknvrkLOlQzNp65In0 HTTP/1.1" 200 2
172.22.2.4 - - [20/Dec/2023:02:49:58 -0500] "HEAD /BLA/boletinlegal/ HTTP/1.1" 200 -
172.22.2.4 - - [20/Dec/2023:02:50:48 -0500] "GET /BLA/boletinlegal/ HTTP/1.1" 200 58562
201.245.192.253 - - [20/Dec/2023:02:52:46 -0500] "POST /kwsrmcab/Wsrmcab  HTTP/1.1" 200 37894
201.245.192.253 - - [20/Dec/2023:02:52:59 -0500] "POST /forms/lservlet;jsessionid=ac16012b30d65f92fa67ce9340589b498a1304d31ae2.e3iSbxaKaheRe34Qc38TbN0Nb41ynknvrkLOlQzNp65In0 HTTP/1.1" 200 2
216.245.221.92 - - [20/Dec/2023:02:53:38 -0500] "HEAD / HTTP/1.1" 200 -
201.245.192.253 - - [20/Dec/2023:02:54:59 -0500] "POST /forms/lservlet;jsessionid=ac16012b30d65f92fa67ce9340589b498a1304d31ae2.e3iSbxaKaheRe34Qc38TbN0Nb41ynknvrkLOlQzNp65In0 HTTP/1.1" 200 2
201.245.192.253 - - [20/Dec/2023:02:56:59 -0500] "POST /forms/lservlet;jsessionid=ac16012b30d65f92fa67ce9340589b498a1304d31ae2.e3iSbxaKaheRe34Qc38TbN0Nb41ynknvrkLOlQzNp65In0 HTTP/1.1" 200 2
190.60.36.2 - - [20/Dec/2023:01:17:23 -0500] "POST /sipse/faces/presentacion/financiero/solicitudProceso/listarSolicitudProceso.xhtml HTTP/1.1" 400 1022
172.22.2.4 - - [20/Dec/2023:02:55:48 -0500] "HEAD /BLA/boletinlegal/ HTTP/1.1" 200 -
201.245.192.253 - - [20/Dec/2023:02:57:44 -0500] "POST /kwsrmcab/Wsrmcab  HTTP/1.1" 200 37894
172.22.2.4 - - [20/Dec/2023:02:56:38 -0500] "GET /BLA/boletinlegal/ HTTP/1.1" 200 58964
52.167.144.166 - - [20/Dec/2023:02:58:37 -0500] "GET /conoces-el-indice-bogotano-de-calidad-del-aire-y-riesgo-en-salud-iboca.html HTTP/1.1" 200 805
216.245.221.92 - - [20/Dec/2023:02:58:38 -0500] "HEAD / HTTP/1.1" 200 -
201.245.192.253 - - [20/Dec/2023:02:58:59 -0500] "POST /forms/lservlet;jsessionid=ac16012b30d65f92fa67ce9340589b498a1304d31ae2.e3iSbxaKaheRe34Qc38TbN0Nb41ynknvrkLOlQzNp65In0 HTTP/1.1" 200 2
66.249.66.77 - - [20/Dec/2023:02:59:30 -0500] "GET /portaldeninos/ HTTP/1.1" 200 110175
66.249.66.75 - - [20/Dec/2023:02:59:34 -0500] "GET /portaldeninos/wp-includes/js/jquery/ui/position.min.js?ver=1.11.4 HTTP/1.1" 200 6527
66.249.66.75 - - [20/Dec/2023:02:59:35 -0500] "GET /portaldeninos/wp-content/plugins/popup-maker/assets/js/site.min.js?defer&ver=1.8.14 HTTP/1.1" 200 48457
66.249.66.75 - - [20/Dec/2023:02:59:36 -0500] "GET /portaldeninos/wp-content/plugins/popup-maker/assets/css/site.min.css?ver=1.8.14 HTTP/1.1" 200 8260
157.55.39.10 - - [20/Dec/2023:03:00:38 -0500] "GET /BLA/resoluciones/RESOLUCIONES%202021/5089.pdf HTTP/1.1" 200 346697
201.245.192.253 - - [20/Dec/2023:03:00:59 -0500] "POST /forms/lservlet;jsessionid=ac16012b30d65f92fa67ce9340589b498a1304d31ae2.e3iSbxaKaheRe34Qc38TbN0Nb41ynknvrkLOlQzNp65In0 HTTP/1.1" 200 2
216.244.66.195 - - [20/Dec/2023:03:01:46 -0500] "GET /BLA/resoluciones/AUTOS%202023/3232.pdf HTTP/1.1" 200 405738
157.55.39.11 - - [20/Dec/2023:03:02:10 -0500] "GET /BLA/resoluciones/AUTOS%202023/5852.pdf HTTP/1.1" 200 400245
216.244.66.195 - - [20/Dec/2023:03:02:30 -0500] "GET /BLA/resoluciones/AUTOS%202023/3282.pdf HTTP/1.1" 200 441546
201.245.192.253 - - [20/Dec/2023:03:02:43 -0500] "POST /kwsrmcab/Wsrmcab  HTTP/1.1" 200 37894
201.245.192.253 - - [20/Dec/2023:03:02:59 -0500] "POST /forms/lservlet;jsessionid=ac16012b30d65f92fa67ce9340589b498a1304d31ae2.e3iSbxaKaheRe34Qc38TbN0Nb41ynknvrkLOlQzNp65In0 HTTP/1.1" 200 2
216.244.66.195 - - [20/Dec/2023:03:03:16 -0500] "GET /BLA/resoluciones/AUTOS%202023/3305.pdf HTTP/1.1" 200 1932430
172.22.2.4 - - [20/Dec/2023:03:01:38 -0500] "HEAD /BLA/boletinlegal/ HTTP/1.1" 200 -
168.119.253.21 - - [20/Dec/2023:03:03:29 -0500] "GET / HTTP/1.1" 200 319
168.119.253.21 - - [20/Dec/2023:03:03:29 -0500] "GET / HTTP/1.1" 200 4720
216.245.221.92 - - [20/Dec/2023:03:03:38 -0500] "HEAD / HTTP/1.1" 200 -
172.22.2.4 - - [20/Dec/2023:03:02:28 -0500] "GET /BLA/boletinlegal/ HTTP/1.1" 200 58562
216.244.66.195 - - [20/Dec/2023:03:04:10 -0500] "GET /BLA/resoluciones/AUTOS%202023/3318.pdf HTTP/1.1" 200 584094
201.245.192.253 - - [20/Dec/2023:03:04:59 -0500] "POST /forms/lservlet;jsessionid=ac16012b30d65f92fa67ce9340589b498a1304d31ae2.e3iSbxaKaheRe34Qc38TbN0Nb41ynknvrkLOlQzNp65In0 HTTP/1.1" 200 2
216.244.66.195 - - [20/Dec/2023:03:05:00 -0500] "GET /BLA/resoluciones/AUTOS%202023/3634.pdf HTTP/1.1" 200 499651
157.55.39.10 - - [20/Dec/2023:03:05:39 -0500] "GET /BLA/resoluciones/AUTOS%202023/3708.pdf HTTP/1.1" 200 2794779
216.244.66.195 - - [20/Dec/2023:03:05:43 -0500] "GET /BLA/resoluciones/AUTOS%202023/3686.pdf HTTP/1.1" 200 458611
207.46.13.168 - - [20/Dec/2023:03:05:51 -0500] "GET /BLA/resoluciones/RESOLUCIONES%202023/0517.pdf HTTP/1.1" 304 -
216.244.66.195 - - [20/Dec/2023:03:06:26 -0500] "GET /BLA/resoluciones/AUTOS%202023/3731.pdf HTTP/1.1" 200 3173744
201.245.192.253 - - [20/Dec/2023:03:06:59 -0500] "POST /forms/lservlet;jsessionid=ac16012b30d65f92fa67ce9340589b498a1304d31ae2.e3iSbxaKaheRe34Qc38TbN0Nb41ynknvrkLOlQzNp65In0 HTTP/1.1" 200 2
216.244.66.195 - - [20/Dec/2023:03:07:16 -0500] "GET /BLA/resoluciones/AUTOS%202023/3869.pdf HTTP/1.1" 200 1878894
172.22.2.4 - - [20/Dec/2023:03:07:37 -0500] "GET /BLA/boletinlegal/robots.txt HTTP/1.1" 404 1038
201.245.192.253 - - [20/Dec/2023:03:07:41 -0500] "POST /kwsrmcab/Wsrmcab  HTTP/1.1" 200 37894
216.244.66.195 - - [20/Dec/2023:03:08:06 -0500] "GET /BLA/resoluciones/RESOLUCIONES%202022/4720.pdf HTTP/1.1" 200 490301
216.244.66.195 - - [20/Dec/2023:03:08:38 -0500] "GET /BLA/resoluciones/RESOLUCIONES%202016/1285.pdf HTTP/1.1" 200 797887
216.245.221.92 - - [20/Dec/2023:03:08:38 -0500] "HEAD / HTTP/1.1" 200 -
201.245.192.253 - - [20/Dec/2023:03:08:59 -0500] "POST /forms/lservlet;jsessionid=ac16012b30d65f92fa67ce9340589b498a1304d31ae2.e3iSbxaKaheRe34Qc38TbN0Nb41ynknvrkLOlQzNp65In0 HTTP/1.1" 200 2
172.22.2.4 - - [20/Dec/2023:03:07:28 -0500] "HEAD /BLA/boletinlegal/ HTTP/1.1" 200 -
216.244.66.195 - - [20/Dec/2023:03:09:09 -0500] "GET /BLA/resoluciones/RESOLUCIONES%202016/1790.pdf HTTP/1.1" 200 1027753
172.22.2.4 - - [20/Dec/2023:03:07:39 -0500] "GET /BLA/boletinlegal/index.php HTTP/1.1" 200 48389
216.244.66.195 - - [20/Dec/2023:03:09:56 -0500] "GET /BLA/resoluciones/RESOLUCIONES%202016/1888.pdf HTTP/1.1" 200 779518
172.22.2.4 - - [20/Dec/2023:03:08:18 -0500] "GET /BLA/boletinlegal/ HTTP/1.1" 200 50581
216.244.66.195 - - [20/Dec/2023:03:10:31 -0500] "GET /BLA/resoluciones/RESOLUCIONES%202016/1996.pdf HTTP/1.1" 200 362548
201.245.192.253 - - [20/Dec/2023:03:10:59 -0500] "POST /forms/lservlet;jsessionid=ac16012b30d65f92fa67ce9340589b498a1304d31ae2.e3iSbxaKaheRe34Qc38TbN0Nb41ynknvrkLOlQzNp65In0 HTTP/1.1" 200 2
216.244.66.195 - - [20/Dec/2023:03:11:02 -0500] "GET /BLA/resoluciones/RESOLUCIONES%202017/0083.pdf HTTP/1.1" 200 684497
216.244.66.195 - - [20/Dec/2023:03:11:39 -0500] "GET /BLA/resoluciones/RESOLUCIONES%202017/0332.pdf HTTP/1.1" 200 361165
201.245.192.253 - - [20/Dec/2023:03:12:39 -0500] "POST /kwsrmcab/Wsrmcab  HTTP/1.1" 200 37894
201.245.192.253 - - [20/Dec/2023:03:12:59 -0500] "POST /forms/lservlet;jsessionid=ac16012b30d65f92fa67ce9340589b498a1304d31ae2.e3iSbxaKaheRe34Qc38TbN0Nb41ynknvrkLOlQzNp65In0 HTTP/1.1" 200 2
216.245.221.92 - - [20/Dec/2023:03:13:38 -0500] "HEAD / HTTP/1.1" 200 -
172.22.2.4 - - [20/Dec/2023:03:13:18 -0500] "HEAD /BLA/boletinlegal/ HTTP/1.1" 200 -
201.245.192.253 - - [20/Dec/2023:03:14:59 -0500] "POST /forms/lservlet;jsessionid=ac16012b30d65f92fa67ce9340589b498a1304d31ae2.e3iSbxaKaheRe34Qc38TbN0Nb41ynknvrkLOlQzNp65In0 HTTP/1.1" 200 2
172.22.2.4 - - [20/Dec/2023:03:14:08 -0500] "GET /BLA/boletinlegal/ HTTP/1.1" 200 60497
156.59.198.135 - - [20/Dec/2023:03:16:14 -0500] "GET /BLA/resoluciones/RESOLUCIONES%202004/1799.pdf HTTP/1.0" 200 175771
157.55.39.8 - - [20/Dec/2023:03:16:19 -0500] "GET /BLA/resoluciones/AUTOS%202023/3876.pdf HTTP/1.1" 200 480529
156.59.198.135 - - [20/Dec/2023:03:16:37 -0500] "GET /BLA/resoluciones/RESOLUCIONES%202004/1738.pdf HTTP/1.0" 200 139905
201.245.192.253 - - [20/Dec/2023:03:16:37 -0500] "POST /kwsrmcab/Wsrmcab HTTP/1.1" 200 38507
201.245.192.253 - - [20/Dec/2023:03:16:40 -0500] "POST /kwsrmcab/Wsrmcab HTTP/1.1" 200 36516
201.245.192.253 - - [20/Dec/2023:03:16:59 -0500] "POST /forms/lservlet;jsessionid=ac16012b30d65f92fa67ce9340589b498a1304d31ae2.e3iSbxaKaheRe34Qc38TbN0Nb41ynknvrkLOlQzNp65In0 HTTP/1.1" 200 2
156.59.198.136 - - [20/Dec/2023:03:17:03 -0500] "GET /BLA/resoluciones/RESOLUCIONES%202004/RESOLUCION%202163%20DE%202004.PDF HTTP/1.0" 200 359976
207.46.13.128 - - [20/Dec/2023:03:17:03 -0500] "GET /BLA/resoluciones/RESOLUCIONES%202021/1618.pdf HTTP/1.1" 200 351563
216.244.66.195 - - [20/Dec/2023:03:17:26 -0500] "GET /robots.txt HTTP/1.1" 404 1018
156.59.198.135 - - [20/Dec/2023:03:17:28 -0500] "GET /BLA/resoluciones/RESOLUCIONES%202004/0004.pdf HTTP/1.0" 200 124595
201.245.192.253 - - [20/Dec/2023:03:17:37 -0500] "POST /kwsrmcab/Wsrmcab  HTTP/1.1" 200 37894
156.59.198.136 - - [20/Dec/2023:03:17:52 -0500] "GET /BLA/resoluciones/RESOLUCIONES%202004/1378.pdf HTTP/1.0" 200 741322
156.59.198.135 - - [20/Dec/2023:03:18:16 -0500] "GET /BLA/resoluciones/RESOLUCIONES%202004/0829.pdf HTTP/1.0" 200 22476
216.245.221.92 - - [20/Dec/2023:03:18:38 -0500] "HEAD / HTTP/1.1" 200 -
156.59.198.136 - - [20/Dec/2023:03:18:40 -0500] "GET /BLA/resoluciones/RESOLUCIONES%202004/RESOLUCION%20001%20DE%202004.PDF HTTP/1.0" 200 551142
201.245.192.253 - - [20/Dec/2023:03:18:59 -0500] "POST /forms/lservlet;jsessionid=ac16012b30d65f92fa67ce9340589b498a1304d31ae2.e3iSbxaKaheRe34Qc38TbN0Nb41ynknvrkLOlQzNp65In0 HTTP/1.1" 200 2
156.59.198.136 - - [20/Dec/2023:03:19:06 -0500] "GET /BLA/resoluciones/RESOLUCIONES%202004/1739.pdf HTTP/1.0" 200 179501
156.59.198.136 - - [20/Dec/2023:03:19:29 -0500] "GET /BLA/resoluciones/RESOLUCIONES%202004/0683.pdf HTTP/1.0" 200 74389
156.59.198.136 - - [20/Dec/2023:03:19:54 -0500] "GET /BLA/resoluciones/RESOLUCIONES%202004/0212.pdf HTTP/1.0" 200 367489
52.167.144.145 - - [20/Dec/2023:03:20:08 -0500] "GET /portaldeninos/wp-content/uploads/2020/11/C%C3%B3rdoba-B-50x28.jpg HTTP/1.1" 200 1336
156.59.198.135 - - [20/Dec/2023:03:20:19 -0500] "GET /BLA/resoluciones/RESOLUCIONES%202004/RESOLUCION%20991%20DE%202004.PDF HTTP/1.0" 200 374888
201.245.192.253 - - [20/Dec/2023:03:20:33 -0500] "POST /kwsrmcab/Wsrmcab HTTP/1.1" 200 38507
201.245.192.253 - - [20/Dec/2023:03:20:38 -0500] "POST /kwsrmcab/Wsrmcab HTTP/1.1" 200 36516
156.59.198.136 - - [20/Dec/2023:03:20:43 -0500] "GET /BLA/resoluciones/RESOLUCIONES%202004/RESOLUCION%201075%20DE%202004.PDF HTTP/1.0" 200 370085
172.22.2.4 - - [20/Dec/2023:03:20:45 -0500] "GET /BLA/boletinlegal/login HTTP/1.1" 404 1018
172.22.2.4 - - [20/Dec/2023:03:19:08 -0500] "HEAD /BLA/boletinlegal/ HTTP/1.1" 200 -
201.245.192.253 - - [20/Dec/2023:03:20:59 -0500] "POST /forms/lservlet;jsessionid=ac16012b30d65f92fa67ce9340589b498a1304d31ae2.e3iSbxaKaheRe34Qc38TbN0Nb41ynknvrkLOlQzNp65In0 HTTP/1.1" 200 2
156.59.198.135 - - [20/Dec/2023:03:21:08 -0500] "GET /BLA/resoluciones/RESOLUCIONES%202004/0346.pdf HTTP/1.0" 200 41549
156.59.198.136 - - [20/Dec/2023:03:21:30 -0500] "GET /BLA/resoluciones/RESOLUCIONES%202004/2227.pdf HTTP/1.0" 200 191801
172.22.2.4 - - [20/Dec/2023:03:19:58 -0500] "GET /BLA/boletinlegal/ HTTP/1.1" 200 58167
51.222.253.12 - - [20/Dec/2023:03:21:44 -0500] "GET /portaldeninos/biodiversidad/ HTTP/1.1" 200 86633
51.222.253.13 - - [20/Dec/2023:03:21:47 -0500] "GET /portaldeninos/gestion-del-riesgo-incendios-forestales/ HTTP/1.1" 200 86825
51.222.253.18 - - [20/Dec/2023:03:21:48 -0500] "GET /portaldeninos/que-es-cambio-climatico/ HTTP/1.1" 200 86727
156.59.198.136 - - [20/Dec/2023:03:21:57 -0500] "GET /BLA/resoluciones/RESOLUCIONES%202004/0088.pdf HTTP/1.0" 200 77547
156.59.198.135 - - [20/Dec/2023:03:22:20 -0500] "GET /BLA/resoluciones/RESOLUCIONES%202004/2163.pdf HTTP/1.0" 200 359976
201.245.192.253 - - [20/Dec/2023:03:22:35 -0500] "POST /kwsrmcab/Wsrmcab  HTTP/1.1" 200 37894
156.59.198.135 - - [20/Dec/2023:03:22:46 -0500] "GET /BLA/resoluciones/RESOLUCIONES%202004/0195.pdf HTTP/1.0" 200 53458
201.245.192.253 - - [20/Dec/2023:03:22:59 -0500] "POST /forms/lservlet;jsessionid=ac16012b30d65f92fa67ce9340589b498a1304d31ae2.e3iSbxaKaheRe34Qc38TbN0Nb41ynknvrkLOlQzNp65In0 HTTP/1.1" 200 2
156.59.198.136 - - [20/Dec/2023:03:23:10 -0500] "GET /BLA/resoluciones/RESOLUCIONES%202004/RESOLUCION%201728%20DE%202004.PDF HTTP/1.0" 200 525919
156.59.198.136 - - [20/Dec/2023:03:23:36 -0500] "GET /BLA/resoluciones/RESOLUCIONES%202004/0991.pdf HTTP/1.0" 200 97422
216.245.221.92 - - [20/Dec/2023:03:23:38 -0500] "HEAD / HTTP/1.1" 200 -
156.59.198.136 - - [20/Dec/2023:03:23:59 -0500] "GET /BLA/resoluciones/RESOLUCIONES%202004/RESOLUCION%201001%20DE%202004.PDF HTTP/1.0" 200 401977
156.59.198.136 - - [20/Dec/2023:03:24:24 -0500] "GET /BLA/resoluciones/RESOLUCIONES%202004/0197.pdf HTTP/1.0" 200 368420
40.77.167.41 - - [20/Dec/2023:03:24:28 -0500] "GET /mas-de-738-personas-asistieron-a-la-feria-ambiental-de-servicios-a-la-ciudadania-2023.html HTTP/1.1" 200 942
40.77.167.41 - - [20/Dec/2023:03:24:28 -0500] "GET /bogota-actualiza-su-plan-de-gestion-ambiental-para-un-conseguir-un-futuro-mas-sostenible.html HTTP/1.1" 200 796
40.77.167.41 - - [20/Dec/2023:03:24:29 -0500] "GET /distrito-recupera-mas-de-20-kilogramos-de-musgo-y-dos-aves-silvestres.html HTTP/1.1" 200 857
156.59.198.135 - - [20/Dec/2023:03:24:49 -0500] "GET /BLA/resoluciones/RESOLUCIONES%202004/1075.pdf HTTP/1.0" 200 104723
201.245.192.253 - - [20/Dec/2023:03:24:59 -0500] "POST /forms/lservlet;jsessionid=ac16012b30d65f92fa67ce9340589b498a1304d31ae2.e3iSbxaKaheRe34Qc38TbN0Nb41ynknvrkLOlQzNp65In0 HTTP/1.1" 200 2
156.59.198.135 - - [20/Dec/2023:03:25:11 -0500] "GET /BLA/resoluciones/RESOLUCIONES%202004/RESOLUCION%20676%20DE%202004.PDF HTTP/1.0" 200 861625
157.55.39.53 - - [20/Dec/2023:03:25:34 -0500] "GET /BLA/resoluciones/AUTOS%202023/3692.pdf HTTP/1.1" 200 430942
156.59.198.136 - - [20/Dec/2023:03:25:35 -0500] "GET /BLA/resoluciones/RESOLUCIONES%202004/1001.pdf HTTP/1.0" 200 401977
157.55.39.49 - - [20/Dec/2023:03:25:41 -0500] "GET /BLA/resoluciones/AUTOS%202023/3803.pdf HTTP/1.1" 200 2622127
156.59.198.136 - - [20/Dec/2023:03:26:00 -0500] "GET /BLA/resoluciones/RESOLUCIONES%202004/RESOLUCION%20486%20DE%202004.PDF HTTP/1.0" 200 1003503
156.59.198.135 - - [20/Dec/2023:03:26:25 -0500] "GET /BLA/resoluciones/RESOLUCIONES%202004/1608.pdf HTTP/1.0" 200 305045
172.22.2.4 - - [20/Dec/2023:03:24:58 -0500] "HEAD /BLA/boletinlegal/ HTTP/1.1" 200 -
201.245.192.253 - - [20/Dec/2023:03:26:37 -0500] "POST /kwsrmcab/Wsrmcab HTTP/1.1" 200 38507
201.245.192.253 - - [20/Dec/2023:03:26:40 -0500] "POST /kwsrmcab/Wsrmcab HTTP/1.1" 200 36516
156.59.198.135 - - [20/Dec/2023:03:26:51 -0500] "GET /BLA/resoluciones/RESOLUCIONES%202004/RESOLUCION%20835%20DE%202004.PDF HTTP/1.0" 200 526767
201.245.192.253 - - [20/Dec/2023:03:26:59 -0500] "POST /forms/lservlet;jsessionid=ac16012b30d65f92fa67ce9340589b498a1304d31ae2.e3iSbxaKaheRe34Qc38TbN0Nb41ynknvrkLOlQzNp65In0 HTTP/1.1" 200 2
156.59.198.135 - - [20/Dec/2023:03:27:15 -0500] "GET /BLA/resoluciones/RESOLUCIONES%202004/RESOLUCION%201377%20DE%202004.PDF HTTP/1.0" 200 758225
207.46.13.54 - - [20/Dec/2023:03:27:22 -0500] "GET /BLA/resoluciones/AUTOS%202023/4371.pdf HTTP/1.1" 200 372720
172.22.2.4 - - [20/Dec/2023:03:25:48 -0500] "GET /BLA/boletinlegal/ HTTP/1.1" 200 58562
201.245.192.253 - - [20/Dec/2023:03:27:35 -0500] "POST /kwsrmcab/Wsrmcab  HTTP/1.1" 200 37894
156.59.198.135 - - [20/Dec/2023:03:27:38 -0500] "GET /BLA/resoluciones/RESOLUCIONES%202004/RESOLUCION%20747%20DE%202004.PDF HTTP/1.0" 200 1204491
156.59.198.136 - - [20/Dec/2023:03:28:05 -0500] "GET /BLA/resoluciones/RESOLUCIONES%202004/RESOLUCION%20829%20DE%202004.PDF HTTP/1.0" 200 158476
156.59.198.136 - - [20/Dec/2023:03:28:29 -0500] "GET /BLA/resoluciones/RESOLUCIONES%202004/0380.pdf HTTP/1.0" 200 28763
216.245.221.92 - - [20/Dec/2023:03:28:38 -0500] "HEAD / HTTP/1.1" 200 -
156.59.198.135 - - [20/Dec/2023:03:28:53 -0500] "GET /BLA/resoluciones/RESOLUCIONES%202004/0386.pdf HTTP/1.0" 200 203263
201.245.192.253 - - [20/Dec/2023:03:28:59 -0500] "POST /forms/lservlet;jsessionid=ac16012b30d65f92fa67ce9340589b498a1304d31ae2.e3iSbxaKaheRe34Qc38TbN0Nb41ynknvrkLOlQzNp65In0 HTTP/1.1" 200 2
156.59.198.136 - - [20/Dec/2023:03:29:17 -0500] "GET /BLA/resoluciones/RESOLUCIONES%202004/0685.pdf HTTP/1.0" 200 91658
156.59.198.136 - - [20/Dec/2023:03:29:44 -0500] "GET /BLA/resoluciones/RESOLUCIONES%202004/RESOLUCION%202130%20DE%202004.PDF HTTP/1.0" 200 603358
156.59.198.136 - - [20/Dec/2023:03:30:09 -0500] "GET /BLA/resoluciones/RESOLUCIONES%202004/0958.pdf HTTP/1.0" 200 91834
156.59.198.136 - - [20/Dec/2023:03:30:32 -0500] "GET /BLA/resoluciones/RESOLUCIONES%202004/RESOLUCION%20834%20DE%202004.PDF HTTP/1.0" 200 705171
201.245.192.253 - - [20/Dec/2023:03:30:32 -0500] "POST /kwsrmcab/Wsrmcab HTTP/1.1" 200 38507
172.22.2.4 - - [20/Dec/2023:03:30:39 -0500] "GET /BLA/boletinlegal/jurisprudencia/analisis/AnalisisT-606-15.docx HTTP/1.1" 200 26698
201.245.192.253 - - [20/Dec/2023:03:30:37 -0500] "POST /kwsrmcab/Wsrmcab HTTP/1.1" 200 36516
156.59.198.136 - - [20/Dec/2023:03:30:56 -0500] "GET /BLA/resoluciones/RESOLUCIONES%202004/0113.pdf HTTP/1.0" 200 175623
201.245.192.253 - - [20/Dec/2023:03:30:59 -0500] "POST /forms/lservlet;jsessionid=ac16012b30d65f92fa67ce9340589b498a1304d31ae2.e3iSbxaKaheRe34Qc38TbN0Nb41ynknvrkLOlQzNp65In0 HTTP/1.1" 200 2
156.59.198.135 - - [20/Dec/2023:03:31:21 -0500] "GET /BLA/resoluciones/RESOLUCIONES%202004/RESOLUCION%2088%20DE%202004.PDF HTTP/1.0" 200 340470
156.59.198.136 - - [20/Dec/2023:03:31:46 -0500] "GET /BLA/resoluciones/RESOLUCIONES%202004/RESOLUCION%201557%20DE%202004.PDF HTTP/1.0" 200 1131904
156.59.198.135 - - [20/Dec/2023:03:32:10 -0500] "GET /BLA/resoluciones/RESOLUCIONES%202004/0837.pdf HTTP/1.0" 200 35828
172.22.2.4 - - [20/Dec/2023:03:30:48 -0500] "HEAD /BLA/boletinlegal/ HTTP/1.1" 200 -
207.46.13.54 - - [20/Dec/2023:03:32:33 -0500] "GET /BLA/resoluciones/AUTOS%202023/4728.pdf HTTP/1.1" 200 2716771
156.59.198.135 - - [20/Dec/2023:03:32:35 -0500] "GET /BLA/resoluciones/RESOLUCIONES%202004/RESOLUCION%201739%20DE%202004.PDF HTTP/1.0" 200 179501
201.245.192.253 - - [20/Dec/2023:03:32:34 -0500] "POST /kwsrmcab/Wsrmcab  HTTP/1.1" 200 37894
156.59.198.135 - - [20/Dec/2023:03:32:58 -0500] "GET /BLA/resoluciones/RESOLUCIONES%202004/0151.pdf HTTP/1.0" 200 43475
201.245.192.253 - - [20/Dec/2023:03:32:59 -0500] "POST /forms/lservlet;jsessionid=ac16012b30d65f92fa67ce9340589b498a1304d31ae2.e3iSbxaKaheRe34Qc38TbN0Nb41ynknvrkLOlQzNp65In0 HTTP/1.1" 200 2
172.22.2.4 - - [20/Dec/2023:03:31:38 -0500] "GET /BLA/boletinlegal/ HTTP/1.1" 200 58562
156.59.198.136 - - [20/Dec/2023:03:33:24 -0500] "GET /BLA/resoluciones/RESOLUCIONES%202004/RESOLUCION%20958%20DE%202004.PDF HTTP/1.0" 200 391436
216.245.221.92 - - [20/Dec/2023:03:33:38 -0500] "HEAD / HTTP/1.1" 200 -
156.59.198.135 - - [20/Dec/2023:03:33:50 -0500] "GET /BLA/resoluciones/RESOLUCIONES%202004/0835.pdf HTTP/1.0" 200 123248
156.59.198.136 - - [20/Dec/2023:03:34:11 -0500] "GET /BLA/resoluciones/RESOLUCIONES%202004/RESOLUCION%20506%20DE%202004.PDF HTTP/1.0" 200 196881
156.59.198.136 - - [20/Dec/2023:03:34:36 -0500] "GET /BLA/resoluciones/RESOLUCIONES%202004/1467.pdf HTTP/1.0" 200 256699
157.55.39.202 - - [20/Dec/2023:03:34:44 -0500] "GET /BLA/resoluciones/AUTOS%202023/4445.pdf HTTP/1.1" 200 441317
201.245.192.253 - - [20/Dec/2023:03:34:59 -0500] "POST /forms/lservlet;jsessionid=ac16012b30d65f92fa67ce9340589b498a1304d31ae2.e3iSbxaKaheRe34Qc38TbN0Nb41ynknvrkLOlQzNp65In0 HTTP/1.1" 200 2
156.59.198.135 - - [20/Dec/2023:03:35:01 -0500] "GET /BLA/resoluciones/RESOLUCIONES%202004/0316.pdf HTTP/1.0" 200 205770
156.59.198.136 - - [20/Dec/2023:03:35:26 -0500] "GET /BLA/resoluciones/RESOLUCIONES%202004/RESOLUCION%20316%20DE%202004.PDF HTTP/1.0" 200 744937
156.59.198.136 - - [20/Dec/2023:03:35:49 -0500] "GET /BLA/resoluciones/RESOLUCIONES%202004/RESOLUCION%20272%20DE%202004.PDF HTTP/1.0" 200 2204823
156.59.198.135 - - [20/Dec/2023:03:36:14 -0500] "GET /BLA/resoluciones/RESOLUCIONES%202004/1580.pdf HTTP/1.0" 200 108241
168.119.252.242 - - [20/Dec/2023:03:36:35 -0500] "GET / HTTP/1.1" 200 319
168.119.252.242 - - [20/Dec/2023:03:36:35 -0500] "GET / HTTP/1.1" 200 4720
