190.60.36.2 - - [20/Dec/2023:00:52:34 -0500] "POST /sipse/faces/presentacion/financiero/solicitudProceso/listarSolicitudProceso.xhtml HTTP/1.1" 200 56403
190.60.36.2 - - [20/Dec/2023:00:52:35 -0500] "POST /sipse/faces/presentacion/financiero/solicitudProceso/listarSolicitudProceso.xhtml HTTP/1.1" 200 56403
190.60.36.2 - - [20/Dec/2023:00:52:36 -0500] "POST /sipse/faces/presentacion/financiero/solicitudProceso/listarSolicitudProceso.xhtml HTTP/1.1" 200 56403
190.60.36.2 - - [20/Dec/2023:00:52:36 -0500] "POST /sipse/faces/presentacion/financiero/solicitudProceso/listarSolicitudProceso.xhtml HTTP/1.1" 200 56403
190.60.36.2 - - [20/Dec/2023:00:52:36 -0500] "POST /sipse/faces/presentacion/financiero/solicitudProceso/listarSolicitudProceso.xhtml HTTP/1.1" 200 56403
190.60.36.2 - - [20/Dec/2023:00:52:37 -0500] "POST /sipse/faces/presentacion/financiero/solicitudProceso/listarSolicitudProceso.xhtml HTTP/1.1" 200 56403
190.60.36.2 - - [20/Dec/2023:00:52:37 -0500] "POST /sipse/faces/presentacion/financiero/solicitudProceso/listarSolicitudProceso.xhtml HTTP/1.1" 200 56403
190.60.36.2 - - [20/Dec/2023:00:52:37 -0500] "POST /sipse/faces/presentacion/financiero/solicitudProceso/listarSolicitudProceso.xhtml HTTP/1.1" 200 56403
190.60.36.2 - - [20/Dec/2023:00:52:40 -0500] "POST /sipse/faces/presentacion/financiero/solicitudProceso/listarSolicitudProceso.xhtml HTTP/1.1" 200 56403
190.60.36.2 - - [20/Dec/2023:00:52:40 -0500] "POST /sipse/faces/presentacion/financiero/solicitudProceso/listarSolicitudProceso.xhtml HTTP/1.1" 200 56403
190.60.36.2 - - [20/Dec/2023:00:52:41 -0500] "POST /sipse/faces/presentacion/financiero/solicitudProceso/listarSolicitudProceso.xhtml HTTP/1.1" 200 56403
190.60.36.2 - - [20/Dec/2023:00:52:41 -0500] "POST /sipse/faces/presentacion/financiero/solicitudProceso/listarSolicitudProceso.xhtml HTTP/1.1" 200 56403
190.60.36.2 - - [20/Dec/2023:00:52:42 -0500] "POST /sipse/faces/presentacion/financiero/solicitudProceso/listarSolicitudProceso.xhtml HTTP/1.1" 200 56403
190.60.36.2 - - [20/Dec/2023:00:52:42 -0500] "POST /sipse/faces/presentacion/financiero/solicitudProceso/listarSolicitudProceso.xhtml HTTP/1.1" 200 56403
190.60.36.2 - - [20/Dec/2023:00:52:42 -0500] "POST /sipse/faces/presentacion/financiero/solicitudProceso/listarSolicitudProceso.xhtml HTTP/1.1" 200 56403
190.60.36.2 - - [20/Dec/2023:00:52:43 -0500] "POST /sipse/faces/presentacion/financiero/solicitudProceso/listarSolicitudProceso.xhtml HTTP/1.1" 200 56403
190.60.36.2 - - [20/Dec/2023:00:52:44 -0500] "POST /sipse/faces/presentacion/financiero/solicitudProceso/listarSolicitudProceso.xhtml HTTP/1.1" 200 26168
190.60.36.2 - - [20/Dec/2023:00:52:53 -0500] "GET /sipse/faces/index.xhtml HTTP/1.1" 200 677
190.60.36.2 - - [20/Dec/2023:00:52:53 -0500] "GET /sipse/faces/javax.faces.resource/theme.css?ln=primefaces-sipse HTTP/1.1" 304 -
190.60.36.2 - - [20/Dec/2023:00:52:53 -0500] "GET /sipse/faces/faces/autenticacion.xhtml HTTP/1.1" 200 12183
190.60.36.2 - - [20/Dec/2023:00:52:53 -0500] "GET /sipse/css/custom_css_sg_prime_login.css HTTP/1.1" 304 -
190.60.36.2 - - [20/Dec/2023:00:52:53 -0500] "GET /sipse/faces/javax.faces.resource/theme.css?ln=primefaces-sipse HTTP/1.1" 304 -
190.60.36.2 - - [20/Dec/2023:00:52:53 -0500] "GET /sipse/faces/javax.faces.resource/primefaces.css?ln=primefaces&v=4.0 HTTP/1.1" 304 -
190.60.36.2 - - [20/Dec/2023:00:52:53 -0500] "GET /sipse/faces/javax.faces.resource/layout/layout.css?ln=primefaces&v=4.0 HTTP/1.1" 304 -
190.60.36.2 - - [20/Dec/2023:00:52:53 -0500] "GET /sipse/faces/javax.faces.resource/jquery/jquery.js?ln=primefaces&v=4.0 HTTP/1.1" 304 -
190.60.36.2 - - [20/Dec/2023:00:52:54 -0500] "GET /sipse/faces/javax.faces.resource/jquery/jquery-plugins.js?ln=primefaces&v=4.0 HTTP/1.1" 304 -
190.60.36.2 - - [20/Dec/2023:00:52:54 -0500] "GET /sipse/faces/javax.faces.resource/primefaces.js?ln=primefaces&v=4.0 HTTP/1.1" 304 -
190.60.36.2 - - [20/Dec/2023:00:52:54 -0500] "GET /sipse/faces/javax.faces.resource/layout/layout.js?ln=primefaces&v=4.0 HTTP/1.1" 304 -
201.245.192.253 - - [20/Dec/2023:00:52:58 -0500] "POST /forms/lservlet;jsessionid=ac16012b30d65f92fa67ce9340589b498a1304d31ae2.e3iSbxaKaheRe34Qc38TbN0Nb41ynknvrkLOlQzNp65In0 HTTP/1.1" 200 2
216.244.66.195 - - [20/Dec/2023:00:53:01 -0500] "GET /BLA/resoluciones/AUTOS%202023/0334.pdf HTTP/1.1" 200 353952
190.60.36.2 - - [20/Dec/2023:00:53:11 -0500] "GET /sipse/faces/index.xhtml HTTP/1.1" 200 677
201.245.192.253 - - [20/Dec/2023:00:53:19 -0500] "POST /kwsrmcab/Wsrmcab  HTTP/1.1" 200 37894
190.60.36.2 - - [20/Dec/2023:00:53:22 -0500] "GET /sipse/faces/index.xhtml HTTP/1.1" 200 677
190.60.36.2 - - [20/Dec/2023:00:53:22 -0500] "GET /sipse/faces/javax.faces.resource/theme.css?ln=primefaces-sipse HTTP/1.1" 304 -
190.60.36.2 - - [20/Dec/2023:00:53:22 -0500] "GET /sipse/faces/faces/autenticacion.xhtml HTTP/1.1" 200 12183
190.60.36.2 - - [20/Dec/2023:00:53:22 -0500] "GET /sipse/css/custom_css_sg_prime_login.css HTTP/1.1" 200 443
190.60.36.2 - - [20/Dec/2023:00:53:22 -0500] "GET /sipse/faces/javax.faces.resource/theme.css?ln=primefaces-sipse HTTP/1.1" 304 -
190.60.36.2 - - [20/Dec/2023:00:53:22 -0500] "GET /sipse/faces/javax.faces.resource/layout/layout.css?ln=primefaces&v=4.0 HTTP/1.1" 304 -
190.60.36.2 - - [20/Dec/2023:00:53:22 -0500] "GET /sipse/faces/javax.faces.resource/jquery/jquery.js?ln=primefaces&v=4.0 HTTP/1.1" 304 -
190.60.36.2 - - [20/Dec/2023:00:53:22 -0500] "GET /sipse/faces/javax.faces.resource/primefaces.css?ln=primefaces&v=4.0 HTTP/1.1" 304 -
190.60.36.2 - - [20/Dec/2023:00:53:22 -0500] "GET /sipse/faces/javax.faces.resource/jquery/jquery-plugins.js?ln=primefaces&v=4.0 HTTP/1.1" 304 -
190.60.36.2 - - [20/Dec/2023:00:53:22 -0500] "GET /sipse/faces/javax.faces.resource/primefaces.js?ln=primefaces&v=4.0 HTTP/1.1" 304 -
190.60.36.2 - - [20/Dec/2023:00:53:22 -0500] "GET /sipse/faces/javax.faces.resource/layout/layout.js?ln=primefaces&v=4.0 HTTP/1.1" 304 -
190.60.36.2 - - [20/Dec/2023:00:53:22 -0500] "GET /sipse/faces/javax.faces.resource/images/ui-icons_898989_256x240.png?ln=primefaces-aristo HTTP/1.1" 304 -
190.60.36.2 - - [20/Dec/2023:00:53:22 -0500] "GET /sipse/css/imagen/logoSDG.png HTTP/1.1" 304 -
190.60.36.2 - - [20/Dec/2023:00:53:22 -0500] "GET /sipse/css/imagen/loginimg.png HTTP/1.1" 304 -
190.60.36.2 - - [20/Dec/2023:00:53:25 -0500] "POST /sipse/faces/autenticacion.xhtml HTTP/1.1" 200 11372
190.60.36.2 - - [20/Dec/2023:00:53:25 -0500] "GET /sipse/faces/javax.faces.resource/theme.css?ln=primefaces-sipse HTTP/1.1" 304 -
190.60.36.2 - - [20/Dec/2023:00:53:25 -0500] "GET /sipse/faces/javax.faces.resource/primefaces.css?ln=primefaces&v=4.0 HTTP/1.1" 304 -
190.60.36.2 - - [20/Dec/2023:00:53:25 -0500] "GET /sipse/faces/javax.faces.resource/layout/layout.css?ln=primefaces&v=4.0 HTTP/1.1" 304 -
190.60.36.2 - - [20/Dec/2023:00:53:25 -0500] "GET /sipse/faces/javax.faces.resource/jquery/jquery.js?ln=primefaces&v=4.0 HTTP/1.1" 304 -
190.60.36.2 - - [20/Dec/2023:00:53:25 -0500] "GET /sipse/faces/javax.faces.resource/jquery/jquery-plugins.js?ln=primefaces&v=4.0 HTTP/1.1" 304 -
190.60.36.2 - - [20/Dec/2023:00:53:25 -0500] "GET /sipse/faces/javax.faces.resource/primefaces.js?ln=primefaces&v=4.0 HTTP/1.1" 304 -
190.60.36.2 - - [20/Dec/2023:00:53:25 -0500] "GET /sipse/faces/javax.faces.resource/layout/layout.js?ln=primefaces&v=4.0 HTTP/1.1" 304 -
190.60.36.2 - - [20/Dec/2023:00:53:25 -0500] "GET /sipse/faces/javax.faces.resource/messages/messages.png?ln=primefaces&v=4.0 HTTP/1.1" 304 -
190.60.36.2 - - [20/Dec/2023:00:53:28 -0500] "POST /sipse/faces/presentacion/sistema/seguridad/seleccionRol.xhtml HTTP/1.1" 200 16380
190.60.36.2 - - [20/Dec/2023:00:53:28 -0500] "GET /sipse/faces/javax.faces.resource/primefaces.css?ln=primefaces&v=4.0 HTTP/1.1" 304 -
190.60.36.2 - - [20/Dec/2023:00:53:28 -0500] "GET /sipse/faces/javax.faces.resource/layout/layout.css?ln=primefaces&v=4.0 HTTP/1.1" 304 -
190.60.36.2 - - [20/Dec/2023:00:53:28 -0500] "GET /sipse/faces/javax.faces.resource/theme.css?ln=primefaces-sipse HTTP/1.1" 304 -
190.60.36.2 - - [20/Dec/2023:00:53:28 -0500] "GET /sipse/faces/javax.faces.resource/jquery/jquery.js?ln=primefaces&v=4.0 HTTP/1.1" 304 -
190.60.36.2 - - [20/Dec/2023:00:53:28 -0500] "GET /sipse/faces/javax.faces.resource/jquery/jquery-plugins.js?ln=primefaces&v=4.0 HTTP/1.1" 304 -
190.60.36.2 - - [20/Dec/2023:00:53:28 -0500] "GET /sipse/faces/javax.faces.resource/primefaces.js?ln=primefaces&v=4.0 HTTP/1.1" 304 -
190.60.36.2 - - [20/Dec/2023:00:53:28 -0500] "GET /sipse/faces/javax.faces.resource/layout/layout.js?ln=primefaces&v=4.0 HTTP/1.1" 304 -
190.60.36.2 - - [20/Dec/2023:00:53:28 -0500] "GET /sipse/css/v_mergente.css HTTP/1.1" 304 -
190.60.36.2 - - [20/Dec/2023:00:53:28 -0500] "GET /sipse/imagenes/logoAplicacion.jpg HTTP/1.1" 304 -
190.60.36.2 - - [20/Dec/2023:00:53:28 -0500] "GET /sipse/imagenes/cargando.gif HTTP/1.1" 304 -
190.60.36.2 - - [20/Dec/2023:00:53:28 -0500] "GET /sipse/css/imagen/contrasena.png HTTP/1.1" 404 383
216.244.66.195 - - [20/Dec/2023:00:53:32 -0500] "GET /BLA/resoluciones/AUTOS%202023/2462.pdf HTTP/1.1" 200 342014
190.60.36.2 - - [20/Dec/2023:00:53:37 -0500] "GET /sipse/faces/javax.faces.resource/images/ui-bg_flat_0_2d5972_40x100.png?ln=primefaces-aristo HTTP/1.1" 304 -
190.60.36.2 - - [20/Dec/2023:00:53:37 -0500] "POST /sipse/faces/bienvenido.xhtml HTTP/1.1" 200 1471
216.245.221.92 - - [20/Dec/2023:00:53:38 -0500] "HEAD / HTTP/1.1" 200 -
157.55.39.11 - - [20/Dec/2023:00:53:40 -0500] "GET /BLA/resoluciones/AUTOS%202023/3902.pdf HTTP/1.1" 200 559862
190.60.36.2 - - [20/Dec/2023:00:53:38 -0500] "POST /sipse/faces/bienvenido.xhtml HTTP/1.1" 200 63026
190.60.36.2 - - [20/Dec/2023:00:53:40 -0500] "GET /sipse/faces/javax.faces.resource/theme.css?ln=primefaces-sipse HTTP/1.1" 304 -
190.60.36.2 - - [20/Dec/2023:00:53:40 -0500] "GET /sipse/faces/javax.faces.resource/layout/layout.css?ln=primefaces&v=4.0 HTTP/1.1" 304 -
190.60.36.2 - - [20/Dec/2023:00:53:40 -0500] "GET /sipse/faces/javax.faces.resource/primefaces.css?ln=primefaces&v=4.0 HTTP/1.1" 304 -
190.60.36.2 - - [20/Dec/2023:00:53:41 -0500] "GET /sipse/faces/javax.faces.resource/jquery/jquery.js?ln=primefaces&v=4.0 HTTP/1.1" 304 -
190.60.36.2 - - [20/Dec/2023:00:53:41 -0500] "GET /sipse/faces/javax.faces.resource/jquery/jquery-plugins.js?ln=primefaces&v=4.0 HTTP/1.1" 304 -
190.60.36.2 - - [20/Dec/2023:00:53:41 -0500] "GET /sipse/faces/javax.faces.resource/primefaces.js?ln=primefaces&v=4.0 HTTP/1.1" 304 -
190.60.36.2 - - [20/Dec/2023:00:53:41 -0500] "GET /sipse/faces/javax.faces.resource/layout/layout.js?ln=primefaces&v=4.0 HTTP/1.1" 304 -
190.60.36.2 - - [20/Dec/2023:00:53:41 -0500] "POST /sipse/faces/presentacion/financiero/solicitudProceso/listarSolicitudProceso.xhtml HTTP/1.1" 200 1556
190.60.36.2 - - [20/Dec/2023:00:53:43 -0500] "POST /sipse/faces/presentacion/financiero/solicitudProceso/listarSolicitudProceso.xhtml HTTP/1.1" 200 5525
190.60.36.2 - - [20/Dec/2023:00:53:47 -0500] "POST /sipse/faces/presentacion/financiero/solicitudProceso/listarSolicitudProceso.xhtml HTTP/1.1" 200 118748
190.60.36.2 - - [20/Dec/2023:00:53:49 -0500] "GET /sipse/faces/javax.faces.resource/theme.css?ln=primefaces-sipse HTTP/1.1" 304 -
190.60.36.2 - - [20/Dec/2023:00:53:49 -0500] "GET /sipse/faces/javax.faces.resource/primefaces.css?ln=primefaces&v=4.0 HTTP/1.1" 304 -
190.60.36.2 - - [20/Dec/2023:00:53:49 -0500] "GET /sipse/faces/javax.faces.resource/layout/layout.css?ln=primefaces&v=4.0 HTTP/1.1" 304 -
190.60.36.2 - - [20/Dec/2023:00:53:49 -0500] "GET /sipse/faces/javax.faces.resource/jquery/jquery.js?ln=primefaces&v=4.0 HTTP/1.1" 304 -
190.60.36.2 - - [20/Dec/2023:00:53:49 -0500] "GET /sipse/faces/javax.faces.resource/jquery/jquery-plugins.js?ln=primefaces&v=4.0 HTTP/1.1" 304 -
190.60.36.2 - - [20/Dec/2023:00:53:49 -0500] "GET /sipse/faces/javax.faces.resource/primefaces.js?ln=primefaces&v=4.0 HTTP/1.1" 304 -
190.60.36.2 - - [20/Dec/2023:00:53:49 -0500] "GET /sipse/faces/javax.faces.resource/layout/layout.js?ln=primefaces&v=4.0 HTTP/1.1" 304 -
190.60.36.2 - - [20/Dec/2023:00:53:50 -0500] "GET /sipse/faces/javax.faces.resource/dynamiccontent.properties?ln=primefaces&pfdrid=XjOR5%2F%2FfPAZAuY9TpWQeCiM0BhlXxYRBGKi%2FQcXXfeA%3D&pfdrid_c=false HTTP/1.1" 500 383
190.60.36.2 - - [20/Dec/2023:00:53:57 -0500] "POST /sipse/faces/presentacion/financiero/solicitudProceso/consultarSolicitudProceso.xhtml HTTP/1.1" 200 200455
216.244.66.195 - - [20/Dec/2023:00:54:00 -0500] "GET /BLA/resoluciones/AUTOS%202023/3671.pdf HTTP/1.1" 200 1565709
190.60.36.2 - - [20/Dec/2023:00:54:12 -0500] "POST /sipse/faces/presentacion/financiero/solicitudProceso/consultarSolicitudProceso.xhtml HTTP/1.1" 200 38517
190.60.36.2 - - [20/Dec/2023:00:54:24 -0500] "POST /sipse/faces/presentacion/financiero/solicitudProceso/consultarSolicitudProceso.xhtml HTTP/1.1" 200 2224620
216.244.66.195 - - [20/Dec/2023:00:54:41 -0500] "GET /BLA/resoluciones/RESOLUCIONES%202016/1279.pdf HTTP/1.1" 200 705052
190.60.36.2 - - [20/Dec/2023:00:54:48 -0500] "POST /sipse/faces/presentacion/financiero/solicitudProceso/consultarSolicitudProceso.xhtml HTTP/1.1" 200 178298
201.245.192.253 - - [20/Dec/2023:00:54:58 -0500] "POST /forms/lservlet;jsessionid=ac16012b30d65f92fa67ce9340589b498a1304d31ae2.e3iSbxaKaheRe34Qc38TbN0Nb41ynknvrkLOlQzNp65In0 HTTP/1.1" 200 2
172.22.2.4 - - [20/Dec/2023:00:53:18 -0500] "HEAD /BLA/boletinlegal/ HTTP/1.1" 200 -
216.244.66.195 - - [20/Dec/2023:00:55:13 -0500] "GET /BLA/resoluciones/RESOLUCIONES%202016/1527.pdf HTTP/1.1" 200 676131
172.22.2.4 - - [20/Dec/2023:00:54:09 -0500] "GET /BLA/boletinlegal/ HTTP/1.1" 200 60497
216.244.66.195 - - [20/Dec/2023:00:55:52 -0500] "GET /BLA/resoluciones/RESOLUCIONES%202016/1997.pdf HTTP/1.1" 200 368279
157.55.39.62 - - [20/Dec/2023:00:56:18 -0500] "GET /Publicaciones/2023EE119253.pdf HTTP/1.1" 404 228
216.244.66.195 - - [20/Dec/2023:00:56:22 -0500] "GET /BLA/resoluciones/RESOLUCIONES%202016/2259.pdf HTTP/1.1" 200 361272
190.60.36.2 - - [20/Dec/2023:00:56:40 -0500] "POST /sipse/faces/presentacion/financiero/solicitudProceso/consultarSolicitudProceso.xhtml HTTP/1.1" 200 35088
190.60.36.2 - - [20/Dec/2023:00:56:41 -0500] "GET /sipse/faces/javax.faces.resource/theme.css?ln=primefaces-sipse HTTP/1.1" 304 -
190.60.36.2 - - [20/Dec/2023:00:56:41 -0500] "GET /sipse/faces/javax.faces.resource/jquery/jquery.js?ln=primefaces&v=4.0 HTTP/1.1" 304 -
190.60.36.2 - - [20/Dec/2023:00:56:41 -0500] "GET /sipse/faces/javax.faces.resource/primefaces.css?ln=primefaces&v=4.0 HTTP/1.1" 304 -
190.60.36.2 - - [20/Dec/2023:00:56:41 -0500] "GET /sipse/faces/javax.faces.resource/layout/layout.css?ln=primefaces&v=4.0 HTTP/1.1" 304 -
190.60.36.2 - - [20/Dec/2023:00:56:41 -0500] "GET /sipse/faces/javax.faces.resource/jquery/jquery-plugins.js?ln=primefaces&v=4.0 HTTP/1.1" 304 -
190.60.36.2 - - [20/Dec/2023:00:56:41 -0500] "GET /sipse/css/imagen/contrasena.png HTTP/1.1" 404 383
190.60.36.2 - - [20/Dec/2023:00:56:41 -0500] "GET /sipse/faces/javax.faces.resource/primefaces.js?ln=primefaces&v=4.0 HTTP/1.1" 304 -
190.60.36.2 - - [20/Dec/2023:00:56:41 -0500] "GET /sipse/faces/javax.faces.resource/layout/layout.js?ln=primefaces&v=4.0 HTTP/1.1" 304 -
190.60.36.2 - - [20/Dec/2023:00:56:41 -0500] "POST /sipse/faces/presentacion/financiero/solicitudProceso/listarSolicitudProceso.xhtml HTTP/1.1" 200 28465
190.60.36.2 - - [20/Dec/2023:00:56:42 -0500] "POST /sipse/faces/presentacion/financiero/solicitudProceso/listarSolicitudProceso.xhtml HTTP/1.1" 200 28465
190.60.36.2 - - [20/Dec/2023:00:56:42 -0500] "POST /sipse/faces/presentacion/financiero/solicitudProceso/listarSolicitudProceso.xhtml HTTP/1.1" 200 1400
190.60.36.2 - - [20/Dec/2023:00:56:42 -0500] "POST /sipse/faces/presentacion/financiero/solicitudProceso/listarSolicitudProceso.xhtml HTTP/1.1" 200 1392
190.60.36.2 - - [20/Dec/2023:00:56:42 -0500] "POST /sipse/faces/presentacion/financiero/solicitudProceso/listarSolicitudProceso.xhtml HTTP/1.1" 200 1400
190.60.36.2 - - [20/Dec/2023:00:56:44 -0500] "POST /sipse/faces/presentacion/financiero/solicitudProceso/listarSolicitudProceso.xhtml HTTP/1.1" 200 32657
190.60.36.2 - - [20/Dec/2023:00:56:45 -0500] "POST /sipse/faces/presentacion/financiero/solicitudProceso/listarSolicitudProceso.xhtml HTTP/1.1" 200 44996
190.60.36.2 - - [20/Dec/2023:00:56:46 -0500] "POST /sipse/faces/presentacion/financiero/solicitudProceso/listarSolicitudProceso.xhtml HTTP/1.1" 200 32657
216.244.66.195 - - [20/Dec/2023:00:56:52 -0500] "GET /BLA/resoluciones/RESOLUCIONES%202016/2426.pdf HTTP/1.1" 200 514768
66.249.66.193 - - [20/Dec/2023:00:56:58 -0500] "GET /el-ejemplo-comienza-por-casa-alcaldia-de-bogota-expide-decreto-para-reducir-plasticos-de-un-solo-uso-en-las-entidades-del-distrito.html HTTP/1.1" 200 1117
201.245.192.253 - - [20/Dec/2023:00:56:58 -0500] "POST /forms/lservlet;jsessionid=ac16012b30d65f92fa67ce9340589b498a1304d31ae2.e3iSbxaKaheRe34Qc38TbN0Nb41ynknvrkLOlQzNp65In0 HTTP/1.1" 200 2
190.60.36.2 - - [20/Dec/2023:00:56:57 -0500] "POST /sipse/faces/presentacion/financiero/solicitudProceso/listarSolicitudProceso.xhtml HTTP/1.1" 200 118333
190.60.36.2 - - [20/Dec/2023:00:56:58 -0500] "GET /sipse/faces/javax.faces.resource/theme.css?ln=primefaces-sipse HTTP/1.1" 304 -
190.60.36.2 - - [20/Dec/2023:00:56:58 -0500] "GET /sipse/faces/javax.faces.resource/primefaces.css?ln=primefaces&v=4.0 HTTP/1.1" 304 -
190.60.36.2 - - [20/Dec/2023:00:56:58 -0500] "GET /sipse/faces/javax.faces.resource/layout/layout.css?ln=primefaces&v=4.0 HTTP/1.1" 304 -
190.60.36.2 - - [20/Dec/2023:00:56:58 -0500] "GET /sipse/faces/javax.faces.resource/jquery/jquery.js?ln=primefaces&v=4.0 HTTP/1.1" 304 -
190.60.36.2 - - [20/Dec/2023:00:56:58 -0500] "GET /sipse/faces/javax.faces.resource/jquery/jquery-plugins.js?ln=primefaces&v=4.0 HTTP/1.1" 304 -
190.60.36.2 - - [20/Dec/2023:00:56:58 -0500] "GET /sipse/faces/javax.faces.resource/primefaces.js?ln=primefaces&v=4.0 HTTP/1.1" 304 -
190.60.36.2 - - [20/Dec/2023:00:56:58 -0500] "GET /sipse/faces/javax.faces.resource/layout/layout.js?ln=primefaces&v=4.0 HTTP/1.1" 304 -
190.60.36.2 - - [20/Dec/2023:00:56:59 -0500] "GET /sipse/css/imagen/contrasena.png HTTP/1.1" 404 383
190.60.36.2 - - [20/Dec/2023:00:56:59 -0500] "GET /sipse/faces/javax.faces.resource/dynamiccontent.properties?ln=primefaces&pfdrid=XjOR5%2F%2FfPAZAuY9TpWQeCiM0BhlXxYRBGKi%2FQcXXfeA%3D&pfdrid_c=false HTTP/1.1" 500 383
190.60.36.2 - - [20/Dec/2023:00:57:05 -0500] "POST /sipse/faces/presentacion/financiero/solicitudProceso/consultarSolicitudProceso.xhtml HTTP/1.1" 200 151560
190.60.36.2 - - [20/Dec/2023:00:57:12 -0500] "POST /sipse/faces/presentacion/financiero/solicitudProceso/consultarSolicitudProceso.xhtml HTTP/1.1" 200 41340
190.60.36.2 - - [20/Dec/2023:00:57:12 -0500] "GET /sipse/faces/javax.faces.resource/theme.css?ln=primefaces-sipse HTTP/1.1" 304 -
190.60.36.2 - - [20/Dec/2023:00:57:12 -0500] "GET /sipse/faces/javax.faces.resource/primefaces.css?ln=primefaces&v=4.0 HTTP/1.1" 304 -
190.60.36.2 - - [20/Dec/2023:00:57:12 -0500] "GET /sipse/faces/javax.faces.resource/layout/layout.css?ln=primefaces&v=4.0 HTTP/1.1" 304 -
190.60.36.2 - - [20/Dec/2023:00:57:12 -0500] "GET /sipse/faces/javax.faces.resource/jquery/jquery.js?ln=primefaces&v=4.0 HTTP/1.1" 304 -
190.60.36.2 - - [20/Dec/2023:00:57:12 -0500] "GET /sipse/faces/javax.faces.resource/jquery/jquery-plugins.js?ln=primefaces&v=4.0 HTTP/1.1" 304 -
190.60.36.2 - - [20/Dec/2023:00:57:13 -0500] "GET /sipse/faces/javax.faces.resource/primefaces.js?ln=primefaces&v=4.0 HTTP/1.1" 304 -
190.60.36.2 - - [20/Dec/2023:00:57:13 -0500] "GET /sipse/faces/javax.faces.resource/layout/layout.js?ln=primefaces&v=4.0 HTTP/1.1" 304 -
190.60.36.2 - - [20/Dec/2023:00:57:13 -0500] "GET /sipse/css/imagen/contrasena.png HTTP/1.1" 404 383
173.252.79.4 - - [20/Dec/2023:00:57:14 -0500] "GET /images/presentaci\xc3\xb3n%20convenci\xc3\xb3n.jpg HTTP/1.1" 404 1034
216.244.66.195 - - [20/Dec/2023:00:57:21 -0500] "GET /BLA/resoluciones/RESOLUCIONES%202016/2435.pdf HTTP/1.1" 200 360421
216.244.66.195 - - [20/Dec/2023:00:57:48 -0500] "GET /BLA/resoluciones/RESOLUCIONES%202016/2575.pdf HTTP/1.1" 200 365965
54.36.148.1 - - [20/Dec/2023:00:57:55 -0500] "GET /robots.txt HTTP/1.1" 404 1035
52.167.144.219 - - [20/Dec/2023:00:58:00 -0500] "GET /zuma-propuesta-de-pot-una-herramienta-clave-para-seguir-mejorando-la-calidad-del-aire-de-bogota.html HTTP/1.1" 304 -
216.244.66.195 - - [20/Dec/2023:00:58:14 -0500] "GET /BLA/resoluciones/RESOLUCIONES%202017/0419.pdf HTTP/1.1" 200 603870
201.245.192.253 - - [20/Dec/2023:00:58:18 -0500] "POST /kwsrmcab/Wsrmcab  HTTP/1.1" 200 37894
216.245.221.92 - - [20/Dec/2023:00:58:38 -0500] "HEAD / HTTP/1.1" 200 -
216.244.66.195 - - [20/Dec/2023:00:58:40 -0500] "GET /BLA/resoluciones/RESOLUCIONES%202017/0702.pdf HTTP/1.1" 200 307017
190.60.36.2 - - [20/Dec/2023:00:58:46 -0500] "GET /sipse/faces/javax.faces.resource/images/ui-bg_flat_0_2d5972_40x100.png?ln=primefaces-aristo HTTP/1.1" 304 -
190.60.36.2 - - [20/Dec/2023:00:58:46 -0500] "POST /sipse/faces/presentacion/financiero/modificacionContrato/cargarModifiacion.xhtml HTTP/1.1" 200 121481
190.60.36.2 - - [20/Dec/2023:00:58:47 -0500] "GET /sipse/faces/javax.faces.resource/primefaces.css?ln=primefaces&v=4.0 HTTP/1.1" 304 -
190.60.36.2 - - [20/Dec/2023:00:58:47 -0500] "GET /sipse/faces/javax.faces.resource/theme.css?ln=primefaces-sipse HTTP/1.1" 304 -
190.60.36.2 - - [20/Dec/2023:00:58:47 -0500] "GET /sipse/faces/javax.faces.resource/jquery/jquery.js?ln=primefaces&v=4.0 HTTP/1.1" 304 -
190.60.36.2 - - [20/Dec/2023:00:58:47 -0500] "GET /sipse/faces/javax.faces.resource/layout/layout.css?ln=primefaces&v=4.0 HTTP/1.1" 304 -
190.60.36.2 - - [20/Dec/2023:00:58:47 -0500] "GET /sipse/faces/javax.faces.resource/jquery/jquery-plugins.js?ln=primefaces&v=4.0 HTTP/1.1" 304 -
190.60.36.2 - - [20/Dec/2023:00:58:47 -0500] "GET /sipse/faces/javax.faces.resource/primefaces.js?ln=primefaces&v=4.0 HTTP/1.1" 304 -
190.60.36.2 - - [20/Dec/2023:00:58:47 -0500] "GET /sipse/faces/javax.faces.resource/layout/layout.js?ln=primefaces&v=4.0 HTTP/1.1" 304 -
190.60.36.2 - - [20/Dec/2023:00:58:47 -0500] "GET /sipse/css/imagen/contrasena.png HTTP/1.1" 404 383
190.60.36.2 - - [20/Dec/2023:00:58:47 -0500] "GET /sipse/faces/javax.faces.resource/messages/messages.png?ln=primefaces&v=4.0 HTTP/1.1" 304 -
190.60.36.2 - - [20/Dec/2023:00:58:47 -0500] "GET /sipse/faces/javax.faces.resource/dynamiccontent.properties?ln=primefaces&pfdrid=XjOR5%2F%2FfPAZAuY9TpWQeCiM0BhlXxYRBGKi%2FQcXXfeA%3D&pfdrid_c=false HTTP/1.1" 500 383
190.60.36.2 - - [20/Dec/2023:00:58:49 -0500] "POST /sipse/faces/presentacion/financiero/solicitudProceso/consultarSolicitudProceso.xhtml HTTP/1.1" 200 63495
190.60.36.2 - - [20/Dec/2023:00:58:51 -0500] "GET /sipse/faces/javax.faces.resource/theme.css?ln=primefaces-sipse HTTP/1.1" 304 -
190.60.36.2 - - [20/Dec/2023:00:58:51 -0500] "GET /sipse/faces/javax.faces.resource/primefaces.css?ln=primefaces&v=4.0 HTTP/1.1" 304 -
190.60.36.2 - - [20/Dec/2023:00:58:51 -0500] "GET /sipse/faces/javax.faces.resource/layout/layout.css?ln=primefaces&v=4.0 HTTP/1.1" 304 -
190.60.36.2 - - [20/Dec/2023:00:58:51 -0500] "GET /sipse/faces/javax.faces.resource/jquery/jquery.js?ln=primefaces&v=4.0 HTTP/1.1" 304 -
190.60.36.2 - - [20/Dec/2023:00:58:51 -0500] "GET /sipse/faces/javax.faces.resource/jquery/jquery-plugins.js?ln=primefaces&v=4.0 HTTP/1.1" 304 -
190.60.36.2 - - [20/Dec/2023:00:58:51 -0500] "GET /sipse/faces/javax.faces.resource/primefaces.js?ln=primefaces&v=4.0 HTTP/1.1" 304 -
190.60.36.2 - - [20/Dec/2023:00:58:51 -0500] "GET /sipse/faces/javax.faces.resource/layout/layout.js?ln=primefaces&v=4.0 HTTP/1.1" 304 -
190.60.36.2 - - [20/Dec/2023:00:58:51 -0500] "GET /sipse/css/imagen/contrasena.png HTTP/1.1" 404 383
190.60.36.2 - - [20/Dec/2023:00:58:51 -0500] "POST /sipse/faces/presentacion/financiero/solicitudProceso/listarSolicitudProceso.xhtml HTTP/1.1" 200 1556
190.60.36.2 - - [20/Dec/2023:00:58:54 -0500] "POST /sipse/faces/presentacion/financiero/solicitudProceso/listarSolicitudProceso.xhtml HTTP/1.1" 200 32991
190.60.36.2 - - [20/Dec/2023:00:58:55 -0500] "POST /sipse/faces/presentacion/financiero/solicitudProceso/listarSolicitudProceso.xhtml HTTP/1.1" 200 45334
190.60.36.2 - - [20/Dec/2023:00:58:56 -0500] "POST /sipse/faces/presentacion/financiero/solicitudProceso/listarSolicitudProceso.xhtml HTTP/1.1" 200 32991
201.245.192.253 - - [20/Dec/2023:00:58:58 -0500] "POST /forms/lservlet;jsessionid=ac16012b30d65f92fa67ce9340589b498a1304d31ae2.e3iSbxaKaheRe34Qc38TbN0Nb41ynknvrkLOlQzNp65In0 HTTP/1.1" 200 2
216.244.66.195 - - [20/Dec/2023:00:59:05 -0500] "GET /BLA/resoluciones/RESOLUCIONES%202017/0846.pdf HTTP/1.1" 200 461461
190.60.36.2 - - [20/Dec/2023:00:59:07 -0500] "POST /sipse/faces/presentacion/financiero/solicitudProceso/listarSolicitudProceso.xhtml HTTP/1.1" 200 123224
190.60.36.2 - - [20/Dec/2023:00:59:10 -0500] "GET /sipse/faces/javax.faces.resource/theme.css?ln=primefaces-sipse HTTP/1.1" 304 -
190.60.36.2 - - [20/Dec/2023:00:59:10 -0500] "GET /sipse/faces/javax.faces.resource/primefaces.css?ln=primefaces&v=4.0 HTTP/1.1" 304 -
190.60.36.2 - - [20/Dec/2023:00:59:10 -0500] "GET /sipse/faces/javax.faces.resource/layout/layout.css?ln=primefaces&v=4.0 HTTP/1.1" 304 -
190.60.36.2 - - [20/Dec/2023:00:59:10 -0500] "GET /sipse/faces/javax.faces.resource/jquery/jquery.js?ln=primefaces&v=4.0 HTTP/1.1" 304 -
190.60.36.2 - - [20/Dec/2023:00:59:10 -0500] "GET /sipse/faces/javax.faces.resource/jquery/jquery-plugins.js?ln=primefaces&v=4.0 HTTP/1.1" 304 -
190.60.36.2 - - [20/Dec/2023:00:59:10 -0500] "GET /sipse/faces/javax.faces.resource/primefaces.js?ln=primefaces&v=4.0 HTTP/1.1" 304 -
190.60.36.2 - - [20/Dec/2023:00:59:10 -0500] "GET /sipse/faces/javax.faces.resource/layout/layout.js?ln=primefaces&v=4.0 HTTP/1.1" 304 -
190.60.36.2 - - [20/Dec/2023:00:59:10 -0500] "GET /sipse/css/imagen/contrasena.png HTTP/1.1" 404 383
190.60.36.2 - - [20/Dec/2023:00:59:10 -0500] "GET /sipse/faces/javax.faces.resource/dynamiccontent.properties?ln=primefaces&pfdrid=XjOR5%2F%2FfPAZAuY9TpWQeCiM0BhlXxYRBGKi%2FQcXXfeA%3D&pfdrid_c=false HTTP/1.1" 500 383
190.60.36.2 - - [20/Dec/2023:00:59:14 -0500] "POST /sipse/faces/presentacion/financiero/solicitudProceso/consultarSolicitudProceso.xhtml HTTP/1.1" 200 349051
190.60.36.2 - - [20/Dec/2023:00:59:21 -0500] "GET /sipse/faces/javax.faces.resource/images/ui-bg_flat_0_2d5972_40x100.png?ln=primefaces-aristo HTTP/1.1" 304 -
190.60.36.2 - - [20/Dec/2023:00:59:21 -0500] "POST /sipse/faces/presentacion/financiero/solicitudProceso/consultarSolicitudProceso.xhtml HTTP/1.1" 200 43407
190.60.36.2 - - [20/Dec/2023:00:59:21 -0500] "GET /sipse/faces/javax.faces.resource/theme.css?ln=primefaces-sipse HTTP/1.1" 304 -
190.60.36.2 - - [20/Dec/2023:00:59:21 -0500] "GET /sipse/faces/javax.faces.resource/primefaces.css?ln=primefaces&v=4.0 HTTP/1.1" 304 -
190.60.36.2 - - [20/Dec/2023:00:59:21 -0500] "GET /sipse/faces/javax.faces.resource/layout/layout.css?ln=primefaces&v=4.0 HTTP/1.1" 304 -
190.60.36.2 - - [20/Dec/2023:00:59:21 -0500] "GET /sipse/faces/javax.faces.resource/jquery/jquery.js?ln=primefaces&v=4.0 HTTP/1.1" 304 -
190.60.36.2 - - [20/Dec/2023:00:59:21 -0500] "GET /sipse/faces/javax.faces.resource/jquery/jquery-plugins.js?ln=primefaces&v=4.0 HTTP/1.1" 304 -
190.60.36.2 - - [20/Dec/2023:00:59:21 -0500] "GET /sipse/faces/javax.faces.resource/primefaces.js?ln=primefaces&v=4.0 HTTP/1.1" 304 -
190.60.36.2 - - [20/Dec/2023:00:59:21 -0500] "GET /sipse/faces/javax.faces.resource/layout/layout.js?ln=primefaces&v=4.0 HTTP/1.1" 304 -
190.60.36.2 - - [20/Dec/2023:00:59:21 -0500] "GET /sipse/css/imagen/contrasena.png HTTP/1.1" 404 383
216.244.66.195 - - [20/Dec/2023:00:59:28 -0500] "GET /BLA/resoluciones/RESOLUCIONES%202017/1858.pdf HTTP/1.1" 200 822630
152.201.223.47 - - [20/Dec/2023:00:59:41 -0500] "GET /kwssiamovil/sm/acme/a?s=U2FsdGVkX19URbXL/00lzAZa5pUoYmGnAmlL887LGQYxL22bibIpFkLkRyO0eMb/v8ITVzq14ZZKt5yMrcmXEAK27t42UJJBHdMBN6Wunat4SIDyjhihChZbh3TUMQsrDl8eiWl90hf+NxBJqkxOrzftA+kYIMGWCGSc+Yen/XkHckzaADxQoIztoYxWr/O8IfNMWK9CVOENRLMo55ymGFHW6Mik228oTLSXe0OJ5W2FB+8ZCuV8VXqRGUbHGYKPXomusDV3S5AyIy5HuWSMNQ==&u=U2FsdGVkX1/aYku0KbCagU4tbPJ+n99OG6+e5zWepnB1yAKSUZfkJ4MxskYjduBV&y=U2FsdGVkX1/bntwRCJPIJP8F/N5PeFa4EwJJX7eHigqrL2YI+RuaAztsfrwDi9RW HTTP/1.1" 200 26
152.201.223.47 - - [20/Dec/2023:00:59:41 -0500] "GET /kwssiamovil/sm/acme/a?s=U2FsdGVkX18zADTRPXy71MRU7x0EFG1NOGgiBV557DMCxzCy4U+qyIOjBgTprc1YbbfANnC4H3OOEphoqjtYXu5nqWKJhtTLNW9Xffwykk0kczRTx6Du7+T/FNKhCtfLVoYTilOkfCG2VwFbEB/OCZYRN9xDzyiWIaRlNMD7S9w2OCulGrpP1tgidGgK5+KCbD8FWn4J4lAyiXWqDI1aROD/GZDc5nNE6XUMxR/hJKvO6Cs7eeQEz5N1milZEekY2EbAZWnzgqsePYb0coZkFycWsIZlT3qYOGh98UnUrYC/ovh+IDlZGFJLb6M7ljZgOuoqI2/MkQmhchUcSGo3BJuth5XBSDVGahCt6Xr1R2tWJgeslIWQzJ0kdKOQT2e9IIyDSkeRiuDMSfsJ7+YmR6Fs7AIe8FoXeYczeFQGXNUYfxbbJQQ0Z/hTA7/g9KLYUXeK4oSG1jzLxBwXHfhiJU36hcEWr56EaLQwJtOyvSmu0kEAWfzDxa/MyoL/aTXwSa2qrlOgsR4jA4EZ0NfydvF7Ue5UCmvfzB9lOllH0ihSL+rV3IUQW6y3brIcWX8Hjql0ES9k6UZUo4zsTgXwsI8IYVD2Vc7F84q4gGdcchihpDPRigcaJ78mOII0Dyb9APjUjShYY/L9iTak4gyXckTDs+usKwEdpIcBdba6bKlVfT97j31F5DfR5n4AhLsdQ828M/frW32SXL+YJZxzFRvrfS8mLuWkPJ9leev9QUoMhsPO7gJk3sD/cX5SAyp5iR2YQucOhNFSENj9mo0bi2n0qfPqURSt2zq0I1oyhRmwqmagzNSC3feHk49u4f1T1u1wz5N0u9X+l3TAVGAp2ax7eQYzhutsnqew9k5li5AkkRdEgsDhtGtkI41Z2KmoQVm9fszklsPUvGhHO38JuZ0Gmy43k+B1MykSAGQG4gOV/wUSM44LxWc7c09DnQ/TJ22my5SlgpJg5SJ/92nruaAH3Fgzte3rjWhx+wb5OKgeVbR97RaS6exogFJauwGwGw1kLN6lDxWMtluff3w5O50ZIseOQcFD7zLL05Fq3FMQ91BqUN4pqbWYxCk0qBiB3UP/lRFp9jUnf8hkGhWUDbXl8R017JcuR28hFQvC7vBwlo/tDlXC0qnpe0zLz7p1f77pHGAXTCvxCm4dPiaQXf/2wib7IkGRPprsvacyJbdWwaEFfIRpKE+9zltYpAhUCgBb1uZGBaJIdwa+NT/RIcINYwB+s6Ad7M+zSLrzU3zwHAojjoZZdHlFUgeqk7G8pSvH9dnv4LjhMbbJSfb46v3D8paJ+IH08uogRt0gndaEq2gtdbJ4MEfz7xX3FarzZwS9Xxmc+RM2J56NsjqPevpFQMEpUXQAu1v5YZ+CaEV2H/o8YtupumlDEfL44E17RoPJZVG69AfuLuO2nkxI9dssQkI0F+GZwonqBnzetbAW+Jy+oCfSWCRBqoYY7vhj6o37JuZ8kgp+/Ka1INHndXFOwUv6/H0MrpDKKUyo/TCaqLl2a2cy/l70hbI+Q/uuTzpMENLh6tad1gFaXKzGGCP2JeiwRVLbj4HTXQiV+QNS6K1imMIQg9ShGIbebTuigUFc0taNSCwkvV3qoGNSiE7bKou1hythTeCAWgkMG/aNmeuu6i61t2ynyOCS75tR5+POnhGUz45Ca5eQNIj0JnmVRd8LW5QyonxjHE+ddBgdayxNu0CSmGwlTKb6kBg62HBwwfcUumOZbJf4QPem4debcUbUee5kASri2zT6GrFOr8nZKyw5vSblffn7+tVEOBY6s+M7UwcNqEsnVZiahZ6n5BtVzPlxEFDm22GRJdSiU58zG9+fU53Cs3yCaqwKrLfOhWHim3fBr9G8fyiOb5Jrqu0IHosO9FqtLEpHV5zXMXE1c6g8T9ZIYvIOvL30Rx8Xab8lU17xM0k+jFUFLQ/0Ms61KPKXj4Nwi0jCfe0j86kuJU771cdwqyN7HPEU2vZT/0/YPWFniKhtkabODGFM/EodpQEkNOhpOVEN7/eqQ5tgYztf5k7QD6GlPHWFXK2KRPJldQ4DL5WUKbv3hrAhqkKar9bgVhQIwxB18GjzvTRYMtzpf6sTqFuE1OkjbwUQaAe/BomebHipH+38yoGhD+f9Mp87iuJEgzwNAv/ury4CPlx92xH/4cqUqjTiVaJQi3nTfnvnBT0czkAb3xwL6fR13RHCi/nBtXXhdw9fxtGEjQIrJll6ruTOUZIOcbRAMt6Ptu5Ux8t3W6QS2aGajBE5sTh9YhACpTloHDT4oliceT+vP0o6Vk9ojfd8LpkmsJ6E5VAkyYRBJypPLWhj0hdSjgpzbt4xinyKLRrGt3Ebx0cEWW3jw5Xh17MmTu5YttqUwq+9xK4spYfQr/p46ZPqw6sqiVgP1iIik1mk9r1iDP7HX5sSoy922EqKxmfofkXh/ZYYwiMrvbSmkIflE8dPAXp9oM0iU8R2CJmKMcB3Fdm8lntSlwLUqnqlNsdBZ4OfEFEfOpPnPlAM1es/3hffghbyJQtvtsy2cEUtIFrtdskEYVNj2fhyV5VrqClcPPkW8pFrkxkbx6rq8rU49OEbujHlpRCZ3ZqoHN1R7xb6poHgt5FMfqpTHxpvIcgKLC1NqYHhh0b0WI2+NK8YJTNSLXk2FNqL2R0/RQmVSsjIXMXO9HJ3/CuzBnDoV6665x3rAs4pDhvA7/k6+MNrTHiQQxa+2mo8PyEIumckUX7fARfmYnvpApz0nNzAKfvnri7wufvqOKscHmJtajzSJv6pL7vXZIfl1Ms/YEFeCtbVM2V2gTh5fz8wnW/DbgnQF8x4OJ7+Zv85T0NRvUh4El4aJNgOmh7u2VQ+bXo2mqXA6GuAv1+KFcA9T3j/RPzePblh7kOk4CEEZPilcAfE4Iwr/mDZiZ7GrGrXl/hv6LRdQSvwfRbJQCiNG8ULYu0lPqmcZFeqHDAR18SiC5SgfxpMhpBrtJcSvmskgDCMbrO14AhVWxyHQ+70HFGK+f1If3GnLN9M2uT94Dd56UzuhnkqMvFABA9MZy4Up+feiOaiD3/ucJkf60NN11TtDRoaLqpy8YjCNBOS0m1TNEax71WzN/0IfQ82Q7GXiPv9zmTdfnhLd5fHycSlwhEY&u=U2FsdGVkX1/aYku0KbCagU4tbPJ+n99OG6+e5zWepnB1yAKSUZfkJ4MxskYjduBV&y=U2FsdGVkX1/bntwRCJPIJP8F/N5PeFa4EwJJX7eHigqrL2YI+RuaAztsfrwDi9RW HTTP/1.1" 200 26
152.201.223.47 - - [20/Dec/2023:00:59:41 -0500] "GET /kwssiamovil/sm/acme/a?s=U2FsdGVkX1/MdWaRBsJ3Nt3QEVz20eu+cjq0qdrdqE5yJaNaYiTWlH5KOYOvkoduXyI/ziDDzOCFBG12a57KMoFtnIh7zJSrOar09Tj7ozjc0GeBKshrE2niiT1u1ntQuy28Et7F45DMKFeDnl3OxA8lkJL1DRwDi+OzH572hvo=&u=U2FsdGVkX1/aYku0KbCagU4tbPJ+n99OG6+e5zWepnB1yAKSUZfkJ4MxskYjduBV&y=U2FsdGVkX1/bntwRCJPIJP8F/N5PeFa4EwJJX7eHigqrL2YI+RuaAztsfrwDi9RW HTTP/1.1" 200 26
152.201.223.47 - - [20/Dec/2023:00:59:42 -0500] "GET /kwssiamovil/sm/acme/a?s=U2FsdGVkX18RdQDPSWSsifjn7RTcqe5mub+mlpxiyEiwITbwyjGEqL9L/zzwAmp2sqY3SH4pcc5Og0hjVynIKwKukrTuzl2+3jkcD52dwGVMk0Aqbbl2jydt5jo7s5PEqymybrYhYLK2VqWSYNIfc9LqkdMRvQZzKHsand141ek=&u=U2FsdGVkX1/aYku0KbCagU4tbPJ+n99OG6+e5zWepnB1yAKSUZfkJ4MxskYjduBV&y=U2FsdGVkX1/bntwRCJPIJP8F/N5PeFa4EwJJX7eHigqrL2YI+RuaAztsfrwDi9RW HTTP/1.1" 200 26
152.201.223.47 - - [20/Dec/2023:00:59:42 -0500] "GET /kwssiamovil/sm/acme/a?s=U2FsdGVkX1/Z6ufYDCsUp74TAR0ikjopyYoxDhBe69o36lUou3ES1fEMx2D6MKWRp1j9vcgrX7IF9QYpjSTHzD+oj2+HfhsgPnpwL4+YIpZB90TNxUMK8nxcz2inWnVynBM3UX7cczOcufNmThw8BE0k2W8U5+iCiusIbE1k9Ts=&u=U2FsdGVkX1/aYku0KbCagU4tbPJ+n99OG6+e5zWepnB1yAKSUZfkJ4MxskYjduBV&y=U2FsdGVkX1/bntwRCJPIJP8F/N5PeFa4EwJJX7eHigqrL2YI+RuaAztsfrwDi9RW HTTP/1.1" 200 26
152.201.223.47 - - [20/Dec/2023:00:59:42 -0500] "GET /kwssiamovil/sm/acme/a?s=U2FsdGVkX1/rgosjcAaUZpakki2wrxBnHW+lmvRNnWH1dccL8CuRPwizCAV0wi9py5P0ZaL85uLZYc2Y39wtMviKdtHgnezJ8ipiFgpPzlOJQBjze2BwvSO7PymZcEziAQfGo7aseSYzozg/DH3n+y850Wpr4YVNgHesxIOzKTM3u4Pjs0Ib79SJ0ViE0QiVj01RXVeGnIl8kmA/fOwhnQ==&u=U2FsdGVkX1/aYku0KbCagU4tbPJ+n99OG6+e5zWepnB1yAKSUZfkJ4MxskYjduBV&y=U2FsdGVkX1/bntwRCJPIJP8F/N5PeFa4EwJJX7eHigqrL2YI+RuaAztsfrwDi9RW HTTP/1.1" 200 26
190.60.36.2 - - [20/Dec/2023:00:59:45 -0500] "POST /sipse/faces/presentacion/financiero/modificacionContrato/cargarModifiacion.xhtml HTTP/1.1" 200 5335
190.60.36.2 - - [20/Dec/2023:00:59:46 -0500] "POST /sipse/faces/presentacion/financiero/modificacionContrato/cargarModifiacion.xhtml HTTP/1.1" 200 5335
216.244.66.195 - - [20/Dec/2023:00:59:51 -0500] "GET /BLA/resoluciones/RESOLUCIONES%202017/1938.pdf HTTP/1.1" 200 585929
216.244.66.195 - - [20/Dec/2023:01:00:13 -0500] "GET /BLA/resoluciones/RESOLUCIONES%202017/2124.pdf HTTP/1.1" 200 295239
216.244.66.195 - - [20/Dec/2023:01:00:37 -0500] "GET /BLA/resoluciones/RESOLUCIONES%202017/2577.pdf HTTP/1.1" 200 289747
172.22.2.4 - - [20/Dec/2023:00:59:08 -0500] "HEAD /BLA/boletinlegal/ HTTP/1.1" 200 -
216.244.66.195 - - [20/Dec/2023:01:00:57 -0500] "GET /BLA/resoluciones/RESOLUCIONES%202017/2668.pdf HTTP/1.1" 200 277336
201.245.192.253 - - [20/Dec/2023:01:00:58 -0500] "POST /forms/lservlet;jsessionid=ac16012b30d65f92fa67ce9340589b498a1304d31ae2.e3iSbxaKaheRe34Qc38TbN0Nb41ynknvrkLOlQzNp65In0 HTTP/1.1" 200 2
190.60.36.2 - - [20/Dec/2023:01:01:09 -0500] "POST /sipse/faces/presentacion/financiero/modificacionContrato/cargarModifiacion.xhtml HTTP/1.1" 200 126377
190.60.36.2 - - [20/Dec/2023:01:01:10 -0500] "GET /sipse/faces/javax.faces.resource/theme.css?ln=primefaces-sipse HTTP/1.1" 304 -
190.60.36.2 - - [20/Dec/2023:01:01:10 -0500] "GET /sipse/faces/javax.faces.resource/jquery/jquery.js?ln=primefaces&v=4.0 HTTP/1.1" 304 -
190.60.36.2 - - [20/Dec/2023:01:01:10 -0500] "GET /sipse/faces/javax.faces.resource/primefaces.css?ln=primefaces&v=4.0 HTTP/1.1" 304 -
190.60.36.2 - - [20/Dec/2023:01:01:10 -0500] "GET /sipse/faces/javax.faces.resource/layout/layout.css?ln=primefaces&v=4.0 HTTP/1.1" 304 -
190.60.36.2 - - [20/Dec/2023:01:01:10 -0500] "GET /sipse/faces/javax.faces.resource/jquery/jquery-plugins.js?ln=primefaces&v=4.0 HTTP/1.1" 304 -
190.60.36.2 - - [20/Dec/2023:01:01:10 -0500] "GET /sipse/faces/javax.faces.resource/primefaces.js?ln=primefaces&v=4.0 HTTP/1.1" 304 -
190.60.36.2 - - [20/Dec/2023:01:01:10 -0500] "GET /sipse/faces/javax.faces.resource/layout/layout.js?ln=primefaces&v=4.0 HTTP/1.1" 304 -
190.60.36.2 - - [20/Dec/2023:01:01:11 -0500] "GET /sipse/css/imagen/contrasena.png HTTP/1.1" 404 383
190.60.36.2 - - [20/Dec/2023:01:01:11 -0500] "GET /sipse/faces/javax.faces.resource/messages/messages.png?ln=primefaces&v=4.0 HTTP/1.1" 304 -
190.60.36.2 - - [20/Dec/2023:01:01:11 -0500] "GET /sipse/faces/javax.faces.resource/dynamiccontent.properties?ln=primefaces&pfdrid=XjOR5%2F%2FfPAZAuY9TpWQeCiM0BhlXxYRBGKi%2FQcXXfeA%3D&pfdrid_c=false HTTP/1.1" 500 383
216.244.66.195 - - [20/Dec/2023:01:01:15 -0500] "GET /BLA/resoluciones/RESOLUCIONES%202019/1025.pdf HTTP/1.1" 200 378629
190.60.36.2 - - [20/Dec/2023:01:01:13 -0500] "POST /sipse/faces/presentacion/financiero/solicitudProceso/consultarSolicitudProceso.xhtml HTTP/1.1" 200 63845
190.60.36.2 - - [20/Dec/2023:01:01:15 -0500] "GET /sipse/faces/javax.faces.resource/primefaces.css?ln=primefaces&v=4.0 HTTP/1.1" 304 -
190.60.36.2 - - [20/Dec/2023:01:01:15 -0500] "GET /sipse/faces/javax.faces.resource/theme.css?ln=primefaces-sipse HTTP/1.1" 304 -
190.60.36.2 - - [20/Dec/2023:01:01:15 -0500] "GET /sipse/faces/javax.faces.resource/layout/layout.css?ln=primefaces&v=4.0 HTTP/1.1" 304 -
190.60.36.2 - - [20/Dec/2023:01:01:15 -0500] "GET /sipse/faces/javax.faces.resource/jquery/jquery.js?ln=primefaces&v=4.0 HTTP/1.1" 304 -
190.60.36.2 - - [20/Dec/2023:01:01:15 -0500] "GET /sipse/faces/javax.faces.resource/jquery/jquery-plugins.js?ln=primefaces&v=4.0 HTTP/1.1" 304 -
190.60.36.2 - - [20/Dec/2023:01:01:15 -0500] "GET /sipse/faces/javax.faces.resource/primefaces.js?ln=primefaces&v=4.0 HTTP/1.1" 304 -
190.60.36.2 - - [20/Dec/2023:01:01:15 -0500] "GET /sipse/faces/javax.faces.resource/layout/layout.js?ln=primefaces&v=4.0 HTTP/1.1" 304 -
190.60.36.2 - - [20/Dec/2023:01:01:16 -0500] "GET /sipse/css/imagen/contrasena.png HTTP/1.1" 404 383
190.60.36.2 - - [20/Dec/2023:01:01:16 -0500] "POST /sipse/faces/presentacion/financiero/solicitudProceso/listarSolicitudProceso.xhtml HTTP/1.1" 200 1556
190.60.36.2 - - [20/Dec/2023:01:01:32 -0500] "POST /sipse/faces/presentacion/financiero/solicitudProceso/listarSolicitudProceso.xhtml HTTP/1.1" 200 32734
216.244.66.195 - - [20/Dec/2023:01:01:33 -0500] "GET /BLA/resoluciones/RESOLUCIONES%202019/1989.pdf HTTP/1.1" 200 310168
190.60.36.2 - - [20/Dec/2023:01:01:32 -0500] "POST /sipse/faces/presentacion/financiero/solicitudProceso/listarSolicitudProceso.xhtml HTTP/1.1" 200 45069
190.60.36.2 - - [20/Dec/2023:01:01:33 -0500] "POST /sipse/faces/presentacion/financiero/solicitudProceso/listarSolicitudProceso.xhtml HTTP/1.1" 200 32734
172.22.2.4 - - [20/Dec/2023:00:59:59 -0500] "GET /BLA/boletinlegal/ HTTP/1.1" 200 58562
216.244.66.195 - - [20/Dec/2023:01:01:49 -0500] "GET /BLA/resoluciones/RESOLUCIONES%202019/2069.pdf HTTP/1.1" 200 2535303
190.60.36.2 - - [20/Dec/2023:01:01:55 -0500] "POST /sipse/faces/presentacion/financiero/solicitudProceso/listarSolicitudProceso.xhtml HTTP/1.1" 200 119761
190.60.36.2 - - [20/Dec/2023:01:01:56 -0500] "GET /sipse/faces/javax.faces.resource/theme.css?ln=primefaces-sipse HTTP/1.1" 304 -
190.60.36.2 - - [20/Dec/2023:01:01:56 -0500] "GET /sipse/faces/javax.faces.resource/primefaces.css?ln=primefaces&v=4.0 HTTP/1.1" 304 -
190.60.36.2 - - [20/Dec/2023:01:01:56 -0500] "GET /sipse/faces/javax.faces.resource/layout/layout.css?ln=primefaces&v=4.0 HTTP/1.1" 304 -
190.60.36.2 - - [20/Dec/2023:01:01:56 -0500] "GET /sipse/faces/javax.faces.resource/jquery/jquery.js?ln=primefaces&v=4.0 HTTP/1.1" 304 -
190.60.36.2 - - [20/Dec/2023:01:01:56 -0500] "GET /sipse/faces/javax.faces.resource/jquery/jquery-plugins.js?ln=primefaces&v=4.0 HTTP/1.1" 304 -
190.60.36.2 - - [20/Dec/2023:01:01:56 -0500] "GET /sipse/faces/javax.faces.resource/primefaces.js?ln=primefaces&v=4.0 HTTP/1.1" 304 -
190.60.36.2 - - [20/Dec/2023:01:01:57 -0500] "GET /sipse/faces/javax.faces.resource/layout/layout.js?ln=primefaces&v=4.0 HTTP/1.1" 304 -
190.60.36.2 - - [20/Dec/2023:01:01:57 -0500] "GET /sipse/css/imagen/contrasena.png HTTP/1.1" 404 383
190.60.36.2 - - [20/Dec/2023:01:01:57 -0500] "GET /sipse/faces/javax.faces.resource/dynamiccontent.properties?ln=primefaces&pfdrid=XjOR5%2F%2FfPAZAuY9TpWQeCiM0BhlXxYRBGKi%2FQcXXfeA%3D&pfdrid_c=false HTTP/1.1" 500 383
190.60.36.2 - - [20/Dec/2023:01:02:00 -0500] "POST /sipse/faces/presentacion/financiero/solicitudProceso/consultarSolicitudProceso.xhtml HTTP/1.1" 200 218634
190.60.36.2 - - [20/Dec/2023:01:02:06 -0500] "GET /sipse/faces/javax.faces.resource/images/ui-bg_flat_0_2d5972_40x100.png?ln=primefaces-aristo HTTP/1.1" 304 -
190.60.36.2 - - [20/Dec/2023:01:02:06 -0500] "POST /sipse/faces/presentacion/financiero/solicitudProceso/consultarSolicitudProceso.xhtml HTTP/1.1" 200 40844
190.60.36.2 - - [20/Dec/2023:01:02:07 -0500] "GET /sipse/faces/javax.faces.resource/primefaces.css?ln=primefaces&v=4.0 HTTP/1.1" 304 -
190.60.36.2 - - [20/Dec/2023:01:02:07 -0500] "GET /sipse/faces/javax.faces.resource/theme.css?ln=primefaces-sipse HTTP/1.1" 304 -
190.60.36.2 - - [20/Dec/2023:01:02:07 -0500] "GET /sipse/faces/javax.faces.resource/jquery/jquery.js?ln=primefaces&v=4.0 HTTP/1.1" 304 -
190.60.36.2 - - [20/Dec/2023:01:02:07 -0500] "GET /sipse/faces/javax.faces.resource/layout/layout.css?ln=primefaces&v=4.0 HTTP/1.1" 304 -
190.60.36.2 - - [20/Dec/2023:01:02:07 -0500] "GET /sipse/faces/javax.faces.resource/jquery/jquery-plugins.js?ln=primefaces&v=4.0 HTTP/1.1" 304 -
190.60.36.2 - - [20/Dec/2023:01:02:07 -0500] "GET /sipse/faces/javax.faces.resource/primefaces.js?ln=primefaces&v=4.0 HTTP/1.1" 304 -
190.60.36.2 - - [20/Dec/2023:01:02:07 -0500] "GET /sipse/faces/javax.faces.resource/layout/layout.js?ln=primefaces&v=4.0 HTTP/1.1" 304 -
190.60.36.2 - - [20/Dec/2023:01:02:07 -0500] "GET /sipse/css/imagen/contrasena.png HTTP/1.1" 404 383
157.55.39.51 - - [20/Dec/2023:01:02:11 -0500] "GET /BLA/resoluciones/AUTOS%202023/3911.pdf HTTP/1.1" 200 458985
216.244.66.195 - - [20/Dec/2023:01:02:22 -0500] "GET /BLA/resoluciones/RESOLUCIONES%202019/2290.pdf HTTP/1.1" 200 319277
216.244.66.195 - - [20/Dec/2023:01:02:52 -0500] "GET /BLA/resoluciones/RESOLUCIONES%202019/2343.pdf HTTP/1.1" 200 261218
201.245.192.253 - - [20/Dec/2023:01:02:58 -0500] "POST /forms/lservlet;jsessionid=ac16012b30d65f92fa67ce9340589b498a1304d31ae2.e3iSbxaKaheRe34Qc38TbN0Nb41ynknvrkLOlQzNp65In0 HTTP/1.1" 200 2
201.245.192.253 - - [20/Dec/2023:01:03:16 -0500] "POST /kwsrmcab/Wsrmcab  HTTP/1.1" 200 37894
216.244.66.195 - - [20/Dec/2023:01:03:22 -0500] "GET /BLA/resoluciones/RESOLUCIONES%202019/2872.pdf HTTP/1.1" 200 525437
216.245.221.92 - - [20/Dec/2023:01:03:38 -0500] "HEAD / HTTP/1.1" 200 -
216.244.66.195 - - [20/Dec/2023:01:03:51 -0500] "GET /BLA/resoluciones/RESOLUCIONES%202019/3201.pdf HTTP/1.1" 200 287023
190.60.36.2 - - [20/Dec/2023:01:04:12 -0500] "GET /sipse/faces/javax.faces.resource/images/ui-bg_flat_0_2d5972_40x100.png?ln=primefaces-aristo HTTP/1.1" 304 -
190.60.36.2 - - [20/Dec/2023:01:04:12 -0500] "POST /sipse/faces/presentacion/financiero/modificacionContrato/cargarModifiacion.xhtml HTTP/1.1" 200 122913
190.60.36.2 - - [20/Dec/2023:01:04:14 -0500] "GET /sipse/faces/javax.faces.resource/primefaces.css?ln=primefaces&v=4.0 HTTP/1.1" 304 -
190.60.36.2 - - [20/Dec/2023:01:04:14 -0500] "GET /sipse/faces/javax.faces.resource/theme.css?ln=primefaces-sipse HTTP/1.1" 304 -
190.60.36.2 - - [20/Dec/2023:01:04:14 -0500] "GET /sipse/faces/javax.faces.resource/jquery/jquery.js?ln=primefaces&v=4.0 HTTP/1.1" 304 -
190.60.36.2 - - [20/Dec/2023:01:04:14 -0500] "GET /sipse/faces/javax.faces.resource/layout/layout.css?ln=primefaces&v=4.0 HTTP/1.1" 304 -
190.60.36.2 - - [20/Dec/2023:01:04:14 -0500] "GET /sipse/faces/javax.faces.resource/jquery/jquery-plugins.js?ln=primefaces&v=4.0 HTTP/1.1" 304 -
190.60.36.2 - - [20/Dec/2023:01:04:14 -0500] "GET /sipse/faces/javax.faces.resource/primefaces.js?ln=primefaces&v=4.0 HTTP/1.1" 304 -
190.60.36.2 - - [20/Dec/2023:01:04:14 -0500] "GET /sipse/faces/javax.faces.resource/layout/layout.js?ln=primefaces&v=4.0 HTTP/1.1" 304 -
190.60.36.2 - - [20/Dec/2023:01:04:14 -0500] "GET /sipse/css/imagen/contrasena.png HTTP/1.1" 404 383
190.60.36.2 - - [20/Dec/2023:01:04:14 -0500] "GET /sipse/faces/javax.faces.resource/messages/messages.png?ln=primefaces&v=4.0 HTTP/1.1" 304 -
190.60.36.2 - - [20/Dec/2023:01:04:14 -0500] "GET /sipse/faces/javax.faces.resource/dynamiccontent.properties?ln=primefaces&pfdrid=XjOR5%2F%2FfPAZAuY9TpWQeCiM0BhlXxYRBGKi%2FQcXXfeA%3D&pfdrid_c=false HTTP/1.1" 500 383
216.244.66.195 - - [20/Dec/2023:01:04:18 -0500] "GET /BLA/resoluciones/RESOLUCIONES%202019/3921.pdf HTTP/1.1" 200 1194761
190.60.36.2 - - [20/Dec/2023:01:04:17 -0500] "POST /sipse/faces/presentacion/financiero/solicitudProceso/consultarSolicitudProceso.xhtml HTTP/1.1" 200 63608
190.60.36.2 - - [20/Dec/2023:01:04:20 -0500] "GET /sipse/faces/javax.faces.resource/primefaces.css?ln=primefaces&v=4.0 HTTP/1.1" 304 -
190.60.36.2 - - [20/Dec/2023:01:04:20 -0500] "GET /sipse/faces/javax.faces.resource/theme.css?ln=primefaces-sipse HTTP/1.1" 304 -
190.60.36.2 - - [20/Dec/2023:01:04:20 -0500] "GET /sipse/faces/javax.faces.resource/layout/layout.css?ln=primefaces&v=4.0 HTTP/1.1" 304 -
190.60.36.2 - - [20/Dec/2023:01:04:20 -0500] "GET /sipse/faces/javax.faces.resource/jquery/jquery.js?ln=primefaces&v=4.0 HTTP/1.1" 304 -
190.60.36.2 - - [20/Dec/2023:01:04:20 -0500] "GET /sipse/faces/javax.faces.resource/jquery/jquery-plugins.js?ln=primefaces&v=4.0 HTTP/1.1" 304 -
190.60.36.2 - - [20/Dec/2023:01:04:20 -0500] "GET /sipse/faces/javax.faces.resource/primefaces.js?ln=primefaces&v=4.0 HTTP/1.1" 304 -
190.60.36.2 - - [20/Dec/2023:01:04:20 -0500] "GET /sipse/faces/javax.faces.resource/layout/layout.js?ln=primefaces&v=4.0 HTTP/1.1" 304 -
190.60.36.2 - - [20/Dec/2023:01:04:20 -0500] "GET /sipse/css/imagen/contrasena.png HTTP/1.1" 404 383
190.60.36.2 - - [20/Dec/2023:01:04:20 -0500] "POST /sipse/faces/presentacion/financiero/solicitudProceso/listarSolicitudProceso.xhtml HTTP/1.1" 200 1556
190.60.36.2 - - [20/Dec/2023:01:04:23 -0500] "POST /sipse/faces/presentacion/financiero/solicitudProceso/listarSolicitudProceso.xhtml HTTP/1.1" 200 32715
190.60.36.2 - - [20/Dec/2023:01:04:24 -0500] "POST /sipse/faces/presentacion/financiero/solicitudProceso/listarSolicitudProceso.xhtml HTTP/1.1" 200 44908
172.22.2.4 - - [20/Dec/2023:01:04:25 -0500] "GET /BLA/boletinlegal/actos.php HTTP/1.1" 200 9682
190.60.36.2 - - [20/Dec/2023:01:04:25 -0500] "POST /sipse/faces/presentacion/financiero/solicitudProceso/listarSolicitudProceso.xhtml HTTP/1.1" 200 32711
216.244.66.195 - - [20/Dec/2023:01:04:45 -0500] "GET /BLA/resoluciones/RESOLUCIONES%202019/3964.pdf HTTP/1.1" 200 293557
190.60.36.2 - - [20/Dec/2023:01:04:48 -0500] "POST /sipse/faces/presentacion/financiero/solicitudProceso/listarSolicitudProceso.xhtml HTTP/1.1" 200 119470
190.60.36.2 - - [20/Dec/2023:01:04:49 -0500] "GET /sipse/faces/javax.faces.resource/theme.css?ln=primefaces-sipse HTTP/1.1" 304 -
190.60.36.2 - - [20/Dec/2023:01:04:49 -0500] "GET /sipse/faces/javax.faces.resource/primefaces.css?ln=primefaces&v=4.0 HTTP/1.1" 304 -
190.60.36.2 - - [20/Dec/2023:01:04:49 -0500] "GET /sipse/faces/javax.faces.resource/layout/layout.css?ln=primefaces&v=4.0 HTTP/1.1" 304 -
190.60.36.2 - - [20/Dec/2023:01:04:49 -0500] "GET /sipse/faces/javax.faces.resource/jquery/jquery.js?ln=primefaces&v=4.0 HTTP/1.1" 304 -
190.60.36.2 - - [20/Dec/2023:01:04:49 -0500] "GET /sipse/faces/javax.faces.resource/jquery/jquery-plugins.js?ln=primefaces&v=4.0 HTTP/1.1" 304 -
190.60.36.2 - - [20/Dec/2023:01:04:49 -0500] "GET /sipse/faces/javax.faces.resource/primefaces.js?ln=primefaces&v=4.0 HTTP/1.1" 304 -
190.60.36.2 - - [20/Dec/2023:01:04:50 -0500] "GET /sipse/faces/javax.faces.resource/layout/layout.js?ln=primefaces&v=4.0 HTTP/1.1" 304 -
190.60.36.2 - - [20/Dec/2023:01:04:50 -0500] "GET /sipse/css/imagen/contrasena.png HTTP/1.1" 404 383
190.60.36.2 - - [20/Dec/2023:01:04:50 -0500] "GET /sipse/faces/javax.faces.resource/dynamiccontent.properties?ln=primefaces&pfdrid=XjOR5%2F%2FfPAZAuY9TpWQeCiM0BhlXxYRBGKi%2FQcXXfeA%3D&pfdrid_c=false HTTP/1.1" 500 383
190.60.36.2 - - [20/Dec/2023:01:04:53 -0500] "POST /sipse/faces/presentacion/financiero/solicitudProceso/consultarSolicitudProceso.xhtml HTTP/1.1" 200 255782
201.245.192.253 - - [20/Dec/2023:01:04:58 -0500] "POST /forms/lservlet;jsessionid=ac16012b30d65f92fa67ce9340589b498a1304d31ae2.e3iSbxaKaheRe34Qc38TbN0Nb41ynknvrkLOlQzNp65In0 HTTP/1.1" 200 2
190.60.36.2 - - [20/Dec/2023:01:04:58 -0500] "GET /sipse/faces/javax.faces.resource/images/ui-bg_flat_0_2d5972_40x100.png?ln=primefaces-aristo HTTP/1.1" 304 -
190.60.36.2 - - [20/Dec/2023:01:04:58 -0500] "POST /sipse/faces/presentacion/financiero/solicitudProceso/consultarSolicitudProceso.xhtml HTTP/1.1" 200 40656
190.60.36.2 - - [20/Dec/2023:01:05:00 -0500] "GET /sipse/faces/javax.faces.resource/primefaces.css?ln=primefaces&v=4.0 HTTP/1.1" 304 -
190.60.36.2 - - [20/Dec/2023:01:05:00 -0500] "GET /sipse/faces/javax.faces.resource/theme.css?ln=primefaces-sipse HTTP/1.1" 304 -
190.60.36.2 - - [20/Dec/2023:01:05:00 -0500] "GET /sipse/faces/javax.faces.resource/layout/layout.css?ln=primefaces&v=4.0 HTTP/1.1" 304 -
190.60.36.2 - - [20/Dec/2023:01:05:00 -0500] "GET /sipse/faces/javax.faces.resource/jquery/jquery.js?ln=primefaces&v=4.0 HTTP/1.1" 304 -
190.60.36.2 - - [20/Dec/2023:01:05:00 -0500] "GET /sipse/faces/javax.faces.resource/jquery/jquery-plugins.js?ln=primefaces&v=4.0 HTTP/1.1" 304 -
190.60.36.2 - - [20/Dec/2023:01:05:00 -0500] "GET /sipse/faces/javax.faces.resource/primefaces.js?ln=primefaces&v=4.0 HTTP/1.1" 304 -
190.60.36.2 - - [20/Dec/2023:01:05:00 -0500] "GET /sipse/faces/javax.faces.resource/layout/layout.js?ln=primefaces&v=4.0 HTTP/1.1" 304 -
190.60.36.2 - - [20/Dec/2023:01:05:00 -0500] "GET /sipse/css/imagen/contrasena.png HTTP/1.1" 404 383
216.244.66.195 - - [20/Dec/2023:01:05:10 -0500] "GET /BLA/resoluciones/AUTOS%202019/0086.pdf HTTP/1.1" 200 321169
157.55.39.51 - - [20/Dec/2023:01:05:21 -0500] "GET /BLA/resoluciones/AUTOS%202023/3904.pdf HTTP/1.1" 200 2098361
216.244.66.195 - - [20/Dec/2023:01:05:35 -0500] "GET /BLA/resoluciones/AUTOS%202019/2024.pdf HTTP/1.1" 200 315673
216.244.66.195 - - [20/Dec/2023:01:05:58 -0500] "GET /BLA/resoluciones/AUTOS%202019/2693.pdf HTTP/1.1" 200 264466
216.244.66.195 - - [20/Dec/2023:01:06:21 -0500] "GET /BLA/resoluciones/AUTOS%202019/3426.pdf HTTP/1.1" 200 556315
190.27.57.161 - - [20/Dec/2023:01:06:29 -0500] "GET /sipse/faces/index.xhtml HTTP/1.1" 200 677
190.27.57.161 - - [20/Dec/2023:01:06:29 -0500] "GET /sipse/faces/javax.faces.resource/theme.css?ln=primefaces-sipse HTTP/1.1" 304 -
190.27.57.161 - - [20/Dec/2023:01:06:29 -0500] "GET /sipse/faces/faces/autenticacion.xhtml HTTP/1.1" 200 12185
