186.155.168.86 - - [22/Dec/2023:00:14:53 -0500] "POST /sipse/faces/presentacion/financiero/solicitudProceso/listarSolicitudProceso.xhtml HTTP/1.1" 200 34979
186.155.168.86 - - [22/Dec/2023:00:14:53 -0500] "POST /sipse/faces/presentacion/financiero/solicitudProceso/listarSolicitudProceso.xhtml HTTP/1.1" 200 34979
186.155.168.86 - - [22/Dec/2023:00:14:53 -0500] "POST /sipse/faces/presentacion/financiero/solicitudProceso/listarSolicitudProceso.xhtml HTTP/1.1" 200 34979
186.155.168.86 - - [22/Dec/2023:00:14:53 -0500] "POST /sipse/faces/presentacion/financiero/solicitudProceso/listarSolicitudProceso.xhtml HTTP/1.1" 200 34979
186.155.168.86 - - [22/Dec/2023:00:14:54 -0500] "POST /sipse/faces/presentacion/financiero/solicitudProceso/listarSolicitudProceso.xhtml HTTP/1.1" 200 1436
186.155.168.86 - - [22/Dec/2023:00:14:54 -0500] "POST /sipse/faces/presentacion/financiero/solicitudProceso/listarSolicitudProceso.xhtml HTTP/1.1" 200 1436
186.155.168.86 - - [22/Dec/2023:00:14:54 -0500] "POST /sipse/faces/presentacion/financiero/solicitudProceso/listarSolicitudProceso.xhtml HTTP/1.1" 200 1440
186.155.168.86 - - [22/Dec/2023:00:14:54 -0500] "POST /sipse/faces/presentacion/financiero/solicitudProceso/listarSolicitudProceso.xhtml HTTP/1.1" 200 1440
186.155.168.86 - - [22/Dec/2023:00:14:54 -0500] "POST /sipse/faces/presentacion/financiero/solicitudProceso/listarSolicitudProceso.xhtml HTTP/1.1" 200 1440
186.155.168.86 - - [22/Dec/2023:00:14:54 -0500] "POST /sipse/faces/presentacion/financiero/solicitudProceso/listarSolicitudProceso.xhtml HTTP/1.1" 200 1440
186.155.168.86 - - [22/Dec/2023:00:14:54 -0500] "POST /sipse/faces/presentacion/financiero/solicitudProceso/listarSolicitudProceso.xhtml HTTP/1.1" 200 1440
186.155.168.86 - - [22/Dec/2023:00:14:55 -0500] "POST /sipse/faces/presentacion/financiero/solicitudProceso/listarSolicitudProceso.xhtml HTTP/1.1" 200 1440
186.155.168.86 - - [22/Dec/2023:00:14:55 -0500] "POST /sipse/faces/presentacion/financiero/solicitudProceso/listarSolicitudProceso.xhtml HTTP/1.1" 200 1440
186.155.168.86 - - [22/Dec/2023:00:14:55 -0500] "POST /sipse/faces/presentacion/financiero/solicitudProceso/listarSolicitudProceso.xhtml HTTP/1.1" 200 24521
186.155.168.86 - - [22/Dec/2023:00:14:56 -0500] "POST /sipse/faces/presentacion/financiero/solicitudProceso/listarSolicitudProceso.xhtml HTTP/1.1" 200 1436
186.155.168.86 - - [22/Dec/2023:00:14:57 -0500] "POST /sipse/faces/presentacion/financiero/solicitudProceso/listarSolicitudProceso.xhtml HTTP/1.1" 200 24550
186.155.168.86 - - [22/Dec/2023:00:14:57 -0500] "POST /sipse/faces/presentacion/financiero/solicitudProceso/listarSolicitudProceso.xhtml HTTP/1.1" 200 1436
186.155.168.86 - - [22/Dec/2023:00:14:58 -0500] "POST /sipse/faces/presentacion/financiero/solicitudProceso/listarSolicitudProceso.xhtml HTTP/1.1" 200 10506
186.155.168.86 - - [22/Dec/2023:00:14:58 -0500] "POST /sipse/faces/presentacion/financiero/solicitudProceso/listarSolicitudProceso.xhtml HTTP/1.1" 200 22226
186.155.168.86 - - [22/Dec/2023:00:15:00 -0500] "POST /sipse/faces/presentacion/financiero/solicitudProceso/listarSolicitudProceso.xhtml HTTP/1.1" 200 10506
186.155.168.86 - - [22/Dec/2023:00:15:00 -0500] "POST /sipse/faces/presentacion/financiero/solicitudProceso/listarSolicitudProceso.xhtml HTTP/1.1" 200 22230
186.155.168.86 - - [22/Dec/2023:00:15:02 -0500] "POST /sipse/faces/presentacion/financiero/solicitudProceso/listarSolicitudProceso.xhtml HTTP/1.1" 200 108230
186.155.168.86 - - [22/Dec/2023:00:15:03 -0500] "GET /sipse/faces/javax.faces.resource/jquery/jquery.js?ln=primefaces&v=4.0 HTTP/1.1" 304 -
186.155.168.86 - - [22/Dec/2023:00:15:03 -0500] "GET /sipse/faces/javax.faces.resource/jquery/jquery-plugins.js?ln=primefaces&v=4.0 HTTP/1.1" 304 -
186.155.168.86 - - [22/Dec/2023:00:15:03 -0500] "GET /sipse/faces/javax.faces.resource/primefaces.js?ln=primefaces&v=4.0 HTTP/1.1" 304 -
186.155.168.86 - - [22/Dec/2023:00:15:03 -0500] "GET /sipse/faces/javax.faces.resource/layout/layout.js?ln=primefaces&v=4.0 HTTP/1.1" 304 -
156.59.198.136 - - [22/Dec/2023:00:15:10 -0500] "GET /BLA/resoluciones/RESOLUCIONES%202007/RES%202007%202401%20AL%202500/RESOLUCION%202490%20DE%202007.pdf HTTP/1.0" 200 811857
172.22.2.4 - - [22/Dec/2023:00:15:17 -0500] "GET /BLA/boletinlegal/jurisprudencia/analisis/AnalisisT-606-15.docx HTTP/1.1" 200 26698
172.22.2.4 - - [22/Dec/2023:00:15:17 -0500] "GET /BLA/boletinlegal/apple-touch-icon-120x120-precomposed.png HTTP/1.1" 404 1140
172.22.2.4 - - [22/Dec/2023:00:15:17 -0500] "GET /BLA/boletinlegal/apple-touch-icon-120x120.png HTTP/1.1" 404 1140
172.22.2.4 - - [22/Dec/2023:00:15:17 -0500] "GET /BLA/boletinlegal/apple-touch-icon-precomposed.png HTTP/1.1" 404 1140
172.22.2.4 - - [22/Dec/2023:00:15:17 -0500] "GET /BLA/boletinlegal/apple-touch-icon.png HTTP/1.1" 404 1140
172.22.2.4 - - [22/Dec/2023:00:15:17 -0500] "GET /BLA/boletinlegal/favicon.ico HTTP/1.1" 404 1140
172.22.2.4 - - [22/Dec/2023:00:15:17 -0500] "GET /BLA/boletinlegal/apple-touch-icon-120x120-precomposed.png HTTP/1.1" 404 1140
172.22.2.4 - - [22/Dec/2023:00:15:18 -0500] "GET /BLA/boletinlegal/apple-touch-icon-120x120.png HTTP/1.1" 404 1140
172.22.2.4 - - [22/Dec/2023:00:15:18 -0500] "GET /BLA/boletinlegal/apple-touch-icon-precomposed.png HTTP/1.1" 404 1140
172.22.2.4 - - [22/Dec/2023:00:15:18 -0500] "GET /BLA/boletinlegal/apple-touch-icon.png HTTP/1.1" 404 1140
172.22.2.4 - - [22/Dec/2023:00:15:18 -0500] "GET /BLA/boletinlegal/favicon.ico HTTP/1.1" 404 1140
216.245.221.92 - - [22/Dec/2023:00:15:30 -0500] "HEAD / HTTP/1.1" 200 -
156.59.198.136 - - [22/Dec/2023:00:15:35 -0500] "GET /BLA/resoluciones/RESOLUCIONES%202008/4562.pdf HTTP/1.0" 200 214089
156.59.198.135 - - [22/Dec/2023:00:15:59 -0500] "GET /BLA/resoluciones/RESOLUCIONES%202017/1090.pdf HTTP/1.0" 200 330806
172.22.2.4 - - [22/Dec/2023:00:14:37 -0500] "HEAD /BLA/boletinlegal/ HTTP/1.1" 200 -
156.59.198.135 - - [22/Dec/2023:00:16:24 -0500] "GET /BLA/resoluciones/RESOLUCIONES%202017/0024.pdf HTTP/1.0" 200 1606255
201.245.192.253 - - [22/Dec/2023:00:16:28 -0500] "POST /kwsrmcab/Wsrmcab HTTP/1.1" 200 40870
201.245.192.253 - - [22/Dec/2023:00:16:31 -0500] "POST /kwsrmcab/Wsrmcab HTTP/1.1" 200 36804
156.59.198.135 - - [22/Dec/2023:00:16:48 -0500] "GET /BLA/resoluciones/RESOLUCIONES%202017/0827.pdf HTTP/1.0" 200 663579
172.22.2.4 - - [22/Dec/2023:00:15:28 -0500] "GET /BLA/boletinlegal/ HTTP/1.1" 200 60910
156.59.198.135 - - [22/Dec/2023:00:17:12 -0500] "GET /BLA/resoluciones/RESOLUCIONES%202007/RES%202007%203201%20AL%203300/RESOLUCION%203252%20DE%202007.pdf HTTP/1.0" 200 1037580
156.59.198.135 - - [22/Dec/2023:00:17:37 -0500] "GET /BLA/resoluciones/RESOLUCIONES%202017/3581.pdf HTTP/1.0" 200 315113
156.59.198.135 - - [22/Dec/2023:00:18:00 -0500] "GET /BLA/resoluciones/RESOLUCIONES%202007/RES%202007%202101%20AL%202200/RESOLUCION%202196%20DE%202007.pdf HTTP/1.0" 200 839769
190.25.102.205 - - [22/Dec/2023:00:18:03 -0500] "GET /sipse/faces/faces/ HTTP/1.1" 200 601
190.25.102.205 - - [22/Dec/2023:00:18:04 -0500] "GET /sipse/faces/faces/faces/autenticacion.xhtml HTTP/1.1" 200 12414
190.25.102.205 - - [22/Dec/2023:00:18:04 -0500] "GET /sipse/js/disable_browser_buttons.js HTTP/1.1" 200 3230
190.25.102.205 - - [22/Dec/2023:00:18:04 -0500] "GET /sipse/js/funciones.js HTTP/1.1" 200 12592
190.25.102.205 - - [22/Dec/2023:00:18:04 -0500] "GET /sipse/css/custom_css_sg.css HTTP/1.1" 200 9694
190.25.102.205 - - [22/Dec/2023:00:18:04 -0500] "GET /sipse/css/custom_css_sg_prime_login.css HTTP/1.1" 200 443
190.25.102.205 - - [22/Dec/2023:00:18:04 -0500] "GET /sipse/faces/javax.faces.resource/layout/layout.css?ln=primefaces&v=4.0 HTTP/1.1" 200 542
190.25.102.205 - - [22/Dec/2023:00:18:04 -0500] "GET /sipse/faces/javax.faces.resource/jquery/jquery.js?ln=primefaces&v=4.0 HTTP/1.1" 200 105384
190.25.102.205 - - [22/Dec/2023:00:18:04 -0500] "GET /sipse/faces/javax.faces.resource/layout/layout.js?ln=primefaces&v=4.0 HTTP/1.1" 200 87560
190.25.102.205 - - [22/Dec/2023:00:18:04 -0500] "GET /sipse/faces/javax.faces.resource/primefaces.js?ln=primefaces&v=4.0 HTTP/1.1" 200 276924
190.25.102.205 - - [22/Dec/2023:00:18:04 -0500] "GET /sipse/faces/javax.faces.resource/theme.css?ln=primefaces-sipse HTTP/1.1" 200 50058
190.25.102.205 - - [22/Dec/2023:00:18:04 -0500] "GET /sipse/faces/javax.faces.resource/jquery/jquery-plugins.js?ln=primefaces&v=4.0 HTTP/1.1" 200 220526
190.25.102.205 - - [22/Dec/2023:00:18:04 -0500] "GET /sipse/faces/javax.faces.resource/primefaces.css?ln=primefaces&v=4.0 HTTP/1.1" 200 53295
190.25.102.205 - - [22/Dec/2023:00:18:04 -0500] "GET /sipse/css/imagen/logoSDG.png HTTP/1.1" 200 53064
190.25.102.205 - - [22/Dec/2023:00:18:04 -0500] "GET /sipse/css/imagen/loginimg.png HTTP/1.1" 200 71635
190.25.102.205 - - [22/Dec/2023:00:18:04 -0500] "GET /sipse/faces/javax.faces.resource/images/ui-icons_898989_256x240.png?ln=primefaces-aristo HTTP/1.1" 200 5355
190.25.102.205 - - [22/Dec/2023:00:18:11 -0500] "POST /sipse/faces/autenticacion.xhtml HTTP/1.1" 200 16825
190.25.102.205 - - [22/Dec/2023:00:18:11 -0500] "GET /sipse/css/custom_css_sg_prime.css HTTP/1.1" 200 5201
190.25.102.205 - - [22/Dec/2023:00:18:11 -0500] "GET /sipse/faces/javax.faces.resource/layout/layout.css?ln=primefaces&v=4.0 HTTP/1.1" 304 -
190.25.102.205 - - [22/Dec/2023:00:18:11 -0500] "GET /sipse/faces/javax.faces.resource/theme.css?ln=primefaces-sipse HTTP/1.1" 304 -
190.25.102.205 - - [22/Dec/2023:00:18:11 -0500] "GET /sipse/faces/javax.faces.resource/primefaces.css?ln=primefaces&v=4.0 HTTP/1.1" 304 -
190.25.102.205 - - [22/Dec/2023:00:18:12 -0500] "GET /sipse/js/jquery.min.js HTTP/1.1" 200 85582
190.25.102.205 - - [22/Dec/2023:00:18:12 -0500] "GET /sipse/faces/javax.faces.resource/jquery/jquery.js?ln=primefaces&v=4.0 HTTP/1.1" 304 -
190.25.102.205 - - [22/Dec/2023:00:18:12 -0500] "GET /sipse/faces/javax.faces.resource/jquery/jquery-plugins.js?ln=primefaces&v=4.0 HTTP/1.1" 304 -
190.25.102.205 - - [22/Dec/2023:00:18:12 -0500] "GET /sipse/faces/javax.faces.resource/primefaces.js?ln=primefaces&v=4.0 HTTP/1.1" 304 -
190.25.102.205 - - [22/Dec/2023:00:18:12 -0500] "GET /sipse/faces/javax.faces.resource/layout/layout.js?ln=primefaces&v=4.0 HTTP/1.1" 304 -
190.25.102.205 - - [22/Dec/2023:00:18:12 -0500] "GET /sipse/css/v_mergente.css HTTP/1.1" 200 1505
190.25.102.205 - - [22/Dec/2023:00:18:12 -0500] "GET /sipse/css/imagen/contrasena.png HTTP/1.1" 404 383
190.25.102.205 - - [22/Dec/2023:00:18:12 -0500] "GET /sipse/imagenes/cargando.gif HTTP/1.1" 200 36959
190.25.102.205 - - [22/Dec/2023:00:18:12 -0500] "GET /sipse/imagenes/logoAplicacion.jpg HTTP/1.1" 200 155084
190.25.102.205 - - [22/Dec/2023:00:18:12 -0500] "GET /sipse/faces/javax.faces.resource/messages/messages.png?ln=primefaces&v=4.0 HTTP/1.1" 200 27209
190.25.102.205 - - [22/Dec/2023:00:18:14 -0500] "GET /sipse/faces/javax.faces.resource/images/ui-bg_flat_0_2d5972_40x100.png?ln=primefaces-aristo HTTP/1.1" 200 183
190.25.102.205 - - [22/Dec/2023:00:18:14 -0500] "POST /sipse/faces/bienvenido.xhtml HTTP/1.1" 200 2658
157.55.39.6 - - [22/Dec/2023:00:18:15 -0500] "GET /BLA/resoluciones/AUTOS%202023/5642.pdf HTTP/1.1" 200 441669
190.25.102.205 - - [22/Dec/2023:00:18:15 -0500] "POST /sipse/faces/bienvenido.xhtml HTTP/1.1" 200 63257
190.25.102.205 - - [22/Dec/2023:00:18:16 -0500] "GET /sipse/faces/javax.faces.resource/layout/layout.css?ln=primefaces&v=4.0 HTTP/1.1" 304 -
190.25.102.205 - - [22/Dec/2023:00:18:16 -0500] "GET /sipse/faces/javax.faces.resource/primefaces.css?ln=primefaces&v=4.0 HTTP/1.1" 304 -
190.25.102.205 - - [22/Dec/2023:00:18:16 -0500] "GET /sipse/faces/javax.faces.resource/theme.css?ln=primefaces-sipse HTTP/1.1" 304 -
190.25.102.205 - - [22/Dec/2023:00:18:16 -0500] "GET /sipse/faces/javax.faces.resource/jquery/jquery.js?ln=primefaces&v=4.0 HTTP/1.1" 304 -
190.25.102.205 - - [22/Dec/2023:00:18:16 -0500] "GET /sipse/faces/javax.faces.resource/jquery/jquery-plugins.js?ln=primefaces&v=4.0 HTTP/1.1" 304 -
190.25.102.205 - - [22/Dec/2023:00:18:16 -0500] "GET /sipse/faces/javax.faces.resource/primefaces.js?ln=primefaces&v=4.0 HTTP/1.1" 304 -
190.25.102.205 - - [22/Dec/2023:00:18:16 -0500] "GET /sipse/faces/javax.faces.resource/layout/layout.js?ln=primefaces&v=4.0 HTTP/1.1" 304 -
190.25.102.205 - - [22/Dec/2023:00:18:16 -0500] "POST /sipse/faces/presentacion/financiero/solicitudProceso/listarSolicitudProceso.xhtml HTTP/1.1" 200 1556
201.245.192.253 - - [22/Dec/2023:00:18:15 -0500] "POST /kwsrmcab/Wsrmcab  HTTP/1.1" 200 40220
190.25.102.205 - - [22/Dec/2023:00:18:19 -0500] "POST /sipse/faces/presentacion/financiero/solicitudProceso/listarSolicitudProceso.xhtml HTTP/1.1" 200 7806
156.59.198.136 - - [22/Dec/2023:00:18:26 -0500] "GET /BLA/resoluciones/RESOLUCIONES%202017/0933.pdf HTTP/1.0" 200 478192
190.90.132.140 - - [22/Dec/2023:00:18:45 -0500] "POST /sipse/faces/presentacion/financiero/solicitudProceso/consultarSolicitudProceso.xhtml HTTP/1.1" 200 36933
190.90.132.140 - - [22/Dec/2023:00:18:45 -0500] "GET /sipse/js/disable_browser_buttons.js HTTP/1.1" 304 -
190.90.132.140 - - [22/Dec/2023:00:18:45 -0500] "GET /sipse/js/jquery.min.js HTTP/1.1" 304 -
190.90.132.140 - - [22/Dec/2023:00:18:45 -0500] "GET /sipse/js/funciones.js HTTP/1.1" 304 -
190.90.132.140 - - [22/Dec/2023:00:18:45 -0500] "GET /sipse/faces/javax.faces.resource/jquery/jquery.js?ln=primefaces&v=4.0 HTTP/1.1" 304 -
190.90.132.140 - - [22/Dec/2023:00:18:45 -0500] "GET /sipse/faces/javax.faces.resource/jquery/jquery-plugins.js?ln=primefaces&v=4.0 HTTP/1.1" 304 -
190.90.132.140 - - [22/Dec/2023:00:18:46 -0500] "GET /sipse/faces/javax.faces.resource/primefaces.js?ln=primefaces&v=4.0 HTTP/1.1" 304 -
190.90.132.140 - - [22/Dec/2023:00:18:46 -0500] "GET /sipse/faces/javax.faces.resource/layout/layout.js?ln=primefaces&v=4.0 HTTP/1.1" 304 -
190.90.132.140 - - [22/Dec/2023:00:18:46 -0500] "POST /sipse/faces/presentacion/financiero/solicitudProceso/listarSolicitudProceso.xhtml HTTP/1.1" 200 30316
190.90.132.140 - - [22/Dec/2023:00:18:47 -0500] "POST /sipse/faces/presentacion/financiero/solicitudProceso/listarSolicitudProceso.xhtml HTTP/1.1" 200 30316
190.90.132.140 - - [22/Dec/2023:00:18:47 -0500] "POST /sipse/faces/presentacion/financiero/solicitudProceso/listarSolicitudProceso.xhtml HTTP/1.1" 200 30316
190.90.132.140 - - [22/Dec/2023:00:18:48 -0500] "POST /sipse/faces/presentacion/financiero/solicitudProceso/listarSolicitudProceso.xhtml HTTP/1.1" 200 30316
190.90.132.140 - - [22/Dec/2023:00:18:48 -0500] "POST /sipse/faces/presentacion/financiero/solicitudProceso/listarSolicitudProceso.xhtml HTTP/1.1" 200 1400
190.90.132.140 - - [22/Dec/2023:00:18:48 -0500] "POST /sipse/faces/presentacion/financiero/solicitudProceso/listarSolicitudProceso.xhtml HTTP/1.1" 200 1396
190.90.132.140 - - [22/Dec/2023:00:18:49 -0500] "POST /sipse/faces/presentacion/financiero/solicitudProceso/listarSolicitudProceso.xhtml HTTP/1.1" 200 1404
190.90.132.140 - - [22/Dec/2023:00:18:49 -0500] "POST /sipse/faces/presentacion/financiero/solicitudProceso/listarSolicitudProceso.xhtml HTTP/1.1" 200 1396
190.90.132.140 - - [22/Dec/2023:00:18:49 -0500] "POST /sipse/faces/presentacion/financiero/solicitudProceso/listarSolicitudProceso.xhtml HTTP/1.1" 200 1404
156.59.198.135 - - [22/Dec/2023:00:18:49 -0500] "GET /BLA/resoluciones/RESOLUCIONES%202007/RES%202007%202101%20AL%202200/RESOLUCION%202199%20DE%202007.pdf HTTP/1.0" 200 173944
181.56.171.197 - - [22/Dec/2023:00:18:51 -0500] "POST /sipse/faces/presentacion/financiero/solicitudProceso/consultar.xhtml HTTP/1.1" 200 23085
181.56.171.197 - - [22/Dec/2023:00:18:55 -0500] "POST /sipse/faces/presentacion/financiero/solicitudProceso/consultar.xhtml HTTP/1.1" 200 37947
181.56.171.197 - - [22/Dec/2023:00:18:56 -0500] "GET /sipse/faces/javax.faces.resource/theme.css?ln=primefaces-sipse HTTP/1.1" 304 -
181.56.171.197 - - [22/Dec/2023:00:18:56 -0500] "GET /sipse/faces/javax.faces.resource/jquery/jquery.js?ln=primefaces&v=4.0 HTTP/1.1" 304 -
181.56.171.197 - - [22/Dec/2023:00:18:56 -0500] "GET /sipse/faces/javax.faces.resource/layout/layout.css?ln=primefaces&v=4.0 HTTP/1.1" 304 -
181.56.171.197 - - [22/Dec/2023:00:18:56 -0500] "GET /sipse/css/imagen/contrasena.png HTTP/1.1" 404 383
181.56.171.197 - - [22/Dec/2023:00:18:56 -0500] "GET /sipse/faces/javax.faces.resource/primefaces.css?ln=primefaces&v=4.0 HTTP/1.1" 304 -
181.56.171.197 - - [22/Dec/2023:00:18:56 -0500] "GET /sipse/faces/javax.faces.resource/jquery/jquery-plugins.js?ln=primefaces&v=4.0 HTTP/1.1" 304 -
181.56.171.197 - - [22/Dec/2023:00:18:56 -0500] "GET /sipse/faces/javax.faces.resource/primefaces.js?ln=primefaces&v=4.0 HTTP/1.1" 304 -
181.56.171.197 - - [22/Dec/2023:00:18:56 -0500] "GET /sipse/faces/javax.faces.resource/layout/layout.js?ln=primefaces&v=4.0 HTTP/1.1" 304 -
181.56.171.197 - - [22/Dec/2023:00:18:56 -0500] "GET /sipse/faces/javax.faces.resource/images/ui-icons_898989_256x240.png?ln=primefaces-aristo HTTP/1.1" 304 -
181.56.171.197 - - [22/Dec/2023:00:18:56 -0500] "POST /sipse/faces/presentacion/financiero/solicitudProceso/listarSolicitudProceso.xhtml HTTP/1.1" 200 31330
181.56.171.197 - - [22/Dec/2023:00:18:56 -0500] "GET /sipse/faces/javax.faces.resource/images/ui-bg_flat_0_2d5972_40x100.png?ln=primefaces-aristo HTTP/1.1" 304 -
181.56.171.197 - - [22/Dec/2023:00:18:56 -0500] "POST /sipse/faces/presentacion/financiero/solicitudProceso/listarSolicitudProceso.xhtml HTTP/1.1" 200 1400
181.56.171.197 - - [22/Dec/2023:00:18:56 -0500] "POST /sipse/faces/presentacion/financiero/solicitudProceso/listarSolicitudProceso.xhtml HTTP/1.1" 200 1396
156.59.198.136 - - [22/Dec/2023:00:19:13 -0500] "GET /BLA/resoluciones/RESOLUCIONES%202017/2292.pdf HTTP/1.0" 200 744819
181.56.171.197 - - [22/Dec/2023:00:19:35 -0500] "POST /sipse/faces/presentacion/financiero/solicitudProceso/listarSolicitudProceso.xhtml HTTP/1.1" 200 40724
181.56.171.197 - - [22/Dec/2023:00:19:36 -0500] "GET /sipse/faces/javax.faces.resource/theme.css?ln=primefaces-sipse HTTP/1.1" 304 -
181.56.171.197 - - [22/Dec/2023:00:19:36 -0500] "GET /sipse/faces/javax.faces.resource/primefaces.css?ln=primefaces&v=4.0 HTTP/1.1" 304 -
181.56.171.197 - - [22/Dec/2023:00:19:36 -0500] "GET /sipse/faces/javax.faces.resource/layout/layout.css?ln=primefaces&v=4.0 HTTP/1.1" 304 -
181.56.171.197 - - [22/Dec/2023:00:19:36 -0500] "GET /sipse/faces/javax.faces.resource/jquery/jquery.js?ln=primefaces&v=4.0 HTTP/1.1" 304 -
181.56.171.197 - - [22/Dec/2023:00:19:36 -0500] "GET /sipse/faces/javax.faces.resource/jquery/jquery-plugins.js?ln=primefaces&v=4.0 HTTP/1.1" 304 -
181.56.171.197 - - [22/Dec/2023:00:19:36 -0500] "GET /sipse/faces/javax.faces.resource/primefaces.js?ln=primefaces&v=4.0 HTTP/1.1" 304 -
181.56.171.197 - - [22/Dec/2023:00:19:36 -0500] "GET /sipse/faces/javax.faces.resource/layout/layout.js?ln=primefaces&v=4.0 HTTP/1.1" 304 -
181.56.171.197 - - [22/Dec/2023:00:19:36 -0500] "GET /sipse/css/imagen/contrasena.png HTTP/1.1" 404 383
181.56.171.197 - - [22/Dec/2023:00:19:36 -0500] "POST /sipse/faces/presentacion/financiero/solicitudProceso/consultar.xhtml HTTP/1.1" 200 34133
181.56.171.197 - - [22/Dec/2023:00:19:36 -0500] "POST /sipse/faces/presentacion/financiero/solicitudProceso/consultar.xhtml HTTP/1.1" 200 34133
156.59.198.135 - - [22/Dec/2023:00:19:38 -0500] "GET /BLA/resoluciones/RESOLUCIONES%202017/0854.pdf HTTP/1.0" 200 350170
181.56.171.197 - - [22/Dec/2023:00:19:39 -0500] "POST /sipse/faces/presentacion/financiero/solicitudProceso/consultar.xhtml HTTP/1.1" 200 12793
156.59.198.135 - - [22/Dec/2023:00:20:02 -0500] "GET /BLA/resoluciones/RESOLUCIONES%202007/RES%202007%202101%20AL%202200/RESOLUCION%202126%20DE%202007.pdf HTTP/1.0" 200 1050561
190.90.132.140 - - [22/Dec/2023:00:20:02 -0500] "POST /sipse/faces/presentacion/financiero/solicitudProceso/listarSolicitudProceso.xhtml HTTP/1.1" 200 6197
181.56.171.197 - - [22/Dec/2023:00:20:05 -0500] "POST /sipse/faces/presentacion/financiero/solicitudProceso/consultar.xhtml HTTP/1.1" 200 37947
181.56.171.197 - - [22/Dec/2023:00:20:05 -0500] "GET /sipse/faces/javax.faces.resource/theme.css?ln=primefaces-sipse HTTP/1.1" 304 -
181.56.171.197 - - [22/Dec/2023:00:20:05 -0500] "GET /sipse/faces/javax.faces.resource/primefaces.css?ln=primefaces&v=4.0 HTTP/1.1" 304 -
181.56.171.197 - - [22/Dec/2023:00:20:05 -0500] "GET /sipse/faces/javax.faces.resource/layout/layout.css?ln=primefaces&v=4.0 HTTP/1.1" 304 -
181.56.171.197 - - [22/Dec/2023:00:20:05 -0500] "GET /sipse/faces/javax.faces.resource/jquery/jquery.js?ln=primefaces&v=4.0 HTTP/1.1" 304 -
181.56.171.197 - - [22/Dec/2023:00:20:05 -0500] "GET /sipse/faces/javax.faces.resource/jquery/jquery-plugins.js?ln=primefaces&v=4.0 HTTP/1.1" 304 -
181.56.171.197 - - [22/Dec/2023:00:20:05 -0500] "GET /sipse/faces/javax.faces.resource/primefaces.js?ln=primefaces&v=4.0 HTTP/1.1" 304 -
181.56.171.197 - - [22/Dec/2023:00:20:05 -0500] "GET /sipse/faces/javax.faces.resource/layout/layout.js?ln=primefaces&v=4.0 HTTP/1.1" 304 -
181.56.171.197 - - [22/Dec/2023:00:20:05 -0500] "GET /sipse/css/imagen/contrasena.png HTTP/1.1" 404 383
181.56.171.197 - - [22/Dec/2023:00:20:05 -0500] "POST /sipse/faces/presentacion/financiero/solicitudProceso/listarSolicitudProceso.xhtml HTTP/1.1" 200 31330
190.90.132.140 - - [22/Dec/2023:00:20:05 -0500] "POST /sipse/faces/presentacion/financiero/solicitudProceso/listarSolicitudProceso.xhtml HTTP/1.1" 200 30316
181.56.171.197 - - [22/Dec/2023:00:20:05 -0500] "POST /sipse/faces/presentacion/financiero/solicitudProceso/listarSolicitudProceso.xhtml HTTP/1.1" 200 31330
181.56.171.197 - - [22/Dec/2023:00:20:06 -0500] "POST /sipse/faces/presentacion/financiero/solicitudProceso/listarSolicitudProceso.xhtml HTTP/1.1" 200 31330
181.56.171.197 - - [22/Dec/2023:00:20:06 -0500] "POST /sipse/faces/presentacion/financiero/solicitudProceso/listarSolicitudProceso.xhtml HTTP/1.1" 200 1400
190.90.132.140 - - [22/Dec/2023:00:20:06 -0500] "POST /sipse/faces/presentacion/financiero/solicitudProceso/listarSolicitudProceso.xhtml HTTP/1.1" 200 30316
181.56.171.197 - - [22/Dec/2023:00:20:06 -0500] "POST /sipse/faces/presentacion/financiero/solicitudProceso/listarSolicitudProceso.xhtml HTTP/1.1" 200 1396
181.56.171.197 - - [22/Dec/2023:00:20:06 -0500] "POST /sipse/faces/presentacion/financiero/solicitudProceso/listarSolicitudProceso.xhtml HTTP/1.1" 200 1404
190.90.132.140 - - [22/Dec/2023:00:20:06 -0500] "POST /sipse/faces/presentacion/financiero/solicitudProceso/listarSolicitudProceso.xhtml HTTP/1.1" 200 30316
181.56.171.197 - - [22/Dec/2023:00:20:07 -0500] "POST /sipse/faces/presentacion/financiero/solicitudProceso/listarSolicitudProceso.xhtml HTTP/1.1" 200 1396
190.90.132.140 - - [22/Dec/2023:00:20:07 -0500] "POST /sipse/faces/presentacion/financiero/solicitudProceso/listarSolicitudProceso.xhtml HTTP/1.1" 200 30316
190.90.132.140 - - [22/Dec/2023:00:20:07 -0500] "POST /sipse/faces/presentacion/financiero/solicitudProceso/listarSolicitudProceso.xhtml HTTP/1.1" 200 30316
190.90.132.140 - - [22/Dec/2023:00:20:08 -0500] "POST /sipse/faces/presentacion/financiero/solicitudProceso/listarSolicitudProceso.xhtml HTTP/1.1" 200 30316
190.90.132.140 - - [22/Dec/2023:00:20:08 -0500] "POST /sipse/faces/presentacion/financiero/solicitudProceso/listarSolicitudProceso.xhtml HTTP/1.1" 200 1400
190.90.132.140 - - [22/Dec/2023:00:20:08 -0500] "POST /sipse/faces/presentacion/financiero/solicitudProceso/listarSolicitudProceso.xhtml HTTP/1.1" 200 1396
190.90.132.140 - - [22/Dec/2023:00:20:09 -0500] "POST /sipse/faces/presentacion/financiero/solicitudProceso/listarSolicitudProceso.xhtml HTTP/1.1" 200 1404
190.90.132.140 - - [22/Dec/2023:00:20:09 -0500] "POST /sipse/faces/presentacion/financiero/solicitudProceso/listarSolicitudProceso.xhtml HTTP/1.1" 200 1396
181.56.171.197 - - [22/Dec/2023:00:20:10 -0500] "POST /sipse/faces/presentacion/financiero/solicitudProceso/listarSolicitudProceso.xhtml HTTP/1.1" 200 3249
190.90.132.140 - - [22/Dec/2023:00:20:10 -0500] "POST /sipse/faces/presentacion/financiero/solicitudProceso/listarSolicitudProceso.xhtml HTTP/1.1" 200 1404
190.90.132.140 - - [22/Dec/2023:00:20:10 -0500] "POST /sipse/faces/presentacion/financiero/solicitudProceso/listarSolicitudProceso.xhtml HTTP/1.1" 200 1396
181.56.171.197 - - [22/Dec/2023:00:20:14 -0500] "POST /sipse/faces/presentacion/financiero/solicitudProceso/listarSolicitudProceso.xhtml HTTP/1.1" 200 32955
190.90.132.140 - - [22/Dec/2023:00:20:15 -0500] "POST /sipse/faces/presentacion/financiero/solicitudProceso/listarSolicitudProceso.xhtml HTTP/1.1" 200 2697
190.90.132.140 - - [22/Dec/2023:00:20:16 -0500] "POST /sipse/faces/presentacion/financiero/solicitudProceso/listarSolicitudProceso.xhtml HTTP/1.1" 200 40724
190.90.132.140 - - [22/Dec/2023:00:20:16 -0500] "GET /sipse/faces/javax.faces.resource/jquery/jquery.js?ln=primefaces&v=4.0 HTTP/1.1" 304 -
190.90.132.140 - - [22/Dec/2023:00:20:16 -0500] "GET /sipse/faces/javax.faces.resource/jquery/jquery-plugins.js?ln=primefaces&v=4.0 HTTP/1.1" 304 -
190.90.132.140 - - [22/Dec/2023:00:20:16 -0500] "GET /sipse/faces/javax.faces.resource/primefaces.js?ln=primefaces&v=4.0 HTTP/1.1" 304 -
190.90.132.140 - - [22/Dec/2023:00:20:16 -0500] "GET /sipse/faces/javax.faces.resource/layout/layout.js?ln=primefaces&v=4.0 HTTP/1.1" 304 -
181.56.171.197 - - [22/Dec/2023:00:20:16 -0500] "POST /sipse/faces/presentacion/financiero/solicitudProceso/listarSolicitudProceso.xhtml HTTP/1.1" 200 43750
181.56.171.197 - - [22/Dec/2023:00:20:17 -0500] "GET /sipse/faces/javax.faces.resource/theme.css?ln=primefaces-sipse HTTP/1.1" 304 -
181.56.171.197 - - [22/Dec/2023:00:20:17 -0500] "GET /sipse/faces/javax.faces.resource/primefaces.css?ln=primefaces&v=4.0 HTTP/1.1" 304 -
181.56.171.197 - - [22/Dec/2023:00:20:17 -0500] "GET /sipse/faces/javax.faces.resource/layout/layout.css?ln=primefaces&v=4.0 HTTP/1.1" 304 -
181.56.171.197 - - [22/Dec/2023:00:20:17 -0500] "GET /sipse/faces/javax.faces.resource/jquery/jquery.js?ln=primefaces&v=4.0 HTTP/1.1" 304 -
181.56.171.197 - - [22/Dec/2023:00:20:17 -0500] "GET /sipse/faces/javax.faces.resource/jquery/jquery-plugins.js?ln=primefaces&v=4.0 HTTP/1.1" 304 -
181.56.171.197 - - [22/Dec/2023:00:20:17 -0500] "GET /sipse/faces/javax.faces.resource/primefaces.js?ln=primefaces&v=4.0 HTTP/1.1" 304 -
190.90.132.140 - - [22/Dec/2023:00:20:17 -0500] "POST /sipse/faces/presentacion/financiero/solicitudProceso/consultar.xhtml HTTP/1.1" 200 34133
181.56.171.197 - - [22/Dec/2023:00:20:17 -0500] "GET /sipse/faces/javax.faces.resource/layout/layout.js?ln=primefaces&v=4.0 HTTP/1.1" 304 -
181.56.171.197 - - [22/Dec/2023:00:20:17 -0500] "GET /sipse/css/imagen/contrasena.png HTTP/1.1" 404 383
181.56.171.197 - - [22/Dec/2023:00:20:17 -0500] "POST /sipse/faces/presentacion/financiero/solicitudProceso/consultar.xhtml HTTP/1.1" 200 37159
190.90.132.140 - - [22/Dec/2023:00:20:17 -0500] "POST /sipse/faces/presentacion/financiero/solicitudProceso/consultar.xhtml HTTP/1.1" 200 34133
181.56.171.197 - - [22/Dec/2023:00:20:17 -0500] "POST /sipse/faces/presentacion/financiero/solicitudProceso/consultar.xhtml HTTP/1.1" 200 37159
181.56.171.197 - - [22/Dec/2023:00:20:17 -0500] "POST /sipse/faces/presentacion/financiero/solicitudProceso/consultar.xhtml HTTP/1.1" 200 37159
190.90.132.140 - - [22/Dec/2023:00:20:17 -0500] "POST /sipse/faces/presentacion/financiero/solicitudProceso/consultar.xhtml HTTP/1.1" 200 34133
181.56.171.197 - - [22/Dec/2023:00:20:18 -0500] "POST /sipse/faces/presentacion/financiero/solicitudProceso/consultar.xhtml HTTP/1.1" 200 37159
190.90.132.140 - - [22/Dec/2023:00:20:18 -0500] "POST /sipse/faces/presentacion/financiero/solicitudProceso/consultar.xhtml HTTP/1.1" 200 34133
190.90.132.140 - - [22/Dec/2023:00:20:18 -0500] "POST /sipse/faces/presentacion/financiero/solicitudProceso/consultar.xhtml HTTP/1.1" 200 34133
181.56.171.197 - - [22/Dec/2023:00:20:19 -0500] "POST /sipse/faces/presentacion/financiero/solicitudProceso/consultar.xhtml HTTP/1.1" 200 23073
181.56.171.197 - - [22/Dec/2023:00:20:21 -0500] "POST /sipse/faces/presentacion/financiero/solicitudProceso/consultar.xhtml HTTP/1.1" 200 12747
190.90.132.140 - - [22/Dec/2023:00:20:24 -0500] "POST /sipse/faces/presentacion/financiero/solicitudProceso/consultar.xhtml HTTP/1.1" 200 12893
156.59.198.136 - - [22/Dec/2023:00:20:26 -0500] "GET /BLA/resoluciones/RESOLUCIONES%202017/1823.pdf HTTP/1.0" 200 343070
181.56.171.197 - - [22/Dec/2023:00:20:26 -0500] "POST /sipse/faces/presentacion/financiero/solicitudProceso/consultar.xhtml HTTP/1.1" 200 118642
181.56.171.197 - - [22/Dec/2023:00:20:27 -0500] "GET /sipse/faces/javax.faces.resource/theme.css?ln=primefaces-sipse HTTP/1.1" 304 -
181.56.171.197 - - [22/Dec/2023:00:20:27 -0500] "GET /sipse/faces/javax.faces.resource/layout/layout.css?ln=primefaces&v=4.0 HTTP/1.1" 304 -
181.56.171.197 - - [22/Dec/2023:00:20:27 -0500] "GET /sipse/faces/javax.faces.resource/primefaces.css?ln=primefaces&v=4.0 HTTP/1.1" 304 -
181.56.171.197 - - [22/Dec/2023:00:20:27 -0500] "GET /sipse/faces/javax.faces.resource/jquery/jquery.js?ln=primefaces&v=4.0 HTTP/1.1" 304 -
181.56.171.197 - - [22/Dec/2023:00:20:27 -0500] "GET /sipse/faces/javax.faces.resource/jquery/jquery-plugins.js?ln=primefaces&v=4.0 HTTP/1.1" 304 -
181.56.171.197 - - [22/Dec/2023:00:20:27 -0500] "GET /sipse/faces/javax.faces.resource/primefaces.js?ln=primefaces&v=4.0 HTTP/1.1" 304 -
181.56.171.197 - - [22/Dec/2023:00:20:27 -0500] "GET /sipse/faces/javax.faces.resource/layout/layout.js?ln=primefaces&v=4.0 HTTP/1.1" 304 -
181.56.171.197 - - [22/Dec/2023:00:20:27 -0500] "GET /sipse/css/imagen/contrasena.png HTTP/1.1" 404 383
201.245.192.253 - - [22/Dec/2023:00:20:25 -0500] "POST /kwsrmcab/Wsrmcab HTTP/1.1" 200 40870
216.245.221.92 - - [22/Dec/2023:00:20:30 -0500] "HEAD / HTTP/1.1" 200 -
201.245.192.253 - - [22/Dec/2023:00:20:31 -0500] "POST /kwsrmcab/Wsrmcab HTTP/1.1" 200 36804
172.22.2.4 - - [22/Dec/2023:00:20:41 -0500] "GET /BLA/boletinlegal/robots.txt HTTP/1.1" 404 1037
156.59.198.135 - - [22/Dec/2023:00:20:50 -0500] "GET /BLA/resoluciones/RESOLUCIONES%202007/RES%202007%202401%20AL%202500/RESOLUCION%202474%20DE%202007.pdf HTTP/1.0" 200 541030
181.56.171.197 - - [22/Dec/2023:00:20:50 -0500] "POST /sipse/faces/presentacion/financiero/solicitudProceso/consultarSolicitudProceso.xhtml HTTP/1.1" 200 628282
156.59.198.135 - - [22/Dec/2023:00:21:14 -0500] "GET /BLA/resoluciones/RESOLUCIONES%202007/RES%202007%202101%20AL%202200/RESOLUCION%202118%20DE%202007.pdf HTTP/1.0" 200 339756
156.59.198.136 - - [22/Dec/2023:00:21:39 -0500] "GET /BLA/resoluciones/RESOLUCIONES%202017/2576.pdf HTTP/1.0" 200 278641
156.59.198.135 - - [22/Dec/2023:00:22:03 -0500] "GET /BLA/resoluciones/RESOLUCIONES%202017/3509.pdf HTTP/1.0" 200 309978
172.22.2.4 - - [22/Dec/2023:00:20:27 -0500] "HEAD /BLA/boletinlegal/ HTTP/1.1" 200 -
156.59.198.135 - - [22/Dec/2023:00:22:27 -0500] "GET /BLA/resoluciones/RESOLUCIONES%202007/RES%202007%202101%20AL%202200/RESOLUCION%202102%20DE%202007.pdf HTTP/1.0" 200 622209
152.201.223.47 - - [22/Dec/2023:00:22:50 -0500] "GET /kwssiamovil/sm/ldap/au?x=U2FsdGVkX1/k+sqHodUBYK7t8RZl3+2Ec9v+3/G3RKylqBlnzdvniMvW2IVbJGFQlbDnnB11pCYzjIdG8FlaFg==&y=U2FsdGVkX1/iYeyoveyzQRN0zXbAcnwqV0zS2BV3exetAJpOaKbR5K/m14IG4lis HTTP/1.1" 200 30
152.201.223.47 - - [22/Dec/2023:00:22:50 -0500] "GET /kwssiamovil/sm/acme/s?s=U2FsdGVkX18VA6LoFnwWJFMMTLht/sCdyGzeVkFz+kI0Iyz+16QtDg9sr51e+Sbmh0jIf7007UDYU1IVauYnSJ0PQ8Xw2FmZvzAF/RtxeXE=&u=U2FsdGVkX1+/1j2j6cOjBqAYp3/gqUQHCsh2SmcbP/RQMHB33JUSaQRTz9IzIniC&y=U2FsdGVkX1/iYeyoveyzQRN0zXbAcnwqV0zS2BV3exetAJpOaKbR5K/m14IG4lis HTTP/1.1" 200 97
152.201.223.47 - - [22/Dec/2023:00:22:50 -0500] "GET /kwssiamovil/sm/acme/s?s=U2FsdGVkX18xRujTIHI8OJV9My8xVcOcrexcq7mAnOq6UmlhsGqoRFicBilSKMAMElb8I95fPMSYIbn3MGGNjcL/4Zxkq6xYJuO4xOCFhAsSlEtCnrtwF111vNngNMT7042lGIVLFT0OflpkBVnGVMV9wKYN4AQByaSd8nL7FpSAibJPZIjenmSQU0aci2JwBHAVJFvVeIyeBX2Fh5Efak/1EWL+djX2jEJ0SzKLL45dvbEV0r6y74mP6OlrSm04/4R2h7ewinCOUKDyzgAwwf61QEH0HkzdqczZWjPtFiFBTCWM8e4d9SXvLlXKNS7gEr6b4ICbAxkhKOy14apJjUb0GE39opgRvItKcB1C0+Ujfy0yxK1UPofiy8GdEmgOhwWn+RRCElXw0bcFTUKsQBQR0E//ayHYW9mQgxKKpUm0mBLNUlF51KRzfvJQjpYY/I+H9Y2Y6Jjgu1ou7tcNlf4tifpopcFe9oKO0hP8vccaQJfJLk/igVr72eoeLZaN7qaNSIHJXCXfZzZMe3p1ZDpmRWUqVB0fojJtWPsRd4tJSDhml+jmGUJUalFUyQLifdQswtEyel5OzLzlMkNNAJDCAOmF4ReK4WunZPndTRuNytnYiUSB917hVHdeS23k8Rqatf6wvxVjv3vEH5uuLTmWvgQSdqM1SAICqj/0RMx7YqgpH+pqw+8lMy4pvoVzS7MIvsQjXavOfvgiyaMZYTcwkyUN7hMDOK8WkI1/EPIVPINuWN1cxSCzMFVShTwb1wpf0R8B/cNPqGOZbtVtNtr17Fr6+2FD+VFiuVwWF60qwS1q8kvE7/5Xu0JOr/H6Cszj2GdFTh+8y1HGeB4zm8rv4UTmGSLAyyX1v3bHBD4kwOujfRVYYQ/24aAl8kxyh5TnS6as8Ultgjx5EwlSIbavROoaFLJHo8bgBF6wTjMXFIT5HzwQfMIX9fzpVx2fDIGfG5Xge/84w124MakAF7ZNRpbQFilZTAU+V9XYhIRRiVCLGdWBQz8+Re7FrsTiNcKFH+p3kuXuzhODcwvTS78AsBAVyI1gYyqmpFMcYvIP28I9UaNfUz6NyusYCSOLu7Xh86aK9/X3kdTDRTxg6Jc6BJnWnEtleGxtDocLV77UE10ffhkhAdzw2L1zw2VXV9ZGOFd4kp8oegwdLtLjszLSI7YCsJLEybnBgO/JSml+BPBJFWoaQ10hu5nCchfqwRgCiVvEuMdTro2yFxzzPd9/ICtNOrhsnRJXT0/ie3MyviBFPsc+8EVnqfJgmRaxMuWs/oiL9lL+JOAwUaaUFxCpxDvSUbN8TFtdLfGsV56AWxVXKcHr6JmkBUjbaRLZ12EnXwmk0g2Gf+9E0j7NBMiiEkh6YM9g9NE1Ogz5hw4CZXaJ5FylFROec4I2VDapnSwDS94PnFRRKGxuhngekIsXqBY2Mgj9RIKCmfVuL8U+jlE3ZcYR9wI4YAekuSpjIg1mHAs8waDIt81OBATJwDsw5MngAsfE4RKZmvruJopNUf+/83djFIcTBLi8o/RU11AfIQ5u/ahzpumcl0zchIRFxGPK0VdleuIqU/hKqzA8dQ82C0O++dtmAgC0+GpwHjwefglbxW76Ly8mOQOtykgoqXXDkmrufGY22fEvuKsaxBI1cZW1dvMY/7K0rTzf5qAVXr6cELheDrz/8/w8lkWJ31sWtbITZC49rVNsS1FDunQfVoqFpWW5Y4klRYxslIKFg6pnvypjYc375aCSFWBCQjeJMAOB9W0sHWimHmR+wYo0sV7md3x7ZfCvG+If&u=U2FsdGVkX1+/1j2j6cOjBqAYp3/gqUQHCsh2SmcbP/RQMHB33JUSaQRTz9IzIniC&y=U2FsdGVkX1/iYeyoveyzQRN0zXbAcnwqV0zS2BV3exetAJpOaKbR5K/m14IG4lis HTTP/1.1" 200 2048
152.201.223.47 - - [22/Dec/2023:00:22:50 -0500] "GET /kwssiamovil/sm/acme/s?s=U2FsdGVkX19Nd0Ck7YlhbfEEiSii6rZowjanbm9Ee1D8b5qLkNryT09U6KrwDWgYAsgUKPo6EAhhZKtu+WuB6qUKK8gGImIBRVGrsFqAZVuHLpMOQ57VOz/itYAgCW70xmLkXZ5ma8wayZJSqDKNl+7+99SmR9OlHOFhP2Ywc1K3/rNZ/h/fR49JYufvXzGFKhIUwi/Pq/ANvmxVTaZijQ6BXkYnjicOO52NN6UKlLH8NsX5vcmpSX1QB2kZroxHyfQ3+ixiihyEbo7yWE+PgV7wDSK2quV//BYjljNCusAdoc+3oC0SOx34O3LdZLVp5s1Xt6R/2wb/pevjbYULFDWcuQymDk5x+OQaPs8RntimQY98P9sIswrMQO09Vvq+8J4XlFw1L4e7C8krUGjiiuQgmhaUmObaDMvvjqn19FcxCW7ejVv2GTzzDSs2wIcIkIIEi3JdS/ocYx9L1HX93HoKIQMQ4sRhSXfxn611fcSbu5BYJIZPnvp8AghEVt+ncZcRWgiIU0AoY+0yQCsFgj0AuEg2fPJbMiD02RZjE52narcxSsRqV2pzE3WD67oZsv29JkilK0B33lIjKMB/X3mdO+JhZ2DbhVb0bmZg/4lWJKXvg/6/QHU03lsU1hsjAudI+4Qg0aVjPtHz7/67RgD26jTHq+H31Ro+46nOSUDvvKvS41ljQPY1jrf/tg9c2TD9PNwZxKYriKAkxZmvcrmhveSHGtbmSVk9XQoFWXz5AovmPbX8g3hTyPcnnKWz&u=U2FsdGVkX1+/1j2j6cOjBqAYp3/gqUQHCsh2SmcbP/RQMHB33JUSaQRTz9IzIniC&y=U2FsdGVkX1/iYeyoveyzQRN0zXbAcnwqV0zS2BV3exetAJpOaKbR5K/m14IG4lis HTTP/1.1" 200 208
152.201.223.47 - - [22/Dec/2023:00:22:50 -0500] "GET /kwssiamovil/sm/cjson/pre?f=1&x=U2FsdGVkX1/k+sqHodUBYK7t8RZl3+2Ec9v+3/G3RKylqBlnzdvniMvW2IVbJGFQlbDnnB11pCYzjIdG8FlaFg== HTTP/1.1" 200 31032
156.59.198.135 - - [22/Dec/2023:00:22:52 -0500] "GET /BLA/resoluciones/RESOLUCIONES%202017/2910.pdf HTTP/1.0" 200 272676
172.22.2.4 - - [22/Dec/2023:00:21:18 -0500] "GET /BLA/boletinlegal/ HTTP/1.1" 200 58567
156.59.198.135 - - [22/Dec/2023:00:23:15 -0500] "GET /BLA/resoluciones/RESOLUCIONES%202007/RES%202007%202401%20AL%202500/RESOLUCION%202437%20DE%202007.pdf HTTP/1.0" 200 513081
201.245.192.253 - - [22/Dec/2023:00:23:14 -0500] "POST /kwsrmcab/Wsrmcab  HTTP/1.1" 200 40220
156.59.198.136 - - [22/Dec/2023:00:23:39 -0500] "GET /BLA/resoluciones/RESOLUCIONES%202007/RES%202007%202101%20AL%202200/RESOLUCION%202197%20DE%202007.pdf HTTP/1.0" 200 722220
186.155.168.86 - - [22/Dec/2023:00:23:49 -0500] "POST /sipse/faces/presentacion/financiero/solicitudProceso/consultarSolicitudProceso.xhtml HTTP/1.1" 200 5205
186.155.168.86 - - [22/Dec/2023:00:23:50 -0500] "POST /sipse/faces/presentacion/financiero/solicitudProceso/consultarSolicitudProceso.xhtml HTTP/1.1" 200 40136
186.155.168.86 - - [22/Dec/2023:00:23:51 -0500] "GET /sipse/faces/javax.faces.resource/jquery/jquery.js?ln=primefaces&v=4.0 HTTP/1.1" 304 -
186.155.168.86 - - [22/Dec/2023:00:23:51 -0500] "GET /sipse/faces/javax.faces.resource/jquery/jquery-plugins.js?ln=primefaces&v=4.0 HTTP/1.1" 304 -
186.155.168.86 - - [22/Dec/2023:00:23:51 -0500] "GET /sipse/faces/javax.faces.resource/primefaces.js?ln=primefaces&v=4.0 HTTP/1.1" 304 -
186.155.168.86 - - [22/Dec/2023:00:23:51 -0500] "GET /sipse/faces/javax.faces.resource/layout/layout.js?ln=primefaces&v=4.0 HTTP/1.1" 304 -
186.155.168.86 - - [22/Dec/2023:00:23:51 -0500] "POST /sipse/faces/presentacion/financiero/solicitudProceso/consultar.xhtml HTTP/1.1" 200 33535
66.249.66.19 - - [22/Dec/2023:00:23:51 -0500] "GET /BLA/resoluciones/Notificaciones/AUTOS%202023/2830.pdf HTTP/1.1" 200 743266
186.155.168.86 - - [22/Dec/2023:00:23:51 -0500] "POST /sipse/faces/presentacion/financiero/solicitudProceso/consultar.xhtml HTTP/1.1" 200 33535
186.155.168.86 - - [22/Dec/2023:00:23:51 -0500] "POST /sipse/faces/presentacion/financiero/solicitudProceso/consultar.xhtml HTTP/1.1" 200 33535
186.155.168.86 - - [22/Dec/2023:00:23:52 -0500] "POST /sipse/faces/presentacion/financiero/solicitudProceso/consultar.xhtml HTTP/1.1" 200 33535
186.155.168.86 - - [22/Dec/2023:00:23:52 -0500] "POST /sipse/faces/presentacion/financiero/solicitudProceso/consultar.xhtml HTTP/1.1" 200 33535
186.155.168.86 - - [22/Dec/2023:00:23:52 -0500] "POST /sipse/faces/presentacion/financiero/solicitudProceso/consultar.xhtml HTTP/1.1" 200 33535
66.249.66.19 - - [22/Dec/2023:00:23:52 -0500] "GET /BLA/resoluciones/RESOLUCIONES%202011/0377.pdf HTTP/1.1" 200 295752
186.155.168.86 - - [22/Dec/2023:00:23:52 -0500] "POST /sipse/faces/presentacion/financiero/solicitudProceso/consultar.xhtml HTTP/1.1" 200 33535
186.155.168.86 - - [22/Dec/2023:00:23:52 -0500] "POST /sipse/faces/presentacion/financiero/solicitudProceso/consultar.xhtml HTTP/1.1" 200 33535
186.155.168.86 - - [22/Dec/2023:00:23:53 -0500] "POST /sipse/faces/presentacion/financiero/solicitudProceso/consultar.xhtml HTTP/1.1" 200 33535
186.155.168.86 - - [22/Dec/2023:00:23:53 -0500] "POST /sipse/faces/presentacion/financiero/solicitudProceso/consultar.xhtml HTTP/1.1" 200 33535
172.22.2.4 - - [22/Dec/2023:00:23:57 -0500] "GET /BLA/boletinlegal/robots.txt HTTP/1.1" 404 1038
186.155.168.86 - - [22/Dec/2023:00:23:57 -0500] "POST /sipse/faces/presentacion/financiero/solicitudProceso/consultar.xhtml HTTP/1.1" 200 12719
186.155.168.86 - - [22/Dec/2023:00:23:59 -0500] "POST /sipse/faces/presentacion/financiero/solicitudProceso/consultar.xhtml HTTP/1.1" 200 103942
186.155.168.86 - - [22/Dec/2023:00:24:00 -0500] "GET /sipse/faces/javax.faces.resource/jquery/jquery.js?ln=primefaces&v=4.0 HTTP/1.1" 304 -
186.155.168.86 - - [22/Dec/2023:00:24:00 -0500] "GET /sipse/faces/javax.faces.resource/jquery/jquery-plugins.js?ln=primefaces&v=4.0 HTTP/1.1" 304 -
186.155.168.86 - - [22/Dec/2023:00:24:00 -0500] "GET /sipse/faces/javax.faces.resource/primefaces.js?ln=primefaces&v=4.0 HTTP/1.1" 304 -
186.155.168.86 - - [22/Dec/2023:00:24:00 -0500] "GET /sipse/faces/javax.faces.resource/layout/layout.js?ln=primefaces&v=4.0 HTTP/1.1" 304 -
156.59.198.136 - - [22/Dec/2023:00:24:04 -0500] "GET /BLA/resoluciones/RESOLUCIONES%202007/RES%202007%202401%20AL%202500/RESOLUCION%202475%20DE%202007.pdf HTTP/1.0" 200 391272
156.59.198.135 - - [22/Dec/2023:00:24:29 -0500] "GET /BLA/resoluciones/RESOLUCIONES%202017/1821.pdf HTTP/1.0" 200 335615
186.155.168.86 - - [22/Dec/2023:00:24:33 -0500] "POST /sipse/faces/presentacion/financiero/solicitudProceso/consultarSolicitudProceso.xhtml HTTP/1.1" 200 32892
186.155.168.86 - - [22/Dec/2023:00:24:33 -0500] "GET /sipse/faces/javax.faces.resource/primefaces.js?ln=primefaces&v=4.0 HTTP/1.1" 304 -
186.155.168.86 - - [22/Dec/2023:00:24:33 -0500] "GET /sipse/faces/javax.faces.resource/jquery/jquery.js?ln=primefaces&v=4.0 HTTP/1.1" 304 -
186.155.168.86 - - [22/Dec/2023:00:24:33 -0500] "GET /sipse/faces/javax.faces.resource/jquery/jquery-plugins.js?ln=primefaces&v=4.0 HTTP/1.1" 304 -
186.155.168.86 - - [22/Dec/2023:00:24:33 -0500] "GET /sipse/faces/javax.faces.resource/layout/layout.css?ln=primefaces&v=4.0 HTTP/1.1" 200 542
186.155.168.86 - - [22/Dec/2023:00:24:33 -0500] "GET /sipse/faces/javax.faces.resource/layout/layout.js?ln=primefaces&v=4.0 HTTP/1.1" 304 -
186.155.168.86 - - [22/Dec/2023:00:24:33 -0500] "GET /sipse/faces/javax.faces.resource/primefaces.css?ln=primefaces&v=4.0 HTTP/1.1" 200 53295
186.155.168.86 - - [22/Dec/2023:00:24:33 -0500] "GET /sipse/faces/javax.faces.resource/theme.css?ln=primefaces-sipse HTTP/1.1" 200 50058
186.155.168.86 - - [22/Dec/2023:00:24:34 -0500] "GET /sipse/faces/javax.faces.resource/images/ui-icons_898989_256x240.png?ln=primefaces-aristo HTTP/1.1" 200 5355
186.155.168.86 - - [22/Dec/2023:00:24:42 -0500] "POST /sipse/faces/presentacion/financiero/solicitudProceso/consultarHistorialSolProceso.xhtml HTTP/1.1" 200 148920
186.155.168.86 - - [22/Dec/2023:00:24:43 -0500] "GET /sipse/faces/javax.faces.resource/theme.css?ln=primefaces-sipse HTTP/1.1" 304 -
186.155.168.86 - - [22/Dec/2023:00:24:43 -0500] "GET /sipse/faces/javax.faces.resource/primefaces.css?ln=primefaces&v=4.0 HTTP/1.1" 304 -
186.155.168.86 - - [22/Dec/2023:00:24:43 -0500] "GET /sipse/faces/javax.faces.resource/layout/layout.css?ln=primefaces&v=4.0 HTTP/1.1" 304 -
186.155.168.86 - - [22/Dec/2023:00:24:43 -0500] "GET /sipse/faces/javax.faces.resource/jquery/jquery.js?ln=primefaces&v=4.0 HTTP/1.1" 304 -
186.155.168.86 - - [22/Dec/2023:00:24:43 -0500] "GET /sipse/faces/javax.faces.resource/jquery/jquery-plugins.js?ln=primefaces&v=4.0 HTTP/1.1" 304 -
186.155.168.86 - - [22/Dec/2023:00:24:43 -0500] "GET /sipse/faces/javax.faces.resource/primefaces.js?ln=primefaces&v=4.0 HTTP/1.1" 304 -
186.155.168.86 - - [22/Dec/2023:00:24:43 -0500] "GET /sipse/faces/javax.faces.resource/layout/layout.js?ln=primefaces&v=4.0 HTTP/1.1" 304 -
186.155.168.86 - - [22/Dec/2023:00:24:43 -0500] "GET /sipse/faces/javax.faces.resource/images/ui-icons_898989_256x240.png?ln=primefaces-aristo HTTP/1.1" 304 -
181.56.171.197 - - [22/Dec/2023:00:24:44 -0500] "POST /sipse/faces/presentacion/financiero/solicitudProceso/consultarSolicitudProceso.xhtml HTTP/1.1" 200 628282
156.59.198.136 - - [22/Dec/2023:00:24:53 -0500] "GET /BLA/resoluciones/RESOLUCIONES%202017/2592.pdf HTTP/1.0" 200 319657
186.155.168.86 - - [22/Dec/2023:00:25:00 -0500] "POST /sipse/faces/presentacion/financiero/solicitudProceso/consultarSolicitudProceso.xhtml HTTP/1.1" 200 196817
156.59.198.136 - - [22/Dec/2023:00:25:18 -0500] "GET /BLA/resoluciones/RESOLUCIONES%202007/RES%202007%202401%20AL%202500/RESOLUCION%202429%20DE%202007.pdf HTTP/1.0" 200 184211
216.245.221.92 - - [22/Dec/2023:00:25:30 -0500] "HEAD / HTTP/1.1" 200 -
172.22.2.4 - - [22/Dec/2023:00:23:58 -0500] "GET /BLA/boletinlegal/ HTTP/1.1" 200 62422
156.59.198.135 - - [22/Dec/2023:00:25:42 -0500] "GET /BLA/resoluciones/RESOLUCIONES%202017/3507.pdf HTTP/1.0" 200 304018
186.155.168.86 - - [22/Dec/2023:00:25:52 -0500] "POST /sipse/faces/presentacion/financiero/solicitudProceso/consultarSolicitudProceso.xhtml HTTP/1.1" 200 196817
156.59.198.135 - - [22/Dec/2023:00:26:06 -0500] "GET /BLA/resoluciones/RESOLUCIONES%202007/RES%202007%202401%20AL%202500/RESOLUCION%202477%20DE%202007.pdf HTTP/1.0" 200 284530
157.55.39.6 - - [22/Dec/2023:00:26:28 -0500] "GET /BLA/resoluciones/AUTOS%202023/1199.pdf HTTP/1.1" 200 432478
201.245.192.253 - - [22/Dec/2023:00:26:27 -0500] "POST /kwsrmcab/Wsrmcab HTTP/1.1" 200 40870
156.59.198.135 - - [22/Dec/2023:00:26:31 -0500] "GET /BLA/resoluciones/RESOLUCIONES%202017/3574.pdf HTTP/1.0" 200 280814
201.245.192.253 - - [22/Dec/2023:00:26:30 -0500] "POST /kwsrmcab/Wsrmcab HTTP/1.1" 200 36804
156.59.198.136 - - [22/Dec/2023:00:26:55 -0500] "GET /BLA/resoluciones/RESOLUCIONES%202017/1578.pdf HTTP/1.0" 200 466832
156.59.198.136 - - [22/Dec/2023:00:27:20 -0500] "GET /BLA/resoluciones/RESOLUCIONES%202017/0397.pdf HTTP/1.0" 200 1666996
66.249.66.19 - - [22/Dec/2023:00:27:42 -0500] "GET /BLA/resoluciones/Notificaciones/AUTOS%202022/8504%7C.pdf HTTP/1.1" 403 1006
156.59.198.135 - - [22/Dec/2023:00:27:44 -0500] "GET /BLA/resoluciones/RESOLUCIONES%202017/0302.pdf HTTP/1.0" 200 412405
66.249.66.19 - - [22/Dec/2023:00:27:44 -0500] "GET /BLA/boletinlegal/actas/079-2013.pdf HTTP/1.1" 304 -
66.249.66.20 - - [22/Dec/2023:00:27:47 -0500] "GET /BLA/resoluciones/Notificaciones/AUTOS%202023/0844.pdf HTTP/1.1" 200 447117
181.56.171.197 - - [22/Dec/2023:00:27:51 -0500] "GET /sipse/faces/javax.faces.resource/images/ui-bg_flat_0_2d5972_40x100.png?ln=primefaces-aristo HTTP/1.1" 200 183
181.56.171.197 - - [22/Dec/2023:00:27:51 -0500] "POST /sipse/faces/presentacion/financiero/solicitudProceso/consultarSolicitudProceso.xhtml HTTP/1.1" 200 66258
181.56.171.197 - - [22/Dec/2023:00:27:51 -0500] "GET /sipse/css/custom_css_sg.css HTTP/1.1" 200 9694
181.56.171.197 - - [22/Dec/2023:00:27:51 -0500] "GET /sipse/css/custom_css_sg_prime.css HTTP/1.1" 200 5201
181.56.171.197 - - [22/Dec/2023:00:27:51 -0500] "GET /sipse/faces/javax.faces.resource/layout/layout.css?ln=primefaces&v=4.0 HTTP/1.1" 200 542
181.56.171.197 - - [22/Dec/2023:00:27:51 -0500] "GET /sipse/js/disable_browser_buttons.js HTTP/1.1" 200 3230
181.56.171.197 - - [22/Dec/2023:00:27:51 -0500] "GET /sipse/js/jquery.min.js HTTP/1.1" 200 85582
181.56.171.197 - - [22/Dec/2023:00:27:51 -0500] "GET /sipse/faces/javax.faces.resource/primefaces.css?ln=primefaces&v=4.0 HTTP/1.1" 200 53295
181.56.171.197 - - [22/Dec/2023:00:27:51 -0500] "GET /sipse/faces/javax.faces.resource/theme.css?ln=primefaces-sipse HTTP/1.1" 200 50058
181.56.171.197 - - [22/Dec/2023:00:27:51 -0500] "GET /sipse/js/funciones.js HTTP/1.1" 200 12592
181.56.171.197 - - [22/Dec/2023:00:27:52 -0500] "GET /sipse/faces/javax.faces.resource/jquery/jquery.js?ln=primefaces&v=4.0 HTTP/1.1" 200 105384
181.56.171.197 - - [22/Dec/2023:00:27:52 -0500] "GET /sipse/faces/javax.faces.resource/jquery/jquery-plugins.js?ln=primefaces&v=4.0 HTTP/1.1" 200 220526
181.56.171.197 - - [22/Dec/2023:00:27:52 -0500] "GET /sipse/faces/javax.faces.resource/primefaces.js?ln=primefaces&v=4.0 HTTP/1.1" 200 276924
181.56.171.197 - - [22/Dec/2023:00:27:52 -0500] "GET /sipse/faces/javax.faces.resource/layout/layout.js?ln=primefaces&v=4.0 HTTP/1.1" 200 87560
181.56.171.197 - - [22/Dec/2023:00:27:52 -0500] "GET /sipse/css/imagen/contrasena.png HTTP/1.1" 404 383
181.56.171.197 - - [22/Dec/2023:00:27:52 -0500] "POST /sipse/faces/presentacion/financiero/solicitudProceso/listarSolicitudProceso.xhtml HTTP/1.1" 200 59641
181.56.171.197 - - [22/Dec/2023:00:27:53 -0500] "POST /sipse/faces/presentacion/financiero/solicitudProceso/listarSolicitudProceso.xhtml HTTP/1.1" 200 59641
181.56.171.197 - - [22/Dec/2023:00:27:53 -0500] "POST /sipse/faces/presentacion/financiero/solicitudProceso/listarSolicitudProceso.xhtml HTTP/1.1" 200 59641
181.56.171.197 - - [22/Dec/2023:00:27:53 -0500] "POST /sipse/faces/presentacion/financiero/solicitudProceso/listarSolicitudProceso.xhtml HTTP/1.1" 200 59641
181.56.171.197 - - [22/Dec/2023:00:27:54 -0500] "POST /sipse/faces/presentacion/financiero/solicitudProceso/listarSolicitudProceso.xhtml HTTP/1.1" 200 59641
181.56.171.197 - - [22/Dec/2023:00:27:54 -0500] "POST /sipse/faces/presentacion/financiero/solicitudProceso/listarSolicitudProceso.xhtml HTTP/1.1" 200 59641
181.56.171.197 - - [22/Dec/2023:00:27:55 -0500] "POST /sipse/faces/presentacion/financiero/solicitudProceso/listarSolicitudProceso.xhtml HTTP/1.1" 200 1556
181.56.171.197 - - [22/Dec/2023:00:27:55 -0500] "POST /sipse/faces/presentacion/financiero/solicitudProceso/listarSolicitudProceso.xhtml HTTP/1.1" 200 1568
181.56.171.197 - - [22/Dec/2023:00:27:55 -0500] "POST /sipse/faces/presentacion/financiero/solicitudProceso/listarSolicitudProceso.xhtml HTTP/1.1" 200 1564
181.56.171.197 - - [22/Dec/2023:00:27:55 -0500] "POST /sipse/faces/presentacion/financiero/solicitudProceso/listarSolicitudProceso.xhtml HTTP/1.1" 200 1568
181.56.171.197 - - [22/Dec/2023:00:27:55 -0500] "POST /sipse/faces/presentacion/financiero/solicitudProceso/listarSolicitudProceso.xhtml HTTP/1.1" 200 1564
181.56.171.197 - - [22/Dec/2023:00:27:56 -0500] "POST /sipse/faces/presentacion/financiero/solicitudProceso/listarSolicitudProceso.xhtml HTTP/1.1" 200 1568
181.56.171.197 - - [22/Dec/2023:00:27:56 -0500] "POST /sipse/faces/presentacion/financiero/solicitudProceso/listarSolicitudProceso.xhtml HTTP/1.1" 200 1560
172.22.2.4 - - [22/Dec/2023:00:26:17 -0500] "HEAD /BLA/boletinlegal/ HTTP/1.1" 200 -
181.56.171.197 - - [22/Dec/2023:00:28:00 -0500] "POST /sipse/faces/presentacion/financiero/solicitudProceso/listarSolicitudProceso.xhtml HTTP/1.1" 200 43692
181.56.171.197 - - [22/Dec/2023:00:28:00 -0500] "GET /sipse/faces/javax.faces.resource/theme.css?ln=primefaces-sipse HTTP/1.1" 304 -
181.56.171.197 - - [22/Dec/2023:00:28:00 -0500] "GET /sipse/faces/javax.faces.resource/primefaces.css?ln=primefaces&v=4.0 HTTP/1.1" 304 -
181.56.171.197 - - [22/Dec/2023:00:28:00 -0500] "GET /sipse/faces/javax.faces.resource/jquery/jquery.js?ln=primefaces&v=4.0 HTTP/1.1" 304 -
181.56.171.197 - - [22/Dec/2023:00:28:00 -0500] "GET /sipse/faces/javax.faces.resource/layout/layout.css?ln=primefaces&v=4.0 HTTP/1.1" 304 -
181.56.171.197 - - [22/Dec/2023:00:28:00 -0500] "GET /sipse/faces/javax.faces.resource/jquery/jquery-plugins.js?ln=primefaces&v=4.0 HTTP/1.1" 304 -
181.56.171.197 - - [22/Dec/2023:00:28:00 -0500] "GET /sipse/faces/javax.faces.resource/primefaces.js?ln=primefaces&v=4.0 HTTP/1.1" 304 -
181.56.171.197 - - [22/Dec/2023:00:28:00 -0500] "GET /sipse/faces/javax.faces.resource/layout/layout.js?ln=primefaces&v=4.0 HTTP/1.1" 304 -
181.56.171.197 - - [22/Dec/2023:00:28:00 -0500] "GET /sipse/css/imagen/contrasena.png HTTP/1.1" 404 383
181.56.171.197 - - [22/Dec/2023:00:28:00 -0500] "POST /sipse/faces/presentacion/financiero/solicitudProceso/consultar.xhtml HTTP/1.1" 200 37101
181.56.171.197 - - [22/Dec/2023:00:28:01 -0500] "POST /sipse/faces/presentacion/financiero/solicitudProceso/consultar.xhtml HTTP/1.1" 200 37101
181.56.171.197 - - [22/Dec/2023:00:28:01 -0500] "POST /sipse/faces/presentacion/financiero/solicitudProceso/consultar.xhtml HTTP/1.1" 200 37101
181.56.171.197 - - [22/Dec/2023:00:28:01 -0500] "POST /sipse/faces/presentacion/financiero/solicitudProceso/consultar.xhtml HTTP/1.1" 200 37101
