181.56.171.197 - - [22/Dec/2023:01:53:42 -0500] "POST /sipse/faces/presentacion/financiero/solicitudProceso/consultar.xhtml HTTP/1.1" 200 37261
181.56.171.197 - - [22/Dec/2023:01:53:42 -0500] "POST /sipse/faces/presentacion/financiero/solicitudProceso/consultar.xhtml HTTP/1.1" 200 37261
181.56.171.197 - - [22/Dec/2023:01:53:42 -0500] "POST /sipse/faces/presentacion/financiero/solicitudProceso/consultar.xhtml HTTP/1.1" 200 37261
181.56.171.197 - - [22/Dec/2023:01:53:44 -0500] "POST /sipse/faces/presentacion/financiero/solicitudProceso/consultar.xhtml HTTP/1.1" 200 26008
156.59.198.136 - - [22/Dec/2023:01:53:44 -0500] "GET /BLA/resoluciones/RESOLUCIONES%202017/0972.pdf HTTP/1.0" 200 342933
181.56.171.197 - - [22/Dec/2023:01:53:50 -0500] "POST /sipse/faces/presentacion/financiero/solicitudProceso/consultar.xhtml HTTP/1.1" 200 12907
181.56.171.197 - - [22/Dec/2023:01:53:58 -0500] "POST /sipse/faces/presentacion/financiero/solicitudProceso/consultar.xhtml HTTP/1.1" 200 26020
181.56.171.197 - - [22/Dec/2023:01:54:04 -0500] "POST /sipse/faces/presentacion/financiero/solicitudProceso/consultar.xhtml HTTP/1.1" 200 12907
156.59.198.135 - - [22/Dec/2023:01:54:08 -0500] "GET /BLA/resoluciones/RESOLUCIONES%202017/0359.pdf HTTP/1.0" 200 2345773
181.56.171.197 - - [22/Dec/2023:01:54:09 -0500] "POST /sipse/faces/presentacion/financiero/solicitudProceso/consultar.xhtml HTTP/1.1" 200 66258
181.56.171.197 - - [22/Dec/2023:01:54:09 -0500] "GET /sipse/faces/javax.faces.resource/primefaces.css?ln=primefaces&v=4.0 HTTP/1.1" 304 -
181.56.171.197 - - [22/Dec/2023:01:54:09 -0500] "GET /sipse/faces/javax.faces.resource/theme.css?ln=primefaces-sipse HTTP/1.1" 304 -
181.56.171.197 - - [22/Dec/2023:01:54:09 -0500] "GET /sipse/faces/javax.faces.resource/layout/layout.css?ln=primefaces&v=4.0 HTTP/1.1" 304 -
181.56.171.197 - - [22/Dec/2023:01:54:09 -0500] "GET /sipse/faces/javax.faces.resource/jquery/jquery.js?ln=primefaces&v=4.0 HTTP/1.1" 304 -
181.56.171.197 - - [22/Dec/2023:01:54:09 -0500] "GET /sipse/faces/javax.faces.resource/jquery/jquery-plugins.js?ln=primefaces&v=4.0 HTTP/1.1" 304 -
181.56.171.197 - - [22/Dec/2023:01:54:09 -0500] "GET /sipse/faces/javax.faces.resource/primefaces.js?ln=primefaces&v=4.0 HTTP/1.1" 304 -
181.56.171.197 - - [22/Dec/2023:01:54:09 -0500] "GET /sipse/faces/javax.faces.resource/layout/layout.js?ln=primefaces&v=4.0 HTTP/1.1" 304 -
181.56.171.197 - - [22/Dec/2023:01:54:09 -0500] "GET /sipse/css/imagen/contrasena.png HTTP/1.1" 404 383
181.56.171.197 - - [22/Dec/2023:01:54:09 -0500] "POST /sipse/faces/presentacion/financiero/solicitudProceso/listarSolicitudProceso.xhtml HTTP/1.1" 200 59641
181.56.171.197 - - [22/Dec/2023:01:54:10 -0500] "POST /sipse/faces/presentacion/financiero/solicitudProceso/listarSolicitudProceso.xhtml HTTP/1.1" 200 59641
181.56.171.197 - - [22/Dec/2023:01:54:10 -0500] "POST /sipse/faces/presentacion/financiero/solicitudProceso/listarSolicitudProceso.xhtml HTTP/1.1" 200 59641
181.56.171.197 - - [22/Dec/2023:01:54:10 -0500] "POST /sipse/faces/presentacion/financiero/solicitudProceso/listarSolicitudProceso.xhtml HTTP/1.1" 200 59641
181.56.171.197 - - [22/Dec/2023:01:54:11 -0500] "POST /sipse/faces/presentacion/financiero/solicitudProceso/listarSolicitudProceso.xhtml HTTP/1.1" 200 59641
181.56.171.197 - - [22/Dec/2023:01:54:11 -0500] "POST /sipse/faces/presentacion/financiero/solicitudProceso/listarSolicitudProceso.xhtml HTTP/1.1" 200 59641
181.56.171.197 - - [22/Dec/2023:01:54:11 -0500] "POST /sipse/faces/presentacion/financiero/solicitudProceso/listarSolicitudProceso.xhtml HTTP/1.1" 200 59641
181.56.171.197 - - [22/Dec/2023:01:54:12 -0500] "POST /sipse/faces/presentacion/financiero/solicitudProceso/listarSolicitudProceso.xhtml HTTP/1.1" 200 59641
181.56.171.197 - - [22/Dec/2023:01:54:12 -0500] "POST /sipse/faces/presentacion/financiero/solicitudProceso/listarSolicitudProceso.xhtml HTTP/1.1" 200 59641
181.56.171.197 - - [22/Dec/2023:01:54:12 -0500] "POST /sipse/faces/presentacion/financiero/solicitudProceso/listarSolicitudProceso.xhtml HTTP/1.1" 200 59641
181.56.171.197 - - [22/Dec/2023:01:54:13 -0500] "POST /sipse/faces/presentacion/financiero/solicitudProceso/listarSolicitudProceso.xhtml HTTP/1.1" 200 59641
181.56.171.197 - - [22/Dec/2023:01:54:13 -0500] "POST /sipse/faces/presentacion/financiero/solicitudProceso/listarSolicitudProceso.xhtml HTTP/1.1" 200 59641
181.56.171.197 - - [22/Dec/2023:01:54:14 -0500] "POST /sipse/faces/presentacion/financiero/solicitudProceso/listarSolicitudProceso.xhtml HTTP/1.1" 200 59641
181.56.171.197 - - [22/Dec/2023:01:54:14 -0500] "POST /sipse/faces/presentacion/financiero/solicitudProceso/listarSolicitudProceso.xhtml HTTP/1.1" 200 59641
181.56.171.197 - - [22/Dec/2023:01:54:14 -0500] "POST /sipse/faces/presentacion/financiero/solicitudProceso/listarSolicitudProceso.xhtml HTTP/1.1" 200 59641
181.56.171.197 - - [22/Dec/2023:01:54:15 -0500] "POST /sipse/faces/presentacion/financiero/solicitudProceso/listarSolicitudProceso.xhtml HTTP/1.1" 200 59641
181.56.171.197 - - [22/Dec/2023:01:54:15 -0500] "POST /sipse/faces/presentacion/financiero/solicitudProceso/listarSolicitudProceso.xhtml HTTP/1.1" 200 59641
181.56.171.197 - - [22/Dec/2023:01:54:15 -0500] "POST /sipse/faces/presentacion/financiero/solicitudProceso/listarSolicitudProceso.xhtml HTTP/1.1" 200 59641
181.56.171.197 - - [22/Dec/2023:01:54:16 -0500] "POST /sipse/faces/presentacion/financiero/solicitudProceso/listarSolicitudProceso.xhtml HTTP/1.1" 200 1556
181.56.171.197 - - [22/Dec/2023:01:54:16 -0500] "POST /sipse/faces/presentacion/financiero/solicitudProceso/listarSolicitudProceso.xhtml HTTP/1.1" 200 1568
181.56.171.197 - - [22/Dec/2023:01:54:16 -0500] "POST /sipse/faces/presentacion/financiero/solicitudProceso/listarSolicitudProceso.xhtml HTTP/1.1" 200 1564
181.56.171.197 - - [22/Dec/2023:01:54:16 -0500] "POST /sipse/faces/presentacion/financiero/solicitudProceso/listarSolicitudProceso.xhtml HTTP/1.1" 200 1568
181.56.171.197 - - [22/Dec/2023:01:54:17 -0500] "POST /sipse/faces/presentacion/financiero/solicitudProceso/listarSolicitudProceso.xhtml HTTP/1.1" 200 1564
181.56.171.197 - - [22/Dec/2023:01:54:17 -0500] "POST /sipse/faces/presentacion/financiero/solicitudProceso/listarSolicitudProceso.xhtml HTTP/1.1" 200 1568
181.56.171.197 - - [22/Dec/2023:01:54:17 -0500] "POST /sipse/faces/presentacion/financiero/solicitudProceso/listarSolicitudProceso.xhtml HTTP/1.1" 200 1560
181.56.171.197 - - [22/Dec/2023:01:54:17 -0500] "POST /sipse/faces/presentacion/financiero/solicitudProceso/listarSolicitudProceso.xhtml HTTP/1.1" 200 1568
181.56.171.197 - - [22/Dec/2023:01:54:17 -0500] "POST /sipse/faces/presentacion/financiero/solicitudProceso/listarSolicitudProceso.xhtml HTTP/1.1" 200 1564
181.56.171.197 - - [22/Dec/2023:01:54:18 -0500] "POST /sipse/faces/presentacion/financiero/solicitudProceso/listarSolicitudProceso.xhtml HTTP/1.1" 200 1568
181.56.171.197 - - [22/Dec/2023:01:54:18 -0500] "POST /sipse/faces/presentacion/financiero/solicitudProceso/listarSolicitudProceso.xhtml HTTP/1.1" 200 1560
181.56.171.197 - - [22/Dec/2023:01:54:18 -0500] "POST /sipse/faces/presentacion/financiero/solicitudProceso/listarSolicitudProceso.xhtml HTTP/1.1" 200 1568
181.56.171.197 - - [22/Dec/2023:01:54:19 -0500] "POST /sipse/faces/presentacion/financiero/solicitudProceso/listarSolicitudProceso.xhtml HTTP/1.1" 200 1564
181.56.171.197 - - [22/Dec/2023:01:54:19 -0500] "POST /sipse/faces/presentacion/financiero/solicitudProceso/listarSolicitudProceso.xhtml HTTP/1.1" 200 1568
181.56.171.197 - - [22/Dec/2023:01:54:19 -0500] "POST /sipse/faces/presentacion/financiero/solicitudProceso/listarSolicitudProceso.xhtml HTTP/1.1" 200 1560
181.56.171.197 - - [22/Dec/2023:01:54:19 -0500] "POST /sipse/faces/presentacion/financiero/solicitudProceso/listarSolicitudProceso.xhtml HTTP/1.1" 200 1568
181.56.171.197 - - [22/Dec/2023:01:54:20 -0500] "POST /sipse/faces/presentacion/financiero/solicitudProceso/listarSolicitudProceso.xhtml HTTP/1.1" 200 1560
181.56.171.197 - - [22/Dec/2023:01:54:20 -0500] "POST /sipse/faces/presentacion/financiero/solicitudProceso/listarSolicitudProceso.xhtml HTTP/1.1" 200 1564
181.56.171.197 - - [22/Dec/2023:01:54:20 -0500] "POST /sipse/faces/presentacion/financiero/solicitudProceso/listarSolicitudProceso.xhtml HTTP/1.1" 200 1560
181.56.171.197 - - [22/Dec/2023:01:54:28 -0500] "POST /sipse/faces/presentacion/financiero/solicitudProceso/listarSolicitudProceso.xhtml HTTP/1.1" 200 6305
156.59.198.135 - - [22/Dec/2023:01:54:33 -0500] "GET /BLA/resoluciones/RESOLUCIONES%202017/3024.pdf HTTP/1.0" 200 1861215
181.56.171.197 - - [22/Dec/2023:01:54:48 -0500] "POST /sipse/faces/presentacion/financiero/solicitudProceso/listarSolicitudProceso.xhtml HTTP/1.1" 200 32768
181.56.171.197 - - [22/Dec/2023:01:54:51 -0500] "POST /sipse/faces/presentacion/financiero/solicitudProceso/listarSolicitudProceso.xhtml HTTP/1.1" 200 6166
181.56.171.197 - - [22/Dec/2023:01:54:51 -0500] "POST /sipse/faces/presentacion/financiero/solicitudProceso/listarSolicitudProceso.xhtml HTTP/1.1" 200 6154
156.59.198.136 - - [22/Dec/2023:01:54:57 -0500] "GET /BLA/resoluciones/RESOLUCIONES%202017/3008.pdf HTTP/1.0" 200 306751
156.59.198.135 - - [22/Dec/2023:01:55:21 -0500] "GET /BLA/resoluciones/RESOLUCIONES%202017/3521.pdf HTTP/1.0" 200 333389
172.22.2.4 - - [22/Dec/2023:01:53:47 -0500] "HEAD /BLA/boletinlegal/ HTTP/1.1" 200 -
216.245.221.92 - - [22/Dec/2023:01:55:30 -0500] "HEAD / HTTP/1.1" 200 -
156.59.198.136 - - [22/Dec/2023:01:55:45 -0500] "GET /BLA/resoluciones/RESOLUCIONES%202017/2086.pdf HTTP/1.0" 200 293103
181.56.171.197 - - [22/Dec/2023:01:56:10 -0500] "POST /sipse/faces/presentacion/financiero/solicitudProceso/listarSolicitudProceso.xhtml HTTP/1.1" 200 43852
181.56.171.197 - - [22/Dec/2023:01:56:10 -0500] "GET /sipse/faces/javax.faces.resource/theme.css?ln=primefaces-sipse HTTP/1.1" 304 -
181.56.171.197 - - [22/Dec/2023:01:56:10 -0500] "GET /sipse/faces/javax.faces.resource/layout/layout.css?ln=primefaces&v=4.0 HTTP/1.1" 304 -
181.56.171.197 - - [22/Dec/2023:01:56:10 -0500] "GET /sipse/faces/javax.faces.resource/primefaces.css?ln=primefaces&v=4.0 HTTP/1.1" 304 -
181.56.171.197 - - [22/Dec/2023:01:56:10 -0500] "GET /sipse/faces/javax.faces.resource/jquery/jquery.js?ln=primefaces&v=4.0 HTTP/1.1" 304 -
181.56.171.197 - - [22/Dec/2023:01:56:10 -0500] "GET /sipse/faces/javax.faces.resource/jquery/jquery-plugins.js?ln=primefaces&v=4.0 HTTP/1.1" 304 -
181.56.171.197 - - [22/Dec/2023:01:56:10 -0500] "GET /sipse/faces/javax.faces.resource/primefaces.js?ln=primefaces&v=4.0 HTTP/1.1" 304 -
181.56.171.197 - - [22/Dec/2023:01:56:10 -0500] "GET /sipse/faces/javax.faces.resource/layout/layout.js?ln=primefaces&v=4.0 HTTP/1.1" 304 -
181.56.171.197 - - [22/Dec/2023:01:56:11 -0500] "GET /sipse/css/imagen/contrasena.png HTTP/1.1" 404 383
181.56.171.197 - - [22/Dec/2023:01:56:10 -0500] "POST /sipse/faces/presentacion/financiero/solicitudProceso/consultar.xhtml HTTP/1.1" 200 37261
156.59.198.135 - - [22/Dec/2023:01:56:11 -0500] "GET /BLA/resoluciones/RESOLUCIONES%202017/1709.pdf HTTP/1.0" 200 472773
181.56.171.197 - - [22/Dec/2023:01:56:11 -0500] "POST /sipse/faces/presentacion/financiero/solicitudProceso/consultar.xhtml HTTP/1.1" 200 37261
181.56.171.197 - - [22/Dec/2023:01:56:11 -0500] "POST /sipse/faces/presentacion/financiero/solicitudProceso/consultar.xhtml HTTP/1.1" 200 37261
181.56.171.197 - - [22/Dec/2023:01:56:11 -0500] "POST /sipse/faces/presentacion/financiero/solicitudProceso/consultar.xhtml HTTP/1.1" 200 37261
181.56.171.197 - - [22/Dec/2023:01:56:12 -0500] "POST /sipse/faces/presentacion/financiero/solicitudProceso/consultar.xhtml HTTP/1.1" 200 37261
181.56.171.197 - - [22/Dec/2023:01:56:12 -0500] "POST /sipse/faces/presentacion/financiero/solicitudProceso/consultar.xhtml HTTP/1.1" 200 37261
181.56.171.197 - - [22/Dec/2023:01:56:12 -0500] "POST /sipse/faces/presentacion/financiero/solicitudProceso/consultar.xhtml HTTP/1.1" 200 37261
181.56.171.197 - - [22/Dec/2023:01:56:13 -0500] "POST /sipse/faces/presentacion/financiero/solicitudProceso/consultar.xhtml HTTP/1.1" 200 37261
181.56.171.197 - - [22/Dec/2023:01:56:13 -0500] "POST /sipse/faces/presentacion/financiero/solicitudProceso/consultar.xhtml HTTP/1.1" 200 37261
181.56.171.197 - - [22/Dec/2023:01:56:13 -0500] "POST /sipse/faces/presentacion/financiero/solicitudProceso/consultar.xhtml HTTP/1.1" 200 37261
181.56.171.197 - - [22/Dec/2023:01:56:14 -0500] "POST /sipse/faces/presentacion/financiero/solicitudProceso/consultar.xhtml HTTP/1.1" 200 37261
181.56.171.197 - - [22/Dec/2023:01:56:14 -0500] "POST /sipse/faces/presentacion/financiero/solicitudProceso/consultar.xhtml HTTP/1.1" 200 37261
181.56.171.197 - - [22/Dec/2023:01:56:14 -0500] "POST /sipse/faces/presentacion/financiero/solicitudProceso/consultar.xhtml HTTP/1.1" 200 37261
181.56.171.197 - - [22/Dec/2023:01:56:14 -0500] "POST /sipse/faces/presentacion/financiero/solicitudProceso/consultar.xhtml HTTP/1.1" 200 37261
181.56.171.197 - - [22/Dec/2023:01:56:15 -0500] "POST /sipse/faces/presentacion/financiero/solicitudProceso/consultar.xhtml HTTP/1.1" 200 37261
181.56.171.197 - - [22/Dec/2023:01:56:15 -0500] "POST /sipse/faces/presentacion/financiero/solicitudProceso/consultar.xhtml HTTP/1.1" 200 37261
181.56.171.197 - - [22/Dec/2023:01:56:15 -0500] "POST /sipse/faces/presentacion/financiero/solicitudProceso/consultar.xhtml HTTP/1.1" 200 37261
181.56.171.197 - - [22/Dec/2023:01:56:16 -0500] "POST /sipse/faces/presentacion/financiero/solicitudProceso/consultar.xhtml HTTP/1.1" 200 37261
181.56.171.197 - - [22/Dec/2023:01:56:16 -0500] "POST /sipse/faces/presentacion/financiero/solicitudProceso/consultar.xhtml HTTP/1.1" 200 37261
181.56.171.197 - - [22/Dec/2023:01:56:18 -0500] "POST /sipse/faces/presentacion/financiero/solicitudProceso/consultar.xhtml HTTP/1.1" 200 26008
172.22.2.4 - - [22/Dec/2023:01:54:38 -0500] "GET /BLA/boletinlegal/ HTTP/1.1" 200 58567
181.56.171.197 - - [22/Dec/2023:01:56:19 -0500] "POST /sipse/faces/presentacion/financiero/solicitudProceso/consultar.xhtml HTTP/1.1" 200 37987
181.56.171.197 - - [22/Dec/2023:01:56:19 -0500] "GET /sipse/faces/javax.faces.resource/theme.css?ln=primefaces-sipse HTTP/1.1" 304 -
181.56.171.197 - - [22/Dec/2023:01:56:19 -0500] "GET /sipse/faces/javax.faces.resource/primefaces.css?ln=primefaces&v=4.0 HTTP/1.1" 304 -
181.56.171.197 - - [22/Dec/2023:01:56:19 -0500] "GET /sipse/faces/javax.faces.resource/layout/layout.css?ln=primefaces&v=4.0 HTTP/1.1" 304 -
181.56.171.197 - - [22/Dec/2023:01:56:19 -0500] "GET /sipse/faces/javax.faces.resource/jquery/jquery.js?ln=primefaces&v=4.0 HTTP/1.1" 304 -
181.56.171.197 - - [22/Dec/2023:01:56:19 -0500] "GET /sipse/faces/javax.faces.resource/jquery/jquery-plugins.js?ln=primefaces&v=4.0 HTTP/1.1" 304 -
181.56.171.197 - - [22/Dec/2023:01:56:19 -0500] "GET /sipse/faces/javax.faces.resource/primefaces.js?ln=primefaces&v=4.0 HTTP/1.1" 304 -
181.56.171.197 - - [22/Dec/2023:01:56:19 -0500] "GET /sipse/faces/javax.faces.resource/layout/layout.js?ln=primefaces&v=4.0 HTTP/1.1" 304 -
181.56.171.197 - - [22/Dec/2023:01:56:19 -0500] "GET /sipse/css/imagen/contrasena.png HTTP/1.1" 404 383
181.56.171.197 - - [22/Dec/2023:01:56:19 -0500] "POST /sipse/faces/presentacion/financiero/solicitudProceso/listarSolicitudProceso.xhtml HTTP/1.1" 200 31370
181.56.171.197 - - [22/Dec/2023:01:56:20 -0500] "POST /sipse/faces/presentacion/financiero/solicitudProceso/listarSolicitudProceso.xhtml HTTP/1.1" 200 31370
181.56.171.197 - - [22/Dec/2023:01:56:20 -0500] "POST /sipse/faces/presentacion/financiero/solicitudProceso/listarSolicitudProceso.xhtml HTTP/1.1" 200 31370
181.56.171.197 - - [22/Dec/2023:01:56:21 -0500] "POST /sipse/faces/presentacion/financiero/solicitudProceso/listarSolicitudProceso.xhtml HTTP/1.1" 200 31370
181.56.171.197 - - [22/Dec/2023:01:56:21 -0500] "POST /sipse/faces/presentacion/financiero/solicitudProceso/listarSolicitudProceso.xhtml HTTP/1.1" 200 31370
181.56.171.197 - - [22/Dec/2023:01:56:21 -0500] "POST /sipse/faces/presentacion/financiero/solicitudProceso/listarSolicitudProceso.xhtml HTTP/1.1" 200 31370
181.56.171.197 - - [22/Dec/2023:01:56:22 -0500] "POST /sipse/faces/presentacion/financiero/solicitudProceso/listarSolicitudProceso.xhtml HTTP/1.1" 200 31370
181.56.171.197 - - [22/Dec/2023:01:56:22 -0500] "POST /sipse/faces/presentacion/financiero/solicitudProceso/listarSolicitudProceso.xhtml HTTP/1.1" 200 31370
181.56.171.197 - - [22/Dec/2023:01:56:22 -0500] "POST /sipse/faces/presentacion/financiero/solicitudProceso/listarSolicitudProceso.xhtml HTTP/1.1" 200 31370
181.56.171.197 - - [22/Dec/2023:01:56:23 -0500] "POST /sipse/faces/presentacion/financiero/solicitudProceso/listarSolicitudProceso.xhtml HTTP/1.1" 200 31370
181.56.171.197 - - [22/Dec/2023:01:56:23 -0500] "POST /sipse/faces/presentacion/financiero/solicitudProceso/listarSolicitudProceso.xhtml HTTP/1.1" 200 31370
181.56.171.197 - - [22/Dec/2023:01:56:23 -0500] "POST /sipse/faces/presentacion/financiero/solicitudProceso/listarSolicitudProceso.xhtml HTTP/1.1" 200 31370
181.56.171.197 - - [22/Dec/2023:01:56:24 -0500] "POST /sipse/faces/presentacion/financiero/solicitudProceso/listarSolicitudProceso.xhtml HTTP/1.1" 200 31370
181.56.171.197 - - [22/Dec/2023:01:56:24 -0500] "POST /sipse/faces/presentacion/financiero/solicitudProceso/listarSolicitudProceso.xhtml HTTP/1.1" 200 31370
181.56.171.197 - - [22/Dec/2023:01:56:25 -0500] "POST /sipse/faces/presentacion/financiero/solicitudProceso/listarSolicitudProceso.xhtml HTTP/1.1" 200 31370
181.56.171.197 - - [22/Dec/2023:01:56:25 -0500] "POST /sipse/faces/presentacion/financiero/solicitudProceso/listarSolicitudProceso.xhtml HTTP/1.1" 200 31370
181.56.171.197 - - [22/Dec/2023:01:56:25 -0500] "POST /sipse/faces/presentacion/financiero/solicitudProceso/listarSolicitudProceso.xhtml HTTP/1.1" 200 31370
181.56.171.197 - - [22/Dec/2023:01:56:26 -0500] "POST /sipse/faces/presentacion/financiero/solicitudProceso/listarSolicitudProceso.xhtml HTTP/1.1" 200 31370
181.56.171.197 - - [22/Dec/2023:01:56:26 -0500] "POST /sipse/faces/presentacion/financiero/solicitudProceso/listarSolicitudProceso.xhtml HTTP/1.1" 200 31370
181.56.171.197 - - [22/Dec/2023:01:56:26 -0500] "POST /sipse/faces/presentacion/financiero/solicitudProceso/listarSolicitudProceso.xhtml HTTP/1.1" 200 31370
181.56.171.197 - - [22/Dec/2023:01:56:27 -0500] "POST /sipse/faces/presentacion/financiero/solicitudProceso/listarSolicitudProceso.xhtml HTTP/1.1" 200 1400
181.56.171.197 - - [22/Dec/2023:01:56:27 -0500] "POST /sipse/faces/presentacion/financiero/solicitudProceso/listarSolicitudProceso.xhtml HTTP/1.1" 200 1396
181.56.171.197 - - [22/Dec/2023:01:56:27 -0500] "POST /sipse/faces/presentacion/financiero/solicitudProceso/listarSolicitudProceso.xhtml HTTP/1.1" 200 1404
181.56.171.197 - - [22/Dec/2023:01:56:27 -0500] "POST /sipse/faces/presentacion/financiero/solicitudProceso/listarSolicitudProceso.xhtml HTTP/1.1" 200 1396
181.56.171.197 - - [22/Dec/2023:01:56:27 -0500] "POST /sipse/faces/presentacion/financiero/solicitudProceso/listarSolicitudProceso.xhtml HTTP/1.1" 200 1404
181.56.171.197 - - [22/Dec/2023:01:56:28 -0500] "POST /sipse/faces/presentacion/financiero/solicitudProceso/listarSolicitudProceso.xhtml HTTP/1.1" 200 1396
181.56.171.197 - - [22/Dec/2023:01:56:28 -0500] "POST /sipse/faces/presentacion/financiero/solicitudProceso/listarSolicitudProceso.xhtml HTTP/1.1" 200 1400
181.56.171.197 - - [22/Dec/2023:01:56:28 -0500] "POST /sipse/faces/presentacion/financiero/solicitudProceso/listarSolicitudProceso.xhtml HTTP/1.1" 200 1396
181.56.171.197 - - [22/Dec/2023:01:56:28 -0500] "POST /sipse/faces/presentacion/financiero/solicitudProceso/listarSolicitudProceso.xhtml HTTP/1.1" 200 1404
181.56.171.197 - - [22/Dec/2023:01:56:28 -0500] "POST /sipse/faces/presentacion/financiero/solicitudProceso/listarSolicitudProceso.xhtml HTTP/1.1" 200 1396
181.56.171.197 - - [22/Dec/2023:01:56:29 -0500] "POST /sipse/faces/presentacion/financiero/solicitudProceso/listarSolicitudProceso.xhtml HTTP/1.1" 200 1404
181.56.171.197 - - [22/Dec/2023:01:56:29 -0500] "POST /sipse/faces/presentacion/financiero/solicitudProceso/listarSolicitudProceso.xhtml HTTP/1.1" 200 1396
181.56.171.197 - - [22/Dec/2023:01:56:29 -0500] "POST /sipse/faces/presentacion/financiero/solicitudProceso/listarSolicitudProceso.xhtml HTTP/1.1" 200 1404
181.56.171.197 - - [22/Dec/2023:01:56:29 -0500] "POST /sipse/faces/presentacion/financiero/solicitudProceso/listarSolicitudProceso.xhtml HTTP/1.1" 200 1396
181.56.171.197 - - [22/Dec/2023:01:56:29 -0500] "POST /sipse/faces/presentacion/financiero/solicitudProceso/listarSolicitudProceso.xhtml HTTP/1.1" 200 1400
181.56.171.197 - - [22/Dec/2023:01:56:30 -0500] "POST /sipse/faces/presentacion/financiero/solicitudProceso/listarSolicitudProceso.xhtml HTTP/1.1" 200 1396
181.56.171.197 - - [22/Dec/2023:01:56:30 -0500] "POST /sipse/faces/presentacion/financiero/solicitudProceso/listarSolicitudProceso.xhtml HTTP/1.1" 200 1400
181.56.171.197 - - [22/Dec/2023:01:56:30 -0500] "POST /sipse/faces/presentacion/financiero/solicitudProceso/listarSolicitudProceso.xhtml HTTP/1.1" 200 1396
181.56.171.197 - - [22/Dec/2023:01:56:30 -0500] "POST /sipse/faces/presentacion/financiero/solicitudProceso/listarSolicitudProceso.xhtml HTTP/1.1" 200 1400
181.56.171.197 - - [22/Dec/2023:01:56:30 -0500] "POST /sipse/faces/presentacion/financiero/solicitudProceso/listarSolicitudProceso.xhtml HTTP/1.1" 200 1396
181.56.171.197 - - [22/Dec/2023:01:56:30 -0500] "POST /sipse/faces/presentacion/financiero/solicitudProceso/listarSolicitudProceso.xhtml HTTP/1.1" 200 1404
181.56.171.197 - - [22/Dec/2023:01:56:34 -0500] "POST /sipse/faces/presentacion/financiero/solicitudProceso/listarSolicitudProceso.xhtml HTTP/1.1" 200 6254
156.59.198.135 - - [22/Dec/2023:01:56:34 -0500] "GET /BLA/resoluciones/RESOLUCIONES%202017/2030.pdf HTTP/1.0" 200 4320687
181.56.171.197 - - [22/Dec/2023:01:56:42 -0500] "POST /sipse/faces/presentacion/financiero/solicitudProceso/listarSolicitudProceso.xhtml HTTP/1.1" 200 108810
181.56.171.197 - - [22/Dec/2023:01:56:43 -0500] "GET /sipse/faces/javax.faces.resource/theme.css?ln=primefaces-sipse HTTP/1.1" 304 -
181.56.171.197 - - [22/Dec/2023:01:56:43 -0500] "GET /sipse/faces/javax.faces.resource/primefaces.css?ln=primefaces&v=4.0 HTTP/1.1" 304 -
181.56.171.197 - - [22/Dec/2023:01:56:43 -0500] "GET /sipse/faces/javax.faces.resource/layout/layout.css?ln=primefaces&v=4.0 HTTP/1.1" 304 -
181.56.171.197 - - [22/Dec/2023:01:56:43 -0500] "GET /sipse/faces/javax.faces.resource/jquery/jquery.js?ln=primefaces&v=4.0 HTTP/1.1" 304 -
181.56.171.197 - - [22/Dec/2023:01:56:43 -0500] "GET /sipse/faces/javax.faces.resource/jquery/jquery-plugins.js?ln=primefaces&v=4.0 HTTP/1.1" 304 -
181.56.171.197 - - [22/Dec/2023:01:56:43 -0500] "GET /sipse/faces/javax.faces.resource/primefaces.js?ln=primefaces&v=4.0 HTTP/1.1" 304 -
181.56.171.197 - - [22/Dec/2023:01:56:43 -0500] "GET /sipse/faces/javax.faces.resource/layout/layout.js?ln=primefaces&v=4.0 HTTP/1.1" 304 -
181.56.171.197 - - [22/Dec/2023:01:56:43 -0500] "GET /sipse/css/imagen/contrasena.png HTTP/1.1" 404 383
181.56.171.197 - - [22/Dec/2023:01:56:53 -0500] "POST /sipse/faces/presentacion/financiero/solicitudProceso/consultarSolicitudProceso.xhtml HTTP/1.1" 200 28860
181.56.171.197 - - [22/Dec/2023:01:56:53 -0500] "GET /sipse/faces/javax.faces.resource/theme.css?ln=primefaces-sipse HTTP/1.1" 304 -
181.56.171.197 - - [22/Dec/2023:01:56:53 -0500] "GET /sipse/faces/javax.faces.resource/primefaces.css?ln=primefaces&v=4.0 HTTP/1.1" 304 -
181.56.171.197 - - [22/Dec/2023:01:56:53 -0500] "GET /sipse/faces/javax.faces.resource/layout/layout.css?ln=primefaces&v=4.0 HTTP/1.1" 304 -
181.56.171.197 - - [22/Dec/2023:01:56:53 -0500] "GET /sipse/faces/javax.faces.resource/jquery/jquery.js?ln=primefaces&v=4.0 HTTP/1.1" 304 -
181.56.171.197 - - [22/Dec/2023:01:56:53 -0500] "GET /sipse/faces/javax.faces.resource/jquery/jquery-plugins.js?ln=primefaces&v=4.0 HTTP/1.1" 304 -
181.56.171.197 - - [22/Dec/2023:01:56:53 -0500] "GET /sipse/faces/javax.faces.resource/primefaces.js?ln=primefaces&v=4.0 HTTP/1.1" 304 -
181.56.171.197 - - [22/Dec/2023:01:56:53 -0500] "GET /sipse/faces/javax.faces.resource/layout/layout.js?ln=primefaces&v=4.0 HTTP/1.1" 304 -
181.56.171.197 - - [22/Dec/2023:01:56:53 -0500] "GET /sipse/css/imagen/contrasena.png HTTP/1.1" 404 383
181.56.171.197 - - [22/Dec/2023:01:56:53 -0500] "GET /sipse/faces/javax.faces.resource/images/ui-icons_898989_256x240.png?ln=primefaces-aristo HTTP/1.1" 304 -
156.59.198.135 - - [22/Dec/2023:01:56:58 -0500] "GET /BLA/resoluciones/RESOLUCIONES%202017/2519.pdf HTTP/1.0" 200 323514
156.59.198.136 - - [22/Dec/2023:01:57:22 -0500] "GET /BLA/resoluciones/RESOLUCIONES%202017/0070.pdf HTTP/1.0" 200 514677
156.59.198.135 - - [22/Dec/2023:01:57:47 -0500] "GET /BLA/resoluciones/RESOLUCIONES%202017/2992.pdf HTTP/1.0" 200 756881
201.245.192.253 - - [22/Dec/2023:01:57:49 -0500] "POST /kwsrmcab/Wsrmcab  HTTP/1.1" 200 40220
181.56.171.197 - - [22/Dec/2023:01:58:07 -0500] "GET /sipse/faces/javax.faces.resource/theme.css?ln=primefaces-sipse HTTP/1.1" 304 -
181.56.171.197 - - [22/Dec/2023:01:58:07 -0500] "GET /sipse/faces/javax.faces.resource/primefaces.css?ln=primefaces&v=4.0 HTTP/1.1" 304 -
181.56.171.197 - - [22/Dec/2023:01:58:07 -0500] "GET /sipse/faces/javax.faces.resource/layout/layout.css?ln=primefaces&v=4.0 HTTP/1.1" 304 -
181.56.171.197 - - [22/Dec/2023:01:58:07 -0500] "GET /sipse/faces/javax.faces.resource/jquery/jquery-plugins.js?ln=primefaces&v=4.0 HTTP/1.1" 304 -
181.56.171.197 - - [22/Dec/2023:01:58:07 -0500] "GET /sipse/faces/javax.faces.resource/jquery/jquery.js?ln=primefaces&v=4.0 HTTP/1.1" 304 -
181.56.171.197 - - [22/Dec/2023:01:58:07 -0500] "GET /sipse/faces/javax.faces.resource/primefaces.js?ln=primefaces&v=4.0 HTTP/1.1" 304 -
181.56.171.197 - - [22/Dec/2023:01:58:07 -0500] "GET /sipse/faces/javax.faces.resource/layout/layout.js?ln=primefaces&v=4.0 HTTP/1.1" 304 -
181.56.171.197 - - [22/Dec/2023:01:58:07 -0500] "GET /sipse/css/imagen/contrasena.png HTTP/1.1" 404 383
181.56.171.197 - - [22/Dec/2023:01:58:07 -0500] "GET /sipse/faces/javax.faces.resource/images/ui-icons_898989_256x240.png?ln=primefaces-aristo HTTP/1.1" 304 -
181.56.171.197 - - [22/Dec/2023:01:58:06 -0500] "POST /sipse/faces/presentacion/financiero/solicitudProceso/consultarHistorialSolProceso.xhtml HTTP/1.1" 200 153788
156.59.198.135 - - [22/Dec/2023:01:58:11 -0500] "GET /BLA/resoluciones/RESOLUCIONES%202017/0604.pdf HTTP/1.0" 200 514632
181.56.171.197 - - [22/Dec/2023:01:58:16 -0500] "POST /sipse/faces/presentacion/financiero/solicitudProceso/consultarSolicitudProceso.xhtml HTTP/1.1" 200 142271
156.59.198.136 - - [22/Dec/2023:01:58:38 -0500] "GET /BLA/resoluciones/RESOLUCIONES%202017/0095.pdf HTTP/1.0" 200 512274
156.59.198.136 - - [22/Dec/2023:01:59:01 -0500] "GET /BLA/resoluciones/RESOLUCIONES%202017/2802.pdf HTTP/1.0" 200 331474
156.59.198.135 - - [22/Dec/2023:01:59:25 -0500] "GET /BLA/resoluciones/RESOLUCIONES%202017/1886.pdf HTTP/1.0" 200 417595
156.59.198.136 - - [22/Dec/2023:01:59:49 -0500] "GET /BLA/resoluciones/RESOLUCIONES%202017/1548.pdf HTTP/1.0" 200 1474386
156.59.198.136 - - [22/Dec/2023:02:00:13 -0500] "GET /BLA/resoluciones/RESOLUCIONES%202017/1850.pdf HTTP/1.0" 200 396657
216.245.221.92 - - [22/Dec/2023:02:00:30 -0500] "HEAD / HTTP/1.1" 200 -
156.59.198.135 - - [22/Dec/2023:02:00:38 -0500] "GET /BLA/resoluciones/RESOLUCIONES%202017/1790.pdf HTTP/1.0" 200 510366
156.59.198.136 - - [22/Dec/2023:02:01:02 -0500] "GET /BLA/resoluciones/RESOLUCIONES%202017/1500.pdf HTTP/1.0" 200 327862
157.55.39.59 - - [22/Dec/2023:02:01:09 -0500] "GET /BLA/resoluciones/AUTOS%202023/4729.pdf HTTP/1.1" 200 720721
172.22.2.4 - - [22/Dec/2023:01:59:37 -0500] "HEAD /BLA/boletinlegal/ HTTP/1.1" 200 -
156.59.198.135 - - [22/Dec/2023:02:01:27 -0500] "GET /BLA/resoluciones/RESOLUCIONES%202017/0122.pdf HTTP/1.0" 200 484655
156.59.198.135 - - [22/Dec/2023:02:01:50 -0500] "GET /BLA/resoluciones/RESOLUCIONES%202017/0151.pdf HTTP/1.0" 200 620461
172.22.2.4 - - [22/Dec/2023:02:00:28 -0500] "GET /BLA/boletinlegal/ HTTP/1.1" 200 58567
156.59.198.135 - - [22/Dec/2023:02:02:14 -0500] "GET /BLA/resoluciones/RESOLUCIONES%202017/0959.pdf HTTP/1.0" 200 857367
156.59.198.136 - - [22/Dec/2023:02:02:40 -0500] "GET /BLA/resoluciones/RESOLUCIONES%202017/1498.pdf HTTP/1.0" 200 322551
201.245.192.253 - - [22/Dec/2023:02:02:49 -0500] "POST /kwsrmcab/Wsrmcab  HTTP/1.1" 200 40220
156.59.198.135 - - [22/Dec/2023:02:03:04 -0500] "GET /BLA/resoluciones/RESOLUCIONES%202017/0651.pdf HTTP/1.0" 200 517269
156.59.198.135 - - [22/Dec/2023:02:03:27 -0500] "GET /BLA/resoluciones/RESOLUCIONES%202017/2838.pdf HTTP/1.0" 200 379580
156.59.198.135 - - [22/Dec/2023:02:03:53 -0500] "GET /BLA/resoluciones/RESOLUCIONES%202017/1719.pdf HTTP/1.0" 200 323055
66.249.66.193 - - [22/Dec/2023:02:04:03 -0500] "GET /robots.txt HTTP/1.1" 404 1034
66.249.66.192 - - [22/Dec/2023:02:04:03 -0500] "GET /distrito-declara-alerta-preventiva-en-el-suroccidente-de-la-ciudad-por-mala-calidad-del-aire.html HTTP/1.1" 200 1065
156.59.198.135 - - [22/Dec/2023:02:04:16 -0500] "GET /BLA/resoluciones/RESOLUCIONES%202017/2493.pdf HTTP/1.0" 200 279843
156.59.198.136 - - [22/Dec/2023:02:04:41 -0500] "GET /BLA/resoluciones/RESOLUCIONES%202017/0750.pdf HTTP/1.0" 200 477693
156.59.198.135 - - [22/Dec/2023:02:05:05 -0500] "GET /BLA/resoluciones/RESOLUCIONES%202017/1112.pdf HTTP/1.0" 200 485105
156.59.198.136 - - [22/Dec/2023:02:05:30 -0500] "GET /BLA/resoluciones/RESOLUCIONES%202017/0837.pdf HTTP/1.0" 200 1239660
216.245.221.92 - - [22/Dec/2023:02:05:30 -0500] "HEAD / HTTP/1.1" 200 -
181.56.171.197 - - [22/Dec/2023:02:05:44 -0500] "POST /sipse/faces/presentacion/financiero/solicitudProceso/consultarSolicitudProceso.xhtml HTTP/1.1" 200 22294
181.56.171.197 - - [22/Dec/2023:02:05:44 -0500] "GET /sipse/faces/javax.faces.resource/theme.css?ln=primefaces-sipse HTTP/1.1" 304 -
181.56.171.197 - - [22/Dec/2023:02:05:44 -0500] "GET /sipse/faces/javax.faces.resource/layout/layout.css?ln=primefaces&v=4.0 HTTP/1.1" 304 -
181.56.171.197 - - [22/Dec/2023:02:05:44 -0500] "GET /sipse/faces/javax.faces.resource/fileupload/fileupload.css?ln=primefaces&v=4.0 HTTP/1.1" 304 -
181.56.171.197 - - [22/Dec/2023:02:05:44 -0500] "GET /sipse/faces/javax.faces.resource/primefaces.css?ln=primefaces&v=4.0 HTTP/1.1" 304 -
181.56.171.197 - - [22/Dec/2023:02:05:44 -0500] "GET /sipse/faces/javax.faces.resource/jquery/jquery.js?ln=primefaces&v=4.0 HTTP/1.1" 304 -
181.56.171.197 - - [22/Dec/2023:02:05:44 -0500] "GET /sipse/faces/javax.faces.resource/jquery/jquery-plugins.js?ln=primefaces&v=4.0 HTTP/1.1" 304 -
181.56.171.197 - - [22/Dec/2023:02:05:44 -0500] "GET /sipse/faces/javax.faces.resource/primefaces.js?ln=primefaces&v=4.0 HTTP/1.1" 304 -
181.56.171.197 - - [22/Dec/2023:02:05:44 -0500] "GET /sipse/faces/javax.faces.resource/fileupload/fileupload.js?ln=primefaces&v=4.0 HTTP/1.1" 304 -
181.56.171.197 - - [22/Dec/2023:02:05:44 -0500] "GET /sipse/faces/javax.faces.resource/layout/layout.js?ln=primefaces&v=4.0 HTTP/1.1" 304 -
181.56.171.197 - - [22/Dec/2023:02:05:44 -0500] "GET /sipse/css/imagen/contrasena.png HTTP/1.1" 404 383
181.56.171.197 - - [22/Dec/2023:02:05:44 -0500] "GET /sipse/faces/javax.faces.resource/images/ui-icons_898989_256x240.png?ln=primefaces-aristo HTTP/1.1" 304 -
181.56.171.197 - - [22/Dec/2023:02:05:53 -0500] "GET /sipse/faces/javax.faces.resource/primefaces.css?ln=primefaces&v=4.0 HTTP/1.1" 304 -
181.56.171.197 - - [22/Dec/2023:02:05:53 -0500] "GET /sipse/faces/javax.faces.resource/theme.css?ln=primefaces-sipse HTTP/1.1" 304 -
181.56.171.197 - - [22/Dec/2023:02:05:53 -0500] "GET /sipse/faces/javax.faces.resource/layout/layout.css?ln=primefaces&v=4.0 HTTP/1.1" 304 -
181.56.171.197 - - [22/Dec/2023:02:05:53 -0500] "GET /sipse/faces/javax.faces.resource/jquery/jquery.js?ln=primefaces&v=4.0 HTTP/1.1" 304 -
181.56.171.197 - - [22/Dec/2023:02:05:53 -0500] "GET /sipse/faces/javax.faces.resource/jquery/jquery-plugins.js?ln=primefaces&v=4.0 HTTP/1.1" 304 -
181.56.171.197 - - [22/Dec/2023:02:05:53 -0500] "GET /sipse/faces/javax.faces.resource/primefaces.js?ln=primefaces&v=4.0 HTTP/1.1" 304 -
181.56.171.197 - - [22/Dec/2023:02:05:53 -0500] "GET /sipse/faces/javax.faces.resource/layout/layout.js?ln=primefaces&v=4.0 HTTP/1.1" 304 -
181.56.171.197 - - [22/Dec/2023:02:05:52 -0500] "POST /sipse/faces/presentacion/sistema/anexos/cargarAnexoSolicitudProceso.xhtml HTTP/1.1" 200 155584
181.56.171.197 - - [22/Dec/2023:02:05:53 -0500] "GET /sipse/faces/javax.faces.resource/images/ui-icons_898989_256x240.png?ln=primefaces-aristo HTTP/1.1" 304 -
156.59.198.135 - - [22/Dec/2023:02:05:54 -0500] "GET /BLA/resoluciones/RESOLUCIONES%202017/0723.pdf HTTP/1.0" 200 1310125
181.56.171.197 - - [22/Dec/2023:02:06:14 -0500] "GET /sipse/faces/javax.faces.resource/images/ui-bg_flat_0_2d5972_40x100.png?ln=primefaces-aristo HTTP/1.1" 304 -
181.56.171.197 - - [22/Dec/2023:02:06:16 -0500] "POST /sipse/faces/presentacion/financiero/solicitudProceso/consultarSolicitudProceso.xhtml HTTP/1.1" 200 38552
181.56.171.197 - - [22/Dec/2023:02:06:18 -0500] "GET /sipse/faces/javax.faces.resource/theme.css?ln=primefaces-sipse HTTP/1.1" 304 -
181.56.171.197 - - [22/Dec/2023:02:06:18 -0500] "GET /sipse/faces/javax.faces.resource/layout/layout.css?ln=primefaces&v=4.0 HTTP/1.1" 304 -
181.56.171.197 - - [22/Dec/2023:02:06:18 -0500] "GET /sipse/faces/javax.faces.resource/primefaces.css?ln=primefaces&v=4.0 HTTP/1.1" 304 -
181.56.171.197 - - [22/Dec/2023:02:06:18 -0500] "GET /sipse/faces/javax.faces.resource/jquery/jquery.js?ln=primefaces&v=4.0 HTTP/1.1" 304 -
181.56.171.197 - - [22/Dec/2023:02:06:18 -0500] "GET /sipse/faces/javax.faces.resource/jquery/jquery-plugins.js?ln=primefaces&v=4.0 HTTP/1.1" 304 -
181.56.171.197 - - [22/Dec/2023:02:06:18 -0500] "GET /sipse/faces/javax.faces.resource/primefaces.js?ln=primefaces&v=4.0 HTTP/1.1" 304 -
181.56.171.197 - - [22/Dec/2023:02:06:18 -0500] "GET /sipse/faces/javax.faces.resource/layout/layout.js?ln=primefaces&v=4.0 HTTP/1.1" 304 -
181.56.171.197 - - [22/Dec/2023:02:06:18 -0500] "GET /sipse/faces/javax.faces.resource/messages/messages.png?ln=primefaces&v=4.0 HTTP/1.1" 304 -
181.56.171.197 - - [22/Dec/2023:02:06:18 -0500] "POST /sipse/faces/presentacion/financiero/solicitudProceso/listarSolicitudProceso.xhtml HTTP/1.1" 200 1400
156.59.198.135 - - [22/Dec/2023:02:06:19 -0500] "GET /BLA/resoluciones/RESOLUCIONES%202017/1609.pdf HTTP/1.0" 200 2065453
156.59.198.136 - - [22/Dec/2023:02:06:43 -0500] "GET /BLA/resoluciones/RESOLUCIONES%202017/1785.pdf HTTP/1.0" 200 498143
172.22.2.4 - - [22/Dec/2023:02:05:27 -0500] "HEAD /BLA/boletinlegal/ HTTP/1.1" 200 -
156.59.198.135 - - [22/Dec/2023:02:07:07 -0500] "GET /BLA/resoluciones/RESOLUCIONES%202017/2778.pdf HTTP/1.0" 200 286432
181.56.171.197 - - [22/Dec/2023:02:07:08 -0500] "POST /sipse/faces/presentacion/financiero/solicitudProceso/listarSolicitudProceso.xhtml HTTP/1.1" 200 31458
181.56.171.197 - - [22/Dec/2023:02:07:08 -0500] "POST /sipse/faces/presentacion/financiero/solicitudProceso/listarSolicitudProceso.xhtml HTTP/1.1" 200 31458
181.56.171.197 - - [22/Dec/2023:02:07:09 -0500] "POST /sipse/faces/presentacion/financiero/solicitudProceso/listarSolicitudProceso.xhtml HTTP/1.1" 200 1400
181.56.171.197 - - [22/Dec/2023:02:07:09 -0500] "POST /sipse/faces/presentacion/financiero/solicitudProceso/listarSolicitudProceso.xhtml HTTP/1.1" 200 1396
181.56.171.197 - - [22/Dec/2023:02:07:12 -0500] "POST /sipse/faces/presentacion/financiero/solicitudProceso/listarSolicitudProceso.xhtml HTTP/1.1" 200 6245
181.56.171.197 - - [22/Dec/2023:02:07:15 -0500] "POST /sipse/faces/presentacion/financiero/solicitudProceso/listarSolicitudProceso.xhtml HTTP/1.1" 200 106740
181.56.171.197 - - [22/Dec/2023:02:07:16 -0500] "GET /sipse/css/custom_css_sg.css HTTP/1.1" 304 -
181.56.171.197 - - [22/Dec/2023:02:07:16 -0500] "GET /sipse/js/disable_browser_buttons.js HTTP/1.1" 304 -
181.56.171.197 - - [22/Dec/2023:02:07:16 -0500] "GET /sipse/css/custom_css_sg_prime.css HTTP/1.1" 304 -
181.56.171.197 - - [22/Dec/2023:02:07:16 -0500] "GET /sipse/faces/javax.faces.resource/theme.css?ln=primefaces-sipse HTTP/1.1" 304 -
181.56.171.197 - - [22/Dec/2023:02:07:16 -0500] "GET /sipse/faces/javax.faces.resource/layout/layout.css?ln=primefaces&v=4.0 HTTP/1.1" 304 -
181.56.171.197 - - [22/Dec/2023:02:07:16 -0500] "GET /sipse/faces/javax.faces.resource/primefaces.css?ln=primefaces&v=4.0 HTTP/1.1" 304 -
181.56.171.197 - - [22/Dec/2023:02:07:16 -0500] "GET /sipse/js/jquery.min.js HTTP/1.1" 304 -
181.56.171.197 - - [22/Dec/2023:02:07:16 -0500] "GET /sipse/js/funciones.js HTTP/1.1" 304 -
181.56.171.197 - - [22/Dec/2023:02:07:16 -0500] "GET /sipse/faces/javax.faces.resource/jquery/jquery.js?ln=primefaces&v=4.0 HTTP/1.1" 304 -
181.56.171.197 - - [22/Dec/2023:02:07:16 -0500] "GET /sipse/faces/javax.faces.resource/jquery/jquery-plugins.js?ln=primefaces&v=4.0 HTTP/1.1" 304 -
181.56.171.197 - - [22/Dec/2023:02:07:16 -0500] "GET /sipse/faces/javax.faces.resource/primefaces.js?ln=primefaces&v=4.0 HTTP/1.1" 304 -
181.56.171.197 - - [22/Dec/2023:02:07:16 -0500] "GET /sipse/faces/javax.faces.resource/layout/layout.js?ln=primefaces&v=4.0 HTTP/1.1" 304 -
190.90.132.140 - - [22/Dec/2023:02:07:22 -0500] "POST /sipse/faces/presentacion/financiero/solicitudProceso/consultar.xhtml HTTP/1.1" 200 12905
156.59.198.135 - - [22/Dec/2023:02:07:31 -0500] "GET /BLA/resoluciones/RESOLUCIONES%202017/0699.pdf HTTP/1.0" 200 313884
201.245.192.253 - - [22/Dec/2023:02:07:47 -0500] "POST /kwsrmcab/Wsrmcab  HTTP/1.1" 200 40220
156.59.198.135 - - [22/Dec/2023:02:07:55 -0500] "GET /BLA/resoluciones/RESOLUCIONES%202017/0089.pdf HTTP/1.0" 200 573195
172.22.2.4 - - [22/Dec/2023:02:06:18 -0500] "GET /BLA/boletinlegal/ HTTP/1.1" 200 60502
181.56.171.197 - - [22/Dec/2023:02:08:05 -0500] "POST /sipse/faces/presentacion/financiero/solicitudProceso/consultarSolicitudProceso.xhtml HTTP/1.1" 200 40724
181.56.171.197 - - [22/Dec/2023:02:08:06 -0500] "GET /sipse/faces/javax.faces.resource/theme.css?ln=primefaces-sipse HTTP/1.1" 304 -
181.56.171.197 - - [22/Dec/2023:02:08:06 -0500] "GET /sipse/faces/javax.faces.resource/layout/layout.css?ln=primefaces&v=4.0 HTTP/1.1" 304 -
181.56.171.197 - - [22/Dec/2023:02:08:06 -0500] "GET /sipse/faces/javax.faces.resource/jquery/jquery.js?ln=primefaces&v=4.0 HTTP/1.1" 304 -
181.56.171.197 - - [22/Dec/2023:02:08:06 -0500] "GET /sipse/faces/javax.faces.resource/primefaces.css?ln=primefaces&v=4.0 HTTP/1.1" 304 -
181.56.171.197 - - [22/Dec/2023:02:08:06 -0500] "GET /sipse/faces/javax.faces.resource/jquery/jquery-plugins.js?ln=primefaces&v=4.0 HTTP/1.1" 304 -
181.56.171.197 - - [22/Dec/2023:02:08:06 -0500] "GET /sipse/faces/javax.faces.resource/primefaces.js?ln=primefaces&v=4.0 HTTP/1.1" 304 -
181.56.171.197 - - [22/Dec/2023:02:08:06 -0500] "GET /sipse/faces/javax.faces.resource/layout/layout.js?ln=primefaces&v=4.0 HTTP/1.1" 304 -
181.56.171.197 - - [22/Dec/2023:02:08:06 -0500] "POST /sipse/faces/presentacion/financiero/solicitudProceso/consultar.xhtml HTTP/1.1" 200 34133
181.56.171.197 - - [22/Dec/2023:02:08:06 -0500] "POST /sipse/faces/presentacion/financiero/solicitudProceso/consultar.xhtml HTTP/1.1" 200 34133
181.56.171.197 - - [22/Dec/2023:02:08:09 -0500] "POST /sipse/faces/presentacion/financiero/solicitudProceso/consultar.xhtml HTTP/1.1" 200 38070
181.56.171.197 - - [22/Dec/2023:02:08:09 -0500] "GET /sipse/faces/javax.faces.resource/theme.css?ln=primefaces-sipse HTTP/1.1" 304 -
181.56.171.197 - - [22/Dec/2023:02:08:09 -0500] "GET /sipse/faces/javax.faces.resource/layout/layout.css?ln=primefaces&v=4.0 HTTP/1.1" 304 -
181.56.171.197 - - [22/Dec/2023:02:08:09 -0500] "GET /sipse/faces/javax.faces.resource/primefaces.css?ln=primefaces&v=4.0 HTTP/1.1" 304 -
181.56.171.197 - - [22/Dec/2023:02:08:09 -0500] "GET /sipse/faces/javax.faces.resource/jquery/jquery.js?ln=primefaces&v=4.0 HTTP/1.1" 304 -
181.56.171.197 - - [22/Dec/2023:02:08:09 -0500] "GET /sipse/faces/javax.faces.resource/jquery/jquery-plugins.js?ln=primefaces&v=4.0 HTTP/1.1" 304 -
181.56.171.197 - - [22/Dec/2023:02:08:09 -0500] "GET /sipse/faces/javax.faces.resource/primefaces.js?ln=primefaces&v=4.0 HTTP/1.1" 304 -
181.56.171.197 - - [22/Dec/2023:02:08:09 -0500] "GET /sipse/faces/javax.faces.resource/layout/layout.js?ln=primefaces&v=4.0 HTTP/1.1" 304 -
181.56.171.197 - - [22/Dec/2023:02:08:09 -0500] "POST /sipse/faces/presentacion/financiero/solicitudProceso/listarSolicitudProceso.xhtml HTTP/1.1" 200 31453
181.56.171.197 - - [22/Dec/2023:02:08:09 -0500] "POST /sipse/faces/presentacion/financiero/solicitudProceso/listarSolicitudProceso.xhtml HTTP/1.1" 200 31453
181.56.171.197 - - [22/Dec/2023:02:08:10 -0500] "POST /sipse/faces/presentacion/financiero/solicitudProceso/listarSolicitudProceso.xhtml HTTP/1.1" 200 31453
181.56.171.197 - - [22/Dec/2023:02:08:10 -0500] "POST /sipse/faces/presentacion/financiero/solicitudProceso/listarSolicitudProceso.xhtml HTTP/1.1" 200 1400
181.56.171.197 - - [22/Dec/2023:02:08:10 -0500] "POST /sipse/faces/presentacion/financiero/solicitudProceso/listarSolicitudProceso.xhtml HTTP/1.1" 200 1396
181.56.171.197 - - [22/Dec/2023:02:08:10 -0500] "POST /sipse/faces/presentacion/financiero/solicitudProceso/listarSolicitudProceso.xhtml HTTP/1.1" 200 1404
181.56.171.197 - - [22/Dec/2023:02:08:11 -0500] "POST /sipse/faces/presentacion/financiero/solicitudProceso/listarSolicitudProceso.xhtml HTTP/1.1" 200 1396
181.56.171.197 - - [22/Dec/2023:02:08:15 -0500] "POST /sipse/faces/presentacion/financiero/solicitudProceso/listarSolicitudProceso.xhtml HTTP/1.1" 200 6214
156.59.198.136 - - [22/Dec/2023:02:08:20 -0500] "GET /BLA/resoluciones/RESOLUCIONES%202017/2051.pdf HTTP/1.0" 200 273837
181.56.171.197 - - [22/Dec/2023:02:08:21 -0500] "POST /sipse/faces/presentacion/financiero/solicitudProceso/listarSolicitudProceso.xhtml HTTP/1.1" 200 116040
181.56.171.197 - - [22/Dec/2023:02:08:22 -0500] "GET /sipse/faces/javax.faces.resource/theme.css?ln=primefaces-sipse HTTP/1.1" 304 -
181.56.171.197 - - [22/Dec/2023:02:08:22 -0500] "GET /sipse/faces/javax.faces.resource/primefaces.css?ln=primefaces&v=4.0 HTTP/1.1" 304 -
181.56.171.197 - - [22/Dec/2023:02:08:22 -0500] "GET /sipse/faces/javax.faces.resource/layout/layout.css?ln=primefaces&v=4.0 HTTP/1.1" 304 -
181.56.171.197 - - [22/Dec/2023:02:08:22 -0500] "GET /sipse/faces/javax.faces.resource/jquery/jquery.js?ln=primefaces&v=4.0 HTTP/1.1" 304 -
181.56.171.197 - - [22/Dec/2023:02:08:22 -0500] "GET /sipse/faces/javax.faces.resource/jquery/jquery-plugins.js?ln=primefaces&v=4.0 HTTP/1.1" 304 -
181.56.171.197 - - [22/Dec/2023:02:08:22 -0500] "GET /sipse/faces/javax.faces.resource/primefaces.js?ln=primefaces&v=4.0 HTTP/1.1" 304 -
181.56.171.197 - - [22/Dec/2023:02:08:22 -0500] "GET /sipse/faces/javax.faces.resource/layout/layout.js?ln=primefaces&v=4.0 HTTP/1.1" 304 -
156.59.198.136 - - [22/Dec/2023:02:08:44 -0500] "GET /BLA/resoluciones/RESOLUCIONES%202017/3520.pdf HTTP/1.0" 200 325428
156.59.198.135 - - [22/Dec/2023:02:09:08 -0500] "GET /BLA/resoluciones/RESOLUCIONES%202017/3007.pdf HTTP/1.0" 200 307088
156.59.198.135 - - [22/Dec/2023:02:09:32 -0500] "GET /BLA/resoluciones/RESOLUCIONES%202017/1632.pdf HTTP/1.0" 200 315413
156.59.198.135 - - [22/Dec/2023:02:09:57 -0500] "GET /BLA/resoluciones/RESOLUCIONES%202017/3708.pdf HTTP/1.0" 200 343972
156.59.198.136 - - [22/Dec/2023:02:10:21 -0500] "GET /BLA/resoluciones/RESOLUCIONES%202017/3233.pdf HTTP/1.0" 200 334572
216.245.221.92 - - [22/Dec/2023:02:10:30 -0500] "HEAD / HTTP/1.1" 200 -
156.59.198.136 - - [22/Dec/2023:02:10:46 -0500] "GET /BLA/resoluciones/RESOLUCIONES%202017/2804.pdf HTTP/1.0" 200 255350
156.59.198.135 - - [22/Dec/2023:02:11:09 -0500] "GET /BLA/resoluciones/RESOLUCIONES%202017/0240.pdf HTTP/1.0" 200 383168
156.59.198.135 - - [22/Dec/2023:02:11:33 -0500] "GET /BLA/resoluciones/RESOLUCIONES%202017/1696.pdf HTTP/1.0" 200 401928
156.59.198.135 - - [22/Dec/2023:02:11:58 -0500] "GET /BLA/resoluciones/RESOLUCIONES%202017/0541.pdf HTTP/1.0" 200 492246
156.59.198.135 - - [22/Dec/2023:02:12:23 -0500] "GET /BLA/resoluciones/RESOLUCIONES%202017/1016.pdf HTTP/1.0" 200 1725428
156.59.198.135 - - [22/Dec/2023:02:12:47 -0500] "GET /BLA/resoluciones/RESOLUCIONES%202017/2474.pdf HTTP/1.0" 200 279924
201.245.192.253 - - [22/Dec/2023:02:12:45 -0500] "POST /kwsrmcab/Wsrmcab  HTTP/1.1" 200 40220
172.22.2.4 - - [22/Dec/2023:02:11:17 -0500] "HEAD /BLA/boletinlegal/ HTTP/1.1" 200 -
152.61.128.50 - - [22/Dec/2023:02:12:56 -0500] "GET /arcgis/services/Calidad_del_Agua_WQI/MapServer/WMSServer?request=GetCapabilities&service=WMS HTTP/1.1" 503 1020
152.61.128.50 - - [22/Dec/2023:02:12:58 -0500] "GET /arcgis/services/Calidad_del_Agua_WQI/MapServer/WMSServer?SERVICE=WMS&REQUEST=GetCapabilities HTTP/1.1" 503 1020
152.61.128.50 - - [22/Dec/2023:02:12:58 -0500] "GET /arcgis/services/Calidad_del_Agua_WQI/MapServer/WMSServer?WMTVER=1.0.0&REQUEST=capabilities HTTP/1.1" 503 1020
156.59.198.136 - - [22/Dec/2023:02:13:11 -0500] "GET /BLA/resoluciones/RESOLUCIONES%202017/0730.pdf HTTP/1.0" 200 308792
156.59.198.135 - - [22/Dec/2023:02:13:35 -0500] "GET /BLA/resoluciones/RESOLUCIONES%202017/2843.pdf HTTP/1.0" 200 280567
172.22.2.4 - - [22/Dec/2023:02:12:08 -0500] "GET /BLA/boletinlegal/ HTTP/1.1" 200 60910
156.59.198.135 - - [22/Dec/2023:02:14:00 -0500] "GET /BLA/resoluciones/RESOLUCIONES%202017/3270.pdf HTTP/1.0" 200 391178
156.59.198.135 - - [22/Dec/2023:02:14:24 -0500] "GET /BLA/resoluciones/RESOLUCIONES%202017/2775.pdf HTTP/1.0" 200 315830
156.59.198.135 - - [22/Dec/2023:02:14:49 -0500] "GET /BLA/resoluciones/RESOLUCIONES%202017/0784.pdf HTTP/1.0" 200 496209
157.55.39.9 - - [22/Dec/2023:02:15:08 -0500] "GET /BLA/resoluciones/AUTOS%202023/9230.pdf HTTP/1.1" 200 442163
156.59.198.136 - - [22/Dec/2023:02:15:15 -0500] "GET /BLA/resoluciones/RESOLUCIONES%202017/3335.pdf HTTP/1.0" 200 345798
216.245.221.92 - - [22/Dec/2023:02:15:30 -0500] "HEAD / HTTP/1.1" 200 -
156.59.198.135 - - [22/Dec/2023:02:15:37 -0500] "GET /BLA/resoluciones/RESOLUCIONES%202017/1336.pdf HTTP/1.0" 200 387411
156.59.198.135 - - [22/Dec/2023:02:16:02 -0500] "GET /BLA/resoluciones/RESOLUCIONES%202017/0395.pdf HTTP/1.0" 200 533954
156.59.198.135 - - [22/Dec/2023:02:16:26 -0500] "GET /BLA/resoluciones/RESOLUCIONES%202017/0034.pdf HTTP/1.0" 200 555936
157.55.39.14 - - [22/Dec/2023:02:16:28 -0500] "GET /BLA/resoluciones/AUTOS%202023/3692.pdf HTTP/1.1" 200 430942
201.245.192.253 - - [22/Dec/2023:02:16:28 -0500] "POST /kwsrmcab/Wsrmcab HTTP/1.1" 200 40106
201.245.192.253 - - [22/Dec/2023:02:16:31 -0500] "POST /kwsrmcab/Wsrmcab HTTP/1.1" 200 36636
156.59.198.136 - - [22/Dec/2023:02:16:51 -0500] "GET /BLA/resoluciones/RESOLUCIONES%202017/3369.pdf HTTP/1.0" 200 283580
156.59.198.136 - - [22/Dec/2023:02:17:15 -0500] "GET /BLA/resoluciones/RESOLUCIONES%202017/2781.pdf HTTP/1.0" 200 314291
156.59.198.136 - - [22/Dec/2023:02:17:40 -0500] "GET /BLA/resoluciones/RESOLUCIONES%202017/2909.pdf HTTP/1.0" 200 271797
201.245.192.253 - - [22/Dec/2023:02:17:44 -0500] "POST /kwsrmcab/Wsrmcab  HTTP/1.1" 200 40220
156.59.198.135 - - [22/Dec/2023:02:18:04 -0500] "GET /BLA/resoluciones/RESOLUCIONES%202017/2676.pdf HTTP/1.0" 200 274989
156.59.198.135 - - [22/Dec/2023:02:18:28 -0500] "GET /BLA/resoluciones/RESOLUCIONES%202017/0459.pdf HTTP/1.0" 200 791241
172.22.2.4 - - [22/Dec/2023:02:17:07 -0500] "HEAD /BLA/boletinlegal/ HTTP/1.1" 200 -
156.59.198.136 - - [22/Dec/2023:02:18:53 -0500] "GET /BLA/resoluciones/RESOLUCIONES%202017/2456.pdf HTTP/1.0" 200 303197
156.59.198.135 - - [22/Dec/2023:02:19:17 -0500] "GET /BLA/resoluciones/RESOLUCIONES%202017/2356.pdf HTTP/1.0" 200 1021366
172.22.2.4 - - [22/Dec/2023:02:17:58 -0500] "GET /BLA/boletinlegal/ HTTP/1.1" 200 60502
156.59.198.135 - - [22/Dec/2023:02:19:41 -0500] "GET /BLA/resoluciones/RESOLUCIONES%202017/2674.pdf HTTP/1.0" 200 391301
156.59.198.136 - - [22/Dec/2023:02:20:06 -0500] "GET /BLA/resoluciones/RESOLUCIONES%202017/3243.pdf HTTP/1.0" 200 301080
201.245.192.253 - - [22/Dec/2023:02:20:24 -0500] "POST /kwsrmcab/Wsrmcab HTTP/1.1" 200 40106
157.55.39.6 - - [22/Dec/2023:02:20:28 -0500] "GET /BLA/resoluciones/AUTOS%202023/5649.pdf HTTP/1.1" 200 418213
216.245.221.92 - - [22/Dec/2023:02:20:30 -0500] "HEAD / HTTP/1.1" 200 -
156.59.198.136 - - [22/Dec/2023:02:20:30 -0500] "GET /BLA/resoluciones/RESOLUCIONES%202017/1788.pdf HTTP/1.0" 200 518824
201.245.192.253 - - [22/Dec/2023:02:20:29 -0500] "POST /kwsrmcab/Wsrmcab HTTP/1.1" 200 36636
157.55.39.9 - - [22/Dec/2023:02:20:45 -0500] "GET /Publicaciones/2023EE271446.pdf HTTP/1.1" 404 228
156.59.198.136 - - [22/Dec/2023:02:20:54 -0500] "GET /BLA/resoluciones/RESOLUCIONES%202017/2967.pdf HTTP/1.0" 200 267191
156.59.198.136 - - [22/Dec/2023:02:21:19 -0500] "GET /BLA/resoluciones/RESOLUCIONES%202017/0971.pdf HTTP/1.0" 200 782965
156.59.198.136 - - [22/Dec/2023:02:21:44 -0500] "GET /BLA/resoluciones/RESOLUCIONES%202017/0672.pdf HTTP/1.0" 200 3101259
156.59.198.135 - - [22/Dec/2023:02:22:08 -0500] "GET /BLA/resoluciones/RESOLUCIONES%202017/2020.pdf HTTP/1.0" 200 2471376
156.59.198.136 - - [22/Dec/2023:02:22:32 -0500] "GET /BLA/resoluciones/RESOLUCIONES%202017/0792.pdf HTTP/1.0" 200 590102
201.245.192.253 - - [22/Dec/2023:02:22:43 -0500] "POST /kwsrmcab/Wsrmcab  HTTP/1.1" 200 40220
156.59.198.136 - - [22/Dec/2023:02:22:57 -0500] "GET /BLA/resoluciones/RESOLUCIONES%202017/3177.pdf HTTP/1.0" 200 337690
156.59.198.136 - - [22/Dec/2023:02:23:21 -0500] "GET /BLA/resoluciones/RESOLUCIONES%202017/3555.pdf HTTP/1.0" 200 2450045
156.59.198.135 - - [22/Dec/2023:02:23:44 -0500] "GET /BLA/resoluciones/RESOLUCIONES%202017/2922.pdf HTTP/1.0" 200 260979
156.59.198.135 - - [22/Dec/2023:02:24:09 -0500] "GET /BLA/resoluciones/RESOLUCIONES%202017/1720.pdf HTTP/1.0" 200 592240
156.59.198.136 - - [22/Dec/2023:02:24:33 -0500] "GET /BLA/resoluciones/RESOLUCIONES%202017/2829.pdf HTTP/1.0" 200 279811
172.22.2.4 - - [22/Dec/2023:02:22:57 -0500] "HEAD /BLA/boletinlegal/ HTTP/1.1" 200 -
156.59.198.136 - - [22/Dec/2023:02:24:57 -0500] "GET /BLA/resoluciones/RESOLUCIONES%202017/1644.pdf HTTP/1.0" 200 2973769
