201.245.192.253 - - [22/Dec/2023:08:35:03 -0500] "POST /forms/lservlet;jsessionid=ac16012b30d6e9036f660fd4407d87f49cba49ac3560.e3iSbxaKaheRe34Qc38TbN0Nb41ynknvrkLOlQzNp65In0 HTTP/1.1" 200 445
201.245.192.253 - - [22/Dec/2023:08:35:04 -0500] "POST /forms/lservlet;jsessionid=ac16012b30d6e9036f660fd4407d87f49cba49ac3560.e3iSbxaKaheRe34Qc38TbN0Nb41ynknvrkLOlQzNp65In0 HTTP/1.1" 200 577
201.245.192.253 - - [22/Dec/2023:08:35:05 -0500] "POST /forms/lservlet;jsessionid=ac16012b30d6e9036f660fd4407d87f49cba49ac3560.e3iSbxaKaheRe34Qc38TbN0Nb41ynknvrkLOlQzNp65In0 HTTP/1.1" 200 561
201.245.192.253 - - [22/Dec/2023:08:35:06 -0500] "POST /forms/lservlet;jsessionid=ac16012b30d6e9036f660fd4407d87f49cba49ac3560.e3iSbxaKaheRe34Qc38TbN0Nb41ynknvrkLOlQzNp65In0 HTTP/1.1" 200 562
201.245.192.253 - - [22/Dec/2023:08:35:07 -0500] "POST /forms/lservlet;jsessionid=ac16012b30d6e9036f660fd4407d87f49cba49ac3560.e3iSbxaKaheRe34Qc38TbN0Nb41ynknvrkLOlQzNp65In0 HTTP/1.1" 200 562
201.245.192.253 - - [22/Dec/2023:08:35:07 -0500] "POST /forms/lservlet;jsessionid=ac16012b30d6e9036f660fd4407d87f49cba49ac3560.e3iSbxaKaheRe34Qc38TbN0Nb41ynknvrkLOlQzNp65In0 HTTP/1.1" 200 541
201.245.192.253 - - [22/Dec/2023:08:35:08 -0500] "POST /forms/lservlet;jsessionid=ac16012b30d6e9036f660fd4407d87f49cba49ac3560.e3iSbxaKaheRe34Qc38TbN0Nb41ynknvrkLOlQzNp65In0 HTTP/1.1" 200 532
201.245.192.253 - - [22/Dec/2023:08:35:08 -0500] "POST /forms/lservlet;jsessionid=ac16012b30d6e9036f660fd4407d87f49cba49ac3560.e3iSbxaKaheRe34Qc38TbN0Nb41ynknvrkLOlQzNp65In0 HTTP/1.1" 200 541
201.245.192.253 - - [22/Dec/2023:08:35:08 -0500] "POST /forms/lservlet;jsessionid=ac16012b30d6e9036f660fd4407d87f49cba49ac3560.e3iSbxaKaheRe34Qc38TbN0Nb41ynknvrkLOlQzNp65In0 HTTP/1.1" 200 560
201.245.192.253 - - [22/Dec/2023:08:35:09 -0500] "POST /forms/lservlet;jsessionid=ac16012b30d6e9036f660fd4407d87f49cba49ac3560.e3iSbxaKaheRe34Qc38TbN0Nb41ynknvrkLOlQzNp65In0 HTTP/1.1" 200 558
201.245.192.253 - - [22/Dec/2023:08:35:10 -0500] "POST /forms/lservlet;jsessionid=ac16012b30d6e9036f660fd4407d87f49cba49ac3560.e3iSbxaKaheRe34Qc38TbN0Nb41ynknvrkLOlQzNp65In0 HTTP/1.1" 200 537
201.245.192.253 - - [22/Dec/2023:08:35:10 -0500] "POST /forms/lservlet;jsessionid=ac16012b30d6e9036f660fd4407d87f49cba49ac3560.e3iSbxaKaheRe34Qc38TbN0Nb41ynknvrkLOlQzNp65In0 HTTP/1.1" 200 580
47.128.59.103 - - [22/Dec/2023:08:35:10 -0500] "GET /BLA/resoluciones/index.php?dir=RESOLUCIONES%202007%2FRES%202007%20801%20AL%20900%2F&order=desc&sort=size HTTP/1.1" 200 26641
201.245.192.253 - - [22/Dec/2023:08:35:10 -0500] "POST /forms/lservlet;jsessionid=ac16012b30d6e9036f660fd4407d87f49cba49ac3560.e3iSbxaKaheRe34Qc38TbN0Nb41ynknvrkLOlQzNp65In0 HTTP/1.1" 200 582
47.128.59.103 - - [22/Dec/2023:08:35:11 -0500] "GET /BLA/resoluciones/dlf/dirup.png HTTP/1.1" 200 644
47.128.59.103 - - [22/Dec/2023:08:35:11 -0500] "GET /BLA/resoluciones/dlf/pdf.gif HTTP/1.1" 200 272
201.245.192.253 - - [22/Dec/2023:08:35:12 -0500] "POST /forms/lservlet;jsessionid=ac16012b30d6e9036f660fd4407d87f49cba49ac3560.e3iSbxaKaheRe34Qc38TbN0Nb41ynknvrkLOlQzNp65In0 HTTP/1.1" 200 572
201.245.192.253 - - [22/Dec/2023:08:35:12 -0500] "POST /forms/lservlet;jsessionid=ac16012b30d6e9036f660fd4407d87f49cba49ac3560.e3iSbxaKaheRe34Qc38TbN0Nb41ynknvrkLOlQzNp65In0 HTTP/1.1" 200 583
201.245.192.253 - - [22/Dec/2023:08:35:13 -0500] "POST /forms/lservlet;jsessionid=ac16012b30d6e9036f660fd4407d87f49cba49ac3560.e3iSbxaKaheRe34Qc38TbN0Nb41ynknvrkLOlQzNp65In0 HTTP/1.1" 200 587
201.245.192.253 - - [22/Dec/2023:08:35:13 -0500] "POST /forms/lservlet;jsessionid=ac16012b30d6e9036f660fd4407d87f49cba49ac3560.e3iSbxaKaheRe34Qc38TbN0Nb41ynknvrkLOlQzNp65In0 HTTP/1.1" 200 572
201.245.192.253 - - [22/Dec/2023:08:35:14 -0500] "POST /forms/lservlet;jsessionid=ac16012b30d6e9036f660fd4407d87f49cba49ac3560.e3iSbxaKaheRe34Qc38TbN0Nb41ynknvrkLOlQzNp65In0 HTTP/1.1" 200 552
201.245.192.253 - - [22/Dec/2023:08:35:14 -0500] "POST /forms/lservlet;jsessionid=ac16012b30d6e9036f660fd4407d87f49cba49ac3560.e3iSbxaKaheRe34Qc38TbN0Nb41ynknvrkLOlQzNp65In0 HTTP/1.1" 200 555
20.222.40.152 - - [22/Dec/2023:08:34:59 -0500] "GET /wordpress/wp-includes/wlwmanifest.xml HTTP/1.1" 404 1018
201.245.192.253 - - [22/Dec/2023:08:35:15 -0500] "POST /forms/lservlet;jsessionid=ac16012b30d6e9036f660fd4407d87f49cba49ac3560.e3iSbxaKaheRe34Qc38TbN0Nb41ynknvrkLOlQzNp65In0 HTTP/1.1" 200 579
201.245.166.34 - - [22/Dec/2023:08:35:15 -0500] "POST /sipse/faces/presentacion/financiero/solicitudProceso/listarSolicitudProceso.xhtml HTTP/1.1" 200 116385
201.245.166.34 - - [22/Dec/2023:08:35:16 -0500] "GET /sipse/faces/javax.faces.resource/theme.css?ln=primefaces-sipse HTTP/1.1" 304 -
201.245.166.34 - - [22/Dec/2023:08:35:16 -0500] "GET /sipse/faces/javax.faces.resource/primefaces.css?ln=primefaces&v=4.0 HTTP/1.1" 304 -
201.245.166.34 - - [22/Dec/2023:08:35:16 -0500] "GET /sipse/faces/javax.faces.resource/layout/layout.css?ln=primefaces&v=4.0 HTTP/1.1" 304 -
201.245.166.34 - - [22/Dec/2023:08:35:16 -0500] "GET /sipse/faces/javax.faces.resource/jquery/jquery.js?ln=primefaces&v=4.0 HTTP/1.1" 304 -
201.245.166.34 - - [22/Dec/2023:08:35:16 -0500] "GET /sipse/faces/javax.faces.resource/jquery/jquery-plugins.js?ln=primefaces&v=4.0 HTTP/1.1" 304 -
201.245.166.34 - - [22/Dec/2023:08:35:16 -0500] "GET /sipse/faces/javax.faces.resource/primefaces.js?ln=primefaces&v=4.0 HTTP/1.1" 304 -
201.245.166.34 - - [22/Dec/2023:08:35:16 -0500] "GET /sipse/faces/javax.faces.resource/layout/layout.js?ln=primefaces&v=4.0 HTTP/1.1" 304 -
201.245.192.253 - - [22/Dec/2023:08:35:16 -0500] "POST /forms/lservlet;jsessionid=ac16012b30d6e9036f660fd4407d87f49cba49ac3560.e3iSbxaKaheRe34Qc38TbN0Nb41ynknvrkLOlQzNp65In0 HTTP/1.1" 200 575
201.245.192.253 - - [22/Dec/2023:08:35:17 -0500] "POST /forms/lservlet;jsessionid=ac16012b30d6e9036f660fd4407d87f49cba49ac3560.e3iSbxaKaheRe34Qc38TbN0Nb41ynknvrkLOlQzNp65In0 HTTP/1.1" 200 569
201.245.192.253 - - [22/Dec/2023:08:35:18 -0500] "POST /forms/lservlet;jsessionid=ac16012b30d6e9036f660fd4407d87f49cba49ac3560.e3iSbxaKaheRe34Qc38TbN0Nb41ynknvrkLOlQzNp65In0 HTTP/1.1" 200 581
201.245.192.253 - - [22/Dec/2023:08:35:19 -0500] "POST /forms/lservlet;jsessionid=ac16012b30d6e9036f660fd4407d87f49cba49ac3560.e3iSbxaKaheRe34Qc38TbN0Nb41ynknvrkLOlQzNp65In0 HTTP/1.1" 200 616
201.245.166.34 - - [22/Dec/2023:08:35:19 -0500] "POST /sipse/faces/presentacion/financiero/solicitudProceso/consultarSolicitudProceso.xhtml HTTP/1.1" 200 215782
201.245.192.253 - - [22/Dec/2023:08:35:22 -0500] "POST /forms/lservlet;jsessionid=ac16012b30d6e9036f660fd4407d87f49cba49ac3560.e3iSbxaKaheRe34Qc38TbN0Nb41ynknvrkLOlQzNp65In0 HTTP/1.1" 200 591
201.245.192.253 - - [22/Dec/2023:08:35:24 -0500] "POST /forms/lservlet;jsessionid=ac16012b30d6e9036f660fd4407d87f49cba49ac3560.e3iSbxaKaheRe34Qc38TbN0Nb41ynknvrkLOlQzNp65In0 HTTP/1.1" 200 601
201.245.192.253 - - [22/Dec/2023:08:35:24 -0500] "POST /sipse/faces/presentacion/financiero/solicitudProceso/listarSolicitudProceso.xhtml HTTP/1.1" 200 31463
201.245.192.253 - - [22/Dec/2023:08:35:24 -0500] "POST /sipse/faces/presentacion/financiero/solicitudProceso/listarSolicitudProceso.xhtml HTTP/1.1" 200 31463
201.245.192.253 - - [22/Dec/2023:08:35:24 -0500] "POST /forms/lservlet;jsessionid=ac16012b30d6e9036f660fd4407d87f49cba49ac3560.e3iSbxaKaheRe34Qc38TbN0Nb41ynknvrkLOlQzNp65In0 HTTP/1.1" 200 618
201.245.192.253 - - [22/Dec/2023:08:35:24 -0500] "POST /sipse/faces/presentacion/financiero/solicitudProceso/listarSolicitudProceso.xhtml HTTP/1.1" 200 31463
201.245.192.253 - - [22/Dec/2023:08:35:25 -0500] "POST /forms/lservlet;jsessionid=ac16012b30d6e9036f660fd4407d87f49cba49ac3560.e3iSbxaKaheRe34Qc38TbN0Nb41ynknvrkLOlQzNp65In0 HTTP/1.1" 200 571
201.245.192.253 - - [22/Dec/2023:08:35:24 -0500] "POST /sipse/faces/presentacion/financiero/solicitudProceso/listarSolicitudProceso.xhtml HTTP/1.1" 200 31463
201.245.192.253 - - [22/Dec/2023:08:35:25 -0500] "POST /sipse/faces/presentacion/financiero/solicitudProceso/listarSolicitudProceso.xhtml HTTP/1.1" 200 1400
201.245.192.253 - - [22/Dec/2023:08:35:25 -0500] "POST /sipse/faces/presentacion/financiero/solicitudProceso/listarSolicitudProceso.xhtml HTTP/1.1" 200 1396
201.245.192.253 - - [22/Dec/2023:08:35:25 -0500] "POST /forms/lservlet;jsessionid=ac16012b30d6e9036f660fd4407d87f49cba49ac3560.e3iSbxaKaheRe34Qc38TbN0Nb41ynknvrkLOlQzNp65In0 HTTP/1.1" 200 585
201.245.192.253 - - [22/Dec/2023:08:35:25 -0500] "POST /sipse/faces/presentacion/financiero/solicitudProceso/listarSolicitudProceso.xhtml HTTP/1.1" 200 1404
201.245.192.253 - - [22/Dec/2023:08:35:25 -0500] "POST /sipse/faces/presentacion/financiero/solicitudProceso/listarSolicitudProceso.xhtml HTTP/1.1" 200 1396
201.245.192.253 - - [22/Dec/2023:08:35:26 -0500] "POST /forms/lservlet;jsessionid=ac16012b30d6e9036f660fd4407d87f49cba49ac3560.e3iSbxaKaheRe34Qc38TbN0Nb41ynknvrkLOlQzNp65In0 HTTP/1.1" 200 579
201.245.192.253 - - [22/Dec/2023:08:35:27 -0500] "POST /forms/lservlet;jsessionid=ac16012b30d6e9036f660fd4407d87f49cba49ac3560.e3iSbxaKaheRe34Qc38TbN0Nb41ynknvrkLOlQzNp65In0 HTTP/1.1" 200 578
201.245.192.253 - - [22/Dec/2023:08:35:28 -0500] "POST /forms/lservlet;jsessionid=ac16012b30d6e9036f660fd4407d87f49cba49ac3560.e3iSbxaKaheRe34Qc38TbN0Nb41ynknvrkLOlQzNp65In0 HTTP/1.1" 200 560
201.245.192.253 - - [22/Dec/2023:08:35:28 -0500] "POST /forms/lservlet;jsessionid=ac16012b30d6e9036f660fd4407d87f49cba49ac3560.e3iSbxaKaheRe34Qc38TbN0Nb41ynknvrkLOlQzNp65In0 HTTP/1.1" 200 592
216.245.221.92 - - [22/Dec/2023:08:35:29 -0500] "HEAD / HTTP/1.1" 200 -
201.245.192.253 - - [22/Dec/2023:08:35:29 -0500] "POST /forms/lservlet;jsessionid=ac16012b30d6e9036f660fd4407d87f49cba49ac3560.e3iSbxaKaheRe34Qc38TbN0Nb41ynknvrkLOlQzNp65In0 HTTP/1.1" 200 618
201.245.192.253 - - [22/Dec/2023:08:35:30 -0500] "POST /forms/lservlet;jsessionid=ac16012b30d6e9036f660fd4407d87f49cba49ac3560.e3iSbxaKaheRe34Qc38TbN0Nb41ynknvrkLOlQzNp65In0 HTTP/1.1" 200 576
201.245.192.253 - - [22/Dec/2023:08:35:30 -0500] "POST /sipse/faces/presentacion/financiero/solicitudProceso/listarSolicitudProceso.xhtml HTTP/1.1" 200 32855
20.222.40.152 - - [22/Dec/2023:08:35:15 -0500] "GET /website/wp-includes/wlwmanifest.xml HTTP/1.1" 404 1018
201.245.192.253 - - [22/Dec/2023:08:35:31 -0500] "POST /sipse/faces/presentacion/financiero/solicitudProceso/listarSolicitudProceso.xhtml HTTP/1.1" 200 33215
201.245.192.253 - - [22/Dec/2023:08:35:32 -0500] "POST /sipse/faces/presentacion/financiero/solicitudProceso/listarSolicitudProceso.xhtml HTTP/1.1" 200 6199
201.245.192.253 - - [22/Dec/2023:08:35:32 -0500] "POST /forms/lservlet;jsessionid=ac16012b30d6e9036f660fd4407d87f49cba49ac3560.e3iSbxaKaheRe34Qc38TbN0Nb41ynknvrkLOlQzNp65In0 HTTP/1.1" 200 609
201.245.192.253 - - [22/Dec/2023:08:35:33 -0500] "POST /forms/lservlet;jsessionid=ac16012b30d6e9036f660fd4407d87f49cba49ac3560.e3iSbxaKaheRe34Qc38TbN0Nb41ynknvrkLOlQzNp65In0 HTTP/1.1" 200 559
47.128.29.214 - - [22/Dec/2023:08:35:32 -0500] "GET /BLA/resoluciones/index.php?dir=RESOLUCIONES%202006%2FRES%202006%201451-1500%2F&order=desc&sort=name HTTP/1.1" 200 12369
47.128.29.214 - - [22/Dec/2023:08:35:33 -0500] "GET /BLA/resoluciones/dlf/dirup.png HTTP/1.1" 200 644
201.245.192.253 - - [22/Dec/2023:08:35:33 -0500] "POST /sipse/faces/presentacion/financiero/solicitudProceso/listarSolicitudProceso.xhtml HTTP/1.1" 200 15134
47.128.29.214 - - [22/Dec/2023:08:35:34 -0500] "GET /BLA/resoluciones/dlf/unknown.png HTTP/1.1" 200 266
201.245.192.253 - - [22/Dec/2023:08:35:35 -0500] "POST /sipse/faces/presentacion/financiero/solicitudProceso/listarSolicitudProceso.xhtml HTTP/1.1" 200 6182
201.245.192.253 - - [22/Dec/2023:08:35:35 -0500] "POST /forms/lservlet;jsessionid=ac16012b30d6e9036f660fd4407d87f49cba49ac3560.e3iSbxaKaheRe34Qc38TbN0Nb41ynknvrkLOlQzNp65In0 HTTP/1.1" 200 562
201.245.192.253 - - [22/Dec/2023:08:35:35 -0500] "POST /forms/lservlet;jsessionid=ac16012b30d6e9036f660fd4407d87f49cba49ac3560.e3iSbxaKaheRe34Qc38TbN0Nb41ynknvrkLOlQzNp65In0 HTTP/1.1" 200 561
201.245.192.253 - - [22/Dec/2023:08:35:36 -0500] "POST /forms/lservlet;jsessionid=ac16012b30d6e9036f660fd4407d87f49cba49ac3560.e3iSbxaKaheRe34Qc38TbN0Nb41ynknvrkLOlQzNp65In0 HTTP/1.1" 200 553
201.245.192.253 - - [22/Dec/2023:08:35:40 -0500] "POST /forms/lservlet;jsessionid=ac16012b30d6e9036f660fd4407d87f49cba49ac3560.e3iSbxaKaheRe34Qc38TbN0Nb41ynknvrkLOlQzNp65In0 HTTP/1.1" 200 586
201.245.192.253 - - [22/Dec/2023:08:35:40 -0500] "POST /sipse/faces/presentacion/financiero/solicitudProceso/listarSolicitudProceso.xhtml HTTP/1.1" 200 110481
201.245.192.253 - - [22/Dec/2023:08:35:41 -0500] "GET /sipse/faces/javax.faces.resource/theme.css?ln=primefaces-sipse HTTP/1.1" 304 -
201.245.192.253 - - [22/Dec/2023:08:35:41 -0500] "GET /sipse/faces/javax.faces.resource/primefaces.css?ln=primefaces&v=4.0 HTTP/1.1" 304 -
201.245.192.253 - - [22/Dec/2023:08:35:41 -0500] "GET /sipse/faces/javax.faces.resource/layout/layout.css?ln=primefaces&v=4.0 HTTP/1.1" 304 -
201.245.192.253 - - [22/Dec/2023:08:35:41 -0500] "GET /sipse/faces/javax.faces.resource/jquery/jquery.js?ln=primefaces&v=4.0 HTTP/1.1" 304 -
201.245.192.253 - - [22/Dec/2023:08:35:41 -0500] "GET /sipse/faces/javax.faces.resource/jquery/jquery-plugins.js?ln=primefaces&v=4.0 HTTP/1.1" 304 -
201.245.192.253 - - [22/Dec/2023:08:35:41 -0500] "GET /sipse/faces/javax.faces.resource/primefaces.js?ln=primefaces&v=4.0 HTTP/1.1" 304 -
201.245.192.253 - - [22/Dec/2023:08:35:41 -0500] "GET /sipse/faces/javax.faces.resource/layout/layout.js?ln=primefaces&v=4.0 HTTP/1.1" 304 -
173.252.95.23 - - [22/Dec/2023:08:35:41 -0500] "GET /images/PREAD%20SDA%201.jpeg HTTP/1.1" 200 65620
186.155.168.86 - - [22/Dec/2023:08:35:42 -0500] "GET /sipse/faces/javax.faces.resource/theme.css?ln=primefaces-sipse HTTP/1.1" 304 -
186.155.168.86 - - [22/Dec/2023:08:35:42 -0500] "GET /sipse/faces/javax.faces.resource/primefaces.css?ln=primefaces&v=4.0 HTTP/1.1" 304 -
186.155.168.86 - - [22/Dec/2023:08:35:42 -0500] "GET /sipse/faces/javax.faces.resource/layout/layout.css?ln=primefaces&v=4.0 HTTP/1.1" 304 -
186.155.168.86 - - [22/Dec/2023:08:35:42 -0500] "GET /sipse/faces/javax.faces.resource/jquery/jquery.js?ln=primefaces&v=4.0 HTTP/1.1" 304 -
186.155.168.86 - - [22/Dec/2023:08:35:42 -0500] "GET /sipse/faces/javax.faces.resource/jquery/jquery-plugins.js?ln=primefaces&v=4.0 HTTP/1.1" 304 -
186.155.168.86 - - [22/Dec/2023:08:35:42 -0500] "GET /sipse/faces/javax.faces.resource/primefaces.js?ln=primefaces&v=4.0 HTTP/1.1" 304 -
186.155.168.86 - - [22/Dec/2023:08:35:42 -0500] "GET /sipse/faces/javax.faces.resource/layout/layout.js?ln=primefaces&v=4.0 HTTP/1.1" 304 -
186.155.168.86 - - [22/Dec/2023:08:35:41 -0500] "POST /sipse/faces/presentacion/financiero/solicitudProceso/consultarSolicitudProceso.xhtml HTTP/1.1" 200 153840
201.245.192.253 - - [22/Dec/2023:08:35:43 -0500] "POST /forms/lservlet;jsessionid=ac16012b30d6e9036f660fd4407d87f49cba49ac3560.e3iSbxaKaheRe34Qc38TbN0Nb41ynknvrkLOlQzNp65In0 HTTP/1.1" 200 576
201.245.192.253 - - [22/Dec/2023:08:35:43 -0500] "POST /forms/lservlet;jsessionid=ac16012b30d6e9036f660fd4407d87f49cba49ac3560.e3iSbxaKaheRe34Qc38TbN0Nb41ynknvrkLOlQzNp65In0 HTTP/1.1" 200 2
20.222.40.152 - - [22/Dec/2023:08:35:31 -0500] "GET /wp/wp-includes/wlwmanifest.xml HTTP/1.1" 404 1018
186.155.168.86 - - [22/Dec/2023:08:35:48 -0500] "POST /sipse/faces/presentacion/financiero/solicitudProceso/consultarSolicitudProceso.xhtml HTTP/1.1" 200 23924
186.155.168.86 - - [22/Dec/2023:08:35:48 -0500] "GET /sipse/faces/javax.faces.resource/theme.css?ln=primefaces-sipse HTTP/1.1" 304 -
186.155.168.86 - - [22/Dec/2023:08:35:48 -0500] "GET /sipse/faces/javax.faces.resource/primefaces.css?ln=primefaces&v=4.0 HTTP/1.1" 304 -
186.155.168.86 - - [22/Dec/2023:08:35:48 -0500] "GET /sipse/faces/javax.faces.resource/layout/layout.css?ln=primefaces&v=4.0 HTTP/1.1" 304 -
186.155.168.86 - - [22/Dec/2023:08:35:48 -0500] "GET /sipse/faces/javax.faces.resource/jquery/jquery.js?ln=primefaces&v=4.0 HTTP/1.1" 304 -
186.155.168.86 - - [22/Dec/2023:08:35:48 -0500] "GET /sipse/faces/javax.faces.resource/jquery/jquery-plugins.js?ln=primefaces&v=4.0 HTTP/1.1" 304 -
186.155.168.86 - - [22/Dec/2023:08:35:48 -0500] "GET /sipse/faces/javax.faces.resource/primefaces.js?ln=primefaces&v=4.0 HTTP/1.1" 304 -
186.155.168.86 - - [22/Dec/2023:08:35:48 -0500] "GET /sipse/faces/javax.faces.resource/layout/layout.js?ln=primefaces&v=4.0 HTTP/1.1" 304 -
201.245.192.253 - - [22/Dec/2023:08:35:49 -0500] "POST /sipse/faces/presentacion/financiero/solicitudProceso/consultarSolicitudProceso.xhtml HTTP/1.1" 200 5443
201.245.192.253 - - [22/Dec/2023:08:35:49 -0500] "POST /forms/lservlet;jsessionid=ac16012b30d6e9036f660fd4407d87f49cba49ac3560.e3iSbxaKaheRe34Qc38TbN0Nb41ynknvrkLOlQzNp65In0 HTTP/1.1" 200 592
201.245.192.253 - - [22/Dec/2023:08:35:51 -0500] "POST /forms/lservlet;jsessionid=ac16012b30d6e9036f660fd4407d87f49cba49ac3560.e3iSbxaKaheRe34Qc38TbN0Nb41ynknvrkLOlQzNp65In0 HTTP/1.1" 200 576
201.245.192.253 - - [22/Dec/2023:08:35:52 -0500] "POST /forms/lservlet;jsessionid=ac16012b30d6e9036f660fd4407d87f49cba49ac3560.e3iSbxaKaheRe34Qc38TbN0Nb41ynknvrkLOlQzNp65In0 HTTP/1.1" 200 611
201.245.192.253 - - [22/Dec/2023:08:35:53 -0500] "POST /forms/lservlet;jsessionid=ac16012b30d6e9036f660fd4407d87f49cba49ac3560.e3iSbxaKaheRe34Qc38TbN0Nb41ynknvrkLOlQzNp65In0 HTTP/1.1" 200 624
201.245.192.253 - - [22/Dec/2023:08:35:54 -0500] "POST /forms/lservlet;jsessionid=ac16012b30d6e9036f660fd4407d87f49cba49ac3560.e3iSbxaKaheRe34Qc38TbN0Nb41ynknvrkLOlQzNp65In0 HTTP/1.1" 200 575
201.245.192.253 - - [22/Dec/2023:08:35:55 -0500] "POST /forms/lservlet;jsessionid=ac16012b30d6e9036f660fd4407d87f49cba49ac3560.e3iSbxaKaheRe34Qc38TbN0Nb41ynknvrkLOlQzNp65In0 HTTP/1.1" 200 579
201.245.192.253 - - [22/Dec/2023:08:35:55 -0500] "POST /forms/lservlet;jsessionid=ac16012b30d6e9036f660fd4407d87f49cba49ac3560.e3iSbxaKaheRe34Qc38TbN0Nb41ynknvrkLOlQzNp65In0 HTTP/1.1" 200 558
201.245.192.253 - - [22/Dec/2023:08:35:56 -0500] "POST /forms/lservlet;jsessionid=ac16012b30d6e9036f660fd4407d87f49cba49ac3560.e3iSbxaKaheRe34Qc38TbN0Nb41ynknvrkLOlQzNp65In0 HTTP/1.1" 200 560
201.245.192.253 - - [22/Dec/2023:08:35:54 -0500] "POST /sipse/faces/presentacion/financiero/solicitudProceso/consultarSolicitudProceso.xhtml HTTP/1.1" 200 38493
201.245.192.253 - - [22/Dec/2023:08:35:56 -0500] "GET /sipse/faces/javax.faces.resource/theme.css?ln=primefaces-sipse HTTP/1.1" 304 -
201.245.192.253 - - [22/Dec/2023:08:35:56 -0500] "GET /sipse/faces/javax.faces.resource/primefaces.css?ln=primefaces&v=4.0 HTTP/1.1" 304 -
201.245.192.253 - - [22/Dec/2023:08:35:56 -0500] "GET /sipse/faces/javax.faces.resource/layout/layout.css?ln=primefaces&v=4.0 HTTP/1.1" 304 -
201.245.192.253 - - [22/Dec/2023:08:35:56 -0500] "GET /sipse/faces/javax.faces.resource/jquery/jquery.js?ln=primefaces&v=4.0 HTTP/1.1" 304 -
201.245.192.253 - - [22/Dec/2023:08:35:56 -0500] "GET /sipse/faces/javax.faces.resource/jquery/jquery-plugins.js?ln=primefaces&v=4.0 HTTP/1.1" 304 -
201.245.192.253 - - [22/Dec/2023:08:35:56 -0500] "GET /sipse/faces/javax.faces.resource/primefaces.js?ln=primefaces&v=4.0 HTTP/1.1" 304 -
201.245.192.253 - - [22/Dec/2023:08:35:56 -0500] "POST /forms/lservlet;jsessionid=ac16012b30d6e9036f660fd4407d87f49cba49ac3560.e3iSbxaKaheRe34Qc38TbN0Nb41ynknvrkLOlQzNp65In0 HTTP/1.1" 200 564
201.245.192.253 - - [22/Dec/2023:08:35:56 -0500] "GET /sipse/faces/javax.faces.resource/layout/layout.js?ln=primefaces&v=4.0 HTTP/1.1" 304 -
201.245.192.253 - - [22/Dec/2023:08:35:56 -0500] "POST /sipse/faces/presentacion/financiero/solicitudProceso/listarSolicitudProceso.xhtml HTTP/1.1" 200 1400
201.245.192.253 - - [22/Dec/2023:08:35:56 -0500] "POST /forms/lservlet;jsessionid=ac16012b30d6e9036f660fd4407d87f49cba49ac3560.e3iSbxaKaheRe34Qc38TbN0Nb41ynknvrkLOlQzNp65In0 HTTP/1.1" 200 602
201.245.192.253 - - [22/Dec/2023:08:35:57 -0500] "POST /forms/lservlet;jsessionid=ac16012b30d6e9036f660fd4407d87f49cba49ac3560.e3iSbxaKaheRe34Qc38TbN0Nb41ynknvrkLOlQzNp65In0 HTTP/1.1" 200 584
201.245.192.253 - - [22/Dec/2023:08:35:57 -0500] "POST /forms/lservlet;jsessionid=ac16012b30d6e9036f660fd4407d87f49cba49ac3560.e3iSbxaKaheRe34Qc38TbN0Nb41ynknvrkLOlQzNp65In0 HTTP/1.1" 200 561
201.245.192.253 - - [22/Dec/2023:08:35:58 -0500] "POST /forms/lservlet;jsessionid=ac16012b30d6e9036f660fd4407d87f49cba49ac3560.e3iSbxaKaheRe34Qc38TbN0Nb41ynknvrkLOlQzNp65In0 HTTP/1.1" 200 545
201.245.192.253 - - [22/Dec/2023:08:35:58 -0500] "POST /forms/lservlet;jsessionid=ac16012b30d6e9036f660fd4407d87f49cba49ac3560.e3iSbxaKaheRe34Qc38TbN0Nb41ynknvrkLOlQzNp65In0 HTTP/1.1" 200 541
201.245.192.253 - - [22/Dec/2023:08:35:59 -0500] "POST /forms/lservlet;jsessionid=ac16012b30d6e9036f660fd4407d87f49cba49ac3560.e3iSbxaKaheRe34Qc38TbN0Nb41ynknvrkLOlQzNp65In0 HTTP/1.1" 200 557
201.245.192.253 - - [22/Dec/2023:08:35:59 -0500] "POST /forms/lservlet;jsessionid=ac16012b30d6e9036f660fd4407d87f49cba49ac3560.e3iSbxaKaheRe34Qc38TbN0Nb41ynknvrkLOlQzNp65In0 HTTP/1.1" 200 550
47.128.114.227 - - [22/Dec/2023:08:35:59 -0500] "GET /BLA/resoluciones/dlf/unknown.png HTTP/1.1" 200 266
201.245.192.253 - - [22/Dec/2023:08:36:00 -0500] "POST /forms/lservlet;jsessionid=ac16012b30d6e9036f660fd4407d87f49cba49ac3560.e3iSbxaKaheRe34Qc38TbN0Nb41ynknvrkLOlQzNp65In0 HTTP/1.1" 200 551
47.128.114.227 - - [22/Dec/2023:08:36:00 -0500] "GET /BLA/resoluciones/dlf/dirup.png HTTP/1.1" 200 644
47.128.114.227 - - [22/Dec/2023:08:35:58 -0500] "GET /BLA/resoluciones/index.php?dir=RESOLUCIONES%202005%2FRES%202005%20851-900%2F&order=desc&sort=name HTTP/1.1" 200 12241
201.245.192.253 - - [22/Dec/2023:08:36:00 -0500] "POST /forms/lservlet;jsessionid=ac16012b30d6e9036f660fd4407d87f49cba49ac3560.e3iSbxaKaheRe34Qc38TbN0Nb41ynknvrkLOlQzNp65In0 HTTP/1.1" 200 577
201.245.192.253 - - [22/Dec/2023:08:35:58 -0500] "POST /kwsrmcab/Wsrmcab  HTTP/1.1" 200 40220
201.245.192.253 - - [22/Dec/2023:08:36:01 -0500] "POST /forms/lservlet;jsessionid=ac16012b30d6e9036f660fd4407d87f49cba49ac3560.e3iSbxaKaheRe34Qc38TbN0Nb41ynknvrkLOlQzNp65In0 HTTP/1.1" 200 552
201.245.192.253 - - [22/Dec/2023:08:36:02 -0500] "POST /forms/lservlet;jsessionid=ac16012b30d6e9036f660fd4407d87f49cba49ac3560.e3iSbxaKaheRe34Qc38TbN0Nb41ynknvrkLOlQzNp65In0 HTTP/1.1" 200 564
201.245.192.253 - - [22/Dec/2023:08:36:02 -0500] "POST /forms/lservlet;jsessionid=ac16012b30d6e9036f660fd4407d87f49cba49ac3560.e3iSbxaKaheRe34Qc38TbN0Nb41ynknvrkLOlQzNp65In0 HTTP/1.1" 200 557
201.245.192.253 - - [22/Dec/2023:08:36:02 -0500] "POST /forms/lservlet;jsessionid=ac16012b30d6e9036f660fd4407d87f49cba49ac3560.e3iSbxaKaheRe34Qc38TbN0Nb41ynknvrkLOlQzNp65In0 HTTP/1.1" 200 563
20.222.40.152 - - [22/Dec/2023:08:35:47 -0500] "GET /news/wp-includes/wlwmanifest.xml HTTP/1.1" 404 1018
201.245.192.253 - - [22/Dec/2023:08:36:03 -0500] "POST /forms/lservlet;jsessionid=ac16012b30d6e9036f660fd4407d87f49cba49ac3560.e3iSbxaKaheRe34Qc38TbN0Nb41ynknvrkLOlQzNp65In0 HTTP/1.1" 200 569
201.245.192.253 - - [22/Dec/2023:08:36:03 -0500] "POST /forms/lservlet;jsessionid=ac16012b30d6e9036f660fd4407d87f49cba49ac3560.e3iSbxaKaheRe34Qc38TbN0Nb41ynknvrkLOlQzNp65In0 HTTP/1.1" 200 560
201.245.192.253 - - [22/Dec/2023:08:36:04 -0500] "POST /forms/lservlet;jsessionid=ac16012b30d6e9036f660fd4407d87f49cba49ac3560.e3iSbxaKaheRe34Qc38TbN0Nb41ynknvrkLOlQzNp65In0 HTTP/1.1" 200 587
201.245.192.253 - - [22/Dec/2023:08:36:04 -0500] "POST /forms/lservlet;jsessionid=ac16012b30d6e9036f660fd4407d87f49cba49ac3560.e3iSbxaKaheRe34Qc38TbN0Nb41ynknvrkLOlQzNp65In0 HTTP/1.1" 200 550
201.245.192.253 - - [22/Dec/2023:08:36:05 -0500] "POST /forms/lservlet;jsessionid=ac16012b30d6e9036f660fd4407d87f49cba49ac3560.e3iSbxaKaheRe34Qc38TbN0Nb41ynknvrkLOlQzNp65In0 HTTP/1.1" 200 553
201.245.192.253 - - [22/Dec/2023:08:36:06 -0500] "POST /forms/lservlet;jsessionid=ac16012b30d6e9036f660fd4407d87f49cba49ac3560.e3iSbxaKaheRe34Qc38TbN0Nb41ynknvrkLOlQzNp65In0 HTTP/1.1" 200 607
201.245.192.253 - - [22/Dec/2023:08:36:06 -0500] "POST /forms/lservlet;jsessionid=ac16012b30d6e9036f660fd4407d87f49cba49ac3560.e3iSbxaKaheRe34Qc38TbN0Nb41ynknvrkLOlQzNp65In0 HTTP/1.1" 200 591
201.245.192.253 - - [22/Dec/2023:08:36:06 -0500] "POST /forms/lservlet;jsessionid=ac16012b30d6e9036f660fd4407d87f49cba49ac3560.e3iSbxaKaheRe34Qc38TbN0Nb41ynknvrkLOlQzNp65In0 HTTP/1.1" 200 577
186.155.168.86 - - [22/Dec/2023:08:36:06 -0500] "POST /sipse/faces/presentacion/financiero/viabilidad/expedirViabilidad.xhtml HTTP/1.1" 200 109885
186.155.168.86 - - [22/Dec/2023:08:36:07 -0500] "GET /sipse/faces/javax.faces.resource/theme.css?ln=primefaces-sipse HTTP/1.1" 304 -
186.155.168.86 - - [22/Dec/2023:08:36:07 -0500] "GET /sipse/faces/javax.faces.resource/primefaces.css?ln=primefaces&v=4.0 HTTP/1.1" 304 -
186.155.168.86 - - [22/Dec/2023:08:36:07 -0500] "GET /sipse/faces/javax.faces.resource/layout/layout.css?ln=primefaces&v=4.0 HTTP/1.1" 304 -
186.155.168.86 - - [22/Dec/2023:08:36:07 -0500] "GET /sipse/faces/javax.faces.resource/jquery/jquery.js?ln=primefaces&v=4.0 HTTP/1.1" 304 -
186.155.168.86 - - [22/Dec/2023:08:36:07 -0500] "GET /sipse/faces/javax.faces.resource/jquery/jquery-plugins.js?ln=primefaces&v=4.0 HTTP/1.1" 304 -
186.155.168.86 - - [22/Dec/2023:08:36:07 -0500] "GET /sipse/faces/javax.faces.resource/primefaces.js?ln=primefaces&v=4.0 HTTP/1.1" 304 -
186.155.168.86 - - [22/Dec/2023:08:36:07 -0500] "GET /sipse/faces/javax.faces.resource/layout/layout.js?ln=primefaces&v=4.0 HTTP/1.1" 304 -
201.245.192.253 - - [22/Dec/2023:08:36:07 -0500] "POST /forms/lservlet;jsessionid=ac16012b30d6e9036f660fd4407d87f49cba49ac3560.e3iSbxaKaheRe34Qc38TbN0Nb41ynknvrkLOlQzNp65In0 HTTP/1.1" 200 601
201.245.192.253 - - [22/Dec/2023:08:36:07 -0500] "POST /forms/lservlet;jsessionid=ac16012b30d6e9036f660fd4407d87f49cba49ac3560.e3iSbxaKaheRe34Qc38TbN0Nb41ynknvrkLOlQzNp65In0 HTTP/1.1" 200 592
201.245.192.253 - - [22/Dec/2023:08:36:08 -0500] "POST /forms/lservlet;jsessionid=ac16012b30d6e9036f660fd4407d87f49cba49ac3560.e3iSbxaKaheRe34Qc38TbN0Nb41ynknvrkLOlQzNp65In0 HTTP/1.1" 200 573
201.245.192.253 - - [22/Dec/2023:08:36:08 -0500] "POST /forms/lservlet;jsessionid=ac16012b30d6e9036f660fd4407d87f49cba49ac3560.e3iSbxaKaheRe34Qc38TbN0Nb41ynknvrkLOlQzNp65In0 HTTP/1.1" 200 535
201.245.192.253 - - [22/Dec/2023:08:36:09 -0500] "POST /forms/lservlet;jsessionid=ac16012b30d6e9036f660fd4407d87f49cba49ac3560.e3iSbxaKaheRe34Qc38TbN0Nb41ynknvrkLOlQzNp65In0 HTTP/1.1" 200 326
201.245.192.253 - - [22/Dec/2023:08:36:09 -0500] "POST /forms/lservlet;jsessionid=ac16012b30d6e9036f660fd4407d87f49cba49ac3560.e3iSbxaKaheRe34Qc38TbN0Nb41ynknvrkLOlQzNp65In0 HTTP/1.1" 200 289
201.245.192.253 - - [22/Dec/2023:08:36:10 -0500] "POST /forms/lservlet;jsessionid=ac16012b30d6e9036f660fd4407d87f49cba49ac3560.e3iSbxaKaheRe34Qc38TbN0Nb41ynknvrkLOlQzNp65In0 HTTP/1.1" 200 289
201.244.235.111 - - [22/Dec/2023:08:36:10 -0500] "POST /sipse/faces/presentacion/financiero/solicitudProceso/listarSolicitudProceso.xhtml HTTP/1.1" 200 5496
201.245.192.253 - - [22/Dec/2023:08:36:11 -0500] "POST /sipse/faces/presentacion/financiero/solicitudProceso/listarSolicitudProceso.xhtml HTTP/1.1" 200 31399
201.245.192.253 - - [22/Dec/2023:08:36:11 -0500] "POST /forms/lservlet;jsessionid=ac16012b30d6e9036f660fd4407d87f49cba49ac3560.e3iSbxaKaheRe34Qc38TbN0Nb41ynknvrkLOlQzNp65In0 HTTP/1.1" 200 485
201.245.192.253 - - [22/Dec/2023:08:36:11 -0500] "POST /sipse/faces/presentacion/financiero/solicitudProceso/listarSolicitudProceso.xhtml HTTP/1.1" 200 31399
201.245.192.253 - - [22/Dec/2023:08:36:11 -0500] "POST /sipse/faces/presentacion/financiero/solicitudProceso/listarSolicitudProceso.xhtml HTTP/1.1" 200 31399
201.245.192.253 - - [22/Dec/2023:08:36:12 -0500] "POST /sipse/faces/presentacion/financiero/solicitudProceso/listarSolicitudProceso.xhtml HTTP/1.1" 200 31399
201.245.192.253 - - [22/Dec/2023:08:36:12 -0500] "POST /sipse/faces/presentacion/financiero/solicitudProceso/listarSolicitudProceso.xhtml HTTP/1.1" 200 31399
201.245.192.253 - - [22/Dec/2023:08:36:12 -0500] "POST /forms/lservlet;jsessionid=ac16012b30d6e9036f660fd4407d87f49cba49ac3560.e3iSbxaKaheRe34Qc38TbN0Nb41ynknvrkLOlQzNp65In0 HTTP/1.1" 200 2562
201.245.192.253 - - [22/Dec/2023:08:36:12 -0500] "POST /sipse/faces/presentacion/financiero/solicitudProceso/listarSolicitudProceso.xhtml HTTP/1.1" 200 31399
201.245.192.253 - - [22/Dec/2023:08:36:12 -0500] "POST /sipse/faces/presentacion/financiero/solicitudProceso/listarSolicitudProceso.xhtml HTTP/1.1" 200 1400
201.245.192.253 - - [22/Dec/2023:08:36:12 -0500] "POST /sipse/faces/presentacion/financiero/solicitudProceso/listarSolicitudProceso.xhtml HTTP/1.1" 200 1396
201.245.192.253 - - [22/Dec/2023:08:36:13 -0500] "POST /sipse/faces/presentacion/financiero/solicitudProceso/listarSolicitudProceso.xhtml HTTP/1.1" 200 1404
201.245.192.253 - - [22/Dec/2023:08:36:13 -0500] "POST /sipse/faces/presentacion/financiero/solicitudProceso/listarSolicitudProceso.xhtml HTTP/1.1" 200 1396
201.245.192.253 - - [22/Dec/2023:08:36:13 -0500] "POST /sipse/faces/presentacion/financiero/solicitudProceso/listarSolicitudProceso.xhtml HTTP/1.1" 200 1404
201.245.192.253 - - [22/Dec/2023:08:36:13 -0500] "POST /forms/lservlet;jsessionid=ac16012b30d6e9036f660fd4407d87f49cba49ac3560.e3iSbxaKaheRe34Qc38TbN0Nb41ynknvrkLOlQzNp65In0 HTTP/1.1" 200 2344
201.245.192.253 - - [22/Dec/2023:08:36:13 -0500] "POST /sipse/faces/presentacion/financiero/solicitudProceso/listarSolicitudProceso.xhtml HTTP/1.1" 200 1396
201.245.192.253 - - [22/Dec/2023:08:36:14 -0500] "POST /forms/lservlet;jsessionid=ac16012b30d6e9036f660fd4407d87f49cba49ac3560.e3iSbxaKaheRe34Qc38TbN0Nb41ynknvrkLOlQzNp65In0 HTTP/1.1" 200 1535
201.244.235.111 - - [22/Dec/2023:08:36:16 -0500] "POST /sipse/faces/presentacion/financiero/solicitudProceso/listarSolicitudProceso.xhtml HTTP/1.1" 200 161803
201.244.235.111 - - [22/Dec/2023:08:36:17 -0500] "GET /sipse/faces/javax.faces.resource/theme.css?ln=primefaces-sipse HTTP/1.1" 304 -
201.244.235.111 - - [22/Dec/2023:08:36:17 -0500] "GET /sipse/faces/javax.faces.resource/primefaces.css?ln=primefaces&v=4.0 HTTP/1.1" 304 -
201.244.235.111 - - [22/Dec/2023:08:36:17 -0500] "GET /sipse/faces/javax.faces.resource/layout/layout.css?ln=primefaces&v=4.0 HTTP/1.1" 304 -
201.244.235.111 - - [22/Dec/2023:08:36:17 -0500] "GET /sipse/faces/javax.faces.resource/jquery/jquery.js?ln=primefaces&v=4.0 HTTP/1.1" 304 -
201.244.235.111 - - [22/Dec/2023:08:36:17 -0500] "GET /sipse/faces/javax.faces.resource/jquery/jquery-plugins.js?ln=primefaces&v=4.0 HTTP/1.1" 304 -
201.244.235.111 - - [22/Dec/2023:08:36:17 -0500] "GET /sipse/faces/javax.faces.resource/primefaces.js?ln=primefaces&v=4.0 HTTP/1.1" 304 -
201.244.235.111 - - [22/Dec/2023:08:36:17 -0500] "GET /sipse/faces/javax.faces.resource/layout/layout.js?ln=primefaces&v=4.0 HTTP/1.1" 304 -
201.245.192.253 - - [22/Dec/2023:08:36:17 -0500] "POST /forms/lservlet;jsessionid=ac16012b30d6e9036f660fd4407d87f49cba49ac3560.e3iSbxaKaheRe34Qc38TbN0Nb41ynknvrkLOlQzNp65In0 HTTP/1.1" 200 51
201.245.192.253 - - [22/Dec/2023:08:36:17 -0500] "POST /forms/lservlet;jsessionid=ac16012b30d6e9036f660fd4407d87f49cba49ac3560.e3iSbxaKaheRe34Qc38TbN0Nb41ynknvrkLOlQzNp65In0 HTTP/1.1" 200 8
201.245.192.253 - - [22/Dec/2023:08:36:17 -0500] "POST /forms/lservlet;jsessionid=ac16012b30d6e9036f660fd4407d87f49cba49ac3560.e3iSbxaKaheRe34Qc38TbN0Nb41ynknvrkLOlQzNp65In0 HTTP/1.1" 200 2
186.155.168.86 - - [22/Dec/2023:08:36:16 -0500] "POST /sipse/faces/presentacion/financiero/solicitudProceso/consultarSolicitudProceso.xhtml HTTP/1.1" 200 36149
186.155.168.86 - - [22/Dec/2023:08:36:18 -0500] "GET /sipse/faces/javax.faces.resource/primefaces.css?ln=primefaces&v=4.0 HTTP/1.1" 304 -
186.155.168.86 - - [22/Dec/2023:08:36:18 -0500] "GET /sipse/faces/javax.faces.resource/theme.css?ln=primefaces-sipse HTTP/1.1" 304 -
186.155.168.86 - - [22/Dec/2023:08:36:18 -0500] "GET /sipse/faces/javax.faces.resource/layout/layout.css?ln=primefaces&v=4.0 HTTP/1.1" 304 -
186.155.168.86 - - [22/Dec/2023:08:36:18 -0500] "GET /sipse/faces/javax.faces.resource/jquery/jquery.js?ln=primefaces&v=4.0 HTTP/1.1" 304 -
186.155.168.86 - - [22/Dec/2023:08:36:18 -0500] "GET /sipse/faces/javax.faces.resource/jquery/jquery-plugins.js?ln=primefaces&v=4.0 HTTP/1.1" 304 -
186.155.168.86 - - [22/Dec/2023:08:36:18 -0500] "GET /sipse/faces/javax.faces.resource/primefaces.js?ln=primefaces&v=4.0 HTTP/1.1" 304 -
186.155.168.86 - - [22/Dec/2023:08:36:18 -0500] "GET /sipse/faces/javax.faces.resource/layout/layout.js?ln=primefaces&v=4.0 HTTP/1.1" 304 -
20.222.40.152 - - [22/Dec/2023:08:36:03 -0500] "GET /2020/wp-includes/wlwmanifest.xml HTTP/1.1" 404 1018
186.155.168.86 - - [22/Dec/2023:08:36:18 -0500] "POST /sipse/faces/presentacion/financiero/solicitudProceso/listarSolicitudProceso.xhtml HTTP/1.1" 200 1400
201.245.192.253 - - [22/Dec/2023:08:36:19 -0500] "POST /forms/lservlet;jsessionid=ac16012b30d6e9036f660fd4407d87f49cba49ac3560.e3iSbxaKaheRe34Qc38TbN0Nb41ynknvrkLOlQzNp65In0 HTTP/1.1" 200 498
201.245.192.253 - - [22/Dec/2023:08:36:19 -0500] "POST /forms/lservlet;jsessionid=ac16012b30d6e9036f660fd4407d87f49cba49ac3560.e3iSbxaKaheRe34Qc38TbN0Nb41ynknvrkLOlQzNp65In0 HTTP/1.1" 200 500
201.245.192.253 - - [22/Dec/2023:08:36:20 -0500] "POST /forms/lservlet;jsessionid=ac16012b30d6e9036f660fd4407d87f49cba49ac3560.e3iSbxaKaheRe34Qc38TbN0Nb41ynknvrkLOlQzNp65In0 HTTP/1.1" 200 590
201.245.192.253 - - [22/Dec/2023:08:36:20 -0500] "POST /sipse/faces/presentacion/financiero/solicitudProceso/listarSolicitudProceso.xhtml HTTP/1.1" 200 6182
47.128.26.170 - - [22/Dec/2023:08:36:22 -0500] "GET /BLA/resoluciones/dlf/dirup.png HTTP/1.1" 200 644
47.128.26.170 - - [22/Dec/2023:08:36:22 -0500] "GET /BLA/resoluciones/dlf/pdf.gif HTTP/1.1" 200 272
47.128.26.170 - - [22/Dec/2023:08:36:21 -0500] "GET /BLA/resoluciones/index.php?dir=RESOLUCIONES%202007%2FRES%202007%20501%20AL%20600%2F&order=desc&sort=date HTTP/1.1" 200 26887
201.245.192.253 - - [22/Dec/2023:08:36:23 -0500] "POST /sipse/faces/presentacion/financiero/solicitudProceso/listarSolicitudProceso.xhtml HTTP/1.1" 200 110479
201.245.192.253 - - [22/Dec/2023:08:36:24 -0500] "GET /sipse/faces/javax.faces.resource/primefaces.css?ln=primefaces&v=4.0 HTTP/1.1" 304 -
201.245.192.253 - - [22/Dec/2023:08:36:24 -0500] "GET /sipse/faces/javax.faces.resource/layout/layout.css?ln=primefaces&v=4.0 HTTP/1.1" 304 -
201.245.192.253 - - [22/Dec/2023:08:36:24 -0500] "GET /sipse/faces/javax.faces.resource/theme.css?ln=primefaces-sipse HTTP/1.1" 304 -
201.245.192.253 - - [22/Dec/2023:08:36:24 -0500] "GET /sipse/faces/javax.faces.resource/jquery/jquery.js?ln=primefaces&v=4.0 HTTP/1.1" 304 -
201.245.192.253 - - [22/Dec/2023:08:36:24 -0500] "GET /sipse/faces/javax.faces.resource/jquery/jquery-plugins.js?ln=primefaces&v=4.0 HTTP/1.1" 304 -
201.245.192.253 - - [22/Dec/2023:08:36:24 -0500] "GET /sipse/faces/javax.faces.resource/primefaces.js?ln=primefaces&v=4.0 HTTP/1.1" 304 -
201.245.192.253 - - [22/Dec/2023:08:36:24 -0500] "GET /sipse/faces/javax.faces.resource/layout/layout.js?ln=primefaces&v=4.0 HTTP/1.1" 304 -
201.245.192.253 - - [22/Dec/2023:08:36:24 -0500] "POST /sipse/faces/presentacion/financiero/solicitudProceso/consultarSolicitudProceso.xhtml HTTP/1.1" 200 5469
201.245.192.253 - - [22/Dec/2023:08:36:25 -0500] "GET /sipse/faces/javax.faces.resource/dynamiccontent.properties?ln=primefaces&pfdrid=XjOR5%2F%2FfPAZAuY9TpWQeCiM0BhlXxYRBGKi%2FQcXXfeA%3D&pfdrid_c=false HTTP/1.1" 200 117421
186.155.168.86 - - [22/Dec/2023:08:36:25 -0500] "POST /sipse/faces/presentacion/financiero/solicitudProceso/listarSolicitudProceso.xhtml HTTP/1.1" 200 2689
201.245.192.253 - - [22/Dec/2023:08:36:26 -0500] "POST /forms/lservlet;jsessionid=ac16012b30d6e9036f660fd4407d87f49cba49ac3560.e3iSbxaKaheRe34Qc38TbN0Nb41ynknvrkLOlQzNp65In0 HTTP/1.1" 200 594
186.155.168.86 - - [22/Dec/2023:08:36:26 -0500] "POST /sipse/faces/presentacion/financiero/solicitudProceso/listarSolicitudProceso.xhtml HTTP/1.1" 200 193
186.155.168.86 - - [22/Dec/2023:08:36:26 -0500] "POST /sipse/faces/presentacion/financiero/solicitudProceso/listarSolicitudProceso.xhtml HTTP/1.1" 200 193
186.155.168.86 - - [22/Dec/2023:08:36:26 -0500] "POST /sipse/faces/presentacion/financiero/solicitudProceso/listarSolicitudProceso.xhtml HTTP/1.1" 200 193
186.155.168.86 - - [22/Dec/2023:08:36:26 -0500] "POST /sipse/faces/presentacion/financiero/solicitudProceso/listarSolicitudProceso.xhtml HTTP/1.1" 200 193
186.155.168.86 - - [22/Dec/2023:08:36:26 -0500] "GET /sipse/faces/presentacion/financiero/solicitudAnulacion/consultarSolicitudAnulacion.xhtml HTTP/1.1" 200 15776
186.155.168.86 - - [22/Dec/2023:08:36:26 -0500] "GET /sipse/faces/presentacion/financiero/solicitudAnulacion/consultarSolicitudAnulacion.xhtml HTTP/1.1" 200 15776
186.155.168.86 - - [22/Dec/2023:08:36:26 -0500] "GET /sipse/faces/presentacion/financiero/solicitudAnulacion/consultarSolicitudAnulacion.xhtml HTTP/1.1" 200 14776
186.155.168.86 - - [22/Dec/2023:08:36:26 -0500] "GET /sipse/faces/presentacion/financiero/solicitudAnulacion/consultarSolicitudAnulacion.xhtml HTTP/1.1" 200 36403
186.155.168.86 - - [22/Dec/2023:08:36:27 -0500] "GET /sipse/faces/javax.faces.resource/theme.css?ln=primefaces-sipse HTTP/1.1" 304 -
186.155.168.86 - - [22/Dec/2023:08:36:27 -0500] "GET /sipse/faces/javax.faces.resource/primefaces.css?ln=primefaces&v=4.0 HTTP/1.1" 304 -
186.155.168.86 - - [22/Dec/2023:08:36:27 -0500] "GET /sipse/faces/javax.faces.resource/jquery/jquery-plugins.js?ln=primefaces&v=4.0 HTTP/1.1" 304 -
186.155.168.86 - - [22/Dec/2023:08:36:27 -0500] "GET /sipse/faces/javax.faces.resource/layout/layout.js?ln=primefaces&v=4.0 HTTP/1.1" 304 -
186.155.168.86 - - [22/Dec/2023:08:36:27 -0500] "GET /sipse/faces/javax.faces.resource/jquery/jquery.js?ln=primefaces&v=4.0 HTTP/1.1" 304 -
186.155.168.86 - - [22/Dec/2023:08:36:27 -0500] "GET /sipse/faces/javax.faces.resource/layout/layout.css?ln=primefaces&v=4.0 HTTP/1.1" 304 -
186.155.168.86 - - [22/Dec/2023:08:36:27 -0500] "GET /sipse/faces/javax.faces.resource/primefaces.js?ln=primefaces&v=4.0 HTTP/1.1" 304 -
186.155.168.86 - - [22/Dec/2023:08:36:27 -0500] "POST /sipse/faces/presentacion/financiero/solicitudAnulacion/consultarSolicitudAnulacion.xhtml HTTP/1.1" 200 10620
201.245.192.253 - - [22/Dec/2023:08:36:27 -0500] "POST /forms/lservlet;jsessionid=ac16012b30d6e9036f660fd4407d87f49cba49ac3560.e3iSbxaKaheRe34Qc38TbN0Nb41ynknvrkLOlQzNp65In0 HTTP/1.1" 200 611
186.155.168.86 - - [22/Dec/2023:08:36:27 -0500] "POST /sipse/faces/presentacion/financiero/solicitudAnulacion/consultarSolicitudAnulacion.xhtml HTTP/1.1" 200 40136
186.155.168.86 - - [22/Dec/2023:08:36:27 -0500] "GET /sipse/faces/javax.faces.resource/theme.css?ln=primefaces-sipse HTTP/1.1" 304 -
186.155.168.86 - - [22/Dec/2023:08:36:27 -0500] "GET /sipse/faces/javax.faces.resource/primefaces.css?ln=primefaces&v=4.0 HTTP/1.1" 304 -
186.155.168.86 - - [22/Dec/2023:08:36:27 -0500] "GET /sipse/faces/javax.faces.resource/layout/layout.css?ln=primefaces&v=4.0 HTTP/1.1" 304 -
186.155.168.86 - - [22/Dec/2023:08:36:27 -0500] "GET /sipse/faces/javax.faces.resource/jquery/jquery.js?ln=primefaces&v=4.0 HTTP/1.1" 304 -
186.155.168.86 - - [22/Dec/2023:08:36:27 -0500] "GET /sipse/faces/javax.faces.resource/jquery/jquery-plugins.js?ln=primefaces&v=4.0 HTTP/1.1" 304 -
186.155.168.86 - - [22/Dec/2023:08:36:27 -0500] "GET /sipse/faces/javax.faces.resource/primefaces.js?ln=primefaces&v=4.0 HTTP/1.1" 304 -
186.155.168.86 - - [22/Dec/2023:08:36:27 -0500] "GET /sipse/faces/javax.faces.resource/layout/layout.js?ln=primefaces&v=4.0 HTTP/1.1" 304 -
201.245.192.253 - - [22/Dec/2023:08:36:27 -0500] "POST /forms/lservlet;jsessionid=ac16012b30d6e9036f660fd4407d87f49cba49ac3560.e3iSbxaKaheRe34Qc38TbN0Nb41ynknvrkLOlQzNp65In0 HTTP/1.1" 200 577
201.245.192.253 - - [22/Dec/2023:08:36:28 -0500] "POST /forms/lservlet;jsessionid=ac16012b30d6e9036f660fd4407d87f49cba49ac3560.e3iSbxaKaheRe34Qc38TbN0Nb41ynknvrkLOlQzNp65In0 HTTP/1.1" 200 573
201.245.192.253 - - [22/Dec/2023:08:36:26 -0500] "POST /kwsrmcab/Wsrmcab HTTP/1.1" 200 40698
201.245.192.253 - - [22/Dec/2023:08:36:29 -0500] "POST /forms/lservlet;jsessionid=ac16012b30d6e9036f660fd4407d87f49cba49ac3560.e3iSbxaKaheRe34Qc38TbN0Nb41ynknvrkLOlQzNp65In0 HTTP/1.1" 200 557
201.245.192.253 - - [22/Dec/2023:08:36:30 -0500] "POST /forms/lservlet;jsessionid=ac16012b30d6e9036f660fd4407d87f49cba49ac3560.e3iSbxaKaheRe34Qc38TbN0Nb41ynknvrkLOlQzNp65In0 HTTP/1.1" 200 549
186.155.168.86 - - [22/Dec/2023:08:36:30 -0500] "POST /sipse/faces/presentacion/financiero/solicitudProceso/consultar.xhtml HTTP/1.1" 200 12781
201.245.192.253 - - [22/Dec/2023:08:36:30 -0500] "POST /forms/lservlet;jsessionid=ac16012b30d6e9036f660fd4407d87f49cba49ac3560.e3iSbxaKaheRe34Qc38TbN0Nb41ynknvrkLOlQzNp65In0 HTTP/1.1" 200 605
201.245.192.253 - - [22/Dec/2023:08:36:30 -0500] "POST /forms/lservlet;jsessionid=ac16012b30d6e9036f660fd4407d87f49cba49ac3560.e3iSbxaKaheRe34Qc38TbN0Nb41ynknvrkLOlQzNp65In0 HTTP/1.1" 200 584
201.245.192.253 - - [22/Dec/2023:08:36:31 -0500] "POST /forms/lservlet;jsessionid=ac16012b30d6e9036f660fd4407d87f49cba49ac3560.e3iSbxaKaheRe34Qc38TbN0Nb41ynknvrkLOlQzNp65In0 HTTP/1.1" 200 575
201.244.235.111 - - [22/Dec/2023:08:36:31 -0500] "POST /sipse/faces/presentacion/financiero/solicitudProceso/consultarSolicitudProceso.xhtml HTTP/1.1" 200 196234
201.245.192.253 - - [22/Dec/2023:08:36:31 -0500] "POST /forms/lservlet;jsessionid=ac16012b30d6e9036f660fd4407d87f49cba49ac3560.e3iSbxaKaheRe34Qc38TbN0Nb41ynknvrkLOlQzNp65In0 HTTP/1.1" 200 554
201.245.192.253 - - [22/Dec/2023:08:36:29 -0500] "POST /kwsrmcab/Wsrmcab HTTP/1.1" 200 36830
201.245.192.253 - - [22/Dec/2023:08:36:32 -0500] "POST /forms/lservlet;jsessionid=ac16012b30d6e9036f660fd4407d87f49cba49ac3560.e3iSbxaKaheRe34Qc38TbN0Nb41ynknvrkLOlQzNp65In0 HTTP/1.1" 200 612
201.245.192.253 - - [22/Dec/2023:08:36:32 -0500] "POST /forms/lservlet;jsessionid=ac16012b30d6e9036f660fd4407d87f49cba49ac3560.e3iSbxaKaheRe34Qc38TbN0Nb41ynknvrkLOlQzNp65In0 HTTP/1.1" 200 610
201.245.166.34 - - [22/Dec/2023:08:36:32 -0500] "POST /sipse/faces/presentacion/financiero/solicitudProceso/consultarSolicitudProceso.xhtml HTTP/1.1" 200 67177
201.245.166.34 - - [22/Dec/2023:08:36:32 -0500] "GET /sipse/faces/javax.faces.resource/theme.css?ln=primefaces-sipse HTTP/1.1" 304 -
201.245.166.34 - - [22/Dec/2023:08:36:32 -0500] "GET /sipse/faces/javax.faces.resource/primefaces.css?ln=primefaces&v=4.0 HTTP/1.1" 304 -
201.245.166.34 - - [22/Dec/2023:08:36:32 -0500] "GET /sipse/faces/javax.faces.resource/layout/layout.css?ln=primefaces&v=4.0 HTTP/1.1" 304 -
201.245.166.34 - - [22/Dec/2023:08:36:32 -0500] "GET /sipse/faces/javax.faces.resource/jquery/jquery.js?ln=primefaces&v=4.0 HTTP/1.1" 304 -
201.245.166.34 - - [22/Dec/2023:08:36:32 -0500] "GET /sipse/faces/javax.faces.resource/jquery/jquery-plugins.js?ln=primefaces&v=4.0 HTTP/1.1" 304 -
201.245.166.34 - - [22/Dec/2023:08:36:32 -0500] "GET /sipse/faces/javax.faces.resource/primefaces.js?ln=primefaces&v=4.0 HTTP/1.1" 304 -
201.245.166.34 - - [22/Dec/2023:08:36:32 -0500] "GET /sipse/faces/javax.faces.resource/layout/layout.js?ln=primefaces&v=4.0 HTTP/1.1" 304 -
201.245.192.253 - - [22/Dec/2023:08:36:33 -0500] "POST /forms/lservlet;jsessionid=ac16012b30d6e9036f660fd4407d87f49cba49ac3560.e3iSbxaKaheRe34Qc38TbN0Nb41ynknvrkLOlQzNp65In0 HTTP/1.1" 200 574
186.155.168.86 - - [22/Dec/2023:08:36:32 -0500] "POST /sipse/faces/presentacion/financiero/solicitudProceso/consultar.xhtml HTTP/1.1" 200 36830
186.155.168.86 - - [22/Dec/2023:08:36:33 -0500] "GET /sipse/faces/javax.faces.resource/theme.css?ln=primefaces-sipse HTTP/1.1" 304 -
186.155.168.86 - - [22/Dec/2023:08:36:33 -0500] "GET /sipse/faces/javax.faces.resource/primefaces.css?ln=primefaces&v=4.0 HTTP/1.1" 304 -
186.155.168.86 - - [22/Dec/2023:08:36:33 -0500] "GET /sipse/faces/javax.faces.resource/layout/layout.css?ln=primefaces&v=4.0 HTTP/1.1" 304 -
186.155.168.86 - - [22/Dec/2023:08:36:33 -0500] "GET /sipse/faces/javax.faces.resource/jquery/jquery.js?ln=primefaces&v=4.0 HTTP/1.1" 304 -
186.155.168.86 - - [22/Dec/2023:08:36:33 -0500] "GET /sipse/faces/javax.faces.resource/jquery/jquery-plugins.js?ln=primefaces&v=4.0 HTTP/1.1" 304 -
186.155.168.86 - - [22/Dec/2023:08:36:33 -0500] "GET /sipse/faces/javax.faces.resource/primefaces.js?ln=primefaces&v=4.0 HTTP/1.1" 304 -
186.155.168.86 - - [22/Dec/2023:08:36:33 -0500] "GET /sipse/faces/javax.faces.resource/layout/layout.js?ln=primefaces&v=4.0 HTTP/1.1" 304 -
201.245.166.34 - - [22/Dec/2023:08:36:33 -0500] "POST /sipse/faces/presentacion/financiero/solicitudProceso/listarSolicitudProceso.xhtml HTTP/1.1" 200 1556
201.245.166.34 - - [22/Dec/2023:08:36:33 -0500] "POST /sipse/faces/presentacion/financiero/solicitudProceso/listarSolicitudProceso.xhtml HTTP/1.1" 200 1568
186.155.168.86 - - [22/Dec/2023:08:36:33 -0500] "POST /sipse/faces/presentacion/financiero/solicitudProceso/listarSolicitudProceso.xhtml HTTP/1.1" 200 30203
186.155.168.86 - - [22/Dec/2023:08:36:33 -0500] "POST /sipse/faces/presentacion/financiero/solicitudProceso/listarSolicitudProceso.xhtml HTTP/1.1" 200 1400
186.155.168.86 - - [22/Dec/2023:08:36:33 -0500] "POST /sipse/faces/presentacion/financiero/solicitudProceso/listarSolicitudProceso.xhtml HTTP/1.1" 200 1396
201.245.192.253 - - [22/Dec/2023:08:36:33 -0500] "POST /forms/lservlet;jsessionid=ac16012b30d6e9036f660fd4407d87f49cba49ac3560.e3iSbxaKaheRe34Qc38TbN0Nb41ynknvrkLOlQzNp65In0 HTTP/1.1" 200 569
201.245.192.253 - - [22/Dec/2023:08:36:34 -0500] "POST /forms/lservlet;jsessionid=ac16012b30d6e9036f660fd4407d87f49cba49ac3560.e3iSbxaKaheRe34Qc38TbN0Nb41ynknvrkLOlQzNp65In0 HTTP/1.1" 200 576
201.245.192.253 - - [22/Dec/2023:08:36:34 -0500] "POST /forms/lservlet;jsessionid=ac16012b30d6e9036f660fd4407d87f49cba49ac3560.e3iSbxaKaheRe34Qc38TbN0Nb41ynknvrkLOlQzNp65In0 HTTP/1.1" 200 558
20.222.40.152 - - [22/Dec/2023:08:36:19 -0500] "GET /2019/wp-includes/wlwmanifest.xml HTTP/1.1" 404 1018
201.245.166.34 - - [22/Dec/2023:08:36:34 -0500] "POST /sipse/faces/presentacion/financiero/solicitudProceso/listarSolicitudProceso.xhtml HTTP/1.1" 200 19978
201.245.192.253 - - [22/Dec/2023:08:36:35 -0500] "POST /forms/lservlet;jsessionid=ac16012b30d6e9036f660fd4407d87f49cba49ac3560.e3iSbxaKaheRe34Qc38TbN0Nb41ynknvrkLOlQzNp65In0 HTTP/1.1" 200 552
201.245.192.253 - - [22/Dec/2023:08:36:35 -0500] "POST /forms/lservlet;jsessionid=ac16012b30d6e9036f660fd4407d87f49cba49ac3560.e3iSbxaKaheRe34Qc38TbN0Nb41ynknvrkLOlQzNp65In0 HTTP/1.1" 200 611
186.155.168.86 - - [22/Dec/2023:08:36:35 -0500] "POST /sipse/faces/presentacion/financiero/solicitudProceso/listarSolicitudProceso.xhtml HTTP/1.1" 200 18576
186.155.168.86 - - [22/Dec/2023:08:36:36 -0500] "POST /sipse/faces/presentacion/financiero/solicitudProceso/listarSolicitudProceso.xhtml HTTP/1.1" 200 1396
201.245.192.253 - - [22/Dec/2023:08:36:36 -0500] "POST /forms/lservlet;jsessionid=ac16012b30d6e9036f660fd4407d87f49cba49ac3560.e3iSbxaKaheRe34Qc38TbN0Nb41ynknvrkLOlQzNp65In0 HTTP/1.1" 200 599
186.155.168.86 - - [22/Dec/2023:08:36:36 -0500] "POST /sipse/faces/presentacion/financiero/solicitudProceso/listarSolicitudProceso.xhtml HTTP/1.1" 200 18601
201.245.192.253 - - [22/Dec/2023:08:36:36 -0500] "POST /forms/lservlet;jsessionid=ac16012b30d6e9036f660fd4407d87f49cba49ac3560.e3iSbxaKaheRe34Qc38TbN0Nb41ynknvrkLOlQzNp65In0 HTTP/1.1" 200 578
186.155.168.86 - - [22/Dec/2023:08:36:36 -0500] "POST /sipse/faces/presentacion/financiero/solicitudProceso/listarSolicitudProceso.xhtml HTTP/1.1" 200 1396
201.245.192.253 - - [22/Dec/2023:08:36:36 -0500] "POST /forms/lservlet;jsessionid=ac16012b30d6e9036f660fd4407d87f49cba49ac3560.e3iSbxaKaheRe34Qc38TbN0Nb41ynknvrkLOlQzNp65In0 HTTP/1.1" 200 584
186.155.168.86 - - [22/Dec/2023:08:36:37 -0500] "POST /sipse/faces/presentacion/financiero/solicitudProceso/listarSolicitudProceso.xhtml HTTP/1.1" 200 10630
201.245.192.253 - - [22/Dec/2023:08:36:37 -0500] "POST /forms/lservlet;jsessionid=ac16012b30d6e9036f660fd4407d87f49cba49ac3560.e3iSbxaKaheRe34Qc38TbN0Nb41ynknvrkLOlQzNp65In0 HTTP/1.1" 200 604
201.245.192.253 - - [22/Dec/2023:08:36:36 -0500] "POST /sipse/faces/presentacion/financiero/solicitudProceso/consultarSolicitudProceso.xhtml HTTP/1.1" 200 34358
201.245.192.253 - - [22/Dec/2023:08:36:37 -0500] "GET /sipse/faces/javax.faces.resource/theme.css?ln=primefaces-sipse HTTP/1.1" 304 -
201.245.192.253 - - [22/Dec/2023:08:36:37 -0500] "GET /sipse/faces/javax.faces.resource/primefaces.css?ln=primefaces&v=4.0 HTTP/1.1" 304 -
201.245.192.253 - - [22/Dec/2023:08:36:37 -0500] "GET /sipse/faces/javax.faces.resource/layout/layout.css?ln=primefaces&v=4.0 HTTP/1.1" 304 -
201.245.192.253 - - [22/Dec/2023:08:36:37 -0500] "GET /sipse/faces/javax.faces.resource/jquery/jquery.js?ln=primefaces&v=4.0 HTTP/1.1" 304 -
201.245.192.253 - - [22/Dec/2023:08:36:37 -0500] "GET /sipse/faces/javax.faces.resource/primefaces.js?ln=primefaces&v=4.0 HTTP/1.1" 304 -
201.245.192.253 - - [22/Dec/2023:08:36:37 -0500] "GET /sipse/faces/javax.faces.resource/jquery/jquery-plugins.js?ln=primefaces&v=4.0 HTTP/1.1" 304 -
201.245.192.253 - - [22/Dec/2023:08:36:37 -0500] "GET /sipse/faces/javax.faces.resource/layout/layout.js?ln=primefaces&v=4.0 HTTP/1.1" 304 -
201.245.192.253 - - [22/Dec/2023:08:36:37 -0500] "GET /sipse/faces/javax.faces.resource/images/ui-icons_898989_256x240.png?ln=primefaces-aristo HTTP/1.1" 304 -
186.155.168.86 - - [22/Dec/2023:08:36:37 -0500] "POST /sipse/faces/presentacion/financiero/solicitudProceso/listarSolicitudProceso.xhtml HTTP/1.1" 200 22358
201.245.192.253 - - [22/Dec/2023:08:36:37 -0500] "POST /forms/lservlet;jsessionid=ac16012b30d6e9036f660fd4407d87f49cba49ac3560.e3iSbxaKaheRe34Qc38TbN0Nb41ynknvrkLOlQzNp65In0 HTTP/1.1" 200 608
201.245.192.253 - - [22/Dec/2023:08:36:37 -0500] "POST /forms/lservlet;jsessionid=ac16012b30d6e9036f660fd4407d87f49cba49ac3560.e3iSbxaKaheRe34Qc38TbN0Nb41ynknvrkLOlQzNp65In0 HTTP/1.1" 200 618
201.245.192.253 - - [22/Dec/2023:08:36:39 -0500] "POST /forms/lservlet;jsessionid=ac16012b30d6e9036f660fd4407d87f49cba49ac3560.e3iSbxaKaheRe34Qc38TbN0Nb41ynknvrkLOlQzNp65In0 HTTP/1.1" 200 453
201.245.192.253 - - [22/Dec/2023:08:36:39 -0500] "POST /sipse/faces/presentacion/financiero/solicitudProceso/consultarHistorialSolProceso.xhtml HTTP/1.1" 200 158864
201.245.192.253 - - [22/Dec/2023:08:36:39 -0500] "GET /sipse/faces/javax.faces.resource/theme.css?ln=primefaces-sipse HTTP/1.1" 304 -
