186.102.10.202 - - [22/Dec/2023:01:04:48 -0500] "GET /kwssiamovil/sm/acme/u?s=U2FsdGVkX1+AextY5pQm7A141J8ZrTwAPCTgAHAb+RL0WIGu6ugH6vTtHwWqpoBlR1rdUNU4Bz0yhyGxPPVTqKZbF/5D48J/GphT9Yalyohv8wiUmM+mkJQ5yqblDLpk7wRAqa6n+v2FIVDkmdADV4/kRKBmA18JSEY2sTj6wOU=&u=U2FsdGVkX18tK3cj1JrOvfTG2d+Gu7mcb/NvmXO1cHU=&y=U2FsdGVkX1+2MRz6Kh5AfDuVxE5k/k/jlgE/YAHrTz3XyRbo3/cgABusep0vP5Kd HTTP/1.1" 200 60
52.167.144.189 - - [22/Dec/2023:01:04:57 -0500] "GET /incendios-forestales-como-prevenirlos-y-aportar-al-cuidado-de-los-ecosistemas.html HTTP/1.1" 200 883
66.249.66.19 - - [22/Dec/2023:01:04:59 -0500] "GET /portel_dama/libreria/pdf/ecosistemas/areas_prot/sitio/xtras/2.pdf HTTP/1.1" 404 1018
156.59.198.135 - - [22/Dec/2023:01:05:03 -0500] "GET /BLA/resoluciones/RESOLUCIONES%202017/1713.pdf HTTP/1.0" 200 300144
167.0.152.142 - - [22/Dec/2023:01:05:08 -0500] "GET /sipse/faces/faces/index.xhtml HTTP/1.1" 200 677
167.0.152.142 - - [22/Dec/2023:01:05:08 -0500] "GET /sipse/faces/javax.faces.resource/theme.css?ln=primefaces-sipse HTTP/1.1" 304 -
167.0.152.142 - - [22/Dec/2023:01:05:09 -0500] "GET /sipse/faces/faces/faces/autenticacion.xhtml HTTP/1.1" 200 12407
167.0.152.142 - - [22/Dec/2023:01:05:11 -0500] "GET /sipse/js/disable_browser_buttons.js HTTP/1.1" 200 3230
167.0.152.142 - - [22/Dec/2023:01:05:11 -0500] "GET /sipse/js/funciones.js HTTP/1.1" 200 12592
167.0.152.142 - - [22/Dec/2023:01:05:11 -0500] "GET /sipse/css/custom_css_sg.css HTTP/1.1" 200 9694
167.0.152.142 - - [22/Dec/2023:01:05:12 -0500] "GET /sipse/css/custom_css_sg_prime_login.css HTTP/1.1" 200 443
167.0.152.142 - - [22/Dec/2023:01:05:12 -0500] "GET /sipse/faces/javax.faces.resource/theme.css?ln=primefaces-sipse HTTP/1.1" 304 -
167.0.152.142 - - [22/Dec/2023:01:05:12 -0500] "GET /sipse/faces/javax.faces.resource/layout/layout.css?ln=primefaces&v=4.0 HTTP/1.1" 304 -
167.0.152.142 - - [22/Dec/2023:01:05:12 -0500] "GET /sipse/faces/javax.faces.resource/jquery/jquery.js?ln=primefaces&v=4.0 HTTP/1.1" 304 -
167.0.152.142 - - [22/Dec/2023:01:05:12 -0500] "GET /sipse/faces/javax.faces.resource/jquery/jquery-plugins.js?ln=primefaces&v=4.0 HTTP/1.1" 304 -
167.0.152.142 - - [22/Dec/2023:01:05:12 -0500] "GET /sipse/faces/javax.faces.resource/primefaces.css?ln=primefaces&v=4.0 HTTP/1.1" 304 -
167.0.152.142 - - [22/Dec/2023:01:05:12 -0500] "GET /sipse/faces/javax.faces.resource/primefaces.js?ln=primefaces&v=4.0 HTTP/1.1" 304 -
167.0.152.142 - - [22/Dec/2023:01:05:13 -0500] "GET /sipse/faces/javax.faces.resource/layout/layout.js?ln=primefaces&v=4.0 HTTP/1.1" 304 -
167.0.152.142 - - [22/Dec/2023:01:05:13 -0500] "GET /sipse/faces/javax.faces.resource/images/ui-icons_898989_256x240.png?ln=primefaces-aristo HTTP/1.1" 304 -
167.0.152.142 - - [22/Dec/2023:01:05:13 -0500] "GET /sipse/css/imagen/loginimg.png HTTP/1.1" 200 71635
167.0.152.142 - - [22/Dec/2023:01:05:13 -0500] "GET /sipse/css/imagen/logoSDG.png HTTP/1.1" 200 53064
156.59.198.135 - - [22/Dec/2023:01:05:27 -0500] "GET /BLA/resoluciones/RESOLUCIONES%202007/RES%202007%202401%20AL%202500/RESOLUCION%202404%20DE%202007.pdf HTTP/1.0" 200 1589102
207.46.13.155 - - [22/Dec/2023:01:05:30 -0500] "GET /BLA/resoluciones/AUTOS%202023/4719.pdf HTTP/1.1" 200 1060111
216.245.221.92 - - [22/Dec/2023:01:05:30 -0500] "HEAD / HTTP/1.1" 200 -
156.59.198.135 - - [22/Dec/2023:01:05:53 -0500] "GET /BLA/resoluciones/RESOLUCIONES%202017/3690.pdf HTTP/1.0" 200 277412
156.59.198.136 - - [22/Dec/2023:01:06:16 -0500] "GET /BLA/resoluciones/RESOLUCIONES%202007/RES%202007%202401%20AL%202500/RESOLUCION%202492%20%20DE%202007.pdf HTTP/1.0" 200 849826
190.90.132.140 - - [22/Dec/2023:01:06:27 -0500] "POST /sipse/faces/presentacion/financiero/solicitudProceso/listarSolicitudProceso.xhtml HTTP/1.1" 200 911
190.90.132.140 - - [22/Dec/2023:01:06:28 -0500] "GET /sipse/faces/faces/autenticacion HTTP/1.1" 302 -
190.90.132.140 - - [22/Dec/2023:01:06:28 -0500] "GET /sipse/faces/autenticacion.xhtml HTTP/1.1" 200 12407
190.90.132.140 - - [22/Dec/2023:01:06:28 -0500] "GET /sipse/faces/javax.faces.resource/theme.css?ln=primefaces-sipse HTTP/1.1" 304 -
190.90.132.140 - - [22/Dec/2023:01:06:28 -0500] "GET /sipse/faces/javax.faces.resource/primefaces.css?ln=primefaces&v=4.0 HTTP/1.1" 304 -
190.90.132.140 - - [22/Dec/2023:01:06:28 -0500] "GET /sipse/faces/javax.faces.resource/layout/layout.css?ln=primefaces&v=4.0 HTTP/1.1" 304 -
190.90.132.140 - - [22/Dec/2023:01:06:28 -0500] "GET /sipse/faces/javax.faces.resource/primefaces.js?ln=primefaces&v=4.0 HTTP/1.1" 304 -
190.90.132.140 - - [22/Dec/2023:01:06:28 -0500] "GET /sipse/faces/javax.faces.resource/jquery/jquery.js?ln=primefaces&v=4.0 HTTP/1.1" 304 -
190.90.132.140 - - [22/Dec/2023:01:06:28 -0500] "GET /sipse/faces/javax.faces.resource/jquery/jquery-plugins.js?ln=primefaces&v=4.0 HTTP/1.1" 304 -
190.90.132.140 - - [22/Dec/2023:01:06:28 -0500] "GET /sipse/faces/javax.faces.resource/layout/layout.js?ln=primefaces&v=4.0 HTTP/1.1" 304 -
190.90.132.140 - - [22/Dec/2023:01:06:29 -0500] "GET /sipse/faces/javax.faces.resource/images/ui-icons_898989_256x240.png?ln=primefaces-aristo HTTP/1.1" 304 -
156.59.198.136 - - [22/Dec/2023:01:06:40 -0500] "GET /BLA/resoluciones/RESOLUCIONES%202007/RES%202007%202101%20AL%202200/RESOLUCION%202119%20DE%202007.pdf HTTP/1.0" 200 695284
190.90.132.140 - - [22/Dec/2023:01:06:41 -0500] "POST /sipse/faces/autenticacion.xhtml HTTP/1.1" 200 2220
190.90.132.140 - - [22/Dec/2023:01:06:41 -0500] "GET /sipse/faces/javax.faces.resource/messages/messages.png?ln=primefaces&v=4.0 HTTP/1.1" 304 -
190.90.132.140 - - [22/Dec/2023:01:06:43 -0500] "POST /sipse/faces/autenticacion.xhtml HTTP/1.1" 200 16343
190.90.132.140 - - [22/Dec/2023:01:06:43 -0500] "GET /sipse/faces/javax.faces.resource/jquery/jquery.js?ln=primefaces&v=4.0 HTTP/1.1" 304 -
190.90.132.140 - - [22/Dec/2023:01:06:43 -0500] "GET /sipse/faces/javax.faces.resource/jquery/jquery-plugins.js?ln=primefaces&v=4.0 HTTP/1.1" 304 -
190.90.132.140 - - [22/Dec/2023:01:06:43 -0500] "GET /sipse/faces/javax.faces.resource/primefaces.js?ln=primefaces&v=4.0 HTTP/1.1" 304 -
190.90.132.140 - - [22/Dec/2023:01:06:43 -0500] "GET /sipse/faces/javax.faces.resource/layout/layout.js?ln=primefaces&v=4.0 HTTP/1.1" 304 -
190.90.132.140 - - [22/Dec/2023:01:06:47 -0500] "GET /sipse/faces/javax.faces.resource/images/ui-bg_flat_0_2d5972_40x100.png?ln=primefaces-aristo HTTP/1.1" 304 -
190.90.132.140 - - [22/Dec/2023:01:06:47 -0500] "POST /sipse/faces/bienvenido.xhtml HTTP/1.1" 200 2658
190.90.132.140 - - [22/Dec/2023:01:06:48 -0500] "POST /sipse/faces/bienvenido.xhtml HTTP/1.1" 200 65143
190.90.132.140 - - [22/Dec/2023:01:06:48 -0500] "GET /sipse/faces/javax.faces.resource/jquery/jquery.js?ln=primefaces&v=4.0 HTTP/1.1" 304 -
190.90.132.140 - - [22/Dec/2023:01:06:48 -0500] "GET /sipse/faces/javax.faces.resource/jquery/jquery-plugins.js?ln=primefaces&v=4.0 HTTP/1.1" 304 -
190.90.132.140 - - [22/Dec/2023:01:06:48 -0500] "GET /sipse/faces/javax.faces.resource/primefaces.js?ln=primefaces&v=4.0 HTTP/1.1" 304 -
190.90.132.140 - - [22/Dec/2023:01:06:49 -0500] "GET /sipse/faces/javax.faces.resource/layout/layout.js?ln=primefaces&v=4.0 HTTP/1.1" 304 -
190.90.132.140 - - [22/Dec/2023:01:06:49 -0500] "POST /sipse/faces/presentacion/financiero/solicitudProceso/listarSolicitudProceso.xhtml HTTP/1.1" 200 1556
66.249.66.20 - - [22/Dec/2023:01:06:57 -0500] "GET /BLA/resoluciones/Notificaciones/AUTOS%202023/3178.pdf HTTP/1.1" 200 1718900
156.59.198.135 - - [22/Dec/2023:01:07:04 -0500] "GET /BLA/resoluciones/RESOLUCIONES%202017/2267.pdf HTTP/1.0" 200 305037
156.59.198.135 - - [22/Dec/2023:01:07:29 -0500] "GET /BLA/resoluciones/RESOLUCIONES%202017/0993.pdf HTTP/1.0" 200 465826
190.90.132.140 - - [22/Dec/2023:01:07:39 -0500] "POST /sipse/faces/presentacion/financiero/solicitudProceso/listarSolicitudProceso.xhtml HTTP/1.1" 200 30137
190.90.132.140 - - [22/Dec/2023:01:07:40 -0500] "POST /sipse/faces/presentacion/financiero/solicitudProceso/listarSolicitudProceso.xhtml HTTP/1.1" 200 32987
186.155.168.86 - - [22/Dec/2023:01:07:42 -0500] "GET /sipse/faces/index.xhtml HTTP/1.1" 200 677
186.155.168.86 - - [22/Dec/2023:01:07:42 -0500] "GET /sipse/faces/javax.faces.resource/theme.css?ln=primefaces-sipse HTTP/1.1" 304 -
186.155.168.86 - - [22/Dec/2023:01:07:42 -0500] "GET /sipse/faces/faces/autenticacion.xhtml HTTP/1.1" 200 12418
186.155.168.86 - - [22/Dec/2023:01:07:42 -0500] "GET /sipse/faces/javax.faces.resource/theme.css?ln=primefaces-sipse HTTP/1.1" 304 -
186.155.168.86 - - [22/Dec/2023:01:07:42 -0500] "GET /sipse/faces/javax.faces.resource/primefaces.css?ln=primefaces&v=4.0 HTTP/1.1" 304 -
186.155.168.86 - - [22/Dec/2023:01:07:42 -0500] "GET /sipse/faces/javax.faces.resource/layout/layout.css?ln=primefaces&v=4.0 HTTP/1.1" 304 -
186.155.168.86 - - [22/Dec/2023:01:07:42 -0500] "GET /sipse/faces/javax.faces.resource/jquery/jquery.js?ln=primefaces&v=4.0 HTTP/1.1" 304 -
186.155.168.86 - - [22/Dec/2023:01:07:42 -0500] "GET /sipse/faces/javax.faces.resource/jquery/jquery-plugins.js?ln=primefaces&v=4.0 HTTP/1.1" 304 -
186.155.168.86 - - [22/Dec/2023:01:07:42 -0500] "GET /sipse/faces/javax.faces.resource/primefaces.js?ln=primefaces&v=4.0 HTTP/1.1" 304 -
186.155.168.86 - - [22/Dec/2023:01:07:42 -0500] "GET /sipse/faces/javax.faces.resource/layout/layout.js?ln=primefaces&v=4.0 HTTP/1.1" 304 -
186.155.168.86 - - [22/Dec/2023:01:07:42 -0500] "GET /sipse/faces/javax.faces.resource/images/ui-icons_898989_256x240.png?ln=primefaces-aristo HTTP/1.1" 304 -
190.90.132.140 - - [22/Dec/2023:01:07:45 -0500] "POST /sipse/faces/presentacion/financiero/solicitudProceso/listarSolicitudProceso.xhtml HTTP/1.1" 200 911
190.90.132.140 - - [22/Dec/2023:01:07:46 -0500] "GET /sipse/faces/faces/autenticacion HTTP/1.1" 302 -
190.90.132.140 - - [22/Dec/2023:01:07:46 -0500] "GET /sipse/faces/autenticacion.xhtml HTTP/1.1" 200 12407
190.90.132.140 - - [22/Dec/2023:01:07:46 -0500] "GET /sipse/faces/javax.faces.resource/theme.css?ln=primefaces-sipse HTTP/1.1" 304 -
190.90.132.140 - - [22/Dec/2023:01:07:46 -0500] "GET /sipse/faces/javax.faces.resource/primefaces.css?ln=primefaces&v=4.0 HTTP/1.1" 304 -
190.90.132.140 - - [22/Dec/2023:01:07:47 -0500] "GET /sipse/faces/javax.faces.resource/layout/layout.css?ln=primefaces&v=4.0 HTTP/1.1" 304 -
190.90.132.140 - - [22/Dec/2023:01:07:47 -0500] "GET /sipse/faces/javax.faces.resource/jquery/jquery.js?ln=primefaces&v=4.0 HTTP/1.1" 304 -
190.90.132.140 - - [22/Dec/2023:01:07:47 -0500] "GET /sipse/faces/javax.faces.resource/jquery/jquery-plugins.js?ln=primefaces&v=4.0 HTTP/1.1" 304 -
190.90.132.140 - - [22/Dec/2023:01:07:47 -0500] "GET /sipse/faces/javax.faces.resource/primefaces.js?ln=primefaces&v=4.0 HTTP/1.1" 304 -
190.90.132.140 - - [22/Dec/2023:01:07:47 -0500] "GET /sipse/faces/javax.faces.resource/layout/layout.js?ln=primefaces&v=4.0 HTTP/1.1" 304 -
190.90.132.140 - - [22/Dec/2023:01:07:47 -0500] "GET /sipse/faces/javax.faces.resource/images/ui-icons_898989_256x240.png?ln=primefaces-aristo HTTP/1.1" 304 -
186.155.168.86 - - [22/Dec/2023:01:07:49 -0500] "POST /sipse/faces/autenticacion.xhtml HTTP/1.1" 200 2222
186.155.168.86 - - [22/Dec/2023:01:07:49 -0500] "GET /sipse/faces/javax.faces.resource/messages/messages.png?ln=primefaces&v=4.0 HTTP/1.1" 304 -
190.90.132.140 - - [22/Dec/2023:01:07:49 -0500] "POST /sipse/faces/autenticacion.xhtml HTTP/1.1" 200 2220
190.90.132.140 - - [22/Dec/2023:01:07:49 -0500] "GET /sipse/faces/javax.faces.resource/messages/messages.png?ln=primefaces&v=4.0 HTTP/1.1" 304 -
190.90.132.140 - - [22/Dec/2023:01:07:51 -0500] "POST /sipse/faces/autenticacion.xhtml HTTP/1.1" 200 16343
186.155.168.86 - - [22/Dec/2023:01:07:51 -0500] "POST /sipse/faces/autenticacion.xhtml HTTP/1.1" 200 16385
186.155.168.86 - - [22/Dec/2023:01:07:51 -0500] "GET /sipse/faces/javax.faces.resource/theme.css?ln=primefaces-sipse HTTP/1.1" 304 -
186.155.168.86 - - [22/Dec/2023:01:07:51 -0500] "GET /sipse/faces/javax.faces.resource/primefaces.css?ln=primefaces&v=4.0 HTTP/1.1" 304 -
186.155.168.86 - - [22/Dec/2023:01:07:51 -0500] "GET /sipse/faces/javax.faces.resource/layout/layout.css?ln=primefaces&v=4.0 HTTP/1.1" 304 -
190.90.132.140 - - [22/Dec/2023:01:07:51 -0500] "GET /sipse/faces/javax.faces.resource/jquery/jquery.js?ln=primefaces&v=4.0 HTTP/1.1" 304 -
186.155.168.86 - - [22/Dec/2023:01:07:51 -0500] "GET /sipse/faces/javax.faces.resource/jquery/jquery.js?ln=primefaces&v=4.0 HTTP/1.1" 304 -
190.90.132.140 - - [22/Dec/2023:01:07:51 -0500] "GET /sipse/faces/javax.faces.resource/jquery/jquery-plugins.js?ln=primefaces&v=4.0 HTTP/1.1" 304 -
186.155.168.86 - - [22/Dec/2023:01:07:51 -0500] "GET /sipse/faces/javax.faces.resource/jquery/jquery-plugins.js?ln=primefaces&v=4.0 HTTP/1.1" 304 -
186.155.168.86 - - [22/Dec/2023:01:07:51 -0500] "GET /sipse/faces/javax.faces.resource/primefaces.js?ln=primefaces&v=4.0 HTTP/1.1" 304 -
186.155.168.86 - - [22/Dec/2023:01:07:51 -0500] "GET /sipse/faces/javax.faces.resource/layout/layout.js?ln=primefaces&v=4.0 HTTP/1.1" 304 -
186.155.168.86 - - [22/Dec/2023:01:07:51 -0500] "GET /sipse/css/imagen/contrasena.png HTTP/1.1" 404 383
190.90.132.140 - - [22/Dec/2023:01:07:51 -0500] "GET /sipse/faces/javax.faces.resource/primefaces.js?ln=primefaces&v=4.0 HTTP/1.1" 304 -
190.90.132.140 - - [22/Dec/2023:01:07:51 -0500] "GET /sipse/faces/javax.faces.resource/layout/layout.js?ln=primefaces&v=4.0 HTTP/1.1" 304 -
156.59.198.135 - - [22/Dec/2023:01:07:53 -0500] "GET /BLA/resoluciones/RESOLUCIONES%202007/RES%202007%202401%20AL%202500/RESOLUCION%202459%20DE%202007.pdf HTTP/1.0" 200 858374
190.90.132.140 - - [22/Dec/2023:01:07:53 -0500] "GET /sipse/faces/javax.faces.resource/images/ui-bg_flat_0_2d5972_40x100.png?ln=primefaces-aristo HTTP/1.1" 304 -
190.90.132.140 - - [22/Dec/2023:01:07:53 -0500] "POST /sipse/faces/bienvenido.xhtml HTTP/1.1" 200 2658
186.155.168.86 - - [22/Dec/2023:01:07:54 -0500] "GET /sipse/faces/javax.faces.resource/images/ui-bg_flat_0_2d5972_40x100.png?ln=primefaces-aristo HTTP/1.1" 304 -
186.155.168.86 - - [22/Dec/2023:01:07:54 -0500] "POST /sipse/faces/bienvenido.xhtml HTTP/1.1" 200 2060
190.90.132.140 - - [22/Dec/2023:01:07:54 -0500] "POST /sipse/faces/bienvenido.xhtml HTTP/1.1" 200 65085
190.90.132.140 - - [22/Dec/2023:01:07:55 -0500] "GET /sipse/faces/javax.faces.resource/jquery/jquery.js?ln=primefaces&v=4.0 HTTP/1.1" 304 -
190.90.132.140 - - [22/Dec/2023:01:07:55 -0500] "GET /sipse/faces/javax.faces.resource/jquery/jquery-plugins.js?ln=primefaces&v=4.0 HTTP/1.1" 304 -
190.90.132.140 - - [22/Dec/2023:01:07:55 -0500] "GET /sipse/faces/javax.faces.resource/primefaces.js?ln=primefaces&v=4.0 HTTP/1.1" 304 -
190.90.132.140 - - [22/Dec/2023:01:07:55 -0500] "GET /sipse/faces/javax.faces.resource/layout/layout.js?ln=primefaces&v=4.0 HTTP/1.1" 304 -
186.155.168.86 - - [22/Dec/2023:01:07:55 -0500] "POST /sipse/faces/bienvenido.xhtml HTTP/1.1" 200 62988
186.155.168.86 - - [22/Dec/2023:01:07:56 -0500] "GET /sipse/faces/javax.faces.resource/theme.css?ln=primefaces-sipse HTTP/1.1" 304 -
186.155.168.86 - - [22/Dec/2023:01:07:56 -0500] "GET /sipse/faces/javax.faces.resource/primefaces.css?ln=primefaces&v=4.0 HTTP/1.1" 304 -
186.155.168.86 - - [22/Dec/2023:01:07:56 -0500] "GET /sipse/faces/javax.faces.resource/layout/layout.css?ln=primefaces&v=4.0 HTTP/1.1" 304 -
186.155.168.86 - - [22/Dec/2023:01:07:56 -0500] "GET /sipse/faces/javax.faces.resource/jquery/jquery.js?ln=primefaces&v=4.0 HTTP/1.1" 304 -
186.155.168.86 - - [22/Dec/2023:01:07:56 -0500] "GET /sipse/faces/javax.faces.resource/jquery/jquery-plugins.js?ln=primefaces&v=4.0 HTTP/1.1" 304 -
186.155.168.86 - - [22/Dec/2023:01:07:56 -0500] "GET /sipse/faces/javax.faces.resource/primefaces.js?ln=primefaces&v=4.0 HTTP/1.1" 304 -
186.155.168.86 - - [22/Dec/2023:01:07:56 -0500] "GET /sipse/faces/javax.faces.resource/layout/layout.js?ln=primefaces&v=4.0 HTTP/1.1" 304 -
190.90.132.140 - - [22/Dec/2023:01:07:56 -0500] "POST /sipse/faces/presentacion/financiero/solicitudProceso/listarSolicitudProceso.xhtml HTTP/1.1" 200 1556
186.155.168.86 - - [22/Dec/2023:01:07:56 -0500] "POST /sipse/faces/presentacion/financiero/solicitudProceso/listarSolicitudProceso.xhtml HTTP/1.1" 200 1556
186.155.168.86 - - [22/Dec/2023:01:07:57 -0500] "POST /sipse/faces/presentacion/financiero/solicitudProceso/listarSolicitudProceso.xhtml HTTP/1.1" 200 45961
186.155.168.86 - - [22/Dec/2023:01:07:58 -0500] "POST /sipse/faces/presentacion/financiero/solicitudProceso/listarSolicitudProceso.xhtml HTTP/1.1" 200 1560
186.155.168.86 - - [22/Dec/2023:01:07:58 -0500] "POST /sipse/faces/presentacion/financiero/solicitudProceso/listarSolicitudProceso.xhtml HTTP/1.1" 200 16663
186.155.168.86 - - [22/Dec/2023:01:07:58 -0500] "POST /sipse/faces/presentacion/financiero/solicitudProceso/listarSolicitudProceso.xhtml HTTP/1.1" 200 28391
52.167.144.189 - - [22/Dec/2023:01:08:00 -0500] "GET /bogota-actualiza-su-plan-de-gestion-ambiental-para-un-conseguir-un-futuro-mas-sostenible.html HTTP/1.1" 200 796
186.155.168.86 - - [22/Dec/2023:01:08:03 -0500] "POST /sipse/faces/presentacion/financiero/solicitudProceso/listarSolicitudProceso.xhtml HTTP/1.1" 200 108228
186.155.168.86 - - [22/Dec/2023:01:08:04 -0500] "GET /sipse/faces/javax.faces.resource/theme.css?ln=primefaces-sipse HTTP/1.1" 304 -
186.155.168.86 - - [22/Dec/2023:01:08:04 -0500] "GET /sipse/faces/javax.faces.resource/primefaces.css?ln=primefaces&v=4.0 HTTP/1.1" 304 -
186.155.168.86 - - [22/Dec/2023:01:08:04 -0500] "GET /sipse/faces/javax.faces.resource/layout/layout.css?ln=primefaces&v=4.0 HTTP/1.1" 304 -
186.155.168.86 - - [22/Dec/2023:01:08:04 -0500] "GET /sipse/faces/javax.faces.resource/jquery/jquery.js?ln=primefaces&v=4.0 HTTP/1.1" 304 -
186.155.168.86 - - [22/Dec/2023:01:08:04 -0500] "GET /sipse/faces/javax.faces.resource/jquery/jquery-plugins.js?ln=primefaces&v=4.0 HTTP/1.1" 304 -
186.155.168.86 - - [22/Dec/2023:01:08:04 -0500] "GET /sipse/faces/javax.faces.resource/primefaces.js?ln=primefaces&v=4.0 HTTP/1.1" 304 -
186.155.168.86 - - [22/Dec/2023:01:08:04 -0500] "GET /sipse/faces/javax.faces.resource/layout/layout.js?ln=primefaces&v=4.0 HTTP/1.1" 304 -
201.245.192.253 - - [22/Dec/2023:01:08:03 -0500] "POST /kwsrmcab/Wsrmcab  HTTP/1.1" 200 40220
156.59.198.136 - - [22/Dec/2023:01:08:17 -0500] "GET /BLA/resoluciones/RESOLUCIONES%202007/RES%202007%202401%20AL%202500/RESOLUCION%202468%20DE%202007.pdf HTTP/1.0" 200 276366
186.155.168.86 - - [22/Dec/2023:01:08:20 -0500] "POST /sipse/faces/presentacion/financiero/solicitudProceso/consultarSolicitudProceso.xhtml HTTP/1.1" 200 6038
190.90.132.140 - - [22/Dec/2023:01:08:30 -0500] "POST /sipse/faces/presentacion/financiero/solicitudProceso/listarSolicitudProceso.xhtml HTTP/1.1" 200 30137
190.90.132.140 - - [22/Dec/2023:01:08:30 -0500] "POST /sipse/faces/presentacion/financiero/solicitudProceso/listarSolicitudProceso.xhtml HTTP/1.1" 200 30129
186.155.168.86 - - [22/Dec/2023:01:08:33 -0500] "POST /sipse/faces/presentacion/financiero/solicitudProceso/consultarSolicitudProceso.xhtml HTTP/1.1" 200 6042
156.59.198.136 - - [22/Dec/2023:01:08:41 -0500] "GET /BLA/resoluciones/RESOLUCIONES%202017/2455.pdf HTTP/1.0" 200 280173
172.22.2.4 - - [22/Dec/2023:01:07:07 -0500] "HEAD /BLA/boletinlegal/ HTTP/1.1" 200 -
186.155.168.86 - - [22/Dec/2023:01:08:49 -0500] "POST /sipse/faces/presentacion/financiero/solicitudProceso/consultarSolicitudProceso.xhtml HTTP/1.1" 200 48129
186.155.168.86 - - [22/Dec/2023:01:08:51 -0500] "GET /sipse/faces/javax.faces.resource/theme.css?ln=primefaces-sipse HTTP/1.1" 304 -
186.155.168.86 - - [22/Dec/2023:01:08:51 -0500] "GET /sipse/faces/javax.faces.resource/primefaces.css?ln=primefaces&v=4.0 HTTP/1.1" 304 -
186.155.168.86 - - [22/Dec/2023:01:08:51 -0500] "GET /sipse/faces/javax.faces.resource/layout/layout.css?ln=primefaces&v=4.0 HTTP/1.1" 304 -
186.155.168.86 - - [22/Dec/2023:01:08:51 -0500] "GET /sipse/faces/javax.faces.resource/jquery/jquery.js?ln=primefaces&v=4.0 HTTP/1.1" 304 -
186.155.168.86 - - [22/Dec/2023:01:08:51 -0500] "GET /sipse/faces/javax.faces.resource/jquery/jquery-plugins.js?ln=primefaces&v=4.0 HTTP/1.1" 304 -
186.155.168.86 - - [22/Dec/2023:01:08:51 -0500] "GET /sipse/faces/javax.faces.resource/primefaces.js?ln=primefaces&v=4.0 HTTP/1.1" 304 -
186.155.168.86 - - [22/Dec/2023:01:08:51 -0500] "GET /sipse/faces/javax.faces.resource/layout/layout.js?ln=primefaces&v=4.0 HTTP/1.1" 304 -
186.155.168.86 - - [22/Dec/2023:01:08:51 -0500] "POST /sipse/faces/presentacion/financiero/solicitudProceso/listarSolicitudProceso.xhtml HTTP/1.1" 200 1468
186.155.168.86 - - [22/Dec/2023:01:08:54 -0500] "POST /sipse/faces/presentacion/financiero/solicitudProceso/listarSolicitudProceso.xhtml HTTP/1.1" 200 30614
186.155.168.86 - - [22/Dec/2023:01:08:55 -0500] "POST /sipse/faces/presentacion/financiero/solicitudProceso/listarSolicitudProceso.xhtml HTTP/1.1" 200 1472
186.155.168.86 - - [22/Dec/2023:01:08:55 -0500] "POST /sipse/faces/presentacion/financiero/solicitudProceso/listarSolicitudProceso.xhtml HTTP/1.1" 200 30639
186.155.168.86 - - [22/Dec/2023:01:08:55 -0500] "POST /sipse/faces/presentacion/financiero/solicitudProceso/listarSolicitudProceso.xhtml HTTP/1.1" 200 1472
186.155.168.86 - - [22/Dec/2023:01:08:56 -0500] "POST /sipse/faces/presentacion/financiero/solicitudProceso/listarSolicitudProceso.xhtml HTTP/1.1" 200 13630
186.155.168.86 - - [22/Dec/2023:01:08:56 -0500] "POST /sipse/faces/presentacion/financiero/solicitudProceso/listarSolicitudProceso.xhtml HTTP/1.1" 200 25358
186.155.168.86 - - [22/Dec/2023:01:08:58 -0500] "POST /sipse/faces/presentacion/financiero/solicitudProceso/listarSolicitudProceso.xhtml HTTP/1.1" 200 106592
186.155.168.86 - - [22/Dec/2023:01:08:59 -0500] "GET /sipse/faces/javax.faces.resource/theme.css?ln=primefaces-sipse HTTP/1.1" 304 -
186.155.168.86 - - [22/Dec/2023:01:08:59 -0500] "GET /sipse/faces/javax.faces.resource/primefaces.css?ln=primefaces&v=4.0 HTTP/1.1" 304 -
186.155.168.86 - - [22/Dec/2023:01:08:59 -0500] "GET /sipse/faces/javax.faces.resource/layout/layout.css?ln=primefaces&v=4.0 HTTP/1.1" 304 -
186.155.168.86 - - [22/Dec/2023:01:08:59 -0500] "GET /sipse/faces/javax.faces.resource/jquery/jquery.js?ln=primefaces&v=4.0 HTTP/1.1" 304 -
186.155.168.86 - - [22/Dec/2023:01:08:59 -0500] "GET /sipse/faces/javax.faces.resource/jquery/jquery-plugins.js?ln=primefaces&v=4.0 HTTP/1.1" 304 -
186.155.168.86 - - [22/Dec/2023:01:08:59 -0500] "GET /sipse/faces/javax.faces.resource/primefaces.js?ln=primefaces&v=4.0 HTTP/1.1" 304 -
186.155.168.86 - - [22/Dec/2023:01:08:59 -0500] "GET /sipse/faces/javax.faces.resource/layout/layout.js?ln=primefaces&v=4.0 HTTP/1.1" 304 -
186.155.168.86 - - [22/Dec/2023:01:09:02 -0500] "POST /sipse/faces/presentacion/financiero/solicitudProceso/consultarSolicitudProceso.xhtml HTTP/1.1" 200 142922
156.59.198.135 - - [22/Dec/2023:01:09:06 -0500] "GET /BLA/resoluciones/RESOLUCIONES%202017/1625.pdf HTTP/1.0" 200 1026675
190.90.132.140 - - [22/Dec/2023:01:09:25 -0500] "POST /sipse/faces/presentacion/financiero/solicitudProceso/listarSolicitudProceso.xhtml HTTP/1.1" 200 6133
190.90.132.140 - - [22/Dec/2023:01:09:28 -0500] "POST /sipse/faces/presentacion/financiero/solicitudProceso/listarSolicitudProceso.xhtml HTTP/1.1" 200 109306
190.90.132.140 - - [22/Dec/2023:01:09:29 -0500] "GET /sipse/faces/javax.faces.resource/jquery/jquery.js?ln=primefaces&v=4.0 HTTP/1.1" 304 -
190.90.132.140 - - [22/Dec/2023:01:09:30 -0500] "GET /sipse/faces/javax.faces.resource/jquery/jquery-plugins.js?ln=primefaces&v=4.0 HTTP/1.1" 304 -
190.90.132.140 - - [22/Dec/2023:01:09:30 -0500] "GET /sipse/faces/javax.faces.resource/primefaces.js?ln=primefaces&v=4.0 HTTP/1.1" 304 -
190.90.132.140 - - [22/Dec/2023:01:09:30 -0500] "GET /sipse/faces/javax.faces.resource/layout/layout.js?ln=primefaces&v=4.0 HTTP/1.1" 304 -
156.59.198.135 - - [22/Dec/2023:01:09:30 -0500] "GET /BLA/resoluciones/RESOLUCIONES%202017/3506.pdf HTTP/1.0" 200 301537
190.90.132.140 - - [22/Dec/2023:01:09:35 -0500] "POST /sipse/faces/presentacion/financiero/solicitudProceso/consultarSolicitudProceso.xhtml HTTP/1.1" 200 37392
190.90.132.140 - - [22/Dec/2023:01:09:37 -0500] "GET /sipse/faces/javax.faces.resource/jquery/jquery.js?ln=primefaces&v=4.0 HTTP/1.1" 304 -
190.90.132.140 - - [22/Dec/2023:01:09:37 -0500] "GET /sipse/faces/javax.faces.resource/jquery/jquery-plugins.js?ln=primefaces&v=4.0 HTTP/1.1" 304 -
190.90.132.140 - - [22/Dec/2023:01:09:37 -0500] "GET /sipse/faces/javax.faces.resource/primefaces.js?ln=primefaces&v=4.0 HTTP/1.1" 304 -
190.90.132.140 - - [22/Dec/2023:01:09:37 -0500] "GET /sipse/faces/javax.faces.resource/layout/layout.js?ln=primefaces&v=4.0 HTTP/1.1" 304 -
190.90.132.140 - - [22/Dec/2023:01:09:37 -0500] "POST /sipse/faces/presentacion/financiero/solicitudProceso/listarSolicitudProceso.xhtml HTTP/1.1" 200 1400
172.22.2.4 - - [22/Dec/2023:01:07:58 -0500] "GET /BLA/boletinlegal/ HTTP/1.1" 200 60502
156.59.198.135 - - [22/Dec/2023:01:09:54 -0500] "GET /BLA/resoluciones/RESOLUCIONES%202007/RES%202007%202101%20AL%202200/RESOLUCION%202142%20DE%202007.pdf HTTP/1.0" 200 627565
156.59.198.135 - - [22/Dec/2023:01:10:19 -0500] "GET /BLA/resoluciones/RESOLUCIONES%202007/RES%202007%202401%20AL%202500/RESOLUCION%202484%20DE%202007.pdf HTTP/1.0" 200 559989
216.245.221.92 - - [22/Dec/2023:01:10:30 -0500] "HEAD / HTTP/1.1" 200 -
156.59.198.135 - - [22/Dec/2023:01:10:44 -0500] "GET /BLA/resoluciones/RESOLUCIONES%202017/2869.pdf HTTP/1.0" 200 280964
167.0.152.142 - - [22/Dec/2023:01:10:45 -0500] "GET /sipse/faces/faces/index.xhtml HTTP/1.1" 200 677
167.0.152.142 - - [22/Dec/2023:01:10:45 -0500] "GET /sipse/faces/javax.faces.resource/theme.css?ln=primefaces-sipse HTTP/1.1" 304 -
167.0.152.142 - - [22/Dec/2023:01:10:45 -0500] "GET /favicon.ico HTTP/1.1" 200 7782
167.0.152.142 - - [22/Dec/2023:01:10:45 -0500] "GET /sipse/faces/faces/faces/autenticacion.xhtml HTTP/1.1" 200 12407
167.0.152.142 - - [22/Dec/2023:01:10:45 -0500] "GET /sipse/faces/javax.faces.resource/theme.css?ln=primefaces-sipse HTTP/1.1" 304 -
167.0.152.142 - - [22/Dec/2023:01:10:45 -0500] "GET /sipse/faces/javax.faces.resource/primefaces.css?ln=primefaces&v=4.0 HTTP/1.1" 304 -
167.0.152.142 - - [22/Dec/2023:01:10:45 -0500] "GET /sipse/faces/javax.faces.resource/layout/layout.css?ln=primefaces&v=4.0 HTTP/1.1" 304 -
167.0.152.142 - - [22/Dec/2023:01:10:45 -0500] "GET /sipse/faces/javax.faces.resource/jquery/jquery.js?ln=primefaces&v=4.0 HTTP/1.1" 304 -
167.0.152.142 - - [22/Dec/2023:01:10:45 -0500] "GET /sipse/faces/javax.faces.resource/jquery/jquery-plugins.js?ln=primefaces&v=4.0 HTTP/1.1" 304 -
167.0.152.142 - - [22/Dec/2023:01:10:45 -0500] "GET /sipse/faces/javax.faces.resource/primefaces.js?ln=primefaces&v=4.0 HTTP/1.1" 304 -
167.0.152.142 - - [22/Dec/2023:01:10:45 -0500] "GET /sipse/faces/javax.faces.resource/layout/layout.js?ln=primefaces&v=4.0 HTTP/1.1" 304 -
167.0.152.142 - - [22/Dec/2023:01:10:46 -0500] "GET /sipse/faces/javax.faces.resource/images/ui-icons_898989_256x240.png?ln=primefaces-aristo HTTP/1.1" 304 -
167.0.152.142 - - [22/Dec/2023:01:10:51 -0500] "POST /sipse/faces/autenticacion.xhtml HTTP/1.1" 200 16165
167.0.152.142 - - [22/Dec/2023:01:10:51 -0500] "GET /sipse/css/custom_css_sg_prime.css HTTP/1.1" 200 5201
167.0.152.142 - - [22/Dec/2023:01:10:51 -0500] "GET /sipse/faces/javax.faces.resource/theme.css?ln=primefaces-sipse HTTP/1.1" 304 -
167.0.152.142 - - [22/Dec/2023:01:10:51 -0500] "GET /sipse/faces/javax.faces.resource/primefaces.css?ln=primefaces&v=4.0 HTTP/1.1" 304 -
167.0.152.142 - - [22/Dec/2023:01:10:51 -0500] "GET /sipse/faces/javax.faces.resource/layout/layout.css?ln=primefaces&v=4.0 HTTP/1.1" 304 -
167.0.152.142 - - [22/Dec/2023:01:10:51 -0500] "GET /sipse/js/jquery.min.js HTTP/1.1" 200 85582
167.0.152.142 - - [22/Dec/2023:01:10:52 -0500] "GET /sipse/faces/javax.faces.resource/jquery/jquery.js?ln=primefaces&v=4.0 HTTP/1.1" 304 -
167.0.152.142 - - [22/Dec/2023:01:10:52 -0500] "GET /sipse/faces/javax.faces.resource/jquery/jquery-plugins.js?ln=primefaces&v=4.0 HTTP/1.1" 304 -
167.0.152.142 - - [22/Dec/2023:01:10:52 -0500] "GET /sipse/faces/javax.faces.resource/primefaces.js?ln=primefaces&v=4.0 HTTP/1.1" 304 -
167.0.152.142 - - [22/Dec/2023:01:10:52 -0500] "GET /sipse/faces/javax.faces.resource/layout/layout.js?ln=primefaces&v=4.0 HTTP/1.1" 304 -
167.0.152.142 - - [22/Dec/2023:01:10:52 -0500] "GET /sipse/css/v_mergente.css HTTP/1.1" 200 1505
167.0.152.142 - - [22/Dec/2023:01:10:52 -0500] "GET /sipse/css/imagen/contrasena.png HTTP/1.1" 404 383
167.0.152.142 - - [22/Dec/2023:01:10:52 -0500] "GET /sipse/imagenes/cargando.gif HTTP/1.1" 200 36959
167.0.152.142 - - [22/Dec/2023:01:10:52 -0500] "GET /sipse/faces/javax.faces.resource/messages/messages.png?ln=primefaces&v=4.0 HTTP/1.1" 304 -
167.0.152.142 - - [22/Dec/2023:01:10:52 -0500] "GET /sipse/imagenes/logoAplicacion.jpg HTTP/1.1" 200 155084
167.0.152.142 - - [22/Dec/2023:01:10:55 -0500] "GET /sipse/faces/javax.faces.resource/images/ui-bg_flat_0_2d5972_40x100.png?ln=primefaces-aristo HTTP/1.1" 304 -
167.0.152.142 - - [22/Dec/2023:01:10:55 -0500] "POST /sipse/faces/bienvenido.xhtml HTTP/1.1" 200 1471
167.0.152.142 - - [22/Dec/2023:01:10:56 -0500] "POST /sipse/faces/bienvenido.xhtml HTTP/1.1" 200 63135
167.0.152.142 - - [22/Dec/2023:01:10:57 -0500] "GET /sipse/faces/javax.faces.resource/theme.css?ln=primefaces-sipse HTTP/1.1" 304 -
167.0.152.142 - - [22/Dec/2023:01:10:57 -0500] "GET /sipse/faces/javax.faces.resource/primefaces.css?ln=primefaces&v=4.0 HTTP/1.1" 304 -
167.0.152.142 - - [22/Dec/2023:01:10:57 -0500] "GET /sipse/faces/javax.faces.resource/layout/layout.css?ln=primefaces&v=4.0 HTTP/1.1" 304 -
167.0.152.142 - - [22/Dec/2023:01:10:57 -0500] "GET /sipse/faces/javax.faces.resource/jquery/jquery.js?ln=primefaces&v=4.0 HTTP/1.1" 304 -
167.0.152.142 - - [22/Dec/2023:01:10:57 -0500] "GET /sipse/faces/javax.faces.resource/jquery/jquery-plugins.js?ln=primefaces&v=4.0 HTTP/1.1" 304 -
167.0.152.142 - - [22/Dec/2023:01:10:57 -0500] "GET /sipse/faces/javax.faces.resource/primefaces.js?ln=primefaces&v=4.0 HTTP/1.1" 304 -
167.0.152.142 - - [22/Dec/2023:01:10:57 -0500] "GET /sipse/faces/javax.faces.resource/layout/layout.js?ln=primefaces&v=4.0 HTTP/1.1" 304 -
167.0.152.142 - - [22/Dec/2023:01:10:57 -0500] "POST /sipse/faces/presentacion/financiero/solicitudProceso/listarSolicitudProceso.xhtml HTTP/1.1" 200 1556
156.59.198.136 - - [22/Dec/2023:01:11:08 -0500] "GET /BLA/resoluciones/RESOLUCIONES%202017/0568.pdf HTTP/1.0" 200 692967
156.59.198.135 - - [22/Dec/2023:01:11:32 -0500] "GET /BLA/resoluciones/RESOLUCIONES%202017/0567.pdf HTTP/1.0" 200 345731
156.59.198.136 - - [22/Dec/2023:01:11:56 -0500] "GET /BLA/resoluciones/RESOLUCIONES%202017/1108.pdf HTTP/1.0" 200 817229
167.0.152.142 - - [22/Dec/2023:01:12:07 -0500] "POST /sipse/faces/presentacion/financiero/solicitudProceso/listarSolicitudProceso.xhtml HTTP/1.1" 200 33100
167.0.152.142 - - [22/Dec/2023:01:12:07 -0500] "POST /sipse/faces/presentacion/financiero/solicitudProceso/listarSolicitudProceso.xhtml HTTP/1.1" 200 32915
167.0.152.142 - - [22/Dec/2023:01:12:08 -0500] "POST /sipse/faces/presentacion/financiero/solicitudProceso/listarSolicitudProceso.xhtml HTTP/1.1" 200 14615
167.0.152.142 - - [22/Dec/2023:01:12:10 -0500] "POST /sipse/faces/presentacion/financiero/solicitudProceso/listarSolicitudProceso.xhtml HTTP/1.1" 200 5510
156.59.198.135 - - [22/Dec/2023:01:12:21 -0500] "GET /BLA/resoluciones/RESOLUCIONES%202017/0228.pdf HTTP/1.0" 200 465922
167.0.152.142 - - [22/Dec/2023:01:12:20 -0500] "POST /sipse/faces/presentacion/financiero/solicitudProceso/listarSolicitudProceso.xhtml HTTP/1.1" 200 113282
167.0.152.142 - - [22/Dec/2023:01:12:21 -0500] "GET /sipse/faces/javax.faces.resource/theme.css?ln=primefaces-sipse HTTP/1.1" 304 -
167.0.152.142 - - [22/Dec/2023:01:12:21 -0500] "GET /sipse/faces/javax.faces.resource/primefaces.css?ln=primefaces&v=4.0 HTTP/1.1" 304 -
167.0.152.142 - - [22/Dec/2023:01:12:21 -0500] "GET /sipse/faces/javax.faces.resource/layout/layout.css?ln=primefaces&v=4.0 HTTP/1.1" 304 -
167.0.152.142 - - [22/Dec/2023:01:12:21 -0500] "GET /sipse/faces/javax.faces.resource/jquery/jquery.js?ln=primefaces&v=4.0 HTTP/1.1" 304 -
167.0.152.142 - - [22/Dec/2023:01:12:21 -0500] "GET /sipse/faces/javax.faces.resource/jquery/jquery-plugins.js?ln=primefaces&v=4.0 HTTP/1.1" 304 -
167.0.152.142 - - [22/Dec/2023:01:12:21 -0500] "GET /sipse/faces/javax.faces.resource/primefaces.js?ln=primefaces&v=4.0 HTTP/1.1" 304 -
167.0.152.142 - - [22/Dec/2023:01:12:21 -0500] "GET /sipse/faces/javax.faces.resource/layout/layout.js?ln=primefaces&v=4.0 HTTP/1.1" 304 -
186.102.10.202 - - [22/Dec/2023:01:12:30 -0500] "GET /kwssiamovil/sm/acme/a?s=U2FsdGVkX1/Hbvr3MLL6ksZyMf4jyA4wgqwNn41Yw3hhpIYpFT61DkoWYoI80T2jQYZWt85K+wYOLCoJnXl+K1Rilys5k65WdYYCc1NC7T1Rj06S75/vJtxqTdNxD++9scOeqMKxddLVqyxXanRcaT4aMoeq0tg8kRy5G9Ttoua51JWj4b9m8QFz+z/xoyCS1iBSE2qnCyU36tVNwCVyDbj/N22yO5M7GalJtY3DP54KIAuNUDddmWO3SNQv02CKrKEEN/EC2fwYH7OMY9jXEQ==&u=U2FsdGVkX18tK3cj1JrOvfTG2d+Gu7mcb/NvmXO1cHU=&y=U2FsdGVkX1+2MRz6Kh5AfDuVxE5k/k/jlgE/YAHrTz3XyRbo3/cgABusep0vP5Kd HTTP/1.1" 200 26
186.102.10.202 - - [22/Dec/2023:01:12:30 -0500] "GET /kwssiamovil/sm/acme/a?s=U2FsdGVkX1887jWUgrBQwuJa2oyNRZMmPTjSf94ep8vHadAIFtlcsg1T2BUhUDGj5/vWbEHTEjBUpuVlVaUZ3Xv5PdeIkdZJxlXXPB/trgt1/WW2oNjx0wzYT09+poPPp/IvPqpcDyB1YyiknV48hs+cbamBH37d4USpZAih6l+fFvnH+fqbgT1MdtiICAdcutotfr+5GJKLvDahR4bHBqiyhtNFcNGF6G4s+nr2A+a7PRFw5+RJ4gSNZk5pFlHsVUfWDiQ7hrFIYl4MOLMSReQQuI2/oWpMzDsXEiXPQxn7YFG9n01UrMrZk98H9JTBn6ciHYxfdX17tWY6LlErmagiC28ZAOti8TX1hhHG6m/dCN8e916zUHwNU9tTIZhV4c3i5AzclORCqsQOKbXIt5OUOTo8RjgL27cpbMAZ2HONnRWs1zi06wIsrRwHecwg8nRfB3JJ9avRrTN7Rx0tXb/+3r6Jn3TupMqTEc7xjWUMCFl/shfg5lKigQtFiy0TJRbXSUbfd/EqDnIqQFbZ8sv8NmyuCWaYPU5zE5n+xYiQSxAWMJFJSiXwiMwM25hM1RJqlTYpevF5jRjgE80agqsoJxtL7Yd19ndoHvvUXQhZd/kX34tugSE3t4ONUBHMxgbK5inBybh31TrvziquEwzpxLYXjKvxeuz4gr8Xjjp081K6AQGN+Yb86tss9//z7+vJmg65+VCbVXXoDz5QcGDPFxNMMfEjpvEXZgAJ8m81ubq4ifdHJGEl2I/vOx2jAuZX7zVrsqWgGU/Ji67f0LEr15n0BtA1/qm3prXlSYWch5xt8gu9aE0JCUCAws9XJR/35MUPOxjAvhmaQJOX2srWpd8X8TpR6CN8Hj4Hsysv3dTrUthhsISQXeuhfSdLEVgBqCbOkLTGriol5F9x7YwBswNZkkB4ToP/RbTk38ukrgbFBewNyILj+usw3wrPErVt1aoHaXwOUn5J7erRQr+Wki0K25K7MLtv/RsTfGHqfT4HuRpzGTQUFXR80m2kiVI91L4HeaWpQChNPI8F+O5ta7rp0BxKaDcAvcELw8/dJrRIMbHdoTF6WHunYZPPY9C3L7+OYVU/kbzBa7CuR/aY43EJDf0uNxZIbhNYy7q0855Urj/mnuMeDaXni6soRUVDtCsZ+hYpbBFeCM18GSQubGRIUTzdtyaPl8c//rJvUEDK13QTDrU0RLCKsDbzCU1douWsXI5rscMojInK89Z3FuUPNzKkH4ZhLRrtAh8DpZ1sjvgVClUCeV+t3G9ZFzlYMomvSgCy5qGSKSNXq4vX+ICwGdbZk3XTWQdj363nH4zIny3xJfU7SzfR2D5i07fbFqoWAfQc6auKgyhomwSQOrL4ys3D45E0VAqPfGwB+2hwW/7aawbuOpHSLQPrTyzilSwta+TPlSSN4fXFzsc9w94gBIUUT2WjJ7J0+ho7GF5urAIJzJf34e5gnmECqefTdxoI+4zNYrkBtsjjiXS48kC+kA6naIhPYSjBBj09MTqjYS9cyXdTkf0Md0rMWtWROXojaay4Uzx5rU7mEB+523ugeNmZJ84NhorINsll0UFReXAHJ5EtJtRPRFATDFayoLuIjFspBTEr2aP2FK3DPkryg7LdIqgJhFEdrmmLX8NiJtwwzwdSprYQSEDU2MM8UgmMEZyymxm4zsv2/H+DXLA9yLcT41hUpkkp21MccMamx8FHzBjSAuKXmWkwWEbDG9d/YOuA6sqSFYuWS+ctzp6sFJ5ldLzOUejuT0HLPmVUgN0CoWgDN2pPeiOf4MdIH7kpwFEhZnwakHfJw7qNKpANbwTUpecCtijcyubCW9DOddG5enexU3Op9JHvhr05NrrtMJjXYE7WsDAk7k5B22vjP8RhMgVuCe+rGLgqUZ6CYog1/nT/SiCFAhwdPbh/+O9Y8LM5vLAFK5KA+nqA/Zb707U97gD9nGDf6p5CoTDVEjMQxRZYmsPli6Qqqft8/iZHS9QSQ+IKHC9vbKfPavXP5uYqkbELcKZZkdxefYTbX4No5YiC6+n6S7oBDHGa3nsVghFplVUK1Js0iw==&u=U2FsdGVkX18tK3cj1JrOvfTG2d+Gu7mcb/NvmXO1cHU=&y=U2FsdGVkX1+2MRz6Kh5AfDuVxE5k/k/jlgE/YAHrTz3XyRbo3/cgABusep0vP5Kd HTTP/1.1" 200 26
186.102.10.202 - - [22/Dec/2023:01:12:31 -0500] "GET /kwssiamovil/sm/acme/a?s=U2FsdGVkX1/80yrGp67eUedZOzU9pQSgJDRaMqzY3Nl6NLZvmne0sQL6yEEo0lQgolCV2BLejxt5FrZd0ZbER27PF27l2LffQLP5emY82+X+GvulLixfMKmfUOguRrdhxB7XgxHn5xQXZzqzan1ipC32CgzkeUvb9Fk0jY8XD7w=&u=U2FsdGVkX18tK3cj1JrOvfTG2d+Gu7mcb/NvmXO1cHU=&y=U2FsdGVkX1+2MRz6Kh5AfDuVxE5k/k/jlgE/YAHrTz3XyRbo3/cgABusep0vP5Kd HTTP/1.1" 200 26
186.102.10.202 - - [22/Dec/2023:01:12:31 -0500] "GET /kwssiamovil/sm/acme/a?s=U2FsdGVkX19TyL8jh+vSZS7b2xY6nsLc40niSqUANaQ7SXPAryTnrITDDbctwQ0q5Y4rEmgxFcdeczCi5myB6PO1+XTMLblgVyQsNpQ9SLxbpVteFhuB1GbYRbExsZfz0fglGeNYkR2l+wsT46YMkPlNWWBQrD3mZKsMKzwAKAA=&u=U2FsdGVkX18tK3cj1JrOvfTG2d+Gu7mcb/NvmXO1cHU=&y=U2FsdGVkX1+2MRz6Kh5AfDuVxE5k/k/jlgE/YAHrTz3XyRbo3/cgABusep0vP5Kd HTTP/1.1" 200 26
186.102.10.202 - - [22/Dec/2023:01:12:31 -0500] "GET /kwssiamovil/sm/acme/a?s=U2FsdGVkX1+2c6uWlkSGK2GvuEPw7SgfpQPvsNCEQZVy6n8yPhPO8dWE4qcikZoBGlnLh6yGPWAqPmwpvfBLGLi1QTxsi4aeA/nYnGWO43E6I1yHUMyb+ILQ0/NKK2zaCHXyjWzNWtBouOS8DCiT5yLD7HIZJ24A5D9TJ6r2wnk=&u=U2FsdGVkX18tK3cj1JrOvfTG2d+Gu7mcb/NvmXO1cHU=&y=U2FsdGVkX1+2MRz6Kh5AfDuVxE5k/k/jlgE/YAHrTz3XyRbo3/cgABusep0vP5Kd HTTP/1.1" 200 26
186.102.10.202 - - [22/Dec/2023:01:12:31 -0500] "GET /kwssiamovil/sm/acme/a?s=U2FsdGVkX18u/cnUPxksS5MPrr5pvdRVr4Bpw5wZwgKrkG/0bUiI0cQRlFe/qgUMwHnV2bfTrVeUBCmL4aeu3v2A2w4kshdmuNOoX8wvo+xg44EB2ePwdcM+zwDBk4R36MJSdf/Qrqbu4OVjgzF4wACRH1aoxfnneAurwwe+KXEccKguNjboBxhpipMShmBwEj8Nfl2jaIBHO2TeWy25HQ==&u=U2FsdGVkX18tK3cj1JrOvfTG2d+Gu7mcb/NvmXO1cHU=&y=U2FsdGVkX1+2MRz6Kh5AfDuVxE5k/k/jlgE/YAHrTz3XyRbo3/cgABusep0vP5Kd HTTP/1.1" 200 26
156.59.198.136 - - [22/Dec/2023:01:12:46 -0500] "GET /BLA/resoluciones/RESOLUCIONES%202007/RES%202007%202401%20AL%202500/RESOLUCION%202463%20%20DE%202007.pdf HTTP/1.0" 200 175549
181.56.171.197 - - [22/Dec/2023:01:12:50 -0500] "GET /sipse/faces/index.xhtml HTTP/1.1" 200 677
181.56.171.197 - - [22/Dec/2023:01:12:50 -0500] "GET /sipse/faces/javax.faces.resource/theme.css?ln=primefaces-sipse HTTP/1.1" 304 -
181.56.171.197 - - [22/Dec/2023:01:12:51 -0500] "GET /sipse/faces/faces/autenticacion.xhtml HTTP/1.1" 200 12416
181.56.171.197 - - [22/Dec/2023:01:12:51 -0500] "GET /sipse/css/custom_css_sg_prime_login.css HTTP/1.1" 200 443
181.56.171.197 - - [22/Dec/2023:01:12:51 -0500] "GET /sipse/faces/javax.faces.resource/layout/layout.css?ln=primefaces&v=4.0 HTTP/1.1" 304 -
181.56.171.197 - - [22/Dec/2023:01:12:51 -0500] "GET /sipse/faces/javax.faces.resource/theme.css?ln=primefaces-sipse HTTP/1.1" 304 -
181.56.171.197 - - [22/Dec/2023:01:12:51 -0500] "GET /sipse/faces/javax.faces.resource/primefaces.css?ln=primefaces&v=4.0 HTTP/1.1" 304 -
181.56.171.197 - - [22/Dec/2023:01:12:51 -0500] "GET /sipse/faces/javax.faces.resource/jquery/jquery.js?ln=primefaces&v=4.0 HTTP/1.1" 304 -
181.56.171.197 - - [22/Dec/2023:01:12:51 -0500] "GET /sipse/faces/javax.faces.resource/jquery/jquery-plugins.js?ln=primefaces&v=4.0 HTTP/1.1" 304 -
181.56.171.197 - - [22/Dec/2023:01:12:51 -0500] "GET /sipse/faces/javax.faces.resource/primefaces.js?ln=primefaces&v=4.0 HTTP/1.1" 304 -
181.56.171.197 - - [22/Dec/2023:01:12:51 -0500] "GET /sipse/faces/javax.faces.resource/layout/layout.js?ln=primefaces&v=4.0 HTTP/1.1" 304 -
181.56.171.197 - - [22/Dec/2023:01:12:51 -0500] "GET /sipse/faces/javax.faces.resource/images/ui-icons_898989_256x240.png?ln=primefaces-aristo HTTP/1.1" 200 5355
181.56.171.197 - - [22/Dec/2023:01:12:51 -0500] "GET /sipse/css/imagen/logoSDG.png HTTP/1.1" 200 53064
181.56.171.197 - - [22/Dec/2023:01:12:51 -0500] "GET /sipse/css/imagen/loginimg.png HTTP/1.1" 200 71635
167.0.152.142 - - [22/Dec/2023:01:12:55 -0500] "POST /sipse/faces/presentacion/financiero/solicitudProceso/consultarSolicitudProceso.xhtml HTTP/1.1" 200 19317
167.0.152.142 - - [22/Dec/2023:01:12:55 -0500] "GET /sipse/faces/javax.faces.resource/theme.css?ln=primefaces-sipse HTTP/1.1" 304 -
167.0.152.142 - - [22/Dec/2023:01:12:55 -0500] "GET /sipse/faces/javax.faces.resource/primefaces.css?ln=primefaces&v=4.0 HTTP/1.1" 304 -
167.0.152.142 - - [22/Dec/2023:01:12:55 -0500] "GET /sipse/faces/javax.faces.resource/layout/layout.css?ln=primefaces&v=4.0 HTTP/1.1" 304 -
167.0.152.142 - - [22/Dec/2023:01:12:55 -0500] "GET /sipse/faces/javax.faces.resource/fileupload/fileupload.css?ln=primefaces&v=4.0 HTTP/1.1" 304 -
167.0.152.142 - - [22/Dec/2023:01:12:55 -0500] "GET /sipse/faces/javax.faces.resource/jquery/jquery.js?ln=primefaces&v=4.0 HTTP/1.1" 304 -
167.0.152.142 - - [22/Dec/2023:01:12:55 -0500] "GET /sipse/faces/javax.faces.resource/jquery/jquery-plugins.js?ln=primefaces&v=4.0 HTTP/1.1" 304 -
167.0.152.142 - - [22/Dec/2023:01:12:55 -0500] "GET /sipse/faces/javax.faces.resource/primefaces.js?ln=primefaces&v=4.0 HTTP/1.1" 304 -
167.0.152.142 - - [22/Dec/2023:01:12:55 -0500] "GET /sipse/faces/javax.faces.resource/layout/layout.js?ln=primefaces&v=4.0 HTTP/1.1" 304 -
167.0.152.142 - - [22/Dec/2023:01:12:55 -0500] "GET /sipse/faces/javax.faces.resource/fileupload/fileupload.js?ln=primefaces&v=4.0 HTTP/1.1" 304 -
181.56.171.197 - - [22/Dec/2023:01:12:58 -0500] "POST /sipse/faces/autenticacion.xhtml HTTP/1.1" 200 2220
181.56.171.197 - - [22/Dec/2023:01:12:58 -0500] "GET /sipse/faces/javax.faces.resource/messages/messages.png?ln=primefaces&v=4.0 HTTP/1.1" 304 -
181.56.171.197 - - [22/Dec/2023:01:13:00 -0500] "POST /sipse/faces/autenticacion.xhtml HTTP/1.1" 200 16375
181.56.171.197 - - [22/Dec/2023:01:13:00 -0500] "GET /sipse/faces/javax.faces.resource/theme.css?ln=primefaces-sipse HTTP/1.1" 304 -
181.56.171.197 - - [22/Dec/2023:01:13:00 -0500] "GET /sipse/faces/javax.faces.resource/primefaces.css?ln=primefaces&v=4.0 HTTP/1.1" 304 -
181.56.171.197 - - [22/Dec/2023:01:13:00 -0500] "GET /sipse/faces/javax.faces.resource/layout/layout.css?ln=primefaces&v=4.0 HTTP/1.1" 304 -
181.56.171.197 - - [22/Dec/2023:01:13:00 -0500] "GET /sipse/faces/javax.faces.resource/jquery/jquery.js?ln=primefaces&v=4.0 HTTP/1.1" 304 -
181.56.171.197 - - [22/Dec/2023:01:13:00 -0500] "GET /sipse/faces/javax.faces.resource/jquery/jquery-plugins.js?ln=primefaces&v=4.0 HTTP/1.1" 304 -
181.56.171.197 - - [22/Dec/2023:01:13:00 -0500] "GET /sipse/faces/javax.faces.resource/primefaces.js?ln=primefaces&v=4.0 HTTP/1.1" 304 -
181.56.171.197 - - [22/Dec/2023:01:13:00 -0500] "GET /sipse/faces/javax.faces.resource/layout/layout.js?ln=primefaces&v=4.0 HTTP/1.1" 304 -
181.56.171.197 - - [22/Dec/2023:01:13:00 -0500] "GET /sipse/css/v_mergente.css HTTP/1.1" 200 1505
181.56.171.197 - - [22/Dec/2023:01:13:00 -0500] "GET /sipse/css/imagen/contrasena.png HTTP/1.1" 404 383
181.56.171.197 - - [22/Dec/2023:01:13:00 -0500] "GET /sipse/imagenes/cargando.gif HTTP/1.1" 200 36959
181.56.171.197 - - [22/Dec/2023:01:13:00 -0500] "GET /sipse/imagenes/logoAplicacion.jpg HTTP/1.1" 200 155084
181.56.171.197 - - [22/Dec/2023:01:13:02 -0500] "GET /sipse/faces/javax.faces.resource/images/ui-bg_flat_0_2d5972_40x100.png?ln=primefaces-aristo HTTP/1.1" 304 -
181.56.171.197 - - [22/Dec/2023:01:13:02 -0500] "POST /sipse/faces/bienvenido.xhtml HTTP/1.1" 200 2658
181.56.171.197 - - [22/Dec/2023:01:13:03 -0500] "POST /sipse/faces/bienvenido.xhtml HTTP/1.1" 200 65085
181.56.171.197 - - [22/Dec/2023:01:13:04 -0500] "GET /sipse/faces/javax.faces.resource/theme.css?ln=primefaces-sipse HTTP/1.1" 304 -
181.56.171.197 - - [22/Dec/2023:01:13:04 -0500] "GET /sipse/faces/javax.faces.resource/primefaces.css?ln=primefaces&v=4.0 HTTP/1.1" 304 -
181.56.171.197 - - [22/Dec/2023:01:13:04 -0500] "GET /sipse/faces/javax.faces.resource/jquery/jquery.js?ln=primefaces&v=4.0 HTTP/1.1" 304 -
181.56.171.197 - - [22/Dec/2023:01:13:04 -0500] "GET /sipse/faces/javax.faces.resource/layout/layout.css?ln=primefaces&v=4.0 HTTP/1.1" 304 -
181.56.171.197 - - [22/Dec/2023:01:13:04 -0500] "GET /sipse/faces/javax.faces.resource/jquery/jquery-plugins.js?ln=primefaces&v=4.0 HTTP/1.1" 304 -
181.56.171.197 - - [22/Dec/2023:01:13:04 -0500] "GET /sipse/faces/javax.faces.resource/primefaces.js?ln=primefaces&v=4.0 HTTP/1.1" 304 -
181.56.171.197 - - [22/Dec/2023:01:13:04 -0500] "GET /sipse/faces/javax.faces.resource/layout/layout.js?ln=primefaces&v=4.0 HTTP/1.1" 304 -
181.56.171.197 - - [22/Dec/2023:01:13:04 -0500] "POST /sipse/faces/presentacion/financiero/solicitudProceso/listarSolicitudProceso.xhtml HTTP/1.1" 200 1556
201.245.192.253 - - [22/Dec/2023:01:13:01 -0500] "POST /kwsrmcab/Wsrmcab  HTTP/1.1" 200 40220
181.56.171.197 - - [22/Dec/2023:01:13:08 -0500] "POST /sipse/faces/presentacion/financiero/solicitudProceso/listarSolicitudProceso.xhtml HTTP/1.1" 200 59035
181.56.171.197 - - [22/Dec/2023:01:13:09 -0500] "GET /sipse/faces/javax.faces.resource/theme.css?ln=primefaces-sipse HTTP/1.1" 304 -
181.56.171.197 - - [22/Dec/2023:01:13:09 -0500] "GET /sipse/faces/javax.faces.resource/layout/layout.css?ln=primefaces&v=4.0 HTTP/1.1" 304 -
181.56.171.197 - - [22/Dec/2023:01:13:09 -0500] "GET /sipse/faces/javax.faces.resource/primefaces.css?ln=primefaces&v=4.0 HTTP/1.1" 304 -
181.56.171.197 - - [22/Dec/2023:01:13:09 -0500] "GET /sipse/faces/javax.faces.resource/jquery/jquery.js?ln=primefaces&v=4.0 HTTP/1.1" 304 -
181.56.171.197 - - [22/Dec/2023:01:13:09 -0500] "GET /sipse/faces/javax.faces.resource/jquery/jquery-plugins.js?ln=primefaces&v=4.0 HTTP/1.1" 304 -
181.56.171.197 - - [22/Dec/2023:01:13:09 -0500] "GET /sipse/faces/javax.faces.resource/primefaces.js?ln=primefaces&v=4.0 HTTP/1.1" 304 -
181.56.171.197 - - [22/Dec/2023:01:13:09 -0500] "GET /sipse/faces/javax.faces.resource/layout/layout.js?ln=primefaces&v=4.0 HTTP/1.1" 304 -
156.59.198.136 - - [22/Dec/2023:01:13:10 -0500] "GET /BLA/resoluciones/RESOLUCIONES%202017/2819.pdf HTTP/1.0" 200 279120
181.56.171.197 - - [22/Dec/2023:01:13:14 -0500] "POST /sipse/faces/presentacion/financiero/solicitudProceso/crearModificarSolicitudProceso.xhtml HTTP/1.1" 200 27313
167.0.152.142 - - [22/Dec/2023:01:13:23 -0500] "GET /sipse/faces/javax.faces.resource/theme.css?ln=primefaces-sipse HTTP/1.1" 304 -
167.0.152.142 - - [22/Dec/2023:01:13:23 -0500] "GET /sipse/faces/javax.faces.resource/primefaces.css?ln=primefaces&v=4.0 HTTP/1.1" 304 -
167.0.152.142 - - [22/Dec/2023:01:13:23 -0500] "GET /sipse/faces/javax.faces.resource/layout/layout.css?ln=primefaces&v=4.0 HTTP/1.1" 304 -
167.0.152.142 - - [22/Dec/2023:01:13:23 -0500] "GET /sipse/faces/javax.faces.resource/jquery/jquery.js?ln=primefaces&v=4.0 HTTP/1.1" 304 -
167.0.152.142 - - [22/Dec/2023:01:13:23 -0500] "GET /sipse/faces/javax.faces.resource/jquery/jquery-plugins.js?ln=primefaces&v=4.0 HTTP/1.1" 304 -
167.0.152.142 - - [22/Dec/2023:01:13:23 -0500] "GET /sipse/faces/javax.faces.resource/primefaces.js?ln=primefaces&v=4.0 HTTP/1.1" 304 -
167.0.152.142 - - [22/Dec/2023:01:13:23 -0500] "GET /sipse/faces/javax.faces.resource/layout/layout.js?ln=primefaces&v=4.0 HTTP/1.1" 304 -
167.0.152.142 - - [22/Dec/2023:01:13:22 -0500] "POST /sipse/faces/presentacion/sistema/anexos/cargarAnexoSolicitudProceso.xhtml HTTP/1.1" 200 160676
186.155.168.86 - - [22/Dec/2023:01:13:28 -0500] "POST /sipse/faces/presentacion/financiero/solicitudProceso/consultarSolicitudProceso.xhtml HTTP/1.1" 200 5435
156.59.198.135 - - [22/Dec/2023:01:13:34 -0500] "GET /BLA/resoluciones/RESOLUCIONES%202017/2346.pdf HTTP/1.0" 200 394340
167.0.152.142 - - [22/Dec/2023:01:13:35 -0500] "GET /sipse/faces/javax.faces.resource/theme.css?ln=primefaces-sipse HTTP/1.1" 304 -
167.0.152.142 - - [22/Dec/2023:01:13:35 -0500] "GET /sipse/faces/javax.faces.resource/primefaces.css?ln=primefaces&v=4.0 HTTP/1.1" 304 -
167.0.152.142 - - [22/Dec/2023:01:13:35 -0500] "GET /sipse/faces/javax.faces.resource/jquery/jquery-plugins.js?ln=primefaces&v=4.0 HTTP/1.1" 304 -
167.0.152.142 - - [22/Dec/2023:01:13:35 -0500] "GET /sipse/faces/javax.faces.resource/jquery/jquery.js?ln=primefaces&v=4.0 HTTP/1.1" 304 -
167.0.152.142 - - [22/Dec/2023:01:13:35 -0500] "GET /sipse/faces/javax.faces.resource/layout/layout.css?ln=primefaces&v=4.0 HTTP/1.1" 304 -
167.0.152.142 - - [22/Dec/2023:01:13:35 -0500] "GET /sipse/faces/javax.faces.resource/primefaces.js?ln=primefaces&v=4.0 HTTP/1.1" 304 -
167.0.152.142 - - [22/Dec/2023:01:13:35 -0500] "GET /sipse/faces/javax.faces.resource/layout/layout.js?ln=primefaces&v=4.0 HTTP/1.1" 304 -
167.0.152.142 - - [22/Dec/2023:01:13:34 -0500] "POST /sipse/faces/presentacion/financiero/solicitudProceso/consultarSolicitudProceso.xhtml HTTP/1.1" 200 161282
181.56.171.197 - - [22/Dec/2023:01:13:47 -0500] "POST /sipse/faces/presentacion/financiero/solicitudProceso/crearModificarSolicitudProceso.xhtml HTTP/1.1" 200 9394
167.0.152.142 - - [22/Dec/2023:01:13:51 -0500] "POST /sipse/faces/presentacion/financiero/solicitudProceso/consultarSolicitudProceso.xhtml HTTP/1.1" 200 35389
167.0.152.142 - - [22/Dec/2023:01:13:53 -0500] "GET /sipse/faces/javax.faces.resource/theme.css?ln=primefaces-sipse HTTP/1.1" 304 -
167.0.152.142 - - [22/Dec/2023:01:13:54 -0500] "GET /sipse/faces/javax.faces.resource/primefaces.css?ln=primefaces&v=4.0 HTTP/1.1" 304 -
167.0.152.142 - - [22/Dec/2023:01:13:54 -0500] "GET /sipse/faces/javax.faces.resource/layout/layout.css?ln=primefaces&v=4.0 HTTP/1.1" 304 -
167.0.152.142 - - [22/Dec/2023:01:13:54 -0500] "GET /sipse/faces/javax.faces.resource/jquery/jquery.js?ln=primefaces&v=4.0 HTTP/1.1" 304 -
167.0.152.142 - - [22/Dec/2023:01:13:54 -0500] "GET /sipse/faces/javax.faces.resource/jquery/jquery-plugins.js?ln=primefaces&v=4.0 HTTP/1.1" 304 -
167.0.152.142 - - [22/Dec/2023:01:13:54 -0500] "GET /sipse/faces/javax.faces.resource/primefaces.js?ln=primefaces&v=4.0 HTTP/1.1" 304 -
167.0.152.142 - - [22/Dec/2023:01:13:54 -0500] "GET /sipse/faces/javax.faces.resource/layout/layout.js?ln=primefaces&v=4.0 HTTP/1.1" 304 -
167.0.152.142 - - [22/Dec/2023:01:13:54 -0500] "POST /sipse/faces/presentacion/financiero/solicitudProceso/listarSolicitudProceso.xhtml HTTP/1.1" 200 1400
156.59.198.135 - - [22/Dec/2023:01:13:59 -0500] "GET /BLA/resoluciones/RESOLUCIONES%202017/2053.pdf HTTP/1.0" 200 309223
167.0.152.142 - - [22/Dec/2023:01:14:04 -0500] "POST /sipse/faces/presentacion/financiero/solicitudProceso/listarSolicitudProceso.xhtml HTTP/1.1" 200 33007
167.0.152.142 - - [22/Dec/2023:01:14:04 -0500] "POST /sipse/faces/presentacion/financiero/solicitudProceso/listarSolicitudProceso.xhtml HTTP/1.1" 200 11585
167.0.152.142 - - [22/Dec/2023:01:14:05 -0500] "POST /sipse/faces/presentacion/financiero/solicitudProceso/listarSolicitudProceso.xhtml HTTP/1.1" 200 33007
40.94.20.34 - - [22/Dec/2023:01:14:06 -0500] "GET /bogota-y-cundinamarca-consolidan-pagos-por-servicios-ambientales-con-nueva-firma-para-la-proteccion-del-agua.html HTTP/1.1" 200 821
167.0.152.142 - - [22/Dec/2023:01:14:06 -0500] "POST /sipse/faces/presentacion/financiero/solicitudProceso/listarSolicitudProceso.xhtml HTTP/1.1" 200 8315
167.0.152.142 - - [22/Dec/2023:01:14:21 -0500] "POST /sipse/faces/presentacion/financiero/solicitudProceso/listarSolicitudProceso.xhtml HTTP/1.1" 200 33007
