181.56.171.197 - - [22/Dec/2023:00:28:01 -0500] "POST /sipse/faces/presentacion/financiero/solicitudProceso/consultar.xhtml HTTP/1.1" 200 37101
181.56.171.197 - - [22/Dec/2023:00:28:02 -0500] "POST /sipse/faces/presentacion/financiero/solicitudProceso/consultar.xhtml HTTP/1.1" 200 37101
181.56.171.197 - - [22/Dec/2023:00:28:02 -0500] "POST /sipse/faces/presentacion/financiero/solicitudProceso/consultar.xhtml HTTP/1.1" 200 37101
181.56.171.197 - - [22/Dec/2023:00:28:03 -0500] "POST /sipse/faces/presentacion/financiero/solicitudProceso/consultar.xhtml HTTP/1.1" 200 23073
181.56.171.197 - - [22/Dec/2023:00:28:06 -0500] "POST /sipse/faces/presentacion/financiero/solicitudProceso/consultar.xhtml HTTP/1.1" 200 12873
156.59.198.136 - - [22/Dec/2023:00:28:08 -0500] "GET /BLA/resoluciones/RESOLUCIONES%202017/2585.pdf HTTP/1.0" 200 325941
181.56.171.197 - - [22/Dec/2023:00:28:11 -0500] "POST /sipse/faces/presentacion/financiero/solicitudProceso/consultar.xhtml HTTP/1.1" 200 152621
181.56.171.197 - - [22/Dec/2023:00:28:13 -0500] "GET /sipse/faces/javax.faces.resource/theme.css?ln=primefaces-sipse HTTP/1.1" 304 -
181.56.171.197 - - [22/Dec/2023:00:28:13 -0500] "GET /sipse/faces/javax.faces.resource/layout/layout.css?ln=primefaces&v=4.0 HTTP/1.1" 304 -
181.56.171.197 - - [22/Dec/2023:00:28:13 -0500] "GET /sipse/faces/javax.faces.resource/primefaces.css?ln=primefaces&v=4.0 HTTP/1.1" 304 -
181.56.171.197 - - [22/Dec/2023:00:28:13 -0500] "GET /sipse/faces/javax.faces.resource/jquery/jquery.js?ln=primefaces&v=4.0 HTTP/1.1" 304 -
181.56.171.197 - - [22/Dec/2023:00:28:13 -0500] "GET /sipse/faces/javax.faces.resource/jquery/jquery-plugins.js?ln=primefaces&v=4.0 HTTP/1.1" 304 -
181.56.171.197 - - [22/Dec/2023:00:28:13 -0500] "GET /sipse/faces/javax.faces.resource/primefaces.js?ln=primefaces&v=4.0 HTTP/1.1" 304 -
181.56.171.197 - - [22/Dec/2023:00:28:13 -0500] "GET /sipse/faces/javax.faces.resource/layout/layout.js?ln=primefaces&v=4.0 HTTP/1.1" 304 -
181.56.171.197 - - [22/Dec/2023:00:28:13 -0500] "GET /sipse/css/imagen/contrasena.png HTTP/1.1" 404 383
201.245.192.253 - - [22/Dec/2023:00:28:13 -0500] "POST /kwsrmcab/Wsrmcab  HTTP/1.1" 200 40220
40.77.167.25 - - [22/Dec/2023:00:28:18 -0500] "GET /distrito-recupera-mas-de-20-kilogramos-de-musgo-y-dos-aves-silvestres.html HTTP/1.1" 200 857
181.56.171.197 - - [22/Dec/2023:00:28:24 -0500] "POST /sipse/faces/presentacion/financiero/solicitudProceso/consultarSolicitudProceso.xhtml HTTP/1.1" 200 69569
156.59.198.135 - - [22/Dec/2023:00:28:32 -0500] "GET /BLA/resoluciones/RESOLUCIONES%202017/0352.pdf HTTP/1.0" 200 601818
47.128.98.176 - - [22/Dec/2023:00:28:46 -0500] "GET /robots.txt HTTP/1.1" 404 1035
172.22.2.4 - - [22/Dec/2023:00:27:08 -0500] "GET /BLA/boletinlegal/ HTTP/1.1" 200 58567
156.59.198.135 - - [22/Dec/2023:00:28:57 -0500] "GET /BLA/resoluciones/RESOLUCIONES%202017/0493.pdf HTTP/1.0" 200 325992
66.249.66.19 - - [22/Dec/2023:00:29:01 -0500] "GET /BLA/resoluciones/Notificaciones/AUTOS%202023/3814.pdf HTTP/1.1" 200 413263
186.102.10.202 - - [22/Dec/2023:00:29:02 -0500] "GET /kwssiamovil/sm/acme/a?s=U2FsdGVkX18yo9CqhQW+mW05TkGy8lThjOYB3sjYF3rm+0zxGJAmbYIFoVIAuVPD150G+32ndyH8imAP3Tj6AShbE8RPJqrso3M+ox2MUBSHFyEGJrFomMuguZCHFZnhYQTyy/DuysMS3G7ZPILGOoRYhB/aR/aluPiKHQ5m85jFdCU5x5likl4JpXU1YCEVYIqEYA4cYp26KFyaurwELIi9Beon7BBQEUOUs6zAFqcpRoNge6LCqDqI0+DrYofCDq2QuLHfCNla3PISMMrDqw==&u=U2FsdGVkX18tK3cj1JrOvfTG2d+Gu7mcb/NvmXO1cHU=&y=U2FsdGVkX1+2MRz6Kh5AfDuVxE5k/k/jlgE/YAHrTz3XyRbo3/cgABusep0vP5Kd HTTP/1.1" 200 26
186.102.10.202 - - [22/Dec/2023:00:29:03 -0500] "GET /kwssiamovil/sm/acme/a?s=U2FsdGVkX1/HV88AHDT7GUPVo1pQJQOzhziD+e4L9ev4IO0SNQjKUYW/Hiq3HSTpKakoXYuE3SRG0gGWChKv83SZPTnYyuANl37VQRuPGiLhS0/91Q/rbkaa65sf5JGmYYftvusPFg3I3f9tKPj0FaRn0kNegmbYNDBvTOXPM1OJTsvir1PMo/qT3aSRc7M+ywEQNpOOuPtS4dzqWvkW1wRrC5RX6otY64UpsIxCHnkrkH7EaRW5NNC3AoqtOzjdlNuFq8tseb1xn0nPJ00G3ILgMTxFYybgl/WO98l0t03x0XO66bnJdWE31S/RFh99OXrKqobZUJ0ouAKOF5nc24pPGx/IGud9jCMCHyrJdKIoBhjBMNfM9d76c7i9G+nMA3m/81QAoimyo3ev8vNJJJIigcHnHYmwaMFBR9+B2orMWb7/2mcMoOkHBlxKgOLtXYO8+ebXOo+TowzXVohrar2XwrM+uc2UE1Sxb6x7GSAZGTVnRSakb4JJSSiT4IJzEdVO0OPBOD9M0K2LsIrKdWZHelayTn6nRakiWPttbsxF5U4DvhaKGMOMpKxIfAo4CXtSstmzVzxmMoDtI7LVuUckR8ZdQuGnDr3/QGhuZwyrPKLHkz2JE3hwmM6heCRyXojb8pOTCTInxBkK62Nv/R6aVopxZlARU2u1C6pv96AAXnHSeOROnpW3SHsFyC0KYPufohIZ75ewq5/Nqt2uKQcv62uCGSe4pnwC1m0EAWc7GMCrUakCON4EqWsm12IJm68Cacut192L2mTZgT+BC2NED75NGUTH9Y/snhqfHfwtYrqKa1gsBPrFkuL6UWdUV9EhkIPlVgtIeKsni1rZOkkaCVQZ7FTuQwKCNUZ0dzJgrlmToBXpl+xSA8m0gnL4xglKIoXfmiAb4xjG/xMjfQ6ztsFRuXRAOtd27HLkbqxtcWDcLLK/qfODWWEqxsICETG0F1hpVcg7EiMX1u+CFutJCClJFUbMT9oi80Idy3hkaHZsNh1AOZEzT3A+yUsCwxfwBS6f3rOCQVQgMsC3vYSvDJYjtdcylu57URvbSKvOv4yOab7fLwl73h+iBvDgOFgdtmmSg2Qc+88nF9Kb4BLjWNTKeIALXDaL8GiV0xygWCSHEna9UkJE/iCA3lNtkJOUkxyMOa6vvTd3LOeA5ws5Z6zrIKzIFL8cSwNg1fi09UXcxfZKOxzs9O+RIrYt3+MnIzvpZeLaOpwav67TgItduow5MkoeU8AF/Ddh+OUuRtKV77aU9ycw6T+PnCLiLG/VLZnAtuUROJBpJjG7OUtJJCPS2crO11Ze5/I5sh+cEuFKdo2+kF8uJJXW7nbssQno/w9X4X1EiR8dsJkTtTEGpuj5yPuk2HUrICTSlIFZwI8U2xcrye2UzwVxOIrP+64int5q8AWXuNxM9XwcoTCzNI0WiOxLAB/HBr6/UEbbc2MsEz/lw8WZAAB0J8vyp5jVGz0NxE1VWKU9oP+3rhxz8RneVBupUyCD43bKRVjUVw19int70vrTS4QP4RYiCErVZRQuf2cU0FlcazNHtXYPMNa3w6P37FjkrHB4lSUFOEP+gYB/d51WSKfQ9ZpY3l/RiQgy9ZehiCSG42P+a4DiosJEJKQT4wPn97Vg9wF0FCIemaARlg1mSOvSl8IIVWJPuCAJysYRDPGL6xfL1vluOtpmgK7bFYJKtOZzJsLPquhTN+UwjrmNteSFbhqkHVAFmBag+Cf0uzacXlfYhiw0oIx4H0R1AoOx7WBmYhEX11i1XndyWLdmjV/gRiD+UV8XHaanHju1qdMdK+e/6aPoWDhfpNu/fpe8njvMswe7YY5F0g0CztW3auN6NoNF2jBzzRq4lpzx+Okse34KItw3/+9YqaTXhlbds6LkSLdJauJEoshlHYRUnYFH2xC8i5haN5vYoxVCZxFHq2fC4PA9qWOmOJSeP2pK/9Y9X14y0dTFyK3xE4TDUOyr8L+xnjzD/dHNbACcT8nhnML6/HqrxCtP6PSFlO4YDBxb6Zo=&u=U2FsdGVkX18tK3cj1JrOvfTG2d+Gu7mcb/NvmXO1cHU=&y=U2FsdGVkX1+2MRz6Kh5AfDuVxE5k/k/jlgE/YAHrTz3XyRbo3/cgABusep0vP5Kd HTTP/1.1" 200 26
186.102.10.202 - - [22/Dec/2023:00:29:03 -0500] "GET /kwssiamovil/sm/acme/a?s=U2FsdGVkX181o3su0wUtmDkbCx5zaRCrWaRWiZmLrHd+HjKbydl1EPpRkDIfSUcjx9yUq2RoMEpB1S1NpAzG5UtmxRd0t4HtuFukdYfB+liu3gwzNlbrq/+LjK6cBQL+ZkTNTKr47F9lQPMnK2F/wc9SQ29YvcLeCKAGLmessYs=&u=U2FsdGVkX18tK3cj1JrOvfTG2d+Gu7mcb/NvmXO1cHU=&y=U2FsdGVkX1+2MRz6Kh5AfDuVxE5k/k/jlgE/YAHrTz3XyRbo3/cgABusep0vP5Kd HTTP/1.1" 200 26
186.102.10.202 - - [22/Dec/2023:00:29:03 -0500] "GET /kwssiamovil/sm/acme/a?s=U2FsdGVkX1/CcZdybMlfXuI+ljElmliXXFKPOFeKhfV1YheQRUeXWr7u3jM8WVPDChA7lmqbKfQ6kVyFPN28ykX5j4Om2ITnEezqkNYrqWXlrCG38x98ePvL9yfUA/tbro/eA2BGbm3XMPiivx/suqmR9+VjX5ZZ5Rl2oA7IgRU=&u=U2FsdGVkX18tK3cj1JrOvfTG2d+Gu7mcb/NvmXO1cHU=&y=U2FsdGVkX1+2MRz6Kh5AfDuVxE5k/k/jlgE/YAHrTz3XyRbo3/cgABusep0vP5Kd HTTP/1.1" 200 26
186.102.10.202 - - [22/Dec/2023:00:29:03 -0500] "GET /kwssiamovil/sm/acme/a?s=U2FsdGVkX18ZIk0hpdPEVCT1OZmJCd5qaCiUvDNYiRAZelLVRsi2mgHKS3g7+aZcnGGa/RCLNDjDjMSkysAYg5Zjf7s3KSR70GIhbM+2Vcm3g3B1mZ5uaZZ/YLyj0k8lDfa/O0QlpEJA7Y99Qw7aSFfkYTNF0LVn63FGPzbpZAw=&u=U2FsdGVkX18tK3cj1JrOvfTG2d+Gu7mcb/NvmXO1cHU=&y=U2FsdGVkX1+2MRz6Kh5AfDuVxE5k/k/jlgE/YAHrTz3XyRbo3/cgABusep0vP5Kd HTTP/1.1" 200 26
186.102.10.202 - - [22/Dec/2023:00:29:03 -0500] "GET /kwssiamovil/sm/acme/a?s=U2FsdGVkX1/SDXMZ+XN22iGUZC7bsuHKCfOK8HMdcCOLkR0u0La3MsZLS6jKJaaqIk+gPrfLugFAZar8up9xshewdAk3ujksvzKWVCHN4JNE7lZWFIaBq9vszyB72J0zzkplfVJZquunVoJkEk/euMIQ9o+K3BeqPOFIBo3cMOHLuDvjZsDDdC5oEl3Ju012cifHvI6ETIRBmEJihbGcaQ==&u=U2FsdGVkX18tK3cj1JrOvfTG2d+Gu7mcb/NvmXO1cHU=&y=U2FsdGVkX1+2MRz6Kh5AfDuVxE5k/k/jlgE/YAHrTz3XyRbo3/cgABusep0vP5Kd HTTP/1.1" 200 26
156.59.198.135 - - [22/Dec/2023:00:29:20 -0500] "GET /BLA/resoluciones/RESOLUCIONES%202017/2523.pdf HTTP/1.0" 200 1040504
47.128.47.239 - - [22/Dec/2023:00:29:21 -0500] "GET /portaldeninos/wp-content/themes/betheme/style.css?ver=20.9.6 HTTP/1.1" 200 287
47.128.47.239 - - [22/Dec/2023:00:29:21 -0500] "GET /portaldeninos/wp-content/uploads/useanyfont/uaf.css?ver=1589905315 HTTP/1.1" 200 408
47.128.47.239 - - [22/Dec/2023:00:29:22 -0500] "GET /portaldeninos/wp-content/themes/betheme/assets/jplayer/css/jplayer.blue.monday.css?ver=20.9.6 HTTP/1.1" 200 9834
47.128.47.239 - - [22/Dec/2023:00:29:21 -0500] "GET /portaldeninos/wp-content/themes/betheme/css/responsive.css?ver=20.9.6 HTTP/1.1" 200 55740
47.128.47.239 - - [22/Dec/2023:00:29:21 -0500] "GET /portaldeninos/wp-content/themes/betheme/assets/animations/animations.min.css?ver=20.9.6 HTTP/1.1" 200 58508
47.128.47.239 - - [22/Dec/2023:00:29:16 -0500] "GET /portaldeninos/2019/08/05/ruido/ HTTP/1.1" 200 92818
47.128.47.239 - - [22/Dec/2023:00:29:20 -0500] "GET /portaldeninos/wp-content/plugins/gallery-videos/CSS/totalsoft.css?ver=4.9.8 HTTP/1.1" 200 40622
47.128.47.239 - - [22/Dec/2023:00:29:24 -0500] "GET /portaldeninos/wp-content/plugins/gallery-videos/CSS/Total-Soft-Gallery-Video-Widget.css?ver=4.9.8 HTTP/1.1" 200 51554
47.128.47.239 - - [22/Dec/2023:00:29:26 -0500] "GET /portaldeninos/wp-content/themes/betheme/assets/ui/jquery.ui.all.css?ver=20.9.6 HTTP/1.1" 200 18765
47.128.47.239 - - [22/Dec/2023:00:29:24 -0500] "GET /portaldeninos/wp-content/themes/betheme/css/base.css?ver=20.9.6 HTTP/1.1" 200 57283
47.128.47.239 - - [22/Dec/2023:00:29:29 -0500] "GET /portaldeninos/wp-content/plugins/google-analytics-for-wordpress/assets/js/frontend-gtag.min.js?ver=8.5.0 HTTP/1.1" 200 11801
47.128.47.239 - - [22/Dec/2023:00:29:21 -0500] "GET /portaldeninos/wp-content/themes/betheme/css/layout.css?ver=20.9.6 HTTP/1.1" 200 116639
47.128.47.239 - - [22/Dec/2023:00:29:31 -0500] "GET /portaldeninos/wp-includes/js/jquery/jquery-migrate.min.js?ver=1.4.1 HTTP/1.1" 200 10056
47.128.47.239 - - [22/Dec/2023:00:29:31 -0500] "GET /portaldeninos/wp-content/plugins/gallery-videos/JS/modernizr.custom.js?ver=4.9.8 HTTP/1.1" 200 9019
47.128.47.239 - - [22/Dec/2023:00:29:31 -0500] "GET /portaldeninos/wp-content/plugins/gallery-videos/JS/Total-Soft-Gallery-Video-Widget.js?ver=4.9.8 HTTP/1.1" 200 80264
47.128.47.239 - - [22/Dec/2023:00:29:26 -0500] "GET /portaldeninos/wp-content/themes/betheme/css/shortcodes.css?ver=20.9.6 HTTP/1.1" 200 138889
47.128.47.239 - - [22/Dec/2023:00:29:32 -0500] "GET /portaldeninos/wp-includes/js/jquery/ui/core.min.js?ver=1.11.4 HTTP/1.1" 200 4000
47.128.47.239 - - [22/Dec/2023:00:29:33 -0500] "GET /portaldeninos/wp-includes/js/jquery/ui/accordion.min.js?ver=1.11.4 HTTP/1.1" 200 8584
47.128.47.239 - - [22/Dec/2023:00:29:31 -0500] "GET /portaldeninos/wp-includes/js/jquery/jquery.js?ver=1.12.4 HTTP/1.1" 200 97184
47.128.47.239 - - [22/Dec/2023:00:29:33 -0500] "GET /portaldeninos/wp-includes/js/jquery/ui/widget.min.js?ver=1.11.4 HTTP/1.1" 200 6908
47.128.47.239 - - [22/Dec/2023:00:29:34 -0500] "GET /portaldeninos/wp-includes/js/jquery/ui/mouse.min.js?ver=1.11.4 HTTP/1.1" 200 3148
47.128.47.239 - - [22/Dec/2023:00:29:33 -0500] "GET /portaldeninos/wp-includes/js/jquery/ui/sortable.min.js?ver=1.11.4 HTTP/1.1" 200 24899
47.128.47.239 - - [22/Dec/2023:00:29:34 -0500] "GET /portaldeninos/wp-includes/js/jquery/ui/tabs.min.js?ver=1.11.4 HTTP/1.1" 200 12110
47.128.47.239 - - [22/Dec/2023:00:29:34 -0500] "GET /portaldeninos/wp-content/themes/betheme/assets/animations/animations.min.js?ver=20.9.6 HTTP/1.1" 200 1896
47.128.47.239 - - [22/Dec/2023:00:29:35 -0500] "GET /portaldeninos/wp-includes/js/wp-embed.min.js?ver=4.9.8 HTTP/1.1" 200 1398
47.128.47.239 - - [22/Dec/2023:00:29:34 -0500] "GET /portaldeninos/wp-content/themes/betheme/js/scripts.js?ver=20.9.6 HTTP/1.1" 200 77162
47.128.47.239 - - [22/Dec/2023:00:29:35 -0500] "GET /portaldeninos/wp-content/themes/betheme/js/menu.js?ver=20.9.6 HTTP/1.1" 200 2449
47.128.47.239 - - [22/Dec/2023:00:29:36 -0500] "GET /portaldeninos/wp-includes/js/comment-reply.min.js?ver=4.9.8 HTTP/1.1" 200 1078
47.128.47.239 - - [22/Dec/2023:00:29:35 -0500] "GET /portaldeninos/wp-content/themes/betheme/assets/jplayer/jplayer.min.js?ver=20.9.6 HTTP/1.1" 200 52702
47.128.47.239 - - [22/Dec/2023:00:29:37 -0500] "GET /portaldeninos/wp-includes/js/wp-emoji-release.min.js?ver=4.9.8 HTTP/1.1" 200 12026
47.128.47.239 - - [22/Dec/2023:00:29:34 -0500] "GET /portaldeninos/wp-content/themes/betheme/js/plugins.js?ver=20.9.6 HTTP/1.1" 200 197151
47.128.47.239 - - [22/Dec/2023:00:29:37 -0500] "GET /portaldeninos/wp-content/uploads/2019/08/Logo-Ambientic.png HTTP/1.1" 200 22941
156.59.198.135 - - [22/Dec/2023:00:29:44 -0500] "GET /BLA/resoluciones/RESOLUCIONES%202017/0710.pdf HTTP/1.0" 200 305618
156.59.198.136 - - [22/Dec/2023:00:30:09 -0500] "GET /BLA/resoluciones/RESOLUCIONES%202017/1746.pdf HTTP/1.0" 200 414405
201.245.192.253 - - [22/Dec/2023:00:30:25 -0500] "POST /kwsrmcab/Wsrmcab HTTP/1.1" 200 40870
186.155.168.86 - - [22/Dec/2023:00:30:30 -0500] "GET /sipse/faces/javax.faces.resource/images/ui-bg_flat_0_2d5972_40x100.png?ln=primefaces-aristo HTTP/1.1" 200 183
216.245.221.92 - - [22/Dec/2023:00:30:30 -0500] "HEAD / HTTP/1.1" 200 -
186.155.168.86 - - [22/Dec/2023:00:30:30 -0500] "POST /sipse/faces/presentacion/financiero/solicitudProceso/consultarSolicitudProceso.xhtml HTTP/1.1" 200 42779
186.155.168.86 - - [22/Dec/2023:00:30:30 -0500] "GET /sipse/faces/javax.faces.resource/jquery/jquery.js?ln=primefaces&v=4.0 HTTP/1.1" 304 -
186.155.168.86 - - [22/Dec/2023:00:30:30 -0500] "GET /sipse/faces/javax.faces.resource/jquery/jquery-plugins.js?ln=primefaces&v=4.0 HTTP/1.1" 304 -
186.155.168.86 - - [22/Dec/2023:00:30:30 -0500] "GET /sipse/faces/javax.faces.resource/primefaces.js?ln=primefaces&v=4.0 HTTP/1.1" 304 -
186.155.168.86 - - [22/Dec/2023:00:30:30 -0500] "GET /sipse/faces/javax.faces.resource/layout/layout.js?ln=primefaces&v=4.0 HTTP/1.1" 304 -
186.155.168.86 - - [22/Dec/2023:00:30:31 -0500] "POST /sipse/faces/presentacion/financiero/solicitudProceso/listarSolicitudProceso.xhtml HTTP/1.1" 200 1436
201.245.192.253 - - [22/Dec/2023:00:30:29 -0500] "POST /kwsrmcab/Wsrmcab HTTP/1.1" 200 36804
156.59.198.136 - - [22/Dec/2023:00:30:32 -0500] "GET /BLA/resoluciones/RESOLUCIONES%202007/RES%202007%202101%20AL%202200/RESOLUCION%202135%20DE%202007.pdf HTTP/1.0" 200 620528
186.155.168.86 - - [22/Dec/2023:00:30:33 -0500] "POST /sipse/faces/presentacion/financiero/solicitudProceso/listarSolicitudProceso.xhtml HTTP/1.1" 200 109404
186.155.168.86 - - [22/Dec/2023:00:30:33 -0500] "GET /sipse/faces/javax.faces.resource/jquery/jquery.js?ln=primefaces&v=4.0 HTTP/1.1" 304 -
186.155.168.86 - - [22/Dec/2023:00:30:33 -0500] "GET /sipse/faces/javax.faces.resource/jquery/jquery-plugins.js?ln=primefaces&v=4.0 HTTP/1.1" 304 -
186.155.168.86 - - [22/Dec/2023:00:30:34 -0500] "GET /sipse/faces/javax.faces.resource/primefaces.js?ln=primefaces&v=4.0 HTTP/1.1" 304 -
186.155.168.86 - - [22/Dec/2023:00:30:34 -0500] "GET /sipse/faces/javax.faces.resource/layout/layout.js?ln=primefaces&v=4.0 HTTP/1.1" 304 -
190.90.132.140 - - [22/Dec/2023:00:30:52 -0500] "POST /sipse/faces/presentacion/financiero/solicitudProceso/consultar.xhtml HTTP/1.1" 200 38106
190.90.132.140 - - [22/Dec/2023:00:30:53 -0500] "GET /sipse/faces/javax.faces.resource/jquery/jquery.js?ln=primefaces&v=4.0 HTTP/1.1" 304 -
190.90.132.140 - - [22/Dec/2023:00:30:53 -0500] "GET /sipse/faces/javax.faces.resource/jquery/jquery-plugins.js?ln=primefaces&v=4.0 HTTP/1.1" 304 -
190.90.132.140 - - [22/Dec/2023:00:30:53 -0500] "GET /sipse/faces/javax.faces.resource/primefaces.js?ln=primefaces&v=4.0 HTTP/1.1" 304 -
190.90.132.140 - - [22/Dec/2023:00:30:53 -0500] "GET /sipse/faces/javax.faces.resource/layout/layout.js?ln=primefaces&v=4.0 HTTP/1.1" 304 -
190.90.132.140 - - [22/Dec/2023:00:30:54 -0500] "POST /sipse/faces/presentacion/financiero/solicitudProceso/listarSolicitudProceso.xhtml HTTP/1.1" 200 31489
190.90.132.140 - - [22/Dec/2023:00:30:55 -0500] "POST /sipse/faces/presentacion/financiero/solicitudProceso/listarSolicitudProceso.xhtml HTTP/1.1" 200 31489
190.90.132.140 - - [22/Dec/2023:00:30:55 -0500] "POST /sipse/faces/presentacion/financiero/solicitudProceso/listarSolicitudProceso.xhtml HTTP/1.1" 200 31489
190.90.132.140 - - [22/Dec/2023:00:30:56 -0500] "POST /sipse/faces/presentacion/financiero/solicitudProceso/listarSolicitudProceso.xhtml HTTP/1.1" 200 31489
190.90.132.140 - - [22/Dec/2023:00:30:56 -0500] "POST /sipse/faces/presentacion/financiero/solicitudProceso/listarSolicitudProceso.xhtml HTTP/1.1" 200 31489
190.90.132.140 - - [22/Dec/2023:00:30:57 -0500] "POST /sipse/faces/presentacion/financiero/solicitudProceso/listarSolicitudProceso.xhtml HTTP/1.1" 200 31489
190.90.132.140 - - [22/Dec/2023:00:30:57 -0500] "POST /sipse/faces/presentacion/financiero/solicitudProceso/listarSolicitudProceso.xhtml HTTP/1.1" 200 1400
156.59.198.135 - - [22/Dec/2023:00:30:57 -0500] "GET /BLA/resoluciones/RESOLUCIONES%202007/RES%202007%202101%20AL%202200/RESOLUCION%202103%20DE%202007.pdf HTTP/1.0" 200 393182
190.90.132.140 - - [22/Dec/2023:00:30:57 -0500] "POST /sipse/faces/presentacion/financiero/solicitudProceso/listarSolicitudProceso.xhtml HTTP/1.1" 200 1396
190.90.132.140 - - [22/Dec/2023:00:30:58 -0500] "POST /sipse/faces/presentacion/financiero/solicitudProceso/listarSolicitudProceso.xhtml HTTP/1.1" 200 1404
190.90.132.140 - - [22/Dec/2023:00:30:58 -0500] "POST /sipse/faces/presentacion/financiero/solicitudProceso/listarSolicitudProceso.xhtml HTTP/1.1" 200 1396
190.90.132.140 - - [22/Dec/2023:00:30:58 -0500] "POST /sipse/faces/presentacion/financiero/solicitudProceso/listarSolicitudProceso.xhtml HTTP/1.1" 200 1404
190.90.132.140 - - [22/Dec/2023:00:30:58 -0500] "POST /sipse/faces/presentacion/financiero/solicitudProceso/listarSolicitudProceso.xhtml HTTP/1.1" 200 1396
190.90.132.140 - - [22/Dec/2023:00:30:59 -0500] "POST /sipse/faces/presentacion/financiero/solicitudProceso/listarSolicitudProceso.xhtml HTTP/1.1" 200 1400
66.249.66.20 - - [22/Dec/2023:00:31:13 -0500] "GET /resoluciones/RESOLUCIONES%202009/6916.pdf HTTP/1.1" 404 1018
156.59.198.136 - - [22/Dec/2023:00:31:23 -0500] "GET /BLA/resoluciones/RESOLUCIONES%202017/2703.pdf HTTP/1.0" 200 276699
172.22.2.4 - - [22/Dec/2023:00:31:24 -0500] "GET /BLA/boletinlegal/robots.txt HTTP/1.1" 404 1038
172.22.2.4 - - [22/Dec/2023:00:31:25 -0500] "GET /BLA/boletinlegal/Circulares/2011/Circular%20No.%202%20del%2026%20de%20Mayo%20de%202011.pdf HTTP/1.1" 200 644194
156.59.198.136 - - [22/Dec/2023:00:31:47 -0500] "GET /BLA/resoluciones/RESOLUCIONES%202017/0481.pdf HTTP/1.0" 200 291122
156.59.198.135 - - [22/Dec/2023:00:32:11 -0500] "GET /BLA/resoluciones/RESOLUCIONES%202017/3755.pdf HTTP/1.0" 200 2685796
157.55.39.6 - - [22/Dec/2023:00:32:18 -0500] "GET /BLA/resoluciones/AUTOS%202023/4516.pdf HTTP/1.1" 200 561308
156.59.198.135 - - [22/Dec/2023:00:32:36 -0500] "GET /BLA/resoluciones/RESOLUCIONES%202007/RES%202007%202101%20AL%202200/RESOLUCION%202128%20DE%202007.pdf HTTP/1.0" 200 748487
66.249.66.21 - - [22/Dec/2023:00:32:53 -0500] "GET /BLA/resoluciones/RESOLUCIONES%202008/3227.pdf HTTP/1.1" 200 83849
156.59.198.136 - - [22/Dec/2023:00:33:01 -0500] "GET /BLA/resoluciones/RESOLUCIONES%202017/1352.pdf HTTP/1.0" 200 2741729
201.245.192.253 - - [22/Dec/2023:00:33:11 -0500] "POST /kwsrmcab/Wsrmcab  HTTP/1.1" 200 40220
156.59.198.136 - - [22/Dec/2023:00:33:25 -0500] "GET /BLA/resoluciones/RESOLUCIONES%202017/2021.pdf HTTP/1.0" 200 2274924
172.22.2.4 - - [22/Dec/2023:00:32:07 -0500] "HEAD /BLA/boletinlegal/ HTTP/1.1" 200 -
156.59.198.135 - - [22/Dec/2023:00:33:49 -0500] "GET /BLA/resoluciones/RESOLUCIONES%202017/1539.pdf HTTP/1.0" 200 2322947
156.59.198.136 - - [22/Dec/2023:00:34:14 -0500] "GET /BLA/resoluciones/RESOLUCIONES%202017/2807.pdf HTTP/1.0" 200 273034
66.249.66.21 - - [22/Dec/2023:00:34:18 -0500] "GET /BLA/resoluciones/Autos%202008/0368.pdf HTTP/1.1" 200 151967
172.22.2.4 - - [22/Dec/2023:00:32:58 -0500] "GET /BLA/boletinlegal/ HTTP/1.1" 200 57309
156.59.198.135 - - [22/Dec/2023:00:34:47 -0500] "GET /BLA/resoluciones/RESOLUCIONES%202017/3311.pdf HTTP/1.0" 200 301755
156.59.198.136 - - [22/Dec/2023:00:35:03 -0500] "GET /BLA/resoluciones/RESOLUCIONES%202017/2258.pdf HTTP/1.0" 200 304288
156.59.198.135 - - [22/Dec/2023:00:35:15 -0500] "GET /BLA/resoluciones/RESOLUCIONES%202017/1539.pdf HTTP/1.0" 206 905976
156.59.198.136 - - [22/Dec/2023:00:35:28 -0500] "GET /BLA/resoluciones/RESOLUCIONES%202017/2764.pdf HTTP/1.0" 200 308357
216.245.221.92 - - [22/Dec/2023:00:35:30 -0500] "HEAD / HTTP/1.1" 200 -
207.46.13.154 - - [22/Dec/2023:00:35:30 -0500] "GET /BLA/resoluciones/AUTOS%202023/5651.pdf HTTP/1.1" 200 409706
156.59.198.135 - - [22/Dec/2023:00:35:52 -0500] "GET /BLA/resoluciones/RESOLUCIONES%202017/0119.pdf HTTP/1.0" 200 510072
156.59.198.135 - - [22/Dec/2023:00:36:16 -0500] "GET /BLA/resoluciones/RESOLUCIONES%202007/RES%202007%202401%20AL%202500/RESOLUCION%202435%20DE%202007.pdf HTTP/1.0" 200 942525
201.245.192.253 - - [22/Dec/2023:00:36:28 -0500] "POST /kwsrmcab/Wsrmcab HTTP/1.1" 200 40870
201.245.192.253 - - [22/Dec/2023:00:36:31 -0500] "POST /kwsrmcab/Wsrmcab HTTP/1.1" 200 36804
156.59.198.135 - - [22/Dec/2023:00:36:40 -0500] "GET /BLA/resoluciones/RESOLUCIONES%202017/2300.pdf HTTP/1.0" 200 681331
156.59.198.136 - - [22/Dec/2023:00:37:05 -0500] "GET /BLA/resoluciones/RESOLUCIONES%202017/1280.pdf HTTP/1.0" 200 975219
156.59.198.136 - - [22/Dec/2023:00:37:31 -0500] "GET /BLA/resoluciones/RESOLUCIONES%202017/0475.pdf HTTP/1.0" 200 513068
157.55.39.54 - - [22/Dec/2023:00:37:47 -0500] "GET /BLA/resoluciones/AUTOS%202023/4724.pdf HTTP/1.1" 200 653977
156.59.198.135 - - [22/Dec/2023:00:37:55 -0500] "GET /BLA/resoluciones/RESOLUCIONES%202017/2052.pdf HTTP/1.0" 200 342881
201.245.192.253 - - [22/Dec/2023:00:38:10 -0500] "POST /kwsrmcab/Wsrmcab  HTTP/1.1" 200 40220
156.59.198.136 - - [22/Dec/2023:00:38:19 -0500] "GET /BLA/resoluciones/RESOLUCIONES%202017/02492.pdf HTTP/1.0" 200 278742
190.143.27.21 - - [22/Dec/2023:00:38:24 -0500] "GET /BLA/resoluciones/RESOLUCIONES%202023/2927.pdf HTTP/1.1" 200 453183
190.143.27.21 - - [22/Dec/2023:00:38:24 -0500] "GET /favicon.ico HTTP/1.1" 200 7782
66.249.66.19 - - [22/Dec/2023:00:38:24 -0500] "GET /BLA/resoluciones/AUTOS%202012/1300.pdf HTTP/1.1" 200 193645
156.59.198.135 - - [22/Dec/2023:00:38:43 -0500] "GET /BLA/resoluciones/RESOLUCIONES%202007/RES%202007%202401%20AL%202500/RESOLUCION%202454%20DE%202007.pdf HTTP/1.0" 200 344118
156.59.198.136 - - [22/Dec/2023:00:39:06 -0500] "GET /BLA/resoluciones/RESOLUCIONES%202017/2896.pdf HTTP/1.0" 200 317230
156.59.198.135 - - [22/Dec/2023:00:39:32 -0500] "GET /BLA/resoluciones/RESOLUCIONES%202017/0761.pdf HTTP/1.0" 200 1391470
172.22.2.4 - - [22/Dec/2023:00:37:57 -0500] "HEAD /BLA/boletinlegal/ HTTP/1.1" 200 -
156.59.198.136 - - [22/Dec/2023:00:39:55 -0500] "GET /BLA/resoluciones/RESOLUCIONES%202017/3212.pdf HTTP/1.0" 200 357961
156.59.198.135 - - [22/Dec/2023:00:40:20 -0500] "GET /BLA/resoluciones/RESOLUCIONES%202017/1110.pdf HTTP/1.0" 200 482143
201.245.192.253 - - [22/Dec/2023:00:40:24 -0500] "POST /kwsrmcab/Wsrmcab HTTP/1.1" 200 40870
172.22.2.4 - - [22/Dec/2023:00:38:48 -0500] "GET /BLA/boletinlegal/ HTTP/1.1" 200 58567
216.245.221.92 - - [22/Dec/2023:00:40:30 -0500] "HEAD / HTTP/1.1" 200 -
201.245.192.253 - - [22/Dec/2023:00:40:30 -0500] "POST /kwsrmcab/Wsrmcab HTTP/1.1" 200 36804
156.59.198.136 - - [22/Dec/2023:00:40:44 -0500] "GET /BLA/resoluciones/RESOLUCIONES%202017/0076.pdf HTTP/1.0" 200 372118
156.59.198.136 - - [22/Dec/2023:00:41:08 -0500] "GET /BLA/resoluciones/RESOLUCIONES%202017/2274.pdf HTTP/1.0" 200 1089779
156.59.198.135 - - [22/Dec/2023:00:41:33 -0500] "GET /BLA/resoluciones/RESOLUCIONES%202017/1756.pdf HTTP/1.0" 200 790038
156.59.198.136 - - [22/Dec/2023:00:41:58 -0500] "GET /BLA/resoluciones/RESOLUCIONES%202017/3705.pdf HTTP/1.0" 200 340128
156.59.198.135 - - [22/Dec/2023:00:42:22 -0500] "GET /BLA/resoluciones/RESOLUCIONES%202017/0831.pdf HTTP/1.0" 200 761592
156.59.198.136 - - [22/Dec/2023:00:42:47 -0500] "GET /BLA/resoluciones/RESOLUCIONES%202017/2731.pdf HTTP/1.0" 200 307589
157.55.39.54 - - [22/Dec/2023:00:43:03 -0500] "GET /BLA/resoluciones/AUTOS%202023/5472.pdf HTTP/1.1" 200 2289698
156.59.198.135 - - [22/Dec/2023:00:43:11 -0500] "GET /BLA/resoluciones/RESOLUCIONES%202017/0234.pdf HTTP/1.0" 200 589600
201.245.192.253 - - [22/Dec/2023:00:43:09 -0500] "POST /kwsrmcab/Wsrmcab  HTTP/1.1" 200 40220
156.59.198.136 - - [22/Dec/2023:00:43:35 -0500] "GET /BLA/resoluciones/RESOLUCIONES%202017/2469.pdf HTTP/1.0" 200 277827
156.59.198.136 - - [22/Dec/2023:00:44:00 -0500] "GET /BLA/resoluciones/RESOLUCIONES%202017/1448.pdf HTTP/1.0" 200 638685
156.59.198.136 - - [22/Dec/2023:00:44:24 -0500] "GET /BLA/resoluciones/RESOLUCIONES%202017/3569.pdf HTTP/1.0" 200 277745
157.55.39.205 - - [22/Dec/2023:00:44:38 -0500] "GET /BLA/resoluciones/AUTOS%202023/4856.pdf HTTP/1.1" 200 790356
156.59.198.136 - - [22/Dec/2023:00:44:48 -0500] "GET /BLA/resoluciones/RESOLUCIONES%202007/RES%202007%202401%20AL%202500/RESOLUCION%202415%20DE%202007.pdf HTTP/1.0" 200 508428
156.59.198.136 - - [22/Dec/2023:00:45:13 -0500] "GET /BLA/resoluciones/RESOLUCIONES%202017/3272.pdf HTTP/1.0" 200 347395
172.22.2.4 - - [22/Dec/2023:00:43:47 -0500] "HEAD /BLA/boletinlegal/ HTTP/1.1" 200 -
216.245.221.92 - - [22/Dec/2023:00:45:30 -0500] "HEAD / HTTP/1.1" 200 -
199.195.253.180 - - [22/Dec/2023:00:45:37 -0500] "GET /distrito-exalto-a-246-empresas-de-bogota-por-su-alto-desempeno-y-responsabilidad-ambiental-durante-2023.html HTTP/1.1" 200 1039
156.59.198.135 - - [22/Dec/2023:00:45:38 -0500] "GET /BLA/resoluciones/RESOLUCIONES%202017/0427.pdf HTTP/1.0" 200 795183
156.59.198.136 - - [22/Dec/2023:00:46:02 -0500] "GET /BLA/resoluciones/RESOLUCIONES%202007/RES%202007%202401%20AL%202500/RESOLUCION%202467%20DE%202007.pdf HTTP/1.0" 200 399289
172.22.2.4 - - [22/Dec/2023:00:44:38 -0500] "GET /BLA/boletinlegal/ HTTP/1.1" 200 60502
156.59.198.136 - - [22/Dec/2023:00:46:27 -0500] "GET /BLA/resoluciones/RESOLUCIONES%202017/1298.pdf HTTP/1.0" 200 492787
156.59.198.136 - - [22/Dec/2023:00:46:50 -0500] "GET /BLA/resoluciones/RESOLUCIONES%202017/0394.pdf HTTP/1.0" 200 582229
156.59.198.135 - - [22/Dec/2023:00:47:15 -0500] "GET /BLA/resoluciones/RESOLUCIONES%202017/2491.pdf HTTP/1.0" 200 278628
156.59.198.135 - - [22/Dec/2023:00:47:38 -0500] "GET /BLA/resoluciones/RESOLUCIONES%202007/RES%202007%202401%20AL%202500/RESOLUCION%202471%20DE%202007.pdf HTTP/1.0" 200 154147
66.249.66.21 - - [22/Dec/2023:00:47:44 -0500] "GET /resoluciones/RESOLUCIONES%202009/1330.pdf HTTP/1.1" 404 1018
207.46.13.107 - - [22/Dec/2023:00:47:48 -0500] "GET /BLA/resoluciones/AUTOS%202023/4820.pdf HTTP/1.1" 200 458076
156.59.198.135 - - [22/Dec/2023:00:48:03 -0500] "GET /BLA/resoluciones/RESOLUCIONES%202017/2832.pdf HTTP/1.0" 200 279280
201.245.192.253 - - [22/Dec/2023:00:48:08 -0500] "POST /kwsrmcab/Wsrmcab  HTTP/1.1" 200 40220
156.59.198.136 - - [22/Dec/2023:00:48:28 -0500] "GET /BLA/resoluciones/RESOLUCIONES%202007/RES%202007%202101%20AL%202200/RESOLUCION%202139%20DE%202007.pdf HTTP/1.0" 200 593505
156.59.198.135 - - [22/Dec/2023:00:48:51 -0500] "GET /BLA/resoluciones/RESOLUCIONES%202017/2314.pdf HTTP/1.0" 200 304736
186.155.168.86 - - [22/Dec/2023:00:49:10 -0500] "GET /sipse/faces/index.xhtml HTTP/1.1" 200 677
186.155.168.86 - - [22/Dec/2023:00:49:10 -0500] "GET /sipse/faces/javax.faces.resource/theme.css?ln=primefaces-sipse HTTP/1.1" 304 -
186.155.168.86 - - [22/Dec/2023:00:49:10 -0500] "GET /sipse/faces/faces/autenticacion.xhtml HTTP/1.1" 200 12418
186.155.168.86 - - [22/Dec/2023:00:49:10 -0500] "GET /sipse/css/custom_css_sg_prime_login.css HTTP/1.1" 200 443
186.155.168.86 - - [22/Dec/2023:00:49:10 -0500] "GET /sipse/faces/javax.faces.resource/jquery/jquery.js?ln=primefaces&v=4.0 HTTP/1.1" 304 -
186.155.168.86 - - [22/Dec/2023:00:49:10 -0500] "GET /sipse/faces/javax.faces.resource/layout/layout.css?ln=primefaces&v=4.0 HTTP/1.1" 304 -
186.155.168.86 - - [22/Dec/2023:00:49:10 -0500] "GET /sipse/faces/javax.faces.resource/theme.css?ln=primefaces-sipse HTTP/1.1" 304 -
186.155.168.86 - - [22/Dec/2023:00:49:10 -0500] "GET /sipse/faces/javax.faces.resource/primefaces.js?ln=primefaces&v=4.0 HTTP/1.1" 304 -
186.155.168.86 - - [22/Dec/2023:00:49:10 -0500] "GET /sipse/faces/javax.faces.resource/jquery/jquery-plugins.js?ln=primefaces&v=4.0 HTTP/1.1" 304 -
186.155.168.86 - - [22/Dec/2023:00:49:10 -0500] "GET /sipse/faces/javax.faces.resource/primefaces.css?ln=primefaces&v=4.0 HTTP/1.1" 304 -
186.155.168.86 - - [22/Dec/2023:00:49:10 -0500] "GET /sipse/faces/javax.faces.resource/layout/layout.js?ln=primefaces&v=4.0 HTTP/1.1" 304 -
186.155.168.86 - - [22/Dec/2023:00:49:10 -0500] "GET /sipse/css/imagen/logoSDG.png HTTP/1.1" 200 53064
186.155.168.86 - - [22/Dec/2023:00:49:10 -0500] "GET /sipse/css/imagen/loginimg.png HTTP/1.1" 200 71635
186.155.168.86 - - [22/Dec/2023:00:49:10 -0500] "GET /sipse/faces/javax.faces.resource/images/ui-icons_898989_256x240.png?ln=primefaces-aristo HTTP/1.1" 304 -
156.59.198.136 - - [22/Dec/2023:00:49:16 -0500] "GET /BLA/resoluciones/RESOLUCIONES%202017/0760.pdf HTTP/1.0" 200 432133
186.155.168.86 - - [22/Dec/2023:00:49:17 -0500] "POST /sipse/faces/autenticacion.xhtml HTTP/1.1" 200 2222
186.155.168.86 - - [22/Dec/2023:00:49:17 -0500] "GET /sipse/faces/javax.faces.resource/messages/messages.png?ln=primefaces&v=4.0 HTTP/1.1" 200 27209
186.155.168.86 - - [22/Dec/2023:00:49:19 -0500] "POST /sipse/faces/autenticacion.xhtml HTTP/1.1" 200 16385
186.155.168.86 - - [22/Dec/2023:00:49:19 -0500] "GET /sipse/css/custom_css_sg_prime.css HTTP/1.1" 200 5201
186.155.168.86 - - [22/Dec/2023:00:49:19 -0500] "GET /sipse/faces/javax.faces.resource/jquery/jquery.js?ln=primefaces&v=4.0 HTTP/1.1" 304 -
186.155.168.86 - - [22/Dec/2023:00:49:19 -0500] "GET /sipse/faces/javax.faces.resource/jquery/jquery-plugins.js?ln=primefaces&v=4.0 HTTP/1.1" 304 -
186.155.168.86 - - [22/Dec/2023:00:49:19 -0500] "GET /sipse/faces/javax.faces.resource/primefaces.js?ln=primefaces&v=4.0 HTTP/1.1" 304 -
186.155.168.86 - - [22/Dec/2023:00:49:19 -0500] "GET /sipse/faces/javax.faces.resource/layout/layout.js?ln=primefaces&v=4.0 HTTP/1.1" 304 -
186.155.168.86 - - [22/Dec/2023:00:49:19 -0500] "GET /sipse/css/v_mergente.css HTTP/1.1" 200 1505
186.155.168.86 - - [22/Dec/2023:00:49:19 -0500] "GET /sipse/imagenes/cargando.gif HTTP/1.1" 200 36959
186.155.168.86 - - [22/Dec/2023:00:49:19 -0500] "GET /sipse/css/imagen/contrasena.png HTTP/1.1" 404 383
186.155.168.86 - - [22/Dec/2023:00:49:19 -0500] "GET /sipse/imagenes/logoAplicacion.jpg HTTP/1.1" 200 155084
186.155.168.86 - - [22/Dec/2023:00:49:21 -0500] "GET /sipse/faces/javax.faces.resource/images/ui-bg_flat_0_2d5972_40x100.png?ln=primefaces-aristo HTTP/1.1" 200 183
186.155.168.86 - - [22/Dec/2023:00:49:21 -0500] "POST /sipse/faces/bienvenido.xhtml HTTP/1.1" 200 2060
186.155.168.86 - - [22/Dec/2023:00:49:22 -0500] "POST /sipse/faces/bienvenido.xhtml HTTP/1.1" 200 62924
186.155.168.86 - - [22/Dec/2023:00:49:22 -0500] "GET /sipse/faces/javax.faces.resource/jquery/jquery.js?ln=primefaces&v=4.0 HTTP/1.1" 304 -
186.155.168.86 - - [22/Dec/2023:00:49:23 -0500] "GET /sipse/faces/javax.faces.resource/jquery/jquery-plugins.js?ln=primefaces&v=4.0 HTTP/1.1" 304 -
186.155.168.86 - - [22/Dec/2023:00:49:23 -0500] "GET /sipse/faces/javax.faces.resource/primefaces.js?ln=primefaces&v=4.0 HTTP/1.1" 304 -
186.155.168.86 - - [22/Dec/2023:00:49:23 -0500] "GET /sipse/faces/javax.faces.resource/layout/layout.js?ln=primefaces&v=4.0 HTTP/1.1" 304 -
186.155.168.86 - - [22/Dec/2023:00:49:23 -0500] "POST /sipse/faces/presentacion/financiero/solicitudProceso/listarSolicitudProceso.xhtml HTTP/1.1" 200 1556
186.155.168.86 - - [22/Dec/2023:00:49:25 -0500] "POST /sipse/faces/presentacion/financiero/solicitudProceso/listarSolicitudProceso.xhtml HTTP/1.1" 200 45897
186.155.168.86 - - [22/Dec/2023:00:49:26 -0500] "POST /sipse/faces/presentacion/financiero/solicitudProceso/listarSolicitudProceso.xhtml HTTP/1.1" 200 1560
186.102.10.202 - - [22/Dec/2023:00:49:26 -0500] "GET /kwssiamovil/sm/acme/u?s=U2FsdGVkX1/eSLPmfQBIPlHkFmLkQe621DQxYSfP6a4Ne2Snj0/2267P3nHxWjj91c7fpoWvthuxfqoxDnceKWex9/Kq+Zyl2XJ1OyVXZo15e5fwyLW9fl6mysV7JviJrn/rrq3XgrYTpwMzP1eBcBoOLVl9PwHN2yetu7STcuw=&u=U2FsdGVkX18tK3cj1JrOvfTG2d+Gu7mcb/NvmXO1cHU=&y=U2FsdGVkX1+2MRz6Kh5AfDuVxE5k/k/jlgE/YAHrTz3XyRbo3/cgABusep0vP5Kd HTTP/1.1" 200 60
186.155.168.86 - - [22/Dec/2023:00:49:26 -0500] "POST /sipse/faces/presentacion/financiero/solicitudProceso/listarSolicitudProceso.xhtml HTTP/1.1" 200 13642
186.155.168.86 - - [22/Dec/2023:00:49:26 -0500] "POST /sipse/faces/presentacion/financiero/solicitudProceso/listarSolicitudProceso.xhtml HTTP/1.1" 200 25370
186.155.168.86 - - [22/Dec/2023:00:49:29 -0500] "POST /sipse/faces/presentacion/financiero/solicitudProceso/listarSolicitudProceso.xhtml HTTP/1.1" 200 108231
186.155.168.86 - - [22/Dec/2023:00:49:30 -0500] "GET /sipse/faces/javax.faces.resource/jquery/jquery.js?ln=primefaces&v=4.0 HTTP/1.1" 304 -
186.155.168.86 - - [22/Dec/2023:00:49:30 -0500] "GET /sipse/faces/javax.faces.resource/jquery/jquery-plugins.js?ln=primefaces&v=4.0 HTTP/1.1" 304 -
186.155.168.86 - - [22/Dec/2023:00:49:30 -0500] "GET /sipse/faces/javax.faces.resource/primefaces.js?ln=primefaces&v=4.0 HTTP/1.1" 304 -
186.155.168.86 - - [22/Dec/2023:00:49:30 -0500] "GET /sipse/faces/javax.faces.resource/layout/layout.js?ln=primefaces&v=4.0 HTTP/1.1" 304 -
156.59.198.135 - - [22/Dec/2023:00:49:40 -0500] "GET /BLA/resoluciones/RESOLUCIONES%202007/RES%202007%202101%20AL%202200/RESOLUCION%202174%20DE%202007.pdf HTTP/1.0" 200 934975
186.155.168.86 - - [22/Dec/2023:00:49:42 -0500] "POST /sipse/faces/presentacion/financiero/solicitudProceso/consultarSolicitudProceso.xhtml HTTP/1.1" 200 44646
186.155.168.86 - - [22/Dec/2023:00:49:42 -0500] "GET /sipse/faces/javax.faces.resource/jquery/jquery.js?ln=primefaces&v=4.0 HTTP/1.1" 304 -
186.155.168.86 - - [22/Dec/2023:00:49:42 -0500] "GET /sipse/faces/javax.faces.resource/jquery/jquery-plugins.js?ln=primefaces&v=4.0 HTTP/1.1" 304 -
186.155.168.86 - - [22/Dec/2023:00:49:42 -0500] "GET /sipse/faces/javax.faces.resource/primefaces.js?ln=primefaces&v=4.0 HTTP/1.1" 304 -
186.155.168.86 - - [22/Dec/2023:00:49:42 -0500] "GET /sipse/faces/javax.faces.resource/layout/layout.js?ln=primefaces&v=4.0 HTTP/1.1" 304 -
186.155.168.86 - - [22/Dec/2023:00:49:43 -0500] "POST /sipse/faces/presentacion/financiero/solicitudProceso/listarSolicitudProceso.xhtml HTTP/1.1" 200 38019
186.155.168.86 - - [22/Dec/2023:00:49:43 -0500] "POST /sipse/faces/presentacion/financiero/solicitudProceso/listarSolicitudProceso.xhtml HTTP/1.1" 200 38019
186.155.168.86 - - [22/Dec/2023:00:49:43 -0500] "POST /sipse/faces/presentacion/financiero/solicitudProceso/listarSolicitudProceso.xhtml HTTP/1.1" 200 1460
186.155.168.86 - - [22/Dec/2023:00:49:43 -0500] "POST /sipse/faces/presentacion/financiero/solicitudProceso/listarSolicitudProceso.xhtml HTTP/1.1" 200 1460
186.155.168.86 - - [22/Dec/2023:00:49:43 -0500] "POST /sipse/faces/presentacion/financiero/solicitudProceso/listarSolicitudProceso.xhtml HTTP/1.1" 200 1476
186.155.168.86 - - [22/Dec/2023:00:49:44 -0500] "POST /sipse/faces/presentacion/financiero/solicitudProceso/listarSolicitudProceso.xhtml HTTP/1.1" 200 108230
186.155.168.86 - - [22/Dec/2023:00:49:46 -0500] "GET /sipse/faces/javax.faces.resource/jquery/jquery.js?ln=primefaces&v=4.0 HTTP/1.1" 304 -
186.155.168.86 - - [22/Dec/2023:00:49:46 -0500] "GET /sipse/faces/javax.faces.resource/jquery/jquery-plugins.js?ln=primefaces&v=4.0 HTTP/1.1" 304 -
186.155.168.86 - - [22/Dec/2023:00:49:46 -0500] "GET /sipse/faces/javax.faces.resource/primefaces.js?ln=primefaces&v=4.0 HTTP/1.1" 304 -
186.155.168.86 - - [22/Dec/2023:00:49:47 -0500] "GET /sipse/faces/javax.faces.resource/layout/layout.js?ln=primefaces&v=4.0 HTTP/1.1" 304 -
186.102.10.202 - - [22/Dec/2023:00:50:00 -0500] "GET /kwssiamovil/sm/acme/u?s=U2FsdGVkX18lZo2TShpkKpTHu4VmAJ4ZV6BTCW59fn7/+uMJdER4y31MQ0LDiR2+s1F72HtxyDycdzTeyj2ROjmez5LqMUbs4Cs2weLZC2cziKje7jlJ/KlsWus8YGrmoWq8fwpCAx7XPIL7i2ojrC6Dhu0xSKBUO+8JoxNt8qs=&u=U2FsdGVkX18tK3cj1JrOvfTG2d+Gu7mcb/NvmXO1cHU=&y=U2FsdGVkX1+2MRz6Kh5AfDuVxE5k/k/jlgE/YAHrTz3XyRbo3/cgABusep0vP5Kd HTTP/1.1" 200 60
186.155.168.86 - - [22/Dec/2023:00:50:03 -0500] "GET /sipse/faces/index.xhtml HTTP/1.1" 200 677
186.155.168.86 - - [22/Dec/2023:00:50:03 -0500] "GET /sipse/faces/javax.faces.resource/theme.css?ln=primefaces-sipse HTTP/1.1" 304 -
186.155.168.86 - - [22/Dec/2023:00:50:03 -0500] "GET /sipse/faces/faces/autenticacion.xhtml HTTP/1.1" 200 12418
186.155.168.86 - - [22/Dec/2023:00:50:03 -0500] "GET /sipse/js/disable_browser_buttons.js HTTP/1.1" 304 -
186.155.168.86 - - [22/Dec/2023:00:50:03 -0500] "GET /sipse/js/funciones.js HTTP/1.1" 304 -
186.155.168.86 - - [22/Dec/2023:00:50:03 -0500] "GET /sipse/css/custom_css_sg.css HTTP/1.1" 304 -
186.155.168.86 - - [22/Dec/2023:00:50:03 -0500] "GET /sipse/faces/javax.faces.resource/theme.css?ln=primefaces-sipse HTTP/1.1" 304 -
186.155.168.86 - - [22/Dec/2023:00:50:03 -0500] "GET /sipse/faces/javax.faces.resource/primefaces.css?ln=primefaces&v=4.0 HTTP/1.1" 304 -
186.155.168.86 - - [22/Dec/2023:00:50:03 -0500] "GET /sipse/faces/javax.faces.resource/jquery/jquery.js?ln=primefaces&v=4.0 HTTP/1.1" 304 -
186.155.168.86 - - [22/Dec/2023:00:50:03 -0500] "GET /sipse/faces/javax.faces.resource/layout/layout.css?ln=primefaces&v=4.0 HTTP/1.1" 304 -
186.155.168.86 - - [22/Dec/2023:00:50:03 -0500] "GET /sipse/faces/javax.faces.resource/jquery/jquery-plugins.js?ln=primefaces&v=4.0 HTTP/1.1" 304 -
186.155.168.86 - - [22/Dec/2023:00:50:03 -0500] "GET /sipse/faces/javax.faces.resource/primefaces.js?ln=primefaces&v=4.0 HTTP/1.1" 304 -
186.155.168.86 - - [22/Dec/2023:00:50:03 -0500] "GET /sipse/faces/javax.faces.resource/layout/layout.js?ln=primefaces&v=4.0 HTTP/1.1" 304 -
186.155.168.86 - - [22/Dec/2023:00:50:03 -0500] "GET /sipse/css/imagen/logoSDG.png HTTP/1.1" 304 -
186.155.168.86 - - [22/Dec/2023:00:50:03 -0500] "GET /sipse/faces/javax.faces.resource/images/ui-icons_898989_256x240.png?ln=primefaces-aristo HTTP/1.1" 304 -
156.59.198.136 - - [22/Dec/2023:00:50:05 -0500] "GET /BLA/resoluciones/RESOLUCIONES%202017/2936.pdf HTTP/1.0" 200 386553
186.155.168.86 - - [22/Dec/2023:00:50:09 -0500] "POST /sipse/faces/autenticacion.xhtml HTTP/1.1" 200 2222
186.155.168.86 - - [22/Dec/2023:00:50:09 -0500] "GET /sipse/faces/javax.faces.resource/messages/messages.png?ln=primefaces&v=4.0 HTTP/1.1" 304 -
186.155.168.86 - - [22/Dec/2023:00:50:10 -0500] "POST /sipse/faces/autenticacion.xhtml HTTP/1.1" 200 16385
186.155.168.86 - - [22/Dec/2023:00:50:11 -0500] "GET /sipse/css/custom_css_sg_prime.css HTTP/1.1" 304 -
186.155.168.86 - - [22/Dec/2023:00:50:11 -0500] "GET /sipse/faces/javax.faces.resource/primefaces.css?ln=primefaces&v=4.0 HTTP/1.1" 304 -
186.155.168.86 - - [22/Dec/2023:00:50:11 -0500] "GET /sipse/faces/javax.faces.resource/theme.css?ln=primefaces-sipse HTTP/1.1" 304 -
186.155.168.86 - - [22/Dec/2023:00:50:11 -0500] "GET /sipse/faces/javax.faces.resource/layout/layout.css?ln=primefaces&v=4.0 HTTP/1.1" 304 -
186.155.168.86 - - [22/Dec/2023:00:50:11 -0500] "GET /sipse/js/jquery.min.js HTTP/1.1" 304 -
186.155.168.86 - - [22/Dec/2023:00:50:11 -0500] "GET /sipse/faces/javax.faces.resource/jquery/jquery.js?ln=primefaces&v=4.0 HTTP/1.1" 304 -
186.155.168.86 - - [22/Dec/2023:00:50:11 -0500] "GET /sipse/faces/javax.faces.resource/jquery/jquery-plugins.js?ln=primefaces&v=4.0 HTTP/1.1" 304 -
186.155.168.86 - - [22/Dec/2023:00:50:11 -0500] "GET /sipse/faces/javax.faces.resource/primefaces.js?ln=primefaces&v=4.0 HTTP/1.1" 304 -
186.155.168.86 - - [22/Dec/2023:00:50:11 -0500] "GET /sipse/faces/javax.faces.resource/layout/layout.js?ln=primefaces&v=4.0 HTTP/1.1" 304 -
186.155.168.86 - - [22/Dec/2023:00:50:11 -0500] "GET /sipse/imagenes/cargando.gif HTTP/1.1" 304 -
186.155.168.86 - - [22/Dec/2023:00:50:11 -0500] "GET /sipse/css/imagen/contrasena.png HTTP/1.1" 404 383
186.155.168.86 - - [22/Dec/2023:00:50:15 -0500] "GET /sipse/faces/javax.faces.resource/images/ui-bg_flat_0_2d5972_40x100.png?ln=primefaces-aristo HTTP/1.1" 304 -
186.155.168.86 - - [22/Dec/2023:00:50:15 -0500] "POST /sipse/faces/bienvenido.xhtml HTTP/1.1" 200 2060
186.155.168.86 - - [22/Dec/2023:00:50:16 -0500] "POST /sipse/faces/bienvenido.xhtml HTTP/1.1" 200 62924
186.155.168.86 - - [22/Dec/2023:00:50:16 -0500] "GET /sipse/faces/javax.faces.resource/primefaces.css?ln=primefaces&v=4.0 HTTP/1.1" 304 -
186.155.168.86 - - [22/Dec/2023:00:50:16 -0500] "GET /sipse/faces/javax.faces.resource/theme.css?ln=primefaces-sipse HTTP/1.1" 304 -
186.155.168.86 - - [22/Dec/2023:00:50:16 -0500] "GET /sipse/faces/javax.faces.resource/layout/layout.css?ln=primefaces&v=4.0 HTTP/1.1" 304 -
186.155.168.86 - - [22/Dec/2023:00:50:16 -0500] "GET /sipse/faces/javax.faces.resource/jquery/jquery.js?ln=primefaces&v=4.0 HTTP/1.1" 304 -
186.155.168.86 - - [22/Dec/2023:00:50:16 -0500] "GET /sipse/faces/javax.faces.resource/jquery/jquery-plugins.js?ln=primefaces&v=4.0 HTTP/1.1" 304 -
186.155.168.86 - - [22/Dec/2023:00:50:16 -0500] "GET /sipse/faces/javax.faces.resource/primefaces.js?ln=primefaces&v=4.0 HTTP/1.1" 304 -
186.155.168.86 - - [22/Dec/2023:00:50:16 -0500] "GET /sipse/faces/javax.faces.resource/layout/layout.js?ln=primefaces&v=4.0 HTTP/1.1" 304 -
186.155.168.86 - - [22/Dec/2023:00:50:16 -0500] "POST /sipse/faces/presentacion/financiero/solicitudProceso/listarSolicitudProceso.xhtml HTTP/1.1" 200 1556
186.155.168.86 - - [22/Dec/2023:00:50:18 -0500] "POST /sipse/faces/presentacion/financiero/solicitudProceso/listarSolicitudProceso.xhtml HTTP/1.1" 200 45897
186.155.168.86 - - [22/Dec/2023:00:50:18 -0500] "POST /sipse/faces/presentacion/financiero/solicitudProceso/listarSolicitudProceso.xhtml HTTP/1.1" 200 1560
186.155.168.86 - - [22/Dec/2023:00:50:18 -0500] "POST /sipse/faces/presentacion/financiero/solicitudProceso/listarSolicitudProceso.xhtml HTTP/1.1" 200 13642
186.155.168.86 - - [22/Dec/2023:00:50:18 -0500] "POST /sipse/faces/presentacion/financiero/solicitudProceso/listarSolicitudProceso.xhtml HTTP/1.1" 200 25370
186.155.168.86 - - [22/Dec/2023:00:50:24 -0500] "POST /sipse/faces/presentacion/financiero/solicitudProceso/listarSolicitudProceso.xhtml HTTP/1.1" 200 108587
186.155.168.86 - - [22/Dec/2023:00:50:25 -0500] "GET /sipse/faces/javax.faces.resource/theme.css?ln=primefaces-sipse HTTP/1.1" 304 -
186.155.168.86 - - [22/Dec/2023:00:50:25 -0500] "GET /sipse/faces/javax.faces.resource/primefaces.css?ln=primefaces&v=4.0 HTTP/1.1" 304 -
186.155.168.86 - - [22/Dec/2023:00:50:25 -0500] "GET /sipse/faces/javax.faces.resource/layout/layout.css?ln=primefaces&v=4.0 HTTP/1.1" 304 -
186.155.168.86 - - [22/Dec/2023:00:50:25 -0500] "GET /sipse/faces/javax.faces.resource/jquery/jquery.js?ln=primefaces&v=4.0 HTTP/1.1" 304 -
186.155.168.86 - - [22/Dec/2023:00:50:25 -0500] "GET /sipse/faces/javax.faces.resource/jquery/jquery-plugins.js?ln=primefaces&v=4.0 HTTP/1.1" 304 -
186.155.168.86 - - [22/Dec/2023:00:50:25 -0500] "GET /sipse/faces/javax.faces.resource/primefaces.js?ln=primefaces&v=4.0 HTTP/1.1" 304 -
186.155.168.86 - - [22/Dec/2023:00:50:25 -0500] "GET /sipse/faces/javax.faces.resource/layout/layout.js?ln=primefaces&v=4.0 HTTP/1.1" 304 -
186.155.168.86 - - [22/Dec/2023:00:50:29 -0500] "POST /sipse/faces/presentacion/financiero/solicitudProceso/consultarSolicitudProceso.xhtml HTTP/1.1" 200 379401
156.59.198.136 - - [22/Dec/2023:00:50:29 -0500] "GET /BLA/resoluciones/RESOLUCIONES%202007/RES%202007%202101%20AL%202200/RESOLUCION%202195%20DE%202007.pdf HTTP/1.0" 200 837449
216.245.221.92 - - [22/Dec/2023:00:50:30 -0500] "HEAD / HTTP/1.1" 200 -
156.59.198.135 - - [22/Dec/2023:00:50:53 -0500] "GET /BLA/resoluciones/RESOLUCIONES%202017/1583.pdf HTTP/1.0" 200 402603
66.249.66.21 - - [22/Dec/2023:00:50:54 -0500] "GET /BLA/resoluciones/AUTOS%202008/2080.pdf HTTP/1.1" 200 98515
157.90.254.89 - - [22/Dec/2023:00:51:12 -0500] "GET / HTTP/1.1" 200 4720
157.90.254.89 - - [22/Dec/2023:00:51:15 -0500] "GET / HTTP/1.1" 200 319
156.59.198.136 - - [22/Dec/2023:00:51:17 -0500] "GET /BLA/resoluciones/RESOLUCIONES%202017/0182.pdf HTTP/1.0" 200 343070
172.22.2.4 - - [22/Dec/2023:00:49:37 -0500] "HEAD /BLA/boletinlegal/ HTTP/1.1" 200 -
186.155.168.86 - - [22/Dec/2023:00:51:30 -0500] "POST /sipse/faces/presentacion/financiero/solicitudProceso/listarSolicitudProceso.xhtml HTTP/1.1" 200 27565
186.155.168.86 - - [22/Dec/2023:00:51:30 -0500] "POST /sipse/faces/presentacion/financiero/solicitudProceso/listarSolicitudProceso.xhtml HTTP/1.1" 200 1460
186.155.168.86 - - [22/Dec/2023:00:51:31 -0500] "POST /sipse/faces/presentacion/financiero/solicitudProceso/listarSolicitudProceso.xhtml HTTP/1.1" 200 27594
186.155.168.86 - - [22/Dec/2023:00:51:31 -0500] "POST /sipse/faces/presentacion/financiero/solicitudProceso/listarSolicitudProceso.xhtml HTTP/1.1" 200 1460
186.155.168.86 - - [22/Dec/2023:00:51:32 -0500] "POST /sipse/faces/presentacion/financiero/solicitudProceso/listarSolicitudProceso.xhtml HTTP/1.1" 200 13550
186.155.168.86 - - [22/Dec/2023:00:51:32 -0500] "POST /sipse/faces/presentacion/financiero/solicitudProceso/listarSolicitudProceso.xhtml HTTP/1.1" 200 25274
186.155.168.86 - - [22/Dec/2023:00:51:36 -0500] "POST /sipse/faces/presentacion/financiero/solicitudProceso/listarSolicitudProceso.xhtml HTTP/1.1" 200 108231
186.155.168.86 - - [22/Dec/2023:00:51:37 -0500] "GET /sipse/faces/javax.faces.resource/theme.css?ln=primefaces-sipse HTTP/1.1" 304 -
186.155.168.86 - - [22/Dec/2023:00:51:37 -0500] "GET /sipse/faces/javax.faces.resource/primefaces.css?ln=primefaces&v=4.0 HTTP/1.1" 304 -
186.155.168.86 - - [22/Dec/2023:00:51:37 -0500] "GET /sipse/faces/javax.faces.resource/layout/layout.css?ln=primefaces&v=4.0 HTTP/1.1" 304 -
186.155.168.86 - - [22/Dec/2023:00:51:37 -0500] "GET /sipse/faces/javax.faces.resource/jquery/jquery.js?ln=primefaces&v=4.0 HTTP/1.1" 304 -
186.155.168.86 - - [22/Dec/2023:00:51:37 -0500] "GET /sipse/faces/javax.faces.resource/jquery/jquery-plugins.js?ln=primefaces&v=4.0 HTTP/1.1" 304 -
186.155.168.86 - - [22/Dec/2023:00:51:37 -0500] "GET /sipse/faces/javax.faces.resource/primefaces.js?ln=primefaces&v=4.0 HTTP/1.1" 304 -
186.155.168.86 - - [22/Dec/2023:00:51:37 -0500] "GET /sipse/faces/javax.faces.resource/layout/layout.js?ln=primefaces&v=4.0 HTTP/1.1" 304 -
186.155.168.86 - - [22/Dec/2023:00:51:37 -0500] "GET /sipse/css/imagen/contrasena.png HTTP/1.1" 404 383
156.59.198.135 - - [22/Dec/2023:00:51:42 -0500] "GET /BLA/resoluciones/RESOLUCIONES%202017/1307.pdf HTTP/1.0" 200 362537
186.155.168.86 - - [22/Dec/2023:00:51:50 -0500] "GET /sipse/faces/index.xhtml HTTP/1.1" 200 677
186.155.168.86 - - [22/Dec/2023:00:51:50 -0500] "GET /sipse/faces/javax.faces.resource/theme.css?ln=primefaces-sipse HTTP/1.1" 304 -
186.155.168.86 - - [22/Dec/2023:00:51:50 -0500] "GET /sipse/faces/faces/autenticacion.xhtml HTTP/1.1" 200 12418
186.155.168.86 - - [22/Dec/2023:00:51:50 -0500] "GET /sipse/faces/javax.faces.resource/theme.css?ln=primefaces-sipse HTTP/1.1" 304 -
186.155.168.86 - - [22/Dec/2023:00:51:50 -0500] "GET /sipse/faces/javax.faces.resource/primefaces.css?ln=primefaces&v=4.0 HTTP/1.1" 304 -
186.155.168.86 - - [22/Dec/2023:00:51:50 -0500] "GET /sipse/faces/javax.faces.resource/layout/layout.css?ln=primefaces&v=4.0 HTTP/1.1" 304 -
186.155.168.86 - - [22/Dec/2023:00:51:50 -0500] "GET /sipse/faces/javax.faces.resource/jquery/jquery.js?ln=primefaces&v=4.0 HTTP/1.1" 304 -
186.155.168.86 - - [22/Dec/2023:00:51:50 -0500] "GET /sipse/faces/javax.faces.resource/layout/layout.js?ln=primefaces&v=4.0 HTTP/1.1" 304 -
186.155.168.86 - - [22/Dec/2023:00:51:50 -0500] "GET /sipse/faces/javax.faces.resource/jquery/jquery-plugins.js?ln=primefaces&v=4.0 HTTP/1.1" 304 -
186.155.168.86 - - [22/Dec/2023:00:51:50 -0500] "GET /sipse/faces/javax.faces.resource/primefaces.js?ln=primefaces&v=4.0 HTTP/1.1" 304 -
186.155.168.86 - - [22/Dec/2023:00:51:50 -0500] "GET /sipse/faces/javax.faces.resource/images/ui-icons_898989_256x240.png?ln=primefaces-aristo HTTP/1.1" 304 -
186.155.168.86 - - [22/Dec/2023:00:51:56 -0500] "POST /sipse/faces/autenticacion.xhtml HTTP/1.1" 200 2222
186.155.168.86 - - [22/Dec/2023:00:51:56 -0500] "GET /sipse/faces/javax.faces.resource/messages/messages.png?ln=primefaces&v=4.0 HTTP/1.1" 304 -
186.155.168.86 - - [22/Dec/2023:00:51:57 -0500] "POST /sipse/faces/autenticacion.xhtml HTTP/1.1" 200 16385
186.155.168.86 - - [22/Dec/2023:00:51:57 -0500] "GET /sipse/faces/javax.faces.resource/primefaces.css?ln=primefaces&v=4.0 HTTP/1.1" 304 -
186.155.168.86 - - [22/Dec/2023:00:51:57 -0500] "GET /sipse/faces/javax.faces.resource/theme.css?ln=primefaces-sipse HTTP/1.1" 304 -
186.155.168.86 - - [22/Dec/2023:00:51:57 -0500] "GET /sipse/faces/javax.faces.resource/layout/layout.css?ln=primefaces&v=4.0 HTTP/1.1" 304 -
186.155.168.86 - - [22/Dec/2023:00:51:57 -0500] "GET /sipse/faces/javax.faces.resource/jquery/jquery.js?ln=primefaces&v=4.0 HTTP/1.1" 304 -
186.155.168.86 - - [22/Dec/2023:00:51:57 -0500] "GET /sipse/faces/javax.faces.resource/jquery/jquery-plugins.js?ln=primefaces&v=4.0 HTTP/1.1" 304 -
186.155.168.86 - - [22/Dec/2023:00:51:57 -0500] "GET /sipse/faces/javax.faces.resource/primefaces.js?ln=primefaces&v=4.0 HTTP/1.1" 304 -
186.155.168.86 - - [22/Dec/2023:00:51:57 -0500] "GET /sipse/faces/javax.faces.resource/layout/layout.js?ln=primefaces&v=4.0 HTTP/1.1" 304 -
186.155.168.86 - - [22/Dec/2023:00:51:57 -0500] "GET /sipse/css/imagen/contrasena.png HTTP/1.1" 404 383
186.155.168.86 - - [22/Dec/2023:00:52:00 -0500] "GET /sipse/faces/javax.faces.resource/images/ui-bg_flat_0_2d5972_40x100.png?ln=primefaces-aristo HTTP/1.1" 304 -
186.155.168.86 - - [22/Dec/2023:00:52:00 -0500] "POST /sipse/faces/bienvenido.xhtml HTTP/1.1" 200 9884
186.155.168.86 - - [22/Dec/2023:00:52:01 -0500] "POST /sipse/faces/bienvenido.xhtml HTTP/1.1" 200 2060
186.155.168.86 - - [22/Dec/2023:00:52:02 -0500] "POST /sipse/faces/bienvenido.xhtml HTTP/1.1" 200 62924
186.155.168.86 - - [22/Dec/2023:00:52:03 -0500] "GET /sipse/faces/javax.faces.resource/theme.css?ln=primefaces-sipse HTTP/1.1" 304 -
186.155.168.86 - - [22/Dec/2023:00:52:03 -0500] "GET /sipse/faces/javax.faces.resource/primefaces.css?ln=primefaces&v=4.0 HTTP/1.1" 304 -
186.155.168.86 - - [22/Dec/2023:00:52:03 -0500] "GET /sipse/faces/javax.faces.resource/layout/layout.css?ln=primefaces&v=4.0 HTTP/1.1" 304 -
186.155.168.86 - - [22/Dec/2023:00:52:03 -0500] "GET /sipse/faces/javax.faces.resource/jquery/jquery.js?ln=primefaces&v=4.0 HTTP/1.1" 304 -
186.155.168.86 - - [22/Dec/2023:00:52:03 -0500] "GET /sipse/faces/javax.faces.resource/jquery/jquery-plugins.js?ln=primefaces&v=4.0 HTTP/1.1" 304 -
