156.59.198.136 - - [22/Dec/2023:02:25:22 -0500] "GET /BLA/resoluciones/RESOLUCIONES%202017/1816.pdf HTTP/1.0" 200 431395
172.22.2.4 - - [22/Dec/2023:02:23:48 -0500] "GET /BLA/boletinlegal/ HTTP/1.1" 200 56478
157.55.39.10 - - [22/Dec/2023:02:25:28 -0500] "GET /BLA/resoluciones/RESOLUCIONES%202023/1965.pdf HTTP/1.1" 200 1034032
66.249.66.19 - - [22/Dec/2023:02:25:30 -0500] "GET /Publicaciones/2022EE309329.pdf HTTP/1.1" 404 228
216.245.221.92 - - [22/Dec/2023:02:25:30 -0500] "HEAD / HTTP/1.1" 200 -
156.59.198.136 - - [22/Dec/2023:02:25:46 -0500] "GET /BLA/resoluciones/RESOLUCIONES%202017/2977.pdf HTTP/1.0" 200 305313
156.59.198.135 - - [22/Dec/2023:02:26:10 -0500] "GET /BLA/resoluciones/RESOLUCIONES%202017/0794.pdf HTTP/1.0" 200 417470
172.22.2.4 - - [22/Dec/2023:02:24:39 -0500] "GET /BLA/boletinlegal/ HTTP/1.1" 200 58567
201.245.192.253 - - [22/Dec/2023:02:26:27 -0500] "POST /kwsrmcab/Wsrmcab HTTP/1.1" 200 40106
201.245.192.253 - - [22/Dec/2023:02:26:30 -0500] "POST /kwsrmcab/Wsrmcab HTTP/1.1" 200 36636
66.249.66.77 - - [22/Dec/2023:02:26:33 -0500] "GET /robots.txt HTTP/1.1" 404 1035
66.249.66.77 - - [22/Dec/2023:02:26:33 -0500] "GET /portaldeninos/publicidad/ HTTP/1.1" 200 87569
156.59.198.135 - - [22/Dec/2023:02:26:35 -0500] "GET /BLA/resoluciones/RESOLUCIONES%202017/2885.pdf HTTP/1.0" 200 281172
66.249.66.75 - - [22/Dec/2023:02:26:42 -0500] "GET /portaldeninos/wp-includes/js/jquery/jquery-migrate.min.js?ver=1.4.1 HTTP/1.1" 200 10056
66.249.66.75 - - [22/Dec/2023:02:26:42 -0500] "GET /portaldeninos/wp-content/plugins/gallery-videos/CSS/totalsoft.css?ver=4.9.8 HTTP/1.1" 200 40622
156.59.198.136 - - [22/Dec/2023:02:26:59 -0500] "GET /BLA/resoluciones/RESOLUCIONES%202017/2803.pdf HTTP/1.0" 200 437698
156.59.198.136 - - [22/Dec/2023:02:27:23 -0500] "GET /BLA/resoluciones/RESOLUCIONES%202017/2699.pdf HTTP/1.0" 200 1016114
201.245.192.253 - - [22/Dec/2023:02:27:41 -0500] "POST /kwsrmcab/Wsrmcab  HTTP/1.1" 200 40220
156.59.198.136 - - [22/Dec/2023:02:27:47 -0500] "GET /BLA/resoluciones/RESOLUCIONES%202017/1103.pdf HTTP/1.0" 200 479375
207.46.13.168 - - [22/Dec/2023:02:27:58 -0500] "GET /BLA/resoluciones/AUTOS%202023/3876.pdf HTTP/1.1" 200 480529
156.59.198.135 - - [22/Dec/2023:02:28:12 -0500] "GET /BLA/resoluciones/RESOLUCIONES%202017/1128.pdf HTTP/1.0" 200 532062
156.59.198.136 - - [22/Dec/2023:02:28:36 -0500] "GET /BLA/resoluciones/RESOLUCIONES%202017/0982.pdf HTTP/1.0" 200 320145
156.59.198.135 - - [22/Dec/2023:02:29:01 -0500] "GET /BLA/resoluciones/RESOLUCIONES%202017/2239.pdf HTTP/1.0" 200 887683
156.59.198.136 - - [22/Dec/2023:02:29:25 -0500] "GET /BLA/resoluciones/RESOLUCIONES%202017/1808.pdf HTTP/1.0" 200 361185
156.59.198.135 - - [22/Dec/2023:02:29:49 -0500] "GET /BLA/resoluciones/RESOLUCIONES%202017/2787.pdf HTTP/1.0" 200 305968
156.59.198.136 - - [22/Dec/2023:02:30:13 -0500] "GET /BLA/resoluciones/RESOLUCIONES%202017/0772.pdf HTTP/1.0" 200 1419971
201.245.192.253 - - [22/Dec/2023:02:30:24 -0500] "POST /kwsrmcab/Wsrmcab HTTP/1.1" 200 40106
172.22.2.4 - - [22/Dec/2023:02:28:47 -0500] "HEAD /BLA/boletinlegal/ HTTP/1.1" 200 -
216.245.221.92 - - [22/Dec/2023:02:30:30 -0500] "HEAD / HTTP/1.1" 200 -
201.245.192.253 - - [22/Dec/2023:02:30:29 -0500] "POST /kwsrmcab/Wsrmcab HTTP/1.1" 200 36636
156.59.198.135 - - [22/Dec/2023:02:30:38 -0500] "GET /BLA/resoluciones/RESOLUCIONES%202017/1140.pdf HTTP/1.0" 200 375658
156.59.198.136 - - [22/Dec/2023:02:31:03 -0500] "GET /BLA/resoluciones/RESOLUCIONES%202017/1768.pdf HTTP/1.0" 200 416284
172.22.2.4 - - [22/Dec/2023:02:29:38 -0500] "GET /BLA/boletinlegal/ HTTP/1.1" 200 58567
47.128.40.209 - - [22/Dec/2023:02:31:29 -0500] "GET /BLA/resoluciones/index.php?dir=RESOLUCIONES%202002%2FRES%202002%2051-100%2F&order=desc&sort=name HTTP/1.1" 200 12119
47.128.40.209 - - [22/Dec/2023:02:31:30 -0500] "GET /BLA/resoluciones/dlf/unknown.png HTTP/1.1" 200 266
47.128.40.209 - - [22/Dec/2023:02:31:30 -0500] "GET /BLA/resoluciones/dlf/dirup.png HTTP/1.1" 200 644
156.59.198.136 - - [22/Dec/2023:02:31:52 -0500] "GET /BLA/resoluciones/RESOLUCIONES%202017/0300.pdf HTTP/1.0" 200 395620
156.59.198.136 - - [22/Dec/2023:02:32:17 -0500] "GET /BLA/resoluciones/RESOLUCIONES%202017/0525.pdf HTTP/1.0" 200 291480
156.59.198.136 - - [22/Dec/2023:02:32:41 -0500] "GET /BLA/resoluciones/RESOLUCIONES%202017/2566.pdf HTTP/1.0" 200 1924271
201.245.192.253 - - [22/Dec/2023:02:32:40 -0500] "POST /kwsrmcab/Wsrmcab  HTTP/1.1" 200 40220
156.59.198.136 - - [22/Dec/2023:02:33:05 -0500] "GET /BLA/resoluciones/RESOLUCIONES%202017/1598.pdf HTTP/1.0" 200 442822
156.59.198.136 - - [22/Dec/2023:02:33:30 -0500] "GET /BLA/resoluciones/RESOLUCIONES%202017/1487.pdf HTTP/1.0" 200 405159
152.61.192.232 - - [22/Dec/2023:02:33:50 -0500] "GET /arcgis/services/Calidad_del_Agua_WQI/MapServer/WMSServer?request=GetCapabilities&service=WMS HTTP/1.1" 503 1020
152.61.192.232 - - [22/Dec/2023:02:33:52 -0500] "GET /arcgis/services/Calidad_del_Agua_WQI/MapServer/WMSServer?SERVICE=WMS&REQUEST=GetCapabilities HTTP/1.1" 503 1020
152.61.192.232 - - [22/Dec/2023:02:33:52 -0500] "GET /arcgis/services/Calidad_del_Agua_WQI/MapServer/WMSServer?WMTVER=1.0.0&REQUEST=capabilities HTTP/1.1" 503 1020
156.59.198.135 - - [22/Dec/2023:02:33:54 -0500] "GET /BLA/resoluciones/RESOLUCIONES%202017/2610.PDF HTTP/1.0" 200 10509587
207.46.13.130 - - [22/Dec/2023:02:33:59 -0500] "GET /BLA/resoluciones/AUTOS%202023/5683.pdf HTTP/1.1" 200 418480
156.59.198.136 - - [22/Dec/2023:02:34:18 -0500] "GET /BLA/resoluciones/RESOLUCIONES%202017/2358.pdf HTTP/1.0" 200 2549694
156.59.198.136 - - [22/Dec/2023:02:34:43 -0500] "GET /BLA/resoluciones/RESOLUCIONES%202017/0946.pdf HTTP/1.0" 200 483890
156.59.198.136 - - [22/Dec/2023:02:35:06 -0500] "GET /BLA/resoluciones/RESOLUCIONES%202017/0673.pdf HTTP/1.0" 200 1049732
216.245.221.92 - - [22/Dec/2023:02:35:30 -0500] "HEAD / HTTP/1.1" 200 -
156.59.198.135 - - [22/Dec/2023:02:35:31 -0500] "GET /BLA/resoluciones/RESOLUCIONES%202017/1532.pdf HTTP/1.0" 200 240778
156.59.198.136 - - [22/Dec/2023:02:35:56 -0500] "GET /BLA/resoluciones/RESOLUCIONES%202017/0690.pdf HTTP/1.0" 200 744424
172.22.2.4 - - [22/Dec/2023:02:34:37 -0500] "HEAD /BLA/boletinlegal/ HTTP/1.1" 200 -
156.59.198.135 - - [22/Dec/2023:02:36:20 -0500] "GET /BLA/resoluciones/RESOLUCIONES%202017/1138.pdf HTTP/1.0" 200 570229
201.245.192.253 - - [22/Dec/2023:02:36:28 -0500] "POST /kwsrmcab/Wsrmcab HTTP/1.1" 200 40106
201.245.192.253 - - [22/Dec/2023:02:36:31 -0500] "POST /kwsrmcab/Wsrmcab HTTP/1.1" 200 36636
156.59.198.136 - - [22/Dec/2023:02:36:44 -0500] "GET /BLA/resoluciones/RESOLUCIONES%202017/1476.pdf HTTP/1.0" 200 329750
172.22.2.4 - - [22/Dec/2023:02:35:28 -0500] "GET /BLA/boletinlegal/ HTTP/1.1" 200 58567
156.59.198.135 - - [22/Dec/2023:02:37:08 -0500] "GET /BLA/resoluciones/RESOLUCIONES%202017/2060.pdf HTTP/1.0" 200 339496
156.59.198.136 - - [22/Dec/2023:02:37:33 -0500] "GET /BLA/resoluciones/RESOLUCIONES%202017/2582.pdf HTTP/1.0" 200 324335
201.245.192.253 - - [22/Dec/2023:02:37:39 -0500] "POST /kwsrmcab/Wsrmcab  HTTP/1.1" 200 40220
156.59.198.135 - - [22/Dec/2023:02:37:56 -0500] "GET /BLA/resoluciones/RESOLUCIONES%202017/1678.pdf HTTP/1.0" 200 3121336
156.59.198.135 - - [22/Dec/2023:02:38:21 -0500] "GET /BLA/resoluciones/RESOLUCIONES%202017/1269.pdf HTTP/1.0" 200 264612
156.59.198.135 - - [22/Dec/2023:02:38:45 -0500] "GET /BLA/resoluciones/RESOLUCIONES%202017/0333.pdf HTTP/1.0" 200 1977102
156.59.198.135 - - [22/Dec/2023:02:39:09 -0500] "GET /BLA/resoluciones/RESOLUCIONES%202017/0751.pdf HTTP/1.0" 200 252654
156.59.198.136 - - [22/Dec/2023:02:39:33 -0500] "GET /BLA/resoluciones/RESOLUCIONES%202017/1003.pdf HTTP/1.0" 200 293923
207.46.13.154 - - [22/Dec/2023:02:39:47 -0500] "GET /BLA/resoluciones/AUTOS%202023/3025.pdf HTTP/1.1" 200 399380
156.59.198.136 - - [22/Dec/2023:02:39:58 -0500] "GET /BLA/resoluciones/RESOLUCIONES%202017/1988.pdf HTTP/1.0" 200 421129
156.59.198.136 - - [22/Dec/2023:02:40:22 -0500] "GET /BLA/resoluciones/RESOLUCIONES%202017/0440.pdf HTTP/1.0" 200 345136
201.245.192.253 - - [22/Dec/2023:02:40:24 -0500] "POST /kwsrmcab/Wsrmcab HTTP/1.1" 200 40106
216.245.221.92 - - [22/Dec/2023:02:40:30 -0500] "HEAD / HTTP/1.1" 200 -
201.245.192.253 - - [22/Dec/2023:02:40:29 -0500] "POST /kwsrmcab/Wsrmcab HTTP/1.1" 200 36636
156.59.198.135 - - [22/Dec/2023:02:40:47 -0500] "GET /BLA/resoluciones/RESOLUCIONES%202017/2029.pdf HTTP/1.0" 200 309645
125.84.239.86 - - [22/Dec/2023:02:41:09 -0500] "GET / HTTP/1.0" 200 319
156.59.198.136 - - [22/Dec/2023:02:41:11 -0500] "GET /BLA/resoluciones/RESOLUCIONES%202017/2529.pdf HTTP/1.0" 200 292902
156.59.198.135 - - [22/Dec/2023:02:41:35 -0500] "GET /BLA/resoluciones/RESOLUCIONES%202017/3643.pdf HTTP/1.0" 200 374275
156.59.198.136 - - [22/Dec/2023:02:41:59 -0500] "GET /BLA/resoluciones/RESOLUCIONES%202017/3576.pdf HTTP/1.0" 200 302683
172.22.2.4 - - [22/Dec/2023:02:40:27 -0500] "HEAD /BLA/boletinlegal/ HTTP/1.1" 200 -
183.191.126.80 - - [22/Dec/2023:02:42:09 -0500] "GET / HTTP/1.1" 200 319
222.181.11.208 - - [22/Dec/2023:02:42:17 -0500] "GET /favicon.ico HTTP/1.1" 200 7782
207.46.13.54 - - [22/Dec/2023:02:42:18 -0500] "GET /BLA/boletinlegal/js/jquery.scrollShow.js HTTP/1.1" 200 4586
156.59.198.135 - - [22/Dec/2023:02:42:23 -0500] "GET /BLA/resoluciones/RESOLUCIONES%202017/2488.pdf HTTP/1.0" 200 278910
201.245.192.253 - - [22/Dec/2023:02:42:38 -0500] "POST /kwsrmcab/Wsrmcab  HTTP/1.1" 200 40220
156.59.198.136 - - [22/Dec/2023:02:42:48 -0500] "GET /BLA/resoluciones/RESOLUCIONES%202017/0135.pdf HTTP/1.0" 200 906535
172.22.2.4 - - [22/Dec/2023:02:41:18 -0500] "GET /BLA/boletinlegal/ HTTP/1.1" 200 58172
156.59.198.135 - - [22/Dec/2023:02:43:12 -0500] "GET /BLA/resoluciones/RESOLUCIONES%202017/1773.pdf HTTP/1.0" 200 914582
156.59.198.136 - - [22/Dec/2023:02:43:36 -0500] "GET /BLA/resoluciones/RESOLUCIONES%202017/0264.pdf HTTP/1.0" 200 468646
156.59.198.135 - - [22/Dec/2023:02:44:01 -0500] "GET /BLA/resoluciones/RESOLUCIONES%202017/2673.pdf HTTP/1.0" 200 296443
207.46.13.54 - - [22/Dec/2023:02:44:08 -0500] "GET /Publicaciones/2023EE89187.pdf HTTP/1.1" 404 227
156.59.198.136 - - [22/Dec/2023:02:44:25 -0500] "GET /BLA/resoluciones/RESOLUCIONES%202017/2326.pdf HTTP/1.0" 200 304386
156.59.198.136 - - [22/Dec/2023:02:44:49 -0500] "GET /BLA/resoluciones/RESOLUCIONES%202017/3790.pdf HTTP/1.0" 200 271541
47.128.57.65 - - [22/Dec/2023:02:45:17 -0500] "GET /BLA/resoluciones/index.php?dir=RESOLUCIONES%202005%2FRES%202005%20201-250%2F&order=asc&sort=size HTTP/1.1" 200 12248
47.128.57.65 - - [22/Dec/2023:02:45:18 -0500] "GET /BLA/resoluciones/dlf/dirup.png HTTP/1.1" 200 644
47.128.57.65 - - [22/Dec/2023:02:45:18 -0500] "GET /BLA/resoluciones/dlf/unknown.png HTTP/1.1" 200 266
216.245.221.92 - - [22/Dec/2023:02:45:30 -0500] "HEAD / HTTP/1.1" 200 -
156.59.198.135 - - [22/Dec/2023:02:45:37 -0500] "GET /BLA/resoluciones/RESOLUCIONES%202017/2527.pdf HTTP/1.0" 200 301788
156.59.198.136 - - [22/Dec/2023:02:46:01 -0500] "GET /BLA/resoluciones/RESOLUCIONES%202017/0257.pdf HTTP/1.0" 200 601389
172.22.2.4 - - [22/Dec/2023:02:45:26 -0500] "GET /BLA/boletinlegal/ HTTP/1.1" 200 36811
156.59.198.136 - - [22/Dec/2023:02:46:27 -0500] "GET /BLA/resoluciones/RESOLUCIONES%202017/2821.pdf HTTP/1.0" 200 392591
156.59.198.135 - - [22/Dec/2023:02:46:51 -0500] "GET /BLA/resoluciones/RESOLUCIONES%202017/1972.pdf HTTP/1.0" 200 283555
156.59.198.135 - - [22/Dec/2023:02:47:15 -0500] "GET /BLA/resoluciones/RESOLUCIONES%202017/0883.pdf HTTP/1.0" 200 311162
201.245.192.253 - - [22/Dec/2023:02:47:37 -0500] "POST /kwsrmcab/Wsrmcab  HTTP/1.1" 200 40220
156.59.198.136 - - [22/Dec/2023:02:47:40 -0500] "GET /BLA/resoluciones/RESOLUCIONES%202017/2310.pdf HTTP/1.0" 200 304002
172.22.2.4 - - [22/Dec/2023:02:46:17 -0500] "HEAD /BLA/boletinlegal/ HTTP/1.1" 200 -
66.249.66.20 - - [22/Dec/2023:02:48:00 -0500] "GET /BLA/resoluciones/RESOLUCIONES%202011/6982.pdf HTTP/1.1" 304 -
156.59.198.136 - - [22/Dec/2023:02:48:05 -0500] "GET /BLA/resoluciones/RESOLUCIONES%202017/1798.pdf HTTP/1.0" 200 331244
207.46.13.54 - - [22/Dec/2023:02:48:20 -0500] "GET /BLA/resoluciones/AUTOS%202023/3654.pdf HTTP/1.1" 200 3300933
156.59.198.136 - - [22/Dec/2023:02:48:29 -0500] "GET /BLA/resoluciones/RESOLUCIONES%202017/3165.pdf HTTP/1.0" 200 275169
172.22.2.4 - - [22/Dec/2023:02:47:08 -0500] "GET /BLA/boletinlegal/ HTTP/1.1" 200 60502
156.59.198.136 - - [22/Dec/2023:02:48:53 -0500] "GET /BLA/resoluciones/RESOLUCIONES%202017/0809.pdf HTTP/1.0" 200 310195
66.249.66.193 - - [22/Dec/2023:02:49:03 -0500] "GET /distrito-avanza-con-la-plantacion-de-arboles-186-nuevos-individuos-fueron-sembrados-en-el-humedal-capellania.html HTTP/1.1" 200 990
156.59.198.136 - - [22/Dec/2023:02:49:18 -0500] "GET /BLA/resoluciones/RESOLUCIONES%202017/2055.pdf HTTP/1.0" 200 322534
156.59.198.136 - - [22/Dec/2023:02:49:42 -0500] "GET /BLA/resoluciones/RESOLUCIONES%202017/2318.pdf HTTP/1.0" 200 877220
156.59.198.136 - - [22/Dec/2023:02:50:07 -0500] "GET /BLA/resoluciones/RESOLUCIONES%202017/1245.pdf HTTP/1.0" 200 492920
216.245.221.92 - - [22/Dec/2023:02:50:30 -0500] "HEAD / HTTP/1.1" 200 -
156.59.198.136 - - [22/Dec/2023:02:50:30 -0500] "GET /BLA/resoluciones/RESOLUCIONES%202017/3011.pdf HTTP/1.0" 200 304005
156.59.198.136 - - [22/Dec/2023:02:50:54 -0500] "GET /BLA/resoluciones/RESOLUCIONES%202017/2646.pdf HTTP/1.0" 200 305336
156.59.198.136 - - [22/Dec/2023:02:51:19 -0500] "GET /BLA/resoluciones/RESOLUCIONES%202017/0561.pdf HTTP/1.0" 200 607309
156.59.198.136 - - [22/Dec/2023:02:51:42 -0500] "GET /BLA/resoluciones/RESOLUCIONES%202017/2531.pdf HTTP/1.0" 200 321333
156.59.198.136 - - [22/Dec/2023:02:52:07 -0500] "GET /BLA/resoluciones/RESOLUCIONES%202017/0958.pdf HTTP/1.0" 200 988719
87.236.176.177 - - [22/Dec/2023:02:52:25 -0500] "GET / HTTP/1.1" 200 319
156.59.198.136 - - [22/Dec/2023:02:52:32 -0500] "GET /BLA/resoluciones/RESOLUCIONES%202017/2201.pdf HTTP/1.0" 200 274592
201.245.192.253 - - [22/Dec/2023:02:52:36 -0500] "POST /kwsrmcab/Wsrmcab  HTTP/1.1" 200 40220
156.59.198.135 - - [22/Dec/2023:02:52:56 -0500] "GET /BLA/resoluciones/RESOLUCIONES%202017/3350.pdf HTTP/1.0" 200 1030522
156.59.198.136 - - [22/Dec/2023:02:53:20 -0500] "GET /BLA/resoluciones/RESOLUCIONES%202017/0715.pdf HTTP/1.0" 200 432437
156.59.198.136 - - [22/Dec/2023:02:53:45 -0500] "GET /BLA/resoluciones/RESOLUCIONES%202017/0290.pdf HTTP/1.0" 200 530276
172.22.2.4 - - [22/Dec/2023:02:52:07 -0500] "HEAD /BLA/boletinlegal/ HTTP/1.1" 200 -
173.252.111.13 - - [22/Dec/2023:02:54:01 -0500] "GET /secretaria-de-ambiente-reconocio-entidades-por-sus-buenas-practicas-ambientales.html HTTP/1.1" 206 892
69.63.184.4 - - [22/Dec/2023:02:54:02 -0500] "GET /images/reconocimiento%20practicas%20ambientales.jpg HTTP/1.1" 200 63397
173.252.111.5 - - [22/Dec/2023:02:54:06 -0500] "GET /secretaria-de-ambiente-reconocio-entidades-por-sus-buenas-practicas-ambientales.html HTTP/1.1" 200 892
156.59.198.136 - - [22/Dec/2023:02:54:09 -0500] "GET /BLA/resoluciones/RESOLUCIONES%202017/0940.pdf HTTP/1.0" 200 403154
156.59.198.136 - - [22/Dec/2023:02:54:33 -0500] "GET /BLA/resoluciones/RESOLUCIONES%202017/0288.pdf HTTP/1.0" 200 358863
172.22.2.4 - - [22/Dec/2023:02:52:58 -0500] "GET /BLA/boletinlegal/ HTTP/1.1" 200 60910
156.59.198.135 - - [22/Dec/2023:02:54:58 -0500] "GET /BLA/resoluciones/RESOLUCIONES%202017/2387.pdf HTTP/1.0" 200 11483042
156.59.198.136 - - [22/Dec/2023:02:55:22 -0500] "GET /BLA/resoluciones/RESOLUCIONES%202017/2486.pdf HTTP/1.0" 200 305158
216.245.221.92 - - [22/Dec/2023:02:55:30 -0500] "HEAD / HTTP/1.1" 200 -
156.59.198.135 - - [22/Dec/2023:02:55:47 -0500] "GET /BLA/resoluciones/RESOLUCIONES%202017/2114.pdf HTTP/1.0" 200 696394
69.63.184.120 - - [22/Dec/2023:02:56:07 -0500] "GET /images/agua%20bogota.jpg HTTP/1.1" 200 74348
156.59.198.136 - - [22/Dec/2023:02:56:11 -0500] "GET /BLA/resoluciones/RESOLUCIONES%202017/1669.pdf HTTP/1.0" 200 334267
156.59.198.136 - - [22/Dec/2023:02:56:35 -0500] "GET /BLA/resoluciones/RESOLUCIONES%202017/2416.pdf HTTP/1.0" 200 308397
156.59.198.135 - - [22/Dec/2023:02:57:01 -0500] "GET /BLA/resoluciones/RESOLUCIONES%202017/0520.pdf HTTP/1.0" 200 407112
156.59.198.135 - - [22/Dec/2023:02:57:25 -0500] "GET /BLA/resoluciones/RESOLUCIONES%202017/0852.pdf HTTP/1.0" 200 351081
201.245.192.253 - - [22/Dec/2023:02:57:34 -0500] "POST /kwsrmcab/Wsrmcab  HTTP/1.1" 200 40220
156.59.198.135 - - [22/Dec/2023:02:57:49 -0500] "GET /BLA/resoluciones/RESOLUCIONES%202017/0046.pdf HTTP/1.0" 200 377056
156.59.198.135 - - [22/Dec/2023:02:58:12 -0500] "GET /BLA/resoluciones/RESOLUCIONES%202017/3712.pdf HTTP/1.0" 200 386501
156.59.198.136 - - [22/Dec/2023:02:58:36 -0500] "GET /BLA/resoluciones/RESOLUCIONES%202017/2264.pdf HTTP/1.0" 200 303230
156.59.198.135 - - [22/Dec/2023:02:59:00 -0500] "GET /BLA/resoluciones/RESOLUCIONES%202017/2754.pdf HTTP/1.0" 200 373465
156.59.198.136 - - [22/Dec/2023:02:59:24 -0500] "GET /BLA/resoluciones/RESOLUCIONES%202017/2102.pdf HTTP/1.0" 200 419528
157.55.39.51 - - [22/Dec/2023:02:59:30 -0500] "GET /BLA/resoluciones/AUTOS%202023/3803.pdf HTTP/1.1" 200 2622127
207.46.13.128 - - [22/Dec/2023:02:59:36 -0500] "GET /BLA/resoluciones/AUTOS%202023/8589.pdf HTTP/1.1" 200 516011
172.22.2.4 - - [22/Dec/2023:02:57:57 -0500] "HEAD /BLA/boletinlegal/ HTTP/1.1" 200 -
156.59.198.135 - - [22/Dec/2023:02:59:49 -0500] "GET /BLA/resoluciones/RESOLUCIONES%202017/3829.pdf HTTP/1.0" 200 314279
156.59.198.136 - - [22/Dec/2023:03:00:12 -0500] "GET /BLA/resoluciones/RESOLUCIONES%202017/0320.pdf HTTP/1.0" 200 750669
172.22.2.4 - - [22/Dec/2023:02:58:48 -0500] "GET /BLA/boletinlegal/ HTTP/1.1" 200 58567
216.245.221.92 - - [22/Dec/2023:03:00:30 -0500] "HEAD / HTTP/1.1" 200 -
156.59.198.136 - - [22/Dec/2023:03:00:39 -0500] "GET /BLA/resoluciones/RESOLUCIONES%202017/2879.pdf HTTP/1.0" 200 290302
156.59.198.136 - - [22/Dec/2023:03:01:03 -0500] "GET /BLA/resoluciones/RESOLUCIONES%202017/0694.pdf HTTP/1.0" 200 305662
172.22.2.4 - - [22/Dec/2023:03:01:19 -0500] "GET /BLA/boletinlegal/robots.txt HTTP/1.1" 404 1038
156.59.198.136 - - [22/Dec/2023:03:01:26 -0500] "GET /BLA/resoluciones/RESOLUCIONES%202017/0319.pdf HTTP/1.0" 200 395029
156.59.198.135 - - [22/Dec/2023:03:01:52 -0500] "GET /BLA/resoluciones/RESOLUCIONES%202017/1940.pdf HTTP/1.0" 200 400179
156.59.198.136 - - [22/Dec/2023:03:02:16 -0500] "GET /BLA/resoluciones/RESOLUCIONES%202017/1150.pdf HTTP/1.0" 200 370859
201.245.192.253 - - [22/Dec/2023:03:02:33 -0500] "POST /kwsrmcab/Wsrmcab  HTTP/1.1" 200 40220
156.59.198.135 - - [22/Dec/2023:03:02:40 -0500] "GET /BLA/resoluciones/RESOLUCIONES%202017/3006.pdf HTTP/1.0" 200 305550
172.22.2.4 - - [22/Dec/2023:03:01:20 -0500] "GET /BLA/boletinlegal/ HTTP/1.1" 200 63054
156.59.198.135 - - [22/Dec/2023:03:03:04 -0500] "GET /BLA/resoluciones/RESOLUCIONES%202017/0407.pdf HTTP/1.0" 200 795227
156.59.198.136 - - [22/Dec/2023:03:03:28 -0500] "GET /BLA/resoluciones/RESOLUCIONES%202017/2690.pdf HTTP/1.0" 200 287613
156.59.198.135 - - [22/Dec/2023:03:03:53 -0500] "GET /BLA/resoluciones/RESOLUCIONES%202017/0680.pdf HTTP/1.0" 200 274915
156.59.198.135 - - [22/Dec/2023:03:04:16 -0500] "GET /BLA/resoluciones/RESOLUCIONES%202017/0375.pdf HTTP/1.0" 200 2856717
156.59.198.136 - - [22/Dec/2023:03:04:40 -0500] "GET /BLA/resoluciones/RESOLUCIONES%202017/3282.pdf HTTP/1.0" 200 377598
156.59.198.136 - - [22/Dec/2023:03:05:05 -0500] "GET /BLA/resoluciones/RESOLUCIONES%202017/3284.pdf HTTP/1.0" 200 2346854
172.22.2.4 - - [22/Dec/2023:03:03:47 -0500] "HEAD /BLA/boletinlegal/ HTTP/1.1" 200 -
156.59.198.135 - - [22/Dec/2023:03:05:29 -0500] "GET /BLA/resoluciones/RESOLUCIONES%202017/3584.pdf HTTP/1.0" 200 334837
216.245.221.92 - - [22/Dec/2023:03:05:30 -0500] "HEAD / HTTP/1.1" 200 -
207.46.13.92 - - [22/Dec/2023:03:05:41 -0500] "GET /BLA/resoluciones/AUTOS%202023/4723.pdf HTTP/1.1" 200 726361
158.69.23.79 - - [22/Dec/2023:03:05:45 -0500] "GET /wp-content/themes/twentystd/index.php HTTP/1.1" 404 1035
158.69.23.79 - - [22/Dec/2023:03:05:48 -0500] "GET /wp-content/themes/twentystd/index.php HTTP/1.1" 404 1032
156.59.198.136 - - [22/Dec/2023:03:05:54 -0500] "GET /BLA/resoluciones/RESOLUCIONES%202017/2553.pdf HTTP/1.0" 200 279503
172.22.2.4 - - [22/Dec/2023:03:04:38 -0500] "GET /BLA/boletinlegal/ HTTP/1.1" 200 60502
156.59.198.136 - - [22/Dec/2023:03:06:18 -0500] "GET /BLA/resoluciones/RESOLUCIONES%202017/0154.pdf HTTP/1.0" 200 402591
156.59.198.136 - - [22/Dec/2023:03:06:42 -0500] "GET /BLA/resoluciones/RESOLUCIONES%202017/2596.pdf HTTP/1.0" 200 277418
156.59.198.136 - - [22/Dec/2023:03:07:07 -0500] "GET /BLA/resoluciones/RESOLUCIONES%202017/0716.pdf HTTP/1.0" 200 433232
156.59.198.136 - - [22/Dec/2023:03:07:31 -0500] "GET /BLA/resoluciones/RESOLUCIONES%202017/1804.pdf HTTP/1.0" 200 392988
201.245.192.253 - - [22/Dec/2023:03:07:32 -0500] "POST /kwsrmcab/Wsrmcab  HTTP/1.1" 200 40220
156.59.198.136 - - [22/Dec/2023:03:07:55 -0500] "GET /BLA/resoluciones/RESOLUCIONES%202017/3025.pdf HTTP/1.0" 200 1277531
156.59.198.135 - - [22/Dec/2023:03:08:20 -0500] "GET /BLA/resoluciones/RESOLUCIONES%202017/0828.pdf HTTP/1.0" 200 299605
156.59.198.135 - - [22/Dec/2023:03:08:44 -0500] "GET /BLA/resoluciones/RESOLUCIONES%202017/2247.pdf HTTP/1.0" 200 304632
156.59.198.135 - - [22/Dec/2023:03:09:08 -0500] "GET /BLA/resoluciones/RESOLUCIONES%202017/0693.pdf HTTP/1.0" 200 313501
156.59.198.136 - - [22/Dec/2023:03:09:32 -0500] "GET /BLA/resoluciones/RESOLUCIONES%202017/2689.pdf HTTP/1.0" 200 302246
156.59.198.136 - - [22/Dec/2023:03:09:58 -0500] "GET /BLA/resoluciones/RESOLUCIONES%202017/0874.pdf HTTP/1.0" 200 2454688
156.59.198.136 - - [22/Dec/2023:03:10:23 -0500] "GET /BLA/resoluciones/RESOLUCIONES%202017/1144.pdf HTTP/1.0" 200 682846
66.249.66.20 - - [22/Dec/2023:03:10:30 -0500] "GET /Publicaciones/2023EE173831.pdf HTTP/1.1" 404 228
216.245.221.92 - - [22/Dec/2023:03:10:30 -0500] "HEAD / HTTP/1.1" 200 -
156.59.198.136 - - [22/Dec/2023:03:10:47 -0500] "GET /BLA/resoluciones/RESOLUCIONES%202017/0712.pdf HTTP/1.0" 200 309527
207.46.13.31 - - [22/Dec/2023:03:10:52 -0500] "GET /BLA/resoluciones/AUTOS%202023/4680.pdf HTTP/1.1" 200 2688199
156.59.198.135 - - [22/Dec/2023:03:11:11 -0500] "GET /BLA/resoluciones/RESOLUCIONES%202017/3610.pdf HTTP/1.0" 200 315522
172.22.2.4 - - [22/Dec/2023:03:09:37 -0500] "HEAD /BLA/boletinlegal/ HTTP/1.1" 200 -
66.249.66.19 - - [22/Dec/2023:03:11:20 -0500] "GET /Publicaciones/2023EE171008.pdf HTTP/1.1" 404 228
66.249.66.194 - - [22/Dec/2023:03:11:33 -0500] "GET /dia-mundial-del-agua-2023-programate-para-participar-en-estas-actividades-de-educacion-ambiental.html HTTP/1.1" 200 903
156.59.198.136 - - [22/Dec/2023:03:11:36 -0500] "GET /BLA/resoluciones/RESOLUCIONES%202017/3168.pdf HTTP/1.0" 200 270021
156.59.198.135 - - [22/Dec/2023:03:12:00 -0500] "GET /BLA/resoluciones/RESOLUCIONES%202017/2025.pdf HTTP/1.0" 200 621633
172.22.2.4 - - [22/Dec/2023:03:10:28 -0500] "GET /BLA/boletinlegal/ HTTP/1.1" 200 60910
158.69.23.79 - - [22/Dec/2023:03:12:24 -0500] "GET /wp-content/themes/twentystd/index.php HTTP/1.1" 404 1035
156.59.198.135 - - [22/Dec/2023:03:12:25 -0500] "GET /BLA/resoluciones/RESOLUCIONES%202017/0360.pdf HTTP/1.0" 200 411431
158.69.23.79 - - [22/Dec/2023:03:12:26 -0500] "GET /wp-content/themes/twentystd/index.php HTTP/1.1" 404 1032
201.245.192.253 - - [22/Dec/2023:03:12:30 -0500] "POST /kwsrmcab/Wsrmcab  HTTP/1.1" 200 40220
156.59.198.135 - - [22/Dec/2023:03:12:49 -0500] "GET /BLA/resoluciones/RESOLUCIONES%202017/0065.pdf HTTP/1.0" 200 552418
156.59.198.135 - - [22/Dec/2023:03:13:14 -0500] "GET /BLA/resoluciones/RESOLUCIONES%202017/1597.pdf HTTP/1.0" 200 402978
156.59.198.136 - - [22/Dec/2023:03:13:38 -0500] "GET /BLA/resoluciones/RESOLUCIONES%202017/3258.pdf HTTP/1.0" 200 1299646
156.59.198.135 - - [22/Dec/2023:03:14:03 -0500] "GET /BLA/resoluciones/RESOLUCIONES%202017/1947.pdf HTTP/1.0" 200 305654
156.59.198.135 - - [22/Dec/2023:03:14:28 -0500] "GET /BLA/resoluciones/RESOLUCIONES%202017/1586.pdf HTTP/1.0" 200 622639
156.59.198.136 - - [22/Dec/2023:03:14:52 -0500] "GET /BLA/resoluciones/RESOLUCIONES%202017/3250.pdf HTTP/1.0" 200 362971
156.59.198.136 - - [22/Dec/2023:03:15:16 -0500] "GET /BLA/resoluciones/RESOLUCIONES%202017/3754.pdf HTTP/1.0" 200 314580
216.245.221.92 - - [22/Dec/2023:03:15:30 -0500] "HEAD / HTTP/1.1" 200 -
156.59.198.135 - - [22/Dec/2023:03:15:40 -0500] "GET /BLA/resoluciones/RESOLUCIONES%202017/1714.pdf HTTP/1.0" 200 5214415
156.59.198.135 - - [22/Dec/2023:03:16:04 -0500] "GET /BLA/resoluciones/RESOLUCIONES%202017/2695.pdf HTTP/1.0" 200 56481162
156.59.198.136 - - [22/Dec/2023:03:16:29 -0500] "GET /BLA/resoluciones/Notificaciones/AUTOS%202029/01550.pdf HTTP/1.0" 200 329429
201.245.192.253 - - [22/Dec/2023:03:16:27 -0500] "POST /kwsrmcab/Wsrmcab HTTP/1.1" 200 40389
201.245.192.253 - - [22/Dec/2023:03:16:30 -0500] "POST /kwsrmcab/Wsrmcab HTTP/1.1" 200 36627
156.59.198.136 - - [22/Dec/2023:03:16:53 -0500] "GET /BLA/resoluciones/RESOLUCIONES%202017/0898.pdf HTTP/1.0" 200 376599
172.22.2.4 - - [22/Dec/2023:03:15:27 -0500] "HEAD /BLA/boletinlegal/ HTTP/1.1" 200 -
156.59.198.136 - - [22/Dec/2023:03:17:17 -0500] "GET /BLA/resoluciones/RESOLUCIONES%202017/0147.pdf HTTP/1.0" 200 833476
201.245.192.253 - - [22/Dec/2023:03:17:29 -0500] "POST /kwsrmcab/Wsrmcab  HTTP/1.1" 200 40220
156.59.198.135 - - [22/Dec/2023:03:17:41 -0500] "GET /BLA/resoluciones/RESOLUCIONES%202017/0338.pdf HTTP/1.0" 200 2185131
172.22.2.4 - - [22/Dec/2023:03:16:18 -0500] "GET /BLA/boletinlegal/ HTTP/1.1" 200 60910
156.59.198.135 - - [22/Dec/2023:03:18:05 -0500] "GET /BLA/resoluciones/RESOLUCIONES%202017/0009.pdf HTTP/1.0" 200 1168102
156.59.198.136 - - [22/Dec/2023:03:18:30 -0500] "GET /BLA/resoluciones/RESOLUCIONES%202017/0409.pdf HTTP/1.0" 200 314007
156.59.198.136 - - [22/Dec/2023:03:18:55 -0500] "GET /BLA/resoluciones/RESOLUCIONES%202017/0222.pdf HTTP/1.0" 200 480963
157.55.39.10 - - [22/Dec/2023:03:19:13 -0500] "GET /BLA/resoluciones/RESOLUCIONES%202019/0408.pdf HTTP/1.1" 200 271147
156.59.198.135 - - [22/Dec/2023:03:19:19 -0500] "GET /BLA/resoluciones/RESOLUCIONES%202017/2892.pdf HTTP/1.0" 200 283809
47.128.115.36 - - [22/Dec/2023:03:19:46 -0500] "GET /robots.txt HTTP/1.1" 404 1018
156.59.198.136 - - [22/Dec/2023:03:20:08 -0500] "GET /BLA/resoluciones/RESOLUCIONES%202017/3341.pdf HTTP/1.0" 200 462740
201.245.192.253 - - [22/Dec/2023:03:20:25 -0500] "POST /kwsrmcab/Wsrmcab HTTP/1.1" 200 40389
216.245.221.92 - - [22/Dec/2023:03:20:30 -0500] "HEAD / HTTP/1.1" 200 -
157.55.39.10 - - [22/Dec/2023:03:20:32 -0500] "GET /BLA/resoluciones/AUTOS%202018/1135.pdf HTTP/1.1" 304 -
201.245.192.253 - - [22/Dec/2023:03:20:30 -0500] "POST /kwsrmcab/Wsrmcab HTTP/1.1" 200 36627
156.59.198.136 - - [22/Dec/2023:03:20:33 -0500] "GET /BLA/resoluciones/RESOLUCIONES%202017/1594.pdf HTTP/1.0" 200 502265
156.59.198.135 - - [22/Dec/2023:03:20:58 -0500] "GET /BLA/resoluciones/RESOLUCIONES%202017/0066.pdf HTTP/1.0" 200 563263
156.59.198.136 - - [22/Dec/2023:03:21:22 -0500] "GET /BLA/resoluciones/RESOLUCIONES%202017/2691.pdf HTTP/1.0" 200 276217
156.59.198.135 - - [22/Dec/2023:03:21:46 -0500] "GET /BLA/resoluciones/RESOLUCIONES%202017/2484.pdf HTTP/1.0" 200 305953
156.59.198.135 - - [22/Dec/2023:03:22:10 -0500] "GET /BLA/resoluciones/RESOLUCIONES%202017/0393.pdf HTTP/1.0" 200 583565
201.245.192.253 - - [22/Dec/2023:03:22:28 -0500] "POST /kwsrmcab/Wsrmcab  HTTP/1.1" 200 40220
156.59.198.135 - - [22/Dec/2023:03:22:35 -0500] "GET /BLA/resoluciones/RESOLUCIONES%202017/2678.pdf HTTP/1.0" 200 303575
172.22.2.4 - - [22/Dec/2023:03:21:17 -0500] "HEAD /BLA/boletinlegal/ HTTP/1.1" 200 -
207.46.13.92 - - [22/Dec/2023:03:22:57 -0500] "GET /BLA/resoluciones/RESOLUCIONES%202021/0989.pdf HTTP/1.1" 200 603768
156.59.198.136 - - [22/Dec/2023:03:22:58 -0500] "GET /BLA/resoluciones/RESOLUCIONES%202017/0251.pdf HTTP/1.0" 200 498456
156.59.198.136 - - [22/Dec/2023:03:23:24 -0500] "GET /BLA/resoluciones/RESOLUCIONES%202017/0256.pdf HTTP/1.0" 200 587676
172.22.2.4 - - [22/Dec/2023:03:22:08 -0500] "GET /BLA/boletinlegal/ HTTP/1.1" 200 60502
156.59.198.135 - - [22/Dec/2023:03:23:48 -0500] "GET /BLA/resoluciones/RESOLUCIONES%202017/2962.pdf HTTP/1.0" 200 1872373
156.59.198.136 - - [22/Dec/2023:03:24:11 -0500] "GET /BLA/resoluciones/RESOLUCIONES%202017/0334.pdf HTTP/1.0" 200 417267
156.59.198.136 - - [22/Dec/2023:03:24:36 -0500] "GET /BLA/resoluciones/RESOLUCIONES%202017/2411.pdf HTTP/1.0" 200 303772
156.59.198.136 - - [22/Dec/2023:03:25:00 -0500] "GET /BLA/resoluciones/RESOLUCIONES%202017/1519.pdf HTTP/1.0" 200 371406
69.63.184.9 - - [22/Dec/2023:03:25:06 -0500] "GET /images/reconocimiento%20practicas%20ambientales.jpg HTTP/1.1" 200 63397
156.59.198.135 - - [22/Dec/2023:03:25:26 -0500] "GET /BLA/resoluciones/RESOLUCIONES%202017/2069.pdf HTTP/1.0" 200 305664
216.245.221.92 - - [22/Dec/2023:03:25:30 -0500] "HEAD / HTTP/1.1" 200 -
156.59.198.135 - - [22/Dec/2023:03:25:50 -0500] "GET /BLA/resoluciones/RESOLUCIONES%202017/3729.pdf HTTP/1.0" 200 288698
207.46.13.54 - - [22/Dec/2023:03:26:04 -0500] "GET /BLA/resoluciones/AUTOS%202018/4945.pdf HTTP/1.1" 304 -
156.59.198.135 - - [22/Dec/2023:03:26:14 -0500] "GET /BLA/resoluciones/RESOLUCIONES%202017/0023.pdf HTTP/1.0" 200 1694449
201.245.192.253 - - [22/Dec/2023:03:26:27 -0500] "POST /kwsrmcab/Wsrmcab HTTP/1.1" 200 40389
201.245.192.253 - - [22/Dec/2023:03:26:30 -0500] "POST /kwsrmcab/Wsrmcab HTTP/1.1" 200 36627
156.59.198.135 - - [22/Dec/2023:03:26:38 -0500] "GET /BLA/resoluciones/RESOLUCIONES%202017/1693.pdf HTTP/1.0" 200 431672
156.59.198.135 - - [22/Dec/2023:03:27:02 -0500] "GET /BLA/resoluciones/RESOLUCIONES%202017/2952.pdf HTTP/1.0" 200 5531676
156.59.198.136 - - [22/Dec/2023:03:27:27 -0500] "GET /BLA/resoluciones/RESOLUCIONES%202017/3244.pdf HTTP/1.0" 200 301357
201.245.192.253 - - [22/Dec/2023:03:27:26 -0500] "POST /kwsrmcab/Wsrmcab  HTTP/1.1" 200 40220
156.59.198.136 - - [22/Dec/2023:03:27:52 -0500] "GET /BLA/resoluciones/RESOLUCIONES%202017/2890.pdf HTTP/1.0" 200 289196
162.55.175.143 - - [22/Dec/2023:03:28:12 -0500] "GET / HTTP/1.1" 200 319
162.55.175.143 - - [22/Dec/2023:03:28:14 -0500] "GET / HTTP/1.1" 200 4720
156.59.198.135 - - [22/Dec/2023:03:28:16 -0500] "GET /BLA/resoluciones/RESOLUCIONES%202017/2671.pdf HTTP/1.0" 200 305332
52.81.61.158 - - [22/Dec/2023:03:28:18 -0500] "GET /.vscode/sftp.json HTTP/1.1" 404 1018
69.63.184.8 - - [22/Dec/2023:03:28:20 -0500] "GET /camino-guadalupe-aguanoso-abierto-de-nuevo-al-publico.html HTTP/1.1" 200 879
207.46.13.92 - - [22/Dec/2023:03:28:30 -0500] "GET /BLA/resoluciones/RESOLUCIONES%202022/3435.pdf HTTP/1.1" 304 -
157.55.39.205 - - [22/Dec/2023:03:28:34 -0500] "GET /BLA/resoluciones/AUTOS%202023/3708.pdf HTTP/1.1" 200 2794779
156.59.198.136 - - [22/Dec/2023:03:28:40 -0500] "GET /BLA/resoluciones/RESOLUCIONES%202017/1742.pdf HTTP/1.0" 200 885385
172.22.2.4 - - [22/Dec/2023:03:27:07 -0500] "HEAD /BLA/boletinlegal/ HTTP/1.1" 200 -
156.59.198.136 - - [22/Dec/2023:03:29:04 -0500] "GET /BLA/resoluciones/RESOLUCIONES%202017/2953.pdf HTTP/1.0" 200 308392
116.202.20.140 - - [22/Dec/2023:03:29:10 -0500] "GET / HTTP/1.1" 200 4720
116.202.20.140 - - [22/Dec/2023:03:29:11 -0500] "GET / HTTP/1.1" 200 319
156.59.198.135 - - [22/Dec/2023:03:29:29 -0500] "GET /BLA/resoluciones/RESOLUCIONES%202017/0186.pdf HTTP/1.0" 200 392231
172.22.2.4 - - [22/Dec/2023:03:27:59 -0500] "GET /BLA/boletinlegal/ HTTP/1.1" 200 60910
156.59.198.136 - - [22/Dec/2023:03:29:53 -0500] "GET /BLA/resoluciones/RESOLUCIONES%202017/0267.pdf HTTP/1.0" 200 526025
156.59.198.136 - - [22/Dec/2023:03:30:18 -0500] "GET /BLA/resoluciones/RESOLUCIONES%202017/0429.pdf HTTP/1.0" 200 345672
201.245.192.253 - - [22/Dec/2023:03:30:24 -0500] "POST /kwsrmcab/Wsrmcab HTTP/1.1" 200 40389
216.245.221.92 - - [22/Dec/2023:03:30:30 -0500] "HEAD / HTTP/1.1" 200 -
201.245.192.253 - - [22/Dec/2023:03:30:29 -0500] "POST /kwsrmcab/Wsrmcab HTTP/1.1" 200 36627
156.59.198.136 - - [22/Dec/2023:03:30:42 -0500] "GET /BLA/resoluciones/RESOLUCIONES%202017/1945.pdf HTTP/1.0" 200 366506
156.59.198.136 - - [22/Dec/2023:03:31:06 -0500] "GET /BLA/resoluciones/RESOLUCIONES%202017/2948.pdf HTTP/1.0" 200 382962
40.77.167.35 - - [22/Dec/2023:03:31:09 -0500] "GET /68-de-ejecucion-lleva-el-plan-de-accion-para-las-familias-de-bogota-que-va-del-2021-al-2025.html HTTP/1.1" 200 811
40.77.167.35 - - [22/Dec/2023:03:31:09 -0500] "GET /bogota-y-cundinamarca-consolidan-pagos-por-servicios-ambientales-con-nueva-firma-para-la-proteccion-del-agua.html HTTP/1.1" 200 821
40.77.167.35 - - [22/Dec/2023:03:31:09 -0500] "GET /distrito-exalta-48-arboles-patrimoniales-y-15-de-interes-publico-en-bogota.html HTTP/1.1" 200 816
52.167.144.176 - - [22/Dec/2023:03:31:14 -0500] "GET /secretaria-de-ambiente-reconocio-entidades-por-sus-buenas-practicas-ambientales.html HTTP/1.1" 200 892
205.210.31.80 - - [22/Dec/2023:03:31:30 -0500] "\x16\x03\x01" 400 226
205.210.31.80 - - [22/Dec/2023:03:31:30 -0500] "\x16\x03\x01" 400 226
156.59.198.136 - - [22/Dec/2023:03:31:31 -0500] "GET /BLA/resoluciones/RESOLUCIONES%202017/0129.pdf HTTP/1.0" 200 464241
156.59.198.135 - - [22/Dec/2023:03:31:56 -0500] "GET /BLA/resoluciones/RESOLUCIONES%202017/0346.pdf HTTP/1.0" 200 778434
156.59.198.136 - - [22/Dec/2023:03:32:20 -0500] "GET /BLA/resoluciones/RESOLUCIONES%202017/1299.pdf HTTP/1.0" 200 375004
201.245.192.253 - - [22/Dec/2023:03:32:25 -0500] "POST /kwsrmcab/Wsrmcab  HTTP/1.1" 200 40220
156.59.198.136 - - [22/Dec/2023:03:32:45 -0500] "GET /BLA/resoluciones/RESOLUCIONES%202017/1533.pdf HTTP/1.0" 200 454855
66.249.66.20 - - [22/Dec/2023:03:33:00 -0500] "GET /Publicaciones/2022EE310482.pdf HTTP/1.1" 404 228
156.59.198.136 - - [22/Dec/2023:03:33:09 -0500] "GET /BLA/resoluciones/RESOLUCIONES%202017/3167.pdf HTTP/1.0" 200 317790
156.59.198.136 - - [22/Dec/2023:03:33:33 -0500] "GET /BLA/resoluciones/RESOLUCIONES%202017/3356.pdf HTTP/1.0" 200 5182694
156.59.198.135 - - [22/Dec/2023:03:33:57 -0500] "GET /BLA/resoluciones/RESOLUCIONES%202017/1822.pdf HTTP/1.0" 200 344345
66.249.66.193 - - [22/Dec/2023:03:34:03 -0500] "GET /inscribete-y-participa-en-la-convencion-internacional-de-emergencia-climatica-bogota-2023.html HTTP/1.1" 304 -
156.59.198.135 - - [22/Dec/2023:03:34:22 -0500] "GET /BLA/resoluciones/RESOLUCIONES%202017/2965.pdf HTTP/1.0" 200 302990
172.22.2.4 - - [22/Dec/2023:03:32:57 -0500] "HEAD /BLA/boletinlegal/ HTTP/1.1" 200 -
156.59.198.135 - - [22/Dec/2023:03:34:45 -0500] "GET /BLA/resoluciones/RESOLUCIONES%202017/3678.pdf HTTP/1.0" 200 425545
156.59.198.136 - - [22/Dec/2023:03:35:10 -0500] "GET /BLA/resoluciones/RESOLUCIONES%202017/1777.pdf HTTP/1.0" 200 1858192
172.22.2.4 - - [22/Dec/2023:03:33:47 -0500] "GET /BLA/boletinlegal/ HTTP/1.1" 200 58567
216.245.221.92 - - [22/Dec/2023:03:35:30 -0500] "HEAD / HTTP/1.1" 200 -
47.128.51.147 - - [22/Dec/2023:03:35:35 -0500] "GET /BLA/resoluciones/index.php?dir=RESOLUCIONES%202003%2FRES%202003%201201-1250%2F&order=asc&sort=date HTTP/1.1" 200 12626
47.128.51.147 - - [22/Dec/2023:03:35:36 -0500] "GET /BLA/resoluciones/dlf/dirup.png HTTP/1.1" 200 644
47.128.51.147 - - [22/Dec/2023:03:35:36 -0500] "GET /BLA/resoluciones/dlf/unknown.png HTTP/1.1" 200 266
156.59.198.135 - - [22/Dec/2023:03:35:58 -0500] "GET /BLA/resoluciones/RESOLUCIONES%202017/1983.pdf HTTP/1.0" 200 304902
156.59.198.135 - - [22/Dec/2023:03:36:22 -0500] "GET /BLA/resoluciones/RESOLUCIONES%202017/2541.pdf HTTP/1.0" 200 416250
201.245.192.253 - - [22/Dec/2023:03:36:27 -0500] "POST /kwsrmcab/Wsrmcab HTTP/1.1" 200 40389
201.245.192.253 - - [22/Dec/2023:03:36:30 -0500] "POST /kwsrmcab/Wsrmcab HTTP/1.1" 200 36627
172.22.2.4 - - [22/Dec/2023:03:35:01 -0500] "GET /BLA/boletinlegal/ HTTP/1.1" 200 60502
156.59.198.136 - - [22/Dec/2023:03:36:46 -0500] "GET /BLA/resoluciones/RESOLUCIONES%202017/3783.pdf HTTP/1.0" 200 344847
156.59.198.136 - - [22/Dec/2023:03:37:11 -0500] "GET /BLA/resoluciones/RESOLUCIONES%202017/2758.pdf HTTP/1.0" 200 379532
173.252.127.1 - - [22/Dec/2023:03:37:19 -0500] "GET /bogota-y-cundinamarca-consolidan-pagos-por-servicios-ambientales-con-nueva-firma-para-la-proteccion-del-agua.html HTTP/1.1" 200 821
173.252.127.13 - - [22/Dec/2023:03:37:19 -0500] "GET /bogota-y-cundinamarca-consolidan-pagos-por-servicios-ambientales-con-nueva-firma-para-la-proteccion-del-agua.html HTTP/1.1" 200 821
173.252.127.14 - - [22/Dec/2023:03:37:20 -0500] "GET /bogota-y-cundinamarca-consolidan-pagos-por-servicios-ambientales-con-nueva-firma-para-la-proteccion-del-agua.html HTTP/1.1" 206 821
173.252.127.26 - - [22/Dec/2023:03:37:24 -0500] "GET /bogota-y-cundinamarca-consolidan-pagos-por-servicios-ambientales-con-nueva-firma-para-la-proteccion-del-agua.html HTTP/1.1" 200 821
201.245.192.253 - - [22/Dec/2023:03:37:24 -0500] "POST /kwsrmcab/Wsrmcab  HTTP/1.1" 200 40220
156.59.198.136 - - [22/Dec/2023:03:37:35 -0500] "GET /BLA/resoluciones/RESOLUCIONES%202017/3069.pdf HTTP/1.0" 200 304226
156.59.198.136 - - [22/Dec/2023:03:37:59 -0500] "GET /BLA/resoluciones/RESOLUCIONES%202017/1602.pdf HTTP/1.0" 200 509886
156.59.198.136 - - [22/Dec/2023:03:38:23 -0500] "GET /BLA/resoluciones/RESOLUCIONES%202017/2627.pdf HTTP/1.0" 200 11223765
156.59.198.135 - - [22/Dec/2023:03:38:47 -0500] "GET /BLA/resoluciones/RESOLUCIONES%202017/3807.pdf HTTP/1.0" 200 316361
156.59.198.136 - - [22/Dec/2023:03:39:11 -0500] "GET /BLA/resoluciones/RESOLUCIONES%202017/0707.pdf HTTP/1.0" 200 306126
47.128.24.114 - - [22/Dec/2023:03:39:36 -0500] "GET /BLA/resoluciones/index.php?dir=RESOLUCIONES%202007%2FRES%202007%20801%20AL%20900%2F&order=asc&sort=name HTTP/1.1" 200 26642
47.128.24.114 - - [22/Dec/2023:03:39:37 -0500] "GET /BLA/resoluciones/dlf/pdf.gif HTTP/1.1" 200 272
47.128.24.114 - - [22/Dec/2023:03:39:37 -0500] "GET /BLA/resoluciones/dlf/dirup.png HTTP/1.1" 200 644
47.128.113.98 - - [22/Dec/2023:03:40:01 -0500] "GET /BLA/resoluciones/dlf/unknown.png HTTP/1.1" 200 266
47.128.113.98 - - [22/Dec/2023:03:40:01 -0500] "GET /BLA/resoluciones/dlf/dirup.png HTTP/1.1" 200 644
47.128.113.98 - - [22/Dec/2023:03:40:00 -0500] "GET /BLA/resoluciones/index.php?dir=RESOLUCIONES%202005%2FRES%202005%201251-1300%2F&order=asc&sort=size HTTP/1.1" 200 12362
47.128.41.150 - - [22/Dec/2023:03:40:25 -0500] "GET /BLA/resoluciones/dlf/pdf.gif HTTP/1.1" 200 272
47.128.41.150 - - [22/Dec/2023:03:40:25 -0500] "GET /BLA/resoluciones/dlf/dirup.png HTTP/1.1" 200 644
47.128.41.150 - - [22/Dec/2023:03:40:26 -0500] "GET /BLA/resoluciones/dlf/archive.png HTTP/1.1" 200 632
201.245.192.253 - - [22/Dec/2023:03:40:24 -0500] "POST /kwsrmcab/Wsrmcab HTTP/1.1" 200 40389
47.128.41.150 - - [22/Dec/2023:03:40:24 -0500] "GET /BLA/resoluciones/index.php?dir=RESOLUCIONES%202020%2F&order=desc&sort=size HTTP/1.1" 200 170085
172.22.2.4 - - [22/Dec/2023:03:38:47 -0500] "HEAD /BLA/boletinlegal/ HTTP/1.1" 200 -
216.245.221.92 - - [22/Dec/2023:03:40:30 -0500] "HEAD / HTTP/1.1" 200 -
201.245.192.253 - - [22/Dec/2023:03:40:28 -0500] "POST /kwsrmcab/Wsrmcab HTTP/1.1" 200 36627
47.128.23.42 - - [22/Dec/2023:03:40:49 -0500] "GET /BLA/resoluciones/index.php?dir=RESOLUCIONES%202005%2FRES%202005%202501-2550%2F&order=asc&sort=size HTTP/1.1" 200 12365
47.128.23.42 - - [22/Dec/2023:03:40:50 -0500] "GET /BLA/resoluciones/dlf/unknown.png HTTP/1.1" 200 266
47.128.23.42 - - [22/Dec/2023:03:40:50 -0500] "GET /BLA/resoluciones/dlf/dirup.png HTTP/1.1" 200 644
157.55.39.9 - - [22/Dec/2023:03:40:55 -0500] "GET /BLA/resoluciones/Notificaciones/RESOLUCIONES%202023/708.pdf HTTP/1.1" 200 413121
47.128.110.116 - - [22/Dec/2023:03:41:13 -0500] "GET /BLA/resoluciones/index.php?dir=RESOLUCIONES%202005%2FRES%202005%20351-400%2F&order=asc&sort=size HTTP/1.1" 200 12243
47.128.110.116 - - [22/Dec/2023:03:41:14 -0500] "GET /BLA/resoluciones/dlf/dirup.png HTTP/1.1" 200 644
47.128.110.116 - - [22/Dec/2023:03:41:14 -0500] "GET /BLA/resoluciones/dlf/unknown.png HTTP/1.1" 200 266
172.22.2.4 - - [22/Dec/2023:03:39:38 -0500] "GET /BLA/boletinlegal/ HTTP/1.1" 200 58567
47.128.44.77 - - [22/Dec/2023:03:41:36 -0500] "GET /BLA/resoluciones/index.php?dir=RESOLUCIONES%202003%2FRES%202003%20701-750%2F&order=asc&sort=size HTTP/1.1" 200 11298
47.128.44.77 - - [22/Dec/2023:03:41:38 -0500] "GET /BLA/resoluciones/dlf/dirup.png HTTP/1.1" 200 644
47.128.44.77 - - [22/Dec/2023:03:41:38 -0500] "GET /BLA/resoluciones/dlf/unknown.png HTTP/1.1" 200 266
47.128.57.122 - - [22/Dec/2023:03:42:00 -0500] "GET /BLA/resoluciones/index.php?dir=RESOLUCIONES%202003%2FRES%202003%20451-500%2F&order=asc&sort=date HTTP/1.1" 200 11311
47.128.57.122 - - [22/Dec/2023:03:42:01 -0500] "GET /BLA/resoluciones/dlf/dirup.png HTTP/1.1" 200 644
47.128.57.122 - - [22/Dec/2023:03:42:02 -0500] "GET /BLA/resoluciones/dlf/unknown.png HTTP/1.1" 200 266
47.128.54.35 - - [22/Dec/2023:03:42:24 -0500] "GET /BLA/resoluciones/index.php?dir=Notificaciones%2FDISCIPLINARIOS%202019%2F&order=asc&sort=date HTTP/1.1" 200 3553
201.245.192.253 - - [22/Dec/2023:03:42:22 -0500] "POST /kwsrmcab/Wsrmcab  HTTP/1.1" 200 40220
47.128.54.35 - - [22/Dec/2023:03:42:25 -0500] "GET /BLA/resoluciones/dlf/dirup.png HTTP/1.1" 200 644
47.128.54.35 - - [22/Dec/2023:03:42:25 -0500] "GET /BLA/resoluciones/dlf/pdf.gif HTTP/1.1" 200 272
47.128.121.171 - - [22/Dec/2023:03:42:51 -0500] "GET /BLA/resoluciones/dlf/pdf.gif HTTP/1.1" 200 272
47.128.121.171 - - [22/Dec/2023:03:42:51 -0500] "GET /BLA/resoluciones/dlf/dirup.png HTTP/1.1" 200 644
47.128.121.171 - - [22/Dec/2023:03:42:50 -0500] "GET /BLA/resoluciones/index.php?dir=RESOLUCIONES%202023%2F&order=desc&sort=date HTTP/1.1" 200 121793
47.128.121.171 - - [22/Dec/2023:03:42:52 -0500] "GET /BLA/resoluciones/dlf/archive.png HTTP/1.1" 200 632
47.128.30.195 - - [22/Dec/2023:03:43:13 -0500] "GET /BLA/resoluciones/index.php?dir=RESOLUCIONES%202003%2FRES%202003%20451-500%2F&order=asc&sort=size HTTP/1.1" 200 11311
47.128.30.195 - - [22/Dec/2023:03:43:14 -0500] "GET /BLA/resoluciones/dlf/dirup.png HTTP/1.1" 200 644
47.128.30.195 - - [22/Dec/2023:03:43:14 -0500] "GET /BLA/resoluciones/dlf/unknown.png HTTP/1.1" 200 266
47.128.30.119 - - [22/Dec/2023:03:43:36 -0500] "GET /BLA/resoluciones/index.php?dir=RESOLUCIONES%202003%2FRES%202003%202151-2189%2F&order=asc&sort=date HTTP/1.1" 200 9915
47.128.30.119 - - [22/Dec/2023:03:43:37 -0500] "GET /BLA/resoluciones/dlf/dirup.png HTTP/1.1" 200 644
47.128.30.119 - - [22/Dec/2023:03:43:37 -0500] "GET /BLA/resoluciones/dlf/unknown.png HTTP/1.1" 200 266
157.55.39.62 - - [22/Dec/2023:03:43:44 -0500] "GET /BLA/resoluciones/AUTOS%202023/4484.pdf HTTP/1.1" 200 393456
47.128.54.141 - - [22/Dec/2023:03:44:01 -0500] "GET /BLA/resoluciones/index.php?dir=RESOLUCIONES%202005%2FANEXO%20RES%202643-2005%2F&order=asc&sort=size HTTP/1.1" 200 2446
47.128.54.141 - - [22/Dec/2023:03:44:02 -0500] "GET /BLA/resoluciones/dlf/unknown.png HTTP/1.1" 200 266
47.128.54.141 - - [22/Dec/2023:03:44:02 -0500] "GET /BLA/resoluciones/dlf/dirup.png HTTP/1.1" 200 644
47.128.118.55 - - [22/Dec/2023:03:44:26 -0500] "GET /BLA/resoluciones/RESOLUCIONES%202006/RES%202006%20%203001-3054/INDEX.DAT HTTP/1.1" 200 2160
47.128.17.41 - - [22/Dec/2023:03:44:48 -0500] "GET /BLA/resoluciones/index.php?dir=RESOLUCIONES%202005%2FRES%202005%202701%20-2750%2F&order=asc&sort=size HTTP/1.1" 200 12404
47.128.17.41 - - [22/Dec/2023:03:44:49 -0500] "GET /BLA/resoluciones/dlf/dirup.png HTTP/1.1" 200 644
47.128.17.41 - - [22/Dec/2023:03:44:49 -0500] "GET /BLA/resoluciones/dlf/unknown.png HTTP/1.1" 200 266
157.55.39.61 - - [22/Dec/2023:03:45:15 -0500] "GET /Publicaciones/2023EE274502.pdf HTTP/1.1" 404 228
47.128.43.21 - - [22/Dec/2023:03:45:15 -0500] "GET /BLA/resoluciones/index.php?dir=RESOLUCIONES%202002%2FRES%202002%201451-1500%2F&order=desc&sort=name HTTP/1.1" 200 12145
47.128.43.21 - - [22/Dec/2023:03:45:16 -0500] "GET /BLA/resoluciones/dlf/dirup.png HTTP/1.1" 200 644
47.128.43.21 - - [22/Dec/2023:03:45:17 -0500] "GET /BLA/resoluciones/dlf/unknown.png HTTP/1.1" 200 266
216.245.221.92 - - [22/Dec/2023:03:45:30 -0500] "HEAD / HTTP/1.1" 200 -
47.128.43.211 - - [22/Dec/2023:03:45:36 -0500] "GET /BLA/resoluciones/RESOLUCIONES%202005/RES%202005%20151-200/INDEX.DAT HTTP/1.1" 200 2000
47.128.97.51 - - [22/Dec/2023:03:46:02 -0500] "GET /BLA/resoluciones/index.php?dir=RESOLUCIONES%202006%2FRES%202006%20251-300%2F&order=asc&sort=date HTTP/1.1" 200 12236
47.128.97.51 - - [22/Dec/2023:03:46:03 -0500] "GET /BLA/resoluciones/dlf/unknown.png HTTP/1.1" 200 266
47.128.97.51 - - [22/Dec/2023:03:46:04 -0500] "GET /BLA/resoluciones/dlf/dirup.png HTTP/1.1" 200 644
172.22.2.4 - - [22/Dec/2023:03:44:37 -0500] "HEAD /BLA/boletinlegal/ HTTP/1.1" 200 -
47.128.44.17 - - [22/Dec/2023:03:46:25 -0500] "GET /BLA/resoluciones/RESOLUCIONES%202006/RES%202006%20851-900/INDEX.DAT HTTP/1.1" 200 2000
47.128.31.18 - - [22/Dec/2023:03:46:48 -0500] "GET /BLA/resoluciones/index.php?dir=RESOLUCIONES%202005%2FRES%202005%202651-2700%2F&order=desc&sort=name HTTP/1.1" 200 12368
47.128.31.18 - - [22/Dec/2023:03:46:49 -0500] "GET /BLA/resoluciones/dlf/dirup.png HTTP/1.1" 200 644
47.128.31.18 - - [22/Dec/2023:03:46:49 -0500] "GET /BLA/resoluciones/dlf/unknown.png HTTP/1.1" 200 266
172.22.2.4 - - [22/Dec/2023:03:45:28 -0500] "GET /BLA/boletinlegal/ HTTP/1.1" 200 60502
47.128.25.92 - - [22/Dec/2023:03:47:13 -0500] "GET /BLA/resoluciones/dlf/dirup.png HTTP/1.1" 200 644
47.128.25.92 - - [22/Dec/2023:03:47:13 -0500] "GET /BLA/resoluciones/dlf/doc.gif HTTP/1.1" 200 1079
157.55.39.9 - - [22/Dec/2023:03:47:19 -0500] "GET /BLA/resoluciones/RESOLUCIONES%202023/1644.pdf HTTP/1.1" 200 547889
47.128.25.92 - - [22/Dec/2023:03:47:21 -0500] "GET /BLA/resoluciones/dlf/pdf.gif HTTP/1.1" 200 272
47.128.25.92 - - [22/Dec/2023:03:47:12 -0500] "GET /BLA/resoluciones/index.php?dir=Notificaciones%2FAUTOS%202015%2F&order=asc&sort=size HTTP/1.1" 200 102197
201.245.192.253 - - [22/Dec/2023:03:47:21 -0500] "POST /kwsrmcab/Wsrmcab  HTTP/1.1" 200 40220
47.128.17.20 - - [22/Dec/2023:03:47:36 -0500] "GET /BLA/resoluciones/index.php?dir=RESOLUCIONES%202005%2FRES%202005%20451-500%2F&order=asc&sort=date HTTP/1.1" 200 12244
47.128.17.20 - - [22/Dec/2023:03:47:37 -0500] "GET /BLA/resoluciones/dlf/unknown.png HTTP/1.1" 200 266
47.128.17.20 - - [22/Dec/2023:03:47:37 -0500] "GET /BLA/resoluciones/dlf/dirup.png HTTP/1.1" 200 644
47.128.33.220 - - [22/Dec/2023:03:48:00 -0500] "GET /BLA/resoluciones/index.php?dir=RESOLUCIONES%202005%2FRES%202005%201951-2000%2F&order=asc&sort=size HTTP/1.1" 200 12359
47.128.33.220 - - [22/Dec/2023:03:48:01 -0500] "GET /BLA/resoluciones/dlf/unknown.png HTTP/1.1" 200 266
47.128.33.220 - - [22/Dec/2023:03:48:01 -0500] "GET /BLA/resoluciones/dlf/dirup.png HTTP/1.1" 200 644
47.128.16.141 - - [22/Dec/2023:03:48:25 -0500] "GET /BLA/resoluciones/index.php?dir=RESOLUCIONES%202004%2FRES%202004%20851-900%2F&order=asc&sort=date HTTP/1.1" 200 12040
47.128.16.141 - - [22/Dec/2023:03:48:26 -0500] "GET /BLA/resoluciones/dlf/dirup.png HTTP/1.1" 200 644
47.128.16.141 - - [22/Dec/2023:03:48:26 -0500] "GET /BLA/resoluciones/dlf/unknown.png HTTP/1.1" 200 266
47.128.17.3 - - [22/Dec/2023:03:48:49 -0500] "GET /BLA/resoluciones/index.php?dir=RESOLUCIONES%202002/RES%202002%201351-1400/&sort=size&order=asc HTTP/1.1" 200 12141
47.128.17.3 - - [22/Dec/2023:03:48:50 -0500] "GET /BLA/resoluciones/dlf/dirup.png HTTP/1.1" 200 644
47.128.17.3 - - [22/Dec/2023:03:48:50 -0500] "GET /BLA/resoluciones/dlf/unknown.png HTTP/1.1" 200 266
47.128.16.89 - - [22/Dec/2023:03:49:12 -0500] "GET /BLA/resoluciones/index.php?dir=RESOLUCIONES%202002%2FRES%202002%201901-1950%2F&order=asc&sort=date HTTP/1.1" 200 12149
47.128.16.89 - - [22/Dec/2023:03:49:14 -0500] "GET /BLA/resoluciones/dlf/unknown.png HTTP/1.1" 200 266
47.128.16.89 - - [22/Dec/2023:03:49:14 -0500] "GET /BLA/resoluciones/dlf/dirup.png HTTP/1.1" 200 644
47.128.123.48 - - [22/Dec/2023:03:49:36 -0500] "GET /BLA/resoluciones/index.php?dir=RESOLUCIONES%202006%2FRES%202006%202651-2700%2F&order=asc&sort=date HTTP/1.1" 200 12365
47.128.123.48 - - [22/Dec/2023:03:49:37 -0500] "GET /BLA/resoluciones/dlf/unknown.png HTTP/1.1" 200 266
47.128.123.48 - - [22/Dec/2023:03:49:37 -0500] "GET /BLA/resoluciones/dlf/dirup.png HTTP/1.1" 200 644
47.128.48.91 - - [22/Dec/2023:03:50:01 -0500] "GET /BLA/resoluciones/dlf/dirup.png HTTP/1.1" 200 644
47.128.48.91 - - [22/Dec/2023:03:50:01 -0500] "GET /BLA/resoluciones/dlf/unknown.png HTTP/1.1" 200 266
47.128.48.91 - - [22/Dec/2023:03:50:00 -0500] "GET /BLA/resoluciones/index.php?dir=RESOLUCIONES%202006%2FRES%202006%201851-1900%2F&order=desc&sort=name HTTP/1.1" 200 12363
47.128.17.67 - - [22/Dec/2023:03:50:26 -0500] "GET /BLA/resoluciones/index.php?dir=RESOLUCIONES%202007%2FRES%202007%203901%20AL%204000%2F&order=asc&sort=name HTTP/1.1" 200 26851
47.128.17.67 - - [22/Dec/2023:03:50:27 -0500] "GET /BLA/resoluciones/dlf/dirup.png HTTP/1.1" 200 644
47.128.17.67 - - [22/Dec/2023:03:50:27 -0500] "GET /BLA/resoluciones/dlf/pdf.gif HTTP/1.1" 200 272
216.245.221.92 - - [22/Dec/2023:03:50:30 -0500] "HEAD / HTTP/1.1" 200 -
172.22.2.4 - - [22/Dec/2023:03:50:39 -0500] "GET /BLA/boletinlegal/robots.txt HTTP/1.1" 404 1038
157.55.39.62 - - [22/Dec/2023:03:50:44 -0500] "GET /BLA/resoluciones/RESOLUCIONES%202009/3045.pdf HTTP/1.1" 200 376386
47.128.16.77 - - [22/Dec/2023:03:50:48 -0500] "GET /BLA/resoluciones/index.php?dir=RESOLUCIONES%202003%2FRES%202003%20551-600%2F&order=asc&sort=size HTTP/1.1" 200 11305
47.128.16.77 - - [22/Dec/2023:03:50:49 -0500] "GET /BLA/resoluciones/dlf/unknown.png HTTP/1.1" 200 266
47.128.16.77 - - [22/Dec/2023:03:50:49 -0500] "GET /BLA/resoluciones/dlf/dirup.png HTTP/1.1" 200 644
47.128.96.20 - - [22/Dec/2023:03:51:13 -0500] "GET /BLA/resoluciones/RESOLUCIONES%202005/RES%202005%202101-2150/INDEX.DAT HTTP/1.1" 200 2000
47.128.110.18 - - [22/Dec/2023:03:51:37 -0500] "GET /BLA/resoluciones/index.php?dir=RESOLUCIONES%202004%2FRES%202004%20601-650%2F&order=asc&sort=size HTTP/1.1" 200 12060
47.128.110.18 - - [22/Dec/2023:03:51:38 -0500] "GET /BLA/resoluciones/dlf/unknown.png HTTP/1.1" 200 266
47.128.110.18 - - [22/Dec/2023:03:51:38 -0500] "GET /BLA/resoluciones/dlf/dirup.png HTTP/1.1" 200 644
47.128.50.217 - - [22/Dec/2023:03:52:00 -0500] "GET /BLA/resoluciones/index.php?dir=Notificaciones%2FAUTOS%201988%2F&order=asc&sort=date HTTP/1.1" 200 2205
47.128.50.217 - - [22/Dec/2023:03:52:01 -0500] "GET /BLA/resoluciones/dlf/dirup.png HTTP/1.1" 200 644
47.128.50.217 - - [22/Dec/2023:03:52:01 -0500] "GET /BLA/resoluciones/dlf/pdf.gif HTTP/1.1" 200 272
