190.60.36.2 - - [23/Dec/2023:11:22:30 -0500] "GET /sipse/faces/javax.faces.resource/jquery/jquery-plugins.js?ln=primefaces&v=4.0 HTTP/1.1" 304 -
190.60.36.2 - - [23/Dec/2023:11:22:30 -0500] "GET /sipse/faces/javax.faces.resource/primefaces.js?ln=primefaces&v=4.0 HTTP/1.1" 304 -
190.60.36.2 - - [23/Dec/2023:11:22:30 -0500] "GET /sipse/faces/javax.faces.resource/layout/layout.js?ln=primefaces&v=4.0 HTTP/1.1" 304 -
190.60.36.2 - - [23/Dec/2023:11:22:31 -0500] "POST /sipse/faces/presentacion/financiero/solicitudProceso/listarSolicitudProceso.xhtml HTTP/1.1" 200 1564
172.22.2.4 - - [23/Dec/2023:11:20:54 -0500] "HEAD /BLA/boletinlegal/ HTTP/1.1" 200 -
156.59.198.136 - - [23/Dec/2023:11:22:43 -0500] "GET /BLA/resoluciones/RESOLUCIONES%202010/0574.pdf HTTP/1.0" 200 111450
66.249.66.21 - - [23/Dec/2023:11:22:50 -0500] "GET /BLA/resoluciones/RESOLUCIONES%202008/2741.pdf HTTP/1.1" 200 308100
156.59.198.136 - - [23/Dec/2023:11:23:07 -0500] "GET /BLA/resoluciones/RESOLUCIONES%202022/0452.pdf HTTP/1.0" 200 340766
172.22.2.4 - - [23/Dec/2023:11:21:45 -0500] "GET /BLA/boletinlegal/ HTTP/1.1" 200 58567
156.59.198.136 - - [23/Dec/2023:11:23:31 -0500] "GET /BLA/resoluciones/Notificaciones/AUTOS%202018/01339.pdf HTTP/1.0" 200 276875
173.252.127.5 - - [23/Dec/2023:11:23:49 -0500] "GET /secretaria-de-ambiente-reconocio-entidades-por-sus-buenas-practicas-ambientales.html HTTP/1.1" 200 892
173.252.127.20 - - [23/Dec/2023:11:23:49 -0500] "GET /secretaria-de-ambiente-reconocio-entidades-por-sus-buenas-practicas-ambientales.html HTTP/1.1" 200 892
156.59.198.136 - - [23/Dec/2023:11:23:57 -0500] "GET /BLA/resoluciones/RESOLUCIONES%202022/0232.pdf HTTP/1.0" 200 362812
190.60.36.2 - - [23/Dec/2023:11:24:16 -0500] "POST /sipse/faces/presentacion/financiero/solicitudProceso/listarSolicitudProceso.xhtml HTTP/1.1" 200 6119
190.60.36.2 - - [23/Dec/2023:11:24:16 -0500] "POST /sipse/faces/presentacion/financiero/solicitudProceso/listarSolicitudProceso.xhtml HTTP/1.1" 200 6131
190.60.36.2 - - [23/Dec/2023:11:24:18 -0500] "POST /sipse/faces/presentacion/financiero/solicitudProceso/listarSolicitudProceso.xhtml HTTP/1.1" 200 117509
190.60.36.2 - - [23/Dec/2023:11:24:19 -0500] "GET /sipse/faces/javax.faces.resource/theme.css?ln=primefaces-sipse HTTP/1.1" 304 -
190.60.36.2 - - [23/Dec/2023:11:24:19 -0500] "GET /sipse/faces/javax.faces.resource/primefaces.css?ln=primefaces&v=4.0 HTTP/1.1" 304 -
190.60.36.2 - - [23/Dec/2023:11:24:19 -0500] "GET /sipse/faces/javax.faces.resource/layout/layout.css?ln=primefaces&v=4.0 HTTP/1.1" 304 -
190.60.36.2 - - [23/Dec/2023:11:24:19 -0500] "GET /sipse/faces/javax.faces.resource/jquery/jquery.js?ln=primefaces&v=4.0 HTTP/1.1" 304 -
190.60.36.2 - - [23/Dec/2023:11:24:19 -0500] "GET /sipse/faces/javax.faces.resource/jquery/jquery-plugins.js?ln=primefaces&v=4.0 HTTP/1.1" 304 -
190.60.36.2 - - [23/Dec/2023:11:24:19 -0500] "GET /sipse/faces/javax.faces.resource/primefaces.js?ln=primefaces&v=4.0 HTTP/1.1" 304 -
190.60.36.2 - - [23/Dec/2023:11:24:19 -0500] "GET /sipse/faces/javax.faces.resource/layout/layout.js?ln=primefaces&v=4.0 HTTP/1.1" 304 -
47.128.52.82 - - [23/Dec/2023:11:24:21 -0500] "GET /BLA/resoluciones/index.php?dir=Notificaciones%2FRESOLUCIONES+2018%2F HTTP/1.1" 200 19727
47.128.52.82 - - [23/Dec/2023:11:24:22 -0500] "GET /BLA/resoluciones/dlf/pdf.gif HTTP/1.1" 200 272
190.60.36.2 - - [23/Dec/2023:11:24:23 -0500] "POST /sipse/faces/presentacion/financiero/solicitudProceso/consultarSolicitudProceso.xhtml HTTP/1.1" 200 191131
47.128.52.82 - - [23/Dec/2023:11:24:25 -0500] "GET /BLA/resoluciones/dlf/dirup.png HTTP/1.1" 200 644
190.60.36.2 - - [23/Dec/2023:11:24:33 -0500] "POST /sipse/faces/presentacion/financiero/solicitudProceso/consultarSolicitudProceso.xhtml HTTP/1.1" 200 41545
190.60.36.2 - - [23/Dec/2023:11:24:33 -0500] "GET /sipse/faces/javax.faces.resource/theme.css?ln=primefaces-sipse HTTP/1.1" 304 -
190.60.36.2 - - [23/Dec/2023:11:24:33 -0500] "GET /sipse/faces/javax.faces.resource/primefaces.css?ln=primefaces&v=4.0 HTTP/1.1" 304 -
190.60.36.2 - - [23/Dec/2023:11:24:33 -0500] "GET /sipse/faces/javax.faces.resource/layout/layout.css?ln=primefaces&v=4.0 HTTP/1.1" 304 -
190.60.36.2 - - [23/Dec/2023:11:24:33 -0500] "GET /sipse/faces/javax.faces.resource/jquery/jquery.js?ln=primefaces&v=4.0 HTTP/1.1" 304 -
190.60.36.2 - - [23/Dec/2023:11:24:33 -0500] "GET /sipse/faces/javax.faces.resource/jquery/jquery-plugins.js?ln=primefaces&v=4.0 HTTP/1.1" 304 -
190.60.36.2 - - [23/Dec/2023:11:24:34 -0500] "GET /sipse/faces/javax.faces.resource/primefaces.js?ln=primefaces&v=4.0 HTTP/1.1" 304 -
190.60.36.2 - - [23/Dec/2023:11:24:34 -0500] "GET /sipse/faces/javax.faces.resource/layout/layout.js?ln=primefaces&v=4.0 HTTP/1.1" 304 -
156.59.198.136 - - [23/Dec/2023:11:24:44 -0500] "GET /BLA/resoluciones/Notificaciones/AUTOS%202018/00307.pdf HTTP/1.0" 200 324776
156.59.198.135 - - [23/Dec/2023:11:25:08 -0500] "GET /BLA/resoluciones/Notificaciones/AUTOS%202021/4167.pdf HTTP/1.0" 200 337901
216.245.221.92 - - [23/Dec/2023:11:25:25 -0500] "HEAD / HTTP/1.1" 200 -
156.59.198.136 - - [23/Dec/2023:11:25:32 -0500] "GET /BLA/resoluciones/RESOLUCIONES%202007/RES%202007%201501%20AL%201600/RESOLUCION%201565%20DE%202007.pdf HTTP/1.0" 200 860615
201.245.192.253 - - [23/Dec/2023:11:25:52 -0500] "POST /kwsrmcab/Wsrmcab  HTTP/1.1" 200 40220
191.156.235.208 - - [23/Dec/2023:11:25:57 -0500] "GET /distrito-exalto-a-246-empresas-de-bogota-por-su-alto-desempeno-y-responsabilidad-ambiental-durante-2023.html HTTP/1.1" 200 1039
156.59.198.135 - - [23/Dec/2023:11:25:58 -0500] "GET /BLA/resoluciones/RESOLUCIONES%202022/3649.pdf HTTP/1.0" 200 457830
69.63.184.7 - - [23/Dec/2023:11:26:00 -0500] "GET /images/Musgo%2017%20-%2012%20-%202023.jpeg HTTP/1.1" 200 66238
190.60.36.2 - - [23/Dec/2023:11:26:15 -0500] "POST /sipse/faces/presentacion/financiero/modificacionContrato/cargarModifiacion.xhtml HTTP/1.1" 200 120658
190.60.36.2 - - [23/Dec/2023:11:26:15 -0500] "GET /sipse/faces/javax.faces.resource/theme.css?ln=primefaces-sipse HTTP/1.1" 304 -
190.60.36.2 - - [23/Dec/2023:11:26:15 -0500] "GET /sipse/faces/javax.faces.resource/primefaces.css?ln=primefaces&v=4.0 HTTP/1.1" 304 -
190.60.36.2 - - [23/Dec/2023:11:26:15 -0500] "GET /sipse/faces/javax.faces.resource/layout/layout.css?ln=primefaces&v=4.0 HTTP/1.1" 304 -
190.60.36.2 - - [23/Dec/2023:11:26:15 -0500] "GET /sipse/faces/javax.faces.resource/jquery/jquery.js?ln=primefaces&v=4.0 HTTP/1.1" 304 -
190.60.36.2 - - [23/Dec/2023:11:26:15 -0500] "GET /sipse/faces/javax.faces.resource/jquery/jquery-plugins.js?ln=primefaces&v=4.0 HTTP/1.1" 304 -
190.60.36.2 - - [23/Dec/2023:11:26:15 -0500] "GET /sipse/faces/javax.faces.resource/primefaces.js?ln=primefaces&v=4.0 HTTP/1.1" 304 -
190.60.36.2 - - [23/Dec/2023:11:26:15 -0500] "GET /sipse/faces/javax.faces.resource/layout/layout.js?ln=primefaces&v=4.0 HTTP/1.1" 304 -
190.60.36.2 - - [23/Dec/2023:11:26:18 -0500] "POST /sipse/faces/presentacion/financiero/solicitudProceso/consultarSolicitudProceso.xhtml HTTP/1.1" 200 35747
190.60.36.2 - - [23/Dec/2023:11:26:20 -0500] "GET /sipse/faces/javax.faces.resource/theme.css?ln=primefaces-sipse HTTP/1.1" 304 -
190.60.36.2 - - [23/Dec/2023:11:26:20 -0500] "GET /sipse/faces/javax.faces.resource/primefaces.css?ln=primefaces&v=4.0 HTTP/1.1" 304 -
190.60.36.2 - - [23/Dec/2023:11:26:20 -0500] "GET /sipse/faces/javax.faces.resource/layout/layout.css?ln=primefaces&v=4.0 HTTP/1.1" 304 -
190.60.36.2 - - [23/Dec/2023:11:26:20 -0500] "GET /sipse/faces/javax.faces.resource/jquery/jquery.js?ln=primefaces&v=4.0 HTTP/1.1" 304 -
190.60.36.2 - - [23/Dec/2023:11:26:20 -0500] "GET /sipse/faces/javax.faces.resource/jquery/jquery-plugins.js?ln=primefaces&v=4.0 HTTP/1.1" 304 -
190.60.36.2 - - [23/Dec/2023:11:26:20 -0500] "GET /sipse/faces/javax.faces.resource/primefaces.js?ln=primefaces&v=4.0 HTTP/1.1" 304 -
190.60.36.2 - - [23/Dec/2023:11:26:20 -0500] "GET /sipse/faces/javax.faces.resource/layout/layout.js?ln=primefaces&v=4.0 HTTP/1.1" 304 -
190.60.36.2 - - [23/Dec/2023:11:26:20 -0500] "POST /sipse/faces/presentacion/financiero/solicitudProceso/listarSolicitudProceso.xhtml HTTP/1.1" 200 1396
190.60.36.2 - - [23/Dec/2023:11:26:22 -0500] "POST /sipse/faces/presentacion/financiero/solicitudProceso/listarSolicitudProceso.xhtml HTTP/1.1" 200 31984
156.59.198.135 - - [23/Dec/2023:11:26:22 -0500] "GET /BLA/resoluciones/RESOLUCIONES%202022/2226.pdf HTTP/1.0" 200 2540236
190.60.36.2 - - [23/Dec/2023:11:26:22 -0500] "POST /sipse/faces/presentacion/financiero/solicitudProceso/listarSolicitudProceso.xhtml HTTP/1.1" 200 44754
190.60.36.2 - - [23/Dec/2023:11:26:22 -0500] "POST /sipse/faces/presentacion/financiero/solicitudProceso/listarSolicitudProceso.xhtml HTTP/1.1" 200 31980
201.245.192.253 - - [23/Dec/2023:11:26:20 -0500] "POST /kwsrmcab/Wsrmcab HTTP/1.1" 200 37386
201.245.192.253 - - [23/Dec/2023:11:26:23 -0500] "POST /kwsrmcab/Wsrmcab HTTP/1.1" 200 37060
156.59.198.136 - - [23/Dec/2023:11:26:46 -0500] "GET /BLA/resoluciones/Notificaciones/AUTOS%202019/2165.pdf HTTP/1.0" 200 259965
190.60.36.2 - - [23/Dec/2023:11:27:01 -0500] "POST /sipse/faces/presentacion/financiero/solicitudProceso/listarSolicitudProceso.xhtml HTTP/1.1" 200 6078
190.60.36.2 - - [23/Dec/2023:11:27:06 -0500] "POST /sipse/faces/presentacion/financiero/solicitudProceso/listarSolicitudProceso.xhtml HTTP/1.1" 200 117385
190.60.36.2 - - [23/Dec/2023:11:27:06 -0500] "GET /sipse/faces/javax.faces.resource/theme.css?ln=primefaces-sipse HTTP/1.1" 304 -
190.60.36.2 - - [23/Dec/2023:11:27:06 -0500] "GET /sipse/faces/javax.faces.resource/primefaces.css?ln=primefaces&v=4.0 HTTP/1.1" 304 -
190.60.36.2 - - [23/Dec/2023:11:27:06 -0500] "GET /sipse/faces/javax.faces.resource/layout/layout.css?ln=primefaces&v=4.0 HTTP/1.1" 304 -
190.60.36.2 - - [23/Dec/2023:11:27:06 -0500] "GET /sipse/faces/javax.faces.resource/jquery/jquery.js?ln=primefaces&v=4.0 HTTP/1.1" 304 -
190.60.36.2 - - [23/Dec/2023:11:27:06 -0500] "GET /sipse/faces/javax.faces.resource/jquery/jquery-plugins.js?ln=primefaces&v=4.0 HTTP/1.1" 304 -
190.60.36.2 - - [23/Dec/2023:11:27:06 -0500] "GET /sipse/faces/javax.faces.resource/primefaces.js?ln=primefaces&v=4.0 HTTP/1.1" 304 -
190.60.36.2 - - [23/Dec/2023:11:27:06 -0500] "GET /sipse/faces/javax.faces.resource/layout/layout.js?ln=primefaces&v=4.0 HTTP/1.1" 304 -
156.59.198.135 - - [23/Dec/2023:11:27:10 -0500] "GET /BLA/resoluciones/RESOLUCIONES%202022/1073.pdf HTTP/1.0" 200 383630
190.60.36.2 - - [23/Dec/2023:11:27:15 -0500] "POST /sipse/faces/presentacion/financiero/solicitudProceso/consultarSolicitudProceso.xhtml HTTP/1.1" 200 136153
190.60.36.2 - - [23/Dec/2023:11:27:21 -0500] "POST /sipse/faces/presentacion/financiero/solicitudProceso/consultarSolicitudProceso.xhtml HTTP/1.1" 200 41544
190.60.36.2 - - [23/Dec/2023:11:27:21 -0500] "GET /sipse/faces/javax.faces.resource/theme.css?ln=primefaces-sipse HTTP/1.1" 304 -
190.60.36.2 - - [23/Dec/2023:11:27:21 -0500] "GET /sipse/faces/javax.faces.resource/primefaces.css?ln=primefaces&v=4.0 HTTP/1.1" 304 -
190.60.36.2 - - [23/Dec/2023:11:27:21 -0500] "GET /sipse/faces/javax.faces.resource/layout/layout.css?ln=primefaces&v=4.0 HTTP/1.1" 304 -
190.60.36.2 - - [23/Dec/2023:11:27:21 -0500] "GET /sipse/faces/javax.faces.resource/jquery/jquery.js?ln=primefaces&v=4.0 HTTP/1.1" 304 -
190.60.36.2 - - [23/Dec/2023:11:27:21 -0500] "GET /sipse/faces/javax.faces.resource/jquery/jquery-plugins.js?ln=primefaces&v=4.0 HTTP/1.1" 304 -
190.60.36.2 - - [23/Dec/2023:11:27:22 -0500] "GET /sipse/faces/javax.faces.resource/primefaces.js?ln=primefaces&v=4.0 HTTP/1.1" 304 -
190.60.36.2 - - [23/Dec/2023:11:27:22 -0500] "GET /sipse/faces/javax.faces.resource/layout/layout.js?ln=primefaces&v=4.0 HTTP/1.1" 304 -
156.59.198.136 - - [23/Dec/2023:11:27:34 -0500] "GET /BLA/resoluciones/Notificaciones/AUTOS%202019/2040.pdf HTTP/1.0" 200 218171
173.252.127.10 - - [23/Dec/2023:11:27:41 -0500] "GET /cuatro-animales-y-cerca-de-cinco-kilos-de-carne-de-especimenes-silvestres-fueron-incautados-en-los-ultimos-dias-en-bogota.html HTTP/1.1" 200 869
173.252.111.118 - - [23/Dec/2023:11:27:49 -0500] "GET /images/Aves%20SDA.jpeg HTTP/1.1" 200 75104
156.59.198.136 - - [23/Dec/2023:11:27:58 -0500] "GET /BLA/resoluciones/AUTOS%202014/5217.pdf HTTP/1.0" 200 837973
156.59.198.136 - - [23/Dec/2023:11:28:22 -0500] "GET /BLA/resoluciones/RESOLUCIONES%202022/3071.pdf HTTP/1.0" 200 365986
172.22.2.4 - - [23/Dec/2023:11:26:44 -0500] "HEAD /BLA/boletinlegal/ HTTP/1.1" 200 -
173.252.95.17 - - [23/Dec/2023:11:28:34 -0500] "GET /images/Aves%20SDA.jpeg HTTP/1.1" 200 75104
173.252.95.119 - - [23/Dec/2023:11:28:34 -0500] "GET /images/arbol%20centro.jpg HTTP/1.1" 200 69467
173.252.95.11 - - [23/Dec/2023:11:28:34 -0500] "GET /images/terrazas%20verdes.jpg HTTP/1.1" 200 63951
173.252.95.10 - - [23/Dec/2023:11:28:34 -0500] "GET /images/PREAD%20SDA%201.jpeg HTTP/1.1" 200 65620
173.252.95.5 - - [23/Dec/2023:11:28:34 -0500] "GET /images/agua%20bogota.jpg HTTP/1.1" 200 74348
156.59.198.135 - - [23/Dec/2023:11:28:46 -0500] "GET /BLA/resoluciones/Notificaciones/AUTOS%202021/4259.pdf HTTP/1.0" 200 351570
172.22.2.4 - - [23/Dec/2023:11:29:04 -0500] "GET /BLA/boletinlegal/assets/js/v2/exchange.min.js HTTP/1.1" 404 1018
190.60.36.2 - - [23/Dec/2023:11:29:10 -0500] "POST /sipse/faces/presentacion/financiero/modificacionContrato/cargarModifiacion.xhtml HTTP/1.1" 200 120531
190.60.36.2 - - [23/Dec/2023:11:29:10 -0500] "GET /sipse/faces/javax.faces.resource/theme.css?ln=primefaces-sipse HTTP/1.1" 304 -
190.60.36.2 - - [23/Dec/2023:11:29:10 -0500] "GET /sipse/faces/javax.faces.resource/primefaces.css?ln=primefaces&v=4.0 HTTP/1.1" 304 -
190.60.36.2 - - [23/Dec/2023:11:29:10 -0500] "GET /sipse/faces/javax.faces.resource/layout/layout.css?ln=primefaces&v=4.0 HTTP/1.1" 304 -
190.60.36.2 - - [23/Dec/2023:11:29:10 -0500] "GET /sipse/faces/javax.faces.resource/jquery/jquery.js?ln=primefaces&v=4.0 HTTP/1.1" 304 -
190.60.36.2 - - [23/Dec/2023:11:29:10 -0500] "GET /sipse/faces/javax.faces.resource/jquery/jquery-plugins.js?ln=primefaces&v=4.0 HTTP/1.1" 304 -
190.60.36.2 - - [23/Dec/2023:11:29:11 -0500] "GET /sipse/faces/javax.faces.resource/primefaces.js?ln=primefaces&v=4.0 HTTP/1.1" 304 -
156.59.198.135 - - [23/Dec/2023:11:29:10 -0500] "GET /BLA/resoluciones/AUTOS%202014/1818.pdf HTTP/1.0" 200 618250
190.60.36.2 - - [23/Dec/2023:11:29:11 -0500] "GET /sipse/faces/javax.faces.resource/layout/layout.js?ln=primefaces&v=4.0 HTTP/1.1" 304 -
190.60.36.2 - - [23/Dec/2023:11:29:13 -0500] "POST /sipse/faces/presentacion/financiero/solicitudProceso/consultarSolicitudProceso.xhtml HTTP/1.1" 200 35702
190.60.36.2 - - [23/Dec/2023:11:29:14 -0500] "GET /sipse/faces/javax.faces.resource/primefaces.css?ln=primefaces&v=4.0 HTTP/1.1" 304 -
190.60.36.2 - - [23/Dec/2023:11:29:14 -0500] "GET /sipse/faces/javax.faces.resource/theme.css?ln=primefaces-sipse HTTP/1.1" 304 -
190.60.36.2 - - [23/Dec/2023:11:29:14 -0500] "GET /sipse/faces/javax.faces.resource/layout/layout.css?ln=primefaces&v=4.0 HTTP/1.1" 304 -
190.60.36.2 - - [23/Dec/2023:11:29:14 -0500] "GET /sipse/faces/javax.faces.resource/jquery/jquery.js?ln=primefaces&v=4.0 HTTP/1.1" 304 -
190.60.36.2 - - [23/Dec/2023:11:29:14 -0500] "GET /sipse/faces/javax.faces.resource/jquery/jquery-plugins.js?ln=primefaces&v=4.0 HTTP/1.1" 304 -
190.60.36.2 - - [23/Dec/2023:11:29:14 -0500] "GET /sipse/faces/javax.faces.resource/primefaces.js?ln=primefaces&v=4.0 HTTP/1.1" 304 -
190.60.36.2 - - [23/Dec/2023:11:29:14 -0500] "GET /sipse/faces/javax.faces.resource/layout/layout.js?ln=primefaces&v=4.0 HTTP/1.1" 304 -
190.60.36.2 - - [23/Dec/2023:11:29:15 -0500] "POST /sipse/faces/presentacion/financiero/solicitudProceso/listarSolicitudProceso.xhtml HTTP/1.1" 200 1396
172.22.2.4 - - [23/Dec/2023:11:27:35 -0500] "GET /BLA/boletinlegal/ HTTP/1.1" 200 60910
190.60.36.2 - - [23/Dec/2023:11:29:17 -0500] "POST /sipse/faces/presentacion/financiero/solicitudProceso/listarSolicitudProceso.xhtml HTTP/1.1" 200 31972
190.60.36.2 - - [23/Dec/2023:11:29:17 -0500] "POST /sipse/faces/presentacion/financiero/solicitudProceso/listarSolicitudProceso.xhtml HTTP/1.1" 200 44746
190.60.36.2 - - [23/Dec/2023:11:29:17 -0500] "POST /sipse/faces/presentacion/financiero/solicitudProceso/listarSolicitudProceso.xhtml HTTP/1.1" 200 31972
156.59.198.136 - - [23/Dec/2023:11:29:35 -0500] "GET /BLA/resoluciones/RESOLUCIONES%202007/RES%202007%203901%20AL%204000/RESOLUCION%203931%20DE%202007.pdf HTTP/1.0" 200 425227
190.60.36.2 - - [23/Dec/2023:11:29:39 -0500] "POST /sipse/faces/presentacion/financiero/solicitudProceso/listarSolicitudProceso.xhtml HTTP/1.1" 200 8996
190.60.36.2 - - [23/Dec/2023:11:29:42 -0500] "POST /sipse/faces/presentacion/financiero/solicitudProceso/listarSolicitudProceso.xhtml HTTP/1.1" 200 122056
190.60.36.2 - - [23/Dec/2023:11:29:43 -0500] "GET /sipse/faces/javax.faces.resource/theme.css?ln=primefaces-sipse HTTP/1.1" 304 -
190.60.36.2 - - [23/Dec/2023:11:29:43 -0500] "GET /sipse/faces/javax.faces.resource/layout/layout.css?ln=primefaces&v=4.0 HTTP/1.1" 304 -
190.60.36.2 - - [23/Dec/2023:11:29:43 -0500] "GET /sipse/faces/javax.faces.resource/primefaces.css?ln=primefaces&v=4.0 HTTP/1.1" 304 -
190.60.36.2 - - [23/Dec/2023:11:29:43 -0500] "GET /sipse/faces/javax.faces.resource/jquery/jquery.js?ln=primefaces&v=4.0 HTTP/1.1" 304 -
190.60.36.2 - - [23/Dec/2023:11:29:43 -0500] "GET /sipse/faces/javax.faces.resource/jquery/jquery-plugins.js?ln=primefaces&v=4.0 HTTP/1.1" 304 -
190.60.36.2 - - [23/Dec/2023:11:29:43 -0500] "GET /sipse/faces/javax.faces.resource/primefaces.js?ln=primefaces&v=4.0 HTTP/1.1" 304 -
190.60.36.2 - - [23/Dec/2023:11:29:43 -0500] "GET /sipse/faces/javax.faces.resource/layout/layout.js?ln=primefaces&v=4.0 HTTP/1.1" 304 -
190.60.36.2 - - [23/Dec/2023:11:29:46 -0500] "POST /sipse/faces/presentacion/financiero/solicitudProceso/consultarSolicitudProceso.xhtml HTTP/1.1" 200 191634
190.60.36.2 - - [23/Dec/2023:11:29:52 -0500] "POST /sipse/faces/presentacion/financiero/solicitudProceso/consultarSolicitudProceso.xhtml HTTP/1.1" 200 41545
190.60.36.2 - - [23/Dec/2023:11:29:52 -0500] "GET /sipse/faces/javax.faces.resource/theme.css?ln=primefaces-sipse HTTP/1.1" 304 -
190.60.36.2 - - [23/Dec/2023:11:29:52 -0500] "GET /sipse/faces/javax.faces.resource/primefaces.css?ln=primefaces&v=4.0 HTTP/1.1" 304 -
190.60.36.2 - - [23/Dec/2023:11:29:52 -0500] "GET /sipse/faces/javax.faces.resource/layout/layout.css?ln=primefaces&v=4.0 HTTP/1.1" 304 -
190.60.36.2 - - [23/Dec/2023:11:29:52 -0500] "GET /sipse/faces/javax.faces.resource/jquery/jquery.js?ln=primefaces&v=4.0 HTTP/1.1" 304 -
190.60.36.2 - - [23/Dec/2023:11:29:52 -0500] "GET /sipse/faces/javax.faces.resource/jquery/jquery-plugins.js?ln=primefaces&v=4.0 HTTP/1.1" 304 -
190.60.36.2 - - [23/Dec/2023:11:29:52 -0500] "GET /sipse/faces/javax.faces.resource/primefaces.js?ln=primefaces&v=4.0 HTTP/1.1" 304 -
190.60.36.2 - - [23/Dec/2023:11:29:52 -0500] "GET /sipse/faces/javax.faces.resource/layout/layout.js?ln=primefaces&v=4.0 HTTP/1.1" 304 -
31.13.127.20 - - [23/Dec/2023:11:29:56 -0500] "GET /images/terrazas%20verdes.jpg HTTP/1.1" 200 63951
156.59.198.136 - - [23/Dec/2023:11:30:00 -0500] "GET /BLA/resoluciones/AUTOS%202014/4728.pdf HTTP/1.0" 200 565545
201.245.192.253 - - [23/Dec/2023:11:30:20 -0500] "POST /kwsrmcab/Wsrmcab HTTP/1.1" 200 37386
156.59.198.135 - - [23/Dec/2023:11:30:24 -0500] "GET /BLA/resoluciones/Notificaciones/RESOLUCIONES%202021/3069.pdf HTTP/1.0" 200 350607
216.245.221.92 - - [23/Dec/2023:11:30:25 -0500] "HEAD / HTTP/1.1" 200 -
201.245.192.253 - - [23/Dec/2023:11:30:25 -0500] "POST /kwsrmcab/Wsrmcab HTTP/1.1" 200 37060
156.59.198.136 - - [23/Dec/2023:11:30:47 -0500] "GET /BLA/resoluciones/AUTOS%202014/2167.pdf HTTP/1.0" 200 654714
201.245.192.253 - - [23/Dec/2023:11:30:50 -0500] "POST /kwsrmcab/Wsrmcab  HTTP/1.1" 200 40220
156.59.198.135 - - [23/Dec/2023:11:31:12 -0500] "GET /BLA/resoluciones/RESOLUCIONES%202022/0457.pdf HTTP/1.0" 200 334188
156.59.198.136 - - [23/Dec/2023:11:31:36 -0500] "GET /BLA/resoluciones/AUTOS%202014/1451.pdf HTTP/1.0" 200 697566
190.60.36.2 - - [23/Dec/2023:11:31:36 -0500] "POST /sipse/faces/presentacion/financiero/modificacionContrato/cargarModifiacion.xhtml HTTP/1.1" 200 125203
190.60.36.2 - - [23/Dec/2023:11:31:36 -0500] "GET /sipse/faces/javax.faces.resource/theme.css?ln=primefaces-sipse HTTP/1.1" 304 -
190.60.36.2 - - [23/Dec/2023:11:31:36 -0500] "GET /sipse/faces/javax.faces.resource/jquery/jquery.js?ln=primefaces&v=4.0 HTTP/1.1" 304 -
190.60.36.2 - - [23/Dec/2023:11:31:36 -0500] "GET /sipse/faces/javax.faces.resource/primefaces.css?ln=primefaces&v=4.0 HTTP/1.1" 304 -
190.60.36.2 - - [23/Dec/2023:11:31:36 -0500] "GET /sipse/faces/javax.faces.resource/layout/layout.css?ln=primefaces&v=4.0 HTTP/1.1" 304 -
190.60.36.2 - - [23/Dec/2023:11:31:36 -0500] "GET /sipse/faces/javax.faces.resource/jquery/jquery-plugins.js?ln=primefaces&v=4.0 HTTP/1.1" 304 -
190.60.36.2 - - [23/Dec/2023:11:31:36 -0500] "GET /sipse/faces/javax.faces.resource/primefaces.js?ln=primefaces&v=4.0 HTTP/1.1" 304 -
190.60.36.2 - - [23/Dec/2023:11:31:36 -0500] "GET /sipse/faces/javax.faces.resource/layout/layout.js?ln=primefaces&v=4.0 HTTP/1.1" 304 -
190.60.36.2 - - [23/Dec/2023:11:31:41 -0500] "POST /sipse/faces/presentacion/financiero/solicitudProceso/consultarSolicitudProceso.xhtml HTTP/1.1" 200 38660
190.60.36.2 - - [23/Dec/2023:11:31:43 -0500] "GET /sipse/faces/javax.faces.resource/theme.css?ln=primefaces-sipse HTTP/1.1" 304 -
190.60.36.2 - - [23/Dec/2023:11:31:43 -0500] "GET /sipse/faces/javax.faces.resource/primefaces.css?ln=primefaces&v=4.0 HTTP/1.1" 304 -
190.60.36.2 - - [23/Dec/2023:11:31:43 -0500] "GET /sipse/faces/javax.faces.resource/layout/layout.css?ln=primefaces&v=4.0 HTTP/1.1" 304 -
190.60.36.2 - - [23/Dec/2023:11:31:43 -0500] "GET /sipse/faces/javax.faces.resource/jquery/jquery.js?ln=primefaces&v=4.0 HTTP/1.1" 304 -
190.60.36.2 - - [23/Dec/2023:11:31:43 -0500] "GET /sipse/faces/javax.faces.resource/jquery/jquery-plugins.js?ln=primefaces&v=4.0 HTTP/1.1" 304 -
190.60.36.2 - - [23/Dec/2023:11:31:43 -0500] "GET /sipse/faces/javax.faces.resource/primefaces.js?ln=primefaces&v=4.0 HTTP/1.1" 304 -
190.60.36.2 - - [23/Dec/2023:11:31:43 -0500] "GET /sipse/faces/javax.faces.resource/layout/layout.js?ln=primefaces&v=4.0 HTTP/1.1" 304 -
190.60.36.2 - - [23/Dec/2023:11:31:43 -0500] "POST /sipse/faces/presentacion/financiero/solicitudProceso/listarSolicitudProceso.xhtml HTTP/1.1" 200 1420
190.60.36.2 - - [23/Dec/2023:11:31:45 -0500] "POST /sipse/faces/presentacion/financiero/solicitudProceso/listarSolicitudProceso.xhtml HTTP/1.1" 200 31960
190.60.36.2 - - [23/Dec/2023:11:31:45 -0500] "POST /sipse/faces/presentacion/financiero/solicitudProceso/listarSolicitudProceso.xhtml HTTP/1.1" 200 44734
190.60.36.2 - - [23/Dec/2023:11:31:45 -0500] "POST /sipse/faces/presentacion/financiero/solicitudProceso/listarSolicitudProceso.xhtml HTTP/1.1" 200 31960
69.63.189.118 - - [23/Dec/2023:11:31:55 -0500] "GET /guadalupe-aguanoso-un-nuevo-tramo-de-camino-para-disfrutar-en-los-cerros-orientales.html HTTP/1.1" 200 795
190.60.36.2 - - [23/Dec/2023:11:31:57 -0500] "POST /sipse/faces/presentacion/financiero/solicitudProceso/listarSolicitudProceso.xhtml HTTP/1.1" 200 6009
190.60.36.2 - - [23/Dec/2023:11:32:00 -0500] "POST /sipse/faces/presentacion/financiero/solicitudProceso/listarSolicitudProceso.xhtml HTTP/1.1" 200 117998
190.60.36.2 - - [23/Dec/2023:11:32:01 -0500] "GET /sipse/faces/javax.faces.resource/theme.css?ln=primefaces-sipse HTTP/1.1" 304 -
190.60.36.2 - - [23/Dec/2023:11:32:01 -0500] "GET /sipse/faces/javax.faces.resource/primefaces.css?ln=primefaces&v=4.0 HTTP/1.1" 304 -
190.60.36.2 - - [23/Dec/2023:11:32:01 -0500] "GET /sipse/faces/javax.faces.resource/layout/layout.css?ln=primefaces&v=4.0 HTTP/1.1" 304 -
190.60.36.2 - - [23/Dec/2023:11:32:01 -0500] "GET /sipse/faces/javax.faces.resource/jquery/jquery.js?ln=primefaces&v=4.0 HTTP/1.1" 304 -
190.60.36.2 - - [23/Dec/2023:11:32:01 -0500] "GET /sipse/faces/javax.faces.resource/jquery/jquery-plugins.js?ln=primefaces&v=4.0 HTTP/1.1" 304 -
190.60.36.2 - - [23/Dec/2023:11:32:01 -0500] "GET /sipse/faces/javax.faces.resource/primefaces.js?ln=primefaces&v=4.0 HTTP/1.1" 304 -
190.60.36.2 - - [23/Dec/2023:11:32:01 -0500] "GET /sipse/faces/javax.faces.resource/layout/layout.js?ln=primefaces&v=4.0 HTTP/1.1" 304 -
156.59.198.136 - - [23/Dec/2023:11:32:01 -0500] "GET /BLA/resoluciones/AUTOS%202014/2283.pdf HTTP/1.0" 200 555950
66.249.66.19 - - [23/Dec/2023:11:32:04 -0500] "GET /BLA/resoluciones/RESOLUCIONES%202009/5288.pdf HTTP/1.1" 200 510511
190.60.36.2 - - [23/Dec/2023:11:32:25 -0500] "POST /sipse/faces/presentacion/financiero/solicitudProceso/consultarSolicitudProceso.xhtml HTTP/1.1" 200 198719
156.59.198.135 - - [23/Dec/2023:11:32:26 -0500] "GET /BLA/resoluciones/AUTOS%202014/2396.pdf HTTP/1.0" 200 632750
190.60.36.2 - - [23/Dec/2023:11:32:30 -0500] "POST /sipse/faces/presentacion/financiero/solicitudProceso/consultarSolicitudProceso.xhtml HTTP/1.1" 200 41548
190.60.36.2 - - [23/Dec/2023:11:32:31 -0500] "GET /sipse/faces/javax.faces.resource/primefaces.css?ln=primefaces&v=4.0 HTTP/1.1" 304 -
190.60.36.2 - - [23/Dec/2023:11:32:31 -0500] "GET /sipse/faces/javax.faces.resource/theme.css?ln=primefaces-sipse HTTP/1.1" 304 -
190.60.36.2 - - [23/Dec/2023:11:32:31 -0500] "GET /sipse/faces/javax.faces.resource/jquery/jquery.js?ln=primefaces&v=4.0 HTTP/1.1" 304 -
190.60.36.2 - - [23/Dec/2023:11:32:31 -0500] "GET /sipse/faces/javax.faces.resource/layout/layout.css?ln=primefaces&v=4.0 HTTP/1.1" 304 -
190.60.36.2 - - [23/Dec/2023:11:32:31 -0500] "GET /sipse/faces/javax.faces.resource/jquery/jquery-plugins.js?ln=primefaces&v=4.0 HTTP/1.1" 304 -
190.60.36.2 - - [23/Dec/2023:11:32:31 -0500] "GET /sipse/faces/javax.faces.resource/primefaces.js?ln=primefaces&v=4.0 HTTP/1.1" 304 -
190.60.36.2 - - [23/Dec/2023:11:32:31 -0500] "GET /sipse/faces/javax.faces.resource/layout/layout.js?ln=primefaces&v=4.0 HTTP/1.1" 304 -
190.26.147.26 - - [23/Dec/2023:11:32:48 -0500] "GET /distrito-exalto-a-246-empresas-de-bogota-por-su-alto-desempeno-y-responsabilidad-ambiental-durante-2023.html HTTP/1.1" 200 1039
156.59.198.135 - - [23/Dec/2023:11:32:50 -0500] "GET /BLA/resoluciones/Notificaciones/AUTOS%202021/3720.pdf HTTP/1.0" 200 335832
156.59.198.135 - - [23/Dec/2023:11:33:15 -0500] "GET /BLA/resoluciones/Notificaciones/AUTOS%202019/2691.pdf HTTP/1.0" 200 255691
156.59.198.135 - - [23/Dec/2023:11:33:38 -0500] "GET /BLA/resoluciones/AUTOS%202014/5460.pdf HTTP/1.0" 200 565653
156.59.198.135 - - [23/Dec/2023:11:34:02 -0500] "GET /BLA/resoluciones/AUTOS%202014/4892.pdf HTTP/1.0" 200 521522
190.60.36.2 - - [23/Dec/2023:11:34:09 -0500] "POST /sipse/faces/presentacion/financiero/modificacionContrato/cargarModifiacion.xhtml HTTP/1.1" 200 121144
190.60.36.2 - - [23/Dec/2023:11:34:09 -0500] "GET /sipse/faces/javax.faces.resource/theme.css?ln=primefaces-sipse HTTP/1.1" 304 -
190.60.36.2 - - [23/Dec/2023:11:34:09 -0500] "GET /sipse/faces/javax.faces.resource/primefaces.css?ln=primefaces&v=4.0 HTTP/1.1" 304 -
190.60.36.2 - - [23/Dec/2023:11:34:09 -0500] "GET /sipse/faces/javax.faces.resource/layout/layout.css?ln=primefaces&v=4.0 HTTP/1.1" 304 -
190.60.36.2 - - [23/Dec/2023:11:34:09 -0500] "GET /sipse/faces/javax.faces.resource/jquery/jquery.js?ln=primefaces&v=4.0 HTTP/1.1" 304 -
190.60.36.2 - - [23/Dec/2023:11:34:09 -0500] "GET /sipse/faces/javax.faces.resource/jquery/jquery-plugins.js?ln=primefaces&v=4.0 HTTP/1.1" 304 -
190.60.36.2 - - [23/Dec/2023:11:34:09 -0500] "GET /sipse/faces/javax.faces.resource/primefaces.js?ln=primefaces&v=4.0 HTTP/1.1" 304 -
190.60.36.2 - - [23/Dec/2023:11:34:09 -0500] "GET /sipse/faces/javax.faces.resource/layout/layout.js?ln=primefaces&v=4.0 HTTP/1.1" 304 -
172.22.2.4 - - [23/Dec/2023:11:32:34 -0500] "HEAD /BLA/boletinlegal/ HTTP/1.1" 200 -
190.60.36.2 - - [23/Dec/2023:11:34:14 -0500] "POST /sipse/faces/presentacion/financiero/solicitudProceso/consultarSolicitudProceso.xhtml HTTP/1.1" 200 35657
190.60.36.2 - - [23/Dec/2023:11:34:16 -0500] "GET /sipse/faces/javax.faces.resource/theme.css?ln=primefaces-sipse HTTP/1.1" 304 -
190.60.36.2 - - [23/Dec/2023:11:34:16 -0500] "GET /sipse/faces/javax.faces.resource/primefaces.css?ln=primefaces&v=4.0 HTTP/1.1" 304 -
190.60.36.2 - - [23/Dec/2023:11:34:16 -0500] "GET /sipse/faces/javax.faces.resource/layout/layout.css?ln=primefaces&v=4.0 HTTP/1.1" 304 -
190.60.36.2 - - [23/Dec/2023:11:34:16 -0500] "GET /sipse/faces/javax.faces.resource/jquery/jquery.js?ln=primefaces&v=4.0 HTTP/1.1" 304 -
190.60.36.2 - - [23/Dec/2023:11:34:16 -0500] "GET /sipse/faces/javax.faces.resource/jquery/jquery-plugins.js?ln=primefaces&v=4.0 HTTP/1.1" 304 -
190.60.36.2 - - [23/Dec/2023:11:34:16 -0500] "GET /sipse/faces/javax.faces.resource/primefaces.js?ln=primefaces&v=4.0 HTTP/1.1" 304 -
190.60.36.2 - - [23/Dec/2023:11:34:16 -0500] "GET /sipse/faces/javax.faces.resource/layout/layout.js?ln=primefaces&v=4.0 HTTP/1.1" 304 -
190.60.36.2 - - [23/Dec/2023:11:34:16 -0500] "POST /sipse/faces/presentacion/financiero/solicitudProceso/listarSolicitudProceso.xhtml HTTP/1.1" 200 1396
190.60.36.2 - - [23/Dec/2023:11:34:20 -0500] "POST /sipse/faces/presentacion/financiero/solicitudProceso/listarSolicitudProceso.xhtml HTTP/1.1" 200 31948
190.60.36.2 - - [23/Dec/2023:11:34:20 -0500] "POST /sipse/faces/presentacion/financiero/solicitudProceso/listarSolicitudProceso.xhtml HTTP/1.1" 200 44722
190.60.36.2 - - [23/Dec/2023:11:34:20 -0500] "POST /sipse/faces/presentacion/financiero/solicitudProceso/listarSolicitudProceso.xhtml HTTP/1.1" 200 31948
156.59.198.136 - - [23/Dec/2023:11:34:26 -0500] "GET /BLA/resoluciones/AUTOS%202014/5498.pdf HTTP/1.0" 200 526536
69.63.189.1 - - [23/Dec/2023:11:34:28 -0500] "GET /mis-de-50-aves-silvestres-fueron-recuperadas-en-la-localidad-de-tunjuelito.html HTTP/1.1" 206 806
69.63.189.2 - - [23/Dec/2023:11:34:29 -0500] "GET /mis-de-50-aves-silvestres-fueron-recuperadas-en-la-localidad-de-tunjuelito.html HTTP/1.1" 200 806
69.63.189.118 - - [23/Dec/2023:11:34:29 -0500] "GET /mis-de-50-aves-silvestres-fueron-recuperadas-en-la-localidad-de-tunjuelito.html HTTP/1.1" 200 806
190.60.36.2 - - [23/Dec/2023:11:34:50 -0500] "POST /sipse/faces/presentacion/financiero/solicitudProceso/listarSolicitudProceso.xhtml HTTP/1.1" 200 9077
190.60.36.2 - - [23/Dec/2023:11:34:50 -0500] "POST /sipse/faces/presentacion/financiero/solicitudProceso/listarSolicitudProceso.xhtml HTTP/1.1" 200 9065
156.59.198.135 - - [23/Dec/2023:11:34:51 -0500] "GET /BLA/resoluciones/Notificaciones/AUTOS%202019/4014.pdf HTTP/1.0" 200 230604
190.60.36.2 - - [23/Dec/2023:11:34:54 -0500] "POST /sipse/faces/presentacion/financiero/solicitudProceso/listarSolicitudProceso.xhtml HTTP/1.1" 200 117173
190.60.36.2 - - [23/Dec/2023:11:34:55 -0500] "GET /sipse/faces/javax.faces.resource/theme.css?ln=primefaces-sipse HTTP/1.1" 304 -
190.60.36.2 - - [23/Dec/2023:11:34:55 -0500] "GET /sipse/faces/javax.faces.resource/primefaces.css?ln=primefaces&v=4.0 HTTP/1.1" 304 -
190.60.36.2 - - [23/Dec/2023:11:34:55 -0500] "GET /sipse/faces/javax.faces.resource/layout/layout.css?ln=primefaces&v=4.0 HTTP/1.1" 304 -
190.60.36.2 - - [23/Dec/2023:11:34:55 -0500] "GET /sipse/faces/javax.faces.resource/jquery/jquery.js?ln=primefaces&v=4.0 HTTP/1.1" 304 -
190.60.36.2 - - [23/Dec/2023:11:34:55 -0500] "GET /sipse/faces/javax.faces.resource/jquery/jquery-plugins.js?ln=primefaces&v=4.0 HTTP/1.1" 304 -
190.60.36.2 - - [23/Dec/2023:11:34:55 -0500] "GET /sipse/faces/javax.faces.resource/primefaces.js?ln=primefaces&v=4.0 HTTP/1.1" 304 -
190.60.36.2 - - [23/Dec/2023:11:34:55 -0500] "GET /sipse/faces/javax.faces.resource/layout/layout.js?ln=primefaces&v=4.0 HTTP/1.1" 304 -
66.249.66.19 - - [23/Dec/2023:11:34:59 -0500] "GET /BLA/resoluciones/Autos%202008/0687.pdf HTTP/1.1" 200 89648
190.60.36.2 - - [23/Dec/2023:11:35:04 -0500] "POST /sipse/faces/presentacion/financiero/solicitudProceso/consultarSolicitudProceso.xhtml HTTP/1.1" 200 134092
172.22.2.4 - - [23/Dec/2023:11:33:25 -0500] "GET /BLA/boletinlegal/ HTTP/1.1" 200 60910
157.55.39.11 - - [23/Dec/2023:11:35:06 -0500] "GET /BLA/resoluciones/RESOLUCIONES%202023/1673.pdf HTTP/1.1" 200 587602
156.59.198.135 - - [23/Dec/2023:11:35:15 -0500] "GET /BLA/resoluciones/Notificaciones/AUTOS%202021/3189.pdf HTTP/1.0" 200 371617
190.60.36.2 - - [23/Dec/2023:11:35:24 -0500] "POST /sipse/faces/presentacion/financiero/solicitudProceso/consultarSolicitudProceso.xhtml HTTP/1.1" 200 41549
190.60.36.2 - - [23/Dec/2023:11:35:25 -0500] "GET /sipse/faces/javax.faces.resource/theme.css?ln=primefaces-sipse HTTP/1.1" 304 -
190.60.36.2 - - [23/Dec/2023:11:35:25 -0500] "GET /sipse/faces/javax.faces.resource/primefaces.css?ln=primefaces&v=4.0 HTTP/1.1" 304 -
190.60.36.2 - - [23/Dec/2023:11:35:25 -0500] "GET /sipse/faces/javax.faces.resource/layout/layout.css?ln=primefaces&v=4.0 HTTP/1.1" 304 -
190.60.36.2 - - [23/Dec/2023:11:35:25 -0500] "GET /sipse/faces/javax.faces.resource/jquery/jquery.js?ln=primefaces&v=4.0 HTTP/1.1" 304 -
190.60.36.2 - - [23/Dec/2023:11:35:25 -0500] "GET /sipse/faces/javax.faces.resource/jquery/jquery-plugins.js?ln=primefaces&v=4.0 HTTP/1.1" 304 -
190.60.36.2 - - [23/Dec/2023:11:35:25 -0500] "GET /sipse/faces/javax.faces.resource/primefaces.js?ln=primefaces&v=4.0 HTTP/1.1" 304 -
190.60.36.2 - - [23/Dec/2023:11:35:25 -0500] "GET /sipse/faces/javax.faces.resource/layout/layout.js?ln=primefaces&v=4.0 HTTP/1.1" 304 -
216.245.221.92 - - [23/Dec/2023:11:35:25 -0500] "HEAD / HTTP/1.1" 200 -
156.59.198.135 - - [23/Dec/2023:11:35:39 -0500] "GET /BLA/resoluciones/RESOLUCIONES%202022/0952.pdf HTTP/1.0" 200 361159
66.249.66.192 - - [23/Dec/2023:11:35:46 -0500] "GET /mis-de-50-aves-silvestres-fueron-recuperadas-en-la-localidad-de-tunjuelito.html HTTP/1.1" 200 806
172.22.2.4 - - [23/Dec/2023:11:35:46 -0500] "GET /BLA/boletinlegal/robots.txt HTTP/1.1" 404 1038
66.249.66.193 - - [23/Dec/2023:11:35:49 -0500] "GET /mis-de-50-aves-silvestres-fueron-recuperadas-en-la-localidad-de-tunjuelito.html HTTP/1.1" 200 806
181.51.53.254 - - [23/Dec/2023:11:35:50 -0500] "GET /distrito-exalto-a-246-empresas-de-bogota-por-su-alto-desempeno-y-responsabilidad-ambiental-durante-2023.html HTTP/1.1" 200 1039
201.245.192.253 - - [23/Dec/2023:11:35:48 -0500] "POST /kwsrmcab/Wsrmcab  HTTP/1.1" 200 40220
66.249.66.20 - - [23/Dec/2023:11:35:51 -0500] "GET /Publicaciones/2023EE238488.pdf HTTP/1.1" 404 228
156.59.198.135 - - [23/Dec/2023:11:36:04 -0500] "GET /BLA/resoluciones/AUTOS%202014/4655.pdf HTTP/1.0" 200 564992
207.46.13.155 - - [23/Dec/2023:11:36:14 -0500] "GET /galeria/galeria/jquery.fancybox.js?v=2.1.5 HTTP/1.1" 200 48706
201.245.192.253 - - [23/Dec/2023:11:36:21 -0500] "POST /kwsrmcab/Wsrmcab HTTP/1.1" 200 37386
201.245.192.253 - - [23/Dec/2023:11:36:24 -0500] "POST /kwsrmcab/Wsrmcab HTTP/1.1" 200 37060
156.59.198.136 - - [23/Dec/2023:11:36:28 -0500] "GET /BLA/resoluciones/AUTOS%202014/4620.pdf HTTP/1.0" 200 531190
156.59.198.136 - - [23/Dec/2023:11:36:52 -0500] "GET /BLA/resoluciones/RESOLUCIONES%202022/3075.pdf HTTP/1.0" 200 6505949
156.59.198.135 - - [23/Dec/2023:11:37:16 -0500] "GET /BLA/resoluciones/AUTOS%202014/4362.pdf HTTP/1.0" 200 522118
172.22.2.4 - - [23/Dec/2023:11:35:49 -0500] "GET /BLA/boletinlegal/index.php HTTP/1.1" 200 62422
156.59.198.136 - - [23/Dec/2023:11:37:41 -0500] "GET /BLA/resoluciones/AUTOS%202014/4348.pdf HTTP/1.0" 200 514268
40.77.190.112 - - [23/Dec/2023:11:38:03 -0500] "GET /sipse/faces/javax.faces.resource/layout/layout.css;jsessionid=sy09fISAri1AIr1t-gKVyUVY.undefined?ln=primefaces&v=4.0 HTTP/1.1" 200 542
40.77.190.112 - - [23/Dec/2023:11:38:03 -0500] "GET /sipse/faces/javax.faces.resource/primefaces.css;jsessionid=sy09fISAri1AIr1t-gKVyUVY.undefined?ln=primefaces&v=4.0 HTTP/1.1" 200 53295
40.77.190.112 - - [23/Dec/2023:11:38:03 -0500] "GET /sipse/faces/javax.faces.resource/layout/layout.js;jsessionid=sy09fISAri1AIr1t-gKVyUVY.undefined?ln=primefaces&v=4.0 HTTP/1.1" 200 87560
156.59.198.136 - - [23/Dec/2023:11:38:04 -0500] "GET /BLA/resoluciones/AUTOS%202014/4290.pdf HTTP/1.0" 200 522263
40.77.190.112 - - [23/Dec/2023:11:38:03 -0500] "GET /sipse/faces/javax.faces.resource/primefaces.js;jsessionid=sy09fISAri1AIr1t-gKVyUVY.undefined?ln=primefaces&v=4.0 HTTP/1.1" 200 276924
40.77.190.112 - - [23/Dec/2023:11:38:06 -0500] "GET /sipse/js/disable_browser_buttons.js HTTP/1.1" 304 -
40.77.190.112 - - [23/Dec/2023:11:38:06 -0500] "GET /sipse/js/funciones.js HTTP/1.1" 200 12592
40.77.190.112 - - [23/Dec/2023:11:38:06 -0500] "GET /sipse/css/custom_css_sg_prime_login.css HTTP/1.1" 304 -
40.77.190.112 - - [23/Dec/2023:11:38:06 -0500] "GET /sipse/faces/faces/autenticacion.xhtml HTTP/1.1" 200 12407
40.77.190.112 - - [23/Dec/2023:11:38:06 -0500] "GET /sipse/faces/javax.faces.resource/theme.css?ln=primefaces-sipse HTTP/1.1" 304 -
40.77.190.112 - - [23/Dec/2023:11:38:06 -0500] "GET /sipse/faces/javax.faces.resource/layout/layout.css?ln=primefaces&v=4.0 HTTP/1.1" 200 542
40.77.190.112 - - [23/Dec/2023:11:38:06 -0500] "GET /sipse/faces/javax.faces.resource/primefaces.css?ln=primefaces&v=4.0 HTTP/1.1" 200 53295
40.77.190.112 - - [23/Dec/2023:11:38:06 -0500] "GET /sipse/faces/javax.faces.resource/layout/layout.js?ln=primefaces&v=4.0 HTTP/1.1" 200 87560
40.77.190.112 - - [23/Dec/2023:11:38:06 -0500] "GET /sipse/faces/javax.faces.resource/jquery/jquery.js?ln=primefaces&v=4.0 HTTP/1.1" 200 105384
40.77.190.112 - - [23/Dec/2023:11:38:06 -0500] "GET /sipse/faces/javax.faces.resource/jquery/jquery-plugins.js?ln=primefaces&v=4.0 HTTP/1.1" 200 220526
40.77.190.112 - - [23/Dec/2023:11:38:06 -0500] "GET /sipse/faces/javax.faces.resource/primefaces.js?ln=primefaces&v=4.0 HTTP/1.1" 200 276924
40.77.190.112 - - [23/Dec/2023:11:38:09 -0500] "GET /sipse/faces/javax.faces.resource/images/ui-icons_898989_256x240.png?ln=primefaces-aristo HTTP/1.1" 200 5355
162.55.37.179 - - [23/Dec/2023:11:38:15 -0500] "GET / HTTP/1.1" 200 319
162.55.37.179 - - [23/Dec/2023:11:38:15 -0500] "GET / HTTP/1.1" 200 4720
156.59.198.135 - - [23/Dec/2023:11:38:28 -0500] "GET /BLA/resoluciones/RESOLUCIONES%202022/0589.pdf HTTP/1.0" 200 651090
173.252.111.116 - - [23/Dec/2023:11:38:53 -0500] "GET /distrito-exalto-a-246-empresas-de-bogota-por-su-alto-desempeno-y-responsabilidad-ambiental-durante-2023.html HTTP/1.1" 200 1039
156.59.198.135 - - [23/Dec/2023:11:38:53 -0500] "GET /BLA/resoluciones/RESOLUCIONES%202022/0531.pdf HTTP/1.0" 200 338123
156.59.198.135 - - [23/Dec/2023:11:39:16 -0500] "GET /BLA/resoluciones/RESOLUCIONES%202022/5023.pdf HTTP/1.0" 200 418635
35.190.199.12 - - [23/Dec/2023:11:39:38 -0500] "GET / HTTP/1.1" 200 319
156.59.198.135 - - [23/Dec/2023:11:39:41 -0500] "GET /BLA/resoluciones/RESOLUCIONES%202022/3620.pdf HTTP/1.0" 200 449318
173.252.111.113 - - [23/Dec/2023:11:39:49 -0500] "GET /images/arbol%20centro.jpg HTTP/1.1" 200 69467
173.252.111.118 - - [23/Dec/2023:11:39:49 -0500] "GET /images/Musgo%2017%20-%2012%20-%202023.jpeg HTTP/1.1" 200 66238
173.252.111.119 - - [23/Dec/2023:11:39:49 -0500] "GET /images/terrazas%20verdes.jpg HTTP/1.1" 200 63951
173.252.111.9 - - [23/Dec/2023:11:39:49 -0500] "GET /images/PREAD%20SDA%201.jpeg HTTP/1.1" 200 65620
173.252.111.5 - - [23/Dec/2023:11:39:49 -0500] "GET /images/Aves%20SDA.jpeg HTTP/1.1" 200 75104
172.22.2.4 - - [23/Dec/2023:11:38:24 -0500] "HEAD /BLA/boletinlegal/ HTTP/1.1" 200 -
156.59.198.136 - - [23/Dec/2023:11:40:07 -0500] "GET /BLA/resoluciones/RESOLUCIONES%202022/0646.pdf HTTP/1.0" 200 360318
66.249.66.21 - - [23/Dec/2023:11:40:21 -0500] "GET /Publicaciones/2022EE309328.pdf HTTP/1.1" 404 228
201.245.192.253 - - [23/Dec/2023:11:40:19 -0500] "POST /kwsrmcab/Wsrmcab HTTP/1.1" 200 37386
216.245.221.92 - - [23/Dec/2023:11:40:25 -0500] "HEAD / HTTP/1.1" 200 -
201.245.192.253 - - [23/Dec/2023:11:40:24 -0500] "POST /kwsrmcab/Wsrmcab HTTP/1.1" 200 37060
156.59.198.135 - - [23/Dec/2023:11:40:30 -0500] "GET /BLA/resoluciones/RESOLUCIONES%202022/1302.pdf HTTP/1.0" 200 368903
201.245.192.253 - - [23/Dec/2023:11:40:47 -0500] "POST /kwsrmcab/Wsrmcab  HTTP/1.1" 200 40220
156.59.198.135 - - [23/Dec/2023:11:40:54 -0500] "GET /BLA/resoluciones/RESOLUCIONES%202022/0679.pdf HTTP/1.0" 200 477280
172.22.2.4 - - [23/Dec/2023:11:39:15 -0500] "GET /BLA/boletinlegal/ HTTP/1.1" 200 60910
95.108.213.102 - - [23/Dec/2023:11:41:07 -0500] "GET /robots.txt HTTP/1.1" 404 1018
95.108.213.124 - - [23/Dec/2023:11:41:08 -0500] "GET / HTTP/1.1" 200 319
172.22.2.4 - - [23/Dec/2023:11:41:11 -0500] "GET /BLA/boletinlegal/normativa.php HTTP/1.1" 200 8343
156.59.198.136 - - [23/Dec/2023:11:41:18 -0500] "GET /BLA/resoluciones/RESOLUCIONES%202022/5133.pdf HTTP/1.0" 200 529133
156.59.198.136 - - [23/Dec/2023:11:41:43 -0500] "GET /BLA/resoluciones/RESOLUCIONES%202022/4251.pdf HTTP/1.0" 200 372982
190.60.36.2 - - [23/Dec/2023:11:42:03 -0500] "POST /sipse/faces/presentacion/financiero/modificacionContrato/cargarModifiacion.xhtml HTTP/1.1" 200 120323
190.60.36.2 - - [23/Dec/2023:11:42:04 -0500] "GET /sipse/faces/javax.faces.resource/theme.css?ln=primefaces-sipse HTTP/1.1" 304 -
190.60.36.2 - - [23/Dec/2023:11:42:04 -0500] "GET /sipse/faces/javax.faces.resource/primefaces.css?ln=primefaces&v=4.0 HTTP/1.1" 304 -
190.60.36.2 - - [23/Dec/2023:11:42:04 -0500] "GET /sipse/faces/javax.faces.resource/layout/layout.css?ln=primefaces&v=4.0 HTTP/1.1" 304 -
190.60.36.2 - - [23/Dec/2023:11:42:04 -0500] "GET /sipse/css/imagen/contrasena.png HTTP/1.1" 404 383
190.60.36.2 - - [23/Dec/2023:11:42:04 -0500] "GET /sipse/faces/javax.faces.resource/jquery/jquery.js?ln=primefaces&v=4.0 HTTP/1.1" 304 -
190.60.36.2 - - [23/Dec/2023:11:42:04 -0500] "GET /sipse/faces/javax.faces.resource/jquery/jquery-plugins.js?ln=primefaces&v=4.0 HTTP/1.1" 304 -
190.60.36.2 - - [23/Dec/2023:11:42:04 -0500] "GET /sipse/faces/javax.faces.resource/primefaces.js?ln=primefaces&v=4.0 HTTP/1.1" 304 -
190.60.36.2 - - [23/Dec/2023:11:42:04 -0500] "GET /sipse/faces/javax.faces.resource/layout/layout.js?ln=primefaces&v=4.0 HTTP/1.1" 304 -
156.59.198.135 - - [23/Dec/2023:11:42:06 -0500] "GET /BLA/resoluciones/RESOLUCIONES%202022/4768.pdf HTTP/1.0" 200 468197
190.60.36.2 - - [23/Dec/2023:11:42:07 -0500] "POST /sipse/faces/presentacion/financiero/solicitudProceso/consultarSolicitudProceso.xhtml HTTP/1.1" 200 38765
190.60.36.2 - - [23/Dec/2023:11:42:09 -0500] "GET /sipse/faces/javax.faces.resource/theme.css?ln=primefaces-sipse HTTP/1.1" 304 -
190.60.36.2 - - [23/Dec/2023:11:42:09 -0500] "GET /sipse/faces/javax.faces.resource/primefaces.css?ln=primefaces&v=4.0 HTTP/1.1" 304 -
190.60.36.2 - - [23/Dec/2023:11:42:09 -0500] "GET /sipse/faces/javax.faces.resource/layout/layout.css?ln=primefaces&v=4.0 HTTP/1.1" 304 -
190.60.36.2 - - [23/Dec/2023:11:42:09 -0500] "GET /sipse/faces/javax.faces.resource/jquery/jquery.js?ln=primefaces&v=4.0 HTTP/1.1" 304 -
190.60.36.2 - - [23/Dec/2023:11:42:09 -0500] "GET /sipse/faces/javax.faces.resource/jquery/jquery-plugins.js?ln=primefaces&v=4.0 HTTP/1.1" 304 -
190.60.36.2 - - [23/Dec/2023:11:42:09 -0500] "GET /sipse/faces/javax.faces.resource/primefaces.js?ln=primefaces&v=4.0 HTTP/1.1" 304 -
190.60.36.2 - - [23/Dec/2023:11:42:09 -0500] "GET /sipse/faces/javax.faces.resource/layout/layout.js?ln=primefaces&v=4.0 HTTP/1.1" 304 -
190.60.36.2 - - [23/Dec/2023:11:42:09 -0500] "GET /sipse/css/imagen/contrasena.png HTTP/1.1" 404 383
190.60.36.2 - - [23/Dec/2023:11:42:09 -0500] "POST /sipse/faces/presentacion/financiero/solicitudProceso/listarSolicitudProceso.xhtml HTTP/1.1" 200 1420
190.60.36.2 - - [23/Dec/2023:11:42:11 -0500] "POST /sipse/faces/presentacion/financiero/solicitudProceso/listarSolicitudProceso.xhtml HTTP/1.1" 200 31940
190.60.36.2 - - [23/Dec/2023:11:42:11 -0500] "POST /sipse/faces/presentacion/financiero/solicitudProceso/listarSolicitudProceso.xhtml HTTP/1.1" 200 44710
190.60.36.2 - - [23/Dec/2023:11:42:12 -0500] "POST /sipse/faces/presentacion/financiero/solicitudProceso/listarSolicitudProceso.xhtml HTTP/1.1" 200 31940
156.59.198.135 - - [23/Dec/2023:11:42:31 -0500] "GET /BLA/resoluciones/RESOLUCIONES%202022/0622.pdf HTTP/1.0" 200 353416
190.60.36.2 - - [23/Dec/2023:11:42:33 -0500] "POST /sipse/faces/presentacion/financiero/solicitudProceso/listarSolicitudProceso.xhtml HTTP/1.1" 200 15079
190.60.36.2 - - [23/Dec/2023:11:42:34 -0500] "POST /sipse/faces/presentacion/financiero/solicitudProceso/listarSolicitudProceso.xhtml HTTP/1.1" 200 5944
190.60.36.2 - - [23/Dec/2023:11:42:37 -0500] "POST /sipse/faces/presentacion/financiero/solicitudProceso/listarSolicitudProceso.xhtml HTTP/1.1" 200 119784
190.60.36.2 - - [23/Dec/2023:11:42:37 -0500] "GET /sipse/faces/javax.faces.resource/theme.css?ln=primefaces-sipse HTTP/1.1" 304 -
190.60.36.2 - - [23/Dec/2023:11:42:37 -0500] "GET /sipse/faces/javax.faces.resource/jquery/jquery.js?ln=primefaces&v=4.0 HTTP/1.1" 304 -
190.60.36.2 - - [23/Dec/2023:11:42:37 -0500] "GET /sipse/faces/javax.faces.resource/primefaces.css?ln=primefaces&v=4.0 HTTP/1.1" 304 -
190.60.36.2 - - [23/Dec/2023:11:42:37 -0500] "GET /sipse/faces/javax.faces.resource/layout/layout.css?ln=primefaces&v=4.0 HTTP/1.1" 304 -
190.60.36.2 - - [23/Dec/2023:11:42:37 -0500] "GET /sipse/faces/javax.faces.resource/jquery/jquery-plugins.js?ln=primefaces&v=4.0 HTTP/1.1" 304 -
190.60.36.2 - - [23/Dec/2023:11:42:37 -0500] "GET /sipse/faces/javax.faces.resource/primefaces.js?ln=primefaces&v=4.0 HTTP/1.1" 304 -
190.60.36.2 - - [23/Dec/2023:11:42:37 -0500] "GET /sipse/faces/javax.faces.resource/layout/layout.js?ln=primefaces&v=4.0 HTTP/1.1" 304 -
190.60.36.2 - - [23/Dec/2023:11:42:37 -0500] "GET /sipse/css/imagen/contrasena.png HTTP/1.1" 404 383
190.60.36.2 - - [23/Dec/2023:11:42:42 -0500] "POST /sipse/faces/presentacion/financiero/solicitudProceso/consultarSolicitudProceso.xhtml HTTP/1.1" 200 214791
66.249.66.19 - - [23/Dec/2023:11:42:54 -0500] "GET /BLA/boletinlegal/Directivas/2014/Directiva%20No.%205%20del%2026%20de%20Diciembre%20de%202014.pdf HTTP/1.1" 200 3424865
156.59.198.135 - - [23/Dec/2023:11:42:56 -0500] "GET /BLA/resoluciones/RESOLUCIONES%202022/4266.pdf HTTP/1.0" 200 390506
190.60.36.2 - - [23/Dec/2023:11:43:11 -0500] "POST /sipse/faces/presentacion/financiero/solicitudProceso/consultarSolicitudProceso.xhtml HTTP/1.1" 200 41302
190.60.36.2 - - [23/Dec/2023:11:43:11 -0500] "GET /sipse/faces/javax.faces.resource/theme.css?ln=primefaces-sipse HTTP/1.1" 304 -
190.60.36.2 - - [23/Dec/2023:11:43:12 -0500] "GET /sipse/faces/javax.faces.resource/primefaces.css?ln=primefaces&v=4.0 HTTP/1.1" 304 -
190.60.36.2 - - [23/Dec/2023:11:43:12 -0500] "GET /sipse/faces/javax.faces.resource/layout/layout.css?ln=primefaces&v=4.0 HTTP/1.1" 304 -
190.60.36.2 - - [23/Dec/2023:11:43:12 -0500] "GET /sipse/faces/javax.faces.resource/jquery/jquery.js?ln=primefaces&v=4.0 HTTP/1.1" 304 -
190.60.36.2 - - [23/Dec/2023:11:43:12 -0500] "GET /sipse/faces/javax.faces.resource/jquery/jquery-plugins.js?ln=primefaces&v=4.0 HTTP/1.1" 304 -
190.60.36.2 - - [23/Dec/2023:11:43:12 -0500] "GET /sipse/faces/javax.faces.resource/primefaces.js?ln=primefaces&v=4.0 HTTP/1.1" 304 -
190.60.36.2 - - [23/Dec/2023:11:43:12 -0500] "GET /sipse/faces/javax.faces.resource/layout/layout.js?ln=primefaces&v=4.0 HTTP/1.1" 304 -
156.59.198.135 - - [23/Dec/2023:11:43:20 -0500] "GET /BLA/resoluciones/RESOLUCIONES%202022/3742.pdf HTTP/1.0" 200 1641269
186.102.48.232 - - [23/Dec/2023:11:43:25 -0500] "OPTIONS /kwssiamovil/sm/setfile/f? HTTP/1.1" 200 13
186.102.48.232 - - [23/Dec/2023:11:43:26 -0500] "POST /kwssiamovil/sm/setfile/f? HTTP/1.1" 200 381
186.102.48.232 - - [23/Dec/2023:11:43:35 -0500] "GET /kwssiamovil/sm/acme/a?s=U2FsdGVkX19PRIyrdztkTgr/+Rmr8GwbyvB4KvZxrdxZvMW9jDHfyWjw3z52SHi0KGb4fe1cbXJ6OdtjEnhWf9kbCj/m6B114iR8dIZBul/1+s4xoIp/dfB/s8yiW4lxoOF3wIDSJAotHiyHpCY+PV/QsKqusKC7YAJZkFUAJ1IxZizDaLZeim1OcL+4bRwuxdw8VQlTSfDPFhZvYTu9iSAVVaoNLs3pJM/9w+wndLUYj7ifs5JH4m/s0eNqlT8s8z3xJo+YdSkCbIE/P0oTLQ==&u=U2FsdGVkX19+6/IgKcMK9qdVgdiKdJ8C8iCFjioVdmmO4GuJ3YWwtckb42F7oWXZ&y=U2FsdGVkX1+qSwxAXp4e9MGFzw/oJyUvmGsDlgsqTf4K3lgAJc32AcT/4eLl/kPO HTTP/1.1" 200 26
