186.102.16.81 - - [23/Dec/2023:08:09:49 -0500] "GET /kwssiamovil/sm/acme/s?s=U2FsdGVkX1/OvyRIOSgK7OZDkl/TrzUFTyEIQxzAeqHZ8mzwSOuLUXi8yQLCelSoG6uGv5F7gn2EyO5Ga0GDV30vXPWgtvMg3yhw4pOYIxBf7eeesZcdslpo++8RIEDJm4Y8L6+tWxDFR8Xq/ctNxrJl8DFGm0esk2RbacK3X1ict+JuHznUkmlwld7B+AJyRUKlTLQp541zorF3MkiND38rkBaKsv0QGuVGlx3QQsd02Ki9Hy4i25TXCQvDp691XCIP20HEd4KYWrcXS43aHZXzGm+Kfepfxngna8CWUeIBoDBIG8FSA7QaLyRU7ibfvEGEl5rqIbPxU6i02vizus89kNk2WP6VU4Em/4lBetxgGOzzkHvxceSEaXuL7OIWk6lIcIKYR9AjD40FairrYriJjfAjCSukEiZlfBARLOihus2v1vWvu+GOJl4ZMVdSgbBsZ571jVOE9B8nbMgdFpnlXhXjknJJ0r4m2XcE30wkpOY5VTlD5fgxtSahfvXpHYnJ+f1o2zH+4rIsSsjY+MPnAVEaZsUK2iY73232mba/bIwAs+s2QLBUPlcDZXmBl2cUuY1SrXY1T/IeyggQmT7TOrTylFX6c+t4aYV85Im+F6HUWwd9jyU7+80cfvtzpDD4Rotopx+pj1aLLa3ag6AHSdbLfgC7407RhA5tknq8t0CRIUQR6ODGpkucndx4nazWEA8V/E967kzYkIs/fiMAYYdfn+l15iQa2XA0yqL+pXHuB0WoIGNRSeLPbt6PbWIl1xGleOumeXKdQcPpess/w/zcBYmNgASRIrgI4XDXpThRvUWHAQ4tq075YdsB68FOJA3H2njTWD6GQybyvOATwOCRrcknCCz+86bELyQmTkZ2ZVWASDHBqL84KmbRpPZ8OlGAKRAJwJ3II6VEK4ZkwJcRkThZzjG1e/EQG3HziPDTrQzUaKfhV1iFg2vamQ9cEJHHUcVvDfSCyowY79koEPAdJcJduxLL5l91R/p9c+Gma/IcfGsue3tcWHXI5MiRJP0sEVzvKR5FkokZ2z2SJNTxVo6bJ9+p8eeMqezovxg+7vH/NSm1yLTUfeun+bxCMYXLBxISbVr/9Y97lmeSqPPhAkhvbttU7ccm1woi93rKbUpEDfBbxj3Fwg0rB181T0v0l685uM2AWjau+brU5QwhHZ9kVJ8x5NToEjlyJhlI32TInDRHf21S3mGRMTfXM7hclfRWzN+Xzp3eeuLEhtCp3KEy75/JA1oauZgs/OppfB3G1hD2onUEvAcgsfG9MSjzshQXFqfQDw5HwNhrQuWq9NO/xmrnN5G05nQp3lgOXSPNu77sXorUtZeHnlCjd7m2sLStmSmLP8j5CbisgBWe8K2smhySdyNMBxYKmhf23msPe606JQsxTI5hbTq31/+lKW9wByHDmps3hbVlmD9cGhkW9NIPMDWOFNCSUE0yiFZ1ULL2KxBsdI+k9Es/u0xqCF19AEWS8QZNCLHbxx7ivoY76a9r7x+oE44m9RaC6uRsY3kW93L0jeVbayR/Y6wwfgYuFk1EmMScx4EZ7s52XNxX/lOIkPztcRTYw8YPVZK9DUjSYyuzDurR/bjvdnVmu2OEGuqrBp13zAXSAA/LwzYgDN39XSHFYBX2fxeoPybaJA6B7NNIuN58DFOXllcCNqxSoq4PuRvfNPDcmZID2OLW6ciwaxDt268dPXmXjw83w0FgTlH5xZxgWGnc9+LE7e89nhW65JRDp+RvlT4Mz0H0zSm6pa5supI=&u=U2FsdGVkX19kEj8pUikghz2iAHNMeY9CoGLhhdmaNyw=&y=U2FsdGVkX1+irCTDzjn7Q2GP5/5PkP7D2/Aoj6WqN4FJExliBOPWPHnoTauS/R4Q HTTP/1.1" 200 2346
186.102.16.81 - - [23/Dec/2023:08:09:49 -0500] "GET /kwssiamovil/sm/acme/s?s=U2FsdGVkX1/gJh87D6Tv6HzWJf2frXfydxCsKNbJ+XXYbs0FLssObmKc2xa+7wI8iL/QBoTeYZ/cvXlr0dpIgfswMZVDk6BFkW19uT+anOVi7EA/nTEYzENzH8DOOSrS11m+2GXY3m3Efd4yokVgyN5gxH4Nw0HkccR6NoqUD/HRGro7bLJtKQ1vznz54GxHFhLWB/SdqxDD+c42jrNOXMPoWsAwuVpC/R/WYcZJfr+qbecjPXIte3PiVfmGDGRk5DPayfMGxr1A1Q0IK93D17F/QyPgXOwZC8V9tG0uplPxYO2KHDkTr4zQDx1236ATgdlFzLb8mTZoftyZ/2ZLsOjshBOvEZ87kFLiNaRe9HxabuFOJR9LjOkHGQCt73HoQp/2Xy/cQhqbxGCc+3agy9n19uwfny6qUWfoS7VZd6ZN4DZ30URbcWypcg5r6mW3sZQzx8NWnKND/klYFFaA3f8816lQnyOpgqg7lSZOBBmOgPY+9vUGBXv2nrWcgMKSoj+MiDyCaG/iVczNd6o1Y2Ja04dybMWFVnokV07JaGr3HPlIMAr62Jtdst54cbnbDLIN0mWei0HtCcLumSvalpMxhiaf9fAdcN00kFihSW/rc5MQEAmq49wXjaxUb60HFuvbCxFI3BwdnGApmSLMe+KlvgNavfAb23kcowmfCd6kBhWD49X4o1hhsI5zjnaq+fpeGok/GmhiYDYxaObMPQSjsWx52DVPBMSL9ZmCZa+gA4d64dzTeKq0hfWsU3YF&u=U2FsdGVkX19kEj8pUikghz2iAHNMeY9CoGLhhdmaNyw=&y=U2FsdGVkX1+irCTDzjn7Q2GP5/5PkP7D2/Aoj6WqN4FJExliBOPWPHnoTauS/R4Q HTTP/1.1" 200 208
186.102.16.81 - - [23/Dec/2023:08:09:49 -0500] "GET /kwssiamovil/sm/cjson/pre?f=1&x=U2FsdGVkX18rNivXzoMtxVKEexTadT8UR8IVdZGTGG1KByl7PLaLiKE74dzesVuM HTTP/1.1" 200 31032
172.22.2.4 - - [23/Dec/2023:08:08:22 -0500] "HEAD /BLA/boletinlegal/ HTTP/1.1" 200 -
216.245.221.92 - - [23/Dec/2023:08:10:26 -0500] "HEAD / HTTP/1.1" 200 -
172.22.2.4 - - [23/Dec/2023:08:09:12 -0500] "GET /BLA/boletinlegal/ HTTP/1.1" 200 60502
47.128.50.212 - - [23/Dec/2023:08:10:58 -0500] "GET /BLA/resoluciones/index.php?dir=Notificaciones%2F&order=asc&sort=size HTTP/1.1" 200 12304
47.128.50.212 - - [23/Dec/2023:08:10:59 -0500] "GET /BLA/resoluciones/dlf/dirup.png HTTP/1.1" 200 644
47.128.50.212 - - [23/Dec/2023:08:11:02 -0500] "GET /BLA/resoluciones/dlf/folder.png HTTP/1.1" 200 410
112.230.230.105 - - [23/Dec/2023:08:11:07 -0500] "GET / HTTP/1.1" 200 319
186.155.18.173 - - [23/Dec/2023:08:11:16 -0500] "POST /sipse/faces/presentacion/financiero/solicitudProceso/consultarSolicitudProceso.xhtml HTTP/1.1" 200 43993
186.155.18.173 - - [23/Dec/2023:08:11:16 -0500] "GET /sipse/faces/javax.faces.resource/theme.css?ln=primefaces-sipse HTTP/1.1" 304 -
186.155.18.173 - - [23/Dec/2023:08:11:16 -0500] "GET /sipse/faces/javax.faces.resource/primefaces.css?ln=primefaces&v=4.0 HTTP/1.1" 304 -
186.155.18.173 - - [23/Dec/2023:08:11:16 -0500] "GET /sipse/faces/javax.faces.resource/layout/layout.css?ln=primefaces&v=4.0 HTTP/1.1" 304 -
186.155.18.173 - - [23/Dec/2023:08:11:16 -0500] "GET /sipse/faces/javax.faces.resource/jquery/jquery.js?ln=primefaces&v=4.0 HTTP/1.1" 304 -
186.155.18.173 - - [23/Dec/2023:08:11:16 -0500] "GET /sipse/faces/javax.faces.resource/jquery/jquery-plugins.js?ln=primefaces&v=4.0 HTTP/1.1" 304 -
186.155.18.173 - - [23/Dec/2023:08:11:16 -0500] "GET /sipse/faces/javax.faces.resource/primefaces.js?ln=primefaces&v=4.0 HTTP/1.1" 304 -
186.155.18.173 - - [23/Dec/2023:08:11:16 -0500] "GET /sipse/faces/javax.faces.resource/layout/layout.js?ln=primefaces&v=4.0 HTTP/1.1" 304 -
186.155.18.173 - - [23/Dec/2023:08:11:16 -0500] "POST /sipse/faces/presentacion/financiero/solicitudProceso/consultar.xhtml HTTP/1.1" 200 37284
186.155.18.173 - - [23/Dec/2023:08:11:16 -0500] "POST /sipse/faces/presentacion/financiero/solicitudProceso/consultar.xhtml HTTP/1.1" 200 37284
186.155.18.173 - - [23/Dec/2023:08:11:16 -0500] "POST /sipse/faces/presentacion/financiero/solicitudProceso/consultar.xhtml HTTP/1.1" 200 37284
186.155.18.173 - - [23/Dec/2023:08:11:16 -0500] "POST /sipse/faces/presentacion/financiero/solicitudProceso/consultar.xhtml HTTP/1.1" 200 37284
186.155.18.173 - - [23/Dec/2023:08:11:17 -0500] "POST /sipse/faces/presentacion/financiero/solicitudProceso/consultar.xhtml HTTP/1.1" 200 37284
47.128.122.30 - - [23/Dec/2023:08:11:23 -0500] "GET /BLA/resoluciones/index.php?dir=RESOLUCIONES%202007%2FRES%202007%201726%20AL%201800%2F&order=asc&sort=date HTTP/1.1" 200 20645
47.128.122.30 - - [23/Dec/2023:08:11:24 -0500] "GET /BLA/resoluciones/dlf/dirup.png HTTP/1.1" 200 644
47.128.122.30 - - [23/Dec/2023:08:11:24 -0500] "GET /BLA/resoluciones/dlf/pdf.gif HTTP/1.1" 200 272
186.155.18.173 - - [23/Dec/2023:08:11:25 -0500] "POST /sipse/faces/presentacion/financiero/solicitudProceso/consultar.xhtml HTTP/1.1" 200 12845
47.128.122.7 - - [23/Dec/2023:08:11:47 -0500] "GET /BLA/resoluciones/dlf/dirup.png HTTP/1.1" 200 644
47.128.122.7 - - [23/Dec/2023:08:11:47 -0500] "GET /BLA/resoluciones/dlf/pdf.gif HTTP/1.1" 200 272
47.128.122.7 - - [23/Dec/2023:08:11:50 -0500] "GET /BLA/resoluciones/dlf/archive.png HTTP/1.1" 200 632
201.245.192.253 - - [23/Dec/2023:08:11:48 -0500] "POST /kwsrmcab/Wsrmcab  HTTP/1.1" 200 40220
66.249.66.21 - - [23/Dec/2023:08:11:56 -0500] "GET /galeria/nivo-slider/demo/images/bannerresiduoshospitalariosagosto.jpg HTTP/1.1" 304 -
47.128.122.7 - - [23/Dec/2023:08:11:46 -0500] "GET /BLA/resoluciones/index.php?dir=RESOLUCIONES%202019%2F&order=desc&sort=name HTTP/1.1" 200 262432
47.128.22.23 - - [23/Dec/2023:08:12:11 -0500] "GET /BLA/resoluciones/index.php?dir=RESOLUCIONES%202007%2FRES%202007%201726%20AL%201800%2F&order=asc&sort=size HTTP/1.1" 200 20645
47.128.22.23 - - [23/Dec/2023:08:12:12 -0500] "GET /BLA/resoluciones/dlf/pdf.gif HTTP/1.1" 200 272
47.128.22.23 - - [23/Dec/2023:08:12:12 -0500] "GET /BLA/resoluciones/dlf/dirup.png HTTP/1.1" 200 644
186.155.18.173 - - [23/Dec/2023:08:12:13 -0500] "POST /sipse/faces/presentacion/financiero/solicitudProceso/consultar.xhtml HTTP/1.1" 200 12926
186.155.18.173 - - [23/Dec/2023:08:12:18 -0500] "POST /sipse/faces/presentacion/financiero/solicitudProceso/consultar.xhtml HTTP/1.1" 200 111133
186.155.18.173 - - [23/Dec/2023:08:12:19 -0500] "GET /sipse/faces/javax.faces.resource/theme.css?ln=primefaces-sipse HTTP/1.1" 304 -
186.155.18.173 - - [23/Dec/2023:08:12:19 -0500] "GET /sipse/faces/javax.faces.resource/layout/layout.css?ln=primefaces&v=4.0 HTTP/1.1" 304 -
186.155.18.173 - - [23/Dec/2023:08:12:19 -0500] "GET /sipse/faces/javax.faces.resource/primefaces.css?ln=primefaces&v=4.0 HTTP/1.1" 304 -
186.155.18.173 - - [23/Dec/2023:08:12:19 -0500] "GET /sipse/faces/javax.faces.resource/jquery/jquery.js?ln=primefaces&v=4.0 HTTP/1.1" 304 -
186.155.18.173 - - [23/Dec/2023:08:12:19 -0500] "GET /sipse/faces/javax.faces.resource/jquery/jquery-plugins.js?ln=primefaces&v=4.0 HTTP/1.1" 304 -
186.155.18.173 - - [23/Dec/2023:08:12:19 -0500] "GET /sipse/faces/javax.faces.resource/primefaces.js?ln=primefaces&v=4.0 HTTP/1.1" 304 -
186.155.18.173 - - [23/Dec/2023:08:12:19 -0500] "GET /sipse/faces/javax.faces.resource/layout/layout.js?ln=primefaces&v=4.0 HTTP/1.1" 304 -
47.128.122.235 - - [23/Dec/2023:08:12:35 -0500] "GET /BLA/resoluciones/dlf/dirup.png HTTP/1.1" 200 644
47.128.122.235 - - [23/Dec/2023:08:12:36 -0500] "GET /BLA/resoluciones/dlf/pdf.gif HTTP/1.1" 200 272
47.128.122.235 - - [23/Dec/2023:08:12:34 -0500] "GET /BLA/resoluciones/index.php?dir=RESOLUCIONES%202015%2F&order=desc&sort=name HTTP/1.1" 200 130731
47.128.122.235 - - [23/Dec/2023:08:12:41 -0500] "GET /BLA/resoluciones/dlf/unknown.png HTTP/1.1" 200 266
47.128.121.22 - - [23/Dec/2023:08:12:58 -0500] "GET /BLA/resoluciones/index.php?dir=RESOLUCIONES%20CONJUNTAS%2F&order=asc&sort=size HTTP/1.1" 200 4762
47.128.121.22 - - [23/Dec/2023:08:12:59 -0500] "GET /BLA/resoluciones/dlf/dirup.png HTTP/1.1" 200 644
47.128.121.22 - - [23/Dec/2023:08:12:59 -0500] "GET /BLA/resoluciones/dlf/pdf.gif HTTP/1.1" 200 272
172.22.2.4 - - [23/Dec/2023:08:11:26 -0500] "GET /BLA/boletinlegal/index.php HTTP/1.1" 200 63054
47.128.121.35 - - [23/Dec/2023:08:13:23 -0500] "GET /BLA/resoluciones/dlf/dirup.png HTTP/1.1" 200 644
47.128.121.35 - - [23/Dec/2023:08:13:23 -0500] "GET /BLA/resoluciones/dlf/pdf.gif HTTP/1.1" 200 272
47.128.121.35 - - [23/Dec/2023:08:13:23 -0500] "GET /BLA/resoluciones/dlf/unknown.png HTTP/1.1" 200 266
47.128.121.49 - - [23/Dec/2023:08:13:46 -0500] "GET /BLA/resoluciones/index.php?dir=Notificaciones%2FRESOLUCIONES+2016%2F HTTP/1.1" 200 18211
47.128.121.49 - - [23/Dec/2023:08:13:47 -0500] "GET /BLA/resoluciones/dlf/doc.gif HTTP/1.1" 200 1079
47.128.121.49 - - [23/Dec/2023:08:13:47 -0500] "GET /BLA/resoluciones/dlf/pdf.gif HTTP/1.1" 200 272
47.128.121.49 - - [23/Dec/2023:08:13:47 -0500] "GET /BLA/resoluciones/dlf/dirup.png HTTP/1.1" 200 644
47.128.121.35 - - [23/Dec/2023:08:13:22 -0500] "GET /BLA/resoluciones/index.php?dir=RESOLUCIONES%202014%2F&order=desc&sort=name HTTP/1.1" 200 282571
186.155.18.173 - - [23/Dec/2023:08:14:27 -0500] "POST /sipse/faces/presentacion/financiero/solicitudProceso/consultarSolicitudProceso.xhtml HTTP/1.1" 200 43993
186.155.18.173 - - [23/Dec/2023:08:14:37 -0500] "GET /sipse/faces/javax.faces.resource/theme.css?ln=primefaces-sipse HTTP/1.1" 304 -
186.155.18.173 - - [23/Dec/2023:08:14:37 -0500] "GET /sipse/faces/javax.faces.resource/primefaces.css?ln=primefaces&v=4.0 HTTP/1.1" 304 -
186.155.18.173 - - [23/Dec/2023:08:14:37 -0500] "GET /sipse/faces/javax.faces.resource/layout/layout.css?ln=primefaces&v=4.0 HTTP/1.1" 304 -
186.155.18.173 - - [23/Dec/2023:08:14:37 -0500] "GET /sipse/faces/javax.faces.resource/jquery/jquery.js?ln=primefaces&v=4.0 HTTP/1.1" 304 -
186.155.18.173 - - [23/Dec/2023:08:14:37 -0500] "GET /sipse/faces/javax.faces.resource/jquery/jquery-plugins.js?ln=primefaces&v=4.0 HTTP/1.1" 304 -
186.155.18.173 - - [23/Dec/2023:08:14:37 -0500] "GET /sipse/faces/javax.faces.resource/primefaces.js?ln=primefaces&v=4.0 HTTP/1.1" 304 -
186.155.18.173 - - [23/Dec/2023:08:14:37 -0500] "GET /sipse/faces/javax.faces.resource/layout/layout.js?ln=primefaces&v=4.0 HTTP/1.1" 304 -
186.155.18.173 - - [23/Dec/2023:08:14:37 -0500] "POST /sipse/faces/presentacion/financiero/solicitudProceso/consultar.xhtml HTTP/1.1" 200 37284
186.155.18.173 - - [23/Dec/2023:08:14:37 -0500] "POST /sipse/faces/presentacion/financiero/solicitudProceso/consultar.xhtml HTTP/1.1" 200 37284
186.155.18.173 - - [23/Dec/2023:08:14:37 -0500] "POST /sipse/faces/presentacion/financiero/solicitudProceso/consultar.xhtml HTTP/1.1" 200 37284
186.155.18.173 - - [23/Dec/2023:08:14:37 -0500] "POST /sipse/faces/presentacion/financiero/solicitudProceso/consultar.xhtml HTTP/1.1" 200 37284
186.155.18.173 - - [23/Dec/2023:08:14:38 -0500] "POST /sipse/faces/presentacion/financiero/solicitudProceso/consultar.xhtml HTTP/1.1" 200 37284
186.155.18.173 - - [23/Dec/2023:08:14:38 -0500] "POST /sipse/faces/presentacion/financiero/solicitudProceso/consultar.xhtml HTTP/1.1" 200 37284
186.155.18.173 - - [23/Dec/2023:08:14:38 -0500] "POST /sipse/faces/presentacion/financiero/solicitudProceso/consultar.xhtml HTTP/1.1" 200 37284
186.155.18.173 - - [23/Dec/2023:08:15:07 -0500] "POST /sipse/faces/presentacion/financiero/solicitudProceso/consultar.xhtml HTTP/1.1" 200 12949
186.155.18.173 - - [23/Dec/2023:08:15:23 -0500] "POST /sipse/faces/presentacion/financiero/solicitudProceso/consultar.xhtml HTTP/1.1" 200 12957
216.245.221.92 - - [23/Dec/2023:08:15:26 -0500] "HEAD / HTTP/1.1" 200 -
186.155.18.173 - - [23/Dec/2023:08:15:35 -0500] "POST /sipse/faces/presentacion/financiero/solicitudProceso/consultar.xhtml HTTP/1.1" 200 12960
186.155.18.173 - - [23/Dec/2023:08:15:49 -0500] "POST /sipse/faces/presentacion/financiero/solicitudProceso/consultar.xhtml HTTP/1.1" 200 12961
172.22.2.4 - - [23/Dec/2023:08:14:12 -0500] "HEAD /BLA/boletinlegal/ HTTP/1.1" 200 -
114.119.130.136 - - [23/Dec/2023:08:15:55 -0500] "GET /BLA/resoluciones/index.php?dir=Notificaciones/RESOLUCIONES%2B2021/&sort=name&order=asc HTTP/1.1" 200 13965
199.16.157.180 - - [23/Dec/2023:08:15:59 -0500] "GET /mis-de-50-aves-silvestres-fueron-recuperadas-en-la-localidad-de-tunjuelito.html HTTP/1.1" 200 806
199.16.157.183 - - [23/Dec/2023:08:15:59 -0500] "GET /images/Aves%20SDA.jpeg HTTP/1.1" 200 75104
204.199.94.87 - - [23/Dec/2023:08:16:00 -0500] "GET /mis-de-50-aves-silvestres-fueron-recuperadas-en-la-localidad-de-tunjuelito.html HTTP/1.1" 200 806
186.155.18.173 - - [23/Dec/2023:08:15:59 -0500] "POST /sipse/faces/presentacion/financiero/solicitudProceso/consultar.xhtml HTTP/1.1" 200 12947
186.155.18.173 - - [23/Dec/2023:08:16:11 -0500] "POST /sipse/faces/presentacion/financiero/solicitudProceso/consultar.xhtml HTTP/1.1" 200 13060
201.245.192.253 - - [23/Dec/2023:08:16:21 -0500] "POST /kwsrmcab/Wsrmcab HTTP/1.1" 200 38838
186.155.18.173 - - [23/Dec/2023:08:16:25 -0500] "POST /sipse/faces/presentacion/financiero/solicitudProceso/consultar.xhtml HTTP/1.1" 200 12802
201.245.192.253 - - [23/Dec/2023:08:16:24 -0500] "POST /kwsrmcab/Wsrmcab HTTP/1.1" 200 36819
172.22.2.4 - - [23/Dec/2023:08:15:02 -0500] "GET /BLA/boletinlegal/ HTTP/1.1" 200 60502
201.245.192.253 - - [23/Dec/2023:08:16:46 -0500] "POST /kwsrmcab/Wsrmcab  HTTP/1.1" 200 40220
186.155.18.173 - - [23/Dec/2023:08:16:50 -0500] "POST /sipse/faces/presentacion/financiero/solicitudProceso/consultar.xhtml HTTP/1.1" 200 12949
186.155.18.173 - - [23/Dec/2023:08:17:08 -0500] "POST /sipse/faces/presentacion/financiero/solicitudProceso/consultar.xhtml HTTP/1.1" 200 12814
186.155.18.173 - - [23/Dec/2023:08:17:23 -0500] "POST /sipse/faces/presentacion/financiero/solicitudProceso/consultar.xhtml HTTP/1.1" 200 12782
186.155.18.173 - - [23/Dec/2023:08:17:49 -0500] "POST /sipse/faces/presentacion/financiero/solicitudProceso/consultar.xhtml HTTP/1.1" 200 12848
186.155.18.173 - - [23/Dec/2023:08:18:04 -0500] "POST /sipse/faces/presentacion/financiero/solicitudProceso/consultar.xhtml HTTP/1.1" 200 12782
199.16.157.181 - - [23/Dec/2023:08:18:11 -0500] "GET /mis-de-50-aves-silvestres-fueron-recuperadas-en-la-localidad-de-tunjuelito.html HTTP/1.1" 200 806
199.16.157.182 - - [23/Dec/2023:08:18:12 -0500] "GET /images/Aves%20SDA.jpeg HTTP/1.1" 200 75104
186.155.18.173 - - [23/Dec/2023:08:18:22 -0500] "POST /sipse/faces/presentacion/financiero/solicitudProceso/consultar.xhtml HTTP/1.1" 200 12782
213.186.1.245 - - [23/Dec/2023:08:18:24 -0500] "GET /robots.txt HTTP/1.1" 404 1034
31.13.103.117 - - [23/Dec/2023:08:18:31 -0500] "GET /images/arbol%20centro.jpg HTTP/1.1" 200 69467
186.155.18.173 - - [23/Dec/2023:08:18:36 -0500] "POST /sipse/faces/presentacion/financiero/solicitudProceso/consultar.xhtml HTTP/1.1" 200 12853
173.252.107.8 - - [23/Dec/2023:08:18:38 -0500] "GET /mis-de-50-aves-silvestres-fueron-recuperadas-en-la-localidad-de-tunjuelito.html HTTP/1.1" 206 806
173.252.107.8 - - [23/Dec/2023:08:18:38 -0500] "GET /images/Aves%20SDA.jpeg HTTP/1.1" 200 75104
168.119.76.236 - - [23/Dec/2023:08:18:39 -0500] "GET /robots.txt HTTP/1.1" 404 1034
168.119.76.236 - - [23/Dec/2023:08:18:39 -0500] "GET /mis-de-50-aves-silvestres-fueron-recuperadas-en-la-localidad-de-tunjuelito.html HTTP/1.1" 200 806
173.252.107.7 - - [23/Dec/2023:08:18:40 -0500] "GET /images/Aves%20SDA.jpeg HTTP/1.1" 200 75104
173.252.107.3 - - [23/Dec/2023:08:18:40 -0500] "GET /mis-de-50-aves-silvestres-fueron-recuperadas-en-la-localidad-de-tunjuelito.html HTTP/1.1" 200 806
173.252.107.8 - - [23/Dec/2023:08:18:40 -0500] "GET /mis-de-50-aves-silvestres-fueron-recuperadas-en-la-localidad-de-tunjuelito.html HTTP/1.1" 200 806
173.252.87.14 - - [23/Dec/2023:08:18:40 -0500] "GET /images/Aves%20SDA.jpeg HTTP/1.1" 200 75104
173.252.95.9 - - [23/Dec/2023:08:18:40 -0500] "GET /mis-de-50-aves-silvestres-fueron-recuperadas-en-la-localidad-de-tunjuelito.html HTTP/1.1" 200 806
69.171.249.118 - - [23/Dec/2023:08:18:40 -0500] "GET /mis-de-50-aves-silvestres-fueron-recuperadas-en-la-localidad-de-tunjuelito.html HTTP/1.1" 200 806
173.252.95.3 - - [23/Dec/2023:08:18:43 -0500] "GET /distrito-exalta-48-arboles-patrimoniales-y-15-de-interes-publico-en-bogota.html HTTP/1.1" 200 816
173.252.95.1 - - [23/Dec/2023:08:18:43 -0500] "GET /distrito-exalta-48-arboles-patrimoniales-y-15-de-interes-publico-en-bogota.html HTTP/1.1" 200 816
173.252.95.4 - - [23/Dec/2023:08:18:43 -0500] "GET /distrito-exalta-48-arboles-patrimoniales-y-15-de-interes-publico-en-bogota.html HTTP/1.1" 200 816
186.155.18.173 - - [23/Dec/2023:08:18:53 -0500] "POST /sipse/faces/presentacion/financiero/solicitudProceso/consultar.xhtml HTTP/1.1" 200 12848
181.56.171.197 - - [23/Dec/2023:08:18:58 -0500] "GET /sipse/faces/index.xhtml HTTP/1.1" 200 677
181.56.171.197 - - [23/Dec/2023:08:18:58 -0500] "GET /sipse/faces/javax.faces.resource/theme.css?ln=primefaces-sipse HTTP/1.1" 200 50058
181.56.171.197 - - [23/Dec/2023:08:18:59 -0500] "GET /sipse/faces/faces/autenticacion.xhtml HTTP/1.1" 200 12407
181.56.171.197 - - [23/Dec/2023:08:18:59 -0500] "GET /favicon.ico HTTP/1.1" 200 7782
181.56.171.197 - - [23/Dec/2023:08:18:59 -0500] "GET /sipse/css/custom_css_sg.css HTTP/1.1" 200 9694
181.56.171.197 - - [23/Dec/2023:08:18:59 -0500] "GET /sipse/faces/javax.faces.resource/layout/layout.css?ln=primefaces&v=4.0 HTTP/1.1" 200 542
181.56.171.197 - - [23/Dec/2023:08:18:59 -0500] "GET /sipse/css/custom_css_sg_prime_login.css HTTP/1.1" 200 443
181.56.171.197 - - [23/Dec/2023:08:18:59 -0500] "GET /sipse/js/disable_browser_buttons.js HTTP/1.1" 200 3230
181.56.171.197 - - [23/Dec/2023:08:18:59 -0500] "GET /sipse/faces/javax.faces.resource/theme.css?ln=primefaces-sipse HTTP/1.1" 304 -
181.56.171.197 - - [23/Dec/2023:08:18:59 -0500] "GET /sipse/js/funciones.js HTTP/1.1" 200 12592
181.56.171.197 - - [23/Dec/2023:08:18:59 -0500] "GET /sipse/faces/javax.faces.resource/jquery/jquery.js?ln=primefaces&v=4.0 HTTP/1.1" 200 105384
181.56.171.197 - - [23/Dec/2023:08:18:59 -0500] "GET /sipse/faces/javax.faces.resource/primefaces.css?ln=primefaces&v=4.0 HTTP/1.1" 200 53295
181.56.171.197 - - [23/Dec/2023:08:18:59 -0500] "GET /sipse/faces/javax.faces.resource/layout/layout.js?ln=primefaces&v=4.0 HTTP/1.1" 200 87560
181.56.171.197 - - [23/Dec/2023:08:18:59 -0500] "GET /sipse/faces/javax.faces.resource/primefaces.js?ln=primefaces&v=4.0 HTTP/1.1" 200 276924
181.56.171.197 - - [23/Dec/2023:08:18:59 -0500] "GET /sipse/faces/javax.faces.resource/jquery/jquery-plugins.js?ln=primefaces&v=4.0 HTTP/1.1" 200 220526
181.56.171.197 - - [23/Dec/2023:08:18:59 -0500] "GET /sipse/faces/javax.faces.resource/images/ui-icons_898989_256x240.png?ln=primefaces-aristo HTTP/1.1" 200 5355
181.56.171.197 - - [23/Dec/2023:08:18:59 -0500] "GET /sipse/css/imagen/loginimg.png HTTP/1.1" 200 71635
181.56.171.197 - - [23/Dec/2023:08:18:59 -0500] "GET /sipse/css/imagen/logoSDG.png HTTP/1.1" 200 53064
192.0.86.149 - - [23/Dec/2023:08:19:01 -0500] "GET /galeria/galeria/fotos/Entrenube2G.jpg HTTP/1.1" 200 111422
186.155.18.173 - - [23/Dec/2023:08:19:10 -0500] "POST /sipse/faces/presentacion/financiero/solicitudProceso/consultar.xhtml HTTP/1.1" 200 12917
181.56.171.197 - - [23/Dec/2023:08:19:11 -0500] "POST /sipse/faces/autenticacion.xhtml HTTP/1.1" 200 2220
181.56.171.197 - - [23/Dec/2023:08:19:11 -0500] "GET /sipse/faces/javax.faces.resource/messages/messages.png?ln=primefaces&v=4.0 HTTP/1.1" 200 27209
181.56.171.197 - - [23/Dec/2023:08:19:12 -0500] "POST /sipse/faces/autenticacion.xhtml HTTP/1.1" 200 16461
181.56.171.197 - - [23/Dec/2023:08:19:13 -0500] "GET /sipse/css/custom_css_sg_prime.css HTTP/1.1" 200 5201
181.56.171.197 - - [23/Dec/2023:08:19:13 -0500] "GET /sipse/faces/javax.faces.resource/theme.css?ln=primefaces-sipse HTTP/1.1" 304 -
181.56.171.197 - - [23/Dec/2023:08:19:13 -0500] "GET /sipse/faces/javax.faces.resource/primefaces.css?ln=primefaces&v=4.0 HTTP/1.1" 304 -
181.56.171.197 - - [23/Dec/2023:08:19:13 -0500] "GET /sipse/faces/javax.faces.resource/layout/layout.css?ln=primefaces&v=4.0 HTTP/1.1" 304 -
181.56.171.197 - - [23/Dec/2023:08:19:13 -0500] "GET /sipse/js/jquery.min.js HTTP/1.1" 200 85582
181.56.171.197 - - [23/Dec/2023:08:19:13 -0500] "GET /sipse/faces/javax.faces.resource/jquery/jquery.js?ln=primefaces&v=4.0 HTTP/1.1" 304 -
181.56.171.197 - - [23/Dec/2023:08:19:13 -0500] "GET /sipse/faces/javax.faces.resource/jquery/jquery-plugins.js?ln=primefaces&v=4.0 HTTP/1.1" 304 -
181.56.171.197 - - [23/Dec/2023:08:19:13 -0500] "GET /sipse/faces/javax.faces.resource/primefaces.js?ln=primefaces&v=4.0 HTTP/1.1" 304 -
181.56.171.197 - - [23/Dec/2023:08:19:13 -0500] "GET /sipse/faces/javax.faces.resource/layout/layout.js?ln=primefaces&v=4.0 HTTP/1.1" 304 -
181.56.171.197 - - [23/Dec/2023:08:19:13 -0500] "GET /sipse/css/v_mergente.css HTTP/1.1" 200 1505
181.56.171.197 - - [23/Dec/2023:08:19:13 -0500] "GET /sipse/css/imagen/contrasena.png HTTP/1.1" 404 383
181.56.171.197 - - [23/Dec/2023:08:19:13 -0500] "GET /sipse/imagenes/cargando.gif HTTP/1.1" 200 36959
181.56.171.197 - - [23/Dec/2023:08:19:13 -0500] "GET /sipse/imagenes/logoAplicacion.jpg HTTP/1.1" 200 155084
181.56.171.197 - - [23/Dec/2023:08:19:15 -0500] "GET /sipse/faces/javax.faces.resource/images/ui-bg_flat_0_2d5972_40x100.png?ln=primefaces-aristo HTTP/1.1" 200 183
181.56.171.197 - - [23/Dec/2023:08:19:15 -0500] "POST /sipse/faces/bienvenido.xhtml HTTP/1.1" 200 2658
181.56.171.197 - - [23/Dec/2023:08:19:17 -0500] "POST /sipse/faces/bienvenido.xhtml HTTP/1.1" 200 65145
181.56.171.197 - - [23/Dec/2023:08:19:17 -0500] "GET /sipse/faces/javax.faces.resource/theme.css?ln=primefaces-sipse HTTP/1.1" 304 -
181.56.171.197 - - [23/Dec/2023:08:19:17 -0500] "GET /sipse/faces/javax.faces.resource/primefaces.css?ln=primefaces&v=4.0 HTTP/1.1" 304 -
181.56.171.197 - - [23/Dec/2023:08:19:17 -0500] "GET /sipse/faces/javax.faces.resource/layout/layout.css?ln=primefaces&v=4.0 HTTP/1.1" 304 -
181.56.171.197 - - [23/Dec/2023:08:19:17 -0500] "GET /sipse/faces/javax.faces.resource/jquery/jquery.js?ln=primefaces&v=4.0 HTTP/1.1" 304 -
181.56.171.197 - - [23/Dec/2023:08:19:17 -0500] "GET /sipse/faces/javax.faces.resource/jquery/jquery-plugins.js?ln=primefaces&v=4.0 HTTP/1.1" 304 -
181.56.171.197 - - [23/Dec/2023:08:19:17 -0500] "GET /sipse/faces/javax.faces.resource/primefaces.js?ln=primefaces&v=4.0 HTTP/1.1" 304 -
181.56.171.197 - - [23/Dec/2023:08:19:17 -0500] "GET /sipse/faces/javax.faces.resource/layout/layout.js?ln=primefaces&v=4.0 HTTP/1.1" 304 -
181.56.171.197 - - [23/Dec/2023:08:19:18 -0500] "POST /sipse/faces/presentacion/financiero/solicitudProceso/listarSolicitudProceso.xhtml HTTP/1.1" 200 1564
216.244.66.195 - - [23/Dec/2023:08:19:18 -0500] "GET /BLA/resoluciones/RESOLUCIONES%202017/0912.pdf HTTP/1.1" 200 8534055
186.102.16.81 - - [23/Dec/2023:08:19:21 -0500] "GET /kwssiamovil/sm/ldap/au?x=U2FsdGVkX198WvBxgsx+yc4m3Pp8dG3aGtlGrJi7lC9Yo/sNjdWpgvFeMdEkeIN8&y=U2FsdGVkX19uLjT7KWacgPuMGDsPooMCmaMue/z/Rq0mbq4fvrg6qnd33xF7ZaDr HTTP/1.1" 200 30
186.102.16.81 - - [23/Dec/2023:08:19:22 -0500] "GET /kwssiamovil/sm/acme/s?s=U2FsdGVkX19CeTZ1i2lcBDAH/dtxCRkSj6DruQZtQmVfLXFgLi6E95PaIrJiK8guPm9mnlYfYX8gdr1xjhEivGdJ+S+MkSbzfd7Vi62L640=&u=U2FsdGVkX1/IjCTVRRqZTu7PJ/likJyVJAw7h/OyiOM=&y=U2FsdGVkX19uLjT7KWacgPuMGDsPooMCmaMue/z/Rq0mbq4fvrg6qnd33xF7ZaDr HTTP/1.1" 200 97
186.102.16.81 - - [23/Dec/2023:08:19:22 -0500] "GET /kwssiamovil/sm/acme/s?s=U2FsdGVkX18WI1QbuKwutitW4Lic5GsxuUfTAptu98ibbOQ5NIsVMwmMduez4b8nxAKFKt/o9UKiASV7X+Sv+y50yr04rCM0incb23Jnv2Z60daSacq31ir4DBUtDfrJdYYo1JGSyvxaIjHmhro906XIFljoe5QnrkjoDaYkWw3o0/x5Lymo5ywueTY8k05hrHfGMoAI5oautsfTngBQKFjoyYHfTMAYWr+Zco+Y6xS3ri9wHQDtEPNNHpSaarQSydUfvBuoN8GCdZwhcMoI+uBIMR5sPitHBT7Mmai3hU5wE/lui3H98aciIQ5Zc/ZiT+zMMwTbLxgVtdvLgK7arEC6nWWqL5BPxOwQIte7GuSEA7loxkuQlTVAPK0E9GC8z1hLFqJj5A1fnqThYKfguTsPZ3putukRQSMvLbRk2OjH7qZ+ft1z03v0tQQB2ARO3Dld2pKn85HRilysmiHI7H+D77ZZACJCYfBaFz63EOS+epYCmZmRfcWiRfSo+wR+awKsda7m5nGJimsGjucXzfdq5wQyX/8SSMMdnOn/aoRzrg3cFaZOK263fRJSHMPij+scS5UqBapQrp670JMhxqESf5YJatc0/b/Ud5cltUejVhPUxAbWbVciEtzVmxiWJ2m7DvTvW6Cgnk4SGYiC+2MLU6V07Xprb2B+FIkgJnucewPem116VxdQMjA+J9A7a0bTbiVxTGuH3ROOpz8DNZV46pjO63ZtRfgvwH3bcoDE9PgRGXGoZX4NPxHdzsVCdayLy856dyMh/pkSpbf/hknT1HM0uQqXRtwu0Ib7AeTHMO7jVtbwTQ2Le1wspRjOKqON8f1kcWdhFFP8ZXGuCkKgYD2RcF5vIMBEqlGC4jsGzKklqqYicYxgQFHOzIsDMlF+o3ikrMSBsFglhxM6BMaNiOyFmBB3DUE+RxMjr62h95xpRciET4oPSLGI5eSsICKVyRg4K3k2Th/9yvwE7qNjwMT7jjKYSmZNtIhzC5JyUtHDiOUGmwFjNrIeeyWoLUDoYfRr/EQnfE90H0EFi/NEUgbKlBuC3zfEYPvTCaXcPxONoTfWM09WCdTgjVGndS1bGBHnp4Z7APhYxB53v/ldW2ljiWMOzSq/m8W4GSsEIpBMSzD66ApaZREo0ScCRnqgoEWykuIHWV2ziykXWRZNCye4M6zY7iJMMrogyA2e6qCGlow/8+a4+a6lL1dT7Es280KUrFaS7HRIdZ9HU86dJBNCsm+r1q592cikVt3aX+xtq8YUeGS9qCQRrw4xA6qgwlbFKQnSKlSig+FmUZ1k2iBsk/ZP2dP4LUARmn2/gqLfNAR6cr0ubc6v6siIRK43z2nGPSCn4ih+wjJbJi+QtNjK+udU6jUt+VldK/dlikkMLWj3tPdX1T6sEIC5V90trnvxoVbRvC6qMLj9DbOwizwynpuV2lrFgg9YFWO6ngHssDt7GiIkKKkLyzUMc9G6PemhhdcihwkfTJTv1dzQulLqlZ4KwrzyyvOlPVYVZuxPP/HDx6lSrdDuKVYjeP07nNUjDyEtMnUK+/V27Sd/NKW1OPqgs726vXdqyQeb3eNCWYOSapsWwYxZnjid75Sv8i4S1OSv3eSVmYTzROkbXzLLDJ00h7+VEHIPiQIE0zAaoFLpbGy8nXhV0jUjvdwelqeGyiUUTJkzxgTWm3YltMSznWXMqm7AlMLwSJvpZKULocZlm10lyFA3eYkJnutdYpKdM3K1rUEvJFSu8eOlruxz5INa9H8ycDUppCw=&u=U2FsdGVkX1/IjCTVRRqZTu7PJ/likJyVJAw7h/OyiOM=&y=U2FsdGVkX19uLjT7KWacgPuMGDsPooMCmaMue/z/Rq0mbq4fvrg6qnd33xF7ZaDr HTTP/1.1" 200 2674
186.102.16.81 - - [23/Dec/2023:08:19:22 -0500] "GET /kwssiamovil/sm/acme/s?s=U2FsdGVkX19JupvcuuKrpJiUSmXrZVZ1iq6zxZ2S2Bh2JMZXVogxS8Up88+/pkCPRyOdewtS3u1anPsTnYeiqzMP0wn1GL4lvghkiXkjiWc8Vv+6okM8I2tUKHrGBBM0DKdjSmM2fqYvcXzefHBJC/308FxzFaxk/y/hYptva5v6/XEXAufkBnU1zZHBEwh7hwQwCrbQrS1TAknkJ8+ZKDabdQDpV9eMA3LnzpAlZzn5+os5U3wheKjbC81Z77oFSrj+BhIChsDI7OvGMKwOW2bzc2d4RZVusIVFSzHdt9scTTd5L7wS2/tEUD/MnFH66fpHiQurjsqw++6ZKhrQubBwFrUtYTYpLdBdnxL4+6fSAj3h53tXWPQtArZv/qmHSNa7x45HH80x18EE6qXWJAJgzpoMHsqnmIDF61rdXk3xDYZHrQznDZ5W6ekZpsaynaOmtX/3wR44fajYXIG6SI1+ddjNauth6A4h5JunB/NPG9f53S63SyRMszsHiKtVb9/X/zXvrdnRBuH1tHnC9bt1jMqrfPZXly/UIPNDl5Zu8VDC3B4fK0xVJKoeq1lv+5KvmJ/5ZthnlcT0SzM0mfgK3tjXgG+UzT4fnux70+3dpKdoWR8lyAOzYOcISIIfNsdupuQl+5n6RWWT3u7ixXce0nh4vpiHHCvQw2X4EgkamDGmX5GHy5bSAkACIXnCzvcLMOc0Q1UdAzvv23p+81SgAsNsmtqMTyO2HICtLFder8gQZFrXBnQm52pwz+G1&u=U2FsdGVkX1/IjCTVRRqZTu7PJ/likJyVJAw7h/OyiOM=&y=U2FsdGVkX19uLjT7KWacgPuMGDsPooMCmaMue/z/Rq0mbq4fvrg6qnd33xF7ZaDr HTTP/1.1" 200 208
181.56.171.197 - - [23/Dec/2023:08:19:23 -0500] "POST /sipse/faces/presentacion/financiero/solicitudProceso/listarSolicitudProceso.xhtml HTTP/1.1" 200 6248
186.102.16.81 - - [23/Dec/2023:08:19:22 -0500] "GET /kwssiamovil/sm/cjson/pre?f=1&x=U2FsdGVkX198WvBxgsx+yc4m3Pp8dG3aGtlGrJi7lC9Yo/sNjdWpgvFeMdEkeIN8 HTTP/1.1" 200 31032
173.252.107.120 - - [23/Dec/2023:08:19:24 -0500] "GET /mis-de-50-aves-silvestres-fueron-recuperadas-en-la-localidad-de-tunjuelito.html HTTP/1.1" 200 806
173.252.107.10 - - [23/Dec/2023:08:19:29 -0500] "GET /images/Aves%20SDA.jpeg HTTP/1.1" 200 75104
173.252.107.7 - - [23/Dec/2023:08:19:29 -0500] "GET /images/Aves%20SDA.jpeg HTTP/1.1" 200 75104
52.86.197.61 - - [23/Dec/2023:08:19:29 -0500] "HEAD /mis-de-50-aves-silvestres-fueron-recuperadas-en-la-localidad-de-tunjuelito.html HTTP/1.1" 200 -
173.252.79.1 - - [23/Dec/2023:08:19:30 -0500] "GET /images/Aves%20SDA.jpeg HTTP/1.1" 200 75104
181.56.171.197 - - [23/Dec/2023:08:19:29 -0500] "POST /sipse/faces/presentacion/financiero/solicitudProceso/listarSolicitudProceso.xhtml HTTP/1.1" 200 115503
181.56.171.197 - - [23/Dec/2023:08:19:30 -0500] "GET /sipse/faces/javax.faces.resource/theme.css?ln=primefaces-sipse HTTP/1.1" 304 -
181.56.171.197 - - [23/Dec/2023:08:19:30 -0500] "GET /sipse/faces/javax.faces.resource/layout/layout.css?ln=primefaces&v=4.0 HTTP/1.1" 304 -
181.56.171.197 - - [23/Dec/2023:08:19:30 -0500] "GET /sipse/faces/javax.faces.resource/primefaces.css?ln=primefaces&v=4.0 HTTP/1.1" 304 -
181.56.171.197 - - [23/Dec/2023:08:19:30 -0500] "GET /sipse/faces/javax.faces.resource/jquery/jquery.js?ln=primefaces&v=4.0 HTTP/1.1" 304 -
181.56.171.197 - - [23/Dec/2023:08:19:31 -0500] "GET /sipse/faces/javax.faces.resource/jquery/jquery-plugins.js?ln=primefaces&v=4.0 HTTP/1.1" 304 -
181.56.171.197 - - [23/Dec/2023:08:19:31 -0500] "GET /sipse/faces/javax.faces.resource/primefaces.js?ln=primefaces&v=4.0 HTTP/1.1" 304 -
181.56.171.197 - - [23/Dec/2023:08:19:31 -0500] "GET /sipse/faces/javax.faces.resource/layout/layout.js?ln=primefaces&v=4.0 HTTP/1.1" 304 -
173.252.83.6 - - [23/Dec/2023:08:19:33 -0500] "GET /images/Aves%20SDA.jpeg HTTP/1.1" 200 75104
173.252.107.10 - - [23/Dec/2023:08:19:38 -0500] "GET /mis-de-50-aves-silvestres-fueron-recuperadas-en-la-localidad-de-tunjuelito.html HTTP/1.1" 200 806
20.15.133.170 - - [23/Dec/2023:08:19:40 -0500] "GET /BLA/resoluciones/AUTOS%202023/5395.pdf HTTP/1.1" 200 316846
181.56.171.197 - - [23/Dec/2023:08:19:42 -0500] "GET /sipse/faces/javax.faces.resource/theme.css?ln=primefaces-sipse HTTP/1.1" 304 -
181.56.171.197 - - [23/Dec/2023:08:19:42 -0500] "GET /sipse/faces/javax.faces.resource/primefaces.css?ln=primefaces&v=4.0 HTTP/1.1" 304 -
181.56.171.197 - - [23/Dec/2023:08:19:42 -0500] "GET /sipse/faces/javax.faces.resource/fileupload/fileupload.css?ln=primefaces&v=4.0 HTTP/1.1" 200 1330
181.56.171.197 - - [23/Dec/2023:08:19:42 -0500] "GET /sipse/faces/javax.faces.resource/jquery/jquery.js?ln=primefaces&v=4.0 HTTP/1.1" 304 -
181.56.171.197 - - [23/Dec/2023:08:19:42 -0500] "GET /sipse/faces/javax.faces.resource/layout/layout.css?ln=primefaces&v=4.0 HTTP/1.1" 304 -
181.56.171.197 - - [23/Dec/2023:08:19:42 -0500] "POST /sipse/faces/presentacion/financiero/solicitudProceso/consultarSolicitudProceso.xhtml HTTP/1.1" 200 21227
181.56.171.197 - - [23/Dec/2023:08:19:42 -0500] "GET /sipse/faces/javax.faces.resource/jquery/jquery-plugins.js?ln=primefaces&v=4.0 HTTP/1.1" 304 -
181.56.171.197 - - [23/Dec/2023:08:19:42 -0500] "GET /sipse/faces/javax.faces.resource/layout/layout.js?ln=primefaces&v=4.0 HTTP/1.1" 304 -
181.56.171.197 - - [23/Dec/2023:08:19:42 -0500] "GET /sipse/faces/javax.faces.resource/primefaces.js?ln=primefaces&v=4.0 HTTP/1.1" 304 -
181.56.171.197 - - [23/Dec/2023:08:19:42 -0500] "GET /sipse/faces/javax.faces.resource/fileupload/fileupload.js?ln=primefaces&v=4.0 HTTP/1.1" 200 28091
186.155.18.173 - - [23/Dec/2023:08:19:47 -0500] "POST /sipse/faces/presentacion/financiero/solicitudProceso/consultar.xhtml HTTP/1.1" 200 12844
20.15.133.170 - - [23/Dec/2023:08:19:57 -0500] "GET /BLA/resoluciones/AUTOS%202023/8589.pdf HTTP/1.1" 200 516011
31.13.103.117 - - [23/Dec/2023:08:20:06 -0500] "GET /mis-de-50-aves-silvestres-fueron-recuperadas-en-la-localidad-de-tunjuelito.html HTTP/1.1" 200 806
181.56.171.197 - - [23/Dec/2023:08:20:07 -0500] "GET /sipse/faces/javax.faces.resource/theme.css?ln=primefaces-sipse HTTP/1.1" 304 -
181.56.171.197 - - [23/Dec/2023:08:20:07 -0500] "GET /sipse/faces/javax.faces.resource/layout/layout.css?ln=primefaces&v=4.0 HTTP/1.1" 304 -
181.56.171.197 - - [23/Dec/2023:08:20:07 -0500] "GET /sipse/faces/javax.faces.resource/jquery/jquery.js?ln=primefaces&v=4.0 HTTP/1.1" 304 -
181.56.171.197 - - [23/Dec/2023:08:20:07 -0500] "GET /sipse/faces/javax.faces.resource/primefaces.css?ln=primefaces&v=4.0 HTTP/1.1" 304 -
181.56.171.197 - - [23/Dec/2023:08:20:07 -0500] "GET /sipse/faces/javax.faces.resource/jquery/jquery-plugins.js?ln=primefaces&v=4.0 HTTP/1.1" 304 -
181.56.171.197 - - [23/Dec/2023:08:20:07 -0500] "GET /sipse/faces/javax.faces.resource/primefaces.js?ln=primefaces&v=4.0 HTTP/1.1" 304 -
181.56.171.197 - - [23/Dec/2023:08:20:07 -0500] "GET /sipse/faces/javax.faces.resource/layout/layout.js?ln=primefaces&v=4.0 HTTP/1.1" 304 -
181.56.171.197 - - [23/Dec/2023:08:20:06 -0500] "POST /sipse/faces/presentacion/sistema/anexos/cargarAnexoSolicitudProceso.xhtml HTTP/1.1" 200 163158
173.252.87.116 - - [23/Dec/2023:08:20:09 -0500] "GET /mis-de-50-aves-silvestres-fueron-recuperadas-en-la-localidad-de-tunjuelito.html HTTP/1.1" 200 806
20.15.133.186 - - [23/Dec/2023:08:20:13 -0500] "GET /BLA/resoluciones/AUTOS%202023/8883.pdf HTTP/1.1" 200 426642
181.56.171.197 - - [23/Dec/2023:08:20:14 -0500] "POST /sipse/faces/presentacion/financiero/solicitudProceso/consultarSolicitudProceso.xhtml HTTP/1.1" 200 21227
181.56.171.197 - - [23/Dec/2023:08:20:14 -0500] "GET /sipse/faces/javax.faces.resource/primefaces.css?ln=primefaces&v=4.0 HTTP/1.1" 304 -
181.56.171.197 - - [23/Dec/2023:08:20:14 -0500] "GET /sipse/faces/javax.faces.resource/theme.css?ln=primefaces-sipse HTTP/1.1" 304 -
181.56.171.197 - - [23/Dec/2023:08:20:14 -0500] "GET /sipse/faces/javax.faces.resource/layout/layout.css?ln=primefaces&v=4.0 HTTP/1.1" 304 -
181.56.171.197 - - [23/Dec/2023:08:20:14 -0500] "GET /sipse/faces/javax.faces.resource/fileupload/fileupload.css?ln=primefaces&v=4.0 HTTP/1.1" 304 -
181.56.171.197 - - [23/Dec/2023:08:20:14 -0500] "GET /sipse/faces/javax.faces.resource/jquery/jquery.js?ln=primefaces&v=4.0 HTTP/1.1" 304 -
181.56.171.197 - - [23/Dec/2023:08:20:14 -0500] "GET /sipse/faces/javax.faces.resource/primefaces.js?ln=primefaces&v=4.0 HTTP/1.1" 304 -
181.56.171.197 - - [23/Dec/2023:08:20:14 -0500] "GET /sipse/faces/javax.faces.resource/jquery/jquery-plugins.js?ln=primefaces&v=4.0 HTTP/1.1" 304 -
181.56.171.197 - - [23/Dec/2023:08:20:14 -0500] "GET /sipse/faces/javax.faces.resource/layout/layout.js?ln=primefaces&v=4.0 HTTP/1.1" 304 -
181.56.171.197 - - [23/Dec/2023:08:20:14 -0500] "GET /sipse/faces/javax.faces.resource/fileupload/fileupload.js?ln=primefaces&v=4.0 HTTP/1.1" 304 -
186.155.18.173 - - [23/Dec/2023:08:20:18 -0500] "POST /sipse/faces/presentacion/financiero/solicitudProceso/consultar.xhtml HTTP/1.1" 200 12853
201.245.192.253 - - [23/Dec/2023:08:20:20 -0500] "POST /kwsrmcab/Wsrmcab HTTP/1.1" 200 38838
181.56.171.197 - - [23/Dec/2023:08:20:23 -0500] "GET /sipse/faces/javax.faces.resource/theme.css?ln=primefaces-sipse HTTP/1.1" 304 -
181.56.171.197 - - [23/Dec/2023:08:20:23 -0500] "GET /sipse/faces/javax.faces.resource/primefaces.css?ln=primefaces&v=4.0 HTTP/1.1" 304 -
181.56.171.197 - - [23/Dec/2023:08:20:23 -0500] "GET /sipse/faces/javax.faces.resource/layout/layout.css?ln=primefaces&v=4.0 HTTP/1.1" 304 -
181.56.171.197 - - [23/Dec/2023:08:20:23 -0500] "GET /sipse/faces/javax.faces.resource/jquery/jquery.js?ln=primefaces&v=4.0 HTTP/1.1" 304 -
181.56.171.197 - - [23/Dec/2023:08:20:23 -0500] "GET /sipse/faces/javax.faces.resource/jquery/jquery-plugins.js?ln=primefaces&v=4.0 HTTP/1.1" 304 -
181.56.171.197 - - [23/Dec/2023:08:20:23 -0500] "GET /sipse/faces/javax.faces.resource/primefaces.js?ln=primefaces&v=4.0 HTTP/1.1" 304 -
181.56.171.197 - - [23/Dec/2023:08:20:23 -0500] "GET /sipse/faces/javax.faces.resource/layout/layout.js?ln=primefaces&v=4.0 HTTP/1.1" 304 -
181.56.171.197 - - [23/Dec/2023:08:20:22 -0500] "POST /sipse/faces/presentacion/sistema/anexos/cargarAnexoSolicitudProceso.xhtml HTTP/1.1" 200 164985
69.171.249.10 - - [23/Dec/2023:08:20:24 -0500] "GET /images/Aves HTTP/1.1" 404 1034
216.245.221.92 - - [23/Dec/2023:08:20:26 -0500] "HEAD / HTTP/1.1" 200 -
173.252.127.5 - - [23/Dec/2023:08:20:26 -0500] "GET /images/Aves%20SDA.jpeg HTTP/1.1" 200 75104
201.245.192.253 - - [23/Dec/2023:08:20:25 -0500] "POST /kwsrmcab/Wsrmcab HTTP/1.1" 200 36819
181.56.171.197 - - [23/Dec/2023:08:20:31 -0500] "POST /sipse/faces/presentacion/financiero/solicitudProceso/consultarSolicitudProceso.xhtml HTTP/1.1" 200 21227
181.56.171.197 - - [23/Dec/2023:08:20:31 -0500] "GET /sipse/faces/javax.faces.resource/theme.css?ln=primefaces-sipse HTTP/1.1" 304 -
181.56.171.197 - - [23/Dec/2023:08:20:31 -0500] "GET /sipse/faces/javax.faces.resource/primefaces.css?ln=primefaces&v=4.0 HTTP/1.1" 304 -
181.56.171.197 - - [23/Dec/2023:08:20:31 -0500] "GET /sipse/faces/javax.faces.resource/fileupload/fileupload.css?ln=primefaces&v=4.0 HTTP/1.1" 304 -
181.56.171.197 - - [23/Dec/2023:08:20:31 -0500] "GET /sipse/faces/javax.faces.resource/layout/layout.css?ln=primefaces&v=4.0 HTTP/1.1" 304 -
181.56.171.197 - - [23/Dec/2023:08:20:31 -0500] "GET /sipse/faces/javax.faces.resource/jquery/jquery.js?ln=primefaces&v=4.0 HTTP/1.1" 304 -
181.56.171.197 - - [23/Dec/2023:08:20:31 -0500] "GET /sipse/faces/javax.faces.resource/jquery/jquery-plugins.js?ln=primefaces&v=4.0 HTTP/1.1" 304 -
181.56.171.197 - - [23/Dec/2023:08:20:31 -0500] "GET /sipse/faces/javax.faces.resource/primefaces.js?ln=primefaces&v=4.0 HTTP/1.1" 304 -
181.56.171.197 - - [23/Dec/2023:08:20:31 -0500] "GET /sipse/faces/javax.faces.resource/layout/layout.js?ln=primefaces&v=4.0 HTTP/1.1" 304 -
181.56.171.197 - - [23/Dec/2023:08:20:31 -0500] "GET /sipse/faces/javax.faces.resource/fileupload/fileupload.js?ln=primefaces&v=4.0 HTTP/1.1" 304 -
173.252.111.7 - - [23/Dec/2023:08:20:31 -0500] "GET /images/Aves%20SDA.jpeg HTTP/1.1" 200 75104
181.56.171.197 - - [23/Dec/2023:08:20:39 -0500] "GET /sipse/faces/javax.faces.resource/primefaces.css?ln=primefaces&v=4.0 HTTP/1.1" 304 -
181.56.171.197 - - [23/Dec/2023:08:20:39 -0500] "GET /sipse/faces/javax.faces.resource/theme.css?ln=primefaces-sipse HTTP/1.1" 304 -
20.15.133.170 - - [23/Dec/2023:08:20:39 -0500] "GET /BLA/resoluciones/RESOLUCIONES%202021/5620.pdf HTTP/1.1" 200 470741
181.56.171.197 - - [23/Dec/2023:08:20:39 -0500] "GET /sipse/faces/javax.faces.resource/jquery/jquery.js?ln=primefaces&v=4.0 HTTP/1.1" 304 -
181.56.171.197 - - [23/Dec/2023:08:20:39 -0500] "GET /sipse/faces/javax.faces.resource/primefaces.js?ln=primefaces&v=4.0 HTTP/1.1" 304 -
181.56.171.197 - - [23/Dec/2023:08:20:39 -0500] "GET /sipse/faces/javax.faces.resource/layout/layout.js?ln=primefaces&v=4.0 HTTP/1.1" 304 -
181.56.171.197 - - [23/Dec/2023:08:20:39 -0500] "GET /sipse/faces/javax.faces.resource/layout/layout.css?ln=primefaces&v=4.0 HTTP/1.1" 304 -
181.56.171.197 - - [23/Dec/2023:08:20:39 -0500] "GET /sipse/faces/javax.faces.resource/jquery/jquery-plugins.js?ln=primefaces&v=4.0 HTTP/1.1" 304 -
181.56.171.197 - - [23/Dec/2023:08:20:39 -0500] "POST /sipse/faces/presentacion/sistema/anexos/cargarAnexoSolicitudProceso.xhtml HTTP/1.1" 200 166807
69.171.251.119 - - [23/Dec/2023:08:20:40 -0500] "GET /mis-de-50-aves-silvestres-fueron-recuperadas-en-la-localidad-de-tunjuelito.html HTTP/1.1" 200 806
69.171.251.5 - - [23/Dec/2023:08:20:40 -0500] "GET /mis-de-50-aves-silvestres-fueron-recuperadas-en-la-localidad-de-tunjuelito.html HTTP/1.1" 200 806
173.252.79.3 - - [23/Dec/2023:08:20:46 -0500] "GET /mis-de-50-aves-silvestres-fueron-recuperadas-en-la-localidad-de-tunjuelito.html HTTP/1.1" 200 806
69.171.231.10 - - [23/Dec/2023:08:20:50 -0500] "GET /images/Aves%20SDA.jpeg HTTP/1.1" 200 75104
186.155.18.173 - - [23/Dec/2023:08:20:54 -0500] "POST /sipse/faces/presentacion/financiero/solicitudProceso/consultar.xhtml HTTP/1.1" 200 12697
69.63.184.9 - - [23/Dec/2023:08:20:57 -0500] "GET /images/Aves%20SDA.jpeg HTTP/1.1" 200 75104
181.56.171.197 - - [23/Dec/2023:08:21:04 -0500] "POST /sipse/faces/presentacion/financiero/solicitudProceso/consultarSolicitudProceso.xhtml HTTP/1.1" 200 6780
186.155.18.173 - - [23/Dec/2023:08:21:05 -0500] "POST /sipse/faces/presentacion/financiero/solicitudProceso/consultar.xhtml HTTP/1.1" 200 12788
172.22.2.4 - - [23/Dec/2023:08:21:05 -0500] "GET /BLA/boletinlegal/actos.php HTTP/1.1" 200 9682
172.22.2.4 - - [23/Dec/2023:08:21:06 -0500] "GET /BLA/boletinlegal/styles2.css HTTP/1.1" 200 1838
172.22.2.4 - - [23/Dec/2023:08:21:06 -0500] "GET /BLA/boletinlegal/js/ajax_actos.js HTTP/1.1" 200 1322
172.22.2.4 - - [23/Dec/2023:08:21:06 -0500] "GET /BLA/boletinlegal/niceforms-default.css HTTP/1.1" 200 6694
172.22.2.4 - - [23/Dec/2023:08:21:06 -0500] "GET /BLA/boletinlegal/style.css HTTP/1.1" 200 9406
172.22.2.4 - - [23/Dec/2023:08:21:06 -0500] "GET /BLA/boletinlegal/niceforms.js HTTP/1.1" 200 22876
172.22.2.4 - - [23/Dec/2023:08:21:06 -0500] "GET /BLA/boletinlegal/js/lib.js HTTP/1.1" 200 6474
172.22.2.4 - - [23/Dec/2023:08:21:06 -0500] "GET /BLA/boletinlegal/js/popup.js HTTP/1.1" 200 1270
172.22.2.4 - - [23/Dec/2023:08:21:06 -0500] "GET /BLA/boletinlegal/images/cabezote%20BLEGAL.jpg HTTP/1.1" 200 118164
172.22.2.4 - - [23/Dec/2023:08:21:06 -0500] "GET /BLA/boletinlegal/js/jquery1.js HTTP/1.1" 200 29846
172.22.2.4 - - [23/Dec/2023:08:21:07 -0500] "GET /BLA/boletinlegal/images/subscribe-icon-big.png HTTP/1.1" 200 47702
172.22.2.4 - - [23/Dec/2023:08:21:07 -0500] "GET /BLA/boletinlegal/images/green-yellow-blue-pink-th.png HTTP/1.1" 200 7394
172.22.2.4 - - [23/Dec/2023:08:21:07 -0500] "GET /BLA/boletinlegal/images/tel.png HTTP/1.1" 200 14477
172.22.2.4 - - [23/Dec/2023:08:21:07 -0500] "GET /BLA/boletinlegal/images/registro-usuarios.png HTTP/1.1" 200 8106
172.22.2.4 - - [23/Dec/2023:08:21:07 -0500] "GET /BLA/boletinlegal/images/historia.png HTTP/1.1" 200 52775
172.22.2.4 - - [23/Dec/2023:08:21:07 -0500] "GET /BLA/boletinlegal/images/menu_bg.jpg HTTP/1.1" 200 620
172.22.2.4 - - [23/Dec/2023:08:21:07 -0500] "GET /BLA/boletinlegal/images/text.jpg HTTP/1.1" 200 568
172.22.2.4 - - [23/Dec/2023:08:21:07 -0500] "GET /BLA/boletinlegal/images/body_bg.jpg HTTP/1.1" 200 1601
172.22.2.4 - - [23/Dec/2023:08:21:07 -0500] "GET /BLA/boletinlegal/images/footer_bg.jpg HTTP/1.1" 200 586
172.22.2.4 - - [23/Dec/2023:08:21:07 -0500] "GET /BLA/boletinlegal/images/menu_lft.gif HTTP/1.1" 200 1713
172.22.2.4 - - [23/Dec/2023:08:21:07 -0500] "GET /BLA/boletinlegal/images/bg_top.jpg HTTP/1.1" 200 522
172.22.2.4 - - [23/Dec/2023:08:21:07 -0500] "GET /BLA/boletinlegal/images/menu_rght.gif HTTP/1.1" 200 1627
172.22.2.4 - - [23/Dec/2023:08:21:07 -0500] "GET /BLA/boletinlegal/images/hover.jpg HTTP/1.1" 200 640
172.22.2.4 - - [23/Dec/2023:08:21:07 -0500] "GET /BLA/boletinlegal/images/icono-email.png HTTP/1.1" 200 5544
172.22.2.4 - - [23/Dec/2023:08:21:07 -0500] "GET /BLA/boletinlegal/images/footer_bg_l.jpg HTTP/1.1" 200 776
172.22.2.4 - - [23/Dec/2023:08:21:08 -0500] "GET /BLA/boletinlegal/img/0.png HTTP/1.1" 200 110
172.22.2.4 - - [23/Dec/2023:08:21:08 -0500] "GET /BLA/boletinlegal/img/button-left.png HTTP/1.1" 200 57071
172.22.2.4 - - [23/Dec/2023:08:21:08 -0500] "GET /BLA/boletinlegal/img/button-right.png HTTP/1.1" 200 57878
172.22.2.4 - - [23/Dec/2023:08:21:08 -0500] "GET /BLA/boletinlegal/img/select-right.png HTTP/1.1" 200 44019
172.22.2.4 - - [23/Dec/2023:08:21:08 -0500] "GET /BLA/boletinlegal/img/button.png HTTP/1.1" 200 43241
172.22.2.4 - - [23/Dec/2023:08:21:08 -0500] "GET /BLA/boletinlegal/img/select-left.png HTTP/1.1" 200 263
172.22.2.4 - - [23/Dec/2023:08:21:08 -0500] "GET /BLA/boletinlegal/favicon.ico HTTP/1.1" 404 1326
181.56.171.197 - - [23/Dec/2023:08:21:09 -0500] "POST /sipse/faces/presentacion/financiero/solicitudProceso/consultarSolicitudProceso.xhtml HTTP/1.1" 200 37493
181.56.171.197 - - [23/Dec/2023:08:21:11 -0500] "GET /sipse/faces/javax.faces.resource/theme.css?ln=primefaces-sipse HTTP/1.1" 304 -
181.56.171.197 - - [23/Dec/2023:08:21:11 -0500] "GET /sipse/faces/javax.faces.resource/primefaces.css?ln=primefaces&v=4.0 HTTP/1.1" 304 -
181.56.171.197 - - [23/Dec/2023:08:21:11 -0500] "GET /sipse/faces/javax.faces.resource/layout/layout.css?ln=primefaces&v=4.0 HTTP/1.1" 304 -
181.56.171.197 - - [23/Dec/2023:08:21:11 -0500] "GET /sipse/faces/javax.faces.resource/jquery/jquery.js?ln=primefaces&v=4.0 HTTP/1.1" 304 -
181.56.171.197 - - [23/Dec/2023:08:21:11 -0500] "GET /sipse/faces/javax.faces.resource/jquery/jquery-plugins.js?ln=primefaces&v=4.0 HTTP/1.1" 304 -
181.56.171.197 - - [23/Dec/2023:08:21:11 -0500] "GET /sipse/faces/javax.faces.resource/primefaces.js?ln=primefaces&v=4.0 HTTP/1.1" 304 -
181.56.171.197 - - [23/Dec/2023:08:21:11 -0500] "GET /sipse/faces/javax.faces.resource/layout/layout.js?ln=primefaces&v=4.0 HTTP/1.1" 304 -
181.56.171.197 - - [23/Dec/2023:08:21:12 -0500] "POST /sipse/faces/presentacion/financiero/solicitudProceso/listarSolicitudProceso.xhtml HTTP/1.1" 200 1396
186.155.18.173 - - [23/Dec/2023:08:21:16 -0500] "POST /sipse/faces/presentacion/financiero/solicitudProceso/consultar.xhtml HTTP/1.1" 200 12756
172.22.2.4 - - [23/Dec/2023:08:21:14 -0500] "GET /BLA/boletinlegal/consulta_actos.php?tipo=autos&no=&usuario=&sector=&fecha=2023&resuelve= HTTP/1.1" 200 1365884
172.22.2.4 - - [23/Dec/2023:08:21:16 -0500] "GET /BLA/boletinlegal/images/pdf.gif HTTP/1.1" 200 567
172.22.2.4 - - [23/Dec/2023:08:21:16 -0500] "GET /BLA/boletinlegal/images/background.gif HTTP/1.1" 200 -
181.56.171.197 - - [23/Dec/2023:08:21:19 -0500] "POST /sipse/faces/presentacion/financiero/solicitudProceso/listarSolicitudProceso.xhtml HTTP/1.1" 200 113234
181.56.171.197 - - [23/Dec/2023:08:21:20 -0500] "GET /sipse/faces/javax.faces.resource/theme.css?ln=primefaces-sipse HTTP/1.1" 304 -
181.56.171.197 - - [23/Dec/2023:08:21:20 -0500] "GET /sipse/faces/javax.faces.resource/jquery/jquery.js?ln=primefaces&v=4.0 HTTP/1.1" 304 -
181.56.171.197 - - [23/Dec/2023:08:21:20 -0500] "GET /sipse/faces/javax.faces.resource/primefaces.css?ln=primefaces&v=4.0 HTTP/1.1" 304 -
181.56.171.197 - - [23/Dec/2023:08:21:20 -0500] "GET /sipse/faces/javax.faces.resource/layout/layout.css?ln=primefaces&v=4.0 HTTP/1.1" 304 -
181.56.171.197 - - [23/Dec/2023:08:21:20 -0500] "GET /sipse/faces/javax.faces.resource/jquery/jquery-plugins.js?ln=primefaces&v=4.0 HTTP/1.1" 304 -
181.56.171.197 - - [23/Dec/2023:08:21:20 -0500] "GET /sipse/faces/javax.faces.resource/primefaces.js?ln=primefaces&v=4.0 HTTP/1.1" 304 -
181.56.171.197 - - [23/Dec/2023:08:21:20 -0500] "GET /sipse/faces/javax.faces.resource/layout/layout.js?ln=primefaces&v=4.0 HTTP/1.1" 304 -
186.155.18.173 - - [23/Dec/2023:08:21:26 -0500] "POST /sipse/faces/presentacion/financiero/solicitudProceso/consultar.xhtml HTTP/1.1" 200 12815
185.224.128.191 - - [23/Dec/2023:08:21:32 -0500] "GET / HTTP/1.1" 200 319
31.10.169.24 - - [23/Dec/2023:08:21:34 -0500] "GET /BLA/resoluciones/AUTOS%202023/9230.pdf HTTP/1.1" 200 442163
31.10.169.24 - - [23/Dec/2023:08:21:34 -0500] "GET /favicon.ico HTTP/1.1" 200 7782
186.155.18.173 - - [23/Dec/2023:08:21:36 -0500] "POST /sipse/faces/presentacion/financiero/solicitudProceso/consultar.xhtml HTTP/1.1" 200 12739
20.15.133.170 - - [23/Dec/2023:08:21:37 -0500] "GET /BLA/resoluciones/AUTOS%202023/4720.pdf HTTP/1.1" 200 1754139
172.22.2.4 - - [23/Dec/2023:08:20:02 -0500] "HEAD /BLA/boletinlegal/ HTTP/1.1" 200 -
186.155.18.173 - - [23/Dec/2023:08:21:46 -0500] "POST /sipse/faces/presentacion/financiero/solicitudProceso/consultar.xhtml HTTP/1.1" 200 12766
201.245.192.253 - - [23/Dec/2023:08:21:45 -0500] "POST /kwsrmcab/Wsrmcab  HTTP/1.1" 200 40220
173.252.95.15 - - [23/Dec/2023:08:21:54 -0500] "GET /images/Aves%20SDA.jpeg HTTP/1.1" 200 75104
186.155.18.173 - - [23/Dec/2023:08:22:14 -0500] "POST /sipse/faces/presentacion/financiero/solicitudProceso/consultar.xhtml HTTP/1.1" 200 12767
172.22.2.4 - - [23/Dec/2023:08:22:15 -0500] "GET /BLA/boletinlegal/consulta_actos.php?tipo=resoluciones&no=&usuario=&sector=&fecha=2023&resuelve= HTTP/1.1" 200 393448
172.22.2.4 - - [23/Dec/2023:08:20:52 -0500] "GET /BLA/boletinlegal/ HTTP/1.1" 200 58172
186.155.18.173 - - [23/Dec/2023:08:22:32 -0500] "POST /sipse/faces/presentacion/financiero/solicitudProceso/consultar.xhtml HTTP/1.1" 200 12815
191.95.56.119 - - [23/Dec/2023:08:22:40 -0500] "GET /mis-de-50-aves-silvestres-fueron-recuperadas-en-la-localidad-de-tunjuelito.html?fbclid=IwAR0aouqCL6BKEICVpTMUvHW93CyXBmqlNu2E833e3eb7Rx6hECcl4hGlOlc HTTP/1.1" 200 806
172.22.2.4 - - [23/Dec/2023:08:22:40 -0500] "GET /BLA/boletinlegal/consulta_actos.php?tipo=resoluciones&no=&usuario=&sector=SILVICULTURA&fecha=2023&resuelve= HTTP/1.1" 200 167824
186.155.18.173 - - [23/Dec/2023:08:22:43 -0500] "POST /sipse/faces/presentacion/financiero/solicitudProceso/consultar.xhtml HTTP/1.1" 200 12766
216.244.66.195 - - [23/Dec/2023:08:22:45 -0500] "GET /BLA/resoluciones/AUTOS%202016/0435.pdf HTTP/1.1" 200 469135
172.22.2.4 - - [23/Dec/2023:08:22:49 -0500] "GET /BLA/boletinlegal/consulta_actos.php?tipo=resoluciones&no=&usuario=&sector=SILVICULTURA&fecha=2023&resuelve= HTTP/1.1" 200 167824
173.252.127.5 - - [23/Dec/2023:08:22:53 -0500] "GET /secretaria-de-ambiente-libero-12-animales-silvestres-en-parque-entrenubes-en-los-ultimos-tres-anos-ya-han-retornado-a-la-libertad-12-800.html HTTP/1.1" 200 914
216.244.66.195 - - [23/Dec/2023:08:23:17 -0500] "GET /BLA/resoluciones/AUTOS%202016/1456.pdf HTTP/1.1" 200 474151
173.252.107.120 - - [23/Dec/2023:08:23:28 -0500] "GET /BLA/resoluciones/RESOLUCIONES%202023/2700.pdf HTTP/1.1" 200 13546798
216.244.66.195 - - [23/Dec/2023:08:23:59 -0500] "GET /BLA/resoluciones/AUTOS%202016/2324.pdf HTTP/1.1" 200 373135
216.244.66.195 - - [23/Dec/2023:08:24:33 -0500] "GET /BLA/resoluciones/AUTOS%202016/2388.pdf HTTP/1.1" 200 384964
172.22.2.4 - - [23/Dec/2023:08:24:38 -0500] "GET /BLA/boletinlegal/consulta_actos.php?tipo=resoluciones&no=&usuario=&sector=SILVICULTURA&fecha=2022&resuelve= HTTP/1.1" 200 261089
172.22.2.4 - - [23/Dec/2023:08:24:43 -0500] "GET /BLA/boletinlegal/robots.txt HTTP/1.1" 404 1038
173.252.95.16 - - [23/Dec/2023:08:24:54 -0500] "GET /secretaria-de-ambiente-reconocio-entidades-por-sus-buenas-practicas-ambientales.html HTTP/1.1" 200 892
