186.179.100.67 - - [23/Dec/2023:07:02:45 -0500] "GET /BLA/boletinlegal/admin/index_files/index_files/tback.gif HTTP/1.1" 404 1334
20.15.133.185 - - [23/Dec/2023:07:05:08 -0500] "GET /BLA/resoluciones/AUTOS%202023/4814.pdf HTTP/1.1" 200 363570
216.245.221.92 - - [23/Dec/2023:07:05:26 -0500] "HEAD / HTTP/1.1" 200 -
186.179.100.67 - - [23/Dec/2023:07:05:34 -0500] "GET /BLA/boletinlegal/admin/actos/ingresar.php HTTP/1.1" 200 7209
172.22.2.4 - - [23/Dec/2023:07:04:11 -0500] "HEAD /BLA/boletinlegal/ HTTP/1.1" 200 -
186.179.100.67 - - [23/Dec/2023:07:06:19 -0500] "POST /BLA/boletinlegal/admin/actos/ingresar.php HTTP/1.1" 200 7302
172.22.2.4 - - [23/Dec/2023:07:05:01 -0500] "GET /BLA/boletinlegal/ HTTP/1.1" 200 58567
201.245.192.253 - - [23/Dec/2023:07:07:05 -0500] "POST /kwsrmcab/Wsrmcab  HTTP/1.1" 200 40220
85.208.96.211 - - [23/Dec/2023:07:07:35 -0500] "GET /robots.txt HTTP/1.1" 404 1034
185.191.171.8 - - [23/Dec/2023:07:07:35 -0500] "GET /caminatas-ecologicas-un-plan-imperdible-para-octubre.html HTTP/1.1" 200 747
47.128.117.0 - - [23/Dec/2023:07:07:54 -0500] "GET /BLA/resoluciones/dlf/pdf.gif HTTP/1.1" 200 272
47.128.117.0 - - [23/Dec/2023:07:07:54 -0500] "GET /BLA/resoluciones/dlf/dirup.png HTTP/1.1" 200 644
47.128.117.0 - - [23/Dec/2023:07:07:53 -0500] "GET /BLA/resoluciones/index.php?dir=AUTOS%202009%2F&order=desc&sort=name HTTP/1.1" 200 400022
186.179.100.67 - - [23/Dec/2023:07:07:56 -0500] "POST /BLA/boletinlegal/admin/actos/ingresar.php HTTP/1.1" 200 7302
47.128.46.68 - - [23/Dec/2023:07:08:18 -0500] "GET /BLA/resoluciones/dlf/dirup.png HTTP/1.1" 200 644
47.128.46.68 - - [23/Dec/2023:07:08:18 -0500] "GET /BLA/resoluciones/dlf/pdf.gif HTTP/1.1" 200 272
47.128.46.68 - - [23/Dec/2023:07:08:16 -0500] "GET /BLA/resoluciones/index.php?dir=RESOLUCIONES%202010%2F&order=asc&sort=size HTTP/1.1" 200 1307967
47.128.31.66 - - [23/Dec/2023:07:08:41 -0500] "GET /BLA/resoluciones/dlf/pdf.gif HTTP/1.1" 200 272
47.128.31.66 - - [23/Dec/2023:07:08:41 -0500] "GET /BLA/resoluciones/dlf/dirup.png HTTP/1.1" 200 644
47.128.31.66 - - [23/Dec/2023:07:08:40 -0500] "GET /BLA/resoluciones/index.php?dir=RESOLUCIONES%202018%2F&order=desc&sort=name HTTP/1.1" 200 281468
47.128.25.59 - - [23/Dec/2023:07:09:05 -0500] "GET /BLA/resoluciones/dlf/dirup.png HTTP/1.1" 200 644
47.128.25.59 - - [23/Dec/2023:07:09:05 -0500] "GET /BLA/resoluciones/dlf/pdf.gif HTTP/1.1" 200 272
47.128.25.59 - - [23/Dec/2023:07:09:06 -0500] "GET /BLA/resoluciones/dlf/unknown.png HTTP/1.1" 200 266
47.128.25.59 - - [23/Dec/2023:07:09:04 -0500] "GET /BLA/resoluciones/index.php?dir=RESOLUCIONES%202015%2F&order=asc&sort=size HTTP/1.1" 200 130732
47.128.32.255 - - [23/Dec/2023:07:09:28 -0500] "GET /BLA/resoluciones/index.php?dir=RESOLUCIONES+2002%2FANEXOS%2F HTTP/1.1" 200 2240
47.128.32.255 - - [23/Dec/2023:07:09:28 -0500] "GET /BLA/resoluciones/dlf/dirup.png HTTP/1.1" 200 644
47.128.32.255 - - [23/Dec/2023:07:09:29 -0500] "GET /BLA/resoluciones/dlf/unknown.png HTTP/1.1" 200 266
47.128.97.115 - - [23/Dec/2023:07:09:52 -0500] "GET /BLA/resoluciones/index.php?dir=RESOLUCIONES+2004%2FRES+2004+2201-2250%2F HTTP/1.1" 200 12358
47.128.97.115 - - [23/Dec/2023:07:09:53 -0500] "GET /BLA/resoluciones/dlf/dirup.png HTTP/1.1" 200 644
47.128.97.115 - - [23/Dec/2023:07:09:53 -0500] "GET /BLA/resoluciones/dlf/unknown.png HTTP/1.1" 200 266
181.58.39.7 - - [23/Dec/2023:07:09:59 -0500] "GET /distrito-exalto-a-246-empresas-de-bogota-por-su-alto-desempeno-y-responsabilidad-ambiental-durante-2023.html HTTP/1.1" 200 1039
216.245.221.92 - - [23/Dec/2023:07:10:26 -0500] "HEAD / HTTP/1.1" 200 -
47.128.116.154 - - [23/Dec/2023:07:11:04 -0500] "GET /BLA/resoluciones/index.php?dir=RESOLUCIONES+2004%2FRES+2004+01-+50%2F HTTP/1.1" 200 11966
47.128.116.154 - - [23/Dec/2023:07:11:05 -0500] "GET /BLA/resoluciones/dlf/unknown.png HTTP/1.1" 200 266
47.128.116.154 - - [23/Dec/2023:07:11:05 -0500] "GET /BLA/resoluciones/dlf/dirup.png HTTP/1.1" 200 644
216.244.66.195 - - [23/Dec/2023:07:11:07 -0500] "GET /robots.txt HTTP/1.1" 404 1018
66.249.75.106 - - [23/Dec/2023:07:11:10 -0500] "GET /Publicaciones/2023EE220710.pdf HTTP/1.1" 404 228
47.128.48.203 - - [23/Dec/2023:07:11:29 -0500] "GET /BLA/resoluciones/index.php?dir=RESOLUCIONES+2004%2FRES+2004+2101-2150%2F HTTP/1.1" 200 12359
47.128.48.203 - - [23/Dec/2023:07:11:30 -0500] "GET /BLA/resoluciones/dlf/unknown.png HTTP/1.1" 200 266
47.128.48.203 - - [23/Dec/2023:07:11:30 -0500] "GET /BLA/resoluciones/dlf/dirup.png HTTP/1.1" 200 644
172.22.2.4 - - [23/Dec/2023:07:10:01 -0500] "HEAD /BLA/boletinlegal/ HTTP/1.1" 200 -
201.245.192.253 - - [23/Dec/2023:07:12:04 -0500] "POST /kwsrmcab/Wsrmcab  HTTP/1.1" 200 40220
172.22.2.4 - - [23/Dec/2023:07:10:52 -0500] "GET /BLA/boletinlegal/ HTTP/1.1" 200 58567
173.252.107.2 - - [23/Dec/2023:07:12:34 -0500] "GET /images/arbol%20centro.jpg HTTP/1.1" 200 69467
216.245.221.92 - - [23/Dec/2023:07:15:26 -0500] "HEAD / HTTP/1.1" 200 -
201.245.192.253 - - [23/Dec/2023:07:16:22 -0500] "POST /kwsrmcab/Wsrmcab HTTP/1.1" 200 38829
201.245.192.253 - - [23/Dec/2023:07:16:25 -0500] "POST /kwsrmcab/Wsrmcab HTTP/1.1" 200 36819
201.245.192.253 - - [23/Dec/2023:07:17:03 -0500] "POST /kwsrmcab/Wsrmcab  HTTP/1.1" 200 40220
34.135.93.74 - - [23/Dec/2023:07:17:26 -0500] "GET /distrito-exalto-a-246-empresas-de-bogota-por-su-alto-desempeno-y-responsabilidad-ambiental-durante-2023.html HTTP/1.1" 200 1039
172.22.2.4 - - [23/Dec/2023:07:17:27 -0500] "GET /BLA/boletinlegal/Circulares/2023/CIRCULAR%20No.%2000013%20DEL%2012%20DE%20DICIEMBRE%20DEL%202023.pdf HTTP/1.1" 200 1237263
172.22.2.4 - - [23/Dec/2023:07:15:51 -0500] "HEAD /BLA/boletinlegal/ HTTP/1.1" 200 -
172.22.2.4 - - [23/Dec/2023:07:16:41 -0500] "GET /BLA/boletinlegal/ HTTP/1.1" 200 58567
201.245.208.105 - - [23/Dec/2023:07:19:59 -0500] "OPTIONS /kwssiamovil/sm/setfile/f? HTTP/1.1" 200 13
201.245.208.105 - - [23/Dec/2023:07:20:00 -0500] "POST /kwssiamovil/sm/setfile/f? HTTP/1.1" 200 381
201.245.208.105 - - [23/Dec/2023:07:20:08 -0500] "GET /kwssiamovil/sm/acme/a?s=U2FsdGVkX18eB9Fp7u9EZtbNCgB5yZKompPi94NO/v6DKPjtYk+fXNEowLIpd4VUwy8Zrq3YIgM2+PxMnifzWuiA9dlF5qTlzZHhsRPCQNKFOszbGQ3rw/mLxf0tchKJCanL/qTBW1Bsyq37ajJWw7WU6oCHNfNM2qSHqS5VUCHcRWJNfqgjR3E8R5voNh9Dmdc1LQcs9M+yy4pcz9KuCz679pvVGLo7TPnebGc38pw/0s/qbpicORRqa2t0eeYLOlW3/hCPdM1nm4uwNB6aNg==&u=U2FsdGVkX19CJdJK5svH2DYUGFV4rOtLKA1SCShRJBA=&y=U2FsdGVkX1+QnDoIoRFBgmqDxX+bfG6hS+X5QuRF4x0= HTTP/1.1" 200 26
201.245.208.105 - - [23/Dec/2023:07:20:09 -0500] "GET /kwssiamovil/sm/acme/a?s=U2FsdGVkX1/zQ+U8BEVCkEO+zLbXeasgufQiiiaUhWeoM0FwhAt/cybL9a2xvW5P/2ECOKZc0zV+/TZzWJeMerEEu7fW1rrX9ESxfu4H0pg6Ehk/VDIuXNYueE/3r119vAsUZ4vqK1zuUgW0JJwozZenBZQzTcFBLkBS8ri6v5dC1sXZhsH+7EsDUv9xMOZvSdD/seI3RAkqIwo5y5upESD2H6zlEkrrRSBw5YtVu5em6k00yJHhjWPI5R4Vb1poc4UsO3qcaP9If+UNegxHjqmibe6BmMb/toEGIH93FWF8+5qasNe9HmMgNktI7oKN0SPaeAAo+Vx+zt19nSZVVhkr9eJrD7xF4hA+0JcTjIcTQlxXN8sUzxDB4y2xHk3Dapa/LXiCG45dZtPc2yhBD6SDQtT2fRfpreq7KSn12jN+6RHtG1FVxiAebNPdGpkAPn8ZP+7uG36EpaNvT0uGg1CAfWJhjXxDjfHvr5vJGFHyUOb8tp6lhY0JatKX/0hvRjqjlt4TjtcjQOpa4Ku+WiblipXz5cZlDhtf8GSUfD3+SAx5T4e6REkQqWn0wc938sbfSDzRm8ittgiph8NtMu9U9zvezIfnDy7XeGlXgma305KkGICeOxml1TtVTjBuFroj1KYC/f3vsdo7hIRF+e+PBlT9FWR66SbU+5Ed5gK85OY7Uz3PqXaM7SiAPWnzHdnLZ37mfHhRS98k6lZGzO324dZGc9ZgbG1W1IACs+j1F1t/l6v1Fur8voxBuL9PELTnqwlSUFYN2yAg7WKZ9Yqs0bymSZ/9D0UywhtLZ7QayK8VkAXWW7yJ0V+exB/qovqImQ6IaJE35Q4molfcezE2lz74E2Onn5yMUUhQOCb2UpKiMUoiwHUGtYEwKvnGMwgmAGM3EUd9yWQqQ0TgX2n6D+uGYO1hxFgryFYerqYeQdosX8voFVPCJH4vwV1KL26qDWd+E4jAYeDofZjd25WFQOIKGlvd0xl8e//HzkYxSg7EhHA1EglqIxKB07o5XKV8k2MgB5QXl8Zf2U72vMlNIX+R/VbvScGQnENBRUXR6L8nD2W6g5IzFE/g1pUwcWHJYHFfGVfIWRsdksy2cWhb3f/o81h/nASLea0QPCeZcXoWdlUNt49TkzVhNVwYz5h/dbK4kl+dcvU/AwBR+9EiLslyPLpgfs+gnJTW+vK57IvDoXjegQVYFamWX7TAVlnY/1DDxdGeFcvWShlbvFglSj9QR6W8QAnw0SfteTjFu8m3IBClttEZs5sAyYI3VeicTsQG6HSjFmEA5kO51gqaF2fbVrpWbq7gC9h+20iG9BGmuxbyRkpE6gCWJq5uHy0DfQs0ZF/MTdNZ4ypATPWy5q8P69yaCfzD0cgRQZPdF1lmiH1ewaVkZKBCZyt5X5GvTxcv/WgOMuITjAOtJ4vgAvdpdEYkuw3qIl6Ja8BliFpBtVFgg0KhZcmRR2eJkaf5NONztTLd9JLyBxvV+J98cTVli9hBy+8iWDUmnqNj6z26zSzGw4Fz+VAb20PL7EzTyMMJpud5kEECb8wQQ+rOq8EB1f+taWm4INCWiDaBF+nUrReE9E/wooQ1QbR+PN7LyfIL6WNCVKyp+5nYftUNLCycg92Rs/2iwyEV1T/K90ZbVqBg5uHV8lyqjr2VltttiXKM6NjCjvHr/0VJEuoG0yG3rAk97VsKzI8Hy9ErF73j8egmJyWJ63ZbxDgJ9DwsAQNZ23FdLFcKAUGSJbcdkNiOdnxnYjv3yzmu0M3DcBjrvhUp71Qqv5SR23HbwjObCOOoyF6gviHVZoBS6rw7rCddAj8M+YICCr6HBSRxMwXDapQXBwFk7YfMVyGwMwEgR89M+BmkHWp8q+C0k3JIz2Rus/nUJ5ZkNnY5AmfauzcgwRET8TYsztvCHsymXktdD1hA/1Z6k7kv1KYU7XGjhxdxYklKvT5NRKnjVCsxN3Rvpfi4KDWE5FxQ645pVVK9R0WvKt9P64iNTLGQYwG8b+H8sScML3XPuLMZfu51LaLgcETT1S5vnKPARpY8yzdb5VHNqe1xuhksnMMFUyYH+QtGl4b4N/jQYt6Ai8qdfSnhBI98tfuffoxVfJNGboSs3F10wBwQkM3MuP+2C4hA8kLBtNO/KIOKByVyir1zEAq+qtYwPdrqW5inuoGTLWY6J7O56Bctf1lGo7nt+vPdeOp21leDvkztyOv8uAr383cEIAxtmj3rgkyCt6OIFpkDPJbaZAKFFPA4YIhbGK6YkGAu4dumxXEMiuX3SM2Gnf3rxoqWzJuEhYccWhIIQXBETXM1yi40Sa5ZqdFu5Df/rlfEC2pQY3L59e4ip3pcBNsiXDBIyQigyIYiBGaiRTjc1TrBI3wxphVxGxPxroSuTVQW7R76xfzl6gXmJ0NOE+DYyfY1PfZQWgmNe4i8u7ztIpeKqjOR15r8iGQ8iVvoH0nGms8vvXeOy3sVh6d57mhC145suwLw513aE7qZtba7hqrpKRuVjWWuU72+RfujHoVjHUeZaql895EhSqhL6Q9kP9wxL38rqMMCHWx7yRx+pVorGSb1Y3z0OUj3gA==&u=U2FsdGVkX19CJdJK5svH2DYUGFV4rOtLKA1SCShRJBA=&y=U2FsdGVkX1+QnDoIoRFBgmqDxX+bfG6hS+X5QuRF4x0= HTTP/1.1" 200 26
201.245.208.105 - - [23/Dec/2023:07:20:09 -0500] "GET /kwssiamovil/sm/acme/a?s=U2FsdGVkX1/Lqg8ZHK6dj/sUtVp/zA5FnBR/2GdHk1e5vI5k42S9oEzdmETWsvmbRCgulGxUO5FFVnRKf1UlBtwMHBfpS0JytinE5DftPRFFd2WDNEPLHRgywnaiQRpZSypAl7pramcC5oljHu4f6VV4S5LpcqtNSEvZ0ewdOiw=&u=U2FsdGVkX19CJdJK5svH2DYUGFV4rOtLKA1SCShRJBA=&y=U2FsdGVkX1+QnDoIoRFBgmqDxX+bfG6hS+X5QuRF4x0= HTTP/1.1" 200 26
201.245.208.105 - - [23/Dec/2023:07:20:09 -0500] "GET /kwssiamovil/sm/acme/a?s=U2FsdGVkX19z+UdzvEWMBRiOBmKQhtZ1Z15aHFwxLJi7/C54j5OzdkR4HeH7mc/VP0TgvHYmwG1EV24Ka0qMrMZ1S46dL3RaoLe3wNd2dKdITiPfcLVQaYJ3wIEnWfIr6IWJCskHauOhisfXBxc1QjeOfqvDySgzZSSU8NaAkKw=&u=U2FsdGVkX19CJdJK5svH2DYUGFV4rOtLKA1SCShRJBA=&y=U2FsdGVkX1+QnDoIoRFBgmqDxX+bfG6hS+X5QuRF4x0= HTTP/1.1" 200 26
201.245.208.105 - - [23/Dec/2023:07:20:09 -0500] "GET /kwssiamovil/sm/acme/a?s=U2FsdGVkX1+PrRCozi6jqxTJ72OJSUi5/WGi6jZmaBKmYfyC5vi3jkrLJs5Z4O3UT5kqIYvE/yfZ/umKUbwYNyqJwM0twQfYPJ6lyX1O6SRgfxXdhmrn0KEPPq1k1pHtUMpHhIiI2mnZG/07ol9adoy6nC+WNo7jdqVn0krRuDE=&u=U2FsdGVkX19CJdJK5svH2DYUGFV4rOtLKA1SCShRJBA=&y=U2FsdGVkX1+QnDoIoRFBgmqDxX+bfG6hS+X5QuRF4x0= HTTP/1.1" 200 26
201.245.208.105 - - [23/Dec/2023:07:20:09 -0500] "GET /kwssiamovil/sm/acme/a?s=U2FsdGVkX1+yKeKnniVXKikUfksk3eFEh8kzHueD+ahou1VNo08AbgtQNyqY7Ihi9DrkxTOc8igy7zXlgxKIuaG5gAr1PrmGSQg/jbq0kTJDLmN0RJeFLZAmClPtJs6+rCrW8Xj6TFr3qRYH1AStsa/sZPgRhGKFxSCylgilYLY7TXNH+T1Sx113cK4dPlfc&u=U2FsdGVkX19CJdJK5svH2DYUGFV4rOtLKA1SCShRJBA=&y=U2FsdGVkX1+QnDoIoRFBgmqDxX+bfG6hS+X5QuRF4x0= HTTP/1.1" 200 26
201.245.208.105 - - [23/Dec/2023:07:20:09 -0500] "GET /kwssiamovil/sm/acme/a?s=U2FsdGVkX1/vDMxS7Vus6/RhyvtTu35H91zEhLl4A5UnSJFP0lZAmkG6/T7s/mugFfrBCM5U7hAqKMuB/kNnqAF98mkgPShyKb9aOjGd5tgqK+B/vCFLs9BHdc5qR7Ynd8xNzFloc7RTS1xW7j2WcP6flf8abgYD0V8JYsXaN+Idx0Ff9XOWfuWrqgAjwXywvpNoxJtoZHHKaggvVLe613MsFS5zlq5toPk3O6ZghJY=&u=U2FsdGVkX19CJdJK5svH2DYUGFV4rOtLKA1SCShRJBA=&y=U2FsdGVkX1+QnDoIoRFBgmqDxX+bfG6hS+X5QuRF4x0= HTTP/1.1" 200 26
201.245.208.105 - - [23/Dec/2023:07:20:10 -0500] "GET /kwssiamovil/sm/acme/a?s=U2FsdGVkX19PHm16WT/BS98C95hroz8xfJioW6EJMjc1FJgWcl4BDS05X8iHV0kVSXPoTXvCGEVixOCSNecbDZEW0S2xxNjl3/YigPX5D5uAhzQJZVaJqZCejU2mv+5nf+4/rhVr/Mwz3G3z5Yrpcaja8nLyRhPkmXN+gmVS7YYIfN4fqOQXthRqT9d4kel1PVAfZLjGf/NzFJbkzCmVFp8ZbXtZzO8Dsslo1DOaXhk=&u=U2FsdGVkX19CJdJK5svH2DYUGFV4rOtLKA1SCShRJBA=&y=U2FsdGVkX1+QnDoIoRFBgmqDxX+bfG6hS+X5QuRF4x0= HTTP/1.1" 200 26
201.245.192.253 - - [23/Dec/2023:07:20:19 -0500] "POST /kwsrmcab/Wsrmcab HTTP/1.1" 200 38829
216.245.221.92 - - [23/Dec/2023:07:20:26 -0500] "HEAD / HTTP/1.1" 200 -
201.245.192.253 - - [23/Dec/2023:07:20:24 -0500] "POST /kwsrmcab/Wsrmcab HTTP/1.1" 200 36819
173.252.95.19 - - [23/Dec/2023:07:21:45 -0500] "GET /bogota-y-cundinamarca-consolidan-pagos-por-servicios-ambientales-con-nueva-firma-para-la-proteccion-del-agua.html HTTP/1.1" 200 821
69.171.231.4 - - [23/Dec/2023:07:21:49 -0500] "GET /bogota-y-cundinamarca-consolidan-pagos-por-servicios-ambientales-con-nueva-firma-para-la-proteccion-del-agua.html HTTP/1.1" 200 821
69.171.231.8 - - [23/Dec/2023:07:21:49 -0500] "GET /bogota-y-cundinamarca-consolidan-pagos-por-servicios-ambientales-con-nueva-firma-para-la-proteccion-del-agua.html HTTP/1.1" 200 821
201.245.192.253 - - [23/Dec/2023:07:22:01 -0500] "POST /kwsrmcab/Wsrmcab  HTTP/1.1" 200 40220
172.22.2.4 - - [23/Dec/2023:07:21:41 -0500] "HEAD /BLA/boletinlegal/ HTTP/1.1" 200 -
172.22.2.4 - - [23/Dec/2023:07:22:32 -0500] "GET /BLA/boletinlegal/ HTTP/1.1" 200 58567
69.63.184.119 - - [23/Dec/2023:07:24:14 -0500] "GET /images/terrazas%20verdes.jpg HTTP/1.1" 200 63951
216.245.221.92 - - [23/Dec/2023:07:25:26 -0500] "HEAD / HTTP/1.1" 200 -
157.55.39.8 - - [23/Dec/2023:07:25:53 -0500] "GET /BLA/resoluciones/index.php?dir=RESOLUCIONES+2006%2FRES+2006+2601-2650%2F HTTP/1.1" 200 11939
201.245.192.253 - - [23/Dec/2023:07:26:22 -0500] "POST /kwsrmcab/Wsrmcab HTTP/1.1" 200 38829
172.22.2.4 - - [23/Dec/2023:07:26:26 -0500] "GET /BLA/boletinlegal/Circulares/2023/CIRCULAR%20No.%2000010%20DEL%2010%20DE%20OCTUBRE%20DEL%202023.pdf HTTP/1.1" 200 341821
201.245.192.253 - - [23/Dec/2023:07:26:25 -0500] "POST /kwsrmcab/Wsrmcab HTTP/1.1" 200 36819
201.245.192.253 - - [23/Dec/2023:07:27:00 -0500] "POST /kwsrmcab/Wsrmcab  HTTP/1.1" 200 40220
20.15.133.170 - - [23/Dec/2023:07:27:34 -0500] "GET /BLA/resoluciones/AUTOS%202023/5009.pdf HTTP/1.1" 200 536888
31.13.115.111 - - [23/Dec/2023:07:28:31 -0500] "GET /secretaria-de-ambiente-reconocio-entidades-por-sus-buenas-practicas-ambientales.html HTTP/1.1" 200 892
20.15.133.170 - - [23/Dec/2023:07:29:05 -0500] "GET /BLA/resoluciones/AUTOS%202023/4296.pdf HTTP/1.1" 200 419378
172.22.2.4 - - [23/Dec/2023:07:27:31 -0500] "HEAD /BLA/boletinlegal/ HTTP/1.1" 200 -
20.15.133.185 - - [23/Dec/2023:07:29:12 -0500] "GET /BLA/resoluciones/AUTOS%202023/3654.pdf HTTP/1.1" 200 3300933
172.22.2.4 - - [23/Dec/2023:07:28:21 -0500] "GET /BLA/boletinlegal/ HTTP/1.1" 200 60910
201.245.192.253 - - [23/Dec/2023:07:30:20 -0500] "POST /kwsrmcab/Wsrmcab HTTP/1.1" 200 38829
216.245.221.92 - - [23/Dec/2023:07:30:26 -0500] "HEAD / HTTP/1.1" 200 -
201.245.192.253 - - [23/Dec/2023:07:30:26 -0500] "POST /kwsrmcab/Wsrmcab HTTP/1.1" 200 36819
20.15.133.170 - - [23/Dec/2023:07:30:31 -0500] "GET /BLA/resoluciones/AUTOS%202023/4705.pdf HTTP/1.1" 200 392430
190.67.60.240 - - [23/Dec/2023:07:31:03 -0500] "GET /distrito-exalto-a-246-empresas-de-bogota-por-su-alto-desempeno-y-responsabilidad-ambiental-durante-2023.html HTTP/1.1" 200 1039
190.67.60.240 - - [23/Dec/2023:07:31:03 -0500] "GET /favicon.ico HTTP/1.1" 404 1510
20.15.133.170 - - [23/Dec/2023:07:31:21 -0500] "GET /BLA/resoluciones/AUTOS%202023/4730.pdf HTTP/1.1" 200 883346
20.15.133.170 - - [23/Dec/2023:07:31:23 -0500] "GET /BLA/resoluciones/AUTOS%202023/3898.pdf HTTP/1.1" 200 772088
201.245.192.253 - - [23/Dec/2023:07:31:58 -0500] "POST /kwsrmcab/Wsrmcab  HTTP/1.1" 200 40220
216.244.66.195 - - [23/Dec/2023:07:32:29 -0500] "GET /BLA/resoluciones/RESOLUCIONES%202019/2835.pdf HTTP/1.1" 200 476253
207.46.13.154 - - [23/Dec/2023:07:32:59 -0500] "GET /BLA/resoluciones/RESOLUCIONES%202023/1965.pdf HTTP/1.1" 200 1034032
216.244.66.195 - - [23/Dec/2023:07:33:19 -0500] "GET /BLA/resoluciones/RESOLUCIONES%202019/3577.pdf HTTP/1.1" 200 357205
20.15.133.185 - - [23/Dec/2023:07:33:22 -0500] "GET /BLA/resoluciones/AUTOS%202023/3692.pdf HTTP/1.1" 200 430942
216.244.66.195 - - [23/Dec/2023:07:34:04 -0500] "GET /BLA/resoluciones/RESOLUCIONES%202019/3585.pdf HTTP/1.1" 200 282223
216.244.66.195 - - [23/Dec/2023:07:34:46 -0500] "GET /BLA/resoluciones/RESOLUCIONES%202019/3766.pdf HTTP/1.1" 200 378521
172.22.2.4 - - [23/Dec/2023:07:33:21 -0500] "HEAD /BLA/boletinlegal/ HTTP/1.1" 200 -
172.22.2.4 - - [23/Dec/2023:07:35:24 -0500] "GET /BLA/boletinlegal/jurisprudencia.php HTTP/1.1" 200 17583
216.245.221.92 - - [23/Dec/2023:07:35:26 -0500] "HEAD / HTTP/1.1" 200 -
216.244.66.195 - - [23/Dec/2023:07:35:30 -0500] "GET /BLA/resoluciones/RESOLUCIONES%202019/3862.pdf HTTP/1.1" 200 292993
186.102.16.81 - - [23/Dec/2023:07:35:41 -0500] "GET /kwssiamovil/sm/ldap/au?x=U2FsdGVkX1/Z8sYyFvDIHehCMsu71t1DTC1ydvHA/l0lujcab6mWCJe+crTHAjMQ&y=U2FsdGVkX19KezECXgLeV6bCg8x77SlxMvZ8CfSB+wH3ZaWyiW4y/I/bvCSOG+Ef HTTP/1.1" 200 30
186.102.16.81 - - [23/Dec/2023:07:35:41 -0500] "GET /kwssiamovil/sm/acme/s?s=U2FsdGVkX18YNXOqeHNBwfIZJ89LwGCagkdjR5+SmbEa5vNn9mTjA2hvfgjDGlRDzmauUZkKa38NoOlfhc7H6UDm7+oKW73SinQ8PK8AwmA=&u=U2FsdGVkX1/L6WCE7hsB5tMr+1b48wIkkAMVkwQDLD0=&y=U2FsdGVkX19KezECXgLeV6bCg8x77SlxMvZ8CfSB+wH3ZaWyiW4y/I/bvCSOG+Ef HTTP/1.1" 200 70
186.102.16.81 - - [23/Dec/2023:07:35:41 -0500] "GET /kwssiamovil/sm/acme/s?s=U2FsdGVkX19JMRxJSVRzwbYlBPliTMHIQhCKuKquAid76XY7YHOGZYYvOifgCaCILijk3/WUVLxtx8UjyTfHtcjvl3zk6slBKlfxpfsah1cou7oG5QU6HmnwWBHuJyWb9fz9dlfhgME1sZcnWQ9bzFaW3+phhmU1RXkKtZCtGckwLKLrLZbuUw7SbMs0/rnnTJKujEWNAAUIINT3/0433j+L0pbARFW5t9CUeEvpKsYAGnbXFYBzmhXl0O7uKoZsmawEx6Amn7BohR0DraNcDGtiPYdJSqBRkH85EOEnUhtSYVPl1Gxmd8+bRjV/Z2KPoG9X/0L04BBExwF/wNVPSE6HuLVLqBuTi5WSgE+DcjV/gL6HXKip0MC+Uwh/MaJYrQnfFeWGJgQKPxFTIOR4YEDKqae4CBfcBlHpiI23QyWW/+ztDQAChDwomLi3WCDoxuYiEieEmO0nOd7BXNF0s76EvQcyeZNZl9++cGSwPjfFAVwj1GgucAdKY2km1LiAukkfMNoH58+DSHuiMlBiy1mB66WKbXZzMRxjoHPPRDLtcw/bCHwBjKMsILkHFgY5y7Lmb9Y+/Gskvnk69Slfl0AQYXQWmFXWqbmoyXSIuXFYuZgzUyBowVv1g3D7UJ2R3gVMSCDSI4Dna9ecHv/ySbUye+F860Br0MKqUWoQryWZ1BOtATifq/DYVjKsidMaq8vp3t4KbwUN5yZjxlwvixfjS+6/PgzevGy23hIamPhyCZh7rbctHADYVM4OivRz1cb9CYREPMqvDzxgqyGVOnST3NDLpfU7o90e92DqTW55jzOqOyV3ETxbJ8jI47Upx3Nbf8FnSyTVsKi5Bq/Ewq5lt0G0JrGvnbjY1vDw4pneqxiH84wjUPo0I45WMSrpANKy6kmTbP5P9lh/52U/iQb5ujWNsuQ1vxlKNnLq+93HUIRahWctw8IPiXq97ERx6llrDX+yN4pSXJiWgeS45dXJ0XwUJ3UIVTSZoWGDZHBCwK8oiq3zk4bk0C7EeG6IwMBeo38UPh16ledGPwx0KyJfMnNXjp8/jc3I8wIlGX56c8i9Zsozal52AMerQ8UB8uzGclOKVfMIRL1nx9dyuYTwpFSTDayIW50Rc7OhSFGHegxmxRwt3oLZjCYPNEy0RGKwMx7Gi/BYVdwIu8Mfpo54XBO8ce6TjkHhjTKoEsBpwrNCcOX9X2S0fSLX0GYIZOWhWAVtwWmTYItHRDVVoQtac6kyemfjOWhQMpOdG7x3YxpcRdnLB7BVx31jlVzb4w/sPD4xwuygAASHwC2tAtp7WQZXm5eo5u+FTq64F7KMF1aSs3RlGLT23cLlSUtGuZTx5ua+xsyFC7wezXNaPLqaut4HChUevPpZdGOavoP+MjjW72fhyGDBQ8bKYsJlpHAl+ntgLmfE9/cX22Cc8iILm6LXZ41D6lbXJS16FFCr97X/d7mFLpsO4cyRaWJbvvp6kqwo4oZaI/9PgQGxohwM+baEQxn3L1RUlxtnqwyqIFlT0Bz2w1rz2eCDKGEB6Y4kFI+CFlCCEmBO+ySzLyG+LQYzSxfcD1vseC/hdk8JBMuFEoQVFm7ECwliM5XHd19o4chFkgGmEPpjltxMRhz0/lNbjrR3yVHY8hXPQwywGVKA2r1b6Zn2oCbaa5T/YumcSVmJjtn9hBmTv5YxjzWjJZtKkEDnnM9TWbbX4tD3hChqMIbzMXzl4N/6Xov27891v04rk5kz9PCZ/VnJMkwiKA+L7n/EtbNM4mO2NBA=&u=U2FsdGVkX1/L6WCE7hsB5tMr+1b48wIkkAMVkwQDLD0=&y=U2FsdGVkX19KezECXgLeV6bCg8x77SlxMvZ8CfSB+wH3ZaWyiW4y/I/bvCSOG+Ef HTTP/1.1" 200 2021
186.102.16.81 - - [23/Dec/2023:07:35:42 -0500] "GET /kwssiamovil/sm/acme/s?s=U2FsdGVkX1+it09KYUydf7f84RlNXbK5mPkjIweaQMfEeMLvLwyfrBI/ifqOwQ3nGaiRqvlCcV2hu5Zkjxt9nEABM55xAHE4aCfORUa/O/NDT9phBNzyosObAEdYUEGHmGOLfiAk1LNVmzhlZitbpzETi/P0uSANKRTgLEBLZJkpZdwzJNu+Fwlb6o7Obrdv9dFXlkU0c4v6RRxpGb5T1sFs49vP4kaSuBKmhieF/nYLymO6m3LYgnPqgS0/ATT/enQzGspHwDT08pC2/iGpAn/oWbkp3QL7Exl48RmEG2YivcJ49FGwWuZtZEJUpVHPbqSDLCPZBlFFw/NqGsZ0jKsZXVPE46gsDPM1SB06Cn87GbugBLQOCZDhYTYdsC/OLBKf+0mrO3gMW+EJs+t9EW8PXWAEBTxd522O059eMmL4oQWhXQrUgskR8Sw3QI5iiF1zcqTxQZ5OX4VN5u0T/JweMhaefJYEulDN6avNs3HxOl+y653xl8ZhIfo+6ONW3Bg/scqOlNYpNQMS4rk41hZo3VeILILyeAYL4O98ECxsqLnFKsdzbcPhYthfaTSLfe7vFx6AZaDLcD40Z4wxKydaK01VIJSNzuxThBavCnNHH5oASzsgu/HxS7EdK7AJtmRan28zVEBMi8QdTgPo8u9gihDtTGTLOE5NGJ2lXcsmh2lztuktGRwk0UTVrkVXbRY3XqoMszI2Cxwvl73MlgJrPr7TDXUkOzVRUlIvLNqpbBN1g/zVdbg0Vv+5kwoM&u=U2FsdGVkX1/L6WCE7hsB5tMr+1b48wIkkAMVkwQDLD0=&y=U2FsdGVkX19KezECXgLeV6bCg8x77SlxMvZ8CfSB+wH3ZaWyiW4y/I/bvCSOG+Ef HTTP/1.1" 200 208
186.102.16.81 - - [23/Dec/2023:07:35:42 -0500] "GET /kwssiamovil/sm/cjson/pre?f=1&x=U2FsdGVkX1/Z8sYyFvDIHehCMsu71t1DTC1ydvHA/l0lujcab6mWCJe+crTHAjMQ HTTP/1.1" 200 31032
172.22.2.4 - - [23/Dec/2023:07:34:11 -0500] "GET /BLA/boletinlegal/ HTTP/1.1" 200 60910
216.244.66.195 - - [23/Dec/2023:07:36:00 -0500] "GET /BLA/resoluciones/AUTOS%202019/0641.pdf HTTP/1.1" 200 236779
201.245.192.253 - - [23/Dec/2023:07:36:21 -0500] "POST /kwsrmcab/Wsrmcab HTTP/1.1" 200 38829
207.46.13.155 - - [23/Dec/2023:07:36:24 -0500] "GET /php/PlanDesarrollo/MANUAL%20REPROGRAMACION%20Y%20ACTUALIZACION%20ENERO%202010.pdf HTTP/1.1" 404 1018
201.245.192.253 - - [23/Dec/2023:07:36:24 -0500] "POST /kwsrmcab/Wsrmcab HTTP/1.1" 200 36819
216.244.66.195 - - [23/Dec/2023:07:36:42 -0500] "GET /BLA/resoluciones/AUTOS%202019/1725.pdf HTTP/1.1" 200 243891
207.46.13.155 - - [23/Dec/2023:07:36:55 -0500] "GET /BLA/resoluciones/RESOLUCIONES%202021/4973.pdf HTTP/1.1" 200 373217
201.245.192.253 - - [23/Dec/2023:07:36:55 -0500] "POST /kwsrmcab/Wsrmcab  HTTP/1.1" 200 40220
191.95.61.110 - - [23/Dec/2023:07:36:59 -0500] "GET /appsia/controlador HTTP/1.1" 200 4799
191.95.61.110 - - [23/Dec/2023:07:37:00 -0500] "GET /appsia/css/estilos.css HTTP/1.1" 200 4804
191.95.61.110 - - [23/Dec/2023:07:37:00 -0500] "GET /appsia/scripts/validarIngreso.js HTTP/1.1" 200 851
191.95.61.110 - - [23/Dec/2023:07:37:00 -0500] "GET /appsia/images/cabezoteHojaVida.png HTTP/1.1" 200 32493
191.95.61.110 - - [23/Dec/2023:07:37:00 -0500] "GET /appsia/images/logo_bogota_p.png HTTP/1.1" 200 14951
191.95.61.110 - - [23/Dec/2023:07:37:00 -0500] "GET /favicon.ico HTTP/1.1" 200 7782
191.95.61.110 - - [23/Dec/2023:07:37:15 -0500] "POST /appsia/controlador HTTP/1.1" 200 5437
191.95.61.110 - - [23/Dec/2023:07:37:17 -0500] "POST /appsia/controlador HTTP/1.1" 200 7795
216.244.66.195 - - [23/Dec/2023:07:37:21 -0500] "GET /BLA/resoluciones/AUTOS%202019/2719.pdf HTTP/1.1" 200 264162
191.95.61.110 - - [23/Dec/2023:07:37:23 -0500] "POST /appsia/controlador HTTP/1.1" 200 6660
191.95.61.110 - - [23/Dec/2023:07:37:26 -0500] "POST /appsia/controlador HTTP/1.1" 200 12461
216.244.66.195 - - [23/Dec/2023:07:37:59 -0500] "GET /BLA/resoluciones/AUTOS%202019/3092.pdf HTTP/1.1" 200 271362
216.244.66.195 - - [23/Dec/2023:07:38:35 -0500] "GET /BLA/resoluciones/AUTOS%202019/3330.pdf HTTP/1.1" 200 360075
173.252.127.2 - - [23/Dec/2023:07:38:42 -0500] "GET /distrito-celebro-el-cumpleanos-del-parque-ecologico-distrital-de-montana-entrenubes.html HTTP/1.1" 200 829
216.244.66.195 - - [23/Dec/2023:07:39:17 -0500] "GET /BLA/resoluciones/AUTOS%202019/3390.pdf HTTP/1.1" 200 584096
191.95.52.148 - - [23/Dec/2023:07:39:25 -0500] "GET / HTTP/1.1" 200 4720
191.95.52.148 - - [23/Dec/2023:07:39:25 -0500] "GET /js/url.js HTTP/1.1" 404 1294
191.95.52.148 - - [23/Dec/2023:07:39:25 -0500] "GET /fonts/icomoon/style.css HTTP/1.1" 200 79820
191.95.52.148 - - [23/Dec/2023:07:39:25 -0500] "GET /css/style.css HTTP/1.1" 200 3473
191.95.52.148 - - [23/Dec/2023:07:39:25 -0500] "GET /css/bootstrap.min.css HTTP/1.1" 200 178212
191.95.52.148 - - [23/Dec/2023:07:39:25 -0500] "GET /favicon.ico HTTP/1.1" 404 1294
216.244.66.195 - - [23/Dec/2023:07:40:03 -0500] "GET /BLA/resoluciones/AUTOS%202019/3557.pdf HTTP/1.1" 200 196820
201.245.192.253 - - [23/Dec/2023:07:40:20 -0500] "POST /kwsrmcab/Wsrmcab HTTP/1.1" 200 38829
216.245.221.92 - - [23/Dec/2023:07:40:26 -0500] "HEAD / HTTP/1.1" 200 -
201.245.192.253 - - [23/Dec/2023:07:40:25 -0500] "POST /kwsrmcab/Wsrmcab HTTP/1.1" 200 36819
216.244.66.195 - - [23/Dec/2023:07:40:34 -0500] "GET /BLA/resoluciones/AUTOS%202019/4457.pdf HTTP/1.1" 200 269353
172.22.2.4 - - [23/Dec/2023:07:39:11 -0500] "HEAD /BLA/boletinlegal/ HTTP/1.1" 200 -
31.13.103.2 - - [23/Dec/2023:07:41:37 -0500] "GET /distrito-exalta-48-arboles-patrimoniales-y-15-de-interes-publico-en-bogota.html HTTP/1.1" 200 816
172.22.2.4 - - [23/Dec/2023:07:40:01 -0500] "GET /BLA/boletinlegal/ HTTP/1.1" 200 58567
201.245.192.253 - - [23/Dec/2023:07:41:54 -0500] "POST /kwsrmcab/Wsrmcab  HTTP/1.1" 200 40220
186.102.16.81 - - [23/Dec/2023:07:42:26 -0500] "GET /kwssiamovil/sm/ldap/au?x=U2FsdGVkX1/Q+Lyuz3Oii1A8ll5MA6NxpgwU8WXXiO4wqgr9SqipFstQ+qOC91/4&y=U2FsdGVkX1/HuF0YglklQ0W8Kos7xTkzH8C3minxVImcJ2WaPvpN5qmeY6bVsbBJ HTTP/1.1" 200 30
186.102.16.81 - - [23/Dec/2023:07:42:26 -0500] "GET /kwssiamovil/sm/acme/s?s=U2FsdGVkX1+cFvigwrvaMIMABBylnUFBFszPk/8pkH7QhxRx/vrrxHcbnODhuEeAeken1k3AA+vVfd8T1ARZKd0N5sgG7cU8dRvkmSXY4i0=&u=U2FsdGVkX18TSgxTVq202RdjEe9dnfqIVhAkG1f4W5E=&y=U2FsdGVkX1/HuF0YglklQ0W8Kos7xTkzH8C3minxVImcJ2WaPvpN5qmeY6bVsbBJ HTTP/1.1" 200 97
186.102.16.81 - - [23/Dec/2023:07:42:26 -0500] "GET /kwssiamovil/sm/acme/s?s=U2FsdGVkX19iU+aJ7i6QuL1LZmhOt5+YOatZJA+RFe9HGwqhhKF2gd/9O9RVvv/lDYruR+/bSdSTtZWKFmIDynelF8AUqVQDyx8Pnpb/wu++FZaseaxxnKr4JjfkgXNlmK2QwlPmI8tuclJIjdDz0MO2RXQQ2wXC65r5KkiBzN0dMKP/CejBwtRXiQw2ycyIQ5KarxZ2Bnd4B87IQFytoO9h8LCMdLEIMossRdOgGEPb131i9K1DHGcwh10aKnJRNQEX7grfkCtmE2pBtneFQ3/A17PH4t4Y5fj2BGwP9AuyQNNkBz0vOpskJe5vt2/rLML0Bi8ajRZZ7Ics5/rNKTdsfoef4fwTcD6X6UABrJLHuUucsPRGgdHD3Oy2dzRTuevKJk3FX66OqQGUUGFxglSZjWJdyfzLoagR/nICh4vKLxnEfkkOKzxema5ORyPMkclUixLj3yJV/VwZdY2YpLU7qBb1IUl/FxGsLf7wqPsglzex8vbcBrKqoJ5TDBGnwGHjfjVUCpojC6gv4swg8llClVYyJ5Bs76JOhbhZFzA5VEGr6QgkxxF9HEnAyFjPB1U4PvEltoqxxO2PTkTkyUCU30k36WYxea4IHM1bXvGuCJma6ao4RUhtc6x/qu0lzx+EPI5u70SRwaHuqExkM6PLSDDiCUN7hfg9wt8/F7kBHdZ9BRAZYPmpf7wLKTnoTVxYGsdm4dS6eOlGtsVj7tR3V1+SfbNMePFz7fotnKSfNBu8xt7vdqtDpNT9neh5cGJimYKMW5j5btL/ViDr2A9NPB6VcpIzBGTvy5frDvkfjuIJ4CONhM/n6IbIH97v41Upv/vkVcL0epm2LrhBfI9+BNosD4cCvI8g+7iogNkVv8fZ3j6f4bRB18+tfsDhpvJil/tj5k1+BGj9jJCk5NcpgxtlWOZBfaKuAbrrBAmyDH8icTBkPsCHja0/2Z5uwAWHcEMFGHXkWhbWlg+WdGj0m/dykUTrg0iuL/guGAdvkC3NJfymlKAKr9S7P+tYx+lyHGOHOupj8vg68CFD/KdxqAUfQ2XkC1/cKn7dJrjIRe7XtuJEKETiwFRTiObP2tzuoL7x3Rw1DNyWv2JoSZtYpFFPwYRssxSdw4NrEzeAklrJRf52D95LPNH0N30aLRWpPFTbNu4TC2T6ViMKV0XiSn6bSi7fFfZ7xaeAIGi65z/nCIhDwosVRFgVBRZRL+bKoNL4BtAMfzSWrDpaQmAiob2mGN2hWvM7yC5S6a5nMlYKpal2z3MRBMYx41X/WY89j0Z7pyN9CND+EwafYB9J9NMNbHJiXQ9W332vBkW9bYKHNSZPj6/djsK65T79vCDXTbwkh2OiuSZV3Hq2IThRyrEBaz/LKEVaLDSTT+/XzW7n2/prFdLejdxlN/9fNBrhWCbX9epMqRGiug9l6GChAUzDHhTStnM/UWFDPzDLA/k3fA1h4DhCW+NbBggkKdrjFJhxcN7MpJvRN4rM3GJmGhhh9FClWv+0SRITqHowyc4UtpMYl/+qOLIiQ3sIZZkqLWSKkAffXK3RUzaHmbc0PbQHtJetn6RM7M50MM0JUrkjwB1H4sHF/mQTQZpXltOPMRS+EocnAlQeOeLsVHWQn9JTFFNCiZnKumJbZ8QM6SubpE1jRauoCxQI3X6/YY2SLamWn4K72RZ34pmeqgFB5EK79yc3XtCsT9sbVocOcGNlr+lMdSe3rhOBV2pg/PCsZdWTIXGw430hA//j0fryV2d6mdAwactU3nOYIB4=&u=U2FsdGVkX18TSgxTVq202RdjEe9dnfqIVhAkG1f4W5E=&y=U2FsdGVkX1/HuF0YglklQ0W8Kos7xTkzH8C3minxVImcJ2WaPvpN5qmeY6bVsbBJ HTTP/1.1" 200 2346
186.102.16.81 - - [23/Dec/2023:07:42:26 -0500] "GET /kwssiamovil/sm/acme/s?s=U2FsdGVkX18jFsl7nm7dexcVQx19igeUxn21zZxugNsoqBDRvjFBI6uwGi8gZX/WcRduD7+UL2pUGwDOEPCn7hRM8Wiw1KaDk8JBaezmvQnkXAUyjzcE2IT6dhi9QpHxKQWU9MHUkESlBatXECWZ73rPDp54SmdXEDeRqppeyY4JuU2Md9jTq8XcCGrM+nryU+j+iEbm1XUjrzcw6ogeIB+g+ZZhyUSQZAhvrZJl4bKiLbqVKaPTCB7z98wso62Q4PKBBJspPG2jcVXKgqqChqxJLI9C+iW2B8YUZpBsQZk9RMGxuezIKn42FKJ17i4TwaQw0ovvDvQVrrq31fDhmtgOUteOk1DCKAJyVQqHMdwUxYARIi2G4+sya/KXzegRAYFqZK+t62T0RYJiawwH/7VW7yXZ0BIHoLAKAl3J48XeyZuIjUgpHbpvNvIm0wDRXoRL4fGHTPSoO58yZU6o99fLpO7LxBFFIjJL+bFQD/jfBYAWBhwpX4x5+zXl/vPxoEbvW2yjTVniM1V59lGo/dgGuipOTIXXuKNVyRF5TacqAn02izhdjNh1M7nIg1Aki6E649+ivx4a5PmVUhLcSi9PjCYuzPTlCL0K3phv8zuoXzi5mofRcVksj+mMlRzabPYJ9OdlOl9P9Kv9Ka3E0vophj9nvpt6N7hrF9d1f62IYuc3HlBll6JaG1XiZJAKPR2XpBTm07iBmAwS77/9BCjr/bGbF/gpiw0ST/TbvB3kKdQ4Ld45yuM8HYiIFpy7&u=U2FsdGVkX18TSgxTVq202RdjEe9dnfqIVhAkG1f4W5E=&y=U2FsdGVkX1/HuF0YglklQ0W8Kos7xTkzH8C3minxVImcJ2WaPvpN5qmeY6bVsbBJ HTTP/1.1" 200 208
186.102.16.81 - - [23/Dec/2023:07:42:27 -0500] "GET /kwssiamovil/sm/cjson/pre?f=1&x=U2FsdGVkX1/Q+Lyuz3Oii1A8ll5MA6NxpgwU8WXXiO4wqgr9SqipFstQ+qOC91/4 HTTP/1.1" 200 31032
199.16.157.182 - - [23/Dec/2023:07:44:52 -0500] "GET /images/cr%C3%B3nica-29-nov-1_optimized.jpeg HTTP/1.1" 404 1034
216.245.221.92 - - [23/Dec/2023:07:45:26 -0500] "HEAD / HTTP/1.1" 200 -
172.22.2.4 - - [23/Dec/2023:07:45:01 -0500] "HEAD /BLA/boletinlegal/ HTTP/1.1" 200 -
201.245.192.253 - - [23/Dec/2023:07:46:53 -0500] "POST /kwsrmcab/Wsrmcab  HTTP/1.1" 200 40220
172.22.2.4 - - [23/Dec/2023:07:45:52 -0500] "GET /BLA/boletinlegal/ HTTP/1.1" 200 58567
216.245.221.92 - - [23/Dec/2023:07:50:26 -0500] "HEAD / HTTP/1.1" 200 -
20.15.133.170 - - [23/Dec/2023:07:50:57 -0500] "GET /BLA/resoluciones/AUTOS%202023/5665.pdf HTTP/1.1" 200 409299
20.15.133.170 - - [23/Dec/2023:07:51:37 -0500] "GET /BLA/resoluciones/AUTOS%202023/4834.pdf HTTP/1.1" 200 3582295
201.245.192.253 - - [23/Dec/2023:07:51:52 -0500] "POST /kwsrmcab/Wsrmcab  HTTP/1.1" 200 40220
172.22.2.4 - - [23/Dec/2023:07:50:51 -0500] "HEAD /BLA/boletinlegal/ HTTP/1.1" 200 -
20.15.133.186 - - [23/Dec/2023:07:52:43 -0500] "GET /BLA/resoluciones/RESOLUCIONES%202021/5385.pdf HTTP/1.1" 200 418798
20.15.133.186 - - [23/Dec/2023:07:52:46 -0500] "GET /BLA/resoluciones/AUTOS%202023/5661.pdf HTTP/1.1" 200 443878
190.165.115.46 - - [23/Dec/2023:07:53:11 -0500] "GET /distrito-exalto-a-246-empresas-de-bogota-por-su-alto-desempeno-y-responsabilidad-ambiental-durante-2023.html HTTP/1.1" 200 1039
172.22.2.4 - - [23/Dec/2023:07:51:42 -0500] "GET /BLA/boletinlegal/ HTTP/1.1" 200 52418
190.84.43.161 - - [23/Dec/2023:07:54:08 -0500] "GET /sipse/faces/index.xhtml HTTP/1.1" 200 677
190.84.43.161 - - [23/Dec/2023:07:54:08 -0500] "GET /sipse/faces/javax.faces.resource/theme.css?ln=primefaces-sipse HTTP/1.1" 304 -
190.84.43.161 - - [23/Dec/2023:07:54:08 -0500] "GET /sipse/faces/faces/autenticacion.xhtml HTTP/1.1" 200 12407
190.84.43.161 - - [23/Dec/2023:07:54:08 -0500] "GET /sipse/js/disable_browser_buttons.js HTTP/1.1" 200 3230
190.84.43.161 - - [23/Dec/2023:07:54:08 -0500] "GET /sipse/js/funciones.js HTTP/1.1" 200 12592
190.84.43.161 - - [23/Dec/2023:07:54:08 -0500] "GET /sipse/css/custom_css_sg.css HTTP/1.1" 200 9694
190.84.43.161 - - [23/Dec/2023:07:54:08 -0500] "GET /sipse/css/custom_css_sg_prime_login.css HTTP/1.1" 200 443
190.84.43.161 - - [23/Dec/2023:07:54:08 -0500] "GET /sipse/faces/javax.faces.resource/primefaces.css?ln=primefaces&v=4.0 HTTP/1.1" 304 -
190.84.43.161 - - [23/Dec/2023:07:54:08 -0500] "GET /sipse/faces/javax.faces.resource/theme.css?ln=primefaces-sipse HTTP/1.1" 304 -
190.84.43.161 - - [23/Dec/2023:07:54:08 -0500] "GET /sipse/faces/javax.faces.resource/layout/layout.css?ln=primefaces&v=4.0 HTTP/1.1" 304 -
190.84.43.161 - - [23/Dec/2023:07:54:08 -0500] "GET /sipse/faces/javax.faces.resource/jquery/jquery.js?ln=primefaces&v=4.0 HTTP/1.1" 304 -
190.84.43.161 - - [23/Dec/2023:07:54:08 -0500] "GET /sipse/faces/javax.faces.resource/jquery/jquery-plugins.js?ln=primefaces&v=4.0 HTTP/1.1" 304 -
190.84.43.161 - - [23/Dec/2023:07:54:08 -0500] "GET /sipse/faces/javax.faces.resource/layout/layout.js?ln=primefaces&v=4.0 HTTP/1.1" 304 -
190.84.43.161 - - [23/Dec/2023:07:54:08 -0500] "GET /sipse/faces/javax.faces.resource/primefaces.js?ln=primefaces&v=4.0 HTTP/1.1" 304 -
190.84.43.161 - - [23/Dec/2023:07:54:08 -0500] "GET /sipse/faces/javax.faces.resource/images/ui-icons_898989_256x240.png?ln=primefaces-aristo HTTP/1.1" 304 -
190.84.43.161 - - [23/Dec/2023:07:54:08 -0500] "GET /sipse/css/imagen/logoSDG.png HTTP/1.1" 200 53064
190.84.43.161 - - [23/Dec/2023:07:54:08 -0500] "GET /sipse/css/imagen/loginimg.png HTTP/1.1" 200 71635
190.84.43.161 - - [23/Dec/2023:07:54:18 -0500] "POST /sipse/faces/autenticacion.xhtml HTTP/1.1" 200 11223
190.84.43.161 - - [23/Dec/2023:07:54:18 -0500] "GET /sipse/faces/javax.faces.resource/jquery/jquery.js?ln=primefaces&v=4.0 HTTP/1.1" 304 -
190.84.43.161 - - [23/Dec/2023:07:54:18 -0500] "GET /sipse/faces/javax.faces.resource/theme.css?ln=primefaces-sipse HTTP/1.1" 304 -
190.84.43.161 - - [23/Dec/2023:07:54:18 -0500] "GET /sipse/css/custom_css_sg_prime.css HTTP/1.1" 200 5201
190.84.43.161 - - [23/Dec/2023:07:54:18 -0500] "GET /sipse/faces/javax.faces.resource/primefaces.css?ln=primefaces&v=4.0 HTTP/1.1" 304 -
190.84.43.161 - - [23/Dec/2023:07:54:18 -0500] "GET /sipse/faces/javax.faces.resource/layout/layout.css?ln=primefaces&v=4.0 HTTP/1.1" 304 -
190.84.43.161 - - [23/Dec/2023:07:54:18 -0500] "GET /sipse/faces/javax.faces.resource/jquery/jquery-plugins.js?ln=primefaces&v=4.0 HTTP/1.1" 304 -
190.84.43.161 - - [23/Dec/2023:07:54:19 -0500] "GET /sipse/faces/javax.faces.resource/primefaces.js?ln=primefaces&v=4.0 HTTP/1.1" 304 -
190.84.43.161 - - [23/Dec/2023:07:54:19 -0500] "GET /sipse/faces/javax.faces.resource/layout/layout.js?ln=primefaces&v=4.0 HTTP/1.1" 304 -
190.84.43.161 - - [23/Dec/2023:07:54:19 -0500] "GET /sipse/faces/javax.faces.resource/messages/messages.png?ln=primefaces&v=4.0 HTTP/1.1" 304 -
190.84.43.161 - - [23/Dec/2023:07:54:24 -0500] "POST /sipse/faces/presentacion/sistema/seguridad/seleccionRol.xhtml HTTP/1.1" 200 5862
190.84.43.161 - - [23/Dec/2023:07:54:27 -0500] "GET /sipse/faces/javax.faces.resource/images/ui-bg_flat_0_2d5972_40x100.png?ln=primefaces-aristo HTTP/1.1" 304 -
190.84.43.161 - - [23/Dec/2023:07:54:29 -0500] "POST /sipse/faces/presentacion/sistema/seguridad/seleccionRol.xhtml HTTP/1.1" 200 16459
190.84.43.161 - - [23/Dec/2023:07:54:30 -0500] "GET /sipse/faces/javax.faces.resource/theme.css?ln=primefaces-sipse HTTP/1.1" 304 -
190.84.43.161 - - [23/Dec/2023:07:54:30 -0500] "GET /sipse/faces/javax.faces.resource/primefaces.css?ln=primefaces&v=4.0 HTTP/1.1" 304 -
190.84.43.161 - - [23/Dec/2023:07:54:30 -0500] "GET /sipse/faces/javax.faces.resource/layout/layout.css?ln=primefaces&v=4.0 HTTP/1.1" 304 -
190.84.43.161 - - [23/Dec/2023:07:54:30 -0500] "GET /sipse/js/jquery.min.js HTTP/1.1" 200 85582
190.84.43.161 - - [23/Dec/2023:07:54:31 -0500] "GET /sipse/faces/javax.faces.resource/jquery/jquery.js?ln=primefaces&v=4.0 HTTP/1.1" 304 -
190.84.43.161 - - [23/Dec/2023:07:54:31 -0500] "GET /sipse/faces/javax.faces.resource/jquery/jquery-plugins.js?ln=primefaces&v=4.0 HTTP/1.1" 304 -
190.84.43.161 - - [23/Dec/2023:07:54:31 -0500] "GET /sipse/faces/javax.faces.resource/primefaces.js?ln=primefaces&v=4.0 HTTP/1.1" 304 -
190.84.43.161 - - [23/Dec/2023:07:54:31 -0500] "GET /sipse/faces/javax.faces.resource/layout/layout.js?ln=primefaces&v=4.0 HTTP/1.1" 304 -
190.84.43.161 - - [23/Dec/2023:07:54:31 -0500] "GET /sipse/css/v_mergente.css HTTP/1.1" 200 1505
190.84.43.161 - - [23/Dec/2023:07:54:31 -0500] "GET /sipse/css/imagen/contrasena.png HTTP/1.1" 404 383
190.84.43.161 - - [23/Dec/2023:07:54:31 -0500] "GET /sipse/imagenes/cargando.gif HTTP/1.1" 200 36959
190.84.43.161 - - [23/Dec/2023:07:54:31 -0500] "GET /sipse/imagenes/logoAplicacion.jpg HTTP/1.1" 200 155084
190.84.43.161 - - [23/Dec/2023:07:54:34 -0500] "POST /sipse/faces/bienvenido.xhtml HTTP/1.1" 200 2658
190.84.43.161 - - [23/Dec/2023:07:54:38 -0500] "POST /sipse/faces/bienvenido.xhtml HTTP/1.1" 200 54291
190.84.43.161 - - [23/Dec/2023:07:54:38 -0500] "GET /sipse/faces/javax.faces.resource/theme.css?ln=primefaces-sipse HTTP/1.1" 304 -
190.84.43.161 - - [23/Dec/2023:07:54:38 -0500] "GET /sipse/faces/javax.faces.resource/layout/layout.css?ln=primefaces&v=4.0 HTTP/1.1" 304 -
190.84.43.161 - - [23/Dec/2023:07:54:38 -0500] "GET /sipse/faces/javax.faces.resource/primefaces.css?ln=primefaces&v=4.0 HTTP/1.1" 304 -
190.84.43.161 - - [23/Dec/2023:07:54:39 -0500] "GET /sipse/faces/javax.faces.resource/jquery/jquery.js?ln=primefaces&v=4.0 HTTP/1.1" 304 -
190.84.43.161 - - [23/Dec/2023:07:54:39 -0500] "GET /sipse/faces/javax.faces.resource/jquery/jquery-plugins.js?ln=primefaces&v=4.0 HTTP/1.1" 304 -
190.84.43.161 - - [23/Dec/2023:07:54:39 -0500] "GET /sipse/faces/javax.faces.resource/primefaces.js?ln=primefaces&v=4.0 HTTP/1.1" 304 -
190.84.43.161 - - [23/Dec/2023:07:54:39 -0500] "GET /sipse/faces/javax.faces.resource/layout/layout.js?ln=primefaces&v=4.0 HTTP/1.1" 304 -
190.84.43.161 - - [23/Dec/2023:07:54:39 -0500] "POST /sipse/faces/presentacion/financiero/solicitudProceso/listarSolicitudProceso.xhtml HTTP/1.1" 200 1524
190.84.43.161 - - [23/Dec/2023:07:54:50 -0500] "POST /sipse/faces/presentacion/financiero/solicitudProceso/listarSolicitudProceso.xhtml HTTP/1.1" 200 120317
190.84.43.161 - - [23/Dec/2023:07:54:51 -0500] "GET /sipse/faces/javax.faces.resource/primefaces.css?ln=primefaces&v=4.0 HTTP/1.1" 304 -
190.84.43.161 - - [23/Dec/2023:07:54:51 -0500] "GET /sipse/faces/javax.faces.resource/theme.css?ln=primefaces-sipse HTTP/1.1" 304 -
190.84.43.161 - - [23/Dec/2023:07:54:51 -0500] "GET /sipse/faces/javax.faces.resource/layout/layout.css?ln=primefaces&v=4.0 HTTP/1.1" 304 -
190.84.43.161 - - [23/Dec/2023:07:54:51 -0500] "GET /sipse/faces/javax.faces.resource/jquery/jquery.js?ln=primefaces&v=4.0 HTTP/1.1" 304 -
190.84.43.161 - - [23/Dec/2023:07:54:51 -0500] "GET /sipse/faces/javax.faces.resource/jquery/jquery-plugins.js?ln=primefaces&v=4.0 HTTP/1.1" 304 -
190.84.43.161 - - [23/Dec/2023:07:54:51 -0500] "GET /sipse/faces/javax.faces.resource/primefaces.js?ln=primefaces&v=4.0 HTTP/1.1" 304 -
190.84.43.161 - - [23/Dec/2023:07:54:51 -0500] "GET /sipse/faces/javax.faces.resource/layout/layout.js?ln=primefaces&v=4.0 HTTP/1.1" 304 -
190.84.43.161 - - [23/Dec/2023:07:55:00 -0500] "POST /sipse/faces/presentacion/financiero/solicitudProceso/consultarSolicitudProceso.xhtml HTTP/1.1" 200 30891
190.84.43.161 - - [23/Dec/2023:07:55:01 -0500] "GET /sipse/faces/javax.faces.resource/theme.css?ln=primefaces-sipse HTTP/1.1" 304 -
190.84.43.161 - - [23/Dec/2023:07:55:01 -0500] "GET /sipse/faces/javax.faces.resource/primefaces.css?ln=primefaces&v=4.0 HTTP/1.1" 304 -
190.84.43.161 - - [23/Dec/2023:07:55:01 -0500] "GET /sipse/faces/javax.faces.resource/layout/layout.css?ln=primefaces&v=4.0 HTTP/1.1" 304 -
190.84.43.161 - - [23/Dec/2023:07:55:01 -0500] "GET /sipse/faces/javax.faces.resource/jquery/jquery-plugins.js?ln=primefaces&v=4.0 HTTP/1.1" 304 -
190.84.43.161 - - [23/Dec/2023:07:55:01 -0500] "GET /sipse/faces/javax.faces.resource/jquery/jquery.js?ln=primefaces&v=4.0 HTTP/1.1" 304 -
190.84.43.161 - - [23/Dec/2023:07:55:01 -0500] "GET /sipse/faces/javax.faces.resource/primefaces.js?ln=primefaces&v=4.0 HTTP/1.1" 304 -
190.84.43.161 - - [23/Dec/2023:07:55:01 -0500] "GET /sipse/faces/javax.faces.resource/layout/layout.js?ln=primefaces&v=4.0 HTTP/1.1" 304 -
69.63.184.8 - - [23/Dec/2023:07:55:06 -0500] "GET /images/participacion%2019-12-23.jpg HTTP/1.1" 200 73861
216.245.221.92 - - [23/Dec/2023:07:55:26 -0500] "HEAD / HTTP/1.1" 200 -
190.84.43.161 - - [23/Dec/2023:07:56:06 -0500] "POST /sipse/faces/presentacion/financiero/solicitudProceso/consultarHistorialSolProceso.xhtml HTTP/1.1" 200 54291
190.84.43.161 - - [23/Dec/2023:07:56:06 -0500] "GET /sipse/faces/javax.faces.resource/theme.css?ln=primefaces-sipse HTTP/1.1" 304 -
190.84.43.161 - - [23/Dec/2023:07:56:06 -0500] "GET /sipse/faces/javax.faces.resource/primefaces.css?ln=primefaces&v=4.0 HTTP/1.1" 304 -
190.84.43.161 - - [23/Dec/2023:07:56:06 -0500] "GET /sipse/faces/javax.faces.resource/layout/layout.css?ln=primefaces&v=4.0 HTTP/1.1" 304 -
190.84.43.161 - - [23/Dec/2023:07:56:07 -0500] "GET /sipse/faces/javax.faces.resource/jquery/jquery.js?ln=primefaces&v=4.0 HTTP/1.1" 304 -
190.84.43.161 - - [23/Dec/2023:07:56:07 -0500] "GET /sipse/faces/javax.faces.resource/jquery/jquery-plugins.js?ln=primefaces&v=4.0 HTTP/1.1" 304 -
190.84.43.161 - - [23/Dec/2023:07:56:07 -0500] "GET /sipse/faces/javax.faces.resource/primefaces.js?ln=primefaces&v=4.0 HTTP/1.1" 304 -
190.84.43.161 - - [23/Dec/2023:07:56:07 -0500] "GET /sipse/faces/javax.faces.resource/layout/layout.js?ln=primefaces&v=4.0 HTTP/1.1" 304 -
190.84.43.161 - - [23/Dec/2023:07:56:07 -0500] "POST /sipse/faces/presentacion/financiero/solicitudProceso/listarSolicitudProceso.xhtml HTTP/1.1" 200 1524
190.84.43.161 - - [23/Dec/2023:07:56:17 -0500] "POST /sipse/faces/presentacion/financiero/solicitudProceso/listarSolicitudProceso.xhtml HTTP/1.1" 200 120317
190.84.43.161 - - [23/Dec/2023:07:56:17 -0500] "GET /sipse/faces/javax.faces.resource/theme.css?ln=primefaces-sipse HTTP/1.1" 304 -
190.84.43.161 - - [23/Dec/2023:07:56:17 -0500] "GET /sipse/faces/javax.faces.resource/primefaces.css?ln=primefaces&v=4.0 HTTP/1.1" 304 -
190.84.43.161 - - [23/Dec/2023:07:56:17 -0500] "GET /sipse/faces/javax.faces.resource/layout/layout.css?ln=primefaces&v=4.0 HTTP/1.1" 304 -
190.84.43.161 - - [23/Dec/2023:07:56:17 -0500] "GET /sipse/faces/javax.faces.resource/jquery/jquery.js?ln=primefaces&v=4.0 HTTP/1.1" 304 -
190.84.43.161 - - [23/Dec/2023:07:56:18 -0500] "GET /sipse/faces/javax.faces.resource/jquery/jquery-plugins.js?ln=primefaces&v=4.0 HTTP/1.1" 304 -
190.84.43.161 - - [23/Dec/2023:07:56:18 -0500] "GET /sipse/faces/javax.faces.resource/primefaces.js?ln=primefaces&v=4.0 HTTP/1.1" 304 -
190.84.43.161 - - [23/Dec/2023:07:56:18 -0500] "GET /sipse/faces/javax.faces.resource/layout/layout.js?ln=primefaces&v=4.0 HTTP/1.1" 304 -
190.84.43.161 - - [23/Dec/2023:07:56:25 -0500] "POST /sipse/faces/presentacion/financiero/solicitudProceso/consultarSolicitudProceso.xhtml HTTP/1.1" 200 2490307
201.245.192.253 - - [23/Dec/2023:07:56:51 -0500] "POST /kwsrmcab/Wsrmcab  HTTP/1.1" 200 40220
172.22.2.4 - - [23/Dec/2023:07:56:26 -0500] "GET /BLA/boletinlegal/ HTTP/1.1" 200 24523
172.22.2.4 - - [23/Dec/2023:07:56:42 -0500] "HEAD /BLA/boletinlegal/ HTTP/1.1" 200 -
216.244.66.195 - - [23/Dec/2023:07:58:31 -0500] "GET /robots.txt HTTP/1.1" 404 1018
172.22.2.4 - - [23/Dec/2023:07:57:32 -0500] "GET /BLA/boletinlegal/ HTTP/1.1" 200 54423
52.149.22.84 - - [23/Dec/2023:08:00:21 -0500] "GET /Publicaciones/2023EE274502.pdf HTTP/1.1" 404 228
216.245.221.92 - - [23/Dec/2023:08:00:26 -0500] "HEAD / HTTP/1.1" 200 -
199.16.157.180 - - [23/Dec/2023:08:01:35 -0500] "GET /images/pl%C3%A1sticos%20foto%201..jpg HTTP/1.1" 404 1034
173.252.107.8 - - [23/Dec/2023:08:01:51 -0500] "GET /images/terrazas%20verdes.jpg HTTP/1.1" 200 63951
201.245.192.253 - - [23/Dec/2023:08:01:50 -0500] "POST /kwsrmcab/Wsrmcab  HTTP/1.1" 200 40220
186.80.52.180 - - [23/Dec/2023:08:02:17 -0500] "GET /sipse/faces/index.xhtml HTTP/1.1" 200 677
186.80.52.180 - - [23/Dec/2023:08:02:17 -0500] "GET /sipse/faces/javax.faces.resource/theme.css?ln=primefaces-sipse HTTP/1.1" 304 -
186.80.52.180 - - [23/Dec/2023:08:02:18 -0500] "GET /sipse/faces/faces/autenticacion.xhtml HTTP/1.1" 200 12407
186.80.52.180 - - [23/Dec/2023:08:02:18 -0500] "GET /sipse/js/disable_browser_buttons.js HTTP/1.1" 200 3230
186.80.52.180 - - [23/Dec/2023:08:02:18 -0500] "GET /sipse/css/custom_css_sg.css HTTP/1.1" 200 9694
186.80.52.180 - - [23/Dec/2023:08:02:18 -0500] "GET /sipse/css/custom_css_sg_prime_login.css HTTP/1.1" 200 443
186.80.52.180 - - [23/Dec/2023:08:02:18 -0500] "GET /sipse/faces/javax.faces.resource/theme.css?ln=primefaces-sipse HTTP/1.1" 304 -
186.80.52.180 - - [23/Dec/2023:08:02:18 -0500] "GET /sipse/faces/javax.faces.resource/primefaces.js?ln=primefaces&v=4.0 HTTP/1.1" 304 -
186.80.52.180 - - [23/Dec/2023:08:02:18 -0500] "GET /sipse/faces/javax.faces.resource/jquery/jquery-plugins.js?ln=primefaces&v=4.0 HTTP/1.1" 304 -
186.80.52.180 - - [23/Dec/2023:08:02:18 -0500] "GET /sipse/faces/javax.faces.resource/jquery/jquery.js?ln=primefaces&v=4.0 HTTP/1.1" 304 -
186.80.52.180 - - [23/Dec/2023:08:02:18 -0500] "GET /sipse/js/funciones.js HTTP/1.1" 200 12592
186.80.52.180 - - [23/Dec/2023:08:02:18 -0500] "GET /sipse/faces/javax.faces.resource/layout/layout.css?ln=primefaces&v=4.0 HTTP/1.1" 304 -
186.80.52.180 - - [23/Dec/2023:08:02:18 -0500] "GET /sipse/faces/javax.faces.resource/primefaces.css?ln=primefaces&v=4.0 HTTP/1.1" 304 -
186.80.52.180 - - [23/Dec/2023:08:02:18 -0500] "GET /sipse/faces/javax.faces.resource/layout/layout.js?ln=primefaces&v=4.0 HTTP/1.1" 304 -
186.80.52.180 - - [23/Dec/2023:08:02:18 -0500] "GET /sipse/css/imagen/logoSDG.png HTTP/1.1" 200 53064
186.80.52.180 - - [23/Dec/2023:08:02:18 -0500] "GET /sipse/css/imagen/loginimg.png HTTP/1.1" 200 71635
186.80.52.180 - - [23/Dec/2023:08:02:18 -0500] "GET /sipse/faces/javax.faces.resource/images/ui-icons_898989_256x240.png?ln=primefaces-aristo HTTP/1.1" 304 -
186.80.52.180 - - [23/Dec/2023:08:02:23 -0500] "POST /sipse/faces/autenticacion.xhtml HTTP/1.1" 200 2217
186.80.52.180 - - [23/Dec/2023:08:02:23 -0500] "GET /sipse/faces/javax.faces.resource/messages/messages.png?ln=primefaces&v=4.0 HTTP/1.1" 304 -
186.80.52.180 - - [23/Dec/2023:08:02:25 -0500] "POST /sipse/faces/autenticacion.xhtml HTTP/1.1" 200 16451
186.80.52.180 - - [23/Dec/2023:08:02:25 -0500] "GET /sipse/css/custom_css_sg_prime.css HTTP/1.1" 200 5201
186.80.52.180 - - [23/Dec/2023:08:02:25 -0500] "GET /sipse/faces/javax.faces.resource/theme.css?ln=primefaces-sipse HTTP/1.1" 304 -
186.80.52.180 - - [23/Dec/2023:08:02:25 -0500] "GET /sipse/faces/javax.faces.resource/primefaces.css?ln=primefaces&v=4.0 HTTP/1.1" 304 -
186.80.52.180 - - [23/Dec/2023:08:02:25 -0500] "GET /sipse/faces/javax.faces.resource/layout/layout.css?ln=primefaces&v=4.0 HTTP/1.1" 304 -
186.80.52.180 - - [23/Dec/2023:08:02:25 -0500] "GET /sipse/js/jquery.min.js HTTP/1.1" 200 85582
186.80.52.180 - - [23/Dec/2023:08:02:25 -0500] "GET /sipse/faces/javax.faces.resource/jquery/jquery.js?ln=primefaces&v=4.0 HTTP/1.1" 304 -
186.80.52.180 - - [23/Dec/2023:08:02:25 -0500] "GET /sipse/faces/javax.faces.resource/jquery/jquery-plugins.js?ln=primefaces&v=4.0 HTTP/1.1" 304 -
186.80.52.180 - - [23/Dec/2023:08:02:26 -0500] "GET /sipse/faces/javax.faces.resource/primefaces.js?ln=primefaces&v=4.0 HTTP/1.1" 304 -
186.80.52.180 - - [23/Dec/2023:08:02:26 -0500] "GET /sipse/faces/javax.faces.resource/layout/layout.js?ln=primefaces&v=4.0 HTTP/1.1" 304 -
186.80.52.180 - - [23/Dec/2023:08:02:26 -0500] "GET /sipse/css/v_mergente.css HTTP/1.1" 200 1505
186.80.52.180 - - [23/Dec/2023:08:02:26 -0500] "GET /sipse/css/imagen/contrasena.png HTTP/1.1" 404 383
186.80.52.180 - - [23/Dec/2023:08:02:26 -0500] "GET /sipse/imagenes/cargando.gif HTTP/1.1" 200 36959
186.80.52.180 - - [23/Dec/2023:08:02:26 -0500] "GET /sipse/imagenes/logoAplicacion.jpg HTTP/1.1" 200 155084
186.80.52.180 - - [23/Dec/2023:08:02:41 -0500] "POST /sipse/faces/bienvenido.xhtml HTTP/1.1" 200 2658
186.80.52.180 - - [23/Dec/2023:08:02:41 -0500] "GET /sipse/faces/javax.faces.resource/images/ui-bg_flat_0_2d5972_40x100.png?ln=primefaces-aristo HTTP/1.1" 304 -
186.80.52.180 - - [23/Dec/2023:08:02:42 -0500] "POST /sipse/faces/bienvenido.xhtml HTTP/1.1" 200 64160
186.80.52.180 - - [23/Dec/2023:08:02:43 -0500] "GET /sipse/faces/javax.faces.resource/theme.css?ln=primefaces-sipse HTTP/1.1" 304 -
186.80.52.180 - - [23/Dec/2023:08:02:43 -0500] "GET /sipse/faces/javax.faces.resource/layout/layout.css?ln=primefaces&v=4.0 HTTP/1.1" 304 -
186.80.52.180 - - [23/Dec/2023:08:02:43 -0500] "GET /sipse/faces/javax.faces.resource/primefaces.css?ln=primefaces&v=4.0 HTTP/1.1" 304 -
186.80.52.180 - - [23/Dec/2023:08:02:44 -0500] "GET /sipse/faces/javax.faces.resource/jquery/jquery.js?ln=primefaces&v=4.0 HTTP/1.1" 304 -
186.80.52.180 - - [23/Dec/2023:08:02:44 -0500] "GET /sipse/faces/javax.faces.resource/jquery/jquery-plugins.js?ln=primefaces&v=4.0 HTTP/1.1" 304 -
186.80.52.180 - - [23/Dec/2023:08:02:44 -0500] "GET /sipse/faces/javax.faces.resource/primefaces.js?ln=primefaces&v=4.0 HTTP/1.1" 304 -
186.80.52.180 - - [23/Dec/2023:08:02:44 -0500] "GET /sipse/faces/javax.faces.resource/layout/layout.js?ln=primefaces&v=4.0 HTTP/1.1" 304 -
186.80.52.180 - - [23/Dec/2023:08:02:44 -0500] "POST /sipse/faces/presentacion/financiero/solicitudProceso/listarSolicitudProceso.xhtml HTTP/1.1" 200 1564
186.80.52.180 - - [23/Dec/2023:08:02:46 -0500] "POST /sipse/faces/presentacion/financiero/solicitudProceso/listarSolicitudProceso.xhtml HTTP/1.1" 200 29182
186.80.52.180 - - [23/Dec/2023:08:02:49 -0500] "POST /sipse/faces/presentacion/financiero/solicitudProceso/listarSolicitudProceso.xhtml HTTP/1.1" 200 167255
186.80.52.180 - - [23/Dec/2023:08:02:50 -0500] "GET /sipse/faces/javax.faces.resource/primefaces.css?ln=primefaces&v=4.0 HTTP/1.1" 304 -
186.80.52.180 - - [23/Dec/2023:08:02:50 -0500] "GET /sipse/faces/javax.faces.resource/theme.css?ln=primefaces-sipse HTTP/1.1" 304 -
186.80.52.180 - - [23/Dec/2023:08:02:50 -0500] "GET /sipse/faces/javax.faces.resource/layout/layout.css?ln=primefaces&v=4.0 HTTP/1.1" 304 -
186.80.52.180 - - [23/Dec/2023:08:02:50 -0500] "GET /sipse/faces/javax.faces.resource/jquery/jquery.js?ln=primefaces&v=4.0 HTTP/1.1" 304 -
186.80.52.180 - - [23/Dec/2023:08:02:50 -0500] "GET /sipse/faces/javax.faces.resource/jquery/jquery-plugins.js?ln=primefaces&v=4.0 HTTP/1.1" 304 -
186.80.52.180 - - [23/Dec/2023:08:02:51 -0500] "GET /sipse/faces/javax.faces.resource/primefaces.js?ln=primefaces&v=4.0 HTTP/1.1" 304 -
186.80.52.180 - - [23/Dec/2023:08:02:51 -0500] "GET /sipse/faces/javax.faces.resource/layout/layout.js?ln=primefaces&v=4.0 HTTP/1.1" 304 -
186.80.52.180 - - [23/Dec/2023:08:02:59 -0500] "POST /sipse/faces/presentacion/financiero/solicitudProceso/consultarSolicitudProceso.xhtml HTTP/1.1" 200 2136645
186.80.52.180 - - [23/Dec/2023:08:03:09 -0500] "POST /sipse/faces/presentacion/financiero/solicitudProceso/consultarSolicitudProceso.xhtml HTTP/1.1" 200 21217
186.80.52.180 - - [23/Dec/2023:08:03:09 -0500] "GET /sipse/faces/javax.faces.resource/theme.css?ln=primefaces-sipse HTTP/1.1" 304 -
186.80.52.180 - - [23/Dec/2023:08:03:09 -0500] "GET /sipse/faces/javax.faces.resource/jquery/jquery.js?ln=primefaces&v=4.0 HTTP/1.1" 304 -
186.80.52.180 - - [23/Dec/2023:08:03:09 -0500] "GET /sipse/faces/javax.faces.resource/primefaces.css?ln=primefaces&v=4.0 HTTP/1.1" 304 -
186.80.52.180 - - [23/Dec/2023:08:03:09 -0500] "GET /sipse/faces/javax.faces.resource/layout/layout.css?ln=primefaces&v=4.0 HTTP/1.1" 304 -
186.80.52.180 - - [23/Dec/2023:08:03:09 -0500] "GET /sipse/faces/javax.faces.resource/fileupload/fileupload.css?ln=primefaces&v=4.0 HTTP/1.1" 304 -
186.80.52.180 - - [23/Dec/2023:08:03:09 -0500] "GET /sipse/faces/javax.faces.resource/jquery/jquery-plugins.js?ln=primefaces&v=4.0 HTTP/1.1" 304 -
186.80.52.180 - - [23/Dec/2023:08:03:09 -0500] "GET /sipse/faces/javax.faces.resource/primefaces.js?ln=primefaces&v=4.0 HTTP/1.1" 304 -
186.80.52.180 - - [23/Dec/2023:08:03:09 -0500] "GET /sipse/faces/javax.faces.resource/layout/layout.js?ln=primefaces&v=4.0 HTTP/1.1" 304 -
186.80.52.180 - - [23/Dec/2023:08:03:09 -0500] "GET /sipse/faces/javax.faces.resource/fileupload/fileupload.js?ln=primefaces&v=4.0 HTTP/1.1" 304 -
186.80.52.180 - - [23/Dec/2023:08:03:25 -0500] "GET /sipse/faces/javax.faces.resource/theme.css?ln=primefaces-sipse HTTP/1.1" 304 -
186.80.52.180 - - [23/Dec/2023:08:03:25 -0500] "GET /sipse/faces/javax.faces.resource/primefaces.css?ln=primefaces&v=4.0 HTTP/1.1" 304 -
