156.59.198.135 - - [23/Dec/2023:15:05:22 -0500] "GET /BLA/resoluciones/RESOLUCIONES%202016/2437.pdf HTTP/1.0" 200 367569
216.245.221.92 - - [23/Dec/2023:15:05:25 -0500] "HEAD / HTTP/1.1" 200 -
156.59.198.136 - - [23/Dec/2023:15:05:47 -0500] "GET /BLA/resoluciones/RESOLUCIONES%202010/3233.pdf HTTP/1.0" 200 736861
216.244.66.195 - - [23/Dec/2023:15:05:57 -0500] "GET /BLA/resoluciones/RESOLUCIONES%202019/3463.pdf HTTP/1.1" 200 468016
156.59.198.135 - - [23/Dec/2023:15:06:10 -0500] "GET /BLA/resoluciones/RESOLUCIONES%202010/4478.pdf HTTP/1.0" 200 421151
156.59.198.136 - - [23/Dec/2023:15:06:35 -0500] "GET /BLA/resoluciones/RESOLUCIONES%202010/3815.pdf HTTP/1.0" 200 532425
216.244.66.195 - - [23/Dec/2023:15:06:44 -0500] "GET /BLA/resoluciones/AUTOS%202019/0211.pdf HTTP/1.1" 200 247172
156.59.198.135 - - [23/Dec/2023:15:07:00 -0500] "GET /BLA/resoluciones/RESOLUCIONES%202010/4420.pdf HTTP/1.0" 200 459439
156.59.198.135 - - [23/Dec/2023:15:07:24 -0500] "GET /BLA/resoluciones/RESOLUCIONES%202010/3915.pdf HTTP/1.0" 200 81617
216.244.66.195 - - [23/Dec/2023:15:07:24 -0500] "GET /BLA/resoluciones/AUTOS%202019/0338.pdf HTTP/1.1" 200 270875
156.59.198.136 - - [23/Dec/2023:15:07:49 -0500] "GET /BLA/resoluciones/RESOLUCIONES%202010/2590.pdf HTTP/1.0" 200 469400
216.244.66.195 - - [23/Dec/2023:15:07:59 -0500] "GET /BLA/resoluciones/AUTOS%202019/0688.pdf HTTP/1.1" 200 536704
156.59.198.136 - - [23/Dec/2023:15:08:12 -0500] "GET /BLA/resoluciones/AUTOS%202007/3850.pdf HTTP/1.0" 200 89080
156.59.198.135 - - [23/Dec/2023:15:08:38 -0500] "GET /BLA/resoluciones/AUTOS%202007/3797.pdf HTTP/1.0" 200 112634
216.244.66.195 - - [23/Dec/2023:15:08:49 -0500] "GET /BLA/resoluciones/AUTOS%202019/1130.pdf HTTP/1.1" 200 269861
156.59.198.136 - - [23/Dec/2023:15:09:02 -0500] "GET /BLA/resoluciones/RESOLUCIONES%202010/2698.pdf HTTP/1.0" 200 396768
156.59.198.135 - - [23/Dec/2023:15:09:26 -0500] "GET /BLA/resoluciones/RESOLUCIONES%202010/4508.pdf HTTP/1.0" 200 1236231
216.244.66.195 - - [23/Dec/2023:15:09:26 -0500] "GET /BLA/resoluciones/AUTOS%202019/1587.pdf HTTP/1.1" 200 265508
172.22.2.4 - - [23/Dec/2023:15:09:28 -0500] "GET /BLA/boletinlegal/conceptos.php HTTP/1.1" 200 7496
156.59.198.136 - - [23/Dec/2023:15:09:51 -0500] "GET /BLA/resoluciones/RESOLUCIONES%202010/5009.pdf HTTP/1.0" 200 753349
201.245.192.253 - - [23/Dec/2023:15:09:50 -0500] "POST /kwsrmcab/Wsrmcab  HTTP/1.1" 200 40220
216.244.66.195 - - [23/Dec/2023:15:09:58 -0500] "GET /BLA/resoluciones/AUTOS%202019/1867.pdf HTTP/1.1" 200 266869
172.22.2.4 - - [23/Dec/2023:15:08:26 -0500] "HEAD /BLA/boletinlegal/ HTTP/1.1" 200 -
156.59.198.135 - - [23/Dec/2023:15:10:15 -0500] "GET /BLA/resoluciones/RESOLUCIONES%202010/4370.pdf HTTP/1.0" 200 436291
216.245.221.92 - - [23/Dec/2023:15:10:25 -0500] "HEAD / HTTP/1.1" 200 -
216.244.66.195 - - [23/Dec/2023:15:10:30 -0500] "GET /BLA/resoluciones/AUTOS%202019/1910.pdf HTTP/1.1" 200 377245
156.59.198.135 - - [23/Dec/2023:15:10:39 -0500] "GET /BLA/resoluciones/RESOLUCIONES%202010/2755.pdf HTTP/1.0" 200 522173
172.22.2.4 - - [23/Dec/2023:15:09:16 -0500] "GET /BLA/boletinlegal/ HTTP/1.1" 200 58567
216.244.66.195 - - [23/Dec/2023:15:11:02 -0500] "GET /BLA/resoluciones/AUTOS%202019/2676.pdf HTTP/1.1" 200 256314
156.59.198.135 - - [23/Dec/2023:15:11:03 -0500] "GET /BLA/resoluciones/RESOLUCIONES%202010/2171.pdf HTTP/1.0" 200 489445
156.59.198.136 - - [23/Dec/2023:15:11:28 -0500] "GET /BLA/resoluciones/RESOLUCIONES%202010/3931.pdf HTTP/1.0" 200 491065
216.244.66.195 - - [23/Dec/2023:15:11:31 -0500] "GET /BLA/resoluciones/AUTOS%202019/2888.pdf HTTP/1.1" 200 273106
156.59.198.136 - - [23/Dec/2023:15:11:51 -0500] "GET /BLA/resoluciones/RESOLUCIONES%202010/5234.pdf HTTP/1.0" 200 778733
216.244.66.195 - - [23/Dec/2023:15:11:59 -0500] "GET /BLA/resoluciones/AUTOS%202019/2908.pdf HTTP/1.1" 200 343714
156.59.198.135 - - [23/Dec/2023:15:12:15 -0500] "GET /BLA/resoluciones/RESOLUCIONES%202010/3346.pdf HTTP/1.0" 200 357597
216.244.66.195 - - [23/Dec/2023:15:12:23 -0500] "GET /BLA/resoluciones/AUTOS%202019/3087.pdf HTTP/1.1" 200 254055
156.59.198.135 - - [23/Dec/2023:15:12:40 -0500] "GET /BLA/resoluciones/RESOLUCIONES%202010/4227.pdf HTTP/1.0" 200 372534
216.244.66.195 - - [23/Dec/2023:15:12:47 -0500] "GET /BLA/resoluciones/AUTOS%202019/3134.pdf HTTP/1.1" 200 275597
156.59.198.136 - - [23/Dec/2023:15:13:03 -0500] "GET /BLA/resoluciones/RESOLUCIONES%202010/4304.pdf HTTP/1.0" 200 436339
216.244.66.195 - - [23/Dec/2023:15:13:10 -0500] "GET /BLA/resoluciones/AUTOS%202019/4165.pdf HTTP/1.1" 200 278380
156.59.198.135 - - [23/Dec/2023:15:13:28 -0500] "GET /BLA/resoluciones/AUTOS%202007/3615.pdf HTTP/1.0" 200 153465
216.244.66.195 - - [23/Dec/2023:15:13:35 -0500] "GET /BLA/resoluciones/AUTOS%202019/4374.pdf HTTP/1.1" 200 271136
156.59.198.135 - - [23/Dec/2023:15:13:53 -0500] "GET /BLA/resoluciones/RESOLUCIONES%202010/1941.pdf HTTP/1.0" 200 837293
216.244.66.195 - - [23/Dec/2023:15:14:00 -0500] "GET /BLA/resoluciones/AUTOS%202019/4455.pdf HTTP/1.1" 200 267653
69.63.189.3 - - [23/Dec/2023:15:14:07 -0500] "GET /distrito-exalto-a-246-empresas-de-bogota-por-su-alto-desempeno-y-responsabilidad-ambiental-durante-2023.html HTTP/1.1" 200 1039
69.63.189.8 - - [23/Dec/2023:15:14:07 -0500] "GET /distrito-exalto-a-246-empresas-de-bogota-por-su-alto-desempeno-y-responsabilidad-ambiental-durante-2023.html HTTP/1.1" 200 1039
69.63.189.6 - - [23/Dec/2023:15:14:07 -0500] "GET /distrito-exalto-a-246-empresas-de-bogota-por-su-alto-desempeno-y-responsabilidad-ambiental-durante-2023.html HTTP/1.1" 200 1039
156.59.198.136 - - [23/Dec/2023:15:14:18 -0500] "GET /BLA/resoluciones/RESOLUCIONES%202010/3308.pdf HTTP/1.0" 200 508161
156.59.198.135 - - [23/Dec/2023:15:14:42 -0500] "GET /BLA/resoluciones/RESOLUCIONES%202010/4673.pdf HTTP/1.0" 200 753363
201.245.192.253 - - [23/Dec/2023:15:14:49 -0500] "POST /kwsrmcab/Wsrmcab  HTTP/1.1" 200 40220
156.59.198.135 - - [23/Dec/2023:15:15:06 -0500] "GET /BLA/resoluciones/RESOLUCIONES%202010/5078.pdf HTTP/1.0" 200 497905
216.245.221.92 - - [23/Dec/2023:15:15:24 -0500] "HEAD / HTTP/1.1" 200 -
156.59.198.135 - - [23/Dec/2023:15:15:31 -0500] "GET /BLA/resoluciones/RESOLUCIONES%202010/4568.pdf HTTP/1.0" 200 1099870
156.59.198.136 - - [23/Dec/2023:15:15:55 -0500] "GET /BLA/resoluciones/RESOLUCIONES%202010/4777.pdf HTTP/1.0" 200 495625
172.22.2.4 - - [23/Dec/2023:15:14:16 -0500] "HEAD /BLA/boletinlegal/ HTTP/1.1" 200 -
85.208.96.207 - - [23/Dec/2023:15:15:59 -0500] "GET /robots.txt HTTP/1.1" 404 1035
85.208.96.212 - - [23/Dec/2023:15:15:59 -0500] "GET /portaldeninos/humedal-torca-y-guaymaral-2/ HTTP/1.1" 200 88086
156.59.198.135 - - [23/Dec/2023:15:16:20 -0500] "GET /BLA/resoluciones/RESOLUCIONES%202010/4403.pdf HTTP/1.0" 200 756507
201.245.192.253 - - [23/Dec/2023:15:16:19 -0500] "POST /kwsrmcab/Wsrmcab HTTP/1.1" 200 35535
201.245.192.253 - - [23/Dec/2023:15:16:22 -0500] "POST /kwsrmcab/Wsrmcab HTTP/1.1" 200 37058
156.59.198.136 - - [23/Dec/2023:15:16:45 -0500] "GET /BLA/resoluciones/RESOLUCIONES%202010/4412.pdf HTTP/1.0" 200 457829
172.22.2.4 - - [23/Dec/2023:15:15:06 -0500] "GET /BLA/boletinlegal/ HTTP/1.1" 200 60910
156.59.198.136 - - [23/Dec/2023:15:17:09 -0500] "GET /BLA/resoluciones/RESOLUCIONES%202010/2492.pdf HTTP/1.0" 200 374812
186.154.66.63 - - [23/Dec/2023:15:17:32 -0500] "GET /distrito-exalto-a-246-empresas-de-bogota-por-su-alto-desempeno-y-responsabilidad-ambiental-durante-2023.html?fbclid=IwAR120WxExW3mKz4hkJ0oGnglOEo3sBdEkP_UhqbW3xGwxsZzo2uLcqC6gLo HTTP/1.1" 200 1039
156.59.198.135 - - [23/Dec/2023:15:17:33 -0500] "GET /BLA/resoluciones/RESOLUCIONES%202010/4262.pdf HTTP/1.0" 200 628572
31.13.127.23 - - [23/Dec/2023:15:17:52 -0500] "GET /bogota-lista-para-ser-la-sede-de-la-ii-convencion-internacional-de-emergencia-climatica.html HTTP/1.1" 200 934
31.13.103.118 - - [23/Dec/2023:15:17:52 -0500] "GET /images/presentaci\xc3\xb3n%20convenci\xc3\xb3n.jpg HTTP/1.1" 404 1034
156.59.198.136 - - [23/Dec/2023:15:17:57 -0500] "GET /BLA/resoluciones/RESOLUCIONES%202010/4393.pdf HTTP/1.0" 200 596383
156.59.198.135 - - [23/Dec/2023:15:18:23 -0500] "GET /BLA/resoluciones/RESOLUCIONES%202010/3788.pdf HTTP/1.0" 200 1041354
69.171.249.116 - - [23/Dec/2023:15:18:24 -0500] "GET /bogota-lista-para-ser-la-sede-de-la-ii-convencion-internacional-de-emergencia-climatica.html HTTP/1.1" 200 934
31.13.103.118 - - [23/Dec/2023:15:18:29 -0500] "GET /bogota-lista-para-ser-la-sede-de-la-ii-convencion-internacional-de-emergencia-climatica.html HTTP/1.1" 200 934
156.59.198.135 - - [23/Dec/2023:15:18:47 -0500] "GET /BLA/resoluciones/RESOLUCIONES%202010/5193.pdf HTTP/1.0" 200 1357527
156.59.198.135 - - [23/Dec/2023:15:19:10 -0500] "GET /BLA/resoluciones/RESOLUCIONES%202010/3615.pdf HTTP/1.0" 200 992787
173.252.107.7 - - [23/Dec/2023:15:19:15 -0500] "GET /mis-de-50-aves-silvestres-fueron-recuperadas-en-la-localidad-de-tunjuelito.html HTTP/1.1" 206 806
173.252.107.1 - - [23/Dec/2023:15:19:15 -0500] "GET /mis-de-50-aves-silvestres-fueron-recuperadas-en-la-localidad-de-tunjuelito.html HTTP/1.1" 200 806
173.252.107.118 - - [23/Dec/2023:15:19:18 -0500] "GET /mis-de-50-aves-silvestres-fueron-recuperadas-en-la-localidad-de-tunjuelito.html HTTP/1.1" 200 806
173.252.107.2 - - [23/Dec/2023:15:19:18 -0500] "GET /mis-de-50-aves-silvestres-fueron-recuperadas-en-la-localidad-de-tunjuelito.html HTTP/1.1" 200 806
173.252.95.6 - - [23/Dec/2023:15:19:22 -0500] "GET /images/terrazas%20verdes.jpg HTTP/1.1" 200 63951
156.59.198.135 - - [23/Dec/2023:15:19:34 -0500] "GET /BLA/resoluciones/AUTOS%202007/3852.pdf HTTP/1.0" 200 142270
173.252.79.6 - - [23/Dec/2023:15:19:43 -0500] "GET /images/agua%20bogota.jpg HTTP/1.1" 200 74348
201.245.192.253 - - [23/Dec/2023:15:19:47 -0500] "POST /kwsrmcab/Wsrmcab  HTTP/1.1" 200 40220
156.59.198.136 - - [23/Dec/2023:15:20:00 -0500] "GET /BLA/resoluciones/RESOLUCIONES%202010/4142.pdf HTTP/1.0" 200 490863
201.245.192.253 - - [23/Dec/2023:15:20:19 -0500] "POST /kwsrmcab/Wsrmcab HTTP/1.1" 200 35535
156.59.198.136 - - [23/Dec/2023:15:20:23 -0500] "GET /BLA/resoluciones/RESOLUCIONES%202010/2681.pdf HTTP/1.0" 200 374786
216.245.221.92 - - [23/Dec/2023:15:20:24 -0500] "HEAD / HTTP/1.1" 200 -
201.245.192.253 - - [23/Dec/2023:15:20:24 -0500] "POST /kwsrmcab/Wsrmcab HTTP/1.1" 200 37058
156.59.198.135 - - [23/Dec/2023:15:20:49 -0500] "GET /BLA/resoluciones/RESOLUCIONES%202010/2625.pdf HTTP/1.0" 200 514369
156.59.198.136 - - [23/Dec/2023:15:21:11 -0500] "GET /BLA/resoluciones/RESOLUCIONES%202010/3399.pdf HTTP/1.0" 200 321960
186.27.238.146 - - [23/Dec/2023:15:21:29 -0500] "GET /distrito-exalto-a-246-empresas-de-bogota-por-su-alto-desempeno-y-responsabilidad-ambiental-durante-2023.html HTTP/1.1" 200 1039
156.59.198.136 - - [23/Dec/2023:15:21:36 -0500] "GET /BLA/resoluciones/RESOLUCIONES%202016/0651.pdf HTTP/1.0" 200 716757
157.55.39.204 - - [23/Dec/2023:15:21:42 -0500] "GET /BLA/boletinlegal/js/jquery.scrollShow.js HTTP/1.1" 200 4586
172.22.2.4 - - [23/Dec/2023:15:20:06 -0500] "HEAD /BLA/boletinlegal/ HTTP/1.1" 200 -
156.59.198.136 - - [23/Dec/2023:15:22:00 -0500] "GET /BLA/resoluciones/RESOLUCIONES%202010/2618.pdf HTTP/1.0" 200 337837
156.59.198.135 - - [23/Dec/2023:15:22:24 -0500] "GET /BLA/resoluciones/RESOLUCIONES%202010/2149.pdf HTTP/1.0" 200 524257
181.155.223.149 - - [23/Dec/2023:15:22:33 -0500] "POST /sipse/faces/presentacion/financiero/solicitudProceso/consultar.xhtml HTTP/1.1" 200 12790
181.155.223.149 - - [23/Dec/2023:15:22:34 -0500] "POST /sipse/faces/presentacion/financiero/solicitudProceso/consultar.xhtml HTTP/1.1" 200 12794
172.22.2.4 - - [23/Dec/2023:15:20:56 -0500] "GET /BLA/boletinlegal/ HTTP/1.1" 200 60910
181.155.223.149 - - [23/Dec/2023:15:22:40 -0500] "POST /sipse/faces/presentacion/financiero/solicitudProceso/consultar.xhtml HTTP/1.1" 200 12861
181.155.223.149 - - [23/Dec/2023:15:22:42 -0500] "POST /sipse/faces/presentacion/financiero/solicitudProceso/consultar.xhtml HTTP/1.1" 200 12861
156.59.198.136 - - [23/Dec/2023:15:22:49 -0500] "GET /BLA/resoluciones/RESOLUCIONES%202010/3870.pdf HTTP/1.0" 200 1103606
181.155.223.149 - - [23/Dec/2023:15:22:50 -0500] "POST /sipse/faces/presentacion/financiero/solicitudProceso/consultar.xhtml HTTP/1.1" 200 12762
156.59.198.135 - - [23/Dec/2023:15:23:13 -0500] "GET /BLA/resoluciones/RESOLUCIONES%202010/4095.pdf HTTP/1.0" 200 351778
156.59.198.136 - - [23/Dec/2023:15:23:38 -0500] "GET /BLA/resoluciones/RESOLUCIONES%202010/3264.pdf HTTP/1.0" 200 493877
191.102.199.26 - - [23/Dec/2023:15:23:56 -0500] "GET /distrito-exalto-a-246-empresas-de-bogota-por-su-alto-desempeno-y-responsabilidad-ambiental-durante-2023.html HTTP/1.1" 200 1039
156.59.198.136 - - [23/Dec/2023:15:24:02 -0500] "GET /BLA/resoluciones/RESOLUCIONES%202010/5027.pdf HTTP/1.0" 200 814618
156.59.198.135 - - [23/Dec/2023:15:24:26 -0500] "GET /BLA/resoluciones/RESOLUCIONES%202010/2659.pdf HTTP/1.0" 200 393373
201.245.192.253 - - [23/Dec/2023:15:24:47 -0500] "POST /kwsrmcab/Wsrmcab  HTTP/1.1" 200 40220
156.59.198.136 - - [23/Dec/2023:15:24:51 -0500] "GET /BLA/resoluciones/RESOLUCIONES%202010/2419.pdf HTTP/1.0" 200 562883
156.59.198.135 - - [23/Dec/2023:15:25:16 -0500] "GET /BLA/resoluciones/RESOLUCIONES%202010/4872.pdf HTTP/1.0" 200 699407
182.44.2.148 - - [23/Dec/2023:15:25:20 -0500] "GET / HTTP/1.1" 200 319
216.245.221.92 - - [23/Dec/2023:15:25:24 -0500] "HEAD / HTTP/1.1" 200 -
156.59.198.136 - - [23/Dec/2023:15:25:40 -0500] "GET /BLA/resoluciones/RESOLUCIONES%202010/3955.pdf HTTP/1.0" 200 504817
156.59.198.135 - - [23/Dec/2023:15:26:03 -0500] "GET /BLA/resoluciones/RESOLUCIONES%202010/3914.pdf HTTP/1.0" 200 1140274
216.244.66.195 - - [23/Dec/2023:15:26:11 -0500] "GET /robots.txt HTTP/1.1" 404 1018
201.245.192.253 - - [23/Dec/2023:15:26:20 -0500] "POST /kwsrmcab/Wsrmcab HTTP/1.1" 200 35535
201.245.192.253 - - [23/Dec/2023:15:26:23 -0500] "POST /kwsrmcab/Wsrmcab HTTP/1.1" 200 37058
156.59.198.136 - - [23/Dec/2023:15:26:28 -0500] "GET /BLA/resoluciones/RESOLUCIONES%202010/3313.pdf HTTP/1.0" 200 571917
156.59.198.136 - - [23/Dec/2023:15:26:52 -0500] "GET /BLA/resoluciones/RESOLUCIONES%202010/2730.pdf HTTP/1.0" 200 375748
31.13.103.116 - - [23/Dec/2023:15:27:13 -0500] "GET /secretaria-de-ambiente-reconocio-entidades-por-sus-buenas-practicas-ambientales.html HTTP/1.1" 200 892
173.252.79.118 - - [23/Dec/2023:15:27:14 -0500] "GET /secretaria-de-ambiente-reconocio-entidades-por-sus-buenas-practicas-ambientales.html HTTP/1.1" 200 892
173.252.79.7 - - [23/Dec/2023:15:27:14 -0500] "GET /secretaria-de-ambiente-reconocio-entidades-por-sus-buenas-practicas-ambientales.html HTTP/1.1" 200 892
173.252.79.6 - - [23/Dec/2023:15:27:14 -0500] "GET /secretaria-de-ambiente-reconocio-entidades-por-sus-buenas-practicas-ambientales.html HTTP/1.1" 200 892
156.59.198.135 - - [23/Dec/2023:15:27:16 -0500] "GET /BLA/resoluciones/RESOLUCIONES%202010/3830.pdf HTTP/1.0" 200 3001226
172.22.2.4 - - [23/Dec/2023:15:25:56 -0500] "HEAD /BLA/boletinlegal/ HTTP/1.1" 200 -
156.59.198.136 - - [23/Dec/2023:15:27:41 -0500] "GET /BLA/resoluciones/RESOLUCIONES%202010/2726.pdf HTTP/1.0" 200 379214
156.59.198.136 - - [23/Dec/2023:15:28:05 -0500] "GET /BLA/resoluciones/RESOLUCIONES%202010/5277.pdf HTTP/1.0" 200 758203
172.22.2.4 - - [23/Dec/2023:15:26:46 -0500] "GET /BLA/boletinlegal/ HTTP/1.1" 200 58567
156.59.198.136 - - [23/Dec/2023:15:28:28 -0500] "GET /BLA/resoluciones/AUTOS%202007/3754.pdf HTTP/1.0" 200 128934
156.59.198.136 - - [23/Dec/2023:15:28:54 -0500] "GET /BLA/resoluciones/RESOLUCIONES%202010/4008.pdf HTTP/1.0" 200 605263
156.59.198.136 - - [23/Dec/2023:15:29:18 -0500] "GET /BLA/resoluciones/RESOLUCIONES%202010/4195.pdf HTTP/1.0" 200 385273
156.59.198.135 - - [23/Dec/2023:15:29:43 -0500] "GET /BLA/resoluciones/RESOLUCIONES%202010/2490.pdf HTTP/1.0" 200 446050
201.245.192.253 - - [23/Dec/2023:15:29:45 -0500] "POST /kwsrmcab/Wsrmcab  HTTP/1.1" 200 40220
156.59.198.135 - - [23/Dec/2023:15:30:07 -0500] "GET /BLA/resoluciones/RESOLUCIONES%202010/2984.pdf HTTP/1.0" 200 967478
201.245.192.253 - - [23/Dec/2023:15:30:18 -0500] "POST /kwsrmcab/Wsrmcab HTTP/1.1" 200 35535
216.245.221.92 - - [23/Dec/2023:15:30:25 -0500] "HEAD / HTTP/1.1" 200 -
201.245.192.253 - - [23/Dec/2023:15:30:24 -0500] "POST /kwsrmcab/Wsrmcab HTTP/1.1" 200 37058
156.59.198.135 - - [23/Dec/2023:15:30:31 -0500] "GET /BLA/resoluciones/RESOLUCIONES%202010/5052.pdf HTTP/1.0" 200 763507
156.59.198.136 - - [23/Dec/2023:15:30:55 -0500] "GET /BLA/resoluciones/RESOLUCIONES%202010/3078.pdf HTTP/1.0" 200 358307
156.59.198.135 - - [23/Dec/2023:15:31:22 -0500] "GET /BLA/resoluciones/RESOLUCIONES%202010/2577.pdf HTTP/1.0" 200 418624
156.59.198.136 - - [23/Dec/2023:15:31:45 -0500] "GET /BLA/resoluciones/RESOLUCIONES%202010/4996.pdf HTTP/1.0" 200 752339
156.59.198.135 - - [23/Dec/2023:15:32:10 -0500] "GET /BLA/resoluciones/RESOLUCIONES%202010/4150.pdf HTTP/1.0" 200 755481
201.185.108.180 - - [23/Dec/2023:15:32:11 -0500] "GET /distrito-exalta-48-arboles-patrimoniales-y-15-de-interes-publico-en-bogota.html HTTP/1.1" 200 816
156.59.198.135 - - [23/Dec/2023:15:32:34 -0500] "GET /BLA/resoluciones/RESOLUCIONES%202010/2835.pdf HTTP/1.0" 200 317796
156.59.198.135 - - [23/Dec/2023:15:32:59 -0500] "GET /BLA/resoluciones/RESOLUCIONES%202010/3680.pdf HTTP/1.0" 200 914636
156.59.198.136 - - [23/Dec/2023:15:33:25 -0500] "GET /BLA/resoluciones/RESOLUCIONES%202010/4716.pdf HTTP/1.0" 200 451796
172.22.2.4 - - [23/Dec/2023:15:31:46 -0500] "HEAD /BLA/boletinlegal/ HTTP/1.1" 200 -
156.59.198.135 - - [23/Dec/2023:15:33:48 -0500] "GET /BLA/resoluciones/RESOLUCIONES%202007/RES%202007%202201%20AL%202300/RESOLUCION%202233%20%20DE%202007.pdf HTTP/1.0" 200 837069
156.59.198.136 - - [23/Dec/2023:15:34:13 -0500] "GET /BLA/resoluciones/RESOLUCIONES%202010/3104.pdf HTTP/1.0" 200 498977
172.22.2.4 - - [23/Dec/2023:15:32:36 -0500] "GET /BLA/boletinlegal/ HTTP/1.1" 200 58567
156.59.198.135 - - [23/Dec/2023:15:34:37 -0500] "GET /BLA/resoluciones/RESOLUCIONES%202010/4052.pdf HTTP/1.0" 200 731372
201.245.192.253 - - [23/Dec/2023:15:34:44 -0500] "POST /kwsrmcab/Wsrmcab  HTTP/1.1" 200 40220
156.59.198.136 - - [23/Dec/2023:15:35:01 -0500] "GET /BLA/resoluciones/RESOLUCIONES%202010/3838.pdf HTTP/1.0" 200 330325
216.245.221.92 - - [23/Dec/2023:15:35:24 -0500] "HEAD / HTTP/1.1" 200 -
156.59.198.136 - - [23/Dec/2023:15:35:26 -0500] "GET /BLA/resoluciones/RESOLUCIONES%202010/2986.pdf HTTP/1.0" 200 990036
172.22.2.4 - - [23/Dec/2023:15:34:06 -0500] "GET /BLA/boletinlegal/ HTTP/1.1" 200 62422
156.59.198.136 - - [23/Dec/2023:15:35:50 -0500] "GET /BLA/resoluciones/RESOLUCIONES%202007/RES%202007%201401%20AL%201500/RESOLUCION%201475%20DE%202007.pdf HTTP/1.0" 200 269438
156.59.198.136 - - [23/Dec/2023:15:36:14 -0500] "GET /BLA/resoluciones/RESOLUCIONES%202010/5186.pdf HTTP/1.0" 200 921782
201.245.192.253 - - [23/Dec/2023:15:36:20 -0500] "POST /kwsrmcab/Wsrmcab HTTP/1.1" 200 35535
201.245.192.253 - - [23/Dec/2023:15:36:23 -0500] "POST /kwsrmcab/Wsrmcab HTTP/1.1" 200 37058
191.156.236.36 - - [23/Dec/2023:15:36:32 -0500] "GET /sipse/faces/index.xhtml HTTP/1.1" 200 677
191.156.236.36 - - [23/Dec/2023:15:36:32 -0500] "GET /sipse/faces/javax.faces.resource/theme.css?ln=primefaces-sipse HTTP/1.1" 304 -
191.156.236.36 - - [23/Dec/2023:15:36:32 -0500] "GET /sipse/faces/faces/autenticacion.xhtml HTTP/1.1" 200 12407
191.156.236.36 - - [23/Dec/2023:15:36:33 -0500] "GET /sipse/faces/javax.faces.resource/theme.css?ln=primefaces-sipse HTTP/1.1" 304 -
191.156.236.36 - - [23/Dec/2023:15:36:33 -0500] "GET /sipse/js/disable_browser_buttons.js HTTP/1.1" 304 -
191.156.236.36 - - [23/Dec/2023:15:36:33 -0500] "GET /sipse/css/custom_css_sg.css HTTP/1.1" 304 -
191.156.236.36 - - [23/Dec/2023:15:36:33 -0500] "GET /sipse/faces/javax.faces.resource/primefaces.css?ln=primefaces&v=4.0 HTTP/1.1" 304 -
191.156.236.36 - - [23/Dec/2023:15:36:33 -0500] "GET /sipse/faces/javax.faces.resource/layout/layout.css?ln=primefaces&v=4.0 HTTP/1.1" 304 -
191.156.236.36 - - [23/Dec/2023:15:36:33 -0500] "GET /sipse/css/custom_css_sg_prime_login.css HTTP/1.1" 304 -
191.156.236.36 - - [23/Dec/2023:15:36:33 -0500] "GET /sipse/js/funciones.js HTTP/1.1" 304 -
191.156.236.36 - - [23/Dec/2023:15:36:33 -0500] "GET /sipse/faces/javax.faces.resource/jquery/jquery.js?ln=primefaces&v=4.0 HTTP/1.1" 304 -
191.156.236.36 - - [23/Dec/2023:15:36:33 -0500] "GET /sipse/faces/javax.faces.resource/primefaces.js?ln=primefaces&v=4.0 HTTP/1.1" 304 -
191.156.236.36 - - [23/Dec/2023:15:36:33 -0500] "GET /sipse/faces/javax.faces.resource/jquery/jquery-plugins.js?ln=primefaces&v=4.0 HTTP/1.1" 304 -
191.156.236.36 - - [23/Dec/2023:15:36:33 -0500] "GET /sipse/faces/javax.faces.resource/layout/layout.js?ln=primefaces&v=4.0 HTTP/1.1" 304 -
191.156.236.36 - - [23/Dec/2023:15:36:33 -0500] "GET /sipse/css/imagen/logoSDG.png HTTP/1.1" 304 -
191.156.236.36 - - [23/Dec/2023:15:36:33 -0500] "GET /sipse/css/imagen/loginimg.png HTTP/1.1" 304 -
191.156.236.36 - - [23/Dec/2023:15:36:33 -0500] "GET /sipse/faces/javax.faces.resource/images/ui-icons_898989_256x240.png?ln=primefaces-aristo HTTP/1.1" 304 -
191.156.236.36 - - [23/Dec/2023:15:36:35 -0500] "POST /sipse/faces/autenticacion.xhtml HTTP/1.1" 200 11260
191.156.236.36 - - [23/Dec/2023:15:36:35 -0500] "GET /sipse/faces/javax.faces.resource/theme.css?ln=primefaces-sipse HTTP/1.1" 304 -
191.156.236.36 - - [23/Dec/2023:15:36:35 -0500] "GET /sipse/faces/javax.faces.resource/primefaces.css?ln=primefaces&v=4.0 HTTP/1.1" 304 -
191.156.236.36 - - [23/Dec/2023:15:36:35 -0500] "GET /sipse/faces/javax.faces.resource/layout/layout.css?ln=primefaces&v=4.0 HTTP/1.1" 304 -
191.156.236.36 - - [23/Dec/2023:15:36:35 -0500] "GET /sipse/faces/javax.faces.resource/jquery/jquery.js?ln=primefaces&v=4.0 HTTP/1.1" 304 -
191.156.236.36 - - [23/Dec/2023:15:36:35 -0500] "GET /sipse/css/custom_css_sg_prime.css HTTP/1.1" 304 -
191.156.236.36 - - [23/Dec/2023:15:36:36 -0500] "GET /sipse/faces/javax.faces.resource/jquery/jquery-plugins.js?ln=primefaces&v=4.0 HTTP/1.1" 304 -
191.156.236.36 - - [23/Dec/2023:15:36:36 -0500] "GET /sipse/faces/javax.faces.resource/primefaces.js?ln=primefaces&v=4.0 HTTP/1.1" 304 -
191.156.236.36 - - [23/Dec/2023:15:36:36 -0500] "GET /sipse/faces/javax.faces.resource/layout/layout.js?ln=primefaces&v=4.0 HTTP/1.1" 304 -
191.156.236.36 - - [23/Dec/2023:15:36:36 -0500] "GET /sipse/faces/javax.faces.resource/messages/messages.png?ln=primefaces&v=4.0 HTTP/1.1" 304 -
156.59.198.136 - - [23/Dec/2023:15:36:38 -0500] "GET /BLA/resoluciones/RESOLUCIONES%202010/5224.pdf HTTP/1.0" 200 785463
191.156.236.36 - - [23/Dec/2023:15:36:43 -0500] "POST /sipse/faces/presentacion/sistema/seguridad/seleccionRol.xhtml HTTP/1.1" 200 5624
191.156.236.36 - - [23/Dec/2023:15:36:44 -0500] "POST /sipse/faces/presentacion/sistema/seguridad/seleccionRol.xhtml HTTP/1.1" 200 15256
191.156.236.36 - - [23/Dec/2023:15:36:44 -0500] "GET /sipse/faces/javax.faces.resource/theme.css?ln=primefaces-sipse HTTP/1.1" 304 -
191.156.236.36 - - [23/Dec/2023:15:36:44 -0500] "GET /sipse/faces/javax.faces.resource/layout/layout.css?ln=primefaces&v=4.0 HTTP/1.1" 304 -
191.156.236.36 - - [23/Dec/2023:15:36:44 -0500] "GET /sipse/faces/javax.faces.resource/primefaces.css?ln=primefaces&v=4.0 HTTP/1.1" 304 -
191.156.236.36 - - [23/Dec/2023:15:36:44 -0500] "GET /sipse/js/jquery.min.js HTTP/1.1" 304 -
191.156.236.36 - - [23/Dec/2023:15:36:44 -0500] "GET /sipse/faces/javax.faces.resource/jquery/jquery.js?ln=primefaces&v=4.0 HTTP/1.1" 304 -
191.156.236.36 - - [23/Dec/2023:15:36:45 -0500] "GET /sipse/faces/javax.faces.resource/jquery/jquery-plugins.js?ln=primefaces&v=4.0 HTTP/1.1" 304 -
191.156.236.36 - - [23/Dec/2023:15:36:45 -0500] "GET /sipse/faces/javax.faces.resource/primefaces.js?ln=primefaces&v=4.0 HTTP/1.1" 304 -
191.156.236.36 - - [23/Dec/2023:15:36:45 -0500] "GET /sipse/faces/javax.faces.resource/layout/layout.js?ln=primefaces&v=4.0 HTTP/1.1" 304 -
191.156.236.36 - - [23/Dec/2023:15:36:45 -0500] "GET /sipse/css/imagen/contrasena.png HTTP/1.1" 404 383
191.156.236.36 - - [23/Dec/2023:15:36:45 -0500] "GET /sipse/css/v_mergente.css HTTP/1.1" 304 -
191.156.236.36 - - [23/Dec/2023:15:36:45 -0500] "GET /sipse/imagenes/cargando.gif HTTP/1.1" 304 -
191.156.236.36 - - [23/Dec/2023:15:36:45 -0500] "GET /sipse/imagenes/logoAplicacion.jpg HTTP/1.1" 304 -
191.156.236.36 - - [23/Dec/2023:15:36:49 -0500] "GET /sipse/faces/javax.faces.resource/images/ui-bg_flat_0_2d5972_40x100.png?ln=primefaces-aristo HTTP/1.1" 304 -
191.156.236.36 - - [23/Dec/2023:15:36:49 -0500] "POST /sipse/faces/bienvenido.xhtml HTTP/1.1" 200 3246
191.156.236.36 - - [23/Dec/2023:15:36:50 -0500] "POST /sipse/faces/bienvenido.xhtml HTTP/1.1" 200 63362
191.156.236.36 - - [23/Dec/2023:15:36:50 -0500] "GET /sipse/faces/javax.faces.resource/primefaces.css?ln=primefaces&v=4.0 HTTP/1.1" 304 -
191.156.236.36 - - [23/Dec/2023:15:36:50 -0500] "GET /sipse/faces/javax.faces.resource/theme.css?ln=primefaces-sipse HTTP/1.1" 304 -
191.156.236.36 - - [23/Dec/2023:15:36:50 -0500] "GET /sipse/faces/javax.faces.resource/layout/layout.css?ln=primefaces&v=4.0 HTTP/1.1" 304 -
191.156.236.36 - - [23/Dec/2023:15:36:50 -0500] "GET /sipse/faces/javax.faces.resource/jquery/jquery.js?ln=primefaces&v=4.0 HTTP/1.1" 304 -
191.156.236.36 - - [23/Dec/2023:15:36:50 -0500] "GET /sipse/faces/javax.faces.resource/jquery/jquery-plugins.js?ln=primefaces&v=4.0 HTTP/1.1" 304 -
191.156.236.36 - - [23/Dec/2023:15:36:51 -0500] "GET /sipse/faces/javax.faces.resource/primefaces.js?ln=primefaces&v=4.0 HTTP/1.1" 304 -
191.156.236.36 - - [23/Dec/2023:15:36:51 -0500] "GET /sipse/faces/javax.faces.resource/layout/layout.js?ln=primefaces&v=4.0 HTTP/1.1" 304 -
191.156.236.36 - - [23/Dec/2023:15:36:51 -0500] "POST /sipse/faces/presentacion/financiero/solicitudProceso/listarSolicitudProceso.xhtml HTTP/1.1" 200 1564
191.156.236.36 - - [23/Dec/2023:15:36:55 -0500] "POST /sipse/faces/presentacion/financiero/solicitudProceso/listarSolicitudProceso.xhtml HTTP/1.1" 200 46254
191.156.236.36 - - [23/Dec/2023:15:36:56 -0500] "POST /sipse/faces/presentacion/financiero/solicitudProceso/listarSolicitudProceso.xhtml HTTP/1.1" 200 1564
191.156.236.36 - - [23/Dec/2023:15:36:57 -0500] "POST /sipse/faces/presentacion/financiero/solicitudProceso/listarSolicitudProceso.xhtml HTTP/1.1" 200 22838
191.156.236.36 - - [23/Dec/2023:15:36:57 -0500] "POST /sipse/faces/presentacion/financiero/solicitudProceso/listarSolicitudProceso.xhtml HTTP/1.1" 200 34645
156.59.198.136 - - [23/Dec/2023:15:37:02 -0500] "GET /BLA/resoluciones/RESOLUCIONES%202010/3184.pdf HTTP/1.0" 200 48890
156.59.198.135 - - [23/Dec/2023:15:37:27 -0500] "GET /BLA/resoluciones/RESOLUCIONES%202010/3200.pdf HTTP/1.0" 200 599573
156.59.198.135 - - [23/Dec/2023:15:37:51 -0500] "GET /BLA/resoluciones/RESOLUCIONES%202010/3111.pdf HTTP/1.0" 200 547405
172.22.2.4 - - [23/Dec/2023:15:38:11 -0500] "GET /BLA/boletinlegal/Circulares/2019/.pdf HTTP/1.1" 404 1218
156.59.198.136 - - [23/Dec/2023:15:38:16 -0500] "GET /BLA/resoluciones/RESOLUCIONES%202010/4425.pdf HTTP/1.0" 200 459127
172.22.2.4 - - [23/Dec/2023:15:38:19 -0500] "GET /BLA/boletinlegal/Circulares/2012/Circular%20No.%2010%20del%2026%20de%20Enero%20de%202012.pdf HTTP/1.1" 404 1218
156.59.198.136 - - [23/Dec/2023:15:38:39 -0500] "GET /BLA/resoluciones/RESOLUCIONES%202010/4153.pdf HTTP/1.0" 200 754443
156.59.198.136 - - [23/Dec/2023:15:39:04 -0500] "GET /BLA/resoluciones/RESOLUCIONES%202007/RES%202007%202801%20AL%202900/RESOLUCION%202841%20DE%202007.pdf HTTP/1.0" 200 540024
172.22.2.4 - - [23/Dec/2023:15:37:36 -0500] "HEAD /BLA/boletinlegal/ HTTP/1.1" 200 -
168.119.253.11 - - [23/Dec/2023:15:39:28 -0500] "GET / HTTP/1.1" 200 319
156.59.198.135 - - [23/Dec/2023:15:39:28 -0500] "GET /BLA/resoluciones/RESOLUCIONES%202010/3695.pdf HTTP/1.0" 200 675324
168.119.253.11 - - [23/Dec/2023:15:39:28 -0500] "GET / HTTP/1.1" 200 4720
201.245.192.253 - - [23/Dec/2023:15:39:41 -0500] "POST /kwsrmcab/Wsrmcab  HTTP/1.1" 200 40220
156.59.198.136 - - [23/Dec/2023:15:39:52 -0500] "GET /BLA/resoluciones/RESOLUCIONES%202010/2238.pdf HTTP/1.0" 200 341990
172.22.2.4 - - [23/Dec/2023:15:38:26 -0500] "GET /BLA/boletinlegal/ HTTP/1.1" 200 58567
156.59.198.136 - - [23/Dec/2023:15:40:16 -0500] "GET /BLA/resoluciones/RESOLUCIONES%202010/3731.pdf HTTP/1.0" 200 439882
201.245.192.253 - - [23/Dec/2023:15:40:19 -0500] "POST /kwsrmcab/Wsrmcab HTTP/1.1" 200 35535
216.245.221.92 - - [23/Dec/2023:15:40:24 -0500] "HEAD / HTTP/1.1" 200 -
201.245.192.253 - - [23/Dec/2023:15:40:23 -0500] "POST /kwsrmcab/Wsrmcab HTTP/1.1" 200 37058
216.244.66.195 - - [23/Dec/2023:15:40:33 -0500] "GET /BLA/resoluciones/AUTOS%202019/0477.pdf HTTP/1.1" 200 251553
156.59.198.135 - - [23/Dec/2023:15:40:40 -0500] "GET /BLA/resoluciones/RESOLUCIONES%202010/5270.pdf HTTP/1.0" 200 831352
177.222.121.251 - - [23/Dec/2023:15:40:43 -0500] "GET / HTTP/1.1" 200 319
156.59.198.135 - - [23/Dec/2023:15:41:05 -0500] "GET /BLA/resoluciones/RESOLUCIONES%202010/2101.pdf HTTP/1.0" 200 612127
216.244.66.195 - - [23/Dec/2023:15:41:17 -0500] "GET /BLA/resoluciones/AUTOS%202019/1822.pdf HTTP/1.1" 200 276349
156.59.198.136 - - [23/Dec/2023:15:41:30 -0500] "GET /BLA/resoluciones/RESOLUCIONES%202007/RES%202007%202801%20AL%202900/RESOLUCION%202867%20DE%202007.pdf HTTP/1.0" 200 512577
156.59.198.135 - - [23/Dec/2023:15:41:54 -0500] "GET /BLA/resoluciones/RESOLUCIONES%202010/4209.pdf HTTP/1.0" 200 428401
216.244.66.195 - - [23/Dec/2023:15:42:00 -0500] "GET /BLA/resoluciones/AUTOS%202019/2291.pdf HTTP/1.1" 200 330466
156.59.198.136 - - [23/Dec/2023:15:42:18 -0500] "GET /BLA/resoluciones/RESOLUCIONES%202010/2300.pdf HTTP/1.0" 200 803943
156.59.198.136 - - [23/Dec/2023:15:42:42 -0500] "GET /BLA/resoluciones/RESOLUCIONES%202010/3986.pdf HTTP/1.0" 200 506409
216.244.66.195 - - [23/Dec/2023:15:42:46 -0500] "GET /BLA/resoluciones/AUTOS%202019/2331.pdf HTTP/1.1" 200 340041
156.59.198.135 - - [23/Dec/2023:15:43:06 -0500] "GET /BLA/resoluciones/RESOLUCIONES%202010/3245.pdf HTTP/1.0" 200 778743
156.59.198.136 - - [23/Dec/2023:15:43:30 -0500] "GET /BLA/resoluciones/RESOLUCIONES%202010/4566.pdf HTTP/1.0" 200 590507
216.244.66.195 - - [23/Dec/2023:15:43:31 -0500] "GET /BLA/resoluciones/AUTOS%202019/3391.pdf HTTP/1.1" 200 302124
156.59.198.136 - - [23/Dec/2023:15:43:56 -0500] "GET /BLA/resoluciones/RESOLUCIONES%202010/2774.pdf HTTP/1.0" 200 497657
186.102.95.117 - - [23/Dec/2023:15:43:58 -0500] "-" 408 -
156.59.198.135 - - [23/Dec/2023:15:44:19 -0500] "GET /BLA/resoluciones/RESOLUCIONES%202007/RES%202007%203801%20AL%203900/RESOLUCION%203836%20DE%202007.pdf HTTP/1.0" 200 1109131
216.244.66.195 - - [23/Dec/2023:15:44:21 -0500] "GET /BLA/resoluciones/AUTOS%202019/3400.pdf HTTP/1.1" 200 582086
201.245.192.253 - - [23/Dec/2023:15:44:41 -0500] "POST /kwsrmcab/Wsrmcab  HTTP/1.1" 200 40220
156.59.198.136 - - [23/Dec/2023:15:44:44 -0500] "GET /BLA/resoluciones/RESOLUCIONES%202010/4535.pdf HTTP/1.0" 200 749354
172.22.2.4 - - [23/Dec/2023:15:43:26 -0500] "HEAD /BLA/boletinlegal/ HTTP/1.1" 200 -
156.59.198.135 - - [23/Dec/2023:15:45:07 -0500] "GET /BLA/resoluciones/RESOLUCIONES%202010/4653.pdf HTTP/1.0" 200 258591
216.244.66.195 - - [23/Dec/2023:15:45:11 -0500] "GET /BLA/resoluciones/AUTOS%202019/3654.pdf HTTP/1.1" 200 306361
190.146.110.33 - - [23/Dec/2023:15:45:21 -0500] "GET /sipse/faces/faces/autenticacion.xhtml HTTP/1.1" 200 12729
190.146.110.33 - - [23/Dec/2023:15:45:22 -0500] "GET /sipse/js/disable_browser_buttons.js HTTP/1.1" 200 3230
190.146.110.33 - - [23/Dec/2023:15:45:22 -0500] "GET /sipse/js/funciones.js HTTP/1.1" 200 12592
190.146.110.33 - - [23/Dec/2023:15:45:22 -0500] "GET /sipse/css/custom_css_sg.css HTTP/1.1" 200 9694
190.146.110.33 - - [23/Dec/2023:15:45:22 -0500] "GET /sipse/faces/javax.faces.resource/theme.css?ln=primefaces-sipse HTTP/1.1" 304 -
190.146.110.33 - - [23/Dec/2023:15:45:22 -0500] "GET /sipse/css/custom_css_sg_prime_login.css HTTP/1.1" 304 -
190.146.110.33 - - [23/Dec/2023:15:45:22 -0500] "GET /sipse/faces/javax.faces.resource/layout/layout.css;jsessionid=nGN3k7B9cstAMmx4xv6lCRcp.undefined?ln=primefaces&v=4.0 HTTP/1.1" 200 542
190.146.110.33 - - [23/Dec/2023:15:45:22 -0500] "GET /sipse/faces/javax.faces.resource/primefaces.css;jsessionid=nGN3k7B9cstAMmx4xv6lCRcp.undefined?ln=primefaces&v=4.0 HTTP/1.1" 200 53295
190.146.110.33 - - [23/Dec/2023:15:45:22 -0500] "GET /sipse/faces/javax.faces.resource/layout/layout.js;jsessionid=nGN3k7B9cstAMmx4xv6lCRcp.undefined?ln=primefaces&v=4.0 HTTP/1.1" 200 87560
190.146.110.33 - - [23/Dec/2023:15:45:22 -0500] "GET /sipse/faces/javax.faces.resource/jquery/jquery-plugins.js;jsessionid=nGN3k7B9cstAMmx4xv6lCRcp.undefined?ln=primefaces&v=4.0 HTTP/1.1" 200 220526
190.146.110.33 - - [23/Dec/2023:15:45:22 -0500] "GET /sipse/faces/javax.faces.resource/jquery/jquery.js;jsessionid=nGN3k7B9cstAMmx4xv6lCRcp.undefined?ln=primefaces&v=4.0 HTTP/1.1" 200 105384
190.146.110.33 - - [23/Dec/2023:15:45:22 -0500] "GET /sipse/faces/javax.faces.resource/primefaces.js;jsessionid=nGN3k7B9cstAMmx4xv6lCRcp.undefined?ln=primefaces&v=4.0 HTTP/1.1" 200 276924
190.146.110.33 - - [23/Dec/2023:15:45:22 -0500] "GET /sipse/css/imagen/loginimg.png HTTP/1.1" 304 -
190.146.110.33 - - [23/Dec/2023:15:45:22 -0500] "GET /sipse/faces/javax.faces.resource/images/ui-icons_898989_256x240.png?ln=primefaces-aristo HTTP/1.1" 304 -
190.146.110.33 - - [23/Dec/2023:15:45:22 -0500] "GET /sipse/css/imagen/logoSDG.png HTTP/1.1" 200 53064
190.146.110.33 - - [23/Dec/2023:15:45:22 -0500] "GET /sipse/faces/faces/index.xhtml HTTP/1.1" 200 677
190.146.110.33 - - [23/Dec/2023:15:45:22 -0500] "GET /sipse/faces/javax.faces.resource/theme.css?ln=primefaces-sipse HTTP/1.1" 304 -
190.146.110.33 - - [23/Dec/2023:15:45:23 -0500] "GET /sipse/faces/faces/faces/autenticacion.xhtml HTTP/1.1" 200 12407
190.146.110.33 - - [23/Dec/2023:15:45:23 -0500] "GET /sipse/faces/javax.faces.resource/primefaces.css?ln=primefaces&v=4.0 HTTP/1.1" 304 -
190.146.110.33 - - [23/Dec/2023:15:45:23 -0500] "GET /sipse/faces/javax.faces.resource/theme.css?ln=primefaces-sipse HTTP/1.1" 304 -
190.146.110.33 - - [23/Dec/2023:15:45:23 -0500] "GET /sipse/faces/javax.faces.resource/layout/layout.css?ln=primefaces&v=4.0 HTTP/1.1" 304 -
190.146.110.33 - - [23/Dec/2023:15:45:23 -0500] "GET /sipse/faces/javax.faces.resource/jquery/jquery.js?ln=primefaces&v=4.0 HTTP/1.1" 304 -
190.146.110.33 - - [23/Dec/2023:15:45:23 -0500] "GET /sipse/faces/javax.faces.resource/jquery/jquery-plugins.js?ln=primefaces&v=4.0 HTTP/1.1" 304 -
190.146.110.33 - - [23/Dec/2023:15:45:23 -0500] "GET /sipse/faces/javax.faces.resource/primefaces.js?ln=primefaces&v=4.0 HTTP/1.1" 304 -
190.146.110.33 - - [23/Dec/2023:15:45:23 -0500] "GET /sipse/faces/javax.faces.resource/layout/layout.js?ln=primefaces&v=4.0 HTTP/1.1" 304 -
190.69.225.75 - - [23/Dec/2023:15:45:24 -0500] "GET /distrito-exalto-a-246-empresas-de-bogota-por-su-alto-desempeno-y-responsabilidad-ambiental-durante-2023.html HTTP/1.1" 200 1039
216.245.221.92 - - [23/Dec/2023:15:45:24 -0500] "HEAD / HTTP/1.1" 200 -
156.59.198.135 - - [23/Dec/2023:15:45:32 -0500] "GET /BLA/resoluciones/RESOLUCIONES%202010/4348.pdf HTTP/1.0" 200 496219
190.146.110.33 - - [23/Dec/2023:15:45:33 -0500] "POST /sipse/faces/autenticacion.xhtml HTTP/1.1" 200 11260
190.146.110.33 - - [23/Dec/2023:15:45:33 -0500] "GET /sipse/faces/javax.faces.resource/theme.css?ln=primefaces-sipse HTTP/1.1" 304 -
190.146.110.33 - - [23/Dec/2023:15:45:33 -0500] "GET /sipse/faces/javax.faces.resource/primefaces.css?ln=primefaces&v=4.0 HTTP/1.1" 304 -
190.146.110.33 - - [23/Dec/2023:15:45:33 -0500] "GET /sipse/css/custom_css_sg_prime.css HTTP/1.1" 200 5201
190.146.110.33 - - [23/Dec/2023:15:45:33 -0500] "GET /sipse/faces/javax.faces.resource/layout/layout.css?ln=primefaces&v=4.0 HTTP/1.1" 304 -
190.146.110.33 - - [23/Dec/2023:15:45:33 -0500] "GET /sipse/faces/javax.faces.resource/jquery/jquery.js?ln=primefaces&v=4.0 HTTP/1.1" 304 -
190.146.110.33 - - [23/Dec/2023:15:45:33 -0500] "GET /sipse/faces/javax.faces.resource/jquery/jquery-plugins.js?ln=primefaces&v=4.0 HTTP/1.1" 304 -
190.146.110.33 - - [23/Dec/2023:15:45:33 -0500] "GET /sipse/faces/javax.faces.resource/primefaces.js?ln=primefaces&v=4.0 HTTP/1.1" 304 -
190.146.110.33 - - [23/Dec/2023:15:45:33 -0500] "GET /sipse/faces/javax.faces.resource/layout/layout.js?ln=primefaces&v=4.0 HTTP/1.1" 304 -
190.146.110.33 - - [23/Dec/2023:15:45:34 -0500] "GET /sipse/faces/javax.faces.resource/messages/messages.png?ln=primefaces&v=4.0 HTTP/1.1" 304 -
190.146.110.33 - - [23/Dec/2023:15:45:35 -0500] "GET /sipse/faces/javax.faces.resource/images/ui-icons_898989_256x240.png?ln=primefaces-aristo HTTP/1.1" 304 -
190.146.110.33 - - [23/Dec/2023:15:45:36 -0500] "POST /sipse/faces/presentacion/sistema/seguridad/seleccionRol.xhtml HTTP/1.1" 200 5899
181.53.4.135 - - [23/Dec/2023:15:45:37 -0500] "GET /distrito-exalta-48-arboles-patrimoniales-y-15-de-interes-publico-en-bogota.html HTTP/1.1" 200 816
190.146.110.33 - - [23/Dec/2023:15:45:38 -0500] "POST /sipse/faces/presentacion/sistema/seguridad/seleccionRol.xhtml HTTP/1.1" 200 5624
190.146.110.33 - - [23/Dec/2023:15:45:39 -0500] "POST /sipse/faces/presentacion/sistema/seguridad/seleccionRol.xhtml HTTP/1.1" 200 15256
190.146.110.33 - - [23/Dec/2023:15:45:39 -0500] "GET /sipse/faces/javax.faces.resource/theme.css?ln=primefaces-sipse HTTP/1.1" 304 -
190.146.110.33 - - [23/Dec/2023:15:45:39 -0500] "GET /sipse/faces/javax.faces.resource/primefaces.css?ln=primefaces&v=4.0 HTTP/1.1" 304 -
190.146.110.33 - - [23/Dec/2023:15:45:39 -0500] "GET /sipse/faces/javax.faces.resource/layout/layout.css?ln=primefaces&v=4.0 HTTP/1.1" 304 -
190.146.110.33 - - [23/Dec/2023:15:45:39 -0500] "GET /sipse/js/jquery.min.js HTTP/1.1" 200 85582
190.146.110.33 - - [23/Dec/2023:15:45:41 -0500] "GET /sipse/faces/javax.faces.resource/jquery/jquery.js?ln=primefaces&v=4.0 HTTP/1.1" 304 -
190.146.110.33 - - [23/Dec/2023:15:45:41 -0500] "GET /sipse/faces/javax.faces.resource/jquery/jquery-plugins.js?ln=primefaces&v=4.0 HTTP/1.1" 304 -
190.146.110.33 - - [23/Dec/2023:15:45:42 -0500] "GET /sipse/faces/javax.faces.resource/primefaces.js?ln=primefaces&v=4.0 HTTP/1.1" 304 -
190.146.110.33 - - [23/Dec/2023:15:45:42 -0500] "GET /sipse/faces/javax.faces.resource/layout/layout.js?ln=primefaces&v=4.0 HTTP/1.1" 304 -
190.146.110.33 - - [23/Dec/2023:15:45:42 -0500] "GET /sipse/css/v_mergente.css HTTP/1.1" 304 -
190.146.110.33 - - [23/Dec/2023:15:45:42 -0500] "GET /sipse/imagenes/logoAplicacion.jpg HTTP/1.1" 304 -
190.146.110.33 - - [23/Dec/2023:15:45:42 -0500] "GET /sipse/css/imagen/contrasena.png HTTP/1.1" 404 383
190.146.110.33 - - [23/Dec/2023:15:45:42 -0500] "GET /sipse/imagenes/cargando.gif HTTP/1.1" 200 36959
190.146.110.33 - - [23/Dec/2023:15:45:44 -0500] "POST /sipse/faces/bienvenido.xhtml HTTP/1.1" 200 3246
190.146.110.33 - - [23/Dec/2023:15:45:44 -0500] "GET /sipse/faces/javax.faces.resource/images/ui-bg_flat_0_2d5972_40x100.png?ln=primefaces-aristo HTTP/1.1" 304 -
190.146.110.33 - - [23/Dec/2023:15:45:45 -0500] "POST /sipse/faces/bienvenido.xhtml HTTP/1.1" 200 63362
190.146.110.33 - - [23/Dec/2023:15:45:47 -0500] "GET /sipse/faces/javax.faces.resource/theme.css?ln=primefaces-sipse HTTP/1.1" 304 -
190.146.110.33 - - [23/Dec/2023:15:45:47 -0500] "GET /sipse/faces/javax.faces.resource/primefaces.css?ln=primefaces&v=4.0 HTTP/1.1" 304 -
190.146.110.33 - - [23/Dec/2023:15:45:47 -0500] "GET /sipse/faces/javax.faces.resource/layout/layout.css?ln=primefaces&v=4.0 HTTP/1.1" 304 -
190.146.110.33 - - [23/Dec/2023:15:45:47 -0500] "GET /sipse/faces/javax.faces.resource/jquery/jquery.js?ln=primefaces&v=4.0 HTTP/1.1" 304 -
190.146.110.33 - - [23/Dec/2023:15:45:47 -0500] "GET /sipse/faces/javax.faces.resource/jquery/jquery-plugins.js?ln=primefaces&v=4.0 HTTP/1.1" 304 -
190.146.110.33 - - [23/Dec/2023:15:45:47 -0500] "GET /sipse/faces/javax.faces.resource/primefaces.js?ln=primefaces&v=4.0 HTTP/1.1" 304 -
190.146.110.33 - - [23/Dec/2023:15:45:47 -0500] "GET /sipse/faces/javax.faces.resource/layout/layout.js?ln=primefaces&v=4.0 HTTP/1.1" 304 -
190.146.110.33 - - [23/Dec/2023:15:45:48 -0500] "POST /sipse/faces/presentacion/financiero/solicitudProceso/listarSolicitudProceso.xhtml HTTP/1.1" 200 1564
190.146.110.33 - - [23/Dec/2023:15:45:48 -0500] "POST /sipse/faces/presentacion/financiero/solicitudProceso/listarSolicitudProceso.xhtml HTTP/1.1" 200 46254
190.146.110.33 - - [23/Dec/2023:15:45:50 -0500] "POST /sipse/faces/presentacion/financiero/solicitudProceso/listarSolicitudProceso.xhtml HTTP/1.1" 200 1564
190.146.110.33 - - [23/Dec/2023:15:45:50 -0500] "POST /sipse/faces/presentacion/financiero/solicitudProceso/listarSolicitudProceso.xhtml HTTP/1.1" 200 22838
190.146.110.33 - - [23/Dec/2023:15:45:51 -0500] "POST /sipse/faces/presentacion/financiero/solicitudProceso/listarSolicitudProceso.xhtml HTTP/1.1" 200 34645
172.22.2.4 - - [23/Dec/2023:15:44:16 -0500] "GET /BLA/boletinlegal/ HTTP/1.1" 200 58567
216.244.66.195 - - [23/Dec/2023:15:45:57 -0500] "GET /BLA/resoluciones/AUTOS%202019/3811.pdf HTTP/1.1" 200 269515
190.146.110.33 - - [23/Dec/2023:15:45:57 -0500] "POST /sipse/faces/presentacion/financiero/solicitudProceso/listarSolicitudProceso.xhtml HTTP/1.1" 200 4640
156.59.198.135 - - [23/Dec/2023:15:45:58 -0500] "GET /BLA/resoluciones/RESOLUCIONES%202010/4321.pdf HTTP/1.0" 200 79967
156.59.198.135 - - [23/Dec/2023:15:46:22 -0500] "GET /BLA/resoluciones/RESOLUCIONES%202010/2557.pdf HTTP/1.0" 200 528215
216.244.66.195 - - [23/Dec/2023:15:46:37 -0500] "GET /BLA/resoluciones/AUTOS%202019/3916.pdf HTTP/1.1" 200 266079
156.59.198.135 - - [23/Dec/2023:15:46:46 -0500] "GET /BLA/resoluciones/RESOLUCIONES%202007/RES%202007%201401%20AL%201500/RESOLUCION%201433%20DE%202007.pdf HTTP/1.0" 200 306298
190.146.110.33 - - [23/Dec/2023:15:47:03 -0500] "POST /sipse/faces/presentacion/financiero/solicitudProceso/listarSolicitudProceso.xhtml HTTP/1.1" 200 126421
190.146.110.33 - - [23/Dec/2023:15:47:04 -0500] "GET /sipse/faces/javax.faces.resource/theme.css?ln=primefaces-sipse HTTP/1.1" 304 -
190.146.110.33 - - [23/Dec/2023:15:47:04 -0500] "GET /sipse/faces/javax.faces.resource/layout/layout.css?ln=primefaces&v=4.0 HTTP/1.1" 304 -
190.146.110.33 - - [23/Dec/2023:15:47:04 -0500] "GET /sipse/faces/javax.faces.resource/jquery/jquery.js?ln=primefaces&v=4.0 HTTP/1.1" 304 -
190.146.110.33 - - [23/Dec/2023:15:47:04 -0500] "GET /sipse/faces/javax.faces.resource/primefaces.css?ln=primefaces&v=4.0 HTTP/1.1" 304 -
190.146.110.33 - - [23/Dec/2023:15:47:04 -0500] "GET /sipse/faces/javax.faces.resource/jquery/jquery-plugins.js?ln=primefaces&v=4.0 HTTP/1.1" 304 -
190.146.110.33 - - [23/Dec/2023:15:47:04 -0500] "GET /sipse/faces/javax.faces.resource/primefaces.js?ln=primefaces&v=4.0 HTTP/1.1" 304 -
190.146.110.33 - - [23/Dec/2023:15:47:04 -0500] "GET /sipse/faces/javax.faces.resource/layout/layout.js?ln=primefaces&v=4.0 HTTP/1.1" 304 -
190.146.110.33 - - [23/Dec/2023:15:47:05 -0500] "GET /sipse/faces/javax.faces.resource/dynamiccontent.properties?ln=primefaces&pfdrid=XjOR5%2F%2FfPAZAuY9TpWQeCiM0BhlXxYRBGKi%2FQcXXfeA%3D&pfdrid_c=false HTTP/1.1" 500 383
156.59.198.136 - - [23/Dec/2023:15:47:09 -0500] "GET /BLA/resoluciones/RESOLUCIONES%202007/RES%202007%203801%20AL%203900/RESOLUCION%203870%20DE%202007.pdf HTTP/1.0" 200 308289
190.146.110.33 - - [23/Dec/2023:15:47:10 -0500] "POST /sipse/faces/presentacion/financiero/solicitudProceso/consultarSolicitudProceso.xhtml HTTP/1.1" 200 24206
190.146.110.33 - - [23/Dec/2023:15:47:11 -0500] "GET /sipse/faces/javax.faces.resource/primefaces.css?ln=primefaces&v=4.0 HTTP/1.1" 304 -
190.146.110.33 - - [23/Dec/2023:15:47:11 -0500] "GET /sipse/faces/javax.faces.resource/theme.css?ln=primefaces-sipse HTTP/1.1" 304 -
190.146.110.33 - - [23/Dec/2023:15:47:11 -0500] "GET /sipse/faces/javax.faces.resource/jquery/jquery.js?ln=primefaces&v=4.0 HTTP/1.1" 304 -
190.146.110.33 - - [23/Dec/2023:15:47:11 -0500] "GET /sipse/faces/javax.faces.resource/layout/layout.css?ln=primefaces&v=4.0 HTTP/1.1" 304 -
190.146.110.33 - - [23/Dec/2023:15:47:11 -0500] "GET /sipse/faces/javax.faces.resource/primefaces.js?ln=primefaces&v=4.0 HTTP/1.1" 304 -
190.146.110.33 - - [23/Dec/2023:15:47:11 -0500] "GET /sipse/faces/javax.faces.resource/layout/layout.js?ln=primefaces&v=4.0 HTTP/1.1" 304 -
190.146.110.33 - - [23/Dec/2023:15:47:11 -0500] "GET /sipse/faces/javax.faces.resource/jquery/jquery-plugins.js?ln=primefaces&v=4.0 HTTP/1.1" 304 -
190.146.110.33 - - [23/Dec/2023:15:47:16 -0500] "GET /sipse/faces/javax.faces.resource/primefaces.css?ln=primefaces&v=4.0 HTTP/1.1" 304 -
190.146.110.33 - - [23/Dec/2023:15:47:16 -0500] "GET /sipse/faces/javax.faces.resource/theme.css?ln=primefaces-sipse HTTP/1.1" 304 -
190.146.110.33 - - [23/Dec/2023:15:47:16 -0500] "GET /sipse/faces/javax.faces.resource/layout/layout.css?ln=primefaces&v=4.0 HTTP/1.1" 304 -
190.146.110.33 - - [23/Dec/2023:15:47:16 -0500] "GET /sipse/faces/javax.faces.resource/jquery/jquery-plugins.js?ln=primefaces&v=4.0 HTTP/1.1" 304 -
190.146.110.33 - - [23/Dec/2023:15:47:16 -0500] "GET /sipse/faces/javax.faces.resource/jquery/jquery.js?ln=primefaces&v=4.0 HTTP/1.1" 304 -
190.146.110.33 - - [23/Dec/2023:15:47:17 -0500] "GET /sipse/faces/javax.faces.resource/layout/layout.js?ln=primefaces&v=4.0 HTTP/1.1" 304 -
190.146.110.33 - - [23/Dec/2023:15:47:17 -0500] "GET /sipse/faces/javax.faces.resource/primefaces.js?ln=primefaces&v=4.0 HTTP/1.1" 304 -
190.146.110.33 - - [23/Dec/2023:15:47:16 -0500] "POST /sipse/faces/presentacion/financiero/solicitudProceso/registrarAnotacion.xhtml HTTP/1.1" 200 172167
190.146.110.33 - - [23/Dec/2023:15:47:18 -0500] "GET /sipse/faces/javax.faces.resource/dynamiccontent.properties?ln=primefaces&pfdrid=XjOR5%2F%2FfPAZAuY9TpWQeCiM0BhlXxYRBGKi%2FQcXXfeA%3D&pfdrid_c=false HTTP/1.1" 500 383
216.244.66.195 - - [23/Dec/2023:15:47:20 -0500] "GET /BLA/resoluciones/AUTOS%202019/3927.pdf HTTP/1.1" 200 270043
190.146.110.33 - - [23/Dec/2023:15:47:22 -0500] "POST /sipse/faces/presentacion/financiero/solicitudProceso/consultarSolicitudProceso.xhtml HTTP/1.1" 200 5503
156.59.198.136 - - [23/Dec/2023:15:47:33 -0500] "GET /BLA/resoluciones/RESOLUCIONES%202007/RES%202007%202201%20AL%202300/RESOLUCION%202205%20DE%202007.pdf HTTP/1.0" 200 551090
156.59.198.136 - - [23/Dec/2023:15:47:58 -0500] "GET /BLA/resoluciones/RESOLUCIONES%202007/RES%202007%202201%20AL%202300/RESOLUCION%202286%20DE%202007.pdf HTTP/1.0" 200 711447
216.244.66.195 - - [23/Dec/2023:15:48:06 -0500] "GET /BLA/resoluciones/AUTOS%202019/4171.pdf HTTP/1.1" 200 284465
156.59.198.136 - - [23/Dec/2023:15:48:22 -0500] "GET /BLA/resoluciones/RESOLUCIONES%202007/RES%202007%203801%20AL%203900/RESOLUCION%203894%20DE%202007.pdf HTTP/1.0" 200 806373
156.59.198.135 - - [23/Dec/2023:15:48:47 -0500] "GET /BLA/resoluciones/RESOLUCIONES%202007/RES%202007%202201%20AL%202300/RESOLUCION%202236%20DE%202007.pdf HTTP/1.0" 200 472584
216.244.66.195 - - [23/Dec/2023:15:48:53 -0500] "GET /BLA/resoluciones/AUTOS%202019/4397.pdf HTTP/1.1" 200 276261
156.59.198.135 - - [23/Dec/2023:15:49:11 -0500] "GET /BLA/resoluciones/RESOLUCIONES%202007/RES%202007%202201%20AL%202300/RESOLUCION%202281%20DE%202007.pdf HTTP/1.0" 200 640008
190.146.110.33 - - [23/Dec/2023:15:49:23 -0500] "GET /sipse/faces/javax.faces.resource/theme.css?ln=primefaces-sipse HTTP/1.1" 304 -
190.146.110.33 - - [23/Dec/2023:15:49:23 -0500] "POST /sipse/faces/presentacion/financiero/solicitudProceso/consultarSolicitudProceso.xhtml HTTP/1.1" 200 39203
190.146.110.33 - - [23/Dec/2023:15:49:23 -0500] "GET /sipse/faces/javax.faces.resource/layout/layout.css?ln=primefaces&v=4.0 HTTP/1.1" 304 -
190.146.110.33 - - [23/Dec/2023:15:49:23 -0500] "GET /sipse/faces/javax.faces.resource/primefaces.css?ln=primefaces&v=4.0 HTTP/1.1" 304 -
190.146.110.33 - - [23/Dec/2023:15:49:23 -0500] "GET /sipse/faces/javax.faces.resource/layout/layout.js?ln=primefaces&v=4.0 HTTP/1.1" 304 -
190.146.110.33 - - [23/Dec/2023:15:49:23 -0500] "GET /sipse/faces/javax.faces.resource/primefaces.js?ln=primefaces&v=4.0 HTTP/1.1" 304 -
190.146.110.33 - - [23/Dec/2023:15:49:23 -0500] "GET /sipse/faces/javax.faces.resource/jquery/jquery.js?ln=primefaces&v=4.0 HTTP/1.1" 304 -
190.146.110.33 - - [23/Dec/2023:15:49:23 -0500] "GET /sipse/faces/javax.faces.resource/jquery/jquery-plugins.js?ln=primefaces&v=4.0 HTTP/1.1" 304 -
190.146.110.33 - - [23/Dec/2023:15:49:23 -0500] "POST /sipse/faces/presentacion/financiero/solicitudProceso/listarSolicitudProceso.xhtml HTTP/1.1" 200 1396
190.146.110.33 - - [23/Dec/2023:15:49:23 -0500] "POST /sipse/faces/presentacion/financiero/solicitudProceso/listarSolicitudProceso.xhtml HTTP/1.1" 200 1388
190.146.110.33 - - [23/Dec/2023:15:49:26 -0500] "POST /sipse/faces/presentacion/financiero/solicitudProceso/listarSolicitudProceso.xhtml HTTP/1.1" 200 19978
216.244.66.195 - - [23/Dec/2023:15:49:33 -0500] "GET /BLA/resoluciones/AUTOS%202019/4433.pdf HTTP/1.1" 200 262248
156.59.198.136 - - [23/Dec/2023:15:49:36 -0500] "GET /BLA/resoluciones/RESOLUCIONES%202007/RES%202007%202201%20AL%202300/RESOLUCION%202258%20DE%202007.pdf HTTP/1.0" 200 549103
201.245.192.253 - - [23/Dec/2023:15:49:39 -0500] "POST /kwsrmcab/Wsrmcab  HTTP/1.1" 200 40220
156.59.198.135 - - [23/Dec/2023:15:50:00 -0500] "GET /BLA/resoluciones/RESOLUCIONES%202007/RES%202007%201401%20AL%201500/RESOLUCION%201424%20DE%202007.pdf HTTP/1.0" 200 358944
216.244.66.195 - - [23/Dec/2023:15:50:12 -0500] "GET /BLA/resoluciones/AUTOS%202019/4479.pdf HTTP/1.1" 200 286807
190.146.110.33 - - [23/Dec/2023:15:50:11 -0500] "POST /sipse/faces/presentacion/financiero/solicitudProceso/listarSolicitudProceso.xhtml HTTP/1.1" 200 120914
190.146.110.33 - - [23/Dec/2023:15:50:13 -0500] "GET /sipse/faces/javax.faces.resource/theme.css?ln=primefaces-sipse HTTP/1.1" 304 -
190.146.110.33 - - [23/Dec/2023:15:50:13 -0500] "GET /sipse/faces/javax.faces.resource/primefaces.css?ln=primefaces&v=4.0 HTTP/1.1" 304 -
190.146.110.33 - - [23/Dec/2023:15:50:13 -0500] "GET /sipse/faces/javax.faces.resource/jquery/jquery.js?ln=primefaces&v=4.0 HTTP/1.1" 304 -
190.146.110.33 - - [23/Dec/2023:15:50:13 -0500] "GET /sipse/faces/javax.faces.resource/layout/layout.css?ln=primefaces&v=4.0 HTTP/1.1" 304 -
190.146.110.33 - - [23/Dec/2023:15:50:14 -0500] "GET /sipse/faces/javax.faces.resource/jquery/jquery-plugins.js?ln=primefaces&v=4.0 HTTP/1.1" 304 -
