156.59.198.135 - - [23/Dec/2023:13:48:23 -0500] "GET /BLA/resoluciones/RESOLUCIONES%202009/1854.pdf HTTP/1.0" 200 469687
172.22.2.4 - - [23/Dec/2023:13:46:45 -0500] "HEAD /BLA/boletinlegal/ HTTP/1.1" 200 -
156.59.198.136 - - [23/Dec/2023:13:48:47 -0500] "GET /BLA/resoluciones/RESOLUCIONES%202009/2047.pdf HTTP/1.0" 200 634841
156.59.198.135 - - [23/Dec/2023:13:49:11 -0500] "GET /BLA/resoluciones/RESOLUCIONES%202009/1633.pdf HTTP/1.0" 200 503009
172.22.2.4 - - [23/Dec/2023:13:47:36 -0500] "GET /BLA/boletinlegal/ HTTP/1.1" 200 60502
156.59.198.136 - - [23/Dec/2023:13:49:36 -0500] "GET /BLA/resoluciones/Notificaciones/RESOLUCIONES%202022/3129.pdf HTTP/1.0" 200 422806
156.59.198.136 - - [23/Dec/2023:13:49:59 -0500] "GET /BLA/resoluciones/RESOLUCIONES%202009/1317.pdf HTTP/1.0" 200 414750
201.245.192.253 - - [23/Dec/2023:13:50:10 -0500] "POST /kwsrmcab/Wsrmcab  HTTP/1.1" 200 40220
156.59.198.136 - - [23/Dec/2023:13:50:23 -0500] "GET /BLA/resoluciones/RESOLUCIONES%202009/1413.pdf HTTP/1.0" 200 538260
216.245.221.92 - - [23/Dec/2023:13:50:25 -0500] "HEAD / HTTP/1.1" 200 -
156.59.198.136 - - [23/Dec/2023:13:50:48 -0500] "GET /BLA/resoluciones/RESOLUCIONES%202009/2077.pdf HTTP/1.0" 200 705251
156.59.198.135 - - [23/Dec/2023:13:51:11 -0500] "GET /BLA/resoluciones/Notificaciones/RESOLUCIONES%202022/2311.pdf HTTP/1.0" 200 409900
156.59.198.135 - - [23/Dec/2023:13:51:35 -0500] "GET /BLA/resoluciones/Notificaciones/RESOLUCIONES%202022/0782.pdf HTTP/1.0" 200 352970
156.59.198.136 - - [23/Dec/2023:13:51:59 -0500] "GET /BLA/resoluciones/RESOLUCIONES%202009/1510.pdf HTTP/1.0" 200 432870
156.59.198.136 - - [23/Dec/2023:13:52:24 -0500] "GET /BLA/resoluciones/Notificaciones/RESOLUCIONES%202022/5436.pdf HTTP/1.0" 200 6772205
114.119.131.112 - - [23/Dec/2023:13:52:30 -0500] "GET /BLA/resoluciones/index.php?dir=RESOLUCIONES%2B2001/ HTTP/1.1" 200 13903
173.252.95.13 - - [23/Dec/2023:13:52:35 -0500] "GET /images/Aves%20SDA.jpeg HTTP/1.1" 200 75104
156.59.198.135 - - [23/Dec/2023:13:52:48 -0500] "GET /BLA/resoluciones/RESOLUCIONES%202009/1874.pdf HTTP/1.0" 200 342276
156.59.198.135 - - [23/Dec/2023:13:53:13 -0500] "GET /BLA/resoluciones/RESOLUCIONES%202009/1254.pdf HTTP/1.0" 200 615394
156.59.198.135 - - [23/Dec/2023:13:53:37 -0500] "GET /BLA/resoluciones/Notificaciones/RESOLUCIONES%202022/2044.pdf HTTP/1.0" 200 415424
69.63.184.120 - - [23/Dec/2023:13:54:01 -0500] "GET /images/agua%20bogota.jpg HTTP/1.1" 200 74348
156.59.198.136 - - [23/Dec/2023:13:54:01 -0500] "GET /BLA/resoluciones/RESOLUCIONES%202009/1703.pdf HTTP/1.0" 200 616776
172.22.2.4 - - [23/Dec/2023:13:52:35 -0500] "HEAD /BLA/boletinlegal/ HTTP/1.1" 200 -
31.13.103.117 - - [23/Dec/2023:13:54:18 -0500] "GET /bogota-y-cundinamarca-consolidan-pagos-por-servicios-ambientales-con-nueva-firma-para-la-proteccion-del-agua.html HTTP/1.1" 200 821
156.59.198.136 - - [23/Dec/2023:13:54:26 -0500] "GET /BLA/resoluciones/RESOLUCIONES%202009/1999.pdf HTTP/1.0" 200 743612
156.59.198.135 - - [23/Dec/2023:13:54:51 -0500] "GET /BLA/resoluciones/Notificaciones/RESOLUCIONES%202022/3312.pdf HTTP/1.0" 200 395827
172.22.2.4 - - [23/Dec/2023:13:53:25 -0500] "GET /BLA/boletinlegal/ HTTP/1.1" 200 57683
201.245.192.253 - - [23/Dec/2023:13:55:09 -0500] "POST /kwsrmcab/Wsrmcab  HTTP/1.1" 200 40220
156.59.198.135 - - [23/Dec/2023:13:55:15 -0500] "GET /BLA/resoluciones/RESOLUCIONES%202009/1354.pdf HTTP/1.0" 200 644821
216.245.221.92 - - [23/Dec/2023:13:55:25 -0500] "HEAD / HTTP/1.1" 200 -
156.59.198.135 - - [23/Dec/2023:13:55:40 -0500] "GET /BLA/resoluciones/Notificaciones/RESOLUCIONES%202022/5039.pdf HTTP/1.0" 200 481233
156.59.198.135 - - [23/Dec/2023:13:56:05 -0500] "GET /BLA/resoluciones/RESOLUCIONES%202009/1407.pdf HTTP/1.0" 200 351313
156.59.198.136 - - [23/Dec/2023:13:56:29 -0500] "GET /BLA/resoluciones/RESOLUCIONES%202009/1887.pdf HTTP/1.0" 200 444264
156.59.198.136 - - [23/Dec/2023:13:56:53 -0500] "GET /BLA/resoluciones/Notificaciones/RESOLUCIONES%202022/1796.pdf HTTP/1.0" 200 2683861
156.59.198.136 - - [23/Dec/2023:13:57:18 -0500] "GET /BLA/resoluciones/RESOLUCIONES%202009/2007.pdf HTTP/1.0" 200 729076
172.22.2.4 - - [23/Dec/2023:13:57:28 -0500] "GET /BLA/boletinlegal/jurisprudencia/analisis/AnalisisT-606-15.docx HTTP/1.1" 200 26698
172.22.2.4 - - [23/Dec/2023:13:57:28 -0500] "GET /BLA/boletinlegal/apple-touch-icon-120x120-precomposed.png HTTP/1.1" 404 1140
172.22.2.4 - - [23/Dec/2023:13:57:28 -0500] "GET /BLA/boletinlegal/apple-touch-icon-120x120.png HTTP/1.1" 404 1140
172.22.2.4 - - [23/Dec/2023:13:57:29 -0500] "GET /BLA/boletinlegal/apple-touch-icon-precomposed.png HTTP/1.1" 404 1140
172.22.2.4 - - [23/Dec/2023:13:57:29 -0500] "GET /BLA/boletinlegal/apple-touch-icon.png HTTP/1.1" 404 1140
172.22.2.4 - - [23/Dec/2023:13:57:29 -0500] "GET /BLA/boletinlegal/favicon.ico HTTP/1.1" 404 1140
172.22.2.4 - - [23/Dec/2023:13:57:29 -0500] "GET /BLA/boletinlegal/apple-touch-icon-120x120-precomposed.png HTTP/1.1" 404 1140
172.22.2.4 - - [23/Dec/2023:13:57:29 -0500] "GET /BLA/boletinlegal/apple-touch-icon-120x120.png HTTP/1.1" 404 1140
172.22.2.4 - - [23/Dec/2023:13:57:29 -0500] "GET /BLA/boletinlegal/apple-touch-icon-precomposed.png HTTP/1.1" 404 1140
172.22.2.4 - - [23/Dec/2023:13:57:29 -0500] "GET /BLA/boletinlegal/apple-touch-icon.png HTTP/1.1" 404 1140
172.22.2.4 - - [23/Dec/2023:13:57:29 -0500] "GET /BLA/boletinlegal/favicon.ico HTTP/1.1" 404 1140
156.59.198.135 - - [23/Dec/2023:13:57:42 -0500] "GET /BLA/resoluciones/RESOLUCIONES%202009/1812.pdf HTTP/1.0" 200 417005
156.59.198.136 - - [23/Dec/2023:13:58:07 -0500] "GET /BLA/resoluciones/RESOLUCIONES%202009/1531.pdf HTTP/1.0" 200 810079
156.59.198.136 - - [23/Dec/2023:13:58:30 -0500] "GET /BLA/resoluciones/RESOLUCIONES%202009/2089.pdf HTTP/1.0" 200 443675
207.46.13.78 - - [23/Dec/2023:13:58:38 -0500] "GET /BLA/resoluciones/RESOLUCIONES%202017/2919.pdf HTTP/1.1" 200 266594
156.59.198.135 - - [23/Dec/2023:13:58:55 -0500] "GET /BLA/resoluciones/RESOLUCIONES%202009/1243.pdf HTTP/1.0" 200 612463
156.59.198.136 - - [23/Dec/2023:13:59:20 -0500] "GET /BLA/resoluciones/RESOLUCIONES%202009/1795.pdf HTTP/1.0" 200 189543
173.252.111.8 - - [23/Dec/2023:13:59:36 -0500] "GET /mis-de-50-aves-silvestres-fueron-recuperadas-en-la-localidad-de-tunjuelito.html HTTP/1.1" 200 806
156.59.198.136 - - [23/Dec/2023:13:59:44 -0500] "GET /BLA/resoluciones/Notificaciones/RESOLUCIONES%202022/2426.pdf HTTP/1.0" 200 432826
172.22.2.4 - - [23/Dec/2023:13:58:25 -0500] "HEAD /BLA/boletinlegal/ HTTP/1.1" 200 -
156.59.198.136 - - [23/Dec/2023:14:00:08 -0500] "GET /BLA/resoluciones/RESOLUCIONES%202009/1723.pdf HTTP/1.0" 200 275340
201.245.192.253 - - [23/Dec/2023:14:00:08 -0500] "POST /kwsrmcab/Wsrmcab  HTTP/1.1" 200 40220
216.245.221.92 - - [23/Dec/2023:14:00:25 -0500] "HEAD / HTTP/1.1" 200 -
156.59.198.135 - - [23/Dec/2023:14:00:33 -0500] "GET /BLA/resoluciones/RESOLUCIONES%202009/1692.pdf HTTP/1.0" 200 770474
172.22.2.4 - - [23/Dec/2023:13:59:16 -0500] "GET /BLA/boletinlegal/ HTTP/1.1" 200 58567
156.59.198.135 - - [23/Dec/2023:14:00:57 -0500] "GET /BLA/resoluciones/Notificaciones/RESOLUCIONES%202022/1553.pdf HTTP/1.0" 200 927639
186.102.95.117 - - [23/Dec/2023:14:01:09 -0500] "GET /appsia/controlador HTTP/1.1" 200 4799
186.102.95.117 - - [23/Dec/2023:14:01:09 -0500] "GET /appsia/images/cabezoteHojaVida.png HTTP/1.1" 200 32493
156.59.198.136 - - [23/Dec/2023:14:01:21 -0500] "GET /BLA/resoluciones/Notificaciones/RESOLUCIONES%202022/3109.pdf HTTP/1.0" 200 1008870
186.102.95.117 - - [23/Dec/2023:14:01:33 -0500] "POST /appsia/controlador HTTP/1.1" 200 5437
186.102.95.117 - - [23/Dec/2023:14:01:40 -0500] "POST /appsia/controlador HTTP/1.1" 200 7783
156.59.198.136 - - [23/Dec/2023:14:01:46 -0500] "GET /BLA/resoluciones/Notificaciones/RESOLUCIONES%202022/2135.pdf HTTP/1.0" 200 414380
186.102.95.117 - - [23/Dec/2023:14:01:56 -0500] "POST /appsia/controlador HTTP/1.1" 200 6648
186.102.95.117 - - [23/Dec/2023:14:01:58 -0500] "POST /appsia/controlador HTTP/1.1" 200 11367
156.59.198.136 - - [23/Dec/2023:14:02:10 -0500] "GET /BLA/resoluciones/Notificaciones/RESOLUCIONES%202022/4188.pdf HTTP/1.0" 200 467820
156.59.198.136 - - [23/Dec/2023:14:02:34 -0500] "GET /BLA/resoluciones/Notificaciones/RESOLUCIONES%202022/2175.pdf HTTP/1.0" 200 348197
156.59.198.135 - - [23/Dec/2023:14:02:58 -0500] "GET /BLA/resoluciones/Notificaciones/RESOLUCIONES%202022/0913.pdf HTTP/1.0" 200 348226
69.171.251.7 - - [23/Dec/2023:14:03:11 -0500] "GET /68-de-ejecucion-lleva-el-plan-de-accion-para-las-familias-de-bogota-que-va-del-2021-al-2025.html HTTP/1.1" 200 811
173.252.79.9 - - [23/Dec/2023:14:03:12 -0500] "GET /distrito-exalta-48-arboles-patrimoniales-y-15-de-interes-publico-en-bogota.html HTTP/1.1" 200 816
173.252.79.7 - - [23/Dec/2023:14:03:12 -0500] "GET /distrito-exalta-48-arboles-patrimoniales-y-15-de-interes-publico-en-bogota.html HTTP/1.1" 200 816
173.252.79.2 - - [23/Dec/2023:14:03:12 -0500] "GET /distrito-exalta-48-arboles-patrimoniales-y-15-de-interes-publico-en-bogota.html HTTP/1.1" 200 816
173.252.79.6 - - [23/Dec/2023:14:03:12 -0500] "GET /distrito-exalta-48-arboles-patrimoniales-y-15-de-interes-publico-en-bogota.html HTTP/1.1" 200 816
156.59.198.136 - - [23/Dec/2023:14:03:23 -0500] "GET /BLA/resoluciones/Notificaciones/RESOLUCIONES%202022/1667.pdf HTTP/1.0" 200 1332282
156.59.198.136 - - [23/Dec/2023:14:03:47 -0500] "GET /BLA/resoluciones/Notificaciones/RESOLUCIONES%202022/1780.pdf HTTP/1.0" 200 413496
186.102.95.117 - - [23/Dec/2023:14:04:09 -0500] "POST /appsia/controlador HTTP/1.1" 200 7783
186.102.95.117 - - [23/Dec/2023:14:04:11 -0500] "POST /appsia/controlador HTTP/1.1" 200 5437
156.59.198.135 - - [23/Dec/2023:14:04:11 -0500] "GET /BLA/resoluciones/Notificaciones/RESOLUCIONES%202022/3148.pdf HTTP/1.0" 200 404665
186.102.95.117 - - [23/Dec/2023:14:04:12 -0500] "POST /appsia/controlador HTTP/1.1" 200 4799
156.59.198.135 - - [23/Dec/2023:14:04:36 -0500] "GET /BLA/resoluciones/Notificaciones/RESOLUCIONES%202022/2294.pdf HTTP/1.0" 200 408340
156.59.198.136 - - [23/Dec/2023:14:05:00 -0500] "GET /BLA/resoluciones/Notificaciones/RESOLUCIONES%202022/5438.pdf HTTP/1.0" 200 7257612
201.245.192.253 - - [23/Dec/2023:14:05:07 -0500] "POST /kwsrmcab/Wsrmcab  HTTP/1.1" 200 40220
216.245.221.92 - - [23/Dec/2023:14:05:25 -0500] "HEAD / HTTP/1.1" 200 -
156.59.198.136 - - [23/Dec/2023:14:05:25 -0500] "GET /BLA/resoluciones/Notificaciones/RESOLUCIONES%202022/2636.pdf HTTP/1.0" 200 406568
156.59.198.135 - - [23/Dec/2023:14:05:49 -0500] "GET /BLA/resoluciones/Notificaciones/RESOLUCIONES%202022/5147.pdf HTTP/1.0" 200 450017
172.22.2.4 - - [23/Dec/2023:14:04:15 -0500] "HEAD /BLA/boletinlegal/ HTTP/1.1" 200 -
156.59.198.136 - - [23/Dec/2023:14:06:13 -0500] "GET /BLA/resoluciones/Notificaciones/RESOLUCIONES%202022/3308.pdf HTTP/1.0" 200 406366
156.59.198.136 - - [23/Dec/2023:14:06:38 -0500] "GET /BLA/resoluciones/Notificaciones/RESOLUCIONES%202022/2173.pdf HTTP/1.0" 200 421875
172.22.2.4 - - [23/Dec/2023:14:05:06 -0500] "GET /BLA/boletinlegal/ HTTP/1.1" 200 60910
156.59.198.135 - - [23/Dec/2023:14:07:02 -0500] "GET /BLA/resoluciones/Notificaciones/RESOLUCIONES%202022/03840.pdf HTTP/1.0" 200 642128
156.59.198.135 - - [23/Dec/2023:14:07:27 -0500] "GET /BLA/resoluciones/RESOLUCIONES%202016/2463.pdf HTTP/1.0" 200 368497
156.59.198.135 - - [23/Dec/2023:14:07:51 -0500] "GET /BLA/resoluciones/RESOLUCIONES%202010/7773.pdf HTTP/1.0" 200 1546322
156.59.198.136 - - [23/Dec/2023:14:08:14 -0500] "GET /BLA/resoluciones/AUTOS%202014/4226.pdf HTTP/1.0" 200 520817
156.59.198.136 - - [23/Dec/2023:14:08:39 -0500] "GET /BLA/resoluciones/Notificaciones/AUTOS%202021/1521.pdf HTTP/1.0" 200 734040
156.59.198.135 - - [23/Dec/2023:14:09:03 -0500] "GET /BLA/resoluciones/AUTOS%202014/3120.pdf HTTP/1.0" 200 679289
156.59.198.136 - - [23/Dec/2023:14:09:28 -0500] "GET /BLA/resoluciones/RESOLUCIONES%202010/RESOLUCION%202410%20DE%202010.PDF HTTP/1.0" 200 404789
156.59.198.136 - - [23/Dec/2023:14:09:53 -0500] "GET /BLA/resoluciones/RESOLUCIONES%202022/0479.pdf HTTP/1.0" 200 364805
201.245.192.253 - - [23/Dec/2023:14:10:06 -0500] "POST /kwsrmcab/Wsrmcab  HTTP/1.1" 200 40220
156.59.198.135 - - [23/Dec/2023:14:10:18 -0500] "GET /BLA/resoluciones/Notificaciones/RESOLUCIONES%202021/2681.pdf HTTP/1.0" 200 733830
216.245.221.92 - - [23/Dec/2023:14:10:25 -0500] "HEAD / HTTP/1.1" 200 -
85.208.96.212 - - [23/Dec/2023:14:10:38 -0500] "GET /portaldeninos/humedal-la-conejera-2/ HTTP/1.1" 200 88020
156.59.198.136 - - [23/Dec/2023:14:10:41 -0500] "GET /BLA/resoluciones/RESOLUCIONES%202009/1597.pdf HTTP/1.0" 200 621102
156.59.198.136 - - [23/Dec/2023:14:11:05 -0500] "GET /BLA/resoluciones/Notificaciones/RESOLUCIONES%202022/2826.pdf HTTP/1.0" 200 401219
156.59.198.135 - - [23/Dec/2023:14:11:29 -0500] "GET /BLA/resoluciones/RESOLUCIONES%202022/5383.pdf HTTP/1.0" 200 820765
172.22.2.4 - - [23/Dec/2023:14:10:05 -0500] "HEAD /BLA/boletinlegal/ HTTP/1.1" 200 -
156.59.198.135 - - [23/Dec/2023:14:11:53 -0500] "GET /BLA/resoluciones/Notificaciones/AUTOS%202019/4439.pdf HTTP/1.0" 200 274174
172.22.2.4 - - [23/Dec/2023:14:10:34 -0500] "GET /BLA/boletinlegal/index.php HTTP/1.1" 200 48394
156.59.198.136 - - [23/Dec/2023:14:12:17 -0500] "GET /BLA/resoluciones/Notificaciones/RESOLUCIONES%202022/5123.pdf HTTP/1.0" 200 456223
172.22.2.4 - - [23/Dec/2023:14:10:56 -0500] "GET /BLA/boletinlegal/ HTTP/1.1" 200 50947
156.59.198.136 - - [23/Dec/2023:14:12:42 -0500] "GET /BLA/resoluciones/RESOLUCIONES%202010/7823.pdf HTTP/1.0" 200 424256
156.59.198.136 - - [23/Dec/2023:14:13:08 -0500] "GET /BLA/resoluciones/RESOLUCIONES%202022/0875.pdf HTTP/1.0" 200 353025
156.59.198.135 - - [23/Dec/2023:14:13:31 -0500] "GET /BLA/resoluciones/AUTOS%202014/4083.pdf HTTP/1.0" 200 551677
156.59.198.136 - - [23/Dec/2023:14:13:55 -0500] "GET /BLA/resoluciones/AUTOS%202014/4472.pdf HTTP/1.0" 200 525982
156.59.198.135 - - [23/Dec/2023:14:14:19 -0500] "GET /BLA/resoluciones/Notificaciones/RESOLUCIONES%202021/2170.pdf HTTP/1.0" 200 1824495
156.59.198.136 - - [23/Dec/2023:14:14:43 -0500] "GET /BLA/resoluciones/Notificaciones/RESOLUCIONES%202022/4607.pdf HTTP/1.0" 200 401390
31.13.103.4 - - [23/Dec/2023:14:14:52 -0500] "GET /distrito-exalto-a-246-empresas-de-bogota-por-su-alto-desempeno-y-responsabilidad-ambiental-durante-2023.html HTTP/1.1" 200 1039
31.13.103.3 - - [23/Dec/2023:14:14:52 -0500] "GET /distrito-exalto-a-246-empresas-de-bogota-por-su-alto-desempeno-y-responsabilidad-ambiental-durante-2023.html HTTP/1.1" 200 1039
31.13.103.9 - - [23/Dec/2023:14:14:52 -0500] "GET /distrito-exalto-a-246-empresas-de-bogota-por-su-alto-desempeno-y-responsabilidad-ambiental-durante-2023.html HTTP/1.1" 200 1039
201.245.192.253 - - [23/Dec/2023:14:15:05 -0500] "POST /kwsrmcab/Wsrmcab  HTTP/1.1" 200 40220
156.59.198.135 - - [23/Dec/2023:14:15:08 -0500] "GET /BLA/resoluciones/Notificaciones/RESOLUCIONES%202022/0117.pdf HTTP/1.0" 200 368459
216.245.221.92 - - [23/Dec/2023:14:15:25 -0500] "HEAD / HTTP/1.1" 200 -
156.59.198.135 - - [23/Dec/2023:14:15:33 -0500] "GET /BLA/resoluciones/Notificaciones/AUTOS%202018/01881.pdf HTTP/1.0" 200 235004
156.59.198.135 - - [23/Dec/2023:14:15:57 -0500] "GET /BLA/resoluciones/RESOLUCIONES%202022/3371.pdf HTTP/1.0" 200 704474
156.59.198.136 - - [23/Dec/2023:14:16:22 -0500] "GET /BLA/resoluciones/Notificaciones/AUTOS%202018/3420.pdf HTTP/1.0" 200 291016
201.245.192.253 - - [23/Dec/2023:14:16:20 -0500] "POST /kwsrmcab/Wsrmcab HTTP/1.1" 200 36010
201.245.192.253 - - [23/Dec/2023:14:16:23 -0500] "POST /kwsrmcab/Wsrmcab HTTP/1.1" 200 37052
156.59.198.135 - - [23/Dec/2023:14:16:45 -0500] "GET /BLA/resoluciones/Notificaciones/AUTOS%202019/3150.pdf HTTP/1.0" 200 289598
156.59.198.135 - - [23/Dec/2023:14:17:09 -0500] "GET /BLA/resoluciones/RESOLUCIONES%202022/3410.pdf HTTP/1.0" 200 931913
207.46.13.128 - - [23/Dec/2023:14:17:26 -0500] "GET /bogota-actualiza-su-plan-de-gestion-ambiental-para-un-conseguir-un-futuro-mas-sostenible.html HTTP/1.1" 200 796
156.59.198.136 - - [23/Dec/2023:14:17:34 -0500] "GET /BLA/resoluciones/Notificaciones/RESOLUCIONES%202022/4340.pdf HTTP/1.0" 200 387326
172.22.2.4 - - [23/Dec/2023:14:15:55 -0500] "HEAD /BLA/boletinlegal/ HTTP/1.1" 200 -
156.59.198.135 - - [23/Dec/2023:14:17:58 -0500] "GET /BLA/resoluciones/Notificaciones/AUTOS%202018/2338.pdf HTTP/1.0" 200 279517
156.59.198.136 - - [23/Dec/2023:14:18:23 -0500] "GET /BLA/resoluciones/RESOLUCIONES%202014/3373.pdf HTTP/1.0" 200 701100
172.22.2.4 - - [23/Dec/2023:14:16:46 -0500] "GET /BLA/boletinlegal/ HTTP/1.1" 200 60910
156.59.198.136 - - [23/Dec/2023:14:18:47 -0500] "GET /BLA/resoluciones/AUTOS%202014/4596.pdf HTTP/1.0" 200 520443
69.63.184.8 - - [23/Dec/2023:14:18:48 -0500] "GET /mis-de-50-aves-silvestres-fueron-recuperadas-en-la-localidad-de-tunjuelito.html HTTP/1.1" 200 806
207.46.13.78 - - [23/Dec/2023:14:19:08 -0500] "GET /BLA/resoluciones/index.php?dir=AUTOS+2013%2F HTTP/1.1" 200 407754
156.59.198.136 - - [23/Dec/2023:14:19:12 -0500] "GET /BLA/resoluciones/RESOLUCIONES%202010/7100.pdf HTTP/1.0" 200 53385
186.168.120.220 - - [23/Dec/2023:14:19:25 -0500] "GET /distrito-exalto-a-246-empresas-de-bogota-por-su-alto-desempeno-y-responsabilidad-ambiental-durante-2023.html HTTP/1.1" 200 1039
156.59.198.136 - - [23/Dec/2023:14:19:36 -0500] "GET /BLA/resoluciones/RESOLUCIONES%202014/3166.pdf HTTP/1.0" 200 390723
156.59.198.135 - - [23/Dec/2023:14:20:00 -0500] "GET /BLA/resoluciones/Notificaciones/AUTOS%202021/3697.pdf HTTP/1.0" 200 345007
201.245.192.253 - - [23/Dec/2023:14:20:03 -0500] "POST /kwsrmcab/Wsrmcab  HTTP/1.1" 200 40220
201.245.192.253 - - [23/Dec/2023:14:20:18 -0500] "POST /kwsrmcab/Wsrmcab HTTP/1.1" 200 36010
216.245.221.92 - - [23/Dec/2023:14:20:25 -0500] "HEAD / HTTP/1.1" 200 -
156.59.198.135 - - [23/Dec/2023:14:20:26 -0500] "GET /BLA/resoluciones/RESOLUCIONES%202016/1081.pdf HTTP/1.0" 200 332141
201.245.192.253 - - [23/Dec/2023:14:20:23 -0500] "POST /kwsrmcab/Wsrmcab HTTP/1.1" 200 37052
156.59.198.136 - - [23/Dec/2023:14:20:50 -0500] "GET /BLA/resoluciones/RESOLUCIONES%202014/2296.pdf HTTP/1.0" 200 597622
156.59.198.135 - - [23/Dec/2023:14:21:14 -0500] "GET /BLA/resoluciones/RESOLUCIONES%202014/3856.pdf HTTP/1.0" 200 6530087
156.59.198.135 - - [23/Dec/2023:14:21:38 -0500] "GET /BLA/resoluciones/RESOLUCIONES%202010/7595.pdf HTTP/1.0" 200 162128
156.59.198.135 - - [23/Dec/2023:14:22:03 -0500] "GET /BLA/resoluciones/RESOLUCIONES%202009/1229.pdf HTTP/1.0" 200 433973
156.59.198.136 - - [23/Dec/2023:14:22:27 -0500] "GET /BLA/resoluciones/AUTOS%202023/5947.pdf HTTP/1.0" 200 561006
156.59.198.136 - - [23/Dec/2023:14:22:51 -0500] "GET /BLA/resoluciones/RESOLUCIONES%202022/3204.pdf HTTP/1.0" 200 456552
69.63.189.1 - - [23/Dec/2023:14:22:57 -0500] "GET /secretaria-de-ambiente-reconocio-entidades-por-sus-buenas-practicas-ambientales.html HTTP/1.1" 206 892
69.63.189.8 - - [23/Dec/2023:14:23:01 -0500] "GET /secretaria-de-ambiente-reconocio-entidades-por-sus-buenas-practicas-ambientales.html HTTP/1.1" 200 892
173.252.95.21 - - [23/Dec/2023:14:23:03 -0500] "GET /secretaria-de-ambiente-reconocio-entidades-por-sus-buenas-practicas-ambientales.html HTTP/1.1" 200 892
173.252.95.1 - - [23/Dec/2023:14:23:03 -0500] "GET /secretaria-de-ambiente-reconocio-entidades-por-sus-buenas-practicas-ambientales.html HTTP/1.1" 200 892
156.59.198.135 - - [23/Dec/2023:14:23:15 -0500] "GET /BLA/resoluciones/AUTOS%202023/4938.pdf HTTP/1.0" 200 453327
172.22.2.4 - - [23/Dec/2023:14:21:45 -0500] "HEAD /BLA/boletinlegal/ HTTP/1.1" 200 -
156.59.198.135 - - [23/Dec/2023:14:23:40 -0500] "GET /BLA/resoluciones/AUTOS%202014/5088.pdf HTTP/1.0" 200 335573
162.55.175.144 - - [23/Dec/2023:14:24:03 -0500] "GET / HTTP/1.1" 200 4720
156.59.198.136 - - [23/Dec/2023:14:24:04 -0500] "GET /BLA/resoluciones/RESOLUCIONES%202014/3401.pdf HTTP/1.0" 200 677321
162.55.175.144 - - [23/Dec/2023:14:24:06 -0500] "GET / HTTP/1.1" 200 319
172.22.2.4 - - [23/Dec/2023:14:22:36 -0500] "GET /BLA/boletinlegal/ HTTP/1.1" 200 60910
156.59.198.136 - - [23/Dec/2023:14:24:27 -0500] "GET /BLA/resoluciones/RESOLUCIONES%202022/4460.pdf HTTP/1.0" 200 1642116
156.59.198.135 - - [23/Dec/2023:14:24:51 -0500] "GET /BLA/resoluciones/AUTOS%202023/5469.pdf HTTP/1.0" 200 921449
201.245.192.253 - - [23/Dec/2023:14:25:02 -0500] "POST /kwsrmcab/Wsrmcab  HTTP/1.1" 200 40220
156.59.198.135 - - [23/Dec/2023:14:25:16 -0500] "GET /BLA/resoluciones/AUTOS%202014/2076.pdf HTTP/1.0" 200 737095
216.245.221.92 - - [23/Dec/2023:14:25:25 -0500] "HEAD / HTTP/1.1" 200 -
156.59.198.135 - - [23/Dec/2023:14:25:39 -0500] "GET /BLA/resoluciones/Notificaciones/AUTOS%202019/2330.pdf HTTP/1.0" 200 360913
156.59.198.136 - - [23/Dec/2023:14:26:04 -0500] "GET /BLA/resoluciones/Notificaciones/AUTOS%202015/05331.doc HTTP/1.0" 200 143119
172.22.2.4 - - [23/Dec/2023:14:26:06 -0500] "GET /BLA/boletinlegal/actos.php HTTP/1.1" 200 9682
186.102.86.202 - - [23/Dec/2023:14:26:15 -0500] "GET /kwssiamovil/sm/acme/a?s=U2FsdGVkX1/ZA97WXNA050r2ZbLP6crqVg9cTozlfquAekSHBpienZSLfikf/+Y66/n8ELGtDAIhEDdCWsgVcDKEF16fsV8A3sYn456f63EwmmAXjaZdM65R37P/axcHB8r58HMoTUlmPNQr1PNKtlY7BtzdzCkYIoer0YScTPId08kcPj1tylE3HTem0TFXTxvA4oZ7TPce01D6mGHdWdkUS54hXUA9zcEk2XP8RXdYkMKSu8PApsJeJK66fq//5aSr6quGg6aA4T2G658QIA==&u=U2FsdGVkX189XXqe/dQAfdPkiAhu5CvL/jUJgZ8wxf/xTAKxx5TKQbE/FRcl8QgS&y=U2FsdGVkX1+0CUbuy5JjHMk/HH70JHjYf8g5tPoBaGP7pHEJiJuNCGZyNZS9F/Ot HTTP/1.1" 200 26
186.102.86.202 - - [23/Dec/2023:14:26:15 -0500] "GET /kwssiamovil/sm/acme/a?s=U2FsdGVkX18c/J9xeBr5XmfwJbGaE6qOqVUxxMzqN5HuCwT3EvduSfT6t1bQ52yjSKBUhBrZkNCmkZrm9b5a/+DbtEjdv/rI5M6G+9RBDviJdEdgDCnkTX9+xqLOb8eFd1RR+cAV0OJI8xNm0pVLBFTl9KiK0ji/JzEb4Q0rUTMcGrnW6bJ8nXU9G73j5CfNC+rEMN1xGXoYGb8c+XdmHpq+gCN22fB9uO8SiVgvysu2fKcYs8Otyq6/+Ey2XPphqUORM7xmSmhQyZpCK9pQhBlyUsHt4WENXX/4ZamVM6yHVOi/kFIY0ObMYswcrFI/MsK+OXN4ChqmKF4L76GKVuGWBhyT6k3bHALHB0GC4mysUx7YJ/pediefaVRn0SdgJ/5fUT4mu11m+mYDYswF/buHeokrlNMcIA9tV3jAEQVNWfh+ZCzo5aGepgW14WmJ0QXutVHOnq3ZvK4LMH1lTduCZJLl1Vw1LTZPbbtOnkveKGtGMiSf4jUrGEZ5dZhHXPJEOmlYcgcKH3G+4crdmIKAhZEF1oneQlhUF4n0xY0N2MJFFVEwn6+1Uf7HyD03oKA55+DE58Ac5SiKyrhys6ui/p5L4SaUGjJm02Mq9HRHXdp1co4Vdb3yIhOEB4JRjxhFQ9WjPFOqJSuaUOO3p1yCgFvvbGy2CQAhUMoKvjbUXQEyXSSLeRL57ai/tpX6y7MtWrmIzOV2M2qofc41W840Jdy/aKyl3DFNuswQ1plg5HtGvOMxCyb5jQ0m9CWpFEvzFhpmquFQR3py2a/dQVLA3lgp8kN3WzofduTmLRFdTE1wTpq65yhS45wJYbuXn5aG6i39R659+onBNJoTt578xdWjaQFmVmyUVUT6JkYIS5sa4rdw4Ev9to1uxNyQyC2+oDUxEAuOPspCnUA1Hftd7xnQDQM1K/FFjMGPRWBcPxgtrbf9lybSVwhdnHO8oKxvllqE5c/D0/13RIMj15yBsmdZZCCARH5hc0vZfJcBNizvAvAmIGsCtHoOYE0YS3uIQP2Nh2KaUjP3EYuMc7ebNEW/SynIS+KBnF+31DcqclvQ0beCAFPF85VQeo1nrCSU/Uq1eam8dj89OawS2W4ShHu3wD4GYE82qgLWP2OH9RQJ2S7vhULlxdCi9FqaJsD3CTV1KNikEenHU+vOv+a+fILjeUpiuxhjHWTFBiq+oUJBAHGHGtt/MY8ISqjgR94RjaqvQJpc4MX3w3QUjFXY40xXba1pTTQS+Oavuac1cKtLQbWd7i6ukqGkP6xmW34p7WscmX8o5O5qpdfp3QOl0rnsD54cqNAiCYERYDEsCmfI+Rhdi1UWnFOR0wVpg1BGnIk9ChfUsLgNI9Mnv0jiOu0Wf19GntBKh/dSwgGziexEMaByGVJ+g4NxOT36kU0T2gdVqVRAMf3NJw7VowwnGqxudrGLhIuSmhqxER0uTT/3qdmFgrgR6yOmEhyC2o32FDynR1LB4x6Kl7nQTrD0ja+gpEpjjzaoDeqLCFOgIaCj6Zv0Ik7Gpo+GeNxIhkyYtOOeqQ/07ykVgyNoejm2fSD9StjgqJ3yOIkdcQiUdT9jke5vPp8LbGWuX5aSDi11ubuOjSG0gBRD9n3/2UHLUoedR38sOMUCEkSOTHGS74SdRngp2IZUpao5SlfMPV8uQK0PpnheWThJMP+DL+DRTaDxDgLISAR+FuCY7PjtWPSS4j5sX9haerSrt9aQrv/b6J5ggr0+hG0fGUo+mQJCANbwDiaSspvLyeZj/UNwbpf2CCx16CpCr15dHYKMmIDylhBJOjq4r9MmQRIdvB7yp1uzdaBazu5iQ3gosuqfC/vc1mGt1werOR1bYFxs9zOFMJFzYkWT+qkw3lIQ3NmE0eKuGiuGgDcVO4jg5TYAEonNTbwKqz27msn56y/va/iBmy1eg21CID8LWyPkyIdGSLifUmegQ70RA7ZEsrfc3Qq3pwj2HyZb5+724gTDhwNSq6COakfshGuH8wnMClOOesyViAQSxRX6F9zb4ArYts5vZa37UGsyS8xhwA+ENVbMnKPmBx87/JyYOkOslZW2eaOY2oxPPzQc0/9oi8vyhE037csl7xzHASXUV6NTrVz39w/BfAf7nTtaskHuzsJJDkJAjiiaZHPnKg1uCkze1owmcOP4iJrmr9GcSMUTw9Ijpa53kCl2g6VNqLwYBn8VnHurLLiJ7NdFH+6ZN+SK16C9t+1NnCt8Kmu1TMdbjsWh50vKXvm9slZkeonWqTc4TKltzc/nvjBGFKdpFIIQmjkIYcNSo67/hkGL5mgw&u=U2FsdGVkX189XXqe/dQAfdPkiAhu5CvL/jUJgZ8wxf/xTAKxx5TKQbE/FRcl8QgS&y=U2FsdGVkX1+0CUbuy5JjHMk/HH70JHjYf8g5tPoBaGP7pHEJiJuNCGZyNZS9F/Ot HTTP/1.1" 200 26
186.102.86.202 - - [23/Dec/2023:14:26:16 -0500] "GET /kwssiamovil/sm/acme/a?s=U2FsdGVkX1/qXzwhqRt7U58vnIWtA0613s86L4iOBXijHh73JJboKLcDVoDqIKPnpycvULkIlIbqmtfIoZLWGQHBBLIXfE3dbrQ5QGvcWYqI/0KwnumXewskY+76NJd4ACqQso/vmXAKTgxAgjThUm5jDK0kNw9xhLnEZ7eodks=&u=U2FsdGVkX189XXqe/dQAfdPkiAhu5CvL/jUJgZ8wxf/xTAKxx5TKQbE/FRcl8QgS&y=U2FsdGVkX1+0CUbuy5JjHMk/HH70JHjYf8g5tPoBaGP7pHEJiJuNCGZyNZS9F/Ot HTTP/1.1" 200 26
186.102.86.202 - - [23/Dec/2023:14:26:16 -0500] "GET /kwssiamovil/sm/acme/a?s=U2FsdGVkX1//H1Qu3Ox+19J6ysjnkg6XnpDx90baa5Vqy2XlX8gL8Fw//vdAVo7hYb8pgvYRBWSjKGlMr0gzFY4ZC3Da1IcZDtdOxtspWURPZfTJjOaZ3+MB+MeENji+S+fV/x7YjXnCxIcndTDYEUqmADJQnM1u6WagCUt/3UE=&u=U2FsdGVkX189XXqe/dQAfdPkiAhu5CvL/jUJgZ8wxf/xTAKxx5TKQbE/FRcl8QgS&y=U2FsdGVkX1+0CUbuy5JjHMk/HH70JHjYf8g5tPoBaGP7pHEJiJuNCGZyNZS9F/Ot HTTP/1.1" 200 26
186.102.86.202 - - [23/Dec/2023:14:26:17 -0500] "GET /kwssiamovil/sm/acme/a?s=U2FsdGVkX1/1MzrGePkpd0XuZUHL42p5QoxrC5e2g+wZWWQL5FMarD9+1zXzIFvcp/ort2pCZ8Q/svy1ZnR8wV/JuKaATdqQLc6jk44GGwPcYXt598iW7jb9OEmTFjirTcDT9ftWCKNjOt014bnrm1aLAmcY9++XStUjumuLU2A=&u=U2FsdGVkX189XXqe/dQAfdPkiAhu5CvL/jUJgZ8wxf/xTAKxx5TKQbE/FRcl8QgS&y=U2FsdGVkX1+0CUbuy5JjHMk/HH70JHjYf8g5tPoBaGP7pHEJiJuNCGZyNZS9F/Ot HTTP/1.1" 200 26
186.102.86.202 - - [23/Dec/2023:14:26:17 -0500] "GET /kwssiamovil/sm/acme/a?s=U2FsdGVkX19h4fK1nXNv5qqa/5Eq6gccZVVbkFl8fiHKDb0+z7yscbNlBhtPKL8wFqVFmivtAUnHSKAocv7k3EWr5+mQ5l52TAZ9AtZlFTcoPGy46XBWhCU8eV7BEAvigTye8sucCgHOWTwo9wFaiTkSdnNcqJfXNLo8loI+XMizzx/Q03wwx7GTpEuMaySlUlryfGQqB3AGwa2kELqmCw==&u=U2FsdGVkX189XXqe/dQAfdPkiAhu5CvL/jUJgZ8wxf/xTAKxx5TKQbE/FRcl8QgS&y=U2FsdGVkX1+0CUbuy5JjHMk/HH70JHjYf8g5tPoBaGP7pHEJiJuNCGZyNZS9F/Ot HTTP/1.1" 200 26
201.245.192.253 - - [23/Dec/2023:14:26:20 -0500] "POST /kwsrmcab/Wsrmcab HTTP/1.1" 200 36010
201.245.192.253 - - [23/Dec/2023:14:26:23 -0500] "POST /kwsrmcab/Wsrmcab HTTP/1.1" 200 37052
156.59.198.136 - - [23/Dec/2023:14:26:28 -0500] "GET /BLA/resoluciones/RESOLUCIONES%202014/2489.pdf HTTP/1.0" 200 926920
156.59.198.135 - - [23/Dec/2023:14:26:52 -0500] "GET /BLA/resoluciones/Notificaciones/RESOLUCIONES%202022/0865.pdf HTTP/1.0" 200 363725
156.59.198.135 - - [23/Dec/2023:14:27:16 -0500] "GET /BLA/resoluciones/AUTOS%202007/3646.pdf HTTP/1.0" 200 132406
156.59.198.136 - - [23/Dec/2023:14:27:40 -0500] "GET /BLA/resoluciones/AUTOS%202014/1516.pdf HTTP/1.0" 200 940669
156.59.198.135 - - [23/Dec/2023:14:28:06 -0500] "GET /BLA/resoluciones/AUTOS%202014/4622.pdf HTTP/1.0" 200 2741907
156.59.198.135 - - [23/Dec/2023:14:28:28 -0500] "GET /BLA/resoluciones/RESOLUCIONES%202022/2931.pdf HTTP/1.0" 200 392068
156.59.198.136 - - [23/Dec/2023:14:28:53 -0500] "GET /BLA/resoluciones/AUTOS%202018/1113.pdf HTTP/1.0" 200 325925
149.18.24.90 - - [23/Dec/2023:14:29:14 -0500] "GET /wp-login.php HTTP/1.1" 404 1018
172.22.2.4 - - [23/Dec/2023:14:27:35 -0500] "HEAD /BLA/boletinlegal/ HTTP/1.1" 200 -
156.59.198.136 - - [23/Dec/2023:14:29:17 -0500] "GET /BLA/resoluciones/RESOLUCIONES%202010/6986.pdf HTTP/1.0" 200 375793
156.59.198.136 - - [23/Dec/2023:14:29:41 -0500] "GET /BLA/resoluciones/RESOLUCIONES%202014/2412.pdf HTTP/1.0" 200 273134
69.63.184.9 - - [23/Dec/2023:14:29:44 -0500] "GET /images/Aves%20SDA.jpeg HTTP/1.1" 200 75104
201.245.192.253 - - [23/Dec/2023:14:30:00 -0500] "POST /kwsrmcab/Wsrmcab  HTTP/1.1" 200 40220
156.59.198.135 - - [23/Dec/2023:14:30:05 -0500] "GET /BLA/resoluciones/RESOLUCIONES%202022/0113.pdf HTTP/1.0" 200 361594
172.22.2.4 - - [23/Dec/2023:14:28:25 -0500] "GET /BLA/boletinlegal/ HTTP/1.1" 200 60910
201.245.192.253 - - [23/Dec/2023:14:30:19 -0500] "POST /kwsrmcab/Wsrmcab HTTP/1.1" 200 36010
216.245.221.92 - - [23/Dec/2023:14:30:25 -0500] "HEAD / HTTP/1.1" 200 -
201.245.192.253 - - [23/Dec/2023:14:30:23 -0500] "POST /kwsrmcab/Wsrmcab HTTP/1.1" 200 37052
156.59.198.136 - - [23/Dec/2023:14:30:29 -0500] "GET /BLA/resoluciones/RESOLUCIONES%202010/7411.pdf HTTP/1.0" 200 375265
156.59.198.136 - - [23/Dec/2023:14:30:54 -0500] "GET /BLA/resoluciones/AUTOS%202014/4548.pdf HTTP/1.0" 200 556884
156.59.198.136 - - [23/Dec/2023:14:31:18 -0500] "GET /BLA/resoluciones/RESOLUCIONES%202022/3043.pdf HTTP/1.0" 200 359758
156.59.198.135 - - [23/Dec/2023:14:31:43 -0500] "GET /BLA/resoluciones/RESOLUCIONES%202014/3849.pdf HTTP/1.0" 200 519991
185.117.225.57 - - [23/Dec/2023:14:31:43 -0500] "GET /robots.txt HTTP/1.1" 404 1043
185.117.225.57 - - [23/Dec/2023:14:31:44 -0500] "GET / HTTP/1.1" 200 319
156.59.198.135 - - [23/Dec/2023:14:32:07 -0500] "GET /BLA/resoluciones/Notificaciones/AUTOS%202021/1982.pdf HTTP/1.0" 200 535470
156.59.198.136 - - [23/Dec/2023:14:32:31 -0500] "GET /BLA/resoluciones/RESOLUCIONES%202022/2957.pdf HTTP/1.0" 200 917386
156.59.198.136 - - [23/Dec/2023:14:32:56 -0500] "GET /BLA/resoluciones/Notificaciones/AUTOS%202021/6039.pdf HTTP/1.0" 200 363168
156.59.198.135 - - [23/Dec/2023:14:33:20 -0500] "GET /BLA/resoluciones/Notificaciones/AUTOS%202021/2413.pdf HTTP/1.0" 200 333768
173.252.95.2 - - [23/Dec/2023:14:33:20 -0500] "GET /alcaldia-de-bogota-y-fundacion-exito-entregaron-en-ciudad-bolivar-la-primera-terraza-verde-de-la-capital.html HTTP/1.1" 200 852
173.252.95.7 - - [23/Dec/2023:14:33:20 -0500] "GET /alcaldia-de-bogota-y-fundacion-exito-entregaron-en-ciudad-bolivar-la-primera-terraza-verde-de-la-capital.html HTTP/1.1" 200 852
156.59.198.136 - - [23/Dec/2023:14:33:44 -0500] "GET /BLA/resoluciones/RESOLUCIONES%202010/4240.pdf HTTP/1.0" 200 752871
156.59.198.135 - - [23/Dec/2023:14:34:08 -0500] "GET /BLA/resoluciones/RESOLUCIONES%202010/7359.pdf HTTP/1.0" 200 341456
156.59.198.135 - - [23/Dec/2023:14:34:32 -0500] "GET /BLA/resoluciones/Notificaciones/RESOLUCIONES%202021/1972.pdf HTTP/1.0" 200 353990
156.59.198.136 - - [23/Dec/2023:14:34:57 -0500] "GET /BLA/resoluciones/RESOLUCIONES%202022/2143.pdf HTTP/1.0" 200 347075
201.245.192.253 - - [23/Dec/2023:14:35:00 -0500] "POST /kwsrmcab/Wsrmcab  HTTP/1.1" 200 40220
172.22.2.4 - - [23/Dec/2023:14:33:25 -0500] "HEAD /BLA/boletinlegal/ HTTP/1.1" 200 -
156.59.198.135 - - [23/Dec/2023:14:35:21 -0500] "GET /BLA/resoluciones/RESOLUCIONES%202010/3427.pdf HTTP/1.0" 200 741011
216.245.221.92 - - [23/Dec/2023:14:35:25 -0500] "HEAD / HTTP/1.1" 200 -
156.59.198.136 - - [23/Dec/2023:14:35:46 -0500] "GET /BLA/resoluciones/RESOLUCIONES%202010/4695.pdf HTTP/1.0" 200 750685
172.22.2.4 - - [23/Dec/2023:14:34:15 -0500] "GET /BLA/boletinlegal/ HTTP/1.1" 200 58969
156.59.198.135 - - [23/Dec/2023:14:36:10 -0500] "GET /BLA/resoluciones/RESOLUCIONES%202010/7551.pdf HTTP/1.0" 200 278727
201.245.192.253 - - [23/Dec/2023:14:36:20 -0500] "POST /kwsrmcab/Wsrmcab HTTP/1.1" 200 36010
201.245.192.253 - - [23/Dec/2023:14:36:23 -0500] "POST /kwsrmcab/Wsrmcab HTTP/1.1" 200 37052
156.59.198.136 - - [23/Dec/2023:14:36:34 -0500] "GET /BLA/resoluciones/RESOLUCIONES%202022/3328.pdf HTTP/1.0" 200 393327
114.119.129.176 - - [23/Dec/2023:14:36:55 -0500] "GET /BLA/resoluciones/index.php?dir=Notificaciones/AUTOS%2B2012/&sort=date&order=desc HTTP/1.1" 200 13943
156.59.198.136 - - [23/Dec/2023:14:36:59 -0500] "GET /BLA/resoluciones/RESOLUCIONES%202010/7640.pdf HTTP/1.0" 200 72823
186.102.86.202 - - [23/Dec/2023:14:37:18 -0500] "GET /kwssiamovil/sm/acme/a?s=U2FsdGVkX18RRK/twWEz0Gm9L9AkuS0uPJfDMd3qA71MwozWgdmdOWvNTsF4K1eC9BTq1vEhWF7CxZW5zV5YpAKGy7R+JXbs41i0Ej8dtc0MU30K1trZu8CwN54QTBfwfYet+rZhJfrRN1P3gNbbS9Xvui7IO9VKvlc03CTEbEVrD1jxutqpBtQe1t3VniLjV4QqvDF5U5LiOdNDVIJ7OKXVqhSeWwL9PTa0AKFAroWZHLU19vrpcw01/4C9GZZ5PLaChQTu2s1tIVwsVZAftQ==&u=U2FsdGVkX189XXqe/dQAfdPkiAhu5CvL/jUJgZ8wxf/xTAKxx5TKQbE/FRcl8QgS&y=U2FsdGVkX1+0CUbuy5JjHMk/HH70JHjYf8g5tPoBaGP7pHEJiJuNCGZyNZS9F/Ot HTTP/1.1" 200 26
186.102.86.202 - - [23/Dec/2023:14:37:19 -0500] "GET /kwssiamovil/sm/acme/a?s=U2FsdGVkX18V5ItZpuGX4VQxA9Bf5wArfLQVV8HJbL194JdUx4cgdwi+SExUd2TZLPjPUdKCwpSypargRpl4O1PhjfRdq+JhMdsReHysTSUgu7+vIausjVmC0L+9nQUt5GLsC3nMhvQAxkcX/hbY+HS+/GPYeDfMi9neyz04N6NVoePAaGd5AOkInMR4LJ+JedlM3e5hEoRdvFLcE3yQED6hHuGcgSj0B2P/PZFmwYZ4a6gRhoNEy2kUht6fFEuReAt/2d61ZlRp/+MnERCpJonkYsCldIL8f+SJVVJx7hiIGXgb2oxnaRArlTffYik2ShOT//x9nhxQAiPh/xBkMWBGwSL3yKoJBQgBjOLgdXwtK6Ettp1SNBLBPUQOW9sNVznyinc4/n8Uqa0B8znlRUTaF6BzEOEcQm+Ffv8hIdbUkrMD5y6upslNfj2F1dwtXmNP810vftxIyDuXnaQ9/aWB/CxKwGTp+E3vl3xQI2NzfAe89oY3lLvlRKJUjHaMgwpgPf1cc2faOV6I4e1/1LnB3JYnffTdvymls0IRwXIb+G1foCgDbL5mXCKetAjNO+s3PsId0JUNpgBuCxwXK5/eF4OYweEjIpgN+qtLE0FIzTHYV2K4cfCt3tJdTEa2g0xfpKCdBnOYP0rt87VWVfSKnwD9xcaZX0vmmoxQ2H6+zEQk60GFAbxotdhOgC9OcE6FrzvIJ1mhWroX01rqSOreGegB0QN3DvIXaeYFCyUZi3U7H1WPtaztDr77+xzRcahxUTamSh2R07MN/3wskw4/E0MFiA1s+OxfwAATuuGUdUuoaMjtuHfOXPW9kyaMbxoIjdYsxhuOwMtgUUwtjqGfm/z1U4rb6jbRuQvCKbaodV7LJqh9sPBQCcJuVgnGSqaXD4qDpkvIntPMuI2I6NTXoxjb8VSbFgNddJNnjGSLGehoVNctIgs/D4MVvufUzkaECWOdM1o3nBf8pJD5fkw6ymQmsicPcv1pH4DLj3q0dx8opm9Lr9UgjUSG1qzKLf8w8a1mqDXtXH2a/XuDglDP0aft/RjT9JsxMCFBnKih5SMphiqFm1edJfvSAiSm72JUsZOMFDSgVFQiqMAiwmoxncy19jFbhbtF63tCvIctA1YxzJayWDZozUvUepUPR9dAYToUTYiWav81CW5niJu5VuUUtWWMHg4KzGgdCFq5tQYWSpUq9x7z79A6H+mdj9AsfFfnKts0C5YLG0r8wRO/BJm77gVadgtmIdw6Yk2NU8I4M7k+komclspttA6y9cvW78U49/Vwk+x/uWIvJ36/wJCZ22b6QTTwjFoKuRFQTKXT4VruIMhLt7WH8mn/8FFC7VXhNUMe4uG1yQTun4wfy43/CGaSeabgaNPJefCD/pYNXqXu1KSkJFKwS9x6j33NBBd/IbFiUMiEKGru85gJTca3Gojchb2LQP89POQIOtnFc2s7AI2XXuHOauceltvT3HLNzmcSdJSQYSZOaGfRP04NXNJJ8vwvIL3arocMnM4TXqOWX6S4IbyRYHw34Z7Rq7lgbYJK5R05srNSewGSzVWDRFIpku2qmK2Pjb6IA0HZIgRkW3fDrXZTM7pUut2WU/2Q3cgcwHgudgfDd1lgd7EmPfyunQlFkZ0EL5nnMWAQPZt8d4IQX9z8SHK4Q3eIvUQiVgmed5WE0Dy+njjA7+t2Z0yogGNvtIoa1df/Q5EtMN5HS8lOlsA1JO08sTcHaGP2JR6MHXwId5jukVOcl+CEjyYW9u7S/LQodDo9Y1UbOWFW/XQ3bo7xjCTf4peS2jbYnIgttdRW06LNxlbL6uJdXcTjDuZcHQODgqW5858RS+4c4ZL5LSDK6ljH1gU4QQYilVrADzgIki0pKYq34M/jb1JczcbkxNL3PirQlV+PPJZ7xOnFrpBtF9aDD+U/nqZhLTUsspqH9nEJ52OM9SjS9DHEtPk/qv7xiA4TVv7o08sTjaZwgwwE4ASgv12QKGLMCbf+pG4gL4s0+VVzW07tioA4921Mcu9q862vDeakVfv36LAiGIw9FJh8i8FmbtozOdW5cpheK0XwF9tksCKnwzmR4m4xazxXRptxCHzti+kx8rDyjh/+oNeqsqP7Dwd/4G1qtbig204rC9vLHnd8+ZegfGlmqjizG+QCQdJoM0qp4kh5C7tGmR+2MH4aFuMrA1G3PI3aXfZVf69+rP3//DeH/0gvRXAZy9bMnp4DJbGXh2sFqVuJZVIN2JR/MGOr3X26X9sC3ELGQtQ0WQ/7E8O9QnTe526jgfFA67F3ISrk4Twh6NyD1c7p&u=U2FsdGVkX189XXqe/dQAfdPkiAhu5CvL/jUJgZ8wxf/xTAKxx5TKQbE/FRcl8QgS&y=U2FsdGVkX1+0CUbuy5JjHMk/HH70JHjYf8g5tPoBaGP7pHEJiJuNCGZyNZS9F/Ot HTTP/1.1" 200 26
186.102.86.202 - - [23/Dec/2023:14:37:19 -0500] "GET /kwssiamovil/sm/acme/a?s=U2FsdGVkX19hgGXuaPO3v65hbp7K20JvWvAiTLNN8SgruWHgciJpxT3+Xf0kWvwk+XqBRMqP65gEqAhvxvhYXuqpJssHWWhq0sqFgNVuX0AQJ8f9QxNG28H9GcfnzxGawLKYz2wLWR5+RrTQR0q8WiDIp9C4hc/OykBWFpx0WS4=&u=U2FsdGVkX189XXqe/dQAfdPkiAhu5CvL/jUJgZ8wxf/xTAKxx5TKQbE/FRcl8QgS&y=U2FsdGVkX1+0CUbuy5JjHMk/HH70JHjYf8g5tPoBaGP7pHEJiJuNCGZyNZS9F/Ot HTTP/1.1" 200 26
186.102.86.202 - - [23/Dec/2023:14:37:19 -0500] "GET /kwssiamovil/sm/acme/a?s=U2FsdGVkX184k8MGRdHekiU3asvjllGdkKvE7CtqewMPC5JYNBJ+4KhtUbV4z4oHBXostc01zNKjz4gImcQ47Qsul+AXBkyQZAuPcdPXUvAWA6S7neDhzVhZ6T5b9J34hHp2d4OuDNo0So7S3CLl8pIGMOjOVQVXBPo4K2moDII=&u=U2FsdGVkX189XXqe/dQAfdPkiAhu5CvL/jUJgZ8wxf/xTAKxx5TKQbE/FRcl8QgS&y=U2FsdGVkX1+0CUbuy5JjHMk/HH70JHjYf8g5tPoBaGP7pHEJiJuNCGZyNZS9F/Ot HTTP/1.1" 200 26
186.102.86.202 - - [23/Dec/2023:14:37:20 -0500] "GET /kwssiamovil/sm/acme/a?s=U2FsdGVkX1+y0HxsTDPRnV3J8mekukbdMwKGua8XV7rHxPKqSbDbMIjWiL0cc+bmFfoALDK0jDLLCoxy4FP3+21hE0/SYzshCITfhlmlJEWSY/QJT5etPT120xdzL8JHAaVX2KLVyYwdYuD654g2U8YF+PpkPXSfa64I4LlLZ6Y=&u=U2FsdGVkX189XXqe/dQAfdPkiAhu5CvL/jUJgZ8wxf/xTAKxx5TKQbE/FRcl8QgS&y=U2FsdGVkX1+0CUbuy5JjHMk/HH70JHjYf8g5tPoBaGP7pHEJiJuNCGZyNZS9F/Ot HTTP/1.1" 200 26
186.102.86.202 - - [23/Dec/2023:14:37:20 -0500] "GET /kwssiamovil/sm/acme/a?s=U2FsdGVkX1/NK0YKuMETlcMJBLKbdk5hNUjTzR3+bPp392Y5qcdAg6BEB8fUIBYn4TVzJIIUGaaVpqq4D8dFrL7uT0Qj+cxv9NJVP8tIpTPDnVskP9d/cpgp4pWFqpYYMMxHIvoRFqBJnHVNyMc3Tl87UCSAzPlaMRzOK4awoGvOUATcUmDWdcPz1fXPwMtZHpexlmgJ/wKCjfbTWfM4LQ==&u=U2FsdGVkX189XXqe/dQAfdPkiAhu5CvL/jUJgZ8wxf/xTAKxx5TKQbE/FRcl8QgS&y=U2FsdGVkX1+0CUbuy5JjHMk/HH70JHjYf8g5tPoBaGP7pHEJiJuNCGZyNZS9F/Ot HTTP/1.1" 200 26
199.16.157.180 - - [23/Dec/2023:14:37:20 -0500] "GET /robots.txt HTTP/1.1" 404 1034
199.16.157.180 - - [23/Dec/2023:14:37:20 -0500] "GET /images/cronica-amanda-rodriguez-30-abril.jpg HTTP/1.1" 200 26304
156.59.198.136 - - [23/Dec/2023:14:37:23 -0500] "GET /BLA/resoluciones/RESOLUCIONES%202009/1974.pdf HTTP/1.0" 200 585720
156.59.198.136 - - [23/Dec/2023:14:37:47 -0500] "GET /BLA/resoluciones/Notificaciones/AUTOS%202021/4157.pdf HTTP/1.0" 200 350491
156.59.198.136 - - [23/Dec/2023:14:38:11 -0500] "GET /BLA/resoluciones/RESOLUCIONES%202014/2804.pdf HTTP/1.0" 200 761078
156.59.198.135 - - [23/Dec/2023:14:38:35 -0500] "GET /BLA/resoluciones/Notificaciones/AUTOS%202019/1978.pdf HTTP/1.0" 200 279834
156.59.198.136 - - [23/Dec/2023:14:38:59 -0500] "GET /BLA/resoluciones/RESOLUCIONES%202010/7794.pdf HTTP/1.0" 200 497081
156.59.198.135 - - [23/Dec/2023:14:39:25 -0500] "GET /BLA/resoluciones/RESOLUCIONES%202009/1271.pdf HTTP/1.0" 200 1851777
216.244.66.195 - - [23/Dec/2023:14:39:42 -0500] "GET /robots.txt HTTP/1.1" 404 1018
156.59.198.136 - - [23/Dec/2023:14:39:49 -0500] "GET /BLA/resoluciones/RESOLUCIONES%202009/2023.pdf HTTP/1.0" 200 685926
201.245.192.253 - - [23/Dec/2023:14:39:58 -0500] "POST /kwsrmcab/Wsrmcab  HTTP/1.1" 200 40220
156.59.198.136 - - [23/Dec/2023:14:40:14 -0500] "GET /BLA/resoluciones/AUTOS%202010/6767.pdf HTTP/1.0" 200 479682
201.245.192.253 - - [23/Dec/2023:14:40:18 -0500] "POST /kwsrmcab/Wsrmcab HTTP/1.1" 200 36010
216.245.221.92 - - [23/Dec/2023:14:40:25 -0500] "HEAD / HTTP/1.1" 200 -
201.245.192.253 - - [23/Dec/2023:14:40:23 -0500] "POST /kwsrmcab/Wsrmcab HTTP/1.1" 200 37052
156.59.198.135 - - [23/Dec/2023:14:40:37 -0500] "GET /BLA/resoluciones/RESOLUCIONES%202014/3850.pdf HTTP/1.0" 200 883764
69.63.184.8 - - [23/Dec/2023:14:40:43 -0500] "GET /images/Aves%20SDA.jpeg HTTP/1.1" 200 75104
52.167.144.190 - - [23/Dec/2023:14:40:47 -0500] "GET /portaldeninos/?s=2023 HTTP/1.1" 200 87105
172.22.2.4 - - [23/Dec/2023:14:39:15 -0500] "HEAD /BLA/boletinlegal/ HTTP/1.1" 200 -
156.59.198.136 - - [23/Dec/2023:14:41:02 -0500] "GET /BLA/resoluciones/RESOLUCIONES%202010/7751.pdf HTTP/1.0" 200 298094
156.59.198.135 - - [23/Dec/2023:14:41:25 -0500] "GET /BLA/resoluciones/Notificaciones/RESOLUCIONES%202021/3575.pdf HTTP/1.0" 200 371076
172.22.2.4 - - [23/Dec/2023:14:40:05 -0500] "GET /BLA/boletinlegal/ HTTP/1.1" 200 58567
156.59.198.136 - - [23/Dec/2023:14:41:50 -0500] "GET /BLA/resoluciones/RESOLUCIONES%202010/7870.pdf HTTP/1.0" 200 394585
156.59.198.136 - - [23/Dec/2023:14:42:14 -0500] "GET /BLA/resoluciones/AUTOS%202018/6637.pdf HTTP/1.0" 200 247589
199.16.157.181 - - [23/Dec/2023:14:42:21 -0500] "GET /images/pl%C3%A1sticos%20foto%201..jpg HTTP/1.1" 404 1034
199.16.157.182 - - [23/Dec/2023:14:42:26 -0500] "GET /images/presentaci%C3%B3n%20convenci%C3%B3n.jpg HTTP/1.1" 404 1034
156.59.198.135 - - [23/Dec/2023:14:42:39 -0500] "GET /BLA/resoluciones/RESOLUCIONES%202007/RES%202007%201501%20AL%201600/RESOLUCION%201573%20DE%202007.pdf HTTP/1.0" 200 744004
156.59.198.136 - - [23/Dec/2023:14:43:03 -0500] "GET /BLA/resoluciones/AUTOS%202018/5885.pdf HTTP/1.0" 200 506672
173.252.79.10 - - [23/Dec/2023:14:43:03 -0500] "GET /images/PREAD%20SDA%201.jpeg HTTP/1.1" 200 65620
157.55.39.225 - - [23/Dec/2023:14:43:19 -0500] "GET /robots.txt HTTP/1.1" 404 1018
156.59.198.135 - - [23/Dec/2023:14:43:27 -0500] "GET /BLA/resoluciones/RESOLUCIONES%202009/1996.pdf HTTP/1.0" 200 564941
156.59.198.136 - - [23/Dec/2023:14:43:52 -0500] "GET /BLA/resoluciones/AUTOS%202014/1468.pdf HTTP/1.0" 200 657197
156.59.198.135 - - [23/Dec/2023:14:44:17 -0500] "GET /BLA/resoluciones/RESOLUCIONES%202010/4992.pdf HTTP/1.0" 200 744548
156.59.198.135 - - [23/Dec/2023:14:44:40 -0500] "GET /BLA/resoluciones/RESOLUCIONES%202010/3499.pdf HTTP/1.0" 200 498619
201.245.192.253 - - [23/Dec/2023:14:44:56 -0500] "POST /kwsrmcab/Wsrmcab  HTTP/1.1" 200 40220
156.59.198.136 - - [23/Dec/2023:14:45:06 -0500] "GET /BLA/resoluciones/RESOLUCIONES%202010/5142.pdf HTTP/1.0" 200 463173
216.245.221.92 - - [23/Dec/2023:14:45:25 -0500] "HEAD / HTTP/1.1" 200 -
156.59.198.135 - - [23/Dec/2023:14:45:30 -0500] "GET /BLA/resoluciones/AUTOS%202007/3666.pdf HTTP/1.0" 200 178274
156.59.198.135 - - [23/Dec/2023:14:45:54 -0500] "GET /BLA/resoluciones/AUTOS%202007/3740.pdf HTTP/1.0" 200 153916
156.59.198.135 - - [23/Dec/2023:14:46:19 -0500] "GET /BLA/resoluciones/RESOLUCIONES%202010/2985.pdf HTTP/1.0" 200 986438
156.59.198.136 - - [23/Dec/2023:14:46:43 -0500] "GET /BLA/resoluciones/RESOLUCIONES%202010/4146.pdf HTTP/1.0" 200 752377
172.22.2.4 - - [23/Dec/2023:14:45:05 -0500] "HEAD /BLA/boletinlegal/ HTTP/1.1" 200 -
156.59.198.135 - - [23/Dec/2023:14:47:07 -0500] "GET /BLA/resoluciones/AUTOS%202007/3721.pdf HTTP/1.0" 200 381308
156.59.198.135 - - [23/Dec/2023:14:47:31 -0500] "GET /BLA/resoluciones/RESOLUCIONES%202010/1979.pdf HTTP/1.0" 200 513833
172.22.2.4 - - [23/Dec/2023:14:45:56 -0500] "GET /BLA/boletinlegal/ HTTP/1.1" 200 58567
156.59.198.136 - - [23/Dec/2023:14:47:55 -0500] "GET /BLA/resoluciones/RESOLUCIONES%202010/4287.pdf HTTP/1.0" 200 662736
156.59.198.135 - - [23/Dec/2023:14:48:20 -0500] "GET /BLA/resoluciones/RESOLUCIONES%202010/3396.pdf HTTP/1.0" 200 315464
156.59.198.135 - - [23/Dec/2023:14:48:45 -0500] "GET /BLA/resoluciones/RESOLUCIONES%202010/5284.pdf HTTP/1.0" 200 759787
156.59.198.135 - - [23/Dec/2023:14:49:09 -0500] "GET /BLA/resoluciones/RESOLUCIONES%202010/3099.pdf HTTP/1.0" 200 345548
173.252.95.120 - - [23/Dec/2023:14:49:26 -0500] "GET /images/Aves%20SDA.jpeg HTTP/1.1" 200 75104
156.59.198.135 - - [23/Dec/2023:14:49:33 -0500] "GET /BLA/resoluciones/RESOLUCIONES%202010/2392.pdf HTTP/1.0" 200 515140
156.59.198.136 - - [23/Dec/2023:14:49:57 -0500] "GET /BLA/resoluciones/RESOLUCIONES%202010/2180.pdf HTTP/1.0" 200 494577
201.245.192.253 - - [23/Dec/2023:14:49:54 -0500] "POST /kwsrmcab/Wsrmcab  HTTP/1.1" 200 40220
156.59.198.136 - - [23/Dec/2023:14:50:21 -0500] "GET /BLA/resoluciones/AUTOS%202007/3656.pdf HTTP/1.0" 200 205514
216.245.221.92 - - [23/Dec/2023:14:50:25 -0500] "HEAD / HTTP/1.1" 200 -
156.59.198.135 - - [23/Dec/2023:14:50:45 -0500] "GET /BLA/resoluciones/RESOLUCIONES%202010/3952.pdf HTTP/1.0" 200 511993
156.59.198.136 - - [23/Dec/2023:14:51:09 -0500] "GET /BLA/resoluciones/RESOLUCIONES%202010/3853.pdf HTTP/1.0" 200 57524
156.59.198.135 - - [23/Dec/2023:14:51:34 -0500] "GET /BLA/resoluciones/RESOLUCIONES%202010/2466.pdf HTTP/1.0" 200 493301
216.244.66.195 - - [23/Dec/2023:14:51:40 -0500] "GET /BLA/resoluciones/RESOLUCIONES%202017/0490.pdf HTTP/1.1" 200 456378
156.59.198.136 - - [23/Dec/2023:14:51:58 -0500] "GET /BLA/resoluciones/RESOLUCIONES%202010/3101.pdf HTTP/1.0" 200 344894
216.244.66.195 - - [23/Dec/2023:14:52:10 -0500] "GET /BLA/resoluciones/RESOLUCIONES%202017/0785.pdf HTTP/1.1" 200 426198
156.59.198.136 - - [23/Dec/2023:14:52:24 -0500] "GET /BLA/resoluciones/RESOLUCIONES%202010/4091.pdf HTTP/1.0" 200 488979
172.22.2.4 - - [23/Dec/2023:14:50:56 -0500] "HEAD /BLA/boletinlegal/ HTTP/1.1" 200 -
66.249.66.19 - - [23/Dec/2023:14:52:46 -0500] "GET /BLA/resoluciones/Notificaciones/RESOLUCIONES%202023/0388.pdf HTTP/1.1" 304 -
156.59.198.136 - - [23/Dec/2023:14:52:47 -0500] "GET /BLA/resoluciones/RESOLUCIONES%202010/4823.pdf HTTP/1.0" 200 753735
216.244.66.195 - - [23/Dec/2023:14:52:50 -0500] "GET /BLA/resoluciones/RESOLUCIONES%202017/0853.pdf HTTP/1.1" 200 309711
156.59.198.136 - - [23/Dec/2023:14:53:11 -0500] "GET /BLA/resoluciones/RESOLUCIONES%202010/3596.pdf HTTP/1.0" 200 499529
172.22.2.4 - - [23/Dec/2023:14:51:46 -0500] "GET /BLA/boletinlegal/ HTTP/1.1" 200 58567
156.59.198.135 - - [23/Dec/2023:14:53:35 -0500] "GET /BLA/resoluciones/RESOLUCIONES%202010/2453.pdf HTTP/1.0" 200 403729
216.244.66.195 - - [23/Dec/2023:14:53:36 -0500] "GET /BLA/resoluciones/RESOLUCIONES%202017/0891.pdf HTTP/1.1" 200 911355
156.59.198.135 - - [23/Dec/2023:14:54:00 -0500] "GET /BLA/resoluciones/RESOLUCIONES%202010/2374.pdf HTTP/1.0" 200 442344
156.59.198.135 - - [23/Dec/2023:14:54:25 -0500] "GET /BLA/resoluciones/RESOLUCIONES%202010/4158.pdf HTTP/1.0" 200 752933
216.244.66.195 - - [23/Dec/2023:14:54:26 -0500] "GET /BLA/resoluciones/RESOLUCIONES%202017/1577.pdf HTTP/1.1" 200 600718
156.59.198.135 - - [23/Dec/2023:14:54:49 -0500] "GET /BLA/resoluciones/RESOLUCIONES%202016/2346.pdf HTTP/1.0" 200 360754
201.245.192.253 - - [23/Dec/2023:14:54:53 -0500] "POST /kwsrmcab/Wsrmcab  HTTP/1.1" 200 40220
156.59.198.135 - - [23/Dec/2023:14:55:14 -0500] "GET /BLA/resoluciones/RESOLUCIONES%202010/4814.pdf HTTP/1.0" 200 754717
216.244.66.195 - - [23/Dec/2023:14:55:16 -0500] "GET /BLA/resoluciones/RESOLUCIONES%202017/1707.pdf HTTP/1.1" 200 439673
216.245.221.92 - - [23/Dec/2023:14:55:25 -0500] "HEAD / HTTP/1.1" 200 -
156.59.198.135 - - [23/Dec/2023:14:55:37 -0500] "GET /BLA/resoluciones/RESOLUCIONES%202010/2404.pdf HTTP/1.0" 200 511736
156.59.198.136 - - [23/Dec/2023:14:56:02 -0500] "GET /BLA/resoluciones/RESOLUCIONES%202010/3841.pdf HTTP/1.0" 200 1501417
216.244.66.195 - - [23/Dec/2023:14:56:06 -0500] "GET /BLA/resoluciones/RESOLUCIONES%202017/2452.pdf HTTP/1.1" 200 369965
156.59.198.136 - - [23/Dec/2023:14:56:26 -0500] "GET /BLA/resoluciones/RESOLUCIONES%202010/3877.pdf HTTP/1.0" 200 1056428
156.59.198.135 - - [23/Dec/2023:14:56:50 -0500] "GET /BLA/resoluciones/RESOLUCIONES%202010/4855.pdf HTTP/1.0" 200 754049
216.244.66.195 - - [23/Dec/2023:14:56:54 -0500] "GET /BLA/resoluciones/RESOLUCIONES%202017/2552.pdf HTTP/1.1" 200 275127
156.59.198.135 - - [23/Dec/2023:14:57:16 -0500] "GET /BLA/resoluciones/RESOLUCIONES%202010/4213.pdf HTTP/1.0" 200 755287
216.244.66.195 - - [23/Dec/2023:14:57:34 -0500] "GET /BLA/resoluciones/RESOLUCIONES%202017/2880.pdf HTTP/1.1" 200 290849
156.59.198.135 - - [23/Dec/2023:14:57:39 -0500] "GET /BLA/resoluciones/RESOLUCIONES%202016/1922.pdf HTTP/1.0" 200 366020
156.59.198.135 - - [23/Dec/2023:14:58:03 -0500] "GET /BLA/resoluciones/RESOLUCIONES%202010/3232.pdf HTTP/1.0" 200 775418
216.244.66.195 - - [23/Dec/2023:14:58:21 -0500] "GET /BLA/resoluciones/RESOLUCIONES%202017/3659.pdf HTTP/1.1" 200 454767
172.22.2.4 - - [23/Dec/2023:14:56:46 -0500] "HEAD /BLA/boletinlegal/ HTTP/1.1" 200 -
156.59.198.136 - - [23/Dec/2023:14:58:29 -0500] "GET /BLA/resoluciones/RESOLUCIONES%202010/2474.pdf HTTP/1.0" 200 451759
156.59.198.136 - - [23/Dec/2023:14:58:54 -0500] "GET /BLA/resoluciones/RESOLUCIONES%202010/4184.pdf HTTP/1.0" 200 373898
216.244.66.195 - - [23/Dec/2023:14:59:11 -0500] "GET /BLA/resoluciones/RESOLUCIONES%202019/1984.pdf HTTP/1.1" 200 478431
172.22.2.4 - - [23/Dec/2023:14:57:36 -0500] "GET /BLA/boletinlegal/ HTTP/1.1" 200 60910
156.59.198.135 - - [23/Dec/2023:14:59:17 -0500] "GET /BLA/resoluciones/RESOLUCIONES%202010/3926.pdf HTTP/1.0" 200 571331
156.59.198.136 - - [23/Dec/2023:14:59:42 -0500] "GET /BLA/resoluciones/RESOLUCIONES%202010/4972.pdf HTTP/1.0" 200 368344
201.245.192.253 - - [23/Dec/2023:14:59:52 -0500] "POST /kwsrmcab/Wsrmcab  HTTP/1.1" 200 40220
216.244.66.195 - - [23/Dec/2023:15:00:02 -0500] "GET /BLA/resoluciones/RESOLUCIONES%202019/2078.pdf HTTP/1.1" 200 376749
156.59.198.135 - - [23/Dec/2023:15:00:06 -0500] "GET /BLA/resoluciones/RESOLUCIONES%202010/3594.pdf HTTP/1.0" 200 532601
216.245.221.92 - - [23/Dec/2023:15:00:25 -0500] "HEAD / HTTP/1.1" 200 -
156.59.198.135 - - [23/Dec/2023:15:00:30 -0500] "GET /BLA/resoluciones/RESOLUCIONES%202010/3933.pdf HTTP/1.0" 200 515341
216.244.66.195 - - [23/Dec/2023:15:00:52 -0500] "GET /BLA/resoluciones/RESOLUCIONES%202019/2112.pdf HTTP/1.1" 200 273341
156.59.198.135 - - [23/Dec/2023:15:00:55 -0500] "GET /BLA/resoluciones/RESOLUCIONES%202010/3654.pdf HTTP/1.0" 200 711969
156.59.198.136 - - [23/Dec/2023:15:01:19 -0500] "GET /BLA/resoluciones/RESOLUCIONES%202010/2340.pdf HTTP/1.0" 200 525331
191.156.144.9 - - [23/Dec/2023:15:01:26 -0500] "-" 408 -
191.156.150.169 - - [23/Dec/2023:15:01:26 -0500] "-" 408 -
216.244.66.195 - - [23/Dec/2023:15:01:27 -0500] "GET /BLA/resoluciones/RESOLUCIONES%202019/2188.pdf HTTP/1.1" 200 397648
186.102.66.73 - - [23/Dec/2023:15:01:29 -0500] "GET /mis-de-50-aves-silvestres-fueron-recuperadas-en-la-localidad-de-tunjuelito.html HTTP/1.1" 200 806
186.102.66.73 - - [23/Dec/2023:15:01:29 -0500] "GET /favicon.ico HTTP/1.1" 404 1452
191.156.50.165 - - [23/Dec/2023:15:01:36 -0500] "-" 408 -
191.156.60.155 - - [23/Dec/2023:15:01:36 -0500] "-" 408 -
156.59.198.135 - - [23/Dec/2023:15:01:44 -0500] "GET /BLA/resoluciones/RESOLUCIONES%202010/2936.pdf HTTP/1.0" 200 487607
156.59.198.136 - - [23/Dec/2023:15:02:09 -0500] "GET /BLA/resoluciones/RESOLUCIONES%202010/4060.pdf HTTP/1.0" 200 115932
216.244.66.195 - - [23/Dec/2023:15:02:17 -0500] "GET /BLA/resoluciones/RESOLUCIONES%202019/2578.pdf HTTP/1.1" 200 286413
156.59.198.136 - - [23/Dec/2023:15:02:33 -0500] "GET /BLA/resoluciones/RESOLUCIONES%202010/4886.pdf HTTP/1.0" 200 740777
156.59.198.135 - - [23/Dec/2023:15:02:57 -0500] "GET /BLA/resoluciones/RESOLUCIONES%202010/4608.pdf HTTP/1.0" 200 894982
216.244.66.195 - - [23/Dec/2023:15:03:01 -0500] "GET /BLA/resoluciones/RESOLUCIONES%202019/2617.pdf HTTP/1.1" 200 299367
156.59.198.135 - - [23/Dec/2023:15:03:21 -0500] "GET /BLA/resoluciones/RESOLUCIONES%202010/2482.pdf HTTP/1.0" 200 279587
216.244.66.195 - - [23/Dec/2023:15:03:44 -0500] "GET /BLA/resoluciones/RESOLUCIONES%202019/3207.pdf HTTP/1.1" 200 278095
156.59.198.136 - - [23/Dec/2023:15:03:46 -0500] "GET /BLA/resoluciones/RESOLUCIONES%202010/4685.pdf HTTP/1.0" 200 752099
156.59.198.135 - - [23/Dec/2023:15:04:09 -0500] "GET /BLA/resoluciones/RESOLUCIONES%202010/3489.pdf HTTP/1.0" 200 498483
207.46.13.155 - - [23/Dec/2023:15:04:12 -0500] "GET /sipse/faces/index.xhtml HTTP/1.1" 200 677
207.46.13.155 - - [23/Dec/2023:15:04:13 -0500] "GET /BLA/resoluciones/RESOLUCIONES%202021/2646.pdf HTTP/1.1" 200 543575
172.22.2.4 - - [23/Dec/2023:15:02:36 -0500] "HEAD /BLA/boletinlegal/ HTTP/1.1" 200 -
216.244.66.195 - - [23/Dec/2023:15:04:26 -0500] "GET /BLA/resoluciones/RESOLUCIONES%202019/3263.pdf HTTP/1.1" 200 385946
156.59.198.136 - - [23/Dec/2023:15:04:35 -0500] "GET /BLA/resoluciones/RESOLUCIONES%202010/3895.pdf HTTP/1.0" 200 659834
201.245.192.253 - - [23/Dec/2023:15:04:51 -0500] "POST /kwsrmcab/Wsrmcab  HTTP/1.1" 200 40220
156.59.198.135 - - [23/Dec/2023:15:04:59 -0500] "GET /BLA/resoluciones/RESOLUCIONES%202010/4710.pdf HTTP/1.0" 200 187126
172.22.2.4 - - [23/Dec/2023:15:03:26 -0500] "GET /BLA/boletinlegal/ HTTP/1.1" 200 60502
216.244.66.195 - - [23/Dec/2023:15:05:15 -0500] "GET /BLA/resoluciones/RESOLUCIONES%202019/3272.pdf HTTP/1.1" 200 327674
