201.245.192.253 - - [23/Dec/2023:21:20:18 -0500] "POST /kwsrmcab/Wsrmcab HTTP/1.1" 200 36144
216.245.221.92 - - [23/Dec/2023:21:20:24 -0500] "HEAD / HTTP/1.1" 200 -
201.245.192.253 - - [23/Dec/2023:21:20:23 -0500] "POST /kwsrmcab/Wsrmcab HTTP/1.1" 200 36887
156.59.198.135 - - [23/Dec/2023:21:20:41 -0500] "GET /BLA/resoluciones/AUTOS%202014/4797.pdf HTTP/1.0" 200 775783
201.219.216.142 - - [23/Dec/2023:21:20:45 -0500] "POST /BLA/boletinlegal/admin/actos/ingresar.php HTTP/1.1" 200 2102
201.219.216.142 - - [23/Dec/2023:21:20:47 -0500] "GET /BLA/boletinlegal/admin/actos/ingresar.php HTTP/1.1" 200 7209
201.219.216.142 - - [23/Dec/2023:21:20:52 -0500] "GET /BLA/resoluciones/ HTTP/1.1" 200 13696
201.219.216.142 - - [23/Dec/2023:21:20:55 -0500] "GET /BLA/resoluciones/index.php?dir=RESOLUCIONES+2023%2F HTTP/1.1" 200 122987
156.59.198.136 - - [23/Dec/2023:21:21:05 -0500] "GET /BLA/resoluciones/AUTOS%202014/3703.pdf HTTP/1.0" 200 515894
216.244.66.195 - - [23/Dec/2023:21:21:28 -0500] "GET /robots.txt HTTP/1.1" 404 1018
156.59.198.135 - - [23/Dec/2023:21:21:29 -0500] "GET /BLA/resoluciones/Notificaciones/AUTOS%202022/7617.pdf HTTP/1.0" 200 428503
156.59.198.135 - - [23/Dec/2023:21:21:53 -0500] "GET /BLA/resoluciones/RESOLUCIONES%202007/RES%202007%201801%20AL%201900/RESOLUCION%201896%20DE%202007.pdf HTTP/1.0" 200 855596
66.249.66.19 - - [23/Dec/2023:21:22:06 -0500] "HEAD /galeria/galeria/fotos/Huemdal-el-Tunjo3G.jpg HTTP/1.1" 200 -
156.59.198.136 - - [23/Dec/2023:21:22:17 -0500] "GET /BLA/resoluciones/RESOLUCIONES%202007/RES%202007%203801%20AL%203900/RESOLUCION%203844%20DE%202007.pdf HTTP/1.0" 200 302107
69.171.231.116 - - [23/Dec/2023:21:22:39 -0500] "GET /mis-de-50-aves-silvestres-fueron-recuperadas-en-la-localidad-de-tunjuelito.html HTTP/1.1" 200 806
69.171.231.4 - - [23/Dec/2023:21:22:39 -0500] "GET /mis-de-50-aves-silvestres-fueron-recuperadas-en-la-localidad-de-tunjuelito.html HTTP/1.1" 200 806
69.171.231.1 - - [23/Dec/2023:21:22:39 -0500] "GET /mis-de-50-aves-silvestres-fueron-recuperadas-en-la-localidad-de-tunjuelito.html HTTP/1.1" 200 806
156.59.198.136 - - [23/Dec/2023:21:22:42 -0500] "GET /BLA/resoluciones/Notificaciones/AUTOS%202022/3411.pdf HTTP/1.0" 200 1652918
66.249.66.21 - - [23/Dec/2023:21:23:02 -0500] "GET /BLA/resoluciones/RESOLUCIONES%202011/6982.pdf HTTP/1.1" 200 1266045
156.59.198.135 - - [23/Dec/2023:21:23:06 -0500] "GET /BLA/resoluciones/Notificaciones/AUTOS%202018/5663.pdf HTTP/1.0" 200 232405
201.245.192.253 - - [23/Dec/2023:21:23:11 -0500] "POST /kwsrmcab/Wsrmcab  HTTP/1.1" 200 40220
172.22.2.4 - - [23/Dec/2023:21:21:46 -0500] "HEAD /BLA/boletinlegal/ HTTP/1.1" 200 -
156.59.198.135 - - [23/Dec/2023:21:23:30 -0500] "GET /BLA/resoluciones/RESOLUCIONES%202010/4127.pdf HTTP/1.0" 200 757639
156.59.198.135 - - [23/Dec/2023:21:23:55 -0500] "GET /BLA/resoluciones/AUTOS%202014/5030.pdf HTTP/1.0" 200 917099
172.22.2.4 - - [23/Dec/2023:21:22:36 -0500] "GET /BLA/boletinlegal/ HTTP/1.1" 200 58172
156.59.198.136 - - [23/Dec/2023:21:24:18 -0500] "GET /BLA/resoluciones/Notificaciones/AUTOS%202013/3325.doc HTTP/1.0" 200 227840
156.59.198.136 - - [23/Dec/2023:21:24:42 -0500] "GET /BLA/resoluciones/RESOLUCIONES%202010/5002.pdf HTTP/1.0" 200 744841
156.59.198.136 - - [23/Dec/2023:21:25:07 -0500] "GET /BLA/resoluciones/RESOLUCIONES%202010/3550.pdf HTTP/1.0" 200 783309
216.245.221.92 - - [23/Dec/2023:21:25:24 -0500] "HEAD / HTTP/1.1" 200 -
156.59.198.135 - - [23/Dec/2023:21:25:32 -0500] "GET /BLA/resoluciones/RESOLUCIONES%202009/1593.pdf HTTP/1.0" 200 646076
156.59.198.136 - - [23/Dec/2023:21:25:55 -0500] "GET /BLA/resoluciones/RESOLUCIONES%202022/2466.pdf HTTP/1.0" 200 378441
66.249.66.19 - - [23/Dec/2023:21:26:18 -0500] "GET /BLA/resoluciones/RESOLUCIONES%202013/0201.pdf HTTP/1.1" 200 2137408
156.59.198.136 - - [23/Dec/2023:21:26:20 -0500] "GET /BLA/resoluciones/RESOLUCIONES%202010/2430.pdf HTTP/1.0" 200 498219
201.245.192.253 - - [23/Dec/2023:21:26:18 -0500] "POST /kwsrmcab/Wsrmcab HTTP/1.1" 200 36144
201.245.192.253 - - [23/Dec/2023:21:26:21 -0500] "POST /kwsrmcab/Wsrmcab HTTP/1.1" 200 36887
157.55.39.204 - - [23/Dec/2023:21:26:32 -0500] "GET /BLA/resoluciones/RESOLUCIONES%202018/1442.pdf HTTP/1.1" 200 2308106
156.59.198.136 - - [23/Dec/2023:21:26:45 -0500] "GET /BLA/resoluciones/Notificaciones/AUTOS%202022/7872.pdf HTTP/1.0" 200 394112
156.59.198.135 - - [23/Dec/2023:21:27:08 -0500] "GET /BLA/resoluciones/RESOLUCIONES%202010/3178.pdf HTTP/1.0" 200 525565
173.252.127.4 - - [23/Dec/2023:21:27:30 -0500] "GET /secretaria-de-ambiente-reconocio-entidades-por-sus-buenas-practicas-ambientales.html HTTP/1.1" 200 892
173.252.127.4 - - [23/Dec/2023:21:27:30 -0500] "GET /secretaria-de-ambiente-reconocio-entidades-por-sus-buenas-practicas-ambientales.html HTTP/1.1" 200 892
69.63.184.119 - - [23/Dec/2023:21:27:31 -0500] "GET /distrito-exalto-a-246-empresas-de-bogota-por-su-alto-desempeno-y-responsabilidad-ambiental-durante-2023.html HTTP/1.1" 200 1039
69.63.184.118 - - [23/Dec/2023:21:27:31 -0500] "GET /distrito-exalto-a-246-empresas-de-bogota-por-su-alto-desempeno-y-responsabilidad-ambiental-durante-2023.html HTTP/1.1" 200 1039
156.59.198.136 - - [23/Dec/2023:21:27:32 -0500] "GET /BLA/resoluciones/Notificaciones/AUTOS%202021/0531.pdf HTTP/1.0" 200 340917
156.59.198.136 - - [23/Dec/2023:21:27:57 -0500] "GET /BLA/resoluciones/RESOLUCIONES%202022/2919.pdf HTTP/1.0" 200 451181
173.252.107.120 - - [23/Dec/2023:21:28:03 -0500] "GET /images/mujeres-que-reverdecen.jpg HTTP/1.1" 200 31358
201.245.192.253 - - [23/Dec/2023:21:28:10 -0500] "POST /kwsrmcab/Wsrmcab  HTTP/1.1" 200 40220
156.59.198.135 - - [23/Dec/2023:21:28:21 -0500] "GET /BLA/resoluciones/Notificaciones/AUTOS%202019/3496.pdf HTTP/1.0" 200 540666
156.59.198.136 - - [23/Dec/2023:21:28:46 -0500] "GET /BLA/resoluciones/AUTOS%202014/2158.pdf HTTP/1.0" 200 587431
69.171.251.118 - - [23/Dec/2023:21:29:10 -0500] "GET /68-de-ejecucion-lleva-el-plan-de-accion-para-las-familias-de-bogota-que-va-del-2021-al-2025.html HTTP/1.1" 200 811
156.59.198.136 - - [23/Dec/2023:21:29:10 -0500] "GET /BLA/resoluciones/RESOLUCIONES%202014/3135.pdf HTTP/1.0" 200 498619
31.13.127.8 - - [23/Dec/2023:21:29:13 -0500] "GET /bogota-y-cundinamarca-consolidan-pagos-por-servicios-ambientales-con-nueva-firma-para-la-proteccion-del-agua.html HTTP/1.1" 200 821
31.13.127.2 - - [23/Dec/2023:21:29:13 -0500] "GET /bogota-y-cundinamarca-consolidan-pagos-por-servicios-ambientales-con-nueva-firma-para-la-proteccion-del-agua.html HTTP/1.1" 200 821
172.22.2.4 - - [23/Dec/2023:21:27:36 -0500] "HEAD /BLA/boletinlegal/ HTTP/1.1" 200 -
156.59.198.135 - - [23/Dec/2023:21:29:35 -0500] "GET /BLA/resoluciones/Notificaciones/AUTOS%202013/2912.doc HTTP/1.0" 200 228352
156.59.198.135 - - [23/Dec/2023:21:29:59 -0500] "GET /BLA/resoluciones/RESOLUCIONES%202007/RES%202007%201801%20AL%201900/RESOLUCION%201858%20DE%202007.pdf HTTP/1.0" 200 1424378
172.22.2.4 - - [23/Dec/2023:21:28:26 -0500] "GET /BLA/boletinlegal/ HTTP/1.1" 200 57309
201.245.192.253 - - [23/Dec/2023:21:30:17 -0500] "POST /kwsrmcab/Wsrmcab HTTP/1.1" 200 36144
216.245.221.92 - - [23/Dec/2023:21:30:24 -0500] "HEAD / HTTP/1.1" 200 -
156.59.198.136 - - [23/Dec/2023:21:30:24 -0500] "GET /BLA/resoluciones/AUTOS%202023/8587.pdf HTTP/1.0" 200 494024
201.245.192.253 - - [23/Dec/2023:21:30:22 -0500] "POST /kwsrmcab/Wsrmcab HTTP/1.1" 200 36887
52.167.144.12 - - [23/Dec/2023:21:30:37 -0500] "GET /sipse/faces/faces/recuperarclave.xhtml HTTP/1.1" 200 9410
156.59.198.136 - - [23/Dec/2023:21:30:48 -0500] "GET /BLA/resoluciones/RESOLUCIONES%202010/4107.pdf HTTP/1.0" 200 757767
157.55.39.204 - - [23/Dec/2023:21:31:01 -0500] "GET /sipse/css/custom_css_sg.css HTTP/1.1" 200 9694
157.55.39.204 - - [23/Dec/2023:21:31:01 -0500] "GET /sipse/faces/faces/index.xhtml HTTP/1.1" 200 677
69.63.184.120 - - [23/Dec/2023:21:31:03 -0500] "GET /distrito-exalta-48-arboles-patrimoniales-y-15-de-interes-publico-en-bogota.html HTTP/1.1" 200 816
69.63.184.8 - - [23/Dec/2023:21:31:03 -0500] "GET /distrito-exalta-48-arboles-patrimoniales-y-15-de-interes-publico-en-bogota.html HTTP/1.1" 200 816
69.63.184.2 - - [23/Dec/2023:21:31:03 -0500] "GET /distrito-exalta-48-arboles-patrimoniales-y-15-de-interes-publico-en-bogota.html HTTP/1.1" 200 816
157.55.39.204 - - [23/Dec/2023:21:31:02 -0500] "GET /sipse/faces/javax.faces.resource/jquery/jquery-plugins.js;jsessionid=A6mC15ih5svX+OOEapT6ndOG.undefined?ln=primefaces&v=4.0 HTTP/1.1" 200 220526
157.55.39.204 - - [23/Dec/2023:21:31:03 -0500] "GET /sipse/js/disable_browser_buttons.js HTTP/1.1" 200 3230
40.77.167.44 - - [23/Dec/2023:21:31:06 -0500] "GET /sipse/css/v_recuperar_clave.css HTTP/1.1" 200 1199
40.77.167.44 - - [23/Dec/2023:21:31:06 -0500] "GET /sipse/faces/javax.faces.resource/jquery/jquery.js;jsessionid=A6mC15ih5svX+OOEapT6ndOG.undefined?ln=primefaces&v=4.0 HTTP/1.1" 200 105384
156.59.198.135 - - [23/Dec/2023:21:31:13 -0500] "GET /BLA/resoluciones/RESOLUCIONES%202022/5600.pdf HTTP/1.0" 200 500107
181.59.3.208 - - [23/Dec/2023:21:31:16 -0500] "GET /bogota-cuenta-con-nuevo-modelo-de-residuos-de-construccion-y-demolicion.html HTTP/1.1" 200 783
156.59.198.136 - - [23/Dec/2023:21:31:36 -0500] "GET /BLA/resoluciones/Notificaciones/AUTOS%202013/1819.doc HTTP/1.0" 200 265728
156.59.198.135 - - [23/Dec/2023:21:32:02 -0500] "GET /BLA/resoluciones/AUTOS%202007/3648.pdf HTTP/1.0" 200 111381
45.142.182.76 - - [23/Dec/2023:21:32:15 -0500] "GET / HTTP/1.1" 200 319
156.59.198.135 - - [23/Dec/2023:21:32:28 -0500] "GET /BLA/resoluciones/RESOLUCIONES%202010/7267.pdf HTTP/1.0" 200 295465
181.53.204.105 - - [23/Dec/2023:21:32:45 -0500] "GET /mis-de-50-aves-silvestres-fueron-recuperadas-en-la-localidad-de-tunjuelito.html HTTP/1.1" 200 806
156.59.198.135 - - [23/Dec/2023:21:32:51 -0500] "GET /BLA/resoluciones/RESOLUCIONES%202007/RES%202007%202201%20AL%202300/RESOLUCION%202271%20DE%202007.pdf HTTP/1.0" 200 309583
207.46.13.126 - - [23/Dec/2023:21:33:01 -0500] "GET /portalsiaccapacitaciones/Listas%20de%20Asistencia%202017/Lista%20de%20asistencia-%20RCD%2014%2007%202017.pdf HTTP/1.1" 200 2298432
201.245.192.253 - - [23/Dec/2023:21:33:09 -0500] "POST /kwsrmcab/Wsrmcab  HTTP/1.1" 200 40220
156.59.198.136 - - [23/Dec/2023:21:33:15 -0500] "GET /BLA/resoluciones/RESOLUCIONES%202016/2340.pdf HTTP/1.0" 200 368496
156.59.198.136 - - [23/Dec/2023:21:33:40 -0500] "GET /BLA/resoluciones/Notificaciones/RESOLUCIONES%202021/2312.pdf HTTP/1.0" 200 3602528
69.63.184.10 - - [23/Dec/2023:21:33:56 -0500] "GET /images/Aves%20SDA.jpeg HTTP/1.1" 200 75104
156.59.198.136 - - [23/Dec/2023:21:34:05 -0500] "GET /BLA/resoluciones/RESOLUCIONES%202010/3197.pdf HTTP/1.0" 200 375184
156.59.198.136 - - [23/Dec/2023:21:34:29 -0500] "GET /BLA/resoluciones/Notificaciones/RESOLUCIONES%202021/3431.pdf HTTP/1.0" 200 443062
156.59.198.135 - - [23/Dec/2023:21:34:54 -0500] "GET /BLA/resoluciones/Notificaciones/AUTOS%202018/6267.pdf HTTP/1.0" 200 779209
172.22.2.4 - - [23/Dec/2023:21:33:26 -0500] "HEAD /BLA/boletinlegal/ HTTP/1.1" 200 -
156.59.198.135 - - [23/Dec/2023:21:35:17 -0500] "GET /BLA/resoluciones/RESOLUCIONES%202010/2883.pdf HTTP/1.0" 200 498973
216.245.221.92 - - [23/Dec/2023:21:35:24 -0500] "HEAD / HTTP/1.1" 200 -
172.22.2.4 - - [23/Dec/2023:21:34:01 -0500] "GET /BLA/boletinlegal/ HTTP/1.1" 200 46616
156.59.198.135 - - [23/Dec/2023:21:35:42 -0500] "GET /BLA/resoluciones/RESOLUCIONES%202022/0841.pdf HTTP/1.0" 200 380956
172.22.2.4 - - [23/Dec/2023:21:34:17 -0500] "GET /BLA/boletinlegal/ HTTP/1.1" 200 48892
156.59.198.136 - - [23/Dec/2023:21:36:06 -0500] "GET /BLA/resoluciones/AUTOS%202014/4352.pdf HTTP/1.0" 200 519892
201.245.192.253 - - [23/Dec/2023:21:36:19 -0500] "POST /kwsrmcab/Wsrmcab HTTP/1.1" 200 36144
201.245.192.253 - - [23/Dec/2023:21:36:22 -0500] "POST /kwsrmcab/Wsrmcab HTTP/1.1" 200 36887
181.78.16.132 - - [23/Dec/2023:21:36:25 -0500] "GET /distrito-exalto-a-246-empresas-de-bogota-por-su-alto-desempeno-y-responsabilidad-ambiental-durante-2023.html HTTP/1.1" 200 1039
156.59.198.135 - - [23/Dec/2023:21:36:30 -0500] "GET /BLA/resoluciones/RESOLUCIONES%202009/1641.pdf HTTP/1.0" 200 490030
156.59.198.135 - - [23/Dec/2023:21:36:55 -0500] "GET /BLA/resoluciones/Notificaciones/AUTOS%202016/02308.doc HTTP/1.0" 200 376369
69.171.251.116 - - [23/Dec/2023:21:37:16 -0500] "GET /distrito-exalto-a-246-empresas-de-bogota-por-su-alto-desempeno-y-responsabilidad-ambiental-durante-2023.html HTTP/1.1" 200 1039
156.59.198.136 - - [23/Dec/2023:21:37:19 -0500] "GET /BLA/resoluciones/AUTOS%202018/1916.pdf HTTP/1.0" 200 287634
156.59.198.136 - - [23/Dec/2023:21:37:44 -0500] "GET /BLA/resoluciones/RESOLUCIONES%202010/7651.pdf HTTP/1.0" 200 400663
172.22.2.4 - - [23/Dec/2023:21:38:03 -0500] "GET /BLA/boletinlegal/Circulares/2019/.pdf HTTP/1.1" 404 1218
156.59.198.135 - - [23/Dec/2023:21:38:08 -0500] "GET /BLA/resoluciones/RESOLUCIONES%202010/5417.pdf HTTP/1.0" 200 748074
201.245.192.253 - - [23/Dec/2023:21:38:08 -0500] "POST /kwsrmcab/Wsrmcab  HTTP/1.1" 200 40220
156.59.198.135 - - [23/Dec/2023:21:38:32 -0500] "GET /BLA/resoluciones/RESOLUCIONES%202007/RES%202007%203801%20AL%203900/RESOLUCION%203893%20DE%202007.pdf HTTP/1.0" 200 291097
181.148.197.1 - - [23/Dec/2023:21:38:54 -0500] "GET /mis-de-50-aves-silvestres-fueron-recuperadas-en-la-localidad-de-tunjuelito.html HTTP/1.1" 200 806
156.59.198.136 - - [23/Dec/2023:21:38:56 -0500] "GET /BLA/resoluciones/Notificaciones/RESOLUCIONES%202021/3700.pdf HTTP/1.0" 200 516420
156.59.198.136 - - [23/Dec/2023:21:39:20 -0500] "GET /BLA/resoluciones/RESOLUCIONES%202007/RES%202007%204201%20AL%204300/RESOLUCION%204273%20DE%202007.pdf HTTP/1.0" 200 214272
156.59.198.136 - - [23/Dec/2023:21:39:44 -0500] "GET /BLA/resoluciones/RESOLUCIONES%202022/0533.pdf HTTP/1.0" 200 328086
156.59.198.136 - - [23/Dec/2023:21:40:08 -0500] "GET /BLA/resoluciones/AUTOS%202014/4653.pdf HTTP/1.0" 200 509927
173.252.107.9 - - [23/Dec/2023:21:40:13 -0500] "GET /images/PREAD%20SDA%201.jpeg HTTP/1.1" 200 65620
201.245.192.253 - - [23/Dec/2023:21:40:17 -0500] "POST /kwsrmcab/Wsrmcab HTTP/1.1" 200 36144
216.245.221.92 - - [23/Dec/2023:21:40:24 -0500] "HEAD / HTTP/1.1" 200 -
201.245.192.253 - - [23/Dec/2023:21:40:22 -0500] "POST /kwsrmcab/Wsrmcab HTTP/1.1" 200 36887
186.84.88.234 - - [23/Dec/2023:21:40:29 -0500] "GET /mis-de-50-aves-silvestres-fueron-recuperadas-en-la-localidad-de-tunjuelito.html HTTP/1.1" 200 806
156.59.198.135 - - [23/Dec/2023:21:40:32 -0500] "GET /BLA/resoluciones/AUTOS%202014/2212.pdf HTTP/1.0" 200 612946
172.22.2.4 - - [23/Dec/2023:21:39:16 -0500] "HEAD /BLA/boletinlegal/ HTTP/1.1" 200 -
156.59.198.135 - - [23/Dec/2023:21:40:58 -0500] "GET /BLA/resoluciones/RESOLUCIONES%202010/3190.pdf HTTP/1.0" 200 391274
66.249.66.21 - - [23/Dec/2023:21:41:19 -0500] "GET /Publicaciones/2022EE310902.pdf HTTP/1.1" 404 228
156.59.198.135 - - [23/Dec/2023:21:41:22 -0500] "GET /BLA/resoluciones/RESOLUCIONES%202022/0206.pdf HTTP/1.0" 200 341976
156.59.198.135 - - [23/Dec/2023:21:41:46 -0500] "GET /BLA/resoluciones/RESOLUCIONES%202010/2929.pdf HTTP/1.0" 200 492803
172.22.2.4 - - [23/Dec/2023:21:40:07 -0500] "GET /BLA/boletinlegal/ HTTP/1.1" 200 60502
186.84.88.253 - - [23/Dec/2023:21:42:00 -0500] "GET / HTTP/1.1" 200 319
172.226.172.7 - - [23/Dec/2023:21:42:00 -0500] "GET /apple-touch-icon-120x120-precomposed.png HTTP/1.1" 404 1120
172.226.172.7 - - [23/Dec/2023:21:42:00 -0500] "GET /apple-touch-icon-120x120.png HTTP/1.1" 404 1120
172.226.172.7 - - [23/Dec/2023:21:42:00 -0500] "GET /apple-touch-icon-precomposed.png HTTP/1.1" 404 1120
172.226.172.7 - - [23/Dec/2023:21:42:00 -0500] "GET /apple-touch-icon.png HTTP/1.1" 404 1120
172.226.172.7 - - [23/Dec/2023:21:42:00 -0500] "GET /favicon.ico HTTP/1.1" 200 7782
156.59.198.135 - - [23/Dec/2023:21:42:10 -0500] "GET /BLA/resoluciones/RESOLUCIONES%202010/0850.pdf HTTP/1.0" 200 103296
156.59.198.135 - - [23/Dec/2023:21:42:36 -0500] "GET /BLA/resoluciones/RESOLUCIONES%202007/RES%202007%203701%20AL%203800/RESOLUCION%203751%20DE%202007.pdf HTTP/1.0" 200 2262694
156.59.198.136 - - [23/Dec/2023:21:43:00 -0500] "GET /BLA/resoluciones/RESOLUCIONES%202010/2849.pdf HTTP/1.0" 200 652188
201.245.192.253 - - [23/Dec/2023:21:43:08 -0500] "POST /kwsrmcab/Wsrmcab  HTTP/1.1" 200 40220
185.191.171.10 - - [23/Dec/2023:21:43:09 -0500] "GET /portaldeninos/parque-ecologico-distrital-humedal-santa-maria-del-lago/ HTTP/1.1" 200 90199
156.59.198.135 - - [23/Dec/2023:21:43:24 -0500] "GET /BLA/resoluciones/Notificaciones/AUTOS%202018/03364.pdf HTTP/1.0" 200 327357
156.59.198.135 - - [23/Dec/2023:21:43:49 -0500] "GET /BLA/resoluciones/Notificaciones/AUTOS%202018/5030.pdf HTTP/1.0" 200 255505
156.59.198.135 - - [23/Dec/2023:21:44:13 -0500] "GET /BLA/resoluciones/AUTOS%202014/2705.pdf HTTP/1.0" 200 672124
216.244.66.195 - - [23/Dec/2023:21:44:27 -0500] "GET /BLA/resoluciones/AUTOS%202015/0016.pdf HTTP/1.1" 200 480368
156.59.198.135 - - [23/Dec/2023:21:44:37 -0500] "GET /BLA/resoluciones/RESOLUCIONES%202022/0954.pdf HTTP/1.0" 200 1375734
156.59.198.135 - - [23/Dec/2023:21:45:01 -0500] "GET /BLA/resoluciones/RESOLUCIONES%202022/5447.pdf HTTP/1.0" 200 347870
216.244.66.195 - - [23/Dec/2023:21:45:21 -0500] "GET /BLA/resoluciones/AUTOS%202015/0032.pdf HTTP/1.1" 200 489538
216.245.221.92 - - [23/Dec/2023:21:45:24 -0500] "HEAD / HTTP/1.1" 200 -
156.59.198.135 - - [23/Dec/2023:21:45:26 -0500] "GET /BLA/resoluciones/AUTOS%202010/3227.pdf HTTP/1.0" 200 199418
156.59.198.135 - - [23/Dec/2023:21:45:49 -0500] "GET /BLA/resoluciones/RESOLUCIONES%202022/4103.pdf HTTP/1.0" 200 516240
216.244.66.195 - - [23/Dec/2023:21:46:11 -0500] "GET /BLA/resoluciones/AUTOS%202015/1151.pdf HTTP/1.1" 200 221077
156.59.198.136 - - [23/Dec/2023:21:46:15 -0500] "GET /BLA/resoluciones/AUTOS%202014/1549.pdf HTTP/1.0" 200 768882
69.171.231.119 - - [23/Dec/2023:21:46:17 -0500] "GET /distrito-exalta-48-arboles-patrimoniales-y-15-de-interes-publico-en-bogota.html HTTP/1.1" 200 816
69.171.231.6 - - [23/Dec/2023:21:46:17 -0500] "GET /distrito-exalta-48-arboles-patrimoniales-y-15-de-interes-publico-en-bogota.html HTTP/1.1" 200 816
156.59.198.135 - - [23/Dec/2023:21:46:38 -0500] "GET /BLA/resoluciones/AUTOS%202018/2822.pdf HTTP/1.0" 200 283887
172.22.2.4 - - [23/Dec/2023:21:45:06 -0500] "HEAD /BLA/boletinlegal/ HTTP/1.1" 200 -
216.244.66.195 - - [23/Dec/2023:21:46:54 -0500] "GET /BLA/resoluciones/AUTOS%202015/1409.pdf HTTP/1.1" 200 471491
156.59.198.136 - - [23/Dec/2023:21:47:02 -0500] "GET /BLA/resoluciones/AUTOS%202014/5076.pdf HTTP/1.0" 200 523589
40.77.190.130 - - [23/Dec/2023:21:47:15 -0500] "GET /sipse/faces/javax.faces.resource/layout/layout.css;jsessionid=A6mC15ih5svX+OOEapT6ndOG.undefined?ln=primefaces&v=4.0 HTTP/1.1" 200 542
40.77.189.197 - - [23/Dec/2023:21:47:15 -0500] "GET /sipse/faces/javax.faces.resource/primefaces.css;jsessionid=A6mC15ih5svX+OOEapT6ndOG.undefined?ln=primefaces&v=4.0 HTTP/1.1" 200 53295
40.77.190.3 - - [23/Dec/2023:21:47:15 -0500] "GET /sipse/faces/javax.faces.resource/layout/layout.js;jsessionid=A6mC15ih5svX+OOEapT6ndOG.undefined?ln=primefaces&v=4.0 HTTP/1.1" 200 87560
40.77.188.0 - - [23/Dec/2023:21:47:15 -0500] "GET /sipse/faces/javax.faces.resource/primefaces.js;jsessionid=A6mC15ih5svX+OOEapT6ndOG.undefined?ln=primefaces&v=4.0 HTTP/1.1" 200 276924
156.59.198.136 - - [23/Dec/2023:21:47:28 -0500] "GET /BLA/resoluciones/Notificaciones/RESOLUCIONES%202021/4038.pdf HTTP/1.0" 200 347000
172.22.2.4 - - [23/Dec/2023:21:45:56 -0500] "GET /BLA/boletinlegal/ HTTP/1.1" 200 60910
216.244.66.195 - - [23/Dec/2023:21:47:49 -0500] "GET /BLA/resoluciones/RESOLUCIONES%202018/1894.pdf HTTP/1.1" 200 268322
156.59.198.135 - - [23/Dec/2023:21:47:52 -0500] "GET /BLA/resoluciones/Notificaciones/AUTOS%202022/7065.pdf HTTP/1.0" 200 412869
201.245.192.253 - - [23/Dec/2023:21:48:07 -0500] "POST /kwsrmcab/Wsrmcab  HTTP/1.1" 200 40220
156.59.198.136 - - [23/Dec/2023:21:48:18 -0500] "GET /BLA/resoluciones/AUTOS%202014/2101.pdf HTTP/1.0" 200 544440
216.244.66.195 - - [23/Dec/2023:21:48:31 -0500] "GET /BLA/resoluciones/RESOLUCIONES%202018/2978.pdf HTTP/1.1" 200 3232973
156.59.198.135 - - [23/Dec/2023:21:48:41 -0500] "GET /BLA/resoluciones/Notificaciones/AUTOS%202019/3095.pdf HTTP/1.0" 200 255593
123.126.50.30 - - [23/Dec/2023:21:48:59 -0500] "GET / HTTP/1.1" 200 319
156.59.198.135 - - [23/Dec/2023:21:49:06 -0500] "GET /BLA/resoluciones/RESOLUCIONES%202022/0376.pdf HTTP/1.0" 200 334986
216.244.66.195 - - [23/Dec/2023:21:49:21 -0500] "GET /BLA/resoluciones/RESOLUCIONES%202018/3287.pdf HTTP/1.1" 200 296421
156.59.198.135 - - [23/Dec/2023:21:49:30 -0500] "GET /BLA/resoluciones/AUTOS%202014/1508.pdf HTTP/1.0" 200 743252
156.59.198.136 - - [23/Dec/2023:21:49:55 -0500] "GET /BLA/resoluciones/Notificaciones/AUTOS%202021/1272.pdf HTTP/1.0" 200 363582
216.244.66.195 - - [23/Dec/2023:21:50:02 -0500] "GET /galeria/galeria/fotos/micos7G.jpg HTTP/1.1" 200 225263
156.59.198.135 - - [23/Dec/2023:21:50:19 -0500] "GET /BLA/resoluciones/RESOLUCIONES%202014/3922.pdf HTTP/1.0" 200 583178
216.245.221.92 - - [23/Dec/2023:21:50:24 -0500] "HEAD / HTTP/1.1" 200 -
156.59.198.136 - - [23/Dec/2023:21:50:43 -0500] "GET /BLA/resoluciones/Notificaciones/RESOLUCIONES%202022/2283.pdf HTTP/1.0" 200 457146
156.59.198.135 - - [23/Dec/2023:21:51:08 -0500] "GET /BLA/resoluciones/Notificaciones/AUTOS%202021/0870.pdf HTTP/1.0" 200 343873
156.59.198.135 - - [23/Dec/2023:21:51:32 -0500] "GET /BLA/resoluciones/RESOLUCIONES%202010/2927.pdf HTTP/1.0" 200 487701
66.249.66.193 - - [23/Dec/2023:21:51:52 -0500] "GET /acuerdos-de-conservacion-herramienta-para-la-preservacion-y-conocimiento-de-la-biodiversidad.html HTTP/1.1" 200 865
156.59.198.136 - - [23/Dec/2023:21:51:55 -0500] "GET /BLA/resoluciones/RESOLUCIONES%202010/2249.pdf HTTP/1.0" 200 350147
47.128.22.185 - - [23/Dec/2023:21:52:21 -0500] "GET /BLA/resoluciones/RESOLUCIONES%202005/RES%202005%201-50/RES%202005%201-50/INDEX.DAT HTTP/1.1" 200 2000
172.22.2.4 - - [23/Dec/2023:21:50:56 -0500] "HEAD /BLA/boletinlegal/ HTTP/1.1" 200 -
156.59.198.135 - - [23/Dec/2023:21:52:46 -0500] "GET /BLA/resoluciones/AUTOS%202014/1439.pdf HTTP/1.0" 200 774462
201.245.192.253 - - [23/Dec/2023:21:53:06 -0500] "POST /kwsrmcab/Wsrmcab  HTTP/1.1" 200 40220
156.59.198.135 - - [23/Dec/2023:21:53:10 -0500] "GET /BLA/resoluciones/AUTOS%202014/4977.pdf HTTP/1.0" 200 571219
172.22.2.4 - - [23/Dec/2023:21:51:46 -0500] "GET /BLA/boletinlegal/ HTTP/1.1" 200 58567
156.59.198.135 - - [23/Dec/2023:21:53:34 -0500] "GET /BLA/resoluciones/RESOLUCIONES%202022/5223.pdf HTTP/1.0" 200 423759
156.59.198.136 - - [23/Dec/2023:21:53:58 -0500] "GET /BLA/resoluciones/RESOLUCIONES%202010/7055.pdf HTTP/1.0" 200 581117
156.59.198.136 - - [23/Dec/2023:21:54:23 -0500] "GET /BLA/resoluciones/Notificaciones/AUTOS%202022/7134.pdf HTTP/1.0" 200 404709
156.59.198.136 - - [23/Dec/2023:21:54:47 -0500] "GET /BLA/resoluciones/RESOLUCIONES%202022/4260.pdf HTTP/1.0" 200 10476092
181.54.171.98 - - [23/Dec/2023:21:54:55 -0500] "GET /mis-de-50-aves-silvestres-fueron-recuperadas-en-la-localidad-de-tunjuelito.html HTTP/1.1" 200 806
69.171.249.116 - - [23/Dec/2023:21:55:01 -0500] "GET /images/PREAD%20SDA%201.jpeg HTTP/1.1" 200 65620
156.59.198.136 - - [23/Dec/2023:21:55:12 -0500] "GET /BLA/resoluciones/RESOLUCIONES%202010/2229.pdf HTTP/1.0" 200 518660
216.245.221.92 - - [23/Dec/2023:21:55:24 -0500] "HEAD / HTTP/1.1" 200 -
40.77.167.132 - - [23/Dec/2023:21:55:35 -0500] "GET /alcaldia-de-bogota-y-fundacion-exito-entregaron-en-ciudad-bolivar-la-primera-terraza-verde-de-la-capital.html HTTP/1.1" 200 852
156.59.198.136 - - [23/Dec/2023:21:55:36 -0500] "GET /BLA/resoluciones/AUTOS%202018/0713.pdf HTTP/1.0" 200 280249
156.59.198.135 - - [23/Dec/2023:21:56:00 -0500] "GET /BLA/resoluciones/AUTOS%202018/4548.pdf HTTP/1.0" 200 317171
40.77.167.50 - - [23/Dec/2023:21:56:16 -0500] "GET /BLA/resoluciones/AUTOS%202020/2084.pdf HTTP/1.1" 304 -
156.59.198.135 - - [23/Dec/2023:21:56:24 -0500] "GET /BLA/resoluciones/Notificaciones/RESOLUCIONES%202021/2813.pdf HTTP/1.0" 200 359086
156.59.198.136 - - [23/Dec/2023:21:56:49 -0500] "GET /BLA/resoluciones/AUTOS%202014/3744.pdf HTTP/1.0" 200 511779
156.59.198.136 - - [23/Dec/2023:21:57:13 -0500] "GET /BLA/resoluciones/RESOLUCIONES%202010/2297.pdf HTTP/1.0" 200 570535
156.59.198.136 - - [23/Dec/2023:21:57:37 -0500] "GET /BLA/resoluciones/Notificaciones/AUTOS%202019/622.pdf HTTP/1.0" 200 329788
156.59.198.136 - - [23/Dec/2023:21:58:01 -0500] "GET /BLA/resoluciones/Notificaciones/AUTOS%202018/03923.pdf HTTP/1.0" 200 284213
201.245.192.253 - - [23/Dec/2023:21:58:05 -0500] "POST /kwsrmcab/Wsrmcab  HTTP/1.1" 200 40220
69.63.184.8 - - [23/Dec/2023:21:58:14 -0500] "GET /images/reconocimiento%20practicas%20ambientales.jpg HTTP/1.1" 200 63397
156.59.198.136 - - [23/Dec/2023:21:58:25 -0500] "GET /BLA/resoluciones/Notificaciones/AUTOS%202016/03140.doc HTTP/1.0" 200 356338
172.22.2.4 - - [23/Dec/2023:21:56:46 -0500] "HEAD /BLA/boletinlegal/ HTTP/1.1" 200 -
156.59.198.135 - - [23/Dec/2023:21:58:49 -0500] "GET /BLA/resoluciones/Notificaciones/AUTOS%202016/02737.pdf HTTP/1.0" 200 381664
156.59.198.135 - - [23/Dec/2023:21:59:15 -0500] "GET /BLA/resoluciones/Notificaciones/AUTOS%202016/03006.pdf HTTP/1.0" 200 390739
172.22.2.4 - - [23/Dec/2023:21:57:37 -0500] "GET /BLA/boletinlegal/ HTTP/1.1" 200 52418
173.252.95.120 - - [23/Dec/2023:21:59:25 -0500] "GET /images/arbol%20centro.jpg HTTP/1.1" 200 69467
156.59.198.135 - - [23/Dec/2023:21:59:38 -0500] "GET /BLA/resoluciones/Notificaciones/AUTOS%202016/02318.doc HTTP/1.0" 200 374943
173.252.79.5 - - [23/Dec/2023:22:00:01 -0500] "GET /images/Aves%20SDA.jpeg HTTP/1.1" 200 75104
173.252.79.1 - - [23/Dec/2023:22:00:01 -0500] "GET /images/terrazas%20verdes.jpg HTTP/1.1" 200 63951
156.59.198.136 - - [23/Dec/2023:22:00:02 -0500] "GET /BLA/resoluciones/Notificaciones/AUTOS%202016/01471.doc HTTP/1.0" 200 389438
216.245.221.92 - - [23/Dec/2023:22:00:24 -0500] "HEAD / HTTP/1.1" 200 -
156.59.198.135 - - [23/Dec/2023:22:00:26 -0500] "GET /BLA/resoluciones/Notificaciones/AUTOS%202016/02925.pdf HTTP/1.0" 200 372531
156.59.198.136 - - [23/Dec/2023:22:00:51 -0500] "GET /BLA/resoluciones/Notificaciones/AUTOS%202016/03029.pdf HTTP/1.0" 200 415151
47.128.44.228 - - [23/Dec/2023:22:01:16 -0500] "GET /BLA/resoluciones/index.php?dir=RESOLUCIONES%202005%2FRES%202005%20251-300%2F&order=asc&sort=name HTTP/1.1" 200 12254
47.128.44.228 - - [23/Dec/2023:22:01:17 -0500] "GET /BLA/resoluciones/dlf/unknown.png HTTP/1.1" 200 266
47.128.44.228 - - [23/Dec/2023:22:01:17 -0500] "GET /BLA/resoluciones/dlf/dirup.png HTTP/1.1" 200 644
44.215.70.207 - - [23/Dec/2023:22:01:37 -0500] "GET /.git/HEAD HTTP/1.1" 404 1018
156.59.198.135 - - [23/Dec/2023:22:01:39 -0500] "GET /BLA/resoluciones/Notificaciones/AUTOS%202016/02107.pdf HTTP/1.0" 200 345880
66.249.66.20 - - [23/Dec/2023:22:01:41 -0500] "GET /BLA/resoluciones/RESOLUCIONES%202007/RES%202007%20301%20AL%20400/RESOLUCION%200374%20DE%202007.pdf HTTP/1.1" 200 391014
156.59.198.136 - - [23/Dec/2023:22:02:04 -0500] "GET /BLA/resoluciones/Notificaciones/AUTOS%202016/03008.pdf HTTP/1.0" 200 382532
156.59.198.135 - - [23/Dec/2023:22:02:29 -0500] "GET /BLA/resoluciones/Notificaciones/AUTOS%202016/02364.doc HTTP/1.0" 200 373689
156.59.198.136 - - [23/Dec/2023:22:02:52 -0500] "GET /BLA/resoluciones/Notificaciones/AUTOS%202016/00756.doc HTTP/1.0" 200 192530
201.245.192.253 - - [23/Dec/2023:22:03:04 -0500] "POST /kwsrmcab/Wsrmcab  HTTP/1.1" 200 40220
156.59.198.136 - - [23/Dec/2023:22:03:17 -0500] "GET /BLA/resoluciones/Notificaciones/AUTOS%202016/02864.pdf HTTP/1.0" 200 426289
156.59.198.135 - - [23/Dec/2023:22:03:42 -0500] "GET /BLA/resoluciones/Notificaciones/AUTOS%202016/03016.pdf HTTP/1.0" 200 378854
156.59.198.135 - - [23/Dec/2023:22:04:05 -0500] "GET /BLA/resoluciones/Notificaciones/AUTOS%202016/03040.doc HTTP/1.0" 200 640506
172.22.2.4 - - [23/Dec/2023:22:02:37 -0500] "HEAD /BLA/boletinlegal/ HTTP/1.1" 200 -
156.59.198.136 - - [23/Dec/2023:22:04:30 -0500] "GET /BLA/resoluciones/Notificaciones/AUTOS%202016/02421.doc HTTP/1.0" 200 844208
69.63.189.120 - - [23/Dec/2023:22:04:35 -0500] "GET /images/PREAD%20SDA%201.jpeg HTTP/1.1" 200 65620
69.63.189.5 - - [23/Dec/2023:22:04:35 -0500] "GET /images/Musgo%2017%20-%2012%20-%202023.jpeg HTTP/1.1" 200 66238
69.63.189.119 - - [23/Dec/2023:22:04:36 -0500] "GET /images/reconocimiento%20practicas%20ambientales.jpg HTTP/1.1" 200 63397
69.63.189.120 - - [23/Dec/2023:22:04:36 -0500] "GET /images/arbol%20centro.jpg HTTP/1.1" 200 69467
69.63.189.8 - - [23/Dec/2023:22:04:36 -0500] "GET /images/agua%20bogota.jpg HTTP/1.1" 200 74348
69.63.189.4 - - [23/Dec/2023:22:04:36 -0500] "GET /images/participacion%2019-12-23.jpg HTTP/1.1" 200 73861
69.63.189.119 - - [23/Dec/2023:22:04:36 -0500] "GET /images/terrazas%20verdes.jpg HTTP/1.1" 200 63951
69.63.189.4 - - [23/Dec/2023:22:04:36 -0500] "GET /images/Aves%20SDA.jpeg HTTP/1.1" 200 75104
69.63.189.2 - - [23/Dec/2023:22:04:40 -0500] "GET /images/calidad-aire.jpg HTTP/1.1" 200 42421
199.16.157.181 - - [23/Dec/2023:22:04:46 -0500] "GET /images/cr%C3%B3nica-29-nov-1_optimized.jpeg HTTP/1.1" 404 1034
173.252.107.5 - - [23/Dec/2023:22:04:52 -0500] "GET /images/pieza-mujeres-reverdecen-4-abril.jpg HTTP/1.1" 200 48916
69.171.231.118 - - [23/Dec/2023:22:04:53 -0500] "GET /images/pieza-mujeres-reverdecen-4-abril.jpg HTTP/1.1" 200 48916
47.128.62.2 - - [23/Dec/2023:22:04:55 -0500] "GET /BLA/resoluciones/index.php?dir=RESOLUCIONES%202005%2FRES%202005%20851-900%2F&order=desc&sort=date HTTP/1.1" 200 12241
47.128.62.2 - - [23/Dec/2023:22:04:56 -0500] "GET /BLA/resoluciones/dlf/unknown.png HTTP/1.1" 200 266
47.128.62.2 - - [23/Dec/2023:22:04:56 -0500] "GET /BLA/resoluciones/dlf/dirup.png HTTP/1.1" 200 644
173.252.107.3 - - [23/Dec/2023:22:05:05 -0500] "GET /images/pieza-calidad-aire-noche-4-febrero.jpg HTTP/1.1" 200 37476
66.220.149.7 - - [23/Dec/2023:22:05:05 -0500] "GET /images/pieza-calidad-aire-noche-4-febrero.jpg HTTP/1.1" 200 37476
31.13.103.7 - - [23/Dec/2023:22:05:07 -0500] "GET /calidad-del-aire-de-bogota-en-condiciones-moderadas-y-regulares.html HTTP/1.1" 200 898
172.22.2.4 - - [23/Dec/2023:22:03:27 -0500] "GET /BLA/boletinlegal/ HTTP/1.1" 200 58969
69.171.249.8 - - [23/Dec/2023:22:05:11 -0500] "GET /images/PREAD%20SDA%201.jpeg HTTP/1.1" 200 65620
31.13.103.6 - - [23/Dec/2023:22:05:12 -0500] "GET /bogota-esta-mejorando-y-en-el-dia-de-los-humedales-bogota-reafirma-su-compromiso-con-estos-ecosistemas.html HTTP/1.1" 200 1153
47.128.18.178 - - [23/Dec/2023:22:05:19 -0500] "GET /BLA/resoluciones/index.php?dir=RESOLUCIONES%202003%2FRES%202003%20901-950%2F&order=desc&sort=size HTTP/1.1" 200 11305
47.128.18.178 - - [23/Dec/2023:22:05:20 -0500] "GET /BLA/resoluciones/dlf/unknown.png HTTP/1.1" 200 266
47.128.18.178 - - [23/Dec/2023:22:05:21 -0500] "GET /BLA/resoluciones/dlf/dirup.png HTTP/1.1" 200 644
216.245.221.92 - - [23/Dec/2023:22:05:24 -0500] "HEAD / HTTP/1.1" 200 -
156.59.198.136 - - [23/Dec/2023:22:05:42 -0500] "GET /BLA/resoluciones/Notificaciones/AUTOS%202016/02946.pdf HTTP/1.0" 200 418286
156.59.198.136 - - [23/Dec/2023:22:06:06 -0500] "GET /BLA/resoluciones/Notificaciones/AUTOS%202016/00654.doc HTTP/1.0" 200 194258
173.252.111.5 - - [23/Dec/2023:22:06:14 -0500] "GET /bogota-actualiza-su-plan-de-gestion-ambiental-para-un-conseguir-un-futuro-mas-sostenible.html HTTP/1.1" 200 796
156.59.198.136 - - [23/Dec/2023:22:06:30 -0500] "GET /BLA/resoluciones/Notificaciones/AUTOS%202016/02106.pdf HTTP/1.0" 200 362323
173.252.95.4 - - [23/Dec/2023:22:06:43 -0500] "GET /distrito-exalto-a-246-empresas-de-bogota-por-su-alto-desempeno-y-responsabilidad-ambiental-durante-2023.html HTTP/1.1" 200 1039
173.252.95.14 - - [23/Dec/2023:22:06:43 -0500] "GET /distrito-exalto-a-246-empresas-de-bogota-por-su-alto-desempeno-y-responsabilidad-ambiental-durante-2023.html HTTP/1.1" 200 1039
173.252.95.13 - - [23/Dec/2023:22:06:43 -0500] "GET /distrito-exalto-a-246-empresas-de-bogota-por-su-alto-desempeno-y-responsabilidad-ambiental-durante-2023.html HTTP/1.1" 200 1039
156.59.198.135 - - [23/Dec/2023:22:06:56 -0500] "GET /BLA/resoluciones/Notificaciones/AUTOS%202016/02614.doc HTTP/1.0" 200 383823
156.59.198.135 - - [23/Dec/2023:22:07:20 -0500] "GET /BLA/resoluciones/Notificaciones/AUTOS%202016/02611.pdf HTTP/1.0" 200 361170
156.59.198.136 - - [23/Dec/2023:22:07:46 -0500] "GET /BLA/resoluciones/Notificaciones/AUTOS%202016/00791.doc HTTP/1.0" 200 194179
201.245.192.253 - - [23/Dec/2023:22:08:03 -0500] "POST /kwsrmcab/Wsrmcab  HTTP/1.1" 200 40220
156.59.198.135 - - [23/Dec/2023:22:08:10 -0500] "GET /BLA/resoluciones/Notificaciones/AUTOS%202016/00661.doc HTTP/1.0" 200 197999
156.59.198.136 - - [23/Dec/2023:22:08:33 -0500] "GET /BLA/resoluciones/Notificaciones/AUTOS%202016/00218.doc HTTP/1.0" 200 191166
47.128.109.79 - - [23/Dec/2023:22:09:02 -0500] "GET /BLA/resoluciones/index.php?dir=RESOLUCIONES%202004%2FRES%202004%20201-250%2F&order=desc&sort=size HTTP/1.1" 200 12049
47.128.109.79 - - [23/Dec/2023:22:09:03 -0500] "GET /BLA/resoluciones/dlf/dirup.png HTTP/1.1" 200 644
47.128.109.79 - - [23/Dec/2023:22:09:03 -0500] "GET /BLA/resoluciones/dlf/unknown.png HTTP/1.1" 200 266
156.59.198.135 - - [23/Dec/2023:22:09:23 -0500] "GET /BLA/resoluciones/Notificaciones/AUTOS%202016/02284.doc HTTP/1.0" 200 348558
216.244.66.195 - - [23/Dec/2023:22:09:40 -0500] "GET /robots.txt HTTP/1.1" 404 1018
172.22.2.4 - - [23/Dec/2023:22:09:42 -0500] "GET /BLA/boletinlegal/owa/auth/errorFE.aspx?httpCode=500 HTTP/1.1" 404 1018
172.22.2.4 - - [23/Dec/2023:22:09:43 -0500] "GET /BLA/boletinlegal/ecp/Current/exporttool/microsoft.exchange.ediscovery.exporttool.application HTTP/1.1" 404 1018
172.22.2.4 - - [23/Dec/2023:22:09:43 -0500] "GET /BLA/boletinlegal/owa/auth/logon.aspx HTTP/1.1" 404 1018
156.59.198.135 - - [23/Dec/2023:22:09:48 -0500] "GET /BLA/resoluciones/Notificaciones/AUTOS%202016/02371.doc HTTP/1.0" 200 385957
172.22.2.4 - - [23/Dec/2023:22:08:27 -0500] "HEAD /BLA/boletinlegal/ HTTP/1.1" 200 -
156.59.198.135 - - [23/Dec/2023:22:10:12 -0500] "GET /BLA/resoluciones/Notificaciones/AUTOS%202016/01136.pdf HTTP/1.0" 200 318903
172.22.2.4 - - [23/Dec/2023:22:10:14 -0500] "GET /BLA/boletinlegal/api/v1 HTTP/1.1" 404 1018
216.245.221.92 - - [23/Dec/2023:22:10:24 -0500] "HEAD / HTTP/1.1" 200 -
172.22.2.4 - - [23/Dec/2023:22:10:25 -0500] "POST /BLA/boletinlegal/v1/statement HTTP/1.1" 404 1018
156.59.198.136 - - [23/Dec/2023:22:10:36 -0500] "GET /BLA/resoluciones/Notificaciones/AUTOS%202016/01429.doc HTTP/1.0" 200 356188
66.249.66.194 - - [23/Dec/2023:22:10:47 -0500] "GET /con-plantacion-de-arboles-sigue-la-consolidacion-de-los-conectores-ecosistemicos-en-bogota.html HTTP/1.1" 304 -
172.22.2.4 - - [23/Dec/2023:22:10:49 -0500] "GET /BLA/boletinlegal/dana-na/nc/nc_gina_ver.txt HTTP/1.1" 404 1018
172.22.2.4 - - [23/Dec/2023:22:10:49 -0500] "GET /BLA/boletinlegal/dana-cached/hc/HostCheckerInstaller.osx HTTP/1.1" 404 1018
172.22.2.4 - - [23/Dec/2023:22:09:17 -0500] "GET /BLA/boletinlegal/ HTTP/1.1" 200 45448
172.22.2.4 - - [23/Dec/2023:22:09:53 -0500] "GET /BLA/boletinlegal/ HTTP/1.1" 200 32715
172.22.2.4 - - [23/Dec/2023:22:11:01 -0500] "GET /BLA/boletinlegal/RDWeb HTTP/1.1" 404 1018
172.22.2.4 - - [23/Dec/2023:22:11:01 -0500] "GET /BLA/boletinlegal/Remote HTTP/1.1" 404 1018
156.59.198.135 - - [23/Dec/2023:22:11:02 -0500] "GET /BLA/resoluciones/Notificaciones/AUTOS%202016/00731.doc HTTP/1.0" 200 197534
172.22.2.4 - - [23/Dec/2023:22:11:12 -0500] "POST /BLA/boletinlegal/wsman HTTP/1.1" 404 1018
66.249.66.19 - - [23/Dec/2023:22:11:18 -0500] "GET /BLA/resoluciones/AUTOS%202013/0132.pdf HTTP/1.1" 200 1186801
156.59.198.135 - - [23/Dec/2023:22:11:26 -0500] "GET /BLA/resoluciones/Notificaciones/AUTOS%202016/01552.doc HTTP/1.0" 200 363332
172.22.2.4 - - [23/Dec/2023:22:11:01 -0500] "GET /BLA/boletinlegal/ HTTP/1.1" 200 32715
172.22.2.4 - - [23/Dec/2023:22:11:44 -0500] "GET /BLA/boletinlegal/sslvpnLogin.html HTTP/1.1" 404 1018
172.22.2.4 - - [23/Dec/2023:22:11:44 -0500] "GET /BLA/boletinlegal/api/sonicos/tfa HTTP/1.1" 404 1018
172.22.2.4 - - [23/Dec/2023:22:11:44 -0500] "GET /BLA/boletinlegal/api/sonicos/auth HTTP/1.1" 404 1018
172.22.2.4 - - [23/Dec/2023:22:11:44 -0500] "GET /BLA/boletinlegal/auth.html HTTP/1.1" 404 1018
172.22.2.4 - - [23/Dec/2023:22:11:44 -0500] "GET /BLA/boletinlegal/auth1.html HTTP/1.1" 404 1018
156.59.198.136 - - [23/Dec/2023:22:11:50 -0500] "GET /BLA/resoluciones/Notificaciones/AUTOS%202016/02853.pdf HTTP/1.0" 200 376574
66.249.66.19 - - [23/Dec/2023:22:11:57 -0500] "GET /BLA/resoluciones/RESOLUCIONES%202009/5257.pdf HTTP/1.1" 200 327204
156.59.198.136 - - [23/Dec/2023:22:12:16 -0500] "GET /BLA/resoluciones/Notificaciones/AUTOS%202016/00229.doc HTTP/1.0" 200 182793
172.22.2.4 - - [23/Dec/2023:22:11:44 -0500] "GET /BLA/boletinlegal/ HTTP/1.1" 200 32715
156.59.198.135 - - [23/Dec/2023:22:12:40 -0500] "GET /BLA/resoluciones/Notificaciones/AUTOS%202016/00755.doc HTTP/1.0" 200 200086
201.245.192.253 - - [23/Dec/2023:22:13:01 -0500] "POST /kwsrmcab/Wsrmcab  HTTP/1.1" 200 40220
156.59.198.135 - - [23/Dec/2023:22:13:04 -0500] "GET /BLA/resoluciones/Notificaciones/AUTOS%202016/02430.doc HTTP/1.0" 200 365835
173.252.107.116 - - [23/Dec/2023:22:13:12 -0500] "GET /bogota-y-cundinamarca-consolidan-pagos-por-servicios-ambientales-con-nueva-firma-para-la-proteccion-del-agua.html HTTP/1.1" 200 821
173.252.107.6 - - [23/Dec/2023:22:13:13 -0500] "GET /bogota-y-cundinamarca-consolidan-pagos-por-servicios-ambientales-con-nueva-firma-para-la-proteccion-del-agua.html HTTP/1.1" 200 821
156.59.198.136 - - [23/Dec/2023:22:13:29 -0500] "GET /BLA/resoluciones/Notificaciones/AUTOS%202016/01691.pdf HTTP/1.0" 200 373602
172.22.2.4 - - [23/Dec/2023:22:12:12 -0500] "HEAD /BLA/boletinlegal/ HTTP/1.1" 200 -
156.59.198.136 - - [23/Dec/2023:22:13:53 -0500] "GET /BLA/resoluciones/Notificaciones/AUTOS%202016/03178.pdf HTTP/1.0" 200 351913
156.59.198.136 - - [23/Dec/2023:22:14:19 -0500] "GET /BLA/resoluciones/Notificaciones/AUTOS%202016/01150.doc HTTP/1.0" 200 345685
66.249.66.193 - - [23/Dec/2023:22:14:35 -0500] "GET /recuperados-1-5-kilos-de-musgo-distrito-hace-un-llamado-para-que-no-se-extraiga-o-comercialice-esta-especie.html HTTP/1.1" 200 865
156.59.198.135 - - [23/Dec/2023:22:14:43 -0500] "GET /BLA/resoluciones/Notificaciones/AUTOS%202016/03202.pdf HTTP/1.0" 200 379607
152.201.223.47 - - [23/Dec/2023:22:14:53 -0500] "OPTIONS /kwssiamovil/sm/setfile/f? HTTP/1.1" 200 13
152.201.223.47 - - [23/Dec/2023:22:14:53 -0500] "POST /kwssiamovil/sm/setfile/f? HTTP/1.1" 200 381
152.201.223.47 - - [23/Dec/2023:22:15:01 -0500] "GET /kwssiamovil/sm/acme/a?s=U2FsdGVkX19EfswAqW2yGSspOjxilZskDZhL6G6054o6ChPGzFOz7ySbAFNO8YgIb84xuxjXmhMceYa9HNbil/jAKNMqAQhojW4dTyagkBsQA5MHiXkY5w7rfNnltS6P6F9NvbQCvZkfQLNoPJ9n3DISfv/2eF3OD9j0Dq/IBHY1e1NsxibvfSwu7bQzcbHV5GdTYA3oKO4fMfFHf/ZUgBXYsJ16wg8ZlvW6G93rkuOrUoRQfaqpTOXYGqMzGAIsfIVuj1+Pi2vXRelhPohltQ==&u=U2FsdGVkX18cT4giI2KWXUvpreRBmhWR6Fj+DwfMBQPLwJmI7RZn485Aoiz4xXrd&y=U2FsdGVkX19eCDAl+vNz96SCxA0QE7uh3uKpezweSCuyq95HG3AEQUymoiHRyCr7 HTTP/1.1" 200 26
152.201.223.47 - - [23/Dec/2023:22:15:02 -0500] "GET /kwssiamovil/sm/acme/a?s=U2FsdGVkX18cnQRbi3dr/W0kgdaCMianLA+cjRFdpNJbHKkhBicdpSY97+Ize1/6vub164TrPP9WD3hTCl4C/dz0YWpT7UAtIXt1PXWRI7qePBW0ADANx+kqsWqIvUyoTC60kuc5D/M876tTILq26rapVTTgtqmQlq2s1Yf8UsHR6AWacaNO5g2wZd58tDqBh6y3bN68qtVLMtNVwNZ4u5hL2U2/AiiSXQ1frxnj9WifEfUZR3LVWaUngYeXt63gQGeAHDoFkVgbzRaFwS+XCTonIjjWGtZbtw07ejRto9KOAiO75SX9ojEnTkT1tyiQc/IBIyfhXjCf6DnEs6i71QSYGygBvOG0dCTq6NpC/kwBkRX5RisCfrblgTzav+8+oByKfY83B28KMNrjJzXH3NorekvXnqxxlvGf4Gv0d8QzUfNK1Be/T391SXQykBMINcn5MUXKz6pmtsDgPqTFz1Fa6k7ofD6wv3/C9DpGhsZyb0tpneiDOk+XsTA2Ry2wLBzKeB5l2QdGRldWBU+7wxK5pXexEaYPD2LkHr2MbcohgMSqi/CXE+FIClsmX9f5a2Naj4x/+tYomE5UAYrU/KU0/OHuRPH8eXwtpW3AAvx10I54sGOIFOsjJsn7Gz/jYGthfdl4S47Ljst55daOh2cRjELKiICcwxiFTe/8Bm3OiMqEl++RwGvv/RkT9jYIfgAA0hRL1JJKWyp8Tu9RkL/P7FdwBo8O3d6xqdpeVLws5+8S0xVEmYkPlWoCQS8PDL8C8lts4tjeY7wV1qIugVEJCdV+xK3e4tV0oSvuQDWeFuZ/VLMViwP4AwNAhIJ7PSBqfANBYRniyOkxY8gWFyfR6mxDZ1BwoAvEvtFd8mSj0aji6t7LMF2ahRPCNuZdd+NHj8+RHP+ibZth+gKMJJ2XB/OJrBAX71cpXPFrW+/gjYXdpFhkeLQShit9pK4p+NIPS7RUWPQCho/VVJK4uJb8setlrmMP3J1APHzoqxPV9xJszP5g3D6NxnueeVZke6QnpKYWmvr7vKFK7tnG621CLKla31cz76w6/+Ps56XsyT+z5r7OgnHdY5CgboIavghJoWgh+29nb5//LbqPs10Ab1veOHdXRIfBjrEZla/ofDWJviOvEvsrlIq9GmAr/d0nkodX5/oEuEPh+r53LAmsM81xADasSqw+Hn0QhYndoRIr8vHYmLDJZfv545TAFbrGGKGbDfCRH+9U2RpTnfmvukatgG8cPWFUQ+itZ/xgJXtB0EQZJjS3ve4RKNadAmnT4Y70+9Y9mv4kNnbdJUUJ4VdRpc/6zruMKs/qLuQPyt0vewN4H/Q9cH9OCb4uE1wUasIbV7ZtIH7XKWQ9ZceTNVFQArr7sFG9fqba0aQPCBxtEFmelmFH6eS6P5j2SHlxEqKq2KVG2R0ZwDN41sAQEpjFPI9a1mYdwIFeGyp5MUogCTK8sMjCtlehtP+Tkgs4DCdiLGnqDDbMRzRQ0WvA5fuRqRc+8bN0jBBMkudtaLQvOZA4t4dyR3egUbNWS2xSc0mWZnGWGbl0TpHyRWqz3tILd2G/UaXbHLOLvTDX2h5QCsNi/fkbgMfB1TMGc56rZt9eBAdzLr3KlVXDZ88goQek456FaCybKOMIFNwWteiHYLRJfRkXYsKYbKNmPv6eavk8KOirN/zmUd6Dv31pvJUtPV1P6mLHbxwcjZE6wLxGxYHEKxbI1qnCea8TiyeeB5Gbp3M3kXR42FAB8ZSeIYvUmq/biYzIKFv8cIap0tIGwYjfY61AQSYP2YvCGjKRLqfhefODc31F9P8Uj1Fv+NvoV4aGGKpZRiP+txlTH0fqMGiXzYi7rw1rPzDu5xhLKoPtWFvtHGsmSncd2ac9aS5uNcqmW4vBqzAxH7z1pHIQbOSJ8IEP2RVPX6S1A0H59OAF6PU680+zkwMMzQVVlO3n2ztq4GdY89TjQmds/JBZsNCl+Yi1V2BYMJCozkyLnRyzik1Eqj1zcB7Rvgvw1k6u7QIwhm4JG0EML1yFlNm4tL0w2XnrPBEYBj0tUa+ZbF9S50/B93TiUOT6V3hYYO0F1/BtWpJI591zEBg/WIH+pxkIgvXMWUqBND4cfLA3oIic9xAeX1bqsSAnwh4Dk6aZPngLsnyqGcH4ymaxTJlzaVKskEdiQdBKoYuOD350enRnbZYFDd1CVelEU1mR63LFbVDn+B2Ibby4ocyW2jvogcxJoy19DBrid3d33dmc79hPihulgrp21YLqdWzxgsMuYzc4MSvEL9FEn/nZT/W/6RQzpfN6b2h8dSxcKJp4QVfgB/rbW8roOaNQ53aJPrQ/wOQ0IQseYyk/MT7h890SWQCzJI15w+GnUUwYCC/kXilg86EyMjICJ7W+xVQSoeZA/ZCGlyDGnq6R+Kh9iS7spB1/CLgmzEMWVhzWVVO+iSU+aaAOwyNFeTadwENSbxaAP/c4643VkrUWogjuMAOiTVY83Egxq4rqfhLEYtbG/xIMygEAOh+WXAhtCqd08XcX9tzRE7YAOt49L7TK+N3L6kRkRwAT9jCGt6fTLo4vtWSBAVX3A7tkYSylBUa06dj3jWD4GrUmkEtED+DkTCGTyZurwgWtFNSfPohB9JsHP/d4T9ourAnrJG0hm38DQzf/IE6rb87O3OjxKllEhg+3yJ+0s72LBPN+93lDwOA1ImckW6uZi5LAXnpwaB61UkZUYWk7Tltrc47vvThsuJtKzrDVnQs2s4rxNh5X0pRsZnAcscvUCccXjMGqpTDYJhEjaI5TwQ7YRQoSMYOkXLXOuFHmayKjKutoB7XZhsA36efMY31Y6MdSDrLG245MYDwDyGUl95v0KkEyoVNcM3MtViVJWgTjq7aT8xYkszFqeeIHNThHLraQHGpnXg2px7G3sbGV9XBx7fQ5vejH4LIZTOmbLUCbsgPBTVk1z9X/1SIxf7qWPmcx+bj9A7ebpqfQ83DQG4JNgUza49ZWr+JWAFG6hxN3+2wVEC4j2t/w41ebhMmznjUg5qHmJyURTnWrkjwqmgSsKjoweHU1SaitsMfE/1Xq+KkpI3eMZBh/nEDXGUc7EWDYJ0Nh5jBdwgERNFNPfxu6NSZAEjGCgYF9gbXWgBK1DfAz77lFMluTOq7p7Y7RtW9DhAY1N0dMqVJbAkAwYxeyDxX1mmmrSIqHcwLO+gaSm98sbfd7iMX74/rvpk3dYRvhbo7XkCyrFlIe9iTGiYTfXMEopYGnLQzVLPRDj1LcAAWvxCoZypSczc56DyP5/L6JXJirUrUCEfEScpGc4oB78Vf4Qzw=&u=U2FsdGVkX18cT4giI2KWXUvpreRBmhWR6Fj+DwfMBQPLwJmI7RZn485Aoiz4xXrd&y=U2FsdGVkX19eCDAl+vNz96SCxA0QE7uh3uKpezweSCuyq95HG3AEQUymoiHRyCr7 HTTP/1.1" 200 26
152.201.223.47 - - [23/Dec/2023:22:15:02 -0500] "GET /kwssiamovil/sm/acme/a?s=U2FsdGVkX19mzkQSWWHkn2LlyurcC6J0twTGl+AEkz8d/HpqBWxmZOIdLhIuZ8Aj/d34/WoraAFFQaqv5S8PPPkfV7OqDgmvs1B2HI8tFjyqtuOrv8rip8OebQqux5gXMlKegx1QPXBt0G8u1g+0IEIF9zUPuqeHSvbq2B+OuIg=&u=U2FsdGVkX18cT4giI2KWXUvpreRBmhWR6Fj+DwfMBQPLwJmI7RZn485Aoiz4xXrd&y=U2FsdGVkX19eCDAl+vNz96SCxA0QE7uh3uKpezweSCuyq95HG3AEQUymoiHRyCr7 HTTP/1.1" 200 26
152.201.223.47 - - [23/Dec/2023:22:15:02 -0500] "GET /kwssiamovil/sm/acme/a?s=U2FsdGVkX1/ZKklotnlucFjUOWrjBDe8hunOpCfnKnw1eEp94ovSsQ+AsLLVTAoe+/KALUkOYeaHCsMgeChkr5DrZ1pnZuZdQ6mjuZt/Lg2qDm3ojNV6V04fKYNLSzqKSzlWSEufhurc0X3slH1O92anl7nCaTD67ia5DOL8CWA=&u=U2FsdGVkX18cT4giI2KWXUvpreRBmhWR6Fj+DwfMBQPLwJmI7RZn485Aoiz4xXrd&y=U2FsdGVkX19eCDAl+vNz96SCxA0QE7uh3uKpezweSCuyq95HG3AEQUymoiHRyCr7 HTTP/1.1" 200 26
152.201.223.47 - - [23/Dec/2023:22:15:02 -0500] "GET /kwssiamovil/sm/acme/a?s=U2FsdGVkX1+cIAqTT8lKrHg7dvtOVwV9qZwOLUbJiogarUC0bu7Om7kM9YrySO3SLLMJG5aP4tdxOlgsv0SHv6n+EwojDYfHNCm+MxuhZ+p9vCRQcOc6Gw/2HhVsc6NOoQr2ORFZ1eg23SRfMVCHcuPJBc0lbKQlOM6RWQll5NA=&u=U2FsdGVkX18cT4giI2KWXUvpreRBmhWR6Fj+DwfMBQPLwJmI7RZn485Aoiz4xXrd&y=U2FsdGVkX19eCDAl+vNz96SCxA0QE7uh3uKpezweSCuyq95HG3AEQUymoiHRyCr7 HTTP/1.1" 200 26
152.201.223.47 - - [23/Dec/2023:22:15:02 -0500] "GET /kwssiamovil/sm/acme/a?s=U2FsdGVkX18orFhkqaoGfvb+p/Z+RbwBc6enDgxf5h0M+ZOgC2W82Xso+B2hC4bShLkOEZxg4qZ+oe27ZUHFY54oggOGzgd+XSN0/kZY93Lz9YejdYlUIXDIhMIi4aIsmOgWje9RJ52Oxqx7qwUE85Lfar+vvIsjC5/1D7KAgqcBwwSQMYD3bgBzJOjrJDiFbtHcZ0pGJqQtFpW9qIyf0A==&u=U2FsdGVkX18cT4giI2KWXUvpreRBmhWR6Fj+DwfMBQPLwJmI7RZn485Aoiz4xXrd&y=U2FsdGVkX19eCDAl+vNz96SCxA0QE7uh3uKpezweSCuyq95HG3AEQUymoiHRyCr7 HTTP/1.1" 200 26
152.201.223.47 - - [23/Dec/2023:22:15:03 -0500] "GET /kwssiamovil/sm/acme/a?s=U2FsdGVkX1+24SOq00FkCGFgiIb1mkvkEO5WLlJHaWJJk5pAQ7N/Y26G3JgTyretClszZxnuuV559IOx/O9MbnWtNZlSgT4vu0F8FNvnH+FmuBM38cRWxK3DnNGqMKj50g51LR5NPGOVmVCBOZKLwoluzGR+mbDMh0t5yYw/lzXBMpDMfFLfhk3O+6m801GHpYbb7hWIdgm4xWQTjGWJj65hai9NkppNxKS7d8T36x4pg1iZCcROioVuyikvf930mDXPHyW+XigyY+qTe/GNUm/uMa5Pp6k2XTBQnYsna17Q5hSJ5/liAEk2CmO/Pahdz9Fg4xnFRKrklA7t4zxO/FPJgJu6n76Wo4M4RBRlIUA1tTEuLCGANO8HUQhAxU0CP/MJ84hx+/XjHcTittpQMoa74JFqTatE/cHFfywxUPMmnYm0fy87YmtnoO5gTSgP+nN0muyNg7WLR9sGRtyZb8mWWsYER9E01bgJXygZSF+jgTdy2RE1dgwxd5QWuZETRViT+8G75SadBll0qzbm/iyR0sLjKD8fgZC/LSNYSZenMOJg78ePrklatT064T3O&u=U2FsdGVkX18cT4giI2KWXUvpreRBmhWR6Fj+DwfMBQPLwJmI7RZn485Aoiz4xXrd&y=U2FsdGVkX19eCDAl+vNz96SCxA0QE7uh3uKpezweSCuyq95HG3AEQUymoiHRyCr7 HTTP/1.1" 200 25
152.201.223.47 - - [23/Dec/2023:22:15:03 -0500] "GET /kwssiamovil/sm/acme/a?s=U2FsdGVkX1+hpNbHQWS3oZf2HTmDwRHNarhK32qWn9KB7QR267NboPX7RFDfsuezGapOeB7rKyFmRg9hO9IrwGbJnsux5ptQ+1NamxKvcb+Q/SOU66A+2BQFoQjsgrVlnmo0xl9N2fK8bNrWagrxrA49TILxtoWv35vpvJnJihvjsdnmtBmULCUdPtURcs8TM2u8Jj+MsFHiIUijpy0oGRwbagFecVcIh3esWJC/ZpHNxp3WzppAeZ35cwCv1H2QSYeXFgZkOiKBAxNetxAHdeuLc1Z9L/J9cH6vNef5oN4d3sFkl5HO2trvYP0NK8vLzyzqfCOPpejLJtZZxPbIbTD4NFFoy+Janvx77gZ3hFcWk9/xxAwHV16X5LLEmgOD4BWQtyA4z+ZmXc2QrvaZxnKOfXQVal+MtIEJc1eUrttzvX34WKExn1xwHCOD3nWxslF/PYs2eKhkYi3KfaCHGBWujgaAdTknbKo5+GQ87zzh1yU2nktoazCl8bz+BKBQ/R/Dikbrx8KKVvbJspj2Pg==&u=U2FsdGVkX18cT4giI2KWXUvpreRBmhWR6Fj+DwfMBQPLwJmI7RZn485Aoiz4xXrd&y=U2FsdGVkX19eCDAl+vNz96SCxA0QE7uh3uKpezweSCuyq95HG3AEQUymoiHRyCr7 HTTP/1.1" 200 26
156.59.198.135 - - [23/Dec/2023:22:15:07 -0500] "GET /BLA/resoluciones/Notificaciones/AUTOS%202016/03043.pdf HTTP/1.0" 200 504695
216.245.221.92 - - [23/Dec/2023:22:15:24 -0500] "HEAD / HTTP/1.1" 200 -
156.59.198.136 - - [23/Dec/2023:22:15:32 -0500] "GET /BLA/resoluciones/RESOLUCIONES%202022/5528.pdf HTTP/1.0" 200 1327812
173.252.83.9 - - [23/Dec/2023:22:15:39 -0500] "GET /distrito-exalta-48-arboles-patrimoniales-y-15-de-interes-publico-en-bogota.html HTTP/1.1" 200 816
172.22.2.4 - - [23/Dec/2023:22:14:48 -0500] "GET /BLA/boletinlegal/ HTTP/1.1" 200 24523
201.219.216.142 - - [23/Dec/2023:22:15:42 -0500] "POST /BLA/boletinlegal/admin/actos/ingresar.php HTTP/1.1" 200 2102
201.219.216.142 - - [23/Dec/2023:22:15:44 -0500] "GET /BLA/boletinlegal/admin/actos/ingresar.php HTTP/1.1" 200 7209
201.219.216.142 - - [23/Dec/2023:22:15:47 -0500] "GET /BLA/boletinlegal/admin/actos/ingresar.php HTTP/1.1" 200 7209
156.59.198.136 - - [23/Dec/2023:22:15:55 -0500] "GET /BLA/resoluciones/Notificaciones/REGISTROS%202020/1779.pdf HTTP/1.0" 200 375888
172.22.2.4 - - [23/Dec/2023:22:14:17 -0500] "HEAD /BLA/boletinlegal/ HTTP/1.1" 200 -
156.59.198.136 - - [23/Dec/2023:22:16:19 -0500] "GET /BLA/resoluciones/Notificaciones/RESOLUCIONES%202022/3294.pdf HTTP/1.0" 200 868031
201.245.192.253 - - [23/Dec/2023:22:16:19 -0500] "GET /kwsrmcab/Wsrmcab?wsdl HTTP/1.1" 200 6948
201.245.192.253 - - [23/Dec/2023:22:16:19 -0500] "POST /kwsrmcab/Wsrmcab HTTP/1.1" 200 35984
201.245.192.253 - - [23/Dec/2023:22:16:22 -0500] "POST /kwsrmcab/Wsrmcab HTTP/1.1" 200 36879
201.219.216.142 - - [23/Dec/2023:22:16:37 -0500] "POST /BLA/boletinlegal/admin/actos/ingresar.php HTTP/1.1" 200 2102
201.219.216.142 - - [23/Dec/2023:22:16:40 -0500] "GET /BLA/boletinlegal/admin/actos/ingresar.php HTTP/1.1" 200 7209
156.59.198.136 - - [23/Dec/2023:22:16:43 -0500] "GET /BLA/resoluciones/RESOLUCIONES%202022/3002.pdf HTTP/1.0" 200 402592
172.22.2.4 - - [23/Dec/2023:22:15:07 -0500] "GET /BLA/boletinlegal/ HTTP/1.1" 200 52418
156.59.198.135 - - [23/Dec/2023:22:17:08 -0500] "GET /BLA/resoluciones/AUTOS%202014/1449.pdf HTTP/1.0" 200 769850
156.59.198.136 - - [23/Dec/2023:22:17:32 -0500] "GET /BLA/resoluciones/Notificaciones/AUTOS%202021/1661.pdf HTTP/1.0" 200 356109
74.125.210.197 - - [23/Dec/2023:22:17:38 -0500] "GET /galeria/galeria/fotos/Humedal-Tibanica4G.jpg HTTP/1.1" 200 442374
156.59.198.136 - - [23/Dec/2023:22:17:56 -0500] "GET /BLA/resoluciones/RESOLUCIONES%202022/0181.pdf HTTP/1.0" 200 355227
201.245.192.253 - - [23/Dec/2023:22:18:00 -0500] "POST /kwsrmcab/Wsrmcab  HTTP/1.1" 200 40220
69.171.251.120 - - [23/Dec/2023:22:18:13 -0500] "GET /images/reconocimiento%20practicas%20ambientales.jpg HTTP/1.1" 200 63397
156.59.198.136 - - [23/Dec/2023:22:18:20 -0500] "GET /BLA/resoluciones/Notificaciones/AUTOS%202019/4586.pdf HTTP/1.0" 200 354535
173.252.79.3 - - [23/Dec/2023:22:18:39 -0500] "GET /mis-de-50-aves-silvestres-fueron-recuperadas-en-la-localidad-de-tunjuelito.html HTTP/1.1" 206 806
173.252.79.120 - - [23/Dec/2023:22:18:40 -0500] "GET /mis-de-50-aves-silvestres-fueron-recuperadas-en-la-localidad-de-tunjuelito.html HTTP/1.1" 200 806
156.59.198.135 - - [23/Dec/2023:22:18:46 -0500] "GET /BLA/resoluciones/RESOLUCIONES%202009/1623.pdf HTTP/1.0" 200 389591
173.252.79.4 - - [23/Dec/2023:22:18:47 -0500] "GET /mis-de-50-aves-silvestres-fueron-recuperadas-en-la-localidad-de-tunjuelito.html HTTP/1.1" 200 806
84.3.171.106 - - [23/Dec/2023:22:18:57 -0500] "GET / HTTP/1.0" 200 319
156.59.198.135 - - [23/Dec/2023:22:19:10 -0500] "GET /BLA/resoluciones/RESOLUCIONES%202014/2447.pdf HTTP/1.0" 200 495085
156.59.198.135 - - [23/Dec/2023:22:19:35 -0500] "GET /BLA/resoluciones/Notificaciones/AUTOS%202021/3781.pdf HTTP/1.0" 200 361353
173.252.79.4 - - [23/Dec/2023:22:19:44 -0500] "GET /images/terrazas%20verdes.jpg HTTP/1.1" 200 63951
156.59.198.136 - - [23/Dec/2023:22:19:59 -0500] "GET /BLA/resoluciones/RESOLUCIONES%202022/0517.pdf HTTP/1.0" 200 348764
173.252.107.4 - - [23/Dec/2023:22:20:16 -0500] "GET /images/Aves%20SDA.jpeg HTTP/1.1" 200 75104
173.252.107.8 - - [23/Dec/2023:22:20:16 -0500] "GET /images/Aves%20SDA.jpeg HTTP/1.1" 200 75104
201.245.192.253 - - [23/Dec/2023:22:20:18 -0500] "POST /kwsrmcab/Wsrmcab HTTP/1.1" 200 35984
156.59.198.135 - - [23/Dec/2023:22:20:23 -0500] "GET /BLA/resoluciones/Notificaciones/RESOLUCIONES%202022/1427.pdf HTTP/1.0" 200 446765
216.245.221.92 - - [23/Dec/2023:22:20:24 -0500] "HEAD / HTTP/1.1" 200 -
