201.245.192.253 - - [23/Dec/2023:09:50:47 -0500] "GET /sipse/faces/javax.faces.resource/primefaces.css?ln=primefaces&v=4.0 HTTP/1.1" 304 -
201.245.192.253 - - [23/Dec/2023:09:50:47 -0500] "GET /sipse/faces/javax.faces.resource/jquery/jquery.js?ln=primefaces&v=4.0 HTTP/1.1" 304 -
201.245.192.253 - - [23/Dec/2023:09:50:47 -0500] "GET /sipse/faces/javax.faces.resource/primefaces.js?ln=primefaces&v=4.0 HTTP/1.1" 304 -
201.245.192.253 - - [23/Dec/2023:09:50:47 -0500] "GET /sipse/faces/javax.faces.resource/layout/layout.css?ln=primefaces&v=4.0 HTTP/1.1" 304 -
201.245.192.253 - - [23/Dec/2023:09:50:47 -0500] "GET /sipse/faces/javax.faces.resource/jquery/jquery-plugins.js?ln=primefaces&v=4.0 HTTP/1.1" 304 -
201.245.192.253 - - [23/Dec/2023:09:50:47 -0500] "GET /sipse/faces/javax.faces.resource/layout/layout.js?ln=primefaces&v=4.0 HTTP/1.1" 304 -
201.245.192.253 - - [23/Dec/2023:09:50:50 -0500] "POST /sipse/faces/presentacion/financiero/solicitudProceso/consultarHistorialSolProceso.xhtml HTTP/1.1" 200 167925
201.245.192.253 - - [23/Dec/2023:09:50:51 -0500] "GET /sipse/faces/javax.faces.resource/theme.css?ln=primefaces-sipse HTTP/1.1" 304 -
201.245.192.253 - - [23/Dec/2023:09:50:51 -0500] "GET /sipse/faces/javax.faces.resource/primefaces.css?ln=primefaces&v=4.0 HTTP/1.1" 304 -
201.245.192.253 - - [23/Dec/2023:09:50:51 -0500] "GET /sipse/faces/javax.faces.resource/primefaces.js?ln=primefaces&v=4.0 HTTP/1.1" 304 -
201.245.192.253 - - [23/Dec/2023:09:50:51 -0500] "GET /sipse/faces/javax.faces.resource/jquery/jquery-plugins.js?ln=primefaces&v=4.0 HTTP/1.1" 304 -
201.245.192.253 - - [23/Dec/2023:09:50:51 -0500] "GET /sipse/faces/javax.faces.resource/layout/layout.css?ln=primefaces&v=4.0 HTTP/1.1" 304 -
201.245.192.253 - - [23/Dec/2023:09:50:51 -0500] "GET /sipse/faces/javax.faces.resource/jquery/jquery.js?ln=primefaces&v=4.0 HTTP/1.1" 304 -
201.245.192.253 - - [23/Dec/2023:09:50:51 -0500] "GET /sipse/faces/javax.faces.resource/layout/layout.js?ln=primefaces&v=4.0 HTTP/1.1" 304 -
201.245.192.253 - - [23/Dec/2023:09:50:55 -0500] "POST /sipse/faces/presentacion/financiero/solicitudProceso/consultarSolicitudProceso.xhtml HTTP/1.1" 200 719194
156.59.198.135 - - [23/Dec/2023:09:51:10 -0500] "GET /BLA/resoluciones/AUTOS%202014/1693.pdf HTTP/1.0" 200 524482
201.245.192.253 - - [23/Dec/2023:09:51:18 -0500] "POST /kwsrmcab/Wsrmcab  HTTP/1.1" 200 40220
156.59.198.136 - - [23/Dec/2023:09:51:34 -0500] "GET /BLA/resoluciones/AUTOS%202017/1173.pdf HTTP/1.0" 200 302011
186.155.165.144 - - [23/Dec/2023:09:51:53 -0500] "GET /mis-de-50-aves-silvestres-fueron-recuperadas-en-la-localidad-de-tunjuelito.html HTTP/1.1" 200 806
156.59.198.135 - - [23/Dec/2023:09:51:58 -0500] "GET /BLA/resoluciones/Notificaciones/AUTOS%202019/4485.pdf HTTP/1.0" 200 331220
190.60.36.2 - - [23/Dec/2023:09:52:17 -0500] "POST /sipse/faces/presentacion/financiero/modificacionContrato/cargarModifiacion.xhtml HTTP/1.1" 200 121597
190.60.36.2 - - [23/Dec/2023:09:52:18 -0500] "GET /sipse/faces/javax.faces.resource/theme.css?ln=primefaces-sipse HTTP/1.1" 304 -
190.60.36.2 - - [23/Dec/2023:09:52:18 -0500] "GET /sipse/faces/javax.faces.resource/jquery/jquery.js?ln=primefaces&v=4.0 HTTP/1.1" 304 -
190.60.36.2 - - [23/Dec/2023:09:52:18 -0500] "GET /sipse/faces/javax.faces.resource/primefaces.css?ln=primefaces&v=4.0 HTTP/1.1" 304 -
190.60.36.2 - - [23/Dec/2023:09:52:18 -0500] "GET /sipse/faces/javax.faces.resource/layout/layout.css?ln=primefaces&v=4.0 HTTP/1.1" 304 -
190.60.36.2 - - [23/Dec/2023:09:52:18 -0500] "GET /sipse/faces/javax.faces.resource/jquery/jquery-plugins.js?ln=primefaces&v=4.0 HTTP/1.1" 304 -
190.60.36.2 - - [23/Dec/2023:09:52:18 -0500] "GET /sipse/faces/javax.faces.resource/primefaces.js?ln=primefaces&v=4.0 HTTP/1.1" 304 -
190.60.36.2 - - [23/Dec/2023:09:52:18 -0500] "GET /sipse/faces/javax.faces.resource/layout/layout.js?ln=primefaces&v=4.0 HTTP/1.1" 304 -
156.59.198.135 - - [23/Dec/2023:09:52:23 -0500] "GET /BLA/resoluciones/AUTOS%202014/2980.pdf HTTP/1.0" 200 509595
190.60.36.2 - - [23/Dec/2023:09:52:29 -0500] "POST /sipse/faces/presentacion/financiero/solicitudProceso/consultarSolicitudProceso.xhtml HTTP/1.1" 200 35650
190.60.36.2 - - [23/Dec/2023:09:52:31 -0500] "GET /sipse/faces/javax.faces.resource/theme.css?ln=primefaces-sipse HTTP/1.1" 304 -
190.60.36.2 - - [23/Dec/2023:09:52:31 -0500] "GET /sipse/faces/javax.faces.resource/primefaces.css?ln=primefaces&v=4.0 HTTP/1.1" 304 -
190.60.36.2 - - [23/Dec/2023:09:52:31 -0500] "GET /sipse/faces/javax.faces.resource/layout/layout.css?ln=primefaces&v=4.0 HTTP/1.1" 304 -
190.60.36.2 - - [23/Dec/2023:09:52:31 -0500] "GET /sipse/faces/javax.faces.resource/jquery/jquery.js?ln=primefaces&v=4.0 HTTP/1.1" 304 -
190.60.36.2 - - [23/Dec/2023:09:52:31 -0500] "GET /sipse/faces/javax.faces.resource/jquery/jquery-plugins.js?ln=primefaces&v=4.0 HTTP/1.1" 304 -
190.60.36.2 - - [23/Dec/2023:09:52:31 -0500] "GET /sipse/faces/javax.faces.resource/primefaces.js?ln=primefaces&v=4.0 HTTP/1.1" 304 -
190.60.36.2 - - [23/Dec/2023:09:52:31 -0500] "GET /sipse/faces/javax.faces.resource/layout/layout.js?ln=primefaces&v=4.0 HTTP/1.1" 304 -
190.60.36.2 - - [23/Dec/2023:09:52:31 -0500] "POST /sipse/faces/presentacion/financiero/solicitudProceso/listarSolicitudProceso.xhtml HTTP/1.1" 200 1396
190.60.36.2 - - [23/Dec/2023:09:52:35 -0500] "POST /sipse/faces/presentacion/financiero/solicitudProceso/listarSolicitudProceso.xhtml HTTP/1.1" 200 31808
190.60.36.2 - - [23/Dec/2023:09:52:35 -0500] "POST /sipse/faces/presentacion/financiero/solicitudProceso/listarSolicitudProceso.xhtml HTTP/1.1" 200 44432
190.60.36.2 - - [23/Dec/2023:09:52:35 -0500] "POST /sipse/faces/presentacion/financiero/solicitudProceso/listarSolicitudProceso.xhtml HTTP/1.1" 200 31808
190.60.36.2 - - [23/Dec/2023:09:52:45 -0500] "POST /sipse/faces/presentacion/financiero/solicitudProceso/listarSolicitudProceso.xhtml HTTP/1.1" 200 31808
190.60.36.2 - - [23/Dec/2023:09:52:45 -0500] "POST /sipse/faces/presentacion/financiero/solicitudProceso/listarSolicitudProceso.xhtml HTTP/1.1" 200 44436
190.60.36.2 - - [23/Dec/2023:09:52:45 -0500] "POST /sipse/faces/presentacion/financiero/solicitudProceso/listarSolicitudProceso.xhtml HTTP/1.1" 200 31808
156.59.198.135 - - [23/Dec/2023:09:52:48 -0500] "GET /BLA/resoluciones/Notificaciones/AUTOS%202019/3502.pdf HTTP/1.0" 200 300982
173.252.107.116 - - [23/Dec/2023:09:53:02 -0500] "GET /images/Aves%20SDA.jpeg HTTP/1.1" 200 75104
156.59.198.135 - - [23/Dec/2023:09:53:12 -0500] "GET /BLA/resoluciones/Notificaciones/AUTOS%202021/3596.pdf HTTP/1.0" 200 367891
190.60.36.2 - - [23/Dec/2023:09:53:20 -0500] "POST /sipse/faces/presentacion/financiero/solicitudProceso/listarSolicitudProceso.xhtml HTTP/1.1" 200 2961
190.60.36.2 - - [23/Dec/2023:09:53:22 -0500] "POST /sipse/faces/presentacion/financiero/solicitudProceso/listarSolicitudProceso.xhtml HTTP/1.1" 200 5841
156.59.198.135 - - [23/Dec/2023:09:53:36 -0500] "GET /BLA/resoluciones/Notificaciones/AUTOS%202021/1892.pdf HTTP/1.0" 200 370334
156.59.198.135 - - [23/Dec/2023:09:54:00 -0500] "GET /BLA/resoluciones/AUTOS%202014/1712.pdf HTTP/1.0" 200 536601
156.59.198.136 - - [23/Dec/2023:09:54:24 -0500] "GET /BLA/resoluciones/AUTOS%202014/5379.pdf HTTP/1.0" 200 572700
156.59.198.136 - - [23/Dec/2023:09:54:48 -0500] "GET /BLA/resoluciones/AUTOS%202014/3179.pdf HTTP/1.0" 200 571182
172.22.2.4 - - [23/Dec/2023:09:53:23 -0500] "HEAD /BLA/boletinlegal/ HTTP/1.1" 200 -
156.59.198.136 - - [23/Dec/2023:09:55:13 -0500] "GET /BLA/resoluciones/AUTOS%202014/2853.pdf HTTP/1.0" 200 664153
191.156.182.224 - - [23/Dec/2023:09:55:22 -0500] "GET /mis-de-50-aves-silvestres-fueron-recuperadas-en-la-localidad-de-tunjuelito.html?fbclid=IwAR1jgeIkzSuiIZcJ4yPIMk9noSbLyaZj0jspywSNH-i649qKIkdxwgGuVm8 HTTP/1.1" 200 806
216.245.221.92 - - [23/Dec/2023:09:55:25 -0500] "HEAD / HTTP/1.1" 200 -
156.59.198.135 - - [23/Dec/2023:09:55:37 -0500] "GET /BLA/resoluciones/AUTOS%202014/5122.pdf HTTP/1.0" 200 565131
172.22.2.4 - - [23/Dec/2023:09:54:14 -0500] "GET /BLA/boletinlegal/ HTTP/1.1" 200 58172
156.59.198.136 - - [23/Dec/2023:09:56:02 -0500] "GET /BLA/resoluciones/AUTOS%202014/4993.pdf HTTP/1.0" 200 1344399
201.245.192.253 - - [23/Dec/2023:09:56:15 -0500] "POST /kwsrmcab/Wsrmcab  HTTP/1.1" 200 40220
156.59.198.135 - - [23/Dec/2023:09:56:27 -0500] "GET /BLA/resoluciones/AUTOS%202014/4461.pdf HTTP/1.0" 200 526100
157.41.249.201 - - [23/Dec/2023:09:56:36 -0500] "GET /portaldeninos/wp-content/uploads/2020/01/Fauna-gif.gif HTTP/1.1" 200 98741
207.46.13.150 - - [23/Dec/2023:09:56:44 -0500] "GET /BLA/resoluciones/index.php?dir=Notificaciones%2FRESOLUCIONES+2023%2F HTTP/1.1" 200 41589
156.59.198.135 - - [23/Dec/2023:09:56:51 -0500] "GET /BLA/resoluciones/Notificaciones/AUTOS%202018/01439.pdf HTTP/1.0" 200 318777
168.119.253.69 - - [23/Dec/2023:09:56:51 -0500] "GET / HTTP/1.1" 200 319
168.119.253.69 - - [23/Dec/2023:09:56:52 -0500] "GET / HTTP/1.1" 200 4720
156.59.198.136 - - [23/Dec/2023:09:57:15 -0500] "GET /BLA/resoluciones/Notificaciones/AUTOS%202019/1629.pdf HTTP/1.0" 200 238699
156.59.198.135 - - [23/Dec/2023:09:57:48 -0500] "GET /BLA/resoluciones/AUTOS%202014/5393.pdf HTTP/1.0" 200 517695
69.63.184.119 - - [23/Dec/2023:09:57:55 -0500] "GET /images/Aves%20SDA.jpeg HTTP/1.1" 200 75104
156.59.198.136 - - [23/Dec/2023:09:58:03 -0500] "GET /BLA/resoluciones/Notificaciones/AUTOS%202021/2442.pdf HTTP/1.0" 200 353389
31.13.127.1 - - [23/Dec/2023:09:58:25 -0500] "GET /images/Aves%20SDA.jpeg HTTP/1.1" 200 75104
31.13.127.22 - - [23/Dec/2023:09:58:25 -0500] "GET /images/arbol%20centro.jpg HTTP/1.1" 200 69467
156.59.198.135 - - [23/Dec/2023:09:58:27 -0500] "GET /BLA/resoluciones/AUTOS%202014/4471.pdf HTTP/1.0" 200 521951
156.59.198.135 - - [23/Dec/2023:09:58:52 -0500] "GET /BLA/resoluciones/Notificaciones/AUTOS%202021/3451.pdf HTTP/1.0" 200 349434
156.59.198.135 - - [23/Dec/2023:09:59:16 -0500] "GET /BLA/resoluciones/Notificaciones/AUTOS%202021/6263.pdf HTTP/1.0" 200 369017
156.59.198.135 - - [23/Dec/2023:09:59:41 -0500] "GET /BLA/resoluciones/Notificaciones/AUTOS%202018/6175.pdf HTTP/1.0" 200 570521
156.59.198.135 - - [23/Dec/2023:10:00:04 -0500] "GET /BLA/resoluciones/AUTOS%202014/3985.pdf HTTP/1.0" 200 577731
181.53.14.143 - - [23/Dec/2023:10:00:14 -0500] "GET /appsia/controlador HTTP/1.1" 200 4799
181.53.14.143 - - [23/Dec/2023:10:00:14 -0500] "GET /appsia/scripts/validarIngreso.js HTTP/1.1" 200 851
181.53.14.143 - - [23/Dec/2023:10:00:14 -0500] "GET /appsia/css/estilos.css HTTP/1.1" 200 4804
181.53.14.143 - - [23/Dec/2023:10:00:14 -0500] "GET /appsia/images/logo_bogota_p.png HTTP/1.1" 200 14951
181.53.14.143 - - [23/Dec/2023:10:00:14 -0500] "GET /appsia/images/cabezoteHojaVida.png HTTP/1.1" 200 32493
181.53.14.143 - - [23/Dec/2023:10:00:14 -0500] "GET /favicon.ico HTTP/1.1" 200 7782
216.245.221.92 - - [23/Dec/2023:10:00:25 -0500] "HEAD / HTTP/1.1" 200 -
156.59.198.135 - - [23/Dec/2023:10:00:28 -0500] "GET /BLA/resoluciones/RESOLUCIONES%202010/0448.pdf HTTP/1.0" 200 115870
181.53.14.143 - - [23/Dec/2023:10:00:29 -0500] "GET /appsia/controlador HTTP/1.1" 200 4799
181.53.14.143 - - [23/Dec/2023:10:00:45 -0500] "POST /appsia/controlador HTTP/1.1" 200 5437
181.53.14.143 - - [23/Dec/2023:10:00:51 -0500] "POST /appsia/controlador HTTP/1.1" 200 7731
181.53.14.143 - - [23/Dec/2023:10:00:51 -0500] "GET /appsia/images/logo_escudo.png HTTP/1.1" 200 36965
156.59.198.136 - - [23/Dec/2023:10:00:53 -0500] "GET /BLA/resoluciones/Notificaciones/AUTOS%202021/5953.pdf HTTP/1.0" 200 392075
172.22.2.4 - - [23/Dec/2023:09:59:13 -0500] "HEAD /BLA/boletinlegal/ HTTP/1.1" 200 -
181.53.14.143 - - [23/Dec/2023:10:00:58 -0500] "GET /appsia/controlador HTTP/1.1" 200 5437
181.53.14.143 - - [23/Dec/2023:10:01:00 -0500] "POST /appsia/controlador HTTP/1.1" 200 4799
201.245.192.253 - - [23/Dec/2023:10:01:15 -0500] "POST /kwsrmcab/Wsrmcab  HTTP/1.1" 200 40220
156.59.198.136 - - [23/Dec/2023:10:01:18 -0500] "GET /BLA/resoluciones/AUTOS%202014/5126.pdf HTTP/1.0" 200 564647
181.249.136.229 - - [23/Dec/2023:10:01:19 -0500] "GET /distrito-exalta-48-arboles-patrimoniales-y-15-de-interes-publico-en-bogota.html HTTP/1.1" 200 816
66.249.66.21 - - [23/Dec/2023:10:01:25 -0500] "GET /autoliquidacion2020/dlf/styles.css HTTP/1.1" 200 3045
156.59.198.136 - - [23/Dec/2023:10:01:42 -0500] "GET /BLA/resoluciones/AUTOS%202014/2194.pdf HTTP/1.0" 200 2612326
172.22.2.4 - - [23/Dec/2023:10:00:04 -0500] "GET /BLA/boletinlegal/ HTTP/1.1" 200 60910
156.59.198.136 - - [23/Dec/2023:10:02:07 -0500] "GET /BLA/resoluciones/Notificaciones/AUTOS%202018/01328.pdf HTTP/1.0" 200 294249
156.59.198.136 - - [23/Dec/2023:10:02:30 -0500] "GET /BLA/resoluciones/Notificaciones/AUTOS%202021/3519.pdf HTTP/1.0" 200 713317
181.53.14.143 - - [23/Dec/2023:10:02:36 -0500] "GET /appsia/controlador HTTP/1.1" 200 4799
191.156.181.214 - - [23/Dec/2023:10:02:40 -0500] "GET /distrito-exalto-a-246-empresas-de-bogota-por-su-alto-desempeno-y-responsabilidad-ambiental-durante-2023.html HTTP/1.1" 200 1039
156.59.198.136 - - [23/Dec/2023:10:02:54 -0500] "GET /BLA/resoluciones/AUTOS%202014/2253.pdf HTTP/1.0" 200 578765
156.59.198.135 - - [23/Dec/2023:10:03:18 -0500] "GET /BLA/resoluciones/Notificaciones/AUTOS%202018/03358.pdf HTTP/1.0" 200 342654
156.59.198.135 - - [23/Dec/2023:10:03:43 -0500] "GET /BLA/resoluciones/Notificaciones/AUTOS%202013/3489.doc HTTP/1.0" 200 230912
186.154.36.70 - - [23/Dec/2023:10:03:44 -0500] "GET /appsia/controlador HTTP/1.1" 200 4799
186.154.36.70 - - [23/Dec/2023:10:03:44 -0500] "GET /appsia/css/estilos.css HTTP/1.1" 200 4804
186.154.36.70 - - [23/Dec/2023:10:03:44 -0500] "GET /appsia/scripts/validarIngreso.js HTTP/1.1" 200 851
186.154.36.70 - - [23/Dec/2023:10:03:44 -0500] "GET /appsia/images/cabezoteHojaVida.png HTTP/1.1" 200 32493
186.154.36.70 - - [23/Dec/2023:10:03:44 -0500] "GET /appsia/images/logo_bogota_p.png HTTP/1.1" 200 14951
186.154.36.70 - - [23/Dec/2023:10:03:45 -0500] "GET /favicon.ico HTTP/1.1" 200 7782
54.39.107.63 - - [23/Dec/2023:10:03:47 -0500] "GET /mis-de-50-aves-silvestres-fueron-recuperadas-en-la-localidad-de-tunjuelito.html HTTP/1.1" 200 806
186.154.36.70 - - [23/Dec/2023:10:03:54 -0500] "POST /appsia/controlador HTTP/1.1" 200 3600
186.154.36.70 - - [23/Dec/2023:10:03:54 -0500] "GET /appsia/jscripts/validarSolicitud.js HTTP/1.1" 404 68
156.59.198.135 - - [23/Dec/2023:10:04:07 -0500] "GET /BLA/resoluciones/Notificaciones/AUTOS%202021/0859.pdf HTTP/1.0" 200 354343
186.154.36.70 - - [23/Dec/2023:10:04:09 -0500] "POST /appsia/controlador HTTP/1.1" 200 4799
186.154.36.70 - - [23/Dec/2023:10:04:31 -0500] "POST /appsia/controlador HTTP/1.1" 200 5437
156.59.198.136 - - [23/Dec/2023:10:04:31 -0500] "GET /BLA/resoluciones/Notificaciones/AUTOS%202021/0516.pdf HTTP/1.0" 200 839342
186.154.36.70 - - [23/Dec/2023:10:04:42 -0500] "POST /appsia/controlador HTTP/1.1" 200 7729
186.154.36.70 - - [23/Dec/2023:10:04:42 -0500] "GET /appsia/images/logo_escudo.png HTTP/1.1" 200 36965
156.59.198.135 - - [23/Dec/2023:10:04:56 -0500] "GET /BLA/resoluciones/Notificaciones/AUTOS%201985/4630.doc HTTP/1.0" 200 97792
156.59.198.135 - - [23/Dec/2023:10:05:20 -0500] "GET /BLA/resoluciones/Notificaciones/AUTOS%202013/3523.doc HTTP/1.0" 200 226304
216.245.221.92 - - [23/Dec/2023:10:05:25 -0500] "HEAD / HTTP/1.1" 200 -
156.59.198.136 - - [23/Dec/2023:10:05:45 -0500] "GET /BLA/resoluciones/Notificaciones/AUTOS%202021/0882.pdf HTTP/1.0" 200 347932
186.154.36.70 - - [23/Dec/2023:10:05:53 -0500] "POST /appsia/controlador HTTP/1.1" 200 5437
156.59.198.136 - - [23/Dec/2023:10:06:09 -0500] "GET /BLA/resoluciones/Notificaciones/AUTOS%202021/0242.pdf HTTP/1.0" 200 388227
201.245.192.253 - - [23/Dec/2023:10:06:12 -0500] "POST /kwsrmcab/Wsrmcab  HTTP/1.1" 200 40220
156.59.198.136 - - [23/Dec/2023:10:06:33 -0500] "GET /BLA/resoluciones/Notificaciones/AUTOS%202021/0166.pdf HTTP/1.0" 200 391399
172.22.2.4 - - [23/Dec/2023:10:05:03 -0500] "HEAD /BLA/boletinlegal/ HTTP/1.1" 200 -
156.59.198.135 - - [23/Dec/2023:10:06:57 -0500] "GET /BLA/resoluciones/Notificaciones/AUTOS%202013/3172.doc HTTP/1.0" 200 336384
156.59.198.135 - - [23/Dec/2023:10:07:21 -0500] "GET /BLA/resoluciones/AUTOS%202014/5211.pdf HTTP/1.0" 200 568744
172.22.2.4 - - [23/Dec/2023:10:05:54 -0500] "GET /BLA/boletinlegal/ HTTP/1.1" 200 58567
66.249.66.20 - - [23/Dec/2023:10:07:37 -0500] "GET /BLA/resoluciones/AUTOS%202020/2247.pdf HTTP/1.1" 304 -
156.59.198.136 - - [23/Dec/2023:10:07:45 -0500] "GET /BLA/resoluciones/RESOLUCIONES%202007/RES%202007%201501%20AL%201600/RESOLUCION%201577%20DE%202007.pdf HTTP/1.0" 200 532471
156.59.198.135 - - [23/Dec/2023:10:08:09 -0500] "GET /BLA/resoluciones/Notificaciones/AUTOS%202019/3109.pdf HTTP/1.0" 200 255965
156.59.198.136 - - [23/Dec/2023:10:08:34 -0500] "GET /BLA/resoluciones/Notificaciones/AUTOS%202019/3123.pdf HTTP/1.0" 200 298024
156.59.198.136 - - [23/Dec/2023:10:08:59 -0500] "GET /BLA/resoluciones/AUTOS%202014/2414.pdf HTTP/1.0" 200 755752
156.59.198.136 - - [23/Dec/2023:10:09:22 -0500] "GET /BLA/resoluciones/Notificaciones/AUTOS%202021/4624.pdf HTTP/1.0" 200 345492
156.59.198.135 - - [23/Dec/2023:10:09:47 -0500] "GET /BLA/resoluciones/Notificaciones/AUTOS%202013/3324.doc HTTP/1.0" 200 227840
156.59.198.135 - - [23/Dec/2023:10:10:11 -0500] "GET /BLA/resoluciones/AUTOS%202014/4130.pdf HTTP/1.0" 200 551328
216.245.221.92 - - [23/Dec/2023:10:10:25 -0500] "HEAD / HTTP/1.1" 200 -
69.171.251.117 - - [23/Dec/2023:10:10:31 -0500] "GET /distrito-exalto-a-246-empresas-de-bogota-por-su-alto-desempeno-y-responsabilidad-ambiental-durante-2023.html HTTP/1.1" 200 1039
69.171.251.120 - - [23/Dec/2023:10:10:31 -0500] "GET /distrito-exalto-a-246-empresas-de-bogota-por-su-alto-desempeno-y-responsabilidad-ambiental-durante-2023.html HTTP/1.1" 200 1039
69.171.251.6 - - [23/Dec/2023:10:10:31 -0500] "GET /distrito-exalto-a-246-empresas-de-bogota-por-su-alto-desempeno-y-responsabilidad-ambiental-durante-2023.html HTTP/1.1" 200 1039
156.59.198.136 - - [23/Dec/2023:10:10:37 -0500] "GET /BLA/resoluciones/AUTOS%202018/0642.pdf HTTP/1.0" 200 339725
156.59.198.135 - - [23/Dec/2023:10:11:02 -0500] "GET /BLA/resoluciones/AUTOS%202014/3397.pdf HTTP/1.0" 200 668151
201.245.192.253 - - [23/Dec/2023:10:11:11 -0500] "POST /kwsrmcab/Wsrmcab  HTTP/1.1" 200 40220
156.59.198.135 - - [23/Dec/2023:10:11:25 -0500] "GET /BLA/resoluciones/Notificaciones/AUTOS%202021/3622.pdf HTTP/1.0" 200 327881
156.59.198.136 - - [23/Dec/2023:10:11:50 -0500] "GET /BLA/resoluciones/AUTOS%202014/1512.pdf HTTP/1.0" 200 896220
156.59.198.136 - - [23/Dec/2023:10:12:14 -0500] "GET /BLA/resoluciones/RESOLUCIONES%201995/0141.pdf HTTP/1.0" 200 176959
172.22.2.4 - - [23/Dec/2023:10:10:53 -0500] "HEAD /BLA/boletinlegal/ HTTP/1.1" 200 -
156.59.198.135 - - [23/Dec/2023:10:12:38 -0500] "GET /BLA/resoluciones/AUTOS%202014/3497.pdf HTTP/1.0" 200 775205
172.22.2.4 - - [23/Dec/2023:10:12:53 -0500] "GET /BLA/boletinlegal/images/icono-email.png HTTP/1.1" 304 -
156.59.198.135 - - [23/Dec/2023:10:13:03 -0500] "GET /BLA/resoluciones/Notificaciones/AUTOS%202021/4560.pdf HTTP/1.0" 200 412290
172.22.2.4 - - [23/Dec/2023:10:11:44 -0500] "GET /BLA/boletinlegal/ HTTP/1.1" 200 58969
156.59.198.135 - - [23/Dec/2023:10:13:27 -0500] "GET /BLA/resoluciones/AUTOS%202017/0080.pdf HTTP/1.0" 200 327725
156.59.198.136 - - [23/Dec/2023:10:13:51 -0500] "GET /BLA/resoluciones/RESOLUCIONES%202007/RES%202007%201501%20AL%201600/RESOLUCION%201572%20DE%202007.pdf HTTP/1.0" 200 662182
156.59.198.136 - - [23/Dec/2023:10:14:16 -0500] "GET /BLA/resoluciones/Notificaciones/AUTOS%202019/412.pdf HTTP/1.0" 200 269376
156.59.198.136 - - [23/Dec/2023:10:14:40 -0500] "GET /BLA/resoluciones/Notificaciones/AUTOS%202018/05154.pdf HTTP/1.0" 200 227161
156.59.198.135 - - [23/Dec/2023:10:15:04 -0500] "GET /BLA/resoluciones/Notificaciones/AUTOS%202019/4566.pdf HTTP/1.0" 200 328230
216.245.221.92 - - [23/Dec/2023:10:15:25 -0500] "HEAD / HTTP/1.1" 200 -
156.59.198.136 - - [23/Dec/2023:10:15:29 -0500] "GET /BLA/resoluciones/AUTOS%202014/4834.pdf HTTP/1.0" 200 564415
156.59.198.135 - - [23/Dec/2023:10:15:52 -0500] "GET /BLA/resoluciones/Notificaciones/AUTOS%202019/638.pdf HTTP/1.0" 200 268603
201.245.192.253 - - [23/Dec/2023:10:16:11 -0500] "POST /kwsrmcab/Wsrmcab  HTTP/1.1" 200 40220
156.59.198.135 - - [23/Dec/2023:10:16:17 -0500] "GET /BLA/resoluciones/Notificaciones/AUTOS%202021/731.pdf HTTP/1.0" 200 333338
201.245.192.253 - - [23/Dec/2023:10:16:21 -0500] "POST /kwsrmcab/Wsrmcab HTTP/1.1" 200 37405
201.245.192.253 - - [23/Dec/2023:10:16:24 -0500] "POST /kwsrmcab/Wsrmcab HTTP/1.1" 200 37056
156.59.198.136 - - [23/Dec/2023:10:16:41 -0500] "GET /BLA/resoluciones/AUTOS%202014/3973.pdf HTTP/1.0" 200 663369
207.46.13.155 - - [23/Dec/2023:10:16:41 -0500] "GET /BLA/resoluciones/RESOLUCIONES%202023/2804.pdf HTTP/1.1" 200 2575607
156.59.198.136 - - [23/Dec/2023:10:17:06 -0500] "GET /BLA/resoluciones/Notificaciones/AUTOS%202018/3969.pdf HTTP/1.0" 200 288628
156.59.198.136 - - [23/Dec/2023:10:17:31 -0500] "GET /BLA/resoluciones/AUTOS%202014/2865.pdf HTTP/1.0" 200 706227
156.59.198.135 - - [23/Dec/2023:10:17:55 -0500] "GET /BLA/resoluciones/Notificaciones/AUTOS%202019/2560.pdf HTTP/1.0" 200 258334
66.249.66.21 - - [23/Dec/2023:10:18:05 -0500] "GET /BLA/resoluciones/RESOLUCIONES%202009/3659.pdf HTTP/1.1" 200 147444
156.59.198.135 - - [23/Dec/2023:10:18:19 -0500] "GET /BLA/resoluciones/Notificaciones/AUTOS%202019/3981.pdf HTTP/1.0" 200 235740
172.22.2.4 - - [23/Dec/2023:10:16:43 -0500] "HEAD /BLA/boletinlegal/ HTTP/1.1" 200 -
156.59.198.135 - - [23/Dec/2023:10:18:43 -0500] "GET /BLA/resoluciones/AUTOS%202014/4311.pdf HTTP/1.0" 200 596250
207.46.13.155 - - [23/Dec/2023:10:18:55 -0500] "GET /sipse/faces/faces/autenticacion.xhtml HTTP/1.1" 200 12729
156.59.198.136 - - [23/Dec/2023:10:19:08 -0500] "GET /BLA/resoluciones/AUTOS%202014/4601.pdf HTTP/1.0" 200 525247
172.22.2.4 - - [23/Dec/2023:10:17:34 -0500] "GET /BLA/boletinlegal/ HTTP/1.1" 200 60910
181.58.67.186 - - [23/Dec/2023:10:19:15 -0500] "GET /distrito-exalto-a-246-empresas-de-bogota-por-su-alto-desempeno-y-responsabilidad-ambiental-durante-2023.html HTTP/1.1" 200 1039
213.186.1.245 - - [23/Dec/2023:10:19:21 -0500] "GET /mis-de-50-aves-silvestres-fueron-recuperadas-en-la-localidad-de-tunjuelito.html HTTP/1.1" 200 806
156.59.198.136 - - [23/Dec/2023:10:19:31 -0500] "GET /BLA/resoluciones/Notificaciones/AUTOS%202019/1619.pdf HTTP/1.0" 200 342240
156.59.198.135 - - [23/Dec/2023:10:19:56 -0500] "GET /BLA/resoluciones/Notificaciones/RESOLUCIONES%202021/1894.pdf HTTP/1.0" 200 351503
156.59.198.135 - - [23/Dec/2023:10:20:20 -0500] "GET /BLA/resoluciones/AUTOS%202014/1560.pdf HTTP/1.0" 200 1423760
201.245.192.253 - - [23/Dec/2023:10:20:19 -0500] "POST /kwsrmcab/Wsrmcab HTTP/1.1" 200 37405
216.245.221.92 - - [23/Dec/2023:10:20:25 -0500] "HEAD / HTTP/1.1" 200 -
201.245.192.253 - - [23/Dec/2023:10:20:24 -0500] "POST /kwsrmcab/Wsrmcab HTTP/1.1" 200 37056
156.59.198.135 - - [23/Dec/2023:10:20:44 -0500] "GET /BLA/resoluciones/AUTOS%202014/2698.pdf HTTP/1.0" 200 614096
31.13.127.9 - - [23/Dec/2023:10:20:52 -0500] "GET /mis-de-50-aves-silvestres-fueron-recuperadas-en-la-localidad-de-tunjuelito.html HTTP/1.1" 200 806
31.13.103.6 - - [23/Dec/2023:10:20:54 -0500] "GET /mis-de-50-aves-silvestres-fueron-recuperadas-en-la-localidad-de-tunjuelito.html HTTP/1.1" 206 806
31.13.103.120 - - [23/Dec/2023:10:21:03 -0500] "GET /mis-de-50-aves-silvestres-fueron-recuperadas-en-la-localidad-de-tunjuelito.html HTTP/1.1" 200 806
66.249.66.19 - - [23/Dec/2023:10:21:05 -0500] "GET /Publicaciones/2023EE241556.pdf HTTP/1.1" 404 228
156.59.198.135 - - [23/Dec/2023:10:21:08 -0500] "GET /BLA/resoluciones/AUTOS%202014/4891.pdf HTTP/1.0" 200 564816
201.245.192.253 - - [23/Dec/2023:10:21:09 -0500] "POST /kwsrmcab/Wsrmcab  HTTP/1.1" 200 40220
156.59.198.136 - - [23/Dec/2023:10:21:33 -0500] "GET /BLA/resoluciones/AUTOS%202014/1588.pdf HTTP/1.0" 200 511476
186.102.16.81 - - [23/Dec/2023:10:21:54 -0500] "GET /kwssiamovil/sm/ldap/au?x=U2FsdGVkX184kI2xzEl/yH7bV7bv8BuRCBONR5o4lgGMAkVJko99B9VUc3QUJ2ar&y=U2FsdGVkX1+6D1l8OM6wnuoj/w7IjIf0PJP5gMMaKYu2gktfa0hKGFrOz6PFJC07 HTTP/1.1" 200 30
186.102.16.81 - - [23/Dec/2023:10:21:55 -0500] "GET /kwssiamovil/sm/acme/s?s=U2FsdGVkX1/uPfCPaghocm3EqZoJGU1tZN3/oaDAg/iY1eMgZb7MjwryxFxu/NztgUx+6uP0nw688usVB0EceUIOpi285/zjtgcAkywGDYE=&u=U2FsdGVkX1+w6X/l5t+TpjOLwQKRCjhkiWswnc4y2yw=&y=U2FsdGVkX1+6D1l8OM6wnuoj/w7IjIf0PJP5gMMaKYu2gktfa0hKGFrOz6PFJC07 HTTP/1.1" 200 97
186.102.16.81 - - [23/Dec/2023:10:21:55 -0500] "GET /kwssiamovil/sm/acme/s?s=U2FsdGVkX19vbT56vFNvz1SSt7u3Fg8UeRE1xqrml8N6zMy00S2MvO7rBFtpMSZviXy5+d88qFMyO/wIxe3tr2vtle5O86WatGpuYBlyO86OT7OLsf7jp2EaqIGmr1k5lm7zQOkStjwfvKTC6t1kuCHdIfCHk1flZMM5/Aoi+MUTZoBZPRH3qjCIyH6tT90a3MMRi0S0o8XC6vv9mTkld9ko4K+nFEOKrq3xYLiyltviB77oBzjIdZyv6cJgryYrXjBaGWO3iLmC8pd24xJVW214C6RUMqWfB0kEsk/6wIkU5GpR/L9g5iS71URdXVE2nDbXLk+n9Hlp6+gISfERfI/5GFJVq7GNx0wYaR39AhEx3kb7xzKiE+9AKIY8PvA7zhDp88mkvv2VK3e4E2LJckzniaK4Fk9GSkTZEFmolEDMFkwVx9qztkstE7dp8kU9Ppu9qgEG4fxHnUi+qXOhfnuh8A5z8hqcqOWRIu/XopK5xYStDhigqvvWm8sob8ustpVBPITcX0m/jFCSIvIxrQcBu2Rh2HtM24lkUMZfAcNYlehsTxAJRGsTMVn13cuRWQf9pbvjcqOcaiLlqRBtHA8zKdjeLkdqXRb1GZdJLP3DubhxcHXvAabjCBQNwHUY1DgMVj7yGyJs3bQOlFLF0NP/lGKcrd4SBW4Y2QcyqcPDMC3iKvLdSjvv4RrpB5DCUwnUPihKTFpm7sxsk1tMUi9BbVFOYpF+tWNE2lSESx2DkKS9OdxzTQt/d9ZNovhRX8LBcJei2kZSC8wA54TJdU/Gm8SY2dGB9kifeAV2DUHT6uo88yCREvkPr1WDUZ5oBxfilc15NNwAqKyl/o7GMzYeFPri7so9kNCmEJVhtInNkWO3xtzeZxM9sDkxfLKNGn2beN1vSzZF5/SV8c8MYNUx595GXRB91RyeGZgdqDtlP++GWCU8Ygk+PlNt4FHgy4yVnJ98uOReUA3IcesRZ11MEcLegbTGgDgxcjPitklo8ne/ng8Y9umieoh9LofV5CQsHs5CrRizTBfpialDfGw6NYqM5nXD1KrBtF2bbduIt1E6ivJwg+5CeGj4Yd7Rgj/ChjKykpO27PksTOyFRc9zmrPhS2g+SD8oMFBjmWUn4+nxq584z4urVR7WEEeNIAtkDf/SdlS/XDNcrTlvjLiA2uWlBV6Gp8pwO+qKgFCgCn/DrLjFgekr0OlzSsbvOvMLUw8aQqKfdqbKeERwWvYRfRqEIND7A08vydXGMTWeEe8f9iDD4O5UzRR6lPAfwC4fY16v/iDU+gXwSOf4mlU/bYezvZD3ocmTj2sEWmgpDDssgRR1Gy5XBJ1c8vQY1PSV+UulQlSEHKUupxmEw+8xjeD13Mpt+Rt7phWZmvXVqC4yvOjObABdYgteBXizaA0WLPLb/JBJCWgo8x86LZfS6tCm8H+o9knqfo9vOYPDNhWQfN7EM8dlMpOA/9UGnVVwX6BagIrqn12FbMXP84m3YRy1oKMrhXFDktHmYuGcWLFR17fx183aOkLBRsqp+z5b4gxztnRPZsrItBlIh8xN+Qmbejqd1PHLZJbRBiu76tnQmljl0OpcalXNg+hFODen/KnhOKu0O3SnTUjAPWqLJCFXtOG1kYlM8XXnEwgo7wQPY3/b99gBcGT+twZWVQXsIVPkPrlJegqgOKbwdjL1ocDuUM8wv6weLefU6r7HxJ0YFKltlkmLiUBtfh+DVEqIRMAy41lHBA406EkBvuCH09hexCxILVKNUUELrhY=&u=U2FsdGVkX1+w6X/l5t+TpjOLwQKRCjhkiWswnc4y2yw=&y=U2FsdGVkX1+6D1l8OM6wnuoj/w7IjIf0PJP5gMMaKYu2gktfa0hKGFrOz6PFJC07 HTTP/1.1" 200 2674
186.102.16.81 - - [23/Dec/2023:10:21:55 -0500] "GET /kwssiamovil/sm/acme/s?s=U2FsdGVkX19EU4DCLwNY7eZMxYpvNxOKgSU249nrb4+Yil4cWjjg7aUN8oMbKiQaWYR856K7uaT6lgZSLZcNczsQcJAIevW+us9ZtvhMHcGM3LNFJSlSoPWOvF96CgSSyjkcR4eJ7xkEcwhGMc3xTUXNuYPx2tozoU68Dxyne6bMOF1uiXXewZuG8QpHxWyGjrEHO56+987CKUuxuf1ng94z4NAmeKrjY0Ri2N3kHhxY+QnlfXhsvgGobG3c5nzTUMi4KtRMi9g7JHGQpwQrX9Syuphh2rZPPF+6GY8k/ksQRSjeV7SoV6XaFfb6e4cFzDRpkidxElL2H3B+qZSMUAkjRmsR/rQJ0Sjjazt7yofqaGJBW30Ov2HErsfy5Y7M2/5wK2OrOsBKGpEmR4FTapC+eP3uUblhkgiWglg3bMJv7lB0SclLV8QOAW7POeWnIwJkunPfELi1ha9bn3MzCAXHvf8gppsqp9cjVn8HRSnt1h84Jiloa+tfGUUTwfYdM4sFoJhUihAov/q7NnJxyjuVTJxFWHoOJ1RPRYzu414/S1uQ8XrQyT3YYxYPOkLBs2DD8POezBkFuNd1m7LHyu0LWXgrOcgqr0xdFyF7ZwMAtl/0y2pKnkUJQWCCC6/ED3tc/2ZQIJrfG5Tqj21DhAPT1UYyt7K50TlDoIbTOetE6WMz6NFVnkBFYUbnwU9prDgiIUc+70fUAAadp6wQDFOrH84WsqzCbsAY3QfYsTS4BagEGJawO8r9/sPS/oz5&u=U2FsdGVkX1+w6X/l5t+TpjOLwQKRCjhkiWswnc4y2yw=&y=U2FsdGVkX1+6D1l8OM6wnuoj/w7IjIf0PJP5gMMaKYu2gktfa0hKGFrOz6PFJC07 HTTP/1.1" 200 208
186.102.16.81 - - [23/Dec/2023:10:21:55 -0500] "GET /kwssiamovil/sm/cjson/pre?f=1&x=U2FsdGVkX184kI2xzEl/yH7bV7bv8BuRCBONR5o4lgGMAkVJko99B9VUc3QUJ2ar HTTP/1.1" 200 31032
156.59.198.135 - - [23/Dec/2023:10:21:58 -0500] "GET /BLA/resoluciones/Notificaciones/AUTOS%202021/3820.pdf HTTP/1.0" 200 373528
156.59.198.136 - - [23/Dec/2023:10:22:22 -0500] "GET /BLA/resoluciones/AUTOS%202014/4702.pdf HTTP/1.0" 200 564259
161.0.2.18 - - [23/Dec/2023:10:22:36 -0500] "GET /distrito-exalto-a-246-empresas-de-bogota-por-su-alto-desempeno-y-responsabilidad-ambiental-durante-2023.html HTTP/1.1" 200 1039
66.249.66.19 - - [23/Dec/2023:10:21:06 -0500] "GET /BLA/boletinlegal/index.php? HTTP/1.1" 200 62055
156.59.198.136 - - [23/Dec/2023:10:22:46 -0500] "GET /BLA/resoluciones/AUTOS%202014/4721.pdf HTTP/1.0" 200 565000
66.249.66.19 - - [23/Dec/2023:10:22:46 -0500] "GET /BLA/resoluciones/Notificaciones/REGISTROS%202023/0456.pdf HTTP/1.1" 304 -
66.249.66.19 - - [23/Dec/2023:10:22:47 -0500] "GET /Publicaciones/2023EE254938.pdf HTTP/1.1" 404 228
156.59.198.135 - - [23/Dec/2023:10:23:10 -0500] "GET /BLA/resoluciones/Notificaciones/AUTOS%202013/3480.doc HTTP/1.0" 200 228352
156.59.198.136 - - [23/Dec/2023:10:23:34 -0500] "GET /BLA/resoluciones/AUTOS%202014/2950.pdf HTTP/1.0" 200 1272009
173.252.95.15 - - [23/Dec/2023:10:23:50 -0500] "GET /bogota-y-cundinamarca-consolidan-pagos-por-servicios-ambientales-con-nueva-firma-para-la-proteccion-del-agua.html HTTP/1.1" 200 821
173.252.95.120 - - [23/Dec/2023:10:23:50 -0500] "GET /bogota-y-cundinamarca-consolidan-pagos-por-servicios-ambientales-con-nueva-firma-para-la-proteccion-del-agua.html HTTP/1.1" 200 821
173.252.95.20 - - [23/Dec/2023:10:23:50 -0500] "GET /bogota-y-cundinamarca-consolidan-pagos-por-servicios-ambientales-con-nueva-firma-para-la-proteccion-del-agua.html HTTP/1.1" 200 821
156.59.198.135 - - [23/Dec/2023:10:23:58 -0500] "GET /BLA/resoluciones/Notificaciones/AUTOS%202021/4478.pdf HTTP/1.0" 200 328643
172.22.2.4 - - [23/Dec/2023:10:22:33 -0500] "HEAD /BLA/boletinlegal/ HTTP/1.1" 200 -
156.59.198.135 - - [23/Dec/2023:10:24:23 -0500] "GET /BLA/resoluciones/Notificaciones/AUTOS%202019/02291.pdf HTTP/1.0" 200 330466
156.59.198.136 - - [23/Dec/2023:10:24:46 -0500] "GET /BLA/resoluciones/AUTOS%202017/0073.pdf HTTP/1.0" 200 340071
172.22.2.4 - - [23/Dec/2023:10:23:24 -0500] "GET /BLA/boletinlegal/ HTTP/1.1" 200 58567
156.59.198.135 - - [23/Dec/2023:10:25:10 -0500] "GET /BLA/resoluciones/Notificaciones/AUTOS%202021/0922.pdf HTTP/1.0" 200 352005
216.245.221.92 - - [23/Dec/2023:10:25:25 -0500] "HEAD / HTTP/1.1" 200 -
156.59.198.135 - - [23/Dec/2023:10:25:35 -0500] "GET /BLA/resoluciones/Notificaciones/RESOLUCIONES%202021/1874.pdf HTTP/1.0" 200 361322
186.155.18.173 - - [23/Dec/2023:10:25:46 -0500] "GET /sipse/faces/javax.faces.resource/images/ui-bg_flat_0_2d5972_40x100.png?ln=primefaces-aristo HTTP/1.1" 304 -
186.155.18.173 - - [23/Dec/2023:10:25:46 -0500] "POST /sipse/faces/presentacion/financiero/solicitudProceso/consultarSolicitudProceso.xhtml HTTP/1.1" 200 43869
186.155.18.173 - - [23/Dec/2023:10:25:47 -0500] "GET /sipse/css/custom_css_sg.css HTTP/1.1" 304 -
186.155.18.173 - - [23/Dec/2023:10:25:47 -0500] "GET /sipse/css/custom_css_sg_prime.css HTTP/1.1" 304 -
186.155.18.173 - - [23/Dec/2023:10:25:47 -0500] "GET /sipse/faces/javax.faces.resource/theme.css?ln=primefaces-sipse HTTP/1.1" 304 -
186.155.18.173 - - [23/Dec/2023:10:25:47 -0500] "GET /sipse/js/disable_browser_buttons.js HTTP/1.1" 304 -
186.155.18.173 - - [23/Dec/2023:10:25:47 -0500] "GET /sipse/faces/javax.faces.resource/layout/layout.css?ln=primefaces&v=4.0 HTTP/1.1" 304 -
186.155.18.173 - - [23/Dec/2023:10:25:47 -0500] "GET /sipse/faces/javax.faces.resource/primefaces.css?ln=primefaces&v=4.0 HTTP/1.1" 304 -
186.155.18.173 - - [23/Dec/2023:10:25:47 -0500] "GET /sipse/js/jquery.min.js HTTP/1.1" 304 -
186.155.18.173 - - [23/Dec/2023:10:25:47 -0500] "GET /sipse/js/funciones.js HTTP/1.1" 304 -
186.155.18.173 - - [23/Dec/2023:10:25:47 -0500] "GET /sipse/faces/javax.faces.resource/jquery/jquery.js?ln=primefaces&v=4.0 HTTP/1.1" 304 -
186.155.18.173 - - [23/Dec/2023:10:25:47 -0500] "GET /sipse/faces/javax.faces.resource/jquery/jquery-plugins.js?ln=primefaces&v=4.0 HTTP/1.1" 304 -
186.155.18.173 - - [23/Dec/2023:10:25:47 -0500] "GET /sipse/faces/javax.faces.resource/primefaces.js?ln=primefaces&v=4.0 HTTP/1.1" 304 -
186.155.18.173 - - [23/Dec/2023:10:25:47 -0500] "GET /sipse/faces/javax.faces.resource/layout/layout.js?ln=primefaces&v=4.0 HTTP/1.1" 304 -
186.155.18.173 - - [23/Dec/2023:10:25:47 -0500] "GET /sipse/css/imagen/logoSDG.png HTTP/1.1" 304 -
186.155.18.173 - - [23/Dec/2023:10:25:47 -0500] "GET /sipse/faces/javax.faces.resource/images/ui-icons_898989_256x240.png?ln=primefaces-aristo HTTP/1.1" 304 -
186.155.18.173 - - [23/Dec/2023:10:25:47 -0500] "GET /sipse/css/imagen/contrasena.png HTTP/1.1" 404 383
186.155.18.173 - - [23/Dec/2023:10:25:49 -0500] "POST /sipse/faces/presentacion/financiero/solicitudProceso/consultar.xhtml HTTP/1.1" 200 12794
186.155.18.173 - - [23/Dec/2023:10:25:51 -0500] "POST /sipse/faces/presentacion/financiero/solicitudProceso/consultar.xhtml HTTP/1.1" 200 12802
186.155.18.173 - - [23/Dec/2023:10:25:52 -0500] "POST /sipse/faces/presentacion/financiero/solicitudProceso/consultar.xhtml HTTP/1.1" 200 12806
156.59.198.136 - - [23/Dec/2023:10:25:59 -0500] "GET /BLA/resoluciones/AUTOS%202014/3893.pdf HTTP/1.0" 200 568298
201.245.192.253 - - [23/Dec/2023:10:26:08 -0500] "POST /kwsrmcab/Wsrmcab  HTTP/1.1" 200 40220
201.245.192.253 - - [23/Dec/2023:10:26:20 -0500] "POST /kwsrmcab/Wsrmcab HTTP/1.1" 200 37405
156.59.198.135 - - [23/Dec/2023:10:26:24 -0500] "GET /BLA/resoluciones/Notificaciones/AUTOS%202021/3832.pdf HTTP/1.0" 200 402362
201.245.192.253 - - [23/Dec/2023:10:26:23 -0500] "POST /kwsrmcab/Wsrmcab HTTP/1.1" 200 37056
156.59.198.136 - - [23/Dec/2023:10:26:48 -0500] "GET /BLA/resoluciones/AUTOS%202014/2846.pdf HTTP/1.0" 200 1645500
66.249.66.20 - - [23/Dec/2023:10:27:05 -0500] "GET /BLA/resoluciones/RESOLUCIONES%202009/3659.pdf HTTP/1.1" 200 147444
156.59.198.136 - - [23/Dec/2023:10:27:12 -0500] "GET /BLA/resoluciones/AUTOS%202014/1977.pdf HTTP/1.0" 200 559605
156.59.198.135 - - [23/Dec/2023:10:27:36 -0500] "GET /BLA/resoluciones/AUTOS%202014/3847.pdf HTTP/1.0" 200 569231
156.59.198.136 - - [23/Dec/2023:10:28:01 -0500] "GET /BLA/resoluciones/Notificaciones/AUTOS%202019/3126.pdf HTTP/1.0" 200 302513
156.59.198.136 - - [23/Dec/2023:10:28:27 -0500] "GET /BLA/resoluciones/AUTOS%202018/1140.pdf HTTP/1.0" 200 338761
156.59.198.136 - - [23/Dec/2023:10:28:50 -0500] "GET /BLA/resoluciones/AUTOS%202014/5519.pdf HTTP/1.0" 200 562408
217.182.175.162 - - [23/Dec/2023:10:29:10 -0500] "HEAD /mis-de-50-aves-silvestres-fueron-recuperadas-en-la-localidad-de-tunjuelito.html HTTP/1.1" 200 -
51.15.164.30 - - [23/Dec/2023:10:29:15 -0500] "HEAD /mis-de-50-aves-silvestres-fueron-recuperadas-en-la-localidad-de-tunjuelito.html HTTP/1.1" 200 -
156.59.198.136 - - [23/Dec/2023:10:29:16 -0500] "GET /BLA/resoluciones/Notificaciones/AUTOS%202018/1903.pdf HTTP/1.0" 200 271941
47.128.28.151 - - [23/Dec/2023:10:29:41 -0500] "GET /BLA/resoluciones/dlf/dirup.png HTTP/1.1" 200 644
47.128.28.151 - - [23/Dec/2023:10:29:41 -0500] "GET /BLA/resoluciones/dlf/pdf.gif HTTP/1.1" 200 272
47.128.28.151 - - [23/Dec/2023:10:29:40 -0500] "GET /BLA/resoluciones/index.php?dir=Notificaciones%2FRESOLUCIONES+2019%2F HTTP/1.1" 200 40760
172.22.2.4 - - [23/Dec/2023:10:28:23 -0500] "HEAD /BLA/boletinlegal/ HTTP/1.1" 200 -
156.59.198.135 - - [23/Dec/2023:10:30:04 -0500] "GET /BLA/resoluciones/AUTOS%202014/3857.pdf HTTP/1.0" 200 611560
66.220.149.8 - - [23/Dec/2023:10:30:05 -0500] "GET /distrito-exalta-48-arboles-patrimoniales-y-15-de-interes-publico-en-bogota.html HTTP/1.1" 200 816
201.245.192.253 - - [23/Dec/2023:10:30:19 -0500] "POST /kwsrmcab/Wsrmcab HTTP/1.1" 200 37405
173.252.79.7 - - [23/Dec/2023:10:30:23 -0500] "GET /alcaldia-de-bogota-y-fundacion-exito-entregaron-en-ciudad-bolivar-la-primera-terraza-verde-de-la-capital.html HTTP/1.1" 200 852
216.245.221.92 - - [23/Dec/2023:10:30:25 -0500] "HEAD / HTTP/1.1" 200 -
207.46.13.154 - - [23/Dec/2023:10:30:26 -0500] "GET /BLA/resoluciones/RESOLUCIONES%202023/1525.pdf HTTP/1.1" 200 395373
201.245.192.253 - - [23/Dec/2023:10:30:24 -0500] "POST /kwsrmcab/Wsrmcab HTTP/1.1" 200 37056
156.59.198.135 - - [23/Dec/2023:10:30:28 -0500] "GET /BLA/resoluciones/AUTOS%202014/3825.pdf HTTP/1.0" 200 1269729
156.59.198.136 - - [23/Dec/2023:10:30:53 -0500] "GET /BLA/resoluciones/Notificaciones/AUTOS%202018/4836.pdf HTTP/1.0" 200 217282
172.22.2.4 - - [23/Dec/2023:10:29:14 -0500] "GET /BLA/boletinlegal/ HTTP/1.1" 200 58567
201.245.192.253 - - [23/Dec/2023:10:31:07 -0500] "POST /kwsrmcab/Wsrmcab  HTTP/1.1" 200 40220
156.59.198.135 - - [23/Dec/2023:10:31:16 -0500] "GET /BLA/resoluciones/Notificaciones/AUTOS%202021/3031.pdf HTTP/1.0" 200 362774
156.59.198.135 - - [23/Dec/2023:10:31:42 -0500] "GET /BLA/resoluciones/Notificaciones/AUTOS%202021/3508.pdf HTTP/1.0" 200 304832
156.59.198.136 - - [23/Dec/2023:10:32:05 -0500] "GET /BLA/resoluciones/Notificaciones/AUTOS%202018/04513.pdf HTTP/1.0" 200 270191
156.59.198.135 - - [23/Dec/2023:10:32:29 -0500] "GET /BLA/resoluciones/Notificaciones/AUTOS%202013/2449.doc HTTP/1.0" 200 228864
156.59.198.136 - - [23/Dec/2023:10:32:54 -0500] "GET /BLA/resoluciones/Notificaciones/RESOLUCIONES%202021/3289.pdf HTTP/1.0" 200 756874
156.59.198.136 - - [23/Dec/2023:10:33:17 -0500] "GET /BLA/resoluciones/AUTOS%202014/2444.pdf HTTP/1.0" 200 716369
156.59.198.135 - - [23/Dec/2023:10:33:42 -0500] "GET /BLA/resoluciones/Notificaciones/AUTOS%202021/2904.pdf HTTP/1.0" 200 1005029
156.59.198.135 - - [23/Dec/2023:10:34:06 -0500] "GET /BLA/resoluciones/RESOLUCIONES%202010/1034.pdf HTTP/1.0" 200 580323
156.59.198.135 - - [23/Dec/2023:10:34:30 -0500] "GET /BLA/resoluciones/AUTOS%202014/2485.pdf HTTP/1.0" 200 769013
156.59.198.136 - - [23/Dec/2023:10:34:55 -0500] "GET /BLA/resoluciones/Notificaciones/AUTOS%202021/2979.pdf HTTP/1.0" 200 357352
156.59.198.135 - - [23/Dec/2023:10:35:20 -0500] "GET /BLA/resoluciones/Notificaciones/AUTOS%202018/04787.pdf HTTP/1.0" 200 220975
216.245.221.92 - - [23/Dec/2023:10:35:25 -0500] "HEAD / HTTP/1.1" 200 -
69.171.249.119 - - [23/Dec/2023:10:35:30 -0500] "GET /distrito-exalto-a-246-empresas-de-bogota-por-su-alto-desempeno-y-responsabilidad-ambiental-durante-2023.html HTTP/1.1" 200 1039
156.59.198.136 - - [23/Dec/2023:10:35:43 -0500] "GET /BLA/resoluciones/RESOLUCIONES%202007/RES%202007%20401%20AL%20500/RESOLUCION%200405%20DE%202007.pdf HTTP/1.0" 200 966305
172.22.2.4 - - [23/Dec/2023:10:34:13 -0500] "HEAD /BLA/boletinlegal/ HTTP/1.1" 200 -
66.249.66.21 - - [23/Dec/2023:10:36:05 -0500] "GET /BLA/resoluciones/RESOLUCIONES%202018/2538.pdf HTTP/1.1" 200 7116353
201.245.192.253 - - [23/Dec/2023:10:36:05 -0500] "POST /kwsrmcab/Wsrmcab  HTTP/1.1" 200 40220
156.59.198.136 - - [23/Dec/2023:10:36:09 -0500] "GET /BLA/resoluciones/Notificaciones/AUTOS%202019/4455.pdf HTTP/1.0" 200 267653
201.245.192.253 - - [23/Dec/2023:10:36:21 -0500] "POST /kwsrmcab/Wsrmcab HTTP/1.1" 200 37405
201.245.192.253 - - [23/Dec/2023:10:36:24 -0500] "POST /kwsrmcab/Wsrmcab HTTP/1.1" 200 37056
156.59.198.135 - - [23/Dec/2023:10:36:33 -0500] "GET /BLA/resoluciones/AUTOS%202014/4861.pdf HTTP/1.0" 200 593503
172.22.2.4 - - [23/Dec/2023:10:35:04 -0500] "GET /BLA/boletinlegal/ HTTP/1.1" 200 56085
156.59.198.136 - - [23/Dec/2023:10:36:57 -0500] "GET /BLA/resoluciones/AUTOS%202014/2236.pdf HTTP/1.0" 200 2709075
156.59.198.136 - - [23/Dec/2023:10:37:22 -0500] "GET /BLA/resoluciones/Notificaciones/RESOLUCIONES%202021/2860.pdf HTTP/1.0" 200 1373285
156.59.198.136 - - [23/Dec/2023:10:37:45 -0500] "GET /BLA/resoluciones/Notificaciones/RESOLUCIONES%202021/3650.pdf HTTP/1.0" 200 395716
172.22.2.4 - - [23/Dec/2023:10:36:22 -0500] "GET /BLA/boletinlegal/ HTTP/1.1" 200 57309
156.59.198.135 - - [23/Dec/2023:10:38:10 -0500] "GET /BLA/resoluciones/Notificaciones/RESOLUCIONES%202021/2831.pdf HTTP/1.0" 200 387502
156.59.198.135 - - [23/Dec/2023:10:38:34 -0500] "GET /BLA/resoluciones/AUTOS%202017/1800.pdf HTTP/1.0" 200 283105
156.59.198.136 - - [23/Dec/2023:10:38:58 -0500] "GET /BLA/resoluciones/Notificaciones/RESOLUCIONES%202021/3992.pdf HTTP/1.0" 200 501422
156.59.198.136 - - [23/Dec/2023:10:39:22 -0500] "GET /BLA/resoluciones/AUTOS%202018/1316.pdf HTTP/1.0" 200 282476
156.59.198.136 - - [23/Dec/2023:10:39:46 -0500] "GET /BLA/resoluciones/AUTOS%202018/2553.pdf HTTP/1.0" 200 284968
156.59.198.135 - - [23/Dec/2023:10:40:10 -0500] "GET /BLA/resoluciones/Notificaciones/RESOLUCIONES%202021/3605.pdf HTTP/1.0" 200 346127
201.245.192.253 - - [23/Dec/2023:10:40:19 -0500] "POST /kwsrmcab/Wsrmcab HTTP/1.1" 200 37405
216.245.221.92 - - [23/Dec/2023:10:40:25 -0500] "HEAD / HTTP/1.1" 200 -
201.245.192.253 - - [23/Dec/2023:10:40:24 -0500] "POST /kwsrmcab/Wsrmcab HTTP/1.1" 200 37056
156.59.198.135 - - [23/Dec/2023:10:40:35 -0500] "GET /BLA/resoluciones/Notificaciones/AUTOS%202013/3638.doc HTTP/1.0" 200 231936
66.249.66.20 - - [23/Dec/2023:10:40:49 -0500] "GET /sipse/faces/faces/autenticacion.xhtml HTTP/1.1" 200 12729
66.249.66.21 - - [23/Dec/2023:10:40:51 -0500] "GET /sipse/faces/javax.faces.resource/primefaces.js;jsessionid=MVn1r2aK1+rQkaAGgOEuMaq3.undefined?ln=primefaces&v=4.0 HTTP/1.1" 200 276924
156.59.198.136 - - [23/Dec/2023:10:40:58 -0500] "GET /BLA/resoluciones/AUTOS%202017/0641.pdf HTTP/1.0" 200 7464471
201.245.192.253 - - [23/Dec/2023:10:41:03 -0500] "POST /kwsrmcab/Wsrmcab  HTTP/1.1" 200 40220
156.59.198.135 - - [23/Dec/2023:10:41:23 -0500] "GET /BLA/resoluciones/RESOLUCIONES%202007/RES%202007%201501%20AL%201600/RESOLUCION%201511%20DE%202007.pdf HTTP/1.0" 200 998582
172.22.2.4 - - [23/Dec/2023:10:40:03 -0500] "HEAD /BLA/boletinlegal/ HTTP/1.1" 200 -
156.59.198.136 - - [23/Dec/2023:10:41:48 -0500] "GET /BLA/resoluciones/Notificaciones/RESOLUCIONES%202021/3988.pdf HTTP/1.0" 200 469014
156.59.198.136 - - [23/Dec/2023:10:42:12 -0500] "GET /BLA/resoluciones/Notificaciones/AUTOS%202013/2877.doc HTTP/1.0" 200 228864
172.22.2.4 - - [23/Dec/2023:10:40:54 -0500] "GET /BLA/boletinlegal/ HTTP/1.1" 200 60910
156.59.198.135 - - [23/Dec/2023:10:42:37 -0500] "GET /BLA/resoluciones/Notificaciones/RESOLUCIONES%202021/1438.pdf HTTP/1.0" 200 357732
172.22.2.4 - - [23/Dec/2023:10:42:55 -0500] "GET /BLA/boletinlegal/static/js/main.a9fc7554.chunk.js HTTP/1.1" 404 1018
156.59.198.136 - - [23/Dec/2023:10:43:00 -0500] "GET /BLA/resoluciones/AUTOS%202018/0722.pdf HTTP/1.0" 200 320654
156.59.198.135 - - [23/Dec/2023:10:43:25 -0500] "GET /BLA/resoluciones/Notificaciones/RESOLUCIONES%202021/01264.pdf HTTP/1.0" 200 428571
156.59.198.135 - - [23/Dec/2023:10:43:48 -0500] "GET /BLA/resoluciones/Notificaciones/RESOLUCIONES%202021/3183.pdf HTTP/1.0" 200 386692
156.59.198.135 - - [23/Dec/2023:10:44:14 -0500] "GET /BLA/resoluciones/AUTOS%202018/1195.pdf HTTP/1.0" 200 470039
156.59.198.135 - - [23/Dec/2023:10:44:37 -0500] "GET /BLA/resoluciones/RESOLUCIONES%202007/RES%202007%20401%20AL%20500/RESOLUCION%200470%20DE%202007.pdf HTTP/1.0" 200 1028382
156.59.198.135 - - [23/Dec/2023:10:45:02 -0500] "GET /BLA/resoluciones/Notificaciones/RESOLUCIONES%202021/5635.pdf HTTP/1.0" 200 676238
31.13.115.2 - - [23/Dec/2023:10:45:03 -0500] "GET /images/terrazas%20verdes.jpg HTTP/1.1" 200 63951
66.249.66.19 - - [23/Dec/2023:10:45:05 -0500] "GET /Publicaciones/2020EE206992.pdf HTTP/1.1" 404 228
216.245.221.92 - - [23/Dec/2023:10:45:25 -0500] "HEAD / HTTP/1.1" 200 -
156.59.198.136 - - [23/Dec/2023:10:45:26 -0500] "GET /BLA/resoluciones/Notificaciones/RESOLUCIONES%202021/5085.pdf HTTP/1.0" 200 476592
156.59.198.136 - - [23/Dec/2023:10:45:50 -0500] "GET /BLA/resoluciones/Notificaciones/RESOLUCIONES%202021/1527.pdf HTTP/1.0" 200 352280
201.245.192.253 - - [23/Dec/2023:10:46:02 -0500] "POST /kwsrmcab/Wsrmcab  HTTP/1.1" 200 40220
156.59.198.135 - - [23/Dec/2023:10:46:14 -0500] "GET /BLA/resoluciones/Notificaciones/RESOLUCIONES%202021/1426.pdf HTTP/1.0" 200 990583
156.59.198.136 - - [23/Dec/2023:10:46:38 -0500] "GET /BLA/resoluciones/Notificaciones/RESOLUCIONES%202021/02437.pdf HTTP/1.0" 200 569868
156.59.198.135 - - [23/Dec/2023:10:47:02 -0500] "GET /BLA/resoluciones/Notificaciones/RESOLUCIONES%202021/4428.pdf HTTP/1.0" 200 343042
5.255.231.33 - - [23/Dec/2023:10:47:07 -0500] "GET /robots.txt HTTP/1.1" 404 1018
95.108.213.162 - - [23/Dec/2023:10:47:08 -0500] "GET / HTTP/1.1" 200 319
156.59.198.136 - - [23/Dec/2023:10:47:26 -0500] "GET /BLA/resoluciones/Notificaciones/AUTOS%202021/3351.pdf HTTP/1.0" 200 367011
172.22.2.4 - - [23/Dec/2023:10:45:53 -0500] "HEAD /BLA/boletinlegal/ HTTP/1.1" 200 -
156.59.198.136 - - [23/Dec/2023:10:47:51 -0500] "GET /BLA/resoluciones/AUTOS%202014/5342.pdf HTTP/1.0" 200 639876
156.59.198.135 - - [23/Dec/2023:10:48:14 -0500] "GET /BLA/resoluciones/Notificaciones/AUTOS%202013/3647.doc HTTP/1.0" 200 355840
172.22.2.4 - - [23/Dec/2023:10:46:44 -0500] "GET /BLA/boletinlegal/ HTTP/1.1" 200 51383
156.59.198.136 - - [23/Dec/2023:10:48:39 -0500] "GET /BLA/resoluciones/AUTOS%202014/5286.pdf HTTP/1.0" 200 567417
156.59.198.136 - - [23/Dec/2023:10:49:04 -0500] "GET /BLA/resoluciones/AUTOS%202014/1479.pdf HTTP/1.0" 200 712626
156.59.198.135 - - [23/Dec/2023:10:49:28 -0500] "GET /BLA/resoluciones/Notificaciones/AUTOS%202018/6289.pdf HTTP/1.0" 200 254977
156.59.198.135 - - [23/Dec/2023:10:49:52 -0500] "GET /BLA/resoluciones/Notificaciones/AUTOS%202013/3734.doc HTTP/1.0" 200 256000
156.59.198.136 - - [23/Dec/2023:10:50:17 -0500] "GET /BLA/resoluciones/Notificaciones/AUTOS%202018/01315.pdf HTTP/1.0" 200 276886
216.245.221.92 - - [23/Dec/2023:10:50:25 -0500] "HEAD / HTTP/1.1" 200 -
156.59.198.136 - - [23/Dec/2023:10:50:41 -0500] "GET /BLA/resoluciones/Notificaciones/AUTOS%202021/0896.pdf HTTP/1.0" 200 364546
201.245.192.253 - - [23/Dec/2023:10:51:01 -0500] "POST /kwsrmcab/Wsrmcab  HTTP/1.1" 200 40220
156.59.198.136 - - [23/Dec/2023:10:51:06 -0500] "GET /BLA/resoluciones/AUTOS%202014/2868.pdf HTTP/1.0" 200 702572
156.59.198.135 - - [23/Dec/2023:10:51:30 -0500] "GET /BLA/resoluciones/RESOLUCIONES%202007/RES%202007%201501%20AL%201600/RESOLUCION%201537%20DE%202007.pdf HTTP/1.0" 200 817095
156.59.198.136 - - [23/Dec/2023:10:51:54 -0500] "GET /BLA/resoluciones/Notificaciones/AUTOS%202021/1574.pdf HTTP/1.0" 200 346240
200.69.84.134 - - [23/Dec/2023:10:52:02 -0500] "-" 408 -
156.59.198.136 - - [23/Dec/2023:10:52:19 -0500] "GET /BLA/resoluciones/Notificaciones/AUTOS%202021/1493.pdf HTTP/1.0" 200 355383
156.59.198.135 - - [23/Dec/2023:10:52:43 -0500] "GET /BLA/resoluciones/Notificaciones/AUTOS%202018/01321.pdf HTTP/1.0" 200 280268
156.59.198.136 - - [23/Dec/2023:10:53:07 -0500] "GET /BLA/resoluciones/AUTOS%202014/2249.pdf HTTP/1.0" 200 1660641
172.22.2.4 - - [23/Dec/2023:10:51:43 -0500] "HEAD /BLA/boletinlegal/ HTTP/1.1" 200 -
156.59.198.136 - - [23/Dec/2023:10:53:31 -0500] "GET /BLA/resoluciones/AUTOS%202014/3355.pdf HTTP/1.0" 200 553581
156.59.198.135 - - [23/Dec/2023:10:53:55 -0500] "GET /BLA/resoluciones/AUTOS%202014/5412.pdf HTTP/1.0" 200 564454
66.249.66.20 - - [23/Dec/2023:10:54:05 -0500] "GET /BLA/resoluciones/RESOLUCIONES%202018/2538.pdf HTTP/1.1" 200 7116353
172.22.2.4 - - [23/Dec/2023:10:52:34 -0500] "GET /BLA/boletinlegal/ HTTP/1.1" 200 58567
156.59.198.136 - - [23/Dec/2023:10:54:20 -0500] "GET /BLA/resoluciones/AUTOS%202018/0393.pdf HTTP/1.0" 200 343700
186.155.18.173 - - [23/Dec/2023:10:54:41 -0500] "POST /sipse/faces/presentacion/financiero/solicitudProceso/consultar.xhtml HTTP/1.1" 200 12806
186.155.18.173 - - [23/Dec/2023:10:54:43 -0500] "POST /sipse/faces/presentacion/financiero/solicitudProceso/consultar.xhtml HTTP/1.1" 200 12802
156.59.198.135 - - [23/Dec/2023:10:54:44 -0500] "GET /BLA/resoluciones/Notificaciones/AUTOS%202021/3062.pdf HTTP/1.0" 200 399511
186.155.18.173 - - [23/Dec/2023:10:54:46 -0500] "POST /sipse/faces/presentacion/financiero/solicitudProceso/consultar.xhtml HTTP/1.1" 200 65383
186.155.18.173 - - [23/Dec/2023:10:54:47 -0500] "GET /sipse/faces/javax.faces.resource/theme.css?ln=primefaces-sipse HTTP/1.1" 304 -
186.155.18.173 - - [23/Dec/2023:10:54:47 -0500] "GET /sipse/faces/javax.faces.resource/layout/layout.css?ln=primefaces&v=4.0 HTTP/1.1" 304 -
186.155.18.173 - - [23/Dec/2023:10:54:47 -0500] "GET /sipse/faces/javax.faces.resource/primefaces.css?ln=primefaces&v=4.0 HTTP/1.1" 304 -
186.155.18.173 - - [23/Dec/2023:10:54:47 -0500] "GET /sipse/faces/javax.faces.resource/jquery/jquery.js?ln=primefaces&v=4.0 HTTP/1.1" 304 -
186.155.18.173 - - [23/Dec/2023:10:54:47 -0500] "GET /sipse/faces/javax.faces.resource/jquery/jquery-plugins.js?ln=primefaces&v=4.0 HTTP/1.1" 304 -
186.155.18.173 - - [23/Dec/2023:10:54:47 -0500] "GET /sipse/faces/javax.faces.resource/primefaces.js?ln=primefaces&v=4.0 HTTP/1.1" 304 -
186.155.18.173 - - [23/Dec/2023:10:54:47 -0500] "GET /sipse/faces/javax.faces.resource/layout/layout.js?ln=primefaces&v=4.0 HTTP/1.1" 304 -
186.155.18.173 - - [23/Dec/2023:10:54:47 -0500] "GET /sipse/css/imagen/contrasena.png HTTP/1.1" 404 383
186.155.18.173 - - [23/Dec/2023:10:54:47 -0500] "POST /sipse/faces/presentacion/financiero/solicitudProceso/listarSolicitudProceso.xhtml HTTP/1.1" 200 58648
186.155.18.173 - - [23/Dec/2023:10:54:48 -0500] "POST /sipse/faces/presentacion/financiero/solicitudProceso/listarSolicitudProceso.xhtml HTTP/1.1" 200 1564
186.155.18.173 - - [23/Dec/2023:10:54:48 -0500] "POST /sipse/faces/presentacion/financiero/solicitudProceso/listarSolicitudProceso.xhtml HTTP/1.1" 200 1552
186.155.18.173 - - [23/Dec/2023:10:54:49 -0500] "POST /sipse/faces/presentacion/financiero/solicitudProceso/listarSolicitudProceso.xhtml HTTP/1.1" 200 43869
186.155.18.173 - - [23/Dec/2023:10:54:49 -0500] "GET /sipse/faces/javax.faces.resource/primefaces.css?ln=primefaces&v=4.0 HTTP/1.1" 304 -
186.155.18.173 - - [23/Dec/2023:10:54:49 -0500] "GET /sipse/faces/javax.faces.resource/layout/layout.css?ln=primefaces&v=4.0 HTTP/1.1" 304 -
186.155.18.173 - - [23/Dec/2023:10:54:49 -0500] "GET /sipse/faces/javax.faces.resource/theme.css?ln=primefaces-sipse HTTP/1.1" 304 -
186.155.18.173 - - [23/Dec/2023:10:54:49 -0500] "GET /sipse/faces/javax.faces.resource/jquery/jquery.js?ln=primefaces&v=4.0 HTTP/1.1" 304 -
186.155.18.173 - - [23/Dec/2023:10:54:49 -0500] "GET /sipse/faces/javax.faces.resource/jquery/jquery-plugins.js?ln=primefaces&v=4.0 HTTP/1.1" 304 -
186.155.18.173 - - [23/Dec/2023:10:54:49 -0500] "GET /sipse/faces/javax.faces.resource/primefaces.js?ln=primefaces&v=4.0 HTTP/1.1" 304 -
186.155.18.173 - - [23/Dec/2023:10:54:49 -0500] "GET /sipse/faces/javax.faces.resource/layout/layout.js?ln=primefaces&v=4.0 HTTP/1.1" 304 -
186.155.18.173 - - [23/Dec/2023:10:54:50 -0500] "POST /sipse/faces/presentacion/financiero/solicitudProceso/consultar.xhtml HTTP/1.1" 200 37160
