200.69.84.134 - - [23/Dec/2023:09:10:40 -0500] "GET /sipse/faces/javax.faces.resource/primefaces.js?ln=primefaces&v=4.0 HTTP/1.1" 304 -
200.69.84.134 - - [23/Dec/2023:09:10:40 -0500] "GET /sipse/faces/javax.faces.resource/layout/layout.js?ln=primefaces&v=4.0 HTTP/1.1" 304 -
186.86.33.245 - - [23/Dec/2023:09:10:45 -0500] "GET /sipse/faces/javax.faces.resource/images/ui-bg_flat_0_2d5972_40x100.png?ln=primefaces-aristo HTTP/1.1" 304 -
186.86.33.245 - - [23/Dec/2023:09:10:45 -0500] "POST /sipse/faces/presentacion/financiero/solicitudProceso/consultarSolicitudProceso.xhtml HTTP/1.1" 200 63025
186.86.33.245 - - [23/Dec/2023:09:10:48 -0500] "GET /sipse/faces/javax.faces.resource/jquery/jquery.js?ln=primefaces&v=4.0 HTTP/1.1" 304 -
186.86.33.245 - - [23/Dec/2023:09:10:48 -0500] "GET /sipse/faces/javax.faces.resource/jquery/jquery-plugins.js?ln=primefaces&v=4.0 HTTP/1.1" 304 -
186.86.33.245 - - [23/Dec/2023:09:10:48 -0500] "GET /sipse/faces/javax.faces.resource/primefaces.js?ln=primefaces&v=4.0 HTTP/1.1" 304 -
186.86.33.245 - - [23/Dec/2023:09:10:49 -0500] "GET /sipse/faces/javax.faces.resource/layout/layout.js?ln=primefaces&v=4.0 HTTP/1.1" 304 -
186.86.33.245 - - [23/Dec/2023:09:10:49 -0500] "GET /sipse/faces/javax.faces.resource/messages/messages.png?ln=primefaces&v=4.0 HTTP/1.1" 304 -
186.86.33.245 - - [23/Dec/2023:09:10:49 -0500] "POST /sipse/faces/presentacion/financiero/solicitudProceso/listarSolicitudProceso.xhtml HTTP/1.1" 200 1564
186.86.33.245 - - [23/Dec/2023:09:10:49 -0500] "POST /sipse/faces/presentacion/financiero/solicitudProceso/listarSolicitudProceso.xhtml HTTP/1.1" 200 1552
216.244.66.195 - - [23/Dec/2023:09:10:59 -0500] "GET /BLA/resoluciones/RESOLUCIONES%202001/1337.pdf HTTP/1.1" 200 274019
156.59.198.135 - - [23/Dec/2023:09:11:01 -0500] "GET /BLA/resoluciones/AUTOS%202020/4779.pdf HTTP/1.0" 200 366365
156.59.198.136 - - [23/Dec/2023:09:11:26 -0500] "GET /BLA/resoluciones/AUTOS%202020/4621.pdf HTTP/1.0" 200 404310
201.245.192.253 - - [23/Dec/2023:09:11:29 -0500] "POST /kwsrmcab/Wsrmcab  HTTP/1.1" 200 40220
216.244.66.195 - - [23/Dec/2023:09:11:37 -0500] "GET /BLA/resoluciones/RESOLUCIONES%202017/2896.pdf HTTP/1.1" 200 317230
156.59.198.136 - - [23/Dec/2023:09:11:50 -0500] "GET /BLA/resoluciones/RESOLUCIONES%202020/2066.pdf HTTP/1.0" 200 582207
200.69.84.134 - - [23/Dec/2023:09:11:56 -0500] "POST /sipse/faces/presentacion/financiero/solicitudProceso/consultar.xhtml HTTP/1.1" 200 12946
207.46.13.151 - - [23/Dec/2023:09:12:01 -0500] "GET /BLA/resoluciones/Notificaciones/REGISTROS%202020/0717.pdf HTTP/1.1" 200 267629
200.69.84.134 - - [23/Dec/2023:09:12:01 -0500] "POST /sipse/faces/presentacion/financiero/solicitudProceso/consultar.xhtml HTTP/1.1" 200 117686
200.69.84.134 - - [23/Dec/2023:09:12:02 -0500] "GET /sipse/faces/javax.faces.resource/theme.css?ln=primefaces-sipse HTTP/1.1" 304 -
200.69.84.134 - - [23/Dec/2023:09:12:02 -0500] "GET /sipse/faces/javax.faces.resource/layout/layout.css?ln=primefaces&v=4.0 HTTP/1.1" 304 -
200.69.84.134 - - [23/Dec/2023:09:12:02 -0500] "GET /sipse/faces/javax.faces.resource/primefaces.css?ln=primefaces&v=4.0 HTTP/1.1" 304 -
200.69.84.134 - - [23/Dec/2023:09:12:02 -0500] "GET /sipse/faces/javax.faces.resource/jquery/jquery.js?ln=primefaces&v=4.0 HTTP/1.1" 304 -
200.69.84.134 - - [23/Dec/2023:09:12:02 -0500] "GET /sipse/faces/javax.faces.resource/jquery/jquery-plugins.js?ln=primefaces&v=4.0 HTTP/1.1" 304 -
200.69.84.134 - - [23/Dec/2023:09:12:02 -0500] "GET /sipse/faces/javax.faces.resource/primefaces.js?ln=primefaces&v=4.0 HTTP/1.1" 304 -
200.69.84.134 - - [23/Dec/2023:09:12:02 -0500] "GET /sipse/faces/javax.faces.resource/layout/layout.js?ln=primefaces&v=4.0 HTTP/1.1" 304 -
200.69.84.134 - - [23/Dec/2023:09:12:05 -0500] "POST /sipse/faces/presentacion/financiero/solicitudProceso/consultarSolicitudProceso.xhtml HTTP/1.1" 200 234583
216.244.66.195 - - [23/Dec/2023:09:12:10 -0500] "GET /BLA/resoluciones/RESOLUCIONES%202017/3584.pdf HTTP/1.1" 200 334837
156.59.198.136 - - [23/Dec/2023:09:12:15 -0500] "GET /BLA/resoluciones/RESOLUCIONES%202007/RES%202007%202601%20AL%202700/RESOLUCION%202627%20DE%202007.pdf HTTP/1.0" 200 383300
156.59.198.136 - - [23/Dec/2023:09:12:39 -0500] "GET /BLA/resoluciones/AUTOS%202020/2641.pdf HTTP/1.0" 200 401085
216.244.66.195 - - [23/Dec/2023:09:12:39 -0500] "GET /BLA/resoluciones/RESOLUCIONES%202019/0195.pdf HTTP/1.1" 200 1282199
173.252.107.8 - - [23/Dec/2023:09:12:56 -0500] "GET /images/Aves%20SDA.jpeg HTTP/1.1" 200 75104
156.59.198.136 - - [23/Dec/2023:09:13:04 -0500] "GET /BLA/resoluciones/AUTOS%202014/1566.pdf HTTP/1.0" 200 726573
69.63.184.119 - - [23/Dec/2023:09:13:06 -0500] "GET /bogota-actualiza-su-plan-de-gestion-ambiental-para-un-conseguir-un-futuro-mas-sostenible.html HTTP/1.1" 200 796
216.244.66.195 - - [23/Dec/2023:09:13:08 -0500] "GET /BLA/resoluciones/RESOLUCIONES%202019/2006.pdf HTTP/1.1" 200 344616
186.86.33.245 - - [23/Dec/2023:09:13:10 -0500] "POST /sipse/faces/presentacion/financiero/solicitudProceso/listarSolicitudProceso.xhtml HTTP/1.1" 200 114406
186.86.33.245 - - [23/Dec/2023:09:13:14 -0500] "GET /sipse/faces/javax.faces.resource/jquery/jquery.js?ln=primefaces&v=4.0 HTTP/1.1" 304 -
186.86.33.245 - - [23/Dec/2023:09:13:14 -0500] "GET /sipse/faces/javax.faces.resource/jquery/jquery-plugins.js?ln=primefaces&v=4.0 HTTP/1.1" 304 -
186.86.33.245 - - [23/Dec/2023:09:13:15 -0500] "GET /sipse/faces/javax.faces.resource/primefaces.js?ln=primefaces&v=4.0 HTTP/1.1" 304 -
186.86.33.245 - - [23/Dec/2023:09:13:15 -0500] "GET /sipse/faces/javax.faces.resource/layout/layout.js?ln=primefaces&v=4.0 HTTP/1.1" 304 -
186.86.33.245 - - [23/Dec/2023:09:13:27 -0500] "GET /sipse/faces/javax.faces.resource/theme.css?ln=primefaces-sipse HTTP/1.1" 304 -
186.86.33.245 - - [23/Dec/2023:09:13:27 -0500] "POST /sipse/faces/presentacion/financiero/solicitudProceso/consultarSolicitudProceso.xhtml HTTP/1.1" 200 19424
186.86.33.245 - - [23/Dec/2023:09:13:27 -0500] "GET /sipse/faces/javax.faces.resource/jquery/jquery.js?ln=primefaces&v=4.0 HTTP/1.1" 304 -
186.86.33.245 - - [23/Dec/2023:09:13:27 -0500] "GET /sipse/faces/javax.faces.resource/jquery/jquery-plugins.js?ln=primefaces&v=4.0 HTTP/1.1" 304 -
186.86.33.245 - - [23/Dec/2023:09:13:27 -0500] "GET /sipse/faces/javax.faces.resource/primefaces.js?ln=primefaces&v=4.0 HTTP/1.1" 304 -
186.86.33.245 - - [23/Dec/2023:09:13:27 -0500] "GET /sipse/faces/javax.faces.resource/layout/layout.js?ln=primefaces&v=4.0 HTTP/1.1" 304 -
186.86.33.245 - - [23/Dec/2023:09:13:27 -0500] "GET /sipse/faces/javax.faces.resource/fileupload/fileupload.js?ln=primefaces&v=4.0 HTTP/1.1" 304 -
186.86.33.245 - - [23/Dec/2023:09:13:27 -0500] "GET /sipse/faces/javax.faces.resource/fileupload/fileupload.css?ln=primefaces&v=4.0 HTTP/1.1" 304 -
156.59.198.135 - - [23/Dec/2023:09:13:27 -0500] "GET /BLA/resoluciones/AUTOS%202020/4380.pdf HTTP/1.0" 200 356564
186.86.33.245 - - [23/Dec/2023:09:13:28 -0500] "GET /sipse/faces/javax.faces.resource/layout/layout.css?ln=primefaces&v=4.0 HTTP/1.1" 304 -
186.86.33.245 - - [23/Dec/2023:09:13:28 -0500] "GET /sipse/faces/javax.faces.resource/primefaces.css?ln=primefaces&v=4.0 HTTP/1.1" 304 -
186.86.33.245 - - [23/Dec/2023:09:13:28 -0500] "GET /sipse/faces/javax.faces.resource/images/ui-icons_898989_256x240.png?ln=primefaces-aristo HTTP/1.1" 304 -
186.86.33.245 - - [23/Dec/2023:09:13:36 -0500] "GET /sipse/faces/javax.faces.resource/theme.css?ln=primefaces-sipse HTTP/1.1" 304 -
186.86.33.245 - - [23/Dec/2023:09:13:36 -0500] "GET /sipse/faces/javax.faces.resource/primefaces.css?ln=primefaces&v=4.0 HTTP/1.1" 304 -
186.86.33.245 - - [23/Dec/2023:09:13:36 -0500] "GET /sipse/faces/javax.faces.resource/layout/layout.css?ln=primefaces&v=4.0 HTTP/1.1" 304 -
186.86.33.245 - - [23/Dec/2023:09:13:36 -0500] "GET /sipse/faces/javax.faces.resource/jquery/jquery.js?ln=primefaces&v=4.0 HTTP/1.1" 304 -
186.86.33.245 - - [23/Dec/2023:09:13:36 -0500] "GET /sipse/faces/javax.faces.resource/jquery/jquery-plugins.js?ln=primefaces&v=4.0 HTTP/1.1" 304 -
186.86.33.245 - - [23/Dec/2023:09:13:36 -0500] "GET /sipse/faces/javax.faces.resource/layout/layout.js?ln=primefaces&v=4.0 HTTP/1.1" 304 -
186.86.33.245 - - [23/Dec/2023:09:13:36 -0500] "GET /sipse/faces/javax.faces.resource/primefaces.js?ln=primefaces&v=4.0 HTTP/1.1" 304 -
186.86.33.245 - - [23/Dec/2023:09:13:36 -0500] "GET /sipse/faces/javax.faces.resource/images/ui-icons_898989_256x240.png?ln=primefaces-aristo HTTP/1.1" 304 -
186.86.33.245 - - [23/Dec/2023:09:13:35 -0500] "POST /sipse/faces/presentacion/sistema/anexos/cargarAnexoSolicitudProceso.xhtml HTTP/1.1" 200 161820
186.86.33.245 - - [23/Dec/2023:09:13:41 -0500] "GET /sipse/faces/javax.faces.resource/theme.css?ln=primefaces-sipse HTTP/1.1" 304 -
186.86.33.245 - - [23/Dec/2023:09:13:41 -0500] "GET /sipse/faces/javax.faces.resource/primefaces.css?ln=primefaces&v=4.0 HTTP/1.1" 304 -
186.86.33.245 - - [23/Dec/2023:09:13:41 -0500] "GET /sipse/faces/javax.faces.resource/jquery/jquery.js?ln=primefaces&v=4.0 HTTP/1.1" 304 -
186.86.33.245 - - [23/Dec/2023:09:13:41 -0500] "GET /sipse/faces/javax.faces.resource/layout/layout.css?ln=primefaces&v=4.0 HTTP/1.1" 304 -
186.86.33.245 - - [23/Dec/2023:09:13:41 -0500] "GET /sipse/faces/javax.faces.resource/jquery/jquery-plugins.js?ln=primefaces&v=4.0 HTTP/1.1" 304 -
186.86.33.245 - - [23/Dec/2023:09:13:41 -0500] "GET /sipse/faces/javax.faces.resource/layout/layout.js?ln=primefaces&v=4.0 HTTP/1.1" 304 -
186.86.33.245 - - [23/Dec/2023:09:13:41 -0500] "GET /sipse/faces/javax.faces.resource/primefaces.js?ln=primefaces&v=4.0 HTTP/1.1" 304 -
186.86.33.245 - - [23/Dec/2023:09:13:41 -0500] "GET /sipse/faces/javax.faces.resource/images/ui-icons_898989_256x240.png?ln=primefaces-aristo HTTP/1.1" 304 -
186.86.33.245 - - [23/Dec/2023:09:13:40 -0500] "POST /sipse/faces/presentacion/financiero/solicitudProceso/consultarSolicitudProceso.xhtml HTTP/1.1" 200 162530
186.86.33.245 - - [23/Dec/2023:09:13:47 -0500] "GET /sipse/faces/javax.faces.resource/images/ui-bg_flat_0_2d5972_40x100.png?ln=primefaces-aristo HTTP/1.1" 304 -
186.86.33.245 - - [23/Dec/2023:09:13:47 -0500] "POST /sipse/faces/presentacion/financiero/solicitudProceso/consultarSolicitudProceso.xhtml HTTP/1.1" 200 63122
186.86.33.245 - - [23/Dec/2023:09:13:49 -0500] "GET /sipse/faces/javax.faces.resource/jquery/jquery.js?ln=primefaces&v=4.0 HTTP/1.1" 304 -
186.86.33.245 - - [23/Dec/2023:09:13:49 -0500] "GET /sipse/faces/javax.faces.resource/jquery/jquery-plugins.js?ln=primefaces&v=4.0 HTTP/1.1" 304 -
186.86.33.245 - - [23/Dec/2023:09:13:49 -0500] "GET /sipse/faces/javax.faces.resource/primefaces.js?ln=primefaces&v=4.0 HTTP/1.1" 304 -
186.86.33.245 - - [23/Dec/2023:09:13:49 -0500] "GET /sipse/faces/javax.faces.resource/layout/layout.js?ln=primefaces&v=4.0 HTTP/1.1" 304 -
186.86.33.245 - - [23/Dec/2023:09:13:49 -0500] "GET /sipse/faces/javax.faces.resource/messages/messages.png?ln=primefaces&v=4.0 HTTP/1.1" 304 -
186.86.33.245 - - [23/Dec/2023:09:13:49 -0500] "POST /sipse/faces/presentacion/financiero/solicitudProceso/listarSolicitudProceso.xhtml HTTP/1.1" 200 1564
186.86.33.245 - - [23/Dec/2023:09:13:50 -0500] "POST /sipse/faces/presentacion/financiero/solicitudProceso/listarSolicitudProceso.xhtml HTTP/1.1" 200 1552
156.59.198.136 - - [23/Dec/2023:09:13:51 -0500] "GET /BLA/resoluciones/AUTOS%202014/2572.pdf HTTP/1.0" 200 318809
172.22.2.4 - - [23/Dec/2023:09:12:32 -0500] "HEAD /BLA/boletinlegal/ HTTP/1.1" 200 -
156.59.198.136 - - [23/Dec/2023:09:14:17 -0500] "GET /BLA/resoluciones/RESOLUCIONES%202020/1760.pdf HTTP/1.0" 200 353569
186.86.33.245 - - [23/Dec/2023:09:14:26 -0500] "POST /sipse/faces/presentacion/financiero/solicitudProceso/listarSolicitudProceso.xhtml HTTP/1.1" 200 4817
186.86.33.245 - - [23/Dec/2023:09:14:29 -0500] "POST /sipse/faces/presentacion/financiero/solicitudProceso/listarSolicitudProceso.xhtml HTTP/1.1" 200 32465
156.59.198.136 - - [23/Dec/2023:09:14:40 -0500] "GET /BLA/resoluciones/AUTOS%202020/2328.pdf HTTP/1.0" 200 348875
31.13.127.1 - - [23/Dec/2023:09:14:59 -0500] "GET /bogota-y-cundinamarca-consolidan-pagos-por-servicios-ambientales-con-nueva-firma-para-la-proteccion-del-agua.html HTTP/1.1" 206 821
173.252.79.118 - - [23/Dec/2023:09:15:00 -0500] "GET /bogota-y-cundinamarca-consolidan-pagos-por-servicios-ambientales-con-nueva-firma-para-la-proteccion-del-agua.html HTTP/1.1" 200 821
31.13.127.8 - - [23/Dec/2023:09:15:00 -0500] "GET /bogota-y-cundinamarca-consolidan-pagos-por-servicios-ambientales-con-nueva-firma-para-la-proteccion-del-agua.html HTTP/1.1" 200 821
31.13.127.3 - - [23/Dec/2023:09:15:00 -0500] "GET /bogota-y-cundinamarca-consolidan-pagos-por-servicios-ambientales-con-nueva-firma-para-la-proteccion-del-agua.html HTTP/1.1" 200 821
31.13.127.14 - - [23/Dec/2023:09:15:00 -0500] "GET /bogota-y-cundinamarca-consolidan-pagos-por-servicios-ambientales-con-nueva-firma-para-la-proteccion-del-agua.html HTTP/1.1" 200 821
172.22.2.4 - - [23/Dec/2023:09:13:23 -0500] "GET /BLA/boletinlegal/ HTTP/1.1" 200 58567
156.59.198.135 - - [23/Dec/2023:09:15:04 -0500] "GET /BLA/resoluciones/AUTOS%202014/1825.pdf HTTP/1.0" 200 1537264
31.13.127.120 - - [23/Dec/2023:09:15:05 -0500] "GET /bogota-y-cundinamarca-consolidan-pagos-por-servicios-ambientales-con-nueva-firma-para-la-proteccion-del-agua.html HTTP/1.1" 200 821
20.15.133.170 - - [23/Dec/2023:09:15:10 -0500] "GET /BLA/resoluciones/AUTOS%202023/3606.pdf HTTP/1.1" 200 5029468
216.245.221.92 - - [23/Dec/2023:09:15:25 -0500] "HEAD / HTTP/1.1" 200 -
156.59.198.136 - - [23/Dec/2023:09:15:29 -0500] "GET /BLA/resoluciones/RESOLUCIONES%202002/RESOLUCION%200019%20DE%202002.pdf HTTP/1.0" 200 167455
186.102.16.81 - - [23/Dec/2023:09:15:42 -0500] "GET /kwssiamovil/sm/ldap/au?x=U2FsdGVkX18SMO35EOd6MDB1wKBuMq7nk/L0mf0BEvLzpSp1FZbWQ0Crc9pu1L69&y=U2FsdGVkX1/oeaezp6wW+C4mbuZSNUBz8MWtanYrJOHaUAYyqJ6X3yxk6t68Jxhc HTTP/1.1" 200 30
186.102.16.81 - - [23/Dec/2023:09:15:43 -0500] "GET /kwssiamovil/sm/acme/s?s=U2FsdGVkX1+gRF6TlTwofTo2zcO12YqXZEHJcoVA8QXZWKW31JtmDYRHBKcc1VLcSieClef28YFaL9PSXrkHKSxQaafBz5nMp1YqKeLPrX4=&u=U2FsdGVkX18eHF5QDezsOxjNIdj2htlkj4q89hlCdf4=&y=U2FsdGVkX1/oeaezp6wW+C4mbuZSNUBz8MWtanYrJOHaUAYyqJ6X3yxk6t68Jxhc HTTP/1.1" 200 97
186.102.16.81 - - [23/Dec/2023:09:15:43 -0500] "GET /kwssiamovil/sm/acme/s?s=U2FsdGVkX18dBRHhUDPryFKfye7ljGxhil+AJTrV1lEq6KAkVK7o2fSd8X3AgLVVx/WrhIUWkp8NYR15RHEQA28b/wits2A77ewZtGZ5ZzXYEVsbBY/rvUAIEx8DPD1H/nk0IOm0UqjDTcrBR7V8/aJ+kBTLJ6uRH3y8HEfAVuU1a4IrjH0Nn/nWVkPADJZb+0lD0jRJzL0Tup3QbcZBUpHvMOn8oVKUQS7XNjgebfmjL/ABvXztIKWRaCb0kbHXZrXVzUepFGJKXcob2aqTcpBIDKj5nlU7ZyiRSHG9gqWb9QixRcstG3aBGuMoON/EIHMnV3isfMH7Iz/L/UL/QRXMQYAKbfLlOSRz+rM/pm/X85SfVHblPeNZ7fNsvrgs9vwlsho/kIQttaSq6tJs1tvozEKaIFSQsADV6mbU2QYQwGciW9IacqcR1xpjQbYEwhFVWY8/61Ab99XDjAZqXgWjILemSTG5irkm0rT0uyLp9p65Sk61uYxm7Yl6yUbmGEH4sdZnzKVjVOS9Oc9e2UwakolmoqzkMQA75twVKQl6fJ46xCaS2ObxiSTQWKDcdgUv7jcWtjt1PQbVt2KOUt7dSAG5PYmeqKSVVP9kWPB/2Tyc49Qg7DnVrgAi5Ux5gb+3ov0jspL1aZ68PGrsDyhMHlNqlxz81depK4TadbeInbN72o9OKx3VwhaRxX3AB+wSEcfZarM1tdRTe01WBPqy2IdefXqX2NHalrIJY3sNXgLJS/FD4EprsDfmM1R3kWAUeraIm96g4oTL/CzTZtipx80Iq0WGKXX0gyA9fv0wgTK0du6EBavFQuoHqy80ngvPIt3XE+4SXE4m5SDhXdw07/WiPpsRXLYjd1KPXev9/41LONUownNUxTeoiaI3uLSBmrfYgKaeNAu5V4kFzwlEQ1jUdrBqim/3OM1WzbT646VK026Ro+z14nvMW1lp0gLbZxzaC5HcMXm0ZP/fM0eLvOnMlUpHihaRiQaVxyoADhTvvLqCc0BS9n0ofKGoWcoczdota+bkszeJnSlvVuhEC3MOVvanPD+WnB2AXXfx/UwHKTp6eApvTXGbD0Wx0svydN+tI6TQPnnPsg40J1x2qcQfkg9tSU0jpvp8JRqxnIzPtWbsvgA+AsCuekh/6Fiaiqa6qSf7EGb3LdJNMEFBaqgAUB/bUNqnDYLr9GuCgJRwDCVswnJP/NvT43olxqYsALWbxyE+SAMa8UW35QmTtMLKf/swgMySQ7v5Wg1WxOPdxHLRZVjUxCn+wBaVGwoIi0ZgZiatae+Fcj1bkq+/7vLMR4SZo4848NrkvbzTZQjhvV8NUT+c5WeqtVLqSUmrBk6XJ6IURibkYpcBDZivDf9Y5HFy/JGKZz0K8ln4sI0DOMbxkRb05g+a25Sbey++9yaktqLhoWT92KukJbUEqXiCnbjiii/kYjt+bo4rIW9EYM2vDJe01JizbC5iwPDosXx8IZUFc0QftTyRRbuXkvd5IFkWCHe08DGA3vXnWk7PJQnv+MvWAhwOMsHp/hy+Rlt/gPEyUA8CTTpexZAQ0zPJZTMYBqGt3KNtdt2fDJxH1n2MSygbgb5gc3wpEnbSDdVqX4Xp5IO+5aUdqNZhYosGJ8erymrRsMqSI8wosFBVLMrgEUuisaq23SmTiRhNIhIofVit/l/2vD9tCblnxIIOrol59usGJpCEAT55r2z6hAtSsw/THv3hZXcVoICqLfslciVI1/ylaDFflH7ZpKIOQXElO0/sYz5MYv8=&u=U2FsdGVkX18eHF5QDezsOxjNIdj2htlkj4q89hlCdf4=&y=U2FsdGVkX1/oeaezp6wW+C4mbuZSNUBz8MWtanYrJOHaUAYyqJ6X3yxk6t68Jxhc HTTP/1.1" 200 2674
186.102.16.81 - - [23/Dec/2023:09:15:43 -0500] "GET /kwssiamovil/sm/acme/s?s=U2FsdGVkX191ensnyAR0JmvD2kF4eabEKFPtjoP08gQBzBIIwHS2nXJ4f6/LNtWq2XdezzM9JbFhW877QqaF0teI5JYArXOaFsusmPpIaJ0QKv6fAYrnZeBuN6b/ZrwO/YC2foVH1WrotWKn315or5+vY5RMG8/p9METQ87r1HlBC8VFKFOB0ClEAjDOBAvYlL5/WjEn4Vo1pfTnC4Q2eeg5uIbQrYv9mG89lS5YBM3Hz2ciBugvR5ZLhKaun26+J5ztSH6uymfqy5tzWuoU851Pz7AMsPAT7pXFygMwLPkvhqoURIGgwYmVtb1SsdMDvbrpFtAl/1KlRe/NzjybntDrk5bL74EqvyP2ZniQQrY+toKaWa/3TE/pUYJ7V6rpmbnEb/4K3IgR8Vcp1T3vzLbr+QoHKfX9ZbVYs8+wQPL1IkQv0Zp/BiboOJXY6tWQobaih1fSFhqr7NkFkIguBfNzyZzo+Ftir6ccuLHGYbQdzkmvLFW0rujNzPPqYPcscmXrxpVj41pgOZFhHs3foXSLBCZNOjbwGDyK6ObMirQpmvIWDnD6x1UDWqWLDNWjOfytUTazXLG/VSYaxln4q0qkFyM0CI5Vt3EheIjxv/RnvFDat+BvyVtWZ+3H5UA8rG8Rk/xZhPjR29X4lvyHiFWtLW2ZRNPnmA6j/VFTPohYyLFkLNQOWQpdUv6VsFVGdjjc588M7xjApjBAdjATWvwYNrfR/1jnWWXaB8O5Gygc0DKNkQtq0XF2WYk6vhQP&u=U2FsdGVkX18eHF5QDezsOxjNIdj2htlkj4q89hlCdf4=&y=U2FsdGVkX1/oeaezp6wW+C4mbuZSNUBz8MWtanYrJOHaUAYyqJ6X3yxk6t68Jxhc HTTP/1.1" 200 208
186.102.16.81 - - [23/Dec/2023:09:15:43 -0500] "GET /kwssiamovil/sm/cjson/pre?f=1&x=U2FsdGVkX18SMO35EOd6MDB1wKBuMq7nk/L0mf0BEvLzpSp1FZbWQ0Crc9pu1L69 HTTP/1.1" 200 31032
156.59.198.135 - - [23/Dec/2023:09:15:52 -0500] "GET /BLA/resoluciones/AUTOS%202014/0265.pdf HTTP/1.0" 200 670354
207.46.13.155 - - [23/Dec/2023:09:16:07 -0500] "GET /portaldeninos/gestion-del-riesgo-incendios-forestales/ HTTP/1.1" 200 86825
156.59.198.136 - - [23/Dec/2023:09:16:17 -0500] "GET /BLA/resoluciones/AUTOS%202014/3320.pdf HTTP/1.0" 200 491169
40.77.167.8 - - [23/Dec/2023:09:16:21 -0500] "GET /portaldeninos/wp-content/themes/betheme/assets/animations/animations.min.js?ver=20.9.6 HTTP/1.1" 200 1896
40.77.167.8 - - [23/Dec/2023:09:16:22 -0500] "GET /portaldeninos/wp-content/themes/betheme/assets/jplayer/jplayer.min.js?ver=20.9.6 HTTP/1.1" 200 52702
31.13.127.11 - - [23/Dec/2023:09:16:22 -0500] "GET /images/Aves%20SDA.jpeg HTTP/1.1" 200 75104
40.77.167.8 - - [23/Dec/2023:09:16:22 -0500] "GET /portaldeninos/wp-content/themes/betheme/css/shortcodes.css?ver=20.9.6 HTTP/1.1" 200 138889
40.77.167.8 - - [23/Dec/2023:09:16:23 -0500] "GET /portaldeninos/wp-content/themes/betheme/js/plugins.js?ver=20.9.6 HTTP/1.1" 200 197151
40.77.167.8 - - [23/Dec/2023:09:16:23 -0500] "GET /portaldeninos/wp-content/themes/betheme/style.css?ver=20.9.6 HTTP/1.1" 200 287
40.77.167.8 - - [23/Dec/2023:09:16:23 -0500] "GET /portaldeninos/wp-includes/js/jquery/ui/core.min.js?ver=1.11.4 HTTP/1.1" 200 4000
40.77.167.8 - - [23/Dec/2023:09:16:24 -0500] "GET /portaldeninos/wp-includes/js/jquery/ui/sortable.min.js?ver=1.11.4 HTTP/1.1" 200 24899
201.245.192.253 - - [23/Dec/2023:09:16:21 -0500] "POST /kwsrmcab/Wsrmcab HTTP/1.1" 200 37971
40.77.167.8 - - [23/Dec/2023:09:16:24 -0500] "GET /portaldeninos/wp-includes/js/wp-emoji-release.min.js?ver=4.9.8 HTTP/1.1" 200 12026
201.245.192.253 - - [23/Dec/2023:09:16:24 -0500] "POST /kwsrmcab/Wsrmcab HTTP/1.1" 200 36821
201.245.192.253 - - [23/Dec/2023:09:16:27 -0500] "POST /kwsrmcab/Wsrmcab  HTTP/1.1" 200 40220
52.167.144.161 - - [23/Dec/2023:09:16:29 -0500] "GET /portaldeninos/wp-content/themes/betheme/assets/animations/animations.min.css?ver=20.9.6 HTTP/1.1" 200 58508
52.167.144.161 - - [23/Dec/2023:09:16:30 -0500] "GET /portaldeninos/wp-content/themes/betheme/js/menu.js?ver=20.9.6 HTTP/1.1" 200 2449
52.167.144.161 - - [23/Dec/2023:09:16:30 -0500] "GET /portaldeninos/wp-includes/js/jquery/ui/accordion.min.js?ver=1.11.4 HTTP/1.1" 200 8584
52.167.144.161 - - [23/Dec/2023:09:16:30 -0500] "GET /portaldeninos/wp-includes/js/jquery/ui/mouse.min.js?ver=1.11.4 HTTP/1.1" 200 3148
52.167.144.161 - - [23/Dec/2023:09:16:30 -0500] "GET /portaldeninos/wp-includes/js/jquery/ui/tabs.min.js?ver=1.11.4 HTTP/1.1" 200 12110
52.167.144.161 - - [23/Dec/2023:09:16:30 -0500] "GET /portaldeninos/wp-includes/js/jquery/ui/widget.min.js?ver=1.11.4 HTTP/1.1" 200 6908
52.167.144.161 - - [23/Dec/2023:09:16:31 -0500] "GET /portaldeninos/wp-includes/js/wp-embed.min.js?ver=4.9.8 HTTP/1.1" 200 1398
207.46.13.155 - - [23/Dec/2023:09:16:36 -0500] "GET /portaldeninos/wp-content/plugins/gallery-videos/CSS/Total-Soft-Gallery-Video-Widget.css?ver=4.9.8 HTTP/1.1" 200 51554
207.46.13.155 - - [23/Dec/2023:09:16:37 -0500] "GET /portaldeninos/wp-content/plugins/gallery-videos/JS/modernizr.custom.js?ver=4.9.8 HTTP/1.1" 200 9019
207.46.13.155 - - [23/Dec/2023:09:16:37 -0500] "GET /portaldeninos/wp-content/plugins/gallery-videos/CSS/totalsoft.css?ver=4.9.8 HTTP/1.1" 200 40622
207.46.13.155 - - [23/Dec/2023:09:16:38 -0500] "GET /portaldeninos/wp-content/themes/betheme/assets/jplayer/css/jplayer.blue.monday.css?ver=20.9.6 HTTP/1.1" 200 9834
207.46.13.155 - - [23/Dec/2023:09:16:38 -0500] "GET /portaldeninos/wp-content/themes/betheme/assets/ui/jquery.ui.all.css?ver=20.9.6 HTTP/1.1" 200 18765
207.46.13.155 - - [23/Dec/2023:09:16:38 -0500] "GET /portaldeninos/wp-content/themes/betheme/css/base.css?ver=20.9.6 HTTP/1.1" 200 57283
207.46.13.155 - - [23/Dec/2023:09:16:39 -0500] "GET /portaldeninos/wp-content/themes/betheme/css/layout.css?ver=20.9.6 HTTP/1.1" 200 116639
207.46.13.155 - - [23/Dec/2023:09:16:40 -0500] "GET /portaldeninos/wp-content/themes/betheme/css/responsive.css?ver=20.9.6 HTTP/1.1" 200 55740
207.46.13.155 - - [23/Dec/2023:09:16:40 -0500] "GET /portaldeninos/wp-content/themes/betheme/js/scripts.js?ver=20.9.6 HTTP/1.1" 200 77162
207.46.13.155 - - [23/Dec/2023:09:16:41 -0500] "GET /portaldeninos/wp-includes/js/jquery/jquery-migrate.min.js?ver=1.4.1 HTTP/1.1" 200 10056
207.46.13.155 - - [23/Dec/2023:09:16:41 -0500] "GET /portaldeninos/wp-content/uploads/useanyfont/uaf.css?ver=1589905315 HTTP/1.1" 200 408
156.59.198.135 - - [23/Dec/2023:09:16:42 -0500] "GET /BLA/resoluciones/AUTOS%202014/2716.pdf HTTP/1.0" 200 628678
207.46.13.155 - - [23/Dec/2023:09:16:41 -0500] "GET /portaldeninos/wp-includes/js/jquery/jquery.js?ver=1.12.4 HTTP/1.1" 200 97184
156.59.198.135 - - [23/Dec/2023:09:17:06 -0500] "GET /BLA/resoluciones/AUTOS%202014/5707.pdf HTTP/1.0" 200 565062
156.59.198.136 - - [23/Dec/2023:09:17:31 -0500] "GET /BLA/resoluciones/AUTOS%202014/5006.pdf HTTP/1.0" 200 460443
156.59.198.136 - - [23/Dec/2023:09:17:55 -0500] "GET /BLA/resoluciones/Notificaciones/AUTOS%202015/4577.doc HTTP/1.0" 200 164864
156.59.198.136 - - [23/Dec/2023:09:18:19 -0500] "GET /BLA/resoluciones/AUTOS%202014/4261.pdf HTTP/1.0" 200 524866
201.245.192.253 - - [23/Dec/2023:09:18:40 -0500] "POST /sipse/faces/presentacion/financiero/solicitudProceso/consultar.xhtml HTTP/1.1" 200 38912
201.245.192.253 - - [23/Dec/2023:09:18:40 -0500] "POST /sipse/faces/presentacion/financiero/solicitudProceso/consultar.xhtml HTTP/1.1" 200 38912
201.245.192.253 - - [23/Dec/2023:09:18:40 -0500] "POST /sipse/faces/presentacion/financiero/solicitudProceso/consultar.xhtml HTTP/1.1" 200 38912
156.59.198.135 - - [23/Dec/2023:09:18:44 -0500] "GET /BLA/resoluciones/AUTOS%202014/5735.pdf HTTP/1.0" 200 475368
201.245.192.253 - - [23/Dec/2023:09:18:45 -0500] "POST /sipse/faces/presentacion/financiero/solicitudProceso/consultar.xhtml HTTP/1.1" 200 12794
156.59.198.135 - - [23/Dec/2023:09:19:07 -0500] "GET /BLA/resoluciones/Notificaciones/AUTOS%202015/1846.doc HTTP/1.0" 200 166400
216.244.66.195 - - [23/Dec/2023:09:19:29 -0500] "GET /BLA/resoluciones/AUTOS%202019/3420.pdf HTTP/1.1" 200 455809
156.59.198.135 - - [23/Dec/2023:09:19:32 -0500] "GET /BLA/resoluciones/RESOLUCIONES%202020/0279.pdf HTTP/1.0" 200 424996
31.13.115.116 - - [23/Dec/2023:09:19:42 -0500] "GET /mis-de-50-aves-silvestres-fueron-recuperadas-en-la-localidad-de-tunjuelito.html HTTP/1.1" 200 806
69.171.251.118 - - [23/Dec/2023:09:19:47 -0500] "GET /mis-de-50-aves-silvestres-fueron-recuperadas-en-la-localidad-de-tunjuelito.html HTTP/1.1" 206 806
69.171.251.117 - - [23/Dec/2023:09:19:49 -0500] "GET /mis-de-50-aves-silvestres-fueron-recuperadas-en-la-localidad-de-tunjuelito.html HTTP/1.1" 200 806
156.59.198.136 - - [23/Dec/2023:09:19:56 -0500] "GET /BLA/resoluciones/Notificaciones/AUTOS%202014/4304.doc HTTP/1.0" 200 99840
172.22.2.4 - - [23/Dec/2023:09:18:22 -0500] "HEAD /BLA/boletinlegal/ HTTP/1.1" 200 -
156.59.198.135 - - [23/Dec/2023:09:20:20 -0500] "GET /BLA/resoluciones/AUTOS%202014/5371.pdf HTTP/1.0" 200 666697
201.245.192.253 - - [23/Dec/2023:09:20:20 -0500] "POST /kwsrmcab/Wsrmcab HTTP/1.1" 200 37971
216.245.221.92 - - [23/Dec/2023:09:20:25 -0500] "HEAD / HTTP/1.1" 200 -
201.245.192.253 - - [23/Dec/2023:09:20:25 -0500] "POST /kwsrmcab/Wsrmcab HTTP/1.1" 200 36821
173.252.111.6 - - [23/Dec/2023:09:20:31 -0500] "GET /distrito-celebro-el-cumpleanos-del-parque-ecologico-distrital-de-montana-entrenubes.html HTTP/1.1" 200 829
156.59.198.135 - - [23/Dec/2023:09:20:44 -0500] "GET /BLA/resoluciones/Notificaciones/AUTOS%202014/3179.doc HTTP/1.0" 200 100352
172.22.2.4 - - [23/Dec/2023:09:19:13 -0500] "GET /BLA/boletinlegal/ HTTP/1.1" 200 58567
156.59.198.136 - - [23/Dec/2023:09:21:09 -0500] "GET /BLA/resoluciones/RESOLUCIONES%202020/1733.pdf HTTP/1.0" 200 404492
69.171.249.116 - - [23/Dec/2023:09:21:23 -0500] "GET /images/Aves%20SDA.jpeg HTTP/1.1" 200 75104
201.245.192.253 - - [23/Dec/2023:09:21:26 -0500] "POST /kwsrmcab/Wsrmcab  HTTP/1.1" 200 40220
156.59.198.135 - - [23/Dec/2023:09:21:33 -0500] "GET /BLA/resoluciones/Notificaciones/AUTOS%202014/4230.doc HTTP/1.0" 200 98304
156.59.198.136 - - [23/Dec/2023:09:21:57 -0500] "GET /BLA/resoluciones/AUTOS%202014/3910.pdf HTTP/1.0" 200 442026
38.88.249.138 - - [23/Dec/2023:09:22:10 -0500] "GET /catalogoisis/Css/Busqueda.css HTTP/1.1" 200 1995
38.88.249.138 - - [23/Dec/2023:09:22:10 -0500] "GET /catalogoisis/Js/CriterioCombinada.js HTTP/1.1" 200 1843
38.88.249.138 - - [23/Dec/2023:09:22:10 -0500] "GET /catalogoisis/Js/LimpiarCombinada.js HTTP/1.1" 200 207
38.88.249.138 - - [23/Dec/2023:09:22:10 -0500] "GET /catalogoisis/Js/Cookies.js HTTP/1.1" 200 1369
38.88.249.138 - - [23/Dec/2023:09:22:10 -0500] "GET /catalogoisis/Js/AceptarLimpiar.js HTTP/1.1" 200 331
38.88.249.138 - - [23/Dec/2023:09:22:10 -0500] "GET /catalogoisis/Js/Remote.js HTTP/1.1" 200 436
38.88.249.138 - - [23/Dec/2023:09:22:11 -0500] "GET /catalogoisis/Js/Numero.js HTTP/1.1" 200 398
38.88.249.138 - - [23/Dec/2023:09:22:11 -0500] "GET /catalogoisis/Js/Go.js HTTP/1.1" 200 364
38.88.249.138 - - [23/Dec/2023:09:22:09 -0500] "GET /catalogoisis/ HTTP/1.1" 200 8575
38.88.249.138 - - [23/Dec/2023:09:22:11 -0500] "GET /catalogoisis/Js/Enter.js HTTP/1.1" 200 1208
38.88.249.138 - - [23/Dec/2023:09:22:11 -0500] "GET /catalogoisis/imagenes/Turnbo1.gif HTTP/1.1" 200 227
38.88.249.138 - - [23/Dec/2023:09:22:11 -0500] "GET /catalogoisis/imagenes/aceptar1.gif HTTP/1.1" 200 604
38.88.249.138 - - [23/Dec/2023:09:22:11 -0500] "GET /catalogoisis/imagenes/br1c3.gif HTTP/1.1" 200 302
38.88.249.138 - - [23/Dec/2023:09:22:11 -0500] "GET /catalogoisis/imagenes/br1c1.gif HTTP/1.1" 200 172
38.88.249.138 - - [23/Dec/2023:09:22:11 -0500] "GET /catalogoisis/imagenes/limpiar1.gif HTTP/1.1" 200 606
38.88.249.138 - - [23/Dec/2023:09:22:11 -0500] "GET /catalogoisis/imagenes/br3c1.gif HTTP/1.1" 200 177
38.88.249.138 - - [23/Dec/2023:09:22:11 -0500] "GET /catalogoisis/imagenes/br2c3.gif HTTP/1.1" 200 416
38.88.249.138 - - [23/Dec/2023:09:22:11 -0500] "GET /catalogoisis/imagenes/br1c2.gif HTTP/1.1" 200 297
38.88.249.138 - - [23/Dec/2023:09:22:11 -0500] "GET /catalogoisis/imagenes/br3c2.gif HTTP/1.1" 200 285
38.88.249.138 - - [23/Dec/2023:09:22:11 -0500] "GET /catalogoisis/imagenes/br2c2.gif HTTP/1.1" 200 302
38.88.249.138 - - [23/Dec/2023:09:22:12 -0500] "GET /catalogoisis/imagenes/br3c3.gif HTTP/1.1" 200 186
38.88.249.138 - - [23/Dec/2023:09:22:12 -0500] "GET /catalogoisis/imagenes/br2c1.gif HTTP/1.1" 200 297
38.88.249.138 - - [23/Dec/2023:09:22:11 -0500] "GET /catalogoisis/imagenes/Header.gif HTTP/1.1" 200 27040
38.88.249.138 - - [23/Dec/2023:09:22:13 -0500] "GET /favicon.ico HTTP/1.1" 200 7782
156.59.198.135 - - [23/Dec/2023:09:22:21 -0500] "GET /BLA/resoluciones/AUTOS%202014/0737.pdf HTTP/1.0" 200 540986
156.59.198.136 - - [23/Dec/2023:09:22:46 -0500] "GET /BLA/resoluciones/AUTOS%202020/2708.pdf HTTP/1.0" 200 354276
66.220.149.4 - - [23/Dec/2023:09:22:48 -0500] "GET /images/Aves%20SDA.jpeg HTTP/1.1" 200 75104
213.180.203.231 - - [23/Dec/2023:09:22:48 -0500] "GET /robots.txt HTTP/1.1" 404 1018
87.250.224.81 - - [23/Dec/2023:09:22:49 -0500] "GET / HTTP/1.1" 200 319
156.59.198.136 - - [23/Dec/2023:09:23:10 -0500] "GET /BLA/resoluciones/AUTOS%202014/2882.pdf HTTP/1.0" 200 603746
156.59.198.136 - - [23/Dec/2023:09:23:34 -0500] "GET /BLA/resoluciones/Notificaciones/AUTOS%202014/4324.doc HTTP/1.0" 200 3887616
156.59.198.136 - - [23/Dec/2023:09:23:58 -0500] "GET /BLA/resoluciones/Notificaciones/AUTOS%202015/0912.doc HTTP/1.0" 200 157184
156.59.198.136 - - [23/Dec/2023:09:24:23 -0500] "GET /BLA/resoluciones/AUTOS%202014/2947.pdf HTTP/1.0" 200 702778
156.59.198.136 - - [23/Dec/2023:09:24:49 -0500] "GET /BLA/resoluciones/Notificaciones/AUTOS%202015/3933.doc HTTP/1.0" 200 175104
156.59.198.135 - - [23/Dec/2023:09:25:13 -0500] "GET /BLA/resoluciones/AUTOS%202014/0759.pdf HTTP/1.0" 200 425173
216.245.221.92 - - [23/Dec/2023:09:25:25 -0500] "HEAD / HTTP/1.1" 200 -
156.59.198.136 - - [23/Dec/2023:09:25:37 -0500] "GET /BLA/resoluciones/AUTOS%202014/5550.pdf HTTP/1.0" 200 479319
172.22.2.4 - - [23/Dec/2023:09:24:13 -0500] "HEAD /BLA/boletinlegal/ HTTP/1.1" 200 -
156.59.198.136 - - [23/Dec/2023:09:26:01 -0500] "GET /BLA/resoluciones/Notificaciones/AUTOS%202021/3945.pdf HTTP/1.0" 200 459584
201.245.192.253 - - [23/Dec/2023:09:26:21 -0500] "POST /kwsrmcab/Wsrmcab HTTP/1.1" 200 37971
156.59.198.135 - - [23/Dec/2023:09:26:25 -0500] "GET /BLA/resoluciones/AUTOS%202020/4342.pdf HTTP/1.0" 200 444005
201.245.192.253 - - [23/Dec/2023:09:26:24 -0500] "POST /kwsrmcab/Wsrmcab HTTP/1.1" 200 36821
201.245.192.253 - - [23/Dec/2023:09:26:25 -0500] "POST /kwsrmcab/Wsrmcab  HTTP/1.1" 200 40220
172.22.2.4 - - [23/Dec/2023:09:25:04 -0500] "GET /BLA/boletinlegal/ HTTP/1.1" 200 44124
173.252.79.116 - - [23/Dec/2023:09:26:48 -0500] "GET /images/terrazas%20verdes.jpg HTTP/1.1" 200 63951
156.59.198.135 - - [23/Dec/2023:09:26:49 -0500] "GET /BLA/resoluciones/Notificaciones/AUTOS%202015/04053.doc HTTP/1.0" 200 139474
156.59.198.136 - - [23/Dec/2023:09:27:13 -0500] "GET /BLA/resoluciones/Notificaciones/AUTOS%202014/0079.doc HTTP/1.0" 200 238080
156.59.198.135 - - [23/Dec/2023:09:27:37 -0500] "GET /BLA/resoluciones/AUTOS%202014/1080.pdf HTTP/1.0" 200 616009
156.59.198.136 - - [23/Dec/2023:09:28:01 -0500] "GET /BLA/resoluciones/Notificaciones/AUTOS%202018/4826.pdf HTTP/1.0" 200 253682
156.59.198.136 - - [23/Dec/2023:09:28:26 -0500] "GET /BLA/resoluciones/AUTOS%202014/3260.pdf HTTP/1.0" 200 422989
156.59.198.136 - - [23/Dec/2023:09:28:50 -0500] "GET /BLA/resoluciones/Notificaciones/AUTOS%202021/3813.pdf HTTP/1.0" 200 367298
156.59.198.136 - - [23/Dec/2023:09:29:14 -0500] "GET /BLA/resoluciones/Notificaciones/AUTOS%202014/2494.doc HTTP/1.0" 200 227840
156.59.198.136 - - [23/Dec/2023:09:29:38 -0500] "GET /BLA/resoluciones/AUTOS%202020/2579.pdf HTTP/1.0" 200 381229
69.63.184.1 - - [23/Dec/2023:09:29:40 -0500] "GET /images/Aves%20SDA.jpeg HTTP/1.1" 200 75104
173.252.107.9 - - [23/Dec/2023:09:29:44 -0500] "GET /images/Aves%20SDA.jpeg HTTP/1.1" 200 75104
156.59.198.135 - - [23/Dec/2023:09:30:03 -0500] "GET /BLA/resoluciones/AUTOS%202014/4578.pdf HTTP/1.0" 200 564317
201.245.192.253 - - [23/Dec/2023:09:30:20 -0500] "POST /kwsrmcab/Wsrmcab HTTP/1.1" 200 37971
216.245.221.92 - - [23/Dec/2023:09:30:25 -0500] "HEAD / HTTP/1.1" 200 -
201.245.192.253 - - [23/Dec/2023:09:30:25 -0500] "POST /kwsrmcab/Wsrmcab HTTP/1.1" 200 36821
156.59.198.135 - - [23/Dec/2023:09:30:27 -0500] "GET /BLA/resoluciones/Notificaciones/AUTOS%202014/6093.doc HTTP/1.0" 200 154624
156.59.198.135 - - [23/Dec/2023:09:30:51 -0500] "GET /BLA/resoluciones/Notificaciones/AUTOS%202014/1511.doc HTTP/1.0" 200 292352
156.59.198.136 - - [23/Dec/2023:09:31:16 -0500] "GET /BLA/resoluciones/AUTOS%202014/5497.pdf HTTP/1.0" 200 563561
201.245.192.253 - - [23/Dec/2023:09:31:23 -0500] "POST /kwsrmcab/Wsrmcab  HTTP/1.1" 200 40220
156.59.198.136 - - [23/Dec/2023:09:31:41 -0500] "GET /BLA/resoluciones/AUTOS%202014/4855.pdf HTTP/1.0" 200 565101
172.22.2.4 - - [23/Dec/2023:09:30:03 -0500] "HEAD /BLA/boletinlegal/ HTTP/1.1" 200 -
156.59.198.136 - - [23/Dec/2023:09:32:06 -0500] "GET /BLA/resoluciones/AUTOS%202014/2290.pdf HTTP/1.0" 200 476075
40.77.188.134 - - [23/Dec/2023:09:32:18 -0500] "GET /portaldeninos/wp-content/themes/betheme/fonts/mfn-icons.woff?93978679 HTTP/1.1" 200 80932
31.13.103.8 - - [23/Dec/2023:09:32:22 -0500] "GET /images/Aves%20SDA.jpeg HTTP/1.1" 200 75104
156.59.198.136 - - [23/Dec/2023:09:32:30 -0500] "GET /BLA/resoluciones/RESOLUCIONES%202020/0160.pdf HTTP/1.0" 200 422367
172.22.2.4 - - [23/Dec/2023:09:30:54 -0500] "GET /BLA/boletinlegal/ HTTP/1.1" 200 58969
190.60.36.2 - - [23/Dec/2023:09:32:40 -0500] "GET /sipse/faces/index.xhtml HTTP/1.1" 200 677
190.60.36.2 - - [23/Dec/2023:09:32:40 -0500] "GET /sipse/faces/javax.faces.resource/theme.css?ln=primefaces-sipse HTTP/1.1" 304 -
190.60.36.2 - - [23/Dec/2023:09:32:40 -0500] "GET /sipse/faces/faces/autenticacion.xhtml HTTP/1.1" 200 12407
190.60.36.2 - - [23/Dec/2023:09:32:40 -0500] "GET /sipse/js/disable_browser_buttons.js HTTP/1.1" 304 -
190.60.36.2 - - [23/Dec/2023:09:32:40 -0500] "GET /sipse/js/funciones.js HTTP/1.1" 304 -
190.60.36.2 - - [23/Dec/2023:09:32:40 -0500] "GET /sipse/css/custom_css_sg_prime_login.css HTTP/1.1" 304 -
190.60.36.2 - - [23/Dec/2023:09:32:40 -0500] "GET /sipse/faces/javax.faces.resource/layout/layout.css?ln=primefaces&v=4.0 HTTP/1.1" 304 -
190.60.36.2 - - [23/Dec/2023:09:32:40 -0500] "GET /sipse/css/custom_css_sg.css HTTP/1.1" 304 -
190.60.36.2 - - [23/Dec/2023:09:32:40 -0500] "GET /sipse/faces/javax.faces.resource/primefaces.css?ln=primefaces&v=4.0 HTTP/1.1" 304 -
190.60.36.2 - - [23/Dec/2023:09:32:40 -0500] "GET /sipse/faces/javax.faces.resource/theme.css?ln=primefaces-sipse HTTP/1.1" 304 -
190.60.36.2 - - [23/Dec/2023:09:32:40 -0500] "GET /sipse/faces/javax.faces.resource/jquery/jquery.js?ln=primefaces&v=4.0 HTTP/1.1" 304 -
190.60.36.2 - - [23/Dec/2023:09:32:40 -0500] "GET /sipse/faces/javax.faces.resource/jquery/jquery-plugins.js?ln=primefaces&v=4.0 HTTP/1.1" 304 -
190.60.36.2 - - [23/Dec/2023:09:32:40 -0500] "GET /sipse/faces/javax.faces.resource/primefaces.js?ln=primefaces&v=4.0 HTTP/1.1" 304 -
190.60.36.2 - - [23/Dec/2023:09:32:40 -0500] "GET /sipse/faces/javax.faces.resource/layout/layout.js?ln=primefaces&v=4.0 HTTP/1.1" 304 -
190.60.36.2 - - [23/Dec/2023:09:32:40 -0500] "GET /sipse/css/imagen/logoSDG.png HTTP/1.1" 304 -
190.60.36.2 - - [23/Dec/2023:09:32:40 -0500] "GET /sipse/css/imagen/loginimg.png HTTP/1.1" 304 -
190.60.36.2 - - [23/Dec/2023:09:32:40 -0500] "GET /sipse/faces/javax.faces.resource/images/ui-icons_898989_256x240.png?ln=primefaces-aristo HTTP/1.1" 304 -
190.60.36.2 - - [23/Dec/2023:09:32:43 -0500] "POST /sipse/faces/autenticacion.xhtml HTTP/1.1" 200 11436
190.60.36.2 - - [23/Dec/2023:09:32:43 -0500] "GET /sipse/css/custom_css_sg_prime.css HTTP/1.1" 304 -
190.60.36.2 - - [23/Dec/2023:09:32:43 -0500] "GET /sipse/faces/javax.faces.resource/theme.css?ln=primefaces-sipse HTTP/1.1" 304 -
190.60.36.2 - - [23/Dec/2023:09:32:43 -0500] "GET /sipse/faces/javax.faces.resource/layout/layout.css?ln=primefaces&v=4.0 HTTP/1.1" 304 -
190.60.36.2 - - [23/Dec/2023:09:32:43 -0500] "GET /sipse/faces/javax.faces.resource/primefaces.css?ln=primefaces&v=4.0 HTTP/1.1" 304 -
190.60.36.2 - - [23/Dec/2023:09:32:43 -0500] "GET /sipse/faces/javax.faces.resource/jquery/jquery.js?ln=primefaces&v=4.0 HTTP/1.1" 304 -
190.60.36.2 - - [23/Dec/2023:09:32:43 -0500] "GET /sipse/faces/javax.faces.resource/jquery/jquery-plugins.js?ln=primefaces&v=4.0 HTTP/1.1" 304 -
190.60.36.2 - - [23/Dec/2023:09:32:43 -0500] "GET /sipse/faces/javax.faces.resource/primefaces.js?ln=primefaces&v=4.0 HTTP/1.1" 304 -
190.60.36.2 - - [23/Dec/2023:09:32:43 -0500] "GET /sipse/faces/javax.faces.resource/layout/layout.js?ln=primefaces&v=4.0 HTTP/1.1" 304 -
190.60.36.2 - - [23/Dec/2023:09:32:43 -0500] "GET /sipse/faces/javax.faces.resource/messages/messages.png?ln=primefaces&v=4.0 HTTP/1.1" 304 -
190.60.36.2 - - [23/Dec/2023:09:32:46 -0500] "POST /sipse/faces/presentacion/sistema/seguridad/seleccionRol.xhtml HTTP/1.1" 200 5801
190.60.36.2 - - [23/Dec/2023:09:32:47 -0500] "POST /sipse/faces/presentacion/sistema/seguridad/seleccionRol.xhtml HTTP/1.1" 200 14026
190.60.36.2 - - [23/Dec/2023:09:32:47 -0500] "GET /sipse/faces/javax.faces.resource/primefaces.css?ln=primefaces&v=4.0 HTTP/1.1" 304 -
190.60.36.2 - - [23/Dec/2023:09:32:47 -0500] "GET /sipse/faces/javax.faces.resource/theme.css?ln=primefaces-sipse HTTP/1.1" 304 -
190.60.36.2 - - [23/Dec/2023:09:32:47 -0500] "GET /sipse/faces/javax.faces.resource/layout/layout.css?ln=primefaces&v=4.0 HTTP/1.1" 304 -
190.60.36.2 - - [23/Dec/2023:09:32:47 -0500] "GET /sipse/js/jquery.min.js HTTP/1.1" 304 -
190.60.36.2 - - [23/Dec/2023:09:32:47 -0500] "GET /sipse/faces/javax.faces.resource/jquery/jquery.js?ln=primefaces&v=4.0 HTTP/1.1" 304 -
190.60.36.2 - - [23/Dec/2023:09:32:47 -0500] "GET /sipse/faces/javax.faces.resource/jquery/jquery-plugins.js?ln=primefaces&v=4.0 HTTP/1.1" 304 -
190.60.36.2 - - [23/Dec/2023:09:32:47 -0500] "GET /sipse/faces/javax.faces.resource/primefaces.js?ln=primefaces&v=4.0 HTTP/1.1" 304 -
190.60.36.2 - - [23/Dec/2023:09:32:47 -0500] "GET /sipse/faces/javax.faces.resource/layout/layout.js?ln=primefaces&v=4.0 HTTP/1.1" 304 -
190.60.36.2 - - [23/Dec/2023:09:32:47 -0500] "GET /sipse/css/v_mergente.css HTTP/1.1" 304 -
190.60.36.2 - - [23/Dec/2023:09:32:47 -0500] "GET /sipse/imagenes/cargando.gif HTTP/1.1" 304 -
190.60.36.2 - - [23/Dec/2023:09:32:47 -0500] "GET /sipse/imagenes/logoAplicacion.jpg HTTP/1.1" 304 -
190.60.36.2 - - [23/Dec/2023:09:32:47 -0500] "GET /sipse/css/imagen/contrasena.png HTTP/1.1" 404 383
156.59.198.135 - - [23/Dec/2023:09:32:54 -0500] "GET /BLA/resoluciones/Notificaciones/AUTOS%202014/0279.doc HTTP/1.0" 200 323584
190.60.36.2 - - [23/Dec/2023:09:32:54 -0500] "GET /sipse/faces/javax.faces.resource/images/ui-bg_flat_0_2d5972_40x100.png?ln=primefaces-aristo HTTP/1.1" 304 -
190.60.36.2 - - [23/Dec/2023:09:32:54 -0500] "POST /sipse/faces/bienvenido.xhtml HTTP/1.1" 200 911
190.60.36.2 - - [23/Dec/2023:09:33:02 -0500] "GET /sipse/faces/index.xhtml HTTP/1.1" 200 677
190.60.36.2 - - [23/Dec/2023:09:33:02 -0500] "GET /sipse/faces/javax.faces.resource/theme.css?ln=primefaces-sipse HTTP/1.1" 304 -
190.60.36.2 - - [23/Dec/2023:09:33:02 -0500] "GET /sipse/faces/faces/autenticacion.xhtml HTTP/1.1" 200 12407
190.60.36.2 - - [23/Dec/2023:09:33:03 -0500] "GET /sipse/faces/javax.faces.resource/primefaces.css?ln=primefaces&v=4.0 HTTP/1.1" 304 -
190.60.36.2 - - [23/Dec/2023:09:33:03 -0500] "GET /sipse/faces/javax.faces.resource/theme.css?ln=primefaces-sipse HTTP/1.1" 304 -
190.60.36.2 - - [23/Dec/2023:09:33:03 -0500] "GET /sipse/faces/javax.faces.resource/jquery/jquery.js?ln=primefaces&v=4.0 HTTP/1.1" 304 -
190.60.36.2 - - [23/Dec/2023:09:33:03 -0500] "GET /sipse/faces/javax.faces.resource/layout/layout.css?ln=primefaces&v=4.0 HTTP/1.1" 304 -
190.60.36.2 - - [23/Dec/2023:09:33:03 -0500] "GET /sipse/faces/javax.faces.resource/jquery/jquery-plugins.js?ln=primefaces&v=4.0 HTTP/1.1" 304 -
190.60.36.2 - - [23/Dec/2023:09:33:03 -0500] "GET /sipse/faces/javax.faces.resource/primefaces.js?ln=primefaces&v=4.0 HTTP/1.1" 304 -
190.60.36.2 - - [23/Dec/2023:09:33:03 -0500] "GET /sipse/faces/javax.faces.resource/layout/layout.js?ln=primefaces&v=4.0 HTTP/1.1" 304 -
190.60.36.2 - - [23/Dec/2023:09:33:03 -0500] "GET /sipse/faces/javax.faces.resource/images/ui-icons_898989_256x240.png?ln=primefaces-aristo HTTP/1.1" 304 -
190.60.36.2 - - [23/Dec/2023:09:33:05 -0500] "POST /sipse/faces/autenticacion.xhtml HTTP/1.1" 200 11436
190.60.36.2 - - [23/Dec/2023:09:33:05 -0500] "GET /sipse/faces/javax.faces.resource/theme.css?ln=primefaces-sipse HTTP/1.1" 304 -
190.60.36.2 - - [23/Dec/2023:09:33:05 -0500] "GET /sipse/faces/javax.faces.resource/layout/layout.css?ln=primefaces&v=4.0 HTTP/1.1" 304 -
190.60.36.2 - - [23/Dec/2023:09:33:05 -0500] "GET /sipse/faces/javax.faces.resource/primefaces.css?ln=primefaces&v=4.0 HTTP/1.1" 304 -
190.60.36.2 - - [23/Dec/2023:09:33:05 -0500] "GET /sipse/faces/javax.faces.resource/jquery/jquery.js?ln=primefaces&v=4.0 HTTP/1.1" 304 -
190.60.36.2 - - [23/Dec/2023:09:33:05 -0500] "GET /sipse/faces/javax.faces.resource/jquery/jquery-plugins.js?ln=primefaces&v=4.0 HTTP/1.1" 304 -
190.60.36.2 - - [23/Dec/2023:09:33:05 -0500] "GET /sipse/faces/javax.faces.resource/primefaces.js?ln=primefaces&v=4.0 HTTP/1.1" 304 -
190.60.36.2 - - [23/Dec/2023:09:33:05 -0500] "GET /sipse/faces/javax.faces.resource/layout/layout.js?ln=primefaces&v=4.0 HTTP/1.1" 304 -
190.60.36.2 - - [23/Dec/2023:09:33:05 -0500] "GET /sipse/faces/javax.faces.resource/messages/messages.png?ln=primefaces&v=4.0 HTTP/1.1" 304 -
190.60.36.2 - - [23/Dec/2023:09:33:08 -0500] "POST /sipse/faces/presentacion/sistema/seguridad/seleccionRol.xhtml HTTP/1.1" 200 5801
190.60.36.2 - - [23/Dec/2023:09:33:09 -0500] "POST /sipse/faces/presentacion/sistema/seguridad/seleccionRol.xhtml HTTP/1.1" 200 16463
190.60.36.2 - - [23/Dec/2023:09:33:09 -0500] "GET /sipse/faces/javax.faces.resource/theme.css?ln=primefaces-sipse HTTP/1.1" 304 -
190.60.36.2 - - [23/Dec/2023:09:33:09 -0500] "GET /sipse/faces/javax.faces.resource/primefaces.css?ln=primefaces&v=4.0 HTTP/1.1" 304 -
190.60.36.2 - - [23/Dec/2023:09:33:09 -0500] "GET /sipse/faces/javax.faces.resource/layout/layout.css?ln=primefaces&v=4.0 HTTP/1.1" 304 -
190.60.36.2 - - [23/Dec/2023:09:33:09 -0500] "GET /sipse/faces/javax.faces.resource/jquery/jquery.js?ln=primefaces&v=4.0 HTTP/1.1" 304 -
190.60.36.2 - - [23/Dec/2023:09:33:09 -0500] "GET /sipse/faces/javax.faces.resource/jquery/jquery-plugins.js?ln=primefaces&v=4.0 HTTP/1.1" 304 -
190.60.36.2 - - [23/Dec/2023:09:33:09 -0500] "GET /sipse/faces/javax.faces.resource/primefaces.js?ln=primefaces&v=4.0 HTTP/1.1" 304 -
190.60.36.2 - - [23/Dec/2023:09:33:09 -0500] "GET /sipse/faces/javax.faces.resource/layout/layout.js?ln=primefaces&v=4.0 HTTP/1.1" 304 -
190.60.36.2 - - [23/Dec/2023:09:33:09 -0500] "GET /sipse/css/imagen/contrasena.png HTTP/1.1" 404 383
190.60.36.2 - - [23/Dec/2023:09:33:13 -0500] "GET /sipse/faces/javax.faces.resource/images/ui-bg_flat_0_2d5972_40x100.png?ln=primefaces-aristo HTTP/1.1" 304 -
190.60.36.2 - - [23/Dec/2023:09:33:13 -0500] "POST /sipse/faces/bienvenido.xhtml HTTP/1.1" 200 1471
190.60.36.2 - - [23/Dec/2023:09:33:14 -0500] "POST /sipse/faces/bienvenido.xhtml HTTP/1.1" 200 62237
190.60.36.2 - - [23/Dec/2023:09:33:14 -0500] "GET /sipse/faces/javax.faces.resource/layout/layout.css?ln=primefaces&v=4.0 HTTP/1.1" 304 -
190.60.36.2 - - [23/Dec/2023:09:33:14 -0500] "GET /sipse/faces/javax.faces.resource/theme.css?ln=primefaces-sipse HTTP/1.1" 304 -
190.60.36.2 - - [23/Dec/2023:09:33:14 -0500] "GET /sipse/faces/javax.faces.resource/primefaces.css?ln=primefaces&v=4.0 HTTP/1.1" 304 -
190.60.36.2 - - [23/Dec/2023:09:33:14 -0500] "GET /sipse/faces/javax.faces.resource/jquery/jquery.js?ln=primefaces&v=4.0 HTTP/1.1" 304 -
190.60.36.2 - - [23/Dec/2023:09:33:14 -0500] "GET /sipse/faces/javax.faces.resource/jquery/jquery-plugins.js?ln=primefaces&v=4.0 HTTP/1.1" 304 -
190.60.36.2 - - [23/Dec/2023:09:33:14 -0500] "GET /sipse/faces/javax.faces.resource/primefaces.js?ln=primefaces&v=4.0 HTTP/1.1" 304 -
190.60.36.2 - - [23/Dec/2023:09:33:14 -0500] "GET /sipse/faces/javax.faces.resource/layout/layout.js?ln=primefaces&v=4.0 HTTP/1.1" 304 -
190.60.36.2 - - [23/Dec/2023:09:33:15 -0500] "POST /sipse/faces/presentacion/financiero/solicitudProceso/listarSolicitudProceso.xhtml HTTP/1.1" 200 1564
156.59.198.135 - - [23/Dec/2023:09:33:18 -0500] "GET /BLA/resoluciones/AUTOS%202014/2002.pdf HTTP/1.0" 200 194400
156.59.198.135 - - [23/Dec/2023:09:33:42 -0500] "GET /BLA/resoluciones/Notificaciones/AUTOS%202021/4007.pdf HTTP/1.0" 200 937518
156.59.198.135 - - [23/Dec/2023:09:34:06 -0500] "GET /BLA/resoluciones/Notificaciones/AUTOS%202019/3196.pdf HTTP/1.0" 200 271916
172.22.2.4 - - [23/Dec/2023:09:34:36 -0500] "GET /BLA/boletinlegal/style.css HTTP/1.1" 200 9406
172.22.2.4 - - [23/Dec/2023:09:34:36 -0500] "GET /BLA/boletinlegal/styles2.css HTTP/1.1" 200 1838
172.22.2.4 - - [23/Dec/2023:09:34:37 -0500] "GET /BLA/boletinlegal/js/jquery.js HTTP/1.1" 200 57254
172.22.2.4 - - [23/Dec/2023:09:34:37 -0500] "GET /BLA/boletinlegal/js/jquery.scrollShow.js HTTP/1.1" 200 4586
172.22.2.4 - - [23/Dec/2023:09:34:37 -0500] "GET /BLA/boletinlegal/js/jquery.scrollTo-min.js HTTP/1.1" 200 1150
172.22.2.4 - - [23/Dec/2023:09:34:37 -0500] "GET /BLA/boletinlegal/images/cabezote%20BLEGAL.jpg HTTP/1.1" 200 118164
172.22.2.4 - - [23/Dec/2023:09:34:37 -0500] "GET /BLA/boletinlegal/images/screen_1.png HTTP/1.1" 200 202547
172.22.2.4 - - [23/Dec/2023:09:34:37 -0500] "GET /BLA/boletinlegal/images/historia.png HTTP/1.1" 200 52775
172.22.2.4 - - [23/Dec/2023:09:34:37 -0500] "GET /BLA/boletinlegal/images/registro-usuarios.png HTTP/1.1" 200 8106
172.22.2.4 - - [23/Dec/2023:09:34:37 -0500] "GET /BLA/boletinlegal/images/subscribe-icon-big.png HTTP/1.1" 200 47702
172.22.2.4 - - [23/Dec/2023:09:34:37 -0500] "GET /BLA/boletinlegal/images/body_bg.jpg HTTP/1.1" 200 1601
172.22.2.4 - - [23/Dec/2023:09:34:37 -0500] "GET /BLA/boletinlegal/images/menu_lft.gif HTTP/1.1" 200 1713
172.22.2.4 - - [23/Dec/2023:09:34:37 -0500] "GET /BLA/boletinlegal/images/menu_rght.gif HTTP/1.1" 200 1627
172.22.2.4 - - [23/Dec/2023:09:34:37 -0500] "GET /BLA/boletinlegal/images/menu_bg.jpg HTTP/1.1" 200 620
172.22.2.4 - - [23/Dec/2023:09:34:37 -0500] "GET /BLA/boletinlegal/images/text.jpg HTTP/1.1" 200 568
172.22.2.4 - - [23/Dec/2023:09:34:37 -0500] "GET /BLA/boletinlegal/images/hover.jpg HTTP/1.1" 200 640
172.22.2.4 - - [23/Dec/2023:09:34:37 -0500] "GET /BLA/boletinlegal/images/bg_top.jpg HTTP/1.1" 200 522
172.22.2.4 - - [23/Dec/2023:09:34:37 -0500] "GET /BLA/boletinlegal/images/arr_l.jpg HTTP/1.1" 200 1979
172.22.2.4 - - [23/Dec/2023:09:34:37 -0500] "GET /BLA/boletinlegal/images/launch.jpg HTTP/1.1" 200 14577
156.59.198.136 - - [23/Dec/2023:09:34:39 -0500] "GET /BLA/resoluciones/Notificaciones/AUTOS%202019/3555.pdf HTTP/1.0" 200 254269
172.22.2.4 - - [23/Dec/2023:09:34:44 -0500] "GET /BLA/boletinlegal/images/screen_3.png HTTP/1.1" 200 210620
172.22.2.4 - - [23/Dec/2023:09:34:44 -0500] "GET /BLA/boletinlegal/images/screen_2.png HTTP/1.1" 200 362502
172.22.2.4 - - [23/Dec/2023:09:34:44 -0500] "GET /BLA/boletinlegal/images/footer_bg.jpg HTTP/1.1" 200 586
172.22.2.4 - - [23/Dec/2023:09:34:44 -0500] "GET /BLA/boletinlegal/images/arr_r.jpg HTTP/1.1" 200 1998
172.22.2.4 - - [23/Dec/2023:09:34:44 -0500] "GET /BLA/boletinlegal/images/screen_5.png HTTP/1.1" 200 368876
172.22.2.4 - - [23/Dec/2023:09:34:52 -0500] "GET /BLA/boletinlegal/images/pdf.gif HTTP/1.1" 200 567
156.59.198.135 - - [23/Dec/2023:09:34:55 -0500] "GET /BLA/resoluciones/AUTOS%202014/3507.pdf HTTP/1.0" 200 730031
172.22.2.4 - - [23/Dec/2023:09:35:03 -0500] "GET /BLA/boletinlegal/normativa.php HTTP/1.1" 200 8343
172.22.2.4 - - [23/Dec/2023:09:35:03 -0500] "GET /BLA/boletinlegal/js/ajax_normativa.js HTTP/1.1" 200 1154
172.22.2.4 - - [23/Dec/2023:09:35:03 -0500] "GET /BLA/boletinlegal/niceforms-default.css HTTP/1.1" 200 6694
172.22.2.4 - - [23/Dec/2023:09:35:03 -0500] "GET /BLA/boletinlegal/niceforms.js HTTP/1.1" 200 22876
172.22.2.4 - - [23/Dec/2023:09:35:03 -0500] "GET /BLA/boletinlegal/images/tel.png HTTP/1.1" 200 14477
172.22.2.4 - - [23/Dec/2023:09:35:03 -0500] "GET /BLA/boletinlegal/images/icono-email.png HTTP/1.1" 200 5544
172.22.2.4 - - [23/Dec/2023:09:35:03 -0500] "GET /BLA/boletinlegal/images/footer_bg_l.jpg HTTP/1.1" 200 776
172.22.2.4 - - [23/Dec/2023:09:35:03 -0500] "GET /BLA/boletinlegal/img/0.png HTTP/1.1" 200 110
172.22.2.4 - - [23/Dec/2023:09:35:03 -0500] "GET /BLA/boletinlegal/img/select-left.png HTTP/1.1" 200 263
172.22.2.4 - - [23/Dec/2023:09:35:03 -0500] "GET /BLA/boletinlegal/img/select-right.png HTTP/1.1" 200 44019
172.22.2.4 - - [23/Dec/2023:09:35:03 -0500] "GET /BLA/boletinlegal/img/button-left.png HTTP/1.1" 200 57071
172.22.2.4 - - [23/Dec/2023:09:35:04 -0500] "GET /BLA/boletinlegal/img/button.png HTTP/1.1" 200 43241
172.22.2.4 - - [23/Dec/2023:09:35:04 -0500] "GET /BLA/boletinlegal/favicon.ico HTTP/1.1" 404 1334
172.22.2.4 - - [23/Dec/2023:09:35:04 -0500] "GET /BLA/boletinlegal/img/button-right.png HTTP/1.1" 200 57878
190.60.36.2 - - [23/Dec/2023:09:35:14 -0500] "POST /sipse/faces/presentacion/financiero/solicitudProceso/listarSolicitudProceso.xhtml HTTP/1.1" 200 8880
190.60.36.2 - - [23/Dec/2023:09:35:14 -0500] "POST /sipse/faces/presentacion/financiero/solicitudProceso/listarSolicitudProceso.xhtml HTTP/1.1" 200 8888
156.59.198.136 - - [23/Dec/2023:09:35:19 -0500] "GET /BLA/resoluciones/AUTOS%202014/3055.pdf HTTP/1.0" 200 1835447
216.245.221.92 - - [23/Dec/2023:09:35:25 -0500] "HEAD / HTTP/1.1" 200 -
172.22.2.4 - - [23/Dec/2023:09:34:36 -0500] "GET /BLA/boletinlegal/ HTTP/1.1" 200 40907
156.59.198.136 - - [23/Dec/2023:09:35:43 -0500] "GET /BLA/resoluciones/AUTOS%202014/3087.pdf HTTP/1.0" 200 568139
156.59.198.135 - - [23/Dec/2023:09:36:08 -0500] "GET /BLA/resoluciones/AUTOS%202014/2979.pdf HTTP/1.0" 200 701996
201.245.192.253 - - [23/Dec/2023:09:36:21 -0500] "POST /kwsrmcab/Wsrmcab HTTP/1.1" 200 37971
201.245.192.253 - - [23/Dec/2023:09:36:22 -0500] "POST /kwsrmcab/Wsrmcab  HTTP/1.1" 200 40220
201.245.192.253 - - [23/Dec/2023:09:36:24 -0500] "POST /kwsrmcab/Wsrmcab HTTP/1.1" 200 36821
156.59.198.135 - - [23/Dec/2023:09:36:33 -0500] "GET /BLA/resoluciones/Notificaciones/AUTOS%202021/3825.pdf HTTP/1.0" 200 917960
190.60.36.2 - - [23/Dec/2023:09:36:47 -0500] "POST /sipse/faces/presentacion/financiero/solicitudProceso/listarSolicitudProceso.xhtml HTTP/1.1" 200 121476
190.60.36.2 - - [23/Dec/2023:09:36:48 -0500] "GET /sipse/faces/javax.faces.resource/theme.css?ln=primefaces-sipse HTTP/1.1" 304 -
