190.146.110.33 - - [23/Dec/2023:17:38:06 -0500] "GET /sipse/faces/javax.faces.resource/theme.css?ln=primefaces-sipse HTTP/1.1" 304 -
190.146.110.33 - - [23/Dec/2023:17:38:06 -0500] "GET /sipse/faces/javax.faces.resource/layout/layout.css?ln=primefaces&v=4.0 HTTP/1.1" 304 -
190.146.110.33 - - [23/Dec/2023:17:38:06 -0500] "GET /sipse/faces/javax.faces.resource/primefaces.css?ln=primefaces&v=4.0 HTTP/1.1" 304 -
190.146.110.33 - - [23/Dec/2023:17:38:06 -0500] "GET /sipse/faces/javax.faces.resource/jquery/jquery.js?ln=primefaces&v=4.0 HTTP/1.1" 304 -
190.146.110.33 - - [23/Dec/2023:17:38:07 -0500] "GET /sipse/faces/javax.faces.resource/jquery/jquery-plugins.js?ln=primefaces&v=4.0 HTTP/1.1" 304 -
190.146.110.33 - - [23/Dec/2023:17:38:07 -0500] "GET /sipse/faces/javax.faces.resource/primefaces.js?ln=primefaces&v=4.0 HTTP/1.1" 304 -
190.146.110.33 - - [23/Dec/2023:17:38:07 -0500] "GET /sipse/faces/javax.faces.resource/layout/layout.js?ln=primefaces&v=4.0 HTTP/1.1" 304 -
190.146.110.33 - - [23/Dec/2023:17:38:10 -0500] "POST /sipse/faces/presentacion/financiero/solicitudProceso/consultarSolicitudProceso.xhtml HTTP/1.1" 200 20590
190.146.110.33 - - [23/Dec/2023:17:38:10 -0500] "GET /sipse/faces/javax.faces.resource/theme.css?ln=primefaces-sipse HTTP/1.1" 304 -
190.146.110.33 - - [23/Dec/2023:17:38:10 -0500] "GET /sipse/faces/javax.faces.resource/primefaces.css?ln=primefaces&v=4.0 HTTP/1.1" 304 -
190.146.110.33 - - [23/Dec/2023:17:38:10 -0500] "GET /sipse/faces/javax.faces.resource/layout/layout.css?ln=primefaces&v=4.0 HTTP/1.1" 304 -
190.146.110.33 - - [23/Dec/2023:17:38:10 -0500] "GET /sipse/faces/javax.faces.resource/fileupload/fileupload.css?ln=primefaces&v=4.0 HTTP/1.1" 304 -
190.146.110.33 - - [23/Dec/2023:17:38:10 -0500] "GET /sipse/faces/javax.faces.resource/jquery/jquery-plugins.js?ln=primefaces&v=4.0 HTTP/1.1" 304 -
190.146.110.33 - - [23/Dec/2023:17:38:10 -0500] "GET /sipse/faces/javax.faces.resource/layout/layout.js?ln=primefaces&v=4.0 HTTP/1.1" 304 -
190.146.110.33 - - [23/Dec/2023:17:38:10 -0500] "GET /sipse/faces/javax.faces.resource/primefaces.js?ln=primefaces&v=4.0 HTTP/1.1" 304 -
190.146.110.33 - - [23/Dec/2023:17:38:10 -0500] "GET /sipse/faces/javax.faces.resource/jquery/jquery.js?ln=primefaces&v=4.0 HTTP/1.1" 304 -
190.146.110.33 - - [23/Dec/2023:17:38:10 -0500] "GET /sipse/faces/javax.faces.resource/fileupload/fileupload.js?ln=primefaces&v=4.0 HTTP/1.1" 304 -
156.59.198.136 - - [23/Dec/2023:17:38:11 -0500] "GET /BLA/resoluciones/RESOLUCIONES%202010/4803.pdf HTTP/1.0" 200 367746
186.29.32.34 - - [23/Dec/2023:17:38:20 -0500] "GET /BLA/boletinlegal/consulta_actos.php?tipo=resoluciones&no=3565&usuario=&sector=&fecha=2018&resuelve= HTTP/1.1" 200 626
190.146.110.33 - - [23/Dec/2023:17:38:21 -0500] "GET /sipse/faces/javax.faces.resource/primefaces.css?ln=primefaces&v=4.0 HTTP/1.1" 304 -
190.146.110.33 - - [23/Dec/2023:17:38:21 -0500] "GET /sipse/faces/javax.faces.resource/layout/layout.css?ln=primefaces&v=4.0 HTTP/1.1" 304 -
190.146.110.33 - - [23/Dec/2023:17:38:21 -0500] "GET /sipse/faces/javax.faces.resource/jquery/jquery-plugins.js?ln=primefaces&v=4.0 HTTP/1.1" 304 -
190.146.110.33 - - [23/Dec/2023:17:38:21 -0500] "GET /sipse/faces/javax.faces.resource/theme.css?ln=primefaces-sipse HTTP/1.1" 304 -
190.146.110.33 - - [23/Dec/2023:17:38:21 -0500] "GET /sipse/faces/javax.faces.resource/jquery/jquery.js?ln=primefaces&v=4.0 HTTP/1.1" 304 -
190.146.110.33 - - [23/Dec/2023:17:38:21 -0500] "GET /sipse/faces/javax.faces.resource/primefaces.js?ln=primefaces&v=4.0 HTTP/1.1" 304 -
190.146.110.33 - - [23/Dec/2023:17:38:21 -0500] "GET /sipse/faces/javax.faces.resource/layout/layout.js?ln=primefaces&v=4.0 HTTP/1.1" 304 -
190.146.110.33 - - [23/Dec/2023:17:38:16 -0500] "POST /sipse/faces/presentacion/sistema/anexos/cargarAnexoSolicitudProceso.xhtml HTTP/1.1" 200 170751
190.146.110.33 - - [23/Dec/2023:17:38:27 -0500] "POST /sipse/faces/presentacion/financiero/solicitudProceso/consultarSolicitudProceso.xhtml HTTP/1.1" 200 57829
190.146.110.33 - - [23/Dec/2023:17:38:30 -0500] "GET /sipse/faces/javax.faces.resource/layout/layout.css?ln=primefaces&v=4.0 HTTP/1.1" 304 -
190.146.110.33 - - [23/Dec/2023:17:38:30 -0500] "GET /sipse/faces/javax.faces.resource/primefaces.css?ln=primefaces&v=4.0 HTTP/1.1" 304 -
190.146.110.33 - - [23/Dec/2023:17:38:30 -0500] "GET /sipse/faces/javax.faces.resource/theme.css?ln=primefaces-sipse HTTP/1.1" 304 -
190.146.110.33 - - [23/Dec/2023:17:38:30 -0500] "GET /sipse/js/disable_browser_buttons.js HTTP/1.1" 304 -
190.146.110.33 - - [23/Dec/2023:17:38:30 -0500] "GET /sipse/js/funciones.js HTTP/1.1" 304 -
190.146.110.33 - - [23/Dec/2023:17:38:31 -0500] "GET /sipse/faces/javax.faces.resource/jquery/jquery.js?ln=primefaces&v=4.0 HTTP/1.1" 304 -
190.146.110.33 - - [23/Dec/2023:17:38:31 -0500] "GET /sipse/faces/javax.faces.resource/jquery/jquery-plugins.js?ln=primefaces&v=4.0 HTTP/1.1" 304 -
190.146.110.33 - - [23/Dec/2023:17:38:31 -0500] "GET /sipse/faces/javax.faces.resource/primefaces.js?ln=primefaces&v=4.0 HTTP/1.1" 304 -
190.146.110.33 - - [23/Dec/2023:17:38:32 -0500] "GET /sipse/faces/javax.faces.resource/layout/layout.js?ln=primefaces&v=4.0 HTTP/1.1" 304 -
190.146.110.33 - - [23/Dec/2023:17:38:32 -0500] "POST /sipse/faces/presentacion/financiero/solicitudProceso/listarSolicitudProceso.xhtml HTTP/1.1" 200 1544
156.59.198.135 - - [23/Dec/2023:17:38:34 -0500] "GET /BLA/resoluciones/RESOLUCIONES%202010/6955.pdf HTTP/1.0" 200 246001
186.29.32.34 - - [23/Dec/2023:17:38:36 -0500] "GET /BLA/boletinlegal/consulta_actos.php?tipo=resoluciones&no=3477&usuario=&sector=&fecha=2019&resuelve= HTTP/1.1" 200 626
186.29.32.34 - - [23/Dec/2023:17:38:37 -0500] "GET /BLA/boletinlegal/consulta_actos.php?tipo=resoluciones&no=3477&usuario=&sector=&fecha=2019&resuelve= HTTP/1.1" 200 626
186.29.32.34 - - [23/Dec/2023:17:38:37 -0500] "GET /BLA/boletinlegal/consulta_actos.php?tipo=resoluciones&no=3477&usuario=&sector=&fecha=2019&resuelve= HTTP/1.1" 200 626
186.29.32.34 - - [23/Dec/2023:17:38:37 -0500] "GET /BLA/boletinlegal/consulta_actos.php?tipo=resoluciones&no=3477&usuario=&sector=&fecha=2019&resuelve= HTTP/1.1" 200 626
186.29.32.34 - - [23/Dec/2023:17:38:38 -0500] "GET /BLA/boletinlegal/consulta_actos.php?tipo=resoluciones&no=3477&usuario=&sector=&fecha=2019&resuelve= HTTP/1.1" 200 626
186.29.32.34 - - [23/Dec/2023:17:38:38 -0500] "GET /BLA/boletinlegal/consulta_actos.php?tipo=resoluciones&no=3477&usuario=&sector=&fecha=2019&resuelve= HTTP/1.1" 200 626
190.146.110.33 - - [23/Dec/2023:17:38:38 -0500] "POST /sipse/faces/presentacion/financiero/solicitudProceso/listarSolicitudProceso.xhtml HTTP/1.1" 200 121064
190.146.110.33 - - [23/Dec/2023:17:38:43 -0500] "GET /sipse/faces/javax.faces.resource/theme.css?ln=primefaces-sipse HTTP/1.1" 304 -
190.146.110.33 - - [23/Dec/2023:17:38:43 -0500] "GET /sipse/faces/javax.faces.resource/layout/layout.css?ln=primefaces&v=4.0 HTTP/1.1" 304 -
190.146.110.33 - - [23/Dec/2023:17:38:43 -0500] "GET /sipse/css/custom_css_sg.css HTTP/1.1" 304 -
190.146.110.33 - - [23/Dec/2023:17:38:43 -0500] "GET /sipse/faces/javax.faces.resource/primefaces.css?ln=primefaces&v=4.0 HTTP/1.1" 304 -
190.146.110.33 - - [23/Dec/2023:17:38:43 -0500] "GET /sipse/js/jquery.min.js HTTP/1.1" 304 -
190.146.110.33 - - [23/Dec/2023:17:38:43 -0500] "GET /sipse/faces/javax.faces.resource/jquery/jquery.js?ln=primefaces&v=4.0 HTTP/1.1" 304 -
190.146.110.33 - - [23/Dec/2023:17:38:44 -0500] "GET /sipse/faces/javax.faces.resource/jquery/jquery-plugins.js?ln=primefaces&v=4.0 HTTP/1.1" 304 -
190.146.110.33 - - [23/Dec/2023:17:38:44 -0500] "GET /sipse/faces/javax.faces.resource/primefaces.js?ln=primefaces&v=4.0 HTTP/1.1" 304 -
190.146.110.33 - - [23/Dec/2023:17:38:44 -0500] "GET /sipse/faces/javax.faces.resource/layout/layout.js?ln=primefaces&v=4.0 HTTP/1.1" 304 -
190.146.110.33 - - [23/Dec/2023:17:38:47 -0500] "POST /sipse/faces/presentacion/financiero/solicitudProceso/consultarSolicitudProceso.xhtml HTTP/1.1" 200 36814
190.146.110.33 - - [23/Dec/2023:17:38:47 -0500] "GET /sipse/faces/javax.faces.resource/primefaces.css?ln=primefaces&v=4.0 HTTP/1.1" 304 -
190.146.110.33 - - [23/Dec/2023:17:38:47 -0500] "GET /sipse/faces/javax.faces.resource/layout/layout.css?ln=primefaces&v=4.0 HTTP/1.1" 304 -
190.146.110.33 - - [23/Dec/2023:17:38:47 -0500] "GET /sipse/css/custom_css_sg_prime.css HTTP/1.1" 304 -
190.146.110.33 - - [23/Dec/2023:17:38:47 -0500] "GET /sipse/faces/javax.faces.resource/theme.css?ln=primefaces-sipse HTTP/1.1" 304 -
190.146.110.33 - - [23/Dec/2023:17:38:47 -0500] "GET /sipse/faces/javax.faces.resource/jquery/jquery.js?ln=primefaces&v=4.0 HTTP/1.1" 304 -
190.146.110.33 - - [23/Dec/2023:17:38:47 -0500] "GET /sipse/faces/javax.faces.resource/jquery/jquery-plugins.js?ln=primefaces&v=4.0 HTTP/1.1" 304 -
190.146.110.33 - - [23/Dec/2023:17:38:48 -0500] "GET /sipse/faces/javax.faces.resource/primefaces.js?ln=primefaces&v=4.0 HTTP/1.1" 304 -
190.146.110.33 - - [23/Dec/2023:17:38:48 -0500] "GET /sipse/faces/javax.faces.resource/layout/layout.js?ln=primefaces&v=4.0 HTTP/1.1" 304 -
190.146.110.33 - - [23/Dec/2023:17:38:53 -0500] "POST /sipse/faces/presentacion/contratacion/contrato/registroPresupuestal/expedirRP.xhtml HTTP/1.1" 200 2248
186.29.32.34 - - [23/Dec/2023:17:38:53 -0500] "GET /BLA/boletinlegal/consulta_actos.php?tipo=resoluciones&no=8650&usuario=&sector=&fecha=2009&resuelve= HTTP/1.1" 200 1013
186.29.32.34 - - [23/Dec/2023:17:38:55 -0500] "GET /BLA/resoluciones/RESOLUCIONES%202009/8650.pdf HTTP/1.1" 200 1696584
190.146.110.33 - - [23/Dec/2023:17:38:56 -0500] "POST /sipse/faces/presentacion/contratacion/contrato/registroPresupuestal/expedirRP.xhtml HTTP/1.1" 200 20623
190.146.110.33 - - [23/Dec/2023:17:38:56 -0500] "GET /sipse/faces/javax.faces.resource/primefaces.css?ln=primefaces&v=4.0 HTTP/1.1" 304 -
190.146.110.33 - - [23/Dec/2023:17:38:56 -0500] "GET /sipse/faces/javax.faces.resource/layout/layout.css?ln=primefaces&v=4.0 HTTP/1.1" 304 -
190.146.110.33 - - [23/Dec/2023:17:38:56 -0500] "GET /sipse/faces/javax.faces.resource/theme.css?ln=primefaces-sipse HTTP/1.1" 304 -
190.146.110.33 - - [23/Dec/2023:17:38:56 -0500] "GET /sipse/faces/javax.faces.resource/jquery/jquery.js?ln=primefaces&v=4.0 HTTP/1.1" 304 -
190.146.110.33 - - [23/Dec/2023:17:38:56 -0500] "GET /sipse/faces/javax.faces.resource/jquery/jquery-plugins.js?ln=primefaces&v=4.0 HTTP/1.1" 304 -
190.146.110.33 - - [23/Dec/2023:17:38:56 -0500] "GET /sipse/faces/javax.faces.resource/layout/layout.js?ln=primefaces&v=4.0 HTTP/1.1" 304 -
190.146.110.33 - - [23/Dec/2023:17:38:56 -0500] "GET /sipse/faces/javax.faces.resource/primefaces.js?ln=primefaces&v=4.0 HTTP/1.1" 304 -
190.146.110.33 - - [23/Dec/2023:17:38:56 -0500] "GET /sipse/imagenes/cargando.gif HTTP/1.1" 304 -
190.146.110.33 - - [23/Dec/2023:17:38:57 -0500] "GET /sipse/faces/javax.faces.resource/primefaces.css?ln=primefaces&v=4.0 HTTP/1.1" 304 -
190.146.110.33 - - [23/Dec/2023:17:38:57 -0500] "GET /sipse/faces/javax.faces.resource/theme.css?ln=primefaces-sipse HTTP/1.1" 304 -
190.146.110.33 - - [23/Dec/2023:17:38:57 -0500] "GET /sipse/faces/javax.faces.resource/jquery/jquery.js?ln=primefaces&v=4.0 HTTP/1.1" 304 -
190.146.110.33 - - [23/Dec/2023:17:38:57 -0500] "GET /sipse/faces/javax.faces.resource/layout/layout.css?ln=primefaces&v=4.0 HTTP/1.1" 304 -
190.146.110.33 - - [23/Dec/2023:17:38:57 -0500] "GET /sipse/faces/javax.faces.resource/primefaces.js?ln=primefaces&v=4.0 HTTP/1.1" 304 -
190.146.110.33 - - [23/Dec/2023:17:38:57 -0500] "GET /sipse/faces/javax.faces.resource/jquery/jquery-plugins.js?ln=primefaces&v=4.0 HTTP/1.1" 304 -
190.146.110.33 - - [23/Dec/2023:17:38:57 -0500] "GET /sipse/faces/javax.faces.resource/layout/layout.js?ln=primefaces&v=4.0 HTTP/1.1" 304 -
190.146.110.33 - - [23/Dec/2023:17:38:57 -0500] "POST /sipse/faces/presentacion/contratacion/contrato/registroPresupuestal/consultarActividadesRP.xhtml HTTP/1.1" 200 22899
156.59.198.136 - - [23/Dec/2023:17:38:58 -0500] "GET /BLA/resoluciones/RESOLUCIONES%202007/RES%202007%201801%20AL%201900/RESOLUCION%201838%20DE%202007.pdf HTTP/1.0" 200 309970
190.146.110.33 - - [23/Dec/2023:17:39:03 -0500] "POST /sipse/faces/presentacion/contratacion/contrato/registroPresupuestal/asociarPresupuestoActividadesRP.xhtml HTTP/1.1" 200 36891
190.146.110.33 - - [23/Dec/2023:17:39:03 -0500] "GET /sipse/faces/javax.faces.resource/theme.css?ln=primefaces-sipse HTTP/1.1" 304 -
190.146.110.33 - - [23/Dec/2023:17:39:03 -0500] "GET /sipse/faces/javax.faces.resource/primefaces.css?ln=primefaces&v=4.0 HTTP/1.1" 304 -
190.146.110.33 - - [23/Dec/2023:17:39:03 -0500] "GET /sipse/faces/javax.faces.resource/layout/layout.css?ln=primefaces&v=4.0 HTTP/1.1" 304 -
190.146.110.33 - - [23/Dec/2023:17:39:03 -0500] "GET /sipse/faces/javax.faces.resource/jquery/jquery.js?ln=primefaces&v=4.0 HTTP/1.1" 304 -
190.146.110.33 - - [23/Dec/2023:17:39:03 -0500] "GET /sipse/faces/javax.faces.resource/jquery/jquery-plugins.js?ln=primefaces&v=4.0 HTTP/1.1" 304 -
190.146.110.33 - - [23/Dec/2023:17:39:03 -0500] "GET /sipse/faces/javax.faces.resource/primefaces.js?ln=primefaces&v=4.0 HTTP/1.1" 304 -
190.146.110.33 - - [23/Dec/2023:17:39:03 -0500] "GET /sipse/faces/javax.faces.resource/layout/layout.js?ln=primefaces&v=4.0 HTTP/1.1" 304 -
190.146.110.33 - - [23/Dec/2023:17:39:07 -0500] "POST /sipse/faces/presentacion/contratacion/contrato/registroPresupuestal/expedirRP.xhtml HTTP/1.1" 200 122790
190.146.110.33 - - [23/Dec/2023:17:39:07 -0500] "GET /sipse/faces/javax.faces.resource/theme.css?ln=primefaces-sipse HTTP/1.1" 304 -
190.146.110.33 - - [23/Dec/2023:17:39:07 -0500] "GET /sipse/faces/javax.faces.resource/layout/layout.css?ln=primefaces&v=4.0 HTTP/1.1" 304 -
190.146.110.33 - - [23/Dec/2023:17:39:07 -0500] "GET /sipse/faces/javax.faces.resource/primefaces.css?ln=primefaces&v=4.0 HTTP/1.1" 304 -
190.146.110.33 - - [23/Dec/2023:17:39:07 -0500] "GET /sipse/faces/javax.faces.resource/jquery/jquery.js?ln=primefaces&v=4.0 HTTP/1.1" 304 -
190.146.110.33 - - [23/Dec/2023:17:39:07 -0500] "GET /sipse/faces/javax.faces.resource/jquery/jquery-plugins.js?ln=primefaces&v=4.0 HTTP/1.1" 304 -
190.146.110.33 - - [23/Dec/2023:17:39:07 -0500] "GET /sipse/faces/javax.faces.resource/primefaces.js?ln=primefaces&v=4.0 HTTP/1.1" 304 -
190.146.110.33 - - [23/Dec/2023:17:39:07 -0500] "GET /sipse/faces/javax.faces.resource/layout/layout.js?ln=primefaces&v=4.0 HTTP/1.1" 304 -
201.245.192.253 - - [23/Dec/2023:17:39:08 -0500] "POST /kwsrmcab/Wsrmcab  HTTP/1.1" 200 40220
190.146.110.33 - - [23/Dec/2023:17:39:18 -0500] "POST /sipse/faces/presentacion/financiero/solicitudProceso/consultarSolicitudProceso.xhtml HTTP/1.1" 200 20590
190.146.110.33 - - [23/Dec/2023:17:39:18 -0500] "GET /sipse/faces/javax.faces.resource/theme.css?ln=primefaces-sipse HTTP/1.1" 304 -
190.146.110.33 - - [23/Dec/2023:17:39:18 -0500] "GET /sipse/faces/javax.faces.resource/primefaces.css?ln=primefaces&v=4.0 HTTP/1.1" 304 -
190.146.110.33 - - [23/Dec/2023:17:39:18 -0500] "GET /sipse/faces/javax.faces.resource/layout/layout.css?ln=primefaces&v=4.0 HTTP/1.1" 304 -
190.146.110.33 - - [23/Dec/2023:17:39:18 -0500] "GET /sipse/faces/javax.faces.resource/jquery/jquery.js?ln=primefaces&v=4.0 HTTP/1.1" 304 -
190.146.110.33 - - [23/Dec/2023:17:39:18 -0500] "GET /sipse/faces/javax.faces.resource/primefaces.js?ln=primefaces&v=4.0 HTTP/1.1" 304 -
190.146.110.33 - - [23/Dec/2023:17:39:18 -0500] "GET /sipse/faces/javax.faces.resource/jquery/jquery-plugins.js?ln=primefaces&v=4.0 HTTP/1.1" 304 -
190.146.110.33 - - [23/Dec/2023:17:39:18 -0500] "GET /sipse/faces/javax.faces.resource/fileupload/fileupload.css?ln=primefaces&v=4.0 HTTP/1.1" 304 -
190.146.110.33 - - [23/Dec/2023:17:39:18 -0500] "GET /sipse/faces/javax.faces.resource/fileupload/fileupload.js?ln=primefaces&v=4.0 HTTP/1.1" 304 -
190.146.110.33 - - [23/Dec/2023:17:39:18 -0500] "GET /sipse/faces/javax.faces.resource/layout/layout.js?ln=primefaces&v=4.0 HTTP/1.1" 304 -
156.59.198.136 - - [23/Dec/2023:17:39:24 -0500] "GET /BLA/resoluciones/RESOLUCIONES%202010/7177.pdf HTTP/1.0" 200 75515
190.146.110.33 - - [23/Dec/2023:17:39:26 -0500] "GET /sipse/faces/javax.faces.resource/primefaces.css?ln=primefaces&v=4.0 HTTP/1.1" 304 -
190.146.110.33 - - [23/Dec/2023:17:39:26 -0500] "GET /sipse/faces/javax.faces.resource/layout/layout.css?ln=primefaces&v=4.0 HTTP/1.1" 304 -
190.146.110.33 - - [23/Dec/2023:17:39:26 -0500] "GET /sipse/faces/javax.faces.resource/theme.css?ln=primefaces-sipse HTTP/1.1" 304 -
190.146.110.33 - - [23/Dec/2023:17:39:26 -0500] "GET /sipse/faces/javax.faces.resource/jquery/jquery.js?ln=primefaces&v=4.0 HTTP/1.1" 304 -
190.146.110.33 - - [23/Dec/2023:17:39:26 -0500] "GET /sipse/faces/javax.faces.resource/jquery/jquery-plugins.js?ln=primefaces&v=4.0 HTTP/1.1" 304 -
190.146.110.33 - - [23/Dec/2023:17:39:26 -0500] "GET /sipse/faces/javax.faces.resource/primefaces.js?ln=primefaces&v=4.0 HTTP/1.1" 304 -
190.146.110.33 - - [23/Dec/2023:17:39:26 -0500] "GET /sipse/faces/javax.faces.resource/layout/layout.js?ln=primefaces&v=4.0 HTTP/1.1" 304 -
190.146.110.33 - - [23/Dec/2023:17:39:23 -0500] "POST /sipse/faces/presentacion/sistema/anexos/cargarAnexoSolicitudProceso.xhtml HTTP/1.1" 200 169047
190.146.110.33 - - [23/Dec/2023:17:39:32 -0500] "POST /sipse/faces/presentacion/financiero/solicitudProceso/consultarSolicitudProceso.xhtml HTTP/1.1" 200 57829
190.146.110.33 - - [23/Dec/2023:17:39:34 -0500] "GET /sipse/faces/javax.faces.resource/layout/layout.css?ln=primefaces&v=4.0 HTTP/1.1" 304 -
190.146.110.33 - - [23/Dec/2023:17:39:34 -0500] "GET /sipse/faces/javax.faces.resource/primefaces.css?ln=primefaces&v=4.0 HTTP/1.1" 304 -
190.146.110.33 - - [23/Dec/2023:17:39:34 -0500] "GET /sipse/faces/javax.faces.resource/theme.css?ln=primefaces-sipse HTTP/1.1" 304 -
190.146.110.33 - - [23/Dec/2023:17:39:34 -0500] "GET /sipse/faces/javax.faces.resource/jquery/jquery.js?ln=primefaces&v=4.0 HTTP/1.1" 304 -
190.146.110.33 - - [23/Dec/2023:17:39:34 -0500] "GET /sipse/faces/javax.faces.resource/jquery/jquery-plugins.js?ln=primefaces&v=4.0 HTTP/1.1" 304 -
190.146.110.33 - - [23/Dec/2023:17:39:35 -0500] "GET /sipse/faces/javax.faces.resource/primefaces.js?ln=primefaces&v=4.0 HTTP/1.1" 304 -
190.146.110.33 - - [23/Dec/2023:17:39:35 -0500] "GET /sipse/faces/javax.faces.resource/layout/layout.js?ln=primefaces&v=4.0 HTTP/1.1" 304 -
190.146.110.33 - - [23/Dec/2023:17:39:35 -0500] "POST /sipse/faces/presentacion/financiero/solicitudProceso/listarSolicitudProceso.xhtml HTTP/1.1" 200 1544
190.146.110.33 - - [23/Dec/2023:17:39:40 -0500] "POST /sipse/faces/presentacion/financiero/solicitudProceso/listarSolicitudProceso.xhtml HTTP/1.1" 200 122772
190.146.110.33 - - [23/Dec/2023:17:39:41 -0500] "GET /sipse/faces/javax.faces.resource/layout/layout.css?ln=primefaces&v=4.0 HTTP/1.1" 304 -
190.146.110.33 - - [23/Dec/2023:17:39:41 -0500] "GET /sipse/faces/javax.faces.resource/jquery/jquery.js?ln=primefaces&v=4.0 HTTP/1.1" 304 -
190.146.110.33 - - [23/Dec/2023:17:39:41 -0500] "GET /sipse/faces/javax.faces.resource/primefaces.css?ln=primefaces&v=4.0 HTTP/1.1" 304 -
190.146.110.33 - - [23/Dec/2023:17:39:41 -0500] "GET /sipse/faces/javax.faces.resource/theme.css?ln=primefaces-sipse HTTP/1.1" 304 -
190.146.110.33 - - [23/Dec/2023:17:39:41 -0500] "GET /sipse/faces/javax.faces.resource/jquery/jquery-plugins.js?ln=primefaces&v=4.0 HTTP/1.1" 304 -
190.146.110.33 - - [23/Dec/2023:17:39:41 -0500] "GET /sipse/faces/javax.faces.resource/primefaces.js?ln=primefaces&v=4.0 HTTP/1.1" 304 -
190.146.110.33 - - [23/Dec/2023:17:39:41 -0500] "GET /sipse/faces/javax.faces.resource/layout/layout.js?ln=primefaces&v=4.0 HTTP/1.1" 304 -
186.29.32.34 - - [23/Dec/2023:17:39:47 -0500] "GET /BLA/boletinlegal/consulta_actos.php?tipo=resoluciones&no=1705&usuario=&sector=&fecha=2013&resuelve= HTTP/1.1" 200 1083
156.59.198.135 - - [23/Dec/2023:17:39:47 -0500] "GET /BLA/resoluciones/RESOLUCIONES%202010/5065.pdf HTTP/1.0" 200 407901
186.29.32.34 - - [23/Dec/2023:17:39:48 -0500] "GET /BLA/resoluciones/RESOLUCIONES%202013/1705.pdf HTTP/1.1" 200 4738970
190.146.110.33 - - [23/Dec/2023:17:39:48 -0500] "POST /sipse/faces/presentacion/financiero/solicitudProceso/consultarSolicitudProceso.xhtml HTTP/1.1" 200 36814
190.146.110.33 - - [23/Dec/2023:17:39:48 -0500] "GET /sipse/faces/javax.faces.resource/layout/layout.css?ln=primefaces&v=4.0 HTTP/1.1" 304 -
190.146.110.33 - - [23/Dec/2023:17:39:48 -0500] "GET /sipse/faces/javax.faces.resource/theme.css?ln=primefaces-sipse HTTP/1.1" 304 -
190.146.110.33 - - [23/Dec/2023:17:39:48 -0500] "GET /sipse/faces/javax.faces.resource/primefaces.css?ln=primefaces&v=4.0 HTTP/1.1" 304 -
190.146.110.33 - - [23/Dec/2023:17:39:48 -0500] "GET /sipse/faces/javax.faces.resource/jquery/jquery.js?ln=primefaces&v=4.0 HTTP/1.1" 304 -
190.146.110.33 - - [23/Dec/2023:17:39:48 -0500] "GET /sipse/faces/javax.faces.resource/jquery/jquery-plugins.js?ln=primefaces&v=4.0 HTTP/1.1" 304 -
190.146.110.33 - - [23/Dec/2023:17:39:49 -0500] "GET /sipse/faces/javax.faces.resource/primefaces.js?ln=primefaces&v=4.0 HTTP/1.1" 304 -
190.146.110.33 - - [23/Dec/2023:17:39:49 -0500] "GET /sipse/faces/javax.faces.resource/layout/layout.js?ln=primefaces&v=4.0 HTTP/1.1" 304 -
190.146.110.33 - - [23/Dec/2023:17:39:53 -0500] "POST /sipse/faces/presentacion/contratacion/contrato/registroPresupuestal/expedirRP.xhtml HTTP/1.1" 200 2248
190.146.110.33 - - [23/Dec/2023:17:39:56 -0500] "POST /sipse/faces/presentacion/contratacion/contrato/registroPresupuestal/expedirRP.xhtml HTTP/1.1" 200 20599
190.146.110.33 - - [23/Dec/2023:17:39:57 -0500] "GET /sipse/faces/javax.faces.resource/primefaces.css?ln=primefaces&v=4.0 HTTP/1.1" 304 -
190.146.110.33 - - [23/Dec/2023:17:39:57 -0500] "GET /sipse/faces/javax.faces.resource/layout/layout.css?ln=primefaces&v=4.0 HTTP/1.1" 304 -
190.146.110.33 - - [23/Dec/2023:17:39:57 -0500] "GET /sipse/faces/javax.faces.resource/jquery/jquery.js?ln=primefaces&v=4.0 HTTP/1.1" 304 -
190.146.110.33 - - [23/Dec/2023:17:39:57 -0500] "GET /sipse/faces/javax.faces.resource/theme.css?ln=primefaces-sipse HTTP/1.1" 304 -
190.146.110.33 - - [23/Dec/2023:17:39:57 -0500] "GET /sipse/faces/javax.faces.resource/primefaces.js?ln=primefaces&v=4.0 HTTP/1.1" 304 -
190.146.110.33 - - [23/Dec/2023:17:39:57 -0500] "GET /sipse/faces/javax.faces.resource/jquery/jquery-plugins.js?ln=primefaces&v=4.0 HTTP/1.1" 304 -
190.146.110.33 - - [23/Dec/2023:17:39:57 -0500] "GET /sipse/faces/javax.faces.resource/layout/layout.js?ln=primefaces&v=4.0 HTTP/1.1" 304 -
190.146.110.33 - - [23/Dec/2023:17:39:58 -0500] "GET /sipse/faces/javax.faces.resource/theme.css?ln=primefaces-sipse HTTP/1.1" 304 -
190.146.110.33 - - [23/Dec/2023:17:39:58 -0500] "GET /sipse/faces/javax.faces.resource/primefaces.css?ln=primefaces&v=4.0 HTTP/1.1" 304 -
190.146.110.33 - - [23/Dec/2023:17:39:58 -0500] "GET /sipse/faces/javax.faces.resource/jquery/jquery.js?ln=primefaces&v=4.0 HTTP/1.1" 304 -
190.146.110.33 - - [23/Dec/2023:17:39:58 -0500] "GET /sipse/faces/javax.faces.resource/layout/layout.css?ln=primefaces&v=4.0 HTTP/1.1" 304 -
190.146.110.33 - - [23/Dec/2023:17:39:58 -0500] "GET /sipse/faces/javax.faces.resource/primefaces.js?ln=primefaces&v=4.0 HTTP/1.1" 304 -
190.146.110.33 - - [23/Dec/2023:17:39:58 -0500] "GET /sipse/faces/javax.faces.resource/jquery/jquery-plugins.js?ln=primefaces&v=4.0 HTTP/1.1" 304 -
190.146.110.33 - - [23/Dec/2023:17:39:58 -0500] "GET /sipse/faces/javax.faces.resource/layout/layout.js?ln=primefaces&v=4.0 HTTP/1.1" 304 -
190.146.110.33 - - [23/Dec/2023:17:39:58 -0500] "POST /sipse/faces/presentacion/contratacion/contrato/registroPresupuestal/consultarActividadesRP.xhtml HTTP/1.1" 200 22860
190.146.110.33 - - [23/Dec/2023:17:40:04 -0500] "POST /sipse/faces/presentacion/contratacion/contrato/registroPresupuestal/asociarPresupuestoActividadesRP.xhtml HTTP/1.1" 200 36891
190.146.110.33 - - [23/Dec/2023:17:40:04 -0500] "GET /sipse/faces/javax.faces.resource/theme.css?ln=primefaces-sipse HTTP/1.1" 304 -
190.146.110.33 - - [23/Dec/2023:17:40:04 -0500] "GET /sipse/faces/javax.faces.resource/primefaces.css?ln=primefaces&v=4.0 HTTP/1.1" 304 -
190.146.110.33 - - [23/Dec/2023:17:40:04 -0500] "GET /sipse/faces/javax.faces.resource/layout/layout.css?ln=primefaces&v=4.0 HTTP/1.1" 304 -
190.146.110.33 - - [23/Dec/2023:17:40:04 -0500] "GET /sipse/faces/javax.faces.resource/jquery/jquery.js?ln=primefaces&v=4.0 HTTP/1.1" 304 -
190.146.110.33 - - [23/Dec/2023:17:40:04 -0500] "GET /sipse/faces/javax.faces.resource/jquery/jquery-plugins.js?ln=primefaces&v=4.0 HTTP/1.1" 304 -
190.146.110.33 - - [23/Dec/2023:17:40:04 -0500] "GET /sipse/faces/javax.faces.resource/primefaces.js?ln=primefaces&v=4.0 HTTP/1.1" 304 -
190.146.110.33 - - [23/Dec/2023:17:40:04 -0500] "GET /sipse/faces/javax.faces.resource/layout/layout.js?ln=primefaces&v=4.0 HTTP/1.1" 304 -
190.146.110.33 - - [23/Dec/2023:17:40:10 -0500] "POST /sipse/faces/presentacion/contratacion/contrato/registroPresupuestal/expedirRP.xhtml HTTP/1.1" 200 124498
190.146.110.33 - - [23/Dec/2023:17:40:10 -0500] "GET /sipse/faces/javax.faces.resource/theme.css?ln=primefaces-sipse HTTP/1.1" 304 -
190.146.110.33 - - [23/Dec/2023:17:40:10 -0500] "GET /sipse/faces/javax.faces.resource/primefaces.css?ln=primefaces&v=4.0 HTTP/1.1" 304 -
190.146.110.33 - - [23/Dec/2023:17:40:10 -0500] "GET /sipse/faces/javax.faces.resource/layout/layout.css?ln=primefaces&v=4.0 HTTP/1.1" 304 -
190.146.110.33 - - [23/Dec/2023:17:40:10 -0500] "GET /sipse/faces/javax.faces.resource/jquery/jquery.js?ln=primefaces&v=4.0 HTTP/1.1" 304 -
190.146.110.33 - - [23/Dec/2023:17:40:10 -0500] "GET /sipse/faces/javax.faces.resource/jquery/jquery-plugins.js?ln=primefaces&v=4.0 HTTP/1.1" 304 -
190.146.110.33 - - [23/Dec/2023:17:40:10 -0500] "GET /sipse/faces/javax.faces.resource/primefaces.js?ln=primefaces&v=4.0 HTTP/1.1" 304 -
190.146.110.33 - - [23/Dec/2023:17:40:10 -0500] "GET /sipse/faces/javax.faces.resource/layout/layout.js?ln=primefaces&v=4.0 HTTP/1.1" 304 -
156.59.198.135 - - [23/Dec/2023:17:40:11 -0500] "GET /BLA/resoluciones/RESOLUCIONES%202010/7143.pdf HTTP/1.0" 200 407839
190.146.110.33 - - [23/Dec/2023:17:40:13 -0500] "POST /sipse/faces/presentacion/financiero/solicitudProceso/consultarSolicitudProceso.xhtml HTTP/1.1" 200 20590
190.146.110.33 - - [23/Dec/2023:17:40:14 -0500] "GET /sipse/faces/javax.faces.resource/fileupload/fileupload.css?ln=primefaces&v=4.0 HTTP/1.1" 304 -
190.146.110.33 - - [23/Dec/2023:17:40:14 -0500] "GET /sipse/faces/javax.faces.resource/primefaces.css?ln=primefaces&v=4.0 HTTP/1.1" 304 -
190.146.110.33 - - [23/Dec/2023:17:40:14 -0500] "GET /sipse/faces/javax.faces.resource/theme.css?ln=primefaces-sipse HTTP/1.1" 304 -
190.146.110.33 - - [23/Dec/2023:17:40:14 -0500] "GET /sipse/faces/javax.faces.resource/layout/layout.css?ln=primefaces&v=4.0 HTTP/1.1" 304 -
190.146.110.33 - - [23/Dec/2023:17:40:14 -0500] "GET /sipse/faces/javax.faces.resource/primefaces.js?ln=primefaces&v=4.0 HTTP/1.1" 304 -
190.146.110.33 - - [23/Dec/2023:17:40:14 -0500] "GET /sipse/faces/javax.faces.resource/jquery/jquery-plugins.js?ln=primefaces&v=4.0 HTTP/1.1" 304 -
190.146.110.33 - - [23/Dec/2023:17:40:14 -0500] "GET /sipse/faces/javax.faces.resource/jquery/jquery.js?ln=primefaces&v=4.0 HTTP/1.1" 304 -
190.146.110.33 - - [23/Dec/2023:17:40:14 -0500] "GET /sipse/faces/javax.faces.resource/layout/layout.js?ln=primefaces&v=4.0 HTTP/1.1" 304 -
190.146.110.33 - - [23/Dec/2023:17:40:14 -0500] "GET /sipse/faces/javax.faces.resource/fileupload/fileupload.js?ln=primefaces&v=4.0 HTTP/1.1" 304 -
201.245.192.253 - - [23/Dec/2023:17:40:18 -0500] "POST /kwsrmcab/Wsrmcab HTTP/1.1" 200 36164
190.146.110.33 - - [23/Dec/2023:17:40:23 -0500] "GET /sipse/faces/javax.faces.resource/theme.css?ln=primefaces-sipse HTTP/1.1" 304 -
190.146.110.33 - - [23/Dec/2023:17:40:23 -0500] "GET /sipse/faces/javax.faces.resource/primefaces.css?ln=primefaces&v=4.0 HTTP/1.1" 304 -
190.146.110.33 - - [23/Dec/2023:17:40:23 -0500] "GET /sipse/faces/javax.faces.resource/layout/layout.css?ln=primefaces&v=4.0 HTTP/1.1" 304 -
190.146.110.33 - - [23/Dec/2023:17:40:23 -0500] "GET /sipse/faces/javax.faces.resource/jquery/jquery-plugins.js?ln=primefaces&v=4.0 HTTP/1.1" 304 -
190.146.110.33 - - [23/Dec/2023:17:40:23 -0500] "GET /sipse/faces/javax.faces.resource/jquery/jquery.js?ln=primefaces&v=4.0 HTTP/1.1" 304 -
190.146.110.33 - - [23/Dec/2023:17:40:23 -0500] "GET /sipse/faces/javax.faces.resource/primefaces.js?ln=primefaces&v=4.0 HTTP/1.1" 304 -
190.146.110.33 - - [23/Dec/2023:17:40:23 -0500] "GET /sipse/faces/javax.faces.resource/layout/layout.js?ln=primefaces&v=4.0 HTTP/1.1" 304 -
216.245.221.92 - - [23/Dec/2023:17:40:24 -0500] "HEAD / HTTP/1.1" 200 -
201.245.192.253 - - [23/Dec/2023:17:40:23 -0500] "POST /kwsrmcab/Wsrmcab HTTP/1.1" 200 37054
190.146.110.33 - - [23/Dec/2023:17:40:20 -0500] "POST /sipse/faces/presentacion/sistema/anexos/cargarAnexoSolicitudProceso.xhtml HTTP/1.1" 200 170756
190.146.110.33 - - [23/Dec/2023:17:40:30 -0500] "POST /sipse/faces/presentacion/financiero/solicitudProceso/consultarSolicitudProceso.xhtml HTTP/1.1" 200 57770
190.146.110.33 - - [23/Dec/2023:17:40:32 -0500] "GET /sipse/faces/javax.faces.resource/theme.css?ln=primefaces-sipse HTTP/1.1" 304 -
190.146.110.33 - - [23/Dec/2023:17:40:32 -0500] "GET /sipse/faces/javax.faces.resource/layout/layout.css?ln=primefaces&v=4.0 HTTP/1.1" 304 -
190.146.110.33 - - [23/Dec/2023:17:40:32 -0500] "GET /sipse/faces/javax.faces.resource/primefaces.css?ln=primefaces&v=4.0 HTTP/1.1" 304 -
190.146.110.33 - - [23/Dec/2023:17:40:32 -0500] "GET /sipse/faces/javax.faces.resource/jquery/jquery.js?ln=primefaces&v=4.0 HTTP/1.1" 304 -
190.146.110.33 - - [23/Dec/2023:17:40:32 -0500] "GET /sipse/faces/javax.faces.resource/jquery/jquery-plugins.js?ln=primefaces&v=4.0 HTTP/1.1" 304 -
190.146.110.33 - - [23/Dec/2023:17:40:32 -0500] "GET /sipse/faces/javax.faces.resource/primefaces.js?ln=primefaces&v=4.0 HTTP/1.1" 304 -
190.146.110.33 - - [23/Dec/2023:17:40:32 -0500] "GET /sipse/faces/javax.faces.resource/layout/layout.js?ln=primefaces&v=4.0 HTTP/1.1" 304 -
190.146.110.33 - - [23/Dec/2023:17:40:32 -0500] "POST /sipse/faces/presentacion/financiero/solicitudProceso/listarSolicitudProceso.xhtml HTTP/1.1" 200 1544
190.146.110.33 - - [23/Dec/2023:17:40:34 -0500] "POST /sipse/faces/presentacion/financiero/solicitudProceso/listarSolicitudProceso.xhtml HTTP/1.1" 200 1849
156.59.198.135 - - [23/Dec/2023:17:40:35 -0500] "GET /BLA/resoluciones/RESOLUCIONES%202010/7650.pdf HTTP/1.0" 200 399784
190.146.110.33 - - [23/Dec/2023:17:40:37 -0500] "POST /sipse/faces/presentacion/financiero/solicitudProceso/listarSolicitudProceso.xhtml HTTP/1.1" 200 27319
190.146.110.33 - - [23/Dec/2023:17:40:37 -0500] "GET /sipse/faces/javax.faces.resource/theme.css?ln=primefaces-sipse HTTP/1.1" 304 -
190.146.110.33 - - [23/Dec/2023:17:40:37 -0500] "GET /sipse/faces/javax.faces.resource/primefaces.css?ln=primefaces&v=4.0 HTTP/1.1" 304 -
190.146.110.33 - - [23/Dec/2023:17:40:37 -0500] "GET /sipse/faces/javax.faces.resource/layout/layout.css?ln=primefaces&v=4.0 HTTP/1.1" 304 -
190.146.110.33 - - [23/Dec/2023:17:40:37 -0500] "GET /sipse/faces/javax.faces.resource/jquery/jquery.js?ln=primefaces&v=4.0 HTTP/1.1" 304 -
190.146.110.33 - - [23/Dec/2023:17:40:37 -0500] "GET /sipse/faces/javax.faces.resource/jquery/jquery-plugins.js?ln=primefaces&v=4.0 HTTP/1.1" 304 -
190.146.110.33 - - [23/Dec/2023:17:40:37 -0500] "GET /sipse/faces/javax.faces.resource/primefaces.js?ln=primefaces&v=4.0 HTTP/1.1" 304 -
190.146.110.33 - - [23/Dec/2023:17:40:37 -0500] "GET /sipse/faces/javax.faces.resource/layout/layout.js?ln=primefaces&v=4.0 HTTP/1.1" 304 -
190.146.110.33 - - [23/Dec/2023:17:40:37 -0500] "POST /sipse/faces/presentacion/financiero/solicitudProceso/solicitudProcesoOtrosPagos.xhtml HTTP/1.1" 200 20579
156.59.198.135 - - [23/Dec/2023:17:40:59 -0500] "GET /BLA/resoluciones/RESOLUCIONES%202009/1638.pdf HTTP/1.0" 200 426689
156.59.198.135 - - [23/Dec/2023:17:41:24 -0500] "GET /BLA/resoluciones/RESOLUCIONES%202014/2931.pdf HTTP/1.0" 200 1065788
116.203.250.97 - - [23/Dec/2023:17:41:46 -0500] "GET / HTTP/1.1" 200 4720
172.22.2.4 - - [23/Dec/2023:17:40:06 -0500] "HEAD /BLA/boletinlegal/ HTTP/1.1" 200 -
116.203.250.97 - - [23/Dec/2023:17:41:47 -0500] "GET / HTTP/1.1" 200 319
156.59.198.135 - - [23/Dec/2023:17:41:49 -0500] "GET /BLA/resoluciones/AUTOS%202018/4274.pdf HTTP/1.0" 200 250067
156.59.198.135 - - [23/Dec/2023:17:42:13 -0500] "GET /BLA/resoluciones/Notificaciones/AUTOS%202021/5656.pdf HTTP/1.0" 200 350676
31.13.127.117 - - [23/Dec/2023:17:42:27 -0500] "GET /distrito-exalta-48-arboles-patrimoniales-y-15-de-interes-publico-en-bogota.html HTTP/1.1" 200 816
31.13.127.16 - - [23/Dec/2023:17:42:27 -0500] "GET /distrito-exalta-48-arboles-patrimoniales-y-15-de-interes-publico-en-bogota.html HTTP/1.1" 200 816
31.13.127.16 - - [23/Dec/2023:17:42:27 -0500] "GET /distrito-exalta-48-arboles-patrimoniales-y-15-de-interes-publico-en-bogota.html HTTP/1.1" 200 816
31.13.127.14 - - [23/Dec/2023:17:42:27 -0500] "GET /distrito-exalta-48-arboles-patrimoniales-y-15-de-interes-publico-en-bogota.html HTTP/1.1" 200 816
156.59.198.136 - - [23/Dec/2023:17:42:37 -0500] "GET /BLA/resoluciones/RESOLUCIONES%202010/4181.pdf HTTP/1.0" 200 219483
172.22.2.4 - - [23/Dec/2023:17:40:57 -0500] "GET /BLA/boletinlegal/ HTTP/1.1" 200 58172
156.59.198.135 - - [23/Dec/2023:17:43:02 -0500] "GET /BLA/resoluciones/RESOLUCIONES%202010/3629.pdf HTTP/1.0" 200 322684
156.59.198.135 - - [23/Dec/2023:17:43:25 -0500] "GET /BLA/resoluciones/RESOLUCIONES%202010/4556.pdf HTTP/1.0" 200 542565
156.59.198.136 - - [23/Dec/2023:17:43:50 -0500] "GET /BLA/resoluciones/AUTOS%202007/3655.pdf HTTP/1.0" 200 114911
216.244.66.195 - - [23/Dec/2023:17:43:53 -0500] "GET /robots.txt HTTP/1.1" 404 1018
201.245.192.253 - - [23/Dec/2023:17:44:07 -0500] "POST /kwsrmcab/Wsrmcab  HTTP/1.1" 200 40220
156.59.198.136 - - [23/Dec/2023:17:44:15 -0500] "GET /BLA/resoluciones/RESOLUCIONES%202009/1897.pdf HTTP/1.0" 200 853792
156.59.198.136 - - [23/Dec/2023:17:44:39 -0500] "GET /BLA/resoluciones/Notificaciones/AUTOS%202019/3626.pdf HTTP/1.0" 200 225298
156.59.198.135 - - [23/Dec/2023:17:45:04 -0500] "GET /BLA/resoluciones/RESOLUCIONES%202009/1971.pdf HTTP/1.0" 200 669621
216.245.221.92 - - [23/Dec/2023:17:45:24 -0500] "HEAD / HTTP/1.1" 200 -
156.59.198.136 - - [23/Dec/2023:17:45:28 -0500] "GET /BLA/resoluciones/RESOLUCIONES%202010/2510.pdf HTTP/1.0" 200 276675
156.59.198.135 - - [23/Dec/2023:17:45:51 -0500] "GET /BLA/resoluciones/RESOLUCIONES%202010/3304.pdf HTTP/1.0" 200 505745
69.63.184.116 - - [23/Dec/2023:17:46:09 -0500] "GET /images/Aves%20SDA.jpeg HTTP/1.1" 200 75104
156.59.198.135 - - [23/Dec/2023:17:46:16 -0500] "GET /BLA/resoluciones/RESOLUCIONES%202022/2485.pdf HTTP/1.0" 200 429862
156.59.198.136 - - [23/Dec/2023:17:46:40 -0500] "GET /BLA/resoluciones/AUTOS%202014/3800.pdf HTTP/1.0" 200 554412
156.59.198.136 - - [23/Dec/2023:17:47:04 -0500] "GET /BLA/resoluciones/RESOLUCIONES%202010/2026.pdf HTTP/1.0" 200 336069
156.59.198.135 - - [23/Dec/2023:17:47:28 -0500] "GET /BLA/resoluciones/RESOLUCIONES%202009/1655.pdf HTTP/1.0" 200 409405
172.22.2.4 - - [23/Dec/2023:17:45:56 -0500] "HEAD /BLA/boletinlegal/ HTTP/1.1" 200 -
172.22.2.4 - - [23/Dec/2023:17:47:51 -0500] "GET /BLA/boletinlegal/robots.txt HTTP/1.1" 404 1038
156.59.198.136 - - [23/Dec/2023:17:47:52 -0500] "GET /BLA/resoluciones/Notificaciones/REGISTROS%202020/01777.pdf HTTP/1.0" 200 372944
156.59.198.135 - - [23/Dec/2023:17:48:17 -0500] "GET /BLA/resoluciones/RESOLUCIONES%202014/3667.pdf HTTP/1.0" 200 23898243
172.22.2.4 - - [23/Dec/2023:17:46:47 -0500] "GET /BLA/boletinlegal/ HTTP/1.1" 200 55379
156.59.198.135 - - [23/Dec/2023:17:48:41 -0500] "GET /BLA/resoluciones/RESOLUCIONES%202022/5024.pdf HTTP/1.0" 200 427869
156.59.198.135 - - [23/Dec/2023:17:49:05 -0500] "GET /BLA/resoluciones/RESOLUCIONES%202022/0236.pdf HTTP/1.0" 200 342303
201.245.192.253 - - [23/Dec/2023:17:49:06 -0500] "POST /kwsrmcab/Wsrmcab  HTTP/1.1" 200 40220
156.59.198.135 - - [23/Dec/2023:17:49:29 -0500] "GET /BLA/resoluciones/Notificaciones/AUTOS%202019/2545.pdf HTTP/1.0" 200 257832
172.22.2.4 - - [23/Dec/2023:17:47:52 -0500] "GET /BLA/boletinlegal/index.php HTTP/1.1" 200 59330
156.59.198.136 - - [23/Dec/2023:17:49:54 -0500] "GET /BLA/resoluciones/Notificaciones/RESOLUCIONES%202021/2175.pdf HTTP/1.0" 200 1146106
156.59.198.136 - - [23/Dec/2023:17:50:18 -0500] "GET /BLA/resoluciones/RESOLUCIONES%202010/4932.pdf HTTP/1.0" 200 519857
216.245.221.92 - - [23/Dec/2023:17:50:24 -0500] "HEAD / HTTP/1.1" 200 -
156.59.198.136 - - [23/Dec/2023:17:50:42 -0500] "GET /BLA/resoluciones/AUTOS%202014/4581.pdf HTTP/1.0" 200 532009
157.55.39.49 - - [23/Dec/2023:17:50:57 -0500] "GET /BLA/resoluciones/index.php HTTP/1.1" 200 13696
50.18.94.33 - - [23/Dec/2023:17:51:01 -0500] "GET / HTTP/1.1" 200 319
156.59.198.135 - - [23/Dec/2023:17:51:07 -0500] "GET /BLA/resoluciones/RESOLUCIONES%202007/RES%202007%201401%20AL%201500/RESOLUCION%201460%20DE%202007.pdf HTTP/1.0" 200 297231
157.55.39.49 - - [23/Dec/2023:17:51:18 -0500] "GET /sipse/faces/index.xhtml HTTP/1.1" 200 677
156.59.198.136 - - [23/Dec/2023:17:51:31 -0500] "GET /BLA/resoluciones/Notificaciones/AUTOS%202021/5116.pdf HTTP/1.0" 200 357023
156.59.198.136 - - [23/Dec/2023:17:51:55 -0500] "GET /BLA/resoluciones/RESOLUCIONES%202022/0335.pdf HTTP/1.0" 200 489187
156.59.198.135 - - [23/Dec/2023:17:52:21 -0500] "GET /BLA/resoluciones/RESOLUCIONES%202007/RES%202007%201401%20AL%201500/RESOLUCION%201461%20DE%202007.pdf HTTP/1.0" 200 367577
156.59.198.135 - - [23/Dec/2023:17:52:45 -0500] "GET /BLA/resoluciones/RESOLUCIONES%202022/4993.pdf HTTP/1.0" 200 489087
66.249.66.21 - - [23/Dec/2023:17:53:07 -0500] "GET /portel_dama/libreria/php/2006/ECOSISTEMAS%20FINAL%20web_mz27/restauracion/sitio/22_proye/xtras_in/cni_3.pdf HTTP/1.1" 404 1018
156.59.198.136 - - [23/Dec/2023:17:53:10 -0500] "GET /BLA/resoluciones/RESOLUCIONES%202022/1917.pdf HTTP/1.0" 200 352035
172.22.2.4 - - [23/Dec/2023:17:51:46 -0500] "HEAD /BLA/boletinlegal/ HTTP/1.1" 200 -
156.59.198.135 - - [23/Dec/2023:17:53:34 -0500] "GET /BLA/resoluciones/RESOLUCIONES%202010/4865.pdf HTTP/1.0" 200 751437
156.59.198.136 - - [23/Dec/2023:17:53:58 -0500] "GET /BLA/resoluciones/RESOLUCIONES%202014/2746.pdf HTTP/1.0" 200 186499
201.245.192.253 - - [23/Dec/2023:17:54:04 -0500] "POST /kwsrmcab/Wsrmcab  HTTP/1.1" 200 40220
172.22.2.4 - - [23/Dec/2023:17:52:37 -0500] "GET /BLA/boletinlegal/ HTTP/1.1" 200 58969
156.59.198.136 - - [23/Dec/2023:17:54:23 -0500] "GET /BLA/resoluciones/Notificaciones/RESOLUCIONES%202022/2068.pdf HTTP/1.0" 200 412707
156.59.198.135 - - [23/Dec/2023:17:54:46 -0500] "GET /BLA/resoluciones/RESOLUCIONES%202010/4274.pdf HTTP/1.0" 200 59558
156.59.198.136 - - [23/Dec/2023:17:55:11 -0500] "GET /BLA/resoluciones/RESOLUCIONES%202014/2520.pdf HTTP/1.0" 200 288142
216.245.221.92 - - [23/Dec/2023:17:55:24 -0500] "HEAD / HTTP/1.1" 200 -
156.59.198.135 - - [23/Dec/2023:17:55:35 -0500] "GET /BLA/resoluciones/RESOLUCIONES%202022/2070.pdf HTTP/1.0" 200 397251
156.59.198.135 - - [23/Dec/2023:17:55:59 -0500] "GET /BLA/resoluciones/RESOLUCIONES%202009/1536.pdf HTTP/1.0" 200 631744
156.59.198.136 - - [23/Dec/2023:17:56:24 -0500] "GET /BLA/resoluciones/Notificaciones/AUTOS%202021/4614.pdf HTTP/1.0" 200 340157
156.59.198.136 - - [23/Dec/2023:17:56:48 -0500] "GET /BLA/resoluciones/RESOLUCIONES%202007/RES%202007%204101%20AL%204200/RESOLUCION%204197%20DE%202007.pdf HTTP/1.0" 200 261673
156.59.198.136 - - [23/Dec/2023:17:57:13 -0500] "GET /BLA/resoluciones/RESOLUCIONES%202014/3759.pdf HTTP/1.0" 200 529608
156.59.198.136 - - [23/Dec/2023:17:57:38 -0500] "GET /BLA/resoluciones/RESOLUCIONES%202010/3274.pdf HTTP/1.0" 200 746035
156.59.198.136 - - [23/Dec/2023:17:58:02 -0500] "GET /BLA/resoluciones/Notificaciones/AUTOS%202018/03916.pdf HTTP/1.0" 200 276788
66.249.66.20 - - [23/Dec/2023:17:58:16 -0500] "GET /BLA/resoluciones/AUTOS%202013/1759.pdf HTTP/1.1" 200 220928
156.59.198.136 - - [23/Dec/2023:17:58:26 -0500] "GET /BLA/resoluciones/RESOLUCIONES%202010/7668.pdf HTTP/1.0" 200 422047
156.59.198.135 - - [23/Dec/2023:17:58:51 -0500] "GET /BLA/resoluciones/RESOLUCIONES%202010/4013.pdf HTTP/1.0" 200 145170
201.245.192.253 - - [23/Dec/2023:17:59:03 -0500] "POST /kwsrmcab/Wsrmcab  HTTP/1.1" 200 40220
156.59.198.136 - - [23/Dec/2023:17:59:15 -0500] "GET /BLA/resoluciones/RESOLUCIONES%202010/RESOLUCION%206919%20DE%202010.PDF HTTP/1.0" 200 304181
172.22.2.4 - - [23/Dec/2023:17:57:36 -0500] "HEAD /BLA/boletinlegal/ HTTP/1.1" 200 -
156.59.198.135 - - [23/Dec/2023:17:59:40 -0500] "GET /BLA/resoluciones/RESOLUCIONES%202022/1000.pdf HTTP/1.0" 200 378950
66.249.66.19 - - [23/Dec/2023:18:00:01 -0500] "GET /Publicaciones/2023EE297164.pdf HTTP/1.1" 200 373293
66.249.66.19 - - [23/Dec/2023:18:00:02 -0500] "GET /BLA/resoluciones/Notificaciones/AUTOS%202023/5910.pdf HTTP/1.1" 200 929721
156.59.198.136 - - [23/Dec/2023:18:00:03 -0500] "GET /BLA/resoluciones/Notificaciones/RESOLUCIONES%202022/%202759.pdf HTTP/1.0" 200 420367
172.22.2.4 - - [23/Dec/2023:17:58:27 -0500] "GET /BLA/boletinlegal/ HTTP/1.1" 200 58567
216.244.66.195 - - [23/Dec/2023:18:00:21 -0500] "GET /BLA/resoluciones/AUTOS%202019/0099.pdf HTTP/1.1" 200 319524
216.245.221.92 - - [23/Dec/2023:18:00:24 -0500] "HEAD / HTTP/1.1" 200 -
156.59.198.136 - - [23/Dec/2023:18:00:27 -0500] "GET /BLA/resoluciones/AUTOS%202018/1228.pdf HTTP/1.0" 200 259903
216.244.66.195 - - [23/Dec/2023:18:00:51 -0500] "GET /BLA/resoluciones/AUTOS%202019/0100.pdf HTTP/1.1" 200 252122
156.59.198.136 - - [23/Dec/2023:18:00:51 -0500] "GET /BLA/resoluciones/RESOLUCIONES%202007/RES%202007%20401%20AL%20500/RESOLUCION%200430%20DE%202007.pdf HTTP/1.0" 200 654936
66.249.66.20 - - [23/Dec/2023:18:00:55 -0500] "GET /BLA/resoluciones/RESOLUCIONES%202009/0291.pdf HTTP/1.1" 200 562301
156.59.198.136 - - [23/Dec/2023:18:01:15 -0500] "GET /BLA/resoluciones/Notificaciones/RESOLUCIONES%202021/00392.pdf HTTP/1.0" 200 505016
216.244.66.195 - - [23/Dec/2023:18:01:32 -0500] "GET /BLA/resoluciones/AUTOS%202019/1745.pdf HTTP/1.1" 200 256347
156.59.198.135 - - [23/Dec/2023:18:01:40 -0500] "GET /BLA/resoluciones/Notificaciones/AUTOS%202019/5298.pdf HTTP/1.0" 200 284182
156.59.198.136 - - [23/Dec/2023:18:02:05 -0500] "GET /BLA/resoluciones/RESOLUCIONES%202022/2763.pdf HTTP/1.0" 200 354617
216.244.66.195 - - [23/Dec/2023:18:02:19 -0500] "GET /BLA/resoluciones/AUTOS%202019/1756.pdf HTTP/1.1" 200 255298
156.59.198.135 - - [23/Dec/2023:18:02:29 -0500] "GET /BLA/resoluciones/RESOLUCIONES%202010/4876.pdf HTTP/1.0" 200 748263
66.249.66.21 - - [23/Dec/2023:18:02:42 -0500] "GET /BLA/resoluciones/RESOLUCIONES%202014/2709.pdf HTTP/1.1" 200 295200
156.59.198.136 - - [23/Dec/2023:18:02:54 -0500] "GET /BLA/resoluciones/Notificaciones/AUTOS%202019/2556.pdf HTTP/1.0" 200 256663
216.244.66.195 - - [23/Dec/2023:18:03:08 -0500] "GET /BLA/resoluciones/AUTOS%202019/2051.pdf HTTP/1.1" 200 257157
156.59.198.135 - - [23/Dec/2023:18:03:18 -0500] "GET /BLA/resoluciones/AUTOS%202014/2681.pdf HTTP/1.0" 200 617953
156.59.198.136 - - [23/Dec/2023:18:03:41 -0500] "GET /BLA/resoluciones/AUTOS%202014/4445.pdf HTTP/1.0" 200 520129
216.244.66.195 - - [23/Dec/2023:18:03:56 -0500] "GET /BLA/resoluciones/AUTOS%202019/2637.pdf HTTP/1.1" 200 269938
201.245.192.253 - - [23/Dec/2023:18:04:02 -0500] "POST /kwsrmcab/Wsrmcab  HTTP/1.1" 200 40220
156.59.198.135 - - [23/Dec/2023:18:04:06 -0500] "GET /BLA/resoluciones/RESOLUCIONES%202007/RES%202007%204201%20AL%204300/RESOLUCION%204230%20DE%202007.pdf HTTP/1.0" 200 97245
156.59.198.136 - - [23/Dec/2023:18:04:31 -0500] "GET /BLA/resoluciones/RESOLUCIONES%202010/7381.pdf HTTP/1.0" 200 293427
216.244.66.195 - - [23/Dec/2023:18:04:41 -0500] "GET /BLA/resoluciones/AUTOS%202019/2843.pdf HTTP/1.1" 200 342140
66.249.66.20 - - [23/Dec/2023:18:04:46 -0500] "GET /sig/CALIDAD/NORMATIVIDAD/NTC-ISO14001%202004.pdf HTTP/1.1" 404 1018
156.59.198.136 - - [23/Dec/2023:18:04:54 -0500] "GET /BLA/resoluciones/RESOLUCIONES%202022/5144.pdf HTTP/1.0" 200 469912
172.22.2.4 - - [23/Dec/2023:18:03:26 -0500] "HEAD /BLA/boletinlegal/ HTTP/1.1" 200 -
156.59.198.135 - - [23/Dec/2023:18:05:19 -0500] "GET /BLA/resoluciones/RESOLUCIONES%202010/RESOLUCION%206455%20DE%202010.PDF HTTP/1.0" 200 27568
181.56.171.197 - - [23/Dec/2023:18:05:23 -0500] "GET /sipse/faces/javax.faces.resource/theme.css?ln=primefaces-sipse HTTP/1.1" 304 -
181.56.171.197 - - [23/Dec/2023:18:05:23 -0500] "GET /sipse/faces/faces/autenticacion.xhtml HTTP/1.1" 200 12407
181.56.171.197 - - [23/Dec/2023:18:05:23 -0500] "GET /sipse/css/custom_css_sg.css HTTP/1.1" 304 -
181.56.171.197 - - [23/Dec/2023:18:05:23 -0500] "GET /sipse/css/custom_css_sg_prime_login.css HTTP/1.1" 304 -
181.56.171.197 - - [23/Dec/2023:18:05:24 -0500] "GET /sipse/faces/javax.faces.resource/theme.css?ln=primefaces-sipse HTTP/1.1" 304 -
181.56.171.197 - - [23/Dec/2023:18:05:24 -0500] "GET /sipse/faces/javax.faces.resource/primefaces.css?ln=primefaces&v=4.0 HTTP/1.1" 304 -
181.56.171.197 - - [23/Dec/2023:18:05:24 -0500] "GET /sipse/js/disable_browser_buttons.js HTTP/1.1" 304 -
181.56.171.197 - - [23/Dec/2023:18:05:24 -0500] "GET /sipse/faces/javax.faces.resource/layout/layout.css?ln=primefaces&v=4.0 HTTP/1.1" 304 -
181.56.171.197 - - [23/Dec/2023:18:05:24 -0500] "GET /sipse/js/funciones.js HTTP/1.1" 304 -
181.56.171.197 - - [23/Dec/2023:18:05:24 -0500] "GET /sipse/faces/javax.faces.resource/jquery/jquery.js?ln=primefaces&v=4.0 HTTP/1.1" 304 -
181.56.171.197 - - [23/Dec/2023:18:05:24 -0500] "GET /sipse/faces/javax.faces.resource/primefaces.js?ln=primefaces&v=4.0 HTTP/1.1" 304 -
181.56.171.197 - - [23/Dec/2023:18:05:24 -0500] "GET /sipse/faces/javax.faces.resource/jquery/jquery-plugins.js?ln=primefaces&v=4.0 HTTP/1.1" 304 -
181.56.171.197 - - [23/Dec/2023:18:05:24 -0500] "GET /sipse/faces/javax.faces.resource/layout/layout.js?ln=primefaces&v=4.0 HTTP/1.1" 304 -
181.56.171.197 - - [23/Dec/2023:18:05:24 -0500] "GET /sipse/css/imagen/loginimg.png HTTP/1.1" 304 -
181.56.171.197 - - [23/Dec/2023:18:05:24 -0500] "GET /sipse/css/imagen/logoSDG.png HTTP/1.1" 304 -
181.56.171.197 - - [23/Dec/2023:18:05:24 -0500] "GET /sipse/faces/javax.faces.resource/images/ui-icons_898989_256x240.png?ln=primefaces-aristo HTTP/1.1" 304 -
216.245.221.92 - - [23/Dec/2023:18:05:24 -0500] "HEAD / HTTP/1.1" 200 -
216.244.66.195 - - [23/Dec/2023:18:05:25 -0500] "GET /BLA/resoluciones/AUTOS%202019/2873.pdf HTTP/1.1" 200 340571
34.91.15.32 - - [23/Dec/2023:18:05:27 -0500] "GET /distrito-exalto-a-246-empresas-de-bogota-por-su-alto-desempeno-y-responsabilidad-ambiental-durante-2023.html HTTP/1.1" 200 1039
181.56.171.197 - - [23/Dec/2023:18:05:37 -0500] "POST /sipse/faces/autenticacion.xhtml HTTP/1.1" 200 2220
181.56.171.197 - - [23/Dec/2023:18:05:37 -0500] "GET /sipse/faces/javax.faces.resource/messages/messages.png?ln=primefaces&v=4.0 HTTP/1.1" 304 -
181.56.171.197 - - [23/Dec/2023:18:05:40 -0500] "POST /sipse/faces/autenticacion.xhtml HTTP/1.1" 200 16461
181.56.171.197 - - [23/Dec/2023:18:05:40 -0500] "GET /sipse/css/custom_css_sg_prime.css HTTP/1.1" 304 -
181.56.171.197 - - [23/Dec/2023:18:05:40 -0500] "GET /sipse/faces/javax.faces.resource/primefaces.css?ln=primefaces&v=4.0 HTTP/1.1" 304 -
181.56.171.197 - - [23/Dec/2023:18:05:40 -0500] "GET /sipse/faces/javax.faces.resource/theme.css?ln=primefaces-sipse HTTP/1.1" 304 -
181.56.171.197 - - [23/Dec/2023:18:05:40 -0500] "GET /sipse/js/jquery.min.js HTTP/1.1" 304 -
181.56.171.197 - - [23/Dec/2023:18:05:40 -0500] "GET /sipse/faces/javax.faces.resource/layout/layout.css?ln=primefaces&v=4.0 HTTP/1.1" 304 -
181.56.171.197 - - [23/Dec/2023:18:05:40 -0500] "GET /sipse/faces/javax.faces.resource/jquery/jquery.js?ln=primefaces&v=4.0 HTTP/1.1" 304 -
181.56.171.197 - - [23/Dec/2023:18:05:40 -0500] "GET /sipse/faces/javax.faces.resource/jquery/jquery-plugins.js?ln=primefaces&v=4.0 HTTP/1.1" 304 -
181.56.171.197 - - [23/Dec/2023:18:05:40 -0500] "GET /sipse/faces/javax.faces.resource/primefaces.js?ln=primefaces&v=4.0 HTTP/1.1" 304 -
181.56.171.197 - - [23/Dec/2023:18:05:40 -0500] "GET /sipse/faces/javax.faces.resource/layout/layout.js?ln=primefaces&v=4.0 HTTP/1.1" 304 -
181.56.171.197 - - [23/Dec/2023:18:05:40 -0500] "GET /sipse/css/v_mergente.css HTTP/1.1" 304 -
181.56.171.197 - - [23/Dec/2023:18:05:40 -0500] "GET /sipse/css/imagen/contrasena.png HTTP/1.1" 404 383
181.56.171.197 - - [23/Dec/2023:18:05:40 -0500] "GET /sipse/imagenes/logoAplicacion.jpg HTTP/1.1" 304 -
181.56.171.197 - - [23/Dec/2023:18:05:40 -0500] "GET /sipse/imagenes/cargando.gif HTTP/1.1" 304 -
181.56.171.197 - - [23/Dec/2023:18:05:42 -0500] "GET /sipse/faces/javax.faces.resource/images/ui-bg_flat_0_2d5972_40x100.png?ln=primefaces-aristo HTTP/1.1" 304 -
181.56.171.197 - - [23/Dec/2023:18:05:42 -0500] "POST /sipse/faces/bienvenido.xhtml HTTP/1.1" 200 2658
156.59.198.136 - - [23/Dec/2023:18:05:44 -0500] "GET /BLA/resoluciones/RESOLUCIONES%202022/3648.pdf HTTP/1.0" 200 381910
181.56.171.197 - - [23/Dec/2023:18:05:43 -0500] "POST /sipse/faces/bienvenido.xhtml HTTP/1.1" 200 65026
181.56.171.197 - - [23/Dec/2023:18:05:44 -0500] "GET /sipse/faces/javax.faces.resource/theme.css?ln=primefaces-sipse HTTP/1.1" 304 -
181.56.171.197 - - [23/Dec/2023:18:05:44 -0500] "GET /sipse/faces/javax.faces.resource/layout/layout.css?ln=primefaces&v=4.0 HTTP/1.1" 304 -
181.56.171.197 - - [23/Dec/2023:18:05:44 -0500] "GET /sipse/faces/javax.faces.resource/primefaces.css?ln=primefaces&v=4.0 HTTP/1.1" 304 -
181.56.171.197 - - [23/Dec/2023:18:05:44 -0500] "GET /sipse/faces/javax.faces.resource/jquery/jquery.js?ln=primefaces&v=4.0 HTTP/1.1" 304 -
181.56.171.197 - - [23/Dec/2023:18:05:44 -0500] "GET /sipse/faces/javax.faces.resource/jquery/jquery-plugins.js?ln=primefaces&v=4.0 HTTP/1.1" 304 -
181.56.171.197 - - [23/Dec/2023:18:05:44 -0500] "GET /sipse/faces/javax.faces.resource/primefaces.js?ln=primefaces&v=4.0 HTTP/1.1" 304 -
181.56.171.197 - - [23/Dec/2023:18:05:44 -0500] "GET /sipse/faces/javax.faces.resource/layout/layout.js?ln=primefaces&v=4.0 HTTP/1.1" 304 -
181.56.171.197 - - [23/Dec/2023:18:05:44 -0500] "POST /sipse/faces/presentacion/financiero/solicitudProceso/listarSolicitudProceso.xhtml HTTP/1.1" 200 1564
