69.63.189.7 - - [23/Dec/2023:08:24:56 -0500] "GET /secretaria-de-ambiente-reconocio-entidades-por-sus-buenas-practicas-ambientales.html HTTP/1.1" 200 892
173.252.107.118 - - [23/Dec/2023:08:25:02 -0500] "GET /mis-de-50-aves-silvestres-fueron-recuperadas-en-la-localidad-de-tunjuelito.html HTTP/1.1" 206 806
173.252.107.118 - - [23/Dec/2023:08:25:02 -0500] "GET /mis-de-50-aves-silvestres-fueron-recuperadas-en-la-localidad-de-tunjuelito.html HTTP/1.1" 206 806
173.252.107.3 - - [23/Dec/2023:08:25:02 -0500] "GET /mis-de-50-aves-silvestres-fueron-recuperadas-en-la-localidad-de-tunjuelito.html HTTP/1.1" 200 806
172.22.2.4 - - [23/Dec/2023:08:25:15 -0500] "GET /BLA/boletinlegal/consulta_actos.php?tipo=resoluciones&no=&usuario=&sector=SILVICULTURA&fecha=2023&resuelve= HTTP/1.1" 200 167824
216.245.221.92 - - [23/Dec/2023:08:25:25 -0500] "HEAD / HTTP/1.1" 200 -
186.155.18.173 - - [23/Dec/2023:08:25:31 -0500] "POST /sipse/faces/presentacion/financiero/solicitudProceso/consultar.xhtml HTTP/1.1" 200 12852
190.84.43.161 - - [23/Dec/2023:08:25:51 -0500] "POST /sipse/faces/presentacion/financiero/solicitudProceso/consultarSolicitudProceso.xhtml HTTP/1.1" 200 30891
190.84.43.161 - - [23/Dec/2023:08:25:51 -0500] "GET /sipse/faces/javax.faces.resource/theme.css?ln=primefaces-sipse HTTP/1.1" 304 -
190.84.43.161 - - [23/Dec/2023:08:25:51 -0500] "GET /sipse/faces/javax.faces.resource/primefaces.css?ln=primefaces&v=4.0 HTTP/1.1" 304 -
190.84.43.161 - - [23/Dec/2023:08:25:51 -0500] "GET /sipse/faces/javax.faces.resource/layout/layout.css?ln=primefaces&v=4.0 HTTP/1.1" 304 -
190.84.43.161 - - [23/Dec/2023:08:25:51 -0500] "GET /sipse/faces/javax.faces.resource/jquery/jquery.js?ln=primefaces&v=4.0 HTTP/1.1" 304 -
190.84.43.161 - - [23/Dec/2023:08:25:51 -0500] "GET /sipse/faces/javax.faces.resource/primefaces.js?ln=primefaces&v=4.0 HTTP/1.1" 304 -
190.84.43.161 - - [23/Dec/2023:08:25:51 -0500] "GET /sipse/faces/javax.faces.resource/jquery/jquery-plugins.js?ln=primefaces&v=4.0 HTTP/1.1" 304 -
190.84.43.161 - - [23/Dec/2023:08:25:51 -0500] "GET /sipse/faces/javax.faces.resource/layout/layout.js?ln=primefaces&v=4.0 HTTP/1.1" 304 -
190.84.43.161 - - [23/Dec/2023:08:25:51 -0500] "GET /sipse/css/imagen/contrasena.png HTTP/1.1" 404 383
190.84.43.161 - - [23/Dec/2023:08:25:51 -0500] "GET /sipse/faces/javax.faces.resource/images/ui-icons_898989_256x240.png?ln=primefaces-aristo HTTP/1.1" 304 -
201.234.179.53 - - [23/Dec/2023:08:26:04 -0500] "GET /distrito-exalto-a-246-empresas-de-bogota-por-su-alto-desempeno-y-responsabilidad-ambiental-durante-2023.html HTTP/1.1" 200 1039
181.56.171.197 - - [23/Dec/2023:08:26:05 -0500] "POST /sipse/faces/presentacion/financiero/solicitudProceso/consultarSolicitudProceso.xhtml HTTP/1.1" 200 37000
181.56.171.197 - - [23/Dec/2023:08:26:05 -0500] "GET /sipse/faces/javax.faces.resource/theme.css?ln=primefaces-sipse HTTP/1.1" 304 -
181.56.171.197 - - [23/Dec/2023:08:26:05 -0500] "GET /sipse/faces/javax.faces.resource/jquery/jquery.js?ln=primefaces&v=4.0 HTTP/1.1" 304 -
181.56.171.197 - - [23/Dec/2023:08:26:05 -0500] "GET /sipse/faces/javax.faces.resource/layout/layout.css?ln=primefaces&v=4.0 HTTP/1.1" 304 -
181.56.171.197 - - [23/Dec/2023:08:26:05 -0500] "GET /sipse/faces/javax.faces.resource/primefaces.css?ln=primefaces&v=4.0 HTTP/1.1" 304 -
69.171.251.8 - - [23/Dec/2023:08:26:05 -0500] "GET /images/Aves%20SDA.jpeg HTTP/1.1" 200 75104
181.56.171.197 - - [23/Dec/2023:08:26:05 -0500] "GET /sipse/faces/javax.faces.resource/jquery/jquery-plugins.js?ln=primefaces&v=4.0 HTTP/1.1" 304 -
181.56.171.197 - - [23/Dec/2023:08:26:05 -0500] "GET /sipse/faces/javax.faces.resource/primefaces.js?ln=primefaces&v=4.0 HTTP/1.1" 304 -
181.56.171.197 - - [23/Dec/2023:08:26:05 -0500] "GET /sipse/faces/javax.faces.resource/layout/layout.js?ln=primefaces&v=4.0 HTTP/1.1" 304 -
181.56.171.197 - - [23/Dec/2023:08:26:05 -0500] "POST /sipse/faces/presentacion/financiero/solicitudProceso/listarSolicitudProceso.xhtml HTTP/1.1" 200 30265
181.56.171.197 - - [23/Dec/2023:08:26:06 -0500] "POST /sipse/faces/presentacion/financiero/solicitudProceso/listarSolicitudProceso.xhtml HTTP/1.1" 200 30265
181.56.171.197 - - [23/Dec/2023:08:26:06 -0500] "POST /sipse/faces/presentacion/financiero/solicitudProceso/listarSolicitudProceso.xhtml HTTP/1.1" 200 1396
181.56.171.197 - - [23/Dec/2023:08:26:06 -0500] "POST /sipse/faces/presentacion/financiero/solicitudProceso/listarSolicitudProceso.xhtml HTTP/1.1" 200 1388
181.56.171.197 - - [23/Dec/2023:08:26:07 -0500] "POST /sipse/faces/presentacion/financiero/solicitudProceso/listarSolicitudProceso.xhtml HTTP/1.1" 200 1400
181.56.171.197 - - [23/Dec/2023:08:26:09 -0500] "POST /sipse/faces/presentacion/financiero/solicitudProceso/listarSolicitudProceso.xhtml HTTP/1.1" 200 6248
190.84.43.161 - - [23/Dec/2023:08:26:13 -0500] "GET /sipse/faces/javax.faces.resource/images/ui-bg_flat_0_2d5972_40x100.png?ln=primefaces-aristo HTTP/1.1" 304 -
190.84.43.161 - - [23/Dec/2023:08:26:13 -0500] "POST /sipse/faces/presentacion/financiero/solicitudProceso/consultarHistorialSolProceso.xhtml HTTP/1.1" 200 54291
190.84.43.161 - - [23/Dec/2023:08:26:13 -0500] "GET /sipse/faces/javax.faces.resource/theme.css?ln=primefaces-sipse HTTP/1.1" 304 -
190.84.43.161 - - [23/Dec/2023:08:26:13 -0500] "GET /sipse/faces/javax.faces.resource/primefaces.css?ln=primefaces&v=4.0 HTTP/1.1" 304 -
190.84.43.161 - - [23/Dec/2023:08:26:13 -0500] "GET /sipse/faces/javax.faces.resource/layout/layout.css?ln=primefaces&v=4.0 HTTP/1.1" 304 -
190.84.43.161 - - [23/Dec/2023:08:26:13 -0500] "GET /sipse/faces/javax.faces.resource/jquery/jquery.js?ln=primefaces&v=4.0 HTTP/1.1" 304 -
190.84.43.161 - - [23/Dec/2023:08:26:13 -0500] "GET /sipse/faces/javax.faces.resource/jquery/jquery-plugins.js?ln=primefaces&v=4.0 HTTP/1.1" 304 -
190.84.43.161 - - [23/Dec/2023:08:26:13 -0500] "GET /sipse/faces/javax.faces.resource/primefaces.js?ln=primefaces&v=4.0 HTTP/1.1" 304 -
190.84.43.161 - - [23/Dec/2023:08:26:13 -0500] "GET /sipse/faces/javax.faces.resource/layout/layout.js?ln=primefaces&v=4.0 HTTP/1.1" 304 -
190.84.43.161 - - [23/Dec/2023:08:26:13 -0500] "GET /sipse/css/imagen/contrasena.png HTTP/1.1" 404 383
190.84.43.161 - - [23/Dec/2023:08:26:13 -0500] "POST /sipse/faces/presentacion/financiero/solicitudProceso/listarSolicitudProceso.xhtml HTTP/1.1" 200 1524
181.56.171.197 - - [23/Dec/2023:08:26:14 -0500] "POST /sipse/faces/presentacion/financiero/solicitudProceso/listarSolicitudProceso.xhtml HTTP/1.1" 200 115503
181.56.171.197 - - [23/Dec/2023:08:26:15 -0500] "GET /sipse/faces/javax.faces.resource/theme.css?ln=primefaces-sipse HTTP/1.1" 304 -
181.56.171.197 - - [23/Dec/2023:08:26:15 -0500] "GET /sipse/faces/javax.faces.resource/primefaces.css?ln=primefaces&v=4.0 HTTP/1.1" 304 -
181.56.171.197 - - [23/Dec/2023:08:26:15 -0500] "GET /sipse/faces/javax.faces.resource/layout/layout.css?ln=primefaces&v=4.0 HTTP/1.1" 304 -
181.56.171.197 - - [23/Dec/2023:08:26:15 -0500] "GET /sipse/faces/javax.faces.resource/jquery/jquery.js?ln=primefaces&v=4.0 HTTP/1.1" 304 -
181.56.171.197 - - [23/Dec/2023:08:26:15 -0500] "GET /sipse/faces/javax.faces.resource/jquery/jquery-plugins.js?ln=primefaces&v=4.0 HTTP/1.1" 304 -
181.56.171.197 - - [23/Dec/2023:08:26:15 -0500] "GET /sipse/faces/javax.faces.resource/primefaces.js?ln=primefaces&v=4.0 HTTP/1.1" 304 -
181.56.171.197 - - [23/Dec/2023:08:26:15 -0500] "GET /sipse/faces/javax.faces.resource/layout/layout.js?ln=primefaces&v=4.0 HTTP/1.1" 304 -
201.245.192.253 - - [23/Dec/2023:08:26:21 -0500] "POST /kwsrmcab/Wsrmcab HTTP/1.1" 200 38838
172.22.2.4 - - [23/Dec/2023:08:24:45 -0500] "GET /BLA/boletinlegal/index.php HTTP/1.1" 200 60046
201.245.192.253 - - [23/Dec/2023:08:26:25 -0500] "POST /kwsrmcab/Wsrmcab HTTP/1.1" 200 36819
190.84.43.161 - - [23/Dec/2023:08:26:30 -0500] "POST /sipse/faces/presentacion/financiero/solicitudProceso/listarSolicitudProceso.xhtml HTTP/1.1" 200 120317
190.84.43.161 - - [23/Dec/2023:08:26:31 -0500] "GET /sipse/faces/javax.faces.resource/theme.css?ln=primefaces-sipse HTTP/1.1" 304 -
190.84.43.161 - - [23/Dec/2023:08:26:31 -0500] "GET /sipse/faces/javax.faces.resource/layout/layout.css?ln=primefaces&v=4.0 HTTP/1.1" 304 -
190.84.43.161 - - [23/Dec/2023:08:26:31 -0500] "GET /sipse/faces/javax.faces.resource/primefaces.css?ln=primefaces&v=4.0 HTTP/1.1" 304 -
190.84.43.161 - - [23/Dec/2023:08:26:31 -0500] "GET /sipse/faces/javax.faces.resource/jquery/jquery.js?ln=primefaces&v=4.0 HTTP/1.1" 304 -
190.84.43.161 - - [23/Dec/2023:08:26:31 -0500] "GET /sipse/faces/javax.faces.resource/jquery/jquery-plugins.js?ln=primefaces&v=4.0 HTTP/1.1" 304 -
190.84.43.161 - - [23/Dec/2023:08:26:31 -0500] "GET /sipse/faces/javax.faces.resource/primefaces.js?ln=primefaces&v=4.0 HTTP/1.1" 304 -
190.84.43.161 - - [23/Dec/2023:08:26:31 -0500] "GET /sipse/faces/javax.faces.resource/layout/layout.js?ln=primefaces&v=4.0 HTTP/1.1" 304 -
190.84.43.161 - - [23/Dec/2023:08:26:31 -0500] "GET /sipse/css/imagen/contrasena.png HTTP/1.1" 404 383
69.63.184.9 - - [23/Dec/2023:08:26:32 -0500] "GET /images/Aves%20SDA.jpeg HTTP/1.1" 200 75104
190.84.43.161 - - [23/Dec/2023:08:26:39 -0500] "POST /sipse/faces/presentacion/financiero/solicitudProceso/consultarSolicitudProceso.xhtml HTTP/1.1" 200 21225
190.84.43.161 - - [23/Dec/2023:08:26:39 -0500] "GET /sipse/faces/javax.faces.resource/theme.css?ln=primefaces-sipse HTTP/1.1" 304 -
190.84.43.161 - - [23/Dec/2023:08:26:39 -0500] "GET /sipse/faces/javax.faces.resource/primefaces.css?ln=primefaces&v=4.0 HTTP/1.1" 304 -
190.84.43.161 - - [23/Dec/2023:08:26:39 -0500] "GET /sipse/faces/javax.faces.resource/layout/layout.css?ln=primefaces&v=4.0 HTTP/1.1" 304 -
190.84.43.161 - - [23/Dec/2023:08:26:39 -0500] "GET /sipse/faces/javax.faces.resource/jquery/jquery.js?ln=primefaces&v=4.0 HTTP/1.1" 304 -
190.84.43.161 - - [23/Dec/2023:08:26:39 -0500] "GET /sipse/faces/javax.faces.resource/jquery/jquery-plugins.js?ln=primefaces&v=4.0 HTTP/1.1" 304 -
190.84.43.161 - - [23/Dec/2023:08:26:39 -0500] "GET /sipse/faces/javax.faces.resource/fileupload/fileupload.css?ln=primefaces&v=4.0 HTTP/1.1" 304 -
190.84.43.161 - - [23/Dec/2023:08:26:39 -0500] "GET /sipse/faces/javax.faces.resource/primefaces.js?ln=primefaces&v=4.0 HTTP/1.1" 304 -
190.84.43.161 - - [23/Dec/2023:08:26:39 -0500] "GET /sipse/faces/javax.faces.resource/layout/layout.js?ln=primefaces&v=4.0 HTTP/1.1" 304 -
190.84.43.161 - - [23/Dec/2023:08:26:39 -0500] "GET /sipse/faces/javax.faces.resource/fileupload/fileupload.js?ln=primefaces&v=4.0 HTTP/1.1" 304 -
190.84.43.161 - - [23/Dec/2023:08:26:39 -0500] "GET /sipse/css/imagen/contrasena.png HTTP/1.1" 404 383
190.84.43.161 - - [23/Dec/2023:08:26:39 -0500] "GET /sipse/faces/javax.faces.resource/images/ui-icons_898989_256x240.png?ln=primefaces-aristo HTTP/1.1" 304 -
172.22.2.4 - - [23/Dec/2023:08:26:39 -0500] "GET /BLA/boletinlegal/consulta_actos.php?tipo=resoluciones&no=&usuario=&sector=&fecha=2023&resuelve= HTTP/1.1" 200 393448
201.245.192.253 - - [23/Dec/2023:08:26:43 -0500] "POST /kwsrmcab/Wsrmcab  HTTP/1.1" 200 40220
190.84.43.161 - - [23/Dec/2023:08:26:50 -0500] "POST /sipse/faces/presentacion/sistema/anexos/cargarAnexoSolicitudProceso.xhtml HTTP/1.1" 200 166190
190.84.43.161 - - [23/Dec/2023:08:26:51 -0500] "GET /sipse/faces/javax.faces.resource/primefaces.css?ln=primefaces&v=4.0 HTTP/1.1" 304 -
190.84.43.161 - - [23/Dec/2023:08:26:51 -0500] "GET /sipse/faces/javax.faces.resource/theme.css?ln=primefaces-sipse HTTP/1.1" 304 -
190.84.43.161 - - [23/Dec/2023:08:26:51 -0500] "GET /sipse/faces/javax.faces.resource/layout/layout.css?ln=primefaces&v=4.0 HTTP/1.1" 304 -
190.84.43.161 - - [23/Dec/2023:08:26:51 -0500] "GET /sipse/faces/javax.faces.resource/jquery/jquery.js?ln=primefaces&v=4.0 HTTP/1.1" 304 -
190.84.43.161 - - [23/Dec/2023:08:26:51 -0500] "GET /sipse/faces/javax.faces.resource/jquery/jquery-plugins.js?ln=primefaces&v=4.0 HTTP/1.1" 304 -
190.84.43.161 - - [23/Dec/2023:08:26:51 -0500] "GET /sipse/faces/javax.faces.resource/primefaces.js?ln=primefaces&v=4.0 HTTP/1.1" 304 -
190.84.43.161 - - [23/Dec/2023:08:26:51 -0500] "GET /sipse/faces/javax.faces.resource/layout/layout.js?ln=primefaces&v=4.0 HTTP/1.1" 304 -
190.84.43.161 - - [23/Dec/2023:08:26:51 -0500] "GET /sipse/faces/javax.faces.resource/images/ui-icons_898989_256x240.png?ln=primefaces-aristo HTTP/1.1" 304 -
190.84.43.161 - - [23/Dec/2023:08:26:54 -0500] "POST /sipse/faces/presentacion/financiero/solicitudProceso/consultarSolicitudProceso.xhtml HTTP/1.1" 200 21225
190.84.43.161 - - [23/Dec/2023:08:26:54 -0500] "GET /sipse/faces/javax.faces.resource/theme.css?ln=primefaces-sipse HTTP/1.1" 304 -
190.84.43.161 - - [23/Dec/2023:08:26:54 -0500] "GET /sipse/faces/javax.faces.resource/primefaces.css?ln=primefaces&v=4.0 HTTP/1.1" 304 -
190.84.43.161 - - [23/Dec/2023:08:26:54 -0500] "GET /sipse/faces/javax.faces.resource/jquery/jquery-plugins.js?ln=primefaces&v=4.0 HTTP/1.1" 304 -
190.84.43.161 - - [23/Dec/2023:08:26:54 -0500] "GET /sipse/faces/javax.faces.resource/jquery/jquery.js?ln=primefaces&v=4.0 HTTP/1.1" 304 -
190.84.43.161 - - [23/Dec/2023:08:26:54 -0500] "GET /sipse/faces/javax.faces.resource/layout/layout.css?ln=primefaces&v=4.0 HTTP/1.1" 304 -
190.84.43.161 - - [23/Dec/2023:08:26:54 -0500] "GET /sipse/faces/javax.faces.resource/primefaces.js?ln=primefaces&v=4.0 HTTP/1.1" 304 -
190.84.43.161 - - [23/Dec/2023:08:26:54 -0500] "GET /sipse/faces/javax.faces.resource/fileupload/fileupload.css?ln=primefaces&v=4.0 HTTP/1.1" 304 -
190.84.43.161 - - [23/Dec/2023:08:26:54 -0500] "GET /sipse/faces/javax.faces.resource/layout/layout.js?ln=primefaces&v=4.0 HTTP/1.1" 304 -
190.84.43.161 - - [23/Dec/2023:08:26:54 -0500] "GET /sipse/faces/javax.faces.resource/fileupload/fileupload.js?ln=primefaces&v=4.0 HTTP/1.1" 304 -
20.15.133.186 - - [23/Dec/2023:08:26:55 -0500] "GET /BLA/resoluciones/AUTOS%202023/5600.pdf HTTP/1.1" 200 440838
190.84.43.161 - - [23/Dec/2023:08:27:09 -0500] "GET /sipse/faces/javax.faces.resource/theme.css?ln=primefaces-sipse HTTP/1.1" 304 -
190.84.43.161 - - [23/Dec/2023:08:27:09 -0500] "GET /sipse/faces/javax.faces.resource/layout/layout.css?ln=primefaces&v=4.0 HTTP/1.1" 304 -
190.84.43.161 - - [23/Dec/2023:08:27:09 -0500] "GET /sipse/faces/javax.faces.resource/primefaces.css?ln=primefaces&v=4.0 HTTP/1.1" 304 -
190.84.43.161 - - [23/Dec/2023:08:27:09 -0500] "GET /sipse/faces/javax.faces.resource/jquery/jquery-plugins.js?ln=primefaces&v=4.0 HTTP/1.1" 304 -
190.84.43.161 - - [23/Dec/2023:08:27:09 -0500] "GET /sipse/faces/javax.faces.resource/jquery/jquery.js?ln=primefaces&v=4.0 HTTP/1.1" 304 -
190.84.43.161 - - [23/Dec/2023:08:27:09 -0500] "GET /sipse/faces/javax.faces.resource/primefaces.js?ln=primefaces&v=4.0 HTTP/1.1" 304 -
190.84.43.161 - - [23/Dec/2023:08:27:09 -0500] "GET /sipse/faces/javax.faces.resource/layout/layout.js?ln=primefaces&v=4.0 HTTP/1.1" 304 -
190.84.43.161 - - [23/Dec/2023:08:27:09 -0500] "POST /sipse/faces/presentacion/sistema/anexos/cargarAnexoSolicitudProceso.xhtml HTTP/1.1" 200 168020
172.22.2.4 - - [23/Dec/2023:08:27:13 -0500] "GET /BLA/boletinlegal/robots.txt HTTP/1.1" 404 1038
173.252.79.120 - - [23/Dec/2023:08:27:15 -0500] "GET /images/terrazas%20verdes.jpg HTTP/1.1" 200 63951
172.22.2.4 - - [23/Dec/2023:08:27:20 -0500] "GET /BLA/boletinlegal/consulta_actos.php?tipo=resoluciones&no=&usuario=SUPER%20MANZANA%202&sector=&fecha=2023&resuelve= HTTP/1.1" 200 626
172.22.2.4 - - [23/Dec/2023:08:27:23 -0500] "GET /BLA/boletinlegal/actos.php HTTP/1.1" 200 9682
172.22.2.4 - - [23/Dec/2023:08:27:24 -0500] "GET /BLA/boletinlegal/consulta_actos.php?tipo=resoluciones&no=&usuario=SUPER%20MANZANA%202&sector=&fecha=2023&resuelve= HTTP/1.1" 200 626
172.22.2.4 - - [23/Dec/2023:08:27:25 -0500] "GET /BLA/boletinlegal/consulta_actos.php?tipo=resoluciones&no=&usuario=SUPER%20MANZANA%202&sector=&fecha=2023&resuelve= HTTP/1.1" 200 626
172.22.2.4 - - [23/Dec/2023:08:25:52 -0500] "HEAD /BLA/boletinlegal/ HTTP/1.1" 200 -
172.22.2.4 - - [23/Dec/2023:08:27:34 -0500] "GET /BLA/boletinlegal/consulta_actos.php?tipo=resoluciones&no=&usuario=&sector=&fecha=2023&resuelve=SUPER%20MANZANA%202%20 HTTP/1.1" 200 626
20.15.133.186 - - [23/Dec/2023:08:27:50 -0500] "GET /BLA/resoluciones/RESOLUCIONES%202023/2840.pdf HTTP/1.1" 200 2575607
172.22.2.4 - - [23/Dec/2023:08:27:50 -0500] "GET /BLA/boletinlegal/consulta_actos.php?tipo=autos&no=&usuario=&sector=&fecha=2023&resuelve= HTTP/1.1" 200 1365884
20.15.133.186 - - [23/Dec/2023:08:27:53 -0500] "GET /BLA/resoluciones/AUTOS%202023/3982.pdf HTTP/1.1" 200 376738
190.84.43.161 - - [23/Dec/2023:08:27:54 -0500] "GET /sipse/faces/javax.faces.resource/images/ui-bg_flat_0_2d5972_40x100.png?ln=primefaces-aristo HTTP/1.1" 304 -
172.22.2.4 - - [23/Dec/2023:08:27:53 -0500] "GET /BLA/boletinlegal/consulta_actos.php?tipo=autos&no=&usuario=&sector=&fecha=2023&resuelve= HTTP/1.1" 200 1365884
190.84.43.161 - - [23/Dec/2023:08:27:55 -0500] "GET /sipse/faces/javax.faces.resource/images/ui-icons_898989_256x240.png?ln=primefaces-aristo HTTP/1.1" 304 -
20.15.133.186 - - [23/Dec/2023:08:27:57 -0500] "GET /BLA/resoluciones/RESOLUCIONES%202023/1644.pdf HTTP/1.1" 200 547889
190.84.43.161 - - [23/Dec/2023:08:27:56 -0500] "POST /sipse/faces/presentacion/financiero/solicitudProceso/consultarSolicitudProceso.xhtml HTTP/1.1" 200 54718
190.84.43.161 - - [23/Dec/2023:08:27:58 -0500] "GET /sipse/faces/javax.faces.resource/theme.css?ln=primefaces-sipse HTTP/1.1" 304 -
190.84.43.161 - - [23/Dec/2023:08:27:58 -0500] "GET /sipse/faces/javax.faces.resource/layout/layout.css?ln=primefaces&v=4.0 HTTP/1.1" 304 -
190.84.43.161 - - [23/Dec/2023:08:27:58 -0500] "GET /sipse/faces/javax.faces.resource/jquery/jquery.js?ln=primefaces&v=4.0 HTTP/1.1" 304 -
190.84.43.161 - - [23/Dec/2023:08:27:58 -0500] "GET /sipse/faces/javax.faces.resource/primefaces.css?ln=primefaces&v=4.0 HTTP/1.1" 304 -
190.84.43.161 - - [23/Dec/2023:08:27:58 -0500] "GET /sipse/faces/javax.faces.resource/jquery/jquery-plugins.js?ln=primefaces&v=4.0 HTTP/1.1" 304 -
190.84.43.161 - - [23/Dec/2023:08:27:58 -0500] "GET /sipse/faces/javax.faces.resource/primefaces.js?ln=primefaces&v=4.0 HTTP/1.1" 304 -
190.84.43.161 - - [23/Dec/2023:08:27:59 -0500] "GET /sipse/faces/javax.faces.resource/layout/layout.js?ln=primefaces&v=4.0 HTTP/1.1" 304 -
190.84.43.161 - - [23/Dec/2023:08:27:59 -0500] "GET /sipse/faces/javax.faces.resource/messages/messages.png?ln=primefaces&v=4.0 HTTP/1.1" 304 -
190.84.43.161 - - [23/Dec/2023:08:27:59 -0500] "POST /sipse/faces/presentacion/financiero/solicitudProceso/listarSolicitudProceso.xhtml HTTP/1.1" 200 1524
190.84.43.161 - - [23/Dec/2023:08:28:04 -0500] "POST /sipse/faces/presentacion/financiero/solicitudProceso/listarSolicitudProceso.xhtml HTTP/1.1" 200 120067
190.84.43.161 - - [23/Dec/2023:08:28:05 -0500] "GET /sipse/faces/javax.faces.resource/theme.css?ln=primefaces-sipse HTTP/1.1" 304 -
190.84.43.161 - - [23/Dec/2023:08:28:05 -0500] "GET /sipse/faces/javax.faces.resource/layout/layout.css?ln=primefaces&v=4.0 HTTP/1.1" 304 -
190.84.43.161 - - [23/Dec/2023:08:28:05 -0500] "GET /sipse/faces/javax.faces.resource/primefaces.css?ln=primefaces&v=4.0 HTTP/1.1" 304 -
190.84.43.161 - - [23/Dec/2023:08:28:05 -0500] "GET /sipse/faces/javax.faces.resource/jquery/jquery.js?ln=primefaces&v=4.0 HTTP/1.1" 304 -
190.84.43.161 - - [23/Dec/2023:08:28:05 -0500] "GET /sipse/faces/javax.faces.resource/jquery/jquery-plugins.js?ln=primefaces&v=4.0 HTTP/1.1" 304 -
190.84.43.161 - - [23/Dec/2023:08:28:05 -0500] "GET /sipse/faces/javax.faces.resource/primefaces.js?ln=primefaces&v=4.0 HTTP/1.1" 304 -
190.84.43.161 - - [23/Dec/2023:08:28:05 -0500] "GET /sipse/faces/javax.faces.resource/layout/layout.js?ln=primefaces&v=4.0 HTTP/1.1" 304 -
69.63.189.111 - - [23/Dec/2023:08:28:10 -0500] "GET /mis-de-50-aves-silvestres-fueron-recuperadas-en-la-localidad-de-tunjuelito.html HTTP/1.1" 200 806
172.22.2.4 - - [23/Dec/2023:08:26:42 -0500] "GET /BLA/boletinlegal/ HTTP/1.1" 200 44124
31.10.169.24 - - [23/Dec/2023:08:28:23 -0500] "GET /BLA/resoluciones/AUTOS%202023/1816.pdf HTTP/1.1" 200 400649
31.10.169.24 - - [23/Dec/2023:08:28:27 -0500] "GET /BLA/resoluciones/AUTOS%202023/1791.pdf HTTP/1.1" 200 404202
172.22.2.4 - - [23/Dec/2023:08:27:06 -0500] "GET /BLA/boletinlegal/ HTTP/1.1" 200 36811
20.15.133.186 - - [23/Dec/2023:08:28:32 -0500] "GET /BLA/resoluciones/AUTOS%202023/3701.pdf HTTP/1.1" 200 706671
173.252.107.8 - - [23/Dec/2023:08:28:46 -0500] "GET /images/Aves%20SDA.jpeg HTTP/1.1" 200 75104
216.244.66.195 - - [23/Dec/2023:08:29:12 -0500] "GET /BLA/resoluciones/AUTOS%202019/0682.pdf HTTP/1.1" 200 316443
31.10.169.24 - - [23/Dec/2023:08:29:14 -0500] "GET /BLA/resoluciones/AUTOS%202023/5675.pdf HTTP/1.1" 200 427148
216.244.66.195 - - [23/Dec/2023:08:29:41 -0500] "GET /BLA/resoluciones/AUTOS%202019/1481.pdf HTTP/1.1" 200 264100
186.155.18.173 - - [23/Dec/2023:08:29:53 -0500] "POST /sipse/faces/presentacion/financiero/solicitudProceso/consultar.xhtml HTTP/1.1" 200 12857
186.102.45.240 - - [23/Dec/2023:08:30:05 -0500] "GET /kwssiamovil/sm/ldap/au?x=U2FsdGVkX1+YnTHi6IrpmK+5uBd8KuUSqr4N3iXOKmq6F5PC0w5Ht2iopRJaUkm6&y=U2FsdGVkX18xEPOYuYXqFk1SQ6I4NaScxVMex+Vg+pas37swZEgaGACrJ7r5glW+ HTTP/1.1" 200 30
186.102.45.240 - - [23/Dec/2023:08:30:06 -0500] "GET /kwssiamovil/sm/acme/s?s=U2FsdGVkX1/B4GzgkINJaqnvNFcLkO5xBBnH2aM72v14HAYGe1JABv1pmLtJcfpI6gRP3IV29rLOGrncuJoKFiUcCbU7/A6LyJ9Z86ABkX0=&u=U2FsdGVkX19mvl/HPtjb9+6B3xYyoxKk2jxNqJnnIPKn0RmTrBlkTipef3xbyaEf&y=U2FsdGVkX18xEPOYuYXqFk1SQ6I4NaScxVMex+Vg+pas37swZEgaGACrJ7r5glW+ HTTP/1.1" 200 97
186.102.45.240 - - [23/Dec/2023:08:30:06 -0500] "GET /kwssiamovil/sm/acme/s?s=U2FsdGVkX1+cJRsrNyjs+fNnkBKnkYQzF7eZZEZL0SZWt3oy8lQvxnKOVg2GWmmXReih2zV4LNVeWqxzHBZDSc41lmyRUB8KjbkLxnyIFAQOuzR1pndEyW/Te3b6jHtLQa9MeanQiJFWeaBmYwlUy4csMhYZnfNOhwr2+D7gg5YDFjmvnwJ2zLq0klPORsYfuHDR2oaU2MwO+xAvZut+GOWPtx5zH1+ib6qxzt6UfNPcnzGuPcTMCz3F4vkB84seTMkvD/eRXai0stqSqI5I4NLdlkXxzm46aLFPKMFDqg/dpsIE3eCgUv20YdLXxOvq0//hslbK/yvbPI2s5ulOZlWsi5scuCP9Qss6t6hHilVxdHgBVwIdkQkGp1nLje5RSs/bv+qMezZ69F4SAXq8NLEvVIfrEgQQW5SRe76y4U2wCmzTHALupZ4fSHdLLOlUrx8jPNxExkiPMQD0C3BIMkjUMVaeMI8MTA5AMoYsPSTbSHhwYMGtQMApRDHlSW8bmCftW7nUm1pmQ/14EiO9Uuh2M64JDnGyJSWKr/6BsoC/zeVd9rlOFYPn3zl8ydIlGBt0EzTkFEla+TU17wiA1ENH4FY4fQeM6ZTEwIGJ6IdUwevLFlRhIheNZnAFzXBL3w0IhQR8oDC7VUcd5bPBO53XqOXl8PDYeaUXeIQdRE9QTil2wbGInxSRPURHPRAf1nv6Z9JNQGqOoEHHm/RVWF6uJy9qmjEtHFyMYtoPlKVKZVBqg4AFWPZvhr67F+Suhf173ZEHCGLwslZn15tZpKhVEArKQCHtoXoOm3YjmpVnz6YfuIxz0sZTLVwAqWftcvy8HTB4UAnl6TuxSdIpKKzT9D5ZcZATWWZJ5fDml9T2R1Vl5XgZ6nlDiC/QnqYwiD0tsBZ6rirqcnkMaipaIaDseAAjQhz22oE/cXGmSmIyq01n02/7azi3lRAkds6wL/MHGOsbO8ASRDW/VU99RsKad2pnH7sdBIKKAjvCFHKD0RS29OF+v8CZT1jktAs7IiFWXOVfk/+y2kq41di56z7KRY9r/R5TT0jhmbgudDejwrjpZHQ5gucm7jlWESdwnW4/EBRNtFevPJY/NrPRDmc6wxS35ryRed7TYLbL136252HXA5oddPg4B2lQSL2Krxj4MBtLux/YcTVR5MchfOKzSxXEyeQ2d6cpX1sEci+X5nWmwNFZlT8+JFWDhMsZ48OqEOUcBQpZTTBUr/zXvhMZiwyv1Hb3/RzbtoFB+OAeouNEsHHc6o6W4Y/R8IpT2IboekINIptbpgBprWIbm9DNnSnPxnBg031l1BND71jvMtKc/PlUYVZ4ST1P9GCMYC/Dzflpcgm7Okwpth6VJlf22dRUT0ai+1R5fgxHQFhhyFsPkwJ1p/OyI/YGx9qE5k0Yyoc4EehNwsSe4OjJcTe4AWD23sfqA0DOS/gifBbpe/+pCgKsS65x5Z+Hx26nI4EE1/M9GKU3+V2WEAC+uZucSryFaDqM8Zs/cL/VVmjtHb/KtHMmh72K6LBrW/qR1ksjVu25jVD29XC7AyNMgHguXrz3lnldtvsHYkVPHeGLqfi/atC3grqNHJYA7EktZTJrlBZqmeHyI+PtvpIBQYOv1bkr43meF1btFjDWugI/Iji1DFiyxBtX8nEkTTUa45FpTGbeXUBOJgMhQVjtbkJl+KPzXkb76rQWBM4lpfdXYPvqCH1O2tv26E1AHSmPaXmkPfo72/HS3g53YaazMTkLXI0uwuGhVUN8QL9AGBRG5FEj479EPb/oT4aEXCM4&u=U2FsdGVkX19mvl/HPtjb9+6B3xYyoxKk2jxNqJnnIPKn0RmTrBlkTipef3xbyaEf&y=U2FsdGVkX18xEPOYuYXqFk1SQ6I4NaScxVMex+Vg+pas37swZEgaGACrJ7r5glW+ HTTP/1.1" 200 1540
186.102.45.240 - - [23/Dec/2023:08:30:06 -0500] "GET /kwssiamovil/sm/acme/s?s=U2FsdGVkX190VTI5y/JYwnT+ClW6/AHbjdyUgEUv1banHrCz2MvqIMIprSFCmEM7AH8Dt+ZhdklI4b7N+73j8Q/W2K4uk6ZGobJPoEjsfEL0Ts0jfsf+F4OOXdK3vROdGzJonYHcb90vDC6xwwAcfZ1DctISebtauNFphu/lxYm49NRDhqYvVIp1YyWWIxQsdB9Gebaw/LlHswY6If0bWlwYwQKRcQI0Wkj9u/RcSb2KxpbirU+mw6fmiXBDFfWVY1aVVG0OKd1UqwbeNpU4p5IzTHtvMx1fd66v13GoIkYjK31EKgYCVD4hBHNCYZbdrDUXeVLq5BlFXiRVO9szyeM9NngEgBzZpfRaOLOr/bgsb2IHWm2+wbt6UsN9lUXz6z3/5MyPWIDh6DV3KvyU835jGLB5tiA50MUrJOTpkXkk2k+Rcjn9yuiu10i0CveXA5f00MiaVy0sy1GqBuh1fQtIzT3slsOA0fur5wvJLhgjYz/Y0YovPqqh91N2zJMs6gpsMsUMw0JpyrWHeNjEBg99Xo9E+mXvuvGxxW1ONbTbVPsBXYR3iw051NBjUK0exlM7T2GbG5TaCSLRu3hFC/5SQaE1DnCkOyBO73zhqK8mTqi3PbU1SUpqcfAcDqk1UP3iVmgLf7lbqSFdfZO5CjjFFlR/fAKYM/6j8vYeyJ6i+S8km3UoOKdp6tXBAFWJcDnXCC7SAzeXzcp4NQir2ewujOIeKBwv4ppixh4IxPewo77IOChKqvvKpvQraBEVzUiYLy9+Xhh2tYiBZA03Tg==&u=U2FsdGVkX19mvl/HPtjb9+6B3xYyoxKk2jxNqJnnIPKn0RmTrBlkTipef3xbyaEf&y=U2FsdGVkX18xEPOYuYXqFk1SQ6I4NaScxVMex+Vg+pas37swZEgaGACrJ7r5glW+ HTTP/1.1" 200 208
186.102.45.240 - - [23/Dec/2023:08:30:06 -0500] "GET /kwssiamovil/sm/cjson/pre?f=1&x=U2FsdGVkX1+YnTHi6IrpmK+5uBd8KuUSqr4N3iXOKmq6F5PC0w5Ht2iopRJaUkm6 HTTP/1.1" 200 31032
216.244.66.195 - - [23/Dec/2023:08:30:10 -0500] "GET /BLA/resoluciones/AUTOS%202019/1564.pdf HTTP/1.1" 200 266276
201.245.192.253 - - [23/Dec/2023:08:30:19 -0500] "POST /kwsrmcab/Wsrmcab HTTP/1.1" 200 38838
216.245.221.92 - - [23/Dec/2023:08:30:25 -0500] "HEAD / HTTP/1.1" 200 -
201.245.192.253 - - [23/Dec/2023:08:30:24 -0500] "POST /kwsrmcab/Wsrmcab HTTP/1.1" 200 36819
20.15.133.186 - - [23/Dec/2023:08:30:30 -0500] "GET /BLA/resoluciones/AUTOS%202023/4723.pdf HTTP/1.1" 200 726361
163.116.226.116 - - [23/Dec/2023:08:30:34 -0500] "GET /alcaldia-de-bogota-y-fundacion-exito-entregaron-en-ciudad-bolivar-la-primera-terraza-verde-de-la-capital.html HTTP/1.1" 200 852
216.244.66.195 - - [23/Dec/2023:08:30:36 -0500] "GET /BLA/resoluciones/AUTOS%202019/3445.pdf HTTP/1.1" 200 506185
173.252.107.2 - - [23/Dec/2023:08:30:39 -0500] "GET /bogota-y-cundinamarca-consolidan-pagos-por-servicios-ambientales-con-nueva-firma-para-la-proteccion-del-agua.html HTTP/1.1" 200 821
173.252.107.113 - - [23/Dec/2023:08:30:39 -0500] "GET /bogota-y-cundinamarca-consolidan-pagos-por-servicios-ambientales-con-nueva-firma-para-la-proteccion-del-agua.html HTTP/1.1" 200 821
173.252.107.7 - - [23/Dec/2023:08:30:39 -0500] "GET /bogota-y-cundinamarca-consolidan-pagos-por-servicios-ambientales-con-nueva-firma-para-la-proteccion-del-agua.html HTTP/1.1" 200 821
186.155.18.173 - - [23/Dec/2023:08:30:46 -0500] "POST /sipse/faces/presentacion/financiero/solicitudProceso/consultar.xhtml HTTP/1.1" 200 12934
173.252.107.5 - - [23/Dec/2023:08:30:47 -0500] "GET /images/Aves%20SDA.jpeg HTTP/1.1" 200 75104
186.155.18.173 - - [23/Dec/2023:08:31:01 -0500] "POST /sipse/faces/presentacion/financiero/solicitudProceso/consultar.xhtml HTTP/1.1" 200 12872
173.252.107.117 - - [23/Dec/2023:08:31:03 -0500] "GET /images/agua%20bogota.jpg HTTP/1.1" 200 74348
173.252.79.120 - - [23/Dec/2023:08:31:06 -0500] "GET /alcaldia-de-bogota-y-fundacion-exito-entregaron-en-ciudad-bolivar-la-primera-terraza-verde-de-la-capital.html HTTP/1.1" 200 852
173.252.79.1 - - [23/Dec/2023:08:31:06 -0500] "GET /alcaldia-de-bogota-y-fundacion-exito-entregaron-en-ciudad-bolivar-la-primera-terraza-verde-de-la-capital.html HTTP/1.1" 200 852
173.252.79.7 - - [23/Dec/2023:08:31:07 -0500] "GET /alcaldia-de-bogota-y-fundacion-exito-entregaron-en-ciudad-bolivar-la-primera-terraza-verde-de-la-capital.html HTTP/1.1" 200 852
216.244.66.195 - - [23/Dec/2023:08:31:10 -0500] "GET /BLA/resoluciones/AUTOS%202019/3693.pdf HTTP/1.1" 200 227343
186.155.18.173 - - [23/Dec/2023:08:31:12 -0500] "POST /sipse/faces/presentacion/financiero/solicitudProceso/consultar.xhtml HTTP/1.1" 200 12865
186.155.18.173 - - [23/Dec/2023:08:31:29 -0500] "POST /sipse/faces/presentacion/financiero/solicitudProceso/consultar.xhtml HTTP/1.1" 200 12790
156.59.198.136 - - [23/Dec/2023:08:31:44 -0500] "GET /BLA/resoluciones/RESOLUCIONES%202020/1777.pdf HTTP/1.0" 200 365494
201.245.192.253 - - [23/Dec/2023:08:31:42 -0500] "POST /kwsrmcab/Wsrmcab  HTTP/1.1" 200 40220
186.155.18.173 - - [23/Dec/2023:08:31:48 -0500] "POST /sipse/faces/presentacion/financiero/solicitudProceso/consultar.xhtml HTTP/1.1" 200 12860
69.63.184.7 - - [23/Dec/2023:08:31:54 -0500] "GET /images/Aves%20SDA.jpeg HTTP/1.1" 200 75104
207.46.13.54 - - [23/Dec/2023:08:32:03 -0500] "GET /sipse/faces/faces/autenticacion.xhtml HTTP/1.1" 200 12729
172.22.2.4 - - [23/Dec/2023:08:32:02 -0500] "GET /BLA/boletinlegal/consulta_actos.php?tipo=autos&no=&usuario=&sector=&fecha=2022&resuelve= HTTP/1.1" 200 1825469
156.59.198.136 - - [23/Dec/2023:08:32:08 -0500] "GET /BLA/resoluciones/RESOLUCIONES%202020/2660.pdf HTTP/1.0" 200 395053
186.155.18.173 - - [23/Dec/2023:08:32:11 -0500] "POST /sipse/faces/presentacion/financiero/solicitudProceso/consultar.xhtml HTTP/1.1" 200 12922
156.59.198.136 - - [23/Dec/2023:08:32:32 -0500] "GET /BLA/resoluciones/RESOLUCIONES%202020/2462.pdf HTTP/1.0" 200 408916
172.22.2.4 - - [23/Dec/2023:08:32:41 -0500] "GET /BLA/boletinlegal/consulta_actos.php?tipo=autos&no=&usuario=&sector=&fecha=2021&resuelve= HTTP/1.1" 200 1196272
172.22.2.4 - - [23/Dec/2023:08:32:43 -0500] "GET /BLA/boletinlegal/consulta_actos.php?tipo=autos&no=&usuario=&sector=&fecha=2021&resuelve= HTTP/1.1" 200 1196272
40.77.167.13 - - [23/Dec/2023:08:32:47 -0500] "GET /distrito-exalto-a-246-empresas-de-bogota-por-su-alto-desempeno-y-responsabilidad-ambiental-durante-2023.html HTTP/1.1" 200 1039
156.59.198.135 - - [23/Dec/2023:08:32:56 -0500] "GET /BLA/resoluciones/RESOLUCIONES%202020/1696.pdf HTTP/1.0" 200 332158
31.10.169.24 - - [23/Dec/2023:08:33:08 -0500] "GET /BLA/resoluciones/AUTOS%202021/2480.pdf HTTP/1.1" 200 377313
156.59.198.136 - - [23/Dec/2023:08:33:21 -0500] "GET /BLA/resoluciones/RESOLUCIONES%202020/0020.pdf HTTP/1.0" 200 331126
172.22.2.4 - - [23/Dec/2023:08:31:42 -0500] "HEAD /BLA/boletinlegal/ HTTP/1.1" 200 -
156.59.198.135 - - [23/Dec/2023:08:33:44 -0500] "GET /BLA/resoluciones/RESOLUCIONES%202020/1984.pdf HTTP/1.0" 200 405255
173.252.79.3 - - [23/Dec/2023:08:33:57 -0500] "GET /images/Aves%20SDA.jpeg HTTP/1.1" 200 75104
156.59.198.136 - - [23/Dec/2023:08:34:09 -0500] "GET /BLA/resoluciones/RESOLUCIONES%202020/1398.pdf HTTP/1.0" 200 512011
172.22.2.4 - - [23/Dec/2023:08:32:32 -0500] "GET /BLA/boletinlegal/ HTTP/1.1" 200 53513
31.10.169.24 - - [23/Dec/2023:08:34:23 -0500] "GET /BLA/resoluciones/AUTOS%202021/0631.pdf HTTP/1.1" 200 363997
156.59.198.136 - - [23/Dec/2023:08:34:34 -0500] "GET /BLA/resoluciones/RESOLUCIONES%202020/1460.pdf HTTP/1.0" 200 345665
156.59.198.135 - - [23/Dec/2023:08:34:59 -0500] "GET /BLA/resoluciones/RESOLUCIONES%202020/2468.pdf HTTP/1.0" 200 498385
172.22.2.4 - - [23/Dec/2023:08:35:05 -0500] "GET /BLA/boletinlegal/consulta_actos.php?tipo=autos&no=&usuario=&sector=&fecha=2020&resuelve= HTTP/1.1" 200 1151070
31.10.169.24 - - [23/Dec/2023:08:35:15 -0500] "GET /BLA/resoluciones/AUTOS%202020/4230.pdf HTTP/1.1" 200 364884
156.59.198.135 - - [23/Dec/2023:08:35:23 -0500] "GET /BLA/resoluciones/RESOLUCIONES%202020/2033.pdf HTTP/1.0" 200 557572
216.245.221.92 - - [23/Dec/2023:08:35:26 -0500] "HEAD / HTTP/1.1" 200 -
172.22.2.4 - - [23/Dec/2023:08:35:01 -0500] "GET /BLA/boletinlegal/ HTTP/1.1" 200 24523
156.59.198.136 - - [23/Dec/2023:08:35:48 -0500] "GET /BLA/resoluciones/RESOLUCIONES%202020/2581.pdf HTTP/1.0" 200 372979
172.22.2.4 - - [23/Dec/2023:08:35:56 -0500] "GET /BLA/boletinlegal/consulta_actos.php?tipo=autos&no=&usuario=&sector=&fecha=2019&resuelve= HTTP/1.1" 200 1360782
172.22.2.4 - - [23/Dec/2023:08:35:59 -0500] "GET /BLA/boletinlegal/consulta_actos.php?tipo=autos&no=&usuario=&sector=&fecha=2019&resuelve= HTTP/1.1" 200 1360782
31.10.169.24 - - [23/Dec/2023:08:36:09 -0500] "GET /BLA/resoluciones/AUTOS%202019/3107.pdf HTTP/1.1" 200 259999
156.59.198.135 - - [23/Dec/2023:08:36:12 -0500] "GET /BLA/resoluciones/RESOLUCIONES%202020/2535.pdf HTTP/1.0" 200 342039
201.245.192.253 - - [23/Dec/2023:08:36:21 -0500] "POST /kwsrmcab/Wsrmcab HTTP/1.1" 200 38838
201.245.192.253 - - [23/Dec/2023:08:36:24 -0500] "POST /kwsrmcab/Wsrmcab HTTP/1.1" 200 36819
156.59.198.135 - - [23/Dec/2023:08:36:37 -0500] "GET /BLA/resoluciones/RESOLUCIONES%202020/2655.pdf HTTP/1.0" 200 341329
201.245.192.253 - - [23/Dec/2023:08:36:42 -0500] "POST /kwsrmcab/Wsrmcab  HTTP/1.1" 200 40220
172.22.2.4 - - [23/Dec/2023:08:36:51 -0500] "GET /BLA/boletinlegal/consulta_actos.php?tipo=autos&no=&usuario=&sector=&fecha=2018&resuelve= HTTP/1.1" 200 1501187
172.22.2.4 - - [23/Dec/2023:08:36:53 -0500] "GET /BLA/boletinlegal/consulta_actos.php?tipo=autos&no=&usuario=&sector=&fecha=2018&resuelve= HTTP/1.1" 200 1501187
156.59.198.136 - - [23/Dec/2023:08:37:01 -0500] "GET /BLA/resoluciones/RESOLUCIONES%202020/2021.pdf HTTP/1.0" 200 384981
31.10.169.24 - - [23/Dec/2023:08:37:03 -0500] "GET /BLA/resoluciones/AUTOS%202018/6786.pdf HTTP/1.1" 200 296030
156.59.198.136 - - [23/Dec/2023:08:37:25 -0500] "GET /BLA/resoluciones/RESOLUCIONES%202020/2605.pdf HTTP/1.0" 200 391667
31.10.169.24 - - [23/Dec/2023:08:37:38 -0500] "GET /BLA/resoluciones/AUTOS%202018/5048.pdf HTTP/1.1" 200 252473
156.59.198.136 - - [23/Dec/2023:08:37:50 -0500] "GET /BLA/resoluciones/RESOLUCIONES%202020/2482.pdf HTTP/1.0" 200 376447
190.250.140.66 - - [23/Dec/2023:08:37:59 -0500] "GET /distrito-exalto-a-246-empresas-de-bogota-por-su-alto-desempeno-y-responsabilidad-ambiental-durante-2023.html HTTP/1.1" 200 1039
156.59.198.135 - - [23/Dec/2023:08:38:14 -0500] "GET /BLA/resoluciones/RESOLUCIONES%202020/2420.pdf HTTP/1.0" 200 355987
52.167.144.11 - - [23/Dec/2023:08:38:19 -0500] "GET /BLA/resoluciones/RESOLUCIONES%202023/2840.pdf HTTP/1.1" 200 2575607
172.22.2.4 - - [23/Dec/2023:08:38:33 -0500] "GET /BLA/boletinlegal/consulta_actos.php?tipo=autos&no=&usuario=&sector=&fecha=2017&resuelve= HTTP/1.1" 200 1407902
31.13.127.18 - - [23/Dec/2023:08:38:36 -0500] "GET /images/Aves%20SDA.jpeg HTTP/1.1" 200 75104
156.59.198.136 - - [23/Dec/2023:08:38:39 -0500] "GET /BLA/resoluciones/RESOLUCIONES%202020/2504.pdf HTTP/1.0" 200 373746
172.22.2.4 - - [23/Dec/2023:08:38:59 -0500] "GET /BLA/boletinlegal/consulta_actos.php?tipo=autos&no=&usuario=&sector=&fecha=2015&resuelve= HTTP/1.1" 200 1656381
172.22.2.4 - - [23/Dec/2023:08:39:01 -0500] "GET /BLA/boletinlegal/consulta_actos.php?tipo=autos&no=&usuario=&sector=&fecha=2015&resuelve= HTTP/1.1" 200 1656381
156.59.198.136 - - [23/Dec/2023:08:39:04 -0500] "GET /BLA/resoluciones/RESOLUCIONES%202020/2425.pdf HTTP/1.0" 200 395579
31.10.169.24 - - [23/Dec/2023:08:39:11 -0500] "GET /BLA/resoluciones/AUTOS%202015/6963.pdf HTTP/1.1" 200 494258
172.22.2.4 - - [23/Dec/2023:08:37:32 -0500] "HEAD /BLA/boletinlegal/ HTTP/1.1" 200 -
66.249.66.20 - - [23/Dec/2023:08:39:24 -0500] "GET /autoliquidacion2020/index.php?dir=Calidad%20del%20aire%20auditiva%20y%20vis/&sort=date&order=asc HTTP/1.1" 200 6398
156.59.198.135 - - [23/Dec/2023:08:39:28 -0500] "GET /BLA/resoluciones/RESOLUCIONES%202020/0738.pdf HTTP/1.0" 200 6107171
69.63.184.117 - - [23/Dec/2023:08:39:30 -0500] "GET /images/arbol%20centro.jpg HTTP/1.1" 200 69467
69.63.184.4 - - [23/Dec/2023:08:39:47 -0500] "GET /distrito-exalta-48-arboles-patrimoniales-y-15-de-interes-publico-en-bogota.html HTTP/1.1" 200 816
23.26.220.8 - - [23/Dec/2023:08:39:52 -0500] "GET /wp-login.php HTTP/1.1" 404 1018
156.59.198.135 - - [23/Dec/2023:08:39:53 -0500] "GET /BLA/resoluciones/RESOLUCIONES%202020/2478.pdf HTTP/1.0" 200 370921
69.63.184.112 - - [23/Dec/2023:08:39:59 -0500] "GET /images/Aves%20SDA.jpeg HTTP/1.1" 200 75104
172.22.2.4 - - [23/Dec/2023:08:38:23 -0500] "GET /BLA/boletinlegal/ HTTP/1.1" 200 60502
156.59.198.136 - - [23/Dec/2023:08:40:17 -0500] "GET /BLA/resoluciones/Notificaciones/AUTOS%202015/1211.doc HTTP/1.0" 200 96256
201.245.192.253 - - [23/Dec/2023:08:40:19 -0500] "POST /kwsrmcab/Wsrmcab HTTP/1.1" 200 38838
216.245.221.92 - - [23/Dec/2023:08:40:25 -0500] "HEAD / HTTP/1.1" 200 -
201.245.192.253 - - [23/Dec/2023:08:40:24 -0500] "POST /kwsrmcab/Wsrmcab HTTP/1.1" 200 36819
31.10.169.24 - - [23/Dec/2023:08:40:29 -0500] "GET /BLA/resoluciones/AUTOS%202015/0343.pdf HTTP/1.1" 200 598357
173.252.79.8 - - [23/Dec/2023:08:40:31 -0500] "GET /images/calidad-aire.jpg HTTP/1.1" 200 42421
156.59.198.136 - - [23/Dec/2023:08:40:41 -0500] "GET /BLA/resoluciones/Notificaciones/AUTOS%202015/2053.pdf HTTP/1.0" 200 640990
191.95.60.245 - - [23/Dec/2023:08:40:59 -0500] "GET /distrito-exalto-a-246-empresas-de-bogota-por-su-alto-desempeno-y-responsabilidad-ambiental-durante-2023.html HTTP/1.1" 200 1039
156.59.198.135 - - [23/Dec/2023:08:41:06 -0500] "GET /BLA/resoluciones/RESOLUCIONES%202020/2784.pdf HTTP/1.0" 200 383589
69.63.184.4 - - [23/Dec/2023:08:41:26 -0500] "GET /images/Aves%20SDA.jpeg HTTP/1.1" 200 75104
156.59.198.136 - - [23/Dec/2023:08:41:30 -0500] "GET /BLA/resoluciones/Notificaciones/AUTOS%202015/05566.doc HTTP/1.0" 200 135315
172.22.2.4 - - [23/Dec/2023:08:41:34 -0500] "GET /BLA/boletinlegal/consulta_actos.php?tipo=autos&no=&usuario=&sector=&fecha=2014&resuelve= HTTP/1.1" 200 2573722
172.22.2.4 - - [23/Dec/2023:08:41:37 -0500] "GET /BLA/boletinlegal/images/word.png HTTP/1.1" 200 50498
201.245.192.253 - - [23/Dec/2023:08:41:40 -0500] "POST /kwsrmcab/Wsrmcab  HTTP/1.1" 200 40220
31.10.169.24 - - [23/Dec/2023:08:41:45 -0500] "GET /BLA/resoluciones/AUTOS%202014/6629.pdf HTTP/1.1" 200 473945
31.10.169.24 - - [23/Dec/2023:08:41:54 -0500] "GET /BLA/resoluciones/AUTOS%202014/5061.pdf HTTP/1.1" 200 569892
156.59.198.135 - - [23/Dec/2023:08:41:54 -0500] "GET /BLA/resoluciones/RESOLUCIONES%202020/1396.pdf HTTP/1.0" 200 366940
31.10.169.24 - - [23/Dec/2023:08:42:05 -0500] "GET /BLA/resoluciones/AUTOS%202014/4549.pdf HTTP/1.1" 200 529326
156.59.198.135 - - [23/Dec/2023:08:42:18 -0500] "GET /BLA/resoluciones/RESOLUCIONES%202020/2140.pdf HTTP/1.0" 200 341254
172.22.2.4 - - [23/Dec/2023:08:42:35 -0500] "GET /BLA/boletinlegal/consulta_actos.php?tipo=autos&no=&usuario=&sector=&fecha=2013&resuelve= HTTP/1.1" 200 1118120
172.22.2.4 - - [23/Dec/2023:08:42:40 -0500] "GET /BLA/boletinlegal/consulta_actos.php?tipo=autos&no=&usuario=&sector=&fecha=2013&resuelve= HTTP/1.1" 200 1118120
156.59.198.135 - - [23/Dec/2023:08:42:43 -0500] "GET /BLA/resoluciones/Notificaciones/AUTOS%202015/3351.doc HTTP/1.0" 200 161792
173.252.83.116 - - [23/Dec/2023:08:42:46 -0500] "GET /mis-de-50-aves-silvestres-fueron-recuperadas-en-la-localidad-de-tunjuelito.html HTTP/1.1" 200 806
173.252.111.116 - - [23/Dec/2023:08:42:48 -0500] "GET /mis-de-50-aves-silvestres-fueron-recuperadas-en-la-localidad-de-tunjuelito.html HTTP/1.1" 200 806
173.252.111.9 - - [23/Dec/2023:08:42:49 -0500] "GET /mis-de-50-aves-silvestres-fueron-recuperadas-en-la-localidad-de-tunjuelito.html HTTP/1.1" 206 806
173.252.111.120 - - [23/Dec/2023:08:42:54 -0500] "GET /mis-de-50-aves-silvestres-fueron-recuperadas-en-la-localidad-de-tunjuelito.html HTTP/1.1" 200 806
31.10.169.24 - - [23/Dec/2023:08:42:59 -0500] "GET /BLA/resoluciones/AUTOS%202013/1262.pdf HTTP/1.1" 200 912240
156.59.198.135 - - [23/Dec/2023:08:43:07 -0500] "GET /BLA/resoluciones/Notificaciones/AUTOS%202015/05810.doc HTTP/1.0" 200 161964
201.245.208.105 - - [23/Dec/2023:08:43:16 -0500] "OPTIONS /kwssiamovil/sm/setfile/f? HTTP/1.1" 200 13
201.245.208.105 - - [23/Dec/2023:08:43:16 -0500] "POST /kwssiamovil/sm/setfile/f? HTTP/1.1" 200 381
201.245.208.105 - - [23/Dec/2023:08:43:24 -0500] "OPTIONS /kwssiamovil/sm/setfile/f? HTTP/1.1" 200 13
201.245.208.105 - - [23/Dec/2023:08:43:24 -0500] "POST /kwssiamovil/sm/setfile/f? HTTP/1.1" 200 381
156.59.198.136 - - [23/Dec/2023:08:43:31 -0500] "GET /BLA/resoluciones/RESOLUCIONES%202020/1782.pdf HTTP/1.0" 200 368570
201.245.208.105 - - [23/Dec/2023:08:43:32 -0500] "GET /kwssiamovil/sm/acme/a?s=U2FsdGVkX19h63/sq6JnBVNowjHdsY7IGjBgsH1rShEctrPJbB7Whnv2vqTfIGY4DohIUxeSSKSi7w3nLKKIqKtnNCu1V0ZNKGgUKNPdebgDFwDIibcieMy/tSIZyPCKiS5t7kYQ+BZ/X/Bwi+FY1fMGlJLBjFpUiSrOoEvcEq6Fw/Mhtw5lGLP2zBnzzuOf2tNbqo5XCRpx0PGuq2vLsJuFUPD1AE4fjV5nyL53d7DYuO2z6+bieSEFt5is/8u1OsQSInZWxrLqC9CSNlDhgQ==&u=U2FsdGVkX19CJdJK5svH2DYUGFV4rOtLKA1SCShRJBA=&y=U2FsdGVkX1+QnDoIoRFBgmqDxX+bfG6hS+X5QuRF4x0= HTTP/1.1" 200 26
201.245.208.105 - - [23/Dec/2023:08:43:33 -0500] "GET /kwssiamovil/sm/acme/a?s=U2FsdGVkX1+AGCghCo83aWghzcgR5vJMee81c2+RaTUDVDJsz/YgcBgCnqb3WW82Q7Gkg0EZI4pIvv4okBMR19w8PZR0dvaOrJsR9U0AxvboKDDKLsxj4dkrtyac/m0xYf47ah8m9eztu4rN31FKa7AA3iViIMKLIdkr89pdD58aTtbCAQNeDhcGnKcHPO2TGr4LHPRnFuVNc2u0y+r8t17NutPSWn6yYQu3lk55U8I+Oz0I/TRLLopge8rP2q02viguSpw6HLnhKWOKG2tRPob7fa4qbQTeOJZWZt5fiFJcExFkSj3uROXhhNxO9a/8UYQmTcCSGQYjhMAFJIRUDvYR1MBW34uHhF/rO3iC074W59pSNq4U8Tlzw1oN/H6Rp1n6Ldy6Z4C+aRRRl/l4IcyS226dWO4dwQE9oWD+Uw8S/aTbhzDLKZqafxzHzBX/RQQ3wpviOZ6/8JXpO6oXVEZ9T6ycahA9vPWcRJu+ldPYM9oIJ5kqGCK0g9V+7dmsOt660JU7X3CqQU6nzXd1YLAIuvikKBmoWeuXG1dmXPUVSv+BgTXmMHQrs/kMJm0yReF03s+xbmHmwTihhPVhCrmXjqKhAeQSrOttw+j4L8mLlxC8pDXu7T3HBFz7WbsRzIl0MiIy8GFDg2eQ7hVQixCd/8DmB+GCE30N2gBmF2LADB/4B6LBVFoX1R9pqVeQ1eJuoo0ig+TWoTl/WTBKqEiOrBZ49jxxe/9wp7VO9ZDpBDr8y+w80xPmolBGm4XvAXdImbTlPf1yFXeUFjr4ZUySqAJXioP+IjVojZwmnE71Xvkj8Oc2QHNuQGJl5eX7S2YQsbWz2VIvFuD7iRM2GWbgKvQKgZcV0mMDF7+xiC+ChXMlAl9v5EsXH1WtKPhAMmnJFQgz6OatHH2GoyINnjEVz6VkDJZmh9dzg/MWLeJxJFVDVKmCzgQYJt2QkOIf1pRk+7yyFnIE1ingM8ogqW1byZVt0sgCkAMoyGrTK+kbw2BncQQG0LfOen2Abe7J0bS1e07bh57o5D8cx93PEILDcVS5TRC67iV5eOqpXi1jxURtRX2O/MRPaccL0dluMxF8BUaBbkjDW2aLM/kfkOXHQe8sh/ZYeUUDkEw8vwoL2krKtmxH6rpJ/YuBWaNx7SdTZlwMzsKs4cd4Rj9qrMCQ9qd8OMZVb+tpIExc5xcK+IhfJo3aqFAII10a48B8ZAQ2zFMhmYLDgWypud7MDaoLKPZw5aP849yti5Eh1LP0nuaoUaHgdluyKfof9TIYpzDKSD9UjidcVGbhwBwx6Ew+z4sxEfIyLD4LxeMvEoWSNpauUEzzr172EJQ4OJhCDxGxwhgoSjcTb4HMPzjsjbSh5o4AS/bs+Y9vnbqXE9mWPvTg17Dpl4mPdXECfkyd/RXN+3/JT8WiuZK7an2BqGh1r9dhhu+MHu++DIbOLhtmczfpXdCQTGaEbieVPUgcrMvSWofdLpIIdpzK9KobO04lQBuwT3uBiEVM9FU4qnrNWI9oE6x/j0c4+/Ui6S0xMpu1rSBBXazVvywbR8SqSOlwWwXenDcFW13H/mzeCxan+l/VKTQSUBB4BYj0Rrh8c4RNb7/+dvzUeRYT6AUvNFhjDwC+rtsRn2iaJSupeFtzbgMBX/b8s1xOAhqPTwpI5MooDLoJdPVdbPTD7YgfuXlacHMT8EqfMGB4vE/JgvWkZKXxQ1BqjnEFKvJzTBNRuo0bD89Tt4MDcTCADvDiA/umpgBkxrVla9d1RRzONw7wGRpdrPNBVpK2eRLb1aA2dbHNirSN2+lzybtpUkOety31Z0FL8rHEdEWrSCL7DLOCILGyqC9ezLSiorf0yN/ayciplOefQ0mSSIy5MT7WXwo+Kc/OhG5nTZszNbpURwxCoQ/MDGtLqa/Rkc4rqi4W41cAlyOgLEzhu6E9t/RV4dWkkcV8nrXJkV5be+GuxqAV77XkYodcbDaZSzBtDU+OFEk62IwwmfNziHfOz84ohxVe/qOvRd1KCSGx0h6ZuuVXRQY6QgK7t9qPVr56KPoPQBNFibfbP0wX0PI1Ck4t4v+B+AAl9ILYNQzPGonAycMICZbBQk8NLZ2sp/quhi+HXs8qfWmw82QewrCXV6zs6mpVOB4Cs3ENh7XRdP1N/p5+hw0WVuD2tyf2Gz0gukwJoLh4yJvEzK9sk4Whz04bBQHjbi8iNe8Md1sTXMQIOCN29hXaI407rumC5zw4T3bDJwXZssw8zxWx3dFiUwaioNXLunEACu3zsMGm64+1ZZ4IGYsvs/eaw9w9BDHeUSuReCcEOP6uinn/X3KYKpNg5SJXx62bDhsqEw2xlrIdrL1kL9HTpiU8NnGx1AZhtpCAf0KvKCnaXPJsQLr+BD68wibPXeFJ0fKW11zdGVpkhw2u+fLSatMPbsHSHdV4Nky0zbkC2yt1I/FRrMqr0BrATYpgmJCevx6aS4FmHeA2Ew3AqrxnMOfaZaj730IFWSsg+drhfURrtqDlYERl/h1RGWEClEkVJy0wA0cetzvQccScbAfL9wvMhnI4KNxcwqLnj8hRw/HNNhjKuL6ChQ2VKGWYplR9ep2aipchIVGplklZNZNV+lOZjL7fVkyV0zPAsL8CipVlLAdEu6HxHs23FKdXo/MlnuO9lAlKHcEGleDyQZLxeg6e/EDlC11KnYdNrOn4IxO3GvOAUrkOcMKj7x9HHE16zkR6uQJWlo9vXtIULAZYyvhIrVLKtYiawSw8k8KEtWtqww5Bioo8k7WPpnPGskRbMmsGnaTcp6SFEig0BuojGWD6ziHiUIyCcetCXJ5BJ8Ah16yZKmWRlKPdgKGOyMQ/JD/ntEaluIRM9UL8Lcg419nXmGZ3+b5QEcPKzH0KBokx4ag3iKEJ/JeaK0jCpgn/DL7uCbSeRsNHz2Zlk/Een5JosCBoalUZGwskNhadchDRarWosgz9KfCMN/RHqR+YT0qfoO47jNVAe3Z3iU871EkCgJaOLlogTVLSeLQBkvteo3YICj1v+spS0OYsMwXjjHfx3oJxNFNUjT4=&u=U2FsdGVkX19CJdJK5svH2DYUGFV4rOtLKA1SCShRJBA=&y=U2FsdGVkX1+QnDoIoRFBgmqDxX+bfG6hS+X5QuRF4x0= HTTP/1.1" 200 26
201.245.208.105 - - [23/Dec/2023:08:43:33 -0500] "GET /kwssiamovil/sm/acme/a?s=U2FsdGVkX18JsLyT+RWHi10ZkOSyiVfqPLe9K06vKzsdK4oqXIdx8EIXB/WYbrXKtmMaJe3BaUGBzuBpg7ifuwi4lCKXxja4UzIacfZFMJmkeKANvV5tQt82RYiWdWLeju3G9n116NNWz2Ed3FlwmZHMzKSsaOZceBE+5jd3Zy4=&u=U2FsdGVkX19CJdJK5svH2DYUGFV4rOtLKA1SCShRJBA=&y=U2FsdGVkX1+QnDoIoRFBgmqDxX+bfG6hS+X5QuRF4x0= HTTP/1.1" 200 26
201.245.208.105 - - [23/Dec/2023:08:43:34 -0500] "GET /kwssiamovil/sm/acme/a?s=U2FsdGVkX19VQCnGqSCZOVzwUm4v145hDmNqcQY/ma9BTGFblQbsV5umEQIGpeeDL6Ta+w89dWpnsBERsF7kcHzZH8fnpiURMKcht6wIL7i5NjBYqJXL4CeEgMxWGes8zC45aCXWXaMtk6axJOXePPN+8cCLOjPrxjGoEXIMKMU=&u=U2FsdGVkX19CJdJK5svH2DYUGFV4rOtLKA1SCShRJBA=&y=U2FsdGVkX1+QnDoIoRFBgmqDxX+bfG6hS+X5QuRF4x0= HTTP/1.1" 200 26
201.245.208.105 - - [23/Dec/2023:08:43:34 -0500] "GET /kwssiamovil/sm/acme/a?s=U2FsdGVkX19PmcY+tV7byQMbdVHVrIFIcCetmWVybSirf4o3HQWAWf5/oA07dRBFCGqDvjskNMKIBp/sSuVOFc13EZ3e2F9HYjxmtbzX3CoSlqklmo+zAolPSb/+eRv0bOS5p3Uu5EpOu28lk1pYQp8JxkfzY/9yHHRgz4X1Pwg=&u=U2FsdGVkX19CJdJK5svH2DYUGFV4rOtLKA1SCShRJBA=&y=U2FsdGVkX1+QnDoIoRFBgmqDxX+bfG6hS+X5QuRF4x0= HTTP/1.1" 200 26
201.245.208.105 - - [23/Dec/2023:08:43:34 -0500] "GET /kwssiamovil/sm/acme/a?s=U2FsdGVkX19KIa2fdfISbL44QV28ep1+EPddWdVyTHlTm7lCqd0oSWsy8KKf3nVxs6q1IKSb2f7dQfLXHnry9wTvAfht28Wthzo5z6EOr9NxnNSn7ORwO1VNSE2/TV9xPcqTD09KJX2CeLvFTPKtbZiS1QfeS1POUg2lSFsPoa7wFk+KTptUxZvHbaG46OJB&u=U2FsdGVkX19CJdJK5svH2DYUGFV4rOtLKA1SCShRJBA=&y=U2FsdGVkX1+QnDoIoRFBgmqDxX+bfG6hS+X5QuRF4x0= HTTP/1.1" 200 26
201.245.208.105 - - [23/Dec/2023:08:43:34 -0500] "GET /kwssiamovil/sm/acme/a?s=U2FsdGVkX19+T4W6GByNlPQltRb+NYqSaUv0KHHIa8PwwtCrQEylhmuCmuErwdmjAB5Cs+wDtZ/3bI68ZdAhupGqd3AAnDgbkts5XqOMVlyMFUuOaD+EFIRuIYoBwOateTwuF7qsM1u9V0Y10Ow6I1CEc0BaUeTulOiUA5fWBThKFytQuNfV4Dk3Vj2JPWDNHNxz6WYH8amMnv4xv1turWlOZrNryKc7Z7o3FFCzVcA=&u=U2FsdGVkX19CJdJK5svH2DYUGFV4rOtLKA1SCShRJBA=&y=U2FsdGVkX1+QnDoIoRFBgmqDxX+bfG6hS+X5QuRF4x0= HTTP/1.1" 200 26
201.245.208.105 - - [23/Dec/2023:08:43:35 -0500] "GET /kwssiamovil/sm/acme/a?s=U2FsdGVkX18ma/AKoWs0rnem6Yu5Q/EcyGRXCVN4mFKlEKShEOFFchqVYUQWe9emMjJDa3DVjg/Sq5A657l50gCfUbIGbFYPkIhxsvDuM/ZCocS1dNPKLHkvJpjbF1mF9X7+j1JfjCLouoEgHz/yCiG8oMO/LDej6aPcEelbRpRAZYV1warNnzglqFqDc+N8S37agrHTon1WEpPWesiHaYDGO7o0jPGsyvNZPRMUqi0bDHC8PWdGpeE4cu+HCUb32F165rXl9ybxWna2QMllBTI9pmBj9BkDYuWhdjrUez9iy+N2kaII/Msa7osk+736wCDWb0lSV/3D8JtxB3nP138fOlI30WUqDgKxpZqEErZJItQYvb06U8Yw1vqZ1P27Di0QVZkcAjOq//4KUh583sEJP/Re90TUK3AJFcN2OUTURZ4IVyUJWB4j5LQMZcz1z+2UjiFBBxT1WL/BtXUHjyabpeLhYYh4Bl/QZHZmfZA4I42fJSswGWsMbKkzg61vRzv2Vf5GYZRHWLzwBGvPwQ==&u=U2FsdGVkX19CJdJK5svH2DYUGFV4rOtLKA1SCShRJBA=&y=U2FsdGVkX1+QnDoIoRFBgmqDxX+bfG6hS+X5QuRF4x0= HTTP/1.1" 200 25
201.245.208.105 - - [23/Dec/2023:08:43:35 -0500] "GET /kwssiamovil/sm/acme/a?s=U2FsdGVkX1/vbaMNZ61HEy85ug0QvuQX/5SUzJYpmrR+0kVeahBHcHmzYTb1WSR6Iv+4q3uH03CTANKEdRFpCir+NMFwQJYB3Gi9olUr+DfhlT2ucUA1sWlXN8uF1vo47IaehQP0vZhDRh4YHMUoCpPWRhUmBtNwGqd+wwZCTlSLIaBTSPZ+N6xD1J5cf3lebm5mZqbfVMadLhrj44iS1Q==&u=U2FsdGVkX19CJdJK5svH2DYUGFV4rOtLKA1SCShRJBA=&y=U2FsdGVkX1+QnDoIoRFBgmqDxX+bfG6hS+X5QuRF4x0= HTTP/1.1" 200 26
201.245.208.105 - - [23/Dec/2023:08:43:35 -0500] "GET /kwssiamovil/sm/acme/a?s=U2FsdGVkX18DK4+gZzvnCMo+ImGrgvbfTa3oAQM+KmvgOgjfXrf88UWAeXAJieHaZFKWk/k9rsprmUyufVrfC16Ws5sqixG8AqRjxpmL5y0XxlGtz/6KO3KOkKJE+hCZWNYGEabNR6pFNvVG4HG0wTWWLfQDuIApkQgv9Icp+bm8ZEGaMLgLVbnzl5oycKedav0TMfeYiwpt1CHaMnDrrmoKrJZKbF6kY146oPIm1apUdyacBIsdwqWxwEeQxEaMzzZzYeEpu5DzFvvIy2sHX+SkysL4zxNffs/8aDRSbnUZbOHdp+erwksYMUhJGEqj01cBjtyOX7738A+lZTIb3kP+5Ibk80VJL8slmJPN8kw1unJXIR8KIBkKxozQnNEzs968oHexIP8NUNZ+G+kB7RAIICqNZL7CaqsVlQhOmwbbz7bgoXultkNgo+1pyMboUEjMKcSuGDxWbtDO0XJkLaxx5ycRcV926CpE9gRl8IK2Fp4/z9bVjVjJeCUxLYRr&u=U2FsdGVkX19CJdJK5svH2DYUGFV4rOtLKA1SCShRJBA=&y=U2FsdGVkX1+QnDoIoRFBgmqDxX+bfG6hS+X5QuRF4x0= HTTP/1.1" 200 26
172.22.2.4 - - [23/Dec/2023:08:43:54 -0500] "GET /BLA/boletinlegal/consulta_actos.php?tipo=autos&no=&usuario=&sector=&fecha=2012&resuelve= HTTP/1.1" 200 768816
156.59.198.136 - - [23/Dec/2023:08:43:56 -0500] "GET /BLA/resoluciones/Notificaciones/AUTOS%202015/1174.doc HTTP/1.0" 200 102400
172.22.2.4 - - [23/Dec/2023:08:43:57 -0500] "GET /BLA/boletinlegal/consulta_actos.php?tipo=autos&no=&usuario=&sector=&fecha=2012&resuelve= HTTP/1.1" 200 768816
156.59.198.135 - - [23/Dec/2023:08:44:19 -0500] "GET /BLA/resoluciones/RESOLUCIONES%202020/2224.pdf HTTP/1.0" 200 382918
157.55.39.9 - - [23/Dec/2023:08:44:30 -0500] "GET /BLA/resoluciones/Notificaciones/RESOLUCIONES%202023/1594.pdf HTTP/1.1" 200 7132168
20.15.133.186 - - [23/Dec/2023:08:44:36 -0500] "GET /BLA/resoluciones/RESOLUCIONES%202023/2296.pdf HTTP/1.1" 200 3912748
156.59.198.135 - - [23/Dec/2023:08:44:43 -0500] "GET /BLA/resoluciones/RESOLUCIONES%202020/1523.pdf HTTP/1.0" 200 1213203
172.22.2.4 - - [23/Dec/2023:08:43:23 -0500] "HEAD /BLA/boletinlegal/ HTTP/1.1" 200 -
20.15.133.185 - - [23/Dec/2023:08:45:04 -0500] "GET /BLA/resoluciones/RESOLUCIONES%202021/1065.pdf HTTP/1.1" 200 405090
216.244.66.195 - - [23/Dec/2023:08:45:07 -0500] "GET /robots.txt HTTP/1.1" 404 1018
156.59.198.136 - - [23/Dec/2023:08:45:08 -0500] "GET /BLA/resoluciones/RESOLUCIONES%202020/0290.pdf HTTP/1.0" 200 977399
173.252.79.1 - - [23/Dec/2023:08:45:22 -0500] "GET /images/pl\xc3\xa1sticos%20foto%201..jpg HTTP/1.1" 404 1034
216.245.221.92 - - [23/Dec/2023:08:45:25 -0500] "HEAD / HTTP/1.1" 200 -
156.59.198.136 - - [23/Dec/2023:08:45:32 -0500] "GET /BLA/resoluciones/RESOLUCIONES%202020/0070.pdf HTTP/1.0" 200 291559
172.22.2.4 - - [23/Dec/2023:08:44:13 -0500] "GET /BLA/boletinlegal/ HTTP/1.1" 200 52418
156.59.198.135 - - [23/Dec/2023:08:45:56 -0500] "GET /BLA/resoluciones/Notificaciones/AUTOS%202015/3851.doc HTTP/1.0" 200 180736
156.59.198.135 - - [23/Dec/2023:08:46:21 -0500] "GET /BLA/resoluciones/RESOLUCIONES%202020/2217.pdf HTTP/1.0" 200 373033
69.63.184.9 - - [23/Dec/2023:08:46:24 -0500] "GET /mis-de-50-aves-silvestres-fueron-recuperadas-en-la-localidad-de-tunjuelito.html HTTP/1.1" 200 806
69.63.184.10 - - [23/Dec/2023:08:46:25 -0500] "GET /mis-de-50-aves-silvestres-fueron-recuperadas-en-la-localidad-de-tunjuelito.html HTTP/1.1" 200 806
201.245.192.253 - - [23/Dec/2023:08:46:38 -0500] "POST /kwsrmcab/Wsrmcab  HTTP/1.1" 200 40220
172.225.238.106 - - [23/Dec/2023:08:46:44 -0500] "GET /distrito-exalto-a-246-empresas-de-bogota-por-su-alto-desempeno-y-responsabilidad-ambiental-durante-2023.html HTTP/1.1" 200 1039
156.59.198.135 - - [23/Dec/2023:08:46:44 -0500] "GET /BLA/resoluciones/Notificaciones/AUTOS%202015/7001.doc HTTP/1.0" 200 168960
20.15.133.186 - - [23/Dec/2023:08:46:47 -0500] "GET /BLA/resoluciones/AUTOS%202023/4719.pdf HTTP/1.1" 200 1060111
156.59.198.136 - - [23/Dec/2023:08:47:09 -0500] "GET /BLA/resoluciones/RESOLUCIONES%202020/2114.pdf HTTP/1.0" 200 385305
173.252.95.23 - - [23/Dec/2023:08:47:19 -0500] "GET /mis-de-50-aves-silvestres-fueron-recuperadas-en-la-localidad-de-tunjuelito.html?fbclid=IwAR0onh9QABGKmLWqbqm7it5_PKP6vTs9V4dAiTVFgfW4HdsGD52HfmY4p3k HTTP/1.1" 200 806
172.22.2.4 - - [23/Dec/2023:08:47:26 -0500] "GET /BLA/boletinlegal/Circulares/2020/CIRCULAR%20No.%2000019%20DEL%2018%20DE%20DICIEMBRE%20DEL%202020.pdf HTTP/1.1" 200 307959
