172.22.2.4 - - [23/Dec/2023:18:04:17 -0500] "GET /BLA/boletinlegal/ HTTP/1.1" 200 60910
216.244.66.195 - - [23/Dec/2023:18:06:08 -0500] "GET /BLA/resoluciones/AUTOS%202019/3518.pdf HTTP/1.1" 200 332833
156.59.198.135 - - [23/Dec/2023:18:06:08 -0500] "GET /BLA/resoluciones/AUTOS%202014/2448.pdf HTTP/1.0" 200 756339
156.59.198.135 - - [23/Dec/2023:18:06:32 -0500] "GET /BLA/resoluciones/Notificaciones/AUTOS%202021/3569.pdf HTTP/1.0" 200 305872
216.244.66.195 - - [23/Dec/2023:18:06:45 -0500] "GET /BLA/resoluciones/AUTOS%202019/3756.pdf HTTP/1.1" 200 268490
181.56.171.197 - - [23/Dec/2023:18:06:55 -0500] "POST /sipse/faces/presentacion/financiero/solicitudProceso/listarSolicitudProceso.xhtml HTTP/1.1" 200 32866
181.56.171.197 - - [23/Dec/2023:18:06:57 -0500] "POST /sipse/faces/presentacion/financiero/solicitudProceso/listarSolicitudProceso.xhtml HTTP/1.1" 200 24262
181.56.171.197 - - [23/Dec/2023:18:06:57 -0500] "POST /sipse/faces/presentacion/financiero/solicitudProceso/listarSolicitudProceso.xhtml HTTP/1.1" 200 6248
156.59.198.136 - - [23/Dec/2023:18:06:57 -0500] "GET /BLA/resoluciones/Notificaciones/AUTOS%202021/0918.pdf HTTP/1.0" 200 365507
181.56.171.197 - - [23/Dec/2023:18:07:02 -0500] "POST /sipse/faces/presentacion/financiero/solicitudProceso/listarSolicitudProceso.xhtml HTTP/1.1" 200 115503
181.56.171.197 - - [23/Dec/2023:18:07:03 -0500] "GET /sipse/faces/javax.faces.resource/theme.css?ln=primefaces-sipse HTTP/1.1" 304 -
181.56.171.197 - - [23/Dec/2023:18:07:03 -0500] "GET /sipse/faces/javax.faces.resource/primefaces.css?ln=primefaces&v=4.0 HTTP/1.1" 304 -
181.56.171.197 - - [23/Dec/2023:18:07:03 -0500] "GET /sipse/faces/javax.faces.resource/layout/layout.css?ln=primefaces&v=4.0 HTTP/1.1" 304 -
181.56.171.197 - - [23/Dec/2023:18:07:03 -0500] "GET /sipse/faces/javax.faces.resource/jquery/jquery.js?ln=primefaces&v=4.0 HTTP/1.1" 304 -
181.56.171.197 - - [23/Dec/2023:18:07:03 -0500] "GET /sipse/faces/javax.faces.resource/jquery/jquery-plugins.js?ln=primefaces&v=4.0 HTTP/1.1" 304 -
181.56.171.197 - - [23/Dec/2023:18:07:03 -0500] "GET /sipse/faces/javax.faces.resource/primefaces.js?ln=primefaces&v=4.0 HTTP/1.1" 304 -
181.56.171.197 - - [23/Dec/2023:18:07:03 -0500] "GET /sipse/faces/javax.faces.resource/layout/layout.js?ln=primefaces&v=4.0 HTTP/1.1" 304 -
181.56.171.197 - - [23/Dec/2023:18:07:13 -0500] "POST /sipse/faces/presentacion/financiero/solicitudProceso/consultarSolicitudProceso.xhtml HTTP/1.1" 200 21227
181.56.171.197 - - [23/Dec/2023:18:07:13 -0500] "GET /sipse/faces/javax.faces.resource/theme.css?ln=primefaces-sipse HTTP/1.1" 304 -
181.56.171.197 - - [23/Dec/2023:18:07:13 -0500] "GET /sipse/faces/javax.faces.resource/primefaces.css?ln=primefaces&v=4.0 HTTP/1.1" 304 -
181.56.171.197 - - [23/Dec/2023:18:07:13 -0500] "GET /sipse/faces/javax.faces.resource/layout/layout.css?ln=primefaces&v=4.0 HTTP/1.1" 304 -
181.56.171.197 - - [23/Dec/2023:18:07:13 -0500] "GET /sipse/faces/javax.faces.resource/fileupload/fileupload.css?ln=primefaces&v=4.0 HTTP/1.1" 304 -
181.56.171.197 - - [23/Dec/2023:18:07:13 -0500] "GET /sipse/faces/javax.faces.resource/jquery/jquery-plugins.js?ln=primefaces&v=4.0 HTTP/1.1" 304 -
181.56.171.197 - - [23/Dec/2023:18:07:13 -0500] "GET /sipse/faces/javax.faces.resource/jquery/jquery.js?ln=primefaces&v=4.0 HTTP/1.1" 304 -
181.56.171.197 - - [23/Dec/2023:18:07:13 -0500] "GET /sipse/faces/javax.faces.resource/primefaces.js?ln=primefaces&v=4.0 HTTP/1.1" 304 -
181.56.171.197 - - [23/Dec/2023:18:07:13 -0500] "GET /sipse/faces/javax.faces.resource/layout/layout.js?ln=primefaces&v=4.0 HTTP/1.1" 304 -
181.56.171.197 - - [23/Dec/2023:18:07:13 -0500] "GET /sipse/faces/javax.faces.resource/fileupload/fileupload.js?ln=primefaces&v=4.0 HTTP/1.1" 304 -
156.59.198.135 - - [23/Dec/2023:18:07:22 -0500] "GET /BLA/resoluciones/RESOLUCIONES%202009/1327.pdf HTTP/1.0" 200 522993
181.56.171.197 - - [23/Dec/2023:18:07:29 -0500] "GET /sipse/faces/javax.faces.resource/theme.css?ln=primefaces-sipse HTTP/1.1" 304 -
181.56.171.197 - - [23/Dec/2023:18:07:29 -0500] "GET /sipse/faces/javax.faces.resource/primefaces.css?ln=primefaces&v=4.0 HTTP/1.1" 304 -
181.56.171.197 - - [23/Dec/2023:18:07:29 -0500] "GET /sipse/faces/javax.faces.resource/layout/layout.css?ln=primefaces&v=4.0 HTTP/1.1" 304 -
181.56.171.197 - - [23/Dec/2023:18:07:29 -0500] "GET /sipse/faces/javax.faces.resource/primefaces.js?ln=primefaces&v=4.0 HTTP/1.1" 304 -
181.56.171.197 - - [23/Dec/2023:18:07:29 -0500] "GET /sipse/faces/javax.faces.resource/jquery/jquery.js?ln=primefaces&v=4.0 HTTP/1.1" 304 -
181.56.171.197 - - [23/Dec/2023:18:07:29 -0500] "GET /sipse/faces/javax.faces.resource/jquery/jquery-plugins.js?ln=primefaces&v=4.0 HTTP/1.1" 304 -
181.56.171.197 - - [23/Dec/2023:18:07:29 -0500] "GET /sipse/faces/javax.faces.resource/layout/layout.js?ln=primefaces&v=4.0 HTTP/1.1" 304 -
181.56.171.197 - - [23/Dec/2023:18:07:26 -0500] "POST /sipse/faces/presentacion/sistema/anexos/cargarAnexoSolicitudProceso.xhtml HTTP/1.1" 200 163184
216.244.66.195 - - [23/Dec/2023:18:07:34 -0500] "GET /BLA/resoluciones/AUTOS%202019/4147.pdf HTTP/1.1" 200 286227
156.59.198.135 - - [23/Dec/2023:18:07:46 -0500] "GET /BLA/resoluciones/AUTOS%202014/2631.pdf HTTP/1.0" 200 705686
156.59.198.135 - - [23/Dec/2023:18:08:11 -0500] "GET /BLA/resoluciones/AUTOS%202007/3642.pdf HTTP/1.0" 200 308319
181.56.171.197 - - [23/Dec/2023:18:08:13 -0500] "POST /sipse/faces/presentacion/financiero/solicitudProceso/consultarSolicitudProceso.xhtml HTTP/1.1" 200 21227
181.56.171.197 - - [23/Dec/2023:18:08:13 -0500] "GET /sipse/faces/javax.faces.resource/layout/layout.css?ln=primefaces&v=4.0 HTTP/1.1" 304 -
181.56.171.197 - - [23/Dec/2023:18:08:13 -0500] "GET /sipse/faces/javax.faces.resource/primefaces.css?ln=primefaces&v=4.0 HTTP/1.1" 304 -
181.56.171.197 - - [23/Dec/2023:18:08:13 -0500] "GET /sipse/faces/javax.faces.resource/theme.css?ln=primefaces-sipse HTTP/1.1" 304 -
181.56.171.197 - - [23/Dec/2023:18:08:13 -0500] "GET /sipse/faces/javax.faces.resource/jquery/jquery-plugins.js?ln=primefaces&v=4.0 HTTP/1.1" 304 -
181.56.171.197 - - [23/Dec/2023:18:08:13 -0500] "GET /sipse/faces/javax.faces.resource/fileupload/fileupload.css?ln=primefaces&v=4.0 HTTP/1.1" 304 -
181.56.171.197 - - [23/Dec/2023:18:08:13 -0500] "GET /sipse/faces/javax.faces.resource/jquery/jquery.js?ln=primefaces&v=4.0 HTTP/1.1" 304 -
181.56.171.197 - - [23/Dec/2023:18:08:13 -0500] "GET /sipse/faces/javax.faces.resource/primefaces.js?ln=primefaces&v=4.0 HTTP/1.1" 304 -
181.56.171.197 - - [23/Dec/2023:18:08:13 -0500] "GET /sipse/faces/javax.faces.resource/layout/layout.js?ln=primefaces&v=4.0 HTTP/1.1" 304 -
181.56.171.197 - - [23/Dec/2023:18:08:13 -0500] "GET /sipse/faces/javax.faces.resource/fileupload/fileupload.js?ln=primefaces&v=4.0 HTTP/1.1" 304 -
181.56.171.197 - - [23/Dec/2023:18:08:20 -0500] "GET /sipse/faces/javax.faces.resource/jquery/jquery.js?ln=primefaces&v=4.0 HTTP/1.1" 304 -
181.56.171.197 - - [23/Dec/2023:18:08:20 -0500] "GET /sipse/faces/javax.faces.resource/theme.css?ln=primefaces-sipse HTTP/1.1" 304 -
181.56.171.197 - - [23/Dec/2023:18:08:20 -0500] "GET /sipse/faces/javax.faces.resource/primefaces.css?ln=primefaces&v=4.0 HTTP/1.1" 304 -
181.56.171.197 - - [23/Dec/2023:18:08:20 -0500] "GET /sipse/faces/javax.faces.resource/layout/layout.css?ln=primefaces&v=4.0 HTTP/1.1" 304 -
181.56.171.197 - - [23/Dec/2023:18:08:20 -0500] "GET /sipse/faces/javax.faces.resource/jquery/jquery-plugins.js?ln=primefaces&v=4.0 HTTP/1.1" 304 -
181.56.171.197 - - [23/Dec/2023:18:08:20 -0500] "GET /sipse/faces/javax.faces.resource/primefaces.js?ln=primefaces&v=4.0 HTTP/1.1" 304 -
181.56.171.197 - - [23/Dec/2023:18:08:20 -0500] "GET /sipse/faces/javax.faces.resource/layout/layout.js?ln=primefaces&v=4.0 HTTP/1.1" 304 -
181.56.171.197 - - [23/Dec/2023:18:08:20 -0500] "POST /sipse/faces/presentacion/sistema/anexos/cargarAnexoSolicitudProceso.xhtml HTTP/1.1" 200 164996
156.59.198.136 - - [23/Dec/2023:18:08:35 -0500] "GET /BLA/resoluciones/AUTOS%202014/4314.pdf HTTP/1.0" 200 551109
181.56.171.197 - - [23/Dec/2023:18:08:51 -0500] "POST /sipse/faces/presentacion/financiero/solicitudProceso/consultarSolicitudProceso.xhtml HTTP/1.1" 200 6780
156.59.198.135 - - [23/Dec/2023:18:09:00 -0500] "GET /BLA/resoluciones/Notificaciones/AUTOS%202021/5692.pdf HTTP/1.0" 200 356223
201.245.192.253 - - [23/Dec/2023:18:09:02 -0500] "POST /kwsrmcab/Wsrmcab  HTTP/1.1" 200 40220
156.59.198.136 - - [23/Dec/2023:18:09:24 -0500] "GET /BLA/resoluciones/AUTOS%202018/4448.pdf HTTP/1.0" 200 311565
156.59.198.136 - - [23/Dec/2023:18:09:49 -0500] "GET /BLA/resoluciones/RESOLUCIONES%202010/RESOLUCION%207384%20DE%202010.PDF HTTP/1.0" 200 29401
181.56.171.197 - - [23/Dec/2023:18:10:05 -0500] "POST /sipse/faces/presentacion/financiero/solicitudProceso/consultarSolicitudProceso.xhtml HTTP/1.1" 200 21227
181.56.171.197 - - [23/Dec/2023:18:10:05 -0500] "GET /sipse/faces/javax.faces.resource/theme.css?ln=primefaces-sipse HTTP/1.1" 304 -
181.56.171.197 - - [23/Dec/2023:18:10:05 -0500] "GET /sipse/faces/javax.faces.resource/primefaces.css?ln=primefaces&v=4.0 HTTP/1.1" 304 -
181.56.171.197 - - [23/Dec/2023:18:10:05 -0500] "GET /sipse/faces/javax.faces.resource/layout/layout.css?ln=primefaces&v=4.0 HTTP/1.1" 304 -
181.56.171.197 - - [23/Dec/2023:18:10:05 -0500] "GET /sipse/faces/javax.faces.resource/fileupload/fileupload.css?ln=primefaces&v=4.0 HTTP/1.1" 304 -
181.56.171.197 - - [23/Dec/2023:18:10:05 -0500] "GET /sipse/faces/javax.faces.resource/jquery/jquery.js?ln=primefaces&v=4.0 HTTP/1.1" 304 -
181.56.171.197 - - [23/Dec/2023:18:10:05 -0500] "GET /sipse/faces/javax.faces.resource/jquery/jquery-plugins.js?ln=primefaces&v=4.0 HTTP/1.1" 304 -
181.56.171.197 - - [23/Dec/2023:18:10:05 -0500] "GET /sipse/faces/javax.faces.resource/primefaces.js?ln=primefaces&v=4.0 HTTP/1.1" 304 -
181.56.171.197 - - [23/Dec/2023:18:10:05 -0500] "GET /sipse/faces/javax.faces.resource/layout/layout.js?ln=primefaces&v=4.0 HTTP/1.1" 304 -
181.56.171.197 - - [23/Dec/2023:18:10:05 -0500] "GET /sipse/faces/javax.faces.resource/fileupload/fileupload.js?ln=primefaces&v=4.0 HTTP/1.1" 304 -
156.59.198.135 - - [23/Dec/2023:18:10:13 -0500] "GET /BLA/resoluciones/RESOLUCIONES%202010/4634.pdf HTTP/1.0" 200 332798
181.56.171.197 - - [23/Dec/2023:18:10:14 -0500] "GET /sipse/faces/javax.faces.resource/layout/layout.css?ln=primefaces&v=4.0 HTTP/1.1" 304 -
181.56.171.197 - - [23/Dec/2023:18:10:14 -0500] "GET /sipse/faces/javax.faces.resource/theme.css?ln=primefaces-sipse HTTP/1.1" 304 -
181.56.171.197 - - [23/Dec/2023:18:10:14 -0500] "GET /sipse/faces/javax.faces.resource/primefaces.css?ln=primefaces&v=4.0 HTTP/1.1" 304 -
181.56.171.197 - - [23/Dec/2023:18:10:14 -0500] "GET /sipse/faces/javax.faces.resource/jquery/jquery-plugins.js?ln=primefaces&v=4.0 HTTP/1.1" 304 -
181.56.171.197 - - [23/Dec/2023:18:10:14 -0500] "GET /sipse/faces/javax.faces.resource/jquery/jquery.js?ln=primefaces&v=4.0 HTTP/1.1" 304 -
181.56.171.197 - - [23/Dec/2023:18:10:14 -0500] "GET /sipse/faces/javax.faces.resource/primefaces.js?ln=primefaces&v=4.0 HTTP/1.1" 304 -
181.56.171.197 - - [23/Dec/2023:18:10:14 -0500] "GET /sipse/faces/javax.faces.resource/layout/layout.js?ln=primefaces&v=4.0 HTTP/1.1" 304 -
181.56.171.197 - - [23/Dec/2023:18:10:13 -0500] "POST /sipse/faces/presentacion/sistema/anexos/cargarAnexoSolicitudProceso.xhtml HTTP/1.1" 200 166902
212.29.221.105 - - [23/Dec/2023:18:10:23 -0500] "GET /robots.txt HTTP/1.1" 404 1034
212.29.221.105 - - [23/Dec/2023:18:10:23 -0500] "GET / HTTP/1.1" 200 4720
216.245.221.92 - - [23/Dec/2023:18:10:24 -0500] "HEAD / HTTP/1.1" 200 -
212.29.221.107 - - [23/Dec/2023:18:10:29 -0500] "GET /robots.txt HTTP/1.1" 404 1035
212.29.221.107 - - [23/Dec/2023:18:10:29 -0500] "GET / HTTP/1.1" 200 319
181.56.171.197 - - [23/Dec/2023:18:10:33 -0500] "POST /sipse/faces/presentacion/financiero/solicitudProceso/consultarSolicitudProceso.xhtml HTTP/1.1" 200 6780
181.56.171.197 - - [23/Dec/2023:18:10:35 -0500] "POST /sipse/faces/presentacion/financiero/solicitudProceso/consultarSolicitudProceso.xhtml HTTP/1.1" 200 37374
181.56.171.197 - - [23/Dec/2023:18:10:36 -0500] "GET /sipse/faces/javax.faces.resource/theme.css?ln=primefaces-sipse HTTP/1.1" 304 -
181.56.171.197 - - [23/Dec/2023:18:10:36 -0500] "GET /sipse/faces/javax.faces.resource/jquery/jquery.js?ln=primefaces&v=4.0 HTTP/1.1" 304 -
181.56.171.197 - - [23/Dec/2023:18:10:36 -0500] "GET /sipse/faces/javax.faces.resource/layout/layout.css?ln=primefaces&v=4.0 HTTP/1.1" 304 -
181.56.171.197 - - [23/Dec/2023:18:10:36 -0500] "GET /sipse/faces/javax.faces.resource/primefaces.css?ln=primefaces&v=4.0 HTTP/1.1" 304 -
181.56.171.197 - - [23/Dec/2023:18:10:36 -0500] "GET /sipse/faces/javax.faces.resource/jquery/jquery-plugins.js?ln=primefaces&v=4.0 HTTP/1.1" 304 -
181.56.171.197 - - [23/Dec/2023:18:10:37 -0500] "GET /sipse/faces/javax.faces.resource/primefaces.js?ln=primefaces&v=4.0 HTTP/1.1" 304 -
181.56.171.197 - - [23/Dec/2023:18:10:37 -0500] "GET /sipse/faces/javax.faces.resource/layout/layout.js?ln=primefaces&v=4.0 HTTP/1.1" 304 -
181.56.171.197 - - [23/Dec/2023:18:10:37 -0500] "POST /sipse/faces/presentacion/financiero/solicitudProceso/listarSolicitudProceso.xhtml HTTP/1.1" 200 1396
156.59.198.136 - - [23/Dec/2023:18:10:37 -0500] "GET /BLA/resoluciones/RESOLUCIONES%202010/2235.pdf HTTP/1.0" 200 473965
181.56.171.197 - - [23/Dec/2023:18:10:41 -0500] "POST /sipse/faces/presentacion/financiero/solicitudProceso/listarSolicitudProceso.xhtml HTTP/1.1" 200 113251
181.56.171.197 - - [23/Dec/2023:18:10:42 -0500] "GET /sipse/faces/javax.faces.resource/theme.css?ln=primefaces-sipse HTTP/1.1" 304 -
181.56.171.197 - - [23/Dec/2023:18:10:42 -0500] "GET /sipse/faces/javax.faces.resource/jquery/jquery.js?ln=primefaces&v=4.0 HTTP/1.1" 304 -
181.56.171.197 - - [23/Dec/2023:18:10:42 -0500] "GET /sipse/faces/javax.faces.resource/primefaces.css?ln=primefaces&v=4.0 HTTP/1.1" 304 -
181.56.171.197 - - [23/Dec/2023:18:10:42 -0500] "GET /sipse/faces/javax.faces.resource/layout/layout.css?ln=primefaces&v=4.0 HTTP/1.1" 304 -
181.56.171.197 - - [23/Dec/2023:18:10:42 -0500] "GET /sipse/faces/javax.faces.resource/jquery/jquery-plugins.js?ln=primefaces&v=4.0 HTTP/1.1" 304 -
181.56.171.197 - - [23/Dec/2023:18:10:42 -0500] "GET /sipse/faces/javax.faces.resource/primefaces.js?ln=primefaces&v=4.0 HTTP/1.1" 304 -
181.56.171.197 - - [23/Dec/2023:18:10:42 -0500] "GET /sipse/faces/javax.faces.resource/layout/layout.js?ln=primefaces&v=4.0 HTTP/1.1" 304 -
181.56.171.197 - - [23/Dec/2023:18:10:46 -0500] "POST /sipse/faces/presentacion/financiero/solicitudProceso/consultarSolicitudProceso.xhtml HTTP/1.1" 200 5205
181.56.171.197 - - [23/Dec/2023:18:10:52 -0500] "POST /sipse/faces/presentacion/financiero/solicitudProceso/consultarSolicitudProceso.xhtml HTTP/1.1" 200 38054
181.56.171.197 - - [23/Dec/2023:18:10:52 -0500] "GET /sipse/faces/javax.faces.resource/theme.css?ln=primefaces-sipse HTTP/1.1" 304 -
181.56.171.197 - - [23/Dec/2023:18:10:52 -0500] "GET /sipse/faces/javax.faces.resource/jquery/jquery.js?ln=primefaces&v=4.0 HTTP/1.1" 304 -
181.56.171.197 - - [23/Dec/2023:18:10:52 -0500] "GET /sipse/faces/javax.faces.resource/primefaces.css?ln=primefaces&v=4.0 HTTP/1.1" 304 -
181.56.171.197 - - [23/Dec/2023:18:10:52 -0500] "GET /sipse/faces/javax.faces.resource/layout/layout.css?ln=primefaces&v=4.0 HTTP/1.1" 304 -
181.56.171.197 - - [23/Dec/2023:18:10:52 -0500] "GET /sipse/faces/javax.faces.resource/jquery/jquery-plugins.js?ln=primefaces&v=4.0 HTTP/1.1" 304 -
181.56.171.197 - - [23/Dec/2023:18:10:52 -0500] "GET /sipse/faces/javax.faces.resource/primefaces.js?ln=primefaces&v=4.0 HTTP/1.1" 304 -
181.56.171.197 - - [23/Dec/2023:18:10:52 -0500] "GET /sipse/faces/javax.faces.resource/layout/layout.js?ln=primefaces&v=4.0 HTTP/1.1" 304 -
181.56.171.197 - - [23/Dec/2023:18:10:53 -0500] "POST /sipse/faces/presentacion/financiero/solicitudProceso/listarSolicitudProceso.xhtml HTTP/1.1" 200 31319
181.56.171.197 - - [23/Dec/2023:18:10:53 -0500] "POST /sipse/faces/presentacion/financiero/solicitudProceso/listarSolicitudProceso.xhtml HTTP/1.1" 200 31319
181.56.171.197 - - [23/Dec/2023:18:10:53 -0500] "POST /sipse/faces/presentacion/financiero/solicitudProceso/listarSolicitudProceso.xhtml HTTP/1.1" 200 1396
181.56.171.197 - - [23/Dec/2023:18:10:53 -0500] "POST /sipse/faces/presentacion/financiero/solicitudProceso/listarSolicitudProceso.xhtml HTTP/1.1" 200 1388
181.56.171.197 - - [23/Dec/2023:18:10:53 -0500] "POST /sipse/faces/presentacion/financiero/solicitudProceso/listarSolicitudProceso.xhtml HTTP/1.1" 200 1400
172.22.2.4 - - [23/Dec/2023:18:09:16 -0500] "HEAD /BLA/boletinlegal/ HTTP/1.1" 200 -
156.59.198.135 - - [23/Dec/2023:18:11:02 -0500] "GET /BLA/resoluciones/AUTOS%202014/2842.pdf HTTP/1.0" 200 2372354
181.56.171.197 - - [23/Dec/2023:18:11:04 -0500] "POST /sipse/faces/presentacion/financiero/solicitudProceso/listarSolicitudProceso.xhtml HTTP/1.1" 200 33198
181.56.171.197 - - [23/Dec/2023:18:11:05 -0500] "POST /sipse/faces/presentacion/financiero/solicitudProceso/listarSolicitudProceso.xhtml HTTP/1.1" 200 6256
181.56.171.197 - - [23/Dec/2023:18:11:10 -0500] "POST /sipse/faces/presentacion/financiero/solicitudProceso/listarSolicitudProceso.xhtml HTTP/1.1" 200 118704
181.56.171.197 - - [23/Dec/2023:18:11:10 -0500] "GET /sipse/faces/javax.faces.resource/theme.css?ln=primefaces-sipse HTTP/1.1" 304 -
181.56.171.197 - - [23/Dec/2023:18:11:10 -0500] "GET /sipse/faces/javax.faces.resource/jquery/jquery.js?ln=primefaces&v=4.0 HTTP/1.1" 304 -
181.56.171.197 - - [23/Dec/2023:18:11:10 -0500] "GET /sipse/faces/javax.faces.resource/layout/layout.css?ln=primefaces&v=4.0 HTTP/1.1" 304 -
181.56.171.197 - - [23/Dec/2023:18:11:10 -0500] "GET /sipse/faces/javax.faces.resource/primefaces.css?ln=primefaces&v=4.0 HTTP/1.1" 304 -
181.56.171.197 - - [23/Dec/2023:18:11:10 -0500] "GET /sipse/faces/javax.faces.resource/jquery/jquery-plugins.js?ln=primefaces&v=4.0 HTTP/1.1" 304 -
181.56.171.197 - - [23/Dec/2023:18:11:10 -0500] "GET /sipse/faces/javax.faces.resource/primefaces.js?ln=primefaces&v=4.0 HTTP/1.1" 304 -
181.56.171.197 - - [23/Dec/2023:18:11:10 -0500] "GET /sipse/faces/javax.faces.resource/layout/layout.js?ln=primefaces&v=4.0 HTTP/1.1" 304 -
181.56.171.197 - - [23/Dec/2023:18:11:17 -0500] "POST /sipse/faces/presentacion/financiero/solicitudProceso/consultarSolicitudProceso.xhtml HTTP/1.1" 200 22400
181.56.171.197 - - [23/Dec/2023:18:11:17 -0500] "GET /sipse/faces/javax.faces.resource/theme.css?ln=primefaces-sipse HTTP/1.1" 304 -
181.56.171.197 - - [23/Dec/2023:18:11:17 -0500] "GET /sipse/faces/javax.faces.resource/layout/layout.css?ln=primefaces&v=4.0 HTTP/1.1" 304 -
181.56.171.197 - - [23/Dec/2023:18:11:17 -0500] "GET /sipse/faces/javax.faces.resource/primefaces.css?ln=primefaces&v=4.0 HTTP/1.1" 304 -
181.56.171.197 - - [23/Dec/2023:18:11:17 -0500] "GET /sipse/faces/javax.faces.resource/fileupload/fileupload.css?ln=primefaces&v=4.0 HTTP/1.1" 304 -
181.56.171.197 - - [23/Dec/2023:18:11:17 -0500] "GET /sipse/faces/javax.faces.resource/jquery/jquery.js?ln=primefaces&v=4.0 HTTP/1.1" 304 -
181.56.171.197 - - [23/Dec/2023:18:11:17 -0500] "GET /sipse/faces/javax.faces.resource/jquery/jquery-plugins.js?ln=primefaces&v=4.0 HTTP/1.1" 304 -
181.56.171.197 - - [23/Dec/2023:18:11:17 -0500] "GET /sipse/faces/javax.faces.resource/primefaces.js?ln=primefaces&v=4.0 HTTP/1.1" 304 -
181.56.171.197 - - [23/Dec/2023:18:11:17 -0500] "GET /sipse/faces/javax.faces.resource/fileupload/fileupload.js?ln=primefaces&v=4.0 HTTP/1.1" 304 -
181.56.171.197 - - [23/Dec/2023:18:11:17 -0500] "GET /sipse/faces/javax.faces.resource/layout/layout.js?ln=primefaces&v=4.0 HTTP/1.1" 304 -
156.59.198.136 - - [23/Dec/2023:18:11:26 -0500] "GET /BLA/resoluciones/RESOLUCIONES%202007/RES%202007%204201%20AL%204300/RESOLUCION%204203%20DE%202007.pdf HTTP/1.0" 200 279815
172.22.2.4 - - [23/Dec/2023:18:10:07 -0500] "GET /BLA/boletinlegal/ HTTP/1.1" 200 58567
156.59.198.136 - - [23/Dec/2023:18:11:49 -0500] "GET /BLA/resoluciones/RESOLUCIONES%202010/3847.pdf HTTP/1.0" 200 920074
156.59.198.136 - - [23/Dec/2023:18:12:13 -0500] "GET /BLA/resoluciones/RESOLUCIONES%202010/2909.pdf HTTP/1.0" 200 500635
156.59.198.135 - - [23/Dec/2023:18:12:38 -0500] "GET /BLA/resoluciones/RESOLUCIONES%202010/5537.pdf HTTP/1.0" 200 2835214
181.56.171.197 - - [23/Dec/2023:18:12:49 -0500] "GET /sipse/faces/javax.faces.resource/theme.css?ln=primefaces-sipse HTTP/1.1" 304 -
181.56.171.197 - - [23/Dec/2023:18:12:49 -0500] "GET /sipse/faces/javax.faces.resource/layout/layout.css?ln=primefaces&v=4.0 HTTP/1.1" 304 -
181.56.171.197 - - [23/Dec/2023:18:12:49 -0500] "GET /sipse/faces/javax.faces.resource/primefaces.css?ln=primefaces&v=4.0 HTTP/1.1" 304 -
181.56.171.197 - - [23/Dec/2023:18:12:49 -0500] "GET /sipse/faces/javax.faces.resource/jquery/jquery.js?ln=primefaces&v=4.0 HTTP/1.1" 304 -
181.56.171.197 - - [23/Dec/2023:18:12:49 -0500] "GET /sipse/faces/javax.faces.resource/jquery/jquery-plugins.js?ln=primefaces&v=4.0 HTTP/1.1" 304 -
181.56.171.197 - - [23/Dec/2023:18:12:49 -0500] "GET /sipse/faces/javax.faces.resource/layout/layout.js?ln=primefaces&v=4.0 HTTP/1.1" 304 -
181.56.171.197 - - [23/Dec/2023:18:12:49 -0500] "GET /sipse/faces/javax.faces.resource/primefaces.js?ln=primefaces&v=4.0 HTTP/1.1" 304 -
181.56.171.197 - - [23/Dec/2023:18:12:46 -0500] "POST /sipse/faces/presentacion/sistema/anexos/cargarAnexoSolicitudProceso.xhtml HTTP/1.1" 200 166369
156.59.198.135 - - [23/Dec/2023:18:13:02 -0500] "GET /BLA/resoluciones/Notificaciones/AUTOS%202018/00465.pdf HTTP/1.0" 200 769084
156.59.198.135 - - [23/Dec/2023:18:13:28 -0500] "GET /BLA/resoluciones/RESOLUCIONES%202007/RES%202007%201501%20AL%201600/RESOLUCION%201508%20DE%202007.pdf HTTP/1.0" 200 340254
66.249.66.20 - - [23/Dec/2023:18:13:31 -0500] "GET /BLA/resoluciones/RESOLUCIONES%202010/7799.pdf HTTP/1.1" 200 1240879
181.56.171.197 - - [23/Dec/2023:18:13:34 -0500] "POST /sipse/faces/presentacion/financiero/solicitudProceso/consultarSolicitudProceso.xhtml HTTP/1.1" 200 22400
181.56.171.197 - - [23/Dec/2023:18:13:34 -0500] "GET /sipse/faces/javax.faces.resource/theme.css?ln=primefaces-sipse HTTP/1.1" 304 -
181.56.171.197 - - [23/Dec/2023:18:13:34 -0500] "GET /sipse/faces/javax.faces.resource/fileupload/fileupload.css?ln=primefaces&v=4.0 HTTP/1.1" 304 -
181.56.171.197 - - [23/Dec/2023:18:13:34 -0500] "GET /sipse/faces/javax.faces.resource/primefaces.css?ln=primefaces&v=4.0 HTTP/1.1" 304 -
181.56.171.197 - - [23/Dec/2023:18:13:34 -0500] "GET /sipse/faces/javax.faces.resource/layout/layout.css?ln=primefaces&v=4.0 HTTP/1.1" 304 -
181.56.171.197 - - [23/Dec/2023:18:13:34 -0500] "GET /sipse/faces/javax.faces.resource/jquery/jquery.js?ln=primefaces&v=4.0 HTTP/1.1" 304 -
181.56.171.197 - - [23/Dec/2023:18:13:34 -0500] "GET /sipse/faces/javax.faces.resource/jquery/jquery-plugins.js?ln=primefaces&v=4.0 HTTP/1.1" 304 -
181.56.171.197 - - [23/Dec/2023:18:13:34 -0500] "GET /sipse/faces/javax.faces.resource/primefaces.js?ln=primefaces&v=4.0 HTTP/1.1" 304 -
181.56.171.197 - - [23/Dec/2023:18:13:34 -0500] "GET /sipse/faces/javax.faces.resource/layout/layout.js?ln=primefaces&v=4.0 HTTP/1.1" 304 -
181.56.171.197 - - [23/Dec/2023:18:13:34 -0500] "GET /sipse/faces/javax.faces.resource/fileupload/fileupload.js?ln=primefaces&v=4.0 HTTP/1.1" 304 -
181.56.171.197 - - [23/Dec/2023:18:13:46 -0500] "GET /sipse/faces/javax.faces.resource/theme.css?ln=primefaces-sipse HTTP/1.1" 304 -
181.56.171.197 - - [23/Dec/2023:18:13:46 -0500] "GET /sipse/faces/javax.faces.resource/primefaces.css?ln=primefaces&v=4.0 HTTP/1.1" 304 -
181.56.171.197 - - [23/Dec/2023:18:13:46 -0500] "GET /sipse/faces/javax.faces.resource/jquery/jquery.js?ln=primefaces&v=4.0 HTTP/1.1" 304 -
181.56.171.197 - - [23/Dec/2023:18:13:46 -0500] "GET /sipse/faces/javax.faces.resource/layout/layout.css?ln=primefaces&v=4.0 HTTP/1.1" 304 -
181.56.171.197 - - [23/Dec/2023:18:13:46 -0500] "GET /sipse/faces/javax.faces.resource/jquery/jquery-plugins.js?ln=primefaces&v=4.0 HTTP/1.1" 304 -
181.56.171.197 - - [23/Dec/2023:18:13:46 -0500] "GET /sipse/faces/javax.faces.resource/layout/layout.js?ln=primefaces&v=4.0 HTTP/1.1" 304 -
181.56.171.197 - - [23/Dec/2023:18:13:46 -0500] "GET /sipse/faces/javax.faces.resource/primefaces.js?ln=primefaces&v=4.0 HTTP/1.1" 304 -
181.56.171.197 - - [23/Dec/2023:18:13:44 -0500] "POST /sipse/faces/presentacion/sistema/anexos/cargarAnexoSolicitudProceso.xhtml HTTP/1.1" 200 168196
156.59.198.136 - - [23/Dec/2023:18:13:51 -0500] "GET /BLA/resoluciones/RESOLUCIONES%202022/2973.pdf HTTP/1.0" 200 774800
201.245.192.253 - - [23/Dec/2023:18:14:01 -0500] "POST /kwsrmcab/Wsrmcab  HTTP/1.1" 200 40220
181.56.171.197 - - [23/Dec/2023:18:14:07 -0500] "POST /sipse/faces/presentacion/financiero/solicitudProceso/consultarSolicitudProceso.xhtml HTTP/1.1" 200 6780
181.56.171.197 - - [23/Dec/2023:18:14:09 -0500] "POST /sipse/faces/presentacion/financiero/solicitudProceso/consultarSolicitudProceso.xhtml HTTP/1.1" 200 38547
181.56.171.197 - - [23/Dec/2023:18:14:11 -0500] "GET /sipse/faces/javax.faces.resource/theme.css?ln=primefaces-sipse HTTP/1.1" 304 -
181.56.171.197 - - [23/Dec/2023:18:14:11 -0500] "GET /sipse/faces/javax.faces.resource/layout/layout.css?ln=primefaces&v=4.0 HTTP/1.1" 304 -
181.56.171.197 - - [23/Dec/2023:18:14:11 -0500] "GET /sipse/faces/javax.faces.resource/jquery/jquery.js?ln=primefaces&v=4.0 HTTP/1.1" 304 -
181.56.171.197 - - [23/Dec/2023:18:14:11 -0500] "GET /sipse/faces/javax.faces.resource/primefaces.css?ln=primefaces&v=4.0 HTTP/1.1" 304 -
181.56.171.197 - - [23/Dec/2023:18:14:11 -0500] "GET /sipse/faces/javax.faces.resource/jquery/jquery-plugins.js?ln=primefaces&v=4.0 HTTP/1.1" 304 -
181.56.171.197 - - [23/Dec/2023:18:14:11 -0500] "GET /sipse/faces/javax.faces.resource/primefaces.js?ln=primefaces&v=4.0 HTTP/1.1" 304 -
181.56.171.197 - - [23/Dec/2023:18:14:11 -0500] "GET /sipse/faces/javax.faces.resource/layout/layout.js?ln=primefaces&v=4.0 HTTP/1.1" 304 -
181.56.171.197 - - [23/Dec/2023:18:14:11 -0500] "POST /sipse/faces/presentacion/financiero/solicitudProceso/listarSolicitudProceso.xhtml HTTP/1.1" 200 1396
156.59.198.136 - - [23/Dec/2023:18:14:16 -0500] "GET /BLA/resoluciones/RESOLUCIONES%202010/7244.pdf HTTP/1.0" 200 1220158
181.56.171.197 - - [23/Dec/2023:18:14:17 -0500] "POST /sipse/faces/presentacion/financiero/solicitudProceso/listarSolicitudProceso.xhtml HTTP/1.1" 200 114661
181.56.171.197 - - [23/Dec/2023:18:14:17 -0500] "GET /sipse/faces/javax.faces.resource/theme.css?ln=primefaces-sipse HTTP/1.1" 304 -
181.56.171.197 - - [23/Dec/2023:18:14:17 -0500] "GET /sipse/faces/javax.faces.resource/primefaces.css?ln=primefaces&v=4.0 HTTP/1.1" 304 -
181.56.171.197 - - [23/Dec/2023:18:14:17 -0500] "GET /sipse/faces/javax.faces.resource/layout/layout.css?ln=primefaces&v=4.0 HTTP/1.1" 304 -
181.56.171.197 - - [23/Dec/2023:18:14:17 -0500] "GET /sipse/faces/javax.faces.resource/jquery/jquery.js?ln=primefaces&v=4.0 HTTP/1.1" 304 -
181.56.171.197 - - [23/Dec/2023:18:14:17 -0500] "GET /sipse/faces/javax.faces.resource/jquery/jquery-plugins.js?ln=primefaces&v=4.0 HTTP/1.1" 304 -
181.56.171.197 - - [23/Dec/2023:18:14:17 -0500] "GET /sipse/faces/javax.faces.resource/primefaces.js?ln=primefaces&v=4.0 HTTP/1.1" 304 -
181.56.171.197 - - [23/Dec/2023:18:14:17 -0500] "GET /sipse/faces/javax.faces.resource/layout/layout.js?ln=primefaces&v=4.0 HTTP/1.1" 304 -
156.59.198.136 - - [23/Dec/2023:18:14:41 -0500] "GET /BLA/resoluciones/Notificaciones/AUTOS%202018/5684.pdf HTTP/1.0" 200 261252
156.59.198.136 - - [23/Dec/2023:18:15:04 -0500] "GET /BLA/resoluciones/RESOLUCIONES%202014/3246.pdf HTTP/1.0" 200 926843
66.249.66.19 - - [23/Dec/2023:18:15:15 -0500] "GET /bla/resoluciones/resoluciones%202007/res%202007%204001%20al%204100/resolucion%204090%20de%202007.pdf HTTP/1.1" 304 -
216.245.221.92 - - [23/Dec/2023:18:15:24 -0500] "HEAD / HTTP/1.1" 200 -
156.59.198.135 - - [23/Dec/2023:18:15:28 -0500] "GET /BLA/resoluciones/RESOLUCIONES%202014/2789.pdf HTTP/1.0" 200 680592
156.59.198.136 - - [23/Dec/2023:18:15:52 -0500] "GET /BLA/resoluciones/RESOLUCIONES%202007/RES%202007%201401%20AL%201500/RESOLUCION%201411%20DE%202007.pdf HTTP/1.0" 200 232893
156.59.198.135 - - [23/Dec/2023:18:16:17 -0500] "GET /BLA/resoluciones/AUTOS%202007/3773.pdf HTTP/1.0" 200 119887
201.245.192.253 - - [23/Dec/2023:18:16:19 -0500] "POST /kwsrmcab/Wsrmcab HTTP/1.1" 200 36158
201.245.192.253 - - [23/Dec/2023:18:16:22 -0500] "POST /kwsrmcab/Wsrmcab HTTP/1.1" 200 36894
156.59.198.135 - - [23/Dec/2023:18:16:42 -0500] "GET /BLA/resoluciones/RESOLUCIONES%202010/2061.pdf HTTP/1.0" 200 111924
172.22.2.4 - - [23/Dec/2023:18:16:43 -0500] "GET /BLA/boletinlegal/robots.txt HTTP/1.1" 404 1038
172.22.2.4 - - [23/Dec/2023:18:16:44 -0500] "GET /BLA/boletinlegal/Circulares/2017/Circular%20No.%201%20del%2030%20de%20Marzo%20de%202017.pdf HTTP/1.1" 200 668532
172.22.2.4 - - [23/Dec/2023:18:15:06 -0500] "HEAD /BLA/boletinlegal/ HTTP/1.1" 200 -
66.249.66.20 - - [23/Dec/2023:18:17:02 -0500] "GET /BLA/resoluciones/RESOLUCIONES%202008/0794.pdf HTTP/1.1" 200 452114
156.59.198.136 - - [23/Dec/2023:18:17:06 -0500] "GET /BLA/resoluciones/RESOLUCIONES%202022/3276.pdf HTTP/1.0" 200 1228657
66.249.66.194 - - [23/Dec/2023:18:17:24 -0500] "GET /robots.txt HTTP/1.1" 404 1034
66.249.66.194 - - [23/Dec/2023:18:17:24 -0500] "GET /como-hacer-uso-de-la-publicidad-exterior-visual-en-epoca-electoral.html HTTP/1.1" 200 843
156.59.198.135 - - [23/Dec/2023:18:17:30 -0500] "GET /BLA/resoluciones/Notificaciones/AUTOS%202021/1418.pdf HTTP/1.0" 200 349933
172.22.2.4 - - [23/Dec/2023:18:15:57 -0500] "GET /BLA/boletinlegal/ HTTP/1.1" 200 60502
156.59.198.135 - - [23/Dec/2023:18:17:54 -0500] "GET /BLA/resoluciones/Notificaciones/RESOLUCIONES%202022/4602.pdf HTTP/1.0" 200 386968
156.59.198.136 - - [23/Dec/2023:18:18:19 -0500] "GET /BLA/resoluciones/RESOLUCIONES%202010/4431.pdf HTTP/1.0" 200 459555
156.59.198.135 - - [23/Dec/2023:18:18:43 -0500] "GET /BLA/resoluciones/Notificaciones/RESOLUCIONES%202021/5604.pdf HTTP/1.0" 200 431269
201.245.192.253 - - [23/Dec/2023:18:19:01 -0500] "POST /kwsrmcab/Wsrmcab  HTTP/1.1" 200 40220
156.59.198.135 - - [23/Dec/2023:18:19:08 -0500] "GET /BLA/resoluciones/Notificaciones/RESOLUCIONES%202021/0803.pdf HTTP/1.0" 200 456598
156.59.198.136 - - [23/Dec/2023:18:19:31 -0500] "GET /BLA/resoluciones/Notificaciones/AUTOS%202019/2302.pdf HTTP/1.0" 200 270637
66.249.66.21 - - [23/Dec/2023:18:19:33 -0500] "GET /resoluciones/RESOLUCIONES%202007/RES%202007%20101%20AL%20200/RESOLUCION%200110%20%20DE%202007.pdf HTTP/1.1" 404 1018
173.252.79.3 - - [23/Dec/2023:18:19:40 -0500] "GET /mis-de-50-aves-silvestres-fueron-recuperadas-en-la-localidad-de-tunjuelito.html HTTP/1.1" 200 806
173.252.79.9 - - [23/Dec/2023:18:19:40 -0500] "GET /mis-de-50-aves-silvestres-fueron-recuperadas-en-la-localidad-de-tunjuelito.html HTTP/1.1" 200 806
156.59.198.136 - - [23/Dec/2023:18:19:55 -0500] "GET /BLA/resoluciones/AUTOS%202014/4951.pdf HTTP/1.0" 200 512701
156.59.198.135 - - [23/Dec/2023:18:20:20 -0500] "GET /BLA/resoluciones/RESOLUCIONES%202010/RESOLUCION%204358%20DE%202010.PDF HTTP/1.0" 200 28747
201.245.192.253 - - [23/Dec/2023:18:20:18 -0500] "POST /kwsrmcab/Wsrmcab HTTP/1.1" 200 36158
216.245.221.92 - - [23/Dec/2023:18:20:24 -0500] "HEAD / HTTP/1.1" 200 -
201.245.192.253 - - [23/Dec/2023:18:20:23 -0500] "POST /kwsrmcab/Wsrmcab HTTP/1.1" 200 36894
66.249.66.19 - - [23/Dec/2023:18:20:44 -0500] "GET /BLA/resoluciones/RESOLUCIONES%202009/0159.pdf HTTP/1.1" 200 190105
156.59.198.136 - - [23/Dec/2023:18:20:44 -0500] "GET /BLA/resoluciones/RESOLUCIONES%202014/3427.pdf HTTP/1.0" 200 682903
156.59.198.135 - - [23/Dec/2023:18:21:09 -0500] "GET /BLA/resoluciones/Notificaciones/RESOLUCIONES%202022/3119.pdf HTTP/1.0" 200 425234
66.249.66.19 - - [23/Dec/2023:18:21:32 -0500] "GET /BLA/resoluciones/RESOLUCIONES%202007/RES%202007%202701%20AL%202800/RESOLUCION%202734%20DE%202007.pdf HTTP/1.1" 200 388615
156.59.198.136 - - [23/Dec/2023:18:21:32 -0500] "GET /BLA/resoluciones/Notificaciones/AUTOS%202019/5206.pdf HTTP/1.0" 200 335788
201.219.216.142 - - [23/Dec/2023:18:21:40 -0500] "GET /BLA/boletinlegal/admin/index.php HTTP/1.1" 200 2324
201.219.216.142 - - [23/Dec/2023:18:21:40 -0500] "GET /BLA/boletinlegal/admin/index_files/style.css HTTP/1.1" 200 6223
201.219.216.142 - - [23/Dec/2023:18:21:40 -0500] "GET /BLA/boletinlegal/admin/images/bg.png HTTP/1.1" 200 332965
201.219.216.142 - - [23/Dec/2023:18:21:43 -0500] "POST /BLA/boletinlegal/admin/usuarios/process.php HTTP/1.1" 302 -
156.59.198.135 - - [23/Dec/2023:18:21:56 -0500] "GET /BLA/resoluciones/RESOLUCIONES%202007/RES%202007%203401%20AL%203500/RESOLUCION%203433%20DE%202007.pdf HTTP/1.0" 200 672687
201.219.216.142 - - [23/Dec/2023:18:21:43 -0500] "GET /BLA/boletinlegal/admin/index.php HTTP/1.1" 200 7109
201.219.216.142 - - [23/Dec/2023:18:22:00 -0500] "GET /BLA/boletinlegal/admin/index_files/header.png HTTP/1.1" 200 240212
201.219.216.142 - - [23/Dec/2023:18:22:00 -0500] "GET /BLA/boletinlegal/images/can.png HTTP/1.1" 200 37574
201.219.216.142 - - [23/Dec/2023:18:22:00 -0500] "GET /BLA/boletinlegal/admin/index_files/3_5.gif HTTP/1.1" 200 1633
201.219.216.142 - - [23/Dec/2023:18:22:00 -0500] "GET /BLA/boletinlegal/admin/index_files/7_1.gif HTTP/1.1" 200 1455
201.219.216.142 - - [23/Dec/2023:18:22:00 -0500] "GET /BLA/boletinlegal/admin/index_files/7_5.gif HTTP/1.1" 200 1565
201.219.216.142 - - [23/Dec/2023:18:22:00 -0500] "GET /BLA/boletinlegal/admin/index_files/2_2.gif HTTP/1.1" 200 1728
201.219.216.142 - - [23/Dec/2023:18:22:00 -0500] "GET /BLA/boletinlegal/admin/index_files/2_4.gif HTTP/1.1" 200 1763
201.219.216.142 - - [23/Dec/2023:18:22:00 -0500] "GET /BLA/boletinlegal/admin/index_files/index_files/tback.gif HTTP/1.1" 404 1334
201.219.216.142 - - [23/Dec/2023:18:22:04 -0500] "GET /BLA/boletinlegal/admin/actos/ingresar.php HTTP/1.1" 200 7209
172.22.2.4 - - [23/Dec/2023:18:22:04 -0500] "GET /BLA/boletinlegal/robots.txt HTTP/1.1" 404 1037
201.219.216.142 - - [23/Dec/2023:18:22:04 -0500] "GET /BLA/boletinlegal/admin/css/default.css HTTP/1.1" 200 4379
201.219.216.142 - - [23/Dec/2023:18:22:04 -0500] "GET /BLA/boletinlegal/admin/js/jquery.functions.js HTTP/1.1" 200 2317
201.219.216.142 - - [23/Dec/2023:18:22:04 -0500] "GET /BLA/boletinlegal/admin/js/jquery-1.3.1.min.js HTTP/1.1" 200 55272
201.219.216.142 - - [23/Dec/2023:18:22:04 -0500] "GET /BLA/boletinlegal/admin/js/nicEdit-latest.js HTTP/1.1" 200 38373
201.219.216.142 - - [23/Dec/2023:18:22:04 -0500] "GET /BLA/boletinlegal/admin/img/h1.png HTTP/1.1" 200 3227
201.219.216.142 - - [23/Dec/2023:18:22:04 -0500] "GET /BLA/boletinlegal/admin/img/overlay.png HTTP/1.1" 200 984
201.219.216.142 - - [23/Dec/2023:18:22:05 -0500] "GET /BLA/boletinlegal/images/favicon.ico HTTP/1.1" 404 1328
172.22.2.4 - - [23/Dec/2023:18:22:05 -0500] "GET /BLA/boletinlegal/Circulares/2013/Circular%20No.%202%20del%2022%20de%20enero%20de%202013.pdf HTTP/1.1" 200 85466
172.22.2.4 - - [23/Dec/2023:18:22:05 -0500] "GET /BLA/boletinlegal/Directivas/2014/Directiva%20No.%205%20del%2026%20de%20Diciembre%20de%202014.pdf HTTP/1.1" 304 -
156.59.198.135 - - [23/Dec/2023:18:22:21 -0500] "GET /BLA/resoluciones/AUTOS%202014/1528.pdf HTTP/1.0" 200 1080680
172.22.2.4 - - [23/Dec/2023:18:20:56 -0500] "HEAD /BLA/boletinlegal/ HTTP/1.1" 200 -
156.59.198.136 - - [23/Dec/2023:18:22:46 -0500] "GET /BLA/resoluciones/Notificaciones/AUTOS%202021/3968.pdf HTTP/1.0" 200 346704
156.59.198.135 - - [23/Dec/2023:18:23:10 -0500] "GET /BLA/resoluciones/RESOLUCIONES%202010/4347.pdf HTTP/1.0" 200 496965
172.22.2.4 - - [23/Dec/2023:18:21:47 -0500] "GET /BLA/boletinlegal/ HTTP/1.1" 200 60910
156.59.198.136 - - [23/Dec/2023:18:23:34 -0500] "GET /BLA/resoluciones/RESOLUCIONES%202014/3117.pdf HTTP/1.0" 200 511840
156.59.198.135 - - [23/Dec/2023:18:23:58 -0500] "GET /BLA/resoluciones/RESOLUCIONES%202010/4904.pdf HTTP/1.0" 200 756213
201.245.192.253 - - [23/Dec/2023:18:23:58 -0500] "POST /kwsrmcab/Wsrmcab  HTTP/1.1" 200 40220
156.59.198.135 - - [23/Dec/2023:18:24:22 -0500] "GET /BLA/resoluciones/Notificaciones/AUTOS%202021/3431.pdf HTTP/1.0" 200 351397
156.59.198.136 - - [23/Dec/2023:18:24:46 -0500] "GET /BLA/resoluciones/RESOLUCIONES%202014/2331.pdf HTTP/1.0" 200 610706
156.59.198.135 - - [23/Dec/2023:18:25:11 -0500] "GET /BLA/resoluciones/Notificaciones/RESOLUCIONES%202021/3203.pdf HTTP/1.0" 200 392834
173.252.107.120 - - [23/Dec/2023:18:25:17 -0500] "GET /images/Aves%20SDA.jpeg HTTP/1.1" 200 75104
216.245.221.92 - - [23/Dec/2023:18:25:24 -0500] "HEAD / HTTP/1.1" 200 -
156.59.198.136 - - [23/Dec/2023:18:25:35 -0500] "GET /BLA/resoluciones/RESOLUCIONES%202007/RES%202007%202201%20AL%202300/RESOLUCION%202255%20DE%202007.pdf HTTP/1.0" 200 601802
69.171.251.116 - - [23/Dec/2023:18:25:47 -0500] "GET /distrito-exalta-48-arboles-patrimoniales-y-15-de-interes-publico-en-bogota.html HTTP/1.1" 200 816
201.219.216.142 - - [23/Dec/2023:18:25:54 -0500] "POST /BLA/boletinlegal/admin/actos/ingresar.php HTTP/1.1" 200 2102
156.59.198.136 - - [23/Dec/2023:18:26:00 -0500] "GET /BLA/resoluciones/AUTOS%202014/3424.pdf HTTP/1.0" 200 553075
201.219.216.142 - - [23/Dec/2023:18:26:01 -0500] "GET /BLA/boletinlegal/admin/actos/ingresar.php HTTP/1.1" 200 7209
172.22.2.4 - - [23/Dec/2023:18:26:18 -0500] "GET /BLA/boletinlegal/actos.php HTTP/1.1" 200 9682
172.22.2.4 - - [23/Dec/2023:18:26:18 -0500] "GET /BLA/boletinlegal/styles2.css HTTP/1.1" 200 1838
172.22.2.4 - - [23/Dec/2023:18:26:18 -0500] "GET /BLA/boletinlegal/js/ajax_actos.js HTTP/1.1" 200 1322
172.22.2.4 - - [23/Dec/2023:18:26:18 -0500] "GET /BLA/boletinlegal/niceforms-default.css HTTP/1.1" 200 6694
172.22.2.4 - - [23/Dec/2023:18:26:18 -0500] "GET /BLA/boletinlegal/style.css HTTP/1.1" 200 9406
172.22.2.4 - - [23/Dec/2023:18:26:18 -0500] "GET /BLA/boletinlegal/niceforms.js HTTP/1.1" 200 22876
172.22.2.4 - - [23/Dec/2023:18:26:18 -0500] "GET /BLA/boletinlegal/images/cabezote%20BLEGAL.jpg HTTP/1.1" 200 118164
172.22.2.4 - - [23/Dec/2023:18:26:18 -0500] "GET /BLA/boletinlegal/images/subscribe-icon-big.png HTTP/1.1" 200 47702
172.22.2.4 - - [23/Dec/2023:18:26:18 -0500] "GET /BLA/boletinlegal/js/popup.js HTTP/1.1" 200 1270
172.22.2.4 - - [23/Dec/2023:18:26:18 -0500] "GET /BLA/boletinlegal/js/lib.js HTTP/1.1" 200 6474
172.22.2.4 - - [23/Dec/2023:18:26:18 -0500] "GET /BLA/boletinlegal/js/jquery1.js HTTP/1.1" 200 29846
172.22.2.4 - - [23/Dec/2023:18:26:18 -0500] "GET /BLA/boletinlegal/images/historia.png HTTP/1.1" 200 52775
172.22.2.4 - - [23/Dec/2023:18:26:18 -0500] "GET /BLA/boletinlegal/images/tel.png HTTP/1.1" 200 14477
172.22.2.4 - - [23/Dec/2023:18:26:18 -0500] "GET /BLA/boletinlegal/images/registro-usuarios.png HTTP/1.1" 200 8106
172.22.2.4 - - [23/Dec/2023:18:26:18 -0500] "GET /BLA/boletinlegal/images/icono-email.png HTTP/1.1" 200 5544
172.22.2.4 - - [23/Dec/2023:18:26:18 -0500] "GET /BLA/boletinlegal/images/green-yellow-blue-pink-th.png HTTP/1.1" 200 7394
172.22.2.4 - - [23/Dec/2023:18:26:18 -0500] "GET /BLA/boletinlegal/images/body_bg.jpg HTTP/1.1" 200 1601
172.22.2.4 - - [23/Dec/2023:18:26:18 -0500] "GET /BLA/boletinlegal/images/menu_lft.gif HTTP/1.1" 200 1713
172.22.2.4 - - [23/Dec/2023:18:26:18 -0500] "GET /BLA/boletinlegal/images/menu_rght.gif HTTP/1.1" 200 1627
172.22.2.4 - - [23/Dec/2023:18:26:18 -0500] "GET /BLA/boletinlegal/images/bg_top.jpg HTTP/1.1" 200 522
172.22.2.4 - - [23/Dec/2023:18:26:18 -0500] "GET /BLA/boletinlegal/images/hover.jpg HTTP/1.1" 200 640
172.22.2.4 - - [23/Dec/2023:18:26:18 -0500] "GET /BLA/boletinlegal/images/footer_bg.jpg HTTP/1.1" 200 586
172.22.2.4 - - [23/Dec/2023:18:26:18 -0500] "GET /BLA/boletinlegal/images/text.jpg HTTP/1.1" 200 568
172.22.2.4 - - [23/Dec/2023:18:26:18 -0500] "GET /BLA/boletinlegal/images/footer_bg_l.jpg HTTP/1.1" 200 776
172.22.2.4 - - [23/Dec/2023:18:26:18 -0500] "GET /BLA/boletinlegal/images/menu_bg.jpg HTTP/1.1" 200 620
172.22.2.4 - - [23/Dec/2023:18:26:18 -0500] "GET /BLA/boletinlegal/img/select-left.png HTTP/1.1" 200 263
172.22.2.4 - - [23/Dec/2023:18:26:18 -0500] "GET /BLA/boletinlegal/img/select-right.png HTTP/1.1" 200 44019
172.22.2.4 - - [23/Dec/2023:18:26:18 -0500] "GET /BLA/boletinlegal/img/button-right.png HTTP/1.1" 200 57878
172.22.2.4 - - [23/Dec/2023:18:26:18 -0500] "GET /BLA/boletinlegal/img/0.png HTTP/1.1" 200 110
172.22.2.4 - - [23/Dec/2023:18:26:18 -0500] "GET /BLA/boletinlegal/img/button-left.png HTTP/1.1" 200 57071
172.22.2.4 - - [23/Dec/2023:18:26:18 -0500] "GET /BLA/boletinlegal/img/button.png HTTP/1.1" 200 43241
172.22.2.4 - - [23/Dec/2023:18:26:18 -0500] "GET /BLA/boletinlegal/favicon.ico HTTP/1.1" 404 1326
201.219.216.142 - - [23/Dec/2023:18:26:20 -0500] "GET /BLA/resoluciones/ HTTP/1.1" 200 13696
201.245.192.253 - - [23/Dec/2023:18:26:19 -0500] "POST /kwsrmcab/Wsrmcab HTTP/1.1" 200 36158
201.219.216.142 - - [23/Dec/2023:18:26:23 -0500] "GET /BLA/resoluciones/index.php?dir=AUTOS+2023%2F HTTP/1.1" 200 467651
201.245.192.253 - - [23/Dec/2023:18:26:22 -0500] "POST /kwsrmcab/Wsrmcab HTTP/1.1" 200 36894
156.59.198.136 - - [23/Dec/2023:18:26:26 -0500] "GET /BLA/resoluciones/RESOLUCIONES%202007/RES%202007%202801%20AL%202900/RESOLUCION%202815%20%20DE%202007.pdf HTTP/1.0" 200 245554
156.59.198.135 - - [23/Dec/2023:18:26:50 -0500] "GET /BLA/resoluciones/RESOLUCIONES%202010/7093.pdf HTTP/1.0" 200 510062
156.59.198.135 - - [23/Dec/2023:18:27:14 -0500] "GET /BLA/resoluciones/RESOLUCIONES%202007/RES%202007%203801%20AL%203900/RESOLUCION%203837%20DE%202007.pdf HTTP/1.0" 200 1064598
201.219.216.142 - - [23/Dec/2023:18:27:27 -0500] "GET /BLA/resoluciones/AUTOS%202023/7191.pdf HTTP/1.1" 200 4473642
156.59.198.135 - - [23/Dec/2023:18:27:39 -0500] "GET /BLA/resoluciones/AUTOS%202007/3635.pdf HTTP/1.0" 200 194683
156.59.198.135 - - [23/Dec/2023:18:28:03 -0500] "GET /BLA/resoluciones/RESOLUCIONES%202010/RESOLUCION%203146%20DE%202010.PDF HTTP/1.0" 200 180284
172.22.2.4 - - [23/Dec/2023:18:26:46 -0500] "HEAD /BLA/boletinlegal/ HTTP/1.1" 200 -
156.59.198.136 - - [23/Dec/2023:18:28:27 -0500] "GET /BLA/resoluciones/Notificaciones/AUTOS%202021/06016.pdf HTTP/1.0" 200 350433
156.59.198.135 - - [23/Dec/2023:18:28:52 -0500] "GET /BLA/resoluciones/RESOLUCIONES%202010/7340.pdf HTTP/1.0" 200 236724
201.245.192.253 - - [23/Dec/2023:18:28:58 -0500] "POST /kwsrmcab/Wsrmcab  HTTP/1.1" 200 40220
66.249.66.21 - - [23/Dec/2023:18:29:00 -0500] "GET /BLA/resoluciones/RESOLUCIONES%202010/2300.pdf HTTP/1.1" 200 803943
156.59.198.136 - - [23/Dec/2023:18:29:16 -0500] "GET /BLA/resoluciones/RESOLUCIONES%202014/2771.pdf HTTP/1.0" 200 764605
172.22.2.4 - - [23/Dec/2023:18:27:37 -0500] "GET /BLA/boletinlegal/ HTTP/1.1" 200 58969
66.249.66.19 - - [23/Dec/2023:18:29:25 -0500] "GET /BLA/resoluciones/RESOLUCIONES%202008/2712.pdf HTTP/1.1" 200 334664
66.249.66.20 - - [23/Dec/2023:18:29:26 -0500] "GET /BLA/resoluciones/RESOLUCIONES%202009/3479.pdf HTTP/1.1" 200 664395
167.94.145.60 - - [23/Dec/2023:18:29:34 -0500] "GET / HTTP/1.1" 200 319
167.94.145.60 - - [23/Dec/2023:18:29:40 -0500] "GET / HTTP/1.1" 200 319
167.94.145.60 - - [23/Dec/2023:18:29:40 -0500] "PRI * HTTP/2.0" 400 946
156.59.198.136 - - [23/Dec/2023:18:29:40 -0500] "GET /BLA/resoluciones/Notificaciones/AUTOS%202021/4862.pdf HTTP/1.0" 200 324350
167.94.145.60 - - [23/Dec/2023:18:29:40 -0500] "GET /favicon.ico HTTP/1.1" 200 7782
156.59.198.136 - - [23/Dec/2023:18:30:05 -0500] "GET /BLA/resoluciones/RESOLUCIONES%202022/3314.pdf HTTP/1.0" 200 329899
66.249.66.20 - - [23/Dec/2023:18:30:13 -0500] "GET /BLA/resoluciones/RESOLUCIONES%202009/1931.pdf HTTP/1.1" 200 590321
201.245.192.253 - - [23/Dec/2023:18:30:18 -0500] "POST /kwsrmcab/Wsrmcab HTTP/1.1" 200 36158
216.245.221.92 - - [23/Dec/2023:18:30:24 -0500] "HEAD / HTTP/1.1" 200 -
201.245.192.253 - - [23/Dec/2023:18:30:23 -0500] "POST /kwsrmcab/Wsrmcab HTTP/1.1" 200 36894
156.59.198.135 - - [23/Dec/2023:18:30:30 -0500] "GET /BLA/resoluciones/RESOLUCIONES%202010/7762.pdf HTTP/1.0" 200 119635
20.68.233.219 - - [23/Dec/2023:18:30:34 -0500] "GET / HTTP/1.1" 200 319
157.55.39.49 - - [23/Dec/2023:18:30:50 -0500] "GET /mas-de-738-personas-asistieron-a-la-feria-ambiental-de-servicios-a-la-ciudadania-2023.html HTTP/1.1" 200 942
156.59.198.136 - - [23/Dec/2023:18:30:53 -0500] "GET /BLA/resoluciones/RESOLUCIONES%202014/3132.pdf HTTP/1.0" 200 486664
173.252.95.1 - - [23/Dec/2023:18:31:18 -0500] "GET /alcaldia-de-bogota-y-fundacion-exito-entregaron-en-ciudad-bolivar-la-primera-terraza-verde-de-la-capital.html HTTP/1.1" 200 852
156.59.198.136 - - [23/Dec/2023:18:31:19 -0500] "GET /BLA/resoluciones/RESOLUCIONES%202010/2502.pdf HTTP/1.0" 200 672620
156.59.198.135 - - [23/Dec/2023:18:31:43 -0500] "GET /BLA/resoluciones/RESOLUCIONES%202010/2445.pdf HTTP/1.0" 200 497363
156.59.198.136 - - [23/Dec/2023:18:32:07 -0500] "GET /BLA/resoluciones/AUTOS%202014/4007.pdf HTTP/1.0" 200 907722
156.59.198.135 - - [23/Dec/2023:18:32:31 -0500] "GET /BLA/resoluciones/Notificaciones/AUTOS%202021/2377.pdf HTTP/1.0" 200 344802
156.59.198.136 - - [23/Dec/2023:18:32:56 -0500] "GET /BLA/resoluciones/AUTOS%202018/0457.pdf HTTP/1.0" 200 275667
66.249.66.20 - - [23/Dec/2023:18:33:05 -0500] "GET /BLA/resoluciones/Autos%202008/1657.pdf HTTP/1.1" 200 320589
186.113.155.224 - - [23/Dec/2023:18:33:11 -0500] "GET /distrito-exalto-a-246-empresas-de-bogota-por-su-alto-desempeno-y-responsabilidad-ambiental-durante-2023.html HTTP/1.1" 200 1039
186.113.155.224 - - [23/Dec/2023:18:33:11 -0500] "GET /favicon.ico HTTP/1.1" 404 1510
156.59.198.135 - - [23/Dec/2023:18:33:20 -0500] "GET /BLA/resoluciones/Notificaciones/RESOLUCIONES%202022/3281.pdf HTTP/1.0" 200 1815802
156.59.198.135 - - [23/Dec/2023:18:33:45 -0500] "GET /BLA/resoluciones/RESOLUCIONES%202014/3102.pdf HTTP/1.0" 200 484069
201.245.192.253 - - [23/Dec/2023:18:33:56 -0500] "POST /kwsrmcab/Wsrmcab  HTTP/1.1" 200 40220
198.235.24.240 - - [23/Dec/2023:18:34:04 -0500] "GET / HTTP/1.1" 200 319
156.59.198.135 - - [23/Dec/2023:18:34:09 -0500] "GET /BLA/resoluciones/RESOLUCIONES%202010/4053.pdf HTTP/1.0" 200 738477
66.249.66.19 - - [23/Dec/2023:18:34:10 -0500] "GET /BLA/resoluciones/RESOLUCIONES%202010/6084.pdf HTTP/1.1" 200 367968
172.22.2.4 - - [23/Dec/2023:18:32:36 -0500] "HEAD /BLA/boletinlegal/ HTTP/1.1" 200 -
156.59.198.136 - - [23/Dec/2023:18:34:34 -0500] "GET /BLA/resoluciones/RESOLUCIONES%202007/RES%202007%20401%20AL%20500/RESOLUCION%200403%20DE%202007.pdf HTTP/1.0" 200 924181
156.59.198.136 - - [23/Dec/2023:18:34:58 -0500] "GET /BLA/resoluciones/RESOLUCIONES%202010/2063.pdf HTTP/1.0" 200 62776
172.22.2.4 - - [23/Dec/2023:18:33:27 -0500] "GET /BLA/boletinlegal/ HTTP/1.1" 200 45448
156.59.198.135 - - [23/Dec/2023:18:35:23 -0500] "GET /BLA/resoluciones/RESOLUCIONES%202010/7310.pdf HTTP/1.0" 200 341453
216.245.221.92 - - [23/Dec/2023:18:35:24 -0500] "HEAD / HTTP/1.1" 200 -
172.22.2.4 - - [23/Dec/2023:18:34:00 -0500] "GET /BLA/boletinlegal/ HTTP/1.1" 200 50150
156.59.198.135 - - [23/Dec/2023:18:35:46 -0500] "GET /BLA/resoluciones/AUTOS%202014/1735.pdf HTTP/1.0" 200 3158794
52.167.144.167 - - [23/Dec/2023:18:36:07 -0500] "GET /BLA/resoluciones/RESOLUCIONES%202022/5176.pdf HTTP/1.1" 200 925353
156.59.198.135 - - [23/Dec/2023:18:36:10 -0500] "GET /BLA/resoluciones/AUTOS%202007/3806.pdf HTTP/1.0" 200 78978
201.245.192.253 - - [23/Dec/2023:18:36:19 -0500] "POST /kwsrmcab/Wsrmcab HTTP/1.1" 200 36158
201.245.192.253 - - [23/Dec/2023:18:36:23 -0500] "POST /kwsrmcab/Wsrmcab HTTP/1.1" 200 36894
156.59.198.135 - - [23/Dec/2023:18:36:35 -0500] "GET /BLA/resoluciones/RESOLUCIONES%202009/1773.pdf HTTP/1.0" 200 411391
152.201.223.47 - - [23/Dec/2023:18:36:54 -0500] "GET /kwssiamovil/sm/acme/a?s=U2FsdGVkX1/AC3/s5ns+HRJJIUXsC5FSGuyjm4xtXw75efqr7YI0N9lFNimVFYmi/anS016a1nc1enTYBuiT+JWLJJcBsDpJUNFYuzHtnDNZvlIiKGv0tqlr6kAqFb+khZiKOAb8hbgYS8NmeP4zI19vhRkFVNWa9B4W97LItmqPoEx66OMNL+5GRrrQMUR4a3Z2sybqzkqrWQLzt8R5HCKuNNNrkzg7jIMOVg42v/iWH1TPPp7IGeAF0qQjia3GGj9skyaX2WE+aX+l+1wltQ==&u=U2FsdGVkX1/GdhuyygqqKW4sGCyCrN3mmo7eSghmXgDRvQyvoIAc8+ySnQMRPIza&y=U2FsdGVkX19oQkj2te9P4GOwE2q2NEOjTnOS21nsngQzgvxnSITJDDLJ9j3qu4HV HTTP/1.1" 200 26
