201.245.192.253 - - [23/Dec/2023:22:20:24 -0500] "POST /kwsrmcab/Wsrmcab HTTP/1.1" 200 36879
173.252.95.116 - - [23/Dec/2023:22:20:37 -0500] "GET /images/agua%20bogota.jpg HTTP/1.1" 200 74348
173.252.79.7 - - [23/Dec/2023:22:20:37 -0500] "GET /images/participacion%2019-12-23.jpg HTTP/1.1" 200 73861
156.59.198.136 - - [23/Dec/2023:22:20:47 -0500] "GET /BLA/resoluciones/Notificaciones/RESOLUCIONES%202021/3774.pdf HTTP/1.0" 200 472097
156.59.198.135 - - [23/Dec/2023:22:21:10 -0500] "GET /BLA/resoluciones/Notificaciones/AUTOS%202021/0872.pdf HTTP/1.0" 200 1261437
157.55.39.9 - - [23/Dec/2023:22:21:27 -0500] "GET /BLA/resoluciones/RESOLUCIONES%202021/4321.pdf HTTP/1.1" 200 390424
156.59.198.136 - - [23/Dec/2023:22:21:35 -0500] "GET /BLA/resoluciones/RESOLUCIONES%202010/7690.pdf HTTP/1.0" 200 330807
172.22.2.4 - - [23/Dec/2023:22:20:07 -0500] "HEAD /BLA/boletinlegal/ HTTP/1.1" 200 -
69.171.249.7 - - [23/Dec/2023:22:21:47 -0500] "GET /mis-de-50-aves-silvestres-fueron-recuperadas-en-la-localidad-de-tunjuelito.html HTTP/1.1" 200 806
156.59.198.135 - - [23/Dec/2023:22:22:00 -0500] "GET /BLA/resoluciones/RESOLUCIONES%202014/2367.pdf HTTP/1.0" 200 468480
3.144.233.184 - - [23/Dec/2023:22:22:02 -0500] "GET /ai.txt?t=1703379870.67085 HTTP/1.1" 404 1018
3.144.233.184 - - [23/Dec/2023:22:22:02 -0500] "GET /.well-known/ai.txt?t=1703379870.67085 HTTP/1.1" 404 1018
66.249.66.20 - - [23/Dec/2023:22:22:13 -0500] "GET /BLA/resoluciones/RESOLUCIONES%202009/3867.pdf HTTP/1.1" 200 1233173
156.59.198.135 - - [23/Dec/2023:22:22:24 -0500] "GET /BLA/resoluciones/RESOLUCIONES%202007/RES%202007%202501%20AL%202600/RESOLUCION%202549%20DE%202007.pdf HTTP/1.0" 200 422249
172.22.2.4 - - [23/Dec/2023:22:20:57 -0500] "GET /BLA/boletinlegal/ HTTP/1.1" 200 60910
156.59.198.136 - - [23/Dec/2023:22:22:49 -0500] "GET /BLA/resoluciones/Notificaciones/AUTOS%202019/4425.pdf HTTP/1.0" 200 274185
201.245.192.253 - - [23/Dec/2023:22:22:59 -0500] "POST /kwsrmcab/Wsrmcab  HTTP/1.1" 200 40220
156.59.198.135 - - [23/Dec/2023:22:23:13 -0500] "GET /BLA/resoluciones/RESOLUCIONES%202010/4960.pdf HTTP/1.0" 200 279622
156.59.198.136 - - [23/Dec/2023:22:23:37 -0500] "GET /BLA/resoluciones/Notificaciones/AUTOS%202016/03052.pdf HTTP/1.0" 200 387056
156.59.198.136 - - [23/Dec/2023:22:24:01 -0500] "GET /BLA/resoluciones/Notificaciones/RESOLUCIONES%202022/5462.pdf HTTP/1.0" 200 4005591
66.220.149.116 - - [23/Dec/2023:22:24:19 -0500] "GET /mis-de-50-aves-silvestres-fueron-recuperadas-en-la-localidad-de-tunjuelito.html HTTP/1.1" 200 806
156.59.198.136 - - [23/Dec/2023:22:24:26 -0500] "GET /BLA/resoluciones/RESOLUCIONES%202009/1378.pdf HTTP/1.0" 200 477189
66.249.66.21 - - [23/Dec/2023:22:24:49 -0500] "GET /BLA/resoluciones/RESOLUCIONES%202009/7251.pdf HTTP/1.1" 200 117132
156.59.198.136 - - [23/Dec/2023:22:24:51 -0500] "GET /BLA/resoluciones/AUTOS%202014/4790.pdf HTTP/1.0" 200 573877
156.59.198.136 - - [23/Dec/2023:22:25:15 -0500] "GET /BLA/resoluciones/RESOLUCIONES%202010/RESOLUCION%207385%20DE%202010.PDF HTTP/1.0" 200 72631
216.245.221.92 - - [23/Dec/2023:22:25:24 -0500] "HEAD / HTTP/1.1" 200 -
156.59.198.136 - - [23/Dec/2023:22:25:40 -0500] "GET /BLA/resoluciones/Notificaciones/AUTOS%202022/7939.pdf HTTP/1.0" 200 406159
186.29.86.201 - - [23/Dec/2023:22:25:46 -0500] "GET /distrito-exalto-a-246-empresas-de-bogota-por-su-alto-desempeno-y-responsabilidad-ambiental-durante-2023.html HTTP/1.1" 200 1039
156.59.198.136 - - [23/Dec/2023:22:26:04 -0500] "GET /BLA/resoluciones/RESOLUCIONES%202010/3526.pdf HTTP/1.0" 200 362410
201.245.192.253 - - [23/Dec/2023:22:26:18 -0500] "POST /kwsrmcab/Wsrmcab HTTP/1.1" 200 35984
201.245.192.253 - - [23/Dec/2023:22:26:21 -0500] "POST /kwsrmcab/Wsrmcab HTTP/1.1" 200 36879
156.59.198.135 - - [23/Dec/2023:22:26:28 -0500] "GET /BLA/resoluciones/AUTOS%202018/0921.pdf HTTP/1.0" 200 290035
66.249.66.192 - - [23/Dec/2023:22:26:36 -0500] "GET /distrito-planto-mas-de-300-arboles-en-corredor-vial-de-la-aurora-en-usme-para-celebrar-el-dia-mundial-del-arbol.html HTTP/1.1" 200 1023
156.59.198.136 - - [23/Dec/2023:22:26:52 -0500] "GET /BLA/resoluciones/Notificaciones/AUTOS%202021/3714.pdf HTTP/1.0" 200 345742
66.249.66.20 - - [23/Dec/2023:22:27:01 -0500] "GET /BLA/resoluciones/RESOLUCIONES%202010/1690.pdf HTTP/1.1" 200 365308
156.59.198.136 - - [23/Dec/2023:22:27:16 -0500] "GET /BLA/resoluciones/RESOLUCIONES%202010/5163.pdf HTTP/1.0" 200 979918
207.46.13.168 - - [23/Dec/2023:22:27:27 -0500] "GET /BLA/resoluciones/AUTOS%202021/6432.pdf HTTP/1.1" 304 -
172.22.2.4 - - [23/Dec/2023:22:25:57 -0500] "HEAD /BLA/boletinlegal/ HTTP/1.1" 200 -
156.59.198.135 - - [23/Dec/2023:22:27:41 -0500] "GET /BLA/resoluciones/RESOLUCIONES%202010/5304.pdf HTTP/1.0" 200 749635
201.245.192.253 - - [23/Dec/2023:22:27:58 -0500] "POST /kwsrmcab/Wsrmcab  HTTP/1.1" 200 40220
156.59.198.136 - - [23/Dec/2023:22:28:05 -0500] "GET /BLA/resoluciones/AUTOS%202014/4407.pdf HTTP/1.0" 200 520991
172.22.2.4 - - [23/Dec/2023:22:26:47 -0500] "GET /BLA/boletinlegal/ HTTP/1.1" 200 60910
156.59.198.135 - - [23/Dec/2023:22:28:28 -0500] "GET /BLA/resoluciones/Notificaciones/AUTOS%202022/7041.pdf HTTP/1.0" 200 1864186
52.167.144.171 - - [23/Dec/2023:22:28:29 -0500] "GET /galeria/galeria/jquery.fancybox.js?v=2.1.5 HTTP/1.1" 200 48706
40.77.167.235 - - [23/Dec/2023:22:28:39 -0500] "GET /galeria/galeria/jquery.fancybox.css?v=2.1.5 HTTP/1.1" 200 4895
216.244.66.195 - - [23/Dec/2023:22:28:53 -0500] "GET /BLA/resoluciones/index.php?dir=AUTOS%202005/&sort=size&order=asc HTTP/1.1" 200 2791
156.59.198.135 - - [23/Dec/2023:22:28:53 -0500] "GET /BLA/resoluciones/RESOLUCIONES%202022/4427.pdf HTTP/1.0" 200 579762
156.59.198.135 - - [23/Dec/2023:22:29:18 -0500] "GET /BLA/resoluciones/AUTOS%202014/5001.pdf HTTP/1.0" 200 592725
156.59.198.135 - - [23/Dec/2023:22:29:42 -0500] "GET /BLA/resoluciones/AUTOS%202007/3728.pdf HTTP/1.0" 200 236480
156.59.198.135 - - [23/Dec/2023:22:30:07 -0500] "GET /BLA/resoluciones/RESOLUCIONES%202010/7508.pdf HTTP/1.0" 200 35733
201.245.192.253 - - [23/Dec/2023:22:30:17 -0500] "POST /kwsrmcab/Wsrmcab HTTP/1.1" 200 35984
216.245.221.92 - - [23/Dec/2023:22:30:23 -0500] "HEAD / HTTP/1.1" 200 -
201.245.192.253 - - [23/Dec/2023:22:30:22 -0500] "POST /kwsrmcab/Wsrmcab HTTP/1.1" 200 36879
69.63.184.1 - - [23/Dec/2023:22:30:30 -0500] "GET /secretaria-de-ambiente-reconocio-entidades-por-sus-buenas-practicas-ambientales.html HTTP/1.1" 200 892
156.59.198.135 - - [23/Dec/2023:22:30:30 -0500] "GET /BLA/resoluciones/RESOLUCIONES%202007/RES%202007%204101%20AL%204200/RESOLUCION%204183%20%20DE%202007.pdf HTTP/1.0" 200 799771
173.252.95.120 - - [23/Dec/2023:22:30:32 -0500] "GET /secretaria-de-ambiente-reconocio-entidades-por-sus-buenas-practicas-ambientales.html HTTP/1.1" 200 892
156.59.198.136 - - [23/Dec/2023:22:30:55 -0500] "GET /BLA/resoluciones/RESOLUCIONES%202007/RES%202007%202201%20AL%202300/RESOLUCION%202293%20DE%202007.pdf HTTP/1.0" 200 763025
66.249.66.19 - - [23/Dec/2023:22:31:19 -0500] "GET /BLA/resoluciones/RESOLUCIONES%202009/3168.pdf HTTP/1.1" 200 475029
156.59.198.136 - - [23/Dec/2023:22:31:20 -0500] "GET /BLA/resoluciones/RESOLUCIONES%202022/3363.pdf HTTP/1.0" 200 397048
156.59.198.135 - - [23/Dec/2023:22:31:44 -0500] "GET /BLA/resoluciones/Notificaciones/AUTOS%202022/3505.pdf HTTP/1.0" 200 1440731
156.59.198.135 - - [23/Dec/2023:22:32:09 -0500] "GET /BLA/resoluciones/AUTOS%202014/4786.pdf HTTP/1.0" 200 564942
69.63.184.119 - - [23/Dec/2023:22:32:14 -0500] "GET /images/terrazas%20verdes.jpg HTTP/1.1" 200 63951
173.252.79.6 - - [23/Dec/2023:22:32:14 -0500] "GET /images/Aves%20SDA.jpeg HTTP/1.1" 200 75104
156.59.198.135 - - [23/Dec/2023:22:32:34 -0500] "GET /BLA/resoluciones/RESOLUCIONES%202010/7788.pdf HTTP/1.0" 200 99697
156.59.198.136 - - [23/Dec/2023:22:32:58 -0500] "GET /BLA/resoluciones/RESOLUCIONES%202022/0226.pdf HTTP/1.0" 200 343468
201.245.192.253 - - [23/Dec/2023:22:32:57 -0500] "POST /kwsrmcab/Wsrmcab  HTTP/1.1" 200 40220
156.59.198.136 - - [23/Dec/2023:22:33:23 -0500] "GET /BLA/resoluciones/Notificaciones/AUTOS%202018/3966.pdf HTTP/1.0" 200 292535
172.22.2.4 - - [23/Dec/2023:22:31:47 -0500] "HEAD /BLA/boletinlegal/ HTTP/1.1" 200 -
156.59.198.135 - - [23/Dec/2023:22:33:47 -0500] "GET /BLA/resoluciones/Notificaciones/AUTOS%202021/3776.pdf HTTP/1.0" 200 351626
156.59.198.136 - - [23/Dec/2023:22:34:13 -0500] "GET /BLA/resoluciones/RESOLUCIONES%202007/RES%202007%204201%20AL%204300/RESOLUCION%204281%20DE%202007.pdf HTTP/1.0" 200 405031
172.22.2.4 - - [23/Dec/2023:22:32:37 -0500] "GET /BLA/boletinlegal/ HTTP/1.1" 200 58172
156.59.198.136 - - [23/Dec/2023:22:34:38 -0500] "GET /BLA/resoluciones/RESOLUCIONES%202010/5535.pdf HTTP/1.0" 200 2811796
156.59.198.136 - - [23/Dec/2023:22:35:04 -0500] "GET /BLA/resoluciones/RESOLUCIONES%202010/7319.pdf HTTP/1.0" 200 351840
216.244.66.195 - - [23/Dec/2023:22:35:16 -0500] "GET /BLA/resoluciones/AUTOS%202019/3401.pdf HTTP/1.1" 200 1892401
216.245.221.92 - - [23/Dec/2023:22:35:23 -0500] "HEAD / HTTP/1.1" 200 -
156.59.198.135 - - [23/Dec/2023:22:35:27 -0500] "GET /BLA/resoluciones/RESOLUCIONES%202022/0809.pdf HTTP/1.0" 200 10336867
172.22.2.4 - - [23/Dec/2023:22:34:03 -0500] "GET /BLA/boletinlegal/ HTTP/1.1" 200 62055
216.244.66.195 - - [23/Dec/2023:22:35:45 -0500] "GET /BLA/resoluciones/AUTOS%202019/4533.pdf HTTP/1.1" 200 346242
156.59.198.136 - - [23/Dec/2023:22:35:51 -0500] "GET /BLA/resoluciones/AUTOS%202014/2181.pdf HTTP/1.0" 200 1010145
156.59.198.136 - - [23/Dec/2023:22:36:15 -0500] "GET /BLA/resoluciones/RESOLUCIONES%202009/1539.pdf HTTP/1.0" 200 514522
191.95.53.65 - - [23/Dec/2023:22:36:17 -0500] "GET /mis-de-50-aves-silvestres-fueron-recuperadas-en-la-localidad-de-tunjuelito.html HTTP/1.1" 200 806
201.245.192.253 - - [23/Dec/2023:22:36:19 -0500] "POST /kwsrmcab/Wsrmcab HTTP/1.1" 200 35984
201.245.192.253 - - [23/Dec/2023:22:36:22 -0500] "POST /kwsrmcab/Wsrmcab HTTP/1.1" 200 36879
156.59.198.136 - - [23/Dec/2023:22:36:40 -0500] "GET /BLA/resoluciones/RESOLUCIONES%202009/2041.pdf HTTP/1.0" 200 939162
173.252.95.5 - - [23/Dec/2023:22:37:03 -0500] "GET /mis-de-50-aves-silvestres-fueron-recuperadas-en-la-localidad-de-tunjuelito.html HTTP/1.1" 200 806
156.59.198.135 - - [23/Dec/2023:22:37:03 -0500] "GET /BLA/resoluciones/Notificaciones/AUTOS%202022/6472.pdf HTTP/1.0" 200 2033133
156.59.198.135 - - [23/Dec/2023:22:37:28 -0500] "GET /BLA/resoluciones/RESOLUCIONES%202009/1599.pdf HTTP/1.0" 200 606314
156.59.198.135 - - [23/Dec/2023:22:37:52 -0500] "GET /BLA/resoluciones/RESOLUCIONES%202007/RES%202007%204201%20AL%204300/RESOLUCION%204298%20DE%202007.pdf HTTP/1.0" 200 185791
201.245.192.253 - - [23/Dec/2023:22:37:55 -0500] "POST /kwsrmcab/Wsrmcab  HTTP/1.1" 200 40220
172.22.2.4 - - [23/Dec/2023:22:38:05 -0500] "GET /BLA/boletinlegal/Circulares/2019/.pdf HTTP/1.1" 404 1218
156.59.198.135 - - [23/Dec/2023:22:38:17 -0500] "GET /BLA/resoluciones/RESOLUCIONES%202010/3694.pdf HTTP/1.0" 200 518865
156.59.198.135 - - [23/Dec/2023:22:38:41 -0500] "GET /BLA/resoluciones/Notificaciones/RESOLUCIONES%202022/2398.pdf HTTP/1.0" 200 419969
156.59.198.135 - - [23/Dec/2023:22:39:05 -0500] "GET /BLA/resoluciones/AUTOS%202014/1537.pdf HTTP/1.0" 200 672249
172.22.2.4 - - [23/Dec/2023:22:37:37 -0500] "HEAD /BLA/boletinlegal/ HTTP/1.1" 200 -
156.59.198.136 - - [23/Dec/2023:22:39:29 -0500] "GET /BLA/resoluciones/Notificaciones/RESOLUCIONES%202021/3989.pdf HTTP/1.0" 200 435767
156.59.198.135 - - [23/Dec/2023:22:39:53 -0500] "GET /BLA/resoluciones/RESOLUCIONES%202010/2551.pdf HTTP/1.0" 200 585972
172.22.2.4 - - [23/Dec/2023:22:38:27 -0500] "GET /BLA/boletinlegal/ HTTP/1.1" 200 58567
156.59.198.135 - - [23/Dec/2023:22:40:18 -0500] "GET /BLA/resoluciones/Notificaciones/AUTOS%202021/2740.pdf HTTP/1.0" 200 2020592
201.245.192.253 - - [23/Dec/2023:22:40:17 -0500] "POST /kwsrmcab/Wsrmcab HTTP/1.1" 200 35984
216.245.221.92 - - [23/Dec/2023:22:40:23 -0500] "HEAD / HTTP/1.1" 200 -
201.245.192.253 - - [23/Dec/2023:22:40:22 -0500] "POST /kwsrmcab/Wsrmcab HTTP/1.1" 200 36879
156.59.198.135 - - [23/Dec/2023:22:40:43 -0500] "GET /BLA/resoluciones/AUTOS%202014/2370.pdf HTTP/1.0" 200 1226097
66.249.66.21 - - [23/Dec/2023:22:40:54 -0500] "GET /BLA/resoluciones/Autos%202008/2021.pdf HTTP/1.1" 200 74692
156.59.198.135 - - [23/Dec/2023:22:41:09 -0500] "GET /BLA/resoluciones/AUTOS%202018/2545.pdf HTTP/1.0" 200 305847
69.63.184.2 - - [23/Dec/2023:22:41:20 -0500] "GET /images/PREAD%20SDA%201.jpeg HTTP/1.1" 200 65620
156.59.198.135 - - [23/Dec/2023:22:41:32 -0500] "GET /BLA/resoluciones/RESOLUCIONES%202010/5190.pdf HTTP/1.0" 200 701798
66.249.66.20 - - [23/Dec/2023:22:41:46 -0500] "GET /BLA/resoluciones/AUTOS%202007/3659.pdf HTTP/1.1" 200 142523
156.59.198.135 - - [23/Dec/2023:22:41:57 -0500] "GET /BLA/resoluciones/RESOLUCIONES%202009/1603.pdf HTTP/1.0" 200 623137
156.59.198.136 - - [23/Dec/2023:22:42:22 -0500] "GET /BLA/resoluciones/Notificaciones/AUTOS%202019/04707.pdf HTTP/1.0" 200 325307
156.59.198.135 - - [23/Dec/2023:22:42:46 -0500] "GET /BLA/resoluciones/RESOLUCIONES%202010/3737.pdf HTTP/1.0" 200 314073
201.245.192.253 - - [23/Dec/2023:22:42:54 -0500] "POST /kwsrmcab/Wsrmcab  HTTP/1.1" 200 40220
156.59.198.136 - - [23/Dec/2023:22:43:11 -0500] "GET /BLA/resoluciones/AUTOS%202017/1184.pdf HTTP/1.0" 200 277917
156.59.198.136 - - [23/Dec/2023:22:43:35 -0500] "GET /BLA/resoluciones/RESOLUCIONES%202010/3722.pdf HTTP/1.0" 200 500719
156.59.198.136 - - [23/Dec/2023:22:43:59 -0500] "GET /BLA/resoluciones/AUTOS%202014/4788.pdf HTTP/1.0" 200 522159
66.249.66.20 - - [23/Dec/2023:22:43:59 -0500] "GET /BLA/resoluciones/RESOLUCIONES%202007/RES%202007%20801%20AL%20900/RESOLUCION%200811%20DE%202007.pdf HTTP/1.1" 200 280492
66.249.66.19 - - [23/Dec/2023:22:44:16 -0500] "GET /BLA/resoluciones/RESOLUCIONES%202008/1740.pdf HTTP/1.1" 200 374771
69.171.249.8 - - [23/Dec/2023:22:44:24 -0500] "GET /images/Aves%20SDA.jpeg HTTP/1.1" 200 75104
156.59.198.136 - - [23/Dec/2023:22:44:25 -0500] "GET /BLA/resoluciones/RESOLUCIONES%202007/RES%202007%201801%20AL%201900/RESOLUCION%201822%20DE%202007.pdf HTTP/1.0" 200 855165
156.59.198.135 - - [23/Dec/2023:22:44:49 -0500] "GET /BLA/resoluciones/Notificaciones/AUTOS%202022/2460.pdf HTTP/1.0" 200 376528
172.22.2.4 - - [23/Dec/2023:22:43:27 -0500] "HEAD /BLA/boletinlegal/ HTTP/1.1" 200 -
156.59.198.135 - - [23/Dec/2023:22:45:14 -0500] "GET /BLA/resoluciones/Notificaciones/AUTOS%202021/1669.pdf HTTP/1.0" 200 646128
52.167.144.223 - - [23/Dec/2023:22:45:19 -0500] "GET /distrito-exalto-a-246-empresas-de-bogota-por-su-alto-desempeno-y-responsabilidad-ambiental-durante-2023.html HTTP/1.1" 200 1039
216.245.221.92 - - [23/Dec/2023:22:45:23 -0500] "HEAD / HTTP/1.1" 200 -
31.13.103.4 - - [23/Dec/2023:22:45:27 -0500] "GET /68-de-ejecucion-lleva-el-plan-de-accion-para-las-familias-de-bogota-que-va-del-2021-al-2025.html HTTP/1.1" 200 811
156.59.198.136 - - [23/Dec/2023:22:45:38 -0500] "GET /BLA/resoluciones/Notificaciones/AUTOS%202019/3115.pdf HTTP/1.0" 200 254498
172.22.2.4 - - [23/Dec/2023:22:44:19 -0500] "GET /BLA/boletinlegal/ HTTP/1.1" 200 52889
156.59.198.136 - - [23/Dec/2023:22:46:01 -0500] "GET /BLA/resoluciones/AUTOS%202018/5828.pdf HTTP/1.0" 200 325397
156.59.198.135 - - [23/Dec/2023:22:46:26 -0500] "GET /BLA/resoluciones/RESOLUCIONES%202007/RES%202007%203401%20AL%203500/RESOLUCION%203408%20DE%202007.pdf HTTP/1.0" 200 701454
152.201.223.47 - - [23/Dec/2023:22:46:33 -0500] "GET /kwssiamovil/sm/ldap/au?x=U2FsdGVkX186eWDGpg5vyLJtltWQgAxHZ7qAuOKfkHFrPQwNgUvBI2raKs/42GcARexjoAZWuM8LdrpJPbreZw==&y=U2FsdGVkX19NQHreROxG7fNfykhMXrRI9sS7WV+N0Zjvg8uas9ZX6fSkcvbkN/Hj HTTP/1.1" 200 30
152.201.223.47 - - [23/Dec/2023:22:46:34 -0500] "GET /kwssiamovil/sm/acme/s?s=U2FsdGVkX1/pYa4Dr2EvphJ21kmmdJG4sU5NE+8M/zJOREbOSldDWsZlsBNJMC47zMZtw4x46r+RjJpoHmkEavJtXrXf+K/ctzGHCzWZBjU=&u=U2FsdGVkX1+UEip+fvxmN4bGN+qzROlN/pSNBcvequFN3jndai62Rm3raleheytu&y=U2FsdGVkX19NQHreROxG7fNfykhMXrRI9sS7WV+N0Zjvg8uas9ZX6fSkcvbkN/Hj HTTP/1.1" 200 97
152.201.223.47 - - [23/Dec/2023:22:46:34 -0500] "GET /kwssiamovil/sm/acme/s?s=U2FsdGVkX19kG3UJaAQNQ4huI6lezlfWyax+NZn6T0CeRUDY4ILJmXNVnS84l3bvHiAfXau850TE1SNKjj1JPO+3LNJI5nu8gd2dBa1g/fDix89HfCRU6FXBRWv65yGCbQr9rDCxAjJGyHJxPnGMw9l5hfpGzyRpG5+jxXHH2xvgr1Yu9A9+Of8xLrSaK0r7p3VFXF8uw0Y57IvH9N2oZzkGmiBH33JsMLUqz6d8ldB1bVKzFW23Ll4Rvg2AwkJ5AOwjqEDhO/sACS8SR+xzd8dAAODzZhM9lgI+YIWLjsYPZ9d1rVoZF13LTzaOomJOG63Up/SmKaAkl18pmkYDAJ+ZFFLwlzoFMZtQakgPwovS7YRrwFOoeqsfeEfzu+ByN0e7vVH6jr2BLZXRTweNLzPM+Ne69yoATvk57C2lsC6laHb4j0Tn552qr6JG9T8ySVz3+XFE1RPERn5UlG7r1XkgQWQoaojL486Kd1HQkoBUjsmSZgvhPhArzbYX/QB63QzfD75YrsRV7FiaV9wSXv4UKS5vkQq5hEQFm6OwyQnPTd932qqI3oboeVkKmlDkmEsQscgAyCD7KHdt5SEB4lz6rA5WuerwpGWdwnW71zFz7xsLF2fwjdtLSCNevHMJBfn35OWwEk7GZk4qxt8/3gXH4zu+XFZMfmgfBO9W+E2bMwtHJzp03+oy0a589T5I3PG0SfvtAWQ6dpoEdXRsTJnMeCsdQSibmd5OcGE3GxTGEZz1JkO6KxqXw/xAV3LTf+VJuF1AGV0q7P139rDelXjEbHDRHYhOxtGsqB34ZYbyPv6bFXvAna0/vVWtYz2uy/Ri6seIMW3P+qGGUrtOD5MSQMulhzBxKpd8pThNS+/BsScaOQqL8jBixbcWy/Yrb2vZI2xGebUFjp9FeF3EXjx8tkg9B5sCMSwg8RKsqv3Lc6FONYagQgpSmMzdsaMaBxMPYFdMo+7fch46ikitqgBv8SCObLQ4VFcCpRDUCjTUP8iRGCGhQxj4V30dfnWQ1XG1NUe3K7/bx6Gp0nN0bpTGxn31RnIQBpEqbEbfu+DYm8EruRnSYTpkPQ2hrJeo/6ZGXjeNJxLhr5FKgKusUt3wuwlWKMopxY5ZoKtgcVfY6spG9mqLNN/u27WFEfS4ebtd047kBKcNNZ1MIGyj49dwTCyZD8ApnMv9zas4NPpqcpohQK0TMixmO+i/Mrqz0A8XOmMTiDbGfgGpe3iSoE7vaagr7/xZUdxJACQWZ5iC69dgCDXNfSbCtqQOmVvxil6LVwz71/g+pNkD7CuT1L3FYtwLz+DwB8RS7jqO+TC9mMfPyD7HrQRZWaFoS27XYt+jVvGTO54INNnpiPaoAuDFSJBacHa8dq1cziMSQQDs3Vr19c+T2P3rbaV84f8mEPxldsAFavWiRne/BieKTuJlwGWVRuLPbuc7gMzJdnHolWIeXTPd4asNhKLq8XAFkUvhg5YESigwoF4u1QrOKTc7v/s2Chcy7eFpD2oJsB7NKXqW57RyqcRlZbbBRavYsu2av3yAFS3qawlA6zruLBQZ5HltfyEYMHb+uAGAlc6gQGojfzFf3RA7D2TsV6IlCbVfT9lRH2s5PfdYPr1kviDlYKPGDjKMtQYltfGS813KzmujwHr9sXoDdBRL2FtTD5brrCdvX9Z+MAtEHt4kuOrE/GyuGr96BQBQhNm8XJ/PsUmyjMeDs97ExpEeYjiK2CU8/IkrqduzvRWDz+25x5xfjXSwa3K/PHQ9NJgBIP1F1u1xKYCZiqF7qa+Cc7Ko&u=U2FsdGVkX1+UEip+fvxmN4bGN+qzROlN/pSNBcvequFN3jndai62Rm3raleheytu&y=U2FsdGVkX19NQHreROxG7fNfykhMXrRI9sS7WV+N0Zjvg8uas9ZX6fSkcvbkN/Hj HTTP/1.1" 200 1716
152.201.223.47 - - [23/Dec/2023:22:46:34 -0500] "GET /kwssiamovil/sm/acme/s?s=U2FsdGVkX19GO+Ib61g7Rj/lIEd7MNcuqj9PiTTozkQoi9WIP57zI06+Cucgg+VxBO9t5z0ixW4LTfAI+rP4BWcGubyBW/YGQR++0OoZT3pqXpJTNNkeoVxOq0PcY+C5yWBaXMNtqr+hCDd7ppaaXrcXs/EfoLuG6FU4sVoIF0eGWuzAdmGn+MV/B1ZTtrIz8Ye1SwrcEKOzIm3mK9ku/kZhcupVrG3Zjo6BpSg29Z2REn6zz8CH3f6Ekx2DwqPJZvo6/a3Ihwj/YtAQgUAlWV8c38zYfWrn3UqFbmQxjmkRcugnEeVrndpNE9BCL4WUN1t0go/3/qBF5Kb4JwIp57EY3rxEoOnKi0vQwdwf8/AWd9U5lAXfQ1e9k8K1o0SganZdrj20DZs5bi/GaNGapdR5Hi2vV8LXRbQR3zlTidOZjqR6rQimvXr/puYowtz8uRxesnBUcqMF0YCPmnvDzP2IoDi8h3GK7/eZqpHEjaWug3OVk0rQQB44x2m8rtlbnPVZVpGDyOocPevSo/d3es7xILXeAscwJZOGmSsUEsAj2/dAiNG5fA7ksYIEm+c4L8TJT5k3oQVEtxgvOh45vMbkeBg0jQET1wXs9VIMwcrORXhD2kJXe117TVKSa6Ktt+F35we0LzgaDxoZ+YE8yJA86eYXN4UC+0qKu2OQhzgbticcsXdotT6TYzrlvwgHNA6q64Y776xeKY7dzbMVNOQu0dFlng9/wubZ8mb/JdaBs9oMmjeV0efrGJxPZp3q&u=U2FsdGVkX1+UEip+fvxmN4bGN+qzROlN/pSNBcvequFN3jndai62Rm3raleheytu&y=U2FsdGVkX19NQHreROxG7fNfykhMXrRI9sS7WV+N0Zjvg8uas9ZX6fSkcvbkN/Hj HTTP/1.1" 200 208
152.201.223.47 - - [23/Dec/2023:22:46:34 -0500] "GET /kwssiamovil/sm/cjson/pre?f=1&x=U2FsdGVkX186eWDGpg5vyLJtltWQgAxHZ7qAuOKfkHFrPQwNgUvBI2raKs/42GcARexjoAZWuM8LdrpJPbreZw== HTTP/1.1" 200 31032
156.59.198.136 - - [23/Dec/2023:22:46:50 -0500] "GET /BLA/resoluciones/RESOLUCIONES%202010/5576.pdf HTTP/1.0" 200 510492
156.59.198.136 - - [23/Dec/2023:22:47:15 -0500] "GET /BLA/resoluciones/RESOLUCIONES%202009/1739.pdf HTTP/1.0" 200 420763
152.201.223.47 - - [23/Dec/2023:22:47:20 -0500] "GET /kwssiamovil/sm/ldap/au?x=U2FsdGVkX18PVPvcUXNUErmYREuEq+S1Nf9YloPlYitUloKHoe9Tj4CHW6u//qHIddaou1f9a1NRcabPA7WMqw==&y=U2FsdGVkX19k09Y682i96UuhCKfCVTNwhGcr0p6OXjuJxcBgt4zy0b4kE5Yl//E9 HTTP/1.1" 200 30
152.201.223.47 - - [23/Dec/2023:22:47:20 -0500] "GET /kwssiamovil/sm/acme/s?s=U2FsdGVkX18BA/m2GBmWxyvCN2fQyphcElUZKixGvPtwjNEpEhq/ekeWDFNIM2GErXatZiOz6ImTir4wO+HkDfL1EP/uyrimoXI/Lyd00bc=&u=U2FsdGVkX19tpfwSTxGg4/AfzQKmYBspsJRjQm5lbcu3T5puG4+4PZ7Ahdbjcd7o&y=U2FsdGVkX19k09Y682i96UuhCKfCVTNwhGcr0p6OXjuJxcBgt4zy0b4kE5Yl//E9 HTTP/1.1" 200 97
152.201.223.47 - - [23/Dec/2023:22:47:20 -0500] "GET /kwssiamovil/sm/acme/s?s=U2FsdGVkX1+9XvOZzzEOevRpIzrWlCwWyxoJCoM2x2XLwifzzc28pgVZAb04jrsF52uDY4/4W8wT6Ue6+8Gk3j1+hXcGfB83oxR1tIkBqV0kszw44Jy4kQLL11axnUGLiYD1aoaKJs8KklUftiumkguZOXUcGF2N3H1ZyOe6pgNXK+YOdcHMNAx1vopuwQh6sukiG0zbf6i7ZDawgxD6oFiNeEt7AOH3fRkqwWJTc2oqSyCNjjg6nNtms7HlKaUfXxxDsSioo6MCWwZmU2pGDbsiZeSh+3cIG7e8xghdv8lQc4cIc3mOhSV4zDPtSghXw/XjRzP9iqBlx4oLhnbIZKd39ziFUmbWBV3IeAMzI7jQdTQRaVco8/Li/QSHOUpJ/pHM3UOHWqU+sbX+5Sdx4NYNErgfrWMGzS5Y7eCsrVkjs07SAf0xOpjNGIXxU5S4T0AoBNTQGF9iXZhTLKBB3o2qx8bLsyhUtxp3u5utXBnqtEWLqaA4x3IOv5oEzbzmwKD8p10x9alcqkdd5GZHkwmZbB6yi51PZYiIr4f3ccwJ/KB7G2CJoXhb6jO0LhWEgfXQskRK3XSVR4OIuIz07Xj3BaubJc7AIlAbSLKjZzXQ2Kfx4HWvLQli1+u8cceq98XIFIPN8XW1Cbsuh3ghzB/MGhmFp9N4nMPkiGGiFtS3+xiRW2uzNuafWeKrTZ6jEkjPTLpdQrGIHYLrkS0Uo29Qy3ZtwOq7Pwgx55G2JE6yfv8VT6BDR3TCfDAqEovziAim+GHR20/vnrIT5atQGVnZREBZxXq6GBMrLqHgBBbBdz/R4YJqGVB8likRPcUdMzsfBHaYq70bvv7RqeAZfNVbjqxG6vEN+0ceF4djgZWVF9rO4FkXXv7Wao/cbOoKv0UDf43Ws/SCKpyTj5kcsyMGK1dNvXfgTW/6W/uCNhEsBQiooDG7/wpZfuv7aJkAWDAuHJzVMu/b/lLBmwVfjI4IEf+jb4c1Udvzak4wPMZLs7oD4iGtgTNFhwHqTr8wd28xTNTCbh5HR3LIEBmw50Zgn4pIoxzUO2eJM6QpSlLTDCuXc+W4QXpBX+/gEqxPPI1lsZ5rTolwNbuvNoy7in+BHKBX/OiYcKYotYKJa/9a2Po5VZ8Y3YYpwbLYOyLQVbNISClR9nsswkjQKRvHfpooo1Bez/diu8AUedet+BqVPVdLGiHoH1fbBkHT8NCH5BiC+81wOtPPU9ws1JcOejqKVHSL78LMwAlJAGalVio+YsuI7jrP0bOE3TIC9HuantI0LY2EUKtZyFliECbmOnGqb9FUhX6iZbr2FvrpYaimc1hQXxhlRunmTbXxUWu0MAXSEKP2Z0jT8Jg5sfZzzXSdHjeB/ORhYHIH0n8IUVpPgXKWLyIWePXYDZA6thmzBori7icVJ98ZcUtHMYvehMh2mqkzW+9eZ8G7gd3ADJg6+daQX8Po3dhBj6pL7aELeor8Om0J6beGqSfiDJfcCUsHfYKlQ2DMELplRa5kq+/SnE2XeJKvgKLOr3s+SXDcrx5UphBP3SPcs92N52ONUgdfLL6U4xyzmuS/1h9WCh4nlwU4l9uyOZnUEOYfmC6g8slYhVb7ENKoYIJIdxdpITj8AYL9lE/VoiVCiQ2p7uxk/RF7xFLHf6V6Lwvqzg7iwClK4TWUu5QMEvfIv9hPefREtml7PCnigKpLQeNjwCTuVMOVP2ge/dWZa7fo2ry6YZP2GuO8K0yWLypTHSMNsKGj88WNxOHZphNVUrKsIpiAQ4w3HUTxW6sqsh0upZ5F&u=U2FsdGVkX19tpfwSTxGg4/AfzQKmYBspsJRjQm5lbcu3T5puG4+4PZ7Ahdbjcd7o&y=U2FsdGVkX19k09Y682i96UuhCKfCVTNwhGcr0p6OXjuJxcBgt4zy0b4kE5Yl//E9 HTTP/1.1" 200 1716
152.201.223.47 - - [23/Dec/2023:22:47:20 -0500] "GET /kwssiamovil/sm/acme/s?s=U2FsdGVkX1+qPbNA5pIJxGg+vusjvFONuPM9eRrxMcJvPA0QMQrRC9TaRIaLhqJHd2zNlk7kPAX/Oskps1tUnHHvmF9SotoNhMnwu5Gk212XfWBROBrPpzZIBQiKBt06yOGEEArP8HHw48bv8txkCQ/hdU+eYw5qR5orDDoQjx5it4U0VW8hji7xYxzr6rNYMHIMmqOh805/OpFP9P8PO80tXscGMjoqZKZHsm78Q12CmxyYmbNCO7VxFBGFBNv6/GC3mAir3LI0+9v6Ockd3FVr9oLZU+RSQdJ5n/6PdbDQRIjDZh3QFPfqXxcVlHip0/E4O3FXEuJ1TyVjSslIfqRzchmuTslXpNWGKM5GNadsfZqC9jd+6MrzuRFY8rDZ93LvO8LdJYnCamY3+fVlt7xjdHL/k/Kum0elVKHJfuoLnfPc0ddK4dxL8P/SBCAb6D4pgfPuvkXxmSps7BKKSOW1mBNvqxmTqJDFR/wCIw1AOMRMwU79aJHMiqbnVI28K0SjxzCxlGoBtgyjEKrUrH11P9SehqBGEwyPAQH7P/3JM8fKnnuBrCeEdcr1vuqy8f8SKJI7/8XtR/SjsJweD1PdIMl3EoCHFrXLLc2hfX1lYcutINTU2QA0tKGPBzob7qj1kERqxcTIoUMQRUIQMQwNnKJ9gKAYtWfBRbvPnhUzIA7WcjnKd9XzDMUeFhFK/nNpzcFfHNxhxFepSTXnAevgfCEQz+KsxkY4G25vn0GdOnd9P7prBQKX1QwafFrF&u=U2FsdGVkX19tpfwSTxGg4/AfzQKmYBspsJRjQm5lbcu3T5puG4+4PZ7Ahdbjcd7o&y=U2FsdGVkX19k09Y682i96UuhCKfCVTNwhGcr0p6OXjuJxcBgt4zy0b4kE5Yl//E9 HTTP/1.1" 200 208
152.201.223.47 - - [23/Dec/2023:22:47:20 -0500] "GET /kwssiamovil/sm/cjson/pre?f=1&x=U2FsdGVkX18PVPvcUXNUErmYREuEq+S1Nf9YloPlYitUloKHoe9Tj4CHW6u//qHIddaou1f9a1NRcabPA7WMqw== HTTP/1.1" 200 31032
156.59.198.135 - - [23/Dec/2023:22:47:38 -0500] "GET /BLA/resoluciones/RESOLUCIONES%202010/3554.pdf HTTP/1.0" 200 786927
201.245.192.253 - - [23/Dec/2023:22:47:52 -0500] "POST /kwsrmcab/Wsrmcab  HTTP/1.1" 200 40220
156.59.198.135 - - [23/Dec/2023:22:48:02 -0500] "GET /BLA/resoluciones/Notificaciones/AUTOS%202021/2018.pdf HTTP/1.0" 200 317570
66.249.66.19 - - [23/Dec/2023:22:48:10 -0500] "GET /BLA/resoluciones/RESOLUCIONES%202010/5185.pdf HTTP/1.1" 200 849599
156.59.198.136 - - [23/Dec/2023:22:48:27 -0500] "GET /BLA/resoluciones/RESOLUCIONES%202022/2371.pdf HTTP/1.0" 200 960326
156.59.198.136 - - [23/Dec/2023:22:48:51 -0500] "GET /BLA/resoluciones/Notificaciones/AUTOS%202022/7597.pdf HTTP/1.0" 200 429637
156.59.198.136 - - [23/Dec/2023:22:49:15 -0500] "GET /BLA/resoluciones/AUTOS%202014/3685.pdf HTTP/1.0" 200 515807
156.59.198.136 - - [23/Dec/2023:22:49:39 -0500] "GET /BLA/resoluciones/Notificaciones/AUTOS%202016/02289.pdf HTTP/1.0" 200 368237
156.59.198.136 - - [23/Dec/2023:22:50:03 -0500] "GET /BLA/resoluciones/RESOLUCIONES%202010/2397.pdf HTTP/1.0" 200 510344
216.245.221.92 - - [23/Dec/2023:22:50:23 -0500] "HEAD / HTTP/1.1" 200 -
156.59.198.135 - - [23/Dec/2023:22:50:28 -0500] "GET /BLA/resoluciones/Notificaciones/AUTOS%202021/1553.pdf HTTP/1.0" 200 677301
66.249.66.21 - - [23/Dec/2023:22:50:30 -0500] "GET /BLA/resoluciones/AUTOS%202014/0984.pdf HTTP/1.1" 200 286283
156.59.198.135 - - [23/Dec/2023:22:50:52 -0500] "GET /BLA/resoluciones/RESOLUCIONES%202009/2018.pdf HTTP/1.0" 200 666487
172.22.2.4 - - [23/Dec/2023:22:49:19 -0500] "HEAD /BLA/boletinlegal/ HTTP/1.1" 200 -
156.59.198.136 - - [23/Dec/2023:22:51:17 -0500] "GET /BLA/resoluciones/RESOLUCIONES%202010/4049.pdf HTTP/1.0" 200 742011
156.59.198.135 - - [23/Dec/2023:22:51:40 -0500] "GET /BLA/resoluciones/Notificaciones/AUTOS%202022/8235.pdf HTTP/1.0" 200 434447
172.22.2.4 - - [23/Dec/2023:22:50:09 -0500] "GET /BLA/boletinlegal/ HTTP/1.1" 200 58567
162.55.175.144 - - [23/Dec/2023:22:51:50 -0500] "GET / HTTP/1.1" 200 4720
162.55.175.144 - - [23/Dec/2023:22:51:53 -0500] "GET / HTTP/1.1" 200 319
156.59.198.136 - - [23/Dec/2023:22:52:05 -0500] "GET /BLA/resoluciones/Notificaciones/RESOLUCIONES%202021/0733.pdf HTTP/1.0" 200 432303
156.59.198.135 - - [23/Dec/2023:22:52:29 -0500] "GET /BLA/resoluciones/RESOLUCIONES%202022/0148.pdf HTTP/1.0" 200 447169
201.245.192.253 - - [23/Dec/2023:22:52:50 -0500] "POST /kwsrmcab/Wsrmcab  HTTP/1.1" 200 40220
156.59.198.135 - - [23/Dec/2023:22:52:54 -0500] "GET /BLA/resoluciones/AUTOS%202018/6837.pdf HTTP/1.0" 200 267584
156.59.198.136 - - [23/Dec/2023:22:53:18 -0500] "GET /BLA/resoluciones/AUTOS%202014/2154.pdf HTTP/1.0" 200 555521
156.59.198.136 - - [23/Dec/2023:22:53:42 -0500] "GET /BLA/resoluciones/Notificaciones/AUTOS%202013/2228.doc HTTP/1.0" 200 227840
156.59.198.136 - - [23/Dec/2023:22:54:06 -0500] "GET /BLA/resoluciones/RESOLUCIONES%202007/RES%202007%202801%20AL%202900/RESOLUCION%202808%20DE%202007.pdf HTTP/1.0" 200 1239406
156.59.198.135 - - [23/Dec/2023:22:54:30 -0500] "GET /BLA/resoluciones/AUTOS%202014/4060.pdf HTTP/1.0" 200 512572
156.59.198.136 - - [23/Dec/2023:22:54:54 -0500] "GET /BLA/resoluciones/Notificaciones/AUTOS%202018/2296.pdf HTTP/1.0" 200 277037
66.249.66.20 - - [23/Dec/2023:22:55:08 -0500] "GET /BLA/resoluciones/RESOLUCIONES%202013/1626.pdf HTTP/1.1" 200 595328
156.59.198.135 - - [23/Dec/2023:22:55:19 -0500] "GET /BLA/resoluciones/RESOLUCIONES%202010/3221.pdf HTTP/1.0" 200 779373
216.245.221.92 - - [23/Dec/2023:22:55:23 -0500] "HEAD / HTTP/1.1" 200 -
216.244.66.195 - - [23/Dec/2023:22:55:36 -0500] "GET /robots.txt HTTP/1.1" 404 1018
156.59.198.135 - - [23/Dec/2023:22:55:42 -0500] "GET /BLA/resoluciones/AUTOS%202014/4571.pdf HTTP/1.0" 200 524066
156.59.198.135 - - [23/Dec/2023:22:56:06 -0500] "GET /BLA/resoluciones/Notificaciones/AUTOS%202018/6433.pdf HTTP/1.0" 200 279594
156.59.198.135 - - [23/Dec/2023:22:56:31 -0500] "GET /BLA/resoluciones/RESOLUCIONES%202010/7378.pdf HTTP/1.0" 200 627225
172.22.2.4 - - [23/Dec/2023:22:55:09 -0500] "HEAD /BLA/boletinlegal/ HTTP/1.1" 200 -
156.59.198.135 - - [23/Dec/2023:22:56:55 -0500] "GET /BLA/resoluciones/RESOLUCIONES%202007/RES%202007%204101%20AL%204200/RESOLUCION%204144%20DE%202007.pdf HTTP/1.0" 200 220544
156.59.198.136 - - [23/Dec/2023:22:57:19 -0500] "GET /BLA/resoluciones/Notificaciones/AUTOS%202021/0575.pdf HTTP/1.0" 200 363210
172.22.2.4 - - [23/Dec/2023:22:55:59 -0500] "GET /BLA/boletinlegal/ HTTP/1.1" 200 58567
156.59.198.136 - - [23/Dec/2023:22:57:44 -0500] "GET /BLA/resoluciones/Notificaciones/RESOLUCIONES%202022/0903.pdf HTTP/1.0" 200 350094
201.245.192.253 - - [23/Dec/2023:22:57:49 -0500] "POST /kwsrmcab/Wsrmcab  HTTP/1.1" 200 40220
156.59.198.135 - - [23/Dec/2023:22:58:08 -0500] "GET /BLA/resoluciones/Notificaciones/AUTOS%202022/2036.pdf HTTP/1.0" 200 444190
156.59.198.136 - - [23/Dec/2023:22:58:32 -0500] "GET /BLA/resoluciones/RESOLUCIONES%202010/4180.pdf HTTP/1.0" 200 400615
156.59.198.135 - - [23/Dec/2023:22:58:56 -0500] "GET /BLA/resoluciones/Notificaciones/REGISTROS%202020/1207.pdf HTTP/1.0" 200 272902
152.201.223.47 - - [23/Dec/2023:22:59:04 -0500] "GET /kwssiamovil/sm/acme/a?s=U2FsdGVkX18KATWz/ELzSra8islKJFtPRG9/WBgud15vCtQiKUZYboPhutcbKpwuoKMz24/NxXzy16lnCIzpr20JDrAXm17H6OCWMXckYXdnTYwRtU2dH4mhwpqSLnGjPrimoFPVF9F/YA3h4P2+FCENh+2K6ujdhTaImL270kSLUcgvjHHkZYqHVzd6T4zrnFAOvMtw/vPEqPOSV+Ht9NxhrvnNNLdROeffSJaExs8+VwhZeP7q2v89ERkxyLwf8hAM0X4FGgb1i427ZL32Hg==&u=U2FsdGVkX19tpfwSTxGg4/AfzQKmYBspsJRjQm5lbcu3T5puG4+4PZ7Ahdbjcd7o&y=U2FsdGVkX19k09Y682i96UuhCKfCVTNwhGcr0p6OXjuJxcBgt4zy0b4kE5Yl//E9 HTTP/1.1" 200 26
152.201.223.47 - - [23/Dec/2023:22:59:04 -0500] "GET /kwssiamovil/sm/acme/a?s=U2FsdGVkX1/m4BgzgyF3AT9+B3rjLI7MYjU4QU0AI91/0IbB8gdk8Wsnu7+GqPh/hJ9suVJtheirMAoTkZql2ayYMBURpZD49wUFSOsa+E7uvkNwNXMZExAX0UiKY93DsdTavAKdF9Zj4UfJA8GhMcLNHuRlcMzy0vnT3iCA0F3vm4abX2R9iljCMLVkDdXIVZnsAYFYkwr1rMzZvODD6HeEVBsknvWxDlNahdnViixyiT7O7o6Wylg7hismB1jxJVDeiPIc2biMmgtXNeeqUxIw+eTFj/My95WsJB81k0tOw5jKIM3jF8CeOfvDQgbA4kaS8pXV8tZsNi4GFDzEIKwrxvHIDFCtVudF7P99Gyl01G0Kf7FtTv7F0twWyKjeZHck7tQhWdjm2oXDUtdR/wK7eJQbo5o1UuFa5TYpjVFFIX07SKHeoQyVRzhpb8sIsG6qRn1N+Ort0qujir+jsCXz3/dRK6cofamTpbyiAnMgXHZvIUoU+Ajur+UuAVhrqDH3v4qK5fg2vrHr8APAJT73Y1Ha/5CSRPVRLp4+IgLlSaTY7Wbnno9TB5hpswXDuRtgoStvdyfiD6cFAvHep8Sp8/Vi8dOsbcWPuWBTD9X0WS7vf0gA38cY/QpR5diTKfwhecQqaNOjM+8/bZ4HJvHR9Rzktk6vOkCviU/v5UI8kQqy+SND1VvjVYH9fJ4fJAYn0YvM/7itgLFVhUhQX+MAyNiKSzqMrDI/SXMORp/5Sfp7624vrPVoA8x6k8FP7ji/FEP1q6m0sJqo0BVp7T4csl4Q4cAMGsBT08XedgUn3gM9mlZXYipNFSYnEmKAVJy6je6vlDNQroV4U3GHyu5Z70i4/96cwbjOAH6dEOaZJ0czb1qRQ7PpfZ/8etTUnhicJOCwx717X9JB56ExZ9vTf1vasqH5KSz4ONqd73h7QsOB89LLW4EM199xtcAZBSI1FbHEyxwL2zyjRh1QZO8kQuuzeB9wUDf47pTkEWc6ErqBtJXSazbnPF5R9VEzjVlW8hspMiyV5GCRzBW0OC7VAReR+oerg9QdbNkQGRNtsQWEs1kXPCGPRpRDx47MrdvRrUUZCcUv3GXWqcToX3JRW10dAZcqtK8DKCl9qMy+q2bVU9Gurh6harMLZYYXeqXDM2Zh+O7BR8+MCrDOAO7A/vdqi+c9PoPx7heEaCQFPDex5zJjIKUM5zzTda1Va7303bJ4YlWQmlaNeKINdSYVslRCbqSixPU74hnuZ5cgi6kPYuTM88F3aBVu+QgWtxR2H6OXep9ym7Z0KHJvHb50nK1sK/dWF5a9qn2G9z9QHe1a28mRzAVB9lZhWIyov3WwXeHaUjPr0RJThjNYLOYcDqbhqvI2p7tdKbGP2T221v+fNe9InYL0u77LRAKu5xB7pnAKGYrJw9nFhtMgo+F9tj2hVXudNLNIjjmPURwZAEWYGAN7AP5Y9SXHWi+b1c0TagmJEI0zJAjip48rLbgtUPa4HsA+GWtCL5vAASpP69lPRdZX9bXYnq4Bp0BhryLdCTCE82romzk2rSvWL/W5hKHLBGoBrcqwP/pz1xDYyr4uWVmhX3kmsL9O997oLvwua4clNTfqrM3kAbwz2ktAlYHrUVACzHJnrRbtp1g3/TkoQxzn0gT2tjNM/7mB8b4jMlPe7zLRUrcJEWLHhvVjdaOmkpXac0dfqY0MAUl1dAfS/JdWElDda31yvguuCZrnqTOFe0VHzgklzqtYeHTiENofIEN8V/fUI6Rqupt4XlRv7h2in8pRT34nFcyBnAIwN/YI5RRqqw2Bstx3TzokUe58M9+fnIXStwZfK86B4frfBsHtJVEnk1OTnZRFBNb8aJiCRuDq0MdcHQYJw/5+VEfzbRFfukNDPC0HY1MtEEw4X5vGAGTEjaF93+VOcbGVSfrrQX7T1+bwgeBxES9cw7sAQgo90dDis1YpfksnscNpfYY5Rh94Jw+JqOl/jRkAsRGTudxiqzjXivh8nBufHfOfkkTNl5bWPcTVyV0NF4Eg4bKf33sD3TTcgS9bh8PUgV+UqkbMnPAC8Ara/X7H8SFwt6/5NCpp4sP28LtMwCKoiKjrA3SNzaAQhv/zdC7ovWhwyCxw7WZYNMI6yDFGqe4aA6bmnM0Ya20SY1WS+vspOkcH4J3aPeUqz3FRLmpDJq7Hp2x2tLZB8qiD0OJv9Yu+x+teiW+N3g1409WWxQOKruWeCE1LxWV7Pk5JqAE4/yxMNKFxPaQzKhf3ihjRMpFA1UIPQ6T/AWuZUEraATwfbxaz8sK3QZ5s6MfwYDVnYTkLd8/iBv0F97JRKUEWP+Xa1BoVljUiAymwkvPEteKiqQv9Ylbaf75AzL6f+xzlgMdAgPSchNAHCOKj/hULneByaz251M08j+mbmQ3DXDmjJpr0pN5TPV5byZs2rjvYGhS0R1FycJ2hilqj4G8mLo8lmcAeIj4uZ7y4ZRVkvhMbsnhi02XGPANSyhToAhSDPDCK+q26wmsqSnqtt6KE5mX+o8Dem8gsPQ5KA5a6pwAsjh/UNbFYkW052NKh8hfzfZ98qpmXlNyxyDm9RbeJw3b7PPJVgWFZZ6Bb9b631rXnJCe90PBob/D8hzp2hmtwapLh2rWCw82GYV4tJRo208cC693TAgtVgcZG6FO/rgyNsotTwsPf3q2GvA0r5RAKxetphQ0GoZREzrVv4Xml8piD9lNdrigJ3W4H+xo5NKaEJS0IsiGtKI/sg8dyD2m7hQNPiBTvWFqKoCgWzIQq6WVZhXw6DqeBM4A0lA3IdwEDRsPuN/DA13mmGFPz8WLRaQGg/RwcFBpkFNrJENzVPYs+21rJdSEFLRJEsczbKElPmV+rQ5AyLXsxA7erAWGoe0m+ed6GuulNdYmJMvUisBl2HXMlsFjfVVjF60jOBRG3dz08bS5M4XQhl4ArQ32aMsGRfCoHWF9EsjDwwAYpu2AVzAQjUQs9oNcGAu0TZWSD02yOWJ9sLTbxYMgkmk66eolBApo3yUzg6MKztAoNIEr2FD2F0ON5jN+i1BI=&u=U2FsdGVkX19tpfwSTxGg4/AfzQKmYBspsJRjQm5lbcu3T5puG4+4PZ7Ahdbjcd7o&y=U2FsdGVkX19k09Y682i96UuhCKfCVTNwhGcr0p6OXjuJxcBgt4zy0b4kE5Yl//E9 HTTP/1.1" 200 26
152.201.223.47 - - [23/Dec/2023:22:59:05 -0500] "GET /kwssiamovil/sm/acme/a?s=U2FsdGVkX19dpFx7EA1X7QZi2iZ8soLKSgsIrGgujlkjV66SMml2QD4yQBF4TngWS5+VOvpRrgaYldCbXQ3FulOhr6TyrGBHQYh7vxQxZKHQM+QzAOxAyiTkC3zy/R1jjLaDuMhJ4OeV2MrsV+na6Kb1y9oEt4m58nHoeBO1qWI=&u=U2FsdGVkX19tpfwSTxGg4/AfzQKmYBspsJRjQm5lbcu3T5puG4+4PZ7Ahdbjcd7o&y=U2FsdGVkX19k09Y682i96UuhCKfCVTNwhGcr0p6OXjuJxcBgt4zy0b4kE5Yl//E9 HTTP/1.1" 200 26
152.201.223.47 - - [23/Dec/2023:22:59:05 -0500] "GET /kwssiamovil/sm/acme/a?s=U2FsdGVkX1+EzOWiGuD23cGPTrDUaNJLli86OlLwclkiHqXRUyxXO9BuKBzDJCsq4WHVJcJVsOpRaFsnbK4nryqE2SeFM3OdSFwzE+46utxY40Y7N8WTCYFnanDp02mD30LxxIvKmV2WT55+65H8WIOPj9bFgD1O88u/C9uanSM=&u=U2FsdGVkX19tpfwSTxGg4/AfzQKmYBspsJRjQm5lbcu3T5puG4+4PZ7Ahdbjcd7o&y=U2FsdGVkX19k09Y682i96UuhCKfCVTNwhGcr0p6OXjuJxcBgt4zy0b4kE5Yl//E9 HTTP/1.1" 200 26
152.201.223.47 - - [23/Dec/2023:22:59:05 -0500] "GET /kwssiamovil/sm/acme/a?s=U2FsdGVkX18OH492uDd68cGFSY/0tOObUlMywkQZk3ND8RPtpUbkI89WHADC/66EEBXng6OslFQKb1MdDsWKibFzBgbac7M7p36D9J+rstp3bL8XVXjE9AqXlr0B0jqClmWTGeLwpWAbPo34pcNxVkzo15iHuCvC2Pw596lZ0JI=&u=U2FsdGVkX19tpfwSTxGg4/AfzQKmYBspsJRjQm5lbcu3T5puG4+4PZ7Ahdbjcd7o&y=U2FsdGVkX19k09Y682i96UuhCKfCVTNwhGcr0p6OXjuJxcBgt4zy0b4kE5Yl//E9 HTTP/1.1" 200 26
152.201.223.47 - - [23/Dec/2023:22:59:05 -0500] "GET /kwssiamovil/sm/acme/a?s=U2FsdGVkX1+2c3tHXxDgO2Ro57t3A62Juv5OJVfr3niDmI9UTtKRPEhWEORYUs3A7riPAds8mbuYXkmWjjaM8rgcTv/XdXgTrgwWnpiFsWaAUm/ZTzQnB8woGouat4hhxOWgRbupvtB1px2LomQXred2e3YNafu7xe8Hzitif0Dbpm6MOQ2HHJIwGXazeceWdA2lZKNsu9t4AnGh1GfI9A==&u=U2FsdGVkX19tpfwSTxGg4/AfzQKmYBspsJRjQm5lbcu3T5puG4+4PZ7Ahdbjcd7o&y=U2FsdGVkX19k09Y682i96UuhCKfCVTNwhGcr0p6OXjuJxcBgt4zy0b4kE5Yl//E9 HTTP/1.1" 200 26
66.249.66.21 - - [23/Dec/2023:22:59:11 -0500] "GET /BLA/resoluciones/AUTOS%202008/1957.pdf HTTP/1.1" 200 87238
156.59.198.136 - - [23/Dec/2023:22:59:21 -0500] "GET /BLA/resoluciones/RESOLUCIONES%202022/5154.pdf HTTP/1.0" 200 1147070
156.59.198.135 - - [23/Dec/2023:22:59:45 -0500] "GET /BLA/resoluciones/AUTOS%202014/2022.pdf HTTP/1.0" 200 799221
156.59.198.135 - - [23/Dec/2023:23:00:10 -0500] "GET /BLA/resoluciones/AUTOS%202014/2423.pdf HTTP/1.0" 200 708735
216.245.221.92 - - [23/Dec/2023:23:00:23 -0500] "HEAD / HTTP/1.1" 200 -
156.59.198.135 - - [23/Dec/2023:23:00:34 -0500] "GET /BLA/resoluciones/AUTOS%202007/3799.pdf HTTP/1.0" 200 198207
156.59.198.135 - - [23/Dec/2023:23:00:58 -0500] "GET /BLA/resoluciones/Notificaciones/AUTOS%202021/2372.pdf HTTP/1.0" 200 326488
156.59.198.135 - - [23/Dec/2023:23:01:23 -0500] "GET /BLA/resoluciones/Notificaciones/AUTOS%202021/5602.pdf HTTP/1.0" 200 424973
156.59.198.136 - - [23/Dec/2023:23:01:47 -0500] "GET /BLA/resoluciones/AUTOS%202014/1678.pdf HTTP/1.0" 200 1110321
173.252.107.116 - - [23/Dec/2023:23:02:08 -0500] "GET /images/Aves%20SDA.jpeg HTTP/1.1" 200 75104
173.252.107.120 - - [23/Dec/2023:23:02:09 -0500] "GET /images/Aves%20SDA.jpeg HTTP/1.1" 200 75104
173.252.87.11 - - [23/Dec/2023:23:02:09 -0500] "GET /mis-de-50-aves-silvestres-fueron-recuperadas-en-la-localidad-de-tunjuelito.html HTTP/1.1" 200 806
173.252.87.119 - - [23/Dec/2023:23:02:09 -0500] "GET /mis-de-50-aves-silvestres-fueron-recuperadas-en-la-localidad-de-tunjuelito.html HTTP/1.1" 200 806
156.59.198.136 - - [23/Dec/2023:23:02:11 -0500] "GET /BLA/resoluciones/Notificaciones/AUTOS%202019/6635.pdf HTTP/1.0" 200 251016
40.77.167.7 - - [23/Dec/2023:23:02:33 -0500] "GET /BLA/resoluciones/AUTOS%202019/4903.pdf HTTP/1.1" 200 281771
156.59.198.136 - - [23/Dec/2023:23:02:35 -0500] "GET /BLA/resoluciones/RESOLUCIONES%202007/RES%202007%201501%20AL%201600/RESOLUCION%201557%20DE%202007.pdf HTTP/1.0" 200 765453
172.22.2.4 - - [23/Dec/2023:23:00:59 -0500] "HEAD /BLA/boletinlegal/ HTTP/1.1" 200 -
201.245.192.253 - - [23/Dec/2023:23:02:48 -0500] "POST /kwsrmcab/Wsrmcab  HTTP/1.1" 200 40220
156.59.198.135 - - [23/Dec/2023:23:02:59 -0500] "GET /BLA/resoluciones/RESOLUCIONES%202009/1228.pdf HTTP/1.0" 200 414890
156.59.198.135 - - [23/Dec/2023:23:03:25 -0500] "GET /BLA/resoluciones/RESOLUCIONES%202007/RES%202007%204101%20AL%204200/RESOLUCION%204188%20DE%202007.pdf HTTP/1.0" 200 272704
172.22.2.4 - - [23/Dec/2023:23:01:49 -0500] "GET /BLA/boletinlegal/ HTTP/1.1" 200 57309
156.59.198.136 - - [23/Dec/2023:23:03:48 -0500] "GET /BLA/resoluciones/Notificaciones/AUTOS%202018/5008.pdf HTTP/1.0" 200 248789
173.252.79.6 - - [23/Dec/2023:23:03:59 -0500] "GET /images/Aves%20SDA.jpeg HTTP/1.1" 200 75104
173.252.79.10 - - [23/Dec/2023:23:03:59 -0500] "GET /images/terrazas%20verdes.jpg HTTP/1.1" 200 63951
156.59.198.136 - - [23/Dec/2023:23:04:12 -0500] "GET /BLA/resoluciones/AUTOS%202014/2406.pdf HTTP/1.0" 200 669317
156.59.198.135 - - [23/Dec/2023:23:04:36 -0500] "GET /BLA/resoluciones/Notificaciones/AUTOS%202022/2859.pdf HTTP/1.0" 200 3638055
47.128.45.103 - - [23/Dec/2023:23:05:03 -0500] "GET /BLA/resoluciones/index.php?dir=RESOLUCIONES%202004%2FRES%202004%20901-950%2F&order=asc&sort=name HTTP/1.1" 200 12049
47.128.45.103 - - [23/Dec/2023:23:05:04 -0500] "GET /BLA/resoluciones/dlf/unknown.png HTTP/1.1" 200 266
47.128.45.103 - - [23/Dec/2023:23:05:04 -0500] "GET /BLA/resoluciones/dlf/dirup.png HTTP/1.1" 200 644
66.249.66.19 - - [23/Dec/2023:23:05:05 -0500] "GET /BLA/resoluciones/AUTOS%202014/2771.pdf HTTP/1.1" 200 465836
216.245.221.92 - - [23/Dec/2023:23:05:23 -0500] "HEAD / HTTP/1.1" 200 -
156.59.198.136 - - [23/Dec/2023:23:05:25 -0500] "GET /BLA/resoluciones/RESOLUCIONES%202010/3286.pdf HTTP/1.0" 200 761589
156.59.198.136 - - [23/Dec/2023:23:05:49 -0500] "GET /BLA/resoluciones/Notificaciones/AUTOS%202022/6517.pdf HTTP/1.0" 200 434613
156.59.198.136 - - [23/Dec/2023:23:06:14 -0500] "GET /BLA/resoluciones/Notificaciones/AUTOS%202018/00666.pdf HTTP/1.0" 200 281939
156.59.198.135 - - [23/Dec/2023:23:06:38 -0500] "GET /BLA/resoluciones/RESOLUCIONES%202022/3597.pdf HTTP/1.0" 200 521835
156.59.198.136 - - [23/Dec/2023:23:07:03 -0500] "GET /BLA/resoluciones/RESOLUCIONES%202010/1929.pdf HTTP/1.0" 200 792352
162.55.38.160 - - [23/Dec/2023:23:07:26 -0500] "GET / HTTP/1.1" 200 319
156.59.198.135 - - [23/Dec/2023:23:07:27 -0500] "GET /BLA/resoluciones/RESOLUCIONES%202010/4585.pdf HTTP/1.0" 200 937068
162.55.38.160 - - [23/Dec/2023:23:07:28 -0500] "GET / HTTP/1.1" 200 4720
201.245.192.253 - - [23/Dec/2023:23:07:47 -0500] "POST /kwsrmcab/Wsrmcab  HTTP/1.1" 200 40220
156.59.198.135 - - [23/Dec/2023:23:07:52 -0500] "GET /BLA/resoluciones/RESOLUCIONES%202010/7851.pdf HTTP/1.0" 200 329420
156.59.198.136 - - [23/Dec/2023:23:08:17 -0500] "GET /BLA/resoluciones/Notificaciones/RESOLUCIONES%202021/1909.pdf HTTP/1.0" 200 343500
172.22.2.4 - - [23/Dec/2023:23:06:48 -0500] "HEAD /BLA/boletinlegal/ HTTP/1.1" 200 -
114.119.130.221 - - [23/Dec/2023:23:08:32 -0500] "GET /BLA/resoluciones/index.php?dir=RESOLUCIONES%2B1997/ HTTP/1.1" 200 13903
156.59.198.135 - - [23/Dec/2023:23:08:42 -0500] "GET /BLA/resoluciones/RESOLUCIONES%202010/7332.pdf HTTP/1.0" 200 517357
173.252.107.120 - - [23/Dec/2023:23:09:03 -0500] "GET /si-te-gusta-la-pintura-el-dibujo-o-la-fotografia-el-concurso-a-vuelo-de-pajaro-es-para-ti.html HTTP/1.1" 200 861
156.59.198.135 - - [23/Dec/2023:23:09:06 -0500] "GET /BLA/resoluciones/RESOLUCIONES%202010/6940.pdf HTTP/1.0" 200 267291
172.22.2.4 - - [23/Dec/2023:23:07:39 -0500] "GET /BLA/boletinlegal/ HTTP/1.1" 200 58567
156.59.198.136 - - [23/Dec/2023:23:09:31 -0500] "GET /BLA/resoluciones/Notificaciones/AUTOS%202016/01325.doc HTTP/1.0" 200 389502
66.220.149.20 - - [23/Dec/2023:23:09:36 -0500] "GET /images/pieza-vuelo-pajaro-mayo.jpg HTTP/1.1" 200 93145
69.63.184.117 - - [23/Dec/2023:23:09:37 -0500] "GET /si-te-gusta-la-pintura-el-dibujo-o-la-fotografia-el-concurso-a-vuelo-de-pajaro-es-para-ti.html HTTP/1.1" 200 861
69.63.184.9 - - [23/Dec/2023:23:09:40 -0500] "GET /images/pieza-vuelo-pajaro-mayo.jpg HTTP/1.1" 200 93145
156.59.198.135 - - [23/Dec/2023:23:09:56 -0500] "GET /BLA/resoluciones/RESOLUCIONES%202007/RES%202007%201501%20AL%201600/RESOLUCION%201555%20DE%202007.pdf HTTP/1.0" 200 380064
173.252.107.8 - - [23/Dec/2023:23:09:59 -0500] "GET /alcaldia-de-bogota-y-fundacion-exito-entregaron-en-ciudad-bolivar-la-primera-terraza-verde-de-la-capital.html HTTP/1.1" 200 852
156.59.198.135 - - [23/Dec/2023:23:10:20 -0500] "GET /BLA/resoluciones/AUTOS%202014/4100.pdf HTTP/1.0" 200 618306
216.245.221.92 - - [23/Dec/2023:23:10:23 -0500] "HEAD / HTTP/1.1" 200 -
156.59.198.136 - - [23/Dec/2023:23:10:44 -0500] "GET /BLA/resoluciones/RESOLUCIONES%202010/2561.pdf HTTP/1.0" 200 499079
114.119.145.66 - - [23/Dec/2023:23:10:50 -0500] "GET /BLA/resoluciones/index.php?dir=Notificaciones/REGISTROS%2B2014/&sort=size&order=asc HTTP/1.1" 200 13956
156.59.198.135 - - [23/Dec/2023:23:11:08 -0500] "GET /BLA/resoluciones/AUTOS%202018/1824.pdf HTTP/1.0" 200 259055
198.235.24.219 - - [23/Dec/2023:23:11:15 -0500] "GET / HTTP/1.0" 200 319
156.59.198.135 - - [23/Dec/2023:23:11:33 -0500] "GET /BLA/resoluciones/RESOLUCIONES%202022/4411.pdf HTTP/1.0" 200 351331
156.59.198.136 - - [23/Dec/2023:23:11:57 -0500] "GET /BLA/resoluciones/RESOLUCIONES%202010/3220.pdf HTTP/1.0" 200 517469
156.59.198.136 - - [23/Dec/2023:23:12:22 -0500] "GET /BLA/resoluciones/RESOLUCIONES%202010/2379.pdf HTTP/1.0" 200 448046
156.59.198.136 - - [23/Dec/2023:23:12:45 -0500] "GET /BLA/resoluciones/AUTOS%202018/0204.pdf HTTP/1.0" 200 261009
201.245.192.253 - - [23/Dec/2023:23:12:46 -0500] "POST /kwsrmcab/Wsrmcab  HTTP/1.1" 200 40220
69.63.189.120 - - [23/Dec/2023:23:13:01 -0500] "GET /distrito-exalta-48-arboles-patrimoniales-y-15-de-interes-publico-en-bogota.html HTTP/1.1" 200 816
156.59.198.136 - - [23/Dec/2023:23:13:09 -0500] "GET /BLA/resoluciones/Notificaciones/RESOLUCIONES%202022/5463.pdf HTTP/1.0" 200 3595994
156.59.198.136 - - [23/Dec/2023:23:13:34 -0500] "GET /BLA/resoluciones/AUTOS%202014/4850.pdf HTTP/1.0" 200 564546
156.59.198.136 - - [23/Dec/2023:23:13:57 -0500] "GET /BLA/resoluciones/RESOLUCIONES%202022/0525.pdf HTTP/1.0" 200 352485
172.22.2.4 - - [23/Dec/2023:23:12:38 -0500] "HEAD /BLA/boletinlegal/ HTTP/1.1" 200 -
156.59.198.135 - - [23/Dec/2023:23:14:22 -0500] "GET /BLA/resoluciones/RESOLUCIONES%202022/4362.pdf HTTP/1.0" 200 361824
156.59.198.135 - - [23/Dec/2023:23:14:47 -0500] "GET /BLA/resoluciones/RESOLUCIONES%202022/1320.pdf HTTP/1.0" 200 558896
172.22.2.4 - - [23/Dec/2023:23:13:29 -0500] "GET /BLA/boletinlegal/ HTTP/1.1" 200 58567
156.59.198.135 - - [23/Dec/2023:23:15:11 -0500] "GET /BLA/resoluciones/AUTOS%202014/4785.pdf HTTP/1.0" 200 563781
216.245.221.92 - - [23/Dec/2023:23:15:23 -0500] "HEAD / HTTP/1.1" 200 -
156.59.198.136 - - [23/Dec/2023:23:15:35 -0500] "GET /BLA/resoluciones/Notificaciones/AUTOS%202021/3199.pdf HTTP/1.0" 200 346927
216.244.66.195 - - [23/Dec/2023:23:15:56 -0500] "GET /BLA/resoluciones/AUTOS%202019/0396.pdf HTTP/1.1" 200 571205
156.59.198.135 - - [23/Dec/2023:23:15:59 -0500] "GET /BLA/resoluciones/RESOLUCIONES%202010/7446.pdf HTTP/1.0" 200 232869
201.245.192.253 - - [23/Dec/2023:23:16:18 -0500] "POST /kwsrmcab/Wsrmcab HTTP/1.1" 200 35816
156.59.198.135 - - [23/Dec/2023:23:16:23 -0500] "GET /BLA/resoluciones/RESOLUCIONES%202010/3295.pdf HTTP/1.0" 200 501665
201.245.192.253 - - [23/Dec/2023:23:16:21 -0500] "POST /kwsrmcab/Wsrmcab HTTP/1.1" 200 36879
216.244.66.195 - - [23/Dec/2023:23:16:28 -0500] "GET /BLA/resoluciones/AUTOS%202019/1006.pdf HTTP/1.1" 200 292793
156.59.198.136 - - [23/Dec/2023:23:16:48 -0500] "GET /BLA/resoluciones/RESOLUCIONES%202010/4191.pdf HTTP/1.0" 200 394048
216.244.66.195 - - [23/Dec/2023:23:17:08 -0500] "GET /BLA/resoluciones/AUTOS%202019/1031.pdf HTTP/1.1" 200 255463
156.59.198.135 - - [23/Dec/2023:23:17:12 -0500] "GET /BLA/resoluciones/Notificaciones/AUTOS%202022/0894.pdf HTTP/1.0" 200 370653
156.59.198.136 - - [23/Dec/2023:23:17:36 -0500] "GET /BLA/resoluciones/RESOLUCIONES%202010/3648.pdf HTTP/1.0" 200 96311
201.245.192.253 - - [23/Dec/2023:23:17:43 -0500] "POST /kwsrmcab/Wsrmcab  HTTP/1.1" 200 40220
216.244.66.195 - - [23/Dec/2023:23:17:46 -0500] "GET /BLA/resoluciones/AUTOS%202019/2128.pdf HTTP/1.1" 200 312668
156.59.198.136 - - [23/Dec/2023:23:18:00 -0500] "GET /BLA/resoluciones/RESOLUCIONES%202010/7494.pdf HTTP/1.0" 200 35218
200.118.60.229 - - [23/Dec/2023:23:18:19 -0500] "GET /mis-de-50-aves-silvestres-fueron-recuperadas-en-la-localidad-de-tunjuelito.html HTTP/1.1" 200 806
156.59.198.135 - - [23/Dec/2023:23:18:25 -0500] "GET /BLA/resoluciones/RESOLUCIONES%202007/RES%202007%202201%20AL%202300/RESOLUCION%202245%20DE%202007.pdf HTTP/1.0" 200 1339587
216.244.66.195 - - [23/Dec/2023:23:18:31 -0500] "GET /BLA/resoluciones/AUTOS%202019/2700.pdf HTTP/1.1" 200 279477
31.13.127.20 - - [23/Dec/2023:23:18:34 -0500] "GET /images/24%20de%20febrero%20Sendero%20guadalupe%202.jpeg HTTP/1.1" 200 70964
156.59.198.135 - - [23/Dec/2023:23:18:49 -0500] "GET /BLA/resoluciones/AUTOS%202007/3824.pdf HTTP/1.0" 200 77894
216.244.66.195 - - [23/Dec/2023:23:19:09 -0500] "GET /BLA/resoluciones/AUTOS%202019/3596.pdf HTTP/1.1" 200 1479012
207.46.13.154 - - [23/Dec/2023:23:19:12 -0500] "GET /apple-touch-icon-57x57-precomposed.png HTTP/1.1" 404 1018
156.59.198.136 - - [23/Dec/2023:23:19:13 -0500] "GET /BLA/resoluciones/RESOLUCIONES%202010/3787.pdf HTTP/1.0" 200 721211
52.167.144.235 - - [23/Dec/2023:23:19:15 -0500] "GET /apple-touch-icon-57x57.png HTTP/1.1" 404 1018
40.77.167.255 - - [23/Dec/2023:23:19:16 -0500] "GET /apple-touch-icon-precomposed.png HTTP/1.1" 404 1018
40.77.167.255 - - [23/Dec/2023:23:19:16 -0500] "GET /favicon.ico HTTP/1.1" 200 7782
52.167.144.235 - - [23/Dec/2023:23:19:24 -0500] "GET /apple-touch-icon.png HTTP/1.1" 404 1018
156.59.198.135 - - [23/Dec/2023:23:19:37 -0500] "GET /BLA/resoluciones/Notificaciones/AUTOS%202019/2562.pdf HTTP/1.0" 200 258010
156.59.198.135 - - [23/Dec/2023:23:20:01 -0500] "GET /BLA/resoluciones/Notificaciones/AUTOS%202022/7877.pdf HTTP/1.0" 200 366781
216.244.66.195 - - [23/Dec/2023:23:20:01 -0500] "GET /BLA/resoluciones/RESOLUCIONES%202018/0533.pdf HTTP/1.1" 200 270007
172.22.2.4 - - [23/Dec/2023:23:18:28 -0500] "HEAD /BLA/boletinlegal/ HTTP/1.1" 200 -
201.245.192.253 - - [23/Dec/2023:23:20:17 -0500] "POST /kwsrmcab/Wsrmcab HTTP/1.1" 200 35816
216.245.221.92 - - [23/Dec/2023:23:20:23 -0500] "HEAD / HTTP/1.1" 200 -
201.245.192.253 - - [23/Dec/2023:23:20:22 -0500] "POST /kwsrmcab/Wsrmcab HTTP/1.1" 200 36879
47.128.38.128 - - [23/Dec/2023:23:20:26 -0500] "GET /BLA/resoluciones/index.php?dir=RESOLUCIONES%202003%2FRES%202003%20301-350%2F&order=desc&sort=date HTTP/1.1" 200 11307
47.128.38.128 - - [23/Dec/2023:23:20:27 -0500] "GET /BLA/resoluciones/dlf/dirup.png HTTP/1.1" 200 644
47.128.38.128 - - [23/Dec/2023:23:20:27 -0500] "GET /BLA/resoluciones/dlf/unknown.png HTTP/1.1" 200 266
216.244.66.195 - - [23/Dec/2023:23:20:43 -0500] "GET /BLA/resoluciones/RESOLUCIONES%202018/0961.pdf HTTP/1.1" 200 333539
156.59.198.135 - - [23/Dec/2023:23:20:50 -0500] "GET /BLA/resoluciones/RESOLUCIONES%202007/RES%202007%202801%20AL%202900/RESOLUCION%202890%20DE%202007.pdf HTTP/1.0" 200 405448
172.22.2.4 - - [23/Dec/2023:23:19:19 -0500] "GET /BLA/boletinlegal/ HTTP/1.1" 200 58567
156.59.198.136 - - [23/Dec/2023:23:21:14 -0500] "GET /BLA/resoluciones/RESOLUCIONES%202022/2818.pdf HTTP/1.0" 200 822996
216.244.66.195 - - [23/Dec/2023:23:21:23 -0500] "GET /BLA/resoluciones/RESOLUCIONES%202018/3190.pdf HTTP/1.1" 200 294520
51.161.84.125 - - [23/Dec/2023:23:21:31 -0500] "GET /auambari-deleito-con-sus-sonidos-ambientales-a-los-asistentes-de-fima-2021.html HTTP/1.1" 200 888
172.22.2.4 - - [23/Dec/2023:23:21:35 -0500] "GET /BLA/boletinlegal/robots.txt HTTP/1.1" 404 1038
156.59.198.135 - - [23/Dec/2023:23:21:38 -0500] "GET /BLA/resoluciones/Notificaciones/AUTOS%202019/3074.pdf HTTP/1.0" 200 258788
186.102.44.104 - - [23/Dec/2023:23:21:52 -0500] "GET /kwssiamovil/sm/ldap/au?x=U2FsdGVkX19rpDql4SGo6H7ZUR7izn/5xfOBePr16Ofge8C/hJJZNeiqetYdCx6ow3pijwDiX/yUfg0EoEvPgA==&y=U2FsdGVkX1/DNGZMTvYjCtN/kStcnzg08l3HjFAHccMoz/TcxykEHyuYgEs/FxY/ HTTP/1.1" 200 30
186.102.44.104 - - [23/Dec/2023:23:21:52 -0500] "GET /kwssiamovil/sm/acme/s?s=U2FsdGVkX18uLTjZIxUM6OMi8jqbY1pvmd+ahILJNGFQj4h9HUKo7LeBXnxWRGVB159sPuDE0WcH6X37zxkegljd4WXuE5mirvZ5r/2/Mbc=&u=U2FsdGVkX19dHImHfAvuK/OovNCM1wCp18V/X16WDgEDLkpesy6eb/PZFKlBc4jM&y=U2FsdGVkX1/DNGZMTvYjCtN/kStcnzg08l3HjFAHccMoz/TcxykEHyuYgEs/FxY/ HTTP/1.1" 200 97
