216.244.66.195 - - [23/Dec/2023:16:32:51 -0500] "GET /BLA/resoluciones/AUTOS%202019/1458.pdf HTTP/1.1" 200 259573
156.59.198.135 - - [23/Dec/2023:16:32:52 -0500] "GET /BLA/resoluciones/RESOLUCIONES%202009/1955.pdf HTTP/1.0" 200 509830
156.59.198.136 - - [23/Dec/2023:16:33:16 -0500] "GET /BLA/resoluciones/AUTOS%202014/1529.pdf HTTP/1.0" 200 592709
216.244.66.195 - - [23/Dec/2023:16:33:36 -0500] "GET /BLA/resoluciones/AUTOS%202019/1991.pdf HTTP/1.1" 200 308216
156.59.198.135 - - [23/Dec/2023:16:33:40 -0500] "GET /BLA/resoluciones/AUTOS%202014/3489.pdf HTTP/1.0" 200 893140
156.59.198.136 - - [23/Dec/2023:16:34:05 -0500] "GET /BLA/resoluciones/RESOLUCIONES%202022/5529.pdf HTTP/1.0" 200 2529495
216.244.66.195 - - [23/Dec/2023:16:34:18 -0500] "GET /BLA/resoluciones/AUTOS%202019/2541.pdf HTTP/1.1" 200 257062
201.245.192.253 - - [23/Dec/2023:16:34:27 -0500] "POST /kwsrmcab/Wsrmcab  HTTP/1.1" 200 40220
156.59.198.135 - - [23/Dec/2023:16:34:30 -0500] "GET /BLA/resoluciones/RESOLUCIONES%202007/RES%202007%202501%20AL%202600/RESOLUCION%202537%20DE%202007.pdf HTTP/1.0" 200 64832
156.59.198.136 - - [23/Dec/2023:16:34:54 -0500] "GET /BLA/resoluciones/Notificaciones/RESOLUCIONES%202021/1011.pdf HTTP/1.0" 200 541160
216.244.66.195 - - [23/Dec/2023:16:35:03 -0500] "GET /BLA/resoluciones/AUTOS%202019/2672.pdf HTTP/1.1" 200 255695
156.59.198.136 - - [23/Dec/2023:16:35:19 -0500] "GET /BLA/resoluciones/AUTOS%202014/5459.pdf HTTP/1.0" 200 1097580
216.245.221.92 - - [23/Dec/2023:16:35:24 -0500] "HEAD / HTTP/1.1" 200 -
156.59.198.136 - - [23/Dec/2023:16:35:44 -0500] "GET /BLA/resoluciones/RESOLUCIONES%202010/4211.pdf HTTP/1.0" 200 753487
216.244.66.195 - - [23/Dec/2023:16:35:49 -0500] "GET /BLA/resoluciones/AUTOS%202019/2699.pdf HTTP/1.1" 200 253811
66.249.66.21 - - [23/Dec/2023:16:35:51 -0500] "GET /BLA/resoluciones/RESOLUCIONES%202008/0416.pdf HTTP/1.1" 200 294437
172.22.2.4 - - [23/Dec/2023:16:34:16 -0500] "GET /BLA/boletinlegal/ HTTP/1.1" 200 62422
156.59.198.135 - - [23/Dec/2023:16:36:08 -0500] "GET /BLA/resoluciones/RESOLUCIONES%202010/2331.pdf HTTP/1.0" 200 533277
216.244.66.195 - - [23/Dec/2023:16:36:21 -0500] "GET /BLA/resoluciones/AUTOS%202019/2855.pdf HTTP/1.1" 200 269791
201.245.192.253 - - [23/Dec/2023:16:36:20 -0500] "POST /kwsrmcab/Wsrmcab HTTP/1.1" 200 36002
201.245.192.253 - - [23/Dec/2023:16:36:23 -0500] "POST /kwsrmcab/Wsrmcab HTTP/1.1" 200 37059
156.59.198.136 - - [23/Dec/2023:16:36:33 -0500] "GET /BLA/resoluciones/RESOLUCIONES%202010/7124.pdf HTTP/1.0" 200 461814
156.59.198.135 - - [23/Dec/2023:16:36:57 -0500] "GET /BLA/resoluciones/Notificaciones/RESOLUCIONES%202022/2300.pdf HTTP/1.0" 200 399174
216.244.66.195 - - [23/Dec/2023:16:37:01 -0500] "GET /BLA/resoluciones/AUTOS%202019/3900.pdf HTTP/1.1" 200 263359
156.59.198.136 - - [23/Dec/2023:16:37:22 -0500] "GET /BLA/resoluciones/RESOLUCIONES%202009/1751.pdf HTTP/1.0" 200 516203
172.22.2.4 - - [23/Dec/2023:16:35:56 -0500] "HEAD /BLA/boletinlegal/ HTTP/1.1" 200 -
216.244.66.195 - - [23/Dec/2023:16:37:37 -0500] "GET /BLA/resoluciones/AUTOS%202019/4251.pdf HTTP/1.1" 200 261632
156.59.198.135 - - [23/Dec/2023:16:37:47 -0500] "GET /BLA/resoluciones/Notificaciones/AUTOS%202019/2296.pdf HTTP/1.0" 200 340783
156.59.198.135 - - [23/Dec/2023:16:38:10 -0500] "GET /BLA/resoluciones/RESOLUCIONES%202016/0665.pdf HTTP/1.0" 200 692870
216.244.66.195 - - [23/Dec/2023:16:38:16 -0500] "GET /BLA/resoluciones/AUTOS%202019/4372.pdf HTTP/1.1" 200 309661
172.22.2.4 - - [23/Dec/2023:16:38:21 -0500] "GET /BLA/boletinlegal/Circulares/2019/.pdf HTTP/1.1" 404 1218
172.22.2.4 - - [23/Dec/2023:16:36:47 -0500] "GET /BLA/boletinlegal/ HTTP/1.1" 200 58567
172.22.2.4 - - [23/Dec/2023:16:38:29 -0500] "GET /BLA/boletinlegal/Circulares/2012/Circular%20No.%2010%20del%2026%20de%20Enero%20de%202012.pdf HTTP/1.1" 404 1218
156.59.198.135 - - [23/Dec/2023:16:38:35 -0500] "GET /BLA/resoluciones/AUTOS%202018/4450.pdf HTTP/1.0" 200 328907
216.244.66.195 - - [23/Dec/2023:16:38:57 -0500] "GET /BLA/resoluciones/AUTOS%202019/4377.pdf HTTP/1.1" 200 332500
156.59.198.136 - - [23/Dec/2023:16:38:58 -0500] "GET /BLA/resoluciones/RESOLUCIONES%202010/1048.pdf HTTP/1.0" 200 119500
69.63.184.8 - - [23/Dec/2023:16:39:13 -0500] "GET /distrito-exalto-a-246-empresas-de-bogota-por-su-alto-desempeno-y-responsabilidad-ambiental-durante-2023.html HTTP/1.1" 200 1039
156.59.198.135 - - [23/Dec/2023:16:39:22 -0500] "GET /BLA/resoluciones/AUTOS%202014/2234.pdf HTTP/1.0" 200 965130
201.245.192.253 - - [23/Dec/2023:16:39:25 -0500] "POST /kwsrmcab/Wsrmcab  HTTP/1.1" 200 40220
216.244.66.195 - - [23/Dec/2023:16:39:31 -0500] "GET /BLA/resoluciones/AUTOS%202019/4392.pdf HTTP/1.1" 200 274070
186.31.20.32 - - [23/Dec/2023:16:39:31 -0500] "GET /distrito-exalta-48-arboles-patrimoniales-y-15-de-interes-publico-en-bogota.html HTTP/1.1" 200 816
156.59.198.136 - - [23/Dec/2023:16:39:47 -0500] "GET /BLA/resoluciones/Notificaciones/RESOLUCIONES%202022/2108.pdf HTTP/1.0" 200 746854
216.244.66.195 - - [23/Dec/2023:16:40:06 -0500] "GET /BLA/resoluciones/AUTOS%202019/4440.pdf HTTP/1.1" 200 265788
156.59.198.136 - - [23/Dec/2023:16:40:11 -0500] "GET /BLA/resoluciones/RESOLUCIONES%202010/2562.pdf HTTP/1.0" 200 495735
201.245.192.253 - - [23/Dec/2023:16:40:18 -0500] "POST /kwsrmcab/Wsrmcab HTTP/1.1" 200 36002
216.245.221.92 - - [23/Dec/2023:16:40:24 -0500] "HEAD / HTTP/1.1" 200 -
201.245.192.253 - - [23/Dec/2023:16:40:23 -0500] "POST /kwsrmcab/Wsrmcab HTTP/1.1" 200 37059
156.59.198.135 - - [23/Dec/2023:16:40:35 -0500] "GET /BLA/resoluciones/AUTOS%202014/4554.pdf HTTP/1.0" 200 557485
207.46.13.154 - - [23/Dec/2023:16:40:35 -0500] "GET /BLA/resoluciones/Notificaciones/REGISTROS%202020/1677.pdf HTTP/1.1" 200 372469
216.244.66.195 - - [23/Dec/2023:16:40:43 -0500] "GET /BLA/resoluciones/RESOLUCIONES%202019/3929.pdf HTTP/1.1" 200 396512
156.59.198.135 - - [23/Dec/2023:16:40:59 -0500] "GET /BLA/resoluciones/Notificaciones/RESOLUCIONES%202022/5631.pdf HTTP/1.0" 200 570534
156.59.198.136 - - [23/Dec/2023:16:41:23 -0500] "GET /BLA/resoluciones/RESOLUCIONES%202010/2624.pdf HTTP/1.0" 200 522317
156.59.198.136 - - [23/Dec/2023:16:41:48 -0500] "GET /BLA/resoluciones/Notificaciones/AUTOS%202019/4085.pdf HTTP/1.0" 200 237509
156.59.198.136 - - [23/Dec/2023:16:42:12 -0500] "GET /BLA/resoluciones/AUTOS%202014/5225.pdf HTTP/1.0" 200 568506
156.59.198.136 - - [23/Dec/2023:16:42:37 -0500] "GET /BLA/resoluciones/RESOLUCIONES%202010/3679.pdf HTTP/1.0" 200 884176
31.13.115.120 - - [23/Dec/2023:16:42:53 -0500] "GET /secretaria-de-ambiente-reconocio-entidades-por-sus-buenas-practicas-ambientales.html HTTP/1.1" 200 892
156.59.198.136 - - [23/Dec/2023:16:43:01 -0500] "GET /BLA/resoluciones/RESOLUCIONES%202022/1077.pdf HTTP/1.0" 200 981209
156.59.198.136 - - [23/Dec/2023:16:43:26 -0500] "GET /BLA/resoluciones/AUTOS%202014/3524.pdf HTTP/1.0" 200 517104
172.22.2.4 - - [23/Dec/2023:16:41:46 -0500] "HEAD /BLA/boletinlegal/ HTTP/1.1" 200 -
156.59.198.136 - - [23/Dec/2023:16:43:50 -0500] "GET /BLA/resoluciones/Notificaciones/REGISTROS%202020/01813.pdf HTTP/1.0" 200 375571
156.59.198.135 - - [23/Dec/2023:16:44:14 -0500] "GET /BLA/resoluciones/RESOLUCIONES%202022/3457.pdf HTTP/1.0" 200 1642293
172.22.2.4 - - [23/Dec/2023:16:42:37 -0500] "GET /BLA/boletinlegal/ HTTP/1.1" 200 60910
201.245.192.253 - - [23/Dec/2023:16:44:23 -0500] "POST /kwsrmcab/Wsrmcab  HTTP/1.1" 200 40220
156.59.198.135 - - [23/Dec/2023:16:44:39 -0500] "GET /BLA/resoluciones/RESOLUCIONES%202010/2960.pdf HTTP/1.0" 200 1169213
156.59.198.135 - - [23/Dec/2023:16:45:04 -0500] "GET /BLA/resoluciones/Notificaciones/RESOLUCIONES%202022/1492.pdf HTTP/1.0" 200 409009
192.168.171.108 - - [23/Dec/2023:16:45:07 -0500] "GET /BLA/boletinlegal/admin/index.php HTTP/1.1" 200 2324
192.168.171.108 - - [23/Dec/2023:16:45:07 -0500] "GET /BLA/boletinlegal/admin/index_files/style.css HTTP/1.1" 200 6223
192.168.171.108 - - [23/Dec/2023:16:45:07 -0500] "GET /BLA/boletinlegal/admin/images/bg.png HTTP/1.1" 200 332965
192.168.171.108 - - [23/Dec/2023:16:45:07 -0500] "GET /favicon.ico HTTP/1.1" 200 7782
192.168.171.108 - - [23/Dec/2023:16:45:12 -0500] "POST /BLA/boletinlegal/admin/usuarios/process.php HTTP/1.1" 302 -
192.168.171.108 - - [23/Dec/2023:16:45:12 -0500] "GET /BLA/boletinlegal/admin/index.php HTTP/1.1" 200 5477
192.168.171.108 - - [23/Dec/2023:16:45:24 -0500] "GET /BLA/boletinlegal/images/can.png HTTP/1.1" 200 37574
192.168.171.108 - - [23/Dec/2023:16:45:24 -0500] "GET /BLA/boletinlegal/admin/index_files/3_5.gif HTTP/1.1" 200 1633
192.168.171.108 - - [23/Dec/2023:16:45:24 -0500] "GET /BLA/boletinlegal/admin/index_files/7_1.gif HTTP/1.1" 200 1455
192.168.171.108 - - [23/Dec/2023:16:45:24 -0500] "GET /BLA/boletinlegal/admin/index_files/7_5.gif HTTP/1.1" 200 1565
192.168.171.108 - - [23/Dec/2023:16:45:24 -0500] "GET /BLA/boletinlegal/admin/index_files/2_2.gif HTTP/1.1" 200 1728
192.168.171.108 - - [23/Dec/2023:16:45:24 -0500] "GET /BLA/boletinlegal/admin/index_files/2_4.gif HTTP/1.1" 200 1763
192.168.171.108 - - [23/Dec/2023:16:45:24 -0500] "GET /BLA/boletinlegal/admin/index_files/index_files/tback.gif HTTP/1.1" 404 1322
192.168.171.108 - - [23/Dec/2023:16:45:24 -0500] "GET /BLA/boletinlegal/admin/index_files/header.png HTTP/1.1" 200 240212
216.245.221.92 - - [23/Dec/2023:16:45:24 -0500] "HEAD / HTTP/1.1" 200 -
192.168.171.108 - - [23/Dec/2023:16:45:26 -0500] "GET /BLA/boletinlegal/admin/actos/ingresar.php HTTP/1.1" 200 7209
192.168.171.108 - - [23/Dec/2023:16:45:26 -0500] "GET /BLA/boletinlegal/admin/js/jquery.functions.js HTTP/1.1" 200 2317
192.168.171.108 - - [23/Dec/2023:16:45:26 -0500] "GET /BLA/boletinlegal/admin/js/jquery-1.3.1.min.js HTTP/1.1" 200 55272
192.168.171.108 - - [23/Dec/2023:16:45:26 -0500] "GET /BLA/boletinlegal/admin/js/nicEdit-latest.js HTTP/1.1" 200 38373
192.168.171.108 - - [23/Dec/2023:16:45:26 -0500] "GET /BLA/boletinlegal/admin/css/default.css HTTP/1.1" 200 4379
192.168.171.108 - - [23/Dec/2023:16:45:27 -0500] "GET /BLA/boletinlegal/admin/img/h1.png HTTP/1.1" 200 3227
192.168.171.108 - - [23/Dec/2023:16:45:27 -0500] "GET /BLA/boletinlegal/admin/img/overlay.png HTTP/1.1" 200 984
192.168.171.108 - - [23/Dec/2023:16:45:28 -0500] "GET /BLA/boletinlegal/images/favicon.ico HTTP/1.1" 404 1316
156.59.198.136 - - [23/Dec/2023:16:45:28 -0500] "GET /BLA/resoluciones/Notificaciones/RESOLUCIONES%202022/1818.pdf HTTP/1.0" 200 3283711
152.201.223.47 - - [23/Dec/2023:16:45:32 -0500] "GET /kwssiamovil/sm/acme/a?s=U2FsdGVkX1+g4V3ivMWjwuAqhrvrflE0OmU/axRH9LrbCGSJe/dKfvLRX5iR09KMV8OVlWMQ5h3ioUJSc823HHCuhdeBFyQ4sPrdLo7phkLfgmWe4KPY0GDS1uU28JhrZiG66+XnSxc3GLYgCFnufQL7Tuja0PuNe7s4SB37Bt8oe6hPRkClE7Y7GAd1jSwn1+6tx4TfKLa63ZMFGZMlciIiA0Az/X3EEQvEfblBBDDvBvZ1yoWYqxFAgYtVtPc7nL7F/+AYz8vxgNl/aoXzVw==&u=U2FsdGVkX1/GdhuyygqqKW4sGCyCrN3mmo7eSghmXgDRvQyvoIAc8+ySnQMRPIza&y=U2FsdGVkX19oQkj2te9P4GOwE2q2NEOjTnOS21nsngQzgvxnSITJDDLJ9j3qu4HV HTTP/1.1" 200 26
152.201.223.47 - - [23/Dec/2023:16:45:32 -0500] "GET /kwssiamovil/sm/acme/a?s=U2FsdGVkX19mIZT9vlNeAoYvnOmSm25MOBc9qChVqQK8k8rUmevJ15aqEySPo+qJ8KralxVF4MCsSPIwZNOPxZG5GrZpbqW0OS8kbj4En3fQIXsz6MHNga4q9CkW4Hh8GNTvY7vjaIU7QI0+W0zRE+DHSHcU8FW7VHYH/gFcJbrYLqM7gf7lyQPhpK38Kur+cPXPsQX+UNQO2GXhNFzjXhoLFa0WacGA3JdSNlZlX+GL1gcKzbJ27SVdoTdmfxNvNHgqfDbY2EinsClYZqjjpWLKR6RTsUd9rHuLPhTUdqz8qDVtctEh9xgKM0rBQWsGLYOIV9Fyk5/6lTwzD+SMHTHps0esOMG43XhSxOVnBhPeCeonQvdY8y/BKNbAFmUnLF1BKjOHHSMGxrCJUQqbge2BJzja3BZY+hayu70aoKPg5lR7EztlLAXcIRj0r2P8rPFsXsAsLmrkNsvR5DNrsqYDrAqzzvniO2DmoIRTxzaTK80G35FkCGMLVehgnQYRbiq9zpPcCKXucG/X2YxE7xrXA5y0hvLqAQw/nWw4muGlE+W9U0huMbTce9XJNcyMnZX0JhcPINeIcZhm29LtQguvRbcfD2f6s13k83LslBB3RH3iHbH83J0VzZ/J8BXLcE8rUoxSnCH8yQbu3nl6sGQXUk28jsgbsOgAlxYtYr3pna62L8n1CKGf6yhm2+LdnraeSzv/vB+dDc6ra2+IsGJhEM/mOweRx7uoRmg6WSNB6IJlSMzu0khBfGKwyCdxqAla75gbTNW/GVetmJ01yKYVeugKnpLSlb9+4eXNTA1ipoafT3Dum5fgErtO8FuyrL3bFSbbFBq7Be9vbSliE0htQYxGJuxKJWCOx9/kbbX6aAgOYPhIvSz4fTcojwbjTQ8qiYRfqx6Vvj39UHvAQc6kkgeImf0BGZbSL4vuQyvBTGM1ZGm+rbQePhV2EJDq7jdCBsw7lxQWKRZZ6tvW3qvatV8KBkGZZX11PXGoWkLI4KB3AjxPbWM9HI49Q5W78XsdU994c8d4dT1UEXgZbK5dFUc2fvl1ODdAnHnJo/VmHCMhY5Tv4OR5ZVv4LOjfxMTG6HeammVM7BdoRFkUFzis0fLEPGntkSWl4UPyxeNjWdokdUPeHVrmfKSFxWPXA6uV+hpywcyBTa13cVVoypFSJtg0wxTCgci+KNgzgcwnE4JFLBq1FiKypRiaUR9OYplkjgqL1uoww3By2DWlndKU+a8OHgw4whGn/V4KxlKhs+Gob232cWy6H6T19Xvd3sAPrBnwbV4wvr/aUvTZHUWrBnFxek1HuIPJ3k343qrR5GnTgLmFzPASWiYC/adI1l2vPHuu+HcIRF56UGc3p980Lm/cZwezf2taVVAEzcfxo1LaoVVTX6TbVlypqTJitHfUo2Bo8kKpOn79FeYBx5NJg9+VNrFMjwuhsBIABBvzwMSyAcgvmWeT1nIZJFYiXPTYdm1NGMCBOimh/bc9rghGnYKVrsTwWDh/R4wEaXbbgRkif7YTl9rCUihOI1ZD/RmDtime59Zemg4DxTorYsyjXGAOhLdREo31Hsdqyj967umzmGvKZipw5c5n4Q92MparEKFj5rxW8XJelh9OGVSKo29NS7eE5wofzHbXfhgccYMLY6ubHXNf49mSOq4RPbFFhj3KAZx5Y4cymrvmextTnF3FFo7i//c6Tv5Hj5aeZESfkse1uJ+b/zXi7KDg+CSPpMW5fb8LJ3dmEeAjsj0/Yzg2o2tgk74TPPTw7cJwAAPjCawpvOhDFNIXdANSfPPWvXOiQ2p/cHE/CS+UP4Bxheeg5VlAFuzFBFlVuQaEQebg8IIPMvfwQXRR4xN70tPjUH8rxiHVnrsMTZz7RGeouoD8eA/GFmBRVmoy2IhZ4pMaorRfkyEYK0Z38E3ILRKX1wPboTTvFYaW/eQ/wKyixYWhNJeZ3zavWfQbiuHs+IxZ09Tm4Z8yEQjUZdVT/iFjP+fNc94Edu+ZnSQZAIm+d150cDjE5pQw/sKmp6oThjImkVKAePt4V2htx6IbtrWCE++eSs0vu75YOkilYYBvNFCQJFWrtok0m996hXEtCZulLCuqRo6lwlD2Tbvm5JZHLtRFxsMIkAr1Fb6+dbF4D3GJ6klz1cg65/bzmIxdfj7SgZ6/UqFhLS7To9xGeshF/xV6BDpGnxR5Z9j9nQ7+MO7r3Z36eOGrx9Cf8rvqjmsPbRt6fkjeSlC0hMhZRtJ8iANS2osnwV0BCGOI6ypw4RXuqyFgWcfKPf7LRqFOPZUaeKu/AJXkwoZSHtXJXkqdVPaXoAmjh1cAfFjr5cTpOJib0BS9vqjdTMgXWfREKi5u2XfZfj7IjnPG8aFRq7TEmdn/1knLaa6pFixW8HbdKSc0AdAzEjSQnJROy2GMRD4VcKMcc+hl/z8hJjkdlm9GruvlapT0vgkRMVOh9dZgT7H8GI2+GG0VbGoWut5Th5i2fjSXJLqN7uLH8wDOZuvWThwlo8UAa+eW92mRMXEicHbMko9jeSRN6g7CRv91hQ2cYuNvqeElSsyx3DdDBF4Sy+2ig1/FWHNdmoowt1SFX40WCVwGVlbT9IY/o05d1FvO8Hgm0fI56kHJlt/6oSt+9iBVq62xh0MAC3B7q3aeqYOD6u3DUhqHUT0QoTYVieJ+ri8HCrVkVZNNMe1dQrdyiW2+VToloQOGF12/5a8dVfITkobSirTRyPE/1kno+wFJnxEosHmHdGaKKxkkNFzrVVqb5CyZQRfu/BYLYB3UXYYhTITdBpXoAeUsukJhzJY6LYTRxosiP8UpqRwhcCmhNmdWSHkdb43V/0HPtH8RIMyR1MRYBk2o0Gnd8RJPEOXZs69HOZkP7rEuflcZkRUGNCvewf1U48hPWCPsp+gqddkt3xjDtBpuG26EiXvyW26p9WnvOjV7S3b9BVE8EN6njDaff4PpR+R5ZE+Nxq8xoA8ShYTa31OsaPU9tAeQBgfpisVjsK5STOFeUgG3omToiYihhK5qpsN3ynV4i8/i64OQFiJnHI30q1uzpoZxMrNcJqX3vpkzRBIqoSF0KavG6kbcLUl4HprUIxT3YA==&u=U2FsdGVkX1/GdhuyygqqKW4sGCyCrN3mmo7eSghmXgDRvQyvoIAc8+ySnQMRPIza&y=U2FsdGVkX19oQkj2te9P4GOwE2q2NEOjTnOS21nsngQzgvxnSITJDDLJ9j3qu4HV HTTP/1.1" 200 26
152.201.223.47 - - [23/Dec/2023:16:45:32 -0500] "GET /kwssiamovil/sm/acme/a?s=U2FsdGVkX1/2Qj1VJhqWkjdbNR6SunD9iYTNmf4ec1y/gsxYaMJnvyyGSUcI+qrMt6WOQyn+tOBz6ZAPrObwWFmNODQS0bUY7s9jju0Xzkw1JTSvWkTo/tfTWfQPBdvUTCA+gEyKiCdvN5p81uxurX84NSH34zLlqUZYPkxsaR4=&u=U2FsdGVkX1/GdhuyygqqKW4sGCyCrN3mmo7eSghmXgDRvQyvoIAc8+ySnQMRPIza&y=U2FsdGVkX19oQkj2te9P4GOwE2q2NEOjTnOS21nsngQzgvxnSITJDDLJ9j3qu4HV HTTP/1.1" 200 26
152.201.223.47 - - [23/Dec/2023:16:45:32 -0500] "GET /kwssiamovil/sm/acme/a?s=U2FsdGVkX19aPsRachQlGEEZbyQycEC8OqNaSHshXwB2nLwCb8AEcY312OZDrt44fXFu508Io1Y8CiBt+poJq+dQn+a+rpf9xCN1oMyJRzjSAqXVk3qy9cA69mnLxj/tmQk647LHI4bRtY49DOQ6xpIV6X1hDLi7rasPMf/DCnA=&u=U2FsdGVkX1/GdhuyygqqKW4sGCyCrN3mmo7eSghmXgDRvQyvoIAc8+ySnQMRPIza&y=U2FsdGVkX19oQkj2te9P4GOwE2q2NEOjTnOS21nsngQzgvxnSITJDDLJ9j3qu4HV HTTP/1.1" 200 26
152.201.223.47 - - [23/Dec/2023:16:45:33 -0500] "GET /kwssiamovil/sm/acme/a?s=U2FsdGVkX1/9nVpQ8kghN61J3tuOu2etyWOmCl8cOnahT2fNJhHYFNHRWrWSo+qNXqBhpcx8C/y5WEXK+Qxbr/AZQGh92o4qNMQNNACilYSh01iNb8qBjPM2Tjqm1Wo94hvPndQR8e/HWxL8olFn+FfWRs7mCZaZEUGcFEEvMI0=&u=U2FsdGVkX1/GdhuyygqqKW4sGCyCrN3mmo7eSghmXgDRvQyvoIAc8+ySnQMRPIza&y=U2FsdGVkX19oQkj2te9P4GOwE2q2NEOjTnOS21nsngQzgvxnSITJDDLJ9j3qu4HV HTTP/1.1" 200 26
152.201.223.47 - - [23/Dec/2023:16:45:33 -0500] "GET /kwssiamovil/sm/acme/a?s=U2FsdGVkX1/Bzh0tLlVrP1o5punzZuOeizRwyEfFWm8NBsuRtird1WJtZu6AkqNldTpHTk9ByxIjjb5bMvNzqSqAWEtjznNU8ky0j14BgcUfVovTTdO3W8ojjclpHy7iVobZs/LuKBw83NxgfA2xUkG8tc2DWGCbl8svtYocli9utY2mQUfyVsP0l1ZskfyTUXW181sBrRiyDW9vfMLnLA==&u=U2FsdGVkX1/GdhuyygqqKW4sGCyCrN3mmo7eSghmXgDRvQyvoIAc8+ySnQMRPIza&y=U2FsdGVkX19oQkj2te9P4GOwE2q2NEOjTnOS21nsngQzgvxnSITJDDLJ9j3qu4HV HTTP/1.1" 200 26
192.168.171.108 - - [23/Dec/2023:16:45:34 -0500] "GET /BLA/boletinlegal/admin/index.php HTTP/1.1" 200 5477
192.168.171.108 - - [23/Dec/2023:16:45:46 -0500] "GET /BLA/boletinlegal/admin/index_files/index_files/tback.gif HTTP/1.1" 404 1322
192.168.171.108 - - [23/Dec/2023:16:45:49 -0500] "GET /BLA/boletinlegal/admin/actos/ingresar.php HTTP/1.1" 200 7209
156.59.198.136 - - [23/Dec/2023:16:45:53 -0500] "GET /BLA/resoluciones/RESOLUCIONES%202010/3480.pdf HTTP/1.0" 200 516251
192.168.171.108 - - [23/Dec/2023:16:45:57 -0500] "GET /BLA/boletinlegal/admin/index.php HTTP/1.1" 200 5477
192.168.171.108 - - [23/Dec/2023:16:46:09 -0500] "GET /BLA/boletinlegal/admin/index_files/index_files/tback.gif HTTP/1.1" 404 1322
192.168.171.108 - - [23/Dec/2023:16:46:12 -0500] "GET /BLA/boletinlegal/admin/actos/ingresar.php HTTP/1.1" 200 7209
156.59.198.135 - - [23/Dec/2023:16:46:17 -0500] "GET /BLA/resoluciones/RESOLUCIONES%202010/2635.pdf HTTP/1.0" 200 553440
172.22.2.4 - - [23/Dec/2023:16:46:25 -0500] "GET /BLA/boletinlegal/admin/ HTTP/1.1" 200 2324
207.46.13.154 - - [23/Dec/2023:16:46:25 -0500] "GET /BLA/resoluciones/AUTOS%202018/4390.pdf HTTP/1.1" 304 -
172.22.2.4 - - [23/Dec/2023:16:46:25 -0500] "GET /BLA/boletinlegal/admin/index_files/style.css HTTP/1.1" 200 6223
172.22.2.4 - - [23/Dec/2023:16:46:25 -0500] "GET /BLA/boletinlegal/admin/images/bg.png HTTP/1.1" 200 332965
156.59.198.136 - - [23/Dec/2023:16:46:41 -0500] "GET /BLA/resoluciones/Notificaciones/AUTOS%202018/899.pdf HTTP/1.0" 200 298894
192.168.171.108 - - [23/Dec/2023:16:46:37 -0500] "GET /BLA/boletinlegal/admin/index.php HTTP/1.1" 200 5477
192.168.171.108 - - [23/Dec/2023:16:46:49 -0500] "GET /BLA/boletinlegal/admin/index_files/index_files/tback.gif HTTP/1.1" 404 1322
192.168.171.108 - - [23/Dec/2023:16:46:58 -0500] "GET /BLA/boletinlegal/admin/notificaciones/ingresar.php HTTP/1.1" 200 30074
192.168.171.108 - - [23/Dec/2023:16:46:58 -0500] "GET /BLA/boletinlegal/admin/css/creation.css HTTP/1.1" 200 3945
192.168.171.108 - - [23/Dec/2023:16:46:58 -0500] "GET /BLA/boletinlegal/images/cabezote%20BLEGAL.jpg HTTP/1.1" 200 118164
192.168.171.108 - - [23/Dec/2023:16:46:58 -0500] "GET /BLA/boletinlegal/admin/images/calendario.png HTTP/1.1" 200 4380
192.168.171.108 - - [23/Dec/2023:16:46:58 -0500] "GET /css/global/buttons.css HTTP/1.1" 404 1312
192.168.171.108 - - [23/Dec/2023:16:46:58 -0500] "GET /BLA/boletinlegal/admin/css/dynamic.css HTTP/1.1" 200 23305
156.59.198.135 - - [23/Dec/2023:16:47:05 -0500] "GET /BLA/resoluciones/Notificaciones/RESOLUCIONES%202022/3186.pdf HTTP/1.0" 200 429708
156.59.198.135 - - [23/Dec/2023:16:47:30 -0500] "GET /BLA/resoluciones/RESOLUCIONES%202010/2763.pdf HTTP/1.0" 200 492239
207.46.13.31 - - [23/Dec/2023:16:47:51 -0500] "GET /BLA/resoluciones/RESOLUCIONES%202021/2450.pdf HTTP/1.1" 304 -
156.59.198.136 - - [23/Dec/2023:16:47:54 -0500] "GET /BLA/resoluciones/RESOLUCIONES%202010/3354.pdf HTTP/1.0" 200 508241
156.59.198.136 - - [23/Dec/2023:16:48:19 -0500] "GET /BLA/resoluciones/RESOLUCIONES%202010/7766.pdf HTTP/1.0" 200 66711
156.59.198.136 - - [23/Dec/2023:16:48:44 -0500] "GET /BLA/resoluciones/AUTOS%202014/3387.pdf HTTP/1.0" 200 633792
156.59.198.136 - - [23/Dec/2023:16:49:07 -0500] "GET /BLA/resoluciones/RESOLUCIONES%202010/RESOLUCION%203149%20DE%202010.PDF HTTP/1.0" 200 24104
172.22.2.4 - - [23/Dec/2023:16:47:36 -0500] "HEAD /BLA/boletinlegal/ HTTP/1.1" 200 -
66.249.66.21 - - [23/Dec/2023:16:49:18 -0500] "GET /portel_dama/libreria/php/2006/ECOSISTEMAS%20FINAL%20web_mz27/incendios/sitio/xtras/2.pdf HTTP/1.1" 404 1018
201.245.192.253 - - [23/Dec/2023:16:49:22 -0500] "POST /kwsrmcab/Wsrmcab  HTTP/1.1" 200 40220
156.59.198.136 - - [23/Dec/2023:16:49:31 -0500] "GET /BLA/resoluciones/RESOLUCIONES%202007/RES%202007%204201%20AL%204300/RESOLUCION%20422_%20DE%202007.pdf HTTP/1.0" 200 426014
156.59.198.135 - - [23/Dec/2023:16:49:55 -0500] "GET /BLA/resoluciones/RESOLUCIONES%202007/RES%202007%202501%20AL%202600/RESOLUCION%202518%20DE%202007.pdf HTTP/1.0" 200 710384
192.168.171.108 - - [23/Dec/2023:16:50:04 -0500] "POST /BLA/boletinlegal/admin/notificaciones/ingresar.php HTTP/1.1" 200 30167
192.168.171.108 - - [23/Dec/2023:16:50:04 -0500] "GET /css/global/buttons.css HTTP/1.1" 404 1312
172.22.2.4 - - [23/Dec/2023:16:48:27 -0500] "GET /BLA/boletinlegal/ HTTP/1.1" 200 58567
156.59.198.135 - - [23/Dec/2023:16:50:19 -0500] "GET /BLA/resoluciones/RESOLUCIONES%202007/RES%202007%204201%20AL%204300/RESOLUCION%204296%20DE%202007.pdf HTTP/1.0" 200 180937
216.245.221.92 - - [23/Dec/2023:16:50:24 -0500] "HEAD / HTTP/1.1" 200 -
156.59.198.135 - - [23/Dec/2023:16:50:44 -0500] "GET /BLA/resoluciones/RESOLUCIONES%202007/RES%202007%204201%20AL%204300/RESOLUCION%204217%20DE%202007.pdf HTTP/1.0" 200 256200
156.59.198.136 - - [23/Dec/2023:16:51:08 -0500] "GET /BLA/resoluciones/RESOLUCIONES%202007/RES%202007%203701%20AL%203800/RESOLUCION%203743%20%20DE%202007.pdf HTTP/1.0" 200 642391
172.22.2.4 - - [23/Dec/2023:16:51:12 -0500] "GET /BLA/boletinlegal/actos.php HTTP/1.1" 200 9682
172.22.2.4 - - [23/Dec/2023:16:51:12 -0500] "GET /BLA/boletinlegal/styles2.css HTTP/1.1" 200 1838
172.22.2.4 - - [23/Dec/2023:16:51:12 -0500] "GET /BLA/boletinlegal/niceforms-default.css HTTP/1.1" 200 6694
172.22.2.4 - - [23/Dec/2023:16:51:12 -0500] "GET /BLA/boletinlegal/style.css HTTP/1.1" 200 9406
172.22.2.4 - - [23/Dec/2023:16:51:12 -0500] "GET /BLA/boletinlegal/niceforms.js HTTP/1.1" 200 22876
172.22.2.4 - - [23/Dec/2023:16:51:12 -0500] "GET /BLA/boletinlegal/js/ajax_actos.js HTTP/1.1" 200 1322
172.22.2.4 - - [23/Dec/2023:16:51:12 -0500] "GET /BLA/boletinlegal/js/popup.js HTTP/1.1" 200 1270
172.22.2.4 - - [23/Dec/2023:16:51:12 -0500] "GET /BLA/boletinlegal/js/lib.js HTTP/1.1" 200 6474
172.22.2.4 - - [23/Dec/2023:16:51:12 -0500] "GET /BLA/boletinlegal/images/cabezote%20BLEGAL.jpg HTTP/1.1" 200 118164
172.22.2.4 - - [23/Dec/2023:16:51:12 -0500] "GET /BLA/boletinlegal/js/jquery1.js HTTP/1.1" 200 29846
172.22.2.4 - - [23/Dec/2023:16:51:12 -0500] "GET /BLA/boletinlegal/images/subscribe-icon-big.png HTTP/1.1" 200 47702
172.22.2.4 - - [23/Dec/2023:16:51:12 -0500] "GET /BLA/boletinlegal/images/historia.png HTTP/1.1" 200 52775
172.22.2.4 - - [23/Dec/2023:16:51:12 -0500] "GET /BLA/boletinlegal/images/registro-usuarios.png HTTP/1.1" 200 8106
172.22.2.4 - - [23/Dec/2023:16:51:12 -0500] "GET /BLA/boletinlegal/images/green-yellow-blue-pink-th.png HTTP/1.1" 200 7394
172.22.2.4 - - [23/Dec/2023:16:51:12 -0500] "GET /BLA/boletinlegal/images/icono-email.png HTTP/1.1" 200 5544
172.22.2.4 - - [23/Dec/2023:16:51:12 -0500] "GET /BLA/boletinlegal/images/tel.png HTTP/1.1" 200 14477
172.22.2.4 - - [23/Dec/2023:16:51:12 -0500] "GET /BLA/boletinlegal/images/body_bg.jpg HTTP/1.1" 200 1601
172.22.2.4 - - [23/Dec/2023:16:51:12 -0500] "GET /BLA/boletinlegal/images/menu_lft.gif HTTP/1.1" 200 1713
172.22.2.4 - - [23/Dec/2023:16:51:12 -0500] "GET /BLA/boletinlegal/images/menu_rght.gif HTTP/1.1" 200 1627
172.22.2.4 - - [23/Dec/2023:16:51:12 -0500] "GET /BLA/boletinlegal/images/bg_top.jpg HTTP/1.1" 200 522
172.22.2.4 - - [23/Dec/2023:16:51:12 -0500] "GET /BLA/boletinlegal/images/menu_bg.jpg HTTP/1.1" 200 620
172.22.2.4 - - [23/Dec/2023:16:51:12 -0500] "GET /BLA/boletinlegal/images/text.jpg HTTP/1.1" 200 568
172.22.2.4 - - [23/Dec/2023:16:51:12 -0500] "GET /BLA/boletinlegal/images/hover.jpg HTTP/1.1" 200 640
172.22.2.4 - - [23/Dec/2023:16:51:12 -0500] "GET /BLA/boletinlegal/images/footer_bg_l.jpg HTTP/1.1" 200 776
172.22.2.4 - - [23/Dec/2023:16:51:12 -0500] "GET /BLA/boletinlegal/images/footer_bg.jpg HTTP/1.1" 200 586
172.22.2.4 - - [23/Dec/2023:16:51:13 -0500] "GET /BLA/boletinlegal/img/0.png HTTP/1.1" 200 110
172.22.2.4 - - [23/Dec/2023:16:51:13 -0500] "GET /BLA/boletinlegal/img/select-left.png HTTP/1.1" 200 263
172.22.2.4 - - [23/Dec/2023:16:51:13 -0500] "GET /BLA/boletinlegal/img/select-right.png HTTP/1.1" 200 44019
172.22.2.4 - - [23/Dec/2023:16:51:13 -0500] "GET /BLA/boletinlegal/img/button-left.png HTTP/1.1" 200 57071
172.22.2.4 - - [23/Dec/2023:16:51:13 -0500] "GET /BLA/boletinlegal/img/button.png HTTP/1.1" 200 43241
172.22.2.4 - - [23/Dec/2023:16:51:13 -0500] "GET /BLA/boletinlegal/img/button-right.png HTTP/1.1" 200 57878
172.22.2.4 - - [23/Dec/2023:16:51:13 -0500] "GET /BLA/boletinlegal/favicon.ico HTTP/1.1" 404 1326
156.59.198.135 - - [23/Dec/2023:16:51:32 -0500] "GET /BLA/resoluciones/RESOLUCIONES%202007/RES%202007%204101%20AL%204200/RESOLUCION%204126%20DE%202007.pdf HTTP/1.0" 200 272754
172.22.2.4 - - [23/Dec/2023:16:51:36 -0500] "GET /BLA/boletinlegal/consulta_actos.php?tipo=autos&no=2363&usuario=&sector=&fecha=2021&resuelve= HTTP/1.1" 200 626
172.22.2.4 - - [23/Dec/2023:16:51:46 -0500] "GET /BLA/boletinlegal/actos.php HTTP/1.1" 200 9682
156.59.198.135 - - [23/Dec/2023:16:51:56 -0500] "GET /BLA/resoluciones/RESOLUCIONES%202007/RES%202007%202501%20AL%202600/RESOLUCION%202589%20DE%202007.pdf HTTP/1.0" 200 478394
172.22.2.4 - - [23/Dec/2023:16:52:03 -0500] "GET /BLA/boletinlegal/consulta_actos.php?tipo=autos&no=2363&usuario=&sector=&fecha=2021&resuelve= HTTP/1.1" 200 626
156.59.198.136 - - [23/Dec/2023:16:52:20 -0500] "GET /BLA/resoluciones/RESOLUCIONES%202007/RES%202007%201801%20AL%201900/RESOLUCION%201829%20DE%202007.pdf HTTP/1.0" 200 48029
192.168.171.108 - - [23/Dec/2023:16:52:24 -0500] "POST /BLA/boletinlegal/admin/notificaciones/ingresar.php HTTP/1.1" 200 30167
192.168.171.108 - - [23/Dec/2023:16:52:24 -0500] "GET /css/global/buttons.css HTTP/1.1" 404 1312
47.128.31.136 - - [23/Dec/2023:16:52:46 -0500] "GET /BLA/resoluciones/index.php?dir=RESOLUCIONES%202002%2FRES%202002%20851-900%2F&order=asc&sort=name HTTP/1.1" 200 12703
47.128.31.136 - - [23/Dec/2023:16:52:47 -0500] "GET /BLA/resoluciones/dlf/dirup.png HTTP/1.1" 200 644
47.128.31.136 - - [23/Dec/2023:16:52:47 -0500] "GET /BLA/resoluciones/dlf/unknown.png HTTP/1.1" 200 266
47.128.31.136 - - [23/Dec/2023:16:52:48 -0500] "GET /BLA/resoluciones/dlf/pdf.gif HTTP/1.1" 200 272
156.59.198.136 - - [23/Dec/2023:16:53:10 -0500] "GET /BLA/resoluciones/RESOLUCIONES%202007/RES%202007%201801%20AL%201900/RESOLUCION%201894%20DE%202007.pdf HTTP/1.0" 200 643502
172.22.2.4 - - [23/Dec/2023:16:53:23 -0500] "GET /BLA/boletinlegal/actos.php HTTP/1.1" 200 9682
156.59.198.135 - - [23/Dec/2023:16:53:33 -0500] "GET /BLA/resoluciones/RESOLUCIONES%202007/RES%202007%204201%20AL%204300/RESOLUCION%204266%20DE%202007.pdf HTTP/1.0" 200 330077
69.171.231.7 - - [23/Dec/2023:16:53:39 -0500] "GET /images/agua%20bogota.jpg HTTP/1.1" 200 74348
69.171.231.118 - - [23/Dec/2023:16:53:39 -0500] "GET /images/participacion%2019-12-23.jpg HTTP/1.1" 200 73861
69.171.231.116 - - [23/Dec/2023:16:53:39 -0500] "GET /images/arbol%20centro.jpg HTTP/1.1" 200 69467
69.171.231.119 - - [23/Dec/2023:16:53:40 -0500] "GET /images/Musgo%2017%20-%2012%20-%202023.jpeg HTTP/1.1" 200 66238
69.171.231.5 - - [23/Dec/2023:16:53:47 -0500] "GET /images/calidad-aire.jpg HTTP/1.1" 200 42421
172.22.2.4 - - [23/Dec/2023:16:53:47 -0500] "GET /BLA/boletinlegal/consulta_actos.php?tipo=autos&no=2363&usuario=&sector=&fecha=2021&resuelve= HTTP/1.1" 200 626
156.59.198.136 - - [23/Dec/2023:16:53:57 -0500] "GET /BLA/resoluciones/RESOLUCIONES%202007/RES%202007%204101%20AL%204200/RESOLUCION%204145%20DE%202007.pdf HTTP/1.0" 200 1111874
156.59.198.135 - - [23/Dec/2023:16:54:21 -0500] "GET /BLA/resoluciones/RESOLUCIONES%202007/RES%202007%203401%20AL%203500/RESOLUCION%203424%20DE%202007.pdf HTTP/1.0" 200 58049
201.245.192.253 - - [23/Dec/2023:16:54:20 -0500] "POST /kwsrmcab/Wsrmcab  HTTP/1.1" 200 40220
156.59.198.135 - - [23/Dec/2023:16:54:45 -0500] "GET /BLA/resoluciones/RESOLUCIONES%202007/RES%202007%202501%20AL%202600/RESOLUCION%202505%20DE%202007.pdf HTTP/1.0" 200 107850
172.22.2.4 - - [23/Dec/2023:16:53:26 -0500] "HEAD /BLA/boletinlegal/ HTTP/1.1" 200 -
156.59.198.136 - - [23/Dec/2023:16:55:09 -0500] "GET /BLA/resoluciones/RESOLUCIONES%202007/RES%202007%203701%20AL%203800/RESOLUCION%203776%20DE%202007.pdf HTTP/1.0" 200 28732
216.245.221.92 - - [23/Dec/2023:16:55:24 -0500] "HEAD / HTTP/1.1" 200 -
156.59.198.136 - - [23/Dec/2023:16:55:34 -0500] "GET /BLA/resoluciones/RESOLUCIONES%202007/RES%202007%201801%20AL%201900/RESOLUCION%201824%20DE%202007.pdf HTTP/1.0" 200 2527085
172.22.2.4 - - [23/Dec/2023:16:54:17 -0500] "GET /BLA/boletinlegal/ HTTP/1.1" 200 58567
156.59.198.135 - - [23/Dec/2023:16:55:58 -0500] "GET /BLA/resoluciones/RESOLUCIONES%202007/RES%202007%203701%20AL%203800/RESOLUCION%203742%20%20DE%202007.pdf HTTP/1.0" 200 616425
156.59.198.136 - - [23/Dec/2023:16:56:22 -0500] "GET /BLA/resoluciones/RESOLUCIONES%202007/RES%202007%202501%20AL%202600/RESOLUCION%202585%20DE%202007.pdf HTTP/1.0" 200 366386
156.59.198.135 - - [23/Dec/2023:16:56:47 -0500] "GET /BLA/resoluciones/RESOLUCIONES%202007/RES%202007%204201%20AL%204300/RESOLUCION%204260%20DE%202007.pdf HTTP/1.0" 200 85767
156.59.198.135 - - [23/Dec/2023:16:57:11 -0500] "GET /BLA/resoluciones/RESOLUCIONES%202007/RES%202007%202501%20AL%202600/RESOLUCION%202551%20DE%202007.pdf HTTP/1.0" 200 687086
156.59.198.136 - - [23/Dec/2023:16:57:36 -0500] "GET /BLA/resoluciones/RESOLUCIONES%202007/RES%202007%203401%20AL%203500/RESOLUCION%203438%20DE%202007.pdf HTTP/1.0" 200 731540
156.59.198.136 - - [23/Dec/2023:16:58:01 -0500] "GET /BLA/resoluciones/RESOLUCIONES%202007/RES%202007%203401%20AL%203500/RESOLUCION%203491%20DE%202007.pdf HTTP/1.0" 200 673307
216.244.66.195 - - [23/Dec/2023:16:58:06 -0500] "GET /robots.txt HTTP/1.1" 404 1018
156.59.198.135 - - [23/Dec/2023:16:58:25 -0500] "GET /BLA/resoluciones/RESOLUCIONES%202007/RES%202007%203401%20AL%203500/RESOLUCION%203446%20DE%202007.pdf HTTP/1.0" 200 833109
156.59.198.135 - - [23/Dec/2023:16:58:49 -0500] "GET /BLA/resoluciones/RESOLUCIONES%202007/RES%202007%202501%20AL%202600/RESOLUCION%202567%20DE%202007.pdf HTTP/1.0" 200 1451072
156.59.198.136 - - [23/Dec/2023:16:59:13 -0500] "GET /BLA/resoluciones/RESOLUCIONES%202007/RES%202007%201801%20AL%201900/RESOLUCION%201900%20DE%202007.pdf HTTP/1.0" 200 839387
201.245.192.253 - - [23/Dec/2023:16:59:18 -0500] "POST /kwsrmcab/Wsrmcab  HTTP/1.1" 200 40220
156.59.198.135 - - [23/Dec/2023:16:59:38 -0500] "GET /BLA/resoluciones/RESOLUCIONES%202007/RES%202007%204101%20AL%204200/RESOLUCION%204129%20DE%202007.pdf HTTP/1.0" 200 298517
156.59.198.136 - - [23/Dec/2023:17:00:03 -0500] "GET /BLA/resoluciones/RESOLUCIONES%202007/RES%202007%202501%20AL%202600/RESOLUCION%202533%20DE%202007.pdf HTTP/1.0" 200 65394
216.245.221.92 - - [23/Dec/2023:17:00:24 -0500] "HEAD / HTTP/1.1" 200 -
156.59.198.135 - - [23/Dec/2023:17:00:27 -0500] "GET /BLA/resoluciones/RESOLUCIONES%202007/RES%202007%203701%20AL%203800/RESOLUCION%203795%20DE%202007.pdf HTTP/1.0" 200 540845
156.59.198.136 - - [23/Dec/2023:17:00:51 -0500] "GET /BLA/resoluciones/RESOLUCIONES%202007/RES%202007%203401%20AL%203500/RESOLUCION%203479%20DE%202007.pdf HTTP/1.0" 200 528519
172.22.2.4 - - [23/Dec/2023:16:59:16 -0500] "HEAD /BLA/boletinlegal/ HTTP/1.1" 200 -
156.59.198.136 - - [23/Dec/2023:17:01:15 -0500] "GET /BLA/resoluciones/RESOLUCIONES%202007/RES%202007%204101%20AL%204200/RESOLUCION%204107%20DE%202007.pdf HTTP/1.0" 200 206386
66.249.66.19 - - [23/Dec/2023:17:01:26 -0500] "GET /BLA/resoluciones/RESOLUCIONES%202008/0029.pdf HTTP/1.1" 200 243605
156.59.198.135 - - [23/Dec/2023:17:01:40 -0500] "GET /BLA/resoluciones/RESOLUCIONES%202007/RES%202007%203401%20AL%203500/RESOLUCION%203485%20DE%202007.pdf HTTP/1.0" 200 2832571
172.22.2.4 - - [23/Dec/2023:17:00:07 -0500] "GET /BLA/boletinlegal/ HTTP/1.1" 200 60502
156.59.198.135 - - [23/Dec/2023:17:02:04 -0500] "GET /BLA/resoluciones/RESOLUCIONES%202007/RES%202007%201801%20AL%201900/RESOLUCION%201871%20DE%202007.pdf HTTP/1.0" 200 3794935
186.148.181.43 - - [23/Dec/2023:17:02:22 -0500] "GET /distrito-exalto-a-246-empresas-de-bogota-por-su-alto-desempeno-y-responsabilidad-ambiental-durante-2023.html HTTP/1.1" 200 1039
156.59.198.135 - - [23/Dec/2023:17:02:27 -0500] "GET /BLA/resoluciones/RESOLUCIONES%202007/RES%202007%203701%20AL%203800/RESOLUCION%203726%20DE%202007.pdf HTTP/1.0" 200 568583
156.59.198.136 - - [23/Dec/2023:17:02:52 -0500] "GET /BLA/resoluciones/RESOLUCIONES%202007/RES%202007%203701%20AL%203800/RESOLUCION%203736%20DE%202007.pdf HTTP/1.0" 200 3813709
156.59.198.136 - - [23/Dec/2023:17:03:17 -0500] "GET /BLA/resoluciones/RESOLUCIONES%202007/RES%202007%203701%20AL%203800/RESOLUCION%203764%20DE%202007.pdf HTTP/1.0" 200 569832
156.59.198.136 - - [23/Dec/2023:17:03:43 -0500] "GET /BLA/resoluciones/RESOLUCIONES%202007/RES%202007%202501%20AL%202600/RESOLUCION%202560%20DE%202007.pdf HTTP/1.0" 200 788153
156.59.198.136 - - [23/Dec/2023:17:04:07 -0500] "GET /BLA/resoluciones/RESOLUCIONES%202007/RES%202007%204101%20AL%204200/RESOLUCION%204140%20DE%202007.pdf HTTP/1.0" 200 735991
201.245.192.253 - - [23/Dec/2023:17:04:18 -0500] "POST /kwsrmcab/Wsrmcab  HTTP/1.1" 200 40220
156.59.198.136 - - [23/Dec/2023:17:04:31 -0500] "GET /BLA/resoluciones/RESOLUCIONES%202007/RES%202007%204101%20AL%204200/RESOLUCION%204109%20DE%202007.pdf HTTP/1.0" 200 572952
172.22.2.4 - - [23/Dec/2023:17:04:38 -0500] "GET /BLA/boletinlegal/conceptos/2016/113.pdf HTTP/1.1" 200 306615
156.59.198.135 - - [23/Dec/2023:17:04:55 -0500] "GET /BLA/resoluciones/RESOLUCIONES%202007/RES%202007%204201%20AL%204300/RESOLUCION%204279%20DE%202007.pdf HTTP/1.0" 200 558474
156.59.198.136 - - [23/Dec/2023:17:05:20 -0500] "GET /BLA/resoluciones/RESOLUCIONES%202009/2028.pdf HTTP/1.0" 200 547069
216.245.221.92 - - [23/Dec/2023:17:05:24 -0500] "HEAD / HTTP/1.1" 200 -
156.59.198.136 - - [23/Dec/2023:17:05:46 -0500] "GET /BLA/resoluciones/RESOLUCIONES%202010/7684.pdf HTTP/1.0" 200 271507
156.59.198.135 - - [23/Dec/2023:17:06:09 -0500] "GET /BLA/resoluciones/RESOLUCIONES%202022/2905.pdf HTTP/1.0" 200 458591
156.59.198.136 - - [23/Dec/2023:17:06:34 -0500] "GET /BLA/resoluciones/RESOLUCIONES%202007/RES%202007%20401%20AL%20500/RESOLUCION%200492%20DE%202007.pdf HTTP/1.0" 200 182070
172.22.2.4 - - [23/Dec/2023:17:05:06 -0500] "HEAD /BLA/boletinlegal/ HTTP/1.1" 200 -
66.249.66.76 - - [23/Dec/2023:17:06:57 -0500] "GET /robots.txt HTTP/1.1" 404 1035
66.249.66.77 - - [23/Dec/2023:17:06:57 -0500] "GET /portaldeninos/gestion-del-riesgo-incendios-forestales HTTP/1.1" 301 -
156.59.198.136 - - [23/Dec/2023:17:06:58 -0500] "GET /BLA/resoluciones/RESOLUCIONES%202010/2571.pdf HTTP/1.0" 200 53066
66.249.66.77 - - [23/Dec/2023:17:06:58 -0500] "GET /portaldeninos/gestion-del-riesgo-incendios-forestales/ HTTP/1.1" 200 86825
156.59.198.136 - - [23/Dec/2023:17:07:22 -0500] "GET /BLA/resoluciones/RESOLUCIONES%202010/4520.pdf HTTP/1.0" 200 368015
172.22.2.4 - - [23/Dec/2023:17:05:57 -0500] "GET /BLA/boletinlegal/ HTTP/1.1" 200 60910
190.146.110.33 - - [23/Dec/2023:17:07:45 -0500] "GET /sipse/faces/faces/autenticacion.xhtml HTTP/1.1" 200 12729
190.146.110.33 - - [23/Dec/2023:17:07:45 -0500] "GET /sipse/faces/javax.faces.resource/layout/layout.css;jsessionid=e0Bo7o7T2GOQk4fsTlfoE91l.undefined?ln=primefaces&v=4.0 HTTP/1.1" 200 542
190.146.110.33 - - [23/Dec/2023:17:07:45 -0500] "GET /sipse/faces/javax.faces.resource/theme.css?ln=primefaces-sipse HTTP/1.1" 304 -
190.146.110.33 - - [23/Dec/2023:17:07:45 -0500] "GET /sipse/faces/javax.faces.resource/primefaces.css;jsessionid=e0Bo7o7T2GOQk4fsTlfoE91l.undefined?ln=primefaces&v=4.0 HTTP/1.1" 200 53295
190.146.110.33 - - [23/Dec/2023:17:07:45 -0500] "GET /sipse/faces/javax.faces.resource/jquery/jquery.js;jsessionid=e0Bo7o7T2GOQk4fsTlfoE91l.undefined?ln=primefaces&v=4.0 HTTP/1.1" 200 105384
190.146.110.33 - - [23/Dec/2023:17:07:45 -0500] "GET /sipse/faces/javax.faces.resource/jquery/jquery-plugins.js;jsessionid=e0Bo7o7T2GOQk4fsTlfoE91l.undefined?ln=primefaces&v=4.0 HTTP/1.1" 200 220526
190.146.110.33 - - [23/Dec/2023:17:07:45 -0500] "GET /sipse/faces/javax.faces.resource/layout/layout.js;jsessionid=e0Bo7o7T2GOQk4fsTlfoE91l.undefined?ln=primefaces&v=4.0 HTTP/1.1" 200 87560
190.146.110.33 - - [23/Dec/2023:17:07:45 -0500] "GET /sipse/faces/javax.faces.resource/primefaces.js;jsessionid=e0Bo7o7T2GOQk4fsTlfoE91l.undefined?ln=primefaces&v=4.0 HTTP/1.1" 200 276924
190.146.110.33 - - [23/Dec/2023:17:07:46 -0500] "GET /sipse/faces/javax.faces.resource/images/ui-icons_898989_256x240.png?ln=primefaces-aristo HTTP/1.1" 304 -
190.146.110.33 - - [23/Dec/2023:17:07:46 -0500] "GET /sipse/faces/faces/index.xhtml HTTP/1.1" 200 677
190.146.110.33 - - [23/Dec/2023:17:07:46 -0500] "GET /sipse/faces/javax.faces.resource/theme.css?ln=primefaces-sipse HTTP/1.1" 304 -
190.146.110.33 - - [23/Dec/2023:17:07:46 -0500] "GET /sipse/faces/faces/faces/autenticacion.xhtml HTTP/1.1" 200 12407
156.59.198.136 - - [23/Dec/2023:17:07:46 -0500] "GET /BLA/resoluciones/Notificaciones/AUTOS%202018/01365.pdf HTTP/1.0" 200 274716
190.146.110.33 - - [23/Dec/2023:17:07:46 -0500] "GET /sipse/faces/javax.faces.resource/theme.css?ln=primefaces-sipse HTTP/1.1" 304 -
190.146.110.33 - - [23/Dec/2023:17:07:46 -0500] "GET /sipse/faces/javax.faces.resource/jquery/jquery-plugins.js?ln=primefaces&v=4.0 HTTP/1.1" 304 -
190.146.110.33 - - [23/Dec/2023:17:07:46 -0500] "GET /sipse/faces/javax.faces.resource/jquery/jquery.js?ln=primefaces&v=4.0 HTTP/1.1" 304 -
190.146.110.33 - - [23/Dec/2023:17:07:46 -0500] "GET /sipse/faces/javax.faces.resource/primefaces.js?ln=primefaces&v=4.0 HTTP/1.1" 304 -
190.146.110.33 - - [23/Dec/2023:17:07:46 -0500] "GET /sipse/faces/javax.faces.resource/primefaces.css?ln=primefaces&v=4.0 HTTP/1.1" 304 -
190.146.110.33 - - [23/Dec/2023:17:07:46 -0500] "GET /sipse/faces/javax.faces.resource/layout/layout.js?ln=primefaces&v=4.0 HTTP/1.1" 304 -
190.146.110.33 - - [23/Dec/2023:17:07:46 -0500] "GET /sipse/faces/javax.faces.resource/layout/layout.css?ln=primefaces&v=4.0 HTTP/1.1" 304 -
190.146.110.33 - - [23/Dec/2023:17:07:49 -0500] "POST /sipse/faces/autenticacion.xhtml HTTP/1.1" 200 11260
190.146.110.33 - - [23/Dec/2023:17:07:49 -0500] "GET /sipse/faces/javax.faces.resource/theme.css?ln=primefaces-sipse HTTP/1.1" 304 -
190.146.110.33 - - [23/Dec/2023:17:07:49 -0500] "GET /sipse/faces/javax.faces.resource/jquery/jquery.js?ln=primefaces&v=4.0 HTTP/1.1" 304 -
190.146.110.33 - - [23/Dec/2023:17:07:49 -0500] "GET /sipse/faces/javax.faces.resource/primefaces.css?ln=primefaces&v=4.0 HTTP/1.1" 304 -
190.146.110.33 - - [23/Dec/2023:17:07:49 -0500] "GET /sipse/faces/javax.faces.resource/layout/layout.css?ln=primefaces&v=4.0 HTTP/1.1" 304 -
190.146.110.33 - - [23/Dec/2023:17:07:49 -0500] "GET /sipse/faces/javax.faces.resource/jquery/jquery-plugins.js?ln=primefaces&v=4.0 HTTP/1.1" 304 -
190.146.110.33 - - [23/Dec/2023:17:07:50 -0500] "GET /sipse/faces/javax.faces.resource/primefaces.js?ln=primefaces&v=4.0 HTTP/1.1" 304 -
190.146.110.33 - - [23/Dec/2023:17:07:50 -0500] "GET /sipse/faces/javax.faces.resource/layout/layout.js?ln=primefaces&v=4.0 HTTP/1.1" 304 -
190.146.110.33 - - [23/Dec/2023:17:07:50 -0500] "GET /sipse/faces/javax.faces.resource/messages/messages.png?ln=primefaces&v=4.0 HTTP/1.1" 304 -
190.146.110.33 - - [23/Dec/2023:17:07:51 -0500] "GET /sipse/faces/javax.faces.resource/images/ui-icons_898989_256x240.png?ln=primefaces-aristo HTTP/1.1" 304 -
190.146.110.33 - - [23/Dec/2023:17:07:52 -0500] "POST /sipse/faces/presentacion/sistema/seguridad/seleccionRol.xhtml HTTP/1.1" 200 911
190.146.110.33 - - [23/Dec/2023:17:07:53 -0500] "GET /sipse/faces/faces/faces/faces/autenticacion HTTP/1.1" 302 -
190.146.110.33 - - [23/Dec/2023:17:07:53 -0500] "GET /sipse/faces/autenticacion.xhtml HTTP/1.1" 200 12407
190.146.110.33 - - [23/Dec/2023:17:07:54 -0500] "GET /sipse/faces/javax.faces.resource/jquery/jquery.js?ln=primefaces&v=4.0 HTTP/1.1" 304 -
190.146.110.33 - - [23/Dec/2023:17:07:54 -0500] "GET /sipse/faces/javax.faces.resource/layout/layout.css?ln=primefaces&v=4.0 HTTP/1.1" 304 -
190.146.110.33 - - [23/Dec/2023:17:07:54 -0500] "GET /sipse/faces/javax.faces.resource/jquery/jquery-plugins.js?ln=primefaces&v=4.0 HTTP/1.1" 304 -
190.146.110.33 - - [23/Dec/2023:17:07:54 -0500] "GET /sipse/faces/javax.faces.resource/primefaces.js?ln=primefaces&v=4.0 HTTP/1.1" 304 -
190.146.110.33 - - [23/Dec/2023:17:07:54 -0500] "GET /sipse/faces/javax.faces.resource/theme.css?ln=primefaces-sipse HTTP/1.1" 304 -
190.146.110.33 - - [23/Dec/2023:17:07:54 -0500] "GET /sipse/faces/javax.faces.resource/primefaces.css?ln=primefaces&v=4.0 HTTP/1.1" 304 -
190.146.110.33 - - [23/Dec/2023:17:07:54 -0500] "GET /sipse/faces/javax.faces.resource/layout/layout.js?ln=primefaces&v=4.0 HTTP/1.1" 304 -
190.146.110.33 - - [23/Dec/2023:17:08:00 -0500] "POST /sipse/faces/autenticacion.xhtml HTTP/1.1" 200 15678
190.146.110.33 - - [23/Dec/2023:17:08:00 -0500] "GET /sipse/faces/javax.faces.resource/theme.css?ln=primefaces-sipse HTTP/1.1" 304 -
190.146.110.33 - - [23/Dec/2023:17:08:01 -0500] "GET /sipse/faces/javax.faces.resource/primefaces.css?ln=primefaces&v=4.0 HTTP/1.1" 304 -
190.146.110.33 - - [23/Dec/2023:17:08:01 -0500] "GET /sipse/faces/javax.faces.resource/layout/layout.css?ln=primefaces&v=4.0 HTTP/1.1" 304 -
190.146.110.33 - - [23/Dec/2023:17:08:01 -0500] "GET /sipse/faces/javax.faces.resource/jquery/jquery.js?ln=primefaces&v=4.0 HTTP/1.1" 304 -
190.146.110.33 - - [23/Dec/2023:17:08:01 -0500] "GET /sipse/faces/javax.faces.resource/jquery/jquery-plugins.js?ln=primefaces&v=4.0 HTTP/1.1" 304 -
190.146.110.33 - - [23/Dec/2023:17:08:01 -0500] "GET /sipse/faces/javax.faces.resource/primefaces.js?ln=primefaces&v=4.0 HTTP/1.1" 304 -
190.146.110.33 - - [23/Dec/2023:17:08:01 -0500] "GET /sipse/faces/javax.faces.resource/layout/layout.js?ln=primefaces&v=4.0 HTTP/1.1" 304 -
190.146.110.33 - - [23/Dec/2023:17:08:01 -0500] "GET /sipse/css/imagen/contrasena.png HTTP/1.1" 404 383
190.146.110.33 - - [23/Dec/2023:17:08:06 -0500] "POST /sipse/faces/bienvenido.xhtml HTTP/1.1" 200 3246
190.146.110.33 - - [23/Dec/2023:17:08:06 -0500] "GET /sipse/faces/javax.faces.resource/images/ui-bg_flat_0_2d5972_40x100.png?ln=primefaces-aristo HTTP/1.1" 304 -
190.146.110.33 - - [23/Dec/2023:17:08:07 -0500] "POST /sipse/faces/bienvenido.xhtml HTTP/1.1" 200 60271
190.146.110.33 - - [23/Dec/2023:17:08:08 -0500] "GET /sipse/faces/javax.faces.resource/primefaces.css?ln=primefaces&v=4.0 HTTP/1.1" 304 -
190.146.110.33 - - [23/Dec/2023:17:08:08 -0500] "GET /sipse/faces/javax.faces.resource/theme.css?ln=primefaces-sipse HTTP/1.1" 304 -
190.146.110.33 - - [23/Dec/2023:17:08:08 -0500] "GET /sipse/faces/javax.faces.resource/jquery/jquery.js?ln=primefaces&v=4.0 HTTP/1.1" 304 -
190.146.110.33 - - [23/Dec/2023:17:08:08 -0500] "GET /sipse/faces/javax.faces.resource/layout/layout.css?ln=primefaces&v=4.0 HTTP/1.1" 304 -
190.146.110.33 - - [23/Dec/2023:17:08:08 -0500] "GET /sipse/faces/javax.faces.resource/jquery/jquery-plugins.js?ln=primefaces&v=4.0 HTTP/1.1" 304 -
190.146.110.33 - - [23/Dec/2023:17:08:08 -0500] "GET /sipse/faces/javax.faces.resource/primefaces.js?ln=primefaces&v=4.0 HTTP/1.1" 304 -
190.146.110.33 - - [23/Dec/2023:17:08:08 -0500] "GET /sipse/faces/javax.faces.resource/layout/layout.js?ln=primefaces&v=4.0 HTTP/1.1" 304 -
190.146.110.33 - - [23/Dec/2023:17:08:08 -0500] "POST /sipse/faces/presentacion/financiero/solicitudProceso/listarSolicitudProceso.xhtml HTTP/1.1" 200 1564
190.146.110.33 - - [23/Dec/2023:17:08:09 -0500] "GET /sipse/faces/javax.faces.resource/images/ui-icons_898989_256x240.png?ln=primefaces-aristo HTTP/1.1" 304 -
190.146.110.33 - - [23/Dec/2023:17:08:09 -0500] "POST /sipse/faces/presentacion/financiero/solicitudProceso/listarSolicitudProceso.xhtml HTTP/1.1" 200 43230
190.146.110.33 - - [23/Dec/2023:17:08:10 -0500] "POST /sipse/faces/presentacion/financiero/solicitudProceso/listarSolicitudProceso.xhtml HTTP/1.1" 200 1564
190.146.110.33 - - [23/Dec/2023:17:08:10 -0500] "POST /sipse/faces/presentacion/financiero/solicitudProceso/listarSolicitudProceso.xhtml HTTP/1.1" 200 29119
190.146.110.33 - - [23/Dec/2023:17:08:10 -0500] "POST /sipse/faces/presentacion/financiero/solicitudProceso/listarSolicitudProceso.xhtml HTTP/1.1" 200 40926
156.59.198.136 - - [23/Dec/2023:17:08:11 -0500] "GET /BLA/resoluciones/Notificaciones/RESOLUCIONES%202021/3631.pdf HTTP/1.0" 200 608732
190.146.110.33 - - [23/Dec/2023:17:08:16 -0500] "POST /sipse/faces/presentacion/financiero/solicitudProceso/listarSolicitudProceso.xhtml HTTP/1.1" 200 4732
190.146.110.33 - - [23/Dec/2023:17:08:18 -0500] "POST /sipse/faces/presentacion/financiero/solicitudProceso/listarSolicitudProceso.xhtml HTTP/1.1" 200 112718
190.146.110.33 - - [23/Dec/2023:17:08:18 -0500] "GET /sipse/faces/javax.faces.resource/theme.css?ln=primefaces-sipse HTTP/1.1" 304 -
190.146.110.33 - - [23/Dec/2023:17:08:18 -0500] "GET /sipse/faces/javax.faces.resource/layout/layout.css?ln=primefaces&v=4.0 HTTP/1.1" 304 -
190.146.110.33 - - [23/Dec/2023:17:08:18 -0500] "GET /sipse/faces/javax.faces.resource/primefaces.css?ln=primefaces&v=4.0 HTTP/1.1" 304 -
190.146.110.33 - - [23/Dec/2023:17:08:18 -0500] "GET /sipse/faces/javax.faces.resource/jquery/jquery.js?ln=primefaces&v=4.0 HTTP/1.1" 304 -
190.146.110.33 - - [23/Dec/2023:17:08:18 -0500] "GET /sipse/faces/javax.faces.resource/jquery/jquery-plugins.js?ln=primefaces&v=4.0 HTTP/1.1" 304 -
190.146.110.33 - - [23/Dec/2023:17:08:18 -0500] "GET /sipse/faces/javax.faces.resource/primefaces.js?ln=primefaces&v=4.0 HTTP/1.1" 304 -
190.146.110.33 - - [23/Dec/2023:17:08:18 -0500] "GET /sipse/faces/javax.faces.resource/layout/layout.js?ln=primefaces&v=4.0 HTTP/1.1" 304 -
156.59.198.136 - - [23/Dec/2023:17:08:35 -0500] "GET /BLA/resoluciones/RESOLUCIONES%202010/2270.pdf HTTP/1.0" 200 547588
201.245.192.253 - - [23/Dec/2023:17:08:48 -0500] "GET /reportes_sipse/jsp/inicio.jsp HTTP/1.1" 200 2935
201.245.192.253 - - [23/Dec/2023:17:08:51 -0500] "POST /reportes_sipse/sdg/ServletReporte?adquisiciones_sipse_detallado& HTTP/1.1" 200 6273
201.245.192.253 - - [23/Dec/2023:17:08:51 -0500] "GET /reportes_sipse/js/funciones.js HTTP/1.1" 200 4709
201.245.192.253 - - [23/Dec/2023:17:08:51 -0500] "GET /reportes_sipse/imagenes/calendario.gif HTTP/1.1" 200 1387
201.245.192.253 - - [23/Dec/2023:17:08:51 -0500] "GET /reportes_sipse/imagenes/pdf.gif HTTP/1.1" 200 598
201.245.192.253 - - [23/Dec/2023:17:08:51 -0500] "GET /reportes_sipse/js/date-picker.js HTTP/1.1" 200 16768
201.245.192.253 - - [23/Dec/2023:17:08:51 -0500] "GET /reportes_sipse/imagenes/excel.gif HTTP/1.1" 200 613
201.245.192.253 - - [23/Dec/2023:17:08:54 -0500] "GET /reportes_sipse/imagenes/retrocedeMes.gif HTTP/1.1" 200 459
201.245.192.253 - - [23/Dec/2023:17:08:54 -0500] "GET /reportes_sipse/imagenes/avanzaMes.gif HTTP/1.1" 200 660
201.245.192.253 - - [23/Dec/2023:17:08:54 -0500] "GET /reportes_sipse/imagenes/avanzaAgno.gif HTTP/1.1" 200 779
201.245.192.253 - - [23/Dec/2023:17:08:54 -0500] "GET /reportes_sipse/imagenes/retrocedeAgno.gif HTTP/1.1" 200 781
156.59.198.135 - - [23/Dec/2023:17:08:58 -0500] "GET /BLA/resoluciones/RESOLUCIONES%202022/2168.pdf HTTP/1.0" 200 586088
186.29.32.34 - - [23/Dec/2023:17:09:11 -0500] "GET /BLA/boletinlegal/style.css HTTP/1.1" 200 9406
186.29.32.34 - - [23/Dec/2023:17:09:11 -0500] "GET /BLA/boletinlegal/styles2.css HTTP/1.1" 200 1838
186.29.32.34 - - [23/Dec/2023:17:09:11 -0500] "GET /BLA/boletinlegal/js/jquery.js HTTP/1.1" 200 57254
186.29.32.34 - - [23/Dec/2023:17:09:11 -0500] "GET /BLA/boletinlegal/js/jquery.scrollTo-min.js HTTP/1.1" 200 1150
186.29.32.34 - - [23/Dec/2023:17:09:11 -0500] "GET /BLA/boletinlegal/js/jquery.scrollShow.js HTTP/1.1" 200 4586
186.29.32.34 - - [23/Dec/2023:17:09:11 -0500] "GET /BLA/boletinlegal/images/cabezote%20BLEGAL.jpg HTTP/1.1" 200 118164
186.29.32.34 - - [23/Dec/2023:17:09:11 -0500] "GET /BLA/boletinlegal/images/screen_1.png HTTP/1.1" 200 202547
186.29.32.34 - - [23/Dec/2023:17:09:11 -0500] "GET /BLA/boletinlegal/images/subscribe-icon-big.png HTTP/1.1" 200 47702
186.29.32.34 - - [23/Dec/2023:17:09:11 -0500] "GET /BLA/boletinlegal/images/historia.png HTTP/1.1" 200 52775
186.29.32.34 - - [23/Dec/2023:17:09:11 -0500] "GET /BLA/boletinlegal/images/registro-usuarios.png HTTP/1.1" 200 8106
186.29.32.34 - - [23/Dec/2023:17:09:11 -0500] "GET /BLA/boletinlegal/images/arr_l.jpg HTTP/1.1" 200 1979
186.29.32.34 - - [23/Dec/2023:17:09:11 -0500] "GET /BLA/boletinlegal/images/launch.jpg HTTP/1.1" 200 14577
186.29.32.34 - - [23/Dec/2023:17:09:11 -0500] "GET /BLA/boletinlegal/images/body_bg.jpg HTTP/1.1" 200 1601
186.29.32.34 - - [23/Dec/2023:17:09:11 -0500] "GET /BLA/boletinlegal/images/menu_lft.gif HTTP/1.1" 200 1713
186.29.32.34 - - [23/Dec/2023:17:09:11 -0500] "GET /BLA/boletinlegal/images/menu_rght.gif HTTP/1.1" 200 1627
186.29.32.34 - - [23/Dec/2023:17:09:11 -0500] "GET /BLA/boletinlegal/images/bg_top.jpg HTTP/1.1" 200 522
186.29.32.34 - - [23/Dec/2023:17:09:11 -0500] "GET /BLA/boletinlegal/images/menu_bg.jpg HTTP/1.1" 200 620
186.29.32.34 - - [23/Dec/2023:17:09:11 -0500] "GET /BLA/boletinlegal/images/hover.jpg HTTP/1.1" 200 640
186.29.32.34 - - [23/Dec/2023:17:09:11 -0500] "GET /BLA/boletinlegal/images/text.jpg HTTP/1.1" 200 568
186.29.32.34 - - [23/Dec/2023:17:09:18 -0500] "GET /BLA/boletinlegal/documentos-importantes.php HTTP/1.1" 200 4829
186.29.32.34 - - [23/Dec/2023:17:09:18 -0500] "GET /BLA/boletinlegal/js/ajax_documentos.js HTTP/1.1" 200 1155
186.29.32.34 - - [23/Dec/2023:17:09:18 -0500] "GET /BLA/boletinlegal/niceforms.js HTTP/1.1" 200 22876
186.29.32.34 - - [23/Dec/2023:17:09:18 -0500] "GET /BLA/boletinlegal/niceforms-default.css HTTP/1.1" 200 6694
186.29.32.34 - - [23/Dec/2023:17:09:18 -0500] "GET /BLA/boletinlegal/images/nuevo.gif HTTP/1.1" 200 26475
186.29.32.34 - - [23/Dec/2023:17:09:18 -0500] "GET /BLA/boletinlegal/ajax.js HTTP/1.1" 200 577
186.29.32.34 - - [23/Dec/2023:17:09:18 -0500] "GET /BLA/boletinlegal/images/footer_bg.jpg HTTP/1.1" 200 586
186.29.32.34 - - [23/Dec/2023:17:09:18 -0500] "GET /BLA/boletinlegal/images/footer_bg_l.jpg HTTP/1.1" 200 776
186.29.32.34 - - [23/Dec/2023:17:09:18 -0500] "GET /BLA/boletinlegal/img/0.png HTTP/1.1" 200 110
186.29.32.34 - - [23/Dec/2023:17:09:18 -0500] "GET /BLA/boletinlegal/img/textarea-tr.png HTTP/1.1" 200 488
186.29.32.34 - - [23/Dec/2023:17:09:18 -0500] "GET /BLA/boletinlegal/img/textarea-tl.png HTTP/1.1" 200 269
186.29.32.34 - - [23/Dec/2023:17:09:18 -0500] "GET /BLA/boletinlegal/img/textarea-r-off.png HTTP/1.1" 200 266
186.29.32.34 - - [23/Dec/2023:17:09:18 -0500] "GET /BLA/boletinlegal/img/textarea-l-off.png HTTP/1.1" 200 168
