191.156.225.21 - - [23/Dec/2023:01:42:19 -0500] "GET /sipse/faces/javax.faces.resource/primefaces.css?ln=primefaces&v=4.0 HTTP/1.1" 304 -
191.156.225.21 - - [23/Dec/2023:01:42:19 -0500] "GET /sipse/faces/javax.faces.resource/layout/layout.css?ln=primefaces&v=4.0 HTTP/1.1" 304 -
191.156.225.21 - - [23/Dec/2023:01:42:19 -0500] "GET /sipse/js/disable_browser_buttons.js HTTP/1.1" 304 -
191.156.225.21 - - [23/Dec/2023:01:42:19 -0500] "GET /sipse/js/funciones.js HTTP/1.1" 304 -
191.156.225.21 - - [23/Dec/2023:01:42:19 -0500] "GET /sipse/faces/javax.faces.resource/jquery/jquery.js?ln=primefaces&v=4.0 HTTP/1.1" 304 -
191.156.225.21 - - [23/Dec/2023:01:42:19 -0500] "GET /sipse/faces/javax.faces.resource/jquery/jquery-plugins.js?ln=primefaces&v=4.0 HTTP/1.1" 304 -
191.156.225.21 - - [23/Dec/2023:01:42:19 -0500] "GET /sipse/faces/javax.faces.resource/primefaces.js?ln=primefaces&v=4.0 HTTP/1.1" 304 -
191.156.225.21 - - [23/Dec/2023:01:42:19 -0500] "GET /sipse/faces/javax.faces.resource/layout/layout.js?ln=primefaces&v=4.0 HTTP/1.1" 304 -
191.156.225.21 - - [23/Dec/2023:01:42:19 -0500] "GET /sipse/css/imagen/logoSDG.png HTTP/1.1" 304 -
191.156.225.21 - - [23/Dec/2023:01:42:19 -0500] "GET /sipse/css/imagen/loginimg.png HTTP/1.1" 304 -
191.156.225.21 - - [23/Dec/2023:01:42:19 -0500] "GET /sipse/faces/javax.faces.resource/images/ui-icons_898989_256x240.png?ln=primefaces-aristo HTTP/1.1" 304 -
191.156.225.21 - - [23/Dec/2023:01:42:20 -0500] "GET /sipse/faces/faces/faces/faces/index.xhtml HTTP/1.1" 200 677
191.156.225.21 - - [23/Dec/2023:01:42:20 -0500] "GET /sipse/faces/javax.faces.resource/theme.css?ln=primefaces-sipse HTTP/1.1" 304 -
191.156.225.21 - - [23/Dec/2023:01:42:20 -0500] "GET /sipse/faces/faces/faces/faces/faces/autenticacion.xhtml HTTP/1.1" 200 12407
191.156.225.21 - - [23/Dec/2023:01:42:20 -0500] "GET /sipse/faces/javax.faces.resource/theme.css?ln=primefaces-sipse HTTP/1.1" 304 -
191.156.225.21 - - [23/Dec/2023:01:42:20 -0500] "GET /sipse/faces/javax.faces.resource/primefaces.css?ln=primefaces&v=4.0 HTTP/1.1" 304 -
191.156.225.21 - - [23/Dec/2023:01:42:20 -0500] "GET /sipse/faces/javax.faces.resource/layout/layout.css?ln=primefaces&v=4.0 HTTP/1.1" 304 -
191.156.225.21 - - [23/Dec/2023:01:42:20 -0500] "GET /sipse/faces/javax.faces.resource/jquery/jquery.js?ln=primefaces&v=4.0 HTTP/1.1" 304 -
191.156.225.21 - - [23/Dec/2023:01:42:20 -0500] "GET /sipse/faces/javax.faces.resource/layout/layout.js?ln=primefaces&v=4.0 HTTP/1.1" 304 -
191.156.225.21 - - [23/Dec/2023:01:42:20 -0500] "GET /sipse/faces/javax.faces.resource/jquery/jquery-plugins.js?ln=primefaces&v=4.0 HTTP/1.1" 304 -
191.156.225.21 - - [23/Dec/2023:01:42:20 -0500] "GET /sipse/faces/javax.faces.resource/primefaces.js?ln=primefaces&v=4.0 HTTP/1.1" 304 -
191.156.225.21 - - [23/Dec/2023:01:42:21 -0500] "GET /sipse/faces/javax.faces.resource/images/ui-icons_898989_256x240.png?ln=primefaces-aristo HTTP/1.1" 304 -
201.245.192.253 - - [23/Dec/2023:01:43:27 -0500] "POST /kwsrmcab/Wsrmcab  HTTP/1.1" 200 40220
217.182.175.162 - - [23/Dec/2023:01:44:21 -0500] "HEAD /distrito-exalta-48-arboles-patrimoniales-y-15-de-interes-publico-en-bogota.html HTTP/1.1" 200 -
217.182.175.162 - - [23/Dec/2023:01:44:24 -0500] "HEAD /alcaldia-de-bogota-y-fundacion-exito-entregaron-en-ciudad-bolivar-la-primera-terraza-verde-de-la-capital.html HTTP/1.1" 200 -
172.22.2.4 - - [23/Dec/2023:01:43:16 -0500] "HEAD /BLA/boletinlegal/ HTTP/1.1" 200 -
216.245.221.92 - - [23/Dec/2023:01:45:26 -0500] "HEAD / HTTP/1.1" 200 -
172.22.2.4 - - [23/Dec/2023:01:44:07 -0500] "GET /BLA/boletinlegal/ HTTP/1.1" 200 58567
186.168.185.22 - - [23/Dec/2023:01:47:40 -0500] "GET /distrito-exalto-a-246-empresas-de-bogota-por-su-alto-desempeno-y-responsabilidad-ambiental-durante-2023.html HTTP/1.1" 200 1039
66.249.80.195 - - [23/Dec/2023:01:47:41 -0500] "GET /distrito-exalto-a-246-empresas-de-bogota-por-su-alto-desempeno-y-responsabilidad-ambiental-durante-2023.html HTTP/1.1" 200 1039
201.245.192.253 - - [23/Dec/2023:01:48:26 -0500] "POST /kwsrmcab/Wsrmcab  HTTP/1.1" 200 40220
216.245.221.92 - - [23/Dec/2023:01:50:26 -0500] "HEAD / HTTP/1.1" 200 -
157.55.39.54 - - [23/Dec/2023:01:50:28 -0500] "GET /BLA/resoluciones/RESOLUCIONES%202023/2768.pdf HTTP/1.1" 200 1189594
172.22.2.4 - - [23/Dec/2023:01:49:07 -0500] "HEAD /BLA/boletinlegal/ HTTP/1.1" 200 -
163.172.226.67 - - [23/Dec/2023:01:50:52 -0500] "GET / HTTP/1.1" 200 319
163.172.226.67 - - [23/Dec/2023:01:50:52 -0500] "GET /favicon.ico HTTP/1.1" 200 7782
172.22.2.4 - - [23/Dec/2023:01:49:57 -0500] "GET /BLA/boletinlegal/ HTTP/1.1" 200 59330
201.245.192.253 - - [23/Dec/2023:01:53:24 -0500] "POST /kwsrmcab/Wsrmcab  HTTP/1.1" 200 40220
200.118.62.7 - - [23/Dec/2023:01:55:22 -0500] "GET /sipse/css/custom_css_sg.css HTTP/1.1" 304 -
200.118.62.7 - - [23/Dec/2023:01:55:22 -0500] "GET /sipse/css/custom_css_sg_prime_login.css HTTP/1.1" 304 -
200.118.62.7 - - [23/Dec/2023:01:55:22 -0500] "GET /sipse/faces/javax.faces.resource/primefaces.css?ln=primefaces&v=4.0 HTTP/1.1" 304 -
200.118.62.7 - - [23/Dec/2023:01:55:22 -0500] "GET /sipse/faces/javax.faces.resource/theme.css?ln=primefaces-sipse HTTP/1.1" 304 -
200.118.62.7 - - [23/Dec/2023:01:55:22 -0500] "GET /sipse/js/disable_browser_buttons.js HTTP/1.1" 304 -
200.118.62.7 - - [23/Dec/2023:01:55:22 -0500] "GET /sipse/faces/javax.faces.resource/jquery/jquery.js?ln=primefaces&v=4.0 HTTP/1.1" 304 -
200.118.62.7 - - [23/Dec/2023:01:55:22 -0500] "GET /sipse/faces/javax.faces.resource/layout/layout.css?ln=primefaces&v=4.0 HTTP/1.1" 304 -
200.118.62.7 - - [23/Dec/2023:01:55:22 -0500] "GET /sipse/js/funciones.js HTTP/1.1" 304 -
200.118.62.7 - - [23/Dec/2023:01:55:22 -0500] "GET /sipse/faces/javax.faces.resource/jquery/jquery-plugins.js?ln=primefaces&v=4.0 HTTP/1.1" 304 -
200.118.62.7 - - [23/Dec/2023:01:55:22 -0500] "GET /sipse/faces/javax.faces.resource/layout/layout.js?ln=primefaces&v=4.0 HTTP/1.1" 304 -
200.118.62.7 - - [23/Dec/2023:01:55:22 -0500] "GET /sipse/faces/javax.faces.resource/primefaces.js?ln=primefaces&v=4.0 HTTP/1.1" 304 -
200.118.62.7 - - [23/Dec/2023:01:55:22 -0500] "GET /sipse/css/imagen/logoSDG.png HTTP/1.1" 304 -
200.118.62.7 - - [23/Dec/2023:01:55:22 -0500] "GET /sipse/css/imagen/loginimg.png HTTP/1.1" 304 -
200.118.62.7 - - [23/Dec/2023:01:55:22 -0500] "GET /sipse/faces/javax.faces.resource/images/ui-icons_898989_256x240.png?ln=primefaces-aristo HTTP/1.1" 304 -
200.118.62.7 - - [23/Dec/2023:01:55:23 -0500] "GET /sipse/faces/faces/index.xhtml HTTP/1.1" 200 677
200.118.62.7 - - [23/Dec/2023:01:55:23 -0500] "GET /sipse/faces/javax.faces.resource/theme.css?ln=primefaces-sipse HTTP/1.1" 304 -
200.118.62.7 - - [23/Dec/2023:01:55:23 -0500] "GET /sipse/faces/faces/faces/autenticacion.xhtml HTTP/1.1" 200 12407
200.118.62.7 - - [23/Dec/2023:01:55:23 -0500] "GET /sipse/faces/javax.faces.resource/theme.css?ln=primefaces-sipse HTTP/1.1" 304 -
200.118.62.7 - - [23/Dec/2023:01:55:23 -0500] "GET /sipse/faces/javax.faces.resource/primefaces.css?ln=primefaces&v=4.0 HTTP/1.1" 304 -
200.118.62.7 - - [23/Dec/2023:01:55:23 -0500] "GET /sipse/faces/javax.faces.resource/jquery/jquery-plugins.js?ln=primefaces&v=4.0 HTTP/1.1" 304 -
200.118.62.7 - - [23/Dec/2023:01:55:23 -0500] "GET /sipse/faces/javax.faces.resource/layout/layout.css?ln=primefaces&v=4.0 HTTP/1.1" 304 -
200.118.62.7 - - [23/Dec/2023:01:55:23 -0500] "GET /sipse/faces/javax.faces.resource/jquery/jquery.js?ln=primefaces&v=4.0 HTTP/1.1" 304 -
200.118.62.7 - - [23/Dec/2023:01:55:23 -0500] "GET /sipse/faces/javax.faces.resource/primefaces.js?ln=primefaces&v=4.0 HTTP/1.1" 304 -
200.118.62.7 - - [23/Dec/2023:01:55:23 -0500] "GET /sipse/faces/javax.faces.resource/layout/layout.js?ln=primefaces&v=4.0 HTTP/1.1" 304 -
216.245.221.92 - - [23/Dec/2023:01:55:26 -0500] "HEAD / HTTP/1.1" 200 -
172.22.2.4 - - [23/Dec/2023:01:54:57 -0500] "HEAD /BLA/boletinlegal/ HTTP/1.1" 200 -
172.22.2.4 - - [23/Dec/2023:01:55:47 -0500] "GET /BLA/boletinlegal/ HTTP/1.1" 200 58567
201.245.192.253 - - [23/Dec/2023:01:58:23 -0500] "POST /kwsrmcab/Wsrmcab  HTTP/1.1" 200 40220
157.55.39.204 - - [23/Dec/2023:01:59:07 -0500] "GET /BLA/resoluciones/RESOLUCIONES%202012/1068.pdf HTTP/1.1" 200 12607219
207.46.13.154 - - [23/Dec/2023:01:59:16 -0500] "GET /bogota-actualiza-su-plan-de-gestion-ambiental-para-un-conseguir-un-futuro-mas-sostenible.html HTTP/1.1" 200 796
216.245.221.92 - - [23/Dec/2023:02:00:26 -0500] "HEAD / HTTP/1.1" 200 -
66.249.75.105 - - [23/Dec/2023:02:01:06 -0500] "GET /galeria/galeria/fotos/micos7P.jpg HTTP/1.1" 304 -
157.55.39.11 - - [23/Dec/2023:02:01:26 -0500] "GET /BLA/resoluciones/RESOLUCIONES%202019/0408.pdf HTTP/1.1" 200 271147
31.13.127.118 - - [23/Dec/2023:02:01:56 -0500] "GET /distrito-exalta-48-arboles-patrimoniales-y-15-de-interes-publico-en-bogota.html HTTP/1.1" 200 816
31.13.127.16 - - [23/Dec/2023:02:01:56 -0500] "GET /distrito-exalta-48-arboles-patrimoniales-y-15-de-interes-publico-en-bogota.html HTTP/1.1" 200 816
172.22.2.4 - - [23/Dec/2023:02:00:47 -0500] "HEAD /BLA/boletinlegal/ HTTP/1.1" 200 -
172.22.2.4 - - [23/Dec/2023:02:01:38 -0500] "GET /BLA/boletinlegal/ HTTP/1.1" 200 58969
201.245.192.253 - - [23/Dec/2023:02:03:22 -0500] "POST /kwsrmcab/Wsrmcab  HTTP/1.1" 200 40220
216.245.221.92 - - [23/Dec/2023:02:05:26 -0500] "HEAD / HTTP/1.1" 200 -
173.252.127.12 - - [23/Dec/2023:02:05:44 -0500] "GET /secretaria-de-ambiente-socializo-con-partidos-politicos-el-correcto-uso-de-publicidad-exterior-en-epoca-electoral.html HTTP/1.1" 200 837
207.46.13.141 - - [23/Dec/2023:02:07:45 -0500] "GET /BLA/resoluciones/AUTOS%202018/6554.pdf HTTP/1.1" 304 -
172.22.2.4 - - [23/Dec/2023:02:06:37 -0500] "HEAD /BLA/boletinlegal/ HTTP/1.1" 200 -
201.245.192.253 - - [23/Dec/2023:02:08:22 -0500] "POST /kwsrmcab/Wsrmcab  HTTP/1.1" 200 40220
172.22.2.4 - - [23/Dec/2023:02:07:28 -0500] "GET /BLA/boletinlegal/ HTTP/1.1" 200 58567
159.65.89.215 - - [23/Dec/2023:02:09:13 -0500] "\x16\x03\x01\x01\xfd\x01" 400 226
216.245.221.92 - - [23/Dec/2023:02:10:26 -0500] "HEAD / HTTP/1.1" 200 -
66.249.75.104 - - [23/Dec/2023:02:11:56 -0500] "GET /galeria/galeria/fotos/Entrenube3G.jpg HTTP/1.1" 304 -
201.245.192.253 - - [23/Dec/2023:02:13:20 -0500] "POST /kwsrmcab/Wsrmcab  HTTP/1.1" 200 40220
172.22.2.4 - - [23/Dec/2023:02:12:28 -0500] "HEAD /BLA/boletinlegal/ HTTP/1.1" 200 -
172.22.2.4 - - [23/Dec/2023:02:13:18 -0500] "GET /BLA/boletinlegal/ HTTP/1.1" 200 58567
216.245.221.92 - - [23/Dec/2023:02:15:26 -0500] "HEAD / HTTP/1.1" 200 -
201.245.192.253 - - [23/Dec/2023:02:16:22 -0500] "POST /kwsrmcab/Wsrmcab HTTP/1.1" 200 38814
201.245.192.253 - - [23/Dec/2023:02:16:25 -0500] "POST /kwsrmcab/Wsrmcab HTTP/1.1" 200 36798
207.46.13.155 - - [23/Dec/2023:02:16:36 -0500] "GET /sipse/css/custom_css_sg_prime_login.css HTTP/1.1" 200 443
207.46.13.155 - - [23/Dec/2023:02:16:37 -0500] "GET /sipse/faces/index.xhtml HTTP/1.1" 200 677
207.46.13.155 - - [23/Dec/2023:02:16:37 -0500] "GET /sipse/faces/javax.faces.resource/jquery/jquery.js;jsessionid=s5SyISnVUcCuucYYpnTi9289.undefined?ln=primefaces&v=4.0 HTTP/1.1" 200 105384
157.55.39.11 - - [23/Dec/2023:02:16:41 -0500] "GET /sipse/css/custom_css_sg.css HTTP/1.1" 200 9694
157.55.39.11 - - [23/Dec/2023:02:16:41 -0500] "GET /sipse/js/disable_browser_buttons.js HTTP/1.1" 200 3230
207.46.13.154 - - [23/Dec/2023:02:16:47 -0500] "GET /sipse/faces/javax.faces.resource/jquery/jquery-plugins.js;jsessionid=s5SyISnVUcCuucYYpnTi9289.undefined?ln=primefaces&v=4.0 HTTP/1.1" 200 220526
179.19.104.26 - - [23/Dec/2023:02:17:20 -0500] "GET /distrito-exalto-a-246-empresas-de-bogota-por-su-alto-desempeno-y-responsabilidad-ambiental-durante-2023.html HTTP/1.1" 200 1039
201.245.192.253 - - [23/Dec/2023:02:18:17 -0500] "POST /kwsrmcab/Wsrmcab  HTTP/1.1" 200 40220
207.46.13.92 - - [23/Dec/2023:02:19:22 -0500] "GET /BLA/resoluciones/RESOLUCIONES%202021/1534.pdf HTTP/1.1" 200 393856
172.22.2.4 - - [23/Dec/2023:02:18:17 -0500] "HEAD /BLA/boletinlegal/ HTTP/1.1" 200 -
201.245.192.253 - - [23/Dec/2023:02:20:21 -0500] "POST /kwsrmcab/Wsrmcab HTTP/1.1" 200 38814
216.245.221.92 - - [23/Dec/2023:02:20:26 -0500] "HEAD / HTTP/1.1" 200 -
201.245.192.253 - - [23/Dec/2023:02:20:26 -0500] "POST /kwsrmcab/Wsrmcab HTTP/1.1" 200 36798
172.22.2.4 - - [23/Dec/2023:02:19:08 -0500] "GET /BLA/boletinlegal/ HTTP/1.1" 200 58567
47.128.55.11 - - [23/Dec/2023:02:21:22 -0500] "GET /BLA/resoluciones/index.php?dir=RESOLUCIONES%202006%2F&order=desc&sort=name HTTP/1.1" 200 40915
47.128.55.11 - - [23/Dec/2023:02:21:23 -0500] "GET /BLA/resoluciones/dlf/dirup.png HTTP/1.1" 200 644
47.128.55.11 - - [23/Dec/2023:02:21:23 -0500] "GET /BLA/resoluciones/dlf/folder.png HTTP/1.1" 200 410
47.128.55.11 - - [23/Dec/2023:02:21:25 -0500] "GET /BLA/resoluciones/dlf/pdf.gif HTTP/1.1" 200 272
47.128.55.11 - - [23/Dec/2023:02:21:28 -0500] "GET /BLA/resoluciones/dlf/unknown.png HTTP/1.1" 200 266
47.128.48.6 - - [23/Dec/2023:02:21:46 -0500] "GET /BLA/resoluciones/index.php?dir=RESOLUCIONES+2003%2FRES+2003+051-100%2F HTTP/1.1" 200 11998
47.128.48.6 - - [23/Dec/2023:02:21:47 -0500] "GET /BLA/resoluciones/dlf/dirup.png HTTP/1.1" 200 644
47.128.48.6 - - [23/Dec/2023:02:21:47 -0500] "GET /BLA/resoluciones/dlf/unknown.png HTTP/1.1" 200 266
3.8.125.246 - - [23/Dec/2023:02:21:48 -0500] "" 400 226
31.13.103.8 - - [23/Dec/2023:02:22:17 -0500] "GET /distrito-exalto-a-246-empresas-de-bogota-por-su-alto-desempeno-y-responsabilidad-ambiental-durante-2023.html HTTP/1.1" 200 1039
31.13.103.116 - - [23/Dec/2023:02:22:17 -0500] "GET /distrito-exalto-a-246-empresas-de-bogota-por-su-alto-desempeno-y-responsabilidad-ambiental-durante-2023.html HTTP/1.1" 206 1039
31.13.103.118 - - [23/Dec/2023:02:22:32 -0500] "GET /distrito-exalto-a-246-empresas-de-bogota-por-su-alto-desempeno-y-responsabilidad-ambiental-durante-2023.html HTTP/1.1" 200 1039
31.13.103.2 - - [23/Dec/2023:02:22:32 -0500] "GET /distrito-exalto-a-246-empresas-de-bogota-por-su-alto-desempeno-y-responsabilidad-ambiental-durante-2023.html HTTP/1.1" 200 1039
201.245.192.253 - - [23/Dec/2023:02:23:16 -0500] "POST /kwsrmcab/Wsrmcab  HTTP/1.1" 200 40220
69.171.231.10 - - [23/Dec/2023:02:24:17 -0500] "GET /alcaldia-de-bogota-y-fundacion-exito-entregaron-en-ciudad-bolivar-la-primera-terraza-verde-de-la-capital.html HTTP/1.1" 200 852
216.245.221.92 - - [23/Dec/2023:02:25:26 -0500] "HEAD / HTTP/1.1" 200 -
172.22.2.4 - - [23/Dec/2023:02:24:07 -0500] "HEAD /BLA/boletinlegal/ HTTP/1.1" 200 -
201.245.192.253 - - [23/Dec/2023:02:26:22 -0500] "POST /kwsrmcab/Wsrmcab HTTP/1.1" 200 38814
201.245.192.253 - - [23/Dec/2023:02:26:25 -0500] "POST /kwsrmcab/Wsrmcab HTTP/1.1" 200 36798
172.22.2.4 - - [23/Dec/2023:02:24:58 -0500] "GET /BLA/boletinlegal/ HTTP/1.1" 200 58567
201.245.192.253 - - [23/Dec/2023:02:28:15 -0500] "POST /kwsrmcab/Wsrmcab  HTTP/1.1" 200 40220
201.245.192.253 - - [23/Dec/2023:02:30:20 -0500] "POST /kwsrmcab/Wsrmcab HTTP/1.1" 200 38814
216.245.221.92 - - [23/Dec/2023:02:30:26 -0500] "HEAD / HTTP/1.1" 200 -
201.245.192.253 - - [23/Dec/2023:02:30:25 -0500] "POST /kwsrmcab/Wsrmcab HTTP/1.1" 200 36798
47.128.34.205 - - [23/Dec/2023:02:30:36 -0500] "GET /BLA/resoluciones/dlf/dirup.png HTTP/1.1" 200 644
47.128.34.205 - - [23/Dec/2023:02:30:36 -0500] "GET /BLA/resoluciones/dlf/pdf.gif HTTP/1.1" 200 272
47.128.34.205 - - [23/Dec/2023:02:30:34 -0500] "GET /BLA/resoluciones/index.php?dir=AUTOS%202012%2F&order=asc&sort=size HTTP/1.1" 200 276967
47.128.43.101 - - [23/Dec/2023:02:31:00 -0500] "GET /BLA/resoluciones/index.php?dir=RESOLUCIONES+2005%2FRES+2005+1551-1600%2F HTTP/1.1" 200 12364
47.128.43.101 - - [23/Dec/2023:02:31:01 -0500] "GET /BLA/resoluciones/dlf/unknown.png HTTP/1.1" 200 266
47.128.43.101 - - [23/Dec/2023:02:31:01 -0500] "GET /BLA/resoluciones/dlf/dirup.png HTTP/1.1" 200 644
198.235.24.234 - - [23/Dec/2023:02:31:05 -0500] "\x16\x03\x01" 400 226
198.235.24.234 - - [23/Dec/2023:02:31:05 -0500] "\x16\x03\x01" 400 226
47.128.48.3 - - [23/Dec/2023:02:31:22 -0500] "GET /BLA/resoluciones/index.php?dir=RESOLUCIONES+2005%2FRES+2005+1201-1250%2F HTTP/1.1" 200 12369
47.128.48.3 - - [23/Dec/2023:02:31:23 -0500] "GET /BLA/resoluciones/dlf/unknown.png HTTP/1.1" 200 266
47.128.48.3 - - [23/Dec/2023:02:31:24 -0500] "GET /BLA/resoluciones/dlf/dirup.png HTTP/1.1" 200 644
173.252.87.119 - - [23/Dec/2023:02:31:32 -0500] "GET /alcaldia-de-bogota-y-fundacion-exito-entregaron-en-ciudad-bolivar-la-primera-terraza-verde-de-la-capital.html HTTP/1.1" 200 852
173.252.87.12 - - [23/Dec/2023:02:31:32 -0500] "GET /alcaldia-de-bogota-y-fundacion-exito-entregaron-en-ciudad-bolivar-la-primera-terraza-verde-de-la-capital.html HTTP/1.1" 200 852
157.55.39.51 - - [23/Dec/2023:02:31:32 -0500] "GET /BLA/resoluciones/AUTOS%202013/0124.pdf HTTP/1.1" 200 3633244
172.22.2.4 - - [23/Dec/2023:02:29:58 -0500] "HEAD /BLA/boletinlegal/ HTTP/1.1" 200 -
47.128.98.205 - - [23/Dec/2023:02:31:48 -0500] "GET /BLA/resoluciones/index.php?dir=RESOLUCIONES+2002%2FRES+2002+451-500%2F HTTP/1.1" 200 12051
47.128.98.205 - - [23/Dec/2023:02:31:49 -0500] "GET /BLA/resoluciones/dlf/dirup.png HTTP/1.1" 200 644
47.128.98.205 - - [23/Dec/2023:02:31:50 -0500] "GET /BLA/resoluciones/dlf/unknown.png HTTP/1.1" 200 266
47.128.126.6 - - [23/Dec/2023:02:32:12 -0500] "GET /BLA/resoluciones/index.php?dir=RESOLUCIONES+2006%2FRES+2006+2601-2650%2F HTTP/1.1" 200 11939
47.128.126.6 - - [23/Dec/2023:02:32:13 -0500] "GET /BLA/resoluciones/dlf/dirup.png HTTP/1.1" 200 644
47.128.126.6 - - [23/Dec/2023:02:32:13 -0500] "GET /BLA/resoluciones/dlf/unknown.png HTTP/1.1" 200 266
172.22.2.4 - - [23/Dec/2023:02:30:48 -0500] "GET /BLA/boletinlegal/ HTTP/1.1" 200 58567
47.128.60.119 - - [23/Dec/2023:02:32:35 -0500] "GET /BLA/resoluciones/index.php?dir=RESOLUCIONES+2005%2FRES+2005+2951-3000%2F HTTP/1.1" 200 11937
47.128.60.119 - - [23/Dec/2023:02:32:36 -0500] "GET /BLA/resoluciones/dlf/dirup.png HTTP/1.1" 200 644
47.128.60.119 - - [23/Dec/2023:02:32:37 -0500] "GET /BLA/resoluciones/dlf/unknown.png HTTP/1.1" 200 266
40.77.188.71 - - [23/Dec/2023:02:33:01 -0500] "GET /sipse/faces/javax.faces.resource/layout/layout.css;jsessionid=s5SyISnVUcCuucYYpnTi9289.undefined?ln=primefaces&v=4.0 HTTP/1.1" 200 542
40.77.189.184 - - [23/Dec/2023:02:33:01 -0500] "GET /sipse/faces/javax.faces.resource/primefaces.css;jsessionid=s5SyISnVUcCuucYYpnTi9289.undefined?ln=primefaces&v=4.0 HTTP/1.1" 200 53295
40.77.189.47 - - [23/Dec/2023:02:33:01 -0500] "GET /sipse/faces/javax.faces.resource/layout/layout.js;jsessionid=s5SyISnVUcCuucYYpnTi9289.undefined?ln=primefaces&v=4.0 HTTP/1.1" 200 87560
40.77.190.191 - - [23/Dec/2023:02:33:01 -0500] "GET /sipse/faces/javax.faces.resource/primefaces.js;jsessionid=s5SyISnVUcCuucYYpnTi9289.undefined?ln=primefaces&v=4.0 HTTP/1.1" 200 276924
201.245.192.253 - - [23/Dec/2023:02:33:13 -0500] "POST /kwsrmcab/Wsrmcab  HTTP/1.1" 200 40220
216.245.221.92 - - [23/Dec/2023:02:35:26 -0500] "HEAD / HTTP/1.1" 200 -
201.245.192.253 - - [23/Dec/2023:02:36:23 -0500] "POST /kwsrmcab/Wsrmcab HTTP/1.1" 200 38814
201.245.192.253 - - [23/Dec/2023:02:36:26 -0500] "POST /kwsrmcab/Wsrmcab HTTP/1.1" 200 36798
152.61.128.50 - - [23/Dec/2023:02:36:46 -0500] "GET /arcgis/services/Calidad_del_Agua_WQI/MapServer/WMSServer?request=GetCapabilities&service=WMS HTTP/1.1" 503 1020
152.61.128.50 - - [23/Dec/2023:02:36:47 -0500] "GET /arcgis/services/Calidad_del_Agua_WQI/MapServer/WMSServer?SERVICE=WMS&REQUEST=GetCapabilities HTTP/1.1" 503 1020
152.61.128.50 - - [23/Dec/2023:02:36:47 -0500] "GET /arcgis/services/Calidad_del_Agua_WQI/MapServer/WMSServer?WMTVER=1.0.0&REQUEST=capabilities HTTP/1.1" 503 1020
172.22.2.4 - - [23/Dec/2023:02:35:47 -0500] "HEAD /BLA/boletinlegal/ HTTP/1.1" 200 -
201.245.192.253 - - [23/Dec/2023:02:38:11 -0500] "POST /kwsrmcab/Wsrmcab  HTTP/1.1" 200 40220
172.22.2.4 - - [23/Dec/2023:02:36:38 -0500] "GET /BLA/boletinlegal/ HTTP/1.1" 200 58567
201.245.192.253 - - [23/Dec/2023:02:40:20 -0500] "POST /kwsrmcab/Wsrmcab HTTP/1.1" 200 38814
216.245.221.92 - - [23/Dec/2023:02:40:26 -0500] "HEAD / HTTP/1.1" 200 -
201.245.192.253 - - [23/Dec/2023:02:40:25 -0500] "POST /kwsrmcab/Wsrmcab HTTP/1.1" 200 36798
66.249.66.192 - - [23/Dec/2023:02:42:08 -0500] "GET /robots.txt HTTP/1.1" 404 1034
66.249.66.192 - - [23/Dec/2023:02:42:08 -0500] "GET /distrito-avanza-con-la-plantacion-de-arboles-186-nuevos-individuos-fueron-sembrados-en-el-humedal-capellania.html HTTP/1.1" 200 990
201.245.192.253 - - [23/Dec/2023:02:43:11 -0500] "POST /kwsrmcab/Wsrmcab  HTTP/1.1" 200 40220
172.22.2.4 - - [23/Dec/2023:02:41:37 -0500] "HEAD /BLA/boletinlegal/ HTTP/1.1" 200 -
152.61.192.232 - - [23/Dec/2023:02:44:00 -0500] "GET /arcgis/services/Calidad_del_Agua_WQI/MapServer/WMSServer?request=GetCapabilities&service=WMS HTTP/1.1" 503 1020
152.61.192.232 - - [23/Dec/2023:02:44:01 -0500] "GET /arcgis/services/Calidad_del_Agua_WQI/MapServer/WMSServer?SERVICE=WMS&REQUEST=GetCapabilities HTTP/1.1" 503 1020
152.61.192.232 - - [23/Dec/2023:02:44:02 -0500] "GET /arcgis/services/Calidad_del_Agua_WQI/MapServer/WMSServer?WMTVER=1.0.0&REQUEST=capabilities HTTP/1.1" 503 1020
172.22.2.4 - - [23/Dec/2023:02:42:28 -0500] "GET /BLA/boletinlegal/ HTTP/1.1" 200 58567
66.249.66.194 - - [23/Dec/2023:02:44:56 -0500] "GET /secretaria-de-ambiente-intercambia-conocimientos-sobre-arbolado-urbano-con-delegadas-de-la-alcaldia-de-sao-paulo.html HTTP/1.1" 304 -
216.245.221.92 - - [23/Dec/2023:02:45:26 -0500] "HEAD / HTTP/1.1" 200 -
207.46.13.130 - - [23/Dec/2023:02:46:10 -0500] "GET /BLA/resoluciones/AUTOS%202018/6125.pdf HTTP/1.1" 304 -
201.245.192.253 - - [23/Dec/2023:02:48:09 -0500] "POST /kwsrmcab/Wsrmcab  HTTP/1.1" 200 40220
172.22.2.4 - - [23/Dec/2023:02:47:27 -0500] "HEAD /BLA/boletinlegal/ HTTP/1.1" 200 -
40.77.167.101 - - [23/Dec/2023:02:49:15 -0500] "GET /robots.txt HTTP/1.1" 404 1034
207.46.13.78 - - [23/Dec/2023:02:49:21 -0500] "GET /distrito-recupera-mas-de-20-kilogramos-de-musgo-y-dos-aves-silvestres.html HTTP/1.1" 200 857
207.46.13.154 - - [23/Dec/2023:02:49:21 -0500] "GET /BLA/resoluciones/RESOLUCIONES%202023/2663.pdf HTTP/1.1" 200 477318
172.22.2.4 - - [23/Dec/2023:02:48:18 -0500] "GET /BLA/boletinlegal/ HTTP/1.1" 200 58567
216.245.221.92 - - [23/Dec/2023:02:50:26 -0500] "HEAD / HTTP/1.1" 200 -
201.245.192.253 - - [23/Dec/2023:02:53:08 -0500] "POST /kwsrmcab/Wsrmcab  HTTP/1.1" 200 40220
172.22.2.4 - - [23/Dec/2023:02:53:17 -0500] "HEAD /BLA/boletinlegal/ HTTP/1.1" 200 -
172.22.2.4 - - [23/Dec/2023:02:54:49 -0500] "GET /BLA/boletinlegal/ HTTP/1.1" 200 20427
157.55.39.51 - - [23/Dec/2023:02:55:17 -0500] "GET /BLA/resoluciones/index.php?dir=AUTOS+2021%2F HTTP/1.1" 200 399037
216.245.221.92 - - [23/Dec/2023:02:55:26 -0500] "HEAD / HTTP/1.1" 200 -
172.22.2.4 - - [23/Dec/2023:02:54:08 -0500] "GET /BLA/boletinlegal/ HTTP/1.1" 200 59682
123.126.50.19 - - [23/Dec/2023:02:57:13 -0500] "GET / HTTP/1.1" 200 319
69.63.184.6 - - [23/Dec/2023:02:58:00 -0500] "GET /caminatas-ecologicas-un-plan-imperdible-para-octubre.html HTTP/1.1" 200 747
173.252.87.4 - - [23/Dec/2023:02:58:03 -0500] "GET /images/caminata-ecologica-octubre.jpeg HTTP/1.1" 200 148357
201.245.192.253 - - [23/Dec/2023:02:58:07 -0500] "POST /kwsrmcab/Wsrmcab  HTTP/1.1" 200 40220
173.252.95.119 - - [23/Dec/2023:02:59:47 -0500] "GET /images/arbol%20centro.jpg HTTP/1.1" 200 69467
216.245.221.92 - - [23/Dec/2023:03:00:26 -0500] "HEAD / HTTP/1.1" 200 -
172.22.2.4 - - [23/Dec/2023:02:59:07 -0500] "HEAD /BLA/boletinlegal/ HTTP/1.1" 200 -
172.22.2.4 - - [23/Dec/2023:02:59:59 -0500] "GET /BLA/boletinlegal/ HTTP/1.1" 200 60910
201.245.192.253 - - [23/Dec/2023:03:03:06 -0500] "POST /kwsrmcab/Wsrmcab  HTTP/1.1" 200 40220
216.245.221.92 - - [23/Dec/2023:03:05:26 -0500] "HEAD / HTTP/1.1" 200 -
172.22.2.4 - - [23/Dec/2023:03:06:04 -0500] "GET /BLA/boletinlegal/robots.txt HTTP/1.1" 404 1038
172.22.2.4 - - [23/Dec/2023:03:06:04 -0500] "GET /BLA/boletinlegal/jurisprudencia/analisis/AnalisisC-035-16.docx HTTP/1.1" 200 25011
31.13.127.117 - - [23/Dec/2023:03:06:15 -0500] "GET /secretaria-de-ambiente-reconocio-entidades-por-sus-buenas-practicas-ambientales.html HTTP/1.1" 200 892
173.252.127.7 - - [23/Dec/2023:03:06:18 -0500] "GET /secretaria-de-ambiente-reconocio-entidades-por-sus-buenas-practicas-ambientales.html HTTP/1.1" 200 892
173.252.127.20 - - [23/Dec/2023:03:06:18 -0500] "GET /secretaria-de-ambiente-reconocio-entidades-por-sus-buenas-practicas-ambientales.html HTTP/1.1" 200 892
173.252.127.14 - - [23/Dec/2023:03:06:18 -0500] "GET /secretaria-de-ambiente-reconocio-entidades-por-sus-buenas-practicas-ambientales.html HTTP/1.1" 200 892
172.22.2.4 - - [23/Dec/2023:03:04:58 -0500] "HEAD /BLA/boletinlegal/ HTTP/1.1" 200 -
172.22.2.4 - - [23/Dec/2023:03:05:49 -0500] "GET /BLA/boletinlegal/ HTTP/1.1" 200 60502
201.245.192.253 - - [23/Dec/2023:03:08:05 -0500] "POST /kwsrmcab/Wsrmcab  HTTP/1.1" 200 40220
216.245.221.92 - - [23/Dec/2023:03:10:26 -0500] "HEAD / HTTP/1.1" 200 -
172.22.2.4 - - [23/Dec/2023:03:10:48 -0500] "HEAD /BLA/boletinlegal/ HTTP/1.1" 200 -
201.245.192.253 - - [23/Dec/2023:03:13:04 -0500] "POST /kwsrmcab/Wsrmcab  HTTP/1.1" 200 40220
172.22.2.4 - - [23/Dec/2023:03:11:39 -0500] "GET /BLA/boletinlegal/ HTTP/1.1" 200 60502
216.245.221.92 - - [23/Dec/2023:03:15:26 -0500] "HEAD / HTTP/1.1" 200 -
201.245.192.253 - - [23/Dec/2023:03:16:22 -0500] "POST /kwsrmcab/Wsrmcab HTTP/1.1" 200 38983
201.245.192.253 - - [23/Dec/2023:03:16:25 -0500] "POST /kwsrmcab/Wsrmcab HTTP/1.1" 200 36802
66.249.66.193 - - [23/Dec/2023:03:17:22 -0500] "GET /alcaldia-de-bogota-y-fundacion-exito-entregaron-en-ciudad-bolivar-la-primera-terraza-verde-de-la-capital.html HTTP/1.1" 200 852
201.245.192.253 - - [23/Dec/2023:03:18:02 -0500] "POST /kwsrmcab/Wsrmcab  HTTP/1.1" 200 40220
172.22.2.4 - - [23/Dec/2023:03:16:38 -0500] "HEAD /BLA/boletinlegal/ HTTP/1.1" 200 -
20.240.13.243 - - [23/Dec/2023:03:18:34 -0500] "GET /Publicaciones/2023EE271448.pdf HTTP/1.1" 404 228
172.22.2.4 - - [23/Dec/2023:03:17:29 -0500] "GET /BLA/boletinlegal/ HTTP/1.1" 200 58567
47.128.53.149 - - [23/Dec/2023:03:20:09 -0500] "GET /BLA/resoluciones/dlf/dirup.png HTTP/1.1" 200 644
47.128.53.149 - - [23/Dec/2023:03:20:09 -0500] "GET /BLA/resoluciones/dlf/pdf.gif HTTP/1.1" 200 272
201.245.192.253 - - [23/Dec/2023:03:20:21 -0500] "POST /kwsrmcab/Wsrmcab HTTP/1.1" 200 38983
216.245.221.92 - - [23/Dec/2023:03:20:26 -0500] "HEAD / HTTP/1.1" 200 -
201.245.192.253 - - [23/Dec/2023:03:20:27 -0500] "POST /kwsrmcab/Wsrmcab HTTP/1.1" 200 36802
47.128.111.25 - - [23/Dec/2023:03:20:32 -0500] "GET /BLA/resoluciones/dlf/dirup.png HTTP/1.1" 200 644
47.128.111.25 - - [23/Dec/2023:03:20:32 -0500] "GET /BLA/resoluciones/dlf/pdf.gif HTTP/1.1" 200 272
47.128.53.149 - - [23/Dec/2023:03:20:07 -0500] "GET /BLA/resoluciones/index.php?dir=AUTOS%202009%2F&order=asc&sort=size HTTP/1.1" 200 376779
47.128.111.25 - - [23/Dec/2023:03:20:31 -0500] "GET /BLA/resoluciones/index.php?dir=RESOLUCIONES%202020%2F&order=asc&sort=date HTTP/1.1" 200 170086
47.128.111.25 - - [23/Dec/2023:03:20:51 -0500] "GET /BLA/resoluciones/dlf/archive.png HTTP/1.1" 200 632
47.128.111.58 - - [23/Dec/2023:03:20:56 -0500] "GET /BLA/resoluciones/index.php?dir=RESOLUCIONES+2004%2FRES+2004+1351-1400%2F HTTP/1.1" 200 12359
47.128.111.58 - - [23/Dec/2023:03:20:57 -0500] "GET /BLA/resoluciones/dlf/dirup.png HTTP/1.1" 200 644
47.128.111.58 - - [23/Dec/2023:03:20:57 -0500] "GET /BLA/resoluciones/dlf/unknown.png HTTP/1.1" 200 266
216.244.66.195 - - [23/Dec/2023:03:22:39 -0500] "GET /robots.txt HTTP/1.1" 404 1018
201.245.192.253 - - [23/Dec/2023:03:23:02 -0500] "POST /kwsrmcab/Wsrmcab  HTTP/1.1" 200 40220
172.22.2.4 - - [23/Dec/2023:03:22:28 -0500] "HEAD /BLA/boletinlegal/ HTTP/1.1" 200 -
172.22.2.4 - - [23/Dec/2023:03:23:19 -0500] "GET /BLA/boletinlegal/ HTTP/1.1" 200 60910
181.55.45.11 - - [23/Dec/2023:03:25:25 -0500] "GET /distrito-exalto-a-246-empresas-de-bogota-por-su-alto-desempeno-y-responsabilidad-ambiental-durante-2023.html HTTP/1.1" 200 1039
216.245.221.92 - - [23/Dec/2023:03:25:26 -0500] "HEAD / HTTP/1.1" 200 -
157.55.39.61 - - [23/Dec/2023:03:25:53 -0500] "GET /BLA/resoluciones/Notificaciones/RESOLUCIONES%202023/926.pdf HTTP/1.1" 200 414525
201.245.192.253 - - [23/Dec/2023:03:26:22 -0500] "POST /kwsrmcab/Wsrmcab HTTP/1.1" 200 38983
201.245.192.253 - - [23/Dec/2023:03:26:26 -0500] "POST /kwsrmcab/Wsrmcab HTTP/1.1" 200 36802
201.245.192.253 - - [23/Dec/2023:03:28:00 -0500] "POST /kwsrmcab/Wsrmcab  HTTP/1.1" 200 40220
179.43.191.18 - - [23/Dec/2023:03:28:15 -0500] "GET /distrito-exalto-a-246-empresas-de-bogota-por-su-alto-desempeno-y-responsabilidad-ambiental-durante-2023.html HTTP/1.1" 200 1039
172.22.2.4 - - [23/Dec/2023:03:28:18 -0500] "HEAD /BLA/boletinlegal/ HTTP/1.1" 200 -
201.245.192.253 - - [23/Dec/2023:03:30:20 -0500] "POST /kwsrmcab/Wsrmcab HTTP/1.1" 200 38983
216.245.221.92 - - [23/Dec/2023:03:30:26 -0500] "HEAD / HTTP/1.1" 200 -
201.245.192.253 - - [23/Dec/2023:03:30:25 -0500] "POST /kwsrmcab/Wsrmcab HTTP/1.1" 200 36802
172.22.2.4 - - [23/Dec/2023:03:29:09 -0500] "GET /BLA/boletinlegal/ HTTP/1.1" 200 60502
66.249.75.105 - - [23/Dec/2023:03:31:06 -0500] "GET /appsia/images/cabezoteHojaVida.png HTTP/1.1" 200 32493
47.128.53.98 - - [23/Dec/2023:03:31:28 -0500] "GET /BLA/resoluciones/dlf/dirup.png HTTP/1.1" 200 644
47.128.53.98 - - [23/Dec/2023:03:31:28 -0500] "GET /BLA/resoluciones/dlf/unknown.png HTTP/1.1" 200 266
47.128.53.98 - - [23/Dec/2023:03:31:27 -0500] "GET /BLA/resoluciones/index.php?dir=RESOLUCIONES+2004%2FRES+2004+1801-1850%2F HTTP/1.1" 200 12358
47.128.39.242 - - [23/Dec/2023:03:31:54 -0500] "GET /BLA/resoluciones/dlf/dirup.png HTTP/1.1" 200 644
47.128.39.242 - - [23/Dec/2023:03:31:54 -0500] "GET /BLA/resoluciones/dlf/unknown.png HTTP/1.1" 200 266
47.128.39.242 - - [23/Dec/2023:03:31:53 -0500] "GET /BLA/resoluciones/index.php?dir=RESOLUCIONES+2004%2FRES+2004+1951-2000%2F HTTP/1.1" 200 12355
47.128.53.2 - - [23/Dec/2023:03:32:21 -0500] "GET /BLA/resoluciones/index.php?dir=RESOLUCIONES%202001%2F&order=desc&sort=name HTTP/1.1" 200 25491
47.128.53.2 - - [23/Dec/2023:03:32:22 -0500] "GET /BLA/resoluciones/dlf/pdf.gif HTTP/1.1" 200 272
47.128.53.2 - - [23/Dec/2023:03:32:22 -0500] "GET /BLA/resoluciones/dlf/dirup.png HTTP/1.1" 200 644
47.128.53.2 - - [23/Dec/2023:03:32:23 -0500] "GET /BLA/resoluciones/dlf/unknown.png HTTP/1.1" 200 266
47.128.62.195 - - [23/Dec/2023:03:32:39 -0500] "GET /BLA/resoluciones/index.php?dir=RESOLUCIONES+2004%2FRES+2004+801-850%2F HTTP/1.1" 200 12048
47.128.62.195 - - [23/Dec/2023:03:32:40 -0500] "GET /BLA/resoluciones/dlf/dirup.png HTTP/1.1" 200 644
47.128.62.195 - - [23/Dec/2023:03:32:40 -0500] "GET /BLA/resoluciones/dlf/unknown.png HTTP/1.1" 200 266
172.22.2.4 - - [23/Dec/2023:03:31:22 -0500] "GET /BLA/boletinlegal/ HTTP/1.1" 200 53195
201.245.192.253 - - [23/Dec/2023:03:32:59 -0500] "POST /kwsrmcab/Wsrmcab  HTTP/1.1" 200 40220
47.128.58.146 - - [23/Dec/2023:03:33:10 -0500] "GET /BLA/resoluciones/dlf/dirup.png HTTP/1.1" 200 644
47.128.58.146 - - [23/Dec/2023:03:33:10 -0500] "GET /BLA/resoluciones/dlf/unknown.png HTTP/1.1" 200 266
47.128.58.146 - - [23/Dec/2023:03:33:09 -0500] "GET /BLA/resoluciones/index.php?dir=AUTOS+2006%2FAUTOS+2006+3301+-+3418%2F HTTP/1.1" 200 25807
162.55.171.94 - - [23/Dec/2023:03:33:13 -0500] "GET / HTTP/1.1" 200 4720
162.55.171.94 - - [23/Dec/2023:03:33:15 -0500] "GET / HTTP/1.1" 200 319
47.128.62.48 - - [23/Dec/2023:03:33:27 -0500] "GET /robots.txt HTTP/1.1" 404 1018
216.245.221.92 - - [23/Dec/2023:03:35:26 -0500] "HEAD / HTTP/1.1" 200 -
157.55.39.55 - - [23/Dec/2023:03:35:24 -0500] "GET /BLA/resoluciones/index.php?dir=RESOLUCIONES+2008%2F HTTP/1.1" 200 976272
172.22.2.4 - - [23/Dec/2023:03:34:08 -0500] "HEAD /BLA/boletinlegal/ HTTP/1.1" 200 -
201.245.192.253 - - [23/Dec/2023:03:36:23 -0500] "POST /kwsrmcab/Wsrmcab HTTP/1.1" 200 38983
201.245.192.253 - - [23/Dec/2023:03:36:26 -0500] "POST /kwsrmcab/Wsrmcab HTTP/1.1" 200 36802
172.22.2.4 - - [23/Dec/2023:03:34:59 -0500] "GET /BLA/boletinlegal/ HTTP/1.1" 200 58567
201.245.192.253 - - [23/Dec/2023:03:37:57 -0500] "POST /kwsrmcab/Wsrmcab  HTTP/1.1" 200 40220
201.245.192.253 - - [23/Dec/2023:03:40:20 -0500] "POST /kwsrmcab/Wsrmcab HTTP/1.1" 200 38983
216.245.221.92 - - [23/Dec/2023:03:40:26 -0500] "HEAD / HTTP/1.1" 200 -
201.245.192.253 - - [23/Dec/2023:03:40:25 -0500] "POST /kwsrmcab/Wsrmcab HTTP/1.1" 200 36802
34.69.195.123 - - [23/Dec/2023:03:40:31 -0500] "GET /distrito-exalto-a-246-empresas-de-bogota-por-su-alto-desempeno-y-responsabilidad-ambiental-durante-2023.html HTTP/1.1" 200 1039
162.216.149.155 - - [23/Dec/2023:03:41:16 -0500] "GET / HTTP/1.1" 200 319
172.22.2.4 - - [23/Dec/2023:03:39:58 -0500] "HEAD /BLA/boletinlegal/ HTTP/1.1" 200 -
172.22.2.4 - - [23/Dec/2023:03:40:57 -0500] "GET /BLA/boletinlegal/ HTTP/1.1" 200 24523
66.249.75.104 - - [23/Dec/2023:03:42:03 -0500] "GET /appsia/images/logo_bogota_p.png HTTP/1.1" 200 14951
186.80.54.9 - - [23/Dec/2023:03:42:14 -0500] "GET /distrito-exalto-a-246-empresas-de-bogota-por-su-alto-desempeno-y-responsabilidad-ambiental-durante-2023.html HTTP/1.1" 200 1039
172.22.2.4 - - [23/Dec/2023:03:40:49 -0500] "GET /BLA/boletinlegal/ HTTP/1.1" 200 52889
201.245.192.253 - - [23/Dec/2023:03:42:55 -0500] "POST /kwsrmcab/Wsrmcab  HTTP/1.1" 200 40220
69.171.251.13 - - [23/Dec/2023:03:43:02 -0500] "GET /distrito-exalto-a-246-empresas-de-bogota-por-su-alto-desempeno-y-responsabilidad-ambiental-durante-2023.html HTTP/1.1" 200 1039
173.252.95.23 - - [23/Dec/2023:03:43:02 -0500] "GET /distrito-exalto-a-246-empresas-de-bogota-por-su-alto-desempeno-y-responsabilidad-ambiental-durante-2023.html HTTP/1.1" 200 1039
207.46.13.230 - - [23/Dec/2023:03:44:27 -0500] "GET /robots.txt HTTP/1.1" 404 1049
216.245.221.92 - - [23/Dec/2023:03:45:26 -0500] "HEAD / HTTP/1.1" 200 -
172.22.2.4 - - [23/Dec/2023:03:45:48 -0500] "HEAD /BLA/boletinlegal/ HTTP/1.1" 200 -
201.245.192.253 - - [23/Dec/2023:03:47:54 -0500] "POST /kwsrmcab/Wsrmcab  HTTP/1.1" 200 40220
172.22.2.4 - - [23/Dec/2023:03:46:39 -0500] "GET /BLA/boletinlegal/ HTTP/1.1" 200 60910
172.22.2.4 - - [23/Dec/2023:03:48:58 -0500] "GET /BLA/boletinlegal/ HTTP/1.1" 200 20427
216.245.221.92 - - [23/Dec/2023:03:50:26 -0500] "HEAD / HTTP/1.1" 200 -
207.46.13.54 - - [23/Dec/2023:03:52:13 -0500] "GET /BLA/resoluciones/RESOLUCIONES%202021/2277.pdf HTTP/1.1" 200 513932
201.245.192.253 - - [23/Dec/2023:03:52:52 -0500] "POST /kwsrmcab/Wsrmcab  HTTP/1.1" 200 40220
172.22.2.4 - - [23/Dec/2023:03:51:38 -0500] "HEAD /BLA/boletinlegal/ HTTP/1.1" 200 -
172.22.2.4 - - [23/Dec/2023:03:52:29 -0500] "GET /BLA/boletinlegal/ HTTP/1.1" 200 58567
216.244.66.195 - - [23/Dec/2023:03:54:15 -0500] "GET /BLA/resoluciones/RESOLUCIONES%202016/0828.pdf HTTP/1.1" 200 347206
216.244.66.195 - - [23/Dec/2023:03:54:49 -0500] "GET /BLA/resoluciones/RESOLUCIONES%202017/2455.pdf HTTP/1.1" 200 280173
216.244.66.195 - - [23/Dec/2023:03:55:19 -0500] "GET /BLA/resoluciones/RESOLUCIONES%202017/3164.pdf HTTP/1.1" 200 263409
216.245.221.92 - - [23/Dec/2023:03:55:26 -0500] "HEAD / HTTP/1.1" 200 -
216.244.66.195 - - [23/Dec/2023:03:55:51 -0500] "GET /BLA/resoluciones/RESOLUCIONES%202017/3504.pdf HTTP/1.1" 200 300804
216.244.66.195 - - [23/Dec/2023:03:56:18 -0500] "GET /BLA/resoluciones/RESOLUCIONES%202019/0051.pdf HTTP/1.1" 200 419758
216.244.66.195 - - [23/Dec/2023:03:56:53 -0500] "GET /BLA/resoluciones/RESOLUCIONES%202019/1156.pdf HTTP/1.1" 200 328378
199.16.157.180 - - [23/Dec/2023:03:57:13 -0500] "GET /images/cr%C3%B3nica-29-nov-1_optimized.jpeg HTTP/1.1" 404 1034
216.244.66.195 - - [23/Dec/2023:03:57:23 -0500] "GET /BLA/resoluciones/RESOLUCIONES%202019/1661.pdf HTTP/1.1" 200 343840
216.244.66.195 - - [23/Dec/2023:03:57:51 -0500] "GET /BLA/resoluciones/RESOLUCIONES%202019/1671.pdf HTTP/1.1" 200 292526
201.245.192.253 - - [23/Dec/2023:03:57:52 -0500] "POST /kwsrmcab/Wsrmcab  HTTP/1.1" 200 40220
216.244.66.195 - - [23/Dec/2023:03:58:18 -0500] "GET /BLA/resoluciones/RESOLUCIONES%202019/1840.pdf HTTP/1.1" 200 322725
216.244.66.195 - - [23/Dec/2023:03:58:46 -0500] "GET /BLA/resoluciones/RESOLUCIONES%202019/2612.pdf HTTP/1.1" 200 612987
172.22.2.4 - - [23/Dec/2023:03:57:28 -0500] "HEAD /BLA/boletinlegal/ HTTP/1.1" 200 -
216.244.66.195 - - [23/Dec/2023:03:59:18 -0500] "GET /BLA/resoluciones/RESOLUCIONES%202019/2691.pdf HTTP/1.1" 200 265877
216.244.66.195 - - [23/Dec/2023:03:59:45 -0500] "GET /BLA/resoluciones/RESOLUCIONES%202019/2839.pdf HTTP/1.1" 200 764107
172.22.2.4 - - [23/Dec/2023:03:58:19 -0500] "GET /BLA/boletinlegal/ HTTP/1.1" 200 60502
216.245.221.92 - - [23/Dec/2023:04:00:26 -0500] "HEAD / HTTP/1.1" 200 -
216.244.66.195 - - [23/Dec/2023:04:00:27 -0500] "GET /BLA/resoluciones/RESOLUCIONES%202019/3174.pdf HTTP/1.1" 200 296537
216.244.66.195 - - [23/Dec/2023:04:00:57 -0500] "GET /BLA/resoluciones/RESOLUCIONES%202019/3194.pdf HTTP/1.1" 200 266467
216.244.66.195 - - [23/Dec/2023:04:01:26 -0500] "GET /BLA/resoluciones/RESOLUCIONES%202019/3314.pdf HTTP/1.1" 200 295931
216.244.66.195 - - [23/Dec/2023:04:01:55 -0500] "GET /BLA/resoluciones/RESOLUCIONES%202019/3665.pdf HTTP/1.1" 200 358316
216.244.66.195 - - [23/Dec/2023:04:02:22 -0500] "GET /BLA/resoluciones/AUTOS%202019/1035.pdf HTTP/1.1" 200 251829
216.244.66.195 - - [23/Dec/2023:04:02:48 -0500] "GET /BLA/resoluciones/AUTOS%202019/1136.pdf HTTP/1.1" 200 298665
201.245.192.253 - - [23/Dec/2023:04:02:50 -0500] "POST /kwsrmcab/Wsrmcab  HTTP/1.1" 200 40220
216.244.66.195 - - [23/Dec/2023:04:03:14 -0500] "GET /BLA/resoluciones/AUTOS%202019/1469.pdf HTTP/1.1" 200 262984
216.244.66.195 - - [23/Dec/2023:04:03:39 -0500] "GET /BLA/resoluciones/AUTOS%202019/1508.pdf HTTP/1.1" 200 269505
216.244.66.195 - - [23/Dec/2023:04:04:03 -0500] "GET /BLA/resoluciones/AUTOS%202019/2022.pdf HTTP/1.1" 200 318653
216.244.66.195 - - [23/Dec/2023:04:04:25 -0500] "GET /BLA/resoluciones/AUTOS%202019/2682.pdf HTTP/1.1" 200 254955
172.22.2.4 - - [23/Dec/2023:04:03:18 -0500] "HEAD /BLA/boletinlegal/ HTTP/1.1" 200 -
216.245.221.92 - - [23/Dec/2023:04:05:26 -0500] "HEAD / HTTP/1.1" 200 -
172.22.2.4 - - [23/Dec/2023:04:04:09 -0500] "GET /BLA/boletinlegal/ HTTP/1.1" 200 58567
172.22.2.4 - - [23/Dec/2023:04:06:10 -0500] "GET /BLA/boletinlegal/ HTTP/1.1" 200 20427
172.22.2.4 - - [23/Dec/2023:04:06:39 -0500] "GET /BLA/boletinlegal/favicon.ico HTTP/1.1" 404 1043
157.55.39.8 - - [23/Dec/2023:04:06:47 -0500] "GET /BLA/resoluciones/Notificaciones/REGISTROS%202020/01472.pdf HTTP/1.1" 200 277343
35.240.121.17 - - [23/Dec/2023:04:06:56 -0500] "GET / HTTP/1.1" 200 319
172.22.2.4 - - [23/Dec/2023:04:06:23 -0500] "GET /BLA/boletinlegal/ HTTP/1.1" 200 32715
207.46.13.64 - - [23/Dec/2023:04:07:28 -0500] "GET /sitemap.txt HTTP/1.1" 404 1049
52.167.144.18 - - [23/Dec/2023:04:07:34 -0500] "GET /images/musgo-planta-flora-bogota-27-noviembre.jpg HTTP/1.1" 200 65902
201.245.192.253 - - [23/Dec/2023:04:07:48 -0500] "POST /kwsrmcab/Wsrmcab  HTTP/1.1" 200 40220
79.110.72.158 - - [23/Dec/2023:04:10:13 -0500] "GET /BLA/resoluciones/RESOLUCIONES%202015/0529.pdf HTTP/1.1" 200 601222
216.245.221.92 - - [23/Dec/2023:04:10:26 -0500] "HEAD / HTTP/1.1" 200 -
172.22.2.4 - - [23/Dec/2023:04:09:08 -0500] "HEAD /BLA/boletinlegal/ HTTP/1.1" 200 -
207.46.13.155 - - [23/Dec/2023:04:11:29 -0500] "GET /BLA/resoluciones/RESOLUCIONES%202023/2241.pdf HTTP/1.1" 200 469696
172.22.2.4 - - [23/Dec/2023:04:09:59 -0500] "GET /BLA/boletinlegal/ HTTP/1.1" 200 58567
66.249.66.194 - - [23/Dec/2023:04:12:09 -0500] "GET /el-ejemplo-comienza-por-casa-alcaldia-de-bogota-expide-decreto-para-reducir-plasticos-de-un-solo-uso-en-las-entidades-del-distrito.html HTTP/1.1" 200 1117
201.245.192.253 - - [23/Dec/2023:04:12:48 -0500] "POST /kwsrmcab/Wsrmcab  HTTP/1.1" 200 40220
47.128.38.191 - - [23/Dec/2023:04:13:32 -0500] "GET /BLA/resoluciones/dlf/dirup.png HTTP/1.1" 200 644
47.128.38.191 - - [23/Dec/2023:04:13:32 -0500] "GET /BLA/resoluciones/dlf/pdf.gif HTTP/1.1" 200 272
47.128.53.7 - - [23/Dec/2023:04:13:55 -0500] "GET /BLA/resoluciones/dlf/dirup.png HTTP/1.1" 200 644
47.128.53.7 - - [23/Dec/2023:04:13:55 -0500] "GET /BLA/resoluciones/dlf/pdf.gif HTTP/1.1" 200 272
47.128.38.191 - - [23/Dec/2023:04:13:30 -0500] "GET /BLA/resoluciones/index.php?dir=AUTOS%202020%2F&order=desc&sort=name HTTP/1.1" 200 332686
47.128.34.187 - - [23/Dec/2023:04:14:19 -0500] "GET /BLA/resoluciones/index.php?dir=RESOLUCIONES%202000%2F&order=desc&sort=name HTTP/1.1" 200 29015
47.128.34.187 - - [23/Dec/2023:04:14:20 -0500] "GET /BLA/resoluciones/dlf/pdf.gif HTTP/1.1" 200 272
47.128.34.187 - - [23/Dec/2023:04:14:20 -0500] "GET /BLA/resoluciones/dlf/dirup.png HTTP/1.1" 200 644
47.128.34.187 - - [23/Dec/2023:04:14:20 -0500] "GET /BLA/resoluciones/dlf/unknown.png HTTP/1.1" 200 266
47.128.53.7 - - [23/Dec/2023:04:13:54 -0500] "GET /BLA/resoluciones/index.php?dir=AUTOS%202016%2F&order=asc&sort=date HTTP/1.1" 200 282571
51.222.44.188 - - [23/Dec/2023:04:14:39 -0500] "GET /wp-content/themes/twentyone/index.php HTTP/1.1" 404 1035
51.222.44.188 - - [23/Dec/2023:04:14:42 -0500] "GET /wp-content/themes/twentyone/index.php HTTP/1.1" 404 1032
47.128.38.189 - - [23/Dec/2023:04:14:47 -0500] "GET /BLA/resoluciones/index.php?dir=RESOLUCIONES+2003%2FRES+2003+251-300%2F HTTP/1.1" 200 11115
47.128.38.189 - - [23/Dec/2023:04:14:48 -0500] "GET /BLA/resoluciones/dlf/unknown.png HTTP/1.1" 200 266
47.128.38.189 - - [23/Dec/2023:04:14:48 -0500] "GET /BLA/resoluciones/dlf/dirup.png HTTP/1.1" 200 644
47.128.31.101 - - [23/Dec/2023:04:15:07 -0500] "GET /BLA/resoluciones/dlf/dirup.png HTTP/1.1" 200 644
47.128.31.101 - - [23/Dec/2023:04:15:07 -0500] "GET /BLA/resoluciones/dlf/unknown.png HTTP/1.1" 200 266
47.128.31.101 - - [23/Dec/2023:04:15:05 -0500] "GET /BLA/resoluciones/index.php?dir=RESOLUCIONES+2006%2FRES+2006+1701-1751%2F HTTP/1.1" 200 12369
216.245.221.92 - - [23/Dec/2023:04:15:26 -0500] "HEAD / HTTP/1.1" 200 -
47.128.31.53 - - [23/Dec/2023:04:15:33 -0500] "GET /BLA/resoluciones/dlf/dirup.png HTTP/1.1" 200 644
47.128.31.53 - - [23/Dec/2023:04:15:33 -0500] "GET /BLA/resoluciones/dlf/unknown.png HTTP/1.1" 200 266
47.128.31.53 - - [23/Dec/2023:04:15:32 -0500] "GET /BLA/resoluciones/index.php?dir=RESOLUCIONES+2004%2FRES+2004+2351-2401%2F HTTP/1.1" 200 12572
47.128.96.130 - - [23/Dec/2023:04:16:18 -0500] "GET /BLA/resoluciones/dlf/unknown.png HTTP/1.1" 200 266
47.128.96.130 - - [23/Dec/2023:04:16:18 -0500] "GET /BLA/resoluciones/dlf/dirup.png HTTP/1.1" 200 644
47.128.96.130 - - [23/Dec/2023:04:16:17 -0500] "GET /BLA/resoluciones/index.php?dir=RESOLUCIONES+2006%2FRES+2006+751-800%2F HTTP/1.1" 200 12235
201.245.192.253 - - [23/Dec/2023:04:16:22 -0500] "POST /kwsrmcab/Wsrmcab HTTP/1.1" 200 38984
201.245.192.253 - - [23/Dec/2023:04:16:25 -0500] "POST /kwsrmcab/Wsrmcab HTTP/1.1" 200 36799
66.249.75.104 - - [23/Dec/2023:04:16:31 -0500] "GET /BLA/resoluciones/RESOLUCIONES%202007/RES%202007%203501%20AL%203600/RESOLUCION%203526%20DE%202007.pdf HTTP/1.1" 200 208928
172.22.2.4 - - [23/Dec/2023:04:14:58 -0500] "HEAD /BLA/boletinlegal/ HTTP/1.1" 200 -
47.128.113.27 - - [23/Dec/2023:04:16:42 -0500] "GET /BLA/resoluciones/index.php?dir=RESOLUCIONES+2004%2FRES+2004+501-550%2F HTTP/1.1" 200 12048
47.128.113.27 - - [23/Dec/2023:04:16:43 -0500] "GET /BLA/resoluciones/dlf/unknown.png HTTP/1.1" 200 266
47.128.113.27 - - [23/Dec/2023:04:16:44 -0500] "GET /BLA/resoluciones/dlf/dirup.png HTTP/1.1" 200 644
172.22.2.4 - - [23/Dec/2023:04:15:49 -0500] "GET /BLA/boletinlegal/ HTTP/1.1" 200 60910
201.245.192.253 - - [23/Dec/2023:04:17:46 -0500] "POST /kwsrmcab/Wsrmcab  HTTP/1.1" 200 40220
201.245.192.253 - - [23/Dec/2023:04:20:20 -0500] "POST /kwsrmcab/Wsrmcab HTTP/1.1" 200 38984
216.245.221.92 - - [23/Dec/2023:04:20:26 -0500] "HEAD / HTTP/1.1" 200 -
201.245.192.253 - - [23/Dec/2023:04:20:25 -0500] "POST /kwsrmcab/Wsrmcab HTTP/1.1" 200 36799
51.222.44.188 - - [23/Dec/2023:04:20:40 -0500] "GET /wp-content/themes/twentyone/index.php HTTP/1.1" 404 1035
51.222.44.188 - - [23/Dec/2023:04:20:41 -0500] "GET /wp-content/themes/twentyone/index.php HTTP/1.1" 404 1032
172.22.2.4 - - [23/Dec/2023:04:20:48 -0500] "HEAD /BLA/boletinlegal/ HTTP/1.1" 200 -
66.249.75.104 - - [23/Dec/2023:04:22:42 -0500] "GET /portel_dama/libreria/php/2006/restauracion/22_proye/xtras_in/cni_3.pdf HTTP/1.1" 404 1018
201.245.192.253 - - [23/Dec/2023:04:22:45 -0500] "POST /kwsrmcab/Wsrmcab  HTTP/1.1" 200 40220
172.22.2.4 - - [23/Dec/2023:04:21:39 -0500] "GET /BLA/boletinlegal/ HTTP/1.1" 200 58567
207.46.13.155 - - [23/Dec/2023:04:24:17 -0500] "GET /BLA/resoluciones/RESOLUCIONES%202011/3206.pdf HTTP/1.1" 304 -
66.249.75.106 - - [23/Dec/2023:04:25:23 -0500] "GET /resoluciones/RESOLUCIONES%202008/3425.pdf HTTP/1.1" 404 1018
216.245.221.92 - - [23/Dec/2023:04:25:26 -0500] "HEAD / HTTP/1.1" 200 -
201.245.192.253 - - [23/Dec/2023:04:26:22 -0500] "POST /kwsrmcab/Wsrmcab HTTP/1.1" 200 38984
201.245.192.253 - - [23/Dec/2023:04:26:25 -0500] "POST /kwsrmcab/Wsrmcab HTTP/1.1" 200 36799
52.167.144.225 - - [23/Dec/2023:04:26:56 -0500] "GET /distrito-exalto-a-246-empresas-de-bogota-por-su-alto-desempeno-y-responsabilidad-ambiental-durante-2023.html HTTP/1.1" 200 1039
123.126.50.5 - - [23/Dec/2023:04:27:36 -0500] "GET / HTTP/1.1" 200 319
201.245.192.253 - - [23/Dec/2023:04:27:43 -0500] "POST /kwsrmcab/Wsrmcab  HTTP/1.1" 200 40220
172.22.2.4 - - [23/Dec/2023:04:26:38 -0500] "HEAD /BLA/boletinlegal/ HTTP/1.1" 200 -
157.55.39.8 - - [23/Dec/2023:04:28:39 -0500] "GET /autoliquidacion/grupo%20forestal%20-%20industria%20de%20la%20madera/9-%20instructivo%20diligenciamiento%20reporte%20libro%20operaciones.pdf HTTP/1.1" 200 240020
172.22.2.4 - - [23/Dec/2023:04:27:29 -0500] "GET /BLA/boletinlegal/ HTTP/1.1" 200 58567
66.249.75.104 - - [23/Dec/2023:04:29:28 -0500] "GET /BLA/resoluciones/Autos%202008/2002.pdf HTTP/1.1" 200 180049
201.245.192.253 - - [23/Dec/2023:04:30:20 -0500] "POST /kwsrmcab/Wsrmcab HTTP/1.1" 200 38984
216.245.221.92 - - [23/Dec/2023:04:30:26 -0500] "HEAD / HTTP/1.1" 200 -
201.245.192.253 - - [23/Dec/2023:04:30:25 -0500] "POST /kwsrmcab/Wsrmcab HTTP/1.1" 200 36799
66.249.75.106 - - [23/Dec/2023:04:30:39 -0500] "GET /BLA/resoluciones/RESOLUCIONES%202009/3031.pdf HTTP/1.1" 200 606922
66.249.66.192 - - [23/Dec/2023:04:31:00 -0500] "GET /ojo-con-los-arboles-en-la-temporada-de-vientos.html HTTP/1.1" 200 769
207.46.13.141 - - [23/Dec/2023:04:32:04 -0500] "GET /sitemap.txt HTTP/1.1" 404 1049
201.245.192.253 - - [23/Dec/2023:04:32:43 -0500] "POST /kwsrmcab/Wsrmcab  HTTP/1.1" 200 40220
172.22.2.4 - - [23/Dec/2023:04:32:28 -0500] "HEAD /BLA/boletinlegal/ HTTP/1.1" 200 -
66.249.75.106 - - [23/Dec/2023:04:34:11 -0500] "GET /resoluciones/RESOLUCIONES%202009/1341.pdf HTTP/1.1" 404 1018
66.249.75.104 - - [23/Dec/2023:04:34:16 -0500] "GET /BLA/resoluciones/RESOLUCIONES%202009/3036.pdf HTTP/1.1" 200 423976
172.22.2.4 - - [23/Dec/2023:04:33:19 -0500] "GET /BLA/boletinlegal/ HTTP/1.1" 200 58567
216.245.221.92 - - [23/Dec/2023:04:35:26 -0500] "HEAD / HTTP/1.1" 200 -
172.22.2.4 - - [23/Dec/2023:04:34:56 -0500] "GET /BLA/boletinlegal/ HTTP/1.1" 200 40907
201.245.192.253 - - [23/Dec/2023:04:36:22 -0500] "POST /kwsrmcab/Wsrmcab HTTP/1.1" 200 38984
201.245.192.253 - - [23/Dec/2023:04:36:25 -0500] "POST /kwsrmcab/Wsrmcab HTTP/1.1" 200 36799
152.204.146.216 - - [23/Dec/2023:04:37:26 -0500] "GET /distrito-exalto-a-246-empresas-de-bogota-por-su-alto-desempeno-y-responsabilidad-ambiental-durante-2023.html HTTP/1.1" 200 1039
201.245.192.253 - - [23/Dec/2023:04:37:42 -0500] "POST /kwsrmcab/Wsrmcab  HTTP/1.1" 200 40220
172.22.2.4 - - [23/Dec/2023:04:38:18 -0500] "HEAD /BLA/boletinlegal/ HTTP/1.1" 200 -
201.245.192.253 - - [23/Dec/2023:04:40:20 -0500] "POST /kwsrmcab/Wsrmcab HTTP/1.1" 200 38984
216.245.221.92 - - [23/Dec/2023:04:40:26 -0500] "HEAD / HTTP/1.1" 200 -
201.245.192.253 - - [23/Dec/2023:04:40:25 -0500] "POST /kwsrmcab/Wsrmcab HTTP/1.1" 200 36799
172.22.2.4 - - [23/Dec/2023:04:39:09 -0500] "GET /BLA/boletinlegal/ HTTP/1.1" 200 60502
66.249.75.106 - - [23/Dec/2023:04:40:58 -0500] "GET /BLA/resoluciones/RESOLUCIONES%202018/2548.pdf HTTP/1.1" 200 5126770
173.252.83.10 - - [23/Dec/2023:04:41:00 -0500] "GET /68-de-ejecucion-lleva-el-plan-de-accion-para-las-familias-de-bogota-que-va-del-2021-al-2025.html HTTP/1.1" 200 811
173.252.83.7 - - [23/Dec/2023:04:41:00 -0500] "GET /68-de-ejecucion-lleva-el-plan-de-accion-para-las-familias-de-bogota-que-va-del-2021-al-2025.html HTTP/1.1" 206 811
173.252.83.116 - - [23/Dec/2023:04:41:03 -0500] "GET /68-de-ejecucion-lleva-el-plan-de-accion-para-las-familias-de-bogota-que-va-del-2021-al-2025.html HTTP/1.1" 200 811
66.249.75.104 - - [23/Dec/2023:04:41:18 -0500] "GET /BLA/resoluciones/Autos%202008/3180.pdf HTTP/1.1" 200 205045
66.249.75.105 - - [23/Dec/2023:04:41:37 -0500] "GET /resoluciones/RESOLUCIONES%202008/0476.pdf HTTP/1.1" 404 1018
138.201.157.89 - - [23/Dec/2023:04:42:06 -0500] "GET / HTTP/1.1" 200 319
138.201.157.89 - - [23/Dec/2023:04:42:07 -0500] "GET / HTTP/1.1" 200 4720
191.156.154.175 - - [23/Dec/2023:04:42:35 -0500] "GET /distrito-exalto-a-246-empresas-de-bogota-por-su-alto-desempeno-y-responsabilidad-ambiental-durante-2023.html HTTP/1.1" 200 1039
191.156.154.175 - - [23/Dec/2023:04:42:35 -0500] "GET /favicon.ico HTTP/1.1" 404 1510
201.245.192.253 - - [23/Dec/2023:04:42:40 -0500] "POST /kwsrmcab/Wsrmcab  HTTP/1.1" 200 40220
66.249.75.105 - - [23/Dec/2023:04:43:03 -0500] "GET /BLA/resoluciones/RESOLUCIONES%202009/4458.pdf HTTP/1.1" 200 411262
66.249.75.106 - - [23/Dec/2023:04:43:52 -0500] "GET /BLA/resoluciones/RESOLUCIONES%202007/RES%202007%202801%20AL%202900/RESOLUCION%202873%20DE%202007.pdf HTTP/1.1" 200 351498
66.249.75.105 - - [23/Dec/2023:04:44:09 -0500] "GET /BLA/resoluciones/Autos%202008/1818.pdf HTTP/1.1" 200 144095
69.63.189.118 - - [23/Dec/2023:04:44:24 -0500] "GET /distrito-exalta-48-arboles-patrimoniales-y-15-de-interes-publico-en-bogota.html HTTP/1.1" 200 816
216.245.221.92 - - [23/Dec/2023:04:45:26 -0500] "HEAD / HTTP/1.1" 200 -
172.22.2.4 - - [23/Dec/2023:04:44:08 -0500] "HEAD /BLA/boletinlegal/ HTTP/1.1" 200 -
172.22.2.4 - - [23/Dec/2023:04:44:59 -0500] "GET /BLA/boletinlegal/ HTTP/1.1" 200 58567
201.245.192.253 - - [23/Dec/2023:04:47:40 -0500] "POST /kwsrmcab/Wsrmcab  HTTP/1.1" 200 40220
173.252.111.12 - - [23/Dec/2023:04:49:18 -0500] "GET /alcaldia-de-bogota-y-fundacion-exito-entregaron-en-ciudad-bolivar-la-primera-terraza-verde-de-la-capital.html HTTP/1.1" 200 852
