201.245.192.253 - - [23/Dec/2023:13:16:53 -0500] "GET /BLA/boletinlegal/admin/img/h1.png HTTP/1.1" 200 3227
201.245.192.253 - - [23/Dec/2023:13:16:53 -0500] "GET /BLA/boletinlegal/admin/img/overlay.png HTTP/1.1" 200 984
201.245.192.253 - - [23/Dec/2023:13:16:55 -0500] "GET /BLA/boletinlegal/images/favicon.ico HTTP/1.1" 404 1328
66.249.66.20 - - [23/Dec/2023:13:17:09 -0500] "GET /BLA/resoluciones/RESOLUCIONES%202009/9560.pdf HTTP/1.1" 200 501405
156.59.198.136 - - [23/Dec/2023:13:17:11 -0500] "GET /BLA/resoluciones/RESOLUCIONES%202010/RESOLUCION%201333%20DE%202010.PDF HTTP/1.0" 200 76632
156.59.198.135 - - [23/Dec/2023:13:17:34 -0500] "GET /BLA/resoluciones/AUTOS%202018/3028.pdf HTTP/1.0" 200 337725
191.156.154.176 - - [23/Dec/2023:13:17:47 -0500] "GET /appsia/controlador HTTP/1.1" 200 4799
191.156.154.176 - - [23/Dec/2023:13:17:50 -0500] "GET /appsia/css/estilos.css HTTP/1.1" 200 4804
191.156.154.176 - - [23/Dec/2023:13:17:53 -0500] "GET /appsia/scripts/validarIngreso.js HTTP/1.1" 200 851
156.59.198.135 - - [23/Dec/2023:13:17:59 -0500] "GET /BLA/resoluciones/AUTOS%202018/5893.pdf HTTP/1.0" 200 486690
201.245.192.253 - - [23/Dec/2023:13:17:59 -0500] "POST /BLA/boletinlegal/admin/actos/ingresar.php HTTP/1.1" 200 7302
191.156.154.176 - - [23/Dec/2023:13:17:54 -0500] "GET /appsia/images/cabezoteHojaVida.png HTTP/1.1" 200 32493
172.22.2.4 - - [23/Dec/2023:13:18:07 -0500] "GET /BLA/boletinlegal/actos.php HTTP/1.1" 200 9682
172.22.2.4 - - [23/Dec/2023:13:18:07 -0500] "GET /BLA/boletinlegal/styles2.css HTTP/1.1" 200 1838
172.22.2.4 - - [23/Dec/2023:13:18:07 -0500] "GET /BLA/boletinlegal/js/ajax_actos.js HTTP/1.1" 200 1322
172.22.2.4 - - [23/Dec/2023:13:18:07 -0500] "GET /BLA/boletinlegal/niceforms-default.css HTTP/1.1" 200 6694
172.22.2.4 - - [23/Dec/2023:13:18:07 -0500] "GET /BLA/boletinlegal/style.css HTTP/1.1" 200 9406
172.22.2.4 - - [23/Dec/2023:13:18:07 -0500] "GET /BLA/boletinlegal/niceforms.js HTTP/1.1" 200 22876
172.22.2.4 - - [23/Dec/2023:13:18:07 -0500] "GET /BLA/boletinlegal/js/lib.js HTTP/1.1" 200 6474
172.22.2.4 - - [23/Dec/2023:13:18:07 -0500] "GET /BLA/boletinlegal/js/popup.js HTTP/1.1" 200 1270
172.22.2.4 - - [23/Dec/2023:13:18:07 -0500] "GET /BLA/boletinlegal/images/cabezote%20BLEGAL.jpg HTTP/1.1" 200 118164
172.22.2.4 - - [23/Dec/2023:13:18:07 -0500] "GET /BLA/boletinlegal/js/jquery1.js HTTP/1.1" 200 29846
172.22.2.4 - - [23/Dec/2023:13:18:07 -0500] "GET /BLA/boletinlegal/images/subscribe-icon-big.png HTTP/1.1" 200 47702
172.22.2.4 - - [23/Dec/2023:13:18:07 -0500] "GET /BLA/boletinlegal/images/historia.png HTTP/1.1" 200 52775
172.22.2.4 - - [23/Dec/2023:13:18:07 -0500] "GET /BLA/boletinlegal/images/registro-usuarios.png HTTP/1.1" 200 8106
172.22.2.4 - - [23/Dec/2023:13:18:07 -0500] "GET /BLA/boletinlegal/images/green-yellow-blue-pink-th.png HTTP/1.1" 200 7394
172.22.2.4 - - [23/Dec/2023:13:18:07 -0500] "GET /BLA/boletinlegal/images/tel.png HTTP/1.1" 200 14477
172.22.2.4 - - [23/Dec/2023:13:18:07 -0500] "GET /BLA/boletinlegal/images/icono-email.png HTTP/1.1" 200 5544
172.22.2.4 - - [23/Dec/2023:13:18:07 -0500] "GET /BLA/boletinlegal/images/body_bg.jpg HTTP/1.1" 200 1601
172.22.2.4 - - [23/Dec/2023:13:18:07 -0500] "GET /BLA/boletinlegal/images/menu_lft.gif HTTP/1.1" 200 1713
172.22.2.4 - - [23/Dec/2023:13:18:07 -0500] "GET /BLA/boletinlegal/images/menu_rght.gif HTTP/1.1" 200 1627
172.22.2.4 - - [23/Dec/2023:13:18:07 -0500] "GET /BLA/boletinlegal/images/bg_top.jpg HTTP/1.1" 200 522
172.22.2.4 - - [23/Dec/2023:13:18:07 -0500] "GET /BLA/boletinlegal/images/menu_bg.jpg HTTP/1.1" 200 620
172.22.2.4 - - [23/Dec/2023:13:18:07 -0500] "GET /BLA/boletinlegal/images/hover.jpg HTTP/1.1" 200 640
172.22.2.4 - - [23/Dec/2023:13:18:07 -0500] "GET /BLA/boletinlegal/images/text.jpg HTTP/1.1" 200 568
172.22.2.4 - - [23/Dec/2023:13:18:07 -0500] "GET /BLA/boletinlegal/images/footer_bg.jpg HTTP/1.1" 200 586
172.22.2.4 - - [23/Dec/2023:13:18:07 -0500] "GET /BLA/boletinlegal/images/footer_bg_l.jpg HTTP/1.1" 200 776
172.22.2.4 - - [23/Dec/2023:13:18:08 -0500] "GET /BLA/boletinlegal/img/0.png HTTP/1.1" 200 110
172.22.2.4 - - [23/Dec/2023:13:18:08 -0500] "GET /BLA/boletinlegal/img/select-left.png HTTP/1.1" 200 263
172.22.2.4 - - [23/Dec/2023:13:18:08 -0500] "GET /BLA/boletinlegal/img/select-right.png HTTP/1.1" 200 44019
172.22.2.4 - - [23/Dec/2023:13:18:08 -0500] "GET /BLA/boletinlegal/img/button-left.png HTTP/1.1" 200 57071
172.22.2.4 - - [23/Dec/2023:13:18:08 -0500] "GET /BLA/boletinlegal/img/button.png HTTP/1.1" 200 43241
172.22.2.4 - - [23/Dec/2023:13:18:08 -0500] "GET /BLA/boletinlegal/img/button-right.png HTTP/1.1" 200 57878
172.22.2.4 - - [23/Dec/2023:13:18:08 -0500] "GET /BLA/boletinlegal/favicon.ico HTTP/1.1" 404 1326
172.22.2.4 - - [23/Dec/2023:13:18:14 -0500] "GET /BLA/boletinlegal/consulta_actos.php?tipo=autos&no=8171&usuario=&sector=&fecha=2022&resuelve= HTTP/1.1" 200 1093
172.22.2.4 - - [23/Dec/2023:13:18:14 -0500] "GET /BLA/boletinlegal/images/pdf.gif HTTP/1.1" 200 567
156.59.198.135 - - [23/Dec/2023:13:18:22 -0500] "GET /BLA/resoluciones/RESOLUCIONES%202010/RESOLUCION%204001%20DE%202010.PDF HTTP/1.0" 200 145275
191.156.151.179 - - [23/Dec/2023:13:18:43 -0500] "POST /appsia/controlador HTTP/1.1" 200 5437
191.156.151.179 - - [23/Dec/2023:13:18:45 -0500] "GET /appsia/images/logo_bogota_p.png HTTP/1.1" 200 14951
156.59.198.135 - - [23/Dec/2023:13:18:47 -0500] "GET /BLA/resoluciones/RESOLUCIONES%202009/1602.pdf HTTP/1.0" 200 604804
191.156.151.179 - - [23/Dec/2023:13:18:58 -0500] "POST /appsia/controlador HTTP/1.1" 200 7787
156.59.198.136 - - [23/Dec/2023:13:19:11 -0500] "GET /BLA/resoluciones/RESOLUCIONES%202010/6924.pdf HTTP/1.0" 200 820600
172.22.2.4 - - [23/Dec/2023:13:17:35 -0500] "HEAD /BLA/boletinlegal/ HTTP/1.1" 200 -
191.156.152.156 - - [23/Dec/2023:13:19:19 -0500] "POST /appsia/controlador HTTP/1.1" 200 6660
191.156.152.156 - - [23/Dec/2023:13:19:23 -0500] "POST /appsia/controlador HTTP/1.1" 200 10945
157.55.39.225 - - [23/Dec/2023:13:19:33 -0500] "GET /robots.txt HTTP/1.1" 404 1018
156.59.198.136 - - [23/Dec/2023:13:19:35 -0500] "GET /BLA/resoluciones/RESOLUCIONES%202010/7129.pdf HTTP/1.0" 200 274175
191.156.148.1 - - [23/Dec/2023:13:19:46 -0500] "POST /appsia/controlador HTTP/1.1" 200 75906
156.59.198.136 - - [23/Dec/2023:13:19:59 -0500] "GET /BLA/resoluciones/RESOLUCIONES%202009/1521.pdf HTTP/1.0" 200 414078
172.22.2.4 - - [23/Dec/2023:13:18:26 -0500] "GET /BLA/boletinlegal/ HTTP/1.1" 200 58567
201.245.192.253 - - [23/Dec/2023:13:20:19 -0500] "POST /kwsrmcab/Wsrmcab HTTP/1.1" 200 34682
201.245.192.253 - - [23/Dec/2023:13:20:21 -0500] "POST /kwsrmcab/Wsrmcab  HTTP/1.1" 200 40220
156.59.198.135 - - [23/Dec/2023:13:20:25 -0500] "GET /BLA/resoluciones/RESOLUCIONES%202009/1573.pdf HTTP/1.0" 200 111128
216.245.221.92 - - [23/Dec/2023:13:20:25 -0500] "HEAD / HTTP/1.1" 200 -
201.245.192.253 - - [23/Dec/2023:13:20:24 -0500] "POST /kwsrmcab/Wsrmcab HTTP/1.1" 200 37052
52.167.144.4 - - [23/Dec/2023:13:20:44 -0500] "GET /BLA/resoluciones/RESOLUCIONES%202023/1817.pdf HTTP/1.1" 200 486419
156.59.198.135 - - [23/Dec/2023:13:20:48 -0500] "GET /BLA/resoluciones/RESOLUCIONES%202010/5621.pdf HTTP/1.0" 200 2768330
173.252.79.6 - - [23/Dec/2023:13:20:55 -0500] "GET /mis-de-50-aves-silvestres-fueron-recuperadas-en-la-localidad-de-tunjuelito.html HTTP/1.1" 200 806
173.252.95.15 - - [23/Dec/2023:13:20:59 -0500] "GET /mis-de-50-aves-silvestres-fueron-recuperadas-en-la-localidad-de-tunjuelito.html HTTP/1.1" 206 806
173.252.95.3 - - [23/Dec/2023:13:20:59 -0500] "GET /mis-de-50-aves-silvestres-fueron-recuperadas-en-la-localidad-de-tunjuelito.html HTTP/1.1" 200 806
173.252.95.12 - - [23/Dec/2023:13:21:00 -0500] "GET /mis-de-50-aves-silvestres-fueron-recuperadas-en-la-localidad-de-tunjuelito.html HTTP/1.1" 200 806
173.252.95.7 - - [23/Dec/2023:13:21:00 -0500] "GET /mis-de-50-aves-silvestres-fueron-recuperadas-en-la-localidad-de-tunjuelito.html HTTP/1.1" 200 806
173.252.95.21 - - [23/Dec/2023:13:21:03 -0500] "GET /mis-de-50-aves-silvestres-fueron-recuperadas-en-la-localidad-de-tunjuelito.html HTTP/1.1" 200 806
156.59.198.135 - - [23/Dec/2023:13:21:12 -0500] "GET /BLA/resoluciones/RESOLUCIONES%202010/7293.pdf HTTP/1.0" 200 339796
156.59.198.136 - - [23/Dec/2023:13:21:37 -0500] "GET /BLA/resoluciones/RESOLUCIONES%202009/1622.pdf HTTP/1.0" 200 1065232
186.102.16.81 - - [23/Dec/2023:13:21:37 -0500] "GET /kwssiamovil/sm/ldap/au?x=U2FsdGVkX18xtZVggly3BSYMg8dYpnzPHdpHcHHF+miijcuJP8QpYVu/FyUG1oHK&y=U2FsdGVkX19/4yPN4yRC4x6j7vXvQ0CtGPKnHMaWCR8MUEyiWnOvE92+bIZvsDyJ HTTP/1.1" 200 31
186.102.16.81 - - [23/Dec/2023:13:21:41 -0500] "GET /kwssiamovil/sm/ldap/au?x=U2FsdGVkX1/AV1bUZeZQLoznCIAJQcNcX+dMxh7XZvjXjEklvVWgQIx06kjYAEn5&y=U2FsdGVkX1++vxaTXWL3EKbIL2DV2m8Jh4jThJfLau3OGztYZQbj0ZFK4tnxmQWe HTTP/1.1" 200 31
181.61.205.6 - - [23/Dec/2023:13:21:50 -0500] "GET /sipse/faces/faces/autenticacion.xhtml HTTP/1.1" 200 12407
181.61.205.6 - - [23/Dec/2023:13:21:50 -0500] "GET /sipse/js/disable_browser_buttons.js HTTP/1.1" 200 3230
181.61.205.6 - - [23/Dec/2023:13:21:50 -0500] "GET /sipse/js/funciones.js HTTP/1.1" 200 12592
181.61.205.6 - - [23/Dec/2023:13:21:50 -0500] "GET /sipse/css/custom_css_sg.css HTTP/1.1" 200 9694
181.61.205.6 - - [23/Dec/2023:13:21:50 -0500] "GET /sipse/css/custom_css_sg_prime_login.css HTTP/1.1" 200 443
181.61.205.6 - - [23/Dec/2023:13:21:50 -0500] "GET /sipse/faces/javax.faces.resource/primefaces.css?ln=primefaces&v=4.0 HTTP/1.1" 304 -
181.61.205.6 - - [23/Dec/2023:13:21:50 -0500] "GET /sipse/faces/javax.faces.resource/theme.css?ln=primefaces-sipse HTTP/1.1" 304 -
181.61.205.6 - - [23/Dec/2023:13:21:50 -0500] "GET /sipse/faces/javax.faces.resource/layout/layout.css?ln=primefaces&v=4.0 HTTP/1.1" 304 -
181.61.205.6 - - [23/Dec/2023:13:21:50 -0500] "GET /sipse/faces/javax.faces.resource/jquery/jquery.js?ln=primefaces&v=4.0 HTTP/1.1" 304 -
181.61.205.6 - - [23/Dec/2023:13:21:50 -0500] "GET /sipse/faces/javax.faces.resource/layout/layout.js?ln=primefaces&v=4.0 HTTP/1.1" 304 -
181.61.205.6 - - [23/Dec/2023:13:21:50 -0500] "GET /sipse/faces/javax.faces.resource/jquery/jquery-plugins.js?ln=primefaces&v=4.0 HTTP/1.1" 304 -
181.61.205.6 - - [23/Dec/2023:13:21:50 -0500] "GET /sipse/faces/javax.faces.resource/primefaces.js?ln=primefaces&v=4.0 HTTP/1.1" 304 -
181.61.205.6 - - [23/Dec/2023:13:21:50 -0500] "GET /sipse/faces/javax.faces.resource/images/ui-icons_898989_256x240.png?ln=primefaces-aristo HTTP/1.1" 304 -
181.61.205.6 - - [23/Dec/2023:13:21:50 -0500] "GET /sipse/css/imagen/logoSDG.png HTTP/1.1" 200 53064
181.61.205.6 - - [23/Dec/2023:13:21:50 -0500] "GET /sipse/css/imagen/loginimg.png HTTP/1.1" 200 71635
181.61.205.6 - - [23/Dec/2023:13:21:50 -0500] "GET /sipse/faces/faces/index.xhtml HTTP/1.1" 200 677
181.61.205.6 - - [23/Dec/2023:13:21:50 -0500] "GET /sipse/faces/javax.faces.resource/theme.css?ln=primefaces-sipse HTTP/1.1" 304 -
191.156.233.136 - - [23/Dec/2023:13:21:50 -0500] "GET /appsia/controlador?comando=ingresarMenuPrincipal&id=1095922057&funcionario=JUDITH+LORENA+MEDINA+ARAQUE&desde=1095922057&hasta=1095922057&version=1095922057&accion=Regresar HTTP/1.1" 200 5437
186.102.16.81 - - [23/Dec/2023:13:21:50 -0500] "GET /kwssiamovil/sm/ldap/au?x=U2FsdGVkX18sg9Ijvy23k9PWWV+6MN/3jceoS87zwdo1jEGmfmU3TzkdcMMF7No2&y=U2FsdGVkX1/SGE8MMWk6pY7nSrIxKyZYrD6aIREetlVuaKdDdrpGsVZQLQaX/Nbk HTTP/1.1" 200 30
181.61.205.6 - - [23/Dec/2023:13:21:50 -0500] "GET /sipse/faces/faces/faces/autenticacion.xhtml HTTP/1.1" 200 12407
181.61.205.6 - - [23/Dec/2023:13:21:51 -0500] "GET /sipse/faces/javax.faces.resource/primefaces.css?ln=primefaces&v=4.0 HTTP/1.1" 304 -
181.61.205.6 - - [23/Dec/2023:13:21:51 -0500] "GET /sipse/faces/javax.faces.resource/theme.css?ln=primefaces-sipse HTTP/1.1" 304 -
181.61.205.6 - - [23/Dec/2023:13:21:51 -0500] "GET /sipse/faces/javax.faces.resource/jquery/jquery.js?ln=primefaces&v=4.0 HTTP/1.1" 304 -
181.61.205.6 - - [23/Dec/2023:13:21:51 -0500] "GET /sipse/faces/javax.faces.resource/layout/layout.css?ln=primefaces&v=4.0 HTTP/1.1" 304 -
181.61.205.6 - - [23/Dec/2023:13:21:51 -0500] "GET /sipse/faces/javax.faces.resource/jquery/jquery-plugins.js?ln=primefaces&v=4.0 HTTP/1.1" 304 -
181.61.205.6 - - [23/Dec/2023:13:21:51 -0500] "GET /sipse/faces/javax.faces.resource/primefaces.js?ln=primefaces&v=4.0 HTTP/1.1" 304 -
186.102.16.81 - - [23/Dec/2023:13:21:51 -0500] "GET /kwssiamovil/sm/acme/s?s=U2FsdGVkX19hm01+xErkBm8BuohaJBbvXSFEAUiHnabAS8JQrzNW7xzkCSuzAcq3sK1/cwiJO7BhtGvQ7skoFPJoFf8AMze8m7Cz0Q5IqaM=&u=U2FsdGVkX1+dbP31ZkVbGFnQGP1sry5X7g7rSi5y0d8=&y=U2FsdGVkX1/SGE8MMWk6pY7nSrIxKyZYrD6aIREetlVuaKdDdrpGsVZQLQaX/Nbk HTTP/1.1" 200 97
181.61.205.6 - - [23/Dec/2023:13:21:51 -0500] "GET /sipse/faces/javax.faces.resource/layout/layout.js?ln=primefaces&v=4.0 HTTP/1.1" 304 -
186.102.16.81 - - [23/Dec/2023:13:21:51 -0500] "GET /kwssiamovil/sm/acme/s?s=U2FsdGVkX18Ct/vgOP/t3zfP4AN1YcJtetClmDPIhjWEV+/gENge3WKH6K0B/3+fzQ7dgzHv28iYXt4qBliFUU6kH4zQvDN/Et/IonkTrAgIKmg3rRJ4DBeKlYW2YTFwzFciVQsdL50RjA5zROUevfjqK3A6vZUieu9Lx+8ZIBgkkx/DaarmVBrqgrmn9w8djQw7gHXr1zV4p71qBNgUyf8Z23wccX/n1JrUfyzx5KytoJw2LPrTeaCOPdiNx4OzR9UoYKKrCPlV4aLuGWiHRO7H8evqK8rYVbwCcIQKbtH5fV4iwiuZlYUUnlrTUP8bIZXOfh6Vaar6iaC+yPbrSG+tyvSQCt7cVndjX6Dwbctqn7mBo8mJiRhz0DtgPyyfeGZH05M5ZL9NE4idIglzP6nhMrYK5jbQW2P7HbVuYvWLT5F6AI/zwGjDKKjcmhQ0/mOwM5CQFNZXh8XGqJemOQ+Hcx1R4MVGdPNy1XqdiSNnvLTAHf8V1zNhiMqMV42fxC9vJiL6j8+wkj2m7US9YQHlLTIrD2fJYOI13NSc+tCUh5VcdcaLc3AbK0cO756ZDyZWzuRZMcv5rrJ9hy52jWhXujGocF6ltm6qwHIieoQ1FsC6xl/9VZ8MbMQRdwCWHPdmAeGh8kG+AnPOBkYWvZ18479qpgKTRafA1smw1qnYdO4VrMsV3/Y3yV5b7xoMK9vWNOLSitK8KxRUvTXoSdBcWEaMAHSmSeUl+f2kdWYWZ/HPWGhuXHDlgg1tkoY+BeHmj6RArb6Ssmd01xmsF8Y63yv9raFI53yzc4qtSwqcdsTDoIQ6kKRKAU5LJVwSYLNPEL9xwYIOM3uL2ZR8cBS/BnRX0RtxveGo5I91FKPN/lgu0TxTsSXe0jYupGDCzXYKo0sk2MTQySmQpII4/tPkjbwAvn2tq9Q2y6m9WzksfHKFdfXNw38EtoqvP16E0Hfj4A26gTU4X4cr7yOCaNm/WDvhu1UySHcH9/hN7zS/N+6JmO4bevHLLV/v44exJ2lgJSUo4wRFPttQ1G/jCE0D43oMdkWJft+Z8gFSaWyzhqUVtejpi0+iWOS7ecAtfDAH8hrU7vdY7nSG+yWZw3Wa5A54T4DxbPkOavc+9vg1VOBZUWU19KrvOa7jIXgUZBoNOZszup7x/Gk0eYv7KphEOi8g0Emb8Q+dDUL/wQd+bNVL71oTKEX3b8GFkj+C60C4y0Zm+hlR2SU389d/YgZfoW9vxGGEGNpZzG7P+ESrZemukb9M2gnWdTlGPuIRnzzDub1j0BFz60vPqXCNs2o0IoM39bvpWOoNzJmYanubWLsVmt1y78hWr5+edrJLnCDq+o32c35Vq/FTgs2doQm8HJ6JMdAFmHbVzFJP09LG5fOzBxmogj9px1glyCpt3wqSrlckIyyO1+m8PCjVoj2BbpwfOozLhBi/c/zsNJGE3MIr8U4oMCafO7vKrPfvf/J2F6WetC6gKj9KDlhWXH8CkZAclih87WnC7n//u9oyiPfiUGDk5Ys3eCOhy9JDbTGCAuQniL9HnnAnc7ywX0rfkyxqndNXVcLyvlRwZZ6FXbNu4rc3DYPfyL5iYjrrwklJEug2jxtHJpDtb4eLeoB+5snt7xOs4QhJNIYa0kx4qCXnJGd+5sYIZogjB7f6ydmkEWQHV8qlYclL8LEOHqnjXRu6BwibEyDDyXVsnYwfKDj6ByNt8RmCQVhdf2ReG2WTiQ0ZM2icrdUateycpScgf5GfElW1YHgVxXf6X0w=&u=U2FsdGVkX1+dbP31ZkVbGFnQGP1sry5X7g7rSi5y0d8=&y=U2FsdGVkX1/SGE8MMWk6pY7nSrIxKyZYrD6aIREetlVuaKdDdrpGsVZQLQaX/Nbk HTTP/1.1" 200 2674
186.102.16.81 - - [23/Dec/2023:13:21:51 -0500] "GET /kwssiamovil/sm/acme/s?s=U2FsdGVkX18NrLh2R3zccLpv3YexNpbPpSaQdgeFE64bNRHPQKSRyWV8/3bFSSHCi8Qrf11YYcca4FeB/XWOFOEKASpKVfQQeJGCCxf402+avF7jMfbMnLKmNPeDBFdCQ3qXl4x9lBpW439UFxT/e+MOf9n/8/pCQ7HG4CK7QRgCCDDSwU1m5QVVW2kcmoftdNmtahUsH31esa41EsN1p69ugMoecfS2DFj+VRVEi5KFTLzAJjkPoWuLxLkqyLZ/tC+kjnYLZom0aSJsAx3ZTQ6B/Y9T/04MVW73+Dx4ZLdD8ju2G227ECSfbogBSyO0J/MB+o5Qw2TarBDOCptWg9MuALOeGWcPYwZXvf2L5zZU83BzuCS/5aeN3zg102N1rD+ndHVaDR1iLkdcjkx8wLk8eOoj2joS6bma1LzhxyiIZa13Rwt6IbjKHBYqnGMXfE5iXlYTBS5nNh5/FAzGY3q9iFGzXx0KQr+JTx/5yQNS3CtB8/p5HvDEfDPfCVBufHM0Mq5GIIDDxXLFHoiogSTBcs8nBnhjuqGTcFlb+/hG/CZKMtXxf6Fi0KPiCvnpL0iy5yaGKXMxMXf0+/QDz8t9IUWLDek+FX81D8npAek52+YW2xp1bXe/ddCWaAzVFLVyc1aRudtB5kFBjUM77rqW/te2N05AlubbPATVDCRoShxkFLH9wMUpz5Rin+su067nASysPgBOxjj4ILac86B/azGBElL/YHGXPbu/++t2Duhidb9sGg00cXaTSFwU&u=U2FsdGVkX1+dbP31ZkVbGFnQGP1sry5X7g7rSi5y0d8=&y=U2FsdGVkX1/SGE8MMWk6pY7nSrIxKyZYrD6aIREetlVuaKdDdrpGsVZQLQaX/Nbk HTTP/1.1" 200 208
186.102.16.81 - - [23/Dec/2023:13:21:51 -0500] "GET /kwssiamovil/sm/cjson/pre?f=1&x=U2FsdGVkX18sg9Ijvy23k9PWWV+6MN/3jceoS87zwdo1jEGmfmU3TzkdcMMF7No2 HTTP/1.1" 200 31032
181.61.205.6 - - [23/Dec/2023:13:21:58 -0500] "POST /sipse/faces/autenticacion.xhtml HTTP/1.1" 200 2222
181.61.205.6 - - [23/Dec/2023:13:21:58 -0500] "GET /sipse/faces/javax.faces.resource/messages/messages.png?ln=primefaces&v=4.0 HTTP/1.1" 304 -
181.61.205.6 - - [23/Dec/2023:13:22:00 -0500] "GET /sipse/faces/javax.faces.resource/images/ui-icons_898989_256x240.png?ln=primefaces-aristo HTTP/1.1" 304 -
181.61.205.6 - - [23/Dec/2023:13:22:01 -0500] "POST /sipse/faces/autenticacion.xhtml HTTP/1.1" 200 16472
181.61.205.6 - - [23/Dec/2023:13:22:01 -0500] "GET /sipse/css/custom_css_sg_prime.css HTTP/1.1" 200 5201
181.61.205.6 - - [23/Dec/2023:13:22:01 -0500] "GET /sipse/faces/javax.faces.resource/theme.css?ln=primefaces-sipse HTTP/1.1" 304 -
181.61.205.6 - - [23/Dec/2023:13:22:01 -0500] "GET /sipse/faces/javax.faces.resource/primefaces.css?ln=primefaces&v=4.0 HTTP/1.1" 304 -
181.61.205.6 - - [23/Dec/2023:13:22:01 -0500] "GET /sipse/faces/javax.faces.resource/layout/layout.css?ln=primefaces&v=4.0 HTTP/1.1" 304 -
181.61.205.6 - - [23/Dec/2023:13:22:01 -0500] "GET /sipse/js/jquery.min.js HTTP/1.1" 200 85582
156.59.198.135 - - [23/Dec/2023:13:22:01 -0500] "GET /BLA/resoluciones/RESOLUCIONES%202010/7676.pdf HTTP/1.0" 200 463007
181.61.205.6 - - [23/Dec/2023:13:22:01 -0500] "GET /sipse/faces/javax.faces.resource/jquery/jquery.js?ln=primefaces&v=4.0 HTTP/1.1" 304 -
181.61.205.6 - - [23/Dec/2023:13:22:01 -0500] "GET /sipse/faces/javax.faces.resource/jquery/jquery-plugins.js?ln=primefaces&v=4.0 HTTP/1.1" 304 -
181.61.205.6 - - [23/Dec/2023:13:22:01 -0500] "GET /sipse/faces/javax.faces.resource/primefaces.js?ln=primefaces&v=4.0 HTTP/1.1" 304 -
181.61.205.6 - - [23/Dec/2023:13:22:01 -0500] "GET /sipse/faces/javax.faces.resource/layout/layout.js?ln=primefaces&v=4.0 HTTP/1.1" 304 -
181.61.205.6 - - [23/Dec/2023:13:22:01 -0500] "GET /sipse/css/v_mergente.css HTTP/1.1" 200 1505
181.61.205.6 - - [23/Dec/2023:13:22:01 -0500] "GET /sipse/css/imagen/contrasena.png HTTP/1.1" 404 383
181.61.205.6 - - [23/Dec/2023:13:22:01 -0500] "GET /sipse/imagenes/cargando.gif HTTP/1.1" 200 36959
181.61.205.6 - - [23/Dec/2023:13:22:01 -0500] "GET /sipse/imagenes/logoAplicacion.jpg HTTP/1.1" 200 155084
191.156.233.136 - - [23/Dec/2023:13:22:11 -0500] "POST /appsia/controlador HTTP/1.1" 200 7787
191.156.233.136 - - [23/Dec/2023:13:22:17 -0500] "POST /appsia/controlador HTTP/1.1" 200 6660
191.156.233.136 - - [23/Dec/2023:13:22:20 -0500] "POST /appsia/controlador HTTP/1.1" 200 11725
191.156.233.136 - - [23/Dec/2023:13:22:24 -0500] "POST /appsia/controlador HTTP/1.1" 200 76000
156.59.198.135 - - [23/Dec/2023:13:22:25 -0500] "GET /BLA/resoluciones/RESOLUCIONES%202022/0441.pdf HTTP/1.0" 200 343581
181.61.205.6 - - [23/Dec/2023:13:22:30 -0500] "GET /sipse/faces/javax.faces.resource/images/ui-bg_flat_0_2d5972_40x100.png?ln=primefaces-aristo HTTP/1.1" 304 -
181.61.205.6 - - [23/Dec/2023:13:22:30 -0500] "POST /sipse/faces/bienvenido.xhtml HTTP/1.1" 200 9852
181.61.205.6 - - [23/Dec/2023:13:22:31 -0500] "POST /sipse/faces/bienvenido.xhtml HTTP/1.1" 200 2060
181.61.205.6 - - [23/Dec/2023:13:22:32 -0500] "POST /sipse/faces/bienvenido.xhtml HTTP/1.1" 200 32566
181.61.205.6 - - [23/Dec/2023:13:22:33 -0500] "GET /sipse/faces/javax.faces.resource/theme.css?ln=primefaces-sipse HTTP/1.1" 304 -
181.61.205.6 - - [23/Dec/2023:13:22:33 -0500] "GET /sipse/faces/javax.faces.resource/primefaces.css?ln=primefaces&v=4.0 HTTP/1.1" 304 -
181.61.205.6 - - [23/Dec/2023:13:22:33 -0500] "GET /sipse/faces/javax.faces.resource/layout/layout.css?ln=primefaces&v=4.0 HTTP/1.1" 304 -
181.61.205.6 - - [23/Dec/2023:13:22:33 -0500] "GET /sipse/faces/javax.faces.resource/jquery/jquery.js?ln=primefaces&v=4.0 HTTP/1.1" 304 -
181.61.205.6 - - [23/Dec/2023:13:22:33 -0500] "GET /sipse/faces/javax.faces.resource/jquery/jquery-plugins.js?ln=primefaces&v=4.0 HTTP/1.1" 304 -
181.61.205.6 - - [23/Dec/2023:13:22:33 -0500] "GET /sipse/faces/javax.faces.resource/primefaces.js?ln=primefaces&v=4.0 HTTP/1.1" 304 -
181.61.205.6 - - [23/Dec/2023:13:22:33 -0500] "GET /sipse/faces/javax.faces.resource/layout/layout.js?ln=primefaces&v=4.0 HTTP/1.1" 304 -
181.61.205.6 - - [23/Dec/2023:13:22:33 -0500] "POST /sipse/faces/presentacion/financiero/solicitudProceso/listarSolicitudProceso.xhtml HTTP/1.1" 200 1376
181.61.205.6 - - [23/Dec/2023:13:22:40 -0500] "POST /sipse/faces/presentacion/financiero/solicitudProceso/listarSolicitudProceso.xhtml HTTP/1.1" 200 24765
181.61.205.6 - - [23/Dec/2023:13:22:40 -0500] "POST /sipse/faces/presentacion/financiero/solicitudProceso/listarSolicitudProceso.xhtml HTTP/1.1" 200 24765
181.61.205.6 - - [23/Dec/2023:13:22:40 -0500] "POST /sipse/faces/presentacion/financiero/solicitudProceso/listarSolicitudProceso.xhtml HTTP/1.1" 200 1420
181.61.205.6 - - [23/Dec/2023:13:22:41 -0500] "POST /sipse/faces/presentacion/financiero/solicitudProceso/listarSolicitudProceso.xhtml HTTP/1.1" 200 1428
181.61.205.6 - - [23/Dec/2023:13:22:41 -0500] "POST /sipse/faces/presentacion/financiero/solicitudProceso/listarSolicitudProceso.xhtml HTTP/1.1" 200 2673
181.61.205.6 - - [23/Dec/2023:13:22:42 -0500] "POST /sipse/faces/presentacion/financiero/solicitudProceso/listarSolicitudProceso.xhtml HTTP/1.1" 200 193
181.61.205.6 - - [23/Dec/2023:13:22:42 -0500] "POST /sipse/faces/presentacion/financiero/solicitudProceso/listarSolicitudProceso.xhtml HTTP/1.1" 200 193
181.61.205.6 - - [23/Dec/2023:13:22:42 -0500] "GET /sipse/faces/presentacion/financiero/solicitudAnulacion/consultarSolicitudAnulacion.xhtml HTTP/1.1" 200 26157
181.61.205.6 - - [23/Dec/2023:13:22:42 -0500] "GET /sipse/faces/presentacion/financiero/solicitudAnulacion/consultarSolicitudAnulacion.xhtml HTTP/1.1" 200 35374
181.61.205.6 - - [23/Dec/2023:13:22:42 -0500] "GET /sipse/faces/javax.faces.resource/primefaces.css?ln=primefaces&v=4.0 HTTP/1.1" 304 -
181.61.205.6 - - [23/Dec/2023:13:22:42 -0500] "GET /sipse/faces/javax.faces.resource/theme.css?ln=primefaces-sipse HTTP/1.1" 304 -
181.61.205.6 - - [23/Dec/2023:13:22:42 -0500] "GET /sipse/faces/javax.faces.resource/layout/layout.css?ln=primefaces&v=4.0 HTTP/1.1" 304 -
181.61.205.6 - - [23/Dec/2023:13:22:42 -0500] "GET /sipse/faces/javax.faces.resource/jquery/jquery.js?ln=primefaces&v=4.0 HTTP/1.1" 304 -
181.61.205.6 - - [23/Dec/2023:13:22:42 -0500] "GET /sipse/faces/javax.faces.resource/primefaces.js?ln=primefaces&v=4.0 HTTP/1.1" 304 -
181.61.205.6 - - [23/Dec/2023:13:22:42 -0500] "GET /sipse/faces/javax.faces.resource/jquery/jquery-plugins.js?ln=primefaces&v=4.0 HTTP/1.1" 304 -
181.61.205.6 - - [23/Dec/2023:13:22:42 -0500] "GET /sipse/faces/javax.faces.resource/layout/layout.js?ln=primefaces&v=4.0 HTTP/1.1" 304 -
181.61.205.6 - - [23/Dec/2023:13:22:42 -0500] "POST /sipse/faces/presentacion/financiero/solicitudAnulacion/consultarSolicitudAnulacion.xhtml HTTP/1.1" 200 10624
156.59.198.136 - - [23/Dec/2023:13:22:51 -0500] "GET /BLA/resoluciones/Notificaciones/AUTOS%202019/3290.pdf HTTP/1.0" 200 224863
181.61.205.6 - - [23/Dec/2023:13:22:57 -0500] "POST /sipse/faces/presentacion/financiero/solicitudAnulacion/consultarSolicitudAnulacion.xhtml HTTP/1.1" 200 14809
181.61.205.6 - - [23/Dec/2023:13:23:00 -0500] "POST /sipse/faces/presentacion/financiero/solicitudAnulacion/consultarSolicitudAnulacion.xhtml HTTP/1.1" 200 39099
181.61.205.6 - - [23/Dec/2023:13:23:00 -0500] "GET /sipse/faces/javax.faces.resource/theme.css?ln=primefaces-sipse HTTP/1.1" 304 -
181.61.205.6 - - [23/Dec/2023:13:23:01 -0500] "GET /sipse/faces/javax.faces.resource/primefaces.css?ln=primefaces&v=4.0 HTTP/1.1" 304 -
181.61.205.6 - - [23/Dec/2023:13:23:01 -0500] "GET /sipse/faces/javax.faces.resource/layout/layout.css?ln=primefaces&v=4.0 HTTP/1.1" 304 -
181.61.205.6 - - [23/Dec/2023:13:23:01 -0500] "GET /sipse/faces/javax.faces.resource/jquery/jquery.js?ln=primefaces&v=4.0 HTTP/1.1" 304 -
181.61.205.6 - - [23/Dec/2023:13:23:01 -0500] "GET /sipse/faces/javax.faces.resource/jquery/jquery-plugins.js?ln=primefaces&v=4.0 HTTP/1.1" 304 -
181.61.205.6 - - [23/Dec/2023:13:23:01 -0500] "GET /sipse/faces/javax.faces.resource/primefaces.js?ln=primefaces&v=4.0 HTTP/1.1" 304 -
181.61.205.6 - - [23/Dec/2023:13:23:01 -0500] "GET /sipse/faces/javax.faces.resource/layout/layout.js?ln=primefaces&v=4.0 HTTP/1.1" 304 -
191.156.233.136 - - [23/Dec/2023:13:23:03 -0500] "POST /appsia/controlador HTTP/1.1" 200 5437
66.249.66.19 - - [23/Dec/2023:13:23:05 -0500] "GET /BLA/resoluciones/RESOLUCIONES%202012/1081.pdf HTTP/1.1" 200 435221
181.61.205.6 - - [23/Dec/2023:13:23:05 -0500] "POST /sipse/faces/presentacion/financiero/solicitudProceso/consultar.xhtml HTTP/1.1" 200 12784
185.191.171.14 - - [23/Dec/2023:13:23:06 -0500] "GET /robots.txt HTTP/1.1" 404 1035
191.156.233.136 - - [23/Dec/2023:13:23:06 -0500] "POST /appsia/controlador HTTP/1.1" 200 7787
185.191.171.2 - - [23/Dec/2023:13:23:06 -0500] "GET /portaldeninos/humedal-jaboque-2/ HTTP/1.1" 200 87846
66.249.66.19 - - [23/Dec/2023:13:23:10 -0500] "GET /BLA/resoluciones/Autos%202008/1842.pdf HTTP/1.1" 200 276383
181.61.205.6 - - [23/Dec/2023:13:23:12 -0500] "POST /sipse/faces/presentacion/financiero/solicitudProceso/consultar.xhtml HTTP/1.1" 200 118062
181.61.205.6 - - [23/Dec/2023:13:23:13 -0500] "GET /sipse/faces/javax.faces.resource/layout/layout.css?ln=primefaces&v=4.0 HTTP/1.1" 304 -
181.61.205.6 - - [23/Dec/2023:13:23:13 -0500] "GET /sipse/faces/javax.faces.resource/theme.css?ln=primefaces-sipse HTTP/1.1" 304 -
181.61.205.6 - - [23/Dec/2023:13:23:13 -0500] "GET /sipse/faces/javax.faces.resource/primefaces.css?ln=primefaces&v=4.0 HTTP/1.1" 304 -
181.61.205.6 - - [23/Dec/2023:13:23:13 -0500] "GET /sipse/faces/javax.faces.resource/jquery/jquery.js?ln=primefaces&v=4.0 HTTP/1.1" 304 -
181.61.205.6 - - [23/Dec/2023:13:23:13 -0500] "GET /sipse/faces/javax.faces.resource/jquery/jquery-plugins.js?ln=primefaces&v=4.0 HTTP/1.1" 304 -
181.61.205.6 - - [23/Dec/2023:13:23:13 -0500] "GET /sipse/faces/javax.faces.resource/primefaces.js?ln=primefaces&v=4.0 HTTP/1.1" 304 -
181.61.205.6 - - [23/Dec/2023:13:23:13 -0500] "GET /sipse/faces/javax.faces.resource/layout/layout.js?ln=primefaces&v=4.0 HTTP/1.1" 304 -
156.59.198.136 - - [23/Dec/2023:13:23:13 -0500] "GET /BLA/resoluciones/RESOLUCIONES%202009/1365.pdf HTTP/1.0" 200 493473
191.156.233.136 - - [23/Dec/2023:13:23:14 -0500] "POST /appsia/controlador HTTP/1.1" 200 6660
191.156.233.136 - - [23/Dec/2023:13:23:18 -0500] "POST /appsia/controlador HTTP/1.1" 200 10945
191.156.233.136 - - [23/Dec/2023:13:23:24 -0500] "POST /appsia/controlador HTTP/1.1" 200 75905
156.59.198.135 - - [23/Dec/2023:13:23:39 -0500] "GET /BLA/resoluciones/RESOLUCIONES%202010/7552.pdf HTTP/1.0" 200 409758
181.61.205.6 - - [23/Dec/2023:13:23:52 -0500] "POST /sipse/faces/presentacion/financiero/solicitudProceso/consultarSolicitudProceso.xhtml HTTP/1.1" 200 235405
156.59.198.136 - - [23/Dec/2023:13:24:03 -0500] "GET /BLA/resoluciones/AUTOS%202014/3805.pdf HTTP/1.0" 200 532341
156.59.198.136 - - [23/Dec/2023:13:24:27 -0500] "GET /BLA/resoluciones/Notificaciones/RESOLUCIONES%202022/2761.pdf HTTP/1.0" 200 413733
156.59.198.136 - - [23/Dec/2023:13:24:51 -0500] "GET /BLA/resoluciones/Notificaciones/AUTOS%202019/3106.pdf HTTP/1.0" 200 254959
172.22.2.4 - - [23/Dec/2023:13:23:25 -0500] "HEAD /BLA/boletinlegal/ HTTP/1.1" 200 -
156.59.198.135 - - [23/Dec/2023:13:25:15 -0500] "GET /BLA/resoluciones/RESOLUCIONES%202022/3438.pdf HTTP/1.0" 200 442136
201.245.192.253 - - [23/Dec/2023:13:25:19 -0500] "POST /kwsrmcab/Wsrmcab  HTTP/1.1" 200 40220
216.245.221.92 - - [23/Dec/2023:13:25:25 -0500] "HEAD / HTTP/1.1" 200 -
156.59.198.136 - - [23/Dec/2023:13:25:39 -0500] "GET /BLA/resoluciones/RESOLUCIONES%202010/7101.pdf HTTP/1.0" 200 278295
172.22.2.4 - - [23/Dec/2023:13:24:16 -0500] "GET /BLA/boletinlegal/ HTTP/1.1" 200 60910
156.59.198.135 - - [23/Dec/2023:13:26:03 -0500] "GET /BLA/resoluciones/RESOLUCIONES%202010/7079.pdf HTTP/1.0" 200 197779
66.249.66.21 - - [23/Dec/2023:13:26:11 -0500] "GET /BLA/resoluciones/RESOLUCIONES%202019/0427.pdf HTTP/1.1" 200 265237
201.245.192.253 - - [23/Dec/2023:13:26:20 -0500] "POST /kwsrmcab/Wsrmcab HTTP/1.1" 200 34682
201.245.192.253 - - [23/Dec/2023:13:26:23 -0500] "POST /kwsrmcab/Wsrmcab HTTP/1.1" 200 37052
156.59.198.135 - - [23/Dec/2023:13:26:28 -0500] "GET /BLA/resoluciones/RESOLUCIONES%202022/4815.pdf HTTP/1.0" 200 481823
156.59.198.136 - - [23/Dec/2023:13:26:52 -0500] "GET /BLA/resoluciones/RESOLUCIONES%202022/2225.pdf HTTP/1.0" 200 634177
66.249.66.21 - - [23/Dec/2023:13:27:00 -0500] "GET /BLA/resoluciones/RESOLUCIONES%202009/8485.pdf HTTP/1.1" 200 3387527
156.59.198.135 - - [23/Dec/2023:13:27:16 -0500] "GET /BLA/resoluciones/Notificaciones/RESOLUCIONES%202021/4645.pdf HTTP/1.0" 200 381374
181.61.205.6 - - [23/Dec/2023:13:27:23 -0500] "POST /sipse/faces/presentacion/financiero/solicitudProceso/consultarSolicitudProceso.xhtml HTTP/1.1" 200 2136390
156.59.198.135 - - [23/Dec/2023:13:27:40 -0500] "GET /BLA/resoluciones/RESOLUCIONES%202010/7782.pdf HTTP/1.0" 200 119796
156.59.198.136 - - [23/Dec/2023:13:28:05 -0500] "GET /BLA/resoluciones/Notificaciones/RESOLUCIONES%202022/2217.pdf HTTP/1.0" 200 410022
156.59.198.136 - - [23/Dec/2023:13:28:30 -0500] "GET /BLA/resoluciones/RESOLUCIONES%202007/RES%202007%203901%20AL%204000/RESOLUCION%203981%20DE%202007.pdf HTTP/1.0" 200 753685
156.59.198.135 - - [23/Dec/2023:13:28:54 -0500] "GET /BLA/resoluciones/Notificaciones/RESOLUCIONES%202022/3135.pdf HTTP/1.0" 200 428872
156.59.198.135 - - [23/Dec/2023:13:29:18 -0500] "GET /BLA/resoluciones/AUTOS%202014/4377.pdf HTTP/1.0" 200 543921
156.59.198.136 - - [23/Dec/2023:13:29:42 -0500] "GET /BLA/resoluciones/RESOLUCIONES%202010/6963.pdf HTTP/1.0" 200 447371
201.245.192.253 - - [23/Dec/2023:13:29:58 -0500] "POST /sipse/faces/bienvenido.xhtml HTTP/1.1" 200 37949
201.245.192.253 - - [23/Dec/2023:13:29:59 -0500] "GET /sipse/faces/javax.faces.resource/jquery/jquery.js?ln=primefaces&v=4.0 HTTP/1.1" 304 -
201.245.192.253 - - [23/Dec/2023:13:29:59 -0500] "GET /sipse/faces/javax.faces.resource/jquery/jquery-plugins.js?ln=primefaces&v=4.0 HTTP/1.1" 304 -
201.245.192.253 - - [23/Dec/2023:13:29:59 -0500] "GET /sipse/faces/javax.faces.resource/primefaces.js?ln=primefaces&v=4.0 HTTP/1.1" 304 -
201.245.192.253 - - [23/Dec/2023:13:29:59 -0500] "GET /sipse/faces/javax.faces.resource/layout/layout.js?ln=primefaces&v=4.0 HTTP/1.1" 304 -
201.245.192.253 - - [23/Dec/2023:13:29:59 -0500] "POST /sipse/faces/presentacion/financiero/solicitudProceso/listarSolicitudProceso.xhtml HTTP/1.1" 200 1396
156.59.198.135 - - [23/Dec/2023:13:30:07 -0500] "GET /BLA/resoluciones/Notificaciones/RESOLUCIONES%202021/4873.pdf HTTP/1.0" 200 349254
201.245.192.253 - - [23/Dec/2023:13:30:18 -0500] "POST /kwsrmcab/Wsrmcab  HTTP/1.1" 200 40220
201.245.192.253 - - [23/Dec/2023:13:30:19 -0500] "POST /kwsrmcab/Wsrmcab HTTP/1.1" 200 34682
216.245.221.92 - - [23/Dec/2023:13:30:25 -0500] "HEAD / HTTP/1.1" 200 -
201.245.192.253 - - [23/Dec/2023:13:30:23 -0500] "POST /kwsrmcab/Wsrmcab HTTP/1.1" 200 37052
156.59.198.136 - - [23/Dec/2023:13:30:30 -0500] "GET /BLA/resoluciones/RESOLUCIONES%202014/2454.pdf HTTP/1.0" 200 279758
156.59.198.135 - - [23/Dec/2023:13:30:55 -0500] "GET /BLA/resoluciones/Notificaciones/RESOLUCIONES%202021/3008.pdf HTTP/1.0" 200 378859
172.22.2.4 - - [23/Dec/2023:13:29:15 -0500] "HEAD /BLA/boletinlegal/ HTTP/1.1" 200 -
52.167.144.225 - - [23/Dec/2023:13:31:18 -0500] "GET /portaldeninos/wp-content/uploads/2021/11/pieza-dia-abejas-ambiente-20-mayo-960x720.jpg HTTP/1.1" 200 105537
156.59.198.135 - - [23/Dec/2023:13:31:19 -0500] "GET /BLA/resoluciones/Notificaciones/RESOLUCIONES%200020/0024.pdf HTTP/1.0" 200 601204
156.59.198.136 - - [23/Dec/2023:13:31:44 -0500] "GET /BLA/resoluciones/AUTOS%202014/4783.pdf HTTP/1.0" 200 513569
172.22.2.4 - - [23/Dec/2023:13:30:06 -0500] "GET /BLA/boletinlegal/ HTTP/1.1" 200 54031
156.59.198.135 - - [23/Dec/2023:13:32:08 -0500] "GET /BLA/resoluciones/AUTOS%202014/4515.pdf HTTP/1.0" 200 520744
156.59.198.136 - - [23/Dec/2023:13:32:32 -0500] "GET /BLA/resoluciones/RESOLUCIONES%202022/0437.pdf HTTP/1.0" 200 329043
156.59.198.136 - - [23/Dec/2023:13:32:56 -0500] "GET /BLA/resoluciones/RESOLUCIONES%202010/7348.pdf HTTP/1.0" 200 347518
201.245.192.253 - - [23/Dec/2023:13:32:56 -0500] "POST /sipse/faces/presentacion/financiero/solicitudProceso/listarSolicitudProceso.xhtml HTTP/1.1" 200 128076
201.245.192.253 - - [23/Dec/2023:13:32:56 -0500] "GET /sipse/faces/javax.faces.resource/jquery/jquery.js?ln=primefaces&v=4.0 HTTP/1.1" 304 -
201.245.192.253 - - [23/Dec/2023:13:32:56 -0500] "GET /sipse/faces/javax.faces.resource/jquery/jquery-plugins.js?ln=primefaces&v=4.0 HTTP/1.1" 304 -
201.245.192.253 - - [23/Dec/2023:13:32:56 -0500] "GET /sipse/faces/javax.faces.resource/primefaces.js?ln=primefaces&v=4.0 HTTP/1.1" 304 -
201.245.192.253 - - [23/Dec/2023:13:32:57 -0500] "GET /sipse/faces/javax.faces.resource/layout/layout.js?ln=primefaces&v=4.0 HTTP/1.1" 304 -
201.245.192.253 - - [23/Dec/2023:13:33:02 -0500] "POST /sipse/faces/presentacion/financiero/solicitudProceso/consultarSolicitudProceso.xhtml HTTP/1.1" 200 80436
156.59.198.136 - - [23/Dec/2023:13:33:21 -0500] "GET /BLA/resoluciones/AUTOS%202018/4879.pdf HTTP/1.0" 200 321029
156.59.198.136 - - [23/Dec/2023:13:33:45 -0500] "GET /BLA/resoluciones/AUTOS%202014/1777.pdf HTTP/1.0" 200 662635
156.59.198.135 - - [23/Dec/2023:13:34:10 -0500] "GET /BLA/resoluciones/RESOLUCIONES%202009/1518.pdf HTTP/1.0" 200 427253
201.245.192.253 - - [23/Dec/2023:13:34:27 -0500] "POST /BLA/boletinlegal/admin/actos/ingresar.php HTTP/1.1" 200 7302
156.59.198.135 - - [23/Dec/2023:13:34:34 -0500] "GET /BLA/resoluciones/AUTOS%202018/3861.pdf HTTP/1.0" 200 324279
201.245.192.253 - - [23/Dec/2023:13:34:36 -0500] "POST /sipse/faces/presentacion/financiero/solicitudProceso/consultarSolicitudProceso.xhtml HTTP/1.1" 200 5503
172.22.2.4 - - [23/Dec/2023:13:34:40 -0500] "GET /BLA/boletinlegal/consulta_actos.php?tipo=resoluciones&no=1231&usuario=&sector=&fecha=2023&resuelve= HTTP/1.1" 200 1141
156.59.198.136 - - [23/Dec/2023:13:34:59 -0500] "GET /BLA/resoluciones/RESOLUCIONES%202022/0408.pdf HTTP/1.0" 200 373875
201.245.192.253 - - [23/Dec/2023:13:35:08 -0500] "POST /sipse/faces/presentacion/financiero/solicitudProceso/consultarSolicitudProceso.xhtml HTTP/1.1" 200 26139
201.245.192.253 - - [23/Dec/2023:13:35:09 -0500] "GET /sipse/faces/javax.faces.resource/theme.css?ln=primefaces-sipse HTTP/1.1" 304 -
201.245.192.253 - - [23/Dec/2023:13:35:09 -0500] "GET /sipse/faces/javax.faces.resource/primefaces.css?ln=primefaces&v=4.0 HTTP/1.1" 304 -
201.245.192.253 - - [23/Dec/2023:13:35:09 -0500] "GET /sipse/faces/javax.faces.resource/layout/layout.css?ln=primefaces&v=4.0 HTTP/1.1" 304 -
201.245.192.253 - - [23/Dec/2023:13:35:09 -0500] "GET /sipse/faces/javax.faces.resource/jquery/jquery.js?ln=primefaces&v=4.0 HTTP/1.1" 304 -
201.245.192.253 - - [23/Dec/2023:13:35:09 -0500] "GET /sipse/faces/javax.faces.resource/jquery/jquery-plugins.js?ln=primefaces&v=4.0 HTTP/1.1" 304 -
201.245.192.253 - - [23/Dec/2023:13:35:09 -0500] "GET /sipse/faces/javax.faces.resource/layout/layout.js?ln=primefaces&v=4.0 HTTP/1.1" 304 -
201.245.192.253 - - [23/Dec/2023:13:35:09 -0500] "GET /sipse/faces/javax.faces.resource/primefaces.js?ln=primefaces&v=4.0 HTTP/1.1" 304 -
201.245.192.253 - - [23/Dec/2023:13:35:09 -0500] "GET /sipse/faces/javax.faces.resource/images/ui-icons_898989_256x240.png?ln=primefaces-aristo HTTP/1.1" 304 -
201.245.192.253 - - [23/Dec/2023:13:35:16 -0500] "POST /kwsrmcab/Wsrmcab  HTTP/1.1" 200 40220
156.59.198.135 - - [23/Dec/2023:13:35:22 -0500] "GET /BLA/resoluciones/RESOLUCIONES%202010/7394.pdf HTTP/1.0" 200 932879
216.245.221.92 - - [23/Dec/2023:13:35:25 -0500] "HEAD / HTTP/1.1" 200 -
201.245.192.253 - - [23/Dec/2023:13:35:30 -0500] "GET /sipse/faces/javax.faces.resource/images/ui-bg_flat_0_2d5972_40x100.png?ln=primefaces-aristo HTTP/1.1" 304 -
201.245.192.253 - - [23/Dec/2023:13:35:30 -0500] "POST /sipse/faces/presentacion/financiero/solicitudProceso/registrarAnotacion.xhtml HTTP/1.1" 200 128076
201.245.192.253 - - [23/Dec/2023:13:35:30 -0500] "GET /sipse/faces/javax.faces.resource/jquery/jquery.js?ln=primefaces&v=4.0 HTTP/1.1" 304 -
201.245.192.253 - - [23/Dec/2023:13:35:30 -0500] "GET /sipse/faces/javax.faces.resource/jquery/jquery-plugins.js?ln=primefaces&v=4.0 HTTP/1.1" 304 -
201.245.192.253 - - [23/Dec/2023:13:35:31 -0500] "GET /sipse/faces/javax.faces.resource/primefaces.js?ln=primefaces&v=4.0 HTTP/1.1" 304 -
201.245.192.253 - - [23/Dec/2023:13:35:31 -0500] "GET /sipse/faces/javax.faces.resource/layout/layout.js?ln=primefaces&v=4.0 HTTP/1.1" 304 -
201.245.192.253 - - [23/Dec/2023:13:35:33 -0500] "POST /sipse/faces/presentacion/financiero/solicitudProceso/consultarSolicitudProceso.xhtml HTTP/1.1" 200 35456
201.245.192.253 - - [23/Dec/2023:13:35:35 -0500] "GET /sipse/faces/javax.faces.resource/jquery/jquery.js?ln=primefaces&v=4.0 HTTP/1.1" 304 -
201.245.192.253 - - [23/Dec/2023:13:35:35 -0500] "GET /sipse/faces/javax.faces.resource/jquery/jquery-plugins.js?ln=primefaces&v=4.0 HTTP/1.1" 304 -
201.245.192.253 - - [23/Dec/2023:13:35:35 -0500] "GET /sipse/faces/javax.faces.resource/primefaces.js?ln=primefaces&v=4.0 HTTP/1.1" 304 -
201.245.192.253 - - [23/Dec/2023:13:35:36 -0500] "GET /sipse/faces/javax.faces.resource/layout/layout.js?ln=primefaces&v=4.0 HTTP/1.1" 304 -
201.245.192.253 - - [23/Dec/2023:13:35:36 -0500] "GET /sipse/faces/javax.faces.resource/messages/messages.png?ln=primefaces&v=4.0 HTTP/1.1" 304 -
201.245.192.253 - - [23/Dec/2023:13:35:36 -0500] "POST /sipse/faces/presentacion/financiero/solicitudProceso/listarSolicitudProceso.xhtml HTTP/1.1" 200 1376
173.252.107.8 - - [23/Dec/2023:13:35:40 -0500] "GET /images/arbol%20centro.jpg HTTP/1.1" 200 69467
173.252.107.10 - - [23/Dec/2023:13:35:43 -0500] "GET /images/PREAD%20SDA%201.jpeg HTTP/1.1" 200 65620
156.59.198.136 - - [23/Dec/2023:13:35:47 -0500] "GET /BLA/resoluciones/AUTOS%202014/4129.pdf HTTP/1.0" 200 521336
173.252.107.8 - - [23/Dec/2023:13:35:54 -0500] "GET /images/agua%20bogota.jpg HTTP/1.1" 200 74348
173.252.107.4 - - [23/Dec/2023:13:35:55 -0500] "GET /images/participacion%2019-12-23.jpg HTTP/1.1" 200 73861
66.249.66.20 - - [23/Dec/2023:13:36:06 -0500] "GET /BLA/resoluciones/Autos%202008/2153.pdf HTTP/1.1" 200 299198
156.59.198.135 - - [23/Dec/2023:13:36:11 -0500] "GET /BLA/resoluciones/AUTOS%202014/5224.pdf HTTP/1.0" 200 563839
201.245.192.253 - - [23/Dec/2023:13:36:20 -0500] "POST /kwsrmcab/Wsrmcab HTTP/1.1" 200 34682
201.245.192.253 - - [23/Dec/2023:13:36:23 -0500] "POST /kwsrmcab/Wsrmcab HTTP/1.1" 200 37052
181.155.223.149 - - [23/Dec/2023:13:36:33 -0500] "GET /sipse/faces/index.xhtml HTTP/1.1" 200 677
181.155.223.149 - - [23/Dec/2023:13:36:33 -0500] "GET /sipse/faces/javax.faces.resource/theme.css?ln=primefaces-sipse HTTP/1.1" 304 -
181.155.223.149 - - [23/Dec/2023:13:36:34 -0500] "GET /sipse/faces/faces/autenticacion.xhtml HTTP/1.1" 200 12416
181.155.223.149 - - [23/Dec/2023:13:36:34 -0500] "GET /sipse/css/custom_css_sg.css HTTP/1.1" 304 -
181.155.223.149 - - [23/Dec/2023:13:36:34 -0500] "GET /sipse/css/custom_css_sg_prime_login.css HTTP/1.1" 304 -
181.155.223.149 - - [23/Dec/2023:13:36:34 -0500] "GET /sipse/faces/javax.faces.resource/primefaces.css?ln=primefaces&v=4.0 HTTP/1.1" 304 -
181.155.223.149 - - [23/Dec/2023:13:36:34 -0500] "GET /sipse/faces/javax.faces.resource/theme.css?ln=primefaces-sipse HTTP/1.1" 304 -
181.155.223.149 - - [23/Dec/2023:13:36:34 -0500] "GET /sipse/js/funciones.js HTTP/1.1" 304 -
181.155.223.149 - - [23/Dec/2023:13:36:34 -0500] "GET /sipse/js/disable_browser_buttons.js HTTP/1.1" 304 -
181.155.223.149 - - [23/Dec/2023:13:36:34 -0500] "GET /sipse/faces/javax.faces.resource/layout/layout.css?ln=primefaces&v=4.0 HTTP/1.1" 304 -
181.155.223.149 - - [23/Dec/2023:13:36:34 -0500] "GET /sipse/faces/javax.faces.resource/jquery/jquery-plugins.js?ln=primefaces&v=4.0 HTTP/1.1" 304 -
181.155.223.149 - - [23/Dec/2023:13:36:34 -0500] "GET /sipse/faces/javax.faces.resource/jquery/jquery.js?ln=primefaces&v=4.0 HTTP/1.1" 304 -
181.155.223.149 - - [23/Dec/2023:13:36:34 -0500] "GET /sipse/faces/javax.faces.resource/primefaces.js?ln=primefaces&v=4.0 HTTP/1.1" 304 -
181.155.223.149 - - [23/Dec/2023:13:36:34 -0500] "GET /sipse/faces/javax.faces.resource/layout/layout.js?ln=primefaces&v=4.0 HTTP/1.1" 304 -
181.155.223.149 - - [23/Dec/2023:13:36:34 -0500] "GET /sipse/css/imagen/loginimg.png HTTP/1.1" 304 -
181.155.223.149 - - [23/Dec/2023:13:36:34 -0500] "GET /sipse/css/imagen/logoSDG.png HTTP/1.1" 304 -
181.155.223.149 - - [23/Dec/2023:13:36:34 -0500] "GET /sipse/faces/javax.faces.resource/images/ui-icons_898989_256x240.png?ln=primefaces-aristo HTTP/1.1" 304 -
216.244.66.195 - - [23/Dec/2023:13:36:35 -0500] "GET /BLA/resoluciones/AUTOS%202019/3486.pdf HTTP/1.1" 200 569514
156.59.198.135 - - [23/Dec/2023:13:36:36 -0500] "GET /BLA/resoluciones/RESOLUCIONES%202022/0613.pdf HTTP/1.0" 200 355730
172.22.2.4 - - [23/Dec/2023:13:35:05 -0500] "HEAD /BLA/boletinlegal/ HTTP/1.1" 200 -
181.155.223.149 - - [23/Dec/2023:13:36:46 -0500] "POST /sipse/faces/autenticacion.xhtml HTTP/1.1" 200 2220
181.155.223.149 - - [23/Dec/2023:13:36:46 -0500] "GET /sipse/faces/javax.faces.resource/messages/messages.png?ln=primefaces&v=4.0 HTTP/1.1" 304 -
181.155.223.149 - - [23/Dec/2023:13:36:50 -0500] "POST /sipse/faces/autenticacion.xhtml HTTP/1.1" 200 16495
181.155.223.149 - - [23/Dec/2023:13:36:50 -0500] "GET /sipse/faces/javax.faces.resource/theme.css?ln=primefaces-sipse HTTP/1.1" 304 -
181.155.223.149 - - [23/Dec/2023:13:36:50 -0500] "GET /sipse/css/custom_css_sg_prime.css HTTP/1.1" 304 -
181.155.223.149 - - [23/Dec/2023:13:36:50 -0500] "GET /sipse/faces/javax.faces.resource/primefaces.css?ln=primefaces&v=4.0 HTTP/1.1" 304 -
181.155.223.149 - - [23/Dec/2023:13:36:50 -0500] "GET /sipse/faces/javax.faces.resource/layout/layout.css?ln=primefaces&v=4.0 HTTP/1.1" 304 -
181.155.223.149 - - [23/Dec/2023:13:36:50 -0500] "GET /sipse/js/jquery.min.js HTTP/1.1" 304 -
181.155.223.149 - - [23/Dec/2023:13:36:50 -0500] "GET /sipse/faces/javax.faces.resource/jquery/jquery.js?ln=primefaces&v=4.0 HTTP/1.1" 304 -
181.155.223.149 - - [23/Dec/2023:13:36:50 -0500] "GET /sipse/faces/javax.faces.resource/jquery/jquery-plugins.js?ln=primefaces&v=4.0 HTTP/1.1" 304 -
181.155.223.149 - - [23/Dec/2023:13:36:50 -0500] "GET /sipse/faces/javax.faces.resource/primefaces.js?ln=primefaces&v=4.0 HTTP/1.1" 304 -
181.155.223.149 - - [23/Dec/2023:13:36:50 -0500] "GET /sipse/faces/javax.faces.resource/layout/layout.js?ln=primefaces&v=4.0 HTTP/1.1" 304 -
181.155.223.149 - - [23/Dec/2023:13:36:51 -0500] "GET /sipse/css/v_mergente.css HTTP/1.1" 304 -
181.155.223.149 - - [23/Dec/2023:13:36:51 -0500] "GET /sipse/imagenes/logoAplicacion.jpg HTTP/1.1" 304 -
181.155.223.149 - - [23/Dec/2023:13:36:51 -0500] "GET /sipse/imagenes/cargando.gif HTTP/1.1" 304 -
181.155.223.149 - - [23/Dec/2023:13:36:51 -0500] "GET /sipse/css/imagen/contrasena.png HTTP/1.1" 404 383
181.155.223.149 - - [23/Dec/2023:13:36:54 -0500] "GET /sipse/faces/javax.faces.resource/images/ui-bg_flat_0_2d5972_40x100.png?ln=primefaces-aristo HTTP/1.1" 304 -
181.155.223.149 - - [23/Dec/2023:13:36:54 -0500] "POST /sipse/faces/bienvenido.xhtml HTTP/1.1" 200 2073
181.155.223.149 - - [23/Dec/2023:13:36:55 -0500] "POST /sipse/faces/bienvenido.xhtml HTTP/1.1" 200 39088
181.155.223.149 - - [23/Dec/2023:13:36:55 -0500] "GET /sipse/faces/javax.faces.resource/theme.css?ln=primefaces-sipse HTTP/1.1" 304 -
181.155.223.149 - - [23/Dec/2023:13:36:55 -0500] "GET /sipse/faces/javax.faces.resource/primefaces.css?ln=primefaces&v=4.0 HTTP/1.1" 304 -
181.155.223.149 - - [23/Dec/2023:13:36:55 -0500] "GET /sipse/faces/javax.faces.resource/layout/layout.css?ln=primefaces&v=4.0 HTTP/1.1" 304 -
181.155.223.149 - - [23/Dec/2023:13:36:55 -0500] "GET /sipse/faces/javax.faces.resource/jquery/jquery.js?ln=primefaces&v=4.0 HTTP/1.1" 304 -
181.155.223.149 - - [23/Dec/2023:13:36:56 -0500] "GET /sipse/faces/javax.faces.resource/jquery/jquery-plugins.js?ln=primefaces&v=4.0 HTTP/1.1" 304 -
181.155.223.149 - - [23/Dec/2023:13:36:56 -0500] "GET /sipse/faces/javax.faces.resource/primefaces.js?ln=primefaces&v=4.0 HTTP/1.1" 304 -
181.155.223.149 - - [23/Dec/2023:13:36:56 -0500] "GET /sipse/faces/javax.faces.resource/layout/layout.js?ln=primefaces&v=4.0 HTTP/1.1" 304 -
69.171.251.119 - - [23/Dec/2023:13:36:58 -0500] "GET /distrito-exalto-a-246-empresas-de-bogota-por-su-alto-desempeno-y-responsabilidad-ambiental-durante-2023.html HTTP/1.1" 200 1039
156.59.198.135 - - [23/Dec/2023:13:37:00 -0500] "GET /BLA/resoluciones/Notificaciones/RESOLUCIONES%202021/1364.pdf HTTP/1.0" 200 346484
181.155.223.149 - - [23/Dec/2023:13:37:07 -0500] "POST /sipse/faces/presentacion/financiero/solicitudProceso/consultar.xhtml HTTP/1.1" 200 12754
216.244.66.195 - - [23/Dec/2023:13:37:20 -0500] "GET /BLA/resoluciones/AUTOS%202019/3511.pdf HTTP/1.1" 200 352648
156.59.198.135 - - [23/Dec/2023:13:37:25 -0500] "GET /BLA/resoluciones/Notificaciones/RESOLUCIONES%202022/2042.pdf HTTP/1.0" 200 415544
85.208.96.194 - - [23/Dec/2023:13:37:34 -0500] "GET /robots.txt HTTP/1.1" 404 1034
85.208.96.206 - - [23/Dec/2023:13:37:34 -0500] "GET /distrito-exalto-a-246-empresas-de-bogota-por-su-alto-desempeno-y-responsabilidad-ambiental-durante-2023.html HTTP/1.1" 200 1039
172.22.2.4 - - [23/Dec/2023:13:35:56 -0500] "GET /BLA/boletinlegal/ HTTP/1.1" 200 60910
156.59.198.135 - - [23/Dec/2023:13:37:48 -0500] "GET /BLA/resoluciones/Notificaciones/AUTOS%202019/0572.pdf HTTP/1.0" 200 283006
181.155.223.149 - - [23/Dec/2023:13:37:53 -0500] "POST /sipse/faces/presentacion/financiero/solicitudProceso/consultar.xhtml HTTP/1.1" 200 12802
216.244.66.195 - - [23/Dec/2023:13:37:53 -0500] "GET /BLA/resoluciones/AUTOS%202019/3733.pdf HTTP/1.1" 200 256638
156.59.198.136 - - [23/Dec/2023:13:38:13 -0500] "GET /BLA/resoluciones/RESOLUCIONES%202010/7083.pdf HTTP/1.0" 200 66023
216.244.66.195 - - [23/Dec/2023:13:38:33 -0500] "GET /BLA/resoluciones/AUTOS%202019/3739.pdf HTTP/1.1" 200 268347
181.155.223.149 - - [23/Dec/2023:13:38:33 -0500] "POST /sipse/faces/presentacion/financiero/solicitudProceso/consultar.xhtml HTTP/1.1" 200 12865
156.59.198.136 - - [23/Dec/2023:13:38:37 -0500] "GET /BLA/resoluciones/AUTOS%202014/2128.pdf HTTP/1.0" 200 944296
156.59.198.136 - - [23/Dec/2023:13:39:02 -0500] "GET /BLA/resoluciones/RESOLUCIONES%202010/7228.pdf HTTP/1.0" 200 803860
156.59.198.136 - - [23/Dec/2023:13:39:26 -0500] "GET /BLA/resoluciones/RESOLUCIONES%202014/2695.pdf HTTP/1.0" 200 597327
156.59.198.136 - - [23/Dec/2023:13:39:51 -0500] "GET /BLA/resoluciones/RESOLUCIONES%202010/6935.pdf HTTP/1.0" 200 148311
156.59.198.135 - - [23/Dec/2023:13:40:15 -0500] "GET /BLA/resoluciones/Notificaciones/AUTOS%202021/5951.pdf HTTP/1.0" 200 358590
201.245.192.253 - - [23/Dec/2023:13:40:14 -0500] "POST /kwsrmcab/Wsrmcab  HTTP/1.1" 200 40220
201.245.192.253 - - [23/Dec/2023:13:40:18 -0500] "POST /kwsrmcab/Wsrmcab HTTP/1.1" 200 34682
216.245.221.92 - - [23/Dec/2023:13:40:25 -0500] "HEAD / HTTP/1.1" 200 -
201.245.192.253 - - [23/Dec/2023:13:40:23 -0500] "POST /kwsrmcab/Wsrmcab HTTP/1.1" 200 37052
156.59.198.136 - - [23/Dec/2023:13:40:39 -0500] "GET /BLA/resoluciones/RESOLUCIONES%202022/3603.pdf HTTP/1.0" 200 436864
156.59.198.136 - - [23/Dec/2023:13:41:05 -0500] "GET /BLA/resoluciones/Notificaciones/AUTOS%202018/3137.pdf HTTP/1.0" 200 288053
156.59.198.135 - - [23/Dec/2023:13:41:29 -0500] "GET /BLA/resoluciones/AUTOS%202014/5480.pdf HTTP/1.0" 200 566026
156.59.198.136 - - [23/Dec/2023:13:41:54 -0500] "GET /BLA/resoluciones/Notificaciones/AUTOS%202018/4843.pdf HTTP/1.0" 200 272730
156.59.198.136 - - [23/Dec/2023:13:42:18 -0500] "GET /BLA/resoluciones/RESOLUCIONES%202022/2954.pdf HTTP/1.0" 200 4539151
172.22.2.4 - - [23/Dec/2023:13:40:55 -0500] "HEAD /BLA/boletinlegal/ HTTP/1.1" 200 -
156.59.198.135 - - [23/Dec/2023:13:42:42 -0500] "GET /BLA/resoluciones/AUTOS%202014/1621.pdf HTTP/1.0" 200 517713
181.155.223.149 - - [23/Dec/2023:13:42:50 -0500] "POST /sipse/faces/presentacion/financiero/solicitudProceso/consultar.xhtml HTTP/1.1" 200 12794
156.59.198.135 - - [23/Dec/2023:13:43:06 -0500] "GET /BLA/resoluciones/Notificaciones/AUTOS%202019/392.pdf HTTP/1.0" 200 1202742
172.22.2.4 - - [23/Dec/2023:13:41:46 -0500] "GET /BLA/boletinlegal/ HTTP/1.1" 200 56085
156.59.198.136 - - [23/Dec/2023:13:43:31 -0500] "GET /BLA/resoluciones/Notificaciones/RESOLUCIONES%202022/918.pdf HTTP/1.0" 200 365857
156.59.198.135 - - [23/Dec/2023:13:43:54 -0500] "GET /BLA/resoluciones/RESOLUCIONES%202009/1961.pdf HTTP/1.0" 200 319792
52.167.144.211 - - [23/Dec/2023:13:44:00 -0500] "GET /secretaria-de-ambiente-reconocio-entidades-por-sus-buenas-practicas-ambientales.html HTTP/1.1" 200 892
156.59.198.136 - - [23/Dec/2023:13:44:19 -0500] "GET /BLA/resoluciones/RESOLUCIONES%202009/1774.pdf HTTP/1.0" 200 345528
207.46.13.128 - - [23/Dec/2023:13:44:29 -0500] "GET /BLA/resoluciones/RESOLUCIONES%202021/4973.pdf HTTP/1.1" 200 373217
156.59.198.136 - - [23/Dec/2023:13:44:44 -0500] "GET /BLA/resoluciones/RESOLUCIONES%202009/1283.pdf HTTP/1.0" 200 443982
156.59.198.136 - - [23/Dec/2023:13:45:08 -0500] "GET /BLA/resoluciones/Notificaciones/RESOLUCIONES%202022/3141.pdf HTTP/1.0" 200 435644
201.245.192.253 - - [23/Dec/2023:13:45:12 -0500] "POST /kwsrmcab/Wsrmcab  HTTP/1.1" 200 40220
216.245.221.92 - - [23/Dec/2023:13:45:25 -0500] "HEAD / HTTP/1.1" 200 -
156.59.198.136 - - [23/Dec/2023:13:45:33 -0500] "GET /BLA/resoluciones/RESOLUCIONES%202009/1570.pdf HTTP/1.0" 200 81493
156.59.198.135 - - [23/Dec/2023:13:45:57 -0500] "GET /BLA/resoluciones/Notificaciones/RESOLUCIONES%202022/1494.pdf HTTP/1.0" 200 1081423
156.59.198.136 - - [23/Dec/2023:13:46:23 -0500] "GET /BLA/resoluciones/RESOLUCIONES%202009/1498.pdf HTTP/1.0" 200 625156
156.59.198.135 - - [23/Dec/2023:13:46:46 -0500] "GET /BLA/resoluciones/Notificaciones/RESOLUCIONES%202022/3360.pdf HTTP/1.0" 200 396979
156.59.198.135 - - [23/Dec/2023:13:47:09 -0500] "GET /BLA/resoluciones/RESOLUCIONES%202009/2014.pdf HTTP/1.0" 200 484921
156.59.198.135 - - [23/Dec/2023:13:47:34 -0500] "GET /BLA/resoluciones/RESOLUCIONES%202009/2068.pdf HTTP/1.0" 200 452817
156.59.198.136 - - [23/Dec/2023:13:47:58 -0500] "GET /BLA/resoluciones/RESOLUCIONES%202009/1635.pdf HTTP/1.0" 200 428751
