186.102.48.232 - - [23/Dec/2023:11:43:36 -0500] "GET /kwssiamovil/sm/acme/a?s=U2FsdGVkX19uPAVCe1949rZ+C9r38dL2KbFhmrMNavcM7DiGHRsIiPb63tO8siXUJ4SAkA8zg9I+L3HAVbogns6o6SpPR0o7m7QYR8vvoRZ7KTVWbPAxCRXGCeA3KESH8WqQeooattGWT2WFg/Hg4cjMB3FFAE/MugMrAmg2KsoeobwLWuBgrsdyJ7nx5R2UgNwLFjZSP6ZjEhpibZdFidjxVsUjm1rN8om20KiZfRp+ObbQgZaR8cvSA4t4rpVKC41+mLlQ8sa0TXZvFrUrqFUiJeFlkhvtz2KTNHs2A7BxiJLcJ7TsESfYyDaNx+boQhb9HBYvjkVbmTc4hW0ssEnOgHSh4fe/F0VTd8pI00/5+Yh9jvm7K4G7flNj6JQ//lvOzA67GtwoAowIZSS1vLmrsBgsHztNEN2qAI10KZPncrGgeWbLhST0Hg3A6fKm+3T5vrbJxJFS6oJKPqn75bSi+DIb6xIX94g6KIbilsE5OgcebyVj5kQp2QnNmveaQJlkhKADslJCS00XrOQurM68IyNPOeBE9fzs3E+mMZ+BaE3QQj6kritlQ9BWTUx+Alp+PKQLD3FMUPsNws5gonueX0LPi4O3SVcPu6uBgyfmS6YSjxikq1g8tZ/Cvx5DLfGfPRQ2FiGK7IKUmjRxgrpbTyBMBe6hhCFM48+8bikNW2U/xXuKT3kxHMFY+iQOPLb/HFR5n8jZFbwrZlvn84AwxXsKMLJ9LffySetG59b96DwXi/+JXbTelJK9KIHzIx0Msldtuk506O1my/+arMu1IFCRsLhJKyc2C/guv96tB+2nKMmdRUBPVyQzdtj/FuXi6EsCrtf1LHX7OeVsH9Hx+E6dH8dGKYrJ0wrRL59d7ypmgf2/81MFwU5eHL9KPjcoze2XAz+3CwqeSk20+RqBMtSup5exRAz/VN2WlkOR1r6f2/JGlqbXpe5qPuBN2DrW2lIqSdHxF0sCsAi0Qqjv5Q41ZOcArrZZCJLvuW56LwWfJa5qZKpsQpZ4Jq7/Ic3/+PAHxF9w0U2QLdf++KN2fxaeOYJRiDB8+0ys/19deOIK0pc8mnBKTRkd1qfkAHZPh9TmSl+skr1A1L4sbtMhTKLHiUPdzLeB/CRC6l+1k6Ll+FTP+PmUapDziVWtGkZvz1TfI9DTuptjLB6q9sFMA2odqftgj2bM/FXApTeFyxJiYQnrb8Bmgvw46J2sfCiv03dcgsbNZaBfD8ob/v4P1eV7r6ch2o0wDpCVRIDtM7/V7G/xiExHZIKfmNQw1dnrAbVdM/OTm19VFmO1CY6YgUQGnP8qpiu2qJrnG1a9vJM3owDDqi6q7ojaZN5qVRGXtndooGu/nRxKGwy0gLRoLIEkRtVPVsVOh1/00V75ILGck19EDGUbe10HZyjFiFFjIJj9CjeC5YyNCJxieh0MuK1RGMPwJktpcbfhDmSrg1ahHbAo7gjXkawVZYp+Br07AopEv3UEnTLGFQnJg+bJk/Al7dADP4f80FbBGbtgGWDtozLaHn4jmsHwKfTo/N4Rso0BrmH9/N4HjbUQP3DunsZaJyM/zOa9CQajr5BYMg73jepOc9K5woTdcihQPWZrNsTyGIy1wxvxOZrTKNWjdHS2cqYO455yz399kbl2XKdDX/uvmw4Y5f/uNZtfZIKnBekf8Atm+3bbj8TmSRAFhuFRuRkP9ktLLUXXkZSrAHCbTEVHu7DqoEWN1Kiy3/83iUJNn9Jm3+bXxyEIzdtHk0bP4hVZQmWsA2qq6mkFh7m5tKBnuBUzB496Lvi0WwwYghlYOzKTc9alkko2peP3dypKyvroJG65RpRzJyOSMLMwUqWz6NRNGmOYRqYpPYxnb33+Nrg4MqlByRQ16qXRqNJ9xIvDLjaWrY/xPEjNE1WvEu+mkxN0o0aSRVxeEHIXd95OHNsvDEAhqNyNLEe7uOCAxLy4xbZHPcT4daJnSsRS4p97kmKVW5sXHhaCUJrMyDO/MhmArEu2SO/3mKlvhrcnUtd1XIVj4yvMxFDLSVsIO6zOGWJTzxCREGlkO3yFj1zZtR/Z68YUzN8Y6NJDqrXRddTWld+XXbz+MOsS7gV2IXBdEMuT5rgESyozZG4KfazPyKTU/pLK/0CTXRHdsf76BXqbWbHOu6gjx+xzKGPHJ8jsh+7rDSUsG2NMrgkw1zhy7qBp3vph+65ZrNBgslYJ8gwX609ecXm3uq+T1zT6kSy6/Yx8pDzUr/Q1p3GGwIKPi/oe7keyj23QWo3EjphYTlZmMbq0pIqQGpzGMNP2lnedMvaamSPJxyIgKexO2WAdNs0YB6T55WfcUzjcDJoBFmr3MPxhckVIth9CeGGKnLvw6JRdfwKXpwYLTPYmtebPMpuBQqYV+sqK11AohU+37y1+8tj31YDuiojxGtXuFuMKhFQKK+EmwwA/KWu2XIpRTZmN2XJ9cj4adoBG8ZRqFLAiz9kLMs7Q+yo8B4WKIuIgg/AAB8vxvH39mfoqC+aGodcHDofdHp7UWUoEIpgz4l8gWUZNwEOjHrz136sGYf3AopGR9/8RZU4DIy51MGwRj3WEvaIcvva/5PYz30q1b/TTrFpG+uvjnoSImg66qk9PINw4+wj5eAXKxquxc83B01nclR7lJWViO5CvMap8pTYVa9x7b20EWc3wE+t4J8we0dpAX1XF2xkBQv7qfj9i6LDIMW/lEf6d7kMFEuSupilVIAi5t9UI2ZwDbI4rmfFuh/WneN6ysT90&u=U2FsdGVkX19+6/IgKcMK9qdVgdiKdJ8C8iCFjioVdmmO4GuJ3YWwtckb42F7oWXZ&y=U2FsdGVkX1+qSwxAXp4e9MGFzw/oJyUvmGsDlgsqTf4K3lgAJc32AcT/4eLl/kPO HTTP/1.1" 200 26
186.102.48.232 - - [23/Dec/2023:11:43:37 -0500] "GET /kwssiamovil/sm/acme/a?s=U2FsdGVkX1/oOQnM3pQL6nmaj02KmBOrHjE1OctWReSsoZL/h35pede/4cUZD0lsS463aq+Z0VNsnXEmEdB504spBK3M2oUR7xKByh9B9u7gTW4PHu0PwR3CJ2UfthI8rs3GkTHe6bAB8UbCSzAvlzHEhrf3Ph+6OOtEDkqzJOE=&u=U2FsdGVkX19+6/IgKcMK9qdVgdiKdJ8C8iCFjioVdmmO4GuJ3YWwtckb42F7oWXZ&y=U2FsdGVkX1+qSwxAXp4e9MGFzw/oJyUvmGsDlgsqTf4K3lgAJc32AcT/4eLl/kPO HTTP/1.1" 200 26
186.102.48.232 - - [23/Dec/2023:11:43:37 -0500] "GET /kwssiamovil/sm/acme/a?s=U2FsdGVkX1+FXCx3E3HDdmASbPcK1+93eit5sQhE2H7t8oEZk2tRB4ZfEJ9a17YuBk19OWHeTeMU7F4i614hBLf/Y3umuqdx4sdmUjJ0Q5OGG8QRJ4luBw5cwGVudEOu4Y1KAswFtjugZUb7L7hnC+g2D0Z7jfy3SBqEjGTSe7Q=&u=U2FsdGVkX19+6/IgKcMK9qdVgdiKdJ8C8iCFjioVdmmO4GuJ3YWwtckb42F7oWXZ&y=U2FsdGVkX1+qSwxAXp4e9MGFzw/oJyUvmGsDlgsqTf4K3lgAJc32AcT/4eLl/kPO HTTP/1.1" 200 26
186.102.48.232 - - [23/Dec/2023:11:43:37 -0500] "GET /kwssiamovil/sm/acme/a?s=U2FsdGVkX18AUgVo8HQcUrsicrxZGnvnggFYUFQ0y9uKTGpeNZ+TRnPo58eLIRUmCxkFsKZxTcKweDBzcYnJTXVQjCEwAWYb468JdCkzoGi915KK3iJWaw05tjXMkhUTnzodkcwOQvh8tJi2mwbQq5e9suWq+yeA1IZjXGr7mlk=&u=U2FsdGVkX19+6/IgKcMK9qdVgdiKdJ8C8iCFjioVdmmO4GuJ3YWwtckb42F7oWXZ&y=U2FsdGVkX1+qSwxAXp4e9MGFzw/oJyUvmGsDlgsqTf4K3lgAJc32AcT/4eLl/kPO HTTP/1.1" 200 26
186.102.48.232 - - [23/Dec/2023:11:43:38 -0500] "GET /kwssiamovil/sm/acme/a?s=U2FsdGVkX1/3z9R1uib6UmyP3ZwopKWnhO9oFkT8eKnZVszjb0xJ6SFGQd1zas3Gbgn2Vt9HSm0AMNehH/zFJ0yfzHrWfZmFu+wozhTBTR2WLouAjbk4y7ZHHs0H47HGJUnze2OZi7Lt9deux9MiJ2mr5AHOvF3GzGInD4gnKil5TLqieSCXcSLXLfQd7xHDaJBmuZLUFtO/VutdUlZySA==&u=U2FsdGVkX19+6/IgKcMK9qdVgdiKdJ8C8iCFjioVdmmO4GuJ3YWwtckb42F7oWXZ&y=U2FsdGVkX1+qSwxAXp4e9MGFzw/oJyUvmGsDlgsqTf4K3lgAJc32AcT/4eLl/kPO HTTP/1.1" 200 26
186.102.48.232 - - [23/Dec/2023:11:43:38 -0500] "GET /kwssiamovil/sm/acme/a?s=U2FsdGVkX18ZdooSJiF8/9tOybbERAm/gyoOV1ANdSZW78DIpwbIY/wF7BvOvgiekbHa/v+FclBWUYcNQ3crNHYP2X3ESjYffetmf+Yk7wI5UduXRQ3HxPR9Fenqtvc04W+CiK0cDT/fdoPknVy/RcmKH6DtqPWrI1lFAW0s6gNZJs2t7RexFPQJXfWD33bX6ynfbEp576GZ8qkAXkLXsw==&u=U2FsdGVkX19+6/IgKcMK9qdVgdiKdJ8C8iCFjioVdmmO4GuJ3YWwtckb42F7oWXZ&y=U2FsdGVkX1+qSwxAXp4e9MGFzw/oJyUvmGsDlgsqTf4K3lgAJc32AcT/4eLl/kPO HTTP/1.1" 200 26
186.102.48.232 - - [23/Dec/2023:11:43:38 -0500] "GET /kwssiamovil/sm/acme/a?s=U2FsdGVkX1/5Wkr58UsAI7cjq2s/Z7UnVyscmf6XTnCSdKKcc/mjEahDBpbuPf8IEZwQdSHInRrsA5sf4I8eR6t0c4JBxfaYWDqSH+IyPAnGxHFH7TZTlUQqAhFMXEnlXv1R3BxJDO375XKGOYHapYnfpwXAF1CC5pOiBT5xfaWudkOn4H+L1J7arpO00QxD&u=U2FsdGVkX19+6/IgKcMK9qdVgdiKdJ8C8iCFjioVdmmO4GuJ3YWwtckb42F7oWXZ&y=U2FsdGVkX1+qSwxAXp4e9MGFzw/oJyUvmGsDlgsqTf4K3lgAJc32AcT/4eLl/kPO HTTP/1.1" 200 26
156.59.198.135 - - [23/Dec/2023:11:43:45 -0500] "GET /BLA/resoluciones/RESOLUCIONES%202022/3739.pdf HTTP/1.0" 200 659696
156.59.198.136 - - [23/Dec/2023:11:44:08 -0500] "GET /BLA/resoluciones/RESOLUCIONES%202022/2102.pdf HTTP/1.0" 200 1393502
156.59.198.136 - - [23/Dec/2023:11:44:32 -0500] "GET /BLA/resoluciones/RESOLUCIONES%202022/1558.pdf HTTP/1.0" 200 413448
156.59.198.135 - - [23/Dec/2023:11:44:57 -0500] "GET /BLA/resoluciones/RESOLUCIONES%202022/4883.pdf HTTP/1.0" 200 457773
156.59.198.136 - - [23/Dec/2023:11:45:21 -0500] "GET /BLA/resoluciones/RESOLUCIONES%202022/1313.pdf HTTP/1.0" 200 442929
216.245.221.92 - - [23/Dec/2023:11:45:25 -0500] "HEAD / HTTP/1.1" 200 -
190.60.36.2 - - [23/Dec/2023:11:45:26 -0500] "POST /sipse/faces/presentacion/financiero/modificacionContrato/cargarModifiacion.xhtml HTTP/1.1" 200 122934
190.60.36.2 - - [23/Dec/2023:11:45:26 -0500] "GET /sipse/faces/javax.faces.resource/theme.css?ln=primefaces-sipse HTTP/1.1" 304 -
190.60.36.2 - - [23/Dec/2023:11:45:26 -0500] "GET /sipse/faces/javax.faces.resource/jquery/jquery.js?ln=primefaces&v=4.0 HTTP/1.1" 304 -
190.60.36.2 - - [23/Dec/2023:11:45:26 -0500] "GET /sipse/faces/javax.faces.resource/primefaces.css?ln=primefaces&v=4.0 HTTP/1.1" 304 -
190.60.36.2 - - [23/Dec/2023:11:45:26 -0500] "GET /sipse/faces/javax.faces.resource/layout/layout.css?ln=primefaces&v=4.0 HTTP/1.1" 304 -
190.60.36.2 - - [23/Dec/2023:11:45:26 -0500] "GET /sipse/faces/javax.faces.resource/jquery/jquery-plugins.js?ln=primefaces&v=4.0 HTTP/1.1" 304 -
190.60.36.2 - - [23/Dec/2023:11:45:26 -0500] "GET /sipse/faces/javax.faces.resource/primefaces.js?ln=primefaces&v=4.0 HTTP/1.1" 304 -
190.60.36.2 - - [23/Dec/2023:11:45:26 -0500] "GET /sipse/faces/javax.faces.resource/layout/layout.js?ln=primefaces&v=4.0 HTTP/1.1" 304 -
190.60.36.2 - - [23/Dec/2023:11:45:26 -0500] "GET /sipse/faces/javax.faces.resource/messages/messages.png?ln=primefaces&v=4.0 HTTP/1.1" 304 -
190.60.36.2 - - [23/Dec/2023:11:45:30 -0500] "POST /sipse/faces/presentacion/financiero/solicitudProceso/consultarSolicitudProceso.xhtml HTTP/1.1" 200 35620
190.60.36.2 - - [23/Dec/2023:11:45:32 -0500] "GET /sipse/faces/javax.faces.resource/theme.css?ln=primefaces-sipse HTTP/1.1" 304 -
190.60.36.2 - - [23/Dec/2023:11:45:32 -0500] "GET /sipse/faces/javax.faces.resource/primefaces.css?ln=primefaces&v=4.0 HTTP/1.1" 304 -
190.60.36.2 - - [23/Dec/2023:11:45:32 -0500] "GET /sipse/faces/javax.faces.resource/layout/layout.css?ln=primefaces&v=4.0 HTTP/1.1" 304 -
190.60.36.2 - - [23/Dec/2023:11:45:32 -0500] "GET /sipse/faces/javax.faces.resource/jquery/jquery.js?ln=primefaces&v=4.0 HTTP/1.1" 304 -
190.60.36.2 - - [23/Dec/2023:11:45:32 -0500] "GET /sipse/faces/javax.faces.resource/jquery/jquery-plugins.js?ln=primefaces&v=4.0 HTTP/1.1" 304 -
190.60.36.2 - - [23/Dec/2023:11:45:32 -0500] "GET /sipse/faces/javax.faces.resource/primefaces.js?ln=primefaces&v=4.0 HTTP/1.1" 304 -
190.60.36.2 - - [23/Dec/2023:11:45:32 -0500] "GET /sipse/faces/javax.faces.resource/layout/layout.js?ln=primefaces&v=4.0 HTTP/1.1" 304 -
190.60.36.2 - - [23/Dec/2023:11:45:32 -0500] "POST /sipse/faces/presentacion/financiero/solicitudProceso/listarSolicitudProceso.xhtml HTTP/1.1" 200 1396
190.60.36.2 - - [23/Dec/2023:11:45:34 -0500] "POST /sipse/faces/presentacion/financiero/solicitudProceso/listarSolicitudProceso.xhtml HTTP/1.1" 200 31920
190.60.36.2 - - [23/Dec/2023:11:45:34 -0500] "POST /sipse/faces/presentacion/financiero/solicitudProceso/listarSolicitudProceso.xhtml HTTP/1.1" 200 44690
190.60.36.2 - - [23/Dec/2023:11:45:34 -0500] "POST /sipse/faces/presentacion/financiero/solicitudProceso/listarSolicitudProceso.xhtml HTTP/1.1" 200 31916
69.63.189.2 - - [23/Dec/2023:11:45:42 -0500] "GET /alcaldia-de-bogota-y-fundacion-exito-entregaron-en-ciudad-bolivar-la-primera-terraza-verde-de-la-capital.html HTTP/1.1" 200 852
213.180.203.253 - - [23/Dec/2023:11:45:42 -0500] "GET /robots.txt HTTP/1.1" 404 1018
213.180.203.184 - - [23/Dec/2023:11:45:43 -0500] "GET / HTTP/1.1" 200 319
156.59.198.135 - - [23/Dec/2023:11:45:46 -0500] "GET /BLA/resoluciones/RESOLUCIONES%202022/3661.pdf HTTP/1.0" 200 496042
201.245.192.253 - - [23/Dec/2023:11:45:46 -0500] "POST /kwsrmcab/Wsrmcab  HTTP/1.1" 200 40220
173.252.95.22 - - [23/Dec/2023:11:45:48 -0500] "GET /incautadas-tarantulas-que-iban-a-ser-exportadas-ilegalmente-desde-bogota-hasta-mexico.html HTTP/1.1" 200 899
172.22.2.4 - - [23/Dec/2023:11:44:14 -0500] "HEAD /BLA/boletinlegal/ HTTP/1.1" 200 -
190.60.36.2 - - [23/Dec/2023:11:45:59 -0500] "POST /sipse/faces/presentacion/financiero/solicitudProceso/listarSolicitudProceso.xhtml HTTP/1.1" 200 6095
190.60.36.2 - - [23/Dec/2023:11:46:01 -0500] "POST /sipse/faces/presentacion/financiero/solicitudProceso/listarSolicitudProceso.xhtml HTTP/1.1" 200 121649
190.60.36.2 - - [23/Dec/2023:11:46:02 -0500] "GET /sipse/faces/javax.faces.resource/theme.css?ln=primefaces-sipse HTTP/1.1" 304 -
190.60.36.2 - - [23/Dec/2023:11:46:02 -0500] "GET /sipse/faces/javax.faces.resource/layout/layout.css?ln=primefaces&v=4.0 HTTP/1.1" 304 -
190.60.36.2 - - [23/Dec/2023:11:46:02 -0500] "GET /sipse/faces/javax.faces.resource/primefaces.css?ln=primefaces&v=4.0 HTTP/1.1" 304 -
190.60.36.2 - - [23/Dec/2023:11:46:02 -0500] "GET /sipse/faces/javax.faces.resource/jquery/jquery.js?ln=primefaces&v=4.0 HTTP/1.1" 304 -
190.60.36.2 - - [23/Dec/2023:11:46:02 -0500] "GET /sipse/faces/javax.faces.resource/jquery/jquery-plugins.js?ln=primefaces&v=4.0 HTTP/1.1" 304 -
190.60.36.2 - - [23/Dec/2023:11:46:02 -0500] "GET /sipse/faces/javax.faces.resource/primefaces.js?ln=primefaces&v=4.0 HTTP/1.1" 304 -
190.60.36.2 - - [23/Dec/2023:11:46:02 -0500] "GET /sipse/faces/javax.faces.resource/layout/layout.js?ln=primefaces&v=4.0 HTTP/1.1" 304 -
156.59.198.136 - - [23/Dec/2023:11:46:10 -0500] "GET /BLA/resoluciones/RESOLUCIONES%202022/3506.pdf HTTP/1.0" 200 990521
190.60.36.2 - - [23/Dec/2023:11:46:12 -0500] "POST /sipse/faces/presentacion/financiero/solicitudProceso/consultarSolicitudProceso.xhtml HTTP/1.1" 200 189781
190.60.36.2 - - [23/Dec/2023:11:46:20 -0500] "POST /sipse/faces/presentacion/financiero/solicitudProceso/consultarSolicitudProceso.xhtml HTTP/1.1" 200 41576
190.60.36.2 - - [23/Dec/2023:11:46:20 -0500] "GET /sipse/faces/javax.faces.resource/theme.css?ln=primefaces-sipse HTTP/1.1" 304 -
190.60.36.2 - - [23/Dec/2023:11:46:21 -0500] "GET /sipse/faces/javax.faces.resource/primefaces.css?ln=primefaces&v=4.0 HTTP/1.1" 304 -
190.60.36.2 - - [23/Dec/2023:11:46:21 -0500] "GET /sipse/faces/javax.faces.resource/layout/layout.css?ln=primefaces&v=4.0 HTTP/1.1" 304 -
190.60.36.2 - - [23/Dec/2023:11:46:21 -0500] "GET /sipse/faces/javax.faces.resource/jquery/jquery.js?ln=primefaces&v=4.0 HTTP/1.1" 304 -
190.60.36.2 - - [23/Dec/2023:11:46:21 -0500] "GET /sipse/faces/javax.faces.resource/jquery/jquery-plugins.js?ln=primefaces&v=4.0 HTTP/1.1" 304 -
190.60.36.2 - - [23/Dec/2023:11:46:21 -0500] "GET /sipse/faces/javax.faces.resource/primefaces.js?ln=primefaces&v=4.0 HTTP/1.1" 304 -
190.60.36.2 - - [23/Dec/2023:11:46:21 -0500] "GET /sipse/faces/javax.faces.resource/layout/layout.js?ln=primefaces&v=4.0 HTTP/1.1" 304 -
156.59.198.136 - - [23/Dec/2023:11:46:34 -0500] "GET /BLA/resoluciones/RESOLUCIONES%202022/1591.pdf HTTP/1.0" 200 340617
172.22.2.4 - - [23/Dec/2023:11:45:05 -0500] "GET /BLA/boletinlegal/ HTTP/1.1" 200 54031
156.59.198.135 - - [23/Dec/2023:11:46:58 -0500] "GET /BLA/resoluciones/RESOLUCIONES%202022/2000.pdf HTTP/1.0" 200 400832
173.252.95.4 - - [23/Dec/2023:11:47:00 -0500] "GET /secretaria-de-ambiente-ha-recuperado-mas-de-11-000-especimenes-silvestres.html HTTP/1.1" 200 961
173.252.79.2 - - [23/Dec/2023:11:47:00 -0500] "GET /images/lagartija-animal-trafico-fauna-31-octubre.jpg HTTP/1.1" 200 45684
156.59.198.135 - - [23/Dec/2023:11:47:23 -0500] "GET /BLA/resoluciones/RESOLUCIONES%202022/0025.pdf HTTP/1.0" 200 330353
173.252.95.16 - - [23/Dec/2023:11:47:32 -0500] "GET /secretaria-de-ambiente-rescata-perezoso-y-lo-traslada-al-departamento-de-antioquia-para-su-rehabilitacion.html HTTP/1.1" 200 1059
156.59.198.135 - - [23/Dec/2023:11:47:48 -0500] "GET /BLA/resoluciones/RESOLUCIONES%202022/0635.pdf HTTP/1.0" 200 348402
190.60.36.2 - - [23/Dec/2023:11:48:11 -0500] "POST /sipse/faces/presentacion/financiero/modificacionContrato/cargarModifiacion.xhtml HTTP/1.1" 200 124800
190.60.36.2 - - [23/Dec/2023:11:48:12 -0500] "GET /sipse/faces/javax.faces.resource/theme.css?ln=primefaces-sipse HTTP/1.1" 304 -
190.60.36.2 - - [23/Dec/2023:11:48:12 -0500] "GET /sipse/faces/javax.faces.resource/primefaces.css?ln=primefaces&v=4.0 HTTP/1.1" 304 -
190.60.36.2 - - [23/Dec/2023:11:48:12 -0500] "GET /sipse/faces/javax.faces.resource/layout/layout.css?ln=primefaces&v=4.0 HTTP/1.1" 304 -
190.60.36.2 - - [23/Dec/2023:11:48:12 -0500] "GET /sipse/faces/javax.faces.resource/jquery/jquery.js?ln=primefaces&v=4.0 HTTP/1.1" 304 -
190.60.36.2 - - [23/Dec/2023:11:48:12 -0500] "GET /sipse/faces/javax.faces.resource/jquery/jquery-plugins.js?ln=primefaces&v=4.0 HTTP/1.1" 304 -
190.60.36.2 - - [23/Dec/2023:11:48:12 -0500] "GET /sipse/faces/javax.faces.resource/primefaces.js?ln=primefaces&v=4.0 HTTP/1.1" 304 -
190.60.36.2 - - [23/Dec/2023:11:48:12 -0500] "GET /sipse/faces/javax.faces.resource/layout/layout.js?ln=primefaces&v=4.0 HTTP/1.1" 304 -
156.59.198.135 - - [23/Dec/2023:11:48:12 -0500] "GET /BLA/resoluciones/RESOLUCIONES%202022/2764.pdf HTTP/1.0" 200 334893
190.60.36.2 - - [23/Dec/2023:11:48:18 -0500] "POST /sipse/faces/presentacion/financiero/solicitudProceso/consultarSolicitudProceso.xhtml HTTP/1.1" 200 35783
190.60.36.2 - - [23/Dec/2023:11:48:20 -0500] "GET /sipse/faces/javax.faces.resource/theme.css?ln=primefaces-sipse HTTP/1.1" 304 -
190.60.36.2 - - [23/Dec/2023:11:48:20 -0500] "GET /sipse/faces/javax.faces.resource/primefaces.css?ln=primefaces&v=4.0 HTTP/1.1" 304 -
190.60.36.2 - - [23/Dec/2023:11:48:20 -0500] "GET /sipse/faces/javax.faces.resource/layout/layout.css?ln=primefaces&v=4.0 HTTP/1.1" 304 -
190.60.36.2 - - [23/Dec/2023:11:48:20 -0500] "GET /sipse/faces/javax.faces.resource/jquery/jquery.js?ln=primefaces&v=4.0 HTTP/1.1" 304 -
190.60.36.2 - - [23/Dec/2023:11:48:20 -0500] "GET /sipse/faces/javax.faces.resource/jquery/jquery-plugins.js?ln=primefaces&v=4.0 HTTP/1.1" 304 -
190.60.36.2 - - [23/Dec/2023:11:48:20 -0500] "GET /sipse/faces/javax.faces.resource/primefaces.js?ln=primefaces&v=4.0 HTTP/1.1" 304 -
190.60.36.2 - - [23/Dec/2023:11:48:20 -0500] "GET /sipse/faces/javax.faces.resource/layout/layout.js?ln=primefaces&v=4.0 HTTP/1.1" 304 -
190.60.36.2 - - [23/Dec/2023:11:48:20 -0500] "POST /sipse/faces/presentacion/financiero/solicitudProceso/listarSolicitudProceso.xhtml HTTP/1.1" 200 1396
190.60.36.2 - - [23/Dec/2023:11:48:23 -0500] "POST /sipse/faces/presentacion/financiero/solicitudProceso/listarSolicitudProceso.xhtml HTTP/1.1" 200 31900
190.60.36.2 - - [23/Dec/2023:11:48:23 -0500] "POST /sipse/faces/presentacion/financiero/solicitudProceso/listarSolicitudProceso.xhtml HTTP/1.1" 200 44532
190.60.36.2 - - [23/Dec/2023:11:48:23 -0500] "POST /sipse/faces/presentacion/financiero/solicitudProceso/listarSolicitudProceso.xhtml HTTP/1.1" 200 31900
156.59.198.135 - - [23/Dec/2023:11:48:36 -0500] "GET /BLA/resoluciones/RESOLUCIONES%202022/1696.pdf HTTP/1.0" 200 590408
47.128.113.204 - - [23/Dec/2023:11:49:03 -0500] "GET /BLA/resoluciones/index.php?dir=RESOLUCIONES%202005%2FRES%202005%20151-200%2F&order=desc&sort=date HTTP/1.1" 200 12229
47.128.113.204 - - [23/Dec/2023:11:49:04 -0500] "GET /BLA/resoluciones/dlf/dirup.png HTTP/1.1" 200 644
47.128.113.204 - - [23/Dec/2023:11:49:04 -0500] "GET /BLA/resoluciones/dlf/unknown.png HTTP/1.1" 200 266
186.102.86.202 - - [23/Dec/2023:11:49:04 -0500] "GET /kwssiamovil/sm/ldap/au?x=U2FsdGVkX19X5c9pzsbSV7jRRVJbFEC/lrZJxzGusWmILv4DhyeWBcreTA4zCgTu&y=U2FsdGVkX1+0CUbuy5JjHMk/HH70JHjYf8g5tPoBaGP7pHEJiJuNCGZyNZS9F/Ot HTTP/1.1" 200 30
186.102.86.202 - - [23/Dec/2023:11:49:04 -0500] "GET /kwssiamovil/sm/acme/s?s=U2FsdGVkX19ACgtWqHMcpFw/6HvporZUUp2sgAP6YsrKVQJhQDNjTxU+kpp8drKRUQujNcWiSb6ZZExJKvDCW2tHAqNHwCv9pAM8ruiklG4=&u=U2FsdGVkX189XXqe/dQAfdPkiAhu5CvL/jUJgZ8wxf/xTAKxx5TKQbE/FRcl8QgS&y=U2FsdGVkX1+0CUbuy5JjHMk/HH70JHjYf8g5tPoBaGP7pHEJiJuNCGZyNZS9F/Ot HTTP/1.1" 200 97
186.102.86.202 - - [23/Dec/2023:11:49:04 -0500] "GET /kwssiamovil/sm/acme/s?s=U2FsdGVkX18dB7jIsjiommLfdFF5arTrSA4TuiHIZIt3/3KwVRb+Y1xLnBY05j2pwfeB5B4A9PlwK2pUm3dxdt+5f6YMiWmUHkOpy209lUOlI1v4Fpm9wuScoTBglHRP8W6INfm4WZ0wyPvewUcrUWLcp/n7L3QPJ5tYeWJyPfvub49EAJRZxaOP4DxpdiZXxze+J1h+2MifgBf29/yLrgIWtWtzeLHsSs96tYYNQZN3ab0Ba2w7jZpz9dKVXXbJhsrSuO/nV4C0rzQ/tIJ7FWAOJMko/+4bjECLgIsOYRDCjNPLOw5KKriS4F9LNjMB5E7hwesySe/qaEP18snuL0LPUZLfRCJOLRb3eWDiHZyqCDTmWtWyJy8ns8ee2L+iztaerfO15KNHwKA1B6XS91qw7Sky+UdtMbFWTp/INGLVQk/RbQg0HpFnm48QGN/PV3sasNrQ/chURMcNpSGNpMfxwzt4NXO/ZMPJoZ9LTiW+mHsCfCmFBuwAz4BqTx1YAgvo7X8AoUTMpefnctcWQn2BZu4/p941X1gS9lwxGW/sNHRwnnnJ6gvw8EP0PLFmHVx8/DbB8Ycvg4g9BbRRLZpoojH6YWRjp774LmJHAXyTC/hv6BpOV5EBzhOaVYQJVylFgLXU0PrDRnoPyp4peexn+IPD9ZOV0dYUo5p1n6gkuu02TE8jaeHRlXLaS7H1zbq7E9aaEFDpHLzH5dJFI15fviiOdWCUQ8pIvB3hMvY2RPMen1Ku3EkG6GKBmj8lhhk2I4s/ZHVnUVHmJR9hjlzoajqIPLHU4WFRdGrRNHZTahUkdhqp3678QeCGK5IpLbx+4ZuUyffdmESohyLynaANeWC33+cr5kP/WIKSX1WYf3rrcGiwvcCBcHrg4/UfIKVAkACZqM2qtT+f3YvaSykxaZmZO0acqKIl5rokEaQ/yZJreG+dcR5IdjfWiPEWm4iAzkCxb/ssqHqWZb2jILYE2Av/vvTsK5ZJK4edrsv1G3zEHCM9doFzeRu1Dy9ZrkOqyLLlc75VxQBGgxH0kUzjfihfaq492bjyHX0nLf+KiXFAuBqY9diJerEV3Y2nQ611kbCYHZGzeC6mZKT+vfhZPDG4sClu/17mjDye/EzN1azeD2a/HDb4WIGNSOFjvsj1yaPcQe7NfOI7c5D2LXz1tfMAX/rjlA2UO1V5K9F6UuvI7IrMb+jGNTNFCtobYEH4y8wHK7zGgG+Vn7KekZKfcgqy0G5hYf2lpHzXuUTpfmZanYeW66zJaKY06/6GEIzgrmAIjDUrgU4OPKaw+L5xQpJESiV0uGvVLro/hm7bSy2tmysuvzPo9MBNnboAwM7sH5PtbgJZS7dRGqLdcGy0uychrn7vZpCofa2HMV5KrYPZ3YCX6idhdZFJeaKZgkXv3/dtxL0L6LeE/3+9Jzqz9xAUFUukxh80zrt/nJ8=&u=U2FsdGVkX189XXqe/dQAfdPkiAhu5CvL/jUJgZ8wxf/xTAKxx5TKQbE/FRcl8QgS&y=U2FsdGVkX1+0CUbuy5JjHMk/HH70JHjYf8g5tPoBaGP7pHEJiJuNCGZyNZS9F/Ot HTTP/1.1" 200 1566
186.102.86.202 - - [23/Dec/2023:11:49:05 -0500] "GET /kwssiamovil/sm/acme/s?s=U2FsdGVkX18Xwgts/9IToRwIQuey5BxLrwTr2YHT2hVV9yqzTNkDevSNmROB043Vrl4iubW68kfP/18wPvtwGY9tdY6reE+90MeMnXcK7HQKuHJMRSeBOojJL4Q4BUGQUizS9n44qmafgQEi/IsFcnek25c0ej071Nc/9IX+bcrwxNS4RvJE8DxXcUaNjQwqbHcZWcw2eGdO0ql1woEZw8pteofmpQbDGFZWEmtv5xdGrxnf3wfPM6wPDe+kd7Ms1VDlXXgN6oxn0rupze5QkxJH0z86kqZOSA4inTicSQheJAgCjA51kIC1J/QP71vaYpo1zbggxLzCmwF0jsNn5meN82eAS81nFoBF2jBkNgU=&u=U2FsdGVkX189XXqe/dQAfdPkiAhu5CvL/jUJgZ8wxf/xTAKxx5TKQbE/FRcl8QgS&y=U2FsdGVkX1+0CUbuy5JjHMk/HH70JHjYf8g5tPoBaGP7pHEJiJuNCGZyNZS9F/Ot HTTP/1.1" 200 196
186.102.86.202 - - [23/Dec/2023:11:49:05 -0500] "GET /kwssiamovil/sm/cjson/pre?f=1&x=U2FsdGVkX19X5c9pzsbSV7jRRVJbFEC/lrZJxzGusWmILv4DhyeWBcreTA4zCgTu HTTP/1.1" 200 31032
156.59.198.136 - - [23/Dec/2023:11:49:25 -0500] "GET /BLA/resoluciones/RESOLUCIONES%202022/3407.pdf HTTP/1.0" 200 1173490
186.102.48.232 - - [23/Dec/2023:11:49:41 -0500] "GET /kwssiamovil/sm/acme/u?s=U2FsdGVkX18uSQ4ayy0WakZnN8AoeuWK6G6DTOCveF/pEGfY49U79y0DPLKxtNN+gm6w99uc/IrgCnr2M0F7p4Gr+iq6/ESCnRxKWvVK8wHZNI8Rie5CVydklvaQokWaVW3UCpLdRrOid6V49pB/UfZw6K2BGMJvULXN+RWW2Y0=&u=U2FsdGVkX19+6/IgKcMK9qdVgdiKdJ8C8iCFjioVdmmO4GuJ3YWwtckb42F7oWXZ&y=U2FsdGVkX1+qSwxAXp4e9MGFzw/oJyUvmGsDlgsqTf4K3lgAJc32AcT/4eLl/kPO HTTP/1.1" 200 60
156.59.198.135 - - [23/Dec/2023:11:49:49 -0500] "GET /BLA/resoluciones/RESOLUCIONES%202022/1456.pdf HTTP/1.0" 200 372378
156.59.198.135 - - [23/Dec/2023:11:50:13 -0500] "GET /BLA/resoluciones/RESOLUCIONES%202022/0766.pdf HTTP/1.0" 200 428814
216.245.221.92 - - [23/Dec/2023:11:50:25 -0500] "HEAD / HTTP/1.1" 200 -
156.59.198.136 - - [23/Dec/2023:11:50:37 -0500] "GET /BLA/resoluciones/RESOLUCIONES%202022/1392.pdf HTTP/1.0" 200 332285
201.245.192.253 - - [23/Dec/2023:11:50:43 -0500] "POST /kwsrmcab/Wsrmcab  HTTP/1.1" 200 40220
186.103.47.25 - - [23/Dec/2023:11:50:52 -0500] "GET /distrito-exalto-a-246-empresas-de-bogota-por-su-alto-desempeno-y-responsabilidad-ambiental-durante-2023.html HTTP/1.1" 200 1039
156.59.198.136 - - [23/Dec/2023:11:51:01 -0500] "GET /BLA/resoluciones/RESOLUCIONES%202022/1715.pdf HTTP/1.0" 200 1256443
66.249.66.21 - - [23/Dec/2023:11:51:05 -0500] "GET /Publicaciones/2023EE168850.pdf HTTP/1.1" 404 228
156.59.198.136 - - [23/Dec/2023:11:51:25 -0500] "GET /BLA/resoluciones/RESOLUCIONES%202022/3158.pdf HTTP/1.0" 200 646769
181.155.223.149 - - [23/Dec/2023:11:51:30 -0500] "GET /sipse/faces/index.xhtml HTTP/1.1" 200 677
181.155.223.149 - - [23/Dec/2023:11:51:30 -0500] "GET /sipse/faces/javax.faces.resource/theme.css?ln=primefaces-sipse HTTP/1.1" 304 -
181.155.223.149 - - [23/Dec/2023:11:51:30 -0500] "GET /sipse/faces/faces/autenticacion.xhtml HTTP/1.1" 200 12407
181.155.223.149 - - [23/Dec/2023:11:51:31 -0500] "GET /sipse/css/custom_css_sg.css HTTP/1.1" 200 9694
181.155.223.149 - - [23/Dec/2023:11:51:31 -0500] "GET /sipse/css/custom_css_sg_prime_login.css HTTP/1.1" 200 443
181.155.223.149 - - [23/Dec/2023:11:51:31 -0500] "GET /sipse/faces/javax.faces.resource/primefaces.css?ln=primefaces&v=4.0 HTTP/1.1" 304 -
181.155.223.149 - - [23/Dec/2023:11:51:31 -0500] "GET /sipse/faces/javax.faces.resource/theme.css?ln=primefaces-sipse HTTP/1.1" 304 -
181.155.223.149 - - [23/Dec/2023:11:51:31 -0500] "GET /sipse/faces/javax.faces.resource/layout/layout.css?ln=primefaces&v=4.0 HTTP/1.1" 304 -
181.155.223.149 - - [23/Dec/2023:11:51:31 -0500] "GET /sipse/js/disable_browser_buttons.js HTTP/1.1" 200 3230
181.155.223.149 - - [23/Dec/2023:11:51:31 -0500] "GET /sipse/js/funciones.js HTTP/1.1" 200 12592
181.155.223.149 - - [23/Dec/2023:11:51:31 -0500] "GET /sipse/faces/javax.faces.resource/jquery/jquery-plugins.js?ln=primefaces&v=4.0 HTTP/1.1" 304 -
181.155.223.149 - - [23/Dec/2023:11:51:31 -0500] "GET /sipse/faces/javax.faces.resource/jquery/jquery.js?ln=primefaces&v=4.0 HTTP/1.1" 304 -
181.155.223.149 - - [23/Dec/2023:11:51:31 -0500] "GET /sipse/faces/javax.faces.resource/primefaces.js?ln=primefaces&v=4.0 HTTP/1.1" 304 -
181.155.223.149 - - [23/Dec/2023:11:51:31 -0500] "GET /sipse/faces/javax.faces.resource/layout/layout.js?ln=primefaces&v=4.0 HTTP/1.1" 304 -
181.155.223.149 - - [23/Dec/2023:11:51:31 -0500] "GET /sipse/faces/javax.faces.resource/images/ui-icons_898989_256x240.png?ln=primefaces-aristo HTTP/1.1" 304 -
181.155.223.149 - - [23/Dec/2023:11:51:31 -0500] "GET /sipse/css/imagen/logoSDG.png HTTP/1.1" 200 53064
181.155.223.149 - - [23/Dec/2023:11:51:31 -0500] "GET /sipse/css/imagen/loginimg.png HTTP/1.1" 200 71635
172.22.2.4 - - [23/Dec/2023:11:50:04 -0500] "HEAD /BLA/boletinlegal/ HTTP/1.1" 200 -
156.59.198.135 - - [23/Dec/2023:11:51:50 -0500] "GET /BLA/resoluciones/RESOLUCIONES%202022/0414.pdf HTTP/1.0" 200 348566
181.155.223.149 - - [23/Dec/2023:11:52:14 -0500] "POST /sipse/faces/autenticacion.xhtml HTTP/1.1" 200 2220
181.155.223.149 - - [23/Dec/2023:11:52:14 -0500] "GET /sipse/faces/javax.faces.resource/messages/messages.png?ln=primefaces&v=4.0 HTTP/1.1" 304 -
156.59.198.135 - - [23/Dec/2023:11:52:14 -0500] "GET /BLA/resoluciones/RESOLUCIONES%202022/3007.pdf HTTP/1.0" 200 458268
181.155.223.149 - - [23/Dec/2023:11:52:16 -0500] "POST /sipse/faces/autenticacion.xhtml HTTP/1.1" 200 16461
181.155.223.149 - - [23/Dec/2023:11:52:17 -0500] "GET /sipse/css/custom_css_sg_prime.css HTTP/1.1" 200 5201
181.155.223.149 - - [23/Dec/2023:11:52:17 -0500] "GET /sipse/faces/javax.faces.resource/primefaces.css?ln=primefaces&v=4.0 HTTP/1.1" 304 -
181.155.223.149 - - [23/Dec/2023:11:52:17 -0500] "GET /sipse/faces/javax.faces.resource/theme.css?ln=primefaces-sipse HTTP/1.1" 304 -
181.155.223.149 - - [23/Dec/2023:11:52:17 -0500] "GET /sipse/faces/javax.faces.resource/layout/layout.css?ln=primefaces&v=4.0 HTTP/1.1" 304 -
181.155.223.149 - - [23/Dec/2023:11:52:17 -0500] "GET /sipse/js/jquery.min.js HTTP/1.1" 200 85582
181.155.223.149 - - [23/Dec/2023:11:52:17 -0500] "GET /sipse/faces/javax.faces.resource/jquery/jquery.js?ln=primefaces&v=4.0 HTTP/1.1" 304 -
181.155.223.149 - - [23/Dec/2023:11:52:17 -0500] "GET /sipse/faces/javax.faces.resource/jquery/jquery-plugins.js?ln=primefaces&v=4.0 HTTP/1.1" 304 -
181.155.223.149 - - [23/Dec/2023:11:52:17 -0500] "GET /sipse/faces/javax.faces.resource/primefaces.js?ln=primefaces&v=4.0 HTTP/1.1" 304 -
181.155.223.149 - - [23/Dec/2023:11:52:17 -0500] "GET /sipse/faces/javax.faces.resource/layout/layout.js?ln=primefaces&v=4.0 HTTP/1.1" 304 -
181.155.223.149 - - [23/Dec/2023:11:52:17 -0500] "GET /sipse/css/v_mergente.css HTTP/1.1" 200 1505
181.155.223.149 - - [23/Dec/2023:11:52:18 -0500] "GET /sipse/css/imagen/contrasena.png HTTP/1.1" 404 383
181.155.223.149 - - [23/Dec/2023:11:52:17 -0500] "GET /sipse/imagenes/cargando.gif HTTP/1.1" 200 36959
181.155.223.149 - - [23/Dec/2023:11:52:17 -0500] "GET /sipse/imagenes/logoAplicacion.jpg HTTP/1.1" 200 155084
181.155.223.149 - - [23/Dec/2023:11:52:23 -0500] "GET /sipse/faces/javax.faces.resource/images/ui-bg_flat_0_2d5972_40x100.png?ln=primefaces-aristo HTTP/1.1" 304 -
181.155.223.149 - - [23/Dec/2023:11:52:23 -0500] "POST /sipse/faces/bienvenido.xhtml HTTP/1.1" 200 2658
181.155.223.149 - - [23/Dec/2023:11:52:24 -0500] "POST /sipse/faces/bienvenido.xhtml HTTP/1.1" 200 64210
181.155.223.149 - - [23/Dec/2023:11:52:24 -0500] "GET /sipse/faces/javax.faces.resource/primefaces.css?ln=primefaces&v=4.0 HTTP/1.1" 304 -
181.155.223.149 - - [23/Dec/2023:11:52:24 -0500] "GET /sipse/faces/javax.faces.resource/layout/layout.css?ln=primefaces&v=4.0 HTTP/1.1" 304 -
181.155.223.149 - - [23/Dec/2023:11:52:24 -0500] "GET /sipse/faces/javax.faces.resource/theme.css?ln=primefaces-sipse HTTP/1.1" 304 -
181.155.223.149 - - [23/Dec/2023:11:52:24 -0500] "GET /sipse/faces/javax.faces.resource/jquery/jquery.js?ln=primefaces&v=4.0 HTTP/1.1" 304 -
181.155.223.149 - - [23/Dec/2023:11:52:25 -0500] "GET /sipse/faces/javax.faces.resource/jquery/jquery-plugins.js?ln=primefaces&v=4.0 HTTP/1.1" 304 -
181.155.223.149 - - [23/Dec/2023:11:52:25 -0500] "GET /sipse/faces/javax.faces.resource/primefaces.js?ln=primefaces&v=4.0 HTTP/1.1" 304 -
181.155.223.149 - - [23/Dec/2023:11:52:25 -0500] "GET /sipse/faces/javax.faces.resource/layout/layout.js?ln=primefaces&v=4.0 HTTP/1.1" 304 -
181.155.223.149 - - [23/Dec/2023:11:52:25 -0500] "POST /sipse/faces/presentacion/financiero/solicitudProceso/listarSolicitudProceso.xhtml HTTP/1.1" 200 1564
181.155.223.149 - - [23/Dec/2023:11:52:30 -0500] "POST /sipse/faces/presentacion/financiero/solicitudProceso/listarSolicitudProceso.xhtml HTTP/1.1" 200 2845
181.155.223.149 - - [23/Dec/2023:11:52:31 -0500] "POST /sipse/faces/presentacion/financiero/solicitudProceso/listarSolicitudProceso.xhtml HTTP/1.1" 200 40846
181.155.223.149 - - [23/Dec/2023:11:52:32 -0500] "GET /sipse/faces/javax.faces.resource/theme.css?ln=primefaces-sipse HTTP/1.1" 304 -
181.155.223.149 - - [23/Dec/2023:11:52:32 -0500] "GET /sipse/faces/javax.faces.resource/primefaces.css?ln=primefaces&v=4.0 HTTP/1.1" 304 -
181.155.223.149 - - [23/Dec/2023:11:52:32 -0500] "GET /sipse/faces/javax.faces.resource/layout/layout.css?ln=primefaces&v=4.0 HTTP/1.1" 304 -
181.155.223.149 - - [23/Dec/2023:11:52:32 -0500] "GET /sipse/faces/javax.faces.resource/jquery/jquery.js?ln=primefaces&v=4.0 HTTP/1.1" 304 -
181.155.223.149 - - [23/Dec/2023:11:52:32 -0500] "GET /sipse/faces/javax.faces.resource/jquery/jquery-plugins.js?ln=primefaces&v=4.0 HTTP/1.1" 304 -
181.155.223.149 - - [23/Dec/2023:11:52:32 -0500] "GET /sipse/faces/javax.faces.resource/primefaces.js?ln=primefaces&v=4.0 HTTP/1.1" 304 -
181.155.223.149 - - [23/Dec/2023:11:52:32 -0500] "GET /sipse/faces/javax.faces.resource/layout/layout.js?ln=primefaces&v=4.0 HTTP/1.1" 304 -
181.155.223.149 - - [23/Dec/2023:11:52:32 -0500] "POST /sipse/faces/presentacion/financiero/solicitudProceso/consultar.xhtml HTTP/1.1" 200 34137
172.22.2.4 - - [23/Dec/2023:11:50:55 -0500] "GET /BLA/boletinlegal/ HTTP/1.1" 200 60910
156.59.198.136 - - [23/Dec/2023:11:52:38 -0500] "GET /BLA/resoluciones/RESOLUCIONES%202022/4453.pdf HTTP/1.0" 200 1649667
181.155.223.149 - - [23/Dec/2023:11:52:45 -0500] "POST /sipse/faces/presentacion/financiero/solicitudProceso/consultar.xhtml HTTP/1.1" 200 12794
66.249.66.20 - - [23/Dec/2023:11:52:46 -0500] "GET /Publicaciones/2023EE290754.pdf HTTP/1.1" 200 231861
156.59.198.135 - - [23/Dec/2023:11:53:03 -0500] "GET /BLA/resoluciones/RESOLUCIONES%202022/1304.pdf HTTP/1.0" 200 1052669
156.59.198.135 - - [23/Dec/2023:11:53:27 -0500] "GET /BLA/resoluciones/RESOLUCIONES%202022/4438.pdf HTTP/1.0" 200 399471
156.59.198.135 - - [23/Dec/2023:11:53:51 -0500] "GET /BLA/resoluciones/RESOLUCIONES%202022/2933.pdf HTTP/1.0" 200 446111
156.59.198.136 - - [23/Dec/2023:11:54:15 -0500] "GET /BLA/resoluciones/RESOLUCIONES%202022/2641.pdf HTTP/1.0" 200 410803
173.252.83.8 - - [23/Dec/2023:11:54:18 -0500] "GET /distrito-exalta-48-arboles-patrimoniales-y-15-de-interes-publico-en-bogota.html HTTP/1.1" 200 816
173.252.111.119 - - [23/Dec/2023:11:54:24 -0500] "GET /images/terrazas%20verdes.jpg HTTP/1.1" 200 63951
156.59.198.135 - - [23/Dec/2023:11:54:39 -0500] "GET /BLA/resoluciones/RESOLUCIONES%202022/0146.pdf HTTP/1.0" 200 458995
156.59.198.135 - - [23/Dec/2023:11:55:04 -0500] "GET /BLA/resoluciones/RESOLUCIONES%202022/2329.pdf HTTP/1.0" 200 358263
216.245.221.92 - - [23/Dec/2023:11:55:28 -0500] "HEAD / HTTP/1.1" 200 -
156.59.198.135 - - [23/Dec/2023:11:55:28 -0500] "GET /BLA/resoluciones/RESOLUCIONES%202022/3610.pdf HTTP/1.0" 200 397128
201.245.192.253 - - [23/Dec/2023:11:55:42 -0500] "POST /kwsrmcab/Wsrmcab  HTTP/1.1" 200 40220
156.59.198.136 - - [23/Dec/2023:11:55:53 -0500] "GET /BLA/resoluciones/RESOLUCIONES%202022/3272.pdf HTTP/1.0" 200 379914
156.59.198.136 - - [23/Dec/2023:11:56:18 -0500] "GET /BLA/resoluciones/RESOLUCIONES%202022/2387.pdf HTTP/1.0" 200 451987
156.59.198.135 - - [23/Dec/2023:11:56:41 -0500] "GET /BLA/resoluciones/RESOLUCIONES%202022/1474.pdf HTTP/1.0" 200 646583
173.252.79.10 - - [23/Dec/2023:11:57:02 -0500] "GET /images/terrazas%20verdes.jpg HTTP/1.1" 200 63951
156.59.198.135 - - [23/Dec/2023:11:57:05 -0500] "GET /BLA/resoluciones/RESOLUCIONES%202022/1279.pdf HTTP/1.0" 200 379819
156.59.198.136 - - [23/Dec/2023:11:57:29 -0500] "GET /BLA/resoluciones/RESOLUCIONES%202022/1063.pdf HTTP/1.0" 200 480514
172.22.2.4 - - [23/Dec/2023:11:55:55 -0500] "HEAD /BLA/boletinlegal/ HTTP/1.1" 200 -
181.155.223.149 - - [23/Dec/2023:11:57:48 -0500] "GET /sipse/faces/index.xhtml HTTP/1.1" 200 677
181.155.223.149 - - [23/Dec/2023:11:57:48 -0500] "GET /sipse/faces/javax.faces.resource/theme.css?ln=primefaces-sipse HTTP/1.1" 304 -
181.155.223.149 - - [23/Dec/2023:11:57:48 -0500] "GET /sipse/faces/faces/autenticacion.xhtml HTTP/1.1" 200 12416
181.155.223.149 - - [23/Dec/2023:11:57:48 -0500] "GET /sipse/faces/javax.faces.resource/theme.css?ln=primefaces-sipse HTTP/1.1" 304 -
181.155.223.149 - - [23/Dec/2023:11:57:48 -0500] "GET /sipse/faces/javax.faces.resource/primefaces.css?ln=primefaces&v=4.0 HTTP/1.1" 304 -
181.155.223.149 - - [23/Dec/2023:11:57:48 -0500] "GET /sipse/faces/javax.faces.resource/layout/layout.css?ln=primefaces&v=4.0 HTTP/1.1" 304 -
181.155.223.149 - - [23/Dec/2023:11:57:48 -0500] "GET /sipse/faces/javax.faces.resource/jquery/jquery-plugins.js?ln=primefaces&v=4.0 HTTP/1.1" 304 -
181.155.223.149 - - [23/Dec/2023:11:57:48 -0500] "GET /sipse/faces/javax.faces.resource/jquery/jquery.js?ln=primefaces&v=4.0 HTTP/1.1" 304 -
181.155.223.149 - - [23/Dec/2023:11:57:48 -0500] "GET /sipse/faces/javax.faces.resource/primefaces.js?ln=primefaces&v=4.0 HTTP/1.1" 304 -
181.155.223.149 - - [23/Dec/2023:11:57:48 -0500] "GET /sipse/faces/javax.faces.resource/layout/layout.js?ln=primefaces&v=4.0 HTTP/1.1" 304 -
156.59.198.135 - - [23/Dec/2023:11:57:53 -0500] "GET /BLA/resoluciones/RESOLUCIONES%202022/5382.pdf HTTP/1.0" 200 1113154
181.155.223.149 - - [23/Dec/2023:11:57:58 -0500] "POST /sipse/faces/autenticacion.xhtml HTTP/1.1" 200 2220
181.155.223.149 - - [23/Dec/2023:11:57:58 -0500] "GET /sipse/faces/javax.faces.resource/messages/messages.png?ln=primefaces&v=4.0 HTTP/1.1" 304 -
181.155.223.149 - - [23/Dec/2023:11:58:01 -0500] "POST /sipse/faces/autenticacion.xhtml HTTP/1.1" 200 16495
181.155.223.149 - - [23/Dec/2023:11:58:02 -0500] "GET /sipse/faces/javax.faces.resource/theme.css?ln=primefaces-sipse HTTP/1.1" 304 -
181.155.223.149 - - [23/Dec/2023:11:58:02 -0500] "GET /sipse/faces/javax.faces.resource/primefaces.css?ln=primefaces&v=4.0 HTTP/1.1" 304 -
181.155.223.149 - - [23/Dec/2023:11:58:02 -0500] "GET /sipse/faces/javax.faces.resource/layout/layout.css?ln=primefaces&v=4.0 HTTP/1.1" 304 -
181.155.223.149 - - [23/Dec/2023:11:58:02 -0500] "GET /sipse/faces/javax.faces.resource/jquery/jquery.js?ln=primefaces&v=4.0 HTTP/1.1" 304 -
181.155.223.149 - - [23/Dec/2023:11:58:02 -0500] "GET /sipse/faces/javax.faces.resource/jquery/jquery-plugins.js?ln=primefaces&v=4.0 HTTP/1.1" 304 -
181.155.223.149 - - [23/Dec/2023:11:58:02 -0500] "GET /sipse/faces/javax.faces.resource/primefaces.js?ln=primefaces&v=4.0 HTTP/1.1" 304 -
181.155.223.149 - - [23/Dec/2023:11:58:02 -0500] "GET /sipse/faces/javax.faces.resource/layout/layout.js?ln=primefaces&v=4.0 HTTP/1.1" 304 -
181.155.223.149 - - [23/Dec/2023:11:58:06 -0500] "POST /sipse/faces/bienvenido.xhtml HTTP/1.1" 200 2658
181.155.223.149 - - [23/Dec/2023:11:58:07 -0500] "POST /sipse/faces/bienvenido.xhtml HTTP/1.1" 200 64210
181.155.223.149 - - [23/Dec/2023:11:58:08 -0500] "GET /sipse/faces/javax.faces.resource/theme.css?ln=primefaces-sipse HTTP/1.1" 304 -
181.155.223.149 - - [23/Dec/2023:11:58:08 -0500] "GET /sipse/faces/javax.faces.resource/primefaces.css?ln=primefaces&v=4.0 HTTP/1.1" 304 -
181.155.223.149 - - [23/Dec/2023:11:58:08 -0500] "GET /sipse/faces/javax.faces.resource/layout/layout.css?ln=primefaces&v=4.0 HTTP/1.1" 304 -
181.155.223.149 - - [23/Dec/2023:11:58:08 -0500] "GET /sipse/faces/javax.faces.resource/jquery/jquery.js?ln=primefaces&v=4.0 HTTP/1.1" 304 -
181.155.223.149 - - [23/Dec/2023:11:58:08 -0500] "GET /sipse/faces/javax.faces.resource/jquery/jquery-plugins.js?ln=primefaces&v=4.0 HTTP/1.1" 304 -
181.155.223.149 - - [23/Dec/2023:11:58:08 -0500] "GET /sipse/faces/javax.faces.resource/primefaces.js?ln=primefaces&v=4.0 HTTP/1.1" 304 -
181.155.223.149 - - [23/Dec/2023:11:58:09 -0500] "GET /sipse/faces/javax.faces.resource/layout/layout.js?ln=primefaces&v=4.0 HTTP/1.1" 304 -
181.155.223.149 - - [23/Dec/2023:11:58:09 -0500] "POST /sipse/faces/presentacion/financiero/solicitudProceso/listarSolicitudProceso.xhtml HTTP/1.1" 200 1564
181.155.223.149 - - [23/Dec/2023:11:58:14 -0500] "POST /sipse/faces/presentacion/financiero/solicitudProceso/listarSolicitudProceso.xhtml HTTP/1.1" 200 2845
181.155.223.149 - - [23/Dec/2023:11:58:15 -0500] "POST /sipse/faces/presentacion/financiero/solicitudProceso/listarSolicitudProceso.xhtml HTTP/1.1" 200 40846
181.155.223.149 - - [23/Dec/2023:11:58:15 -0500] "GET /sipse/faces/javax.faces.resource/layout/layout.css?ln=primefaces&v=4.0 HTTP/1.1" 304 -
181.155.223.149 - - [23/Dec/2023:11:58:15 -0500] "GET /sipse/faces/javax.faces.resource/primefaces.css?ln=primefaces&v=4.0 HTTP/1.1" 304 -
181.155.223.149 - - [23/Dec/2023:11:58:15 -0500] "GET /sipse/faces/javax.faces.resource/theme.css?ln=primefaces-sipse HTTP/1.1" 304 -
181.155.223.149 - - [23/Dec/2023:11:58:15 -0500] "GET /sipse/faces/javax.faces.resource/jquery/jquery.js?ln=primefaces&v=4.0 HTTP/1.1" 304 -
181.155.223.149 - - [23/Dec/2023:11:58:15 -0500] "GET /sipse/faces/javax.faces.resource/jquery/jquery-plugins.js?ln=primefaces&v=4.0 HTTP/1.1" 304 -
181.155.223.149 - - [23/Dec/2023:11:58:15 -0500] "GET /sipse/faces/javax.faces.resource/primefaces.js?ln=primefaces&v=4.0 HTTP/1.1" 304 -
181.155.223.149 - - [23/Dec/2023:11:58:16 -0500] "GET /sipse/faces/javax.faces.resource/layout/layout.js?ln=primefaces&v=4.0 HTTP/1.1" 304 -
181.155.223.149 - - [23/Dec/2023:11:58:16 -0500] "POST /sipse/faces/presentacion/financiero/solicitudProceso/consultar.xhtml HTTP/1.1" 200 34137
156.59.198.135 - - [23/Dec/2023:11:58:18 -0500] "GET /BLA/resoluciones/RESOLUCIONES%202022/3849.pdf HTTP/1.0" 200 460601
49.7.21.124 - - [23/Dec/2023:11:58:23 -0500] "GET / HTTP/1.1" 200 319
172.22.2.4 - - [23/Dec/2023:11:56:46 -0500] "GET /BLA/boletinlegal/ HTTP/1.1" 200 60910
181.155.223.149 - - [23/Dec/2023:11:58:26 -0500] "POST /sipse/faces/presentacion/financiero/solicitudProceso/consultar.xhtml HTTP/1.1" 200 12858
156.59.198.136 - - [23/Dec/2023:11:58:42 -0500] "GET /BLA/resoluciones/RESOLUCIONES%202022/3884.pdf HTTP/1.0" 200 358526
181.155.223.149 - - [23/Dec/2023:11:58:45 -0500] "POST /sipse/faces/presentacion/financiero/solicitudProceso/consultar.xhtml HTTP/1.1" 200 12762
156.59.198.135 - - [23/Dec/2023:11:59:08 -0500] "GET /BLA/resoluciones/RESOLUCIONES%202022/0019.pdf HTTP/1.0" 200 167455
181.155.223.149 - - [23/Dec/2023:11:59:24 -0500] "POST /sipse/faces/presentacion/financiero/solicitudProceso/consultar.xhtml HTTP/1.1" 200 23089
181.155.223.149 - - [23/Dec/2023:11:59:30 -0500] "POST /sipse/faces/presentacion/financiero/solicitudProceso/consultar.xhtml HTTP/1.1" 200 12947
156.59.198.135 - - [23/Dec/2023:11:59:32 -0500] "GET /BLA/resoluciones/RESOLUCIONES%202022/2968.pdf HTTP/1.0" 200 446480
156.59.198.136 - - [23/Dec/2023:11:59:55 -0500] "GET /BLA/resoluciones/RESOLUCIONES%202022/2563.pdf HTTP/1.0" 200 399020
181.155.223.149 - - [23/Dec/2023:12:00:02 -0500] "POST /sipse/faces/presentacion/financiero/solicitudProceso/consultar.xhtml HTTP/1.1" 200 12861
181.155.223.149 - - [23/Dec/2023:12:00:04 -0500] "POST /sipse/faces/presentacion/financiero/solicitudProceso/consultar.xhtml HTTP/1.1" 200 12865
156.59.198.136 - - [23/Dec/2023:12:00:19 -0500] "GET /BLA/resoluciones/RESOLUCIONES%202022/0286.pdf HTTP/1.0" 200 341129
181.155.223.149 - - [23/Dec/2023:12:00:19 -0500] "POST /sipse/faces/presentacion/financiero/solicitudProceso/consultar.xhtml HTTP/1.1" 200 12790
216.245.221.92 - - [23/Dec/2023:12:00:25 -0500] "HEAD / HTTP/1.1" 200 -
181.155.223.149 - - [23/Dec/2023:12:00:32 -0500] "POST /sipse/faces/presentacion/financiero/solicitudProceso/consultar.xhtml HTTP/1.1" 200 12869
181.155.223.149 - - [23/Dec/2023:12:00:33 -0500] "POST /sipse/faces/presentacion/financiero/solicitudProceso/consultar.xhtml HTTP/1.1" 200 12869
201.245.192.253 - - [23/Dec/2023:12:00:42 -0500] "POST /kwsrmcab/Wsrmcab  HTTP/1.1" 200 40220
156.59.198.135 - - [23/Dec/2023:12:00:44 -0500] "GET /BLA/resoluciones/AUTOS%202023/5955.pdf HTTP/1.0" 200 416694
156.59.198.136 - - [23/Dec/2023:12:01:08 -0500] "GET /BLA/resoluciones/RESOLUCIONES%202022/2088.pdf HTTP/1.0" 200 410943
156.59.198.136 - - [23/Dec/2023:12:01:32 -0500] "GET /BLA/resoluciones/RESOLUCIONES%202022/1395.pdf HTTP/1.0" 200 2007425
156.59.198.136 - - [23/Dec/2023:12:01:57 -0500] "GET /BLA/resoluciones/RESOLUCIONES%202022/3426.pdf HTTP/1.0" 200 467792
156.59.198.135 - - [23/Dec/2023:12:02:22 -0500] "GET /BLA/resoluciones/RESOLUCIONES%202022/4685.pdf HTTP/1.0" 200 1438617
156.59.198.136 - - [23/Dec/2023:12:02:45 -0500] "GET /BLA/resoluciones/RESOLUCIONES%202022/1365.pdf HTTP/1.0" 200 401471
66.249.66.21 - - [23/Dec/2023:12:02:57 -0500] "GET /Publicaciones/2023EE222755.pdf HTTP/1.1" 404 228
181.155.223.149 - - [23/Dec/2023:12:02:58 -0500] "POST /sipse/faces/presentacion/financiero/solicitudProceso/consultar.xhtml HTTP/1.1" 200 12762
156.59.198.136 - - [23/Dec/2023:12:03:10 -0500] "GET /BLA/resoluciones/RESOLUCIONES%202014/2479.pdf HTTP/1.0" 200 482998
181.155.223.149 - - [23/Dec/2023:12:03:18 -0500] "POST /sipse/faces/presentacion/financiero/solicitudProceso/consultar.xhtml HTTP/1.1" 200 12861
172.22.2.4 - - [23/Dec/2023:12:01:45 -0500] "HEAD /BLA/boletinlegal/ HTTP/1.1" 200 -
156.59.198.136 - - [23/Dec/2023:12:03:34 -0500] "GET /BLA/resoluciones/RESOLUCIONES%202014/2708.pdf HTTP/1.0" 200 415867
181.155.223.149 - - [23/Dec/2023:12:03:47 -0500] "POST /sipse/faces/presentacion/financiero/solicitudProceso/consultar.xhtml HTTP/1.1" 200 12802
156.59.198.136 - - [23/Dec/2023:12:03:58 -0500] "GET /BLA/resoluciones/RESOLUCIONES%202014/2333.pdf HTTP/1.0" 200 613555
172.22.2.4 - - [23/Dec/2023:12:02:36 -0500] "GET /BLA/boletinlegal/ HTTP/1.1" 200 58567
172.22.2.4 - - [23/Dec/2023:12:04:21 -0500] "GET /BLA/boletinlegal/conceptos/2016/113.pdf HTTP/1.1" 200 306615
156.59.198.135 - - [23/Dec/2023:12:04:22 -0500] "GET /BLA/resoluciones/RESOLUCIONES%202022/4767.pdf HTTP/1.0" 200 500322
156.59.198.135 - - [23/Dec/2023:12:04:46 -0500] "GET /BLA/resoluciones/RESOLUCIONES%202022/3755.pdf HTTP/1.0" 200 487495
156.59.198.135 - - [23/Dec/2023:12:05:10 -0500] "GET /BLA/resoluciones/RESOLUCIONES%202022/4666.pdf HTTP/1.0" 200 478358
216.245.221.92 - - [23/Dec/2023:12:05:25 -0500] "HEAD / HTTP/1.1" 200 -
156.59.198.136 - - [23/Dec/2023:12:05:34 -0500] "GET /BLA/resoluciones/RESOLUCIONES%202022/0837.pdf HTTP/1.0" 200 379964
201.245.192.253 - - [23/Dec/2023:12:05:40 -0500] "POST /kwsrmcab/Wsrmcab  HTTP/1.1" 200 40220
156.59.198.135 - - [23/Dec/2023:12:05:59 -0500] "GET /BLA/resoluciones/RESOLUCIONES%202022/3216.pdf HTTP/1.0" 200 350218
156.59.198.135 - - [23/Dec/2023:12:06:25 -0500] "GET /BLA/resoluciones/RESOLUCIONES%202014/1740.pdf HTTP/1.0" 200 354657
156.59.198.135 - - [23/Dec/2023:12:06:47 -0500] "GET /BLA/resoluciones/RESOLUCIONES%202022/2029.pdf HTTP/1.0" 200 352013
156.59.198.135 - - [23/Dec/2023:12:07:11 -0500] "GET /BLA/resoluciones/RESOLUCIONES%202022/3680.pdf HTTP/1.0" 200 865389
40.94.35.63 - - [23/Dec/2023:12:07:17 -0500] "GET /Publicaciones/SSFFS-12345-2019.zip HTTP/1.1" 404 232
40.94.35.39 - - [23/Dec/2023:12:07:17 -0500] "GET /Publicaciones/SSFFS-10023-2019.zip HTTP/1.1" 404 232
40.94.35.76 - - [23/Dec/2023:12:07:17 -0500] "GET /Publicaciones/SSFFS-05521-2023.zip HTTP/1.1" 404 232
40.94.35.58 - - [23/Dec/2023:12:07:17 -0500] "GET /Publicaciones/SSFFS-00279-2023.zip HTTP/1.1" 404 232
40.94.35.64 - - [23/Dec/2023:12:07:17 -0500] "GET /Publicaciones/SSFFS-15257-2021.zip HTTP/1.1" 404 232
40.94.35.5 - - [23/Dec/2023:12:07:17 -0500] "GET /Publicaciones/SSFFS-00769-2023.zip HTTP/1.1" 404 232
40.94.35.76 - - [23/Dec/2023:12:07:17 -0500] "GET /Publicaciones/SSFFS-00857-2023.zip HTTP/1.1" 404 232
40.94.35.5 - - [23/Dec/2023:12:07:17 -0500] "GET /Publicaciones/SSFFS-00707-2023.zip HTTP/1.1" 404 232
40.94.35.63 - - [23/Dec/2023:12:07:17 -0500] "GET /Publicaciones/SSFFS-00290-2023.zip HTTP/1.1" 404 232
40.94.35.64 - - [23/Dec/2023:12:07:17 -0500] "GET /Publicaciones/SSFFS-00734-2023.zip HTTP/1.1" 404 232
40.94.35.58 - - [23/Dec/2023:12:07:17 -0500] "GET /Publicaciones/SSFFS-00319-2023.zip HTTP/1.1" 404 232
40.94.35.39 - - [23/Dec/2023:12:07:17 -0500] "GET /Publicaciones/SSFFS-00197-2023.zip HTTP/1.1" 404 232
40.94.35.58 - - [23/Dec/2023:12:07:17 -0500] "GET /Publicaciones/SSFFS-08404-2023.zip HTTP/1.1" 404 232
40.94.35.64 - - [23/Dec/2023:12:07:17 -0500] "GET /Publicaciones/SSFFS-00144-2023.zip HTTP/1.1" 404 232
40.94.35.76 - - [23/Dec/2023:12:07:17 -0500] "GET /Publicaciones/SSFFS-00143-2023.zip HTTP/1.1" 404 232
40.94.35.5 - - [23/Dec/2023:12:07:17 -0500] "GET /Publicaciones/SSFFS-00140-2023.zip HTTP/1.1" 404 232
40.94.35.39 - - [23/Dec/2023:12:07:17 -0500] "GET /Publicaciones/SSFFS-00139-2023.zip HTTP/1.1" 404 232
40.94.35.63 - - [23/Dec/2023:12:07:17 -0500] "GET /Publicaciones/SSFFS-15492-2022.zip HTTP/1.1" 404 232
40.94.35.58 - - [23/Dec/2023:12:07:17 -0500] "GET /Publicaciones/SSFFS-10065-2022.zip HTTP/1.1" 404 232
40.94.35.76 - - [23/Dec/2023:12:07:17 -0500] "GET /Publicaciones/SSFFS-11068-2021.zip HTTP/1.1" 404 232
157.55.39.14 - - [23/Dec/2023:12:07:19 -0500] "GET /BLA/resoluciones/RESOLUCIONES%202021/4321.pdf HTTP/1.1" 200 390424
40.94.35.65 - - [23/Dec/2023:12:07:26 -0500] "GET /favicon.ico HTTP/1.1" 200 7782
156.59.198.136 - - [23/Dec/2023:12:07:36 -0500] "GET /BLA/resoluciones/RESOLUCIONES%202022/5115.pdf HTTP/1.0" 200 1110614
156.59.198.136 - - [23/Dec/2023:12:08:00 -0500] "GET /BLA/resoluciones/RESOLUCIONES%202022/3130.pdf HTTP/1.0" 200 346031
156.59.198.136 - - [23/Dec/2023:12:08:24 -0500] "GET /BLA/resoluciones/RESOLUCIONES%202010/7624.pdf HTTP/1.0" 200 429019
156.59.198.136 - - [23/Dec/2023:12:08:47 -0500] "GET /BLA/resoluciones/RESOLUCIONES%202022/0819.pdf HTTP/1.0" 200 347483
156.59.198.136 - - [23/Dec/2023:12:09:12 -0500] "GET /BLA/resoluciones/RESOLUCIONES%202014/3453.pdf HTTP/1.0" 200 205028
172.22.2.4 - - [23/Dec/2023:12:07:35 -0500] "HEAD /BLA/boletinlegal/ HTTP/1.1" 200 -
52.167.144.194 - - [23/Dec/2023:12:09:20 -0500] "GET /portaldeninos/aulas-ambientales/aula-ambiental-sorotama/ HTTP/1.1" 200 89596
200.25.6.133 - - [23/Dec/2023:12:09:27 -0500] "GET /distrito-exalto-a-246-empresas-de-bogota-por-su-alto-desempeno-y-responsabilidad-ambiental-durante-2023.html HTTP/1.1" 200 1039
156.59.198.135 - - [23/Dec/2023:12:09:36 -0500] "GET /BLA/resoluciones/RESOLUCIONES%202022/4041.pdf HTTP/1.0" 200 462345
40.77.167.22 - - [23/Dec/2023:12:09:37 -0500] "GET /portaldeninos/wp-content/themes/betheme/fonts/mfn-icons.ttf?93978679 HTTP/1.1" 200 124684
156.59.198.135 - - [23/Dec/2023:12:10:01 -0500] "GET /BLA/resoluciones/RESOLUCIONES%202010/7339.pdf HTTP/1.0" 200 243990
172.22.2.4 - - [23/Dec/2023:12:08:26 -0500] "GET /BLA/boletinlegal/ HTTP/1.1" 200 58567
181.155.223.149 - - [23/Dec/2023:12:10:13 -0500] "POST /sipse/faces/presentacion/financiero/solicitudProceso/consultar.xhtml HTTP/1.1" 200 12802
181.155.223.149 - - [23/Dec/2023:12:10:14 -0500] "POST /sipse/faces/presentacion/financiero/solicitudProceso/consultar.xhtml HTTP/1.1" 200 12802
181.155.223.149 - - [23/Dec/2023:12:10:18 -0500] "POST /sipse/faces/presentacion/financiero/solicitudProceso/consultar.xhtml HTTP/1.1" 200 12762
181.155.223.149 - - [23/Dec/2023:12:10:20 -0500] "POST /sipse/faces/presentacion/financiero/solicitudProceso/consultar.xhtml HTTP/1.1" 200 12762
216.245.221.92 - - [23/Dec/2023:12:10:25 -0500] "HEAD / HTTP/1.1" 200 -
156.59.198.136 - - [23/Dec/2023:12:10:27 -0500] "GET /BLA/resoluciones/RESOLUCIONES%202022/3910.pdf HTTP/1.0" 200 1973380
201.245.192.253 - - [23/Dec/2023:12:10:39 -0500] "POST /kwsrmcab/Wsrmcab  HTTP/1.1" 200 40220
156.59.198.136 - - [23/Dec/2023:12:10:51 -0500] "GET /BLA/resoluciones/RESOLUCIONES%202014/2414.pdf HTTP/1.0" 200 263555
66.249.66.19 - - [23/Dec/2023:12:11:08 -0500] "GET /Publicaciones/2023EE241953.pdf HTTP/1.1" 404 228
66.249.66.21 - - [23/Dec/2023:12:11:09 -0500] "GET /BLA/boletinlegal/Circulares/2021/CIRCULAR%20No.%2000006%20DEL%2005%20DE%20AGOSTO%20DEL%202021.pdf HTTP/1.1" 304 -
156.59.198.135 - - [23/Dec/2023:12:11:15 -0500] "GET /BLA/resoluciones/RESOLUCIONES%202022/5349.pdf HTTP/1.0" 200 1283290
156.59.198.135 - - [23/Dec/2023:12:11:39 -0500] "GET /BLA/resoluciones/RESOLUCIONES%202022/5182.pdf HTTP/1.0" 200 366745
156.59.198.135 - - [23/Dec/2023:12:12:03 -0500] "GET /BLA/resoluciones/RESOLUCIONES%202022/5231.pdf HTTP/1.0" 200 458805
156.59.198.136 - - [23/Dec/2023:12:12:27 -0500] "GET /BLA/resoluciones/RESOLUCIONES%202010/7721.pdf HTTP/1.0" 200 520438
157.55.39.62 - - [23/Dec/2023:12:12:36 -0500] "GET /forest/ HTTP/1.1" 200 12041
156.59.198.136 - - [23/Dec/2023:12:12:52 -0500] "GET /BLA/resoluciones/RESOLUCIONES%202014/3423.pdf HTTP/1.0" 200 662389
156.59.198.136 - - [23/Dec/2023:12:13:16 -0500] "GET /BLA/resoluciones/RESOLUCIONES%202022/4455.pdf HTTP/1.0" 200 1642170
156.59.198.136 - - [23/Dec/2023:12:13:41 -0500] "GET /BLA/resoluciones/RESOLUCIONES%202014/3636.pdf HTTP/1.0" 200 262450
156.59.198.135 - - [23/Dec/2023:12:14:05 -0500] "GET /BLA/resoluciones/RESOLUCIONES%202022/4877.pdf HTTP/1.0" 200 399249
186.102.16.81 - - [23/Dec/2023:12:14:19 -0500] "GET /kwssiamovil/sm/ldap/au?x=U2FsdGVkX1/ITFXMm11hTOJoOfRtpYi8NFdzCY383UbsZtxnBtBg/ZqXTdPP88wg&y=U2FsdGVkX19ueSS/AA2Tn6cD9HzoLs0iBs3J552nu8nyiVnSxQX4aH52uwM8FPtA HTTP/1.1" 200 30
186.102.16.81 - - [23/Dec/2023:12:14:20 -0500] "GET /kwssiamovil/sm/acme/s?s=U2FsdGVkX18TuhQEVsMfHo0uX6vS1TS+RCnq9QtTNUEDWpMyZiaBFk4fTTrMqT48Tz2PdSJjUlpZQLh2D7Z2xwUHiEtAeSv4mK2aywKlnJA=&u=U2FsdGVkX19DuqSNc5jrTRlIJbqVM5OXu4xJKLwd1Vk=&y=U2FsdGVkX19ueSS/AA2Tn6cD9HzoLs0iBs3J552nu8nyiVnSxQX4aH52uwM8FPtA HTTP/1.1" 200 97
