190.27.58.103 - - [30/Dec/2023:00:08:52 -0500] "POST /sipse/faces/presentacion/financiero/solicitudProceso/listarSolicitudProceso.xhtml HTTP/1.1" 200 1504
190.27.58.103 - - [30/Dec/2023:00:08:55 -0500] "POST /sipse/faces/presentacion/financiero/solicitudProceso/listarSolicitudProceso.xhtml HTTP/1.1" 200 19390
190.27.58.103 - - [30/Dec/2023:00:09:00 -0500] "POST /sipse/faces/presentacion/financiero/solicitudProceso/listarSolicitudProceso.xhtml HTTP/1.1" 200 154777
190.27.58.103 - - [30/Dec/2023:00:09:01 -0500] "GET /sipse/faces/javax.faces.resource/jquery/jquery.js?ln=primefaces&v=4.0 HTTP/1.1" 304 -
190.27.58.103 - - [30/Dec/2023:00:09:01 -0500] "GET /sipse/faces/javax.faces.resource/jquery/jquery-plugins.js?ln=primefaces&v=4.0 HTTP/1.1" 304 -
190.27.58.103 - - [30/Dec/2023:00:09:01 -0500] "GET /sipse/faces/javax.faces.resource/primefaces.js?ln=primefaces&v=4.0 HTTP/1.1" 304 -
190.27.58.103 - - [30/Dec/2023:00:09:01 -0500] "GET /sipse/faces/javax.faces.resource/layout/layout.js?ln=primefaces&v=4.0 HTTP/1.1" 304 -
156.59.198.136 - - [30/Dec/2023:00:09:09 -0500] "GET /BLA/resoluciones/RESOLUCIONES%202007/RES%202007%203001%20AL%203100/RESOLUCION%203010%20DE%202007.pdf HTTP/1.0" 200 190683
190.27.57.161 - - [30/Dec/2023:00:09:18 -0500] "POST /sipse/faces/presentacion/financiero/solicitudProceso/listarSolicitudProceso.xhtml HTTP/1.1" 200 154204
190.27.57.161 - - [30/Dec/2023:00:09:19 -0500] "GET /sipse/faces/javax.faces.resource/theme.css?ln=primefaces-sipse HTTP/1.1" 304 -
190.27.57.161 - - [30/Dec/2023:00:09:19 -0500] "GET /sipse/faces/javax.faces.resource/primefaces.css?ln=primefaces&v=4.0 HTTP/1.1" 304 -
190.27.57.161 - - [30/Dec/2023:00:09:19 -0500] "GET /sipse/css/imagen/contrasena.png HTTP/1.1" 404 383
190.27.57.161 - - [30/Dec/2023:00:09:19 -0500] "GET /sipse/faces/javax.faces.resource/layout/layout.css?ln=primefaces&v=4.0 HTTP/1.1" 304 -
190.27.57.161 - - [30/Dec/2023:00:09:19 -0500] "GET /sipse/faces/javax.faces.resource/jquery/jquery.js?ln=primefaces&v=4.0 HTTP/1.1" 304 -
190.27.57.161 - - [30/Dec/2023:00:09:19 -0500] "GET /sipse/faces/javax.faces.resource/jquery/jquery-plugins.js?ln=primefaces&v=4.0 HTTP/1.1" 304 -
190.27.57.161 - - [30/Dec/2023:00:09:19 -0500] "GET /sipse/faces/javax.faces.resource/primefaces.js?ln=primefaces&v=4.0 HTTP/1.1" 304 -
190.27.57.161 - - [30/Dec/2023:00:09:19 -0500] "GET /sipse/faces/javax.faces.resource/layout/layout.js?ln=primefaces&v=4.0 HTTP/1.1" 304 -
190.27.57.161 - - [30/Dec/2023:00:09:20 -0500] "GET /sipse/faces/javax.faces.resource/images/ui-icons_898989_256x240.png?ln=primefaces-aristo HTTP/1.1" 304 -
190.27.57.161 - - [30/Dec/2023:00:09:22 -0500] "POST /sipse/faces/presentacion/financiero/solicitudProceso/consultarSolicitudProceso.xhtml HTTP/1.1" 200 19426
190.27.57.161 - - [30/Dec/2023:00:09:23 -0500] "GET /sipse/faces/javax.faces.resource/layout/layout.css?ln=primefaces&v=4.0 HTTP/1.1" 304 -
190.27.57.161 - - [30/Dec/2023:00:09:23 -0500] "GET /sipse/faces/javax.faces.resource/primefaces.css?ln=primefaces&v=4.0 HTTP/1.1" 304 -
190.27.57.161 - - [30/Dec/2023:00:09:23 -0500] "GET /sipse/faces/javax.faces.resource/theme.css?ln=primefaces-sipse HTTP/1.1" 304 -
190.27.57.161 - - [30/Dec/2023:00:09:23 -0500] "GET /sipse/faces/javax.faces.resource/fileupload/fileupload.css?ln=primefaces&v=4.0 HTTP/1.1" 304 -
190.27.57.161 - - [30/Dec/2023:00:09:23 -0500] "GET /sipse/faces/javax.faces.resource/jquery/jquery-plugins.js?ln=primefaces&v=4.0 HTTP/1.1" 304 -
190.27.57.161 - - [30/Dec/2023:00:09:23 -0500] "GET /sipse/faces/javax.faces.resource/jquery/jquery.js?ln=primefaces&v=4.0 HTTP/1.1" 304 -
190.27.57.161 - - [30/Dec/2023:00:09:23 -0500] "GET /sipse/faces/javax.faces.resource/primefaces.js?ln=primefaces&v=4.0 HTTP/1.1" 304 -
190.27.57.161 - - [30/Dec/2023:00:09:23 -0500] "GET /sipse/faces/javax.faces.resource/fileupload/fileupload.js?ln=primefaces&v=4.0 HTTP/1.1" 304 -
190.27.57.161 - - [30/Dec/2023:00:09:23 -0500] "GET /sipse/faces/javax.faces.resource/layout/layout.js?ln=primefaces&v=4.0 HTTP/1.1" 304 -
190.27.57.161 - - [30/Dec/2023:00:09:23 -0500] "GET /sipse/css/imagen/contrasena.png HTTP/1.1" 404 383
190.27.57.161 - - [30/Dec/2023:00:09:23 -0500] "GET /sipse/faces/javax.faces.resource/images/ui-icons_898989_256x240.png?ln=primefaces-aristo HTTP/1.1" 304 -
156.59.198.135 - - [30/Dec/2023:00:09:33 -0500] "GET /BLA/resoluciones/Notificaciones/REGISTROS%202020/1305.pdf HTTP/1.0" 200 274693
156.59.198.135 - - [30/Dec/2023:00:09:59 -0500] "GET /BLA/resoluciones/Notificaciones/AUTOS%202014/2097.doc HTTP/1.0" 200 281088
190.27.57.161 - - [30/Dec/2023:00:10:00 -0500] "POST /sipse/faces/presentacion/sistema/anexos/cargarAnexoSolicitudProceso.xhtml HTTP/1.1" 200 202363
190.27.57.161 - - [30/Dec/2023:00:10:00 -0500] "GET /sipse/faces/javax.faces.resource/theme.css?ln=primefaces-sipse HTTP/1.1" 304 -
190.27.57.161 - - [30/Dec/2023:00:10:00 -0500] "GET /sipse/faces/javax.faces.resource/primefaces.css?ln=primefaces&v=4.0 HTTP/1.1" 304 -
190.27.57.161 - - [30/Dec/2023:00:10:00 -0500] "GET /sipse/faces/javax.faces.resource/layout/layout.css?ln=primefaces&v=4.0 HTTP/1.1" 304 -
190.27.57.161 - - [30/Dec/2023:00:10:00 -0500] "GET /sipse/faces/javax.faces.resource/jquery/jquery.js?ln=primefaces&v=4.0 HTTP/1.1" 304 -
190.27.57.161 - - [30/Dec/2023:00:10:00 -0500] "GET /sipse/faces/javax.faces.resource/jquery/jquery-plugins.js?ln=primefaces&v=4.0 HTTP/1.1" 304 -
190.27.57.161 - - [30/Dec/2023:00:10:00 -0500] "GET /sipse/faces/javax.faces.resource/primefaces.js?ln=primefaces&v=4.0 HTTP/1.1" 304 -
190.27.57.161 - - [30/Dec/2023:00:10:00 -0500] "GET /sipse/faces/javax.faces.resource/layout/layout.js?ln=primefaces&v=4.0 HTTP/1.1" 304 -
190.27.57.161 - - [30/Dec/2023:00:10:00 -0500] "GET /sipse/css/imagen/contrasena.png HTTP/1.1" 404 383
190.27.57.161 - - [30/Dec/2023:00:10:00 -0500] "GET /sipse/faces/javax.faces.resource/images/ui-icons_898989_256x240.png?ln=primefaces-aristo HTTP/1.1" 304 -
190.27.57.161 - - [30/Dec/2023:00:10:08 -0500] "GET /sipse/faces/javax.faces.resource/images/ui-bg_flat_0_2d5972_40x100.png?ln=primefaces-aristo HTTP/1.1" 304 -
190.27.57.161 - - [30/Dec/2023:00:10:08 -0500] "POST /sipse/faces/presentacion/financiero/solicitudProceso/consultarSolicitudProceso.xhtml HTTP/1.1" 200 6202
190.27.57.161 - - [30/Dec/2023:00:10:09 -0500] "GET /sipse/faces/javax.faces.resource/messages/messages.png?ln=primefaces&v=4.0 HTTP/1.1" 304 -
190.27.57.161 - - [30/Dec/2023:00:10:10 -0500] "POST /sipse/faces/presentacion/financiero/solicitudProceso/consultarSolicitudProceso.xhtml HTTP/1.1" 200 6202
66.249.66.20 - - [30/Dec/2023:00:10:10 -0500] "GET /resoluciones/RESOLUCIONES%202009/0584.pdf HTTP/1.1" 404 1018
190.27.57.161 - - [30/Dec/2023:00:10:11 -0500] "POST /sipse/faces/presentacion/financiero/solicitudProceso/consultarSolicitudProceso.xhtml HTTP/1.1" 200 49833
190.27.57.161 - - [30/Dec/2023:00:10:13 -0500] "GET /sipse/faces/javax.faces.resource/theme.css?ln=primefaces-sipse HTTP/1.1" 304 -
190.27.57.161 - - [30/Dec/2023:00:10:13 -0500] "GET /sipse/faces/javax.faces.resource/primefaces.css?ln=primefaces&v=4.0 HTTP/1.1" 304 -
190.27.57.161 - - [30/Dec/2023:00:10:13 -0500] "GET /sipse/faces/javax.faces.resource/layout/layout.css?ln=primefaces&v=4.0 HTTP/1.1" 304 -
190.27.57.161 - - [30/Dec/2023:00:10:13 -0500] "GET /sipse/faces/javax.faces.resource/jquery/jquery.js?ln=primefaces&v=4.0 HTTP/1.1" 304 -
190.27.57.161 - - [30/Dec/2023:00:10:13 -0500] "GET /sipse/faces/javax.faces.resource/jquery/jquery-plugins.js?ln=primefaces&v=4.0 HTTP/1.1" 304 -
190.27.57.161 - - [30/Dec/2023:00:10:13 -0500] "GET /sipse/faces/javax.faces.resource/primefaces.js?ln=primefaces&v=4.0 HTTP/1.1" 304 -
190.27.57.161 - - [30/Dec/2023:00:10:13 -0500] "GET /sipse/faces/javax.faces.resource/layout/layout.js?ln=primefaces&v=4.0 HTTP/1.1" 304 -
190.27.57.161 - - [30/Dec/2023:00:10:13 -0500] "POST /sipse/faces/presentacion/financiero/solicitudProceso/listarSolicitudProceso.xhtml HTTP/1.1" 200 1496
190.27.57.161 - - [30/Dec/2023:00:10:15 -0500] "POST /sipse/faces/presentacion/financiero/solicitudProceso/listarSolicitudProceso.xhtml HTTP/1.1" 200 16424
190.27.57.161 - - [30/Dec/2023:00:10:15 -0500] "POST /sipse/faces/presentacion/financiero/solicitudProceso/listarSolicitudProceso.xhtml HTTP/1.1" 200 28094
156.59.198.135 - - [30/Dec/2023:00:10:22 -0500] "GET /BLA/resoluciones/Notificaciones/REGISTROS%202018/00957.pdf HTTP/1.0" 200 266324
156.59.198.135 - - [30/Dec/2023:00:10:47 -0500] "GET /BLA/resoluciones/Notificaciones/AUTOS%202021/4511.pdf HTTP/1.0" 200 344309
216.245.221.92 - - [30/Dec/2023:00:11:03 -0500] "HEAD / HTTP/1.1" 200 -
172.22.2.4 - - [30/Dec/2023:00:09:29 -0500] "HEAD /BLA/boletinlegal/ HTTP/1.1" 200 -
190.27.58.103 - - [30/Dec/2023:00:11:14 -0500] "POST /sipse/faces/presentacion/financiero/solicitudProceso/consultarSolicitudProceso.xhtml HTTP/1.1" 200 41572
190.27.58.103 - - [30/Dec/2023:00:11:14 -0500] "GET /sipse/faces/javax.faces.resource/jquery/jquery.js?ln=primefaces&v=4.0 HTTP/1.1" 304 -
190.27.58.103 - - [30/Dec/2023:00:11:14 -0500] "GET /sipse/faces/javax.faces.resource/jquery/jquery-plugins.js?ln=primefaces&v=4.0 HTTP/1.1" 304 -
190.27.58.103 - - [30/Dec/2023:00:11:15 -0500] "GET /sipse/faces/javax.faces.resource/primefaces.js?ln=primefaces&v=4.0 HTTP/1.1" 304 -
190.27.58.103 - - [30/Dec/2023:00:11:15 -0500] "GET /sipse/faces/javax.faces.resource/layout/layout.js?ln=primefaces&v=4.0 HTTP/1.1" 304 -
190.27.58.103 - - [30/Dec/2023:00:11:15 -0500] "POST /sipse/faces/presentacion/financiero/solicitudProceso/consultar.xhtml HTTP/1.1" 200 34868
190.27.58.103 - - [30/Dec/2023:00:11:15 -0500] "POST /sipse/faces/presentacion/financiero/solicitudProceso/consultar.xhtml HTTP/1.1" 200 34868
190.27.58.103 - - [30/Dec/2023:00:11:15 -0500] "POST /sipse/faces/presentacion/financiero/solicitudProceso/consultar.xhtml HTTP/1.1" 200 34868
190.27.58.103 - - [30/Dec/2023:00:11:15 -0500] "POST /sipse/faces/presentacion/financiero/solicitudProceso/consultar.xhtml HTTP/1.1" 200 34868
190.27.58.103 - - [30/Dec/2023:00:11:15 -0500] "POST /sipse/faces/presentacion/financiero/solicitudProceso/consultar.xhtml HTTP/1.1" 200 34868
190.27.58.103 - - [30/Dec/2023:00:11:15 -0500] "POST /sipse/faces/presentacion/financiero/solicitudProceso/consultar.xhtml HTTP/1.1" 200 34868
190.27.58.103 - - [30/Dec/2023:00:11:15 -0500] "POST /sipse/faces/presentacion/financiero/solicitudProceso/consultar.xhtml HTTP/1.1" 200 34868
190.27.58.103 - - [30/Dec/2023:00:11:16 -0500] "POST /sipse/faces/presentacion/financiero/solicitudProceso/consultar.xhtml HTTP/1.1" 200 34868
190.27.58.103 - - [30/Dec/2023:00:11:16 -0500] "POST /sipse/faces/presentacion/financiero/solicitudProceso/consultar.xhtml HTTP/1.1" 200 34868
190.27.58.103 - - [30/Dec/2023:00:11:17 -0500] "POST /sipse/faces/presentacion/financiero/solicitudProceso/consultar.xhtml HTTP/1.1" 200 49910
190.27.58.103 - - [30/Dec/2023:00:11:17 -0500] "GET /sipse/faces/javax.faces.resource/jquery/jquery.js?ln=primefaces&v=4.0 HTTP/1.1" 304 -
190.27.58.103 - - [30/Dec/2023:00:11:17 -0500] "GET /sipse/faces/javax.faces.resource/jquery/jquery-plugins.js?ln=primefaces&v=4.0 HTTP/1.1" 304 -
190.27.58.103 - - [30/Dec/2023:00:11:17 -0500] "GET /sipse/faces/javax.faces.resource/primefaces.js?ln=primefaces&v=4.0 HTTP/1.1" 304 -
190.27.58.103 - - [30/Dec/2023:00:11:17 -0500] "GET /sipse/faces/javax.faces.resource/layout/layout.js?ln=primefaces&v=4.0 HTTP/1.1" 304 -
190.27.58.103 - - [30/Dec/2023:00:11:17 -0500] "POST /sipse/faces/presentacion/financiero/solicitudProceso/listarSolicitudProceso.xhtml HTTP/1.1" 200 43180
190.27.58.103 - - [30/Dec/2023:00:11:17 -0500] "POST /sipse/faces/presentacion/financiero/solicitudProceso/listarSolicitudProceso.xhtml HTTP/1.1" 200 43180
190.27.58.103 - - [30/Dec/2023:00:11:18 -0500] "POST /sipse/faces/presentacion/financiero/solicitudProceso/listarSolicitudProceso.xhtml HTTP/1.1" 200 43180
190.27.58.103 - - [30/Dec/2023:00:11:18 -0500] "POST /sipse/faces/presentacion/financiero/solicitudProceso/listarSolicitudProceso.xhtml HTTP/1.1" 200 43180
190.27.58.103 - - [30/Dec/2023:00:11:18 -0500] "POST /sipse/faces/presentacion/financiero/solicitudProceso/listarSolicitudProceso.xhtml HTTP/1.1" 200 43180
190.27.58.103 - - [30/Dec/2023:00:11:19 -0500] "POST /sipse/faces/presentacion/financiero/solicitudProceso/listarSolicitudProceso.xhtml HTTP/1.1" 200 43180
190.27.58.103 - - [30/Dec/2023:00:11:19 -0500] "POST /sipse/faces/presentacion/financiero/solicitudProceso/listarSolicitudProceso.xhtml HTTP/1.1" 200 43180
190.27.58.103 - - [30/Dec/2023:00:11:19 -0500] "POST /sipse/faces/presentacion/financiero/solicitudProceso/listarSolicitudProceso.xhtml HTTP/1.1" 200 43180
156.59.198.135 - - [30/Dec/2023:00:11:20 -0500] "GET /BLA/resoluciones/Notificaciones/AUTOS%202023/2726.pdf HTTP/1.0" 200 1068374
190.27.58.103 - - [30/Dec/2023:00:11:20 -0500] "POST /sipse/faces/presentacion/financiero/solicitudProceso/listarSolicitudProceso.xhtml HTTP/1.1" 200 43180
190.27.58.103 - - [30/Dec/2023:00:11:20 -0500] "POST /sipse/faces/presentacion/financiero/solicitudProceso/listarSolicitudProceso.xhtml HTTP/1.1" 200 43180
190.27.58.103 - - [30/Dec/2023:00:11:20 -0500] "POST /sipse/faces/presentacion/financiero/solicitudProceso/listarSolicitudProceso.xhtml HTTP/1.1" 200 1496
190.27.58.103 - - [30/Dec/2023:00:11:20 -0500] "POST /sipse/faces/presentacion/financiero/solicitudProceso/listarSolicitudProceso.xhtml HTTP/1.1" 200 1504
190.27.58.103 - - [30/Dec/2023:00:11:21 -0500] "POST /sipse/faces/presentacion/financiero/solicitudProceso/listarSolicitudProceso.xhtml HTTP/1.1" 200 1500
190.27.58.103 - - [30/Dec/2023:00:11:21 -0500] "POST /sipse/faces/presentacion/financiero/solicitudProceso/listarSolicitudProceso.xhtml HTTP/1.1" 200 1504
190.27.58.103 - - [30/Dec/2023:00:11:21 -0500] "POST /sipse/faces/presentacion/financiero/solicitudProceso/listarSolicitudProceso.xhtml HTTP/1.1" 200 1500
190.27.58.103 - - [30/Dec/2023:00:11:21 -0500] "POST /sipse/faces/presentacion/financiero/solicitudProceso/listarSolicitudProceso.xhtml HTTP/1.1" 200 1504
190.27.58.103 - - [30/Dec/2023:00:11:21 -0500] "POST /sipse/faces/presentacion/financiero/solicitudProceso/listarSolicitudProceso.xhtml HTTP/1.1" 200 1492
190.27.58.103 - - [30/Dec/2023:00:11:21 -0500] "POST /sipse/faces/presentacion/financiero/solicitudProceso/listarSolicitudProceso.xhtml HTTP/1.1" 200 1504
190.27.58.103 - - [30/Dec/2023:00:11:21 -0500] "POST /sipse/faces/presentacion/financiero/solicitudProceso/listarSolicitudProceso.xhtml HTTP/1.1" 200 1500
190.27.58.103 - - [30/Dec/2023:00:11:21 -0500] "POST /sipse/faces/presentacion/financiero/solicitudProceso/listarSolicitudProceso.xhtml HTTP/1.1" 200 1504
190.27.58.103 - - [30/Dec/2023:00:11:21 -0500] "POST /sipse/faces/presentacion/financiero/solicitudProceso/listarSolicitudProceso.xhtml HTTP/1.1" 200 1500
190.27.58.103 - - [30/Dec/2023:00:11:28 -0500] "POST /sipse/faces/presentacion/financiero/solicitudProceso/listarSolicitudProceso.xhtml HTTP/1.1" 200 151214
190.27.58.103 - - [30/Dec/2023:00:11:28 -0500] "GET /sipse/faces/javax.faces.resource/jquery/jquery.js?ln=primefaces&v=4.0 HTTP/1.1" 304 -
190.27.58.103 - - [30/Dec/2023:00:11:28 -0500] "GET /sipse/faces/javax.faces.resource/jquery/jquery-plugins.js?ln=primefaces&v=4.0 HTTP/1.1" 304 -
190.27.58.103 - - [30/Dec/2023:00:11:28 -0500] "GET /sipse/faces/javax.faces.resource/primefaces.js?ln=primefaces&v=4.0 HTTP/1.1" 304 -
190.27.58.103 - - [30/Dec/2023:00:11:29 -0500] "GET /sipse/faces/javax.faces.resource/layout/layout.js?ln=primefaces&v=4.0 HTTP/1.1" 304 -
156.59.198.135 - - [30/Dec/2023:00:11:35 -0500] "GET /BLA/resoluciones/Notificaciones/AUTOS%202021/4152.pdf HTTP/1.0" 200 390904
190.27.58.103 - - [30/Dec/2023:00:11:42 -0500] "POST /sipse/faces/presentacion/financiero/solicitudProceso/consultarSolicitudProceso.xhtml HTTP/1.1" 200 41572
190.27.58.103 - - [30/Dec/2023:00:11:42 -0500] "GET /sipse/faces/javax.faces.resource/jquery/jquery.js?ln=primefaces&v=4.0 HTTP/1.1" 304 -
190.27.58.103 - - [30/Dec/2023:00:11:42 -0500] "GET /sipse/faces/javax.faces.resource/jquery/jquery-plugins.js?ln=primefaces&v=4.0 HTTP/1.1" 304 -
190.27.58.103 - - [30/Dec/2023:00:11:42 -0500] "GET /sipse/faces/javax.faces.resource/primefaces.js?ln=primefaces&v=4.0 HTTP/1.1" 304 -
190.27.58.103 - - [30/Dec/2023:00:11:42 -0500] "GET /sipse/faces/javax.faces.resource/layout/layout.js?ln=primefaces&v=4.0 HTTP/1.1" 304 -
190.27.58.103 - - [30/Dec/2023:00:11:43 -0500] "POST /sipse/faces/presentacion/financiero/solicitudProceso/consultar.xhtml HTTP/1.1" 200 34868
190.27.58.103 - - [30/Dec/2023:00:11:43 -0500] "POST /sipse/faces/presentacion/financiero/solicitudProceso/consultar.xhtml HTTP/1.1" 200 34868
190.27.58.103 - - [30/Dec/2023:00:11:43 -0500] "POST /sipse/faces/presentacion/financiero/solicitudProceso/consultar.xhtml HTTP/1.1" 200 34868
190.27.58.103 - - [30/Dec/2023:00:11:43 -0500] "POST /sipse/faces/presentacion/financiero/solicitudProceso/consultar.xhtml HTTP/1.1" 200 34868
190.27.58.103 - - [30/Dec/2023:00:11:43 -0500] "POST /sipse/faces/presentacion/financiero/solicitudProceso/consultar.xhtml HTTP/1.1" 200 34868
190.27.58.103 - - [30/Dec/2023:00:11:43 -0500] "POST /sipse/faces/presentacion/financiero/solicitudProceso/consultar.xhtml HTTP/1.1" 200 34868
190.27.58.103 - - [30/Dec/2023:00:11:43 -0500] "POST /sipse/faces/presentacion/financiero/solicitudProceso/consultar.xhtml HTTP/1.1" 200 34868
190.27.58.103 - - [30/Dec/2023:00:11:44 -0500] "POST /sipse/faces/presentacion/financiero/solicitudProceso/consultar.xhtml HTTP/1.1" 200 34868
190.27.58.103 - - [30/Dec/2023:00:11:44 -0500] "POST /sipse/faces/presentacion/financiero/solicitudProceso/consultar.xhtml HTTP/1.1" 200 34868
190.27.58.103 - - [30/Dec/2023:00:11:44 -0500] "POST /sipse/faces/presentacion/financiero/solicitudProceso/consultar.xhtml HTTP/1.1" 200 34868
190.27.58.103 - - [30/Dec/2023:00:11:44 -0500] "POST /sipse/faces/presentacion/financiero/solicitudProceso/consultar.xhtml HTTP/1.1" 200 34868
190.27.58.103 - - [30/Dec/2023:00:11:44 -0500] "POST /sipse/faces/presentacion/financiero/solicitudProceso/consultar.xhtml HTTP/1.1" 200 34868
190.27.58.103 - - [30/Dec/2023:00:11:50 -0500] "POST /sipse/faces/presentacion/financiero/solicitudProceso/consultar.xhtml HTTP/1.1" 200 12891
172.22.2.4 - - [30/Dec/2023:00:10:19 -0500] "GET /BLA/boletinlegal/ HTTP/1.1" 200 60910
156.59.198.136 - - [30/Dec/2023:00:12:00 -0500] "GET /BLA/resoluciones/Notificaciones/AUTOS%202021/3448.pdf HTTP/1.0" 200 353912
201.245.192.253 - - [30/Dec/2023:00:12:18 -0500] "POST /kwsrmcab/Wsrmcab  HTTP/1.1" 200 36178
156.59.198.136 - - [30/Dec/2023:00:12:48 -0500] "GET /BLA/resoluciones/Notificaciones/AUTOS%202021/4152.pdf HTTP/1.0" 206 382955
156.59.198.136 - - [30/Dec/2023:00:13:05 -0500] "GET /BLA/resoluciones/Notificaciones/REGISTROS%202020/01711.pdf HTTP/1.0" 200 378547
156.59.198.135 - - [30/Dec/2023:00:13:13 -0500] "GET /BLA/resoluciones/Notificaciones/AUTOS%202014/1254.doc HTTP/1.0" 200 231936
156.59.198.135 - - [30/Dec/2023:00:13:19 -0500] "GET /BLA/resoluciones/Notificaciones/AUTOS%202021/3814.pdf HTTP/1.0" 200 368109
156.59.198.136 - - [30/Dec/2023:00:13:24 -0500] "GET /BLA/resoluciones/Notificaciones/AUTOS%202021/3448.pdf HTTP/1.0" 206 353912
156.59.198.136 - - [30/Dec/2023:00:13:37 -0500] "GET /BLA/resoluciones/Notificaciones/AUTOS%202021/4102.pdf HTTP/1.0" 200 343287
156.59.198.135 - - [30/Dec/2023:00:14:01 -0500] "GET /BLA/resoluciones/Notificaciones/RESOLUCIONES%202021/1838.pdf HTTP/1.0" 200 619425
156.59.198.135 - - [30/Dec/2023:00:14:26 -0500] "GET /BLA/resoluciones/Notificaciones/AUTOS%202022/7474.pdf HTTP/1.0" 200 389773
156.59.198.135 - - [30/Dec/2023:00:14:51 -0500] "GET /BLA/resoluciones/Notificaciones/AUTOS%202019/03111.pdf HTTP/1.0" 200 255032
156.59.198.136 - - [30/Dec/2023:00:15:14 -0500] "GET /BLA/resoluciones/RESOLUCIONES%202007/RES%202007%201%20AL%20100/RESOLUCION%200099%20DE%202007.pdf HTTP/1.0" 200 290975
156.59.198.136 - - [30/Dec/2023:00:15:38 -0500] "GET /BLA/resoluciones/Notificaciones/AUTOS%202022/4240.pdf HTTP/1.0" 200 722747
201.245.192.253 - - [30/Dec/2023:00:15:49 -0500] "POST /kwsrmcab/Wsrmcab HTTP/1.1" 200 36480
201.245.192.253 - - [30/Dec/2023:00:15:52 -0500] "POST /kwsrmcab/Wsrmcab HTTP/1.1" 200 36465
156.59.198.136 - - [30/Dec/2023:00:16:03 -0500] "GET /BLA/resoluciones/Notificaciones/RESOLUCIONES%202021/4703.pdf HTTP/1.0" 200 353137
216.245.221.92 - - [30/Dec/2023:00:16:03 -0500] "HEAD / HTTP/1.1" 200 -
156.59.198.135 - - [30/Dec/2023:00:16:27 -0500] "GET /BLA/resoluciones/RESOLUCIONES%202007/RES%202007%201801%20AL%201900/RESOLUCION%201813%20DE%202007.pdf HTTP/1.0" 200 533405
156.59.198.135 - - [30/Dec/2023:00:16:51 -0500] "GET /BLA/resoluciones/Notificaciones/AUTOS%202021/4876.pdf HTTP/1.0" 200 331467
172.22.2.4 - - [30/Dec/2023:00:15:19 -0500] "HEAD /BLA/boletinlegal/ HTTP/1.1" 200 -
156.59.198.135 - - [30/Dec/2023:00:17:16 -0500] "GET /BLA/resoluciones/Notificaciones/AUTOS%202017/03443.pdf HTTP/1.0" 200 325923
201.245.192.253 - - [30/Dec/2023:00:17:16 -0500] "POST /kwsrmcab/Wsrmcab  HTTP/1.1" 200 36178
168.119.252.242 - - [30/Dec/2023:00:17:28 -0500] "GET / HTTP/1.1" 200 319
168.119.252.242 - - [30/Dec/2023:00:17:28 -0500] "GET / HTTP/1.1" 200 4720
156.59.198.135 - - [30/Dec/2023:00:17:40 -0500] "GET /BLA/resoluciones/Notificaciones/AUTOS%202022/8005.pdf HTTP/1.0" 200 388246
172.22.2.4 - - [30/Dec/2023:00:16:09 -0500] "GET /BLA/boletinlegal/ HTTP/1.1" 200 60502
156.59.198.135 - - [30/Dec/2023:00:18:03 -0500] "GET /BLA/resoluciones/Notificaciones/RESOLUCIONES%202021/2027.pdf HTTP/1.0" 200 376443
156.59.198.136 - - [30/Dec/2023:00:18:28 -0500] "GET /BLA/resoluciones/AUTOS%202023/3988.pdf HTTP/1.0" 200 700461
156.59.198.136 - - [30/Dec/2023:00:18:52 -0500] "GET /BLA/resoluciones/RESOLUCIONES%202007/RES%202007%203601%20AL%203700/RESOLUCION%203603%20DE%202007.pdf HTTP/1.0" 200 492243
52.167.144.186 - - [30/Dec/2023:00:19:13 -0500] "GET /portaldeninos/wp-content/uploads/2020/11/El-Tunjo-B-768x432.jpg HTTP/1.1" 200 81322
156.59.198.135 - - [30/Dec/2023:00:19:16 -0500] "GET /BLA/resoluciones/Notificaciones/RESOLUCIONES%202021/4041.pdf HTTP/1.0" 200 381364
156.59.198.136 - - [30/Dec/2023:00:19:40 -0500] "GET /BLA/resoluciones/Notificaciones/RESOLUCIONES%202022/2199.pdf HTTP/1.0" 200 389734
201.245.192.253 - - [30/Dec/2023:00:19:54 -0500] "POST /kwsrmcab/Wsrmcab HTTP/1.1" 200 36480
201.245.192.253 - - [30/Dec/2023:00:20:00 -0500] "POST /kwsrmcab/Wsrmcab HTTP/1.1" 200 36465
156.59.198.136 - - [30/Dec/2023:00:20:06 -0500] "GET /BLA/resoluciones/Notificaciones/RESOLUCIONES%202021/00177.pdf HTTP/1.0" 200 342455
156.59.198.136 - - [30/Dec/2023:00:20:29 -0500] "GET /BLA/resoluciones/Notificaciones/AUTOS%202020/2361.pdf HTTP/1.0" 200 336159
156.59.198.136 - - [30/Dec/2023:00:20:54 -0500] "GET /BLA/resoluciones/Notificaciones/AUTOS%202014/6604.doc HTTP/1.0" 200 155136
216.245.221.92 - - [30/Dec/2023:00:21:03 -0500] "HEAD / HTTP/1.1" 200 -
66.249.66.20 - - [30/Dec/2023:00:21:04 -0500] "GET /BLA/resoluciones/RESOLUCIONES%202007/RES%202007%201801%20AL%201900/RESOLUCION%201881%20DE%202007.pdf HTTP/1.1" 200 384746
156.59.198.135 - - [30/Dec/2023:00:21:19 -0500] "GET /BLA/resoluciones/Notificaciones/AUTOS%202020/4218.pdf HTTP/1.0" 200 396739
156.59.198.136 - - [30/Dec/2023:00:21:42 -0500] "GET /BLA/resoluciones/Notificaciones/AUTOS%202020/0463.pdf HTTP/1.0" 200 341037
66.249.66.77 - - [30/Dec/2023:00:21:56 -0500] "GET /portaldeninos/2021/06/29/jasbleady-castaneda-una-mujer-que-le-pone-el-alma-a-la-proteccion-de-las-tinguas-azules/ HTTP/1.1" 200 108388
66.249.66.77 - - [30/Dec/2023:00:21:59 -0500] "GET /portaldeninos/wp-content/plugins/gallery-videos/JS/modernizr.custom.js?ver=4.9.8 HTTP/1.1" 200 9019
66.249.66.75 - - [30/Dec/2023:00:22:01 -0500] "GET /portaldeninos/wp-content/themes/betheme/js/scripts.js?ver=20.9.6 HTTP/1.1" 200 77162
156.59.198.136 - - [30/Dec/2023:00:22:06 -0500] "GET /BLA/resoluciones/Notificaciones/AUTOS%202019/4597.pdf HTTP/1.0" 200 478777
201.245.192.253 - - [30/Dec/2023:00:22:16 -0500] "POST /kwsrmcab/Wsrmcab  HTTP/1.1" 200 36178
156.59.198.135 - - [30/Dec/2023:00:22:31 -0500] "GET /BLA/resoluciones/AUTOS%202023/4314.pdf HTTP/1.0" 200 1161185
40.77.167.22 - - [30/Dec/2023:00:22:47 -0500] "GET /BLA/resoluciones/Notificaciones/REGISTROS%202020/0831.pdf HTTP/1.1" 200 269755
172.22.2.4 - - [30/Dec/2023:00:21:08 -0500] "HEAD /BLA/boletinlegal/ HTTP/1.1" 200 -
156.59.198.135 - - [30/Dec/2023:00:22:54 -0500] "GET /BLA/resoluciones/Notificaciones/REGISTROS%202021/0749.pdf HTTP/1.0" 200 370098
216.244.66.195 - - [30/Dec/2023:00:22:56 -0500] "GET /robots.txt HTTP/1.1" 404 1018
156.59.198.135 - - [30/Dec/2023:00:23:19 -0500] "GET /BLA/resoluciones/AUTOS%202023/4877.pdf HTTP/1.0" 200 1211310
66.249.66.19 - - [30/Dec/2023:00:23:31 -0500] "GET /Publicaciones/2023EE275387.pdf HTTP/1.1" 404 228
172.22.2.4 - - [30/Dec/2023:00:21:59 -0500] "GET /BLA/boletinlegal/ HTTP/1.1" 200 60502
156.59.198.136 - - [30/Dec/2023:00:23:43 -0500] "GET /BLA/resoluciones/RESOLUCIONES%202007/RES%202007%203001%20AL%203100/RESOLUCION%203084%20DE%202007.pdf HTTP/1.0" 200 198151
47.128.123.209 - - [30/Dec/2023:00:24:10 -0500] "GET /BLA/resoluciones/index.php?dir=RESOLUCIONES%202005%2FRES%202005%201-50%2FRES%202005%201-50%2F&order=desc&sort=date HTTP/1.1" 200 2510
47.128.123.209 - - [30/Dec/2023:00:24:10 -0500] "GET /BLA/resoluciones/dlf/dirup.png HTTP/1.1" 200 644
47.128.123.209 - - [30/Dec/2023:00:24:11 -0500] "GET /BLA/resoluciones/dlf/unknown.png HTTP/1.1" 200 266
66.249.66.192 - - [30/Dec/2023:00:24:11 -0500] "GET /secretaria-de-ambiente-avanza-con-la-implementacion-de-viveros-y-sistemas-de-recoleccion-de-agua-lluvia-en-humedales.html HTTP/1.1" 200 1031
156.59.198.136 - - [30/Dec/2023:00:24:31 -0500] "GET /BLA/resoluciones/RESOLUCIONES%202007/RES%202007%203701%20AL%203800/RESOLUCION%203772%20DE%202007.pdf HTTP/1.0" 200 29034
156.59.198.136 - - [30/Dec/2023:00:24:55 -0500] "GET /BLA/resoluciones/Notificaciones/AUTOS%202017/1380.pdf HTTP/1.0" 200 319419
52.167.144.186 - - [30/Dec/2023:00:25:13 -0500] "GET /portaldeninos/2021/05/16/1772/ HTTP/1.1" 404 75240
156.59.198.135 - - [30/Dec/2023:00:25:20 -0500] "GET /BLA/resoluciones/RESOLUCIONES%202007/RES%202007%203801%20AL%203900/RESOLUCION%203857%20DE%202007.pdf HTTP/1.0" 200 546899
156.59.198.135 - - [30/Dec/2023:00:25:44 -0500] "GET /BLA/resoluciones/Notificaciones/AUTOS%202023/3061.pdf HTTP/1.0" 200 369011
201.245.192.253 - - [30/Dec/2023:00:25:49 -0500] "POST /kwsrmcab/Wsrmcab HTTP/1.1" 200 36480
201.245.192.253 - - [30/Dec/2023:00:25:51 -0500] "POST /kwsrmcab/Wsrmcab HTTP/1.1" 200 36465
216.245.221.92 - - [30/Dec/2023:00:26:03 -0500] "HEAD / HTTP/1.1" 200 -
156.59.198.136 - - [30/Dec/2023:00:26:09 -0500] "GET /BLA/resoluciones/Notificaciones/REGISTROS%202018/1665.pdf HTTP/1.0" 200 267386
156.59.198.136 - - [30/Dec/2023:00:26:33 -0500] "GET /BLA/resoluciones/AUTOS%202023/3415.pdf HTTP/1.0" 200 456185
156.59.198.135 - - [30/Dec/2023:00:26:57 -0500] "GET /BLA/resoluciones/AUTOS%202023/3417.pdf HTTP/1.0" 200 359803
201.245.192.253 - - [30/Dec/2023:00:27:15 -0500] "POST /kwsrmcab/Wsrmcab  HTTP/1.1" 200 36178
156.59.198.136 - - [30/Dec/2023:00:27:21 -0500] "GET /BLA/resoluciones/Notificaciones/AUTOS%202017/03626.pdf HTTP/1.0" 200 267029
52.167.144.174 - - [30/Dec/2023:00:27:42 -0500] "GET /BLA/resoluciones/RESOLUCIONES%202023/1588.pdf HTTP/1.1" 200 449123
156.59.198.135 - - [30/Dec/2023:00:27:46 -0500] "GET /BLA/resoluciones/Notificaciones/AUTOS%202016/01873.doc HTTP/1.0" 200 609033
156.59.198.135 - - [30/Dec/2023:00:28:11 -0500] "GET /BLA/resoluciones/AUTOS%202023/2452.pdf HTTP/1.0" 200 4842361
156.59.198.135 - - [30/Dec/2023:00:28:34 -0500] "GET /BLA/resoluciones/Notificaciones/AUTOS%202023/2321.pdf HTTP/1.0" 200 405310
172.22.2.4 - - [30/Dec/2023:00:26:58 -0500] "HEAD /BLA/boletinlegal/ HTTP/1.1" 200 -
198.235.24.144 - - [30/Dec/2023:00:28:54 -0500] "GET / HTTP/1.0" 200 319
156.59.198.136 - - [30/Dec/2023:00:28:59 -0500] "GET /BLA/resoluciones/RESOLUCIONES%202007/RES%202007%201301%20AL%201400/RESOLUCION%201330%20DE%202007.pdf HTTP/1.0" 200 567400
156.59.198.136 - - [30/Dec/2023:00:29:23 -0500] "GET /BLA/resoluciones/Notificaciones/AUTOS%202023/717.pdf HTTP/1.0" 200 1613209
172.22.2.4 - - [30/Dec/2023:00:27:49 -0500] "GET /BLA/boletinlegal/ HTTP/1.1" 200 58172
156.59.198.136 - - [30/Dec/2023:00:29:49 -0500] "GET /BLA/resoluciones/Notificaciones/AUTOS%202020/3185.pdf HTTP/1.0" 200 321149
201.245.192.253 - - [30/Dec/2023:00:29:54 -0500] "POST /kwsrmcab/Wsrmcab HTTP/1.1" 200 36480
201.245.192.253 - - [30/Dec/2023:00:29:58 -0500] "POST /kwsrmcab/Wsrmcab HTTP/1.1" 200 36465
156.59.198.136 - - [30/Dec/2023:00:30:12 -0500] "GET /BLA/resoluciones/Notificaciones/AUTOS%202014/4091.doc HTTP/1.0" 200 104960
156.59.198.135 - - [30/Dec/2023:00:30:37 -0500] "GET /BLA/resoluciones/AUTOS%202023/4382.pdf HTTP/1.0" 200 380065
156.59.198.136 - - [30/Dec/2023:00:31:01 -0500] "GET /BLA/resoluciones/Notificaciones/AUTOS%202023/743.pdf HTTP/1.0" 200 371881
216.245.221.92 - - [30/Dec/2023:00:31:03 -0500] "HEAD / HTTP/1.1" 200 -
156.59.198.135 - - [30/Dec/2023:00:31:27 -0500] "GET /BLA/resoluciones/Notificaciones/AUTOS%202019/0440.pdf HTTP/1.0" 200 257053
156.59.198.136 - - [30/Dec/2023:00:31:50 -0500] "GET /BLA/resoluciones/RESOLUCIONES%202007/RES%202007%203701%20AL%203800/RESOLUCION%203769%20DE%202007.pdf HTTP/1.0" 200 57537
156.59.198.136 - - [30/Dec/2023:00:32:15 -0500] "GET /BLA/resoluciones/Notificaciones/AUTOS%202021/4821.pdf HTTP/1.0" 200 337582
201.245.192.253 - - [30/Dec/2023:00:32:13 -0500] "POST /kwsrmcab/Wsrmcab  HTTP/1.1" 200 36178
156.59.198.136 - - [30/Dec/2023:00:32:40 -0500] "GET /BLA/resoluciones/Notificaciones/AUTOS%202014/5287.doc HTTP/1.0" 200 98816
156.59.198.135 - - [30/Dec/2023:00:33:05 -0500] "GET /BLA/resoluciones/Notificaciones/RESOLUCIONES%202021/3274.pdf HTTP/1.0" 200 411919
162.55.175.24 - - [30/Dec/2023:00:33:14 -0500] "GET / HTTP/1.1" 200 319
162.55.175.24 - - [30/Dec/2023:00:33:17 -0500] "GET / HTTP/1.1" 200 4720
156.59.198.136 - - [30/Dec/2023:00:33:28 -0500] "GET /BLA/resoluciones/Notificaciones/AUTOS%202018/05822.pdf HTTP/1.0" 200 446158
156.59.198.136 - - [30/Dec/2023:00:33:53 -0500] "GET /BLA/resoluciones/Notificaciones/AUTOS%202022/7854.pdf HTTP/1.0" 200 435572
66.249.66.21 - - [30/Dec/2023:00:34:12 -0500] "GET /resoluciones/RESOLUCIONES%202008/1042.pdf HTTP/1.1" 404 1018
156.59.198.136 - - [30/Dec/2023:00:34:17 -0500] "GET /BLA/resoluciones/Notificaciones/AUTOS%202022/3370.pdf HTTP/1.0" 200 388265
66.249.66.19 - - [30/Dec/2023:00:34:19 -0500] "GET /BLA/resoluciones/RESOLUCIONES%202009/5044.pdf HTTP/1.1" 200 504655
172.22.2.4 - - [30/Dec/2023:00:32:48 -0500] "HEAD /BLA/boletinlegal/ HTTP/1.1" 200 -
156.59.198.135 - - [30/Dec/2023:00:34:41 -0500] "GET /BLA/resoluciones/Notificaciones/AUTOS%202014/2486.doc HTTP/1.0" 200 255488
156.59.198.136 - - [30/Dec/2023:00:35:07 -0500] "GET /BLA/resoluciones/Notificaciones/RESOLUCIONES%202023/1594.pdf HTTP/1.0" 200 7132168
66.249.66.20 - - [30/Dec/2023:00:35:13 -0500] "GET /BLA/resoluciones/RESOLUCIONES%202009/6969.pdf HTTP/1.1" 200 741070
172.22.2.4 - - [30/Dec/2023:00:33:39 -0500] "GET /BLA/boletinlegal/ HTTP/1.1" 200 48394
156.59.198.135 - - [30/Dec/2023:00:35:34 -0500] "GET /BLA/resoluciones/Notificaciones/AUTOS%202016/00220.doc HTTP/1.0" 200 190285
201.245.192.253 - - [30/Dec/2023:00:35:49 -0500] "POST /kwsrmcab/Wsrmcab HTTP/1.1" 200 36480
201.245.192.253 - - [30/Dec/2023:00:35:52 -0500] "POST /kwsrmcab/Wsrmcab HTTP/1.1" 200 36465
156.59.198.135 - - [30/Dec/2023:00:35:57 -0500] "GET /BLA/resoluciones/Notificaciones/AUTOS%202020/4042.pdf HTTP/1.0" 200 390170
216.245.221.92 - - [30/Dec/2023:00:36:03 -0500] "HEAD / HTTP/1.1" 200 -
156.59.198.135 - - [30/Dec/2023:00:36:21 -0500] "GET /BLA/resoluciones/Notificaciones/AUTOS%202016/01551.doc HTTP/1.0" 200 363560
156.59.198.135 - - [30/Dec/2023:00:36:46 -0500] "GET /BLA/resoluciones/Notificaciones/RESOLUCIONES%202021/2824.pdf HTTP/1.0" 200 346303
156.59.198.135 - - [30/Dec/2023:00:37:10 -0500] "GET /BLA/resoluciones/AUTOS%202023/4849.pdf HTTP/1.0" 200 793335
201.245.192.253 - - [30/Dec/2023:00:37:11 -0500] "POST /kwsrmcab/Wsrmcab  HTTP/1.1" 200 36178
156.59.198.135 - - [30/Dec/2023:00:37:34 -0500] "GET /BLA/resoluciones/Notificaciones/AUTOS%202014/2825.doc HTTP/1.0" 200 160768
156.59.198.135 - - [30/Dec/2023:00:37:59 -0500] "GET /BLA/resoluciones/Notificaciones/AUTOS%202020/4693.pdf HTTP/1.0" 200 368391
156.59.198.136 - - [30/Dec/2023:00:38:23 -0500] "GET /BLA/resoluciones/Notificaciones/AUTOS%202016/00744.doc HTTP/1.0" 200 193147
156.59.198.136 - - [30/Dec/2023:00:38:47 -0500] "GET /BLA/resoluciones/AUTOS%202023/3114.pdf HTTP/1.0" 200 1288891
156.59.198.136 - - [30/Dec/2023:00:39:11 -0500] "GET /BLA/resoluciones/Notificaciones/AUTOS%202017/03612.pdf HTTP/1.0" 200 330448
156.59.198.135 - - [30/Dec/2023:00:39:36 -0500] "GET /BLA/resoluciones/Notificaciones/AUTOS%202021/5110.pdf HTTP/1.0" 200 430055
201.245.192.253 - - [30/Dec/2023:00:39:54 -0500] "POST /kwsrmcab/Wsrmcab HTTP/1.1" 200 36480
156.59.198.136 - - [30/Dec/2023:00:40:00 -0500] "GET /BLA/resoluciones/Notificaciones/AUTOS%202021/2012.pdf HTTP/1.0" 200 335054
201.245.192.253 - - [30/Dec/2023:00:39:58 -0500] "POST /kwsrmcab/Wsrmcab HTTP/1.1" 200 36465
172.22.2.4 - - [30/Dec/2023:00:38:38 -0500] "HEAD /BLA/boletinlegal/ HTTP/1.1" 200 -
156.59.198.136 - - [30/Dec/2023:00:40:24 -0500] "GET /BLA/resoluciones/Notificaciones/AUTOS%202021/4895.pdf HTTP/1.0" 200 318177
156.59.198.136 - - [30/Dec/2023:00:40:48 -0500] "GET /BLA/resoluciones/Notificaciones/AUTOS%202020/4072.pdf HTTP/1.0" 200 372822
216.245.221.92 - - [30/Dec/2023:00:41:03 -0500] "HEAD / HTTP/1.1" 200 -
172.22.2.4 - - [30/Dec/2023:00:39:29 -0500] "GET /BLA/boletinlegal/ HTTP/1.1" 200 58172
156.59.198.136 - - [30/Dec/2023:00:41:12 -0500] "GET /BLA/resoluciones/Notificaciones/AUTOS%202023/4865.pdf HTTP/1.0" 200 990405
40.77.167.76 - - [30/Dec/2023:00:41:17 -0500] "GET /BLA/resoluciones/RESOLUCIONES%202020/0785.pdf HTTP/1.1" 304 -
156.59.198.135 - - [30/Dec/2023:00:41:37 -0500] "GET /BLA/resoluciones/Notificaciones/REGISTROS%202019/1660.pdf HTTP/1.0" 200 259575
216.244.66.195 - - [30/Dec/2023:00:41:45 -0500] "GET /BLA/resoluciones/AUTOS%202019/0159.pdf HTTP/1.1" 200 326852
216.244.66.195 - - [30/Dec/2023:00:41:51 -0500] "GET /BLA/resoluciones/AUTOS%202019/0853.pdf HTTP/1.1" 200 324640
156.59.198.135 - - [30/Dec/2023:00:42:02 -0500] "GET /BLA/resoluciones/Notificaciones/AUTOS%202014/7114.doc HTTP/1.0" 200 172032
201.245.192.253 - - [30/Dec/2023:00:42:10 -0500] "POST /kwsrmcab/Wsrmcab  HTTP/1.1" 200 36178
216.244.66.195 - - [30/Dec/2023:00:42:22 -0500] "GET /BLA/resoluciones/AUTOS%202019/3196.pdf HTTP/1.1" 200 271916
156.59.198.136 - - [30/Dec/2023:00:42:26 -0500] "GET /BLA/resoluciones/Notificaciones/RESOLUCIONES%202022/0102.pdf HTTP/1.0" 200 391480
216.244.66.195 - - [30/Dec/2023:00:42:44 -0500] "GET /BLA/resoluciones/AUTOS%202019/3408.pdf HTTP/1.1" 200 619864
156.59.198.136 - - [30/Dec/2023:00:42:50 -0500] "GET /BLA/resoluciones/RESOLUCIONES%202007/RES%202007%203301%20AL%203400/RESOLUCION%203376%20DE%202007.pdf HTTP/1.0" 200 472622
156.59.198.135 - - [30/Dec/2023:00:43:14 -0500] "GET /BLA/resoluciones/Notificaciones/AUTOS%202021/4435.pdf HTTP/1.0" 200 383098
216.244.66.195 - - [30/Dec/2023:00:43:34 -0500] "GET /BLA/resoluciones/RESOLUCIONES%202011/1974.pdf HTTP/1.1" 200 501075
156.59.198.136 - - [30/Dec/2023:00:43:39 -0500] "GET /BLA/resoluciones/Notificaciones/RESOLUCIONES%202021/0863.pdf HTTP/1.0" 200 5415383
156.59.198.135 - - [30/Dec/2023:00:44:02 -0500] "GET /BLA/resoluciones/Notificaciones/AUTOS%202023/2595.pdf HTTP/1.0" 200 3785218
216.244.66.195 - - [30/Dec/2023:00:44:12 -0500] "GET /BLA/resoluciones/RESOLUCIONES%202018/0028.pdf HTTP/1.1" 200 274508
66.249.66.75 - - [30/Dec/2023:00:44:26 -0500] "GET /robots.txt HTTP/1.1" 404 1035
156.59.198.135 - - [30/Dec/2023:00:44:27 -0500] "GET /BLA/resoluciones/Notificaciones/AUTOS%202017/00312.pdf HTTP/1.0" 200 2042371
66.249.66.76 - - [30/Dec/2023:00:44:26 -0500] "GET /portaldeninos/2021/05/30/manejo-de-residuos/ HTTP/1.1" 200 92986
66.249.66.19 - - [30/Dec/2023:00:44:29 -0500] "GET /BLA/resoluciones/RESOLUCIONES%202007/RES%202007%201301%20AL%201400/RESOLUCION%201391%20DE%202007.pdf HTTP/1.1" 200 127794
156.59.198.136 - - [30/Dec/2023:00:44:51 -0500] "GET /BLA/resoluciones/Notificaciones/AUTOS%202022/5770.pdf HTTP/1.0" 200 415933
216.244.66.195 - - [30/Dec/2023:00:44:53 -0500] "GET /BLA/resoluciones/RESOLUCIONES%202018/0187.pdf HTTP/1.1" 200 311197
66.249.66.20 - - [30/Dec/2023:00:45:09 -0500] "GET /BLA/resoluciones/RESOLUCIONES%202009/8512.pdf HTTP/1.1" 200 268283
156.59.198.136 - - [30/Dec/2023:00:45:15 -0500] "GET /BLA/resoluciones/RESOLUCIONES%202007/RES%202007%203001%20AL%203100/RESOLUCION%203094%20DE%202007.pdf HTTP/1.0" 200 602437
216.244.66.195 - - [30/Dec/2023:00:45:32 -0500] "GET /BLA/resoluciones/RESOLUCIONES%202018/0209.pdf HTTP/1.1" 200 720944
156.59.198.135 - - [30/Dec/2023:00:45:39 -0500] "GET /BLA/resoluciones/Notificaciones/AUTOS%202016/02338.pdf HTTP/1.0" 200 354469
66.249.66.20 - - [30/Dec/2023:00:46:02 -0500] "GET /BLA/resoluciones/Autos%202008/0388.pdf HTTP/1.1" 200 244947
216.245.221.92 - - [30/Dec/2023:00:46:03 -0500] "HEAD / HTTP/1.1" 200 -
156.59.198.135 - - [30/Dec/2023:00:46:03 -0500] "GET /BLA/resoluciones/Notificaciones/AUTOS%202015/3095.doc HTTP/1.0" 200 194560
172.22.2.4 - - [30/Dec/2023:00:44:28 -0500] "HEAD /BLA/boletinlegal/ HTTP/1.1" 200 -
216.244.66.195 - - [30/Dec/2023:00:46:22 -0500] "GET /BLA/resoluciones/RESOLUCIONES%202018/0226.pdf HTTP/1.1" 200 308121
156.59.198.136 - - [30/Dec/2023:00:46:27 -0500] "GET /BLA/resoluciones/Notificaciones/AUTOS%202021/5137.pdf HTTP/1.0" 200 358531
156.59.198.135 - - [30/Dec/2023:00:46:52 -0500] "GET /BLA/resoluciones/Notificaciones/AUTOS%202021/1731.pdf HTTP/1.0" 200 349756
172.22.2.4 - - [30/Dec/2023:00:45:19 -0500] "GET /BLA/boletinlegal/ HTTP/1.1" 200 54031
216.244.66.195 - - [30/Dec/2023:00:47:00 -0500] "GET /BLA/resoluciones/RESOLUCIONES%202018/0257.pdf HTTP/1.1" 200 344013
201.245.192.253 - - [30/Dec/2023:00:47:09 -0500] "POST /kwsrmcab/Wsrmcab  HTTP/1.1" 200 36178
172.104.11.46 - - [30/Dec/2023:00:47:16 -0500] "\x16\x03\x01" 400 226
156.59.198.136 - - [30/Dec/2023:00:47:16 -0500] "GET /BLA/resoluciones/Notificaciones/AUTOS%202017/5022.pdf HTTP/1.0" 200 284066
216.244.66.195 - - [30/Dec/2023:00:47:37 -0500] "GET /BLA/resoluciones/RESOLUCIONES%202018/0530.pdf HTTP/1.1" 200 256880
156.59.198.135 - - [30/Dec/2023:00:47:40 -0500] "GET /BLA/resoluciones/Notificaciones/RESOLUCIONES%202021/3334.pdf HTTP/1.0" 200 412504
156.59.198.135 - - [30/Dec/2023:00:48:06 -0500] "GET /BLA/resoluciones/Notificaciones/AUTOS%202014/6656.doc HTTP/1.0" 200 154624
216.244.66.195 - - [30/Dec/2023:00:48:11 -0500] "GET /BLA/resoluciones/RESOLUCIONES%202018/0559.pdf HTTP/1.1" 200 1877920
66.249.66.20 - - [30/Dec/2023:00:48:18 -0500] "GET /BLA/resoluciones/RESOLUCIONES%202009/6090.pdf HTTP/1.1" 200 535691
66.249.66.19 - - [30/Dec/2023:00:48:21 -0500] "GET /bla/resoluciones/RESOLUCIONES%202011/1371.pdf HTTP/1.1" 200 519061
66.249.66.21 - - [30/Dec/2023:00:48:23 -0500] "GET /BLA/resoluciones/AUTOS%202014/3548.pdf HTTP/1.1" 200 259517
156.59.198.135 - - [30/Dec/2023:00:48:28 -0500] "GET /BLA/resoluciones/AUTOS%202023/3684.pdf HTTP/1.0" 200 422808
156.59.198.135 - - [30/Dec/2023:00:48:53 -0500] "GET /BLA/resoluciones/Notificaciones/RESOLUCIONES%202022/2872.pdf HTTP/1.0" 200 533822
216.244.66.195 - - [30/Dec/2023:00:49:02 -0500] "GET /BLA/resoluciones/RESOLUCIONES%202018/0610.pdf HTTP/1.1" 200 317323
156.59.198.136 - - [30/Dec/2023:00:49:17 -0500] "GET /BLA/resoluciones/Notificaciones/AUTOS%202021/4575.pdf HTTP/1.0" 200 358054
216.244.66.195 - - [30/Dec/2023:00:49:32 -0500] "GET /BLA/resoluciones/RESOLUCIONES%202018/1051.pdf HTTP/1.1" 200 533453
156.59.198.136 - - [30/Dec/2023:00:49:42 -0500] "GET /BLA/resoluciones/Notificaciones/AUTOS%202015/1289.doc HTTP/1.0" 200 105984
216.244.66.195 - - [30/Dec/2023:00:50:03 -0500] "GET /BLA/resoluciones/RESOLUCIONES%202018/1246.pdf HTTP/1.1" 200 321856
156.59.198.136 - - [30/Dec/2023:00:50:05 -0500] "GET /BLA/resoluciones/Notificaciones/AUTOS%202014/6510.doc HTTP/1.0" 200 152576
40.77.167.254 - - [30/Dec/2023:00:50:18 -0500] "GET /BLA/resoluciones/RESOLUCIONES%202022/3884.pdf HTTP/1.1" 200 358526
156.59.198.136 - - [30/Dec/2023:00:50:31 -0500] "GET /BLA/resoluciones/Notificaciones/AUTOS%202014/4838.doc HTTP/1.0" 200 94720
216.244.66.195 - - [30/Dec/2023:00:50:36 -0500] "GET /BLA/resoluciones/RESOLUCIONES%202018/1318.pdf HTTP/1.1" 200 595958
156.59.198.136 - - [30/Dec/2023:00:50:56 -0500] "GET /BLA/resoluciones/RESOLUCIONES%202007/RES%202007%201301%20AL%201400/RESOLUCION%201329%20DE%202007.pdf HTTP/1.0" 200 276885
216.245.221.92 - - [30/Dec/2023:00:51:03 -0500] "HEAD / HTTP/1.1" 200 -
216.244.66.195 - - [30/Dec/2023:00:51:04 -0500] "GET /BLA/resoluciones/RESOLUCIONES%202018/2189.pdf HTTP/1.1" 200 389644
156.59.198.135 - - [30/Dec/2023:00:51:21 -0500] "GET /BLA/resoluciones/Notificaciones/AUTOS%202015/06939.doc HTTP/1.0" 200 135835
216.244.66.195 - - [30/Dec/2023:00:51:31 -0500] "GET /BLA/resoluciones/RESOLUCIONES%202018/2209.pdf HTTP/1.1" 200 279757
156.59.198.135 - - [30/Dec/2023:00:51:46 -0500] "GET /BLA/resoluciones/AUTOS%202023/4139.pdf HTTP/1.0" 200 420475
216.244.66.195 - - [30/Dec/2023:00:51:56 -0500] "GET /BLA/resoluciones/RESOLUCIONES%202018/2372.pdf HTTP/1.1" 200 469736
172.22.2.4 - - [30/Dec/2023:00:50:18 -0500] "HEAD /BLA/boletinlegal/ HTTP/1.1" 200 -
201.245.192.253 - - [30/Dec/2023:00:52:07 -0500] "POST /kwsrmcab/Wsrmcab  HTTP/1.1" 200 36178
156.59.198.136 - - [30/Dec/2023:00:52:09 -0500] "GET /BLA/resoluciones/AUTOS%202023/4060.pdf HTTP/1.0" 200 1656814
31.220.88.155 - - [30/Dec/2023:00:52:11 -0500] "\x16\x03\x01\x01\xc0\x01" 400 226
66.249.66.20 - - [30/Dec/2023:00:52:18 -0500] "GET /BLA/resoluciones/RESOLUCIONES%202011/1806.pdf HTTP/1.1" 200 479052
216.244.66.195 - - [30/Dec/2023:00:52:23 -0500] "GET /BLA/resoluciones/RESOLUCIONES%202018/2545.pdf HTTP/1.1" 200 862292
156.59.198.136 - - [30/Dec/2023:00:52:35 -0500] "GET /BLA/resoluciones/Notificaciones/AUTOS%202023/3273.pdf HTTP/1.0" 200 1029905
216.244.66.195 - - [30/Dec/2023:00:52:47 -0500] "GET /BLA/resoluciones/RESOLUCIONES%202018/2737.pdf HTTP/1.1" 200 244157
172.22.2.4 - - [30/Dec/2023:00:51:09 -0500] "GET /BLA/boletinlegal/ HTTP/1.1" 200 49733
156.59.198.135 - - [30/Dec/2023:00:52:58 -0500] "GET /BLA/resoluciones/RESOLUCIONES%202000/0152.pdf HTTP/1.0" 200 146226
216.244.66.195 - - [30/Dec/2023:00:53:12 -0500] "GET /BLA/resoluciones/RESOLUCIONES%202018/2954.PDF HTTP/1.1" 200 15242103
156.59.198.136 - - [30/Dec/2023:00:53:22 -0500] "GET /BLA/resoluciones/Notificaciones/REGISTROS%202016/1980.pdf HTTP/1.0" 200 465025
156.59.198.136 - - [30/Dec/2023:00:53:47 -0500] "GET /BLA/resoluciones/Notificaciones/AUTOS%202020/2409.pdf HTTP/1.0" 200 315496
216.244.66.195 - - [30/Dec/2023:00:53:54 -0500] "GET /BLA/resoluciones/RESOLUCIONES%202018/3191.pdf HTTP/1.1" 200 3683021
66.249.66.19 - - [30/Dec/2023:00:53:59 -0500] "GET /BLA/resoluciones/RESOLUCIONES%202009/8666.pdf HTTP/1.1" 200 582726
156.59.198.136 - - [30/Dec/2023:00:54:12 -0500] "GET /BLA/resoluciones/RESOLUCIONES%202020/2612.pdf HTTP/1.0" 200 353141
156.59.198.136 - - [30/Dec/2023:00:54:36 -0500] "GET /BLA/resoluciones/Notificaciones/AUTOS%202021/4619.pdf HTTP/1.0" 200 333731
216.244.66.195 - - [30/Dec/2023:00:54:39 -0500] "GET /BLA/resoluciones/RESOLUCIONES%202018/3389.pdf HTTP/1.1" 200 312250
156.59.198.135 - - [30/Dec/2023:00:55:01 -0500] "GET /BLA/resoluciones/Notificaciones/AUTOS%202018/0699.pdf HTTP/1.0" 200 262898
216.244.66.195 - - [30/Dec/2023:00:55:10 -0500] "GET /BLA/resoluciones/RESOLUCIONES%202018/4026.pdf HTTP/1.1" 200 338006
66.249.66.21 - - [30/Dec/2023:00:55:10 -0500] "GET /BLA/resoluciones/RESOLUCIONES%202010/2803.pdf HTTP/1.1" 200 541315
156.59.198.135 - - [30/Dec/2023:00:55:24 -0500] "GET /BLA/resoluciones/Notificaciones/AUTOS%202021/5015.pdf HTTP/1.0" 200 359938
52.167.144.217 - - [30/Dec/2023:00:55:39 -0500] "GET /BLA/resoluciones/RESOLUCIONES%202021/3053.pdf HTTP/1.1" 200 460939
216.244.66.195 - - [30/Dec/2023:00:55:41 -0500] "GET /BLA/resoluciones/RESOLUCIONES%202018/4043.pdf HTTP/1.1" 200 272645
156.59.198.136 - - [30/Dec/2023:00:55:50 -0500] "GET /BLA/resoluciones/Notificaciones/AUTOS%202014/1666.doc HTTP/1.0" 200 229888
216.245.221.92 - - [30/Dec/2023:00:56:03 -0500] "HEAD / HTTP/1.1" 200 -
216.244.66.195 - - [30/Dec/2023:00:56:10 -0500] "GET /BLA/resoluciones/RESOLUCIONES%202018/4111.pdf HTTP/1.1" 200 268766
156.59.198.135 - - [30/Dec/2023:00:56:15 -0500] "GET /BLA/resoluciones/RESOLUCIONES%202006/RESOLUCION%20759%20DE%202006.PDF HTTP/1.0" 200 31933
216.244.66.195 - - [30/Dec/2023:00:56:37 -0500] "GET /BLA/resoluciones/RESOLUCIONES%202018/4116.pdf HTTP/1.1" 200 283266
156.59.198.136 - - [30/Dec/2023:00:56:38 -0500] "GET /BLA/resoluciones/Notificaciones/AUTOS%202017/4500.pdf HTTP/1.0" 200 283631
156.59.198.135 - - [30/Dec/2023:00:57:03 -0500] "GET /BLA/resoluciones/Notificaciones/AUTOS%202022/0955.pdf HTTP/1.0" 200 375563
216.244.66.195 - - [30/Dec/2023:00:57:06 -0500] "GET /BLA/resoluciones/RESOLUCIONES%202018/4265.pdf HTTP/1.1" 200 345042
201.245.192.253 - - [30/Dec/2023:00:57:06 -0500] "POST /kwsrmcab/Wsrmcab  HTTP/1.1" 200 36178
156.59.198.135 - - [30/Dec/2023:00:57:27 -0500] "GET /BLA/resoluciones/AUTOS%202023/3863.pdf HTTP/1.0" 200 1997726
216.244.66.195 - - [30/Dec/2023:00:57:32 -0500] "GET /BLA/resoluciones/RESOLUCIONES%202018/4778.PDF HTTP/1.1" 200 7788567
172.22.2.4 - - [30/Dec/2023:00:56:08 -0500] "HEAD /BLA/boletinlegal/ HTTP/1.1" 200 -
156.59.198.136 - - [30/Dec/2023:00:57:51 -0500] "GET /BLA/resoluciones/Notificaciones/AUTOS%202016/00274.doc HTTP/1.0" 200 190947
156.59.198.135 - - [30/Dec/2023:00:58:16 -0500] "GET /BLA/resoluciones/AUTOS%202023/6325.pdf HTTP/1.0" 200 484747
172.22.2.4 - - [30/Dec/2023:00:56:59 -0500] "GET /BLA/boletinlegal/ HTTP/1.1" 200 58567
156.59.198.136 - - [30/Dec/2023:00:58:41 -0500] "GET /BLA/resoluciones/Notificaciones/AUTOS%202017/00727.doc HTTP/1.0" 200 304755
156.59.198.135 - - [30/Dec/2023:00:59:07 -0500] "GET /BLA/resoluciones/Notificaciones/RESOLUCIONES%202022/2497.pdf HTTP/1.0" 200 405310
156.59.198.135 - - [30/Dec/2023:00:59:30 -0500] "GET /BLA/resoluciones/Notificaciones/RESOLUCIONES%202023/1349.pdf HTTP/1.0" 200 639441
156.59.198.136 - - [30/Dec/2023:00:59:54 -0500] "GET /BLA/resoluciones/Notificaciones/AUTOS%202014/1246.doc HTTP/1.0" 200 230400
156.59.198.135 - - [30/Dec/2023:01:00:19 -0500] "GET /BLA/resoluciones/Notificaciones/AUTOS%202014/4267.doc HTTP/1.0" 200 95232
156.59.198.135 - - [30/Dec/2023:01:00:43 -0500] "GET /BLA/resoluciones/Notificaciones/AUTOS%202020/1763.pdf HTTP/1.0" 200 368509
216.245.221.92 - - [30/Dec/2023:01:01:03 -0500] "HEAD / HTTP/1.1" 200 -
156.59.198.135 - - [30/Dec/2023:01:01:08 -0500] "GET /BLA/resoluciones/Notificaciones/REGISTROS%202021/01494.pdf HTTP/1.0" 200 266001
156.59.198.135 - - [30/Dec/2023:01:01:32 -0500] "GET /BLA/resoluciones/Notificaciones/RESOLUCIONES%202021/1002.pdf HTTP/1.0" 200 414235
156.59.198.135 - - [30/Dec/2023:01:01:56 -0500] "GET /BLA/resoluciones/Notificaciones/AUTOS%202023/310.pdf HTTP/1.0" 200 402313
201.245.192.253 - - [30/Dec/2023:01:02:05 -0500] "POST /kwsrmcab/Wsrmcab  HTTP/1.1" 200 36178
156.59.198.135 - - [30/Dec/2023:01:02:21 -0500] "GET /BLA/resoluciones/RESOLUCIONES%202007/RES%202007%203401%20AL%203500/RESOLUCION%203432%20DE%202007.pdf HTTP/1.0" 200 492568
66.249.66.21 - - [30/Dec/2023:01:02:43 -0500] "GET /BLA/resoluciones/AUTOS%202013/3571.pdf HTTP/1.1" 200 395773
156.59.198.136 - - [30/Dec/2023:01:02:45 -0500] "GET /BLA/resoluciones/Notificaciones/AUTOS%202021/5818.pdf HTTP/1.0" 200 340002
156.59.198.135 - - [30/Dec/2023:01:03:09 -0500] "GET /BLA/resoluciones/Notificaciones/AUTOS%202016/1024.doc HTTP/1.0" 200 236357
156.59.198.136 - - [30/Dec/2023:01:03:34 -0500] "GET /BLA/resoluciones/Notificaciones/AUTOS%202021/0065.pdf HTTP/1.0" 200 349260
172.22.2.4 - - [30/Dec/2023:01:01:58 -0500] "HEAD /BLA/boletinlegal/ HTTP/1.1" 200 -
156.59.198.135 - - [30/Dec/2023:01:03:58 -0500] "GET /BLA/resoluciones/Notificaciones/AUTOS%202020/1969.pdf HTTP/1.0" 200 458730
156.59.198.136 - - [30/Dec/2023:01:04:21 -0500] "GET /BLA/resoluciones/Notificaciones/AUTOS%202023/4467.pdf HTTP/1.0" 200 393941
172.22.2.4 - - [30/Dec/2023:01:02:49 -0500] "GET /BLA/boletinlegal/ HTTP/1.1" 200 58567
156.59.198.136 - - [30/Dec/2023:01:04:46 -0500] "GET /BLA/resoluciones/AUTOS%202023/3273.pdf HTTP/1.0" 200 1029905
66.249.66.21 - - [30/Dec/2023:01:04:59 -0500] "GET /BLA/resoluciones/RESOLUCIONES%202008/4024.pdf HTTP/1.1" 200 297537
156.59.198.136 - - [30/Dec/2023:01:05:11 -0500] "GET /BLA/resoluciones/Notificaciones/AUTOS%202014/5835.doc HTTP/1.0" 200 154624
156.59.198.135 - - [30/Dec/2023:01:05:34 -0500] "GET /BLA/resoluciones/Notificaciones/AUTOS%202014/1251.doc HTTP/1.0" 200 230400
156.59.198.135 - - [30/Dec/2023:01:05:58 -0500] "GET /BLA/resoluciones/Notificaciones/AUTOS%202022/2340.pdf HTTP/1.0" 200 406600
216.245.221.92 - - [30/Dec/2023:01:06:03 -0500] "HEAD / HTTP/1.1" 200 -
156.59.198.135 - - [30/Dec/2023:01:06:25 -0500] "GET /BLA/resoluciones/Notificaciones/AUTOS%202019/4046.pdf HTTP/1.0" 200 262912
156.59.198.136 - - [30/Dec/2023:01:06:49 -0500] "GET /BLA/resoluciones/Notificaciones/AUTOS%202023/5046.pdf HTTP/1.0" 200 1301579
201.245.192.253 - - [30/Dec/2023:01:07:03 -0500] "POST /kwsrmcab/Wsrmcab  HTTP/1.1" 200 36178
156.59.198.135 - - [30/Dec/2023:01:07:13 -0500] "GET /BLA/resoluciones/Notificaciones/AUTOS%202021/3853.pdf HTTP/1.0" 200 349380
156.59.198.135 - - [30/Dec/2023:01:07:38 -0500] "GET /BLA/resoluciones/Notificaciones/AUTOS%202016/02315.doc HTTP/1.0" 200 376176
66.249.66.21 - - [30/Dec/2023:01:07:48 -0500] "GET /BLA/resoluciones/RESOLUCIONES%202009/5142.pdf HTTP/1.1" 200 769579
156.59.198.135 - - [30/Dec/2023:01:08:03 -0500] "GET /BLA/resoluciones/Notificaciones/AUTOS%202022/1113.pdf HTTP/1.0" 200 2444942
156.59.198.136 - - [30/Dec/2023:01:08:27 -0500] "GET /BLA/resoluciones/Notificaciones/AUTOS%202021/1893.pdf HTTP/1.0" 200 359223
