172.22.2.4 - - [30/Dec/2023:10:17:07 -0500] "GET /BLA/boletinlegal/ HTTP/1.1" 200 60910
191.95.97.245 - - [30/Dec/2023:10:18:54 -0500] "GET /sipse/faces/javax.faces.resource/theme.css?ln=primefaces-sipse HTTP/1.1" 304 -
191.95.97.245 - - [30/Dec/2023:10:18:54 -0500] "GET /sipse/faces/javax.faces.resource/primefaces.css?ln=primefaces&v=4.0 HTTP/1.1" 304 -
191.95.97.245 - - [30/Dec/2023:10:18:54 -0500] "GET /sipse/faces/javax.faces.resource/layout/layout.css?ln=primefaces&v=4.0 HTTP/1.1" 304 -
191.95.97.245 - - [30/Dec/2023:10:18:54 -0500] "GET /sipse/faces/javax.faces.resource/jquery/jquery.js?ln=primefaces&v=4.0 HTTP/1.1" 304 -
191.95.97.245 - - [30/Dec/2023:10:18:54 -0500] "GET /sipse/faces/javax.faces.resource/jquery/jquery-plugins.js?ln=primefaces&v=4.0 HTTP/1.1" 304 -
191.95.97.245 - - [30/Dec/2023:10:18:54 -0500] "GET /sipse/faces/javax.faces.resource/primefaces.js?ln=primefaces&v=4.0 HTTP/1.1" 304 -
191.95.97.245 - - [30/Dec/2023:10:18:54 -0500] "GET /sipse/faces/javax.faces.resource/layout/layout.js?ln=primefaces&v=4.0 HTTP/1.1" 304 -
191.95.97.245 - - [30/Dec/2023:10:18:53 -0500] "GET /sipse/faces/presentacion/financiero/solicitudAnulacion/solicitudAnulacion.xhtml HTTP/1.1" 200 32946
191.95.97.245 - - [30/Dec/2023:10:18:55 -0500] "POST /sipse/faces/presentacion/financiero/solicitudAnulacion/solicitudAnulacion.xhtml HTTP/1.1" 200 10468
156.59.198.136 - - [30/Dec/2023:10:19:03 -0500] "GET /BLA/resoluciones/RESOLUCIONES%202020/2280.pdf HTTP/1.0" 200 398431
156.59.198.136 - - [30/Dec/2023:10:19:27 -0500] "GET /BLA/resoluciones/AUTOS%202013/1110.pdf HTTP/1.0" 200 330440
201.245.192.253 - - [30/Dec/2023:10:19:33 -0500] "POST /kwsrmcab/Wsrmcab  HTTP/1.1" 200 36178
156.59.198.135 - - [30/Dec/2023:10:19:52 -0500] "GET /BLA/resoluciones/AUTOS%202012/1165.pdf HTTP/1.0" 200 272315
201.245.192.253 - - [30/Dec/2023:10:19:52 -0500] "POST /kwsrmcab/Wsrmcab HTTP/1.1" 200 35292
201.245.192.253 - - [30/Dec/2023:10:19:57 -0500] "POST /kwsrmcab/Wsrmcab HTTP/1.1" 200 37048
156.59.198.136 - - [30/Dec/2023:10:20:16 -0500] "GET /BLA/resoluciones/AUTOS%202013/0379.pdf HTTP/1.0" 200 755562
186.102.16.163 - - [30/Dec/2023:10:20:30 -0500] "GET /kwssiamovil/sm/acme/a?s=U2FsdGVkX1/7dUCIU1p3l0QOimrjrQtT5kqnidFB38D7el5IzW0XEtK8na+uxr5S9PoZTvelVA/b5up4tKLuYIuSoaFKDg9a24bqqO70mXKUEC8MsD8DIlD1gNd7pvprCnL0AuBciemsiFhmbD2WAywXUdkhkWGl7u/22vHIXwTyFXchVT4BMzl24XRu3vRGd8C1ea07pZUq8lgKPo/njiE2koRDpAqe7+sB6cpm6R7Eq2xldhEXjHk30qkj/HqDLLba3wiAFYYv6P1j6Fx2UQ==&u=U2FsdGVkX18HanORtl7j6B1cI1aL/7GSx3/BGzWty3H7WGui4pf6nMVCDpp5EBF5&y=U2FsdGVkX1/qEkP4CcrPudSHAGNOjnTkLWz5XjYC8Hk06mx5Z8Dkmdh7fwO6nc88 HTTP/1.1" 200 26
186.102.16.163 - - [30/Dec/2023:10:20:30 -0500] "GET /kwssiamovil/sm/acme/a?s=U2FsdGVkX1+p0ZwkwgDLsiqqxCBbvjkyO89d5QRhV7uTjzKpasUp85lIl6yD7l5Hx0VDn7fV4jTmptfE3fowRHrRO1jm4umWCyMz26GlnFp+64BAdJXVdNEdyVgUCad+s4bEkII6W4LJXw2weV3YzZf16qQqlaxpIK6T+LRcvSfE7+SvpNK5al/LKqUdUjUDyEJfvJKaoUnyivAb6q9sAPuYqmFlRq4SgUCITklv0rL28xE64/BRrANZja9OaHD5U+3B/p6S+aSmf6BXIvNvwI9EZa4I1C2FHFyGjPVKITZJH3slWq0WOztqpF+uLRweftrQY+hsAux/QGSOwlVqFN+b1DuqeGZNCGcH4mZoUv3+4gsgGW7CY2RUojjd89+Grh7io5XGQ1+3dAPh1YNfHD7qjOt31zFPS8oBfbC/5LD8gB0spGmTqFoHBVYaV5OgRzod5QxoV8wHr3GePjTdHqx+ApEcvTk/b2ET7pZhqtGju/Iry3neK3KCqjel+cGVzVJO1abaHhd2Po+/IJAC6mU7myYFMBR3rheEXBoI6W6v7G89Cm3F9S9DmnGT9e953ys0aAQzfVtusGpV9LdYu1WOdx1kz+4Er+Bsr9B3O9kRFe2W+eVeeJFzuqCk1pvt8Lu/vTK6r4gcCTItxBXy0nAKHPghjLSTz9CB3VDmqs+Ue4vj53wPzF5cfYUykCi2AglaPhYTOvXu8RK66aibg7WnHOzIszco1t/bNb4kaZiyK7UVGUEJBuacfCf3tNO0AQdE4IfWb/oj6JBlNTip9ocE65VZsef0XsMd3IAUesH8A0DpxjmAQcZuAhl444DJz6/yj/7zByGeL9slNtz6lBd35df5I7/L2XqMC9Wx1Hfustli7m7XJAhmryZbvggWTV8+/vXSXV9mjihrNuQt86s9tyswcIExCSmi5N4kaFfvj68IarGNUtHIzCmf3ru42WzPpr8BXmvLL8LGq63F/2pOpQNa/75aFOW4SRSJuYb4Fxt1kRENkExapZ1FpQS4euBXaV4Fbf5k0EDkjxnoiWTTswa3PDd2tOMlc1Q2Ra2MFcXv944NzZmFuInPVk139KgVmc22CjOD2LnwkO6tfnvLoMDE3BSACdsZjm7EdKji56cyLLyVBa7PXxyeT/FBgf4eO0+obcRUP4S54ahRAId4FMYd5zHqKsA0c2c1lRtCCor8xLYaepqyeYHkVKPWwuUzLzRGW1Tx0zHjG/Ko+8M4k2sYyCAFM8wCaFwXKsun7EczduL8u6lVU2YYqxVp7mTmEtOXKatV4u+ZW/s20TNRIpQgeNw3ClBFhB4srJls/FEnGhT5IHykAjqpvTMJAmSOcek5miwitCdRjcQvzROppMVhe1U+DpHXGosRwTMm9+C44hxErP31SOFg9lp0yNxaPeu1MTe/DvgqkFYW0qI+4RkmxM0oYikoGaO9XfdVWZE37rcLkuNaK2mKwScpCjk6OGePPKthzTt1/+7BfpWj/LEhYCaBGeJa7InCZ1YyEOSGjuOCko/VnpHSV+0Sd2UNjvwZ6H9fNfwPvSH2O5L3g+8HmPpxuiRPHzC2BnSmZ+lLpLmRd2yt2wFksL+g4yNhjv+uBp+3Z88UO2mm4vztfdg0+YD+1I2sX6n2zA59vNx/sUk258zl7wIK56nJVPvq+STUoLp4UcJ4PU4NnVIvPGpr+RFF5pWnYNnrQ4YR1i+zrlMhQN9IgecNLj7Q6eXBwmUPL2QAKFM0M49Thq4gi9crq2GJJJhC4fnbCw2IMBenqDMzbwqE9O9w12/pkFH07CkFwweOxW5T4pDbkDG6xS6s4XT2akmdh6SJ5zQc+UEEZpGstVMInzNpCRbDx9xnJTAOFa0GMc5oRiGpsMQrsI5XNNmIVFQiSVmQShtGWGDlAMbPjbsLG2rW0s1ziHYZ8t0PPxeJeIG5MnHl2otbGNEadkf9LVTVVwjnUUhjbn6B4mrowoHdENWm9ajWgTBiu/kl8ybKdMFQKUt9Vwy3PFxzu5ynH/R5vJAzqVo2n7Dp2zPVGs3zSnHP7yui8ZZMDAy2UY5VAcyoh15JWco16bJgULwlX7gDq64jbi7UuHcsZN+9npvN1fXlmCyexa30ugkQV5hSUpCVhE7aNtanH0UmNpcmc43FzTlbcKtKlSdrTYZH5jSHq6HjHtMxOucivSv81Csp9eoUEhTufBXvBtyjOP6aJu3lemiHg/7FbXXULbqGEU77mnm4ONZmH3V/bC+ecdZIueKhh+Y+FXEucTh9/PM7ReoWbZzC9TSDSUnn/rCLOipbU/oeJ/N1evk/2T79FGxRaVnFgbemTdaYqRn5ENrxsNx21WxPHGdOxDZP4r92Ab03/1/l5hVrCBWP6YXjfU8sudIsOcWcyYSP/rMbvgI7+JlCIQCLCGzk4u2n4Pt97fimbgVVQ8Rk+TrO5x4X2QbTkaKzAE5dQrfGWWfnSYUKctJ3cuAT/LCHEbzhJiFpExjtUqzf3GrX25EQNGQYAS0XGOwOn/Kc1Xge+pKzjYZ81anhZnsKNZrCuRJnL+8fVyFJF2xznVa5lH4pQR0HjpWFCZ5HdGySL8V5IYF5vA+C6fpi5o7aFSteMv445lCzEknxivSREEyLUbcqb2lFSZQsifVuL2LZjWlk1MkcLKsBwGUFAwqpqIFXHGXoOwGEKRvnom7uxV4FY6R55opfjaO3yVmdM7NseXcea2y9FEOfoccyxHcmJ5aDo+hjG5bCPjk1dO1jAZEtq/gQ/SKy2oa6TRtgU6eu+ewQOwfoS6oUjWNApnA9JdYe/FU7f/4MsntxXxHXMK9PuXjrH1ReGPdCbVoeNcPtotRhm0NDpVTlGvn5AfwRc0UFDj9oTgTYI64FT7uuKDYHtZlUT5Dlc/89qNKy1qBHGnV4DDpYIe+l8Ffzb9AQM4xEruIXjaWZ+5peCAeloZi8ck1J+iK8OgcXlZBGuS2xYVen+NVInqUkl+D1v0u253gNjHB/3ss/RTEpz8QUffvU4etVJI+u69PwABJ3KJyUI9EIvIDjjcbYdcOrUIC/TaftPx5EZlRQv/ubXB5N0vSmXmPHHqo+bgAv+aQGuv1XTAabDoiTlMVirYtFUiezbtgauKPia5ADA54wrDkIugaR3kJ3qFhcik/1FtwVnbh7bqPJ6+pe79zsAKZS44BGUi7AQTNjk0diu0+Em3JWrMa9qgnAdHRU5bExics71JrjNc3Er5X6nH0oF9ftOzLE8DItF8WsycgveZOTAy9HHmTU+BS/OWu4nxs/CnkT6SvcBtU5eyfY5CJREwCPcjlQcgrkZIcRhSOkotP8lBj4ZybZlU15OW543cYYq2qvkogAG4m6LoFaQJblOMwAKGqc1HmtFGpRQyh4oG4k49r7RjRFhMjCxFxMNHutgwE/XEmRGbCGbSvMN5lcKEbvSuJEU4rpTgqkZyN9T0Uc85NQcrScJ0Hq9qa0SkDVcZhD/AC5m0ed8DYRT9DJU647d/rak4G0RvdXE8qI1ILSXLlb2rLjJtXiS0IGwU+8axnNk03WQrsyURx6cou7b/Sk53mRgEYEAvMFiRM1LQYRpCYNkpKQ13qkSuruScI5c9pLDgG3dE/VoFr7NLW37x2ETTc9Ve76eMteqifW/B8zMeixFFsAsYmt1h38VBwBYemmMOGmlQ35Kt+/wWo59pRqPPnEO5SJCxDm2nCTNmmiuG8xkkebSTMKRbxjQskOcCV990sxioyBeUq9IgDxzKFZlvnXgv+lo0T/c5+IvJjsGMCLJcoejwNaHsFnyTwdViOE0wv6hgQlK+VilAV00Ob+1MQh39SpZz77QD+0bfUI1b/5/4y54ufjJP0tI2lKo1cGgSJN+vXdbXstv4P9xV/wjx5uGP64aWY6b8w6IklcVizwN6OBD0/axVeiUTxqJ9ItVuVG74fu9fQVe9/ASBr2dbvx/w41f8Dhalua88zvWMSASoijurk0pdkfrPNeRWDaqMzlZ7Shps6iq7VlotEM5hp/+Wf5CPHOZYDupD54kfU+KvfY3BJtcSxOMwNAevm6nsAa9gqQR/VQgZBtpREWq3A7nZJj6oy/+hSDwx7KHiq788Wn25bFb2lkOwTrZEpINw48Plw9Et3Fq0fptMqx3CvqCl/DKRbAhKe1zjQdnJ8Nz8OLx9kCzOb90XgnvBc9Uqy5P8TA8jGsIi0f17DLCikL4P2yZDrAltgbyrp1eoiH4z7ZtBbnIufymav8Nkugqo2qRZHqBJiIyI9KA9rLjxY2pqq6DRIIiKjEqaIhuccgebvFZYyehazhoeKu2uHjGcOk1w5e3oWxoWsoLRX0jE1YD2mtoj8DXKlgOZFEWiWOXgR+K7lQrBKmyY8EOEuDz6iGvqTENOUx9cKGiCI1/eLunfso/TXm8pToHqtMax8LK/xS5Il6B1vm7o/hocVF383OCUr1wPc0toOiOtjdHbKN0LyWYMjh9++M8Bo0xjCSN+NsX3MJmJ/omOYB2hw9S0dKE+BmgjVTNq12vYzvXr9U2laut/u/3yuyET6nmnwFPTdPVFCLnjkOuVkZFUWqtC92nN5Aq02Wh2Uc4AfGwACdnG02WAyOiKkvIiiSdjJp1OSu9UW9A9UNjytxPLLz/zSVQR5p+MgVQV9Gu1k4gW2XWtCDqTa4eIqNDACTbYbO4aq1nKtVUG+f9/qrDiEC/KAK2ZwsBAnEzJK93e5GSfZZf8zFHUPYQpWCL35fA4qDXPk6sfQg1RYgdUTnlIomEo7/lopSVhaNx39j+VxTyaDcyITjRd1X7vqKAA4Fek7NKCFaFUweCiB/x2ZIED8m/FgINVHZidVT3weUM7DEk+NeHCSJiX6s9Ly68x9a9o1i9c8tuCxbaznXSpIduzQWZGEZ++MbEdE7eQCWmNW36AJcVO7052H+HHDcB4t1ckLlBT1nRY5bxhtbrJ9rIwlteJma3FA/P6Z7hNVc7AnBp3245nL8g4UxQijgQD9JIFFexon8YfeBWdZpuPKGsdvG46rTiUJb1Nvlxj/3BEViLWCW/Z0QYSm2/r/mZkX0rQ8+KwGu17foFC7REwuftOZ2m8JWL4vGLc9M3aIK+VcGCpGudmNA/2vMmxIPNPt/9lD6dFO7G5XWX/vSLTpRgeK2biv+fEgaual1glKWpo1wh5Ty2eikMbFzsnSrZ6PL0IyvuTPu/NsQdZ/0V0id4aWCp5OPfP2qCFlRfle5sEn8QZUl83nFCVbkksXiP4DKUYWIcMmtxhpTPJRNvaopuZXqd6zGPSPl2FzrRe60r2NJz9RoFeWeGNr19d/Law2+mY5YhYROUoTAGiQcFZI/qYJCuriWSTcBFEIdn0A4SOHxb43SBrLyuTHaSq1LOLuHARXAFPGo+UUEV7OGg6qCOjhq5UOc2AFgiB/TdF7WOzb3KrvDn/PTiMbddknp/yhaecyutrEZ7Er844rU3UMYdpapISq4XHY+sasIy/+fReQj/EDoqRxA1VyHlqC0MraDboXRz7lHYDMm2uRO2emBZyyNAWNDARClQZO8crPnVeATeQr5lDeo99wpRPVIpJwum+gkTy0zbIxi084UtTucbbNYkm8XMyML1QGUPaUF0nHTq+GQObwNee7WA3GSGQiyjHjDY4arwYjFTYftmyLR/jYDv49WA/yAXBbics3cGxMHcqSV5RV9Sj2BK2tOqYRvMd9LPclFiDTl8WHjhuK5nUU7h5qNYTm9XiqUTqE/FKxDyjjjBKpKEnnHcNO1kvUhwSdQ8u/FbpkQYY+R0gO7+DA9Los+X8iGenJJyJZHrtFfnsNSfMkWEQnnhB++H8a26mrCiC357gfS8B+Zuu5fsPoT9U+l2Arzt/zblszsSQDKEWL1HVkzFsuWyWHHeg3IfWF5qZzH6YDbFbyIoUigWVI/LaNadtol6ffzcBrFLBZIzdGSVsKNe8ksH3xgzuDLJXa/5pOKWMBb+QvGhZcN7dftvvis6+dKwXNpLB52E4lfqxxtShpkk2Td8tgA4pDrSgqew7pIzmvPQsgcY3uDfz8dzEIQTXmiTIf1CRF7gCdtfmB7IViSda/kIJk13HkXT3qagGcYOVIowkEkhhpvKFzw5St4CbppTSk1Fi10G3GkherH1aTrHrF236nSgY/kN20n//Q1MYQpub0CoCS3JCQ1RxqXe/aZJIANgcsgVcqDMj3bxOpnTDOb/J+L4v+2m9Qo5OSIPMzesZQ3h9+Et8m0UbwLsOapiuQO96NOvQxWlKOzUpdVCHCHim53TWcuoqjRaokAtvR3qq3n5glrqtAYoBTXmy4gspySRz+7ptPX0LiFcCSu4RVH6y5wKwej7UnjfAOiKWl1NwmdliKK8WGm1Td3hBPxwf5KRZM+OmEr/KN6+mlvDhjWOFuXzXvW0u5R7aGIGFbn4TB9hBhCYBgsMaXaUA==&u=U2FsdGVkX18HanORtl7j6B1cI1aL/7GSx3/BGzWty3H7WGui4pf6nMVCDpp5EBF5&y=U2FsdGVkX1/qEkP4CcrPudSHAGNOjnTkLWz5XjYC8Hk06mx5Z8Dkmdh7fwO6nc88 HTTP/1.1" 200 26
186.102.16.163 - - [30/Dec/2023:10:20:31 -0500] "GET /kwssiamovil/sm/acme/a?s=U2FsdGVkX1/tZUkp1Ma7tG9EEUcj8ZWneakmTG43MHXFuaj24VVgoE57/49A8Yuiv4rilURiC5yZ2ck5ZLPdVCwdlC82tYWLhponiE9Kac+cwb9MogxTsu9qTXo+3dfKtbRNwqVa8tGkXOEFbHB+Dy/6zs9DfqD5IKm63TP6i3w=&u=U2FsdGVkX18HanORtl7j6B1cI1aL/7GSx3/BGzWty3H7WGui4pf6nMVCDpp5EBF5&y=U2FsdGVkX1/qEkP4CcrPudSHAGNOjnTkLWz5XjYC8Hk06mx5Z8Dkmdh7fwO6nc88 HTTP/1.1" 200 26
186.102.16.163 - - [30/Dec/2023:10:20:31 -0500] "GET /kwssiamovil/sm/acme/a?s=U2FsdGVkX19MQqaNAm0fSeRwAKX5tFD2SR1/vcqvtYD+gim6tt72qNuoPSf1QdKuFP0ZUnIl6rv4BxPKx4JygevP7wqHnPSAvIY+kf+6G6o47kQMang8QO4t6upMaZlFtMsUOg7DgP+8moeGEtgxkovfdmLkpXmtINtjXAgiB8w=&u=U2FsdGVkX18HanORtl7j6B1cI1aL/7GSx3/BGzWty3H7WGui4pf6nMVCDpp5EBF5&y=U2FsdGVkX1/qEkP4CcrPudSHAGNOjnTkLWz5XjYC8Hk06mx5Z8Dkmdh7fwO6nc88 HTTP/1.1" 200 26
186.102.16.163 - - [30/Dec/2023:10:20:31 -0500] "GET /kwssiamovil/sm/acme/a?s=U2FsdGVkX1+8d0YEwpP3hKrlWfQcQiQ2zGaTtemD77qnk8xhnlC0NIof5Y90VPyVXCmwaeOICclhYD2vXSZein10EDIeHdmYBJDUtjsSYCSIJY/yv9IYk++HgbEZwNxD04YvZhskrXEWKbtSdHT1Jg9h5T1owgnmQMDq60Qo0wM=&u=U2FsdGVkX18HanORtl7j6B1cI1aL/7GSx3/BGzWty3H7WGui4pf6nMVCDpp5EBF5&y=U2FsdGVkX1/qEkP4CcrPudSHAGNOjnTkLWz5XjYC8Hk06mx5Z8Dkmdh7fwO6nc88 HTTP/1.1" 200 26
186.102.16.163 - - [30/Dec/2023:10:20:32 -0500] "GET /kwssiamovil/sm/acme/a?s=U2FsdGVkX1/ZHoH0K0MMUaXXbFNVV78DiNCKRsh4grgiw5cAqvegDTRCDYCg0ASzhLCKg6JtSfDDNjOvZXy+om/Zddps2tQcAuh68eesAwlopHWuGHe/K9+6dfQiTC9rTxeKM/8OM4H+p1NahLwt1gaYTGq92Wwy80Dbq3FgFMTwtCxih8k1JedW8T8zBorbQ0+VMP8NhBZt6ZqbDzx7tQ==&u=U2FsdGVkX18HanORtl7j6B1cI1aL/7GSx3/BGzWty3H7WGui4pf6nMVCDpp5EBF5&y=U2FsdGVkX1/qEkP4CcrPudSHAGNOjnTkLWz5XjYC8Hk06mx5Z8Dkmdh7fwO6nc88 HTTP/1.1" 200 26
186.102.16.163 - - [30/Dec/2023:10:20:32 -0500] "GET /kwssiamovil/sm/acme/a?s=U2FsdGVkX18YeSIOj7ikMNX1qqWDfRrsKicbjNF+YS3jI2ohf/JnaZaxFWkbW2ndfvG784oSGW+CN1s2W9+n1eVrcAiIYbXqQNvqxnA9ELxSzt14B0ClwGbO39YwRBt1SbQB5dKafjDfeF/w9tyCM9CNz5w7R8Qe44M83lYl9h6PHtKquprgrdKFCr2y5QKB+U9nfTXFY/5Thf4YKyTvrFuJ8oJ8IP2uPlkbVZ5epbAQ61Vx8ho5Df5vT8ZXbquEa5l5EOoYbDXXjBHRFuhZj75esPc8QndQ25nmW/NTLeBYKwoc3/jBGIxdqXNBRUp1nuwnm8fnMK/lL6kOcXLTXzzatmjpT0jObEJhNCKLLvbNKhslsha3mvELJjEV+2qJikAkEfEQeJExIIf+lYgIvyakZKkZZUL74ESpRHg+3AC7fyVFirPtyYfgsAaCCg/vqacOZGUI2cQo/C0z2KXavTE2pThR8/NH3LoeHKoCXDEcGIn5k96lpN8dlO7PsmnILliqfpojECU7oT2adbmzaet6+I5Zzeztg/t9hrIM39EF6SrtQTVgfe1wmt9kpger&u=U2FsdGVkX18HanORtl7j6B1cI1aL/7GSx3/BGzWty3H7WGui4pf6nMVCDpp5EBF5&y=U2FsdGVkX1/qEkP4CcrPudSHAGNOjnTkLWz5XjYC8Hk06mx5Z8Dkmdh7fwO6nc88 HTTP/1.1" 200 25
186.102.16.163 - - [30/Dec/2023:10:20:32 -0500] "GET /kwssiamovil/sm/acme/a?s=U2FsdGVkX1+o+Hjjdel0EF1sQMh3R6BbdR6ROkQIQdoUerJJLot8k43CYvdctKUoHB1AmWFTB6s4jXMYvnJckHVek7b8PIPD10CCWw/v4wAihJyvMYTp8DDjLZjjNyzdGmw3vl/cLFm6JGvEN90GOhk0ezsNK6cXSeyM0p4TyliNdH5NkQfkE85JxVV8vgXNRY2ZmsZ/xdy3U40hR2hYW8/o7a/tYYjXv/vsSntaj2Dp8+8QumP5CC2WmqOaf0sTmkz5EYElJGaa+qt+EKnCU8bcWSk0Aze9wHeCf6+QBEDOs3SzMv26jXaE1QKCnUDN4QsC/1P5/eua3hOHXBsLjvte6F1Obkxd8vLDmtJSeXe+VORHgHgqJn54zX8253irtkmnV20N+wsmmPtSaU7iXi1Uj34iykdI1L5vYV8ZFcKES0VzD2XF8UncKYV6s9sVBi+qkXCvtSBUfqcR7p8/t4joSYFvfaGYy/P58CXoeIw5/JH2iovMaIiEFkKpzvjzMZJZAknkZAWau5E3juANIw==&u=U2FsdGVkX18HanORtl7j6B1cI1aL/7GSx3/BGzWty3H7WGui4pf6nMVCDpp5EBF5&y=U2FsdGVkX1/qEkP4CcrPudSHAGNOjnTkLWz5XjYC8Hk06mx5Z8Dkmdh7fwO6nc88 HTTP/1.1" 200 26
156.59.198.135 - - [30/Dec/2023:10:20:40 -0500] "GET /BLA/resoluciones/AUTOS%202012/0655.pdf HTTP/1.0" 200 326089
186.28.78.245 - - [30/Dec/2023:10:20:50 -0500] "GET /appsia/controlador HTTP/1.1" 200 4799
186.28.78.245 - - [30/Dec/2023:10:20:50 -0500] "GET /appsia/css/estilos.css HTTP/1.1" 200 4804
186.28.78.245 - - [30/Dec/2023:10:20:50 -0500] "GET /appsia/scripts/validarIngreso.js HTTP/1.1" 200 851
186.28.78.245 - - [30/Dec/2023:10:20:51 -0500] "GET /appsia/images/cabezoteHojaVida.png HTTP/1.1" 200 32493
186.28.78.245 - - [30/Dec/2023:10:20:51 -0500] "GET /appsia/images/logo_bogota_p.png HTTP/1.1" 200 14951
186.28.78.245 - - [30/Dec/2023:10:20:51 -0500] "GET /favicon.ico HTTP/1.1" 200 7782
216.245.221.92 - - [30/Dec/2023:10:21:02 -0500] "HEAD / HTTP/1.1" 200 -
186.28.78.245 - - [30/Dec/2023:10:21:03 -0500] "POST /appsia/controlador HTTP/1.1" 200 4621
156.59.198.136 - - [30/Dec/2023:10:21:04 -0500] "GET /BLA/resoluciones/RESOLUCIONES%202007/RES%202007%203401%20AL%203500/RESOLUCION%203480%20DE%202007.pdf HTTP/1.0" 200 542920
186.28.78.245 - - [30/Dec/2023:10:21:09 -0500] "POST /appsia/controlador HTTP/1.1" 200 8668
186.28.78.245 - - [30/Dec/2023:10:21:09 -0500] "GET /appsia/images/logo_escudo.png HTTP/1.1" 200 36965
186.28.78.245 - - [30/Dec/2023:10:21:19 -0500] "POST /appsia/controlador HTTP/1.1" 200 4621
156.59.198.136 - - [30/Dec/2023:10:21:28 -0500] "GET /BLA/resoluciones/AUTOS%202012/2185.pdf HTTP/1.0" 200 2213106
199.16.157.183 - - [30/Dec/2023:10:21:37 -0500] "GET /distrito-realiza-las-primeras-vasectomias-a-palomas-de-plaza.html HTTP/1.1" 200 958
199.16.157.181 - - [30/Dec/2023:10:21:38 -0500] "GET /images/imagen-palomas_optimized.jpg HTTP/1.1" 200 184069
156.59.198.136 - - [30/Dec/2023:10:21:54 -0500] "GET /BLA/resoluciones/AUTOS%202012/2194.pdf HTTP/1.0" 200 564045
156.59.198.136 - - [30/Dec/2023:10:22:17 -0500] "GET /BLA/resoluciones/AUTOS%202013/0486.pdf HTTP/1.0" 200 1630941
156.59.198.135 - - [30/Dec/2023:10:22:41 -0500] "GET /BLA/resoluciones/RESOLUCIONES%202007/RES%202007%202701%20AL%202800/RESOLUCION%202790%20DE%202007.pdf HTTP/1.0" 200 952921
156.59.198.136 - - [30/Dec/2023:10:23:05 -0500] "GET /BLA/resoluciones/AUTOS%202013/0685.pdf HTTP/1.0" 200 4716264
186.169.245.215 - - [30/Dec/2023:10:23:11 -0500] "GET /sipse/faces/faces/faces/index.xhtml HTTP/1.1" 200 677
186.169.245.215 - - [30/Dec/2023:10:23:11 -0500] "GET /sipse/faces/javax.faces.resource/theme.css?ln=primefaces-sipse HTTP/1.1" 304 -
186.169.245.215 - - [30/Dec/2023:10:23:13 -0500] "GET /sipse/faces/faces/index.xhtml HTTP/1.1" 200 677
186.169.245.215 - - [30/Dec/2023:10:23:13 -0500] "GET /sipse/faces/javax.faces.resource/theme.css?ln=primefaces-sipse HTTP/1.1" 304 -
186.169.245.215 - - [30/Dec/2023:10:23:20 -0500] "GET /sipse/faces/presentacion/financiero/solicitudProceso/consultarSolicitudProceso.xhtml HTTP/1.1" 302 -
186.169.245.215 - - [30/Dec/2023:10:23:20 -0500] "GET /sipse/faces/autenticacion.xhtml HTTP/1.1" 200 12415
186.169.245.215 - - [30/Dec/2023:10:23:21 -0500] "GET /sipse/faces/index.xhtml HTTP/1.1" 200 677
186.169.245.215 - - [30/Dec/2023:10:23:21 -0500] "GET /sipse/faces/javax.faces.resource/theme.css?ln=primefaces-sipse HTTP/1.1" 304 -
186.169.245.215 - - [30/Dec/2023:10:23:21 -0500] "GET /sipse/faces/javax.faces.resource/theme.css?ln=primefaces-sipse HTTP/1.1" 304 -
186.102.15.94 - - [30/Dec/2023:10:23:24 -0500] "OPTIONS /kwssiamovil/sm/setfile/f? HTTP/1.1" 200 13
186.102.15.94 - - [30/Dec/2023:10:23:24 -0500] "POST /kwssiamovil/sm/setfile/f? HTTP/1.1" 200 381
156.59.198.135 - - [30/Dec/2023:10:23:30 -0500] "GET /BLA/resoluciones/AUTOS%202012/0698.pdf HTTP/1.0" 200 238527
186.102.15.94 - - [30/Dec/2023:10:23:38 -0500] "GET /kwssiamovil/sm/acme/a?s=U2FsdGVkX18fqAVq6NsSMWb1lnApRWfuoIlJYBcAiGABZZGFU6Rhmle0jWoOYgd5yRW2N7ZpkPi0bWX4SPPHw3IIfgBX52lbYsJtNOCf70s0ZDBCvStBZfm6HqutiXZXWjxkLXp5WL/5G2khTzSx9nusQBwvAG0GKA3ReM00Gw7yn2RvvdbUh/Md9cSrgL0MCyZ3WdrVfzP0zmsVjUN2C9Wdy/76CVqJuhkV0lPqaxn1x32ZaMq7qsGPV4sKA6uJ3iJFrGdGQ+ng8Nh5l3zxxg==&u=U2FsdGVkX1+RFA18yJP8bIktq4eJPVGahAlSyEt+0L/yYqFa+9cfVJAfPzojw0ov&y=U2FsdGVkX1+S8qJE7uHOVurEjWFfFwULvTwmFyhWvJwGBUbuQpJp3oeULfyqToAW HTTP/1.1" 200 26
186.102.15.94 - - [30/Dec/2023:10:23:38 -0500] "GET /kwssiamovil/sm/acme/a?s=U2FsdGVkX1+iAK3AnvD7O5urDfY73I539mcIDhUv43gNThPwMIgLZosZvQOyULszuLY4/6nxMQUiz/ZrBhR8VrJjQNEDyBo0cDHyltcPdjir0Int22yrJQea+ocZj8ium95xLARR9C0mQNmo+XOaX9hKPDHvRmJFuXri6IXHUJaM4k2Lc4irl90r8tpwg9xSEyU9ppAtuLDvymX13+CNYmq5hLoJ8O8mcdFxCefFDVrwB/Ej5ubYJyi+seZ0vRfoRsAnE7LCPlyWDNfbiviVEHpTPUuYEP0BvIgMOfiZV69UtCy1I54otCIiyrOJFIgNyFz6ZliuYm7Bi/VSsyD2Pca+WETCINiwWDzXz/dlgEC0bZ2hRNWjP3FbGTR5wkr5K9U6aVorQ1gxkA2uC/XDEfStVNDGL+0nVGBG5VWItx2kVSGEpfa0SGcywbGzJ649NLdHdOlc2vOb0EqsrY0Use7PyLYqRZjwScykbXeuxX96/EQpgdKOUzFqGE8f24i5sc04DOMLae9aJq3D9L09OUZyhycknbEGuVoRmoSzkpBojE56I6q2oRvFEp0fUExYqRpDwvTSiP8cLFAbQ5Kc8fABYa1wOytcaPD8uF263qniVrfL32kN8WC/YUuv+f0qUZAJsPsZt9oGdP50HvbteqvewpeCZ76UdgDw+04TqZW7Crfn/tkdFpaMTd6fr+AJfOF77xDEn6x7HVK6ynr5Y7j7ttBDPZ8FH0bLzM9H2byWBb3YaqDcMQ6Wbt6BRKPaiWgtpnEgMUBOmfPj/i/JvnYWrTeVXt/e0N8zSCQ0LGOOVvcGHPN8ea4KjM5WcHdBMdWfYe1fItIB7R/E7d2PPdHbUO6LSlVOwq3VjZN/aiTVdTQbQrL5FfmsvSbbEke9uwRzFB9wdv2ETRA6a0pDgE/jQzr7BK0UPg8+vuNoaGYxrEhWy1cFIZOG5PdwgS6W/7CwxYolMuN30wkxgXX9OxhgLFb88Srhmo6lX9KLkJ0naTVgLoxYGghd/UamSsHZ1uQ8IqvzPUqDaiQRSUlcHQj70iRSsyBaS4664XysXr0QpQwkqNs1VkEIjds9ntiF4LBN7I0+175gjkvQBSs2lcgbvaXxRZJuTm8xy20bWyQWw85xlvZ/Tqbkd/QcPFMxhQJRb9ghPRFS1TeGPidRXGVyQw1UV+6mtcW02LugwdtQWMxdZsxWJFe3QHlSekIplIruqX7FeXlOMQ2O552k/bD/pKhaagy6eunhg2AzrACBfIbBKjrUgY//JdL3hYPw44JlBIgVr4GLkSCUR1CL1MBpeu39Mwl85YHkpk8axzXgXSXsGGkA89QItjBkzc9FSQcmqkhxz3EfsY8SwqSQullYvJTmXpMWTjq7f8eaKYoWWmPUbMuQn7dxBNC/6XmzELGIFp085TBSysOqyjKm8TqFzDMv78kTaEoO8QdnIge4PLgDWfrOWRtqGDA2UF9zO9t7PpVn6BqNNeaB04hE9Q3c1WUiYnq+lywIbaastEURZz6by57G00W1gaSOtnVMUbEStbxLvWw2mqD8w4gURMCFdAc5s2F23pcXQbnYJQuVOtypQc5pYXl+O3uuOHvSDoa4zZ5wF4YZmTtBBUPam9fEtAnEpBw4awuteAiRsyZAmi3xOgUlv3gujuYxN5JjOOLQuOwwCxzPmacLbamDXuehzabfpcwfsxrhJegPjMGYiMjshaJyIwaZt8bbcdIunZDkjPVCzxrloeC9qgBg8CRJF7CullQVdb4Y1LmEnss=&u=U2FsdGVkX1+RFA18yJP8bIktq4eJPVGahAlSyEt+0L/yYqFa+9cfVJAfPzojw0ov&y=U2FsdGVkX1+S8qJE7uHOVurEjWFfFwULvTwmFyhWvJwGBUbuQpJp3oeULfyqToAW HTTP/1.1" 200 26
186.102.15.94 - - [30/Dec/2023:10:23:39 -0500] "GET /kwssiamovil/sm/acme/a?s=U2FsdGVkX194Xfn8C39BEtiUj0MwhAJe5ven3q48BUKozydVP63sKmAnxDrPbe5pSk3LiN0CN7vr8TRSzhXAvttrbR0twawybEIYUxKQnWbct8E2PAvZdmANXAS1mDRfRM0q5u04wxTxWIqEvCcWWsj1G4T4vX9sVFLtwm3tnQg=&u=U2FsdGVkX1+RFA18yJP8bIktq4eJPVGahAlSyEt+0L/yYqFa+9cfVJAfPzojw0ov&y=U2FsdGVkX1+S8qJE7uHOVurEjWFfFwULvTwmFyhWvJwGBUbuQpJp3oeULfyqToAW HTTP/1.1" 200 26
186.102.15.94 - - [30/Dec/2023:10:23:39 -0500] "GET /kwssiamovil/sm/acme/a?s=U2FsdGVkX1+BBWQn6MNzsRD/kFezlRGUFanwM8Pb9E7py5qypM0iA9IP71uMSfpfi9bTlBQ1uOAAq/9yEnVqFraEsFXlWuClVqPzszuHii0wUSw47GLed1byyptrN0w1nVEvgN1Dlf6SFnCmUvcsIqkzQcAVPx7uGv6kbTagB1I=&u=U2FsdGVkX1+RFA18yJP8bIktq4eJPVGahAlSyEt+0L/yYqFa+9cfVJAfPzojw0ov&y=U2FsdGVkX1+S8qJE7uHOVurEjWFfFwULvTwmFyhWvJwGBUbuQpJp3oeULfyqToAW HTTP/1.1" 200 26
186.102.15.94 - - [30/Dec/2023:10:23:39 -0500] "GET /kwssiamovil/sm/acme/a?s=U2FsdGVkX192lUyokPB5dzqbyWWieNuBwJOz6Jpl4lPM+Cnx6qZO24Wm95rXIwMdGMVrrvG0GzlU/hkq6An1Tqb3sd6r18bndfVFf6EDVFurcB/t/LsM145tdLJ6T/urxgCo1yUqWi77YgrldqOTXVxqaGE9s4m+Ksejr8nTCbU=&u=U2FsdGVkX1+RFA18yJP8bIktq4eJPVGahAlSyEt+0L/yYqFa+9cfVJAfPzojw0ov&y=U2FsdGVkX1+S8qJE7uHOVurEjWFfFwULvTwmFyhWvJwGBUbuQpJp3oeULfyqToAW HTTP/1.1" 200 26
186.102.15.94 - - [30/Dec/2023:10:23:40 -0500] "GET /kwssiamovil/sm/acme/a?s=U2FsdGVkX19MNFiyrosPyXM+76nxKaCHZ/Ww2rb/50faV1fKHcdy61R6GaPOFaoJRfepg3lrU+qJHbEQnONRvx+bXPTBt9cWZN6ixzfHFiL+qDc3NL1Pu5wsOiOy0l7XV6iBqkiPEFO7dPhh7wMCckUplSaQ1HaxLfoCzpZTcupnvt2AFtxxWgS+BTWfUQ73ApUkkYhmBmW+XoVJGnwGyg==&u=U2FsdGVkX1+RFA18yJP8bIktq4eJPVGahAlSyEt+0L/yYqFa+9cfVJAfPzojw0ov&y=U2FsdGVkX1+S8qJE7uHOVurEjWFfFwULvTwmFyhWvJwGBUbuQpJp3oeULfyqToAW HTTP/1.1" 200 26
186.102.15.94 - - [30/Dec/2023:10:23:41 -0500] "GET /kwssiamovil/sm/acme/a?s=U2FsdGVkX18qAWjpuqw0FWMKm6cHxd5kCax2ZReChI2Rh0vKC5U1vnuSlfXn+AQuf6EwIMug7tt6Y1NZbB/Dl3CcQ8iFzRQlai0cFPszOCDO0ffxnEYGUVdtPE9FHneGRUQorJXJ0aQ73EP1UxMafpUDwjZ43KG1c6DlQRek/iv1vOYidhoKyxnL+aw+dSG6NSciJwl/w88tb3imVDH/LWgVkO3p+vXQ2t3DEC2D/tnh3AEHYj2C0f3zlazWBiFIMfPY3JEArg7ckhcQLTPkYu3+Ybze7aBbv3j47lYHXcHObwlNVbW/NnlwU8LqNQ49/thSGpsvr2W3kH5IXUloL72Pw7l1AnZTB3MF+eotNF8Ra/b67/PGqgqlMm7cloSaEpat3atOVCkZHuA7+FB1GJHOmighT00euoTJH8gOh3A0NrOLWD/H9JmXF4IBRe2METjsvgi2bdtkfKlsU+iRuoq8hpoNEfXtCtMwYynhQXo=&u=U2FsdGVkX1+RFA18yJP8bIktq4eJPVGahAlSyEt+0L/yYqFa+9cfVJAfPzojw0ov&y=U2FsdGVkX1+S8qJE7uHOVurEjWFfFwULvTwmFyhWvJwGBUbuQpJp3oeULfyqToAW HTTP/1.1" 200 25
186.102.15.94 - - [30/Dec/2023:10:23:41 -0500] "GET /kwssiamovil/sm/acme/a?s=U2FsdGVkX1/zHyDYk7x7zq0VPOrZUwq4BMktApUfo6aWeY677Ry5e3ld9OehaLjYU4Z8YGq77RRpRJHfONN79nYqxutw8UZU2ZcYkO2/AhcO2ySnbe5YpNAJ27QJ/QG9ZbD3OWMNyo5Zu0OFjmRHN3NGsi77ZwOo05pIvFDktNXqE3/DKDs+R891dyJYr3pnSrFrfx1kZV9qk7kS26NGBlYe4e/tikO9AEOx96RWa868kWJbAUrrA/0BkA0nS2aMOO3NSj7ZzGWUwbC9HqSrIsO9DVMWvG6tJ22ARFNDLkekqjV5WcTEy+5SFbOtdvW+cZ1/3kOSubCBnj2vhe8HBsUJ8ap8JTVxM5MPtXHR+x4Ffqr8R/2w8PqgSKrWPaTd5q3IqG9Llse+/gPHAQWKuC+wCXXNNZA71gWYQCaNSvWyRhqDY4E5BcG17mBZKFPBNF8WnbeofyPuzXozrqEnow==&u=U2FsdGVkX1+RFA18yJP8bIktq4eJPVGahAlSyEt+0L/yYqFa+9cfVJAfPzojw0ov&y=U2FsdGVkX1+S8qJE7uHOVurEjWFfFwULvTwmFyhWvJwGBUbuQpJp3oeULfyqToAW HTTP/1.1" 200 26
172.22.2.4 - - [30/Dec/2023:10:22:07 -0500] "HEAD /BLA/boletinlegal/ HTTP/1.1" 200 -
156.59.198.135 - - [30/Dec/2023:10:23:54 -0500] "GET /BLA/resoluciones/AUTOS%202013/0887.pdf HTTP/1.0" 200 1794899
156.59.198.135 - - [30/Dec/2023:10:24:20 -0500] "GET /BLA/resoluciones/AUTOS%202012/0917.pdf HTTP/1.0" 200 177270
201.245.192.253 - - [30/Dec/2023:10:24:32 -0500] "POST /kwsrmcab/Wsrmcab  HTTP/1.1" 200 36178
172.22.2.4 - - [30/Dec/2023:10:22:58 -0500] "GET /BLA/boletinlegal/ HTTP/1.1" 200 58969
156.59.198.136 - - [30/Dec/2023:10:24:44 -0500] "GET /BLA/resoluciones/AUTOS%202012/0407.pdf HTTP/1.0" 200 273651
156.59.198.135 - - [30/Dec/2023:10:25:08 -0500] "GET /BLA/resoluciones/AUTOS%202013/0281.pdf HTTP/1.0" 200 5169122
156.59.198.136 - - [30/Dec/2023:10:25:32 -0500] "GET /BLA/resoluciones/RESOLUCIONES%202020/1763.pdf HTTP/1.0" 200 323446
40.77.167.67 - - [30/Dec/2023:10:25:42 -0500] "GET /sipse/faces/faces/autenticacion.xhtml HTTP/1.1" 200 12737
201.245.192.253 - - [30/Dec/2023:10:25:48 -0500] "POST /kwsrmcab/Wsrmcab HTTP/1.1" 200 35292
201.245.192.253 - - [30/Dec/2023:10:25:50 -0500] "POST /kwsrmcab/Wsrmcab HTTP/1.1" 200 37048
156.59.198.136 - - [30/Dec/2023:10:25:56 -0500] "GET /BLA/resoluciones/AUTOS%202012/0960.pdf HTTP/1.0" 200 172922
216.245.221.92 - - [30/Dec/2023:10:26:02 -0500] "HEAD / HTTP/1.1" 200 -
52.167.144.137 - - [30/Dec/2023:10:26:19 -0500] "GET /humedal-salitre-reverdece-con-mas-de-90-nuevos-arboles.html HTTP/1.1" 200 888
156.59.198.136 - - [30/Dec/2023:10:26:20 -0500] "GET /BLA/resoluciones/AUTOS%202012/0856.pdf HTTP/1.0" 200 483808
156.59.198.136 - - [30/Dec/2023:10:26:44 -0500] "GET /BLA/resoluciones/RESOLUCIONES%202005/RESOLUCION%201275%20DE%202005.PDF HTTP/1.0" 200 1628129
156.59.198.136 - - [30/Dec/2023:10:27:08 -0500] "GET /BLA/resoluciones/RESOLUCIONES%202007/RES%202007%202601%20AL%202700/RESOLUCION%202656%20DE%202007.pdf HTTP/1.0" 200 911196
156.59.198.135 - - [30/Dec/2023:10:27:32 -0500] "GET /BLA/resoluciones/AUTOS%202012/1655.pdf HTTP/1.0" 200 895079
156.59.198.135 - - [30/Dec/2023:10:27:58 -0500] "GET /BLA/resoluciones/AUTOS%202012/0093.pdf HTTP/1.0" 200 206635
156.59.198.135 - - [30/Dec/2023:10:28:22 -0500] "GET /BLA/resoluciones/RESOLUCIONES%202020/1149.pdf HTTP/1.0" 200 353144
156.59.198.136 - - [30/Dec/2023:10:28:46 -0500] "GET /BLA/resoluciones/RESOLUCIONES%202007/RES%202007%201301%20AL%201400/RESOLUCION%201359%20DE%202007.pdf HTTP/1.0" 200 359835
192.99.44.57 - - [30/Dec/2023:10:28:47 -0500] "GET /parque-distrital-ecologico-de-montana-cerro-seco-tiene-su-plan-de-manejo-ambiental-que-le-asegura-la-conservacion.html HTTP/1.1" 200 839
156.59.198.136 - - [30/Dec/2023:10:29:11 -0500] "GET /BLA/resoluciones/RESOLUCIONES%202007/RES%202007%204101%20AL%204200/RESOLUCION%204191%20DE%202007.pdf HTTP/1.0" 200 229426
201.245.192.253 - - [30/Dec/2023:10:29:30 -0500] "POST /kwsrmcab/Wsrmcab  HTTP/1.1" 200 36178
205.210.31.52 - - [30/Dec/2023:10:29:34 -0500] "GET / HTTP/1.1" 200 319
156.59.198.136 - - [30/Dec/2023:10:29:35 -0500] "GET /BLA/resoluciones/AUTOS%202013/0843.pdf HTTP/1.0" 200 228738
172.22.2.4 - - [30/Dec/2023:10:27:57 -0500] "HEAD /BLA/boletinlegal/ HTTP/1.1" 200 -
66.249.66.21 - - [30/Dec/2023:10:29:46 -0500] "GET /BLA/resoluciones/RESOLUCIONES%202010/3113.pdf HTTP/1.1" 200 539623
201.245.192.253 - - [30/Dec/2023:10:29:52 -0500] "POST /kwsrmcab/Wsrmcab HTTP/1.1" 200 35292
66.249.66.19 - - [30/Dec/2023:10:29:56 -0500] "GET /BLA/resoluciones/RESOLUCIONES%202007/RES%202007%202101%20AL%202200/RESOLUCION%202148%20DE%202007.pdf HTTP/1.1" 200 181076
201.245.192.253 - - [30/Dec/2023:10:29:57 -0500] "POST /kwsrmcab/Wsrmcab HTTP/1.1" 200 37048
156.59.198.136 - - [30/Dec/2023:10:29:59 -0500] "GET /BLA/resoluciones/RESOLUCIONES%202007/RES%202007%203401%20AL%203500/RESOLUCION%203441%20DE%202007.pdf HTTP/1.0" 200 271474
66.249.66.19 - - [30/Dec/2023:10:30:01 -0500] "GET /BLA/resoluciones/RESOLUCIONES%202011/2544.pdf HTTP/1.1" 200 720463
156.59.198.136 - - [30/Dec/2023:10:30:23 -0500] "GET /BLA/resoluciones/AUTOS%202012/2237.pdf HTTP/1.0" 200 643323
172.22.2.4 - - [30/Dec/2023:10:28:48 -0500] "GET /BLA/boletinlegal/ HTTP/1.1" 200 60502
156.59.198.135 - - [30/Dec/2023:10:30:47 -0500] "GET /BLA/resoluciones/AUTOS%202012/0732.pdf HTTP/1.0" 200 159255
216.245.221.92 - - [30/Dec/2023:10:31:02 -0500] "HEAD / HTTP/1.1" 200 -
156.59.198.135 - - [30/Dec/2023:10:31:12 -0500] "GET /BLA/resoluciones/RESOLUCIONES%202007/RES%202007%202601%20AL%202700/RESOLUCION%202698%20DE%202007.pdf HTTP/1.0" 200 262998
156.59.198.136 - - [30/Dec/2023:10:31:36 -0500] "GET /BLA/resoluciones/AUTOS%202012/2223.pdf HTTP/1.0" 200 1973906
156.59.198.136 - - [30/Dec/2023:10:32:01 -0500] "GET /BLA/resoluciones/AUTOS%202012/0433.pdf HTTP/1.0" 200 419164
156.59.198.135 - - [30/Dec/2023:10:32:25 -0500] "GET /BLA/resoluciones/RESOLUCIONES%202020/1402.pdf HTTP/1.0" 200 330912
156.59.198.135 - - [30/Dec/2023:10:32:50 -0500] "GET /BLA/resoluciones/AUTOS%202012/1661.pdf HTTP/1.0" 200 330349
156.59.198.136 - - [30/Dec/2023:10:33:15 -0500] "GET /BLA/resoluciones/AUTOS%202013/0414.pdf HTTP/1.0" 200 2131789
156.59.198.136 - - [30/Dec/2023:10:33:39 -0500] "GET /BLA/resoluciones/RESOLUCIONES%202007/RES%202007%202701%20AL%202800/RESOLUCION%202728%20DE%202007.pdf HTTP/1.0" 200 416251
191.156.181.214 - - [30/Dec/2023:10:33:42 -0500] "GET /parque-distrital-ecologico-de-montana-cerro-seco-tiene-su-plan-de-manejo-ambiental-que-le-asegura-la-conservacion.html HTTP/1.1" 200 839
156.59.198.135 - - [30/Dec/2023:10:34:04 -0500] "GET /BLA/resoluciones/AUTOS%202013/0624.pdf HTTP/1.0" 200 1996313
156.59.198.135 - - [30/Dec/2023:10:34:28 -0500] "GET /BLA/resoluciones/RESOLUCIONES%202007/RES%202007%203401%20AL%203500/RESOLUCION%203458%20DE%202007.pdf HTTP/1.0" 200 251566
201.245.192.253 - - [30/Dec/2023:10:34:30 -0500] "POST /kwsrmcab/Wsrmcab  HTTP/1.1" 200 36178
156.59.198.136 - - [30/Dec/2023:10:34:52 -0500] "GET /BLA/resoluciones/RESOLUCIONES%202007/RES%202007%201301%20AL%201400/RESOLUCION%201356%20DE%202007.pdf HTTP/1.0" 200 58330
156.59.198.135 - - [30/Dec/2023:10:35:17 -0500] "GET /BLA/resoluciones/AUTOS%202013/1163.pdf HTTP/1.0" 200 758428
172.22.2.4 - - [30/Dec/2023:10:33:47 -0500] "HEAD /BLA/boletinlegal/ HTTP/1.1" 200 -
156.59.198.135 - - [30/Dec/2023:10:35:41 -0500] "GET /BLA/resoluciones/AUTOS%202013/0920.pdf HTTP/1.0" 200 2236492
201.245.192.253 - - [30/Dec/2023:10:35:47 -0500] "POST /kwsrmcab/Wsrmcab HTTP/1.1" 200 35292
201.245.192.253 - - [30/Dec/2023:10:35:50 -0500] "POST /kwsrmcab/Wsrmcab HTTP/1.1" 200 37048
216.245.221.92 - - [30/Dec/2023:10:36:02 -0500] "HEAD / HTTP/1.1" 200 -
156.59.198.136 - - [30/Dec/2023:10:36:05 -0500] "GET /BLA/resoluciones/AUTOS%202012/0448.pdf HTTP/1.0" 200 230962
172.22.2.4 - - [30/Dec/2023:10:34:38 -0500] "GET /BLA/boletinlegal/ HTTP/1.1" 200 58172
156.59.198.135 - - [30/Dec/2023:10:36:29 -0500] "GET /BLA/resoluciones/RESOLUCIONES%202020/2025.pdf HTTP/1.0" 200 363032
173.252.111.5 - - [30/Dec/2023:10:36:37 -0500] "GET /images/presentaci\xc3\xb3n%20convenci\xc3\xb3n.jpg HTTP/1.1" 404 1034
156.59.198.135 - - [30/Dec/2023:10:36:54 -0500] "GET /BLA/resoluciones/RESOLUCIONES%202020/2562.pdf HTTP/1.0" 200 435193
156.59.198.135 - - [30/Dec/2023:10:37:18 -0500] "GET /BLA/resoluciones/AUTOS%202013/0383.pdf HTTP/1.0" 200 2471229
156.59.198.136 - - [30/Dec/2023:10:37:42 -0500] "GET /BLA/resoluciones/AUTOS%202012/2088.pdf HTTP/1.0" 200 694227
156.59.198.135 - - [30/Dec/2023:10:38:08 -0500] "GET /BLA/resoluciones/RESOLUCIONES%202020/1457.pdf HTTP/1.0" 200 385187
156.59.198.136 - - [30/Dec/2023:10:38:33 -0500] "GET /BLA/resoluciones/RESOLUCIONES%202007/RES%202007%202701%20AL%202800/RESOLUCION%202753%20DE%202007.pdf HTTP/1.0" 200 405725
156.59.198.136 - - [30/Dec/2023:10:38:57 -0500] "GET /BLA/resoluciones/RESOLUCIONES%202007/RES%202007%203401%20AL%203500/RESOLUCION%203430%20DE%202007.pdf HTTP/1.0" 200 779976
156.59.198.135 - - [30/Dec/2023:10:39:22 -0500] "GET /BLA/resoluciones/AUTOS%202013/0890.pdf HTTP/1.0" 200 1862812
201.245.192.253 - - [30/Dec/2023:10:39:28 -0500] "POST /kwsrmcab/Wsrmcab  HTTP/1.1" 200 36178
156.59.198.135 - - [30/Dec/2023:10:39:46 -0500] "GET /BLA/resoluciones/AUTOS%202012/0966.pdf HTTP/1.0" 200 379921
201.245.192.253 - - [30/Dec/2023:10:39:52 -0500] "POST /kwsrmcab/Wsrmcab HTTP/1.1" 200 35292
201.245.192.253 - - [30/Dec/2023:10:39:56 -0500] "POST /kwsrmcab/Wsrmcab HTTP/1.1" 200 37048
40.94.88.59 - - [30/Dec/2023:10:40:02 -0500] "GET /appsia/controlador HTTP/1.1" 200 4799
40.94.88.59 - - [30/Dec/2023:10:40:02 -0500] "GET /appsia/css/estilos.css HTTP/1.1" 200 4804
40.94.88.80 - - [30/Dec/2023:10:40:02 -0500] "GET /appsia/scripts/validarIngreso.js HTTP/1.1" 200 851
40.94.88.62 - - [30/Dec/2023:10:40:02 -0500] "GET /appsia/images/logo_bogota_p.png HTTP/1.1" 200 14951
40.94.88.49 - - [30/Dec/2023:10:40:02 -0500] "GET /appsia/images/cabezoteHojaVida.png HTTP/1.1" 200 32493
40.94.88.49 - - [30/Dec/2023:10:40:06 -0500] "GET /favicon.ico HTTP/1.1" 200 7782
156.59.198.136 - - [30/Dec/2023:10:40:11 -0500] "GET /BLA/resoluciones/Notificaciones/REGISTROS%202022/1213.pdf HTTP/1.0" 200 412889
66.249.66.21 - - [30/Dec/2023:10:40:33 -0500] "GET /BLA/resoluciones/RESOLUCIONES%202008/2836.pdf HTTP/1.1" 200 255474
156.59.198.136 - - [30/Dec/2023:10:40:36 -0500] "GET /BLA/resoluciones/AUTOS%202012/1125.pdf HTTP/1.0" 200 178902
172.22.2.4 - - [30/Dec/2023:10:40:45 -0500] "GET /BLA/boletinlegal/robots.txt HTTP/1.1" 404 1037
172.22.2.4 - - [30/Dec/2023:10:40:45 -0500] "GET /BLA/boletinlegal/robots.txt HTTP/1.1" 404 1037
156.59.198.136 - - [30/Dec/2023:10:41:01 -0500] "GET /BLA/resoluciones/RESOLUCIONES%202020/1289.pdf HTTP/1.0" 200 462802
216.245.221.92 - - [30/Dec/2023:10:41:02 -0500] "HEAD / HTTP/1.1" 200 -
172.22.2.4 - - [30/Dec/2023:10:39:37 -0500] "HEAD /BLA/boletinlegal/ HTTP/1.1" 200 -
156.59.198.135 - - [30/Dec/2023:10:41:25 -0500] "GET /BLA/resoluciones/AUTOS%202013/1266.pdf HTTP/1.0" 200 1687190
156.59.198.135 - - [30/Dec/2023:10:41:49 -0500] "GET /BLA/resoluciones/RESOLUCIONES%202020/1758.pdf HTTP/1.0" 200 514375
172.22.2.4 - - [30/Dec/2023:10:40:28 -0500] "GET /BLA/boletinlegal/ HTTP/1.1" 200 51383
156.59.198.136 - - [30/Dec/2023:10:42:14 -0500] "GET /BLA/resoluciones/AUTOS%202013/0376.pdf HTTP/1.0" 200 1564305
172.22.2.4 - - [30/Dec/2023:10:40:53 -0500] "GET /BLA/boletinlegal/ HTTP/1.1" 200 54031
156.59.198.136 - - [30/Dec/2023:10:42:39 -0500] "GET /BLA/resoluciones/AUTOS%202013/1312.pdf HTTP/1.0" 200 831811
172.22.2.4 - - [30/Dec/2023:10:42:49 -0500] "GET /BLA/boletinlegal/js/jquery.scrollShow.js HTTP/1.1" 200 4586
172.22.2.4 - - [30/Dec/2023:10:42:49 -0500] "GET /BLA/boletinlegal/js/jquery.scrollTo-min.js HTTP/1.1" 200 1150
172.22.2.4 - - [30/Dec/2023:10:42:49 -0500] "GET /BLA/boletinlegal/styles2.css HTTP/1.1" 200 1838
172.22.2.4 - - [30/Dec/2023:10:42:53 -0500] "GET /BLA/boletinlegal/style.css HTTP/1.1" 200 9406
172.22.2.4 - - [30/Dec/2023:10:42:54 -0500] "GET /BLA/boletinlegal/js/jquery.js HTTP/1.1" 200 57254
156.59.198.135 - - [30/Dec/2023:10:43:03 -0500] "GET /BLA/resoluciones/AUTOS%202012/0944.pdf HTTP/1.0" 200 174589
156.59.198.135 - - [30/Dec/2023:10:43:28 -0500] "GET /BLA/resoluciones/RESOLUCIONES%202007/RES%202007%201301%20AL%201400/RESOLUCION%201347%20DE%202007.pdf HTTP/1.0" 200 26143
156.59.198.136 - - [30/Dec/2023:10:43:51 -0500] "GET /BLA/resoluciones/AUTOS%202013/0690.pdf HTTP/1.0" 200 1049777
156.59.198.136 - - [30/Dec/2023:10:44:16 -0500] "GET /BLA/resoluciones/AUTOS%202012/1287.pdf HTTP/1.0" 200 1956062
173.252.107.120 - - [30/Dec/2023:10:44:17 -0500] "GET /parque-distrital-ecologico-de-montana-cerro-seco-tiene-su-plan-de-manejo-ambiental-que-le-asegura-la-conservacion.html HTTP/1.1" 206 839
173.252.107.4 - - [30/Dec/2023:10:44:17 -0500] "GET /parque-distrital-ecologico-de-montana-cerro-seco-tiene-su-plan-de-manejo-ambiental-que-le-asegura-la-conservacion.html HTTP/1.1" 206 839
173.252.107.119 - - [30/Dec/2023:10:44:17 -0500] "GET /parque-distrital-ecologico-de-montana-cerro-seco-tiene-su-plan-de-manejo-ambiental-que-le-asegura-la-conservacion.html HTTP/1.1" 200 839
173.252.107.2 - - [30/Dec/2023:10:44:17 -0500] "GET /parque-distrital-ecologico-de-montana-cerro-seco-tiene-su-plan-de-manejo-ambiental-que-le-asegura-la-conservacion.html HTTP/1.1" 200 839
201.245.192.253 - - [30/Dec/2023:10:44:27 -0500] "POST /kwsrmcab/Wsrmcab  HTTP/1.1" 200 36178
156.59.198.135 - - [30/Dec/2023:10:44:40 -0500] "GET /BLA/resoluciones/AUTOS%202013/0762.pdf HTTP/1.0" 200 1599862
156.59.198.135 - - [30/Dec/2023:10:45:06 -0500] "GET /BLA/resoluciones/AUTOS%202012/1643.pdf HTTP/1.0" 200 501521
66.249.66.20 - - [30/Dec/2023:10:45:23 -0500] "GET /resoluciones/RESOLUCIONES%202010/2017.pdf HTTP/1.1" 404 1018
66.249.66.20 - - [30/Dec/2023:10:45:23 -0500] "GET /robots.txt HTTP/1.1" 404 1018
156.59.198.136 - - [30/Dec/2023:10:45:29 -0500] "GET /BLA/resoluciones/AUTOS%202013/1351.pdf HTTP/1.0" 200 2242089
156.59.198.135 - - [30/Dec/2023:10:45:54 -0500] "GET /BLA/resoluciones/AUTOS%202012/0305.pdf HTTP/1.0" 200 243161
216.245.221.92 - - [30/Dec/2023:10:46:02 -0500] "HEAD / HTTP/1.1" 200 -
156.59.198.135 - - [30/Dec/2023:10:46:17 -0500] "GET /BLA/resoluciones/RESOLUCIONES%202020/2961.pdf HTTP/1.0" 200 375019
172.22.2.4 - - [30/Dec/2023:10:45:34 -0500] "GET /BLA/boletinlegal/ HTTP/1.1" 200 32715
66.249.66.21 - - [30/Dec/2023:10:46:27 -0500] "GET /BLA/resoluciones/RESOLUCIONES%202009/9804.pdf HTTP/1.1" 200 550225
199.16.157.181 - - [30/Dec/2023:10:46:33 -0500] "GET /images/Aves%20SDA.jpeg HTTP/1.1" 200 75104
156.59.198.135 - - [30/Dec/2023:10:46:42 -0500] "GET /BLA/resoluciones/AUTOS%202012/0533.pdf HTTP/1.0" 200 697006
66.249.66.19 - - [30/Dec/2023:10:46:45 -0500] "GET /BLA/resoluciones/AUTOS%202011/3183.pdf HTTP/1.1" 200 225765
156.59.198.136 - - [30/Dec/2023:10:47:06 -0500] "GET /BLA/resoluciones/AUTOS%202013/0733.pdf HTTP/1.0" 200 1084921
172.22.2.4 - - [30/Dec/2023:10:45:27 -0500] "HEAD /BLA/boletinlegal/ HTTP/1.1" 200 -
156.59.198.135 - - [30/Dec/2023:10:47:30 -0500] "GET /BLA/resoluciones/RESOLUCIONES%202007/RES%202007%202701%20AL%202800/RESOLUCION%202724%20DE%202007.pdf HTTP/1.0" 200 373529
156.59.198.136 - - [30/Dec/2023:10:47:55 -0500] "GET /BLA/resoluciones/AUTOS%202013/0150.pdf HTTP/1.0" 200 1900853
172.22.2.4 - - [30/Dec/2023:10:46:18 -0500] "GET /BLA/boletinlegal/ HTTP/1.1" 200 58567
156.59.198.136 - - [30/Dec/2023:10:48:19 -0500] "GET /BLA/resoluciones/RESOLUCIONES%202020/2473.pdf HTTP/1.0" 200 349413
200.118.16.147 - - [30/Dec/2023:10:48:21 -0500] "GET /sipse/faces/presentacion/financiero/solicitudProceso/consultarSolicitudProceso.xhtml HTTP/1.1" 302 -
200.118.16.147 - - [30/Dec/2023:10:48:21 -0500] "GET /sipse/faces/autenticacion.xhtml HTTP/1.1" 200 12415
200.118.16.147 - - [30/Dec/2023:10:48:21 -0500] "GET /sipse/js/disable_browser_buttons.js HTTP/1.1" 304 -
200.118.16.147 - - [30/Dec/2023:10:48:21 -0500] "GET /sipse/js/funciones.js HTTP/1.1" 304 -
200.118.16.147 - - [30/Dec/2023:10:48:21 -0500] "GET /sipse/css/custom_css_sg.css HTTP/1.1" 304 -
200.118.16.147 - - [30/Dec/2023:10:48:21 -0500] "GET /sipse/faces/javax.faces.resource/theme.css?ln=primefaces-sipse HTTP/1.1" 304 -
200.118.16.147 - - [30/Dec/2023:10:48:21 -0500] "GET /sipse/css/custom_css_sg_prime_login.css HTTP/1.1" 304 -
200.118.16.147 - - [30/Dec/2023:10:48:21 -0500] "GET /sipse/faces/javax.faces.resource/layout/layout.css?ln=primefaces&v=4.0 HTTP/1.1" 304 -
200.118.16.147 - - [30/Dec/2023:10:48:21 -0500] "GET /sipse/faces/javax.faces.resource/primefaces.css?ln=primefaces&v=4.0 HTTP/1.1" 304 -
200.118.16.147 - - [30/Dec/2023:10:48:21 -0500] "GET /sipse/faces/javax.faces.resource/jquery/jquery.js?ln=primefaces&v=4.0 HTTP/1.1" 304 -
200.118.16.147 - - [30/Dec/2023:10:48:21 -0500] "GET /sipse/faces/javax.faces.resource/jquery/jquery-plugins.js?ln=primefaces&v=4.0 HTTP/1.1" 304 -
200.118.16.147 - - [30/Dec/2023:10:48:21 -0500] "GET /sipse/faces/javax.faces.resource/primefaces.js?ln=primefaces&v=4.0 HTTP/1.1" 304 -
200.118.16.147 - - [30/Dec/2023:10:48:21 -0500] "GET /sipse/faces/javax.faces.resource/layout/layout.js?ln=primefaces&v=4.0 HTTP/1.1" 304 -
200.118.16.147 - - [30/Dec/2023:10:48:21 -0500] "GET /sipse/css/imagen/logoSDG.png HTTP/1.1" 304 -
200.118.16.147 - - [30/Dec/2023:10:48:21 -0500] "GET /sipse/css/imagen/loginimg.png HTTP/1.1" 304 -
200.118.16.147 - - [30/Dec/2023:10:48:21 -0500] "GET /sipse/faces/javax.faces.resource/images/ui-icons_898989_256x240.png?ln=primefaces-aristo HTTP/1.1" 304 -
200.118.16.147 - - [30/Dec/2023:10:48:21 -0500] "GET /sipse/faces/index.xhtml HTTP/1.1" 200 677
200.118.16.147 - - [30/Dec/2023:10:48:21 -0500] "GET /sipse/faces/javax.faces.resource/theme.css?ln=primefaces-sipse HTTP/1.1" 304 -
200.118.16.147 - - [30/Dec/2023:10:48:21 -0500] "GET /sipse/faces/faces/autenticacion.xhtml HTTP/1.1" 200 12415
200.118.16.147 - - [30/Dec/2023:10:48:21 -0500] "GET /sipse/faces/javax.faces.resource/primefaces.css?ln=primefaces&v=4.0 HTTP/1.1" 304 -
200.118.16.147 - - [30/Dec/2023:10:48:21 -0500] "GET /sipse/faces/javax.faces.resource/layout/layout.css?ln=primefaces&v=4.0 HTTP/1.1" 304 -
200.118.16.147 - - [30/Dec/2023:10:48:21 -0500] "GET /sipse/faces/javax.faces.resource/primefaces.js?ln=primefaces&v=4.0 HTTP/1.1" 304 -
200.118.16.147 - - [30/Dec/2023:10:48:21 -0500] "GET /sipse/faces/javax.faces.resource/jquery/jquery.js?ln=primefaces&v=4.0 HTTP/1.1" 304 -
200.118.16.147 - - [30/Dec/2023:10:48:21 -0500] "GET /sipse/faces/javax.faces.resource/theme.css?ln=primefaces-sipse HTTP/1.1" 304 -
200.118.16.147 - - [30/Dec/2023:10:48:21 -0500] "GET /sipse/faces/javax.faces.resource/jquery/jquery-plugins.js?ln=primefaces&v=4.0 HTTP/1.1" 304 -
200.118.16.147 - - [30/Dec/2023:10:48:21 -0500] "GET /sipse/faces/javax.faces.resource/layout/layout.js?ln=primefaces&v=4.0 HTTP/1.1" 304 -
200.118.16.147 - - [30/Dec/2023:10:48:27 -0500] "POST /sipse/faces/autenticacion.xhtml HTTP/1.1" 200 2246
200.118.16.147 - - [30/Dec/2023:10:48:27 -0500] "GET /sipse/faces/javax.faces.resource/messages/messages.png?ln=primefaces&v=4.0 HTTP/1.1" 304 -
200.118.16.147 - - [30/Dec/2023:10:48:31 -0500] "POST /sipse/faces/autenticacion.xhtml HTTP/1.1" 200 2250
156.59.198.136 - - [30/Dec/2023:10:48:42 -0500] "GET /BLA/resoluciones/RESOLUCIONES%202007/RES%202007%202601%20AL%202700/RESOLUCION%202609%20DE%202007.pdf HTTP/1.0" 200 883489
200.118.16.147 - - [30/Dec/2023:10:48:51 -0500] "GET /sipse/faces/index.xhtml HTTP/1.1" 200 677
200.118.16.147 - - [30/Dec/2023:10:48:51 -0500] "GET /sipse/faces/javax.faces.resource/theme.css?ln=primefaces-sipse HTTP/1.1" 304 -
200.118.16.147 - - [30/Dec/2023:10:48:51 -0500] "GET /sipse/faces/faces/autenticacion.xhtml HTTP/1.1" 200 12422
200.118.16.147 - - [30/Dec/2023:10:48:51 -0500] "GET /sipse/faces/javax.faces.resource/primefaces.css?ln=primefaces&v=4.0 HTTP/1.1" 304 -
200.118.16.147 - - [30/Dec/2023:10:48:51 -0500] "GET /sipse/faces/javax.faces.resource/theme.css?ln=primefaces-sipse HTTP/1.1" 304 -
200.118.16.147 - - [30/Dec/2023:10:48:51 -0500] "GET /sipse/faces/javax.faces.resource/jquery/jquery.js?ln=primefaces&v=4.0 HTTP/1.1" 304 -
200.118.16.147 - - [30/Dec/2023:10:48:51 -0500] "GET /sipse/faces/javax.faces.resource/layout/layout.css?ln=primefaces&v=4.0 HTTP/1.1" 304 -
200.118.16.147 - - [30/Dec/2023:10:48:51 -0500] "GET /sipse/faces/javax.faces.resource/primefaces.js?ln=primefaces&v=4.0 HTTP/1.1" 304 -
200.118.16.147 - - [30/Dec/2023:10:48:51 -0500] "GET /sipse/faces/javax.faces.resource/jquery/jquery-plugins.js?ln=primefaces&v=4.0 HTTP/1.1" 304 -
200.118.16.147 - - [30/Dec/2023:10:48:51 -0500] "GET /sipse/faces/javax.faces.resource/layout/layout.js?ln=primefaces&v=4.0 HTTP/1.1" 304 -
200.118.16.147 - - [30/Dec/2023:10:48:52 -0500] "GET /sipse/faces/javax.faces.resource/images/ui-icons_898989_256x240.png?ln=primefaces-aristo HTTP/1.1" 304 -
200.118.16.147 - - [30/Dec/2023:10:48:56 -0500] "POST /sipse/faces/autenticacion.xhtml HTTP/1.1" 200 2246
200.118.16.147 - - [30/Dec/2023:10:48:56 -0500] "GET /sipse/faces/javax.faces.resource/messages/messages.png?ln=primefaces&v=4.0 HTTP/1.1" 304 -
200.118.16.147 - - [30/Dec/2023:10:49:04 -0500] "POST /sipse/faces/autenticacion.xhtml HTTP/1.1" 200 2187
200.118.16.147 - - [30/Dec/2023:10:49:04 -0500] "POST /sipse/faces/autenticacion.xhtml HTTP/1.1" 200 2187
200.118.16.147 - - [30/Dec/2023:10:49:05 -0500] "POST /sipse/faces/autenticacion.xhtml HTTP/1.1" 200 2191
200.118.16.147 - - [30/Dec/2023:10:49:05 -0500] "POST /sipse/faces/autenticacion.xhtml HTTP/1.1" 200 2187
200.118.16.147 - - [30/Dec/2023:10:49:05 -0500] "POST /sipse/faces/autenticacion.xhtml HTTP/1.1" 200 2191
156.59.198.135 - - [30/Dec/2023:10:49:07 -0500] "GET /BLA/resoluciones/AUTOS%202013/1027.pdf HTTP/1.0" 200 1391793
200.118.16.147 - - [30/Dec/2023:10:49:11 -0500] "POST /sipse/faces/autenticacion.xhtml HTTP/1.1" 200 2228
190.0.243.76 - - [30/Dec/2023:10:49:01 -0500] "GET /BLA/resoluciones/index.php?dir=AUTOS+2018%2F HTTP/1.1" 200 469056
200.118.16.147 - - [30/Dec/2023:10:49:16 -0500] "POST /sipse/faces/autenticacion.xhtml HTTP/1.1" 200 16464
200.118.16.147 - - [30/Dec/2023:10:49:17 -0500] "GET /sipse/css/custom_css_sg_prime.css HTTP/1.1" 304 -
200.118.16.147 - - [30/Dec/2023:10:49:17 -0500] "GET /sipse/faces/javax.faces.resource/layout/layout.css?ln=primefaces&v=4.0 HTTP/1.1" 304 -
200.118.16.147 - - [30/Dec/2023:10:49:17 -0500] "GET /sipse/faces/javax.faces.resource/primefaces.css?ln=primefaces&v=4.0 HTTP/1.1" 304 -
200.118.16.147 - - [30/Dec/2023:10:49:17 -0500] "GET /sipse/faces/javax.faces.resource/theme.css?ln=primefaces-sipse HTTP/1.1" 304 -
200.118.16.147 - - [30/Dec/2023:10:49:17 -0500] "GET /sipse/js/jquery.min.js HTTP/1.1" 304 -
200.118.16.147 - - [30/Dec/2023:10:49:17 -0500] "GET /sipse/faces/javax.faces.resource/jquery/jquery.js?ln=primefaces&v=4.0 HTTP/1.1" 304 -
200.118.16.147 - - [30/Dec/2023:10:49:17 -0500] "GET /sipse/faces/javax.faces.resource/jquery/jquery-plugins.js?ln=primefaces&v=4.0 HTTP/1.1" 304 -
200.118.16.147 - - [30/Dec/2023:10:49:17 -0500] "GET /sipse/faces/javax.faces.resource/primefaces.js?ln=primefaces&v=4.0 HTTP/1.1" 304 -
200.118.16.147 - - [30/Dec/2023:10:49:17 -0500] "GET /sipse/faces/javax.faces.resource/layout/layout.js?ln=primefaces&v=4.0 HTTP/1.1" 304 -
200.118.16.147 - - [30/Dec/2023:10:49:17 -0500] "GET /sipse/css/v_mergente.css HTTP/1.1" 304 -
200.118.16.147 - - [30/Dec/2023:10:49:17 -0500] "GET /sipse/css/imagen/contrasena.png HTTP/1.1" 404 383
200.118.16.147 - - [30/Dec/2023:10:49:17 -0500] "GET /sipse/imagenes/logoAplicacion.jpg HTTP/1.1" 304 -
200.118.16.147 - - [30/Dec/2023:10:49:17 -0500] "GET /sipse/imagenes/cargando.gif HTTP/1.1" 304 -
200.118.16.147 - - [30/Dec/2023:10:49:19 -0500] "GET /sipse/faces/javax.faces.resource/images/ui-bg_flat_0_2d5972_40x100.png?ln=primefaces-aristo HTTP/1.1" 304 -
200.118.16.147 - - [30/Dec/2023:10:49:19 -0500] "POST /sipse/faces/bienvenido.xhtml HTTP/1.1" 200 2073
200.118.16.147 - - [30/Dec/2023:10:49:20 -0500] "POST /sipse/faces/bienvenido.xhtml HTTP/1.1" 200 39103
200.118.16.147 - - [30/Dec/2023:10:49:20 -0500] "GET /sipse/faces/javax.faces.resource/theme.css?ln=primefaces-sipse HTTP/1.1" 304 -
200.118.16.147 - - [30/Dec/2023:10:49:20 -0500] "GET /sipse/faces/javax.faces.resource/primefaces.css?ln=primefaces&v=4.0 HTTP/1.1" 304 -
200.118.16.147 - - [30/Dec/2023:10:49:20 -0500] "GET /sipse/faces/javax.faces.resource/layout/layout.css?ln=primefaces&v=4.0 HTTP/1.1" 304 -
200.118.16.147 - - [30/Dec/2023:10:49:20 -0500] "GET /sipse/faces/javax.faces.resource/jquery/jquery.js?ln=primefaces&v=4.0 HTTP/1.1" 304 -
200.118.16.147 - - [30/Dec/2023:10:49:20 -0500] "GET /sipse/faces/javax.faces.resource/jquery/jquery-plugins.js?ln=primefaces&v=4.0 HTTP/1.1" 304 -
200.118.16.147 - - [30/Dec/2023:10:49:20 -0500] "GET /sipse/faces/javax.faces.resource/primefaces.js?ln=primefaces&v=4.0 HTTP/1.1" 304 -
200.118.16.147 - - [30/Dec/2023:10:49:20 -0500] "GET /sipse/faces/javax.faces.resource/layout/layout.js?ln=primefaces&v=4.0 HTTP/1.1" 304 -
201.245.192.253 - - [30/Dec/2023:10:49:25 -0500] "POST /kwsrmcab/Wsrmcab  HTTP/1.1" 200 36178
156.59.198.135 - - [30/Dec/2023:10:49:31 -0500] "GET /BLA/resoluciones/AUTOS%202013/0308.pdf HTTP/1.0" 200 2583311
200.118.16.147 - - [30/Dec/2023:10:49:42 -0500] "POST /sipse/faces/presentacion/financiero/solicitudProceso/consultar.xhtml HTTP/1.1" 200 12878
156.59.198.135 - - [30/Dec/2023:10:49:57 -0500] "GET /BLA/resoluciones/RESOLUCIONES%202007/RES%202007%202601%20AL%202700/RESOLUCION%202695%20DE%202007.pdf HTTP/1.0" 200 177896
200.118.16.147 - - [30/Dec/2023:10:50:11 -0500] "POST /sipse/faces/presentacion/financiero/solicitudProceso/consultar.xhtml HTTP/1.1" 200 12843
200.118.16.147 - - [30/Dec/2023:10:50:13 -0500] "POST /sipse/faces/presentacion/financiero/solicitudProceso/consultar.xhtml HTTP/1.1" 200 158428
200.118.16.147 - - [30/Dec/2023:10:50:14 -0500] "GET /sipse/faces/javax.faces.resource/theme.css?ln=primefaces-sipse HTTP/1.1" 304 -
200.118.16.147 - - [30/Dec/2023:10:50:14 -0500] "GET /sipse/faces/javax.faces.resource/primefaces.css?ln=primefaces&v=4.0 HTTP/1.1" 304 -
200.118.16.147 - - [30/Dec/2023:10:50:14 -0500] "GET /sipse/faces/javax.faces.resource/layout/layout.css?ln=primefaces&v=4.0 HTTP/1.1" 304 -
200.118.16.147 - - [30/Dec/2023:10:50:14 -0500] "GET /sipse/faces/javax.faces.resource/jquery/jquery.js?ln=primefaces&v=4.0 HTTP/1.1" 304 -
200.118.16.147 - - [30/Dec/2023:10:50:14 -0500] "GET /sipse/faces/javax.faces.resource/jquery/jquery-plugins.js?ln=primefaces&v=4.0 HTTP/1.1" 304 -
200.118.16.147 - - [30/Dec/2023:10:50:14 -0500] "GET /sipse/faces/javax.faces.resource/primefaces.js?ln=primefaces&v=4.0 HTTP/1.1" 304 -
200.118.16.147 - - [30/Dec/2023:10:50:14 -0500] "GET /sipse/faces/javax.faces.resource/layout/layout.js?ln=primefaces&v=4.0 HTTP/1.1" 304 -
156.59.198.135 - - [30/Dec/2023:10:50:20 -0500] "GET /BLA/resoluciones/RESOLUCIONES%202007/RES%202007%202601%20AL%202700/RESOLUCION%202630%20DE%202007.pdf HTTP/1.0" 200 154733
200.118.16.147 - - [30/Dec/2023:10:50:21 -0500] "POST /sipse/faces/presentacion/financiero/solicitudProceso/consultarSolicitudProceso.xhtml HTTP/1.1" 200 86541
190.60.36.2 - - [30/Dec/2023:10:50:40 -0500] "GET /sipse/faces/index.xhtml HTTP/1.1" 200 677
190.60.36.2 - - [30/Dec/2023:10:50:40 -0500] "GET /sipse/faces/javax.faces.resource/theme.css?ln=primefaces-sipse HTTP/1.1" 304 -
190.60.36.2 - - [30/Dec/2023:10:50:40 -0500] "GET /sipse/faces/faces/autenticacion.xhtml HTTP/1.1" 200 12415
190.60.36.2 - - [30/Dec/2023:10:50:40 -0500] "GET /sipse/js/disable_browser_buttons.js HTTP/1.1" 304 -
190.60.36.2 - - [30/Dec/2023:10:50:40 -0500] "GET /sipse/js/funciones.js HTTP/1.1" 304 -
190.60.36.2 - - [30/Dec/2023:10:50:40 -0500] "GET /sipse/css/custom_css_sg.css HTTP/1.1" 304 -
190.60.36.2 - - [30/Dec/2023:10:50:40 -0500] "GET /sipse/css/custom_css_sg_prime_login.css HTTP/1.1" 304 -
190.60.36.2 - - [30/Dec/2023:10:50:40 -0500] "GET /sipse/faces/javax.faces.resource/theme.css?ln=primefaces-sipse HTTP/1.1" 304 -
190.60.36.2 - - [30/Dec/2023:10:50:40 -0500] "GET /sipse/faces/javax.faces.resource/primefaces.css?ln=primefaces&v=4.0 HTTP/1.1" 304 -
190.60.36.2 - - [30/Dec/2023:10:50:40 -0500] "GET /sipse/faces/javax.faces.resource/layout/layout.css?ln=primefaces&v=4.0 HTTP/1.1" 304 -
190.60.36.2 - - [30/Dec/2023:10:50:40 -0500] "GET /sipse/faces/javax.faces.resource/jquery/jquery.js?ln=primefaces&v=4.0 HTTP/1.1" 304 -
190.60.36.2 - - [30/Dec/2023:10:50:40 -0500] "GET /sipse/faces/javax.faces.resource/jquery/jquery-plugins.js?ln=primefaces&v=4.0 HTTP/1.1" 304 -
190.60.36.2 - - [30/Dec/2023:10:50:40 -0500] "GET /sipse/faces/javax.faces.resource/primefaces.js?ln=primefaces&v=4.0 HTTP/1.1" 304 -
190.60.36.2 - - [30/Dec/2023:10:50:40 -0500] "GET /sipse/faces/javax.faces.resource/layout/layout.js?ln=primefaces&v=4.0 HTTP/1.1" 304 -
190.60.36.2 - - [30/Dec/2023:10:50:40 -0500] "GET /sipse/css/imagen/logoSDG.png HTTP/1.1" 304 -
190.60.36.2 - - [30/Dec/2023:10:50:40 -0500] "GET /sipse/css/imagen/loginimg.png HTTP/1.1" 304 -
190.60.36.2 - - [30/Dec/2023:10:50:40 -0500] "GET /sipse/faces/javax.faces.resource/images/ui-icons_898989_256x240.png?ln=primefaces-aristo HTTP/1.1" 304 -
190.60.36.2 - - [30/Dec/2023:10:50:42 -0500] "POST /sipse/faces/autenticacion.xhtml HTTP/1.1" 200 11436
190.60.36.2 - - [30/Dec/2023:10:50:42 -0500] "GET /sipse/css/custom_css_sg_prime.css HTTP/1.1" 304 -
