190.146.110.33 - - [30/Dec/2023:08:37:05 -0500] "POST /sipse/faces/presentacion/financiero/solicitudProceso/consultarSolicitudProceso.xhtml HTTP/1.1" 200 66410
190.146.110.33 - - [30/Dec/2023:08:37:06 -0500] "GET /sipse/faces/javax.faces.resource/layout/layout.js?ln=primefaces&v=4.0 HTTP/1.1" 304 -
190.146.110.33 - - [30/Dec/2023:08:37:06 -0500] "POST /sipse/faces/presentacion/financiero/solicitudProceso/listarSolicitudProceso.xhtml HTTP/1.1" 200 1564
190.146.110.33 - - [30/Dec/2023:08:37:07 -0500] "POST /sipse/faces/presentacion/financiero/solicitudProceso/listarSolicitudProceso.xhtml HTTP/1.1" 200 1556
156.59.198.136 - - [30/Dec/2023:08:37:17 -0500] "GET /BLA/resoluciones/AUTOS%202013/1282.pdf HTTP/1.0" 200 1619026
156.59.198.135 - - [30/Dec/2023:08:37:41 -0500] "GET /BLA/resoluciones/AUTOS%202013/0408.pdf HTTP/1.0" 200 902005
156.59.198.135 - - [30/Dec/2023:08:38:05 -0500] "GET /BLA/resoluciones/RESOLUCIONES%202006/0182.pdf HTTP/1.0" 200 41172
156.59.198.135 - - [30/Dec/2023:08:38:29 -0500] "GET /BLA/resoluciones/RESOLUCIONES%202020/0484.pdf HTTP/1.0" 200 562412
52.167.144.184 - - [30/Dec/2023:08:38:43 -0500] "GET /BLA/resoluciones/Notificaciones/REGISTROS%202020/0658.pdf HTTP/1.1" 200 280991
172.22.2.4 - - [30/Dec/2023:08:37:05 -0500] "HEAD /BLA/boletinlegal/ HTTP/1.1" 200 -
156.59.198.135 - - [30/Dec/2023:08:38:53 -0500] "GET /BLA/resoluciones/AUTOS%202013/0451.pdf HTTP/1.0" 200 1987451
201.245.192.253 - - [30/Dec/2023:08:39:00 -0500] "POST /sipse/faces/presentacion/financiero/solicitudProceso/consultarSolicitudProceso.xhtml HTTP/1.1" 200 44427
201.245.192.253 - - [30/Dec/2023:08:39:00 -0500] "GET /sipse/faces/javax.faces.resource/theme.css?ln=primefaces-sipse HTTP/1.1" 304 -
201.245.192.253 - - [30/Dec/2023:08:39:00 -0500] "GET /sipse/faces/javax.faces.resource/primefaces.css?ln=primefaces&v=4.0 HTTP/1.1" 304 -
201.245.192.253 - - [30/Dec/2023:08:39:00 -0500] "GET /sipse/faces/javax.faces.resource/jquery/jquery.js?ln=primefaces&v=4.0 HTTP/1.1" 304 -
201.245.192.253 - - [30/Dec/2023:08:39:00 -0500] "GET /sipse/faces/javax.faces.resource/jquery/jquery-plugins.js?ln=primefaces&v=4.0 HTTP/1.1" 304 -
201.245.192.253 - - [30/Dec/2023:08:39:00 -0500] "GET /sipse/faces/javax.faces.resource/layout/layout.css?ln=primefaces&v=4.0 HTTP/1.1" 304 -
201.245.192.253 - - [30/Dec/2023:08:39:00 -0500] "GET /sipse/faces/javax.faces.resource/primefaces.js?ln=primefaces&v=4.0 HTTP/1.1" 304 -
201.245.192.253 - - [30/Dec/2023:08:39:00 -0500] "GET /sipse/faces/javax.faces.resource/layout/layout.js?ln=primefaces&v=4.0 HTTP/1.1" 304 -
156.59.198.136 - - [30/Dec/2023:08:39:18 -0500] "GET /BLA/resoluciones/AUTOS%202013/1112.pdf HTTP/1.0" 200 673456
172.22.2.4 - - [30/Dec/2023:08:37:56 -0500] "GET /BLA/boletinlegal/ HTTP/1.1" 200 60502
156.59.198.135 - - [30/Dec/2023:08:39:43 -0500] "GET /BLA/resoluciones/AUTOS%202012/0544.pdf HTTP/1.0" 200 278269
201.245.192.253 - - [30/Dec/2023:08:39:53 -0500] "POST /kwsrmcab/Wsrmcab HTTP/1.1" 200 36503
201.245.192.253 - - [30/Dec/2023:08:39:57 -0500] "POST /kwsrmcab/Wsrmcab HTTP/1.1" 200 36809
201.245.192.253 - - [30/Dec/2023:08:40:02 -0500] "POST /kwsrmcab/Wsrmcab  HTTP/1.1" 200 36178
156.59.198.135 - - [30/Dec/2023:08:40:06 -0500] "GET /BLA/resoluciones/AUTOS%202013/0325.pdf HTTP/1.0" 200 2510757
156.59.198.136 - - [30/Dec/2023:08:40:30 -0500] "GET /BLA/resoluciones/RESOLUCIONES%202007/RES%202007%203401%20AL%203500/RESOLUCION%203463%20DE%202007.pdf HTTP/1.0" 200 281457
156.59.198.135 - - [30/Dec/2023:08:40:54 -0500] "GET /BLA/resoluciones/AUTOS%202012/1854.pdf HTTP/1.0" 200 263051
216.245.221.92 - - [30/Dec/2023:08:41:02 -0500] "HEAD / HTTP/1.1" 200 -
66.249.65.5 - - [30/Dec/2023:08:41:17 -0500] "GET /distrito-planto-mas-de-300-arboles-en-corredor-vial-de-la-aurora-en-usme-para-celebrar-el-dia-mundial-del-arbol.html HTTP/1.1" 200 1023
172.22.2.4 - - [30/Dec/2023:08:41:18 -0500] "GET /BLA/boletinlegal/images/screen_1.png HTTP/1.1" 200 202547
172.22.2.4 - - [30/Dec/2023:08:41:19 -0500] "GET /BLA/boletinlegal/actos.php HTTP/1.1" 200 9648
172.22.2.4 - - [30/Dec/2023:08:41:19 -0500] "GET /BLA/boletinlegal/favicon.ico HTTP/1.1" 404 1326
156.59.198.136 - - [30/Dec/2023:08:41:20 -0500] "GET /BLA/resoluciones/RESOLUCIONES%202006/RESOLUCION%202650%20DE%202006.PDF HTTP/1.0" 200 65118
172.22.2.4 - - [30/Dec/2023:08:41:25 -0500] "GET /BLA/boletinlegal/images/screen_2.png HTTP/1.1" 200 362502
172.22.2.4 - - [30/Dec/2023:08:41:25 -0500] "GET /BLA/boletinlegal/images/screen_3.png HTTP/1.1" 200 210620
172.22.2.4 - - [30/Dec/2023:08:41:25 -0500] "GET /BLA/boletinlegal/images/screen_5.png HTTP/1.1" 200 368876
190.144.145.130 - - [30/Dec/2023:08:41:28 -0500] "GET /las-tres-caminatas-para-cerrar-el-ano-entre-la-naturaleza.html HTTP/1.1" 200 776
172.22.2.4 - - [30/Dec/2023:08:41:41 -0500] "GET /BLA/boletinlegal/consulta_actos.php?tipo=resoluciones&no=1627&usuario=&sector=&fecha=2019&resuelve= HTTP/1.1" 200 1069
156.59.198.136 - - [30/Dec/2023:08:41:44 -0500] "GET /BLA/resoluciones/RESOLUCIONES%202020/0819.pdf HTTP/1.0" 200 339840
190.144.145.130 - - [30/Dec/2023:08:41:49 -0500] "GET /las-tres-caminatas-para-cerrar-el-ano-entre-la-naturaleza.html HTTP/1.1" 200 776
156.59.198.136 - - [30/Dec/2023:08:42:09 -0500] "GET /BLA/resoluciones/AUTOS%202016/2847.pdf HTTP/1.0" 200 378322
156.59.198.135 - - [30/Dec/2023:08:42:33 -0500] "GET /BLA/resoluciones/AUTOS%202012/0131.pdf HTTP/1.0" 200 304939
201.245.192.253 - - [30/Dec/2023:08:42:55 -0500] "POST /sipse/faces/presentacion/financiero/solicitudProceso/consultar.xhtml HTTP/1.1" 200 193
201.245.192.253 - - [30/Dec/2023:08:42:55 -0500] "GET /sipse/faces/presentacion/financiero/solicitudAnulacion/consultarSolicitudAnulacion.xhtml HTTP/1.1" 200 34161
201.245.192.253 - - [30/Dec/2023:08:42:55 -0500] "GET /sipse/faces/javax.faces.resource/theme.css?ln=primefaces-sipse HTTP/1.1" 304 -
201.245.192.253 - - [30/Dec/2023:08:42:55 -0500] "GET /sipse/faces/javax.faces.resource/layout/layout.js?ln=primefaces&v=4.0 HTTP/1.1" 304 -
201.245.192.253 - - [30/Dec/2023:08:42:55 -0500] "GET /sipse/faces/javax.faces.resource/primefaces.css?ln=primefaces&v=4.0 HTTP/1.1" 304 -
201.245.192.253 - - [30/Dec/2023:08:42:55 -0500] "GET /sipse/faces/javax.faces.resource/primefaces.js?ln=primefaces&v=4.0 HTTP/1.1" 304 -
201.245.192.253 - - [30/Dec/2023:08:42:55 -0500] "GET /sipse/faces/javax.faces.resource/jquery/jquery.js?ln=primefaces&v=4.0 HTTP/1.1" 304 -
201.245.192.253 - - [30/Dec/2023:08:42:55 -0500] "GET /sipse/faces/javax.faces.resource/jquery/jquery-plugins.js?ln=primefaces&v=4.0 HTTP/1.1" 304 -
201.245.192.253 - - [30/Dec/2023:08:42:55 -0500] "GET /sipse/faces/javax.faces.resource/layout/layout.css?ln=primefaces&v=4.0 HTTP/1.1" 304 -
201.245.192.253 - - [30/Dec/2023:08:42:55 -0500] "POST /sipse/faces/presentacion/financiero/solicitudAnulacion/consultarSolicitudAnulacion.xhtml HTTP/1.1" 200 10620
201.245.192.253 - - [30/Dec/2023:08:42:56 -0500] "POST /sipse/faces/presentacion/financiero/solicitudAnulacion/consultarSolicitudAnulacion.xhtml HTTP/1.1" 200 40927
201.245.192.253 - - [30/Dec/2023:08:42:56 -0500] "GET /sipse/faces/javax.faces.resource/theme.css?ln=primefaces-sipse HTTP/1.1" 304 -
201.245.192.253 - - [30/Dec/2023:08:42:56 -0500] "GET /sipse/faces/javax.faces.resource/layout/layout.css?ln=primefaces&v=4.0 HTTP/1.1" 304 -
201.245.192.253 - - [30/Dec/2023:08:42:56 -0500] "GET /sipse/faces/javax.faces.resource/primefaces.css?ln=primefaces&v=4.0 HTTP/1.1" 304 -
201.245.192.253 - - [30/Dec/2023:08:42:56 -0500] "GET /sipse/faces/javax.faces.resource/jquery/jquery.js?ln=primefaces&v=4.0 HTTP/1.1" 304 -
201.245.192.253 - - [30/Dec/2023:08:42:56 -0500] "GET /sipse/faces/javax.faces.resource/jquery/jquery-plugins.js?ln=primefaces&v=4.0 HTTP/1.1" 304 -
201.245.192.253 - - [30/Dec/2023:08:42:56 -0500] "GET /sipse/faces/javax.faces.resource/primefaces.js?ln=primefaces&v=4.0 HTTP/1.1" 304 -
201.245.192.253 - - [30/Dec/2023:08:42:56 -0500] "GET /sipse/faces/javax.faces.resource/layout/layout.js?ln=primefaces&v=4.0 HTTP/1.1" 304 -
172.22.2.4 - - [30/Dec/2023:08:41:17 -0500] "GET /BLA/boletinlegal/ HTTP/1.1" 200 62422
156.59.198.135 - - [30/Dec/2023:08:42:59 -0500] "GET /BLA/resoluciones/RESOLUCIONES%202020/0461.pdf HTTP/1.0" 200 532478
201.245.192.253 - - [30/Dec/2023:08:42:59 -0500] "POST /sipse/faces/presentacion/financiero/solicitudProceso/consultar.xhtml HTTP/1.1" 200 12776
201.245.192.253 - - [30/Dec/2023:08:43:04 -0500] "POST /sipse/faces/presentacion/financiero/solicitudProceso/consultar.xhtml HTTP/1.1" 200 142133
201.245.192.253 - - [30/Dec/2023:08:43:05 -0500] "GET /sipse/faces/javax.faces.resource/theme.css?ln=primefaces-sipse HTTP/1.1" 304 -
201.245.192.253 - - [30/Dec/2023:08:43:05 -0500] "GET /sipse/faces/javax.faces.resource/layout/layout.css?ln=primefaces&v=4.0 HTTP/1.1" 304 -
201.245.192.253 - - [30/Dec/2023:08:43:05 -0500] "GET /sipse/faces/javax.faces.resource/primefaces.css?ln=primefaces&v=4.0 HTTP/1.1" 304 -
201.245.192.253 - - [30/Dec/2023:08:43:05 -0500] "GET /sipse/faces/javax.faces.resource/jquery/jquery.js?ln=primefaces&v=4.0 HTTP/1.1" 304 -
201.245.192.253 - - [30/Dec/2023:08:43:05 -0500] "GET /sipse/faces/javax.faces.resource/jquery/jquery-plugins.js?ln=primefaces&v=4.0 HTTP/1.1" 304 -
201.245.192.253 - - [30/Dec/2023:08:43:05 -0500] "GET /sipse/faces/javax.faces.resource/primefaces.js?ln=primefaces&v=4.0 HTTP/1.1" 304 -
201.245.192.253 - - [30/Dec/2023:08:43:05 -0500] "GET /sipse/faces/javax.faces.resource/layout/layout.js?ln=primefaces&v=4.0 HTTP/1.1" 304 -
201.245.192.253 - - [30/Dec/2023:08:43:13 -0500] "POST /sipse/faces/presentacion/financiero/solicitudProceso/consultarSolicitudProceso.xhtml HTTP/1.1" 200 383913
156.59.198.135 - - [30/Dec/2023:08:43:24 -0500] "GET /BLA/resoluciones/RESOLUCIONES%202006/RESOLUCION%201992%20DE%202006.PDF HTTP/1.0" 200 9596
156.59.198.135 - - [30/Dec/2023:08:43:47 -0500] "GET /BLA/resoluciones/AUTOS%202013/0273.pdf HTTP/1.0" 200 2288629
156.59.198.135 - - [30/Dec/2023:08:44:11 -0500] "GET /BLA/resoluciones/AUTOS%202012/1819.pdf HTTP/1.0" 200 333521
172.22.2.4 - - [30/Dec/2023:08:42:55 -0500] "HEAD /BLA/boletinlegal/ HTTP/1.1" 200 -
156.59.198.136 - - [30/Dec/2023:08:44:36 -0500] "GET /BLA/resoluciones/AUTOS%202013/1249.pdf HTTP/1.0" 200 1160654
156.59.198.135 - - [30/Dec/2023:08:45:00 -0500] "GET /BLA/resoluciones/AUTOS%202013/0640.pdf HTTP/1.0" 200 1636197
201.245.192.253 - - [30/Dec/2023:08:45:00 -0500] "POST /kwsrmcab/Wsrmcab  HTTP/1.1" 200 36178
201.245.192.253 - - [30/Dec/2023:08:45:22 -0500] "POST /sipse/faces/presentacion/financiero/solicitudProceso/consultarSolicitudProceso.xhtml HTTP/1.1" 200 384276
156.59.198.135 - - [30/Dec/2023:08:45:25 -0500] "GET /BLA/resoluciones/AUTOS%202012/1248.pdf HTTP/1.0" 200 209214
172.22.2.4 - - [30/Dec/2023:08:43:46 -0500] "GET /BLA/boletinlegal/ HTTP/1.1" 200 60502
172.22.2.4 - - [30/Dec/2023:08:45:50 -0500] "GET /BLA/boletinlegal/actos.php HTTP/1.1" 200 9648
172.22.2.4 - - [30/Dec/2023:08:45:50 -0500] "GET /BLA/boletinlegal/styles2.css HTTP/1.1" 200 1838
172.22.2.4 - - [30/Dec/2023:08:45:50 -0500] "GET /BLA/boletinlegal/js/ajax_actos.js HTTP/1.1" 200 1322
172.22.2.4 - - [30/Dec/2023:08:45:50 -0500] "GET /BLA/boletinlegal/niceforms-default.css HTTP/1.1" 200 6694
172.22.2.4 - - [30/Dec/2023:08:45:50 -0500] "GET /BLA/boletinlegal/style.css HTTP/1.1" 200 9406
172.22.2.4 - - [30/Dec/2023:08:45:50 -0500] "GET /BLA/boletinlegal/js/lib.js HTTP/1.1" 200 6474
172.22.2.4 - - [30/Dec/2023:08:45:50 -0500] "GET /BLA/boletinlegal/niceforms.js HTTP/1.1" 200 22876
172.22.2.4 - - [30/Dec/2023:08:45:50 -0500] "GET /BLA/boletinlegal/js/popup.js HTTP/1.1" 200 1270
172.22.2.4 - - [30/Dec/2023:08:45:50 -0500] "GET /BLA/boletinlegal/js/jquery1.js HTTP/1.1" 200 29846
172.22.2.4 - - [30/Dec/2023:08:45:50 -0500] "GET /BLA/boletinlegal/images/cabezote%20BLEGAL.jpg HTTP/1.1" 200 118164
172.22.2.4 - - [30/Dec/2023:08:45:50 -0500] "GET /BLA/boletinlegal/images/subscribe-icon-big.png HTTP/1.1" 200 47702
172.22.2.4 - - [30/Dec/2023:08:45:50 -0500] "GET /BLA/boletinlegal/images/registro-usuarios.png HTTP/1.1" 200 8106
172.22.2.4 - - [30/Dec/2023:08:45:50 -0500] "GET /BLA/boletinlegal/images/historia.png HTTP/1.1" 200 52775
172.22.2.4 - - [30/Dec/2023:08:45:50 -0500] "GET /BLA/boletinlegal/images/green-yellow-blue-pink-th.png HTTP/1.1" 200 7394
172.22.2.4 - - [30/Dec/2023:08:45:50 -0500] "GET /BLA/boletinlegal/images/tel.png HTTP/1.1" 200 14477
172.22.2.4 - - [30/Dec/2023:08:45:50 -0500] "GET /BLA/boletinlegal/images/icono-email.png HTTP/1.1" 200 5544
172.22.2.4 - - [30/Dec/2023:08:45:50 -0500] "GET /BLA/boletinlegal/images/body_bg.jpg HTTP/1.1" 200 1601
172.22.2.4 - - [30/Dec/2023:08:45:50 -0500] "GET /BLA/boletinlegal/images/menu_lft.gif HTTP/1.1" 200 1713
172.22.2.4 - - [30/Dec/2023:08:45:50 -0500] "GET /BLA/boletinlegal/images/menu_rght.gif HTTP/1.1" 200 1627
172.22.2.4 - - [30/Dec/2023:08:45:50 -0500] "GET /BLA/boletinlegal/images/bg_top.jpg HTTP/1.1" 200 522
172.22.2.4 - - [30/Dec/2023:08:45:50 -0500] "GET /BLA/boletinlegal/images/menu_bg.jpg HTTP/1.1" 200 620
172.22.2.4 - - [30/Dec/2023:08:45:50 -0500] "GET /BLA/boletinlegal/images/hover.jpg HTTP/1.1" 200 640
172.22.2.4 - - [30/Dec/2023:08:45:50 -0500] "GET /BLA/boletinlegal/images/text.jpg HTTP/1.1" 200 568
172.22.2.4 - - [30/Dec/2023:08:45:50 -0500] "GET /BLA/boletinlegal/images/footer_bg.jpg HTTP/1.1" 200 586
172.22.2.4 - - [30/Dec/2023:08:45:50 -0500] "GET /BLA/boletinlegal/images/footer_bg_l.jpg HTTP/1.1" 200 776
172.22.2.4 - - [30/Dec/2023:08:45:51 -0500] "GET /BLA/boletinlegal/img/0.png HTTP/1.1" 200 110
172.22.2.4 - - [30/Dec/2023:08:45:51 -0500] "GET /BLA/boletinlegal/img/select-left.png HTTP/1.1" 200 263
172.22.2.4 - - [30/Dec/2023:08:45:51 -0500] "GET /BLA/boletinlegal/img/select-right.png HTTP/1.1" 200 44019
172.22.2.4 - - [30/Dec/2023:08:45:51 -0500] "GET /BLA/boletinlegal/img/button-right.png HTTP/1.1" 200 57878
172.22.2.4 - - [30/Dec/2023:08:45:51 -0500] "GET /BLA/boletinlegal/img/button-left.png HTTP/1.1" 200 57071
172.22.2.4 - - [30/Dec/2023:08:45:51 -0500] "GET /BLA/boletinlegal/img/button.png HTTP/1.1" 200 43241
172.22.2.4 - - [30/Dec/2023:08:45:51 -0500] "GET /BLA/boletinlegal/favicon.ico HTTP/1.1" 404 1326
156.59.198.136 - - [30/Dec/2023:08:45:51 -0500] "GET /BLA/resoluciones/AUTOS%202012/0496.pdf HTTP/1.0" 200 373999
172.22.2.4 - - [30/Dec/2023:08:45:51 -0500] "GET /BLA/boletinlegal/favicon.ico HTTP/1.1" 404 1326
172.22.2.4 - - [30/Dec/2023:08:45:52 -0500] "GET /BLA/boletinlegal/favicon.ico HTTP/1.1" 404 1038
172.22.2.4 - - [30/Dec/2023:08:45:57 -0500] "GET /BLA/boletinlegal/consulta_actos.php?tipo=autos&no=&usuario=&sector=&fecha=2023&resuelve=pma HTTP/1.1" 200 626
216.245.221.92 - - [30/Dec/2023:08:46:02 -0500] "HEAD / HTTP/1.1" 200 -
172.22.2.4 - - [30/Dec/2023:08:46:03 -0500] "GET /BLA/boletinlegal/consulta_actos.php?tipo=autos&no=&usuario=&sector=&fecha=2022&resuelve=pma HTTP/1.1" 200 626
156.59.198.136 - - [30/Dec/2023:08:46:15 -0500] "GET /BLA/resoluciones/RESOLUCIONES%202020/2038.pdf HTTP/1.0" 200 374216
172.22.2.4 - - [30/Dec/2023:08:46:17 -0500] "GET /BLA/boletinlegal/consulta_actos.php?tipo=autos&no=&usuario=&sector=&fecha=2022&resuelve=reuquerimiento HTTP/1.1" 200 626
156.59.198.135 - - [30/Dec/2023:08:46:39 -0500] "GET /BLA/resoluciones/RESOLUCIONES%202020/3032.pdf HTTP/1.0" 200 2259391
201.245.192.253 - - [30/Dec/2023:08:46:44 -0500] "POST /sipse/faces/presentacion/financiero/solicitudProceso/consultarSolicitudProceso.xhtml HTTP/1.1" 200 383759
172.22.2.4 - - [30/Dec/2023:08:46:56 -0500] "GET /BLA/boletinlegal/consulta_actos.php?tipo=autos&no=&usuario=&sector=&fecha=2022&resuelve=reuquerimiento HTTP/1.1" 200 626
172.22.2.4 - - [30/Dec/2023:08:46:57 -0500] "GET /BLA/boletinlegal/consulta_actos.php?tipo=autos&no=&usuario=&sector=&fecha=2022&resuelve=reuquerimiento HTTP/1.1" 200 626
172.22.2.4 - - [30/Dec/2023:08:46:58 -0500] "GET /BLA/boletinlegal/consulta_actos.php?tipo=autos&no=&usuario=&sector=&fecha=2022&resuelve=reuquerimiento HTTP/1.1" 200 626
52.167.144.182 - - [30/Dec/2023:08:47:01 -0500] "GET /BLA/resoluciones/RESOLUCIONES%202012/1473.pdf HTTP/1.1" 200 1427546
172.22.2.4 - - [30/Dec/2023:08:47:02 -0500] "GET /BLA/boletinlegal/consulta_actos.php?tipo=autos&no=&usuario=&sector=&fecha=2022&resuelve=requerimiento HTTP/1.1" 200 1089
172.22.2.4 - - [30/Dec/2023:08:47:02 -0500] "GET /BLA/boletinlegal/images/pdf.gif HTTP/1.1" 200 567
156.59.198.135 - - [30/Dec/2023:08:47:04 -0500] "GET /BLA/resoluciones/AUTOS%202012/0479.pdf HTTP/1.0" 200 286875
172.22.2.4 - - [30/Dec/2023:08:47:07 -0500] "GET /BLA/boletinlegal/consulta_actos.php?tipo=autos&no=&usuario=&sector=&fecha=2023&resuelve=requerimiento HTTP/1.1" 200 1063
186.84.90.231 - - [30/Dec/2023:08:47:13 -0500] "GET /BLA/resoluciones/AUTOS%202023/1461.pdf HTTP/1.1" 200 4929280
186.84.90.231 - - [30/Dec/2023:08:47:13 -0500] "GET /favicon.ico HTTP/1.1" 200 7782
156.59.198.136 - - [30/Dec/2023:08:47:29 -0500] "GET /BLA/resoluciones/AUTOS%202016/2730.pdf HTTP/1.0" 200 544383
172.22.2.4 - - [30/Dec/2023:08:47:30 -0500] "GET /BLA/boletinlegal/consulta_actos.php?tipo=autos&no=&usuario=&sector=&fecha=2021&resuelve=requerimiento HTTP/1.1" 200 1038
172.22.2.4 - - [30/Dec/2023:08:47:36 -0500] "GET /BLA/boletinlegal/consulta_actos.php?tipo=autos&no=&usuario=&sector=&fecha=2020&resuelve=requerimiento HTTP/1.1" 200 1038
172.22.2.4 - - [30/Dec/2023:08:47:39 -0500] "GET /BLA/boletinlegal/consulta_actos.php?tipo=resoluciones&no=&usuario=&sector=&fecha=2020&resuelve=requerimiento HTTP/1.1" 200 1579
172.22.2.4 - - [30/Dec/2023:08:47:40 -0500] "GET /BLA/boletinlegal/images/background.gif HTTP/1.1" 200 -
172.22.2.4 - - [30/Dec/2023:08:47:49 -0500] "GET /BLA/boletinlegal/consulta_actos.php?tipo=resoluciones&no=&usuario=&sector=&fecha=2022&resuelve=requerimiento HTTP/1.1" 200 1651
156.59.198.135 - - [30/Dec/2023:08:47:54 -0500] "GET /BLA/resoluciones/RESOLUCIONES%202000/RESOLUCION%20545%20DE%202000.pdf HTTP/1.0" 200 77690
172.22.2.4 - - [30/Dec/2023:08:48:00 -0500] "GET /BLA/boletinlegal/consulta_actos.php?tipo=resoluciones&no=&usuario=&sector=&fecha=2023&resuelve=requerimiento HTTP/1.1" 200 1674
201.245.192.253 - - [30/Dec/2023:08:48:11 -0500] "POST /sipse/faces/presentacion/financiero/solicitudProceso/consultarSolicitudProceso.xhtml HTTP/1.1" 200 40891
201.245.192.253 - - [30/Dec/2023:08:48:12 -0500] "GET /sipse/faces/javax.faces.resource/theme.css?ln=primefaces-sipse HTTP/1.1" 304 -
201.245.192.253 - - [30/Dec/2023:08:48:12 -0500] "GET /sipse/faces/javax.faces.resource/layout/layout.css?ln=primefaces&v=4.0 HTTP/1.1" 304 -
201.245.192.253 - - [30/Dec/2023:08:48:12 -0500] "GET /sipse/faces/javax.faces.resource/primefaces.css?ln=primefaces&v=4.0 HTTP/1.1" 304 -
201.245.192.253 - - [30/Dec/2023:08:48:12 -0500] "GET /sipse/faces/javax.faces.resource/jquery/jquery.js?ln=primefaces&v=4.0 HTTP/1.1" 304 -
201.245.192.253 - - [30/Dec/2023:08:48:12 -0500] "GET /sipse/faces/javax.faces.resource/jquery/jquery-plugins.js?ln=primefaces&v=4.0 HTTP/1.1" 304 -
201.245.192.253 - - [30/Dec/2023:08:48:12 -0500] "GET /sipse/faces/javax.faces.resource/primefaces.js?ln=primefaces&v=4.0 HTTP/1.1" 304 -
201.245.192.253 - - [30/Dec/2023:08:48:12 -0500] "GET /sipse/faces/javax.faces.resource/layout/layout.js?ln=primefaces&v=4.0 HTTP/1.1" 304 -
201.245.192.253 - - [30/Dec/2023:08:48:12 -0500] "POST /sipse/faces/presentacion/financiero/solicitudProceso/consultar.xhtml HTTP/1.1" 200 34174
201.245.192.253 - - [30/Dec/2023:08:48:12 -0500] "POST /sipse/faces/presentacion/financiero/solicitudProceso/consultar.xhtml HTTP/1.1" 200 34174
201.245.192.253 - - [30/Dec/2023:08:48:14 -0500] "POST /sipse/faces/presentacion/financiero/solicitudProceso/consultar.xhtml HTTP/1.1" 200 12918
156.59.198.136 - - [30/Dec/2023:08:48:17 -0500] "GET /BLA/resoluciones/AUTOS%202012/1246.pdf HTTP/1.0" 200 203564
201.245.192.253 - - [30/Dec/2023:08:48:20 -0500] "POST /sipse/faces/presentacion/financiero/solicitudProceso/consultar.xhtml HTTP/1.1" 200 157554
201.245.192.253 - - [30/Dec/2023:08:48:20 -0500] "GET /sipse/faces/javax.faces.resource/theme.css?ln=primefaces-sipse HTTP/1.1" 304 -
201.245.192.253 - - [30/Dec/2023:08:48:20 -0500] "GET /sipse/faces/javax.faces.resource/primefaces.css?ln=primefaces&v=4.0 HTTP/1.1" 304 -
201.245.192.253 - - [30/Dec/2023:08:48:20 -0500] "GET /sipse/faces/javax.faces.resource/layout/layout.css?ln=primefaces&v=4.0 HTTP/1.1" 304 -
201.245.192.253 - - [30/Dec/2023:08:48:20 -0500] "GET /sipse/faces/javax.faces.resource/jquery/jquery.js?ln=primefaces&v=4.0 HTTP/1.1" 304 -
201.245.192.253 - - [30/Dec/2023:08:48:20 -0500] "GET /sipse/faces/javax.faces.resource/jquery/jquery-plugins.js?ln=primefaces&v=4.0 HTTP/1.1" 304 -
201.245.192.253 - - [30/Dec/2023:08:48:20 -0500] "GET /sipse/faces/javax.faces.resource/primefaces.js?ln=primefaces&v=4.0 HTTP/1.1" 304 -
201.245.192.253 - - [30/Dec/2023:08:48:21 -0500] "GET /sipse/faces/javax.faces.resource/layout/layout.js?ln=primefaces&v=4.0 HTTP/1.1" 304 -
201.245.192.253 - - [30/Dec/2023:08:48:28 -0500] "POST /sipse/faces/presentacion/financiero/solicitudProceso/consultarSolicitudProceso.xhtml HTTP/1.1" 200 383805
156.59.198.136 - - [30/Dec/2023:08:48:42 -0500] "GET /BLA/resoluciones/RESOLUCIONES%202000/2241.pdf HTTP/1.0" 200 124336
156.59.198.136 - - [30/Dec/2023:08:49:05 -0500] "GET /BLA/resoluciones/RESOLUCIONES%202020/0193.pdf HTTP/1.0" 200 338083
156.59.198.136 - - [30/Dec/2023:08:49:30 -0500] "GET /BLA/resoluciones/RESOLUCIONES%202006/RESOLUCION%202010%20DE%202006.PDF HTTP/1.0" 200 45181
156.59.198.135 - - [30/Dec/2023:08:49:55 -0500] "GET /BLA/resoluciones/AUTOS%202016/2537.pdf HTTP/1.0" 200 393260
201.245.192.253 - - [30/Dec/2023:08:49:59 -0500] "POST /kwsrmcab/Wsrmcab  HTTP/1.1" 200 36178
156.59.198.135 - - [30/Dec/2023:08:50:19 -0500] "GET /BLA/resoluciones/RESOLUCIONES%202007/RES%202007%203401%20AL%203500/RESOLUCION%203467%20DE%202007.pdf HTTP/1.0" 200 551974
68.194.78.90 - - [30/Dec/2023:08:50:22 -0500] "GET /BLA/resoluciones/ HTTP/1.1" 200 13696
172.22.2.4 - - [30/Dec/2023:08:48:45 -0500] "HEAD /BLA/boletinlegal/ HTTP/1.1" 200 -
156.59.198.136 - - [30/Dec/2023:08:50:43 -0500] "GET /BLA/resoluciones/AUTOS%202012/2103.pdf HTTP/1.0" 200 384001
173.252.79.7 - - [30/Dec/2023:08:50:44 -0500] "GET /images/simulacro.jpg HTTP/1.1" 200 70588
216.245.221.92 - - [30/Dec/2023:08:51:02 -0500] "HEAD / HTTP/1.1" 200 -
156.59.198.135 - - [30/Dec/2023:08:51:08 -0500] "GET /BLA/resoluciones/AUTOS%202013/1085.pdf HTTP/1.0" 200 244638
172.22.2.4 - - [30/Dec/2023:08:49:36 -0500] "GET /BLA/boletinlegal/ HTTP/1.1" 200 60910
156.59.198.135 - - [30/Dec/2023:08:51:32 -0500] "GET /BLA/resoluciones/RESOLUCIONES%202007/RES%202007%203001%20AL%203100/RESOLUCION%203028%20DE%202007.pdf HTTP/1.0" 200 204300
156.59.198.136 - - [30/Dec/2023:08:51:57 -0500] "GET /BLA/resoluciones/AUTOS%202012/2154.pdf HTTP/1.0" 200 300786
52.167.144.225 - - [30/Dec/2023:08:52:01 -0500] "GET /BLA/resoluciones/index.php?dir=AUTOS+2023%2F HTTP/1.1" 200 479438
156.59.198.135 - - [30/Dec/2023:08:52:23 -0500] "GET /BLA/resoluciones/AUTOS%202016/2573.pdf HTTP/1.0" 200 519660
156.59.198.136 - - [30/Dec/2023:08:52:46 -0500] "GET /BLA/resoluciones/RESOLUCIONES%202005/RESOLUCION%201811%20DE%202005.PDF HTTP/1.0" 200 136962
156.59.198.136 - - [30/Dec/2023:08:53:10 -0500] "GET /BLA/resoluciones/RESOLUCIONES%202005/RESOLUCION%202819%20DE%202005.PDF HTTP/1.0" 200 193507
156.59.198.135 - - [30/Dec/2023:08:53:34 -0500] "GET /BLA/resoluciones/AUTOS%202012/0411.pdf HTTP/1.0" 200 249528
186.102.15.94 - - [30/Dec/2023:08:53:51 -0500] "OPTIONS /kwssiamovil/sm/setfile/f? HTTP/1.1" 200 13
186.102.15.94 - - [30/Dec/2023:08:53:51 -0500] "POST /kwssiamovil/sm/setfile/f? HTTP/1.1" 200 381
156.59.198.136 - - [30/Dec/2023:08:53:58 -0500] "GET /BLA/resoluciones/RESOLUCIONES%202020/1797.pdf HTTP/1.0" 200 398645
186.84.22.243 - - [30/Dec/2023:08:54:00 -0500] "POST /appsia/controlador HTTP/1.1" 200 4621
186.102.15.94 - - [30/Dec/2023:08:54:02 -0500] "GET /kwssiamovil/sm/acme/a?s=U2FsdGVkX19xJfgZRI50rgUYHpB8fxTAHyUolqMaUYhqtQ9svf67knViABTNIX2uZTaP00GfHZ+OdRa9Ld+0i/iOyhqkjTMD3io9v0MjAejbwaOZnhjb0iU0PKP2WRFlB4Wk27y4zagm65Ry8BdEcR5/peui82e7TAh70AZwsulCPEHfwj3VJINMYPo29Q/3RkoRQEm5giVY82e/JPUvMJN0th5T5gQo0D6281NnPUNiTVzwtl8jkZyTvYBZWqifffPlqxUlCeoIhpCgq8BXQA==&u=U2FsdGVkX19NrT1rslxqWKrqBodhRsQk4hXHLMFQ+8ZR+3GPYnHu00axIKQiTJhW&y=U2FsdGVkX19wUexPtBqdJAPt4NUp4b7GlliGg1SBW69oya5q/+t9xVJyGH8SrBZk HTTP/1.1" 200 26
186.102.15.94 - - [30/Dec/2023:08:54:03 -0500] "GET /kwssiamovil/sm/acme/a?s=U2FsdGVkX19dJcLJ2EclyrCJ4Hvjdy7dXRv7WRzG4E2khlUVguK0M9lPkJw8T8iImuj37NJDVy+Eglvi2WPW3W9x8Yi9+mrZ4041398jBk8lv88QQGAWj98tzLWpdXlMxrnAkvb6IbhmIHJ20cVXnwxzkJseBiWwaI8VevbpRd7L3O1+jU+GwZs3YTgKy66UPBDwjOvduh+AJyjT6SKfYT23wcqkGMh74x/Rk6YYQ/RZZODH/eV0URn9wP1rLTXEgfIB5mMQh46DQynUlYd43SHq9HxGWkOGVugchfR3WqTqyg8wox3eiibVvApEaFrpq6WqTIHbK1zqjKiE+ip1m53gv/UUFDTS94GqwzhVyYKG2q3AdAKD3sbiJT2+CxPcy1rIrZx6DHX1469TZZ40+PcGSAAW57zjBUfwMFTbwTNrUSfPAj8rrPWTdN9mDXNANujf/WB2QE7ceQGJgfsXtO2y+KN0ajllfcZJvqT9JlWo/w2gxqDN1y3QDfiHOobQpFR5oLFk5Zz6a05/r5vRGwI1a3zo4mWN7Rje7aXSpEVed1txZUjL3ndd2dyXEZ3JnUglF8eRjn5ZY67ylKMxxB2SwOyLADU313e9oh3ZikRakclL7XvIaKxVNyJme0LL4/ph8Wl8/wUXvwNxFO+KVtb+0AcUUj+5mQBEe6tEhRcofqORiNqgLrMeP9ZM53Gs6tGpB5w5HGKYq/wJYkV03NytcVJxvEk1sLfis0wBe3ksXaMMGx0Z43U9rgupjDf2lCU1a9s6ls2XWDzidh3cR+tSzGdXPETYXuAP8nbRvnNodfUHiBaYALQnp4ykO3vLn2hdexxK4I0ZCgWYUrMOos2pO7voCUUlwSQgDA1NfmfB7I8TxnOl2CpsorVBR2dNtHeMMPF2n1OTTrIrNtQ8ctWMJcqaZWmz8hgQdq07URDd36mPQL0UIbXpINbbPZURtf+L02FqSHJLWbiCwIQqL2pioUSvLN9BNEUpgql6qGkoRmf3jOE0weNPsl8CcaaZiP3X2rSxVn24yTpnISr9SlVz1mXyzj5atmVJySjWsvVlgvAyYIibcMpyR2i+FgIATe1C9VenNSfKYsX4076iduS103uWJPkFhokoygRyfoj4Yc3TlUr8YvsetNE/EpDzJxHE43+zAJcwbEoShlzNOJ9GD2TXvRXCEn2EcJpQQBPnO5jt6ZJk24Q4VMudTPv4Bxgbq5+KslrBpPuViLHgPOBCjLczoFuV6C29ND9dlgfH4mgV4MQQwZKuBLdJTdjeLkDUJorFboZwhWnFni/amWerixrOfj/32IBCDZgN3JYayWwEkSR51USoIxC7yJ2mcv51qtDChQo4WIOJuKX7QszegsYykwGn3hzN1cwx2SnPDfoPfUOIyTcth5lcpJmxKcED8vuPyXwjLniY3TP5zvKk8eMs6btN5/ZuNJyxbCPjdtQjXRuUjbLPntJC6ktXziU1TCJGRfwJ/XMzryeV5aJok3LvcYlZBti2G7a2m7+J+ZW/i42sCJ+cHJOjIhNiMJjwPx5kMrjuC/3q3kd1dJrX1yy6JvttYhymxXWXFsHvAMMX4LMjDGg0+gRuyJAvnkulSYP242A/Y6nlp+LG4MpMKxcQMKC/eRoHZZv/wAnfotkDt0Ci97YL29/BMsMZIoPXu+rNni4sDKDTqfSLR95Tl1jhdeSQ2QmdNu4X9Z+K2raZIitnfPiIhEDjr0ypWhgwxpRmRrCMYlsXCuk3QI0LwSPqs7upnTOHgECHKs9F/sfZg9JaLAtSUp0/v+pT5IhPNTwOR3yK2QmW3mM9QNwK4G6i87pXF+ZwPcX97dafPJpY3xifqts/ajvleuZNBBojuzEQ7AYQhz8dO4TgfDGUoXmoW+cM5lyDSc940XKOTQ3ON73t2jq8Rvm1Za8s6j8eHKrqX5zFJOj7xGnvmu9JtByVUEaC6N83h8fv0mkAWNNvyxBiHKekFwHVvgZ5QKUkLIaQhr0VCiieG4GQN+1T3AZt/uTpDp++JPsoGxr0NthiGf++JXY4qywBR6TYjbBki2z1bXBXtITNVgvYYdtJ3qwA3Izp3Q/TOLuQI5tflxBcwoPC72u/njl8V4yS1U+jZyiw/TZcaz6SNBQUeEapNGdjON3MlQveNzhWp9VOIzxYv23dCqEOmhqOJpH+Nc/dSRp9UZPxMhZ/vX+BACeLZNkw3nuMTtHe7PIspptGvWNhPEBcT47XnrN6oZlYiYyoG+/ly5jkm3Bkr9U8k4zRrPW8TJKSNJwXQuTDQnRg1WNxYGdWdLfdPXmVcfKz&u=U2FsdGVkX19NrT1rslxqWKrqBodhRsQk4hXHLMFQ+8ZR+3GPYnHu00axIKQiTJhW&y=U2FsdGVkX19wUexPtBqdJAPt4NUp4b7GlliGg1SBW69oya5q/+t9xVJyGH8SrBZk HTTP/1.1" 200 26
186.102.15.94 - - [30/Dec/2023:08:54:03 -0500] "GET /kwssiamovil/sm/acme/a?s=U2FsdGVkX196yjOBcjshUWCHDUmtWw6n9/PX00yJIqJ2ee9IGVyxfTq8lwPWRSQ+0y1U6de3AeBjrioStZWHUhq4HTaWhQ4ve2QgrTNfe87wKEb1xpudIdygD1Cb//rNdLskVryL0d9FogPNEIHaJEdopuFYNDemZQXI9VgUZrs=&u=U2FsdGVkX19NrT1rslxqWKrqBodhRsQk4hXHLMFQ+8ZR+3GPYnHu00axIKQiTJhW&y=U2FsdGVkX19wUexPtBqdJAPt4NUp4b7GlliGg1SBW69oya5q/+t9xVJyGH8SrBZk HTTP/1.1" 200 26
186.102.15.94 - - [30/Dec/2023:08:54:03 -0500] "GET /kwssiamovil/sm/acme/a?s=U2FsdGVkX19rcIrITsZFulmNlG8D7/5S0RiEu6rC9oozMMvyPzqA+QUFb2nh26rhrqQwwWm7hY3RmFPWQrJblqq2m4XEpjXyeuxr+bVGfGXZo+ZGOcjvb4GgiMvVppkSdcgffC92XRR6lfDwgW7FrRH31ZjHCbGdyedYfYdUHsA=&u=U2FsdGVkX19NrT1rslxqWKrqBodhRsQk4hXHLMFQ+8ZR+3GPYnHu00axIKQiTJhW&y=U2FsdGVkX19wUexPtBqdJAPt4NUp4b7GlliGg1SBW69oya5q/+t9xVJyGH8SrBZk HTTP/1.1" 200 26
186.102.15.94 - - [30/Dec/2023:08:54:03 -0500] "GET /kwssiamovil/sm/acme/a?s=U2FsdGVkX1+V043Q526IHl/EQdSPJUNc9HpnraF5iH4NVlVgyrnfMKGQ1KT+cspj08qQdeFBbIB6Dd93mCdWbHjBBGvpFQwlFi+NKIYUBIOe6bRwQQ2zv0L471RoxfstnDYoEplDd5nYROU89Ctejmv2VmW8fx70yl59QxCctA4=&u=U2FsdGVkX19NrT1rslxqWKrqBodhRsQk4hXHLMFQ+8ZR+3GPYnHu00axIKQiTJhW&y=U2FsdGVkX19wUexPtBqdJAPt4NUp4b7GlliGg1SBW69oya5q/+t9xVJyGH8SrBZk HTTP/1.1" 200 26
186.102.15.94 - - [30/Dec/2023:08:54:04 -0500] "GET /kwssiamovil/sm/acme/a?s=U2FsdGVkX19U0elaUSdsJDLXTXb1P+R5HOuQKmbi+t6qPlu4jSy1u35/clMbaS1d5pu9n4nDDfu+d8I8dyqkDLMkMFPMJp1oilf79SOq87KFxKhHWYTQl9P9qFlR8P32i4Yr6Uq4xWF94yTo+Hi4ar/MZRmM26MqO5opLJuBLEM/Ebo6l3EjMJZ64QZFLJrGE7QrrztkgxHU1tiWEBKVJA==&u=U2FsdGVkX19NrT1rslxqWKrqBodhRsQk4hXHLMFQ+8ZR+3GPYnHu00axIKQiTJhW&y=U2FsdGVkX19wUexPtBqdJAPt4NUp4b7GlliGg1SBW69oya5q/+t9xVJyGH8SrBZk HTTP/1.1" 200 26
186.102.15.94 - - [30/Dec/2023:08:54:04 -0500] "GET /kwssiamovil/sm/acme/a?s=U2FsdGVkX1970RtI4k2Fgh8uOXOfw8dxGDeT3J7cKKAPWqBUcejhtXReFkRRfmHnvfBces/rF/IatKogsPXlWVijdQgAHvqKHu+YTY/+27NydZ/Tl10BjEV99HNZykVxM3BJc7zwGSAcAT+j14VZPe2pB9VRw4rWSp3oSJbOd8faykuGm46VHHhsu0gOWgayP4h3A9EnlnqWUrxzTALaoGY2PBfp2NaqVFN1M8Pzlo2OqYVPNryfKHzs0LKiZIrZt9vbtCz240Br0vNSSH+a2Wqhk0fEnbHPv2RsD6Y1loK4dnz5MO5UI74bTOLLX3K/DTSGH3zaLQgzfc2OG7OhCbtK723PQVzCewp5m0NNrf/5x7b9foP/z90590WfB42gBt/VxeiJ2rrXhyXz1v5hTJh9OCz3l1eiLrXbW3xp/3815Wglfcyn3K/jmbnWD5WgcHRTeUQTIhvaZ3urXVkLuSHja+VJV/Ip1UFlQ8Y5j1HXNA6YALZNZ4wkEbGI5aFi9SjSDRKAH+Od66JJXnrw92lnH3pgt1SyRy0aT2Cztaw=&u=U2FsdGVkX19NrT1rslxqWKrqBodhRsQk4hXHLMFQ+8ZR+3GPYnHu00axIKQiTJhW&y=U2FsdGVkX19wUexPtBqdJAPt4NUp4b7GlliGg1SBW69oya5q/+t9xVJyGH8SrBZk HTTP/1.1" 200 25
186.102.15.94 - - [30/Dec/2023:08:54:04 -0500] "GET /kwssiamovil/sm/acme/a?s=U2FsdGVkX19hRVMnbu4mVkx56dAvILYyYTwYnSJyqMBuRSFenjcql7YcxoRFcgmTXukQD+tIg7SVZy4qWq26cE+kIsm1Qomr17SGQPnCbiiBiUSyyYeKNUe8H/WxOzoOwK2Oo+bcnj+E8JUdlLOSUNXV61RIx0sLnD5zwZ/M39EcdOG0w/iZrOkylhNubAtSeJYTzW3Nd4CX50A0noNShSkzLANILfIKZoMdDKBAFAn6a0AaRzUfYHEbXJ1nzE0drUIU/IrnDT5A99S7Atcglv5zHZRpabMUO47xObSIFpFHUmIAFIKWIbgcGRuczEOZuXmJXIKIH/1Gu46llt87pFmQryspJ/MlOrjWrMEsxb+x5vzxtoN1k2FEDv+rN7D6oLgiftzxTD3uvn4XI5/q4ql1VN0A/ECaECdm6ZGy9OnmCrROv3rMb9r24W+zdfxFEcsqKBChq6JkaL0pg1R7ylru2M1eo7wH9rzv94TnJjG4EmDG0eg3pPEaTyG90NWu&u=U2FsdGVkX19NrT1rslxqWKrqBodhRsQk4hXHLMFQ+8ZR+3GPYnHu00axIKQiTJhW&y=U2FsdGVkX19wUexPtBqdJAPt4NUp4b7GlliGg1SBW69oya5q/+t9xVJyGH8SrBZk HTTP/1.1" 200 26
40.77.167.18 - - [30/Dec/2023:08:54:09 -0500] "GET /BLA/resoluciones/AUTOS%202023/5968.pdf HTTP/1.1" 200 418759
40.77.167.18 - - [30/Dec/2023:08:54:10 -0500] "GET /BLA/resoluciones/AUTOS%202023/5239.pdf HTTP/1.1" 200 1213470
40.77.167.18 - - [30/Dec/2023:08:54:10 -0500] "GET /BLA/resoluciones/AUTOS%202023/9294.pdf HTTP/1.1" 200 506627
40.77.167.18 - - [30/Dec/2023:08:54:11 -0500] "GET /BLA/resoluciones/AUTOS%202023/05909.pdf HTTP/1.1" 200 1031842
40.77.167.18 - - [30/Dec/2023:08:54:11 -0500] "GET /BLA/resoluciones/AUTOS%202023/05918.pdf HTTP/1.1" 200 986202
40.77.167.18 - - [30/Dec/2023:08:54:11 -0500] "GET /BLA/resoluciones/AUTOS%202023/5872.pdf HTTP/1.1" 200 424758
40.77.167.18 - - [30/Dec/2023:08:54:12 -0500] "GET /BLA/resoluciones/AUTOS%202023/5788.pdf HTTP/1.1" 200 440274
40.77.167.18 - - [30/Dec/2023:08:54:12 -0500] "GET /BLA/resoluciones/AUTOS%202023/5780.pdf HTTP/1.1" 200 428806
40.77.167.18 - - [30/Dec/2023:08:54:12 -0500] "GET /BLA/resoluciones/AUTOS%202023/02328.pdf HTTP/1.1" 200 2902802
40.77.167.18 - - [30/Dec/2023:08:54:14 -0500] "GET /BLA/resoluciones/AUTOS%202023/05426.pdf HTTP/1.1" 200 418692
40.77.167.18 - - [30/Dec/2023:08:54:14 -0500] "GET /BLA/resoluciones/AUTOS%202023/7221.pdf HTTP/1.1" 200 396051
40.77.167.18 - - [30/Dec/2023:08:54:14 -0500] "GET /BLA/resoluciones/AUTOS%202023/02726.pdf HTTP/1.1" 200 1068374
40.77.167.18 - - [30/Dec/2023:08:54:14 -0500] "GET /BLA/resoluciones/AUTOS%202023/5756.pdf HTTP/1.1" 200 480057
40.77.167.18 - - [30/Dec/2023:08:54:15 -0500] "GET /BLA/resoluciones/AUTOS%202023/07681.pdf HTTP/1.1" 200 306934
40.77.167.18 - - [30/Dec/2023:08:54:15 -0500] "GET /BLA/resoluciones/AUTOS%202023/07028.pdf HTTP/1.1" 200 394477
40.77.167.18 - - [30/Dec/2023:08:54:15 -0500] "GET /BLA/resoluciones/AUTOS%202023/05444.pdf HTTP/1.1" 200 418562
40.77.167.18 - - [30/Dec/2023:08:54:15 -0500] "GET /BLA/resoluciones/AUTOS%202023/05436.pdf HTTP/1.1" 200 353044
40.77.167.18 - - [30/Dec/2023:08:54:16 -0500] "GET /BLA/resoluciones/AUTOS%202023/5947.pdf HTTP/1.1" 200 561006
40.77.167.18 - - [30/Dec/2023:08:54:16 -0500] "GET /BLA/resoluciones/AUTOS%202023/05440.pdf HTTP/1.1" 200 416472
40.77.167.18 - - [30/Dec/2023:08:54:16 -0500] "GET /BLA/resoluciones/AUTOS%202023/5751.pdf HTTP/1.1" 200 481157
40.77.167.18 - - [30/Dec/2023:08:54:19 -0500] "GET /BLA/resoluciones/AUTOS%202023/5806.pdf HTTP/1.1" 200 393006
156.59.198.136 - - [30/Dec/2023:08:54:23 -0500] "GET /BLA/resoluciones/AUTOS%202012/1281.pdf HTTP/1.0" 200 241503
40.77.167.255 - - [30/Dec/2023:08:54:29 -0500] "GET /BLA/resoluciones/AUTOS%202023/05424.pdf HTTP/1.1" 200 432613
40.77.167.255 - - [30/Dec/2023:08:54:29 -0500] "GET /BLA/resoluciones/AUTOS%202023/5975.pdf HTTP/1.1" 200 443855
40.77.167.255 - - [30/Dec/2023:08:54:30 -0500] "GET /BLA/resoluciones/AUTOS%202023/05412.pdf HTTP/1.1" 200 415112
40.77.167.255 - - [30/Dec/2023:08:54:30 -0500] "GET /BLA/resoluciones/AUTOS%202023/05417.pdf HTTP/1.1" 200 410229
40.77.167.255 - - [30/Dec/2023:08:54:30 -0500] "GET /BLA/resoluciones/AUTOS%202023/05434.pdf HTTP/1.1" 200 374868
40.77.167.255 - - [30/Dec/2023:08:54:30 -0500] "GET /BLA/resoluciones/AUTOS%202023/5746.pdf HTTP/1.1" 200 461904
40.77.167.255 - - [30/Dec/2023:08:54:31 -0500] "GET /BLA/resoluciones/AUTOS%202023/5814.pdf HTTP/1.1" 200 425393
40.77.167.255 - - [30/Dec/2023:08:54:31 -0500] "GET /BLA/resoluciones/AUTOS%202023/07658.pdf HTTP/1.1" 200 409022
40.77.167.255 - - [30/Dec/2023:08:54:31 -0500] "GET /BLA/resoluciones/AUTOS%202023/5972.pdf HTTP/1.1" 200 426211
40.77.167.255 - - [30/Dec/2023:08:54:32 -0500] "GET /BLA/resoluciones/AUTOS%202023/05864.pdf HTTP/1.1" 200 423203
40.77.167.255 - - [30/Dec/2023:08:54:32 -0500] "GET /BLA/resoluciones/AUTOS%202023/5772.pdf HTTP/1.1" 200 461110
40.77.167.255 - - [30/Dec/2023:08:54:32 -0500] "GET /BLA/resoluciones/AUTOS%202023/5863.pdf HTTP/1.1" 200 399540
40.77.167.255 - - [30/Dec/2023:08:54:32 -0500] "GET /BLA/resoluciones/AUTOS%202023/02985.pdf HTTP/1.1" 200 524054
40.77.167.255 - - [30/Dec/2023:08:54:32 -0500] "GET /BLA/resoluciones/AUTOS%202023/2095.pdf HTTP/1.1" 200 1332686
40.77.167.255 - - [30/Dec/2023:08:54:33 -0500] "GET /BLA/resoluciones/AUTOS%202023/08312.pdf HTTP/1.1" 200 380131
40.77.167.255 - - [30/Dec/2023:08:54:33 -0500] "GET /BLA/resoluciones/AUTOS%202023/05408.pdf HTTP/1.1" 200 423397
40.77.167.255 - - [30/Dec/2023:08:54:33 -0500] "GET /BLA/resoluciones/AUTOS%202023/5955.pdf HTTP/1.1" 200 416694
40.77.167.255 - - [30/Dec/2023:08:54:33 -0500] "GET /BLA/resoluciones/AUTOS%202023/05432.pdf HTTP/1.1" 200 381225
40.77.167.255 - - [30/Dec/2023:08:54:33 -0500] "GET /BLA/resoluciones/AUTOS%202023/05840.pdf HTTP/1.1" 200 398670
40.77.167.255 - - [30/Dec/2023:08:54:34 -0500] "GET /BLA/resoluciones/AUTOS%202023/05910.pdf HTTP/1.1" 200 929721
40.77.167.255 - - [30/Dec/2023:08:54:34 -0500] "GET /BLA/resoluciones/AUTOS%202023/07751.pdf HTTP/1.1" 200 8207607
40.77.167.255 - - [30/Dec/2023:08:54:37 -0500] "GET /BLA/resoluciones/AUTOS%202023/05431.pdf HTTP/1.1" 200 368579
40.77.167.255 - - [30/Dec/2023:08:54:38 -0500] "GET /BLA/resoluciones/AUTOS%202023/3821.pdf HTTP/1.1" 200 320606
40.77.167.255 - - [30/Dec/2023:08:54:38 -0500] "GET /BLA/resoluciones/AUTOS%202023/5798.pdf HTTP/1.1" 200 394473
40.77.167.255 - - [30/Dec/2023:08:54:38 -0500] "GET /BLA/resoluciones/AUTOS%202023/5700.pdf HTTP/1.1" 200 441122
40.77.167.255 - - [30/Dec/2023:08:54:39 -0500] "GET /BLA/resoluciones/AUTOS%202023/5874.pdf HTTP/1.1" 200 423657
40.77.167.255 - - [30/Dec/2023:08:54:39 -0500] "GET /BLA/resoluciones/AUTOS%202023/1841.pdf HTTP/1.1" 200 327282
40.77.167.255 - - [30/Dec/2023:08:54:39 -0500] "GET /BLA/resoluciones/AUTOS%202023/07940.pdf HTTP/1.1" 200 395914
40.77.167.255 - - [30/Dec/2023:08:54:42 -0500] "GET /BLA/resoluciones/AUTOS%202023/5854.pdf HTTP/1.1" 200 395809
156.59.198.136 - - [30/Dec/2023:08:54:48 -0500] "GET /BLA/resoluciones/RESOLUCIONES%202020/2356.pdf HTTP/1.0" 200 433754
40.77.167.18 - - [30/Dec/2023:08:54:57 -0500] "GET /BLA/resoluciones/AUTOS%202023/05783.pdf HTTP/1.1" 200 420517
40.77.167.18 - - [30/Dec/2023:08:54:58 -0500] "GET /BLA/resoluciones/AUTOS%202023/07027.pdf HTTP/1.1" 200 390275
40.77.167.18 - - [30/Dec/2023:08:54:58 -0500] "GET /BLA/resoluciones/AUTOS%202023/5926.pdf HTTP/1.1" 200 957660
40.77.167.18 - - [30/Dec/2023:08:54:59 -0500] "GET /BLA/resoluciones/AUTOS%202023/10544.pdf HTTP/1.1" 200 496065
40.77.167.18 - - [30/Dec/2023:08:54:59 -0500] "GET /BLA/resoluciones/AUTOS%202023/05828.pdf HTTP/1.1" 200 469511
40.77.167.18 - - [30/Dec/2023:08:54:59 -0500] "GET /BLA/resoluciones/AUTOS%202023/08295.pdf HTTP/1.1" 200 391186
40.77.167.18 - - [30/Dec/2023:08:54:59 -0500] "GET /BLA/resoluciones/AUTOS%202023/07746.pdf HTTP/1.1" 200 382669
40.77.167.18 - - [30/Dec/2023:08:54:59 -0500] "GET /BLA/resoluciones/AUTOS%202023/5688.pdf HTTP/1.1" 200 394469
201.245.192.253 - - [30/Dec/2023:08:54:57 -0500] "POST /kwsrmcab/Wsrmcab  HTTP/1.1" 200 36178
40.77.167.18 - - [30/Dec/2023:08:55:00 -0500] "GET /BLA/resoluciones/AUTOS%202023/05439.pdf HTTP/1.1" 200 423464
40.77.167.255 - - [30/Dec/2023:08:55:06 -0500] "GET /BLA/resoluciones/AUTOS%202023/09178.pdf HTTP/1.1" 200 349595
40.77.167.255 - - [30/Dec/2023:08:55:07 -0500] "GET /BLA/resoluciones/AUTOS%202023/05437.pdf HTTP/1.1" 200 421810
40.77.167.255 - - [30/Dec/2023:08:55:07 -0500] "GET /BLA/resoluciones/AUTOS%202023/08313.pdf HTTP/1.1" 200 1903803
52.167.144.209 - - [30/Dec/2023:08:55:11 -0500] "GET /BLA/resoluciones/AUTOS%202023/8593.pdf HTTP/1.1" 200 391003
156.59.198.136 - - [30/Dec/2023:08:55:11 -0500] "GET /BLA/resoluciones/RESOLUCIONES%202005/0649.pdf HTTP/1.0" 200 44434
52.167.144.209 - - [30/Dec/2023:08:55:12 -0500] "GET /BLA/resoluciones/AUTOS%202023/5758.pdf HTTP/1.1" 200 476883
52.167.144.209 - - [30/Dec/2023:08:55:13 -0500] "GET /BLA/resoluciones/AUTOS%202023/05914.pdf HTTP/1.1" 200 899342
52.167.144.209 - - [30/Dec/2023:08:55:13 -0500] "GET /BLA/resoluciones/AUTOS%202023/5912.pdf HTTP/1.1" 200 939958
52.167.144.209 - - [30/Dec/2023:08:55:14 -0500] "GET /BLA/resoluciones/AUTOS%202023/5885.pdf HTTP/1.1" 200 421096
52.167.144.209 - - [30/Dec/2023:08:55:14 -0500] "GET /BLA/resoluciones/AUTOS%202023/5790.pdf HTTP/1.1" 200 434690
52.167.144.209 - - [30/Dec/2023:08:55:14 -0500] "GET /BLA/resoluciones/AUTOS%202023/5785.pdf HTTP/1.1" 200 421389
52.167.144.209 - - [30/Dec/2023:08:55:15 -0500] "GET /BLA/resoluciones/AUTOS%202023/5748.pdf HTTP/1.1" 200 455923
52.167.144.209 - - [30/Dec/2023:08:55:15 -0500] "GET /BLA/resoluciones/AUTOS%202023/5752.pdf HTTP/1.1" 200 480922
52.167.144.209 - - [30/Dec/2023:08:55:15 -0500] "GET /BLA/resoluciones/AUTOS%202023/5873.pdf HTTP/1.1" 200 423036
52.167.144.209 - - [30/Dec/2023:08:55:16 -0500] "GET /BLA/resoluciones/AUTOS%202023/3859.pdf HTTP/1.1" 200 3905756
52.167.144.209 - - [30/Dec/2023:08:55:17 -0500] "GET /BLA/resoluciones/AUTOS%202023/5970.pdf HTTP/1.1" 200 430530
52.167.144.209 - - [30/Dec/2023:08:55:18 -0500] "GET /BLA/resoluciones/AUTOS%202023/5941.pdf HTTP/1.1" 200 492168
52.167.144.209 - - [30/Dec/2023:08:55:18 -0500] "GET /BLA/resoluciones/AUTOS%202023/5905.pdf HTTP/1.1" 200 1063154
52.167.144.209 - - [30/Dec/2023:08:55:18 -0500] "GET /BLA/resoluciones/AUTOS%202023/05428.pdf HTTP/1.1" 200 374723
52.167.144.209 - - [30/Dec/2023:08:55:19 -0500] "GET /BLA/resoluciones/AUTOS%202023/05415.pdf HTTP/1.1" 200 437928
52.167.144.209 - - [30/Dec/2023:08:55:19 -0500] "GET /BLA/resoluciones/AUTOS%202023/01714.pdf HTTP/1.1" 200 356935
52.167.144.209 - - [30/Dec/2023:08:55:19 -0500] "GET /BLA/resoluciones/AUTOS%202023/5844.pdf HTTP/1.1" 200 397889
52.167.144.209 - - [30/Dec/2023:08:55:20 -0500] "GET /BLA/resoluciones/AUTOS%202023/05961.pdf HTTP/1.1" 200 446745
52.167.144.209 - - [30/Dec/2023:08:55:20 -0500] "GET /BLA/resoluciones/AUTOS%202023/10187.pdf HTTP/1.1" 200 462342
52.167.144.209 - - [30/Dec/2023:08:55:20 -0500] "GET /BLA/resoluciones/AUTOS%202023/9499.pdf HTTP/1.1" 200 513319
52.167.144.209 - - [30/Dec/2023:08:55:20 -0500] "GET /BLA/resoluciones/AUTOS%202023/6008.pdf HTTP/1.1" 200 434014
52.167.144.209 - - [30/Dec/2023:08:55:20 -0500] "GET /BLA/resoluciones/AUTOS%202023/5809.pdf HTTP/1.1" 200 391463
52.167.144.209 - - [30/Dec/2023:08:55:21 -0500] "GET /BLA/resoluciones/AUTOS%202023/04964.pdf HTTP/1.1" 200 350627
52.167.144.209 - - [30/Dec/2023:08:55:21 -0500] "GET /BLA/resoluciones/AUTOS%202023/05945.pdf HTTP/1.1" 200 542970
52.167.144.209 - - [30/Dec/2023:08:55:21 -0500] "GET /BLA/resoluciones/AUTOS%202023/08024.pdf HTTP/1.1" 200 401002
52.167.144.209 - - [30/Dec/2023:08:55:22 -0500] "GET /BLA/resoluciones/AUTOS%202023/05876.pdf HTTP/1.1" 200 399835
52.167.144.209 - - [30/Dec/2023:08:55:22 -0500] "GET /BLA/resoluciones/AUTOS%202023/05823.pdf HTTP/1.1" 200 379256
52.167.144.209 - - [30/Dec/2023:08:55:22 -0500] "GET /BLA/resoluciones/AUTOS%202023/5971.pdf HTTP/1.1" 200 508730
52.167.144.209 - - [30/Dec/2023:08:55:23 -0500] "GET /BLA/resoluciones/AUTOS%202023/08025.pdf HTTP/1.1" 200 403756
156.59.198.135 - - [30/Dec/2023:08:55:35 -0500] "GET /BLA/resoluciones/RESOLUCIONES%202007/RES%202007%202701%20AL%202800/RESOLUCION%202718%20%20DE%202007.pdf HTTP/1.0" 200 552483
52.167.144.209 - - [30/Dec/2023:08:55:41 -0500] "GET /BLA/resoluciones/AUTOS%202023/05430.pdf HTTP/1.1" 200 396738
52.167.144.209 - - [30/Dec/2023:08:55:41 -0500] "GET /BLA/resoluciones/AUTOS%202023/00769.pdf HTTP/1.1" 200 556661
52.167.144.209 - - [30/Dec/2023:08:55:42 -0500] "GET /BLA/resoluciones/AUTOS%202023/5865.pdf HTTP/1.1" 200 425613
52.167.144.209 - - [30/Dec/2023:08:55:42 -0500] "GET /BLA/resoluciones/AUTOS%202023/10811.pdf HTTP/1.1" 200 500629
52.167.144.209 - - [30/Dec/2023:08:55:42 -0500] "GET /BLA/resoluciones/AUTOS%202023/5816.pdf HTTP/1.1" 200 393090
52.167.144.209 - - [30/Dec/2023:08:55:43 -0500] "GET /BLA/resoluciones/AUTOS%202023/5899.pdf HTTP/1.1" 200 834283
52.167.144.209 - - [30/Dec/2023:08:55:43 -0500] "GET /BLA/resoluciones/AUTOS%202023/05035.pdf HTTP/1.1" 200 473286
52.167.144.209 - - [30/Dec/2023:08:55:43 -0500] "GET /BLA/resoluciones/AUTOS%202023/5911.pdf HTTP/1.1" 200 928568
52.167.144.209 - - [30/Dec/2023:08:55:44 -0500] "GET /BLA/resoluciones/AUTOS%202023/9178%20.pdf HTTP/1.1" 200 349595
52.167.144.209 - - [30/Dec/2023:08:55:44 -0500] "GET /BLA/resoluciones/AUTOS%202023/05922.pdf HTTP/1.1" 200 993343
52.167.144.209 - - [30/Dec/2023:08:55:45 -0500] "GET /BLA/resoluciones/AUTOS%202023/07745.pdf HTTP/1.1" 200 379492
52.167.144.209 - - [30/Dec/2023:08:55:45 -0500] "GET /BLA/resoluciones/AUTOS%202023/05871.pdf HTTP/1.1" 200 419769
52.167.144.209 - - [30/Dec/2023:08:55:45 -0500] "GET /BLA/resoluciones/AUTOS%202023/5901.pdf HTTP/1.1" 200 910503
52.167.144.209 - - [30/Dec/2023:08:55:54 -0500] "GET /BLA/resoluciones/RESOLUCIONES%202021/1442.pdf HTTP/1.1" 200 1986511
156.59.198.135 - - [30/Dec/2023:08:56:01 -0500] "GET /BLA/resoluciones/AUTOS%202013/0617.pdf HTTP/1.0" 200 1074584
216.245.221.92 - - [30/Dec/2023:08:56:02 -0500] "HEAD / HTTP/1.1" 200 -
172.22.2.4 - - [30/Dec/2023:08:54:35 -0500] "HEAD /BLA/boletinlegal/ HTTP/1.1" 200 -
156.59.198.135 - - [30/Dec/2023:08:56:25 -0500] "GET /BLA/resoluciones/AUTOS%202012/0979.pdf HTTP/1.0" 200 152572
52.167.144.209 - - [30/Dec/2023:08:56:27 -0500] "GET /BLA/resoluciones/AUTOS%202023/05420.pdf HTTP/1.1" 200 371978
52.167.144.209 - - [30/Dec/2023:08:56:28 -0500] "GET /BLA/resoluciones/AUTOS%202023/8587.pdf HTTP/1.1" 200 494024
40.77.167.18 - - [30/Dec/2023:08:56:32 -0500] "GET /BLA/resoluciones/AUTOS%202023/5937.pdf HTTP/1.1" 200 434631
40.77.167.18 - - [30/Dec/2023:08:56:32 -0500] "GET /BLA/resoluciones/AUTOS%202023/5903.pdf HTTP/1.1" 200 919646
40.77.167.18 - - [30/Dec/2023:08:56:34 -0500] "GET /BLA/resoluciones/AUTOS%202023/5817.pdf HTTP/1.1" 200 440954
52.167.144.209 - - [30/Dec/2023:08:56:37 -0500] "GET /BLA/resoluciones/AUTOS%202023/05429.pdf HTTP/1.1" 200 386468
40.77.167.255 - - [30/Dec/2023:08:56:42 -0500] "GET /BLA/resoluciones/AUTOS%202023/5956.pdf HTTP/1.1" 200 408465
156.59.198.135 - - [30/Dec/2023:08:56:50 -0500] "GET /BLA/resoluciones/AUTOS%202013/0173.pdf HTTP/1.0" 200 441318
172.22.2.4 - - [30/Dec/2023:08:55:26 -0500] "GET /BLA/boletinlegal/ HTTP/1.1" 200 59330
40.77.167.18 - - [30/Dec/2023:08:57:09 -0500] "GET /BLA/resoluciones/AUTOS%202023/2237.pdf HTTP/1.1" 200 363876
40.77.167.18 - - [30/Dec/2023:08:57:10 -0500] "GET /BLA/resoluciones/AUTOS%202023/5942.pdf HTTP/1.1" 200 516277
40.77.167.18 - - [30/Dec/2023:08:57:10 -0500] "GET /BLA/resoluciones/AUTOS%202023/5777.pdf HTTP/1.1" 200 425801
40.77.167.255 - - [30/Dec/2023:08:57:14 -0500] "GET /BLA/resoluciones/AUTOS%202023/9504.pdf HTTP/1.1" 200 332597
40.77.167.255 - - [30/Dec/2023:08:57:14 -0500] "GET /BLA/resoluciones/AUTOS%202023/05455.pdf HTTP/1.1" 200 378016
156.59.198.135 - - [30/Dec/2023:08:57:15 -0500] "GET /BLA/resoluciones/AUTOS%202013/1210.pdf HTTP/1.0" 200 199180
40.77.167.255 - - [30/Dec/2023:08:57:16 -0500] "GET /BLA/resoluciones/AUTOS%202023/5837.pdf HTTP/1.1" 200 397531
40.77.167.255 - - [30/Dec/2023:08:57:16 -0500] "GET /BLA/resoluciones/AUTOS%202023/05915.pdf HTTP/1.1" 200 931066
40.77.167.255 - - [30/Dec/2023:08:57:16 -0500] "GET /BLA/resoluciones/AUTOS%202023/5881.pdf HTTP/1.1" 200 396936
186.102.46.3 - - [30/Dec/2023:08:57:18 -0500] "GET /kwssiamovil/sm/ldap/au?x=U2FsdGVkX1+lZx92ZcX3C0BNcZJbt63quVQGtd7RYRRMJ6eWUyioJGTVk88qADks&y=U2FsdGVkX1/jT4kJb9PP60DMrMaKSX95k1cEajcnues= HTTP/1.1" 200 30
186.102.46.3 - - [30/Dec/2023:08:57:18 -0500] "GET /kwssiamovil/sm/acme/s?s=U2FsdGVkX180Zq17cXypbKitdHxA3f0e5TubshIs/JMZqGvlDxlGuIw33ELc9L1mU9cdpJtvZpOIDsCbpT7xlxxaKFYrODQlhF11RJDpkf0=&u=U2FsdGVkX18e33RQw65lVbxp0oT/mFrT871RccUjhaY=&y=U2FsdGVkX1/jT4kJb9PP60DMrMaKSX95k1cEajcnues= HTTP/1.1" 200 97
186.102.46.3 - - [30/Dec/2023:08:57:18 -0500] "GET /kwssiamovil/sm/acme/s?s=U2FsdGVkX1/CjdxU1azCOlnYiUB2jO0GNkzvBK+i4F1pe7tuv8+HBsF+vPZemA1IRSrNDc7dK7vujzzxtw8GFhtrv/MJc+MMlAALjeqHyN6cA1UAprADzSPfatHCZDTXWWLfh3d/UaC/I8A1e0yoYDFGP3F+COGh23ky1hx/XfwYCAMehh5iAbbatmILyOw1EzrhAirbhlye6Pue5V4ou9DAiy70jheJXzaXhXZHlhso2P37jyWB5ttVkMv4dyd8JBvDw7OovyQxwL1WN8lhjGun7WybxLDrnI9ngolBAJYicONJVERxLvD6h2Qjk6zs/2oYMVFLgKei58o49VDqCDURJPIQG2ry6O98um4j8afWXMQORoN3OMsdjbU4AdeO3nZh4Rmcs+TRahwFBb6IfWWE9yQWUL+n2KGYQYT4JY0wNhiyGlk9hWaMhGTegrvglwBZgaMJJjYgqFmkroStYrU9L56v0kQh44hDyiHc81nQ/9L+SL3akF5zOpc/lzCil2FtYjhh3j5c7E9nnLu/Jl1fHXdSnCyayzxpx6lppcKsZLtd2IukSZ9IzrRhFo23j4xjVdKounS/htTRVvhKRNUJJ7F6OwQTk6wstz0f24SOFVzlkJ0m1+f9mnYDgLd7149luGWiUroXTonGnOsqqHNQQI624pYiBNxTJwGP11kDAVLSF1psuc/Vf/MwOgdmokzVGtbLLPyJB93ffKQQP7+JbKSENCP6RUNXPJVWCNOEoUI3U39MU+sdKp3aE8uDK1N/94jvK8ESIaCJdulGlmvwlfGm2f3zS0iON3sIxCgBPPHBDcWf704Di1c8UA4+a1D8pupXwq/GFyPdFPesH2n5DLRaHA5Lnspa2s+UuKYACk8uIm1/avYkb0pcmCjHnARLjvsiD9iyOcBUGwv6F/p/IZ1BDQzzJuuLZC50AewXLp5t1mLhIaUrMur3cRY5QEvbsUqVeDWqEJ2cPozHb321wgDV8Y200yGfN4Icc+a4wQGAbD92QA58cHXEbdc1HiGNkINaAOrZF0evjUFp4y98rnoAyQ+YUxWGEajcmYDjky681WgE9DNE3vNJ7N/9xJqiUb/TkoaPwOn6ZadRFc2KhhiLkt8iGnQceJHoSqmmLCZeZLKlphnyATe0hFNuSqZH6XSko6RtSW0iS07jSq/MWiehU7p/T5YDGcuKXh8mA/AXnZak8BJt1LgAOy379NiUalkSCi3c44cQOnWuIqYU/+eHgtrU8I5VDuu2DWfu3aaKi5pC0oRg9kPghUhEmrxpTsXAcIcY2nx+HO1m4domZvqoJSb2VPR6oqDkxyGEpKLMUYR6tny5WDO8mSR0Op1z79tpa0duEDUs10FFdsRT/OrzdWVtRUnzuSm+lrIQMlQWTRR8sw5gUkH6eUkEU3Dajd4xq+/aRi1QCY5aPhgSP2tk54yM/8G++PfsrYlWvnNea1NDSWj9tD+Sbp29XDU1BLd6y4xUaUFm++Av/BcVQ4NPDKaX8z/Tj7Vr1aeEaqYllS2C6Ogb+oug7+ANux6g3Qr5hwBp+hqPxz/+tLj6jQmTsyOGYN32b/JrHYM2nXQXEAjQMCAFFj1ZtvFb+V5aE2MN/dWeM9ZMv1NyKO8cAw+7KzJRT6MqZBByhMV4FIzLzisAumaW/wMe/oDwxcLMqteJ/iCOvcu2LIxlZY2VkQcm7XXy584Xc7a5jwRw8ZKcD3LAHTgOhr+xo7L/Kbg8p9Li34DmQrzkNu9UHo7CAQ0xhg0b1XDj7Py7bGE=&u=U2FsdGVkX18e33RQw65lVbxp0oT/mFrT871RccUjhaY=&y=U2FsdGVkX1/jT4kJb9PP60DMrMaKSX95k1cEajcnues= HTTP/1.1" 200 657
52.167.144.209 - - [30/Dec/2023:08:57:18 -0500] "GET /BLA/resoluciones/AUTOS%202023/5986.pdf HTTP/1.1" 200 431332
186.102.46.3 - - [30/Dec/2023:08:57:18 -0500] "GET /kwssiamovil/sm/acme/s?s=U2FsdGVkX18MDysMWSxQ0hlzBjcKlsWiUt5WYe1O+Km8Tw7N5C+i1mhtzPoFj0T0dL/ro9mr/17FmudPMh+FZFLNmACBQCA7ZK+cN9sjkRv3ydCceL1W8nxeEMlH6R/wb4FJ3E/Z/49/ILTSIzvQpxyPW1bIKyb71l4GLD2/xsOdvWWTkxDWlejdS831Om9lIPnvNRmaYsP7FQPuYweNY2/8RrasReX/DwVQjEWI134Z/Y9F3V3JHn8J4bi7GoOjxlkE78P2L9hQ+eL+Z3wc8gIwgoB+jgVX86kkk/85/xHGhju/TsGrQTjNvsrgtB6VHVdJiyC15H3UozB8o1o87+qvbzjIigQTiwG3g7MuEbqpLTgxxgrgSYLvtOWE1h72gsuDGC7EzufxEVutDC8ikr/oe34rs/VCam7qvHV477RsPmDbzoaviao6AnMIZv5uVmE/gGH7R31KAEYTNpPUbyGvxopm/wVFiTKObLmiIAm8sl1bn5VQBJS6NCjh6y0N33pUbZdHRv1Xv8ORlfjnkviYbrg+0oJJ7QEJ4UFAuvhTJ1HmwVUtOswBeNOqwrGAUqTOUE1sCaxplpeIa8lC+d8nZR9PzAHNWxPioDg40XqEWnk1w/ZR7t2nF33k6cneYHpHG99nClbxrXnG4ZvX4DX8eQkfXIUcv1GEZeUlfjFHBN9N9y0IZOWs4wnc870wMSz3IFwlW9tSmOSnKMHy4XhfnUJg+IDbl2H2msKSw2bXpFhYq/MhIzqmHg5+xmEL&u=U2FsdGVkX18e33RQw65lVbxp0oT/mFrT871RccUjhaY=&y=U2FsdGVkX1/jT4kJb9PP60DMrMaKSX95k1cEajcnues= HTTP/1.1" 200 208
52.167.144.209 - - [30/Dec/2023:08:57:19 -0500] "GET /BLA/resoluciones/AUTOS%202023/5705.pdf HTTP/1.1" 200 494591
52.167.144.209 - - [30/Dec/2023:08:57:19 -0500] "GET /BLA/resoluciones/AUTOS%202023/07659.pdf HTTP/1.1" 200 407191
186.102.46.3 - - [30/Dec/2023:08:57:19 -0500] "GET /kwssiamovil/sm/cjson/pre?f=1&x=U2FsdGVkX1+lZx92ZcX3C0BNcZJbt63quVQGtd7RYRRMJ6eWUyioJGTVk88qADks HTTP/1.1" 200 31032
52.167.144.209 - - [30/Dec/2023:08:57:20 -0500] "GET /BLA/resoluciones/AUTOS%202023/05413.pdf HTTP/1.1" 200 375483
52.167.144.209 - - [30/Dec/2023:08:57:20 -0500] "GET /BLA/resoluciones/AUTOS%202023/5904.pdf HTTP/1.1" 200 981198
52.167.144.209 - - [30/Dec/2023:08:57:20 -0500] "GET /BLA/resoluciones/AUTOS%202023/5951.pdf HTTP/1.1" 200 419889
40.77.167.255 - - [30/Dec/2023:08:57:22 -0500] "GET /BLA/resoluciones/AUTOS%202023/05835.pdf HTTP/1.1" 200 395463
40.77.167.18 - - [30/Dec/2023:08:57:25 -0500] "GET /BLA/resoluciones/AUTOS%202023/3243.pdf HTTP/1.1" 200 341007
40.77.167.18 - - [30/Dec/2023:08:57:26 -0500] "GET /BLA/resoluciones/AUTOS%202023/5750.pdf HTTP/1.1" 200 502438
40.77.167.18 - - [30/Dec/2023:08:57:26 -0500] "GET /BLA/resoluciones/AUTOS%202023/05801.pdf HTTP/1.1" 200 393517
40.77.167.18 - - [30/Dec/2023:08:57:26 -0500] "GET /BLA/resoluciones/AUTOS%202023/5824.pdf HTTP/1.1" 200 386126
