66.249.66.20 - - [30/Dec/2023:02:44:03 -0500] "GET /Publicaciones/2023EE310666.pdf HTTP/1.1" 200 391908
66.249.66.19 - - [30/Dec/2023:02:44:04 -0500] "GET /Publicaciones/2023EE312849.pdf HTTP/1.1" 200 358901
66.249.66.21 - - [30/Dec/2023:02:44:04 -0500] "GET /Publicaciones/2023EE313860.pdf HTTP/1.1" 200 231958
66.249.66.20 - - [30/Dec/2023:02:44:05 -0500] "GET /Publicaciones/2023EE311551.pdf HTTP/1.1" 200 367321
66.249.66.21 - - [30/Dec/2023:02:44:06 -0500] "GET /Publicaciones/2023EE312080.pdf HTTP/1.1" 200 1753134
66.249.66.20 - - [30/Dec/2023:02:44:07 -0500] "GET /Publicaciones/2023EE312873.pdf HTTP/1.1" 200 231912
66.249.66.19 - - [30/Dec/2023:02:44:08 -0500] "GET /Publicaciones/2023EE312874.pdf HTTP/1.1" 200 232291
66.249.66.20 - - [30/Dec/2023:02:44:08 -0500] "GET /Publicaciones/2023EE312879.pdf HTTP/1.1" 200 231921
156.59.198.135 - - [30/Dec/2023:02:44:14 -0500] "GET /BLA/resoluciones/Notificaciones/AUTOS%202014/4207.doc HTTP/1.0" 200 112128
156.59.198.136 - - [30/Dec/2023:02:44:40 -0500] "GET /BLA/resoluciones/Notificaciones/AUTOS%202022/8071.pdf HTTP/1.0" 200 405008
156.59.198.135 - - [30/Dec/2023:02:45:04 -0500] "GET /BLA/resoluciones/Notificaciones/AUTOS%202018/5301.pdf HTTP/1.0" 200 230293
156.59.198.136 - - [30/Dec/2023:02:45:28 -0500] "GET /BLA/resoluciones/Notificaciones/AUTOS%202017/2242.pdf HTTP/1.0" 200 284850
156.59.198.136 - - [30/Dec/2023:02:45:52 -0500] "GET /BLA/resoluciones/RESOLUCIONES%202007/RES%202007%203601%20AL%203700/RESOLUCION%203623%20DE%202007.pdf HTTP/1.0" 200 856087
216.245.221.92 - - [30/Dec/2023:02:46:03 -0500] "HEAD / HTTP/1.1" 200 -
156.59.198.136 - - [30/Dec/2023:02:46:17 -0500] "GET /BLA/resoluciones/AUTOS%202023/5601.pdf HTTP/1.0" 200 399961
156.59.198.135 - - [30/Dec/2023:02:46:40 -0500] "GET /BLA/resoluciones/Notificaciones/AUTOS%202019/3073.pdf HTTP/1.0" 200 260451
201.245.192.253 - - [30/Dec/2023:02:46:41 -0500] "POST /kwsrmcab/Wsrmcab  HTTP/1.1" 200 36178
156.59.198.136 - - [30/Dec/2023:02:47:05 -0500] "GET /BLA/resoluciones/AUTOS%202023/5581.pdf HTTP/1.0" 200 418037
156.59.198.136 - - [30/Dec/2023:02:47:30 -0500] "GET /BLA/resoluciones/Notificaciones/RESOLUCIONES%202022/5437.pdf HTTP/1.0" 200 6926386
156.59.198.136 - - [30/Dec/2023:02:47:54 -0500] "GET /BLA/resoluciones/Notificaciones/AUTOS%202023/6654.pdf HTTP/1.0" 200 671751
156.59.198.135 - - [30/Dec/2023:02:48:19 -0500] "GET /BLA/resoluciones/Notificaciones/AUTOS%202022/8269.pdf HTTP/1.0" 200 409850
40.77.167.36 - - [30/Dec/2023:02:48:27 -0500] "GET /portaldeninos/parque-mirador-de-los-nevados/ HTTP/1.1" 200 89855
172.22.2.4 - - [30/Dec/2023:02:46:59 -0500] "HEAD /BLA/boletinlegal/ HTTP/1.1" 200 -
156.59.198.136 - - [30/Dec/2023:02:48:43 -0500] "GET /BLA/resoluciones/Notificaciones/AUTOS%202023/4898.pdf HTTP/1.0" 200 344930
40.77.167.36 - - [30/Dec/2023:02:49:06 -0500] "GET /portaldeninos/wp-content/themes/betheme/assets/jplayer/jplayer.min.js?ver=20.9.6 HTTP/1.1" 200 52702
40.77.167.36 - - [30/Dec/2023:02:49:06 -0500] "GET /portaldeninos/wp-content/themes/betheme/css/shortcodes.css?ver=20.9.6 HTTP/1.1" 200 138889
156.59.198.136 - - [30/Dec/2023:02:49:07 -0500] "GET /BLA/resoluciones/AUTOS%202023/2405.pdf HTTP/1.0" 200 677787
40.77.167.36 - - [30/Dec/2023:02:49:07 -0500] "GET /portaldeninos/wp-content/themes/betheme/js/plugins.js?ver=20.9.6 HTTP/1.1" 200 197151
52.167.144.140 - - [30/Dec/2023:02:49:12 -0500] "GET /portaldeninos/wp-content/themes/betheme/assets/animations/animations.min.css?ver=20.9.6 HTTP/1.1" 200 58508
52.167.144.140 - - [30/Dec/2023:02:49:13 -0500] "GET /portaldeninos/wp-includes/js/jquery/ui/accordion.min.js?ver=1.11.4 HTTP/1.1" 200 8584
52.167.144.140 - - [30/Dec/2023:02:49:13 -0500] "GET /portaldeninos/wp-includes/js/jquery/ui/mouse.min.js?ver=1.11.4 HTTP/1.1" 200 3148
52.167.144.140 - - [30/Dec/2023:02:49:13 -0500] "GET /portaldeninos/wp-includes/js/jquery/ui/widget.min.js?ver=1.11.4 HTTP/1.1" 200 6908
52.167.144.140 - - [30/Dec/2023:02:49:13 -0500] "GET /portaldeninos/wp-includes/js/jquery/ui/tabs.min.js?ver=1.11.4 HTTP/1.1" 200 12110
52.167.144.140 - - [30/Dec/2023:02:49:14 -0500] "GET /portaldeninos/wp-includes/js/wp-embed.min.js?ver=4.9.8 HTTP/1.1" 200 1398
40.77.167.36 - - [30/Dec/2023:02:49:07 -0500] "GET /portaldeninos/wp-content/uploads/2021/07/Recorrido-Aula-Mirador-de-los-Nevados.mp4 HTTP/1.1" 200 10010971
40.77.167.8 - - [30/Dec/2023:02:49:19 -0500] "GET /portaldeninos/wp-content/plugins/gallery-videos/CSS/totalsoft.css?ver=4.9.8 HTTP/1.1" 200 40622
40.77.167.8 - - [30/Dec/2023:02:49:19 -0500] "GET /portaldeninos/wp-content/plugins/gallery-videos/CSS/Total-Soft-Gallery-Video-Widget.css?ver=4.9.8 HTTP/1.1" 200 51554
40.77.167.8 - - [30/Dec/2023:02:49:19 -0500] "GET /portaldeninos/wp-content/plugins/gallery-videos/JS/modernizr.custom.js?ver=4.9.8 HTTP/1.1" 200 9019
40.77.167.8 - - [30/Dec/2023:02:49:20 -0500] "GET /portaldeninos/wp-content/themes/betheme/assets/jplayer/css/jplayer.blue.monday.css?ver=20.9.6 HTTP/1.1" 200 9834
40.77.167.8 - - [30/Dec/2023:02:49:20 -0500] "GET /portaldeninos/wp-content/themes/betheme/assets/ui/jquery.ui.all.css?ver=20.9.6 HTTP/1.1" 200 18765
40.77.167.8 - - [30/Dec/2023:02:49:20 -0500] "GET /portaldeninos/wp-content/themes/betheme/css/base.css?ver=20.9.6 HTTP/1.1" 200 57283
40.77.167.8 - - [30/Dec/2023:02:49:20 -0500] "GET /portaldeninos/wp-content/themes/betheme/css/responsive.css?ver=20.9.6 HTTP/1.1" 200 55740
40.77.167.8 - - [30/Dec/2023:02:49:21 -0500] "GET /portaldeninos/wp-content/themes/betheme/js/scripts.js?ver=20.9.6 HTTP/1.1" 200 77162
40.77.167.8 - - [30/Dec/2023:02:49:21 -0500] "GET /portaldeninos/wp-includes/js/jquery/jquery-migrate.min.js?ver=1.4.1 HTTP/1.1" 200 10056
40.77.167.8 - - [30/Dec/2023:02:49:21 -0500] "GET /portaldeninos/wp-content/uploads/useanyfont/uaf.css?ver=1589905315 HTTP/1.1" 200 408
40.77.167.36 - - [30/Dec/2023:02:49:29 -0500] "GET /portaldeninos/wp-content/themes/betheme/style.css?ver=20.9.6 HTTP/1.1" 200 287
40.77.167.36 - - [30/Dec/2023:02:49:29 -0500] "GET /portaldeninos/wp-includes/js/jquery/ui/core.min.js?ver=1.11.4 HTTP/1.1" 200 4000
40.77.167.36 - - [30/Dec/2023:02:49:29 -0500] "GET /portaldeninos/wp-includes/js/wp-emoji-release.min.js?ver=4.9.8 HTTP/1.1" 200 12026
172.22.2.4 - - [30/Dec/2023:02:47:51 -0500] "GET /BLA/boletinlegal/ HTTP/1.1" 200 60910
156.59.198.136 - - [30/Dec/2023:02:49:31 -0500] "GET /BLA/resoluciones/Notificaciones/AUTOS%202022/7419.pdf HTTP/1.0" 200 1230312
156.59.198.135 - - [30/Dec/2023:02:49:55 -0500] "GET /BLA/resoluciones/Notificaciones/AUTOS%202017/04139.pdf HTTP/1.0" 200 1180099
156.59.198.135 - - [30/Dec/2023:02:50:19 -0500] "GET /BLA/resoluciones/Notificaciones/AUTOS%202020/5036.pdf HTTP/1.0" 200 337749
156.59.198.136 - - [30/Dec/2023:02:50:44 -0500] "GET /BLA/resoluciones/Notificaciones/AUTOS%202018/3411.pdf HTTP/1.0" 200 343025
216.245.221.92 - - [30/Dec/2023:02:51:03 -0500] "HEAD / HTTP/1.1" 200 -
156.59.198.136 - - [30/Dec/2023:02:51:08 -0500] "GET /BLA/resoluciones/AUTOS%202012/0836.pdf HTTP/1.0" 200 332110
156.59.198.136 - - [30/Dec/2023:02:51:32 -0500] "GET /BLA/resoluciones/AUTOS%202023/2569.pdf HTTP/1.0" 200 2424237
201.245.192.253 - - [30/Dec/2023:02:51:39 -0500] "POST /kwsrmcab/Wsrmcab  HTTP/1.1" 200 36178
156.59.198.136 - - [30/Dec/2023:02:51:58 -0500] "GET /BLA/resoluciones/Notificaciones/AUTOS%202015/0565.doc HTTP/1.0" 200 201728
156.59.198.136 - - [30/Dec/2023:02:52:21 -0500] "GET /BLA/resoluciones/RESOLUCIONES%202007/RES%202007%204101%20AL%204200/RESOLUCION%204150%20DE%202007.pdf HTTP/1.0" 200 1150324
156.59.198.136 - - [30/Dec/2023:02:52:47 -0500] "GET /BLA/resoluciones/Notificaciones/AUTOS%202015/07023.doc HTTP/1.0" 200 89561
156.59.198.135 - - [30/Dec/2023:02:53:10 -0500] "GET /BLA/resoluciones/Notificaciones/AUTOS%202023/2151.pdf HTTP/1.0" 200 376481
156.59.198.136 - - [30/Dec/2023:02:53:35 -0500] "GET /BLA/resoluciones/RESOLUCIONES%202007/RES%202007%203701%20AL%203800/RESOLUCION%203705%20DE%202007.pdf HTTP/1.0" 200 267175
156.59.198.136 - - [30/Dec/2023:02:53:59 -0500] "GET /BLA/resoluciones/Notificaciones/AUTOS%202023/4469.pdf HTTP/1.0" 200 381556
156.59.198.136 - - [30/Dec/2023:02:54:22 -0500] "GET /BLA/resoluciones/Notificaciones/AUTOS%202018/01914.pdf HTTP/1.0" 200 289321
172.22.2.4 - - [30/Dec/2023:02:52:50 -0500] "HEAD /BLA/boletinlegal/ HTTP/1.1" 200 -
156.59.198.136 - - [30/Dec/2023:02:54:47 -0500] "GET /BLA/resoluciones/Notificaciones/RESOLUCIONES%202022/4684.pdf HTTP/1.0" 200 2900687
156.59.198.135 - - [30/Dec/2023:02:55:11 -0500] "GET /BLA/resoluciones/Notificaciones/AUTOS%202021/3274.pdf HTTP/1.0" 200 314626
172.22.2.4 - - [30/Dec/2023:02:53:41 -0500] "GET /BLA/boletinlegal/ HTTP/1.1" 200 60910
156.59.198.135 - - [30/Dec/2023:02:55:36 -0500] "GET /BLA/resoluciones/RESOLUCIONES%202020/1781.pdf HTTP/1.0" 200 6774900
156.59.198.135 - - [30/Dec/2023:02:56:01 -0500] "GET /BLA/resoluciones/Notificaciones/AUTOS%202021/0536.pdf HTTP/1.0" 200 342642
216.245.221.92 - - [30/Dec/2023:02:56:03 -0500] "HEAD / HTTP/1.1" 200 -
156.59.198.135 - - [30/Dec/2023:02:56:24 -0500] "GET /BLA/resoluciones/Notificaciones/AUTOS%202016/02369.doc HTTP/1.0" 200 374195
201.245.192.253 - - [30/Dec/2023:02:56:39 -0500] "POST /kwsrmcab/Wsrmcab  HTTP/1.1" 200 36178
156.59.198.135 - - [30/Dec/2023:02:56:48 -0500] "GET /BLA/resoluciones/AUTOS%202023/1482.pdf HTTP/1.0" 200 6961761
156.59.198.135 - - [30/Dec/2023:02:57:12 -0500] "GET /BLA/resoluciones/Notificaciones/RESOLUCIONES%202022/4733.pdf HTTP/1.0" 200 380461
52.167.144.175 - - [30/Dec/2023:02:57:19 -0500] "GET /sipse/faces/presentacion/sistema/anexos/cargarAnexoSolicitudProceso.xhtml HTTP/1.1" 302 -
52.167.144.175 - - [30/Dec/2023:02:57:20 -0500] "GET /sipse/faces/autenticacion.xhtml HTTP/1.1" 200 12415
156.59.198.135 - - [30/Dec/2023:02:57:37 -0500] "GET /BLA/resoluciones/AUTOS%202023/4752.pdf HTTP/1.0" 200 395994
156.59.198.136 - - [30/Dec/2023:02:58:02 -0500] "GET /BLA/resoluciones/Notificaciones/RESOLUCIONES%202021/2616.pdf HTTP/1.0" 200 353876
156.59.198.135 - - [30/Dec/2023:02:58:26 -0500] "GET /BLA/resoluciones/Notificaciones/AUTOS%202015/1322.doc HTTP/1.0" 200 102912
156.59.198.136 - - [30/Dec/2023:02:58:50 -0500] "GET /BLA/resoluciones/AUTOS%202012/0114.pdf HTTP/1.0" 200 329908
156.59.198.136 - - [30/Dec/2023:02:59:15 -0500] "GET /BLA/resoluciones/Notificaciones/AUTOS%202014/6371.doc HTTP/1.0" 200 171008
40.77.167.44 - - [30/Dec/2023:02:59:18 -0500] "GET /humedal-salitre-reverdece-con-mas-de-90-nuevos-arboles.html HTTP/1.1" 200 888
156.59.198.135 - - [30/Dec/2023:02:59:38 -0500] "GET /BLA/resoluciones/Notificaciones/AUTOS%202014/4357.doc HTTP/1.0" 200 96256
66.249.66.19 - - [30/Dec/2023:03:00:02 -0500] "GET /Publicaciones/2023EE204828.pdf HTTP/1.1" 404 228
156.59.198.135 - - [30/Dec/2023:03:00:04 -0500] "GET /BLA/resoluciones/Notificaciones/AUTOS%202014/2413.doc HTTP/1.0" 200 847872
172.22.2.4 - - [30/Dec/2023:02:58:40 -0500] "HEAD /BLA/boletinlegal/ HTTP/1.1" 200 -
156.59.198.135 - - [30/Dec/2023:03:00:28 -0500] "GET /BLA/resoluciones/Notificaciones/AUTOS%202016/01906.doc HTTP/1.0" 200 374779
156.59.198.136 - - [30/Dec/2023:03:00:54 -0500] "GET /BLA/resoluciones/RESOLUCIONES%202020/2285.pdf HTTP/1.0" 200 397256
216.245.221.92 - - [30/Dec/2023:03:01:03 -0500] "HEAD / HTTP/1.1" 200 -
172.22.2.4 - - [30/Dec/2023:02:59:31 -0500] "GET /BLA/boletinlegal/ HTTP/1.1" 200 58172
172.22.2.4 - - [30/Dec/2023:03:01:14 -0500] "GET /BLA/boletinlegal/autodiscover/autodiscover.json?@zdi/Powershell HTTP/1.1" 404 1018
156.59.198.136 - - [30/Dec/2023:03:01:17 -0500] "GET /BLA/resoluciones/AUTOS%202023/5124.pdf HTTP/1.0" 200 432900
69.171.249.7 - - [30/Dec/2023:03:01:39 -0500] "GET /images/reconocimiento%20practicas%20ambientales.jpg HTTP/1.1" 200 63397
69.171.249.118 - - [30/Dec/2023:03:01:39 -0500] "GET /images/participacion%2019-12-23.jpg HTTP/1.1" 200 73861
69.171.249.112 - - [30/Dec/2023:03:01:39 -0500] "GET /images/PREAD%20SDA%201.jpeg HTTP/1.1" 200 65620
69.171.249.118 - - [30/Dec/2023:03:01:39 -0500] "GET /images/agua%20bogota.jpg HTTP/1.1" 200 74348
69.171.249.9 - - [30/Dec/2023:03:01:39 -0500] "GET /images/Aves%20SDA.jpeg HTTP/1.1" 200 75104
69.171.249.6 - - [30/Dec/2023:03:01:39 -0500] "GET /images/arbol%20centro.jpg HTTP/1.1" 200 69467
69.171.249.116 - - [30/Dec/2023:03:01:39 -0500] "GET /images/terrazas%20verdes.jpg HTTP/1.1" 200 63951
201.245.192.253 - - [30/Dec/2023:03:01:38 -0500] "POST /kwsrmcab/Wsrmcab  HTTP/1.1" 200 36178
69.171.249.117 - - [30/Dec/2023:03:01:42 -0500] "GET /images/Musgo%2017%20-%2012%20-%202023.jpeg HTTP/1.1" 200 66238
156.59.198.135 - - [30/Dec/2023:03:01:43 -0500] "GET /BLA/resoluciones/AUTOS%202023/2710.pdf HTTP/1.0" 200 2304199
69.171.249.3 - - [30/Dec/2023:03:01:45 -0500] "GET /images/calidad-aire.jpg HTTP/1.1" 200 42421
156.59.198.136 - - [30/Dec/2023:03:02:07 -0500] "GET /BLA/resoluciones/RESOLUCIONES%202020/2494.pdf HTTP/1.0" 200 389987
216.244.66.195 - - [30/Dec/2023:03:02:25 -0500] "GET /robots.txt HTTP/1.1" 404 1018
156.59.198.135 - - [30/Dec/2023:03:02:31 -0500] "GET /BLA/resoluciones/Notificaciones/AUTOS%202017/00741.doc HTTP/1.0" 200 2956963
156.59.198.135 - - [30/Dec/2023:03:02:55 -0500] "GET /BLA/resoluciones/Notificaciones/AUTOS%202018/1412.pdf HTTP/1.0" 200 285510
156.59.198.135 - - [30/Dec/2023:03:03:19 -0500] "GET /BLA/resoluciones/Notificaciones/AUTOS%202014/5991.doc HTTP/1.0" 200 154112
156.59.198.136 - - [30/Dec/2023:03:03:44 -0500] "GET /BLA/resoluciones/Notificaciones/AUTOS%202019/2178.pdf HTTP/1.0" 200 254920
156.59.198.136 - - [30/Dec/2023:03:04:32 -0500] "GET /BLA/resoluciones/RESOLUCIONES%202007/RES%202007%202601%20AL%202700/RESOLUCION%202631%20DE%202007.pdf HTTP/1.0" 200 617596
47.128.113.192 - - [30/Dec/2023:03:04:43 -0500] "GET /BLA/resoluciones/index.php?dir=AUTOS%202006%2FAUTOS%202006%202101%20-%202200%2F&order=desc&sort=date HTTP/1.1" 200 22203
47.128.113.192 - - [30/Dec/2023:03:04:44 -0500] "GET /BLA/resoluciones/dlf/unknown.png HTTP/1.1" 200 266
47.128.113.192 - - [30/Dec/2023:03:04:44 -0500] "GET /BLA/resoluciones/dlf/dirup.png HTTP/1.1" 200 644
156.59.198.135 - - [30/Dec/2023:03:04:57 -0500] "GET /BLA/resoluciones/RESOLUCIONES%202007/RES%202007%202801%20AL%202900/RESOLUCION%202854%20DE%202007.pdf HTTP/1.0" 200 81201
40.77.188.246 - - [30/Dec/2023:03:05:04 -0500] "GET /portaldeninos/wp-content/themes/betheme/fonts/mfn-icons.woff?93978679 HTTP/1.1" 200 80932
156.59.198.136 - - [30/Dec/2023:03:05:21 -0500] "GET /BLA/resoluciones/RESOLUCIONES%202000/0871.pdf HTTP/1.0" 200 178076
156.59.198.135 - - [30/Dec/2023:03:05:46 -0500] "GET /BLA/resoluciones/Notificaciones/AUTOS%202022/4999.pdf HTTP/1.0" 200 443197
216.245.221.92 - - [30/Dec/2023:03:06:03 -0500] "HEAD / HTTP/1.1" 200 -
156.59.198.135 - - [30/Dec/2023:03:06:09 -0500] "GET /BLA/resoluciones/RESOLUCIONES%202007/RES%202007%202801%20AL%202900/RESOLUCION%202878%20DE%202007.pdf HTTP/1.0" 200 501506
172.22.2.4 - - [30/Dec/2023:03:04:30 -0500] "HEAD /BLA/boletinlegal/ HTTP/1.1" 200 -
156.59.198.135 - - [30/Dec/2023:03:06:35 -0500] "GET /BLA/resoluciones/AUTOS%202023/5986.pdf HTTP/1.0" 200 431332
201.245.192.253 - - [30/Dec/2023:03:06:36 -0500] "POST /kwsrmcab/Wsrmcab  HTTP/1.1" 200 36178
156.59.198.135 - - [30/Dec/2023:03:07:00 -0500] "GET /BLA/resoluciones/Notificaciones/AUTOS%202014/1708.doc HTTP/1.0" 200 874496
172.22.2.4 - - [30/Dec/2023:03:05:21 -0500] "GET /BLA/boletinlegal/ HTTP/1.1" 200 58567
156.59.198.135 - - [30/Dec/2023:03:07:24 -0500] "GET /BLA/resoluciones/Notificaciones/AUTOS%202020/3018.pdf HTTP/1.0" 200 298941
156.59.198.136 - - [30/Dec/2023:03:07:49 -0500] "GET /BLA/resoluciones/Notificaciones/AUTOS%202018/3019.pdf HTTP/1.0" 200 279041
52.167.144.210 - - [30/Dec/2023:03:07:51 -0500] "GET /BLA/resoluciones/RESOLUCIONES%202020/1661.pdf HTTP/1.1" 200 337798
107.173.163.109 - - [30/Dec/2023:03:08:03 -0500] "GET /distrito-exalto-a-246-empresas-de-bogota-por-su-alto-desempeno-y-responsabilidad-ambiental-durante-2023.html HTTP/1.1" 200 1039
156.59.198.135 - - [30/Dec/2023:03:08:13 -0500] "GET /BLA/resoluciones/Notificaciones/AUTOS%202023/4206.pdf HTTP/1.0" 200 421508
156.59.198.135 - - [30/Dec/2023:03:08:37 -0500] "GET /BLA/resoluciones/AUTOS%202023/2904.pdf HTTP/1.0" 200 793701
156.59.198.136 - - [30/Dec/2023:03:09:01 -0500] "GET /BLA/resoluciones/Notificaciones/AUTOS%202021/2888.pdf HTTP/1.0" 200 1383205
156.59.198.136 - - [30/Dec/2023:03:09:25 -0500] "GET /BLA/resoluciones/Notificaciones/AUTOS%202023/1537.pdf HTTP/1.0" 200 384451
173.252.127.3 - - [30/Dec/2023:03:09:29 -0500] "GET /bogota-actualiza-su-plan-de-gestion-ambiental-para-un-conseguir-un-futuro-mas-sostenible.html HTTP/1.1" 200 796
156.59.198.135 - - [30/Dec/2023:03:09:49 -0500] "GET /BLA/resoluciones/Notificaciones/AUTOS%202019/423.pdf HTTP/1.0" 200 248207
156.59.198.135 - - [30/Dec/2023:03:10:14 -0500] "GET /BLA/resoluciones/Notificaciones/AUTOS%202019/4436.pdf HTTP/1.0" 200 272699
156.59.198.135 - - [30/Dec/2023:03:10:38 -0500] "GET /BLA/resoluciones/Notificaciones/AUTOS%202016/3139.pdf HTTP/1.0" 200 355961
156.59.198.136 - - [30/Dec/2023:03:11:02 -0500] "GET /BLA/resoluciones/RESOLUCIONES%202007/RES%202007%202301%20AL%202400/RESOLUCION%202323%20DE%202007.pdf HTTP/1.0" 200 515482
216.245.221.92 - - [30/Dec/2023:03:11:03 -0500] "HEAD / HTTP/1.1" 200 -
156.59.198.135 - - [30/Dec/2023:03:11:27 -0500] "GET /BLA/resoluciones/Notificaciones/AUTOS%202014/1520.doc HTTP/1.0" 200 248320
201.245.192.253 - - [30/Dec/2023:03:11:34 -0500] "POST /kwsrmcab/Wsrmcab  HTTP/1.1" 200 36178
156.59.198.135 - - [30/Dec/2023:03:11:51 -0500] "GET /BLA/resoluciones/Notificaciones/AUTOS%202021/4916.pdf HTTP/1.0" 200 5368333
172.22.2.4 - - [30/Dec/2023:03:10:20 -0500] "HEAD /BLA/boletinlegal/ HTTP/1.1" 200 -
156.59.198.136 - - [30/Dec/2023:03:12:16 -0500] "GET /BLA/resoluciones/Notificaciones/RESOLUCIONES%202022/5017.pdf HTTP/1.0" 200 606421
66.249.66.21 - - [30/Dec/2023:03:12:28 -0500] "GET /BLA/resoluciones/Notificaciones/AUTOS%202023/1123.pdf HTTP/1.1" 304 -
66.249.66.21 - - [30/Dec/2023:03:12:29 -0500] "GET /BLA/resoluciones/Notificaciones/RESOLUCIONES%202023/0274.pdf HTTP/1.1" 200 3678815
66.249.66.20 - - [30/Dec/2023:03:12:31 -0500] "GET /Publicaciones/2023EE158696.pdf HTTP/1.1" 404 228
66.249.66.21 - - [30/Dec/2023:03:12:33 -0500] "GET /Publicaciones/2023EE131296.pdf HTTP/1.1" 404 228
66.249.66.19 - - [30/Dec/2023:03:12:34 -0500] "GET /BLA/resoluciones/Notificaciones/AUTOS%202023/1195.pdf HTTP/1.1" 200 383082
66.249.66.19 - - [30/Dec/2023:03:12:34 -0500] "GET /Publicaciones/2023EE261284.pdf HTTP/1.1" 404 228
66.249.66.20 - - [30/Dec/2023:03:12:34 -0500] "GET /Publicaciones/2023EE260494.pdf HTTP/1.1" 404 228
66.249.66.21 - - [30/Dec/2023:03:12:35 -0500] "GET /Publicaciones/2023EE278041.pdf HTTP/1.1" 404 228
156.59.198.135 - - [30/Dec/2023:03:12:40 -0500] "GET /BLA/resoluciones/Notificaciones/AUTOS%202022/00018.pdf HTTP/1.0" 200 470444
172.22.2.4 - - [30/Dec/2023:03:11:11 -0500] "GET /BLA/boletinlegal/ HTTP/1.1" 200 60910
156.59.198.136 - - [30/Dec/2023:03:13:04 -0500] "GET /BLA/resoluciones/RESOLUCIONES%202006/RESOLUCION%201908%20DE%202006.PDF HTTP/1.0" 200 314504
66.249.66.20 - - [30/Dec/2023:03:13:16 -0500] "GET /BLA/resoluciones/Notificaciones/AUTOS%202023/5725.pdf HTTP/1.1" 304 -
156.59.198.135 - - [30/Dec/2023:03:13:29 -0500] "GET /BLA/resoluciones/Notificaciones/REGISTROS%202018/0123.pdf HTTP/1.0" 200 266973
156.59.198.136 - - [30/Dec/2023:03:13:54 -0500] "GET /BLA/resoluciones/RESOLUCIONES%202020/1744.pdf HTTP/1.0" 200 3592460
66.249.66.21 - - [30/Dec/2023:03:14:02 -0500] "GET /Publicaciones/2023EE300788.pdf HTTP/1.1" 200 358023
66.249.66.19 - - [30/Dec/2023:03:14:02 -0500] "GET /Publicaciones/2023EE309211.pdf HTTP/1.1" 200 358120
66.249.66.19 - - [30/Dec/2023:03:14:03 -0500] "GET /Publicaciones/2023EE300483.pdf HTTP/1.1" 200 340291
66.249.66.21 - - [30/Dec/2023:03:14:03 -0500] "GET /Publicaciones/2023EE304360.pdf HTTP/1.1" 200 337913
66.249.66.21 - - [30/Dec/2023:03:14:04 -0500] "GET /Publicaciones/2023EE305254.pdf HTTP/1.1" 200 3028085
66.249.66.20 - - [30/Dec/2023:03:14:07 -0500] "GET /Publicaciones/2023EE302241.pdf HTTP/1.1" 200 607843
66.249.66.19 - - [30/Dec/2023:03:14:08 -0500] "GET /Publicaciones/2023EE307441.pdf HTTP/1.1" 200 734940
66.249.66.19 - - [30/Dec/2023:03:14:08 -0500] "GET /Publicaciones/2023EE309844.pdf HTTP/1.1" 200 229604
66.249.66.20 - - [30/Dec/2023:03:14:09 -0500] "GET /Publicaciones/2023EE301426.pdf HTTP/1.1" 200 231844
66.249.66.20 - - [30/Dec/2023:03:14:09 -0500] "GET /Publicaciones/2023EE312819.pdf HTTP/1.1" 200 231996
66.249.66.20 - - [30/Dec/2023:03:14:10 -0500] "GET /Publicaciones/2023EE305582.pdf HTTP/1.1" 200 540367
66.249.66.20 - - [30/Dec/2023:03:14:10 -0500] "GET /Publicaciones/2023EE309835.pdf HTTP/1.1" 200 231956
66.249.66.20 - - [30/Dec/2023:03:14:11 -0500] "GET /Publicaciones/2023EE300485.pdf HTTP/1.1" 200 231978
66.249.66.20 - - [30/Dec/2023:03:14:11 -0500] "GET /Publicaciones/2023EE306413.pdf HTTP/1.1" 200 2305634
66.249.66.23 - - [30/Dec/2023:03:14:13 -0500] "GET /Publicaciones/2023EE301981.pdf HTTP/1.1" 200 445316
66.249.66.23 - - [30/Dec/2023:03:14:14 -0500] "GET /Publicaciones/2023EE306425.pdf HTTP/1.1" 200 833373
66.249.66.21 - - [30/Dec/2023:03:14:15 -0500] "GET /Publicaciones/2023EE310582.pdf HTTP/1.1" 200 695948
66.249.66.21 - - [30/Dec/2023:03:14:15 -0500] "GET /Publicaciones/2023EE309837.pdf HTTP/1.1" 200 231885
66.249.66.1 - - [30/Dec/2023:03:14:16 -0500] "GET /Publicaciones/2023EE303533.pdf HTTP/1.1" 200 231972
66.249.66.19 - - [30/Dec/2023:03:14:16 -0500] "GET /Publicaciones/2023EE309219.pdf HTTP/1.1" 200 330890
66.249.66.19 - - [30/Dec/2023:03:14:17 -0500] "GET /Publicaciones/2023EE308354.pdf HTTP/1.1" 200 1170560
156.59.198.135 - - [30/Dec/2023:03:14:18 -0500] "GET /BLA/resoluciones/Notificaciones/AUTOS%202021/4084.pdf HTTP/1.0" 200 312747
66.249.66.19 - - [30/Dec/2023:03:14:18 -0500] "GET /Publicaciones/2023EE308665.pdf HTTP/1.1" 200 231379
66.249.66.1 - - [30/Dec/2023:03:14:18 -0500] "GET /Publicaciones/2023EE309832.pdf HTTP/1.1" 200 231870
66.249.66.19 - - [30/Dec/2023:03:14:19 -0500] "GET /Publicaciones/2023EE300927.pdf HTTP/1.1" 200 376804
66.249.66.2 - - [30/Dec/2023:03:14:19 -0500] "GET /Publicaciones/2023EE301453.pdf HTTP/1.1" 200 231786
66.249.66.2 - - [30/Dec/2023:03:14:20 -0500] "GET /Publicaciones/2023EE300344.pdf HTTP/1.1" 200 365620
66.249.66.2 - - [30/Dec/2023:03:14:20 -0500] "GET /Publicaciones/2023EE309838.pdf HTTP/1.1" 200 231896
66.249.66.1 - - [30/Dec/2023:03:14:21 -0500] "GET /Publicaciones/2023EE309839.pdf HTTP/1.1" 200 232035
66.249.66.22 - - [30/Dec/2023:03:14:21 -0500] "GET /Publicaciones/2023EE305973.pdf HTTP/1.1" 200 231945
66.249.66.22 - - [30/Dec/2023:03:14:22 -0500] "GET /Publicaciones/2023EE300477.pdf HTTP/1.1" 200 231854
66.249.66.21 - - [30/Dec/2023:03:14:22 -0500] "GET /Publicaciones/2023EE304446.pdf HTTP/1.1" 200 376949
66.249.66.4 - - [30/Dec/2023:03:14:23 -0500] "GET /Publicaciones/2023EE312724.pdf HTTP/1.1" 200 764022
66.249.66.19 - - [30/Dec/2023:03:14:24 -0500] "GET /Publicaciones/2023EE308073.pdf HTTP/1.1" 200 379115
66.249.66.21 - - [30/Dec/2023:03:14:24 -0500] "GET /Publicaciones/2023EE307980.pdf HTTP/1.1" 200 1906096
66.249.66.23 - - [30/Dec/2023:03:14:26 -0500] "GET /Publicaciones/2023EE303528.pdf HTTP/1.1" 200 232143
66.249.66.19 - - [30/Dec/2023:03:14:26 -0500] "GET /Publicaciones/2023EE312813.pdf HTTP/1.1" 200 231972
66.249.66.1 - - [30/Dec/2023:03:14:27 -0500] "GET /Publicaciones/2023EE308667.pdf HTTP/1.1" 200 231540
66.249.66.20 - - [30/Dec/2023:03:14:27 -0500] "GET /Publicaciones/2023EE309870.pdf HTTP/1.1" 200 237084
66.249.66.3 - - [30/Dec/2023:03:14:28 -0500] "GET /Publicaciones/2023EE312457.pdf HTTP/1.1" 200 767805
66.249.66.23 - - [30/Dec/2023:03:14:29 -0500] "GET /Publicaciones/2023EE300612.pdf HTTP/1.1" 200 1319150
66.249.66.23 - - [30/Dec/2023:03:14:30 -0500] "GET /Publicaciones/2023EE309849.pdf HTTP/1.1" 200 231965
66.249.66.22 - - [30/Dec/2023:03:14:31 -0500] "GET /Publicaciones/2023EE304318.pdf HTTP/1.1" 200 359533
66.249.66.2 - - [30/Dec/2023:03:14:31 -0500] "GET /Publicaciones/2023EE298859.pdf HTTP/1.1" 200 366996
66.249.66.2 - - [30/Dec/2023:03:14:31 -0500] "GET /Publicaciones/2023EE305036.pdf HTTP/1.1" 200 231925
66.249.66.20 - - [30/Dec/2023:03:14:32 -0500] "GET /Publicaciones/2023EE298867.pdf HTTP/1.1" 200 373569
66.249.66.19 - - [30/Dec/2023:03:14:32 -0500] "GET /Publicaciones/2023EE303529.pdf HTTP/1.1" 200 232008
66.249.66.1 - - [30/Dec/2023:03:14:33 -0500] "GET /Publicaciones/2023EE303212.pdf HTTP/1.1" 200 813232
66.249.66.21 - - [30/Dec/2023:03:14:34 -0500] "GET /Publicaciones/2023EE300479.pdf HTTP/1.1" 200 231955
66.249.66.22 - - [30/Dec/2023:03:14:34 -0500] "GET /Publicaciones/2023EE301916.pdf HTTP/1.1" 200 1171162
66.249.66.20 - - [30/Dec/2023:03:14:35 -0500] "GET /Publicaciones/2023EE301180.pdf HTTP/1.1" 200 790368
66.249.66.1 - - [30/Dec/2023:03:14:36 -0500] "GET /Publicaciones/2023EE309831.pdf HTTP/1.1" 200 231862
66.249.66.19 - - [30/Dec/2023:03:14:36 -0500] "GET /Publicaciones/2023EE305035.pdf HTTP/1.1" 200 231874
66.249.66.22 - - [30/Dec/2023:03:14:37 -0500] "GET /Publicaciones/2023EE300487.pdf HTTP/1.1" 200 231921
66.249.66.20 - - [30/Dec/2023:03:14:37 -0500] "GET /Publicaciones/2023EE308660.pdf HTTP/1.1" 200 232080
66.249.66.20 - - [30/Dec/2023:03:14:38 -0500] "GET /Publicaciones/2023EE305994.pdf HTTP/1.1" 200 1111724
66.249.66.19 - - [30/Dec/2023:03:14:39 -0500] "GET /Publicaciones/2023EE309847.pdf HTTP/1.1" 200 231862
66.249.66.21 - - [30/Dec/2023:03:14:39 -0500] "GET /Publicaciones/2023EE300492.pdf HTTP/1.1" 200 231991
66.249.66.2 - - [30/Dec/2023:03:14:39 -0500] "GET /Publicaciones/2023EE312826.pdf HTTP/1.1" 200 232007
66.249.66.3 - - [30/Dec/2023:03:14:40 -0500] "GET /Publicaciones/2023EE299236.pdf HTTP/1.1" 200 945959
66.249.66.1 - - [30/Dec/2023:03:14:41 -0500] "GET /Publicaciones/2023EE298850.pdf HTTP/1.1" 200 395189
66.249.66.5 - - [30/Dec/2023:03:14:41 -0500] "GET /Publicaciones/2023EE300852.pdf HTTP/1.1" 200 705873
66.249.66.4 - - [30/Dec/2023:03:14:42 -0500] "GET /Publicaciones/2023EE309834.pdf HTTP/1.1" 200 231872
66.249.66.19 - - [30/Dec/2023:03:14:43 -0500] "GET /Publicaciones/2023EE305777.pdf HTTP/1.1" 200 347520
156.59.198.136 - - [30/Dec/2023:03:14:43 -0500] "GET /BLA/resoluciones/AUTOS%202023/3064.pdf HTTP/1.0" 200 370886
66.249.66.3 - - [30/Dec/2023:03:14:43 -0500] "GET /Publicaciones/2023EE312009.pdf HTTP/1.1" 200 231900
66.249.66.22 - - [30/Dec/2023:03:14:43 -0500] "GET /Publicaciones/2023EE305974.pdf HTTP/1.1" 200 231871
66.249.66.3 - - [30/Dec/2023:03:14:44 -0500] "GET /Publicaciones/2023EE299231.pdf HTTP/1.1" 200 1197295
66.249.66.21 - - [30/Dec/2023:03:14:45 -0500] "GET /Publicaciones/2023EE309857.pdf HTTP/1.1" 200 234475
66.249.66.3 - - [30/Dec/2023:03:14:45 -0500] "GET /Publicaciones/2023EE307465.pdf HTTP/1.1" 200 243566
66.249.66.23 - - [30/Dec/2023:03:14:46 -0500] "GET /Publicaciones/2023EE302502.pdf HTTP/1.1" 200 336328
66.249.66.5 - - [30/Dec/2023:03:14:47 -0500] "GET /Publicaciones/2023EE300486.pdf HTTP/1.1" 200 231944
66.249.66.3 - - [30/Dec/2023:03:14:47 -0500] "GET /Publicaciones/2023EE305620.pdf HTTP/1.1" 200 835232
66.249.66.5 - - [30/Dec/2023:03:14:48 -0500] "GET /Publicaciones/2023EE303554.pdf HTTP/1.1" 200 1118234
66.249.66.20 - - [30/Dec/2023:03:14:49 -0500] "GET /Publicaciones/2023EE303555.pdf HTTP/1.1" 200 1188966
66.249.66.4 - - [30/Dec/2023:03:14:50 -0500] "GET /Publicaciones/2023EE301424.pdf HTTP/1.1" 200 231843
66.249.66.9 - - [30/Dec/2023:03:14:50 -0500] "GET /Publicaciones/2023EE312828.pdf HTTP/1.1" 200 232203
66.249.66.4 - - [30/Dec/2023:03:14:51 -0500] "GET /Publicaciones/2023EE304359.pdf HTTP/1.1" 200 231937
66.249.66.5 - - [30/Dec/2023:03:14:51 -0500] "GET /Publicaciones/2023EE311563.pdf HTTP/1.1" 200 375529
66.249.66.6 - - [30/Dec/2023:03:14:52 -0500] "GET /Publicaciones/2023EE303518.pdf HTTP/1.1" 200 232008
66.249.66.8 - - [30/Dec/2023:03:14:52 -0500] "GET /Publicaciones/2023EE301915.pdf HTTP/1.1" 200 1019889
66.249.66.8 - - [30/Dec/2023:03:14:54 -0500] "GET /Publicaciones/2023EE312814.pdf HTTP/1.1" 200 231574
66.249.66.23 - - [30/Dec/2023:03:14:54 -0500] "GET /Publicaciones/2023EE309220.pdf HTTP/1.1" 200 394724
66.249.66.7 - - [30/Dec/2023:03:14:54 -0500] "GET /Publicaciones/2023EE310577.pdf HTTP/1.1" 200 868474
66.249.66.9 - - [30/Dec/2023:03:14:55 -0500] "GET /Publicaciones/2023EE309216.pdf HTTP/1.1" 200 334512
66.249.66.10 - - [30/Dec/2023:03:14:56 -0500] "GET /Publicaciones/2023EE303534.pdf HTTP/1.1" 200 231463
66.249.66.3 - - [30/Dec/2023:03:14:56 -0500] "GET /Publicaciones/2023EE308000.pdf HTTP/1.1" 200 376560
66.249.66.21 - - [30/Dec/2023:03:14:57 -0500] "GET /Publicaciones/2023EE312184.pdf HTTP/1.1" 200 1847306
66.249.66.6 - - [30/Dec/2023:03:14:59 -0500] "GET /Publicaciones/2023EE305976.pdf HTTP/1.1" 200 231914
66.249.66.19 - - [30/Dec/2023:03:14:59 -0500] "GET /Publicaciones/2023EE300386.pdf HTTP/1.1" 200 395050
66.249.66.5 - - [30/Dec/2023:03:15:00 -0500] "GET /Publicaciones/2023EE301694.pdf HTTP/1.1" 200 480145
66.249.66.4 - - [30/Dec/2023:03:15:00 -0500] "GET /Publicaciones/2023EE300348.pdf HTTP/1.1" 200 376442
66.249.66.1 - - [30/Dec/2023:03:15:01 -0500] "GET /Publicaciones/2023EE310544.pdf HTTP/1.1" 200 1159650
66.249.66.1 - - [30/Dec/2023:03:15:02 -0500] "GET /Publicaciones/2023EE301181.pdf HTTP/1.1" 200 787776
66.249.66.9 - - [30/Dec/2023:03:15:03 -0500] "GET /Publicaciones/2023EE312868.pdf HTTP/1.1" 200 232124
66.249.66.9 - - [30/Dec/2023:03:15:03 -0500] "GET /Publicaciones/2023EE305969.pdf HTTP/1.1" 200 231873
66.249.66.19 - - [30/Dec/2023:03:15:03 -0500] "GET /Publicaciones/2023EE300490.pdf HTTP/1.1" 200 231967
66.249.66.7 - - [30/Dec/2023:03:15:04 -0500] "GET /Publicaciones/2023EE301449.pdf HTTP/1.1" 200 231975
66.249.66.16 - - [30/Dec/2023:03:15:04 -0500] "GET /Publicaciones/2023EE303527.pdf HTTP/1.1" 200 231990
66.249.66.10 - - [30/Dec/2023:03:15:05 -0500] "GET /Publicaciones/2023EE298872.pdf HTTP/1.1" 200 797356
66.249.66.9 - - [30/Dec/2023:03:15:06 -0500] "GET /Publicaciones/2023EE312660.pdf HTTP/1.1" 200 368510
156.59.198.135 - - [30/Dec/2023:03:15:06 -0500] "GET /BLA/resoluciones/Notificaciones/AUTOS%202020/4655.pdf HTTP/1.0" 200 4490501
66.249.66.22 - - [30/Dec/2023:03:15:06 -0500] "GET /Publicaciones/2023EE305231.pdf HTTP/1.1" 200 397451
66.249.66.19 - - [30/Dec/2023:03:15:07 -0500] "GET /Publicaciones/2023EE312661.pdf HTTP/1.1" 200 451181
66.249.66.19 - - [30/Dec/2023:03:15:07 -0500] "GET /Publicaciones/2023EE309876.pdf HTTP/1.1" 200 231548
66.249.66.7 - - [30/Dec/2023:03:15:08 -0500] "GET /Publicaciones/2023EE304445.pdf HTTP/1.1" 200 367276
66.249.66.20 - - [30/Dec/2023:03:15:08 -0500] "GET /Publicaciones/2023EE305138.pdf HTTP/1.1" 200 1438673
66.249.66.22 - - [30/Dec/2023:03:15:10 -0500] "GET /Publicaciones/2023EE309908.pdf HTTP/1.1" 200 365241
66.249.66.6 - - [30/Dec/2023:03:15:10 -0500] "GET /Publicaciones/2023EE312831.pdf HTTP/1.1" 200 232135
66.249.66.8 - - [30/Dec/2023:03:15:11 -0500] "GET /Publicaciones/2023EE309830.pdf HTTP/1.1" 200 231994
66.249.66.13 - - [30/Dec/2023:03:15:11 -0500] "GET /Publicaciones/2023EE301423.pdf HTTP/1.1" 200 232112
66.249.66.9 - - [30/Dec/2023:03:15:12 -0500] "GET /Publicaciones/2023EE307982.pdf HTTP/1.1" 200 1837218
66.249.66.11 - - [30/Dec/2023:03:15:13 -0500] "GET /Publicaciones/2023EE300481.pdf HTTP/1.1" 200 231887
66.249.66.14 - - [30/Dec/2023:03:15:14 -0500] "GET /Publicaciones/2023EE309952.pdf HTTP/1.1" 200 231922
66.249.66.4 - - [30/Dec/2023:03:15:14 -0500] "GET /Publicaciones/2023EE300488.pdf HTTP/1.1" 200 231994
66.249.66.21 - - [30/Dec/2023:03:15:15 -0500] "GET /Publicaciones/2023EE310298.pdf HTTP/1.1" 200 2980491
66.249.66.7 - - [30/Dec/2023:03:15:18 -0500] "GET /Publicaciones/2023EE300484.pdf HTTP/1.1" 200 231928
66.249.66.14 - - [30/Dec/2023:03:15:18 -0500] "GET /Publicaciones/2023EE305165.pdf HTTP/1.1" 200 232082
66.249.66.21 - - [30/Dec/2023:03:15:19 -0500] "GET /Publicaciones/2023EE306424.pdf HTTP/1.1" 200 749045
66.249.66.14 - - [30/Dec/2023:03:15:19 -0500] "GET /Publicaciones/2023EE309303.pdf HTTP/1.1" 200 740318
66.249.66.1 - - [30/Dec/2023:03:15:20 -0500] "GET /Publicaciones/2023EE303586.pdf HTTP/1.1" 200 232024
66.249.66.4 - - [30/Dec/2023:03:15:21 -0500] "GET /Publicaciones/2023EE300476.pdf HTTP/1.1" 200 231939
66.249.66.15 - - [30/Dec/2023:03:15:21 -0500] "GET /Publicaciones/2023EE306423.pdf HTTP/1.1" 200 970511
66.249.66.17 - - [30/Dec/2023:03:15:22 -0500] "GET /Publicaciones/2023EE300365.pdf HTTP/1.1" 200 372965
66.249.66.20 - - [30/Dec/2023:03:15:23 -0500] "GET /Publicaciones/2023EE312816.pdf HTTP/1.1" 200 231914
66.249.66.14 - - [30/Dec/2023:03:15:23 -0500] "GET /Publicaciones/2023EE305037.pdf HTTP/1.1" 200 231813
66.249.66.17 - - [30/Dec/2023:03:15:24 -0500] "GET /Publicaciones/2023EE309226.pdf HTTP/1.1" 200 546746
156.59.198.135 - - [30/Dec/2023:03:15:30 -0500] "GET /BLA/resoluciones/Notificaciones/RESOLUCIONES%202022/1213.pdf HTTP/1.0" 200 770831
201.245.192.253 - - [30/Dec/2023:03:15:49 -0500] "POST /kwsrmcab/Wsrmcab HTTP/1.1" 200 36484
201.245.192.253 - - [30/Dec/2023:03:15:52 -0500] "POST /kwsrmcab/Wsrmcab HTTP/1.1" 200 36802
156.59.198.136 - - [30/Dec/2023:03:15:55 -0500] "GET /BLA/resoluciones/Notificaciones/REGISTROS%202022/00451.pdf HTTP/1.0" 200 838351
216.245.221.92 - - [30/Dec/2023:03:16:03 -0500] "HEAD / HTTP/1.1" 200 -
156.59.198.135 - - [30/Dec/2023:03:16:18 -0500] "GET /BLA/resoluciones/Notificaciones/AUTOS%202014/6062.doc HTTP/1.0" 200 153600
201.245.192.253 - - [30/Dec/2023:03:16:33 -0500] "POST /kwsrmcab/Wsrmcab  HTTP/1.1" 200 36178
156.59.198.135 - - [30/Dec/2023:03:16:43 -0500] "GET /BLA/resoluciones/Notificaciones/AUTOS%202014/6553.doc HTTP/1.0" 200 157696
156.59.198.136 - - [30/Dec/2023:03:17:08 -0500] "GET /BLA/resoluciones/RESOLUCIONES%202020/1168.pdf HTTP/1.0" 200 379988
47.128.29.144 - - [30/Dec/2023:03:17:33 -0500] "GET /BLA/resoluciones/index.php?dir=Notificaciones%2FREGISTROS%202015%2F&order=desc&sort=size HTTP/1.1" 200 19556
47.128.29.144 - - [30/Dec/2023:03:17:34 -0500] "GET /BLA/resoluciones/dlf/dirup.png HTTP/1.1" 200 644
47.128.29.144 - - [30/Dec/2023:03:17:34 -0500] "GET /BLA/resoluciones/dlf/doc.gif HTTP/1.1" 200 1079
172.22.2.4 - - [30/Dec/2023:03:16:10 -0500] "HEAD /BLA/boletinlegal/ HTTP/1.1" 200 -
172.22.2.4 - - [30/Dec/2023:03:16:12 -0500] "HEAD /BLA/boletinlegal/ HTTP/1.1" 200 -
216.244.66.195 - - [30/Dec/2023:03:17:54 -0500] "GET /BLA/resoluciones/AUTOS%202019/1425.pdf HTTP/1.1" 200 268701
156.59.198.136 - - [30/Dec/2023:03:17:57 -0500] "GET /BLA/resoluciones/Notificaciones/AUTOS%202019/0449.pdf HTTP/1.0" 200 272576
216.244.66.195 - - [30/Dec/2023:03:18:02 -0500] "GET /BLA/resoluciones/AUTOS%202019/1865.pdf HTTP/1.1" 200 304726
216.244.66.195 - - [30/Dec/2023:03:18:18 -0500] "GET /BLA/resoluciones/AUTOS%202019/2449.pdf HTTP/1.1" 200 490851
156.59.198.136 - - [30/Dec/2023:03:18:21 -0500] "GET /BLA/resoluciones/RESOLUCIONES%202020/1639.pdf HTTP/1.0" 200 379453
172.22.2.4 - - [30/Dec/2023:03:17:01 -0500] "GET /BLA/boletinlegal/ HTTP/1.1" 200 54780
156.59.198.136 - - [30/Dec/2023:03:18:45 -0500] "GET /BLA/resoluciones/Notificaciones/AUTOS%202017/02241.pdf HTTP/1.0" 200 282834
216.244.66.195 - - [30/Dec/2023:03:19:02 -0500] "GET /BLA/resoluciones/AUTOS%202019/2869.pdf HTTP/1.1" 200 273708
156.59.198.136 - - [30/Dec/2023:03:19:09 -0500] "GET /BLA/resoluciones/Notificaciones/REGISTROS%202020/0878.pdf HTTP/1.0" 200 269015
216.244.66.195 - - [30/Dec/2023:03:19:32 -0500] "GET /BLA/resoluciones/AUTOS%202019/3095.pdf HTTP/1.1" 200 255593
156.59.198.136 - - [30/Dec/2023:03:19:33 -0500] "GET /BLA/resoluciones/Notificaciones/AUTOS%202018/06869.pdf HTTP/1.0" 200 327832
156.59.198.135 - - [30/Dec/2023:03:19:57 -0500] "GET /BLA/resoluciones/Notificaciones/AUTOS%202021/4778.pdf HTTP/1.0" 200 339551
201.245.192.253 - - [30/Dec/2023:03:19:55 -0500] "POST /kwsrmcab/Wsrmcab HTTP/1.1" 200 36484
216.244.66.195 - - [30/Dec/2023:03:20:01 -0500] "GET /BLA/resoluciones/AUTOS%202019/3103.pdf HTTP/1.1" 200 257965
201.245.192.253 - - [30/Dec/2023:03:20:00 -0500] "POST /kwsrmcab/Wsrmcab HTTP/1.1" 200 36802
156.59.198.136 - - [30/Dec/2023:03:20:22 -0500] "GET /BLA/resoluciones/Notificaciones/AUTOS%202021/4498.pdf HTTP/1.0" 200 364255
216.244.66.195 - - [30/Dec/2023:03:20:31 -0500] "GET /BLA/resoluciones/AUTOS%202019/3121.pdf HTTP/1.1" 200 297532
156.59.198.135 - - [30/Dec/2023:03:20:46 -0500] "GET /BLA/resoluciones/Notificaciones/AUTOS%202019/4051.pdf HTTP/1.0" 200 283980
216.244.66.195 - - [30/Dec/2023:03:20:58 -0500] "GET /BLA/resoluciones/AUTOS%202019/3289.pdf HTTP/1.1" 200 343920
216.245.221.92 - - [30/Dec/2023:03:21:03 -0500] "HEAD / HTTP/1.1" 200 -
52.167.144.219 - - [30/Dec/2023:03:21:09 -0500] "GET /derechos-de-construccion-estrategia-del-distrito-para-adquirir-predios-privados-en-la-van-der-hammen-y-los-cerros-orientales.html HTTP/1.1" 200 912
156.59.198.136 - - [30/Dec/2023:03:21:10 -0500] "GET /BLA/resoluciones/Notificaciones/AUTOS%202022/8347.pdf HTTP/1.0" 200 369286
52.167.144.232 - - [30/Dec/2023:03:21:14 -0500] "GET /planes-proyectos-y-estrategias-para-mejorar-la-calidad-del-aire-de-bogota.html HTTP/1.1" 200 757
216.244.66.195 - - [30/Dec/2023:03:21:24 -0500] "GET /BLA/resoluciones/AUTOS%202019/3690.pdf HTTP/1.1" 200 206940
201.245.192.253 - - [30/Dec/2023:03:21:32 -0500] "POST /kwsrmcab/Wsrmcab  HTTP/1.1" 200 36178
156.59.198.135 - - [30/Dec/2023:03:21:35 -0500] "GET /BLA/resoluciones/Notificaciones/AUTOS%202014/02183.pdf HTTP/1.0" 200 519666
216.244.66.195 - - [30/Dec/2023:03:21:50 -0500] "GET /BLA/resoluciones/AUTOS%202019/4496.pdf HTTP/1.1" 200 288027
156.59.198.136 - - [30/Dec/2023:03:22:00 -0500] "GET /BLA/resoluciones/Notificaciones/AUTOS%202022/8270.pdf HTTP/1.0" 200 1887378
156.59.198.136 - - [30/Dec/2023:03:22:24 -0500] "GET /BLA/resoluciones/Notificaciones/REGISTROS%202019/00572.pdf HTTP/1.0" 200 260261
156.59.198.135 - - [30/Dec/2023:03:22:48 -0500] "GET /BLA/resoluciones/Notificaciones/RESOLUCIONES%202022/1851.pdf HTTP/1.0" 200 433390
156.59.198.135 - - [30/Dec/2023:03:23:12 -0500] "GET /BLA/resoluciones/AUTOS%202023/3708.pdf HTTP/1.0" 200 2794779
40.77.167.16 - - [30/Dec/2023:03:23:28 -0500] "GET /images/panoramica%20bog%20calidad%20aire%202912.jpg HTTP/1.1" 200 61158
156.59.198.136 - - [30/Dec/2023:03:23:36 -0500] "GET /BLA/resoluciones/AUTOS%202023/2924.pdf HTTP/1.0" 200 392656
172.22.2.4 - - [30/Dec/2023:03:22:00 -0500] "HEAD /BLA/boletinlegal/ HTTP/1.1" 200 -
156.59.198.135 - - [30/Dec/2023:03:24:02 -0500] "GET /BLA/resoluciones/Notificaciones/RESOLUCIONES%202021/0090.pdf HTTP/1.0" 200 374759
156.59.198.136 - - [30/Dec/2023:03:24:25 -0500] "GET /BLA/resoluciones/Notificaciones/AUTOS%202019/4424.pdf HTTP/1.0" 200 272614
172.22.2.4 - - [30/Dec/2023:03:22:51 -0500] "GET /BLA/boletinlegal/ HTTP/1.1" 200 58172
156.59.198.136 - - [30/Dec/2023:03:24:49 -0500] "GET /BLA/resoluciones/Notificaciones/AUTOS%202020/04216.pdf HTTP/1.0" 200 368612
156.59.198.136 - - [30/Dec/2023:03:25:13 -0500] "GET /BLA/resoluciones/Notificaciones/REGISTROS%202022/02016.pdf HTTP/1.0" 200 408355
156.59.198.135 - - [30/Dec/2023:03:25:37 -0500] "GET /BLA/resoluciones/Notificaciones/AUTOS%202013/2526.doc HTTP/1.0" 200 235008
201.245.192.253 - - [30/Dec/2023:03:25:49 -0500] "POST /kwsrmcab/Wsrmcab HTTP/1.1" 200 36484
201.245.192.253 - - [30/Dec/2023:03:25:52 -0500] "POST /kwsrmcab/Wsrmcab HTTP/1.1" 200 36802
156.59.198.136 - - [30/Dec/2023:03:26:01 -0500] "GET /BLA/resoluciones/Notificaciones/AUTOS%202015/07025.doc HTTP/1.0" 200 89593
216.245.221.92 - - [30/Dec/2023:03:26:03 -0500] "HEAD / HTTP/1.1" 200 -
156.59.198.136 - - [30/Dec/2023:03:26:26 -0500] "GET /BLA/resoluciones/RESOLUCIONES%202007/RES%202007%202301%20AL%202400/RESOLUCION%202392%20DE%202007.pdf HTTP/1.0" 200 30641
201.245.192.253 - - [30/Dec/2023:03:26:30 -0500] "POST /kwsrmcab/Wsrmcab  HTTP/1.1" 200 36178
156.59.198.136 - - [30/Dec/2023:03:26:50 -0500] "GET /BLA/resoluciones/AUTOS%202023/5163.pdf HTTP/1.0" 200 728430
156.59.198.136 - - [30/Dec/2023:03:27:14 -0500] "GET /BLA/resoluciones/Notificaciones/AUTOS%202013/3264.doc HTTP/1.0" 200 867328
156.59.198.135 - - [30/Dec/2023:03:27:39 -0500] "GET /BLA/resoluciones/AUTOS%202023/4299.pdf HTTP/1.0" 200 6088925
156.59.198.135 - - [30/Dec/2023:03:28:04 -0500] "GET /BLA/resoluciones/AUTOS%202023/5382.pdf HTTP/1.0" 200 319188
156.59.198.136 - - [30/Dec/2023:03:28:27 -0500] "GET /BLA/resoluciones/Notificaciones/AUTOS%202021/4786.pdf HTTP/1.0" 200 330986
156.59.198.136 - - [30/Dec/2023:03:28:53 -0500] "GET /BLA/resoluciones/Notificaciones/AUTOS%202015/0501.doc HTTP/1.0" 200 178688
156.59.198.135 - - [30/Dec/2023:03:29:16 -0500] "GET /BLA/resoluciones/Notificaciones/AUTOS%202014/1845.doc HTTP/1.0" 200 243200
172.22.2.4 - - [30/Dec/2023:03:27:51 -0500] "HEAD /BLA/boletinlegal/ HTTP/1.1" 200 -
156.59.198.135 - - [30/Dec/2023:03:29:40 -0500] "GET /BLA/resoluciones/Notificaciones/AUTOS%202016/03194.doc HTTP/1.0" 200 367090
201.245.192.253 - - [30/Dec/2023:03:29:54 -0500] "POST /kwsrmcab/Wsrmcab HTTP/1.1" 200 36484
201.245.192.253 - - [30/Dec/2023:03:29:59 -0500] "POST /kwsrmcab/Wsrmcab HTTP/1.1" 200 36802
156.59.198.136 - - [30/Dec/2023:03:30:04 -0500] "GET /BLA/resoluciones/Notificaciones/REGISTROS%202019/0339.pdf HTTP/1.0" 200 257849
172.22.2.4 - - [30/Dec/2023:03:28:42 -0500] "GET /BLA/boletinlegal/ HTTP/1.1" 200 60502
156.59.198.135 - - [30/Dec/2023:03:30:29 -0500] "GET /BLA/resoluciones/RESOLUCIONES%202007/RES%202007%203801%20AL%203900/RESOLUCION%203809%20DE%202007.pdf HTTP/1.0" 200 388442
156.59.198.135 - - [30/Dec/2023:03:30:54 -0500] "GET /BLA/resoluciones/Notificaciones/AUTOS%202013/3019.doc HTTP/1.0" 200 227328
216.245.221.92 - - [30/Dec/2023:03:31:03 -0500] "HEAD / HTTP/1.1" 200 -
156.59.198.136 - - [30/Dec/2023:03:31:17 -0500] "GET /BLA/resoluciones/Notificaciones/REGISTROS%202019/00221.pdf HTTP/1.0" 200 258609
104.131.185.244 - - [30/Dec/2023:03:31:23 -0500] "GET /.git/config HTTP/1.1" 404 1018
201.245.192.253 - - [30/Dec/2023:03:31:28 -0500] "POST /kwsrmcab/Wsrmcab  HTTP/1.1" 200 36178
156.59.198.135 - - [30/Dec/2023:03:31:41 -0500] "GET /BLA/resoluciones/Notificaciones/RESOLUCIONES%202023/859.pdf HTTP/1.0" 200 414935
156.59.198.135 - - [30/Dec/2023:03:32:08 -0500] "GET /BLA/resoluciones/Notificaciones/AUTOS%202018/05198.pdf HTTP/1.0" 200 265558
156.59.198.135 - - [30/Dec/2023:03:32:30 -0500] "GET /BLA/resoluciones/Notificaciones/AUTOS%202014/3954.doc HTTP/1.0" 200 139776
156.59.198.135 - - [30/Dec/2023:03:32:54 -0500] "GET /BLA/resoluciones/AUTOS%202023/4224.pdf HTTP/1.0" 200 435898
156.59.198.136 - - [30/Dec/2023:03:33:18 -0500] "GET /BLA/resoluciones/AUTOS%202023/1882.pdf HTTP/1.0" 200 762289
156.59.198.136 - - [30/Dec/2023:03:33:42 -0500] "GET /BLA/resoluciones/Notificaciones/RESOLUCIONES%202023/451.pdf HTTP/1.0" 200 429295
156.59.198.136 - - [30/Dec/2023:03:34:07 -0500] "GET /BLA/resoluciones/Notificaciones/AUTOS%202023/566.pdf HTTP/1.0" 200 375384
156.59.198.136 - - [30/Dec/2023:03:34:33 -0500] "GET /BLA/resoluciones/Notificaciones/AUTOS%202014/0184.doc HTTP/1.0" 200 228864
156.59.198.136 - - [30/Dec/2023:03:35:04 -0500] "GET /BLA/resoluciones/AUTOS%202023/5761.pdf HTTP/1.0" 200 980305
172.22.2.4 - - [30/Dec/2023:03:33:41 -0500] "HEAD /BLA/boletinlegal/ HTTP/1.1" 200 -
156.59.198.135 - - [30/Dec/2023:03:35:22 -0500] "GET /BLA/resoluciones/Notificaciones/AUTOS%202014/0617.doc HTTP/1.0" 200 246272
156.59.198.136 - - [30/Dec/2023:03:35:42 -0500] "GET /BLA/resoluciones/Notificaciones/AUTOS%202017/04467.pdf HTTP/1.0" 200 288164
201.245.192.253 - - [30/Dec/2023:03:35:49 -0500] "POST /kwsrmcab/Wsrmcab HTTP/1.1" 200 36484
201.245.192.253 - - [30/Dec/2023:03:35:52 -0500] "POST /kwsrmcab/Wsrmcab HTTP/1.1" 200 36802
216.245.221.92 - - [30/Dec/2023:03:36:03 -0500] "HEAD / HTTP/1.1" 200 -
156.59.198.136 - - [30/Dec/2023:03:36:08 -0500] "GET /BLA/resoluciones/Notificaciones/AUTOS%202014/4822.doc HTTP/1.0" 200 95744
172.22.2.4 - - [30/Dec/2023:03:34:32 -0500] "GET /BLA/boletinlegal/ HTTP/1.1" 200 50150
172.22.2.4 - - [30/Dec/2023:03:34:44 -0500] "GET /BLA/boletinlegal/index.php HTTP/1.1" 200 51383
201.245.192.253 - - [30/Dec/2023:03:36:27 -0500] "POST /kwsrmcab/Wsrmcab  HTTP/1.1" 200 36178
156.59.198.136 - - [30/Dec/2023:03:36:31 -0500] "GET /BLA/resoluciones/Notificaciones/AUTOS%202017/01211.pdf HTTP/1.0" 200 346477
168.119.253.13 - - [30/Dec/2023:03:36:49 -0500] "GET / HTTP/1.1" 200 4720
168.119.253.13 - - [30/Dec/2023:03:36:53 -0500] "GET / HTTP/1.1" 200 319
156.59.198.136 - - [30/Dec/2023:03:36:55 -0500] "GET /BLA/resoluciones/Notificaciones/AUTOS%202021/1345.pdf HTTP/1.0" 200 325359
172.22.2.4 - - [30/Dec/2023:03:37:00 -0500] "GET /BLA/boletinlegal/js/jquery.scrollShow.js HTTP/1.1" 200 4586
172.22.2.4 - - [30/Dec/2023:03:37:00 -0500] "GET /BLA/boletinlegal/js/jquery.scrollTo-min.js HTTP/1.1" 200 1150
172.22.2.4 - - [30/Dec/2023:03:37:04 -0500] "GET /BLA/boletinlegal/js/jquery.js HTTP/1.1" 200 57254
172.22.2.4 - - [30/Dec/2023:03:37:05 -0500] "GET /BLA/boletinlegal/styles2.css HTTP/1.1" 200 1838
156.59.198.135 - - [30/Dec/2023:03:37:20 -0500] "GET /BLA/resoluciones/Notificaciones/AUTOS%202020/04010.pdf HTTP/1.0" 200 359477
156.59.198.136 - - [30/Dec/2023:03:37:44 -0500] "GET /BLA/resoluciones/Notificaciones/AUTOS%202014/3314.doc HTTP/1.0" 200 102400
156.59.198.135 - - [30/Dec/2023:03:38:07 -0500] "GET /BLA/resoluciones/Notificaciones/AUTOS%202023/971.pdf HTTP/1.0" 200 435962
156.59.198.136 - - [30/Dec/2023:03:38:32 -0500] "GET /BLA/resoluciones/AUTOS%202016/3074.pdf HTTP/1.0" 200 332851
156.59.198.136 - - [30/Dec/2023:03:38:57 -0500] "GET /BLA/resoluciones/Notificaciones/AUTOS%202013/3497.doc HTTP/1.0" 200 230912
156.59.198.135 - - [30/Dec/2023:03:39:21 -0500] "GET /BLA/resoluciones/Notificaciones/REGISTROS%202018/01377.pdf HTTP/1.0" 200 265823
156.59.198.135 - - [30/Dec/2023:03:39:46 -0500] "GET /BLA/resoluciones/Notificaciones/RESOLUCIONES%202023/1238.pdf HTTP/1.0" 200 375034
201.245.192.253 - - [30/Dec/2023:03:39:53 -0500] "POST /kwsrmcab/Wsrmcab HTTP/1.1" 200 36484
201.245.192.253 - - [30/Dec/2023:03:39:57 -0500] "POST /kwsrmcab/Wsrmcab HTTP/1.1" 200 36802
156.59.198.136 - - [30/Dec/2023:03:40:10 -0500] "GET /BLA/resoluciones/RESOLUCIONES%202007/RES%202007%201801%20AL%201900/RESOLUCION%201841%20DE%202007.pdf HTTP/1.0" 200 146094
156.59.198.135 - - [30/Dec/2023:03:40:35 -0500] "GET /BLA/resoluciones/Notificaciones/AUTOS%202022/4415.pdf HTTP/1.0" 200 1681711
156.59.198.135 - - [30/Dec/2023:03:41:00 -0500] "GET /BLA/resoluciones/Notificaciones/RESOLUCIONES%202021/3406.pdf HTTP/1.0" 200 408807
216.245.221.92 - - [30/Dec/2023:03:41:03 -0500] "HEAD / HTTP/1.1" 200 -
172.22.2.4 - - [30/Dec/2023:03:39:31 -0500] "HEAD /BLA/boletinlegal/ HTTP/1.1" 200 -
156.59.198.135 - - [30/Dec/2023:03:41:25 -0500] "GET /BLA/resoluciones/Notificaciones/AUTOS%202021/2933.pdf HTTP/1.0" 200 352736
201.245.192.253 - - [30/Dec/2023:03:41:25 -0500] "POST /kwsrmcab/Wsrmcab  HTTP/1.1" 200 36178
156.59.198.136 - - [30/Dec/2023:03:41:49 -0500] "GET /BLA/resoluciones/Notificaciones/RESOLUCIONES%202021/1644.pdf HTTP/1.0" 200 348773
172.22.2.4 - - [30/Dec/2023:03:40:22 -0500] "GET /BLA/boletinlegal/ HTTP/1.1" 200 58172
156.59.198.136 - - [30/Dec/2023:03:42:12 -0500] "GET /BLA/resoluciones/Notificaciones/AUTOS%202023/3181.pdf HTTP/1.0" 200 1396896
40.77.167.18 - - [30/Dec/2023:03:42:22 -0500] "GET /BLA/resoluciones/RESOLUCIONES%202022/4742.pdf HTTP/1.1" 200 430813
156.59.198.135 - - [30/Dec/2023:03:42:37 -0500] "GET /BLA/resoluciones/RESOLUCIONES%202007/RES%202007%202601%20AL%202700/RESOLUCION%202690%20DE%202007.pdf HTTP/1.0" 200 923122
156.59.198.135 - - [30/Dec/2023:03:43:01 -0500] "GET /BLA/resoluciones/AUTOS%202023/5098.pdf HTTP/1.0" 200 401885
172.22.2.4 - - [30/Dec/2023:03:43:08 -0500] "GET /BLA/boletinlegal/xmlrpc.php HTTP/1.1" 404 1038
156.59.198.135 - - [30/Dec/2023:03:43:25 -0500] "GET /BLA/resoluciones/Notificaciones/AUTOS%202023/1721.pdf HTTP/1.0" 200 382544
156.59.198.136 - - [30/Dec/2023:03:43:49 -0500] "GET /BLA/resoluciones/Notificaciones/AUTOS%202019/4495.pdf HTTP/1.0" 200 299476
156.59.198.136 - - [30/Dec/2023:03:44:14 -0500] "GET /BLA/resoluciones/Notificaciones/AUTOS%202021/2237.pdf HTTP/1.0" 200 311159
156.59.198.136 - - [30/Dec/2023:03:44:37 -0500] "GET /BLA/resoluciones/Notificaciones/REGISTROS%202021/0729.pdf HTTP/1.0" 200 367624
156.59.198.136 - - [30/Dec/2023:03:45:02 -0500] "GET /BLA/resoluciones/Notificaciones/AUTOS%202022/5596.pdf HTTP/1.0" 200 482767
156.59.198.136 - - [30/Dec/2023:03:45:25 -0500] "GET /BLA/resoluciones/RESOLUCIONES%202007/RES%202007%203701%20AL%203800/RESOLUCION%203724%20DE%202007.pdf HTTP/1.0" 200 403560
156.59.198.135 - - [30/Dec/2023:03:45:51 -0500] "GET /BLA/resoluciones/Notificaciones/AUTOS%202019/03442.pdf HTTP/1.0" 200 315013
216.245.221.92 - - [30/Dec/2023:03:46:03 -0500] "HEAD / HTTP/1.1" 200 -
156.59.198.135 - - [30/Dec/2023:03:46:17 -0500] "GET /BLA/resoluciones/Notificaciones/AUTOS%202016/02309.doc HTTP/1.0" 200 379362
201.245.192.253 - - [30/Dec/2023:03:46:24 -0500] "POST /kwsrmcab/Wsrmcab  HTTP/1.1" 200 36178
40.77.167.19 - - [30/Dec/2023:03:46:34 -0500] "GET /BLA/resoluciones/RESOLUCIONES%202021/4973.pdf HTTP/1.1" 200 373217
156.59.198.135 - - [30/Dec/2023:03:46:38 -0500] "GET /BLA/resoluciones/Notificaciones/AUTOS%202023/3197.pdf HTTP/1.0" 200 343874
172.22.2.4 - - [30/Dec/2023:03:45:21 -0500] "HEAD /BLA/boletinlegal/ HTTP/1.1" 200 -
156.59.198.135 - - [30/Dec/2023:03:47:02 -0500] "GET /BLA/resoluciones/Notificaciones/AUTOS%202023/1997.pdf HTTP/1.0" 200 384399
156.59.198.136 - - [30/Dec/2023:03:47:28 -0500] "GET /BLA/resoluciones/AUTOS%202023/4865.pdf HTTP/1.0" 200 990405
172.22.2.4 - - [30/Dec/2023:03:46:12 -0500] "GET /BLA/boletinlegal/ HTTP/1.1" 200 58172
156.59.198.136 - - [30/Dec/2023:03:48:00 -0500] "GET /BLA/resoluciones/RESOLUCIONES%202007/RES%202007%203401%20AL%203500/RESOLUCION%203476%20DE%202007.pdf HTTP/1.0" 200 43423
156.59.198.136 - - [30/Dec/2023:03:48:15 -0500] "GET /BLA/resoluciones/Notificaciones/AUTOS%202014/4043.doc HTTP/1.0" 200 96768
156.59.198.136 - - [30/Dec/2023:03:48:40 -0500] "GET /BLA/resoluciones/Notificaciones/AUTOS%202021/4890.pdf HTTP/1.0" 200 845559
156.59.198.136 - - [30/Dec/2023:03:49:05 -0500] "GET /BLA/resoluciones/RESOLUCIONES%202000/RESOLUCION%202076%20DE%202000.pdf HTTP/1.0" 200 49913
