186.84.90.156 - - [30/Dec/2023:11:56:05 -0500] "POST /sipse/faces/presentacion/financiero/solicitudProceso/listarSolicitudProceso.xhtml HTTP/1.1" 302 -
186.84.90.156 - - [30/Dec/2023:11:56:05 -0500] "GET /sipse/faces/autenticacion.xhtml HTTP/1.1" 200 1099
186.84.90.156 - - [30/Dec/2023:11:56:15 -0500] "GET /sipse/faces/faces/autenticacion.xhtml HTTP/1.1" 200 12415
186.84.90.156 - - [30/Dec/2023:11:56:15 -0500] "GET /sipse/js/disable_browser_buttons.js HTTP/1.1" 304 -
186.84.90.156 - - [30/Dec/2023:11:56:15 -0500] "GET /sipse/js/funciones.js HTTP/1.1" 304 -
186.84.90.156 - - [30/Dec/2023:11:56:15 -0500] "GET /sipse/css/custom_css_sg.css HTTP/1.1" 304 -
186.84.90.156 - - [30/Dec/2023:11:56:15 -0500] "GET /sipse/faces/javax.faces.resource/layout/layout.css?ln=primefaces&v=4.0 HTTP/1.1" 200 542
186.84.90.156 - - [30/Dec/2023:11:56:15 -0500] "GET /sipse/css/custom_css_sg_prime_login.css HTTP/1.1" 200 443
186.84.90.156 - - [30/Dec/2023:11:56:15 -0500] "GET /sipse/faces/javax.faces.resource/jquery/jquery.js?ln=primefaces&v=4.0 HTTP/1.1" 304 -
186.84.90.156 - - [30/Dec/2023:11:56:15 -0500] "GET /sipse/faces/javax.faces.resource/jquery/jquery-plugins.js?ln=primefaces&v=4.0 HTTP/1.1" 304 -
186.84.90.156 - - [30/Dec/2023:11:56:15 -0500] "GET /sipse/faces/javax.faces.resource/primefaces.js?ln=primefaces&v=4.0 HTTP/1.1" 304 -
186.84.90.156 - - [30/Dec/2023:11:56:15 -0500] "GET /sipse/faces/javax.faces.resource/primefaces.css?ln=primefaces&v=4.0 HTTP/1.1" 200 53295
186.84.90.156 - - [30/Dec/2023:11:56:15 -0500] "GET /sipse/faces/javax.faces.resource/layout/layout.js?ln=primefaces&v=4.0 HTTP/1.1" 304 -
186.84.90.156 - - [30/Dec/2023:11:56:15 -0500] "GET /sipse/faces/javax.faces.resource/theme.css?ln=primefaces-sipse HTTP/1.1" 200 50058
186.84.90.156 - - [30/Dec/2023:11:56:15 -0500] "GET /sipse/faces/javax.faces.resource/images/ui-icons_898989_256x240.png?ln=primefaces-aristo HTTP/1.1" 200 5355
186.84.90.156 - - [30/Dec/2023:11:56:15 -0500] "GET /sipse/css/imagen/logoSDG.png HTTP/1.1" 200 53064
186.84.90.156 - - [30/Dec/2023:11:56:15 -0500] "GET /sipse/css/imagen/loginimg.png HTTP/1.1" 200 71635
186.84.90.156 - - [30/Dec/2023:11:56:16 -0500] "GET /sipse/faces/faces/index.xhtml HTTP/1.1" 200 677
186.84.90.156 - - [30/Dec/2023:11:56:16 -0500] "GET /sipse/faces/javax.faces.resource/theme.css?ln=primefaces-sipse HTTP/1.1" 304 -
186.84.90.156 - - [30/Dec/2023:11:56:16 -0500] "GET /sipse/faces/faces/faces/autenticacion.xhtml HTTP/1.1" 200 12415
186.84.90.156 - - [30/Dec/2023:11:56:16 -0500] "GET /sipse/faces/javax.faces.resource/primefaces.css?ln=primefaces&v=4.0 HTTP/1.1" 304 -
186.84.90.156 - - [30/Dec/2023:11:56:16 -0500] "GET /sipse/faces/javax.faces.resource/theme.css?ln=primefaces-sipse HTTP/1.1" 304 -
186.84.90.156 - - [30/Dec/2023:11:56:16 -0500] "GET /sipse/faces/javax.faces.resource/layout/layout.css?ln=primefaces&v=4.0 HTTP/1.1" 304 -
186.84.90.156 - - [30/Dec/2023:11:56:16 -0500] "GET /sipse/faces/javax.faces.resource/jquery/jquery.js?ln=primefaces&v=4.0 HTTP/1.1" 304 -
186.84.90.156 - - [30/Dec/2023:11:56:16 -0500] "GET /sipse/faces/javax.faces.resource/primefaces.js?ln=primefaces&v=4.0 HTTP/1.1" 304 -
186.84.90.156 - - [30/Dec/2023:11:56:16 -0500] "GET /sipse/faces/javax.faces.resource/jquery/jquery-plugins.js?ln=primefaces&v=4.0 HTTP/1.1" 304 -
186.84.90.156 - - [30/Dec/2023:11:56:16 -0500] "GET /sipse/faces/javax.faces.resource/layout/layout.js?ln=primefaces&v=4.0 HTTP/1.1" 304 -
186.84.90.156 - - [30/Dec/2023:11:56:16 -0500] "GET /sipse/faces/javax.faces.resource/images/ui-icons_898989_256x240.png?ln=primefaces-aristo HTTP/1.1" 304 -
186.84.90.156 - - [30/Dec/2023:11:56:18 -0500] "POST /sipse/faces/autenticacion.xhtml HTTP/1.1" 200 2225
186.84.90.156 - - [30/Dec/2023:11:56:19 -0500] "GET /sipse/faces/javax.faces.resource/messages/messages.png?ln=primefaces&v=4.0 HTTP/1.1" 304 -
186.84.90.156 - - [30/Dec/2023:11:56:19 -0500] "POST /sipse/faces/autenticacion.xhtml HTTP/1.1" 200 16465
186.84.90.156 - - [30/Dec/2023:11:56:20 -0500] "GET /sipse/css/custom_css_sg_prime.css HTTP/1.1" 304 -
186.84.90.156 - - [30/Dec/2023:11:56:20 -0500] "GET /sipse/js/jquery.min.js HTTP/1.1" 304 -
186.84.90.156 - - [30/Dec/2023:11:56:20 -0500] "GET /sipse/faces/javax.faces.resource/jquery/jquery.js?ln=primefaces&v=4.0 HTTP/1.1" 304 -
186.84.90.156 - - [30/Dec/2023:11:56:20 -0500] "GET /sipse/faces/javax.faces.resource/jquery/jquery-plugins.js?ln=primefaces&v=4.0 HTTP/1.1" 304 -
186.84.90.156 - - [30/Dec/2023:11:56:20 -0500] "GET /sipse/faces/javax.faces.resource/primefaces.js?ln=primefaces&v=4.0 HTTP/1.1" 304 -
186.84.90.156 - - [30/Dec/2023:11:56:20 -0500] "GET /sipse/faces/javax.faces.resource/layout/layout.js?ln=primefaces&v=4.0 HTTP/1.1" 304 -
186.84.90.156 - - [30/Dec/2023:11:56:20 -0500] "GET /sipse/imagenes/cargando.gif HTTP/1.1" 304 -
186.84.90.156 - - [30/Dec/2023:11:56:20 -0500] "GET /sipse/imagenes/logoAplicacion.jpg HTTP/1.1" 304 -
186.84.90.156 - - [30/Dec/2023:11:56:20 -0500] "GET /sipse/css/v_mergente.css HTTP/1.1" 304 -
186.84.90.156 - - [30/Dec/2023:11:56:20 -0500] "GET /sipse/css/imagen/contrasena.png HTTP/1.1" 404 383
186.84.90.156 - - [30/Dec/2023:11:56:21 -0500] "GET /sipse/faces/javax.faces.resource/images/ui-bg_flat_0_2d5972_40x100.png?ln=primefaces-aristo HTTP/1.1" 304 -
186.84.90.156 - - [30/Dec/2023:11:56:21 -0500] "POST /sipse/faces/bienvenido.xhtml HTTP/1.1" 200 2658
156.59.198.136 - - [30/Dec/2023:11:56:22 -0500] "GET /BLA/resoluciones/RESOLUCIONES%202020/2492.pdf HTTP/1.0" 200 361480
186.84.90.156 - - [30/Dec/2023:11:56:23 -0500] "POST /sipse/faces/bienvenido.xhtml HTTP/1.1" 200 63483
186.84.90.156 - - [30/Dec/2023:11:56:23 -0500] "GET /sipse/faces/javax.faces.resource/jquery/jquery.js?ln=primefaces&v=4.0 HTTP/1.1" 304 -
186.84.90.156 - - [30/Dec/2023:11:56:23 -0500] "GET /sipse/faces/javax.faces.resource/jquery/jquery-plugins.js?ln=primefaces&v=4.0 HTTP/1.1" 304 -
186.84.90.156 - - [30/Dec/2023:11:56:23 -0500] "GET /sipse/faces/javax.faces.resource/primefaces.js?ln=primefaces&v=4.0 HTTP/1.1" 304 -
186.84.90.156 - - [30/Dec/2023:11:56:23 -0500] "GET /sipse/faces/javax.faces.resource/layout/layout.js?ln=primefaces&v=4.0 HTTP/1.1" 304 -
186.84.90.156 - - [30/Dec/2023:11:56:24 -0500] "POST /sipse/faces/presentacion/financiero/solicitudProceso/listarSolicitudProceso.xhtml HTTP/1.1" 200 1564
186.84.90.156 - - [30/Dec/2023:11:56:26 -0500] "POST /sipse/faces/presentacion/financiero/solicitudProceso/listarSolicitudProceso.xhtml HTTP/1.1" 200 28618
156.59.198.135 - - [30/Dec/2023:11:56:47 -0500] "GET /BLA/resoluciones/RESOLUCIONES%202020/0007.pdf HTTP/1.0" 200 302220
200.118.16.147 - - [30/Dec/2023:11:56:52 -0500] "POST /sipse/faces/presentacion/financiero/solicitudProceso/consultarSolicitudProceso.xhtml HTTP/1.1" 200 45725
200.118.16.147 - - [30/Dec/2023:11:56:53 -0500] "GET /sipse/faces/javax.faces.resource/theme.css?ln=primefaces-sipse HTTP/1.1" 304 -
200.118.16.147 - - [30/Dec/2023:11:56:53 -0500] "GET /sipse/faces/javax.faces.resource/primefaces.css?ln=primefaces&v=4.0 HTTP/1.1" 304 -
200.118.16.147 - - [30/Dec/2023:11:56:53 -0500] "GET /sipse/faces/javax.faces.resource/layout/layout.css?ln=primefaces&v=4.0 HTTP/1.1" 304 -
200.118.16.147 - - [30/Dec/2023:11:56:53 -0500] "GET /sipse/faces/javax.faces.resource/jquery/jquery.js?ln=primefaces&v=4.0 HTTP/1.1" 304 -
200.118.16.147 - - [30/Dec/2023:11:56:53 -0500] "GET /sipse/faces/javax.faces.resource/layout/layout.js?ln=primefaces&v=4.0 HTTP/1.1" 304 -
200.118.16.147 - - [30/Dec/2023:11:56:53 -0500] "GET /sipse/faces/javax.faces.resource/jquery/jquery-plugins.js?ln=primefaces&v=4.0 HTTP/1.1" 304 -
200.118.16.147 - - [30/Dec/2023:11:56:53 -0500] "GET /sipse/faces/javax.faces.resource/primefaces.js?ln=primefaces&v=4.0 HTTP/1.1" 304 -
200.118.16.147 - - [30/Dec/2023:11:56:53 -0500] "GET /sipse/css/imagen/contrasena.png HTTP/1.1" 404 383
200.118.16.147 - - [30/Dec/2023:11:56:53 -0500] "GET /sipse/faces/javax.faces.resource/images/ui-icons_898989_256x240.png?ln=primefaces-aristo HTTP/1.1" 304 -
200.118.16.147 - - [30/Dec/2023:11:56:56 -0500] "GET /sipse/faces/javax.faces.resource/images/ui-bg_flat_0_2d5972_40x100.png?ln=primefaces-aristo HTTP/1.1" 304 -
200.118.16.147 - - [30/Dec/2023:11:56:56 -0500] "POST /sipse/faces/presentacion/financiero/solicitudProceso/consultar.xhtml HTTP/1.1" 200 153089
200.118.16.147 - - [30/Dec/2023:11:56:57 -0500] "GET /sipse/faces/javax.faces.resource/theme.css?ln=primefaces-sipse HTTP/1.1" 304 -
200.118.16.147 - - [30/Dec/2023:11:56:57 -0500] "GET /sipse/faces/javax.faces.resource/primefaces.css?ln=primefaces&v=4.0 HTTP/1.1" 304 -
200.118.16.147 - - [30/Dec/2023:11:56:57 -0500] "GET /sipse/faces/javax.faces.resource/layout/layout.css?ln=primefaces&v=4.0 HTTP/1.1" 304 -
200.118.16.147 - - [30/Dec/2023:11:56:57 -0500] "GET /sipse/faces/javax.faces.resource/jquery/jquery.js?ln=primefaces&v=4.0 HTTP/1.1" 304 -
200.118.16.147 - - [30/Dec/2023:11:56:57 -0500] "GET /sipse/faces/javax.faces.resource/jquery/jquery-plugins.js?ln=primefaces&v=4.0 HTTP/1.1" 304 -
200.118.16.147 - - [30/Dec/2023:11:56:57 -0500] "GET /sipse/faces/javax.faces.resource/primefaces.js?ln=primefaces&v=4.0 HTTP/1.1" 304 -
200.118.16.147 - - [30/Dec/2023:11:56:57 -0500] "GET /sipse/faces/javax.faces.resource/layout/layout.js?ln=primefaces&v=4.0 HTTP/1.1" 304 -
108.174.2.214 - - [30/Dec/2023:11:56:59 -0500] "GET /images/Red%20de%20Monitoreo%20de%20Calidad%20del%20Aire.jpg HTTP/1.1" 200 51986
172.22.2.4 - - [30/Dec/2023:11:55:27 -0500] "HEAD /BLA/boletinlegal/ HTTP/1.1" 200 -
156.59.198.136 - - [30/Dec/2023:11:57:12 -0500] "GET /BLA/resoluciones/AUTOS%202012/2407.pdf HTTP/1.0" 200 276308
156.59.198.135 - - [30/Dec/2023:11:57:36 -0500] "GET /BLA/resoluciones/RESOLUCIONES%202020/0328.pdf HTTP/1.0" 200 1041398
172.22.2.4 - - [30/Dec/2023:11:57:46 -0500] "GET /BLA/boletinlegal/actos.php HTTP/1.1" 200 9648
172.22.2.4 - - [30/Dec/2023:11:56:18 -0500] "GET /BLA/boletinlegal/ HTTP/1.1" 200 58567
156.59.198.136 - - [30/Dec/2023:11:58:02 -0500] "GET /BLA/resoluciones/AUTOS%202012/2308.pdf HTTP/1.0" 200 266770
172.22.2.4 - - [30/Dec/2023:11:58:07 -0500] "GET /BLA/boletinlegal/favicon.ico HTTP/1.1" 404 1326
186.85.180.4 - - [30/Dec/2023:11:58:13 -0500] "GET /appsia/controlador HTTP/1.1" 200 4621
186.85.180.4 - - [30/Dec/2023:11:58:15 -0500] "POST /appsia/controlador HTTP/1.1" 200 7727
200.118.16.147 - - [30/Dec/2023:11:58:15 -0500] "POST /sipse/faces/presentacion/financiero/solicitudProceso/consultarSolicitudProceso.xhtml HTTP/1.1" 200 42225
200.118.16.147 - - [30/Dec/2023:11:58:15 -0500] "GET /sipse/faces/javax.faces.resource/theme.css?ln=primefaces-sipse HTTP/1.1" 304 -
200.118.16.147 - - [30/Dec/2023:11:58:15 -0500] "GET /sipse/faces/javax.faces.resource/layout/layout.css?ln=primefaces&v=4.0 HTTP/1.1" 304 -
200.118.16.147 - - [30/Dec/2023:11:58:15 -0500] "GET /sipse/faces/javax.faces.resource/primefaces.css?ln=primefaces&v=4.0 HTTP/1.1" 304 -
200.118.16.147 - - [30/Dec/2023:11:58:15 -0500] "GET /sipse/faces/javax.faces.resource/jquery/jquery.js?ln=primefaces&v=4.0 HTTP/1.1" 304 -
200.118.16.147 - - [30/Dec/2023:11:58:16 -0500] "GET /sipse/faces/javax.faces.resource/jquery/jquery-plugins.js?ln=primefaces&v=4.0 HTTP/1.1" 304 -
200.118.16.147 - - [30/Dec/2023:11:58:16 -0500] "GET /sipse/faces/javax.faces.resource/primefaces.js?ln=primefaces&v=4.0 HTTP/1.1" 304 -
200.118.16.147 - - [30/Dec/2023:11:58:16 -0500] "GET /sipse/faces/javax.faces.resource/layout/layout.js?ln=primefaces&v=4.0 HTTP/1.1" 304 -
200.118.16.147 - - [30/Dec/2023:11:58:16 -0500] "POST /sipse/faces/presentacion/financiero/solicitudProceso/consultar.xhtml HTTP/1.1" 200 35513
186.85.180.4 - - [30/Dec/2023:11:58:18 -0500] "GET /appsia/controlador HTTP/1.1" 200 4621
200.118.16.147 - - [30/Dec/2023:11:58:19 -0500] "POST /sipse/faces/presentacion/financiero/solicitudProceso/consultar.xhtml HTTP/1.1" 200 12831
200.118.16.147 - - [30/Dec/2023:11:58:22 -0500] "POST /sipse/faces/presentacion/financiero/solicitudProceso/consultar.xhtml HTTP/1.1" 200 158428
200.118.16.147 - - [30/Dec/2023:11:58:23 -0500] "GET /sipse/faces/javax.faces.resource/layout/layout.css?ln=primefaces&v=4.0 HTTP/1.1" 304 -
200.118.16.147 - - [30/Dec/2023:11:58:23 -0500] "GET /sipse/faces/javax.faces.resource/theme.css?ln=primefaces-sipse HTTP/1.1" 304 -
200.118.16.147 - - [30/Dec/2023:11:58:23 -0500] "GET /sipse/faces/javax.faces.resource/primefaces.css?ln=primefaces&v=4.0 HTTP/1.1" 304 -
200.118.16.147 - - [30/Dec/2023:11:58:23 -0500] "GET /sipse/faces/javax.faces.resource/jquery/jquery.js?ln=primefaces&v=4.0 HTTP/1.1" 304 -
200.118.16.147 - - [30/Dec/2023:11:58:23 -0500] "GET /sipse/faces/javax.faces.resource/jquery/jquery-plugins.js?ln=primefaces&v=4.0 HTTP/1.1" 304 -
200.118.16.147 - - [30/Dec/2023:11:58:23 -0500] "GET /sipse/faces/javax.faces.resource/primefaces.js?ln=primefaces&v=4.0 HTTP/1.1" 304 -
200.118.16.147 - - [30/Dec/2023:11:58:23 -0500] "GET /sipse/faces/javax.faces.resource/layout/layout.js?ln=primefaces&v=4.0 HTTP/1.1" 304 -
156.59.198.136 - - [30/Dec/2023:11:58:25 -0500] "GET /BLA/resoluciones/RESOLUCIONES%202020/2723.pdf HTTP/1.0" 200 1184791
200.118.16.147 - - [30/Dec/2023:11:58:30 -0500] "POST /sipse/faces/presentacion/financiero/solicitudProceso/consultarSolicitudProceso.xhtml HTTP/1.1" 200 106326
200.118.16.147 - - [30/Dec/2023:11:58:47 -0500] "POST /sipse/faces/presentacion/financiero/solicitudProceso/consultarSolicitudProceso.xhtml HTTP/1.1" 200 45663
200.118.16.147 - - [30/Dec/2023:11:58:48 -0500] "GET /sipse/faces/javax.faces.resource/theme.css?ln=primefaces-sipse HTTP/1.1" 304 -
200.118.16.147 - - [30/Dec/2023:11:58:48 -0500] "GET /sipse/faces/javax.faces.resource/primefaces.css?ln=primefaces&v=4.0 HTTP/1.1" 304 -
200.118.16.147 - - [30/Dec/2023:11:58:48 -0500] "GET /sipse/faces/javax.faces.resource/layout/layout.css?ln=primefaces&v=4.0 HTTP/1.1" 304 -
200.118.16.147 - - [30/Dec/2023:11:58:48 -0500] "GET /sipse/faces/javax.faces.resource/jquery/jquery-plugins.js?ln=primefaces&v=4.0 HTTP/1.1" 304 -
200.118.16.147 - - [30/Dec/2023:11:58:48 -0500] "GET /sipse/faces/javax.faces.resource/primefaces.js?ln=primefaces&v=4.0 HTTP/1.1" 304 -
200.118.16.147 - - [30/Dec/2023:11:58:48 -0500] "GET /sipse/faces/javax.faces.resource/jquery/jquery.js?ln=primefaces&v=4.0 HTTP/1.1" 304 -
200.118.16.147 - - [30/Dec/2023:11:58:48 -0500] "GET /sipse/faces/javax.faces.resource/layout/layout.js?ln=primefaces&v=4.0 HTTP/1.1" 304 -
156.59.198.136 - - [30/Dec/2023:11:58:50 -0500] "GET /BLA/resoluciones/RESOLUCIONES%202020/1161.pdf HTTP/1.0" 200 362571
200.118.16.147 - - [30/Dec/2023:11:58:51 -0500] "POST /sipse/faces/presentacion/financiero/solicitudProceso/consultar.xhtml HTTP/1.1" 200 158428
200.118.16.147 - - [30/Dec/2023:11:58:52 -0500] "GET /sipse/faces/javax.faces.resource/theme.css?ln=primefaces-sipse HTTP/1.1" 304 -
200.118.16.147 - - [30/Dec/2023:11:58:52 -0500] "GET /sipse/faces/javax.faces.resource/primefaces.css?ln=primefaces&v=4.0 HTTP/1.1" 304 -
200.118.16.147 - - [30/Dec/2023:11:58:52 -0500] "GET /sipse/faces/javax.faces.resource/layout/layout.css?ln=primefaces&v=4.0 HTTP/1.1" 304 -
200.118.16.147 - - [30/Dec/2023:11:58:52 -0500] "GET /sipse/faces/javax.faces.resource/jquery/jquery.js?ln=primefaces&v=4.0 HTTP/1.1" 304 -
200.118.16.147 - - [30/Dec/2023:11:58:52 -0500] "GET /sipse/faces/javax.faces.resource/jquery/jquery-plugins.js?ln=primefaces&v=4.0 HTTP/1.1" 304 -
200.118.16.147 - - [30/Dec/2023:11:58:52 -0500] "GET /sipse/faces/javax.faces.resource/primefaces.js?ln=primefaces&v=4.0 HTTP/1.1" 304 -
200.118.16.147 - - [30/Dec/2023:11:58:52 -0500] "GET /sipse/faces/javax.faces.resource/layout/layout.js?ln=primefaces&v=4.0 HTTP/1.1" 304 -
201.245.192.253 - - [30/Dec/2023:11:59:06 -0500] "POST /kwsrmcab/Wsrmcab  HTTP/1.1" 200 36178
200.118.16.147 - - [30/Dec/2023:11:59:11 -0500] "POST /sipse/faces/presentacion/financiero/solicitudProceso/consultarSolicitudProceso.xhtml HTTP/1.1" 200 42163
200.118.16.147 - - [30/Dec/2023:11:59:11 -0500] "GET /sipse/faces/javax.faces.resource/theme.css?ln=primefaces-sipse HTTP/1.1" 304 -
200.118.16.147 - - [30/Dec/2023:11:59:11 -0500] "GET /sipse/faces/javax.faces.resource/primefaces.css?ln=primefaces&v=4.0 HTTP/1.1" 304 -
200.118.16.147 - - [30/Dec/2023:11:59:11 -0500] "GET /sipse/faces/javax.faces.resource/layout/layout.css?ln=primefaces&v=4.0 HTTP/1.1" 304 -
200.118.16.147 - - [30/Dec/2023:11:59:11 -0500] "GET /sipse/faces/javax.faces.resource/jquery/jquery.js?ln=primefaces&v=4.0 HTTP/1.1" 304 -
200.118.16.147 - - [30/Dec/2023:11:59:11 -0500] "GET /sipse/faces/javax.faces.resource/jquery/jquery-plugins.js?ln=primefaces&v=4.0 HTTP/1.1" 304 -
200.118.16.147 - - [30/Dec/2023:11:59:11 -0500] "GET /sipse/faces/javax.faces.resource/primefaces.js?ln=primefaces&v=4.0 HTTP/1.1" 304 -
200.118.16.147 - - [30/Dec/2023:11:59:11 -0500] "GET /sipse/faces/javax.faces.resource/layout/layout.js?ln=primefaces&v=4.0 HTTP/1.1" 304 -
200.118.16.147 - - [30/Dec/2023:11:59:11 -0500] "POST /sipse/faces/presentacion/financiero/solicitudProceso/consultar.xhtml HTTP/1.1" 200 35451
156.59.198.135 - - [30/Dec/2023:11:59:14 -0500] "GET /BLA/resoluciones/RESOLUCIONES%202007/RES%202007%202701%20AL%202800/RESOLUCION%202755%20DE%202007.pdf HTTP/1.0" 200 531747
200.118.16.147 - - [30/Dec/2023:11:59:14 -0500] "POST /sipse/faces/presentacion/financiero/solicitudProceso/consultar.xhtml HTTP/1.1" 200 12893
200.118.16.147 - - [30/Dec/2023:11:59:16 -0500] "POST /sipse/faces/presentacion/financiero/solicitudProceso/consultar.xhtml HTTP/1.1" 200 153089
200.118.16.147 - - [30/Dec/2023:11:59:17 -0500] "GET /sipse/faces/javax.faces.resource/theme.css?ln=primefaces-sipse HTTP/1.1" 304 -
200.118.16.147 - - [30/Dec/2023:11:59:17 -0500] "GET /sipse/faces/javax.faces.resource/primefaces.css?ln=primefaces&v=4.0 HTTP/1.1" 304 -
200.118.16.147 - - [30/Dec/2023:11:59:17 -0500] "GET /sipse/faces/javax.faces.resource/layout/layout.css?ln=primefaces&v=4.0 HTTP/1.1" 304 -
200.118.16.147 - - [30/Dec/2023:11:59:17 -0500] "GET /sipse/faces/javax.faces.resource/jquery/jquery.js?ln=primefaces&v=4.0 HTTP/1.1" 304 -
200.118.16.147 - - [30/Dec/2023:11:59:17 -0500] "GET /sipse/faces/javax.faces.resource/jquery/jquery-plugins.js?ln=primefaces&v=4.0 HTTP/1.1" 304 -
200.118.16.147 - - [30/Dec/2023:11:59:17 -0500] "GET /sipse/faces/javax.faces.resource/primefaces.js?ln=primefaces&v=4.0 HTTP/1.1" 304 -
200.118.16.147 - - [30/Dec/2023:11:59:17 -0500] "GET /sipse/faces/javax.faces.resource/layout/layout.js?ln=primefaces&v=4.0 HTTP/1.1" 304 -
190.90.132.140 - - [30/Dec/2023:11:59:31 -0500] "POST /sipse/faces/autenticacion.xhtml HTTP/1.1" 200 2250
156.59.198.136 - - [30/Dec/2023:11:59:39 -0500] "GET /BLA/resoluciones/RESOLUCIONES%202020/1393.pdf HTTP/1.0" 200 330397
156.59.198.136 - - [30/Dec/2023:12:00:05 -0500] "GET /BLA/resoluciones/RESOLUCIONES%202007/RES%202007%203401%20AL%203500/RESOLUCION%203428%20DE%202007.pdf HTTP/1.0" 200 410495
156.59.198.135 - - [30/Dec/2023:12:00:28 -0500] "GET /BLA/resoluciones/RESOLUCIONES%202005/RESOLUCION%202256%20DE%202005.PDF HTTP/1.0" 200 343459
156.59.198.135 - - [30/Dec/2023:12:00:53 -0500] "GET /BLA/resoluciones/RESOLUCIONES%202020/2594.pdf HTTP/1.0" 200 381986
216.245.221.92 - - [30/Dec/2023:12:01:02 -0500] "HEAD / HTTP/1.1" 200 -
156.59.198.136 - - [30/Dec/2023:12:01:17 -0500] "GET /BLA/resoluciones/RESOLUCIONES%202020/0458.pdf HTTP/1.0" 200 366635
156.59.198.135 - - [30/Dec/2023:12:01:42 -0500] "GET /BLA/resoluciones/RESOLUCIONES%202005/RESOLUCION%202775%20DE%202005.PDF HTTP/1.0" 200 308895
156.59.198.136 - - [30/Dec/2023:12:02:06 -0500] "GET /BLA/resoluciones/RESOLUCIONES%202020/2777.pdf HTTP/1.0" 200 530607
156.59.198.136 - - [30/Dec/2023:12:02:31 -0500] "GET /BLA/resoluciones/RESOLUCIONES%202007/RES%202007%202701%20AL%202800/RESOLUCION%202732%20%20DE%202007.pdf HTTP/1.0" 200 690178
156.59.198.135 - - [30/Dec/2023:12:02:55 -0500] "GET /BLA/resoluciones/RESOLUCIONES%202020/2239.pdf HTTP/1.0" 200 345424
172.22.2.4 - - [30/Dec/2023:12:01:17 -0500] "HEAD /BLA/boletinlegal/ HTTP/1.1" 200 -
156.59.198.136 - - [30/Dec/2023:12:03:20 -0500] "GET /BLA/resoluciones/RESOLUCIONES%202005/RESOLUCION%202902%20DE%202005.PDF HTTP/1.0" 200 1359980
156.59.198.136 - - [30/Dec/2023:12:03:43 -0500] "GET /BLA/resoluciones/RESOLUCIONES%202020/2402.pdf HTTP/1.0" 200 664299
172.22.2.4 - - [30/Dec/2023:12:02:08 -0500] "GET /BLA/boletinlegal/ HTTP/1.1" 200 60910
201.245.192.253 - - [30/Dec/2023:12:04:04 -0500] "POST /kwsrmcab/Wsrmcab  HTTP/1.1" 200 36178
156.59.198.136 - - [30/Dec/2023:12:04:08 -0500] "GET /BLA/resoluciones/RESOLUCIONES%202020/0441.pdf HTTP/1.0" 200 337005
156.59.198.135 - - [30/Dec/2023:12:04:31 -0500] "GET /BLA/resoluciones/RESOLUCIONES%202020/2720.pdf HTTP/1.0" 200 389749
156.59.198.135 - - [30/Dec/2023:12:04:57 -0500] "GET /BLA/resoluciones/RESOLUCIONES%202020/2745.pdf HTTP/1.0" 200 1817751
156.59.198.135 - - [30/Dec/2023:12:05:20 -0500] "GET /BLA/resoluciones/RESOLUCIONES%202020/1185.pdf HTTP/1.0" 200 411838
156.59.198.135 - - [30/Dec/2023:12:05:44 -0500] "GET /BLA/resoluciones/RESOLUCIONES%202020/1408.pdf HTTP/1.0" 200 322913
216.245.221.92 - - [30/Dec/2023:12:06:02 -0500] "HEAD / HTTP/1.1" 200 -
156.59.198.135 - - [30/Dec/2023:12:06:09 -0500] "GET /BLA/resoluciones/RESOLUCIONES%202007/RES%202007%202701%20AL%202800/RESOLUCION%202771%20DE%202007.pdf HTTP/1.0" 200 380316
156.59.198.136 - - [30/Dec/2023:12:06:33 -0500] "GET /BLA/resoluciones/RESOLUCIONES%202020/0600.pdf HTTP/1.0" 200 608593
156.59.198.136 - - [30/Dec/2023:12:06:58 -0500] "GET /BLA/resoluciones/RESOLUCIONES%202020/1668.pdf HTTP/1.0" 200 392754
156.59.198.136 - - [30/Dec/2023:12:07:24 -0500] "GET /BLA/resoluciones/RESOLUCIONES%202020/0552.pdf HTTP/1.0" 200 238813
156.59.198.135 - - [30/Dec/2023:12:07:49 -0500] "GET /BLA/resoluciones/RESOLUCIONES%202020/1283.pdf HTTP/1.0" 200 318022
156.59.198.135 - - [30/Dec/2023:12:08:14 -0500] "GET /BLA/resoluciones/RESOLUCIONES%202007/RES%202007%202701%20AL%202800/RESOLUCION%202740%20DE%202007.pdf HTTP/1.0" 200 187950
156.59.198.136 - - [30/Dec/2023:12:08:37 -0500] "GET /BLA/resoluciones/RESOLUCIONES%202020/0014.pdf HTTP/1.0" 200 645668
172.22.2.4 - - [30/Dec/2023:12:07:07 -0500] "HEAD /BLA/boletinlegal/ HTTP/1.1" 200 -
156.59.198.135 - - [30/Dec/2023:12:09:02 -0500] "GET /BLA/resoluciones/RESOLUCIONES%202007/RES%202007%202701%20AL%202800/RESOLUCION%202719%20DE%202007.pdf HTTP/1.0" 200 214164
201.245.192.253 - - [30/Dec/2023:12:09:02 -0500] "POST /kwsrmcab/Wsrmcab  HTTP/1.1" 200 36178
156.59.198.135 - - [30/Dec/2023:12:09:25 -0500] "GET /BLA/resoluciones/RESOLUCIONES%202020/0296.pdf HTTP/1.0" 200 343671
172.22.2.4 - - [30/Dec/2023:12:09:32 -0500] "GET /BLA/boletinlegal/favicon.ico HTTP/1.1" 404 1326
172.22.2.4 - - [30/Dec/2023:12:07:58 -0500] "GET /BLA/boletinlegal/ HTTP/1.1" 200 60502
156.59.198.135 - - [30/Dec/2023:12:09:49 -0500] "GET /BLA/resoluciones/RESOLUCIONES%202020/2640.pdf HTTP/1.0" 200 400421
199.16.157.181 - - [30/Dec/2023:12:10:08 -0500] "GET /distrito-adopta-el-plan-de-manejo-ambiental-para-el-parque-distrital-ecologico-de-montana-cerro-de-torca.hymns HTTP/1.1" 404 1034
156.59.198.135 - - [30/Dec/2023:12:10:14 -0500] "GET /BLA/resoluciones/RESOLUCIONES%202005/0510.pdf HTTP/1.0" 200 64501
199.16.157.180 - - [30/Dec/2023:12:10:19 -0500] "GET /distrito-adopta-el-plan-de-manejo-ambiental-para-el-parque-distrital-ecologico-de-montana-cerro-de-torca.hymns HTTP/1.1" 404 1034
173.252.95.2 - - [30/Dec/2023:12:10:29 -0500] "GET /distrito-adopta-el-plan-de-manejo-ambiental-para-el-parque-distrital-ecologico-de-montana-cerro-de-torca.hymns HTTP/1.1" 404 1034
173.252.95.119 - - [30/Dec/2023:12:10:29 -0500] "GET /distrito-adopta-el-plan-de-manejo-ambiental-para-el-parque-distrital-ecologico-de-montana-cerro-de-torca.hymns HTTP/1.1" 404 1034
173.252.95.1 - - [30/Dec/2023:12:10:29 -0500] "GET /distrito-adopta-el-plan-de-manejo-ambiental-para-el-parque-distrital-ecologico-de-montana-cerro-de-torca.hymns HTTP/1.1" 404 1034
69.171.249.2 - - [30/Dec/2023:12:10:30 -0500] "GET /distrito-adopta-el-plan-de-manejo-ambiental-para-el-parque-distrital-ecologico-de-montana-cerro-de-torca.hymns HTTP/1.1" 404 1034
191.156.58.236 - - [30/Dec/2023:12:10:32 -0500] "GET /derechos-de-construccion-estrategia-del-distrito-para-adquirir-predios-privados-en-la-van-der-hammen-y-los-cerros-orientales.html?fbclid=PAAaauh9JhP5j2ayWJ65km48ksHfPssG5j0l26kyCJGQvLDERttxdwcuTQeVY_aem_AR_LHrOyPIogiendUbEUksaMs09Z-7ns5BIsmgzpyhtPjGga80_iyuqV9RxEBaC4kgU HTTP/1.1" 200 912
116.202.35.106 - - [30/Dec/2023:12:10:36 -0500] "GET /robots.txt HTTP/1.1" 404 1034
116.202.35.106 - - [30/Dec/2023:12:10:37 -0500] "GET /distrito-adopta-el-plan-de-manejo-ambiental-para-el-parque-distrital-ecologico-de-montana-cerro-de-torca.hymns HTTP/1.1" 404 1034
156.59.198.135 - - [30/Dec/2023:12:10:38 -0500] "GET /BLA/resoluciones/RESOLUCIONES%202020/0271.pdf HTTP/1.0" 200 325131
69.171.231.4 - - [30/Dec/2023:12:10:43 -0500] "GET /distrito-adopta-el-plan-de-manejo-ambiental-para-el-parque-distrital-ecologico-de-montana-cerro-de-torca.hymns HTTP/1.1" 404 1034
173.252.107.10 - - [30/Dec/2023:12:10:50 -0500] "GET /distrito-adopta-el-plan-de-manejo-ambiental-para-el-parque-distrital-ecologico-de-montana-cerro-de-torca.hymns HTTP/1.1" 404 1034
173.252.107.7 - - [30/Dec/2023:12:10:50 -0500] "GET /distrito-adopta-el-plan-de-manejo-ambiental-para-el-parque-distrital-ecologico-de-montana-cerro-de-torca.hymns HTTP/1.1" 404 1034
216.245.221.92 - - [30/Dec/2023:12:11:02 -0500] "HEAD / HTTP/1.1" 200 -
156.59.198.136 - - [30/Dec/2023:12:11:02 -0500] "GET /BLA/resoluciones/RESOLUCIONES%202007/RES%202007%202701%20AL%202800/RESOLUCION%202751%20DE%202007.pdf HTTP/1.0" 200 353323
69.63.189.118 - - [30/Dec/2023:12:11:18 -0500] "GET /mis-de-50-aves-silvestres-fueron-recuperadas-en-la-localidad-de-tunjuelito.html HTTP/1.1" 200 806
156.59.198.135 - - [30/Dec/2023:12:11:27 -0500] "GET /BLA/resoluciones/RESOLUCIONES%202007/RES%202007%204101%20AL%204200/RESOLUCION%204105%20DE%202007.pdf HTTP/1.0" 200 359565
69.63.184.6 - - [30/Dec/2023:12:11:28 -0500] "GET /mis-de-50-aves-silvestres-fueron-recuperadas-en-la-localidad-de-tunjuelito.html HTTP/1.1" 200 806
69.63.184.10 - - [30/Dec/2023:12:11:28 -0500] "GET /mis-de-50-aves-silvestres-fueron-recuperadas-en-la-localidad-de-tunjuelito.html HTTP/1.1" 200 806
173.252.83.5 - - [30/Dec/2023:12:11:45 -0500] "GET /distrito-adopta-el-plan-de-manejo-ambiental-para-el-parque-distrital-ecologico-de-montana-cerro-de-torca.hymns HTTP/1.1" 404 1034
156.59.198.136 - - [30/Dec/2023:12:11:51 -0500] "GET /BLA/resoluciones/RESOLUCIONES%202020/1236.pdf HTTP/1.0" 200 316937
31.13.115.6 - - [30/Dec/2023:12:11:54 -0500] "GET /distrito-adopta-el-plan-de-manejo-ambiental-para-el-parque-distrital-ecologico-de-montana-cerro-de-torca.hymns HTTP/1.1" 404 1034
156.59.198.136 - - [30/Dec/2023:12:12:15 -0500] "GET /BLA/resoluciones/RESOLUCIONES%202005/1363.pdf HTTP/1.0" 200 162291
156.59.198.136 - - [30/Dec/2023:12:12:39 -0500] "GET /BLA/resoluciones/RESOLUCIONES%202020/0183.pdf HTTP/1.0" 200 322420
156.59.198.136 - - [30/Dec/2023:12:13:03 -0500] "GET /BLA/resoluciones/RESOLUCIONES%202020/0684.pdf HTTP/1.0" 200 471381
156.59.198.135 - - [30/Dec/2023:12:13:27 -0500] "GET /BLA/resoluciones/RESOLUCIONES%202005/2703.pdf HTTP/1.0" 200 38421
162.55.175.158 - - [30/Dec/2023:12:13:32 -0500] "GET / HTTP/1.1" 200 319
162.55.175.158 - - [30/Dec/2023:12:13:33 -0500] "GET / HTTP/1.1" 200 4720
156.59.198.136 - - [30/Dec/2023:12:13:52 -0500] "GET /BLA/resoluciones/RESOLUCIONES%202005/2518.pdf HTTP/1.0" 200 332568
201.245.192.253 - - [30/Dec/2023:12:14:01 -0500] "POST /kwsrmcab/Wsrmcab  HTTP/1.1" 200 36178
156.59.198.135 - - [30/Dec/2023:12:14:16 -0500] "GET /BLA/resoluciones/RESOLUCIONES%202020/1146.pdf HTTP/1.0" 200 705158
172.22.2.4 - - [30/Dec/2023:12:12:57 -0500] "HEAD /BLA/boletinlegal/ HTTP/1.1" 200 -
156.59.198.135 - - [30/Dec/2023:12:14:40 -0500] "GET /BLA/resoluciones/RESOLUCIONES%202020/1968.pdf HTTP/1.0" 200 562421
156.59.198.136 - - [30/Dec/2023:12:15:04 -0500] "GET /BLA/resoluciones/RESOLUCIONES%202020/1789.pdf HTTP/1.0" 200 469521
172.22.2.4 - - [30/Dec/2023:12:13:48 -0500] "GET /BLA/boletinlegal/ HTTP/1.1" 200 58172
156.59.198.136 - - [30/Dec/2023:12:15:28 -0500] "GET /BLA/resoluciones/RESOLUCIONES%202020/2032.pdf HTTP/1.0" 200 411416
191.102.207.217 - - [30/Dec/2023:12:15:34 -0500] "GET /appsia/controlador HTTP/1.1" 200 4799
191.102.207.217 - - [30/Dec/2023:12:15:35 -0500] "GET /appsia/css/estilos.css HTTP/1.1" 200 4804
191.102.207.217 - - [30/Dec/2023:12:15:35 -0500] "GET /appsia/scripts/validarIngreso.js HTTP/1.1" 200 851
191.102.207.217 - - [30/Dec/2023:12:15:35 -0500] "GET /appsia/images/logo_bogota_p.png HTTP/1.1" 200 14951
191.102.207.217 - - [30/Dec/2023:12:15:35 -0500] "GET /appsia/images/cabezoteHojaVida.png HTTP/1.1" 200 32493
191.102.207.217 - - [30/Dec/2023:12:15:35 -0500] "GET /favicon.ico HTTP/1.1" 200 7782
191.102.207.217 - - [30/Dec/2023:12:15:37 -0500] "POST /appsia/controlador HTTP/1.1" 200 5437
191.102.207.217 - - [30/Dec/2023:12:15:38 -0500] "POST /appsia/controlador HTTP/1.1" 200 7773
191.102.207.217 - - [30/Dec/2023:12:15:41 -0500] "POST /appsia/controlador HTTP/1.1" 200 8044
191.102.207.217 - - [30/Dec/2023:12:15:45 -0500] "POST /appsia/controlador HTTP/1.1" 200 8390
201.245.192.253 - - [30/Dec/2023:12:15:46 -0500] "POST /kwsrmcab/Wsrmcab HTTP/1.1" 200 35678
201.245.192.253 - - [30/Dec/2023:12:15:49 -0500] "POST /kwsrmcab/Wsrmcab HTTP/1.1" 200 37046
156.59.198.135 - - [30/Dec/2023:12:15:53 -0500] "GET /BLA/resoluciones/RESOLUCIONES%202007/RES%202007%204101%20AL%204200/RESOLUCION%204173%20DE%202007.pdf HTTP/1.0" 200 86595
216.245.221.92 - - [30/Dec/2023:12:16:02 -0500] "HEAD / HTTP/1.1" 200 -
156.59.198.136 - - [30/Dec/2023:12:16:17 -0500] "GET /BLA/resoluciones/RESOLUCIONES%202007/RES%202007%203401%20AL%203500/RESOLUCION%203468%20DE%202007.pdf HTTP/1.0" 200 815765
156.59.198.135 - - [30/Dec/2023:12:16:42 -0500] "GET /BLA/resoluciones/RESOLUCIONES%202020/1711.pdf HTTP/1.0" 200 395219
156.59.198.136 - - [30/Dec/2023:12:17:06 -0500] "GET /BLA/resoluciones/RESOLUCIONES%202020/0067.pdf HTTP/1.0" 200 238755
47.128.29.177 - - [30/Dec/2023:12:17:31 -0500] "GET /BLA/resoluciones/dlf/dirup.png HTTP/1.1" 200 644
47.128.29.177 - - [30/Dec/2023:12:17:31 -0500] "GET /BLA/resoluciones/dlf/pdf.gif HTTP/1.1" 200 272
47.128.29.177 - - [30/Dec/2023:12:17:30 -0500] "GET /BLA/resoluciones/index.php?dir=RESOLUCIONES%202007%2FRES%202007%201401%20AL%201500%2F&order=asc&sort=name HTTP/1.1" 200 26854
191.156.58.236 - - [30/Dec/2023:12:17:43 -0500] "GET /sipse/faces/faces/faces/index.xhtml HTTP/1.1" 200 677
191.156.58.236 - - [30/Dec/2023:12:17:43 -0500] "GET /sipse/faces/javax.faces.resource/theme.css?ln=primefaces-sipse HTTP/1.1" 304 -
191.156.58.236 - - [30/Dec/2023:12:17:44 -0500] "GET /sipse/faces/faces/faces/faces/autenticacion.xhtml HTTP/1.1" 200 12415
191.156.51.114 - - [30/Dec/2023:12:17:44 -0500] "GET /sipse/faces/javax.faces.resource/theme.css?ln=primefaces-sipse HTTP/1.1" 304 -
191.156.49.58 - - [30/Dec/2023:12:17:44 -0500] "GET /sipse/faces/javax.faces.resource/primefaces.css?ln=primefaces&v=4.0 HTTP/1.1" 304 -
191.156.52.163 - - [30/Dec/2023:12:17:44 -0500] "GET /sipse/faces/javax.faces.resource/layout/layout.css?ln=primefaces&v=4.0 HTTP/1.1" 304 -
191.156.49.58 - - [30/Dec/2023:12:17:44 -0500] "GET /sipse/faces/javax.faces.resource/jquery/jquery.js?ln=primefaces&v=4.0 HTTP/1.1" 304 -
191.156.49.58 - - [30/Dec/2023:12:17:44 -0500] "GET /sipse/faces/javax.faces.resource/jquery/jquery-plugins.js?ln=primefaces&v=4.0 HTTP/1.1" 304 -
191.156.51.114 - - [30/Dec/2023:12:17:44 -0500] "GET /sipse/faces/javax.faces.resource/primefaces.js?ln=primefaces&v=4.0 HTTP/1.1" 304 -
191.156.49.58 - - [30/Dec/2023:12:17:44 -0500] "GET /sipse/faces/javax.faces.resource/layout/layout.js?ln=primefaces&v=4.0 HTTP/1.1" 304 -
191.156.58.236 - - [30/Dec/2023:12:17:45 -0500] "GET /sipse/faces/javax.faces.resource/images/ui-icons_898989_256x240.png?ln=primefaces-aristo HTTP/1.1" 304 -
191.156.58.236 - - [30/Dec/2023:12:17:49 -0500] "POST /sipse/faces/autenticacion.xhtml HTTP/1.1" 200 12860
191.156.58.236 - - [30/Dec/2023:12:17:49 -0500] "GET /sipse/faces/javax.faces.resource/theme.css?ln=primefaces-sipse HTTP/1.1" 304 -
191.156.51.114 - - [30/Dec/2023:12:17:49 -0500] "GET /sipse/faces/javax.faces.resource/layout/layout.css?ln=primefaces&v=4.0 HTTP/1.1" 304 -
191.156.49.58 - - [30/Dec/2023:12:17:49 -0500] "GET /sipse/faces/javax.faces.resource/jquery/jquery.js?ln=primefaces&v=4.0 HTTP/1.1" 304 -
191.156.49.58 - - [30/Dec/2023:12:17:49 -0500] "GET /sipse/faces/javax.faces.resource/primefaces.css?ln=primefaces&v=4.0 HTTP/1.1" 304 -
191.156.49.58 - - [30/Dec/2023:12:17:49 -0500] "GET /sipse/faces/javax.faces.resource/jquery/jquery-plugins.js?ln=primefaces&v=4.0 HTTP/1.1" 304 -
191.156.49.58 - - [30/Dec/2023:12:17:49 -0500] "GET /sipse/faces/javax.faces.resource/primefaces.js?ln=primefaces&v=4.0 HTTP/1.1" 304 -
191.156.49.58 - - [30/Dec/2023:12:17:49 -0500] "GET /sipse/faces/javax.faces.resource/layout/layout.js?ln=primefaces&v=4.0 HTTP/1.1" 304 -
191.156.49.58 - - [30/Dec/2023:12:17:49 -0500] "GET /sipse/faces/javax.faces.resource/messages/messages.png?ln=primefaces&v=4.0 HTTP/1.1" 304 -
156.59.198.135 - - [30/Dec/2023:12:17:53 -0500] "GET /BLA/resoluciones/RESOLUCIONES%202020/0301.pdf HTTP/1.0" 200 507362
191.156.49.58 - - [30/Dec/2023:12:17:54 -0500] "POST /sipse/faces/presentacion/sistema/seguridad/seleccionRol.xhtml HTTP/1.1" 200 7225
191.156.49.58 - - [30/Dec/2023:12:17:56 -0500] "POST /sipse/faces/presentacion/sistema/seguridad/seleccionRol.xhtml HTTP/1.1" 200 17696
191.156.49.58 - - [30/Dec/2023:12:17:56 -0500] "GET /sipse/faces/javax.faces.resource/theme.css?ln=primefaces-sipse HTTP/1.1" 304 -
191.156.49.58 - - [30/Dec/2023:12:17:56 -0500] "GET /sipse/faces/javax.faces.resource/primefaces.css?ln=primefaces&v=4.0 HTTP/1.1" 304 -
191.156.51.114 - - [30/Dec/2023:12:17:56 -0500] "GET /sipse/faces/javax.faces.resource/layout/layout.css?ln=primefaces&v=4.0 HTTP/1.1" 304 -
191.156.58.236 - - [30/Dec/2023:12:17:56 -0500] "GET /sipse/js/jquery.min.js HTTP/1.1" 200 85582
191.156.58.236 - - [30/Dec/2023:12:17:56 -0500] "GET /sipse/faces/javax.faces.resource/jquery/jquery.js?ln=primefaces&v=4.0 HTTP/1.1" 304 -
191.156.58.236 - - [30/Dec/2023:12:17:56 -0500] "GET /sipse/faces/javax.faces.resource/jquery/jquery-plugins.js?ln=primefaces&v=4.0 HTTP/1.1" 304 -
191.156.58.236 - - [30/Dec/2023:12:17:56 -0500] "GET /sipse/faces/javax.faces.resource/primefaces.js?ln=primefaces&v=4.0 HTTP/1.1" 304 -
191.156.58.236 - - [30/Dec/2023:12:17:57 -0500] "GET /sipse/faces/javax.faces.resource/layout/layout.js?ln=primefaces&v=4.0 HTTP/1.1" 304 -
191.156.58.236 - - [30/Dec/2023:12:17:57 -0500] "GET /sipse/css/v_mergente.css HTTP/1.1" 200 1505
191.156.49.58 - - [30/Dec/2023:12:17:57 -0500] "GET /sipse/css/imagen/contrasena.png HTTP/1.1" 404 383
191.156.51.114 - - [30/Dec/2023:12:17:57 -0500] "GET /sipse/imagenes/cargando.gif HTTP/1.1" 200 36959
191.156.49.58 - - [30/Dec/2023:12:17:57 -0500] "GET /sipse/imagenes/logoAplicacion.jpg HTTP/1.1" 200 155084
191.156.51.114 - - [30/Dec/2023:12:18:11 -0500] "GET /sipse/faces/javax.faces.resource/images/ui-bg_flat_0_2d5972_40x100.png?ln=primefaces-aristo HTTP/1.1" 304 -
191.156.49.58 - - [30/Dec/2023:12:18:11 -0500] "POST /sipse/faces/bienvenido.xhtml HTTP/1.1" 200 8138
191.156.49.58 - - [30/Dec/2023:12:18:13 -0500] "POST /sipse/faces/bienvenido.xhtml HTTP/1.1" 200 2059
191.156.49.58 - - [30/Dec/2023:12:18:15 -0500] "POST /sipse/faces/bienvenido.xhtml HTTP/1.1" 200 68075
191.156.49.58 - - [30/Dec/2023:12:18:16 -0500] "GET /sipse/faces/javax.faces.resource/theme.css?ln=primefaces-sipse HTTP/1.1" 304 -
191.156.51.114 - - [30/Dec/2023:12:18:16 -0500] "GET /sipse/faces/javax.faces.resource/primefaces.css?ln=primefaces&v=4.0 HTTP/1.1" 304 -
191.156.49.58 - - [30/Dec/2023:12:18:16 -0500] "GET /sipse/faces/javax.faces.resource/layout/layout.css?ln=primefaces&v=4.0 HTTP/1.1" 304 -
191.156.49.58 - - [30/Dec/2023:12:18:16 -0500] "GET /sipse/faces/javax.faces.resource/jquery/jquery.js?ln=primefaces&v=4.0 HTTP/1.1" 304 -
191.156.49.58 - - [30/Dec/2023:12:18:16 -0500] "GET /sipse/faces/javax.faces.resource/jquery/jquery-plugins.js?ln=primefaces&v=4.0 HTTP/1.1" 304 -
191.156.49.58 - - [30/Dec/2023:12:18:16 -0500] "GET /sipse/faces/javax.faces.resource/primefaces.js?ln=primefaces&v=4.0 HTTP/1.1" 304 -
191.156.49.58 - - [30/Dec/2023:12:18:16 -0500] "GET /sipse/faces/javax.faces.resource/layout/layout.js?ln=primefaces&v=4.0 HTTP/1.1" 304 -
156.59.198.136 - - [30/Dec/2023:12:18:17 -0500] "GET /BLA/resoluciones/RESOLUCIONES%202020/2138.pdf HTTP/1.0" 200 534065
191.156.49.58 - - [30/Dec/2023:12:18:23 -0500] "POST /sipse/faces/presentacion/parametrica/funcionario/consultarFuncionario.xhtml HTTP/1.1" 200 37217
191.156.49.58 - - [30/Dec/2023:12:18:24 -0500] "POST /sipse/faces/presentacion/parametrica/funcionario/consultarFuncionario.xhtml HTTP/1.1" 200 18716
165.154.182.53 - - [30/Dec/2023:12:18:24 -0500] "GET / HTTP/1.1" 200 319
165.154.182.53 - - [30/Dec/2023:12:18:24 -0500] "GET /favicon.ico HTTP/1.1" 200 7782
165.154.182.53 - - [30/Dec/2023:12:18:25 -0500] "GET /robots.txt HTTP/1.1" 404 1018
165.154.182.53 - - [30/Dec/2023:12:18:25 -0500] "GET /sitemap.xml HTTP/1.1" 404 1018
165.154.182.53 - - [30/Dec/2023:12:18:25 -0500] "GET /axis2-admin/ HTTP/1.1" 404 1018
165.154.182.53 - - [30/Dec/2023:12:18:25 -0500] "GET /axis2/ HTTP/1.1" 404 1018
191.156.49.58 - - [30/Dec/2023:12:18:25 -0500] "POST /sipse/faces/presentacion/parametrica/funcionario/consultarFuncionario.xhtml HTTP/1.1" 200 18716
165.154.182.53 - - [30/Dec/2023:12:18:26 -0500] "GET /axis2/axis2-admin/ HTTP/1.1" 404 1018
191.156.49.58 - - [30/Dec/2023:12:18:26 -0500] "POST /sipse/faces/presentacion/parametrica/funcionario/consultarFuncionario.xhtml HTTP/1.1" 200 18716
191.102.207.217 - - [30/Dec/2023:12:18:31 -0500] "POST /appsia/controlador HTTP/1.1" 200 7773
191.102.207.217 - - [30/Dec/2023:12:18:33 -0500] "POST /appsia/controlador HTTP/1.1" 200 8044
191.102.207.217 - - [30/Dec/2023:12:18:35 -0500] "POST /appsia/controlador HTTP/1.1" 200 10957
191.156.49.58 - - [30/Dec/2023:12:18:35 -0500] "POST /sipse/faces/presentacion/parametrica/funcionario/consultarFuncionario.xhtml HTTP/1.1" 200 75263
191.156.59.180 - - [30/Dec/2023:12:18:36 -0500] "GET /sipse/faces/javax.faces.resource/theme.css?ln=primefaces-sipse HTTP/1.1" 304 -
191.156.49.58 - - [30/Dec/2023:12:18:36 -0500] "GET /sipse/faces/javax.faces.resource/fileupload/fileupload.css?ln=primefaces&v=4.0 HTTP/1.1" 200 1330
191.156.51.114 - - [30/Dec/2023:12:18:36 -0500] "GET /sipse/faces/javax.faces.resource/primefaces.css?ln=primefaces&v=4.0 HTTP/1.1" 304 -
191.156.49.58 - - [30/Dec/2023:12:18:36 -0500] "GET /sipse/faces/javax.faces.resource/layout/layout.css?ln=primefaces&v=4.0 HTTP/1.1" 304 -
191.156.49.58 - - [30/Dec/2023:12:18:36 -0500] "GET /sipse/faces/javax.faces.resource/jquery/jquery.js?ln=primefaces&v=4.0 HTTP/1.1" 304 -
191.156.49.58 - - [30/Dec/2023:12:18:36 -0500] "GET /sipse/faces/javax.faces.resource/jquery/jquery-plugins.js?ln=primefaces&v=4.0 HTTP/1.1" 304 -
191.156.49.58 - - [30/Dec/2023:12:18:36 -0500] "GET /sipse/faces/javax.faces.resource/primefaces.js?ln=primefaces&v=4.0 HTTP/1.1" 304 -
191.156.49.58 - - [30/Dec/2023:12:18:36 -0500] "GET /sipse/faces/javax.faces.resource/layout/layout.js?ln=primefaces&v=4.0 HTTP/1.1" 304 -
191.156.49.58 - - [30/Dec/2023:12:18:36 -0500] "GET /sipse/faces/javax.faces.resource/fileupload/fileupload.js?ln=primefaces&v=4.0 HTTP/1.1" 200 28091
191.156.49.58 - - [30/Dec/2023:12:18:37 -0500] "GET /sipse/faces/javax.faces.resource/spacer/dot_clear.gif?ln=primefaces&v=4.0 HTTP/1.1" 200 42
156.59.198.135 - - [30/Dec/2023:12:18:42 -0500] "GET /BLA/resoluciones/RESOLUCIONES%202020/0703.pdf HTTP/1.0" 200 446541
191.156.49.58 - - [30/Dec/2023:12:18:44 -0500] "POST /sipse/faces/presentacion/parametrica/funcionario/adminFuncionarioVerDetalle.xhtml HTTP/1.1" 200 53314
191.156.49.58 - - [30/Dec/2023:12:18:44 -0500] "GET /sipse/faces/javax.faces.resource/theme.css?ln=primefaces-sipse HTTP/1.1" 304 -
191.156.49.58 - - [30/Dec/2023:12:18:44 -0500] "GET /sipse/faces/javax.faces.resource/primefaces.css?ln=primefaces&v=4.0 HTTP/1.1" 304 -
191.156.51.114 - - [30/Dec/2023:12:18:44 -0500] "GET /sipse/faces/javax.faces.resource/layout/layout.css?ln=primefaces&v=4.0 HTTP/1.1" 304 -
191.156.51.114 - - [30/Dec/2023:12:18:45 -0500] "GET /sipse/faces/javax.faces.resource/jquery/jquery.js?ln=primefaces&v=4.0 HTTP/1.1" 304 -
191.156.51.114 - - [30/Dec/2023:12:18:45 -0500] "GET /sipse/faces/javax.faces.resource/jquery/jquery-plugins.js?ln=primefaces&v=4.0 HTTP/1.1" 304 -
191.156.51.114 - - [30/Dec/2023:12:18:45 -0500] "GET /sipse/faces/javax.faces.resource/primefaces.js?ln=primefaces&v=4.0 HTTP/1.1" 304 -
191.156.51.114 - - [30/Dec/2023:12:18:45 -0500] "GET /sipse/faces/javax.faces.resource/layout/layout.js?ln=primefaces&v=4.0 HTTP/1.1" 304 -
201.245.192.253 - - [30/Dec/2023:12:19:00 -0500] "POST /kwsrmcab/Wsrmcab  HTTP/1.1" 200 36178
191.156.49.58 - - [30/Dec/2023:12:19:03 -0500] "POST /sipse/faces/presentacion/parametrica/funcionario/adminDependenciaFuncionario.xhtml HTTP/1.1" 200 75706
191.156.49.58 - - [30/Dec/2023:12:19:04 -0500] "GET /sipse/faces/javax.faces.resource/theme.css?ln=primefaces-sipse HTTP/1.1" 304 -
191.156.52.163 - - [30/Dec/2023:12:19:04 -0500] "GET /sipse/faces/javax.faces.resource/primefaces.css?ln=primefaces&v=4.0 HTTP/1.1" 304 -
191.156.61.154 - - [30/Dec/2023:12:19:04 -0500] "GET /sipse/faces/javax.faces.resource/layout/layout.css?ln=primefaces&v=4.0 HTTP/1.1" 304 -
191.156.49.58 - - [30/Dec/2023:12:19:04 -0500] "GET /sipse/faces/javax.faces.resource/fileupload/fileupload.css?ln=primefaces&v=4.0 HTTP/1.1" 304 -
191.156.49.58 - - [30/Dec/2023:12:19:04 -0500] "GET /sipse/faces/javax.faces.resource/jquery/jquery.js?ln=primefaces&v=4.0 HTTP/1.1" 304 -
191.156.49.58 - - [30/Dec/2023:12:19:04 -0500] "GET /sipse/faces/javax.faces.resource/jquery/jquery-plugins.js?ln=primefaces&v=4.0 HTTP/1.1" 304 -
191.156.49.58 - - [30/Dec/2023:12:19:04 -0500] "GET /sipse/faces/javax.faces.resource/primefaces.js?ln=primefaces&v=4.0 HTTP/1.1" 304 -
191.156.49.58 - - [30/Dec/2023:12:19:04 -0500] "GET /sipse/faces/javax.faces.resource/layout/layout.js?ln=primefaces&v=4.0 HTTP/1.1" 304 -
191.156.49.58 - - [30/Dec/2023:12:19:05 -0500] "GET /sipse/faces/javax.faces.resource/fileupload/fileupload.js?ln=primefaces&v=4.0 HTTP/1.1" 304 -
156.59.198.136 - - [30/Dec/2023:12:19:06 -0500] "GET /BLA/resoluciones/RESOLUCIONES%202020/0781.pdf HTTP/1.0" 200 321482
191.156.49.58 - - [30/Dec/2023:12:19:10 -0500] "POST /sipse/faces/presentacion/parametrica/funcionario/adminFuncionarioVerDetalle.xhtml HTTP/1.1" 200 68518
191.156.49.58 - - [30/Dec/2023:12:19:11 -0500] "GET /sipse/faces/javax.faces.resource/theme.css?ln=primefaces-sipse HTTP/1.1" 304 -
191.156.61.154 - - [30/Dec/2023:12:19:11 -0500] "GET /sipse/faces/javax.faces.resource/primefaces.css?ln=primefaces&v=4.0 HTTP/1.1" 304 -
191.156.52.163 - - [30/Dec/2023:12:19:11 -0500] "GET /sipse/faces/javax.faces.resource/layout/layout.css?ln=primefaces&v=4.0 HTTP/1.1" 304 -
191.156.52.163 - - [30/Dec/2023:12:19:12 -0500] "GET /sipse/faces/javax.faces.resource/jquery/jquery.js?ln=primefaces&v=4.0 HTTP/1.1" 304 -
191.156.52.163 - - [30/Dec/2023:12:19:12 -0500] "GET /sipse/faces/javax.faces.resource/jquery/jquery-plugins.js?ln=primefaces&v=4.0 HTTP/1.1" 304 -
191.156.52.163 - - [30/Dec/2023:12:19:12 -0500] "GET /sipse/faces/javax.faces.resource/primefaces.js?ln=primefaces&v=4.0 HTTP/1.1" 304 -
191.156.52.163 - - [30/Dec/2023:12:19:12 -0500] "GET /sipse/faces/javax.faces.resource/layout/layout.js?ln=primefaces&v=4.0 HTTP/1.1" 304 -
156.59.198.135 - - [30/Dec/2023:12:19:30 -0500] "GET /BLA/resoluciones/RESOLUCIONES%202005/1009.pdf HTTP/1.0" 200 135694
201.245.192.253 - - [30/Dec/2023:12:19:52 -0500] "POST /kwsrmcab/Wsrmcab HTTP/1.1" 200 35678
156.59.198.136 - - [30/Dec/2023:12:19:55 -0500] "GET /BLA/resoluciones/RESOLUCIONES%202020/2409.pdf HTTP/1.0" 200 678759
201.245.192.253 - - [30/Dec/2023:12:19:57 -0500] "POST /kwsrmcab/Wsrmcab HTTP/1.1" 200 37046
156.59.198.135 - - [30/Dec/2023:12:20:19 -0500] "GET /BLA/resoluciones/RESOLUCIONES%202020/0812.pdf HTTP/1.0" 200 363818
172.22.2.4 - - [30/Dec/2023:12:18:47 -0500] "HEAD /BLA/boletinlegal/ HTTP/1.1" 200 -
156.59.198.135 - - [30/Dec/2023:12:20:44 -0500] "GET /BLA/resoluciones/RESOLUCIONES%202007/RES%202007%202701%20AL%202800/RESOLUCION%202702%20DE%202007.pdf HTTP/1.0" 200 266235
216.245.221.92 - - [30/Dec/2023:12:21:02 -0500] "HEAD / HTTP/1.1" 200 -
156.59.198.136 - - [30/Dec/2023:12:21:07 -0500] "GET /BLA/resoluciones/RESOLUCIONES%202020/1676.pdf HTTP/1.0" 200 353478
172.22.2.4 - - [30/Dec/2023:12:19:38 -0500] "GET /BLA/boletinlegal/ HTTP/1.1" 200 58172
156.59.198.135 - - [30/Dec/2023:12:21:32 -0500] "GET /BLA/resoluciones/RESOLUCIONES%202020/2142.pdf HTTP/1.0" 200 418994
156.59.198.135 - - [30/Dec/2023:12:21:57 -0500] "GET /BLA/resoluciones/RESOLUCIONES%202020/0320.pdf HTTP/1.0" 200 472599
156.59.198.135 - - [30/Dec/2023:12:22:20 -0500] "GET /BLA/resoluciones/RESOLUCIONES%202020/2595.pdf HTTP/1.0" 200 409006
156.59.198.136 - - [30/Dec/2023:12:22:45 -0500] "GET /BLA/resoluciones/RESOLUCIONES%202020/2758.pdf HTTP/1.0" 200 359328
114.111.32.65 - - [30/Dec/2023:12:23:07 -0500] "GET /distrito-adopta-el-plan-de-manejo-ambiental-para-el-parque-distrital-ecologico-de-montana-cerro-de-torca.hymns HTTP/1.1" 404 1114
156.59.198.136 - - [30/Dec/2023:12:23:09 -0500] "GET /BLA/resoluciones/RESOLUCIONES%202007/RES%202007%203401%20AL%203500/RESOLUCION%203457%20DE%202007.pdf HTTP/1.0" 200 141138
156.59.198.135 - - [30/Dec/2023:12:23:33 -0500] "GET /BLA/resoluciones/RESOLUCIONES%202020/1466.pdf HTTP/1.0" 200 532956
156.59.198.136 - - [30/Dec/2023:12:23:57 -0500] "GET /BLA/resoluciones/RESOLUCIONES%202020/2549.pdf HTTP/1.0" 200 626997
201.245.192.253 - - [30/Dec/2023:12:24:00 -0500] "POST /kwsrmcab/Wsrmcab  HTTP/1.1" 200 36178
156.59.198.135 - - [30/Dec/2023:12:24:22 -0500] "GET /BLA/resoluciones/RESOLUCIONES%202020/0527.pdf HTTP/1.0" 200 363968
156.59.198.135 - - [30/Dec/2023:12:24:45 -0500] "GET /BLA/resoluciones/RESOLUCIONES%202020/1463.pdf HTTP/1.0" 200 444048
156.59.198.135 - - [30/Dec/2023:12:25:11 -0500] "GET /BLA/resoluciones/RESOLUCIONES%202020/0168.pdf HTTP/1.0" 200 748571
156.59.198.135 - - [30/Dec/2023:12:25:35 -0500] "GET /BLA/resoluciones/RESOLUCIONES%202020/1663.pdf HTTP/1.0" 200 407820
201.245.192.253 - - [30/Dec/2023:12:25:47 -0500] "POST /kwsrmcab/Wsrmcab HTTP/1.1" 200 35678
201.245.192.253 - - [30/Dec/2023:12:25:50 -0500] "POST /kwsrmcab/Wsrmcab HTTP/1.1" 200 37046
156.59.198.135 - - [30/Dec/2023:12:26:00 -0500] "GET /BLA/resoluciones/RESOLUCIONES%202020/0530.pdf HTTP/1.0" 200 430067
216.245.221.92 - - [30/Dec/2023:12:26:02 -0500] "HEAD / HTTP/1.1" 200 -
52.167.144.235 - - [30/Dec/2023:12:26:02 -0500] "GET /planes-proyectos-y-estrategias-para-mejorar-la-calidad-del-aire-de-bogota.html HTTP/1.1" 200 757
172.22.2.4 - - [30/Dec/2023:12:24:37 -0500] "HEAD /BLA/boletinlegal/ HTTP/1.1" 200 -
156.59.198.136 - - [30/Dec/2023:12:26:23 -0500] "GET /BLA/resoluciones/RESOLUCIONES%202020/1083.pdf HTTP/1.0" 200 298938
66.249.66.20 - - [30/Dec/2023:12:26:43 -0500] "GET /BLA/resoluciones/RESOLUCIONES%202009/7300.pdf HTTP/1.1" 200 335910
156.59.198.135 - - [30/Dec/2023:12:26:47 -0500] "GET /BLA/resoluciones/RESOLUCIONES%202020/2608.pdf HTTP/1.0" 200 336241
172.22.2.4 - - [30/Dec/2023:12:25:27 -0500] "GET /BLA/boletinlegal/ HTTP/1.1" 200 58567
156.59.198.135 - - [30/Dec/2023:12:27:11 -0500] "GET /BLA/resoluciones/RESOLUCIONES%202020/0349.pdf HTTP/1.0" 200 364590
156.59.198.135 - - [30/Dec/2023:12:27:36 -0500] "GET /BLA/resoluciones/RESOLUCIONES%202020/0946.pdf HTTP/1.0" 200 387760
173.252.95.19 - - [30/Dec/2023:12:27:57 -0500] "GET /bogota-se-la-juega-por-las-mujeres-emprendedoras-de-bogota-es-mi-huerta-y-mujeres-que-reverdecen-expusieron-sus-proyectos-productivos.html HTTP/1.1" 200 985
156.59.198.136 - - [30/Dec/2023:12:28:02 -0500] "GET /BLA/resoluciones/RESOLUCIONES%202020/0884.pdf HTTP/1.0" 200 699562
156.59.198.136 - - [30/Dec/2023:12:28:26 -0500] "GET /BLA/resoluciones/RESOLUCIONES%202020/2392.pdf HTTP/1.0" 200 372443
156.59.198.136 - - [30/Dec/2023:12:28:50 -0500] "GET /BLA/resoluciones/RESOLUCIONES%202020/1659.pdf HTTP/1.0" 200 451052
201.245.192.253 - - [30/Dec/2023:12:28:59 -0500] "POST /kwsrmcab/Wsrmcab  HTTP/1.1" 200 36178
156.59.198.136 - - [30/Dec/2023:12:29:14 -0500] "GET /BLA/resoluciones/RESOLUCIONES%202020/0470.pdf HTTP/1.0" 200 370633
156.59.198.136 - - [30/Dec/2023:12:29:38 -0500] "GET /BLA/resoluciones/RESOLUCIONES%202020/2109.pdf HTTP/1.0" 200 569377
201.245.192.253 - - [30/Dec/2023:12:29:52 -0500] "POST /kwsrmcab/Wsrmcab HTTP/1.1" 200 35678
201.245.192.253 - - [30/Dec/2023:12:29:56 -0500] "POST /kwsrmcab/Wsrmcab HTTP/1.1" 200 37046
156.59.198.135 - - [30/Dec/2023:12:30:03 -0500] "GET /BLA/resoluciones/RESOLUCIONES%202020/0832.pdf HTTP/1.0" 200 394605
156.59.198.135 - - [30/Dec/2023:12:30:27 -0500] "GET /BLA/resoluciones/RESOLUCIONES%202007/RES%202007%203401%20AL%203500/RESOLUCION%203419%20DE%202007.pdf HTTP/1.0" 200 22682
173.252.79.116 - - [30/Dec/2023:12:30:37 -0500] "GET /distrito-adopta-el-plan-de-manejo-ambiental-para-el-parque-distrital-ecologico-de-montana-cerro-de-torca.hymns HTTP/1.1" 404 1034
156.59.198.135 - - [30/Dec/2023:12:30:51 -0500] "GET /BLA/resoluciones/RESOLUCIONES%202020/2472.pdf HTTP/1.0" 200 334441
216.245.221.92 - - [30/Dec/2023:12:31:02 -0500] "HEAD / HTTP/1.1" 200 -
66.249.66.21 - - [30/Dec/2023:12:31:07 -0500] "GET /BLA/resoluciones/AUTOS%202014/4176.pdf HTTP/1.1" 200 266222
156.59.198.136 - - [30/Dec/2023:12:31:16 -0500] "GET /BLA/resoluciones/RESOLUCIONES%202020/0503.pdf HTTP/1.0" 200 433764
156.59.198.136 - - [30/Dec/2023:12:31:39 -0500] "GET /BLA/resoluciones/RESOLUCIONES%202020/0462.pdf HTTP/1.0" 200 424662
156.59.198.135 - - [30/Dec/2023:12:32:04 -0500] "GET /BLA/resoluciones/RESOLUCIONES%202007/RES%202007%203401%20AL%203500/RESOLUCION%203496%20DE%202007.pdf HTTP/1.0" 200 580842
