190.90.132.140 - - [30/Dec/2023:11:19:00 -0500] "GET /sipse/faces/javax.faces.resource/primefaces.css?ln=primefaces&v=4.0 HTTP/1.1" 304 -
190.90.132.140 - - [30/Dec/2023:11:19:00 -0500] "GET /sipse/faces/javax.faces.resource/layout/layout.css?ln=primefaces&v=4.0 HTTP/1.1" 304 -
190.90.132.140 - - [30/Dec/2023:11:19:00 -0500] "GET /sipse/faces/javax.faces.resource/jquery/jquery.js?ln=primefaces&v=4.0 HTTP/1.1" 304 -
190.90.132.140 - - [30/Dec/2023:11:19:00 -0500] "GET /sipse/faces/javax.faces.resource/jquery/jquery-plugins.js?ln=primefaces&v=4.0 HTTP/1.1" 304 -
190.90.132.140 - - [30/Dec/2023:11:19:00 -0500] "GET /sipse/faces/javax.faces.resource/primefaces.js?ln=primefaces&v=4.0 HTTP/1.1" 304 -
190.90.132.140 - - [30/Dec/2023:11:19:00 -0500] "GET /sipse/faces/javax.faces.resource/layout/layout.js?ln=primefaces&v=4.0 HTTP/1.1" 304 -
190.90.132.140 - - [30/Dec/2023:11:19:00 -0500] "GET /sipse/faces/javax.faces.resource/images/ui-icons_898989_256x240.png?ln=primefaces-aristo HTTP/1.1" 304 -
190.90.132.140 - - [30/Dec/2023:11:19:02 -0500] "POST /sipse/faces/autenticacion.xhtml HTTP/1.1" 200 2246
190.90.132.140 - - [30/Dec/2023:11:19:02 -0500] "GET /sipse/faces/javax.faces.resource/messages/messages.png?ln=primefaces&v=4.0 HTTP/1.1" 304 -
156.59.198.136 - - [30/Dec/2023:11:19:10 -0500] "GET /BLA/resoluciones/AUTOS%202013/1107.pdf HTTP/1.0" 200 545626
201.245.192.253 - - [30/Dec/2023:11:19:16 -0500] "POST /kwsrmcab/Wsrmcab  HTTP/1.1" 200 36178
156.59.198.135 - - [30/Dec/2023:11:19:36 -0500] "GET /BLA/resoluciones/RESOLUCIONES%202020/2691.pdf HTTP/1.0" 200 320692
201.245.192.253 - - [30/Dec/2023:11:19:52 -0500] "POST /kwsrmcab/Wsrmcab HTTP/1.1" 200 33967
156.59.198.136 - - [30/Dec/2023:11:19:59 -0500] "GET /BLA/resoluciones/RESOLUCIONES%202020/2054.pdf HTTP/1.0" 200 398043
201.245.192.253 - - [30/Dec/2023:11:19:57 -0500] "POST /kwsrmcab/Wsrmcab HTTP/1.1" 200 37056
156.59.198.135 - - [30/Dec/2023:11:20:25 -0500] "GET /BLA/resoluciones/RESOLUCIONES%202020/2170.pdf HTTP/1.0" 200 378027
156.59.198.135 - - [30/Dec/2023:11:20:48 -0500] "GET /BLA/resoluciones/AUTOS%202012/1823.pdf HTTP/1.0" 200 278925
216.245.221.92 - - [30/Dec/2023:11:21:02 -0500] "HEAD / HTTP/1.1" 200 -
156.59.198.135 - - [30/Dec/2023:11:21:13 -0500] "GET /BLA/resoluciones/AUTOS%202012/0536.pdf HTTP/1.0" 200 173147
156.59.198.135 - - [30/Dec/2023:11:21:37 -0500] "GET /BLA/resoluciones/AUTOS%202012/0324.pdf HTTP/1.0" 200 313480
156.59.198.136 - - [30/Dec/2023:11:22:01 -0500] "GET /BLA/resoluciones/RESOLUCIONES%202005/0646.pdf HTTP/1.0" 200 57606
172.22.2.4 - - [30/Dec/2023:11:20:27 -0500] "HEAD /BLA/boletinlegal/ HTTP/1.1" 200 -
156.59.198.135 - - [30/Dec/2023:11:22:26 -0500] "GET /BLA/resoluciones/AUTOS%202012/0528.pdf HTTP/1.0" 200 331781
156.59.198.135 - - [30/Dec/2023:11:22:51 -0500] "GET /BLA/resoluciones/AUTOS%202013/0950.pdf HTTP/1.0" 200 1011457
172.22.2.4 - - [30/Dec/2023:11:21:18 -0500] "GET /BLA/boletinlegal/ HTTP/1.1" 200 58172
156.59.198.135 - - [30/Dec/2023:11:23:15 -0500] "GET /BLA/resoluciones/AUTOS%202013/0141.pdf HTTP/1.0" 200 2385824
190.90.132.140 - - [30/Dec/2023:11:23:24 -0500] "POST /sipse/faces/autenticacion.xhtml HTTP/1.1" 200 2250
156.59.198.135 - - [30/Dec/2023:11:23:39 -0500] "GET /BLA/resoluciones/AUTOS%202013/1134.pdf HTTP/1.0" 200 978247
156.59.198.135 - - [30/Dec/2023:11:24:03 -0500] "GET /BLA/resoluciones/RESOLUCIONES%202020/1120.pdf HTTP/1.0" 200 359833
201.245.192.253 - - [30/Dec/2023:11:24:15 -0500] "POST /kwsrmcab/Wsrmcab  HTTP/1.1" 200 36178
156.59.198.135 - - [30/Dec/2023:11:24:27 -0500] "GET /BLA/resoluciones/RESOLUCIONES%202020/1376.pdf HTTP/1.0" 200 500752
156.59.198.135 - - [30/Dec/2023:11:24:52 -0500] "GET /BLA/resoluciones/AUTOS%202012/0800.pdf HTTP/1.0" 200 157832
156.59.198.135 - - [30/Dec/2023:11:25:16 -0500] "GET /BLA/resoluciones/AUTOS%202013/1294.pdf HTTP/1.0" 200 2723037
156.59.198.135 - - [30/Dec/2023:11:25:41 -0500] "GET /BLA/resoluciones/RESOLUCIONES%202020/2592.pdf HTTP/1.0" 200 394295
201.245.192.253 - - [30/Dec/2023:11:25:47 -0500] "POST /kwsrmcab/Wsrmcab HTTP/1.1" 200 33967
201.245.192.253 - - [30/Dec/2023:11:25:50 -0500] "POST /kwsrmcab/Wsrmcab HTTP/1.1" 200 37056
200.118.16.147 - - [30/Dec/2023:11:25:58 -0500] "POST /sipse/faces/presentacion/financiero/solicitudProceso/consultarSolicitudProceso.xhtml HTTP/1.1" 200 42163
200.118.16.147 - - [30/Dec/2023:11:25:58 -0500] "GET /sipse/faces/javax.faces.resource/theme.css?ln=primefaces-sipse HTTP/1.1" 304 -
200.118.16.147 - - [30/Dec/2023:11:25:58 -0500] "GET /sipse/faces/javax.faces.resource/primefaces.css?ln=primefaces&v=4.0 HTTP/1.1" 304 -
200.118.16.147 - - [30/Dec/2023:11:25:58 -0500] "GET /sipse/faces/javax.faces.resource/layout/layout.css?ln=primefaces&v=4.0 HTTP/1.1" 304 -
200.118.16.147 - - [30/Dec/2023:11:25:58 -0500] "GET /sipse/faces/javax.faces.resource/jquery/jquery.js?ln=primefaces&v=4.0 HTTP/1.1" 304 -
200.118.16.147 - - [30/Dec/2023:11:25:58 -0500] "GET /sipse/faces/javax.faces.resource/jquery/jquery-plugins.js?ln=primefaces&v=4.0 HTTP/1.1" 304 -
200.118.16.147 - - [30/Dec/2023:11:25:58 -0500] "GET /sipse/css/imagen/contrasena.png HTTP/1.1" 404 383
200.118.16.147 - - [30/Dec/2023:11:25:58 -0500] "GET /sipse/faces/javax.faces.resource/primefaces.js?ln=primefaces&v=4.0 HTTP/1.1" 304 -
200.118.16.147 - - [30/Dec/2023:11:25:58 -0500] "GET /sipse/faces/javax.faces.resource/layout/layout.js?ln=primefaces&v=4.0 HTTP/1.1" 304 -
200.118.16.147 - - [30/Dec/2023:11:25:58 -0500] "POST /sipse/faces/presentacion/financiero/solicitudProceso/consultar.xhtml HTTP/1.1" 200 35451
200.118.16.147 - - [30/Dec/2023:11:25:58 -0500] "POST /sipse/faces/presentacion/financiero/solicitudProceso/consultar.xhtml HTTP/1.1" 200 35451
216.245.221.92 - - [30/Dec/2023:11:26:02 -0500] "HEAD / HTTP/1.1" 200 -
200.118.16.147 - - [30/Dec/2023:11:26:03 -0500] "POST /sipse/faces/presentacion/financiero/solicitudProceso/consultar.xhtml HTTP/1.1" 200 12831
156.59.198.136 - - [30/Dec/2023:11:26:05 -0500] "GET /BLA/resoluciones/AUTOS%202012/1178.pdf HTTP/1.0" 200 152175
200.118.16.147 - - [30/Dec/2023:11:26:12 -0500] "POST /sipse/faces/presentacion/financiero/solicitudProceso/consultar.xhtml HTTP/1.1" 200 158428
200.118.16.147 - - [30/Dec/2023:11:26:12 -0500] "GET /sipse/faces/javax.faces.resource/theme.css?ln=primefaces-sipse HTTP/1.1" 304 -
200.118.16.147 - - [30/Dec/2023:11:26:12 -0500] "GET /sipse/faces/javax.faces.resource/layout/layout.css?ln=primefaces&v=4.0 HTTP/1.1" 304 -
200.118.16.147 - - [30/Dec/2023:11:26:12 -0500] "GET /sipse/faces/javax.faces.resource/primefaces.css?ln=primefaces&v=4.0 HTTP/1.1" 304 -
200.118.16.147 - - [30/Dec/2023:11:26:12 -0500] "GET /sipse/faces/javax.faces.resource/jquery/jquery.js?ln=primefaces&v=4.0 HTTP/1.1" 304 -
200.118.16.147 - - [30/Dec/2023:11:26:12 -0500] "GET /sipse/faces/javax.faces.resource/jquery/jquery-plugins.js?ln=primefaces&v=4.0 HTTP/1.1" 304 -
200.118.16.147 - - [30/Dec/2023:11:26:12 -0500] "GET /sipse/faces/javax.faces.resource/primefaces.js?ln=primefaces&v=4.0 HTTP/1.1" 304 -
200.118.16.147 - - [30/Dec/2023:11:26:12 -0500] "GET /sipse/faces/javax.faces.resource/layout/layout.js?ln=primefaces&v=4.0 HTTP/1.1" 304 -
200.118.16.147 - - [30/Dec/2023:11:26:12 -0500] "GET /sipse/css/imagen/contrasena.png HTTP/1.1" 404 383
156.59.198.136 - - [30/Dec/2023:11:26:30 -0500] "GET /BLA/resoluciones/AUTOS%202012/0748.pdf HTTP/1.0" 200 151372
200.118.16.147 - - [30/Dec/2023:11:26:33 -0500] "POST /sipse/faces/presentacion/financiero/solicitudProceso/consultarSolicitudProceso.xhtml HTTP/1.1" 200 42163
200.118.16.147 - - [30/Dec/2023:11:26:33 -0500] "GET /sipse/faces/javax.faces.resource/theme.css?ln=primefaces-sipse HTTP/1.1" 304 -
200.118.16.147 - - [30/Dec/2023:11:26:33 -0500] "GET /sipse/faces/javax.faces.resource/primefaces.css?ln=primefaces&v=4.0 HTTP/1.1" 304 -
200.118.16.147 - - [30/Dec/2023:11:26:33 -0500] "GET /sipse/faces/javax.faces.resource/layout/layout.css?ln=primefaces&v=4.0 HTTP/1.1" 304 -
200.118.16.147 - - [30/Dec/2023:11:26:33 -0500] "GET /sipse/faces/javax.faces.resource/jquery/jquery.js?ln=primefaces&v=4.0 HTTP/1.1" 304 -
200.118.16.147 - - [30/Dec/2023:11:26:33 -0500] "GET /sipse/faces/javax.faces.resource/jquery/jquery-plugins.js?ln=primefaces&v=4.0 HTTP/1.1" 304 -
200.118.16.147 - - [30/Dec/2023:11:26:33 -0500] "GET /sipse/faces/javax.faces.resource/primefaces.js?ln=primefaces&v=4.0 HTTP/1.1" 304 -
200.118.16.147 - - [30/Dec/2023:11:26:33 -0500] "GET /sipse/faces/javax.faces.resource/layout/layout.js?ln=primefaces&v=4.0 HTTP/1.1" 304 -
200.118.16.147 - - [30/Dec/2023:11:26:33 -0500] "POST /sipse/faces/presentacion/financiero/solicitudProceso/consultar.xhtml HTTP/1.1" 200 35451
200.118.16.147 - - [30/Dec/2023:11:26:34 -0500] "POST /sipse/faces/presentacion/financiero/solicitudProceso/consultar.xhtml HTTP/1.1" 200 35451
200.118.16.147 - - [30/Dec/2023:11:26:34 -0500] "POST /sipse/faces/presentacion/financiero/solicitudProceso/consultar.xhtml HTTP/1.1" 200 35451
200.118.16.147 - - [30/Dec/2023:11:26:34 -0500] "POST /sipse/faces/presentacion/financiero/solicitudProceso/consultar.xhtml HTTP/1.1" 200 35451
200.118.16.147 - - [30/Dec/2023:11:26:38 -0500] "POST /sipse/faces/presentacion/financiero/solicitudProceso/consultar.xhtml HTTP/1.1" 200 12831
66.249.66.20 - - [30/Dec/2023:11:26:39 -0500] "GET /BLA/resoluciones/RESOLUCIONES%202009/1109.pdf HTTP/1.1" 200 287500
200.118.16.147 - - [30/Dec/2023:11:26:41 -0500] "POST /sipse/faces/presentacion/financiero/solicitudProceso/consultar.xhtml HTTP/1.1" 200 158428
200.118.16.147 - - [30/Dec/2023:11:26:42 -0500] "GET /sipse/faces/javax.faces.resource/theme.css?ln=primefaces-sipse HTTP/1.1" 304 -
200.118.16.147 - - [30/Dec/2023:11:26:42 -0500] "GET /sipse/faces/javax.faces.resource/primefaces.css?ln=primefaces&v=4.0 HTTP/1.1" 304 -
200.118.16.147 - - [30/Dec/2023:11:26:42 -0500] "GET /sipse/faces/javax.faces.resource/layout/layout.css?ln=primefaces&v=4.0 HTTP/1.1" 304 -
200.118.16.147 - - [30/Dec/2023:11:26:42 -0500] "GET /sipse/faces/javax.faces.resource/jquery/jquery.js?ln=primefaces&v=4.0 HTTP/1.1" 304 -
200.118.16.147 - - [30/Dec/2023:11:26:42 -0500] "GET /sipse/faces/javax.faces.resource/jquery/jquery-plugins.js?ln=primefaces&v=4.0 HTTP/1.1" 304 -
200.118.16.147 - - [30/Dec/2023:11:26:42 -0500] "GET /sipse/faces/javax.faces.resource/primefaces.js?ln=primefaces&v=4.0 HTTP/1.1" 304 -
200.118.16.147 - - [30/Dec/2023:11:26:42 -0500] "GET /sipse/faces/javax.faces.resource/layout/layout.js?ln=primefaces&v=4.0 HTTP/1.1" 304 -
200.118.16.147 - - [30/Dec/2023:11:26:48 -0500] "POST /sipse/faces/presentacion/financiero/solicitudProceso/consultarSolicitudProceso.xhtml HTTP/1.1" 200 49495
200.118.16.147 - - [30/Dec/2023:11:26:49 -0500] "GET /sipse/faces/javax.faces.resource/layout/layout.css?ln=primefaces&v=4.0 HTTP/1.1" 304 -
200.118.16.147 - - [30/Dec/2023:11:26:49 -0500] "GET /sipse/faces/javax.faces.resource/theme.css?ln=primefaces-sipse HTTP/1.1" 304 -
200.118.16.147 - - [30/Dec/2023:11:26:49 -0500] "GET /sipse/faces/javax.faces.resource/primefaces.css?ln=primefaces&v=4.0 HTTP/1.1" 304 -
200.118.16.147 - - [30/Dec/2023:11:26:49 -0500] "GET /sipse/faces/javax.faces.resource/jquery/jquery-plugins.js?ln=primefaces&v=4.0 HTTP/1.1" 304 -
200.118.16.147 - - [30/Dec/2023:11:26:49 -0500] "GET /sipse/faces/javax.faces.resource/jquery/jquery.js?ln=primefaces&v=4.0 HTTP/1.1" 304 -
200.118.16.147 - - [30/Dec/2023:11:26:49 -0500] "GET /sipse/faces/javax.faces.resource/primefaces.js?ln=primefaces&v=4.0 HTTP/1.1" 304 -
200.118.16.147 - - [30/Dec/2023:11:26:49 -0500] "GET /sipse/faces/javax.faces.resource/layout/layout.js?ln=primefaces&v=4.0 HTTP/1.1" 304 -
156.59.198.135 - - [30/Dec/2023:11:26:54 -0500] "GET /BLA/resoluciones/AUTOS%202012/0986.pdf HTTP/1.0" 200 245056
200.118.16.147 - - [30/Dec/2023:11:26:56 -0500] "GET /sipse/faces/javax.faces.resource/theme.css?ln=primefaces-sipse HTTP/1.1" 304 -
200.118.16.147 - - [30/Dec/2023:11:26:56 -0500] "GET /sipse/faces/javax.faces.resource/jquery/jquery-plugins.js?ln=primefaces&v=4.0 HTTP/1.1" 304 -
200.118.16.147 - - [30/Dec/2023:11:26:56 -0500] "GET /sipse/faces/javax.faces.resource/primefaces.css?ln=primefaces&v=4.0 HTTP/1.1" 304 -
200.118.16.147 - - [30/Dec/2023:11:26:56 -0500] "GET /sipse/faces/javax.faces.resource/layout/layout.css?ln=primefaces&v=4.0 HTTP/1.1" 304 -
200.118.16.147 - - [30/Dec/2023:11:26:56 -0500] "GET /sipse/faces/javax.faces.resource/jquery/jquery.js?ln=primefaces&v=4.0 HTTP/1.1" 304 -
200.118.16.147 - - [30/Dec/2023:11:26:56 -0500] "GET /sipse/faces/javax.faces.resource/primefaces.js?ln=primefaces&v=4.0 HTTP/1.1" 304 -
200.118.16.147 - - [30/Dec/2023:11:26:55 -0500] "POST /sipse/faces/presentacion/financiero/solicitudProceso/consultarHistorialSolProceso.xhtml HTTP/1.1" 200 204222
200.118.16.147 - - [30/Dec/2023:11:26:56 -0500] "GET /sipse/faces/javax.faces.resource/layout/layout.js?ln=primefaces&v=4.0 HTTP/1.1" 304 -
200.118.16.147 - - [30/Dec/2023:11:26:59 -0500] "POST /sipse/faces/presentacion/financiero/solicitudProceso/consultarSolicitudProceso.xhtml HTTP/1.1" 200 106326
156.59.198.136 - - [30/Dec/2023:11:27:18 -0500] "GET /BLA/resoluciones/RESOLUCIONES%202020/2101.pdf HTTP/1.0" 200 528678
156.59.198.135 - - [30/Dec/2023:11:27:43 -0500] "GET /BLA/resoluciones/AUTOS%202012/2092.pdf HTTP/1.0" 200 361588
186.102.92.237 - - [30/Dec/2023:11:27:47 -0500] "GET /kwssiamovil/sm/ldap/au?x=U2FsdGVkX1/FGE3o2QWfR2RwHkD3Og37HbEDtKSrvT325sZMYaDkafPDraijOI4U&y=U2FsdGVkX18AnzhlCUslTp4G0kNA47KxclvycedpqQk= HTTP/1.1" 200 30
186.102.92.237 - - [30/Dec/2023:11:27:47 -0500] "GET /kwssiamovil/sm/acme/s?s=U2FsdGVkX1/97AxNxLDUJpAzlm3e1TjzHi5zuew0EdhTyoftENhoJZXjMTIT//Xc0ds8Mdf7H7qjdZF6fVpmN5kQs7bi8iZnZsarfrJ836k=&u=U2FsdGVkX18u917q19BaMYkUPizQS/k5FPQlY4iBOHc=&y=U2FsdGVkX18AnzhlCUslTp4G0kNA47KxclvycedpqQk= HTTP/1.1" 200 97
186.102.92.237 - - [30/Dec/2023:11:27:47 -0500] "GET /kwssiamovil/sm/acme/s?s=U2FsdGVkX19uD+w7XSAYfQCAFpOf1QH4FGUsVm/KC7WiIkuLpDcWIBpusOHP1G3+7rZt7ehZLyNKvoZ2u9cDuOujKfawAwDoPV5S569w3dvnnWUxUrj/hTcOU+w8t7jk9rT/zstljpFYZHDTihdP9xar4mIxvJ/PapKoIX3C2IETcAuUDFt5HjYlOQZHydFE/r5FKIgK3zz0gCYdHRti4KP+DCfIjMzvIhQ2YeKVTLGnYOHU8kcUERk2+unOjlg6UGNCAS/4ErOWvK4nVhlSL9Km/sAkO8kjZHVxegzOQujOMpaE2RAOB7YkdEZANmDsj/7D4NJmMkCk91UVXQs/bPHjrZs6i+7kamvlVgeaTn15yUrJRYe5nzRy0EqTGhEXY28yzQqhRJ8aFdms0eWjVAq809fisvril3bQBx4Ray8afH46IG982HC4PFxVrcQ69VjQVdUuXzlA+MiyDYDtAIYC7CiRx1Z13E2HcraK3ttp9e13yeJeXlxgzbDPOMmZrcY1EbS8yfh8QAysy7WpgIA6U1S4aSCyitGIyhqDzbmwvPMu9Wc0vN6xpWS5u1dGdaHmmFwOXagYvLKeZGlNbel+s8OO2gHls/J7Q1vvptcON38tTfR9VeFuCTgqfe6ykqI7qA4rtQ8jrOS4e6pb2STcHCXsnf6kK4ZRjoq/psV9/rDPTah45aroYyg//gwcekJFTJMuQJb1D2a6ITY9srveEDApBOyT7w4fGUc1LXq9BkdXkmTF7h/CSgBKPc9nvstbavH2ZzT6ot/yyZM8pqrvfnvzEm72BDIGNi2H3rmx/YYujAOOXY8Vw91M/VAnwZInX8p+wo6jhSld3lGZRA0pt5pefJz2J2d9Ltgknbdxk/5AQbwa73txmoOhMUkabYwK7VldkS23WWKK6B9QCd+cYTi62oBiPn1s1oje1YCDHuJeSrUqVGiwihAGWUzfNy3bnqs4i0jo/4JDNwBmFI2d8/faY8nzppL2XJKUP1lagQ/K6Qg/qg4CeKM+5WoQUWKE6ZRh55yDjQacbLE6OWVkfT7lQynxn91KoXfzlHh+kBuO6XjTbh1bQCTrDKpiTmfKu7vMzOBImLeK9FT4KpCmmnC++p1fpOZFjSAFNuyRhXJ0jXEI3ISxQEzF11YoPHg9jFi7ZDerb1wnVaeHcp+s2hMFkf9FIG1+Sy8KM/r42UGq3Ss0CVhwbvxd6RXpKQT89VKFguERFGl2VZcPRHif7UVK5b0yHiFlyfjmj2uDqg7QHUbuu6CMqhagYi5zSmUeYZTwJjBg+tljqmJiSl3C+89nTcZVltgjHWFyJXhr3u3InY84laSBlliBaGRrIVIYziDdae1N5rBi5CosRe/ahBd6R5sE4yTxXIm/bL30c2yCfYwZdx9usutC01ixBGHc2RBBdNVturuZOs4v79/FvfgSOfh8L7iuq8DA8/ZYLZj53OrRr4pHAone/AhkRzQbjolUVB1rkRFKTACceD1n3SEtL2LZ4RMaU3IES2m7ulTwCXwlE9GydYZfObZn+xqYDirQBQWUrM50smROGe8kUzug4LV1CgTI01ILjNDtlcbjVe8nyCnVQJEUaH9Dh24X1ktNXJI3888bEXngzaGw652heckYjT2872JJslW4QTHE8Lb0kLwE3tNS6eeMQiTLHpOjotwXy+zrvaAmaMlrByq+/bW8ZgrwA64AQ2OIeUNL0ZnIKKUbtHnxz4EFfsXlPuXsYRCUGjphpfH6dCQEfMqDMbOpp/3aGtmWGdk=&u=U2FsdGVkX18u917q19BaMYkUPizQS/k5FPQlY4iBOHc=&y=U2FsdGVkX18AnzhlCUslTp4G0kNA47KxclvycedpqQk= HTTP/1.1" 200 1354
186.102.92.237 - - [30/Dec/2023:11:27:47 -0500] "GET /kwssiamovil/sm/acme/s?s=U2FsdGVkX1/AoIPVZmvGRIu7/HHCocBCwv6SlSAFc1dK0TRbVCMwp3aAo3Uc44DkJn/gRxpEwaxB5YoDkrZVWUwNO566QBtSC3Ff948SdxzqloujqrEsEohxKF5aJJAgtV5bQ/fSTO1lB1cCBXfOf+enSjR4+OdYh8D5OEyNg2NTVfHqyjWKrwhshFUyUl6Zy4TvenbPVLlaoM1YrEcHyO0CT7VFBt93Wxqf3ZrvaFGCIU7c09qF/KuOVaoiJz0TSD7BZ+oeXKJaE6VI9Lquc5P8+Z8AviExXGAzpTAK0aAMG/2AAu5mnNxjx9l/PVeB7OUlwgKrZgbLV+yyUOg42wzgRwvU2m8nwd5w4Rgag/wtfSb9qC0M3LqoIuBB+A5of5hXbQAE4FEikL4ZRiiBYa5IQjm3R826b7PYzfZxC/dmuvgjy6snXH+mJlqQkr6G80L4a2h43mEW7zZkoDxBCQoq1b7HKfNCExGBTc13mvFv3Rn5EY79NiZcumQEftsEN5UqDwQITD8BwxvWqrLt3b8qi/SzrzD6A9Ad9LBZW2GBxhhQYDimHQVY26Yv4SAClvxO25lEG/pMPk8j/RSIlRYPxbIc/Ixa99hfb/6QaW3Qqe9nFWeF98z/BxOjMSzjNrxwKeU+p0s7subNindks+jzitUl8ZqfDh7o8FxXy7+ti1rjGL47Zv/Lx+r5kkw+mAG7QanHFT/PUtaZKJyCjnriBtSiIIMpzFHmxBwz2xyQxuyXgaTscbhXeI7m0o3e&u=U2FsdGVkX18u917q19BaMYkUPizQS/k5FPQlY4iBOHc=&y=U2FsdGVkX18AnzhlCUslTp4G0kNA47KxclvycedpqQk= HTTP/1.1" 200 208
186.102.92.237 - - [30/Dec/2023:11:27:47 -0500] "GET /kwssiamovil/sm/cjson/pre?f=1&x=U2FsdGVkX1/FGE3o2QWfR2RwHkD3Og37HbEDtKSrvT325sZMYaDkafPDraijOI4U HTTP/1.1" 200 31032
200.118.16.147 - - [30/Dec/2023:11:27:52 -0500] "POST /sipse/faces/presentacion/financiero/solicitudProceso/consultarSolicitudProceso.xhtml HTTP/1.1" 200 42163
200.118.16.147 - - [30/Dec/2023:11:27:53 -0500] "GET /sipse/faces/javax.faces.resource/theme.css?ln=primefaces-sipse HTTP/1.1" 304 -
200.118.16.147 - - [30/Dec/2023:11:27:53 -0500] "GET /sipse/faces/javax.faces.resource/primefaces.css?ln=primefaces&v=4.0 HTTP/1.1" 304 -
200.118.16.147 - - [30/Dec/2023:11:27:53 -0500] "GET /sipse/faces/javax.faces.resource/jquery/jquery.js?ln=primefaces&v=4.0 HTTP/1.1" 304 -
200.118.16.147 - - [30/Dec/2023:11:27:53 -0500] "GET /sipse/faces/javax.faces.resource/layout/layout.css?ln=primefaces&v=4.0 HTTP/1.1" 304 -
200.118.16.147 - - [30/Dec/2023:11:27:53 -0500] "GET /sipse/faces/javax.faces.resource/jquery/jquery-plugins.js?ln=primefaces&v=4.0 HTTP/1.1" 304 -
200.118.16.147 - - [30/Dec/2023:11:27:53 -0500] "GET /sipse/faces/javax.faces.resource/primefaces.js?ln=primefaces&v=4.0 HTTP/1.1" 304 -
200.118.16.147 - - [30/Dec/2023:11:27:53 -0500] "GET /sipse/faces/javax.faces.resource/layout/layout.js?ln=primefaces&v=4.0 HTTP/1.1" 304 -
172.22.2.4 - - [30/Dec/2023:11:26:17 -0500] "HEAD /BLA/boletinlegal/ HTTP/1.1" 200 -
200.118.16.147 - - [30/Dec/2023:11:28:04 -0500] "POST /sipse/faces/presentacion/financiero/solicitudProceso/consultar.xhtml HTTP/1.1" 200 12893
156.59.198.135 - - [30/Dec/2023:11:28:08 -0500] "GET /BLA/resoluciones/RESOLUCIONES%202020/1767.pdf HTTP/1.0" 200 369374
200.118.16.147 - - [30/Dec/2023:11:28:08 -0500] "POST /sipse/faces/presentacion/financiero/solicitudProceso/consultar.xhtml HTTP/1.1" 200 153089
200.118.16.147 - - [30/Dec/2023:11:28:09 -0500] "GET /sipse/faces/javax.faces.resource/theme.css?ln=primefaces-sipse HTTP/1.1" 304 -
200.118.16.147 - - [30/Dec/2023:11:28:09 -0500] "GET /sipse/faces/javax.faces.resource/layout/layout.css?ln=primefaces&v=4.0 HTTP/1.1" 304 -
200.118.16.147 - - [30/Dec/2023:11:28:09 -0500] "GET /sipse/faces/javax.faces.resource/primefaces.css?ln=primefaces&v=4.0 HTTP/1.1" 304 -
200.118.16.147 - - [30/Dec/2023:11:28:09 -0500] "GET /sipse/faces/javax.faces.resource/jquery/jquery.js?ln=primefaces&v=4.0 HTTP/1.1" 304 -
200.118.16.147 - - [30/Dec/2023:11:28:09 -0500] "GET /sipse/faces/javax.faces.resource/jquery/jquery-plugins.js?ln=primefaces&v=4.0 HTTP/1.1" 304 -
200.118.16.147 - - [30/Dec/2023:11:28:09 -0500] "GET /sipse/faces/javax.faces.resource/primefaces.js?ln=primefaces&v=4.0 HTTP/1.1" 304 -
200.118.16.147 - - [30/Dec/2023:11:28:09 -0500] "GET /sipse/faces/javax.faces.resource/layout/layout.js?ln=primefaces&v=4.0 HTTP/1.1" 304 -
200.118.16.147 - - [30/Dec/2023:11:28:20 -0500] "POST /sipse/faces/presentacion/financiero/solicitudProceso/consultarSolicitudProceso.xhtml HTTP/1.1" 200 254895
156.59.198.136 - - [30/Dec/2023:11:28:31 -0500] "GET /BLA/resoluciones/RESOLUCIONES%202007/RES%202007%203401%20AL%203500/RESOLUCION%203475%20DE%202007.pdf HTTP/1.0" 200 1174268
172.22.2.4 - - [30/Dec/2023:11:27:08 -0500] "GET /BLA/boletinlegal/ HTTP/1.1" 200 60502
156.59.198.135 - - [30/Dec/2023:11:28:55 -0500] "GET /BLA/resoluciones/AUTOS%202013/0076.pdf HTTP/1.0" 200 350443
201.245.192.253 - - [30/Dec/2023:11:29:14 -0500] "POST /kwsrmcab/Wsrmcab  HTTP/1.1" 200 36178
156.59.198.135 - - [30/Dec/2023:11:29:19 -0500] "GET /BLA/resoluciones/RESOLUCIONES%202007/RES%202007%203401%20AL%203500/RESOLUCION%203440%20DE%202007.pdf HTTP/1.0" 200 535664
190.146.110.33 - - [30/Dec/2023:11:29:41 -0500] "GET /sipse/faces/faces/autenticacion.xhtml HTTP/1.1" 200 12737
190.146.110.33 - - [30/Dec/2023:11:29:42 -0500] "GET /sipse/faces/javax.faces.resource/layout/layout.css;jsessionid=a-w+wkEOoTRIexlxgvbpzaKl.undefined?ln=primefaces&v=4.0 HTTP/1.1" 200 542
190.146.110.33 - - [30/Dec/2023:11:29:43 -0500] "GET /sipse/faces/javax.faces.resource/theme.css?ln=primefaces-sipse HTTP/1.1" 304 -
190.146.110.33 - - [30/Dec/2023:11:29:42 -0500] "GET /sipse/faces/javax.faces.resource/primefaces.css;jsessionid=a-w+wkEOoTRIexlxgvbpzaKl.undefined?ln=primefaces&v=4.0 HTTP/1.1" 200 53295
190.146.110.33 - - [30/Dec/2023:11:29:43 -0500] "GET /sipse/faces/javax.faces.resource/layout/layout.js;jsessionid=a-w+wkEOoTRIexlxgvbpzaKl.undefined?ln=primefaces&v=4.0 HTTP/1.1" 200 87560
190.146.110.33 - - [30/Dec/2023:11:29:43 -0500] "GET /sipse/faces/javax.faces.resource/jquery/jquery.js;jsessionid=a-w+wkEOoTRIexlxgvbpzaKl.undefined?ln=primefaces&v=4.0 HTTP/1.1" 200 105384
190.146.110.33 - - [30/Dec/2023:11:29:43 -0500] "GET /sipse/faces/javax.faces.resource/jquery/jquery-plugins.js;jsessionid=a-w+wkEOoTRIexlxgvbpzaKl.undefined?ln=primefaces&v=4.0 HTTP/1.1" 200 220526
190.146.110.33 - - [30/Dec/2023:11:29:43 -0500] "GET /sipse/faces/javax.faces.resource/primefaces.js;jsessionid=a-w+wkEOoTRIexlxgvbpzaKl.undefined?ln=primefaces&v=4.0 HTTP/1.1" 200 276924
190.146.110.33 - - [30/Dec/2023:11:29:43 -0500] "GET /sipse/faces/javax.faces.resource/images/ui-icons_898989_256x240.png?ln=primefaces-aristo HTTP/1.1" 304 -
190.146.110.33 - - [30/Dec/2023:11:29:43 -0500] "GET /sipse/faces/faces/index.xhtml HTTP/1.1" 200 677
190.146.110.33 - - [30/Dec/2023:11:29:43 -0500] "GET /sipse/faces/javax.faces.resource/theme.css?ln=primefaces-sipse HTTP/1.1" 304 -
190.146.110.33 - - [30/Dec/2023:11:29:44 -0500] "GET /sipse/faces/faces/faces/autenticacion.xhtml HTTP/1.1" 200 12415
190.146.110.33 - - [30/Dec/2023:11:29:44 -0500] "GET /sipse/faces/javax.faces.resource/primefaces.js?ln=primefaces&v=4.0 HTTP/1.1" 304 -
190.146.110.33 - - [30/Dec/2023:11:29:44 -0500] "GET /sipse/faces/javax.faces.resource/layout/layout.css?ln=primefaces&v=4.0 HTTP/1.1" 304 -
190.146.110.33 - - [30/Dec/2023:11:29:44 -0500] "GET /sipse/faces/javax.faces.resource/primefaces.css?ln=primefaces&v=4.0 HTTP/1.1" 304 -
190.146.110.33 - - [30/Dec/2023:11:29:44 -0500] "GET /sipse/faces/javax.faces.resource/theme.css?ln=primefaces-sipse HTTP/1.1" 304 -
190.146.110.33 - - [30/Dec/2023:11:29:44 -0500] "GET /sipse/faces/javax.faces.resource/jquery/jquery.js?ln=primefaces&v=4.0 HTTP/1.1" 304 -
190.146.110.33 - - [30/Dec/2023:11:29:44 -0500] "GET /sipse/faces/javax.faces.resource/jquery/jquery-plugins.js?ln=primefaces&v=4.0 HTTP/1.1" 304 -
190.146.110.33 - - [30/Dec/2023:11:29:44 -0500] "GET /sipse/faces/javax.faces.resource/layout/layout.js?ln=primefaces&v=4.0 HTTP/1.1" 304 -
156.59.198.136 - - [30/Dec/2023:11:29:44 -0500] "GET /BLA/resoluciones/AUTOS%202012/1574.pdf HTTP/1.0" 200 533072
190.146.110.33 - - [30/Dec/2023:11:29:50 -0500] "POST /sipse/faces/autenticacion.xhtml HTTP/1.1" 200 11260
190.146.110.33 - - [30/Dec/2023:11:29:50 -0500] "GET /sipse/faces/javax.faces.resource/theme.css?ln=primefaces-sipse HTTP/1.1" 304 -
190.146.110.33 - - [30/Dec/2023:11:29:50 -0500] "GET /sipse/faces/javax.faces.resource/primefaces.css?ln=primefaces&v=4.0 HTTP/1.1" 304 -
190.146.110.33 - - [30/Dec/2023:11:29:50 -0500] "GET /sipse/faces/javax.faces.resource/layout/layout.css?ln=primefaces&v=4.0 HTTP/1.1" 304 -
190.146.110.33 - - [30/Dec/2023:11:29:50 -0500] "GET /sipse/faces/javax.faces.resource/jquery/jquery.js?ln=primefaces&v=4.0 HTTP/1.1" 304 -
190.146.110.33 - - [30/Dec/2023:11:29:50 -0500] "GET /sipse/faces/javax.faces.resource/jquery/jquery-plugins.js?ln=primefaces&v=4.0 HTTP/1.1" 304 -
190.146.110.33 - - [30/Dec/2023:11:29:50 -0500] "GET /sipse/faces/javax.faces.resource/primefaces.js?ln=primefaces&v=4.0 HTTP/1.1" 304 -
190.146.110.33 - - [30/Dec/2023:11:29:50 -0500] "GET /sipse/faces/javax.faces.resource/layout/layout.js?ln=primefaces&v=4.0 HTTP/1.1" 304 -
190.146.110.33 - - [30/Dec/2023:11:29:51 -0500] "GET /sipse/faces/javax.faces.resource/messages/messages.png?ln=primefaces&v=4.0 HTTP/1.1" 304 -
190.146.110.33 - - [30/Dec/2023:11:29:52 -0500] "GET /sipse/faces/javax.faces.resource/images/ui-icons_898989_256x240.png?ln=primefaces-aristo HTTP/1.1" 304 -
190.146.110.33 - - [30/Dec/2023:11:29:54 -0500] "POST /sipse/faces/presentacion/sistema/seguridad/seleccionRol.xhtml HTTP/1.1" 200 5624
201.245.192.253 - - [30/Dec/2023:11:29:52 -0500] "POST /kwsrmcab/Wsrmcab HTTP/1.1" 200 33967
190.146.110.33 - - [30/Dec/2023:11:29:55 -0500] "POST /sipse/faces/presentacion/sistema/seguridad/seleccionRol.xhtml HTTP/1.1" 200 15256
190.146.110.33 - - [30/Dec/2023:11:29:55 -0500] "GET /sipse/faces/javax.faces.resource/theme.css?ln=primefaces-sipse HTTP/1.1" 304 -
190.146.110.33 - - [30/Dec/2023:11:29:55 -0500] "GET /sipse/faces/javax.faces.resource/layout/layout.css?ln=primefaces&v=4.0 HTTP/1.1" 304 -
190.146.110.33 - - [30/Dec/2023:11:29:55 -0500] "GET /sipse/faces/javax.faces.resource/primefaces.css?ln=primefaces&v=4.0 HTTP/1.1" 304 -
190.146.110.33 - - [30/Dec/2023:11:29:55 -0500] "GET /sipse/faces/javax.faces.resource/jquery/jquery.js?ln=primefaces&v=4.0 HTTP/1.1" 304 -
190.146.110.33 - - [30/Dec/2023:11:29:55 -0500] "GET /sipse/faces/javax.faces.resource/jquery/jquery-plugins.js?ln=primefaces&v=4.0 HTTP/1.1" 304 -
190.146.110.33 - - [30/Dec/2023:11:29:55 -0500] "GET /sipse/faces/javax.faces.resource/primefaces.js?ln=primefaces&v=4.0 HTTP/1.1" 304 -
190.146.110.33 - - [30/Dec/2023:11:29:56 -0500] "GET /sipse/faces/javax.faces.resource/layout/layout.js?ln=primefaces&v=4.0 HTTP/1.1" 304 -
190.146.110.33 - - [30/Dec/2023:11:29:56 -0500] "GET /sipse/css/imagen/contrasena.png HTTP/1.1" 404 383
201.245.192.253 - - [30/Dec/2023:11:29:57 -0500] "POST /kwsrmcab/Wsrmcab HTTP/1.1" 200 37056
190.146.110.33 - - [30/Dec/2023:11:30:02 -0500] "POST /sipse/faces/bienvenido.xhtml HTTP/1.1" 200 3246
190.146.110.33 - - [30/Dec/2023:11:30:02 -0500] "GET /sipse/faces/javax.faces.resource/images/ui-bg_flat_0_2d5972_40x100.png?ln=primefaces-aristo HTTP/1.1" 304 -
190.146.110.33 - - [30/Dec/2023:11:30:03 -0500] "POST /sipse/faces/bienvenido.xhtml HTTP/1.1" 200 63318
190.146.110.33 - - [30/Dec/2023:11:30:04 -0500] "GET /sipse/faces/javax.faces.resource/theme.css?ln=primefaces-sipse HTTP/1.1" 304 -
190.146.110.33 - - [30/Dec/2023:11:30:04 -0500] "GET /sipse/faces/javax.faces.resource/layout/layout.css?ln=primefaces&v=4.0 HTTP/1.1" 304 -
190.146.110.33 - - [30/Dec/2023:11:30:04 -0500] "GET /sipse/faces/javax.faces.resource/primefaces.css?ln=primefaces&v=4.0 HTTP/1.1" 304 -
190.146.110.33 - - [30/Dec/2023:11:30:04 -0500] "GET /sipse/faces/javax.faces.resource/jquery/jquery.js?ln=primefaces&v=4.0 HTTP/1.1" 304 -
190.146.110.33 - - [30/Dec/2023:11:30:04 -0500] "GET /sipse/faces/javax.faces.resource/jquery/jquery-plugins.js?ln=primefaces&v=4.0 HTTP/1.1" 304 -
190.146.110.33 - - [30/Dec/2023:11:30:04 -0500] "GET /sipse/faces/javax.faces.resource/primefaces.js?ln=primefaces&v=4.0 HTTP/1.1" 304 -
190.146.110.33 - - [30/Dec/2023:11:30:04 -0500] "GET /sipse/faces/javax.faces.resource/layout/layout.js?ln=primefaces&v=4.0 HTTP/1.1" 304 -
190.146.110.33 - - [30/Dec/2023:11:30:04 -0500] "POST /sipse/faces/presentacion/financiero/solicitudProceso/listarSolicitudProceso.xhtml HTTP/1.1" 200 1564
190.146.110.33 - - [30/Dec/2023:11:30:06 -0500] "POST /sipse/faces/presentacion/financiero/solicitudProceso/listarSolicitudProceso.xhtml HTTP/1.1" 200 46198
190.146.110.33 - - [30/Dec/2023:11:30:06 -0500] "POST /sipse/faces/presentacion/financiero/solicitudProceso/listarSolicitudProceso.xhtml HTTP/1.1" 200 1564
190.146.110.33 - - [30/Dec/2023:11:30:06 -0500] "POST /sipse/faces/presentacion/financiero/solicitudProceso/listarSolicitudProceso.xhtml HTTP/1.1" 200 10750
190.146.110.33 - - [30/Dec/2023:11:30:07 -0500] "POST /sipse/faces/presentacion/financiero/solicitudProceso/listarSolicitudProceso.xhtml HTTP/1.1" 200 22485
156.59.198.136 - - [30/Dec/2023:11:30:08 -0500] "GET /BLA/resoluciones/RESOLUCIONES%202020/2060.pdf HTTP/1.0" 200 358320
162.55.167.166 - - [30/Dec/2023:11:30:28 -0500] "GET / HTTP/1.1" 200 4720
162.55.167.166 - - [30/Dec/2023:11:30:29 -0500] "GET / HTTP/1.1" 200 319
156.59.198.136 - - [30/Dec/2023:11:30:33 -0500] "GET /BLA/resoluciones/AUTOS%202012/0873.pdf HTTP/1.0" 200 732150
156.59.198.136 - - [30/Dec/2023:11:30:57 -0500] "GET /BLA/resoluciones/AUTOS%202013/0101.pdf HTTP/1.0" 200 1472131
216.245.221.92 - - [30/Dec/2023:11:31:02 -0500] "HEAD / HTTP/1.1" 200 -
156.59.198.136 - - [30/Dec/2023:11:31:21 -0500] "GET /BLA/resoluciones/AUTOS%202012/1713.pdf HTTP/1.0" 200 894591
52.167.144.176 - - [30/Dec/2023:11:31:27 -0500] "GET /sipse/faces/faces/autenticacion.xhtml HTTP/1.1" 200 12737
156.59.198.135 - - [30/Dec/2023:11:31:45 -0500] "GET /BLA/resoluciones/AUTOS%202012/1908.pdf HTTP/1.0" 200 305603
190.146.110.33 - - [30/Dec/2023:11:31:54 -0500] "POST /sipse/faces/presentacion/financiero/solicitudProceso/listarSolicitudProceso.xhtml HTTP/1.1" 200 120013
190.146.110.33 - - [30/Dec/2023:11:31:55 -0500] "GET /sipse/faces/javax.faces.resource/theme.css?ln=primefaces-sipse HTTP/1.1" 304 -
190.146.110.33 - - [30/Dec/2023:11:31:55 -0500] "GET /sipse/faces/javax.faces.resource/primefaces.css?ln=primefaces&v=4.0 HTTP/1.1" 304 -
190.146.110.33 - - [30/Dec/2023:11:31:55 -0500] "GET /sipse/faces/javax.faces.resource/layout/layout.css?ln=primefaces&v=4.0 HTTP/1.1" 304 -
190.146.110.33 - - [30/Dec/2023:11:31:55 -0500] "GET /sipse/faces/javax.faces.resource/jquery/jquery.js?ln=primefaces&v=4.0 HTTP/1.1" 304 -
190.146.110.33 - - [30/Dec/2023:11:31:55 -0500] "GET /sipse/faces/javax.faces.resource/jquery/jquery-plugins.js?ln=primefaces&v=4.0 HTTP/1.1" 304 -
190.146.110.33 - - [30/Dec/2023:11:31:56 -0500] "GET /sipse/faces/javax.faces.resource/primefaces.js?ln=primefaces&v=4.0 HTTP/1.1" 304 -
190.146.110.33 - - [30/Dec/2023:11:31:56 -0500] "GET /sipse/faces/javax.faces.resource/layout/layout.js?ln=primefaces&v=4.0 HTTP/1.1" 304 -
190.146.110.33 - - [30/Dec/2023:11:32:01 -0500] "POST /sipse/faces/presentacion/financiero/solicitudProceso/consultarSolicitudProceso.xhtml HTTP/1.1" 200 36850
190.146.110.33 - - [30/Dec/2023:11:32:01 -0500] "GET /sipse/faces/javax.faces.resource/theme.css?ln=primefaces-sipse HTTP/1.1" 304 -
190.146.110.33 - - [30/Dec/2023:11:32:01 -0500] "GET /sipse/faces/javax.faces.resource/primefaces.css?ln=primefaces&v=4.0 HTTP/1.1" 304 -
190.146.110.33 - - [30/Dec/2023:11:32:01 -0500] "GET /sipse/faces/javax.faces.resource/layout/layout.css?ln=primefaces&v=4.0 HTTP/1.1" 304 -
190.146.110.33 - - [30/Dec/2023:11:32:01 -0500] "GET /sipse/faces/javax.faces.resource/jquery/jquery.js?ln=primefaces&v=4.0 HTTP/1.1" 304 -
190.146.110.33 - - [30/Dec/2023:11:32:01 -0500] "GET /sipse/faces/javax.faces.resource/jquery/jquery-plugins.js?ln=primefaces&v=4.0 HTTP/1.1" 304 -
190.146.110.33 - - [30/Dec/2023:11:32:01 -0500] "GET /sipse/faces/javax.faces.resource/primefaces.js?ln=primefaces&v=4.0 HTTP/1.1" 304 -
190.146.110.33 - - [30/Dec/2023:11:32:01 -0500] "GET /sipse/faces/javax.faces.resource/layout/layout.js?ln=primefaces&v=4.0 HTTP/1.1" 304 -
190.146.110.33 - - [30/Dec/2023:11:32:07 -0500] "POST /sipse/faces/presentacion/contratacion/contrato/registroPresupuestal/expedirRP.xhtml HTTP/1.1" 200 2240
156.59.198.135 - - [30/Dec/2023:11:32:09 -0500] "GET /BLA/resoluciones/AUTOS%202013/0086.pdf HTTP/1.0" 200 1051332
190.146.110.33 - - [30/Dec/2023:11:32:13 -0500] "POST /sipse/faces/presentacion/contratacion/contrato/registroPresupuestal/expedirRP.xhtml HTTP/1.1" 200 20695
190.146.110.33 - - [30/Dec/2023:11:32:14 -0500] "GET /sipse/faces/javax.faces.resource/theme.css?ln=primefaces-sipse HTTP/1.1" 304 -
190.146.110.33 - - [30/Dec/2023:11:32:14 -0500] "GET /sipse/faces/javax.faces.resource/primefaces.css?ln=primefaces&v=4.0 HTTP/1.1" 304 -
190.146.110.33 - - [30/Dec/2023:11:32:14 -0500] "GET /sipse/faces/javax.faces.resource/layout/layout.css?ln=primefaces&v=4.0 HTTP/1.1" 304 -
190.146.110.33 - - [30/Dec/2023:11:32:14 -0500] "GET /sipse/faces/javax.faces.resource/jquery/jquery-plugins.js?ln=primefaces&v=4.0 HTTP/1.1" 304 -
190.146.110.33 - - [30/Dec/2023:11:32:14 -0500] "GET /sipse/faces/javax.faces.resource/jquery/jquery.js?ln=primefaces&v=4.0 HTTP/1.1" 304 -
190.146.110.33 - - [30/Dec/2023:11:32:14 -0500] "GET /sipse/faces/javax.faces.resource/layout/layout.js?ln=primefaces&v=4.0 HTTP/1.1" 304 -
190.146.110.33 - - [30/Dec/2023:11:32:14 -0500] "GET /sipse/faces/javax.faces.resource/primefaces.js?ln=primefaces&v=4.0 HTTP/1.1" 304 -
190.146.110.33 - - [30/Dec/2023:11:32:15 -0500] "GET /sipse/faces/javax.faces.resource/images/ui-icons_898989_256x240.png?ln=primefaces-aristo HTTP/1.1" 304 -
190.146.110.33 - - [30/Dec/2023:11:32:16 -0500] "POST /sipse/faces/presentacion/contratacion/contrato/registroPresupuestal/consultarActividadesRP.xhtml HTTP/1.1" 200 22963
190.146.110.33 - - [30/Dec/2023:11:32:16 -0500] "GET /sipse/faces/javax.faces.resource/jquery/jquery-plugins.js?ln=primefaces&v=4.0 HTTP/1.1" 304 -
190.146.110.33 - - [30/Dec/2023:11:32:16 -0500] "GET /sipse/faces/javax.faces.resource/layout/layout.css?ln=primefaces&v=4.0 HTTP/1.1" 304 -
190.146.110.33 - - [30/Dec/2023:11:32:16 -0500] "GET /sipse/faces/javax.faces.resource/jquery/jquery.js?ln=primefaces&v=4.0 HTTP/1.1" 304 -
190.146.110.33 - - [30/Dec/2023:11:32:16 -0500] "GET /sipse/faces/javax.faces.resource/theme.css?ln=primefaces-sipse HTTP/1.1" 304 -
190.146.110.33 - - [30/Dec/2023:11:32:16 -0500] "GET /sipse/faces/javax.faces.resource/primefaces.css?ln=primefaces&v=4.0 HTTP/1.1" 304 -
190.146.110.33 - - [30/Dec/2023:11:32:16 -0500] "GET /sipse/faces/javax.faces.resource/primefaces.js?ln=primefaces&v=4.0 HTTP/1.1" 304 -
190.146.110.33 - - [30/Dec/2023:11:32:16 -0500] "GET /sipse/faces/javax.faces.resource/layout/layout.js?ln=primefaces&v=4.0 HTTP/1.1" 304 -
190.146.110.33 - - [30/Dec/2023:11:32:19 -0500] "POST /sipse/faces/presentacion/contratacion/contrato/registroPresupuestal/asociarPresupuestoActividadesRP.xhtml HTTP/1.1" 200 36927
190.146.110.33 - - [30/Dec/2023:11:32:19 -0500] "GET /sipse/faces/javax.faces.resource/theme.css?ln=primefaces-sipse HTTP/1.1" 304 -
190.146.110.33 - - [30/Dec/2023:11:32:19 -0500] "GET /sipse/faces/javax.faces.resource/layout/layout.css?ln=primefaces&v=4.0 HTTP/1.1" 304 -
190.146.110.33 - - [30/Dec/2023:11:32:19 -0500] "GET /sipse/faces/javax.faces.resource/primefaces.css?ln=primefaces&v=4.0 HTTP/1.1" 304 -
190.146.110.33 - - [30/Dec/2023:11:32:19 -0500] "GET /sipse/faces/javax.faces.resource/jquery/jquery.js?ln=primefaces&v=4.0 HTTP/1.1" 304 -
190.146.110.33 - - [30/Dec/2023:11:32:20 -0500] "GET /sipse/faces/javax.faces.resource/jquery/jquery-plugins.js?ln=primefaces&v=4.0 HTTP/1.1" 304 -
190.146.110.33 - - [30/Dec/2023:11:32:20 -0500] "GET /sipse/faces/javax.faces.resource/primefaces.js?ln=primefaces&v=4.0 HTTP/1.1" 304 -
190.146.110.33 - - [30/Dec/2023:11:32:20 -0500] "GET /sipse/faces/javax.faces.resource/layout/layout.js?ln=primefaces&v=4.0 HTTP/1.1" 304 -
190.146.110.33 - - [30/Dec/2023:11:32:22 -0500] "POST /sipse/faces/presentacion/contratacion/contrato/registroPresupuestal/expedirRP.xhtml HTTP/1.1" 200 121739
190.146.110.33 - - [30/Dec/2023:11:32:25 -0500] "GET /sipse/faces/javax.faces.resource/layout/layout.css?ln=primefaces&v=4.0 HTTP/1.1" 304 -
190.146.110.33 - - [30/Dec/2023:11:32:25 -0500] "GET /sipse/faces/javax.faces.resource/theme.css?ln=primefaces-sipse HTTP/1.1" 304 -
190.146.110.33 - - [30/Dec/2023:11:32:25 -0500] "GET /sipse/faces/javax.faces.resource/primefaces.css?ln=primefaces&v=4.0 HTTP/1.1" 304 -
190.146.110.33 - - [30/Dec/2023:11:32:25 -0500] "GET /sipse/faces/javax.faces.resource/jquery/jquery.js?ln=primefaces&v=4.0 HTTP/1.1" 304 -
190.146.110.33 - - [30/Dec/2023:11:32:25 -0500] "GET /sipse/faces/javax.faces.resource/jquery/jquery-plugins.js?ln=primefaces&v=4.0 HTTP/1.1" 304 -
190.146.110.33 - - [30/Dec/2023:11:32:25 -0500] "GET /sipse/faces/javax.faces.resource/primefaces.js?ln=primefaces&v=4.0 HTTP/1.1" 304 -
190.146.110.33 - - [30/Dec/2023:11:32:25 -0500] "GET /sipse/faces/javax.faces.resource/layout/layout.js?ln=primefaces&v=4.0 HTTP/1.1" 304 -
190.146.110.33 - - [30/Dec/2023:11:32:28 -0500] "POST /sipse/faces/presentacion/financiero/solicitudProceso/consultarSolicitudProceso.xhtml HTTP/1.1" 200 20610
190.146.110.33 - - [30/Dec/2023:11:32:28 -0500] "GET /sipse/faces/javax.faces.resource/fileupload/fileupload.css?ln=primefaces&v=4.0 HTTP/1.1" 304 -
190.146.110.33 - - [30/Dec/2023:11:32:28 -0500] "GET /sipse/faces/javax.faces.resource/layout/layout.css?ln=primefaces&v=4.0 HTTP/1.1" 304 -
190.146.110.33 - - [30/Dec/2023:11:32:28 -0500] "GET /sipse/faces/javax.faces.resource/jquery/jquery.js?ln=primefaces&v=4.0 HTTP/1.1" 304 -
190.146.110.33 - - [30/Dec/2023:11:32:28 -0500] "GET /sipse/faces/javax.faces.resource/theme.css?ln=primefaces-sipse HTTP/1.1" 304 -
190.146.110.33 - - [30/Dec/2023:11:32:28 -0500] "GET /sipse/faces/javax.faces.resource/jquery/jquery-plugins.js?ln=primefaces&v=4.0 HTTP/1.1" 304 -
190.146.110.33 - - [30/Dec/2023:11:32:28 -0500] "GET /sipse/faces/javax.faces.resource/primefaces.css?ln=primefaces&v=4.0 HTTP/1.1" 304 -
190.146.110.33 - - [30/Dec/2023:11:32:28 -0500] "GET /sipse/faces/javax.faces.resource/layout/layout.js?ln=primefaces&v=4.0 HTTP/1.1" 304 -
190.146.110.33 - - [30/Dec/2023:11:32:28 -0500] "GET /sipse/faces/javax.faces.resource/primefaces.js?ln=primefaces&v=4.0 HTTP/1.1" 304 -
190.146.110.33 - - [30/Dec/2023:11:32:28 -0500] "GET /sipse/faces/javax.faces.resource/fileupload/fileupload.js?ln=primefaces&v=4.0 HTTP/1.1" 304 -
156.59.198.135 - - [30/Dec/2023:11:32:35 -0500] "GET /BLA/resoluciones/AUTOS%202012/0988.pdf HTTP/1.0" 200 601353
190.146.110.33 - - [30/Dec/2023:11:32:44 -0500] "GET /sipse/faces/javax.faces.resource/theme.css?ln=primefaces-sipse HTTP/1.1" 304 -
190.146.110.33 - - [30/Dec/2023:11:32:44 -0500] "GET /sipse/faces/javax.faces.resource/primefaces.js?ln=primefaces&v=4.0 HTTP/1.1" 304 -
190.146.110.33 - - [30/Dec/2023:11:32:44 -0500] "GET /sipse/faces/javax.faces.resource/primefaces.css?ln=primefaces&v=4.0 HTTP/1.1" 304 -
190.146.110.33 - - [30/Dec/2023:11:32:44 -0500] "GET /sipse/faces/javax.faces.resource/jquery/jquery.js?ln=primefaces&v=4.0 HTTP/1.1" 304 -
190.146.110.33 - - [30/Dec/2023:11:32:44 -0500] "GET /sipse/faces/javax.faces.resource/jquery/jquery-plugins.js?ln=primefaces&v=4.0 HTTP/1.1" 304 -
190.146.110.33 - - [30/Dec/2023:11:32:44 -0500] "GET /sipse/faces/javax.faces.resource/layout/layout.css?ln=primefaces&v=4.0 HTTP/1.1" 304 -
190.146.110.33 - - [30/Dec/2023:11:32:44 -0500] "GET /sipse/faces/javax.faces.resource/layout/layout.js?ln=primefaces&v=4.0 HTTP/1.1" 304 -
190.146.110.33 - - [30/Dec/2023:11:32:33 -0500] "POST /sipse/faces/presentacion/sistema/anexos/cargarAnexoSolicitudProceso.xhtml HTTP/1.1" 200 168004
156.59.198.136 - - [30/Dec/2023:11:32:58 -0500] "GET /BLA/resoluciones/RESOLUCIONES%202007/RES%202007%204101%20AL%204200/RESOLUCION%204141%20DE%202007.pdf HTTP/1.0" 200 603303
190.146.110.33 - - [30/Dec/2023:11:33:13 -0500] "POST /sipse/faces/presentacion/financiero/solicitudProceso/consultarSolicitudProceso.xhtml HTTP/1.1" 200 42328
190.146.110.33 - - [30/Dec/2023:11:33:16 -0500] "GET /sipse/faces/javax.faces.resource/theme.css?ln=primefaces-sipse HTTP/1.1" 304 -
190.146.110.33 - - [30/Dec/2023:11:33:16 -0500] "GET /sipse/faces/javax.faces.resource/layout/layout.css?ln=primefaces&v=4.0 HTTP/1.1" 304 -
190.146.110.33 - - [30/Dec/2023:11:33:16 -0500] "GET /sipse/faces/javax.faces.resource/primefaces.css?ln=primefaces&v=4.0 HTTP/1.1" 304 -
190.146.110.33 - - [30/Dec/2023:11:33:16 -0500] "GET /sipse/faces/javax.faces.resource/jquery/jquery.js?ln=primefaces&v=4.0 HTTP/1.1" 304 -
190.146.110.33 - - [30/Dec/2023:11:33:16 -0500] "GET /sipse/faces/javax.faces.resource/jquery/jquery-plugins.js?ln=primefaces&v=4.0 HTTP/1.1" 304 -
190.146.110.33 - - [30/Dec/2023:11:33:16 -0500] "GET /sipse/faces/javax.faces.resource/primefaces.js?ln=primefaces&v=4.0 HTTP/1.1" 304 -
190.146.110.33 - - [30/Dec/2023:11:33:16 -0500] "GET /sipse/faces/javax.faces.resource/layout/layout.js?ln=primefaces&v=4.0 HTTP/1.1" 304 -
190.146.110.33 - - [30/Dec/2023:11:33:16 -0500] "POST /sipse/faces/presentacion/financiero/solicitudProceso/listarSolicitudProceso.xhtml HTTP/1.1" 200 1440
200.10.31.185 - - [30/Dec/2023:11:33:19 -0500] "GET /sipse/faces/faces/autenticacion.xhtml HTTP/1.1" 200 12737
200.10.31.185 - - [30/Dec/2023:11:33:21 -0500] "GET /sipse/css/custom_css_sg.css HTTP/1.1" 200 9694
200.10.31.185 - - [30/Dec/2023:11:33:21 -0500] "GET /sipse/css/custom_css_sg_prime_login.css HTTP/1.1" 200 443
200.10.31.185 - - [30/Dec/2023:11:33:23 -0500] "GET /sipse/js/funciones.js HTTP/1.1" 200 12592
200.10.31.185 - - [30/Dec/2023:11:33:24 -0500] "GET /sipse/faces/javax.faces.resource/layout/layout.css;jsessionid=xsprIQ6NSNARK5pz7MxwXarR.undefined?ln=primefaces&v=4.0 HTTP/1.1" 200 542
47.128.37.248 - - [30/Dec/2023:11:33:24 -0500] "GET /BLA/resoluciones/index.php?dir=Notificaciones%2FRESOLUCIONES%202013%2F&order=desc&sort=size HTTP/1.1" 200 2816
190.146.110.33 - - [30/Dec/2023:11:33:21 -0500] "POST /sipse/faces/presentacion/financiero/solicitudProceso/listarSolicitudProceso.xhtml HTTP/1.1" 200 151854
200.10.31.185 - - [30/Dec/2023:11:33:22 -0500] "GET /sipse/faces/javax.faces.resource/primefaces.css;jsessionid=xsprIQ6NSNARK5pz7MxwXarR.undefined?ln=primefaces&v=4.0 HTTP/1.1" 200 53295
200.10.31.185 - - [30/Dec/2023:11:33:25 -0500] "GET /sipse/js/disable_browser_buttons.js HTTP/1.1" 200 3230
190.146.110.33 - - [30/Dec/2023:11:33:25 -0500] "GET /sipse/faces/javax.faces.resource/theme.css?ln=primefaces-sipse HTTP/1.1" 304 -
190.146.110.33 - - [30/Dec/2023:11:33:25 -0500] "GET /sipse/faces/javax.faces.resource/primefaces.css?ln=primefaces&v=4.0 HTTP/1.1" 304 -
190.146.110.33 - - [30/Dec/2023:11:33:25 -0500] "GET /sipse/faces/javax.faces.resource/layout/layout.css?ln=primefaces&v=4.0 HTTP/1.1" 304 -
190.146.110.33 - - [30/Dec/2023:11:33:25 -0500] "GET /sipse/faces/javax.faces.resource/jquery/jquery.js?ln=primefaces&v=4.0 HTTP/1.1" 304 -
190.146.110.33 - - [30/Dec/2023:11:33:25 -0500] "GET /sipse/faces/javax.faces.resource/jquery/jquery-plugins.js?ln=primefaces&v=4.0 HTTP/1.1" 304 -
190.146.110.33 - - [30/Dec/2023:11:33:25 -0500] "GET /sipse/faces/javax.faces.resource/primefaces.js?ln=primefaces&v=4.0 HTTP/1.1" 304 -
190.146.110.33 - - [30/Dec/2023:11:33:25 -0500] "GET /sipse/faces/javax.faces.resource/layout/layout.js?ln=primefaces&v=4.0 HTTP/1.1" 304 -
47.128.37.248 - - [30/Dec/2023:11:33:25 -0500] "GET /BLA/resoluciones/dlf/pdf.gif HTTP/1.1" 200 272
47.128.37.248 - - [30/Dec/2023:11:33:25 -0500] "GET /BLA/resoluciones/dlf/dirup.png HTTP/1.1" 200 644
47.128.37.248 - - [30/Dec/2023:11:33:26 -0500] "GET /BLA/resoluciones/dlf/doc.gif HTTP/1.1" 200 1079
200.10.31.185 - - [30/Dec/2023:11:33:30 -0500] "GET /sipse/faces/javax.faces.resource/layout/layout.js;jsessionid=xsprIQ6NSNARK5pz7MxwXarR.undefined?ln=primefaces&v=4.0 HTTP/1.1" 200 87560
200.10.31.185 - - [30/Dec/2023:11:33:26 -0500] "GET /sipse/faces/javax.faces.resource/jquery/jquery.js;jsessionid=xsprIQ6NSNARK5pz7MxwXarR.undefined?ln=primefaces&v=4.0 HTTP/1.1" 200 105384
190.146.110.33 - - [30/Dec/2023:11:33:36 -0500] "POST /sipse/faces/presentacion/financiero/solicitudProceso/consultarSolicitudProceso.xhtml HTTP/1.1" 200 36850
200.10.31.185 - - [30/Dec/2023:11:33:31 -0500] "GET /sipse/faces/javax.faces.resource/primefaces.js;jsessionid=xsprIQ6NSNARK5pz7MxwXarR.undefined?ln=primefaces&v=4.0 HTTP/1.1" 200 276924
190.146.110.33 - - [30/Dec/2023:11:33:39 -0500] "GET /sipse/faces/javax.faces.resource/layout/layout.css?ln=primefaces&v=4.0 HTTP/1.1" 304 -
190.146.110.33 - - [30/Dec/2023:11:33:39 -0500] "GET /sipse/faces/javax.faces.resource/primefaces.css?ln=primefaces&v=4.0 HTTP/1.1" 304 -
190.146.110.33 - - [30/Dec/2023:11:33:39 -0500] "GET /sipse/faces/javax.faces.resource/theme.css?ln=primefaces-sipse HTTP/1.1" 304 -
190.146.110.33 - - [30/Dec/2023:11:33:39 -0500] "GET /sipse/faces/javax.faces.resource/jquery/jquery.js?ln=primefaces&v=4.0 HTTP/1.1" 304 -
190.146.110.33 - - [30/Dec/2023:11:33:39 -0500] "GET /sipse/faces/javax.faces.resource/jquery/jquery-plugins.js?ln=primefaces&v=4.0 HTTP/1.1" 304 -
190.146.110.33 - - [30/Dec/2023:11:33:39 -0500] "GET /sipse/faces/javax.faces.resource/primefaces.js?ln=primefaces&v=4.0 HTTP/1.1" 304 -
190.146.110.33 - - [30/Dec/2023:11:33:39 -0500] "GET /sipse/faces/javax.faces.resource/layout/layout.js?ln=primefaces&v=4.0 HTTP/1.1" 304 -
200.10.31.185 - - [30/Dec/2023:11:33:42 -0500] "GET /sipse/faces/javax.faces.resource/jquery/jquery-plugins.js;jsessionid=xsprIQ6NSNARK5pz7MxwXarR.undefined?ln=primefaces&v=4.0 HTTP/1.1" 200 220526
156.59.198.135 - - [30/Dec/2023:11:33:46 -0500] "GET /BLA/resoluciones/AUTOS%202012/1077.pdf HTTP/1.0" 200 237462
172.22.2.4 - - [30/Dec/2023:11:32:07 -0500] "HEAD /BLA/boletinlegal/ HTTP/1.1" 200 -
190.146.110.33 - - [30/Dec/2023:11:33:55 -0500] "POST /sipse/faces/presentacion/contratacion/contrato/registroPresupuestal/expedirRP.xhtml HTTP/1.1" 200 2240
190.146.110.33 - - [30/Dec/2023:11:33:58 -0500] "POST /sipse/faces/presentacion/contratacion/contrato/registroPresupuestal/expedirRP.xhtml HTTP/1.1" 200 20804
190.146.110.33 - - [30/Dec/2023:11:33:59 -0500] "GET /sipse/faces/javax.faces.resource/primefaces.css?ln=primefaces&v=4.0 HTTP/1.1" 304 -
190.146.110.33 - - [30/Dec/2023:11:33:59 -0500] "GET /sipse/faces/javax.faces.resource/theme.css?ln=primefaces-sipse HTTP/1.1" 304 -
190.146.110.33 - - [30/Dec/2023:11:33:59 -0500] "GET /sipse/faces/javax.faces.resource/layout/layout.css?ln=primefaces&v=4.0 HTTP/1.1" 304 -
190.146.110.33 - - [30/Dec/2023:11:33:59 -0500] "GET /sipse/faces/javax.faces.resource/jquery/jquery.js?ln=primefaces&v=4.0 HTTP/1.1" 304 -
190.146.110.33 - - [30/Dec/2023:11:33:59 -0500] "GET /sipse/faces/javax.faces.resource/jquery/jquery-plugins.js?ln=primefaces&v=4.0 HTTP/1.1" 304 -
190.146.110.33 - - [30/Dec/2023:11:33:59 -0500] "GET /sipse/faces/javax.faces.resource/primefaces.js?ln=primefaces&v=4.0 HTTP/1.1" 304 -
190.146.110.33 - - [30/Dec/2023:11:33:59 -0500] "GET /sipse/faces/javax.faces.resource/layout/layout.js?ln=primefaces&v=4.0 HTTP/1.1" 304 -
190.146.110.33 - - [30/Dec/2023:11:34:00 -0500] "GET /sipse/faces/javax.faces.resource/theme.css?ln=primefaces-sipse HTTP/1.1" 304 -
190.146.110.33 - - [30/Dec/2023:11:34:00 -0500] "GET /sipse/faces/javax.faces.resource/primefaces.js?ln=primefaces&v=4.0 HTTP/1.1" 304 -
190.146.110.33 - - [30/Dec/2023:11:34:00 -0500] "GET /sipse/faces/javax.faces.resource/layout/layout.css?ln=primefaces&v=4.0 HTTP/1.1" 304 -
190.146.110.33 - - [30/Dec/2023:11:34:00 -0500] "GET /sipse/faces/javax.faces.resource/primefaces.css?ln=primefaces&v=4.0 HTTP/1.1" 304 -
190.146.110.33 - - [30/Dec/2023:11:34:00 -0500] "GET /sipse/faces/javax.faces.resource/jquery/jquery.js?ln=primefaces&v=4.0 HTTP/1.1" 304 -
190.146.110.33 - - [30/Dec/2023:11:34:00 -0500] "GET /sipse/faces/javax.faces.resource/jquery/jquery-plugins.js?ln=primefaces&v=4.0 HTTP/1.1" 304 -
190.146.110.33 - - [30/Dec/2023:11:34:01 -0500] "GET /sipse/faces/javax.faces.resource/layout/layout.js?ln=primefaces&v=4.0 HTTP/1.1" 304 -
190.146.110.33 - - [30/Dec/2023:11:34:00 -0500] "POST /sipse/faces/presentacion/contratacion/contrato/registroPresupuestal/consultarActividadesRP.xhtml HTTP/1.1" 200 22974
186.102.92.237 - - [30/Dec/2023:11:34:03 -0500] "GET /kwssiamovil/sm/ldap/au?x=U2FsdGVkX19AuLgVQ+gh/swFdSLRe17+VztRA49PMQhHF0EdUNVS7ncupnr7sFit&y=U2FsdGVkX18MjXGfm/0GU8XemgutGiKytd8lvoutOvQ= HTTP/1.1" 200 30
186.102.92.237 - - [30/Dec/2023:11:34:03 -0500] "GET /kwssiamovil/sm/acme/s?s=U2FsdGVkX18kgTHBIXEKAG7Jutxl2JDlYSAyUVZSnb3+uvaVQ3ab1buRGwIBfeuONcJMADWNY8oN9VHv2nX0ASuaOXtT+ddnSmqPCN2yNn4=&u=U2FsdGVkX1+tu4oIPlyoG6sfItCLBKV+Hbce1qfpMPo=&y=U2FsdGVkX18MjXGfm/0GU8XemgutGiKytd8lvoutOvQ= HTTP/1.1" 200 97
