172.22.2.4 - - [30/Dec/2023:12:30:27 -0500] "HEAD /BLA/boletinlegal/ HTTP/1.1" 200 -
156.59.198.136 - - [30/Dec/2023:12:32:29 -0500] "GET /BLA/resoluciones/RESOLUCIONES%202007/RES%202007%202701%20AL%202800/RESOLUCION%202793%20DE%202007.pdf HTTP/1.0" 200 800575
156.59.198.136 - - [30/Dec/2023:12:32:53 -0500] "GET /BLA/resoluciones/RESOLUCIONES%202020/1305.pdf HTTP/1.0" 200 379820
172.22.2.4 - - [30/Dec/2023:12:31:18 -0500] "GET /BLA/boletinlegal/ HTTP/1.1" 200 58172
156.59.198.135 - - [30/Dec/2023:12:33:18 -0500] "GET /BLA/resoluciones/RESOLUCIONES%202020/1307.pdf HTTP/1.0" 200 377708
200.118.16.147 - - [30/Dec/2023:12:33:29 -0500] "POST /sipse/faces/presentacion/financiero/solicitudProceso/consultarSolicitudProceso.xhtml HTTP/1.1" 200 42225
200.118.16.147 - - [30/Dec/2023:12:33:29 -0500] "GET /sipse/faces/javax.faces.resource/theme.css?ln=primefaces-sipse HTTP/1.1" 304 -
200.118.16.147 - - [30/Dec/2023:12:33:29 -0500] "GET /sipse/faces/javax.faces.resource/layout/layout.css?ln=primefaces&v=4.0 HTTP/1.1" 304 -
200.118.16.147 - - [30/Dec/2023:12:33:29 -0500] "GET /sipse/faces/javax.faces.resource/primefaces.css?ln=primefaces&v=4.0 HTTP/1.1" 304 -
200.118.16.147 - - [30/Dec/2023:12:33:29 -0500] "GET /sipse/css/imagen/contrasena.png HTTP/1.1" 404 383
200.118.16.147 - - [30/Dec/2023:12:33:29 -0500] "GET /sipse/faces/javax.faces.resource/jquery/jquery.js?ln=primefaces&v=4.0 HTTP/1.1" 304 -
200.118.16.147 - - [30/Dec/2023:12:33:29 -0500] "GET /sipse/faces/javax.faces.resource/jquery/jquery-plugins.js?ln=primefaces&v=4.0 HTTP/1.1" 304 -
200.118.16.147 - - [30/Dec/2023:12:33:29 -0500] "GET /sipse/faces/javax.faces.resource/primefaces.js?ln=primefaces&v=4.0 HTTP/1.1" 304 -
200.118.16.147 - - [30/Dec/2023:12:33:29 -0500] "GET /sipse/faces/javax.faces.resource/layout/layout.js?ln=primefaces&v=4.0 HTTP/1.1" 304 -
200.118.16.147 - - [30/Dec/2023:12:33:29 -0500] "GET /sipse/faces/javax.faces.resource/images/ui-icons_898989_256x240.png?ln=primefaces-aristo HTTP/1.1" 304 -
200.118.16.147 - - [30/Dec/2023:12:33:29 -0500] "POST /sipse/faces/presentacion/financiero/solicitudProceso/consultar.xhtml HTTP/1.1" 200 35513
200.118.16.147 - - [30/Dec/2023:12:33:30 -0500] "GET /sipse/faces/javax.faces.resource/images/ui-bg_flat_0_2d5972_40x100.png?ln=primefaces-aristo HTTP/1.1" 304 -
200.118.16.147 - - [30/Dec/2023:12:33:30 -0500] "POST /sipse/faces/presentacion/financiero/solicitudProceso/consultar.xhtml HTTP/1.1" 200 35513
200.118.16.147 - - [30/Dec/2023:12:33:30 -0500] "POST /sipse/faces/presentacion/financiero/solicitudProceso/consultar.xhtml HTTP/1.1" 200 35513
200.118.16.147 - - [30/Dec/2023:12:33:33 -0500] "POST /sipse/faces/presentacion/financiero/solicitudProceso/consultar.xhtml HTTP/1.1" 200 12893
200.118.16.147 - - [30/Dec/2023:12:33:35 -0500] "POST /sipse/faces/presentacion/financiero/solicitudProceso/consultar.xhtml HTTP/1.1" 200 149607
200.118.16.147 - - [30/Dec/2023:12:33:36 -0500] "GET /sipse/faces/javax.faces.resource/layout/layout.css?ln=primefaces&v=4.0 HTTP/1.1" 304 -
200.118.16.147 - - [30/Dec/2023:12:33:36 -0500] "GET /sipse/faces/javax.faces.resource/theme.css?ln=primefaces-sipse HTTP/1.1" 304 -
200.118.16.147 - - [30/Dec/2023:12:33:36 -0500] "GET /sipse/faces/javax.faces.resource/primefaces.css?ln=primefaces&v=4.0 HTTP/1.1" 304 -
200.118.16.147 - - [30/Dec/2023:12:33:36 -0500] "GET /sipse/faces/javax.faces.resource/jquery/jquery.js?ln=primefaces&v=4.0 HTTP/1.1" 304 -
200.118.16.147 - - [30/Dec/2023:12:33:36 -0500] "GET /sipse/faces/javax.faces.resource/jquery/jquery-plugins.js?ln=primefaces&v=4.0 HTTP/1.1" 304 -
200.118.16.147 - - [30/Dec/2023:12:33:36 -0500] "GET /sipse/faces/javax.faces.resource/primefaces.js?ln=primefaces&v=4.0 HTTP/1.1" 304 -
200.118.16.147 - - [30/Dec/2023:12:33:36 -0500] "GET /sipse/faces/javax.faces.resource/layout/layout.js?ln=primefaces&v=4.0 HTTP/1.1" 304 -
200.118.16.147 - - [30/Dec/2023:12:33:36 -0500] "GET /sipse/css/imagen/contrasena.png HTTP/1.1" 404 383
200.118.16.147 - - [30/Dec/2023:12:33:41 -0500] "POST /sipse/faces/presentacion/financiero/solicitudProceso/consultarSolicitudProceso.xhtml HTTP/1.1" 200 258433
156.59.198.135 - - [30/Dec/2023:12:33:42 -0500] "GET /BLA/resoluciones/RESOLUCIONES%202020/2067.pdf HTTP/1.0" 200 375849
201.245.192.253 - - [30/Dec/2023:12:33:57 -0500] "POST /kwsrmcab/Wsrmcab  HTTP/1.1" 200 36178
156.59.198.136 - - [30/Dec/2023:12:34:07 -0500] "GET /BLA/resoluciones/RESOLUCIONES%202007/RES%202007%202701%20AL%202800/RESOLUCION%202761%20DE%202007.pdf HTTP/1.0" 200 653337
156.59.198.136 - - [30/Dec/2023:12:34:31 -0500] "GET /BLA/resoluciones/RESOLUCIONES%202020/1532.pdf HTTP/1.0" 200 386649
66.249.66.20 - - [30/Dec/2023:12:34:33 -0500] "GET /BLA/resoluciones/RESOLUCIONES%202009/0598.pdf HTTP/1.1" 200 302659
156.59.198.135 - - [30/Dec/2023:12:34:55 -0500] "GET /BLA/resoluciones/RESOLUCIONES%202007/RES%202007%202701%20AL%202800/RESOLUCION%202774%20DE%202007.pdf HTTP/1.0" 200 722512
156.59.198.135 - - [30/Dec/2023:12:35:20 -0500] "GET /BLA/resoluciones/RESOLUCIONES%202020/1145.pdf HTTP/1.0" 200 605823
173.252.111.12 - - [30/Dec/2023:12:35:26 -0500] "GET /distrito-adopta-el-plan-de-manejo-ambiental-para-el-parque-distrital-ecologico-de-montana-cerro-de-torca.hymns HTTP/1.1" 404 1034
156.59.198.135 - - [30/Dec/2023:12:35:45 -0500] "GET /BLA/resoluciones/RESOLUCIONES%202020/0254.pdf HTTP/1.0" 200 1330894
201.245.192.253 - - [30/Dec/2023:12:35:47 -0500] "POST /kwsrmcab/Wsrmcab HTTP/1.1" 200 35678
201.245.192.253 - - [30/Dec/2023:12:35:50 -0500] "POST /kwsrmcab/Wsrmcab HTTP/1.1" 200 37046
216.245.221.92 - - [30/Dec/2023:12:36:02 -0500] "HEAD / HTTP/1.1" 200 -
156.59.198.136 - - [30/Dec/2023:12:36:09 -0500] "GET /BLA/resoluciones/RESOLUCIONES%202020/2647.pdf HTTP/1.0" 200 320736
156.59.198.136 - - [30/Dec/2023:12:36:33 -0500] "GET /BLA/resoluciones/RESOLUCIONES%202020/1698.pdf HTTP/1.0" 200 359002
156.59.198.135 - - [30/Dec/2023:12:36:57 -0500] "GET /BLA/resoluciones/RESOLUCIONES%202020/2936.pdf HTTP/1.0" 200 552053
156.59.198.136 - - [30/Dec/2023:12:37:22 -0500] "GET /BLA/resoluciones/RESOLUCIONES%202020/2553.pdf HTTP/1.0" 200 382763
156.59.198.136 - - [30/Dec/2023:12:37:46 -0500] "GET /BLA/resoluciones/RESOLUCIONES%202020/1409.pdf HTTP/1.0" 200 505716
172.22.2.4 - - [30/Dec/2023:12:36:17 -0500] "HEAD /BLA/boletinlegal/ HTTP/1.1" 200 -
156.59.198.136 - - [30/Dec/2023:12:38:10 -0500] "GET /BLA/resoluciones/RESOLUCIONES%202007/RES%202007%202701%20AL%202800/RESOLUCION%202759%20DE%202007.pdf HTTP/1.0" 200 369606
156.59.198.135 - - [30/Dec/2023:12:38:35 -0500] "GET /BLA/resoluciones/RESOLUCIONES%202005/RESOLUCION%20201%20DE%202005.PDF HTTP/1.0" 200 884825
66.249.66.19 - - [30/Dec/2023:12:38:45 -0500] "GET /BLA/resoluciones/AUTOS%202008/1955.pdf HTTP/1.1" 200 94747
172.22.2.4 - - [30/Dec/2023:12:37:07 -0500] "GET /BLA/boletinlegal/ HTTP/1.1" 200 58567
201.245.192.253 - - [30/Dec/2023:12:38:56 -0500] "POST /kwsrmcab/Wsrmcab  HTTP/1.1" 200 36178
156.59.198.136 - - [30/Dec/2023:12:38:59 -0500] "GET /BLA/resoluciones/RESOLUCIONES%202007/RES%202007%203401%20AL%203500/RESOLUCION%203469%20DE%202007.pdf HTTP/1.0" 200 369340
156.59.198.135 - - [30/Dec/2023:12:39:23 -0500] "GET /BLA/resoluciones/RESOLUCIONES%202020/0006.pdf HTTP/1.0" 200 332943
199.16.157.181 - - [30/Dec/2023:12:39:29 -0500] "GET /bogota-reverdecio-con-mas-670-000-nuevos-arboles-y-vienen-mas.html HTTP/1.1" 200 709
199.16.157.182 - - [30/Dec/2023:12:39:29 -0500] "GET /images/plantacion%20sec%20carolina%20urrutia.jpg HTTP/1.1" 200 68341
156.59.198.135 - - [30/Dec/2023:12:39:48 -0500] "GET /BLA/resoluciones/RESOLUCIONES%202020/2668.pdf HTTP/1.0" 200 519155
201.245.192.253 - - [30/Dec/2023:12:39:52 -0500] "POST /kwsrmcab/Wsrmcab HTTP/1.1" 200 35678
201.245.192.253 - - [30/Dec/2023:12:39:56 -0500] "POST /kwsrmcab/Wsrmcab HTTP/1.1" 200 37046
156.59.198.136 - - [30/Dec/2023:12:40:13 -0500] "GET /BLA/resoluciones/RESOLUCIONES%202007/RES%202007%203401%20AL%203500/RESOLUCION%203403%20DE%202007.pdf HTTP/1.0" 200 818116
173.252.111.9 - - [30/Dec/2023:12:40:26 -0500] "GET /BLA/resoluciones/RESOLUCIONES%202023/2700.pdf HTTP/1.1" 200 13546798
156.59.198.136 - - [30/Dec/2023:12:40:38 -0500] "GET /BLA/resoluciones/RESOLUCIONES%202020/2597.pdf HTTP/1.0" 200 391090
216.245.221.92 - - [30/Dec/2023:12:41:02 -0500] "HEAD / HTTP/1.1" 200 -
156.59.198.136 - - [30/Dec/2023:12:41:02 -0500] "GET /BLA/resoluciones/RESOLUCIONES%202020/1417.pdf HTTP/1.0" 200 327187
156.59.198.135 - - [30/Dec/2023:12:41:27 -0500] "GET /BLA/resoluciones/RESOLUCIONES%202020/1502.pdf HTTP/1.0" 200 1022782
156.59.198.136 - - [30/Dec/2023:12:41:51 -0500] "GET /BLA/resoluciones/RESOLUCIONES%202020/2696.pdf HTTP/1.0" 200 383313
66.249.65.5 - - [30/Dec/2023:12:42:13 -0500] "GET /cuales-son-los-tramites-ambientales-mas-solicitados-de-bogota.html HTTP/1.1" 200 840
156.59.198.136 - - [30/Dec/2023:12:42:16 -0500] "GET /BLA/resoluciones/RESOLUCIONES%202020/3024.pdf HTTP/1.0" 200 378281
156.59.198.135 - - [30/Dec/2023:12:42:41 -0500] "GET /BLA/resoluciones/RESOLUCIONES%202020/2765.pdf HTTP/1.0" 200 337329
156.59.198.136 - - [30/Dec/2023:12:43:04 -0500] "GET /BLA/resoluciones/RESOLUCIONES%202007/RES%202007%202701%20AL%202800/RESOLUCION%202756%20DE%202007.pdf HTTP/1.0" 200 518056
156.59.198.136 - - [30/Dec/2023:12:43:29 -0500] "GET /BLA/resoluciones/RESOLUCIONES%202020/1737.pdf HTTP/1.0" 200 413293
200.118.16.147 - - [30/Dec/2023:12:43:35 -0500] "POST /sipse/faces/presentacion/financiero/solicitudProceso/consultarSolicitudProceso.xhtml HTTP/1.1" 200 45725
200.118.16.147 - - [30/Dec/2023:12:43:35 -0500] "GET /sipse/faces/javax.faces.resource/primefaces.css?ln=primefaces&v=4.0 HTTP/1.1" 304 -
200.118.16.147 - - [30/Dec/2023:12:43:35 -0500] "GET /sipse/faces/javax.faces.resource/theme.css?ln=primefaces-sipse HTTP/1.1" 304 -
200.118.16.147 - - [30/Dec/2023:12:43:35 -0500] "GET /sipse/faces/javax.faces.resource/jquery/jquery.js?ln=primefaces&v=4.0 HTTP/1.1" 304 -
200.118.16.147 - - [30/Dec/2023:12:43:35 -0500] "GET /sipse/faces/javax.faces.resource/layout/layout.css?ln=primefaces&v=4.0 HTTP/1.1" 304 -
200.118.16.147 - - [30/Dec/2023:12:43:35 -0500] "GET /sipse/faces/javax.faces.resource/jquery/jquery-plugins.js?ln=primefaces&v=4.0 HTTP/1.1" 304 -
200.118.16.147 - - [30/Dec/2023:12:43:35 -0500] "GET /sipse/faces/javax.faces.resource/primefaces.js?ln=primefaces&v=4.0 HTTP/1.1" 304 -
200.118.16.147 - - [30/Dec/2023:12:43:35 -0500] "GET /sipse/faces/javax.faces.resource/layout/layout.js?ln=primefaces&v=4.0 HTTP/1.1" 304 -
200.118.16.147 - - [30/Dec/2023:12:43:35 -0500] "GET /sipse/css/imagen/contrasena.png HTTP/1.1" 404 383
200.118.16.147 - - [30/Dec/2023:12:43:35 -0500] "GET /sipse/faces/javax.faces.resource/images/ui-icons_898989_256x240.png?ln=primefaces-aristo HTTP/1.1" 304 -
200.118.16.147 - - [30/Dec/2023:12:43:39 -0500] "GET /sipse/faces/javax.faces.resource/images/ui-bg_flat_0_2d5972_40x100.png?ln=primefaces-aristo HTTP/1.1" 304 -
200.118.16.147 - - [30/Dec/2023:12:43:39 -0500] "POST /sipse/faces/presentacion/financiero/solicitudProceso/consultar.xhtml HTTP/1.1" 200 149607
200.118.16.147 - - [30/Dec/2023:12:43:40 -0500] "GET /sipse/faces/javax.faces.resource/theme.css?ln=primefaces-sipse HTTP/1.1" 304 -
200.118.16.147 - - [30/Dec/2023:12:43:40 -0500] "GET /sipse/faces/javax.faces.resource/primefaces.css?ln=primefaces&v=4.0 HTTP/1.1" 304 -
200.118.16.147 - - [30/Dec/2023:12:43:40 -0500] "GET /sipse/faces/javax.faces.resource/layout/layout.css?ln=primefaces&v=4.0 HTTP/1.1" 304 -
200.118.16.147 - - [30/Dec/2023:12:43:40 -0500] "GET /sipse/faces/javax.faces.resource/jquery/jquery.js?ln=primefaces&v=4.0 HTTP/1.1" 304 -
200.118.16.147 - - [30/Dec/2023:12:43:40 -0500] "GET /sipse/faces/javax.faces.resource/jquery/jquery-plugins.js?ln=primefaces&v=4.0 HTTP/1.1" 304 -
200.118.16.147 - - [30/Dec/2023:12:43:40 -0500] "GET /sipse/faces/javax.faces.resource/primefaces.js?ln=primefaces&v=4.0 HTTP/1.1" 304 -
200.118.16.147 - - [30/Dec/2023:12:43:40 -0500] "GET /sipse/faces/javax.faces.resource/layout/layout.js?ln=primefaces&v=4.0 HTTP/1.1" 304 -
172.22.2.4 - - [30/Dec/2023:12:42:07 -0500] "HEAD /BLA/boletinlegal/ HTTP/1.1" 200 -
156.59.198.136 - - [30/Dec/2023:12:43:53 -0500] "GET /BLA/resoluciones/RESOLUCIONES%202007/RES%202007%203401%20AL%203500/RESOLUCION%203456%20DE%202007.pdf HTTP/1.0" 200 112621
201.245.192.253 - - [30/Dec/2023:12:43:55 -0500] "POST /kwsrmcab/Wsrmcab  HTTP/1.1" 200 36178
156.59.198.136 - - [30/Dec/2023:12:44:17 -0500] "GET /BLA/resoluciones/RESOLUCIONES%202020/0379.pdf HTTP/1.0" 200 388586
66.249.65.6 - - [30/Dec/2023:12:44:30 -0500] "GET /distrito-adopta-el-plan-de-manejo-ambiental-para-el-parque-distrital-ecologico-de-montana-cerro-de-torca.hymns HTTP/1.1" 404 1034
172.22.2.4 - - [30/Dec/2023:12:42:57 -0500] "GET /BLA/boletinlegal/ HTTP/1.1" 200 59330
156.59.198.135 - - [30/Dec/2023:12:44:41 -0500] "GET /BLA/resoluciones/RESOLUCIONES%202007/RES%202007%202701%20AL%202800/RESOLUCION%202706%20DE%202007.pdf HTTP/1.0" 200 597670
156.59.198.136 - - [30/Dec/2023:12:45:05 -0500] "GET /BLA/resoluciones/RESOLUCIONES%202020/2162.pdf HTTP/1.0" 200 1211023
66.249.66.20 - - [30/Dec/2023:12:45:06 -0500] "GET /BLA/resoluciones/RESOLUCIONES%202010/6198.pdf HTTP/1.1" 200 665376
52.167.144.180 - - [30/Dec/2023:12:45:11 -0500] "GET /Publicaciones/2023EE204994.pdf HTTP/1.1" 404 228
156.59.198.135 - - [30/Dec/2023:12:45:30 -0500] "GET /BLA/resoluciones/RESOLUCIONES%202020/2172.pdf HTTP/1.0" 200 420834
156.59.198.136 - - [30/Dec/2023:12:45:54 -0500] "GET /BLA/resoluciones/RESOLUCIONES%202020/0553.pdf HTTP/1.0" 200 229961
216.245.221.92 - - [30/Dec/2023:12:46:02 -0500] "HEAD / HTTP/1.1" 200 -
156.59.198.135 - - [30/Dec/2023:12:46:18 -0500] "GET /BLA/resoluciones/RESOLUCIONES%202020/1962.pdf HTTP/1.0" 200 487482
156.59.198.136 - - [30/Dec/2023:12:46:42 -0500] "GET /BLA/resoluciones/RESOLUCIONES%202020/1982.pdf HTTP/1.0" 200 830942
156.59.198.135 - - [30/Dec/2023:12:47:07 -0500] "GET /BLA/resoluciones/RESOLUCIONES%202005/2356.pdf HTTP/1.0" 200 37937
66.249.66.20 - - [30/Dec/2023:12:47:12 -0500] "GET /BLA/resoluciones/RESOLUCIONES%202008/3741.pdf HTTP/1.1" 200 222718
156.59.198.136 - - [30/Dec/2023:12:47:32 -0500] "GET /BLA/resoluciones/RESOLUCIONES%202020/0009.pdf HTTP/1.0" 200 387190
156.59.198.135 - - [30/Dec/2023:12:47:56 -0500] "GET /BLA/resoluciones/RESOLUCIONES%202020/1802.pdf HTTP/1.0" 200 515075
156.59.198.136 - - [30/Dec/2023:12:48:20 -0500] "GET /BLA/resoluciones/RESOLUCIONES%202020/1599.pdf HTTP/1.0" 200 384443
51.15.164.30 - - [30/Dec/2023:12:48:36 -0500] "HEAD /distrito-adopta-el-plan-de-manejo-ambiental-para-el-parque-distrital-ecologico-de-montana-cerro-de-torca.hymns HTTP/1.1" 404 -
217.182.175.162 - - [30/Dec/2023:12:48:37 -0500] "HEAD /distrito-adopta-el-plan-de-manejo-ambiental-para-el-parque-distrital-ecologico-de-montana-cerro-de-torca.hymns HTTP/1.1" 404 -
51.15.164.30 - - [30/Dec/2023:12:48:37 -0500] "HEAD /parque-distrital-ecologico-de-montana-cerro-seco-tiene-su-plan-de-manejo-ambiental-que-le-asegura-la-conservacion.html HTTP/1.1" 200 -
51.15.164.30 - - [30/Dec/2023:12:48:37 -0500] "HEAD /parque-distrital-ecologico-de-montana-cerro-seco-tiene-su-plan-de-manejo-ambiental-que-le-asegura-la-conservacion.html HTTP/1.1" 200 -
156.59.198.136 - - [30/Dec/2023:12:48:44 -0500] "GET /BLA/resoluciones/RESOLUCIONES%202005/2277.pdf HTTP/1.0" 200 337515
201.245.192.253 - - [30/Dec/2023:12:48:53 -0500] "POST /kwsrmcab/Wsrmcab  HTTP/1.1" 200 36178
52.167.144.161 - - [30/Dec/2023:12:49:04 -0500] "GET /BLA/resoluciones/RESOLUCIONES%202022/5176.pdf HTTP/1.1" 200 925353
156.59.198.135 - - [30/Dec/2023:12:49:10 -0500] "GET /BLA/resoluciones/RESOLUCIONES%202020/0423.pdf HTTP/1.0" 200 5470098
66.249.66.19 - - [30/Dec/2023:12:49:22 -0500] "GET /Publicaciones/2023EE304446.pdf HTTP/1.1" 200 376949
156.59.198.136 - - [30/Dec/2023:12:49:33 -0500] "GET /BLA/resoluciones/RESOLUCIONES%202020/0502.pdf HTTP/1.0" 200 353305
172.22.2.4 - - [30/Dec/2023:12:47:57 -0500] "HEAD /BLA/boletinlegal/ HTTP/1.1" 200 -
156.59.198.136 - - [30/Dec/2023:12:49:58 -0500] "GET /BLA/resoluciones/RESOLUCIONES%202020/4573.pdf HTTP/1.0" 200 346438
156.59.198.135 - - [30/Dec/2023:12:50:22 -0500] "GET /BLA/resoluciones/RESOLUCIONES%202020/1384.pdf HTTP/1.0" 200 513160
172.22.2.4 - - [30/Dec/2023:12:48:48 -0500] "GET /BLA/boletinlegal/ HTTP/1.1" 200 60910
156.59.198.136 - - [30/Dec/2023:12:50:47 -0500] "GET /BLA/resoluciones/RESOLUCIONES%202020/1578.pdf HTTP/1.0" 200 336721
216.245.221.92 - - [30/Dec/2023:12:51:02 -0500] "HEAD / HTTP/1.1" 200 -
156.59.198.135 - - [30/Dec/2023:12:51:11 -0500] "GET /BLA/resoluciones/RESOLUCIONES%202020/0465.pdf HTTP/1.0" 200 314652
156.59.198.135 - - [30/Dec/2023:12:51:35 -0500] "GET /BLA/resoluciones/RESOLUCIONES%202020/2746.pdf HTTP/1.0" 200 331464
156.59.198.136 - - [30/Dec/2023:12:52:01 -0500] "GET /BLA/resoluciones/RESOLUCIONES%202020/0018.pdf HTTP/1.0" 200 332262
156.59.198.136 - - [30/Dec/2023:12:52:24 -0500] "GET /BLA/resoluciones/RESOLUCIONES%202020/0002.pdf HTTP/1.0" 200 378904
200.118.16.147 - - [30/Dec/2023:12:52:39 -0500] "POST /sipse/faces/presentacion/financiero/solicitudProceso/consultarSolicitudProceso.xhtml HTTP/1.1" 200 42225
200.118.16.147 - - [30/Dec/2023:12:52:39 -0500] "GET /sipse/faces/javax.faces.resource/theme.css?ln=primefaces-sipse HTTP/1.1" 304 -
200.118.16.147 - - [30/Dec/2023:12:52:39 -0500] "GET /sipse/faces/javax.faces.resource/primefaces.css?ln=primefaces&v=4.0 HTTP/1.1" 304 -
200.118.16.147 - - [30/Dec/2023:12:52:39 -0500] "GET /sipse/css/imagen/contrasena.png HTTP/1.1" 404 383
200.118.16.147 - - [30/Dec/2023:12:52:39 -0500] "GET /sipse/faces/javax.faces.resource/layout/layout.css?ln=primefaces&v=4.0 HTTP/1.1" 304 -
200.118.16.147 - - [30/Dec/2023:12:52:39 -0500] "GET /sipse/faces/javax.faces.resource/jquery/jquery.js?ln=primefaces&v=4.0 HTTP/1.1" 304 -
200.118.16.147 - - [30/Dec/2023:12:52:39 -0500] "GET /sipse/faces/javax.faces.resource/jquery/jquery-plugins.js?ln=primefaces&v=4.0 HTTP/1.1" 304 -
200.118.16.147 - - [30/Dec/2023:12:52:39 -0500] "GET /sipse/faces/javax.faces.resource/primefaces.js?ln=primefaces&v=4.0 HTTP/1.1" 304 -
200.118.16.147 - - [30/Dec/2023:12:52:39 -0500] "GET /sipse/faces/javax.faces.resource/layout/layout.js?ln=primefaces&v=4.0 HTTP/1.1" 304 -
200.118.16.147 - - [30/Dec/2023:12:52:39 -0500] "POST /sipse/faces/presentacion/financiero/solicitudProceso/consultar.xhtml HTTP/1.1" 200 35513
200.118.16.147 - - [30/Dec/2023:12:52:43 -0500] "POST /sipse/faces/presentacion/financiero/solicitudProceso/consultar.xhtml HTTP/1.1" 200 12874
200.118.16.147 - - [30/Dec/2023:12:52:45 -0500] "POST /sipse/faces/presentacion/financiero/solicitudProceso/consultar.xhtml HTTP/1.1" 200 147760
200.118.16.147 - - [30/Dec/2023:12:52:46 -0500] "GET /sipse/faces/javax.faces.resource/theme.css?ln=primefaces-sipse HTTP/1.1" 304 -
200.118.16.147 - - [30/Dec/2023:12:52:46 -0500] "GET /sipse/faces/javax.faces.resource/primefaces.css?ln=primefaces&v=4.0 HTTP/1.1" 304 -
200.118.16.147 - - [30/Dec/2023:12:52:46 -0500] "GET /sipse/faces/javax.faces.resource/layout/layout.css?ln=primefaces&v=4.0 HTTP/1.1" 304 -
200.118.16.147 - - [30/Dec/2023:12:52:46 -0500] "GET /sipse/faces/javax.faces.resource/jquery/jquery.js?ln=primefaces&v=4.0 HTTP/1.1" 304 -
200.118.16.147 - - [30/Dec/2023:12:52:46 -0500] "GET /sipse/faces/javax.faces.resource/jquery/jquery-plugins.js?ln=primefaces&v=4.0 HTTP/1.1" 304 -
200.118.16.147 - - [30/Dec/2023:12:52:46 -0500] "GET /sipse/faces/javax.faces.resource/primefaces.js?ln=primefaces&v=4.0 HTTP/1.1" 304 -
200.118.16.147 - - [30/Dec/2023:12:52:46 -0500] "GET /sipse/faces/javax.faces.resource/layout/layout.js?ln=primefaces&v=4.0 HTTP/1.1" 304 -
200.118.16.147 - - [30/Dec/2023:12:52:46 -0500] "GET /sipse/css/imagen/contrasena.png HTTP/1.1" 404 383
156.59.198.135 - - [30/Dec/2023:12:52:48 -0500] "GET /BLA/resoluciones/RESOLUCIONES%202020/2116.pdf HTTP/1.0" 200 586726
200.118.16.147 - - [30/Dec/2023:12:52:50 -0500] "POST /sipse/faces/presentacion/financiero/solicitudProceso/consultarSolicitudProceso.xhtml HTTP/1.1" 200 258632
156.59.198.135 - - [30/Dec/2023:12:53:12 -0500] "GET /BLA/resoluciones/RESOLUCIONES%202005/RESOLUCION%20647%20DE%202005.PDF HTTP/1.0" 200 282475
200.118.16.147 - - [30/Dec/2023:12:53:26 -0500] "POST /sipse/faces/presentacion/financiero/solicitudProceso/consultarSolicitudProceso.xhtml HTTP/1.1" 200 42206
200.118.16.147 - - [30/Dec/2023:12:53:26 -0500] "GET /sipse/faces/javax.faces.resource/theme.css?ln=primefaces-sipse HTTP/1.1" 304 -
200.118.16.147 - - [30/Dec/2023:12:53:26 -0500] "GET /sipse/faces/javax.faces.resource/primefaces.css?ln=primefaces&v=4.0 HTTP/1.1" 304 -
200.118.16.147 - - [30/Dec/2023:12:53:26 -0500] "GET /sipse/faces/javax.faces.resource/layout/layout.css?ln=primefaces&v=4.0 HTTP/1.1" 304 -
200.118.16.147 - - [30/Dec/2023:12:53:26 -0500] "GET /sipse/faces/javax.faces.resource/jquery/jquery.js?ln=primefaces&v=4.0 HTTP/1.1" 304 -
200.118.16.147 - - [30/Dec/2023:12:53:26 -0500] "GET /sipse/faces/javax.faces.resource/jquery/jquery-plugins.js?ln=primefaces&v=4.0 HTTP/1.1" 304 -
200.118.16.147 - - [30/Dec/2023:12:53:26 -0500] "GET /sipse/faces/javax.faces.resource/primefaces.js?ln=primefaces&v=4.0 HTTP/1.1" 304 -
200.118.16.147 - - [30/Dec/2023:12:53:26 -0500] "GET /sipse/faces/javax.faces.resource/layout/layout.js?ln=primefaces&v=4.0 HTTP/1.1" 304 -
200.118.16.147 - - [30/Dec/2023:12:53:26 -0500] "GET /sipse/css/imagen/contrasena.png HTTP/1.1" 404 383
200.118.16.147 - - [30/Dec/2023:12:53:26 -0500] "POST /sipse/faces/presentacion/financiero/solicitudProceso/consultar.xhtml HTTP/1.1" 200 35494
200.118.16.147 - - [30/Dec/2023:12:53:26 -0500] "POST /sipse/faces/presentacion/financiero/solicitudProceso/consultar.xhtml HTTP/1.1" 200 35494
200.118.16.147 - - [30/Dec/2023:12:53:26 -0500] "POST /sipse/faces/presentacion/financiero/solicitudProceso/consultar.xhtml HTTP/1.1" 200 35494
156.59.198.135 - - [30/Dec/2023:12:53:37 -0500] "GET /BLA/resoluciones/RESOLUCIONES%202020/1738.pdf HTTP/1.0" 200 389408
201.245.192.253 - - [30/Dec/2023:12:53:52 -0500] "POST /kwsrmcab/Wsrmcab  HTTP/1.1" 200 36178
156.59.198.135 - - [30/Dec/2023:12:54:01 -0500] "GET /BLA/resoluciones/RESOLUCIONES%202020/0202.pdf HTTP/1.0" 200 1134208
156.59.198.135 - - [30/Dec/2023:12:54:26 -0500] "GET /BLA/resoluciones/RESOLUCIONES%202007/RES%202007%202701%20AL%202800/RESOLUCION%202772%20DE%202007.pdf HTTP/1.0" 200 229735
156.59.198.135 - - [30/Dec/2023:12:54:49 -0500] "GET /BLA/resoluciones/RESOLUCIONES%202007/RES%202007%202701%20AL%202800/RESOLUCION%202729%20%20DE%202007.pdf HTTP/1.0" 200 627047
66.249.66.21 - - [30/Dec/2023:12:54:55 -0500] "GET /BLA/resoluciones/RESOLUCIONES%202009/0794.pdf HTTP/1.1" 200 405476
156.59.198.135 - - [30/Dec/2023:12:55:14 -0500] "GET /BLA/resoluciones/RESOLUCIONES%202020/0337.pdf HTTP/1.0" 200 516476
162.55.43.55 - - [30/Dec/2023:12:55:26 -0500] "GET / HTTP/1.1" 200 4720
172.22.2.4 - - [30/Dec/2023:12:53:47 -0500] "HEAD /BLA/boletinlegal/ HTTP/1.1" 200 -
162.55.43.55 - - [30/Dec/2023:12:55:27 -0500] "GET / HTTP/1.1" 200 319
200.118.16.147 - - [30/Dec/2023:12:55:35 -0500] "POST /sipse/faces/presentacion/financiero/solicitudProceso/consultar.xhtml HTTP/1.1" 200 147760
200.118.16.147 - - [30/Dec/2023:12:55:36 -0500] "GET /sipse/faces/javax.faces.resource/theme.css?ln=primefaces-sipse HTTP/1.1" 304 -
200.118.16.147 - - [30/Dec/2023:12:55:36 -0500] "GET /sipse/faces/javax.faces.resource/primefaces.css?ln=primefaces&v=4.0 HTTP/1.1" 304 -
200.118.16.147 - - [30/Dec/2023:12:55:36 -0500] "GET /sipse/faces/javax.faces.resource/layout/layout.css?ln=primefaces&v=4.0 HTTP/1.1" 304 -
200.118.16.147 - - [30/Dec/2023:12:55:36 -0500] "GET /sipse/faces/javax.faces.resource/jquery/jquery.js?ln=primefaces&v=4.0 HTTP/1.1" 304 -
200.118.16.147 - - [30/Dec/2023:12:55:36 -0500] "GET /sipse/faces/javax.faces.resource/jquery/jquery-plugins.js?ln=primefaces&v=4.0 HTTP/1.1" 304 -
200.118.16.147 - - [30/Dec/2023:12:55:36 -0500] "GET /sipse/faces/javax.faces.resource/primefaces.js?ln=primefaces&v=4.0 HTTP/1.1" 304 -
200.118.16.147 - - [30/Dec/2023:12:55:36 -0500] "GET /sipse/faces/javax.faces.resource/layout/layout.js?ln=primefaces&v=4.0 HTTP/1.1" 304 -
156.59.198.136 - - [30/Dec/2023:12:55:39 -0500] "GET /BLA/resoluciones/RESOLUCIONES%202020/0323.pdf HTTP/1.0" 200 715847
200.118.16.147 - - [30/Dec/2023:12:55:42 -0500] "POST /sipse/faces/presentacion/financiero/solicitudProceso/consultarSolicitudProceso.xhtml HTTP/1.1" 200 114826
216.245.221.92 - - [30/Dec/2023:12:56:02 -0500] "HEAD / HTTP/1.1" 200 -
156.59.198.136 - - [30/Dec/2023:12:56:04 -0500] "GET /BLA/resoluciones/RESOLUCIONES%202020/1479.pdf HTTP/1.0" 200 328276
172.22.2.4 - - [30/Dec/2023:12:54:37 -0500] "GET /BLA/boletinlegal/ HTTP/1.1" 200 60502
156.59.198.135 - - [30/Dec/2023:12:56:28 -0500] "GET /BLA/resoluciones/RESOLUCIONES%202020/1830.pdf HTTP/1.0" 200 2699322
156.59.198.136 - - [30/Dec/2023:12:56:52 -0500] "GET /BLA/resoluciones/RESOLUCIONES%202007/RES%202007%202701%20AL%202800/RESOLUCION%202745%20DE%202007.pdf HTTP/1.0" 200 257237
172.22.2.4 - - [30/Dec/2023:12:56:36 -0500] "GET /BLA/boletinlegal/ HTTP/1.1" 200 20427
156.59.198.136 - - [30/Dec/2023:12:57:16 -0500] "GET /BLA/resoluciones/RESOLUCIONES%202005/RESOLUCION%201469%20DE%202005.PDF HTTP/1.0" 200 701575
156.59.198.135 - - [30/Dec/2023:12:57:40 -0500] "GET /BLA/resoluciones/RESOLUCIONES%202007/RES%202007%203401%20AL%203500/RESOLUCION%203431%20DE%202007.pdf HTTP/1.0" 200 1030619
66.249.66.20 - - [30/Dec/2023:12:58:00 -0500] "GET /BLA/resoluciones/Notificaciones/REGISTROS%202023/0456.pdf HTTP/1.1" 304 -
156.59.198.135 - - [30/Dec/2023:12:58:05 -0500] "GET /BLA/resoluciones/RESOLUCIONES%202020/2599.pdf HTTP/1.0" 200 408928
156.59.198.136 - - [30/Dec/2023:12:58:29 -0500] "GET /BLA/resoluciones/RESOLUCIONES%202020/1844.pdf HTTP/1.0" 200 4768451
201.245.192.253 - - [30/Dec/2023:12:58:51 -0500] "POST /kwsrmcab/Wsrmcab  HTTP/1.1" 200 36178
156.59.198.135 - - [30/Dec/2023:12:58:54 -0500] "GET /BLA/resoluciones/RESOLUCIONES%202020/0477.pdf HTTP/1.0" 200 372902
156.59.198.136 - - [30/Dec/2023:12:59:18 -0500] "GET /BLA/resoluciones/RESOLUCIONES%202020/1271.pdf HTTP/1.0" 200 319594
156.59.198.135 - - [30/Dec/2023:12:59:43 -0500] "GET /BLA/resoluciones/RESOLUCIONES%202020/0085.pdf HTTP/1.0" 200 269729
156.59.198.136 - - [30/Dec/2023:13:00:07 -0500] "GET /BLA/resoluciones/RESOLUCIONES%202020/3056.pdf HTTP/1.0" 200 380413
156.59.198.136 - - [30/Dec/2023:13:00:31 -0500] "GET /BLA/resoluciones/RESOLUCIONES%202007/RES%202007%203401%20AL%203500/RESOLUCION%203451%20DE%202007.pdf HTTP/1.0" 200 373080
200.118.16.147 - - [30/Dec/2023:13:00:53 -0500] "POST /sipse/faces/presentacion/financiero/solicitudProceso/consultarSolicitudProceso.xhtml HTTP/1.1" 200 45706
200.118.16.147 - - [30/Dec/2023:13:00:54 -0500] "GET /sipse/faces/javax.faces.resource/theme.css?ln=primefaces-sipse HTTP/1.1" 304 -
200.118.16.147 - - [30/Dec/2023:13:00:54 -0500] "GET /sipse/faces/javax.faces.resource/primefaces.css?ln=primefaces&v=4.0 HTTP/1.1" 304 -
200.118.16.147 - - [30/Dec/2023:13:00:54 -0500] "GET /sipse/faces/javax.faces.resource/layout/layout.css?ln=primefaces&v=4.0 HTTP/1.1" 304 -
200.118.16.147 - - [30/Dec/2023:13:00:54 -0500] "GET /sipse/faces/javax.faces.resource/jquery/jquery.js?ln=primefaces&v=4.0 HTTP/1.1" 304 -
200.118.16.147 - - [30/Dec/2023:13:00:54 -0500] "GET /sipse/faces/javax.faces.resource/jquery/jquery-plugins.js?ln=primefaces&v=4.0 HTTP/1.1" 304 -
200.118.16.147 - - [30/Dec/2023:13:00:54 -0500] "GET /sipse/faces/javax.faces.resource/primefaces.js?ln=primefaces&v=4.0 HTTP/1.1" 304 -
200.118.16.147 - - [30/Dec/2023:13:00:54 -0500] "GET /sipse/faces/javax.faces.resource/layout/layout.js?ln=primefaces&v=4.0 HTTP/1.1" 304 -
200.118.16.147 - - [30/Dec/2023:13:00:54 -0500] "GET /sipse/css/imagen/contrasena.png HTTP/1.1" 404 383
200.118.16.147 - - [30/Dec/2023:13:00:54 -0500] "GET /sipse/faces/javax.faces.resource/images/ui-icons_898989_256x240.png?ln=primefaces-aristo HTTP/1.1" 304 -
156.59.198.135 - - [30/Dec/2023:13:00:55 -0500] "GET /BLA/resoluciones/RESOLUCIONES%202020/1459.pdf HTTP/1.0" 200 329729
200.118.16.147 - - [30/Dec/2023:13:01:00 -0500] "GET /sipse/faces/javax.faces.resource/images/ui-bg_flat_0_2d5972_40x100.png?ln=primefaces-aristo HTTP/1.1" 304 -
200.118.16.147 - - [30/Dec/2023:13:01:00 -0500] "POST /sipse/faces/presentacion/financiero/solicitudProceso/consultar.xhtml HTTP/1.1" 200 12874
216.245.221.92 - - [30/Dec/2023:13:01:02 -0500] "HEAD / HTTP/1.1" 200 -
200.118.16.147 - - [30/Dec/2023:13:01:02 -0500] "POST /sipse/faces/presentacion/financiero/solicitudProceso/consultar.xhtml HTTP/1.1" 200 147760
200.118.16.147 - - [30/Dec/2023:13:01:03 -0500] "GET /sipse/faces/javax.faces.resource/theme.css?ln=primefaces-sipse HTTP/1.1" 304 -
200.118.16.147 - - [30/Dec/2023:13:01:03 -0500] "GET /sipse/faces/javax.faces.resource/primefaces.css?ln=primefaces&v=4.0 HTTP/1.1" 304 -
200.118.16.147 - - [30/Dec/2023:13:01:03 -0500] "GET /sipse/faces/javax.faces.resource/layout/layout.css?ln=primefaces&v=4.0 HTTP/1.1" 304 -
200.118.16.147 - - [30/Dec/2023:13:01:03 -0500] "GET /sipse/faces/javax.faces.resource/jquery/jquery.js?ln=primefaces&v=4.0 HTTP/1.1" 304 -
200.118.16.147 - - [30/Dec/2023:13:01:03 -0500] "GET /sipse/faces/javax.faces.resource/jquery/jquery-plugins.js?ln=primefaces&v=4.0 HTTP/1.1" 304 -
200.118.16.147 - - [30/Dec/2023:13:01:03 -0500] "GET /sipse/faces/javax.faces.resource/primefaces.js?ln=primefaces&v=4.0 HTTP/1.1" 304 -
200.118.16.147 - - [30/Dec/2023:13:01:03 -0500] "GET /sipse/faces/javax.faces.resource/layout/layout.js?ln=primefaces&v=4.0 HTTP/1.1" 304 -
66.249.66.21 - - [30/Dec/2023:13:01:07 -0500] "GET /BLA/resoluciones/RESOLUCIONES%202009/6274.pdf HTTP/1.1" 200 432213
172.22.2.4 - - [30/Dec/2023:12:59:37 -0500] "HEAD /BLA/boletinlegal/ HTTP/1.1" 200 -
156.59.198.135 - - [30/Dec/2023:13:01:19 -0500] "GET /BLA/resoluciones/RESOLUCIONES%202020/2718.pdf HTTP/1.0" 200 381649
66.249.66.21 - - [30/Dec/2023:13:01:37 -0500] "GET /BLA/resoluciones/RESOLUCIONES%202010/7028.pdf HTTP/1.1" 200 1321087
156.59.198.136 - - [30/Dec/2023:13:01:43 -0500] "GET /BLA/resoluciones/RESOLUCIONES%202020/0472.pdf HTTP/1.0" 200 570290
66.249.66.20 - - [30/Dec/2023:13:01:54 -0500] "GET /BLA/resoluciones/AUTOS%202008/2794.pdf HTTP/1.1" 200 109420
156.59.198.135 - - [30/Dec/2023:13:02:07 -0500] "GET /BLA/resoluciones/RESOLUCIONES%202007/RES%202007%202701%20AL%202800/RESOLUCION%202716%20DE%202007.pdf HTTP/1.0" 200 867580
172.22.2.4 - - [30/Dec/2023:13:00:27 -0500] "GET /BLA/boletinlegal/ HTTP/1.1" 200 59330
156.59.198.136 - - [30/Dec/2023:13:02:31 -0500] "GET /BLA/resoluciones/RESOLUCIONES%202020/1166.pdf HTTP/1.0" 200 413459
156.59.198.135 - - [30/Dec/2023:13:02:56 -0500] "GET /BLA/resoluciones/RESOLUCIONES%202020/1689.pdf HTTP/1.0" 200 362278
156.59.198.136 - - [30/Dec/2023:13:03:21 -0500] "GET /BLA/resoluciones/RESOLUCIONES%202020/0695.pdf HTTP/1.0" 200 448233
156.59.198.135 - - [30/Dec/2023:13:03:45 -0500] "GET /BLA/resoluciones/RESOLUCIONES%202020/0468.pdf HTTP/1.0" 200 365456
201.245.192.253 - - [30/Dec/2023:13:03:49 -0500] "POST /kwsrmcab/Wsrmcab  HTTP/1.1" 200 36178
156.59.198.136 - - [30/Dec/2023:13:04:09 -0500] "GET /BLA/resoluciones/RESOLUCIONES%202020/0385.pdf HTTP/1.0" 200 347501
156.59.198.135 - - [30/Dec/2023:13:04:33 -0500] "GET /BLA/resoluciones/RESOLUCIONES%202020/0853.pdf HTTP/1.0" 200 367979
156.59.198.136 - - [30/Dec/2023:13:04:57 -0500] "GET /BLA/resoluciones/RESOLUCIONES%202020/1339.pdf HTTP/1.0" 200 364899
156.59.198.136 - - [30/Dec/2023:13:05:22 -0500] "GET /BLA/resoluciones/RESOLUCIONES%202020/2056.pdf HTTP/1.0" 200 355512
156.59.198.136 - - [30/Dec/2023:13:05:46 -0500] "GET /BLA/resoluciones/RESOLUCIONES%202020/0235.pdf HTTP/1.0" 200 332938
216.245.221.92 - - [30/Dec/2023:13:06:02 -0500] "HEAD / HTTP/1.1" 200 -
156.59.198.135 - - [30/Dec/2023:13:06:11 -0500] "GET /BLA/resoluciones/RESOLUCIONES%202020/0916.pdf HTTP/1.0" 200 514403
156.59.198.136 - - [30/Dec/2023:13:06:35 -0500] "GET /BLA/resoluciones/RESOLUCIONES%202020/2263.pdf HTTP/1.0" 200 255743
66.249.66.21 - - [30/Dec/2023:13:06:42 -0500] "GET /BLA/resoluciones/RESOLUCIONES%202008/3098.pdf HTTP/1.1" 200 469849
156.59.198.136 - - [30/Dec/2023:13:07:01 -0500] "GET /BLA/resoluciones/RESOLUCIONES%202020/0246.pdf HTTP/1.0" 200 470245
172.22.2.4 - - [30/Dec/2023:13:05:27 -0500] "HEAD /BLA/boletinlegal/ HTTP/1.1" 200 -
156.59.198.135 - - [30/Dec/2023:13:07:24 -0500] "GET /BLA/resoluciones/RESOLUCIONES%202007/RES%202007%202701%20AL%202800/RESOLUCION%202735%20DE%202007.pdf HTTP/1.0" 200 257759
156.59.198.136 - - [30/Dec/2023:13:07:48 -0500] "GET /BLA/resoluciones/RESOLUCIONES%202020/2706.pdf HTTP/1.0" 200 470102
172.22.2.4 - - [30/Dec/2023:13:06:17 -0500] "GET /BLA/boletinlegal/ HTTP/1.1" 200 57309
156.59.198.135 - - [30/Dec/2023:13:08:12 -0500] "GET /BLA/resoluciones/RESOLUCIONES%202020/2767.pdf HTTP/1.0" 200 381747
156.59.198.136 - - [30/Dec/2023:13:08:37 -0500] "GET /BLA/resoluciones/RESOLUCIONES%202020/1290.pdf HTTP/1.0" 200 331874
201.245.192.253 - - [30/Dec/2023:13:08:47 -0500] "POST /kwsrmcab/Wsrmcab  HTTP/1.1" 200 36178
156.59.198.135 - - [30/Dec/2023:13:09:00 -0500] "GET /BLA/resoluciones/RESOLUCIONES%202007/RES%202007%202701%20AL%202800/RESOLUCION%202776%20%20DE%202007.pdf HTTP/1.0" 200 254348
156.59.198.135 - - [30/Dec/2023:13:09:25 -0500] "GET /BLA/resoluciones/RESOLUCIONES%202005/RESOLUCION%203063%20DE%202005.PDF HTTP/1.0" 200 963345
156.59.198.136 - - [30/Dec/2023:13:09:50 -0500] "GET /BLA/resoluciones/RESOLUCIONES%202005/RESOLUCION%201009%20DE%202005.PDF HTTP/1.0" 200 686241
156.59.198.136 - - [30/Dec/2023:13:10:15 -0500] "GET /BLA/resoluciones/RESOLUCIONES%202020/1132.pdf HTTP/1.0" 200 397608
156.59.198.136 - - [30/Dec/2023:13:10:38 -0500] "GET /BLA/resoluciones/RESOLUCIONES%202020/2690.pdf HTTP/1.0" 200 321005
216.245.221.92 - - [30/Dec/2023:13:11:02 -0500] "HEAD / HTTP/1.1" 200 -
156.59.198.135 - - [30/Dec/2023:13:11:05 -0500] "GET /BLA/resoluciones/RESOLUCIONES%202020/2144.pdf HTTP/1.0" 200 6294776
156.59.198.136 - - [30/Dec/2023:13:11:29 -0500] "GET /BLA/resoluciones/RESOLUCIONES%202020/0147.pdf HTTP/1.0" 200 367171
66.249.66.19 - - [30/Dec/2023:13:11:30 -0500] "GET /BLA/resoluciones/RESOLUCIONES%202009/8707.pdf HTTP/1.1" 200 582806
156.59.198.135 - - [30/Dec/2023:13:11:54 -0500] "GET /BLA/resoluciones/RESOLUCIONES%202020/2615.pdf HTTP/1.0" 200 351453
156.59.198.135 - - [30/Dec/2023:13:12:18 -0500] "GET /BLA/resoluciones/RESOLUCIONES%202020/0453.pdf HTTP/1.0" 200 309874
156.59.198.135 - - [30/Dec/2023:13:12:42 -0500] "GET /BLA/resoluciones/RESOLUCIONES%202020/0215.pdf HTTP/1.0" 200 327079
200.10.31.185 - - [30/Dec/2023:13:12:45 -0500] "-" 408 -
172.22.2.4 - - [30/Dec/2023:13:11:17 -0500] "HEAD /BLA/boletinlegal/ HTTP/1.1" 200 -
66.249.66.20 - - [30/Dec/2023:13:13:03 -0500] "GET /BLA/resoluciones/AUTOS%202008/1005.pdf HTTP/1.1" 200 77248
156.59.198.135 - - [30/Dec/2023:13:13:07 -0500] "GET /BLA/resoluciones/RESOLUCIONES%202007/RES%202007%202701%20AL%202800/RESOLUCION%202738%20DE%202007.pdf HTTP/1.0" 200 398467
47.128.51.163 - - [30/Dec/2023:13:13:33 -0500] "GET /BLA/resoluciones/dlf/dirup.png HTTP/1.1" 200 644
47.128.51.163 - - [30/Dec/2023:13:13:33 -0500] "GET /BLA/resoluciones/dlf/unknown.png HTTP/1.1" 200 266
47.128.51.163 - - [30/Dec/2023:13:13:33 -0500] "GET /BLA/resoluciones/index.php?dir=RESOLUCIONES%202004%2FRES%202004%201351-1400%2F&order=desc&sort=name HTTP/1.1" 200 12358
172.22.2.4 - - [30/Dec/2023:13:12:07 -0500] "GET /BLA/boletinlegal/ HTTP/1.1" 200 47813
201.245.192.253 - - [30/Dec/2023:13:13:46 -0500] "POST /kwsrmcab/Wsrmcab  HTTP/1.1" 200 36178
156.59.198.136 - - [30/Dec/2023:13:13:56 -0500] "GET /BLA/resoluciones/RESOLUCIONES%202020/1573.pdf HTTP/1.0" 200 308785
156.59.198.136 - - [30/Dec/2023:13:14:19 -0500] "GET /BLA/resoluciones/RESOLUCIONES%202020/1503.pdf HTTP/1.0" 200 401163
156.59.198.136 - - [30/Dec/2023:13:14:45 -0500] "GET /BLA/resoluciones/RESOLUCIONES%202020/1381.pdf HTTP/1.0" 200 560726
156.59.198.136 - - [30/Dec/2023:13:15:09 -0500] "GET /BLA/resoluciones/RESOLUCIONES%202020/2190.pdf HTTP/1.0" 200 441390
66.249.66.21 - - [30/Dec/2023:13:15:32 -0500] "HEAD /BLA/resoluciones/RESOLUCIONES%25202014/1016.pdf HTTP/1.1" 404 -
156.59.198.135 - - [30/Dec/2023:13:15:34 -0500] "GET /BLA/resoluciones/RESOLUCIONES%202007/RES%202007%203401%20AL%203500/RESOLUCION%203462%20%20DE%202007.pdf HTTP/1.0" 200 331625
201.245.192.253 - - [30/Dec/2023:13:15:47 -0500] "POST /kwsrmcab/Wsrmcab HTTP/1.1" 200 36318
201.245.192.253 - - [30/Dec/2023:13:15:50 -0500] "POST /kwsrmcab/Wsrmcab HTTP/1.1" 200 37048
156.59.198.135 - - [30/Dec/2023:13:15:59 -0500] "GET /BLA/resoluciones/RESOLUCIONES%202020/2456.pdf HTTP/1.0" 200 358553
216.245.221.92 - - [30/Dec/2023:13:16:02 -0500] "HEAD / HTTP/1.1" 200 -
156.59.198.135 - - [30/Dec/2023:13:16:22 -0500] "GET /BLA/resoluciones/RESOLUCIONES%202007/RES%202007%202701%20AL%202800/RESOLUCION%202758%20DE%202007.pdf HTTP/1.0" 200 245915
156.59.198.136 - - [30/Dec/2023:13:16:46 -0500] "GET /BLA/resoluciones/RESOLUCIONES%202020/2591.pdf HTTP/1.0" 200 408347
40.77.167.28 - - [30/Dec/2023:13:17:06 -0500] "GET / HTTP/1.1" 200 4720
20.1.205.219 - - [30/Dec/2023:13:17:06 -0500] "GET / HTTP/1.1" 200 4720
52.167.144.211 - - [30/Dec/2023:13:17:07 -0500] "GET /favicon.ico HTTP/1.1" 404 1034
20.1.205.219 - - [30/Dec/2023:13:17:08 -0500] "GET /favicon.ico HTTP/1.1" 404 1034
40.77.167.28 - - [30/Dec/2023:13:17:08 -0500] "GET / HTTP/1.1" 200 4720
20.1.205.219 - - [30/Dec/2023:13:17:09 -0500] "GET / HTTP/1.1" 200 4720
52.167.144.211 - - [30/Dec/2023:13:17:10 -0500] "GET /favicon.ico HTTP/1.1" 404 1034
156.59.198.135 - - [30/Dec/2023:13:17:10 -0500] "GET /BLA/resoluciones/RESOLUCIONES%202007/RES%202007%203401%20AL%203500/RESOLUCION%203500%20DE%202007.pdf HTTP/1.0" 200 1220600
69.63.189.7 - - [30/Dec/2023:13:17:20 -0500] "GET /distrito-exalta-48-arboles-patrimoniales-y-15-de-interes-publico-en-bogota.html HTTP/1.1" 200 816
69.171.251.117 - - [30/Dec/2023:13:17:28 -0500] "GET /distrito-exalta-48-arboles-patrimoniales-y-15-de-interes-publico-en-bogota.html HTTP/1.1" 200 816
156.59.198.136 - - [30/Dec/2023:13:17:35 -0500] "GET /BLA/resoluciones/RESOLUCIONES%202020/0378.pdf HTTP/1.0" 200 413299
156.59.198.135 - - [30/Dec/2023:13:17:59 -0500] "GET /BLA/resoluciones/RESOLUCIONES%202020/0327.pdf HTTP/1.0" 200 1003070
162.55.38.160 - - [30/Dec/2023:13:18:02 -0500] "GET / HTTP/1.1" 200 319
162.55.38.160 - - [30/Dec/2023:13:18:04 -0500] "GET / HTTP/1.1" 200 4720
156.59.198.136 - - [30/Dec/2023:13:18:23 -0500] "GET /BLA/resoluciones/RESOLUCIONES%202020/0436.pdf HTTP/1.0" 200 508960
172.22.2.4 - - [30/Dec/2023:13:17:07 -0500] "HEAD /BLA/boletinlegal/ HTTP/1.1" 200 -
201.245.192.253 - - [30/Dec/2023:13:18:45 -0500] "POST /kwsrmcab/Wsrmcab  HTTP/1.1" 200 36178
47.128.30.194 - - [30/Dec/2023:13:18:49 -0500] "GET /BLA/resoluciones/index.php?dir=RESOLUCIONES%202006%2FRES%202006%201001-1050%2F&order=desc&sort=size HTTP/1.1" 200 12340
47.128.30.194 - - [30/Dec/2023:13:18:50 -0500] "GET /BLA/resoluciones/dlf/dirup.png HTTP/1.1" 200 644
47.128.30.194 - - [30/Dec/2023:13:18:50 -0500] "GET /BLA/resoluciones/dlf/unknown.png HTTP/1.1" 200 266
156.59.198.136 - - [30/Dec/2023:13:19:12 -0500] "GET /BLA/resoluciones/RESOLUCIONES%202007/RES%202007%202701%20AL%202800/RESOLUCION%202725%20DE%202007.pdf HTTP/1.0" 200 187615
66.249.65.4 - - [30/Dec/2023:13:19:20 -0500] "GET /participa-en-las-actividades-del-dia-mundial-de-humedales.html HTTP/1.1" 304 -
172.22.2.4 - - [30/Dec/2023:13:18:29 -0500] "GET /BLA/boletinlegal/ HTTP/1.1" 200 32715
156.59.198.136 - - [30/Dec/2023:13:19:36 -0500] "GET /BLA/resoluciones/RESOLUCIONES%202020/0221.pdf HTTP/1.0" 200 328568
172.22.2.4 - - [30/Dec/2023:13:17:57 -0500] "GET /BLA/boletinlegal/ HTTP/1.1" 200 53513
172.22.2.4 - - [30/Dec/2023:13:19:16 -0500] "GET /BLA/boletinlegal/ HTTP/1.1" 200 24523
201.245.192.253 - - [30/Dec/2023:13:19:52 -0500] "POST /kwsrmcab/Wsrmcab HTTP/1.1" 200 36318
201.245.192.253 - - [30/Dec/2023:13:19:56 -0500] "POST /kwsrmcab/Wsrmcab HTTP/1.1" 200 37048
156.59.198.136 - - [30/Dec/2023:13:20:01 -0500] "GET /BLA/resoluciones/RESOLUCIONES%202007/RES%202007%203401%20AL%203500/RESOLUCION%203407%20DE%202007.pdf HTTP/1.0" 200 574115
66.249.65.70 - - [30/Dec/2023:13:20:22 -0500] "GET /robots.txt HTTP/1.1" 404 1035
66.249.65.68 - - [30/Dec/2023:13:20:22 -0500] "GET /portaldeninos/2021/06/01/agroecologia-tips-para-germinar-semillas-en-casa/ HTTP/1.1" 200 105801
66.249.65.70 - - [30/Dec/2023:13:20:25 -0500] "GET /portaldeninos/wp-content/plugins/gallery-videos/CSS/Total-Soft-Gallery-Video-Widget.css?ver=4.9.8 HTTP/1.1" 200 51554
156.59.198.135 - - [30/Dec/2023:13:20:24 -0500] "GET /BLA/resoluciones/RESOLUCIONES%202017/2695.pdf HTTP/1.0" 200 56481162
66.249.65.69 - - [30/Dec/2023:13:20:27 -0500] "GET /portaldeninos/wp-content/themes/betheme/style.css?ver=20.9.6 HTTP/1.1" 200 287
66.249.65.69 - - [30/Dec/2023:13:20:28 -0500] "GET /portaldeninos/wp-content/themes/betheme/assets/animations/animations.min.js?ver=20.9.6 HTTP/1.1" 200 1896
156.59.198.136 - - [30/Dec/2023:13:20:48 -0500] "GET /BLA/resoluciones/RESOLUCIONES%202020/2154.pdf HTTP/1.0" 200 343670
216.245.221.92 - - [30/Dec/2023:13:21:02 -0500] "HEAD / HTTP/1.1" 200 -
156.59.198.135 - - [30/Dec/2023:13:21:13 -0500] "GET /BLA/resoluciones/RESOLUCIONES%202020/2075.pdf HTTP/1.0" 200 411138
156.59.198.135 - - [30/Dec/2023:13:21:38 -0500] "GET /BLA/resoluciones/RESOLUCIONES%202020/3068.pdf HTTP/1.0" 200 5001542
66.220.149.10 - - [30/Dec/2023:13:21:43 -0500] "GET /distrito-adopta-el-plan-de-manejo-ambiental-para-el-parque-distrital-ecologico-de-montana-cerro-de-torca.hymns HTTP/1.1" 404 1034
66.220.149.3 - - [30/Dec/2023:13:21:43 -0500] "GET /distrito-adopta-el-plan-de-manejo-ambiental-para-el-parque-distrital-ecologico-de-montana-cerro-de-torca.hymns HTTP/1.1" 404 1034
66.220.149.23 - - [30/Dec/2023:13:21:44 -0500] "GET /distrito-adopta-el-plan-de-manejo-ambiental-para-el-parque-distrital-ecologico-de-montana-cerro-de-torca.hymns HTTP/1.1" 404 1034
66.220.149.5 - - [30/Dec/2023:13:21:44 -0500] "GET /distrito-adopta-el-plan-de-manejo-ambiental-para-el-parque-distrital-ecologico-de-montana-cerro-de-torca.hymns HTTP/1.1" 404 1034
200.10.31.185 - - [30/Dec/2023:13:21:45 -0500] "-" 408 -
156.59.198.136 - - [30/Dec/2023:13:22:02 -0500] "GET /BLA/resoluciones/RESOLUCIONES%202020/0106.pdf HTTP/1.0" 200 332885
156.59.198.136 - - [30/Dec/2023:13:22:27 -0500] "GET /BLA/resoluciones/RESOLUCIONES%202007/RES%202007%202701%20AL%202800/RESOLUCION%202701%20DE%202007.pdf HTTP/1.0" 200 687365
156.59.198.135 - - [30/Dec/2023:13:22:53 -0500] "GET /BLA/resoluciones/RESOLUCIONES%202020/0326.pdf HTTP/1.0" 200 650501
191.102.207.217 - - [30/Dec/2023:13:23:12 -0500] "POST /appsia/controlador HTTP/1.1" 200 3222
191.102.207.217 - - [30/Dec/2023:13:23:12 -0500] "GET /appsia/jscripts/validarSolicitud.js HTTP/1.1" 404 68
191.102.207.217 - - [30/Dec/2023:13:23:14 -0500] "POST /appsia/controlador HTTP/1.1" 200 4799
156.59.198.135 - - [30/Dec/2023:13:23:18 -0500] "GET /BLA/resoluciones/RESOLUCIONES%202020/1971.pdf HTTP/1.0" 200 2050777
156.59.198.135 - - [30/Dec/2023:13:23:42 -0500] "GET /BLA/resoluciones/RESOLUCIONES%202020/1892.pdf HTTP/1.0" 200 364504
201.245.192.253 - - [30/Dec/2023:13:23:45 -0500] "POST /kwsrmcab/Wsrmcab  HTTP/1.1" 200 36178
200.10.31.185 - - [30/Dec/2023:13:23:56 -0500] "-" 408 -
156.59.198.135 - - [30/Dec/2023:13:24:06 -0500] "GET /BLA/resoluciones/RESOLUCIONES%202020/2064.pdf HTTP/1.0" 200 319668
156.59.198.135 - - [30/Dec/2023:13:24:31 -0500] "GET /BLA/resoluciones/RESOLUCIONES%202020/0894.pdf HTTP/1.0" 200 1355655
172.22.2.4 - - [30/Dec/2023:13:22:57 -0500] "HEAD /BLA/boletinlegal/ HTTP/1.1" 200 -
156.59.198.135 - - [30/Dec/2023:13:24:55 -0500] "GET /BLA/resoluciones/RESOLUCIONES%202020/0566.pdf HTTP/1.0" 200 248029
156.59.198.135 - - [30/Dec/2023:13:25:19 -0500] "GET /BLA/resoluciones/RESOLUCIONES%202020/1592.pdf HTTP/1.0" 200 383422
172.22.2.4 - - [30/Dec/2023:13:23:47 -0500] "GET /BLA/boletinlegal/ HTTP/1.1" 200 50947
156.59.198.135 - - [30/Dec/2023:13:25:43 -0500] "GET /BLA/resoluciones/RESOLUCIONES%202020/0764.pdf HTTP/1.0" 200 453004
201.245.192.253 - - [30/Dec/2023:13:25:46 -0500] "POST /kwsrmcab/Wsrmcab HTTP/1.1" 200 36318
201.245.192.253 - - [30/Dec/2023:13:25:49 -0500] "POST /kwsrmcab/Wsrmcab HTTP/1.1" 200 37048
216.245.221.92 - - [30/Dec/2023:13:26:02 -0500] "HEAD / HTTP/1.1" 200 -
156.59.198.135 - - [30/Dec/2023:13:26:09 -0500] "GET /BLA/resoluciones/RESOLUCIONES%202020/3060.pdf HTTP/1.0" 200 3777426
156.59.198.135 - - [30/Dec/2023:13:26:32 -0500] "GET /BLA/resoluciones/RESOLUCIONES%202020/0475.pdf HTTP/1.0" 200 313052
156.59.198.135 - - [30/Dec/2023:13:26:56 -0500] "GET /BLA/resoluciones/RESOLUCIONES%202020/2388.pdf HTTP/1.0" 200 358945
156.59.198.135 - - [30/Dec/2023:13:27:20 -0500] "GET /BLA/resoluciones/RESOLUCIONES%202020/1798.pdf HTTP/1.0" 200 399806
173.252.111.10 - - [30/Dec/2023:13:27:44 -0500] "GET /images/agua%20bogota.jpg HTTP/1.1" 200 74348
173.252.111.118 - - [30/Dec/2023:13:27:44 -0500] "GET /images/arbol%20centro.jpg HTTP/1.1" 200 69467
173.252.111.9 - - [30/Dec/2023:13:27:44 -0500] "GET /images/terrazas%20verdes.jpg HTTP/1.1" 200 63951
173.252.111.116 - - [30/Dec/2023:13:27:44 -0500] "GET /images/Aves%20SDA.jpeg HTTP/1.1" 200 75104
156.59.198.136 - - [30/Dec/2023:13:27:45 -0500] "GET /BLA/resoluciones/RESOLUCIONES%202020/0456.pdf HTTP/1.0" 200 552113
173.252.111.10 - - [30/Dec/2023:13:27:51 -0500] "GET /images/Musgo%2017%20-%2012%20-%202023.jpeg HTTP/1.1" 200 66238
173.252.111.111 - - [30/Dec/2023:13:27:55 -0500] "GET /images/calidad-aire.jpg HTTP/1.1" 200 42421
156.59.198.135 - - [30/Dec/2023:13:28:09 -0500] "GET /BLA/resoluciones/RESOLUCIONES%202020/2143.pdf HTTP/1.0" 200 361331
172.22.2.4 - - [30/Dec/2023:13:27:49 -0500] "GET /BLA/boletinlegal/ HTTP/1.1" 200 20427
156.59.198.136 - - [30/Dec/2023:13:28:34 -0500] "GET /BLA/resoluciones/RESOLUCIONES%202020/2071.pdf HTTP/1.0" 200 397354
201.245.192.253 - - [30/Dec/2023:13:28:44 -0500] "POST /kwsrmcab/Wsrmcab  HTTP/1.1" 200 36178
156.59.198.135 - - [30/Dec/2023:13:28:58 -0500] "GET /BLA/resoluciones/RESOLUCIONES%202020/2601.pdf HTTP/1.0" 200 357295
156.59.198.136 - - [30/Dec/2023:13:29:22 -0500] "GET /BLA/resoluciones/RESOLUCIONES%202007/RES%202007%202701%20AL%202800/RESOLUCION%202760%20DE%202007.pdf HTTP/1.0" 200 434723
156.59.198.136 - - [30/Dec/2023:13:29:46 -0500] "GET /BLA/resoluciones/RESOLUCIONES%202020/0189.pdf HTTP/1.0" 200 323954
201.245.192.253 - - [30/Dec/2023:13:29:52 -0500] "POST /kwsrmcab/Wsrmcab HTTP/1.1" 200 36318
201.245.192.253 - - [30/Dec/2023:13:29:56 -0500] "POST /kwsrmcab/Wsrmcab HTTP/1.1" 200 37048
156.59.198.136 - - [30/Dec/2023:13:30:11 -0500] "GET /BLA/resoluciones/RESOLUCIONES%202020/2872.pdf HTTP/1.0" 200 299259
51.79.77.165 - - [30/Dec/2023:13:30:17 -0500] "GET /distrito-adopta-el-plan-de-manejo-ambiental-para-el-parque-distrital-ecologico-de-montana-cerro-de-torca.hymns HTTP/1.1" 404 1148
172.22.2.4 - - [30/Dec/2023:13:28:47 -0500] "HEAD /BLA/boletinlegal/ HTTP/1.1" 200 -
156.59.198.135 - - [30/Dec/2023:13:30:36 -0500] "GET /BLA/resoluciones/RESOLUCIONES%202020/1843.pdf HTTP/1.0" 200 953663
156.59.198.136 - - [30/Dec/2023:13:31:00 -0500] "GET /BLA/resoluciones/RESOLUCIONES%202020/1627.pdf HTTP/1.0" 200 330829
216.245.221.92 - - [30/Dec/2023:13:31:02 -0500] "HEAD / HTTP/1.1" 200 -
54.39.104.161 - - [30/Dec/2023:13:31:08 -0500] "GET /distrito-adopta-el-plan-de-manejo-ambiental-para-el-parque-distrital-ecologico-de-montana-cerro-de-torca.hymns HTTP/1.1" 404 1148
173.252.95.16 - - [30/Dec/2023:13:31:13 -0500] "GET /images/terrazas%20verdes.jpg HTTP/1.1" 200 63951
66.220.149.118 - - [30/Dec/2023:13:31:13 -0500] "GET /images/Aves%20SDA.jpeg HTTP/1.1" 200 75104
69.171.249.117 - - [30/Dec/2023:13:31:14 -0500] "GET /images/arbol%20centro.jpg HTTP/1.1" 200 69467
173.252.127.117 - - [30/Dec/2023:13:31:16 -0500] "GET /images/PREAD%20SDA%201.jpeg HTTP/1.1" 200 65620
173.252.79.120 - - [30/Dec/2023:13:31:17 -0500] "GET /images/agua%20bogota.jpg HTTP/1.1" 200 74348
172.22.2.4 - - [30/Dec/2023:13:29:37 -0500] "GET /BLA/boletinlegal/ HTTP/1.1" 200 56085
173.252.79.3 - - [30/Dec/2023:13:31:19 -0500] "GET /images/participacion%2019-12-23.jpg HTTP/1.1" 200 73861
173.252.95.120 - - [30/Dec/2023:13:31:21 -0500] "GET /images/reconocimiento%20practicas%20ambientales.jpg HTTP/1.1" 200 63397
156.59.198.135 - - [30/Dec/2023:13:31:23 -0500] "GET /BLA/resoluciones/RESOLUCIONES%202020/1428.pdf HTTP/1.0" 200 361794
173.252.127.13 - - [30/Dec/2023:13:31:28 -0500] "GET /bogota-actualiza-su-plan-de-gestion-ambiental-para-un-conseguir-un-futuro-mas-sostenible.html HTTP/1.1" 200 796
173.252.107.7 - - [30/Dec/2023:13:31:32 -0500] "GET /images/Musgo%2017%20-%2012%20-%202023.jpeg HTTP/1.1" 200 66238
156.59.198.135 - - [30/Dec/2023:13:31:47 -0500] "GET /BLA/resoluciones/RESOLUCIONES%202020/1850.pdf HTTP/1.0" 200 506473
172.22.2.4 - - [30/Dec/2023:13:30:26 -0500] "GET /BLA/boletinlegal/index.php HTTP/1.1" 200 58172
156.59.198.135 - - [30/Dec/2023:13:32:12 -0500] "GET /BLA/resoluciones/RESOLUCIONES%202007/RES%202007%203401%20AL%203500/RESOLUCION%203437%20DE%202007.pdf HTTP/1.0" 200 553563
156.59.198.136 - - [30/Dec/2023:13:32:36 -0500] "GET /BLA/resoluciones/RESOLUCIONES%202020/1768.pdf HTTP/1.0" 200 348163
156.59.198.136 - - [30/Dec/2023:13:33:00 -0500] "GET /BLA/resoluciones/RESOLUCIONES%202020/1692.pdf HTTP/1.0" 200 505277
156.59.198.135 - - [30/Dec/2023:13:33:25 -0500] "GET /BLA/resoluciones/RESOLUCIONES%202020/2262.pdf HTTP/1.0" 200 399189
167.94.138.52 - - [30/Dec/2023:13:33:31 -0500] "GET / HTTP/1.1" 200 319
167.94.138.52 - - [30/Dec/2023:13:33:34 -0500] "GET / HTTP/1.1" 200 319
167.94.138.52 - - [30/Dec/2023:13:33:35 -0500] "PRI * HTTP/2.0" 400 946
167.94.138.52 - - [30/Dec/2023:13:33:35 -0500] "GET /favicon.ico HTTP/1.1" 200 7782
200.10.31.185 - - [30/Dec/2023:13:33:45 -0500] "-" 408 -
200.10.31.185 - - [30/Dec/2023:13:33:45 -0500] "-" 408 -
201.245.192.253 - - [30/Dec/2023:13:33:43 -0500] "POST /kwsrmcab/Wsrmcab  HTTP/1.1" 200 36178
156.59.198.135 - - [30/Dec/2023:13:33:50 -0500] "GET /BLA/resoluciones/RESOLUCIONES%202020/2589.pdf HTTP/1.0" 200 397556
