186.102.92.237 - - [30/Dec/2023:11:34:03 -0500] "GET /kwssiamovil/sm/acme/s?s=U2FsdGVkX1/2R4GPCUWiZSSul1vKmP25tD6HWoRIjg9vpFrXcFJOWfpZU2nQMJr2/nY6NdVlPUfKMG/OL0LwxBzROnxVB/rnbbdpSJed/v2lb6ncUmAJjh6cBppMO9QP/3UBofytkiB6M8SWxx6had49SPx5KBcF7RdPd/UwE7TobzPGRqCZohJoQraxS7bb9DS/MhouM2BDmWqrK76ypyoHO2U0TbnHDSz9EcYudsYT+XOE4HGyfffE5N7Gf+YfooPrIbtTIw06VKht3px2jY33uhzukMTZHEloPj6NzwYoxK4FvQvuLYiNjMaj5hFtWyL6CXQ8Dmqj8vdxvZdtH4kQgSmU29aOzbxam8IxW0yOg+RDSjriC1WDLtSMcBVgOhOjrUPL17uu9eUovN09xZTo8AwuMophJ4QnWbgFdwSBRkvLjkQsZkr6iHVz6aGNmkBylVF32e2HyJ0AzFwVm7RDqOKxKdcqBwTzYS91Md11yhyxgnwO+djOabUFNOA9KKw2bD/H75oPYVtmrI+sQVI1oGtwNrEuVxbtehGu7LrEIz/g/ZM7AWoS+6UiyW86KqvA/vHOykviCS1N5c9eTOcSCeeCrL5A8elFgvd+kE+hdROspT0JkaH5px9XXmPILM2N+FI8gSps5t7WJI8otPjtQOOXAOjO8iuVCHtcU5Q92xN3m+VYSD0qSGHy3Uxhl8duGWEZnXKsHpsxjIOGWNXU9kqwwyEvId0+wgpYEfjGymoS/oib8qeIwvKW+URzDCybSy8OsMuURMVnoag+sHFxhfXWLXQLGjALoH6yzBlXIBgxdg5GZVc5dd1R3t3je0G++VLKAD6AHKMC9l/1r1mPW5qBRcHSuk9p6bKY4zKJq7cJ2M1ciYA77ogzGyaLG7wGXvDpUHUF6PmHT2tsiWkCYxz3oqDRn0h9ZVwB60ZF6J8LFrgCDoa0GbS6Xv+hI/zwYlAoMQT+a+LBABS/PSwqHXyZYcfvO2n9PMMqMjrIQCfbkefolVwlFjPBTJqZNnPAiummWdzixzdpBSA7Y12WbKwo2TVqCJCI+kD/YXatjsR8BExX10wcdApMD0VxiQuWmq5gqgsS9grC8XrkolGHR4cp1KBzj8IAQ1S6fYvq0DRiGiP+ytWOzC1I/rv2oyVlQQWiOnSmalueUbSG2hS+pqDjWD3XaeXWTFfyD/pMl9HOwVhxSl4gCvHM3pNdIZMK0QVO73eVDHs4lIA7CPpW8c9gMWl5r6Q/KzcCxIGeQDXj1fDREjzimxfp54TAvZCnlvSAh7teoiYSke3CsVlWduvSpRVx5g5eqShQumPTMhRA06wU8jwI4OMqz3W32ogaQVVVOvRBRUFUUXz7WEBkSZSzW+Jv5y4LP2AyaGq4uf7JJf7AmuZGq/UyMO3wCU4pvhU3YU33Gyr8U6J+63Xy/YnVXDtY/o99fkfopKtWipdqacZXxio4QrHa9jUbaXt4AfxS9Tbagun/pB/puNIa2+Af2ywJaV58T/5kLBAx4azybVsswhq7r0R0shsoP3XsmOBHMyBrctEFCQhnWuT4cO/WmZ7/je2kT0xHZZ5h5/L1bl3jEzypKOOOgxZhoukE569zJtpeZwDy4lsB5DfZjuWL3R0HJ3w4YIKcAl70T1UXBbvP6oMx9kDzxWujQthyXa5tcmffOBleUk/scHJRh2QCXjlbJ82YhAa7Liw64bA50y5KQN4WD8q8r2uWQlFB23zaotA7urTaVCMgPT52xFVSBO111PPLxXDLJDs=&u=U2FsdGVkX1+tu4oIPlyoG6sfItCLBKV+Hbce1qfpMPo=&y=U2FsdGVkX18MjXGfm/0GU8XemgutGiKytd8lvoutOvQ= HTTP/1.1" 200 1354
186.102.92.237 - - [30/Dec/2023:11:34:03 -0500] "GET /kwssiamovil/sm/acme/s?s=U2FsdGVkX1+tDSspgp01/g9VCwZ70l+J5cK2rhhNo8ayuvoUNm0zwLz+ERzzXvx1jFtVpwsQuiPea0q2mm9/gbOnv/8tQwzbJxNkli9w6KEVkoutI5My9puWPe/NtY3d+GJ8Dn5izA+uTZDh8/BCwSTFWgvexyLbhqTqzxtRYkgyzw86FSAdiq75tVjeQtLlliI+soWBrD6j0Gc1iyoOyAUzQVsMAKsw32XH2ZZYF6ew+i1gzFreTZ65JbtkLv6Jhmuzp/EFGvrkQ/dLZWYSAVu0rBHJFbzSyAFVgj9M37Y0HjlbHMDPEUqv+QjNRyJ9kL2Ir0oBTBLm9sVFlOWFA7dMUqScx648JhV4+rEIE8e8TZbTPlFsnQQ5/kiAQ3k0GMqrLrTIH4B8buu1DRb7RSKHsqiDvkI4udk+zmuLLP7u9kILTMrCdsx10ibp8bdOnf4pBNHRRtJS1XrHaKEDShtvgAJ8IpG7seslb9oViqLA5cDdWX95ZP4eGBv1Nplp32GA/eIgz8i9oCV7NYZ8YfrS00bw3BmguIr2eKZjXHhqNRM9K77iRo5FDOVHw5voWIbUl2Uyfw2/a3MfZtPuv1uneVZPjh1kDThOodF4j0OZTUhgl9vSlNx8sWDrS/xms/exQhahqiHWIioHFZYeAej9bKRrQP3RIxKCRYYoUMixW6Qq1E40k/UgJ7YNl7Kh+zXjaY1ZR+KL1GtKMZkWeStyyc1wDTvvj8foKoT0lMcpVVIU4oHX/MFX7IWwAYIl&u=U2FsdGVkX1+tu4oIPlyoG6sfItCLBKV+Hbce1qfpMPo=&y=U2FsdGVkX18MjXGfm/0GU8XemgutGiKytd8lvoutOvQ= HTTP/1.1" 200 208
186.102.92.237 - - [30/Dec/2023:11:34:04 -0500] "GET /kwssiamovil/sm/cjson/pre?f=1&x=U2FsdGVkX19AuLgVQ+gh/swFdSLRe17+VztRA49PMQhHF0EdUNVS7ncupnr7sFit HTTP/1.1" 200 31032
190.146.110.33 - - [30/Dec/2023:11:34:06 -0500] "POST /sipse/faces/presentacion/contratacion/contrato/registroPresupuestal/asociarPresupuestoActividadesRP.xhtml HTTP/1.1" 200 36927
190.146.110.33 - - [30/Dec/2023:11:34:06 -0500] "GET /sipse/faces/javax.faces.resource/primefaces.css?ln=primefaces&v=4.0 HTTP/1.1" 304 -
190.146.110.33 - - [30/Dec/2023:11:34:06 -0500] "GET /sipse/faces/javax.faces.resource/layout/layout.css?ln=primefaces&v=4.0 HTTP/1.1" 304 -
190.146.110.33 - - [30/Dec/2023:11:34:06 -0500] "GET /sipse/faces/javax.faces.resource/theme.css?ln=primefaces-sipse HTTP/1.1" 304 -
190.146.110.33 - - [30/Dec/2023:11:34:06 -0500] "GET /sipse/faces/javax.faces.resource/jquery/jquery.js?ln=primefaces&v=4.0 HTTP/1.1" 304 -
190.146.110.33 - - [30/Dec/2023:11:34:06 -0500] "GET /sipse/faces/javax.faces.resource/jquery/jquery-plugins.js?ln=primefaces&v=4.0 HTTP/1.1" 304 -
190.146.110.33 - - [30/Dec/2023:11:34:07 -0500] "GET /sipse/faces/javax.faces.resource/primefaces.js?ln=primefaces&v=4.0 HTTP/1.1" 304 -
190.146.110.33 - - [30/Dec/2023:11:34:07 -0500] "GET /sipse/faces/javax.faces.resource/layout/layout.js?ln=primefaces&v=4.0 HTTP/1.1" 304 -
190.146.110.33 - - [30/Dec/2023:11:34:09 -0500] "POST /sipse/faces/presentacion/contratacion/contrato/registroPresupuestal/expedirRP.xhtml HTTP/1.1" 200 153580
156.59.198.136 - - [30/Dec/2023:11:34:11 -0500] "GET /BLA/resoluciones/RESOLUCIONES%202020/2069.pdf HTTP/1.0" 200 391563
190.146.110.33 - - [30/Dec/2023:11:34:11 -0500] "GET /sipse/faces/javax.faces.resource/theme.css?ln=primefaces-sipse HTTP/1.1" 304 -
190.146.110.33 - - [30/Dec/2023:11:34:11 -0500] "GET /sipse/faces/javax.faces.resource/layout/layout.css?ln=primefaces&v=4.0 HTTP/1.1" 304 -
190.146.110.33 - - [30/Dec/2023:11:34:11 -0500] "GET /sipse/faces/javax.faces.resource/primefaces.css?ln=primefaces&v=4.0 HTTP/1.1" 304 -
190.146.110.33 - - [30/Dec/2023:11:34:11 -0500] "GET /sipse/faces/javax.faces.resource/jquery/jquery.js?ln=primefaces&v=4.0 HTTP/1.1" 304 -
190.146.110.33 - - [30/Dec/2023:11:34:11 -0500] "GET /sipse/faces/javax.faces.resource/jquery/jquery-plugins.js?ln=primefaces&v=4.0 HTTP/1.1" 304 -
190.146.110.33 - - [30/Dec/2023:11:34:11 -0500] "GET /sipse/faces/javax.faces.resource/primefaces.js?ln=primefaces&v=4.0 HTTP/1.1" 304 -
190.146.110.33 - - [30/Dec/2023:11:34:12 -0500] "GET /sipse/faces/javax.faces.resource/layout/layout.js?ln=primefaces&v=4.0 HTTP/1.1" 304 -
201.245.192.253 - - [30/Dec/2023:11:34:12 -0500] "POST /kwsrmcab/Wsrmcab  HTTP/1.1" 200 36178
190.146.110.33 - - [30/Dec/2023:11:34:16 -0500] "POST /sipse/faces/presentacion/financiero/solicitudProceso/consultarSolicitudProceso.xhtml HTTP/1.1" 200 20610
190.146.110.33 - - [30/Dec/2023:11:34:16 -0500] "GET /sipse/faces/javax.faces.resource/fileupload/fileupload.css?ln=primefaces&v=4.0 HTTP/1.1" 304 -
190.146.110.33 - - [30/Dec/2023:11:34:16 -0500] "GET /sipse/faces/javax.faces.resource/primefaces.css?ln=primefaces&v=4.0 HTTP/1.1" 304 -
190.146.110.33 - - [30/Dec/2023:11:34:16 -0500] "GET /sipse/faces/javax.faces.resource/theme.css?ln=primefaces-sipse HTTP/1.1" 304 -
190.146.110.33 - - [30/Dec/2023:11:34:16 -0500] "GET /sipse/faces/javax.faces.resource/layout/layout.css?ln=primefaces&v=4.0 HTTP/1.1" 304 -
190.146.110.33 - - [30/Dec/2023:11:34:16 -0500] "GET /sipse/faces/javax.faces.resource/jquery/jquery-plugins.js?ln=primefaces&v=4.0 HTTP/1.1" 304 -
190.146.110.33 - - [30/Dec/2023:11:34:16 -0500] "GET /sipse/faces/javax.faces.resource/jquery/jquery.js?ln=primefaces&v=4.0 HTTP/1.1" 304 -
190.146.110.33 - - [30/Dec/2023:11:34:16 -0500] "GET /sipse/faces/javax.faces.resource/primefaces.js?ln=primefaces&v=4.0 HTTP/1.1" 304 -
190.146.110.33 - - [30/Dec/2023:11:34:16 -0500] "GET /sipse/faces/javax.faces.resource/layout/layout.js?ln=primefaces&v=4.0 HTTP/1.1" 304 -
190.146.110.33 - - [30/Dec/2023:11:34:16 -0500] "GET /sipse/faces/javax.faces.resource/fileupload/fileupload.js?ln=primefaces&v=4.0 HTTP/1.1" 304 -
190.146.110.33 - - [30/Dec/2023:11:34:32 -0500] "GET /sipse/faces/javax.faces.resource/theme.css?ln=primefaces-sipse HTTP/1.1" 304 -
190.146.110.33 - - [30/Dec/2023:11:34:32 -0500] "GET /sipse/faces/javax.faces.resource/layout/layout.css?ln=primefaces&v=4.0 HTTP/1.1" 304 -
190.146.110.33 - - [30/Dec/2023:11:34:32 -0500] "GET /sipse/faces/javax.faces.resource/primefaces.css?ln=primefaces&v=4.0 HTTP/1.1" 304 -
190.146.110.33 - - [30/Dec/2023:11:34:32 -0500] "GET /sipse/faces/javax.faces.resource/jquery/jquery.js?ln=primefaces&v=4.0 HTTP/1.1" 304 -
190.146.110.33 - - [30/Dec/2023:11:34:32 -0500] "GET /sipse/faces/javax.faces.resource/jquery/jquery-plugins.js?ln=primefaces&v=4.0 HTTP/1.1" 304 -
190.146.110.33 - - [30/Dec/2023:11:34:32 -0500] "GET /sipse/faces/javax.faces.resource/primefaces.js?ln=primefaces&v=4.0 HTTP/1.1" 304 -
190.146.110.33 - - [30/Dec/2023:11:34:32 -0500] "GET /sipse/faces/javax.faces.resource/layout/layout.js?ln=primefaces&v=4.0 HTTP/1.1" 304 -
190.146.110.33 - - [30/Dec/2023:11:34:21 -0500] "POST /sipse/faces/presentacion/sistema/anexos/cargarAnexoSolicitudProceso.xhtml HTTP/1.1" 200 200721
156.59.198.135 - - [30/Dec/2023:11:34:35 -0500] "GET /BLA/resoluciones/RESOLUCIONES%202020/2469.pdf HTTP/1.0" 200 381453
172.22.2.4 - - [30/Dec/2023:11:32:58 -0500] "GET /BLA/boletinlegal/ HTTP/1.1" 200 58567
190.146.110.33 - - [30/Dec/2023:11:34:48 -0500] "POST /sipse/faces/presentacion/financiero/solicitudProceso/consultarSolicitudProceso.xhtml HTTP/1.1" 200 42330
190.146.110.33 - - [30/Dec/2023:11:34:50 -0500] "GET /sipse/faces/javax.faces.resource/theme.css?ln=primefaces-sipse HTTP/1.1" 304 -
190.146.110.33 - - [30/Dec/2023:11:34:50 -0500] "GET /sipse/faces/javax.faces.resource/primefaces.css?ln=primefaces&v=4.0 HTTP/1.1" 304 -
190.146.110.33 - - [30/Dec/2023:11:34:50 -0500] "GET /sipse/faces/javax.faces.resource/layout/layout.css?ln=primefaces&v=4.0 HTTP/1.1" 304 -
190.146.110.33 - - [30/Dec/2023:11:34:50 -0500] "GET /sipse/faces/javax.faces.resource/jquery/jquery.js?ln=primefaces&v=4.0 HTTP/1.1" 304 -
190.146.110.33 - - [30/Dec/2023:11:34:50 -0500] "GET /sipse/faces/javax.faces.resource/jquery/jquery-plugins.js?ln=primefaces&v=4.0 HTTP/1.1" 304 -
190.146.110.33 - - [30/Dec/2023:11:34:51 -0500] "GET /sipse/faces/javax.faces.resource/primefaces.js?ln=primefaces&v=4.0 HTTP/1.1" 304 -
190.146.110.33 - - [30/Dec/2023:11:34:51 -0500] "GET /sipse/faces/javax.faces.resource/layout/layout.js?ln=primefaces&v=4.0 HTTP/1.1" 304 -
190.146.110.33 - - [30/Dec/2023:11:34:51 -0500] "POST /sipse/faces/presentacion/financiero/solicitudProceso/listarSolicitudProceso.xhtml HTTP/1.1" 200 1440
190.146.110.33 - - [30/Dec/2023:11:34:55 -0500] "POST /sipse/faces/presentacion/financiero/solicitudProceso/listarSolicitudProceso.xhtml HTTP/1.1" 200 155453
190.146.110.33 - - [30/Dec/2023:11:34:56 -0500] "GET /sipse/faces/javax.faces.resource/theme.css?ln=primefaces-sipse HTTP/1.1" 304 -
190.146.110.33 - - [30/Dec/2023:11:34:56 -0500] "GET /sipse/faces/javax.faces.resource/primefaces.css?ln=primefaces&v=4.0 HTTP/1.1" 304 -
190.146.110.33 - - [30/Dec/2023:11:34:56 -0500] "GET /sipse/faces/javax.faces.resource/layout/layout.css?ln=primefaces&v=4.0 HTTP/1.1" 304 -
190.146.110.33 - - [30/Dec/2023:11:34:56 -0500] "GET /sipse/faces/javax.faces.resource/jquery/jquery.js?ln=primefaces&v=4.0 HTTP/1.1" 304 -
190.146.110.33 - - [30/Dec/2023:11:34:56 -0500] "GET /sipse/faces/javax.faces.resource/jquery/jquery-plugins.js?ln=primefaces&v=4.0 HTTP/1.1" 304 -
190.146.110.33 - - [30/Dec/2023:11:34:56 -0500] "GET /sipse/faces/javax.faces.resource/primefaces.js?ln=primefaces&v=4.0 HTTP/1.1" 304 -
190.146.110.33 - - [30/Dec/2023:11:34:56 -0500] "GET /sipse/faces/javax.faces.resource/layout/layout.js?ln=primefaces&v=4.0 HTTP/1.1" 304 -
200.10.31.185 - - [30/Dec/2023:11:34:57 -0500] "POST /sipse/faces/autenticacion.xhtml;jsessionid=xsprIQ6NSNARK5pz7MxwXarR.undefined HTTP/1.1" 200 12860
200.10.31.185 - - [30/Dec/2023:11:34:58 -0500] "GET /sipse/css/custom_css_sg_prime.css HTTP/1.1" 200 5201
200.10.31.185 - - [30/Dec/2023:11:34:58 -0500] "GET /sipse/faces/javax.faces.resource/layout/layout.css?ln=primefaces&v=4.0 HTTP/1.1" 200 542
156.59.198.135 - - [30/Dec/2023:11:34:59 -0500] "GET /BLA/resoluciones/RESOLUCIONES%202007/RES%202007%204101%20AL%204200/RESOLUCION%204176%20%20DE%202007.pdf HTTP/1.0" 200 37969
190.146.110.33 - - [30/Dec/2023:11:34:59 -0500] "GET /sipse/faces/javax.faces.resource/primefaces.css?ln=primefaces&v=4.0 HTTP/1.1" 304 -
190.146.110.33 - - [30/Dec/2023:11:34:59 -0500] "GET /sipse/faces/javax.faces.resource/layout/layout.css?ln=primefaces&v=4.0 HTTP/1.1" 304 -
190.146.110.33 - - [30/Dec/2023:11:34:59 -0500] "GET /sipse/faces/javax.faces.resource/jquery/jquery.js?ln=primefaces&v=4.0 HTTP/1.1" 304 -
190.146.110.33 - - [30/Dec/2023:11:34:59 -0500] "GET /sipse/faces/javax.faces.resource/jquery/jquery-plugins.js?ln=primefaces&v=4.0 HTTP/1.1" 304 -
190.146.110.33 - - [30/Dec/2023:11:34:59 -0500] "POST /sipse/faces/presentacion/financiero/solicitudProceso/consultarSolicitudProceso.xhtml HTTP/1.1" 200 24175
190.146.110.33 - - [30/Dec/2023:11:34:59 -0500] "GET /sipse/faces/javax.faces.resource/primefaces.js?ln=primefaces&v=4.0 HTTP/1.1" 304 -
190.146.110.33 - - [30/Dec/2023:11:34:59 -0500] "GET /sipse/faces/javax.faces.resource/layout/layout.js?ln=primefaces&v=4.0 HTTP/1.1" 304 -
190.146.110.33 - - [30/Dec/2023:11:35:00 -0500] "GET /sipse/faces/javax.faces.resource/theme.css?ln=primefaces-sipse HTTP/1.1" 304 -
200.10.31.185 - - [30/Dec/2023:11:34:59 -0500] "GET /sipse/faces/javax.faces.resource/theme.css?ln=primefaces-sipse HTTP/1.1" 200 50058
200.10.31.185 - - [30/Dec/2023:11:34:58 -0500] "GET /sipse/faces/javax.faces.resource/primefaces.css?ln=primefaces&v=4.0 HTTP/1.1" 200 53295
190.146.110.33 - - [30/Dec/2023:11:35:02 -0500] "GET /sipse/faces/javax.faces.resource/layout/layout.css?ln=primefaces&v=4.0 HTTP/1.1" 304 -
190.146.110.33 - - [30/Dec/2023:11:35:02 -0500] "GET /sipse/faces/javax.faces.resource/jquery/jquery.js?ln=primefaces&v=4.0 HTTP/1.1" 304 -
190.146.110.33 - - [30/Dec/2023:11:35:02 -0500] "GET /sipse/faces/javax.faces.resource/theme.css?ln=primefaces-sipse HTTP/1.1" 304 -
190.146.110.33 - - [30/Dec/2023:11:35:02 -0500] "GET /sipse/faces/javax.faces.resource/primefaces.css?ln=primefaces&v=4.0 HTTP/1.1" 304 -
190.146.110.33 - - [30/Dec/2023:11:35:02 -0500] "GET /sipse/faces/javax.faces.resource/jquery/jquery-plugins.js?ln=primefaces&v=4.0 HTTP/1.1" 304 -
190.146.110.33 - - [30/Dec/2023:11:35:02 -0500] "GET /sipse/faces/javax.faces.resource/primefaces.js?ln=primefaces&v=4.0 HTTP/1.1" 304 -
190.146.110.33 - - [30/Dec/2023:11:35:02 -0500] "GET /sipse/faces/javax.faces.resource/layout/layout.js?ln=primefaces&v=4.0 HTTP/1.1" 304 -
200.10.31.185 - - [30/Dec/2023:11:34:52 -0500] "GET /sipse/css/imagen/logoSDG.png HTTP/1.1" 200 53064
190.146.110.33 - - [30/Dec/2023:11:35:01 -0500] "POST /sipse/faces/presentacion/financiero/solicitudProceso/registrarAnotacion.xhtml HTTP/1.1" 200 201247
190.146.110.33 - - [30/Dec/2023:11:35:08 -0500] "POST /sipse/faces/presentacion/financiero/solicitudProceso/consultarSolicitudProceso.xhtml HTTP/1.1" 200 36850
190.146.110.33 - - [30/Dec/2023:11:35:08 -0500] "GET /sipse/faces/javax.faces.resource/theme.css?ln=primefaces-sipse HTTP/1.1" 304 -
190.146.110.33 - - [30/Dec/2023:11:35:08 -0500] "GET /sipse/faces/javax.faces.resource/layout/layout.css?ln=primefaces&v=4.0 HTTP/1.1" 304 -
190.146.110.33 - - [30/Dec/2023:11:35:08 -0500] "GET /sipse/faces/javax.faces.resource/primefaces.css?ln=primefaces&v=4.0 HTTP/1.1" 304 -
190.146.110.33 - - [30/Dec/2023:11:35:09 -0500] "GET /sipse/faces/javax.faces.resource/jquery/jquery.js?ln=primefaces&v=4.0 HTTP/1.1" 304 -
190.146.110.33 - - [30/Dec/2023:11:35:09 -0500] "GET /sipse/faces/javax.faces.resource/jquery/jquery-plugins.js?ln=primefaces&v=4.0 HTTP/1.1" 304 -
190.146.110.33 - - [30/Dec/2023:11:35:09 -0500] "GET /sipse/faces/javax.faces.resource/primefaces.js?ln=primefaces&v=4.0 HTTP/1.1" 304 -
190.146.110.33 - - [30/Dec/2023:11:35:09 -0500] "GET /sipse/faces/javax.faces.resource/layout/layout.js?ln=primefaces&v=4.0 HTTP/1.1" 304 -
200.10.31.185 - - [30/Dec/2023:11:35:08 -0500] "GET /sipse/faces/javax.faces.resource/jquery/jquery.js?ln=primefaces&v=4.0 HTTP/1.1" 200 105384
190.146.110.33 - - [30/Dec/2023:11:35:12 -0500] "POST /sipse/faces/presentacion/contratacion/contrato/registroPresupuestal/expedirRP.xhtml HTTP/1.1" 200 2240
190.146.110.33 - - [30/Dec/2023:11:35:16 -0500] "GET /sipse/faces/javax.faces.resource/theme.css?ln=primefaces-sipse HTTP/1.1" 304 -
190.146.110.33 - - [30/Dec/2023:11:35:15 -0500] "POST /sipse/faces/presentacion/contratacion/contrato/registroPresupuestal/expedirRP.xhtml HTTP/1.1" 200 20805
190.146.110.33 - - [30/Dec/2023:11:35:16 -0500] "GET /sipse/faces/javax.faces.resource/primefaces.css?ln=primefaces&v=4.0 HTTP/1.1" 304 -
190.146.110.33 - - [30/Dec/2023:11:35:16 -0500] "GET /sipse/faces/javax.faces.resource/layout/layout.css?ln=primefaces&v=4.0 HTTP/1.1" 304 -
190.146.110.33 - - [30/Dec/2023:11:35:16 -0500] "GET /sipse/faces/javax.faces.resource/jquery/jquery-plugins.js?ln=primefaces&v=4.0 HTTP/1.1" 304 -
190.146.110.33 - - [30/Dec/2023:11:35:16 -0500] "GET /sipse/faces/javax.faces.resource/jquery/jquery.js?ln=primefaces&v=4.0 HTTP/1.1" 304 -
190.146.110.33 - - [30/Dec/2023:11:35:16 -0500] "GET /sipse/faces/javax.faces.resource/primefaces.js?ln=primefaces&v=4.0 HTTP/1.1" 304 -
190.146.110.33 - - [30/Dec/2023:11:35:16 -0500] "GET /sipse/faces/javax.faces.resource/layout/layout.js?ln=primefaces&v=4.0 HTTP/1.1" 304 -
200.10.31.185 - - [30/Dec/2023:11:35:11 -0500] "GET /sipse/faces/javax.faces.resource/jquery/jquery-plugins.js?ln=primefaces&v=4.0 HTTP/1.1" 200 220526
190.146.110.33 - - [30/Dec/2023:11:35:18 -0500] "POST /sipse/faces/presentacion/contratacion/contrato/registroPresupuestal/consultarActividadesRP.xhtml HTTP/1.1" 200 22975
190.146.110.33 - - [30/Dec/2023:11:35:19 -0500] "GET /sipse/faces/javax.faces.resource/theme.css?ln=primefaces-sipse HTTP/1.1" 304 -
190.146.110.33 - - [30/Dec/2023:11:35:19 -0500] "GET /sipse/faces/javax.faces.resource/primefaces.css?ln=primefaces&v=4.0 HTTP/1.1" 304 -
190.146.110.33 - - [30/Dec/2023:11:35:19 -0500] "GET /sipse/faces/javax.faces.resource/jquery/jquery.js?ln=primefaces&v=4.0 HTTP/1.1" 304 -
190.146.110.33 - - [30/Dec/2023:11:35:19 -0500] "GET /sipse/faces/javax.faces.resource/layout/layout.css?ln=primefaces&v=4.0 HTTP/1.1" 304 -
190.146.110.33 - - [30/Dec/2023:11:35:19 -0500] "GET /sipse/faces/javax.faces.resource/jquery/jquery-plugins.js?ln=primefaces&v=4.0 HTTP/1.1" 304 -
190.146.110.33 - - [30/Dec/2023:11:35:19 -0500] "GET /sipse/faces/javax.faces.resource/layout/layout.js?ln=primefaces&v=4.0 HTTP/1.1" 304 -
190.146.110.33 - - [30/Dec/2023:11:35:19 -0500] "GET /sipse/faces/javax.faces.resource/primefaces.js?ln=primefaces&v=4.0 HTTP/1.1" 304 -
200.10.31.185 - - [30/Dec/2023:11:35:18 -0500] "GET /sipse/css/imagen/loginimg.png HTTP/1.1" 200 71635
190.146.110.33 - - [30/Dec/2023:11:35:23 -0500] "POST /sipse/faces/presentacion/contratacion/contrato/registroPresupuestal/asociarPresupuestoActividadesRP.xhtml HTTP/1.1" 200 36928
190.146.110.33 - - [30/Dec/2023:11:35:24 -0500] "GET /sipse/faces/javax.faces.resource/theme.css?ln=primefaces-sipse HTTP/1.1" 304 -
190.146.110.33 - - [30/Dec/2023:11:35:24 -0500] "GET /sipse/faces/javax.faces.resource/layout/layout.css?ln=primefaces&v=4.0 HTTP/1.1" 304 -
190.146.110.33 - - [30/Dec/2023:11:35:24 -0500] "GET /sipse/faces/javax.faces.resource/primefaces.css?ln=primefaces&v=4.0 HTTP/1.1" 304 -
190.146.110.33 - - [30/Dec/2023:11:35:24 -0500] "GET /sipse/faces/javax.faces.resource/jquery/jquery.js?ln=primefaces&v=4.0 HTTP/1.1" 304 -
190.146.110.33 - - [30/Dec/2023:11:35:24 -0500] "GET /sipse/faces/javax.faces.resource/jquery/jquery-plugins.js?ln=primefaces&v=4.0 HTTP/1.1" 304 -
156.59.198.136 - - [30/Dec/2023:11:35:24 -0500] "GET /BLA/resoluciones/RESOLUCIONES%202020/2238.pdf HTTP/1.0" 200 386219
190.146.110.33 - - [30/Dec/2023:11:35:24 -0500] "GET /sipse/faces/javax.faces.resource/primefaces.js?ln=primefaces&v=4.0 HTTP/1.1" 304 -
190.146.110.33 - - [30/Dec/2023:11:35:24 -0500] "GET /sipse/faces/javax.faces.resource/layout/layout.js?ln=primefaces&v=4.0 HTTP/1.1" 304 -
190.146.110.33 - - [30/Dec/2023:11:35:27 -0500] "POST /sipse/faces/presentacion/contratacion/contrato/registroPresupuestal/expedirRP.xhtml HTTP/1.1" 200 157180
190.146.110.33 - - [30/Dec/2023:11:35:28 -0500] "GET /sipse/faces/javax.faces.resource/theme.css?ln=primefaces-sipse HTTP/1.1" 304 -
190.146.110.33 - - [30/Dec/2023:11:35:28 -0500] "GET /sipse/faces/javax.faces.resource/primefaces.css?ln=primefaces&v=4.0 HTTP/1.1" 304 -
190.146.110.33 - - [30/Dec/2023:11:35:28 -0500] "GET /sipse/faces/javax.faces.resource/jquery/jquery.js?ln=primefaces&v=4.0 HTTP/1.1" 304 -
190.146.110.33 - - [30/Dec/2023:11:35:28 -0500] "GET /sipse/faces/javax.faces.resource/jquery/jquery-plugins.js?ln=primefaces&v=4.0 HTTP/1.1" 304 -
190.146.110.33 - - [30/Dec/2023:11:35:28 -0500] "GET /sipse/faces/javax.faces.resource/primefaces.js?ln=primefaces&v=4.0 HTTP/1.1" 304 -
190.146.110.33 - - [30/Dec/2023:11:35:28 -0500] "GET /sipse/faces/javax.faces.resource/layout/layout.js?ln=primefaces&v=4.0 HTTP/1.1" 304 -
190.146.110.33 - - [30/Dec/2023:11:35:28 -0500] "GET /sipse/faces/javax.faces.resource/layout/layout.css?ln=primefaces&v=4.0 HTTP/1.1" 304 -
190.146.110.33 - - [30/Dec/2023:11:35:30 -0500] "POST /sipse/faces/presentacion/financiero/solicitudProceso/consultarSolicitudProceso.xhtml HTTP/1.1" 200 20610
190.146.110.33 - - [30/Dec/2023:11:35:30 -0500] "GET /sipse/faces/javax.faces.resource/jquery/jquery.js?ln=primefaces&v=4.0 HTTP/1.1" 304 -
190.146.110.33 - - [30/Dec/2023:11:35:30 -0500] "GET /sipse/faces/javax.faces.resource/theme.css?ln=primefaces-sipse HTTP/1.1" 304 -
190.146.110.33 - - [30/Dec/2023:11:35:30 -0500] "GET /sipse/faces/javax.faces.resource/jquery/jquery-plugins.js?ln=primefaces&v=4.0 HTTP/1.1" 304 -
190.146.110.33 - - [30/Dec/2023:11:35:30 -0500] "GET /sipse/faces/javax.faces.resource/primefaces.js?ln=primefaces&v=4.0 HTTP/1.1" 304 -
190.146.110.33 - - [30/Dec/2023:11:35:31 -0500] "GET /sipse/faces/javax.faces.resource/primefaces.css?ln=primefaces&v=4.0 HTTP/1.1" 304 -
190.146.110.33 - - [30/Dec/2023:11:35:31 -0500] "GET /sipse/faces/javax.faces.resource/layout/layout.css?ln=primefaces&v=4.0 HTTP/1.1" 304 -
190.146.110.33 - - [30/Dec/2023:11:35:31 -0500] "GET /sipse/faces/javax.faces.resource/layout/layout.js?ln=primefaces&v=4.0 HTTP/1.1" 304 -
190.146.110.33 - - [30/Dec/2023:11:35:31 -0500] "GET /sipse/faces/javax.faces.resource/fileupload/fileupload.css?ln=primefaces&v=4.0 HTTP/1.1" 304 -
190.146.110.33 - - [30/Dec/2023:11:35:31 -0500] "GET /sipse/faces/javax.faces.resource/fileupload/fileupload.js?ln=primefaces&v=4.0 HTTP/1.1" 304 -
190.146.110.33 - - [30/Dec/2023:11:35:45 -0500] "GET /sipse/faces/javax.faces.resource/theme.css?ln=primefaces-sipse HTTP/1.1" 304 -
190.146.110.33 - - [30/Dec/2023:11:35:45 -0500] "GET /sipse/faces/javax.faces.resource/primefaces.css?ln=primefaces&v=4.0 HTTP/1.1" 304 -
190.146.110.33 - - [30/Dec/2023:11:35:45 -0500] "GET /sipse/faces/javax.faces.resource/jquery/jquery-plugins.js?ln=primefaces&v=4.0 HTTP/1.1" 304 -
190.146.110.33 - - [30/Dec/2023:11:35:45 -0500] "GET /sipse/faces/javax.faces.resource/layout/layout.css?ln=primefaces&v=4.0 HTTP/1.1" 304 -
190.146.110.33 - - [30/Dec/2023:11:35:45 -0500] "GET /sipse/faces/javax.faces.resource/primefaces.js?ln=primefaces&v=4.0 HTTP/1.1" 304 -
190.146.110.33 - - [30/Dec/2023:11:35:45 -0500] "GET /sipse/faces/javax.faces.resource/jquery/jquery.js?ln=primefaces&v=4.0 HTTP/1.1" 304 -
190.146.110.33 - - [30/Dec/2023:11:35:45 -0500] "GET /sipse/faces/javax.faces.resource/layout/layout.js?ln=primefaces&v=4.0 HTTP/1.1" 304 -
190.146.110.33 - - [30/Dec/2023:11:35:35 -0500] "POST /sipse/faces/presentacion/sistema/anexos/cargarAnexoSolicitudProceso.xhtml HTTP/1.1" 200 204321
156.59.198.136 - - [30/Dec/2023:11:35:48 -0500] "GET /BLA/resoluciones/AUTOS%202012/1822.pdf HTTP/1.0" 200 341075
201.245.192.253 - - [30/Dec/2023:11:35:47 -0500] "POST /kwsrmcab/Wsrmcab HTTP/1.1" 200 33967
201.245.192.253 - - [30/Dec/2023:11:35:50 -0500] "POST /kwsrmcab/Wsrmcab HTTP/1.1" 200 37056
190.146.110.33 - - [30/Dec/2023:11:35:55 -0500] "POST /sipse/faces/presentacion/financiero/solicitudProceso/consultarSolicitudProceso.xhtml HTTP/1.1" 200 42271
190.146.110.33 - - [30/Dec/2023:11:35:57 -0500] "GET /sipse/faces/javax.faces.resource/theme.css?ln=primefaces-sipse HTTP/1.1" 304 -
190.146.110.33 - - [30/Dec/2023:11:35:57 -0500] "GET /sipse/faces/javax.faces.resource/primefaces.css?ln=primefaces&v=4.0 HTTP/1.1" 304 -
190.146.110.33 - - [30/Dec/2023:11:35:57 -0500] "GET /sipse/faces/javax.faces.resource/layout/layout.css?ln=primefaces&v=4.0 HTTP/1.1" 304 -
190.146.110.33 - - [30/Dec/2023:11:35:57 -0500] "GET /sipse/faces/javax.faces.resource/jquery/jquery.js?ln=primefaces&v=4.0 HTTP/1.1" 304 -
190.146.110.33 - - [30/Dec/2023:11:35:58 -0500] "GET /sipse/faces/javax.faces.resource/jquery/jquery-plugins.js?ln=primefaces&v=4.0 HTTP/1.1" 304 -
190.146.110.33 - - [30/Dec/2023:11:35:58 -0500] "GET /sipse/faces/javax.faces.resource/primefaces.js?ln=primefaces&v=4.0 HTTP/1.1" 304 -
190.146.110.33 - - [30/Dec/2023:11:35:58 -0500] "GET /sipse/faces/javax.faces.resource/layout/layout.js?ln=primefaces&v=4.0 HTTP/1.1" 304 -
190.146.110.33 - - [30/Dec/2023:11:35:58 -0500] "POST /sipse/faces/presentacion/financiero/solicitudProceso/listarSolicitudProceso.xhtml HTTP/1.1" 200 1440
216.245.221.92 - - [30/Dec/2023:11:36:02 -0500] "HEAD / HTTP/1.1" 200 -
190.146.110.33 - - [30/Dec/2023:11:36:04 -0500] "POST /sipse/faces/presentacion/financiero/solicitudProceso/listarSolicitudProceso.xhtml HTTP/1.1" 200 1753
200.10.31.185 - - [30/Dec/2023:11:33:24 -0500] "GET /sipse/faces/javax.faces.resource/theme.css?ln=primefaces-sipse HTTP/1.1" 200 12202
156.59.198.135 - - [30/Dec/2023:11:36:12 -0500] "GET /BLA/resoluciones/AUTOS%202013/0071.pdf HTTP/1.0" 200 3056308
156.59.198.136 - - [30/Dec/2023:11:36:37 -0500] "GET /BLA/resoluciones/AUTOS%202013/0450.pdf HTTP/1.0" 200 704567
200.10.31.185 - - [30/Dec/2023:11:35:18 -0500] "GET /sipse/faces/javax.faces.resource/primefaces.js?ln=primefaces&v=4.0 HTTP/1.1" 200 172032
156.59.198.135 - - [30/Dec/2023:11:37:01 -0500] "GET /BLA/resoluciones/RESOLUCIONES%202005/RESOLUCION%202702%20DE%202005.PDF HTTP/1.0" 200 706716
156.59.198.135 - - [30/Dec/2023:11:37:25 -0500] "GET /BLA/resoluciones/RESOLUCIONES%202007/RES%202007%203401%20AL%203500/RESOLUCION%203472%20DE%202007.pdf HTTP/1.0" 200 407196
156.59.198.135 - - [30/Dec/2023:11:37:51 -0500] "GET /BLA/resoluciones/RESOLUCIONES%202007/RES%202007%203401%20AL%203500/RESOLUCION%203449%20DE%202007.pdf HTTP/1.0" 200 555677
156.59.198.136 - - [30/Dec/2023:11:38:14 -0500] "GET /BLA/resoluciones/AUTOS%202012/1869.pdf HTTP/1.0" 200 235762
156.59.198.136 - - [30/Dec/2023:11:38:38 -0500] "GET /BLA/resoluciones/RESOLUCIONES%202020/1301.pdf HTTP/1.0" 200 430493
156.59.198.135 - - [30/Dec/2023:11:39:02 -0500] "GET /BLA/resoluciones/RESOLUCIONES%202020/1974.pdf HTTP/1.0" 200 2248377
201.245.192.253 - - [30/Dec/2023:11:39:10 -0500] "POST /kwsrmcab/Wsrmcab  HTTP/1.1" 200 36178
156.59.198.135 - - [30/Dec/2023:11:39:28 -0500] "GET /BLA/resoluciones/RESOLUCIONES%202007/RES%202007%203401%20AL%203500/RESOLUCION%203444%20DE%202007.pdf HTTP/1.0" 200 555275
172.22.2.4 - - [30/Dec/2023:11:37:57 -0500] "HEAD /BLA/boletinlegal/ HTTP/1.1" 200 -
156.59.198.135 - - [30/Dec/2023:11:39:51 -0500] "GET /BLA/resoluciones/RESOLUCIONES%202020/2399.pdf HTTP/1.0" 200 581789
201.245.192.253 - - [30/Dec/2023:11:39:52 -0500] "POST /kwsrmcab/Wsrmcab HTTP/1.1" 200 33967
201.245.192.253 - - [30/Dec/2023:11:39:56 -0500] "POST /kwsrmcab/Wsrmcab HTTP/1.1" 200 37056
156.59.198.136 - - [30/Dec/2023:11:40:16 -0500] "GET /BLA/resoluciones/RESOLUCIONES%202020/2587.pdf HTTP/1.0" 200 370318
200.10.31.185 - - [30/Dec/2023:11:40:26 -0500] "GET /sipse/faces/javax.faces.resource/images/ui-icons_898989_256x240.png?ln=primefaces-aristo HTTP/1.1" 200 5355
172.22.2.4 - - [30/Dec/2023:11:38:48 -0500] "GET /BLA/boletinlegal/ HTTP/1.1" 200 60502
156.59.198.136 - - [30/Dec/2023:11:40:39 -0500] "GET /BLA/resoluciones/RESOLUCIONES%202020/1167.pdf HTTP/1.0" 200 361334
216.245.221.92 - - [30/Dec/2023:11:41:02 -0500] "HEAD / HTTP/1.1" 200 -
156.59.198.135 - - [30/Dec/2023:11:41:05 -0500] "GET /BLA/resoluciones/RESOLUCIONES%202020/1534.pdf HTTP/1.0" 200 392177
200.10.31.185 - - [30/Dec/2023:11:41:09 -0500] "GET /sipse/faces/javax.faces.resource/messages/messages.png?ln=primefaces&v=4.0 HTTP/1.1" 200 27209
156.59.198.135 - - [30/Dec/2023:11:41:28 -0500] "GET /BLA/resoluciones/RESOLUCIONES%202020/1000.pdf HTTP/1.0" 200 385520
200.10.31.185 - - [30/Dec/2023:11:41:46 -0500] "GET /sipse/faces/faces/autenticacion.xhtml HTTP/1.1" 200 12420
200.10.31.185 - - [30/Dec/2023:11:41:47 -0500] "GET /sipse/faces/javax.faces.resource/layout/layout.css?ln=primefaces&v=4.0 HTTP/1.1" 304 -
200.10.31.185 - - [30/Dec/2023:11:41:47 -0500] "GET /sipse/faces/javax.faces.resource/jquery/jquery.js?ln=primefaces&v=4.0 HTTP/1.1" 304 -
156.59.198.135 - - [30/Dec/2023:11:41:52 -0500] "GET /BLA/resoluciones/RESOLUCIONES%202020/1759.pdf HTTP/1.0" 200 546654
156.59.198.135 - - [30/Dec/2023:11:42:17 -0500] "GET /BLA/resoluciones/RESOLUCIONES%202020/0314.pdf HTTP/1.0" 200 346230
200.10.31.185 - - [30/Dec/2023:11:42:20 -0500] "GET /sipse/faces/javax.faces.resource/primefaces.css?ln=primefaces&v=4.0 HTTP/1.1" 304 -
200.10.31.185 - - [30/Dec/2023:11:42:20 -0500] "GET /sipse/faces/javax.faces.resource/theme.css?ln=primefaces-sipse HTTP/1.1" 304 -
200.10.31.185 - - [30/Dec/2023:11:41:47 -0500] "GET /sipse/faces/javax.faces.resource/layout/layout.js?ln=primefaces&v=4.0 HTTP/1.1" 200 87560
200.10.31.185 - - [30/Dec/2023:11:42:36 -0500] "GET /sipse/faces/javax.faces.resource/jquery/jquery-plugins.js?ln=primefaces&v=4.0 HTTP/1.1" 304 -
156.59.198.135 - - [30/Dec/2023:11:42:41 -0500] "GET /BLA/resoluciones/RESOLUCIONES%202020/2493.pdf HTTP/1.0" 200 367234
200.10.31.185 - - [30/Dec/2023:11:41:46 -0500] "GET /sipse/faces/javax.faces.resource/primefaces.js?ln=primefaces&v=4.0 HTTP/1.1" 200 276924
200.10.31.185 - - [30/Dec/2023:11:42:49 -0500] "GET /sipse/faces/javax.faces.resource/images/ui-icons_898989_256x240.png?ln=primefaces-aristo HTTP/1.1" 304 -
200.10.31.185 - - [30/Dec/2023:11:42:51 -0500] "GET /sipse/faces/faces/index.xhtml HTTP/1.1" 200 677
200.10.31.185 - - [30/Dec/2023:11:42:51 -0500] "GET /sipse/faces/javax.faces.resource/theme.css?ln=primefaces-sipse HTTP/1.1" 304 -
200.10.31.185 - - [30/Dec/2023:11:42:52 -0500] "GET /favicon.ico HTTP/1.1" 200 7782
200.10.31.185 - - [30/Dec/2023:11:42:53 -0500] "GET /sipse/faces/faces/faces/autenticacion.xhtml HTTP/1.1" 200 12420
200.10.31.185 - - [30/Dec/2023:11:42:53 -0500] "GET /sipse/faces/javax.faces.resource/theme.css?ln=primefaces-sipse HTTP/1.1" 304 -
200.10.31.185 - - [30/Dec/2023:11:42:53 -0500] "GET /sipse/faces/javax.faces.resource/layout/layout.css?ln=primefaces&v=4.0 HTTP/1.1" 304 -
200.10.31.185 - - [30/Dec/2023:11:42:53 -0500] "GET /sipse/faces/javax.faces.resource/jquery/jquery.js?ln=primefaces&v=4.0 HTTP/1.1" 304 -
200.10.31.185 - - [30/Dec/2023:11:42:53 -0500] "GET /sipse/faces/javax.faces.resource/jquery/jquery-plugins.js?ln=primefaces&v=4.0 HTTP/1.1" 304 -
200.10.31.185 - - [30/Dec/2023:11:42:54 -0500] "GET /sipse/faces/javax.faces.resource/primefaces.js?ln=primefaces&v=4.0 HTTP/1.1" 304 -
200.10.31.185 - - [30/Dec/2023:11:42:54 -0500] "GET /sipse/faces/javax.faces.resource/layout/layout.js?ln=primefaces&v=4.0 HTTP/1.1" 304 -
200.10.31.185 - - [30/Dec/2023:11:42:54 -0500] "GET /sipse/faces/javax.faces.resource/primefaces.css?ln=primefaces&v=4.0 HTTP/1.1" 304 -
66.249.66.19 - - [30/Dec/2023:11:43:01 -0500] "GET /Publicaciones/2023EE312457.pdf HTTP/1.1" 200 767805
200.10.31.185 - - [30/Dec/2023:11:42:58 -0500] "POST /sipse/faces/autenticacion.xhtml HTTP/1.1" 200 12860
156.59.198.136 - - [30/Dec/2023:11:43:05 -0500] "GET /BLA/resoluciones/RESOLUCIONES%202020/0345.pdf HTTP/1.0" 200 631410
200.10.31.185 - - [30/Dec/2023:11:43:05 -0500] "GET /sipse/faces/javax.faces.resource/theme.css?ln=primefaces-sipse HTTP/1.1" 304 -
200.10.31.185 - - [30/Dec/2023:11:43:05 -0500] "GET /sipse/faces/javax.faces.resource/primefaces.css?ln=primefaces&v=4.0 HTTP/1.1" 304 -
200.10.31.185 - - [30/Dec/2023:11:43:05 -0500] "GET /sipse/faces/javax.faces.resource/layout/layout.css?ln=primefaces&v=4.0 HTTP/1.1" 304 -
200.10.31.185 - - [30/Dec/2023:11:43:05 -0500] "GET /sipse/faces/javax.faces.resource/jquery/jquery.js?ln=primefaces&v=4.0 HTTP/1.1" 304 -
200.10.31.185 - - [30/Dec/2023:11:43:06 -0500] "GET /sipse/faces/javax.faces.resource/jquery/jquery-plugins.js?ln=primefaces&v=4.0 HTTP/1.1" 304 -
200.10.31.185 - - [30/Dec/2023:11:43:06 -0500] "GET /sipse/faces/javax.faces.resource/primefaces.js?ln=primefaces&v=4.0 HTTP/1.1" 304 -
200.10.31.185 - - [30/Dec/2023:11:43:06 -0500] "GET /sipse/faces/javax.faces.resource/layout/layout.js?ln=primefaces&v=4.0 HTTP/1.1" 304 -
200.10.31.185 - - [30/Dec/2023:11:43:06 -0500] "POST /sipse/faces/presentacion/sistema/seguridad/seleccionRol.xhtml HTTP/1.1" 200 1370
200.10.31.185 - - [30/Dec/2023:11:43:07 -0500] "GET /sipse/faces/javax.faces.resource/messages/messages.png?ln=primefaces&v=4.0 HTTP/1.1" 304 -
66.249.65.4 - - [30/Dec/2023:11:43:14 -0500] "GET /privados-y-distrito-inauguraron-vivero-en-la-reserva-van-der-hammen-con-capacidad-para-producir-50-mil-arboles-al-ano.html HTTP/1.1" 200 899
200.10.31.185 - - [30/Dec/2023:11:43:24 -0500] "GET /sipse/faces/javax.faces.resource/images/ui-icons_898989_256x240.png?ln=primefaces-aristo HTTP/1.1" 304 -
156.59.198.136 - - [30/Dec/2023:11:43:30 -0500] "GET /BLA/resoluciones/RESOLUCIONES%202020/0384.pdf HTTP/1.0" 200 607351
200.10.31.185 - - [30/Dec/2023:11:43:43 -0500] "POST /sipse/faces/presentacion/sistema/seguridad/seleccionRol.xhtml HTTP/1.1" 200 7500
200.10.31.185 - - [30/Dec/2023:11:43:49 -0500] "POST /sipse/faces/presentacion/sistema/seguridad/seleccionRol.xhtml HTTP/1.1" 200 1366
200.10.31.185 - - [30/Dec/2023:11:43:51 -0500] "GET /sipse/faces/javax.faces.resource/images/ui-bg_flat_0_2d5972_40x100.png?ln=primefaces-aristo HTTP/1.1" 200 183
156.59.198.136 - - [30/Dec/2023:11:43:53 -0500] "GET /BLA/resoluciones/RESOLUCIONES%202020/1338.pdf HTTP/1.0" 200 343006
200.10.31.185 - - [30/Dec/2023:11:43:55 -0500] "POST /sipse/faces/presentacion/sistema/seguridad/seleccionRol.xhtml HTTP/1.1" 200 16473
200.10.31.185 - - [30/Dec/2023:11:43:56 -0500] "GET /sipse/faces/javax.faces.resource/theme.css?ln=primefaces-sipse HTTP/1.1" 304 -
200.10.31.185 - - [30/Dec/2023:11:43:56 -0500] "GET /sipse/faces/javax.faces.resource/primefaces.css?ln=primefaces&v=4.0 HTTP/1.1" 304 -
200.10.31.185 - - [30/Dec/2023:11:43:56 -0500] "GET /sipse/faces/javax.faces.resource/layout/layout.css?ln=primefaces&v=4.0 HTTP/1.1" 304 -
201.245.192.253 - - [30/Dec/2023:11:44:10 -0500] "POST /kwsrmcab/Wsrmcab  HTTP/1.1" 200 36178
156.59.198.135 - - [30/Dec/2023:11:44:17 -0500] "GET /BLA/resoluciones/RESOLUCIONES%202007/RES%202007%203401%20AL%203500/RESOLUCION%203473%20DE%202007.pdf HTTP/1.0" 200 709358
186.102.92.237 - - [30/Dec/2023:11:44:22 -0500] "GET /kwssiamovil/sm/acme/a?s=U2FsdGVkX18SHObp6Nse7Fek+H7ek4jWfo6Qx63yjuFXkg/utgu/wRgWYOf4ePYP3S29ouUPTGpUb6dJz0J10TzWNgGm6sSLwGdfE4kys9+GE7y5SFwWppiyyeIhASeOgWsI6leCdtP7zsFK48jtcAQyU+Hkp2V8HY1rIhKk3QSRLIQP2eECKZz04hLOCOUFOwS2HspdBJuPUL5ichITGTJXTVvpZF75lUrOyKUEnmHiXYWXK6aqHjsdV0kRiqPyozlPACmpAwHvA0nnnqP0tA==&u=U2FsdGVkX1+tu4oIPlyoG6sfItCLBKV+Hbce1qfpMPo=&y=U2FsdGVkX18MjXGfm/0GU8XemgutGiKytd8lvoutOvQ= HTTP/1.1" 200 26
186.102.92.237 - - [30/Dec/2023:11:44:23 -0500] "GET /kwssiamovil/sm/acme/a?s=U2FsdGVkX19LxAaPwcGClFAQEmY05QzZrBlTq7CJixVnYM9jT2wdChKKTZhHw4XWJ6WzlRpjA/3QvOHyCW4/wlQguqE5vH7NEzFZI8a3BWn/MR1dDBX5wWId/5A7tBIMM5B/oRYboes8oDfK8jxzv5+mgDuqVFg5eneXLQiECg0+5CxYTyVY/1lV7Kfs1Hh5QC+t9HKqEt3FmOHcOSj27NE8Hi5LKXXGCB//8j+qqGEK+0iK9ihlgqTsetQd1JGmMY/KI7QQfryyN3D6TPOg2eJAU2Y0ksQcYVU8UYa/sirr5yXVYF1wCfxrNLdMf7kK3WlnpEoP7XZJfnJEu7l0jNLFVge/tImkTxK+Xc2NqSrHHTVXAAVGmZzG9ywYxrSBd5bp7q4v9xNo+XoKK42HTmoTZFnXUsU7z3phkU50eoxk0nhxegzYLdVnJUYqLvyWfajdgmEWjLzIujaIC6AEgWqyZsyicqQN0vLJ6lTlSyGzKoQHUuQQB9aXxtJsbYyImRIoZHMyjTaE8Lj40/wlifq2clTFuZvQcX+SXvmBxx9fte2Md/4R0s2xdxW3FVjxTR5zYobWsMc3+21Ka5od4NGZnC6Gd4N0QunNQ13X0n1ePtSQ71h/mv/gHT2rG9UhPpuYRAtj55mOamdGdmH+hP3N6T48MvyDp7LdD6HxUgm591WeqOUFxEdrnow5wWts2RzcZ+lVvz52NjlgCQeQjzcn2D3QUkimAT1BPzdERaKhiPjJTdbDA2RrhcD2+aSkJjCzmm5iUA84bhXNLIgOHmZ6UEs/nRshFuNkq7URfogWMa0RZzbC9EacqOjhx5oSWkUtrPz2WMPZf+fpmY8RuG4QkkGUNO3WXn/EkwJUSRGAQlPLwIFgZOBZjh5rUemcJQfDNBw/BMfvE1D0hI7cFNinLB05rEEi5jnRpXyJ7s2tm3mfg129khEv7DC2zd5lz3ZkWDiWo3X/DNAx+CakEu64fUJnD87UI8W+z3L72q1M3pgz/8hHuYucifVmdEEL8iZk5yw4YYCmwyXRW0oqUcVmE33s3eYN3E/EHI/z49LAziQtu/GP+Ob6gcmipVoky5FRTf9OpCG45T3WGsl4q4BOW/3rWBlpSBa8KMKB7rsvOLr/mQHo+cni86R+BPivkd4amEOEcBbFrhmTPekw1N6CufjOX6Jpva+kxrPG32j5ZGmEBUJ/tE1rzKJA5njFHBYa+gtGqwMEB0BjYtEbfI+mbCfPOlsrlMCMtUzJ9XkCtF8KbVncmy3dzYq4N9RATEw+TfBONXuLG1A03n78JkCXG9ZUmBVheNt4LTSn36FsgHbwWQvrO3bo341DyBe3NER9ol4We7OlxWZzuwV0y0OHIBdgAh3x0lmU6T+okYRUa/695Hq4dQRslmS04JfbxjaDuCTKkUb3WYFM/amJmtgcyIzNM5KeKURUig+qkwbC/qF7g0P3KGRAUo1fwOkME+Jm4zgFlO5o7XerEmSfSWlSidGGwctBt5VQ0uiIvnXpJ6WGXhkECxTsZRwe9guSWltoEatAJ3ofkuD3PwW8rUNByzeXEdxo7mLreORe91iU5S5RN1V33zQl29i29wKhJRfuPw1uzk5pNWHJg5M/27Wum4KwtKyZWFW2s4CjbBplrImGVohW7c/esEuNh3xYnLvo8kcXyNS2+yzR3P1x4LDehI7iiSISly/quk9hv0RpRrd5EeZyOm+65Uro6lQ2X0BLpOmpkk7d1FRFSaZ1Ct1Oq0j+MJ8QyrohKIYOnBeJKvfvi4ahf2F5gqcy8iaG2vD7EgbTPz3hM0v0JAoAxU9E8jT08v6Z1Zw5HT5osO+KJOVKfzdyb0KtYQYlMc9vn+acmghUk0X+hcvJidxVrg==&u=U2FsdGVkX1+tu4oIPlyoG6sfItCLBKV+Hbce1qfpMPo=&y=U2FsdGVkX18MjXGfm/0GU8XemgutGiKytd8lvoutOvQ= HTTP/1.1" 200 26
186.102.92.237 - - [30/Dec/2023:11:44:23 -0500] "GET /kwssiamovil/sm/acme/a?s=U2FsdGVkX19EH4uPIsRlWnv/t29gDnDRuETewyI5MUjz+p7j72APrZGT+f9ZuDEPPOWr2Wgt5lx2q3GC4z7DyVsX9ADuDG4tHKkcPT825/aANpx+jPYL8VSoACGMApwI6hhuYiPE+OhWhTQ3hIJtT6R5BQYVA5ihgcgL6ieMMbE=&u=U2FsdGVkX1+tu4oIPlyoG6sfItCLBKV+Hbce1qfpMPo=&y=U2FsdGVkX18MjXGfm/0GU8XemgutGiKytd8lvoutOvQ= HTTP/1.1" 200 26
186.102.92.237 - - [30/Dec/2023:11:44:23 -0500] "GET /kwssiamovil/sm/acme/a?s=U2FsdGVkX1/Znd64fRLPxFqDoODkKqz0MVyiuM2AOOaiLZVcZDIdEjf/Vd3VPZ0Pl2PuZW0WuYS/IQ6Lsnfa6T9s9dtsqrbtUPr4K8bdo16usRn/d7yDMljDnI3wjpekOYpE7/Zi5i324PRHs7LLF//IhISZlXVKV3ImCTNh7+0=&u=U2FsdGVkX1+tu4oIPlyoG6sfItCLBKV+Hbce1qfpMPo=&y=U2FsdGVkX18MjXGfm/0GU8XemgutGiKytd8lvoutOvQ= HTTP/1.1" 200 26
186.102.92.237 - - [30/Dec/2023:11:44:23 -0500] "GET /kwssiamovil/sm/acme/a?s=U2FsdGVkX1/CSqnUe/RiH/PrC6Rp4ng09OOpUrSfhMleU/Gn7MV0E5YEAAlZ7FS0/WyxWXt2ASO4ah3cUPVdx15AeAwpApSSj/AJa5mjtGzFXeyjfbMCikfsNSB/gFjdAKUwtiE9HOIXUuHPujx6kuw3emAsl7dJHJTpbPqeuX8=&u=U2FsdGVkX1+tu4oIPlyoG6sfItCLBKV+Hbce1qfpMPo=&y=U2FsdGVkX18MjXGfm/0GU8XemgutGiKytd8lvoutOvQ= HTTP/1.1" 200 26
186.102.92.237 - - [30/Dec/2023:11:44:23 -0500] "GET /kwssiamovil/sm/acme/a?s=U2FsdGVkX1+zt9J58yFpxh5EjhL3bodA3wsrk7h3bs/C8cAsQfwBlk3Mc+qprwxsaKmdWeLiqH+/K9ICNxV8mp725HqiSUknZ8/83H4U/tSQejD34aS0hBHdbLaA/MufbY6/F9j50oyo4lPVZLfOE3SvS90ZvCPcBg8gV1Aq8z3Wasd6I3evQ3nEKIlHJap4&u=U2FsdGVkX1+tu4oIPlyoG6sfItCLBKV+Hbce1qfpMPo=&y=U2FsdGVkX18MjXGfm/0GU8XemgutGiKytd8lvoutOvQ= HTTP/1.1" 200 26
156.59.198.135 - - [30/Dec/2023:11:44:41 -0500] "GET /BLA/resoluciones/RESOLUCIONES%202020/1437.pdf HTTP/1.0" 200 403849
156.59.198.135 - - [30/Dec/2023:11:45:05 -0500] "GET /BLA/resoluciones/RESOLUCIONES%202020/0505.pdf HTTP/1.0" 200 1771260
172.22.2.4 - - [30/Dec/2023:11:45:25 -0500] "GET /BLA/boletinlegal/style.css HTTP/1.1" 200 9406
172.22.2.4 - - [30/Dec/2023:11:45:25 -0500] "GET /BLA/boletinlegal/styles2.css HTTP/1.1" 200 1838
172.22.2.4 - - [30/Dec/2023:11:45:25 -0500] "GET /BLA/boletinlegal/js/jquery.js HTTP/1.1" 200 57254
172.22.2.4 - - [30/Dec/2023:11:45:25 -0500] "GET /BLA/boletinlegal/js/jquery.scrollTo-min.js HTTP/1.1" 200 1150
172.22.2.4 - - [30/Dec/2023:11:45:26 -0500] "GET /BLA/boletinlegal/js/jquery.scrollShow.js HTTP/1.1" 200 4586
172.22.2.4 - - [30/Dec/2023:11:43:47 -0500] "HEAD /BLA/boletinlegal/ HTTP/1.1" 200 -
172.22.2.4 - - [30/Dec/2023:11:45:28 -0500] "GET /BLA/boletinlegal/images/cabezote%20BLEGAL.jpg HTTP/1.1" 200 118164
172.22.2.4 - - [30/Dec/2023:11:45:28 -0500] "GET /BLA/boletinlegal/images/subscribe-icon-big.png HTTP/1.1" 200 47702
172.22.2.4 - - [30/Dec/2023:11:45:28 -0500] "GET /BLA/boletinlegal/images/historia.png HTTP/1.1" 200 52775
156.59.198.136 - - [30/Dec/2023:11:45:30 -0500] "GET /BLA/resoluciones/RESOLUCIONES%202007/RES%202007%202701%20AL%202800/RESOLUCION%202737%20DE%202007.pdf HTTP/1.0" 200 782429
172.22.2.4 - - [30/Dec/2023:11:45:31 -0500] "GET /BLA/boletinlegal/images/registro-usuarios.png HTTP/1.1" 200 8106
172.22.2.4 - - [30/Dec/2023:11:45:31 -0500] "GET /BLA/boletinlegal/images/arr_l.jpg HTTP/1.1" 200 1979
172.22.2.4 - - [30/Dec/2023:11:45:31 -0500] "GET /BLA/boletinlegal/images/screen_1.png HTTP/1.1" 200 202547
172.22.2.4 - - [30/Dec/2023:11:45:31 -0500] "GET /BLA/boletinlegal/images/launch.jpg HTTP/1.1" 200 14577
172.22.2.4 - - [30/Dec/2023:11:45:32 -0500] "GET /BLA/boletinlegal/images/screen_2.png HTTP/1.1" 200 362502
172.22.2.4 - - [30/Dec/2023:11:45:32 -0500] "GET /BLA/boletinlegal/images/screen_3.png HTTP/1.1" 200 210620
172.22.2.4 - - [30/Dec/2023:11:45:33 -0500] "GET /BLA/boletinlegal/images/screen_5.png HTTP/1.1" 200 368876
172.22.2.4 - - [30/Dec/2023:11:45:33 -0500] "GET /BLA/boletinlegal/images/arr_r.jpg HTTP/1.1" 200 1998
172.22.2.4 - - [30/Dec/2023:11:45:38 -0500] "GET /BLA/boletinlegal/images/body_bg.jpg HTTP/1.1" 200 1601
172.22.2.4 - - [30/Dec/2023:11:45:38 -0500] "GET /BLA/boletinlegal/images/menu_lft.gif HTTP/1.1" 200 1713
172.22.2.4 - - [30/Dec/2023:11:45:39 -0500] "GET /BLA/boletinlegal/images/menu_rght.gif HTTP/1.1" 200 1627
172.22.2.4 - - [30/Dec/2023:11:45:39 -0500] "GET /BLA/boletinlegal/images/bg_top.jpg HTTP/1.1" 200 522
172.22.2.4 - - [30/Dec/2023:11:45:40 -0500] "GET /BLA/boletinlegal/images/menu_bg.jpg HTTP/1.1" 200 620
172.22.2.4 - - [30/Dec/2023:11:45:40 -0500] "GET /BLA/boletinlegal/images/text.jpg HTTP/1.1" 200 568
172.22.2.4 - - [30/Dec/2023:11:45:41 -0500] "GET /BLA/boletinlegal/images/footer_bg.jpg HTTP/1.1" 200 586
172.22.2.4 - - [30/Dec/2023:11:45:41 -0500] "GET /BLA/boletinlegal/images/hover.jpg HTTP/1.1" 200 640
172.22.2.4 - - [30/Dec/2023:11:45:41 -0500] "GET /BLA/boletinlegal/images/pdf.gif HTTP/1.1" 200 567
156.59.198.135 - - [30/Dec/2023:11:45:54 -0500] "GET /BLA/resoluciones/RESOLUCIONES%202020/2464.pdf HTTP/1.0" 200 689317
216.245.221.92 - - [30/Dec/2023:11:46:02 -0500] "HEAD / HTTP/1.1" 200 -
172.22.2.4 - - [30/Dec/2023:11:44:38 -0500] "GET /BLA/boletinlegal/ HTTP/1.1" 200 53513
156.59.198.136 - - [30/Dec/2023:11:46:18 -0500] "GET /BLA/resoluciones/RESOLUCIONES%202020/2602.pdf HTTP/1.0" 200 390947
156.59.198.135 - - [30/Dec/2023:11:46:42 -0500] "GET /BLA/resoluciones/RESOLUCIONES%202020/2031.pdf HTTP/1.0" 200 358710
172.22.2.4 - - [30/Dec/2023:11:45:19 -0500] "GET /BLA/boletinlegal/ HTTP/1.1" 200 57309
172.22.2.4 - - [30/Dec/2023:11:47:02 -0500] "GET /BLA/boletinlegal/favicon.ico HTTP/1.1" 404 1308
200.10.31.185 - - [30/Dec/2023:11:43:56 -0500] "GET /sipse/js/jquery.min.js HTTP/1.1" 200 85582
156.59.198.136 - - [30/Dec/2023:11:47:07 -0500] "GET /BLA/resoluciones/RESOLUCIONES%202020/2295.pdf HTTP/1.0" 200 426849
156.59.198.136 - - [30/Dec/2023:11:47:31 -0500] "GET /BLA/resoluciones/RESOLUCIONES%202007/RES%202007%204101%20AL%204200/RESOLUCION%204112%20DE%202007.pdf HTTP/1.0" 200 1005742
156.59.198.135 - - [30/Dec/2023:11:47:55 -0500] "GET /BLA/resoluciones/RESOLUCIONES%202020/1521.pdf HTTP/1.0" 200 389792
156.59.198.136 - - [30/Dec/2023:11:48:19 -0500] "GET /BLA/resoluciones/AUTOS%202012/0199.pdf HTTP/1.0" 200 331205
156.59.198.135 - - [30/Dec/2023:11:48:44 -0500] "GET /BLA/resoluciones/RESOLUCIONES%202020/1866.pdf HTTP/1.0" 200 343289
190.90.132.140 - - [30/Dec/2023:11:48:44 -0500] "POST /sipse/faces/autenticacion.xhtml HTTP/1.1" 200 2250
200.118.16.147 - - [30/Dec/2023:11:48:46 -0500] "POST /sipse/faces/presentacion/financiero/solicitudProceso/consultarSolicitudProceso.xhtml HTTP/1.1" 200 114288
190.90.132.140 - - [30/Dec/2023:11:49:01 -0500] "GET /sipse/faces/faces/autenticacion.xhtml HTTP/1.1" 200 12423
190.90.132.140 - - [30/Dec/2023:11:49:03 -0500] "GET /sipse/faces/javax.faces.resource/theme.css?ln=primefaces-sipse HTTP/1.1" 304 -
190.90.132.140 - - [30/Dec/2023:11:49:03 -0500] "GET /sipse/faces/javax.faces.resource/primefaces.css?ln=primefaces&v=4.0 HTTP/1.1" 304 -
190.90.132.140 - - [30/Dec/2023:11:49:03 -0500] "GET /sipse/faces/javax.faces.resource/layout/layout.css?ln=primefaces&v=4.0 HTTP/1.1" 304 -
190.90.132.140 - - [30/Dec/2023:11:49:03 -0500] "GET /sipse/faces/javax.faces.resource/jquery/jquery.js?ln=primefaces&v=4.0 HTTP/1.1" 304 -
190.90.132.140 - - [30/Dec/2023:11:49:03 -0500] "GET /sipse/faces/javax.faces.resource/layout/layout.js?ln=primefaces&v=4.0 HTTP/1.1" 304 -
190.90.132.140 - - [30/Dec/2023:11:49:03 -0500] "GET /sipse/faces/javax.faces.resource/jquery/jquery-plugins.js?ln=primefaces&v=4.0 HTTP/1.1" 304 -
190.90.132.140 - - [30/Dec/2023:11:49:03 -0500] "GET /sipse/faces/javax.faces.resource/primefaces.js?ln=primefaces&v=4.0 HTTP/1.1" 304 -
190.90.132.140 - - [30/Dec/2023:11:49:07 -0500] "GET /sipse/faces/javax.faces.resource/images/ui-icons_898989_256x240.png?ln=primefaces-aristo HTTP/1.1" 304 -
190.90.132.140 - - [30/Dec/2023:11:49:07 -0500] "GET /sipse/css/imagen/logoSDG.png HTTP/1.1" 200 26770
156.59.198.136 - - [30/Dec/2023:11:49:07 -0500] "GET /BLA/resoluciones/RESOLUCIONES%202020/2554.pdf HTTP/1.0" 200 357759
190.90.132.140 - - [30/Dec/2023:11:49:09 -0500] "GET /sipse/faces/faces/index.xhtml HTTP/1.1" 200 677
190.90.132.140 - - [30/Dec/2023:11:49:09 -0500] "POST /sipse/faces/autenticacion.xhtml HTTP/1.1" 200 2246
190.90.132.140 - - [30/Dec/2023:11:49:10 -0500] "GET /sipse/faces/javax.faces.resource/theme.css?ln=primefaces-sipse HTTP/1.1" 304 -
190.90.132.140 - - [30/Dec/2023:11:49:10 -0500] "GET /sipse/faces/javax.faces.resource/messages/messages.png?ln=primefaces&v=4.0 HTTP/1.1" 304 -
201.245.192.253 - - [30/Dec/2023:11:49:09 -0500] "POST /kwsrmcab/Wsrmcab  HTTP/1.1" 200 36178
190.90.132.140 - - [30/Dec/2023:11:49:12 -0500] "GET /sipse/faces/faces/faces/autenticacion.xhtml HTTP/1.1" 200 12423
190.90.132.140 - - [30/Dec/2023:11:49:12 -0500] "GET /sipse/faces/javax.faces.resource/theme.css?ln=primefaces-sipse HTTP/1.1" 304 -
190.90.132.140 - - [30/Dec/2023:11:49:12 -0500] "GET /sipse/faces/javax.faces.resource/jquery/jquery-plugins.js?ln=primefaces&v=4.0 HTTP/1.1" 304 -
190.90.132.140 - - [30/Dec/2023:11:49:12 -0500] "GET /sipse/faces/javax.faces.resource/jquery/jquery.js?ln=primefaces&v=4.0 HTTP/1.1" 304 -
190.90.132.140 - - [30/Dec/2023:11:49:12 -0500] "GET /sipse/faces/javax.faces.resource/primefaces.css?ln=primefaces&v=4.0 HTTP/1.1" 304 -
190.90.132.140 - - [30/Dec/2023:11:49:12 -0500] "GET /sipse/faces/javax.faces.resource/layout/layout.css?ln=primefaces&v=4.0 HTTP/1.1" 304 -
190.90.132.140 - - [30/Dec/2023:11:49:12 -0500] "GET /sipse/faces/javax.faces.resource/layout/layout.js?ln=primefaces&v=4.0 HTTP/1.1" 304 -
190.90.132.140 - - [30/Dec/2023:11:49:12 -0500] "GET /sipse/faces/javax.faces.resource/primefaces.js?ln=primefaces&v=4.0 HTTP/1.1" 304 -
190.90.132.140 - - [30/Dec/2023:11:49:13 -0500] "GET /sipse/faces/javax.faces.resource/images/ui-icons_898989_256x240.png?ln=primefaces-aristo HTTP/1.1" 304 -
156.59.198.136 - - [30/Dec/2023:11:49:32 -0500] "GET /BLA/resoluciones/RESOLUCIONES%202020/0474.pdf HTTP/1.0" 200 401821
156.59.198.135 - - [30/Dec/2023:11:49:56 -0500] "GET /BLA/resoluciones/RESOLUCIONES%202005/RESOLUCION%201270%20DE%202005.PDF HTTP/1.0" 200 167075
66.249.65.6 - - [30/Dec/2023:11:50:03 -0500] "GET /pagos-por-servicios-ambientales-y-acuerdos-de-conservacion-estrategias-para-proteger-areas-de-importancia-ambiental.html HTTP/1.1" 200 893
156.59.198.135 - - [30/Dec/2023:11:50:20 -0500] "GET /BLA/resoluciones/RESOLUCIONES%202020/0464.pdf HTTP/1.0" 200 385440
156.59.198.135 - - [30/Dec/2023:11:50:44 -0500] "GET /BLA/resoluciones/RESOLUCIONES%202020/3422.pdf HTTP/1.0" 200 520299
216.245.221.92 - - [30/Dec/2023:11:51:02 -0500] "HEAD / HTTP/1.1" 200 -
156.59.198.136 - - [30/Dec/2023:11:51:08 -0500] "GET /BLA/resoluciones/RESOLUCIONES%202020/0499.pdf HTTP/1.0" 200 428300
172.22.2.4 - - [30/Dec/2023:11:49:37 -0500] "HEAD /BLA/boletinlegal/ HTTP/1.1" 200 -
190.90.132.140 - - [30/Dec/2023:11:51:32 -0500] "POST /sipse/faces/autenticacion.xhtml HTTP/1.1" 200 2246
190.90.132.140 - - [30/Dec/2023:11:51:32 -0500] "GET /sipse/faces/javax.faces.resource/messages/messages.png?ln=primefaces&v=4.0 HTTP/1.1" 304 -
156.59.198.136 - - [30/Dec/2023:11:51:34 -0500] "GET /BLA/resoluciones/RESOLUCIONES%202020/2062.pdf HTTP/1.0" 200 365734
156.59.198.136 - - [30/Dec/2023:11:51:57 -0500] "GET /BLA/resoluciones/RESOLUCIONES%202007/RES%202007%202701%20AL%202800/RESOLUCION%202794%20DE%202007.pdf HTTP/1.0" 200 423193
69.171.249.117 - - [30/Dec/2023:11:52:06 -0500] "GET /images/presentaci\xc3\xb3n%20convenci\xc3\xb3n.jpg HTTP/1.1" 404 1034
172.22.2.4 - - [30/Dec/2023:11:50:28 -0500] "GET /BLA/boletinlegal/ HTTP/1.1" 200 60910
156.59.198.135 - - [30/Dec/2023:11:52:21 -0500] "GET /BLA/resoluciones/RESOLUCIONES%202007/RES%202007%204101%20AL%204200/RESOLUCION%204131%20DE%202007.pdf HTTP/1.0" 200 237937
156.59.198.135 - - [30/Dec/2023:11:52:45 -0500] "GET /BLA/resoluciones/RESOLUCIONES%202020/1635.pdf HTTP/1.0" 200 420705
156.59.198.135 - - [30/Dec/2023:11:53:09 -0500] "GET /BLA/resoluciones/RESOLUCIONES%202007/RES%202007%204101%20AL%204200/RESOLUCION%204134%20%20DE%202007.pdf HTTP/1.0" 200 264525
156.59.198.136 - - [30/Dec/2023:11:53:34 -0500] "GET /BLA/resoluciones/RESOLUCIONES%202020/2642.pdf HTTP/1.0" 200 342756
156.59.198.135 - - [30/Dec/2023:11:53:59 -0500] "GET /BLA/resoluciones/RESOLUCIONES%202020/3010.pdf HTTP/1.0" 200 2093080
201.245.192.253 - - [30/Dec/2023:11:54:07 -0500] "POST /kwsrmcab/Wsrmcab  HTTP/1.1" 200 36178
156.59.198.136 - - [30/Dec/2023:11:54:22 -0500] "GET /BLA/resoluciones/RESOLUCIONES%202020/0452.pdf HTTP/1.0" 200 312554
156.59.198.135 - - [30/Dec/2023:11:54:46 -0500] "GET /BLA/resoluciones/RESOLUCIONES%202020/0935.pdf HTTP/1.0" 200 366689
156.59.198.136 - - [30/Dec/2023:11:55:10 -0500] "GET /BLA/resoluciones/RESOLUCIONES%202020/1273.pdf HTTP/1.0" 200 345501
156.59.198.135 - - [30/Dec/2023:11:55:34 -0500] "GET /BLA/resoluciones/RESOLUCIONES%202007/RES%202007%204101%20AL%204200/RESOLUCION%204115%20DE%202007.pdf HTTP/1.0" 200 553470
47.128.99.187 - - [30/Dec/2023:11:56:01 -0500] "GET /BLA/resoluciones/dlf/unknown.png HTTP/1.1" 200 266
47.128.99.187 - - [30/Dec/2023:11:56:01 -0500] "GET /BLA/resoluciones/dlf/dirup.png HTTP/1.1" 200 644
216.245.221.92 - - [30/Dec/2023:11:56:02 -0500] "HEAD / HTTP/1.1" 200 -
47.128.99.187 - - [30/Dec/2023:11:56:00 -0500] "GET /BLA/resoluciones/index.php?dir=AUTOS%202006%2FAUTOS%202006%202301%20-%202400%2F&order=desc&sort=date HTTP/1.1" 200 22196
