156.59.198.135 - - [30/Dec/2023:05:35:33 -0500] "GET /BLA/resoluciones/Notificaciones/REGISTROS%202018/3510.pdf HTTP/1.0" 200 266109
201.245.192.253 - - [30/Dec/2023:05:35:48 -0500] "POST /kwsrmcab/Wsrmcab HTTP/1.1" 200 36475
201.245.192.253 - - [30/Dec/2023:05:35:51 -0500] "POST /kwsrmcab/Wsrmcab HTTP/1.1" 200 36806
201.245.192.253 - - [30/Dec/2023:05:35:54 -0500] "POST /kwsrmcab/Wsrmcab  HTTP/1.1" 200 36178
156.59.198.135 - - [30/Dec/2023:05:35:58 -0500] "GET /BLA/resoluciones/Notificaciones/AUTOS%202016/01336.doc HTTP/1.0" 200 388843
216.245.221.92 - - [30/Dec/2023:05:36:03 -0500] "HEAD / HTTP/1.1" 200 -
156.59.198.135 - - [30/Dec/2023:05:36:22 -0500] "GET /BLA/resoluciones/Notificaciones/AUTOS%202020/4393.pdf HTTP/1.0" 200 731765
66.249.66.21 - - [30/Dec/2023:05:36:40 -0500] "GET /BLA/resoluciones/RESOLUCIONES%202010/6698.pdf HTTP/1.1" 200 769483
156.59.198.136 - - [30/Dec/2023:05:36:46 -0500] "GET /BLA/resoluciones/RESOLUCIONES%202020/1222.pdf HTTP/1.0" 200 369114
66.249.66.20 - - [30/Dec/2023:05:36:56 -0500] "GET /BLA/resoluciones/AUTOS%202010/5366.pdf HTTP/1.1" 200 1019678
156.59.198.135 - - [30/Dec/2023:05:37:10 -0500] "GET /BLA/resoluciones/Notificaciones/AUTOS%202021/5886.pdf HTTP/1.0" 200 401254
156.59.198.135 - - [30/Dec/2023:05:37:35 -0500] "GET /BLA/resoluciones/Notificaciones/AUTOS%202019/1745.pdf HTTP/1.0" 200 256347
172.22.2.4 - - [30/Dec/2023:05:36:13 -0500] "HEAD /BLA/boletinlegal/ HTTP/1.1" 200 -
156.59.198.136 - - [30/Dec/2023:05:37:59 -0500] "GET /BLA/resoluciones/RESOLUCIONES%202007/RES%202007%203001%20AL%203100/RESOLUCION%203067%20DE%202007.pdf HTTP/1.0" 200 732982
66.249.66.19 - - [30/Dec/2023:05:38:02 -0500] "GET /portel_dama/libreria/pdf/Memoriasdecapacitacinenincendiosforestales2005.pdf HTTP/1.1" 404 1018
156.59.198.135 - - [30/Dec/2023:05:38:23 -0500] "GET /BLA/resoluciones/Notificaciones/AUTOS%202021/4824.pdf HTTP/1.0" 200 322116
172.22.2.4 - - [30/Dec/2023:05:37:03 -0500] "GET /BLA/boletinlegal/ HTTP/1.1" 200 60910
156.59.198.135 - - [30/Dec/2023:05:38:47 -0500] "GET /BLA/resoluciones/AUTOS%202012/0194.pdf HTTP/1.0" 200 282162
156.59.198.135 - - [30/Dec/2023:05:39:11 -0500] "GET /BLA/resoluciones/Notificaciones/AUTOS%202020/1194.pdf HTTP/1.0" 200 610385
40.77.167.25 - - [30/Dec/2023:05:39:13 -0500] "GET /BLA/resoluciones/RESOLUCIONES%202021/1587.pdf HTTP/1.1" 200 435128
156.59.198.135 - - [30/Dec/2023:05:39:36 -0500] "GET /BLA/resoluciones/Notificaciones/AUTOS%202022/7611.pdf HTTP/1.0" 200 440644
201.245.192.253 - - [30/Dec/2023:05:39:53 -0500] "POST /kwsrmcab/Wsrmcab HTTP/1.1" 200 36475
201.245.192.253 - - [30/Dec/2023:05:39:57 -0500] "POST /kwsrmcab/Wsrmcab HTTP/1.1" 200 36806
156.59.198.136 - - [30/Dec/2023:05:40:00 -0500] "GET /BLA/resoluciones/Notificaciones/AUTOS%202021/0496.pdf HTTP/1.0" 200 577969
186.144.236.44 - - [30/Dec/2023:05:40:20 -0500] "GET /BLA/resoluciones/ HTTP/1.1" 200 13696
186.144.236.44 - - [30/Dec/2023:05:40:24 -0500] "GET /BLA/resoluciones/index.php?dir=RESOLUCIONES+2019%2F HTTP/1.1" 200 262433
156.59.198.136 - - [30/Dec/2023:05:40:25 -0500] "GET /BLA/resoluciones/RESOLUCIONES%202007/RES%202007%203801%20AL%203900/RESOLUCION%203835%20DE%202007.pdf HTTP/1.0" 200 869531
186.144.236.44 - - [30/Dec/2023:05:40:37 -0500] "GET /BLA/resoluciones/RESOLUCIONES%202019/1651.pdf HTTP/1.1" 200 792463
156.59.198.136 - - [30/Dec/2023:05:40:49 -0500] "GET /BLA/resoluciones/Notificaciones/AUTOS%202022/8150.pdf HTTP/1.0" 200 375750
201.245.192.253 - - [30/Dec/2023:05:40:52 -0500] "POST /kwsrmcab/Wsrmcab  HTTP/1.1" 200 36178
216.245.221.92 - - [30/Dec/2023:05:41:03 -0500] "HEAD / HTTP/1.1" 200 -
156.59.198.135 - - [30/Dec/2023:05:41:14 -0500] "GET /BLA/resoluciones/RESOLUCIONES%202007/RES%202007%203801%20AL%203900/RESOLUCION%203847%20DE%202007.pdf HTTP/1.0" 200 1232649
156.59.198.136 - - [30/Dec/2023:05:41:37 -0500] "GET /BLA/resoluciones/Notificaciones/AUTOS%202020/2724.pdf HTTP/1.0" 200 326825
156.59.198.135 - - [30/Dec/2023:05:42:03 -0500] "GET /BLA/resoluciones/Notificaciones/AUTOS%202019/4107.pdf HTTP/1.0" 200 264488
156.59.198.136 - - [30/Dec/2023:05:42:28 -0500] "GET /BLA/resoluciones/Notificaciones/AUTOS%202017/01490.pdf HTTP/1.0" 200 291917
156.59.198.136 - - [30/Dec/2023:05:42:52 -0500] "GET /BLA/resoluciones/RESOLUCIONES%202007/RES%202007%202601%20AL%202700/RESOLUCION%202603%20DE%202007.pdf HTTP/1.0" 200 775938
66.249.66.19 - - [30/Dec/2023:05:43:09 -0500] "GET /BLA/resoluciones/RESOLUCIONES%202009/6706.pdf HTTP/1.1" 200 541391
156.59.198.136 - - [30/Dec/2023:05:43:16 -0500] "GET /BLA/resoluciones/Notificaciones/AUTOS%202021/0159.pdf HTTP/1.0" 200 358218
66.249.66.21 - - [30/Dec/2023:05:43:27 -0500] "GET /BLA/resoluciones/RESOLUCIONES%202009/8509.pdf HTTP/1.1" 200 366620
156.59.198.135 - - [30/Dec/2023:05:43:40 -0500] "GET /BLA/resoluciones/RESOLUCIONES%202007/RES%202007%204101%20AL%204200/RESOLUCION%204127%20DE%202007.pdf HTTP/1.0" 200 793538
66.249.66.19 - - [30/Dec/2023:05:43:39 -0500] "GET /isolucionsda/isolucionsda/bancoconocimiento/C/Circular18del1deAbrilde2008/Circular18del1deAbrilde2008.asp?IdArticulo=6103 HTTP/1.1" 404 5038
172.22.2.4 - - [30/Dec/2023:05:42:03 -0500] "HEAD /BLA/boletinlegal/ HTTP/1.1" 200 -
156.59.198.135 - - [30/Dec/2023:05:44:05 -0500] "GET /BLA/resoluciones/Notificaciones/AUTOS%202022/0133.pdf HTTP/1.0" 200 402703
156.59.198.136 - - [30/Dec/2023:05:44:30 -0500] "GET /BLA/resoluciones/Notificaciones/AUTOS%202021/4367.pdf HTTP/1.0" 200 435531
172.22.2.4 - - [30/Dec/2023:05:42:53 -0500] "GET /BLA/boletinlegal/ HTTP/1.1" 200 60910
156.59.198.135 - - [30/Dec/2023:05:44:54 -0500] "GET /BLA/resoluciones/Notificaciones/AUTOS%202022/7945.pdf HTTP/1.0" 200 425024
156.59.198.136 - - [30/Dec/2023:05:45:18 -0500] "GET /BLA/resoluciones/Notificaciones/AUTOS%202021/2775.pdf HTTP/1.0" 200 350083
216.244.66.195 - - [30/Dec/2023:05:45:27 -0500] "GET /robots.txt HTTP/1.1" 404 1018
156.59.198.135 - - [30/Dec/2023:05:45:43 -0500] "GET /BLA/resoluciones/Notificaciones/AUTOS%202023/1705.pdf HTTP/1.0" 200 381569
201.245.192.253 - - [30/Dec/2023:05:45:50 -0500] "POST /kwsrmcab/Wsrmcab  HTTP/1.1" 200 36178
216.245.221.92 - - [30/Dec/2023:05:46:03 -0500] "HEAD / HTTP/1.1" 200 -
156.59.198.136 - - [30/Dec/2023:05:46:07 -0500] "GET /BLA/resoluciones/Notificaciones/AUTOS%202020/3440.pdf HTTP/1.0" 200 327137
156.59.198.136 - - [30/Dec/2023:05:46:31 -0500] "GET /BLA/resoluciones/Notificaciones/AUTOS%202019/0566.pdf HTTP/1.0" 200 296017
156.59.198.135 - - [30/Dec/2023:05:46:55 -0500] "GET /BLA/resoluciones/Notificaciones/AUTOS%202016/00663.doc HTTP/1.0" 200 197762
156.59.198.135 - - [30/Dec/2023:05:47:19 -0500] "GET /BLA/resoluciones/RESOLUCIONES%202007/RES%202007%203601%20AL%203700/RESOLUCION%203634%20DE%202007.pdf HTTP/1.0" 200 241583
156.59.198.135 - - [30/Dec/2023:05:47:45 -0500] "GET /BLA/resoluciones/Notificaciones/AUTOS%202022/0514.pdf HTTP/1.0" 200 373710
156.59.198.135 - - [30/Dec/2023:05:48:09 -0500] "GET /BLA/resoluciones/RESOLUCIONES%202007/RES%202007%202601%20AL%202700/RESOLUCION%202643%20DE%202007.pdf HTTP/1.0" 200 903401
156.59.198.136 - - [30/Dec/2023:05:48:33 -0500] "GET /BLA/resoluciones/Notificaciones/AUTOS%202020/1772.pdf HTTP/1.0" 200 328621
156.59.198.135 - - [30/Dec/2023:05:48:59 -0500] "GET /BLA/resoluciones/Notificaciones/AUTOS%202021/6399.pdf HTTP/1.0" 200 348173
156.59.198.135 - - [30/Dec/2023:05:49:23 -0500] "GET /BLA/resoluciones/Notificaciones/AUTOS%202023/953.pdf HTTP/1.0" 200 404751
172.22.2.4 - - [30/Dec/2023:05:47:53 -0500] "HEAD /BLA/boletinlegal/ HTTP/1.1" 200 -
156.59.198.135 - - [30/Dec/2023:05:49:46 -0500] "GET /BLA/resoluciones/Notificaciones/AUTOS%202017/04483.pdf HTTP/1.0" 200 278169
156.59.198.135 - - [30/Dec/2023:05:50:11 -0500] "GET /BLA/resoluciones/Notificaciones/AUTOS%202017/03525.pdf HTTP/1.0" 200 749097
172.22.2.4 - - [30/Dec/2023:05:48:43 -0500] "GET /BLA/boletinlegal/ HTTP/1.1" 200 55725
156.59.198.136 - - [30/Dec/2023:05:50:36 -0500] "GET /BLA/resoluciones/RESOLUCIONES%202020/0636.pdf HTTP/1.0" 200 404336
66.249.66.19 - - [30/Dec/2023:05:50:40 -0500] "GET /resoluciones/RESOLUCIONES%202008/1740.pdf HTTP/1.1" 404 1018
201.245.192.253 - - [30/Dec/2023:05:50:49 -0500] "POST /kwsrmcab/Wsrmcab  HTTP/1.1" 200 36178
156.59.198.135 - - [30/Dec/2023:05:51:00 -0500] "GET /BLA/resoluciones/Notificaciones/AUTOS%202021/3810.pdf HTTP/1.0" 200 382356
216.245.221.92 - - [30/Dec/2023:05:51:03 -0500] "HEAD / HTTP/1.1" 200 -
156.59.198.136 - - [30/Dec/2023:05:51:24 -0500] "GET /BLA/resoluciones/Notificaciones/AUTOS%202021/3791.pdf HTTP/1.0" 200 318110
156.59.198.135 - - [30/Dec/2023:05:51:49 -0500] "GET /BLA/resoluciones/Notificaciones/AUTOS%202017/03500.pdf HTTP/1.0" 200 564839
156.59.198.136 - - [30/Dec/2023:05:52:12 -0500] "GET /BLA/resoluciones/Notificaciones/AUTOS%202020/2437.pdf HTTP/1.0" 200 336423
156.59.198.135 - - [30/Dec/2023:05:52:37 -0500] "GET /BLA/resoluciones/Notificaciones/AUTOS%202022/6389.pdf HTTP/1.0" 200 489579
156.59.198.136 - - [30/Dec/2023:05:53:01 -0500] "GET /BLA/resoluciones/RESOLUCIONES%202020/2645.pdf HTTP/1.0" 200 344227
156.59.198.136 - - [30/Dec/2023:05:53:25 -0500] "GET /BLA/resoluciones/Notificaciones/AUTOS%202023/5731.pdf HTTP/1.0" 200 383510
156.59.198.136 - - [30/Dec/2023:05:53:50 -0500] "GET /BLA/resoluciones/RESOLUCIONES%202020/0259.pdf HTTP/1.0" 200 643056
156.59.198.135 - - [30/Dec/2023:05:54:14 -0500] "GET /BLA/resoluciones/Notificaciones/AUTOS%202016/01529.pdf HTTP/1.0" 200 376415
172.22.2.4 - - [30/Dec/2023:05:54:17 -0500] "GET /BLA/boletinlegal/jurisprudencia.php HTTP/1.1" 200 17583
172.22.2.4 - - [30/Dec/2023:05:54:33 -0500] "GET /BLA/boletinlegal/js/jquery1.js HTTP/1.1" 200 29846
172.22.2.4 - - [30/Dec/2023:05:54:33 -0500] "GET /BLA/boletinlegal/js/popup.js HTTP/1.1" 200 1270
156.59.198.136 - - [30/Dec/2023:05:54:38 -0500] "GET /BLA/resoluciones/Notificaciones/AUTOS%202020/1016.pdf HTTP/1.0" 200 324342
156.59.198.136 - - [30/Dec/2023:05:55:02 -0500] "GET /BLA/resoluciones/Notificaciones/AUTOS%202022/6365.pdf HTTP/1.0" 200 393631
172.22.2.4 - - [30/Dec/2023:05:53:43 -0500] "HEAD /BLA/boletinlegal/ HTTP/1.1" 200 -
66.249.66.20 - - [30/Dec/2023:05:55:24 -0500] "GET /BLA/resoluciones/RESOLUCIONES%202007/RES%202007%204001%20AL%204100/RESOLUCION%204042%20DE%202007.pdf HTTP/1.1" 200 218714
156.59.198.135 - - [30/Dec/2023:05:55:27 -0500] "GET /BLA/resoluciones/Notificaciones/AUTOS%202017/1960.pdf HTTP/1.0" 200 307138
201.245.192.253 - - [30/Dec/2023:05:55:48 -0500] "POST /kwsrmcab/Wsrmcab  HTTP/1.1" 200 36178
47.128.115.153 - - [30/Dec/2023:05:55:52 -0500] "GET /BLA/resoluciones/index.php?dir=RESOLUCIONES%202007%2FRES%202007%201401%20AL%201500%2F&order=desc&sort=size HTTP/1.1" 200 26853
47.128.115.153 - - [30/Dec/2023:05:55:53 -0500] "GET /BLA/resoluciones/dlf/styles.css HTTP/1.1" 200 3049
47.128.115.153 - - [30/Dec/2023:05:55:54 -0500] "GET /BLA/resoluciones/dlf/dirup.png HTTP/1.1" 200 644
47.128.115.153 - - [30/Dec/2023:05:55:54 -0500] "GET /BLA/resoluciones/dlf/pdf.gif HTTP/1.1" 200 272
216.245.221.92 - - [30/Dec/2023:05:56:03 -0500] "HEAD / HTTP/1.1" 200 -
172.22.2.4 - - [30/Dec/2023:05:54:33 -0500] "GET /BLA/boletinlegal/ HTTP/1.1" 200 58567
156.59.198.135 - - [30/Dec/2023:05:56:15 -0500] "GET /BLA/resoluciones/Notificaciones/AUTOS%202023/6075.pdf HTTP/1.0" 200 383977
156.59.198.135 - - [30/Dec/2023:05:56:40 -0500] "GET /BLA/resoluciones/RESOLUCIONES%202020/2607.pdf HTTP/1.0" 200 470102
156.59.198.135 - - [30/Dec/2023:05:57:04 -0500] "GET /BLA/resoluciones/RESOLUCIONES%202007/RES%202007%203701%20AL%203800/RESOLUCION%203734%20DE%202007.pdf HTTP/1.0" 200 517372
156.59.198.135 - - [30/Dec/2023:05:57:29 -0500] "GET /BLA/resoluciones/Notificaciones/AUTOS%202021/5328.pdf HTTP/1.0" 200 349960
156.59.198.135 - - [30/Dec/2023:05:57:52 -0500] "GET /BLA/resoluciones/Notificaciones/AUTOS%202023/555.pdf HTTP/1.0" 200 427363
156.59.198.135 - - [30/Dec/2023:05:58:16 -0500] "GET /BLA/resoluciones/Notificaciones/AUTOS%202019/1902.pdf HTTP/1.0" 200 319466
156.59.198.136 - - [30/Dec/2023:05:58:41 -0500] "GET /BLA/resoluciones/Notificaciones/AUTOS%202017/3413.pdf HTTP/1.0" 200 1133306
156.59.198.135 - - [30/Dec/2023:05:59:05 -0500] "GET /BLA/resoluciones/RESOLUCIONES%202007/RES%202007%202801%20AL%202900/RESOLUCION%202856%20DE%202007.pdf HTTP/1.0" 200 953746
156.59.198.135 - - [30/Dec/2023:05:59:30 -0500] "GET /BLA/resoluciones/Notificaciones/AUTOS%202023/3443.pdf HTTP/1.0" 200 1193695
156.59.198.136 - - [30/Dec/2023:05:59:53 -0500] "GET /BLA/resoluciones/Notificaciones/AUTOS%202019/4444.pdf HTTP/1.0" 200 270257
156.59.198.136 - - [30/Dec/2023:06:00:18 -0500] "GET /BLA/resoluciones/Notificaciones/AUTOS%202023/2824.pdf HTTP/1.0" 200 891343
156.59.198.136 - - [30/Dec/2023:06:00:42 -0500] "GET /BLA/resoluciones/Notificaciones/AUTOS%202021/5769.pdf HTTP/1.0" 200 347112
201.245.192.253 - - [30/Dec/2023:06:00:46 -0500] "POST /kwsrmcab/Wsrmcab  HTTP/1.1" 200 36178
216.245.221.92 - - [30/Dec/2023:06:01:03 -0500] "HEAD / HTTP/1.1" 200 -
156.59.198.135 - - [30/Dec/2023:06:01:06 -0500] "GET /BLA/resoluciones/Notificaciones/AUTOS%202021/4155.pdf HTTP/1.0" 200 351402
172.22.2.4 - - [30/Dec/2023:05:59:33 -0500] "HEAD /BLA/boletinlegal/ HTTP/1.1" 200 -
66.249.66.20 - - [30/Dec/2023:06:01:23 -0500] "GET /BLA/resoluciones/RESOLUCIONES%202009/6214.pdf HTTP/1.1" 200 908133
156.59.198.136 - - [30/Dec/2023:06:01:31 -0500] "GET /BLA/resoluciones/Notificaciones/AUTOS%202020/4667.pdf HTTP/1.0" 200 384462
156.59.198.136 - - [30/Dec/2023:06:01:55 -0500] "GET /BLA/resoluciones/RESOLUCIONES%202007/RES%202007%203701%20AL%203800/RESOLUCION%203711%20DE%202007.pdf HTTP/1.0" 200 79232
172.22.2.4 - - [30/Dec/2023:06:00:23 -0500] "GET /BLA/boletinlegal/ HTTP/1.1" 200 60502
47.128.48.39 - - [30/Dec/2023:06:02:19 -0500] "GET /robots.txt HTTP/1.1" 404 1018
156.59.198.136 - - [30/Dec/2023:06:02:44 -0500] "GET /BLA/resoluciones/Notificaciones/AUTOS%202023/3101.pdf HTTP/1.0" 200 2262219
52.167.144.16 - - [30/Dec/2023:06:03:06 -0500] "GET /BLA/resoluciones/AUTOS%202021/3438.pdf HTTP/1.1" 304 -
156.59.198.136 - - [30/Dec/2023:06:03:09 -0500] "GET /BLA/resoluciones/Notificaciones/AUTOS%202023/1635.pdf HTTP/1.0" 200 2831662
156.59.198.136 - - [30/Dec/2023:06:03:32 -0500] "GET /BLA/resoluciones/Notificaciones/AUTOS%202023/6066.pdf HTTP/1.0" 200 370748
156.59.198.136 - - [30/Dec/2023:06:03:56 -0500] "GET /BLA/resoluciones/RESOLUCIONES%202007/RES%202007%203701%20AL%203800/RESOLUCION%203745%20DE%202007.pdf HTTP/1.0" 200 229941
156.59.198.135 - - [30/Dec/2023:06:04:21 -0500] "GET /BLA/resoluciones/RESOLUCIONES%202007/RES%202007%202601%20AL%202700/RESOLUCION%202622%20DE%202007.pdf HTTP/1.0" 200 2064772
156.59.198.135 - - [30/Dec/2023:06:04:45 -0500] "GET /BLA/resoluciones/Notificaciones/AUTOS%202019/3464.pdf HTTP/1.0" 200 543636
156.59.198.136 - - [30/Dec/2023:06:05:10 -0500] "GET /BLA/resoluciones/RESOLUCIONES%202007/RES%202007%204101%20AL%204200/RESOLUCION%204171%20DE%202007.pdf HTTP/1.0" 200 852478
156.59.198.136 - - [30/Dec/2023:06:05:35 -0500] "GET /BLA/resoluciones/Notificaciones/AUTOS%202020/2167.pdf HTTP/1.0" 200 348891
201.245.192.253 - - [30/Dec/2023:06:05:44 -0500] "POST /kwsrmcab/Wsrmcab  HTTP/1.1" 200 36178
156.59.198.135 - - [30/Dec/2023:06:05:59 -0500] "GET /BLA/resoluciones/Notificaciones/AUTOS%202021/2813.pdf HTTP/1.0" 200 392603
216.245.221.92 - - [30/Dec/2023:06:06:03 -0500] "HEAD / HTTP/1.1" 200 -
156.59.198.135 - - [30/Dec/2023:06:06:24 -0500] "GET /BLA/resoluciones/Notificaciones/AUTOS%202022/6934.pdf HTTP/1.0" 200 386704
156.59.198.136 - - [30/Dec/2023:06:06:48 -0500] "GET /BLA/resoluciones/Notificaciones/AUTOS%202021/0087.pdf HTTP/1.0" 200 326367
172.22.2.4 - - [30/Dec/2023:06:05:23 -0500] "HEAD /BLA/boletinlegal/ HTTP/1.1" 200 -
156.59.198.136 - - [30/Dec/2023:06:07:12 -0500] "GET /BLA/resoluciones/Notificaciones/AUTOS%202021/4512.pdf HTTP/1.0" 200 361309
156.59.198.136 - - [30/Dec/2023:06:07:37 -0500] "GET /BLA/resoluciones/RESOLUCIONES%202020/1509.pdf HTTP/1.0" 200 644935
172.22.2.4 - - [30/Dec/2023:06:06:13 -0500] "GET /BLA/boletinlegal/ HTTP/1.1" 200 60910
66.249.66.21 - - [30/Dec/2023:06:07:54 -0500] "GET /BLA/resoluciones/RESOLUCIONES%202009/6227.pdf HTTP/1.1" 200 1128167
156.59.198.135 - - [30/Dec/2023:06:08:02 -0500] "GET /BLA/resoluciones/RESOLUCIONES%202007/RES%202007%203401%20AL%203500/RESOLUCION%203417%20DE%202007.pdf HTTP/1.0" 200 479565
156.59.198.136 - - [30/Dec/2023:06:08:25 -0500] "GET /BLA/resoluciones/Notificaciones/AUTOS%202017/02419.pdf HTTP/1.0" 200 276061
156.59.198.136 - - [30/Dec/2023:06:08:50 -0500] "GET /BLA/resoluciones/Notificaciones/AUTOS%202022/2833.pdf HTTP/1.0" 200 451534
156.59.198.135 - - [30/Dec/2023:06:09:14 -0500] "GET /BLA/resoluciones/Notificaciones/AUTOS%202020/4046.pdf HTTP/1.0" 200 361004
156.59.198.135 - - [30/Dec/2023:06:09:39 -0500] "GET /BLA/resoluciones/Notificaciones/AUTOS%202020/3817.pdf HTTP/1.0" 200 427081
156.59.198.136 - - [30/Dec/2023:06:10:03 -0500] "GET /BLA/resoluciones/Notificaciones/AUTOS%202023/2608.pdf HTTP/1.0" 200 391744
156.59.198.136 - - [30/Dec/2023:06:10:27 -0500] "GET /BLA/resoluciones/Notificaciones/AUTOS%202023/3876.pdf HTTP/1.0" 200 480529
201.245.192.253 - - [30/Dec/2023:06:10:43 -0500] "POST /kwsrmcab/Wsrmcab  HTTP/1.1" 200 36178
156.59.198.136 - - [30/Dec/2023:06:10:52 -0500] "GET /BLA/resoluciones/Notificaciones/AUTOS%202023/5192.pdf HTTP/1.0" 200 385255
216.245.221.92 - - [30/Dec/2023:06:11:03 -0500] "HEAD / HTTP/1.1" 200 -
156.59.198.135 - - [30/Dec/2023:06:11:16 -0500] "GET /BLA/resoluciones/Notificaciones/AUTOS%202021/4211.pdf HTTP/1.0" 200 351366
156.59.198.135 - - [30/Dec/2023:06:11:40 -0500] "GET /BLA/resoluciones/Notificaciones/AUTOS%202021/03385.pdf HTTP/1.0" 200 378559
156.59.198.135 - - [30/Dec/2023:06:12:05 -0500] "GET /BLA/resoluciones/Notificaciones/AUTOS%202019/04954.pdf HTTP/1.0" 200 242094
156.59.198.136 - - [30/Dec/2023:06:12:29 -0500] "GET /BLA/resoluciones/Notificaciones/AUTOS%202020/4537.pdf HTTP/1.0" 200 358382
172.22.2.4 - - [30/Dec/2023:06:11:13 -0500] "HEAD /BLA/boletinlegal/ HTTP/1.1" 200 -
156.59.198.136 - - [30/Dec/2023:06:12:54 -0500] "GET /BLA/resoluciones/Notificaciones/AUTOS%202021/4014.pdf HTTP/1.0" 200 332670
156.59.198.135 - - [30/Dec/2023:06:13:19 -0500] "GET /BLA/resoluciones/Notificaciones/AUTOS%202021/0509.pdf HTTP/1.0" 200 398322
156.59.198.136 - - [30/Dec/2023:06:13:43 -0500] "GET /BLA/resoluciones/RESOLUCIONES%202007/RES%202007%201%20AL%20100/RESOLUCION%200088%20DE%202007.pdf HTTP/1.0" 200 349816
172.22.2.4 - - [30/Dec/2023:06:12:03 -0500] "GET /BLA/boletinlegal/ HTTP/1.1" 200 58567
156.59.198.135 - - [30/Dec/2023:06:14:08 -0500] "GET /BLA/resoluciones/Notificaciones/AUTOS%202017/05063.pdf HTTP/1.0" 200 290844
156.59.198.136 - - [30/Dec/2023:06:14:32 -0500] "GET /BLA/resoluciones/Notificaciones/AUTOS%202020/3872.pdf HTTP/1.0" 200 358176
216.244.66.195 - - [30/Dec/2023:06:14:48 -0500] "GET /BLA/resoluciones/RESOLUCIONES%202014/1016.pdf HTTP/1.1" 200 431810
156.59.198.135 - - [30/Dec/2023:06:14:55 -0500] "GET /BLA/resoluciones/Notificaciones/AUTOS%202021/5778.pdf HTTP/1.0" 200 343364
156.59.198.136 - - [30/Dec/2023:06:15:20 -0500] "GET /BLA/resoluciones/Notificaciones/AUTOS%202023/2280.pdf HTTP/1.0" 200 407384
201.245.192.253 - - [30/Dec/2023:06:15:41 -0500] "POST /kwsrmcab/Wsrmcab  HTTP/1.1" 200 36178
156.59.198.135 - - [30/Dec/2023:06:15:44 -0500] "GET /BLA/resoluciones/RESOLUCIONES%202007/RES%202007%20301%20AL%20400/RESOLUCION%200378%20DE%202007.pdf HTTP/1.0" 200 643335
201.245.192.253 - - [30/Dec/2023:06:15:48 -0500] "POST /kwsrmcab/Wsrmcab HTTP/1.1" 200 36495
201.245.192.253 - - [30/Dec/2023:06:15:51 -0500] "POST /kwsrmcab/Wsrmcab HTTP/1.1" 200 36810
216.245.221.92 - - [30/Dec/2023:06:16:03 -0500] "HEAD / HTTP/1.1" 200 -
40.77.167.53 - - [30/Dec/2023:06:16:05 -0500] "GET /Publicaciones/2023EE209993.pdf HTTP/1.1" 404 228
156.59.198.136 - - [30/Dec/2023:06:16:08 -0500] "GET /BLA/resoluciones/Notificaciones/AUTOS%202021/3612.pdf HTTP/1.0" 200 345972
156.59.198.135 - - [30/Dec/2023:06:16:33 -0500] "GET /BLA/resoluciones/Notificaciones/AUTOS%202021/3211.pdf HTTP/1.0" 200 319107
156.59.198.136 - - [30/Dec/2023:06:16:57 -0500] "GET /BLA/resoluciones/Notificaciones/AUTOS%202019/4008.pdf HTTP/1.0" 200 242393
156.59.198.135 - - [30/Dec/2023:06:17:22 -0500] "GET /BLA/resoluciones/Notificaciones/AUTOS%202017/00442.doc HTTP/1.0" 200 1071415
156.59.198.136 - - [30/Dec/2023:06:17:46 -0500] "GET /BLA/resoluciones/Notificaciones/AUTOS%202017/00928.pdf HTTP/1.0" 200 594605
156.59.198.136 - - [30/Dec/2023:06:18:09 -0500] "GET /BLA/resoluciones/Notificaciones/AUTOS%202019/1768.pdf HTTP/1.0" 200 229801
156.59.198.136 - - [30/Dec/2023:06:18:36 -0500] "GET /BLA/resoluciones/Notificaciones/AUTOS%202017/00923.doc HTTP/1.0" 200 3317569
172.22.2.4 - - [30/Dec/2023:06:17:03 -0500] "HEAD /BLA/boletinlegal/ HTTP/1.1" 200 -
156.59.198.136 - - [30/Dec/2023:06:19:00 -0500] "GET /BLA/resoluciones/Notificaciones/REGISTROS%202022/01725.pdf HTTP/1.0" 200 403945
156.59.198.136 - - [30/Dec/2023:06:19:24 -0500] "GET /BLA/resoluciones/RESOLUCIONES%202007/RES%202007%203001%20AL%203100/RESOLUCION%203009%20DE%202007.pdf HTTP/1.0" 200 166753
172.22.2.4 - - [30/Dec/2023:06:17:53 -0500] "GET /BLA/boletinlegal/ HTTP/1.1" 200 58567
156.59.198.135 - - [30/Dec/2023:06:19:48 -0500] "GET /BLA/resoluciones/RESOLUCIONES%202007/RES%202007%203601%20AL%203700/RESOLUCION%203690%20DE%202007.pdf HTTP/1.0" 200 191866
201.245.192.253 - - [30/Dec/2023:06:19:53 -0500] "POST /kwsrmcab/Wsrmcab HTTP/1.1" 200 36495
201.245.192.253 - - [30/Dec/2023:06:19:58 -0500] "POST /kwsrmcab/Wsrmcab HTTP/1.1" 200 36810
156.59.198.135 - - [30/Dec/2023:06:20:13 -0500] "GET /BLA/resoluciones/Notificaciones/AUTOS%202017/03624.pdf HTTP/1.0" 200 277171
156.59.198.136 - - [30/Dec/2023:06:20:37 -0500] "GET /BLA/resoluciones/Notificaciones/AUTOS%202021/4828.pdf HTTP/1.0" 200 321468
201.245.192.253 - - [30/Dec/2023:06:20:41 -0500] "POST /kwsrmcab/Wsrmcab  HTTP/1.1" 200 36178
156.59.198.135 - - [30/Dec/2023:06:21:02 -0500] "GET /BLA/resoluciones/Notificaciones/AUTOS%202022/4946.pdf HTTP/1.0" 200 395906
216.245.221.92 - - [30/Dec/2023:06:21:03 -0500] "HEAD / HTTP/1.1" 200 -
156.59.198.136 - - [30/Dec/2023:06:21:27 -0500] "GET /BLA/resoluciones/RESOLUCIONES%202007/RES%202007%203001%20AL%203100/RESOLUCION%203060%20DE%202007.pdf HTTP/1.0" 200 412006
156.59.198.135 - - [30/Dec/2023:06:21:50 -0500] "GET /BLA/resoluciones/Notificaciones/AUTOS%202017/01606.pdf HTTP/1.0" 200 323043
52.167.144.190 - - [30/Dec/2023:06:21:57 -0500] "GET /BLA/resoluciones/RESOLUCIONES%202022/5107.pdf HTTP/1.1" 200 381199
156.59.198.136 - - [30/Dec/2023:06:22:15 -0500] "GET /BLA/resoluciones/Notificaciones/RESOLUCIONES%202021/1423.pdf HTTP/1.0" 200 368608
156.59.198.135 - - [30/Dec/2023:06:22:39 -0500] "GET /BLA/resoluciones/RESOLUCIONES%202007/RES%202007%203701%20AL%203800/RESOLUCION%203706%20DE%202007.pdf HTTP/1.0" 200 121446
172.22.2.4 - - [30/Dec/2023:06:22:55 -0500] "GET /BLA/boletinlegal/sipse/ HTTP/1.1" 404 1159
156.59.198.135 - - [30/Dec/2023:06:23:03 -0500] "GET /BLA/resoluciones/Notificaciones/AUTOS%202017/01360.pdf HTTP/1.0" 200 321234
31.13.115.118 - - [30/Dec/2023:06:23:15 -0500] "GET /alcaldia-de-bogota-y-fundacion-exito-entregaron-en-ciudad-bolivar-la-primera-terraza-verde-de-la-capital.html HTTP/1.1" 200 852
31.13.115.117 - - [30/Dec/2023:06:23:15 -0500] "GET /alcaldia-de-bogota-y-fundacion-exito-entregaron-en-ciudad-bolivar-la-primera-terraza-verde-de-la-capital.html HTTP/1.1" 206 852
173.252.83.113 - - [30/Dec/2023:06:23:20 -0500] "GET /alcaldia-de-bogota-y-fundacion-exito-entregaron-en-ciudad-bolivar-la-primera-terraza-verde-de-la-capital.html HTTP/1.1" 200 852
31.13.115.118 - - [30/Dec/2023:06:23:23 -0500] "GET /alcaldia-de-bogota-y-fundacion-exito-entregaron-en-ciudad-bolivar-la-primera-terraza-verde-de-la-capital.html HTTP/1.1" 200 852
156.59.198.135 - - [30/Dec/2023:06:23:28 -0500] "GET /BLA/resoluciones/Notificaciones/AUTOS%202017/03984.pdf HTTP/1.0" 200 278357
156.59.198.135 - - [30/Dec/2023:06:23:52 -0500] "GET /BLA/resoluciones/Notificaciones/AUTOS%202017/01095.pdf HTTP/1.0" 200 289053
156.59.198.136 - - [30/Dec/2023:06:24:18 -0500] "GET /BLA/resoluciones/Notificaciones/AUTOS%202022/0260.pdf HTTP/1.0" 200 371262
172.22.2.4 - - [30/Dec/2023:06:22:53 -0500] "HEAD /BLA/boletinlegal/ HTTP/1.1" 200 -
156.59.198.136 - - [30/Dec/2023:06:24:41 -0500] "GET /BLA/resoluciones/RESOLUCIONES%202007/RES%202007%202601%20AL%202700/RESOLUCION%202696%20DE%202007.pdf HTTP/1.0" 200 240762
156.59.198.135 - - [30/Dec/2023:06:25:05 -0500] "GET /BLA/resoluciones/Notificaciones/AUTOS%202022/03830.pdf HTTP/1.0" 200 654877
172.22.2.4 - - [30/Dec/2023:06:23:43 -0500] "GET /BLA/boletinlegal/ HTTP/1.1" 200 59682
156.59.198.136 - - [30/Dec/2023:06:25:30 -0500] "GET /BLA/resoluciones/RESOLUCIONES%202020/1754.pdf HTTP/1.0" 200 398332
201.245.192.253 - - [30/Dec/2023:06:25:40 -0500] "POST /kwsrmcab/Wsrmcab  HTTP/1.1" 200 36178
201.245.192.253 - - [30/Dec/2023:06:25:48 -0500] "POST /kwsrmcab/Wsrmcab HTTP/1.1" 200 36495
201.245.192.253 - - [30/Dec/2023:06:25:51 -0500] "POST /kwsrmcab/Wsrmcab HTTP/1.1" 200 36810
156.59.198.136 - - [30/Dec/2023:06:25:54 -0500] "GET /BLA/resoluciones/Notificaciones/AUTOS%202022/0958.pdf HTTP/1.0" 200 395268
216.245.221.92 - - [30/Dec/2023:06:26:03 -0500] "HEAD / HTTP/1.1" 200 -
156.59.198.136 - - [30/Dec/2023:06:26:18 -0500] "GET /BLA/resoluciones/Notificaciones/AUTOS%202021/2159.pdf HTTP/1.0" 200 324389
156.59.198.136 - - [30/Dec/2023:06:26:43 -0500] "GET /BLA/resoluciones/Notificaciones/AUTOS%202019/3493.pdf HTTP/1.0" 200 580610
173.252.127.2 - - [30/Dec/2023:06:27:06 -0500] "GET /images/negocios-verdes-mayo-2022.jpg HTTP/1.1" 200 48000
156.59.198.136 - - [30/Dec/2023:06:27:07 -0500] "GET /BLA/resoluciones/Notificaciones/REGISTROS%202022/02523.pdf HTTP/1.0" 200 348295
66.249.66.21 - - [30/Dec/2023:06:27:19 -0500] "GET /BLA/resoluciones/Autos%202008/1313.pdf HTTP/1.1" 200 315430
156.59.198.136 - - [30/Dec/2023:06:27:32 -0500] "GET /BLA/resoluciones/Notificaciones/AUTOS%202022/5738.pdf HTTP/1.0" 200 451244
52.167.144.211 - - [30/Dec/2023:06:27:35 -0500] "GET /BLA/resoluciones/AUTOS%202023/7271.pdf HTTP/1.1" 200 408514
156.59.198.135 - - [30/Dec/2023:06:27:55 -0500] "GET /BLA/resoluciones/Notificaciones/AUTOS%202022/7997.pdf HTTP/1.0" 200 636792
156.59.198.135 - - [30/Dec/2023:06:28:19 -0500] "GET /BLA/resoluciones/Notificaciones/AUTOS%202019/3072.pdf HTTP/1.0" 200 268368
156.59.198.136 - - [30/Dec/2023:06:28:43 -0500] "GET /BLA/resoluciones/Notificaciones/AUTOS%202022/4909.pdf HTTP/1.0" 200 394497
156.59.198.136 - - [30/Dec/2023:06:29:07 -0500] "GET /BLA/resoluciones/Notificaciones/AUTOS%202021/2964.pdf HTTP/1.0" 200 306513
156.59.198.135 - - [30/Dec/2023:06:29:32 -0500] "GET /BLA/resoluciones/Notificaciones/AUTOS%202019/1669.pdf HTTP/1.0" 200 246792
201.245.192.253 - - [30/Dec/2023:06:29:53 -0500] "POST /kwsrmcab/Wsrmcab HTTP/1.1" 200 36495
156.59.198.136 - - [30/Dec/2023:06:29:56 -0500] "GET /BLA/resoluciones/Notificaciones/AUTOS%202022/2018.pdf HTTP/1.0" 200 396582
201.245.192.253 - - [30/Dec/2023:06:29:57 -0500] "POST /kwsrmcab/Wsrmcab HTTP/1.1" 200 36810
156.59.198.135 - - [30/Dec/2023:06:30:20 -0500] "GET /BLA/resoluciones/Notificaciones/AUTOS%202022/3051.pdf HTTP/1.0" 200 384848
172.22.2.4 - - [30/Dec/2023:06:28:43 -0500] "HEAD /BLA/boletinlegal/ HTTP/1.1" 200 -
201.245.192.253 - - [30/Dec/2023:06:30:39 -0500] "POST /kwsrmcab/Wsrmcab  HTTP/1.1" 200 36178
156.59.198.136 - - [30/Dec/2023:06:30:45 -0500] "GET /BLA/resoluciones/Notificaciones/AUTOS%202022/3688.pdf HTTP/1.0" 200 403602
216.245.221.92 - - [30/Dec/2023:06:31:03 -0500] "HEAD / HTTP/1.1" 200 -
156.59.198.136 - - [30/Dec/2023:06:31:08 -0500] "GET /BLA/resoluciones/Notificaciones/AUTOS%202019/2561.pdf HTTP/1.0" 200 258388
172.22.2.4 - - [30/Dec/2023:06:29:33 -0500] "GET /BLA/boletinlegal/ HTTP/1.1" 200 58172
156.59.198.136 - - [30/Dec/2023:06:31:33 -0500] "GET /BLA/resoluciones/RESOLUCIONES%202007/RES%202007%202601%20AL%202700/RESOLUCION%202680%20DE%202007.pdf HTTP/1.0" 200 191844
156.59.198.136 - - [30/Dec/2023:06:31:57 -0500] "GET /BLA/resoluciones/Notificaciones/AUTOS%202017/03371.pdf HTTP/1.0" 200 347056
156.59.198.135 - - [30/Dec/2023:06:32:21 -0500] "GET /BLA/resoluciones/Notificaciones/AUTOS%202021/3352.pdf HTTP/1.0" 200 360131
156.59.198.136 - - [30/Dec/2023:06:32:46 -0500] "GET /BLA/resoluciones/Notificaciones/AUTOS%202019/4572.pdf HTTP/1.0" 200 1349689
40.77.167.235 - - [30/Dec/2023:06:32:48 -0500] "GET /portaldeninos/agua-y-estructura-ecologica-principal/ HTTP/1.1" 200 87488
156.59.198.136 - - [30/Dec/2023:06:33:09 -0500] "GET /BLA/resoluciones/Notificaciones/AUTOS%202021/3852.pdf HTTP/1.0" 200 420740
156.59.198.135 - - [30/Dec/2023:06:33:34 -0500] "GET /BLA/resoluciones/Notificaciones/AUTOS%202019/2838.pdf HTTP/1.0" 200 263143
156.59.198.135 - - [30/Dec/2023:06:33:58 -0500] "GET /BLA/resoluciones/Notificaciones/AUTOS%202021/2485.pdf HTTP/1.0" 200 319612
156.59.198.136 - - [30/Dec/2023:06:34:22 -0500] "GET /BLA/resoluciones/Notificaciones/AUTOS%202019/03672.pdf HTTP/1.0" 200 312708
156.59.198.136 - - [30/Dec/2023:06:34:48 -0500] "GET /BLA/resoluciones/Notificaciones/AUTOS%202022/1346.pdf HTTP/1.0" 200 361577
156.59.198.135 - - [30/Dec/2023:06:35:13 -0500] "GET /BLA/resoluciones/AUTOS%202016/3174.pdf HTTP/1.0" 200 345488
156.59.198.135 - - [30/Dec/2023:06:35:39 -0500] "GET /BLA/resoluciones/Notificaciones/AUTOS%202021/4178.pdf HTTP/1.0" 200 316971
201.245.192.253 - - [30/Dec/2023:06:35:37 -0500] "POST /kwsrmcab/Wsrmcab  HTTP/1.1" 200 36178
201.245.192.253 - - [30/Dec/2023:06:35:48 -0500] "POST /kwsrmcab/Wsrmcab HTTP/1.1" 200 36495
201.245.192.253 - - [30/Dec/2023:06:35:51 -0500] "POST /kwsrmcab/Wsrmcab HTTP/1.1" 200 36810
216.245.221.92 - - [30/Dec/2023:06:36:03 -0500] "HEAD / HTTP/1.1" 200 -
156.59.198.136 - - [30/Dec/2023:06:36:04 -0500] "GET /BLA/resoluciones/Notificaciones/AUTOS%202022/0351.pdf HTTP/1.0" 200 408020
172.22.2.4 - - [30/Dec/2023:06:34:33 -0500] "HEAD /BLA/boletinlegal/ HTTP/1.1" 200 -
156.59.198.136 - - [30/Dec/2023:06:36:28 -0500] "GET /BLA/resoluciones/AUTOS%202013/1020.pdf HTTP/1.0" 200 325130
156.59.198.135 - - [30/Dec/2023:06:36:52 -0500] "GET /BLA/resoluciones/Notificaciones/AUTOS%202017/01343.pdf HTTP/1.0" 200 226192
191.156.51.24 - - [30/Dec/2023:06:37:00 -0500] "GET /derechos-de-construccion-estrategia-del-distrito-para-adquirir-predios-privados-en-la-van-der-hammen-y-los-cerros-orientales.html HTTP/1.1" 200 912
172.22.2.4 - - [30/Dec/2023:06:35:23 -0500] "GET /BLA/boletinlegal/ HTTP/1.1" 200 58567
156.59.198.136 - - [30/Dec/2023:06:37:17 -0500] "GET /BLA/resoluciones/RESOLUCIONES%202007/RES%202007%203001%20AL%203100/RESOLUCION%203042%20DE%202007.pdf HTTP/1.0" 200 194805
156.59.198.136 - - [30/Dec/2023:06:37:41 -0500] "GET /BLA/resoluciones/Notificaciones/AUTOS%202017/03970.pdf HTTP/1.0" 200 289544
156.59.198.136 - - [30/Dec/2023:06:38:04 -0500] "GET /BLA/resoluciones/RESOLUCIONES%202020/2279.pdf HTTP/1.0" 200 398484
216.244.66.195 - - [30/Dec/2023:06:38:23 -0500] "GET /robots.txt HTTP/1.1" 404 1018
156.59.198.136 - - [30/Dec/2023:06:38:30 -0500] "GET /BLA/resoluciones/Notificaciones/AUTOS%202021/0933.pdf HTTP/1.0" 200 350148
156.59.198.136 - - [30/Dec/2023:06:38:55 -0500] "GET /BLA/resoluciones/Notificaciones/AUTOS%202019/4050.pdf HTTP/1.0" 200 282422
40.77.167.7 - - [30/Dec/2023:06:38:57 -0500] "GET /galeria/galeria/jquery.fancybox.js?v=2.1.5 HTTP/1.1" 200 48706
40.77.167.15 - - [30/Dec/2023:06:39:02 -0500] "GET /galeria/galeria/jquery.fancybox.css?v=2.1.5 HTTP/1.1" 200 4895
156.59.198.136 - - [30/Dec/2023:06:39:19 -0500] "GET /BLA/resoluciones/Notificaciones/AUTOS%202021/3350.pdf HTTP/1.0" 200 370984
156.59.198.135 - - [30/Dec/2023:06:39:43 -0500] "GET /BLA/resoluciones/RESOLUCIONES%202007/RES%202007%203701%20AL%203800/RESOLUCION%203792%20DE%202007.pdf HTTP/1.0" 200 460821
201.245.192.253 - - [30/Dec/2023:06:39:53 -0500] "POST /kwsrmcab/Wsrmcab HTTP/1.1" 200 36495
201.245.192.253 - - [30/Dec/2023:06:39:58 -0500] "POST /kwsrmcab/Wsrmcab HTTP/1.1" 200 36810
156.59.198.136 - - [30/Dec/2023:06:40:07 -0500] "GET /BLA/resoluciones/Notificaciones/AUTOS%202021/3297.pdf HTTP/1.0" 200 344231
52.167.144.203 - - [30/Dec/2023:06:40:15 -0500] "GET /BLA/resoluciones/RESOLUCIONES%202021/4048.pdf HTTP/1.1" 304 -
156.59.198.136 - - [30/Dec/2023:06:40:32 -0500] "GET /BLA/resoluciones/Notificaciones/AUTOS%202022/8404.pdf HTTP/1.0" 200 1754330
201.245.192.253 - - [30/Dec/2023:06:40:36 -0500] "POST /kwsrmcab/Wsrmcab  HTTP/1.1" 200 36178
156.59.198.136 - - [30/Dec/2023:06:40:55 -0500] "GET /BLA/resoluciones/Notificaciones/AUTOS%202019/3993.pdf HTTP/1.0" 200 226993
216.245.221.92 - - [30/Dec/2023:06:41:03 -0500] "HEAD / HTTP/1.1" 200 -
156.59.198.136 - - [30/Dec/2023:06:41:19 -0500] "GET /BLA/resoluciones/RESOLUCIONES%202007/RES%202007%202601%20AL%202700/RESOLUCION%202637%20DE%202007.pdf HTTP/1.0" 200 730552
52.167.144.184 - - [30/Dec/2023:06:41:20 -0500] "GET /BLA/resoluciones/RESOLUCIONES%202021/3362.pdf HTTP/1.1" 200 470442
156.59.198.136 - - [30/Dec/2023:06:41:44 -0500] "GET /BLA/resoluciones/Notificaciones/AUTOS%202017/03396.pdf HTTP/1.0" 200 283668
172.22.2.4 - - [30/Dec/2023:06:40:23 -0500] "HEAD /BLA/boletinlegal/ HTTP/1.1" 200 -
156.59.198.136 - - [30/Dec/2023:06:42:10 -0500] "GET /BLA/resoluciones/Notificaciones/AUTOS%202017/04441.pdf HTTP/1.0" 200 277726
156.59.198.135 - - [30/Dec/2023:06:42:33 -0500] "GET /BLA/resoluciones/Notificaciones/AUTOS%202017/01010.doc HTTP/1.0" 200 300593
172.22.2.4 - - [30/Dec/2023:06:41:13 -0500] "GET /BLA/boletinlegal/ HTTP/1.1" 200 58172
156.59.198.136 - - [30/Dec/2023:06:42:58 -0500] "GET /BLA/resoluciones/Notificaciones/AUTOS%202022/2173.pdf HTTP/1.0" 200 395096
156.59.198.136 - - [30/Dec/2023:06:43:22 -0500] "GET /BLA/resoluciones/Notificaciones/AUTOS%202019/1280.pdf HTTP/1.0" 200 1637706
156.59.198.135 - - [30/Dec/2023:06:43:46 -0500] "GET /BLA/resoluciones/Notificaciones/AUTOS%202019/1363.pdf HTTP/1.0" 200 218266
162.55.162.137 - - [30/Dec/2023:06:43:47 -0500] "GET / HTTP/1.1" 200 319
162.55.162.137 - - [30/Dec/2023:06:43:51 -0500] "GET / HTTP/1.1" 200 4720
66.249.66.20 - - [30/Dec/2023:06:44:03 -0500] "GET /BLA/resoluciones/AUTOS%202014/1350.pdf HTTP/1.1" 200 677937
156.59.198.136 - - [30/Dec/2023:06:44:11 -0500] "GET /BLA/resoluciones/Notificaciones/AUTOS%202017/03324.pdf HTTP/1.0" 200 316675
156.59.198.136 - - [30/Dec/2023:06:44:35 -0500] "GET /BLA/resoluciones/Notificaciones/AUTOS%202021/2244.pdf HTTP/1.0" 200 333274
156.59.198.136 - - [30/Dec/2023:06:44:59 -0500] "GET /BLA/resoluciones/Notificaciones/AUTOS%202022/04828.pdf HTTP/1.0" 200 340344
156.59.198.135 - - [30/Dec/2023:06:45:24 -0500] "GET /BLA/resoluciones/Notificaciones/AUTOS%202021/4979.pdf HTTP/1.0" 200 353179
201.245.192.253 - - [30/Dec/2023:06:45:34 -0500] "POST /kwsrmcab/Wsrmcab  HTTP/1.1" 200 36178
156.59.198.136 - - [30/Dec/2023:06:45:48 -0500] "GET /BLA/resoluciones/RESOLUCIONES%202007/RES%202007%201301%20AL%201400/RESOLUCION%201367%20DE%202007.pdf HTTP/1.0" 200 391596
216.245.221.92 - - [30/Dec/2023:06:46:02 -0500] "HEAD / HTTP/1.1" 200 -
156.59.198.135 - - [30/Dec/2023:06:46:12 -0500] "GET /BLA/resoluciones/Notificaciones/AUTOS%202021/3000.pdf HTTP/1.0" 200 366090
156.59.198.136 - - [30/Dec/2023:06:46:36 -0500] "GET /BLA/resoluciones/Notificaciones/AUTOS%202019/3082.pdf HTTP/1.0" 200 258150
167.94.138.52 - - [30/Dec/2023:06:46:47 -0500] "GET / HTTP/1.1" 200 319
167.94.138.52 - - [30/Dec/2023:06:46:50 -0500] "GET / HTTP/1.1" 200 319
167.94.138.52 - - [30/Dec/2023:06:46:51 -0500] "PRI * HTTP/2.0" 400 946
167.94.138.52 - - [30/Dec/2023:06:46:51 -0500] "GET /favicon.ico HTTP/1.1" 200 7782
156.59.198.135 - - [30/Dec/2023:06:47:00 -0500] "GET /BLA/resoluciones/RESOLUCIONES%202020/3038.pdf HTTP/1.0" 200 518010
156.59.198.136 - - [30/Dec/2023:06:47:25 -0500] "GET /BLA/resoluciones/Notificaciones/AUTOS%202020/2328.pdf HTTP/1.0" 200 348875
156.59.198.136 - - [30/Dec/2023:06:47:49 -0500] "GET /BLA/resoluciones/Notificaciones/AUTOS%202021/1852.pdf HTTP/1.0" 200 431623
172.22.2.4 - - [30/Dec/2023:06:46:13 -0500] "HEAD /BLA/boletinlegal/ HTTP/1.1" 200 -
156.59.198.135 - - [30/Dec/2023:06:48:14 -0500] "GET /BLA/resoluciones/RESOLUCIONES%202007/RES%202007%201301%20AL%201400/RESOLUCION%201319%20DE%202007.pdf HTTP/1.0" 200 216860
156.59.198.135 - - [30/Dec/2023:06:48:38 -0500] "GET /BLA/resoluciones/Notificaciones/AUTOS%202017/04529.pdf HTTP/1.0" 200 270502
172.22.2.4 - - [30/Dec/2023:06:47:03 -0500] "GET /BLA/boletinlegal/ HTTP/1.1" 200 58172
156.59.198.136 - - [30/Dec/2023:06:49:02 -0500] "GET /BLA/resoluciones/Notificaciones/AUTOS%202021/6048.pdf HTTP/1.0" 200 356552
156.59.198.136 - - [30/Dec/2023:06:49:27 -0500] "GET /BLA/resoluciones/Notificaciones/AUTOS%202017/1389.pdf HTTP/1.0" 200 321429
156.59.198.136 - - [30/Dec/2023:06:49:52 -0500] "GET /BLA/resoluciones/Notificaciones/AUTOS%202021/4516.pdf HTTP/1.0" 200 372844
156.59.198.135 - - [30/Dec/2023:06:50:16 -0500] "GET /BLA/resoluciones/Notificaciones/AUTOS%202017/03229.pdf HTTP/1.0" 200 780535
201.245.192.253 - - [30/Dec/2023:06:50:32 -0500] "POST /kwsrmcab/Wsrmcab  HTTP/1.1" 200 36178
156.59.198.135 - - [30/Dec/2023:06:50:41 -0500] "GET /BLA/resoluciones/Notificaciones/AUTOS%202017/05286.pdf HTTP/1.0" 200 317865
216.245.221.92 - - [30/Dec/2023:06:51:02 -0500] "HEAD / HTTP/1.1" 200 -
47.128.113.170 - - [30/Dec/2023:06:51:06 -0500] "GET /BLA/resoluciones/index.php?dir=RESOLUCIONES%202006%2FRES%202006%20551-600%2F&order=desc&sort=size HTTP/1.1" 200 12249
47.128.113.170 - - [30/Dec/2023:06:51:07 -0500] "GET /BLA/resoluciones/dlf/dirup.png HTTP/1.1" 200 644
47.128.113.170 - - [30/Dec/2023:06:51:07 -0500] "GET /BLA/resoluciones/dlf/unknown.png HTTP/1.1" 200 266
156.59.198.136 - - [30/Dec/2023:06:51:30 -0500] "GET /BLA/resoluciones/Notificaciones/AUTOS%202021/4092.pdf HTTP/1.0" 200 523057
156.59.198.136 - - [30/Dec/2023:06:51:54 -0500] "GET /BLA/resoluciones/Notificaciones/AUTOS%202021/1902.pdf HTTP/1.0" 200 344020
156.59.198.135 - - [30/Dec/2023:06:52:19 -0500] "GET /BLA/resoluciones/RESOLUCIONES%202007/RES%202007%201301%20AL%201400/RESOLUCION%201394%20DE%202007.pdf HTTP/1.0" 200 329002
156.59.198.135 - - [30/Dec/2023:06:52:43 -0500] "GET /BLA/resoluciones/Notificaciones/AUTOS%202019/2675.pdf HTTP/1.0" 200 254687
156.59.198.135 - - [30/Dec/2023:06:53:07 -0500] "GET /BLA/resoluciones/Notificaciones/AUTOS%202021/5793.pdf HTTP/1.0" 200 346000
156.59.198.136 - - [30/Dec/2023:06:53:31 -0500] "GET /BLA/resoluciones/Notificaciones/AUTOS%202022/4391.pdf HTTP/1.0" 200 397864
172.22.2.4 - - [30/Dec/2023:06:52:03 -0500] "HEAD /BLA/boletinlegal/ HTTP/1.1" 200 -
156.59.198.135 - - [30/Dec/2023:06:53:56 -0500] "GET /BLA/resoluciones/Notificaciones/AUTOS%202017/01800.pdf HTTP/1.0" 200 283105
66.249.66.20 - - [30/Dec/2023:06:54:02 -0500] "GET /BLA/resoluciones/Notificaciones/RESOLUCIONES%202022/5244.pdf HTTP/1.1" 200 402762
156.59.198.135 - - [30/Dec/2023:06:54:20 -0500] "GET /BLA/resoluciones/Notificaciones/AUTOS%202017/04116.pdf HTTP/1.0" 200 307398
172.22.2.4 - - [30/Dec/2023:06:52:53 -0500] "GET /BLA/boletinlegal/ HTTP/1.1" 200 60910
156.59.198.135 - - [30/Dec/2023:06:54:45 -0500] "GET /BLA/resoluciones/Notificaciones/AUTOS%202022/1518.pdf HTTP/1.0" 200 662834
156.59.198.136 - - [30/Dec/2023:06:55:09 -0500] "GET /BLA/resoluciones/Notificaciones/AUTOS%202021/1369.pdf HTTP/1.0" 200 370969
66.249.65.6 - - [30/Dec/2023:06:55:24 -0500] "GET /robots.txt HTTP/1.1" 404 1034
66.249.65.4 - - [30/Dec/2023:06:55:24 -0500] "GET /mas-de-70-aves-de-corral-y-de-especies-no-convencionales-encontraron-un-hogar.html HTTP/1.1" 200 847
40.77.167.254 - - [30/Dec/2023:06:55:30 -0500] "GET /BLA/resoluciones/RESOLUCIONES%202022/2782.pdf HTTP/1.1" 200 415079
201.245.192.253 - - [30/Dec/2023:06:55:30 -0500] "POST /kwsrmcab/Wsrmcab  HTTP/1.1" 200 36178
156.59.198.136 - - [30/Dec/2023:06:55:33 -0500] "GET /BLA/resoluciones/RESOLUCIONES%202007/RES%202007%202601%20AL%202700/RESOLUCION%202676%20DE%202007.pdf HTTP/1.0" 200 266175
156.59.198.136 - - [30/Dec/2023:06:55:57 -0500] "GET /BLA/resoluciones/Notificaciones/AUTOS%202022/6762.pdf HTTP/1.0" 200 421772
216.245.221.92 - - [30/Dec/2023:06:56:02 -0500] "HEAD / HTTP/1.1" 200 -
156.59.198.136 - - [30/Dec/2023:06:56:22 -0500] "GET /BLA/resoluciones/RESOLUCIONES%202007/RES%202007%201801%20AL%201900/RESOLUCION%201872%20DE%202007.pdf HTTP/1.0" 200 447936
156.59.198.136 - - [30/Dec/2023:06:56:47 -0500] "GET /BLA/resoluciones/Notificaciones/AUTOS%202021/4020.pdf HTTP/1.0" 200 391253
156.59.198.136 - - [30/Dec/2023:06:57:11 -0500] "GET /BLA/resoluciones/Notificaciones/AUTOS%202017/03917.pdf HTTP/1.0" 200 230177
156.59.198.135 - - [30/Dec/2023:06:57:35 -0500] "GET /BLA/resoluciones/Notificaciones/AUTOS%202021/2561.pdf HTTP/1.0" 200 391968
156.59.198.136 - - [30/Dec/2023:06:57:59 -0500] "GET /BLA/resoluciones/RESOLUCIONES%202020/2039.pdf HTTP/1.0" 200 389595
156.59.198.136 - - [30/Dec/2023:06:58:24 -0500] "GET /BLA/resoluciones/RESOLUCIONES%202007/RES%202007%204101%20AL%204200/RESOLUCION%204169%20DE%202007.pdf HTTP/1.0" 200 340560
156.59.198.135 - - [30/Dec/2023:06:58:48 -0500] "GET /BLA/resoluciones/Notificaciones/AUTOS%202022/6648.pdf HTTP/1.0" 200 987528
66.249.66.20 - - [30/Dec/2023:06:59:02 -0500] "GET /BLA/resoluciones/AUTOS%202012/1055.pdf HTTP/1.1" 200 210353
156.59.198.136 - - [30/Dec/2023:06:59:12 -0500] "GET /BLA/resoluciones/Notificaciones/AUTOS%202021/3316.pdf HTTP/1.0" 200 377717
172.22.2.4 - - [30/Dec/2023:06:57:53 -0500] "HEAD /BLA/boletinlegal/ HTTP/1.1" 200 -
156.59.198.135 - - [30/Dec/2023:06:59:37 -0500] "GET /BLA/resoluciones/Notificaciones/AUTOS%202022/1292.pdf HTTP/1.0" 200 346950
156.59.198.136 - - [30/Dec/2023:07:00:02 -0500] "GET /BLA/resoluciones/RESOLUCIONES%202007/RES%202007%202601%20AL%202700/RESOLUCION%202615%20DE%202007.pdf HTTP/1.0" 200 319214
172.22.2.4 - - [30/Dec/2023:06:58:43 -0500] "GET /BLA/boletinlegal/ HTTP/1.1" 200 58567
156.59.198.136 - - [30/Dec/2023:07:00:26 -0500] "GET /BLA/resoluciones/RESOLUCIONES%202020/2139.pdf HTTP/1.0" 200 432423
201.245.192.253 - - [30/Dec/2023:07:00:30 -0500] "POST /kwsrmcab/Wsrmcab  HTTP/1.1" 200 36178
156.59.198.136 - - [30/Dec/2023:07:00:49 -0500] "GET /BLA/resoluciones/Notificaciones/AUTOS%202019/2925.pdf HTTP/1.0" 200 290731
216.245.221.92 - - [30/Dec/2023:07:01:02 -0500] "HEAD / HTTP/1.1" 200 -
156.59.198.136 - - [30/Dec/2023:07:01:14 -0500] "GET /BLA/resoluciones/RESOLUCIONES%202007/RES%202007%201301%20AL%201400/RESOLUCION%201338%20DE%202007.pdf HTTP/1.0" 200 26666
156.59.198.135 - - [30/Dec/2023:07:01:38 -0500] "GET /BLA/resoluciones/Notificaciones/AUTOS%202021/1623.pdf HTTP/1.0" 200 437854
156.59.198.136 - - [30/Dec/2023:07:02:02 -0500] "GET /BLA/resoluciones/Notificaciones/AUTOS%202021/3727.pdf HTTP/1.0" 200 318438
156.59.198.135 - - [30/Dec/2023:07:02:26 -0500] "GET /BLA/resoluciones/Notificaciones/AUTOS%202021/00343.pdf HTTP/1.0" 200 353248
66.249.66.20 - - [30/Dec/2023:07:02:32 -0500] "GET /BLA/resoluciones/Autos%202008/1968.pdf HTTP/1.1" 200 88322
52.167.144.209 - - [30/Dec/2023:07:02:41 -0500] "GET /BLA/resoluciones/RESOLUCIONES%202023/1481.pdf HTTP/1.1" 200 388317
66.249.66.20 - - [30/Dec/2023:07:02:48 -0500] "GET /Publicaciones/2023EE309847.pdf HTTP/1.1" 200 231862
156.59.198.136 - - [30/Dec/2023:07:02:51 -0500] "GET /BLA/resoluciones/Notificaciones/AUTOS%202019/4875.pdf HTTP/1.0" 200 376355
156.59.198.135 - - [30/Dec/2023:07:03:15 -0500] "GET /BLA/resoluciones/Notificaciones/AUTOS%202017/03986.pdf HTTP/1.0" 200 262453
156.59.198.136 - - [30/Dec/2023:07:03:39 -0500] "GET /BLA/resoluciones/RESOLUCIONES%202007/RES%202007%20301%20AL%20400/RESOLUCION%200316%20DE%202007.pdf HTTP/1.0" 200 288968
66.249.66.20 - - [30/Dec/2023:07:03:43 -0500] "GET /BLA/resoluciones/RESOLUCIONES%202012/0416.pdf HTTP/1.1" 200 412829
156.59.198.135 - - [30/Dec/2023:07:04:04 -0500] "GET /BLA/resoluciones/RESOLUCIONES%202007/RES%202007%203301%20AL%203400/RESOLUCION%203326%20DE%202007.pdf HTTP/1.0" 200 367029
156.59.198.136 - - [30/Dec/2023:07:04:28 -0500] "GET /BLA/resoluciones/Notificaciones/AUTOS%202019/2497.pdf HTTP/1.0" 200 562972
190.0.243.76 - - [30/Dec/2023:07:04:51 -0500] "GET /BLA/resoluciones/index.php?dir= HTTP/1.1" 200 13696
47.128.41.133 - - [30/Dec/2023:07:04:53 -0500] "GET /BLA/resoluciones/index.php?dir=Notificaciones%2FREGISTROS%202018%2F&order=desc&sort=date HTTP/1.1" 200 21643
47.128.41.133 - - [30/Dec/2023:07:04:54 -0500] "GET /BLA/resoluciones/dlf/dirup.png HTTP/1.1" 200 644
47.128.41.133 - - [30/Dec/2023:07:04:54 -0500] "GET /BLA/resoluciones/dlf/pdf.gif HTTP/1.1" 200 272
190.0.243.76 - - [30/Dec/2023:07:04:55 -0500] "GET /BLA/resoluciones/index.php?dir=AUTOS+2012%2F HTTP/1.1" 200 276967
156.59.198.136 - - [30/Dec/2023:07:05:16 -0500] "GET /BLA/resoluciones/AUTOS%202012/0290.pdf HTTP/1.0" 200 282728
172.22.2.4 - - [30/Dec/2023:07:03:43 -0500] "HEAD /BLA/boletinlegal/ HTTP/1.1" 200 -
201.245.192.253 - - [30/Dec/2023:07:05:29 -0500] "POST /kwsrmcab/Wsrmcab  HTTP/1.1" 200 36178
156.59.198.135 - - [30/Dec/2023:07:05:41 -0500] "GET /BLA/resoluciones/Notificaciones/AUTOS%202019/2353.pdf HTTP/1.0" 200 237311
216.245.221.92 - - [30/Dec/2023:07:06:02 -0500] "HEAD / HTTP/1.1" 200 -
156.59.198.135 - - [30/Dec/2023:07:06:04 -0500] "GET /BLA/resoluciones/Notificaciones/AUTOS%202021/3778.pdf HTTP/1.0" 200 354239
172.22.2.4 - - [30/Dec/2023:07:04:33 -0500] "GET /BLA/boletinlegal/ HTTP/1.1" 200 56873
66.249.66.19 - - [30/Dec/2023:07:06:25 -0500] "GET /BLA/resoluciones/RESOLUCIONES%202010/6047.pdf HTTP/1.1" 200 213407
156.59.198.135 - - [30/Dec/2023:07:06:29 -0500] "GET /BLA/resoluciones/RESOLUCIONES%202020/3043.pdf HTTP/1.0" 200 374630
156.59.198.136 - - [30/Dec/2023:07:06:53 -0500] "GET /BLA/resoluciones/Notificaciones/AUTOS%202019/3129.pdf HTTP/1.0" 200 297830
176.97.210.231 - - [30/Dec/2023:07:07:17 -0500] "GET / HTTP/1.1" 200 319
156.59.198.136 - - [30/Dec/2023:07:07:18 -0500] "GET /BLA/resoluciones/Notificaciones/AUTOS%202021/1378.pdf HTTP/1.0" 200 346472
66.249.66.19 - - [30/Dec/2023:07:07:30 -0500] "GET /BLA/resoluciones/RESOLUCIONES%202001/RESOLUCION%20311%20DE%202001.pdf HTTP/1.1" 200 398777
156.59.198.135 - - [30/Dec/2023:07:07:42 -0500] "GET /BLA/resoluciones/Notificaciones/AUTOS%202021/2663.pdf HTTP/1.0" 200 333575
156.59.198.136 - - [30/Dec/2023:07:08:06 -0500] "GET /BLA/resoluciones/Notificaciones/AUTOS%202021/706.pdf HTTP/1.0" 200 325189
156.59.198.135 - - [30/Dec/2023:07:08:32 -0500] "GET /BLA/resoluciones/RESOLUCIONES%202007/RES%202007%203001%20AL%203100/RESOLUCION%203081%20DE%202007.pdf HTTP/1.0" 200 334966
156.59.198.136 - - [30/Dec/2023:07:08:55 -0500] "GET /BLA/resoluciones/Notificaciones/AUTOS%202021/0869.pdf HTTP/1.0" 200 347856
216.244.66.195 - - [30/Dec/2023:07:08:57 -0500] "GET /BLA/resoluciones/Decretos/Decreto%20090%20de%2011%20marzo%20del%202019.pdf HTTP/1.1" 200 292481
156.59.198.135 - - [30/Dec/2023:07:09:20 -0500] "GET /BLA/resoluciones/Notificaciones/AUTOS%202021/4005.pdf HTTP/1.0" 200 1310775
156.59.198.136 - - [30/Dec/2023:07:09:44 -0500] "GET /BLA/resoluciones/Notificaciones/AUTOS%202019/4590.pdf HTTP/1.0" 200 356716
156.59.198.135 - - [30/Dec/2023:07:10:07 -0500] "GET /BLA/resoluciones/Notificaciones/AUTOS%202021/4867.pdf HTTP/1.0" 200 311751
201.245.192.253 - - [30/Dec/2023:07:10:27 -0500] "POST /kwsrmcab/Wsrmcab  HTTP/1.1" 200 36178
156.59.198.136 - - [30/Dec/2023:07:10:32 -0500] "GET /BLA/resoluciones/RESOLUCIONES%202020/2350.pdf HTTP/1.0" 200 382142
156.59.198.135 - - [30/Dec/2023:07:10:56 -0500] "GET /BLA/resoluciones/Notificaciones/AUTOS%202021/3831.pdf HTTP/1.0" 200 397258
216.245.221.92 - - [30/Dec/2023:07:11:02 -0500] "HEAD / HTTP/1.1" 200 -
172.22.2.4 - - [30/Dec/2023:07:09:33 -0500] "HEAD /BLA/boletinlegal/ HTTP/1.1" 200 -
156.59.198.135 - - [30/Dec/2023:07:11:21 -0500] "GET /BLA/resoluciones/Notificaciones/AUTOS%202021/05023.pdf HTTP/1.0" 200 318911
156.59.198.135 - - [30/Dec/2023:07:11:44 -0500] "GET /BLA/resoluciones/Notificaciones/AUTOS%202017/02365.pdf HTTP/1.0" 200 1421617
66.249.66.19 - - [30/Dec/2023:07:11:53 -0500] "GET /Publicaciones/2023EE235633.pdf HTTP/1.1" 404 228
172.22.2.4 - - [30/Dec/2023:07:10:24 -0500] "GET /BLA/boletinlegal/ HTTP/1.1" 200 58567
156.59.198.136 - - [30/Dec/2023:07:12:10 -0500] "GET /BLA/resoluciones/RESOLUCIONES%202000/0318.pdf HTTP/1.0" 200 502411
156.59.198.135 - - [30/Dec/2023:07:12:33 -0500] "GET /BLA/resoluciones/Notificaciones/AUTOS%202022/4029.pdf HTTP/1.0" 200 355896
191.102.198.52 - - [30/Dec/2023:07:12:41 -0500] "GET / HTTP/1.1" 200 4720
191.102.198.52 - - [30/Dec/2023:07:12:41 -0500] "GET /js/url.js HTTP/1.1" 404 1294
191.102.198.52 - - [30/Dec/2023:07:12:41 -0500] "GET /favicon.ico HTTP/1.1" 404 1294
156.59.198.136 - - [30/Dec/2023:07:12:59 -0500] "GET /BLA/resoluciones/RESOLUCIONES%202007/RES%202007%204101%20AL%204200/RESOLUCION%204142%20DE%202007.pdf HTTP/1.0" 200 438580
156.59.198.136 - - [30/Dec/2023:07:13:24 -0500] "GET /BLA/resoluciones/Notificaciones/AUTOS%202021/1974.pdf HTTP/1.0" 200 325779
66.249.66.19 - - [30/Dec/2023:07:13:27 -0500] "GET /BLA/resoluciones/RESOLUCIONES%202008/0701.pdf HTTP/1.1" 200 65589
156.59.198.135 - - [30/Dec/2023:07:13:48 -0500] "GET /BLA/resoluciones/Notificaciones/AUTOS%202019/2449.pdf HTTP/1.0" 200 490851
40.77.167.18 - - [30/Dec/2023:07:13:49 -0500] "GET /BLA/resoluciones/RESOLUCIONES%202022/3474.pdf HTTP/1.1" 200 360331
156.59.198.135 - - [30/Dec/2023:07:14:14 -0500] "GET /BLA/resoluciones/Notificaciones/AUTOS%202022/2248.pdf HTTP/1.0" 200 412716
156.59.198.135 - - [30/Dec/2023:07:14:37 -0500] "GET /BLA/resoluciones/RESOLUCIONES%202007/RES%202007%203001%20AL%203100/RESOLUCION%203036%20%20DE%202007.pdf HTTP/1.0" 200 851959
191.102.198.52 - - [30/Dec/2023:07:14:59 -0500] "POST /procesar.php HTTP/1.1" 200 1045
156.59.198.135 - - [30/Dec/2023:07:15:02 -0500] "GET /BLA/resoluciones/Notificaciones/AUTOS%202019/2832.pdf HTTP/1.0" 200 264765
191.102.198.52 - - [30/Dec/2023:07:15:07 -0500] "GET /el-distrito-inicio-la-implementacion-de-los-paisajes-sostenibles-una-estrategia-de-cuidado-ambiental-con-enfoque-agroecologico.html HTTP/1.1" 206 935
40.77.167.18 - - [30/Dec/2023:07:15:09 -0500] "GET /BLA/resoluciones/AUTOS%202021/3746.pdf HTTP/1.1" 304 -
