190.60.36.2 - - [30/Dec/2023:21:56:29 -0500] "POST /sipse/faces/presentacion/financiero/solicitudProceso/listarSolicitudProceso.xhtml HTTP/1.1" 200 31569
190.60.36.2 - - [30/Dec/2023:21:56:29 -0500] "POST /sipse/faces/presentacion/financiero/solicitudProceso/listarSolicitudProceso.xhtml HTTP/1.1" 200 19913
190.60.36.2 - - [30/Dec/2023:21:56:32 -0500] "POST /sipse/faces/presentacion/financiero/solicitudProceso/listarSolicitudProceso.xhtml HTTP/1.1" 200 121647
190.60.36.2 - - [30/Dec/2023:21:56:33 -0500] "GET /sipse/faces/javax.faces.resource/theme.css?ln=primefaces-sipse HTTP/1.1" 304 -
190.60.36.2 - - [30/Dec/2023:21:56:33 -0500] "GET /sipse/faces/javax.faces.resource/primefaces.css?ln=primefaces&v=4.0 HTTP/1.1" 304 -
190.60.36.2 - - [30/Dec/2023:21:56:33 -0500] "GET /sipse/faces/javax.faces.resource/layout/layout.css?ln=primefaces&v=4.0 HTTP/1.1" 304 -
190.60.36.2 - - [30/Dec/2023:21:56:33 -0500] "GET /sipse/faces/javax.faces.resource/jquery/jquery.js?ln=primefaces&v=4.0 HTTP/1.1" 304 -
190.60.36.2 - - [30/Dec/2023:21:56:33 -0500] "GET /sipse/faces/javax.faces.resource/jquery/jquery-plugins.js?ln=primefaces&v=4.0 HTTP/1.1" 304 -
190.60.36.2 - - [30/Dec/2023:21:56:33 -0500] "GET /sipse/faces/javax.faces.resource/primefaces.js?ln=primefaces&v=4.0 HTTP/1.1" 304 -
190.60.36.2 - - [30/Dec/2023:21:56:33 -0500] "GET /sipse/faces/javax.faces.resource/layout/layout.js?ln=primefaces&v=4.0 HTTP/1.1" 304 -
201.245.192.253 - - [30/Dec/2023:21:56:32 -0500] "POST /kwsrmcab/Wsrmcab  HTTP/1.1" 200 36178
216.244.66.195 - - [30/Dec/2023:21:56:35 -0500] "GET /BLA/resoluciones/RESOLUCIONES%202016/2563.pdf HTTP/1.1" 200 757558
190.60.36.2 - - [30/Dec/2023:21:56:36 -0500] "POST /sipse/faces/presentacion/financiero/solicitudProceso/consultarSolicitudProceso.xhtml HTTP/1.1" 200 133571
190.60.36.2 - - [30/Dec/2023:21:56:46 -0500] "POST /sipse/faces/presentacion/financiero/solicitudProceso/consultarSolicitudProceso.xhtml HTTP/1.1" 200 40886
190.60.36.2 - - [30/Dec/2023:21:56:47 -0500] "GET /sipse/faces/javax.faces.resource/theme.css?ln=primefaces-sipse HTTP/1.1" 304 -
190.60.36.2 - - [30/Dec/2023:21:56:47 -0500] "GET /sipse/faces/javax.faces.resource/primefaces.css?ln=primefaces&v=4.0 HTTP/1.1" 304 -
190.60.36.2 - - [30/Dec/2023:21:56:47 -0500] "GET /sipse/faces/javax.faces.resource/layout/layout.css?ln=primefaces&v=4.0 HTTP/1.1" 304 -
190.60.36.2 - - [30/Dec/2023:21:56:47 -0500] "GET /sipse/faces/javax.faces.resource/jquery/jquery.js?ln=primefaces&v=4.0 HTTP/1.1" 304 -
190.60.36.2 - - [30/Dec/2023:21:56:47 -0500] "GET /sipse/faces/javax.faces.resource/jquery/jquery-plugins.js?ln=primefaces&v=4.0 HTTP/1.1" 304 -
190.60.36.2 - - [30/Dec/2023:21:56:47 -0500] "GET /sipse/faces/javax.faces.resource/primefaces.js?ln=primefaces&v=4.0 HTTP/1.1" 304 -
190.60.36.2 - - [30/Dec/2023:21:56:47 -0500] "GET /sipse/faces/javax.faces.resource/layout/layout.js?ln=primefaces&v=4.0 HTTP/1.1" 304 -
216.244.66.195 - - [30/Dec/2023:21:57:14 -0500] "GET /BLA/resoluciones/RESOLUCIONES%202017/0253.pdf HTTP/1.1" 200 508481
216.244.66.195 - - [30/Dec/2023:21:57:45 -0500] "GET /BLA/resoluciones/RESOLUCIONES%202017/0266.pdf HTTP/1.1" 200 552903
66.220.149.118 - - [30/Dec/2023:21:57:47 -0500] "GET /alcaldia-de-bogota-y-fundacion-exito-entregaron-en-ciudad-bolivar-la-primera-terraza-verde-de-la-capital.html HTTP/1.1" 200 852
69.63.189.118 - - [30/Dec/2023:21:57:49 -0500] "GET /alcaldia-de-bogota-y-fundacion-exito-entregaron-en-ciudad-bolivar-la-primera-terraza-verde-de-la-capital.html HTTP/1.1" 200 852
52.167.144.167 - - [30/Dec/2023:21:57:55 -0500] "GET /BLA/resoluciones/Notificaciones/REGISTROS%202020/0411.pdf HTTP/1.1" 200 255997
172.22.2.4 - - [30/Dec/2023:21:56:27 -0500] "HEAD /BLA/boletinlegal/ HTTP/1.1" 200 -
216.244.66.195 - - [30/Dec/2023:21:58:16 -0500] "GET /BLA/resoluciones/RESOLUCIONES%202017/0330.pdf HTTP/1.1" 200 524701
190.60.36.2 - - [30/Dec/2023:21:58:19 -0500] "POST /sipse/faces/presentacion/financiero/modificacionContrato/cargarModifiacion.xhtml HTTP/1.1" 200 124794
190.60.36.2 - - [30/Dec/2023:21:58:19 -0500] "GET /sipse/faces/javax.faces.resource/theme.css?ln=primefaces-sipse HTTP/1.1" 304 -
190.60.36.2 - - [30/Dec/2023:21:58:19 -0500] "GET /sipse/faces/javax.faces.resource/primefaces.css?ln=primefaces&v=4.0 HTTP/1.1" 304 -
190.60.36.2 - - [30/Dec/2023:21:58:19 -0500] "GET /sipse/faces/javax.faces.resource/layout/layout.css?ln=primefaces&v=4.0 HTTP/1.1" 304 -
190.60.36.2 - - [30/Dec/2023:21:58:19 -0500] "GET /sipse/faces/javax.faces.resource/jquery/jquery.js?ln=primefaces&v=4.0 HTTP/1.1" 304 -
190.60.36.2 - - [30/Dec/2023:21:58:19 -0500] "GET /sipse/faces/javax.faces.resource/jquery/jquery-plugins.js?ln=primefaces&v=4.0 HTTP/1.1" 304 -
190.60.36.2 - - [30/Dec/2023:21:58:19 -0500] "GET /sipse/faces/javax.faces.resource/primefaces.js?ln=primefaces&v=4.0 HTTP/1.1" 304 -
190.60.36.2 - - [30/Dec/2023:21:58:19 -0500] "GET /sipse/faces/javax.faces.resource/layout/layout.js?ln=primefaces&v=4.0 HTTP/1.1" 304 -
190.60.36.2 - - [30/Dec/2023:21:58:23 -0500] "POST /sipse/faces/presentacion/financiero/solicitudProceso/consultarSolicitudProceso.xhtml HTTP/1.1" 200 50899
190.60.36.2 - - [30/Dec/2023:21:58:25 -0500] "GET /sipse/faces/javax.faces.resource/theme.css?ln=primefaces-sipse HTTP/1.1" 304 -
190.60.36.2 - - [30/Dec/2023:21:58:25 -0500] "GET /sipse/faces/javax.faces.resource/primefaces.css?ln=primefaces&v=4.0 HTTP/1.1" 304 -
190.60.36.2 - - [30/Dec/2023:21:58:25 -0500] "GET /sipse/faces/javax.faces.resource/layout/layout.css?ln=primefaces&v=4.0 HTTP/1.1" 304 -
190.60.36.2 - - [30/Dec/2023:21:58:25 -0500] "GET /sipse/faces/javax.faces.resource/jquery/jquery.js?ln=primefaces&v=4.0 HTTP/1.1" 304 -
190.60.36.2 - - [30/Dec/2023:21:58:25 -0500] "GET /sipse/faces/javax.faces.resource/jquery/jquery-plugins.js?ln=primefaces&v=4.0 HTTP/1.1" 304 -
190.60.36.2 - - [30/Dec/2023:21:58:25 -0500] "GET /sipse/faces/javax.faces.resource/primefaces.js?ln=primefaces&v=4.0 HTTP/1.1" 304 -
190.60.36.2 - - [30/Dec/2023:21:58:25 -0500] "GET /sipse/faces/javax.faces.resource/layout/layout.js?ln=primefaces&v=4.0 HTTP/1.1" 304 -
190.60.36.2 - - [30/Dec/2023:21:58:25 -0500] "POST /sipse/faces/presentacion/financiero/solicitudProceso/listarSolicitudProceso.xhtml HTTP/1.1" 200 1496
190.60.36.2 - - [30/Dec/2023:21:58:27 -0500] "POST /sipse/faces/presentacion/financiero/solicitudProceso/listarSolicitudProceso.xhtml HTTP/1.1" 200 16743
190.60.36.2 - - [30/Dec/2023:21:58:27 -0500] "POST /sipse/faces/presentacion/financiero/solicitudProceso/listarSolicitudProceso.xhtml HTTP/1.1" 200 28395
190.60.36.2 - - [30/Dec/2023:21:58:28 -0500] "POST /sipse/faces/presentacion/financiero/solicitudProceso/listarSolicitudProceso.xhtml HTTP/1.1" 200 16739
69.63.184.4 - - [30/Dec/2023:21:58:28 -0500] "GET /parque-distrital-ecologico-de-montana-cerro-seco-tiene-su-plan-de-manejo-ambiental-que-le-asegura-la-conservacion.html HTTP/1.1" 200 839
190.60.36.2 - - [30/Dec/2023:21:58:37 -0500] "POST /sipse/faces/presentacion/financiero/solicitudProceso/listarSolicitudProceso.xhtml HTTP/1.1" 200 16739
190.60.36.2 - - [30/Dec/2023:21:58:38 -0500] "POST /sipse/faces/presentacion/financiero/solicitudProceso/listarSolicitudProceso.xhtml HTTP/1.1" 200 28395
190.60.36.2 - - [30/Dec/2023:21:58:38 -0500] "POST /sipse/faces/presentacion/financiero/solicitudProceso/listarSolicitudProceso.xhtml HTTP/1.1" 200 16735
190.60.36.2 - - [30/Dec/2023:21:58:40 -0500] "POST /sipse/faces/presentacion/financiero/solicitudProceso/listarSolicitudProceso.xhtml HTTP/1.1" 200 119420
190.60.36.2 - - [30/Dec/2023:21:58:41 -0500] "GET /sipse/faces/javax.faces.resource/theme.css?ln=primefaces-sipse HTTP/1.1" 304 -
190.60.36.2 - - [30/Dec/2023:21:58:41 -0500] "GET /sipse/faces/javax.faces.resource/primefaces.css?ln=primefaces&v=4.0 HTTP/1.1" 304 -
190.60.36.2 - - [30/Dec/2023:21:58:41 -0500] "GET /sipse/faces/javax.faces.resource/layout/layout.css?ln=primefaces&v=4.0 HTTP/1.1" 304 -
190.60.36.2 - - [30/Dec/2023:21:58:41 -0500] "GET /sipse/faces/javax.faces.resource/jquery/jquery.js?ln=primefaces&v=4.0 HTTP/1.1" 304 -
190.60.36.2 - - [30/Dec/2023:21:58:41 -0500] "GET /sipse/faces/javax.faces.resource/jquery/jquery-plugins.js?ln=primefaces&v=4.0 HTTP/1.1" 304 -
190.60.36.2 - - [30/Dec/2023:21:58:41 -0500] "GET /sipse/faces/javax.faces.resource/primefaces.js?ln=primefaces&v=4.0 HTTP/1.1" 304 -
190.60.36.2 - - [30/Dec/2023:21:58:41 -0500] "GET /sipse/faces/javax.faces.resource/layout/layout.js?ln=primefaces&v=4.0 HTTP/1.1" 304 -
190.60.36.2 - - [30/Dec/2023:21:58:45 -0500] "POST /sipse/faces/presentacion/financiero/solicitudProceso/consultarSolicitudProceso.xhtml HTTP/1.1" 200 256678
216.244.66.195 - - [30/Dec/2023:21:58:53 -0500] "GET /BLA/resoluciones/RESOLUCIONES%202017/0348.pdf HTTP/1.1" 200 781777
190.60.36.2 - - [30/Dec/2023:21:58:54 -0500] "POST /sipse/faces/presentacion/financiero/solicitudProceso/consultarSolicitudProceso.xhtml HTTP/1.1" 200 40748
190.60.36.2 - - [30/Dec/2023:21:58:54 -0500] "GET /sipse/faces/javax.faces.resource/theme.css?ln=primefaces-sipse HTTP/1.1" 304 -
190.60.36.2 - - [30/Dec/2023:21:58:54 -0500] "GET /sipse/faces/javax.faces.resource/primefaces.css?ln=primefaces&v=4.0 HTTP/1.1" 304 -
190.60.36.2 - - [30/Dec/2023:21:58:54 -0500] "GET /sipse/faces/javax.faces.resource/layout/layout.css?ln=primefaces&v=4.0 HTTP/1.1" 304 -
190.60.36.2 - - [30/Dec/2023:21:58:54 -0500] "GET /sipse/faces/javax.faces.resource/jquery/jquery.js?ln=primefaces&v=4.0 HTTP/1.1" 304 -
190.60.36.2 - - [30/Dec/2023:21:58:54 -0500] "GET /sipse/faces/javax.faces.resource/jquery/jquery-plugins.js?ln=primefaces&v=4.0 HTTP/1.1" 304 -
190.60.36.2 - - [30/Dec/2023:21:58:55 -0500] "GET /sipse/faces/javax.faces.resource/primefaces.js?ln=primefaces&v=4.0 HTTP/1.1" 304 -
190.60.36.2 - - [30/Dec/2023:21:58:55 -0500] "GET /sipse/faces/javax.faces.resource/layout/layout.js?ln=primefaces&v=4.0 HTTP/1.1" 304 -
191.156.227.43 - - [30/Dec/2023:21:58:55 -0500] "GET /planes-proyectos-y-estrategias-para-mejorar-la-calidad-del-aire-de-bogota.html HTTP/1.1" 200 757
172.22.2.4 - - [30/Dec/2023:21:57:18 -0500] "GET /BLA/boletinlegal/ HTTP/1.1" 200 60502
216.244.66.195 - - [30/Dec/2023:21:59:25 -0500] "GET /BLA/resoluciones/RESOLUCIONES%202017/0544.pdf HTTP/1.1" 200 535025
190.60.36.2 - - [30/Dec/2023:21:59:41 -0500] "POST /sipse/faces/presentacion/financiero/modificacionContrato/cargarModifiacion.xhtml HTTP/1.1" 200 47268
190.60.36.2 - - [30/Dec/2023:21:59:42 -0500] "GET /sipse/faces/javax.faces.resource/theme.css?ln=primefaces-sipse HTTP/1.1" 304 -
190.60.36.2 - - [30/Dec/2023:21:59:42 -0500] "GET /sipse/faces/javax.faces.resource/primefaces.css?ln=primefaces&v=4.0 HTTP/1.1" 304 -
190.60.36.2 - - [30/Dec/2023:21:59:42 -0500] "GET /sipse/faces/javax.faces.resource/layout/layout.css?ln=primefaces&v=4.0 HTTP/1.1" 304 -
190.60.36.2 - - [30/Dec/2023:21:59:42 -0500] "GET /sipse/faces/javax.faces.resource/jquery/jquery.js?ln=primefaces&v=4.0 HTTP/1.1" 304 -
190.60.36.2 - - [30/Dec/2023:21:59:42 -0500] "GET /sipse/faces/javax.faces.resource/jquery/jquery-plugins.js?ln=primefaces&v=4.0 HTTP/1.1" 304 -
190.60.36.2 - - [30/Dec/2023:21:59:42 -0500] "GET /sipse/faces/javax.faces.resource/primefaces.js?ln=primefaces&v=4.0 HTTP/1.1" 304 -
190.60.36.2 - - [30/Dec/2023:21:59:42 -0500] "GET /sipse/faces/javax.faces.resource/layout/layout.js?ln=primefaces&v=4.0 HTTP/1.1" 304 -
190.60.36.2 - - [30/Dec/2023:21:59:42 -0500] "POST /sipse/faces/presentacion/financiero/solicitudProceso/listarSolicitudProceso.xhtml HTTP/1.1" 200 40530
190.60.36.2 - - [30/Dec/2023:21:59:42 -0500] "POST /sipse/faces/presentacion/financiero/solicitudProceso/listarSolicitudProceso.xhtml HTTP/1.1" 200 40530
190.60.36.2 - - [30/Dec/2023:21:59:43 -0500] "POST /sipse/faces/presentacion/financiero/solicitudProceso/listarSolicitudProceso.xhtml HTTP/1.1" 200 40530
190.60.36.2 - - [30/Dec/2023:21:59:43 -0500] "POST /sipse/faces/presentacion/financiero/solicitudProceso/listarSolicitudProceso.xhtml HTTP/1.1" 200 40530
190.60.36.2 - - [30/Dec/2023:21:59:44 -0500] "POST /sipse/faces/presentacion/financiero/solicitudProceso/listarSolicitudProceso.xhtml HTTP/1.1" 200 40530
190.60.36.2 - - [30/Dec/2023:21:59:44 -0500] "POST /sipse/faces/presentacion/financiero/solicitudProceso/listarSolicitudProceso.xhtml HTTP/1.1" 200 40530
190.60.36.2 - - [30/Dec/2023:21:59:44 -0500] "POST /sipse/faces/presentacion/financiero/solicitudProceso/listarSolicitudProceso.xhtml HTTP/1.1" 200 40530
190.60.36.2 - - [30/Dec/2023:21:59:44 -0500] "POST /sipse/faces/presentacion/financiero/solicitudProceso/listarSolicitudProceso.xhtml HTTP/1.1" 200 40530
190.60.36.2 - - [30/Dec/2023:21:59:45 -0500] "POST /sipse/faces/presentacion/financiero/solicitudProceso/listarSolicitudProceso.xhtml HTTP/1.1" 200 40530
190.60.36.2 - - [30/Dec/2023:21:59:45 -0500] "POST /sipse/faces/presentacion/financiero/solicitudProceso/listarSolicitudProceso.xhtml HTTP/1.1" 200 40530
190.60.36.2 - - [30/Dec/2023:21:59:46 -0500] "POST /sipse/faces/presentacion/financiero/solicitudProceso/listarSolicitudProceso.xhtml HTTP/1.1" 200 40530
190.60.36.2 - - [30/Dec/2023:21:59:47 -0500] "POST /sipse/faces/presentacion/financiero/solicitudProceso/listarSolicitudProceso.xhtml HTTP/1.1" 200 40530
190.60.36.2 - - [30/Dec/2023:21:59:47 -0500] "POST /sipse/faces/presentacion/financiero/solicitudProceso/listarSolicitudProceso.xhtml HTTP/1.1" 200 40530
190.60.36.2 - - [30/Dec/2023:21:59:48 -0500] "POST /sipse/faces/presentacion/financiero/solicitudProceso/listarSolicitudProceso.xhtml HTTP/1.1" 200 40530
190.60.36.2 - - [30/Dec/2023:21:59:48 -0500] "POST /sipse/faces/presentacion/financiero/solicitudProceso/listarSolicitudProceso.xhtml HTTP/1.1" 200 40530
190.60.36.2 - - [30/Dec/2023:21:59:48 -0500] "POST /sipse/faces/presentacion/financiero/solicitudProceso/listarSolicitudProceso.xhtml HTTP/1.1" 200 40530
190.60.36.2 - - [30/Dec/2023:21:59:48 -0500] "POST /sipse/faces/presentacion/financiero/solicitudProceso/listarSolicitudProceso.xhtml HTTP/1.1" 200 1480
190.60.36.2 - - [30/Dec/2023:21:59:49 -0500] "POST /sipse/faces/presentacion/financiero/solicitudProceso/listarSolicitudProceso.xhtml HTTP/1.1" 200 1488
190.60.36.2 - - [30/Dec/2023:21:59:49 -0500] "POST /sipse/faces/presentacion/financiero/solicitudProceso/listarSolicitudProceso.xhtml HTTP/1.1" 200 1488
190.60.36.2 - - [30/Dec/2023:21:59:49 -0500] "POST /sipse/faces/presentacion/financiero/solicitudProceso/listarSolicitudProceso.xhtml HTTP/1.1" 200 1488
190.60.36.2 - - [30/Dec/2023:21:59:49 -0500] "POST /sipse/faces/presentacion/financiero/solicitudProceso/listarSolicitudProceso.xhtml HTTP/1.1" 200 1484
190.60.36.2 - - [30/Dec/2023:21:59:49 -0500] "POST /sipse/faces/presentacion/financiero/solicitudProceso/listarSolicitudProceso.xhtml HTTP/1.1" 200 1476
190.60.36.2 - - [30/Dec/2023:21:59:49 -0500] "POST /sipse/faces/presentacion/financiero/solicitudProceso/listarSolicitudProceso.xhtml HTTP/1.1" 200 1488
190.60.36.2 - - [30/Dec/2023:21:59:49 -0500] "POST /sipse/faces/presentacion/financiero/solicitudProceso/listarSolicitudProceso.xhtml HTTP/1.1" 200 1488
190.60.36.2 - - [30/Dec/2023:21:59:49 -0500] "POST /sipse/faces/presentacion/financiero/solicitudProceso/listarSolicitudProceso.xhtml HTTP/1.1" 200 1488
190.60.36.2 - - [30/Dec/2023:21:59:49 -0500] "POST /sipse/faces/presentacion/financiero/solicitudProceso/listarSolicitudProceso.xhtml HTTP/1.1" 200 1484
190.60.36.2 - - [30/Dec/2023:21:59:49 -0500] "POST /sipse/faces/presentacion/financiero/solicitudProceso/listarSolicitudProceso.xhtml HTTP/1.1" 200 1488
190.60.36.2 - - [30/Dec/2023:21:59:49 -0500] "POST /sipse/faces/presentacion/financiero/solicitudProceso/listarSolicitudProceso.xhtml HTTP/1.1" 200 1484
190.60.36.2 - - [30/Dec/2023:21:59:50 -0500] "POST /sipse/faces/presentacion/financiero/solicitudProceso/listarSolicitudProceso.xhtml HTTP/1.1" 200 1484
190.60.36.2 - - [30/Dec/2023:21:59:50 -0500] "POST /sipse/faces/presentacion/financiero/solicitudProceso/listarSolicitudProceso.xhtml HTTP/1.1" 200 1488
190.60.36.2 - - [30/Dec/2023:21:59:50 -0500] "POST /sipse/faces/presentacion/financiero/solicitudProceso/listarSolicitudProceso.xhtml HTTP/1.1" 200 1484
190.60.36.2 - - [30/Dec/2023:21:59:50 -0500] "POST /sipse/faces/presentacion/financiero/solicitudProceso/listarSolicitudProceso.xhtml HTTP/1.1" 200 1488
190.60.36.2 - - [30/Dec/2023:21:59:50 -0500] "POST /sipse/faces/presentacion/financiero/solicitudProceso/listarSolicitudProceso.xhtml HTTP/1.1" 200 1488
216.244.66.195 - - [30/Dec/2023:21:59:55 -0500] "GET /BLA/resoluciones/RESOLUCIONES%202017/0736.pdf HTTP/1.1" 200 621578
190.60.36.2 - - [30/Dec/2023:22:00:12 -0500] "POST /sipse/faces/presentacion/financiero/solicitudProceso/listarSolicitudProceso.xhtml HTTP/1.1" 200 119420
190.60.36.2 - - [30/Dec/2023:22:00:13 -0500] "GET /sipse/faces/javax.faces.resource/theme.css?ln=primefaces-sipse HTTP/1.1" 304 -
190.60.36.2 - - [30/Dec/2023:22:00:13 -0500] "GET /sipse/faces/javax.faces.resource/layout/layout.css?ln=primefaces&v=4.0 HTTP/1.1" 304 -
190.60.36.2 - - [30/Dec/2023:22:00:13 -0500] "GET /sipse/faces/javax.faces.resource/primefaces.css?ln=primefaces&v=4.0 HTTP/1.1" 304 -
190.60.36.2 - - [30/Dec/2023:22:00:13 -0500] "GET /sipse/faces/javax.faces.resource/jquery/jquery.js?ln=primefaces&v=4.0 HTTP/1.1" 304 -
190.60.36.2 - - [30/Dec/2023:22:00:13 -0500] "GET /sipse/faces/javax.faces.resource/jquery/jquery-plugins.js?ln=primefaces&v=4.0 HTTP/1.1" 304 -
190.60.36.2 - - [30/Dec/2023:22:00:13 -0500] "GET /sipse/faces/javax.faces.resource/primefaces.js?ln=primefaces&v=4.0 HTTP/1.1" 304 -
190.60.36.2 - - [30/Dec/2023:22:00:13 -0500] "GET /sipse/faces/javax.faces.resource/layout/layout.js?ln=primefaces&v=4.0 HTTP/1.1" 304 -
216.244.66.195 - - [30/Dec/2023:22:00:25 -0500] "GET /BLA/resoluciones/RESOLUCIONES%202017/1674.pdf HTTP/1.1" 200 3994949
190.60.36.2 - - [30/Dec/2023:22:00:32 -0500] "POST /sipse/faces/presentacion/financiero/solicitudProceso/consultarSolicitudProceso.xhtml HTTP/1.1" 200 1987113
216.245.221.92 - - [30/Dec/2023:22:01:00 -0500] "HEAD / HTTP/1.1" 200 -
216.244.66.195 - - [30/Dec/2023:22:01:18 -0500] "GET /BLA/resoluciones/RESOLUCIONES%202017/1780.pdf HTTP/1.1" 200 364958
201.245.192.253 - - [30/Dec/2023:22:01:31 -0500] "POST /kwsrmcab/Wsrmcab  HTTP/1.1" 200 36178
216.244.66.195 - - [30/Dec/2023:22:01:51 -0500] "GET /BLA/resoluciones/RESOLUCIONES%202017/1971.pdf HTTP/1.1" 200 280577
216.244.66.195 - - [30/Dec/2023:22:02:21 -0500] "GET /BLA/resoluciones/RESOLUCIONES%202017/2315.pdf HTTP/1.1" 200 550908
190.60.36.2 - - [30/Dec/2023:22:02:29 -0500] "POST /sipse/faces/presentacion/financiero/solicitudProceso/consultarSolicitudProceso.xhtml HTTP/1.1" 200 51011
190.60.36.2 - - [30/Dec/2023:22:02:30 -0500] "GET /sipse/faces/javax.faces.resource/primefaces.css?ln=primefaces&v=4.0 HTTP/1.1" 304 -
190.60.36.2 - - [30/Dec/2023:22:02:30 -0500] "GET /sipse/faces/javax.faces.resource/layout/layout.css?ln=primefaces&v=4.0 HTTP/1.1" 304 -
190.60.36.2 - - [30/Dec/2023:22:02:30 -0500] "GET /sipse/faces/javax.faces.resource/theme.css?ln=primefaces-sipse HTTP/1.1" 304 -
190.60.36.2 - - [30/Dec/2023:22:02:30 -0500] "GET /sipse/faces/javax.faces.resource/jquery/jquery.js?ln=primefaces&v=4.0 HTTP/1.1" 304 -
190.60.36.2 - - [30/Dec/2023:22:02:30 -0500] "GET /sipse/faces/javax.faces.resource/jquery/jquery-plugins.js?ln=primefaces&v=4.0 HTTP/1.1" 304 -
190.60.36.2 - - [30/Dec/2023:22:02:30 -0500] "GET /sipse/faces/javax.faces.resource/primefaces.js?ln=primefaces&v=4.0 HTTP/1.1" 304 -
190.60.36.2 - - [30/Dec/2023:22:02:30 -0500] "GET /sipse/faces/javax.faces.resource/layout/layout.js?ln=primefaces&v=4.0 HTTP/1.1" 304 -
190.60.36.2 - - [30/Dec/2023:22:02:30 -0500] "POST /sipse/faces/presentacion/financiero/solicitudProceso/listarSolicitudProceso.xhtml HTTP/1.1" 200 1480
190.60.36.2 - - [30/Dec/2023:22:02:30 -0500] "POST /sipse/faces/presentacion/financiero/solicitudProceso/listarSolicitudProceso.xhtml HTTP/1.1" 200 1488
190.60.36.2 - - [30/Dec/2023:22:02:32 -0500] "POST /sipse/faces/presentacion/financiero/solicitudProceso/listarSolicitudProceso.xhtml HTTP/1.1" 200 16727
172.22.2.4 - - [30/Dec/2023:22:02:33 -0500] "GET /BLA/boletinlegal/robots.txt HTTP/1.1" 404 1139
190.60.36.2 - - [30/Dec/2023:22:02:33 -0500] "POST /sipse/faces/presentacion/financiero/solicitudProceso/listarSolicitudProceso.xhtml HTTP/1.1" 200 28379
190.60.36.2 - - [30/Dec/2023:22:02:34 -0500] "POST /sipse/faces/presentacion/financiero/solicitudProceso/listarSolicitudProceso.xhtml HTTP/1.1" 200 16723
190.60.36.2 - - [30/Dec/2023:22:02:48 -0500] "POST /sipse/faces/presentacion/financiero/solicitudProceso/listarSolicitudProceso.xhtml HTTP/1.1" 200 120368
190.60.36.2 - - [30/Dec/2023:22:02:49 -0500] "GET /sipse/faces/javax.faces.resource/theme.css?ln=primefaces-sipse HTTP/1.1" 304 -
190.60.36.2 - - [30/Dec/2023:22:02:49 -0500] "GET /sipse/faces/javax.faces.resource/primefaces.css?ln=primefaces&v=4.0 HTTP/1.1" 304 -
190.60.36.2 - - [30/Dec/2023:22:02:49 -0500] "GET /sipse/faces/javax.faces.resource/layout/layout.css?ln=primefaces&v=4.0 HTTP/1.1" 304 -
190.60.36.2 - - [30/Dec/2023:22:02:49 -0500] "GET /sipse/faces/javax.faces.resource/jquery/jquery.js?ln=primefaces&v=4.0 HTTP/1.1" 304 -
190.60.36.2 - - [30/Dec/2023:22:02:49 -0500] "GET /sipse/faces/javax.faces.resource/jquery/jquery-plugins.js?ln=primefaces&v=4.0 HTTP/1.1" 304 -
216.244.66.195 - - [30/Dec/2023:22:02:49 -0500] "GET /BLA/resoluciones/RESOLUCIONES%202017/2415.pdf HTTP/1.1" 200 305133
190.60.36.2 - - [30/Dec/2023:22:02:49 -0500] "GET /sipse/faces/javax.faces.resource/primefaces.js?ln=primefaces&v=4.0 HTTP/1.1" 304 -
190.60.36.2 - - [30/Dec/2023:22:02:49 -0500] "GET /sipse/faces/javax.faces.resource/layout/layout.js?ln=primefaces&v=4.0 HTTP/1.1" 304 -
190.60.36.2 - - [30/Dec/2023:22:03:03 -0500] "POST /sipse/faces/presentacion/financiero/solicitudProceso/consultarSolicitudProceso.xhtml HTTP/1.1" 200 196943
190.60.36.2 - - [30/Dec/2023:22:03:12 -0500] "POST /sipse/faces/presentacion/financiero/solicitudProceso/consultarSolicitudProceso.xhtml HTTP/1.1" 200 41307
190.60.36.2 - - [30/Dec/2023:22:03:13 -0500] "GET /sipse/faces/javax.faces.resource/theme.css?ln=primefaces-sipse HTTP/1.1" 304 -
190.60.36.2 - - [30/Dec/2023:22:03:13 -0500] "GET /sipse/faces/javax.faces.resource/primefaces.css?ln=primefaces&v=4.0 HTTP/1.1" 304 -
190.60.36.2 - - [30/Dec/2023:22:03:13 -0500] "GET /sipse/faces/javax.faces.resource/layout/layout.css?ln=primefaces&v=4.0 HTTP/1.1" 304 -
190.60.36.2 - - [30/Dec/2023:22:03:13 -0500] "GET /sipse/faces/javax.faces.resource/jquery/jquery.js?ln=primefaces&v=4.0 HTTP/1.1" 304 -
190.60.36.2 - - [30/Dec/2023:22:03:13 -0500] "GET /sipse/faces/javax.faces.resource/jquery/jquery-plugins.js?ln=primefaces&v=4.0 HTTP/1.1" 304 -
190.60.36.2 - - [30/Dec/2023:22:03:13 -0500] "GET /sipse/faces/javax.faces.resource/primefaces.js?ln=primefaces&v=4.0 HTTP/1.1" 304 -
190.60.36.2 - - [30/Dec/2023:22:03:13 -0500] "GET /sipse/faces/javax.faces.resource/layout/layout.js?ln=primefaces&v=4.0 HTTP/1.1" 304 -
216.244.66.195 - - [30/Dec/2023:22:03:17 -0500] "GET /BLA/resoluciones/RESOLUCIONES%202017/2671.pdf HTTP/1.1" 200 305332
216.244.66.195 - - [30/Dec/2023:22:03:43 -0500] "GET /BLA/resoluciones/RESOLUCIONES%202017/2796.pdf HTTP/1.1" 200 303926
172.22.2.4 - - [30/Dec/2023:22:02:17 -0500] "HEAD /BLA/boletinlegal/ HTTP/1.1" 200 -
216.244.66.195 - - [30/Dec/2023:22:04:10 -0500] "GET /BLA/resoluciones/RESOLUCIONES%202017/2863.pdf HTTP/1.1" 200 311434
216.244.66.195 - - [30/Dec/2023:22:04:38 -0500] "GET /BLA/resoluciones/RESOLUCIONES%202017/2982.pdf HTTP/1.1" 200 431020
172.22.2.4 - - [30/Dec/2023:22:03:08 -0500] "GET /BLA/boletinlegal/ HTTP/1.1" 200 60910
216.244.66.195 - - [30/Dec/2023:22:05:01 -0500] "GET /BLA/resoluciones/RESOLUCIONES%202017/3062.pdf HTTP/1.1" 200 306017
190.60.36.2 - - [30/Dec/2023:22:05:23 -0500] "POST /sipse/faces/presentacion/financiero/modificacionContrato/cargarModifiacion.xhtml HTTP/1.1" 200 123521
190.60.36.2 - - [30/Dec/2023:22:05:27 -0500] "GET /sipse/faces/javax.faces.resource/theme.css?ln=primefaces-sipse HTTP/1.1" 304 -
190.60.36.2 - - [30/Dec/2023:22:05:27 -0500] "GET /sipse/faces/javax.faces.resource/primefaces.css?ln=primefaces&v=4.0 HTTP/1.1" 304 -
190.60.36.2 - - [30/Dec/2023:22:05:27 -0500] "GET /sipse/faces/javax.faces.resource/layout/layout.css?ln=primefaces&v=4.0 HTTP/1.1" 304 -
190.60.36.2 - - [30/Dec/2023:22:05:27 -0500] "GET /sipse/faces/javax.faces.resource/jquery/jquery.js?ln=primefaces&v=4.0 HTTP/1.1" 304 -
190.60.36.2 - - [30/Dec/2023:22:05:27 -0500] "GET /sipse/faces/javax.faces.resource/jquery/jquery-plugins.js?ln=primefaces&v=4.0 HTTP/1.1" 304 -
190.60.36.2 - - [30/Dec/2023:22:05:27 -0500] "GET /sipse/faces/javax.faces.resource/primefaces.js?ln=primefaces&v=4.0 HTTP/1.1" 304 -
190.60.36.2 - - [30/Dec/2023:22:05:27 -0500] "GET /sipse/faces/javax.faces.resource/layout/layout.js?ln=primefaces&v=4.0 HTTP/1.1" 304 -
190.60.36.2 - - [30/Dec/2023:22:05:31 -0500] "POST /sipse/faces/presentacion/financiero/solicitudProceso/consultarSolicitudProceso.xhtml HTTP/1.1" 200 47737
190.60.36.2 - - [30/Dec/2023:22:05:33 -0500] "GET /sipse/faces/javax.faces.resource/primefaces.css?ln=primefaces&v=4.0 HTTP/1.1" 304 -
190.60.36.2 - - [30/Dec/2023:22:05:33 -0500] "GET /sipse/faces/javax.faces.resource/theme.css?ln=primefaces-sipse HTTP/1.1" 304 -
190.60.36.2 - - [30/Dec/2023:22:05:33 -0500] "GET /sipse/faces/javax.faces.resource/layout/layout.css?ln=primefaces&v=4.0 HTTP/1.1" 304 -
190.60.36.2 - - [30/Dec/2023:22:05:33 -0500] "GET /sipse/faces/javax.faces.resource/jquery/jquery.js?ln=primefaces&v=4.0 HTTP/1.1" 304 -
190.60.36.2 - - [30/Dec/2023:22:05:33 -0500] "GET /sipse/faces/javax.faces.resource/jquery/jquery-plugins.js?ln=primefaces&v=4.0 HTTP/1.1" 304 -
190.60.36.2 - - [30/Dec/2023:22:05:33 -0500] "GET /sipse/faces/javax.faces.resource/primefaces.js?ln=primefaces&v=4.0 HTTP/1.1" 304 -
190.60.36.2 - - [30/Dec/2023:22:05:33 -0500] "GET /sipse/faces/javax.faces.resource/layout/layout.js?ln=primefaces&v=4.0 HTTP/1.1" 304 -
190.60.36.2 - - [30/Dec/2023:22:05:33 -0500] "POST /sipse/faces/presentacion/financiero/solicitudProceso/listarSolicitudProceso.xhtml HTTP/1.1" 200 1480
190.60.36.2 - - [30/Dec/2023:22:05:35 -0500] "POST /sipse/faces/presentacion/financiero/solicitudProceso/listarSolicitudProceso.xhtml HTTP/1.1" 200 13768
190.60.36.2 - - [30/Dec/2023:22:05:36 -0500] "POST /sipse/faces/presentacion/financiero/solicitudProceso/listarSolicitudProceso.xhtml HTTP/1.1" 200 25416
190.60.36.2 - - [30/Dec/2023:22:05:37 -0500] "POST /sipse/faces/presentacion/financiero/solicitudProceso/listarSolicitudProceso.xhtml HTTP/1.1" 200 13760
216.244.66.195 - - [30/Dec/2023:22:05:42 -0500] "GET /BLA/resoluciones/RESOLUCIONES%202017/3177.pdf HTTP/1.1" 200 337690
190.60.36.2 - - [30/Dec/2023:22:05:49 -0500] "POST /sipse/faces/presentacion/financiero/solicitudProceso/listarSolicitudProceso.xhtml HTTP/1.1" 200 122545
190.60.36.2 - - [30/Dec/2023:22:05:49 -0500] "GET /sipse/faces/javax.faces.resource/theme.css?ln=primefaces-sipse HTTP/1.1" 304 -
190.60.36.2 - - [30/Dec/2023:22:05:49 -0500] "GET /sipse/faces/javax.faces.resource/primefaces.css?ln=primefaces&v=4.0 HTTP/1.1" 304 -
190.60.36.2 - - [30/Dec/2023:22:05:49 -0500] "GET /sipse/faces/javax.faces.resource/layout/layout.css?ln=primefaces&v=4.0 HTTP/1.1" 304 -
190.60.36.2 - - [30/Dec/2023:22:05:50 -0500] "GET /sipse/faces/javax.faces.resource/jquery/jquery.js?ln=primefaces&v=4.0 HTTP/1.1" 304 -
190.60.36.2 - - [30/Dec/2023:22:05:50 -0500] "GET /sipse/faces/javax.faces.resource/jquery/jquery-plugins.js?ln=primefaces&v=4.0 HTTP/1.1" 304 -
190.60.36.2 - - [30/Dec/2023:22:05:50 -0500] "GET /sipse/faces/javax.faces.resource/primefaces.js?ln=primefaces&v=4.0 HTTP/1.1" 304 -
190.60.36.2 - - [30/Dec/2023:22:05:50 -0500] "GET /sipse/faces/javax.faces.resource/layout/layout.js?ln=primefaces&v=4.0 HTTP/1.1" 304 -
190.60.36.2 - - [30/Dec/2023:22:05:53 -0500] "POST /sipse/faces/presentacion/financiero/solicitudProceso/consultarSolicitudProceso.xhtml HTTP/1.1" 200 115736
216.245.221.92 - - [30/Dec/2023:22:06:00 -0500] "HEAD / HTTP/1.1" 200 -
190.60.36.2 - - [30/Dec/2023:22:06:05 -0500] "POST /sipse/faces/presentacion/financiero/solicitudProceso/consultarSolicitudProceso.xhtml HTTP/1.1" 200 40631
190.60.36.2 - - [30/Dec/2023:22:06:06 -0500] "GET /sipse/faces/javax.faces.resource/theme.css?ln=primefaces-sipse HTTP/1.1" 304 -
190.60.36.2 - - [30/Dec/2023:22:06:06 -0500] "GET /sipse/faces/javax.faces.resource/primefaces.css?ln=primefaces&v=4.0 HTTP/1.1" 304 -
190.60.36.2 - - [30/Dec/2023:22:06:06 -0500] "GET /sipse/faces/javax.faces.resource/layout/layout.css?ln=primefaces&v=4.0 HTTP/1.1" 304 -
190.60.36.2 - - [30/Dec/2023:22:06:06 -0500] "GET /sipse/faces/javax.faces.resource/jquery/jquery.js?ln=primefaces&v=4.0 HTTP/1.1" 304 -
190.60.36.2 - - [30/Dec/2023:22:06:06 -0500] "GET /sipse/faces/javax.faces.resource/jquery/jquery-plugins.js?ln=primefaces&v=4.0 HTTP/1.1" 304 -
190.60.36.2 - - [30/Dec/2023:22:06:06 -0500] "GET /sipse/faces/javax.faces.resource/primefaces.js?ln=primefaces&v=4.0 HTTP/1.1" 304 -
190.60.36.2 - - [30/Dec/2023:22:06:06 -0500] "GET /sipse/faces/javax.faces.resource/layout/layout.js?ln=primefaces&v=4.0 HTTP/1.1" 304 -
216.244.66.195 - - [30/Dec/2023:22:06:16 -0500] "GET /BLA/resoluciones/RESOLUCIONES%202017/3198.pdf HTTP/1.1" 200 392842
201.245.192.253 - - [30/Dec/2023:22:06:30 -0500] "POST /kwsrmcab/Wsrmcab  HTTP/1.1" 200 36178
216.244.66.195 - - [30/Dec/2023:22:06:57 -0500] "GET /BLA/resoluciones/RESOLUCIONES%202017/3282.pdf HTTP/1.1" 200 377598
47.128.112.8 - - [30/Dec/2023:22:07:20 -0500] "GET /BLA/resoluciones/dlf/dirup.png HTTP/1.1" 200 644
47.128.112.8 - - [30/Dec/2023:22:07:20 -0500] "GET /BLA/resoluciones/dlf/pdf.gif HTTP/1.1" 200 272
47.128.112.8 - - [30/Dec/2023:22:07:19 -0500] "GET /BLA/resoluciones/index.php?dir=Notificaciones%2FREGISTROS%202022%2F&order=asc&sort=name HTTP/1.1" 200 17017
216.244.66.195 - - [30/Dec/2023:22:07:31 -0500] "GET /BLA/resoluciones/RESOLUCIONES%202019/0982.pdf HTTP/1.1" 200 287673
190.60.36.2 - - [30/Dec/2023:22:07:43 -0500] "POST /sipse/faces/presentacion/financiero/modificacionContrato/cargarModifiacion.xhtml HTTP/1.1" 200 125694
190.60.36.2 - - [30/Dec/2023:22:07:44 -0500] "GET /sipse/faces/javax.faces.resource/theme.css?ln=primefaces-sipse HTTP/1.1" 304 -
190.60.36.2 - - [30/Dec/2023:22:07:44 -0500] "GET /sipse/faces/javax.faces.resource/primefaces.css?ln=primefaces&v=4.0 HTTP/1.1" 304 -
190.60.36.2 - - [30/Dec/2023:22:07:44 -0500] "GET /sipse/faces/javax.faces.resource/layout/layout.css?ln=primefaces&v=4.0 HTTP/1.1" 304 -
190.60.36.2 - - [30/Dec/2023:22:07:44 -0500] "GET /sipse/faces/javax.faces.resource/jquery/jquery.js?ln=primefaces&v=4.0 HTTP/1.1" 304 -
190.60.36.2 - - [30/Dec/2023:22:07:44 -0500] "GET /sipse/faces/javax.faces.resource/jquery/jquery-plugins.js?ln=primefaces&v=4.0 HTTP/1.1" 304 -
190.60.36.2 - - [30/Dec/2023:22:07:44 -0500] "GET /sipse/faces/javax.faces.resource/primefaces.js?ln=primefaces&v=4.0 HTTP/1.1" 304 -
190.60.36.2 - - [30/Dec/2023:22:07:44 -0500] "GET /sipse/faces/javax.faces.resource/layout/layout.js?ln=primefaces&v=4.0 HTTP/1.1" 304 -
190.60.36.2 - - [30/Dec/2023:22:07:49 -0500] "POST /sipse/faces/presentacion/financiero/solicitudProceso/consultarSolicitudProceso.xhtml HTTP/1.1" 200 44762
190.60.36.2 - - [30/Dec/2023:22:07:51 -0500] "GET /sipse/faces/javax.faces.resource/theme.css?ln=primefaces-sipse HTTP/1.1" 304 -
190.60.36.2 - - [30/Dec/2023:22:07:51 -0500] "GET /sipse/faces/javax.faces.resource/primefaces.css?ln=primefaces&v=4.0 HTTP/1.1" 304 -
190.60.36.2 - - [30/Dec/2023:22:07:51 -0500] "GET /sipse/faces/javax.faces.resource/layout/layout.css?ln=primefaces&v=4.0 HTTP/1.1" 304 -
190.60.36.2 - - [30/Dec/2023:22:07:51 -0500] "GET /sipse/faces/javax.faces.resource/jquery/jquery.js?ln=primefaces&v=4.0 HTTP/1.1" 304 -
190.60.36.2 - - [30/Dec/2023:22:07:51 -0500] "GET /sipse/faces/javax.faces.resource/jquery/jquery-plugins.js?ln=primefaces&v=4.0 HTTP/1.1" 304 -
190.60.36.2 - - [30/Dec/2023:22:07:51 -0500] "GET /sipse/faces/javax.faces.resource/primefaces.js?ln=primefaces&v=4.0 HTTP/1.1" 304 -
190.60.36.2 - - [30/Dec/2023:22:07:51 -0500] "GET /sipse/faces/javax.faces.resource/layout/layout.js?ln=primefaces&v=4.0 HTTP/1.1" 304 -
190.60.36.2 - - [30/Dec/2023:22:07:51 -0500] "POST /sipse/faces/presentacion/financiero/solicitudProceso/listarSolicitudProceso.xhtml HTTP/1.1" 200 1472
47.128.62.112 - - [30/Dec/2023:22:07:51 -0500] "GET /BLA/resoluciones/index.php?dir=RESOLUCIONES%202007%2FRES%202007%201601%20AL%201725%2F&order=desc&sort=size HTTP/1.1" 200 7201
47.128.62.112 - - [30/Dec/2023:22:07:52 -0500] "GET /BLA/resoluciones/dlf/pdf.gif HTTP/1.1" 200 272
47.128.62.112 - - [30/Dec/2023:22:07:52 -0500] "GET /BLA/resoluciones/dlf/dirup.png HTTP/1.1" 200 644
190.60.36.2 - - [30/Dec/2023:22:07:53 -0500] "POST /sipse/faces/presentacion/financiero/solicitudProceso/listarSolicitudProceso.xhtml HTTP/1.1" 200 10846
190.60.36.2 - - [30/Dec/2023:22:07:53 -0500] "POST /sipse/faces/presentacion/financiero/solicitudProceso/listarSolicitudProceso.xhtml HTTP/1.1" 200 22502
190.60.36.2 - - [30/Dec/2023:22:07:54 -0500] "POST /sipse/faces/presentacion/financiero/solicitudProceso/listarSolicitudProceso.xhtml HTTP/1.1" 200 10846
52.167.144.226 - - [30/Dec/2023:22:07:54 -0500] "GET /BLA/resoluciones/Notificaciones/REGISTROS%202020/00639.pdf HTTP/1.1" 200 270722
190.60.36.2 - - [30/Dec/2023:22:08:09 -0500] "POST /sipse/faces/presentacion/financiero/solicitudProceso/listarSolicitudProceso.xhtml HTTP/1.1" 200 117291
216.244.66.195 - - [30/Dec/2023:22:08:11 -0500] "GET /BLA/resoluciones/RESOLUCIONES%202019/1236.pdf HTTP/1.1" 200 346978
190.60.36.2 - - [30/Dec/2023:22:08:11 -0500] "GET /sipse/faces/javax.faces.resource/theme.css?ln=primefaces-sipse HTTP/1.1" 304 -
190.60.36.2 - - [30/Dec/2023:22:08:11 -0500] "GET /sipse/faces/javax.faces.resource/primefaces.css?ln=primefaces&v=4.0 HTTP/1.1" 304 -
190.60.36.2 - - [30/Dec/2023:22:08:11 -0500] "GET /sipse/faces/javax.faces.resource/layout/layout.css?ln=primefaces&v=4.0 HTTP/1.1" 304 -
190.60.36.2 - - [30/Dec/2023:22:08:11 -0500] "GET /sipse/faces/javax.faces.resource/jquery/jquery.js?ln=primefaces&v=4.0 HTTP/1.1" 304 -
190.60.36.2 - - [30/Dec/2023:22:08:11 -0500] "GET /sipse/faces/javax.faces.resource/jquery/jquery-plugins.js?ln=primefaces&v=4.0 HTTP/1.1" 304 -
190.60.36.2 - - [30/Dec/2023:22:08:11 -0500] "GET /sipse/faces/javax.faces.resource/primefaces.js?ln=primefaces&v=4.0 HTTP/1.1" 304 -
190.60.36.2 - - [30/Dec/2023:22:08:11 -0500] "GET /sipse/faces/javax.faces.resource/layout/layout.js?ln=primefaces&v=4.0 HTTP/1.1" 304 -
190.60.36.2 - - [30/Dec/2023:22:08:16 -0500] "POST /sipse/faces/presentacion/financiero/solicitudProceso/consultarSolicitudProceso.xhtml HTTP/1.1" 200 271616
190.60.36.2 - - [30/Dec/2023:22:08:25 -0500] "POST /sipse/faces/presentacion/financiero/solicitudProceso/consultarSolicitudProceso.xhtml HTTP/1.1" 200 41987
190.60.36.2 - - [30/Dec/2023:22:08:26 -0500] "GET /sipse/faces/javax.faces.resource/theme.css?ln=primefaces-sipse HTTP/1.1" 304 -
190.60.36.2 - - [30/Dec/2023:22:08:26 -0500] "GET /sipse/faces/javax.faces.resource/layout/layout.css?ln=primefaces&v=4.0 HTTP/1.1" 304 -
190.60.36.2 - - [30/Dec/2023:22:08:26 -0500] "GET /sipse/faces/javax.faces.resource/primefaces.css?ln=primefaces&v=4.0 HTTP/1.1" 304 -
190.60.36.2 - - [30/Dec/2023:22:08:26 -0500] "GET /sipse/faces/javax.faces.resource/jquery/jquery.js?ln=primefaces&v=4.0 HTTP/1.1" 304 -
190.60.36.2 - - [30/Dec/2023:22:08:26 -0500] "GET /sipse/faces/javax.faces.resource/jquery/jquery-plugins.js?ln=primefaces&v=4.0 HTTP/1.1" 304 -
190.60.36.2 - - [30/Dec/2023:22:08:26 -0500] "GET /sipse/faces/javax.faces.resource/primefaces.js?ln=primefaces&v=4.0 HTTP/1.1" 304 -
190.60.36.2 - - [30/Dec/2023:22:08:26 -0500] "GET /sipse/faces/javax.faces.resource/layout/layout.js?ln=primefaces&v=4.0 HTTP/1.1" 304 -
172.22.2.4 - - [30/Dec/2023:22:08:07 -0500] "HEAD /BLA/boletinlegal/ HTTP/1.1" 200 -
190.60.36.2 - - [30/Dec/2023:22:10:03 -0500] "POST /sipse/faces/presentacion/financiero/modificacionContrato/cargarModifiacion.xhtml HTTP/1.1" 200 120441
190.60.36.2 - - [30/Dec/2023:22:10:04 -0500] "GET /sipse/faces/javax.faces.resource/theme.css?ln=primefaces-sipse HTTP/1.1" 304 -
190.60.36.2 - - [30/Dec/2023:22:10:04 -0500] "GET /sipse/faces/javax.faces.resource/jquery/jquery.js?ln=primefaces&v=4.0 HTTP/1.1" 304 -
190.60.36.2 - - [30/Dec/2023:22:10:04 -0500] "GET /sipse/faces/javax.faces.resource/primefaces.css?ln=primefaces&v=4.0 HTTP/1.1" 304 -
190.60.36.2 - - [30/Dec/2023:22:10:04 -0500] "GET /sipse/faces/javax.faces.resource/layout/layout.css?ln=primefaces&v=4.0 HTTP/1.1" 304 -
190.60.36.2 - - [30/Dec/2023:22:10:04 -0500] "GET /sipse/faces/javax.faces.resource/jquery/jquery-plugins.js?ln=primefaces&v=4.0 HTTP/1.1" 304 -
190.60.36.2 - - [30/Dec/2023:22:10:04 -0500] "GET /sipse/faces/javax.faces.resource/primefaces.js?ln=primefaces&v=4.0 HTTP/1.1" 304 -
190.60.36.2 - - [30/Dec/2023:22:10:04 -0500] "GET /sipse/faces/javax.faces.resource/layout/layout.js?ln=primefaces&v=4.0 HTTP/1.1" 304 -
190.60.36.2 - - [30/Dec/2023:22:10:07 -0500] "POST /sipse/faces/presentacion/financiero/solicitudProceso/consultarSolicitudProceso.xhtml HTTP/1.1" 200 41840
190.60.36.2 - - [30/Dec/2023:22:10:08 -0500] "GET /sipse/faces/javax.faces.resource/primefaces.css?ln=primefaces&v=4.0 HTTP/1.1" 304 -
190.60.36.2 - - [30/Dec/2023:22:10:08 -0500] "GET /sipse/faces/javax.faces.resource/theme.css?ln=primefaces-sipse HTTP/1.1" 304 -
190.60.36.2 - - [30/Dec/2023:22:10:08 -0500] "GET /sipse/faces/javax.faces.resource/layout/layout.css?ln=primefaces&v=4.0 HTTP/1.1" 304 -
190.60.36.2 - - [30/Dec/2023:22:10:08 -0500] "GET /sipse/faces/javax.faces.resource/jquery/jquery.js?ln=primefaces&v=4.0 HTTP/1.1" 304 -
190.60.36.2 - - [30/Dec/2023:22:10:08 -0500] "GET /sipse/faces/javax.faces.resource/jquery/jquery-plugins.js?ln=primefaces&v=4.0 HTTP/1.1" 304 -
190.60.36.2 - - [30/Dec/2023:22:10:08 -0500] "GET /sipse/faces/javax.faces.resource/primefaces.js?ln=primefaces&v=4.0 HTTP/1.1" 304 -
190.60.36.2 - - [30/Dec/2023:22:10:08 -0500] "GET /sipse/faces/javax.faces.resource/layout/layout.js?ln=primefaces&v=4.0 HTTP/1.1" 304 -
190.60.36.2 - - [30/Dec/2023:22:10:09 -0500] "POST /sipse/faces/presentacion/financiero/solicitudProceso/listarSolicitudProceso.xhtml HTTP/1.1" 200 1440
190.60.36.2 - - [30/Dec/2023:22:10:11 -0500] "POST /sipse/faces/presentacion/financiero/solicitudProceso/listarSolicitudProceso.xhtml HTTP/1.1" 200 7823
190.60.36.2 - - [30/Dec/2023:22:10:11 -0500] "POST /sipse/faces/presentacion/financiero/solicitudProceso/listarSolicitudProceso.xhtml HTTP/1.1" 200 19487
190.60.36.2 - - [30/Dec/2023:22:10:11 -0500] "POST /sipse/faces/presentacion/financiero/solicitudProceso/listarSolicitudProceso.xhtml HTTP/1.1" 200 7823
172.22.2.4 - - [30/Dec/2023:22:08:58 -0500] "GET /BLA/boletinlegal/ HTTP/1.1" 200 60910
216.245.221.92 - - [30/Dec/2023:22:11:00 -0500] "HEAD / HTTP/1.1" 200 -
201.245.192.253 - - [30/Dec/2023:22:11:29 -0500] "POST /kwsrmcab/Wsrmcab  HTTP/1.1" 200 36178
172.22.2.4 - - [30/Dec/2023:22:13:57 -0500] "HEAD /BLA/boletinlegal/ HTTP/1.1" 200 -
201.245.192.253 - - [30/Dec/2023:22:15:45 -0500] "POST /kwsrmcab/Wsrmcab HTTP/1.1" 200 36674
201.245.192.253 - - [30/Dec/2023:22:15:48 -0500] "POST /kwsrmcab/Wsrmcab HTTP/1.1" 200 37037
216.245.221.92 - - [30/Dec/2023:22:16:00 -0500] "HEAD / HTTP/1.1" 200 -
198.199.113.98 - - [30/Dec/2023:22:16:10 -0500] "GET /manager/html HTTP/1.1" 404 1018
172.22.2.4 - - [30/Dec/2023:22:14:48 -0500] "GET /BLA/boletinlegal/ HTTP/1.1" 200 58567
201.245.192.253 - - [30/Dec/2023:22:16:27 -0500] "POST /kwsrmcab/Wsrmcab  HTTP/1.1" 200 36178
172.22.2.4 - - [30/Dec/2023:22:16:54 -0500] "GET /BLA/boletinlegal/favicon.ico HTTP/1.1" 404 1018
52.167.144.185 - - [30/Dec/2023:22:18:17 -0500] "GET /BLA/resoluciones/index.php?dir=Notificaciones%2FRESOLUCIONES+2023%2F HTTP/1.1" 200 41589
173.252.95.2 - - [30/Dec/2023:22:18:21 -0500] "GET /images/reconocimiento%20practicas%20ambientales.jpg HTTP/1.1" 200 63397
18.119.161.220 - - [30/Dec/2023:22:18:40 -0500] "GET /ai.txt?t=1703984678.655899 HTTP/1.1" 404 1018
18.119.161.220 - - [30/Dec/2023:22:18:40 -0500] "GET /.well-known/ai.txt?t=1703984678.655899 HTTP/1.1" 404 1018
66.249.66.19 - - [30/Dec/2023:22:19:52 -0500] "GET /BLA/resoluciones/Autos%202008/3180.pdf HTTP/1.1" 200 205045
201.245.192.253 - - [30/Dec/2023:22:19:50 -0500] "POST /kwsrmcab/Wsrmcab HTTP/1.1" 200 36674
201.245.192.253 - - [30/Dec/2023:22:19:55 -0500] "POST /kwsrmcab/Wsrmcab HTTP/1.1" 200 37037
172.22.2.4 - - [30/Dec/2023:22:20:06 -0500] "GET /BLA/boletinlegal/favicon.ico HTTP/1.1" 404 1018
216.245.221.92 - - [30/Dec/2023:22:21:00 -0500] "HEAD / HTTP/1.1" 200 -
198.74.56.46 - - [30/Dec/2023:22:21:11 -0500] "GET / HTTP/1.1" 200 319
201.245.192.253 - - [30/Dec/2023:22:21:25 -0500] "POST /kwsrmcab/Wsrmcab  HTTP/1.1" 200 36178
172.22.2.4 - - [30/Dec/2023:22:19:47 -0500] "HEAD /BLA/boletinlegal/ HTTP/1.1" 200 -
172.22.2.4 - - [30/Dec/2023:22:20:38 -0500] "GET /BLA/boletinlegal/ HTTP/1.1" 200 60502
52.167.144.194 - - [30/Dec/2023:22:22:57 -0500] "GET /BLA/resoluciones/AUTOS%202022/3409.pdf HTTP/1.1" 304 -
172.22.2.4 - - [30/Dec/2023:22:23:08 -0500] "GET /BLA/boletinlegal/manage/account/login HTTP/1.1" 404 1018
47.128.39.73 - - [30/Dec/2023:22:23:13 -0500] "GET /BLA/resoluciones/index.php?dir=RESOLUCIONES%202005%2FRES%202005%202801-2850%2F&order=desc&sort=size HTTP/1.1" 200 11938
47.128.39.73 - - [30/Dec/2023:22:23:14 -0500] "GET /BLA/resoluciones/dlf/dirup.png HTTP/1.1" 200 644
47.128.39.73 - - [30/Dec/2023:22:23:14 -0500] "GET /BLA/resoluciones/dlf/unknown.png HTTP/1.1" 200 266
173.252.107.3 - - [30/Dec/2023:22:23:21 -0500] "GET /images/mujeres-que-reverdecen.jpg HTTP/1.1" 200 31358
79.110.73.134 - - [30/Dec/2023:22:23:36 -0500] "GET /BLA/resoluciones/RESOLUCIONES%202019/0953.pdf HTTP/1.1" 200 2355215
52.167.144.235 - - [30/Dec/2023:22:23:35 -0500] "GET /portaldeninos/wp-content/uploads/2019/09/Cipr%C3%A9s-%C3%A1rboles.jpg HTTP/1.1" 200 485766
47.128.47.198 - - [30/Dec/2023:22:23:36 -0500] "GET /BLA/resoluciones/index.php?dir=RESOLUCIONES%202007%2FRES%202007%202501%20AL%202600%2F&order=desc&sort=date HTTP/1.1" 200 26846
47.128.47.198 - - [30/Dec/2023:22:23:37 -0500] "GET /BLA/resoluciones/dlf/dirup.png HTTP/1.1" 200 644
47.128.47.198 - - [30/Dec/2023:22:23:37 -0500] "GET /BLA/resoluciones/dlf/pdf.gif HTTP/1.1" 200 272
31.13.103.9 - - [30/Dec/2023:22:23:46 -0500] "GET /bogota-y-cundinamarca-consolidan-pagos-por-servicios-ambientales-con-nueva-firma-para-la-proteccion-del-agua.html HTTP/1.1" 200 821
47.128.56.193 - - [30/Dec/2023:22:24:01 -0500] "GET /BLA/resoluciones/index.php?dir=Notificaciones%2FRESOLUCIONES%202016%2F&order=desc&sort=size HTTP/1.1" 200 18210
47.128.56.193 - - [30/Dec/2023:22:24:02 -0500] "GET /BLA/resoluciones/dlf/dirup.png HTTP/1.1" 200 644
47.128.56.193 - - [30/Dec/2023:22:24:02 -0500] "GET /BLA/resoluciones/dlf/doc.gif HTTP/1.1" 200 1079
47.128.56.193 - - [30/Dec/2023:22:24:02 -0500] "GET /BLA/resoluciones/dlf/pdf.gif HTTP/1.1" 200 272
66.249.66.21 - - [30/Dec/2023:22:24:43 -0500] "GET /BLA/resoluciones/RESOLUCIONES%202007/RES%202007%202801%20AL%202900/RESOLUCION%202873%20DE%202007.pdf HTTP/1.1" 200 351498
47.128.99.43 - - [30/Dec/2023:22:24:47 -0500] "GET /BLA/resoluciones/dlf/dirup.png HTTP/1.1" 200 644
47.128.99.43 - - [30/Dec/2023:22:24:47 -0500] "GET /BLA/resoluciones/dlf/pdf.gif HTTP/1.1" 200 272
47.128.99.43 - - [30/Dec/2023:22:24:46 -0500] "GET /BLA/resoluciones/index.php?dir=RESOLUCIONES%202007%2FRES%202007%202701%20AL%202800%2F&order=asc&sort=name HTTP/1.1" 200 26889
47.128.24.144 - - [30/Dec/2023:22:24:49 -0500] "GET /BLA/resoluciones/index.php?dir=Notificaciones%2FRESOLUCIONES%202018%2F&order=asc&sort=name HTTP/1.1" 200 19727
47.128.24.144 - - [30/Dec/2023:22:24:50 -0500] "GET /BLA/resoluciones/dlf/pdf.gif HTTP/1.1" 200 272
47.128.24.144 - - [30/Dec/2023:22:24:50 -0500] "GET /BLA/resoluciones/dlf/dirup.png HTTP/1.1" 200 644
47.128.52.59 - - [30/Dec/2023:22:25:13 -0500] "GET /BLA/resoluciones/index.php?dir=Notificaciones%2FRESOLUCIONES%202019%2F&order=asc&sort=name HTTP/1.1" 200 40760
47.128.52.59 - - [30/Dec/2023:22:25:14 -0500] "GET /BLA/resoluciones/dlf/dirup.png HTTP/1.1" 200 644
47.128.52.59 - - [30/Dec/2023:22:25:14 -0500] "GET /BLA/resoluciones/dlf/pdf.gif HTTP/1.1" 200 272
47.128.26.68 - - [30/Dec/2023:22:25:37 -0500] "GET /BLA/resoluciones/index.php?dir=RESOLUCIONES%202005%2FRES%202005%201201-1250%2F&order=asc&sort=name HTTP/1.1" 200 12369
47.128.26.68 - - [30/Dec/2023:22:25:37 -0500] "GET /BLA/resoluciones/dlf/unknown.png HTTP/1.1" 200 266
47.128.26.68 - - [30/Dec/2023:22:25:37 -0500] "GET /BLA/resoluciones/dlf/dirup.png HTTP/1.1" 200 644
201.245.192.253 - - [30/Dec/2023:22:25:45 -0500] "POST /kwsrmcab/Wsrmcab HTTP/1.1" 200 36674
201.245.192.253 - - [30/Dec/2023:22:25:48 -0500] "POST /kwsrmcab/Wsrmcab HTTP/1.1" 200 37037
66.249.66.19 - - [30/Dec/2023:22:25:56 -0500] "GET /BLA/resoluciones/RESOLUCIONES%202009/3031.pdf HTTP/1.1" 200 606922
216.245.221.92 - - [30/Dec/2023:22:26:00 -0500] "HEAD / HTTP/1.1" 200 -
47.128.38.148 - - [30/Dec/2023:22:26:00 -0500] "GET /BLA/resoluciones/index.php?dir=RESOLUCIONES%202007%2FRES%202007%201601%20AL%201725%2F&order=asc&sort=name HTTP/1.1" 200 7202
47.128.38.148 - - [30/Dec/2023:22:26:01 -0500] "GET /BLA/resoluciones/dlf/pdf.gif HTTP/1.1" 200 272
47.128.38.148 - - [30/Dec/2023:22:26:01 -0500] "GET /BLA/resoluciones/dlf/dirup.png HTTP/1.1" 200 644
199.16.157.181 - - [30/Dec/2023:22:26:09 -0500] "GET /robots.txt HTTP/1.1" 404 1034
199.16.157.181 - - [30/Dec/2023:22:26:10 -0500] "GET /images/pl%C3%A1sticos%20foto%201..jpg HTTP/1.1" 404 1034
201.245.192.253 - - [30/Dec/2023:22:26:24 -0500] "POST /kwsrmcab/Wsrmcab  HTTP/1.1" 200 36178
172.22.2.4 - - [30/Dec/2023:22:25:37 -0500] "HEAD /BLA/boletinlegal/ HTTP/1.1" 200 -
172.22.2.4 - - [30/Dec/2023:22:26:28 -0500] "GET /BLA/boletinlegal/ HTTP/1.1" 200 58567
172.22.2.4 - - [30/Dec/2023:22:28:11 -0500] "GET /BLA/boletinlegal/manage/account/login HTTP/1.1" 404 1018
201.245.192.253 - - [30/Dec/2023:22:29:50 -0500] "POST /kwsrmcab/Wsrmcab HTTP/1.1" 200 36674
54.193.30.101 - - [30/Dec/2023:22:29:53 -0500] "GET / HTTP/1.1" 200 319
201.245.192.253 - - [30/Dec/2023:22:29:55 -0500] "POST /kwsrmcab/Wsrmcab HTTP/1.1" 200 37037
172.22.2.4 - - [30/Dec/2023:22:28:27 -0500] "GET /BLA/boletinlegal/ HTTP/1.1" 200 62055
66.249.66.21 - - [30/Dec/2023:22:30:53 -0500] "GET /resoluciones/RESOLUCIONES%202009/1341.pdf HTTP/1.1" 404 1018
216.245.221.92 - - [30/Dec/2023:22:31:00 -0500] "HEAD / HTTP/1.1" 200 -
201.245.192.253 - - [30/Dec/2023:22:31:22 -0500] "POST /kwsrmcab/Wsrmcab  HTTP/1.1" 200 36178
173.252.107.3 - - [30/Dec/2023:22:32:55 -0500] "GET /distrito-adopta-el-plan-de-manejo-ambiental-para-el-parque-distrital-ecologico-de-montana-cerro-de-torca.hymns HTTP/1.1" 404 1034
172.22.2.4 - - [30/Dec/2023:22:31:27 -0500] "HEAD /BLA/boletinlegal/ HTTP/1.1" 200 -
172.22.2.4 - - [30/Dec/2023:22:33:22 -0500] "GET /BLA/boletinlegal/admin/index.html HTTP/1.1" 200 1692
31.13.127.118 - - [30/Dec/2023:22:33:46 -0500] "GET /images/pieza-mujeres-reverdecen-4-abril.jpg HTTP/1.1" 200 48916
31.13.127.5 - - [30/Dec/2023:22:33:46 -0500] "GET /images/pieza-calidad-aire-noche-4-febrero.jpg HTTP/1.1" 200 37476
31.13.127.3 - - [30/Dec/2023:22:33:49 -0500] "GET /secretaria-de-ambiente-realizara-mantenimiento-a-su-infraestructura-tecnologica.html HTTP/1.1" 200 988
31.13.127.120 - - [30/Dec/2023:22:33:49 -0500] "GET /images/SECRETARIA-AMBIENTE-FACHADA-5-NOV.jpg HTTP/1.1" 200 250889
31.13.127.117 - - [30/Dec/2023:22:33:51 -0500] "GET /secretaria-de-ambiente-incrementa-evaluacion-y-seguimiento-al-arbolado-urbano.html HTTP/1.1" 200 933
31.13.127.9 - - [30/Dec/2023:22:33:51 -0500] "GET /bogota-esta-mejorando-y-en-el-dia-de-los-humedales-bogota-reafirma-su-compromiso-con-estos-ecosistemas.html HTTP/1.1" 200 1153
31.13.127.12 - - [30/Dec/2023:22:33:53 -0500] "GET /lo-que-estamos-proponiendo-es-un-pot-de-equilibrios-secretaria-de-ambiente-carolina-urrutia.html HTTP/1.1" 200 922
31.13.127.16 - - [30/Dec/2023:22:33:53 -0500] "GET /secretaria-de-ambiente-se-suma-a-la-tendencia-tik-tok.html HTTP/1.1" 200 1022
31.13.127.2 - - [30/Dec/2023:22:33:53 -0500] "GET /secretaria-de-ambiente-estrena-podcast-ambientalmente.html HTTP/1.1" 200 865
172.22.2.4 - - [30/Dec/2023:22:32:18 -0500] "GET /BLA/boletinlegal/ HTTP/1.1" 200 54031
31.13.127.15 - - [30/Dec/2023:22:34:04 -0500] "GET /images/tik-tok-red-social%20secretaria-ambiente-30-octubre.jpg HTTP/1.1" 200 23521
31.13.127.117 - - [30/Dec/2023:22:34:04 -0500] "GET /images/imagen-comunicado-podcast.jpg HTTP/1.1" 200 39765
31.13.127.117 - - [30/Dec/2023:22:34:05 -0500] "GET /images/POT%20ciudad%20bol\xc3\xadvar-6%20octubre.jpg HTTP/1.1" 404 1034
172.22.2.4 - - [30/Dec/2023:22:32:46 -0500] "GET /BLA/boletinlegal/ HTTP/1.1" 200 56085
66.249.66.19 - - [30/Dec/2023:22:35:19 -0500] "GET /Publicaciones/2023EE301424.pdf HTTP/1.1" 200 231843
201.245.192.253 - - [30/Dec/2023:22:35:45 -0500] "POST /kwsrmcab/Wsrmcab HTTP/1.1" 200 36674
201.245.192.253 - - [30/Dec/2023:22:35:48 -0500] "POST /kwsrmcab/Wsrmcab HTTP/1.1" 200 37037
216.245.221.92 - - [30/Dec/2023:22:36:00 -0500] "HEAD / HTTP/1.1" 200 -
199.16.157.180 - - [30/Dec/2023:22:36:03 -0500] "GET /images/cr%C3%B3nica-29-nov-1_optimized.jpeg HTTP/1.1" 404 1034
201.245.192.253 - - [30/Dec/2023:22:36:22 -0500] "POST /kwsrmcab/Wsrmcab  HTTP/1.1" 200 36178
66.249.66.21 - - [30/Dec/2023:22:36:37 -0500] "GET /BLA/jurisprudencia/sentencias/C-703-10.rtf HTTP/1.1" 404 1018
172.22.2.4 - - [30/Dec/2023:22:36:41 -0500] "GET /BLA/boletinlegal/Circulares/2019/.pdf HTTP/1.1" 404 1218
172.22.2.4 - - [30/Dec/2023:22:38:36 -0500] "GET /BLA/boletinlegal/admin/index.html HTTP/1.1" 200 1692
172.22.2.4 - - [30/Dec/2023:22:37:17 -0500] "HEAD /BLA/boletinlegal/ HTTP/1.1" 200 -
218.161.62.82 - - [30/Dec/2023:22:39:04 -0500] "GET / HTTP/1.0" 200 319
172.22.2.4 - - [30/Dec/2023:22:38:08 -0500] "GET /BLA/boletinlegal/ HTTP/1.1" 200 60502
201.245.192.253 - - [30/Dec/2023:22:39:50 -0500] "POST /kwsrmcab/Wsrmcab HTTP/1.1" 200 36674
