181.52.44.53 - - [01/Jan/2024:16:04:18 -0500] "GET /BLA/resoluciones/dlf/pdf.gif HTTP/1.1" 200 272
181.52.44.53 - - [01/Jan/2024:16:04:18 -0500] "GET /BLA/resoluciones/dlf/bg.gif HTTP/1.1" 200 54
181.52.44.53 - - [01/Jan/2024:16:04:26 -0500] "GET /BLA/resoluciones/dlf/archive.png HTTP/1.1" 200 632
181.52.44.53 - - [01/Jan/2024:16:04:14 -0500] "GET /BLA/resoluciones/index.php?dir=RESOLUCIONES+2020%2F HTTP/1.1" 200 170259
181.52.44.53 - - [01/Jan/2024:16:04:14 -0500] "GET /BLA/resoluciones/index.php?dir=RESOLUCIONES+2018%2F HTTP/1.1" 200 281469
181.52.44.53 - - [01/Jan/2024:16:04:37 -0500] "GET /BLA/resoluciones/dlf/bg.gif HTTP/1.1" 200 54
172.22.2.4 - - [01/Jan/2024:16:03:26 -0500] "GET /BLA/boletinlegal/ HTTP/1.1" 200 58172
201.245.192.253 - - [01/Jan/2024:16:05:17 -0500] "POST /kwsrmcab/Wsrmcab  HTTP/1.1" 200 36178
216.245.221.92 - - [01/Jan/2024:16:05:54 -0500] "HEAD / HTTP/1.1" 200 -
172.22.2.4 - - [01/Jan/2024:16:08:25 -0500] "HEAD /BLA/boletinlegal/ HTTP/1.1" 200 -
201.245.192.253 - - [01/Jan/2024:16:10:15 -0500] "POST /kwsrmcab/Wsrmcab  HTTP/1.1" 200 36178
198.235.24.110 - - [01/Jan/2024:16:10:18 -0500] "GET / HTTP/1.0" 200 319
216.245.221.92 - - [01/Jan/2024:16:10:54 -0500] "HEAD / HTTP/1.1" 200 -
172.22.2.4 - - [01/Jan/2024:16:09:16 -0500] "GET /BLA/boletinlegal/ HTTP/1.1" 200 58567
172.22.2.4 - - [01/Jan/2024:16:14:01 -0500] "GET /BLA/boletinlegal/en/ HTTP/1.1" 404 1015
172.22.2.4 - - [01/Jan/2024:16:15:14 -0500] "GET /BLA/boletinlegal/favicon.ico HTTP/1.1" 404 1018
201.245.192.253 - - [01/Jan/2024:16:15:14 -0500] "POST /kwsrmcab/Wsrmcab  HTTP/1.1" 200 36178
52.167.144.223 - - [01/Jan/2024:16:15:16 -0500] "GET /Publicaciones/2023EE303534.pdf HTTP/1.1" 200 231463
172.22.2.4 - - [01/Jan/2024:16:14:55 -0500] "GET /BLA/boletinlegal/ HTTP/1.1" 200 20427
201.245.192.253 - - [01/Jan/2024:16:15:36 -0500] "POST /kwsrmcab/Wsrmcab HTTP/1.1" 200 36749
201.245.192.253 - - [01/Jan/2024:16:15:38 -0500] "POST /kwsrmcab/Wsrmcab HTTP/1.1" 200 37052
216.245.221.92 - - [01/Jan/2024:16:15:54 -0500] "HEAD / HTTP/1.1" 200 -
172.22.2.4 - - [01/Jan/2024:16:14:15 -0500] "HEAD /BLA/boletinlegal/ HTTP/1.1" 200 -
172.22.2.4 - - [01/Jan/2024:16:14:59 -0500] "GET /BLA/boletinlegal/ HTTP/1.1" 200 32715
172.22.2.4 - - [01/Jan/2024:16:16:38 -0500] "GET /BLA/boletinlegal/robots.txt HTTP/1.1" 404 1038
172.22.2.4 - - [01/Jan/2024:16:15:06 -0500] "GET /BLA/boletinlegal/ HTTP/1.1" 200 47813
172.22.2.4 - - [01/Jan/2024:16:16:40 -0500] "GET /BLA/boletinlegal/index.php HTTP/1.1" 200 61704
201.245.192.253 - - [01/Jan/2024:16:19:43 -0500] "POST /kwsrmcab/Wsrmcab HTTP/1.1" 200 36749
201.245.192.253 - - [01/Jan/2024:16:19:48 -0500] "POST /kwsrmcab/Wsrmcab HTTP/1.1" 200 37052
201.245.192.253 - - [01/Jan/2024:16:20:12 -0500] "POST /kwsrmcab/Wsrmcab  HTTP/1.1" 200 36178
216.245.221.92 - - [01/Jan/2024:16:20:54 -0500] "HEAD / HTTP/1.1" 200 -
172.22.2.4 - - [01/Jan/2024:16:21:36 -0500] "GET /BLA/boletinlegal/robots.txt HTTP/1.1" 404 1038
172.22.2.4 - - [01/Jan/2024:16:21:38 -0500] "GET /BLA/boletinlegal/sugerencias.php HTTP/1.1" 200 8615
172.22.2.4 - - [01/Jan/2024:16:20:05 -0500] "HEAD /BLA/boletinlegal/ HTTP/1.1" 200 -
172.22.2.4 - - [01/Jan/2024:16:20:56 -0500] "GET /BLA/boletinlegal/ HTTP/1.1" 200 58567
173.252.87.3 - - [01/Jan/2024:16:23:11 -0500] "GET /oso-melero-recuperado-en-bogota-fue-liberado-exitosamente-en-el-meta.html HTTP/1.1" 200 948
124.225.164.130 - - [01/Jan/2024:16:23:11 -0500] "GET / HTTP/1.1" 200 319
201.245.192.253 - - [01/Jan/2024:16:25:10 -0500] "POST /kwsrmcab/Wsrmcab  HTTP/1.1" 200 36178
201.245.192.253 - - [01/Jan/2024:16:25:36 -0500] "POST /kwsrmcab/Wsrmcab HTTP/1.1" 200 36749
201.245.192.253 - - [01/Jan/2024:16:25:39 -0500] "POST /kwsrmcab/Wsrmcab HTTP/1.1" 200 37052
216.245.221.92 - - [01/Jan/2024:16:25:54 -0500] "HEAD / HTTP/1.1" 200 -
54.36.149.41 - - [01/Jan/2024:16:26:07 -0500] "GET /robots.txt HTTP/1.1" 404 1034
51.222.253.6 - - [01/Jan/2024:16:26:09 -0500] "GET /cuales-son-los-tramites-ambientales-mas-solicitados-de-bogota.html HTTP/1.1" 200 840
172.22.2.4 - - [01/Jan/2024:16:25:55 -0500] "HEAD /BLA/boletinlegal/ HTTP/1.1" 200 -
172.22.2.4 - - [01/Jan/2024:16:26:46 -0500] "GET /BLA/boletinlegal/ HTTP/1.1" 200 58567
216.244.66.195 - - [01/Jan/2024:16:29:31 -0500] "GET /robots.txt HTTP/1.1" 404 1018
201.245.192.253 - - [01/Jan/2024:16:29:43 -0500] "POST /kwsrmcab/Wsrmcab HTTP/1.1" 200 36749
201.245.192.253 - - [01/Jan/2024:16:29:47 -0500] "POST /kwsrmcab/Wsrmcab HTTP/1.1" 200 37052
201.245.192.253 - - [01/Jan/2024:16:30:10 -0500] "POST /kwsrmcab/Wsrmcab  HTTP/1.1" 200 36178
66.249.66.21 - - [01/Jan/2024:16:30:47 -0500] "GET /Publicaciones/2023EE150446.pdf HTTP/1.1" 404 228
216.245.221.92 - - [01/Jan/2024:16:30:54 -0500] "HEAD / HTTP/1.1" 200 -
172.22.2.4 - - [01/Jan/2024:16:31:45 -0500] "HEAD /BLA/boletinlegal/ HTTP/1.1" 200 -
40.77.167.241 - - [01/Jan/2024:16:34:04 -0500] "GET /Publicaciones/2023EE307982.pdf HTTP/1.1" 200 1837218
172.22.2.4 - - [01/Jan/2024:16:32:36 -0500] "GET /BLA/boletinlegal/ HTTP/1.1" 200 51383
172.22.2.4 - - [01/Jan/2024:16:32:53 -0500] "GET /BLA/boletinlegal/ HTTP/1.1" 200 52889
201.245.192.253 - - [01/Jan/2024:16:35:09 -0500] "POST /kwsrmcab/Wsrmcab  HTTP/1.1" 200 36178
52.167.144.210 - - [01/Jan/2024:16:35:14 -0500] "GET /Publicaciones/2023EE308667.pdf HTTP/1.1" 200 231540
201.245.192.253 - - [01/Jan/2024:16:35:37 -0500] "POST /kwsrmcab/Wsrmcab HTTP/1.1" 200 36749
201.245.192.253 - - [01/Jan/2024:16:35:39 -0500] "POST /kwsrmcab/Wsrmcab HTTP/1.1" 200 37052
216.245.221.92 - - [01/Jan/2024:16:35:54 -0500] "HEAD / HTTP/1.1" 200 -
40.77.167.67 - - [01/Jan/2024:16:36:38 -0500] "GET /BLA/resoluciones/AUTOS%202023/07028.pdf HTTP/1.1" 200 394477
69.171.231.9 - - [01/Jan/2024:16:36:46 -0500] "GET /images/terrazas%20verdes.jpg HTTP/1.1" 200 63951
69.171.231.7 - - [01/Jan/2024:16:36:46 -0500] "GET /images/arbol%20centro.jpg HTTP/1.1" 200 69467
69.171.231.118 - - [01/Jan/2024:16:36:46 -0500] "GET /images/Aves%20SDA.jpeg HTTP/1.1" 200 75104
172.22.2.4 - - [01/Jan/2024:16:36:48 -0500] "GET /BLA/boletinlegal/Circulares/2019/.pdf HTTP/1.1" 404 1218
69.171.231.8 - - [01/Jan/2024:16:36:49 -0500] "GET /images/reconocimiento%20practicas%20ambientales.jpg HTTP/1.1" 200 63397
69.171.231.3 - - [01/Jan/2024:16:36:49 -0500] "GET /images/agua%20bogota.jpg HTTP/1.1" 200 74348
69.171.231.10 - - [01/Jan/2024:16:36:49 -0500] "GET /images/Musgo%2017%20-%2012%20-%202023.jpeg HTTP/1.1" 200 66238
69.171.231.7 - - [01/Jan/2024:16:36:49 -0500] "GET /images/PREAD%20SDA%201.jpeg HTTP/1.1" 200 65620
69.171.231.9 - - [01/Jan/2024:16:36:49 -0500] "GET /images/participacion%2019-12-23.jpg HTTP/1.1" 200 73861
69.171.231.8 - - [01/Jan/2024:16:36:53 -0500] "GET /images/calidad-aire.jpg HTTP/1.1" 200 42421
47.128.23.16 - - [01/Jan/2024:16:38:02 -0500] "GET /BLA/resoluciones/RESOLUCIONES%202006/RES%202006%20951-1000/INDEX.DAT HTTP/1.1" 200 2000
52.167.144.210 - - [01/Jan/2024:16:38:44 -0500] "GET /BLA/resoluciones/RESOLUCIONES%202023/1225.pdf HTTP/1.1" 304 -
172.22.2.4 - - [01/Jan/2024:16:37:35 -0500] "HEAD /BLA/boletinlegal/ HTTP/1.1" 200 -
201.245.192.253 - - [01/Jan/2024:16:39:43 -0500] "POST /kwsrmcab/Wsrmcab HTTP/1.1" 200 36749
201.245.192.253 - - [01/Jan/2024:16:39:47 -0500] "POST /kwsrmcab/Wsrmcab HTTP/1.1" 200 37052
172.22.2.4 - - [01/Jan/2024:16:38:26 -0500] "GET /BLA/boletinlegal/ HTTP/1.1" 200 58172
201.245.192.253 - - [01/Jan/2024:16:40:07 -0500] "POST /kwsrmcab/Wsrmcab  HTTP/1.1" 200 36178
216.245.221.92 - - [01/Jan/2024:16:40:54 -0500] "HEAD / HTTP/1.1" 200 -
216.244.66.195 - - [01/Jan/2024:16:43:42 -0500] "GET /BLA/resoluciones/AUTOS%202012/3080.pdf HTTP/1.1" 200 587874
216.244.66.195 - - [01/Jan/2024:16:43:48 -0500] "GET /BLA/resoluciones/AUTOS%202013/0299.pdf HTTP/1.1" 200 166111
216.244.66.195 - - [01/Jan/2024:16:43:53 -0500] "GET /BLA/resoluciones/AUTOS%202013/0492.pdf HTTP/1.1" 200 1530556
216.244.66.195 - - [01/Jan/2024:16:44:01 -0500] "GET /BLA/resoluciones/AUTOS%202013/0516.pdf HTTP/1.1" 200 1132312
216.244.66.195 - - [01/Jan/2024:16:44:07 -0500] "GET /BLA/resoluciones/AUTOS%202013/0866.pdf HTTP/1.1" 200 1571714
216.244.66.195 - - [01/Jan/2024:16:44:48 -0500] "GET /BLA/resoluciones/AUTOS%202013/1279.pdf HTTP/1.1" 200 400697
172.22.2.4 - - [01/Jan/2024:16:43:25 -0500] "HEAD /BLA/boletinlegal/ HTTP/1.1" 200 -
201.245.192.253 - - [01/Jan/2024:16:45:06 -0500] "POST /kwsrmcab/Wsrmcab  HTTP/1.1" 200 36178
216.244.66.195 - - [01/Jan/2024:16:45:19 -0500] "GET /BLA/resoluciones/AUTOS%202013/1685.pdf HTTP/1.1" 200 250606
216.244.66.195 - - [01/Jan/2024:16:45:50 -0500] "GET /BLA/resoluciones/AUTOS%202013/2018.pdf HTTP/1.1" 200 428486
216.245.221.92 - - [01/Jan/2024:16:45:54 -0500] "HEAD / HTTP/1.1" 200 -
172.22.2.4 - - [01/Jan/2024:16:44:16 -0500] "GET /BLA/boletinlegal/ HTTP/1.1" 200 60502
216.244.66.195 - - [01/Jan/2024:16:46:19 -0500] "GET /BLA/resoluciones/AUTOS%202013/2050.pdf HTTP/1.1" 200 1513667
172.22.2.4 - - [01/Jan/2024:16:46:34 -0500] "GET /BLA/boletinlegal/assets/.git/config HTTP/1.1" 404 1018
69.63.184.3 - - [01/Jan/2024:16:46:51 -0500] "GET /images/pl\xc3\xa1sticos%20foto%201..jpg HTTP/1.1" 404 1034
216.244.66.195 - - [01/Jan/2024:16:47:04 -0500] "GET /BLA/resoluciones/AUTOS%202013/2229.pdf HTTP/1.1" 200 351017
173.252.127.10 - - [01/Jan/2024:16:47:17 -0500] "GET /representantes-de-colombia-y-europa-se-reunieron-para-desarrollar-estrategias-innovadoras-en-la-gestion-del-plastico.html HTTP/1.1" 200 851
216.244.66.195 - - [01/Jan/2024:16:47:39 -0500] "GET /BLA/resoluciones/AUTOS%202013/2454.pdf HTTP/1.1" 200 1080749
216.244.66.195 - - [01/Jan/2024:16:48:11 -0500] "GET /BLA/resoluciones/AUTOS%202013/2559.pdf HTTP/1.1" 200 1473219
216.244.66.195 - - [01/Jan/2024:16:48:43 -0500] "GET /BLA/resoluciones/AUTOS%202013/2698.pdf HTTP/1.1" 200 194132
216.244.66.195 - - [01/Jan/2024:16:49:11 -0500] "GET /BLA/resoluciones/AUTOS%202013/2799.pdf HTTP/1.1" 200 409868
216.244.66.195 - - [01/Jan/2024:16:49:42 -0500] "GET /BLA/resoluciones/AUTOS%202013/2997.pdf HTTP/1.1" 200 188306
201.245.192.253 - - [01/Jan/2024:16:50:06 -0500] "POST /kwsrmcab/Wsrmcab  HTTP/1.1" 200 36178
216.244.66.195 - - [01/Jan/2024:16:50:07 -0500] "GET /BLA/resoluciones/AUTOS%202014/0606.pdf HTTP/1.1" 200 245053
216.244.66.195 - - [01/Jan/2024:16:50:32 -0500] "GET /BLA/resoluciones/AUTOS%202014/1651.pdf HTTP/1.1" 200 438014
172.22.2.4 - - [01/Jan/2024:16:50:38 -0500] "GET /BLA/boletinlegal/jurisprudencia/analisis/AnalisisT-606-15.docx HTTP/1.1" 200 26698
172.22.2.4 - - [01/Jan/2024:16:50:39 -0500] "GET /BLA/boletinlegal/apple-touch-icon-120x120-precomposed.png HTTP/1.1" 404 1140
172.22.2.4 - - [01/Jan/2024:16:50:39 -0500] "GET /BLA/boletinlegal/apple-touch-icon-120x120.png HTTP/1.1" 404 1140
172.22.2.4 - - [01/Jan/2024:16:50:39 -0500] "GET /BLA/boletinlegal/apple-touch-icon-precomposed.png HTTP/1.1" 404 1140
172.22.2.4 - - [01/Jan/2024:16:50:39 -0500] "GET /BLA/boletinlegal/apple-touch-icon.png HTTP/1.1" 404 1140
172.22.2.4 - - [01/Jan/2024:16:50:39 -0500] "GET /BLA/boletinlegal/favicon.ico HTTP/1.1" 404 1140
172.22.2.4 - - [01/Jan/2024:16:50:39 -0500] "GET /BLA/boletinlegal/apple-touch-icon-120x120-precomposed.png HTTP/1.1" 404 1140
172.22.2.4 - - [01/Jan/2024:16:50:39 -0500] "GET /BLA/boletinlegal/apple-touch-icon-120x120.png HTTP/1.1" 404 1140
172.22.2.4 - - [01/Jan/2024:16:50:39 -0500] "GET /BLA/boletinlegal/apple-touch-icon-precomposed.png HTTP/1.1" 404 1140
172.22.2.4 - - [01/Jan/2024:16:50:39 -0500] "GET /BLA/boletinlegal/apple-touch-icon.png HTTP/1.1" 404 1140
172.22.2.4 - - [01/Jan/2024:16:50:39 -0500] "GET /BLA/boletinlegal/favicon.ico HTTP/1.1" 404 1140
216.245.221.92 - - [01/Jan/2024:16:50:54 -0500] "HEAD / HTTP/1.1" 200 -
172.22.2.4 - - [01/Jan/2024:16:49:15 -0500] "HEAD /BLA/boletinlegal/ HTTP/1.1" 200 -
216.244.66.195 - - [01/Jan/2024:16:50:55 -0500] "GET /BLA/resoluciones/AUTOS%202014/2765.pdf HTTP/1.1" 200 405804
40.77.167.241 - - [01/Jan/2024:16:51:08 -0500] "GET /BLA/resoluciones/AUTOS%202023/5937.pdf HTTP/1.1" 200 434631
216.244.66.195 - - [01/Jan/2024:16:51:18 -0500] "GET /BLA/resoluciones/AUTOS%202014/2768.pdf HTTP/1.1" 200 420747
216.244.66.195 - - [01/Jan/2024:16:51:40 -0500] "GET /BLA/resoluciones/AUTOS%202019/0091.pdf HTTP/1.1" 200 254079
172.22.2.4 - - [01/Jan/2024:16:50:06 -0500] "GET /BLA/boletinlegal/ HTTP/1.1" 200 58567
216.244.66.195 - - [01/Jan/2024:16:52:02 -0500] "GET /BLA/resoluciones/AUTOS%202019/0694.pdf HTTP/1.1" 200 253857
216.244.66.195 - - [01/Jan/2024:16:52:22 -0500] "GET /BLA/resoluciones/AUTOS%202019/1739.pdf HTTP/1.1" 200 248304
47.128.126.133 - - [01/Jan/2024:16:52:28 -0500] "GET /BLA/resoluciones/index.php?dir=AUTOS+2006%2FAUTOS+2006+201-300%2F HTTP/1.1" 200 21766
47.128.126.133 - - [01/Jan/2024:16:52:29 -0500] "GET /BLA/resoluciones/dlf/dirup.png HTTP/1.1" 200 644
47.128.126.133 - - [01/Jan/2024:16:52:29 -0500] "GET /BLA/resoluciones/dlf/unknown.png HTTP/1.1" 200 266
216.244.66.195 - - [01/Jan/2024:16:52:41 -0500] "GET /BLA/resoluciones/AUTOS%202019/1757.pdf HTTP/1.1" 200 256966
216.244.66.195 - - [01/Jan/2024:16:52:58 -0500] "GET /BLA/resoluciones/AUTOS%202019/2000.pdf HTTP/1.1" 200 292606
216.244.66.195 - - [01/Jan/2024:16:53:17 -0500] "GET /BLA/resoluciones/AUTOS%202019/2016.pdf HTTP/1.1" 200 344046
40.77.167.241 - - [01/Jan/2024:16:53:19 -0500] "GET /Publicaciones/2023EE300486.pdf HTTP/1.1" 200 231944
216.244.66.195 - - [01/Jan/2024:16:53:52 -0500] "GET /BLA/resoluciones/AUTOS%202019/2055.pdf HTTP/1.1" 200 254828
216.244.66.195 - - [01/Jan/2024:16:54:23 -0500] "GET /BLA/resoluciones/AUTOS%202019/2916.pdf HTTP/1.1" 200 322614
216.244.66.195 - - [01/Jan/2024:16:54:53 -0500] "GET /BLA/resoluciones/AUTOS%202019/3052.pdf HTTP/1.1" 200 227321
201.245.192.253 - - [01/Jan/2024:16:55:04 -0500] "POST /kwsrmcab/Wsrmcab  HTTP/1.1" 200 36178
216.244.66.195 - - [01/Jan/2024:16:55:22 -0500] "GET /BLA/resoluciones/AUTOS%202019/3763.pdf HTTP/1.1" 200 336388
216.244.66.195 - - [01/Jan/2024:16:55:53 -0500] "GET /BLA/resoluciones/AUTOS%202019/3922.pdf HTTP/1.1" 200 217992
216.245.221.92 - - [01/Jan/2024:16:55:54 -0500] "HEAD / HTTP/1.1" 200 -
52.167.144.208 - - [01/Jan/2024:16:56:05 -0500] "GET /BLA/resoluciones/RESOLUCIONES%202022/2989.pdf HTTP/1.1" 200 2040321
216.244.66.195 - - [01/Jan/2024:16:56:19 -0500] "GET /BLA/resoluciones/AUTOS%202019/4395.pdf HTTP/1.1" 200 275298
8.242.184.217 - - [01/Jan/2024:16:56:42 -0500] "GET /appsia/controlador HTTP/1.1" 200 4799
8.242.184.217 - - [01/Jan/2024:16:56:42 -0500] "GET /appsia/css/estilos.css HTTP/1.1" 200 4804
8.242.184.217 - - [01/Jan/2024:16:56:42 -0500] "GET /appsia/scripts/validarIngreso.js HTTP/1.1" 200 851
8.242.184.217 - - [01/Jan/2024:16:56:42 -0500] "GET /appsia/images/cabezoteHojaVida.png HTTP/1.1" 200 32493
8.242.184.217 - - [01/Jan/2024:16:56:42 -0500] "GET /appsia/images/logo_bogota_p.png HTTP/1.1" 200 14951
8.242.184.217 - - [01/Jan/2024:16:56:43 -0500] "GET /favicon.ico HTTP/1.1" 200 7782
216.244.66.195 - - [01/Jan/2024:16:56:44 -0500] "GET /BLA/resoluciones/RESOLUCIONES%202011/0019.pdf HTTP/1.1" 200 277930
172.22.2.4 - - [01/Jan/2024:16:55:05 -0500] "HEAD /BLA/boletinlegal/ HTTP/1.1" 200 -
8.242.184.217 - - [01/Jan/2024:16:56:52 -0500] "POST /appsia/controlador HTTP/1.1" 200 4621
8.242.184.217 - - [01/Jan/2024:16:56:56 -0500] "POST /appsia/controlador HTTP/1.1" 200 7725
8.242.184.217 - - [01/Jan/2024:16:56:57 -0500] "GET /appsia/images/logo_escudo.png HTTP/1.1" 200 36965
216.244.66.195 - - [01/Jan/2024:16:57:11 -0500] "GET /BLA/resoluciones/RESOLUCIONES%202011/0279.pdf HTTP/1.1" 200 69783
216.244.66.195 - - [01/Jan/2024:16:57:34 -0500] "GET /BLA/resoluciones/RESOLUCIONES%202011/0628.pdf HTTP/1.1" 200 333977
172.22.2.4 - - [01/Jan/2024:16:55:56 -0500] "GET /BLA/boletinlegal/ HTTP/1.1" 200 58567
52.167.144.174 - - [01/Jan/2024:16:57:39 -0500] "GET /Publicaciones/2023EE310666.pdf HTTP/1.1" 200 391908
47.128.113.216 - - [01/Jan/2024:16:57:42 -0500] "GET /BLA/resoluciones/index.php?dir=RESOLUCIONES%202002%2FRES%202002%20301-350%2F&order=asc&sort=name HTTP/1.1" 200 12274
47.128.113.216 - - [01/Jan/2024:16:57:43 -0500] "GET /BLA/resoluciones/dlf/unknown.png HTTP/1.1" 200 266
47.128.113.216 - - [01/Jan/2024:16:57:43 -0500] "GET /BLA/resoluciones/dlf/dirup.png HTTP/1.1" 200 644
47.128.113.216 - - [01/Jan/2024:16:57:43 -0500] "GET /BLA/resoluciones/dlf/pdf.gif HTTP/1.1" 200 272
216.244.66.195 - - [01/Jan/2024:16:58:11 -0500] "GET /BLA/resoluciones/RESOLUCIONES%202011/0706.pdf HTTP/1.1" 200 282538
216.244.66.195 - - [01/Jan/2024:16:58:51 -0500] "GET /BLA/resoluciones/RESOLUCIONES%202011/0744.pdf HTTP/1.1" 200 407237
47.128.23.106 - - [01/Jan/2024:16:59:16 -0500] "GET /BLA/resoluciones/index.php?dir=RESOLUCIONES%202003%2FRES%202003%201501-1550%2F&order=asc&sort=size HTTP/1.1" 200 12137
47.128.23.106 - - [01/Jan/2024:16:59:18 -0500] "GET /BLA/resoluciones/dlf/unknown.png HTTP/1.1" 200 266
47.128.23.106 - - [01/Jan/2024:16:59:18 -0500] "GET /BLA/resoluciones/dlf/dirup.png HTTP/1.1" 200 644
216.244.66.195 - - [01/Jan/2024:16:59:30 -0500] "GET /BLA/resoluciones/RESOLUCIONES%202011/0855.pdf HTTP/1.1" 200 365773
201.245.192.253 - - [01/Jan/2024:17:00:02 -0500] "POST /kwsrmcab/Wsrmcab  HTTP/1.1" 200 36178
216.244.66.195 - - [01/Jan/2024:17:00:06 -0500] "GET /BLA/resoluciones/RESOLUCIONES%202011/0905.pdf HTTP/1.1" 200 362942
216.244.66.195 - - [01/Jan/2024:17:00:35 -0500] "GET /BLA/resoluciones/RESOLUCIONES%202011/1030.pdf HTTP/1.1" 200 72223
216.245.221.92 - - [01/Jan/2024:17:00:54 -0500] "HEAD / HTTP/1.1" 200 -
216.244.66.195 - - [01/Jan/2024:17:01:03 -0500] "GET /BLA/resoluciones/RESOLUCIONES%202011/1467.pdf HTTP/1.1" 200 74835
216.244.66.195 - - [01/Jan/2024:17:01:31 -0500] "GET /BLA/resoluciones/RESOLUCIONES%202011/1550.pdf HTTP/1.1" 200 66705
216.244.66.195 - - [01/Jan/2024:17:01:57 -0500] "GET /BLA/resoluciones/AUTOS%202019/4503.pdf HTTP/1.1" 200 318471
52.167.144.226 - - [01/Jan/2024:17:02:07 -0500] "GET /Publicaciones/2023EE312009.pdf HTTP/1.1" 200 231900
173.252.87.116 - - [01/Jan/2024:17:02:15 -0500] "GET /images/arbol%20centro.jpg HTTP/1.1" 200 69467
40.77.167.152 - - [01/Jan/2024:17:02:20 -0500] "GET /galeria/mapa2/humedal.html HTTP/1.1" 200 11166
66.249.66.19 - - [01/Jan/2024:17:02:20 -0500] "GET /portel_dama/libreria/php/2006/ECOSISTEMAS%20FINAL%20web_mz27/incendios/sitio/xtras/2.pdf HTTP/1.1" 404 1018
207.46.13.64 - - [01/Jan/2024:17:02:24 -0500] "GET /reporte-calidad-del-aire-15-de-agosto.html HTTP/1.1" 200 745
172.22.2.4 - - [01/Jan/2024:17:00:55 -0500] "HEAD /BLA/boletinlegal/ HTTP/1.1" 200 -
216.244.66.195 - - [01/Jan/2024:17:02:39 -0500] "GET /BLA/resoluciones/RESOLUCIONES%202018/1983.pdf HTTP/1.1" 200 311269
216.244.66.195 - - [01/Jan/2024:17:03:12 -0500] "GET /BLA/resoluciones/RESOLUCIONES%202018/3215.pdf HTTP/1.1" 200 273994
172.22.2.4 - - [01/Jan/2024:17:01:46 -0500] "GET /BLA/boletinlegal/ HTTP/1.1" 200 60502
216.244.66.195 - - [01/Jan/2024:17:03:42 -0500] "GET /BLA/resoluciones/RESOLUCIONES%202018/4073.pdf HTTP/1.1" 200 373289
201.245.192.253 - - [01/Jan/2024:17:05:02 -0500] "POST /kwsrmcab/Wsrmcab  HTTP/1.1" 200 36178
216.245.221.92 - - [01/Jan/2024:17:05:54 -0500] "HEAD / HTTP/1.1" 200 -
66.249.66.19 - - [01/Jan/2024:17:07:14 -0500] "GET /BLA/resoluciones/RESOLUCIONES%202008/0029.pdf HTTP/1.1" 200 243605
172.22.2.4 - - [01/Jan/2024:17:06:45 -0500] "HEAD /BLA/boletinlegal/ HTTP/1.1" 200 -
172.22.2.4 - - [01/Jan/2024:17:07:36 -0500] "GET /BLA/boletinlegal/ HTTP/1.1" 200 55379
66.249.66.19 - - [01/Jan/2024:17:09:20 -0500] "GET /BLA/resoluciones/RESOLUCIONES%202010/6074.pdf HTTP/1.1" 200 314070
66.249.66.20 - - [01/Jan/2024:17:09:26 -0500] "GET /BLA/resoluciones/Autos%202008/1072.pdf HTTP/1.1" 200 146900
40.77.167.25 - - [01/Jan/2024:17:09:31 -0500] "GET /BLA/resoluciones/AUTOS%202023/05440.pdf HTTP/1.1" 200 416472
201.245.192.253 - - [01/Jan/2024:17:10:00 -0500] "POST /kwsrmcab/Wsrmcab  HTTP/1.1" 200 36178
216.245.221.92 - - [01/Jan/2024:17:10:54 -0500] "HEAD / HTTP/1.1" 200 -
66.249.66.21 - - [01/Jan/2024:17:10:59 -0500] "GET /BLA/resoluciones/RESOLUCIONES%202014/2709.pdf HTTP/1.1" 200 295200
66.249.66.19 - - [01/Jan/2024:17:11:32 -0500] "GET /BLA/resoluciones/RESOLUCIONES%202009/0291.pdf HTTP/1.1" 200 562301
52.167.144.176 - - [01/Jan/2024:17:13:31 -0500] "GET /BLA/resoluciones/AUTOS%202023/05915.pdf HTTP/1.1" 200 931066
172.22.2.4 - - [01/Jan/2024:17:12:35 -0500] "HEAD /BLA/boletinlegal/ HTTP/1.1" 200 -
201.245.192.253 - - [01/Jan/2024:17:15:00 -0500] "POST /kwsrmcab/Wsrmcab  HTTP/1.1" 200 36178
172.22.2.4 - - [01/Jan/2024:17:13:26 -0500] "GET /BLA/boletinlegal/ HTTP/1.1" 200 58567
66.249.66.19 - - [01/Jan/2024:17:15:11 -0500] "GET /BLA/resoluciones/RESOLUCIONES%202010/3894.pdf HTTP/1.1" 200 700616
199.16.157.180 - - [01/Jan/2024:17:15:26 -0500] "GET /si-tienes-ropa-y-calzado-que-ya-no-usas-aca-te-presentamos-seis-puntos-a-donde-los-puedes-llevar.html HTTP/1.1" 200 872
199.16.157.181 - - [01/Jan/2024:17:15:26 -0500] "GET /images/prendas-1_optimized.jpeg HTTP/1.1" 200 65869
201.245.192.253 - - [01/Jan/2024:17:15:36 -0500] "POST /kwsrmcab/Wsrmcab HTTP/1.1" 200 37065
201.245.192.253 - - [01/Jan/2024:17:15:38 -0500] "POST /kwsrmcab/Wsrmcab HTTP/1.1" 200 37058
216.245.221.92 - - [01/Jan/2024:17:15:54 -0500] "HEAD / HTTP/1.1" 200 -
66.249.69.134 - - [01/Jan/2024:17:16:26 -0500] "GET /portaldeninos/2021/05/30/gestion-del-riesgo/ HTTP/1.1" 200 94036
66.249.69.135 - - [01/Jan/2024:17:16:30 -0500] "GET /portaldeninos/wp-content/themes/betheme/css/base.css?ver=20.9.6 HTTP/1.1" 200 57283
66.249.69.134 - - [01/Jan/2024:17:16:31 -0500] "GET /portaldeninos/wp-content/themes/betheme/assets/ui/jquery.ui.all.css?ver=20.9.6 HTTP/1.1" 200 18765
40.77.167.52 - - [01/Jan/2024:17:16:51 -0500] "GET /BLA/resoluciones/AUTOS%202023/05424.pdf HTTP/1.1" 200 432613
66.249.66.20 - - [01/Jan/2024:17:16:59 -0500] "GET /BLA/resoluciones/RESOLUCIONES%202009/5117.pdf HTTP/1.1" 200 1180504
66.249.66.19 - - [01/Jan/2024:17:17:19 -0500] "GET /BLA/resoluciones/RESOLUCIONES%202009/5257.pdf HTTP/1.1" 200 327204
66.249.66.20 - - [01/Jan/2024:17:18:31 -0500] "GET /BLA/resoluciones/RESOLUCIONES%202009/7251.pdf HTTP/1.1" 200 117132
201.245.192.253 - - [01/Jan/2024:17:19:44 -0500] "POST /kwsrmcab/Wsrmcab HTTP/1.1" 200 37065
201.245.192.253 - - [01/Jan/2024:17:19:48 -0500] "POST /kwsrmcab/Wsrmcab HTTP/1.1" 200 37058
201.245.192.253 - - [01/Jan/2024:17:19:58 -0500] "POST /kwsrmcab/Wsrmcab  HTTP/1.1" 200 36178
172.22.2.4 - - [01/Jan/2024:17:18:25 -0500] "HEAD /BLA/boletinlegal/ HTTP/1.1" 200 -
40.77.167.54 - - [01/Jan/2024:17:20:31 -0500] "GET /Publicaciones/2023EE298872.pdf HTTP/1.1" 200 797356
216.245.221.92 - - [01/Jan/2024:17:20:54 -0500] "HEAD / HTTP/1.1" 200 -
172.22.2.4 - - [01/Jan/2024:17:19:16 -0500] "GET /BLA/boletinlegal/ HTTP/1.1" 200 58172
216.244.66.195 - - [01/Jan/2024:17:21:27 -0500] "GET /robots.txt HTTP/1.1" 404 1018
201.245.192.253 - - [01/Jan/2024:17:24:57 -0500] "POST /kwsrmcab/Wsrmcab  HTTP/1.1" 200 36178
157.55.39.9 - - [01/Jan/2024:17:25:05 -0500] "GET /BLA/resoluciones/AUTOS%202023/5748.pdf HTTP/1.1" 200 455923
201.245.192.253 - - [01/Jan/2024:17:25:36 -0500] "POST /kwsrmcab/Wsrmcab HTTP/1.1" 200 37065
201.245.192.253 - - [01/Jan/2024:17:25:38 -0500] "POST /kwsrmcab/Wsrmcab HTTP/1.1" 200 37058
66.249.66.21 - - [01/Jan/2024:17:25:52 -0500] "GET /BLA/resoluciones/RESOLUCIONES%202009/9840.pdf HTTP/1.1" 200 688935
216.245.221.92 - - [01/Jan/2024:17:25:54 -0500] "HEAD / HTTP/1.1" 200 -
172.22.2.4 - - [01/Jan/2024:17:24:15 -0500] "HEAD /BLA/boletinlegal/ HTTP/1.1" 200 -
172.22.2.4 - - [01/Jan/2024:17:25:06 -0500] "GET /BLA/boletinlegal/ HTTP/1.1" 200 58172
201.245.192.253 - - [01/Jan/2024:17:29:44 -0500] "POST /kwsrmcab/Wsrmcab HTTP/1.1" 200 37065
201.245.192.253 - - [01/Jan/2024:17:29:48 -0500] "POST /kwsrmcab/Wsrmcab HTTP/1.1" 200 37058
201.245.192.253 - - [01/Jan/2024:17:29:56 -0500] "POST /kwsrmcab/Wsrmcab  HTTP/1.1" 200 36178
173.252.83.7 - - [01/Jan/2024:17:30:01 -0500] "GET /images/Aves%20SDA.jpeg HTTP/1.1" 200 75104
173.252.83.120 - - [01/Jan/2024:17:30:01 -0500] "GET /images/arbol%20centro.jpg HTTP/1.1" 200 69467
216.245.221.92 - - [01/Jan/2024:17:30:54 -0500] "HEAD / HTTP/1.1" 200 -
172.22.2.4 - - [01/Jan/2024:17:30:05 -0500] "HEAD /BLA/boletinlegal/ HTTP/1.1" 200 -
52.80.177.122 - - [01/Jan/2024:17:32:09 -0500] "GET /.git/config HTTP/1.1" 404 1018
172.22.2.4 - - [01/Jan/2024:17:32:17 -0500] "GET /BLA/boletinlegal/jurisprudencia/analisis/AnalisisT-606-15.docx HTTP/1.1" 200 26698
172.22.2.4 - - [01/Jan/2024:17:32:17 -0500] "GET /BLA/boletinlegal/apple-touch-icon-120x120-precomposed.png HTTP/1.1" 404 1140
172.22.2.4 - - [01/Jan/2024:17:32:17 -0500] "GET /BLA/boletinlegal/apple-touch-icon-120x120.png HTTP/1.1" 404 1140
172.22.2.4 - - [01/Jan/2024:17:32:17 -0500] "GET /BLA/boletinlegal/apple-touch-icon-precomposed.png HTTP/1.1" 404 1140
172.22.2.4 - - [01/Jan/2024:17:32:17 -0500] "GET /BLA/boletinlegal/apple-touch-icon.png HTTP/1.1" 404 1140
172.22.2.4 - - [01/Jan/2024:17:32:17 -0500] "GET /BLA/boletinlegal/favicon.ico HTTP/1.1" 404 1140
172.22.2.4 - - [01/Jan/2024:17:32:17 -0500] "GET /BLA/boletinlegal/apple-touch-icon-120x120-precomposed.png HTTP/1.1" 404 1140
172.22.2.4 - - [01/Jan/2024:17:32:17 -0500] "GET /BLA/boletinlegal/apple-touch-icon-120x120.png HTTP/1.1" 404 1140
172.22.2.4 - - [01/Jan/2024:17:32:18 -0500] "GET /BLA/boletinlegal/apple-touch-icon-precomposed.png HTTP/1.1" 404 1140
172.22.2.4 - - [01/Jan/2024:17:32:18 -0500] "GET /BLA/boletinlegal/apple-touch-icon.png HTTP/1.1" 404 1140
172.22.2.4 - - [01/Jan/2024:17:32:18 -0500] "GET /BLA/boletinlegal/favicon.ico HTTP/1.1" 404 1140
172.22.2.4 - - [01/Jan/2024:17:30:56 -0500] "GET /BLA/boletinlegal/ HTTP/1.1" 200 58172
201.245.192.253 - - [01/Jan/2024:17:34:55 -0500] "POST /kwsrmcab/Wsrmcab  HTTP/1.1" 200 36178
172.22.2.4 - - [01/Jan/2024:17:33:43 -0500] "GET /BLA/boletinlegal/ HTTP/1.1" 200 62422
201.245.192.253 - - [01/Jan/2024:17:35:36 -0500] "POST /kwsrmcab/Wsrmcab HTTP/1.1" 200 37065
201.245.192.253 - - [01/Jan/2024:17:35:38 -0500] "POST /kwsrmcab/Wsrmcab HTTP/1.1" 200 37058
40.77.167.10 - - [01/Jan/2024:17:35:43 -0500] "GET /BLA/resoluciones/RESOLUCIONES%202023/2241.pdf HTTP/1.1" 200 469696
216.245.221.92 - - [01/Jan/2024:17:35:54 -0500] "HEAD / HTTP/1.1" 200 -
172.22.2.4 - - [01/Jan/2024:17:35:55 -0500] "HEAD /BLA/boletinlegal/ HTTP/1.1" 200 -
172.22.2.4 - - [01/Jan/2024:17:37:48 -0500] "GET /BLA/boletinlegal/Circulares/2019/.pdf HTTP/1.1" 404 1218
172.22.2.4 - - [01/Jan/2024:17:37:56 -0500] "GET /BLA/boletinlegal/Circulares/2012/Circular%20No.%2010%20del%2026%20de%20Enero%20de%202012.pdf HTTP/1.1" 404 1218
216.244.66.195 - - [01/Jan/2024:17:38:16 -0500] "GET /BLA/resoluciones/AUTOS%202019/0244.pdf HTTP/1.1" 200 286206
216.244.66.195 - - [01/Jan/2024:17:38:21 -0500] "GET /BLA/resoluciones/AUTOS%202019/0757.pdf HTTP/1.1" 200 264368
216.244.66.195 - - [01/Jan/2024:17:38:26 -0500] "GET /BLA/resoluciones/AUTOS%202019/0915.pdf HTTP/1.1" 200 264048
172.22.2.4 - - [01/Jan/2024:17:36:46 -0500] "GET /BLA/boletinlegal/ HTTP/1.1" 200 58567
216.244.66.195 - - [01/Jan/2024:17:38:30 -0500] "GET /BLA/resoluciones/RESOLUCIONES%202018/0470.pdf HTTP/1.1" 200 401664
216.244.66.195 - - [01/Jan/2024:17:38:34 -0500] "GET /BLA/resoluciones/RESOLUCIONES%202018/1895.pdf HTTP/1.1" 200 265217
216.244.66.195 - - [01/Jan/2024:17:38:44 -0500] "GET /BLA/resoluciones/RESOLUCIONES%202018/3001.pdf HTTP/1.1" 200 299704
216.244.66.195 - - [01/Jan/2024:17:38:51 -0500] "GET /BLA/resoluciones/RESOLUCIONES%202018/3171.pdf HTTP/1.1" 200 273533
216.244.66.195 - - [01/Jan/2024:17:38:58 -0500] "GET /BLA/resoluciones/RESOLUCIONES%202018/3763.pdf HTTP/1.1" 200 274193
216.244.66.195 - - [01/Jan/2024:17:39:03 -0500] "GET /BLA/resoluciones/RESOLUCIONES%202018/4085.pdf HTTP/1.1" 200 365826
54.36.148.116 - - [01/Jan/2024:17:39:38 -0500] "GET /robots.txt HTTP/1.1" 404 1018
201.245.192.253 - - [01/Jan/2024:17:39:43 -0500] "POST /kwsrmcab/Wsrmcab HTTP/1.1" 200 37065
201.245.192.253 - - [01/Jan/2024:17:39:48 -0500] "POST /kwsrmcab/Wsrmcab HTTP/1.1" 200 37058
201.245.192.253 - - [01/Jan/2024:17:39:54 -0500] "POST /kwsrmcab/Wsrmcab  HTTP/1.1" 200 36178
66.249.66.21 - - [01/Jan/2024:17:40:01 -0500] "GET /Publicaciones/2023EE149563.pdf HTTP/1.1" 404 228
216.245.221.92 - - [01/Jan/2024:17:40:54 -0500] "HEAD / HTTP/1.1" 200 -
66.249.66.19 - - [01/Jan/2024:17:41:37 -0500] "GET /BLA/resoluciones/RESOLUCIONES%202008/0133.pdf HTTP/1.1" 200 254715
172.22.2.4 - - [01/Jan/2024:17:41:45 -0500] "HEAD /BLA/boletinlegal/ HTTP/1.1" 200 -
172.22.2.4 - - [01/Jan/2024:17:42:36 -0500] "GET /BLA/boletinlegal/ HTTP/1.1" 200 58567
201.245.192.253 - - [01/Jan/2024:17:44:54 -0500] "POST /kwsrmcab/Wsrmcab  HTTP/1.1" 200 36178
216.245.221.92 - - [01/Jan/2024:17:45:54 -0500] "HEAD / HTTP/1.1" 200 -
66.249.66.19 - - [01/Jan/2024:17:47:56 -0500] "GET /BLA/resoluciones/RESOLUCIONES%202010/0621.pdf HTTP/1.1" 200 509558
47.128.30.106 - - [01/Jan/2024:17:48:44 -0500] "GET /BLA/resoluciones/index.php?dir=RESOLUCIONES%202003%2FRES%202003%201551-1601%2F&order=desc&sort=size HTTP/1.1" 200 12155
47.128.30.106 - - [01/Jan/2024:17:48:45 -0500] "GET /BLA/resoluciones/dlf/dirup.png HTTP/1.1" 200 644
47.128.30.106 - - [01/Jan/2024:17:48:45 -0500] "GET /BLA/resoluciones/dlf/unknown.png HTTP/1.1" 200 266
172.22.2.4 - - [01/Jan/2024:17:47:35 -0500] "HEAD /BLA/boletinlegal/ HTTP/1.1" 200 -
52.167.144.186 - - [01/Jan/2024:17:49:24 -0500] "GET /Publicaciones/2023EE303212.pdf HTTP/1.1" 200 813232
186.31.3.210 - - [01/Jan/2024:17:49:28 -0500] "GET / HTTP/1.1" 200 4720
186.31.3.210 - - [01/Jan/2024:17:49:28 -0500] "GET /fonts/icomoon/style.css HTTP/1.1" 200 79820
186.31.3.210 - - [01/Jan/2024:17:49:28 -0500] "GET /js/url.js HTTP/1.1" 404 1198
186.31.3.210 - - [01/Jan/2024:17:49:28 -0500] "GET /css/style.css HTTP/1.1" 200 3473
186.31.3.210 - - [01/Jan/2024:17:49:28 -0500] "GET /css/bootstrap.min.css HTTP/1.1" 200 178212
186.31.3.210 - - [01/Jan/2024:17:49:28 -0500] "GET /favicon.ico HTTP/1.1" 404 1198
52.167.144.186 - - [01/Jan/2024:17:49:44 -0500] "GET /BLA/resoluciones/index.php?dir=AUTOS+2023%2F HTTP/1.1" 200 480435
201.245.192.253 - - [01/Jan/2024:17:49:51 -0500] "POST /kwsrmcab/Wsrmcab  HTTP/1.1" 200 36178
207.46.13.92 - - [01/Jan/2024:17:49:57 -0500] "GET /Publicaciones/2023EE305973.pdf HTTP/1.1" 200 231945
186.31.3.210 - - [01/Jan/2024:17:50:05 -0500] "GET / HTTP/1.1" 200 4720
186.31.3.210 - - [01/Jan/2024:17:50:05 -0500] "GET /js/url.js HTTP/1.1" 404 1198
172.22.2.4 - - [01/Jan/2024:17:48:26 -0500] "GET /BLA/boletinlegal/ HTTP/1.1" 200 58567
47.128.26.110 - - [01/Jan/2024:17:50:17 -0500] "GET /BLA/resoluciones/index.php?dir=RESOLUCIONES%202003%2FRES%202003%20151-200%2F&order=desc&sort=name HTTP/1.1" 200 12345
47.128.26.110 - - [01/Jan/2024:17:50:18 -0500] "GET /BLA/resoluciones/dlf/dirup.png HTTP/1.1" 200 644
47.128.26.110 - - [01/Jan/2024:17:50:18 -0500] "GET /BLA/resoluciones/dlf/unknown.png HTTP/1.1" 200 266
52.167.144.186 - - [01/Jan/2024:17:50:44 -0500] "GET /BLA/resoluciones/AUTOS%202023/5947.pdf HTTP/1.1" 200 561006
52.167.144.200 - - [01/Jan/2024:17:50:54 -0500] "GET /BLA/resoluciones/AUTOS%202017/2354.pdf HTTP/1.1" 200 298532
216.245.221.92 - - [01/Jan/2024:17:50:54 -0500] "HEAD / HTTP/1.1" 200 -
66.249.66.20 - - [01/Jan/2024:17:52:40 -0500] "GET /BLA/resoluciones/RESOLUCIONES%202008/3234.pdf HTTP/1.1" 200 305954
173.252.127.21 - - [01/Jan/2024:17:53:09 -0500] "GET /derechos-de-construccion-estrategia-del-distrito-para-adquirir-predios-privados-en-la-van-der-hammen-y-los-cerros-orientales.html HTTP/1.1" 200 912
201.245.192.253 - - [01/Jan/2024:17:54:51 -0500] "POST /kwsrmcab/Wsrmcab  HTTP/1.1" 200 36178
172.22.2.4 - - [01/Jan/2024:17:53:25 -0500] "HEAD /BLA/boletinlegal/ HTTP/1.1" 200 -
35.204.204.9 - - [01/Jan/2024:17:55:17 -0500] "GET /distrito-exalto-a-246-empresas-de-bogota-por-su-alto-desempeno-y-responsabilidad-ambiental-durante-2023.html HTTP/1.1" 200 1039
52.167.144.140 - - [01/Jan/2024:17:55:34 -0500] "GET /Publicaciones/2023EE313860.pdf HTTP/1.1" 200 231958
34.90.173.243 - - [01/Jan/2024:17:55:37 -0500] "GET /las-tres-caminatas-para-cerrar-el-ano-entre-la-naturaleza.html HTTP/1.1" 200 776
216.245.221.92 - - [01/Jan/2024:17:55:54 -0500] "HEAD / HTTP/1.1" 200 -
172.22.2.4 - - [01/Jan/2024:17:54:16 -0500] "GET /BLA/boletinlegal/ HTTP/1.1" 200 60910
47.128.24.233 - - [01/Jan/2024:17:57:07 -0500] "GET /BLA/resoluciones/RESOLUCIONES%202006/RES%202006%201851-1900/INDEX.DAT HTTP/1.1" 200 2000
104.244.78.233 - - [01/Jan/2024:17:57:55 -0500] "GET /.git/config HTTP/1.1" 404 1022
66.249.66.19 - - [01/Jan/2024:17:58:41 -0500] "GET /BLA/resoluciones/RESOLUCIONES%202010/4501.pdf HTTP/1.1" 200 4070663
201.245.192.253 - - [01/Jan/2024:17:59:48 -0500] "POST /kwsrmcab/Wsrmcab  HTTP/1.1" 200 36178
216.245.221.92 - - [01/Jan/2024:18:00:54 -0500] "HEAD / HTTP/1.1" 200 -
172.22.2.4 - - [01/Jan/2024:17:59:15 -0500] "HEAD /BLA/boletinlegal/ HTTP/1.1" 200 -
173.252.127.13 - - [01/Jan/2024:18:01:31 -0500] "GET /derechos-de-construccion-estrategia-del-distrito-para-adquirir-predios-privados-en-la-van-der-hammen-y-los-cerros-orientales.html?fbclid=IwAR3RcuXKLvc5I20t0AaRhBW_wLhdLjrrLDjyJ1rR-Pn7xwZnCBew_1T5OG8 HTTP/1.1" 200 912
172.22.2.4 - - [01/Jan/2024:18:00:07 -0500] "GET /BLA/boletinlegal/ HTTP/1.1" 200 60910
173.252.79.7 - - [01/Jan/2024:18:02:30 -0500] "GET /images/Red%20de%20Monitoreo%20de%20Calidad%20del%20Aire.jpg HTTP/1.1" 200 51986
201.245.192.253 - - [01/Jan/2024:18:04:46 -0500] "POST /kwsrmcab/Wsrmcab  HTTP/1.1" 200 36178
216.245.221.92 - - [01/Jan/2024:18:05:54 -0500] "HEAD / HTTP/1.1" 200 -
172.22.2.4 - - [01/Jan/2024:18:05:07 -0500] "HEAD /BLA/boletinlegal/ HTTP/1.1" 200 -
172.22.2.4 - - [01/Jan/2024:18:05:58 -0500] "GET /BLA/boletinlegal/ HTTP/1.1" 200 58567
212.235.15.138 - - [01/Jan/2024:18:08:01 -0500] "GET /robots.txt HTTP/1.1" 404 1034
212.235.15.138 - - [01/Jan/2024:18:08:01 -0500] "GET / HTTP/1.1" 200 4720
212.235.15.130 - - [01/Jan/2024:18:08:08 -0500] "GET /robots.txt HTTP/1.1" 404 1035
212.235.15.130 - - [01/Jan/2024:18:08:08 -0500] "GET / HTTP/1.1" 200 319
157.55.39.204 - - [01/Jan/2024:18:08:19 -0500] "GET /BLA/resoluciones/AUTOS%202023/07659.pdf HTTP/1.1" 200 407191
201.245.192.253 - - [01/Jan/2024:18:09:46 -0500] "POST /kwsrmcab/Wsrmcab  HTTP/1.1" 200 36178
40.77.167.67 - - [01/Jan/2024:18:10:17 -0500] "GET /Publicaciones/2023EE312457.pdf HTTP/1.1" 200 767805
66.249.66.19 - - [01/Jan/2024:18:10:26 -0500] "GET /BLA/resoluciones/AUTOS%202011/7678.pdf HTTP/1.1" 200 160904
216.245.221.92 - - [01/Jan/2024:18:10:54 -0500] "HEAD / HTTP/1.1" 200 -
172.22.2.4 - - [01/Jan/2024:18:10:57 -0500] "HEAD /BLA/boletinlegal/ HTTP/1.1" 200 -
40.77.167.54 - - [01/Jan/2024:18:12:47 -0500] "GET /BLA/resoluciones/AUTOS%202023/05455.pdf HTTP/1.1" 200 378016
172.22.2.4 - - [01/Jan/2024:18:11:48 -0500] "GET /BLA/boletinlegal/ HTTP/1.1" 200 58567
216.244.66.195 - - [01/Jan/2024:18:13:50 -0500] "GET /robots.txt HTTP/1.1" 404 1018
201.245.192.253 - - [01/Jan/2024:18:14:44 -0500] "POST /kwsrmcab/Wsrmcab  HTTP/1.1" 200 36178
201.245.192.253 - - [01/Jan/2024:18:15:36 -0500] "POST /kwsrmcab/Wsrmcab HTTP/1.1" 200 37052
201.245.192.253 - - [01/Jan/2024:18:15:38 -0500] "POST /kwsrmcab/Wsrmcab HTTP/1.1" 200 37048
216.245.221.92 - - [01/Jan/2024:18:15:54 -0500] "HEAD / HTTP/1.1" 200 -
172.22.2.4 - - [01/Jan/2024:18:16:47 -0500] "HEAD /BLA/boletinlegal/ HTTP/1.1" 200 -
172.22.2.4 - - [01/Jan/2024:18:18:44 -0500] "GET /BLA/boletinlegal/images/screen_2.png HTTP/1.1" 200 362502
172.22.2.4 - - [01/Jan/2024:18:17:38 -0500] "GET /BLA/boletinlegal/ HTTP/1.1" 200 60502
201.245.192.253 - - [01/Jan/2024:18:19:43 -0500] "POST /kwsrmcab/Wsrmcab  HTTP/1.1" 200 36178
201.245.192.253 - - [01/Jan/2024:18:19:43 -0500] "POST /kwsrmcab/Wsrmcab HTTP/1.1" 200 37052
201.245.192.253 - - [01/Jan/2024:18:19:48 -0500] "POST /kwsrmcab/Wsrmcab HTTP/1.1" 200 37048
216.245.221.92 - - [01/Jan/2024:18:20:54 -0500] "HEAD / HTTP/1.1" 200 -
52.167.144.189 - - [01/Jan/2024:18:21:36 -0500] "GET /BLA/resoluciones/RESOLUCIONES%202008/4895.pdf HTTP/1.1" 304 -
47.128.47.103 - - [01/Jan/2024:18:24:05 -0500] "GET /BLA/resoluciones/index.php?dir=RESOLUCIONES+2006%2FRES+2006+301-350%2F HTTP/1.1" 200 12249
47.128.47.103 - - [01/Jan/2024:18:24:06 -0500] "GET /BLA/resoluciones/dlf/styles.css HTTP/1.1" 200 3049
47.128.47.103 - - [01/Jan/2024:18:24:07 -0500] "GET /BLA/resoluciones/dlf/dirup.png HTTP/1.1" 200 644
47.128.47.103 - - [01/Jan/2024:18:24:07 -0500] "GET /BLA/resoluciones/dlf/unknown.png HTTP/1.1" 200 266
172.22.2.4 - - [01/Jan/2024:18:22:37 -0500] "HEAD /BLA/boletinlegal/ HTTP/1.1" 200 -
201.245.192.253 - - [01/Jan/2024:18:24:40 -0500] "POST /kwsrmcab/Wsrmcab  HTTP/1.1" 200 36178
172.22.2.4 - - [01/Jan/2024:18:23:28 -0500] "GET /BLA/boletinlegal/ HTTP/1.1" 200 58172
201.245.192.253 - - [01/Jan/2024:18:25:36 -0500] "POST /kwsrmcab/Wsrmcab HTTP/1.1" 200 37052
201.245.192.253 - - [01/Jan/2024:18:25:38 -0500] "POST /kwsrmcab/Wsrmcab HTTP/1.1" 200 37048
216.245.221.92 - - [01/Jan/2024:18:25:54 -0500] "HEAD / HTTP/1.1" 200 -
199.16.157.180 - - [01/Jan/2024:18:27:39 -0500] "GET /images/pl%C3%A1sticos%20foto%201..jpg HTTP/1.1" 404 1034
172.22.2.4 - - [01/Jan/2024:18:29:11 -0500] "GET /BLA/boletinlegal/robots.txt HTTP/1.1" 404 1038
172.22.2.4 - - [01/Jan/2024:18:29:14 -0500] "GET /BLA/boletinlegal/jurisprudencia/analisis/analisis%20C-595-2010.doc HTTP/1.1" 200 39424
201.245.192.253 - - [01/Jan/2024:18:29:38 -0500] "POST /kwsrmcab/Wsrmcab  HTTP/1.1" 200 36178
201.245.192.253 - - [01/Jan/2024:18:29:43 -0500] "POST /kwsrmcab/Wsrmcab HTTP/1.1" 200 37052
201.245.192.253 - - [01/Jan/2024:18:29:47 -0500] "POST /kwsrmcab/Wsrmcab HTTP/1.1" 200 37048
172.22.2.4 - - [01/Jan/2024:18:28:27 -0500] "HEAD /BLA/boletinlegal/ HTTP/1.1" 200 -
40.77.167.247 - - [01/Jan/2024:18:30:37 -0500] "GET /BLA/resoluciones/AUTOS%202023/9294.pdf HTTP/1.1" 200 506627
216.245.221.92 - - [01/Jan/2024:18:30:54 -0500] "HEAD / HTTP/1.1" 200 -
172.22.2.4 - - [01/Jan/2024:18:29:18 -0500] "GET /BLA/boletinlegal/ HTTP/1.1" 200 60910
167.94.146.51 - - [01/Jan/2024:18:31:45 -0500] "GET / HTTP/1.1" 200 319
67.63.191.245 - - [01/Jan/2024:18:31:47 -0500] "GET /BLA/boletinlegal/admin/index.php HTTP/1.1" 200 2324
167.94.146.51 - - [01/Jan/2024:18:31:49 -0500] "GET / HTTP/1.1" 200 319
167.94.146.51 - - [01/Jan/2024:18:31:49 -0500] "PRI * HTTP/2.0" 400 946
167.94.146.51 - - [01/Jan/2024:18:31:49 -0500] "GET /favicon.ico HTTP/1.1" 200 7782
207.46.13.126 - - [01/Jan/2024:18:32:10 -0500] "GET /BLA/resoluciones/AUTOS%202023/5816.pdf HTTP/1.1" 200 393090
216.244.66.195 - - [01/Jan/2024:18:33:40 -0500] "GET /BLA/resoluciones/AUTOS%202019/1407.pdf HTTP/1.1" 200 276693
216.244.66.195 - - [01/Jan/2024:18:33:45 -0500] "GET /BLA/resoluciones/AUTOS%202019/1743.pdf HTTP/1.1" 200 254577
216.244.66.195 - - [01/Jan/2024:18:33:50 -0500] "GET /BLA/resoluciones/AUTOS%202019/2438.pdf HTTP/1.1" 200 263028
216.244.66.195 - - [01/Jan/2024:18:34:02 -0500] "GET /BLA/resoluciones/AUTOS%202019/3073.pdf HTTP/1.1" 200 260451
216.244.66.195 - - [01/Jan/2024:18:34:13 -0500] "GET /BLA/resoluciones/AUTOS%202019/3422.pdf HTTP/1.1" 200 292470
216.244.66.195 - - [01/Jan/2024:18:34:21 -0500] "GET /BLA/resoluciones/AUTOS%202019/4456.pdf HTTP/1.1" 200 280962
216.244.66.195 - - [01/Jan/2024:18:34:28 -0500] "GET /BLA/resoluciones/RESOLUCIONES%202018/0296.pdf HTTP/1.1" 200 391607
216.244.66.195 - - [01/Jan/2024:18:34:34 -0500] "GET /BLA/resoluciones/RESOLUCIONES%202018/2878.pdf HTTP/1.1" 200 366757
201.245.192.253 - - [01/Jan/2024:18:34:36 -0500] "POST /kwsrmcab/Wsrmcab  HTTP/1.1" 200 36178
216.244.66.195 - - [01/Jan/2024:18:34:55 -0500] "GET /BLA/resoluciones/RESOLUCIONES%202018/3083.pdf HTTP/1.1" 200 295153
216.244.66.195 - - [01/Jan/2024:18:35:11 -0500] "GET /BLA/resoluciones/RESOLUCIONES%202018/3102.pdf HTTP/1.1" 200 237585
201.245.192.253 - - [01/Jan/2024:18:35:36 -0500] "POST /kwsrmcab/Wsrmcab HTTP/1.1" 200 37052
201.245.192.253 - - [01/Jan/2024:18:35:38 -0500] "POST /kwsrmcab/Wsrmcab HTTP/1.1" 200 37048
216.244.66.195 - - [01/Jan/2024:18:35:49 -0500] "GET /BLA/resoluciones/RESOLUCIONES%202018/3422.pdf HTTP/1.1" 200 369847
216.245.221.92 - - [01/Jan/2024:18:35:54 -0500] "HEAD / HTTP/1.1" 200 -
172.22.2.4 - - [01/Jan/2024:18:34:16 -0500] "GET /BLA/boletinlegal/ HTTP/1.1" 200 50947
172.22.2.4 - - [01/Jan/2024:18:34:17 -0500] "HEAD /BLA/boletinlegal/ HTTP/1.1" 200 -
47.128.19.125 - - [01/Jan/2024:18:35:57 -0500] "GET /BLA/resoluciones/index.php?dir=RESOLUCIONES%202005%2FRES%202005%20401-450%2F&order=asc&sort=date HTTP/1.1" 200 12254
47.128.19.125 - - [01/Jan/2024:18:36:00 -0500] "GET /BLA/resoluciones/dlf/dirup.png HTTP/1.1" 200 644
47.128.19.125 - - [01/Jan/2024:18:36:00 -0500] "GET /BLA/resoluciones/dlf/unknown.png HTTP/1.1" 200 266
216.244.66.195 - - [01/Jan/2024:18:36:32 -0500] "GET /BLA/resoluciones/RESOLUCIONES%202018/3722.pdf HTTP/1.1" 200 349592
172.22.2.4 - - [01/Jan/2024:18:35:08 -0500] "GET /BLA/boletinlegal/ HTTP/1.1" 200 52889
66.249.66.19 - - [01/Jan/2024:18:37:21 -0500] "GET /Publicaciones/2023EE290342.pdf HTTP/1.1" 404 228
66.249.66.20 - - [01/Jan/2024:18:37:36 -0500] "GET /BLA/resoluciones/Notificaciones/AUTOS%202022/06428.pdf HTTP/1.1" 200 3269707
172.22.2.4 - - [01/Jan/2024:18:38:17 -0500] "GET /BLA/boletinlegal/Circulares/2019/.pdf HTTP/1.1" 404 1218
201.245.192.253 - - [01/Jan/2024:18:39:35 -0500] "POST /kwsrmcab/Wsrmcab  HTTP/1.1" 200 36178
201.245.192.253 - - [01/Jan/2024:18:39:43 -0500] "POST /kwsrmcab/Wsrmcab HTTP/1.1" 200 37052
201.245.192.253 - - [01/Jan/2024:18:39:47 -0500] "POST /kwsrmcab/Wsrmcab HTTP/1.1" 200 37048
216.245.221.92 - - [01/Jan/2024:18:40:54 -0500] "HEAD / HTTP/1.1" 200 -
172.22.2.4 - - [01/Jan/2024:18:40:07 -0500] "HEAD /BLA/boletinlegal/ HTTP/1.1" 200 -
172.22.2.4 - - [01/Jan/2024:18:40:58 -0500] "GET /BLA/boletinlegal/ HTTP/1.1" 200 58567
201.245.192.253 - - [01/Jan/2024:18:44:33 -0500] "POST /kwsrmcab/Wsrmcab  HTTP/1.1" 200 36178
216.245.221.92 - - [01/Jan/2024:18:45:54 -0500] "HEAD / HTTP/1.1" 200 -
162.55.166.12 - - [01/Jan/2024:18:46:40 -0500] "GET / HTTP/1.1" 200 4720
162.55.166.12 - - [01/Jan/2024:18:46:40 -0500] "GET / HTTP/1.1" 200 319
172.22.2.4 - - [01/Jan/2024:18:45:57 -0500] "HEAD /BLA/boletinlegal/ HTTP/1.1" 200 -
157.55.39.205 - - [01/Jan/2024:18:48:12 -0500] "GET /BLA/resoluciones/AUTOS%202023/05913.pdf HTTP/1.1" 200 985212
172.22.2.4 - - [01/Jan/2024:18:46:48 -0500] "GET /BLA/boletinlegal/ HTTP/1.1" 200 58567
201.245.192.253 - - [01/Jan/2024:18:49:33 -0500] "POST /kwsrmcab/Wsrmcab  HTTP/1.1" 200 36178
216.245.221.92 - - [01/Jan/2024:18:50:55 -0500] "HEAD / HTTP/1.1" 200 -
40.77.167.76 - - [01/Jan/2024:18:51:38 -0500] "GET /BLA/resoluciones/AUTOS%202022/8502.pdf HTTP/1.1" 200 518959
172.22.2.4 - - [01/Jan/2024:18:51:47 -0500] "HEAD /BLA/boletinlegal/ HTTP/1.1" 200 -
85.208.96.193 - - [01/Jan/2024:18:53:34 -0500] "GET /robots.txt HTTP/1.1" 404 1035
185.191.171.8 - - [01/Jan/2024:18:53:34 -0500] "GET /portaldeninos/residuos/ HTTP/1.1" 200 87443
172.22.2.4 - - [01/Jan/2024:18:52:38 -0500] "GET /BLA/boletinlegal/ HTTP/1.1" 200 60910
201.245.192.253 - - [01/Jan/2024:18:54:32 -0500] "POST /kwsrmcab/Wsrmcab  HTTP/1.1" 200 36178
66.249.66.21 - - [01/Jan/2024:18:54:48 -0500] "GET /BLA/resoluciones/RESOLUCIONES%202010/7799.pdf HTTP/1.1" 200 1240879
52.167.144.180 - - [01/Jan/2024:18:55:49 -0500] "GET /BLA/resoluciones/AUTOS%202023/5700.pdf HTTP/1.1" 200 441122
216.245.221.92 - - [01/Jan/2024:18:55:54 -0500] "HEAD / HTTP/1.1" 200 -
66.249.66.21 - - [01/Jan/2024:18:58:16 -0500] "GET /Publicaciones/2023EE150186.pdf HTTP/1.1" 404 228
172.22.2.4 - - [01/Jan/2024:18:57:37 -0500] "HEAD /BLA/boletinlegal/ HTTP/1.1" 200 -
52.167.144.180 - - [01/Jan/2024:18:59:30 -0500] "GET /BLA/resoluciones/AUTOS%202023/08312.pdf HTTP/1.1" 200 380131
201.245.192.253 - - [01/Jan/2024:18:59:31 -0500] "POST /kwsrmcab/Wsrmcab  HTTP/1.1" 200 36178
172.22.2.4 - - [01/Jan/2024:18:58:28 -0500] "GET /BLA/boletinlegal/ HTTP/1.1" 200 58567
186.154.75.228 - - [01/Jan/2024:19:00:30 -0500] "GET /appsia/controlador HTTP/1.1" 200 4799
186.154.75.228 - - [01/Jan/2024:19:00:30 -0500] "GET /appsia/css/estilos.css HTTP/1.1" 200 4804
186.154.75.228 - - [01/Jan/2024:19:00:30 -0500] "GET /appsia/scripts/validarIngreso.js HTTP/1.1" 200 851
186.154.75.228 - - [01/Jan/2024:19:00:30 -0500] "GET /appsia/images/cabezoteHojaVida.png HTTP/1.1" 200 32493
186.154.75.228 - - [01/Jan/2024:19:00:30 -0500] "GET /appsia/images/logo_bogota_p.png HTTP/1.1" 200 14951
186.154.75.228 - - [01/Jan/2024:19:00:30 -0500] "GET /favicon.ico HTTP/1.1" 200 7782
186.154.75.228 - - [01/Jan/2024:19:00:37 -0500] "POST /appsia/controlador HTTP/1.1" 200 3600
186.154.75.228 - - [01/Jan/2024:19:00:37 -0500] "GET /appsia/jscripts/validarSolicitud.js HTTP/1.1" 404 68
186.154.75.228 - - [01/Jan/2024:19:00:41 -0500] "POST /appsia/controlador HTTP/1.1" 200 4799
186.154.75.228 - - [01/Jan/2024:19:00:47 -0500] "POST /appsia/controlador HTTP/1.1" 200 3600
186.154.75.228 - - [01/Jan/2024:19:00:47 -0500] "GET /appsia/jscripts/validarSolicitud.js HTTP/1.1" 404 68
186.154.75.228 - - [01/Jan/2024:19:00:52 -0500] "POST /appsia/controlador HTTP/1.1" 200 4799
216.245.221.92 - - [01/Jan/2024:19:00:54 -0500] "HEAD / HTTP/1.1" 200 -
186.154.75.228 - - [01/Jan/2024:19:00:58 -0500] "POST /appsia/controlador HTTP/1.1" 200 4621
186.154.75.228 - - [01/Jan/2024:19:01:03 -0500] "POST /appsia/controlador HTTP/1.1" 200 7723
186.154.75.228 - - [01/Jan/2024:19:01:03 -0500] "GET /appsia/images/logo_escudo.png HTTP/1.1" 200 36965
172.22.2.4 - - [01/Jan/2024:19:01:14 -0500] "GET /BLA/boletinlegal/jurisprudencia/analisis/AnalisisT-606-15.docx HTTP/1.1" 200 26698
172.22.2.4 - - [01/Jan/2024:19:01:14 -0500] "GET /BLA/boletinlegal/apple-touch-icon-120x120-precomposed.png HTTP/1.1" 404 1140
172.22.2.4 - - [01/Jan/2024:19:01:14 -0500] "GET /BLA/boletinlegal/apple-touch-icon-120x120.png HTTP/1.1" 404 1140
172.22.2.4 - - [01/Jan/2024:19:01:14 -0500] "GET /BLA/boletinlegal/apple-touch-icon-precomposed.png HTTP/1.1" 404 1140
172.22.2.4 - - [01/Jan/2024:19:01:15 -0500] "GET /BLA/boletinlegal/apple-touch-icon.png HTTP/1.1" 404 1140
172.22.2.4 - - [01/Jan/2024:19:01:15 -0500] "GET /BLA/boletinlegal/favicon.ico HTTP/1.1" 404 1140
172.22.2.4 - - [01/Jan/2024:19:01:15 -0500] "GET /BLA/boletinlegal/apple-touch-icon-120x120-precomposed.png HTTP/1.1" 404 1140
172.22.2.4 - - [01/Jan/2024:19:01:15 -0500] "GET /BLA/boletinlegal/apple-touch-icon-120x120.png HTTP/1.1" 404 1140
172.22.2.4 - - [01/Jan/2024:19:01:15 -0500] "GET /BLA/boletinlegal/apple-touch-icon-precomposed.png HTTP/1.1" 404 1140
172.22.2.4 - - [01/Jan/2024:19:01:15 -0500] "GET /BLA/boletinlegal/apple-touch-icon.png HTTP/1.1" 404 1140
172.22.2.4 - - [01/Jan/2024:19:01:15 -0500] "GET /BLA/boletinlegal/favicon.ico HTTP/1.1" 404 1140
157.55.39.48 - - [01/Jan/2024:19:01:43 -0500] "GET /BLA/resoluciones/AUTOS%202023/5885.pdf HTTP/1.1" 200 421096
118.27.100.212 - - [01/Jan/2024:19:02:07 -0500] "GET /wp-login.php HTTP/1.1" 404 1035
157.55.39.48 - - [01/Jan/2024:19:02:54 -0500] "GET /BLA/resoluciones/AUTOS%202023/05415.pdf HTTP/1.1" 200 437928
34.147.56.211 - - [01/Jan/2024:19:03:02 -0500] "GET /distrito-exalto-a-246-empresas-de-bogota-por-su-alto-desempeno-y-responsabilidad-ambiental-durante-2023.html HTTP/1.1" 200 1039
40.77.167.52 - - [01/Jan/2024:19:03:31 -0500] "GET /BLA/resoluciones/AUTOS%202023/07027.pdf HTTP/1.1" 200 390275
216.244.66.195 - - [01/Jan/2024:19:04:30 -0500] "GET /robots.txt HTTP/1.1" 404 1018
201.245.192.253 - - [01/Jan/2024:19:04:30 -0500] "POST /kwsrmcab/Wsrmcab  HTTP/1.1" 200 36178
172.22.2.4 - - [01/Jan/2024:19:03:27 -0500] "HEAD /BLA/boletinlegal/ HTTP/1.1" 200 -
216.245.221.92 - - [01/Jan/2024:19:05:54 -0500] "HEAD / HTTP/1.1" 200 -
172.22.2.4 - - [01/Jan/2024:19:04:18 -0500] "GET /BLA/boletinlegal/ HTTP/1.1" 200 58567
66.249.66.20 - - [01/Jan/2024:19:06:33 -0500] "GET /BLA/resoluciones/RESOLUCIONES%202009/7465.pdf HTTP/1.1" 200 712194
201.245.192.253 - - [01/Jan/2024:19:09:28 -0500] "POST /kwsrmcab/Wsrmcab  HTTP/1.1" 200 36178
66.249.66.21 - - [01/Jan/2024:19:10:14 -0500] "GET /BLA/resoluciones/RESOLUCIONES%202008/5531.pdf HTTP/1.1" 200 237080
66.249.66.21 - - [01/Jan/2024:19:10:17 -0500] "GET /BLA/resoluciones/AUTOS%202010/4857.pdf HTTP/1.1" 200 252135
216.245.221.92 - - [01/Jan/2024:19:10:54 -0500] "HEAD / HTTP/1.1" 200 -
172.22.2.4 - - [01/Jan/2024:19:09:17 -0500] "HEAD /BLA/boletinlegal/ HTTP/1.1" 200 -
172.22.2.4 - - [01/Jan/2024:19:10:08 -0500] "GET /BLA/boletinlegal/ HTTP/1.1" 200 60502
40.77.167.52 - - [01/Jan/2024:19:13:31 -0500] "GET /images/Secretar%C3%ADa%20de%20Ambiente%20instal%C3%B3%20la%20primera%20Etiqueta%20Vehicular%20Ambiental.jpg HTTP/1.1" 404 1034
172.22.2.4 - - [01/Jan/2024:19:14:11 -0500] "GET /BLA/boletinlegal/jurisprudencia/analisis/analisis%20sentencia%20C-596-10.doc HTTP/1.1" 200 36352
201.245.192.253 - - [01/Jan/2024:19:14:27 -0500] "POST /kwsrmcab/Wsrmcab  HTTP/1.1" 200 36178
47.128.31.211 - - [01/Jan/2024:19:15:05 -0500] "GET /BLA/resoluciones/dlf/dirup.png HTTP/1.1" 200 644
47.128.31.211 - - [01/Jan/2024:19:15:05 -0500] "GET /BLA/resoluciones/dlf/unknown.png HTTP/1.1" 200 266
47.128.31.211 - - [01/Jan/2024:19:15:04 -0500] "GET /BLA/resoluciones/index.php?dir=AUTOS%202006%2FAUTOS%202006%20801-900%2F&order=asc&sort=size HTTP/1.1" 200 21775
172.22.2.4 - - [01/Jan/2024:19:15:15 -0500] "GET /BLA/boletinlegal/actos.php HTTP/1.1" 200 9648
47.128.31.19 - - [01/Jan/2024:19:15:27 -0500] "GET /robots.txt HTTP/1.1" 404 1018
201.245.192.253 - - [01/Jan/2024:19:15:36 -0500] "POST /kwsrmcab/Wsrmcab HTTP/1.1" 200 36849
201.245.192.253 - - [01/Jan/2024:19:15:39 -0500] "POST /kwsrmcab/Wsrmcab HTTP/1.1" 200 37048
216.245.221.92 - - [01/Jan/2024:19:15:54 -0500] "HEAD / HTTP/1.1" 200 -
172.22.2.4 - - [01/Jan/2024:19:15:07 -0500] "HEAD /BLA/boletinlegal/ HTTP/1.1" 200 -
40.77.167.3 - - [01/Jan/2024:19:17:23 -0500] "GET /BLA/resoluciones/AUTOS%202023/05918.pdf HTTP/1.1" 200 986202
172.22.2.4 - - [01/Jan/2024:19:15:58 -0500] "GET /BLA/boletinlegal/ HTTP/1.1" 200 58567
201.245.192.253 - - [01/Jan/2024:19:19:26 -0500] "POST /kwsrmcab/Wsrmcab  HTTP/1.1" 200 36178
201.245.192.253 - - [01/Jan/2024:19:19:43 -0500] "POST /kwsrmcab/Wsrmcab HTTP/1.1" 200 36849
201.245.192.253 - - [01/Jan/2024:19:19:48 -0500] "POST /kwsrmcab/Wsrmcab HTTP/1.1" 200 37048
