156.59.198.136 - - [01/Jan/2024:20:49:57 -0500] "GET /BLA/resoluciones/Notificaciones/AUTOS%202020/0834.pdf HTTP/1.0" 200 352658
172.22.2.4 - - [01/Jan/2024:20:48:27 -0500] "HEAD /BLA/boletinlegal/ HTTP/1.1" 200 -
128.14.188.213 - - [01/Jan/2024:20:50:16 -0500] "GET /test_404_page/ HTTP/1.1" 404 1034
156.59.198.136 - - [01/Jan/2024:20:50:22 -0500] "GET /BLA/resoluciones/Notificaciones/AUTOS%202020/1224.pdf HTTP/1.0" 200 794200
156.59.198.136 - - [01/Jan/2024:20:50:46 -0500] "GET /BLA/resoluciones/Notificaciones/AUTOS%202020/4400.pdf HTTP/1.0" 200 362903
128.14.188.213 - - [01/Jan/2024:20:50:53 -0500] "GET //favicon.ico HTTP/1.1" 404 1034
216.245.221.92 - - [01/Jan/2024:20:50:54 -0500] "HEAD / HTTP/1.1" 200 -
172.22.2.4 - - [01/Jan/2024:20:49:17 -0500] "GET /BLA/boletinlegal/ HTTP/1.1" 200 58567
156.59.198.136 - - [01/Jan/2024:20:51:11 -0500] "GET /BLA/resoluciones/Notificaciones/AUTOS%202020/4619.pdf HTTP/1.0" 200 350259
156.59.198.136 - - [01/Jan/2024:20:51:35 -0500] "GET /BLA/resoluciones/Notificaciones/AUTOS%202020/4878.pdf HTTP/1.0" 200 358973
31.13.115.7 - - [01/Jan/2024:20:51:47 -0500] "GET /en-2021-aumentaron-en-un-45-los-negocios-verdes-verificados-por-la-secretaria-de-ambiente-frente-a-2020.html HTTP/1.1" 200 1042
156.59.198.135 - - [01/Jan/2024:20:51:59 -0500] "GET /BLA/resoluciones/Notificaciones/AUTOS%202020/4136.pdf HTTP/1.0" 200 326892
31.13.115.2 - - [01/Jan/2024:20:52:08 -0500] "GET /del-22-al-26-de-noviembre-se-realizara-la-semana-ecoempresarial-en-bogota.html HTTP/1.1" 200 860
156.59.198.136 - - [01/Jan/2024:20:52:23 -0500] "GET /BLA/resoluciones/Notificaciones/AUTOS%202020/1531.pdf HTTP/1.0" 200 375221
172.22.2.4 - - [01/Jan/2024:20:52:25 -0500] "GET /BLA/boletinlegal/.git/config HTTP/1.1" 404 1018
156.59.198.136 - - [01/Jan/2024:20:52:47 -0500] "GET /BLA/resoluciones/Notificaciones/AUTOS%202020/4624.pdf HTTP/1.0" 200 649529
168.119.252.242 - - [01/Jan/2024:20:52:57 -0500] "GET / HTTP/1.1" 200 319
168.119.252.242 - - [01/Jan/2024:20:52:57 -0500] "GET / HTTP/1.1" 200 4720
156.59.198.135 - - [01/Jan/2024:20:53:11 -0500] "GET /BLA/resoluciones/Notificaciones/AUTOS%202020/2340.pdf HTTP/1.0" 200 344123
156.59.198.136 - - [01/Jan/2024:20:53:36 -0500] "GET /BLA/resoluciones/Notificaciones/AUTOS%202020/3684.pdf HTTP/1.0" 200 373954
156.59.198.136 - - [01/Jan/2024:20:54:00 -0500] "GET /BLA/resoluciones/Notificaciones/AUTOS%202020/1648.pdf HTTP/1.0" 200 1728838
201.245.192.253 - - [01/Jan/2024:20:54:02 -0500] "POST /kwsrmcab/Wsrmcab  HTTP/1.1" 200 36178
156.59.198.135 - - [01/Jan/2024:20:54:24 -0500] "GET /BLA/resoluciones/Notificaciones/AUTOS%202020/4206.pdf HTTP/1.0" 200 377067
156.59.198.136 - - [01/Jan/2024:20:54:49 -0500] "GET /BLA/resoluciones/Notificaciones/AUTOS%202020/3846.pdf HTTP/1.0" 200 400298
156.59.198.136 - - [01/Jan/2024:20:55:13 -0500] "GET /BLA/resoluciones/Notificaciones/AUTOS%202020/4664.pdf HTTP/1.0" 200 638991
156.59.198.136 - - [01/Jan/2024:20:55:37 -0500] "GET /BLA/resoluciones/Notificaciones/AUTOS%202020/0012.pdf HTTP/1.0" 200 290448
66.249.66.21 - - [01/Jan/2024:20:55:40 -0500] "GET /BLA/resoluciones/AUTOS%202013/3571.pdf HTTP/1.1" 304 -
216.245.221.92 - - [01/Jan/2024:20:55:54 -0500] "HEAD / HTTP/1.1" 200 -
172.22.2.4 - - [01/Jan/2024:20:54:17 -0500] "HEAD /BLA/boletinlegal/ HTTP/1.1" 200 -
156.59.198.136 - - [01/Jan/2024:20:56:02 -0500] "GET /BLA/resoluciones/Notificaciones/AUTOS%202020/04109.pdf HTTP/1.0" 200 359515
156.59.198.135 - - [01/Jan/2024:20:56:26 -0500] "GET /BLA/resoluciones/Notificaciones/AUTOS%202020/4927.pdf HTTP/1.0" 200 1819258
172.22.2.4 - - [01/Jan/2024:20:55:07 -0500] "GET /BLA/boletinlegal/ HTTP/1.1" 200 58567
156.59.198.135 - - [01/Jan/2024:20:56:51 -0500] "GET /BLA/resoluciones/Notificaciones/AUTOS%202020/0859.pdf HTTP/1.0" 200 323709
156.59.198.135 - - [01/Jan/2024:20:57:16 -0500] "GET /BLA/resoluciones/Notificaciones/AUTOS%202020/0962.pdf HTTP/1.0" 200 302067
156.59.198.136 - - [01/Jan/2024:20:57:40 -0500] "GET /BLA/resoluciones/Notificaciones/AUTOS%202020/3404.pdf HTTP/1.0" 200 388609
156.59.198.135 - - [01/Jan/2024:20:58:04 -0500] "GET /BLA/resoluciones/Notificaciones/AUTOS%202020/4221.pdf HTTP/1.0" 200 342452
156.59.198.135 - - [01/Jan/2024:20:58:29 -0500] "GET /BLA/resoluciones/Notificaciones/AUTOS%202020/3182.pdf HTTP/1.0" 200 356522
156.59.198.136 - - [01/Jan/2024:20:58:52 -0500] "GET /BLA/resoluciones/Notificaciones/AUTOS%202020/04107.pdf HTTP/1.0" 200 356891
40.77.189.7 - - [01/Jan/2024:20:58:56 -0500] "GET /portaldeninos/wp-content/themes/betheme/fonts/mfn-icons.woff?93978679 HTTP/1.1" 200 80932
201.245.192.253 - - [01/Jan/2024:20:59:00 -0500] "POST /kwsrmcab/Wsrmcab  HTTP/1.1" 200 36178
156.59.198.136 - - [01/Jan/2024:20:59:17 -0500] "GET /BLA/resoluciones/Notificaciones/AUTOS%202020/0103.pdf HTTP/1.0" 200 293978
156.59.198.136 - - [01/Jan/2024:20:59:42 -0500] "GET /BLA/resoluciones/Notificaciones/AUTOS%202020/4770.pdf HTTP/1.0" 200 971189
159.89.23.204 - - [01/Jan/2024:20:59:43 -0500] "GET http://190.27.245.106:80/phpMyAdmin/scripts/setup.php HTTP/1.0" 403 1165
159.89.23.204 - - [01/Jan/2024:20:59:44 -0500] "GET http://190.27.245.106:80/phpmyadmin/scripts/setup.php HTTP/1.0" 403 1165
159.89.23.204 - - [01/Jan/2024:20:59:44 -0500] "GET http://190.27.245.106:80/phpMyAdmin-2.11.4/scripts/setup.php HTTP/1.0" 403 1165
159.89.23.204 - - [01/Jan/2024:20:59:44 -0500] "GET http://190.27.245.106:80/phpMyAdmin-2.11.3/scripts/setup.php HTTP/1.0" 403 1165
159.89.23.204 - - [01/Jan/2024:20:59:45 -0500] "GET http://190.27.245.106:80/phpMyAdmin-2.10.0.2/scripts/setup.php HTTP/1.0" 403 1165
159.89.23.204 - - [01/Jan/2024:20:59:45 -0500] "GET http://190.27.245.106:80/phpMyAdmin-2.10.3/scripts/setup.php HTTP/1.0" 403 1165
159.89.23.204 - - [01/Jan/2024:20:59:46 -0500] "GET http://190.27.245.106:80/phpMyAdmin-2.8.0.2/scripts/setup.php HTTP/1.0" 403 1165
159.89.23.204 - - [01/Jan/2024:20:59:46 -0500] "GET http://190.27.245.106:80/phpMyAdmin-2.10.2/scripts/setup.php HTTP/1.0" 403 1165
159.89.23.204 - - [01/Jan/2024:20:59:46 -0500] "GET http://190.27.245.106:80/phpMyAdmin-2.11.9.2/scripts/setup.php HTTP/1.0" 403 1165
159.89.23.204 - - [01/Jan/2024:20:59:47 -0500] "GET http://190.27.245.106:80/phpMyAdmin-2.11.0/scripts/setup.php HTTP/1.0" 403 1165
159.89.23.204 - - [01/Jan/2024:20:59:47 -0500] "GET http://190.27.245.106:80/phpMyAdmin-2.11.7/scripts/setup.php HTTP/1.0" 403 1165
159.89.23.204 - - [01/Jan/2024:20:59:47 -0500] "GET http://190.27.245.106:80/phpMyAdmin-2.11.1.2/scripts/setup.php HTTP/1.0" 403 1165
159.89.23.204 - - [01/Jan/2024:20:59:48 -0500] "GET http://190.27.245.106:80/pma/scripts/setup.php HTTP/1.0" 404 1018
159.89.23.204 - - [01/Jan/2024:20:59:48 -0500] "GET http://190.27.245.106:80/phpMyAdmin3/scripts/setup.php HTTP/1.0" 403 1165
159.89.23.204 - - [01/Jan/2024:20:59:48 -0500] "GET http://190.27.245.106:80/myadmin/scripts/setup.php HTTP/1.0" 404 1018
159.89.23.204 - - [01/Jan/2024:20:59:49 -0500] "GET http://190.27.245.106:80/MyAdmin/scripts/setup.php HTTP/1.0" 404 1018
159.89.23.204 - - [01/Jan/2024:20:59:49 -0500] "GET http://190.27.245.106:80/PHPMYADMIN/scripts/setup.php HTTP/1.0" 403 1165
159.89.23.204 - - [01/Jan/2024:20:59:50 -0500] "GET http://190.27.245.106:80/mysqladmin/scripts/setup.php HTTP/1.0" 404 1018
159.89.23.204 - - [01/Jan/2024:20:59:50 -0500] "GET http://190.27.245.106:80/SQL/scripts/setup.php HTTP/1.0" 404 1018
159.89.23.204 - - [01/Jan/2024:20:59:50 -0500] "GET http://190.27.245.106:80/phpMyAdmin-2.5.5-pl1/scripts/setup.php HTTP/1.0" 403 1165
159.89.23.204 - - [01/Jan/2024:20:59:51 -0500] "GET http://190.27.245.106:80/phpMyAdmin-2.5.5/scripts/setup.php HTTP/1.0" 403 1165
159.89.23.204 - - [01/Jan/2024:20:59:51 -0500] "GET http://190.27.245.106:80/phpMyAdmin-2.5.4/scripts/setup.php HTTP/1.0" 403 1165
159.89.23.204 - - [01/Jan/2024:20:59:51 -0500] "GET http://190.27.245.106:80/phpMyAdmin-2.5.7-pl1/scripts/setup.php HTTP/1.0" 403 1165
159.89.23.204 - - [01/Jan/2024:20:59:52 -0500] "GET http://190.27.245.106:80/admin/pma/scripts/setup.php HTTP/1.0" 404 1018
159.89.23.204 - - [01/Jan/2024:20:59:52 -0500] "GET http://190.27.245.106:80/phpMyAdmin-2/scripts/setup.php HTTP/1.0" 403 1165
159.89.23.204 - - [01/Jan/2024:20:59:52 -0500] "GET http://190.27.245.106:80/web/phpMyAdmin/scripts/setup.php HTTP/1.0" 404 1018
159.89.23.204 - - [01/Jan/2024:20:59:53 -0500] "GET http://190.27.245.106:80/webadmin/scripts/setup.php HTTP/1.0" 404 1018
159.89.23.204 - - [01/Jan/2024:20:59:54 -0500] "GET http://190.27.245.106:80/admin/scripts/setup.php HTTP/1.0" 404 1018
159.89.23.204 - - [01/Jan/2024:20:59:55 -0500] "GET http://190.27.245.106:80/dbadmin/scripts/setup.php HTTP/1.0" 404 1018
159.89.23.204 - - [01/Jan/2024:20:59:55 -0500] "GET http://190.27.245.106:80/mysql/scripts/setup.php HTTP/1.0" 404 1018
159.89.23.204 - - [01/Jan/2024:20:59:58 -0500] "GET http://190.27.245.106:80/phpMyAdmin2/scripts/setup.php HTTP/1.0" 403 1165
159.89.23.204 - - [01/Jan/2024:20:59:59 -0500] "GET http://190.27.245.106:80/phpma/scripts/setup.php HTTP/1.0" 404 1018
159.89.23.204 - - [01/Jan/2024:20:59:59 -0500] "GET http://190.27.245.106:80/sqlweb/scripts/setup.php HTTP/1.0" 404 1018
159.89.23.204 - - [01/Jan/2024:20:59:59 -0500] "GET http://190.27.245.106:80/webdb/scripts/setup.php HTTP/1.0" 404 1018
159.89.23.204 - - [01/Jan/2024:21:00:00 -0500] "GET http://190.27.245.106:80/websql/scripts/setup.php HTTP/1.0" 404 1018
159.89.23.204 - - [01/Jan/2024:21:00:03 -0500] "GET http://190.27.245.106:80/_phpMyAdmin/scripts/setup.php HTTP/1.0" 404 1018
159.89.23.204 - - [01/Jan/2024:21:00:04 -0500] "GET http://190.27.245.106:80/php/scripts/setup.php HTTP/1.0" 404 1018
159.89.23.204 - - [01/Jan/2024:21:00:04 -0500] "GET http://190.27.245.106:80/admin/phpmyadmin/scripts/setup.txt HTTP/1.0" 404 1018
159.89.23.204 - - [01/Jan/2024:21:00:04 -0500] "GET http://190.27.245.106:80/db/scripts/setup.php HTTP/1.0" 404 1018
159.89.23.204 - - [01/Jan/2024:21:00:05 -0500] "GET http://190.27.245.106:80/sqlmanager/scripts/setup.php HTTP/1.0" 404 1018
159.89.23.204 - - [01/Jan/2024:21:00:05 -0500] "GET http://190.27.245.106:80/mysqlmanager/scripts/setup.php HTTP/1.0" 404 1018
159.89.23.204 - - [01/Jan/2024:21:00:06 -0500] "GET http://190.27.245.106:80/phpmanager/scripts/setup.php HTTP/1.0" 404 1018
156.59.198.135 - - [01/Jan/2024:21:00:06 -0500] "GET /BLA/resoluciones/Notificaciones/AUTOS%202020/0368.pdf HTTP/1.0" 200 863320
159.89.23.204 - - [01/Jan/2024:21:00:11 -0500] "GET http://190.27.245.106:80/phpmy-admin/scripts/setup.php HTTP/1.0" 404 1018
159.89.23.204 - - [01/Jan/2024:21:00:11 -0500] "GET http://190.27.245.106:80/mysql-admin/scripts/setup.php HTTP/1.0" 404 1018
156.59.198.135 - - [01/Jan/2024:21:00:30 -0500] "GET /BLA/resoluciones/Notificaciones/AUTOS%202020/3179.pdf HTTP/1.0" 200 322768
216.245.221.92 - - [01/Jan/2024:21:00:53 -0500] "HEAD / HTTP/1.1" 200 -
156.59.198.136 - - [01/Jan/2024:21:00:54 -0500] "GET /BLA/resoluciones/Notificaciones/AUTOS%202020/4244.pdf HTTP/1.0" 200 334086
156.59.198.135 - - [01/Jan/2024:21:01:19 -0500] "GET /BLA/resoluciones/Notificaciones/AUTOS%202020/2843.pdf HTTP/1.0" 200 312989
216.244.66.195 - - [01/Jan/2024:21:01:20 -0500] "GET /BLA/resoluciones/AUTOS%202014/0744.pdf HTTP/1.1" 200 425564
156.59.198.136 - - [01/Jan/2024:21:01:43 -0500] "GET /BLA/resoluciones/Notificaciones/AUTOS%202020/4070.pdf HTTP/1.0" 200 390958
172.22.2.4 - - [01/Jan/2024:21:00:07 -0500] "HEAD /BLA/boletinlegal/ HTTP/1.1" 200 -
216.244.66.195 - - [01/Jan/2024:21:01:58 -0500] "GET /BLA/resoluciones/AUTOS%202014/0814.pdf HTTP/1.1" 200 436823
156.59.198.136 - - [01/Jan/2024:21:02:07 -0500] "GET /BLA/resoluciones/Notificaciones/AUTOS%202020/2723.pdf HTTP/1.0" 200 328325
157.55.39.48 - - [01/Jan/2024:21:02:14 -0500] "GET /Publicaciones/2023EE312813.pdf HTTP/1.1" 200 231972
156.59.198.136 - - [01/Jan/2024:21:02:33 -0500] "GET /BLA/resoluciones/Notificaciones/AUTOS%202020/3869.pdf HTTP/1.0" 200 365909
66.249.66.19 - - [01/Jan/2024:21:02:33 -0500] "GET /Publicaciones/2023EE230588.pdf HTTP/1.1" 404 228
172.22.2.4 - - [01/Jan/2024:21:00:57 -0500] "GET /BLA/boletinlegal/ HTTP/1.1" 200 58567
216.244.66.195 - - [01/Jan/2024:21:02:39 -0500] "GET /BLA/resoluciones/AUTOS%202014/1305.pdf HTTP/1.1" 200 147476
156.59.198.135 - - [01/Jan/2024:21:02:58 -0500] "GET /BLA/resoluciones/Notificaciones/AUTOS%202020/0452.pdf HTTP/1.0" 200 372611
173.252.127.6 - - [01/Jan/2024:21:03:12 -0500] "GET /images/jardines-verticales-plantas-24-mayo.jpg HTTP/1.1" 200 148288
216.244.66.195 - - [01/Jan/2024:21:03:14 -0500] "GET /BLA/resoluciones/AUTOS%202014/1435.pdf HTTP/1.1" 200 438567
156.59.198.136 - - [01/Jan/2024:21:03:22 -0500] "GET /BLA/resoluciones/Notificaciones/AUTOS%202020/2508.pdf HTTP/1.0" 200 363776
31.13.127.15 - - [01/Jan/2024:21:03:27 -0500] "GET /secretaria-de-ambiente-y-sena-abren-curso-de-jardines-verticales.html HTTP/1.1" 200 734
156.59.198.136 - - [01/Jan/2024:21:03:46 -0500] "GET /BLA/resoluciones/Notificaciones/AUTOS%202020/00043.pdf HTTP/1.0" 200 480943
216.244.66.195 - - [01/Jan/2024:21:03:54 -0500] "GET /BLA/resoluciones/AUTOS%202014/1853.pdf HTTP/1.1" 200 461189
201.245.192.253 - - [01/Jan/2024:21:03:58 -0500] "POST /kwsrmcab/Wsrmcab  HTTP/1.1" 200 36178
156.59.198.135 - - [01/Jan/2024:21:04:10 -0500] "GET /BLA/resoluciones/Notificaciones/AUTOS%202020/4795.pdf HTTP/1.0" 200 666287
216.244.66.195 - - [01/Jan/2024:21:04:28 -0500] "GET /BLA/resoluciones/AUTOS%202014/2021.pdf HTTP/1.1" 200 468956
156.59.198.136 - - [01/Jan/2024:21:04:36 -0500] "GET /BLA/resoluciones/Notificaciones/AUTOS%202020/04019.pdf HTTP/1.0" 200 360731
156.59.198.136 - - [01/Jan/2024:21:04:59 -0500] "GET /BLA/resoluciones/Notificaciones/AUTOS%202020/1341.pdf HTTP/1.0" 200 370318
216.244.66.195 - - [01/Jan/2024:21:05:15 -0500] "GET /BLA/resoluciones/AUTOS%202014/2404.pdf HTTP/1.1" 200 468389
172.22.2.4 - - [01/Jan/2024:21:05:20 -0500] "GET /BLA/boletinlegal/robots.txt HTTP/1.1" 404 1038
172.22.2.4 - - [01/Jan/2024:21:05:21 -0500] "GET /BLA/boletinlegal/jurisprudencia/analisis/CUADRO%20ANALISIS%20SENTENCIA%20C-554%20DE%202007.doc HTTP/1.1" 200 35328
156.59.198.136 - - [01/Jan/2024:21:05:24 -0500] "GET /BLA/resoluciones/Notificaciones/AUTOS%202020/1816.pdf HTTP/1.0" 200 301819
156.59.198.135 - - [01/Jan/2024:21:05:48 -0500] "GET /BLA/resoluciones/Notificaciones/AUTOS%202020/1667.pdf HTTP/1.0" 200 304928
216.244.66.195 - - [01/Jan/2024:21:05:53 -0500] "GET /BLA/resoluciones/AUTOS%202014/2797.pdf HTTP/1.1" 200 437378
216.245.221.92 - - [01/Jan/2024:21:05:53 -0500] "HEAD / HTTP/1.1" 200 -
156.59.198.136 - - [01/Jan/2024:21:06:12 -0500] "GET /BLA/resoluciones/Notificaciones/AUTOS%202020/2918.pdf HTTP/1.0" 200 299965
40.77.167.13 - - [01/Jan/2024:21:06:14 -0500] "GET /BLA/resoluciones/AUTOS%202023/05801.pdf HTTP/1.1" 200 393517
216.244.66.195 - - [01/Jan/2024:21:06:33 -0500] "GET /BLA/resoluciones/RESOLUCIONES%202011/0029.pdf HTTP/1.1" 200 401240
156.59.198.136 - - [01/Jan/2024:21:06:36 -0500] "GET /BLA/resoluciones/Notificaciones/AUTOS%202020/2912.pdf HTTP/1.0" 200 316511
172.22.2.4 - - [01/Jan/2024:21:06:52 -0500] "GET /BLA/boletinlegal/robots.txt HTTP/1.1" 404 1038
40.77.167.247 - - [01/Jan/2024:21:06:52 -0500] "GET /Publicaciones/2023EE308354.pdf HTTP/1.1" 200 1170560
40.77.167.247 - - [01/Jan/2024:21:06:54 -0500] "GET /BLA/resoluciones/AUTOS%202023/05434.pdf HTTP/1.1" 200 374868
156.59.198.135 - - [01/Jan/2024:21:07:00 -0500] "GET /BLA/resoluciones/Notificaciones/AUTOS%202020/4695.pdf HTTP/1.0" 200 350473
216.244.66.195 - - [01/Jan/2024:21:07:12 -0500] "GET /BLA/resoluciones/RESOLUCIONES%202011/0083.pdf HTTP/1.1" 200 378522
156.59.198.136 - - [01/Jan/2024:21:07:25 -0500] "GET /BLA/resoluciones/Notificaciones/AUTOS%202020/1643.pdf HTTP/1.0" 200 300144
172.22.2.4 - - [01/Jan/2024:21:05:57 -0500] "HEAD /BLA/boletinlegal/ HTTP/1.1" 200 -
156.59.198.136 - - [01/Jan/2024:21:07:50 -0500] "GET /BLA/resoluciones/Notificaciones/AUTOS%202020/2861.pdf HTTP/1.0" 200 320892
216.244.66.195 - - [01/Jan/2024:21:07:53 -0500] "GET /BLA/resoluciones/RESOLUCIONES%202011/0374.pdf HTTP/1.1" 200 68141
156.59.198.135 - - [01/Jan/2024:21:08:14 -0500] "GET /BLA/resoluciones/Notificaciones/AUTOS%202020/0945.pdf HTTP/1.0" 200 1459642
216.244.66.195 - - [01/Jan/2024:21:08:24 -0500] "GET /BLA/resoluciones/RESOLUCIONES%202011/0614.pdf HTTP/1.1" 200 75425
172.22.2.4 - - [01/Jan/2024:21:06:47 -0500] "GET /BLA/boletinlegal/ HTTP/1.1" 200 44645
172.22.2.4 - - [01/Jan/2024:21:06:52 -0500] "GET /BLA/boletinlegal/ HTTP/1.1" 200 44124
156.59.198.136 - - [01/Jan/2024:21:08:38 -0500] "GET /BLA/resoluciones/Notificaciones/AUTOS%202020/1260.pdf HTTP/1.0" 200 312412
40.77.167.247 - - [01/Jan/2024:21:08:43 -0500] "GET /Publicaciones/2023EE308073.pdf HTTP/1.1" 200 379115
216.244.66.195 - - [01/Jan/2024:21:08:54 -0500] "GET /BLA/resoluciones/RESOLUCIONES%202011/0695.pdf HTTP/1.1" 200 77003
201.245.192.253 - - [01/Jan/2024:21:08:57 -0500] "POST /kwsrmcab/Wsrmcab  HTTP/1.1" 200 36178
156.59.198.136 - - [01/Jan/2024:21:09:03 -0500] "GET /BLA/resoluciones/Notificaciones/AUTOS%202020/1464.pdf HTTP/1.0" 200 1152235
168.119.101.10 - - [01/Jan/2024:21:09:16 -0500] "GET / HTTP/1.1" 200 4720
168.119.101.10 - - [01/Jan/2024:21:09:18 -0500] "GET / HTTP/1.1" 200 319
172.22.2.4 - - [01/Jan/2024:21:07:52 -0500] "GET /BLA/boletinlegal/ HTTP/1.1" 200 49099
216.244.66.195 - - [01/Jan/2024:21:09:22 -0500] "GET /BLA/resoluciones/RESOLUCIONES%202011/0758.pdf HTTP/1.1" 200 359914
156.59.198.135 - - [01/Jan/2024:21:09:26 -0500] "GET /BLA/resoluciones/Notificaciones/AUTOS%202020/3717.pdf HTTP/1.0" 200 361848
156.59.198.136 - - [01/Jan/2024:21:09:51 -0500] "GET /BLA/resoluciones/Notificaciones/AUTOS%202020/2659.pdf HTTP/1.0" 200 325255
216.244.66.195 - - [01/Jan/2024:21:09:52 -0500] "GET /BLA/resoluciones/RESOLUCIONES%202011/0785.pdf HTTP/1.1" 200 78569
190.26.21.129 - - [01/Jan/2024:21:09:57 -0500] "GET /sipse/faces/index.xhtml HTTP/1.1" 200 677
190.26.21.129 - - [01/Jan/2024:21:09:57 -0500] "GET /sipse/faces/javax.faces.resource/theme.css?ln=primefaces-sipse HTTP/1.1" 200 50058
190.26.21.129 - - [01/Jan/2024:21:09:58 -0500] "GET /favicon.ico HTTP/1.1" 200 7782
190.26.21.129 - - [01/Jan/2024:21:10:07 -0500] "GET /sipse/faces/index.xhtml HTTP/1.1" 200 677
190.26.21.129 - - [01/Jan/2024:21:10:07 -0500] "GET /sipse/faces/javax.faces.resource/theme.css?ln=primefaces-sipse HTTP/1.1" 304 -
190.26.21.129 - - [01/Jan/2024:21:10:07 -0500] "GET /sipse/faces/faces/autenticacion.xhtml HTTP/1.1" 200 12408
190.26.21.129 - - [01/Jan/2024:21:10:07 -0500] "GET /sipse/css/custom_css_sg.css HTTP/1.1" 200 9694
190.26.21.129 - - [01/Jan/2024:21:10:07 -0500] "GET /sipse/css/custom_css_sg_prime_login.css HTTP/1.1" 200 443
190.26.21.129 - - [01/Jan/2024:21:10:07 -0500] "GET /sipse/js/disable_browser_buttons.js HTTP/1.1" 200 3230
190.26.21.129 - - [01/Jan/2024:21:10:07 -0500] "GET /sipse/faces/javax.faces.resource/theme.css?ln=primefaces-sipse HTTP/1.1" 304 -
190.26.21.129 - - [01/Jan/2024:21:10:07 -0500] "GET /sipse/faces/javax.faces.resource/layout/layout.css?ln=primefaces&v=4.0 HTTP/1.1" 200 542
190.26.21.129 - - [01/Jan/2024:21:10:07 -0500] "GET /sipse/js/funciones.js HTTP/1.1" 200 12592
190.26.21.129 - - [01/Jan/2024:21:10:07 -0500] "GET /sipse/faces/javax.faces.resource/layout/layout.js?ln=primefaces&v=4.0 HTTP/1.1" 200 87560
190.26.21.129 - - [01/Jan/2024:21:10:07 -0500] "GET /sipse/faces/javax.faces.resource/primefaces.css?ln=primefaces&v=4.0 HTTP/1.1" 200 53295
190.26.21.129 - - [01/Jan/2024:21:10:07 -0500] "GET /sipse/faces/javax.faces.resource/primefaces.js?ln=primefaces&v=4.0 HTTP/1.1" 200 276924
190.26.21.129 - - [01/Jan/2024:21:10:07 -0500] "GET /sipse/faces/javax.faces.resource/jquery/jquery.js?ln=primefaces&v=4.0 HTTP/1.1" 200 105384
190.26.21.129 - - [01/Jan/2024:21:10:07 -0500] "GET /sipse/faces/javax.faces.resource/jquery/jquery-plugins.js?ln=primefaces&v=4.0 HTTP/1.1" 200 220526
190.26.21.129 - - [01/Jan/2024:21:10:07 -0500] "GET /sipse/css/imagen/logoSDG.png HTTP/1.1" 200 53064
190.26.21.129 - - [01/Jan/2024:21:10:07 -0500] "GET /sipse/faces/javax.faces.resource/images/ui-icons_898989_256x240.png?ln=primefaces-aristo HTTP/1.1" 200 5355
190.26.21.129 - - [01/Jan/2024:21:10:07 -0500] "GET /sipse/css/imagen/loginimg.png HTTP/1.1" 200 71635
156.59.198.135 - - [01/Jan/2024:21:10:15 -0500] "GET /BLA/resoluciones/Notificaciones/AUTOS%202020/1819.pdf HTTP/1.0" 200 305249
216.244.66.195 - - [01/Jan/2024:21:10:18 -0500] "GET /BLA/resoluciones/RESOLUCIONES%202011/0810.pdf HTTP/1.1" 200 400113
156.59.198.136 - - [01/Jan/2024:21:10:39 -0500] "GET /BLA/resoluciones/Notificaciones/AUTOS%202020/2034.pdf HTTP/1.0" 200 364608
216.244.66.195 - - [01/Jan/2024:21:10:48 -0500] "GET /BLA/resoluciones/RESOLUCIONES%202011/0864.pdf HTTP/1.1" 200 264657
216.245.221.92 - - [01/Jan/2024:21:10:53 -0500] "HEAD / HTTP/1.1" 200 -
156.59.198.135 - - [01/Jan/2024:21:11:04 -0500] "GET /BLA/resoluciones/Notificaciones/AUTOS%202020/4677.pdf HTTP/1.0" 200 397292
216.244.66.195 - - [01/Jan/2024:21:11:13 -0500] "GET /BLA/resoluciones/RESOLUCIONES%202011/1123.pdf HTTP/1.1" 200 297432
156.59.198.136 - - [01/Jan/2024:21:11:28 -0500] "GET /BLA/resoluciones/Notificaciones/AUTOS%202020/4887.pdf HTTP/1.0" 200 328683
216.244.66.195 - - [01/Jan/2024:21:11:36 -0500] "GET /BLA/resoluciones/RESOLUCIONES%202011/1509.pdf HTTP/1.1" 200 69183
156.59.198.136 - - [01/Jan/2024:21:11:53 -0500] "GET /BLA/resoluciones/Notificaciones/AUTOS%202020/3845.pdf HTTP/1.0" 200 395527
216.244.66.195 - - [01/Jan/2024:21:11:58 -0500] "GET /BLA/resoluciones/AUTOS%202017/3708.pdf HTTP/1.1" 200 298919
156.59.198.136 - - [01/Jan/2024:21:12:17 -0500] "GET /BLA/resoluciones/Notificaciones/AUTOS%202020/04716.pdf HTTP/1.0" 200 365530
216.244.66.195 - - [01/Jan/2024:21:12:20 -0500] "GET /BLA/resoluciones/AUTOS%202017/4984.pdf HTTP/1.1" 200 321792
156.59.198.136 - - [01/Jan/2024:21:12:41 -0500] "GET /BLA/resoluciones/Notificaciones/AUTOS%202020/4043.pdf HTTP/1.0" 200 358013
216.244.66.195 - - [01/Jan/2024:21:12:53 -0500] "GET /BLA/resoluciones/AUTOS%202019/0308.pdf HTTP/1.1" 200 925899
156.59.198.136 - - [01/Jan/2024:21:13:05 -0500] "GET /BLA/resoluciones/Notificaciones/AUTOS%202020/1037.pdf HTTP/1.0" 200 337938
216.244.66.195 - - [01/Jan/2024:21:13:23 -0500] "GET /BLA/resoluciones/AUTOS%202019/0399.pdf HTTP/1.1" 200 531498
172.22.2.4 - - [01/Jan/2024:21:11:47 -0500] "HEAD /BLA/boletinlegal/ HTTP/1.1" 200 -
156.59.198.136 - - [01/Jan/2024:21:13:29 -0500] "GET /BLA/resoluciones/Notificaciones/AUTOS%202020/0359.pdf HTTP/1.0" 200 680104
216.244.66.195 - - [01/Jan/2024:21:13:48 -0500] "GET /BLA/resoluciones/AUTOS%202019/0885.pdf HTTP/1.1" 200 265313
156.59.198.135 - - [01/Jan/2024:21:13:53 -0500] "GET /BLA/resoluciones/Notificaciones/AUTOS%202020/4470.pdf HTTP/1.0" 200 390782
201.245.192.253 - - [01/Jan/2024:21:13:55 -0500] "POST /kwsrmcab/Wsrmcab  HTTP/1.1" 200 36178
216.244.66.195 - - [01/Jan/2024:21:14:15 -0500] "GET /BLA/resoluciones/AUTOS%202019/1670.pdf HTTP/1.1" 200 241140
156.59.198.136 - - [01/Jan/2024:21:14:17 -0500] "GET /BLA/resoluciones/Notificaciones/AUTOS%202020/4908.pdf HTTP/1.0" 200 358839
172.22.2.4 - - [01/Jan/2024:21:12:37 -0500] "GET /BLA/boletinlegal/ HTTP/1.1" 200 58567
173.252.111.117 - - [01/Jan/2024:21:14:36 -0500] "GET /ciudad-bolivar-y-puente-aranda-se-alistan-para-una-nueva-llantaton.html HTTP/1.1" 200 991
216.244.66.195 - - [01/Jan/2024:21:14:38 -0500] "GET /BLA/resoluciones/AUTOS%202019/2095.pdf HTTP/1.1" 200 326986
156.59.198.136 - - [01/Jan/2024:21:14:41 -0500] "GET /BLA/resoluciones/Notificaciones/AUTOS%202020/1277.pdf HTTP/1.0" 200 313771
216.244.66.195 - - [01/Jan/2024:21:15:01 -0500] "GET /BLA/resoluciones/AUTOS%202019/4473.pdf HTTP/1.1" 200 277886
156.59.198.135 - - [01/Jan/2024:21:15:06 -0500] "GET /BLA/resoluciones/Notificaciones/AUTOS%202020/2356.pdf HTTP/1.0" 200 337579
216.244.66.195 - - [01/Jan/2024:21:15:28 -0500] "GET /BLA/resoluciones/RESOLUCIONES%202018/0458.pdf HTTP/1.1" 200 251663
156.59.198.135 - - [01/Jan/2024:21:15:31 -0500] "GET /BLA/resoluciones/Notificaciones/AUTOS%202020/1789.pdf HTTP/1.0" 200 317462
201.245.192.253 - - [01/Jan/2024:21:15:35 -0500] "POST /kwsrmcab/Wsrmcab HTTP/1.1" 200 36868
201.245.192.253 - - [01/Jan/2024:21:15:39 -0500] "POST /kwsrmcab/Wsrmcab HTTP/1.1" 200 37037
216.244.66.195 - - [01/Jan/2024:21:15:47 -0500] "GET /BLA/resoluciones/RESOLUCIONES%202018/0692.pdf HTTP/1.1" 200 249165
216.245.221.92 - - [01/Jan/2024:21:15:53 -0500] "HEAD / HTTP/1.1" 200 -
156.59.198.136 - - [01/Jan/2024:21:15:54 -0500] "GET /BLA/resoluciones/Notificaciones/AUTOS%202020/3035.pdf HTTP/1.0" 200 297921
216.244.66.195 - - [01/Jan/2024:21:16:09 -0500] "GET /BLA/resoluciones/RESOLUCIONES%202018/2926.pdf HTTP/1.1" 200 364214
156.59.198.135 - - [01/Jan/2024:21:16:18 -0500] "GET /BLA/resoluciones/Notificaciones/AUTOS%202020/1223.pdf HTTP/1.0" 200 1051525
216.244.66.195 - - [01/Jan/2024:21:16:27 -0500] "GET /BLA/resoluciones/RESOLUCIONES%202018/4252.pdf HTTP/1.1" 200 309654
156.59.198.136 - - [01/Jan/2024:21:16:42 -0500] "GET /BLA/resoluciones/Notificaciones/AUTOS%202020/0860.pdf HTTP/1.0" 200 278883
216.244.66.195 - - [01/Jan/2024:21:16:44 -0500] "GET /BLA/resoluciones/index.php?dir=AUTOS%202022/&sort=name&order=desc HTTP/1.1" 200 509603
156.59.198.135 - - [01/Jan/2024:21:17:07 -0500] "GET /BLA/resoluciones/Notificaciones/AUTOS%202020/4699.pdf HTTP/1.0" 200 328339
156.59.198.136 - - [01/Jan/2024:21:17:31 -0500] "GET /BLA/resoluciones/Notificaciones/AUTOS%202020/1230.pdf HTTP/1.0" 200 884181
207.46.13.154 - - [01/Jan/2024:21:17:36 -0500] "GET /BLA/resoluciones/AUTOS%202023/5809.pdf HTTP/1.1" 200 391463
190.26.21.129 - - [01/Jan/2024:21:17:57 -0500] "GET /appsia/controlador HTTP/1.1" 200 4799
156.59.198.135 - - [01/Jan/2024:21:17:57 -0500] "GET /BLA/resoluciones/Notificaciones/AUTOS%202020/4956.pdf HTTP/1.0" 200 646125
190.26.21.129 - - [01/Jan/2024:21:17:57 -0500] "GET /appsia/css/estilos.css HTTP/1.1" 200 4804
190.26.21.129 - - [01/Jan/2024:21:17:57 -0500] "GET /appsia/scripts/validarIngreso.js HTTP/1.1" 200 851
190.26.21.129 - - [01/Jan/2024:21:17:57 -0500] "GET /appsia/images/cabezoteHojaVida.png HTTP/1.1" 200 32493
190.26.21.129 - - [01/Jan/2024:21:17:57 -0500] "GET /appsia/images/logo_bogota_p.png HTTP/1.1" 200 14951
190.26.21.129 - - [01/Jan/2024:21:17:58 -0500] "GET /favicon.ico HTTP/1.1" 200 7782
190.26.21.129 - - [01/Jan/2024:21:18:05 -0500] "POST /appsia/controlador HTTP/1.1" 200 4621
190.26.21.129 - - [01/Jan/2024:21:18:07 -0500] "POST /appsia/controlador HTTP/1.1" 200 7733
190.26.21.129 - - [01/Jan/2024:21:18:07 -0500] "GET /appsia/images/logo_escudo.png HTTP/1.1" 200 36965
156.59.198.136 - - [01/Jan/2024:21:18:21 -0500] "GET /BLA/resoluciones/Notificaciones/AUTOS%202020/3474.pdf HTTP/1.0" 200 368635
138.2.41.172 - - [01/Jan/2024:21:18:43 -0500] "GET /repeater.php HTTP/1.1" 404 1049
156.59.198.136 - - [01/Jan/2024:21:18:46 -0500] "GET /BLA/resoluciones/Notificaciones/AUTOS%202020/4704.pdf HTTP/1.0" 200 391230
138.2.41.172 - - [01/Jan/2024:21:18:51 -0500] "GET /admin.php HTTP/1.1" 404 1049
201.245.192.253 - - [01/Jan/2024:21:18:54 -0500] "POST /kwsrmcab/Wsrmcab  HTTP/1.1" 200 36178
138.2.41.172 - - [01/Jan/2024:21:18:58 -0500] "GET /wp-admin/css/colors/coffee/index.php HTTP/1.1" 404 1049
138.2.41.172 - - [01/Jan/2024:21:19:06 -0500] "GET /wp-admin/ngetes.php HTTP/1.1" 404 1049
156.59.198.136 - - [01/Jan/2024:21:19:10 -0500] "GET /BLA/resoluciones/Notificaciones/AUTOS%202020/04211.pdf HTTP/1.0" 200 350083
172.22.2.4 - - [01/Jan/2024:21:17:37 -0500] "HEAD /BLA/boletinlegal/ HTTP/1.1" 200 -
156.59.198.135 - - [01/Jan/2024:21:19:35 -0500] "GET /BLA/resoluciones/Notificaciones/AUTOS%202020/3236.pdf HTTP/1.0" 200 338230
69.164.217.245 - - [01/Jan/2024:21:19:42 -0500] "GET / HTTP/1.1" 200 319
201.245.192.253 - - [01/Jan/2024:21:19:42 -0500] "POST /kwsrmcab/Wsrmcab HTTP/1.1" 200 36868
207.46.13.154 - - [01/Jan/2024:21:19:46 -0500] "GET /BLA/resoluciones/AUTOS%202023/04964.pdf HTTP/1.1" 200 350627
201.245.192.253 - - [01/Jan/2024:21:19:46 -0500] "POST /kwsrmcab/Wsrmcab HTTP/1.1" 200 37037
156.59.198.136 - - [01/Jan/2024:21:19:58 -0500] "GET /BLA/resoluciones/Notificaciones/AUTOS%202020/1415.pdf HTTP/1.0" 200 310656
172.22.2.4 - - [01/Jan/2024:21:18:27 -0500] "GET /BLA/boletinlegal/ HTTP/1.1" 200 58567
156.59.198.136 - - [01/Jan/2024:21:20:23 -0500] "GET /BLA/resoluciones/Notificaciones/AUTOS%202020/1498.pdf HTTP/1.0" 200 311692
156.59.198.136 - - [01/Jan/2024:21:20:47 -0500] "GET /BLA/resoluciones/Notificaciones/AUTOS%202020/3449.pdf HTTP/1.0" 200 331710
216.245.221.92 - - [01/Jan/2024:21:20:53 -0500] "HEAD / HTTP/1.1" 200 -
156.59.198.136 - - [01/Jan/2024:21:21:12 -0500] "GET /BLA/resoluciones/Notificaciones/AUTOS%202020/4503.pdf HTTP/1.0" 200 370334
47.128.55.164 - - [01/Jan/2024:21:21:37 -0500] "GET /BLA/resoluciones/index.php?dir=RESOLUCIONES%202007%2FRES%202007%204101%20AL%204200%2F&order=asc&sort=name HTTP/1.1" 200 26886
47.128.55.164 - - [01/Jan/2024:21:21:37 -0500] "GET /BLA/resoluciones/dlf/pdf.gif HTTP/1.1" 200 272
47.128.55.164 - - [01/Jan/2024:21:21:37 -0500] "GET /BLA/resoluciones/dlf/dirup.png HTTP/1.1" 200 644
40.77.167.247 - - [01/Jan/2024:21:21:53 -0500] "GET /BLA/resoluciones/AUTOS%202023/05566.pdf HTTP/1.1" 200 2658429
47.128.122.92 - - [01/Jan/2024:21:22:17 -0500] "GET /BLA/resoluciones/dlf/dirup.png HTTP/1.1" 200 644
47.128.122.92 - - [01/Jan/2024:21:22:17 -0500] "GET /BLA/resoluciones/dlf/unknown.png HTTP/1.1" 200 266
47.128.122.92 - - [01/Jan/2024:21:22:16 -0500] "GET /BLA/resoluciones/index.php?dir=RESOLUCIONES%202006%2FRES%202006%201751-1800%2F&order=asc&sort=date HTTP/1.1" 200 12368
47.128.40.56 - - [01/Jan/2024:21:22:26 -0500] "GET /BLA/resoluciones/dlf/dirup.png HTTP/1.1" 200 644
47.128.40.56 - - [01/Jan/2024:21:22:26 -0500] "GET /BLA/resoluciones/dlf/pdf.gif HTTP/1.1" 200 272
47.128.40.56 - - [01/Jan/2024:21:22:25 -0500] "GET /BLA/resoluciones/index.php?dir=RESOLUCIONES%202012%2F&order=asc&sort=name HTTP/1.1" 200 140066
47.128.18.191 - - [01/Jan/2024:21:22:49 -0500] "GET /BLA/resoluciones/index.php?dir=Acuerdos%2F&order=desc&sort=name HTTP/1.1" 200 3395
47.128.18.191 - - [01/Jan/2024:21:22:49 -0500] "GET /BLA/resoluciones/dlf/pdf.gif HTTP/1.1" 200 272
47.128.18.191 - - [01/Jan/2024:21:22:49 -0500] "GET /BLA/resoluciones/dlf/dirup.png HTTP/1.1" 200 644
156.59.198.135 - - [01/Jan/2024:21:23:12 -0500] "GET /BLA/resoluciones/Notificaciones/AUTOS%202020/1892.pdf HTTP/1.0" 200 314305
172.22.2.4 - - [01/Jan/2024:21:21:34 -0500] "GET /BLA/boletinlegal/ HTTP/1.1" 200 62422
156.59.198.136 - - [01/Jan/2024:21:23:37 -0500] "GET /BLA/resoluciones/Notificaciones/AUTOS%202020/2354.pdf HTTP/1.0" 200 332334
201.245.192.253 - - [01/Jan/2024:21:23:52 -0500] "POST /kwsrmcab/Wsrmcab  HTTP/1.1" 200 36178
156.59.198.135 - - [01/Jan/2024:21:24:01 -0500] "GET /BLA/resoluciones/Notificaciones/AUTOS%202020/4113.pdf HTTP/1.0" 200 363498
156.59.198.135 - - [01/Jan/2024:21:24:25 -0500] "GET /BLA/resoluciones/Notificaciones/AUTOS%202020/3834.pdf HTTP/1.0" 200 350072
47.128.98.43 - - [01/Jan/2024:21:24:49 -0500] "GET /BLA/resoluciones/index.php?dir=RESOLUCIONES%202005%2FRES%202005%202351-2400%2F&order=desc&sort=date HTTP/1.1" 200 12365
47.128.98.43 - - [01/Jan/2024:21:24:50 -0500] "GET /BLA/resoluciones/dlf/dirup.png HTTP/1.1" 200 644
47.128.98.43 - - [01/Jan/2024:21:24:50 -0500] "GET /BLA/resoluciones/dlf/unknown.png HTTP/1.1" 200 266
172.22.2.4 - - [01/Jan/2024:21:23:27 -0500] "HEAD /BLA/boletinlegal/ HTTP/1.1" 200 -
201.245.192.253 - - [01/Jan/2024:21:25:36 -0500] "POST /kwsrmcab/Wsrmcab HTTP/1.1" 200 36868
201.245.192.253 - - [01/Jan/2024:21:25:38 -0500] "POST /kwsrmcab/Wsrmcab HTTP/1.1" 200 37037
216.245.221.92 - - [01/Jan/2024:21:25:53 -0500] "HEAD / HTTP/1.1" 200 -
172.22.2.4 - - [01/Jan/2024:21:24:17 -0500] "GET /BLA/boletinlegal/ HTTP/1.1" 200 58172
52.167.144.235 - - [01/Jan/2024:21:27:50 -0500] "GET /planes-proyectos-y-estrategias-para-mejorar-la-calidad-del-aire-de-bogota.html HTTP/1.1" 200 757
40.77.167.52 - - [01/Jan/2024:21:28:53 -0500] "GET /BLA/resoluciones/AUTOS%202023/07751.pdf HTTP/1.1" 200 8207607
201.245.192.253 - - [01/Jan/2024:21:28:52 -0500] "POST /kwsrmcab/Wsrmcab  HTTP/1.1" 200 36178
156.59.198.135 - - [01/Jan/2024:21:29:01 -0500] "GET /BLA/resoluciones/Notificaciones/AUTOS%202013/3405.doc HTTP/1.0" 200 254464
156.59.198.136 - - [01/Jan/2024:21:29:25 -0500] "GET /BLA/resoluciones/Notificaciones/AUTOS%202013/1744.doc HTTP/1.0" 200 322048
201.245.192.253 - - [01/Jan/2024:21:29:42 -0500] "POST /kwsrmcab/Wsrmcab HTTP/1.1" 200 36868
201.245.192.253 - - [01/Jan/2024:21:29:47 -0500] "POST /kwsrmcab/Wsrmcab HTTP/1.1" 200 37037
156.59.198.135 - - [01/Jan/2024:21:29:49 -0500] "GET /BLA/resoluciones/Notificaciones/AUTOS%202013/3396.doc HTTP/1.0" 200 229376
156.59.198.135 - - [01/Jan/2024:21:30:14 -0500] "GET /BLA/resoluciones/Notificaciones/AUTOS%202013/3380.doc HTTP/1.0" 200 289792
156.59.198.136 - - [01/Jan/2024:21:30:39 -0500] "GET /BLA/resoluciones/Notificaciones/AUTOS%202013/3674.doc HTTP/1.0" 200 226816
216.245.221.92 - - [01/Jan/2024:21:30:53 -0500] "HEAD / HTTP/1.1" 200 -
172.22.2.4 - - [01/Jan/2024:21:29:16 -0500] "HEAD /BLA/boletinlegal/ HTTP/1.1" 200 -
156.59.198.136 - - [01/Jan/2024:21:31:04 -0500] "GET /BLA/resoluciones/Notificaciones/AUTOS%202013/2451.doc HTTP/1.0" 200 237568
156.59.198.135 - - [01/Jan/2024:21:31:27 -0500] "GET /BLA/resoluciones/Notificaciones/AUTOS%202013/3353.doc HTTP/1.0" 200 247808
172.22.2.4 - - [01/Jan/2024:21:30:07 -0500] "GET /BLA/boletinlegal/ HTTP/1.1" 200 58172
156.59.198.136 - - [01/Jan/2024:21:31:52 -0500] "GET /BLA/resoluciones/Notificaciones/AUTOS%202013/3530.doc HTTP/1.0" 200 231936
156.59.198.136 - - [01/Jan/2024:21:32:16 -0500] "GET /BLA/resoluciones/Notificaciones/AUTOS%202013/3522.doc HTTP/1.0" 200 227840
156.59.198.135 - - [01/Jan/2024:21:32:41 -0500] "GET /BLA/resoluciones/Notificaciones/AUTOS%202013/3326.doc HTTP/1.0" 200 242688
172.22.2.4 - - [01/Jan/2024:21:31:18 -0500] "GET /BLA/boletinlegal/ HTTP/1.1" 200 60046
156.59.198.135 - - [01/Jan/2024:21:33:07 -0500] "GET /BLA/resoluciones/Notificaciones/AUTOS%202013/3409.doc HTTP/1.0" 200 227840
156.59.198.136 - - [01/Jan/2024:21:33:31 -0500] "GET /BLA/resoluciones/Notificaciones/AUTOS%202013/2227.doc HTTP/1.0" 200 259584
201.245.192.253 - - [01/Jan/2024:21:33:51 -0500] "POST /kwsrmcab/Wsrmcab  HTTP/1.1" 200 36178
156.59.198.135 - - [01/Jan/2024:21:33:55 -0500] "GET /BLA/resoluciones/Notificaciones/AUTOS%202013/1908.doc HTTP/1.0" 200 252416
207.46.13.154 - - [01/Jan/2024:21:33:57 -0500] "GET /BLA/resoluciones/AUTOS%202021/0497.pdf HTTP/1.1" 304 -
156.59.198.136 - - [01/Jan/2024:21:34:19 -0500] "GET /BLA/resoluciones/Notificaciones/AUTOS%202013/2549.doc HTTP/1.0" 200 843264
156.59.198.135 - - [01/Jan/2024:21:34:43 -0500] "GET /BLA/resoluciones/Notificaciones/AUTOS%202013/3543.pdf HTTP/1.0" 200 227840
156.59.198.136 - - [01/Jan/2024:21:35:07 -0500] "GET /BLA/resoluciones/Notificaciones/AUTOS%202013/3401.doc HTTP/1.0" 200 253440
172.22.2.4 - - [01/Jan/2024:21:33:32 -0500] "GET /BLA/boletinlegal/ HTTP/1.1" 200 62422
156.59.198.136 - - [01/Jan/2024:21:35:31 -0500] "GET /BLA/resoluciones/Notificaciones/AUTOS%202013/3029.doc HTTP/1.0" 200 409088
201.245.192.253 - - [01/Jan/2024:21:35:35 -0500] "POST /kwsrmcab/Wsrmcab HTTP/1.1" 200 36868
201.245.192.253 - - [01/Jan/2024:21:35:37 -0500] "POST /kwsrmcab/Wsrmcab HTTP/1.1" 200 37037
216.245.221.92 - - [01/Jan/2024:21:35:53 -0500] "HEAD / HTTP/1.1" 200 -
156.59.198.136 - - [01/Jan/2024:21:35:55 -0500] "GET /BLA/resoluciones/Notificaciones/AUTOS%202013/3219.doc HTTP/1.0" 200 854016
156.59.198.136 - - [01/Jan/2024:21:36:21 -0500] "GET /BLA/resoluciones/Notificaciones/AUTOS%202013/3346.doc HTTP/1.0" 200 265728
156.59.198.136 - - [01/Jan/2024:21:36:44 -0500] "GET /BLA/resoluciones/Notificaciones/AUTOS%202013/3712.doc HTTP/1.0" 200 310784
172.22.2.4 - - [01/Jan/2024:21:35:06 -0500] "HEAD /BLA/boletinlegal/ HTTP/1.1" 200 -
156.59.198.136 - - [01/Jan/2024:21:37:08 -0500] "GET /BLA/resoluciones/Notificaciones/AUTOS%202013/3198.doc HTTP/1.0" 200 295936
156.59.198.136 - - [01/Jan/2024:21:37:33 -0500] "GET /BLA/resoluciones/Notificaciones/AUTOS%202013/3249.doc HTTP/1.0" 200 226816
172.22.2.4 - - [01/Jan/2024:21:35:57 -0500] "GET /BLA/boletinlegal/ HTTP/1.1" 200 58567
172.22.2.4 - - [01/Jan/2024:21:37:38 -0500] "GET /BLA/boletinlegal/Circulares/2019/.pdf HTTP/1.1" 404 1218
172.22.2.4 - - [01/Jan/2024:21:37:49 -0500] "GET /BLA/boletinlegal/Circulares/2012/Circular%20No.%2010%20del%2026%20de%20Enero%20de%202012.pdf HTTP/1.1" 404 1218
156.59.198.135 - - [01/Jan/2024:21:37:58 -0500] "GET /BLA/resoluciones/Notificaciones/AUTOS%202013/03280.pdf HTTP/1.0" 200 338252
156.59.198.135 - - [01/Jan/2024:21:38:23 -0500] "GET /BLA/resoluciones/Notificaciones/AUTOS%202013/2450.doc HTTP/1.0" 200 227328
69.63.189.116 - - [01/Jan/2024:21:38:29 -0500] "GET /images/terrazas%20verdes.jpg HTTP/1.1" 200 63951
69.63.189.10 - - [01/Jan/2024:21:38:29 -0500] "GET /images/Aves%20SDA.jpeg HTTP/1.1" 200 75104
69.63.189.4 - - [01/Jan/2024:21:38:29 -0500] "GET /images/arbol%20centro.jpg HTTP/1.1" 200 69467
69.63.189.118 - - [01/Jan/2024:21:38:32 -0500] "GET /images/participacion%2019-12-23.jpg HTTP/1.1" 200 73861
69.63.189.1 - - [01/Jan/2024:21:38:32 -0500] "GET /images/agua%20bogota.jpg HTTP/1.1" 200 74348
69.63.189.117 - - [01/Jan/2024:21:38:32 -0500] "GET /images/reconocimiento%20practicas%20ambientales.jpg HTTP/1.1" 200 63397
69.63.189.119 - - [01/Jan/2024:21:38:32 -0500] "GET /images/Musgo%2017%20-%2012%20-%202023.jpeg HTTP/1.1" 200 66238
69.63.189.10 - - [01/Jan/2024:21:38:32 -0500] "GET /images/PREAD%20SDA%201.jpeg HTTP/1.1" 200 65620
69.63.189.1 - - [01/Jan/2024:21:38:34 -0500] "GET /images/calidad-aire.jpg HTTP/1.1" 200 42421
52.167.144.222 - - [01/Jan/2024:21:38:35 -0500] "GET /Publicaciones/2023EE312661.pdf HTTP/1.1" 200 451181
156.59.198.135 - - [01/Jan/2024:21:38:47 -0500] "GET /BLA/resoluciones/Notificaciones/AUTOS%202013/2679.doc HTTP/1.0" 200 247808
201.245.192.253 - - [01/Jan/2024:21:38:48 -0500] "POST /kwsrmcab/Wsrmcab  HTTP/1.1" 200 36178
172.22.2.4 - - [01/Jan/2024:21:39:11 -0500] "GET /BLA/boletinlegal/Circulares/2023/CIRCULAR%20No.%2000006%20DEL%2013%20DE%20JULIO%20DEL%202023.pdf HTTP/1.1" 200 375301
156.59.198.135 - - [01/Jan/2024:21:39:12 -0500] "GET /BLA/resoluciones/Notificaciones/AUTOS%202013/3195.doc HTTP/1.0" 200 288256
156.59.198.135 - - [01/Jan/2024:21:39:36 -0500] "GET /BLA/resoluciones/Notificaciones/AUTOS%202013/2310.doc HTTP/1.0" 200 275968
201.245.192.253 - - [01/Jan/2024:21:39:42 -0500] "POST /kwsrmcab/Wsrmcab HTTP/1.1" 200 36868
201.245.192.253 - - [01/Jan/2024:21:39:46 -0500] "POST /kwsrmcab/Wsrmcab HTTP/1.1" 200 37037
156.59.198.136 - - [01/Jan/2024:21:40:00 -0500] "GET /BLA/resoluciones/Notificaciones/AUTOS%202013/3279.doc HTTP/1.0" 200 228352
156.59.198.136 - - [01/Jan/2024:21:40:25 -0500] "GET /BLA/resoluciones/Notificaciones/AUTOS%202013/02091.doc HTTP/1.0" 200 226816
216.244.66.195 - - [01/Jan/2024:21:40:47 -0500] "GET /robots.txt HTTP/1.1" 404 1018
156.59.198.135 - - [01/Jan/2024:21:40:48 -0500] "GET /BLA/resoluciones/Notificaciones/AUTOS%202013/3563.doc HTTP/1.0" 200 253952
216.245.221.92 - - [01/Jan/2024:21:40:53 -0500] "HEAD / HTTP/1.1" 200 -
156.59.198.135 - - [01/Jan/2024:21:41:13 -0500] "GET /BLA/resoluciones/Notificaciones/AUTOS%202013/2562.doc HTTP/1.0" 200 226816
156.59.198.136 - - [01/Jan/2024:21:41:37 -0500] "GET /BLA/resoluciones/Notificaciones/AUTOS%202013/3422.doc HTTP/1.0" 200 230400
173.252.107.7 - - [01/Jan/2024:21:41:52 -0500] "GET /oso-melero-recuperado-en-bogota-fue-liberado-exitosamente-en-el-meta.html HTTP/1.1" 200 948
156.59.198.136 - - [01/Jan/2024:21:42:01 -0500] "GET /BLA/resoluciones/Notificaciones/AUTOS%202013/2455.doc HTTP/1.0" 200 227328
156.59.198.135 - - [01/Jan/2024:21:42:26 -0500] "GET /BLA/resoluciones/Notificaciones/AUTOS%202013/3185.doc HTTP/1.0" 200 282624
172.22.2.4 - - [01/Jan/2024:21:40:56 -0500] "HEAD /BLA/boletinlegal/ HTTP/1.1" 200 -
156.59.198.135 - - [01/Jan/2024:21:42:50 -0500] "GET /BLA/resoluciones/Notificaciones/AUTOS%202013/3473.doc HTTP/1.0" 200 254464
156.59.198.135 - - [01/Jan/2024:21:43:14 -0500] "GET /BLA/resoluciones/Notificaciones/AUTOS%202013/1580.doc HTTP/1.0" 200 238592
172.22.2.4 - - [01/Jan/2024:21:41:47 -0500] "GET /BLA/boletinlegal/ HTTP/1.1" 200 58567
207.46.13.130 - - [01/Jan/2024:21:43:29 -0500] "GET /Publicaciones/2023EE300348.pdf HTTP/1.1" 200 376442
156.59.198.136 - - [01/Jan/2024:21:43:38 -0500] "GET /BLA/resoluciones/Notificaciones/AUTOS%202013/1824.doc HTTP/1.0" 200 265728
201.245.192.253 - - [01/Jan/2024:21:43:47 -0500] "POST /kwsrmcab/Wsrmcab  HTTP/1.1" 200 36178
156.59.198.135 - - [01/Jan/2024:21:44:03 -0500] "GET /BLA/resoluciones/Notificaciones/AUTOS%202013/2448.doc HTTP/1.0" 200 226304
156.59.198.135 - - [01/Jan/2024:21:44:28 -0500] "GET /BLA/resoluciones/Notificaciones/AUTOS%202013/3174.doc HTTP/1.0" 200 880640
207.46.13.130 - - [01/Jan/2024:21:44:39 -0500] "GET /BLA/resoluciones/AUTOS%202023/5901.pdf HTTP/1.1" 200 910503
156.59.198.135 - - [01/Jan/2024:21:44:53 -0500] "GET /BLA/resoluciones/Notificaciones/AUTOS%202013/3419.doc HTTP/1.0" 200 227840
156.59.198.135 - - [01/Jan/2024:21:45:18 -0500] "GET /BLA/resoluciones/Notificaciones/AUTOS%202013/3213.doc HTTP/1.0" 200 232448
156.59.198.136 - - [01/Jan/2024:21:45:41 -0500] "GET /BLA/resoluciones/Notificaciones/AUTOS%202013/2105.doc HTTP/1.0" 200 258048
216.245.221.92 - - [01/Jan/2024:21:45:53 -0500] "HEAD / HTTP/1.1" 200 -
156.59.198.136 - - [01/Jan/2024:21:46:05 -0500] "GET /BLA/resoluciones/Notificaciones/AUTOS%202013/3175.doc HTTP/1.0" 200 904704
156.59.198.135 - - [01/Jan/2024:21:46:29 -0500] "GET /BLA/resoluciones/Notificaciones/AUTOS%202013/3543.doc HTTP/1.0" 200 227840
39.109.86.6 - - [01/Jan/2024:21:46:51 -0500] "GET /galeria/galeria/fotos/Entrenube4P.jpg HTTP/1.1" 200 10881
156.59.198.135 - - [01/Jan/2024:21:46:53 -0500] "GET /BLA/resoluciones/Notificaciones/AUTOS%202013/2074.doc HTTP/1.0" 200 237056
156.59.198.136 - - [01/Jan/2024:21:47:18 -0500] "GET /BLA/resoluciones/Notificaciones/AUTOS%202013/3369.doc HTTP/1.0" 200 411136
156.59.198.135 - - [01/Jan/2024:21:47:42 -0500] "GET /BLA/resoluciones/Notificaciones/AUTOS%202013/3328.doc HTTP/1.0" 200 237056
156.59.198.135 - - [01/Jan/2024:21:48:07 -0500] "GET /BLA/resoluciones/Notificaciones/AUTOS%202013/3389.doc HTTP/1.0" 200 227840
172.22.2.4 - - [01/Jan/2024:21:46:46 -0500] "HEAD /BLA/boletinlegal/ HTTP/1.1" 200 -
156.59.198.136 - - [01/Jan/2024:21:48:30 -0500] "GET /BLA/resoluciones/Notificaciones/AUTOS%202013/3056.doc HTTP/1.0" 200 229376
201.245.192.253 - - [01/Jan/2024:21:48:45 -0500] "POST /kwsrmcab/Wsrmcab  HTTP/1.1" 200 36178
156.59.198.135 - - [01/Jan/2024:21:48:55 -0500] "GET /BLA/resoluciones/Notificaciones/AUTOS%202013/3694.doc HTTP/1.0" 200 302080
85.208.96.207 - - [01/Jan/2024:21:49:15 -0500] "GET /robots.txt HTTP/1.1" 404 1034
185.191.171.6 - - [01/Jan/2024:21:49:16 -0500] "GET /participa-en-la-cuarta-convocatoria-de-sembradoras-por-la-reactivaccion.html HTTP/1.1" 200 757
172.22.2.4 - - [01/Jan/2024:21:47:37 -0500] "GET /BLA/boletinlegal/ HTTP/1.1" 200 58567
156.59.198.135 - - [01/Jan/2024:21:49:19 -0500] "GET /BLA/resoluciones/Notificaciones/AUTOS%202013/0615.doc HTTP/1.0" 200 239616
156.59.198.135 - - [01/Jan/2024:21:49:44 -0500] "GET /BLA/resoluciones/Notificaciones/AUTOS%202013/3421.doc HTTP/1.0" 200 227328
156.59.198.135 - - [01/Jan/2024:21:50:08 -0500] "GET /BLA/resoluciones/Notificaciones/AUTOS%202013/3357.doc HTTP/1.0" 200 273408
200.118.16.118 - - [01/Jan/2024:21:50:25 -0500] "GET /feria-de-emprendimiento-mujeres-que-reverdecen-expusieron-sus-proyectos.html HTTP/1.1" 200 889
156.59.198.135 - - [01/Jan/2024:21:50:33 -0500] "GET /BLA/resoluciones/Notificaciones/AUTOS%202013/1806.doc HTTP/1.0" 200 258048
216.245.221.92 - - [01/Jan/2024:21:50:53 -0500] "HEAD / HTTP/1.1" 200 -
156.59.198.135 - - [01/Jan/2024:21:50:58 -0500] "GET /BLA/resoluciones/Notificaciones/AUTOS%202013/3323.doc HTTP/1.0" 200 232448
156.59.198.136 - - [01/Jan/2024:21:51:22 -0500] "GET /BLA/resoluciones/Notificaciones/AUTOS%202013/2651.doc HTTP/1.0" 200 226816
156.59.198.135 - - [01/Jan/2024:21:51:46 -0500] "GET /BLA/resoluciones/Notificaciones/AUTOS%202013/2620.doc HTTP/1.0" 200 288768
156.59.198.136 - - [01/Jan/2024:21:52:11 -0500] "GET /BLA/resoluciones/Notificaciones/AUTOS%202013/3714.doc HTTP/1.0" 200 312320
156.59.198.135 - - [01/Jan/2024:21:52:35 -0500] "GET /BLA/resoluciones/Notificaciones/AUTOS%202013/2563.doc HTTP/1.0" 200 227328
156.59.198.136 - - [01/Jan/2024:21:52:59 -0500] "GET /BLA/resoluciones/Notificaciones/AUTOS%202013/3688.doc HTTP/1.0" 200 260608
156.59.198.135 - - [01/Jan/2024:21:53:23 -0500] "GET /BLA/resoluciones/Notificaciones/AUTOS%202013/3418.doc HTTP/1.0" 200 227840
201.245.192.253 - - [01/Jan/2024:21:53:45 -0500] "POST /kwsrmcab/Wsrmcab  HTTP/1.1" 200 36178
156.59.198.136 - - [01/Jan/2024:21:53:48 -0500] "GET /BLA/resoluciones/Notificaciones/AUTOS%202013/2739.doc HTTP/1.0" 200 256512
156.59.198.135 - - [01/Jan/2024:21:54:12 -0500] "GET /BLA/resoluciones/Notificaciones/AUTOS%202013/1709.doc HTTP/1.0" 200 225280
172.22.2.4 - - [01/Jan/2024:21:52:36 -0500] "HEAD /BLA/boletinlegal/ HTTP/1.1" 200 -
156.59.198.135 - - [01/Jan/2024:21:54:36 -0500] "GET /BLA/resoluciones/Notificaciones/AUTOS%202013/2666.doc HTTP/1.0" 200 855040
156.59.198.135 - - [01/Jan/2024:21:55:00 -0500] "GET /BLA/resoluciones/Notificaciones/AUTOS%202013/3263.doc HTTP/1.0" 200 270848
172.22.2.4 - - [01/Jan/2024:21:53:27 -0500] "GET /BLA/boletinlegal/ HTTP/1.1" 200 58172
156.59.198.135 - - [01/Jan/2024:21:55:24 -0500] "GET /BLA/resoluciones/Notificaciones/AUTOS%202013/1771.doc HTTP/1.0" 200 264704
52.167.144.171 - - [01/Jan/2024:21:55:37 -0500] "GET /BLA/resoluciones/RESOLUCIONES%202023/0652.pdf HTTP/1.1" 200 487078
156.59.198.135 - - [01/Jan/2024:21:55:48 -0500] "GET /BLA/resoluciones/Notificaciones/AUTOS%202013/1455.doc HTTP/1.0" 200 256000
216.245.221.92 - - [01/Jan/2024:21:55:53 -0500] "HEAD / HTTP/1.1" 200 -
156.59.198.135 - - [01/Jan/2024:21:56:13 -0500] "GET /BLA/resoluciones/Notificaciones/AUTOS%202013/1530.pdf HTTP/1.0" 200 135219
156.59.198.136 - - [01/Jan/2024:21:56:37 -0500] "GET /BLA/resoluciones/Notificaciones/AUTOS%202013/3317.doc HTTP/1.0" 200 231936
156.59.198.135 - - [01/Jan/2024:21:57:02 -0500] "GET /BLA/resoluciones/Notificaciones/AUTOS%202013/3737.doc HTTP/1.0" 200 381952
156.59.198.136 - - [01/Jan/2024:21:57:26 -0500] "GET /BLA/resoluciones/Notificaciones/AUTOS%202013/2545.doc HTTP/1.0" 200 260608
156.59.198.135 - - [01/Jan/2024:21:57:51 -0500] "GET /BLA/resoluciones/Notificaciones/AUTOS%202013/3733.doc HTTP/1.0" 200 412160
156.59.198.135 - - [01/Jan/2024:21:58:16 -0500] "GET /BLA/resoluciones/Notificaciones/AUTOS%202013/2911.doc HTTP/1.0" 200 228864
156.59.198.135 - - [01/Jan/2024:21:58:40 -0500] "GET /BLA/resoluciones/Notificaciones/AUTOS%202013/3667.doc HTTP/1.0" 200 294912
201.245.192.253 - - [01/Jan/2024:21:58:44 -0500] "POST /kwsrmcab/Wsrmcab  HTTP/1.1" 200 36178
156.59.198.135 - - [01/Jan/2024:21:59:04 -0500] "GET /BLA/resoluciones/Notificaciones/AUTOS%202013/2814.doc HTTP/1.0" 200 227840
156.59.198.135 - - [01/Jan/2024:21:59:29 -0500] "GET /BLA/resoluciones/Notificaciones/AUTOS%202013/2959.doc HTTP/1.0" 200 226304
216.244.66.195 - - [01/Jan/2024:21:59:38 -0500] "GET /BLA/resoluciones/RESOLUCIONES%202011/0763.pdf HTTP/1.1" 200 797204
156.59.198.135 - - [01/Jan/2024:21:59:53 -0500] "GET /BLA/resoluciones/Notificaciones/AUTOS%202013/2752.doc HTTP/1.0" 200 889344
172.22.2.4 - - [01/Jan/2024:21:58:27 -0500] "HEAD /BLA/boletinlegal/ HTTP/1.1" 200 -
156.59.198.135 - - [01/Jan/2024:22:00:16 -0500] "GET /BLA/resoluciones/Notificaciones/AUTOS%202013/2976.doc HTTP/1.0" 200 228352
216.244.66.195 - - [01/Jan/2024:22:00:20 -0500] "GET /BLA/resoluciones/RESOLUCIONES%202011/1224.pdf HTTP/1.1" 200 514750
156.59.198.136 - - [01/Jan/2024:22:00:41 -0500] "GET /BLA/resoluciones/Notificaciones/AUTOS%202013/2278.doc HTTP/1.0" 200 262656
216.244.66.195 - - [01/Jan/2024:22:00:50 -0500] "GET /BLA/resoluciones/RESOLUCIONES%202011/2288.pdf HTTP/1.1" 200 383922
216.245.221.92 - - [01/Jan/2024:22:00:53 -0500] "HEAD / HTTP/1.1" 200 -
172.22.2.4 - - [01/Jan/2024:21:59:17 -0500] "GET /BLA/boletinlegal/ HTTP/1.1" 200 60910
156.59.198.135 - - [01/Jan/2024:22:01:06 -0500] "GET /BLA/resoluciones/Notificaciones/AUTOS%202013/3173.doc HTTP/1.0" 200 958464
216.244.66.195 - - [01/Jan/2024:22:01:23 -0500] "GET /BLA/resoluciones/RESOLUCIONES%202018/0023.pdf HTTP/1.1" 200 266283
156.59.198.136 - - [01/Jan/2024:22:01:30 -0500] "GET /BLA/resoluciones/Notificaciones/AUTOS%202013/3538.doc HTTP/1.0" 200 228864
216.244.66.195 - - [01/Jan/2024:22:01:52 -0500] "GET /BLA/resoluciones/RESOLUCIONES%202018/0810.pdf HTTP/1.1" 200 247234
156.59.198.135 - - [01/Jan/2024:22:01:54 -0500] "GET /BLA/resoluciones/Notificaciones/AUTOS%202013/3535.doc HTTP/1.0" 200 231936
156.59.198.136 - - [01/Jan/2024:22:02:19 -0500] "GET /BLA/resoluciones/Notificaciones/AUTOS%202013/2687.doc HTTP/1.0" 200 228864
216.244.66.195 - - [01/Jan/2024:22:02:31 -0500] "GET /BLA/resoluciones/RESOLUCIONES%202018/0818.pdf HTTP/1.1" 200 406978
207.46.13.154 - - [01/Jan/2024:22:02:39 -0500] "GET /transparencia/New%20folder/8.%20EJECUCION%20RESERVAS%20AGOSTO%202020.pdf HTTP/1.1" 200 180109
156.59.198.135 - - [01/Jan/2024:22:02:43 -0500] "GET /BLA/resoluciones/Notificaciones/AUTOS%202013/3478.doc HTTP/1.0" 200 228352
216.244.66.195 - - [01/Jan/2024:22:03:03 -0500] "GET /BLA/resoluciones/RESOLUCIONES%202018/1384.pdf HTTP/1.1" 200 4708753
156.59.198.135 - - [01/Jan/2024:22:03:07 -0500] "GET /BLA/resoluciones/Notificaciones/AUTOS%202013/2069.doc HTTP/1.0" 200 858624
156.59.198.136 - - [01/Jan/2024:22:03:31 -0500] "GET /BLA/resoluciones/Notificaciones/AUTOS%202013/2645.doc HTTP/1.0" 200 226304
216.244.66.195 - - [01/Jan/2024:22:03:43 -0500] "GET /BLA/resoluciones/RESOLUCIONES%202018/1385.pdf HTTP/1.1" 200 560017
201.245.192.253 - - [01/Jan/2024:22:03:42 -0500] "POST /kwsrmcab/Wsrmcab  HTTP/1.1" 200 36178
156.59.198.135 - - [01/Jan/2024:22:03:56 -0500] "GET /BLA/resoluciones/Notificaciones/AUTOS%202013/2644.doc HTTP/1.0" 200 228864
