172.22.2.4 - - [11/Jan/2024:08:50:06 -0500] "GET /BLA/boletinlegal/consulta_normativa.php?tipo=Decreto&sector=flora&ano=2022&resuelve=gas HTTP/1.1" 200 454
201.245.192.253 - - [11/Jan/2024:08:50:04 -0500] "POST /kwsrmcab/Wsrmcab  HTTP/1.1" 200 36937
200.122.241.195 - - [11/Jan/2024:08:50:14 -0500] "POST /sipse/faces/presentacion/financiero/solicitudProyectoActividad/asociarFuentesSolicitud.xhtml HTTP/1.1" 200 65368
200.122.241.195 - - [11/Jan/2024:08:50:14 -0500] "GET /sipse/faces/javax.faces.resource/theme.css?ln=primefaces-sipse HTTP/1.1" 304 -
200.122.241.195 - - [11/Jan/2024:08:50:14 -0500] "GET /sipse/faces/javax.faces.resource/primefaces.css?ln=primefaces&v=4.0 HTTP/1.1" 304 -
200.122.241.195 - - [11/Jan/2024:08:50:14 -0500] "GET /sipse/faces/javax.faces.resource/layout/layout.css?ln=primefaces&v=4.0 HTTP/1.1" 304 -
200.122.241.195 - - [11/Jan/2024:08:50:15 -0500] "GET /sipse/faces/javax.faces.resource/jquery/jquery.js?ln=primefaces&v=4.0 HTTP/1.1" 304 -
200.122.241.195 - - [11/Jan/2024:08:50:15 -0500] "GET /sipse/faces/javax.faces.resource/jquery/jquery-plugins.js?ln=primefaces&v=4.0 HTTP/1.1" 304 -
200.122.241.195 - - [11/Jan/2024:08:50:15 -0500] "GET /sipse/faces/javax.faces.resource/primefaces.js?ln=primefaces&v=4.0 HTTP/1.1" 304 -
200.122.241.195 - - [11/Jan/2024:08:50:15 -0500] "GET /sipse/faces/javax.faces.resource/layout/layout.js?ln=primefaces&v=4.0 HTTP/1.1" 304 -
172.22.2.4 - - [11/Jan/2024:08:50:16 -0500] "GET /BLA/boletinlegal/consulta_normativa.php?tipo=Decreto&sector=hidrocarburos&ano=2022&resuelve=gas HTTP/1.1" 200 454
172.22.2.4 - - [11/Jan/2024:08:50:16 -0500] "GET /BLA/boletinlegal/consulta_normativa.php?tipo=Decreto&sector=hidrocarburos&ano=2022&resuelve=gas HTTP/1.1" 200 454
172.22.2.4 - - [11/Jan/2024:08:50:17 -0500] "GET /BLA/boletinlegal/consulta_normativa.php?tipo=Decreto&sector=hidrocarburos&ano=2022&resuelve=gas HTTP/1.1" 200 454
186.102.100.248 - - [11/Jan/2024:08:50:20 -0500] "GET /kwssiamovil/sm/ldap/au?x=U2FsdGVkX194qJw7PP8y505eZpND+4Djpn8xRcGcurbSboBIU9v18pq7KUzsFHN3&y=U2FsdGVkX19A8WIs2qLeYoO8twE5b57Jmv1aSCcW950= HTTP/1.1" 200 31
216.245.221.92 - - [11/Jan/2024:08:50:20 -0500] "HEAD / HTTP/1.1" 200 -
172.22.2.4 - - [11/Jan/2024:08:50:26 -0500] "GET /BLA/boletinlegal/consulta_normativa.php?tipo=Decreto&sector=humedales&ano=2022&resuelve=gas HTTP/1.1" 200 454
172.22.2.4 - - [11/Jan/2024:08:50:26 -0500] "GET /BLA/boletinlegal/consulta_normativa.php?tipo=Decreto&sector=humedales&ano=2022&resuelve=gas HTTP/1.1" 200 454
172.22.2.4 - - [11/Jan/2024:08:50:26 -0500] "GET /BLA/boletinlegal/consulta_normativa.php?tipo=Decreto&sector=humedales&ano=2022&resuelve=gas HTTP/1.1" 200 454
156.59.198.136 - - [11/Jan/2024:08:50:27 -0500] "GET /BLA/resoluciones/Notificaciones/AUTOS%202019/4272.pdf HTTP/1.0" 200 272291
200.122.241.195 - - [11/Jan/2024:08:50:24 -0500] "POST /sipse/faces/presentacion/financiero/solicitudProceso/crearModificarSolicitudProceso.xhtml HTTP/1.1" 200 44626
200.122.241.195 - - [11/Jan/2024:08:50:27 -0500] "GET /sipse/faces/javax.faces.resource/theme.css?ln=primefaces-sipse HTTP/1.1" 304 -
200.122.241.195 - - [11/Jan/2024:08:50:27 -0500] "GET /sipse/faces/javax.faces.resource/primefaces.css?ln=primefaces&v=4.0 HTTP/1.1" 304 -
200.122.241.195 - - [11/Jan/2024:08:50:27 -0500] "GET /sipse/faces/javax.faces.resource/layout/layout.css?ln=primefaces&v=4.0 HTTP/1.1" 304 -
200.122.241.195 - - [11/Jan/2024:08:50:27 -0500] "GET /sipse/faces/javax.faces.resource/jquery/jquery.js?ln=primefaces&v=4.0 HTTP/1.1" 304 -
200.122.241.195 - - [11/Jan/2024:08:50:27 -0500] "GET /sipse/faces/javax.faces.resource/jquery/jquery-plugins.js?ln=primefaces&v=4.0 HTTP/1.1" 304 -
200.122.241.195 - - [11/Jan/2024:08:50:27 -0500] "GET /sipse/faces/javax.faces.resource/primefaces.js?ln=primefaces&v=4.0 HTTP/1.1" 304 -
200.122.241.195 - - [11/Jan/2024:08:50:27 -0500] "GET /sipse/faces/javax.faces.resource/layout/layout.js?ln=primefaces&v=4.0 HTTP/1.1" 304 -
186.102.100.248 - - [11/Jan/2024:08:50:31 -0500] "GET /kwssiamovil/sm/ldap/au?x=U2FsdGVkX1950mVaqTSQvKqElVuZmJmpEZqcm0swdS4+50x3nDMCPIF5S19aCaIz&y=U2FsdGVkX1+hEmRYommqVwgZXWmMtWWXsFt/nvlnZAk= HTTP/1.1" 200 30
186.102.100.248 - - [11/Jan/2024:08:50:31 -0500] "GET /kwssiamovil/sm/acme/s?s=U2FsdGVkX1/hJOBi63k8nSX0eQCzOx9FjbYXt1vkS4Jqnw1/zkZdcnXnO66a/0cpVMG5uJw9LvMTDa7/bCX4298umfFSml5yc0in2dFtOfA=&u=U2FsdGVkX18qhz6Pvgow/kjgvGZNijujhLcJmYU4MnI=&y=U2FsdGVkX1+hEmRYommqVwgZXWmMtWWXsFt/nvlnZAk= HTTP/1.1" 200 70
186.102.100.248 - - [11/Jan/2024:08:50:31 -0500] "GET /kwssiamovil/sm/acme/s?s=U2FsdGVkX18tt3j0oJJZU/IeIfD6KlAZR9alRGNx9EYHdp/4x6+kYD7XJm8xU5UmJV6ByIULYiUIMIAigVtZEiT1D+XpbdVsgbO0YhjKeZ8Svk3XTE3HLB7g/CKnJsYaGAMbBMB2f8etHghjvdq0dR63e0j3vfyLATzZ69ZjS3P8vTMhVm7VGnYeWYYFVVyazLWeW4pA10VuKMWDgEsNEcmsYLGERJINicc/09kNHzW9Ivb/IbXALtuJ3QDvbufeuwVdoZnBoZf/yF0w6YJNjHxiBKkjA40XOsoDhqcvlbIwqd2B3/8BxmEOzIgTIQzMZypqw9Cyw/6Du+hH/Z6TPBtv+H42YqtAUdX22j5vWT3D/QXjyarR7KAcvtmknU+Wgztqh/f/DsdlgLDLIKMsCivzcNFVbm5kroRiWxtQ6cW7OxckJfJoRRN7VfPKEA50mNAj3CutNA7VJaYDdD1ockKsUhBBrtOe6A8VUGHXoE1eXxvlg4oNJ/szHbloAACvNkSVSI0SqY3S2FJW4ivW5BIBpr69O+YTYrteBWbtJ252L5qB+1ur8bsajKKD7GnLAvOmRhnTCR0hovj3UgrBYCfGkK97+7a8tMexwBPoWy+DteK9c4oey+YTmflUhbd9EScSGCi1pPkdM4QySpWGe6YJvye8QHjpuu3IFmTZhrf7Ro/uAbWMIYdFYemQX7Us359Uod7OXktbVjQZ4BFMLzPERz98IPa5ztMDIkCBwt21A646vn7CvZFi1TENZ73I6QBAvLC4MrX6iXXc9hRzxyr0IFxPhke9xz6HDHLz/o+zKsQBTg8Mzmt+Se7cfmzLiSfHiYRgiAcDu4yGwU8hix/awYMckraPn2n5xrcCJA6cVeFOqGONdRMtU6vloPP6KKKyUUDIwBTdm3J1mjtEgIitFJKWcnXotaC3x01AeapCODYtXpx8fTYSo0uyrxaw8IfcUnFvg8YHuuC203fVaTl3NHWxLpZ9XOwXaiLYUkQiIH8E5jQuYc6OmNZ0Ll5XuYXXOpfgQDWf9223HZaDu3qrEcO8WdDwHgpNCzECWqfSNhl5aAP0qWXvW8iHyHwW/eNMm92zzJU3mD7sYAJ5XYDzuc5OqdirzKbu4TFas1z1Kvn65k+sq5ips57ooDmk0xoqgq/Ix1Nuluti9bzVj0kFRsDz2VAKM98XeuieLxYvAAsCBGtdbOQto5zJlAuiUj1vDfWiMrWsxK+HFu8DuYuLzz4Wi6Va5V+DjbeCX5conwAbN96EcTG/YkvFdKThiUMYkcRghJ9EzFw++nw1pXTfIaZjOvBahIeoNFXTU85aKXvApamqZQP92UvCXcagx1UdtZRyv0q5sFWrxpTN1a6adPnZQnmuHFM6ekYR9GrxyajEkldlRkwjortsL2emIs/+fgM24/hQceCjIUquFeIQgWkSBgKy+YR/zQ+q2FhI1DHhjEuLp2cqu0tMOhGsvZvgSfjROKZgjAo09ZW0KUV33YBEa5HAXP/38JkKif/w83bG5/KzhovFCbfs3HTX+ApVFyKh25Al4naAohUUiHhsa3cwlBsTxmARQZ+4VIySYU7383ZxEM6llG/9M3e53t0cLqeikHHtM2jwqbRYnTMrIwYdAcZp7KHVcwaxpPhGLGVKSTheD8Jy0pJHtuOcY3ArjdECq5Cu1syswy3zObiAwyjiFYFA03GNPbtDF22lZJd574yZ+TmS/EQuj29IZuuNA/ob3iEnnK0ZHJQhcbE4WJQcx81CD8E5GAwvg18=&u=U2FsdGVkX18qhz6Pvgow/kjgvGZNijujhLcJmYU4MnI=&y=U2FsdGVkX1+hEmRYommqVwgZXWmMtWWXsFt/nvlnZAk= HTTP/1.1" 200 70
186.102.100.248 - - [11/Jan/2024:08:50:31 -0500] "GET /kwssiamovil/sm/acme/s?s=U2FsdGVkX18hZllVwKp/5J09vzAZojxpbr2VJC9qqd27z1tFa9gOh/tHsQEfgP1pPsVMVZFn+BsXnbCZUGwYwh5wLl6F7iAoB7qxskDNm1uBYKQp56y/lRaECNm4lQ0JSPWBPLfSk1H7krTfwRID9MUkky5Knq7QVS7ug57mK28BmWhGndyEnefzxbMGokgLIYoBymzfRldzFhv2+uzVBwgf5U8LwrR8XUlWVWZEBUcsI9xwfjHFnCuPRcaCirI1fXyZxVfjJqR2DyEXsVzf34zKwsMhr7Gge19RC7nLjQ0VjK8qn3QR5/AC5sTJNEAkzW26eXo970x98UPqK0UELP3igbJZyULHqdQ/hmC3aDUV8Bei067x6np/CkntYX3jO7SYzfFaeCjKj/e9ykwr5hbaD6PyF+fN43B5fMwPS9S3y3HUPnU32iC9We/1N9xlPasVKkhZCa0NuL5K03Bjdo/nAWf0tjgoFvgTJ/3RPIfYezD0gBF8u5Q22fx/nYH9ZrWbNcBYg/hw/snhxFEw+iY64GS573ucqoj04unvqkHlDWgmf1YJ85/nCUSpspmxshYF29pquqvoOvRHbme7VTD9KI9+ODrBAiV1bmNruMqHKgZ8ve5nFaIzDmMbCM/nJlTfE0E42CvPRn2UcybvCbXaeQIKs+y2ye/H/CiRRyPXp4ZCX35AfouGtKsuGwuYF6Fi9hTUbEyCPqxdf0OcJutnRrNRdU4QxLR5D+q0UvJ528N/mI9DrpVIWvJdu64w&u=U2FsdGVkX18qhz6Pvgow/kjgvGZNijujhLcJmYU4MnI=&y=U2FsdGVkX1+hEmRYommqVwgZXWmMtWWXsFt/nvlnZAk= HTTP/1.1" 200 208
201.245.192.253 - - [11/Jan/2024:08:50:32 -0500] "GET /sipse/faces/javax.faces.resource/theme.css?ln=primefaces-sipse HTTP/1.1" 304 -
201.245.192.253 - - [11/Jan/2024:08:50:32 -0500] "GET /sipse/faces/javax.faces.resource/layout/layout.css?ln=primefaces&v=4.0 HTTP/1.1" 304 -
201.245.192.253 - - [11/Jan/2024:08:50:32 -0500] "GET /sipse/faces/javax.faces.resource/primefaces.css?ln=primefaces&v=4.0 HTTP/1.1" 304 -
201.245.192.253 - - [11/Jan/2024:08:50:32 -0500] "GET /sipse/faces/javax.faces.resource/jquery/jquery.js?ln=primefaces&v=4.0 HTTP/1.1" 304 -
201.245.192.253 - - [11/Jan/2024:08:50:32 -0500] "GET /sipse/faces/javax.faces.resource/jquery/jquery-plugins.js?ln=primefaces&v=4.0 HTTP/1.1" 304 -
201.245.192.253 - - [11/Jan/2024:08:50:32 -0500] "GET /sipse/faces/javax.faces.resource/layout/layout.js?ln=primefaces&v=4.0 HTTP/1.1" 304 -
201.245.192.253 - - [11/Jan/2024:08:50:32 -0500] "GET /sipse/faces/javax.faces.resource/primefaces.js?ln=primefaces&v=4.0 HTTP/1.1" 304 -
201.245.192.253 - - [11/Jan/2024:08:50:32 -0500] "POST /sipse/faces/presentacion/financiero/solicitudProceso/consultarHistorialSolProceso.xhtml HTTP/1.1" 200 154435
201.245.192.253 - - [11/Jan/2024:08:50:32 -0500] "GET /sipse/faces/javax.faces.resource/images/ui-icons_898989_256x240.png?ln=primefaces-aristo HTTP/1.1" 304 -
200.122.241.195 - - [11/Jan/2024:08:50:31 -0500] "POST /sipse/faces/presentacion/financiero/contrato/consultarContratosSolicitudProceso.xhtml HTTP/1.1" 200 62436
186.102.100.248 - - [11/Jan/2024:08:50:32 -0500] "GET /kwssiamovil/sm/cjson/pre?f=1&x=U2FsdGVkX1950mVaqTSQvKqElVuZmJmpEZqcm0swdS4+50x3nDMCPIF5S19aCaIz HTTP/1.1" 200 31032
201.245.192.253 - - [11/Jan/2024:08:50:35 -0500] "POST /sipse/faces/presentacion/financiero/solicitudProceso/consultarSolicitudProceso.xhtml HTTP/1.1" 200 26067
201.245.192.253 - - [11/Jan/2024:08:50:35 -0500] "GET /sipse/faces/javax.faces.resource/theme.css?ln=primefaces-sipse HTTP/1.1" 304 -
201.245.192.253 - - [11/Jan/2024:08:50:35 -0500] "GET /sipse/faces/javax.faces.resource/primefaces.css?ln=primefaces&v=4.0 HTTP/1.1" 304 -
201.245.192.253 - - [11/Jan/2024:08:50:35 -0500] "GET /sipse/faces/javax.faces.resource/layout/layout.css?ln=primefaces&v=4.0 HTTP/1.1" 304 -
201.245.192.253 - - [11/Jan/2024:08:50:35 -0500] "GET /sipse/faces/javax.faces.resource/jquery/jquery.js?ln=primefaces&v=4.0 HTTP/1.1" 304 -
201.245.192.253 - - [11/Jan/2024:08:50:35 -0500] "GET /sipse/faces/javax.faces.resource/jquery/jquery-plugins.js?ln=primefaces&v=4.0 HTTP/1.1" 304 -
201.245.192.253 - - [11/Jan/2024:08:50:35 -0500] "GET /sipse/faces/javax.faces.resource/primefaces.js?ln=primefaces&v=4.0 HTTP/1.1" 304 -
201.245.192.253 - - [11/Jan/2024:08:50:35 -0500] "GET /sipse/faces/javax.faces.resource/layout/layout.js?ln=primefaces&v=4.0 HTTP/1.1" 304 -
201.245.192.253 - - [11/Jan/2024:08:50:35 -0500] "GET /sipse/faces/javax.faces.resource/images/ui-icons_898989_256x240.png?ln=primefaces-aristo HTTP/1.1" 304 -
172.22.2.4 - - [11/Jan/2024:08:50:37 -0500] "GET /BLA/boletinlegal/consulta_normativa.php?tipo=Decreto&sector=licencia&ano=2022&resuelve=gas HTTP/1.1" 200 454
172.22.2.4 - - [11/Jan/2024:08:50:37 -0500] "GET /BLA/boletinlegal/consulta_normativa.php?tipo=Decreto&sector=licencia&ano=2022&resuelve=gas HTTP/1.1" 200 454
200.122.241.195 - - [11/Jan/2024:08:50:37 -0500] "POST /sipse/faces/presentacion/financiero/contrato/consultarContratosSolicitudProceso.xhtml HTTP/1.1" 200 60840
200.122.241.195 - - [11/Jan/2024:08:50:38 -0500] "GET /sipse/faces/javax.faces.resource/primefaces.css?ln=primefaces&v=4.0 HTTP/1.1" 304 -
200.122.241.195 - - [11/Jan/2024:08:50:38 -0500] "GET /sipse/faces/javax.faces.resource/layout/layout.css?ln=primefaces&v=4.0 HTTP/1.1" 304 -
200.122.241.195 - - [11/Jan/2024:08:50:38 -0500] "GET /sipse/faces/javax.faces.resource/theme.css?ln=primefaces-sipse HTTP/1.1" 304 -
200.122.241.195 - - [11/Jan/2024:08:50:38 -0500] "GET /sipse/faces/javax.faces.resource/jquery/jquery.js?ln=primefaces&v=4.0 HTTP/1.1" 304 -
200.122.241.195 - - [11/Jan/2024:08:50:38 -0500] "GET /sipse/faces/javax.faces.resource/jquery/jquery-plugins.js?ln=primefaces&v=4.0 HTTP/1.1" 304 -
200.122.241.195 - - [11/Jan/2024:08:50:38 -0500] "GET /sipse/faces/javax.faces.resource/primefaces.js?ln=primefaces&v=4.0 HTTP/1.1" 304 -
200.122.241.195 - - [11/Jan/2024:08:50:38 -0500] "GET /sipse/faces/javax.faces.resource/layout/layout.js?ln=primefaces&v=4.0 HTTP/1.1" 304 -
201.245.192.253 - - [11/Jan/2024:08:50:43 -0500] "GET /sipse/faces/javax.faces.resource/images/ui-bg_flat_0_2d5972_40x100.png?ln=primefaces-aristo HTTP/1.1" 304 -
201.245.192.253 - - [11/Jan/2024:08:50:43 -0500] "POST /sipse/faces/presentacion/financiero/solicitudProceso/registrarAnotacion.xhtml HTTP/1.1" 200 109505
201.245.192.253 - - [11/Jan/2024:08:50:43 -0500] "GET /sipse/faces/javax.faces.resource/jquery/jquery.js?ln=primefaces&v=4.0 HTTP/1.1" 304 -
201.245.192.253 - - [11/Jan/2024:08:50:43 -0500] "GET /sipse/faces/javax.faces.resource/jquery/jquery-plugins.js?ln=primefaces&v=4.0 HTTP/1.1" 304 -
201.245.192.253 - - [11/Jan/2024:08:50:43 -0500] "GET /sipse/faces/javax.faces.resource/primefaces.js?ln=primefaces&v=4.0 HTTP/1.1" 304 -
201.245.192.253 - - [11/Jan/2024:08:50:44 -0500] "GET /sipse/faces/javax.faces.resource/layout/layout.js?ln=primefaces&v=4.0 HTTP/1.1" 304 -
172.22.2.4 - - [11/Jan/2024:08:50:45 -0500] "GET /BLA/boletinlegal/consulta_normativa.php?tipo=Decreto&sector=mineria&ano=2022&resuelve=gas HTTP/1.1" 200 454
172.22.2.4 - - [11/Jan/2024:08:50:46 -0500] "GET /BLA/boletinlegal/consulta_normativa.php?tipo=Decreto&sector=mineria&ano=2022&resuelve=gas HTTP/1.1" 200 454
172.22.2.4 - - [11/Jan/2024:08:49:06 -0500] "GET /BLA/boletinlegal/ HTTP/1.1" 200 58172
201.245.192.253 - - [11/Jan/2024:08:50:46 -0500] "POST /sipse/faces/presentacion/financiero/solicitudProceso/consultarSolicitudProceso.xhtml HTTP/1.1" 200 65259
201.245.192.253 - - [11/Jan/2024:08:50:48 -0500] "GET /sipse/faces/javax.faces.resource/jquery/jquery.js?ln=primefaces&v=4.0 HTTP/1.1" 304 -
201.245.192.253 - - [11/Jan/2024:08:50:48 -0500] "GET /sipse/faces/javax.faces.resource/jquery/jquery-plugins.js?ln=primefaces&v=4.0 HTTP/1.1" 304 -
201.245.192.253 - - [11/Jan/2024:08:50:48 -0500] "GET /sipse/faces/javax.faces.resource/primefaces.js?ln=primefaces&v=4.0 HTTP/1.1" 304 -
201.245.192.253 - - [11/Jan/2024:08:50:48 -0500] "GET /sipse/faces/javax.faces.resource/layout/layout.js?ln=primefaces&v=4.0 HTTP/1.1" 304 -
201.245.192.253 - - [11/Jan/2024:08:50:48 -0500] "GET /sipse/faces/javax.faces.resource/messages/messages.png?ln=primefaces&v=4.0 HTTP/1.1" 304 -
201.245.192.253 - - [11/Jan/2024:08:50:49 -0500] "POST /sipse/faces/presentacion/financiero/solicitudProceso/listarSolicitudProceso.xhtml HTTP/1.1" 200 1556
156.59.198.135 - - [11/Jan/2024:08:50:51 -0500] "GET /BLA/resoluciones/RESOLUCIONES%202022/3255.pdf HTTP/1.0" 200 416741
201.245.192.253 - - [11/Jan/2024:08:51:00 -0500] "POST /sipse/faces/presentacion/financiero/solicitudProceso/listarSolicitudProceso.xhtml HTTP/1.1" 200 126472
201.245.192.253 - - [11/Jan/2024:08:51:01 -0500] "GET /sipse/faces/javax.faces.resource/jquery/jquery.js?ln=primefaces&v=4.0 HTTP/1.1" 304 -
201.245.192.253 - - [11/Jan/2024:08:51:01 -0500] "GET /sipse/faces/javax.faces.resource/jquery/jquery-plugins.js?ln=primefaces&v=4.0 HTTP/1.1" 304 -
201.245.192.253 - - [11/Jan/2024:08:51:01 -0500] "GET /sipse/faces/javax.faces.resource/primefaces.js?ln=primefaces&v=4.0 HTTP/1.1" 304 -
201.245.192.253 - - [11/Jan/2024:08:51:01 -0500] "GET /sipse/faces/javax.faces.resource/layout/layout.js?ln=primefaces&v=4.0 HTTP/1.1" 304 -
156.59.198.136 - - [11/Jan/2024:08:51:15 -0500] "GET /BLA/resoluciones/Notificaciones/AUTOS%202019/0315.pdf HTTP/1.0" 200 1147773
201.245.192.253 - - [11/Jan/2024:08:51:20 -0500] "POST /forms/lservlet;jsessionid=ac16012b30d6e9245d4a5ae64507bcdc86473ff87750.e3iSbxaKaheRe34Rb3eTbx8LaNb0n6jAmljGr5XDqQLvpAe HTTP/1.1" 200 2
201.245.192.253 - - [11/Jan/2024:08:51:23 -0500] "POST /sipse/faces/presentacion/financiero/solicitudProceso/consultarSolicitudProceso.xhtml HTTP/1.1" 200 82885
201.245.192.253 - - [11/Jan/2024:08:51:31 -0500] "POST /sipse/faces/presentacion/financiero/solicitudProceso/consultarSolicitudProceso.xhtml HTTP/1.1" 200 82885
156.59.198.135 - - [11/Jan/2024:08:51:41 -0500] "GET /BLA/resoluciones/Notificaciones/RESOLUCIONES%202022/1837.pdf HTTP/1.0" 200 428408
200.122.241.195 - - [11/Jan/2024:08:51:41 -0500] "POST /sipse/faces/presentacion/financiero/solicitudProceso/crearModificarSolicitudProceso.xhtml HTTP/1.1" 200 64646
200.122.241.195 - - [11/Jan/2024:08:51:42 -0500] "GET /sipse/faces/javax.faces.resource/theme.css?ln=primefaces-sipse HTTP/1.1" 304 -
200.122.241.195 - - [11/Jan/2024:08:51:42 -0500] "GET /sipse/faces/javax.faces.resource/primefaces.css?ln=primefaces&v=4.0 HTTP/1.1" 304 -
200.122.241.195 - - [11/Jan/2024:08:51:42 -0500] "GET /sipse/faces/javax.faces.resource/layout/layout.css?ln=primefaces&v=4.0 HTTP/1.1" 304 -
200.122.241.195 - - [11/Jan/2024:08:51:42 -0500] "GET /sipse/faces/javax.faces.resource/jquery/jquery.js?ln=primefaces&v=4.0 HTTP/1.1" 304 -
200.122.241.195 - - [11/Jan/2024:08:51:42 -0500] "GET /sipse/faces/javax.faces.resource/jquery/jquery-plugins.js?ln=primefaces&v=4.0 HTTP/1.1" 304 -
200.122.241.195 - - [11/Jan/2024:08:51:42 -0500] "GET /sipse/faces/javax.faces.resource/primefaces.js?ln=primefaces&v=4.0 HTTP/1.1" 304 -
200.122.241.195 - - [11/Jan/2024:08:51:43 -0500] "GET /sipse/faces/javax.faces.resource/layout/layout.js?ln=primefaces&v=4.0 HTTP/1.1" 304 -
200.122.241.195 - - [11/Jan/2024:08:51:43 -0500] "POST /sipse/faces/presentacion/financiero/solicitudProceso/listarSolicitudProceso.xhtml HTTP/1.1" 200 1556
201.245.192.253 - - [11/Jan/2024:08:51:44 -0500] "POST /forms/lservlet;jsessionid=ac16012b30d6daf3d1e69b9448f9b338854e2531f358.e3iSbxaKaheRe34Rb3eTbx8LaNb0n6jAmljGr5XDqQLvpAe HTTP/1.1" 200 2
200.122.241.195 - - [11/Jan/2024:08:51:48 -0500] "POST /sipse/faces/presentacion/financiero/solicitudProceso/listarSolicitudProceso.xhtml HTTP/1.1" 200 235815
200.122.241.195 - - [11/Jan/2024:08:51:54 -0500] "POST /sipse/faces/presentacion/financiero/solicitudProceso/listarSolicitudProceso.xhtml HTTP/1.1" 200 100214
156.59.198.136 - - [11/Jan/2024:08:52:05 -0500] "GET /BLA/resoluciones/Notificaciones/AUTOS%202019/2338.pdf HTTP/1.0" 200 230029
200.122.241.195 - - [11/Jan/2024:08:52:10 -0500] "POST /sipse/faces/presentacion/financiero/solicitudProceso/listarSolicitudProceso.xhtml HTTP/1.1" 200 294532
190.25.230.98 - - [11/Jan/2024:08:52:10 -0500] "GET /appsia/controlador HTTP/1.1" 200 4799
190.25.230.98 - - [11/Jan/2024:08:52:13 -0500] "POST /appsia/controlador HTTP/1.1" 200 5437
45.15.158.110 - - [11/Jan/2024:08:52:14 -0500] "CONNECT google.com:443 HTTP/1.1" 405 938
190.25.230.98 - - [11/Jan/2024:08:52:15 -0500] "POST /appsia/controlador HTTP/1.1" 200 7791
200.122.241.195 - - [11/Jan/2024:08:52:16 -0500] "POST /sipse/faces/presentacion/financiero/solicitudProceso/listarSolicitudProceso.xhtml HTTP/1.1" 200 42057
190.25.230.98 - - [11/Jan/2024:08:52:22 -0500] "POST /appsia/controlador HTTP/1.1" 200 6656
190.25.230.98 - - [11/Jan/2024:08:52:23 -0500] "POST /appsia/controlador HTTP/1.1" 200 10622
156.59.198.136 - - [11/Jan/2024:08:52:29 -0500] "GET /BLA/resoluciones/Notificaciones/AUTOS%202019/779.pdf HTTP/1.0" 200 247713
200.122.241.195 - - [11/Jan/2024:08:52:34 -0500] "POST /sipse/faces/presentacion/financiero/solicitudProceso/listarSolicitudProceso.xhtml HTTP/1.1" 200 57521
200.122.241.195 - - [11/Jan/2024:08:52:35 -0500] "POST /sipse/faces/presentacion/financiero/solicitudProceso/listarSolicitudProceso.xhtml HTTP/1.1" 200 57521
200.122.241.195 - - [11/Jan/2024:08:52:35 -0500] "POST /sipse/faces/presentacion/financiero/solicitudProceso/listarSolicitudProceso.xhtml HTTP/1.1" 200 57521
200.122.241.195 - - [11/Jan/2024:08:52:35 -0500] "POST /sipse/faces/presentacion/financiero/solicitudProceso/listarSolicitudProceso.xhtml HTTP/1.1" 200 1556
200.122.241.195 - - [11/Jan/2024:08:52:35 -0500] "POST /sipse/faces/presentacion/financiero/solicitudProceso/listarSolicitudProceso.xhtml HTTP/1.1" 200 1552
200.122.241.195 - - [11/Jan/2024:08:52:36 -0500] "POST /sipse/faces/presentacion/financiero/solicitudProceso/listarSolicitudProceso.xhtml HTTP/1.1" 200 1564
200.122.241.195 - - [11/Jan/2024:08:52:38 -0500] "POST /sipse/faces/presentacion/financiero/solicitudProceso/listarSolicitudProceso.xhtml HTTP/1.1" 200 294240
200.122.241.195 - - [11/Jan/2024:08:52:43 -0500] "POST /sipse/faces/presentacion/financiero/solicitudProceso/listarSolicitudProceso.xhtml HTTP/1.1" 200 42057
186.102.100.248 - - [11/Jan/2024:08:52:48 -0500] "GET /kwssiamovil/sm/ldap/au?x=U2FsdGVkX19f+j/7yfQ337k1sOUmK7Qqb0ai8ddafBYSILoXPmWcskLPWuJE8s3O&y=U2FsdGVkX19K7yyjokPn1rpNEPdGvuSrf5U6K+OWMdc= HTTP/1.1" 200 30
186.102.100.248 - - [11/Jan/2024:08:52:48 -0500] "GET /kwssiamovil/sm/acme/s?s=U2FsdGVkX1/WW8D45DHpC5sbNZY+EEWgDxxm6LxCxiN5js2ARTlv3imlpfydsGyyhnM2cv/Aw0RaPoU/H9/0wv+GZi8W42nHISSuux56quM=&u=U2FsdGVkX19LGHYoYyv9Tb//FnyPAg21Z7Nl+03c7HA=&y=U2FsdGVkX19K7yyjokPn1rpNEPdGvuSrf5U6K+OWMdc= HTTP/1.1" 200 97
186.102.100.248 - - [11/Jan/2024:08:52:48 -0500] "GET /kwssiamovil/sm/acme/s?s=U2FsdGVkX1/SP3NQDzLZsmlcNixm/5IRxmwryGquwjCfTghzP7iuuVR5rQ+oA0F4dycMJKVBRvlQOCzlvb8y32dG+BJWymxIJ1YWWe1UgS6sd0Ltt+ruZIwdQYaW57k2mI+os96x+dAYFQx90GPRes6CXXZMV0XJoZ7LjjVqL94BEFnrafRuce1/yxzM8UlHt6TQgY68EQMZSPK0RCvkNnSTCjNpctuwBnltI8frg4XWseRfJp5TvOXCxBSC1cAdh2JKvVn9os1Gtpe3UNaZzaQZLmsBIcLrSz537Nr5tPKFxDk+he8qS3uENDQilj/tty6ZGOvH4yGqlr+ZVflODD6VxeNmz3M8bCdg+QJXDuhhGUzQFomCOmvdp96oPzdpMgEBHUCeac1fmMHt4g/8fabEY81qA6IFgcLMqgAu+k7IP3FJWMFF+fYneVpbXs3RXXnHqyggOnHWfQyV0aBmSgBIh/c+8QGVkBpzyH/WjuPz4vy40MSzSEf7bseQuWVwksU8EWUwC6Kses4qDPR0HonMnzrhmUr0TocifN/6mF0+cWR2G+vrTZcs9UNwv2rz21ODzeMxvEMS0EafNkR5Fo9Mdxn3Yh4Rz4VyPuJWrVdBwvURaKybfD4C1gaGx2CrM/VEvgnYfwlqDzW2dS8jI1CrfkRotnWHhZV5oADF523hcvYrFwMSmsnpzckaeWf3yHocGQFKzn4i26HMuvp/xyrdkui9LayToHQklsz5teNGwrNHNMH9Q9WI5DVpxeT7IYlf8fKe5XBbgGf5aho7vc28WPT5jrZYLcS5XUWVYaAGBXsuT8P+KmEBIEo6scxv2LhhOOC2ZjFbd7D8tNfmi1Wt9fKQKKYpkyFD0aPzwa6o2YE5J7fFgaNwmfqaWIBh8K6G0z+ML3oLzvTr+0LDsVAe/26hD4QVO84XZQPvleKTAErGmPt9+WITbFmjQps7RGRdirRPvfW2oYl5gkmMThajZcEE0w1oeHrsyXVkrDeXSCF/8PVEWtueJqeyl/0WJK+J6Mb0l1xlJHRtuNFDVr11MhRA7D9o0aHmSTv2QzdgfeBGmyw7rKIg3l+jfHOwcXadbJ/R5sY1bP4WoIIRQ7Jkyaq6GB/wTwfXnhwobXz3iqw37ZpknZA9KJqtvCT6gE8uVQHgP/msdB6YWWQ3gdqbUHgOp7WG0Pp3Nrl59/dIoI7XA1vBexz+WRiMrWbogdhuMpudVcTvgW+2Ra9DQDY/dzqi4DCAgs6fvO/WwQSsNAu/4o7bwLaMYfSXbs3+rHlq3U9NhvSn/oYHVmWyKG7owh44ZY00FHc+Dw+2SevU2oo6+80XJLfCvbbaEiBHz7GzzC7LsCDGCZ0BZ60/MBD+f7OXWUb8IHQ9HncvQbT8OKtG+VvssAVZYtcsOUTE8Zjy0vd4m003N87DcIhgI1v9ukl0KJwyY6bwawDqbTxCQrR8hp7VyLqmqODEE6/A+62Xl2wHO0WCtzk82NubwpDL+AtwsxwDF0XSiGjeY1XoTQtL/WGcT4ttmMTfPZsycdkWO9yUm4z57rFRxQ8I3dNzkEltetbD3YxZvgc5E6T9EvHSMI+JfJhCQE+ywB4DcPBsL/Zjd5vS6QYjWizZ0x6iT0e81pop8505rUGExLHK7DpcLIO5AmcaaLVMpZmTU2dLsH28ErV+sZt0C39QY8zYRNPCIsM7x0gzVP0NTIQULlaK7bwF+vmcEB8Hoi3igByWlvJ3JrkFaETP6OV/mxzcRSOWnVqcYlM5RQCb7bQ=&u=U2FsdGVkX19LGHYoYyv9Tb//FnyPAg21Z7Nl+03c7HA=&y=U2FsdGVkX19K7yyjokPn1rpNEPdGvuSrf5U6K+OWMdc= HTTP/1.1" 200 657
186.102.100.248 - - [11/Jan/2024:08:52:49 -0500] "GET /kwssiamovil/sm/acme/s?s=U2FsdGVkX1/KDZmbPzPi075NbUs/D3McButQAkEyfD1R+4WqLSWE+J5UNvDLgNmhzd0XwhdGbnnBCITanoD48UGCpzrdOHEbEhaCnwGodVodnmZ6gDm1ldRhTjkxKZw9AovuhRaJxstKk8MwIZJSx8s4W2Um9xHp6NG6EGgXCrR5gdFNKkWavl1pqYUKV5GZA8aCxVQaviJbiQWCIZnTlq4mo8BS7EqchGlj27A/44Z0nvcp2twLAPdE1M0SaH+BSPYs+TXELX4IkHZfr1v6Fu8U4CePL3R3FAqFCsjfYcrOzKWihwEcunvv9OXZ/Et0rHyKIuUkC5h7xZ6qW86AVJ+7eZtt7yMRPp9fNY0rLhzor6kIJy2BLzspPnixgtFd411Zw9y6lcbLcbXHEUeYpx1cELt59Vv3cLE1ALXJNplxBf4iQlJDStYRxwgBtZMOGeqs4LDs6ViSkKOwrE5LYBJV5FUV6LRH/GZUANMI8BNxrt7TuSSzQlor7fQZq1CFuCGnsBnOE4higU7W/OcGPntrsps7PWtB4QAYzB6ttPNYVtgadATpkXmgdvsvi5GqJKVLtdD+roK0idlndq7KOTb80c49OmRqzZPDuhyOD3BpNx5d1dMKU+ka2f+mSoEhzzEKdEB7qzNU3JJdc921QgUl4G5UqfrbJzz+3iFudZkaUwa7SjOrJw2umazEpST5cxPhjdZJ2TzcBY3i+9yzYFNUiJp1cwKCVTWhrn4YELkFCJ8s46VIRocRJMT3BEYC&u=U2FsdGVkX19LGHYoYyv9Tb//FnyPAg21Z7Nl+03c7HA=&y=U2FsdGVkX19K7yyjokPn1rpNEPdGvuSrf5U6K+OWMdc= HTTP/1.1" 200 208
186.102.100.248 - - [11/Jan/2024:08:52:49 -0500] "GET /kwssiamovil/sm/cjson/pre?f=1&x=U2FsdGVkX19f+j/7yfQ337k1sOUmK7Qqb0ai8ddafBYSILoXPmWcskLPWuJE8s3O HTTP/1.1" 200 31032
156.59.198.136 - - [11/Jan/2024:08:52:53 -0500] "GET /BLA/resoluciones/RESOLUCIONES%202022/2751.pdf HTTP/1.0" 200 383771
200.122.241.195 - - [11/Jan/2024:08:52:54 -0500] "POST /sipse/faces/presentacion/financiero/solicitudProceso/listarSolicitudProceso.xhtml HTTP/1.1" 200 56799
200.122.241.195 - - [11/Jan/2024:08:52:54 -0500] "POST /sipse/faces/presentacion/financiero/solicitudProceso/listarSolicitudProceso.xhtml HTTP/1.1" 200 3324
200.122.241.195 - - [11/Jan/2024:08:53:00 -0500] "POST /sipse/faces/presentacion/financiero/solicitudProceso/listarSolicitudProceso.xhtml HTTP/1.1" 200 66137
200.122.241.195 - - [11/Jan/2024:08:53:00 -0500] "POST /sipse/faces/presentacion/financiero/solicitudProceso/listarSolicitudProceso.xhtml HTTP/1.1" 200 66133
200.122.241.195 - - [11/Jan/2024:08:53:01 -0500] "POST /sipse/faces/presentacion/financiero/solicitudProceso/listarSolicitudProceso.xhtml HTTP/1.1" 200 66137
200.122.241.195 - - [11/Jan/2024:08:53:01 -0500] "POST /sipse/faces/presentacion/financiero/solicitudProceso/listarSolicitudProceso.xhtml HTTP/1.1" 200 3376
200.122.241.195 - - [11/Jan/2024:08:53:01 -0500] "POST /sipse/faces/presentacion/financiero/solicitudProceso/listarSolicitudProceso.xhtml HTTP/1.1" 200 3380
200.122.241.195 - - [11/Jan/2024:08:53:01 -0500] "POST /sipse/faces/presentacion/financiero/solicitudProceso/listarSolicitudProceso.xhtml HTTP/1.1" 200 3376
186.154.32.1 - - [11/Jan/2024:08:53:14 -0500] "POST /sipse/faces/presentacion/financiero/solicitudProceso/consultarSolicitudProceso.xhtml HTTP/1.1" 200 911
156.59.198.136 - - [11/Jan/2024:08:53:19 -0500] "GET /BLA/resoluciones/Notificaciones/RESOLUCIONES%202022/0941.pdf HTTP/1.0" 200 349222
201.245.192.253 - - [11/Jan/2024:08:53:20 -0500] "POST /forms/lservlet;jsessionid=ac16012b30d6e9245d4a5ae64507bcdc86473ff87750.e3iSbxaKaheRe34Rb3eTbx8LaNb0n6jAmljGr5XDqQLvpAe HTTP/1.1" 200 2
201.245.192.253 - - [11/Jan/2024:08:53:44 -0500] "POST /forms/lservlet;jsessionid=ac16012b30d6daf3d1e69b9448f9b338854e2531f358.e3iSbxaKaheRe34Rb3eTbx8LaNb0n6jAmljGr5XDqQLvpAe HTTP/1.1" 200 2
156.59.198.135 - - [11/Jan/2024:08:53:44 -0500] "GET /BLA/resoluciones/Notificaciones/RESOLUCIONES%202022/2901.pdf HTTP/1.0" 200 457554
17.241.75.186 - - [11/Jan/2024:08:53:45 -0500] "GET /semana-bogota-reverdece-135-nuevos-arboles-para-el-humedal-la-conejera.html HTTP/1.1" 200 814
156.59.198.135 - - [11/Jan/2024:08:54:08 -0500] "GET /BLA/resoluciones/RESOLUCIONES%202022/0008.pdf HTTP/1.0" 200 342283
200.122.241.195 - - [11/Jan/2024:08:54:21 -0500] "POST /sipse/faces/presentacion/financiero/solicitudProceso/listarSolicitudProceso.xhtml HTTP/1.1" 200 56822
200.122.241.195 - - [11/Jan/2024:08:54:21 -0500] "POST /sipse/faces/presentacion/financiero/solicitudProceso/listarSolicitudProceso.xhtml HTTP/1.1" 200 3376
200.122.241.195 - - [11/Jan/2024:08:54:26 -0500] "POST /sipse/faces/presentacion/financiero/solicitudProceso/listarSolicitudProceso.xhtml HTTP/1.1" 200 294580
156.59.198.135 - - [11/Jan/2024:08:54:32 -0500] "GET /BLA/resoluciones/RESOLUCIONES%202022/2477.pdf HTTP/1.0" 200 527449
200.122.241.195 - - [11/Jan/2024:08:54:32 -0500] "POST /sipse/faces/presentacion/financiero/solicitudProceso/listarSolicitudProceso.xhtml HTTP/1.1" 200 42105
201.245.192.253 - - [11/Jan/2024:08:54:35 -0500] "POST /sipse/faces/presentacion/financiero/solicitudProceso/listarSolicitudProceso.xhtml HTTP/1.1" 200 60255
201.245.192.253 - - [11/Jan/2024:08:54:35 -0500] "GET /sipse/faces/javax.faces.resource/theme.css?ln=primefaces-sipse HTTP/1.1" 304 -
201.245.192.253 - - [11/Jan/2024:08:54:35 -0500] "GET /sipse/faces/javax.faces.resource/primefaces.css?ln=primefaces&v=4.0 HTTP/1.1" 304 -
201.245.192.253 - - [11/Jan/2024:08:54:35 -0500] "GET /sipse/faces/javax.faces.resource/layout/layout.css?ln=primefaces&v=4.0 HTTP/1.1" 304 -
201.245.192.253 - - [11/Jan/2024:08:54:35 -0500] "GET /sipse/css/imagen/contrasena.png HTTP/1.1" 404 383
201.245.192.253 - - [11/Jan/2024:08:54:35 -0500] "GET /sipse/faces/javax.faces.resource/jquery/jquery.js?ln=primefaces&v=4.0 HTTP/1.1" 304 -
201.245.192.253 - - [11/Jan/2024:08:54:35 -0500] "GET /sipse/faces/javax.faces.resource/jquery/jquery-plugins.js?ln=primefaces&v=4.0 HTTP/1.1" 304 -
201.245.192.253 - - [11/Jan/2024:08:54:36 -0500] "GET /sipse/faces/javax.faces.resource/primefaces.js?ln=primefaces&v=4.0 HTTP/1.1" 304 -
201.245.192.253 - - [11/Jan/2024:08:54:36 -0500] "GET /sipse/faces/javax.faces.resource/layout/layout.js?ln=primefaces&v=4.0 HTTP/1.1" 304 -
201.245.192.253 - - [11/Jan/2024:08:54:36 -0500] "GET /sipse/faces/javax.faces.resource/images/ui-icons_898989_256x240.png?ln=primefaces-aristo HTTP/1.1" 304 -
201.245.192.253 - - [11/Jan/2024:08:54:38 -0500] "GET /sipse/faces/javax.faces.resource/images/ui-bg_flat_0_2d5972_40x100.png?ln=primefaces-aristo HTTP/1.1" 304 -
201.245.192.253 - - [11/Jan/2024:08:54:38 -0500] "POST /sipse/faces/presentacion/financiero/solicitudProceso/crearModificarSolicitudProceso.xhtml HTTP/1.1" 200 51773
186.102.15.213 - - [11/Jan/2024:08:54:38 -0500] "GET /kwssiamovil/sm/acme/a?s=U2FsdGVkX18nzT7asBLObWe7wWROpUIqVs6QDl1avJJ1vlquS2A/OsEMv+kVRR+a8RZzxrTPbWDjcafnAQyFO2eOodCxXVP+xNo511WvrVDXJ+yhmP4TjJWxvp9lHZb6cqIg57O5eAHdZO7lIpDceW6hT0FaNuAaFzD651m9lA4PQuIDToUFfBUJXs90ApPfgXxcV17JBQCdRurXygqO7kVTD4LuGbYZpQf0AGgdwbVMHNMJQMhkUnnIqsF1G1o3aHzOc7ZDvQfPiKPP6Jj3gQ==&u=U2FsdGVkX18dBtsmflbqzgBwjECVLBFV0MtAlIHcrmdHIk/JMjwVgnVspTV9y7M+&y=U2FsdGVkX19eAGJiVEaSz700y5Al8C1E1wAkfIPhdLPAygh8LoctqV80Lkq9l8Nl HTTP/1.1" 200 26
186.102.15.213 - - [11/Jan/2024:08:54:39 -0500] "GET /kwssiamovil/sm/acme/u?s=U2FsdGVkX18tUb/NT1ekigPBEzenFX5ztPXXx/s1RqMln9yChsziqj5IbTb3EbOVWox4UJ+nRakUkyEaXSFfMu5A8Lk2754/QpiBD3s1hVnEBwW6vkM5dD0Bv4TkqfxYMqvaNKYDUgHLej/sElXoKQ==&u=U2FsdGVkX18dBtsmflbqzgBwjECVLBFV0MtAlIHcrmdHIk/JMjwVgnVspTV9y7M+&y=U2FsdGVkX19eAGJiVEaSz700y5Al8C1E1wAkfIPhdLPAygh8LoctqV80Lkq9l8Nl HTTP/1.1" 200 60
186.102.15.213 - - [11/Jan/2024:08:54:39 -0500] "GET /kwssiamovil/sm/acme/a?s=U2FsdGVkX19i2nBQBcyl24vD5E/mdFYrs67kzwAAZgN8UeTAr45HsQsAMkyEw/D9fdUAHFpBhmde+Aoa45JsHSGlX7lIu2oSLN+nHDA1VzJNgb5aHHvkdX5i0auSEhuxIDcskdH5EmUxgvzKlJKG/X3fDALhqaAL4iwGl6hMN23wnhFZJmkE0bzuVa6zQEqS6gZfiU6dP3PzfEQBp3OUWc7elqoGI4WjHA0zQUHKM3oq/ZFtTtlizFaiRzyIw1Db&u=U2FsdGVkX18dBtsmflbqzgBwjECVLBFV0MtAlIHcrmdHIk/JMjwVgnVspTV9y7M+&y=U2FsdGVkX19eAGJiVEaSz700y5Al8C1E1wAkfIPhdLPAygh8LoctqV80Lkq9l8Nl HTTP/1.1" 200 25
186.102.15.213 - - [11/Jan/2024:08:54:39 -0500] "GET /kwssiamovil/sm/acme/a?s=U2FsdGVkX181wfSjRufgpylVX69RR4/yb/d8MnefDwUQPH9C2tG0Q0+tqk1vjK1sfYo1zWNT0E7Y9MsWcTLj2Nkd+4Uph7sgDiBh+o8K3umiiUW1Tsa2YTzPvmJKZ45toYrpVNz1Ga+zZkiSOMnaK1+wQBFePyOphdHqecalg9YUiw35T40VJcEekATDpym6SkAMEJRsiIO+1RX8oBhaPA==&u=U2FsdGVkX18dBtsmflbqzgBwjECVLBFV0MtAlIHcrmdHIk/JMjwVgnVspTV9y7M+&y=U2FsdGVkX19eAGJiVEaSz700y5Al8C1E1wAkfIPhdLPAygh8LoctqV80Lkq9l8Nl HTTP/1.1" 200 25
186.102.15.213 - - [11/Jan/2024:08:54:40 -0500] "GET /kwssiamovil/sm/acme/a?s=U2FsdGVkX18Qv4d9MLqzuEAVI/HYjSZ5O55tO2AoGgJKx5wgwI/GxszpM/7Dr6rHcZORJyhhjdAdZenGIhgWVilrOUa9XTqtWekCXA0OTJC+mv7PHc2GtkHvfNqEO6VnpNztWf8N3DcnEuD3Xc9M/NIxK+R1Xdz0zsyXZcw1KezbuXT0YmbFQ4V2jEOGbLxA&u=U2FsdGVkX18dBtsmflbqzgBwjECVLBFV0MtAlIHcrmdHIk/JMjwVgnVspTV9y7M+&y=U2FsdGVkX19eAGJiVEaSz700y5Al8C1E1wAkfIPhdLPAygh8LoctqV80Lkq9l8Nl HTTP/1.1" 200 26
186.102.15.213 - - [11/Jan/2024:08:54:40 -0500] "GET /kwssiamovil/sm/acme/a?s=U2FsdGVkX1/cT8nAXDgdJs+y0z6bYyVcYCUFO+RF1VmDY9yQWge5xZiR5DWgClVqbefoGSUTuMDGNJ4TtdA6OQGM9lZAT8viNHg91Nkfmnsc22PSj5tQJge0JLCiCc3Qj7natoW4Xi6ukJoVygJvQFYZRBWB91rXZia3NRCYH8dy1tNvxhwpSKAx0hJXETpSk7m6eMXaNeOynaK3nqtUz5tHPGZbAQR0yf+w3snSiUs=&u=U2FsdGVkX18dBtsmflbqzgBwjECVLBFV0MtAlIHcrmdHIk/JMjwVgnVspTV9y7M+&y=U2FsdGVkX19eAGJiVEaSz700y5Al8C1E1wAkfIPhdLPAygh8LoctqV80Lkq9l8Nl HTTP/1.1" 200 25
186.102.15.213 - - [11/Jan/2024:08:54:40 -0500] "GET /kwssiamovil/sm/acme/u?s=U2FsdGVkX1+F0APCGdJLds055w57YuT/40bWlRihhKFKOYW2n745PGPv4t0pQMC/EBjZXH09KLbC8GVusbMQagly3Bu4FglapyFavnT3ho+v8XPU8CqGXuml+xJMyo6SYup0GBSrwCF/HPb3GroYEqMz11iJ7OkPp1qgLBktfTby1eJ8ox/tp2FPymFE/JIUqAd12Gnw0e7kBFTQ06j1gZSAfrl5Rt0icw8v03zo+JcZ2I0VLq4wbIMqtBSOdj689PrMJqkm6F0zth31TwRf44WDmdTrCUX/5SdC9CB/X4Y3MiZh56+u+ygLu97l01ajmRt+KSdMMdww2aGMpdN6hYIA06QMDViAhpWYfDrPpyd9rHu2aONclZG9fyEYxBID8UMcMNPrG7/NXKdexqLceMnBtDfvzMb+9mD3EGHDOnBmO9D++2mG0E1icynrA52FAm8gLJAijoMljei0mhu6hbKJJFIEByt7N9e57EHP0PnWKp9ZjY6LOFBULdBCtg6pm9m9i0MiazWezNZhazVfdP3WWPT6t6kIq9BaXPbU6PT9RJBMn67+aWpmgsgUJap2Ae4fGer5qzusZeLI9gSEflI9NQPRJfZ/KGSoG6J3eO6dTJL27pBdsoiX8Bt8Zy5x+0CpWq/vjrTTCPjJdV8U9GP3xH3eOu0KoQyV5PfhA+9FLY4UFrW9HdZ4OnVkQ7ReOpYpuda9iE4GTow9caRfE6C09VyadrjCQRtg5vglC0L7uZn+rSDpbtowrKVkSvSOzuSvLZknN8gBcx/cohdSGkRgEKTSnWSBNsYqfLZ2tSEkKVQrsXsMg9W3/BvGy/iWD/Uv+6D853BZEp9TRivic8hOEKHfUsd3GGLzAKmJq+XHhOHl8/OQJLrusA9krZeLolC82Fmdn5AmIoCc49Zv2N+g1aU7zbhLF7lCRCuBrOSMaJj8GasuotmByWnicDsAx8HgD1aRI2lVVmV7naG/grWAUEaMnmYAjkfx/2B1tCY4tUifMuZyfLpm1Hz0GQNb6bNsfvIil6E279IkY3XTqo/Yb4vaQFieU462+04UAGqaiPK1uyE0eacaMo54gC207J8GU5yfsKVfdZtOyT1LqfarjqLlb7wPKak8ElY+wqvOn0fnDaPR3xoVByEMvIbu48b+MB7DrjO8XFAnehh7NdIhHCE5X8lJpA5dlVJM1lXOo6IKmLyzFPj30dr5wiwOkAt9za3AshcKuEmhtD92YMTM4/0pTf9xfHGkaybRts1v0cx7eB9zf1RYO6g4Orzsdag6KYml0m/dbihNTeZOr/NKTNsxsQXlQboUQV1OGvmYI2HwX2ag35ONoKj3KxoHCDvbwfwhCYayjkzFcw/8Dj61c38f97id+xtNkeImQw96Z4TouGN5s7uFKVbQr4mkQegQM+vPld5HaghZY52n38HrNWzaSd4Reibys4scg6HXFsGMnl9Oqq69NNOnXAVXYybb8tR0laLEPlbUS5yQmGOGxxTK5kLAZ3Lhv6DV2eE=&u=U2FsdGVkX18dBtsmflbqzgBwjECVLBFV0MtAlIHcrmdHIk/JMjwVgnVspTV9y7M+&y=U2FsdGVkX19eAGJiVEaSz700y5Al8C1E1wAkfIPhdLPAygh8LoctqV80Lkq9l8Nl HTTP/1.1" 200 60
186.102.15.213 - - [11/Jan/2024:08:54:41 -0500] "GET /kwssiamovil/sm/acme/a?s=U2FsdGVkX18kIEWJ9GExYPGObVkbLkXYSvigLi1pCh4ZTP7hFZq60OQ3g5Bl/IuAfuwJvgoQudt85oYwzULqOfRoCVtVqdxg/GuDrOFDflNDcb2ehVCXG8Tst6jyVu6zYXya3R2TxPigll4bghQkJok4ra+eMfALUxli0Xk990WQ/NFV5ecpALNOKoRmcwbbF+lYWgiHXHZnTfHvkgIZiw==&u=U2FsdGVkX18dBtsmflbqzgBwjECVLBFV0MtAlIHcrmdHIk/JMjwVgnVspTV9y7M+&y=U2FsdGVkX19eAGJiVEaSz700y5Al8C1E1wAkfIPhdLPAygh8LoctqV80Lkq9l8Nl HTTP/1.1" 200 26
186.102.15.213 - - [11/Jan/2024:08:54:41 -0500] "GET /kwssiamovil/sm/acme/a?s=U2FsdGVkX18YICmmquPnzswTAbdgfpmYMUX1TRO6Kly/OHjUIy89Trygy1mgC6JVLUXFeHUFcoLhjjCkTzjS8O88Ky6rJN+4snbXd0+0cVmxP3PX38I+SXw4Y62FRi+3+hyAGwa1fALwrEFXGMB6JRpPz9pQjgYL5pK2tgTd58w=&u=U2FsdGVkX18dBtsmflbqzgBwjECVLBFV0MtAlIHcrmdHIk/JMjwVgnVspTV9y7M+&y=U2FsdGVkX19eAGJiVEaSz700y5Al8C1E1wAkfIPhdLPAygh8LoctqV80Lkq9l8Nl HTTP/1.1" 200 26
186.102.15.213 - - [11/Jan/2024:08:54:41 -0500] "GET /kwssiamovil/sm/acme/a?s=U2FsdGVkX18ut4LrHr/GbYiu7hgTAXSi3w0ocVhIDQcNrJN2AJEHTW1RJweBx6vBgGQWqrLzbU8awKtkecEpBUerO9L4HIWoySZBfBsWl9F6UsuGrHCjJQ+8q0AiGRMMQQURTmkBbVl+XfxoCy5vf2byU+4xsSOM6p5SFLNjOiqO0On1vwLLVzRvXUHBIjPloa4UORT/uV7iHeYGswdCtw==&u=U2FsdGVkX18dBtsmflbqzgBwjECVLBFV0MtAlIHcrmdHIk/JMjwVgnVspTV9y7M+&y=U2FsdGVkX19eAGJiVEaSz700y5Al8C1E1wAkfIPhdLPAygh8LoctqV80Lkq9l8Nl HTTP/1.1" 200 25
186.102.15.213 - - [11/Jan/2024:08:54:41 -0500] "GET /kwssiamovil/sm/acme/a?s=U2FsdGVkX1+i/Am+HAGsgc6KU3Gz301by9iII3xQnTcSE/Ruy4Qj1krYJk0KQLvyPkw0nEqmSVrz1oVRff9uHiBmS4etMJuuxwQO+Q5nv+vNgpp5BDGMQ70kVRjicBmxlslHr1v3tJVzeMUCg9N7BGKYMebHl15/swvouygVGGHRpSHAG5rt4teOV8E3/pm5PToYq5qMrUuqzvlclmg0vA==&u=U2FsdGVkX18dBtsmflbqzgBwjECVLBFV0MtAlIHcrmdHIk/JMjwVgnVspTV9y7M+&y=U2FsdGVkX19eAGJiVEaSz700y5Al8C1E1wAkfIPhdLPAygh8LoctqV80Lkq9l8Nl HTTP/1.1" 200 25
186.102.15.213 - - [11/Jan/2024:08:54:42 -0500] "GET /kwssiamovil/sm/acme/a?s=U2FsdGVkX188lmsie0vOEVtGQyt8rGcV78RS+CIFl1sJ/7MzJzU5vs5VdsjYmYis9fI9vZOUR+oZkpqrfQAi1tAhaIM1HZMjEvdxo6/Sel+X35hKSwxKaJxYlnF33l747VQQP3Tr9i8ZiHxKRYPILD4+qeZRlILyxSt2Yx41ZnT9txwW59AD1ajmNQJmk3jZE5uSsQpFE/EGi9nSsYevNs+/Y5saTW/R+tLkaMgiE9YmcsMMTrJPuc1hUg3zTg09Eyecdj57fCwoUjmWfcxEbOGntF1LcP2OSapcgDxzhsMaqS7CZ89NwflyBUaddyfdd1ACBBe2UmOiHRKPL05jNFpl+UOQClmor/IjFBwYngA=&u=U2FsdGVkX18dBtsmflbqzgBwjECVLBFV0MtAlIHcrmdHIk/JMjwVgnVspTV9y7M+&y=U2FsdGVkX19eAGJiVEaSz700y5Al8C1E1wAkfIPhdLPAygh8LoctqV80Lkq9l8Nl HTTP/1.1" 200 25
186.102.15.213 - - [11/Jan/2024:08:54:42 -0500] "GET /kwssiamovil/sm/acme/a?s=U2FsdGVkX19mPqJoCh+NbE47AmVC63bsgO1ShniOM+AyPecXh7cC6OFbSlxKT6FuxhKrykFCS3RF/wqs1pxO572jqj3++jNy56IgP7agy6FVklI8k78Jwj+s+qbUeNKyiDMBPdALSL/3sQnd+tp7/fXhkKymW5waw425uRBbWI9g02w9ir8iSL7cnK4JWzPf+ugF5P2E9l2IYnif2GN4Lg==&u=U2FsdGVkX18dBtsmflbqzgBwjECVLBFV0MtAlIHcrmdHIk/JMjwVgnVspTV9y7M+&y=U2FsdGVkX19eAGJiVEaSz700y5Al8C1E1wAkfIPhdLPAygh8LoctqV80Lkq9l8Nl HTTP/1.1" 200 26
186.102.15.213 - - [11/Jan/2024:08:54:42 -0500] "GET /kwssiamovil/sm/acme/a?s=U2FsdGVkX1/AMuQKCe7d+2ZB73QzmxIQ9hGPMaYs2XNuVuBhTxtJjgjIfdSuRNk5LPmp1995SHXuTt8tXFARRw63r7UYjP2ZxD/TAquWkNioqQ2slh/6ynioh3j3oe7+2e3ttKhoNJ60prW3TwrrS30JHbY7qQTAtcpgQoNPCD79k+pWPdff7Fmk6LHOHn0p8TsHWizPWG9CztoV+Ggc88/2M5pyMXoHKm2/8wUk4Y4mmqxCU3/Xx6Keu49mDg10611QgSNqWJu2Zbbo0HbifdmIs3aQCVCnV4bc4L/rXpfcR5LjhGtKxACVUjcKiJxp7N6RM5+UnLVPVpvdw9P6Wg==&u=U2FsdGVkX18dBtsmflbqzgBwjECVLBFV0MtAlIHcrmdHIk/JMjwVgnVspTV9y7M+&y=U2FsdGVkX19eAGJiVEaSz700y5Al8C1E1wAkfIPhdLPAygh8LoctqV80Lkq9l8Nl HTTP/1.1" 200 26
186.102.15.213 - - [11/Jan/2024:08:54:42 -0500] "GET /kwssiamovil/sm/acme/a?s=U2FsdGVkX1/YTG90J9izalEFgg2LDbLguTKxPMGXgLDOmCRa+/2gw7KSeIEAhhsyTmiB1c6Q3qzKSSl+LwcwfpTmtus0Ya59YWi4aJuAOsfT31YG6CmdrE9eiZK97fbTKYQ1P/0Z3lNiGNWbZ4FpGRa8BqqboulG0T+bDT8I9GCJIuaifZJy2VUX//hLOSrII9NEFmvuHPM0hFSdE4eQ7ieYl9koqqqAcZ+2Tas8uFYfBmhGknJK4LnezyCUJyy5&u=U2FsdGVkX18dBtsmflbqzgBwjECVLBFV0MtAlIHcrmdHIk/JMjwVgnVspTV9y7M+&y=U2FsdGVkX19eAGJiVEaSz700y5Al8C1E1wAkfIPhdLPAygh8LoctqV80Lkq9l8Nl HTTP/1.1" 200 25
186.102.15.213 - - [11/Jan/2024:08:54:43 -0500] "GET /kwssiamovil/sm/acme/a?s=U2FsdGVkX18D7MilfxdI38ZjQfhk5XdF6pGErjCSbIK9IbZNMTf6mHsWhlTNpMMHRI92RgkIUswDAnDj4skL4qzwvERc1YzWi6u60njzC71ii8nyQeVuaOQs+nA87zil0cumtKX9AgxjNWW1u0lZmraPZkF3Ta3w3JCzLPb1LerjELVtwFxtyiwpLS+wXmeYyAywqpg5RollvfzXKhrxoyQcgJjWu8RJBmjOGKFWaOM=&u=U2FsdGVkX18dBtsmflbqzgBwjECVLBFV0MtAlIHcrmdHIk/JMjwVgnVspTV9y7M+&y=U2FsdGVkX19eAGJiVEaSz700y5Al8C1E1wAkfIPhdLPAygh8LoctqV80Lkq9l8Nl HTTP/1.1" 200 26
186.102.15.213 - - [11/Jan/2024:08:54:43 -0500] "GET /kwssiamovil/sm/acme/a?s=U2FsdGVkX1/TURE6daYD3kuKA4fNHbGl/8w9L9oF37dpzpee6kEALR6qFqSKXlLWVScCsGJTC7fg+LxP7EThEw5x1j/51MIdXCroYE2WSm2yu8aSIwB5ZuRQfHf7uT44xOXtLNp6qdopY8hALaS4C/iFwnYlMglI+weBqAh4oHBUsVcMNqgrPG67dzKa2sFuAEAcSv5sGT9KKvj1P6rIA4IH7qaiZk6tfIu4r+o4OV0jeXc9kw4OhDUc/1WEn2FR&u=U2FsdGVkX18dBtsmflbqzgBwjECVLBFV0MtAlIHcrmdHIk/JMjwVgnVspTV9y7M+&y=U2FsdGVkX19eAGJiVEaSz700y5Al8C1E1wAkfIPhdLPAygh8LoctqV80Lkq9l8Nl HTTP/1.1" 200 25
186.102.15.213 - - [11/Jan/2024:08:54:43 -0500] "GET /kwssiamovil/sm/acme/a?s=U2FsdGVkX18HYv3lPfMMExj7DLh/J6iMuwijOrnzb+4hzu0jngiLM04EVHMdEwCxc+dPWNwrlbeW4IzTQb6/r1cRHC01LRNr/zF+lH8/ybJJ8tfvEUnI/7iAuPHERoghnrDsQrNFTJadY1sKqNF18hrWwq1yrRFF/ILl//ysPiXhmQl2wD3F6Henw3IFZyExsDMKDAAUsVZBCsZyIvc9o9ZZlyuYQcrDNNfu92gc/Ss=&u=U2FsdGVkX18dBtsmflbqzgBwjECVLBFV0MtAlIHcrmdHIk/JMjwVgnVspTV9y7M+&y=U2FsdGVkX19eAGJiVEaSz700y5Al8C1E1wAkfIPhdLPAygh8LoctqV80Lkq9l8Nl HTTP/1.1" 200 26
186.102.15.213 - - [11/Jan/2024:08:54:43 -0500] "GET /kwssiamovil/sm/acme/a?s=U2FsdGVkX18mF+GPaRCdtOUPKLanlfuzKYCSsYdMe/u7FRf1jq44WkpNb+1IX2sNLgCwtKEgfQSMN7Z0zE8kmtZio8jRDW8F69GC3H1PKaoDp1UxsS72dxYnuedruUthZnarXWDNR/GQjQJGi5L/QfRlBsml74Oz/WvxYLS0FmXU3BfoI0gK0FAZ90JTCvhsHbnu9K1OdHj9y70H4D4G4NXtAcv7EvvLkDKh3VNnXCURybZrQQeHgNu9QfPlq4KK&u=U2FsdGVkX18dBtsmflbqzgBwjECVLBFV0MtAlIHcrmdHIk/JMjwVgnVspTV9y7M+&y=U2FsdGVkX19eAGJiVEaSz700y5Al8C1E1wAkfIPhdLPAygh8LoctqV80Lkq9l8Nl HTTP/1.1" 200 25
186.102.15.213 - - [11/Jan/2024:08:54:43 -0500] "GET /kwssiamovil/sm/acme/a?s=U2FsdGVkX18A8+PnYwzMmVHl7E7u+wLl/TZsdgRqg5o5fchH5hSP26XYy8Y/Xqm5YnJSf/XssQkrc3dRW/fwPsSwVvyVgah7TnUf8snAj25/oVVZtbyzpVXdPcy864eoRqdHKL550Cl+jUkOyg1+awDNiO1JUTcTSMCp1PJzJG6H0usSnROuqKlFLNzWSjJMn867GfG9T8dsGVaDyKZ1IPe80fPnhwNb337zpG+63SQ=&u=U2FsdGVkX18dBtsmflbqzgBwjECVLBFV0MtAlIHcrmdHIk/JMjwVgnVspTV9y7M+&y=U2FsdGVkX19eAGJiVEaSz700y5Al8C1E1wAkfIPhdLPAygh8LoctqV80Lkq9l8Nl HTTP/1.1" 200 26
200.122.241.195 - - [11/Jan/2024:08:54:47 -0500] "POST /sipse/faces/presentacion/financiero/solicitudProceso/listarSolicitudProceso.xhtml HTTP/1.1" 200 66108
200.122.241.195 - - [11/Jan/2024:08:54:48 -0500] "POST /sipse/faces/presentacion/financiero/solicitudProceso/listarSolicitudProceso.xhtml HTTP/1.1" 200 66104
200.122.241.195 - - [11/Jan/2024:08:54:48 -0500] "POST /sipse/faces/presentacion/financiero/solicitudProceso/listarSolicitudProceso.xhtml HTTP/1.1" 200 66108
200.122.241.195 - - [11/Jan/2024:08:54:48 -0500] "POST /sipse/faces/presentacion/financiero/solicitudProceso/listarSolicitudProceso.xhtml HTTP/1.1" 200 3376
200.122.241.195 - - [11/Jan/2024:08:54:49 -0500] "POST /sipse/faces/presentacion/financiero/solicitudProceso/listarSolicitudProceso.xhtml HTTP/1.1" 200 3380
200.122.241.195 - - [11/Jan/2024:08:54:49 -0500] "POST /sipse/faces/presentacion/financiero/solicitudProceso/listarSolicitudProceso.xhtml HTTP/1.1" 200 3376
156.59.198.136 - - [11/Jan/2024:08:54:56 -0500] "GET /BLA/resoluciones/RESOLUCIONES%202022/1113.pdf HTTP/1.0" 200 1056538
200.122.241.195 - - [11/Jan/2024:08:54:56 -0500] "POST /sipse/faces/presentacion/financiero/solicitudProceso/listarSolicitudProceso.xhtml HTTP/1.1" 200 30180
172.22.2.4 - - [11/Jan/2024:08:55:03 -0500] "GET /BLA/boletinlegal/actos.php HTTP/1.1" 200 9648
172.22.2.4 - - [11/Jan/2024:08:55:03 -0500] "GET /BLA/boletinlegal/js/ajax_actos.js HTTP/1.1" 200 1322
172.22.2.4 - - [11/Jan/2024:08:55:03 -0500] "GET /BLA/boletinlegal/style.css HTTP/1.1" 200 9406
172.22.2.4 - - [11/Jan/2024:08:55:03 -0500] "GET /BLA/boletinlegal/niceforms-default.css HTTP/1.1" 200 6694
172.22.2.4 - - [11/Jan/2024:08:55:03 -0500] "GET /BLA/boletinlegal/js/lib.js HTTP/1.1" 200 6474
172.22.2.4 - - [11/Jan/2024:08:55:03 -0500] "GET /BLA/boletinlegal/niceforms.js HTTP/1.1" 200 22876
172.22.2.4 - - [11/Jan/2024:08:55:03 -0500] "GET /BLA/boletinlegal/js/popup.js HTTP/1.1" 200 1270
172.22.2.4 - - [11/Jan/2024:08:55:03 -0500] "GET /BLA/boletinlegal/js/jquery1.js HTTP/1.1" 200 29846
172.22.2.4 - - [11/Jan/2024:08:55:03 -0500] "GET /BLA/boletinlegal/images/cabezote%20BLEGAL.jpg HTTP/1.1" 200 118164
172.22.2.4 - - [11/Jan/2024:08:55:03 -0500] "GET /BLA/boletinlegal/styles2.css HTTP/1.1" 200 1838
172.22.2.4 - - [11/Jan/2024:08:55:03 -0500] "GET /BLA/boletinlegal/images/subscribe-icon-big.png HTTP/1.1" 200 47702
172.22.2.4 - - [11/Jan/2024:08:55:03 -0500] "GET /BLA/boletinlegal/images/historia.png HTTP/1.1" 200 52775
172.22.2.4 - - [11/Jan/2024:08:55:03 -0500] "GET /BLA/boletinlegal/images/registro-usuarios.png HTTP/1.1" 200 8106
172.22.2.4 - - [11/Jan/2024:08:55:03 -0500] "GET /BLA/boletinlegal/images/green-yellow-blue-pink-th.png HTTP/1.1" 200 7394
172.22.2.4 - - [11/Jan/2024:08:55:03 -0500] "GET /BLA/boletinlegal/images/tel.png HTTP/1.1" 200 14477
172.22.2.4 - - [11/Jan/2024:08:55:03 -0500] "GET /BLA/boletinlegal/images/icono-email.png HTTP/1.1" 200 5544
172.22.2.4 - - [11/Jan/2024:08:55:03 -0500] "GET /BLA/boletinlegal/images/body_bg.jpg HTTP/1.1" 200 1601
172.22.2.4 - - [11/Jan/2024:08:55:03 -0500] "GET /BLA/boletinlegal/images/menu_lft.gif HTTP/1.1" 200 1713
172.22.2.4 - - [11/Jan/2024:08:55:03 -0500] "GET /BLA/boletinlegal/images/menu_rght.gif HTTP/1.1" 200 1627
172.22.2.4 - - [11/Jan/2024:08:55:03 -0500] "GET /BLA/boletinlegal/images/bg_top.jpg HTTP/1.1" 200 522
172.22.2.4 - - [11/Jan/2024:08:55:03 -0500] "GET /BLA/boletinlegal/images/menu_bg.jpg HTTP/1.1" 200 620
172.22.2.4 - - [11/Jan/2024:08:55:03 -0500] "GET /BLA/boletinlegal/images/hover.jpg HTTP/1.1" 200 640
172.22.2.4 - - [11/Jan/2024:08:55:03 -0500] "GET /BLA/boletinlegal/images/text.jpg HTTP/1.1" 200 568
172.22.2.4 - - [11/Jan/2024:08:55:03 -0500] "GET /BLA/boletinlegal/images/footer_bg.jpg HTTP/1.1" 200 586
172.22.2.4 - - [11/Jan/2024:08:55:03 -0500] "GET /BLA/boletinlegal/images/footer_bg_l.jpg HTTP/1.1" 200 776
172.22.2.4 - - [11/Jan/2024:08:55:04 -0500] "GET /BLA/boletinlegal/img/0.png HTTP/1.1" 200 110
172.22.2.4 - - [11/Jan/2024:08:55:04 -0500] "GET /BLA/boletinlegal/img/select-left.png HTTP/1.1" 200 263
172.22.2.4 - - [11/Jan/2024:08:55:04 -0500] "GET /BLA/boletinlegal/img/select-right.png HTTP/1.1" 200 44019
172.22.2.4 - - [11/Jan/2024:08:55:04 -0500] "GET /BLA/boletinlegal/img/button-left.png HTTP/1.1" 200 57071
172.22.2.4 - - [11/Jan/2024:08:55:04 -0500] "GET /BLA/boletinlegal/img/button.png HTTP/1.1" 200 43241
172.22.2.4 - - [11/Jan/2024:08:55:04 -0500] "GET /BLA/boletinlegal/img/button-right.png HTTP/1.1" 200 57878
172.22.2.4 - - [11/Jan/2024:08:55:04 -0500] "GET /BLA/boletinlegal/favicon.ico HTTP/1.1" 404 1326
201.245.192.253 - - [11/Jan/2024:08:55:03 -0500] "POST /kwsrmcab/Wsrmcab  HTTP/1.1" 200 36937
201.245.192.253 - - [11/Jan/2024:08:55:05 -0500] "GET /BLA/resoluciones/ HTTP/1.1" 200 13696
201.245.192.253 - - [11/Jan/2024:08:55:05 -0500] "GET /BLA/resoluciones/dlf/styles.css HTTP/1.1" 200 3049
201.245.192.253 - - [11/Jan/2024:08:55:05 -0500] "GET /BLA/resoluciones/dlf/folder.png HTTP/1.1" 200 410
201.245.192.253 - - [11/Jan/2024:08:55:06 -0500] "GET /BLA/resoluciones/dlf/bg.gif HTTP/1.1" 200 54
201.245.192.253 - - [11/Jan/2024:08:55:06 -0500] "GET /favicon.ico HTTP/1.1" 200 7782
201.245.192.253 - - [11/Jan/2024:08:55:13 -0500] "GET /BLA/resoluciones/dlf/dirup.png HTTP/1.1" 200 644
201.245.192.253 - - [11/Jan/2024:08:55:13 -0500] "GET /BLA/resoluciones/dlf/pdf.gif HTTP/1.1" 200 272
201.245.192.253 - - [11/Jan/2024:08:55:13 -0500] "GET /BLA/resoluciones/dlf/unknown.png HTTP/1.1" 200 266
201.245.192.253 - - [11/Jan/2024:08:55:13 -0500] "GET /BLA/resoluciones/index.php?dir=AUTOS+2015%2F HTTP/1.1" 200 585152
200.122.241.195 - - [11/Jan/2024:08:55:13 -0500] "POST /sipse/faces/presentacion/financiero/solicitudProceso/listarSolicitudProceso.xhtml HTTP/1.1" 200 103340
200.122.241.195 - - [11/Jan/2024:08:55:13 -0500] "GET /sipse/faces/javax.faces.resource/theme.css?ln=primefaces-sipse HTTP/1.1" 304 -
200.122.241.195 - - [11/Jan/2024:08:55:13 -0500] "GET /sipse/faces/javax.faces.resource/primefaces.css?ln=primefaces&v=4.0 HTTP/1.1" 304 -
200.122.241.195 - - [11/Jan/2024:08:55:13 -0500] "GET /sipse/faces/javax.faces.resource/layout/layout.css?ln=primefaces&v=4.0 HTTP/1.1" 304 -
200.122.241.195 - - [11/Jan/2024:08:55:13 -0500] "GET /sipse/faces/javax.faces.resource/jquery/jquery.js?ln=primefaces&v=4.0 HTTP/1.1" 304 -
200.122.241.195 - - [11/Jan/2024:08:55:14 -0500] "GET /sipse/faces/javax.faces.resource/jquery/jquery-plugins.js?ln=primefaces&v=4.0 HTTP/1.1" 304 -
200.122.241.195 - - [11/Jan/2024:08:55:14 -0500] "GET /sipse/faces/javax.faces.resource/primefaces.js?ln=primefaces&v=4.0 HTTP/1.1" 304 -
200.122.241.195 - - [11/Jan/2024:08:55:14 -0500] "GET /sipse/faces/javax.faces.resource/layout/layout.js?ln=primefaces&v=4.0 HTTP/1.1" 304 -
201.245.192.253 - - [11/Jan/2024:08:55:20 -0500] "POST /forms/lservlet;jsessionid=ac16012b30d6e9245d4a5ae64507bcdc86473ff87750.e3iSbxaKaheRe34Rb3eTbx8LaNb0n6jAmljGr5XDqQLvpAe HTTP/1.1" 200 2
216.245.221.92 - - [11/Jan/2024:08:55:20 -0500] "HEAD / HTTP/1.1" 200 -
156.59.198.135 - - [11/Jan/2024:08:55:21 -0500] "GET /BLA/resoluciones/Notificaciones/RESOLUCIONES%202022/3132.pdf HTTP/1.0" 200 420384
201.245.192.253 - - [11/Jan/2024:08:55:44 -0500] "POST /forms/lservlet;jsessionid=ac16012b30d6daf3d1e69b9448f9b338854e2531f358.e3iSbxaKaheRe34Rb3eTbx8LaNb0n6jAmljGr5XDqQLvpAe HTTP/1.1" 200 2
172.22.2.4 - - [11/Jan/2024:08:54:06 -0500] "HEAD /BLA/boletinlegal/ HTTP/1.1" 200 -
156.59.198.135 - - [11/Jan/2024:08:55:47 -0500] "GET /BLA/resoluciones/Notificaciones/RESOLUCIONES%202022/3366.pdf HTTP/1.0" 200 389169
131.72.137.226 - - [11/Jan/2024:08:56:10 -0500] "GET /BLA/boletinlegal/admin/usuarios/process.php HTTP/1.1" 302 -
131.72.137.226 - - [11/Jan/2024:08:56:10 -0500] "GET /BLA/boletinlegal/admin/index.php HTTP/1.1" 200 2324
156.59.198.135 - - [11/Jan/2024:08:56:11 -0500] "GET /BLA/resoluciones/Notificaciones/RESOLUCIONES%202022/1922.pdf HTTP/1.0" 200 2075471
131.72.137.226 - - [11/Jan/2024:08:56:21 -0500] "POST /BLA/boletinlegal/admin/usuarios/process.php HTTP/1.1" 302 -
156.59.198.135 - - [11/Jan/2024:08:56:35 -0500] "GET /BLA/resoluciones/Notificaciones/RESOLUCIONES%202022/0912.pdf HTTP/1.0" 200 348738
172.22.2.4 - - [11/Jan/2024:08:54:56 -0500] "GET /BLA/boletinlegal/ HTTP/1.1" 200 60910
201.245.192.253 - - [11/Jan/2024:08:56:35 -0500] "POST /sipse/faces/presentacion/financiero/solicitudProceso/crearModificarSolicitudProceso.xhtml HTTP/1.1" 200 25134
131.72.137.226 - - [11/Jan/2024:08:56:21 -0500] "GET /BLA/boletinlegal/admin/index.php HTTP/1.1" 200 5690
131.72.137.226 - - [11/Jan/2024:08:56:38 -0500] "GET /BLA/boletinlegal/admin/index_files/index_files/tback.gif HTTP/1.1" 404 1334
181.56.244.133 - - [11/Jan/2024:08:56:50 -0500] "GET /BLA/resoluciones/ HTTP/1.1" 200 13696
186.114.246.123 - - [11/Jan/2024:08:56:52 -0500] "GET /sipse/faces/presentacion/financiero/solicitudProceso/consultarSolicitudProceso.xhtml HTTP/1.1" 302 -
186.114.246.123 - - [11/Jan/2024:08:56:52 -0500] "GET /sipse/faces/autenticacion.xhtml HTTP/1.1" 200 12402
186.114.246.123 - - [11/Jan/2024:08:56:53 -0500] "GET /sipse/js/disable_browser_buttons.js HTTP/1.1" 200 3230
186.114.246.123 - - [11/Jan/2024:08:56:53 -0500] "GET /sipse/css/custom_css_sg.css HTTP/1.1" 200 9694
186.114.246.123 - - [11/Jan/2024:08:56:53 -0500] "GET /sipse/css/custom_css_sg_prime_login.css HTTP/1.1" 200 443
186.114.246.123 - - [11/Jan/2024:08:56:53 -0500] "GET /sipse/faces/javax.faces.resource/jquery/jquery.js?ln=primefaces&v=4.0 HTTP/1.1" 304 -
186.114.246.123 - - [11/Jan/2024:08:56:54 -0500] "GET /sipse/faces/javax.faces.resource/primefaces.css?ln=primefaces&v=4.0 HTTP/1.1" 304 -
186.114.246.123 - - [11/Jan/2024:08:56:54 -0500] "GET /sipse/faces/javax.faces.resource/layout/layout.css?ln=primefaces&v=4.0 HTTP/1.1" 304 -
186.114.246.123 - - [11/Jan/2024:08:56:54 -0500] "GET /sipse/faces/javax.faces.resource/theme.css?ln=primefaces-sipse HTTP/1.1" 304 -
186.114.246.123 - - [11/Jan/2024:08:56:54 -0500] "GET /sipse/js/funciones.js HTTP/1.1" 200 12592
186.114.246.123 - - [11/Jan/2024:08:56:54 -0500] "GET /sipse/faces/javax.faces.resource/jquery/jquery-plugins.js?ln=primefaces&v=4.0 HTTP/1.1" 304 -
186.114.246.123 - - [11/Jan/2024:08:56:54 -0500] "GET /sipse/faces/javax.faces.resource/layout/layout.js?ln=primefaces&v=4.0 HTTP/1.1" 304 -
186.114.246.123 - - [11/Jan/2024:08:56:54 -0500] "GET /sipse/faces/javax.faces.resource/primefaces.js?ln=primefaces&v=4.0 HTTP/1.1" 304 -
186.114.246.123 - - [11/Jan/2024:08:56:55 -0500] "GET /sipse/css/imagen/logoSDG.png HTTP/1.1" 200 53064
186.114.246.123 - - [11/Jan/2024:08:56:55 -0500] "GET /sipse/css/imagen/loginimg.png HTTP/1.1" 200 71635
186.114.246.123 - - [11/Jan/2024:08:56:55 -0500] "GET /sipse/faces/javax.faces.resource/images/ui-icons_898989_256x240.png?ln=primefaces-aristo HTTP/1.1" 200 5355
