186.29.35.83 - - [11/Jan/2024:06:12:15 -0500] "GET /sipse/faces/javax.faces.resource/layout/layout.js?ln=primefaces&v=4.0 HTTP/1.1" 304 -
172.22.2.4 - - [11/Jan/2024:06:10:46 -0500] "HEAD /BLA/boletinlegal/ HTTP/1.1" 200 -
186.29.35.83 - - [11/Jan/2024:06:12:28 -0500] "POST /sipse/faces/presentacion/financiero/solicitudProceso/consultarSolicitudProceso.xhtml HTTP/1.1" 200 6782
156.59.198.136 - - [11/Jan/2024:06:12:37 -0500] "GET /BLA/resoluciones/RESOLUCIONES%202022/3918.pdf HTTP/1.0" 200 405563
186.29.35.83 - - [11/Jan/2024:06:12:35 -0500] "POST /sipse/faces/presentacion/financiero/solicitudProceso/consultarSolicitudProceso.xhtml HTTP/1.1" 200 65614
186.29.35.83 - - [11/Jan/2024:06:12:37 -0500] "GET /sipse/faces/javax.faces.resource/theme.css?ln=primefaces-sipse HTTP/1.1" 304 -
186.29.35.83 - - [11/Jan/2024:06:12:37 -0500] "GET /sipse/faces/javax.faces.resource/primefaces.css?ln=primefaces&v=4.0 HTTP/1.1" 304 -
186.29.35.83 - - [11/Jan/2024:06:12:37 -0500] "GET /sipse/faces/javax.faces.resource/layout/layout.css?ln=primefaces&v=4.0 HTTP/1.1" 304 -
186.29.35.83 - - [11/Jan/2024:06:12:37 -0500] "GET /sipse/faces/javax.faces.resource/jquery/jquery.js?ln=primefaces&v=4.0 HTTP/1.1" 304 -
186.29.35.83 - - [11/Jan/2024:06:12:37 -0500] "GET /sipse/faces/javax.faces.resource/jquery/jquery-plugins.js?ln=primefaces&v=4.0 HTTP/1.1" 304 -
186.29.35.83 - - [11/Jan/2024:06:12:37 -0500] "GET /sipse/faces/javax.faces.resource/primefaces.js?ln=primefaces&v=4.0 HTTP/1.1" 304 -
186.29.35.83 - - [11/Jan/2024:06:12:37 -0500] "GET /sipse/faces/javax.faces.resource/layout/layout.js?ln=primefaces&v=4.0 HTTP/1.1" 304 -
186.29.35.83 - - [11/Jan/2024:06:12:37 -0500] "POST /sipse/faces/presentacion/financiero/solicitudProceso/listarSolicitudProceso.xhtml HTTP/1.1" 200 1556
186.29.35.83 - - [11/Jan/2024:06:12:40 -0500] "POST /sipse/faces/presentacion/financiero/solicitudProceso/listarSolicitudProceso.xhtml HTTP/1.1" 200 24408
186.29.35.83 - - [11/Jan/2024:06:12:47 -0500] "POST /sipse/faces/presentacion/financiero/solicitudProceso/listarSolicitudProceso.xhtml HTTP/1.1" 200 114014
186.29.35.83 - - [11/Jan/2024:06:12:48 -0500] "GET /sipse/faces/javax.faces.resource/theme.css?ln=primefaces-sipse HTTP/1.1" 304 -
186.29.35.83 - - [11/Jan/2024:06:12:48 -0500] "GET /sipse/faces/javax.faces.resource/layout/layout.css?ln=primefaces&v=4.0 HTTP/1.1" 304 -
186.29.35.83 - - [11/Jan/2024:06:12:48 -0500] "GET /sipse/faces/javax.faces.resource/primefaces.css?ln=primefaces&v=4.0 HTTP/1.1" 304 -
186.29.35.83 - - [11/Jan/2024:06:12:48 -0500] "GET /sipse/faces/javax.faces.resource/jquery/jquery.js?ln=primefaces&v=4.0 HTTP/1.1" 304 -
186.29.35.83 - - [11/Jan/2024:06:12:48 -0500] "GET /sipse/faces/javax.faces.resource/jquery/jquery-plugins.js?ln=primefaces&v=4.0 HTTP/1.1" 304 -
186.29.35.83 - - [11/Jan/2024:06:12:48 -0500] "GET /sipse/faces/javax.faces.resource/primefaces.js?ln=primefaces&v=4.0 HTTP/1.1" 304 -
186.29.35.83 - - [11/Jan/2024:06:12:48 -0500] "GET /sipse/faces/javax.faces.resource/layout/layout.js?ln=primefaces&v=4.0 HTTP/1.1" 304 -
156.59.198.136 - - [11/Jan/2024:06:13:01 -0500] "GET /BLA/resoluciones/RESOLUCIONES%202022/3446.pdf HTTP/1.0" 200 1914520
172.22.2.4 - - [11/Jan/2024:06:11:37 -0500] "GET /BLA/boletinlegal/ HTTP/1.1" 200 58567
156.59.198.136 - - [11/Jan/2024:06:13:26 -0500] "GET /BLA/resoluciones/RESOLUCIONES%202022/3525.pdf HTTP/1.0" 200 385064
52.167.144.145 - - [11/Jan/2024:06:13:29 -0500] "GET /documents/10184/5395435/firma-zuma.jpg/afbc14d5-55c8-413b-8036-38b06f13f5be?t=1695337572027 HTTP/1.1" 404 1034
156.59.198.136 - - [11/Jan/2024:06:13:51 -0500] "GET /BLA/resoluciones/RESOLUCIONES%202022/3453.pdf HTTP/1.0" 200 629748
66.249.66.21 - - [11/Jan/2024:06:14:09 -0500] "GET /BLA/resoluciones/RESOLUCIONES%202012/0741.pdf HTTP/1.1" 200 165813
156.59.198.135 - - [11/Jan/2024:06:14:16 -0500] "GET /BLA/resoluciones/RESOLUCIONES%202022/3848.pdf HTTP/1.0" 200 386146
156.59.198.136 - - [11/Jan/2024:06:14:40 -0500] "GET /BLA/resoluciones/RESOLUCIONES%202022/2482.pdf HTTP/1.0" 200 412815
201.245.192.253 - - [11/Jan/2024:06:14:50 -0500] "POST /kwsrmcab/Wsrmcab HTTP/1.1" 200 36802
201.245.192.253 - - [11/Jan/2024:06:14:53 -0500] "POST /kwsrmcab/Wsrmcab HTTP/1.1" 200 36503
156.59.198.136 - - [11/Jan/2024:06:15:04 -0500] "GET /BLA/resoluciones/RESOLUCIONES%202022/2621.pdf HTTP/1.0" 200 368308
216.245.221.92 - - [11/Jan/2024:06:15:21 -0500] "HEAD / HTTP/1.1" 200 -
156.59.198.136 - - [11/Jan/2024:06:15:28 -0500] "GET /BLA/resoluciones/RESOLUCIONES%202022/2339.pdf HTTP/1.0" 200 346866
201.245.192.253 - - [11/Jan/2024:06:15:45 -0500] "POST /kwsrmcab/Wsrmcab  HTTP/1.1" 200 36937
156.59.198.135 - - [11/Jan/2024:06:15:54 -0500] "GET /BLA/resoluciones/RESOLUCIONES%202022/0185.pdf HTTP/1.0" 200 451553
156.59.198.136 - - [11/Jan/2024:06:16:17 -0500] "GET /BLA/resoluciones/RESOLUCIONES%202022/1072.pdf HTTP/1.0" 200 400364
156.59.198.136 - - [11/Jan/2024:06:16:43 -0500] "GET /BLA/resoluciones/RESOLUCIONES%202022/2876.pdf HTTP/1.0" 200 350689
156.59.198.136 - - [11/Jan/2024:06:17:08 -0500] "GET /BLA/resoluciones/RESOLUCIONES%202022/3478.pdf HTTP/1.0" 200 472731
156.59.198.136 - - [11/Jan/2024:06:17:33 -0500] "GET /BLA/resoluciones/RESOLUCIONES%202022/3382.pdf HTTP/1.0" 200 426563
191.156.52.163 - - [11/Jan/2024:06:17:38 -0500] "GET /inicia-el-2024-conociendo-la-biodiversidad-de-bogoti.html?fbclid=IwAR2whZe1NyZ2qhJHZnmbLn5Qnbr3IiR51iaXuOrcs0aKlZqo778Y6Pz1jVs HTTP/1.1" 200 894
156.59.198.135 - - [11/Jan/2024:06:17:57 -0500] "GET /BLA/resoluciones/RESOLUCIONES%202022/3596.pdf HTTP/1.0" 200 430258
181.237.164.62 - - [11/Jan/2024:06:18:09 -0500] "GET /kwssiamovil/sm/ldap/au?x=U2FsdGVkX19jrT0VU9ZjZAeT8jfLRRpWA1XT3vxIYOpWBoFHtCcRSKlLnQklKhvf&y=U2FsdGVkX18r+PPN1IVwfrrXdjtNj4xdEQpoognMh+ZEbKWF8w+Ot19xYHvOXcTc HTTP/1.1" 200 30
181.237.164.62 - - [11/Jan/2024:06:18:09 -0500] "GET /kwssiamovil/sm/acme/s?s=U2FsdGVkX19PPaS/jxcORM9WQXqcjKRbR6h06HkBazKPlm6RzQqXx5n7pU0qP8TodzP8TFSauuJmabzb59LJ0j9zjgUp7c8KlvGbodwKPRM=&u=U2FsdGVkX1/4lvkxh3S4aUEdvLbSMpYVdt/2vFQueNQ=&y=U2FsdGVkX18r+PPN1IVwfrrXdjtNj4xdEQpoognMh+ZEbKWF8w+Ot19xYHvOXcTc HTTP/1.1" 200 97
181.237.164.62 - - [11/Jan/2024:06:18:10 -0500] "GET /kwssiamovil/sm/acme/s?s=U2FsdGVkX1+3wcuXynRhhAPd7jU3SEHrGt2Kh5vpkTFraR49+JJTiDHZtavlE9PlDYhI4u6nWvbamuFztCZ0tbGItJiToOcpuDoa2QSrqV7F7rMwCmLtSKrJfhCfteBlDGGrgrcD1/vVftE38nYhm0T8vFgPdehH4gb9e5UK/EhcCZGg3IO4n8FBiu/aXhYJEh+MeaJhZszCSAc9i7d/LLOYDCoNrv+0lPBxFdyHc0SHOcJvSxV+CLdCuOK2SnpSioIJI+/m0Se8DIYFtetnYWVWv44YA/ViwPrfL7AJ/CRkhAO7pV2Fzo/0J3kTy05no6Wml+OO20D9jQdlYeNsCyyk/9sl94XzOaPXyE0M3eqmO71p0QSQaFDXHLGi8NkNcZf3X/Jf5/9jr2AzElkM8uh1fgscwUKKlEad0CrLNkr0GLG0Cio3Az3Qkd2YoY2oimH5zwH8+qr5eKM4bE4LEAJQ9WhgEYpM9I2iibgtNyEyDf+CkwpbrNcsFNHQVKq2AbQfhcrqTwHCYAg1V7FxChlB2NKK7DMLgekCHpKzFKd8Kpaa+DKCCvqFgj0lQt5vO6/95UZLPyh7KV4Jy0oedZE85eXe5Y2phG5p6ZB/0BDVklawTLoUhuzCcU2rKDYH4tmS+1BTWHL0HqUfg3Q+4TEFC2YjBfyyHtdpCVENDFwepKlTZiTKZ4I6quDljrQEJUGUayLROj0vZYHXMpADehLUzpbyYVWKyA22uX7oLSmwIFynzNT5NkBfKUzirLWHYEhkqyFrvXXwfYdd275HSDSgFmqzW7gg8620wASfCz6nIxWts839J3yvUCZqRO8TehvQUqZNBrFb6yqqLoObmQueq4wn9PoKP/8w89+POnDs9pwb/XNY//MRYrk15e9ot53jRuBLimhs8RDSOZfpm8QGIdg4Y+8/MpRoJdObyonbjHxZ1j6cvsE2OSDKVOvARFPuPOMn692YFAw7bCFWvAO6gMhmpDVcji5ZtDooHKR9HvqWIPFpOq2gbsTegrrPFGIMWuRCdLTf87iYdxZvDpHUraXzqfgy7RT8+/KuGZEcgwtntQ4c8gO/+TteVJ6tHgf8X8mkXdbwGvujAyBHC1ynmWxrTXvMuanmTAJQOKx+g2XROrbHdRtbFmyq8Yf6dQHRkSnQ/0gNX1pTwlr2Ik39ZI2HWA1ubyBbbLhozkYM7WWTtnjowGIO1LXla4Ikpzkz9KP8KQU/GHppvFw7dFNpT9vqoJYz3MoSGJZ2NHIK7r4MB4NGxan8hoXgkpVaPOWDSc28oqD8bRvg1eO3769CNg+IZgsA7iHjuhsXTcYZ4z5eOObxpucnOZ/v6u9CIXi7FAaQdfoYa6SRXhuHxOddj15Ijco+M5UTWrWRO7fa+rZ5rb/xUoc9nPn1mlObFUU6/ysN0aMeWNWC1/W58LyTpHSfczjgTpW6JtGJTkI=&u=U2FsdGVkX1/4lvkxh3S4aUEdvLbSMpYVdt/2vFQueNQ=&y=U2FsdGVkX18r+PPN1IVwfrrXdjtNj4xdEQpoognMh+ZEbKWF8w+Ot19xYHvOXcTc HTTP/1.1" 200 2496
181.237.164.62 - - [11/Jan/2024:06:18:10 -0500] "GET /kwssiamovil/sm/acme/s?s=U2FsdGVkX18J0Xxa0rX+oRUJbcUR7U3eIubf4KDFyHNxGa1dD16lLMEJj5mjErYj/Cx7nlChvoYoYROor3DeXb+19q0NeC3QcBNQB3wlZ4Md0mY14UhBrU8t2yOYxW+v9ELLPdhZxBj/KaASphIkT+Ch8Wn2hKcYSQUdz5tkfkMNh0kyDPYXZybsVLFWlh6vYIKe4xib5/J50pPeFA7Lw1eJOfdM7UPZdapB0m5e5iRSTnzPwOquJg+zK+twu13+/wjsjuD0FV5MDpuD2gzze/I97uv/pcdgiu/hEjoSQi9iBo0kQwmuZI8RUbGsSxfu8yIMW+Mq3rqLt2Lxy38t+g==&u=U2FsdGVkX1/4lvkxh3S4aUEdvLbSMpYVdt/2vFQueNQ=&y=U2FsdGVkX18r+PPN1IVwfrrXdjtNj4xdEQpoognMh+ZEbKWF8w+Ot19xYHvOXcTc HTTP/1.1" 200 196
181.237.164.62 - - [11/Jan/2024:06:18:10 -0500] "GET /kwssiamovil/sm/cjson/pre?f=1&x=U2FsdGVkX19jrT0VU9ZjZAeT8jfLRRpWA1XT3vxIYOpWBoFHtCcRSKlLnQklKhvf HTTP/1.1" 200 31032
172.22.2.4 - - [11/Jan/2024:06:16:36 -0500] "HEAD /BLA/boletinlegal/ HTTP/1.1" 200 -
156.59.198.136 - - [11/Jan/2024:06:18:22 -0500] "GET /BLA/resoluciones/RESOLUCIONES%202022/2796.pdf HTTP/1.0" 200 394557
156.59.198.136 - - [11/Jan/2024:06:18:47 -0500] "GET /BLA/resoluciones/RESOLUCIONES%202022/2567.pdf HTTP/1.0" 200 1445779
172.22.2.4 - - [11/Jan/2024:06:17:27 -0500] "GET /BLA/boletinlegal/ HTTP/1.1" 200 58567
201.245.192.253 - - [11/Jan/2024:06:19:06 -0500] "POST /kwsrmcab/Wsrmcab HTTP/1.1" 200 36802
156.59.198.135 - - [11/Jan/2024:06:19:12 -0500] "GET /BLA/resoluciones/RESOLUCIONES%202022/2527.pdf HTTP/1.0" 200 2099615
156.59.198.135 - - [11/Jan/2024:06:19:36 -0500] "GET /BLA/resoluciones/RESOLUCIONES%202022/2639.pdf HTTP/1.0" 200 400842
201.245.192.253 - - [11/Jan/2024:06:19:45 -0500] "POST /kwsrmcab/Wsrmcab HTTP/1.1" 200 36503
156.59.198.135 - - [11/Jan/2024:06:20:01 -0500] "GET /BLA/resoluciones/RESOLUCIONES%202022/0588.pdf HTTP/1.0" 200 650243
216.245.221.92 - - [11/Jan/2024:06:20:21 -0500] "HEAD / HTTP/1.1" 200 -
156.59.198.136 - - [11/Jan/2024:06:20:25 -0500] "GET /BLA/resoluciones/RESOLUCIONES%202022/2877.pdf HTTP/1.0" 200 420349
201.245.192.253 - - [11/Jan/2024:06:20:44 -0500] "POST /kwsrmcab/Wsrmcab  HTTP/1.1" 200 36937
156.59.198.135 - - [11/Jan/2024:06:20:49 -0500] "GET /BLA/resoluciones/RESOLUCIONES%202022/3310.pdf HTTP/1.0" 200 399385
40.77.167.25 - - [11/Jan/2024:06:20:55 -0500] "GET /BLA/resoluciones/RESOLUCIONES%202018/3799.pdf HTTP/1.1" 200 272652
186.29.35.83 - - [11/Jan/2024:06:20:57 -0500] "POST /sipse/faces/presentacion/financiero/solicitudProceso/consultarSolicitudProceso.xhtml HTTP/1.1" 200 71449
186.29.35.83 - - [11/Jan/2024:06:20:58 -0500] "GET /sipse/faces/javax.faces.resource/layout/layout.css?ln=primefaces&v=4.0 HTTP/1.1" 304 -
186.29.35.83 - - [11/Jan/2024:06:20:58 -0500] "GET /sipse/faces/javax.faces.resource/primefaces.css?ln=primefaces&v=4.0 HTTP/1.1" 304 -
186.29.35.83 - - [11/Jan/2024:06:20:58 -0500] "GET /sipse/faces/javax.faces.resource/theme.css?ln=primefaces-sipse HTTP/1.1" 304 -
186.29.35.83 - - [11/Jan/2024:06:20:58 -0500] "GET /sipse/css/imagen/contrasena.png HTTP/1.1" 404 383
186.29.35.83 - - [11/Jan/2024:06:20:58 -0500] "GET /sipse/faces/javax.faces.resource/jquery/jquery.js?ln=primefaces&v=4.0 HTTP/1.1" 304 -
186.29.35.83 - - [11/Jan/2024:06:20:58 -0500] "GET /sipse/faces/javax.faces.resource/jquery/jquery-plugins.js?ln=primefaces&v=4.0 HTTP/1.1" 304 -
186.29.35.83 - - [11/Jan/2024:06:20:58 -0500] "GET /sipse/faces/javax.faces.resource/primefaces.js?ln=primefaces&v=4.0 HTTP/1.1" 304 -
186.29.35.83 - - [11/Jan/2024:06:20:58 -0500] "GET /sipse/faces/javax.faces.resource/layout/layout.js?ln=primefaces&v=4.0 HTTP/1.1" 304 -
186.29.35.83 - - [11/Jan/2024:06:20:58 -0500] "GET /sipse/faces/javax.faces.resource/images/ui-icons_898989_256x240.png?ln=primefaces-aristo HTTP/1.1" 304 -
186.29.35.83 - - [11/Jan/2024:06:21:04 -0500] "GET /sipse/faces/javax.faces.resource/images/ui-bg_flat_0_2d5972_40x100.png?ln=primefaces-aristo HTTP/1.1" 304 -
186.29.35.83 - - [11/Jan/2024:06:21:06 -0500] "POST /sipse/faces/presentacion/financiero/solicitudProceso/crearModificarSolicitudProceso.xhtml HTTP/1.1" 200 7575
186.29.35.83 - - [11/Jan/2024:06:21:08 -0500] "POST /sipse/faces/presentacion/financiero/solicitudProceso/crearModificarSolicitudProceso.xhtml HTTP/1.1" 200 112685
186.29.35.83 - - [11/Jan/2024:06:21:09 -0500] "GET /sipse/faces/javax.faces.resource/primefaces.css?ln=primefaces&v=4.0 HTTP/1.1" 304 -
186.29.35.83 - - [11/Jan/2024:06:21:09 -0500] "GET /sipse/faces/javax.faces.resource/theme.css?ln=primefaces-sipse HTTP/1.1" 304 -
186.29.35.83 - - [11/Jan/2024:06:21:09 -0500] "GET /sipse/faces/javax.faces.resource/layout/layout.css?ln=primefaces&v=4.0 HTTP/1.1" 304 -
186.29.35.83 - - [11/Jan/2024:06:21:09 -0500] "GET /sipse/faces/javax.faces.resource/jquery/jquery.js?ln=primefaces&v=4.0 HTTP/1.1" 304 -
186.29.35.83 - - [11/Jan/2024:06:21:09 -0500] "GET /sipse/faces/javax.faces.resource/jquery/jquery-plugins.js?ln=primefaces&v=4.0 HTTP/1.1" 304 -
186.29.35.83 - - [11/Jan/2024:06:21:09 -0500] "GET /sipse/faces/javax.faces.resource/primefaces.js?ln=primefaces&v=4.0 HTTP/1.1" 304 -
186.29.35.83 - - [11/Jan/2024:06:21:09 -0500] "GET /sipse/faces/javax.faces.resource/layout/layout.js?ln=primefaces&v=4.0 HTTP/1.1" 304 -
186.29.35.83 - - [11/Jan/2024:06:21:09 -0500] "GET /sipse/css/imagen/contrasena.png HTTP/1.1" 404 383
186.29.35.83 - - [11/Jan/2024:06:21:09 -0500] "GET /sipse/faces/javax.faces.resource/messages/messages.png?ln=primefaces&v=4.0 HTTP/1.1" 304 -
186.29.35.83 - - [11/Jan/2024:06:21:13 -0500] "POST /sipse/faces/presentacion/financiero/solicitudProceso/consultarSolicitudProceso.xhtml HTTP/1.1" 200 21167
186.29.35.83 - - [11/Jan/2024:06:21:14 -0500] "GET /sipse/faces/javax.faces.resource/layout/layout.css?ln=primefaces&v=4.0 HTTP/1.1" 304 -
186.29.35.83 - - [11/Jan/2024:06:21:14 -0500] "GET /sipse/faces/javax.faces.resource/primefaces.css?ln=primefaces&v=4.0 HTTP/1.1" 304 -
186.29.35.83 - - [11/Jan/2024:06:21:14 -0500] "GET /sipse/faces/javax.faces.resource/theme.css?ln=primefaces-sipse HTTP/1.1" 304 -
186.29.35.83 - - [11/Jan/2024:06:21:14 -0500] "GET /sipse/faces/javax.faces.resource/fileupload/fileupload.css?ln=primefaces&v=4.0 HTTP/1.1" 304 -
186.29.35.83 - - [11/Jan/2024:06:21:14 -0500] "GET /sipse/faces/javax.faces.resource/jquery/jquery.js?ln=primefaces&v=4.0 HTTP/1.1" 304 -
186.29.35.83 - - [11/Jan/2024:06:21:14 -0500] "GET /sipse/faces/javax.faces.resource/jquery/jquery-plugins.js?ln=primefaces&v=4.0 HTTP/1.1" 304 -
186.29.35.83 - - [11/Jan/2024:06:21:14 -0500] "GET /sipse/faces/javax.faces.resource/primefaces.js?ln=primefaces&v=4.0 HTTP/1.1" 304 -
186.29.35.83 - - [11/Jan/2024:06:21:14 -0500] "GET /sipse/faces/javax.faces.resource/layout/layout.js?ln=primefaces&v=4.0 HTTP/1.1" 304 -
186.29.35.83 - - [11/Jan/2024:06:21:14 -0500] "GET /sipse/faces/javax.faces.resource/fileupload/fileupload.js?ln=primefaces&v=4.0 HTTP/1.1" 304 -
186.29.35.83 - - [11/Jan/2024:06:21:14 -0500] "GET /sipse/css/imagen/contrasena.png HTTP/1.1" 404 383
186.29.35.83 - - [11/Jan/2024:06:21:14 -0500] "GET /sipse/faces/javax.faces.resource/images/ui-icons_898989_256x240.png?ln=primefaces-aristo HTTP/1.1" 304 -
156.59.198.136 - - [11/Jan/2024:06:21:14 -0500] "GET /BLA/resoluciones/RESOLUCIONES%202022/1660.pdf HTTP/1.0" 200 431719
186.29.35.83 - - [11/Jan/2024:06:21:19 -0500] "GET /sipse/faces/javax.faces.resource/theme.css?ln=primefaces-sipse HTTP/1.1" 304 -
186.29.35.83 - - [11/Jan/2024:06:21:19 -0500] "GET /sipse/faces/javax.faces.resource/primefaces.css?ln=primefaces&v=4.0 HTTP/1.1" 304 -
186.29.35.83 - - [11/Jan/2024:06:21:19 -0500] "GET /sipse/faces/javax.faces.resource/layout/layout.css?ln=primefaces&v=4.0 HTTP/1.1" 304 -
186.29.35.83 - - [11/Jan/2024:06:21:19 -0500] "GET /sipse/faces/javax.faces.resource/jquery/jquery.js?ln=primefaces&v=4.0 HTTP/1.1" 304 -
186.29.35.83 - - [11/Jan/2024:06:21:19 -0500] "GET /sipse/faces/javax.faces.resource/jquery/jquery-plugins.js?ln=primefaces&v=4.0 HTTP/1.1" 304 -
186.29.35.83 - - [11/Jan/2024:06:21:18 -0500] "POST /sipse/faces/presentacion/sistema/anexos/cargarAnexoSolicitudProceso.xhtml HTTP/1.1" 200 158934
186.29.35.83 - - [11/Jan/2024:06:21:19 -0500] "GET /sipse/faces/javax.faces.resource/primefaces.js?ln=primefaces&v=4.0 HTTP/1.1" 304 -
186.29.35.83 - - [11/Jan/2024:06:21:19 -0500] "GET /sipse/faces/javax.faces.resource/layout/layout.js?ln=primefaces&v=4.0 HTTP/1.1" 304 -
186.29.35.83 - - [11/Jan/2024:06:21:19 -0500] "GET /sipse/faces/javax.faces.resource/images/ui-icons_898989_256x240.png?ln=primefaces-aristo HTTP/1.1" 304 -
40.77.167.152 - - [11/Jan/2024:06:21:35 -0500] "GET /appsia/controlador HTTP/1.1" 200 4799
156.59.198.136 - - [11/Jan/2024:06:21:38 -0500] "GET /BLA/resoluciones/RESOLUCIONES%202022/2350.pdf HTTP/1.0" 200 421724
186.29.35.83 - - [11/Jan/2024:06:21:39 -0500] "GET /sipse/faces/javax.faces.resource/images/ui-bg_flat_0_2d5972_40x100.png?ln=primefaces-aristo HTTP/1.1" 304 -
186.29.35.83 - - [11/Jan/2024:06:21:41 -0500] "POST /sipse/faces/presentacion/financiero/solicitudProceso/consultarSolicitudProceso.xhtml HTTP/1.1" 200 65598
186.29.35.83 - - [11/Jan/2024:06:21:43 -0500] "GET /sipse/faces/javax.faces.resource/theme.css?ln=primefaces-sipse HTTP/1.1" 304 -
186.29.35.83 - - [11/Jan/2024:06:21:44 -0500] "GET /sipse/faces/javax.faces.resource/primefaces.css?ln=primefaces&v=4.0 HTTP/1.1" 304 -
186.29.35.83 - - [11/Jan/2024:06:21:44 -0500] "GET /sipse/faces/javax.faces.resource/jquery/jquery.js?ln=primefaces&v=4.0 HTTP/1.1" 304 -
186.29.35.83 - - [11/Jan/2024:06:21:44 -0500] "GET /sipse/faces/javax.faces.resource/layout/layout.css?ln=primefaces&v=4.0 HTTP/1.1" 304 -
186.29.35.83 - - [11/Jan/2024:06:21:44 -0500] "GET /sipse/faces/javax.faces.resource/jquery/jquery-plugins.js?ln=primefaces&v=4.0 HTTP/1.1" 304 -
186.29.35.83 - - [11/Jan/2024:06:21:44 -0500] "GET /sipse/faces/javax.faces.resource/primefaces.js?ln=primefaces&v=4.0 HTTP/1.1" 304 -
186.29.35.83 - - [11/Jan/2024:06:21:44 -0500] "GET /sipse/faces/javax.faces.resource/layout/layout.js?ln=primefaces&v=4.0 HTTP/1.1" 304 -
186.29.35.83 - - [11/Jan/2024:06:21:44 -0500] "GET /sipse/faces/javax.faces.resource/messages/messages.png?ln=primefaces&v=4.0 HTTP/1.1" 304 -
186.29.35.83 - - [11/Jan/2024:06:21:44 -0500] "POST /sipse/faces/presentacion/financiero/solicitudProceso/listarSolicitudProceso.xhtml HTTP/1.1" 200 1556
186.29.35.83 - - [11/Jan/2024:06:21:46 -0500] "POST /sipse/faces/presentacion/financiero/solicitudProceso/listarSolicitudProceso.xhtml HTTP/1.1" 200 24400
186.29.35.83 - - [11/Jan/2024:06:21:59 -0500] "POST /sipse/faces/presentacion/financiero/solicitudProceso/listarSolicitudProceso.xhtml HTTP/1.1" 200 116835
186.29.35.83 - - [11/Jan/2024:06:22:00 -0500] "GET /sipse/faces/javax.faces.resource/theme.css?ln=primefaces-sipse HTTP/1.1" 304 -
186.29.35.83 - - [11/Jan/2024:06:22:00 -0500] "GET /sipse/faces/javax.faces.resource/primefaces.css?ln=primefaces&v=4.0 HTTP/1.1" 304 -
186.29.35.83 - - [11/Jan/2024:06:22:00 -0500] "GET /sipse/faces/javax.faces.resource/layout/layout.css?ln=primefaces&v=4.0 HTTP/1.1" 304 -
186.29.35.83 - - [11/Jan/2024:06:22:00 -0500] "GET /sipse/faces/javax.faces.resource/jquery/jquery.js?ln=primefaces&v=4.0 HTTP/1.1" 304 -
186.29.35.83 - - [11/Jan/2024:06:22:00 -0500] "GET /sipse/faces/javax.faces.resource/jquery/jquery-plugins.js?ln=primefaces&v=4.0 HTTP/1.1" 304 -
186.29.35.83 - - [11/Jan/2024:06:22:00 -0500] "GET /sipse/faces/javax.faces.resource/primefaces.js?ln=primefaces&v=4.0 HTTP/1.1" 304 -
186.29.35.83 - - [11/Jan/2024:06:22:00 -0500] "GET /sipse/faces/javax.faces.resource/layout/layout.js?ln=primefaces&v=4.0 HTTP/1.1" 304 -
156.59.198.135 - - [11/Jan/2024:06:22:02 -0500] "GET /BLA/resoluciones/RESOLUCIONES%202022/2784.pdf HTTP/1.0" 200 406198
156.59.198.135 - - [11/Jan/2024:06:22:27 -0500] "GET /BLA/resoluciones/RESOLUCIONES%202022/2970.pdf HTTP/1.0" 200 459207
156.59.198.136 - - [11/Jan/2024:06:22:51 -0500] "GET /BLA/resoluciones/RESOLUCIONES%202022/3337.pdf HTTP/1.0" 200 527851
156.59.198.136 - - [11/Jan/2024:06:23:16 -0500] "GET /BLA/resoluciones/RESOLUCIONES%202022/1984.pdf HTTP/1.0" 200 350926
156.59.198.136 - - [11/Jan/2024:06:23:41 -0500] "GET /BLA/resoluciones/RESOLUCIONES%202022/0598.pdf HTTP/1.0" 200 1512699
156.59.198.136 - - [11/Jan/2024:06:24:05 -0500] "GET /BLA/resoluciones/RESOLUCIONES%202022/0275.pdf HTTP/1.0" 200 432508
172.22.2.4 - - [11/Jan/2024:06:22:26 -0500] "HEAD /BLA/boletinlegal/ HTTP/1.1" 200 -
156.59.198.135 - - [11/Jan/2024:06:24:30 -0500] "GET /BLA/resoluciones/RESOLUCIONES%202022/0283.pdf HTTP/1.0" 200 7458
201.245.192.253 - - [11/Jan/2024:06:24:50 -0500] "POST /kwsrmcab/Wsrmcab HTTP/1.1" 200 36802
156.59.198.135 - - [11/Jan/2024:06:24:55 -0500] "GET /BLA/resoluciones/RESOLUCIONES%202022/2783.pdf HTTP/1.0" 200 408225
201.245.192.253 - - [11/Jan/2024:06:24:53 -0500] "POST /kwsrmcab/Wsrmcab HTTP/1.1" 200 36503
172.22.2.4 - - [11/Jan/2024:06:23:17 -0500] "GET /BLA/boletinlegal/ HTTP/1.1" 200 60910
51.222.253.13 - - [11/Jan/2024:06:25:08 -0500] "GET /robots.txt HTTP/1.1" 404 1035
51.222.253.10 - - [11/Jan/2024:06:25:09 -0500] "GET /portaldeninos/relatos-urbanos-de-los-ecosistemas-bogotanos-2/ HTTP/1.1" 200 88374
156.59.198.136 - - [11/Jan/2024:06:25:19 -0500] "GET /BLA/resoluciones/RESOLUCIONES%202022/3236.pdf HTTP/1.0" 200 342054
51.222.253.4 - - [11/Jan/2024:06:25:18 -0500] "GET /portaldeninos/contactanos/ HTTP/1.1" 200 88135
216.245.221.92 - - [11/Jan/2024:06:25:21 -0500] "HEAD / HTTP/1.1" 200 -
51.222.253.7 - - [11/Jan/2024:06:25:21 -0500] "GET /portaldeninos/glosario/ HTTP/1.1" 200 97198
97.70.129.102 - - [11/Jan/2024:06:25:23 -0500] "GET / HTTP/1.1" 200 319
216.244.66.195 - - [11/Jan/2024:06:25:29 -0500] "GET /robots.txt HTTP/1.1" 404 1018
181.61.16.235 - - [11/Jan/2024:06:25:42 -0500] "GET /appsia/controlador HTTP/1.1" 200 4799
181.61.16.235 - - [11/Jan/2024:06:25:42 -0500] "GET /appsia/css/estilos.css HTTP/1.1" 200 4804
181.61.16.235 - - [11/Jan/2024:06:25:42 -0500] "GET /appsia/scripts/validarIngreso.js HTTP/1.1" 200 851
181.61.16.235 - - [11/Jan/2024:06:25:42 -0500] "GET /appsia/images/cabezoteHojaVida.png HTTP/1.1" 200 32493
181.61.16.235 - - [11/Jan/2024:06:25:42 -0500] "GET /appsia/images/logo_bogota_p.png HTTP/1.1" 200 14951
181.61.16.235 - - [11/Jan/2024:06:25:42 -0500] "GET /favicon.ico HTTP/1.1" 200 7782
201.245.192.253 - - [11/Jan/2024:06:25:42 -0500] "POST /kwsrmcab/Wsrmcab  HTTP/1.1" 200 36937
156.59.198.135 - - [11/Jan/2024:06:25:45 -0500] "GET /BLA/resoluciones/RESOLUCIONES%202022/0667.pdf HTTP/1.0" 200 399296
156.59.198.135 - - [11/Jan/2024:06:26:08 -0500] "GET /BLA/resoluciones/RESOLUCIONES%202022/2637.pdf HTTP/1.0" 200 393269
181.61.16.235 - - [11/Jan/2024:06:26:31 -0500] "POST /appsia/controlador HTTP/1.1" 200 3601
181.61.16.235 - - [11/Jan/2024:06:26:31 -0500] "GET /appsia/jscripts/validarSolicitud.js HTTP/1.1" 404 68
156.59.198.135 - - [11/Jan/2024:06:26:32 -0500] "GET /BLA/resoluciones/RESOLUCIONES%202022/3387.pdf HTTP/1.0" 200 649484
66.249.66.77 - - [11/Jan/2024:06:26:34 -0500] "GET /portaldeninos/humedal-santa-maria-del-lago/ HTTP/1.1" 200 88988
181.61.16.235 - - [11/Jan/2024:06:26:48 -0500] "POST /appsia/controlador HTTP/1.1" 200 4799
156.59.198.136 - - [11/Jan/2024:06:26:57 -0500] "GET /BLA/resoluciones/RESOLUCIONES%202022/0674.pdf HTTP/1.0" 200 389166
66.249.66.20 - - [11/Jan/2024:06:26:59 -0500] "GET /BLA/resoluciones/RESOLUCIONES%202009/3470.pdf HTTP/1.1" 200 335508
186.29.8.226 - - [11/Jan/2024:06:27:18 -0500] "GET /appsia/controlador HTTP/1.1" 200 4799
186.29.8.226 - - [11/Jan/2024:06:27:18 -0500] "GET /appsia/css/estilos.css HTTP/1.1" 200 4804
186.29.8.226 - - [11/Jan/2024:06:27:18 -0500] "GET /appsia/scripts/validarIngreso.js HTTP/1.1" 200 851
186.29.8.226 - - [11/Jan/2024:06:27:18 -0500] "GET /appsia/images/cabezoteHojaVida.png HTTP/1.1" 200 32493
186.29.8.226 - - [11/Jan/2024:06:27:18 -0500] "GET /appsia/images/logo_bogota_p.png HTTP/1.1" 200 14951
186.29.8.226 - - [11/Jan/2024:06:27:18 -0500] "GET /favicon.ico HTTP/1.1" 200 7782
156.59.198.136 - - [11/Jan/2024:06:27:22 -0500] "GET /BLA/resoluciones/RESOLUCIONES%202022/3916.pdf HTTP/1.0" 200 440609
186.29.8.226 - - [11/Jan/2024:06:27:33 -0500] "POST /appsia/controlador HTTP/1.1" 200 4621
181.61.16.235 - - [11/Jan/2024:06:27:34 -0500] "GET /appsia/controlador HTTP/1.1" 200 4799
186.29.8.226 - - [11/Jan/2024:06:27:37 -0500] "POST /appsia/controlador HTTP/1.1" 200 16023
186.29.8.226 - - [11/Jan/2024:06:27:37 -0500] "GET /appsia/images/logo_escudo.png HTTP/1.1" 200 36965
181.61.16.235 - - [11/Jan/2024:06:27:39 -0500] "GET /appsia/controlador HTTP/1.1" 200 4799
156.59.198.135 - - [11/Jan/2024:06:27:46 -0500] "GET /BLA/resoluciones/RESOLUCIONES%202022/2872.pdf HTTP/1.0" 200 533822
40.77.167.15 - - [11/Jan/2024:06:28:02 -0500] "GET /portaldeninos/?s=2024 HTTP/1.1" 200 85855
156.59.198.135 - - [11/Jan/2024:06:28:10 -0500] "GET /BLA/resoluciones/RESOLUCIONES%202022/2464.pdf HTTP/1.0" 200 364902
181.61.16.235 - - [11/Jan/2024:06:28:21 -0500] "POST /appsia/controlador HTTP/1.1" 200 4621
181.61.16.235 - - [11/Jan/2024:06:28:31 -0500] "POST /appsia/controlador HTTP/1.1" 200 7727
181.61.16.235 - - [11/Jan/2024:06:28:31 -0500] "GET /appsia/images/logo_escudo.png HTTP/1.1" 200 36965
156.59.198.135 - - [11/Jan/2024:06:28:34 -0500] "GET /BLA/resoluciones/RESOLUCIONES%202022/1897.pdf HTTP/1.0" 200 586081
156.59.198.136 - - [11/Jan/2024:06:28:59 -0500] "GET /BLA/resoluciones/RESOLUCIONES%202022/3132.pdf HTTP/1.0" 200 420384
201.245.192.253 - - [11/Jan/2024:06:29:06 -0500] "POST /kwsrmcab/Wsrmcab HTTP/1.1" 200 36802
156.59.198.136 - - [11/Jan/2024:06:29:22 -0500] "GET /BLA/resoluciones/RESOLUCIONES%202022/2860.pdf HTTP/1.0" 200 364914
156.59.198.136 - - [11/Jan/2024:06:29:47 -0500] "GET /BLA/resoluciones/RESOLUCIONES%202022/3921.pdf HTTP/1.0" 200 515750
201.245.192.253 - - [11/Jan/2024:06:29:45 -0500] "POST /kwsrmcab/Wsrmcab HTTP/1.1" 200 36503
114.119.128.154 - - [11/Jan/2024:06:29:49 -0500] "GET /robots.txt HTTP/1.1" 404 1018
191.156.181.42 - - [11/Jan/2024:06:29:54 -0500] "GET /inicia-el-2024-conociendo-la-biodiversidad-de-bogoti.html?fbclid=IwAR1iX7B1JsVvJlsax0DQaZNYdsA-EaJjL7siHY5PEhoeMsYENL8p7cnS-W0 HTTP/1.1" 200 894
172.22.2.4 - - [11/Jan/2024:06:28:16 -0500] "HEAD /BLA/boletinlegal/ HTTP/1.1" 200 -
156.59.198.135 - - [11/Jan/2024:06:30:11 -0500] "GET /BLA/resoluciones/RESOLUCIONES%202022/3160.pdf HTTP/1.0" 200 396725
216.245.221.92 - - [11/Jan/2024:06:30:21 -0500] "HEAD / HTTP/1.1" 200 -
156.59.198.135 - - [11/Jan/2024:06:30:35 -0500] "GET /BLA/resoluciones/RESOLUCIONES%202022/3936.pdf HTTP/1.0" 200 488391
201.245.192.253 - - [11/Jan/2024:06:30:41 -0500] "POST /kwsrmcab/Wsrmcab  HTTP/1.1" 200 36937
172.22.2.4 - - [11/Jan/2024:06:29:07 -0500] "GET /BLA/boletinlegal/ HTTP/1.1" 200 60910
156.59.198.135 - - [11/Jan/2024:06:31:00 -0500] "GET /BLA/resoluciones/RESOLUCIONES%202022/2785.pdf HTTP/1.0" 200 377558
156.59.198.136 - - [11/Jan/2024:06:31:24 -0500] "GET /BLA/resoluciones/RESOLUCIONES%202022/3977.pdf HTTP/1.0" 200 395188
156.59.198.136 - - [11/Jan/2024:06:31:49 -0500] "GET /BLA/resoluciones/RESOLUCIONES%202022/3950.pdf HTTP/1.0" 200 415932
176.107.16.154 - - [11/Jan/2024:06:32:01 -0500] "GET / HTTP/1.0" 200 319
156.59.198.136 - - [11/Jan/2024:06:32:13 -0500] "GET /BLA/resoluciones/RESOLUCIONES%202022/2362.pdf HTTP/1.0" 200 416384
156.59.198.136 - - [11/Jan/2024:06:32:37 -0500] "GET /BLA/resoluciones/RESOLUCIONES%202022/3577.pdf HTTP/1.0" 200 388134
186.86.33.138 - - [11/Jan/2024:06:32:42 -0500] "GET /kwssiamovil/sm/ldap/au?x=U2FsdGVkX18GzW0iKuW2U865+tQn1dW3V1ez7TxxQDnwrQdX641PS+UH8yMGe17A&y=U2FsdGVkX18fVDb+Vk/LLvCHnkin8KlS4ACRmegIM38= HTTP/1.1" 200 30
186.86.33.138 - - [11/Jan/2024:06:32:42 -0500] "GET /kwssiamovil/sm/acme/s?s=U2FsdGVkX18hhBqrWugpyUFXbnwng0kv9pCHz1vIz+JIAEMulLSyEQ5gmpFAy8ZruM5JAQ+FaPrSME6F/IRYZK77yGKlzk15ZgbVRkJnitM=&u=U2FsdGVkX1/Y44GE2CFPgC+jjPEVA+g7JZsp6GKfNGk=&y=U2FsdGVkX18fVDb+Vk/LLvCHnkin8KlS4ACRmegIM38= HTTP/1.1" 200 97
186.86.33.138 - - [11/Jan/2024:06:32:42 -0500] "GET /kwssiamovil/sm/acme/s?s=U2FsdGVkX18Cct9tMULS9KEC/bLvNIf3mjRj0hCpUB85kLnlrAg8hJpHgIp9f463bHAnT7AzyEn6CbaARZXelcIqu8gzyf4gg+ZQccdArAlBHHLokgDfxYUxI+fdXLHh45REwEllhfu8dBwbin2LxOneKuGEHA4fuELR9oR1mNPVawabdYv8+VbZQd2XbO46SUow7vNqKrK3CGYrFublUdnDmTxLrftRQvB7TY+EFT0PzP4GqJuPfk0BrozTBriEFtkpWr5wNv0n40MA//vUZFWVnkrMFMHMVPwjNY0HxabDicf8Vw4fPQRaAFKI0n1ZMMSA0Cprc3m1vxY9iE4bmEcLtWR0FaX45bjTJgGiu32Xn0K91kIFVbCOjOL3/ma00RfV/GVEljOoJNcTsxj3jh5pd7L5kCg8igWalGGr7GsEWpI1HW2fvvu4SA6DMgRdOwnzgJsOni3dh4VIrLO9sXULFhVaoy92kFIXU7fB3wUnJ3kqUMIqfhozqgZeLt+36awWRQclJbKBmCK1NzLPADRUyAxgC0na+uMVzCp/9t9lvVyLZ9AfMGNVgU8lvJiMUIbr+eaH2LvAe6Mn8yZZU8Bf5gz1szk81mqEHnHQwmZA7i1neheq/+CRJOzKpieGDEYuMJZGy7hEbUsfWa3/J2YSpVs5aVUdLroTUK4BE/IzdgGnEPipT+EXR7cArMyRHUoing3pfyKg30rHwkfUb7OqmJWFBoBxhQyBg+mL3HnQ19u9FDFqZI/LVzB5hzlTxBw4NSHQLagueBVO/m2vCDhbGy+R3/O6i3J8V+XhgQyXau97QmHW/HCHrU2Dg/7/fc3CEt9Lh6N9fcn+XGqYP92y4YZobJU1cShjB5gcUAnl+CdXHMsMbbHhGC8UcOulQm7KtcxOAejfrCbpCYfVXXsj8/UphGFpEuG47LTxFHGfP9ho75Hl4TWO7Xn2BcFOOSxpWWG0W7746LFQpzAOn8nr9xVeeSKk/9bvNR9tYc39h+udYisl6DoO74PEQS4cp+Ns+TnF3QML9PgrJIy1KRVWur0djNdelEIoXntJbWhn7SYaZI1pOmSO4fdKPt2eu+bCouUMoRAqMbXakN/SUdrDyggs78H/Epo6VtxHpa6G1gsuHEbfE912vf7Qsrps+ABSJw2WgzDDt3gMilTf+L8PU0JV2WrTkKTpzPMDXk1si78PEsEEIv4zzaQPSQKAkCXKo//TIQb202ylMA0iIHD/IqKVHujtbWU6THIoCNCYHj/KqJrJusUGtf9Lh7ptwsxb3CtACQX/HOl1a6jPuuB/gachC3Ec/19b5NCpGapCFlcE/1XeHKlKBWQc0NjPL0GeFNkXc20knq2bLij1+wd+02wPTKdoGHxrd4271lozGH7pQ4CtFS4Y1vb/CEjkG/JAbZUANu/luI5YbCtbrS/5mBRJNGyQ/w41jIs8H/t7b8aSxm2m7SzvrulrBAdTi1KGC3o2PnsEYYd8ej34wbVHU9IE9oN8ZRrLl4OPd+aVkIjl1p/YZpRGrspLSJHmSOG+SKtTgeb7A1RY4Xw44kkJz63j4u8pv4EFw6m1iuTzUdV6BG6ZT+uk+JofjPJ0TCa66J+oJ+qRY2gA8JoqhGI8jLrwgC5lVo0OStZ8R6w5dYny6LOyWgpR3KVH5ayBytolBWL7LpMoy8axkEh8QvrOiQlfo1+hnj1ksLqObTbS5hDE0eXzcVLFZwG98RfCQ4f7mNwM3zrnzRCdad8RDqU/N1p2js5klWnoY8qwV8A=&u=U2FsdGVkX1/Y44GE2CFPgC+jjPEVA+g7JZsp6GKfNGk=&y=U2FsdGVkX18fVDb+Vk/LLvCHnkin8KlS4ACRmegIM38= HTTP/1.1" 200 2483
186.86.33.138 - - [11/Jan/2024:06:32:42 -0500] "GET /kwssiamovil/sm/acme/s?s=U2FsdGVkX199OtM3N1Oh+T3Wda0uEcVxl986WSYzpIOLHQYYKXp8v5ZUeub/Yid5XVKJ3NBoueHsw1tZ63WWa+uOkzT9ASXwl91ov4apJm1bUKePovNhIyeB/iTcJMeD7hiv5bqwyOmUHjqgSt/8nDIBEfoDOrsxWmL0PsFh7/hwxIwNSgB7DODeNt5lWPR8sQop+sM4iD7pEmHChv8l1AaEInkRnx9rSHTUV5th0v1/dp746ZeZbz6oMtD7UlJ9pGXGN3eC16/nV5A9tkigQZla3rXvrqPVQ7ibkxA00j37h247BYiT6ytHq/A6/nVkvhls+Q1/JjeQxvzynDQOS8ruhvUkPCQPgLJcYJCo8gGlht97KLVy7FRzyRnpkm6GLTMbJMhlM4WRPM5zK6zMQsXRuTCq65NG/3pFLIcdli+nT4Fjb+LhbZWmHxIZKuKcF/lUXLRihsmsqyZC6MxaunkEDky9JZEgbaxrRRzI4rHpHresjO2C8aI9RlG1Az6DyK0Ks60Rvp1c/vD6k11hE6t5LCcB6vZnFR7vbbZdixWDkcXIXDw3WFXe9yBOSVEW7hwHphcgGH3kFNAd3YbBBiBalgTXswRV8DVfw32+itamsL1uxJF9Yov4SBE2R93ZyfqE/YxyyzATWwOaJ3myNETI7fuUAULBLKpTr2f0SorhP/33msX0sdWun5t9N0OCYRN/RLACk0zDHN3ARTMrZ6QuYVcg+8Wn/7vG46XhzgKF8v+g2dFDS+FFfmZVYpQa&u=U2FsdGVkX1/Y44GE2CFPgC+jjPEVA+g7JZsp6GKfNGk=&y=U2FsdGVkX18fVDb+Vk/LLvCHnkin8KlS4ACRmegIM38= HTTP/1.1" 200 208
186.86.33.138 - - [11/Jan/2024:06:32:42 -0500] "GET /kwssiamovil/sm/cjson/pre?f=1&x=U2FsdGVkX18GzW0iKuW2U865+tQn1dW3V1ez7TxxQDnwrQdX641PS+UH8yMGe17A HTTP/1.1" 200 31032
156.59.198.135 - - [11/Jan/2024:06:33:01 -0500] "GET /BLA/resoluciones/RESOLUCIONES%202022/3556.pdf HTTP/1.0" 200 354683
156.59.198.135 - - [11/Jan/2024:06:33:26 -0500] "GET /BLA/resoluciones/RESOLUCIONES%202022/3244.pdf HTTP/1.0" 200 361617
156.59.198.135 - - [11/Jan/2024:06:33:51 -0500] "GET /BLA/resoluciones/RESOLUCIONES%202022/2254.pdf HTTP/1.0" 200 429319
156.59.198.135 - - [11/Jan/2024:06:34:16 -0500] "GET /BLA/resoluciones/RESOLUCIONES%202022/0188.pdf HTTP/1.0" 200 533011
156.59.198.135 - - [11/Jan/2024:06:34:39 -0500] "GET /BLA/resoluciones/RESOLUCIONES%202022/2849.pdf HTTP/1.0" 200 428125
201.245.192.253 - - [11/Jan/2024:06:34:50 -0500] "POST /kwsrmcab/Wsrmcab HTTP/1.1" 200 36802
201.245.192.253 - - [11/Jan/2024:06:34:53 -0500] "POST /kwsrmcab/Wsrmcab HTTP/1.1" 200 36503
156.59.198.135 - - [11/Jan/2024:06:35:04 -0500] "GET /BLA/resoluciones/RESOLUCIONES%202022/2321.pdf HTTP/1.0" 200 415479
216.245.221.92 - - [11/Jan/2024:06:35:21 -0500] "HEAD / HTTP/1.1" 200 -
156.59.198.135 - - [11/Jan/2024:06:35:28 -0500] "GET /BLA/resoluciones/RESOLUCIONES%202022/3634.pdf HTTP/1.0" 200 496746
201.245.192.253 - - [11/Jan/2024:06:35:40 -0500] "POST /kwsrmcab/Wsrmcab  HTTP/1.1" 200 36937
172.22.2.4 - - [11/Jan/2024:06:34:06 -0500] "HEAD /BLA/boletinlegal/ HTTP/1.1" 200 -
156.59.198.136 - - [11/Jan/2024:06:35:52 -0500] "GET /BLA/resoluciones/RESOLUCIONES%202022/3145.pdf HTTP/1.0" 200 407831
156.59.198.135 - - [11/Jan/2024:06:36:16 -0500] "GET /BLA/resoluciones/RESOLUCIONES%202022/2355.pdf HTTP/1.0" 200 410015
181.56.244.133 - - [11/Jan/2024:06:36:34 -0500] "GET /BLA/resoluciones/ HTTP/1.1" 200 13696
172.22.2.4 - - [11/Jan/2024:06:34:57 -0500] "GET /BLA/boletinlegal/ HTTP/1.1" 200 58567
181.56.244.133 - - [11/Jan/2024:06:36:37 -0500] "GET /BLA/resoluciones/index.php?dir=RESOLUCIONES+2018%2F HTTP/1.1" 200 281469
156.59.198.136 - - [11/Jan/2024:06:36:41 -0500] "GET /BLA/resoluciones/RESOLUCIONES%202022/3361.pdf HTTP/1.0" 200 479951
172.105.128.11 - - [11/Jan/2024:06:36:58 -0500] "\x16\x03\x01" 400 226
156.59.198.135 - - [11/Jan/2024:06:37:05 -0500] "GET /BLA/resoluciones/RESOLUCIONES%202022/3159.pdf HTTP/1.0" 200 416073
156.59.198.136 - - [11/Jan/2024:06:37:28 -0500] "GET /BLA/resoluciones/RESOLUCIONES%202022/1699.pdf HTTP/1.0" 200 585527
156.59.198.136 - - [11/Jan/2024:06:37:53 -0500] "GET /BLA/resoluciones/RESOLUCIONES%202022/0865.pdf HTTP/1.0" 200 363725
156.59.198.135 - - [11/Jan/2024:06:38:18 -0500] "GET /BLA/resoluciones/RESOLUCIONES%202022/3542.pdf HTTP/1.0" 200 352984
216.244.66.195 - - [11/Jan/2024:06:38:30 -0500] "GET /BLA/resoluciones/AUTOS%202022/5508.pdf HTTP/1.1" 200 362407
156.59.198.136 - - [11/Jan/2024:06:38:42 -0500] "GET /BLA/resoluciones/RESOLUCIONES%202022/2324.pdf HTTP/1.0" 200 539109
156.59.198.136 - - [11/Jan/2024:06:39:07 -0500] "GET /BLA/resoluciones/RESOLUCIONES%202022/3530.pdf HTTP/1.0" 200 450783
201.245.192.253 - - [11/Jan/2024:06:39:06 -0500] "POST /kwsrmcab/Wsrmcab HTTP/1.1" 200 36802
156.59.198.136 - - [11/Jan/2024:06:39:31 -0500] "GET /BLA/resoluciones/RESOLUCIONES%202022/3161.pdf HTTP/1.0" 200 459792
201.245.192.253 - - [11/Jan/2024:06:39:46 -0500] "POST /kwsrmcab/Wsrmcab HTTP/1.1" 200 36503
156.59.198.136 - - [11/Jan/2024:06:39:57 -0500] "GET /BLA/resoluciones/RESOLUCIONES%202022/2422.pdf HTTP/1.0" 200 408891
216.245.221.92 - - [11/Jan/2024:06:40:21 -0500] "HEAD / HTTP/1.1" 200 -
156.59.198.136 - - [11/Jan/2024:06:40:21 -0500] "GET /BLA/resoluciones/RESOLUCIONES%202022/2320.pdf HTTP/1.0" 200 502035
201.245.192.253 - - [11/Jan/2024:06:40:39 -0500] "POST /kwsrmcab/Wsrmcab  HTTP/1.1" 200 36937
156.59.198.135 - - [11/Jan/2024:06:40:46 -0500] "GET /BLA/resoluciones/RESOLUCIONES%202022/2797.pdf HTTP/1.0" 200 374193
156.59.198.136 - - [11/Jan/2024:06:41:12 -0500] "GET /BLA/resoluciones/RESOLUCIONES%202022/2260.pdf HTTP/1.0" 200 401571
172.22.2.4 - - [11/Jan/2024:06:39:56 -0500] "HEAD /BLA/boletinlegal/ HTTP/1.1" 200 -
156.59.198.136 - - [11/Jan/2024:06:41:37 -0500] "GET /BLA/resoluciones/RESOLUCIONES%202022/1993.pdf HTTP/1.0" 200 975738
156.59.198.135 - - [11/Jan/2024:06:42:03 -0500] "GET /BLA/resoluciones/RESOLUCIONES%202022/1476.pdf HTTP/1.0" 200 398880
156.59.198.136 - - [11/Jan/2024:06:42:26 -0500] "GET /BLA/resoluciones/RESOLUCIONES%202022/3479.pdf HTTP/1.0" 200 485257
172.22.2.4 - - [11/Jan/2024:06:40:47 -0500] "GET /BLA/boletinlegal/ HTTP/1.1" 200 58567
40.77.167.136 - - [11/Jan/2024:06:42:27 -0500] "GET /BLA/resoluciones/RESOLUCIONES%202023/1231.pdf HTTP/1.1" 200 580466
156.59.198.135 - - [11/Jan/2024:06:42:50 -0500] "GET /BLA/resoluciones/RESOLUCIONES%202022/3175.pdf HTTP/1.0" 200 334322
156.59.198.135 - - [11/Jan/2024:06:43:15 -0500] "GET /BLA/resoluciones/RESOLUCIONES%202022/3915.pdf HTTP/1.0" 200 533785
40.77.167.136 - - [11/Jan/2024:06:43:19 -0500] "GET /BLA/resoluciones/index.php?dir=RESOLUCIONES+2009%2F HTTP/1.1" 200 1694101
156.59.198.135 - - [11/Jan/2024:06:43:39 -0500] "GET /BLA/resoluciones/RESOLUCIONES%202022/3908.pdf HTTP/1.0" 200 550641
156.59.198.136 - - [11/Jan/2024:06:44:04 -0500] "GET /BLA/resoluciones/RESOLUCIONES%202022/1980.pdf HTTP/1.0" 200 406828
66.249.66.19 - - [11/Jan/2024:06:44:04 -0500] "GET /BLA/resoluciones/RESOLUCIONES%202010/2554.pdf HTTP/1.1" 200 539503
156.59.198.136 - - [11/Jan/2024:06:44:27 -0500] "GET /BLA/resoluciones/RESOLUCIONES%202022/1704.pdf HTTP/1.0" 200 598534
156.59.198.135 - - [11/Jan/2024:06:44:51 -0500] "GET /BLA/resoluciones/RESOLUCIONES%202022/2900.pdf HTTP/1.0" 200 478526
156.59.198.135 - - [11/Jan/2024:06:45:16 -0500] "GET /BLA/resoluciones/RESOLUCIONES%202022/1692.pdf HTTP/1.0" 200 588224
216.245.221.92 - - [11/Jan/2024:06:45:21 -0500] "HEAD / HTTP/1.1" 200 -
201.245.192.253 - - [11/Jan/2024:06:45:38 -0500] "POST /kwsrmcab/Wsrmcab  HTTP/1.1" 200 36937
156.59.198.135 - - [11/Jan/2024:06:45:42 -0500] "GET /BLA/resoluciones/Notificaciones/RESOLUCIONES%202022/90.pdf HTTP/1.0" 200 1195287
156.59.198.135 - - [11/Jan/2024:06:46:06 -0500] "GET /BLA/resoluciones/Notificaciones/RESOLUCIONES%202022/2565.pdf HTTP/1.0" 200 379146
156.59.198.136 - - [11/Jan/2024:06:46:31 -0500] "GET /BLA/resoluciones/RESOLUCIONES%202022/2653.pdf HTTP/1.0" 200 450218
156.59.198.135 - - [11/Jan/2024:06:46:56 -0500] "GET /BLA/resoluciones/RESOLUCIONES%202022/3834.pdf HTTP/1.0" 200 410146
181.59.148.102 - - [11/Jan/2024:06:46:57 -0500] "GET /appsia/controlador HTTP/1.1" 200 4799
181.59.148.102 - - [11/Jan/2024:06:46:57 -0500] "GET /appsia/css/estilos.css HTTP/1.1" 200 4804
181.59.148.102 - - [11/Jan/2024:06:46:57 -0500] "GET /appsia/scripts/validarIngreso.js HTTP/1.1" 200 851
181.59.148.102 - - [11/Jan/2024:06:46:57 -0500] "GET /appsia/images/logo_bogota_p.png HTTP/1.1" 200 14951
181.59.148.102 - - [11/Jan/2024:06:46:57 -0500] "GET /appsia/images/cabezoteHojaVida.png HTTP/1.1" 200 32493
181.59.148.102 - - [11/Jan/2024:06:46:58 -0500] "GET /favicon.ico HTTP/1.1" 200 7782
181.59.148.102 - - [11/Jan/2024:06:47:12 -0500] "POST /appsia/controlador HTTP/1.1" 200 4621
181.49.182.135 - - [11/Jan/2024:06:47:13 -0500] "GET /appsia/controlador HTTP/1.1" 200 4799
181.49.182.135 - - [11/Jan/2024:06:47:14 -0500] "GET /appsia/scripts/validarIngreso.js HTTP/1.1" 200 851
181.49.182.135 - - [11/Jan/2024:06:47:14 -0500] "GET /appsia/css/estilos.css HTTP/1.1" 200 4804
181.49.182.135 - - [11/Jan/2024:06:47:14 -0500] "GET /appsia/images/cabezoteHojaVida.png HTTP/1.1" 200 32493
181.49.182.135 - - [11/Jan/2024:06:47:14 -0500] "GET /appsia/images/logo_bogota_p.png HTTP/1.1" 200 14951
181.59.148.102 - - [11/Jan/2024:06:47:20 -0500] "POST /appsia/controlador HTTP/1.1" 200 7724
156.59.198.136 - - [11/Jan/2024:06:47:20 -0500] "GET /BLA/resoluciones/RESOLUCIONES%202022/3949.pdf HTTP/1.0" 200 457549
181.59.148.102 - - [11/Jan/2024:06:47:20 -0500] "GET /appsia/images/logo_escudo.png HTTP/1.1" 200 36965
172.22.2.4 - - [11/Jan/2024:06:45:46 -0500] "HEAD /BLA/boletinlegal/ HTTP/1.1" 200 -
156.59.198.136 - - [11/Jan/2024:06:47:45 -0500] "GET /BLA/resoluciones/RESOLUCIONES%202022/3885.pdf HTTP/1.0" 200 408182
156.59.198.135 - - [11/Jan/2024:06:48:09 -0500] "GET /BLA/resoluciones/RESOLUCIONES%202022/2846.pdf HTTP/1.0" 200 439892
172.22.2.4 - - [11/Jan/2024:06:46:37 -0500] "GET /BLA/boletinlegal/ HTTP/1.1" 200 58567
156.59.198.136 - - [11/Jan/2024:06:48:34 -0500] "GET /BLA/resoluciones/Notificaciones/RESOLUCIONES%202022/3084.pdf HTTP/1.0" 200 787852
156.59.198.136 - - [11/Jan/2024:06:48:57 -0500] "GET /BLA/resoluciones/Notificaciones/RESOLUCIONES%202022/5455.pdf HTTP/1.0" 200 3964896
156.59.198.136 - - [11/Jan/2024:06:49:23 -0500] "GET /BLA/resoluciones/RESOLUCIONES%202022/3951.pdf HTTP/1.0" 200 423660
156.59.198.136 - - [11/Jan/2024:06:49:48 -0500] "GET /BLA/resoluciones/Notificaciones/RESOLUCIONES%202022/2929.pdf HTTP/1.0" 200 9209313
156.59.198.135 - - [11/Jan/2024:06:50:11 -0500] "GET /BLA/resoluciones/RESOLUCIONES%202022/2777.pdf HTTP/1.0" 200 360460
216.245.221.92 - - [11/Jan/2024:06:50:21 -0500] "HEAD / HTTP/1.1" 200 -
156.59.198.135 - - [11/Jan/2024:06:50:37 -0500] "GET /BLA/resoluciones/Notificaciones/RESOLUCIONES%202022/2006.pdf HTTP/1.0" 200 1594345
34.78.249.41 - - [11/Jan/2024:06:50:38 -0500] "GET / HTTP/1.1" 200 319
201.245.192.253 - - [11/Jan/2024:06:50:36 -0500] "POST /kwsrmcab/Wsrmcab  HTTP/1.1" 200 36937
156.59.198.135 - - [11/Jan/2024:06:51:00 -0500] "GET /BLA/resoluciones/Notificaciones/RESOLUCIONES%202022/0035.pdf HTTP/1.0" 200 364755
156.59.198.135 - - [11/Jan/2024:06:51:26 -0500] "GET /BLA/resoluciones/Notificaciones/RESOLUCIONES%202022/5242.pdf HTTP/1.0" 200 490981
156.59.198.135 - - [11/Jan/2024:06:51:49 -0500] "GET /BLA/resoluciones/Notificaciones/RESOLUCIONES%202022/5434.pdf HTTP/1.0" 200 4438623
27.115.124.6 - - [11/Jan/2024:06:51:57 -0500] "GET / HTTP/1.1" 200 319
156.59.198.135 - - [11/Jan/2024:06:52:14 -0500] "GET /BLA/resoluciones/RESOLUCIONES%202022/1920.pdf HTTP/1.0" 200 389386
156.59.198.135 - - [11/Jan/2024:06:52:39 -0500] "GET /BLA/resoluciones/Notificaciones/RESOLUCIONES%202022/3365.pdf HTTP/1.0" 200 391326
181.53.96.65 - - [11/Jan/2024:06:52:53 -0500] "GET /sipse/faces/presentacion/financiero/solicitudProceso/consultarSolicitudProceso.xhtml HTTP/1.1" 302 -
181.53.96.65 - - [11/Jan/2024:06:52:53 -0500] "GET /sipse/faces/autenticacion.xhtml HTTP/1.1" 200 12402
181.53.96.65 - - [11/Jan/2024:06:52:53 -0500] "GET /sipse/css/custom_css_sg.css HTTP/1.1" 304 -
181.53.96.65 - - [11/Jan/2024:06:52:53 -0500] "GET /sipse/js/funciones.js HTTP/1.1" 304 -
181.53.96.65 - - [11/Jan/2024:06:52:54 -0500] "GET /sipse/faces/javax.faces.resource/jquery/jquery.js?ln=primefaces&v=4.0 HTTP/1.1" 304 -
181.53.96.65 - - [11/Jan/2024:06:52:54 -0500] "GET /sipse/faces/javax.faces.resource/layout/layout.css?ln=primefaces&v=4.0 HTTP/1.1" 304 -
181.53.96.65 - - [11/Jan/2024:06:52:54 -0500] "GET /sipse/js/disable_browser_buttons.js HTTP/1.1" 304 -
181.53.96.65 - - [11/Jan/2024:06:52:54 -0500] "GET /sipse/faces/javax.faces.resource/theme.css?ln=primefaces-sipse HTTP/1.1" 304 -
181.53.96.65 - - [11/Jan/2024:06:52:54 -0500] "GET /sipse/css/custom_css_sg_prime_login.css HTTP/1.1" 304 -
181.53.96.65 - - [11/Jan/2024:06:52:54 -0500] "GET /sipse/faces/javax.faces.resource/primefaces.css?ln=primefaces&v=4.0 HTTP/1.1" 304 -
181.53.96.65 - - [11/Jan/2024:06:52:54 -0500] "GET /sipse/faces/javax.faces.resource/primefaces.js?ln=primefaces&v=4.0 HTTP/1.1" 304 -
181.53.96.65 - - [11/Jan/2024:06:52:54 -0500] "GET /sipse/faces/javax.faces.resource/jquery/jquery-plugins.js?ln=primefaces&v=4.0 HTTP/1.1" 304 -
181.53.96.65 - - [11/Jan/2024:06:52:54 -0500] "GET /sipse/faces/javax.faces.resource/layout/layout.js?ln=primefaces&v=4.0 HTTP/1.1" 304 -
181.53.96.65 - - [11/Jan/2024:06:52:54 -0500] "GET /sipse/faces/javax.faces.resource/images/ui-icons_898989_256x240.png?ln=primefaces-aristo HTTP/1.1" 304 -
181.53.96.65 - - [11/Jan/2024:06:52:54 -0500] "GET /sipse/css/imagen/loginimg.png HTTP/1.1" 304 -
181.53.96.65 - - [11/Jan/2024:06:52:54 -0500] "GET /sipse/css/imagen/logoSDG.png HTTP/1.1" 304 -
181.53.96.65 - - [11/Jan/2024:06:52:54 -0500] "GET /sipse/faces/index.xhtml HTTP/1.1" 200 677
181.53.96.65 - - [11/Jan/2024:06:52:54 -0500] "GET /sipse/faces/javax.faces.resource/theme.css?ln=primefaces-sipse HTTP/1.1" 304 -
181.53.96.65 - - [11/Jan/2024:06:52:54 -0500] "GET /sipse/faces/faces/autenticacion.xhtml HTTP/1.1" 200 12402
181.53.96.65 - - [11/Jan/2024:06:52:54 -0500] "GET /sipse/faces/javax.faces.resource/theme.css?ln=primefaces-sipse HTTP/1.1" 304 -
181.53.96.65 - - [11/Jan/2024:06:52:54 -0500] "GET /sipse/faces/javax.faces.resource/primefaces.js?ln=primefaces&v=4.0 HTTP/1.1" 304 -
181.53.96.65 - - [11/Jan/2024:06:52:54 -0500] "GET /sipse/faces/javax.faces.resource/jquery/jquery-plugins.js?ln=primefaces&v=4.0 HTTP/1.1" 304 -
181.53.96.65 - - [11/Jan/2024:06:52:54 -0500] "GET /sipse/faces/javax.faces.resource/layout/layout.css?ln=primefaces&v=4.0 HTTP/1.1" 304 -
181.53.96.65 - - [11/Jan/2024:06:52:54 -0500] "GET /sipse/faces/javax.faces.resource/jquery/jquery.js?ln=primefaces&v=4.0 HTTP/1.1" 304 -
181.53.96.65 - - [11/Jan/2024:06:52:54 -0500] "GET /sipse/faces/javax.faces.resource/primefaces.css?ln=primefaces&v=4.0 HTTP/1.1" 304 -
181.53.96.65 - - [11/Jan/2024:06:52:54 -0500] "GET /sipse/faces/javax.faces.resource/layout/layout.js?ln=primefaces&v=4.0 HTTP/1.1" 304 -
181.53.96.65 - - [11/Jan/2024:06:52:54 -0500] "GET /sipse/faces/javax.faces.resource/images/ui-icons_898989_256x240.png?ln=primefaces-aristo HTTP/1.1" 304 -
181.53.96.65 - - [11/Jan/2024:06:53:02 -0500] "POST /sipse/faces/autenticacion.xhtml HTTP/1.1" 200 2221
181.53.96.65 - - [11/Jan/2024:06:53:02 -0500] "GET /sipse/faces/javax.faces.resource/messages/messages.png?ln=primefaces&v=4.0 HTTP/1.1" 304 -
156.59.198.136 - - [11/Jan/2024:06:53:04 -0500] "GET /BLA/resoluciones/RESOLUCIONES%202022/3953.pdf HTTP/1.0" 200 388160
181.53.96.65 - - [11/Jan/2024:06:53:04 -0500] "GET /sipse/faces/javax.faces.resource/images/ui-icons_898989_256x240.png?ln=primefaces-aristo HTTP/1.1" 304 -
181.53.96.65 - - [11/Jan/2024:06:53:04 -0500] "POST /sipse/faces/autenticacion.xhtml HTTP/1.1" 200 16396
181.53.96.65 - - [11/Jan/2024:06:53:04 -0500] "GET /sipse/faces/javax.faces.resource/primefaces.css?ln=primefaces&v=4.0 HTTP/1.1" 304 -
181.53.96.65 - - [11/Jan/2024:06:53:04 -0500] "GET /sipse/css/custom_css_sg_prime.css HTTP/1.1" 200 5201
181.53.96.65 - - [11/Jan/2024:06:53:04 -0500] "GET /sipse/faces/javax.faces.resource/layout/layout.css?ln=primefaces&v=4.0 HTTP/1.1" 304 -
181.53.96.65 - - [11/Jan/2024:06:53:04 -0500] "GET /sipse/faces/javax.faces.resource/theme.css?ln=primefaces-sipse HTTP/1.1" 304 -
181.53.96.65 - - [11/Jan/2024:06:53:04 -0500] "GET /sipse/js/jquery.min.js HTTP/1.1" 200 85582
181.53.96.65 - - [11/Jan/2024:06:53:04 -0500] "GET /sipse/faces/javax.faces.resource/jquery/jquery.js?ln=primefaces&v=4.0 HTTP/1.1" 304 -
181.53.96.65 - - [11/Jan/2024:06:53:04 -0500] "GET /sipse/faces/javax.faces.resource/jquery/jquery-plugins.js?ln=primefaces&v=4.0 HTTP/1.1" 304 -
181.53.96.65 - - [11/Jan/2024:06:53:04 -0500] "GET /sipse/faces/javax.faces.resource/primefaces.js?ln=primefaces&v=4.0 HTTP/1.1" 304 -
181.53.96.65 - - [11/Jan/2024:06:53:04 -0500] "GET /sipse/faces/javax.faces.resource/layout/layout.js?ln=primefaces&v=4.0 HTTP/1.1" 304 -
181.53.96.65 - - [11/Jan/2024:06:53:04 -0500] "GET /sipse/css/v_mergente.css HTTP/1.1" 200 1505
181.53.96.65 - - [11/Jan/2024:06:53:04 -0500] "GET /sipse/css/imagen/contrasena.png HTTP/1.1" 404 383
181.53.96.65 - - [11/Jan/2024:06:53:04 -0500] "GET /sipse/faces/javax.faces.resource/images/ui-icons_898989_256x240.png?ln=primefaces-aristo HTTP/1.1" 304 -
181.53.96.65 - - [11/Jan/2024:06:53:04 -0500] "GET /sipse/imagenes/cargando.gif HTTP/1.1" 200 36959
181.53.96.65 - - [11/Jan/2024:06:53:04 -0500] "GET /sipse/imagenes/logoAplicacion.jpg HTTP/1.1" 200 155084
181.53.96.65 - - [11/Jan/2024:06:53:09 -0500] "GET /sipse/faces/javax.faces.resource/images/ui-bg_flat_0_2d5972_40x100.png?ln=primefaces-aristo HTTP/1.1" 304 -
181.53.96.65 - - [11/Jan/2024:06:53:09 -0500] "POST /sipse/faces/bienvenido.xhtml HTTP/1.1" 200 9852
181.53.96.65 - - [11/Jan/2024:06:53:11 -0500] "POST /sipse/faces/bienvenido.xhtml HTTP/1.1" 200 2658
181.53.96.65 - - [11/Jan/2024:06:53:12 -0500] "POST /sipse/faces/bienvenido.xhtml HTTP/1.1" 200 64191
181.53.96.65 - - [11/Jan/2024:06:53:13 -0500] "GET /sipse/faces/javax.faces.resource/layout/layout.css?ln=primefaces&v=4.0 HTTP/1.1" 304 -
181.53.96.65 - - [11/Jan/2024:06:53:13 -0500] "GET /sipse/faces/javax.faces.resource/theme.css?ln=primefaces-sipse HTTP/1.1" 304 -
181.53.96.65 - - [11/Jan/2024:06:53:13 -0500] "GET /sipse/faces/javax.faces.resource/primefaces.css?ln=primefaces&v=4.0 HTTP/1.1" 304 -
181.53.96.65 - - [11/Jan/2024:06:53:13 -0500] "GET /sipse/faces/javax.faces.resource/jquery/jquery.js?ln=primefaces&v=4.0 HTTP/1.1" 304 -
181.53.96.65 - - [11/Jan/2024:06:53:13 -0500] "GET /sipse/faces/javax.faces.resource/jquery/jquery-plugins.js?ln=primefaces&v=4.0 HTTP/1.1" 304 -
181.53.96.65 - - [11/Jan/2024:06:53:13 -0500] "GET /sipse/faces/javax.faces.resource/primefaces.js?ln=primefaces&v=4.0 HTTP/1.1" 304 -
181.53.96.65 - - [11/Jan/2024:06:53:13 -0500] "GET /sipse/faces/javax.faces.resource/layout/layout.js?ln=primefaces&v=4.0 HTTP/1.1" 304 -
181.53.96.65 - - [11/Jan/2024:06:53:13 -0500] "GET /sipse/faces/javax.faces.resource/images/ui-icons_898989_256x240.png?ln=primefaces-aristo HTTP/1.1" 304 -
181.53.96.65 - - [11/Jan/2024:06:53:13 -0500] "POST /sipse/faces/presentacion/financiero/solicitudProceso/listarSolicitudProceso.xhtml HTTP/1.1" 200 1556
181.53.96.65 - - [11/Jan/2024:06:53:15 -0500] "GET /sipse/faces/javax.faces.resource/images/ui-icons_898989_256x240.png?ln=primefaces-aristo HTTP/1.1" 304 -
181.53.96.65 - - [11/Jan/2024:06:53:16 -0500] "GET /sipse/faces/javax.faces.resource/images/ui-icons_898989_256x240.png?ln=primefaces-aristo HTTP/1.1" 304 -
172.22.2.4 - - [11/Jan/2024:06:51:36 -0500] "HEAD /BLA/boletinlegal/ HTTP/1.1" 200 -
181.53.96.65 - - [11/Jan/2024:06:53:16 -0500] "POST /sipse/faces/presentacion/financiero/solicitudProceso/listarSolicitudProceso.xhtml HTTP/1.1" 200 46527
181.53.96.65 - - [11/Jan/2024:06:53:16 -0500] "POST /sipse/faces/presentacion/financiero/solicitudProceso/listarSolicitudProceso.xhtml HTTP/1.1" 200 1560
181.53.96.65 - - [11/Jan/2024:06:53:17 -0500] "POST /sipse/faces/presentacion/financiero/solicitudProceso/listarSolicitudProceso.xhtml HTTP/1.1" 200 30883
181.53.96.65 - - [11/Jan/2024:06:53:17 -0500] "POST /sipse/faces/presentacion/financiero/solicitudProceso/listarSolicitudProceso.xhtml HTTP/1.1" 200 43273
181.53.96.65 - - [11/Jan/2024:06:53:26 -0500] "POST /sipse/faces/presentacion/financiero/solicitudProceso/listarSolicitudProceso.xhtml HTTP/1.1" 200 7926
156.59.198.135 - - [11/Jan/2024:06:53:31 -0500] "GET /BLA/resoluciones/RESOLUCIONES%202022/2873.pdf HTTP/1.0" 200 397687
181.53.96.65 - - [11/Jan/2024:06:53:39 -0500] "POST /sipse/faces/presentacion/financiero/solicitudProceso/listarSolicitudProceso.xhtml HTTP/1.1" 200 31410
156.59.198.136 - - [11/Jan/2024:06:53:56 -0500] "GET /BLA/resoluciones/Notificaciones/RESOLUCIONES%202022/2077.pdf HTTP/1.0" 200 425738
172.22.2.4 - - [11/Jan/2024:06:52:27 -0500] "GET /BLA/boletinlegal/ HTTP/1.1" 200 58567
216.244.66.195 - - [11/Jan/2024:06:54:08 -0500] "GET /BLA/resoluciones/AUTOS%202022/0131.pdf HTTP/1.1" 200 407253
181.53.96.65 - - [11/Jan/2024:06:54:16 -0500] "POST /sipse/faces/presentacion/financiero/solicitudProceso/listarSolicitudProceso.xhtml HTTP/1.1" 200 108806
