190.24.106.196 - - [13/Jan/2024:00:55:07 -0500] "GET /sipse/faces/javax.faces.resource/layout/layout.css?ln=primefaces&v=4.0 HTTP/1.1" 304 -
190.24.106.196 - - [13/Jan/2024:00:55:07 -0500] "GET /sipse/faces/javax.faces.resource/primefaces.css?ln=primefaces&v=4.0 HTTP/1.1" 304 -
172.22.2.4 - - [13/Jan/2024:00:53:27 -0500] "HEAD /BLA/boletinlegal/ HTTP/1.1" 200 -
190.24.106.196 - - [13/Jan/2024:00:55:07 -0500] "GET /sipse/faces/javax.faces.resource/jquery/jquery-plugins.js?ln=primefaces&v=4.0 HTTP/1.1" 304 -
190.24.106.196 - - [13/Jan/2024:00:55:07 -0500] "GET /sipse/faces/javax.faces.resource/primefaces.js?ln=primefaces&v=4.0 HTTP/1.1" 304 -
190.24.106.196 - - [13/Jan/2024:00:55:07 -0500] "GET /sipse/faces/javax.faces.resource/layout/layout.js?ln=primefaces&v=4.0 HTTP/1.1" 304 -
172.22.2.4 - - [13/Jan/2024:00:54:46 -0500] "GET /BLA/boletinlegal/ HTTP/1.1" 200 20427
190.24.106.196 - - [13/Jan/2024:00:55:28 -0500] "POST /sipse/faces/presentacion/financiero/viabilidad/expedirViabilidad.xhtml HTTP/1.1" 200 118270
190.24.106.196 - - [13/Jan/2024:00:55:28 -0500] "GET /sipse/faces/javax.faces.resource/theme.css?ln=primefaces-sipse HTTP/1.1" 304 -
190.24.106.196 - - [13/Jan/2024:00:55:28 -0500] "GET /sipse/faces/javax.faces.resource/layout/layout.css?ln=primefaces&v=4.0 HTTP/1.1" 304 -
190.24.106.196 - - [13/Jan/2024:00:55:28 -0500] "GET /sipse/faces/javax.faces.resource/primefaces.css?ln=primefaces&v=4.0 HTTP/1.1" 304 -
190.24.106.196 - - [13/Jan/2024:00:55:28 -0500] "GET /sipse/faces/javax.faces.resource/jquery/jquery.js?ln=primefaces&v=4.0 HTTP/1.1" 304 -
190.24.106.196 - - [13/Jan/2024:00:55:28 -0500] "GET /sipse/faces/javax.faces.resource/jquery/jquery-plugins.js?ln=primefaces&v=4.0 HTTP/1.1" 304 -
190.24.106.196 - - [13/Jan/2024:00:55:28 -0500] "GET /sipse/faces/javax.faces.resource/primefaces.js?ln=primefaces&v=4.0 HTTP/1.1" 304 -
190.24.106.196 - - [13/Jan/2024:00:55:28 -0500] "GET /sipse/faces/javax.faces.resource/layout/layout.js?ln=primefaces&v=4.0 HTTP/1.1" 304 -
201.245.192.253 - - [13/Jan/2024:00:55:33 -0500] "POST /forms/lservlet;jsessionid=ac16012b30d6e9245d4a5ae64507bcdc86473ff87750.e3iSbxaKaheRe34Rb3eTbx8LaNb0n6jAmljGr5XDqQLvpAe HTTP/1.1" 200 2
190.24.106.196 - - [13/Jan/2024:00:55:31 -0500] "POST /sipse/faces/presentacion/financiero/solicitudProceso/consultarSolicitudProceso.xhtml HTTP/1.1" 200 52866
190.24.106.196 - - [13/Jan/2024:00:55:34 -0500] "GET /sipse/faces/javax.faces.resource/theme.css?ln=primefaces-sipse HTTP/1.1" 304 -
190.24.106.196 - - [13/Jan/2024:00:55:34 -0500] "GET /sipse/faces/javax.faces.resource/layout/layout.css?ln=primefaces&v=4.0 HTTP/1.1" 304 -
190.24.106.196 - - [13/Jan/2024:00:55:34 -0500] "GET /sipse/faces/javax.faces.resource/jquery/jquery.js?ln=primefaces&v=4.0 HTTP/1.1" 304 -
190.24.106.196 - - [13/Jan/2024:00:55:34 -0500] "GET /sipse/faces/javax.faces.resource/primefaces.css?ln=primefaces&v=4.0 HTTP/1.1" 304 -
190.24.106.196 - - [13/Jan/2024:00:55:34 -0500] "GET /sipse/faces/javax.faces.resource/jquery/jquery-plugins.js?ln=primefaces&v=4.0 HTTP/1.1" 304 -
190.24.106.196 - - [13/Jan/2024:00:55:34 -0500] "GET /sipse/faces/javax.faces.resource/primefaces.js?ln=primefaces&v=4.0 HTTP/1.1" 304 -
190.24.106.196 - - [13/Jan/2024:00:55:34 -0500] "GET /sipse/faces/javax.faces.resource/layout/layout.js?ln=primefaces&v=4.0 HTTP/1.1" 304 -
190.24.106.196 - - [13/Jan/2024:00:55:34 -0500] "POST /sipse/faces/presentacion/financiero/solicitudProceso/listarSolicitudProceso.xhtml HTTP/1.1" 200 1496
216.245.221.92 - - [13/Jan/2024:00:55:54 -0500] "HEAD / HTTP/1.1" 200 -
172.22.2.4 - - [13/Jan/2024:00:54:17 -0500] "GET /BLA/boletinlegal/ HTTP/1.1" 200 54906
201.245.192.253 - - [13/Jan/2024:00:56:16 -0500] "POST /forms/lservlet;jsessionid=ac16012b30d6daf3d1e69b9448f9b338854e2531f358.e3iSbxaKaheRe34Rb3eTbx8LaNb0n6jAmljGr5XDqQLvpAe HTTP/1.1" 200 2
201.245.192.253 - - [13/Jan/2024:00:56:38 -0500] "POST /kwsrmcab/Wsrmcab  HTTP/1.1" 200 39439
201.245.192.253 - - [13/Jan/2024:00:57:33 -0500] "POST /forms/lservlet;jsessionid=ac16012b30d6e9245d4a5ae64507bcdc86473ff87750.e3iSbxaKaheRe34Rb3eTbx8LaNb0n6jAmljGr5XDqQLvpAe HTTP/1.1" 200 2
216.244.66.195 - - [13/Jan/2024:00:57:37 -0500] "GET /BLA/resoluciones/AUTOS%202007/0059.pdf HTTP/1.1" 200 54629
216.244.66.195 - - [13/Jan/2024:00:58:06 -0500] "GET /BLA/resoluciones/AUTOS%202007/0067.pdf HTTP/1.1" 200 108402
201.245.192.253 - - [13/Jan/2024:00:58:16 -0500] "POST /forms/lservlet;jsessionid=ac16012b30d6daf3d1e69b9448f9b338854e2531f358.e3iSbxaKaheRe34Rb3eTbx8LaNb0n6jAmljGr5XDqQLvpAe HTTP/1.1" 200 2
216.244.66.195 - - [13/Jan/2024:00:58:34 -0500] "GET /BLA/resoluciones/AUTOS%202007/0478.pdf HTTP/1.1" 200 29782
216.244.66.195 - - [13/Jan/2024:00:59:01 -0500] "GET /BLA/resoluciones/AUTOS%202007/0485.pdf HTTP/1.1" 200 16021
190.24.106.196 - - [13/Jan/2024:00:59:13 -0500] "POST /sipse/faces/presentacion/financiero/solicitudProceso/listarSolicitudProceso.xhtml HTTP/1.1" 200 124795
190.24.106.196 - - [13/Jan/2024:00:59:15 -0500] "GET /sipse/faces/javax.faces.resource/theme.css?ln=primefaces-sipse HTTP/1.1" 304 -
190.24.106.196 - - [13/Jan/2024:00:59:15 -0500] "GET /sipse/faces/javax.faces.resource/layout/layout.css?ln=primefaces&v=4.0 HTTP/1.1" 304 -
190.24.106.196 - - [13/Jan/2024:00:59:15 -0500] "GET /sipse/faces/javax.faces.resource/primefaces.css?ln=primefaces&v=4.0 HTTP/1.1" 304 -
190.24.106.196 - - [13/Jan/2024:00:59:15 -0500] "GET /sipse/faces/javax.faces.resource/jquery/jquery.js?ln=primefaces&v=4.0 HTTP/1.1" 304 -
190.24.106.196 - - [13/Jan/2024:00:59:15 -0500] "GET /sipse/faces/javax.faces.resource/jquery/jquery-plugins.js?ln=primefaces&v=4.0 HTTP/1.1" 304 -
190.24.106.196 - - [13/Jan/2024:00:59:15 -0500] "GET /sipse/faces/javax.faces.resource/primefaces.js?ln=primefaces&v=4.0 HTTP/1.1" 304 -
190.24.106.196 - - [13/Jan/2024:00:59:15 -0500] "GET /sipse/faces/javax.faces.resource/layout/layout.js?ln=primefaces&v=4.0 HTTP/1.1" 304 -
216.244.66.195 - - [13/Jan/2024:00:59:27 -0500] "GET /BLA/resoluciones/AUTOS%202007/0542.pdf HTTP/1.1" 200 166589
201.245.192.253 - - [13/Jan/2024:00:59:33 -0500] "POST /forms/lservlet;jsessionid=ac16012b30d6e9245d4a5ae64507bcdc86473ff87750.e3iSbxaKaheRe34Rb3eTbx8LaNb0n6jAmljGr5XDqQLvpAe HTTP/1.1" 200 2
216.244.66.195 - - [13/Jan/2024:00:59:53 -0500] "GET /BLA/resoluciones/AUTOS%202007/0669.pdf HTTP/1.1" 200 66514
190.24.106.196 - - [13/Jan/2024:01:00:02 -0500] "POST /sipse/faces/presentacion/financiero/solicitudProceso/consultarSolicitudProceso.xhtml HTTP/1.1" 200 76620
201.245.192.253 - - [13/Jan/2024:01:00:16 -0500] "POST /forms/lservlet;jsessionid=ac16012b30d6daf3d1e69b9448f9b338854e2531f358.e3iSbxaKaheRe34Rb3eTbx8LaNb0n6jAmljGr5XDqQLvpAe HTTP/1.1" 200 2
216.244.66.195 - - [13/Jan/2024:01:00:17 -0500] "GET /BLA/resoluciones/AUTOS%202007/0679.pdf HTTP/1.1" 200 145130
216.244.66.195 - - [13/Jan/2024:01:00:40 -0500] "GET /BLA/resoluciones/AUTOS%202007/0718.pdf HTTP/1.1" 200 286846
216.245.221.92 - - [13/Jan/2024:01:00:54 -0500] "HEAD / HTTP/1.1" 200 -
172.22.2.4 - - [13/Jan/2024:00:59:17 -0500] "HEAD /BLA/boletinlegal/ HTTP/1.1" 200 -
216.244.66.195 - - [13/Jan/2024:01:01:02 -0500] "GET /BLA/resoluciones/AUTOS%202007/0786.pdf HTTP/1.1" 200 49883
216.244.66.195 - - [13/Jan/2024:01:01:23 -0500] "GET /BLA/resoluciones/AUTOS%202007/0815.pdf HTTP/1.1" 200 159713
45.79.172.21 - - [13/Jan/2024:01:01:27 -0500] "\x16\x03\x01" 400 226
201.245.192.253 - - [13/Jan/2024:01:01:33 -0500] "POST /forms/lservlet;jsessionid=ac16012b30d6e9245d4a5ae64507bcdc86473ff87750.e3iSbxaKaheRe34Rb3eTbx8LaNb0n6jAmljGr5XDqQLvpAe HTTP/1.1" 200 2
201.245.192.253 - - [13/Jan/2024:01:01:36 -0500] "POST /kwsrmcab/Wsrmcab  HTTP/1.1" 200 39439
216.244.66.195 - - [13/Jan/2024:01:01:44 -0500] "GET /BLA/resoluciones/AUTOS%202007/0858.pdf HTTP/1.1" 200 85880
172.22.2.4 - - [13/Jan/2024:01:00:08 -0500] "GET /BLA/boletinlegal/ HTTP/1.1" 200 58666
216.244.66.195 - - [13/Jan/2024:01:02:04 -0500] "GET /BLA/resoluciones/AUTOS%202007/0948.pdf HTTP/1.1" 200 63287
201.245.192.253 - - [13/Jan/2024:01:02:16 -0500] "POST /forms/lservlet;jsessionid=ac16012b30d6daf3d1e69b9448f9b338854e2531f358.e3iSbxaKaheRe34Rb3eTbx8LaNb0n6jAmljGr5XDqQLvpAe HTTP/1.1" 200 2
190.24.106.196 - - [13/Jan/2024:01:02:18 -0500] "GET /sipse/faces/javax.faces.resource/theme.css?ln=primefaces-sipse HTTP/1.1" 304 -
190.24.106.196 - - [13/Jan/2024:01:02:18 -0500] "GET /sipse/faces/javax.faces.resource/primefaces.js?ln=primefaces&v=4.0 HTTP/1.1" 304 -
190.24.106.196 - - [13/Jan/2024:01:02:18 -0500] "GET /sipse/faces/javax.faces.resource/jquery/jquery-plugins.js?ln=primefaces&v=4.0 HTTP/1.1" 304 -
190.24.106.196 - - [13/Jan/2024:01:02:18 -0500] "GET /sipse/faces/javax.faces.resource/primefaces.css?ln=primefaces&v=4.0 HTTP/1.1" 304 -
190.24.106.196 - - [13/Jan/2024:01:02:18 -0500] "GET /sipse/faces/javax.faces.resource/layout/layout.css?ln=primefaces&v=4.0 HTTP/1.1" 304 -
190.24.106.196 - - [13/Jan/2024:01:02:18 -0500] "GET /sipse/faces/javax.faces.resource/jquery/jquery.js?ln=primefaces&v=4.0 HTTP/1.1" 304 -
190.24.106.196 - - [13/Jan/2024:01:02:18 -0500] "GET /sipse/faces/javax.faces.resource/layout/layout.js?ln=primefaces&v=4.0 HTTP/1.1" 304 -
190.24.106.196 - - [13/Jan/2024:01:02:18 -0500] "POST /sipse/faces/presentacion/financiero/solicitudProceso/consultarSolicitudProceso.xhtml HTTP/1.1" 200 171386
216.244.66.195 - - [13/Jan/2024:01:02:22 -0500] "GET /BLA/resoluciones/AUTOS%202007/0963.pdf HTTP/1.1" 200 62452
190.24.106.196 - - [13/Jan/2024:01:02:23 -0500] "POST /sipse/faces/presentacion/financiero/solicitudProceso/consultarSolicitudProceso.xhtml HTTP/1.1" 200 5567
216.244.66.195 - - [13/Jan/2024:01:02:38 -0500] "GET /BLA/resoluciones/AUTOS%202007/1034.pdf HTTP/1.1" 200 27824
190.24.106.196 - - [13/Jan/2024:01:02:41 -0500] "POST /sipse/faces/presentacion/financiero/solicitudProceso/consultarSolicitudProceso.xhtml HTTP/1.1" 200 25127
190.24.106.196 - - [13/Jan/2024:01:02:42 -0500] "GET /sipse/faces/javax.faces.resource/theme.css?ln=primefaces-sipse HTTP/1.1" 304 -
190.24.106.196 - - [13/Jan/2024:01:02:42 -0500] "GET /sipse/faces/javax.faces.resource/layout/layout.css?ln=primefaces&v=4.0 HTTP/1.1" 304 -
190.24.106.196 - - [13/Jan/2024:01:02:42 -0500] "GET /sipse/faces/javax.faces.resource/primefaces.css?ln=primefaces&v=4.0 HTTP/1.1" 304 -
190.24.106.196 - - [13/Jan/2024:01:02:42 -0500] "GET /sipse/faces/javax.faces.resource/jquery/jquery.js?ln=primefaces&v=4.0 HTTP/1.1" 304 -
190.24.106.196 - - [13/Jan/2024:01:02:42 -0500] "GET /sipse/faces/javax.faces.resource/jquery/jquery-plugins.js?ln=primefaces&v=4.0 HTTP/1.1" 304 -
190.24.106.196 - - [13/Jan/2024:01:02:42 -0500] "GET /sipse/faces/javax.faces.resource/primefaces.js?ln=primefaces&v=4.0 HTTP/1.1" 304 -
190.24.106.196 - - [13/Jan/2024:01:02:42 -0500] "GET /sipse/faces/javax.faces.resource/layout/layout.js?ln=primefaces&v=4.0 HTTP/1.1" 304 -
216.244.66.195 - - [13/Jan/2024:01:02:54 -0500] "GET /BLA/resoluciones/AUTOS%202007/1095.pdf HTTP/1.1" 200 30844
190.24.106.196 - - [13/Jan/2024:01:02:56 -0500] "POST /sipse/faces/presentacion/financiero/viabilidad/expedirViabilidad.xhtml HTTP/1.1" 200 126455
190.24.106.196 - - [13/Jan/2024:01:02:57 -0500] "GET /sipse/faces/javax.faces.resource/theme.css?ln=primefaces-sipse HTTP/1.1" 304 -
190.24.106.196 - - [13/Jan/2024:01:02:57 -0500] "GET /sipse/faces/javax.faces.resource/primefaces.css?ln=primefaces&v=4.0 HTTP/1.1" 304 -
190.24.106.196 - - [13/Jan/2024:01:02:57 -0500] "GET /sipse/faces/javax.faces.resource/layout/layout.css?ln=primefaces&v=4.0 HTTP/1.1" 304 -
190.24.106.196 - - [13/Jan/2024:01:02:57 -0500] "GET /sipse/faces/javax.faces.resource/jquery/jquery.js?ln=primefaces&v=4.0 HTTP/1.1" 304 -
190.24.106.196 - - [13/Jan/2024:01:02:57 -0500] "GET /sipse/faces/javax.faces.resource/jquery/jquery-plugins.js?ln=primefaces&v=4.0 HTTP/1.1" 304 -
190.24.106.196 - - [13/Jan/2024:01:02:57 -0500] "GET /sipse/faces/javax.faces.resource/primefaces.js?ln=primefaces&v=4.0 HTTP/1.1" 304 -
190.24.106.196 - - [13/Jan/2024:01:02:57 -0500] "GET /sipse/faces/javax.faces.resource/layout/layout.js?ln=primefaces&v=4.0 HTTP/1.1" 304 -
190.24.106.196 - - [13/Jan/2024:01:03:01 -0500] "POST /sipse/faces/presentacion/financiero/solicitudProceso/consultarSolicitudProceso.xhtml HTTP/1.1" 200 49891
66.249.66.21 - - [13/Jan/2024:01:03:03 -0500] "GET /BLA/resoluciones/RESOLUCIONES%202008/3950.pdf HTTP/1.1" 200 679181
190.24.106.196 - - [13/Jan/2024:01:03:03 -0500] "GET /sipse/faces/javax.faces.resource/theme.css?ln=primefaces-sipse HTTP/1.1" 304 -
190.24.106.196 - - [13/Jan/2024:01:03:03 -0500] "GET /sipse/faces/javax.faces.resource/layout/layout.css?ln=primefaces&v=4.0 HTTP/1.1" 304 -
190.24.106.196 - - [13/Jan/2024:01:03:03 -0500] "GET /sipse/faces/javax.faces.resource/primefaces.css?ln=primefaces&v=4.0 HTTP/1.1" 304 -
190.24.106.196 - - [13/Jan/2024:01:03:03 -0500] "GET /sipse/faces/javax.faces.resource/jquery/jquery.js?ln=primefaces&v=4.0 HTTP/1.1" 304 -
190.24.106.196 - - [13/Jan/2024:01:03:03 -0500] "GET /sipse/faces/javax.faces.resource/jquery/jquery-plugins.js?ln=primefaces&v=4.0 HTTP/1.1" 304 -
190.24.106.196 - - [13/Jan/2024:01:03:03 -0500] "GET /sipse/faces/javax.faces.resource/primefaces.js?ln=primefaces&v=4.0 HTTP/1.1" 304 -
190.24.106.196 - - [13/Jan/2024:01:03:03 -0500] "GET /sipse/faces/javax.faces.resource/layout/layout.js?ln=primefaces&v=4.0 HTTP/1.1" 304 -
190.24.106.196 - - [13/Jan/2024:01:03:03 -0500] "POST /sipse/faces/presentacion/financiero/solicitudProceso/listarSolicitudProceso.xhtml HTTP/1.1" 200 1480
216.244.66.195 - - [13/Jan/2024:01:03:10 -0500] "GET /BLA/resoluciones/AUTOS%202007/1134.pdf HTTP/1.1" 200 29738
190.24.106.196 - - [13/Jan/2024:01:03:18 -0500] "POST /sipse/faces/presentacion/financiero/solicitudProceso/consultarSolicitudProceso.xhtml HTTP/1.1" 200 49399
190.24.106.196 - - [13/Jan/2024:01:03:19 -0500] "GET /sipse/faces/javax.faces.resource/theme.css?ln=primefaces-sipse HTTP/1.1" 304 -
190.24.106.196 - - [13/Jan/2024:01:03:19 -0500] "GET /sipse/faces/javax.faces.resource/primefaces.css?ln=primefaces&v=4.0 HTTP/1.1" 304 -
190.24.106.196 - - [13/Jan/2024:01:03:19 -0500] "GET /sipse/faces/javax.faces.resource/layout/layout.css?ln=primefaces&v=4.0 HTTP/1.1" 304 -
190.24.106.196 - - [13/Jan/2024:01:03:19 -0500] "GET /sipse/faces/javax.faces.resource/jquery/jquery.js?ln=primefaces&v=4.0 HTTP/1.1" 304 -
190.24.106.196 - - [13/Jan/2024:01:03:19 -0500] "GET /sipse/faces/javax.faces.resource/jquery/jquery-plugins.js?ln=primefaces&v=4.0 HTTP/1.1" 304 -
190.24.106.196 - - [13/Jan/2024:01:03:19 -0500] "GET /sipse/faces/javax.faces.resource/primefaces.js?ln=primefaces&v=4.0 HTTP/1.1" 304 -
190.24.106.196 - - [13/Jan/2024:01:03:19 -0500] "GET /sipse/faces/javax.faces.resource/layout/layout.js?ln=primefaces&v=4.0 HTTP/1.1" 304 -
190.24.106.196 - - [13/Jan/2024:01:03:19 -0500] "POST /sipse/faces/presentacion/financiero/solicitudProceso/listarSolicitudProceso.xhtml HTTP/1.1" 200 1480
216.244.66.195 - - [13/Jan/2024:01:03:24 -0500] "GET /BLA/resoluciones/AUTOS%202007/1165.pdf HTTP/1.1" 200 26166
201.245.192.253 - - [13/Jan/2024:01:03:33 -0500] "POST /forms/lservlet;jsessionid=ac16012b30d6e9245d4a5ae64507bcdc86473ff87750.e3iSbxaKaheRe34Rb3eTbx8LaNb0n6jAmljGr5XDqQLvpAe HTTP/1.1" 200 2
190.24.106.196 - - [13/Jan/2024:01:03:33 -0500] "POST /sipse/faces/presentacion/financiero/solicitudProceso/listarSolicitudProceso.xhtml HTTP/1.1" 200 119549
190.24.106.196 - - [13/Jan/2024:01:03:34 -0500] "GET /sipse/faces/javax.faces.resource/theme.css?ln=primefaces-sipse HTTP/1.1" 304 -
190.24.106.196 - - [13/Jan/2024:01:03:34 -0500] "GET /sipse/faces/javax.faces.resource/jquery/jquery.js?ln=primefaces&v=4.0 HTTP/1.1" 304 -
190.24.106.196 - - [13/Jan/2024:01:03:34 -0500] "GET /sipse/faces/javax.faces.resource/primefaces.css?ln=primefaces&v=4.0 HTTP/1.1" 304 -
190.24.106.196 - - [13/Jan/2024:01:03:34 -0500] "GET /sipse/faces/javax.faces.resource/layout/layout.css?ln=primefaces&v=4.0 HTTP/1.1" 304 -
190.24.106.196 - - [13/Jan/2024:01:03:34 -0500] "GET /sipse/faces/javax.faces.resource/jquery/jquery-plugins.js?ln=primefaces&v=4.0 HTTP/1.1" 304 -
190.24.106.196 - - [13/Jan/2024:01:03:34 -0500] "GET /sipse/faces/javax.faces.resource/primefaces.js?ln=primefaces&v=4.0 HTTP/1.1" 304 -
190.24.106.196 - - [13/Jan/2024:01:03:34 -0500] "GET /sipse/faces/javax.faces.resource/layout/layout.js?ln=primefaces&v=4.0 HTTP/1.1" 304 -
216.244.66.195 - - [13/Jan/2024:01:03:37 -0500] "GET /BLA/resoluciones/AUTOS%202007/1178.pdf HTTP/1.1" 200 25348
216.244.66.195 - - [13/Jan/2024:01:03:49 -0500] "GET /BLA/resoluciones/AUTOS%202007/1321.pdf HTTP/1.1" 200 37783
216.244.66.195 - - [13/Jan/2024:01:04:00 -0500] "GET /BLA/resoluciones/AUTOS%202007/1334.pdf HTTP/1.1" 200 64020
216.244.66.195 - - [13/Jan/2024:01:04:10 -0500] "GET /BLA/resoluciones/AUTOS%202007/1542.pdf HTTP/1.1" 200 251851
201.245.192.253 - - [13/Jan/2024:01:04:16 -0500] "POST /forms/lservlet;jsessionid=ac16012b30d6daf3d1e69b9448f9b338854e2531f358.e3iSbxaKaheRe34Rb3eTbx8LaNb0n6jAmljGr5XDqQLvpAe HTTP/1.1" 200 2
216.244.66.195 - - [13/Jan/2024:01:04:19 -0500] "GET /BLA/resoluciones/AUTOS%202007/1766.pdf HTTP/1.1" 200 35853
190.24.106.196 - - [13/Jan/2024:01:04:20 -0500] "GET /sipse/faces/javax.faces.resource/theme.css?ln=primefaces-sipse HTTP/1.1" 304 -
190.24.106.196 - - [13/Jan/2024:01:04:21 -0500] "GET /sipse/faces/javax.faces.resource/primefaces.js?ln=primefaces&v=4.0 HTTP/1.1" 304 -
190.24.106.196 - - [13/Jan/2024:01:04:21 -0500] "GET /sipse/faces/javax.faces.resource/jquery/jquery.js?ln=primefaces&v=4.0 HTTP/1.1" 304 -
190.24.106.196 - - [13/Jan/2024:01:04:21 -0500] "GET /sipse/faces/javax.faces.resource/layout/layout.css?ln=primefaces&v=4.0 HTTP/1.1" 304 -
190.24.106.196 - - [13/Jan/2024:01:04:21 -0500] "GET /sipse/faces/javax.faces.resource/jquery/jquery-plugins.js?ln=primefaces&v=4.0 HTTP/1.1" 304 -
190.24.106.196 - - [13/Jan/2024:01:04:21 -0500] "GET /sipse/faces/javax.faces.resource/primefaces.css?ln=primefaces&v=4.0 HTTP/1.1" 304 -
190.24.106.196 - - [13/Jan/2024:01:04:20 -0500] "POST /sipse/faces/presentacion/financiero/solicitudProceso/consultarSolicitudProceso.xhtml HTTP/1.1" 200 31779
190.24.106.196 - - [13/Jan/2024:01:04:21 -0500] "GET /sipse/faces/javax.faces.resource/layout/layout.js?ln=primefaces&v=4.0 HTTP/1.1" 304 -
216.244.66.195 - - [13/Jan/2024:01:04:28 -0500] "GET /BLA/resoluciones/AUTOS%202007/1836.pdf HTTP/1.1" 200 28644
190.24.106.196 - - [13/Jan/2024:01:04:31 -0500] "GET /sipse/faces/javax.faces.resource/theme.css?ln=primefaces-sipse HTTP/1.1" 304 -
190.24.106.196 - - [13/Jan/2024:01:04:31 -0500] "GET /sipse/faces/javax.faces.resource/primefaces.js?ln=primefaces&v=4.0 HTTP/1.1" 304 -
190.24.106.196 - - [13/Jan/2024:01:04:31 -0500] "GET /sipse/faces/javax.faces.resource/primefaces.css?ln=primefaces&v=4.0 HTTP/1.1" 304 -
190.24.106.196 - - [13/Jan/2024:01:04:31 -0500] "GET /sipse/faces/javax.faces.resource/jquery/jquery-plugins.js?ln=primefaces&v=4.0 HTTP/1.1" 304 -
190.24.106.196 - - [13/Jan/2024:01:04:31 -0500] "GET /sipse/faces/javax.faces.resource/jquery/jquery.js?ln=primefaces&v=4.0 HTTP/1.1" 304 -
190.24.106.196 - - [13/Jan/2024:01:04:31 -0500] "GET /sipse/faces/javax.faces.resource/layout/layout.css?ln=primefaces&v=4.0 HTTP/1.1" 304 -
190.24.106.196 - - [13/Jan/2024:01:04:30 -0500] "POST /sipse/faces/presentacion/financiero/solicitudProceso/consultarHistorialSolProceso.xhtml HTTP/1.1" 200 164431
190.24.106.196 - - [13/Jan/2024:01:04:31 -0500] "GET /sipse/faces/javax.faces.resource/layout/layout.js?ln=primefaces&v=4.0 HTTP/1.1" 304 -
216.244.66.195 - - [13/Jan/2024:01:04:35 -0500] "GET /BLA/resoluciones/AUTOS%202009/0721.pdf HTTP/1.1" 200 342927
216.244.66.195 - - [13/Jan/2024:01:04:42 -0500] "GET /BLA/resoluciones/AUTOS%202009/1257.pdf HTTP/1.1" 200 118921
190.24.106.196 - - [13/Jan/2024:01:04:42 -0500] "POST /sipse/faces/presentacion/financiero/solicitudProceso/consultarSolicitudProceso.xhtml HTTP/1.1" 200 360875
216.244.66.195 - - [13/Jan/2024:01:04:47 -0500] "GET /BLA/resoluciones/AUTOS%202009/1342.pdf HTTP/1.1" 200 92819
216.244.66.195 - - [13/Jan/2024:01:04:52 -0500] "GET /BLA/resoluciones/AUTOS%202009/1344.pdf HTTP/1.1" 200 92458
216.244.66.195 - - [13/Jan/2024:01:04:56 -0500] "GET /BLA/resoluciones/AUTOS%202009/1353.pdf HTTP/1.1" 200 110443
216.244.66.195 - - [13/Jan/2024:01:04:59 -0500] "GET /BLA/resoluciones/AUTOS%202009/1365.pdf HTTP/1.1" 200 223252
216.244.66.195 - - [13/Jan/2024:01:05:03 -0500] "GET /BLA/resoluciones/AUTOS%202009/1378.pdf HTTP/1.1" 200 117608
216.244.66.195 - - [13/Jan/2024:01:05:11 -0500] "GET /BLA/resoluciones/AUTOS%202009/1444.pdf HTTP/1.1" 200 119124
216.244.66.195 - - [13/Jan/2024:01:05:18 -0500] "GET /BLA/resoluciones/AUTOS%202009/1448.pdf HTTP/1.1" 200 116922
216.244.66.195 - - [13/Jan/2024:01:05:25 -0500] "GET /BLA/resoluciones/AUTOS%202009/1776.pdf HTTP/1.1" 200 97571
216.244.66.195 - - [13/Jan/2024:01:05:32 -0500] "GET /BLA/resoluciones/AUTOS%202009/1890.pdf HTTP/1.1" 200 185865
201.245.192.253 - - [13/Jan/2024:01:05:33 -0500] "POST /forms/lservlet;jsessionid=ac16012b30d6e9245d4a5ae64507bcdc86473ff87750.e3iSbxaKaheRe34Rb3eTbx8LaNb0n6jAmljGr5XDqQLvpAe HTTP/1.1" 200 2
216.244.66.195 - - [13/Jan/2024:01:05:38 -0500] "GET /BLA/resoluciones/AUTOS%202009/2006.pdf HTTP/1.1" 200 99695
190.24.106.196 - - [13/Jan/2024:01:05:41 -0500] "POST /sipse/faces/presentacion/financiero/solicitudProceso/consultarSolicitudProceso.xhtml HTTP/1.1" 200 5423
216.244.66.195 - - [13/Jan/2024:01:05:44 -0500] "GET /BLA/resoluciones/AUTOS%202009/2035.pdf HTTP/1.1" 200 98767
216.244.66.195 - - [13/Jan/2024:01:05:52 -0500] "GET /BLA/resoluciones/AUTOS%202009/2075.pdf HTTP/1.1" 200 101804
216.245.221.92 - - [13/Jan/2024:01:05:54 -0500] "HEAD / HTTP/1.1" 200 -
190.24.106.196 - - [13/Jan/2024:01:05:57 -0500] "GET /sipse/faces/javax.faces.resource/theme.css?ln=primefaces-sipse HTTP/1.1" 304 -
190.24.106.196 - - [13/Jan/2024:01:05:57 -0500] "GET /sipse/faces/javax.faces.resource/primefaces.css?ln=primefaces&v=4.0 HTTP/1.1" 304 -
190.24.106.196 - - [13/Jan/2024:01:05:57 -0500] "GET /sipse/faces/javax.faces.resource/jquery/jquery-plugins.js?ln=primefaces&v=4.0 HTTP/1.1" 304 -
190.24.106.196 - - [13/Jan/2024:01:05:57 -0500] "GET /sipse/faces/javax.faces.resource/primefaces.js?ln=primefaces&v=4.0 HTTP/1.1" 304 -
190.24.106.196 - - [13/Jan/2024:01:05:57 -0500] "GET /sipse/faces/javax.faces.resource/layout/layout.css?ln=primefaces&v=4.0 HTTP/1.1" 304 -
190.24.106.196 - - [13/Jan/2024:01:05:57 -0500] "GET /sipse/faces/javax.faces.resource/jquery/jquery.js?ln=primefaces&v=4.0 HTTP/1.1" 304 -
190.24.106.196 - - [13/Jan/2024:01:05:57 -0500] "GET /sipse/faces/javax.faces.resource/layout/layout.js?ln=primefaces&v=4.0 HTTP/1.1" 304 -
190.24.106.196 - - [13/Jan/2024:01:05:56 -0500] "POST /sipse/faces/presentacion/financiero/solicitudProceso/consultarSolicitudProceso.xhtml HTTP/1.1" 200 165211
216.244.66.195 - - [13/Jan/2024:01:05:59 -0500] "GET /BLA/resoluciones/AUTOS%202009/2085.pdf HTTP/1.1" 200 97933
216.244.66.195 - - [13/Jan/2024:01:06:05 -0500] "GET /BLA/resoluciones/AUTOS%202009/2281.pdf HTTP/1.1" 200 122261
190.24.106.196 - - [13/Jan/2024:01:06:07 -0500] "POST /sipse/faces/presentacion/financiero/solicitudProceso/consultarSolicitudProceso.xhtml HTTP/1.1" 200 46671
216.244.66.195 - - [13/Jan/2024:01:06:10 -0500] "GET /BLA/resoluciones/AUTOS%202009/2717.pdf HTTP/1.1" 200 92160
190.24.106.196 - - [13/Jan/2024:01:06:10 -0500] "GET /sipse/faces/javax.faces.resource/layout/layout.css?ln=primefaces&v=4.0 HTTP/1.1" 304 -
190.24.106.196 - - [13/Jan/2024:01:06:10 -0500] "GET /sipse/faces/javax.faces.resource/jquery/jquery.js?ln=primefaces&v=4.0 HTTP/1.1" 304 -
190.24.106.196 - - [13/Jan/2024:01:06:10 -0500] "GET /sipse/faces/javax.faces.resource/primefaces.css?ln=primefaces&v=4.0 HTTP/1.1" 304 -
190.24.106.196 - - [13/Jan/2024:01:06:10 -0500] "GET /sipse/faces/javax.faces.resource/theme.css?ln=primefaces-sipse HTTP/1.1" 304 -
190.24.106.196 - - [13/Jan/2024:01:06:10 -0500] "GET /sipse/faces/javax.faces.resource/jquery/jquery-plugins.js?ln=primefaces&v=4.0 HTTP/1.1" 304 -
190.24.106.196 - - [13/Jan/2024:01:06:10 -0500] "GET /sipse/faces/javax.faces.resource/primefaces.js?ln=primefaces&v=4.0 HTTP/1.1" 304 -
190.24.106.196 - - [13/Jan/2024:01:06:10 -0500] "GET /sipse/faces/javax.faces.resource/layout/layout.js?ln=primefaces&v=4.0 HTTP/1.1" 304 -
190.24.106.196 - - [13/Jan/2024:01:06:10 -0500] "POST /sipse/faces/presentacion/financiero/solicitudProceso/listarSolicitudProceso.xhtml HTTP/1.1" 200 1472
216.244.66.195 - - [13/Jan/2024:01:06:14 -0500] "GET /BLA/resoluciones/AUTOS%202009/2757.pdf HTTP/1.1" 200 101697
201.245.192.253 - - [13/Jan/2024:01:06:16 -0500] "POST /forms/lservlet;jsessionid=ac16012b30d6daf3d1e69b9448f9b338854e2531f358.e3iSbxaKaheRe34Rb3eTbx8LaNb0n6jAmljGr5XDqQLvpAe HTTP/1.1" 200 2
216.244.66.195 - - [13/Jan/2024:01:06:17 -0500] "GET /BLA/resoluciones/AUTOS%202009/2807.pdf HTTP/1.1" 200 81660
216.244.66.195 - - [13/Jan/2024:01:06:20 -0500] "GET /BLA/resoluciones/AUTOS%202011/0216.pdf HTTP/1.1" 200 194813
216.244.66.195 - - [13/Jan/2024:01:06:23 -0500] "GET /BLA/resoluciones/AUTOS%202011/0272.pdf HTTP/1.1" 200 48180
216.244.66.195 - - [13/Jan/2024:01:06:26 -0500] "GET /BLA/resoluciones/AUTOS%202011/1328.pdf HTTP/1.1" 200 151535
190.24.106.196 - - [13/Jan/2024:01:06:32 -0500] "POST /sipse/faces/presentacion/financiero/solicitudProceso/listarSolicitudProceso.xhtml HTTP/1.1" 200 124955
190.24.106.196 - - [13/Jan/2024:01:06:33 -0500] "GET /sipse/faces/javax.faces.resource/primefaces.css?ln=primefaces&v=4.0 HTTP/1.1" 304 -
190.24.106.196 - - [13/Jan/2024:01:06:33 -0500] "GET /sipse/faces/javax.faces.resource/layout/layout.css?ln=primefaces&v=4.0 HTTP/1.1" 304 -
190.24.106.196 - - [13/Jan/2024:01:06:33 -0500] "GET /sipse/faces/javax.faces.resource/jquery/jquery.js?ln=primefaces&v=4.0 HTTP/1.1" 304 -
190.24.106.196 - - [13/Jan/2024:01:06:33 -0500] "GET /sipse/faces/javax.faces.resource/theme.css?ln=primefaces-sipse HTTP/1.1" 304 -
190.24.106.196 - - [13/Jan/2024:01:06:33 -0500] "GET /sipse/faces/javax.faces.resource/jquery/jquery-plugins.js?ln=primefaces&v=4.0 HTTP/1.1" 304 -
190.24.106.196 - - [13/Jan/2024:01:06:34 -0500] "GET /sipse/faces/javax.faces.resource/primefaces.js?ln=primefaces&v=4.0 HTTP/1.1" 304 -
190.24.106.196 - - [13/Jan/2024:01:06:34 -0500] "GET /sipse/faces/javax.faces.resource/layout/layout.js?ln=primefaces&v=4.0 HTTP/1.1" 304 -
216.244.66.195 - - [13/Jan/2024:01:06:34 -0500] "GET /BLA/resoluciones/AUTOS%202011/1514.pdf HTTP/1.1" 200 156782
201.245.192.253 - - [13/Jan/2024:01:06:35 -0500] "POST /kwsrmcab/Wsrmcab  HTTP/1.1" 200 39439
190.24.106.196 - - [13/Jan/2024:01:06:38 -0500] "POST /sipse/faces/presentacion/financiero/solicitudProceso/consultarSolicitudProceso.xhtml HTTP/1.1" 200 27327
190.24.106.196 - - [13/Jan/2024:01:06:38 -0500] "GET /sipse/faces/javax.faces.resource/theme.css?ln=primefaces-sipse HTTP/1.1" 304 -
190.24.106.196 - - [13/Jan/2024:01:06:38 -0500] "GET /sipse/faces/javax.faces.resource/primefaces.css?ln=primefaces&v=4.0 HTTP/1.1" 304 -
190.24.106.196 - - [13/Jan/2024:01:06:38 -0500] "GET /sipse/faces/javax.faces.resource/primefaces.js?ln=primefaces&v=4.0 HTTP/1.1" 304 -
190.24.106.196 - - [13/Jan/2024:01:06:38 -0500] "GET /sipse/faces/javax.faces.resource/layout/layout.js?ln=primefaces&v=4.0 HTTP/1.1" 304 -
190.24.106.196 - - [13/Jan/2024:01:06:38 -0500] "GET /sipse/faces/javax.faces.resource/jquery/jquery.js?ln=primefaces&v=4.0 HTTP/1.1" 304 -
190.24.106.196 - - [13/Jan/2024:01:06:38 -0500] "GET /sipse/faces/javax.faces.resource/layout/layout.css?ln=primefaces&v=4.0 HTTP/1.1" 304 -
190.24.106.196 - - [13/Jan/2024:01:06:38 -0500] "GET /sipse/faces/javax.faces.resource/jquery/jquery-plugins.js?ln=primefaces&v=4.0 HTTP/1.1" 304 -
216.244.66.195 - - [13/Jan/2024:01:06:40 -0500] "GET /BLA/resoluciones/AUTOS%202011/1530.pdf HTTP/1.1" 200 231225
190.24.106.196 - - [13/Jan/2024:01:06:43 -0500] "GET /sipse/faces/javax.faces.resource/theme.css?ln=primefaces-sipse HTTP/1.1" 304 -
190.24.106.196 - - [13/Jan/2024:01:06:43 -0500] "GET /sipse/faces/javax.faces.resource/primefaces.css?ln=primefaces&v=4.0 HTTP/1.1" 304 -
190.24.106.196 - - [13/Jan/2024:01:06:43 -0500] "GET /sipse/faces/javax.faces.resource/layout/layout.css?ln=primefaces&v=4.0 HTTP/1.1" 304 -
190.24.106.196 - - [13/Jan/2024:01:06:43 -0500] "GET /sipse/faces/javax.faces.resource/layout/layout.js?ln=primefaces&v=4.0 HTTP/1.1" 304 -
190.24.106.196 - - [13/Jan/2024:01:06:43 -0500] "GET /sipse/faces/javax.faces.resource/jquery/jquery.js?ln=primefaces&v=4.0 HTTP/1.1" 304 -
190.24.106.196 - - [13/Jan/2024:01:06:43 -0500] "GET /sipse/faces/javax.faces.resource/jquery/jquery-plugins.js?ln=primefaces&v=4.0 HTTP/1.1" 304 -
190.24.106.196 - - [13/Jan/2024:01:06:43 -0500] "GET /sipse/faces/javax.faces.resource/primefaces.js?ln=primefaces&v=4.0 HTTP/1.1" 304 -
190.24.106.196 - - [13/Jan/2024:01:06:43 -0500] "POST /sipse/faces/presentacion/financiero/solicitudProceso/consultarHistorialSolProceso.xhtml HTTP/1.1" 200 170701
216.244.66.195 - - [13/Jan/2024:01:06:45 -0500] "GET /BLA/resoluciones/AUTOS%202011/2212.pdf HTTP/1.1" 200 233733
172.22.2.4 - - [13/Jan/2024:01:05:07 -0500] "HEAD /BLA/boletinlegal/ HTTP/1.1" 200 -
216.244.66.195 - - [13/Jan/2024:01:06:50 -0500] "GET /BLA/resoluciones/AUTOS%202011/2376.pdf HTTP/1.1" 200 328303
216.244.66.195 - - [13/Jan/2024:01:06:54 -0500] "GET /BLA/resoluciones/AUTOS%202011/2451.pdf HTTP/1.1" 200 135787
216.244.66.195 - - [13/Jan/2024:01:06:57 -0500] "GET /BLA/resoluciones/AUTOS%202011/2933.pdf HTTP/1.1" 200 487992
172.22.2.4 - - [13/Jan/2024:01:06:19 -0500] "GET /BLA/boletinlegal/ HTTP/1.1" 200 20427
216.244.66.195 - - [13/Jan/2024:01:07:21 -0500] "GET /BLA/resoluciones/AUTOS%202011/2944.pdf HTTP/1.1" 200 512348
190.24.106.196 - - [13/Jan/2024:01:07:31 -0500] "POST /sipse/faces/presentacion/financiero/solicitudProceso/consultarSolicitudProceso.xhtml HTTP/1.1" 200 85021
201.245.192.253 - - [13/Jan/2024:01:07:33 -0500] "POST /forms/lservlet;jsessionid=ac16012b30d6e9245d4a5ae64507bcdc86473ff87750.e3iSbxaKaheRe34Rb3eTbx8LaNb0n6jAmljGr5XDqQLvpAe HTTP/1.1" 200 2
172.22.2.4 - - [13/Jan/2024:01:05:57 -0500] "GET /BLA/boletinlegal/ HTTP/1.1" 200 52502
216.244.66.195 - - [13/Jan/2024:01:07:40 -0500] "GET /BLA/resoluciones/AUTOS%202011/3035.pdf HTTP/1.1" 200 111386
216.244.66.195 - - [13/Jan/2024:01:07:56 -0500] "GET /BLA/resoluciones/AUTOS%202011/3045.pdf HTTP/1.1" 200 275529
216.244.66.195 - - [13/Jan/2024:01:08:12 -0500] "GET /BLA/resoluciones/AUTOS%202011/3216.pdf HTTP/1.1" 200 326416
201.245.192.253 - - [13/Jan/2024:01:08:17 -0500] "POST /forms/lservlet;jsessionid=ac16012b30d6daf3d1e69b9448f9b338854e2531f358.e3iSbxaKaheRe34Rb3eTbx8LaNb0n6jAmljGr5XDqQLvpAe HTTP/1.1" 200 2
66.249.66.21 - - [13/Jan/2024:01:08:20 -0500] "GET /resoluciones/AUTOS%202007/2330.pdf HTTP/1.1" 404 1018
216.244.66.195 - - [13/Jan/2024:01:08:29 -0500] "GET /BLA/resoluciones/AUTOS%202011/3235.pdf HTTP/1.1" 200 406537
216.244.66.195 - - [13/Jan/2024:01:08:46 -0500] "GET /BLA/resoluciones/AUTOS%202011/3512.pdf HTTP/1.1" 200 133640
216.244.66.195 - - [13/Jan/2024:01:09:00 -0500] "GET /BLA/resoluciones/AUTOS%202011/3665.pdf HTTP/1.1" 200 3188385
186.102.49.112 - - [13/Jan/2024:01:09:22 -0500] "GET /kwssiamovil/sm/acme/a?s=U2FsdGVkX1/qJGoqNOfj+nJ+auZPdEJuxX7SQegS6MKi3iPlMSj6Ec+F6vtN3Y7UfEHFlihnO2JQlIlXrRTA1xuADgOEpJN50NnjniCIhOGoCX6oSRgVV4wsBDoPKVlFU3LnbJGagde+kU6bDAt/kdbtW3gGL2pblcZ2IntaFjKPEIntWznpq9DdqLq5Kw/mpPv5BtPsN3IXAjGkU0qPGPZa4AMYZGifZtVZMcPNkDN9OHErV42D4ARcxE/RGQRzB4hiZAHA/WKr4TVGDSS4pQ==&u=U2FsdGVkX1/aPk6CCjr5cQvPLDxwYuOhEieuyBLJkHHEaA5+qttzJC9x11CZB+CR&y=U2FsdGVkX19UkRtFaYKV5g3uFfAeU1e8Jza69+tYzWYNuPwz8smML0yYMevFzRew HTTP/1.1" 200 26
186.102.49.112 - - [13/Jan/2024:01:09:22 -0500] "GET /kwssiamovil/sm/acme/a?s=U2FsdGVkX19Ydf2XPqrA847QDBT6VvKo5DzphTS9oQNnLidMhl5FzxYTTIcsL860iD2SUYMmOc4bds4+GFql1vWMonEOeNdlGkWAuXMC22RheF1KXQcDar7C0t5ImI4I5fCZwpABsLUMTJgkqE+TeIHysMLaej8PjMurTEERyB9/KviqxxKMLQrFHP7RMV+acYFmhBItLPAgKWGQF1++RbUwYCC0rf5+yuZZbHm/AgZ3AgKvP3m8A6B5zA/ZdxAyz8PPyAhaallqolo+LH8vTYGA3rMRnML2inLNtZOJ+eL4uTXXuvHROCvIhyaDsvfi9CcwMWOWnkrmznvVW7haPXtLsKx9A87RAJ0NhlRBewEPlGsUj2NzBDMja5tAU0jmJnbZEPqkBCJiJ6CKBAJoL1GEEIENPYJTfzW0+aOZIiCAOoo7urOoA5i2xtL7YahfR2R+s4F7YIu+isA2Vl/X2EmybEtATbMD2lYy+xemEqyCxYULxUvdZO5qQUCBCSGwy8hA0PMPDFEIZirrXkDETR1jr8p8twz+bpR3ZNJLlNyRUrcCR8ypC3Pg4JI3yr4e+d6nVWwWZAx6xNTVZgJ7bocACnRthLeJy23coGF37+KA4gE/GHjtAl5LXDVmcBLjHb3XE2aIWrLmSqwHi26lwA+lvUy10TlNaBd6hvoFXCO1aw8x/Bra5aICZjPCuyTdjIVeEs/ksr02XIvAADt8O6jDmXFc8qMFlCoFuJGn7456zJVft1jJIIwSUZNDBu82OQKN/gQHbBZBbXLjtfQPtsSgF4nknPQHyH9WzNPdEzvNEZx+5Tef89Hu8RinZpPYFkNOSCGVQ5ZKlP+U61Ah+gUG5Gm6doqPkk4JqF2yjDd0MK4U0Kcwt7q8KKqLvCIQPovogccHWhXQ1DvVjxy4SpJm8hJg9iwDKIZ2PwFcE75Ra9/ZncsHujeKjBqu21zxwMonGVoptH21bPbOWfSsh0KBQBISyDOjUf/3PGblma8jXTrw1xq5wPuMQWkIqyI/VAuTGHVUEOD8Saye117L/j9ZIe2ReMIAoKK6B2eVwn1JCEMydW6Mf7lytZiCpOv04tQ3pNXg+wAiNb92kHmuTnk5da5ntXSu6/mW3XZwe0gwfEmSwawHAwPorJlSvpkEz7AnyBByuzljj5OWKvAs5RnCXPKCBsENgFPbwAZpub53vWJnX7OgIv89MvgUnVztPW/pS0n8hFvoVO6qhDlCIrgfaKH6WZAW45UmGT5G96XEZZsVug3z0llPyaFg4wjcU6f+JxcdTxDUluTMZeVGWWWjdeQsZmj3rYZRP4aM6W+G3QIdq73CYbdrFIIwEc1N/KqNb178rnIHtsNHVSOXz4Isyuv43bfP1wD7kSIRKSxOZiMXv+YvAYEcSxXCE83XhXRrw1T9vlluWRh6vLEHu34DuLC2/9JG+hSDyWJ/8cYOa5mKOLVHqMik76+Rx+yDgtqQPfUHt4SeiSJpuewjIpcd3O0K1hq/o55BY8j1/RVaUnAH+j8291G4Gr7IpxNzRtmjK0FzBZJhu0ryyiyL8oNOHyKLO841yO2/M/Xv0GCUgdpJYsPBeXOCizYepuJRlCX4XG+UlY6fl4AaI9gLzMUOCqPgnkgBRiF1ds3hYtrsRvlLiPNb8yQ/qBVeIgvl2THE4onT63HRMAL3/NmxW75eRlJfYEeE3PvPs2sYAtpJzTURZPqsrOGV0DXrMKG/JtVKjnG9G5/nsIxYdsOJHQfIC82gkVhSnnUreEkBXWqnDK9+zqulG4d/chEZc7pcfkkYwzEX0gVHVOd3ys0zSZy8ndgogDWtoJqeD2h2AgvzCdYQFuMNdPP7qNJDoQ4geqM93YL8m4ULZgExcIhypWuvKDLsCpbIgFaoBipVaXx444IBq+DA/pGYwzcSoggkUzkCWD6LJt7AZRJT1hIJTELSR2uK+MqaR13VxhYRPdqISpW0nueNooXzRgbql8TlF8LbGIubjgUVtCQNzuKLmYM2vChn8iliQPNm6+obA57pn53LxQRe1RTX0GonHn5wEq7LxWLeTATcMA6lWhdIowhM81ch1nKadc4OfiWEzyrDwU6z0Gprta2xZL909X0L0VBgLlMmTteJCCrGdU9UP6ruIZIhcci4glwYN56IXVppzHXAzlU5OfdC2Q4aAIk2jn4eGDfb2dL4zLGHQpOs8AcMpMcuxTVRqJ1rSwJwxYWDTBiNj5oC/AVnQHVXyNFoCjHw0R7QCGVv7oBLujgmliJsxH5YwFlzPIYR1ozrwz8wfAFQkwf9h99ftDbPG/viD9PabaB07OnHVH0EmhkOGseX1v/HI3ALupCULwDqDQA6C+19vd8qp+Zqh7aZxjBC5MJLsG858kjZeqVfWFzoZUnZp+BVbATxezgfCMLI62dNFSHxeVS/7CSX2jeEfo0Gmkm75DGVIqF/VmAKT7zvzn/RZFdKN5EENqDo0h3jAN04M/2H0ugWVWDF3oI+RuKoQD79Jw/esxaJ4RGhlXwg97uOfxzFPuR4ZvA2wKBj9D5oYEuXUQRKkCqTmTZASCxSMHppsqK2mdE/sHCOtrGNAFN9K0SjaWzUVQ6qW0K3Z6/olmzLrT6f0vRG2J2lnz45wwPBtTXptwp8naQPXcpQxiQ3eOkifjD7ajEbeOxGQZ0hAAWsOZ+HWhKVKiV+ZqcMTmEkqVTXoNzWfQK6Yv551ZbPs1pM+4/ciznQ4jbZogBHu+PTgrP5Gsa3tYI2wuHroWzdBkhS+uRxiiyRwRd4p5F9ClHXN/I2kaZ5mGusQRNiOEQasfOzZZ/xRJNeBk0XG0qW1PNcSQS5pc9dXxuZ/5Z44LQkTEV3TFPXFVw3lh+9XvaYg90wO1B3ETMCy/gLlm4cbltKhBUd2nyatcCOWkH+EVusRtfwM8sGCI98em9vwaNINVdAsmSP0pAqbATNtdnQi8cU3+P0lHU9JtDhvB8dbLBePHVYsNNSnbP+MIoEaOiKS4jcUlDMmNyikghwtiGtyX1XWFtQoh7dZM+y3A==&u=U2FsdGVkX1/aPk6CCjr5cQvPLDxwYuOhEieuyBLJkHHEaA5+qttzJC9x11CZB+CR&y=U2FsdGVkX19UkRtFaYKV5g3uFfAeU1e8Jza69+tYzWYNuPwz8smML0yYMevFzRew HTTP/1.1" 200 26
186.102.49.112 - - [13/Jan/2024:01:09:22 -0500] "GET /kwssiamovil/sm/acme/a?s=U2FsdGVkX186MVeK+aC/GR7tHa5U1pE0m6asQqI7VKc8B90NOB8RsJ2wih3gRGLuKPapQM6rAYfN1/JoKGg+8C21RewLaDZdiEQLoqb9PhfkGo6anuNHGeFUV1ERa78r3E48igh5+2hOV/Tctfy2Arn5HDHbYP1do+7c0w9OYoY=&u=U2FsdGVkX1/aPk6CCjr5cQvPLDxwYuOhEieuyBLJkHHEaA5+qttzJC9x11CZB+CR&y=U2FsdGVkX19UkRtFaYKV5g3uFfAeU1e8Jza69+tYzWYNuPwz8smML0yYMevFzRew HTTP/1.1" 200 26
186.102.49.112 - - [13/Jan/2024:01:09:22 -0500] "GET /kwssiamovil/sm/acme/a?s=U2FsdGVkX19+iXAecGWL/gU5FSYNQb1/ENfFjnyA8H1LyVqghvxvOrrpS1VRd5wenM/QpONjShqlOC/lOtzTudPKs8F/5vfA0Tf808Gbig7xhJsvgaMdVzYRgxoz/uiy9d5yJ0Y+b1oM+/4vwn1bAvbf5FeVxhxJt6lPyg/e+sY=&u=U2FsdGVkX1/aPk6CCjr5cQvPLDxwYuOhEieuyBLJkHHEaA5+qttzJC9x11CZB+CR&y=U2FsdGVkX19UkRtFaYKV5g3uFfAeU1e8Jza69+tYzWYNuPwz8smML0yYMevFzRew HTTP/1.1" 200 26
186.102.49.112 - - [13/Jan/2024:01:09:23 -0500] "GET /kwssiamovil/sm/acme/a?s=U2FsdGVkX18zz3cMTZn1sECRQCXzWX52Qk1ZKMsFj/dJUhTsafDCd3W8Dl22shRJHterIUbgWH3G0034U8A5pfVrPDZpizeGRTjBvy1azBZ7FovdjV3FgLAoh/mHQotumgQBcY67JIs3mZL/Aus0Mbl+4Z6gC7tzg/pH2rG1H+o=&u=U2FsdGVkX1/aPk6CCjr5cQvPLDxwYuOhEieuyBLJkHHEaA5+qttzJC9x11CZB+CR&y=U2FsdGVkX19UkRtFaYKV5g3uFfAeU1e8Jza69+tYzWYNuPwz8smML0yYMevFzRew HTTP/1.1" 200 26
186.102.49.112 - - [13/Jan/2024:01:09:23 -0500] "GET /kwssiamovil/sm/acme/a?s=U2FsdGVkX182bHYoLwD5QfGBq41aQwVk9j2j8/ZDHMpgwp8CQgBN6oCT/JKM7KnpV506F4obj66t9mZ0vaK98w3pwEWNyhRPPLgJ9GEETvOgXjLITr2nyy0DnD/pbPTvlJ+EooXCfaEhGHusF9U1AN3Z0YW3/UYNPDFcVW9rkHMJ1nwMouY3jJZWedQQxhA0jRwwG4+W1ONAHoqGnrn+MA==&u=U2FsdGVkX1/aPk6CCjr5cQvPLDxwYuOhEieuyBLJkHHEaA5+qttzJC9x11CZB+CR&y=U2FsdGVkX19UkRtFaYKV5g3uFfAeU1e8Jza69+tYzWYNuPwz8smML0yYMevFzRew HTTP/1.1" 200 26
216.244.66.195 - - [13/Jan/2024:01:09:30 -0500] "GET /BLA/resoluciones/AUTOS%202012/0069.pdf HTTP/1.1" 200 177170
201.245.192.253 - - [13/Jan/2024:01:09:33 -0500] "POST /forms/lservlet;jsessionid=ac16012b30d6e9245d4a5ae64507bcdc86473ff87750.e3iSbxaKaheRe34Rb3eTbx8LaNb0n6jAmljGr5XDqQLvpAe HTTP/1.1" 200 2
190.24.106.196 - - [13/Jan/2024:01:09:35 -0500] "GET /sipse/faces/javax.faces.resource/theme.css?ln=primefaces-sipse HTTP/1.1" 304 -
190.24.106.196 - - [13/Jan/2024:01:09:35 -0500] "GET /sipse/faces/javax.faces.resource/primefaces.css?ln=primefaces&v=4.0 HTTP/1.1" 304 -
190.24.106.196 - - [13/Jan/2024:01:09:35 -0500] "GET /sipse/faces/javax.faces.resource/layout/layout.css?ln=primefaces&v=4.0 HTTP/1.1" 304 -
190.24.106.196 - - [13/Jan/2024:01:09:35 -0500] "GET /sipse/faces/javax.faces.resource/primefaces.js?ln=primefaces&v=4.0 HTTP/1.1" 304 -
190.24.106.196 - - [13/Jan/2024:01:09:35 -0500] "GET /sipse/faces/javax.faces.resource/jquery/jquery-plugins.js?ln=primefaces&v=4.0 HTTP/1.1" 304 -
190.24.106.196 - - [13/Jan/2024:01:09:35 -0500] "GET /sipse/faces/javax.faces.resource/jquery/jquery.js?ln=primefaces&v=4.0 HTTP/1.1" 304 -
190.24.106.196 - - [13/Jan/2024:01:09:35 -0500] "GET /sipse/faces/javax.faces.resource/layout/layout.js?ln=primefaces&v=4.0 HTTP/1.1" 304 -
190.24.106.196 - - [13/Jan/2024:01:09:35 -0500] "POST /sipse/faces/presentacion/financiero/solicitudProceso/consultarSolicitudProceso.xhtml HTTP/1.1" 200 171546
190.24.106.196 - - [13/Jan/2024:01:09:38 -0500] "POST /sipse/faces/presentacion/financiero/solicitudProceso/consultarSolicitudProceso.xhtml HTTP/1.1" 200 5567
216.244.66.195 - - [13/Jan/2024:01:09:54 -0500] "GET /BLA/resoluciones/AUTOS%202012/0262.pdf HTTP/1.1" 200 184068
190.24.106.196 - - [13/Jan/2024:01:09:59 -0500] "POST /sipse/faces/presentacion/financiero/solicitudProceso/consultarSolicitudProceso.xhtml HTTP/1.1" 200 25127
190.24.106.196 - - [13/Jan/2024:01:09:59 -0500] "GET /sipse/faces/javax.faces.resource/theme.css?ln=primefaces-sipse HTTP/1.1" 304 -
190.24.106.196 - - [13/Jan/2024:01:09:59 -0500] "GET /sipse/faces/javax.faces.resource/primefaces.css?ln=primefaces&v=4.0 HTTP/1.1" 304 -
190.24.106.196 - - [13/Jan/2024:01:09:59 -0500] "GET /sipse/faces/javax.faces.resource/layout/layout.css?ln=primefaces&v=4.0 HTTP/1.1" 304 -
190.24.106.196 - - [13/Jan/2024:01:09:59 -0500] "GET /sipse/faces/javax.faces.resource/jquery/jquery.js?ln=primefaces&v=4.0 HTTP/1.1" 304 -
190.24.106.196 - - [13/Jan/2024:01:09:59 -0500] "GET /sipse/faces/javax.faces.resource/jquery/jquery-plugins.js?ln=primefaces&v=4.0 HTTP/1.1" 304 -
190.24.106.196 - - [13/Jan/2024:01:09:59 -0500] "GET /sipse/faces/javax.faces.resource/primefaces.js?ln=primefaces&v=4.0 HTTP/1.1" 304 -
190.24.106.196 - - [13/Jan/2024:01:09:59 -0500] "GET /sipse/faces/javax.faces.resource/layout/layout.js?ln=primefaces&v=4.0 HTTP/1.1" 304 -
201.245.192.253 - - [13/Jan/2024:01:10:17 -0500] "POST /forms/lservlet;jsessionid=ac16012b30d6daf3d1e69b9448f9b338854e2531f358.e3iSbxaKaheRe34Rb3eTbx8LaNb0n6jAmljGr5XDqQLvpAe HTTP/1.1" 200 2
190.24.106.196 - - [13/Jan/2024:01:10:19 -0500] "POST /sipse/faces/presentacion/financiero/viabilidad/expedirViabilidad.xhtml HTTP/1.1" 200 126615
190.24.106.196 - - [13/Jan/2024:01:10:19 -0500] "GET /sipse/faces/javax.faces.resource/theme.css?ln=primefaces-sipse HTTP/1.1" 304 -
190.24.106.196 - - [13/Jan/2024:01:10:19 -0500] "GET /sipse/faces/javax.faces.resource/primefaces.css?ln=primefaces&v=4.0 HTTP/1.1" 304 -
190.24.106.196 - - [13/Jan/2024:01:10:19 -0500] "GET /sipse/faces/javax.faces.resource/layout/layout.css?ln=primefaces&v=4.0 HTTP/1.1" 304 -
190.24.106.196 - - [13/Jan/2024:01:10:19 -0500] "GET /sipse/faces/javax.faces.resource/jquery/jquery.js?ln=primefaces&v=4.0 HTTP/1.1" 304 -
190.24.106.196 - - [13/Jan/2024:01:10:19 -0500] "GET /sipse/faces/javax.faces.resource/jquery/jquery-plugins.js?ln=primefaces&v=4.0 HTTP/1.1" 304 -
190.24.106.196 - - [13/Jan/2024:01:10:19 -0500] "GET /sipse/faces/javax.faces.resource/primefaces.js?ln=primefaces&v=4.0 HTTP/1.1" 304 -
190.24.106.196 - - [13/Jan/2024:01:10:19 -0500] "GET /sipse/faces/javax.faces.resource/layout/layout.js?ln=primefaces&v=4.0 HTTP/1.1" 304 -
216.244.66.195 - - [13/Jan/2024:01:10:20 -0500] "GET /BLA/resoluciones/AUTOS%202012/0347.pdf HTTP/1.1" 200 338119
190.24.106.196 - - [13/Jan/2024:01:10:25 -0500] "POST /sipse/faces/presentacion/financiero/solicitudProceso/consultarSolicitudProceso.xhtml HTTP/1.1" 200 43621
190.24.106.196 - - [13/Jan/2024:01:10:27 -0500] "GET /sipse/faces/javax.faces.resource/theme.css?ln=primefaces-sipse HTTP/1.1" 304 -
190.24.106.196 - - [13/Jan/2024:01:10:27 -0500] "GET /sipse/faces/javax.faces.resource/primefaces.css?ln=primefaces&v=4.0 HTTP/1.1" 304 -
190.24.106.196 - - [13/Jan/2024:01:10:27 -0500] "GET /sipse/faces/javax.faces.resource/layout/layout.css?ln=primefaces&v=4.0 HTTP/1.1" 304 -
190.24.106.196 - - [13/Jan/2024:01:10:27 -0500] "GET /sipse/faces/javax.faces.resource/jquery/jquery.js?ln=primefaces&v=4.0 HTTP/1.1" 304 -
190.24.106.196 - - [13/Jan/2024:01:10:27 -0500] "GET /sipse/faces/javax.faces.resource/jquery/jquery-plugins.js?ln=primefaces&v=4.0 HTTP/1.1" 304 -
190.24.106.196 - - [13/Jan/2024:01:10:27 -0500] "GET /sipse/faces/javax.faces.resource/primefaces.js?ln=primefaces&v=4.0 HTTP/1.1" 304 -
190.24.106.196 - - [13/Jan/2024:01:10:27 -0500] "GET /sipse/faces/javax.faces.resource/layout/layout.js?ln=primefaces&v=4.0 HTTP/1.1" 304 -
190.24.106.196 - - [13/Jan/2024:01:10:27 -0500] "POST /sipse/faces/presentacion/financiero/solicitudProceso/listarSolicitudProceso.xhtml HTTP/1.1" 200 1440
216.244.66.195 - - [13/Jan/2024:01:10:42 -0500] "GET /BLA/resoluciones/AUTOS%202012/0410.pdf HTTP/1.1" 200 207610
216.245.221.92 - - [13/Jan/2024:01:10:54 -0500] "HEAD / HTTP/1.1" 200 -
216.244.66.195 - - [13/Jan/2024:01:11:02 -0500] "GET /BLA/resoluciones/AUTOS%202012/0484.pdf HTTP/1.1" 200 319642
216.244.66.195 - - [13/Jan/2024:01:11:28 -0500] "GET /BLA/resoluciones/AUTOS%202012/0497.pdf HTTP/1.1" 200 354758
201.245.192.253 - - [13/Jan/2024:01:11:33 -0500] "POST /forms/lservlet;jsessionid=ac16012b30d6e9245d4a5ae64507bcdc86473ff87750.e3iSbxaKaheRe34Rb3eTbx8LaNb0n6jAmljGr5XDqQLvpAe HTTP/1.1" 200 2
201.245.192.253 - - [13/Jan/2024:01:11:34 -0500] "POST /kwsrmcab/Wsrmcab  HTTP/1.1" 200 39439
216.244.66.195 - - [13/Jan/2024:01:11:49 -0500] "GET /BLA/resoluciones/AUTOS%202012/0967.pdf HTTP/1.1" 200 364806
216.244.66.195 - - [13/Jan/2024:01:12:09 -0500] "GET /BLA/resoluciones/AUTOS%202012/1052.pdf HTTP/1.1" 200 215155
201.245.192.253 - - [13/Jan/2024:01:12:17 -0500] "POST /forms/lservlet;jsessionid=ac16012b30d6daf3d1e69b9448f9b338854e2531f358.e3iSbxaKaheRe34Rb3eTbx8LaNb0n6jAmljGr5XDqQLvpAe HTTP/1.1" 200 2
172.22.2.4 - - [13/Jan/2024:01:10:57 -0500] "HEAD /BLA/boletinlegal/ HTTP/1.1" 200 -
172.22.2.4 - - [13/Jan/2024:01:11:47 -0500] "GET /BLA/boletinlegal/ HTTP/1.1" 200 58666
201.245.192.253 - - [13/Jan/2024:01:13:33 -0500] "POST /forms/lservlet;jsessionid=ac16012b30d6e9245d4a5ae64507bcdc86473ff87750.e3iSbxaKaheRe34Rb3eTbx8LaNb0n6jAmljGr5XDqQLvpAe HTTP/1.1" 200 2
190.24.106.196 - - [13/Jan/2024:01:13:57 -0500] "POST /sipse/faces/presentacion/financiero/solicitudProceso/listarSolicitudProceso.xhtml HTTP/1.1" 200 124809
190.24.106.196 - - [13/Jan/2024:01:13:58 -0500] "GET /sipse/faces/javax.faces.resource/theme.css?ln=primefaces-sipse HTTP/1.1" 304 -
190.24.106.196 - - [13/Jan/2024:01:13:58 -0500] "GET /sipse/faces/javax.faces.resource/primefaces.css?ln=primefaces&v=4.0 HTTP/1.1" 304 -
190.24.106.196 - - [13/Jan/2024:01:13:58 -0500] "GET /sipse/css/imagen/contrasena.png HTTP/1.1" 404 383
190.24.106.196 - - [13/Jan/2024:01:13:58 -0500] "GET /sipse/faces/javax.faces.resource/layout/layout.css?ln=primefaces&v=4.0 HTTP/1.1" 304 -
190.24.106.196 - - [13/Jan/2024:01:13:58 -0500] "GET /sipse/faces/javax.faces.resource/jquery/jquery.js?ln=primefaces&v=4.0 HTTP/1.1" 304 -
190.24.106.196 - - [13/Jan/2024:01:13:58 -0500] "GET /sipse/faces/javax.faces.resource/jquery/jquery-plugins.js?ln=primefaces&v=4.0 HTTP/1.1" 304 -
190.24.106.196 - - [13/Jan/2024:01:13:58 -0500] "GET /sipse/faces/javax.faces.resource/primefaces.js?ln=primefaces&v=4.0 HTTP/1.1" 304 -
190.24.106.196 - - [13/Jan/2024:01:13:58 -0500] "GET /sipse/faces/javax.faces.resource/layout/layout.js?ln=primefaces&v=4.0 HTTP/1.1" 304 -
190.24.106.196 - - [13/Jan/2024:01:13:58 -0500] "GET /sipse/faces/javax.faces.resource/images/ui-icons_898989_256x240.png?ln=primefaces-aristo HTTP/1.1" 304 -
201.245.192.253 - - [13/Jan/2024:01:14:17 -0500] "POST /forms/lservlet;jsessionid=ac16012b30d6daf3d1e69b9448f9b338854e2531f358.e3iSbxaKaheRe34Rb3eTbx8LaNb0n6jAmljGr5XDqQLvpAe HTTP/1.1" 200 2
114.80.36.40 - - [13/Jan/2024:01:14:39 -0500] "GET / HTTP/1.1" 200 319
190.24.106.196 - - [13/Jan/2024:01:14:40 -0500] "POST /sipse/faces/presentacion/financiero/solicitudProceso/consultarSolicitudProceso.xhtml HTTP/1.1" 200 84057
201.245.192.253 - - [13/Jan/2024:01:14:41 -0500] "POST /kwsrmcab/Wsrmcab HTTP/1.1" 200 39274
201.245.192.253 - - [13/Jan/2024:01:14:44 -0500] "POST /kwsrmcab/Wsrmcab HTTP/1.1" 200 39285
201.245.192.253 - - [13/Jan/2024:01:15:33 -0500] "POST /forms/lservlet;jsessionid=ac16012b30d6e9245d4a5ae64507bcdc86473ff87750.e3iSbxaKaheRe34Rb3eTbx8LaNb0n6jAmljGr5XDqQLvpAe HTTP/1.1" 200 2
216.245.221.92 - - [13/Jan/2024:01:15:54 -0500] "HEAD / HTTP/1.1" 200 -
201.245.192.253 - - [13/Jan/2024:01:16:17 -0500] "POST /forms/lservlet;jsessionid=ac16012b30d6daf3d1e69b9448f9b338854e2531f358.e3iSbxaKaheRe34Rb3eTbx8LaNb0n6jAmljGr5XDqQLvpAe HTTP/1.1" 200 2
152.61.192.232 - - [13/Jan/2024:01:16:28 -0500] "GET / HTTP/1.1" 200 319
201.245.192.253 - - [13/Jan/2024:01:16:33 -0500] "POST /kwsrmcab/Wsrmcab  HTTP/1.1" 200 39439
190.24.106.196 - - [13/Jan/2024:01:16:38 -0500] "GET /sipse/faces/javax.faces.resource/theme.css?ln=primefaces-sipse HTTP/1.1" 304 -
190.24.106.196 - - [13/Jan/2024:01:16:38 -0500] "GET /sipse/faces/javax.faces.resource/jquery/jquery-plugins.js?ln=primefaces&v=4.0 HTTP/1.1" 304 -
190.24.106.196 - - [13/Jan/2024:01:16:38 -0500] "GET /sipse/faces/javax.faces.resource/layout/layout.css?ln=primefaces&v=4.0 HTTP/1.1" 304 -
190.24.106.196 - - [13/Jan/2024:01:16:38 -0500] "GET /sipse/faces/javax.faces.resource/primefaces.css?ln=primefaces&v=4.0 HTTP/1.1" 304 -
190.24.106.196 - - [13/Jan/2024:01:16:38 -0500] "GET /sipse/faces/javax.faces.resource/primefaces.js?ln=primefaces&v=4.0 HTTP/1.1" 304 -
190.24.106.196 - - [13/Jan/2024:01:16:38 -0500] "GET /sipse/faces/javax.faces.resource/jquery/jquery.js?ln=primefaces&v=4.0 HTTP/1.1" 304 -
190.24.106.196 - - [13/Jan/2024:01:16:38 -0500] "GET /sipse/faces/javax.faces.resource/layout/layout.js?ln=primefaces&v=4.0 HTTP/1.1" 304 -
190.24.106.196 - - [13/Jan/2024:01:16:37 -0500] "POST /sipse/faces/presentacion/financiero/solicitudProceso/consultarSolicitudProceso.xhtml HTTP/1.1" 200 171400
190.24.106.196 - - [13/Jan/2024:01:16:43 -0500] "GET /sipse/faces/javax.faces.resource/images/ui-bg_flat_0_2d5972_40x100.png?ln=primefaces-aristo HTTP/1.1" 304 -
190.24.106.196 - - [13/Jan/2024:01:16:43 -0500] "POST /sipse/faces/presentacion/financiero/solicitudProceso/consultarSolicitudProceso.xhtml HTTP/1.1" 200 5567
190.24.106.196 - - [13/Jan/2024:01:17:08 -0500] "POST /sipse/faces/presentacion/financiero/solicitudProceso/consultarSolicitudProceso.xhtml HTTP/1.1" 200 25127
190.24.106.196 - - [13/Jan/2024:01:17:09 -0500] "GET /sipse/faces/javax.faces.resource/theme.css?ln=primefaces-sipse HTTP/1.1" 304 -
190.24.106.196 - - [13/Jan/2024:01:17:09 -0500] "GET /sipse/faces/javax.faces.resource/primefaces.css?ln=primefaces&v=4.0 HTTP/1.1" 304 -
190.24.106.196 - - [13/Jan/2024:01:17:09 -0500] "GET /sipse/faces/javax.faces.resource/layout/layout.css?ln=primefaces&v=4.0 HTTP/1.1" 304 -
190.24.106.196 - - [13/Jan/2024:01:17:09 -0500] "GET /sipse/faces/javax.faces.resource/jquery/jquery.js?ln=primefaces&v=4.0 HTTP/1.1" 304 -
190.24.106.196 - - [13/Jan/2024:01:17:09 -0500] "GET /sipse/faces/javax.faces.resource/jquery/jquery-plugins.js?ln=primefaces&v=4.0 HTTP/1.1" 304 -
190.24.106.196 - - [13/Jan/2024:01:17:09 -0500] "GET /sipse/faces/javax.faces.resource/primefaces.js?ln=primefaces&v=4.0 HTTP/1.1" 304 -
190.24.106.196 - - [13/Jan/2024:01:17:09 -0500] "GET /sipse/faces/javax.faces.resource/layout/layout.js?ln=primefaces&v=4.0 HTTP/1.1" 304 -
190.24.106.196 - - [13/Jan/2024:01:17:25 -0500] "POST /sipse/faces/presentacion/financiero/viabilidad/expedirViabilidad.xhtml HTTP/1.1" 200 126469
190.24.106.196 - - [13/Jan/2024:01:17:25 -0500] "GET /sipse/faces/javax.faces.resource/primefaces.css?ln=primefaces&v=4.0 HTTP/1.1" 304 -
190.24.106.196 - - [13/Jan/2024:01:17:25 -0500] "GET /sipse/faces/javax.faces.resource/theme.css?ln=primefaces-sipse HTTP/1.1" 304 -
190.24.106.196 - - [13/Jan/2024:01:17:25 -0500] "GET /sipse/faces/javax.faces.resource/layout/layout.css?ln=primefaces&v=4.0 HTTP/1.1" 304 -
190.24.106.196 - - [13/Jan/2024:01:17:25 -0500] "GET /sipse/faces/javax.faces.resource/jquery/jquery.js?ln=primefaces&v=4.0 HTTP/1.1" 304 -
190.24.106.196 - - [13/Jan/2024:01:17:25 -0500] "GET /sipse/faces/javax.faces.resource/jquery/jquery-plugins.js?ln=primefaces&v=4.0 HTTP/1.1" 304 -
190.24.106.196 - - [13/Jan/2024:01:17:25 -0500] "GET /sipse/faces/javax.faces.resource/primefaces.js?ln=primefaces&v=4.0 HTTP/1.1" 304 -
190.24.106.196 - - [13/Jan/2024:01:17:25 -0500] "GET /sipse/faces/javax.faces.resource/layout/layout.js?ln=primefaces&v=4.0 HTTP/1.1" 304 -
