216.244.66.195 - - [13/Jan/2024:13:35:17 -0500] "GET /BLA/resoluciones/AUTOS%202013/1915.pdf HTTP/1.1" 200 467269
201.245.192.253 - - [13/Jan/2024:13:35:36 -0500] "POST /forms/lservlet;jsessionid=ac16012b30d6e9245d4a5ae64507bcdc86473ff87750.e3iSbxaKaheRe34Rb3eTbx8LaNb0n6jAmljGr5XDqQLvpAe HTTP/1.1" 200 2
216.244.66.195 - - [13/Jan/2024:13:35:38 -0500] "GET /BLA/resoluciones/AUTOS%202013/2168.pdf HTTP/1.1" 200 671416
216.245.221.92 - - [13/Jan/2024:13:35:52 -0500] "HEAD / HTTP/1.1" 200 -
216.244.66.195 - - [13/Jan/2024:13:35:56 -0500] "GET /BLA/resoluciones/AUTOS%202013/2324.pdf HTTP/1.1" 200 631587
216.244.66.195 - - [13/Jan/2024:13:36:14 -0500] "GET /BLA/resoluciones/AUTOS%202013/2329.pdf HTTP/1.1" 200 662821
201.245.192.253 - - [13/Jan/2024:13:36:19 -0500] "POST /forms/lservlet;jsessionid=ac16012b30d6daf3d1e69b9448f9b338854e2531f358.e3iSbxaKaheRe34Rb3eTbx8LaNb0n6jAmljGr5XDqQLvpAe HTTP/1.1" 200 2
216.244.66.195 - - [13/Jan/2024:13:36:31 -0500] "GET /BLA/resoluciones/AUTOS%202013/2564.pdf HTTP/1.1" 200 656668
216.244.66.195 - - [13/Jan/2024:13:36:48 -0500] "GET /BLA/resoluciones/AUTOS%202014/0028.pdf HTTP/1.1" 200 499116
69.63.189.5 - - [13/Jan/2024:13:36:50 -0500] "GET /galeria/galeria/fotos/Capellania1P.jpg HTTP/1.1" 200 33952
216.244.66.195 - - [13/Jan/2024:13:37:03 -0500] "GET /BLA/resoluciones/AUTOS%202014/0569.pdf HTTP/1.1" 200 372706
47.128.117.166 - - [13/Jan/2024:13:37:04 -0500] "GET /BLA/resoluciones/index.php?dir=RESOLUCIONES%202004%2FRES%202004%202301-2350%2F&order=desc&sort=name HTTP/1.1" 200 12355
47.128.117.166 - - [13/Jan/2024:13:37:05 -0500] "GET /BLA/resoluciones/dlf/dirup.png HTTP/1.1" 200 644
47.128.117.166 - - [13/Jan/2024:13:37:05 -0500] "GET /BLA/resoluciones/dlf/unknown.png HTTP/1.1" 200 266
216.244.66.195 - - [13/Jan/2024:13:37:17 -0500] "GET /BLA/resoluciones/AUTOS%202014/0611.pdf HTTP/1.1" 200 440338
216.244.66.195 - - [13/Jan/2024:13:37:29 -0500] "GET /BLA/resoluciones/AUTOS%202014/0694.pdf HTTP/1.1" 200 380622
201.245.192.253 - - [13/Jan/2024:13:37:36 -0500] "POST /forms/lservlet;jsessionid=ac16012b30d6e9245d4a5ae64507bcdc86473ff87750.e3iSbxaKaheRe34Rb3eTbx8LaNb0n6jAmljGr5XDqQLvpAe HTTP/1.1" 200 2
216.244.66.195 - - [13/Jan/2024:13:37:41 -0500] "GET /BLA/resoluciones/AUTOS%202014/0772.pdf HTTP/1.1" 200 431400
216.244.66.195 - - [13/Jan/2024:13:37:51 -0500] "GET /BLA/resoluciones/AUTOS%202014/1616.pdf HTTP/1.1" 200 297893
216.244.66.195 - - [13/Jan/2024:13:38:05 -0500] "GET /BLA/resoluciones/AUTOS%202014/2033.pdf HTTP/1.1" 200 292274
216.244.66.195 - - [13/Jan/2024:13:38:17 -0500] "GET /BLA/resoluciones/AUTOS%202015/0314.pdf HTTP/1.1" 200 519355
201.245.192.253 - - [13/Jan/2024:13:38:20 -0500] "POST /forms/lservlet;jsessionid=ac16012b30d6daf3d1e69b9448f9b338854e2531f358.e3iSbxaKaheRe34Rb3eTbx8LaNb0n6jAmljGr5XDqQLvpAe HTTP/1.1" 200 2
201.245.192.253 - - [13/Jan/2024:13:38:19 -0500] "POST /kwsrmcab/Wsrmcab  HTTP/1.1" 200 39439
172.22.2.4 - - [13/Jan/2024:13:36:48 -0500] "GET /BLA/boletinlegal/ HTTP/1.1" 200 58666
216.244.66.195 - - [13/Jan/2024:13:38:29 -0500] "GET /BLA/resoluciones/AUTOS%202015/0546.pdf HTTP/1.1" 200 570347
69.63.189.117 - - [13/Jan/2024:13:38:40 -0500] "GET /galeria/galeria/fotos/Soratama1P.jpg HTTP/1.1" 200 9622
201.245.192.253 - - [13/Jan/2024:13:38:58 -0500] "POST /kwsrmcab/Wsrmcab HTTP/1.1" 200 38526
216.244.66.195 - - [13/Jan/2024:13:39:00 -0500] "GET /BLA/resoluciones/AUTOS%202015/0566.pdf HTTP/1.1" 200 565365
172.22.2.4 - - [13/Jan/2024:13:37:37 -0500] "HEAD /BLA/boletinlegal/ HTTP/1.1" 200 -
173.252.107.2 - - [13/Jan/2024:13:39:27 -0500] "GET /entidades-publicas-en-bogota-participen-en-la-sexta-version-del-concurso-de-buenas-practicas-ambientales.html HTTP/1.1" 200 810
201.245.192.253 - - [13/Jan/2024:13:39:36 -0500] "POST /forms/lservlet;jsessionid=ac16012b30d6e9245d4a5ae64507bcdc86473ff87750.e3iSbxaKaheRe34Rb3eTbx8LaNb0n6jAmljGr5XDqQLvpAe HTTP/1.1" 200 2
216.244.66.195 - - [13/Jan/2024:13:39:38 -0500] "GET /BLA/resoluciones/AUTOS%202015/1422.pdf HTTP/1.1" 200 515140
201.245.192.253 - - [13/Jan/2024:13:39:37 -0500] "POST /kwsrmcab/Wsrmcab HTTP/1.1" 200 39557
172.22.2.4 - - [13/Jan/2024:13:38:28 -0500] "GET /BLA/boletinlegal/ HTTP/1.1" 200 58666
216.244.66.195 - - [13/Jan/2024:13:40:08 -0500] "GET /BLA/resoluciones/AUTOS%202015/2211.pdf HTTP/1.1" 200 511666
201.245.192.253 - - [13/Jan/2024:13:40:20 -0500] "POST /forms/lservlet;jsessionid=ac16012b30d6daf3d1e69b9448f9b338854e2531f358.e3iSbxaKaheRe34Rb3eTbx8LaNb0n6jAmljGr5XDqQLvpAe HTTP/1.1" 200 2
216.244.66.195 - - [13/Jan/2024:13:40:40 -0500] "GET /BLA/resoluciones/AUTOS%202015/2474.pdf HTTP/1.1" 200 555037
216.245.221.92 - - [13/Jan/2024:13:40:52 -0500] "HEAD / HTTP/1.1" 200 -
216.244.66.195 - - [13/Jan/2024:13:41:09 -0500] "GET /BLA/resoluciones/AUTOS%202015/2675.pdf HTTP/1.1" 200 349339
66.249.66.19 - - [13/Jan/2024:13:41:11 -0500] "GET /POT-2013/SEGUIMIENTO/Microsoft%20Word%20-%20seguimiento_evaluacion%20POT%20Oct%2029.doc.pdf HTTP/1.1" 200 791863
69.63.189.26 - - [13/Jan/2024:13:41:29 -0500] "GET /galeria/galeria/fotos/Huemdal-el-Tunjo4P.jpg HTTP/1.1" 200 18710
201.245.192.253 - - [13/Jan/2024:13:41:36 -0500] "POST /forms/lservlet;jsessionid=ac16012b30d6e9245d4a5ae64507bcdc86473ff87750.e3iSbxaKaheRe34Rb3eTbx8LaNb0n6jAmljGr5XDqQLvpAe HTTP/1.1" 200 2
216.244.66.195 - - [13/Jan/2024:13:41:38 -0500] "GET /BLA/resoluciones/AUTOS%202019/1118.pdf HTTP/1.1" 200 312131
216.244.66.195 - - [13/Jan/2024:13:42:05 -0500] "GET /BLA/resoluciones/AUTOS%202019/2019.pdf HTTP/1.1" 200 316936
201.245.192.253 - - [13/Jan/2024:13:42:20 -0500] "POST /forms/lservlet;jsessionid=ac16012b30d6daf3d1e69b9448f9b338854e2531f358.e3iSbxaKaheRe34Rb3eTbx8LaNb0n6jAmljGr5XDqQLvpAe HTTP/1.1" 200 2
216.244.66.195 - - [13/Jan/2024:13:42:31 -0500] "GET /BLA/resoluciones/AUTOS%202022/3108.pdf HTTP/1.1" 200 403688
152.202.73.167 - - [13/Jan/2024:13:42:54 -0500] "GET /distrito-exalto-a-246-empresas-de-bogota-por-su-alto-desempeno-y-responsabilidad-ambiental-durante-2023.html HTTP/1.1" 200 1039
152.202.73.167 - - [13/Jan/2024:13:42:54 -0500] "GET /html/css/main.css?browserId=other&themeId=rknowsys_WAR_rknowsystheme&minifierType=css&languageId=es_ES&b=6202&t=1419355480000 HTTP/1.1" 404 1136
152.202.73.167 - - [13/Jan/2024:13:42:54 -0500] "GET /html/css/main.css?browserId=other&themeId=rknowsys_WAR_rknowsystheme&minifierType=css&languageId=es_ES&b=6202&t=1419355480000 HTTP/1.1" 404 1136
216.244.66.195 - - [13/Jan/2024:13:42:56 -0500] "GET /BLA/resoluciones/AUTOS%202022/5022.pdf HTTP/1.1" 200 369300
69.63.189.23 - - [13/Jan/2024:13:42:59 -0500] "GET /galeria/galeria/fotos/Soratama3P.jpg HTTP/1.1" 200 11298
66.249.75.129 - - [13/Jan/2024:13:43:12 -0500] "GET /portaldeninos/2021/04/10/observatorio-ambiental-una-herramienta-al-servicio-de-la-educacion/ HTTP/1.1" 200 103203
216.244.66.195 - - [13/Jan/2024:13:43:20 -0500] "GET /BLA/resoluciones/RESOLUCIONES%202011/0194.pdf HTTP/1.1" 200 84111
201.245.192.253 - - [13/Jan/2024:13:43:18 -0500] "POST /kwsrmcab/Wsrmcab  HTTP/1.1" 200 39439
201.245.192.253 - - [13/Jan/2024:13:43:36 -0500] "POST /forms/lservlet;jsessionid=ac16012b30d6e9245d4a5ae64507bcdc86473ff87750.e3iSbxaKaheRe34Rb3eTbx8LaNb0n6jAmljGr5XDqQLvpAe HTTP/1.1" 200 2
216.244.66.195 - - [13/Jan/2024:13:43:42 -0500] "GET /BLA/resoluciones/RESOLUCIONES%202011/0485.pdf HTTP/1.1" 200 59661
216.244.66.195 - - [13/Jan/2024:13:44:04 -0500] "GET /BLA/resoluciones/RESOLUCIONES%202011/0565.pdf HTTP/1.1" 200 68209
201.245.192.253 - - [13/Jan/2024:13:44:20 -0500] "POST /forms/lservlet;jsessionid=ac16012b30d6daf3d1e69b9448f9b338854e2531f358.e3iSbxaKaheRe34Rb3eTbx8LaNb0n6jAmljGr5XDqQLvpAe HTTP/1.1" 200 2
216.244.66.195 - - [13/Jan/2024:13:44:24 -0500] "GET /BLA/resoluciones/RESOLUCIONES%202011/0578.pdf HTTP/1.1" 200 76937
216.244.66.195 - - [13/Jan/2024:13:44:42 -0500] "GET /BLA/resoluciones/RESOLUCIONES%202011/0584.pdf HTTP/1.1" 200 75065
216.244.66.195 - - [13/Jan/2024:13:45:01 -0500] "GET /BLA/resoluciones/RESOLUCIONES%202011/0621.pdf HTTP/1.1" 200 74979
172.22.2.4 - - [13/Jan/2024:13:43:27 -0500] "HEAD /BLA/boletinlegal/ HTTP/1.1" 200 -
216.244.66.195 - - [13/Jan/2024:13:45:19 -0500] "GET /BLA/resoluciones/RESOLUCIONES%202011/0660.pdf HTTP/1.1" 200 399716
201.245.192.253 - - [13/Jan/2024:13:45:36 -0500] "POST /forms/lservlet;jsessionid=ac16012b30d6e9245d4a5ae64507bcdc86473ff87750.e3iSbxaKaheRe34Rb3eTbx8LaNb0n6jAmljGr5XDqQLvpAe HTTP/1.1" 200 2
216.244.66.195 - - [13/Jan/2024:13:45:37 -0500] "GET /BLA/resoluciones/RESOLUCIONES%202011/0959.pdf HTTP/1.1" 200 66335
216.245.221.92 - - [13/Jan/2024:13:45:52 -0500] "HEAD / HTTP/1.1" 200 -
216.244.66.195 - - [13/Jan/2024:13:45:52 -0500] "GET /BLA/resoluciones/RESOLUCIONES%202011/0970.pdf HTTP/1.1" 200 69877
172.22.2.4 - - [13/Jan/2024:13:44:18 -0500] "GET /BLA/boletinlegal/ HTTP/1.1" 200 60529
216.244.66.195 - - [13/Jan/2024:13:46:06 -0500] "GET /BLA/resoluciones/RESOLUCIONES%202011/1085.pdf HTTP/1.1" 200 368079
201.245.192.253 - - [13/Jan/2024:13:46:20 -0500] "POST /forms/lservlet;jsessionid=ac16012b30d6daf3d1e69b9448f9b338854e2531f358.e3iSbxaKaheRe34Rb3eTbx8LaNb0n6jAmljGr5XDqQLvpAe HTTP/1.1" 200 2
216.244.66.195 - - [13/Jan/2024:13:46:21 -0500] "GET /BLA/resoluciones/RESOLUCIONES%202011/1301.pdf HTTP/1.1" 200 69707
216.244.66.195 - - [13/Jan/2024:13:46:33 -0500] "GET /BLA/resoluciones/RESOLUCIONES%202011/1316.pdf HTTP/1.1" 200 75341
216.244.66.195 - - [13/Jan/2024:13:46:45 -0500] "GET /BLA/resoluciones/RESOLUCIONES%202011/1333.pdf HTTP/1.1" 200 66903
216.244.66.195 - - [13/Jan/2024:13:46:55 -0500] "GET /BLA/resoluciones/RESOLUCIONES%202011/1439.pdf HTTP/1.1" 200 65901
216.244.66.195 - - [13/Jan/2024:13:47:04 -0500] "GET /BLA/resoluciones/index.php?dir=AUTOS%202018/&sort=size&order=asc HTTP/1.1" 200 469056
216.244.66.195 - - [13/Jan/2024:13:47:13 -0500] "GET /BLA/resoluciones/AUTOS%202014/3854.pdf HTTP/1.1" 200 491416
186.84.21.166 - - [13/Jan/2024:13:47:18 -0500] "POST /sipse/faces/presentacion/financiero/solicitudProceso/listarSolicitudProceso.xhtml HTTP/1.1" 200 59075
186.84.21.166 - - [13/Jan/2024:13:47:18 -0500] "GET /sipse/faces/javax.faces.resource/theme.css?ln=primefaces-sipse HTTP/1.1" 304 -
186.84.21.166 - - [13/Jan/2024:13:47:18 -0500] "GET /sipse/faces/javax.faces.resource/layout/layout.css?ln=primefaces&v=4.0 HTTP/1.1" 304 -
186.84.21.166 - - [13/Jan/2024:13:47:18 -0500] "GET /sipse/faces/javax.faces.resource/primefaces.css?ln=primefaces&v=4.0 HTTP/1.1" 304 -
186.84.21.166 - - [13/Jan/2024:13:47:18 -0500] "GET /sipse/css/imagen/contrasena.png HTTP/1.1" 404 383
186.84.21.166 - - [13/Jan/2024:13:47:18 -0500] "GET /sipse/faces/javax.faces.resource/jquery/jquery.js?ln=primefaces&v=4.0 HTTP/1.1" 304 -
186.84.21.166 - - [13/Jan/2024:13:47:18 -0500] "GET /sipse/faces/javax.faces.resource/jquery/jquery-plugins.js?ln=primefaces&v=4.0 HTTP/1.1" 304 -
186.84.21.166 - - [13/Jan/2024:13:47:18 -0500] "GET /sipse/faces/javax.faces.resource/primefaces.js?ln=primefaces&v=4.0 HTTP/1.1" 304 -
186.84.21.166 - - [13/Jan/2024:13:47:18 -0500] "GET /sipse/faces/javax.faces.resource/layout/layout.js?ln=primefaces&v=4.0 HTTP/1.1" 304 -
186.84.21.166 - - [13/Jan/2024:13:47:18 -0500] "GET /sipse/faces/javax.faces.resource/images/ui-icons_898989_256x240.png?ln=primefaces-aristo HTTP/1.1" 304 -
186.84.21.166 - - [13/Jan/2024:13:47:21 -0500] "GET /sipse/faces/javax.faces.resource/images/ui-bg_flat_0_2d5972_40x100.png?ln=primefaces-aristo HTTP/1.1" 304 -
186.84.21.166 - - [13/Jan/2024:13:47:21 -0500] "POST /sipse/faces/presentacion/financiero/solicitudProceso/crearModificarSolicitudProceso.xhtml HTTP/1.1" 200 51773
186.84.21.166 - - [13/Jan/2024:13:47:27 -0500] "POST /sipse/faces/presentacion/financiero/solicitudProceso/crearModificarSolicitudProceso.xhtml HTTP/1.1" 200 25134
201.245.192.253 - - [13/Jan/2024:13:47:36 -0500] "POST /forms/lservlet;jsessionid=ac16012b30d6e9245d4a5ae64507bcdc86473ff87750.e3iSbxaKaheRe34Rb3eTbx8LaNb0n6jAmljGr5XDqQLvpAe HTTP/1.1" 200 2
216.244.66.195 - - [13/Jan/2024:13:47:37 -0500] "GET /BLA/resoluciones/RESOLUCIONES%202015/1495.pdf HTTP/1.1" 200 758588
186.84.21.166 - - [13/Jan/2024:13:47:45 -0500] "POST /sipse/faces/presentacion/financiero/solicitudProceso/crearModificarSolicitudProceso.xhtml HTTP/1.1" 200 6295
186.84.21.166 - - [13/Jan/2024:13:47:53 -0500] "POST /sipse/faces/presentacion/financiero/solicitudProceso/crearModificarSolicitudProceso.xhtml HTTP/1.1" 200 9540
216.244.66.195 - - [13/Jan/2024:13:47:56 -0500] "GET /BLA/resoluciones/RESOLUCIONES%20CONJUNTAS/RESOLUCION%20CONJUNTA%20001%20DE%202019.pdf HTTP/1.1" 200 2134597
186.84.21.166 - - [13/Jan/2024:13:47:59 -0500] "POST /sipse/faces/presentacion/financiero/solicitudProceso/crearModificarSolicitudProceso.xhtml HTTP/1.1" 200 7338
186.84.21.166 - - [13/Jan/2024:13:48:13 -0500] "POST /sipse/faces/presentacion/financiero/solicitudProceso/crearModificarSolicitudProceso.xhtml HTTP/1.1" 200 24587
186.84.21.166 - - [13/Jan/2024:13:48:13 -0500] "GET /sipse/faces/javax.faces.resource/theme.css?ln=primefaces-sipse HTTP/1.1" 304 -
186.84.21.166 - - [13/Jan/2024:13:48:13 -0500] "GET /sipse/faces/javax.faces.resource/primefaces.css?ln=primefaces&v=4.0 HTTP/1.1" 304 -
186.84.21.166 - - [13/Jan/2024:13:48:13 -0500] "GET /sipse/faces/javax.faces.resource/layout/layout.css?ln=primefaces&v=4.0 HTTP/1.1" 304 -
186.84.21.166 - - [13/Jan/2024:13:48:13 -0500] "GET /sipse/faces/javax.faces.resource/jquery/jquery-plugins.js?ln=primefaces&v=4.0 HTTP/1.1" 304 -
186.84.21.166 - - [13/Jan/2024:13:48:13 -0500] "GET /sipse/faces/javax.faces.resource/layout/layout.js?ln=primefaces&v=4.0 HTTP/1.1" 304 -
186.84.21.166 - - [13/Jan/2024:13:48:13 -0500] "GET /sipse/faces/javax.faces.resource/jquery/jquery.js?ln=primefaces&v=4.0 HTTP/1.1" 304 -
186.84.21.166 - - [13/Jan/2024:13:48:13 -0500] "GET /sipse/faces/javax.faces.resource/primefaces.js?ln=primefaces&v=4.0 HTTP/1.1" 304 -
201.245.192.253 - - [13/Jan/2024:13:48:17 -0500] "POST /kwsrmcab/Wsrmcab  HTTP/1.1" 200 39439
201.245.192.253 - - [13/Jan/2024:13:48:20 -0500] "POST /forms/lservlet;jsessionid=ac16012b30d6daf3d1e69b9448f9b338854e2531f358.e3iSbxaKaheRe34Rb3eTbx8LaNb0n6jAmljGr5XDqQLvpAe HTTP/1.1" 200 2
179.33.116.32 - - [13/Jan/2024:13:48:27 -0500] "GET /sipse/faces/faces/autenticacion.xhtml HTTP/1.1" 200 12725
179.33.116.32 - - [13/Jan/2024:13:48:27 -0500] "GET /sipse/faces/javax.faces.resource/layout/layout.css;jsessionid=hNPJIir-v0PyF8s0duVmrsid.undefined?ln=primefaces&v=4.0 HTTP/1.1" 200 542
179.33.116.32 - - [13/Jan/2024:13:48:27 -0500] "GET /sipse/faces/javax.faces.resource/primefaces.css;jsessionid=hNPJIir-v0PyF8s0duVmrsid.undefined?ln=primefaces&v=4.0 HTTP/1.1" 200 53295
179.33.116.32 - - [13/Jan/2024:13:48:27 -0500] "GET /sipse/faces/javax.faces.resource/theme.css?ln=primefaces-sipse HTTP/1.1" 200 50058
179.33.116.32 - - [13/Jan/2024:13:48:27 -0500] "GET /sipse/faces/javax.faces.resource/jquery/jquery-plugins.js;jsessionid=hNPJIir-v0PyF8s0duVmrsid.undefined?ln=primefaces&v=4.0 HTTP/1.1" 200 220526
179.33.116.32 - - [13/Jan/2024:13:48:27 -0500] "GET /sipse/faces/javax.faces.resource/layout/layout.js;jsessionid=hNPJIir-v0PyF8s0duVmrsid.undefined?ln=primefaces&v=4.0 HTTP/1.1" 200 87560
179.33.116.32 - - [13/Jan/2024:13:48:27 -0500] "GET /sipse/faces/javax.faces.resource/jquery/jquery.js;jsessionid=hNPJIir-v0PyF8s0duVmrsid.undefined?ln=primefaces&v=4.0 HTTP/1.1" 200 105384
179.33.116.32 - - [13/Jan/2024:13:48:27 -0500] "GET /sipse/faces/javax.faces.resource/primefaces.js;jsessionid=hNPJIir-v0PyF8s0duVmrsid.undefined?ln=primefaces&v=4.0 HTTP/1.1" 200 276924
179.33.116.32 - - [13/Jan/2024:13:48:28 -0500] "GET /sipse/faces/javax.faces.resource/images/ui-icons_898989_256x240.png?ln=primefaces-aristo HTTP/1.1" 304 -
179.33.116.32 - - [13/Jan/2024:13:48:28 -0500] "GET /sipse/faces/faces/index.xhtml HTTP/1.1" 200 677
179.33.116.32 - - [13/Jan/2024:13:48:28 -0500] "GET /sipse/faces/javax.faces.resource/theme.css?ln=primefaces-sipse HTTP/1.1" 304 -
179.33.116.32 - - [13/Jan/2024:13:48:28 -0500] "GET /sipse/faces/faces/faces/autenticacion.xhtml HTTP/1.1" 200 12403
179.33.116.32 - - [13/Jan/2024:13:48:28 -0500] "GET /sipse/faces/javax.faces.resource/theme.css?ln=primefaces-sipse HTTP/1.1" 304 -
179.33.116.32 - - [13/Jan/2024:13:48:28 -0500] "GET /sipse/faces/javax.faces.resource/primefaces.css?ln=primefaces&v=4.0 HTTP/1.1" 304 -
179.33.116.32 - - [13/Jan/2024:13:48:28 -0500] "GET /sipse/faces/javax.faces.resource/layout/layout.css?ln=primefaces&v=4.0 HTTP/1.1" 304 -
179.33.116.32 - - [13/Jan/2024:13:48:28 -0500] "GET /sipse/faces/javax.faces.resource/jquery/jquery.js?ln=primefaces&v=4.0 HTTP/1.1" 304 -
179.33.116.32 - - [13/Jan/2024:13:48:28 -0500] "GET /sipse/faces/javax.faces.resource/jquery/jquery-plugins.js?ln=primefaces&v=4.0 HTTP/1.1" 304 -
179.33.116.32 - - [13/Jan/2024:13:48:28 -0500] "GET /sipse/faces/javax.faces.resource/primefaces.js?ln=primefaces&v=4.0 HTTP/1.1" 304 -
179.33.116.32 - - [13/Jan/2024:13:48:28 -0500] "GET /sipse/faces/javax.faces.resource/layout/layout.js?ln=primefaces&v=4.0 HTTP/1.1" 304 -
179.33.116.32 - - [13/Jan/2024:13:48:28 -0500] "GET /sipse/faces/javax.faces.resource/images/ui-icons_898989_256x240.png?ln=primefaces-aristo HTTP/1.1" 304 -
216.244.66.195 - - [13/Jan/2024:13:48:28 -0500] "GET /BLA/resoluciones/index.php?dir=RESOLUCIONES%201996/&sort=date&order=asc HTTP/1.1" 200 9137
179.33.116.32 - - [13/Jan/2024:13:48:30 -0500] "POST /sipse/faces/autenticacion.xhtml HTTP/1.1" 200 2223
179.33.116.32 - - [13/Jan/2024:13:48:30 -0500] "GET /sipse/faces/javax.faces.resource/messages/messages.png?ln=primefaces&v=4.0 HTTP/1.1" 304 -
179.33.116.32 - - [13/Jan/2024:13:48:32 -0500] "POST /sipse/faces/autenticacion.xhtml HTTP/1.1" 200 16398
179.33.116.32 - - [13/Jan/2024:13:48:32 -0500] "GET /sipse/faces/javax.faces.resource/jquery/jquery.js?ln=primefaces&v=4.0 HTTP/1.1" 304 -
179.33.116.32 - - [13/Jan/2024:13:48:32 -0500] "GET /sipse/faces/javax.faces.resource/jquery/jquery-plugins.js?ln=primefaces&v=4.0 HTTP/1.1" 304 -
179.33.116.32 - - [13/Jan/2024:13:48:32 -0500] "GET /sipse/faces/javax.faces.resource/primefaces.js?ln=primefaces&v=4.0 HTTP/1.1" 304 -
179.33.116.32 - - [13/Jan/2024:13:48:32 -0500] "GET /sipse/faces/javax.faces.resource/layout/layout.js?ln=primefaces&v=4.0 HTTP/1.1" 304 -
179.33.116.32 - - [13/Jan/2024:13:48:32 -0500] "GET /sipse/css/imagen/contrasena.png HTTP/1.1" 404 383
186.84.21.166 - - [13/Jan/2024:13:48:34 -0500] "POST /sipse/faces/presentacion/financiero/solicitudProyectoActividad/asociarProyectoSolicitud.xhtml HTTP/1.1" 200 6711
179.33.116.32 - - [13/Jan/2024:13:48:35 -0500] "GET /sipse/faces/javax.faces.resource/images/ui-bg_flat_0_2d5972_40x100.png?ln=primefaces-aristo HTTP/1.1" 304 -
179.33.116.32 - - [13/Jan/2024:13:48:35 -0500] "POST /sipse/faces/bienvenido.xhtml HTTP/1.1" 200 2060
186.84.21.166 - - [13/Jan/2024:13:48:36 -0500] "POST /sipse/faces/presentacion/financiero/solicitudProyectoActividad/asociarProyectoSolicitud.xhtml HTTP/1.1" 200 1696
179.33.116.32 - - [13/Jan/2024:13:48:36 -0500] "POST /sipse/faces/bienvenido.xhtml HTTP/1.1" 200 41776
179.33.116.32 - - [13/Jan/2024:13:48:36 -0500] "GET /sipse/faces/javax.faces.resource/jquery/jquery.js?ln=primefaces&v=4.0 HTTP/1.1" 304 -
179.33.116.32 - - [13/Jan/2024:13:48:36 -0500] "GET /sipse/faces/javax.faces.resource/jquery/jquery-plugins.js?ln=primefaces&v=4.0 HTTP/1.1" 304 -
179.33.116.32 - - [13/Jan/2024:13:48:36 -0500] "GET /sipse/faces/javax.faces.resource/primefaces.js?ln=primefaces&v=4.0 HTTP/1.1" 304 -
179.33.116.32 - - [13/Jan/2024:13:48:36 -0500] "GET /sipse/faces/javax.faces.resource/layout/layout.js?ln=primefaces&v=4.0 HTTP/1.1" 304 -
179.33.116.32 - - [13/Jan/2024:13:48:36 -0500] "POST /sipse/faces/presentacion/financiero/solicitudProceso/listarSolicitudProceso.xhtml HTTP/1.1" 200 1440
186.84.21.166 - - [13/Jan/2024:13:48:42 -0500] "POST /sipse/faces/presentacion/financiero/solicitudProyectoActividad/asociarProyectoSolicitud.xhtml HTTP/1.1" 200 77660
186.84.21.166 - - [13/Jan/2024:13:48:42 -0500] "GET /sipse/faces/javax.faces.resource/theme.css?ln=primefaces-sipse HTTP/1.1" 304 -
186.84.21.166 - - [13/Jan/2024:13:48:42 -0500] "GET /sipse/faces/javax.faces.resource/primefaces.css?ln=primefaces&v=4.0 HTTP/1.1" 304 -
186.84.21.166 - - [13/Jan/2024:13:48:42 -0500] "GET /sipse/faces/javax.faces.resource/layout/layout.css?ln=primefaces&v=4.0 HTTP/1.1" 304 -
186.84.21.166 - - [13/Jan/2024:13:48:42 -0500] "GET /sipse/faces/javax.faces.resource/jquery/jquery.js?ln=primefaces&v=4.0 HTTP/1.1" 304 -
186.84.21.166 - - [13/Jan/2024:13:48:42 -0500] "GET /sipse/faces/javax.faces.resource/jquery/jquery-plugins.js?ln=primefaces&v=4.0 HTTP/1.1" 304 -
186.84.21.166 - - [13/Jan/2024:13:48:42 -0500] "GET /sipse/faces/javax.faces.resource/primefaces.js?ln=primefaces&v=4.0 HTTP/1.1" 304 -
186.84.21.166 - - [13/Jan/2024:13:48:42 -0500] "GET /sipse/faces/javax.faces.resource/layout/layout.js?ln=primefaces&v=4.0 HTTP/1.1" 304 -
173.252.79.118 - - [13/Jan/2024:13:48:44 -0500] "GET /distrito-invita-a-vivir-el-puente-de-reyes-de-manera-consciente-y-responsable-con-los-animales.html HTTP/1.1" 200 1083
186.84.21.166 - - [13/Jan/2024:13:48:50 -0500] "GET /sipse/faces/javax.faces.resource/images/ui-icons_898989_256x240.png?ln=primefaces-aristo HTTP/1.1" 304 -
186.84.21.166 - - [13/Jan/2024:13:48:54 -0500] "POST /sipse/faces/presentacion/financiero/solicitudProyectoActividad/asociarActividadSolicitud.xhtml HTTP/1.1" 200 20128
186.84.21.166 - - [13/Jan/2024:13:48:54 -0500] "GET /sipse/faces/javax.faces.resource/layout/layout.css?ln=primefaces&v=4.0 HTTP/1.1" 304 -
186.84.21.166 - - [13/Jan/2024:13:48:54 -0500] "GET /sipse/faces/javax.faces.resource/theme.css?ln=primefaces-sipse HTTP/1.1" 304 -
186.84.21.166 - - [13/Jan/2024:13:48:54 -0500] "GET /sipse/faces/javax.faces.resource/primefaces.css?ln=primefaces&v=4.0 HTTP/1.1" 304 -
186.84.21.166 - - [13/Jan/2024:13:48:54 -0500] "GET /sipse/faces/javax.faces.resource/jquery/jquery.js?ln=primefaces&v=4.0 HTTP/1.1" 304 -
186.84.21.166 - - [13/Jan/2024:13:48:54 -0500] "GET /sipse/faces/javax.faces.resource/jquery/jquery-plugins.js?ln=primefaces&v=4.0 HTTP/1.1" 304 -
186.84.21.166 - - [13/Jan/2024:13:48:54 -0500] "GET /sipse/faces/javax.faces.resource/primefaces.js?ln=primefaces&v=4.0 HTTP/1.1" 304 -
186.84.21.166 - - [13/Jan/2024:13:48:54 -0500] "GET /sipse/faces/javax.faces.resource/layout/layout.js?ln=primefaces&v=4.0 HTTP/1.1" 304 -
216.244.66.195 - - [13/Jan/2024:13:48:58 -0500] "GET /BLA/resoluciones/AUTOS%202008/0016.pdf HTTP/1.1" 200 91314
66.249.66.20 - - [13/Jan/2024:13:48:59 -0500] "GET /BLA/resoluciones/Notificaciones/AUTOS%202023/3234.pdf HTTP/1.1" 304 -
186.84.21.166 - - [13/Jan/2024:13:49:20 -0500] "GET /sipse/faces/javax.faces.resource/layout/layout.css?ln=primefaces&v=4.0 HTTP/1.1" 304 -
186.84.21.166 - - [13/Jan/2024:13:49:20 -0500] "GET /sipse/faces/javax.faces.resource/primefaces.css?ln=primefaces&v=4.0 HTTP/1.1" 304 -
186.84.21.166 - - [13/Jan/2024:13:49:20 -0500] "GET /sipse/faces/javax.faces.resource/jquery/jquery.js?ln=primefaces&v=4.0 HTTP/1.1" 304 -
186.84.21.166 - - [13/Jan/2024:13:49:20 -0500] "GET /sipse/faces/javax.faces.resource/theme.css?ln=primefaces-sipse HTTP/1.1" 304 -
186.84.21.166 - - [13/Jan/2024:13:49:20 -0500] "POST /sipse/faces/presentacion/financiero/solicitudProyectoActividad/asociarFuentesSolicitud.xhtml HTTP/1.1" 200 82450
186.84.21.166 - - [13/Jan/2024:13:49:20 -0500] "GET /sipse/faces/javax.faces.resource/jquery/jquery-plugins.js?ln=primefaces&v=4.0 HTTP/1.1" 304 -
186.84.21.166 - - [13/Jan/2024:13:49:20 -0500] "GET /sipse/faces/javax.faces.resource/primefaces.js?ln=primefaces&v=4.0 HTTP/1.1" 304 -
186.84.21.166 - - [13/Jan/2024:13:49:20 -0500] "GET /sipse/faces/javax.faces.resource/layout/layout.js?ln=primefaces&v=4.0 HTTP/1.1" 304 -
216.244.66.195 - - [13/Jan/2024:13:49:27 -0500] "GET /BLA/resoluciones/AUTOS%202008/1055.pdf HTTP/1.1" 200 97218
186.84.21.166 - - [13/Jan/2024:13:49:25 -0500] "POST /sipse/faces/presentacion/financiero/solicitudProceso/crearModificarSolicitudProceso.xhtml HTTP/1.1" 200 45540
186.84.21.166 - - [13/Jan/2024:13:49:36 -0500] "GET /sipse/faces/javax.faces.resource/theme.css?ln=primefaces-sipse HTTP/1.1" 304 -
186.84.21.166 - - [13/Jan/2024:13:49:36 -0500] "GET /sipse/faces/javax.faces.resource/primefaces.css?ln=primefaces&v=4.0 HTTP/1.1" 304 -
186.84.21.166 - - [13/Jan/2024:13:49:36 -0500] "GET /sipse/faces/javax.faces.resource/jquery/jquery.js?ln=primefaces&v=4.0 HTTP/1.1" 304 -
186.84.21.166 - - [13/Jan/2024:13:49:36 -0500] "GET /sipse/faces/javax.faces.resource/jquery/jquery-plugins.js?ln=primefaces&v=4.0 HTTP/1.1" 304 -
186.84.21.166 - - [13/Jan/2024:13:49:36 -0500] "GET /sipse/faces/javax.faces.resource/layout/layout.css?ln=primefaces&v=4.0 HTTP/1.1" 304 -
186.84.21.166 - - [13/Jan/2024:13:49:36 -0500] "GET /sipse/faces/javax.faces.resource/primefaces.js?ln=primefaces&v=4.0 HTTP/1.1" 304 -
186.84.21.166 - - [13/Jan/2024:13:49:36 -0500] "GET /sipse/faces/javax.faces.resource/layout/layout.js?ln=primefaces&v=4.0 HTTP/1.1" 304 -
201.245.192.253 - - [13/Jan/2024:13:49:36 -0500] "POST /forms/lservlet;jsessionid=ac16012b30d6e9245d4a5ae64507bcdc86473ff87750.e3iSbxaKaheRe34Rb3eTbx8LaNb0n6jAmljGr5XDqQLvpAe HTTP/1.1" 200 2
186.84.21.166 - - [13/Jan/2024:13:49:39 -0500] "POST /sipse/faces/presentacion/financiero/solicitudBienServicio/asociarBienServicioSolicitud.xhtml HTTP/1.1" 200 2724
186.84.21.166 - - [13/Jan/2024:13:49:52 -0500] "POST /sipse/faces/presentacion/financiero/solicitudBienServicio/asociarBienServicioSolicitud.xhtml HTTP/1.1" 200 78214
186.84.21.166 - - [13/Jan/2024:13:49:52 -0500] "GET /sipse/faces/javax.faces.resource/theme.css?ln=primefaces-sipse HTTP/1.1" 304 -
186.84.21.166 - - [13/Jan/2024:13:49:52 -0500] "GET /sipse/faces/javax.faces.resource/primefaces.css?ln=primefaces&v=4.0 HTTP/1.1" 304 -
186.84.21.166 - - [13/Jan/2024:13:49:52 -0500] "GET /sipse/faces/javax.faces.resource/layout/layout.css?ln=primefaces&v=4.0 HTTP/1.1" 304 -
186.84.21.166 - - [13/Jan/2024:13:49:53 -0500] "GET /sipse/faces/javax.faces.resource/jquery/jquery.js?ln=primefaces&v=4.0 HTTP/1.1" 304 -
186.84.21.166 - - [13/Jan/2024:13:49:53 -0500] "GET /sipse/faces/javax.faces.resource/jquery/jquery-plugins.js?ln=primefaces&v=4.0 HTTP/1.1" 304 -
186.84.21.166 - - [13/Jan/2024:13:49:53 -0500] "GET /sipse/faces/javax.faces.resource/primefaces.js?ln=primefaces&v=4.0 HTTP/1.1" 304 -
186.84.21.166 - - [13/Jan/2024:13:49:53 -0500] "GET /sipse/faces/javax.faces.resource/layout/layout.js?ln=primefaces&v=4.0 HTTP/1.1" 304 -
216.244.66.195 - - [13/Jan/2024:13:49:55 -0500] "GET /BLA/resoluciones/AUTOS%202008/1272.pdf HTTP/1.1" 200 81551
186.84.21.166 - - [13/Jan/2024:13:49:57 -0500] "POST /sipse/faces/presentacion/financiero/solicitudProceso/crearModificarSolicitudProceso.xhtml HTTP/1.1" 200 21157
186.84.21.166 - - [13/Jan/2024:13:49:57 -0500] "GET /sipse/faces/javax.faces.resource/theme.css?ln=primefaces-sipse HTTP/1.1" 304 -
186.84.21.166 - - [13/Jan/2024:13:49:57 -0500] "GET /sipse/faces/javax.faces.resource/primefaces.css?ln=primefaces&v=4.0 HTTP/1.1" 304 -
186.84.21.166 - - [13/Jan/2024:13:49:57 -0500] "GET /sipse/faces/javax.faces.resource/layout/layout.css?ln=primefaces&v=4.0 HTTP/1.1" 304 -
186.84.21.166 - - [13/Jan/2024:13:49:57 -0500] "GET /sipse/faces/javax.faces.resource/primefaces.js?ln=primefaces&v=4.0 HTTP/1.1" 304 -
186.84.21.166 - - [13/Jan/2024:13:49:57 -0500] "GET /sipse/faces/javax.faces.resource/jquery/jquery-plugins.js?ln=primefaces&v=4.0 HTTP/1.1" 304 -
186.84.21.166 - - [13/Jan/2024:13:49:57 -0500] "GET /sipse/faces/javax.faces.resource/jquery/jquery.js?ln=primefaces&v=4.0 HTTP/1.1" 304 -
186.84.21.166 - - [13/Jan/2024:13:49:57 -0500] "GET /sipse/faces/javax.faces.resource/fileupload/fileupload.css?ln=primefaces&v=4.0 HTTP/1.1" 304 -
186.84.21.166 - - [13/Jan/2024:13:49:57 -0500] "GET /sipse/faces/javax.faces.resource/fileupload/fileupload.js?ln=primefaces&v=4.0 HTTP/1.1" 304 -
186.84.21.166 - - [13/Jan/2024:13:49:57 -0500] "GET /sipse/faces/javax.faces.resource/layout/layout.js?ln=primefaces&v=4.0 HTTP/1.1" 304 -
186.84.21.166 - - [13/Jan/2024:13:50:03 -0500] "POST /sipse/faces/presentacion/sistema/anexos/cargarAnexoSolicitudProceso.xhtml HTTP/1.1" 200 84221
186.84.21.166 - - [13/Jan/2024:13:50:03 -0500] "GET /sipse/faces/javax.faces.resource/theme.css?ln=primefaces-sipse HTTP/1.1" 304 -
186.84.21.166 - - [13/Jan/2024:13:50:03 -0500] "GET /sipse/faces/javax.faces.resource/primefaces.css?ln=primefaces&v=4.0 HTTP/1.1" 304 -
186.84.21.166 - - [13/Jan/2024:13:50:03 -0500] "GET /sipse/faces/javax.faces.resource/jquery/jquery.js?ln=primefaces&v=4.0 HTTP/1.1" 304 -
186.84.21.166 - - [13/Jan/2024:13:50:03 -0500] "GET /sipse/faces/javax.faces.resource/jquery/jquery-plugins.js?ln=primefaces&v=4.0 HTTP/1.1" 304 -
186.84.21.166 - - [13/Jan/2024:13:50:03 -0500] "GET /sipse/faces/javax.faces.resource/layout/layout.css?ln=primefaces&v=4.0 HTTP/1.1" 304 -
186.84.21.166 - - [13/Jan/2024:13:50:03 -0500] "GET /sipse/faces/javax.faces.resource/primefaces.js?ln=primefaces&v=4.0 HTTP/1.1" 304 -
186.84.21.166 - - [13/Jan/2024:13:50:03 -0500] "GET /sipse/faces/javax.faces.resource/layout/layout.js?ln=primefaces&v=4.0 HTTP/1.1" 304 -
186.84.21.166 - - [13/Jan/2024:13:50:07 -0500] "POST /sipse/faces/presentacion/financiero/solicitudProceso/crearModificarSolicitudProceso.xhtml HTTP/1.1" 200 21157
186.84.21.166 - - [13/Jan/2024:13:50:07 -0500] "GET /sipse/faces/javax.faces.resource/theme.css?ln=primefaces-sipse HTTP/1.1" 304 -
186.84.21.166 - - [13/Jan/2024:13:50:07 -0500] "GET /sipse/faces/javax.faces.resource/primefaces.css?ln=primefaces&v=4.0 HTTP/1.1" 304 -
186.84.21.166 - - [13/Jan/2024:13:50:07 -0500] "GET /sipse/faces/javax.faces.resource/jquery/jquery.js?ln=primefaces&v=4.0 HTTP/1.1" 304 -
186.84.21.166 - - [13/Jan/2024:13:50:07 -0500] "GET /sipse/faces/javax.faces.resource/layout/layout.css?ln=primefaces&v=4.0 HTTP/1.1" 304 -
186.84.21.166 - - [13/Jan/2024:13:50:07 -0500] "GET /sipse/faces/javax.faces.resource/jquery/jquery-plugins.js?ln=primefaces&v=4.0 HTTP/1.1" 304 -
186.84.21.166 - - [13/Jan/2024:13:50:07 -0500] "GET /sipse/faces/javax.faces.resource/primefaces.js?ln=primefaces&v=4.0 HTTP/1.1" 304 -
186.84.21.166 - - [13/Jan/2024:13:50:08 -0500] "GET /sipse/faces/javax.faces.resource/layout/layout.js?ln=primefaces&v=4.0 HTTP/1.1" 304 -
186.84.21.166 - - [13/Jan/2024:13:50:08 -0500] "GET /sipse/faces/javax.faces.resource/fileupload/fileupload.css?ln=primefaces&v=4.0 HTTP/1.1" 304 -
186.84.21.166 - - [13/Jan/2024:13:50:08 -0500] "GET /sipse/faces/javax.faces.resource/fileupload/fileupload.js?ln=primefaces&v=4.0 HTTP/1.1" 304 -
201.245.192.253 - - [13/Jan/2024:13:50:20 -0500] "POST /forms/lservlet;jsessionid=ac16012b30d6daf3d1e69b9448f9b338854e2531f358.e3iSbxaKaheRe34Rb3eTbx8LaNb0n6jAmljGr5XDqQLvpAe HTTP/1.1" 200 2
216.244.66.195 - - [13/Jan/2024:13:50:22 -0500] "GET /BLA/resoluciones/AUTOS%202008/1386.pdf HTTP/1.1" 200 86565
186.84.21.166 - - [13/Jan/2024:13:50:22 -0500] "GET /sipse/faces/javax.faces.resource/layout/layout.css?ln=primefaces&v=4.0 HTTP/1.1" 304 -
186.84.21.166 - - [13/Jan/2024:13:50:22 -0500] "GET /sipse/faces/javax.faces.resource/jquery/jquery-plugins.js?ln=primefaces&v=4.0 HTTP/1.1" 304 -
186.84.21.166 - - [13/Jan/2024:13:50:22 -0500] "GET /sipse/faces/javax.faces.resource/primefaces.css?ln=primefaces&v=4.0 HTTP/1.1" 304 -
186.84.21.166 - - [13/Jan/2024:13:50:22 -0500] "GET /sipse/faces/javax.faces.resource/theme.css?ln=primefaces-sipse HTTP/1.1" 304 -
186.84.21.166 - - [13/Jan/2024:13:50:22 -0500] "GET /sipse/faces/javax.faces.resource/jquery/jquery.js?ln=primefaces&v=4.0 HTTP/1.1" 304 -
186.84.21.166 - - [13/Jan/2024:13:50:22 -0500] "GET /sipse/faces/javax.faces.resource/layout/layout.js?ln=primefaces&v=4.0 HTTP/1.1" 304 -
186.84.21.166 - - [13/Jan/2024:13:50:22 -0500] "GET /sipse/faces/javax.faces.resource/primefaces.js?ln=primefaces&v=4.0 HTTP/1.1" 304 -
186.84.21.166 - - [13/Jan/2024:13:50:22 -0500] "POST /sipse/faces/presentacion/sistema/anexos/cargarAnexoSolicitudProceso.xhtml HTTP/1.1" 200 84840
186.84.21.166 - - [13/Jan/2024:13:50:33 -0500] "POST /sipse/faces/presentacion/financiero/solicitudProceso/crearModificarSolicitudProceso.xhtml HTTP/1.1" 200 64367
186.84.21.166 - - [13/Jan/2024:13:50:35 -0500] "GET /sipse/faces/javax.faces.resource/layout/layout.css?ln=primefaces&v=4.0 HTTP/1.1" 304 -
186.84.21.166 - - [13/Jan/2024:13:50:35 -0500] "GET /sipse/faces/javax.faces.resource/theme.css?ln=primefaces-sipse HTTP/1.1" 304 -
186.84.21.166 - - [13/Jan/2024:13:50:35 -0500] "GET /sipse/faces/javax.faces.resource/primefaces.css?ln=primefaces&v=4.0 HTTP/1.1" 304 -
186.84.21.166 - - [13/Jan/2024:13:50:35 -0500] "GET /sipse/faces/javax.faces.resource/jquery/jquery.js?ln=primefaces&v=4.0 HTTP/1.1" 304 -
186.84.21.166 - - [13/Jan/2024:13:50:35 -0500] "GET /sipse/faces/javax.faces.resource/jquery/jquery-plugins.js?ln=primefaces&v=4.0 HTTP/1.1" 304 -
186.84.21.166 - - [13/Jan/2024:13:50:35 -0500] "GET /sipse/faces/javax.faces.resource/primefaces.js?ln=primefaces&v=4.0 HTTP/1.1" 304 -
186.84.21.166 - - [13/Jan/2024:13:50:35 -0500] "GET /sipse/faces/javax.faces.resource/layout/layout.js?ln=primefaces&v=4.0 HTTP/1.1" 304 -
186.84.21.166 - - [13/Jan/2024:13:50:35 -0500] "GET /sipse/faces/javax.faces.resource/messages/messages.png?ln=primefaces&v=4.0 HTTP/1.1" 304 -
186.84.21.166 - - [13/Jan/2024:13:50:36 -0500] "POST /sipse/faces/presentacion/financiero/solicitudProceso/listarSolicitudProceso.xhtml HTTP/1.1" 200 1556
66.249.66.21 - - [13/Jan/2024:13:50:36 -0500] "GET /BLA/resoluciones/RESOLUCIONES%202009/9510.pdf HTTP/1.1" 200 304609
186.84.21.166 - - [13/Jan/2024:13:50:42 -0500] "POST /sipse/faces/presentacion/financiero/solicitudProceso/listarSolicitudProceso.xhtml HTTP/1.1" 200 13804
66.249.75.129 - - [13/Jan/2024:13:50:44 -0500] "GET /portaldeninos/2021/04/10/observatorio-ambiental-una-herramienta-al-servicio-de-la-educacion/feed/ HTTP/1.1" 200 1123
186.84.21.166 - - [13/Jan/2024:13:50:48 -0500] "POST /sipse/faces/presentacion/financiero/solicitudProceso/listarSolicitudProceso.xhtml HTTP/1.1" 200 32273
216.244.66.195 - - [13/Jan/2024:13:50:49 -0500] "GET /BLA/resoluciones/AUTOS%202008/1481.pdf HTTP/1.1" 200 78802
216.245.221.92 - - [13/Jan/2024:13:50:52 -0500] "HEAD / HTTP/1.1" 200 -
186.84.21.166 - - [13/Jan/2024:13:50:55 -0500] "POST /sipse/faces/presentacion/financiero/solicitudProceso/listarSolicitudProceso.xhtml HTTP/1.1" 200 13988
172.22.2.4 - - [13/Jan/2024:13:49:17 -0500] "HEAD /BLA/boletinlegal/ HTTP/1.1" 200 -
186.84.21.166 - - [13/Jan/2024:13:50:59 -0500] "POST /sipse/faces/presentacion/financiero/solicitudProceso/listarSolicitudProceso.xhtml HTTP/1.1" 200 31970
186.84.21.166 - - [13/Jan/2024:13:50:59 -0500] "POST /sipse/faces/presentacion/financiero/solicitudProceso/listarSolicitudProceso.xhtml HTTP/1.1" 200 44212
186.84.21.166 - - [13/Jan/2024:13:50:59 -0500] "POST /sipse/faces/presentacion/financiero/solicitudProceso/listarSolicitudProceso.xhtml HTTP/1.1" 200 31970
186.84.21.166 - - [13/Jan/2024:13:51:02 -0500] "POST /sipse/faces/presentacion/financiero/solicitudProceso/listarSolicitudProceso.xhtml HTTP/1.1" 200 16974
186.84.21.166 - - [13/Jan/2024:13:51:05 -0500] "POST /sipse/faces/presentacion/financiero/solicitudProceso/listarSolicitudProceso.xhtml HTTP/1.1" 200 123306
186.84.21.166 - - [13/Jan/2024:13:51:05 -0500] "GET /sipse/faces/javax.faces.resource/theme.css?ln=primefaces-sipse HTTP/1.1" 304 -
186.84.21.166 - - [13/Jan/2024:13:51:06 -0500] "GET /sipse/faces/javax.faces.resource/layout/layout.css?ln=primefaces&v=4.0 HTTP/1.1" 304 -
186.84.21.166 - - [13/Jan/2024:13:51:06 -0500] "GET /sipse/faces/javax.faces.resource/primefaces.css?ln=primefaces&v=4.0 HTTP/1.1" 304 -
186.84.21.166 - - [13/Jan/2024:13:51:06 -0500] "GET /sipse/faces/javax.faces.resource/jquery/jquery.js?ln=primefaces&v=4.0 HTTP/1.1" 304 -
186.84.21.166 - - [13/Jan/2024:13:51:06 -0500] "GET /sipse/faces/javax.faces.resource/jquery/jquery-plugins.js?ln=primefaces&v=4.0 HTTP/1.1" 304 -
186.84.21.166 - - [13/Jan/2024:13:51:06 -0500] "GET /sipse/faces/javax.faces.resource/primefaces.js?ln=primefaces&v=4.0 HTTP/1.1" 304 -
186.84.21.166 - - [13/Jan/2024:13:51:06 -0500] "GET /sipse/faces/javax.faces.resource/layout/layout.js?ln=primefaces&v=4.0 HTTP/1.1" 304 -
216.244.66.195 - - [13/Jan/2024:13:51:17 -0500] "GET /BLA/resoluciones/AUTOS%202008/1635.pdf HTTP/1.1" 200 67911
186.84.21.166 - - [13/Jan/2024:13:51:21 -0500] "POST /sipse/faces/presentacion/financiero/solicitudProceso/consultarSolicitudProceso.xhtml HTTP/1.1" 200 46064
186.84.21.166 - - [13/Jan/2024:13:51:21 -0500] "GET /sipse/faces/javax.faces.resource/theme.css?ln=primefaces-sipse HTTP/1.1" 304 -
186.84.21.166 - - [13/Jan/2024:13:51:21 -0500] "GET /sipse/faces/javax.faces.resource/layout/layout.css?ln=primefaces&v=4.0 HTTP/1.1" 304 -
186.84.21.166 - - [13/Jan/2024:13:51:21 -0500] "GET /sipse/faces/javax.faces.resource/primefaces.css?ln=primefaces&v=4.0 HTTP/1.1" 304 -
186.84.21.166 - - [13/Jan/2024:13:51:21 -0500] "GET /sipse/faces/javax.faces.resource/jquery/jquery.js?ln=primefaces&v=4.0 HTTP/1.1" 304 -
186.84.21.166 - - [13/Jan/2024:13:51:21 -0500] "GET /sipse/faces/javax.faces.resource/jquery/jquery-plugins.js?ln=primefaces&v=4.0 HTTP/1.1" 304 -
186.84.21.166 - - [13/Jan/2024:13:51:21 -0500] "GET /sipse/faces/javax.faces.resource/primefaces.js?ln=primefaces&v=4.0 HTTP/1.1" 304 -
186.84.21.166 - - [13/Jan/2024:13:51:21 -0500] "GET /sipse/faces/javax.faces.resource/layout/layout.js?ln=primefaces&v=4.0 HTTP/1.1" 304 -
186.84.21.166 - - [13/Jan/2024:13:51:25 -0500] "POST /sipse/faces/presentacion/financiero/estudioPrevio/personalSolicitado/personalSolicitadoSolicitudProceso.xhtml HTTP/1.1" 200 7027
186.84.21.166 - - [13/Jan/2024:13:51:35 -0500] "POST /sipse/faces/presentacion/financiero/estudioPrevio/personalSolicitado/personalSolicitadoSolicitudProceso.xhtml HTTP/1.1" 200 36800
186.84.21.166 - - [13/Jan/2024:13:51:35 -0500] "GET /sipse/faces/javax.faces.resource/primefaces.css?ln=primefaces&v=4.0 HTTP/1.1" 304 -
186.84.21.166 - - [13/Jan/2024:13:51:35 -0500] "GET /sipse/faces/javax.faces.resource/layout/layout.css?ln=primefaces&v=4.0 HTTP/1.1" 304 -
186.84.21.166 - - [13/Jan/2024:13:51:35 -0500] "GET /sipse/faces/javax.faces.resource/theme.css?ln=primefaces-sipse HTTP/1.1" 304 -
186.84.21.166 - - [13/Jan/2024:13:51:35 -0500] "GET /sipse/faces/javax.faces.resource/jquery/jquery.js?ln=primefaces&v=4.0 HTTP/1.1" 304 -
186.84.21.166 - - [13/Jan/2024:13:51:35 -0500] "GET /sipse/faces/javax.faces.resource/jquery/jquery-plugins.js?ln=primefaces&v=4.0 HTTP/1.1" 304 -
186.84.21.166 - - [13/Jan/2024:13:51:35 -0500] "GET /sipse/faces/javax.faces.resource/primefaces.js?ln=primefaces&v=4.0 HTTP/1.1" 304 -
186.84.21.166 - - [13/Jan/2024:13:51:35 -0500] "GET /sipse/faces/javax.faces.resource/layout/layout.js?ln=primefaces&v=4.0 HTTP/1.1" 304 -
201.245.192.253 - - [13/Jan/2024:13:51:36 -0500] "POST /forms/lservlet;jsessionid=ac16012b30d6e9245d4a5ae64507bcdc86473ff87750.e3iSbxaKaheRe34Rb3eTbx8LaNb0n6jAmljGr5XDqQLvpAe HTTP/1.1" 200 2
186.84.21.166 - - [13/Jan/2024:13:51:39 -0500] "POST /sipse/faces/presentacion/financiero/estudioPrevio/personalSolicitado/asociarProfesionPersonalSolicitado.xhtml HTTP/1.1" 200 20798
186.84.21.166 - - [13/Jan/2024:13:51:39 -0500] "POST /sipse/faces/presentacion/financiero/estudioPrevio/personalSolicitado/asociarProfesionPersonalSolicitado.xhtml HTTP/1.1" 200 20798
186.81.241.209 - - [13/Jan/2024:13:51:40 -0500] "GET /sipse/faces/presentacion/financiero/solicitudProceso/consultarSolicitudProceso.xhtml HTTP/1.1" 302 -
186.81.241.209 - - [13/Jan/2024:13:51:40 -0500] "GET /sipse/faces/autenticacion.xhtml HTTP/1.1" 200 12403
186.81.241.209 - - [13/Jan/2024:13:51:40 -0500] "GET /sipse/faces/javax.faces.resource/jquery/jquery-plugins.js?ln=primefaces&v=4.0 HTTP/1.1" 304 -
186.81.241.209 - - [13/Jan/2024:13:51:40 -0500] "GET /sipse/faces/javax.faces.resource/theme.css?ln=primefaces-sipse HTTP/1.1" 304 -
186.81.241.209 - - [13/Jan/2024:13:51:40 -0500] "GET /sipse/faces/javax.faces.resource/layout/layout.js?ln=primefaces&v=4.0 HTTP/1.1" 304 -
186.81.241.209 - - [13/Jan/2024:13:51:40 -0500] "GET /sipse/faces/javax.faces.resource/layout/layout.css?ln=primefaces&v=4.0 HTTP/1.1" 304 -
186.81.241.209 - - [13/Jan/2024:13:51:40 -0500] "GET /sipse/faces/javax.faces.resource/jquery/jquery.js?ln=primefaces&v=4.0 HTTP/1.1" 304 -
186.81.241.209 - - [13/Jan/2024:13:51:40 -0500] "GET /sipse/faces/javax.faces.resource/primefaces.css?ln=primefaces&v=4.0 HTTP/1.1" 304 -
186.81.241.209 - - [13/Jan/2024:13:51:40 -0500] "GET /sipse/faces/javax.faces.resource/primefaces.js?ln=primefaces&v=4.0 HTTP/1.1" 304 -
186.81.241.209 - - [13/Jan/2024:13:51:40 -0500] "GET /sipse/faces/javax.faces.resource/images/ui-icons_898989_256x240.png?ln=primefaces-aristo HTTP/1.1" 304 -
186.81.241.209 - - [13/Jan/2024:13:51:40 -0500] "GET /sipse/faces/index.xhtml HTTP/1.1" 200 677
186.81.241.209 - - [13/Jan/2024:13:51:40 -0500] "GET /sipse/faces/javax.faces.resource/theme.css?ln=primefaces-sipse HTTP/1.1" 304 -
216.244.66.195 - - [13/Jan/2024:13:51:40 -0500] "GET /BLA/resoluciones/AUTOS%202008/1948.pdf HTTP/1.1" 200 101599
186.81.241.209 - - [13/Jan/2024:13:51:40 -0500] "GET /sipse/faces/faces/autenticacion.xhtml HTTP/1.1" 200 12403
186.81.241.209 - - [13/Jan/2024:13:51:40 -0500] "GET /sipse/faces/javax.faces.resource/theme.css?ln=primefaces-sipse HTTP/1.1" 304 -
186.81.241.209 - - [13/Jan/2024:13:51:40 -0500] "GET /sipse/faces/javax.faces.resource/layout/layout.css?ln=primefaces&v=4.0 HTTP/1.1" 304 -
186.81.241.209 - - [13/Jan/2024:13:51:40 -0500] "GET /sipse/faces/javax.faces.resource/jquery/jquery.js?ln=primefaces&v=4.0 HTTP/1.1" 304 -
186.81.241.209 - - [13/Jan/2024:13:51:40 -0500] "GET /sipse/faces/javax.faces.resource/primefaces.css?ln=primefaces&v=4.0 HTTP/1.1" 304 -
186.81.241.209 - - [13/Jan/2024:13:51:40 -0500] "GET /sipse/faces/javax.faces.resource/jquery/jquery-plugins.js?ln=primefaces&v=4.0 HTTP/1.1" 304 -
186.81.241.209 - - [13/Jan/2024:13:51:40 -0500] "GET /sipse/faces/javax.faces.resource/primefaces.js?ln=primefaces&v=4.0 HTTP/1.1" 304 -
186.81.241.209 - - [13/Jan/2024:13:51:41 -0500] "GET /sipse/faces/javax.faces.resource/layout/layout.js?ln=primefaces&v=4.0 HTTP/1.1" 304 -
186.81.241.209 - - [13/Jan/2024:13:51:41 -0500] "GET /sipse/faces/javax.faces.resource/images/ui-icons_898989_256x240.png?ln=primefaces-aristo HTTP/1.1" 304 -
186.81.241.209 - - [13/Jan/2024:13:51:45 -0500] "POST /sipse/faces/autenticacion.xhtml HTTP/1.1" 200 11180
186.81.241.209 - - [13/Jan/2024:13:51:45 -0500] "GET /sipse/faces/javax.faces.resource/theme.css?ln=primefaces-sipse HTTP/1.1" 304 -
186.81.241.209 - - [13/Jan/2024:13:51:45 -0500] "GET /sipse/faces/javax.faces.resource/primefaces.css?ln=primefaces&v=4.0 HTTP/1.1" 304 -
186.81.241.209 - - [13/Jan/2024:13:51:45 -0500] "GET /sipse/faces/javax.faces.resource/layout/layout.css?ln=primefaces&v=4.0 HTTP/1.1" 304 -
186.81.241.209 - - [13/Jan/2024:13:51:45 -0500] "GET /sipse/faces/javax.faces.resource/jquery/jquery.js?ln=primefaces&v=4.0 HTTP/1.1" 304 -
186.84.21.166 - - [13/Jan/2024:13:51:45 -0500] "POST /sipse/faces/presentacion/financiero/estudioPrevio/personalSolicitado/asociarProfesionPersonalSolicitado.xhtml HTTP/1.1" 200 51992
186.84.21.166 - - [13/Jan/2024:13:51:45 -0500] "GET /sipse/faces/javax.faces.resource/theme.css?ln=primefaces-sipse HTTP/1.1" 304 -
186.84.21.166 - - [13/Jan/2024:13:51:45 -0500] "GET /sipse/faces/javax.faces.resource/primefaces.css?ln=primefaces&v=4.0 HTTP/1.1" 304 -
186.84.21.166 - - [13/Jan/2024:13:51:45 -0500] "GET /sipse/faces/javax.faces.resource/layout/layout.css?ln=primefaces&v=4.0 HTTP/1.1" 304 -
186.84.21.166 - - [13/Jan/2024:13:51:45 -0500] "GET /sipse/faces/javax.faces.resource/jquery/jquery-plugins.js?ln=primefaces&v=4.0 HTTP/1.1" 304 -
186.84.21.166 - - [13/Jan/2024:13:51:45 -0500] "GET /sipse/faces/javax.faces.resource/jquery/jquery.js?ln=primefaces&v=4.0 HTTP/1.1" 304 -
186.81.241.209 - - [13/Jan/2024:13:51:45 -0500] "GET /sipse/faces/javax.faces.resource/jquery/jquery-plugins.js?ln=primefaces&v=4.0 HTTP/1.1" 304 -
186.84.21.166 - - [13/Jan/2024:13:51:45 -0500] "GET /sipse/faces/javax.faces.resource/layout/layout.js?ln=primefaces&v=4.0 HTTP/1.1" 304 -
186.84.21.166 - - [13/Jan/2024:13:51:45 -0500] "GET /sipse/faces/javax.faces.resource/primefaces.js?ln=primefaces&v=4.0 HTTP/1.1" 304 -
186.81.241.209 - - [13/Jan/2024:13:51:45 -0500] "GET /sipse/faces/javax.faces.resource/primefaces.js?ln=primefaces&v=4.0 HTTP/1.1" 304 -
186.81.241.209 - - [13/Jan/2024:13:51:45 -0500] "GET /sipse/faces/javax.faces.resource/layout/layout.js?ln=primefaces&v=4.0 HTTP/1.1" 304 -
186.81.241.209 - - [13/Jan/2024:13:51:45 -0500] "GET /sipse/faces/javax.faces.resource/images/ui-icons_898989_256x240.png?ln=primefaces-aristo HTTP/1.1" 304 -
186.81.241.209 - - [13/Jan/2024:13:51:45 -0500] "GET /sipse/faces/javax.faces.resource/messages/messages.png?ln=primefaces&v=4.0 HTTP/1.1" 304 -
186.84.21.166 - - [13/Jan/2024:13:51:47 -0500] "POST /sipse/faces/presentacion/financiero/estudioPrevio/personalSolicitado/personalSolicitadoSolicitudProceso.xhtml HTTP/1.1" 200 36807
186.84.21.166 - - [13/Jan/2024:13:51:47 -0500] "GET /sipse/faces/javax.faces.resource/theme.css?ln=primefaces-sipse HTTP/1.1" 304 -
186.84.21.166 - - [13/Jan/2024:13:51:47 -0500] "GET /sipse/faces/javax.faces.resource/primefaces.css?ln=primefaces&v=4.0 HTTP/1.1" 304 -
186.84.21.166 - - [13/Jan/2024:13:51:47 -0500] "GET /sipse/faces/javax.faces.resource/layout/layout.css?ln=primefaces&v=4.0 HTTP/1.1" 304 -
186.84.21.166 - - [13/Jan/2024:13:51:47 -0500] "GET /sipse/faces/javax.faces.resource/jquery/jquery.js?ln=primefaces&v=4.0 HTTP/1.1" 304 -
186.84.21.166 - - [13/Jan/2024:13:51:47 -0500] "GET /sipse/faces/javax.faces.resource/jquery/jquery-plugins.js?ln=primefaces&v=4.0 HTTP/1.1" 304 -
186.84.21.166 - - [13/Jan/2024:13:51:47 -0500] "GET /sipse/faces/javax.faces.resource/primefaces.js?ln=primefaces&v=4.0 HTTP/1.1" 304 -
186.84.21.166 - - [13/Jan/2024:13:51:47 -0500] "GET /sipse/faces/javax.faces.resource/layout/layout.js?ln=primefaces&v=4.0 HTTP/1.1" 304 -
172.22.2.4 - - [13/Jan/2024:13:50:08 -0500] "GET /BLA/boletinlegal/ HTTP/1.1" 200 60529
186.84.21.166 - - [13/Jan/2024:13:51:49 -0500] "POST /sipse/faces/presentacion/financiero/estudioPrevio/personalSolicitado/asociarProfesionPersonalSolicitado.xhtml HTTP/1.1" 200 21109
186.81.241.209 - - [13/Jan/2024:13:51:51 -0500] "GET /sipse/faces/javax.faces.resource/images/ui-icons_898989_256x240.png?ln=primefaces-aristo HTTP/1.1" 304 -
186.84.21.166 - - [13/Jan/2024:13:51:51 -0500] "POST /sipse/faces/presentacion/financiero/estudioPrevio/personalSolicitado/asociarProfesionPersonalSolicitado.xhtml HTTP/1.1" 200 1423
186.81.241.209 - - [13/Jan/2024:13:51:52 -0500] "POST /sipse/faces/presentacion/sistema/seguridad/seleccionRol.xhtml HTTP/1.1" 200 5612
186.84.21.166 - - [13/Jan/2024:13:51:53 -0500] "POST /sipse/faces/presentacion/financiero/estudioPrevio/personalSolicitado/asociarProfesionPersonalSolicitado.xhtml HTTP/1.1" 200 2305
186.81.241.209 - - [13/Jan/2024:13:51:54 -0500] "POST /sipse/faces/presentacion/sistema/seguridad/seleccionRol.xhtml HTTP/1.1" 200 16393
186.81.241.209 - - [13/Jan/2024:13:51:54 -0500] "GET /sipse/faces/javax.faces.resource/primefaces.css?ln=primefaces&v=4.0 HTTP/1.1" 304 -
186.81.241.209 - - [13/Jan/2024:13:51:54 -0500] "GET /sipse/faces/javax.faces.resource/theme.css?ln=primefaces-sipse HTTP/1.1" 304 -
186.81.241.209 - - [13/Jan/2024:13:51:54 -0500] "GET /sipse/faces/javax.faces.resource/layout/layout.css?ln=primefaces&v=4.0 HTTP/1.1" 304 -
186.81.241.209 - - [13/Jan/2024:13:51:54 -0500] "GET /sipse/faces/javax.faces.resource/jquery/jquery.js?ln=primefaces&v=4.0 HTTP/1.1" 304 -
186.81.241.209 - - [13/Jan/2024:13:51:54 -0500] "GET /sipse/faces/javax.faces.resource/jquery/jquery-plugins.js?ln=primefaces&v=4.0 HTTP/1.1" 304 -
186.81.241.209 - - [13/Jan/2024:13:51:54 -0500] "GET /sipse/faces/javax.faces.resource/primefaces.js?ln=primefaces&v=4.0 HTTP/1.1" 304 -
186.81.241.209 - - [13/Jan/2024:13:51:54 -0500] "GET /sipse/faces/javax.faces.resource/layout/layout.js?ln=primefaces&v=4.0 HTTP/1.1" 304 -
186.81.241.209 - - [13/Jan/2024:13:51:54 -0500] "GET /sipse/faces/javax.faces.resource/images/ui-icons_898989_256x240.png?ln=primefaces-aristo HTTP/1.1" 304 -
186.84.21.166 - - [13/Jan/2024:13:51:55 -0500] "POST /sipse/faces/presentacion/financiero/estudioPrevio/personalSolicitado/asociarProfesionPersonalSolicitado.xhtml HTTP/1.1" 200 1423
186.84.21.166 - - [13/Jan/2024:13:51:55 -0500] "POST /sipse/faces/presentacion/financiero/estudioPrevio/personalSolicitado/asociarProfesionPersonalSolicitado.xhtml HTTP/1.1" 200 1427
186.81.241.209 - - [13/Jan/2024:13:51:56 -0500] "GET /sipse/faces/javax.faces.resource/images/ui-bg_flat_0_2d5972_40x100.png?ln=primefaces-aristo HTTP/1.1" 304 -
186.81.241.209 - - [13/Jan/2024:13:51:56 -0500] "POST /sipse/faces/bienvenido.xhtml HTTP/1.1" 200 2658
186.84.21.166 - - [13/Jan/2024:13:51:57 -0500] "POST /sipse/faces/presentacion/financiero/estudioPrevio/personalSolicitado/asociarProfesionPersonalSolicitado.xhtml HTTP/1.1" 200 1423
186.81.241.209 - - [13/Jan/2024:13:51:57 -0500] "POST /sipse/faces/bienvenido.xhtml HTTP/1.1" 200 51224
186.81.241.209 - - [13/Jan/2024:13:51:57 -0500] "GET /sipse/faces/javax.faces.resource/theme.css?ln=primefaces-sipse HTTP/1.1" 304 -
186.81.241.209 - - [13/Jan/2024:13:51:57 -0500] "GET /sipse/faces/javax.faces.resource/primefaces.css?ln=primefaces&v=4.0 HTTP/1.1" 304 -
186.81.241.209 - - [13/Jan/2024:13:51:58 -0500] "GET /sipse/faces/javax.faces.resource/jquery/jquery.js?ln=primefaces&v=4.0 HTTP/1.1" 304 -
186.81.241.209 - - [13/Jan/2024:13:51:58 -0500] "GET /sipse/faces/javax.faces.resource/layout/layout.css?ln=primefaces&v=4.0 HTTP/1.1" 304 -
186.81.241.209 - - [13/Jan/2024:13:51:58 -0500] "GET /sipse/faces/javax.faces.resource/jquery/jquery-plugins.js?ln=primefaces&v=4.0 HTTP/1.1" 304 -
186.81.241.209 - - [13/Jan/2024:13:51:58 -0500] "GET /sipse/faces/javax.faces.resource/primefaces.js?ln=primefaces&v=4.0 HTTP/1.1" 304 -
