201.245.192.253 - - [13/Jan/2024:04:14:17 -0500] "POST /forms/lservlet;jsessionid=ac16012b30d6daf3d1e69b9448f9b338854e2531f358.e3iSbxaKaheRe34Rb3eTbx8LaNb0n6jAmljGr5XDqQLvpAe HTTP/1.1" 200 2
172.22.2.4 - - [13/Jan/2024:04:12:38 -0500] "GET /BLA/boletinlegal/ HTTP/1.1" 200 58666
201.245.192.253 - - [13/Jan/2024:04:14:41 -0500] "POST /kwsrmcab/Wsrmcab HTTP/1.1" 200 39268
165.22.81.103 - - [13/Jan/2024:04:14:44 -0500] "\x16\x03\x01" 400 226
165.22.81.103 - - [13/Jan/2024:04:14:45 -0500] "GET / HTTP/1.1" 200 319
201.245.192.253 - - [13/Jan/2024:04:14:44 -0500] "POST /kwsrmcab/Wsrmcab HTTP/1.1" 200 39294
201.245.192.253 - - [13/Jan/2024:04:15:34 -0500] "POST /forms/lservlet;jsessionid=ac16012b30d6e9245d4a5ae64507bcdc86473ff87750.e3iSbxaKaheRe34Rb3eTbx8LaNb0n6jAmljGr5XDqQLvpAe HTTP/1.1" 200 2
201.245.192.253 - - [13/Jan/2024:04:15:46 -0500] "POST /kwsrmcab/Wsrmcab  HTTP/1.1" 200 39439
216.245.221.92 - - [13/Jan/2024:04:15:53 -0500] "HEAD / HTTP/1.1" 200 -
201.245.192.253 - - [13/Jan/2024:04:16:17 -0500] "POST /forms/lservlet;jsessionid=ac16012b30d6daf3d1e69b9448f9b338854e2531f358.e3iSbxaKaheRe34Rb3eTbx8LaNb0n6jAmljGr5XDqQLvpAe HTTP/1.1" 200 2
139.180.129.127 - - [13/Jan/2024:04:16:21 -0500] "GET /BLA/boletinlegal/Circulares/2010/Circular%2005%20de%208%20de%20septiembre%20de%202010.pdf HTTP/1.1" 200 2146608
201.245.192.253 - - [13/Jan/2024:04:17:34 -0500] "POST /forms/lservlet;jsessionid=ac16012b30d6e9245d4a5ae64507bcdc86473ff87750.e3iSbxaKaheRe34Rb3eTbx8LaNb0n6jAmljGr5XDqQLvpAe HTTP/1.1" 200 2
201.245.192.253 - - [13/Jan/2024:04:18:17 -0500] "POST /forms/lservlet;jsessionid=ac16012b30d6daf3d1e69b9448f9b338854e2531f358.e3iSbxaKaheRe34Rb3eTbx8LaNb0n6jAmljGr5XDqQLvpAe HTTP/1.1" 200 2
201.245.192.253 - - [13/Jan/2024:04:18:58 -0500] "POST /kwsrmcab/Wsrmcab HTTP/1.1" 200 39268
172.22.2.4 - - [13/Jan/2024:04:17:37 -0500] "HEAD /BLA/boletinlegal/ HTTP/1.1" 200 -
201.245.192.253 - - [13/Jan/2024:04:19:34 -0500] "POST /forms/lservlet;jsessionid=ac16012b30d6e9245d4a5ae64507bcdc86473ff87750.e3iSbxaKaheRe34Rb3eTbx8LaNb0n6jAmljGr5XDqQLvpAe HTTP/1.1" 200 2
201.245.192.253 - - [13/Jan/2024:04:19:38 -0500] "POST /kwsrmcab/Wsrmcab HTTP/1.1" 200 39294
172.22.2.4 - - [13/Jan/2024:04:18:28 -0500] "GET /BLA/boletinlegal/ HTTP/1.1" 200 60996
201.245.192.253 - - [13/Jan/2024:04:20:17 -0500] "POST /forms/lservlet;jsessionid=ac16012b30d6daf3d1e69b9448f9b338854e2531f358.e3iSbxaKaheRe34Rb3eTbx8LaNb0n6jAmljGr5XDqQLvpAe HTTP/1.1" 200 2
128.199.220.97 - - [13/Jan/2024:04:20:32 -0500] "GET /BLA/boletinlegal/Circulares/2010/Circular%2005%20de%208%20de%20septiembre%20de%202010.pdf HTTP/1.1" 200 2146608
157.245.147.164 - - [13/Jan/2024:04:20:34 -0500] "GET /BLA/boletinlegal/Circulares/2010/Circular%2005%20de%208%20de%20septiembre%20de%202010.pdf HTTP/1.1" 200 2146608
201.245.192.253 - - [13/Jan/2024:04:20:44 -0500] "POST /kwsrmcab/Wsrmcab  HTTP/1.1" 200 39439
216.245.221.92 - - [13/Jan/2024:04:20:53 -0500] "HEAD / HTTP/1.1" 200 -
201.245.192.253 - - [13/Jan/2024:04:21:34 -0500] "POST /forms/lservlet;jsessionid=ac16012b30d6e9245d4a5ae64507bcdc86473ff87750.e3iSbxaKaheRe34Rb3eTbx8LaNb0n6jAmljGr5XDqQLvpAe HTTP/1.1" 200 2
201.245.192.253 - - [13/Jan/2024:04:22:17 -0500] "POST /forms/lservlet;jsessionid=ac16012b30d6daf3d1e69b9448f9b338854e2531f358.e3iSbxaKaheRe34Rb3eTbx8LaNb0n6jAmljGr5XDqQLvpAe HTTP/1.1" 200 2
201.245.192.253 - - [13/Jan/2024:04:23:34 -0500] "POST /forms/lservlet;jsessionid=ac16012b30d6e9245d4a5ae64507bcdc86473ff87750.e3iSbxaKaheRe34Rb3eTbx8LaNb0n6jAmljGr5XDqQLvpAe HTTP/1.1" 200 2
216.244.66.195 - - [13/Jan/2024:04:23:54 -0500] "GET /BLA/resoluciones/RESOLUCIONES%202019/0027.pdf HTTP/1.1" 200 507250
201.245.192.253 - - [13/Jan/2024:04:24:17 -0500] "POST /forms/lservlet;jsessionid=ac16012b30d6daf3d1e69b9448f9b338854e2531f358.e3iSbxaKaheRe34Rb3eTbx8LaNb0n6jAmljGr5XDqQLvpAe HTTP/1.1" 200 2
216.244.66.195 - - [13/Jan/2024:04:24:36 -0500] "GET /BLA/resoluciones/RESOLUCIONES%202019/0272.pdf HTTP/1.1" 200 622741
108.174.5.112 - - [13/Jan/2024:04:24:42 -0500] "GET /images/acuerdos-c1_optimized.jpg HTTP/1.1" 200 228032
201.245.192.253 - - [13/Jan/2024:04:24:41 -0500] "POST /kwsrmcab/Wsrmcab HTTP/1.1" 200 39268
201.245.192.253 - - [13/Jan/2024:04:24:44 -0500] "POST /kwsrmcab/Wsrmcab HTTP/1.1" 200 39294
172.22.2.4 - - [13/Jan/2024:04:23:27 -0500] "HEAD /BLA/boletinlegal/ HTTP/1.1" 200 -
216.244.66.195 - - [13/Jan/2024:04:25:10 -0500] "GET /BLA/resoluciones/RESOLUCIONES%202019/1380.pdf HTTP/1.1" 200 301015
201.245.192.253 - - [13/Jan/2024:04:25:34 -0500] "POST /forms/lservlet;jsessionid=ac16012b30d6e9245d4a5ae64507bcdc86473ff87750.e3iSbxaKaheRe34Rb3eTbx8LaNb0n6jAmljGr5XDqQLvpAe HTTP/1.1" 200 2
216.244.66.195 - - [13/Jan/2024:04:25:43 -0500] "GET /BLA/resoluciones/RESOLUCIONES%202019/2125.pdf HTTP/1.1" 200 289648
201.245.192.253 - - [13/Jan/2024:04:25:43 -0500] "POST /kwsrmcab/Wsrmcab  HTTP/1.1" 200 39439
216.245.221.92 - - [13/Jan/2024:04:25:53 -0500] "HEAD / HTTP/1.1" 200 -
172.22.2.4 - - [13/Jan/2024:04:24:18 -0500] "GET /BLA/boletinlegal/ HTTP/1.1" 200 60529
201.245.192.253 - - [13/Jan/2024:04:26:17 -0500] "POST /forms/lservlet;jsessionid=ac16012b30d6daf3d1e69b9448f9b338854e2531f358.e3iSbxaKaheRe34Rb3eTbx8LaNb0n6jAmljGr5XDqQLvpAe HTTP/1.1" 200 2
216.244.66.195 - - [13/Jan/2024:04:26:19 -0500] "GET /BLA/resoluciones/RESOLUCIONES%202019/2535.pdf HTTP/1.1" 200 562317
216.244.66.195 - - [13/Jan/2024:04:26:59 -0500] "GET /BLA/resoluciones/RESOLUCIONES%202019/2536.pdf HTTP/1.1" 200 1334837
201.245.192.253 - - [13/Jan/2024:04:27:34 -0500] "POST /forms/lservlet;jsessionid=ac16012b30d6e9245d4a5ae64507bcdc86473ff87750.e3iSbxaKaheRe34Rb3eTbx8LaNb0n6jAmljGr5XDqQLvpAe HTTP/1.1" 200 2
216.244.66.195 - - [13/Jan/2024:04:27:49 -0500] "GET /BLA/resoluciones/RESOLUCIONES%201997/RESOLUCION%20299%20DE%201997.pdf HTTP/1.1" 200 33851
201.245.192.253 - - [13/Jan/2024:04:28:17 -0500] "POST /forms/lservlet;jsessionid=ac16012b30d6daf3d1e69b9448f9b338854e2531f358.e3iSbxaKaheRe34Rb3eTbx8LaNb0n6jAmljGr5XDqQLvpAe HTTP/1.1" 200 2
216.244.66.195 - - [13/Jan/2024:04:28:19 -0500] "GET /BLA/resoluciones/RESOLUCIONES%201997/RESOLUCION%20399%20DE%201997.pdf HTTP/1.1" 200 42897
201.245.192.253 - - [13/Jan/2024:04:28:58 -0500] "POST /kwsrmcab/Wsrmcab HTTP/1.1" 200 39268
201.245.192.253 - - [13/Jan/2024:04:29:34 -0500] "POST /forms/lservlet;jsessionid=ac16012b30d6e9245d4a5ae64507bcdc86473ff87750.e3iSbxaKaheRe34Rb3eTbx8LaNb0n6jAmljGr5XDqQLvpAe HTTP/1.1" 200 2
201.245.192.253 - - [13/Jan/2024:04:29:38 -0500] "POST /kwsrmcab/Wsrmcab HTTP/1.1" 200 39294
201.245.192.253 - - [13/Jan/2024:04:30:17 -0500] "POST /forms/lservlet;jsessionid=ac16012b30d6daf3d1e69b9448f9b338854e2531f358.e3iSbxaKaheRe34Rb3eTbx8LaNb0n6jAmljGr5XDqQLvpAe HTTP/1.1" 200 2
116.202.20.140 - - [13/Jan/2024:04:30:27 -0500] "GET / HTTP/1.1" 200 4720
116.202.20.140 - - [13/Jan/2024:04:30:27 -0500] "GET / HTTP/1.1" 200 319
201.245.192.253 - - [13/Jan/2024:04:30:40 -0500] "POST /kwsrmcab/Wsrmcab  HTTP/1.1" 200 39439
216.245.221.92 - - [13/Jan/2024:04:30:53 -0500] "HEAD / HTTP/1.1" 200 -
172.22.2.4 - - [13/Jan/2024:04:29:17 -0500] "HEAD /BLA/boletinlegal/ HTTP/1.1" 200 -
216.244.66.195 - - [13/Jan/2024:04:31:16 -0500] "GET /BLA/resoluciones/AUTOS%202007/0093.pdf HTTP/1.1" 200 116054
201.245.192.253 - - [13/Jan/2024:04:31:34 -0500] "POST /forms/lservlet;jsessionid=ac16012b30d6e9245d4a5ae64507bcdc86473ff87750.e3iSbxaKaheRe34Rb3eTbx8LaNb0n6jAmljGr5XDqQLvpAe HTTP/1.1" 200 2
52.167.144.171 - - [13/Jan/2024:04:31:36 -0500] "GET / HTTP/1.1" 200 4720
216.244.66.195 - - [13/Jan/2024:04:31:44 -0500] "GET /BLA/resoluciones/AUTOS%202007/0096.pdf HTTP/1.1" 200 47551
172.22.2.4 - - [13/Jan/2024:04:30:08 -0500] "GET /BLA/boletinlegal/ HTTP/1.1" 200 58666
216.244.66.195 - - [13/Jan/2024:04:32:11 -0500] "GET /BLA/resoluciones/AUTOS%202007/0451.pdf HTTP/1.1" 200 35711
201.245.192.253 - - [13/Jan/2024:04:32:17 -0500] "POST /forms/lservlet;jsessionid=ac16012b30d6daf3d1e69b9448f9b338854e2531f358.e3iSbxaKaheRe34Rb3eTbx8LaNb0n6jAmljGr5XDqQLvpAe HTTP/1.1" 200 2
216.244.66.195 - - [13/Jan/2024:04:32:37 -0500] "GET /BLA/resoluciones/AUTOS%202007/0464.pdf HTTP/1.1" 200 37992
216.244.66.195 - - [13/Jan/2024:04:33:02 -0500] "GET /BLA/resoluciones/AUTOS%202007/0654.pdf HTTP/1.1" 200 143795
162.55.175.141 - - [13/Jan/2024:04:33:20 -0500] "GET / HTTP/1.1" 200 4720
162.55.175.141 - - [13/Jan/2024:04:33:20 -0500] "GET / HTTP/1.1" 200 319
216.244.66.195 - - [13/Jan/2024:04:33:26 -0500] "GET /BLA/resoluciones/AUTOS%202007/0695.pdf HTTP/1.1" 200 135670
201.245.192.253 - - [13/Jan/2024:04:33:34 -0500] "POST /forms/lservlet;jsessionid=ac16012b30d6e9245d4a5ae64507bcdc86473ff87750.e3iSbxaKaheRe34Rb3eTbx8LaNb0n6jAmljGr5XDqQLvpAe HTTP/1.1" 200 2
216.244.66.195 - - [13/Jan/2024:04:33:50 -0500] "GET /BLA/resoluciones/AUTOS%202007/1000.pdf HTTP/1.1" 200 34430
216.244.66.195 - - [13/Jan/2024:04:34:12 -0500] "GET /BLA/resoluciones/AUTOS%202007/1139.pdf HTTP/1.1" 200 27717
201.245.192.253 - - [13/Jan/2024:04:34:17 -0500] "POST /forms/lservlet;jsessionid=ac16012b30d6daf3d1e69b9448f9b338854e2531f358.e3iSbxaKaheRe34Rb3eTbx8LaNb0n6jAmljGr5XDqQLvpAe HTTP/1.1" 200 2
216.244.66.195 - - [13/Jan/2024:04:34:33 -0500] "GET /BLA/resoluciones/AUTOS%202007/1302.pdf HTTP/1.1" 200 74030
201.245.192.253 - - [13/Jan/2024:04:34:41 -0500] "POST /kwsrmcab/Wsrmcab HTTP/1.1" 200 39268
201.245.192.253 - - [13/Jan/2024:04:34:44 -0500] "POST /kwsrmcab/Wsrmcab HTTP/1.1" 200 39294
216.244.66.195 - - [13/Jan/2024:04:34:53 -0500] "GET /BLA/resoluciones/AUTOS%202007/1328.pdf HTTP/1.1" 200 30365
216.244.66.195 - - [13/Jan/2024:04:35:13 -0500] "GET /BLA/resoluciones/AUTOS%202007/1384.pdf HTTP/1.1" 200 76776
216.244.66.195 - - [13/Jan/2024:04:35:33 -0500] "GET /BLA/resoluciones/AUTOS%202007/1432.pdf HTTP/1.1" 200 87427
201.245.192.253 - - [13/Jan/2024:04:35:34 -0500] "POST /forms/lservlet;jsessionid=ac16012b30d6e9245d4a5ae64507bcdc86473ff87750.e3iSbxaKaheRe34Rb3eTbx8LaNb0n6jAmljGr5XDqQLvpAe HTTP/1.1" 200 2
201.245.192.253 - - [13/Jan/2024:04:35:40 -0500] "POST /kwsrmcab/Wsrmcab  HTTP/1.1" 200 39439
216.244.66.195 - - [13/Jan/2024:04:35:51 -0500] "GET /BLA/resoluciones/AUTOS%202007/1447.pdf HTTP/1.1" 200 26082
216.245.221.92 - - [13/Jan/2024:04:35:53 -0500] "HEAD / HTTP/1.1" 200 -
216.244.66.195 - - [13/Jan/2024:04:36:07 -0500] "GET /BLA/resoluciones/AUTOS%202007/1568.pdf HTTP/1.1" 200 31286
201.245.192.253 - - [13/Jan/2024:04:36:17 -0500] "POST /forms/lservlet;jsessionid=ac16012b30d6daf3d1e69b9448f9b338854e2531f358.e3iSbxaKaheRe34Rb3eTbx8LaNb0n6jAmljGr5XDqQLvpAe HTTP/1.1" 200 2
216.244.66.195 - - [13/Jan/2024:04:36:23 -0500] "GET /BLA/resoluciones/AUTOS%202007/1608.pdf HTTP/1.1" 200 31561
216.244.66.195 - - [13/Jan/2024:04:36:37 -0500] "GET /BLA/resoluciones/AUTOS%202007/1700.pdf HTTP/1.1" 200 109513
172.22.2.4 - - [13/Jan/2024:04:36:38 -0500] "GET /BLA/boletinlegal/menu.asp HTTP/1.1" 404 1043
172.22.2.4 - - [13/Jan/2024:04:36:38 -0500] "POST /BLA/boletinlegal/scripts/WPnBr.dll HTTP/1.1" 404 1043
172.22.2.4 - - [13/Jan/2024:04:36:38 -0500] "GET /BLA/boletinlegal/8oOf HTTP/1.1" 404 1043
172.22.2.4 - - [13/Jan/2024:04:36:38 -0500] "POST /BLA/boletinlegal/functionRouter HTTP/1.1" 404 1043
172.22.2.4 - - [13/Jan/2024:04:36:38 -0500] "GET /BLA/boletinlegal/Portal/Portal.mwsl HTTP/1.1" 404 1043
172.22.2.4 - - [13/Jan/2024:04:36:38 -0500] "POST /BLA/boletinlegal/sdk HTTP/1.1" 404 1043
172.22.2.4 - - [13/Jan/2024:04:36:39 -0500] "GET /BLA/boletinlegal/CSS/Miniweb.css HTTP/1.1" 404 1043
172.22.2.4 - - [13/Jan/2024:04:36:39 -0500] "GET /BLA/boletinlegal/default.shtml HTTP/1.1" 404 1043
172.22.2.4 - - [13/Jan/2024:04:36:39 -0500] "GET /BLA/boletinlegal/docs/cplugError.html/ HTTP/1.1" 404 1043
172.22.2.4 - - [13/Jan/2024:04:36:39 -0500] "GET /BLA/boletinlegal/nmaplowercheck1705138624 HTTP/1.1" 404 1043
172.22.2.4 - - [13/Jan/2024:04:36:40 -0500] "GET /BLA/boletinlegal/.git/HEAD HTTP/1.1" 404 1043
172.22.2.4 - - [13/Jan/2024:04:36:40 -0500] "GET /BLA/boletinlegal/Portal0000.htm HTTP/1.1" 404 1043
172.22.2.4 - - [13/Jan/2024:04:36:40 -0500] "GET /BLA/boletinlegal/admin.asp HTTP/1.1" 404 1043
172.22.2.4 - - [13/Jan/2024:04:36:40 -0500] "GET /BLA/boletinlegal/pools/default/buckets HTTP/1.1" 404 1043
172.22.2.4 - - [13/Jan/2024:04:36:40 -0500] "GET /BLA/boletinlegal/HNAP1 HTTP/1.1" 404 1043
172.22.2.4 - - [13/Jan/2024:04:36:41 -0500] "GET /BLA/boletinlegal/__Additional HTTP/1.1" 404 1043
172.22.2.4 - - [13/Jan/2024:04:36:41 -0500] "GET /BLA/boletinlegal/localstart.html HTTP/1.1" 404 1043
172.22.2.4 - - [13/Jan/2024:04:36:41 -0500] "GET /BLA/boletinlegal/pools HTTP/1.1" 404 1043
172.22.2.4 - - [13/Jan/2024:04:36:42 -0500] "GET /BLA/boletinlegal/robots.txt HTTP/1.1" 404 1043
172.22.2.4 - - [13/Jan/2024:04:36:43 -0500] "GET /BLA/boletinlegal/default.jsa HTTP/1.1" 404 1043
172.22.2.4 - - [13/Jan/2024:04:36:44 -0500] "GET /BLA/boletinlegal/menu.aspx HTTP/1.1" 404 1043
172.22.2.4 - - [13/Jan/2024:04:36:45 -0500] "GET /BLA/boletinlegal/default.html HTTP/1.1" 404 1043
172.22.2.4 - - [13/Jan/2024:04:36:46 -0500] "GET /BLA/boletinlegal/menu.cfm HTTP/1.1" 404 1043
172.22.2.4 - - [13/Jan/2024:04:36:47 -0500] "GET /BLA/boletinlegal/index.aspx HTTP/1.1" 404 1043
172.22.2.4 - - [13/Jan/2024:04:35:07 -0500] "HEAD /BLA/boletinlegal/ HTTP/1.1" 200 -
172.22.2.4 - - [13/Jan/2024:04:36:48 -0500] "GET /BLA/boletinlegal/readme.txt HTTP/1.1" 404 1043
172.22.2.4 - - [13/Jan/2024:04:36:48 -0500] "GET /BLA/boletinlegal/tomcatwar.jsp HTTP/1.1" 404 1043
216.244.66.195 - - [13/Jan/2024:04:36:54 -0500] "GET /BLA/resoluciones/AUTOS%202009/0690.pdf HTTP/1.1" 200 65163
216.244.66.195 - - [13/Jan/2024:04:37:06 -0500] "GET /BLA/resoluciones/AUTOS%202009/0727.pdf HTTP/1.1" 200 198381
216.244.66.195 - - [13/Jan/2024:04:37:17 -0500] "GET /BLA/resoluciones/AUTOS%202009/1399.pdf HTTP/1.1" 200 116321
216.244.66.195 - - [13/Jan/2024:04:37:28 -0500] "GET /BLA/resoluciones/AUTOS%202009/1695.pdf HTTP/1.1" 200 123718
201.245.192.253 - - [13/Jan/2024:04:37:34 -0500] "POST /forms/lservlet;jsessionid=ac16012b30d6e9245d4a5ae64507bcdc86473ff87750.e3iSbxaKaheRe34Rb3eTbx8LaNb0n6jAmljGr5XDqQLvpAe HTTP/1.1" 200 2
172.22.2.4 - - [13/Jan/2024:04:35:58 -0500] "GET /BLA/boletinlegal/ HTTP/1.1" 200 29461
172.22.2.4 - - [13/Jan/2024:04:36:38 -0500] "GET /BLA/boletinlegal/?=PHPE9568F36-D428-11d2-A769-00AA001ACF42 HTTP/1.1" 200 24523
216.244.66.195 - - [13/Jan/2024:04:37:40 -0500] "GET /BLA/resoluciones/AUTOS%202009/2044.pdf HTTP/1.1" 200 187858
172.22.2.4 - - [13/Jan/2024:04:36:49 -0500] "GET /BLA/boletinlegal/ HTTP/1.1" 200 20427
216.244.66.195 - - [13/Jan/2024:04:37:49 -0500] "GET /BLA/resoluciones/AUTOS%202009/2230.pdf HTTP/1.1" 200 122633
216.244.66.195 - - [13/Jan/2024:04:37:56 -0500] "GET /BLA/resoluciones/AUTOS%202009/2270.pdf HTTP/1.1" 200 123384
216.244.66.195 - - [13/Jan/2024:04:38:04 -0500] "GET /BLA/resoluciones/AUTOS%202009/2289.pdf HTTP/1.1" 200 352664
216.244.66.195 - - [13/Jan/2024:04:38:10 -0500] "GET /BLA/resoluciones/AUTOS%202009/2442.pdf HTTP/1.1" 200 103007
216.244.66.195 - - [13/Jan/2024:04:38:15 -0500] "GET /BLA/resoluciones/AUTOS%202009/2716.pdf HTTP/1.1" 200 91562
201.245.192.253 - - [13/Jan/2024:04:38:17 -0500] "POST /forms/lservlet;jsessionid=ac16012b30d6daf3d1e69b9448f9b338854e2531f358.e3iSbxaKaheRe34Rb3eTbx8LaNb0n6jAmljGr5XDqQLvpAe HTTP/1.1" 200 2
172.22.2.4 - - [13/Jan/2024:04:36:37 -0500] "GET /BLA/boletinlegal/ HTTP/1.1" 200 20427
172.22.2.4 - - [13/Jan/2024:04:36:38 -0500] "GET /BLA/boletinlegal/ HTTP/1.1" 200 24523
172.22.2.4 - - [13/Jan/2024:04:36:38 -0500] "POST /BLA/boletinlegal/ HTTP/1.1" 200 24543
172.22.2.4 - - [13/Jan/2024:04:36:38 -0500] "HEAD /BLA/boletinlegal/ HTTP/1.1" 200 -
172.22.2.4 - - [13/Jan/2024:04:36:38 -0500] "GET /BLA/boletinlegal/ HTTP/1.1" 200 24523
216.244.66.195 - - [13/Jan/2024:04:38:20 -0500] "GET /BLA/resoluciones/AUTOS%202009/2749.pdf HTTP/1.1" 200 95890
172.22.2.4 - - [13/Jan/2024:04:36:50 -0500] "GET /BLA/boletinlegal/ HTTP/1.1" 200 20427
216.244.66.195 - - [13/Jan/2024:04:38:23 -0500] "GET /BLA/resoluciones/AUTOS%202009/2779.pdf HTTP/1.1" 200 76452
216.244.66.195 - - [13/Jan/2024:04:38:27 -0500] "GET /BLA/resoluciones/AUTOS%202009/2816.pdf HTTP/1.1" 200 101761
172.22.2.4 - - [13/Jan/2024:04:36:47 -0500] "GET /BLA/boletinlegal/?=PHPB8B5F2A0-3C92-11d3-A3A9-4C7B08C10000 HTTP/1.1" 200 24523
172.22.2.4 - - [13/Jan/2024:04:36:47 -0500] "GET /BLA/boletinlegal/ HTTP/1.1" 200 23283
216.244.66.195 - - [13/Jan/2024:04:38:30 -0500] "GET /BLA/resoluciones/AUTOS%202009/2867.pdf HTTP/1.1" 200 103440
216.244.66.195 - - [13/Jan/2024:04:38:33 -0500] "GET /BLA/resoluciones/AUTOS%202011/0017.pdf HTTP/1.1" 200 194899
216.244.66.195 - - [13/Jan/2024:04:38:36 -0500] "GET /BLA/resoluciones/AUTOS%202011/0199.pdf HTTP/1.1" 200 171349
216.244.66.195 - - [13/Jan/2024:04:38:38 -0500] "GET /BLA/resoluciones/AUTOS%202011/0236.pdf HTTP/1.1" 200 154873
216.244.66.195 - - [13/Jan/2024:04:38:42 -0500] "GET /BLA/resoluciones/AUTOS%202011/1029.pdf HTTP/1.1" 200 289805
201.245.192.253 - - [13/Jan/2024:04:38:59 -0500] "POST /kwsrmcab/Wsrmcab HTTP/1.1" 200 39268
216.244.66.195 - - [13/Jan/2024:04:39:04 -0500] "GET /BLA/resoluciones/AUTOS%202011/1651.pdf HTTP/1.1" 200 140229
216.244.66.195 - - [13/Jan/2024:04:39:21 -0500] "GET /BLA/resoluciones/AUTOS%202011/1971.pdf HTTP/1.1" 200 367364
201.245.192.253 - - [13/Jan/2024:04:39:34 -0500] "POST /forms/lservlet;jsessionid=ac16012b30d6e9245d4a5ae64507bcdc86473ff87750.e3iSbxaKaheRe34Rb3eTbx8LaNb0n6jAmljGr5XDqQLvpAe HTTP/1.1" 200 2
201.245.192.253 - - [13/Jan/2024:04:39:38 -0500] "POST /kwsrmcab/Wsrmcab HTTP/1.1" 200 39294
172.22.2.4 - - [13/Jan/2024:04:38:05 -0500] "GET /BLA/boletinlegal/ HTTP/1.1" 200 41561
172.22.2.4 - - [13/Jan/2024:04:38:06 -0500] "GET /BLA/boletinlegal/ HTTP/1.1" 200 40143
216.244.66.195 - - [13/Jan/2024:04:39:50 -0500] "GET /BLA/resoluciones/AUTOS%202011/2027.pdf HTTP/1.1" 200 162475
216.244.66.195 - - [13/Jan/2024:04:40:14 -0500] "GET /BLA/resoluciones/AUTOS%202011/2126.pdf HTTP/1.1" 200 119458
201.245.192.253 - - [13/Jan/2024:04:40:17 -0500] "POST /forms/lservlet;jsessionid=ac16012b30d6daf3d1e69b9448f9b338854e2531f358.e3iSbxaKaheRe34Rb3eTbx8LaNb0n6jAmljGr5XDqQLvpAe HTTP/1.1" 200 2
216.244.66.195 - - [13/Jan/2024:04:40:36 -0500] "GET /BLA/resoluciones/AUTOS%202011/2966.pdf HTTP/1.1" 200 836728
201.245.192.253 - - [13/Jan/2024:04:40:39 -0500] "POST /kwsrmcab/Wsrmcab  HTTP/1.1" 200 39439
172.22.2.4 - - [13/Jan/2024:04:40:44 -0500] "GET /BLA/boletinlegal/jurisprudencia/analisis/CUADRO%20SENTENCIA%20T-299%20DE%202008.doc HTTP/1.1" 304 -
52.167.144.223 - - [13/Jan/2024:04:40:50 -0500] "GET /BLA/resoluciones/RESOLUCIONES%202023/02499.pdf HTTP/1.1" 200 439837
216.245.221.92 - - [13/Jan/2024:04:40:53 -0500] "HEAD / HTTP/1.1" 200 -
216.244.66.195 - - [13/Jan/2024:04:40:59 -0500] "GET /BLA/resoluciones/AUTOS%202011/2976.pdf HTTP/1.1" 200 199529
216.244.66.195 - - [13/Jan/2024:04:41:19 -0500] "GET /BLA/resoluciones/AUTOS%202011/3261.pdf HTTP/1.1" 200 232623
201.245.192.253 - - [13/Jan/2024:04:41:34 -0500] "POST /forms/lservlet;jsessionid=ac16012b30d6e9245d4a5ae64507bcdc86473ff87750.e3iSbxaKaheRe34Rb3eTbx8LaNb0n6jAmljGr5XDqQLvpAe HTTP/1.1" 200 2
216.244.66.195 - - [13/Jan/2024:04:41:48 -0500] "GET /BLA/resoluciones/AUTOS%202011/3595.pdf HTTP/1.1" 200 206003
216.244.66.195 - - [13/Jan/2024:04:42:11 -0500] "GET /BLA/resoluciones/AUTOS%202011/3611.pdf HTTP/1.1" 200 407947
201.245.192.253 - - [13/Jan/2024:04:42:17 -0500] "POST /forms/lservlet;jsessionid=ac16012b30d6daf3d1e69b9448f9b338854e2531f358.e3iSbxaKaheRe34Rb3eTbx8LaNb0n6jAmljGr5XDqQLvpAe HTTP/1.1" 200 2
216.244.66.195 - - [13/Jan/2024:04:42:33 -0500] "GET /BLA/resoluciones/AUTOS%202012/0394.pdf HTTP/1.1" 200 164462
172.22.2.4 - - [13/Jan/2024:04:40:57 -0500] "HEAD /BLA/boletinlegal/ HTTP/1.1" 200 -
216.244.66.195 - - [13/Jan/2024:04:42:54 -0500] "GET /BLA/resoluciones/AUTOS%202012/0459.pdf HTTP/1.1" 200 261179
216.244.66.195 - - [13/Jan/2024:04:43:14 -0500] "GET /BLA/resoluciones/AUTOS%202012/0696.pdf HTTP/1.1" 200 221048
172.22.2.4 - - [13/Jan/2024:04:41:48 -0500] "GET /BLA/boletinlegal/ HTTP/1.1" 200 55862
201.245.192.253 - - [13/Jan/2024:04:43:34 -0500] "POST /forms/lservlet;jsessionid=ac16012b30d6e9245d4a5ae64507bcdc86473ff87750.e3iSbxaKaheRe34Rb3eTbx8LaNb0n6jAmljGr5XDqQLvpAe HTTP/1.1" 200 2
216.244.66.195 - - [13/Jan/2024:04:43:45 -0500] "GET /BLA/resoluciones/AUTOS%202012/0715.pdf HTTP/1.1" 200 282420
216.244.66.195 - - [13/Jan/2024:04:44:11 -0500] "GET /BLA/resoluciones/AUTOS%202012/1124.pdf HTTP/1.1" 200 177884
201.245.192.253 - - [13/Jan/2024:04:44:17 -0500] "POST /forms/lservlet;jsessionid=ac16012b30d6daf3d1e69b9448f9b338854e2531f358.e3iSbxaKaheRe34Rb3eTbx8LaNb0n6jAmljGr5XDqQLvpAe HTTP/1.1" 200 2
216.244.66.195 - - [13/Jan/2024:04:44:35 -0500] "GET /BLA/resoluciones/AUTOS%202012/1281.pdf HTTP/1.1" 200 241503
216.244.66.195 - - [13/Jan/2024:04:45:05 -0500] "GET /BLA/resoluciones/AUTOS%202012/1826.pdf HTTP/1.1" 200 279530
216.244.66.195 - - [13/Jan/2024:04:45:30 -0500] "GET /BLA/resoluciones/AUTOS%202012/2089.pdf HTTP/1.1" 200 232937
201.245.192.253 - - [13/Jan/2024:04:45:34 -0500] "POST /forms/lservlet;jsessionid=ac16012b30d6e9245d4a5ae64507bcdc86473ff87750.e3iSbxaKaheRe34Rb3eTbx8LaNb0n6jAmljGr5XDqQLvpAe HTTP/1.1" 200 2
201.245.192.253 - - [13/Jan/2024:04:45:38 -0500] "POST /kwsrmcab/Wsrmcab  HTTP/1.1" 200 39439
40.77.167.241 - - [13/Jan/2024:04:45:51 -0500] "GET /BLA/resoluciones/AUTOS%202014/4057.pdf HTTP/1.1" 200 588357
216.244.66.195 - - [13/Jan/2024:04:45:51 -0500] "GET /BLA/resoluciones/AUTOS%202012/2315.pdf HTTP/1.1" 200 647716
216.245.221.92 - - [13/Jan/2024:04:45:53 -0500] "HEAD / HTTP/1.1" 200 -
216.244.66.195 - - [13/Jan/2024:04:46:12 -0500] "GET /BLA/resoluciones/AUTOS%202012/2426.pdf HTTP/1.1" 200 538708
201.245.192.253 - - [13/Jan/2024:04:46:17 -0500] "POST /forms/lservlet;jsessionid=ac16012b30d6daf3d1e69b9448f9b338854e2531f358.e3iSbxaKaheRe34Rb3eTbx8LaNb0n6jAmljGr5XDqQLvpAe HTTP/1.1" 200 2
216.244.66.195 - - [13/Jan/2024:04:46:51 -0500] "GET /BLA/resoluciones/AUTOS%202012/2536.pdf HTTP/1.1" 200 258151
40.77.167.53 - - [13/Jan/2024:04:47:19 -0500] "GET /BLA/resoluciones/RESOLUCIONES%202013/2470.pdf HTTP/1.1" 200 231732
216.244.66.195 - - [13/Jan/2024:04:47:21 -0500] "GET /BLA/resoluciones/AUTOS%202012/2860.pdf HTTP/1.1" 200 226736
201.245.192.253 - - [13/Jan/2024:04:47:34 -0500] "POST /forms/lservlet;jsessionid=ac16012b30d6e9245d4a5ae64507bcdc86473ff87750.e3iSbxaKaheRe34Rb3eTbx8LaNb0n6jAmljGr5XDqQLvpAe HTTP/1.1" 200 2
216.244.66.195 - - [13/Jan/2024:04:47:51 -0500] "GET /BLA/resoluciones/AUTOS%202012/2958.pdf HTTP/1.1" 200 1474910
172.22.2.4 - - [13/Jan/2024:04:48:05 -0500] "GET /BLA/boletinlegal/robots.txt HTTP/1.1" 404 1018
172.22.2.4 - - [13/Jan/2024:04:48:06 -0500] "GET /BLA/boletinlegal/sitemap.xml HTTP/1.1" 404 1018
172.22.2.4 - - [13/Jan/2024:04:48:07 -0500] "GET /BLA/boletinlegal/.well-known/security.txt HTTP/1.1" 404 1018
172.22.2.4 - - [13/Jan/2024:04:48:08 -0500] "GET /BLA/boletinlegal/favicon.ico HTTP/1.1" 404 1018
172.22.2.4 - - [13/Jan/2024:04:48:11 -0500] "GET /BLA/boletinlegal/aaa9 HTTP/1.1" 404 1018
172.22.2.4 - - [13/Jan/2024:04:48:12 -0500] "GET /BLA/boletinlegal/aad7 HTTP/1.1" 404 1018
201.245.192.253 - - [13/Jan/2024:04:48:17 -0500] "POST /forms/lservlet;jsessionid=ac16012b30d6daf3d1e69b9448f9b338854e2531f358.e3iSbxaKaheRe34Rb3eTbx8LaNb0n6jAmljGr5XDqQLvpAe HTTP/1.1" 200 2
172.22.2.4 - - [13/Jan/2024:04:46:47 -0500] "HEAD /BLA/boletinlegal/ HTTP/1.1" 200 -
216.244.66.195 - - [13/Jan/2024:04:48:30 -0500] "GET /BLA/resoluciones/AUTOS%202012/3022.pdf HTTP/1.1" 200 1465620
172.22.2.4 - - [13/Jan/2024:04:46:57 -0500] "GET /BLA/boletinlegal/ HTTP/1.1" 200 48877
216.244.66.195 - - [13/Jan/2024:04:49:13 -0500] "GET /BLA/resoluciones/AUTOS%202022/3799.pdf HTTP/1.1" 200 352958
172.22.2.4 - - [13/Jan/2024:04:47:38 -0500] "GET /BLA/boletinlegal/ HTTP/1.1" 200 51069
201.245.192.253 - - [13/Jan/2024:04:49:34 -0500] "POST /forms/lservlet;jsessionid=ac16012b30d6e9245d4a5ae64507bcdc86473ff87750.e3iSbxaKaheRe34Rb3eTbx8LaNb0n6jAmljGr5XDqQLvpAe HTTP/1.1" 200 2
66.249.66.76 - - [13/Jan/2024:04:49:44 -0500] "GET /portaldeninos/2021/06/20/mas-de-130-arboles-fueron-plantados-en-el-humedal-la-conejera-con-comunidad-educativa/ HTTP/1.1" 200 107808
201.245.192.253 - - [13/Jan/2024:04:50:17 -0500] "POST /forms/lservlet;jsessionid=ac16012b30d6daf3d1e69b9448f9b338854e2531f358.e3iSbxaKaheRe34Rb3eTbx8LaNb0n6jAmljGr5XDqQLvpAe HTTP/1.1" 200 2
66.249.66.76 - - [13/Jan/2024:04:50:20 -0500] "GET /portaldeninos/wp-includes/js/jquery/jquery.js?ver=1.12.4 HTTP/1.1" 200 97184
66.249.66.76 - - [13/Jan/2024:04:50:21 -0500] "GET /portaldeninos/wp-content/themes/betheme/js/menu.js?ver=20.9.6 HTTP/1.1" 200 2449
201.245.192.253 - - [13/Jan/2024:04:50:36 -0500] "POST /kwsrmcab/Wsrmcab  HTTP/1.1" 200 39439
216.245.221.92 - - [13/Jan/2024:04:50:53 -0500] "HEAD / HTTP/1.1" 200 -
47.243.141.101 - - [13/Jan/2024:04:51:15 -0500] "GET / HTTP/1.1" 200 319
47.243.141.101 - - [13/Jan/2024:04:51:20 -0500] "GET /robots.txt HTTP/1.1" 404 1035
47.243.141.101 - - [13/Jan/2024:04:51:23 -0500] "GET /sitemap.xml HTTP/1.1" 404 1035
201.245.192.253 - - [13/Jan/2024:04:51:34 -0500] "POST /forms/lservlet;jsessionid=ac16012b30d6e9245d4a5ae64507bcdc86473ff87750.e3iSbxaKaheRe34Rb3eTbx8LaNb0n6jAmljGr5XDqQLvpAe HTTP/1.1" 200 2
201.245.192.253 - - [13/Jan/2024:04:52:17 -0500] "POST /forms/lservlet;jsessionid=ac16012b30d6daf3d1e69b9448f9b338854e2531f358.e3iSbxaKaheRe34Rb3eTbx8LaNb0n6jAmljGr5XDqQLvpAe HTTP/1.1" 200 2
201.245.192.253 - - [13/Jan/2024:04:53:34 -0500] "POST /forms/lservlet;jsessionid=ac16012b30d6e9245d4a5ae64507bcdc86473ff87750.e3iSbxaKaheRe34Rb3eTbx8LaNb0n6jAmljGr5XDqQLvpAe HTTP/1.1" 200 2
172.22.2.4 - - [13/Jan/2024:04:52:37 -0500] "HEAD /BLA/boletinlegal/ HTTP/1.1" 200 -
201.245.192.253 - - [13/Jan/2024:04:54:17 -0500] "POST /forms/lservlet;jsessionid=ac16012b30d6daf3d1e69b9448f9b338854e2531f358.e3iSbxaKaheRe34Rb3eTbx8LaNb0n6jAmljGr5XDqQLvpAe HTTP/1.1" 200 2
172.22.2.4 - - [13/Jan/2024:04:53:28 -0500] "GET /BLA/boletinlegal/ HTTP/1.1" 200 58666
201.245.192.253 - - [13/Jan/2024:04:55:34 -0500] "POST /forms/lservlet;jsessionid=ac16012b30d6e9245d4a5ae64507bcdc86473ff87750.e3iSbxaKaheRe34Rb3eTbx8LaNb0n6jAmljGr5XDqQLvpAe HTTP/1.1" 200 2
201.245.192.253 - - [13/Jan/2024:04:55:35 -0500] "POST /kwsrmcab/Wsrmcab  HTTP/1.1" 200 39439
216.245.221.92 - - [13/Jan/2024:04:55:53 -0500] "HEAD / HTTP/1.1" 200 -
201.245.192.253 - - [13/Jan/2024:04:56:17 -0500] "POST /forms/lservlet;jsessionid=ac16012b30d6daf3d1e69b9448f9b338854e2531f358.e3iSbxaKaheRe34Rb3eTbx8LaNb0n6jAmljGr5XDqQLvpAe HTTP/1.1" 200 2
201.245.192.253 - - [13/Jan/2024:04:57:34 -0500] "POST /forms/lservlet;jsessionid=ac16012b30d6e9245d4a5ae64507bcdc86473ff87750.e3iSbxaKaheRe34Rb3eTbx8LaNb0n6jAmljGr5XDqQLvpAe HTTP/1.1" 200 2
201.245.192.253 - - [13/Jan/2024:04:58:17 -0500] "POST /forms/lservlet;jsessionid=ac16012b30d6daf3d1e69b9448f9b338854e2531f358.e3iSbxaKaheRe34Rb3eTbx8LaNb0n6jAmljGr5XDqQLvpAe HTTP/1.1" 200 2
201.245.192.253 - - [13/Jan/2024:04:59:34 -0500] "POST /forms/lservlet;jsessionid=ac16012b30d6e9245d4a5ae64507bcdc86473ff87750.e3iSbxaKaheRe34Rb3eTbx8LaNb0n6jAmljGr5XDqQLvpAe HTTP/1.1" 200 2
172.22.2.4 - - [13/Jan/2024:04:58:27 -0500] "HEAD /BLA/boletinlegal/ HTTP/1.1" 200 -
201.245.192.253 - - [13/Jan/2024:05:00:17 -0500] "POST /forms/lservlet;jsessionid=ac16012b30d6daf3d1e69b9448f9b338854e2531f358.e3iSbxaKaheRe34Rb3eTbx8LaNb0n6jAmljGr5XDqQLvpAe HTTP/1.1" 200 2
66.249.66.20 - - [13/Jan/2024:05:00:28 -0500] "GET /BLA/resoluciones/RESOLUCIONES%202009/1883.pdf HTTP/1.1" 200 418895
201.245.192.253 - - [13/Jan/2024:05:00:34 -0500] "POST /kwsrmcab/Wsrmcab  HTTP/1.1" 200 39439
216.245.221.92 - - [13/Jan/2024:05:00:53 -0500] "HEAD / HTTP/1.1" 200 -
172.22.2.4 - - [13/Jan/2024:04:59:18 -0500] "GET /BLA/boletinlegal/ HTTP/1.1" 200 58666
201.245.192.253 - - [13/Jan/2024:05:01:34 -0500] "POST /forms/lservlet;jsessionid=ac16012b30d6e9245d4a5ae64507bcdc86473ff87750.e3iSbxaKaheRe34Rb3eTbx8LaNb0n6jAmljGr5XDqQLvpAe HTTP/1.1" 200 2
201.245.192.253 - - [13/Jan/2024:05:02:17 -0500] "POST /forms/lservlet;jsessionid=ac16012b30d6daf3d1e69b9448f9b338854e2531f358.e3iSbxaKaheRe34Rb3eTbx8LaNb0n6jAmljGr5XDqQLvpAe HTTP/1.1" 200 2
216.244.66.195 - - [13/Jan/2024:05:02:37 -0500] "GET /robots.txt HTTP/1.1" 404 1018
201.245.192.253 - - [13/Jan/2024:05:03:34 -0500] "POST /forms/lservlet;jsessionid=ac16012b30d6e9245d4a5ae64507bcdc86473ff87750.e3iSbxaKaheRe34Rb3eTbx8LaNb0n6jAmljGr5XDqQLvpAe HTTP/1.1" 200 2
201.245.192.253 - - [13/Jan/2024:05:04:17 -0500] "POST /forms/lservlet;jsessionid=ac16012b30d6daf3d1e69b9448f9b338854e2531f358.e3iSbxaKaheRe34Rb3eTbx8LaNb0n6jAmljGr5XDqQLvpAe HTTP/1.1" 200 2
201.245.192.253 - - [13/Jan/2024:05:05:32 -0500] "POST /kwsrmcab/Wsrmcab  HTTP/1.1" 200 39439
201.245.192.253 - - [13/Jan/2024:05:05:34 -0500] "POST /forms/lservlet;jsessionid=ac16012b30d6e9245d4a5ae64507bcdc86473ff87750.e3iSbxaKaheRe34Rb3eTbx8LaNb0n6jAmljGr5XDqQLvpAe HTTP/1.1" 200 2
216.245.221.92 - - [13/Jan/2024:05:05:53 -0500] "HEAD / HTTP/1.1" 200 -
172.22.2.4 - - [13/Jan/2024:05:04:17 -0500] "HEAD /BLA/boletinlegal/ HTTP/1.1" 200 -
201.245.192.253 - - [13/Jan/2024:05:06:17 -0500] "POST /forms/lservlet;jsessionid=ac16012b30d6daf3d1e69b9448f9b338854e2531f358.e3iSbxaKaheRe34Rb3eTbx8LaNb0n6jAmljGr5XDqQLvpAe HTTP/1.1" 200 2
172.22.2.4 - - [13/Jan/2024:05:05:08 -0500] "GET /BLA/boletinlegal/ HTTP/1.1" 200 60529
201.245.192.253 - - [13/Jan/2024:05:07:34 -0500] "POST /forms/lservlet;jsessionid=ac16012b30d6e9245d4a5ae64507bcdc86473ff87750.e3iSbxaKaheRe34Rb3eTbx8LaNb0n6jAmljGr5XDqQLvpAe HTTP/1.1" 200 2
201.245.192.253 - - [13/Jan/2024:05:08:17 -0500] "POST /forms/lservlet;jsessionid=ac16012b30d6daf3d1e69b9448f9b338854e2531f358.e3iSbxaKaheRe34Rb3eTbx8LaNb0n6jAmljGr5XDqQLvpAe HTTP/1.1" 200 2
80.94.93.182 - - [13/Jan/2024:05:08:32 -0500] "GET /wp-content/uploads/ HTTP/1.1" 404 1150
80.94.93.182 - - [13/Jan/2024:05:08:38 -0500] "GET /wp-includes/ HTTP/1.1" 404 1150
80.94.93.182 - - [13/Jan/2024:05:08:39 -0500] "GET /wp-includes/css/ HTTP/1.1" 404 1150
80.94.93.182 - - [13/Jan/2024:05:08:41 -0500] "GET /wp-includes/ID3/ HTTP/1.1" 404 1150
80.94.93.182 - - [13/Jan/2024:05:08:43 -0500] "GET /wp-includes/IXR/ HTTP/1.1" 404 1150
80.94.93.182 - - [13/Jan/2024:05:08:50 -0500] "GET /wp-includes/Requests/ HTTP/1.1" 404 1150
80.94.93.182 - - [13/Jan/2024:05:08:51 -0500] "GET /wp-includes/SimplePie/ HTTP/1.1" 404 1150
80.94.93.182 - - [13/Jan/2024:05:08:52 -0500] "GET /wp-includes/Text/ HTTP/1.1" 404 1150
80.94.93.182 - - [13/Jan/2024:05:08:53 -0500] "GET /wp-content/mu-plugins-old/ HTTP/1.1" 404 1150
80.94.93.182 - - [13/Jan/2024:05:09:00 -0500] "GET /wp-content/themes/classic/inc/ HTTP/1.1" 404 1150
80.94.93.182 - - [13/Jan/2024:05:09:01 -0500] "GET /wp-content/plugins/ninja-forms/ HTTP/1.1" 404 1150
80.94.93.182 - - [13/Jan/2024:05:09:02 -0500] "GET /wp-content/mu-plugins/ HTTP/1.1" 404 1150
80.94.93.182 - - [13/Jan/2024:05:09:09 -0500] "GET /wp-includes/Text/Diff/Renderer/ HTTP/1.1" 404 1150
80.94.93.182 - - [13/Jan/2024:05:09:11 -0500] "GET /wp-includes/blocks/ HTTP/1.1" 404 1150
80.94.93.182 - - [13/Jan/2024:05:09:11 -0500] "GET /wp-includes/certificates/ HTTP/1.1" 404 1150
80.94.93.182 - - [13/Jan/2024:05:09:12 -0500] "GET /wp-includes/customize/ HTTP/1.1" 404 1150
80.94.93.182 - - [13/Jan/2024:05:09:14 -0500] "GET /wp-includes/fonts/ HTTP/1.1" 404 1150
80.94.93.182 - - [13/Jan/2024:05:09:19 -0500] "GET /wp-includes/images/ HTTP/1.1" 404 1150
80.94.93.182 - - [13/Jan/2024:05:09:20 -0500] "GET /.well-known/ HTTP/1.1" 404 1150
80.94.93.182 - - [13/Jan/2024:05:09:21 -0500] "GET /ALFA_DATA/ HTTP/1.1" 404 1150
80.94.93.182 - - [13/Jan/2024:05:09:23 -0500] "GET /.well-knownold/ HTTP/1.1" 404 1150
80.94.93.182 - - [13/Jan/2024:05:09:29 -0500] "GET /.well-known/acme-challenge/ HTTP/1.1" 404 1150
80.94.93.182 - - [13/Jan/2024:05:09:30 -0500] "GET /.well-known/ HTTP/1.1" 404 1150
80.94.93.182 - - [13/Jan/2024:05:09:31 -0500] "GET /cgi-bin/ HTTP/1.1" 403 1036
80.94.93.182 - - [13/Jan/2024:05:09:32 -0500] "GET /ALFA_DATA/ HTTP/1.1" 404 1150
80.94.93.182 - - [13/Jan/2024:05:09:33 -0500] "GET /.well-knownold/ HTTP/1.1" 404 1150
201.245.192.253 - - [13/Jan/2024:05:09:34 -0500] "POST /forms/lservlet;jsessionid=ac16012b30d6e9245d4a5ae64507bcdc86473ff87750.e3iSbxaKaheRe34Rb3eTbx8LaNb0n6jAmljGr5XDqQLvpAe HTTP/1.1" 200 2
80.94.93.182 - - [13/Jan/2024:05:09:39 -0500] "GET /.well-known/acme-challenge/ HTTP/1.1" 404 1150
80.94.93.182 - - [13/Jan/2024:05:09:40 -0500] "GET /.well-known/ HTTP/1.1" 404 1150
80.94.93.182 - - [13/Jan/2024:05:09:41 -0500] "GET /uploads/ HTTP/1.1" 404 1150
80.94.93.182 - - [13/Jan/2024:05:09:43 -0500] "GET /upload/ HTTP/1.1" 404 1150
80.94.93.182 - - [13/Jan/2024:05:09:49 -0500] "GET /admin/uploads/ HTTP/1.1" 404 1150
80.94.93.182 - - [13/Jan/2024:05:09:50 -0500] "GET /Admin/uploads/ HTTP/1.1" 404 1150
80.94.93.182 - - [13/Jan/2024:05:09:52 -0500] "GET /admin/ HTTP/1.1" 404 1150
80.94.93.182 - - [13/Jan/2024:05:09:53 -0500] "GET /images/ HTTP/1.1" 200 493
80.94.93.182 - - [13/Jan/2024:05:10:00 -0500] "GET /assets/ HTTP/1.1" 404 1150
80.94.93.182 - - [13/Jan/2024:05:10:04 -0500] "GET /vendor/phpunit/phpunit/src/Util/PHP/ HTTP/1.1" 404 1150
80.94.93.182 - - [13/Jan/2024:05:10:09 -0500] "GET /upload/image/ HTTP/1.1" 404 1150
201.245.192.253 - - [13/Jan/2024:05:10:17 -0500] "POST /forms/lservlet;jsessionid=ac16012b30d6daf3d1e69b9448f9b338854e2531f358.e3iSbxaKaheRe34Rb3eTbx8LaNb0n6jAmljGr5XDqQLvpAe HTTP/1.1" 200 2
80.94.93.182 - - [13/Jan/2024:05:10:20 -0500] "GET /assets/images/ HTTP/1.1" 404 1150
80.94.93.182 - - [13/Jan/2024:05:10:22 -0500] "GET /Public/ HTTP/1.1" 404 1150
80.94.93.182 - - [13/Jan/2024:05:10:24 -0500] "GET /vendor/ HTTP/1.1" 404 1150
80.94.93.182 - - [13/Jan/2024:05:10:30 -0500] "GET /local/ HTTP/1.1" 404 1150
40.77.167.25 - - [13/Jan/2024:05:10:30 -0500] "GET /portaldeninos/humedal-jaboque-2/ HTTP/1.1" 200 87846
80.94.93.182 - - [13/Jan/2024:05:10:32 -0500] "GET /modules/ HTTP/1.1" 404 1150
201.245.192.253 - - [13/Jan/2024:05:10:30 -0500] "POST /kwsrmcab/Wsrmcab  HTTP/1.1" 200 39439
80.94.93.182 - - [13/Jan/2024:05:10:33 -0500] "GET /Site/ HTTP/1.1" 404 1150
80.94.93.182 - - [13/Jan/2024:05:10:35 -0500] "GET /system/ HTTP/1.1" 404 1150
80.94.93.182 - - [13/Jan/2024:05:10:40 -0500] "GET /template/ HTTP/1.1" 404 1150
80.94.93.182 - - [13/Jan/2024:05:10:42 -0500] "GET /shop/ HTTP/1.1" 404 1150
52.167.144.14 - - [13/Jan/2024:05:10:41 -0500] "GET /portaldeninos/wp-content/plugins/gallery-videos/CSS/totalsoft.css?ver=4.9.8 HTTP/1.1" 200 40622
80.94.93.182 - - [13/Jan/2024:05:10:44 -0500] "GET /files/ HTTP/1.1" 404 1150
80.94.93.182 - - [13/Jan/2024:05:10:45 -0500] "GET /admin/editor/ HTTP/1.1" 404 1150
40.77.167.241 - - [13/Jan/2024:05:10:45 -0500] "GET /portaldeninos/wp-content/plugins/gallery-videos/CSS/Total-Soft-Gallery-Video-Widget.css?ver=4.9.8 HTTP/1.1" 200 51554
40.77.167.241 - - [13/Jan/2024:05:10:45 -0500] "GET /portaldeninos/wp-content/plugins/gallery-videos/JS/modernizr.custom.js?ver=4.9.8 HTTP/1.1" 200 9019
40.77.167.241 - - [13/Jan/2024:05:10:46 -0500] "GET /portaldeninos/wp-content/themes/betheme/assets/jplayer/css/jplayer.blue.monday.css?ver=20.9.6 HTTP/1.1" 200 9834
40.77.167.241 - - [13/Jan/2024:05:10:46 -0500] "GET /portaldeninos/wp-content/themes/betheme/assets/ui/jquery.ui.all.css?ver=20.9.6 HTTP/1.1" 200 18765
40.77.167.241 - - [13/Jan/2024:05:10:46 -0500] "GET /portaldeninos/wp-content/themes/betheme/css/base.css?ver=20.9.6 HTTP/1.1" 200 57283
40.77.167.241 - - [13/Jan/2024:05:10:47 -0500] "GET /portaldeninos/wp-content/themes/betheme/css/responsive.css?ver=20.9.6 HTTP/1.1" 200 55740
40.77.167.241 - - [13/Jan/2024:05:10:47 -0500] "GET /portaldeninos/wp-content/themes/betheme/css/layout.css?ver=20.9.6 HTTP/1.1" 200 116639
40.77.167.241 - - [13/Jan/2024:05:10:47 -0500] "GET /portaldeninos/wp-content/themes/betheme/js/scripts.js?ver=20.9.6 HTTP/1.1" 200 77162
40.77.167.241 - - [13/Jan/2024:05:10:48 -0500] "GET /portaldeninos/wp-content/uploads/useanyfont/uaf.css?ver=1589905315 HTTP/1.1" 200 408
40.77.167.241 - - [13/Jan/2024:05:10:48 -0500] "GET /portaldeninos/wp-includes/js/jquery/jquery-migrate.min.js?ver=1.4.1 HTTP/1.1" 200 10056
40.77.167.241 - - [13/Jan/2024:05:10:48 -0500] "GET /portaldeninos/wp-includes/js/jquery/jquery.js?ver=1.12.4 HTTP/1.1" 200 97184
80.94.93.182 - - [13/Jan/2024:05:10:49 -0500] "GET /include/ HTTP/1.1" 404 1150
80.94.93.182 - - [13/Jan/2024:05:10:50 -0500] "GET /Assets/ HTTP/1.1" 404 1150
52.167.144.5 - - [13/Jan/2024:05:10:51 -0500] "GET /portaldeninos/wp-content/themes/betheme/assets/jplayer/jplayer.min.js?ver=20.9.6 HTTP/1.1" 200 52702
80.94.93.182 - - [13/Jan/2024:05:10:52 -0500] "GET /images/stories/ HTTP/1.1" 404 1150
216.245.221.92 - - [13/Jan/2024:05:10:53 -0500] "HEAD / HTTP/1.1" 200 -
80.94.93.182 - - [13/Jan/2024:05:10:54 -0500] "GET /plugins/ HTTP/1.1" 404 1150
80.94.93.182 - - [13/Jan/2024:05:10:55 -0500] "GET /php/ HTTP/1.1" 404 1150
40.77.167.13 - - [13/Jan/2024:05:10:56 -0500] "GET /portaldeninos/wp-content/themes/betheme/assets/animations/animations.min.css?ver=20.9.6 HTTP/1.1" 200 58508
80.94.93.182 - - [13/Jan/2024:05:10:57 -0500] "GET /wp-includes/assets/ HTTP/1.1" 404 1150
40.77.167.13 - - [13/Jan/2024:05:10:57 -0500] "GET /portaldeninos/wp-content/plugins/gallery-videos/JS/Total-Soft-Gallery-Video-Widget.js?ver=4.9.8 HTTP/1.1" 200 80264
40.77.167.13 - - [13/Jan/2024:05:10:57 -0500] "GET /portaldeninos/wp-content/themes/betheme/js/menu.js?ver=20.9.6 HTTP/1.1" 200 2449
40.77.167.13 - - [13/Jan/2024:05:10:57 -0500] "GET /portaldeninos/wp-includes/js/jquery/ui/accordion.min.js?ver=1.11.4 HTTP/1.1" 200 8584
40.77.167.13 - - [13/Jan/2024:05:10:57 -0500] "GET /portaldeninos/wp-includes/js/jquery/ui/mouse.min.js?ver=1.11.4 HTTP/1.1" 200 3148
40.77.167.13 - - [13/Jan/2024:05:10:58 -0500] "GET /portaldeninos/wp-includes/js/jquery/ui/tabs.min.js?ver=1.11.4 HTTP/1.1" 200 12110
80.94.93.182 - - [13/Jan/2024:05:10:58 -0500] "GET /wp-includes/Text/Diff/Engine/ HTTP/1.1" 404 1150
40.77.167.13 - - [13/Jan/2024:05:10:58 -0500] "GET /portaldeninos/wp-includes/js/jquery/ui/widget.min.js?ver=1.11.4 HTTP/1.1" 200 6908
40.77.167.13 - - [13/Jan/2024:05:10:58 -0500] "GET /portaldeninos/wp-includes/js/wp-embed.min.js?ver=4.9.8 HTTP/1.1" 200 1398
80.94.93.182 - - [13/Jan/2024:05:11:00 -0500] "GET /wp-includes/block-patterns/ HTTP/1.1" 404 1150
80.94.93.182 - - [13/Jan/2024:05:11:01 -0500] "GET /wp-includes/Text/Diff/ HTTP/1.1" 404 1150
80.94.93.182 - - [13/Jan/2024:05:11:03 -0500] "GET /wp-includes/block-supports/ HTTP/1.1" 404 1150
80.94.93.182 - - [13/Jan/2024:05:11:05 -0500] "GET /wp-includes/blocks/ HTTP/1.1" 404 1150
80.94.93.182 - - [13/Jan/2024:05:11:07 -0500] "GET /wp-includes/certificates/ HTTP/1.1" 404 1150
80.94.93.182 - - [13/Jan/2024:05:11:08 -0500] "GET /wp-includes/SimplePie/Cache/ HTTP/1.1" 404 1150
80.94.93.182 - - [13/Jan/2024:05:11:09 -0500] "GET /wp-includes/SimplePie/Content/Type/ HTTP/1.1" 404 1150
80.94.93.182 - - [13/Jan/2024:05:11:11 -0500] "GET /wp-includes/css/ HTTP/1.1" 404 1150
80.94.93.182 - - [13/Jan/2024:05:11:12 -0500] "GET /wp-includes/SimplePie/Content/ HTTP/1.1" 404 1150
80.94.93.182 - - [13/Jan/2024:05:11:14 -0500] "GET /wp-includes/rest-api/endpoints/ HTTP/1.1" 404 1150
80.94.93.182 - - [13/Jan/2024:05:11:15 -0500] "GET /wp-includes/rest-api/fields/ HTTP/1.1" 404 1150
80.94.93.182 - - [13/Jan/2024:05:11:17 -0500] "GET /wp-includes/Requests/Cookie/ HTTP/1.1" 404 1150
80.94.93.182 - - [13/Jan/2024:05:11:20 -0500] "GET /wp-includes/Requests/Proxy/ HTTP/1.1" 404 1150
80.94.93.182 - - [13/Jan/2024:05:11:24 -0500] "GET /wp-includes/Requests/Response/ HTTP/1.1" 404 1150
80.94.93.182 - - [13/Jan/2024:05:11:25 -0500] "GET /wp-includes/Requests/Transport/ HTTP/1.1" 404 1150
80.94.93.182 - - [13/Jan/2024:05:11:27 -0500] "GET /wp-includes/Requests/Utility/ HTTP/1.1" 404 1150
80.94.93.182 - - [13/Jan/2024:05:11:29 -0500] "GET /wp-includes/js/codemirror/ HTTP/1.1" 404 1150
80.94.93.182 - - [13/Jan/2024:05:11:31 -0500] "GET /wp-includes/Requests/Exception/HTTP/ HTTP/1.1" 404 1150
80.94.93.182 - - [13/Jan/2024:05:11:33 -0500] "GET /wp-includes/js/crop/ HTTP/1.1" 404 1150
80.94.93.182 - - [13/Jan/2024:05:11:33 -0500] "GET /wp-includes/images/crystal/ HTTP/1.1" 404 1150
80.94.93.182 - - [13/Jan/2024:05:11:34 -0500] "GET /wp-includes/images/media/ HTTP/1.1" 404 1150
201.245.192.253 - - [13/Jan/2024:05:11:34 -0500] "POST /forms/lservlet;jsessionid=ac16012b30d6e9245d4a5ae64507bcdc86473ff87750.e3iSbxaKaheRe34Rb3eTbx8LaNb0n6jAmljGr5XDqQLvpAe HTTP/1.1" 200 2
80.94.93.182 - - [13/Jan/2024:05:11:36 -0500] "GET /wp-includes/images/smilies/ HTTP/1.1" 404 1150
80.94.93.182 - - [13/Jan/2024:05:11:38 -0500] "GET /wp-includes/images/wlw/ HTTP/1.1" 404 1150
80.94.93.182 - - [13/Jan/2024:05:11:40 -0500] "GET /wp-includes/rest-api/search/ HTTP/1.1" 404 1150
80.94.93.182 - - [13/Jan/2024:05:11:41 -0500] "GET /wp-includes/Requests/Exception/ HTTP/1.1" 404 1150
80.94.93.182 - - [13/Jan/2024:05:11:43 -0500] "GET /wp-includes/Requests/Auth/ HTTP/1.1" 404 1150
80.94.93.182 - - [13/Jan/2024:05:11:45 -0500] "GET /wp-includes/sodium_compat/src/ HTTP/1.1" 404 1150
80.94.93.182 - - [13/Jan/2024:05:11:45 -0500] "GET /wp-includes/sitemaps/providers/ HTTP/1.1" 404 1150
80.94.93.182 - - [13/Jan/2024:05:11:47 -0500] "GET /wp-includes/Text/Diff/Engine/Engine/ HTTP/1.1" 404 1150
172.22.2.4 - - [13/Jan/2024:05:10:07 -0500] "HEAD /BLA/boletinlegal/ HTTP/1.1" 200 -
80.94.93.182 - - [13/Jan/2024:05:11:48 -0500] "GET /wp-includes/customize/ HTTP/1.1" 404 1150
80.94.93.182 - - [13/Jan/2024:05:11:50 -0500] "GET /wp-includes/fonts/ HTTP/1.1" 404 1150
80.94.93.182 - - [13/Jan/2024:05:11:51 -0500] "GET /wp-includes/html-api/ HTTP/1.1" 404 1150
80.94.93.182 - - [13/Jan/2024:05:11:52 -0500] "GET /wp-includes/ID3/ HTTP/1.1" 404 1150
80.94.93.182 - - [13/Jan/2024:05:11:55 -0500] "GET /wp-includes/images/ HTTP/1.1" 404 1150
80.94.93.182 - - [13/Jan/2024:05:11:57 -0500] "GET /wp-includes/IXR/ HTTP/1.1" 404 1150
80.94.93.182 - - [13/Jan/2024:05:11:58 -0500] "GET /wp-includes/js/ HTTP/1.1" 404 1150
80.94.93.182 - - [13/Jan/2024:05:11:59 -0500] "GET /wp-includes/php-compat/ HTTP/1.1" 404 1150
80.94.93.182 - - [13/Jan/2024:05:12:01 -0500] "GET /wp-includes/PHPMailer/ HTTP/1.1" 404 1150
80.94.93.182 - - [13/Jan/2024:05:12:03 -0500] "GET /wp-includes/pomo/ HTTP/1.1" 404 1150
80.94.93.182 - - [13/Jan/2024:05:12:04 -0500] "GET /wp-includes/random_compat/ HTTP/1.1" 404 1150
52.167.144.171 - - [13/Jan/2024:05:12:03 -0500] "GET /BLA/resoluciones/index.php?dir=AUTOS+2014%2F HTTP/1.1" 200 891340
80.94.93.182 - - [13/Jan/2024:05:12:05 -0500] "GET /wp-includes/Requests/ HTTP/1.1" 404 1150
80.94.93.182 - - [13/Jan/2024:05:12:06 -0500] "GET /wp-includes/rest-api/ HTTP/1.1" 404 1150
80.94.93.182 - - [13/Jan/2024:05:12:08 -0500] "GET /wp-includes/SimplePie/ HTTP/1.1" 404 1150
80.94.93.182 - - [13/Jan/2024:05:12:09 -0500] "GET /wp-includes/sitemaps/ HTTP/1.1" 404 1150
80.94.93.182 - - [13/Jan/2024:05:12:11 -0500] "GET /wp-includes/sodium_compat/ HTTP/1.1" 404 1150
80.94.93.182 - - [13/Jan/2024:05:12:13 -0500] "GET /wp-includes/style-engine/ HTTP/1.1" 404 1150
80.94.93.182 - - [13/Jan/2024:05:12:14 -0500] "GET /wp-includes/Text/ HTTP/1.1" 404 1150
80.94.93.182 - - [13/Jan/2024:05:12:15 -0500] "GET /wp-includes/theme-compat/ HTTP/1.1" 404 1150
80.94.93.182 - - [13/Jan/2024:05:12:16 -0500] "GET /wp-includes/widgets/ HTTP/1.1" 404 1150
80.94.93.182 - - [13/Jan/2024:05:12:17 -0500] "GET /wp-admin/css/colors/ectoplasm/ HTTP/1.1" 404 1150
201.245.192.253 - - [13/Jan/2024:05:12:17 -0500] "POST /forms/lservlet;jsessionid=ac16012b30d6daf3d1e69b9448f9b338854e2531f358.e3iSbxaKaheRe34Rb3eTbx8LaNb0n6jAmljGr5XDqQLvpAe HTTP/1.1" 200 2
80.94.93.182 - - [13/Jan/2024:05:12:18 -0500] "GET /wp-admin/css/colors/ HTTP/1.1" 404 1150
80.94.93.182 - - [13/Jan/2024:05:12:20 -0500] "GET /admin/images/slider/ HTTP/1.1" 404 1150
80.94.93.182 - - [13/Jan/2024:05:12:21 -0500] "GET /admin/fckeditor/editor/filemanager/ HTTP/1.1" 404 1150
80.94.93.182 - - [13/Jan/2024:05:12:23 -0500] "GET /sites/default/files/ HTTP/1.1" 404 1150
80.94.93.182 - - [13/Jan/2024:05:12:25 -0500] "GET /admin/controller/extension/extension/ HTTP/1.1" 404 1150
80.94.93.182 - - [13/Jan/2024:05:12:26 -0500] "GET /modules/mod_simplefileuploadv1.3/elements/ HTTP/1.1" 404 1150
80.94.93.182 - - [13/Jan/2024:05:12:27 -0500] "GET /components/ HTTP/1.1" 404 1150
80.94.93.182 - - [13/Jan/2024:05:12:29 -0500] "GET /admin/uploads/images/ HTTP/1.1" 404 1150
80.94.93.182 - - [13/Jan/2024:05:12:31 -0500] "GET /wp-includes/js/ HTTP/1.1" 404 1150
80.94.93.182 - - [13/Jan/2024:05:12:33 -0500] "GET /wp-includes/pomo/ HTTP/1.1" 404 1150
80.94.93.182 - - [13/Jan/2024:05:12:34 -0500] "GET /wp-includes/rest-api/ HTTP/1.1" 404 1150
80.94.93.182 - - [13/Jan/2024:05:12:36 -0500] "GET /wp-includes/widgets/ HTTP/1.1" 404 1150
80.94.93.182 - - [13/Jan/2024:05:12:37 -0500] "GET /wp-admin/css/ HTTP/1.1" 404 1150
172.22.2.4 - - [13/Jan/2024:05:10:58 -0500] "GET /BLA/boletinlegal/ HTTP/1.1" 200 60529
80.94.93.182 - - [13/Jan/2024:05:12:38 -0500] "GET /wp-admin/images/ HTTP/1.1" 404 1150
80.94.93.182 - - [13/Jan/2024:05:12:40 -0500] "GET /wp-admin/maint/ HTTP/1.1" 404 1150
80.94.93.182 - - [13/Jan/2024:05:12:41 -0500] "GET /wp-admin/meta/ HTTP/1.1" 404 1150
80.94.93.182 - - [13/Jan/2024:05:12:42 -0500] "GET /wp-admin/network/ HTTP/1.1" 404 1150
80.94.93.182 - - [13/Jan/2024:05:12:44 -0500] "GET /wp-admin/user/ HTTP/1.1" 404 1150
80.94.93.182 - - [13/Jan/2024:05:12:45 -0500] "GET /wp-content/ HTTP/1.1" 404 1150
80.94.93.182 - - [13/Jan/2024:05:12:46 -0500] "GET /wp-content/plugins/ HTTP/1.1" 404 1150
80.94.93.182 - - [13/Jan/2024:05:12:46 -0500] "GET /wp-content/themes/ HTTP/1.1" 404 1150
80.94.93.182 - - [13/Jan/2024:05:12:47 -0500] "GET /wp-admin/includes/ HTTP/1.1" 404 1150
80.94.93.182 - - [13/Jan/2024:05:12:48 -0500] "GET /wp-admin/ HTTP/1.1" 404 1150
80.94.93.182 - - [13/Jan/2024:05:12:48 -0500] "GET /wp-content/upgrade/ HTTP/1.1" 404 1150
201.245.192.253 - - [13/Jan/2024:05:13:34 -0500] "POST /forms/lservlet;jsessionid=ac16012b30d6e9245d4a5ae64507bcdc86473ff87750.e3iSbxaKaheRe34Rb3eTbx8LaNb0n6jAmljGr5XDqQLvpAe HTTP/1.1" 200 2
201.245.192.253 - - [13/Jan/2024:05:14:17 -0500] "POST /forms/lservlet;jsessionid=ac16012b30d6daf3d1e69b9448f9b338854e2531f358.e3iSbxaKaheRe34Rb3eTbx8LaNb0n6jAmljGr5XDqQLvpAe HTTP/1.1" 200 2
13.67.231.179 - - [13/Jan/2024:05:14:35 -0500] "GET /robots.txt HTTP/1.1" 404 1034
201.245.192.253 - - [13/Jan/2024:05:14:41 -0500] "POST /kwsrmcab/Wsrmcab HTTP/1.1" 200 39285
201.245.192.253 - - [13/Jan/2024:05:14:44 -0500] "POST /kwsrmcab/Wsrmcab HTTP/1.1" 200 39288
173.252.95.120 - - [13/Jan/2024:05:14:50 -0500] "GET /inicia-el-2024-conociendo-la-biodiversidad-de-bogoti.html HTTP/1.1" 200 894
69.171.251.1 - - [13/Jan/2024:05:15:03 -0500] "GET /inicia-el-2024-conociendo-la-biodiversidad-de-bogoti.html HTTP/1.1" 200 894
201.245.192.253 - - [13/Jan/2024:05:15:30 -0500] "POST /kwsrmcab/Wsrmcab  HTTP/1.1" 200 39439
201.245.192.253 - - [13/Jan/2024:05:15:34 -0500] "POST /forms/lservlet;jsessionid=ac16012b30d6e9245d4a5ae64507bcdc86473ff87750.e3iSbxaKaheRe34Rb3eTbx8LaNb0n6jAmljGr5XDqQLvpAe HTTP/1.1" 200 2
216.245.221.92 - - [13/Jan/2024:05:15:53 -0500] "HEAD / HTTP/1.1" 200 -
201.245.192.253 - - [13/Jan/2024:05:16:17 -0500] "POST /forms/lservlet;jsessionid=ac16012b30d6daf3d1e69b9448f9b338854e2531f358.e3iSbxaKaheRe34Rb3eTbx8LaNb0n6jAmljGr5XDqQLvpAe HTTP/1.1" 200 2
201.245.192.253 - - [13/Jan/2024:05:17:34 -0500] "POST /forms/lservlet;jsessionid=ac16012b30d6e9245d4a5ae64507bcdc86473ff87750.e3iSbxaKaheRe34Rb3eTbx8LaNb0n6jAmljGr5XDqQLvpAe HTTP/1.1" 200 2
172.22.2.4 - - [13/Jan/2024:05:15:57 -0500] "HEAD /BLA/boletinlegal/ HTTP/1.1" 200 -
201.245.192.253 - - [13/Jan/2024:05:18:17 -0500] "POST /forms/lservlet;jsessionid=ac16012b30d6daf3d1e69b9448f9b338854e2531f358.e3iSbxaKaheRe34Rb3eTbx8LaNb0n6jAmljGr5XDqQLvpAe HTTP/1.1" 200 2
172.22.2.4 - - [13/Jan/2024:05:16:48 -0500] "GET /BLA/boletinlegal/ HTTP/1.1" 200 58166
201.245.192.253 - - [13/Jan/2024:05:18:58 -0500] "POST /kwsrmcab/Wsrmcab HTTP/1.1" 200 39285
201.245.192.253 - - [13/Jan/2024:05:19:34 -0500] "POST /forms/lservlet;jsessionid=ac16012b30d6e9245d4a5ae64507bcdc86473ff87750.e3iSbxaKaheRe34Rb3eTbx8LaNb0n6jAmljGr5XDqQLvpAe HTTP/1.1" 200 2
201.245.192.253 - - [13/Jan/2024:05:19:39 -0500] "POST /kwsrmcab/Wsrmcab HTTP/1.1" 200 39288
201.245.192.253 - - [13/Jan/2024:05:20:17 -0500] "POST /forms/lservlet;jsessionid=ac16012b30d6daf3d1e69b9448f9b338854e2531f358.e3iSbxaKaheRe34Rb3eTbx8LaNb0n6jAmljGr5XDqQLvpAe HTTP/1.1" 200 2
201.245.192.253 - - [13/Jan/2024:05:20:28 -0500] "POST /kwsrmcab/Wsrmcab  HTTP/1.1" 200 39439
216.244.66.195 - - [13/Jan/2024:05:20:37 -0500] "GET /BLA/resoluciones/AUTOS%202015/3527.pdf HTTP/1.1" 200 466895
216.245.221.92 - - [13/Jan/2024:05:20:53 -0500] "HEAD / HTTP/1.1" 200 -
201.245.192.253 - - [13/Jan/2024:05:21:34 -0500] "POST /forms/lservlet;jsessionid=ac16012b30d6e9245d4a5ae64507bcdc86473ff87750.e3iSbxaKaheRe34Rb3eTbx8LaNb0n6jAmljGr5XDqQLvpAe HTTP/1.1" 200 2
201.245.192.253 - - [13/Jan/2024:05:22:17 -0500] "POST /forms/lservlet;jsessionid=ac16012b30d6daf3d1e69b9448f9b338854e2531f358.e3iSbxaKaheRe34Rb3eTbx8LaNb0n6jAmljGr5XDqQLvpAe HTTP/1.1" 200 2
172.22.2.4 - - [13/Jan/2024:05:21:47 -0500] "HEAD /BLA/boletinlegal/ HTTP/1.1" 200 -
201.245.192.253 - - [13/Jan/2024:05:23:34 -0500] "POST /forms/lservlet;jsessionid=ac16012b30d6e9245d4a5ae64507bcdc86473ff87750.e3iSbxaKaheRe34Rb3eTbx8LaNb0n6jAmljGr5XDqQLvpAe HTTP/1.1" 200 2
216.244.66.195 - - [13/Jan/2024:05:24:12 -0500] "GET /BLA/resoluciones/RESOLUCIONES%202017/3712.pdf HTTP/1.1" 200 386501
201.245.192.253 - - [13/Jan/2024:05:24:17 -0500] "POST /forms/lservlet;jsessionid=ac16012b30d6daf3d1e69b9448f9b338854e2531f358.e3iSbxaKaheRe34Rb3eTbx8LaNb0n6jAmljGr5XDqQLvpAe HTTP/1.1" 200 2
172.22.2.4 - - [13/Jan/2024:05:22:38 -0500] "GET /BLA/boletinlegal/ HTTP/1.1" 200 60996
216.244.66.195 - - [13/Jan/2024:05:24:30 -0500] "GET /BLA/resoluciones/RESOLUCIONES%202019/0430.pdf HTTP/1.1" 200 284873
201.245.192.253 - - [13/Jan/2024:05:24:40 -0500] "POST /kwsrmcab/Wsrmcab HTTP/1.1" 200 39285
