181.52.223.52 - - [13/Jan/2024:08:30:13 -0500] "POST /sipse/faces/presentacion/financiero/solicitudProceso/listarSolicitudProceso.xhtml HTTP/1.1" 200 123523
181.52.223.52 - - [13/Jan/2024:08:30:14 -0500] "GET /sipse/faces/javax.faces.resource/theme.css?ln=primefaces-sipse HTTP/1.1" 304 -
181.52.223.52 - - [13/Jan/2024:08:30:14 -0500] "GET /sipse/faces/javax.faces.resource/primefaces.css?ln=primefaces&v=4.0 HTTP/1.1" 304 -
181.52.223.52 - - [13/Jan/2024:08:30:14 -0500] "GET /sipse/faces/javax.faces.resource/layout/layout.css?ln=primefaces&v=4.0 HTTP/1.1" 304 -
181.52.223.52 - - [13/Jan/2024:08:30:14 -0500] "GET /sipse/faces/javax.faces.resource/jquery/jquery.js?ln=primefaces&v=4.0 HTTP/1.1" 304 -
181.52.223.52 - - [13/Jan/2024:08:30:14 -0500] "GET /sipse/faces/javax.faces.resource/jquery/jquery-plugins.js?ln=primefaces&v=4.0 HTTP/1.1" 304 -
181.52.223.52 - - [13/Jan/2024:08:30:14 -0500] "GET /sipse/faces/javax.faces.resource/primefaces.js?ln=primefaces&v=4.0 HTTP/1.1" 304 -
181.52.223.52 - - [13/Jan/2024:08:30:14 -0500] "GET /sipse/faces/javax.faces.resource/layout/layout.js?ln=primefaces&v=4.0 HTTP/1.1" 304 -
181.52.223.52 - - [13/Jan/2024:08:30:14 -0500] "GET /sipse/css/imagen/contrasena.png HTTP/1.1" 404 383
201.245.192.253 - - [13/Jan/2024:08:30:18 -0500] "POST /forms/lservlet;jsessionid=ac16012b30d6daf3d1e69b9448f9b338854e2531f358.e3iSbxaKaheRe34Rb3eTbx8LaNb0n6jAmljGr5XDqQLvpAe HTTP/1.1" 200 2
181.52.223.52 - - [13/Jan/2024:08:30:21 -0500] "POST /sipse/faces/presentacion/financiero/solicitudProceso/consultarSolicitudProceso.xhtml HTTP/1.1" 200 5503
216.245.221.92 - - [13/Jan/2024:08:30:53 -0500] "HEAD / HTTP/1.1" 200 -
172.22.2.4 - - [13/Jan/2024:08:29:18 -0500] "GET /BLA/boletinlegal/ HTTP/1.1" 200 59050
186.84.21.136 - - [13/Jan/2024:08:31:00 -0500] "POST /sipse/faces/presentacion/financiero/solicitudProceso/consultarSolicitudProceso.xhtml HTTP/1.1" 200 63825
186.84.21.136 - - [13/Jan/2024:08:31:00 -0500] "GET /sipse/faces/javax.faces.resource/theme.css?ln=primefaces-sipse HTTP/1.1" 304 -
186.84.21.136 - - [13/Jan/2024:08:31:00 -0500] "GET /sipse/faces/javax.faces.resource/primefaces.css?ln=primefaces&v=4.0 HTTP/1.1" 304 -
186.84.21.136 - - [13/Jan/2024:08:31:00 -0500] "GET /sipse/faces/javax.faces.resource/layout/layout.css?ln=primefaces&v=4.0 HTTP/1.1" 304 -
186.84.21.136 - - [13/Jan/2024:08:31:00 -0500] "GET /sipse/faces/javax.faces.resource/jquery/jquery.js?ln=primefaces&v=4.0 HTTP/1.1" 304 -
186.84.21.136 - - [13/Jan/2024:08:31:00 -0500] "GET /sipse/faces/javax.faces.resource/jquery/jquery-plugins.js?ln=primefaces&v=4.0 HTTP/1.1" 304 -
186.84.21.136 - - [13/Jan/2024:08:31:00 -0500] "GET /sipse/faces/javax.faces.resource/primefaces.js?ln=primefaces&v=4.0 HTTP/1.1" 304 -
186.84.21.136 - - [13/Jan/2024:08:31:00 -0500] "GET /sipse/faces/javax.faces.resource/layout/layout.js?ln=primefaces&v=4.0 HTTP/1.1" 304 -
186.84.21.136 - - [13/Jan/2024:08:31:00 -0500] "POST /sipse/faces/presentacion/financiero/solicitudProceso/listarSolicitudProceso.xhtml HTTP/1.1" 200 57160
186.84.21.136 - - [13/Jan/2024:08:31:01 -0500] "POST /sipse/faces/presentacion/financiero/solicitudProceso/listarSolicitudProceso.xhtml HTTP/1.1" 200 57160
186.84.21.136 - - [13/Jan/2024:08:31:01 -0500] "POST /sipse/faces/presentacion/financiero/solicitudProceso/listarSolicitudProceso.xhtml HTTP/1.1" 200 1556
186.84.21.136 - - [13/Jan/2024:08:31:01 -0500] "POST /sipse/faces/presentacion/financiero/solicitudProceso/listarSolicitudProceso.xhtml HTTP/1.1" 200 1552
186.84.21.136 - - [13/Jan/2024:08:31:01 -0500] "POST /sipse/faces/presentacion/financiero/solicitudProceso/listarSolicitudProceso.xhtml HTTP/1.1" 200 1564
186.84.21.136 - - [13/Jan/2024:08:31:05 -0500] "POST /sipse/faces/presentacion/financiero/solicitudProceso/listarSolicitudProceso.xhtml HTTP/1.1" 200 23162
201.245.192.253 - - [13/Jan/2024:08:31:35 -0500] "POST /forms/lservlet;jsessionid=ac16012b30d6e9245d4a5ae64507bcdc86473ff87750.e3iSbxaKaheRe34Rb3eTbx8LaNb0n6jAmljGr5XDqQLvpAe HTTP/1.1" 200 2
201.245.192.253 - - [13/Jan/2024:08:32:18 -0500] "POST /forms/lservlet;jsessionid=ac16012b30d6daf3d1e69b9448f9b338854e2531f358.e3iSbxaKaheRe34Rb3eTbx8LaNb0n6jAmljGr5XDqQLvpAe HTTP/1.1" 200 2
181.52.223.52 - - [13/Jan/2024:08:32:44 -0500] "POST /sipse/faces/presentacion/financiero/solicitudProceso/consultarSolicitudProceso.xhtml HTTP/1.1" 200 34758
181.52.223.52 - - [13/Jan/2024:08:32:46 -0500] "GET /sipse/faces/javax.faces.resource/theme.css?ln=primefaces-sipse HTTP/1.1" 304 -
181.52.223.52 - - [13/Jan/2024:08:32:46 -0500] "GET /sipse/faces/javax.faces.resource/primefaces.css?ln=primefaces&v=4.0 HTTP/1.1" 304 -
181.52.223.52 - - [13/Jan/2024:08:32:46 -0500] "GET /sipse/faces/javax.faces.resource/layout/layout.css?ln=primefaces&v=4.0 HTTP/1.1" 304 -
181.52.223.52 - - [13/Jan/2024:08:32:46 -0500] "GET /sipse/faces/javax.faces.resource/jquery/jquery.js?ln=primefaces&v=4.0 HTTP/1.1" 304 -
181.52.223.52 - - [13/Jan/2024:08:32:47 -0500] "GET /sipse/faces/javax.faces.resource/jquery/jquery-plugins.js?ln=primefaces&v=4.0 HTTP/1.1" 304 -
181.52.223.52 - - [13/Jan/2024:08:32:47 -0500] "GET /sipse/faces/javax.faces.resource/primefaces.js?ln=primefaces&v=4.0 HTTP/1.1" 304 -
181.52.223.52 - - [13/Jan/2024:08:32:47 -0500] "GET /sipse/faces/javax.faces.resource/layout/layout.js?ln=primefaces&v=4.0 HTTP/1.1" 304 -
181.52.223.52 - - [13/Jan/2024:08:32:47 -0500] "GET /sipse/faces/javax.faces.resource/messages/messages.png?ln=primefaces&v=4.0 HTTP/1.1" 304 -
181.52.223.52 - - [13/Jan/2024:08:32:47 -0500] "GET /sipse/css/imagen/contrasena.png HTTP/1.1" 404 383
181.52.223.52 - - [13/Jan/2024:08:32:47 -0500] "POST /sipse/faces/presentacion/financiero/solicitudProceso/listarSolicitudProceso.xhtml HTTP/1.1" 200 1376
173.252.79.9 - - [13/Jan/2024:08:33:27 -0500] "GET /images/Caminatas%20(1)%20(2).jpeg HTTP/1.1" 200 81411
201.245.192.253 - - [13/Jan/2024:08:33:35 -0500] "POST /forms/lservlet;jsessionid=ac16012b30d6e9245d4a5ae64507bcdc86473ff87750.e3iSbxaKaheRe34Rb3eTbx8LaNb0n6jAmljGr5XDqQLvpAe HTTP/1.1" 200 2
52.167.144.229 - - [13/Jan/2024:08:33:38 -0500] "GET /BLA/resoluciones/AUTOS%202020/2946.pdf HTTP/1.1" 200 391308
201.245.192.253 - - [13/Jan/2024:08:34:18 -0500] "POST /forms/lservlet;jsessionid=ac16012b30d6daf3d1e69b9448f9b338854e2531f358.e3iSbxaKaheRe34Rb3eTbx8LaNb0n6jAmljGr5XDqQLvpAe HTTP/1.1" 200 2
201.245.192.253 - - [13/Jan/2024:08:34:39 -0500] "POST /kwsrmcab/Wsrmcab  HTTP/1.1" 200 39439
201.245.192.253 - - [13/Jan/2024:08:34:40 -0500] "POST /kwsrmcab/Wsrmcab HTTP/1.1" 200 39314
201.245.192.253 - - [13/Jan/2024:08:34:43 -0500] "POST /kwsrmcab/Wsrmcab HTTP/1.1" 200 39309
201.245.192.253 - - [13/Jan/2024:08:35:35 -0500] "POST /forms/lservlet;jsessionid=ac16012b30d6e9245d4a5ae64507bcdc86473ff87750.e3iSbxaKaheRe34Rb3eTbx8LaNb0n6jAmljGr5XDqQLvpAe HTTP/1.1" 200 2
216.245.221.92 - - [13/Jan/2024:08:35:53 -0500] "HEAD / HTTP/1.1" 200 -
172.22.2.4 - - [13/Jan/2024:08:34:17 -0500] "HEAD /BLA/boletinlegal/ HTTP/1.1" 200 -
201.245.192.253 - - [13/Jan/2024:08:36:18 -0500] "POST /forms/lservlet;jsessionid=ac16012b30d6daf3d1e69b9448f9b338854e2531f358.e3iSbxaKaheRe34Rb3eTbx8LaNb0n6jAmljGr5XDqQLvpAe HTTP/1.1" 200 2
172.22.2.4 - - [13/Jan/2024:08:35:07 -0500] "GET /BLA/boletinlegal/ HTTP/1.1" 200 60529
201.245.192.253 - - [13/Jan/2024:08:37:35 -0500] "POST /forms/lservlet;jsessionid=ac16012b30d6e9245d4a5ae64507bcdc86473ff87750.e3iSbxaKaheRe34Rb3eTbx8LaNb0n6jAmljGr5XDqQLvpAe HTTP/1.1" 200 2
201.245.192.253 - - [13/Jan/2024:08:38:18 -0500] "POST /forms/lservlet;jsessionid=ac16012b30d6daf3d1e69b9448f9b338854e2531f358.e3iSbxaKaheRe34Rb3eTbx8LaNb0n6jAmljGr5XDqQLvpAe HTTP/1.1" 200 2
179.33.116.32 - - [13/Jan/2024:08:38:32 -0500] "POST /sipse/faces/presentacion/financiero/solicitudProceso/consultarSolicitudProceso.xhtml HTTP/1.1" 200 5431
201.245.192.253 - - [13/Jan/2024:08:38:58 -0500] "POST /kwsrmcab/Wsrmcab HTTP/1.1" 200 39314
201.245.192.253 - - [13/Jan/2024:08:39:35 -0500] "POST /forms/lservlet;jsessionid=ac16012b30d6e9245d4a5ae64507bcdc86473ff87750.e3iSbxaKaheRe34Rb3eTbx8LaNb0n6jAmljGr5XDqQLvpAe HTTP/1.1" 200 2
201.245.192.253 - - [13/Jan/2024:08:39:39 -0500] "POST /kwsrmcab/Wsrmcab  HTTP/1.1" 200 39439
201.245.192.253 - - [13/Jan/2024:08:39:39 -0500] "POST /kwsrmcab/Wsrmcab HTTP/1.1" 200 39309
114.119.145.193 - - [13/Jan/2024:08:40:11 -0500] "GET /BLA/resoluciones/index.php?dir=Notificaciones/RESOLUCIONES%2B2018/&sort=size&order=asc HTTP/1.1" 200 14374
201.245.192.253 - - [13/Jan/2024:08:40:18 -0500] "POST /forms/lservlet;jsessionid=ac16012b30d6daf3d1e69b9448f9b338854e2531f358.e3iSbxaKaheRe34Rb3eTbx8LaNb0n6jAmljGr5XDqQLvpAe HTTP/1.1" 200 2
216.245.221.92 - - [13/Jan/2024:08:40:53 -0500] "HEAD / HTTP/1.1" 200 -
201.245.192.253 - - [13/Jan/2024:08:41:35 -0500] "POST /forms/lservlet;jsessionid=ac16012b30d6e9245d4a5ae64507bcdc86473ff87750.e3iSbxaKaheRe34Rb3eTbx8LaNb0n6jAmljGr5XDqQLvpAe HTTP/1.1" 200 2
172.22.2.4 - - [13/Jan/2024:08:40:07 -0500] "HEAD /BLA/boletinlegal/ HTTP/1.1" 200 -
201.245.192.253 - - [13/Jan/2024:08:42:18 -0500] "POST /forms/lservlet;jsessionid=ac16012b30d6daf3d1e69b9448f9b338854e2531f358.e3iSbxaKaheRe34Rb3eTbx8LaNb0n6jAmljGr5XDqQLvpAe HTTP/1.1" 200 2
179.33.116.32 - - [13/Jan/2024:08:42:18 -0500] "POST /sipse/faces/presentacion/financiero/solicitudProceso/consultarSolicitudProceso.xhtml HTTP/1.1" 200 57254
179.33.116.32 - - [13/Jan/2024:08:42:21 -0500] "GET /sipse/faces/javax.faces.resource/jquery/jquery.js?ln=primefaces&v=4.0 HTTP/1.1" 304 -
179.33.116.32 - - [13/Jan/2024:08:42:21 -0500] "GET /sipse/faces/javax.faces.resource/jquery/jquery-plugins.js?ln=primefaces&v=4.0 HTTP/1.1" 304 -
179.33.116.32 - - [13/Jan/2024:08:42:21 -0500] "GET /sipse/faces/javax.faces.resource/primefaces.js?ln=primefaces&v=4.0 HTTP/1.1" 304 -
179.33.116.32 - - [13/Jan/2024:08:42:21 -0500] "GET /sipse/faces/javax.faces.resource/layout/layout.js?ln=primefaces&v=4.0 HTTP/1.1" 304 -
179.33.116.32 - - [13/Jan/2024:08:42:21 -0500] "POST /sipse/faces/presentacion/financiero/solicitudProceso/listarSolicitudProceso.xhtml HTTP/1.1" 200 1536
179.33.116.32 - - [13/Jan/2024:08:42:27 -0500] "POST /sipse/faces/presentacion/financiero/solicitudProceso/listarSolicitudProceso.xhtml HTTP/1.1" 200 50106
179.33.116.32 - - [13/Jan/2024:08:42:28 -0500] "POST /sipse/faces/presentacion/financiero/solicitudProceso/listarSolicitudProceso.xhtml HTTP/1.1" 200 50106
179.33.116.32 - - [13/Jan/2024:08:42:28 -0500] "POST /sipse/faces/presentacion/financiero/solicitudProceso/listarSolicitudProceso.xhtml HTTP/1.1" 200 50106
179.33.116.32 - - [13/Jan/2024:08:42:28 -0500] "POST /sipse/faces/presentacion/financiero/solicitudProceso/listarSolicitudProceso.xhtml HTTP/1.1" 200 50106
179.33.116.32 - - [13/Jan/2024:08:42:28 -0500] "POST /sipse/faces/presentacion/financiero/solicitudProceso/listarSolicitudProceso.xhtml HTTP/1.1" 200 50106
179.33.116.32 - - [13/Jan/2024:08:42:29 -0500] "POST /sipse/faces/presentacion/financiero/solicitudProceso/listarSolicitudProceso.xhtml HTTP/1.1" 200 50106
179.33.116.32 - - [13/Jan/2024:08:42:29 -0500] "POST /sipse/faces/presentacion/financiero/solicitudProceso/listarSolicitudProceso.xhtml HTTP/1.1" 200 50106
179.33.116.32 - - [13/Jan/2024:08:42:29 -0500] "POST /sipse/faces/presentacion/financiero/solicitudProceso/listarSolicitudProceso.xhtml HTTP/1.1" 200 50106
179.33.116.32 - - [13/Jan/2024:08:42:29 -0500] "POST /sipse/faces/presentacion/financiero/solicitudProceso/listarSolicitudProceso.xhtml HTTP/1.1" 200 50106
179.33.116.32 - - [13/Jan/2024:08:42:30 -0500] "POST /sipse/faces/presentacion/financiero/solicitudProceso/listarSolicitudProceso.xhtml HTTP/1.1" 200 50106
179.33.116.32 - - [13/Jan/2024:08:42:30 -0500] "POST /sipse/faces/presentacion/financiero/solicitudProceso/listarSolicitudProceso.xhtml HTTP/1.1" 200 50106
216.244.66.195 - - [13/Jan/2024:08:42:30 -0500] "GET /robots.txt HTTP/1.1" 404 1018
179.33.116.32 - - [13/Jan/2024:08:42:30 -0500] "POST /sipse/faces/presentacion/financiero/solicitudProceso/listarSolicitudProceso.xhtml HTTP/1.1" 200 50106
179.33.116.32 - - [13/Jan/2024:08:42:30 -0500] "POST /sipse/faces/presentacion/financiero/solicitudProceso/listarSolicitudProceso.xhtml HTTP/1.1" 200 1536
179.33.116.32 - - [13/Jan/2024:08:42:30 -0500] "POST /sipse/faces/presentacion/financiero/solicitudProceso/listarSolicitudProceso.xhtml HTTP/1.1" 200 1544
179.33.116.32 - - [13/Jan/2024:08:42:30 -0500] "POST /sipse/faces/presentacion/financiero/solicitudProceso/listarSolicitudProceso.xhtml HTTP/1.1" 200 1544
179.33.116.32 - - [13/Jan/2024:08:42:30 -0500] "POST /sipse/faces/presentacion/financiero/solicitudProceso/listarSolicitudProceso.xhtml HTTP/1.1" 200 1544
179.33.116.32 - - [13/Jan/2024:08:42:31 -0500] "POST /sipse/faces/presentacion/financiero/solicitudProceso/listarSolicitudProceso.xhtml HTTP/1.1" 200 1544
179.33.116.32 - - [13/Jan/2024:08:42:31 -0500] "POST /sipse/faces/presentacion/financiero/solicitudProceso/listarSolicitudProceso.xhtml HTTP/1.1" 200 1544
179.33.116.32 - - [13/Jan/2024:08:42:31 -0500] "POST /sipse/faces/presentacion/financiero/solicitudProceso/listarSolicitudProceso.xhtml HTTP/1.1" 200 1544
179.33.116.32 - - [13/Jan/2024:08:42:31 -0500] "POST /sipse/faces/presentacion/financiero/solicitudProceso/listarSolicitudProceso.xhtml HTTP/1.1" 200 1544
179.33.116.32 - - [13/Jan/2024:08:42:31 -0500] "POST /sipse/faces/presentacion/financiero/solicitudProceso/listarSolicitudProceso.xhtml HTTP/1.1" 200 1544
179.33.116.32 - - [13/Jan/2024:08:42:31 -0500] "POST /sipse/faces/presentacion/financiero/solicitudProceso/listarSolicitudProceso.xhtml HTTP/1.1" 200 1544
179.33.116.32 - - [13/Jan/2024:08:42:31 -0500] "POST /sipse/faces/presentacion/financiero/solicitudProceso/listarSolicitudProceso.xhtml HTTP/1.1" 200 1540
179.33.116.32 - - [13/Jan/2024:08:42:31 -0500] "POST /sipse/faces/presentacion/financiero/solicitudProceso/listarSolicitudProceso.xhtml HTTP/1.1" 200 1544
179.33.116.32 - - [13/Jan/2024:08:42:35 -0500] "POST /sipse/faces/presentacion/financiero/solicitudProceso/listarSolicitudProceso.xhtml HTTP/1.1" 200 107039
179.33.116.32 - - [13/Jan/2024:08:42:36 -0500] "GET /sipse/faces/javax.faces.resource/jquery/jquery.js?ln=primefaces&v=4.0 HTTP/1.1" 304 -
179.33.116.32 - - [13/Jan/2024:08:42:36 -0500] "GET /sipse/faces/javax.faces.resource/jquery/jquery-plugins.js?ln=primefaces&v=4.0 HTTP/1.1" 304 -
179.33.116.32 - - [13/Jan/2024:08:42:36 -0500] "GET /sipse/faces/javax.faces.resource/primefaces.js?ln=primefaces&v=4.0 HTTP/1.1" 304 -
179.33.116.32 - - [13/Jan/2024:08:42:36 -0500] "GET /sipse/faces/javax.faces.resource/layout/layout.js?ln=primefaces&v=4.0 HTTP/1.1" 304 -
172.22.2.4 - - [13/Jan/2024:08:40:57 -0500] "GET /BLA/boletinlegal/ HTTP/1.1" 200 58666
179.33.116.32 - - [13/Jan/2024:08:42:54 -0500] "POST /sipse/faces/presentacion/financiero/solicitudProceso/consultarSolicitudProceso.xhtml HTTP/1.1" 200 54201
179.33.116.32 - - [13/Jan/2024:08:42:56 -0500] "GET /sipse/faces/javax.faces.resource/jquery/jquery.js?ln=primefaces&v=4.0 HTTP/1.1" 304 -
179.33.116.32 - - [13/Jan/2024:08:42:56 -0500] "GET /sipse/faces/javax.faces.resource/jquery/jquery-plugins.js?ln=primefaces&v=4.0 HTTP/1.1" 304 -
179.33.116.32 - - [13/Jan/2024:08:42:56 -0500] "GET /sipse/faces/javax.faces.resource/primefaces.js?ln=primefaces&v=4.0 HTTP/1.1" 304 -
179.33.116.32 - - [13/Jan/2024:08:42:56 -0500] "GET /sipse/faces/javax.faces.resource/layout/layout.js?ln=primefaces&v=4.0 HTTP/1.1" 304 -
179.33.116.32 - - [13/Jan/2024:08:42:56 -0500] "POST /sipse/faces/presentacion/financiero/solicitudProceso/listarSolicitudProceso.xhtml HTTP/1.1" 200 1524
40.77.188.186 - - [13/Jan/2024:08:43:12 -0500] "GET /portaldeninos/wp-content/themes/betheme/fonts/mfn-icons.woff?93978679 HTTP/1.1" 200 80932
179.33.116.32 - - [13/Jan/2024:08:43:11 -0500] "POST /sipse/faces/presentacion/financiero/solicitudProceso/listarSolicitudProceso.xhtml HTTP/1.1" 200 107090
179.33.116.32 - - [13/Jan/2024:08:43:12 -0500] "GET /sipse/faces/javax.faces.resource/jquery/jquery.js?ln=primefaces&v=4.0 HTTP/1.1" 304 -
179.33.116.32 - - [13/Jan/2024:08:43:12 -0500] "GET /sipse/faces/javax.faces.resource/jquery/jquery-plugins.js?ln=primefaces&v=4.0 HTTP/1.1" 304 -
179.33.116.32 - - [13/Jan/2024:08:43:12 -0500] "GET /sipse/faces/javax.faces.resource/primefaces.js?ln=primefaces&v=4.0 HTTP/1.1" 304 -
179.33.116.32 - - [13/Jan/2024:08:43:12 -0500] "GET /sipse/faces/javax.faces.resource/layout/layout.js?ln=primefaces&v=4.0 HTTP/1.1" 304 -
201.245.192.253 - - [13/Jan/2024:08:43:35 -0500] "POST /forms/lservlet;jsessionid=ac16012b30d6e9245d4a5ae64507bcdc86473ff87750.e3iSbxaKaheRe34Rb3eTbx8LaNb0n6jAmljGr5XDqQLvpAe HTTP/1.1" 200 2
201.245.192.253 - - [13/Jan/2024:08:44:18 -0500] "POST /forms/lservlet;jsessionid=ac16012b30d6daf3d1e69b9448f9b338854e2531f358.e3iSbxaKaheRe34Rb3eTbx8LaNb0n6jAmljGr5XDqQLvpAe HTTP/1.1" 200 2
103.145.4.189 - - [13/Jan/2024:08:44:32 -0500] "CONNECT google.com:443 HTTP/1.1" 405 938
201.245.192.253 - - [13/Jan/2024:08:44:38 -0500] "POST /kwsrmcab/Wsrmcab  HTTP/1.1" 200 39439
213.32.39.40 - - [13/Jan/2024:08:45:15 -0500] "GET / HTTP/1.1" 200 319
201.245.192.253 - - [13/Jan/2024:08:45:35 -0500] "POST /forms/lservlet;jsessionid=ac16012b30d6e9245d4a5ae64507bcdc86473ff87750.e3iSbxaKaheRe34Rb3eTbx8LaNb0n6jAmljGr5XDqQLvpAe HTTP/1.1" 200 2
216.245.221.92 - - [13/Jan/2024:08:45:53 -0500] "HEAD / HTTP/1.1" 200 -
191.104.119.81 - - [13/Jan/2024:08:46:11 -0500] "GET /inicia-el-2024-conociendo-la-biodiversidad-de-bogoti.html?fbclid=IwAR23p-osUUZ8H7jlkJu8Mbn8n8LBuhW0QoOjKJQ9XIULFvc1rYwQ4Yb8z50 HTTP/1.1" 200 894
201.245.192.253 - - [13/Jan/2024:08:46:19 -0500] "POST /forms/lservlet;jsessionid=ac16012b30d6daf3d1e69b9448f9b338854e2531f358.e3iSbxaKaheRe34Rb3eTbx8LaNb0n6jAmljGr5XDqQLvpAe HTTP/1.1" 200 2
69.63.189.8 - - [13/Jan/2024:08:47:07 -0500] "GET /inicia-el-2024-conociendo-la-biodiversidad-de-bogoti.html HTTP/1.1" 200 894
69.63.189.4 - - [13/Jan/2024:08:47:07 -0500] "GET /inicia-el-2024-conociendo-la-biodiversidad-de-bogoti.html HTTP/1.1" 200 894
173.252.107.1 - - [13/Jan/2024:08:47:23 -0500] "GET /animales-recuperados-en-san-cristobal-y-ciudad-bolivar-son-atendidos-en-el-centro-de-flora-de-la-secretaria-de-ambiente.html HTTP/1.1" 200 1056
201.245.192.253 - - [13/Jan/2024:08:47:35 -0500] "POST /forms/lservlet;jsessionid=ac16012b30d6e9245d4a5ae64507bcdc86473ff87750.e3iSbxaKaheRe34Rb3eTbx8LaNb0n6jAmljGr5XDqQLvpAe HTTP/1.1" 200 2
172.22.2.4 - - [13/Jan/2024:08:45:57 -0500] "HEAD /BLA/boletinlegal/ HTTP/1.1" 200 -
201.245.192.253 - - [13/Jan/2024:08:48:18 -0500] "POST /forms/lservlet;jsessionid=ac16012b30d6daf3d1e69b9448f9b338854e2531f358.e3iSbxaKaheRe34Rb3eTbx8LaNb0n6jAmljGr5XDqQLvpAe HTTP/1.1" 200 2
172.22.2.4 - - [13/Jan/2024:08:46:47 -0500] "GET /BLA/boletinlegal/ HTTP/1.1" 200 58666
201.245.192.253 - - [13/Jan/2024:08:49:35 -0500] "POST /forms/lservlet;jsessionid=ac16012b30d6e9245d4a5ae64507bcdc86473ff87750.e3iSbxaKaheRe34Rb3eTbx8LaNb0n6jAmljGr5XDqQLvpAe HTTP/1.1" 200 2
201.245.192.253 - - [13/Jan/2024:08:49:36 -0500] "POST /kwsrmcab/Wsrmcab  HTTP/1.1" 200 39439
201.245.192.253 - - [13/Jan/2024:08:50:18 -0500] "POST /forms/lservlet;jsessionid=ac16012b30d6daf3d1e69b9448f9b338854e2531f358.e3iSbxaKaheRe34Rb3eTbx8LaNb0n6jAmljGr5XDqQLvpAe HTTP/1.1" 200 2
216.245.221.92 - - [13/Jan/2024:08:50:53 -0500] "HEAD / HTTP/1.1" 200 -
201.245.192.253 - - [13/Jan/2024:08:51:35 -0500] "POST /forms/lservlet;jsessionid=ac16012b30d6e9245d4a5ae64507bcdc86473ff87750.e3iSbxaKaheRe34Rb3eTbx8LaNb0n6jAmljGr5XDqQLvpAe HTTP/1.1" 200 2
201.245.192.253 - - [13/Jan/2024:08:52:19 -0500] "POST /forms/lservlet;jsessionid=ac16012b30d6daf3d1e69b9448f9b338854e2531f358.e3iSbxaKaheRe34Rb3eTbx8LaNb0n6jAmljGr5XDqQLvpAe HTTP/1.1" 200 2
172.22.2.4 - - [13/Jan/2024:08:51:47 -0500] "HEAD /BLA/boletinlegal/ HTTP/1.1" 200 -
179.33.116.32 - - [13/Jan/2024:08:53:33 -0500] "POST /sipse/faces/presentacion/financiero/solicitudProceso/consultarSolicitudProceso.xhtml HTTP/1.1" 200 5431
201.245.192.253 - - [13/Jan/2024:08:53:35 -0500] "POST /forms/lservlet;jsessionid=ac16012b30d6e9245d4a5ae64507bcdc86473ff87750.e3iSbxaKaheRe34Rb3eTbx8LaNb0n6jAmljGr5XDqQLvpAe HTTP/1.1" 200 2
181.155.4.84 - - [13/Jan/2024:08:53:58 -0500] "GET /kwssiamovil/sm/ldap/au?x=U2FsdGVkX1/NHkPjwOBRYulNUxPyPrB0CRdt9vfzmQXCJBNlGaGlCpn6VmNn3i5v&y=U2FsdGVkX1/5KcQPJBW01VuWsPWytsMF736JXNvAwwf+9nE1E+DqTkFtYbPTIRI6 HTTP/1.1" 200 30
181.155.4.84 - - [13/Jan/2024:08:53:58 -0500] "GET /kwssiamovil/sm/acme/s?s=U2FsdGVkX1+FkX/rn2KrXrxJDU7z3KW9TjvkqynD1XVP6V+HCEGHvfh3OjsAa0DHAVTB0n9CS2xEMXjSkiia2S9UDq4i4vXMvTrviUJRbK4=&u=U2FsdGVkX1+/5ble2943w5/jyY2jhCnc84dmzjOcvNC8dXnlSi70C2JOCX9BhOzp&y=U2FsdGVkX1/5KcQPJBW01VuWsPWytsMF736JXNvAwwf+9nE1E+DqTkFtYbPTIRI6 HTTP/1.1" 200 97
181.155.4.84 - - [13/Jan/2024:08:53:59 -0500] "GET /kwssiamovil/sm/acme/s?s=U2FsdGVkX1+PFq0ryVfEB2AkVlvtaVjmAg/tkrmZo+HhDsQ8fwVQZbXbcyIPqH6mjz8vAS9hVYKyAB601iqvSqm6hoHvhSpxDKAMR9aJfeW4dcWEBKIJA6JKOiOsZqkd3frOYa9dCxsdn373v6DS3CqhweOQfmv/G/dvOWv6jnNujP7/UDNyD0T29i4shumGqOZ2q8MvQNmR+HTyXn5gjPdYSj83YNDTS2WMYXY0KMxPFKlsnHmdRBXDOJpRYgXWxvda5S5F5kps5OKKZmMfJd/6J7YV6RkDI/fLyoWiwZsSVy7nYwIDj9Tlbd5MtCYXTEyqy2XkzlxWnZUQk+EVA2r8INp6GnoKfQVlj/BByMZfGqFa2ihL3LQoeSFJFyiDlaxEwwwyEbIIDQDFtLYnhzXEbnAPZgAmZsGSn0BFKZJftwfZLmOb2MhaIpDUq8/mamvu+hJpd4pBhblEo1g3gJAucXwJGEHufNn8iKuq9hcMLcsAWWcuB87uUJKUgSXiS3x3zPhMhVHSG/egZJQRx8xjaOyhTCjYqgNMExzCn6j56KuVQJ1tNlDz4xM39HIie7kW6oEO8LMdBD4j7MD9siI0vwYlDJOg4Ml2hqyhQrcfIzFFlmspzMzTd/q4NPo8ZY3hYZPhPTJGMnZ2fTpgfui/jszb6gcFahN6kNjjmg+pAW7qZ3E8vLYhRkCMjZrqppQZC8ECNba8Ad9qeDzCdZD6tillyw/Y/oDdW09wl4CIZ875EV+lM9oHUZEIDIC0nq8jL2/tYWszs4NhjJEiIK52bWxHLRmbP60/Ck/bC4bh3zMM7pYT4D12Qe58YXDmsgDQx1QBU4HKenCctEjB4m5++Kvy2JyRGSwgtbBG7fiRl51EnMrEOZs5Vl3pKBguOhclsh4Y5xpl35Y2BHwQMn3qIH1eCoh98KaXsBkCLG/O41xRr2969Y3vZnQrLwg6CXob3ythxAZ4qf9Wtddw4HLbPs5Fvib796kKQnPvP7CHCWA6BBBsUdPlfekIVexrmFsvSKBzdKxmjNDDl30vj0tN9fu49Y7Z50M2kk/vSADs4SW0Q2aYek+t5RqbctstfhpH39e6Ewu1pOjQzPEvHdTNR3uyaMGif0G6N1XVWo1/WhQRrsEU3B0MUV+iLRTtKWASsrnAOEcqaA7xnopuUZC/XPR3eLOJcujoS7QwYuFamdXTQjNh86b93aaCiRp+pJrllSpWzM/70sXC0yZDRNnMlChn6HQRdQEABhOmSHgAmY1Rdq7pBKbaJmc2gV1jPtqYw9cfOE/mQQ3KjHwBFi7a7OT3O2OjcljrAbcslwD+RErJnT+bTMvX+PjzC0+EDYaqyMyIeYlNMFAsAeBJeC8vr//+0QQLkAVIuYaFariqf7TIZ0G4+vncFRnkhc7kl4l91UffHHFpeqR6bKH/gz8kxg9Ke6C4VNPu1z78xPtM3+SNiJz4oK44vKOgo5c0fdp9mY8xRXPeoKDRcEaSgyY/N3Dx7hjOmO8HwyvUTBuRtTXfxeOZyFGo5V3jrPoePZOI8QntgNsMk8BM27SDLl79X8WRCJT4hJNC7oyrBdU7u7uBT65Eya7Z8TguDIqt6X7vWLOWz9ZWOTV0NdFcATspHAB2wwtyLchNIZYQ4sTDb/UD7XIcuoqr0iWkIOZ/mUxgtTi4Fu4uspxRklMma5LfxQT2gyTAhQ8oCWxOufRF4gEMgcfGkvWRR+EXCs9tb4SomH0qgxSAS9XylqBagiGugMrDLwNOEYH9nURh6A30hSxlVxtdude4c+UoXavx&u=U2FsdGVkX1+/5ble2943w5/jyY2jhCnc84dmzjOcvNC8dXnlSi70C2JOCX9BhOzp&y=U2FsdGVkX1/5KcQPJBW01VuWsPWytsMF736JXNvAwwf+9nE1E+DqTkFtYbPTIRI6 HTTP/1.1" 200 4489
181.155.4.84 - - [13/Jan/2024:08:53:59 -0500] "GET /kwssiamovil/sm/acme/s?s=U2FsdGVkX18+5SAtnZTp1bPega2h9gCvfgbgNvMklJwP2cGVx569stroVgiqqRV1CCu+FfhGvysWPM4+JjDQ5SHJVIIMNIu3+Qnt/SzdxmBgtrhZThYYnQ4jxZ58WHTOdR58XxkOlatxi0jF42Osg9adct39Ox1z31xJV12cYCG+kzQehQWP/yMshtyo+o1n9Y5i1aa/7JbwlrYrQ58VBjHVHNo3H7gr5UFDx6+HDS7LuGwxeuXGmStW0xPaILtBU/JG8+Dhkzep3LdP7grskkDO7z8btHgcyvHt50VUaTOvYX+qBO0wnStXDMG/20JABNfXRwDVt/KnQXtxkj+559BxM4HMlrmMhFG4KEBnre9/LJwT3FAhOgVoolW+J8EUAV9BctdAEkCt6W+QL/4Y/pYpwP/9fhRezkJtn8rDBYNh8BAWn3j1RLjPy61J9mtGbd9z4KxViNEUNSTSECmeMtGFT4wiRx1In25QJuWwqv8tM+tICsvysrqgzjSJqxvLfZH9Zhp+7ak10dcoS7l7/gGZZUGbRR2GF1q0Km8OJ28VTzm+CMYpfeSq51ifzwHLsnhrPgVsPYYBF/ZqQ13Z7HybVT15rOQZGSGIJ4bygH70PfxcsXtROQqEshQggA2/JPoqOd8Cuv6EQv9Ss0k4CIqc1wRF5MG4DM9C20lheoHNy+CqKXBD3OPZSxaNi3xwI52b+HjGhCJFWdaYNNfv1EDxZjGXD/0wqZ3ZlPLBxTaCnid24Gp4SFwDFldXddwB&u=U2FsdGVkX1+/5ble2943w5/jyY2jhCnc84dmzjOcvNC8dXnlSi70C2JOCX9BhOzp&y=U2FsdGVkX1/5KcQPJBW01VuWsPWytsMF736JXNvAwwf+9nE1E+DqTkFtYbPTIRI6 HTTP/1.1" 200 208
181.155.4.84 - - [13/Jan/2024:08:53:59 -0500] "GET /kwssiamovil/sm/cjson/pre?f=1&x=U2FsdGVkX1/NHkPjwOBRYulNUxPyPrB0CRdt9vfzmQXCJBNlGaGlCpn6VmNn3i5v HTTP/1.1" 200 31032
179.33.116.32 - - [13/Jan/2024:08:54:11 -0500] "POST /sipse/faces/presentacion/financiero/solicitudProceso/consultarSolicitudProceso.xhtml HTTP/1.1" 200 53759
179.33.116.32 - - [13/Jan/2024:08:54:12 -0500] "GET /sipse/faces/javax.faces.resource/jquery/jquery.js?ln=primefaces&v=4.0 HTTP/1.1" 304 -
179.33.116.32 - - [13/Jan/2024:08:54:12 -0500] "GET /sipse/faces/javax.faces.resource/jquery/jquery-plugins.js?ln=primefaces&v=4.0 HTTP/1.1" 304 -
179.33.116.32 - - [13/Jan/2024:08:54:12 -0500] "GET /sipse/faces/javax.faces.resource/primefaces.js?ln=primefaces&v=4.0 HTTP/1.1" 304 -
179.33.116.32 - - [13/Jan/2024:08:54:12 -0500] "GET /sipse/faces/javax.faces.resource/layout/layout.js?ln=primefaces&v=4.0 HTTP/1.1" 304 -
179.33.116.32 - - [13/Jan/2024:08:54:12 -0500] "POST /sipse/faces/presentacion/financiero/solicitudProceso/listarSolicitudProceso.xhtml HTTP/1.1" 200 47087
179.33.116.32 - - [13/Jan/2024:08:54:12 -0500] "POST /sipse/faces/presentacion/financiero/solicitudProceso/listarSolicitudProceso.xhtml HTTP/1.1" 200 47087
179.33.116.32 - - [13/Jan/2024:08:54:12 -0500] "POST /sipse/faces/presentacion/financiero/solicitudProceso/listarSolicitudProceso.xhtml HTTP/1.1" 200 47087
179.33.116.32 - - [13/Jan/2024:08:54:13 -0500] "POST /sipse/faces/presentacion/financiero/solicitudProceso/listarSolicitudProceso.xhtml HTTP/1.1" 200 47087
179.33.116.32 - - [13/Jan/2024:08:54:13 -0500] "POST /sipse/faces/presentacion/financiero/solicitudProceso/listarSolicitudProceso.xhtml HTTP/1.1" 200 47087
179.33.116.32 - - [13/Jan/2024:08:54:13 -0500] "POST /sipse/faces/presentacion/financiero/solicitudProceso/listarSolicitudProceso.xhtml HTTP/1.1" 200 47087
179.33.116.32 - - [13/Jan/2024:08:54:14 -0500] "POST /sipse/faces/presentacion/financiero/solicitudProceso/listarSolicitudProceso.xhtml HTTP/1.1" 200 47087
179.33.116.32 - - [13/Jan/2024:08:54:14 -0500] "POST /sipse/faces/presentacion/financiero/solicitudProceso/listarSolicitudProceso.xhtml HTTP/1.1" 200 47087
179.33.116.32 - - [13/Jan/2024:08:54:14 -0500] "POST /sipse/faces/presentacion/financiero/solicitudProceso/listarSolicitudProceso.xhtml HTTP/1.1" 200 47087
179.33.116.32 - - [13/Jan/2024:08:54:14 -0500] "POST /sipse/faces/presentacion/financiero/solicitudProceso/listarSolicitudProceso.xhtml HTTP/1.1" 200 47087
179.33.116.32 - - [13/Jan/2024:08:54:15 -0500] "POST /sipse/faces/presentacion/financiero/solicitudProceso/listarSolicitudProceso.xhtml HTTP/1.1" 200 47087
179.33.116.32 - - [13/Jan/2024:08:54:15 -0500] "POST /sipse/faces/presentacion/financiero/solicitudProceso/listarSolicitudProceso.xhtml HTTP/1.1" 200 47087
179.33.116.32 - - [13/Jan/2024:08:54:15 -0500] "POST /sipse/faces/presentacion/financiero/solicitudProceso/listarSolicitudProceso.xhtml HTTP/1.1" 200 47087
179.33.116.32 - - [13/Jan/2024:08:54:15 -0500] "POST /sipse/faces/presentacion/financiero/solicitudProceso/listarSolicitudProceso.xhtml HTTP/1.1" 200 47087
179.33.116.32 - - [13/Jan/2024:08:54:16 -0500] "POST /sipse/faces/presentacion/financiero/solicitudProceso/listarSolicitudProceso.xhtml HTTP/1.1" 200 1524
179.33.116.32 - - [13/Jan/2024:08:54:16 -0500] "POST /sipse/faces/presentacion/financiero/solicitudProceso/listarSolicitudProceso.xhtml HTTP/1.1" 200 1528
179.33.116.32 - - [13/Jan/2024:08:54:16 -0500] "POST /sipse/faces/presentacion/financiero/solicitudProceso/listarSolicitudProceso.xhtml HTTP/1.1" 200 1528
179.33.116.32 - - [13/Jan/2024:08:54:16 -0500] "POST /sipse/faces/presentacion/financiero/solicitudProceso/listarSolicitudProceso.xhtml HTTP/1.1" 200 1528
179.33.116.32 - - [13/Jan/2024:08:54:16 -0500] "POST /sipse/faces/presentacion/financiero/solicitudProceso/listarSolicitudProceso.xhtml HTTP/1.1" 200 1528
179.33.116.32 - - [13/Jan/2024:08:54:16 -0500] "POST /sipse/faces/presentacion/financiero/solicitudProceso/listarSolicitudProceso.xhtml HTTP/1.1" 200 1528
179.33.116.32 - - [13/Jan/2024:08:54:16 -0500] "POST /sipse/faces/presentacion/financiero/solicitudProceso/listarSolicitudProceso.xhtml HTTP/1.1" 200 1528
179.33.116.32 - - [13/Jan/2024:08:54:16 -0500] "POST /sipse/faces/presentacion/financiero/solicitudProceso/listarSolicitudProceso.xhtml HTTP/1.1" 200 1528
179.33.116.32 - - [13/Jan/2024:08:54:16 -0500] "POST /sipse/faces/presentacion/financiero/solicitudProceso/listarSolicitudProceso.xhtml HTTP/1.1" 200 1528
179.33.116.32 - - [13/Jan/2024:08:54:16 -0500] "POST /sipse/faces/presentacion/financiero/solicitudProceso/listarSolicitudProceso.xhtml HTTP/1.1" 200 1528
179.33.116.32 - - [13/Jan/2024:08:54:16 -0500] "POST /sipse/faces/presentacion/financiero/solicitudProceso/listarSolicitudProceso.xhtml HTTP/1.1" 200 1528
179.33.116.32 - - [13/Jan/2024:08:54:16 -0500] "POST /sipse/faces/presentacion/financiero/solicitudProceso/listarSolicitudProceso.xhtml HTTP/1.1" 200 1528
179.33.116.32 - - [13/Jan/2024:08:54:17 -0500] "POST /sipse/faces/presentacion/financiero/solicitudProceso/listarSolicitudProceso.xhtml HTTP/1.1" 200 1528
179.33.116.32 - - [13/Jan/2024:08:54:17 -0500] "POST /sipse/faces/presentacion/financiero/solicitudProceso/listarSolicitudProceso.xhtml HTTP/1.1" 200 1528
179.33.116.32 - - [13/Jan/2024:08:54:17 -0500] "POST /sipse/faces/presentacion/financiero/solicitudProceso/listarSolicitudProceso.xhtml HTTP/1.1" 200 1528
172.22.2.4 - - [13/Jan/2024:08:52:37 -0500] "GET /BLA/boletinlegal/ HTTP/1.1" 200 58666
201.245.192.253 - - [13/Jan/2024:08:54:19 -0500] "POST /forms/lservlet;jsessionid=ac16012b30d6daf3d1e69b9448f9b338854e2531f358.e3iSbxaKaheRe34Rb3eTbx8LaNb0n6jAmljGr5XDqQLvpAe HTTP/1.1" 200 2
201.245.192.253 - - [13/Jan/2024:08:54:34 -0500] "POST /kwsrmcab/Wsrmcab  HTTP/1.1" 200 39439
201.245.192.253 - - [13/Jan/2024:08:55:35 -0500] "POST /forms/lservlet;jsessionid=ac16012b30d6e9245d4a5ae64507bcdc86473ff87750.e3iSbxaKaheRe34Rb3eTbx8LaNb0n6jAmljGr5XDqQLvpAe HTTP/1.1" 200 2
216.245.221.92 - - [13/Jan/2024:08:55:53 -0500] "HEAD / HTTP/1.1" 200 -
201.245.192.253 - - [13/Jan/2024:08:56:19 -0500] "POST /forms/lservlet;jsessionid=ac16012b30d6daf3d1e69b9448f9b338854e2531f358.e3iSbxaKaheRe34Rb3eTbx8LaNb0n6jAmljGr5XDqQLvpAe HTTP/1.1" 200 2
179.33.116.32 - - [13/Jan/2024:08:56:42 -0500] "POST /sipse/faces/presentacion/financiero/solicitudProceso/listarSolicitudProceso.xhtml HTTP/1.1" 200 107090
179.33.116.32 - - [13/Jan/2024:08:56:43 -0500] "GET /sipse/faces/javax.faces.resource/jquery/jquery.js?ln=primefaces&v=4.0 HTTP/1.1" 304 -
179.33.116.32 - - [13/Jan/2024:08:56:43 -0500] "GET /sipse/faces/javax.faces.resource/jquery/jquery-plugins.js?ln=primefaces&v=4.0 HTTP/1.1" 304 -
179.33.116.32 - - [13/Jan/2024:08:56:43 -0500] "GET /sipse/faces/javax.faces.resource/primefaces.js?ln=primefaces&v=4.0 HTTP/1.1" 304 -
179.33.116.32 - - [13/Jan/2024:08:56:43 -0500] "GET /sipse/faces/javax.faces.resource/layout/layout.js?ln=primefaces&v=4.0 HTTP/1.1" 304 -
179.33.116.32 - - [13/Jan/2024:08:56:58 -0500] "POST /sipse/faces/presentacion/financiero/solicitudProceso/consultarSolicitudProceso.xhtml HTTP/1.1" 200 5431
201.245.192.253 - - [13/Jan/2024:08:57:35 -0500] "POST /forms/lservlet;jsessionid=ac16012b30d6e9245d4a5ae64507bcdc86473ff87750.e3iSbxaKaheRe34Rb3eTbx8LaNb0n6jAmljGr5XDqQLvpAe HTTP/1.1" 200 2
201.245.192.253 - - [13/Jan/2024:08:58:19 -0500] "POST /forms/lservlet;jsessionid=ac16012b30d6daf3d1e69b9448f9b338854e2531f358.e3iSbxaKaheRe34Rb3eTbx8LaNb0n6jAmljGr5XDqQLvpAe HTTP/1.1" 200 2
179.33.116.32 - - [13/Jan/2024:08:58:52 -0500] "POST /sipse/faces/presentacion/financiero/solicitudProceso/consultarSolicitudProceso.xhtml HTTP/1.1" 200 5431
172.22.2.4 - - [13/Jan/2024:08:57:37 -0500] "HEAD /BLA/boletinlegal/ HTTP/1.1" 200 -
201.245.192.253 - - [13/Jan/2024:08:59:35 -0500] "POST /forms/lservlet;jsessionid=ac16012b30d6e9245d4a5ae64507bcdc86473ff87750.e3iSbxaKaheRe34Rb3eTbx8LaNb0n6jAmljGr5XDqQLvpAe HTTP/1.1" 200 2
201.245.192.253 - - [13/Jan/2024:08:59:33 -0500] "POST /kwsrmcab/Wsrmcab  HTTP/1.1" 200 39439
172.22.2.4 - - [13/Jan/2024:08:59:38 -0500] "GET /BLA/boletinlegal/actos.php HTTP/1.1" 200 9648
172.22.2.4 - - [13/Jan/2024:08:59:38 -0500] "GET /BLA/boletinlegal/styles2.css HTTP/1.1" 200 1838
172.22.2.4 - - [13/Jan/2024:08:59:39 -0500] "GET /BLA/boletinlegal/style.css HTTP/1.1" 200 9406
179.33.116.32 - - [13/Jan/2024:08:59:40 -0500] "POST /sipse/faces/presentacion/financiero/solicitudProceso/consultarSolicitudProceso.xhtml HTTP/1.1" 200 51139
179.33.116.32 - - [13/Jan/2024:08:59:41 -0500] "GET /sipse/faces/javax.faces.resource/jquery/jquery.js?ln=primefaces&v=4.0 HTTP/1.1" 304 -
179.33.116.32 - - [13/Jan/2024:08:59:42 -0500] "GET /sipse/faces/javax.faces.resource/jquery/jquery-plugins.js?ln=primefaces&v=4.0 HTTP/1.1" 304 -
179.33.116.32 - - [13/Jan/2024:08:59:42 -0500] "GET /sipse/faces/javax.faces.resource/primefaces.js?ln=primefaces&v=4.0 HTTP/1.1" 304 -
179.33.116.32 - - [13/Jan/2024:08:59:42 -0500] "GET /sipse/faces/javax.faces.resource/layout/layout.js?ln=primefaces&v=4.0 HTTP/1.1" 304 -
179.33.116.32 - - [13/Jan/2024:08:59:42 -0500] "POST /sipse/faces/presentacion/financiero/solicitudProceso/listarSolicitudProceso.xhtml HTTP/1.1" 200 1496
179.33.116.32 - - [13/Jan/2024:08:59:49 -0500] "POST /sipse/faces/presentacion/financiero/solicitudProceso/listarSolicitudProceso.xhtml HTTP/1.1" 200 106747
179.33.116.32 - - [13/Jan/2024:08:59:50 -0500] "GET /sipse/faces/javax.faces.resource/jquery/jquery.js?ln=primefaces&v=4.0 HTTP/1.1" 304 -
179.33.116.32 - - [13/Jan/2024:08:59:50 -0500] "GET /sipse/faces/javax.faces.resource/jquery/jquery-plugins.js?ln=primefaces&v=4.0 HTTP/1.1" 304 -
179.33.116.32 - - [13/Jan/2024:08:59:50 -0500] "GET /sipse/faces/javax.faces.resource/primefaces.js?ln=primefaces&v=4.0 HTTP/1.1" 304 -
179.33.116.32 - - [13/Jan/2024:08:59:50 -0500] "GET /sipse/faces/javax.faces.resource/layout/layout.js?ln=primefaces&v=4.0 HTTP/1.1" 304 -
216.244.66.195 - - [13/Jan/2024:09:00:03 -0500] "GET /BLA/resoluciones/RESOLUCIONES%202017/3365.pdf HTTP/1.1" 200 403789
172.22.2.4 - - [13/Jan/2024:08:58:27 -0500] "GET /BLA/boletinlegal/ HTTP/1.1" 200 58666
186.81.241.209 - - [13/Jan/2024:09:00:11 -0500] "GET /sipse/faces/presentacion/financiero/solicitudProceso/consultarSolicitudProceso.xhtml HTTP/1.1" 302 -
186.81.241.209 - - [13/Jan/2024:09:00:11 -0500] "GET /sipse/faces/autenticacion.xhtml HTTP/1.1" 200 12403
186.81.241.209 - - [13/Jan/2024:09:00:11 -0500] "GET /sipse/faces/javax.faces.resource/primefaces.js?ln=primefaces&v=4.0 HTTP/1.1" 304 -
186.81.241.209 - - [13/Jan/2024:09:00:11 -0500] "GET /sipse/faces/javax.faces.resource/theme.css?ln=primefaces-sipse HTTP/1.1" 304 -
186.81.241.209 - - [13/Jan/2024:09:00:11 -0500] "GET /sipse/faces/javax.faces.resource/primefaces.css?ln=primefaces&v=4.0 HTTP/1.1" 304 -
186.81.241.209 - - [13/Jan/2024:09:00:11 -0500] "GET /sipse/faces/javax.faces.resource/jquery/jquery-plugins.js?ln=primefaces&v=4.0 HTTP/1.1" 304 -
186.81.241.209 - - [13/Jan/2024:09:00:11 -0500] "GET /sipse/faces/javax.faces.resource/layout/layout.css?ln=primefaces&v=4.0 HTTP/1.1" 304 -
186.81.241.209 - - [13/Jan/2024:09:00:11 -0500] "GET /sipse/faces/javax.faces.resource/jquery/jquery.js?ln=primefaces&v=4.0 HTTP/1.1" 304 -
186.81.241.209 - - [13/Jan/2024:09:00:11 -0500] "GET /sipse/faces/javax.faces.resource/layout/layout.js?ln=primefaces&v=4.0 HTTP/1.1" 304 -
186.81.241.209 - - [13/Jan/2024:09:00:11 -0500] "GET /sipse/faces/javax.faces.resource/images/ui-icons_898989_256x240.png?ln=primefaces-aristo HTTP/1.1" 304 -
186.81.241.209 - - [13/Jan/2024:09:00:11 -0500] "GET /sipse/faces/index.xhtml HTTP/1.1" 200 677
186.81.241.209 - - [13/Jan/2024:09:00:11 -0500] "GET /sipse/faces/javax.faces.resource/theme.css?ln=primefaces-sipse HTTP/1.1" 304 -
186.81.241.209 - - [13/Jan/2024:09:00:12 -0500] "GET /sipse/faces/faces/autenticacion.xhtml HTTP/1.1" 200 12403
186.81.241.209 - - [13/Jan/2024:09:00:12 -0500] "GET /sipse/faces/javax.faces.resource/theme.css?ln=primefaces-sipse HTTP/1.1" 304 -
186.81.241.209 - - [13/Jan/2024:09:00:12 -0500] "GET /sipse/faces/javax.faces.resource/primefaces.css?ln=primefaces&v=4.0 HTTP/1.1" 304 -
186.81.241.209 - - [13/Jan/2024:09:00:12 -0500] "GET /sipse/faces/javax.faces.resource/layout/layout.css?ln=primefaces&v=4.0 HTTP/1.1" 304 -
186.81.241.209 - - [13/Jan/2024:09:00:12 -0500] "GET /sipse/faces/javax.faces.resource/jquery/jquery.js?ln=primefaces&v=4.0 HTTP/1.1" 304 -
186.81.241.209 - - [13/Jan/2024:09:00:12 -0500] "GET /sipse/faces/javax.faces.resource/primefaces.js?ln=primefaces&v=4.0 HTTP/1.1" 304 -
186.81.241.209 - - [13/Jan/2024:09:00:12 -0500] "GET /sipse/faces/javax.faces.resource/jquery/jquery-plugins.js?ln=primefaces&v=4.0 HTTP/1.1" 304 -
186.81.241.209 - - [13/Jan/2024:09:00:12 -0500] "GET /sipse/faces/javax.faces.resource/layout/layout.js?ln=primefaces&v=4.0 HTTP/1.1" 304 -
186.81.241.209 - - [13/Jan/2024:09:00:12 -0500] "GET /sipse/faces/javax.faces.resource/images/ui-icons_898989_256x240.png?ln=primefaces-aristo HTTP/1.1" 304 -
186.81.241.209 - - [13/Jan/2024:09:00:16 -0500] "POST /sipse/faces/autenticacion.xhtml HTTP/1.1" 200 11180
186.81.241.209 - - [13/Jan/2024:09:00:16 -0500] "GET /sipse/faces/javax.faces.resource/primefaces.css?ln=primefaces&v=4.0 HTTP/1.1" 304 -
186.81.241.209 - - [13/Jan/2024:09:00:16 -0500] "GET /sipse/faces/javax.faces.resource/theme.css?ln=primefaces-sipse HTTP/1.1" 304 -
186.81.241.209 - - [13/Jan/2024:09:00:16 -0500] "GET /sipse/faces/javax.faces.resource/jquery/jquery.js?ln=primefaces&v=4.0 HTTP/1.1" 304 -
186.81.241.209 - - [13/Jan/2024:09:00:16 -0500] "GET /sipse/faces/javax.faces.resource/layout/layout.css?ln=primefaces&v=4.0 HTTP/1.1" 304 -
186.81.241.209 - - [13/Jan/2024:09:00:16 -0500] "GET /sipse/faces/javax.faces.resource/jquery/jquery-plugins.js?ln=primefaces&v=4.0 HTTP/1.1" 304 -
186.81.241.209 - - [13/Jan/2024:09:00:16 -0500] "GET /sipse/faces/javax.faces.resource/primefaces.js?ln=primefaces&v=4.0 HTTP/1.1" 304 -
186.81.241.209 - - [13/Jan/2024:09:00:16 -0500] "GET /sipse/faces/javax.faces.resource/layout/layout.js?ln=primefaces&v=4.0 HTTP/1.1" 304 -
186.81.241.209 - - [13/Jan/2024:09:00:16 -0500] "GET /sipse/faces/javax.faces.resource/messages/messages.png?ln=primefaces&v=4.0 HTTP/1.1" 304 -
186.81.241.209 - - [13/Jan/2024:09:00:16 -0500] "GET /sipse/faces/javax.faces.resource/images/ui-icons_898989_256x240.png?ln=primefaces-aristo HTTP/1.1" 304 -
201.245.192.253 - - [13/Jan/2024:09:00:19 -0500] "POST /forms/lservlet;jsessionid=ac16012b30d6daf3d1e69b9448f9b338854e2531f358.e3iSbxaKaheRe34Rb3eTbx8LaNb0n6jAmljGr5XDqQLvpAe HTTP/1.1" 200 2
186.81.241.209 - - [13/Jan/2024:09:00:20 -0500] "GET /sipse/faces/javax.faces.resource/images/ui-icons_898989_256x240.png?ln=primefaces-aristo HTTP/1.1" 304 -
186.81.241.209 - - [13/Jan/2024:09:00:22 -0500] "POST /sipse/faces/presentacion/sistema/seguridad/seleccionRol.xhtml HTTP/1.1" 200 5612
186.81.241.209 - - [13/Jan/2024:09:00:23 -0500] "POST /sipse/faces/presentacion/sistema/seguridad/seleccionRol.xhtml HTTP/1.1" 200 16393
186.81.241.209 - - [13/Jan/2024:09:00:23 -0500] "GET /sipse/faces/javax.faces.resource/primefaces.css?ln=primefaces&v=4.0 HTTP/1.1" 304 -
186.81.241.209 - - [13/Jan/2024:09:00:23 -0500] "GET /sipse/faces/javax.faces.resource/theme.css?ln=primefaces-sipse HTTP/1.1" 304 -
186.81.241.209 - - [13/Jan/2024:09:00:23 -0500] "GET /sipse/faces/javax.faces.resource/layout/layout.css?ln=primefaces&v=4.0 HTTP/1.1" 304 -
186.81.241.209 - - [13/Jan/2024:09:00:23 -0500] "GET /sipse/faces/javax.faces.resource/jquery/jquery.js?ln=primefaces&v=4.0 HTTP/1.1" 304 -
186.81.241.209 - - [13/Jan/2024:09:00:23 -0500] "GET /sipse/faces/javax.faces.resource/jquery/jquery-plugins.js?ln=primefaces&v=4.0 HTTP/1.1" 304 -
186.81.241.209 - - [13/Jan/2024:09:00:23 -0500] "GET /sipse/faces/javax.faces.resource/primefaces.js?ln=primefaces&v=4.0 HTTP/1.1" 304 -
186.81.241.209 - - [13/Jan/2024:09:00:24 -0500] "GET /sipse/faces/javax.faces.resource/layout/layout.js?ln=primefaces&v=4.0 HTTP/1.1" 304 -
186.81.241.209 - - [13/Jan/2024:09:00:24 -0500] "GET /sipse/faces/javax.faces.resource/images/ui-icons_898989_256x240.png?ln=primefaces-aristo HTTP/1.1" 304 -
186.81.241.209 - - [13/Jan/2024:09:00:25 -0500] "GET /sipse/faces/javax.faces.resource/images/ui-bg_flat_0_2d5972_40x100.png?ln=primefaces-aristo HTTP/1.1" 304 -
186.81.241.209 - - [13/Jan/2024:09:00:25 -0500] "POST /sipse/faces/bienvenido.xhtml HTTP/1.1" 200 2658
186.81.241.209 - - [13/Jan/2024:09:00:26 -0500] "POST /sipse/faces/bienvenido.xhtml HTTP/1.1" 200 64472
186.81.241.209 - - [13/Jan/2024:09:00:27 -0500] "GET /sipse/faces/javax.faces.resource/layout/layout.css?ln=primefaces&v=4.0 HTTP/1.1" 304 -
186.81.241.209 - - [13/Jan/2024:09:00:27 -0500] "GET /sipse/faces/javax.faces.resource/primefaces.css?ln=primefaces&v=4.0 HTTP/1.1" 304 -
186.81.241.209 - - [13/Jan/2024:09:00:27 -0500] "GET /sipse/faces/javax.faces.resource/jquery/jquery.js?ln=primefaces&v=4.0 HTTP/1.1" 304 -
186.81.241.209 - - [13/Jan/2024:09:00:27 -0500] "GET /sipse/faces/javax.faces.resource/theme.css?ln=primefaces-sipse HTTP/1.1" 304 -
186.81.241.209 - - [13/Jan/2024:09:00:27 -0500] "GET /sipse/faces/javax.faces.resource/jquery/jquery-plugins.js?ln=primefaces&v=4.0 HTTP/1.1" 304 -
186.81.241.209 - - [13/Jan/2024:09:00:27 -0500] "GET /sipse/faces/javax.faces.resource/primefaces.js?ln=primefaces&v=4.0 HTTP/1.1" 304 -
186.81.241.209 - - [13/Jan/2024:09:00:27 -0500] "GET /sipse/faces/javax.faces.resource/layout/layout.js?ln=primefaces&v=4.0 HTTP/1.1" 304 -
186.81.241.209 - - [13/Jan/2024:09:00:27 -0500] "GET /sipse/faces/javax.faces.resource/images/ui-icons_898989_256x240.png?ln=primefaces-aristo HTTP/1.1" 304 -
186.81.241.209 - - [13/Jan/2024:09:00:27 -0500] "POST /sipse/faces/presentacion/financiero/solicitudProceso/listarSolicitudProceso.xhtml HTTP/1.1" 200 1556
186.81.241.209 - - [13/Jan/2024:09:00:32 -0500] "POST /sipse/faces/presentacion/financiero/solicitudProceso/listarSolicitudProceso.xhtml HTTP/1.1" 200 4734
186.81.241.209 - - [13/Jan/2024:09:00:36 -0500] "GET /sipse/faces/javax.faces.resource/images/ui-icons_898989_256x240.png?ln=primefaces-aristo HTTP/1.1" 304 -
186.81.241.209 - - [13/Jan/2024:09:00:36 -0500] "POST /sipse/faces/presentacion/financiero/solicitudProceso/listarSolicitudProceso.xhtml HTTP/1.1" 200 108226
186.81.241.209 - - [13/Jan/2024:09:00:37 -0500] "GET /sipse/faces/javax.faces.resource/primefaces.css?ln=primefaces&v=4.0 HTTP/1.1" 304 -
186.81.241.209 - - [13/Jan/2024:09:00:37 -0500] "GET /sipse/faces/javax.faces.resource/theme.css?ln=primefaces-sipse HTTP/1.1" 304 -
186.81.241.209 - - [13/Jan/2024:09:00:37 -0500] "GET /sipse/faces/javax.faces.resource/layout/layout.css?ln=primefaces&v=4.0 HTTP/1.1" 304 -
186.81.241.209 - - [13/Jan/2024:09:00:37 -0500] "GET /sipse/faces/javax.faces.resource/jquery/jquery.js?ln=primefaces&v=4.0 HTTP/1.1" 304 -
186.81.241.209 - - [13/Jan/2024:09:00:37 -0500] "GET /sipse/faces/javax.faces.resource/jquery/jquery-plugins.js?ln=primefaces&v=4.0 HTTP/1.1" 304 -
186.81.241.209 - - [13/Jan/2024:09:00:37 -0500] "GET /sipse/faces/javax.faces.resource/primefaces.js?ln=primefaces&v=4.0 HTTP/1.1" 304 -
186.81.241.209 - - [13/Jan/2024:09:00:37 -0500] "GET /sipse/faces/javax.faces.resource/layout/layout.js?ln=primefaces&v=4.0 HTTP/1.1" 304 -
186.81.241.209 - - [13/Jan/2024:09:00:38 -0500] "GET /sipse/faces/javax.faces.resource/images/ui-icons_898989_256x240.png?ln=primefaces-aristo HTTP/1.1" 304 -
216.244.66.195 - - [13/Jan/2024:09:00:38 -0500] "GET /BLA/resoluciones/RESOLUCIONES%202017/3827.pdf HTTP/1.1" 200 346136
179.33.116.32 - - [13/Jan/2024:09:00:38 -0500] "POST /sipse/faces/presentacion/financiero/solicitudProceso/consultarSolicitudProceso.xhtml HTTP/1.1" 200 5431
172.22.1.61 - - [13/Jan/2024:09:00:41 -0500] "GET /reportes_sipse/sdg/ServletViabilidad?reporte=memo_viabilidad&solicitud=23815 HTTP/1.1" 200 1538
186.81.241.209 - - [13/Jan/2024:09:00:41 -0500] "POST /sipse/faces/presentacion/financiero/solicitudProceso/consultarSolicitudProceso.xhtml HTTP/1.1" 200 68853
186.81.241.209 - - [13/Jan/2024:09:00:44 -0500] "GET /sipse/faces/javax.faces.resource/jquery/jquery-plugins.js?ln=primefaces&v=4.0 HTTP/1.1" 304 -
186.81.241.209 - - [13/Jan/2024:09:00:44 -0500] "GET /sipse/faces/javax.faces.resource/theme.css?ln=primefaces-sipse HTTP/1.1" 304 -
186.81.241.209 - - [13/Jan/2024:09:00:44 -0500] "GET /sipse/faces/javax.faces.resource/primefaces.css?ln=primefaces&v=4.0 HTTP/1.1" 304 -
186.81.241.209 - - [13/Jan/2024:09:00:44 -0500] "GET /sipse/faces/javax.faces.resource/primefaces.js?ln=primefaces&v=4.0 HTTP/1.1" 304 -
186.81.241.209 - - [13/Jan/2024:09:00:44 -0500] "GET /sipse/faces/javax.faces.resource/layout/layout.js?ln=primefaces&v=4.0 HTTP/1.1" 304 -
186.81.241.209 - - [13/Jan/2024:09:00:44 -0500] "GET /sipse/faces/javax.faces.resource/jquery/jquery.js?ln=primefaces&v=4.0 HTTP/1.1" 304 -
186.81.241.209 - - [13/Jan/2024:09:00:44 -0500] "GET /sipse/faces/javax.faces.resource/layout/layout.css?ln=primefaces&v=4.0 HTTP/1.1" 304 -
186.81.241.209 - - [13/Jan/2024:09:00:44 -0500] "GET /sipse/faces/javax.faces.resource/images/ui-icons_898989_256x240.png?ln=primefaces-aristo HTTP/1.1" 304 -
186.81.241.209 - - [13/Jan/2024:09:00:44 -0500] "GET /sipse/faces/javax.faces.resource/messages/messages.png?ln=primefaces&v=4.0 HTTP/1.1" 304 -
186.81.241.209 - - [13/Jan/2024:09:00:44 -0500] "GET /sipse/faces/javax.faces.resource/images/ui-bg_flat_0_2d5972_40x100.png?ln=primefaces-aristo HTTP/1.1" 304 -
186.81.241.209 - - [13/Jan/2024:09:00:44 -0500] "POST /sipse/faces/presentacion/financiero/solicitudProceso/listarSolicitudProceso.xhtml HTTP/1.1" 200 1556
186.81.241.209 - - [13/Jan/2024:09:00:44 -0500] "POST /sipse/faces/presentacion/financiero/solicitudProceso/listarSolicitudProceso.xhtml HTTP/1.1" 200 1552
216.245.221.92 - - [13/Jan/2024:09:00:52 -0500] "HEAD / HTTP/1.1" 200 -
186.81.241.209 - - [13/Jan/2024:09:01:01 -0500] "GET /sipse/faces/javax.faces.resource/images/ui-icons_898989_256x240.png?ln=primefaces-aristo HTTP/1.1" 304 -
186.81.241.209 - - [13/Jan/2024:09:01:01 -0500] "POST /sipse/faces/presentacion/financiero/solicitudProceso/listarSolicitudProceso.xhtml HTTP/1.1" 200 116955
186.81.241.209 - - [13/Jan/2024:09:01:02 -0500] "GET /sipse/faces/javax.faces.resource/primefaces.css?ln=primefaces&v=4.0 HTTP/1.1" 304 -
186.81.241.209 - - [13/Jan/2024:09:01:02 -0500] "GET /sipse/faces/javax.faces.resource/theme.css?ln=primefaces-sipse HTTP/1.1" 304 -
186.81.241.209 - - [13/Jan/2024:09:01:02 -0500] "GET /sipse/faces/javax.faces.resource/layout/layout.css?ln=primefaces&v=4.0 HTTP/1.1" 304 -
186.81.241.209 - - [13/Jan/2024:09:01:02 -0500] "GET /sipse/faces/javax.faces.resource/jquery/jquery.js?ln=primefaces&v=4.0 HTTP/1.1" 304 -
186.81.241.209 - - [13/Jan/2024:09:01:02 -0500] "GET /sipse/faces/javax.faces.resource/jquery/jquery-plugins.js?ln=primefaces&v=4.0 HTTP/1.1" 304 -
186.81.241.209 - - [13/Jan/2024:09:01:02 -0500] "GET /sipse/faces/javax.faces.resource/primefaces.js?ln=primefaces&v=4.0 HTTP/1.1" 304 -
186.81.241.209 - - [13/Jan/2024:09:01:02 -0500] "GET /sipse/faces/javax.faces.resource/layout/layout.js?ln=primefaces&v=4.0 HTTP/1.1" 304 -
186.81.241.209 - - [13/Jan/2024:09:01:02 -0500] "GET /sipse/faces/javax.faces.resource/images/ui-icons_898989_256x240.png?ln=primefaces-aristo HTTP/1.1" 304 -
216.244.66.195 - - [13/Jan/2024:09:01:07 -0500] "GET /BLA/resoluciones/RESOLUCIONES%202019/0448.pdf HTTP/1.1" 200 362748
172.22.1.61 - - [13/Jan/2024:09:01:08 -0500] "GET /reportes_sipse/sdg/ServletViabilidad?reporte=memo_viabilidad&solicitud=23565 HTTP/1.1" 200 1538
186.81.241.209 - - [13/Jan/2024:09:01:10 -0500] "GET /sipse/faces/javax.faces.resource/layout/layout.css?ln=primefaces&v=4.0 HTTP/1.1" 304 -
186.81.241.209 - - [13/Jan/2024:09:01:10 -0500] "GET /sipse/faces/javax.faces.resource/primefaces.css?ln=primefaces&v=4.0 HTTP/1.1" 304 -
186.81.241.209 - - [13/Jan/2024:09:01:10 -0500] "GET /sipse/faces/javax.faces.resource/theme.css?ln=primefaces-sipse HTTP/1.1" 304 -
186.81.241.209 - - [13/Jan/2024:09:01:07 -0500] "POST /sipse/faces/presentacion/financiero/solicitudProceso/consultarSolicitudProceso.xhtml HTTP/1.1" 200 65655
186.81.241.209 - - [13/Jan/2024:09:01:10 -0500] "GET /sipse/faces/javax.faces.resource/primefaces.js?ln=primefaces&v=4.0 HTTP/1.1" 304 -
186.81.241.209 - - [13/Jan/2024:09:01:10 -0500] "GET /sipse/faces/javax.faces.resource/jquery/jquery.js?ln=primefaces&v=4.0 HTTP/1.1" 304 -
186.81.241.209 - - [13/Jan/2024:09:01:10 -0500] "GET /sipse/faces/javax.faces.resource/layout/layout.js?ln=primefaces&v=4.0 HTTP/1.1" 304 -
186.81.241.209 - - [13/Jan/2024:09:01:10 -0500] "GET /sipse/faces/javax.faces.resource/jquery/jquery-plugins.js?ln=primefaces&v=4.0 HTTP/1.1" 304 -
186.81.241.209 - - [13/Jan/2024:09:01:10 -0500] "GET /sipse/faces/javax.faces.resource/images/ui-icons_898989_256x240.png?ln=primefaces-aristo HTTP/1.1" 304 -
186.81.241.209 - - [13/Jan/2024:09:01:10 -0500] "GET /sipse/faces/javax.faces.resource/messages/messages.png?ln=primefaces&v=4.0 HTTP/1.1" 304 -
186.81.241.209 - - [13/Jan/2024:09:01:10 -0500] "GET /sipse/faces/javax.faces.resource/images/ui-bg_flat_0_2d5972_40x100.png?ln=primefaces-aristo HTTP/1.1" 304 -
186.81.241.209 - - [13/Jan/2024:09:01:10 -0500] "POST /sipse/faces/presentacion/financiero/solicitudProceso/listarSolicitudProceso.xhtml HTTP/1.1" 200 1556
186.81.241.209 - - [13/Jan/2024:09:01:10 -0500] "POST /sipse/faces/presentacion/financiero/solicitudProceso/listarSolicitudProceso.xhtml HTTP/1.1" 200 1552
186.81.241.209 - - [13/Jan/2024:09:01:17 -0500] "GET /sipse/faces/javax.faces.resource/images/ui-icons_898989_256x240.png?ln=primefaces-aristo HTTP/1.1" 304 -
186.81.241.209 - - [13/Jan/2024:09:01:17 -0500] "POST /sipse/faces/presentacion/financiero/solicitudProceso/listarSolicitudProceso.xhtml HTTP/1.1" 200 115676
186.81.241.209 - - [13/Jan/2024:09:01:18 -0500] "GET /sipse/faces/javax.faces.resource/theme.css?ln=primefaces-sipse HTTP/1.1" 304 -
186.81.241.209 - - [13/Jan/2024:09:01:18 -0500] "GET /sipse/faces/javax.faces.resource/primefaces.css?ln=primefaces&v=4.0 HTTP/1.1" 304 -
186.81.241.209 - - [13/Jan/2024:09:01:18 -0500] "GET /sipse/faces/javax.faces.resource/layout/layout.css?ln=primefaces&v=4.0 HTTP/1.1" 304 -
186.81.241.209 - - [13/Jan/2024:09:01:18 -0500] "GET /sipse/faces/javax.faces.resource/jquery/jquery.js?ln=primefaces&v=4.0 HTTP/1.1" 304 -
