201.245.192.253 - - [13/Jan/2024:07:43:35 -0500] "POST /forms/lservlet;jsessionid=ac16012b30d6e9245d4a5ae64507bcdc86473ff87750.e3iSbxaKaheRe34Rb3eTbx8LaNb0n6jAmljGr5XDqQLvpAe HTTP/1.1" 200 2
181.52.223.52 - - [13/Jan/2024:07:43:38 -0500] "GET /sipse/faces/javax.faces.resource/images/ui-bg_flat_0_2d5972_40x100.png?ln=primefaces-aristo HTTP/1.1" 200 183
181.52.223.52 - - [13/Jan/2024:07:43:38 -0500] "POST /sipse/faces/bienvenido.xhtml HTTP/1.1" 200 9852
181.52.223.52 - - [13/Jan/2024:07:43:40 -0500] "POST /sipse/faces/bienvenido.xhtml HTTP/1.1" 200 9852
181.52.223.52 - - [13/Jan/2024:07:43:45 -0500] "POST /sipse/faces/bienvenido.xhtml HTTP/1.1" 200 2658
186.84.21.136 - - [13/Jan/2024:07:43:44 -0500] "POST /sipse/faces/presentacion/financiero/solicitudProceso/listarSolicitudProceso.xhtml HTTP/1.1" 200 127828
186.84.21.136 - - [13/Jan/2024:07:43:45 -0500] "GET /sipse/faces/javax.faces.resource/theme.css?ln=primefaces-sipse HTTP/1.1" 304 -
186.84.21.136 - - [13/Jan/2024:07:43:45 -0500] "GET /sipse/faces/javax.faces.resource/primefaces.css?ln=primefaces&v=4.0 HTTP/1.1" 304 -
186.84.21.136 - - [13/Jan/2024:07:43:45 -0500] "GET /sipse/faces/javax.faces.resource/layout/layout.css?ln=primefaces&v=4.0 HTTP/1.1" 304 -
186.84.21.136 - - [13/Jan/2024:07:43:45 -0500] "GET /sipse/faces/javax.faces.resource/jquery/jquery.js?ln=primefaces&v=4.0 HTTP/1.1" 304 -
186.84.21.136 - - [13/Jan/2024:07:43:45 -0500] "GET /sipse/faces/javax.faces.resource/jquery/jquery-plugins.js?ln=primefaces&v=4.0 HTTP/1.1" 304 -
186.84.21.136 - - [13/Jan/2024:07:43:45 -0500] "GET /sipse/faces/javax.faces.resource/primefaces.js?ln=primefaces&v=4.0 HTTP/1.1" 304 -
186.84.21.136 - - [13/Jan/2024:07:43:45 -0500] "GET /sipse/faces/javax.faces.resource/layout/layout.js?ln=primefaces&v=4.0 HTTP/1.1" 304 -
181.52.223.52 - - [13/Jan/2024:07:43:46 -0500] "POST /sipse/faces/bienvenido.xhtml HTTP/1.1" 200 39319
181.52.223.52 - - [13/Jan/2024:07:43:46 -0500] "GET /sipse/faces/javax.faces.resource/theme.css?ln=primefaces-sipse HTTP/1.1" 304 -
181.52.223.52 - - [13/Jan/2024:07:43:46 -0500] "GET /sipse/faces/javax.faces.resource/primefaces.css?ln=primefaces&v=4.0 HTTP/1.1" 304 -
181.52.223.52 - - [13/Jan/2024:07:43:46 -0500] "GET /sipse/faces/javax.faces.resource/layout/layout.css?ln=primefaces&v=4.0 HTTP/1.1" 304 -
181.52.223.52 - - [13/Jan/2024:07:43:46 -0500] "GET /sipse/faces/javax.faces.resource/jquery/jquery.js?ln=primefaces&v=4.0 HTTP/1.1" 304 -
181.52.223.52 - - [13/Jan/2024:07:43:47 -0500] "GET /sipse/faces/javax.faces.resource/jquery/jquery-plugins.js?ln=primefaces&v=4.0 HTTP/1.1" 304 -
181.52.223.52 - - [13/Jan/2024:07:43:47 -0500] "GET /sipse/faces/javax.faces.resource/primefaces.js?ln=primefaces&v=4.0 HTTP/1.1" 304 -
181.52.223.52 - - [13/Jan/2024:07:43:47 -0500] "GET /sipse/faces/javax.faces.resource/layout/layout.js?ln=primefaces&v=4.0 HTTP/1.1" 304 -
181.52.223.52 - - [13/Jan/2024:07:43:47 -0500] "POST /sipse/faces/presentacion/financiero/solicitudProceso/listarSolicitudProceso.xhtml HTTP/1.1" 200 1420
186.84.21.136 - - [13/Jan/2024:07:43:50 -0500] "POST /sipse/faces/presentacion/financiero/solicitudProceso/consultarSolicitudProceso.xhtml HTTP/1.1" 200 28518
186.84.21.136 - - [13/Jan/2024:07:43:50 -0500] "GET /sipse/faces/javax.faces.resource/theme.css?ln=primefaces-sipse HTTP/1.1" 304 -
186.84.21.136 - - [13/Jan/2024:07:43:50 -0500] "GET /sipse/faces/javax.faces.resource/primefaces.css?ln=primefaces&v=4.0 HTTP/1.1" 304 -
186.84.21.136 - - [13/Jan/2024:07:43:50 -0500] "GET /sipse/faces/javax.faces.resource/layout/layout.css?ln=primefaces&v=4.0 HTTP/1.1" 304 -
186.84.21.136 - - [13/Jan/2024:07:43:50 -0500] "GET /sipse/faces/javax.faces.resource/jquery/jquery.js?ln=primefaces&v=4.0 HTTP/1.1" 304 -
186.84.21.136 - - [13/Jan/2024:07:43:50 -0500] "GET /sipse/faces/javax.faces.resource/jquery/jquery-plugins.js?ln=primefaces&v=4.0 HTTP/1.1" 304 -
186.84.21.136 - - [13/Jan/2024:07:43:50 -0500] "GET /sipse/faces/javax.faces.resource/primefaces.js?ln=primefaces&v=4.0 HTTP/1.1" 304 -
186.84.21.136 - - [13/Jan/2024:07:43:50 -0500] "GET /sipse/faces/javax.faces.resource/layout/layout.js?ln=primefaces&v=4.0 HTTP/1.1" 304 -
181.52.223.52 - - [13/Jan/2024:07:44:05 -0500] "POST /sipse/faces/presentacion/financiero/solicitudProceso/listarSolicitudProceso.xhtml HTTP/1.1" 200 124351
181.52.223.52 - - [13/Jan/2024:07:44:06 -0500] "GET /sipse/faces/javax.faces.resource/theme.css?ln=primefaces-sipse HTTP/1.1" 304 -
181.52.223.52 - - [13/Jan/2024:07:44:06 -0500] "GET /sipse/faces/javax.faces.resource/layout/layout.css?ln=primefaces&v=4.0 HTTP/1.1" 304 -
181.52.223.52 - - [13/Jan/2024:07:44:06 -0500] "GET /sipse/faces/javax.faces.resource/primefaces.css?ln=primefaces&v=4.0 HTTP/1.1" 304 -
181.52.223.52 - - [13/Jan/2024:07:44:06 -0500] "GET /sipse/faces/javax.faces.resource/jquery/jquery.js?ln=primefaces&v=4.0 HTTP/1.1" 304 -
181.52.223.52 - - [13/Jan/2024:07:44:06 -0500] "GET /sipse/faces/javax.faces.resource/jquery/jquery-plugins.js?ln=primefaces&v=4.0 HTTP/1.1" 304 -
181.52.223.52 - - [13/Jan/2024:07:44:06 -0500] "GET /sipse/faces/javax.faces.resource/primefaces.js?ln=primefaces&v=4.0 HTTP/1.1" 304 -
181.52.223.52 - - [13/Jan/2024:07:44:06 -0500] "GET /sipse/faces/javax.faces.resource/layout/layout.js?ln=primefaces&v=4.0 HTTP/1.1" 304 -
186.84.21.136 - - [13/Jan/2024:07:44:06 -0500] "GET /sipse/faces/javax.faces.resource/theme.css?ln=primefaces-sipse HTTP/1.1" 304 -
186.84.21.136 - - [13/Jan/2024:07:44:06 -0500] "GET /sipse/faces/javax.faces.resource/primefaces.css?ln=primefaces&v=4.0 HTTP/1.1" 304 -
186.84.21.136 - - [13/Jan/2024:07:44:07 -0500] "GET /sipse/faces/javax.faces.resource/layout/layout.css?ln=primefaces&v=4.0 HTTP/1.1" 304 -
186.84.21.136 - - [13/Jan/2024:07:44:07 -0500] "GET /sipse/faces/javax.faces.resource/jquery/jquery-plugins.js?ln=primefaces&v=4.0 HTTP/1.1" 304 -
186.84.21.136 - - [13/Jan/2024:07:44:07 -0500] "GET /sipse/faces/javax.faces.resource/primefaces.js?ln=primefaces&v=4.0 HTTP/1.1" 304 -
186.84.21.136 - - [13/Jan/2024:07:44:07 -0500] "GET /sipse/faces/javax.faces.resource/jquery/jquery.js?ln=primefaces&v=4.0 HTTP/1.1" 304 -
186.84.21.136 - - [13/Jan/2024:07:44:07 -0500] "GET /sipse/faces/javax.faces.resource/layout/layout.js?ln=primefaces&v=4.0 HTTP/1.1" 304 -
186.84.21.136 - - [13/Jan/2024:07:44:06 -0500] "POST /sipse/faces/presentacion/financiero/solicitudProceso/consultarHistorialSolProceso.xhtml HTTP/1.1" 200 177705
66.249.66.20 - - [13/Jan/2024:07:44:07 -0500] "GET /resoluciones/RESOLUCIONES%202009/1267.pdf HTTP/1.1" 404 1018
186.84.21.136 - - [13/Jan/2024:07:44:09 -0500] "POST /sipse/faces/presentacion/financiero/solicitudProceso/consultarSolicitudProceso.xhtml HTTP/1.1" 200 63730
186.84.21.136 - - [13/Jan/2024:07:44:09 -0500] "GET /sipse/faces/javax.faces.resource/theme.css?ln=primefaces-sipse HTTP/1.1" 304 -
186.84.21.136 - - [13/Jan/2024:07:44:09 -0500] "GET /sipse/faces/javax.faces.resource/layout/layout.css?ln=primefaces&v=4.0 HTTP/1.1" 304 -
186.84.21.136 - - [13/Jan/2024:07:44:09 -0500] "GET /sipse/faces/javax.faces.resource/primefaces.css?ln=primefaces&v=4.0 HTTP/1.1" 304 -
186.84.21.136 - - [13/Jan/2024:07:44:09 -0500] "GET /sipse/faces/javax.faces.resource/jquery/jquery.js?ln=primefaces&v=4.0 HTTP/1.1" 304 -
186.84.21.136 - - [13/Jan/2024:07:44:09 -0500] "GET /sipse/faces/javax.faces.resource/jquery/jquery-plugins.js?ln=primefaces&v=4.0 HTTP/1.1" 304 -
186.84.21.136 - - [13/Jan/2024:07:44:09 -0500] "GET /sipse/faces/javax.faces.resource/primefaces.js?ln=primefaces&v=4.0 HTTP/1.1" 304 -
186.84.21.136 - - [13/Jan/2024:07:44:09 -0500] "GET /sipse/faces/javax.faces.resource/layout/layout.js?ln=primefaces&v=4.0 HTTP/1.1" 304 -
186.84.21.136 - - [13/Jan/2024:07:44:09 -0500] "POST /sipse/faces/presentacion/financiero/solicitudProceso/listarSolicitudProceso.xhtml HTTP/1.1" 200 1556
172.22.2.4 - - [13/Jan/2024:07:42:37 -0500] "GET /BLA/boletinlegal/ HTTP/1.1" 200 58666
181.52.223.52 - - [13/Jan/2024:07:44:16 -0500] "POST /sipse/faces/presentacion/financiero/solicitudProceso/consultarSolicitudProceso.xhtml HTTP/1.1" 200 36770
181.52.223.52 - - [13/Jan/2024:07:44:18 -0500] "GET /sipse/faces/javax.faces.resource/theme.css?ln=primefaces-sipse HTTP/1.1" 304 -
181.52.223.52 - - [13/Jan/2024:07:44:18 -0500] "GET /sipse/faces/javax.faces.resource/primefaces.css?ln=primefaces&v=4.0 HTTP/1.1" 304 -
181.52.223.52 - - [13/Jan/2024:07:44:18 -0500] "GET /sipse/faces/javax.faces.resource/layout/layout.css?ln=primefaces&v=4.0 HTTP/1.1" 304 -
181.52.223.52 - - [13/Jan/2024:07:44:18 -0500] "GET /sipse/faces/javax.faces.resource/jquery/jquery.js?ln=primefaces&v=4.0 HTTP/1.1" 304 -
181.52.223.52 - - [13/Jan/2024:07:44:18 -0500] "GET /sipse/faces/javax.faces.resource/jquery/jquery-plugins.js?ln=primefaces&v=4.0 HTTP/1.1" 304 -
181.52.223.52 - - [13/Jan/2024:07:44:18 -0500] "GET /sipse/faces/javax.faces.resource/primefaces.js?ln=primefaces&v=4.0 HTTP/1.1" 304 -
201.245.192.253 - - [13/Jan/2024:07:44:18 -0500] "POST /forms/lservlet;jsessionid=ac16012b30d6daf3d1e69b9448f9b338854e2531f358.e3iSbxaKaheRe34Rb3eTbx8LaNb0n6jAmljGr5XDqQLvpAe HTTP/1.1" 200 2
181.52.223.52 - - [13/Jan/2024:07:44:18 -0500] "GET /sipse/faces/javax.faces.resource/layout/layout.js?ln=primefaces&v=4.0 HTTP/1.1" 304 -
181.52.223.52 - - [13/Jan/2024:07:44:18 -0500] "POST /sipse/faces/presentacion/financiero/solicitudProceso/listarSolicitudProceso.xhtml HTTP/1.1" 200 1392
186.84.21.136 - - [13/Jan/2024:07:44:23 -0500] "POST /sipse/faces/presentacion/financiero/solicitudProceso/listarSolicitudProceso.xhtml HTTP/1.1" 200 20149
27.115.124.118 - - [13/Jan/2024:07:44:24 -0500] "GET /sipse/faces/presentacion/financiero/solicitudProceso/consultarHistorialSolProceso.xhtml HTTP/1.1" 302 -
27.115.124.118 - - [13/Jan/2024:07:44:24 -0500] "GET /sipse/faces/autenticacion.xhtml HTTP/1.1" 200 12403
27.115.124.45 - - [13/Jan/2024:07:44:28 -0500] "GET /sipse/faces/presentacion/financiero/solicitudProceso/consultarHistorialSolProceso.xhtml HTTP/1.1" 302 -
181.52.223.52 - - [13/Jan/2024:07:44:28 -0500] "POST /sipse/faces/presentacion/financiero/solicitudProceso/listarSolicitudProceso.xhtml HTTP/1.1" 200 122360
181.52.223.52 - - [13/Jan/2024:07:44:28 -0500] "GET /sipse/faces/javax.faces.resource/theme.css?ln=primefaces-sipse HTTP/1.1" 304 -
181.52.223.52 - - [13/Jan/2024:07:44:28 -0500] "GET /sipse/faces/javax.faces.resource/primefaces.css?ln=primefaces&v=4.0 HTTP/1.1" 304 -
181.52.223.52 - - [13/Jan/2024:07:44:28 -0500] "GET /sipse/faces/javax.faces.resource/layout/layout.css?ln=primefaces&v=4.0 HTTP/1.1" 304 -
27.115.124.38 - - [13/Jan/2024:07:44:28 -0500] "GET /sipse/js/disable_browser_buttons.js HTTP/1.1" 200 3230
181.52.223.52 - - [13/Jan/2024:07:44:28 -0500] "GET /sipse/faces/javax.faces.resource/jquery/jquery.js?ln=primefaces&v=4.0 HTTP/1.1" 304 -
181.52.223.52 - - [13/Jan/2024:07:44:29 -0500] "GET /sipse/faces/javax.faces.resource/jquery/jquery-plugins.js?ln=primefaces&v=4.0 HTTP/1.1" 304 -
181.52.223.52 - - [13/Jan/2024:07:44:29 -0500] "GET /sipse/faces/javax.faces.resource/primefaces.js?ln=primefaces&v=4.0 HTTP/1.1" 304 -
181.52.223.52 - - [13/Jan/2024:07:44:29 -0500] "GET /sipse/faces/javax.faces.resource/layout/layout.js?ln=primefaces&v=4.0 HTTP/1.1" 304 -
27.115.124.45 - - [13/Jan/2024:07:44:28 -0500] "GET /sipse/faces/autenticacion.xhtml HTTP/1.1" 200 12403
27.115.124.70 - - [13/Jan/2024:07:44:29 -0500] "GET /sipse/css/custom_css_sg_prime_login.css HTTP/1.1" 200 443
27.115.124.45 - - [13/Jan/2024:07:44:29 -0500] "GET /sipse/faces/javax.faces.resource/layout/layout.css?ln=primefaces&v=4.0 HTTP/1.1" 200 542
27.115.124.70 - - [13/Jan/2024:07:44:29 -0500] "GET /sipse/js/funciones.js HTTP/1.1" 200 12592
27.115.124.118 - - [13/Jan/2024:07:44:30 -0500] "GET /sipse/css/custom_css_sg.css HTTP/1.1" 200 9694
27.115.124.53 - - [13/Jan/2024:07:44:29 -0500] "GET /sipse/faces/javax.faces.resource/theme.css?ln=primefaces-sipse HTTP/1.1" 200 50058
27.115.124.38 - - [13/Jan/2024:07:44:29 -0500] "GET /sipse/faces/javax.faces.resource/jquery/jquery.js?ln=primefaces&v=4.0 HTTP/1.1" 200 105384
27.115.124.6 - - [13/Jan/2024:07:44:29 -0500] "GET /sipse/faces/javax.faces.resource/primefaces.css?ln=primefaces&v=4.0 HTTP/1.1" 200 53295
27.115.124.45 - - [13/Jan/2024:07:44:29 -0500] "GET /sipse/faces/javax.faces.resource/jquery/jquery-plugins.js?ln=primefaces&v=4.0 HTTP/1.1" 200 220526
27.115.124.118 - - [13/Jan/2024:07:44:31 -0500] "GET /sipse/faces/javax.faces.resource/primefaces.js?ln=primefaces&v=4.0 HTTP/1.1" 200 276924
27.115.124.38 - - [13/Jan/2024:07:44:32 -0500] "GET /sipse/faces/javax.faces.resource/layout/layout.js?ln=primefaces&v=4.0 HTTP/1.1" 200 87560
27.115.124.45 - - [13/Jan/2024:07:44:34 -0500] "GET /sipse/faces/javax.faces.resource/images/ui-icons_898989_256x240.png?ln=primefaces-aristo HTTP/1.1" 200 5355
27.115.124.6 - - [13/Jan/2024:07:44:34 -0500] "GET /sipse/css/imagen/logoSDG.png HTTP/1.1" 200 53064
27.115.124.38 - - [13/Jan/2024:07:44:34 -0500] "GET /sipse/css/imagen/loginimg.png HTTP/1.1" 200 71635
181.52.223.52 - - [13/Jan/2024:07:44:34 -0500] "POST /sipse/faces/presentacion/financiero/solicitudProceso/consultarSolicitudProceso.xhtml HTTP/1.1" 200 33585
181.52.223.52 - - [13/Jan/2024:07:44:36 -0500] "GET /sipse/faces/javax.faces.resource/layout/layout.css?ln=primefaces&v=4.0 HTTP/1.1" 304 -
181.52.223.52 - - [13/Jan/2024:07:44:36 -0500] "GET /sipse/faces/javax.faces.resource/theme.css?ln=primefaces-sipse HTTP/1.1" 304 -
181.52.223.52 - - [13/Jan/2024:07:44:36 -0500] "GET /sipse/faces/javax.faces.resource/primefaces.css?ln=primefaces&v=4.0 HTTP/1.1" 304 -
181.52.223.52 - - [13/Jan/2024:07:44:36 -0500] "GET /sipse/faces/javax.faces.resource/jquery/jquery.js?ln=primefaces&v=4.0 HTTP/1.1" 304 -
181.52.223.52 - - [13/Jan/2024:07:44:36 -0500] "GET /sipse/faces/javax.faces.resource/jquery/jquery-plugins.js?ln=primefaces&v=4.0 HTTP/1.1" 304 -
181.52.223.52 - - [13/Jan/2024:07:44:36 -0500] "GET /sipse/faces/javax.faces.resource/primefaces.js?ln=primefaces&v=4.0 HTTP/1.1" 304 -
181.52.223.52 - - [13/Jan/2024:07:44:36 -0500] "GET /sipse/faces/javax.faces.resource/layout/layout.js?ln=primefaces&v=4.0 HTTP/1.1" 304 -
181.52.223.52 - - [13/Jan/2024:07:44:36 -0500] "POST /sipse/faces/presentacion/financiero/solicitudProceso/listarSolicitudProceso.xhtml HTTP/1.1" 200 1376
66.249.66.21 - - [13/Jan/2024:07:44:49 -0500] "GET /BLA/resoluciones/RESOLUCIONES%202009/3865.pdf HTTP/1.1" 200 1141662
201.245.192.253 - - [13/Jan/2024:07:44:54 -0500] "POST /kwsrmcab/Wsrmcab  HTTP/1.1" 200 39439
201.245.192.253 - - [13/Jan/2024:07:45:35 -0500] "POST /forms/lservlet;jsessionid=ac16012b30d6e9245d4a5ae64507bcdc86473ff87750.e3iSbxaKaheRe34Rb3eTbx8LaNb0n6jAmljGr5XDqQLvpAe HTTP/1.1" 200 2
216.245.221.92 - - [13/Jan/2024:07:45:53 -0500] "HEAD / HTTP/1.1" 200 -
201.245.192.253 - - [13/Jan/2024:07:46:18 -0500] "POST /forms/lservlet;jsessionid=ac16012b30d6daf3d1e69b9448f9b338854e2531f358.e3iSbxaKaheRe34Rb3eTbx8LaNb0n6jAmljGr5XDqQLvpAe HTTP/1.1" 200 2
172.22.2.4 - - [13/Jan/2024:07:46:28 -0500] "GET /BLA/boletinlegal/jurisprudencia/analisis/AnalisisT-693-12.docx HTTP/1.1" 304 -
66.249.66.21 - - [13/Jan/2024:07:46:31 -0500] "GET /BLA/resoluciones/RESOLUCIONES%202009/7138.pdf HTTP/1.1" 200 1052417
201.245.192.253 - - [13/Jan/2024:07:47:35 -0500] "POST /forms/lservlet;jsessionid=ac16012b30d6e9245d4a5ae64507bcdc86473ff87750.e3iSbxaKaheRe34Rb3eTbx8LaNb0n6jAmljGr5XDqQLvpAe HTTP/1.1" 200 2
172.22.2.4 - - [13/Jan/2024:07:47:02 -0500] "GET /BLA/boletinlegal/ HTTP/1.1" 200 24523
201.245.192.253 - - [13/Jan/2024:07:48:18 -0500] "POST /forms/lservlet;jsessionid=ac16012b30d6daf3d1e69b9448f9b338854e2531f358.e3iSbxaKaheRe34Rb3eTbx8LaNb0n6jAmljGr5XDqQLvpAe HTTP/1.1" 200 2
216.244.66.195 - - [13/Jan/2024:07:48:33 -0500] "GET /robots.txt HTTP/1.1" 404 1018
172.22.2.4 - - [13/Jan/2024:07:47:37 -0500] "HEAD /BLA/boletinlegal/ HTTP/1.1" 200 -
201.245.192.253 - - [13/Jan/2024:07:49:35 -0500] "POST /forms/lservlet;jsessionid=ac16012b30d6e9245d4a5ae64507bcdc86473ff87750.e3iSbxaKaheRe34Rb3eTbx8LaNb0n6jAmljGr5XDqQLvpAe HTTP/1.1" 200 2
201.245.192.253 - - [13/Jan/2024:07:49:52 -0500] "POST /kwsrmcab/Wsrmcab  HTTP/1.1" 200 39439
179.33.116.32 - - [13/Jan/2024:07:50:03 -0500] "GET /sipse/faces/faces/autenticacion.xhtml HTTP/1.1" 200 12725
179.33.116.32 - - [13/Jan/2024:07:50:03 -0500] "GET /sipse/js/disable_browser_buttons.js HTTP/1.1" 304 -
179.33.116.32 - - [13/Jan/2024:07:50:03 -0500] "GET /sipse/js/funciones.js HTTP/1.1" 304 -
179.33.116.32 - - [13/Jan/2024:07:50:03 -0500] "GET /sipse/faces/javax.faces.resource/layout/layout.css;jsessionid=5bA7ill9w2yHGl4WaoDTYMyO.undefined?ln=primefaces&v=4.0 HTTP/1.1" 200 542
179.33.116.32 - - [13/Jan/2024:07:50:03 -0500] "GET /sipse/css/custom_css_sg.css HTTP/1.1" 304 -
179.33.116.32 - - [13/Jan/2024:07:50:03 -0500] "GET /sipse/faces/javax.faces.resource/theme.css?ln=primefaces-sipse HTTP/1.1" 304 -
179.33.116.32 - - [13/Jan/2024:07:50:03 -0500] "GET /sipse/faces/javax.faces.resource/primefaces.css;jsessionid=5bA7ill9w2yHGl4WaoDTYMyO.undefined?ln=primefaces&v=4.0 HTTP/1.1" 200 53295
179.33.116.32 - - [13/Jan/2024:07:50:03 -0500] "GET /sipse/faces/javax.faces.resource/layout/layout.js;jsessionid=5bA7ill9w2yHGl4WaoDTYMyO.undefined?ln=primefaces&v=4.0 HTTP/1.1" 200 87560
179.33.116.32 - - [13/Jan/2024:07:50:03 -0500] "GET /sipse/faces/javax.faces.resource/primefaces.js;jsessionid=5bA7ill9w2yHGl4WaoDTYMyO.undefined?ln=primefaces&v=4.0 HTTP/1.1" 200 276924
179.33.116.32 - - [13/Jan/2024:07:50:03 -0500] "GET /sipse/faces/javax.faces.resource/jquery/jquery.js;jsessionid=5bA7ill9w2yHGl4WaoDTYMyO.undefined?ln=primefaces&v=4.0 HTTP/1.1" 200 105384
179.33.116.32 - - [13/Jan/2024:07:50:03 -0500] "GET /sipse/faces/javax.faces.resource/jquery/jquery-plugins.js;jsessionid=5bA7ill9w2yHGl4WaoDTYMyO.undefined?ln=primefaces&v=4.0 HTTP/1.1" 200 220526
179.33.116.32 - - [13/Jan/2024:07:50:03 -0500] "GET /sipse/faces/javax.faces.resource/images/ui-icons_898989_256x240.png?ln=primefaces-aristo HTTP/1.1" 200 5355
179.33.116.32 - - [13/Jan/2024:07:50:03 -0500] "GET /sipse/css/imagen/logoSDG.png HTTP/1.1" 200 53064
179.33.116.32 - - [13/Jan/2024:07:50:03 -0500] "GET /sipse/css/imagen/loginimg.png HTTP/1.1" 200 23906
179.33.116.32 - - [13/Jan/2024:07:50:03 -0500] "GET /favicon.ico HTTP/1.1" 200 7782
179.33.116.32 - - [13/Jan/2024:07:50:03 -0500] "GET /sipse/faces/faces/index.xhtml HTTP/1.1" 200 677
179.33.116.32 - - [13/Jan/2024:07:50:03 -0500] "GET /sipse/faces/javax.faces.resource/theme.css?ln=primefaces-sipse HTTP/1.1" 304 -
179.33.116.32 - - [13/Jan/2024:07:50:04 -0500] "GET /sipse/faces/faces/faces/autenticacion.xhtml HTTP/1.1" 200 12403
179.33.116.32 - - [13/Jan/2024:07:50:04 -0500] "GET /sipse/faces/javax.faces.resource/theme.css?ln=primefaces-sipse HTTP/1.1" 304 -
179.33.116.32 - - [13/Jan/2024:07:50:04 -0500] "GET /sipse/faces/javax.faces.resource/primefaces.css?ln=primefaces&v=4.0 HTTP/1.1" 304 -
179.33.116.32 - - [13/Jan/2024:07:50:04 -0500] "GET /sipse/faces/javax.faces.resource/layout/layout.css?ln=primefaces&v=4.0 HTTP/1.1" 304 -
179.33.116.32 - - [13/Jan/2024:07:50:04 -0500] "GET /sipse/faces/javax.faces.resource/jquery/jquery.js?ln=primefaces&v=4.0 HTTP/1.1" 304 -
179.33.116.32 - - [13/Jan/2024:07:50:04 -0500] "GET /sipse/faces/javax.faces.resource/jquery/jquery-plugins.js?ln=primefaces&v=4.0 HTTP/1.1" 304 -
179.33.116.32 - - [13/Jan/2024:07:50:04 -0500] "GET /sipse/faces/javax.faces.resource/layout/layout.js?ln=primefaces&v=4.0 HTTP/1.1" 304 -
179.33.116.32 - - [13/Jan/2024:07:50:04 -0500] "GET /sipse/faces/javax.faces.resource/primefaces.js?ln=primefaces&v=4.0 HTTP/1.1" 304 -
179.33.116.32 - - [13/Jan/2024:07:50:04 -0500] "GET /sipse/faces/javax.faces.resource/images/ui-icons_898989_256x240.png?ln=primefaces-aristo HTTP/1.1" 304 -
179.33.116.32 - - [13/Jan/2024:07:50:06 -0500] "POST /sipse/faces/autenticacion.xhtml HTTP/1.1" 200 2223
179.33.116.32 - - [13/Jan/2024:07:50:06 -0500] "GET /sipse/faces/javax.faces.resource/messages/messages.png?ln=primefaces&v=4.0 HTTP/1.1" 200 27209
179.33.116.32 - - [13/Jan/2024:07:50:07 -0500] "POST /sipse/faces/autenticacion.xhtml HTTP/1.1" 200 16398
179.33.116.32 - - [13/Jan/2024:07:50:07 -0500] "GET /sipse/css/custom_css_sg_prime.css HTTP/1.1" 200 5201
179.33.116.32 - - [13/Jan/2024:07:50:07 -0500] "GET /sipse/js/jquery.min.js HTTP/1.1" 304 -
172.22.2.4 - - [13/Jan/2024:07:48:27 -0500] "GET /BLA/boletinlegal/ HTTP/1.1" 200 58666
179.33.116.32 - - [13/Jan/2024:07:50:08 -0500] "GET /sipse/faces/javax.faces.resource/jquery/jquery.js?ln=primefaces&v=4.0 HTTP/1.1" 304 -
179.33.116.32 - - [13/Jan/2024:07:50:08 -0500] "GET /sipse/faces/javax.faces.resource/jquery/jquery-plugins.js?ln=primefaces&v=4.0 HTTP/1.1" 304 -
179.33.116.32 - - [13/Jan/2024:07:50:08 -0500] "GET /sipse/faces/javax.faces.resource/primefaces.js?ln=primefaces&v=4.0 HTTP/1.1" 304 -
179.33.116.32 - - [13/Jan/2024:07:50:08 -0500] "GET /sipse/faces/javax.faces.resource/layout/layout.js?ln=primefaces&v=4.0 HTTP/1.1" 304 -
179.33.116.32 - - [13/Jan/2024:07:50:08 -0500] "GET /sipse/css/imagen/contrasena.png HTTP/1.1" 404 383
179.33.116.32 - - [13/Jan/2024:07:50:11 -0500] "GET /sipse/faces/javax.faces.resource/images/ui-bg_flat_0_2d5972_40x100.png?ln=primefaces-aristo HTTP/1.1" 200 183
179.33.116.32 - - [13/Jan/2024:07:50:11 -0500] "POST /sipse/faces/bienvenido.xhtml HTTP/1.1" 200 2060
179.33.116.32 - - [13/Jan/2024:07:50:12 -0500] "POST /sipse/faces/bienvenido.xhtml HTTP/1.1" 200 62852
179.33.116.32 - - [13/Jan/2024:07:50:12 -0500] "GET /sipse/faces/javax.faces.resource/jquery/jquery.js?ln=primefaces&v=4.0 HTTP/1.1" 304 -
179.33.116.32 - - [13/Jan/2024:07:50:12 -0500] "GET /sipse/faces/javax.faces.resource/jquery/jquery-plugins.js?ln=primefaces&v=4.0 HTTP/1.1" 304 -
179.33.116.32 - - [13/Jan/2024:07:50:12 -0500] "GET /sipse/faces/javax.faces.resource/primefaces.js?ln=primefaces&v=4.0 HTTP/1.1" 304 -
179.33.116.32 - - [13/Jan/2024:07:50:12 -0500] "GET /sipse/faces/javax.faces.resource/layout/layout.js?ln=primefaces&v=4.0 HTTP/1.1" 304 -
179.33.116.32 - - [13/Jan/2024:07:50:12 -0500] "POST /sipse/faces/presentacion/financiero/solicitudProceso/listarSolicitudProceso.xhtml HTTP/1.1" 200 1556
201.245.192.253 - - [13/Jan/2024:07:50:18 -0500] "POST /forms/lservlet;jsessionid=ac16012b30d6daf3d1e69b9448f9b338854e2531f358.e3iSbxaKaheRe34Rb3eTbx8LaNb0n6jAmljGr5XDqQLvpAe HTTP/1.1" 200 2
179.33.116.32 - - [13/Jan/2024:07:50:25 -0500] "POST /sipse/faces/presentacion/financiero/solicitudProceso/listarSolicitudProceso.xhtml HTTP/1.1" 200 106789
179.33.116.32 - - [13/Jan/2024:07:50:25 -0500] "GET /sipse/faces/javax.faces.resource/jquery/jquery.js?ln=primefaces&v=4.0 HTTP/1.1" 304 -
179.33.116.32 - - [13/Jan/2024:07:50:25 -0500] "GET /sipse/faces/javax.faces.resource/jquery/jquery-plugins.js?ln=primefaces&v=4.0 HTTP/1.1" 304 -
179.33.116.32 - - [13/Jan/2024:07:50:26 -0500] "GET /sipse/faces/javax.faces.resource/primefaces.js?ln=primefaces&v=4.0 HTTP/1.1" 304 -
179.33.116.32 - - [13/Jan/2024:07:50:26 -0500] "GET /sipse/faces/javax.faces.resource/layout/layout.js?ln=primefaces&v=4.0 HTTP/1.1" 304 -
216.245.221.92 - - [13/Jan/2024:07:50:53 -0500] "HEAD / HTTP/1.1" 200 -
201.245.192.253 - - [13/Jan/2024:07:51:35 -0500] "POST /forms/lservlet;jsessionid=ac16012b30d6e9245d4a5ae64507bcdc86473ff87750.e3iSbxaKaheRe34Rb3eTbx8LaNb0n6jAmljGr5XDqQLvpAe HTTP/1.1" 200 2
201.245.192.253 - - [13/Jan/2024:07:52:18 -0500] "POST /forms/lservlet;jsessionid=ac16012b30d6daf3d1e69b9448f9b338854e2531f358.e3iSbxaKaheRe34Rb3eTbx8LaNb0n6jAmljGr5XDqQLvpAe HTTP/1.1" 200 2
66.249.66.19 - - [13/Jan/2024:07:52:52 -0500] "GET /BLA/resoluciones/RESOLUCIONES%202010/6975.pdf HTTP/1.1" 200 378188
179.33.116.32 - - [13/Jan/2024:07:53:13 -0500] "POST /sipse/faces/presentacion/financiero/solicitudProceso/consultarSolicitudProceso.xhtml HTTP/1.1" 200 5431
201.245.192.253 - - [13/Jan/2024:07:53:35 -0500] "POST /forms/lservlet;jsessionid=ac16012b30d6e9245d4a5ae64507bcdc86473ff87750.e3iSbxaKaheRe34Rb3eTbx8LaNb0n6jAmljGr5XDqQLvpAe HTTP/1.1" 200 2
52.167.144.226 - - [13/Jan/2024:07:53:57 -0500] "GET /BLA/resoluciones/AUTOS%202020/3956.pdf HTTP/1.1" 200 2776411
201.245.192.253 - - [13/Jan/2024:07:54:18 -0500] "POST /forms/lservlet;jsessionid=ac16012b30d6daf3d1e69b9448f9b338854e2531f358.e3iSbxaKaheRe34Rb3eTbx8LaNb0n6jAmljGr5XDqQLvpAe HTTP/1.1" 200 2
173.252.127.16 - - [13/Jan/2024:07:54:30 -0500] "GET /images/Caminatas%20(1)%20(2).jpeg HTTP/1.1" 200 81411
179.33.116.32 - - [13/Jan/2024:07:54:44 -0500] "POST /sipse/faces/presentacion/financiero/solicitudProceso/consultarSolicitudProceso.xhtml HTTP/1.1" 200 158059
201.245.192.253 - - [13/Jan/2024:07:54:50 -0500] "POST /kwsrmcab/Wsrmcab  HTTP/1.1" 200 39439
172.22.2.4 - - [13/Jan/2024:07:53:27 -0500] "HEAD /BLA/boletinlegal/ HTTP/1.1" 200 -
201.245.192.253 - - [13/Jan/2024:07:55:35 -0500] "POST /forms/lservlet;jsessionid=ac16012b30d6e9245d4a5ae64507bcdc86473ff87750.e3iSbxaKaheRe34Rb3eTbx8LaNb0n6jAmljGr5XDqQLvpAe HTTP/1.1" 200 2
216.245.221.92 - - [13/Jan/2024:07:55:53 -0500] "HEAD / HTTP/1.1" 200 -
172.22.2.4 - - [13/Jan/2024:07:54:17 -0500] "GET /BLA/boletinlegal/ HTTP/1.1" 200 58166
201.245.192.253 - - [13/Jan/2024:07:56:18 -0500] "POST /forms/lservlet;jsessionid=ac16012b30d6daf3d1e69b9448f9b338854e2531f358.e3iSbxaKaheRe34Rb3eTbx8LaNb0n6jAmljGr5XDqQLvpAe HTTP/1.1" 200 2
5.161.58.198 - - [13/Jan/2024:07:57:11 -0500] "CONNECT 84.32.188.22:602 HTTP/1.1" 405 940
114.119.150.33 - - [13/Jan/2024:07:57:27 -0500] "GET /BLA/resoluciones/index.php?dir=AUTOS%2B2022/&sort=name&order=asc HTTP/1.1" 200 14291
66.249.66.20 - - [13/Jan/2024:07:57:34 -0500] "GET /BLA/resoluciones/RESOLUCIONES%202009/6718.pdf HTTP/1.1" 200 356860
201.245.192.253 - - [13/Jan/2024:07:57:35 -0500] "POST /forms/lservlet;jsessionid=ac16012b30d6e9245d4a5ae64507bcdc86473ff87750.e3iSbxaKaheRe34Rb3eTbx8LaNb0n6jAmljGr5XDqQLvpAe HTTP/1.1" 200 2
179.33.116.32 - - [13/Jan/2024:07:57:50 -0500] "POST /sipse/faces/presentacion/financiero/solicitudProceso/consultarSolicitudProceso.xhtml HTTP/1.1" 200 154176
179.33.116.32 - - [13/Jan/2024:07:57:50 -0500] "GET /sipse/faces/javax.faces.resource/theme.css?ln=primefaces-sipse HTTP/1.1" 304 -
179.33.116.32 - - [13/Jan/2024:07:57:50 -0500] "GET /sipse/faces/javax.faces.resource/layout/layout.css?ln=primefaces&v=4.0 HTTP/1.1" 304 -
179.33.116.32 - - [13/Jan/2024:07:57:50 -0500] "GET /sipse/faces/javax.faces.resource/primefaces.css?ln=primefaces&v=4.0 HTTP/1.1" 304 -
179.33.116.32 - - [13/Jan/2024:07:57:50 -0500] "GET /sipse/faces/javax.faces.resource/jquery/jquery.js?ln=primefaces&v=4.0 HTTP/1.1" 304 -
179.33.116.32 - - [13/Jan/2024:07:57:50 -0500] "GET /sipse/faces/javax.faces.resource/primefaces.js?ln=primefaces&v=4.0 HTTP/1.1" 304 -
179.33.116.32 - - [13/Jan/2024:07:57:50 -0500] "GET /sipse/faces/javax.faces.resource/layout/layout.js?ln=primefaces&v=4.0 HTTP/1.1" 304 -
179.33.116.32 - - [13/Jan/2024:07:57:50 -0500] "GET /sipse/faces/javax.faces.resource/jquery/jquery-plugins.js?ln=primefaces&v=4.0 HTTP/1.1" 304 -
179.33.116.32 - - [13/Jan/2024:07:57:50 -0500] "GET /sipse/faces/javax.faces.resource/images/ui-icons_898989_256x240.png?ln=primefaces-aristo HTTP/1.1" 304 -
179.33.116.32 - - [13/Jan/2024:07:57:55 -0500] "GET /sipse/faces/javax.faces.resource/images/ui-bg_flat_0_2d5972_40x100.png?ln=primefaces-aristo HTTP/1.1" 304 -
179.33.116.32 - - [13/Jan/2024:07:57:56 -0500] "POST /sipse/faces/presentacion/financiero/solicitudProceso/consultarSolicitudProceso.xhtml HTTP/1.1" 200 23962
179.33.116.32 - - [13/Jan/2024:07:57:56 -0500] "GET /sipse/faces/javax.faces.resource/jquery/jquery.js?ln=primefaces&v=4.0 HTTP/1.1" 304 -
179.33.116.32 - - [13/Jan/2024:07:57:56 -0500] "GET /sipse/faces/javax.faces.resource/jquery/jquery-plugins.js?ln=primefaces&v=4.0 HTTP/1.1" 304 -
179.33.116.32 - - [13/Jan/2024:07:57:56 -0500] "GET /sipse/faces/javax.faces.resource/primefaces.js?ln=primefaces&v=4.0 HTTP/1.1" 304 -
179.33.116.32 - - [13/Jan/2024:07:57:56 -0500] "GET /sipse/faces/javax.faces.resource/layout/layout.js?ln=primefaces&v=4.0 HTTP/1.1" 304 -
179.33.116.32 - - [13/Jan/2024:07:58:14 -0500] "POST /sipse/faces/presentacion/financiero/viabilidad/expedirViabilidad.xhtml HTTP/1.1" 200 108449
179.33.116.32 - - [13/Jan/2024:07:58:14 -0500] "GET /sipse/faces/javax.faces.resource/jquery/jquery.js?ln=primefaces&v=4.0 HTTP/1.1" 304 -
179.33.116.32 - - [13/Jan/2024:07:58:14 -0500] "GET /sipse/faces/javax.faces.resource/jquery/jquery-plugins.js?ln=primefaces&v=4.0 HTTP/1.1" 304 -
179.33.116.32 - - [13/Jan/2024:07:58:14 -0500] "GET /sipse/faces/javax.faces.resource/primefaces.js?ln=primefaces&v=4.0 HTTP/1.1" 304 -
179.33.116.32 - - [13/Jan/2024:07:58:14 -0500] "GET /sipse/faces/javax.faces.resource/layout/layout.js?ln=primefaces&v=4.0 HTTP/1.1" 304 -
201.245.192.253 - - [13/Jan/2024:07:58:18 -0500] "POST /forms/lservlet;jsessionid=ac16012b30d6daf3d1e69b9448f9b338854e2531f358.e3iSbxaKaheRe34Rb3eTbx8LaNb0n6jAmljGr5XDqQLvpAe HTTP/1.1" 200 2
179.33.116.32 - - [13/Jan/2024:07:58:51 -0500] "POST /sipse/faces/presentacion/financiero/solicitudProceso/consultarSolicitudProceso.xhtml HTTP/1.1" 200 60332
179.33.116.32 - - [13/Jan/2024:07:58:53 -0500] "GET /sipse/faces/javax.faces.resource/jquery/jquery.js?ln=primefaces&v=4.0 HTTP/1.1" 304 -
179.33.116.32 - - [13/Jan/2024:07:58:53 -0500] "GET /sipse/faces/javax.faces.resource/jquery/jquery-plugins.js?ln=primefaces&v=4.0 HTTP/1.1" 304 -
179.33.116.32 - - [13/Jan/2024:07:58:53 -0500] "GET /sipse/faces/javax.faces.resource/primefaces.js?ln=primefaces&v=4.0 HTTP/1.1" 304 -
179.33.116.32 - - [13/Jan/2024:07:58:53 -0500] "GET /sipse/faces/javax.faces.resource/layout/layout.js?ln=primefaces&v=4.0 HTTP/1.1" 304 -
179.33.116.32 - - [13/Jan/2024:07:58:53 -0500] "GET /sipse/faces/javax.faces.resource/messages/messages.png?ln=primefaces&v=4.0 HTTP/1.1" 304 -
179.33.116.32 - - [13/Jan/2024:07:58:53 -0500] "POST /sipse/faces/presentacion/financiero/solicitudProceso/listarSolicitudProceso.xhtml HTTP/1.1" 200 1556
179.33.116.32 - - [13/Jan/2024:07:59:05 -0500] "POST /sipse/faces/presentacion/financiero/solicitudProceso/listarSolicitudProceso.xhtml HTTP/1.1" 200 107078
179.33.116.32 - - [13/Jan/2024:07:59:06 -0500] "GET /sipse/faces/javax.faces.resource/jquery/jquery.js?ln=primefaces&v=4.0 HTTP/1.1" 304 -
179.33.116.32 - - [13/Jan/2024:07:59:06 -0500] "GET /sipse/faces/javax.faces.resource/jquery/jquery-plugins.js?ln=primefaces&v=4.0 HTTP/1.1" 304 -
179.33.116.32 - - [13/Jan/2024:07:59:06 -0500] "GET /sipse/faces/javax.faces.resource/primefaces.js?ln=primefaces&v=4.0 HTTP/1.1" 304 -
179.33.116.32 - - [13/Jan/2024:07:59:06 -0500] "GET /sipse/faces/javax.faces.resource/layout/layout.js?ln=primefaces&v=4.0 HTTP/1.1" 304 -
201.245.192.253 - - [13/Jan/2024:07:59:35 -0500] "POST /forms/lservlet;jsessionid=ac16012b30d6e9245d4a5ae64507bcdc86473ff87750.e3iSbxaKaheRe34Rb3eTbx8LaNb0n6jAmljGr5XDqQLvpAe HTTP/1.1" 200 2
66.249.66.21 - - [13/Jan/2024:07:59:37 -0500] "GET /BLA/resoluciones/RESOLUCIONES%202011/5576.pdf HTTP/1.1" 200 456847
201.245.192.253 - - [13/Jan/2024:07:59:47 -0500] "POST /kwsrmcab/Wsrmcab  HTTP/1.1" 200 39439
201.245.192.253 - - [13/Jan/2024:08:00:18 -0500] "POST /forms/lservlet;jsessionid=ac16012b30d6daf3d1e69b9448f9b338854e2531f358.e3iSbxaKaheRe34Rb3eTbx8LaNb0n6jAmljGr5XDqQLvpAe HTTP/1.1" 200 2
216.245.221.92 - - [13/Jan/2024:08:00:53 -0500] "HEAD / HTTP/1.1" 200 -
172.22.2.4 - - [13/Jan/2024:07:59:17 -0500] "HEAD /BLA/boletinlegal/ HTTP/1.1" 200 -
172.22.2.4 - - [13/Jan/2024:08:01:28 -0500] "GET /BLA/boletinlegal/jurisprudencia/analisis/analisis%20sentencia%20C%20401%20de%202010.doc HTTP/1.1" 304 -
201.245.192.253 - - [13/Jan/2024:08:01:35 -0500] "POST /forms/lservlet;jsessionid=ac16012b30d6e9245d4a5ae64507bcdc86473ff87750.e3iSbxaKaheRe34Rb3eTbx8LaNb0n6jAmljGr5XDqQLvpAe HTTP/1.1" 200 2
172.22.2.4 - - [13/Jan/2024:08:00:08 -0500] "GET /BLA/boletinlegal/ HTTP/1.1" 200 58666
201.245.192.253 - - [13/Jan/2024:08:02:18 -0500] "POST /forms/lservlet;jsessionid=ac16012b30d6daf3d1e69b9448f9b338854e2531f358.e3iSbxaKaheRe34Rb3eTbx8LaNb0n6jAmljGr5XDqQLvpAe HTTP/1.1" 200 2
52.167.144.136 - - [13/Jan/2024:08:02:39 -0500] "GET /BLA/resoluciones/AUTOS%202020/2657.pdf HTTP/1.1" 200 371772
173.252.107.116 - - [13/Jan/2024:08:03:28 -0500] "GET /bogota-tendra-una-nueva-reciclaton-empresarial.html HTTP/1.1" 200 886
201.245.192.253 - - [13/Jan/2024:08:03:35 -0500] "POST /forms/lservlet;jsessionid=ac16012b30d6e9245d4a5ae64507bcdc86473ff87750.e3iSbxaKaheRe34Rb3eTbx8LaNb0n6jAmljGr5XDqQLvpAe HTTP/1.1" 200 2
201.245.192.253 - - [13/Jan/2024:08:04:18 -0500] "POST /forms/lservlet;jsessionid=ac16012b30d6daf3d1e69b9448f9b338854e2531f358.e3iSbxaKaheRe34Rb3eTbx8LaNb0n6jAmljGr5XDqQLvpAe HTTP/1.1" 200 2
201.245.192.253 - - [13/Jan/2024:08:04:46 -0500] "POST /kwsrmcab/Wsrmcab  HTTP/1.1" 200 39439
66.249.77.8 - - [13/Jan/2024:08:04:58 -0500] "GET /BLA/resoluciones/RESOLUCIONES%202009/0009.pdf HTTP/1.1" 200 214931
198.235.24.206 - - [13/Jan/2024:08:05:18 -0500] "GET / HTTP/1.1" 200 4720
201.245.192.253 - - [13/Jan/2024:08:05:35 -0500] "POST /forms/lservlet;jsessionid=ac16012b30d6e9245d4a5ae64507bcdc86473ff87750.e3iSbxaKaheRe34Rb3eTbx8LaNb0n6jAmljGr5XDqQLvpAe HTTP/1.1" 200 2
216.245.221.92 - - [13/Jan/2024:08:05:53 -0500] "HEAD / HTTP/1.1" 200 -
201.245.192.253 - - [13/Jan/2024:08:06:18 -0500] "POST /forms/lservlet;jsessionid=ac16012b30d6daf3d1e69b9448f9b338854e2531f358.e3iSbxaKaheRe34Rb3eTbx8LaNb0n6jAmljGr5XDqQLvpAe HTTP/1.1" 200 2
172.22.2.4 - - [13/Jan/2024:08:05:07 -0500] "HEAD /BLA/boletinlegal/ HTTP/1.1" 200 -
201.245.192.253 - - [13/Jan/2024:08:07:35 -0500] "POST /forms/lservlet;jsessionid=ac16012b30d6e9245d4a5ae64507bcdc86473ff87750.e3iSbxaKaheRe34Rb3eTbx8LaNb0n6jAmljGr5XDqQLvpAe HTTP/1.1" 200 2
172.22.2.4 - - [13/Jan/2024:08:05:57 -0500] "GET /BLA/boletinlegal/ HTTP/1.1" 200 58666
179.33.116.32 - - [13/Jan/2024:08:07:45 -0500] "POST /sipse/faces/presentacion/financiero/solicitudProceso/consultarSolicitudProceso.xhtml HTTP/1.1" 200 59840
179.33.116.32 - - [13/Jan/2024:08:07:46 -0500] "GET /sipse/faces/javax.faces.resource/jquery/jquery.js?ln=primefaces&v=4.0 HTTP/1.1" 304 -
179.33.116.32 - - [13/Jan/2024:08:07:46 -0500] "GET /sipse/faces/javax.faces.resource/jquery/jquery-plugins.js?ln=primefaces&v=4.0 HTTP/1.1" 304 -
179.33.116.32 - - [13/Jan/2024:08:07:46 -0500] "GET /sipse/faces/javax.faces.resource/primefaces.js?ln=primefaces&v=4.0 HTTP/1.1" 304 -
179.33.116.32 - - [13/Jan/2024:08:07:46 -0500] "GET /sipse/faces/javax.faces.resource/layout/layout.js?ln=primefaces&v=4.0 HTTP/1.1" 304 -
179.33.116.32 - - [13/Jan/2024:08:07:46 -0500] "POST /sipse/faces/presentacion/financiero/solicitudProceso/listarSolicitudProceso.xhtml HTTP/1.1" 200 53168
179.33.116.32 - - [13/Jan/2024:08:07:46 -0500] "POST /sipse/faces/presentacion/financiero/solicitudProceso/listarSolicitudProceso.xhtml HTTP/1.1" 200 53168
179.33.116.32 - - [13/Jan/2024:08:07:46 -0500] "POST /sipse/faces/presentacion/financiero/solicitudProceso/listarSolicitudProceso.xhtml HTTP/1.1" 200 53168
179.33.116.32 - - [13/Jan/2024:08:07:47 -0500] "POST /sipse/faces/presentacion/financiero/solicitudProceso/listarSolicitudProceso.xhtml HTTP/1.1" 200 53168
179.33.116.32 - - [13/Jan/2024:08:07:47 -0500] "POST /sipse/faces/presentacion/financiero/solicitudProceso/listarSolicitudProceso.xhtml HTTP/1.1" 200 1556
179.33.116.32 - - [13/Jan/2024:08:07:47 -0500] "POST /sipse/faces/presentacion/financiero/solicitudProceso/listarSolicitudProceso.xhtml HTTP/1.1" 200 1552
179.33.116.32 - - [13/Jan/2024:08:07:47 -0500] "POST /sipse/faces/presentacion/financiero/solicitudProceso/listarSolicitudProceso.xhtml HTTP/1.1" 200 1564
179.33.116.32 - - [13/Jan/2024:08:07:47 -0500] "POST /sipse/faces/presentacion/financiero/solicitudProceso/listarSolicitudProceso.xhtml HTTP/1.1" 200 1556
179.33.116.32 - - [13/Jan/2024:08:07:47 -0500] "POST /sipse/faces/presentacion/financiero/solicitudProceso/listarSolicitudProceso.xhtml HTTP/1.1" 200 1564
172.22.2.4 - - [13/Jan/2024:08:07:52 -0500] "GET /BLA/boletinlegal/actos.php HTTP/1.1" 200 9648
179.33.116.32 - - [13/Jan/2024:08:07:53 -0500] "POST /sipse/faces/presentacion/financiero/solicitudProceso/listarSolicitudProceso.xhtml HTTP/1.1" 200 123514
179.33.116.32 - - [13/Jan/2024:08:07:54 -0500] "GET /sipse/faces/javax.faces.resource/jquery/jquery.js?ln=primefaces&v=4.0 HTTP/1.1" 304 -
179.33.116.32 - - [13/Jan/2024:08:07:54 -0500] "GET /sipse/faces/javax.faces.resource/jquery/jquery-plugins.js?ln=primefaces&v=4.0 HTTP/1.1" 304 -
179.33.116.32 - - [13/Jan/2024:08:07:54 -0500] "GET /sipse/faces/javax.faces.resource/primefaces.js?ln=primefaces&v=4.0 HTTP/1.1" 304 -
179.33.116.32 - - [13/Jan/2024:08:07:54 -0500] "GET /sipse/faces/javax.faces.resource/layout/layout.js?ln=primefaces&v=4.0 HTTP/1.1" 304 -
201.245.192.253 - - [13/Jan/2024:08:08:18 -0500] "POST /forms/lservlet;jsessionid=ac16012b30d6daf3d1e69b9448f9b338854e2531f358.e3iSbxaKaheRe34Rb3eTbx8LaNb0n6jAmljGr5XDqQLvpAe HTTP/1.1" 200 2
66.249.66.19 - - [13/Jan/2024:08:08:32 -0500] "GET /BLA/resoluciones/RESOLUCIONES%202010/6152.pdf HTTP/1.1" 200 655796
186.84.21.136 - - [13/Jan/2024:08:08:34 -0500] "POST /sipse/faces/presentacion/financiero/solicitudProceso/listarSolicitudProceso.xhtml HTTP/1.1" 200 126262
186.84.21.136 - - [13/Jan/2024:08:08:35 -0500] "GET /sipse/faces/javax.faces.resource/theme.css?ln=primefaces-sipse HTTP/1.1" 304 -
186.84.21.136 - - [13/Jan/2024:08:08:35 -0500] "GET /sipse/faces/javax.faces.resource/primefaces.css?ln=primefaces&v=4.0 HTTP/1.1" 304 -
186.84.21.136 - - [13/Jan/2024:08:08:35 -0500] "GET /sipse/faces/javax.faces.resource/layout/layout.css?ln=primefaces&v=4.0 HTTP/1.1" 304 -
186.84.21.136 - - [13/Jan/2024:08:08:35 -0500] "GET /sipse/css/imagen/contrasena.png HTTP/1.1" 404 383
186.84.21.136 - - [13/Jan/2024:08:08:35 -0500] "GET /sipse/faces/javax.faces.resource/jquery/jquery.js?ln=primefaces&v=4.0 HTTP/1.1" 304 -
186.84.21.136 - - [13/Jan/2024:08:08:35 -0500] "GET /sipse/faces/javax.faces.resource/jquery/jquery-plugins.js?ln=primefaces&v=4.0 HTTP/1.1" 304 -
186.84.21.136 - - [13/Jan/2024:08:08:35 -0500] "GET /sipse/faces/javax.faces.resource/primefaces.js?ln=primefaces&v=4.0 HTTP/1.1" 304 -
186.84.21.136 - - [13/Jan/2024:08:08:35 -0500] "GET /sipse/faces/javax.faces.resource/layout/layout.js?ln=primefaces&v=4.0 HTTP/1.1" 304 -
186.84.21.136 - - [13/Jan/2024:08:08:35 -0500] "GET /sipse/faces/javax.faces.resource/images/ui-icons_898989_256x240.png?ln=primefaces-aristo HTTP/1.1" 304 -
186.84.21.136 - - [13/Jan/2024:08:08:41 -0500] "POST /sipse/faces/presentacion/financiero/solicitudProceso/consultarSolicitudProceso.xhtml HTTP/1.1" 200 84694
186.84.21.136 - - [13/Jan/2024:08:09:08 -0500] "GET /sipse/faces/javax.faces.resource/images/ui-bg_flat_0_2d5972_40x100.png?ln=primefaces-aristo HTTP/1.1" 304 -
186.84.21.136 - - [13/Jan/2024:08:09:08 -0500] "POST /sipse/faces/presentacion/financiero/solicitudProceso/consultarSolicitudProceso.xhtml HTTP/1.1" 200 63733
186.84.21.136 - - [13/Jan/2024:08:09:09 -0500] "GET /sipse/faces/javax.faces.resource/primefaces.css?ln=primefaces&v=4.0 HTTP/1.1" 304 -
186.84.21.136 - - [13/Jan/2024:08:09:09 -0500] "GET /sipse/faces/javax.faces.resource/theme.css?ln=primefaces-sipse HTTP/1.1" 304 -
186.84.21.136 - - [13/Jan/2024:08:09:09 -0500] "GET /sipse/faces/javax.faces.resource/layout/layout.css?ln=primefaces&v=4.0 HTTP/1.1" 304 -
186.84.21.136 - - [13/Jan/2024:08:09:09 -0500] "GET /sipse/faces/javax.faces.resource/jquery/jquery.js?ln=primefaces&v=4.0 HTTP/1.1" 304 -
186.84.21.136 - - [13/Jan/2024:08:09:09 -0500] "GET /sipse/faces/javax.faces.resource/jquery/jquery-plugins.js?ln=primefaces&v=4.0 HTTP/1.1" 304 -
186.84.21.136 - - [13/Jan/2024:08:09:09 -0500] "GET /sipse/faces/javax.faces.resource/primefaces.js?ln=primefaces&v=4.0 HTTP/1.1" 304 -
186.84.21.136 - - [13/Jan/2024:08:09:09 -0500] "GET /sipse/faces/javax.faces.resource/layout/layout.js?ln=primefaces&v=4.0 HTTP/1.1" 304 -
186.84.21.136 - - [13/Jan/2024:08:09:09 -0500] "GET /sipse/css/imagen/contrasena.png HTTP/1.1" 404 383
186.84.21.136 - - [13/Jan/2024:08:09:09 -0500] "POST /sipse/faces/presentacion/financiero/solicitudProceso/listarSolicitudProceso.xhtml HTTP/1.1" 200 57068
186.84.21.136 - - [13/Jan/2024:08:09:09 -0500] "POST /sipse/faces/presentacion/financiero/solicitudProceso/listarSolicitudProceso.xhtml HTTP/1.1" 200 57068
186.84.21.136 - - [13/Jan/2024:08:09:10 -0500] "POST /sipse/faces/presentacion/financiero/solicitudProceso/listarSolicitudProceso.xhtml HTTP/1.1" 200 1556
186.84.21.136 - - [13/Jan/2024:08:09:10 -0500] "POST /sipse/faces/presentacion/financiero/solicitudProceso/listarSolicitudProceso.xhtml HTTP/1.1" 200 1552
186.84.21.136 - - [13/Jan/2024:08:09:10 -0500] "POST /sipse/faces/presentacion/financiero/solicitudProceso/listarSolicitudProceso.xhtml HTTP/1.1" 200 1564
186.84.21.136 - - [13/Jan/2024:08:09:11 -0500] "POST /sipse/faces/presentacion/financiero/solicitudProceso/listarSolicitudProceso.xhtml HTTP/1.1" 200 20113
186.84.21.136 - - [13/Jan/2024:08:09:19 -0500] "POST /sipse/faces/presentacion/financiero/solicitudProceso/listarSolicitudProceso.xhtml HTTP/1.1" 200 120365
186.84.21.136 - - [13/Jan/2024:08:09:19 -0500] "GET /sipse/faces/javax.faces.resource/primefaces.css?ln=primefaces&v=4.0 HTTP/1.1" 304 -
186.84.21.136 - - [13/Jan/2024:08:09:19 -0500] "GET /sipse/faces/javax.faces.resource/theme.css?ln=primefaces-sipse HTTP/1.1" 304 -
186.84.21.136 - - [13/Jan/2024:08:09:19 -0500] "GET /sipse/faces/javax.faces.resource/layout/layout.css?ln=primefaces&v=4.0 HTTP/1.1" 304 -
186.84.21.136 - - [13/Jan/2024:08:09:19 -0500] "GET /sipse/faces/javax.faces.resource/jquery/jquery.js?ln=primefaces&v=4.0 HTTP/1.1" 304 -
186.84.21.136 - - [13/Jan/2024:08:09:19 -0500] "GET /sipse/faces/javax.faces.resource/jquery/jquery-plugins.js?ln=primefaces&v=4.0 HTTP/1.1" 304 -
186.84.21.136 - - [13/Jan/2024:08:09:19 -0500] "GET /sipse/faces/javax.faces.resource/primefaces.js?ln=primefaces&v=4.0 HTTP/1.1" 304 -
186.84.21.136 - - [13/Jan/2024:08:09:19 -0500] "GET /sipse/faces/javax.faces.resource/layout/layout.js?ln=primefaces&v=4.0 HTTP/1.1" 304 -
186.84.21.136 - - [13/Jan/2024:08:09:20 -0500] "GET /sipse/css/imagen/contrasena.png HTTP/1.1" 404 383
179.33.116.32 - - [13/Jan/2024:08:09:28 -0500] "POST /sipse/faces/presentacion/financiero/solicitudProceso/consultarSolicitudProceso.xhtml HTTP/1.1" 200 59840
179.33.116.32 - - [13/Jan/2024:08:09:28 -0500] "GET /sipse/faces/javax.faces.resource/jquery/jquery.js?ln=primefaces&v=4.0 HTTP/1.1" 304 -
179.33.116.32 - - [13/Jan/2024:08:09:28 -0500] "GET /sipse/faces/javax.faces.resource/jquery/jquery-plugins.js?ln=primefaces&v=4.0 HTTP/1.1" 304 -
179.33.116.32 - - [13/Jan/2024:08:09:28 -0500] "GET /sipse/faces/javax.faces.resource/primefaces.js?ln=primefaces&v=4.0 HTTP/1.1" 304 -
179.33.116.32 - - [13/Jan/2024:08:09:29 -0500] "GET /sipse/faces/javax.faces.resource/layout/layout.js?ln=primefaces&v=4.0 HTTP/1.1" 304 -
179.33.116.32 - - [13/Jan/2024:08:09:29 -0500] "POST /sipse/faces/presentacion/financiero/solicitudProceso/listarSolicitudProceso.xhtml HTTP/1.1" 200 53168
186.84.21.136 - - [13/Jan/2024:08:09:29 -0500] "POST /sipse/faces/presentacion/financiero/solicitudProceso/consultarSolicitudProceso.xhtml HTTP/1.1" 200 85944
179.33.116.32 - - [13/Jan/2024:08:09:29 -0500] "POST /sipse/faces/presentacion/financiero/solicitudProceso/listarSolicitudProceso.xhtml HTTP/1.1" 200 53168
179.33.116.32 - - [13/Jan/2024:08:09:29 -0500] "POST /sipse/faces/presentacion/financiero/solicitudProceso/listarSolicitudProceso.xhtml HTTP/1.1" 200 53168
179.33.116.32 - - [13/Jan/2024:08:09:29 -0500] "POST /sipse/faces/presentacion/financiero/solicitudProceso/listarSolicitudProceso.xhtml HTTP/1.1" 200 53168
179.33.116.32 - - [13/Jan/2024:08:09:30 -0500] "POST /sipse/faces/presentacion/financiero/solicitudProceso/listarSolicitudProceso.xhtml HTTP/1.1" 200 53168
179.33.116.32 - - [13/Jan/2024:08:09:30 -0500] "POST /sipse/faces/presentacion/financiero/solicitudProceso/listarSolicitudProceso.xhtml HTTP/1.1" 200 53168
179.33.116.32 - - [13/Jan/2024:08:09:30 -0500] "POST /sipse/faces/presentacion/financiero/solicitudProceso/listarSolicitudProceso.xhtml HTTP/1.1" 200 1556
179.33.116.32 - - [13/Jan/2024:08:09:30 -0500] "POST /sipse/faces/presentacion/financiero/solicitudProceso/listarSolicitudProceso.xhtml HTTP/1.1" 200 1552
179.33.116.32 - - [13/Jan/2024:08:09:30 -0500] "POST /sipse/faces/presentacion/financiero/solicitudProceso/listarSolicitudProceso.xhtml HTTP/1.1" 200 1564
179.33.116.32 - - [13/Jan/2024:08:09:30 -0500] "POST /sipse/faces/presentacion/financiero/solicitudProceso/listarSolicitudProceso.xhtml HTTP/1.1" 200 1556
179.33.116.32 - - [13/Jan/2024:08:09:31 -0500] "POST /sipse/faces/presentacion/financiero/solicitudProceso/listarSolicitudProceso.xhtml HTTP/1.1" 200 1564
179.33.116.32 - - [13/Jan/2024:08:09:31 -0500] "POST /sipse/faces/presentacion/financiero/solicitudProceso/listarSolicitudProceso.xhtml HTTP/1.1" 200 1552
179.33.116.32 - - [13/Jan/2024:08:09:31 -0500] "POST /sipse/faces/presentacion/financiero/solicitudProceso/listarSolicitudProceso.xhtml HTTP/1.1" 200 1564
179.33.116.32 - - [13/Jan/2024:08:09:33 -0500] "POST /sipse/faces/presentacion/financiero/solicitudProceso/listarSolicitudProceso.xhtml HTTP/1.1" 200 107078
179.33.116.32 - - [13/Jan/2024:08:09:34 -0500] "GET /sipse/faces/javax.faces.resource/jquery/jquery.js?ln=primefaces&v=4.0 HTTP/1.1" 304 -
179.33.116.32 - - [13/Jan/2024:08:09:34 -0500] "GET /sipse/faces/javax.faces.resource/jquery/jquery-plugins.js?ln=primefaces&v=4.0 HTTP/1.1" 304 -
179.33.116.32 - - [13/Jan/2024:08:09:34 -0500] "GET /sipse/faces/javax.faces.resource/primefaces.js?ln=primefaces&v=4.0 HTTP/1.1" 304 -
179.33.116.32 - - [13/Jan/2024:08:09:34 -0500] "GET /sipse/faces/javax.faces.resource/layout/layout.js?ln=primefaces&v=4.0 HTTP/1.1" 304 -
201.245.192.253 - - [13/Jan/2024:08:09:35 -0500] "POST /forms/lservlet;jsessionid=ac16012b30d6e9245d4a5ae64507bcdc86473ff87750.e3iSbxaKaheRe34Rb3eTbx8LaNb0n6jAmljGr5XDqQLvpAe HTTP/1.1" 200 2
179.33.116.32 - - [13/Jan/2024:08:09:42 -0500] "POST /sipse/faces/presentacion/financiero/solicitudProceso/consultarSolicitudProceso.xhtml HTTP/1.1" 200 5431
201.245.192.253 - - [13/Jan/2024:08:09:45 -0500] "POST /kwsrmcab/Wsrmcab  HTTP/1.1" 200 39439
186.84.21.136 - - [13/Jan/2024:08:10:11 -0500] "POST /sipse/faces/presentacion/financiero/solicitudProceso/consultarSolicitudProceso.xhtml HTTP/1.1" 200 67738
186.84.21.136 - - [13/Jan/2024:08:10:11 -0500] "GET /sipse/faces/javax.faces.resource/theme.css?ln=primefaces-sipse HTTP/1.1" 304 -
186.84.21.136 - - [13/Jan/2024:08:10:11 -0500] "GET /sipse/faces/javax.faces.resource/primefaces.css?ln=primefaces&v=4.0 HTTP/1.1" 304 -
186.84.21.136 - - [13/Jan/2024:08:10:11 -0500] "GET /sipse/faces/javax.faces.resource/layout/layout.css?ln=primefaces&v=4.0 HTTP/1.1" 304 -
186.84.21.136 - - [13/Jan/2024:08:10:11 -0500] "GET /sipse/faces/javax.faces.resource/jquery/jquery.js?ln=primefaces&v=4.0 HTTP/1.1" 304 -
186.84.21.136 - - [13/Jan/2024:08:10:11 -0500] "GET /sipse/faces/javax.faces.resource/jquery/jquery-plugins.js?ln=primefaces&v=4.0 HTTP/1.1" 304 -
186.84.21.136 - - [13/Jan/2024:08:10:11 -0500] "GET /sipse/faces/javax.faces.resource/primefaces.js?ln=primefaces&v=4.0 HTTP/1.1" 304 -
186.84.21.136 - - [13/Jan/2024:08:10:11 -0500] "GET /sipse/faces/javax.faces.resource/layout/layout.js?ln=primefaces&v=4.0 HTTP/1.1" 304 -
186.84.21.136 - - [13/Jan/2024:08:10:11 -0500] "GET /sipse/css/imagen/contrasena.png HTTP/1.1" 404 383
186.84.21.136 - - [13/Jan/2024:08:10:11 -0500] "GET /sipse/faces/javax.faces.resource/images/ui-icons_898989_256x240.png?ln=primefaces-aristo HTTP/1.1" 304 -
186.84.21.136 - - [13/Jan/2024:08:10:11 -0500] "GET /sipse/faces/javax.faces.resource/images/ui-bg_flat_0_2d5972_40x100.png?ln=primefaces-aristo HTTP/1.1" 304 -
186.84.21.136 - - [13/Jan/2024:08:10:11 -0500] "POST /sipse/faces/presentacion/financiero/solicitudProceso/listarSolicitudProceso.xhtml HTTP/1.1" 200 1556
186.84.21.136 - - [13/Jan/2024:08:10:11 -0500] "POST /sipse/faces/presentacion/financiero/solicitudProceso/listarSolicitudProceso.xhtml HTTP/1.1" 200 1552
186.84.21.136 - - [13/Jan/2024:08:10:13 -0500] "POST /sipse/faces/presentacion/financiero/solicitudProceso/listarSolicitudProceso.xhtml HTTP/1.1" 200 20109
201.245.192.253 - - [13/Jan/2024:08:10:18 -0500] "POST /forms/lservlet;jsessionid=ac16012b30d6daf3d1e69b9448f9b338854e2531f358.e3iSbxaKaheRe34Rb3eTbx8LaNb0n6jAmljGr5XDqQLvpAe HTTP/1.1" 200 2
186.84.21.136 - - [13/Jan/2024:08:10:18 -0500] "POST /sipse/faces/presentacion/financiero/solicitudProceso/listarSolicitudProceso.xhtml HTTP/1.1" 200 122356
186.84.21.136 - - [13/Jan/2024:08:10:19 -0500] "GET /sipse/faces/javax.faces.resource/theme.css?ln=primefaces-sipse HTTP/1.1" 304 -
186.84.21.136 - - [13/Jan/2024:08:10:19 -0500] "GET /sipse/faces/javax.faces.resource/layout/layout.css?ln=primefaces&v=4.0 HTTP/1.1" 304 -
186.84.21.136 - - [13/Jan/2024:08:10:19 -0500] "GET /sipse/faces/javax.faces.resource/primefaces.css?ln=primefaces&v=4.0 HTTP/1.1" 304 -
186.84.21.136 - - [13/Jan/2024:08:10:19 -0500] "GET /sipse/faces/javax.faces.resource/jquery/jquery.js?ln=primefaces&v=4.0 HTTP/1.1" 304 -
186.84.21.136 - - [13/Jan/2024:08:10:19 -0500] "GET /sipse/faces/javax.faces.resource/jquery/jquery-plugins.js?ln=primefaces&v=4.0 HTTP/1.1" 304 -
186.84.21.136 - - [13/Jan/2024:08:10:19 -0500] "GET /sipse/faces/javax.faces.resource/primefaces.js?ln=primefaces&v=4.0 HTTP/1.1" 304 -
186.84.21.136 - - [13/Jan/2024:08:10:19 -0500] "GET /sipse/faces/javax.faces.resource/layout/layout.js?ln=primefaces&v=4.0 HTTP/1.1" 304 -
66.249.66.20 - - [13/Jan/2024:08:10:20 -0500] "GET /BLA/resoluciones/RESOLUCIONES%202009/5715.pdf HTTP/1.1" 200 475406
186.84.21.136 - - [13/Jan/2024:08:10:26 -0500] "POST /sipse/faces/presentacion/financiero/solicitudProceso/consultarSolicitudProceso.xhtml HTTP/1.1" 200 79164
216.245.221.92 - - [13/Jan/2024:08:10:53 -0500] "HEAD / HTTP/1.1" 200 -
186.84.21.136 - - [13/Jan/2024:08:11:05 -0500] "POST /sipse/faces/presentacion/financiero/solicitudProceso/consultarSolicitudProceso.xhtml HTTP/1.1" 200 79164
