47.128.120.73 - - [13/Jan/2024:07:05:17 -0500] "GET /portaldeninos/wp-content/plugins/gallery-videos/CSS/Total-Soft-Gallery-Video-Widget.css?ver=4.9.8 HTTP/1.1" 200 51554
47.128.120.73 - - [13/Jan/2024:07:05:18 -0500] "GET /portaldeninos/wp-content/themes/betheme/style.css?ver=20.9.6 HTTP/1.1" 200 287
47.128.120.73 - - [13/Jan/2024:07:05:19 -0500] "GET /portaldeninos/wp-content/plugins/gallery-videos/CSS/totalsoft.css?ver=4.9.8 HTTP/1.1" 200 40622
47.128.120.73 - - [13/Jan/2024:07:05:16 -0500] "GET /portaldeninos/wp-content/themes/betheme/css/responsive.css?ver=20.9.6 HTTP/1.1" 200 55740
47.128.120.73 - - [13/Jan/2024:07:05:17 -0500] "GET /portaldeninos/wp-content/themes/betheme/css/base.css?ver=20.9.6 HTTP/1.1" 200 57283
47.128.120.73 - - [13/Jan/2024:07:05:23 -0500] "GET /portaldeninos/wp-content/plugins/google-analytics-for-wordpress/assets/js/frontend-gtag.min.js?ver=8.5.0 HTTP/1.1" 200 11801
47.128.120.73 - - [13/Jan/2024:07:05:24 -0500] "GET /portaldeninos/wp-includes/js/jquery/jquery-migrate.min.js?ver=1.4.1 HTTP/1.1" 200 10056
156.59.198.135 - - [13/Jan/2024:07:05:24 -0500] "GET /BLA/resoluciones/Notificaciones/REGISTROS%202020/0610.pdf HTTP/1.0" 200 280653
47.128.120.73 - - [13/Jan/2024:07:05:25 -0500] "GET /portaldeninos/wp-includes/js/jquery/ui/core.min.js?ver=1.11.4 HTTP/1.1" 200 4000
47.128.120.73 - - [13/Jan/2024:07:05:22 -0500] "GET /portaldeninos/wp-content/themes/betheme/assets/ui/jquery.ui.all.css?ver=20.9.6 HTTP/1.1" 200 18765
47.128.120.73 - - [13/Jan/2024:07:05:13 -0500] "GET /portaldeninos/ HTTP/1.1" 200 110175
47.128.120.73 - - [13/Jan/2024:07:05:27 -0500] "GET /portaldeninos/wp-content/plugins/gallery-videos/JS/modernizr.custom.js?ver=4.9.8 HTTP/1.1" 200 9019
47.128.120.73 - - [13/Jan/2024:07:05:16 -0500] "GET /portaldeninos/wp-content/themes/betheme/css/layout.css?ver=20.9.6 HTTP/1.1" 200 116639
47.128.120.73 - - [13/Jan/2024:07:05:26 -0500] "GET /portaldeninos/wp-content/plugins/gallery-videos/JS/Total-Soft-Gallery-Video-Widget.js?ver=4.9.8 HTTP/1.1" 200 80264
47.128.120.73 - - [13/Jan/2024:07:05:28 -0500] "GET /portaldeninos/wp-includes/js/jquery/ui/widget.min.js?ver=1.11.4 HTTP/1.1" 200 6908
47.128.120.73 - - [13/Jan/2024:07:05:21 -0500] "GET /portaldeninos/wp-content/themes/betheme/css/shortcodes.css?ver=20.9.6 HTTP/1.1" 200 138889
47.128.120.73 - - [13/Jan/2024:07:05:29 -0500] "GET /portaldeninos/wp-includes/js/jquery/ui/mouse.min.js?ver=1.11.4 HTTP/1.1" 200 3148
47.128.120.73 - - [13/Jan/2024:07:05:30 -0500] "GET /portaldeninos/wp-includes/js/jquery/ui/sortable.min.js?ver=1.11.4 HTTP/1.1" 200 24899
47.128.120.73 - - [13/Jan/2024:07:05:31 -0500] "GET /portaldeninos/wp-includes/js/jquery/ui/tabs.min.js?ver=1.11.4 HTTP/1.1" 200 12110
47.128.120.73 - - [13/Jan/2024:07:05:32 -0500] "GET /portaldeninos/wp-includes/js/jquery/ui/accordion.min.js?ver=1.11.4 HTTP/1.1" 200 8584
47.128.120.73 - - [13/Jan/2024:07:05:32 -0500] "GET /portaldeninos/wp-includes/js/jquery/ui/position.min.js?ver=1.11.4 HTTP/1.1" 200 6527
47.128.120.73 - - [13/Jan/2024:07:05:26 -0500] "GET /portaldeninos/wp-includes/js/jquery/jquery.js?ver=1.12.4 HTTP/1.1" 200 97184
47.128.120.73 - - [13/Jan/2024:07:05:33 -0500] "GET /portaldeninos/wp-content/themes/betheme/assets/animations/animations.min.js?ver=20.9.6 HTTP/1.1" 200 1896
47.128.120.73 - - [13/Jan/2024:07:05:33 -0500] "GET /portaldeninos/wp-content/themes/betheme/js/menu.js?ver=20.9.6 HTTP/1.1" 200 2449
47.128.120.73 - - [13/Jan/2024:07:05:34 -0500] "GET /portaldeninos/wp-includes/js/wp-embed.min.js?ver=4.9.8 HTTP/1.1" 200 1398
47.128.120.73 - - [13/Jan/2024:07:05:30 -0500] "GET /portaldeninos/wp-content/themes/betheme/assets/jplayer/jplayer.min.js?ver=20.9.6 HTTP/1.1" 200 52702
201.245.192.253 - - [13/Jan/2024:07:05:35 -0500] "POST /forms/lservlet;jsessionid=ac16012b30d6e9245d4a5ae64507bcdc86473ff87750.e3iSbxaKaheRe34Rb3eTbx8LaNb0n6jAmljGr5XDqQLvpAe HTTP/1.1" 200 2
47.128.120.73 - - [13/Jan/2024:07:05:33 -0500] "GET /portaldeninos/wp-content/themes/betheme/js/scripts.js?ver=20.9.6 HTTP/1.1" 200 77162
47.128.120.73 - - [13/Jan/2024:07:05:34 -0500] "GET /portaldeninos/wp-content/plugins/popup-maker/assets/js/site.min.js?defer&ver=1.8.14 HTTP/1.1" 200 48457
47.128.120.73 - - [13/Jan/2024:07:05:40 -0500] "GET /portaldeninos/wp-content/uploads/2021/06/titulo-miambiente-ni%C3%B1os.png HTTP/1.1" 200 11944
47.128.120.73 - - [13/Jan/2024:07:05:40 -0500] "GET /portaldeninos/wp-content/uploads/2019/08/Logo-Ambientic.png HTTP/1.1" 200 22941
47.128.120.73 - - [13/Jan/2024:07:05:40 -0500] "GET /portaldeninos/wp-content/uploads/2021/06/titulo-cabezote-ni%C3%B1os.png HTTP/1.1" 200 64425
156.59.198.135 - - [13/Jan/2024:07:05:48 -0500] "GET /BLA/resoluciones/Notificaciones/REGISTROS%202020/1380.pdf HTTP/1.0" 200 275047
216.245.221.92 - - [13/Jan/2024:07:05:53 -0500] "HEAD / HTTP/1.1" 200 -
47.128.120.73 - - [13/Jan/2024:07:05:57 -0500] "GET /portaldeninos/wp-content/uploads/2021/06/titulo-videos-ni%C3%B1os.png HTTP/1.1" 200 10502
47.128.120.73 - - [13/Jan/2024:07:05:44 -0500] "GET /portaldeninos/wp-content/uploads/2020/01/Tierra-escenario.jpg HTTP/1.1" 200 181491
47.128.120.73 - - [13/Jan/2024:07:05:49 -0500] "GET /portaldeninos/wp-content/uploads/2018/11/caneca.jpg HTTP/1.1" 200 238006
47.128.120.73 - - [13/Jan/2024:07:05:32 -0500] "GET /portaldeninos/wp-content/themes/betheme/js/plugins.js?ver=20.9.6 HTTP/1.1" 200 197151
47.128.120.73 - - [13/Jan/2024:07:05:42 -0500] "GET /portaldeninos/wp-content/uploads/2020/01/Frailejon-escenario.jpg HTTP/1.1" 200 241479
47.128.120.73 - - [13/Jan/2024:07:05:40 -0500] "GET /portaldeninos/wp-content/uploads/2018/10/oso.jpg HTTP/1.1" 200 260258
47.128.120.73 - - [13/Jan/2024:07:05:43 -0500] "GET /portaldeninos/wp-content/uploads/2018/11/tigrillo.jpg HTTP/1.1" 200 162055
40.77.167.50 - - [13/Jan/2024:07:06:10 -0500] "GET /BLA/resoluciones/RESOLUCIONES%202022/3474.pdf HTTP/1.1" 200 360331
156.59.198.135 - - [13/Jan/2024:07:06:13 -0500] "GET /BLA/resoluciones/Notificaciones/REGISTROS%202020/0811.pdf HTTP/1.0" 200 268072
201.245.192.253 - - [13/Jan/2024:07:06:18 -0500] "POST /forms/lservlet;jsessionid=ac16012b30d6daf3d1e69b9448f9b338854e2531f358.e3iSbxaKaheRe34Rb3eTbx8LaNb0n6jAmljGr5XDqQLvpAe HTTP/1.1" 200 2
156.59.198.135 - - [13/Jan/2024:07:06:39 -0500] "GET /BLA/resoluciones/Notificaciones/REGISTROS%202020/00737.pdf HTTP/1.0" 200 269066
66.249.66.20 - - [13/Jan/2024:07:06:52 -0500] "GET /sig/encuestas/Gestion%20Ambiental/Ficha%20tecnica%20encuesta%20de%20percepcion%20GAE.pdf HTTP/1.1" 404 1018
156.59.198.135 - - [13/Jan/2024:07:07:03 -0500] "GET /BLA/resoluciones/Notificaciones/REGISTROS%202020/00357.pdf HTTP/1.0" 200 260030
47.128.28.37 - - [13/Jan/2024:07:07:22 -0500] "GET /robots.txt HTTP/1.1" 404 1035
156.59.198.135 - - [13/Jan/2024:07:07:26 -0500] "GET /BLA/resoluciones/Notificaciones/REGISTROS%202020/00850.pdf HTTP/1.0" 200 270068
201.245.192.253 - - [13/Jan/2024:07:07:35 -0500] "POST /forms/lservlet;jsessionid=ac16012b30d6e9245d4a5ae64507bcdc86473ff87750.e3iSbxaKaheRe34Rb3eTbx8LaNb0n6jAmljGr5XDqQLvpAe HTTP/1.1" 200 2
173.252.83.1 - - [13/Jan/2024:07:07:37 -0500] "GET /inicia-el-2024-conociendo-la-biodiversidad-de-bogoti.html HTTP/1.1" 200 894
200.118.60.191 - - [13/Jan/2024:07:07:42 -0500] "GET /inicia-el-2024-conociendo-la-biodiversidad-de-bogoti.html?fbclid=IwAR29BdkxVK4BGLFBVr0UVtz2PJVdmVWINNBBYRRA17QakWv736CJLI8P6mU_aem_AWfOAW7EmM3wRpxixYZwLvPn9gQucRsOPPCEx1P147rjrQepxUEa9JHO6AL7rOB_37g HTTP/1.1" 200 894
156.59.198.136 - - [13/Jan/2024:07:07:52 -0500] "GET /BLA/resoluciones/Notificaciones/REGISTROS%202020/00650.pdf HTTP/1.0" 200 268751
201.245.192.253 - - [13/Jan/2024:07:08:18 -0500] "POST /forms/lservlet;jsessionid=ac16012b30d6daf3d1e69b9448f9b338854e2531f358.e3iSbxaKaheRe34Rb3eTbx8LaNb0n6jAmljGr5XDqQLvpAe HTTP/1.1" 200 2
156.59.198.136 - - [13/Jan/2024:07:08:19 -0500] "GET /BLA/resoluciones/Notificaciones/REGISTROS%202020/0847.pdf HTTP/1.0" 200 272556
172.22.2.4 - - [13/Jan/2024:07:06:47 -0500] "HEAD /BLA/boletinlegal/ HTTP/1.1" 200 -
156.59.198.136 - - [13/Jan/2024:07:08:41 -0500] "GET /BLA/resoluciones/Notificaciones/REGISTROS%202020/1786.pdf HTTP/1.0" 200 375798
156.59.198.136 - - [13/Jan/2024:07:09:06 -0500] "GET /BLA/resoluciones/Notificaciones/REGISTROS%202020/01473.pdf HTTP/1.0" 200 350601
172.22.2.4 - - [13/Jan/2024:07:07:38 -0500] "GET /BLA/boletinlegal/ HTTP/1.1" 200 60529
156.59.198.136 - - [13/Jan/2024:07:09:30 -0500] "GET /BLA/resoluciones/Notificaciones/REGISTROS%202020/1072.pdf HTTP/1.0" 200 258400
201.245.192.253 - - [13/Jan/2024:07:09:35 -0500] "POST /forms/lservlet;jsessionid=ac16012b30d6e9245d4a5ae64507bcdc86473ff87750.e3iSbxaKaheRe34Rb3eTbx8LaNb0n6jAmljGr5XDqQLvpAe HTTP/1.1" 200 2
156.59.198.136 - - [13/Jan/2024:07:09:54 -0500] "GET /BLA/resoluciones/Notificaciones/REGISTROS%202020/0063.pdf HTTP/1.0" 200 260901
40.77.167.235 - - [13/Jan/2024:07:09:55 -0500] "GET /BLA/resoluciones/AUTOS%202020/4968.pdf HTTP/1.1" 200 613504
201.245.192.253 - - [13/Jan/2024:07:10:01 -0500] "POST /kwsrmcab/Wsrmcab  HTTP/1.1" 200 39439
173.252.79.118 - - [13/Jan/2024:07:10:09 -0500] "GET /inicia-el-2024-conociendo-la-biodiversidad-de-bogoti.html HTTP/1.1" 200 894
201.245.192.253 - - [13/Jan/2024:07:10:18 -0500] "POST /forms/lservlet;jsessionid=ac16012b30d6daf3d1e69b9448f9b338854e2531f358.e3iSbxaKaheRe34Rb3eTbx8LaNb0n6jAmljGr5XDqQLvpAe HTTP/1.1" 200 2
156.59.198.136 - - [13/Jan/2024:07:10:21 -0500] "GET /BLA/resoluciones/Notificaciones/REGISTROS%202020/0706.pdf HTTP/1.0" 200 269017
156.59.198.136 - - [13/Jan/2024:07:10:42 -0500] "GET /BLA/resoluciones/Notificaciones/REGISTROS%202020/0301.pdf HTTP/1.0" 200 262443
216.245.221.92 - - [13/Jan/2024:07:10:53 -0500] "HEAD / HTTP/1.1" 200 -
66.249.66.21 - - [13/Jan/2024:07:11:01 -0500] "GET /resoluciones/RESOLUCIONES%202009/8727.pdf HTTP/1.1" 404 1018
156.59.198.136 - - [13/Jan/2024:07:11:07 -0500] "GET /BLA/resoluciones/Notificaciones/REGISTROS%202020/00677.pdf HTTP/1.0" 200 268286
156.59.198.135 - - [13/Jan/2024:07:11:33 -0500] "GET /BLA/resoluciones/Notificaciones/REGISTROS%202020/1029.pdf HTTP/1.0" 200 203713
201.245.192.253 - - [13/Jan/2024:07:11:35 -0500] "POST /forms/lservlet;jsessionid=ac16012b30d6e9245d4a5ae64507bcdc86473ff87750.e3iSbxaKaheRe34Rb3eTbx8LaNb0n6jAmljGr5XDqQLvpAe HTTP/1.1" 200 2
156.59.198.135 - - [13/Jan/2024:07:11:55 -0500] "GET /BLA/resoluciones/Notificaciones/REGISTROS%202020/0661.pdf HTTP/1.0" 200 268825
201.245.192.253 - - [13/Jan/2024:07:12:18 -0500] "POST /forms/lservlet;jsessionid=ac16012b30d6daf3d1e69b9448f9b338854e2531f358.e3iSbxaKaheRe34Rb3eTbx8LaNb0n6jAmljGr5XDqQLvpAe HTTP/1.1" 200 2
156.59.198.135 - - [13/Jan/2024:07:12:20 -0500] "GET /BLA/resoluciones/Notificaciones/REGISTROS%202020/01573.pdf HTTP/1.0" 200 281078
156.59.198.135 - - [13/Jan/2024:07:12:44 -0500] "GET /BLA/resoluciones/Notificaciones/REGISTROS%202020/0902.pdf HTTP/1.0" 200 269912
156.59.198.135 - - [13/Jan/2024:07:13:09 -0500] "GET /BLA/resoluciones/Notificaciones/REGISTROS%202020/0700.pdf HTTP/1.0" 200 270414
156.59.198.136 - - [13/Jan/2024:07:13:34 -0500] "GET /BLA/resoluciones/Notificaciones/REGISTROS%202020/00639.pdf HTTP/1.0" 200 270722
201.245.192.253 - - [13/Jan/2024:07:13:35 -0500] "POST /forms/lservlet;jsessionid=ac16012b30d6e9245d4a5ae64507bcdc86473ff87750.e3iSbxaKaheRe34Rb3eTbx8LaNb0n6jAmljGr5XDqQLvpAe HTTP/1.1" 200 2
156.59.198.135 - - [13/Jan/2024:07:13:58 -0500] "GET /BLA/resoluciones/Notificaciones/REGISTROS%202020/0735.pdf HTTP/1.0" 200 269571
172.22.2.4 - - [13/Jan/2024:07:12:37 -0500] "HEAD /BLA/boletinlegal/ HTTP/1.1" 200 -
201.245.192.253 - - [13/Jan/2024:07:14:18 -0500] "POST /forms/lservlet;jsessionid=ac16012b30d6daf3d1e69b9448f9b338854e2531f358.e3iSbxaKaheRe34Rb3eTbx8LaNb0n6jAmljGr5XDqQLvpAe HTTP/1.1" 200 2
156.59.198.135 - - [13/Jan/2024:07:14:23 -0500] "GET /BLA/resoluciones/Notificaciones/REGISTROS%202020/0859.pdf HTTP/1.0" 200 268497
201.245.192.253 - - [13/Jan/2024:07:14:41 -0500] "POST /kwsrmcab/Wsrmcab HTTP/1.1" 200 39153
66.249.66.19 - - [13/Jan/2024:07:14:44 -0500] "GET /Publicaciones/2023EE98328.pdf HTTP/1.1" 404 227
201.245.192.253 - - [13/Jan/2024:07:14:44 -0500] "POST /kwsrmcab/Wsrmcab HTTP/1.1" 200 39303
156.59.198.135 - - [13/Jan/2024:07:14:48 -0500] "GET /BLA/resoluciones/Notificaciones/REGISTROS%202020/1177.pdf HTTP/1.0" 200 267742
201.245.192.253 - - [13/Jan/2024:07:15:00 -0500] "POST /kwsrmcab/Wsrmcab  HTTP/1.1" 200 39439
172.22.2.4 - - [13/Jan/2024:07:13:28 -0500] "GET /BLA/boletinlegal/ HTTP/1.1" 200 60996
156.59.198.136 - - [13/Jan/2024:07:15:12 -0500] "GET /BLA/resoluciones/Notificaciones/REGISTROS%202020/1381.pdf HTTP/1.0" 200 275048
173.252.83.117 - - [13/Jan/2024:07:15:29 -0500] "GET /images/reunion-planta-termovalorizacion-11-mayo.jpg HTTP/1.1" 200 34782
201.245.192.253 - - [13/Jan/2024:07:15:35 -0500] "POST /forms/lservlet;jsessionid=ac16012b30d6e9245d4a5ae64507bcdc86473ff87750.e3iSbxaKaheRe34Rb3eTbx8LaNb0n6jAmljGr5XDqQLvpAe HTTP/1.1" 200 2
156.59.198.136 - - [13/Jan/2024:07:15:37 -0500] "GET /BLA/resoluciones/Notificaciones/REGISTROS%202020/1313.pdf HTTP/1.0" 200 279711
216.245.221.92 - - [13/Jan/2024:07:15:53 -0500] "HEAD / HTTP/1.1" 200 -
156.59.198.136 - - [13/Jan/2024:07:16:01 -0500] "GET /BLA/resoluciones/Notificaciones/REGISTROS%202020/1123.pdf HTTP/1.0" 200 273156
201.245.192.253 - - [13/Jan/2024:07:16:18 -0500] "POST /forms/lservlet;jsessionid=ac16012b30d6daf3d1e69b9448f9b338854e2531f358.e3iSbxaKaheRe34Rb3eTbx8LaNb0n6jAmljGr5XDqQLvpAe HTTP/1.1" 200 2
156.59.198.136 - - [13/Jan/2024:07:16:25 -0500] "GET /BLA/resoluciones/Notificaciones/REGISTROS%202020/1734.pdf HTTP/1.0" 200 371892
156.59.198.136 - - [13/Jan/2024:07:16:49 -0500] "GET /BLA/resoluciones/Notificaciones/REGISTROS%202020/01739.pdf HTTP/1.0" 200 373464
156.59.198.136 - - [13/Jan/2024:07:17:14 -0500] "GET /BLA/resoluciones/Notificaciones/REGISTROS%202020/0883.pdf HTTP/1.0" 200 268845
201.245.192.253 - - [13/Jan/2024:07:17:35 -0500] "POST /forms/lservlet;jsessionid=ac16012b30d6e9245d4a5ae64507bcdc86473ff87750.e3iSbxaKaheRe34Rb3eTbx8LaNb0n6jAmljGr5XDqQLvpAe HTTP/1.1" 200 2
156.59.198.136 - - [13/Jan/2024:07:17:39 -0500] "GET /BLA/resoluciones/Notificaciones/REGISTROS%202020/00355.pdf HTTP/1.0" 200 258530
156.59.198.136 - - [13/Jan/2024:07:18:04 -0500] "GET /BLA/resoluciones/Notificaciones/REGISTROS%202020/0810.pdf HTTP/1.0" 200 269880
201.245.192.253 - - [13/Jan/2024:07:18:18 -0500] "POST /forms/lservlet;jsessionid=ac16012b30d6daf3d1e69b9448f9b338854e2531f358.e3iSbxaKaheRe34Rb3eTbx8LaNb0n6jAmljGr5XDqQLvpAe HTTP/1.1" 200 2
156.59.198.135 - - [13/Jan/2024:07:18:28 -0500] "GET /BLA/resoluciones/Notificaciones/REGISTROS%202020/0056.pdf HTTP/1.0" 200 259987
156.59.198.136 - - [13/Jan/2024:07:18:53 -0500] "GET /BLA/resoluciones/Notificaciones/REGISTROS%202020/0705.pdf HTTP/1.0" 200 268795
201.245.192.253 - - [13/Jan/2024:07:18:59 -0500] "POST /kwsrmcab/Wsrmcab HTTP/1.1" 200 39153
191.156.177.199 - - [13/Jan/2024:07:19:02 -0500] "GET /inicia-el-2024-conociendo-la-biodiversidad-de-bogoti.html HTTP/1.1" 304 -
156.59.198.135 - - [13/Jan/2024:07:19:16 -0500] "GET /BLA/resoluciones/Notificaciones/REGISTROS%202020/00461.pdf HTTP/1.0" 200 328029
201.245.192.253 - - [13/Jan/2024:07:19:35 -0500] "POST /forms/lservlet;jsessionid=ac16012b30d6e9245d4a5ae64507bcdc86473ff87750.e3iSbxaKaheRe34Rb3eTbx8LaNb0n6jAmljGr5XDqQLvpAe HTTP/1.1" 200 2
201.245.192.253 - - [13/Jan/2024:07:19:39 -0500] "POST /kwsrmcab/Wsrmcab HTTP/1.1" 200 39303
156.59.198.136 - - [13/Jan/2024:07:19:41 -0500] "GET /BLA/resoluciones/Notificaciones/REGISTROS%202020/0923.pdf HTTP/1.0" 200 270114
201.245.192.253 - - [13/Jan/2024:07:19:59 -0500] "POST /kwsrmcab/Wsrmcab  HTTP/1.1" 200 39439
172.22.2.4 - - [13/Jan/2024:07:18:27 -0500] "HEAD /BLA/boletinlegal/ HTTP/1.1" 200 -
156.59.198.136 - - [13/Jan/2024:07:20:08 -0500] "GET /BLA/resoluciones/Notificaciones/REGISTROS%202020/0908.pdf HTTP/1.0" 200 269794
201.245.192.253 - - [13/Jan/2024:07:20:18 -0500] "POST /forms/lservlet;jsessionid=ac16012b30d6daf3d1e69b9448f9b338854e2531f358.e3iSbxaKaheRe34Rb3eTbx8LaNb0n6jAmljGr5XDqQLvpAe HTTP/1.1" 200 2
172.22.2.4 - - [13/Jan/2024:07:19:30 -0500] "GET /BLA/boletinlegal/ HTTP/1.1" 200 24523
156.59.198.136 - - [13/Jan/2024:07:20:29 -0500] "GET /BLA/resoluciones/Notificaciones/REGISTROS%202020/0266.pdf HTTP/1.0" 200 260896
216.245.221.92 - - [13/Jan/2024:07:20:53 -0500] "HEAD / HTTP/1.1" 200 -
156.59.198.135 - - [13/Jan/2024:07:20:53 -0500] "GET /BLA/resoluciones/Notificaciones/REGISTROS%202020/00766.pdf HTTP/1.0" 200 269132
172.22.2.4 - - [13/Jan/2024:07:19:18 -0500] "GET /BLA/boletinlegal/ HTTP/1.1" 200 54525
156.59.198.135 - - [13/Jan/2024:07:21:17 -0500] "GET /BLA/resoluciones/Notificaciones/REGISTROS%202020/0717.pdf HTTP/1.0" 200 267629
201.245.192.253 - - [13/Jan/2024:07:21:35 -0500] "POST /forms/lservlet;jsessionid=ac16012b30d6e9245d4a5ae64507bcdc86473ff87750.e3iSbxaKaheRe34Rb3eTbx8LaNb0n6jAmljGr5XDqQLvpAe HTTP/1.1" 200 2
201.245.192.253 - - [13/Jan/2024:07:22:18 -0500] "POST /forms/lservlet;jsessionid=ac16012b30d6daf3d1e69b9448f9b338854e2531f358.e3iSbxaKaheRe34Rb3eTbx8LaNb0n6jAmljGr5XDqQLvpAe HTTP/1.1" 200 2
69.171.231.119 - - [13/Jan/2024:07:22:25 -0500] "GET /inicia-el-2024-conociendo-la-biodiversidad-de-bogoti.html HTTP/1.1" 200 894
69.171.231.7 - - [13/Jan/2024:07:22:25 -0500] "GET /inicia-el-2024-conociendo-la-biodiversidad-de-bogoti.html HTTP/1.1" 200 894
69.171.231.10 - - [13/Jan/2024:07:22:25 -0500] "GET /inicia-el-2024-conociendo-la-biodiversidad-de-bogoti.html HTTP/1.1" 200 894
201.245.192.253 - - [13/Jan/2024:07:23:35 -0500] "POST /forms/lservlet;jsessionid=ac16012b30d6e9245d4a5ae64507bcdc86473ff87750.e3iSbxaKaheRe34Rb3eTbx8LaNb0n6jAmljGr5XDqQLvpAe HTTP/1.1" 200 2
66.249.66.19 - - [13/Jan/2024:07:24:10 -0500] "GET /BLA/resoluciones/RESOLUCIONES%202009/3793.pdf HTTP/1.1" 200 377088
201.245.192.253 - - [13/Jan/2024:07:24:18 -0500] "POST /forms/lservlet;jsessionid=ac16012b30d6daf3d1e69b9448f9b338854e2531f358.e3iSbxaKaheRe34Rb3eTbx8LaNb0n6jAmljGr5XDqQLvpAe HTTP/1.1" 200 2
201.245.192.253 - - [13/Jan/2024:07:24:40 -0500] "POST /kwsrmcab/Wsrmcab HTTP/1.1" 200 39153
201.245.192.253 - - [13/Jan/2024:07:24:43 -0500] "POST /kwsrmcab/Wsrmcab HTTP/1.1" 200 39303
201.245.192.253 - - [13/Jan/2024:07:24:58 -0500] "POST /kwsrmcab/Wsrmcab  HTTP/1.1" 200 39439
201.245.192.253 - - [13/Jan/2024:07:25:35 -0500] "POST /forms/lservlet;jsessionid=ac16012b30d6e9245d4a5ae64507bcdc86473ff87750.e3iSbxaKaheRe34Rb3eTbx8LaNb0n6jAmljGr5XDqQLvpAe HTTP/1.1" 200 2
216.245.221.92 - - [13/Jan/2024:07:25:53 -0500] "HEAD / HTTP/1.1" 200 -
172.22.2.4 - - [13/Jan/2024:07:24:17 -0500] "HEAD /BLA/boletinlegal/ HTTP/1.1" 200 -
201.245.192.253 - - [13/Jan/2024:07:26:18 -0500] "POST /forms/lservlet;jsessionid=ac16012b30d6daf3d1e69b9448f9b338854e2531f358.e3iSbxaKaheRe34Rb3eTbx8LaNb0n6jAmljGr5XDqQLvpAe HTTP/1.1" 200 2
172.22.2.4 - - [13/Jan/2024:07:25:08 -0500] "GET /BLA/boletinlegal/ HTTP/1.1" 200 58666
52.167.144.188 - - [13/Jan/2024:07:27:23 -0500] "GET /BLA/resoluciones/AUTOS%202022/3814.pdf HTTP/1.1" 304 -
201.245.192.253 - - [13/Jan/2024:07:27:35 -0500] "POST /forms/lservlet;jsessionid=ac16012b30d6e9245d4a5ae64507bcdc86473ff87750.e3iSbxaKaheRe34Rb3eTbx8LaNb0n6jAmljGr5XDqQLvpAe HTTP/1.1" 200 2
201.245.192.253 - - [13/Jan/2024:07:28:18 -0500] "POST /forms/lservlet;jsessionid=ac16012b30d6daf3d1e69b9448f9b338854e2531f358.e3iSbxaKaheRe34Rb3eTbx8LaNb0n6jAmljGr5XDqQLvpAe HTTP/1.1" 200 2
66.249.66.19 - - [13/Jan/2024:07:28:39 -0500] "GET /BLA/resoluciones/Autos%202008/0491.pdf HTTP/1.1" 200 117941
201.245.192.253 - - [13/Jan/2024:07:28:58 -0500] "POST /kwsrmcab/Wsrmcab HTTP/1.1" 200 39153
66.249.66.19 - - [13/Jan/2024:07:29:22 -0500] "GET /BLA/resoluciones/RESOLUCIONES%202009/6736.pdf HTTP/1.1" 200 451394
201.245.192.253 - - [13/Jan/2024:07:29:35 -0500] "POST /forms/lservlet;jsessionid=ac16012b30d6e9245d4a5ae64507bcdc86473ff87750.e3iSbxaKaheRe34Rb3eTbx8LaNb0n6jAmljGr5XDqQLvpAe HTTP/1.1" 200 2
201.245.192.253 - - [13/Jan/2024:07:29:38 -0500] "POST /kwsrmcab/Wsrmcab HTTP/1.1" 200 39303
201.245.192.253 - - [13/Jan/2024:07:29:57 -0500] "POST /kwsrmcab/Wsrmcab  HTTP/1.1" 200 39439
201.245.192.253 - - [13/Jan/2024:07:30:18 -0500] "POST /forms/lservlet;jsessionid=ac16012b30d6daf3d1e69b9448f9b338854e2531f358.e3iSbxaKaheRe34Rb3eTbx8LaNb0n6jAmljGr5XDqQLvpAe HTTP/1.1" 200 2
216.245.221.92 - - [13/Jan/2024:07:30:53 -0500] "HEAD / HTTP/1.1" 200 -
216.244.66.195 - - [13/Jan/2024:07:30:53 -0500] "GET /galeria/galeria/fotos/juan-amarillo4G.jpg HTTP/1.1" 200 202445
201.245.192.253 - - [13/Jan/2024:07:31:35 -0500] "POST /forms/lservlet;jsessionid=ac16012b30d6e9245d4a5ae64507bcdc86473ff87750.e3iSbxaKaheRe34Rb3eTbx8LaNb0n6jAmljGr5XDqQLvpAe HTTP/1.1" 200 2
172.22.2.4 - - [13/Jan/2024:07:30:07 -0500] "HEAD /BLA/boletinlegal/ HTTP/1.1" 200 -
201.245.192.253 - - [13/Jan/2024:07:32:18 -0500] "POST /forms/lservlet;jsessionid=ac16012b30d6daf3d1e69b9448f9b338854e2531f358.e3iSbxaKaheRe34Rb3eTbx8LaNb0n6jAmljGr5XDqQLvpAe HTTP/1.1" 200 2
172.22.2.4 - - [13/Jan/2024:07:30:58 -0500] "GET /BLA/boletinlegal/ HTTP/1.1" 200 58166
69.171.251.1 - - [13/Jan/2024:07:32:45 -0500] "GET /inicia-el-2024-conociendo-la-biodiversidad-de-bogoti.html HTTP/1.1" 200 894
201.245.192.253 - - [13/Jan/2024:07:33:35 -0500] "POST /forms/lservlet;jsessionid=ac16012b30d6e9245d4a5ae64507bcdc86473ff87750.e3iSbxaKaheRe34Rb3eTbx8LaNb0n6jAmljGr5XDqQLvpAe HTTP/1.1" 200 2
216.244.66.195 - - [13/Jan/2024:07:33:38 -0500] "GET /BLA/resoluciones/RESOLUCIONES%202017/3241.pdf HTTP/1.1" 200 347192
216.244.66.195 - - [13/Jan/2024:07:33:56 -0500] "GET /BLA/resoluciones/RESOLUCIONES%202019/0283.pdf HTTP/1.1" 200 257086
47.88.90.156 - - [13/Jan/2024:07:33:58 -0500] "GET / HTTP/1.1" 200 319
47.88.86.63 - - [13/Jan/2024:07:33:59 -0500] "GET /Public/home/js/check.js HTTP/1.1" 404 1018
47.251.15.21 - - [13/Jan/2024:07:34:00 -0500] "GET /static/admin/javascript/hetong.js HTTP/1.1" 404 1018
216.244.66.195 - - [13/Jan/2024:07:34:10 -0500] "GET /BLA/resoluciones/RESOLUCIONES%202019/1024.pdf HTTP/1.1" 200 1450719
201.245.192.253 - - [13/Jan/2024:07:34:18 -0500] "POST /forms/lservlet;jsessionid=ac16012b30d6daf3d1e69b9448f9b338854e2531f358.e3iSbxaKaheRe34Rb3eTbx8LaNb0n6jAmljGr5XDqQLvpAe HTTP/1.1" 200 2
201.245.192.253 - - [13/Jan/2024:07:34:40 -0500] "POST /kwsrmcab/Wsrmcab HTTP/1.1" 200 39153
201.245.192.253 - - [13/Jan/2024:07:34:43 -0500] "POST /kwsrmcab/Wsrmcab HTTP/1.1" 200 39303
216.244.66.195 - - [13/Jan/2024:07:34:55 -0500] "GET /BLA/resoluciones/RESOLUCIONES%202019/1205.pdf HTTP/1.1" 200 351915
201.245.192.253 - - [13/Jan/2024:07:34:56 -0500] "POST /kwsrmcab/Wsrmcab  HTTP/1.1" 200 39439
216.244.66.195 - - [13/Jan/2024:07:35:21 -0500] "GET /BLA/resoluciones/RESOLUCIONES%202019/1296.pdf HTTP/1.1" 200 374715
201.245.192.253 - - [13/Jan/2024:07:35:35 -0500] "POST /forms/lservlet;jsessionid=ac16012b30d6e9245d4a5ae64507bcdc86473ff87750.e3iSbxaKaheRe34Rb3eTbx8LaNb0n6jAmljGr5XDqQLvpAe HTTP/1.1" 200 2
216.244.66.195 - - [13/Jan/2024:07:35:47 -0500] "GET /BLA/resoluciones/RESOLUCIONES%202019/1665.pdf HTTP/1.1" 200 282809
66.249.66.19 - - [13/Jan/2024:07:35:48 -0500] "GET /pdc/actos/1469.pdf HTTP/1.1" 200 1053029
216.245.221.92 - - [13/Jan/2024:07:35:53 -0500] "HEAD / HTTP/1.1" 200 -
40.77.167.247 - - [13/Jan/2024:07:36:17 -0500] "GET /BLA/resoluciones/AUTOS%202020/3464.pdf HTTP/1.1" 200 367375
201.245.192.253 - - [13/Jan/2024:07:36:18 -0500] "POST /forms/lservlet;jsessionid=ac16012b30d6daf3d1e69b9448f9b338854e2531f358.e3iSbxaKaheRe34Rb3eTbx8LaNb0n6jAmljGr5XDqQLvpAe HTTP/1.1" 200 2
201.245.192.253 - - [13/Jan/2024:07:37:35 -0500] "POST /forms/lservlet;jsessionid=ac16012b30d6e9245d4a5ae64507bcdc86473ff87750.e3iSbxaKaheRe34Rb3eTbx8LaNb0n6jAmljGr5XDqQLvpAe HTTP/1.1" 200 2
172.22.2.4 - - [13/Jan/2024:07:35:57 -0500] "HEAD /BLA/boletinlegal/ HTTP/1.1" 200 -
201.245.192.253 - - [13/Jan/2024:07:38:18 -0500] "POST /forms/lservlet;jsessionid=ac16012b30d6daf3d1e69b9448f9b338854e2531f358.e3iSbxaKaheRe34Rb3eTbx8LaNb0n6jAmljGr5XDqQLvpAe HTTP/1.1" 200 2
186.84.21.136 - - [13/Jan/2024:07:38:20 -0500] "POST /sipse/faces/presentacion/financiero/solicitudProceso/consultarSolicitudProceso.xhtml HTTP/1.1" 302 -
186.84.21.136 - - [13/Jan/2024:07:38:20 -0500] "GET /sipse/faces/autenticacion.xhtml HTTP/1.1" 200 1099
186.84.21.136 - - [13/Jan/2024:07:38:20 -0500] "POST /sipse/faces/presentacion/financiero/solicitudProceso/consultarSolicitudProceso.xhtml HTTP/1.1" 302 -
186.84.21.136 - - [13/Jan/2024:07:38:20 -0500] "GET /sipse/faces/autenticacion.xhtml HTTP/1.1" 200 1099
186.84.21.136 - - [13/Jan/2024:07:38:20 -0500] "POST /sipse/faces/presentacion/financiero/solicitudProceso/consultarSolicitudProceso.xhtml HTTP/1.1" 302 -
186.84.21.136 - - [13/Jan/2024:07:38:20 -0500] "GET /sipse/faces/autenticacion.xhtml HTTP/1.1" 200 1099
186.84.21.136 - - [13/Jan/2024:07:38:26 -0500] "POST /sipse/faces/presentacion/financiero/solicitudProceso/consultarSolicitudProceso.xhtml HTTP/1.1" 302 -
186.84.21.136 - - [13/Jan/2024:07:38:26 -0500] "GET /sipse/faces/autenticacion.xhtml HTTP/1.1" 200 1099
172.22.2.4 - - [13/Jan/2024:07:36:47 -0500] "GET /BLA/boletinlegal/ HTTP/1.1" 200 58666
186.84.21.136 - - [13/Jan/2024:07:38:36 -0500] "POST /sipse/faces/presentacion/financiero/solicitudProceso/consultarSolicitudProceso.xhtml HTTP/1.1" 302 -
186.84.21.136 - - [13/Jan/2024:07:38:36 -0500] "GET /sipse/faces/autenticacion.xhtml HTTP/1.1" 200 1099
186.84.21.136 - - [13/Jan/2024:07:38:39 -0500] "GET /sipse/faces/faces/faces/autenticacion.xhtml HTTP/1.1" 200 12403
186.84.21.136 - - [13/Jan/2024:07:38:39 -0500] "GET /sipse/css/custom_css_sg.css HTTP/1.1" 304 -
186.84.21.136 - - [13/Jan/2024:07:38:39 -0500] "GET /sipse/faces/javax.faces.resource/theme.css?ln=primefaces-sipse HTTP/1.1" 304 -
186.84.21.136 - - [13/Jan/2024:07:38:39 -0500] "GET /sipse/faces/javax.faces.resource/primefaces.css?ln=primefaces&v=4.0 HTTP/1.1" 304 -
186.84.21.136 - - [13/Jan/2024:07:38:39 -0500] "GET /sipse/faces/javax.faces.resource/jquery/jquery-plugins.js?ln=primefaces&v=4.0 HTTP/1.1" 304 -
186.84.21.136 - - [13/Jan/2024:07:38:39 -0500] "GET /sipse/faces/javax.faces.resource/layout/layout.css?ln=primefaces&v=4.0 HTTP/1.1" 304 -
186.84.21.136 - - [13/Jan/2024:07:38:39 -0500] "GET /sipse/faces/javax.faces.resource/jquery/jquery.js?ln=primefaces&v=4.0 HTTP/1.1" 304 -
186.84.21.136 - - [13/Jan/2024:07:38:39 -0500] "GET /sipse/faces/javax.faces.resource/primefaces.js?ln=primefaces&v=4.0 HTTP/1.1" 304 -
186.84.21.136 - - [13/Jan/2024:07:38:39 -0500] "GET /sipse/faces/javax.faces.resource/layout/layout.js?ln=primefaces&v=4.0 HTTP/1.1" 304 -
186.84.21.136 - - [13/Jan/2024:07:38:39 -0500] "GET /sipse/css/imagen/logoSDG.png HTTP/1.1" 304 -
186.84.21.136 - - [13/Jan/2024:07:38:39 -0500] "GET /sipse/css/imagen/loginimg.png HTTP/1.1" 304 -
186.84.21.136 - - [13/Jan/2024:07:38:39 -0500] "GET /sipse/faces/javax.faces.resource/images/ui-icons_898989_256x240.png?ln=primefaces-aristo HTTP/1.1" 304 -
186.84.21.136 - - [13/Jan/2024:07:38:45 -0500] "POST /sipse/faces/autenticacion.xhtml HTTP/1.1" 200 2225
186.84.21.136 - - [13/Jan/2024:07:38:45 -0500] "GET /sipse/faces/javax.faces.resource/messages/messages.png?ln=primefaces&v=4.0 HTTP/1.1" 304 -
186.84.21.136 - - [13/Jan/2024:07:38:47 -0500] "POST /sipse/faces/autenticacion.xhtml HTTP/1.1" 200 16391
186.84.21.136 - - [13/Jan/2024:07:38:47 -0500] "GET /sipse/faces/javax.faces.resource/theme.css?ln=primefaces-sipse HTTP/1.1" 304 -
186.84.21.136 - - [13/Jan/2024:07:38:47 -0500] "GET /sipse/faces/javax.faces.resource/primefaces.css?ln=primefaces&v=4.0 HTTP/1.1" 304 -
186.84.21.136 - - [13/Jan/2024:07:38:47 -0500] "GET /sipse/faces/javax.faces.resource/layout/layout.css?ln=primefaces&v=4.0 HTTP/1.1" 304 -
186.84.21.136 - - [13/Jan/2024:07:38:47 -0500] "GET /sipse/faces/javax.faces.resource/jquery/jquery.js?ln=primefaces&v=4.0 HTTP/1.1" 304 -
186.84.21.136 - - [13/Jan/2024:07:38:47 -0500] "GET /sipse/faces/javax.faces.resource/jquery/jquery-plugins.js?ln=primefaces&v=4.0 HTTP/1.1" 304 -
186.84.21.136 - - [13/Jan/2024:07:38:47 -0500] "GET /sipse/faces/javax.faces.resource/primefaces.js?ln=primefaces&v=4.0 HTTP/1.1" 304 -
186.84.21.136 - - [13/Jan/2024:07:38:47 -0500] "GET /sipse/faces/javax.faces.resource/layout/layout.js?ln=primefaces&v=4.0 HTTP/1.1" 304 -
186.84.21.136 - - [13/Jan/2024:07:38:47 -0500] "GET /sipse/imagenes/cargando.gif HTTP/1.1" 304 -
186.84.21.136 - - [13/Jan/2024:07:38:47 -0500] "GET /sipse/imagenes/logoAplicacion.jpg HTTP/1.1" 304 -
186.84.21.136 - - [13/Jan/2024:07:38:47 -0500] "GET /sipse/css/imagen/contrasena.png HTTP/1.1" 404 383
186.84.21.136 - - [13/Jan/2024:07:38:49 -0500] "GET /sipse/faces/javax.faces.resource/images/ui-bg_flat_0_2d5972_40x100.png?ln=primefaces-aristo HTTP/1.1" 304 -
186.84.21.136 - - [13/Jan/2024:07:38:49 -0500] "POST /sipse/faces/bienvenido.xhtml HTTP/1.1" 200 2658
186.84.21.136 - - [13/Jan/2024:07:38:49 -0500] "POST /sipse/faces/bienvenido.xhtml HTTP/1.1" 200 63730
186.84.21.136 - - [13/Jan/2024:07:38:50 -0500] "GET /sipse/faces/javax.faces.resource/layout/layout.css?ln=primefaces&v=4.0 HTTP/1.1" 304 -
186.84.21.136 - - [13/Jan/2024:07:38:50 -0500] "GET /sipse/faces/javax.faces.resource/primefaces.css?ln=primefaces&v=4.0 HTTP/1.1" 304 -
186.84.21.136 - - [13/Jan/2024:07:38:50 -0500] "GET /sipse/faces/javax.faces.resource/theme.css?ln=primefaces-sipse HTTP/1.1" 304 -
186.84.21.136 - - [13/Jan/2024:07:38:50 -0500] "GET /sipse/faces/javax.faces.resource/jquery/jquery.js?ln=primefaces&v=4.0 HTTP/1.1" 304 -
186.84.21.136 - - [13/Jan/2024:07:38:50 -0500] "GET /sipse/faces/javax.faces.resource/jquery/jquery-plugins.js?ln=primefaces&v=4.0 HTTP/1.1" 304 -
186.84.21.136 - - [13/Jan/2024:07:38:50 -0500] "GET /sipse/faces/javax.faces.resource/primefaces.js?ln=primefaces&v=4.0 HTTP/1.1" 304 -
186.84.21.136 - - [13/Jan/2024:07:38:50 -0500] "GET /sipse/faces/javax.faces.resource/layout/layout.js?ln=primefaces&v=4.0 HTTP/1.1" 304 -
186.84.21.136 - - [13/Jan/2024:07:38:50 -0500] "POST /sipse/faces/presentacion/financiero/solicitudProceso/listarSolicitudProceso.xhtml HTTP/1.1" 200 1556
186.84.21.136 - - [13/Jan/2024:07:38:55 -0500] "POST /sipse/faces/presentacion/financiero/solicitudProceso/listarSolicitudProceso.xhtml HTTP/1.1" 200 20445
201.245.192.253 - - [13/Jan/2024:07:38:59 -0500] "POST /kwsrmcab/Wsrmcab HTTP/1.1" 200 39153
27.115.124.109 - - [13/Jan/2024:07:39:21 -0500] "GET / HTTP/1.1" 200 319
186.84.21.136 - - [13/Jan/2024:07:39:25 -0500] "POST /sipse/faces/presentacion/financiero/solicitudProceso/listarSolicitudProceso.xhtml HTTP/1.1" 200 126533
186.84.21.136 - - [13/Jan/2024:07:39:26 -0500] "GET /sipse/faces/javax.faces.resource/theme.css?ln=primefaces-sipse HTTP/1.1" 304 -
186.84.21.136 - - [13/Jan/2024:07:39:26 -0500] "GET /sipse/faces/javax.faces.resource/primefaces.css?ln=primefaces&v=4.0 HTTP/1.1" 304 -
186.84.21.136 - - [13/Jan/2024:07:39:26 -0500] "GET /sipse/faces/javax.faces.resource/layout/layout.css?ln=primefaces&v=4.0 HTTP/1.1" 304 -
186.84.21.136 - - [13/Jan/2024:07:39:26 -0500] "GET /sipse/faces/javax.faces.resource/jquery/jquery.js?ln=primefaces&v=4.0 HTTP/1.1" 304 -
186.84.21.136 - - [13/Jan/2024:07:39:26 -0500] "GET /sipse/faces/javax.faces.resource/jquery/jquery-plugins.js?ln=primefaces&v=4.0 HTTP/1.1" 304 -
186.84.21.136 - - [13/Jan/2024:07:39:26 -0500] "GET /sipse/faces/javax.faces.resource/primefaces.js?ln=primefaces&v=4.0 HTTP/1.1" 304 -
186.84.21.136 - - [13/Jan/2024:07:39:27 -0500] "GET /sipse/faces/javax.faces.resource/layout/layout.js?ln=primefaces&v=4.0 HTTP/1.1" 304 -
186.84.21.136 - - [13/Jan/2024:07:39:34 -0500] "POST /sipse/faces/presentacion/financiero/solicitudProceso/consultarSolicitudProceso.xhtml HTTP/1.1" 200 5503
201.245.192.253 - - [13/Jan/2024:07:39:35 -0500] "POST /forms/lservlet;jsessionid=ac16012b30d6e9245d4a5ae64507bcdc86473ff87750.e3iSbxaKaheRe34Rb3eTbx8LaNb0n6jAmljGr5XDqQLvpAe HTTP/1.1" 200 2
201.245.192.253 - - [13/Jan/2024:07:39:38 -0500] "POST /kwsrmcab/Wsrmcab HTTP/1.1" 200 39303
123.6.49.50 - - [13/Jan/2024:07:39:56 -0500] "GET /sipse/faces/faces/faces/autenticacion.xhtml HTTP/1.1" 200 12725
123.6.49.10 - - [13/Jan/2024:07:39:57 -0500] "GET /sipse/js/disable_browser_buttons.js HTTP/1.1" 200 3230
201.245.192.253 - - [13/Jan/2024:07:39:55 -0500] "POST /kwsrmcab/Wsrmcab  HTTP/1.1" 200 39439
123.6.49.15 - - [13/Jan/2024:07:39:57 -0500] "GET /sipse/css/custom_css_sg.css HTTP/1.1" 200 9694
123.6.49.50 - - [13/Jan/2024:07:39:57 -0500] "GET /sipse/css/custom_css_sg_prime_login.css HTTP/1.1" 200 443
123.6.49.10 - - [13/Jan/2024:07:39:57 -0500] "GET /sipse/faces/javax.faces.resource/layout/layout.css;jsessionid=+SRnmj+k8TDsCe0F6IJ3JAvC.undefined?ln=primefaces&v=4.0 HTTP/1.1" 200 542
123.6.49.50 - - [13/Jan/2024:07:39:57 -0500] "GET /sipse/js/funciones.js HTTP/1.1" 200 12592
123.6.49.50 - - [13/Jan/2024:07:39:57 -0500] "GET /sipse/faces/javax.faces.resource/primefaces.css;jsessionid=+SRnmj+k8TDsCe0F6IJ3JAvC.undefined?ln=primefaces&v=4.0 HTTP/1.1" 200 53295
123.6.49.47 - - [13/Jan/2024:07:39:57 -0500] "GET /sipse/faces/javax.faces.resource/theme.css?ln=primefaces-sipse HTTP/1.1" 200 50058
123.6.49.50 - - [13/Jan/2024:07:39:58 -0500] "GET /sipse/faces/javax.faces.resource/layout/layout.js;jsessionid=+SRnmj+k8TDsCe0F6IJ3JAvC.undefined?ln=primefaces&v=4.0 HTTP/1.1" 200 87560
123.6.49.15 - - [13/Jan/2024:07:39:58 -0500] "GET /sipse/faces/javax.faces.resource/jquery/jquery-plugins.js;jsessionid=+SRnmj+k8TDsCe0F6IJ3JAvC.undefined?ln=primefaces&v=4.0 HTTP/1.1" 200 220526
123.6.49.50 - - [13/Jan/2024:07:39:58 -0500] "GET /sipse/faces/javax.faces.resource/primefaces.js;jsessionid=+SRnmj+k8TDsCe0F6IJ3JAvC.undefined?ln=primefaces&v=4.0 HTTP/1.1" 200 276924
123.6.49.10 - - [13/Jan/2024:07:39:58 -0500] "GET /sipse/faces/javax.faces.resource/jquery/jquery.js;jsessionid=+SRnmj+k8TDsCe0F6IJ3JAvC.undefined?ln=primefaces&v=4.0 HTTP/1.1" 200 105384
123.6.49.50 - - [13/Jan/2024:07:40:02 -0500] "GET /sipse/faces/javax.faces.resource/images/ui-icons_898989_256x240.png?ln=primefaces-aristo HTTP/1.1" 200 5355
123.6.49.10 - - [13/Jan/2024:07:40:02 -0500] "GET /sipse/css/imagen/loginimg.png HTTP/1.1" 200 71635
123.6.49.15 - - [13/Jan/2024:07:40:02 -0500] "GET /sipse/css/imagen/logoSDG.png HTTP/1.1" 200 53064
201.245.192.253 - - [13/Jan/2024:07:40:18 -0500] "POST /forms/lservlet;jsessionid=ac16012b30d6daf3d1e69b9448f9b338854e2531f358.e3iSbxaKaheRe34Rb3eTbx8LaNb0n6jAmljGr5XDqQLvpAe HTTP/1.1" 200 2
186.84.21.136 - - [13/Jan/2024:07:40:24 -0500] "POST /sipse/faces/presentacion/financiero/solicitudProceso/consultarSolicitudProceso.xhtml HTTP/1.1" 200 79164
40.77.167.15 - - [13/Jan/2024:07:40:44 -0500] "GET /sipse/faces/faces/autenticacion.xhtml HTTP/1.1" 200 12725
66.249.66.21 - - [13/Jan/2024:07:40:45 -0500] "GET /BLA/resoluciones/RESOLUCIONES%202009/0582.pdf HTTP/1.1" 200 290453
186.84.21.136 - - [13/Jan/2024:07:40:45 -0500] "POST /sipse/faces/presentacion/financiero/solicitudProceso/consultarSolicitudProceso.xhtml HTTP/1.1" 200 85811
186.84.21.136 - - [13/Jan/2024:07:40:46 -0500] "GET /sipse/faces/javax.faces.resource/theme.css?ln=primefaces-sipse HTTP/1.1" 304 -
186.84.21.136 - - [13/Jan/2024:07:40:46 -0500] "GET /sipse/faces/javax.faces.resource/primefaces.css?ln=primefaces&v=4.0 HTTP/1.1" 304 -
186.84.21.136 - - [13/Jan/2024:07:40:46 -0500] "GET /sipse/faces/javax.faces.resource/layout/layout.css?ln=primefaces&v=4.0 HTTP/1.1" 304 -
186.84.21.136 - - [13/Jan/2024:07:40:46 -0500] "GET /sipse/faces/javax.faces.resource/jquery/jquery.js?ln=primefaces&v=4.0 HTTP/1.1" 304 -
186.84.21.136 - - [13/Jan/2024:07:40:46 -0500] "GET /sipse/faces/javax.faces.resource/jquery/jquery-plugins.js?ln=primefaces&v=4.0 HTTP/1.1" 304 -
186.84.21.136 - - [13/Jan/2024:07:40:46 -0500] "GET /sipse/faces/javax.faces.resource/primefaces.js?ln=primefaces&v=4.0 HTTP/1.1" 304 -
186.84.21.136 - - [13/Jan/2024:07:40:46 -0500] "GET /sipse/faces/javax.faces.resource/layout/layout.js?ln=primefaces&v=4.0 HTTP/1.1" 304 -
216.245.221.92 - - [13/Jan/2024:07:40:53 -0500] "HEAD / HTTP/1.1" 200 -
186.84.21.136 - - [13/Jan/2024:07:41:18 -0500] "POST /sipse/faces/presentacion/financiero/solicitudProceso/crearModificarSolicitudProceso.xhtml HTTP/1.1" 200 126698
186.84.21.136 - - [13/Jan/2024:07:41:19 -0500] "GET /sipse/faces/javax.faces.resource/theme.css?ln=primefaces-sipse HTTP/1.1" 304 -
186.84.21.136 - - [13/Jan/2024:07:41:19 -0500] "GET /sipse/faces/javax.faces.resource/primefaces.css?ln=primefaces&v=4.0 HTTP/1.1" 304 -
186.84.21.136 - - [13/Jan/2024:07:41:19 -0500] "GET /sipse/faces/javax.faces.resource/layout/layout.css?ln=primefaces&v=4.0 HTTP/1.1" 304 -
186.84.21.136 - - [13/Jan/2024:07:41:19 -0500] "GET /sipse/faces/javax.faces.resource/jquery/jquery.js?ln=primefaces&v=4.0 HTTP/1.1" 304 -
186.84.21.136 - - [13/Jan/2024:07:41:19 -0500] "GET /sipse/faces/javax.faces.resource/jquery/jquery-plugins.js?ln=primefaces&v=4.0 HTTP/1.1" 304 -
186.84.21.136 - - [13/Jan/2024:07:41:19 -0500] "GET /sipse/faces/javax.faces.resource/primefaces.js?ln=primefaces&v=4.0 HTTP/1.1" 304 -
186.84.21.136 - - [13/Jan/2024:07:41:19 -0500] "GET /sipse/faces/javax.faces.resource/layout/layout.js?ln=primefaces&v=4.0 HTTP/1.1" 304 -
186.84.21.136 - - [13/Jan/2024:07:41:31 -0500] "POST /sipse/faces/presentacion/financiero/solicitudProceso/consultarSolicitudProceso.xhtml HTTP/1.1" 200 5503
201.245.192.253 - - [13/Jan/2024:07:41:35 -0500] "POST /forms/lservlet;jsessionid=ac16012b30d6e9245d4a5ae64507bcdc86473ff87750.e3iSbxaKaheRe34Rb3eTbx8LaNb0n6jAmljGr5XDqQLvpAe HTTP/1.1" 200 2
186.84.21.136 - - [13/Jan/2024:07:41:44 -0500] "POST /sipse/faces/presentacion/financiero/solicitudProceso/consultarSolicitudProceso.xhtml HTTP/1.1" 200 27647
186.84.21.136 - - [13/Jan/2024:07:41:45 -0500] "GET /sipse/faces/javax.faces.resource/theme.css?ln=primefaces-sipse HTTP/1.1" 304 -
186.84.21.136 - - [13/Jan/2024:07:41:45 -0500] "GET /sipse/faces/javax.faces.resource/primefaces.css?ln=primefaces&v=4.0 HTTP/1.1" 304 -
186.84.21.136 - - [13/Jan/2024:07:41:45 -0500] "GET /sipse/faces/javax.faces.resource/jquery/jquery.js?ln=primefaces&v=4.0 HTTP/1.1" 304 -
186.84.21.136 - - [13/Jan/2024:07:41:45 -0500] "GET /sipse/faces/javax.faces.resource/layout/layout.css?ln=primefaces&v=4.0 HTTP/1.1" 304 -
186.84.21.136 - - [13/Jan/2024:07:41:45 -0500] "GET /sipse/faces/javax.faces.resource/jquery/jquery-plugins.js?ln=primefaces&v=4.0 HTTP/1.1" 304 -
186.84.21.136 - - [13/Jan/2024:07:41:45 -0500] "GET /sipse/faces/javax.faces.resource/layout/layout.js?ln=primefaces&v=4.0 HTTP/1.1" 304 -
186.84.21.136 - - [13/Jan/2024:07:41:45 -0500] "GET /sipse/faces/javax.faces.resource/primefaces.js?ln=primefaces&v=4.0 HTTP/1.1" 304 -
66.249.72.4 - - [13/Jan/2024:07:41:45 -0500] "GET /participa-en-la-reciclaton-unisalle-solo-queda-un-dia.html HTTP/1.1" 200 763
186.84.21.136 - - [13/Jan/2024:07:41:52 -0500] "GET /sipse/faces/javax.faces.resource/theme.css?ln=primefaces-sipse HTTP/1.1" 304 -
186.84.21.136 - - [13/Jan/2024:07:41:52 -0500] "GET /sipse/faces/javax.faces.resource/layout/layout.css?ln=primefaces&v=4.0 HTTP/1.1" 304 -
186.84.21.136 - - [13/Jan/2024:07:41:52 -0500] "GET /sipse/faces/javax.faces.resource/primefaces.css?ln=primefaces&v=4.0 HTTP/1.1" 304 -
186.84.21.136 - - [13/Jan/2024:07:41:52 -0500] "GET /sipse/faces/javax.faces.resource/jquery/jquery.js?ln=primefaces&v=4.0 HTTP/1.1" 304 -
186.84.21.136 - - [13/Jan/2024:07:41:52 -0500] "GET /sipse/faces/javax.faces.resource/jquery/jquery-plugins.js?ln=primefaces&v=4.0 HTTP/1.1" 304 -
186.84.21.136 - - [13/Jan/2024:07:41:52 -0500] "GET /sipse/faces/javax.faces.resource/primefaces.js?ln=primefaces&v=4.0 HTTP/1.1" 304 -
186.84.21.136 - - [13/Jan/2024:07:41:52 -0500] "GET /sipse/faces/javax.faces.resource/layout/layout.js?ln=primefaces&v=4.0 HTTP/1.1" 304 -
186.84.21.136 - - [13/Jan/2024:07:41:51 -0500] "POST /sipse/faces/presentacion/financiero/solicitudProceso/consultarHistorialSolProceso.xhtml HTTP/1.1" 200 171988
186.84.21.136 - - [13/Jan/2024:07:41:59 -0500] "POST /sipse/faces/presentacion/financiero/solicitudProceso/consultarSolicitudProceso.xhtml HTTP/1.1" 200 64231
186.84.21.136 - - [13/Jan/2024:07:42:02 -0500] "GET /sipse/faces/javax.faces.resource/theme.css?ln=primefaces-sipse HTTP/1.1" 304 -
186.84.21.136 - - [13/Jan/2024:07:42:02 -0500] "GET /sipse/faces/javax.faces.resource/primefaces.css?ln=primefaces&v=4.0 HTTP/1.1" 304 -
186.84.21.136 - - [13/Jan/2024:07:42:02 -0500] "GET /sipse/faces/javax.faces.resource/layout/layout.css?ln=primefaces&v=4.0 HTTP/1.1" 304 -
186.84.21.136 - - [13/Jan/2024:07:42:02 -0500] "GET /sipse/faces/javax.faces.resource/jquery/jquery.js?ln=primefaces&v=4.0 HTTP/1.1" 304 -
186.84.21.136 - - [13/Jan/2024:07:42:02 -0500] "GET /sipse/faces/javax.faces.resource/jquery/jquery-plugins.js?ln=primefaces&v=4.0 HTTP/1.1" 304 -
186.84.21.136 - - [13/Jan/2024:07:42:02 -0500] "GET /sipse/faces/javax.faces.resource/primefaces.js?ln=primefaces&v=4.0 HTTP/1.1" 304 -
186.84.21.136 - - [13/Jan/2024:07:42:02 -0500] "GET /sipse/faces/javax.faces.resource/layout/layout.js?ln=primefaces&v=4.0 HTTP/1.1" 304 -
186.84.21.136 - - [13/Jan/2024:07:42:02 -0500] "POST /sipse/faces/presentacion/financiero/solicitudProceso/listarSolicitudProceso.xhtml HTTP/1.1" 200 1556
45.156.129.37 - - [13/Jan/2024:07:42:03 -0500] "GET / HTTP/1.1" 200 319
186.84.21.136 - - [13/Jan/2024:07:42:04 -0500] "POST /sipse/faces/presentacion/financiero/solicitudProceso/listarSolicitudProceso.xhtml HTTP/1.1" 200 20149
181.52.223.52 - - [13/Jan/2024:07:42:16 -0500] "GET /sipse/faces/index.xhtml HTTP/1.1" 200 677
181.52.223.52 - - [13/Jan/2024:07:42:17 -0500] "GET /sipse/faces/javax.faces.resource/theme.css?ln=primefaces-sipse HTTP/1.1" 200 50058
181.52.223.52 - - [13/Jan/2024:07:42:17 -0500] "GET /favicon.ico HTTP/1.1" 200 7782
181.52.223.52 - - [13/Jan/2024:07:42:17 -0500] "GET /sipse/faces/faces/autenticacion.xhtml HTTP/1.1" 200 12403
186.84.21.136 - - [13/Jan/2024:07:42:17 -0500] "POST /sipse/faces/presentacion/financiero/solicitudProceso/listarSolicitudProceso.xhtml HTTP/1.1" 200 126262
186.84.21.136 - - [13/Jan/2024:07:42:18 -0500] "GET /sipse/faces/javax.faces.resource/theme.css?ln=primefaces-sipse HTTP/1.1" 304 -
186.84.21.136 - - [13/Jan/2024:07:42:18 -0500] "GET /sipse/faces/javax.faces.resource/primefaces.css?ln=primefaces&v=4.0 HTTP/1.1" 304 -
186.84.21.136 - - [13/Jan/2024:07:42:18 -0500] "GET /sipse/faces/javax.faces.resource/layout/layout.css?ln=primefaces&v=4.0 HTTP/1.1" 304 -
186.84.21.136 - - [13/Jan/2024:07:42:18 -0500] "GET /sipse/faces/javax.faces.resource/jquery/jquery.js?ln=primefaces&v=4.0 HTTP/1.1" 304 -
186.84.21.136 - - [13/Jan/2024:07:42:18 -0500] "GET /sipse/faces/javax.faces.resource/jquery/jquery-plugins.js?ln=primefaces&v=4.0 HTTP/1.1" 304 -
181.52.223.52 - - [13/Jan/2024:07:42:18 -0500] "GET /sipse/js/disable_browser_buttons.js HTTP/1.1" 200 3230
181.52.223.52 - - [13/Jan/2024:07:42:18 -0500] "GET /sipse/js/funciones.js HTTP/1.1" 200 12592
186.84.21.136 - - [13/Jan/2024:07:42:18 -0500] "GET /sipse/faces/javax.faces.resource/primefaces.js?ln=primefaces&v=4.0 HTTP/1.1" 304 -
181.52.223.52 - - [13/Jan/2024:07:42:18 -0500] "GET /sipse/css/custom_css_sg.css HTTP/1.1" 200 9694
186.84.21.136 - - [13/Jan/2024:07:42:18 -0500] "GET /sipse/faces/javax.faces.resource/layout/layout.js?ln=primefaces&v=4.0 HTTP/1.1" 304 -
181.52.223.52 - - [13/Jan/2024:07:42:18 -0500] "GET /sipse/css/custom_css_sg_prime_login.css HTTP/1.1" 200 443
181.52.223.52 - - [13/Jan/2024:07:42:18 -0500] "GET /sipse/faces/javax.faces.resource/theme.css?ln=primefaces-sipse HTTP/1.1" 304 -
181.52.223.52 - - [13/Jan/2024:07:42:18 -0500] "GET /sipse/faces/javax.faces.resource/layout/layout.css?ln=primefaces&v=4.0 HTTP/1.1" 200 542
181.52.223.52 - - [13/Jan/2024:07:42:18 -0500] "GET /sipse/faces/javax.faces.resource/primefaces.css?ln=primefaces&v=4.0 HTTP/1.1" 200 53295
201.245.192.253 - - [13/Jan/2024:07:42:18 -0500] "POST /forms/lservlet;jsessionid=ac16012b30d6daf3d1e69b9448f9b338854e2531f358.e3iSbxaKaheRe34Rb3eTbx8LaNb0n6jAmljGr5XDqQLvpAe HTTP/1.1" 200 2
181.52.223.52 - - [13/Jan/2024:07:42:18 -0500] "GET /sipse/faces/javax.faces.resource/jquery/jquery.js?ln=primefaces&v=4.0 HTTP/1.1" 200 105384
181.52.223.52 - - [13/Jan/2024:07:42:18 -0500] "GET /sipse/faces/javax.faces.resource/layout/layout.js?ln=primefaces&v=4.0 HTTP/1.1" 200 87560
181.52.223.52 - - [13/Jan/2024:07:42:18 -0500] "GET /sipse/faces/javax.faces.resource/jquery/jquery-plugins.js?ln=primefaces&v=4.0 HTTP/1.1" 200 220526
181.52.223.52 - - [13/Jan/2024:07:42:18 -0500] "GET /sipse/faces/javax.faces.resource/primefaces.js?ln=primefaces&v=4.0 HTTP/1.1" 200 276924
181.52.223.52 - - [13/Jan/2024:07:42:19 -0500] "GET /sipse/faces/javax.faces.resource/images/ui-icons_898989_256x240.png?ln=primefaces-aristo HTTP/1.1" 200 5355
181.52.223.52 - - [13/Jan/2024:07:42:19 -0500] "GET /sipse/css/imagen/loginimg.png HTTP/1.1" 200 71635
181.52.223.52 - - [13/Jan/2024:07:42:19 -0500] "GET /sipse/css/imagen/logoSDG.png HTTP/1.1" 200 53064
186.84.21.136 - - [13/Jan/2024:07:42:31 -0500] "POST /sipse/faces/presentacion/financiero/solicitudProceso/consultarSolicitudProceso.xhtml HTTP/1.1" 200 67701
186.84.21.136 - - [13/Jan/2024:07:42:31 -0500] "GET /sipse/faces/javax.faces.resource/theme.css?ln=primefaces-sipse HTTP/1.1" 304 -
186.84.21.136 - - [13/Jan/2024:07:42:31 -0500] "GET /sipse/faces/javax.faces.resource/primefaces.css?ln=primefaces&v=4.0 HTTP/1.1" 304 -
186.84.21.136 - - [13/Jan/2024:07:42:31 -0500] "GET /sipse/faces/javax.faces.resource/layout/layout.css?ln=primefaces&v=4.0 HTTP/1.1" 304 -
186.84.21.136 - - [13/Jan/2024:07:42:31 -0500] "GET /sipse/faces/javax.faces.resource/jquery/jquery.js?ln=primefaces&v=4.0 HTTP/1.1" 304 -
186.84.21.136 - - [13/Jan/2024:07:42:31 -0500] "GET /sipse/faces/javax.faces.resource/jquery/jquery-plugins.js?ln=primefaces&v=4.0 HTTP/1.1" 304 -
186.84.21.136 - - [13/Jan/2024:07:42:31 -0500] "GET /sipse/faces/javax.faces.resource/primefaces.js?ln=primefaces&v=4.0 HTTP/1.1" 304 -
186.84.21.136 - - [13/Jan/2024:07:42:31 -0500] "GET /sipse/faces/javax.faces.resource/layout/layout.js?ln=primefaces&v=4.0 HTTP/1.1" 304 -
186.84.21.136 - - [13/Jan/2024:07:42:31 -0500] "POST /sipse/faces/presentacion/financiero/solicitudProceso/listarSolicitudProceso.xhtml HTTP/1.1" 200 1556
186.84.21.136 - - [13/Jan/2024:07:42:31 -0500] "POST /sipse/faces/presentacion/financiero/solicitudProceso/listarSolicitudProceso.xhtml HTTP/1.1" 200 1552
186.84.21.136 - - [13/Jan/2024:07:42:35 -0500] "POST /sipse/faces/presentacion/financiero/solicitudProceso/listarSolicitudProceso.xhtml HTTP/1.1" 200 20145
123.6.49.42 - - [13/Jan/2024:07:43:15 -0500] "GET /sipse/faces/presentacion/financiero/solicitudProceso/consultarSolicitudProceso.xhtml HTTP/1.1" 302 -
123.6.49.42 - - [13/Jan/2024:07:43:15 -0500] "GET /sipse/faces/autenticacion.xhtml HTTP/1.1" 200 12403
123.6.49.50 - - [13/Jan/2024:07:43:16 -0500] "GET /sipse/js/disable_browser_buttons.js HTTP/1.1" 200 3230
123.6.49.42 - - [13/Jan/2024:07:43:16 -0500] "GET /sipse/css/custom_css_sg.css HTTP/1.1" 200 9694
123.6.49.50 - - [13/Jan/2024:07:43:16 -0500] "GET /sipse/faces/javax.faces.resource/layout/layout.css?ln=primefaces&v=4.0 HTTP/1.1" 200 542
123.6.49.10 - - [13/Jan/2024:07:43:17 -0500] "GET /sipse/css/custom_css_sg_prime_login.css HTTP/1.1" 200 443
123.6.49.42 - - [13/Jan/2024:07:43:16 -0500] "GET /sipse/faces/javax.faces.resource/primefaces.css?ln=primefaces&v=4.0 HTTP/1.1" 200 53295
123.6.49.50 - - [13/Jan/2024:07:43:17 -0500] "GET /sipse/js/funciones.js HTTP/1.1" 200 12592
123.6.49.50 - - [13/Jan/2024:07:43:17 -0500] "GET /sipse/faces/javax.faces.resource/theme.css?ln=primefaces-sipse HTTP/1.1" 200 50058
123.6.49.42 - - [13/Jan/2024:07:43:17 -0500] "GET /sipse/faces/javax.faces.resource/jquery/jquery.js?ln=primefaces&v=4.0 HTTP/1.1" 200 105384
123.6.49.50 - - [13/Jan/2024:07:43:19 -0500] "GET /sipse/faces/javax.faces.resource/layout/layout.js?ln=primefaces&v=4.0 HTTP/1.1" 200 87560
123.6.49.42 - - [13/Jan/2024:07:43:17 -0500] "GET /sipse/faces/javax.faces.resource/primefaces.js?ln=primefaces&v=4.0 HTTP/1.1" 200 155648
123.6.49.10 - - [13/Jan/2024:07:43:18 -0500] "GET /sipse/faces/javax.faces.resource/jquery/jquery-plugins.js?ln=primefaces&v=4.0 HTTP/1.1" 200 155648
172.22.2.4 - - [13/Jan/2024:07:41:47 -0500] "HEAD /BLA/boletinlegal/ HTTP/1.1" 200 -
181.52.223.52 - - [13/Jan/2024:07:43:28 -0500] "POST /sipse/faces/autenticacion.xhtml HTTP/1.1" 200 16826
181.52.223.52 - - [13/Jan/2024:07:43:28 -0500] "GET /sipse/css/custom_css_sg_prime.css HTTP/1.1" 200 5201
181.52.223.52 - - [13/Jan/2024:07:43:28 -0500] "GET /sipse/faces/javax.faces.resource/theme.css?ln=primefaces-sipse HTTP/1.1" 304 -
181.52.223.52 - - [13/Jan/2024:07:43:28 -0500] "GET /sipse/faces/javax.faces.resource/primefaces.css?ln=primefaces&v=4.0 HTTP/1.1" 304 -
181.52.223.52 - - [13/Jan/2024:07:43:28 -0500] "GET /sipse/faces/javax.faces.resource/layout/layout.css?ln=primefaces&v=4.0 HTTP/1.1" 304 -
181.52.223.52 - - [13/Jan/2024:07:43:28 -0500] "GET /sipse/js/jquery.min.js HTTP/1.1" 200 85582
181.52.223.52 - - [13/Jan/2024:07:43:29 -0500] "GET /sipse/faces/javax.faces.resource/jquery/jquery.js?ln=primefaces&v=4.0 HTTP/1.1" 304 -
181.52.223.52 - - [13/Jan/2024:07:43:29 -0500] "GET /sipse/faces/javax.faces.resource/jquery/jquery-plugins.js?ln=primefaces&v=4.0 HTTP/1.1" 304 -
181.52.223.52 - - [13/Jan/2024:07:43:29 -0500] "GET /sipse/faces/javax.faces.resource/primefaces.js?ln=primefaces&v=4.0 HTTP/1.1" 304 -
181.52.223.52 - - [13/Jan/2024:07:43:29 -0500] "GET /sipse/faces/javax.faces.resource/layout/layout.js?ln=primefaces&v=4.0 HTTP/1.1" 304 -
181.52.223.52 - - [13/Jan/2024:07:43:30 -0500] "POST /sipse/faces/bienvenido.xhtml HTTP/1.1" 200 732
181.52.223.52 - - [13/Jan/2024:07:43:30 -0500] "GET /sipse/css/v_mergente.css HTTP/1.1" 200 1505
181.52.223.52 - - [13/Jan/2024:07:43:30 -0500] "GET /sipse/css/imagen/contrasena.png HTTP/1.1" 404 383
181.52.223.52 - - [13/Jan/2024:07:43:30 -0500] "GET /sipse/imagenes/cargando.gif HTTP/1.1" 200 36959
181.52.223.52 - - [13/Jan/2024:07:43:30 -0500] "GET /sipse/imagenes/logoAplicacion.jpg HTTP/1.1" 200 155084
181.52.223.52 - - [13/Jan/2024:07:43:30 -0500] "GET /sipse/faces/javax.faces.resource/messages/messages.png?ln=primefaces&v=4.0 HTTP/1.1" 200 27209
