201.245.192.253 - - [13/Jan/2024:05:24:43 -0500] "POST /kwsrmcab/Wsrmcab HTTP/1.1" 200 39288
216.244.66.195 - - [13/Jan/2024:05:24:46 -0500] "GET /BLA/resoluciones/RESOLUCIONES%202019/1601.pdf HTTP/1.1" 200 290910
69.171.231.5 - - [13/Jan/2024:05:24:56 -0500] "GET /images/Caminatas%20(1)%20(2).jpeg HTTP/1.1" 200 81411
216.244.66.195 - - [13/Jan/2024:05:25:01 -0500] "GET /BLA/resoluciones/RESOLUCIONES%202019/1767.pdf HTTP/1.1" 200 871647
201.245.192.253 - - [13/Jan/2024:05:25:27 -0500] "POST /kwsrmcab/Wsrmcab  HTTP/1.1" 200 39439
201.245.192.253 - - [13/Jan/2024:05:25:34 -0500] "POST /forms/lservlet;jsessionid=ac16012b30d6e9245d4a5ae64507bcdc86473ff87750.e3iSbxaKaheRe34Rb3eTbx8LaNb0n6jAmljGr5XDqQLvpAe HTTP/1.1" 200 2
216.245.221.92 - - [13/Jan/2024:05:25:53 -0500] "HEAD / HTTP/1.1" 200 -
201.245.192.253 - - [13/Jan/2024:05:26:18 -0500] "POST /forms/lservlet;jsessionid=ac16012b30d6daf3d1e69b9448f9b338854e2531f358.e3iSbxaKaheRe34Rb3eTbx8LaNb0n6jAmljGr5XDqQLvpAe HTTP/1.1" 200 2
66.249.66.21 - - [13/Jan/2024:05:26:25 -0500] "GET /robots.txt HTTP/1.1" 404 1018
66.249.66.19 - - [13/Jan/2024:05:26:25 -0500] "GET /BLA/resoluciones/RESOLUCIONES%202010/6227.pdf HTTP/1.1" 200 571603
40.77.202.119 - - [13/Jan/2024:05:26:39 -0500] "GET /portaldeninos/wp-includes/js/jquery/ui/core.min.js?ver=1.11.4 HTTP/1.1" 200 4000
40.77.202.88 - - [13/Jan/2024:05:26:39 -0500] "GET /portaldeninos/wp-content/themes/betheme/style.css?ver=20.9.6 HTTP/1.1" 200 287
40.77.202.124 - - [13/Jan/2024:05:26:39 -0500] "GET /portaldeninos/wp-content/themes/betheme/css/shortcodes.css?ver=20.9.6 HTTP/1.1" 200 138889
40.77.202.182 - - [13/Jan/2024:05:26:40 -0500] "GET /portaldeninos/wp-includes/js/jquery/ui/sortable.min.js?ver=1.11.4 HTTP/1.1" 200 24899
40.77.202.25 - - [13/Jan/2024:05:26:41 -0500] "GET /portaldeninos/wp-content/themes/betheme/assets/animations/animations.min.js?ver=20.9.6 HTTP/1.1" 200 1896
40.77.202.34 - - [13/Jan/2024:05:26:41 -0500] "GET /portaldeninos/wp-includes/js/wp-emoji-release.min.js?ver=4.9.8 HTTP/1.1" 200 12026
40.77.202.124 - - [13/Jan/2024:05:26:40 -0500] "GET /portaldeninos/wp-content/themes/betheme/js/plugins.js?ver=20.9.6 HTTP/1.1" 200 197151
40.77.202.157 - - [13/Jan/2024:05:26:41 -0500] "GET /portaldeninos/wp-content/themes/betheme/fonts/mfn-icons.woff?93978679 HTTP/1.1" 200 80932
201.245.192.253 - - [13/Jan/2024:05:27:34 -0500] "POST /forms/lservlet;jsessionid=ac16012b30d6e9245d4a5ae64507bcdc86473ff87750.e3iSbxaKaheRe34Rb3eTbx8LaNb0n6jAmljGr5XDqQLvpAe HTTP/1.1" 200 2
201.245.192.253 - - [13/Jan/2024:05:28:18 -0500] "POST /forms/lservlet;jsessionid=ac16012b30d6daf3d1e69b9448f9b338854e2531f358.e3iSbxaKaheRe34Rb3eTbx8LaNb0n6jAmljGr5XDqQLvpAe HTTP/1.1" 200 2
201.245.192.253 - - [13/Jan/2024:05:28:59 -0500] "POST /kwsrmcab/Wsrmcab HTTP/1.1" 200 39285
172.22.2.4 - - [13/Jan/2024:05:27:37 -0500] "HEAD /BLA/boletinlegal/ HTTP/1.1" 200 -
201.245.192.253 - - [13/Jan/2024:05:29:34 -0500] "POST /forms/lservlet;jsessionid=ac16012b30d6e9245d4a5ae64507bcdc86473ff87750.e3iSbxaKaheRe34Rb3eTbx8LaNb0n6jAmljGr5XDqQLvpAe HTTP/1.1" 200 2
172.22.2.4 - - [13/Jan/2024:05:29:39 -0500] "GET /BLA/boletinlegal/Circulares/2021/CIRCULAR%20No.%2000006%20DEL%2005%20DE%20AGOSTO%20DEL%202021.pdf HTTP/1.1" 304 -
201.245.192.253 - - [13/Jan/2024:05:29:38 -0500] "POST /kwsrmcab/Wsrmcab HTTP/1.1" 200 39288
172.22.2.4 - - [13/Jan/2024:05:28:28 -0500] "GET /BLA/boletinlegal/ HTTP/1.1" 200 60529
201.245.192.253 - - [13/Jan/2024:05:30:18 -0500] "POST /forms/lservlet;jsessionid=ac16012b30d6daf3d1e69b9448f9b338854e2531f358.e3iSbxaKaheRe34Rb3eTbx8LaNb0n6jAmljGr5XDqQLvpAe HTTP/1.1" 200 2
201.245.192.253 - - [13/Jan/2024:05:30:27 -0500] "POST /kwsrmcab/Wsrmcab  HTTP/1.1" 200 39439
216.245.221.92 - - [13/Jan/2024:05:30:53 -0500] "HEAD / HTTP/1.1" 200 -
201.245.192.253 - - [13/Jan/2024:05:31:34 -0500] "POST /forms/lservlet;jsessionid=ac16012b30d6e9245d4a5ae64507bcdc86473ff87750.e3iSbxaKaheRe34Rb3eTbx8LaNb0n6jAmljGr5XDqQLvpAe HTTP/1.1" 200 2
172.22.2.4 - - [13/Jan/2024:05:31:35 -0500] "GET /BLA/boletinlegal/jurisprudencia/analisis/ANALISIST-046-99.docx HTTP/1.1" 304 -
66.249.66.21 - - [13/Jan/2024:05:31:43 -0500] "GET /BLA/resoluciones/RESOLUCIONES%202009/0584.pdf HTTP/1.1" 200 334633
201.245.192.253 - - [13/Jan/2024:05:32:18 -0500] "POST /forms/lservlet;jsessionid=ac16012b30d6daf3d1e69b9448f9b338854e2531f358.e3iSbxaKaheRe34Rb3eTbx8LaNb0n6jAmljGr5XDqQLvpAe HTTP/1.1" 200 2
216.244.66.195 - - [13/Jan/2024:05:33:15 -0500] "GET /BLA/resoluciones/AUTOS%202009/2581.pdf HTTP/1.1" 200 90417
201.245.192.253 - - [13/Jan/2024:05:33:34 -0500] "POST /forms/lservlet;jsessionid=ac16012b30d6e9245d4a5ae64507bcdc86473ff87750.e3iSbxaKaheRe34Rb3eTbx8LaNb0n6jAmljGr5XDqQLvpAe HTTP/1.1" 200 2
216.244.66.195 - - [13/Jan/2024:05:33:46 -0500] "GET /BLA/resoluciones/AUTOS%202011/0027.pdf HTTP/1.1" 200 128217
66.249.66.19 - - [13/Jan/2024:05:34:03 -0500] "GET /BLA/resoluciones/RESOLUCIONES%202010/2099.pdf HTTP/1.1" 200 576857
216.244.66.195 - - [13/Jan/2024:05:34:16 -0500] "GET /BLA/resoluciones/AUTOS%202011/0701.pdf HTTP/1.1" 200 100019
201.245.192.253 - - [13/Jan/2024:05:34:18 -0500] "POST /forms/lservlet;jsessionid=ac16012b30d6daf3d1e69b9448f9b338854e2531f358.e3iSbxaKaheRe34Rb3eTbx8LaNb0n6jAmljGr5XDqQLvpAe HTTP/1.1" 200 2
201.245.192.253 - - [13/Jan/2024:05:34:41 -0500] "POST /kwsrmcab/Wsrmcab HTTP/1.1" 200 39285
216.244.66.195 - - [13/Jan/2024:05:34:45 -0500] "GET /BLA/resoluciones/AUTOS%202011/1250.pdf HTTP/1.1" 200 249295
66.249.66.19 - - [13/Jan/2024:05:34:45 -0500] "GET /resoluciones/RESOLUCIONES%202009/0228.pdf HTTP/1.1" 404 1018
201.245.192.253 - - [13/Jan/2024:05:34:44 -0500] "POST /kwsrmcab/Wsrmcab HTTP/1.1" 200 39288
172.22.2.4 - - [13/Jan/2024:05:33:27 -0500] "HEAD /BLA/boletinlegal/ HTTP/1.1" 200 -
216.244.66.195 - - [13/Jan/2024:05:35:12 -0500] "GET /BLA/resoluciones/AUTOS%202011/1273.pdf HTTP/1.1" 200 201375
201.245.192.253 - - [13/Jan/2024:05:35:25 -0500] "POST /kwsrmcab/Wsrmcab  HTTP/1.1" 200 39439
201.245.192.253 - - [13/Jan/2024:05:35:34 -0500] "POST /forms/lservlet;jsessionid=ac16012b30d6e9245d4a5ae64507bcdc86473ff87750.e3iSbxaKaheRe34Rb3eTbx8LaNb0n6jAmljGr5XDqQLvpAe HTTP/1.1" 200 2
216.244.66.195 - - [13/Jan/2024:05:35:40 -0500] "GET /BLA/resoluciones/AUTOS%202011/1335.pdf HTTP/1.1" 200 153071
31.13.127.19 - - [13/Jan/2024:05:35:47 -0500] "GET /que-orgullo-bogota-obtiene-reconocimiento-por-sus-planes-y-acciones-para-enfrentar-el-cambio-climatico.html HTTP/1.1" 200 773
216.245.221.92 - - [13/Jan/2024:05:35:53 -0500] "HEAD / HTTP/1.1" 200 -
154.47.20.103 - - [13/Jan/2024:05:35:54 -0500] "GET /.env HTTP/1.1" 404 1018
154.47.20.103 - - [13/Jan/2024:05:35:56 -0500] "POST / HTTP/1.1" 200 319
172.22.2.4 - - [13/Jan/2024:05:34:18 -0500] "GET /BLA/boletinlegal/ HTTP/1.1" 200 59050
52.167.144.222 - - [13/Jan/2024:05:36:05 -0500] "GET /portaldeninos/?s=2023 HTTP/1.1" 200 87105
216.244.66.195 - - [13/Jan/2024:05:36:06 -0500] "GET /BLA/resoluciones/AUTOS%202011/1612.pdf HTTP/1.1" 200 113880
201.245.192.253 - - [13/Jan/2024:05:36:18 -0500] "POST /forms/lservlet;jsessionid=ac16012b30d6daf3d1e69b9448f9b338854e2531f358.e3iSbxaKaheRe34Rb3eTbx8LaNb0n6jAmljGr5XDqQLvpAe HTTP/1.1" 200 2
216.244.66.195 - - [13/Jan/2024:05:36:35 -0500] "GET /BLA/resoluciones/AUTOS%202011/1674.pdf HTTP/1.1" 200 173689
173.252.87.7 - - [13/Jan/2024:05:36:57 -0500] "GET /images/negocios-verdes-en-bogota.jpeg HTTP/1.1" 200 132932
216.244.66.195 - - [13/Jan/2024:05:36:58 -0500] "GET /BLA/resoluciones/AUTOS%202011/1973.pdf HTTP/1.1" 200 127593
216.244.66.195 - - [13/Jan/2024:05:37:20 -0500] "GET /BLA/resoluciones/AUTOS%202011/2057.pdf HTTP/1.1" 200 160585
201.245.192.253 - - [13/Jan/2024:05:37:34 -0500] "POST /forms/lservlet;jsessionid=ac16012b30d6e9245d4a5ae64507bcdc86473ff87750.e3iSbxaKaheRe34Rb3eTbx8LaNb0n6jAmljGr5XDqQLvpAe HTTP/1.1" 200 2
216.244.66.195 - - [13/Jan/2024:05:37:42 -0500] "GET /BLA/resoluciones/AUTOS%202011/2158.pdf HTTP/1.1" 200 204883
216.244.66.195 - - [13/Jan/2024:05:38:05 -0500] "GET /BLA/resoluciones/AUTOS%202011/2454.pdf HTTP/1.1" 200 137240
201.245.192.253 - - [13/Jan/2024:05:38:18 -0500] "POST /forms/lservlet;jsessionid=ac16012b30d6daf3d1e69b9448f9b338854e2531f358.e3iSbxaKaheRe34Rb3eTbx8LaNb0n6jAmljGr5XDqQLvpAe HTTP/1.1" 200 2
216.244.66.195 - - [13/Jan/2024:05:38:24 -0500] "GET /BLA/resoluciones/AUTOS%202011/2730.pdf HTTP/1.1" 200 258929
216.244.66.195 - - [13/Jan/2024:05:38:42 -0500] "GET /BLA/resoluciones/AUTOS%202011/2943.pdf HTTP/1.1" 200 495983
199.16.157.182 - - [13/Jan/2024:05:38:45 -0500] "GET /images/presentaci%C3%B3n%20convenci%C3%B3n.jpg HTTP/1.1" 404 1034
201.245.192.253 - - [13/Jan/2024:05:38:58 -0500] "POST /kwsrmcab/Wsrmcab HTTP/1.1" 200 39285
216.244.66.195 - - [13/Jan/2024:05:39:00 -0500] "GET /BLA/resoluciones/AUTOS%202011/2951.pdf HTTP/1.1" 200 494233
216.244.66.195 - - [13/Jan/2024:05:39:18 -0500] "GET /BLA/resoluciones/AUTOS%202011/3116.pdf HTTP/1.1" 200 287523
216.244.66.195 - - [13/Jan/2024:05:39:33 -0500] "GET /BLA/resoluciones/AUTOS%202011/3352.pdf HTTP/1.1" 200 244639
201.245.192.253 - - [13/Jan/2024:05:39:34 -0500] "POST /forms/lservlet;jsessionid=ac16012b30d6e9245d4a5ae64507bcdc86473ff87750.e3iSbxaKaheRe34Rb3eTbx8LaNb0n6jAmljGr5XDqQLvpAe HTTP/1.1" 200 2
201.245.192.253 - - [13/Jan/2024:05:39:38 -0500] "POST /kwsrmcab/Wsrmcab HTTP/1.1" 200 39288
216.244.66.195 - - [13/Jan/2024:05:39:50 -0500] "GET /BLA/resoluciones/AUTOS%202011/3431.pdf HTTP/1.1" 200 230853
216.244.66.195 - - [13/Jan/2024:05:40:05 -0500] "GET /BLA/resoluciones/AUTOS%202011/3524.pdf HTTP/1.1" 200 439738
201.245.192.253 - - [13/Jan/2024:05:40:18 -0500] "POST /forms/lservlet;jsessionid=ac16012b30d6daf3d1e69b9448f9b338854e2531f358.e3iSbxaKaheRe34Rb3eTbx8LaNb0n6jAmljGr5XDqQLvpAe HTTP/1.1" 200 2
201.245.192.253 - - [13/Jan/2024:05:40:23 -0500] "POST /kwsrmcab/Wsrmcab  HTTP/1.1" 200 39439
216.244.66.195 - - [13/Jan/2024:05:40:45 -0500] "GET /BLA/resoluciones/AUTOS%202011/3628.pdf HTTP/1.1" 200 241906
216.245.221.92 - - [13/Jan/2024:05:40:53 -0500] "HEAD / HTTP/1.1" 200 -
172.22.2.4 - - [13/Jan/2024:05:39:17 -0500] "HEAD /BLA/boletinlegal/ HTTP/1.1" 200 -
66.249.66.21 - - [13/Jan/2024:05:41:13 -0500] "GET /resoluciones/RESOLUCIONES%202010/2554.pdf HTTP/1.1" 404 1018
216.244.66.195 - - [13/Jan/2024:05:41:15 -0500] "GET /BLA/resoluciones/AUTOS%202011/3641.pdf HTTP/1.1" 200 265041
201.245.192.253 - - [13/Jan/2024:05:41:35 -0500] "POST /forms/lservlet;jsessionid=ac16012b30d6e9245d4a5ae64507bcdc86473ff87750.e3iSbxaKaheRe34Rb3eTbx8LaNb0n6jAmljGr5XDqQLvpAe HTTP/1.1" 200 2
216.244.66.195 - - [13/Jan/2024:05:41:45 -0500] "GET /BLA/resoluciones/AUTOS%202012/0389.pdf HTTP/1.1" 200 181722
172.22.2.4 - - [13/Jan/2024:05:40:08 -0500] "GET /BLA/boletinlegal/ HTTP/1.1" 200 60529
216.244.66.195 - - [13/Jan/2024:05:42:15 -0500] "GET /BLA/resoluciones/AUTOS%202012/0469.pdf HTTP/1.1" 200 174095
201.245.192.253 - - [13/Jan/2024:05:42:18 -0500] "POST /forms/lservlet;jsessionid=ac16012b30d6daf3d1e69b9448f9b338854e2531f358.e3iSbxaKaheRe34Rb3eTbx8LaNb0n6jAmljGr5XDqQLvpAe HTTP/1.1" 200 2
216.244.66.195 - - [13/Jan/2024:05:42:44 -0500] "GET /BLA/resoluciones/AUTOS%202012/0797.pdf HTTP/1.1" 200 207033
216.244.66.195 - - [13/Jan/2024:05:43:11 -0500] "GET /BLA/resoluciones/AUTOS%202012/1335.pdf HTTP/1.1" 200 161368
201.245.192.253 - - [13/Jan/2024:05:43:35 -0500] "POST /forms/lservlet;jsessionid=ac16012b30d6e9245d4a5ae64507bcdc86473ff87750.e3iSbxaKaheRe34Rb3eTbx8LaNb0n6jAmljGr5XDqQLvpAe HTTP/1.1" 200 2
216.244.66.195 - - [13/Jan/2024:05:43:36 -0500] "GET /BLA/resoluciones/AUTOS%202012/1408.pdf HTTP/1.1" 200 383177
216.244.66.195 - - [13/Jan/2024:05:44:01 -0500] "GET /BLA/resoluciones/AUTOS%202012/1949.pdf HTTP/1.1" 200 379200
201.245.192.253 - - [13/Jan/2024:05:44:18 -0500] "POST /forms/lservlet;jsessionid=ac16012b30d6daf3d1e69b9448f9b338854e2531f358.e3iSbxaKaheRe34Rb3eTbx8LaNb0n6jAmljGr5XDqQLvpAe HTTP/1.1" 200 2
216.244.66.195 - - [13/Jan/2024:05:44:25 -0500] "GET /BLA/resoluciones/AUTOS%202012/2026.pdf HTTP/1.1" 200 1994477
201.245.192.253 - - [13/Jan/2024:05:45:22 -0500] "POST /kwsrmcab/Wsrmcab  HTTP/1.1" 200 39439
201.245.192.253 - - [13/Jan/2024:05:45:35 -0500] "POST /forms/lservlet;jsessionid=ac16012b30d6e9245d4a5ae64507bcdc86473ff87750.e3iSbxaKaheRe34Rb3eTbx8LaNb0n6jAmljGr5XDqQLvpAe HTTP/1.1" 200 2
216.245.221.92 - - [13/Jan/2024:05:45:53 -0500] "HEAD / HTTP/1.1" 200 -
201.245.192.253 - - [13/Jan/2024:05:46:18 -0500] "POST /forms/lservlet;jsessionid=ac16012b30d6daf3d1e69b9448f9b338854e2531f358.e3iSbxaKaheRe34Rb3eTbx8LaNb0n6jAmljGr5XDqQLvpAe HTTP/1.1" 200 2
172.22.2.4 - - [13/Jan/2024:05:45:07 -0500] "HEAD /BLA/boletinlegal/ HTTP/1.1" 200 -
201.245.192.253 - - [13/Jan/2024:05:47:35 -0500] "POST /forms/lservlet;jsessionid=ac16012b30d6e9245d4a5ae64507bcdc86473ff87750.e3iSbxaKaheRe34Rb3eTbx8LaNb0n6jAmljGr5XDqQLvpAe HTTP/1.1" 200 2
172.22.2.4 - - [13/Jan/2024:05:45:58 -0500] "GET /BLA/boletinlegal/ HTTP/1.1" 200 58666
201.245.192.253 - - [13/Jan/2024:05:48:18 -0500] "POST /forms/lservlet;jsessionid=ac16012b30d6daf3d1e69b9448f9b338854e2531f358.e3iSbxaKaheRe34Rb3eTbx8LaNb0n6jAmljGr5XDqQLvpAe HTTP/1.1" 200 2
201.245.192.253 - - [13/Jan/2024:05:49:35 -0500] "POST /forms/lservlet;jsessionid=ac16012b30d6e9245d4a5ae64507bcdc86473ff87750.e3iSbxaKaheRe34Rb3eTbx8LaNb0n6jAmljGr5XDqQLvpAe HTTP/1.1" 200 2
66.249.66.21 - - [13/Jan/2024:05:49:35 -0500] "GET /BLA/resoluciones/RESOLUCIONES%202019/3093.pdf HTTP/1.1" 200 292489
66.249.66.19 - - [13/Jan/2024:05:49:57 -0500] "GET /BLA/resoluciones/AUTOS%202014/6977.pdf HTTP/1.1" 200 818436
201.245.192.253 - - [13/Jan/2024:05:50:18 -0500] "POST /forms/lservlet;jsessionid=ac16012b30d6daf3d1e69b9448f9b338854e2531f358.e3iSbxaKaheRe34Rb3eTbx8LaNb0n6jAmljGr5XDqQLvpAe HTTP/1.1" 200 2
201.245.192.253 - - [13/Jan/2024:05:50:20 -0500] "POST /kwsrmcab/Wsrmcab  HTTP/1.1" 200 39439
216.245.221.92 - - [13/Jan/2024:05:50:53 -0500] "HEAD / HTTP/1.1" 200 -
201.245.192.253 - - [13/Jan/2024:05:51:35 -0500] "POST /forms/lservlet;jsessionid=ac16012b30d6e9245d4a5ae64507bcdc86473ff87750.e3iSbxaKaheRe34Rb3eTbx8LaNb0n6jAmljGr5XDqQLvpAe HTTP/1.1" 200 2
201.245.192.253 - - [13/Jan/2024:05:52:18 -0500] "POST /forms/lservlet;jsessionid=ac16012b30d6daf3d1e69b9448f9b338854e2531f358.e3iSbxaKaheRe34Rb3eTbx8LaNb0n6jAmljGr5XDqQLvpAe HTTP/1.1" 200 2
172.22.2.4 - - [13/Jan/2024:05:50:57 -0500] "HEAD /BLA/boletinlegal/ HTTP/1.1" 200 -
172.22.2.4 - - [13/Jan/2024:05:51:48 -0500] "GET /BLA/boletinlegal/ HTTP/1.1" 200 58666
201.245.192.253 - - [13/Jan/2024:05:53:35 -0500] "POST /forms/lservlet;jsessionid=ac16012b30d6e9245d4a5ae64507bcdc86473ff87750.e3iSbxaKaheRe34Rb3eTbx8LaNb0n6jAmljGr5XDqQLvpAe HTTP/1.1" 200 2
66.249.66.21 - - [13/Jan/2024:05:54:08 -0500] "GET /resoluciones/RESOLUCIONES%202009/2869.pdf HTTP/1.1" 404 1018
201.245.192.253 - - [13/Jan/2024:05:54:18 -0500] "POST /forms/lservlet;jsessionid=ac16012b30d6daf3d1e69b9448f9b338854e2531f358.e3iSbxaKaheRe34Rb3eTbx8LaNb0n6jAmljGr5XDqQLvpAe HTTP/1.1" 200 2
201.245.192.253 - - [13/Jan/2024:05:55:19 -0500] "POST /kwsrmcab/Wsrmcab  HTTP/1.1" 200 39439
201.245.192.253 - - [13/Jan/2024:05:55:35 -0500] "POST /forms/lservlet;jsessionid=ac16012b30d6e9245d4a5ae64507bcdc86473ff87750.e3iSbxaKaheRe34Rb3eTbx8LaNb0n6jAmljGr5XDqQLvpAe HTTP/1.1" 200 2
216.245.221.92 - - [13/Jan/2024:05:55:53 -0500] "HEAD / HTTP/1.1" 200 -
201.245.192.253 - - [13/Jan/2024:05:56:18 -0500] "POST /forms/lservlet;jsessionid=ac16012b30d6daf3d1e69b9448f9b338854e2531f358.e3iSbxaKaheRe34Rb3eTbx8LaNb0n6jAmljGr5XDqQLvpAe HTTP/1.1" 200 2
216.244.66.195 - - [13/Jan/2024:05:57:22 -0500] "GET /robots.txt HTTP/1.1" 404 1018
201.245.192.253 - - [13/Jan/2024:05:57:35 -0500] "POST /forms/lservlet;jsessionid=ac16012b30d6e9245d4a5ae64507bcdc86473ff87750.e3iSbxaKaheRe34Rb3eTbx8LaNb0n6jAmljGr5XDqQLvpAe HTTP/1.1" 200 2
201.245.192.253 - - [13/Jan/2024:05:58:18 -0500] "POST /forms/lservlet;jsessionid=ac16012b30d6daf3d1e69b9448f9b338854e2531f358.e3iSbxaKaheRe34Rb3eTbx8LaNb0n6jAmljGr5XDqQLvpAe HTTP/1.1" 200 2
172.22.2.4 - - [13/Jan/2024:05:56:47 -0500] "HEAD /BLA/boletinlegal/ HTTP/1.1" 200 -
172.22.2.4 - - [13/Jan/2024:05:57:38 -0500] "GET /BLA/boletinlegal/ HTTP/1.1" 200 58166
201.245.192.253 - - [13/Jan/2024:05:59:35 -0500] "POST /forms/lservlet;jsessionid=ac16012b30d6e9245d4a5ae64507bcdc86473ff87750.e3iSbxaKaheRe34Rb3eTbx8LaNb0n6jAmljGr5XDqQLvpAe HTTP/1.1" 200 2
201.245.192.253 - - [13/Jan/2024:06:00:18 -0500] "POST /forms/lservlet;jsessionid=ac16012b30d6daf3d1e69b9448f9b338854e2531f358.e3iSbxaKaheRe34Rb3eTbx8LaNb0n6jAmljGr5XDqQLvpAe HTTP/1.1" 200 2
201.245.192.253 - - [13/Jan/2024:06:00:17 -0500] "POST /kwsrmcab/Wsrmcab  HTTP/1.1" 200 39439
128.140.98.14 - - [13/Jan/2024:06:00:22 -0500] "CONNECT 84.32.188.22:602 HTTP/1.1" 405 940
216.245.221.92 - - [13/Jan/2024:06:00:53 -0500] "HEAD / HTTP/1.1" 200 -
201.245.192.253 - - [13/Jan/2024:06:01:35 -0500] "POST /forms/lservlet;jsessionid=ac16012b30d6e9245d4a5ae64507bcdc86473ff87750.e3iSbxaKaheRe34Rb3eTbx8LaNb0n6jAmljGr5XDqQLvpAe HTTP/1.1" 200 2
201.245.192.253 - - [13/Jan/2024:06:02:18 -0500] "POST /forms/lservlet;jsessionid=ac16012b30d6daf3d1e69b9448f9b338854e2531f358.e3iSbxaKaheRe34Rb3eTbx8LaNb0n6jAmljGr5XDqQLvpAe HTTP/1.1" 200 2
201.245.192.253 - - [13/Jan/2024:06:03:35 -0500] "POST /forms/lservlet;jsessionid=ac16012b30d6e9245d4a5ae64507bcdc86473ff87750.e3iSbxaKaheRe34Rb3eTbx8LaNb0n6jAmljGr5XDqQLvpAe HTTP/1.1" 200 2
172.22.2.4 - - [13/Jan/2024:06:02:37 -0500] "HEAD /BLA/boletinlegal/ HTTP/1.1" 200 -
201.245.192.253 - - [13/Jan/2024:06:04:18 -0500] "POST /forms/lservlet;jsessionid=ac16012b30d6daf3d1e69b9448f9b338854e2531f358.e3iSbxaKaheRe34Rb3eTbx8LaNb0n6jAmljGr5XDqQLvpAe HTTP/1.1" 200 2
186.102.13.201 - - [13/Jan/2024:06:04:47 -0500] "GET /kwssiamovil/sm/ldap/au?x=U2FsdGVkX1+XnyvxaJGhSSmc4TVgA5eAfH9p+CdUhi82K4gIe0C5ibb6l3u/p3uT&y=U2FsdGVkX19hATZRWBQjPrrMR6Z6g633EB72M5n6h7NXE8BsvCoaQiMVhZ8DOjhw HTTP/1.1" 200 30
186.102.13.201 - - [13/Jan/2024:06:04:47 -0500] "GET /kwssiamovil/sm/acme/s?s=U2FsdGVkX19yvGPp+WA8iOZURVOmBE59rPO7iLZq5rCYit9MIUFnLnoSyPrJmTKjKr1+iVZYuyiI0Wgte2bQu3lGQ3G0P4ylg8JEtl5Egew=&u=U2FsdGVkX1/SDuvY0dEtE53IfnCiK4PCLnGUqS5meOg=&y=U2FsdGVkX19hATZRWBQjPrrMR6Z6g633EB72M5n6h7NXE8BsvCoaQiMVhZ8DOjhw HTTP/1.1" 200 97
186.102.13.201 - - [13/Jan/2024:06:04:48 -0500] "GET /kwssiamovil/sm/acme/s?s=U2FsdGVkX1/55bh2rBz6cf84B4Z78o2Deh8hZqKJhgsWGieDZrFOLXI4lEzTXC1Pzh2fAeUV56sWtBs9/WwjxUNCMUQ/URO33cxNEfUA9KKApWvqZqdVK4YjG5ij1GcyF6KVLA6tN8TzgvZ5sRuFkXjiuCMXYv1okt1PnQIxy5osNCkSqKwREJUMXcrW2a+Eva6Jb8YLIbVp4WxewGyg1x6OK7Zv2rhW65mtFi93HEQzuRbdq+gZU0up7/Gj/jcvUJ5VkCTw0p8sVktpASrC50O6fzmads1/ECUbgQvuF2eEhEDaqNZ87PB0u8XTY3nD9tX9FsRuJ51NCKE5GMxDU015A0UrbRVLgt6csQ3KtS90TxFJ6fKmSp/pvWEVqKhXWzgn7QeNiek1wWkARc4aMstvzPCs54zNBm/tL5656/z4s5Wehw+NV1h7rJeghXNHt7VThQpPqPkzN0i18tclQC8OPRwybduYCDFf5/SmX28W3XnEV3LzFVdB1eZCALFV6zMPzAvOKk23l7dHDfUtwIyRBgWUerhN+IppA0oy4y1vGakVJ3H3wbP5Pz/KKhqV+h5i7xg/zXZozQZBfRIaUVuS8766yVOfexn62KFGYs+dDDswa30Zy11/QXr8RCEvHYnJryzTtZx/UzkvMT865ZEnFgGzi7eOD4hyHJ+hwtYxqyB4/JQTvktRm0uKhIjfE0yU0atOddSxWKE8iTBXg/y4k+g6/KWHs5NtTnuPYifZGIi4oS0C1gZ4h0IeLGotr6ytmLoOxeLeo6vmoHC7w7xs8GB3ImcIW4obXdRDN+ysVKTovdx6eYJLrlUvqkNmrA5zy3q0QMGBY+pxJrm6cVhDFSaZvO1MdNHEDGTSmmhFCoa7T5j/z4XSZV0GDfN68TOceaKa1pB+ObHW42DOKNSZkZvW34MAyTWgsi5N/vTP0ferKDeGBDSkLqe3/36Rllh9dz2M3nOeuPXSNMMomcYY9PERUhGQxSELLR273qqdLV9MPCuYMjgK4XtcvU3YdEXLUk5tsfGoWmrhzQu9OFpVYzg+I2G18ObGzRMQOHj9Bvx36KJx1dq5gSXb0T2YD1sw8lK2V3jXUIA68VQ4Xfr37Q+NuI5N9mtEbgTGGPGoTOygxzYHu4eQsfOBhEpwvRSVgic1Rq5J8T8VmJoLS3/WU5jR4EObV0s6DO/zPLq5uGrImjEp29tZ2nQvxrmjpA48rdtRl4ExwrtdWbFSiCtUk4Mufsf6ykm0sT5wkGNHljyBKnGmIyzBovb0gO5jFLdK8L5ExrtGXWhYtVnoAkZkA/vzX0FQexaGtO9kIaKUic2sQwLPoIVX4jYMkAKZg7ObFWhyC+HRxM6jbXnjRqRIRlFXWVZMSBOpHmebT8+bduLqKZ0VNO1wMHoG7HpuIpeT4AybMydbzWCmR2/iUlmnZoSzEi0gBXeGOd13+fPi1rT8x68s3VTkDy8my8OFfLbqcgQ8jhLQjcsBFQe1otdXKaEy1z3bXwScOSqVvAnNkzUafhTSrXPT1PODg5PhUni09GWrNQUgmXFwdDrxoLDvmLPp/8t9jbOEDNMdZ+RHK/9L4TrfAOffTstuk98uMvNQMx1M2G+/wfXEPzj/B4gJog9Tx+rxOhyXBlo1FVKST8+kSN5kxxhz8yKQzs/l6ODSTRGERI6KsgIO0daTpxHbSxqTciIFAC/O6SNXct6F6K+CmEZifR3MjGViFo4vwi5imgzwttVcHOv/mBLs8IRuq0XaYFPcgWD5HJWcsjI=&u=U2FsdGVkX1/SDuvY0dEtE53IfnCiK4PCLnGUqS5meOg=&y=U2FsdGVkX19hATZRWBQjPrrMR6Z6g633EB72M5n6h7NXE8BsvCoaQiMVhZ8DOjhw HTTP/1.1" 200 1990
186.102.13.201 - - [13/Jan/2024:06:04:48 -0500] "GET /kwssiamovil/sm/acme/s?s=U2FsdGVkX18zGBJJ382oSpP6UU9h19azox5REZzTx8IJVCG6BYl6vasF/cAGSU9nas16zLNAwVgcLV4fS3pR0h57xA5sVoZq1fyWmd5r50TtI3XiSQigRpzFJW4mHEQJ86um7EXBMh7sXJsHwm0YW1ThYwBvD1iu9BG9VjLNqEqCyYrSVodEmch28O6FlHs0snfzuV554R25ziYSZtzC2QfJq51RSx6aL93UthxhhbnDAxl1+Zdyh/LxXpmLmglAXPlocYfOHOaHrPVMK2KDasuRPmn4liF/dibESIhdUI3KecSxmCAdJ+7VV9mk4CbcL4CC9AavAhs9dqnTQzwhagGB+rxnvlfD0TUi3BYgsoR9mY2yu0bNit/Gygg1q2QQDry9P6eLqQNY/S1r5/DVMAaS4IZNtUK+DTa50yxZyW86Jo2GZW7pCgXWTCpZQqVbh8J306hxMMsMFlahB6N+upXbEdt1z6CPnlF0QK60vbev15XZfqkXfM+j3XxZdNV/LvPH5SgcDDM4vhPANeh2jgvDRswJcP+oAiIZqYCRFqw+fE6fuZ6EIcIFbX4yBtcRly93s2WqN0DBd7Zksh9uv11Ll7spvss385jE/mMjY/rds71QVeMm8TOP3hcTsFA2aHpOg9AOuhxmgaL2i3Gx50ftwr9zIlPYcqV9O3lhkYqGsKK88WcojtYe6A4fxEevnP3AyCm2lZ7kmTFkiuvkqWoRf7sqzPtcVNfATKz3J9lNhZXOrLcAd7LT4eKtxenB&u=U2FsdGVkX1/SDuvY0dEtE53IfnCiK4PCLnGUqS5meOg=&y=U2FsdGVkX19hATZRWBQjPrrMR6Z6g633EB72M5n6h7NXE8BsvCoaQiMVhZ8DOjhw HTTP/1.1" 200 208
186.102.13.201 - - [13/Jan/2024:06:04:48 -0500] "GET /kwssiamovil/sm/cjson/pre?f=1&x=U2FsdGVkX1+XnyvxaJGhSSmc4TVgA5eAfH9p+CdUhi82K4gIe0C5ibb6l3u/p3uT HTTP/1.1" 200 31032
172.22.2.4 - - [13/Jan/2024:06:03:28 -0500] "GET /BLA/boletinlegal/ HTTP/1.1" 200 60996
94.102.61.10 - - [13/Jan/2024:06:05:12 -0500] "GET / HTTP/1.1" 200 319
201.245.192.253 - - [13/Jan/2024:06:05:16 -0500] "POST /kwsrmcab/Wsrmcab  HTTP/1.1" 200 39439
201.245.192.253 - - [13/Jan/2024:06:05:35 -0500] "POST /forms/lservlet;jsessionid=ac16012b30d6e9245d4a5ae64507bcdc86473ff87750.e3iSbxaKaheRe34Rb3eTbx8LaNb0n6jAmljGr5XDqQLvpAe HTTP/1.1" 200 2
216.245.221.92 - - [13/Jan/2024:06:05:53 -0500] "HEAD / HTTP/1.1" 200 -
201.245.192.253 - - [13/Jan/2024:06:06:18 -0500] "POST /forms/lservlet;jsessionid=ac16012b30d6daf3d1e69b9448f9b338854e2531f358.e3iSbxaKaheRe34Rb3eTbx8LaNb0n6jAmljGr5XDqQLvpAe HTTP/1.1" 200 2
201.245.192.253 - - [13/Jan/2024:06:07:35 -0500] "POST /forms/lservlet;jsessionid=ac16012b30d6e9245d4a5ae64507bcdc86473ff87750.e3iSbxaKaheRe34Rb3eTbx8LaNb0n6jAmljGr5XDqQLvpAe HTTP/1.1" 200 2
201.245.192.253 - - [13/Jan/2024:06:08:18 -0500] "POST /forms/lservlet;jsessionid=ac16012b30d6daf3d1e69b9448f9b338854e2531f358.e3iSbxaKaheRe34Rb3eTbx8LaNb0n6jAmljGr5XDqQLvpAe HTTP/1.1" 200 2
201.245.192.253 - - [13/Jan/2024:06:09:35 -0500] "POST /forms/lservlet;jsessionid=ac16012b30d6e9245d4a5ae64507bcdc86473ff87750.e3iSbxaKaheRe34Rb3eTbx8LaNb0n6jAmljGr5XDqQLvpAe HTTP/1.1" 200 2
162.55.162.137 - - [13/Jan/2024:06:10:02 -0500] "GET / HTTP/1.1" 200 319
162.55.162.137 - - [13/Jan/2024:06:10:04 -0500] "GET / HTTP/1.1" 200 4720
172.22.2.4 - - [13/Jan/2024:06:08:27 -0500] "HEAD /BLA/boletinlegal/ HTTP/1.1" 200 -
201.245.192.253 - - [13/Jan/2024:06:10:15 -0500] "POST /kwsrmcab/Wsrmcab  HTTP/1.1" 200 39439
201.245.192.253 - - [13/Jan/2024:06:10:18 -0500] "POST /forms/lservlet;jsessionid=ac16012b30d6daf3d1e69b9448f9b338854e2531f358.e3iSbxaKaheRe34Rb3eTbx8LaNb0n6jAmljGr5XDqQLvpAe HTTP/1.1" 200 2
186.102.13.201 - - [13/Jan/2024:06:10:25 -0500] "GET /kwssiamovil/sm/ldap/au?x=U2FsdGVkX1+3RPHPOlyraEWKyxVjuXRmIxEiA3BhYf8Ww+b76nBIT39Jiil0l3OP&y=U2FsdGVkX1+VvHywOO7Qso/a5Mpkr9Wm87PNQ/db+iF8EHDKEGQQlA96JAcUf/FA HTTP/1.1" 200 30
186.102.13.201 - - [13/Jan/2024:06:10:25 -0500] "GET /kwssiamovil/sm/acme/s?s=U2FsdGVkX18T5qn+E7AqoieG7hlyHRAjsqXGY+Yuke/Et/qat8AVEhyrtHW7VSvrFf6ah7qfZhXUZuzcP6wjt+a+hv7l8mM6fzQdbus7tHc=&u=U2FsdGVkX19V3gnmPLywL8JHj/8hIr5cQ5D0W0E1reo=&y=U2FsdGVkX1+VvHywOO7Qso/a5Mpkr9Wm87PNQ/db+iF8EHDKEGQQlA96JAcUf/FA HTTP/1.1" 200 97
186.102.13.201 - - [13/Jan/2024:06:10:26 -0500] "GET /kwssiamovil/sm/acme/s?s=U2FsdGVkX1/hL8SZ5yD/H7mDedhzHQR76XBhvm37UZ0kCAoCJP3TubJjSTPun80sk16krs3kcgtgbh6+YKB1TzIRXw5GOFPNyJw1A0uSR4Xh6289ohH3ZZ8dq1ZGdGSrrpFpJBo+6pfXN5VELYpYKpuQZTGhlVowCdIW5inpqaphtiB4z3C7Zi5bafQdjzNH1K7gLsoFQX4Vz2Uwu/xq/soMxTjhFA09e+QPBxcMUWrfKcohKw0wicP37Ki7yv7Vb0okHtTYhQqGSKyQrJ0rfWxu0+BJAhGzjA7wG4DrDIVLCdMBjVkZ8r1+w5sgLfLx4eYZI7+Q+ke8Cke54nSmx5SnU01E4p5k2nTulMvttmuQt1/z/2vtBFqfiSmX+c0rbKR6ga1BG9SLjbZEMkDy6CXrmSM9rAcJZDsY5GjXssupCDE1SV/JsBeOWg3WqVAemArnYIxNnr4/+AasUeEqI6xQyqaDKmuVrqRsRZvbth0uRakWcn9KeGw49oSajjnRznNetLij5PFlSdXPbiMJ/56SAgxaNfDK8RqkMeFGlbi+ugG/Km3X57kb2JPB+Ths4mMCtDunmhamexrgMoxswn3DuzZq8i8iOefP2PskAm2vtsp2x0eIJG3uYzn7q2uPwYsCT9tpIWHaX0HiRUhCf9jWVXvpOTMxaLU1JghUHfx1O30WiT5ZE83KxIO5omeFecjKOOU1l9+xJzc1IuBVKaR6k2q1T3xg6RbhW4iAPN5/Pi48/TdLfoQKoIlRHJsUYc/+EJpWLP5ZkpGIUSwm8BAzP8CjVx4RW0JmdKg85XARGBnPYkFu132v3hGbaMjOHOiRd9BRDk60rSJmFv/tPeuuw31yarZi2Gx24JXOnT+N8cfa7pEdCRs/7f7yHKzZrjpej8qf3qBp+o0ZB/ZgbvZqz9/CaF6WtNMzPJHnfzY8Os1YfMmgpdAMnuyNkrQ+7vSo5UsWhw0mH/R0+SFIsmrHlIJheopw1VxKCYimU59Qere6zGnR8i8JRo1gp+iyGg4S8TkiC9JUYIVm4FlTTEUr4OPbczKPGH5STbaZZInlH+f+h2C2yAO9CHFjjHCqoaZ5p1GxiOvraA8UiIm+ZFYhOT1zqWFnsQEfeIz7heYC4fdhO7l8a5ug6Ndd2K0qD7Ru1A2bQnLVMSJ7GB1jNWIzkASeAw3jEsKxPMaWKmcoah4vJAn4z+FkKtWLFYnY6Bcmiw0vqqKRTjmkv2lGH6ODRelA4lV0JaM9Xt6vGz00gC20R8NqYk+McWXAfS/sitAPQOduDRQx55yhS4gBfdTAG/6S5TaPKImdscmDkVVUsB/v3Ee0SDJ3DZn++ON9ALNPitlBfuAZ1v7E84WsXLl5eyANmh9aJ5mDmMM6lOstmQaB4uk4XhQLVpal7Bp3HStls/MZyzoY3L0LPY/991/Vzp8j8EhvfY+D5IgES3GzQ6RwyzmR68IC6BtrYG2N/AFv1fXse3IySL1shROrKYWmGUmgKlZD29jywg1+5B627D3PYA9CN17rGar+mIqVn4teeuRqWoadj4qcWnGnnHkUWGFbP2UXZB9R0lsGRm9oRF4SBVPkuLWY/k9V5f0w0n6yv98MwYtZ21Nj/qxS7dUA8Tm5ZWICAN/JEz/6PgsFV/t8HjlDzTM8mzBnKkHJTetRFvqrdMkcd1ZikSQKMlqA0xGCZ3rPymDpSrhtkhLVEYg+7vpcusEOIgmXwyVI9K+huSD9/rZoIi1o4iruugIOWSs1+Nyl7xveUoAsq+Y=&u=U2FsdGVkX19V3gnmPLywL8JHj/8hIr5cQ5D0W0E1reo=&y=U2FsdGVkX1+VvHywOO7Qso/a5Mpkr9Wm87PNQ/db+iF8EHDKEGQQlA96JAcUf/FA HTTP/1.1" 200 1990
186.102.13.201 - - [13/Jan/2024:06:10:26 -0500] "GET /kwssiamovil/sm/acme/s?s=U2FsdGVkX18Ajl/7uYAI3g0CjQBQ6QiWEmPedQI3iGuQguYFHlgK0Hrh5vpLRYNcNDOv9A0bsWClUlG68cV8Of8dtU2xdCzB8/s6vMXWlFBaYp4j+lD3fosH5kFkoMzIqyOmpVjbk5O2tW3oDXENOrW0GlpTPRmfhHpexuBhRL3zkoaM/V2GbbO37SYVANy76Xiw/MMwrka85zEASTXteteM2E5EyuGwvMUwtcwyuSzC+/VRhl4pvZ/ZzeVAw8062G7v7wn3Hfom68L0JbCBgLZB/yn1LeDgKGgbDRCgzkXxMmOGVv1s1LeAnU00CUuwVFcRSSqMEmHClli1TW/kjRJ/Xt5UhLE+KYVXyjNCAlZonGF9ViFOdSh8vdYxdmpIqigqVqm14TA5GZ6yIfRe3iBL42U7Mky1Ov022EawV2uD0P0/nHRwGD1DjaCbq94IS3XRjHc7Ehk456Q6wEL5cyPom9En9smIKWMQFiMTeXgCLaDz1ImWeeApKomkWP6ov2XjwUqSYPomEk97ful6uWglYipgg2Gy1hewawXTy4vAmN+I5T6M5UPZcwMi+/aygri0YulfpwRIIBODHXJNyfiJi7VPS5uoWMmvGmkzvAFwweNm6K7b2Kb3wxde9g8rL/UoSvoNluouHDkkukQXDOk5zrW8W9FO50iyaUvH/nZiwvENNMZyS5Ng3QBAMneTgJsP0MMvFY+dvgkNL3t+OOIi9OrHwg0KtWsgDrTQ/H62AAAkLJK4iVqe4KQf5tnu&u=U2FsdGVkX19V3gnmPLywL8JHj/8hIr5cQ5D0W0E1reo=&y=U2FsdGVkX1+VvHywOO7Qso/a5Mpkr9Wm87PNQ/db+iF8EHDKEGQQlA96JAcUf/FA HTTP/1.1" 200 208
186.102.13.201 - - [13/Jan/2024:06:10:26 -0500] "GET /kwssiamovil/sm/cjson/pre?f=1&x=U2FsdGVkX1+3RPHPOlyraEWKyxVjuXRmIxEiA3BhYf8Ww+b76nBIT39Jiil0l3OP HTTP/1.1" 200 31032
216.245.221.92 - - [13/Jan/2024:06:10:53 -0500] "HEAD / HTTP/1.1" 200 -
172.22.2.4 - - [13/Jan/2024:06:09:18 -0500] "GET /BLA/boletinlegal/ HTTP/1.1" 200 58666
201.245.192.253 - - [13/Jan/2024:06:11:35 -0500] "POST /forms/lservlet;jsessionid=ac16012b30d6e9245d4a5ae64507bcdc86473ff87750.e3iSbxaKaheRe34Rb3eTbx8LaNb0n6jAmljGr5XDqQLvpAe HTTP/1.1" 200 2
201.245.192.253 - - [13/Jan/2024:06:12:18 -0500] "POST /forms/lservlet;jsessionid=ac16012b30d6daf3d1e69b9448f9b338854e2531f358.e3iSbxaKaheRe34Rb3eTbx8LaNb0n6jAmljGr5XDqQLvpAe HTTP/1.1" 200 2
172.22.2.4 - - [13/Jan/2024:06:12:36 -0500] "GET /BLA/boletinlegal/Circulares/2020/Circular%20No.%2000018%20del%2002%20de%20diciembre%20del%202020.pdf HTTP/1.1" 304 -
201.245.192.253 - - [13/Jan/2024:06:13:35 -0500] "POST /forms/lservlet;jsessionid=ac16012b30d6e9245d4a5ae64507bcdc86473ff87750.e3iSbxaKaheRe34Rb3eTbx8LaNb0n6jAmljGr5XDqQLvpAe HTTP/1.1" 200 2
201.245.192.253 - - [13/Jan/2024:06:14:18 -0500] "POST /forms/lservlet;jsessionid=ac16012b30d6daf3d1e69b9448f9b338854e2531f358.e3iSbxaKaheRe34Rb3eTbx8LaNb0n6jAmljGr5XDqQLvpAe HTTP/1.1" 200 2
201.245.192.253 - - [13/Jan/2024:06:14:41 -0500] "POST /kwsrmcab/Wsrmcab HTTP/1.1" 200 39129
201.245.192.253 - - [13/Jan/2024:06:14:44 -0500] "POST /kwsrmcab/Wsrmcab HTTP/1.1" 200 39298
201.245.192.253 - - [13/Jan/2024:06:15:15 -0500] "POST /kwsrmcab/Wsrmcab  HTTP/1.1" 200 39439
201.245.192.253 - - [13/Jan/2024:06:15:35 -0500] "POST /forms/lservlet;jsessionid=ac16012b30d6e9245d4a5ae64507bcdc86473ff87750.e3iSbxaKaheRe34Rb3eTbx8LaNb0n6jAmljGr5XDqQLvpAe HTTP/1.1" 200 2
216.245.221.92 - - [13/Jan/2024:06:15:53 -0500] "HEAD / HTTP/1.1" 200 -
172.22.2.4 - - [13/Jan/2024:06:14:17 -0500] "HEAD /BLA/boletinlegal/ HTTP/1.1" 200 -
201.245.192.253 - - [13/Jan/2024:06:16:18 -0500] "POST /forms/lservlet;jsessionid=ac16012b30d6daf3d1e69b9448f9b338854e2531f358.e3iSbxaKaheRe34Rb3eTbx8LaNb0n6jAmljGr5XDqQLvpAe HTTP/1.1" 200 2
172.22.2.4 - - [13/Jan/2024:06:15:08 -0500] "GET /BLA/boletinlegal/ HTTP/1.1" 200 60529
173.252.107.1 - - [13/Jan/2024:06:17:05 -0500] "GET /images/Caminatas%20(1)%20(2).jpeg HTTP/1.1" 200 81411
201.245.192.253 - - [13/Jan/2024:06:17:35 -0500] "POST /forms/lservlet;jsessionid=ac16012b30d6e9245d4a5ae64507bcdc86473ff87750.e3iSbxaKaheRe34Rb3eTbx8LaNb0n6jAmljGr5XDqQLvpAe HTTP/1.1" 200 2
201.245.192.253 - - [13/Jan/2024:06:18:18 -0500] "POST /forms/lservlet;jsessionid=ac16012b30d6daf3d1e69b9448f9b338854e2531f358.e3iSbxaKaheRe34Rb3eTbx8LaNb0n6jAmljGr5XDqQLvpAe HTTP/1.1" 200 2
201.245.192.253 - - [13/Jan/2024:06:18:58 -0500] "POST /kwsrmcab/Wsrmcab HTTP/1.1" 200 39129
201.245.192.253 - - [13/Jan/2024:06:19:35 -0500] "POST /forms/lservlet;jsessionid=ac16012b30d6e9245d4a5ae64507bcdc86473ff87750.e3iSbxaKaheRe34Rb3eTbx8LaNb0n6jAmljGr5XDqQLvpAe HTTP/1.1" 200 2
201.245.192.253 - - [13/Jan/2024:06:19:40 -0500] "POST /kwsrmcab/Wsrmcab HTTP/1.1" 200 39298
201.245.192.253 - - [13/Jan/2024:06:20:12 -0500] "POST /kwsrmcab/Wsrmcab  HTTP/1.1" 200 39439
201.245.192.253 - - [13/Jan/2024:06:20:18 -0500] "POST /forms/lservlet;jsessionid=ac16012b30d6daf3d1e69b9448f9b338854e2531f358.e3iSbxaKaheRe34Rb3eTbx8LaNb0n6jAmljGr5XDqQLvpAe HTTP/1.1" 200 2
34.77.127.183 - - [13/Jan/2024:06:20:32 -0500] "GET / HTTP/1.1" 200 319
216.245.221.92 - - [13/Jan/2024:06:20:53 -0500] "HEAD / HTTP/1.1" 200 -
201.245.192.253 - - [13/Jan/2024:06:21:35 -0500] "POST /forms/lservlet;jsessionid=ac16012b30d6e9245d4a5ae64507bcdc86473ff87750.e3iSbxaKaheRe34Rb3eTbx8LaNb0n6jAmljGr5XDqQLvpAe HTTP/1.1" 200 2
172.22.2.4 - - [13/Jan/2024:06:20:07 -0500] "HEAD /BLA/boletinlegal/ HTTP/1.1" 200 -
201.245.192.253 - - [13/Jan/2024:06:22:18 -0500] "POST /forms/lservlet;jsessionid=ac16012b30d6daf3d1e69b9448f9b338854e2531f358.e3iSbxaKaheRe34Rb3eTbx8LaNb0n6jAmljGr5XDqQLvpAe HTTP/1.1" 200 2
172.22.2.4 - - [13/Jan/2024:06:20:58 -0500] "GET /BLA/boletinlegal/ HTTP/1.1" 200 58666
40.77.167.52 - - [13/Jan/2024:06:22:53 -0500] "GET /BLA/resoluciones/AUTOS%202018/3347.pdf HTTP/1.1" 200 277768
201.245.192.253 - - [13/Jan/2024:06:23:35 -0500] "POST /forms/lservlet;jsessionid=ac16012b30d6e9245d4a5ae64507bcdc86473ff87750.e3iSbxaKaheRe34Rb3eTbx8LaNb0n6jAmljGr5XDqQLvpAe HTTP/1.1" 200 2
201.245.192.253 - - [13/Jan/2024:06:24:18 -0500] "POST /forms/lservlet;jsessionid=ac16012b30d6daf3d1e69b9448f9b338854e2531f358.e3iSbxaKaheRe34Rb3eTbx8LaNb0n6jAmljGr5XDqQLvpAe HTTP/1.1" 200 2
201.245.192.253 - - [13/Jan/2024:06:24:41 -0500] "POST /kwsrmcab/Wsrmcab HTTP/1.1" 200 39129
201.245.192.253 - - [13/Jan/2024:06:24:44 -0500] "POST /kwsrmcab/Wsrmcab HTTP/1.1" 200 39298
201.245.192.253 - - [13/Jan/2024:06:25:11 -0500] "POST /kwsrmcab/Wsrmcab  HTTP/1.1" 200 39439
201.245.192.253 - - [13/Jan/2024:06:25:35 -0500] "POST /forms/lservlet;jsessionid=ac16012b30d6e9245d4a5ae64507bcdc86473ff87750.e3iSbxaKaheRe34Rb3eTbx8LaNb0n6jAmljGr5XDqQLvpAe HTTP/1.1" 200 2
216.245.221.92 - - [13/Jan/2024:06:25:53 -0500] "HEAD / HTTP/1.1" 200 -
201.245.192.253 - - [13/Jan/2024:06:26:18 -0500] "POST /forms/lservlet;jsessionid=ac16012b30d6daf3d1e69b9448f9b338854e2531f358.e3iSbxaKaheRe34Rb3eTbx8LaNb0n6jAmljGr5XDqQLvpAe HTTP/1.1" 200 2
170.78.41.95 - - [13/Jan/2024:06:27:33 -0500] "GET /inicia-el-2024-conociendo-la-biodiversidad-de-bogoti.html?fbclid=IwAR2srVc-GE5mYGBYqJ-hW2VzJVZrsgSGRwmncMPS5WRZNRJW1Ek4Imj05vU HTTP/1.1" 200 894
201.245.192.253 - - [13/Jan/2024:06:27:35 -0500] "POST /forms/lservlet;jsessionid=ac16012b30d6e9245d4a5ae64507bcdc86473ff87750.e3iSbxaKaheRe34Rb3eTbx8LaNb0n6jAmljGr5XDqQLvpAe HTTP/1.1" 200 2
172.22.2.4 - - [13/Jan/2024:06:25:57 -0500] "HEAD /BLA/boletinlegal/ HTTP/1.1" 200 -
201.245.192.253 - - [13/Jan/2024:06:28:18 -0500] "POST /forms/lservlet;jsessionid=ac16012b30d6daf3d1e69b9448f9b338854e2531f358.e3iSbxaKaheRe34Rb3eTbx8LaNb0n6jAmljGr5XDqQLvpAe HTTP/1.1" 200 2
172.22.2.4 - - [13/Jan/2024:06:26:48 -0500] "GET /BLA/boletinlegal/ HTTP/1.1" 200 60996
201.245.192.253 - - [13/Jan/2024:06:28:59 -0500] "POST /kwsrmcab/Wsrmcab HTTP/1.1" 200 39129
201.245.192.253 - - [13/Jan/2024:06:29:35 -0500] "POST /forms/lservlet;jsessionid=ac16012b30d6e9245d4a5ae64507bcdc86473ff87750.e3iSbxaKaheRe34Rb3eTbx8LaNb0n6jAmljGr5XDqQLvpAe HTTP/1.1" 200 2
201.245.192.253 - - [13/Jan/2024:06:29:39 -0500] "POST /kwsrmcab/Wsrmcab HTTP/1.1" 200 39298
39.109.86.6 - - [13/Jan/2024:06:29:47 -0500] "GET /galeria/galeria/fotos/Humedal-Tibanica3P.jpg HTTP/1.1" 200 28016
34.174.152.29 - - [13/Jan/2024:06:30:13 -0500] "HEAD /BLA/resoluciones/RESOLUCIONES%202017/0520.pdf HTTP/1.1" 200 -
201.245.192.253 - - [13/Jan/2024:06:30:11 -0500] "POST /kwsrmcab/Wsrmcab  HTTP/1.1" 200 39439
201.245.192.253 - - [13/Jan/2024:06:30:18 -0500] "POST /forms/lservlet;jsessionid=ac16012b30d6daf3d1e69b9448f9b338854e2531f358.e3iSbxaKaheRe34Rb3eTbx8LaNb0n6jAmljGr5XDqQLvpAe HTTP/1.1" 200 2
216.245.221.92 - - [13/Jan/2024:06:30:53 -0500] "HEAD / HTTP/1.1" 200 -
201.245.192.253 - - [13/Jan/2024:06:31:35 -0500] "POST /forms/lservlet;jsessionid=ac16012b30d6e9245d4a5ae64507bcdc86473ff87750.e3iSbxaKaheRe34Rb3eTbx8LaNb0n6jAmljGr5XDqQLvpAe HTTP/1.1" 200 2
201.245.192.253 - - [13/Jan/2024:06:32:18 -0500] "POST /forms/lservlet;jsessionid=ac16012b30d6daf3d1e69b9448f9b338854e2531f358.e3iSbxaKaheRe34Rb3eTbx8LaNb0n6jAmljGr5XDqQLvpAe HTTP/1.1" 200 2
216.244.66.195 - - [13/Jan/2024:06:32:20 -0500] "GET /BLA/resoluciones/AUTOS%202022/3099.pdf HTTP/1.1" 200 346642
216.244.66.195 - - [13/Jan/2024:06:32:25 -0500] "GET /BLA/resoluciones/AUTOS%202022/3764.pdf HTTP/1.1" 200 357757
172.22.2.4 - - [13/Jan/2024:06:31:47 -0500] "HEAD /BLA/boletinlegal/ HTTP/1.1" 200 -
201.245.192.253 - - [13/Jan/2024:06:33:35 -0500] "POST /forms/lservlet;jsessionid=ac16012b30d6e9245d4a5ae64507bcdc86473ff87750.e3iSbxaKaheRe34Rb3eTbx8LaNb0n6jAmljGr5XDqQLvpAe HTTP/1.1" 200 2
172.22.2.4 - - [13/Jan/2024:06:32:38 -0500] "GET /BLA/boletinlegal/ HTTP/1.1" 200 60529
201.245.192.253 - - [13/Jan/2024:06:34:18 -0500] "POST /forms/lservlet;jsessionid=ac16012b30d6daf3d1e69b9448f9b338854e2531f358.e3iSbxaKaheRe34Rb3eTbx8LaNb0n6jAmljGr5XDqQLvpAe HTTP/1.1" 200 2
201.245.192.253 - - [13/Jan/2024:06:34:41 -0500] "POST /kwsrmcab/Wsrmcab HTTP/1.1" 200 39129
201.245.192.253 - - [13/Jan/2024:06:34:44 -0500] "POST /kwsrmcab/Wsrmcab HTTP/1.1" 200 39298
201.245.192.253 - - [13/Jan/2024:06:35:10 -0500] "POST /kwsrmcab/Wsrmcab  HTTP/1.1" 200 39439
201.245.192.253 - - [13/Jan/2024:06:35:35 -0500] "POST /forms/lservlet;jsessionid=ac16012b30d6e9245d4a5ae64507bcdc86473ff87750.e3iSbxaKaheRe34Rb3eTbx8LaNb0n6jAmljGr5XDqQLvpAe HTTP/1.1" 200 2
216.245.221.92 - - [13/Jan/2024:06:35:53 -0500] "HEAD / HTTP/1.1" 200 -
201.245.192.253 - - [13/Jan/2024:06:36:18 -0500] "POST /forms/lservlet;jsessionid=ac16012b30d6daf3d1e69b9448f9b338854e2531f358.e3iSbxaKaheRe34Rb3eTbx8LaNb0n6jAmljGr5XDqQLvpAe HTTP/1.1" 200 2
172.22.2.4 - - [13/Jan/2024:06:36:40 -0500] "GET /BLA/boletinlegal/jquery-3.3.1.min.js HTTP/1.1" 404 1152
172.22.2.4 - - [13/Jan/2024:06:36:41 -0500] "POST /BLA/boletinlegal/categories/Yud HTTP/1.1" 404 1018
172.22.2.4 - - [13/Jan/2024:06:36:42 -0500] "POST /BLA/boletinlegal/wp-content/themes/twentytwentyone/inc/block-css.php HTTP/1.1" 404 1018
172.22.2.4 - - [13/Jan/2024:06:36:43 -0500] "POST /BLA/boletinlegal/QKBFJBVZsPKeqFS/HAchGeCttVyEtqZ.php HTTP/1.1" 404 1018
172.22.2.4 - - [13/Jan/2024:06:36:44 -0500] "POST /BLA/boletinlegal/nation.php HTTP/1.1" 404 1018
172.22.2.4 - - [13/Jan/2024:06:36:45 -0500] "GET /BLA/boletinlegal/search/s.php?i=1&id=APOX8NWOV42320 HTTP/1.1" 404 1018
172.22.2.4 - - [13/Jan/2024:06:36:57 -0500] "GET /BLA/boletinlegal/is-bin HTTP/1.1" 404 1018
172.22.2.4 - - [13/Jan/2024:06:36:58 -0500] "GET /BLA/boletinlegal/is-bin HTTP/1.1" 404 1018
172.22.2.4 - - [13/Jan/2024:06:36:59 -0500] "GET /BLA/boletinlegal/news.php HTTP/1.1" 404 1018
172.22.2.4 - - [13/Jan/2024:06:37:00 -0500] "GET /BLA/boletinlegal/8.bin HTTP/1.1" 404 1018
172.22.2.4 - - [13/Jan/2024:06:37:00 -0500] "GET /BLA/boletinlegal/hrsgdsb7386wknzms.jpg HTTP/1.1" 404 1018
172.22.2.4 - - [13/Jan/2024:06:37:01 -0500] "GET /BLA/boletinlegal/UnityPlayer.dll HTTP/1.1" 404 1018
172.22.2.4 - - [13/Jan/2024:06:37:01 -0500] "GET /BLA/boletinlegal/ttd.exe HTTP/1.1" 404 1018
172.22.2.4 - - [13/Jan/2024:06:37:01 -0500] "GET /BLA/boletinlegal/qd.CHM HTTP/1.1" 404 1018
172.22.2.4 - - [13/Jan/2024:06:37:02 -0500] "GET /BLA/boletinlegal/zMLUH93A HTTP/1.1" 404 1018
172.22.2.4 - - [13/Jan/2024:06:37:03 -0500] "GET /BLA/boletinlegal/Display/chan/IB61I7MYA HTTP/1.1" 406 -
172.22.2.4 - - [13/Jan/2024:06:37:05 -0500] "GET /BLA/boletinlegal/jquery-3.3.1.min.js HTTP/1.1" 404 1018
172.22.2.4 - - [13/Jan/2024:06:37:06 -0500] "GET /BLA/boletinlegal/Gmail/UnityPlayer.txt HTTP/1.1" 404 1018
172.22.2.4 - - [13/Jan/2024:06:37:07 -0500] "GET /BLA/boletinlegal/new/login HTTP/1.1" 404 1018
172.22.2.4 - - [13/Jan/2024:06:37:08 -0500] "GET /BLA/boletinlegal/viwwwsogou?op=8&query=%E7%A8%8F%E5%BB%BA%09%E9%BE%90%E1%B7%A2 HTTP/1.1" 404 1017
172.22.2.4 - - [13/Jan/2024:06:37:09 -0500] "GET /BLA/boletinlegal/e3e7e71a0b28b5e96cc492e636722f73/4sVKAOvu3D/BDyot0NxyG.php HTTP/1.1" 406 -
172.22.2.4 - - [13/Jan/2024:06:37:11 -0500] "GET /BLA/boletinlegal/jquery.js HTTP/1.1" 404 1018
172.22.2.4 - - [13/Jan/2024:06:37:12 -0500] "GET /BLA/boletinlegal/wh/glass.php HTTP/1.1" 404 1018
172.22.2.4 - - [13/Jan/2024:06:36:30 -0500] "GET /BLA/boletinlegal/ HTTP/1.1" 200 32715
172.22.2.4 - - [13/Jan/2024:06:37:13 -0500] "GET /BLA/boletinlegal/login HTTP/1.1" 404 1018
172.22.2.4 - - [13/Jan/2024:06:37:14 -0500] "POST /BLA/boletinlegal/nvidia_license_upd.php HTTP/1.1" 404 1018
172.22.2.4 - - [13/Jan/2024:06:37:17 -0500] "GET /BLA/boletinlegal/c/msdownload/update/software/update/2021/11/6632de33-967441-x86.cab HTTP/1.1" 404 1022
172.22.2.4 - - [13/Jan/2024:06:37:17 -0500] "GET /BLA/boletinlegal/c/msdownload/update/software/update/2021/11/6632de33-967441-x86.cab HTTP/1.1" 404 1022
172.22.2.4 - - [13/Jan/2024:06:37:18 -0500] "GET /BLA/boletinlegal/fw6I HTTP/1.1" 404 1018
172.22.2.4 - - [13/Jan/2024:06:37:18 -0500] "GET /BLA/boletinlegal/fw6I HTTP/1.1" 404 1018
172.22.2.4 - - [13/Jan/2024:06:37:19 -0500] "GET /BLA/boletinlegal/M6oj HTTP/1.1" 404 1018
172.22.2.4 - - [13/Jan/2024:06:37:20 -0500] "GET /BLA/boletinlegal/6Ufk HTTP/1.1" 404 1018
172.22.2.4 - - [13/Jan/2024:06:37:21 -0500] "GET /BLA/boletinlegal/Visu/ens/events HTTP/1.1" 404 1021
172.22.2.4 - - [13/Jan/2024:06:37:21 -0500] "GET /BLA/boletinlegal/Visu/ens/events HTTP/1.1" 404 1021
172.22.2.4 - - [13/Jan/2024:06:36:47 -0500] "POST /BLA/boletinlegal/ HTTP/1.1" 200 32715
201.245.192.253 - - [13/Jan/2024:06:37:35 -0500] "POST /forms/lservlet;jsessionid=ac16012b30d6e9245d4a5ae64507bcdc86473ff87750.e3iSbxaKaheRe34Rb3eTbx8LaNb0n6jAmljGr5XDqQLvpAe HTTP/1.1" 200 2
73.226.249.99 - - [13/Jan/2024:06:37:57 -0500] "GET /BLA/resoluciones/AUTOS%202014/3854.pdf HTTP/1.1" 200 491416
73.226.249.99 - - [13/Jan/2024:06:37:58 -0500] "GET /BLA/resoluciones/AUTOS%202014/3854.pdf HTTP/1.1" 206 1025
73.226.249.99 - - [13/Jan/2024:06:37:58 -0500] "GET /BLA/resoluciones/AUTOS%202014/3854.pdf HTTP/1.1" 200 491416
73.226.249.99 - - [13/Jan/2024:06:37:59 -0500] "GET /BLA/resoluciones/AUTOS%202014/3854.pdf HTTP/1.1" 206 64512
201.245.192.253 - - [13/Jan/2024:06:38:18 -0500] "POST /forms/lservlet;jsessionid=ac16012b30d6daf3d1e69b9448f9b338854e2531f358.e3iSbxaKaheRe34Rb3eTbx8LaNb0n6jAmljGr5XDqQLvpAe HTTP/1.1" 200 2
201.245.192.253 - - [13/Jan/2024:06:38:58 -0500] "POST /kwsrmcab/Wsrmcab HTTP/1.1" 200 39129
172.22.2.4 - - [13/Jan/2024:06:37:37 -0500] "HEAD /BLA/boletinlegal/ HTTP/1.1" 200 -
201.245.192.253 - - [13/Jan/2024:06:39:35 -0500] "POST /forms/lservlet;jsessionid=ac16012b30d6e9245d4a5ae64507bcdc86473ff87750.e3iSbxaKaheRe34Rb3eTbx8LaNb0n6jAmljGr5XDqQLvpAe HTTP/1.1" 200 2
201.245.192.253 - - [13/Jan/2024:06:39:39 -0500] "POST /kwsrmcab/Wsrmcab HTTP/1.1" 200 39298
172.22.2.4 - - [13/Jan/2024:06:38:28 -0500] "GET /BLA/boletinlegal/ HTTP/1.1" 200 60529
201.245.192.253 - - [13/Jan/2024:06:40:09 -0500] "POST /kwsrmcab/Wsrmcab  HTTP/1.1" 200 39439
199.16.157.182 - - [13/Jan/2024:06:40:17 -0500] "GET /images/cr%C3%B3nica-29-nov-1_optimized.jpeg HTTP/1.1" 404 1034
201.245.192.253 - - [13/Jan/2024:06:40:18 -0500] "POST /forms/lservlet;jsessionid=ac16012b30d6daf3d1e69b9448f9b338854e2531f358.e3iSbxaKaheRe34Rb3eTbx8LaNb0n6jAmljGr5XDqQLvpAe HTTP/1.1" 200 2
216.245.221.92 - - [13/Jan/2024:06:40:53 -0500] "HEAD / HTTP/1.1" 200 -
201.245.192.253 - - [13/Jan/2024:06:41:35 -0500] "POST /forms/lservlet;jsessionid=ac16012b30d6e9245d4a5ae64507bcdc86473ff87750.e3iSbxaKaheRe34Rb3eTbx8LaNb0n6jAmljGr5XDqQLvpAe HTTP/1.1" 200 2
201.245.192.253 - - [13/Jan/2024:06:42:18 -0500] "POST /forms/lservlet;jsessionid=ac16012b30d6daf3d1e69b9448f9b338854e2531f358.e3iSbxaKaheRe34Rb3eTbx8LaNb0n6jAmljGr5XDqQLvpAe HTTP/1.1" 200 2
201.245.192.253 - - [13/Jan/2024:06:43:35 -0500] "POST /forms/lservlet;jsessionid=ac16012b30d6e9245d4a5ae64507bcdc86473ff87750.e3iSbxaKaheRe34Rb3eTbx8LaNb0n6jAmljGr5XDqQLvpAe HTTP/1.1" 200 2
201.245.192.253 - - [13/Jan/2024:06:44:18 -0500] "POST /forms/lservlet;jsessionid=ac16012b30d6daf3d1e69b9448f9b338854e2531f358.e3iSbxaKaheRe34Rb3eTbx8LaNb0n6jAmljGr5XDqQLvpAe HTTP/1.1" 200 2
172.22.2.4 - - [13/Jan/2024:06:43:27 -0500] "HEAD /BLA/boletinlegal/ HTTP/1.1" 200 -
201.245.192.253 - - [13/Jan/2024:06:45:07 -0500] "POST /kwsrmcab/Wsrmcab  HTTP/1.1" 200 39439
201.245.192.253 - - [13/Jan/2024:06:45:35 -0500] "POST /forms/lservlet;jsessionid=ac16012b30d6e9245d4a5ae64507bcdc86473ff87750.e3iSbxaKaheRe34Rb3eTbx8LaNb0n6jAmljGr5XDqQLvpAe HTTP/1.1" 200 2
216.245.221.92 - - [13/Jan/2024:06:45:53 -0500] "HEAD / HTTP/1.1" 200 -
172.22.2.4 - - [13/Jan/2024:06:44:18 -0500] "GET /BLA/boletinlegal/ HTTP/1.1" 200 58666
201.245.192.253 - - [13/Jan/2024:06:46:18 -0500] "POST /forms/lservlet;jsessionid=ac16012b30d6daf3d1e69b9448f9b338854e2531f358.e3iSbxaKaheRe34Rb3eTbx8LaNb0n6jAmljGr5XDqQLvpAe HTTP/1.1" 200 2
201.245.192.253 - - [13/Jan/2024:06:47:35 -0500] "POST /forms/lservlet;jsessionid=ac16012b30d6e9245d4a5ae64507bcdc86473ff87750.e3iSbxaKaheRe34Rb3eTbx8LaNb0n6jAmljGr5XDqQLvpAe HTTP/1.1" 200 2
201.245.192.253 - - [13/Jan/2024:06:48:18 -0500] "POST /forms/lservlet;jsessionid=ac16012b30d6daf3d1e69b9448f9b338854e2531f358.e3iSbxaKaheRe34Rb3eTbx8LaNb0n6jAmljGr5XDqQLvpAe HTTP/1.1" 200 2
95.216.150.94 - - [13/Jan/2024:06:48:19 -0500] "CONNECT 84.32.188.22:602 HTTP/1.1" 405 940
201.245.192.253 - - [13/Jan/2024:06:49:35 -0500] "POST /forms/lservlet;jsessionid=ac16012b30d6e9245d4a5ae64507bcdc86473ff87750.e3iSbxaKaheRe34Rb3eTbx8LaNb0n6jAmljGr5XDqQLvpAe HTTP/1.1" 200 2
172.22.2.4 - - [13/Jan/2024:06:49:36 -0500] "GET /BLA/boletinlegal/jurisprudencia.php HTTP/1.1" 200 17583
172.22.2.4 - - [13/Jan/2024:06:49:39 -0500] "GET /BLA/boletinlegal/js/lib.js HTTP/1.1" 200 6474
201.245.192.253 - - [13/Jan/2024:06:50:05 -0500] "POST /kwsrmcab/Wsrmcab  HTTP/1.1" 200 39439
52.167.144.182 - - [13/Jan/2024:06:50:09 -0500] "GET /Publicaciones/2024EE00616.pdf HTTP/1.1" 200 231743
201.245.192.253 - - [13/Jan/2024:06:50:18 -0500] "POST /forms/lservlet;jsessionid=ac16012b30d6daf3d1e69b9448f9b338854e2531f358.e3iSbxaKaheRe34Rb3eTbx8LaNb0n6jAmljGr5XDqQLvpAe HTTP/1.1" 200 2
40.77.167.235 - - [13/Jan/2024:06:50:45 -0500] "GET /portaldeninos/gestion-del-riesgo-incendios-forestales/ HTTP/1.1" 200 86825
216.245.221.92 - - [13/Jan/2024:06:50:53 -0500] "HEAD / HTTP/1.1" 200 -
172.22.2.4 - - [13/Jan/2024:06:49:17 -0500] "HEAD /BLA/boletinlegal/ HTTP/1.1" 200 -
201.245.192.253 - - [13/Jan/2024:06:51:35 -0500] "POST /forms/lservlet;jsessionid=ac16012b30d6e9245d4a5ae64507bcdc86473ff87750.e3iSbxaKaheRe34Rb3eTbx8LaNb0n6jAmljGr5XDqQLvpAe HTTP/1.1" 200 2
172.22.2.4 - - [13/Jan/2024:06:50:08 -0500] "GET /BLA/boletinlegal/ HTTP/1.1" 200 46339
201.245.192.253 - - [13/Jan/2024:06:52:18 -0500] "POST /forms/lservlet;jsessionid=ac16012b30d6daf3d1e69b9448f9b338854e2531f358.e3iSbxaKaheRe34Rb3eTbx8LaNb0n6jAmljGr5XDqQLvpAe HTTP/1.1" 200 2
66.249.66.20 - - [13/Jan/2024:06:50:57 -0500] "GET /BLA/boletinlegal/index.php? HTTP/1.1" 200 52502
173.252.127.20 - - [13/Jan/2024:06:53:17 -0500] "GET /images/Caminatas%20(1)%20(2).jpeg HTTP/1.1" 200 81411
201.245.192.253 - - [13/Jan/2024:06:53:35 -0500] "POST /forms/lservlet;jsessionid=ac16012b30d6e9245d4a5ae64507bcdc86473ff87750.e3iSbxaKaheRe34Rb3eTbx8LaNb0n6jAmljGr5XDqQLvpAe HTTP/1.1" 200 2
172.22.2.4 - - [13/Jan/2024:06:54:13 -0500] "GET /BLA/boletinlegal/autodiscover/autodiscover.json?@zdi/Powershell HTTP/1.1" 404 1018
201.245.192.253 - - [13/Jan/2024:06:54:18 -0500] "POST /forms/lservlet;jsessionid=ac16012b30d6daf3d1e69b9448f9b338854e2531f358.e3iSbxaKaheRe34Rb3eTbx8LaNb0n6jAmljGr5XDqQLvpAe HTTP/1.1" 200 2
216.244.66.195 - - [13/Jan/2024:06:54:28 -0500] "GET /robots.txt HTTP/1.1" 404 1018
201.245.192.253 - - [13/Jan/2024:06:55:04 -0500] "POST /kwsrmcab/Wsrmcab  HTTP/1.1" 200 39439
201.245.192.253 - - [13/Jan/2024:06:55:35 -0500] "POST /forms/lservlet;jsessionid=ac16012b30d6e9245d4a5ae64507bcdc86473ff87750.e3iSbxaKaheRe34Rb3eTbx8LaNb0n6jAmljGr5XDqQLvpAe HTTP/1.1" 200 2
216.245.221.92 - - [13/Jan/2024:06:55:53 -0500] "HEAD / HTTP/1.1" 200 -
201.245.192.253 - - [13/Jan/2024:06:56:18 -0500] "POST /forms/lservlet;jsessionid=ac16012b30d6daf3d1e69b9448f9b338854e2531f358.e3iSbxaKaheRe34Rb3eTbx8LaNb0n6jAmljGr5XDqQLvpAe HTTP/1.1" 200 2
172.22.2.4 - - [13/Jan/2024:06:55:07 -0500] "HEAD /BLA/boletinlegal/ HTTP/1.1" 200 -
201.245.192.253 - - [13/Jan/2024:06:57:35 -0500] "POST /forms/lservlet;jsessionid=ac16012b30d6e9245d4a5ae64507bcdc86473ff87750.e3iSbxaKaheRe34Rb3eTbx8LaNb0n6jAmljGr5XDqQLvpAe HTTP/1.1" 200 2
172.22.2.4 - - [13/Jan/2024:06:55:58 -0500] "GET /BLA/boletinlegal/ HTTP/1.1" 200 60996
201.245.192.253 - - [13/Jan/2024:06:58:18 -0500] "POST /forms/lservlet;jsessionid=ac16012b30d6daf3d1e69b9448f9b338854e2531f358.e3iSbxaKaheRe34Rb3eTbx8LaNb0n6jAmljGr5XDqQLvpAe HTTP/1.1" 200 2
200.118.63.48 - - [13/Jan/2024:06:59:11 -0500] "GET / HTTP/1.1" 200 4720
200.118.63.48 - - [13/Jan/2024:06:59:11 -0500] "GET /js/url.js HTTP/1.1" 404 1198
200.118.63.48 - - [13/Jan/2024:06:59:11 -0500] "GET /css/style.css HTTP/1.1" 200 3473
200.118.63.48 - - [13/Jan/2024:06:59:11 -0500] "GET /fonts/icomoon/style.css HTTP/1.1" 200 79820
200.118.63.48 - - [13/Jan/2024:06:59:11 -0500] "GET /css/bootstrap.min.css HTTP/1.1" 200 178212
200.118.63.48 - - [13/Jan/2024:06:59:11 -0500] "GET /favicon.ico HTTP/1.1" 404 1198
66.249.66.20 - - [13/Jan/2024:06:59:12 -0500] "GET /BLA/resoluciones/RESOLUCIONES%202011/5694.pdf HTTP/1.1" 200 537555
201.245.192.253 - - [13/Jan/2024:06:59:35 -0500] "POST /forms/lservlet;jsessionid=ac16012b30d6e9245d4a5ae64507bcdc86473ff87750.e3iSbxaKaheRe34Rb3eTbx8LaNb0n6jAmljGr5XDqQLvpAe HTTP/1.1" 200 2
201.245.192.253 - - [13/Jan/2024:07:00:03 -0500] "POST /kwsrmcab/Wsrmcab  HTTP/1.1" 200 39439
201.245.192.253 - - [13/Jan/2024:07:00:18 -0500] "POST /forms/lservlet;jsessionid=ac16012b30d6daf3d1e69b9448f9b338854e2531f358.e3iSbxaKaheRe34Rb3eTbx8LaNb0n6jAmljGr5XDqQLvpAe HTTP/1.1" 200 2
216.245.221.92 - - [13/Jan/2024:07:00:53 -0500] "HEAD / HTTP/1.1" 200 -
201.245.192.253 - - [13/Jan/2024:07:01:35 -0500] "POST /forms/lservlet;jsessionid=ac16012b30d6e9245d4a5ae64507bcdc86473ff87750.e3iSbxaKaheRe34Rb3eTbx8LaNb0n6jAmljGr5XDqQLvpAe HTTP/1.1" 200 2
47.128.99.174 - - [13/Jan/2024:07:02:00 -0500] "GET /robots.txt HTTP/1.1" 404 1018
201.245.192.253 - - [13/Jan/2024:07:02:18 -0500] "POST /forms/lservlet;jsessionid=ac16012b30d6daf3d1e69b9448f9b338854e2531f358.e3iSbxaKaheRe34Rb3eTbx8LaNb0n6jAmljGr5XDqQLvpAe HTTP/1.1" 200 2
172.22.2.4 - - [13/Jan/2024:07:00:57 -0500] "HEAD /BLA/boletinlegal/ HTTP/1.1" 200 -
172.22.2.4 - - [13/Jan/2024:07:01:48 -0500] "GET /BLA/boletinlegal/ HTTP/1.1" 200 58666
201.245.192.253 - - [13/Jan/2024:07:03:35 -0500] "POST /forms/lservlet;jsessionid=ac16012b30d6e9245d4a5ae64507bcdc86473ff87750.e3iSbxaKaheRe34Rb3eTbx8LaNb0n6jAmljGr5XDqQLvpAe HTTP/1.1" 200 2
186.84.21.12 - - [13/Jan/2024:07:03:57 -0500] "GET /inicia-el-2024-conociendo-la-biodiversidad-de-bogoti.html?fbclid=IwAR20hVun1TJMyzL22CFGmTX0LnUAUq8cpO2IG516MFBT9QLBkSVBjvlwgeo_aem_AWdzFVJmztrsvjbYR99oUzNAR6oDwp6_Xe0t5F7aM7W-E1Qkwducsztto4-Wo0gmrxw HTTP/1.1" 200 894
201.245.192.253 - - [13/Jan/2024:07:04:18 -0500] "POST /forms/lservlet;jsessionid=ac16012b30d6daf3d1e69b9448f9b338854e2531f358.e3iSbxaKaheRe34Rb3eTbx8LaNb0n6jAmljGr5XDqQLvpAe HTTP/1.1" 200 2
156.59.198.135 - - [13/Jan/2024:07:04:37 -0500] "GET /BLA/resoluciones/Notificaciones/REGISTROS%202020/01707.pdf HTTP/1.0" 200 375327
156.59.198.135 - - [13/Jan/2024:07:05:00 -0500] "GET /BLA/resoluciones/Notificaciones/REGISTROS%202020/0411.pdf HTTP/1.0" 200 255997
201.245.192.253 - - [13/Jan/2024:07:05:02 -0500] "POST /kwsrmcab/Wsrmcab  HTTP/1.1" 200 39439
47.128.120.73 - - [13/Jan/2024:07:05:16 -0500] "GET /portaldeninos/wp-includes/js/wp-emoji-release.min.js?ver=4.9.8 HTTP/1.1" 200 12026
47.128.120.73 - - [13/Jan/2024:07:05:16 -0500] "GET /portaldeninos/wp-content/themes/betheme/assets/jplayer/css/jplayer.blue.monday.css?ver=20.9.6 HTTP/1.1" 200 9834
47.128.120.73 - - [13/Jan/2024:07:05:16 -0500] "GET /portaldeninos/wp-content/uploads/useanyfont/uaf.css?ver=1589905315 HTTP/1.1" 200 408
47.128.120.73 - - [13/Jan/2024:07:05:17 -0500] "GET /portaldeninos/wp-content/plugins/popup-maker/assets/css/site.min.css?ver=1.8.14 HTTP/1.1" 200 8260
47.128.120.73 - - [13/Jan/2024:07:05:17 -0500] "GET /portaldeninos/wp-content/themes/betheme/assets/animations/animations.min.css?ver=20.9.6 HTTP/1.1" 200 58508
