152.203.196.141 - - [16/Jan/2024:00:50:12 -0500] "POST /sipse/faces/presentacion/financiero/estudioPrevio/personalSolicitado/asociarProfesionPersonalSolicitado.xhtml HTTP/1.1" 200 20791
40.77.167.20 - - [16/Jan/2024:00:50:14 -0500] "GET /BLA/resoluciones/AUTOS%202020/3565.pdf HTTP/1.1" 200 360798
201.245.192.253 - - [16/Jan/2024:00:50:19 -0500] "POST /forms/lservlet;jsessionid=ac16012b30d6947c1f7f67e648598dd0e716ce7e24d2.e3iSbxaKaheRe3qKcheMbNuKc41ynknvrkLOlQzNp65In0 HTTP/1.1" 200 2
152.203.196.141 - - [16/Jan/2024:00:50:30 -0500] "POST /sipse/faces/presentacion/financiero/estudioPrevio/personalSolicitado/asociarProfesionPersonalSolicitado.xhtml HTTP/1.1" 200 51977
152.203.196.141 - - [16/Jan/2024:00:50:30 -0500] "GET /sipse/faces/javax.faces.resource/theme.css?ln=primefaces-sipse HTTP/1.1" 304 -
152.203.196.141 - - [16/Jan/2024:00:50:30 -0500] "GET /sipse/faces/javax.faces.resource/primefaces.css?ln=primefaces&v=4.0 HTTP/1.1" 304 -
152.203.196.141 - - [16/Jan/2024:00:50:30 -0500] "GET /sipse/faces/javax.faces.resource/layout/layout.js?ln=primefaces&v=4.0 HTTP/1.1" 304 -
152.203.196.141 - - [16/Jan/2024:00:50:30 -0500] "GET /sipse/faces/javax.faces.resource/layout/layout.css?ln=primefaces&v=4.0 HTTP/1.1" 304 -
152.203.196.141 - - [16/Jan/2024:00:50:30 -0500] "GET /sipse/faces/javax.faces.resource/jquery/jquery.js?ln=primefaces&v=4.0 HTTP/1.1" 304 -
152.203.196.141 - - [16/Jan/2024:00:50:30 -0500] "GET /sipse/faces/javax.faces.resource/primefaces.js?ln=primefaces&v=4.0 HTTP/1.1" 304 -
152.203.196.141 - - [16/Jan/2024:00:50:30 -0500] "GET /sipse/faces/javax.faces.resource/jquery/jquery-plugins.js?ln=primefaces&v=4.0 HTTP/1.1" 304 -
152.203.196.141 - - [16/Jan/2024:00:50:30 -0500] "GET /sipse/css/imagen/contrasena.png HTTP/1.1" 404 383
216.244.66.195 - - [16/Jan/2024:00:50:35 -0500] "GET /BLA/resoluciones/AUTOS%202018/0063.pdf HTTP/1.1" 200 294415
216.245.221.92 - - [16/Jan/2024:00:50:46 -0500] "HEAD / HTTP/1.1" 200 -
40.77.167.53 - - [16/Jan/2024:00:51:10 -0500] "GET /BLA/resoluciones/RESOLUCIONES%202021/4885.pdf HTTP/1.1" 304 -
216.244.66.195 - - [16/Jan/2024:00:51:13 -0500] "GET /BLA/resoluciones/AUTOS%202018/0225.pdf HTTP/1.1" 200 283227
152.203.196.141 - - [16/Jan/2024:00:51:14 -0500] "POST /sipse/faces/presentacion/financiero/estudioPrevio/personalSolicitado/personalSolicitadoSolicitudProceso.xhtml HTTP/1.1" 200 7027
152.203.196.141 - - [16/Jan/2024:00:51:25 -0500] "POST /sipse/faces/presentacion/financiero/estudioPrevio/personalSolicitado/personalSolicitadoSolicitudProceso.xhtml HTTP/1.1" 200 36809
152.203.196.141 - - [16/Jan/2024:00:51:25 -0500] "GET /sipse/faces/javax.faces.resource/theme.css?ln=primefaces-sipse HTTP/1.1" 304 -
152.203.196.141 - - [16/Jan/2024:00:51:25 -0500] "GET /sipse/faces/javax.faces.resource/primefaces.css?ln=primefaces&v=4.0 HTTP/1.1" 304 -
152.203.196.141 - - [16/Jan/2024:00:51:25 -0500] "GET /sipse/faces/javax.faces.resource/layout/layout.css?ln=primefaces&v=4.0 HTTP/1.1" 304 -
152.203.196.141 - - [16/Jan/2024:00:51:25 -0500] "GET /sipse/faces/javax.faces.resource/jquery/jquery.js?ln=primefaces&v=4.0 HTTP/1.1" 304 -
152.203.196.141 - - [16/Jan/2024:00:51:25 -0500] "GET /sipse/faces/javax.faces.resource/jquery/jquery-plugins.js?ln=primefaces&v=4.0 HTTP/1.1" 304 -
152.203.196.141 - - [16/Jan/2024:00:51:25 -0500] "GET /sipse/faces/javax.faces.resource/primefaces.js?ln=primefaces&v=4.0 HTTP/1.1" 304 -
152.203.196.141 - - [16/Jan/2024:00:51:25 -0500] "GET /sipse/faces/javax.faces.resource/layout/layout.js?ln=primefaces&v=4.0 HTTP/1.1" 304 -
152.203.196.141 - - [16/Jan/2024:00:51:28 -0500] "POST /sipse/faces/presentacion/financiero/estudioPrevio/personalSolicitado/asociarProfesionPersonalSolicitado.xhtml HTTP/1.1" 200 21236
152.203.196.141 - - [16/Jan/2024:00:51:28 -0500] "POST /sipse/faces/presentacion/financiero/estudioPrevio/personalSolicitado/asociarProfesionPersonalSolicitado.xhtml HTTP/1.1" 200 21232
152.203.196.141 - - [16/Jan/2024:00:51:31 -0500] "POST /sipse/faces/presentacion/financiero/estudioPrevio/personalSolicitado/asociarProfesionPersonalSolicitado.xhtml HTTP/1.1" 200 21243
152.203.196.141 - - [16/Jan/2024:00:51:32 -0500] "POST /sipse/faces/presentacion/financiero/estudioPrevio/personalSolicitado/asociarProfesionPersonalSolicitado.xhtml HTTP/1.1" 200 21239
152.203.196.141 - - [16/Jan/2024:00:51:35 -0500] "POST /sipse/faces/presentacion/financiero/estudioPrevio/personalSolicitado/asociarProfesionPersonalSolicitado.xhtml HTTP/1.1" 200 21228
152.203.196.141 - - [16/Jan/2024:00:51:37 -0500] "POST /sipse/faces/presentacion/financiero/estudioPrevio/personalSolicitado/asociarProfesionPersonalSolicitado.xhtml HTTP/1.1" 200 20190
152.203.196.141 - - [16/Jan/2024:00:51:42 -0500] "POST /sipse/faces/presentacion/financiero/estudioPrevio/personalSolicitado/asociarProfesionPersonalSolicitado.xhtml HTTP/1.1" 200 53283
152.203.196.141 - - [16/Jan/2024:00:51:42 -0500] "GET /sipse/faces/javax.faces.resource/theme.css?ln=primefaces-sipse HTTP/1.1" 304 -
152.203.196.141 - - [16/Jan/2024:00:51:42 -0500] "GET /sipse/faces/javax.faces.resource/primefaces.css?ln=primefaces&v=4.0 HTTP/1.1" 304 -
152.203.196.141 - - [16/Jan/2024:00:51:42 -0500] "GET /sipse/faces/javax.faces.resource/jquery/jquery.js?ln=primefaces&v=4.0 HTTP/1.1" 304 -
152.203.196.141 - - [16/Jan/2024:00:51:42 -0500] "GET /sipse/faces/javax.faces.resource/jquery/jquery-plugins.js?ln=primefaces&v=4.0 HTTP/1.1" 304 -
152.203.196.141 - - [16/Jan/2024:00:51:42 -0500] "GET /sipse/faces/javax.faces.resource/primefaces.js?ln=primefaces&v=4.0 HTTP/1.1" 304 -
152.203.196.141 - - [16/Jan/2024:00:51:42 -0500] "GET /sipse/faces/javax.faces.resource/layout/layout.css?ln=primefaces&v=4.0 HTTP/1.1" 304 -
152.203.196.141 - - [16/Jan/2024:00:51:42 -0500] "GET /sipse/faces/javax.faces.resource/layout/layout.js?ln=primefaces&v=4.0 HTTP/1.1" 304 -
152.203.196.141 - - [16/Jan/2024:00:51:42 -0500] "GET /sipse/css/imagen/contrasena.png HTTP/1.1" 404 383
216.244.66.195 - - [16/Jan/2024:00:51:44 -0500] "GET /BLA/resoluciones/AUTOS%202018/1886.pdf HTTP/1.1" 200 305874
152.203.196.141 - - [16/Jan/2024:00:51:53 -0500] "POST /sipse/faces/presentacion/financiero/estudioPrevio/personalSolicitado/personalSolicitadoSolicitudProceso.xhtml HTTP/1.1" 200 36814
152.203.196.141 - - [16/Jan/2024:00:51:53 -0500] "GET /sipse/faces/javax.faces.resource/theme.css?ln=primefaces-sipse HTTP/1.1" 304 -
152.203.196.141 - - [16/Jan/2024:00:51:53 -0500] "GET /sipse/faces/javax.faces.resource/primefaces.css?ln=primefaces&v=4.0 HTTP/1.1" 304 -
152.203.196.141 - - [16/Jan/2024:00:51:53 -0500] "GET /sipse/faces/javax.faces.resource/layout/layout.css?ln=primefaces&v=4.0 HTTP/1.1" 304 -
152.203.196.141 - - [16/Jan/2024:00:51:53 -0500] "GET /sipse/faces/javax.faces.resource/jquery/jquery.js?ln=primefaces&v=4.0 HTTP/1.1" 304 -
152.203.196.141 - - [16/Jan/2024:00:51:53 -0500] "GET /sipse/faces/javax.faces.resource/jquery/jquery-plugins.js?ln=primefaces&v=4.0 HTTP/1.1" 304 -
152.203.196.141 - - [16/Jan/2024:00:51:53 -0500] "GET /sipse/faces/javax.faces.resource/primefaces.js?ln=primefaces&v=4.0 HTTP/1.1" 304 -
152.203.196.141 - - [16/Jan/2024:00:51:53 -0500] "GET /sipse/faces/javax.faces.resource/layout/layout.js?ln=primefaces&v=4.0 HTTP/1.1" 304 -
152.203.196.141 - - [16/Jan/2024:00:51:55 -0500] "POST /sipse/faces/presentacion/financiero/estudioPrevio/personalSolicitado/asociarProfesionPersonalSolicitado.xhtml HTTP/1.1" 200 21043
152.203.196.141 - - [16/Jan/2024:00:51:56 -0500] "POST /sipse/faces/presentacion/financiero/estudioPrevio/personalSolicitado/asociarProfesionPersonalSolicitado.xhtml HTTP/1.1" 200 21039
152.203.196.141 - - [16/Jan/2024:00:51:57 -0500] "POST /sipse/faces/presentacion/financiero/estudioPrevio/personalSolicitado/asociarProfesionPersonalSolicitado.xhtml HTTP/1.1" 200 21327
152.203.196.141 - - [16/Jan/2024:00:51:57 -0500] "POST /sipse/faces/presentacion/financiero/estudioPrevio/personalSolicitado/asociarProfesionPersonalSolicitado.xhtml HTTP/1.1" 200 21327
152.203.196.141 - - [16/Jan/2024:00:51:59 -0500] "POST /sipse/faces/presentacion/financiero/estudioPrevio/personalSolicitado/asociarProfesionPersonalSolicitado.xhtml HTTP/1.1" 200 21371
152.203.196.141 - - [16/Jan/2024:00:52:04 -0500] "POST /sipse/faces/presentacion/financiero/estudioPrevio/personalSolicitado/asociarProfesionPersonalSolicitado.xhtml HTTP/1.1" 200 54553
152.203.196.141 - - [16/Jan/2024:00:52:04 -0500] "GET /sipse/faces/javax.faces.resource/theme.css?ln=primefaces-sipse HTTP/1.1" 304 -
152.203.196.141 - - [16/Jan/2024:00:52:04 -0500] "GET /sipse/faces/javax.faces.resource/layout/layout.css?ln=primefaces&v=4.0 HTTP/1.1" 304 -
152.203.196.141 - - [16/Jan/2024:00:52:04 -0500] "GET /sipse/faces/javax.faces.resource/primefaces.css?ln=primefaces&v=4.0 HTTP/1.1" 304 -
152.203.196.141 - - [16/Jan/2024:00:52:04 -0500] "GET /sipse/faces/javax.faces.resource/layout/layout.js?ln=primefaces&v=4.0 HTTP/1.1" 304 -
152.203.196.141 - - [16/Jan/2024:00:52:04 -0500] "GET /sipse/faces/javax.faces.resource/jquery/jquery-plugins.js?ln=primefaces&v=4.0 HTTP/1.1" 304 -
152.203.196.141 - - [16/Jan/2024:00:52:04 -0500] "GET /sipse/faces/javax.faces.resource/primefaces.js?ln=primefaces&v=4.0 HTTP/1.1" 304 -
152.203.196.141 - - [16/Jan/2024:00:52:04 -0500] "GET /sipse/faces/javax.faces.resource/jquery/jquery.js?ln=primefaces&v=4.0 HTTP/1.1" 304 -
216.244.66.195 - - [16/Jan/2024:00:52:16 -0500] "GET /BLA/resoluciones/AUTOS%202018/2078.pdf HTTP/1.1" 200 281118
201.245.192.253 - - [16/Jan/2024:00:52:19 -0500] "POST /forms/lservlet;jsessionid=ac16012b30d6947c1f7f67e648598dd0e716ce7e24d2.e3iSbxaKaheRe3qKcheMbNuKc41ynknvrkLOlQzNp65In0 HTTP/1.1" 200 2
152.203.196.141 - - [16/Jan/2024:00:52:32 -0500] "GET /sipse/faces/javax.faces.resource/images/ui-icons_898989_256x240.png?ln=primefaces-aristo HTTP/1.1" 304 -
152.203.196.141 - - [16/Jan/2024:00:52:33 -0500] "GET /sipse/faces/javax.faces.resource/theme.css?ln=primefaces-sipse HTTP/1.1" 304 -
152.203.196.141 - - [16/Jan/2024:00:52:33 -0500] "GET /sipse/faces/javax.faces.resource/layout/layout.css?ln=primefaces&v=4.0 HTTP/1.1" 304 -
152.203.196.141 - - [16/Jan/2024:00:52:33 -0500] "GET /sipse/faces/javax.faces.resource/primefaces.css?ln=primefaces&v=4.0 HTTP/1.1" 304 -
152.203.196.141 - - [16/Jan/2024:00:52:33 -0500] "GET /sipse/faces/javax.faces.resource/jquery/jquery.js?ln=primefaces&v=4.0 HTTP/1.1" 304 -
152.203.196.141 - - [16/Jan/2024:00:52:33 -0500] "GET /sipse/faces/javax.faces.resource/jquery/jquery-plugins.js?ln=primefaces&v=4.0 HTTP/1.1" 304 -
152.203.196.141 - - [16/Jan/2024:00:52:33 -0500] "GET /sipse/faces/javax.faces.resource/primefaces.js?ln=primefaces&v=4.0 HTTP/1.1" 304 -
152.203.196.141 - - [16/Jan/2024:00:52:33 -0500] "GET /sipse/faces/javax.faces.resource/layout/layout.js?ln=primefaces&v=4.0 HTTP/1.1" 304 -
152.203.196.141 - - [16/Jan/2024:00:52:32 -0500] "POST /sipse/faces/presentacion/financiero/estudioPrevio/personalSolicitado/personalSolicitadoSolicitudProceso.xhtml HTTP/1.1" 200 175815
152.203.196.141 - - [16/Jan/2024:00:52:39 -0500] "POST /sipse/faces/presentacion/financiero/solicitudProceso/consultarSolicitudProceso.xhtml HTTP/1.1" 200 21158
152.203.196.141 - - [16/Jan/2024:00:52:39 -0500] "GET /sipse/faces/javax.faces.resource/theme.css?ln=primefaces-sipse HTTP/1.1" 304 -
152.203.196.141 - - [16/Jan/2024:00:52:39 -0500] "GET /sipse/faces/javax.faces.resource/primefaces.css?ln=primefaces&v=4.0 HTTP/1.1" 304 -
152.203.196.141 - - [16/Jan/2024:00:52:39 -0500] "GET /sipse/faces/javax.faces.resource/layout/layout.css?ln=primefaces&v=4.0 HTTP/1.1" 304 -
152.203.196.141 - - [16/Jan/2024:00:52:39 -0500] "GET /sipse/faces/javax.faces.resource/jquery/jquery.js?ln=primefaces&v=4.0 HTTP/1.1" 304 -
152.203.196.141 - - [16/Jan/2024:00:52:39 -0500] "GET /sipse/faces/javax.faces.resource/jquery/jquery-plugins.js?ln=primefaces&v=4.0 HTTP/1.1" 304 -
152.203.196.141 - - [16/Jan/2024:00:52:39 -0500] "GET /sipse/faces/javax.faces.resource/fileupload/fileupload.css?ln=primefaces&v=4.0 HTTP/1.1" 304 -
152.203.196.141 - - [16/Jan/2024:00:52:39 -0500] "GET /sipse/faces/javax.faces.resource/primefaces.js?ln=primefaces&v=4.0 HTTP/1.1" 304 -
152.203.196.141 - - [16/Jan/2024:00:52:39 -0500] "GET /sipse/faces/javax.faces.resource/layout/layout.js?ln=primefaces&v=4.0 HTTP/1.1" 304 -
152.203.196.141 - - [16/Jan/2024:00:52:39 -0500] "GET /sipse/faces/javax.faces.resource/fileupload/fileupload.js?ln=primefaces&v=4.0 HTTP/1.1" 304 -
172.22.2.4 - - [16/Jan/2024:00:50:59 -0500] "HEAD /BLA/boletinlegal/ HTTP/1.1" 200 -
216.244.66.195 - - [16/Jan/2024:00:52:45 -0500] "GET /BLA/resoluciones/AUTOS%202018/2632.pdf HTTP/1.1" 200 273946
152.203.196.141 - - [16/Jan/2024:00:52:50 -0500] "GET /sipse/faces/javax.faces.resource/theme.css?ln=primefaces-sipse HTTP/1.1" 304 -
152.203.196.141 - - [16/Jan/2024:00:52:50 -0500] "GET /sipse/faces/javax.faces.resource/layout/layout.css?ln=primefaces&v=4.0 HTTP/1.1" 304 -
152.203.196.141 - - [16/Jan/2024:00:52:50 -0500] "GET /sipse/faces/javax.faces.resource/primefaces.css?ln=primefaces&v=4.0 HTTP/1.1" 304 -
152.203.196.141 - - [16/Jan/2024:00:52:50 -0500] "GET /sipse/faces/javax.faces.resource/jquery/jquery-plugins.js?ln=primefaces&v=4.0 HTTP/1.1" 304 -
152.203.196.141 - - [16/Jan/2024:00:52:50 -0500] "GET /sipse/faces/javax.faces.resource/jquery/jquery.js?ln=primefaces&v=4.0 HTTP/1.1" 304 -
152.203.196.141 - - [16/Jan/2024:00:52:50 -0500] "GET /sipse/faces/javax.faces.resource/primefaces.js?ln=primefaces&v=4.0 HTTP/1.1" 304 -
152.203.196.141 - - [16/Jan/2024:00:52:50 -0500] "GET /sipse/faces/javax.faces.resource/layout/layout.js?ln=primefaces&v=4.0 HTTP/1.1" 304 -
152.203.196.141 - - [16/Jan/2024:00:52:49 -0500] "POST /sipse/faces/presentacion/sistema/anexos/cargarAnexoSolicitudProceso.xhtml HTTP/1.1" 200 177512
152.203.196.141 - - [16/Jan/2024:00:52:57 -0500] "POST /sipse/faces/presentacion/financiero/solicitudProceso/consultarSolicitudProceso.xhtml HTTP/1.1" 200 21158
152.203.196.141 - - [16/Jan/2024:00:52:57 -0500] "GET /sipse/faces/javax.faces.resource/layout/layout.css?ln=primefaces&v=4.0 HTTP/1.1" 304 -
152.203.196.141 - - [16/Jan/2024:00:52:57 -0500] "GET /sipse/faces/javax.faces.resource/theme.css?ln=primefaces-sipse HTTP/1.1" 304 -
152.203.196.141 - - [16/Jan/2024:00:52:57 -0500] "GET /sipse/faces/javax.faces.resource/primefaces.js?ln=primefaces&v=4.0 HTTP/1.1" 304 -
152.203.196.141 - - [16/Jan/2024:00:52:57 -0500] "GET /sipse/faces/javax.faces.resource/primefaces.css?ln=primefaces&v=4.0 HTTP/1.1" 304 -
152.203.196.141 - - [16/Jan/2024:00:52:57 -0500] "GET /sipse/faces/javax.faces.resource/jquery/jquery.js?ln=primefaces&v=4.0 HTTP/1.1" 304 -
152.203.196.141 - - [16/Jan/2024:00:52:57 -0500] "GET /sipse/faces/javax.faces.resource/jquery/jquery-plugins.js?ln=primefaces&v=4.0 HTTP/1.1" 304 -
152.203.196.141 - - [16/Jan/2024:00:52:57 -0500] "GET /sipse/faces/javax.faces.resource/fileupload/fileupload.css?ln=primefaces&v=4.0 HTTP/1.1" 304 -
152.203.196.141 - - [16/Jan/2024:00:52:57 -0500] "GET /sipse/faces/javax.faces.resource/layout/layout.js?ln=primefaces&v=4.0 HTTP/1.1" 304 -
152.203.196.141 - - [16/Jan/2024:00:52:57 -0500] "GET /sipse/faces/javax.faces.resource/fileupload/fileupload.js?ln=primefaces&v=4.0 HTTP/1.1" 304 -
216.244.66.195 - - [16/Jan/2024:00:53:13 -0500] "GET /BLA/resoluciones/AUTOS%202018/2929.pdf HTTP/1.1" 200 297467
152.203.196.141 - - [16/Jan/2024:00:53:14 -0500] "GET /sipse/faces/javax.faces.resource/theme.css?ln=primefaces-sipse HTTP/1.1" 304 -
152.203.196.141 - - [16/Jan/2024:00:53:14 -0500] "GET /sipse/faces/javax.faces.resource/primefaces.css?ln=primefaces&v=4.0 HTTP/1.1" 304 -
152.203.196.141 - - [16/Jan/2024:00:53:14 -0500] "GET /sipse/faces/javax.faces.resource/jquery/jquery-plugins.js?ln=primefaces&v=4.0 HTTP/1.1" 304 -
152.203.196.141 - - [16/Jan/2024:00:53:14 -0500] "GET /sipse/faces/javax.faces.resource/jquery/jquery.js?ln=primefaces&v=4.0 HTTP/1.1" 304 -
152.203.196.141 - - [16/Jan/2024:00:53:14 -0500] "GET /sipse/faces/javax.faces.resource/layout/layout.css?ln=primefaces&v=4.0 HTTP/1.1" 304 -
152.203.196.141 - - [16/Jan/2024:00:53:14 -0500] "GET /sipse/faces/javax.faces.resource/primefaces.js?ln=primefaces&v=4.0 HTTP/1.1" 304 -
152.203.196.141 - - [16/Jan/2024:00:53:14 -0500] "GET /sipse/faces/javax.faces.resource/layout/layout.js?ln=primefaces&v=4.0 HTTP/1.1" 304 -
152.203.196.141 - - [16/Jan/2024:00:53:13 -0500] "POST /sipse/faces/presentacion/sistema/anexos/cargarAnexoSolicitudProceso.xhtml HTTP/1.1" 200 179315
152.203.196.141 - - [16/Jan/2024:00:53:25 -0500] "POST /sipse/faces/presentacion/financiero/solicitudProceso/consultarSolicitudProceso.xhtml HTTP/1.1" 200 37822
152.203.196.141 - - [16/Jan/2024:00:53:28 -0500] "GET /sipse/faces/javax.faces.resource/theme.css?ln=primefaces-sipse HTTP/1.1" 304 -
152.203.196.141 - - [16/Jan/2024:00:53:28 -0500] "GET /sipse/faces/javax.faces.resource/primefaces.css?ln=primefaces&v=4.0 HTTP/1.1" 304 -
152.203.196.141 - - [16/Jan/2024:00:53:28 -0500] "GET /sipse/faces/javax.faces.resource/layout/layout.css?ln=primefaces&v=4.0 HTTP/1.1" 304 -
152.203.196.141 - - [16/Jan/2024:00:53:28 -0500] "GET /sipse/faces/javax.faces.resource/jquery/jquery.js?ln=primefaces&v=4.0 HTTP/1.1" 304 -
152.203.196.141 - - [16/Jan/2024:00:53:28 -0500] "GET /sipse/faces/javax.faces.resource/jquery/jquery-plugins.js?ln=primefaces&v=4.0 HTTP/1.1" 304 -
152.203.196.141 - - [16/Jan/2024:00:53:28 -0500] "GET /sipse/faces/javax.faces.resource/primefaces.js?ln=primefaces&v=4.0 HTTP/1.1" 304 -
152.203.196.141 - - [16/Jan/2024:00:53:28 -0500] "GET /sipse/faces/javax.faces.resource/layout/layout.js?ln=primefaces&v=4.0 HTTP/1.1" 304 -
152.203.196.141 - - [16/Jan/2024:00:53:28 -0500] "GET /sipse/faces/javax.faces.resource/messages/messages.png?ln=primefaces&v=4.0 HTTP/1.1" 304 -
152.203.196.141 - - [16/Jan/2024:00:53:28 -0500] "POST /sipse/faces/presentacion/financiero/solicitudProceso/listarSolicitudProceso.xhtml HTTP/1.1" 200 1392
172.22.2.4 - - [16/Jan/2024:00:51:50 -0500] "GET /BLA/boletinlegal/ HTTP/1.1" 200 58166
216.244.66.195 - - [16/Jan/2024:00:53:39 -0500] "GET /BLA/resoluciones/AUTOS%202019/0632.pdf HTTP/1.1" 200 264847
185.173.188.33 - - [16/Jan/2024:00:53:58 -0500] "GET / HTTP/1.1" 200 319
216.244.66.195 - - [16/Jan/2024:00:54:04 -0500] "GET /BLA/resoluciones/AUTOS%202019/1675.pdf HTTP/1.1" 200 233914
201.245.192.253 - - [16/Jan/2024:00:54:19 -0500] "POST /forms/lservlet;jsessionid=ac16012b30d6947c1f7f67e648598dd0e716ce7e24d2.e3iSbxaKaheRe3qKcheMbNuKc41ynknvrkLOlQzNp65In0 HTTP/1.1" 200 2
216.244.66.195 - - [16/Jan/2024:00:54:29 -0500] "GET /BLA/resoluciones/AUTOS%202019/2452.pdf HTTP/1.1" 200 497035
216.244.66.195 - - [16/Jan/2024:00:54:53 -0500] "GET /BLA/resoluciones/AUTOS%202022/0501.pdf HTTP/1.1" 200 385865
201.245.192.253 - - [16/Jan/2024:00:55:02 -0500] "POST /kwsrmcab/Wsrmcab  HTTP/1.1" 200 39275
216.244.66.195 - - [16/Jan/2024:00:55:17 -0500] "GET /BLA/resoluciones/AUTOS%202022/0737.pdf HTTP/1.1" 200 450866
216.244.66.195 - - [16/Jan/2024:00:55:39 -0500] "GET /BLA/resoluciones/AUTOS%202022/0903.pdf HTTP/1.1" 200 394522
216.245.221.92 - - [16/Jan/2024:00:55:46 -0500] "HEAD / HTTP/1.1" 200 -
216.244.66.195 - - [16/Jan/2024:00:56:05 -0500] "GET /BLA/resoluciones/AUTOS%202022/1028.pdf HTTP/1.1" 200 390070
201.245.192.253 - - [16/Jan/2024:00:56:19 -0500] "POST /forms/lservlet;jsessionid=ac16012b30d6947c1f7f67e648598dd0e716ce7e24d2.e3iSbxaKaheRe3qKcheMbNuKc41ynknvrkLOlQzNp65In0 HTTP/1.1" 200 2
216.244.66.195 - - [16/Jan/2024:00:56:29 -0500] "GET /BLA/resoluciones/AUTOS%202022/1086.pdf HTTP/1.1" 200 404440
216.244.66.195 - - [16/Jan/2024:00:57:08 -0500] "GET /BLA/resoluciones/AUTOS%202022/1109.pdf HTTP/1.1" 200 374435
157.55.39.54 - - [16/Jan/2024:00:57:09 -0500] "GET /portaldeninos/wp-content/uploads/2021/07/grafico-humedales-bogota-1-julio-190x146.jpg HTTP/1.1" 200 9849
216.244.66.195 - - [16/Jan/2024:00:57:48 -0500] "GET /BLA/resoluciones/AUTOS%202022/1298.pdf HTTP/1.1" 200 461046
201.245.192.253 - - [16/Jan/2024:00:58:19 -0500] "POST /forms/lservlet;jsessionid=ac16012b30d6947c1f7f67e648598dd0e716ce7e24d2.e3iSbxaKaheRe3qKcheMbNuKc41ynknvrkLOlQzNp65In0 HTTP/1.1" 200 2
216.244.66.195 - - [16/Jan/2024:00:58:21 -0500] "GET /BLA/resoluciones/AUTOS%202022/1340.pdf HTTP/1.1" 200 350071
172.22.2.4 - - [16/Jan/2024:00:56:49 -0500] "HEAD /BLA/boletinlegal/ HTTP/1.1" 200 -
216.244.66.195 - - [16/Jan/2024:00:58:51 -0500] "GET /BLA/resoluciones/AUTOS%202022/2091.pdf HTTP/1.1" 200 406977
172.22.2.4 - - [16/Jan/2024:00:57:40 -0500] "GET /BLA/boletinlegal/ HTTP/1.1" 200 58666
216.244.66.195 - - [16/Jan/2024:00:59:23 -0500] "GET /BLA/resoluciones/AUTOS%202022/2105.pdf HTTP/1.1" 200 394002
216.244.66.195 - - [16/Jan/2024:01:00:01 -0500] "GET /BLA/resoluciones/AUTOS%202022/2113.pdf HTTP/1.1" 200 395956
201.245.192.253 - - [16/Jan/2024:01:00:00 -0500] "POST /kwsrmcab/Wsrmcab  HTTP/1.1" 200 39275
201.245.192.253 - - [16/Jan/2024:01:00:19 -0500] "POST /forms/lservlet;jsessionid=ac16012b30d6947c1f7f67e648598dd0e716ce7e24d2.e3iSbxaKaheRe3qKcheMbNuKc41ynknvrkLOlQzNp65In0 HTTP/1.1" 200 2
216.244.66.195 - - [16/Jan/2024:01:00:31 -0500] "GET /BLA/resoluciones/AUTOS%202022/3112.pdf HTTP/1.1" 200 2752158
216.245.221.92 - - [16/Jan/2024:01:00:46 -0500] "HEAD / HTTP/1.1" 200 -
199.16.157.182 - - [16/Jan/2024:01:01:10 -0500] "GET /robots.txt HTTP/1.1" 404 1034
199.16.157.182 - - [16/Jan/2024:01:01:10 -0500] "GET /images/presentaci%C3%B3n%20convenci%C3%B3n.jpg HTTP/1.1" 404 1034
199.16.157.181 - - [16/Jan/2024:01:01:10 -0500] "GET /images/presentaci%C3%B3n%20convenci%C3%B3n.jpg HTTP/1.1" 404 1034
216.244.66.195 - - [16/Jan/2024:01:01:23 -0500] "GET /BLA/resoluciones/AUTOS%202022/4558.pdf HTTP/1.1" 200 845798
216.244.66.195 - - [16/Jan/2024:01:01:54 -0500] "GET /BLA/resoluciones/AUTOS%202022/4683.pdf HTTP/1.1" 200 1031669
201.245.192.253 - - [16/Jan/2024:01:02:19 -0500] "POST /forms/lservlet;jsessionid=ac16012b30d6947c1f7f67e648598dd0e716ce7e24d2.e3iSbxaKaheRe3qKcheMbNuKc41ynknvrkLOlQzNp65In0 HTTP/1.1" 200 2
66.249.66.19 - - [16/Jan/2024:01:02:36 -0500] "GET /Publicaciones/2022EE336076.pdf HTTP/1.1" 404 228
207.46.13.126 - - [16/Jan/2024:01:03:46 -0500] "GET /BLA/resoluciones/index.php?dir=AUTOS+2014%2F HTTP/1.1" 200 891340
201.245.192.253 - - [16/Jan/2024:01:04:19 -0500] "POST /forms/lservlet;jsessionid=ac16012b30d6947c1f7f67e648598dd0e716ce7e24d2.e3iSbxaKaheRe3qKcheMbNuKc41ynknvrkLOlQzNp65In0 HTTP/1.1" 200 2
172.22.2.4 - - [16/Jan/2024:01:02:39 -0500] "HEAD /BLA/boletinlegal/ HTTP/1.1" 200 -
201.245.192.253 - - [16/Jan/2024:01:04:59 -0500] "POST /kwsrmcab/Wsrmcab  HTTP/1.1" 200 39275
172.22.2.4 - - [16/Jan/2024:01:03:30 -0500] "GET /BLA/boletinlegal/ HTTP/1.1" 200 58166
216.245.221.92 - - [16/Jan/2024:01:05:46 -0500] "HEAD / HTTP/1.1" 200 -
201.245.192.253 - - [16/Jan/2024:01:06:19 -0500] "POST /forms/lservlet;jsessionid=ac16012b30d6947c1f7f67e648598dd0e716ce7e24d2.e3iSbxaKaheRe3qKcheMbNuKc41ynknvrkLOlQzNp65In0 HTTP/1.1" 200 2
66.249.65.69 - - [16/Jan/2024:01:06:24 -0500] "GET /robots.txt HTTP/1.1" 404 1035
66.249.65.70 - - [16/Jan/2024:01:06:25 -0500] "GET /portaldeninos/2018/06/06/hola-mundo-3-2-2/ HTTP/1.1" 200 94319
201.245.192.253 - - [16/Jan/2024:01:08:19 -0500] "POST /forms/lservlet;jsessionid=ac16012b30d6947c1f7f67e648598dd0e716ce7e24d2.e3iSbxaKaheRe3qKcheMbNuKc41ynknvrkLOlQzNp65In0 HTTP/1.1" 200 2
66.249.66.21 - - [16/Jan/2024:01:09:11 -0500] "GET /Publicaciones/2023EE148795.pdf HTTP/1.1" 404 228
201.245.192.253 - - [16/Jan/2024:01:09:57 -0500] "POST /kwsrmcab/Wsrmcab  HTTP/1.1" 200 39275
172.22.2.4 - - [16/Jan/2024:01:08:29 -0500] "HEAD /BLA/boletinlegal/ HTTP/1.1" 200 -
201.245.192.253 - - [16/Jan/2024:01:10:19 -0500] "POST /forms/lservlet;jsessionid=ac16012b30d6947c1f7f67e648598dd0e716ce7e24d2.e3iSbxaKaheRe3qKcheMbNuKc41ynknvrkLOlQzNp65In0 HTTP/1.1" 200 2
216.245.221.92 - - [16/Jan/2024:01:10:46 -0500] "HEAD / HTTP/1.1" 200 -
172.22.2.4 - - [16/Jan/2024:01:09:20 -0500] "GET /BLA/boletinlegal/ HTTP/1.1" 200 58666
201.245.192.253 - - [16/Jan/2024:01:12:19 -0500] "POST /forms/lservlet;jsessionid=ac16012b30d6947c1f7f67e648598dd0e716ce7e24d2.e3iSbxaKaheRe3qKcheMbNuKc41ynknvrkLOlQzNp65In0 HTTP/1.1" 200 2
201.245.192.253 - - [16/Jan/2024:01:14:19 -0500] "POST /forms/lservlet;jsessionid=ac16012b30d6947c1f7f67e648598dd0e716ce7e24d2.e3iSbxaKaheRe3qKcheMbNuKc41ynknvrkLOlQzNp65In0 HTTP/1.1" 200 2
223.9.10.120 - - [16/Jan/2024:01:14:24 -0500] "GET /BLA/boletinlegal/Circulares/2011/Circular%20No.%207%20del%2023%20de%20Diciembre%20de%202011.pdf HTTP/1.1" 200 1107785
201.245.192.253 - - [16/Jan/2024:01:14:27 -0500] "POST /kwsrmcab/Wsrmcab HTTP/1.1" 200 38529
201.245.192.253 - - [16/Jan/2024:01:14:30 -0500] "POST /kwsrmcab/Wsrmcab HTTP/1.1" 200 39117
201.245.192.253 - - [16/Jan/2024:01:14:56 -0500] "POST /kwsrmcab/Wsrmcab  HTTP/1.1" 200 39275
216.244.66.195 - - [16/Jan/2024:01:15:02 -0500] "GET /robots.txt HTTP/1.1" 404 1018
216.245.221.92 - - [16/Jan/2024:01:15:46 -0500] "HEAD / HTTP/1.1" 200 -
180.149.125.168 - - [16/Jan/2024:01:15:51 -0500] "GET /stalker_portal/server/tools/auth_simple.php HTTP/1.1" 404 1018
172.22.2.4 - - [16/Jan/2024:01:14:19 -0500] "HEAD /BLA/boletinlegal/ HTTP/1.1" 200 -
201.245.192.253 - - [16/Jan/2024:01:16:19 -0500] "POST /forms/lservlet;jsessionid=ac16012b30d6947c1f7f67e648598dd0e716ce7e24d2.e3iSbxaKaheRe3qKcheMbNuKc41ynknvrkLOlQzNp65In0 HTTP/1.1" 200 2
172.22.2.4 - - [16/Jan/2024:01:15:10 -0500] "GET /BLA/boletinlegal/ HTTP/1.1" 200 58666
152.61.192.232 - - [16/Jan/2024:01:16:52 -0500] "GET / HTTP/1.1" 200 319
201.245.192.253 - - [16/Jan/2024:01:18:19 -0500] "POST /forms/lservlet;jsessionid=ac16012b30d6947c1f7f67e648598dd0e716ce7e24d2.e3iSbxaKaheRe3qKcheMbNuKc41ynknvrkLOlQzNp65In0 HTTP/1.1" 200 2
201.245.192.253 - - [16/Jan/2024:01:18:47 -0500] "POST /kwsrmcab/Wsrmcab HTTP/1.1" 200 38529
201.245.192.253 - - [16/Jan/2024:01:19:31 -0500] "POST /kwsrmcab/Wsrmcab HTTP/1.1" 200 39117
201.245.192.253 - - [16/Jan/2024:01:19:55 -0500] "POST /kwsrmcab/Wsrmcab  HTTP/1.1" 200 39275
201.245.192.253 - - [16/Jan/2024:01:20:19 -0500] "POST /forms/lservlet;jsessionid=ac16012b30d6947c1f7f67e648598dd0e716ce7e24d2.e3iSbxaKaheRe3qKcheMbNuKc41ynknvrkLOlQzNp65In0 HTTP/1.1" 200 2
216.245.221.92 - - [16/Jan/2024:01:20:46 -0500] "HEAD / HTTP/1.1" 200 -
172.22.2.4 - - [16/Jan/2024:01:21:07 -0500] "GET /BLA/boletinlegal/robots.txt HTTP/1.1" 404 1038
172.22.2.4 - - [16/Jan/2024:01:21:07 -0500] "GET /BLA/boletinlegal/Circulares/2017/Circular%20No.%20011%20del%2005%20de%20julio%20de%202017.pdf HTTP/1.1" 200 965526
172.22.2.4 - - [16/Jan/2024:01:20:09 -0500] "HEAD /BLA/boletinlegal/ HTTP/1.1" 200 -
172.22.2.4 - - [16/Jan/2024:01:20:19 -0500] "HEAD /BLA/boletinlegal/ HTTP/1.1" 200 -
201.245.192.253 - - [16/Jan/2024:01:22:19 -0500] "POST /forms/lservlet;jsessionid=ac16012b30d6947c1f7f67e648598dd0e716ce7e24d2.e3iSbxaKaheRe3qKcheMbNuKc41ynknvrkLOlQzNp65In0 HTTP/1.1" 200 2
172.22.2.4 - - [16/Jan/2024:01:21:00 -0500] "GET /BLA/boletinlegal/ HTTP/1.1" 200 50644
172.22.2.4 - - [16/Jan/2024:01:22:15 -0500] "GET /BLA/boletinlegal/ HTTP/1.1" 200 20427
201.245.192.253 - - [16/Jan/2024:01:24:19 -0500] "POST /forms/lservlet;jsessionid=ac16012b30d6947c1f7f67e648598dd0e716ce7e24d2.e3iSbxaKaheRe3qKcheMbNuKc41ynknvrkLOlQzNp65In0 HTTP/1.1" 200 2
201.245.192.253 - - [16/Jan/2024:01:24:28 -0500] "POST /kwsrmcab/Wsrmcab HTTP/1.1" 200 38529
201.245.192.253 - - [16/Jan/2024:01:24:31 -0500] "POST /kwsrmcab/Wsrmcab HTTP/1.1" 200 39117
201.245.192.253 - - [16/Jan/2024:01:24:55 -0500] "POST /kwsrmcab/Wsrmcab  HTTP/1.1" 200 39275
216.245.221.92 - - [16/Jan/2024:01:25:46 -0500] "HEAD / HTTP/1.1" 200 -
152.61.128.50 - - [16/Jan/2024:01:25:53 -0500] "GET / HTTP/1.1" 200 319
201.245.192.253 - - [16/Jan/2024:01:26:19 -0500] "POST /forms/lservlet;jsessionid=ac16012b30d6947c1f7f67e648598dd0e716ce7e24d2.e3iSbxaKaheRe3qKcheMbNuKc41ynknvrkLOlQzNp65In0 HTTP/1.1" 200 2
66.249.66.19 - - [16/Jan/2024:01:26:53 -0500] "GET /BLA/resoluciones/RESOLUCIONES%202008/3098.pdf HTTP/1.1" 200 469849
172.22.2.4 - - [16/Jan/2024:01:25:59 -0500] "HEAD /BLA/boletinlegal/ HTTP/1.1" 200 -
40.77.167.36 - - [16/Jan/2024:01:28:07 -0500] "GET /BLA/resoluciones/index.php?dir=AUTOS+2013%2F HTTP/1.1" 200 407754
201.245.192.253 - - [16/Jan/2024:01:28:19 -0500] "POST /forms/lservlet;jsessionid=ac16012b30d6947c1f7f67e648598dd0e716ce7e24d2.e3iSbxaKaheRe3qKcheMbNuKc41ynknvrkLOlQzNp65In0 HTTP/1.1" 200 2
172.22.2.4 - - [16/Jan/2024:01:26:50 -0500] "GET /BLA/boletinlegal/ HTTP/1.1" 200 60529
201.245.192.253 - - [16/Jan/2024:01:28:47 -0500] "POST /kwsrmcab/Wsrmcab HTTP/1.1" 200 38529
201.245.192.253 - - [16/Jan/2024:01:29:29 -0500] "POST /kwsrmcab/Wsrmcab HTTP/1.1" 200 39117
173.252.79.9 - - [16/Jan/2024:01:29:35 -0500] "GET /images/publicidad-exterior-2023-oct.jpg HTTP/1.1" 200 38992
201.245.192.253 - - [16/Jan/2024:01:29:54 -0500] "POST /kwsrmcab/Wsrmcab  HTTP/1.1" 200 39275
201.245.192.253 - - [16/Jan/2024:01:30:19 -0500] "POST /forms/lservlet;jsessionid=ac16012b30d6947c1f7f67e648598dd0e716ce7e24d2.e3iSbxaKaheRe3qKcheMbNuKc41ynknvrkLOlQzNp65In0 HTTP/1.1" 200 2
216.245.221.92 - - [16/Jan/2024:01:30:46 -0500] "HEAD / HTTP/1.1" 200 -
201.245.192.253 - - [16/Jan/2024:01:32:19 -0500] "POST /forms/lservlet;jsessionid=ac16012b30d6947c1f7f67e648598dd0e716ce7e24d2.e3iSbxaKaheRe3qKcheMbNuKc41ynknvrkLOlQzNp65In0 HTTP/1.1" 200 2
216.244.66.195 - - [16/Jan/2024:01:32:56 -0500] "GET /BLA/resoluciones/AUTOS%202022/3801.pdf HTTP/1.1" 200 349420
216.244.66.195 - - [16/Jan/2024:01:33:02 -0500] "GET /BLA/resoluciones/AUTOS%202022/4103.pdf HTTP/1.1" 200 396144
172.22.2.4 - - [16/Jan/2024:01:33:28 -0500] "GET /BLA/boletinlegal/robots.txt HTTP/1.1" 404 1037
172.22.2.4 - - [16/Jan/2024:01:33:28 -0500] "GET /BLA/boletinlegal/robots.txt HTTP/1.1" 404 1037
172.22.2.4 - - [16/Jan/2024:01:31:49 -0500] "HEAD /BLA/boletinlegal/ HTTP/1.1" 200 -
172.22.2.4 - - [16/Jan/2024:01:33:37 -0500] "GET /BLA/boletinlegal/Circulares/2023/CIRCULAR%20No.%2000009%20DEL%2010%20DE%20OCTUBRE%20DEL%202023.pdf HTTP/1.1" 304 -
201.245.192.253 - - [16/Jan/2024:01:34:19 -0500] "POST /forms/lservlet;jsessionid=ac16012b30d6947c1f7f67e648598dd0e716ce7e24d2.e3iSbxaKaheRe3qKcheMbNuKc41ynknvrkLOlQzNp65In0 HTTP/1.1" 200 2
172.22.2.4 - - [16/Jan/2024:01:32:40 -0500] "GET /BLA/boletinlegal/ HTTP/1.1" 200 60176
201.245.192.253 - - [16/Jan/2024:01:34:27 -0500] "GET /kwsrmcab/Wsrmcab?wsdl HTTP/1.1" 503 1020
201.245.192.253 - - [16/Jan/2024:01:34:28 -0500] "GET /kwsrmcab/Wsrmcab?wsdl HTTP/1.1" 503 1020
201.245.192.253 - - [16/Jan/2024:01:34:52 -0500] "POST /kwsrmcab/Wsrmcab  HTTP/1.1" 503 1020
216.245.221.92 - - [16/Jan/2024:01:35:46 -0500] "HEAD / HTTP/1.1" 200 -
201.245.192.253 - - [16/Jan/2024:01:35:50 -0500] "POST /kwsrmcab/Wsrmcab  HTTP/1.1" 200 39275
201.245.192.253 - - [16/Jan/2024:01:36:19 -0500] "POST /forms/lservlet;jsessionid=ac16012b30d6947c1f7f67e648598dd0e716ce7e24d2.e3iSbxaKaheRe3qKcheMbNuKc41ynknvrkLOlQzNp65In0 HTTP/1.1" 200 2
157.55.39.52 - - [16/Jan/2024:01:36:37 -0500] "GET /BLA/resoluciones/index.php?dir=AUTOS+2022%2F HTTP/1.1" 200 509770
201.245.192.253 - - [16/Jan/2024:01:36:51 -0500] "POST /kwsrmcab/Wsrmcab  HTTP/1.1" 200 39275
52.167.144.228 - - [16/Jan/2024:01:37:27 -0500] "GET /BLA/resoluciones/index.php?dir=AUTOS+2020%2F HTTP/1.1" 200 332687
201.245.192.253 - - [16/Jan/2024:01:38:19 -0500] "POST /forms/lservlet;jsessionid=ac16012b30d6947c1f7f67e648598dd0e716ce7e24d2.e3iSbxaKaheRe3qKcheMbNuKc41ynknvrkLOlQzNp65In0 HTTP/1.1" 200 2
201.245.192.253 - - [16/Jan/2024:01:38:47 -0500] "POST /kwsrmcab/Wsrmcab HTTP/1.1" 200 38529
66.249.66.20 - - [16/Jan/2024:01:38:54 -0500] "GET /Publicaciones/2022EE332266.pdf HTTP/1.1" 404 228
172.22.2.4 - - [16/Jan/2024:01:37:39 -0500] "HEAD /BLA/boletinlegal/ HTTP/1.1" 200 -
201.245.192.253 - - [16/Jan/2024:01:39:29 -0500] "POST /kwsrmcab/Wsrmcab HTTP/1.1" 200 39117
66.249.66.21 - - [16/Jan/2024:01:40:06 -0500] "GET /BLA/resoluciones/RESOLUCIONES%202009/3221.pdf HTTP/1.1" 200 463110
172.22.2.4 - - [16/Jan/2024:01:38:30 -0500] "GET /BLA/boletinlegal/ HTTP/1.1" 200 60529
216.244.66.195 - - [16/Jan/2024:01:40:16 -0500] "GET /BLA/resoluciones/AUTOS%202013/2227.pdf HTTP/1.1" 200 629511
201.245.192.253 - - [16/Jan/2024:01:40:19 -0500] "POST /forms/lservlet;jsessionid=ac16012b30d6947c1f7f67e648598dd0e716ce7e24d2.e3iSbxaKaheRe3qKcheMbNuKc41ynknvrkLOlQzNp65In0 HTTP/1.1" 200 2
216.244.66.195 - - [16/Jan/2024:01:40:37 -0500] "GET /BLA/resoluciones/AUTOS%202014/0562.pdf HTTP/1.1" 200 402504
173.252.79.118 - - [16/Jan/2024:01:40:37 -0500] "GET /inicia-el-2024-conociendo-la-biodiversidad-de-bogoti.html HTTP/1.1" 200 894
216.245.221.92 - - [16/Jan/2024:01:40:46 -0500] "HEAD / HTTP/1.1" 200 -
216.244.66.195 - - [16/Jan/2024:01:40:53 -0500] "GET /BLA/resoluciones/AUTOS%202014/1890.pdf HTTP/1.1" 200 429942
216.244.66.195 - - [16/Jan/2024:01:41:08 -0500] "GET /BLA/resoluciones/AUTOS%202014/2403.pdf HTTP/1.1" 200 440625
216.244.66.195 - - [16/Jan/2024:01:41:23 -0500] "GET /BLA/resoluciones/AUTOS%202014/2501.pdf HTTP/1.1" 200 477435
216.244.66.195 - - [16/Jan/2024:01:41:36 -0500] "GET /BLA/resoluciones/AUTOS%202014/2701.pdf HTTP/1.1" 200 416075
216.244.66.195 - - [16/Jan/2024:01:41:48 -0500] "GET /BLA/resoluciones/AUTOS%202015/0435.pdf HTTP/1.1" 200 550241
201.245.192.253 - - [16/Jan/2024:01:41:50 -0500] "POST /kwsrmcab/Wsrmcab  HTTP/1.1" 200 39275
216.244.66.195 - - [16/Jan/2024:01:42:00 -0500] "GET /BLA/resoluciones/AUTOS%202015/1217.pdf HTTP/1.1" 200 547798
216.244.66.195 - - [16/Jan/2024:01:42:11 -0500] "GET /BLA/resoluciones/AUTOS%202015/3273.pdf HTTP/1.1" 200 571796
201.245.192.253 - - [16/Jan/2024:01:42:19 -0500] "POST /forms/lservlet;jsessionid=ac16012b30d6947c1f7f67e648598dd0e716ce7e24d2.e3iSbxaKaheRe3qKcheMbNuKc41ynknvrkLOlQzNp65In0 HTTP/1.1" 200 2
216.244.66.195 - - [16/Jan/2024:01:42:20 -0500] "GET /BLA/resoluciones/AUTOS%202018/0417.pdf HTTP/1.1" 200 317685
216.244.66.195 - - [16/Jan/2024:01:42:29 -0500] "GET /BLA/resoluciones/AUTOS%202018/0870.pdf HTTP/1.1" 200 312952
216.244.66.195 - - [16/Jan/2024:01:42:37 -0500] "GET /BLA/resoluciones/AUTOS%202018/1154.pdf HTTP/1.1" 200 313028
216.244.66.195 - - [16/Jan/2024:01:42:44 -0500] "GET /BLA/resoluciones/AUTOS%202018/1328.pdf HTTP/1.1" 200 294249
216.244.66.195 - - [16/Jan/2024:01:42:54 -0500] "GET /BLA/resoluciones/AUTOS%202018/2069.pdf HTTP/1.1" 200 294218
216.244.66.195 - - [16/Jan/2024:01:43:06 -0500] "GET /BLA/resoluciones/AUTOS%202018/2103.pdf HTTP/1.1" 200 294159
216.244.66.195 - - [16/Jan/2024:01:43:18 -0500] "GET /BLA/resoluciones/AUTOS%202018/2526.pdf HTTP/1.1" 200 312389
216.244.66.195 - - [16/Jan/2024:01:43:28 -0500] "GET /BLA/resoluciones/AUTOS%202018/2998.pdf HTTP/1.1" 200 274171
216.244.66.195 - - [16/Jan/2024:01:43:54 -0500] "GET /BLA/resoluciones/AUTOS%202018/3770.pdf HTTP/1.1" 200 303940
216.244.66.195 - - [16/Jan/2024:01:44:14 -0500] "GET /BLA/resoluciones/AUTOS%202018/3914.pdf HTTP/1.1" 200 280005
201.245.192.253 - - [16/Jan/2024:01:44:19 -0500] "POST /forms/lservlet;jsessionid=ac16012b30d6947c1f7f67e648598dd0e716ce7e24d2.e3iSbxaKaheRe3qKcheMbNuKc41ynknvrkLOlQzNp65In0 HTTP/1.1" 200 2
216.244.66.195 - - [16/Jan/2024:01:44:34 -0500] "GET /BLA/resoluciones/AUTOS%202019/1975.pdf HTTP/1.1" 200 339396
172.22.2.4 - - [16/Jan/2024:01:43:29 -0500] "HEAD /BLA/boletinlegal/ HTTP/1.1" 200 -
216.244.66.195 - - [16/Jan/2024:01:45:10 -0500] "GET /BLA/resoluciones/AUTOS%202019/2264.pdf HTTP/1.1" 200 261103
216.244.66.195 - - [16/Jan/2024:01:45:41 -0500] "GET /BLA/resoluciones/AUTOS%202019/3309.pdf HTTP/1.1" 200 216283
216.245.221.92 - - [16/Jan/2024:01:45:46 -0500] "HEAD / HTTP/1.1" 200 -
66.249.66.21 - - [16/Jan/2024:01:44:20 -0500] "GET /BLA/boletinlegal/index.php? HTTP/1.1" 200 42676
66.249.66.19 - - [16/Jan/2024:01:46:00 -0500] "GET /BLA/resoluciones/RESOLUCIONES%202009/8509.pdf HTTP/1.1" 200 366620
172.22.2.4 - - [16/Jan/2024:01:44:20 -0500] "GET /BLA/boletinlegal/ HTTP/1.1" 200 42676
216.244.66.195 - - [16/Jan/2024:01:46:09 -0500] "GET /BLA/resoluciones/AUTOS%202019/3760.pdf HTTP/1.1" 200 297945
201.245.192.253 - - [16/Jan/2024:01:46:19 -0500] "POST /forms/lservlet;jsessionid=ac16012b30d6947c1f7f67e648598dd0e716ce7e24d2.e3iSbxaKaheRe3qKcheMbNuKc41ynknvrkLOlQzNp65In0 HTTP/1.1" 200 2
216.244.66.195 - - [16/Jan/2024:01:46:39 -0500] "GET /BLA/resoluciones/AUTOS%202022/0260.pdf HTTP/1.1" 200 371262
201.245.192.253 - - [16/Jan/2024:01:46:49 -0500] "POST /kwsrmcab/Wsrmcab  HTTP/1.1" 200 39275
216.244.66.195 - - [16/Jan/2024:01:47:08 -0500] "GET /BLA/resoluciones/AUTOS%202022/0262.pdf HTTP/1.1" 200 391885
216.244.66.195 - - [16/Jan/2024:01:47:34 -0500] "GET /BLA/resoluciones/AUTOS%202022/0268.pdf HTTP/1.1" 200 373790
216.244.66.195 - - [16/Jan/2024:01:47:59 -0500] "GET /BLA/resoluciones/AUTOS%202022/0442.pdf HTTP/1.1" 200 395722
201.245.192.253 - - [16/Jan/2024:01:48:19 -0500] "POST /forms/lservlet;jsessionid=ac16012b30d6947c1f7f67e648598dd0e716ce7e24d2.e3iSbxaKaheRe3qKcheMbNuKc41ynknvrkLOlQzNp65In0 HTTP/1.1" 200 2
216.244.66.195 - - [16/Jan/2024:01:48:23 -0500] "GET /BLA/resoluciones/AUTOS%202022/0522.pdf HTTP/1.1" 200 360858
216.244.66.195 - - [16/Jan/2024:01:48:46 -0500] "GET /BLA/resoluciones/AUTOS%202022/1292.pdf HTTP/1.1" 200 346950
66.249.66.19 - - [16/Jan/2024:01:48:48 -0500] "GET /Publicaciones/2023EE290754.pdf HTTP/1.1" 404 228
216.244.66.195 - - [16/Jan/2024:01:49:08 -0500] "GET /BLA/resoluciones/AUTOS%202022/1386.pdf HTTP/1.1" 200 358630
216.244.66.195 - - [16/Jan/2024:01:49:29 -0500] "GET /BLA/resoluciones/AUTOS%202022/1828.pdf HTTP/1.1" 200 424318
216.244.66.195 - - [16/Jan/2024:01:49:56 -0500] "GET /BLA/resoluciones/AUTOS%202022/1999.pdf HTTP/1.1" 200 417803
216.244.66.195 - - [16/Jan/2024:01:50:18 -0500] "GET /BLA/resoluciones/AUTOS%202022/2150.pdf HTTP/1.1" 200 405047
201.245.192.253 - - [16/Jan/2024:01:50:19 -0500] "POST /forms/lservlet;jsessionid=ac16012b30d6947c1f7f67e648598dd0e716ce7e24d2.e3iSbxaKaheRe3qKcheMbNuKc41ynknvrkLOlQzNp65In0 HTTP/1.1" 200 2
172.22.2.4 - - [16/Jan/2024:01:48:51 -0500] "GET /BLA/boletinlegal/ HTTP/1.1" 200 54906
216.244.66.195 - - [16/Jan/2024:01:50:38 -0500] "GET /BLA/resoluciones/AUTOS%202022/2209.pdf HTTP/1.1" 200 374794
216.245.221.92 - - [16/Jan/2024:01:50:46 -0500] "HEAD / HTTP/1.1" 200 -
216.244.66.195 - - [16/Jan/2024:01:50:58 -0500] "GET /BLA/resoluciones/AUTOS%202022/2340.pdf HTTP/1.1" 200 406600
172.22.2.4 - - [16/Jan/2024:01:49:19 -0500] "HEAD /BLA/boletinlegal/ HTTP/1.1" 200 -
216.244.66.195 - - [16/Jan/2024:01:51:17 -0500] "GET /BLA/resoluciones/AUTOS%202022/3411.pdf HTTP/1.1" 200 1652918
201.245.192.253 - - [16/Jan/2024:01:51:48 -0500] "POST /kwsrmcab/Wsrmcab  HTTP/1.1" 200 39275
172.22.2.4 - - [16/Jan/2024:01:50:10 -0500] "GET /BLA/boletinlegal/ HTTP/1.1" 200 56972
216.244.66.195 - - [16/Jan/2024:01:52:05 -0500] "GET /BLA/resoluciones/AUTOS%202022/5221.pdf HTTP/1.1" 200 761656
201.245.192.253 - - [16/Jan/2024:01:52:19 -0500] "POST /forms/lservlet;jsessionid=ac16012b30d6947c1f7f67e648598dd0e716ce7e24d2.e3iSbxaKaheRe3qKcheMbNuKc41ynknvrkLOlQzNp65In0 HTTP/1.1" 200 2
216.244.66.195 - - [16/Jan/2024:01:52:41 -0500] "GET /BLA/resoluciones/AUTOS%202022/5265.pdf HTTP/1.1" 200 432650
47.128.31.175 - - [16/Jan/2024:01:52:50 -0500] "GET /BLA/resoluciones/index.php?dir=AUTOS%202006%2FAUTOS%202006%202901%20-%203000%2F&order=desc&sort=name HTTP/1.1" 200 22190
47.128.31.175 - - [16/Jan/2024:01:52:51 -0500] "GET /BLA/resoluciones/dlf/styles.css HTTP/1.1" 200 3049
47.128.31.175 - - [16/Jan/2024:01:52:52 -0500] "GET /BLA/resoluciones/dlf/dirup.png HTTP/1.1" 200 644
47.128.31.175 - - [16/Jan/2024:01:52:52 -0500] "GET /BLA/resoluciones/dlf/unknown.png HTTP/1.1" 200 266
216.244.66.195 - - [16/Jan/2024:01:53:11 -0500] "GET /BLA/resoluciones/RESOLUCIONES%202011/0050.pdf HTTP/1.1" 200 369574
66.249.66.20 - - [16/Jan/2024:01:53:23 -0500] "GET /BLA/resoluciones/Autos%202008/1313.pdf HTTP/1.1" 200 315430
216.244.66.195 - - [16/Jan/2024:01:53:39 -0500] "GET /BLA/resoluciones/RESOLUCIONES%202011/0359.pdf HTTP/1.1" 200 86207
216.244.66.195 - - [16/Jan/2024:01:54:06 -0500] "GET /BLA/resoluciones/RESOLUCIONES%202011/0471.pdf HTTP/1.1" 200 368213
201.245.192.253 - - [16/Jan/2024:01:54:19 -0500] "POST /forms/lservlet;jsessionid=ac16012b30d6947c1f7f67e648598dd0e716ce7e24d2.e3iSbxaKaheRe3qKcheMbNuKc41ynknvrkLOlQzNp65In0 HTTP/1.1" 200 2
216.244.66.195 - - [16/Jan/2024:01:54:33 -0500] "GET /BLA/resoluciones/RESOLUCIONES%202011/0640.pdf HTTP/1.1" 200 347361
66.249.66.21 - - [16/Jan/2024:01:54:43 -0500] "GET /Publicaciones/2022EE333478.pdf HTTP/1.1" 404 228
216.244.66.195 - - [16/Jan/2024:01:54:58 -0500] "GET /BLA/resoluciones/RESOLUCIONES%202011/0778.pdf HTTP/1.1" 200 292355
216.244.66.195 - - [16/Jan/2024:01:55:22 -0500] "GET /BLA/resoluciones/RESOLUCIONES%202011/0821.pdf HTTP/1.1" 200 303959
157.55.39.9 - - [16/Jan/2024:01:55:25 -0500] "GET /portaldeninos/wp-content/uploads/2021/11/pieza-dia-abejas-20-infografia-ambiente-20-mayo-133x75.jpg HTTP/1.1" 200 4756
216.244.66.195 - - [16/Jan/2024:01:55:46 -0500] "GET /BLA/resoluciones/RESOLUCIONES%202011/1078.pdf HTTP/1.1" 200 74195
216.245.221.92 - - [16/Jan/2024:01:55:46 -0500] "HEAD / HTTP/1.1" 200 -
146.19.24.23 - - [16/Jan/2024:01:55:47 -0500] "GET / HTTP/1.1" 200 319
216.244.66.195 - - [16/Jan/2024:01:56:08 -0500] "GET /BLA/resoluciones/RESOLUCIONES%202011/1191.pdf HTTP/1.1" 200 334620
201.245.192.253 - - [16/Jan/2024:01:56:19 -0500] "POST /forms/lservlet;jsessionid=ac16012b30d6947c1f7f67e648598dd0e716ce7e24d2.e3iSbxaKaheRe3qKcheMbNuKc41ynknvrkLOlQzNp65In0 HTTP/1.1" 200 2
216.244.66.195 - - [16/Jan/2024:01:56:29 -0500] "GET /BLA/resoluciones/RESOLUCIONES%202011/1210.pdf HTTP/1.1" 200 397818
201.245.192.253 - - [16/Jan/2024:01:56:47 -0500] "POST /kwsrmcab/Wsrmcab  HTTP/1.1" 200 39275
172.22.2.4 - - [16/Jan/2024:01:55:09 -0500] "HEAD /BLA/boletinlegal/ HTTP/1.1" 200 -
216.244.66.195 - - [16/Jan/2024:01:56:50 -0500] "GET /BLA/resoluciones/RESOLUCIONES%202011/1781.pdf HTTP/1.1" 200 434726
172.22.2.4 - - [16/Jan/2024:01:56:00 -0500] "GET /BLA/boletinlegal/ HTTP/1.1" 200 60529
186.154.188.155 - - [16/Jan/2024:01:57:51 -0500] "GET /inicia-el-2024-conociendo-la-biodiversidad-de-bogoti.html?fbclid=IwAR2HyJRMPTvAIoQf2FkKcZTRLvqYMnTxlLVKP3uT66QYjeMIjgZZTNFvg7M_aem_Add_wrjsH_nVAhMh1XrgflIt3AG7zyXgSY2B02h0iYhFW3iD8nivajnwqIuueOTaqmQ HTTP/1.1" 200 894
201.245.192.253 - - [16/Jan/2024:01:58:19 -0500] "POST /forms/lservlet;jsessionid=ac16012b30d6947c1f7f67e648598dd0e716ce7e24d2.e3iSbxaKaheRe3qKcheMbNuKc41ynknvrkLOlQzNp65In0 HTTP/1.1" 200 2
172.22.2.4 - - [16/Jan/2024:01:59:46 -0500] "GET /BLA/boletinlegal/Circulares/2013/Circular%20No.%203%20del%2005%20de%20abril%20de%202013.pdf HTTP/1.1" 200 93580
201.245.192.253 - - [16/Jan/2024:02:00:19 -0500] "POST /forms/lservlet;jsessionid=ac16012b30d6947c1f7f67e648598dd0e716ce7e24d2.e3iSbxaKaheRe3qKcheMbNuKc41ynknvrkLOlQzNp65In0 HTTP/1.1" 200 2
216.245.221.92 - - [16/Jan/2024:02:00:46 -0500] "HEAD / HTTP/1.1" 200 -
201.245.192.253 - - [16/Jan/2024:02:01:46 -0500] "POST /kwsrmcab/Wsrmcab  HTTP/1.1" 200 39275
201.245.192.253 - - [16/Jan/2024:02:02:19 -0500] "POST /forms/lservlet;jsessionid=ac16012b30d6947c1f7f67e648598dd0e716ce7e24d2.e3iSbxaKaheRe3qKcheMbNuKc41ynknvrkLOlQzNp65In0 HTTP/1.1" 200 2
172.22.2.4 - - [16/Jan/2024:02:00:59 -0500] "HEAD /BLA/boletinlegal/ HTTP/1.1" 200 -
172.22.2.4 - - [16/Jan/2024:02:01:50 -0500] "GET /BLA/boletinlegal/ HTTP/1.1" 200 59050
66.249.66.21 - - [16/Jan/2024:02:04:10 -0500] "GET /resoluciones/RESOLUCIONES%202008/1740.pdf HTTP/1.1" 404 1018
201.245.192.253 - - [16/Jan/2024:02:04:19 -0500] "POST /forms/lservlet;jsessionid=ac16012b30d6947c1f7f67e648598dd0e716ce7e24d2.e3iSbxaKaheRe3qKcheMbNuKc41ynknvrkLOlQzNp65In0 HTTP/1.1" 200 2
216.245.221.92 - - [16/Jan/2024:02:05:46 -0500] "HEAD / HTTP/1.1" 200 -
201.245.192.253 - - [16/Jan/2024:02:06:19 -0500] "POST /forms/lservlet;jsessionid=ac16012b30d6947c1f7f67e648598dd0e716ce7e24d2.e3iSbxaKaheRe3qKcheMbNuKc41ynknvrkLOlQzNp65In0 HTTP/1.1" 200 2
216.244.66.195 - - [16/Jan/2024:02:06:35 -0500] "GET /robots.txt HTTP/1.1" 404 1018
201.245.192.253 - - [16/Jan/2024:02:06:45 -0500] "POST /kwsrmcab/Wsrmcab  HTTP/1.1" 200 39275
157.55.39.60 - - [16/Jan/2024:02:08:17 -0500] "GET /documents/10184/5395435/plantacion-secretaria-ambiente.jpg/e7bacea9-b4aa-4519-84f6-62b28bf4cc43?t=1695336015405 HTTP/1.1" 404 1034
201.245.192.253 - - [16/Jan/2024:02:08:19 -0500] "POST /forms/lservlet;jsessionid=ac16012b30d6947c1f7f67e648598dd0e716ce7e24d2.e3iSbxaKaheRe3qKcheMbNuKc41ynknvrkLOlQzNp65In0 HTTP/1.1" 200 2
172.22.2.4 - - [16/Jan/2024:02:06:49 -0500] "HEAD /BLA/boletinlegal/ HTTP/1.1" 200 -
172.22.2.4 - - [16/Jan/2024:02:07:40 -0500] "GET /BLA/boletinlegal/ HTTP/1.1" 200 58666
201.245.192.253 - - [16/Jan/2024:02:10:19 -0500] "POST /forms/lservlet;jsessionid=ac16012b30d6947c1f7f67e648598dd0e716ce7e24d2.e3iSbxaKaheRe3qKcheMbNuKc41ynknvrkLOlQzNp65In0 HTTP/1.1" 200 2
216.245.221.92 - - [16/Jan/2024:02:10:46 -0500] "HEAD / HTTP/1.1" 200 -
201.245.192.253 - - [16/Jan/2024:02:11:44 -0500] "POST /kwsrmcab/Wsrmcab  HTTP/1.1" 200 39275
201.245.192.253 - - [16/Jan/2024:02:12:19 -0500] "POST /forms/lservlet;jsessionid=ac16012b30d6947c1f7f67e648598dd0e716ce7e24d2.e3iSbxaKaheRe3qKcheMbNuKc41ynknvrkLOlQzNp65In0 HTTP/1.1" 200 2
152.61.128.50 - - [16/Jan/2024:02:14:12 -0500] "GET /arcgis/services/Calidad_del_Agua_WQI/MapServer/WMSServer?request=GetCapabilities&service=WMS HTTP/1.1" 503 1020
152.61.128.50 - - [16/Jan/2024:02:14:13 -0500] "GET /arcgis/services/Calidad_del_Agua_WQI/MapServer/WMSServer?SERVICE=WMS&REQUEST=GetCapabilities HTTP/1.1" 503 1020
152.61.128.50 - - [16/Jan/2024:02:14:14 -0500] "GET /arcgis/services/Calidad_del_Agua_WQI/MapServer/WMSServer?WMTVER=1.0.0&REQUEST=capabilities HTTP/1.1" 503 1020
172.22.2.4 - - [16/Jan/2024:02:12:39 -0500] "HEAD /BLA/boletinlegal/ HTTP/1.1" 200 -
201.245.192.253 - - [16/Jan/2024:02:14:19 -0500] "POST /forms/lservlet;jsessionid=ac16012b30d6947c1f7f67e648598dd0e716ce7e24d2.e3iSbxaKaheRe3qKcheMbNuKc41ynknvrkLOlQzNp65In0 HTTP/1.1" 200 2
201.245.192.253 - - [16/Jan/2024:02:14:27 -0500] "GET /kwsrmcab/Wsrmcab?wsdl HTTP/1.1" 200 6948
201.245.192.253 - - [16/Jan/2024:02:14:27 -0500] "POST /kwsrmcab/Wsrmcab HTTP/1.1" 200 38523
201.245.192.253 - - [16/Jan/2024:02:14:31 -0500] "POST /kwsrmcab/Wsrmcab HTTP/1.1" 200 39116
172.22.2.4 - - [16/Jan/2024:02:13:30 -0500] "GET /BLA/boletinlegal/ HTTP/1.1" 200 60529
216.245.221.92 - - [16/Jan/2024:02:15:46 -0500] "HEAD / HTTP/1.1" 200 -
201.245.192.253 - - [16/Jan/2024:02:16:19 -0500] "POST /forms/lservlet;jsessionid=ac16012b30d6947c1f7f67e648598dd0e716ce7e24d2.e3iSbxaKaheRe3qKcheMbNuKc41ynknvrkLOlQzNp65In0 HTTP/1.1" 200 2
51.222.253.5 - - [16/Jan/2024:02:16:24 -0500] "GET /catalogoisis/ HTTP/1.1" 200 8575
201.245.192.253 - - [16/Jan/2024:02:16:42 -0500] "POST /kwsrmcab/Wsrmcab  HTTP/1.1" 200 39275
201.245.192.253 - - [16/Jan/2024:02:18:19 -0500] "POST /forms/lservlet;jsessionid=ac16012b30d6947c1f7f67e648598dd0e716ce7e24d2.e3iSbxaKaheRe3qKcheMbNuKc41ynknvrkLOlQzNp65In0 HTTP/1.1" 200 2
201.245.192.253 - - [16/Jan/2024:02:18:47 -0500] "POST /kwsrmcab/Wsrmcab HTTP/1.1" 200 38523
201.245.192.253 - - [16/Jan/2024:02:19:29 -0500] "POST /kwsrmcab/Wsrmcab HTTP/1.1" 200 39116
172.22.2.4 - - [16/Jan/2024:02:18:29 -0500] "HEAD /BLA/boletinlegal/ HTTP/1.1" 200 -
52.167.144.210 - - [16/Jan/2024:02:20:13 -0500] "GET /BLA/resoluciones/AUTOS%202020/4377.pdf HTTP/1.1" 200 413583
216.244.66.195 - - [16/Jan/2024:02:20:15 -0500] "GET /BLA/resoluciones/AUTOS%202022/3471.pdf HTTP/1.1" 200 394854
201.245.192.253 - - [16/Jan/2024:02:20:19 -0500] "POST /forms/lservlet;jsessionid=ac16012b30d6947c1f7f67e648598dd0e716ce7e24d2.e3iSbxaKaheRe3qKcheMbNuKc41ynknvrkLOlQzNp65In0 HTTP/1.1" 200 2
216.245.221.92 - - [16/Jan/2024:02:20:46 -0500] "HEAD / HTTP/1.1" 200 -
216.244.66.195 - - [16/Jan/2024:02:20:56 -0500] "GET /BLA/resoluciones/AUTOS%202022/3502.pdf HTTP/1.1" 200 401418
172.22.2.4 - - [16/Jan/2024:02:19:20 -0500] "GET /BLA/boletinlegal/ HTTP/1.1" 200 58666
216.244.66.195 - - [16/Jan/2024:02:21:27 -0500] "GET /BLA/resoluciones/AUTOS%202022/4085.pdf HTTP/1.1" 200 389490
201.245.192.253 - - [16/Jan/2024:02:21:40 -0500] "POST /kwsrmcab/Wsrmcab  HTTP/1.1" 200 39275
216.244.66.195 - - [16/Jan/2024:02:21:57 -0500] "GET /BLA/resoluciones/AUTOS%202022/4390.pdf HTTP/1.1" 200 372826
201.245.192.253 - - [16/Jan/2024:02:22:19 -0500] "POST /forms/lservlet;jsessionid=ac16012b30d6947c1f7f67e648598dd0e716ce7e24d2.e3iSbxaKaheRe3qKcheMbNuKc41ynknvrkLOlQzNp65In0 HTTP/1.1" 200 2
201.245.192.253 - - [16/Jan/2024:02:24:19 -0500] "POST /forms/lservlet;jsessionid=ac16012b30d6947c1f7f67e648598dd0e716ce7e24d2.e3iSbxaKaheRe3qKcheMbNuKc41ynknvrkLOlQzNp65In0 HTTP/1.1" 200 2
201.245.192.253 - - [16/Jan/2024:02:24:27 -0500] "POST /kwsrmcab/Wsrmcab HTTP/1.1" 200 38523
201.245.192.253 - - [16/Jan/2024:02:24:30 -0500] "POST /kwsrmcab/Wsrmcab HTTP/1.1" 200 39116
216.245.221.92 - - [16/Jan/2024:02:25:46 -0500] "HEAD / HTTP/1.1" 200 -
172.22.2.4 - - [16/Jan/2024:02:24:19 -0500] "HEAD /BLA/boletinlegal/ HTTP/1.1" 200 -
201.245.192.253 - - [16/Jan/2024:02:26:19 -0500] "POST /forms/lservlet;jsessionid=ac16012b30d6947c1f7f67e648598dd0e716ce7e24d2.e3iSbxaKaheRe3qKcheMbNuKc41ynknvrkLOlQzNp65In0 HTTP/1.1" 200 2
201.245.192.253 - - [16/Jan/2024:02:26:37 -0500] "POST /kwsrmcab/Wsrmcab  HTTP/1.1" 200 39275
172.22.2.4 - - [16/Jan/2024:02:25:10 -0500] "GET /BLA/boletinlegal/ HTTP/1.1" 200 58666
66.249.66.19 - - [16/Jan/2024:02:27:26 -0500] "GET /Residuos/maderas/files/guia_maderas.pdf HTTP/1.1" 200 14225972
199.16.157.180 - - [16/Jan/2024:02:27:53 -0500] "GET /images/cr%C3%B3nica-29-nov-1_optimized.jpeg HTTP/1.1" 404 1034
216.244.66.195 - - [16/Jan/2024:02:27:59 -0500] "GET /BLA/resoluciones/AUTOS%202007/1051.pdf HTTP/1.1" 200 27029
201.245.192.253 - - [16/Jan/2024:02:28:19 -0500] "POST /forms/lservlet;jsessionid=ac16012b30d6947c1f7f67e648598dd0e716ce7e24d2.e3iSbxaKaheRe3qKcheMbNuKc41ynknvrkLOlQzNp65In0 HTTP/1.1" 200 2
216.244.66.195 - - [16/Jan/2024:02:28:27 -0500] "GET /BLA/resoluciones/AUTOS%202007/1136.pdf HTTP/1.1" 200 27980
201.245.192.253 - - [16/Jan/2024:02:28:48 -0500] "POST /kwsrmcab/Wsrmcab HTTP/1.1" 200 38523
216.244.66.195 - - [16/Jan/2024:02:28:52 -0500] "GET /BLA/resoluciones/AUTOS%202007/1458.pdf HTTP/1.1" 200 27569
