!C99Shell v. 1.0 pre-release build #13!

Software: Apache. PHP/5.5.15 

uname -a: Windows NT SVR-DMZ 6.1 build 7600 (Windows Server 2008 R2 Enterprise Edition) i586 

SYSTEM 

Safe-mode: OFF (not secure)

E:\nuevo\apache\logs\   drwxrwxrwx
Free 7.33 GB of 239.26 GB (3.07%)
Detected drives: [ a ] [ c ] [ d ] [ e ] [ f ]
Home    Back    Forward    UPDIR    Refresh    Search    Buffer    Encoder    Tools    Proc.    FTP brute    Sec.    SQL    PHP-code    Update    Feedback    Self remove    Logout    


Viewing file:     access.2024.01.16.log (10.65 MB)      -rw-rw-rw-
Select action/file-type:
(+) | (+) | (+) | Code (+) | Session (+) | (+) | SDB (+) | (+) | (+) | (+) | (+) | (+) |
172.22.2.4 - - [15/Jan/2024:23:58:30 -0500] "HEAD /BLA/boletinlegal/ HTTP/1.1" 200 -
201.245.192.253 - - [16/Jan/2024:00:00:15 -0500] "POST /kwsrmcab/Wsrmcab  HTTP/1.1" 200 39275
201.245.192.253 - - [16/Jan/2024:00:00:19 -0500] "POST /forms/lservlet;jsessionid=ac16012b30d6947c1f7f67e648598dd0e716ce7e24d2.e3iSbxaKaheRe3qKcheMbNuKc41ynknvrkLOlQzNp65In0 HTTP/1.1" 200 2
216.245.221.92 - - [16/Jan/2024:00:00:46 -0500] "HEAD / HTTP/1.1" 200 -
172.22.2.4 - - [15/Jan/2024:23:59:20 -0500] "GET /BLA/boletinlegal/ HTTP/1.1" 200 58666
201.245.192.253 - - [16/Jan/2024:00:02:19 -0500] "POST /forms/lservlet;jsessionid=ac16012b30d6947c1f7f67e648598dd0e716ce7e24d2.e3iSbxaKaheRe3qKcheMbNuKc41ynknvrkLOlQzNp65In0 HTTP/1.1" 200 2
216.244.66.195 - - [16/Jan/2024:00:03:19 -0500] "GET /BLA/resoluciones/AUTOS%202018/0527.pdf HTTP/1.1" 200 286825
216.244.66.195 - - [16/Jan/2024:00:03:33 -0500] "GET /BLA/resoluciones/AUTOS%202018/1413.pdf HTTP/1.1" 200 309754
216.244.66.195 - - [16/Jan/2024:00:04:00 -0500] "GET /BLA/resoluciones/AUTOS%202018/1810.pdf HTTP/1.1" 200 282924
201.245.192.253 - - [16/Jan/2024:00:04:19 -0500] "POST /forms/lservlet;jsessionid=ac16012b30d6947c1f7f67e648598dd0e716ce7e24d2.e3iSbxaKaheRe3qKcheMbNuKc41ynknvrkLOlQzNp65In0 HTTP/1.1" 200 2
216.244.66.195 - - [16/Jan/2024:00:04:21 -0500] "GET /BLA/resoluciones/AUTOS%202018/2014.pdf HTTP/1.1" 200 311698
157.90.254.89 - - [16/Jan/2024:00:04:39 -0500] "GET / HTTP/1.1" 200 4720
157.90.254.89 - - [16/Jan/2024:00:04:43 -0500] "GET / HTTP/1.1" 200 319
138.68.142.251 - - [16/Jan/2024:00:04:46 -0500] "\x16\x03\x01\x01\xfd\x01" 400 226
157.55.39.9 - - [16/Jan/2024:00:04:49 -0500] "GET /BLA/resoluciones/AUTOS%202020/2315.pdf HTTP/1.1" 200 335720
216.244.66.195 - - [16/Jan/2024:00:04:59 -0500] "GET /BLA/resoluciones/AUTOS%202018/2043.pdf HTTP/1.1" 200 252873
201.245.192.253 - - [16/Jan/2024:00:05:14 -0500] "POST /kwsrmcab/Wsrmcab  HTTP/1.1" 200 39275
216.244.66.195 - - [16/Jan/2024:00:05:32 -0500] "GET /BLA/resoluciones/AUTOS%202018/2158.pdf HTTP/1.1" 200 266570
216.245.221.92 - - [16/Jan/2024:00:05:46 -0500] "HEAD / HTTP/1.1" 200 -
172.22.2.4 - - [16/Jan/2024:00:04:20 -0500] "HEAD /BLA/boletinlegal/ HTTP/1.1" 200 -
216.244.66.195 - - [16/Jan/2024:00:06:04 -0500] "GET /BLA/resoluciones/AUTOS%202018/2357.pdf HTTP/1.1" 200 237390
201.245.192.253 - - [16/Jan/2024:00:06:19 -0500] "POST /forms/lservlet;jsessionid=ac16012b30d6947c1f7f67e648598dd0e716ce7e24d2.e3iSbxaKaheRe3qKcheMbNuKc41ynknvrkLOlQzNp65In0 HTTP/1.1" 200 2
216.244.66.195 - - [16/Jan/2024:00:06:32 -0500] "GET /BLA/resoluciones/AUTOS%202018/2533.pdf HTTP/1.1" 200 305064
172.22.2.4 - - [16/Jan/2024:00:06:34 -0500] "GET /BLA/boletinlegal/js/jquery.scrollTo-min.js HTTP/1.1" 200 1150
172.22.2.4 - - [16/Jan/2024:00:06:34 -0500] "GET /BLA/boletinlegal/js/jquery.js HTTP/1.1" 200 57254
172.22.2.4 - - [16/Jan/2024:00:06:34 -0500] "GET /BLA/boletinlegal/js/jquery.scrollShow.js HTTP/1.1" 200 4586
172.22.2.4 - - [16/Jan/2024:00:06:34 -0500] "GET /BLA/boletinlegal/images/screen_1.png HTTP/1.1" 200 202547
172.22.2.4 - - [16/Jan/2024:00:06:34 -0500] "GET /BLA/boletinlegal/images/arr_l.jpg HTTP/1.1" 200 1979
172.22.2.4 - - [16/Jan/2024:00:06:34 -0500] "GET /BLA/boletinlegal/images/launch.jpg HTTP/1.1" 200 14577
172.22.2.4 - - [16/Jan/2024:00:06:39 -0500] "GET /BLA/boletinlegal/actos.php HTTP/1.1" 200 9684
172.22.2.4 - - [16/Jan/2024:00:06:39 -0500] "GET /BLA/boletinlegal/robots.txt HTTP/1.1" 404 1140
152.203.196.141 - - [16/Jan/2024:00:06:44 -0500] "POST /sipse/faces/presentacion/financiero/solicitudProceso/listarSolicitudProceso.xhtml HTTP/1.1" 200 30682
172.22.2.4 - - [16/Jan/2024:00:06:44 -0500] "GET /BLA/boletinlegal/consulta_actos.php?tipo=resoluciones&no=&usuario=&sector=&fecha=2024&resuelve= HTTP/1.1" 200 626
152.203.196.141 - - [16/Jan/2024:00:06:44 -0500] "POST /sipse/faces/presentacion/financiero/solicitudProceso/listarSolicitudProceso.xhtml HTTP/1.1" 200 30682
152.203.196.141 - - [16/Jan/2024:00:06:45 -0500] "POST /sipse/faces/presentacion/financiero/solicitudProceso/listarSolicitudProceso.xhtml HTTP/1.1" 200 30682
152.203.196.141 - - [16/Jan/2024:00:06:45 -0500] "POST /sipse/faces/presentacion/financiero/solicitudProceso/listarSolicitudProceso.xhtml HTTP/1.1" 200 30682
152.203.196.141 - - [16/Jan/2024:00:06:45 -0500] "POST /sipse/faces/presentacion/financiero/solicitudProceso/listarSolicitudProceso.xhtml HTTP/1.1" 200 1392
152.203.196.141 - - [16/Jan/2024:00:06:46 -0500] "POST /sipse/faces/presentacion/financiero/solicitudProceso/listarSolicitudProceso.xhtml HTTP/1.1" 200 1392
152.203.196.141 - - [16/Jan/2024:00:06:46 -0500] "POST /sipse/faces/presentacion/financiero/solicitudProceso/listarSolicitudProceso.xhtml HTTP/1.1" 200 1400
152.203.196.141 - - [16/Jan/2024:00:06:47 -0500] "POST /sipse/faces/presentacion/financiero/solicitudProceso/listarSolicitudProceso.xhtml HTTP/1.1" 200 1392
172.22.2.4 - - [16/Jan/2024:00:06:49 -0500] "GET /BLA/boletinlegal/consulta_actos.php?tipo=autos&no=&usuario=&sector=&fecha=2024&resuelve= HTTP/1.1" 200 1958
152.203.196.141 - - [16/Jan/2024:00:06:50 -0500] "POST /sipse/faces/presentacion/financiero/solicitudProceso/listarSolicitudProceso.xhtml HTTP/1.1" 200 34684
152.203.196.141 - - [16/Jan/2024:00:06:50 -0500] "POST /sipse/faces/presentacion/financiero/solicitudProceso/listarSolicitudProceso.xhtml HTTP/1.1" 200 34692
172.22.2.4 - - [16/Jan/2024:00:05:10 -0500] "GET /BLA/boletinlegal/ HTTP/1.1" 200 54525
152.203.196.141 - - [16/Jan/2024:00:06:52 -0500] "POST /sipse/faces/presentacion/financiero/solicitudProceso/listarSolicitudProceso.xhtml HTTP/1.1" 200 7859
152.203.196.141 - - [16/Jan/2024:00:06:53 -0500] "POST /sipse/faces/presentacion/financiero/solicitudProceso/listarSolicitudProceso.xhtml HTTP/1.1" 200 7867
152.203.196.141 - - [16/Jan/2024:00:06:53 -0500] "POST /sipse/faces/presentacion/financiero/solicitudProceso/listarSolicitudProceso.xhtml HTTP/1.1" 200 7863
216.244.66.195 - - [16/Jan/2024:00:07:00 -0500] "GET /BLA/resoluciones/AUTOS%202018/2563.pdf HTTP/1.1" 200 281457
152.203.196.141 - - [16/Jan/2024:00:06:59 -0500] "POST /sipse/faces/presentacion/financiero/solicitudProceso/listarSolicitudProceso.xhtml HTTP/1.1" 200 120146
152.203.196.141 - - [16/Jan/2024:00:07:00 -0500] "GET /sipse/faces/javax.faces.resource/theme.css?ln=primefaces-sipse HTTP/1.1" 304 -
152.203.196.141 - - [16/Jan/2024:00:07:00 -0500] "GET /sipse/faces/javax.faces.resource/layout/layout.css?ln=primefaces&v=4.0 HTTP/1.1" 304 -
152.203.196.141 - - [16/Jan/2024:00:07:00 -0500] "GET /sipse/css/imagen/contrasena.png HTTP/1.1" 404 383
152.203.196.141 - - [16/Jan/2024:00:07:00 -0500] "GET /sipse/faces/javax.faces.resource/primefaces.css?ln=primefaces&v=4.0 HTTP/1.1" 304 -
152.203.196.141 - - [16/Jan/2024:00:07:00 -0500] "GET /sipse/faces/javax.faces.resource/jquery/jquery.js?ln=primefaces&v=4.0 HTTP/1.1" 304 -
152.203.196.141 - - [16/Jan/2024:00:07:00 -0500] "GET /sipse/faces/javax.faces.resource/jquery/jquery-plugins.js?ln=primefaces&v=4.0 HTTP/1.1" 304 -
152.203.196.141 - - [16/Jan/2024:00:07:00 -0500] "GET /sipse/faces/javax.faces.resource/primefaces.js?ln=primefaces&v=4.0 HTTP/1.1" 304 -
152.203.196.141 - - [16/Jan/2024:00:07:00 -0500] "GET /sipse/faces/javax.faces.resource/layout/layout.js?ln=primefaces&v=4.0 HTTP/1.1" 304 -
152.203.196.141 - - [16/Jan/2024:00:07:00 -0500] "GET /sipse/faces/javax.faces.resource/images/ui-icons_898989_256x240.png?ln=primefaces-aristo HTTP/1.1" 304 -
216.244.66.195 - - [16/Jan/2024:00:07:26 -0500] "GET /BLA/resoluciones/AUTOS%202018/3430.pdf HTTP/1.1" 200 262912
172.22.2.4 - - [16/Jan/2024:00:06:33 -0500] "GET /BLA/boletinlegal/ HTTP/1.1" 200 24523
172.22.2.4 - - [16/Jan/2024:00:06:37 -0500] "GET /BLA/boletinlegal/ HTTP/1.1" 200 24523
172.22.2.4 - - [16/Jan/2024:00:06:37 -0500] "GET /BLA/boletinlegal/ HTTP/1.1" 200 24523
152.203.196.141 - - [16/Jan/2024:00:07:39 -0500] "GET /sipse/faces/javax.faces.resource/images/ui-bg_flat_0_2d5972_40x100.png?ln=primefaces-aristo HTTP/1.1" 304 -
152.203.196.141 - - [16/Jan/2024:00:07:39 -0500] "POST /sipse/faces/presentacion/financiero/solicitudProceso/consultarSolicitudProceso.xhtml HTTP/1.1" 200 46065
152.203.196.141 - - [16/Jan/2024:00:07:40 -0500] "GET /sipse/faces/javax.faces.resource/theme.css?ln=primefaces-sipse HTTP/1.1" 304 -
152.203.196.141 - - [16/Jan/2024:00:07:40 -0500] "GET /sipse/faces/javax.faces.resource/primefaces.css?ln=primefaces&v=4.0 HTTP/1.1" 304 -
152.203.196.141 - - [16/Jan/2024:00:07:40 -0500] "GET /sipse/faces/javax.faces.resource/layout/layout.css?ln=primefaces&v=4.0 HTTP/1.1" 304 -
152.203.196.141 - - [16/Jan/2024:00:07:40 -0500] "GET /sipse/faces/javax.faces.resource/jquery/jquery.js?ln=primefaces&v=4.0 HTTP/1.1" 304 -
152.203.196.141 - - [16/Jan/2024:00:07:40 -0500] "GET /sipse/faces/javax.faces.resource/jquery/jquery-plugins.js?ln=primefaces&v=4.0 HTTP/1.1" 304 -
152.203.196.141 - - [16/Jan/2024:00:07:40 -0500] "GET /sipse/faces/javax.faces.resource/primefaces.js?ln=primefaces&v=4.0 HTTP/1.1" 304 -
152.203.196.141 - - [16/Jan/2024:00:07:40 -0500] "GET /sipse/faces/javax.faces.resource/layout/layout.js?ln=primefaces&v=4.0 HTTP/1.1" 304 -
152.203.196.141 - - [16/Jan/2024:00:07:40 -0500] "GET /sipse/css/imagen/contrasena.png HTTP/1.1" 404 383
127.0.0.1 - - [16/Jan/2024:00:07:47 -0500] "GET /phpmyadmin/sql.php?server=1&db=uno&table=resoluciones&pos=0&token=d34296cfe7707393fb7e22600aaf40ae&ajax_request=true&ajax_page_request=true&menuHashes=ace4a924-cbb5e3f8-0cfb8459&_nocache=1705381667282995063 HTTP/1.1" 200 130536
127.0.0.1 - - [16/Jan/2024:00:07:48 -0500] "GET /phpmyadmin/index.php?ajax_request=1&recent_table=1&token=d34296cfe7707393fb7e22600aaf40ae HTTP/1.1" 304 -
127.0.0.1 - - [16/Jan/2024:00:07:50 -0500] "GET /phpmyadmin/sql.php?server=1&db=uno&table=autos&pos=0&token=d34296cfe7707393fb7e22600aaf40ae&ajax_request=true&ajax_page_request=true&menuHashes=ace4a924-cbb5e3f8-0cfb8459&_nocache=1705381670465934091 HTTP/1.1" 200 126758
127.0.0.1 - - [16/Jan/2024:00:07:51 -0500] "GET /phpmyadmin/index.php?ajax_request=1&recent_table=1&token=d34296cfe7707393fb7e22600aaf40ae HTTP/1.1" 304 -
216.244.66.195 - - [16/Jan/2024:00:07:52 -0500] "GET /BLA/resoluciones/AUTOS%202018/3510.pdf HTTP/1.1" 200 310004
127.0.0.1 - - [16/Jan/2024:00:07:58 -0500] "GET /phpmyadmin/sql.php?db=uno&table=autos&sql_query=SELECT+%2A+FROM+%60autos%60%0AORDER+BY+%60autos%60.%60fecha%60+DESC&session_max_rows=25&token=d34296cfe7707393fb7e22600aaf40ae&ajax_request=true&ajax_page_request=true&menuHashes=ace4a924-cbb5e3f8-0cfb8459-a2bea646&_nocache=1705381678374989822 HTTP/1.1" 200 133665
127.0.0.1 - - [16/Jan/2024:00:07:59 -0500] "GET /phpmyadmin/index.php?ajax_request=1&recent_table=1&token=d34296cfe7707393fb7e22600aaf40ae HTTP/1.1" 304 -
201.245.214.23 - - [16/Jan/2024:00:08:05 -0500] "GET /BLA/resoluciones/Notificaciones/RESOLUCIONES%202023/00665.pdf HTTP/1.1" 200 494600
216.244.66.195 - - [16/Jan/2024:00:08:16 -0500] "GET /BLA/resoluciones/AUTOS%202018/3641.pdf HTTP/1.1" 200 296459
201.245.192.253 - - [16/Jan/2024:00:08:19 -0500] "POST /forms/lservlet;jsessionid=ac16012b30d6947c1f7f67e648598dd0e716ce7e24d2.e3iSbxaKaheRe3qKcheMbNuKc41ynknvrkLOlQzNp65In0 HTTP/1.1" 200 2
127.0.0.1 - - [16/Jan/2024:00:08:25 -0500] "POST /phpmyadmin/tbl_row_action.php HTTP/1.1" 200 196636
127.0.0.1 - - [16/Jan/2024:00:08:26 -0500] "GET /phpmyadmin/js/get_image.js.php?theme=pmahomme HTTP/1.1" 304 -
127.0.0.1 - - [16/Jan/2024:00:08:26 -0500] "GET /phpmyadmin/js/messages.php?lang=en&db=uno&token=d34296cfe7707393fb7e22600aaf40ae HTTP/1.1" 200 17826
127.0.0.1 - - [16/Jan/2024:00:08:26 -0500] "GET /phpmyadmin/phpmyadmin.css.php?server=1&token=d34296cfe7707393fb7e22600aaf40ae&nocache=5839947413ltr HTTP/1.1" 304 -
127.0.0.1 - - [16/Jan/2024:00:08:26 -0500] "GET /phpmyadmin/js/get_scripts.js.php?token=d34296cfe7707393fb7e22600aaf40ae&scripts[]=jquery/jquery-1.8.3.min.js&scripts[]=ajax.js&scripts[]=keyhandler.js&scripts[]=jquery/jquery-ui-1.9.2.custom.min.js&scripts[]=jquery/jquery.sprintf.js&scripts[]=jquery/jquery.cookie.js&scripts[]=jquery/jquery.mousewheel.js&scripts[]=jquery/jquery.event.drag-2.2.js&scripts[]=jquery/jquery-ui-timepicker-addon.js&scripts[]=jquery/jquery.ba-hashchange-1.3.js&scripts[]=jquery/jquery.debounce-1.0.5.js&scripts[]=jquery/jquery.menuResizer-1.0.js&scripts[]=cross_framing_protection.js&scripts[]=rte.js&scripts[]=tracekit/tracekit.js&scripts[]=error_report.js&scripts[]=doclinks.js&scripts[]=functions.js&scripts[]=navigation.js&scripts[]=indexes.js&scripts[]=common.js&scripts[]=tbl_change.js&scripts[]=gis_data_editor.js&scripts[]=codemirror/lib/codemirror.js&scripts[]=codemirror/mode/sql/sql.js&scripts[]=codemirror/addon/runmode/runmode.js HTTP/1.1" 200 1088192
127.0.0.1 - - [16/Jan/2024:00:08:27 -0500] "GET /phpmyadmin/index.php?ajax_request=1&recent_table=1&token=d34296cfe7707393fb7e22600aaf40ae HTTP/1.1" 304 -
127.0.0.1 - - [16/Jan/2024:00:08:27 -0500] "GET /phpmyadmin/navigation.php?ajax_request=1&token=d34296cfe7707393fb7e22600aaf40ae&aPath=cm9vdA%3D%3D.dW5v&vPath=cm9vdA%3D%3D.dW5v&pos=0&pos2_name=&pos2_value=&searchClause=&searchClause2=&_nocache=1705381707140805116 HTTP/1.1" 200 23099
216.244.66.195 - - [16/Jan/2024:00:08:40 -0500] "GET /BLA/resoluciones/AUTOS%202018/4159.pdf HTTP/1.1" 200 231796
216.244.66.195 - - [16/Jan/2024:00:09:03 -0500] "GET /BLA/resoluciones/AUTOS%202022/0398.pdf HTTP/1.1" 200 377349
152.203.196.141 - - [16/Jan/2024:00:09:04 -0500] "POST /sipse/faces/presentacion/financiero/estudioPrevio/personalSolicitado/personalSolicitadoSolicitudProceso.xhtml HTTP/1.1" 200 7027
152.203.196.141 - - [16/Jan/2024:00:09:12 -0500] "POST /sipse/faces/presentacion/financiero/estudioPrevio/personalSolicitado/personalSolicitadoSolicitudProceso.xhtml HTTP/1.1" 200 36801
152.203.196.141 - - [16/Jan/2024:00:09:12 -0500] "GET /sipse/faces/javax.faces.resource/theme.css?ln=primefaces-sipse HTTP/1.1" 304 -
152.203.196.141 - - [16/Jan/2024:00:09:12 -0500] "GET /sipse/faces/javax.faces.resource/primefaces.css?ln=primefaces&v=4.0 HTTP/1.1" 304 -
152.203.196.141 - - [16/Jan/2024:00:09:12 -0500] "GET /sipse/faces/javax.faces.resource/layout/layout.css?ln=primefaces&v=4.0 HTTP/1.1" 304 -
152.203.196.141 - - [16/Jan/2024:00:09:12 -0500] "GET /sipse/faces/javax.faces.resource/jquery/jquery.js?ln=primefaces&v=4.0 HTTP/1.1" 304 -
152.203.196.141 - - [16/Jan/2024:00:09:12 -0500] "GET /sipse/faces/javax.faces.resource/jquery/jquery-plugins.js?ln=primefaces&v=4.0 HTTP/1.1" 304 -
152.203.196.141 - - [16/Jan/2024:00:09:12 -0500] "GET /sipse/faces/javax.faces.resource/primefaces.js?ln=primefaces&v=4.0 HTTP/1.1" 304 -
152.203.196.141 - - [16/Jan/2024:00:09:12 -0500] "GET /sipse/faces/javax.faces.resource/layout/layout.js?ln=primefaces&v=4.0 HTTP/1.1" 304 -
216.244.66.195 - - [16/Jan/2024:00:09:24 -0500] "GET /BLA/resoluciones/AUTOS%202022/0505.pdf HTTP/1.1" 200 397392
152.203.196.141 - - [16/Jan/2024:00:09:24 -0500] "POST /sipse/faces/presentacion/financiero/estudioPrevio/personalSolicitado/asociarProfesionPersonalSolicitado.xhtml HTTP/1.1" 200 3221
152.203.196.141 - - [16/Jan/2024:00:09:32 -0500] "POST /sipse/faces/presentacion/financiero/estudioPrevio/personalSolicitado/asociarProfesionPersonalSolicitado.xhtml HTTP/1.1" 200 52051
152.203.196.141 - - [16/Jan/2024:00:09:33 -0500] "GET /sipse/faces/javax.faces.resource/primefaces.js?ln=primefaces&v=4.0 HTTP/1.1" 304 -
152.203.196.141 - - [16/Jan/2024:00:09:33 -0500] "GET /sipse/faces/javax.faces.resource/primefaces.css?ln=primefaces&v=4.0 HTTP/1.1" 304 -
152.203.196.141 - - [16/Jan/2024:00:09:33 -0500] "GET /sipse/faces/javax.faces.resource/theme.css?ln=primefaces-sipse HTTP/1.1" 304 -
152.203.196.141 - - [16/Jan/2024:00:09:33 -0500] "GET /sipse/faces/javax.faces.resource/jquery/jquery.js?ln=primefaces&v=4.0 HTTP/1.1" 304 -
152.203.196.141 - - [16/Jan/2024:00:09:33 -0500] "GET /sipse/faces/javax.faces.resource/jquery/jquery-plugins.js?ln=primefaces&v=4.0 HTTP/1.1" 304 -
152.203.196.141 - - [16/Jan/2024:00:09:33 -0500] "GET /sipse/faces/javax.faces.resource/layout/layout.css?ln=primefaces&v=4.0 HTTP/1.1" 304 -
152.203.196.141 - - [16/Jan/2024:00:09:33 -0500] "GET /sipse/faces/javax.faces.resource/layout/layout.js?ln=primefaces&v=4.0 HTTP/1.1" 304 -
216.244.66.195 - - [16/Jan/2024:00:09:45 -0500] "GET /BLA/resoluciones/AUTOS%202022/0972.pdf HTTP/1.1" 200 357748
152.203.196.141 - - [16/Jan/2024:00:09:45 -0500] "POST /sipse/faces/presentacion/financiero/estudioPrevio/personalSolicitado/personalSolicitadoSolicitudProceso.xhtml HTTP/1.1" 200 36807
152.203.196.141 - - [16/Jan/2024:00:09:45 -0500] "GET /sipse/faces/javax.faces.resource/theme.css?ln=primefaces-sipse HTTP/1.1" 304 -
152.203.196.141 - - [16/Jan/2024:00:09:45 -0500] "GET /sipse/faces/javax.faces.resource/primefaces.css?ln=primefaces&v=4.0 HTTP/1.1" 304 -
152.203.196.141 - - [16/Jan/2024:00:09:45 -0500] "GET /sipse/faces/javax.faces.resource/layout/layout.css?ln=primefaces&v=4.0 HTTP/1.1" 304 -
152.203.196.141 - - [16/Jan/2024:00:09:45 -0500] "GET /sipse/faces/javax.faces.resource/jquery/jquery.js?ln=primefaces&v=4.0 HTTP/1.1" 304 -
152.203.196.141 - - [16/Jan/2024:00:09:45 -0500] "GET /sipse/faces/javax.faces.resource/jquery/jquery-plugins.js?ln=primefaces&v=4.0 HTTP/1.1" 304 -
152.203.196.141 - - [16/Jan/2024:00:09:45 -0500] "GET /sipse/faces/javax.faces.resource/primefaces.js?ln=primefaces&v=4.0 HTTP/1.1" 304 -
152.203.196.141 - - [16/Jan/2024:00:09:45 -0500] "GET /sipse/faces/javax.faces.resource/layout/layout.js?ln=primefaces&v=4.0 HTTP/1.1" 304 -
152.203.196.141 - - [16/Jan/2024:00:09:48 -0500] "POST /sipse/faces/presentacion/financiero/estudioPrevio/personalSolicitado/asociarProfesionPersonalSolicitado.xhtml HTTP/1.1" 200 21218
152.203.196.141 - - [16/Jan/2024:00:09:49 -0500] "POST /sipse/faces/presentacion/financiero/estudioPrevio/personalSolicitado/asociarProfesionPersonalSolicitado.xhtml HTTP/1.1" 200 21214
152.203.196.141 - - [16/Jan/2024:00:09:50 -0500] "POST /sipse/faces/presentacion/financiero/estudioPrevio/personalSolicitado/asociarProfesionPersonalSolicitado.xhtml HTTP/1.1" 200 1419
152.203.196.141 - - [16/Jan/2024:00:09:51 -0500] "POST /sipse/faces/presentacion/financiero/estudioPrevio/personalSolicitado/asociarProfesionPersonalSolicitado.xhtml HTTP/1.1" 200 21214
152.203.196.141 - - [16/Jan/2024:00:09:53 -0500] "POST /sipse/faces/presentacion/financiero/estudioPrevio/personalSolicitado/asociarProfesionPersonalSolicitado.xhtml HTTP/1.1" 200 21346
152.203.196.141 - - [16/Jan/2024:00:09:53 -0500] "POST /sipse/faces/presentacion/financiero/estudioPrevio/personalSolicitado/asociarProfesionPersonalSolicitado.xhtml HTTP/1.1" 200 21342
201.245.214.23 - - [16/Jan/2024:00:09:54 -0500] "GET /BLA/resoluciones/Notificaciones/RESOLUCIONES%202023/00296.pdf HTTP/1.1" 200 444341
152.203.196.141 - - [16/Jan/2024:00:09:56 -0500] "POST /sipse/faces/presentacion/financiero/estudioPrevio/personalSolicitado/asociarProfesionPersonalSolicitado.xhtml HTTP/1.1" 200 21350
152.203.196.141 - - [16/Jan/2024:00:09:58 -0500] "POST /sipse/faces/presentacion/financiero/estudioPrevio/personalSolicitado/asociarProfesionPersonalSolicitado.xhtml HTTP/1.1" 200 21322
152.203.196.141 - - [16/Jan/2024:00:09:58 -0500] "POST /sipse/faces/presentacion/financiero/estudioPrevio/personalSolicitado/asociarProfesionPersonalSolicitado.xhtml HTTP/1.1" 200 21326
66.249.66.20 - - [16/Jan/2024:00:09:59 -0500] "GET /BLA/resoluciones/AUTOS%202011/0121.pdf HTTP/1.1" 200 188535
216.244.66.195 - - [16/Jan/2024:00:10:04 -0500] "GET /BLA/resoluciones/AUTOS%202022/1129.pdf HTTP/1.1" 200 460579
152.203.196.141 - - [16/Jan/2024:00:10:10 -0500] "POST /sipse/faces/presentacion/financiero/estudioPrevio/personalSolicitado/asociarProfesionPersonalSolicitado.xhtml HTTP/1.1" 200 53324
152.203.196.141 - - [16/Jan/2024:00:10:11 -0500] "GET /sipse/faces/javax.faces.resource/theme.css?ln=primefaces-sipse HTTP/1.1" 304 -
152.203.196.141 - - [16/Jan/2024:00:10:11 -0500] "GET /sipse/faces/javax.faces.resource/primefaces.css?ln=primefaces&v=4.0 HTTP/1.1" 304 -
152.203.196.141 - - [16/Jan/2024:00:10:11 -0500] "GET /sipse/faces/javax.faces.resource/jquery/jquery-plugins.js?ln=primefaces&v=4.0 HTTP/1.1" 304 -
152.203.196.141 - - [16/Jan/2024:00:10:11 -0500] "GET /sipse/faces/javax.faces.resource/jquery/jquery.js?ln=primefaces&v=4.0 HTTP/1.1" 304 -
152.203.196.141 - - [16/Jan/2024:00:10:11 -0500] "GET /sipse/faces/javax.faces.resource/layout/layout.css?ln=primefaces&v=4.0 HTTP/1.1" 304 -
152.203.196.141 - - [16/Jan/2024:00:10:11 -0500] "GET /sipse/faces/javax.faces.resource/primefaces.js?ln=primefaces&v=4.0 HTTP/1.1" 304 -
152.203.196.141 - - [16/Jan/2024:00:10:11 -0500] "GET /sipse/faces/javax.faces.resource/layout/layout.js?ln=primefaces&v=4.0 HTTP/1.1" 304 -
201.245.192.253 - - [16/Jan/2024:00:10:13 -0500] "POST /kwsrmcab/Wsrmcab  HTTP/1.1" 200 39275
186.98.81.234 - - [16/Jan/2024:00:10:16 -0500] "GET /BLA/resoluciones/ HTTP/1.1" 200 14105
186.98.81.234 - - [16/Jan/2024:00:10:16 -0500] "GET /BLA/resoluciones/dlf/folder.png HTTP/1.1" 200 410
186.98.81.234 - - [16/Jan/2024:00:10:16 -0500] "GET /BLA/resoluciones/dlf/styles.css HTTP/1.1" 200 3049
186.98.81.234 - - [16/Jan/2024:00:10:16 -0500] "GET /BLA/resoluciones/dlf/bg.gif HTTP/1.1" 200 54
186.98.81.234 - - [16/Jan/2024:00:10:16 -0500] "GET /robots.txt HTTP/1.1" 404 1120
201.245.192.253 - - [16/Jan/2024:00:10:19 -0500] "POST /forms/lservlet;jsessionid=ac16012b30d6947c1f7f67e648598dd0e716ce7e24d2.e3iSbxaKaheRe3qKcheMbNuKc41ynknvrkLOlQzNp65In0 HTTP/1.1" 200 2
186.98.81.234 - - [16/Jan/2024:00:10:19 -0500] "GET /BLA/resoluciones/index.php?dir=2018%2F HTTP/1.1" 200 1608
186.98.81.234 - - [16/Jan/2024:00:10:19 -0500] "GET /BLA/resoluciones/dlf/dirup.png HTTP/1.1" 200 644
186.98.81.234 - - [16/Jan/2024:00:10:19 -0500] "GET /robots.txt HTTP/1.1" 404 1120
216.244.66.195 - - [16/Jan/2024:00:10:23 -0500] "GET /BLA/resoluciones/AUTOS%202022/1311.pdf HTTP/1.1" 200 429360
152.203.196.141 - - [16/Jan/2024:00:10:29 -0500] "GET /sipse/faces/javax.faces.resource/theme.css?ln=primefaces-sipse HTTP/1.1" 304 -
152.203.196.141 - - [16/Jan/2024:00:10:29 -0500] "GET /sipse/faces/javax.faces.resource/primefaces.css?ln=primefaces&v=4.0 HTTP/1.1" 304 -
152.203.196.141 - - [16/Jan/2024:00:10:29 -0500] "GET /sipse/faces/javax.faces.resource/jquery/jquery-plugins.js?ln=primefaces&v=4.0 HTTP/1.1" 304 -
152.203.196.141 - - [16/Jan/2024:00:10:29 -0500] "GET /sipse/faces/javax.faces.resource/primefaces.js?ln=primefaces&v=4.0 HTTP/1.1" 304 -
152.203.196.141 - - [16/Jan/2024:00:10:29 -0500] "GET /sipse/faces/javax.faces.resource/layout/layout.css?ln=primefaces&v=4.0 HTTP/1.1" 304 -
152.203.196.141 - - [16/Jan/2024:00:10:29 -0500] "GET /sipse/faces/javax.faces.resource/jquery/jquery.js?ln=primefaces&v=4.0 HTTP/1.1" 304 -
152.203.196.141 - - [16/Jan/2024:00:10:29 -0500] "GET /sipse/faces/javax.faces.resource/layout/layout.js?ln=primefaces&v=4.0 HTTP/1.1" 304 -
152.203.196.141 - - [16/Jan/2024:00:10:28 -0500] "POST /sipse/faces/presentacion/financiero/estudioPrevio/personalSolicitado/personalSolicitadoSolicitudProceso.xhtml HTTP/1.1" 200 175793
152.203.196.141 - - [16/Jan/2024:00:10:29 -0500] "GET /sipse/faces/javax.faces.resource/images/ui-icons_898989_256x240.png?ln=primefaces-aristo HTTP/1.1" 304 -
216.245.221.92 - - [16/Jan/2024:00:10:46 -0500] "HEAD / HTTP/1.1" 200 -
216.244.66.195 - - [16/Jan/2024:00:10:47 -0500] "GET /BLA/resoluciones/AUTOS%202022/1369.pdf HTTP/1.1" 200 390652
152.203.196.141 - - [16/Jan/2024:00:10:57 -0500] "POST /sipse/faces/presentacion/financiero/solicitudProceso/consultarSolicitudProceso.xhtml HTTP/1.1" 200 21158
152.203.196.141 - - [16/Jan/2024:00:10:57 -0500] "GET /sipse/faces/javax.faces.resource/theme.css?ln=primefaces-sipse HTTP/1.1" 304 -
152.203.196.141 - - [16/Jan/2024:00:10:57 -0500] "GET /sipse/faces/javax.faces.resource/primefaces.css?ln=primefaces&v=4.0 HTTP/1.1" 304 -
152.203.196.141 - - [16/Jan/2024:00:10:57 -0500] "GET /sipse/faces/javax.faces.resource/layout/layout.css?ln=primefaces&v=4.0 HTTP/1.1" 304 -
152.203.196.141 - - [16/Jan/2024:00:10:57 -0500] "GET /sipse/faces/javax.faces.resource/layout/layout.js?ln=primefaces&v=4.0 HTTP/1.1" 304 -
152.203.196.141 - - [16/Jan/2024:00:10:57 -0500] "GET /sipse/faces/javax.faces.resource/jquery/jquery-plugins.js?ln=primefaces&v=4.0 HTTP/1.1" 304 -
152.203.196.141 - - [16/Jan/2024:00:10:57 -0500] "GET /sipse/faces/javax.faces.resource/fileupload/fileupload.css?ln=primefaces&v=4.0 HTTP/1.1" 304 -
152.203.196.141 - - [16/Jan/2024:00:10:57 -0500] "GET /sipse/faces/javax.faces.resource/primefaces.js?ln=primefaces&v=4.0 HTTP/1.1" 304 -
152.203.196.141 - - [16/Jan/2024:00:10:57 -0500] "GET /sipse/faces/javax.faces.resource/jquery/jquery.js?ln=primefaces&v=4.0 HTTP/1.1" 304 -
152.203.196.141 - - [16/Jan/2024:00:10:57 -0500] "GET /sipse/faces/javax.faces.resource/fileupload/fileupload.js?ln=primefaces&v=4.0 HTTP/1.1" 304 -
216.244.66.195 - - [16/Jan/2024:00:11:07 -0500] "GET /BLA/resoluciones/AUTOS%202022/2000.pdf HTTP/1.1" 200 397842
152.203.196.141 - - [16/Jan/2024:00:11:08 -0500] "GET /sipse/faces/javax.faces.resource/primefaces.css?ln=primefaces&v=4.0 HTTP/1.1" 304 -
152.203.196.141 - - [16/Jan/2024:00:11:08 -0500] "GET /sipse/faces/javax.faces.resource/jquery/jquery.js?ln=primefaces&v=4.0 HTTP/1.1" 304 -
152.203.196.141 - - [16/Jan/2024:00:11:08 -0500] "GET /sipse/faces/javax.faces.resource/layout/layout.css?ln=primefaces&v=4.0 HTTP/1.1" 304 -
152.203.196.141 - - [16/Jan/2024:00:11:08 -0500] "GET /sipse/faces/javax.faces.resource/theme.css?ln=primefaces-sipse HTTP/1.1" 304 -
152.203.196.141 - - [16/Jan/2024:00:11:08 -0500] "GET /sipse/faces/javax.faces.resource/jquery/jquery-plugins.js?ln=primefaces&v=4.0 HTTP/1.1" 304 -
152.203.196.141 - - [16/Jan/2024:00:11:07 -0500] "POST /sipse/faces/presentacion/sistema/anexos/cargarAnexoSolicitudProceso.xhtml HTTP/1.1" 200 177490
152.203.196.141 - - [16/Jan/2024:00:11:08 -0500] "GET /sipse/faces/javax.faces.resource/primefaces.js?ln=primefaces&v=4.0 HTTP/1.1" 304 -
152.203.196.141 - - [16/Jan/2024:00:11:08 -0500] "GET /sipse/faces/javax.faces.resource/layout/layout.js?ln=primefaces&v=4.0 HTTP/1.1" 304 -
152.203.196.141 - - [16/Jan/2024:00:11:17 -0500] "POST /sipse/faces/presentacion/financiero/solicitudProceso/consultarSolicitudProceso.xhtml HTTP/1.1" 200 21158
152.203.196.141 - - [16/Jan/2024:00:11:18 -0500] "GET /sipse/faces/javax.faces.resource/theme.css?ln=primefaces-sipse HTTP/1.1" 304 -
152.203.196.141 - - [16/Jan/2024:00:11:18 -0500] "GET /sipse/faces/javax.faces.resource/primefaces.css?ln=primefaces&v=4.0 HTTP/1.1" 304 -
152.203.196.141 - - [16/Jan/2024:00:11:18 -0500] "GET /sipse/faces/javax.faces.resource/jquery/jquery.js?ln=primefaces&v=4.0 HTTP/1.1" 304 -
152.203.196.141 - - [16/Jan/2024:00:11:18 -0500] "GET /sipse/faces/javax.faces.resource/layout/layout.css?ln=primefaces&v=4.0 HTTP/1.1" 304 -
152.203.196.141 - - [16/Jan/2024:00:11:18 -0500] "GET /sipse/faces/javax.faces.resource/jquery/jquery-plugins.js?ln=primefaces&v=4.0 HTTP/1.1" 304 -
152.203.196.141 - - [16/Jan/2024:00:11:18 -0500] "GET /sipse/faces/javax.faces.resource/primefaces.js?ln=primefaces&v=4.0 HTTP/1.1" 304 -
152.203.196.141 - - [16/Jan/2024:00:11:18 -0500] "GET /sipse/faces/javax.faces.resource/fileupload/fileupload.css?ln=primefaces&v=4.0 HTTP/1.1" 304 -
152.203.196.141 - - [16/Jan/2024:00:11:18 -0500] "GET /sipse/faces/javax.faces.resource/layout/layout.js?ln=primefaces&v=4.0 HTTP/1.1" 304 -
152.203.196.141 - - [16/Jan/2024:00:11:18 -0500] "GET /sipse/faces/javax.faces.resource/fileupload/fileupload.js?ln=primefaces&v=4.0 HTTP/1.1" 304 -
216.244.66.195 - - [16/Jan/2024:00:11:25 -0500] "GET /BLA/resoluciones/AUTOS%202022/2103.pdf HTTP/1.1" 200 393915
152.203.196.141 - - [16/Jan/2024:00:11:39 -0500] "GET /sipse/faces/javax.faces.resource/theme.css?ln=primefaces-sipse HTTP/1.1" 304 -
152.203.196.141 - - [16/Jan/2024:00:11:39 -0500] "GET /sipse/faces/javax.faces.resource/primefaces.css?ln=primefaces&v=4.0 HTTP/1.1" 304 -
152.203.196.141 - - [16/Jan/2024:00:11:39 -0500] "GET /sipse/faces/javax.faces.resource/layout/layout.css?ln=primefaces&v=4.0 HTTP/1.1" 304 -
152.203.196.141 - - [16/Jan/2024:00:11:39 -0500] "GET /sipse/faces/javax.faces.resource/jquery/jquery.js?ln=primefaces&v=4.0 HTTP/1.1" 304 -
152.203.196.141 - - [16/Jan/2024:00:11:39 -0500] "GET /sipse/faces/javax.faces.resource/jquery/jquery-plugins.js?ln=primefaces&v=4.0 HTTP/1.1" 304 -
152.203.196.141 - - [16/Jan/2024:00:11:39 -0500] "GET /sipse/faces/javax.faces.resource/primefaces.js?ln=primefaces&v=4.0 HTTP/1.1" 304 -
152.203.196.141 - - [16/Jan/2024:00:11:39 -0500] "GET /sipse/faces/javax.faces.resource/layout/layout.js?ln=primefaces&v=4.0 HTTP/1.1" 304 -
152.203.196.141 - - [16/Jan/2024:00:11:39 -0500] "POST /sipse/faces/presentacion/sistema/anexos/cargarAnexoSolicitudProceso.xhtml HTTP/1.1" 200 179293
216.244.66.195 - - [16/Jan/2024:00:11:42 -0500] "GET /BLA/resoluciones/AUTOS%202022/2902.pdf HTTP/1.1" 200 388734
172.22.2.4 - - [16/Jan/2024:00:10:10 -0500] "HEAD /BLA/boletinlegal/ HTTP/1.1" 200 -
152.203.196.141 - - [16/Jan/2024:00:11:53 -0500] "POST /sipse/faces/presentacion/financiero/solicitudProceso/consultarSolicitudProceso.xhtml HTTP/1.1" 200 37800
152.203.196.141 - - [16/Jan/2024:00:11:56 -0500] "GET /sipse/faces/javax.faces.resource/theme.css?ln=primefaces-sipse HTTP/1.1" 304 -
152.203.196.141 - - [16/Jan/2024:00:11:56 -0500] "GET /sipse/faces/javax.faces.resource/primefaces.css?ln=primefaces&v=4.0 HTTP/1.1" 304 -
152.203.196.141 - - [16/Jan/2024:00:11:56 -0500] "GET /sipse/faces/javax.faces.resource/layout/layout.css?ln=primefaces&v=4.0 HTTP/1.1" 304 -
152.203.196.141 - - [16/Jan/2024:00:11:56 -0500] "GET /sipse/faces/javax.faces.resource/jquery/jquery.js?ln=primefaces&v=4.0 HTTP/1.1" 304 -
152.203.196.141 - - [16/Jan/2024:00:11:56 -0500] "GET /sipse/faces/javax.faces.resource/jquery/jquery-plugins.js?ln=primefaces&v=4.0 HTTP/1.1" 304 -
152.203.196.141 - - [16/Jan/2024:00:11:56 -0500] "GET /sipse/faces/javax.faces.resource/primefaces.js?ln=primefaces&v=4.0 HTTP/1.1" 304 -
152.203.196.141 - - [16/Jan/2024:00:11:56 -0500] "GET /sipse/faces/javax.faces.resource/layout/layout.js?ln=primefaces&v=4.0 HTTP/1.1" 304 -
152.203.196.141 - - [16/Jan/2024:00:11:56 -0500] "GET /sipse/faces/javax.faces.resource/messages/messages.png?ln=primefaces&v=4.0 HTTP/1.1" 304 -
152.203.196.141 - - [16/Jan/2024:00:11:56 -0500] "POST /sipse/faces/presentacion/financiero/solicitudProceso/listarSolicitudProceso.xhtml HTTP/1.1" 200 1392
216.244.66.195 - - [16/Jan/2024:00:11:59 -0500] "GET /BLA/resoluciones/AUTOS%202022/2944.pdf HTTP/1.1" 200 357749
201.245.192.253 - - [16/Jan/2024:00:12:19 -0500] "POST /forms/lservlet;jsessionid=ac16012b30d6947c1f7f67e648598dd0e716ce7e24d2.e3iSbxaKaheRe3qKcheMbNuKc41ynknvrkLOlQzNp65In0 HTTP/1.1" 200 2
216.244.66.195 - - [16/Jan/2024:00:12:37 -0500] "GET /BLA/resoluciones/AUTOS%202022/3391.pdf HTTP/1.1" 200 1296263
172.22.2.4 - - [16/Jan/2024:00:11:00 -0500] "GET /BLA/boletinlegal/ HTTP/1.1" 200 60996
17.241.227.148 - - [16/Jan/2024:00:12:53 -0500] "GET /robots.txt HTTP/1.1" 404 1034
17.241.227.148 - - [16/Jan/2024:00:12:53 -0500] "GET /bogota-reverdece-219-nuevos-arboles-plantados-en-ciudad-bolivar.html HTTP/1.1" 200 849
216.244.66.195 - - [16/Jan/2024:00:13:12 -0500] "GET /BLA/resoluciones/AUTOS%202022/4692.pdf HTTP/1.1" 200 1083615
216.244.66.195 - - [16/Jan/2024:00:13:42 -0500] "GET /BLA/resoluciones/AUTOS%202022/4989.pdf HTTP/1.1" 200 461887
201.245.192.253 - - [16/Jan/2024:00:14:19 -0500] "POST /forms/lservlet;jsessionid=ac16012b30d6947c1f7f67e648598dd0e716ce7e24d2.e3iSbxaKaheRe3qKcheMbNuKc41ynknvrkLOlQzNp65In0 HTTP/1.1" 200 2
201.245.192.253 - - [16/Jan/2024:00:14:27 -0500] "POST /kwsrmcab/Wsrmcab HTTP/1.1" 200 38519
201.245.192.253 - - [16/Jan/2024:00:14:32 -0500] "POST /kwsrmcab/Wsrmcab HTTP/1.1" 200 39117
201.245.192.253 - - [16/Jan/2024:00:15:11 -0500] "POST /kwsrmcab/Wsrmcab  HTTP/1.1" 200 39275
216.245.221.92 - - [16/Jan/2024:00:15:47 -0500] "HEAD / HTTP/1.1" 200 -
201.245.192.253 - - [16/Jan/2024:00:16:19 -0500] "POST /forms/lservlet;jsessionid=ac16012b30d6947c1f7f67e648598dd0e716ce7e24d2.e3iSbxaKaheRe3qKcheMbNuKc41ynknvrkLOlQzNp65In0 HTTP/1.1" 200 2
66.249.66.19 - - [16/Jan/2024:00:17:34 -0500] "GET /BLA/resoluciones/RESOLUCIONES%202009/6706.pdf HTTP/1.1" 200 541391
172.22.2.4 - - [16/Jan/2024:00:15:59 -0500] "HEAD /BLA/boletinlegal/ HTTP/1.1" 200 -
199.16.157.181 - - [16/Jan/2024:00:17:54 -0500] "GET /images/pl%C3%A1sticos%20foto%201..jpg HTTP/1.1" 404 1034
201.245.192.253 - - [16/Jan/2024:00:18:19 -0500] "POST /forms/lservlet;jsessionid=ac16012b30d6947c1f7f67e648598dd0e716ce7e24d2.e3iSbxaKaheRe3qKcheMbNuKc41ynknvrkLOlQzNp65In0 HTTP/1.1" 200 2
172.22.2.4 - - [16/Jan/2024:00:16:50 -0500] "GET /BLA/boletinlegal/ HTTP/1.1" 200 60529
201.245.192.253 - - [16/Jan/2024:00:18:47 -0500] "POST /kwsrmcab/Wsrmcab HTTP/1.1" 200 38519
201.245.192.253 - - [16/Jan/2024:00:19:30 -0500] "POST /kwsrmcab/Wsrmcab HTTP/1.1" 200 39117
201.245.192.253 - - [16/Jan/2024:00:20:11 -0500] "POST /kwsrmcab/Wsrmcab  HTTP/1.1" 200 39275
201.245.192.253 - - [16/Jan/2024:00:20:19 -0500] "POST /forms/lservlet;jsessionid=ac16012b30d6947c1f7f67e648598dd0e716ce7e24d2.e3iSbxaKaheRe3qKcheMbNuKc41ynknvrkLOlQzNp65In0 HTTP/1.1" 200 2
66.249.66.21 - - [16/Jan/2024:00:20:42 -0500] "GET /Publicaciones/2023EE263802.pdf HTTP/1.1" 404 228
216.245.221.92 - - [16/Jan/2024:00:20:46 -0500] "HEAD / HTTP/1.1" 200 -
201.245.192.253 - - [16/Jan/2024:00:22:19 -0500] "POST /forms/lservlet;jsessionid=ac16012b30d6947c1f7f67e648598dd0e716ce7e24d2.e3iSbxaKaheRe3qKcheMbNuKc41ynknvrkLOlQzNp65In0 HTTP/1.1" 200 2
172.22.2.4 - - [16/Jan/2024:00:21:50 -0500] "HEAD /BLA/boletinlegal/ HTTP/1.1" 200 -
201.245.192.253 - - [16/Jan/2024:00:24:19 -0500] "POST /forms/lservlet;jsessionid=ac16012b30d6947c1f7f67e648598dd0e716ce7e24d2.e3iSbxaKaheRe3qKcheMbNuKc41ynknvrkLOlQzNp65In0 HTTP/1.1" 200 2
172.22.2.4 - - [16/Jan/2024:00:22:40 -0500] "GET /BLA/boletinlegal/ HTTP/1.1" 200 60996
201.245.192.253 - - [16/Jan/2024:00:24:27 -0500] "POST /kwsrmcab/Wsrmcab HTTP/1.1" 200 38519
201.245.192.253 - - [16/Jan/2024:00:24:30 -0500] "POST /kwsrmcab/Wsrmcab HTTP/1.1" 200 39117
201.245.192.253 - - [16/Jan/2024:00:25:10 -0500] "POST /kwsrmcab/Wsrmcab  HTTP/1.1" 200 39275
66.249.74.69 - - [16/Jan/2024:00:25:37 -0500] "GET /avances-en-la-gestion-de-sitios-contaminados-en-bogota.html HTTP/1.1" 200 833
216.245.221.92 - - [16/Jan/2024:00:25:46 -0500] "HEAD / HTTP/1.1" 200 -
216.244.66.195 - - [16/Jan/2024:00:26:17 -0500] "GET /robots.txt HTTP/1.1" 404 1018
201.245.192.253 - - [16/Jan/2024:00:26:19 -0500] "POST /forms/lservlet;jsessionid=ac16012b30d6947c1f7f67e648598dd0e716ce7e24d2.e3iSbxaKaheRe3qKcheMbNuKc41ynknvrkLOlQzNp65In0 HTTP/1.1" 200 2
162.55.166.12 - - [16/Jan/2024:00:27:05 -0500] "GET / HTTP/1.1" 200 4720
162.55.166.12 - - [16/Jan/2024:00:27:05 -0500] "GET / HTTP/1.1" 200 319
201.245.192.253 - - [16/Jan/2024:00:28:19 -0500] "POST /forms/lservlet;jsessionid=ac16012b30d6947c1f7f67e648598dd0e716ce7e24d2.e3iSbxaKaheRe3qKcheMbNuKc41ynknvrkLOlQzNp65In0 HTTP/1.1" 200 2
201.245.192.253 - - [16/Jan/2024:00:28:47 -0500] "POST /kwsrmcab/Wsrmcab HTTP/1.1" 200 38519
172.22.2.4 - - [16/Jan/2024:00:27:39 -0500] "HEAD /BLA/boletinlegal/ HTTP/1.1" 200 -
201.245.192.253 - - [16/Jan/2024:00:29:31 -0500] "POST /kwsrmcab/Wsrmcab HTTP/1.1" 200 39117
172.22.2.4 - - [16/Jan/2024:00:28:30 -0500] "GET /BLA/boletinlegal/ HTTP/1.1" 200 58666
201.245.192.253 - - [16/Jan/2024:00:30:08 -0500] "POST /kwsrmcab/Wsrmcab  HTTP/1.1" 200 39275
201.245.192.253 - - [16/Jan/2024:00:30:19 -0500] "POST /forms/lservlet;jsessionid=ac16012b30d6947c1f7f67e648598dd0e716ce7e24d2.e3iSbxaKaheRe3qKcheMbNuKc41ynknvrkLOlQzNp65In0 HTTP/1.1" 200 2
66.249.66.20 - - [16/Jan/2024:00:30:36 -0500] "HEAD /autoliquidacion/Grupo%20Forestal%20-%20Silvicultura/Formulario%20de%20recoleccion%20de%20informacion%20silvicultural%20por%20individuo%20-%20Ficha%201.xls HTTP/1.1" 404 -
66.249.66.20 - - [16/Jan/2024:00:30:37 -0500] "HEAD /autoliquidacion/Grupo%20Forestal%20-%20Silvicultura/Formulario%20de%20recoleccion%20de%20informacion%20silvicult HTTP/1.1" 404 -
216.245.221.92 - - [16/Jan/2024:00:30:46 -0500] "HEAD / HTTP/1.1" 200 -
66.249.66.20 - - [16/Jan/2024:00:31:22 -0500] "GET /Publicaciones/2023EE00372.pdf HTTP/1.1" 404 227
47.128.31.207 - - [16/Jan/2024:00:31:55 -0500] "GET /robots.txt HTTP/1.1" 404 1035
47.128.55.71 - - [16/Jan/2024:00:31:44 -0500] "GET /portaldeninos/ HTTP/1.1" 200 110175
47.128.55.71 - - [16/Jan/2024:00:31:57 -0500] "GET /portaldeninos/wp-content/uploads/2021/06/titulo-miambiente-ni%C3%B1os.png HTTP/1.1" 200 11944
47.128.55.71 - - [16/Jan/2024:00:31:57 -0500] "GET /portaldeninos/wp-content/uploads/2019/08/Logo-Ambientic.png HTTP/1.1" 200 22941
47.128.55.71 - - [16/Jan/2024:00:31:57 -0500] "GET /portaldeninos/wp-content/uploads/2021/06/titulo-cabezote-ni%C3%B1os.png HTTP/1.1" 200 64425
47.128.55.71 - - [16/Jan/2024:00:32:06 -0500] "GET /portaldeninos/wp-content/uploads/2021/06/titulo-videos-ni%C3%B1os.png HTTP/1.1" 200 10502
51.222.253.10 - - [16/Jan/2024:00:32:07 -0500] "GET /robots.txt HTTP/1.1" 404 1034
47.128.55.71 - - [16/Jan/2024:00:32:08 -0500] "GET /portaldeninos/wp-content/uploads/2021/06/titulo-humedales-ni%C3%B1os.png HTTP/1.1" 200 13361
51.222.253.19 - - [16/Jan/2024:00:32:10 -0500] "GET /semana-bogota-reverdece-inventario-de-emisiones-de-gases-efecto-invernadero-2022-mostro-una-reduccion-de-19-8.html HTTP/1.1" 200 878
51.222.253.12 - - [16/Jan/2024:00:32:10 -0500] "GET /en-bosa-distrito-inicio-la-consolidacion-de-las-zonas-urbanas-por-un-mejor-aire.html HTTP/1.1" 200 942
51.222.253.5 - - [16/Jan/2024:00:32:10 -0500] "GET /un-respiro-para-el-ambiente-durante-la-jornada-de-dia-sin-carro-y-sin-moto.html HTTP/1.1" 200 702
51.222.253.9 - - [16/Jan/2024:00:32:12 -0500] "GET /alcaldesa-claudia-lopez-inicio-plantacion-de-300-nuevos-arboles-en-el-humedal-torca-guaymaral-y-libero-49-animales-silvestres.html HTTP/1.1" 200 916
201.245.192.253 - - [16/Jan/2024:00:32:19 -0500] "POST /forms/lservlet;jsessionid=ac16012b30d6947c1f7f67e648598dd0e716ce7e24d2.e3iSbxaKaheRe3qKcheMbNuKc41ynknvrkLOlQzNp65In0 HTTP/1.1" 200 2
47.128.55.71 - - [16/Jan/2024:00:31:59 -0500] "GET /portaldeninos/wp-content/uploads/2020/01/Tierra-escenario.jpg HTTP/1.1" 200 181491
47.128.55.71 - - [16/Jan/2024:00:31:57 -0500] "GET /portaldeninos/wp-content/uploads/2018/10/oso.jpg HTTP/1.1" 200 305180
47.128.55.71 - - [16/Jan/2024:00:32:27 -0500] "GET /portaldeninos/wp-content/uploads/2020/05/fb.jpg HTTP/1.1" 200 9893
47.128.55.71 - - [16/Jan/2024:00:32:28 -0500] "GET /portaldeninos/wp-content/uploads/2020/06/yt.jpg HTTP/1.1" 200 10577
47.128.55.71 - - [16/Jan/2024:00:32:28 -0500] "GET /portaldeninos/wp-content/uploads/2020/05/ig.jpg HTTP/1.1" 200 11470
47.128.55.71 - - [16/Jan/2024:00:31:58 -0500] "GET /portaldeninos/wp-content/uploads/2018/11/tigrillo.jpg HTTP/1.1" 200 301319
47.128.55.71 - - [16/Jan/2024:00:32:28 -0500] "GET /portaldeninos/wp-content/uploads/2020/06/tw.jpg HTTP/1.1" 200 11056
47.128.55.71 - - [16/Jan/2024:00:31:59 -0500] "GET /portaldeninos/wp-content/uploads/2020/01/Frailejon-escenario.jpg HTTP/1.1" 200 301318
47.128.55.71 - - [16/Jan/2024:00:32:30 -0500] "GET /portaldeninos/wp-json/pum/v1/analytics/?event=open&pid=1126&_cache=1705383158373 HTTP/1.1" 204 -
47.128.55.71 - - [16/Jan/2024:00:32:01 -0500] "GET /portaldeninos/wp-content/uploads/2018/11/caneca.jpg HTTP/1.1" 200 262661
47.128.55.71 - - [16/Jan/2024:00:32:10 -0500] "GET /portaldeninos/wp-content/uploads/2022/08/HUmedalConejera03-1.jpg HTTP/1.1" 200 309508
47.128.55.71 - - [16/Jan/2024:00:32:24 -0500] "GET /portaldeninos/wp-content/uploads/2022/08/Infograf%C3%ADa-humedales-actualizada.png HTTP/1.1" 200 235783
201.245.192.253 - - [16/Jan/2024:00:34:19 -0500] "POST /forms/lservlet;jsessionid=ac16012b30d6947c1f7f67e648598dd0e716ce7e24d2.e3iSbxaKaheRe3qKcheMbNuKc41ynknvrkLOlQzNp65In0 HTTP/1.1" 200 2
201.245.192.253 - - [16/Jan/2024:00:34:27 -0500] "POST /kwsrmcab/Wsrmcab HTTP/1.1" 200 38519
201.245.192.253 - - [16/Jan/2024:00:34:30 -0500] "POST /kwsrmcab/Wsrmcab HTTP/1.1" 200 39117
172.22.2.4 - - [16/Jan/2024:00:33:29 -0500] "HEAD /BLA/boletinlegal/ HTTP/1.1" 200 -
201.245.192.253 - - [16/Jan/2024:00:35:06 -0500] "POST /kwsrmcab/Wsrmcab  HTTP/1.1" 200 39275
216.245.221.92 - - [16/Jan/2024:00:35:46 -0500] "HEAD / HTTP/1.1" 200 -
172.22.2.4 - - [16/Jan/2024:00:34:20 -0500] "GET /BLA/boletinlegal/ HTTP/1.1" 200 60529
201.245.192.253 - - [16/Jan/2024:00:36:19 -0500] "POST /forms/lservlet;jsessionid=ac16012b30d6947c1f7f67e648598dd0e716ce7e24d2.e3iSbxaKaheRe3qKcheMbNuKc41ynknvrkLOlQzNp65In0 HTTP/1.1" 200 2
172.22.2.4 - - [16/Jan/2024:00:37:32 -0500] "GET /BLA/boletinlegal/ HTTP/1.1" 200 24523
201.245.192.253 - - [16/Jan/2024:00:38:19 -0500] "POST /forms/lservlet;jsessionid=ac16012b30d6947c1f7f67e648598dd0e716ce7e24d2.e3iSbxaKaheRe3qKcheMbNuKc41ynknvrkLOlQzNp65In0 HTTP/1.1" 200 2
201.245.192.253 - - [16/Jan/2024:00:38:48 -0500] "POST /kwsrmcab/Wsrmcab HTTP/1.1" 200 38519
40.77.167.132 - - [16/Jan/2024:00:39:23 -0500] "GET /BLA/resoluciones/AUTOS%202020/2220.pdf HTTP/1.1" 200 484207
201.245.192.253 - - [16/Jan/2024:00:39:30 -0500] "POST /kwsrmcab/Wsrmcab HTTP/1.1" 200 39117
201.245.192.253 - - [16/Jan/2024:00:40:06 -0500] "POST /kwsrmcab/Wsrmcab  HTTP/1.1" 200 39275
5.255.231.103 - - [16/Jan/2024:00:40:15 -0500] "GET /robots.txt HTTP/1.1" 404 1034
95.108.213.103 - - [16/Jan/2024:00:40:15 -0500] "GET /las-tres-caminatas-para-cerrar-el-ano-entre-la-naturaleza.html HTTP/1.1" 200 776
201.245.192.253 - - [16/Jan/2024:00:40:19 -0500] "POST /forms/lservlet;jsessionid=ac16012b30d6947c1f7f67e648598dd0e716ce7e24d2.e3iSbxaKaheRe3qKcheMbNuKc41ynknvrkLOlQzNp65In0 HTTP/1.1" 200 2
216.245.221.92 - - [16/Jan/2024:00:40:46 -0500] "HEAD / HTTP/1.1" 200 -
172.22.2.4 - - [16/Jan/2024:00:39:19 -0500] "HEAD /BLA/boletinlegal/ HTTP/1.1" 200 -
173.252.127.17 - - [16/Jan/2024:00:41:13 -0500] "GET /images/foto%202.jpg HTTP/1.1" 200 63300
172.22.2.4 - - [16/Jan/2024:00:40:10 -0500] "GET /BLA/boletinlegal/ HTTP/1.1" 200 50644
69.171.249.9 - - [16/Jan/2024:00:42:03 -0500] "GET /inicia-el-2024-conociendo-la-biodiversidad-de-bogoti.html HTTP/1.1" 200 894
69.171.249.117 - - [16/Jan/2024:00:42:03 -0500] "GET /inicia-el-2024-conociendo-la-biodiversidad-de-bogoti.html HTTP/1.1" 200 894
201.245.192.253 - - [16/Jan/2024:00:42:19 -0500] "POST /forms/lservlet;jsessionid=ac16012b30d6947c1f7f67e648598dd0e716ce7e24d2.e3iSbxaKaheRe3qKcheMbNuKc41ynknvrkLOlQzNp65In0 HTTP/1.1" 200 2
201.245.192.253 - - [16/Jan/2024:00:44:19 -0500] "POST /forms/lservlet;jsessionid=ac16012b30d6947c1f7f67e648598dd0e716ce7e24d2.e3iSbxaKaheRe3qKcheMbNuKc41ynknvrkLOlQzNp65In0 HTTP/1.1" 200 2
216.244.66.195 - - [16/Jan/2024:00:44:24 -0500] "GET /BLA/resoluciones/AUTOS%202022/3388.pdf HTTP/1.1" 200 406395
216.244.66.195 - - [16/Jan/2024:00:44:41 -0500] "GET /BLA/resoluciones/AUTOS%202022/3812.pdf HTTP/1.1" 200 385275
216.244.66.195 - - [16/Jan/2024:00:44:56 -0500] "GET /BLA/resoluciones/AUTOS%202022/4201.pdf HTTP/1.1" 200 365702
216.244.66.195 - - [16/Jan/2024:00:45:07 -0500] "GET /BLA/resoluciones/AUTOS%202022/5021.pdf HTTP/1.1" 200 394926
201.245.192.253 - - [16/Jan/2024:00:45:05 -0500] "POST /kwsrmcab/Wsrmcab  HTTP/1.1" 200 39275
216.245.221.92 - - [16/Jan/2024:00:45:46 -0500] "HEAD / HTTP/1.1" 200 -
201.245.192.253 - - [16/Jan/2024:00:46:19 -0500] "POST /forms/lservlet;jsessionid=ac16012b30d6947c1f7f67e648598dd0e716ce7e24d2.e3iSbxaKaheRe3qKcheMbNuKc41ynknvrkLOlQzNp65In0 HTTP/1.1" 200 2
172.22.2.4 - - [16/Jan/2024:00:45:09 -0500] "HEAD /BLA/boletinlegal/ HTTP/1.1" 200 -
172.22.2.4 - - [16/Jan/2024:00:46:00 -0500] "GET /BLA/boletinlegal/ HTTP/1.1" 200 58666
152.203.196.141 - - [16/Jan/2024:00:47:43 -0500] "POST /sipse/faces/presentacion/financiero/solicitudProceso/listarSolicitudProceso.xhtml HTTP/1.1" 200 34688
152.203.196.141 - - [16/Jan/2024:00:47:44 -0500] "POST /sipse/faces/presentacion/financiero/solicitudProceso/listarSolicitudProceso.xhtml HTTP/1.1" 200 4853
152.203.196.141 - - [16/Jan/2024:00:47:46 -0500] "POST /sipse/faces/presentacion/financiero/solicitudProceso/listarSolicitudProceso.xhtml HTTP/1.1" 200 34688
152.203.196.141 - - [16/Jan/2024:00:47:47 -0500] "POST /sipse/faces/presentacion/financiero/solicitudProceso/listarSolicitudProceso.xhtml HTTP/1.1" 200 16911
152.203.196.141 - - [16/Jan/2024:00:47:48 -0500] "POST /sipse/faces/presentacion/financiero/solicitudProceso/listarSolicitudProceso.xhtml HTTP/1.1" 200 7885
152.203.196.141 - - [16/Jan/2024:00:47:55 -0500] "POST /sipse/faces/presentacion/financiero/solicitudProceso/listarSolicitudProceso.xhtml HTTP/1.1" 200 120168
152.203.196.141 - - [16/Jan/2024:00:47:55 -0500] "GET /sipse/faces/javax.faces.resource/theme.css?ln=primefaces-sipse HTTP/1.1" 304 -
152.203.196.141 - - [16/Jan/2024:00:47:55 -0500] "GET /sipse/faces/javax.faces.resource/layout/layout.css?ln=primefaces&v=4.0 HTTP/1.1" 304 -
152.203.196.141 - - [16/Jan/2024:00:47:55 -0500] "GET /sipse/faces/javax.faces.resource/primefaces.css?ln=primefaces&v=4.0 HTTP/1.1" 304 -
152.203.196.141 - - [16/Jan/2024:00:47:55 -0500] "GET /sipse/css/imagen/contrasena.png HTTP/1.1" 404 383
152.203.196.141 - - [16/Jan/2024:00:47:56 -0500] "GET /sipse/faces/javax.faces.resource/jquery/jquery.js?ln=primefaces&v=4.0 HTTP/1.1" 304 -
152.203.196.141 - - [16/Jan/2024:00:47:56 -0500] "GET /sipse/faces/javax.faces.resource/jquery/jquery-plugins.js?ln=primefaces&v=4.0 HTTP/1.1" 304 -
152.203.196.141 - - [16/Jan/2024:00:47:56 -0500] "GET /sipse/faces/javax.faces.resource/primefaces.js?ln=primefaces&v=4.0 HTTP/1.1" 304 -
152.203.196.141 - - [16/Jan/2024:00:47:56 -0500] "GET /sipse/faces/javax.faces.resource/layout/layout.js?ln=primefaces&v=4.0 HTTP/1.1" 304 -
152.203.196.141 - - [16/Jan/2024:00:47:56 -0500] "GET /sipse/faces/javax.faces.resource/images/ui-icons_898989_256x240.png?ln=primefaces-aristo HTTP/1.1" 304 -
168.119.52.80 - - [16/Jan/2024:00:48:15 -0500] "GET / HTTP/1.1" 200 319
168.119.52.80 - - [16/Jan/2024:00:48:17 -0500] "GET / HTTP/1.1" 200 4720
201.245.192.253 - - [16/Jan/2024:00:48:19 -0500] "POST /forms/lservlet;jsessionid=ac16012b30d6947c1f7f67e648598dd0e716ce7e24d2.e3iSbxaKaheRe3qKcheMbNuKc41ynknvrkLOlQzNp65In0 HTTP/1.1" 200 2
152.203.196.141 - - [16/Jan/2024:00:49:18 -0500] "GET /sipse/faces/javax.faces.resource/images/ui-bg_flat_0_2d5972_40x100.png?ln=primefaces-aristo HTTP/1.1" 304 -
152.203.196.141 - - [16/Jan/2024:00:49:18 -0500] "POST /sipse/faces/presentacion/financiero/solicitudProceso/consultarSolicitudProceso.xhtml HTTP/1.1" 200 46065
152.203.196.141 - - [16/Jan/2024:00:49:18 -0500] "GET /sipse/faces/javax.faces.resource/theme.css?ln=primefaces-sipse HTTP/1.1" 304 -
152.203.196.141 - - [16/Jan/2024:00:49:18 -0500] "GET /sipse/faces/javax.faces.resource/primefaces.css?ln=primefaces&v=4.0 HTTP/1.1" 304 -
152.203.196.141 - - [16/Jan/2024:00:49:18 -0500] "GET /sipse/faces/javax.faces.resource/layout/layout.css?ln=primefaces&v=4.0 HTTP/1.1" 304 -
152.203.196.141 - - [16/Jan/2024:00:49:18 -0500] "GET /sipse/faces/javax.faces.resource/jquery/jquery.js?ln=primefaces&v=4.0 HTTP/1.1" 304 -
152.203.196.141 - - [16/Jan/2024:00:49:18 -0500] "GET /sipse/faces/javax.faces.resource/jquery/jquery-plugins.js?ln=primefaces&v=4.0 HTTP/1.1" 304 -
152.203.196.141 - - [16/Jan/2024:00:49:18 -0500] "GET /sipse/faces/javax.faces.resource/primefaces.js?ln=primefaces&v=4.0 HTTP/1.1" 304 -
152.203.196.141 - - [16/Jan/2024:00:49:18 -0500] "GET /sipse/faces/javax.faces.resource/layout/layout.js?ln=primefaces&v=4.0 HTTP/1.1" 304 -
152.203.196.141 - - [16/Jan/2024:00:49:18 -0500] "GET /sipse/css/imagen/contrasena.png HTTP/1.1" 404 383
216.244.66.195 - - [16/Jan/2024:00:49:23 -0500] "GET /BLA/resoluciones/AUTOS%202015/0527.pdf HTTP/1.1" 200 187549
216.244.66.195 - - [16/Jan/2024:00:49:32 -0500] "GET /BLA/resoluciones/AUTOS%202015/0537.pdf HTTP/1.1" 200 522911
216.244.66.195 - - [16/Jan/2024:00:49:41 -0500] "GET /BLA/resoluciones/AUTOS%202015/2074.pdf HTTP/1.1" 200 475909
201.245.192.253 - - [16/Jan/2024:00:50:04 -0500] "POST /kwsrmcab/Wsrmcab  HTTP/1.1" 200 39275
152.203.196.141 - - [16/Jan/2024:00:50:06 -0500] "POST /sipse/faces/presentacion/financiero/estudioPrevio/personalSolicitado/personalSolicitadoSolicitudProceso.xhtml HTTP/1.1" 200 36801
152.203.196.141 - - [16/Jan/2024:00:50:07 -0500] "GET /sipse/faces/javax.faces.resource/theme.css?ln=primefaces-sipse HTTP/1.1" 304 -
152.203.196.141 - - [16/Jan/2024:00:50:07 -0500] "GET /sipse/faces/javax.faces.resource/layout/layout.css?ln=primefaces&v=4.0 HTTP/1.1" 304 -
152.203.196.141 - - [16/Jan/2024:00:50:07 -0500] "GET /sipse/faces/javax.faces.resource/primefaces.css?ln=primefaces&v=4.0 HTTP/1.1" 304 -
152.203.196.141 - - [16/Jan/2024:00:50:07 -0500] "GET /sipse/faces/javax.faces.resource/jquery/jquery.js?ln=primefaces&v=4.0 HTTP/1.1" 304 -
152.203.196.141 - - [16/Jan/2024:00:50:07 -0500] "GET /sipse/faces/javax.faces.resource/jquery/jquery-plugins.js?ln=primefaces&v=4.0 HTTP/1.1" 304 -
152.203.196.141 - - [16/Jan/2024:00:50:07 -0500] "GET /sipse/faces/javax.faces.resource/primefaces.js?ln=primefaces&v=4.0 HTTP/1.1" 304 -
152.203.196.141 - - [16/Jan/2024:00:50:07 -0500] "GET /sipse/faces/javax.faces.resource/layout/layout.js?ln=primefaces&v=4.0 HTTP/1.1" 304 -
216.244.66.195 - - [16/Jan/2024:00:50:11 -0500] "GET /BLA/resoluciones/AUTOS%202015/3119.pdf HTTP/1.1" 200 486212
