216.245.221.92 - - [22/Jan/2024:01:53:46 -0500] "HEAD / HTTP/1.1" 200 -
5.255.231.43 - - [22/Jan/2024:01:54:28 -0500] "GET /robots.txt HTTP/1.1" 404 1034
5.255.231.147 - - [22/Jan/2024:01:54:28 -0500] "GET / HTTP/1.1" 200 4720
172.22.2.4 - - [22/Jan/2024:01:54:21 -0500] "HEAD /BLA/boletinlegal/ HTTP/1.1" 200 -
172.22.2.4 - - [22/Jan/2024:01:55:12 -0500] "GET /BLA/boletinlegal/ HTTP/1.1" 200 32715
172.22.2.4 - - [22/Jan/2024:01:55:35 -0500] "GET /BLA/boletinlegal/ HTTP/1.1" 200 32715
172.22.2.4 - - [22/Jan/2024:01:55:12 -0500] "GET /BLA/boletinlegal/ HTTP/1.1" 200 43820
172.22.2.4 - - [22/Jan/2024:01:56:00 -0500] "GET /BLA/boletinlegal/ HTTP/1.1" 200 32715
172.22.2.4 - - [22/Jan/2024:01:57:11 -0500] "GET /BLA/boletinlegal/actos.php HTTP/1.1" 200 9684
85.208.96.206 - - [22/Jan/2024:01:57:33 -0500] "GET /robots.txt HTTP/1.1" 404 1034
85.208.96.200 - - [22/Jan/2024:01:57:33 -0500] "GET /procesar.php HTTP/1.1" 200 891
172.22.2.4 - - [22/Jan/2024:01:57:17 -0500] "GET /BLA/boletinlegal/index.php HTTP/1.1" 200 36811
201.245.192.253 - - [22/Jan/2024:01:58:26 -0500] "POST /kwsrmcab/Wsrmcab  HTTP/1.1" 200 213
172.22.2.4 - - [22/Jan/2024:01:57:41 -0500] "GET /BLA/boletinlegal/index.php HTTP/1.1" 200 36811
172.22.2.4 - - [22/Jan/2024:01:58:06 -0500] "GET /BLA/boletinlegal/index.php HTTP/1.1" 200 32715
172.22.2.4 - - [22/Jan/2024:01:59:07 -0500] "GET /BLA/boletinlegal/doctrina.php HTTP/1.1" 200 5614
172.22.2.4 - - [22/Jan/2024:01:59:28 -0500] "GET /BLA/boletinlegal/conceptos.php HTTP/1.1" 200 7496
172.22.2.4 - - [22/Jan/2024:01:59:30 -0500] "GET /BLA/boletinlegal/normativa.php HTTP/1.1" 200 8343
172.22.2.4 - - [22/Jan/2024:02:00:32 -0500] "GET /BLA/boletinlegal/norma_menu.php HTTP/1.1" 200 6328
172.22.2.4 - - [22/Jan/2024:02:01:01 -0500] "GET /BLA/boletinlegal/sugerencias.php HTTP/1.1" 200 8615
216.245.221.92 - - [22/Jan/2024:02:01:54 -0500] "HEAD / HTTP/1.1" 200 -
172.22.2.4 - - [22/Jan/2024:02:00:15 -0500] "HEAD /BLA/boletinlegal/ HTTP/1.1" 200 -
172.22.2.4 - - [22/Jan/2024:02:01:16 -0500] "GET /BLA/boletinlegal/ HTTP/1.1" 200 61393
201.245.192.253 - - [22/Jan/2024:02:03:25 -0500] "POST /kwsrmcab/Wsrmcab  HTTP/1.1" 200 213
66.249.66.165 - - [22/Jan/2024:02:03:39 -0500] "GET /robots.txt HTTP/1.1" 404 1035
66.249.66.165 - - [22/Jan/2024:02:03:40 -0500] "GET /portaldeninos/parque-mirador-de-los-nevados/ HTTP/1.1" 503 1037
71.6.232.23 - - [22/Jan/2024:02:04:12 -0500] "GET / HTTP/1.1" 200 319
216.244.66.195 - - [22/Jan/2024:02:06:04 -0500] "GET /BLA/resoluciones/AUTOS%202012/0188.pdf HTTP/1.1" 200 778995
216.244.66.195 - - [22/Jan/2024:02:06:11 -0500] "GET /BLA/resoluciones/AUTOS%202012/0456.pdf HTTP/1.1" 200 151119
216.244.66.195 - - [22/Jan/2024:02:06:16 -0500] "GET /BLA/resoluciones/AUTOS%202012/0717.pdf HTTP/1.1" 200 270696
216.244.66.195 - - [22/Jan/2024:02:06:20 -0500] "GET /BLA/resoluciones/AUTOS%202012/1636.pdf HTTP/1.1" 200 2109790
216.244.66.195 - - [22/Jan/2024:02:06:43 -0500] "GET /BLA/resoluciones/AUTOS%202012/1710.pdf HTTP/1.1" 200 211910
216.244.66.195 - - [22/Jan/2024:02:06:49 -0500] "GET /BLA/resoluciones/AUTOS%202012/1847.pdf HTTP/1.1" 200 285519
216.245.221.92 - - [22/Jan/2024:02:06:54 -0500] "HEAD / HTTP/1.1" 200 -
216.244.66.195 - - [22/Jan/2024:02:06:55 -0500] "GET /BLA/resoluciones/AUTOS%202012/1863.pdf HTTP/1.1" 200 268677
216.244.66.195 - - [22/Jan/2024:02:07:06 -0500] "GET /BLA/resoluciones/AUTOS%202012/1873.pdf HTTP/1.1" 200 495754
216.244.66.195 - - [22/Jan/2024:02:07:14 -0500] "GET /BLA/resoluciones/AUTOS%202012/2171.pdf HTTP/1.1" 200 609580
216.244.66.195 - - [22/Jan/2024:02:07:28 -0500] "GET /BLA/resoluciones/AUTOS%202012/2226.pdf HTTP/1.1" 200 1663489
216.244.66.195 - - [22/Jan/2024:02:07:44 -0500] "GET /BLA/resoluciones/AUTOS%202012/2490.pdf HTTP/1.1" 200 356850
172.22.2.4 - - [22/Jan/2024:02:06:15 -0500] "HEAD /BLA/boletinlegal/ HTTP/1.1" 200 -
216.244.66.195 - - [22/Jan/2024:02:07:57 -0500] "GET /BLA/resoluciones/AUTOS%202012/2567.pdf HTTP/1.1" 200 398804
216.244.66.195 - - [22/Jan/2024:02:08:13 -0500] "GET /BLA/resoluciones/AUTOS%202012/2637.pdf HTTP/1.1" 200 833866
201.245.192.253 - - [22/Jan/2024:02:08:24 -0500] "POST /kwsrmcab/Wsrmcab  HTTP/1.1" 200 213
216.244.66.195 - - [22/Jan/2024:02:08:34 -0500] "GET /BLA/resoluciones/AUTOS%202012/2693.pdf HTTP/1.1" 200 443288
216.244.66.195 - - [22/Jan/2024:02:08:55 -0500] "GET /BLA/resoluciones/AUTOS%202012/3098.pdf HTTP/1.1" 200 2046946
216.244.66.195 - - [22/Jan/2024:02:09:15 -0500] "GET /BLA/resoluciones/AUTOS%202013/0083.pdf HTTP/1.1" 200 298738
216.244.66.195 - - [22/Jan/2024:02:09:30 -0500] "GET /BLA/resoluciones/AUTOS%202013/0386.pdf HTTP/1.1" 200 221289
216.244.66.195 - - [22/Jan/2024:02:09:45 -0500] "GET /BLA/resoluciones/AUTOS%202013/0649.pdf HTTP/1.1" 200 1139580
216.244.66.195 - - [22/Jan/2024:02:09:59 -0500] "GET /BLA/resoluciones/AUTOS%202013/0850.pdf HTTP/1.1" 200 793774
216.244.66.195 - - [22/Jan/2024:02:10:12 -0500] "GET /BLA/resoluciones/AUTOS%202013/0976.pdf HTTP/1.1" 200 1387822
172.22.2.4 - - [22/Jan/2024:02:08:35 -0500] "GET /BLA/boletinlegal/ HTTP/1.1" 200 62905
216.244.66.195 - - [22/Jan/2024:02:10:28 -0500] "GET /BLA/resoluciones/AUTOS%202013/1119.pdf HTTP/1.1" 200 1174305
216.244.66.195 - - [22/Jan/2024:02:10:41 -0500] "GET /BLA/resoluciones/AUTOS%202013/2216.pdf HTTP/1.1" 200 473666
216.244.66.195 - - [22/Jan/2024:02:10:53 -0500] "GET /BLA/resoluciones/AUTOS%202013/2270.pdf HTTP/1.1" 200 308239
216.244.66.195 - - [22/Jan/2024:02:11:03 -0500] "GET /BLA/resoluciones/AUTOS%202013/2432.pdf HTTP/1.1" 200 852734
216.244.66.195 - - [22/Jan/2024:02:11:13 -0500] "GET /BLA/resoluciones/AUTOS%202013/2489.pdf HTTP/1.1" 200 841576
216.244.66.195 - - [22/Jan/2024:02:11:21 -0500] "GET /BLA/resoluciones/AUTOS%202013/2508.pdf HTTP/1.1" 200 1256884
216.244.66.195 - - [22/Jan/2024:02:11:30 -0500] "GET /BLA/resoluciones/AUTOS%202013/2518.pdf HTTP/1.1" 200 1244388
216.244.66.195 - - [22/Jan/2024:02:11:37 -0500] "GET /BLA/resoluciones/AUTOS%202013/2699.pdf HTTP/1.1" 200 493775
216.244.66.195 - - [22/Jan/2024:02:11:44 -0500] "GET /BLA/resoluciones/AUTOS%202014/0384.pdf HTTP/1.1" 200 467650
216.244.66.195 - - [22/Jan/2024:02:11:49 -0500] "GET /BLA/resoluciones/AUTOS%202014/0466.pdf HTTP/1.1" 200 308982
216.245.221.92 - - [22/Jan/2024:02:11:54 -0500] "HEAD / HTTP/1.1" 200 -
216.244.66.195 - - [22/Jan/2024:02:12:03 -0500] "GET /BLA/resoluciones/AUTOS%202014/0876.pdf HTTP/1.1" 200 496553
216.244.66.195 - - [22/Jan/2024:02:12:16 -0500] "GET /BLA/resoluciones/AUTOS%202014/1062.pdf HTTP/1.1" 200 230017
157.230.243.82 - - [22/Jan/2024:02:12:24 -0500] "GET /BLA/boletinlegal/Circulares/2009/Circular%20Instructiva%20-%20Memorando%202009IE24363.pdf HTTP/1.1" 200 1544636
45.77.36.130 - - [22/Jan/2024:02:12:25 -0500] "GET /BLA/boletinlegal/Circulares/2009/Circular%20Instructiva%20-%20Memorando%202009IE24363.pdf HTTP/1.1" 200 1544636
216.244.66.195 - - [22/Jan/2024:02:12:25 -0500] "GET /BLA/resoluciones/AUTOS%202014/1129.pdf HTTP/1.1" 200 373342
216.244.66.195 - - [22/Jan/2024:02:12:38 -0500] "GET /BLA/resoluciones/AUTOS%202014/1131.pdf HTTP/1.1" 200 398800
52.167.144.218 - - [22/Jan/2024:02:12:39 -0500] "GET /BLA/resoluciones/AUTOS%202020/1373.pdf HTTP/1.1" 200 359150
216.244.66.195 - - [22/Jan/2024:02:12:49 -0500] "GET /BLA/resoluciones/AUTOS%202014/1354.pdf HTTP/1.1" 200 480955
216.244.66.195 - - [22/Jan/2024:02:12:57 -0500] "GET /BLA/resoluciones/AUTOS%202014/1412.pdf HTTP/1.1" 200 479391
216.244.66.195 - - [22/Jan/2024:02:13:04 -0500] "GET /BLA/resoluciones/AUTOS%202014/1614.pdf HTTP/1.1" 200 254666
216.244.66.195 - - [22/Jan/2024:02:13:10 -0500] "GET /BLA/resoluciones/AUTOS%202015/0333.pdf HTTP/1.1" 200 539774
216.244.66.195 - - [22/Jan/2024:02:13:16 -0500] "GET /BLA/resoluciones/AUTOS%202015/0339.pdf HTTP/1.1" 200 547524
216.244.66.195 - - [22/Jan/2024:02:13:23 -0500] "GET /BLA/resoluciones/AUTOS%202015/0562.pdf HTTP/1.1" 200 522375
201.245.192.253 - - [22/Jan/2024:02:13:22 -0500] "POST /kwsrmcab/Wsrmcab  HTTP/1.1" 200 213
216.244.66.195 - - [22/Jan/2024:02:13:28 -0500] "GET /BLA/resoluciones/AUTOS%202015/1432.pdf HTTP/1.1" 200 547249
216.244.66.195 - - [22/Jan/2024:02:13:33 -0500] "GET /BLA/resoluciones/AUTOS%202015/1774.pdf HTTP/1.1" 200 518090
216.244.66.195 - - [22/Jan/2024:02:13:38 -0500] "GET /BLA/resoluciones/AUTOS%202015/3238.pdf HTTP/1.1" 200 521933
216.244.66.195 - - [22/Jan/2024:02:13:42 -0500] "GET /BLA/resoluciones/AUTOS%202018/0026.pdf HTTP/1.1" 200 290318
216.244.66.195 - - [22/Jan/2024:02:13:45 -0500] "GET /BLA/resoluciones/AUTOS%202018/0041.pdf HTTP/1.1" 200 266798
216.244.66.195 - - [22/Jan/2024:02:13:48 -0500] "GET /BLA/resoluciones/AUTOS%202018/0477.pdf HTTP/1.1" 200 287654
216.244.66.195 - - [22/Jan/2024:02:13:51 -0500] "GET /BLA/resoluciones/AUTOS%202018/0661.pdf HTTP/1.1" 200 254590
216.244.66.195 - - [22/Jan/2024:02:13:54 -0500] "GET /BLA/resoluciones/AUTOS%202018/0805.pdf HTTP/1.1" 200 277382
216.244.66.195 - - [22/Jan/2024:02:13:57 -0500] "GET /BLA/resoluciones/AUTOS%202018/1310.pdf HTTP/1.1" 200 276766
216.244.66.195 - - [22/Jan/2024:02:14:01 -0500] "GET /BLA/resoluciones/AUTOS%202018/1829.pdf HTTP/1.1" 200 295172
216.244.66.195 - - [22/Jan/2024:02:14:04 -0500] "GET /BLA/resoluciones/AUTOS%202018/1871.pdf HTTP/1.1" 200 284873
216.244.66.195 - - [22/Jan/2024:02:14:07 -0500] "GET /BLA/resoluciones/AUTOS%202018/2128.pdf HTTP/1.1" 200 284289
216.244.66.195 - - [22/Jan/2024:02:14:09 -0500] "GET /BLA/resoluciones/AUTOS%202018/2762.pdf HTTP/1.1" 200 284478
216.244.66.195 - - [22/Jan/2024:02:14:12 -0500] "GET /BLA/resoluciones/AUTOS%202018/3585.pdf HTTP/1.1" 200 259428
216.244.66.195 - - [22/Jan/2024:02:14:15 -0500] "GET /BLA/resoluciones/AUTOS%202019/0164.pdf HTTP/1.1" 200 237763
216.244.66.195 - - [22/Jan/2024:02:14:17 -0500] "GET /BLA/resoluciones/AUTOS%202019/0954.pdf HTTP/1.1" 200 312263
216.244.66.195 - - [22/Jan/2024:02:14:20 -0500] "GET /BLA/resoluciones/AUTOS%202019/1163.pdf HTTP/1.1" 200 321110
216.244.66.195 - - [22/Jan/2024:02:14:25 -0500] "GET /BLA/resoluciones/AUTOS%202019/1297.pdf HTTP/1.1" 200 314273
216.244.66.195 - - [22/Jan/2024:02:14:28 -0500] "GET /BLA/resoluciones/AUTOS%202019/1632.pdf HTTP/1.1" 200 282116
216.244.66.195 - - [22/Jan/2024:02:14:31 -0500] "GET /BLA/resoluciones/RESOLUCIONES%202011/0544.pdf HTTP/1.1" 200 66853
216.244.66.195 - - [22/Jan/2024:02:14:33 -0500] "GET /BLA/resoluciones/RESOLUCIONES%202011/0828.pdf HTTP/1.1" 200 75323
216.244.66.195 - - [22/Jan/2024:02:14:35 -0500] "GET /BLA/resoluciones/RESOLUCIONES%202011/0931.pdf HTTP/1.1" 200 66939
216.244.66.195 - - [22/Jan/2024:02:14:39 -0500] "GET /BLA/resoluciones/RESOLUCIONES%202011/0990.pdf HTTP/1.1" 200 63791
216.244.66.195 - - [22/Jan/2024:02:14:42 -0500] "GET /BLA/resoluciones/RESOLUCIONES%202011/1171.pdf HTTP/1.1" 200 276406
201.245.192.253 - - [22/Jan/2024:02:14:58 -0500] "POST /kwsrmcab/Wsrmcab HTTP/1.1" 200 39140
216.244.66.195 - - [22/Jan/2024:02:15:02 -0500] "GET /BLA/resoluciones/RESOLUCIONES%202011/1186.pdf HTTP/1.1" 200 305382
201.245.192.253 - - [22/Jan/2024:02:15:01 -0500] "POST /kwsrmcab/Wsrmcab HTTP/1.1" 200 35978
172.22.2.4 - - [22/Jan/2024:02:13:34 -0500] "HEAD /BLA/boletinlegal/ HTTP/1.1" 200 -
216.244.66.195 - - [22/Jan/2024:02:15:19 -0500] "GET /BLA/resoluciones/RESOLUCIONES%202011/1307.pdf HTTP/1.1" 200 73777
216.244.66.195 - - [22/Jan/2024:02:15:33 -0500] "GET /BLA/resoluciones/RESOLUCIONES%202011/1610.pdf HTTP/1.1" 200 77567
216.244.66.195 - - [22/Jan/2024:02:15:46 -0500] "GET /BLA/resoluciones/RESOLUCIONES%202011/2400.pdf HTTP/1.1" 200 308175
52.167.144.204 - - [22/Jan/2024:02:15:59 -0500] "GET /BLA/resoluciones/AUTOS%202018/04141.pdf HTTP/1.1" 200 207930
172.22.2.4 - - [22/Jan/2024:02:14:25 -0500] "GET /BLA/boletinlegal/ HTTP/1.1" 200 59050
216.245.221.92 - - [22/Jan/2024:02:16:54 -0500] "HEAD / HTTP/1.1" 200 -
201.245.192.253 - - [22/Jan/2024:02:18:20 -0500] "POST /kwsrmcab/Wsrmcab  HTTP/1.1" 200 213
201.245.192.253 - - [22/Jan/2024:02:19:25 -0500] "POST /kwsrmcab/Wsrmcab HTTP/1.1" 200 36139
172.22.2.4 - - [22/Jan/2024:02:19:37 -0500] "GET /BLA/boletinlegal/robots.txt HTTP/1.1" 404 1038
201.245.192.253 - - [22/Jan/2024:02:20:08 -0500] "POST /kwsrmcab/Wsrmcab HTTP/1.1" 200 35978
172.22.2.4 - - [22/Jan/2024:02:19:24 -0500] "HEAD /BLA/boletinlegal/ HTTP/1.1" 200 -
172.22.2.4 - - [22/Jan/2024:02:19:39 -0500] "GET /BLA/boletinlegal/index.php HTTP/1.1" 200 47110
216.245.221.92 - - [22/Jan/2024:02:21:54 -0500] "HEAD / HTTP/1.1" 200 -
172.22.2.4 - - [22/Jan/2024:02:20:15 -0500] "GET /BLA/boletinlegal/ HTTP/1.1" 200 48877
66.249.66.20 - - [22/Jan/2024:02:22:54 -0500] "GET /BLA/resoluciones/RESOLUCIONES%202013/0372.pdf HTTP/1.1" 200 536090
152.61.128.50 - - [22/Jan/2024:02:23:00 -0500] "GET /arcgis/services/Calidad_del_Agua_WQI/MapServer/WMSServer?request=GetCapabilities&service=WMS HTTP/1.1" 503 1020
152.61.128.50 - - [22/Jan/2024:02:23:01 -0500] "GET /arcgis/services/Calidad_del_Agua_WQI/MapServer/WMSServer?SERVICE=WMS&REQUEST=GetCapabilities HTTP/1.1" 503 1020
152.61.128.50 - - [22/Jan/2024:02:23:01 -0500] "GET /arcgis/services/Calidad_del_Agua_WQI/MapServer/WMSServer?WMTVER=1.0.0&REQUEST=capabilities HTTP/1.1" 503 1020
201.245.192.253 - - [22/Jan/2024:02:23:19 -0500] "POST /kwsrmcab/Wsrmcab  HTTP/1.1" 200 213
201.245.192.253 - - [22/Jan/2024:02:24:58 -0500] "POST /kwsrmcab/Wsrmcab HTTP/1.1" 200 39140
201.245.192.253 - - [22/Jan/2024:02:25:01 -0500] "POST /kwsrmcab/Wsrmcab HTTP/1.1" 200 35978
216.245.221.92 - - [22/Jan/2024:02:26:54 -0500] "HEAD / HTTP/1.1" 200 -
172.22.2.4 - - [22/Jan/2024:02:25:14 -0500] "HEAD /BLA/boletinlegal/ HTTP/1.1" 200 -
185.224.128.191 - - [22/Jan/2024:02:27:42 -0500] "GET / HTTP/1.1" 200 319
172.22.2.4 - - [22/Jan/2024:02:26:11 -0500] "GET /BLA/boletinlegal/ HTTP/1.1" 200 59463
201.245.192.253 - - [22/Jan/2024:02:28:18 -0500] "POST /kwsrmcab/Wsrmcab  HTTP/1.1" 200 213
47.128.32.79 - - [22/Jan/2024:02:28:47 -0500] "GET /BLA/resoluciones/AUTOS%202015/2354.xps HTTP/1.1" 200 769397
52.167.144.21 - - [22/Jan/2024:02:28:58 -0500] "GET /BLA/resoluciones/AUTOS%202014/4057.pdf HTTP/1.1" 200 588357
201.245.192.253 - - [22/Jan/2024:02:29:24 -0500] "POST /kwsrmcab/Wsrmcab HTTP/1.1" 200 36139
201.245.192.253 - - [22/Jan/2024:02:30:08 -0500] "POST /kwsrmcab/Wsrmcab HTTP/1.1" 200 35978
216.245.221.92 - - [22/Jan/2024:02:31:54 -0500] "HEAD / HTTP/1.1" 200 -
31.13.103.8 - - [22/Jan/2024:02:32:11 -0500] "GET /inicia-el-2024-conociendo-la-biodiversidad-de-bogoti.html HTTP/1.1" 200 894
31.13.115.118 - - [22/Jan/2024:02:32:12 -0500] "GET /inicia-el-2024-conociendo-la-biodiversidad-de-bogoti.html HTTP/1.1" 200 894
31.13.115.117 - - [22/Jan/2024:02:32:12 -0500] "GET /inicia-el-2024-conociendo-la-biodiversidad-de-bogoti.html HTTP/1.1" 200 894
172.22.2.4 - - [22/Jan/2024:02:31:10 -0500] "HEAD /BLA/boletinlegal/ HTTP/1.1" 200 -
201.245.192.253 - - [22/Jan/2024:02:33:17 -0500] "POST /kwsrmcab/Wsrmcab  HTTP/1.1" 200 213
172.22.2.4 - - [22/Jan/2024:02:32:01 -0500] "GET /BLA/boletinlegal/ HTTP/1.1" 200 58666
201.245.192.253 - - [22/Jan/2024:02:34:58 -0500] "POST /kwsrmcab/Wsrmcab HTTP/1.1" 200 39140
201.245.192.253 - - [22/Jan/2024:02:35:01 -0500] "POST /kwsrmcab/Wsrmcab HTTP/1.1" 200 35978
157.90.251.233 - - [22/Jan/2024:02:35:05 -0500] "GET / HTTP/1.1" 200 4720
216.244.66.195 - - [22/Jan/2024:02:35:50 -0500] "GET /robots.txt HTTP/1.1" 404 1018
179.19.39.83 - - [22/Jan/2024:02:36:49 -0500] "GET /appsia/controlador HTTP/1.1" 200 4799
216.245.221.92 - - [22/Jan/2024:02:36:54 -0500] "HEAD / HTTP/1.1" 200 -
179.19.39.83 - - [22/Jan/2024:02:37:09 -0500] "POST /appsia/controlador HTTP/1.1" 200 4621
179.19.39.83 - - [22/Jan/2024:02:37:14 -0500] "POST /appsia/controlador HTTP/1.1" 200 69666
179.19.39.83 - - [22/Jan/2024:02:37:24 -0500] "POST /appsia/controlador HTTP/1.1" 200 4621
201.245.192.253 - - [22/Jan/2024:02:38:15 -0500] "POST /kwsrmcab/Wsrmcab  HTTP/1.1" 200 213
172.22.2.4 - - [22/Jan/2024:02:37:00 -0500] "HEAD /BLA/boletinlegal/ HTTP/1.1" 200 -
201.245.192.253 - - [22/Jan/2024:02:39:24 -0500] "POST /kwsrmcab/Wsrmcab HTTP/1.1" 200 36139
172.22.2.4 - - [22/Jan/2024:02:37:51 -0500] "GET /BLA/boletinlegal/ HTTP/1.1" 200 60996
201.245.192.253 - - [22/Jan/2024:02:40:08 -0500] "POST /kwsrmcab/Wsrmcab HTTP/1.1" 200 35978
181.48.255.69 - - [22/Jan/2024:02:40:50 -0500] "GET /sipse/faces/faces/ HTTP/1.1" 302 -
181.48.255.69 - - [22/Jan/2024:02:40:50 -0500] "GET /sipse/faces/autenticacion.xhtml HTTP/1.1" 200 12401
181.48.255.69 - - [22/Jan/2024:02:40:51 -0500] "GET /sipse/js/disable_browser_buttons.js HTTP/1.1" 200 3230
181.48.255.69 - - [22/Jan/2024:02:40:51 -0500] "GET /sipse/css/custom_css_sg_prime_login.css HTTP/1.1" 200 443
181.48.255.69 - - [22/Jan/2024:02:40:51 -0500] "GET /sipse/js/funciones.js HTTP/1.1" 200 12592
181.48.255.69 - - [22/Jan/2024:02:40:51 -0500] "GET /sipse/css/custom_css_sg.css HTTP/1.1" 200 9694
181.48.255.69 - - [22/Jan/2024:02:40:51 -0500] "GET /sipse/faces/javax.faces.resource/primefaces.css?ln=primefaces&v=4.0 HTTP/1.1" 200 53295
181.48.255.69 - - [22/Jan/2024:02:40:51 -0500] "GET /sipse/faces/javax.faces.resource/theme.css?ln=primefaces-sipse HTTP/1.1" 200 50058
181.48.255.69 - - [22/Jan/2024:02:40:51 -0500] "GET /sipse/faces/javax.faces.resource/layout/layout.css?ln=primefaces&v=4.0 HTTP/1.1" 200 542
181.48.255.69 - - [22/Jan/2024:02:40:51 -0500] "GET /sipse/faces/javax.faces.resource/jquery/jquery.js?ln=primefaces&v=4.0 HTTP/1.1" 200 105384
181.48.255.69 - - [22/Jan/2024:02:40:51 -0500] "GET /sipse/faces/javax.faces.resource/jquery/jquery-plugins.js?ln=primefaces&v=4.0 HTTP/1.1" 200 220526
181.48.255.69 - - [22/Jan/2024:02:40:51 -0500] "GET /sipse/faces/javax.faces.resource/primefaces.js?ln=primefaces&v=4.0 HTTP/1.1" 200 276924
181.48.255.69 - - [22/Jan/2024:02:40:51 -0500] "GET /sipse/faces/javax.faces.resource/layout/layout.js?ln=primefaces&v=4.0 HTTP/1.1" 200 87560
181.48.255.69 - - [22/Jan/2024:02:40:52 -0500] "GET /sipse/faces/javax.faces.resource/images/ui-icons_898989_256x240.png?ln=primefaces-aristo HTTP/1.1" 200 5355
181.48.255.69 - - [22/Jan/2024:02:40:52 -0500] "GET /sipse/css/imagen/loginimg.png HTTP/1.1" 200 71635
181.48.255.69 - - [22/Jan/2024:02:40:52 -0500] "GET /sipse/css/imagen/logoSDG.png HTTP/1.1" 200 53064
181.48.255.69 - - [22/Jan/2024:02:40:52 -0500] "GET /sipse/faces/index.xhtml HTTP/1.1" 200 677
181.48.255.69 - - [22/Jan/2024:02:40:53 -0500] "GET /sipse/faces/javax.faces.resource/theme.css?ln=primefaces-sipse HTTP/1.1" 304 -
181.48.255.69 - - [22/Jan/2024:02:40:53 -0500] "GET /sipse/faces/faces/autenticacion.xhtml HTTP/1.1" 200 12401
181.48.255.69 - - [22/Jan/2024:02:40:53 -0500] "GET /sipse/faces/javax.faces.resource/theme.css?ln=primefaces-sipse HTTP/1.1" 304 -
181.48.255.69 - - [22/Jan/2024:02:40:53 -0500] "GET /sipse/faces/javax.faces.resource/layout/layout.js?ln=primefaces&v=4.0 HTTP/1.1" 304 -
181.48.255.69 - - [22/Jan/2024:02:40:53 -0500] "GET /sipse/faces/javax.faces.resource/layout/layout.css?ln=primefaces&v=4.0 HTTP/1.1" 304 -
181.48.255.69 - - [22/Jan/2024:02:40:54 -0500] "GET /sipse/faces/javax.faces.resource/primefaces.css?ln=primefaces&v=4.0 HTTP/1.1" 304 -
181.48.255.69 - - [22/Jan/2024:02:40:54 -0500] "GET /sipse/faces/faces/index.xhtml HTTP/1.1" 200 677
181.48.255.69 - - [22/Jan/2024:02:40:54 -0500] "GET /sipse/faces/javax.faces.resource/theme.css?ln=primefaces-sipse HTTP/1.1" 304 -
181.48.255.69 - - [22/Jan/2024:02:40:55 -0500] "GET /sipse/faces/faces/faces/autenticacion.xhtml HTTP/1.1" 200 12401
181.48.255.69 - - [22/Jan/2024:02:40:55 -0500] "GET /sipse/faces/javax.faces.resource/layout/layout.css?ln=primefaces&v=4.0 HTTP/1.1" 304 -
181.48.255.69 - - [22/Jan/2024:02:40:55 -0500] "GET /sipse/faces/javax.faces.resource/layout/layout.js?ln=primefaces&v=4.0 HTTP/1.1" 304 -
181.48.255.69 - - [22/Jan/2024:02:40:55 -0500] "GET /sipse/faces/javax.faces.resource/primefaces.css?ln=primefaces&v=4.0 HTTP/1.1" 304 -
181.48.255.69 - - [22/Jan/2024:02:40:55 -0500] "GET /sipse/faces/javax.faces.resource/theme.css?ln=primefaces-sipse HTTP/1.1" 304 -
181.48.255.69 - - [22/Jan/2024:02:40:56 -0500] "GET /sipse/faces/faces/faces/index.xhtml HTTP/1.1" 200 677
181.48.255.69 - - [22/Jan/2024:02:40:56 -0500] "GET /sipse/faces/javax.faces.resource/theme.css?ln=primefaces-sipse HTTP/1.1" 304 -
181.48.255.69 - - [22/Jan/2024:02:40:56 -0500] "GET /sipse/faces/faces/faces/faces/autenticacion.xhtml HTTP/1.1" 200 12401
181.48.255.69 - - [22/Jan/2024:02:40:57 -0500] "GET /sipse/faces/javax.faces.resource/layout/layout.js?ln=primefaces&v=4.0 HTTP/1.1" 304 -
181.48.255.69 - - [22/Jan/2024:02:40:57 -0500] "GET /sipse/faces/javax.faces.resource/layout/layout.css?ln=primefaces&v=4.0 HTTP/1.1" 304 -
181.48.255.69 - - [22/Jan/2024:02:40:57 -0500] "GET /sipse/faces/javax.faces.resource/primefaces.css?ln=primefaces&v=4.0 HTTP/1.1" 304 -
181.48.255.69 - - [22/Jan/2024:02:40:57 -0500] "GET /sipse/faces/javax.faces.resource/theme.css?ln=primefaces-sipse HTTP/1.1" 304 -
181.48.255.69 - - [22/Jan/2024:02:40:57 -0500] "GET /sipse/faces/faces/faces/faces/index.xhtml HTTP/1.1" 200 677
181.48.255.69 - - [22/Jan/2024:02:40:58 -0500] "GET /sipse/faces/javax.faces.resource/theme.css?ln=primefaces-sipse HTTP/1.1" 304 -
181.48.255.69 - - [22/Jan/2024:02:40:58 -0500] "GET /sipse/faces/faces/faces/faces/faces/autenticacion.xhtml HTTP/1.1" 200 12401
181.48.255.69 - - [22/Jan/2024:02:40:58 -0500] "GET /sipse/faces/javax.faces.resource/theme.css?ln=primefaces-sipse HTTP/1.1" 304 -
181.48.255.69 - - [22/Jan/2024:02:40:58 -0500] "GET /sipse/faces/javax.faces.resource/layout/layout.css?ln=primefaces&v=4.0 HTTP/1.1" 304 -
181.48.255.69 - - [22/Jan/2024:02:40:58 -0500] "GET /sipse/faces/javax.faces.resource/primefaces.css?ln=primefaces&v=4.0 HTTP/1.1" 304 -
181.48.255.69 - - [22/Jan/2024:02:40:59 -0500] "GET /sipse/faces/javax.faces.resource/layout/layout.js?ln=primefaces&v=4.0 HTTP/1.1" 304 -
181.48.255.69 - - [22/Jan/2024:02:40:59 -0500] "GET /sipse/faces/faces/faces/faces/faces/index.xhtml HTTP/1.1" 200 677
181.48.255.69 - - [22/Jan/2024:02:40:59 -0500] "GET /sipse/faces/javax.faces.resource/theme.css?ln=primefaces-sipse HTTP/1.1" 304 -
181.48.255.69 - - [22/Jan/2024:02:41:00 -0500] "GET /sipse/faces/faces/faces/faces/faces/faces/autenticacion.xhtml HTTP/1.1" 200 12401
181.48.255.69 - - [22/Jan/2024:02:41:00 -0500] "GET /sipse/faces/javax.faces.resource/layout/layout.css?ln=primefaces&v=4.0 HTTP/1.1" 304 -
181.48.255.69 - - [22/Jan/2024:02:41:00 -0500] "GET /sipse/faces/javax.faces.resource/theme.css?ln=primefaces-sipse HTTP/1.1" 304 -
181.48.255.69 - - [22/Jan/2024:02:41:00 -0500] "GET /sipse/faces/javax.faces.resource/layout/layout.js?ln=primefaces&v=4.0 HTTP/1.1" 304 -
181.48.255.69 - - [22/Jan/2024:02:41:00 -0500] "GET /sipse/faces/javax.faces.resource/primefaces.css?ln=primefaces&v=4.0 HTTP/1.1" 304 -
181.48.255.69 - - [22/Jan/2024:02:41:01 -0500] "GET /sipse/faces/faces/faces/faces/faces/faces/index.xhtml HTTP/1.1" 200 677
181.48.255.69 - - [22/Jan/2024:02:41:01 -0500] "GET /sipse/faces/javax.faces.resource/theme.css?ln=primefaces-sipse HTTP/1.1" 304 -
181.48.255.69 - - [22/Jan/2024:02:41:02 -0500] "GET /sipse/faces/faces/faces/faces/faces/faces/faces/autenticacion.xhtml HTTP/1.1" 200 12401
181.48.255.69 - - [22/Jan/2024:02:41:02 -0500] "GET /sipse/faces/javax.faces.resource/theme.css?ln=primefaces-sipse HTTP/1.1" 304 -
181.48.255.69 - - [22/Jan/2024:02:41:02 -0500] "GET /sipse/faces/javax.faces.resource/layout/layout.css?ln=primefaces&v=4.0 HTTP/1.1" 304 -
181.48.255.69 - - [22/Jan/2024:02:41:02 -0500] "GET /sipse/faces/javax.faces.resource/primefaces.css?ln=primefaces&v=4.0 HTTP/1.1" 304 -
181.48.255.69 - - [22/Jan/2024:02:41:02 -0500] "GET /sipse/faces/javax.faces.resource/layout/layout.js?ln=primefaces&v=4.0 HTTP/1.1" 304 -
181.48.255.69 - - [22/Jan/2024:02:41:02 -0500] "GET /sipse/faces/faces/faces/faces/faces/faces/faces/index.xhtml HTTP/1.1" 200 677
181.48.255.69 - - [22/Jan/2024:02:41:03 -0500] "GET /sipse/faces/javax.faces.resource/theme.css?ln=primefaces-sipse HTTP/1.1" 304 -
181.48.255.69 - - [22/Jan/2024:02:41:03 -0500] "GET /sipse/faces/faces/faces/faces/faces/faces/faces/faces/autenticacion.xhtml HTTP/1.1" 200 12401
181.48.255.69 - - [22/Jan/2024:02:41:04 -0500] "GET /sipse/faces/javax.faces.resource/theme.css?ln=primefaces-sipse HTTP/1.1" 304 -
181.48.255.69 - - [22/Jan/2024:02:41:04 -0500] "GET /sipse/faces/javax.faces.resource/primefaces.css?ln=primefaces&v=4.0 HTTP/1.1" 304 -
181.48.255.69 - - [22/Jan/2024:02:41:04 -0500] "GET /sipse/faces/javax.faces.resource/layout/layout.js?ln=primefaces&v=4.0 HTTP/1.1" 304 -
181.48.255.69 - - [22/Jan/2024:02:41:04 -0500] "GET /sipse/faces/javax.faces.resource/layout/layout.css?ln=primefaces&v=4.0 HTTP/1.1" 304 -
181.48.255.69 - - [22/Jan/2024:02:41:04 -0500] "GET /sipse/faces/faces/faces/faces/faces/faces/faces/faces/index.xhtml HTTP/1.1" 200 677
181.48.255.69 - - [22/Jan/2024:02:41:04 -0500] "GET /sipse/faces/javax.faces.resource/theme.css?ln=primefaces-sipse HTTP/1.1" 304 -
181.48.255.69 - - [22/Jan/2024:02:41:05 -0500] "GET /sipse/faces/faces/faces/faces/faces/faces/faces/faces/faces/autenticacion.xhtml HTTP/1.1" 200 12401
181.48.255.69 - - [22/Jan/2024:02:41:05 -0500] "GET /sipse/faces/javax.faces.resource/layout/layout.js?ln=primefaces&v=4.0 HTTP/1.1" 304 -
181.48.255.69 - - [22/Jan/2024:02:41:05 -0500] "GET /sipse/faces/javax.faces.resource/primefaces.css?ln=primefaces&v=4.0 HTTP/1.1" 304 -
181.48.255.69 - - [22/Jan/2024:02:41:05 -0500] "GET /sipse/faces/javax.faces.resource/layout/layout.css?ln=primefaces&v=4.0 HTTP/1.1" 304 -
181.48.255.69 - - [22/Jan/2024:02:41:05 -0500] "GET /sipse/faces/javax.faces.resource/theme.css?ln=primefaces-sipse HTTP/1.1" 304 -
181.48.255.69 - - [22/Jan/2024:02:41:06 -0500] "GET /sipse/faces/faces/faces/faces/faces/faces/faces/faces/faces/index.xhtml HTTP/1.1" 200 677
181.48.255.69 - - [22/Jan/2024:02:41:06 -0500] "GET /sipse/faces/javax.faces.resource/theme.css?ln=primefaces-sipse HTTP/1.1" 304 -
181.48.255.69 - - [22/Jan/2024:02:41:07 -0500] "GET /sipse/faces/faces/faces/faces/faces/faces/faces/faces/faces/faces/autenticacion.xhtml HTTP/1.1" 200 12401
181.48.255.69 - - [22/Jan/2024:02:41:07 -0500] "GET /sipse/faces/javax.faces.resource/layout/layout.js?ln=primefaces&v=4.0 HTTP/1.1" 304 -
181.48.255.69 - - [22/Jan/2024:02:41:07 -0500] "GET /sipse/faces/javax.faces.resource/layout/layout.css?ln=primefaces&v=4.0 HTTP/1.1" 304 -
181.48.255.69 - - [22/Jan/2024:02:41:07 -0500] "GET /sipse/faces/javax.faces.resource/primefaces.css?ln=primefaces&v=4.0 HTTP/1.1" 304 -
181.48.255.69 - - [22/Jan/2024:02:41:07 -0500] "GET /sipse/faces/javax.faces.resource/theme.css?ln=primefaces-sipse HTTP/1.1" 304 -
181.48.255.69 - - [22/Jan/2024:02:41:07 -0500] "GET /sipse/faces/faces/faces/faces/faces/faces/faces/faces/faces/faces/index.xhtml HTTP/1.1" 200 677
181.48.255.69 - - [22/Jan/2024:02:41:08 -0500] "GET /sipse/faces/javax.faces.resource/theme.css?ln=primefaces-sipse HTTP/1.1" 304 -
181.48.255.69 - - [22/Jan/2024:02:41:08 -0500] "GET /sipse/faces/faces/faces/faces/faces/faces/faces/faces/faces/faces/faces/autenticacion.xhtml HTTP/1.1" 200 12401
181.48.255.69 - - [22/Jan/2024:02:41:09 -0500] "GET /sipse/faces/javax.faces.resource/layout/layout.css?ln=primefaces&v=4.0 HTTP/1.1" 304 -
181.48.255.69 - - [22/Jan/2024:02:41:09 -0500] "GET /sipse/faces/javax.faces.resource/theme.css?ln=primefaces-sipse HTTP/1.1" 304 -
181.48.255.69 - - [22/Jan/2024:02:41:09 -0500] "GET /sipse/faces/javax.faces.resource/layout/layout.js?ln=primefaces&v=4.0 HTTP/1.1" 304 -
181.48.255.69 - - [22/Jan/2024:02:41:09 -0500] "GET /sipse/faces/javax.faces.resource/primefaces.css?ln=primefaces&v=4.0 HTTP/1.1" 304 -
181.48.255.69 - - [22/Jan/2024:02:41:09 -0500] "GET /sipse/faces/faces/faces/faces/faces/faces/faces/faces/faces/faces/faces/index.xhtml HTTP/1.1" 200 677
181.48.255.69 - - [22/Jan/2024:02:41:10 -0500] "GET /sipse/faces/javax.faces.resource/theme.css?ln=primefaces-sipse HTTP/1.1" 304 -
181.48.255.69 - - [22/Jan/2024:02:41:10 -0500] "GET /sipse/faces/faces/faces/faces/faces/faces/faces/faces/faces/faces/faces/faces/autenticacion.xhtml HTTP/1.1" 200 12401
181.48.255.69 - - [22/Jan/2024:02:41:10 -0500] "GET /sipse/faces/javax.faces.resource/layout/layout.css?ln=primefaces&v=4.0 HTTP/1.1" 304 -
181.48.255.69 - - [22/Jan/2024:02:41:10 -0500] "GET /sipse/faces/javax.faces.resource/theme.css?ln=primefaces-sipse HTTP/1.1" 304 -
181.48.255.69 - - [22/Jan/2024:02:41:10 -0500] "GET /sipse/faces/javax.faces.resource/layout/layout.js?ln=primefaces&v=4.0 HTTP/1.1" 304 -
181.48.255.69 - - [22/Jan/2024:02:41:10 -0500] "GET /sipse/faces/javax.faces.resource/primefaces.css?ln=primefaces&v=4.0 HTTP/1.1" 304 -
181.48.255.69 - - [22/Jan/2024:02:41:11 -0500] "GET /sipse/faces/faces/faces/faces/faces/faces/faces/faces/faces/faces/faces/faces/index.xhtml HTTP/1.1" 200 677
181.48.255.69 - - [22/Jan/2024:02:41:11 -0500] "GET /sipse/faces/javax.faces.resource/theme.css?ln=primefaces-sipse HTTP/1.1" 304 -
181.48.255.69 - - [22/Jan/2024:02:41:12 -0500] "GET /sipse/faces/faces/faces/faces/faces/faces/faces/faces/faces/faces/faces/faces/faces/autenticacion.xhtml HTTP/1.1" 200 12401
181.48.255.69 - - [22/Jan/2024:02:41:12 -0500] "GET /sipse/faces/javax.faces.resource/primefaces.css?ln=primefaces&v=4.0 HTTP/1.1" 304 -
181.48.255.69 - - [22/Jan/2024:02:41:12 -0500] "GET /sipse/faces/javax.faces.resource/theme.css?ln=primefaces-sipse HTTP/1.1" 304 -
181.48.255.69 - - [22/Jan/2024:02:41:12 -0500] "GET /sipse/faces/javax.faces.resource/layout/layout.css?ln=primefaces&v=4.0 HTTP/1.1" 304 -
181.48.255.69 - - [22/Jan/2024:02:41:12 -0500] "GET /sipse/faces/javax.faces.resource/layout/layout.js?ln=primefaces&v=4.0 HTTP/1.1" 304 -
181.48.255.69 - - [22/Jan/2024:02:41:13 -0500] "GET /sipse/faces/faces/faces/faces/faces/faces/faces/faces/faces/faces/faces/faces/faces/index.xhtml HTTP/1.1" 200 677
181.48.255.69 - - [22/Jan/2024:02:41:13 -0500] "GET /sipse/faces/javax.faces.resource/theme.css?ln=primefaces-sipse HTTP/1.1" 304 -
181.48.255.69 - - [22/Jan/2024:02:41:13 -0500] "GET /sipse/faces/faces/faces/faces/faces/faces/faces/faces/faces/faces/faces/faces/faces/faces/autenticacion.xhtml HTTP/1.1" 200 12401
181.48.255.69 - - [22/Jan/2024:02:41:14 -0500] "GET /sipse/faces/javax.faces.resource/layout/layout.js?ln=primefaces&v=4.0 HTTP/1.1" 304 -
181.48.255.69 - - [22/Jan/2024:02:41:14 -0500] "GET /sipse/faces/javax.faces.resource/primefaces.css?ln=primefaces&v=4.0 HTTP/1.1" 304 -
181.48.255.69 - - [22/Jan/2024:02:41:14 -0500] "GET /sipse/faces/javax.faces.resource/theme.css?ln=primefaces-sipse HTTP/1.1" 304 -
181.48.255.69 - - [22/Jan/2024:02:41:14 -0500] "GET /sipse/faces/javax.faces.resource/layout/layout.css?ln=primefaces&v=4.0 HTTP/1.1" 304 -
181.48.255.69 - - [22/Jan/2024:02:41:14 -0500] "GET /sipse/faces/faces/faces/faces/faces/faces/faces/faces/faces/faces/faces/faces/faces/faces/index.xhtml HTTP/1.1" 200 677
181.48.255.69 - - [22/Jan/2024:02:41:15 -0500] "GET /sipse/faces/javax.faces.resource/theme.css?ln=primefaces-sipse HTTP/1.1" 304 -
181.48.255.69 - - [22/Jan/2024:02:41:15 -0500] "GET /sipse/faces/faces/faces/faces/faces/faces/faces/faces/faces/faces/faces/faces/faces/faces/faces/autenticacion.xhtml HTTP/1.1" 200 12401
181.48.255.69 - - [22/Jan/2024:02:41:16 -0500] "GET /sipse/faces/javax.faces.resource/layout/layout.css?ln=primefaces&v=4.0 HTTP/1.1" 304 -
181.48.255.69 - - [22/Jan/2024:02:41:16 -0500] "GET /sipse/faces/javax.faces.resource/theme.css?ln=primefaces-sipse HTTP/1.1" 304 -
181.48.255.69 - - [22/Jan/2024:02:41:16 -0500] "GET /sipse/faces/javax.faces.resource/primefaces.css?ln=primefaces&v=4.0 HTTP/1.1" 304 -
181.48.255.69 - - [22/Jan/2024:02:41:16 -0500] "GET /sipse/faces/javax.faces.resource/layout/layout.js?ln=primefaces&v=4.0 HTTP/1.1" 304 -
181.48.255.69 - - [22/Jan/2024:02:41:16 -0500] "GET /sipse/faces/faces/faces/faces/faces/faces/faces/faces/faces/faces/faces/faces/faces/faces/faces/index.xhtml HTTP/1.1" 200 677
181.48.255.69 - - [22/Jan/2024:02:41:17 -0500] "GET /sipse/faces/javax.faces.resource/theme.css?ln=primefaces-sipse HTTP/1.1" 304 -
181.48.255.69 - - [22/Jan/2024:02:41:17 -0500] "GET /sipse/faces/faces/faces/faces/faces/faces/faces/faces/faces/faces/faces/faces/faces/faces/faces/faces/autenticacion.xhtml HTTP/1.1" 200 12401
181.48.255.69 - - [22/Jan/2024:02:41:17 -0500] "GET /sipse/faces/javax.faces.resource/layout/layout.js?ln=primefaces&v=4.0 HTTP/1.1" 304 -
181.48.255.69 - - [22/Jan/2024:02:41:17 -0500] "GET /sipse/faces/javax.faces.resource/layout/layout.css?ln=primefaces&v=4.0 HTTP/1.1" 304 -
181.48.255.69 - - [22/Jan/2024:02:41:17 -0500] "GET /sipse/faces/javax.faces.resource/primefaces.css?ln=primefaces&v=4.0 HTTP/1.1" 304 -
181.48.255.69 - - [22/Jan/2024:02:41:17 -0500] "GET /sipse/faces/javax.faces.resource/theme.css?ln=primefaces-sipse HTTP/1.1" 304 -
181.48.255.69 - - [22/Jan/2024:02:41:18 -0500] "GET /sipse/faces/faces/faces/faces/faces/faces/faces/faces/faces/faces/faces/faces/faces/faces/faces/faces/index.xhtml HTTP/1.1" 200 677
181.48.255.69 - - [22/Jan/2024:02:41:18 -0500] "GET /sipse/faces/javax.faces.resource/theme.css?ln=primefaces-sipse HTTP/1.1" 304 -
181.48.255.69 - - [22/Jan/2024:02:41:19 -0500] "GET /sipse/faces/faces/faces/faces/faces/faces/faces/faces/faces/faces/faces/faces/faces/faces/faces/faces/faces/autenticacion.xhtml HTTP/1.1" 200 12401
181.48.255.69 - - [22/Jan/2024:02:41:19 -0500] "GET /sipse/faces/javax.faces.resource/layout/layout.js?ln=primefaces&v=4.0 HTTP/1.1" 304 -
181.48.255.69 - - [22/Jan/2024:02:41:19 -0500] "GET /sipse/faces/javax.faces.resource/layout/layout.css?ln=primefaces&v=4.0 HTTP/1.1" 304 -
181.48.255.69 - - [22/Jan/2024:02:41:19 -0500] "GET /sipse/faces/javax.faces.resource/primefaces.css?ln=primefaces&v=4.0 HTTP/1.1" 304 -
181.48.255.69 - - [22/Jan/2024:02:41:19 -0500] "GET /sipse/faces/javax.faces.resource/theme.css?ln=primefaces-sipse HTTP/1.1" 304 -
181.48.255.69 - - [22/Jan/2024:02:41:19 -0500] "GET /sipse/faces/faces/faces/faces/faces/faces/faces/faces/faces/faces/faces/faces/faces/faces/faces/faces/faces/index.xhtml HTTP/1.1" 200 677
181.48.255.69 - - [22/Jan/2024:02:41:20 -0500] "GET /sipse/faces/javax.faces.resource/theme.css?ln=primefaces-sipse HTTP/1.1" 304 -
181.48.255.69 - - [22/Jan/2024:02:41:20 -0500] "GET /sipse/faces/faces/faces/faces/faces/faces/faces/faces/faces/faces/faces/faces/faces/faces/faces/faces/faces/faces/autenticacion.xhtml HTTP/1.1" 200 12401
181.48.255.69 - - [22/Jan/2024:02:41:21 -0500] "GET /sipse/faces/javax.faces.resource/theme.css?ln=primefaces-sipse HTTP/1.1" 304 -
181.48.255.69 - - [22/Jan/2024:02:41:21 -0500] "GET /sipse/faces/javax.faces.resource/layout/layout.css?ln=primefaces&v=4.0 HTTP/1.1" 304 -
181.48.255.69 - - [22/Jan/2024:02:41:21 -0500] "GET /sipse/faces/javax.faces.resource/primefaces.css?ln=primefaces&v=4.0 HTTP/1.1" 304 -
181.48.255.69 - - [22/Jan/2024:02:41:21 -0500] "GET /sipse/faces/javax.faces.resource/layout/layout.js?ln=primefaces&v=4.0 HTTP/1.1" 304 -
181.48.255.69 - - [22/Jan/2024:02:41:21 -0500] "GET /sipse/faces/faces/faces/faces/faces/faces/faces/faces/faces/faces/faces/faces/faces/faces/faces/faces/faces/faces/index.xhtml HTTP/1.1" 200 677
181.48.255.69 - - [22/Jan/2024:02:41:22 -0500] "GET /sipse/faces/javax.faces.resource/theme.css?ln=primefaces-sipse HTTP/1.1" 304 -
181.48.255.69 - - [22/Jan/2024:02:41:22 -0500] "GET /sipse/faces/faces/faces/faces/faces/faces/faces/faces/faces/faces/faces/faces/faces/faces/faces/faces/faces/faces/faces/autenticacion.xhtml HTTP/1.1" 200 12401
181.48.255.69 - - [22/Jan/2024:02:41:23 -0500] "GET /sipse/faces/javax.faces.resource/layout/layout.js?ln=primefaces&v=4.0 HTTP/1.1" 304 -
181.48.255.69 - - [22/Jan/2024:02:41:23 -0500] "GET /sipse/faces/javax.faces.resource/layout/layout.css?ln=primefaces&v=4.0 HTTP/1.1" 304 -
181.48.255.69 - - [22/Jan/2024:02:41:23 -0500] "GET /sipse/faces/javax.faces.resource/theme.css?ln=primefaces-sipse HTTP/1.1" 304 -
181.48.255.69 - - [22/Jan/2024:02:41:23 -0500] "GET /sipse/faces/javax.faces.resource/primefaces.css?ln=primefaces&v=4.0 HTTP/1.1" 304 -
181.48.255.69 - - [22/Jan/2024:02:41:23 -0500] "GET /sipse/faces/faces/faces/faces/faces/faces/faces/faces/faces/faces/faces/faces/faces/faces/faces/faces/faces/faces/faces/index.xhtml HTTP/1.1" 200 677
181.48.255.69 - - [22/Jan/2024:02:41:23 -0500] "GET /sipse/faces/javax.faces.resource/theme.css?ln=primefaces-sipse HTTP/1.1" 304 -
181.48.255.69 - - [22/Jan/2024:02:41:24 -0500] "GET /sipse/faces/faces/faces/faces/faces/faces/faces/faces/faces/faces/faces/faces/faces/faces/faces/faces/faces/faces/faces/faces/autenticacion.xhtml HTTP/1.1" 200 12401
181.48.255.69 - - [22/Jan/2024:02:41:24 -0500] "GET /sipse/faces/javax.faces.resource/theme.css?ln=primefaces-sipse HTTP/1.1" 304 -
181.48.255.69 - - [22/Jan/2024:02:41:24 -0500] "GET /sipse/faces/javax.faces.resource/layout/layout.css?ln=primefaces&v=4.0 HTTP/1.1" 304 -
181.48.255.69 - - [22/Jan/2024:02:41:24 -0500] "GET /sipse/faces/javax.faces.resource/layout/layout.js?ln=primefaces&v=4.0 HTTP/1.1" 304 -
181.48.255.69 - - [22/Jan/2024:02:41:24 -0500] "GET /sipse/faces/javax.faces.resource/primefaces.css?ln=primefaces&v=4.0 HTTP/1.1" 304 -
181.48.255.69 - - [22/Jan/2024:02:41:25 -0500] "GET /sipse/faces/faces/faces/faces/faces/faces/faces/faces/faces/faces/faces/faces/faces/faces/faces/faces/faces/faces/faces/faces/index.xhtml HTTP/1.1" 200 677
181.48.255.69 - - [22/Jan/2024:02:41:25 -0500] "GET /sipse/faces/javax.faces.resource/theme.css?ln=primefaces-sipse HTTP/1.1" 304 -
181.48.255.69 - - [22/Jan/2024:02:41:26 -0500] "GET /sipse/faces/faces/faces/faces/faces/faces/faces/faces/faces/faces/faces/faces/faces/faces/faces/faces/faces/faces/faces/faces/faces/autenticacion.xhtml HTTP/1.1" 200 12401
181.48.255.69 - - [22/Jan/2024:02:41:26 -0500] "GET /sipse/faces/javax.faces.resource/primefaces.css?ln=primefaces&v=4.0 HTTP/1.1" 304 -
181.48.255.69 - - [22/Jan/2024:02:41:26 -0500] "GET /sipse/faces/javax.faces.resource/theme.css?ln=primefaces-sipse HTTP/1.1" 304 -
181.48.255.69 - - [22/Jan/2024:02:41:26 -0500] "GET /sipse/faces/javax.faces.resource/layout/layout.css?ln=primefaces&v=4.0 HTTP/1.1" 304 -
181.48.255.69 - - [22/Jan/2024:02:41:26 -0500] "GET /sipse/faces/javax.faces.resource/layout/layout.js?ln=primefaces&v=4.0 HTTP/1.1" 304 -
181.48.255.69 - - [22/Jan/2024:02:41:27 -0500] "GET /sipse/faces/faces/faces/faces/faces/faces/faces/faces/faces/faces/faces/faces/faces/faces/faces/faces/faces/faces/faces/faces/faces/index.xhtml HTTP/1.1" 200 677
181.48.255.69 - - [22/Jan/2024:02:41:27 -0500] "GET /sipse/faces/javax.faces.resource/theme.css?ln=primefaces-sipse HTTP/1.1" 304 -
181.48.255.69 - - [22/Jan/2024:02:41:27 -0500] "GET /sipse/faces/faces/faces/faces/faces/faces/faces/faces/faces/faces/faces/faces/faces/faces/faces/faces/faces/faces/faces/faces/faces/faces/autenticacion.xhtml HTTP/1.1" 200 12401
181.48.255.69 - - [22/Jan/2024:02:41:28 -0500] "GET /sipse/faces/javax.faces.resource/layout/layout.css?ln=primefaces&v=4.0 HTTP/1.1" 304 -
181.48.255.69 - - [22/Jan/2024:02:41:28 -0500] "GET /sipse/faces/javax.faces.resource/layout/layout.js?ln=primefaces&v=4.0 HTTP/1.1" 304 -
181.48.255.69 - - [22/Jan/2024:02:41:28 -0500] "GET /sipse/faces/javax.faces.resource/theme.css?ln=primefaces-sipse HTTP/1.1" 304 -
181.48.255.69 - - [22/Jan/2024:02:41:28 -0500] "GET /sipse/faces/javax.faces.resource/primefaces.css?ln=primefaces&v=4.0 HTTP/1.1" 304 -
181.48.255.69 - - [22/Jan/2024:02:41:28 -0500] "GET /sipse/faces/faces/faces/faces/faces/faces/faces/faces/faces/faces/faces/faces/faces/faces/faces/faces/faces/faces/faces/faces/faces/faces/index.xhtml HTTP/1.1" 200 677
181.48.255.69 - - [22/Jan/2024:02:41:29 -0500] "GET /sipse/faces/javax.faces.resource/theme.css?ln=primefaces-sipse HTTP/1.1" 304 -
181.48.255.69 - - [22/Jan/2024:02:41:29 -0500] "GET /sipse/faces/faces/faces/faces/faces/faces/faces/faces/faces/faces/faces/faces/faces/faces/faces/faces/faces/faces/faces/faces/faces/faces/faces/autenticacion.xhtml HTTP/1.1" 200 12401
181.48.255.69 - - [22/Jan/2024:02:41:30 -0500] "GET /sipse/faces/javax.faces.resource/primefaces.css?ln=primefaces&v=4.0 HTTP/1.1" 304 -
181.48.255.69 - - [22/Jan/2024:02:41:30 -0500] "GET /sipse/faces/javax.faces.resource/layout/layout.css?ln=primefaces&v=4.0 HTTP/1.1" 304 -
181.48.255.69 - - [22/Jan/2024:02:41:30 -0500] "GET /sipse/faces/javax.faces.resource/layout/layout.js?ln=primefaces&v=4.0 HTTP/1.1" 304 -
181.48.255.69 - - [22/Jan/2024:02:41:30 -0500] "GET /sipse/faces/javax.faces.resource/theme.css?ln=primefaces-sipse HTTP/1.1" 304 -
181.48.255.69 - - [22/Jan/2024:02:41:30 -0500] "GET /sipse/faces/faces/faces/faces/faces/faces/faces/faces/faces/faces/faces/faces/faces/faces/faces/faces/faces/faces/faces/faces/faces/faces/faces/index.xhtml HTTP/1.1" 200 677
181.48.255.69 - - [22/Jan/2024:02:41:31 -0500] "GET /sipse/faces/javax.faces.resource/theme.css?ln=primefaces-sipse HTTP/1.1" 304 -
181.48.255.69 - - [22/Jan/2024:02:41:31 -0500] "GET /sipse/faces/faces/faces/faces/faces/faces/faces/faces/faces/faces/faces/faces/faces/faces/faces/faces/faces/faces/faces/faces/faces/faces/faces/faces/autenticacion.xhtml HTTP/1.1" 200 12401
181.48.255.69 - - [22/Jan/2024:02:41:32 -0500] "GET /sipse/faces/javax.faces.resource/theme.css?ln=primefaces-sipse HTTP/1.1" 304 -
181.48.255.69 - - [22/Jan/2024:02:41:32 -0500] "GET /sipse/faces/javax.faces.resource/primefaces.css?ln=primefaces&v=4.0 HTTP/1.1" 304 -
181.48.255.69 - - [22/Jan/2024:02:41:32 -0500] "GET /sipse/faces/javax.faces.resource/layout/layout.css?ln=primefaces&v=4.0 HTTP/1.1" 304 -
181.48.255.69 - - [22/Jan/2024:02:41:32 -0500] "GET /sipse/faces/javax.faces.resource/layout/layout.js?ln=primefaces&v=4.0 HTTP/1.1" 304 -
181.48.255.69 - - [22/Jan/2024:02:41:32 -0500] "GET /sipse/faces/faces/faces/faces/faces/faces/faces/faces/faces/faces/faces/faces/faces/faces/faces/faces/faces/faces/faces/faces/faces/faces/faces/faces/index.xhtml HTTP/1.1" 200 677
181.48.255.69 - - [22/Jan/2024:02:41:32 -0500] "GET /sipse/faces/javax.faces.resource/theme.css?ln=primefaces-sipse HTTP/1.1" 304 -
181.48.255.69 - - [22/Jan/2024:02:41:33 -0500] "GET /sipse/faces/faces/faces/faces/faces/faces/faces/faces/faces/faces/faces/faces/faces/faces/faces/faces/faces/faces/faces/faces/faces/faces/faces/faces/faces/autenticacion.xhtml HTTP/1.1" 200 12401
181.48.255.69 - - [22/Jan/2024:02:41:33 -0500] "GET /sipse/faces/javax.faces.resource/theme.css?ln=primefaces-sipse HTTP/1.1" 304 -
181.48.255.69 - - [22/Jan/2024:02:41:33 -0500] "GET /sipse/faces/javax.faces.resource/layout/layout.css?ln=primefaces&v=4.0 HTTP/1.1" 304 -
181.48.255.69 - - [22/Jan/2024:02:41:33 -0500] "GET /sipse/faces/javax.faces.resource/layout/layout.js?ln=primefaces&v=4.0 HTTP/1.1" 304 -
181.48.255.69 - - [22/Jan/2024:02:41:33 -0500] "GET /sipse/faces/javax.faces.resource/primefaces.css?ln=primefaces&v=4.0 HTTP/1.1" 304 -
181.48.255.69 - - [22/Jan/2024:02:41:34 -0500] "GET /sipse/faces/faces/faces/faces/faces/faces/faces/faces/faces/faces/faces/faces/faces/faces/faces/faces/faces/faces/faces/faces/faces/faces/faces/faces/faces/index.xhtml HTTP/1.1" 200 677
181.48.255.69 - - [22/Jan/2024:02:41:34 -0500] "GET /sipse/faces/javax.faces.resource/theme.css?ln=primefaces-sipse HTTP/1.1" 304 -
181.48.255.69 - - [22/Jan/2024:02:41:35 -0500] "GET /sipse/faces/faces/faces/faces/faces/faces/faces/faces/faces/faces/faces/faces/faces/faces/faces/faces/faces/faces/faces/faces/faces/faces/faces/faces/faces/faces/autenticacion.xhtml HTTP/1.1" 200 12401
181.48.255.69 - - [22/Jan/2024:02:41:35 -0500] "GET /sipse/faces/javax.faces.resource/primefaces.css?ln=primefaces&v=4.0 HTTP/1.1" 304 -
181.48.255.69 - - [22/Jan/2024:02:41:35 -0500] "GET /sipse/faces/javax.faces.resource/layout/layout.js?ln=primefaces&v=4.0 HTTP/1.1" 304 -
181.48.255.69 - - [22/Jan/2024:02:41:35 -0500] "GET /sipse/faces/javax.faces.resource/layout/layout.css?ln=primefaces&v=4.0 HTTP/1.1" 304 -
181.48.255.69 - - [22/Jan/2024:02:41:35 -0500] "GET /sipse/faces/javax.faces.resource/theme.css?ln=primefaces-sipse HTTP/1.1" 304 -
181.48.255.69 - - [22/Jan/2024:02:41:36 -0500] "GET /sipse/faces/faces/faces/faces/faces/faces/faces/faces/faces/faces/faces/faces/faces/faces/faces/faces/faces/faces/faces/faces/faces/faces/faces/faces/faces/faces/index.xhtml HTTP/1.1" 200 677
181.48.255.69 - - [22/Jan/2024:02:41:36 -0500] "GET /sipse/faces/javax.faces.resource/theme.css?ln=primefaces-sipse HTTP/1.1" 304 -
181.48.255.69 - - [22/Jan/2024:02:41:37 -0500] "GET /sipse/faces/faces/faces/faces/faces/faces/faces/faces/faces/faces/faces/faces/faces/faces/faces/faces/faces/faces/faces/faces/faces/faces/faces/faces/faces/faces/faces/autenticacion.xhtml HTTP/1.1" 200 12401
181.48.255.69 - - [22/Jan/2024:02:41:37 -0500] "GET /sipse/faces/javax.faces.resource/theme.css?ln=primefaces-sipse HTTP/1.1" 304 -
181.48.255.69 - - [22/Jan/2024:02:41:37 -0500] "GET /sipse/faces/javax.faces.resource/layout/layout.js?ln=primefaces&v=4.0 HTTP/1.1" 304 -
181.48.255.69 - - [22/Jan/2024:02:41:37 -0500] "GET /sipse/faces/javax.faces.resource/primefaces.css?ln=primefaces&v=4.0 HTTP/1.1" 304 -
181.48.255.69 - - [22/Jan/2024:02:41:37 -0500] "GET /sipse/faces/javax.faces.resource/layout/layout.css?ln=primefaces&v=4.0 HTTP/1.1" 304 -
181.48.255.69 - - [22/Jan/2024:02:41:37 -0500] "GET /sipse/faces/faces/faces/faces/faces/faces/faces/faces/faces/faces/faces/faces/faces/faces/faces/faces/faces/faces/faces/faces/faces/faces/faces/faces/faces/faces/faces/index.xhtml HTTP/1.1" 200 677
181.48.255.69 - - [22/Jan/2024:02:41:38 -0500] "GET /sipse/faces/javax.faces.resource/theme.css?ln=primefaces-sipse HTTP/1.1" 304 -
216.245.221.92 - - [22/Jan/2024:02:41:54 -0500] "HEAD / HTTP/1.1" 200 -
198.235.24.66 - - [22/Jan/2024:02:42:07 -0500] "GET / HTTP/1.0" 200 319
114.119.138.140 - - [22/Jan/2024:02:42:12 -0500] "GET /BLA/resoluciones/index.php?dir=Notificaciones/&sort=date&order=desc HTTP/1.1" 200 12303
201.245.192.253 - - [22/Jan/2024:02:43:14 -0500] "POST /kwsrmcab/Wsrmcab  HTTP/1.1" 200 213
66.249.66.37 - - [22/Jan/2024:02:44:27 -0500] "GET /robots.txt HTTP/1.1" 404 1034
172.22.2.4 - - [22/Jan/2024:02:42:50 -0500] "HEAD /BLA/boletinlegal/ HTTP/1.1" 200 -
172.22.2.4 - - [22/Jan/2024:02:43:41 -0500] "GET /BLA/boletinlegal/ HTTP/1.1" 200 59050
216.245.221.92 - - [22/Jan/2024:02:46:54 -0500] "HEAD / HTTP/1.1" 200 -
201.245.192.253 - - [22/Jan/2024:02:48:12 -0500] "POST /kwsrmcab/Wsrmcab  HTTP/1.1" 200 213
172.22.2.4 - - [22/Jan/2024:02:48:40 -0500] "HEAD /BLA/boletinlegal/ HTTP/1.1" 200 -
172.22.2.4 - - [22/Jan/2024:02:49:31 -0500] "GET /BLA/boletinlegal/ HTTP/1.1" 200 59050
216.245.221.92 - - [22/Jan/2024:02:51:54 -0500] "HEAD / HTTP/1.1" 200 -
201.245.192.253 - - [22/Jan/2024:02:53:12 -0500] "POST /kwsrmcab/Wsrmcab  HTTP/1.1" 200 213
172.22.2.4 - - [22/Jan/2024:02:54:30 -0500] "HEAD /BLA/boletinlegal/ HTTP/1.1" 200 -
216.245.221.92 - - [22/Jan/2024:02:56:54 -0500] "HEAD / HTTP/1.1" 200 -
172.22.2.4 - - [22/Jan/2024:02:55:21 -0500] "GET /BLA/boletinlegal/ HTTP/1.1" 200 59050
201.245.192.253 - - [22/Jan/2024:02:58:09 -0500] "POST /kwsrmcab/Wsrmcab  HTTP/1.1" 200 213
216.245.221.92 - - [22/Jan/2024:03:01:54 -0500] "HEAD / HTTP/1.1" 200 -
172.22.2.4 - - [22/Jan/2024:03:00:20 -0500] "HEAD /BLA/boletinlegal/ HTTP/1.1" 200 -
172.22.2.4 - - [22/Jan/2024:03:01:11 -0500] "GET /BLA/boletinlegal/ HTTP/1.1" 200 59050
201.245.192.253 - - [22/Jan/2024:03:03:09 -0500] "POST /kwsrmcab/Wsrmcab  HTTP/1.1" 200 213
69.63.189.3 - - [22/Jan/2024:03:03:46 -0500] "GET /galeria/galeria/fotos/Humedal-la-conejera3G.jpg HTTP/1.1" 200 373974
216.245.221.92 - - [22/Jan/2024:03:06:54 -0500] "HEAD / HTTP/1.1" 200 -
172.22.2.4 - - [22/Jan/2024:03:06:10 -0500] "HEAD /BLA/boletinlegal/ HTTP/1.1" 200 -
201.245.192.253 - - [22/Jan/2024:03:08:08 -0500] "POST /kwsrmcab/Wsrmcab  HTTP/1.1" 200 213
172.22.2.4 - - [22/Jan/2024:03:07:01 -0500] "GET /BLA/boletinlegal/ HTTP/1.1" 200 58666
52.81.17.152 - - [22/Jan/2024:03:09:36 -0500] "GET /.git/config HTTP/1.1" 404 1034
216.244.66.195 - - [22/Jan/2024:03:11:16 -0500] "GET /BLA/resoluciones/AUTOS%202013/0087.pdf HTTP/1.1" 200 309970
216.244.66.195 - - [22/Jan/2024:03:11:30 -0500] "GET /BLA/resoluciones/AUTOS%202013/0098.pdf HTTP/1.1" 200 1382095
216.245.221.92 - - [22/Jan/2024:03:11:54 -0500] "HEAD / HTTP/1.1" 200 -
216.244.66.195 - - [22/Jan/2024:03:12:16 -0500] "GET /BLA/resoluciones/AUTOS%202013/0193.pdf HTTP/1.1" 200 1211666
216.244.66.195 - - [22/Jan/2024:03:12:53 -0500] "GET /BLA/resoluciones/AUTOS%202013/0453.pdf HTTP/1.1" 200 1617459
201.245.192.253 - - [22/Jan/2024:03:13:06 -0500] "POST /kwsrmcab/Wsrmcab  HTTP/1.1" 200 213
216.244.66.195 - - [22/Jan/2024:03:13:35 -0500] "GET /BLA/resoluciones/AUTOS%202013/0494.pdf HTTP/1.1" 200 1583239
172.22.2.4 - - [22/Jan/2024:03:12:00 -0500] "HEAD /BLA/boletinlegal/ HTTP/1.1" 200 -
216.244.66.195 - - [22/Jan/2024:03:14:09 -0500] "GET /BLA/resoluciones/AUTOS%202013/0633.pdf HTTP/1.1" 200 1577753
146.19.24.23 - - [22/Jan/2024:03:14:22 -0500] "GET / HTTP/1.1" 200 319
172.22.2.4 - - [22/Jan/2024:03:12:51 -0500] "GET /BLA/boletinlegal/ HTTP/1.1" 200 60529
216.244.66.195 - - [22/Jan/2024:03:14:40 -0500] "GET /BLA/resoluciones/AUTOS%202013/0720.pdf HTTP/1.1" 200 925928
201.245.192.253 - - [22/Jan/2024:03:14:58 -0500] "GET /kwsrmcab/Wsrmcab?wsdl HTTP/1.1" 200 6948
201.245.192.253 - - [22/Jan/2024:03:14:58 -0500] "POST /kwsrmcab/Wsrmcab HTTP/1.1" 200 39137
201.245.192.253 - - [22/Jan/2024:03:15:01 -0500] "POST /kwsrmcab/Wsrmcab HTTP/1.1" 200 35969
216.244.66.195 - - [22/Jan/2024:03:15:12 -0500] "GET /BLA/resoluciones/AUTOS%202013/0987.pdf HTTP/1.1" 200 218267
216.244.66.195 - - [22/Jan/2024:03:15:39 -0500] "GET /BLA/resoluciones/AUTOS%202013/1277.pdf HTTP/1.1" 200 331809
216.244.66.195 - - [22/Jan/2024:03:16:06 -0500] "GET /BLA/resoluciones/AUTOS%202013/1298.pdf HTTP/1.1" 200 257921
216.244.66.195 - - [22/Jan/2024:03:16:35 -0500] "GET /BLA/resoluciones/AUTOS%202013/1647.pdf HTTP/1.1" 200 216670
216.245.221.92 - - [22/Jan/2024:03:16:54 -0500] "HEAD / HTTP/1.1" 200 -
216.244.66.195 - - [22/Jan/2024:03:17:00 -0500] "GET /BLA/resoluciones/AUTOS%202013/1708.pdf HTTP/1.1" 200 422319
216.244.66.195 - - [22/Jan/2024:03:17:28 -0500] "GET /BLA/resoluciones/AUTOS%202013/2029.pdf HTTP/1.1" 200 900952
