201.245.192.253 - - [22/Jan/2024:03:18:04 -0500] "POST /kwsrmcab/Wsrmcab  HTTP/1.1" 200 213
216.244.66.195 - - [22/Jan/2024:03:18:13 -0500] "GET /BLA/resoluciones/AUTOS%202013/2038.pdf HTTP/1.1" 200 431756
216.244.66.195 - - [22/Jan/2024:03:18:44 -0500] "GET /BLA/resoluciones/AUTOS%202013/2186.pdf HTTP/1.1" 200 746637
192.44.68.184 - - [22/Jan/2024:03:18:58 -0500] "GET /galeria/galeria/fotos/Capellania2P.jpg HTTP/1.1" 200 35380
201.245.192.253 - - [22/Jan/2024:03:19:25 -0500] "POST /kwsrmcab/Wsrmcab HTTP/1.1" 200 36139
172.22.2.4 - - [22/Jan/2024:03:17:50 -0500] "HEAD /BLA/boletinlegal/ HTTP/1.1" 200 -
172.22.2.4 - - [22/Jan/2024:03:18:41 -0500] "GET /BLA/boletinlegal/ HTTP/1.1" 200 47508
201.245.192.253 - - [22/Jan/2024:03:20:48 -0500] "POST /kwsrmcab/Wsrmcab HTTP/1.1" 200 35969
66.249.66.167 - - [22/Jan/2024:03:21:13 -0500] "GET /portaldeninos/2021/05/18/mas-alla-de-tus-pies-aprende-a-reconocer-algunas-flores-en-humedales-para-que-tambien-las-protejas/ HTTP/1.1" 503 1037
216.245.221.92 - - [22/Jan/2024:03:21:54 -0500] "HEAD / HTTP/1.1" 200 -
201.245.192.253 - - [22/Jan/2024:03:23:03 -0500] "POST /kwsrmcab/Wsrmcab  HTTP/1.1" 200 213
201.245.192.253 - - [22/Jan/2024:03:24:57 -0500] "POST /kwsrmcab/Wsrmcab HTTP/1.1" 200 39137
201.245.192.253 - - [22/Jan/2024:03:25:00 -0500] "POST /kwsrmcab/Wsrmcab HTTP/1.1" 200 35969
172.22.2.4 - - [22/Jan/2024:03:23:40 -0500] "HEAD /BLA/boletinlegal/ HTTP/1.1" 200 -
172.22.2.4 - - [22/Jan/2024:03:24:31 -0500] "GET /BLA/boletinlegal/ HTTP/1.1" 200 46339
172.22.2.4 - - [22/Jan/2024:03:25:01 -0500] "OPTIONS /BLA/boletinlegal/ HTTP/1.1" 200 36811
216.245.221.92 - - [22/Jan/2024:03:26:54 -0500] "HEAD / HTTP/1.1" 200 -
201.245.192.253 - - [22/Jan/2024:03:28:01 -0500] "POST /kwsrmcab/Wsrmcab  HTTP/1.1" 200 213
201.245.192.253 - - [22/Jan/2024:03:29:25 -0500] "POST /kwsrmcab/Wsrmcab HTTP/1.1" 200 36139
201.245.192.253 - - [22/Jan/2024:03:30:09 -0500] "POST /kwsrmcab/Wsrmcab HTTP/1.1" 200 35969
216.244.66.195 - - [22/Jan/2024:03:30:37 -0500] "GET /robots.txt HTTP/1.1" 404 1018
172.22.2.4 - - [22/Jan/2024:03:29:30 -0500] "HEAD /BLA/boletinlegal/ HTTP/1.1" 200 -
216.245.221.92 - - [22/Jan/2024:03:31:54 -0500] "HEAD / HTTP/1.1" 200 -
172.22.2.4 - - [22/Jan/2024:03:30:21 -0500] "GET /BLA/boletinlegal/ HTTP/1.1" 200 60996
201.245.192.253 - - [22/Jan/2024:03:33:00 -0500] "POST /kwsrmcab/Wsrmcab  HTTP/1.1" 200 213
201.245.192.253 - - [22/Jan/2024:03:34:58 -0500] "POST /kwsrmcab/Wsrmcab HTTP/1.1" 200 39137
201.245.192.253 - - [22/Jan/2024:03:35:01 -0500] "POST /kwsrmcab/Wsrmcab HTTP/1.1" 200 35969
216.245.221.92 - - [22/Jan/2024:03:36:54 -0500] "HEAD / HTTP/1.1" 200 -
172.22.2.4 - - [22/Jan/2024:03:35:20 -0500] "HEAD /BLA/boletinlegal/ HTTP/1.1" 200 -
172.22.2.4 - - [22/Jan/2024:03:36:11 -0500] "GET /BLA/boletinlegal/ HTTP/1.1" 200 53383
201.245.192.253 - - [22/Jan/2024:03:37:58 -0500] "POST /kwsrmcab/Wsrmcab  HTTP/1.1" 200 213
201.245.192.253 - - [22/Jan/2024:03:39:24 -0500] "POST /kwsrmcab/Wsrmcab HTTP/1.1" 200 36139
201.245.192.253 - - [22/Jan/2024:03:40:17 -0500] "POST /kwsrmcab/Wsrmcab HTTP/1.1" 200 35969
216.245.221.92 - - [22/Jan/2024:03:41:54 -0500] "HEAD / HTTP/1.1" 200 -
31.13.127.19 - - [22/Jan/2024:03:42:27 -0500] "GET /images/humedales-secretar\xc3\xada-ambiente.jpg HTTP/1.1" 404 1034
172.22.2.4 - - [22/Jan/2024:03:41:10 -0500] "HEAD /BLA/boletinlegal/ HTTP/1.1" 200 -
201.245.192.253 - - [22/Jan/2024:03:42:58 -0500] "POST /kwsrmcab/Wsrmcab  HTTP/1.1" 200 213
172.22.2.4 - - [22/Jan/2024:03:43:20 -0500] "GET /BLA/boletinlegal/normativa.php HTTP/1.1" 200 8343
172.22.2.4 - - [22/Jan/2024:03:42:01 -0500] "GET /BLA/boletinlegal/ HTTP/1.1" 200 58666
52.167.144.185 - - [22/Jan/2024:03:44:25 -0500] "GET /BLA/resoluciones/AUTOS%202023/6652.pdf HTTP/1.1" 200 512455
213.180.203.202 - - [22/Jan/2024:03:45:20 -0500] "GET /robots.txt HTTP/1.1" 404 1034
213.180.203.156 - - [22/Jan/2024:03:45:21 -0500] "GET /mujeres-que-reverdecen-secretaria-de-ambiente-anuncia-el-inicio-de-la-tercera-fase.html HTTP/1.1" 200 954
216.245.221.92 - - [22/Jan/2024:03:46:54 -0500] "HEAD / HTTP/1.1" 200 -
201.245.192.253 - - [22/Jan/2024:03:47:57 -0500] "POST /kwsrmcab/Wsrmcab  HTTP/1.1" 200 213
172.22.2.4 - - [22/Jan/2024:03:47:00 -0500] "HEAD /BLA/boletinlegal/ HTTP/1.1" 200 -
172.22.2.4 - - [22/Jan/2024:03:47:51 -0500] "GET /BLA/boletinlegal/ HTTP/1.1" 200 59050
173.252.107.6 - - [22/Jan/2024:03:50:04 -0500] "GET /images/Caminatas%20(1)%20(2).jpeg HTTP/1.1" 200 81411
173.252.107.5 - - [22/Jan/2024:03:50:07 -0500] "GET /images/Aves%20SDA.jpeg HTTP/1.1" 200 75104
173.252.107.116 - - [22/Jan/2024:03:50:07 -0500] "GET /images/arbol%20centro.jpg HTTP/1.1" 200 69467
173.252.107.119 - - [22/Jan/2024:03:50:07 -0500] "GET /images/terrazas%20verdes.jpg HTTP/1.1" 200 63951
173.252.107.6 - - [22/Jan/2024:03:50:10 -0500] "GET /images/agua%20bogota.jpg HTTP/1.1" 200 74348
173.252.107.7 - - [22/Jan/2024:03:50:10 -0500] "GET /images/participacion%2019-12-23.jpg HTTP/1.1" 200 73861
173.252.107.6 - - [22/Jan/2024:03:50:10 -0500] "GET /images/Musgo%2017%20-%2012%20-%202023.jpeg HTTP/1.1" 200 66238
173.252.107.4 - - [22/Jan/2024:03:50:10 -0500] "GET /images/PREAD%20SDA%201.jpeg HTTP/1.1" 200 65620
173.252.107.112 - - [22/Jan/2024:03:50:10 -0500] "GET /images/reconocimiento%20practicas%20ambientales.jpg HTTP/1.1" 200 63397
172.22.2.4 - - [22/Jan/2024:03:49:47 -0500] "GET /BLA/boletinlegal/ HTTP/1.1" 200 24523
216.245.221.92 - - [22/Jan/2024:03:51:54 -0500] "HEAD / HTTP/1.1" 200 -
201.245.192.253 - - [22/Jan/2024:03:52:55 -0500] "POST /kwsrmcab/Wsrmcab  HTTP/1.1" 200 213
69.63.189.5 - - [22/Jan/2024:03:53:29 -0500] "GET /galeria/nivo-slider/demo/images/Bannersedeelectronica.jpg HTTP/1.1" 200 40383
172.22.2.4 - - [22/Jan/2024:03:52:50 -0500] "HEAD /BLA/boletinlegal/ HTTP/1.1" 200 -
172.22.2.4 - - [22/Jan/2024:03:53:41 -0500] "GET /BLA/boletinlegal/ HTTP/1.1" 200 60996
17.241.219.251 - - [22/Jan/2024:03:55:34 -0500] "GET /abierta-convocatoria-para-postular-a-organizaciones-que-desarrollan-actividades-de-voluntariado-ambiental-en-bogota.html HTTP/1.1" 200 880
216.245.221.92 - - [22/Jan/2024:03:56:54 -0500] "HEAD / HTTP/1.1" 200 -
201.245.192.253 - - [22/Jan/2024:03:57:53 -0500] "POST /kwsrmcab/Wsrmcab  HTTP/1.1" 200 213
199.16.157.181 - - [22/Jan/2024:03:59:46 -0500] "GET /images/Sello%201%20-2-2.jpg HTTP/1.1" 200 81559
172.22.2.4 - - [22/Jan/2024:03:58:40 -0500] "HEAD /BLA/boletinlegal/ HTTP/1.1" 200 -
162.55.37.148 - - [22/Jan/2024:04:00:52 -0500] "GET / HTTP/1.1" 200 4720
172.22.2.4 - - [22/Jan/2024:03:59:31 -0500] "GET /BLA/boletinlegal/ HTTP/1.1" 200 60996
216.245.221.92 - - [22/Jan/2024:04:01:54 -0500] "HEAD / HTTP/1.1" 200 -
201.245.192.253 - - [22/Jan/2024:04:02:53 -0500] "POST /kwsrmcab/Wsrmcab  HTTP/1.1" 200 213
66.249.66.38 - - [22/Jan/2024:04:04:32 -0500] "GET /con-plantacion-de-arboles-sigue-la-consolidacion-de-los-conectores-ecosistemicos-en-bogota.html HTTP/1.1" 200 896
216.244.66.195 - - [22/Jan/2024:04:05:13 -0500] "GET /BLA/resoluciones/AUTOS%202014/2196.pdf HTTP/1.1" 200 229734
216.244.66.195 - - [22/Jan/2024:04:05:19 -0500] "GET /BLA/resoluciones/AUTOS%202014/2585.pdf HTTP/1.1" 200 461263
216.244.66.195 - - [22/Jan/2024:04:05:27 -0500] "GET /BLA/resoluciones/AUTOS%202014/2794.pdf HTTP/1.1" 200 130098
216.244.66.195 - - [22/Jan/2024:04:05:32 -0500] "GET /BLA/resoluciones/AUTOS%202015/0804.pdf HTTP/1.1" 200 513218
216.244.66.195 - - [22/Jan/2024:04:05:37 -0500] "GET /BLA/resoluciones/AUTOS%202015/0930.pdf HTTP/1.1" 200 523020
216.244.66.195 - - [22/Jan/2024:04:05:42 -0500] "GET /BLA/resoluciones/AUTOS%202015/1083.pdf HTTP/1.1" 200 566291
216.244.66.195 - - [22/Jan/2024:04:05:46 -0500] "GET /BLA/resoluciones/AUTOS%202015/1292.pdf HTTP/1.1" 200 574213
35.190.199.12 - - [22/Jan/2024:04:05:49 -0500] "GET / HTTP/1.1" 200 319
216.244.66.195 - - [22/Jan/2024:04:05:50 -0500] "GET /BLA/resoluciones/AUTOS%202015/1446.pdf HTTP/1.1" 200 517773
172.22.2.4 - - [22/Jan/2024:04:04:30 -0500] "HEAD /BLA/boletinlegal/ HTTP/1.1" 200 -
216.244.66.195 - - [22/Jan/2024:04:06:12 -0500] "GET /BLA/resoluciones/AUTOS%202015/1797.pdf HTTP/1.1" 200 575719
216.244.66.195 - - [22/Jan/2024:04:06:30 -0500] "GET /BLA/resoluciones/AUTOS%202015/1966.pdf HTTP/1.1" 200 518696
216.244.66.195 - - [22/Jan/2024:04:06:46 -0500] "GET /BLA/resoluciones/AUTOS%202018/0061.pdf HTTP/1.1" 200 296662
216.245.221.92 - - [22/Jan/2024:04:06:54 -0500] "HEAD / HTTP/1.1" 200 -
216.244.66.195 - - [22/Jan/2024:04:07:01 -0500] "GET /BLA/resoluciones/AUTOS%202018/0195.pdf HTTP/1.1" 200 273895
172.22.2.4 - - [22/Jan/2024:04:05:21 -0500] "GET /BLA/boletinlegal/ HTTP/1.1" 200 59050
216.244.66.195 - - [22/Jan/2024:04:07:15 -0500] "GET /BLA/resoluciones/AUTOS%202018/0243.pdf HTTP/1.1" 200 285526
216.244.66.195 - - [22/Jan/2024:04:07:28 -0500] "GET /BLA/resoluciones/AUTOS%202018/0428.pdf HTTP/1.1" 200 321611
216.244.66.195 - - [22/Jan/2024:04:07:40 -0500] "GET /BLA/resoluciones/AUTOS%202018/0578.pdf HTTP/1.1" 200 270561
216.244.66.195 - - [22/Jan/2024:04:07:52 -0500] "GET /BLA/resoluciones/AUTOS%202018/0612.pdf HTTP/1.1" 200 290785
201.245.192.253 - - [22/Jan/2024:04:07:51 -0500] "POST /kwsrmcab/Wsrmcab  HTTP/1.1" 200 213
216.244.66.195 - - [22/Jan/2024:04:08:04 -0500] "GET /BLA/resoluciones/AUTOS%202018/0614.pdf HTTP/1.1" 200 291679
216.244.66.195 - - [22/Jan/2024:04:08:13 -0500] "GET /BLA/resoluciones/AUTOS%202018/0647.pdf HTTP/1.1" 200 321646
216.244.66.195 - - [22/Jan/2024:04:08:21 -0500] "GET /BLA/resoluciones/AUTOS%202018/0979.pdf HTTP/1.1" 200 279117
216.244.66.195 - - [22/Jan/2024:04:08:29 -0500] "GET /BLA/resoluciones/AUTOS%202018/0996.pdf HTTP/1.1" 200 284557
216.244.66.195 - - [22/Jan/2024:04:08:35 -0500] "GET /BLA/resoluciones/AUTOS%202018/1062.pdf HTTP/1.1" 200 282327
216.244.66.195 - - [22/Jan/2024:04:08:40 -0500] "GET /BLA/resoluciones/AUTOS%202018/1388.pdf HTTP/1.1" 200 246240
216.244.66.195 - - [22/Jan/2024:04:08:45 -0500] "GET /BLA/resoluciones/AUTOS%202018/1513.pdf HTTP/1.1" 200 279264
216.244.66.195 - - [22/Jan/2024:04:08:51 -0500] "GET /BLA/resoluciones/AUTOS%202018/1619.pdf HTTP/1.1" 200 297527
216.244.66.195 - - [22/Jan/2024:04:08:55 -0500] "GET /BLA/resoluciones/AUTOS%202018/1803.pdf HTTP/1.1" 200 277165
216.244.66.195 - - [22/Jan/2024:04:08:59 -0500] "GET /BLA/resoluciones/AUTOS%202018/2401.pdf HTTP/1.1" 200 277990
216.244.66.195 - - [22/Jan/2024:04:09:03 -0500] "GET /BLA/resoluciones/AUTOS%202018/2657.pdf HTTP/1.1" 200 303136
216.244.66.195 - - [22/Jan/2024:04:09:06 -0500] "GET /BLA/resoluciones/AUTOS%202018/2990.pdf HTTP/1.1" 200 309258
216.244.66.195 - - [22/Jan/2024:04:09:09 -0500] "GET /BLA/resoluciones/AUTOS%202018/3931.pdf HTTP/1.1" 200 261055
216.244.66.195 - - [22/Jan/2024:04:09:14 -0500] "GET /BLA/resoluciones/AUTOS%202018/4036.pdf HTTP/1.1" 200 234290
216.244.66.195 - - [22/Jan/2024:04:09:18 -0500] "GET /BLA/resoluciones/AUTOS%202018/4134.pdf HTTP/1.1" 200 308621
216.244.66.195 - - [22/Jan/2024:04:09:28 -0500] "GET /BLA/resoluciones/AUTOS%202019/1752.pdf HTTP/1.1" 200 257005
216.244.66.195 - - [22/Jan/2024:04:09:44 -0500] "GET /BLA/resoluciones/RESOLUCIONES%202011/0021.pdf HTTP/1.1" 200 240527
216.244.66.195 - - [22/Jan/2024:04:09:58 -0500] "GET /BLA/resoluciones/RESOLUCIONES%202011/0143.pdf HTTP/1.1" 200 361250
216.244.66.195 - - [22/Jan/2024:04:10:09 -0500] "GET /BLA/resoluciones/RESOLUCIONES%202011/0316.pdf HTTP/1.1" 200 87119
216.244.66.195 - - [22/Jan/2024:04:10:18 -0500] "GET /BLA/resoluciones/RESOLUCIONES%202011/0383.pdf HTTP/1.1" 200 50085
216.244.66.195 - - [22/Jan/2024:04:10:26 -0500] "GET /BLA/resoluciones/RESOLUCIONES%202011/0560.pdf HTTP/1.1" 200 66619
216.244.66.195 - - [22/Jan/2024:04:10:33 -0500] "GET /BLA/resoluciones/RESOLUCIONES%202011/1255.pdf HTTP/1.1" 200 256669
216.244.66.195 - - [22/Jan/2024:04:10:40 -0500] "GET /BLA/resoluciones/RESOLUCIONES%202011/1309.pdf HTTP/1.1" 200 77177
216.244.66.195 - - [22/Jan/2024:04:10:45 -0500] "GET /BLA/resoluciones/RESOLUCIONES%202011/1517.pdf HTTP/1.1" 200 235943
216.244.66.195 - - [22/Jan/2024:04:10:50 -0500] "GET /BLA/resoluciones/RESOLUCIONES%202011/1540.pdf HTTP/1.1" 200 76683
216.244.66.195 - - [22/Jan/2024:04:10:55 -0500] "GET /BLA/resoluciones/RESOLUCIONES%202011/1654.pdf HTTP/1.1" 200 66919
216.244.66.195 - - [22/Jan/2024:04:10:58 -0500] "GET /BLA/resoluciones/AUTOS%202014/5561.pdf HTTP/1.1" 200 513208
216.244.66.195 - - [22/Jan/2024:04:11:18 -0500] "GET /BLA/resoluciones/RESOLUCIONES%202013/0269.pdf HTTP/1.1" 200 2277104
216.245.221.92 - - [22/Jan/2024:04:11:54 -0500] "HEAD / HTTP/1.1" 200 -
172.22.2.4 - - [22/Jan/2024:04:10:20 -0500] "HEAD /BLA/boletinlegal/ HTTP/1.1" 200 -
172.22.2.4 - - [22/Jan/2024:04:11:11 -0500] "GET /BLA/boletinlegal/ HTTP/1.1" 200 59050
201.245.192.253 - - [22/Jan/2024:04:12:51 -0500] "POST /kwsrmcab/Wsrmcab  HTTP/1.1" 200 213
201.245.192.253 - - [22/Jan/2024:04:14:58 -0500] "POST /kwsrmcab/Wsrmcab HTTP/1.1" 200 39129
201.245.192.253 - - [22/Jan/2024:04:15:01 -0500] "POST /kwsrmcab/Wsrmcab HTTP/1.1" 200 35976
216.245.221.92 - - [22/Jan/2024:04:16:54 -0500] "HEAD / HTTP/1.1" 200 -
172.22.2.4 - - [22/Jan/2024:04:16:10 -0500] "HEAD /BLA/boletinlegal/ HTTP/1.1" 200 -
201.245.192.253 - - [22/Jan/2024:04:17:49 -0500] "POST /kwsrmcab/Wsrmcab  HTTP/1.1" 200 213
172.22.2.4 - - [22/Jan/2024:04:17:01 -0500] "GET /BLA/boletinlegal/ HTTP/1.1" 200 59050
201.245.192.253 - - [22/Jan/2024:04:19:24 -0500] "POST /kwsrmcab/Wsrmcab HTTP/1.1" 200 36136
201.245.192.253 - - [22/Jan/2024:04:20:08 -0500] "POST /kwsrmcab/Wsrmcab HTTP/1.1" 200 35976
216.245.221.92 - - [22/Jan/2024:04:21:54 -0500] "HEAD / HTTP/1.1" 200 -
201.245.192.253 - - [22/Jan/2024:04:22:48 -0500] "POST /kwsrmcab/Wsrmcab  HTTP/1.1" 200 213
172.22.2.4 - - [22/Jan/2024:04:22:00 -0500] "HEAD /BLA/boletinlegal/ HTTP/1.1" 200 -
172.22.2.4 - - [22/Jan/2024:04:22:51 -0500] "GET /BLA/boletinlegal/ HTTP/1.1" 200 59050
201.245.192.253 - - [22/Jan/2024:04:24:58 -0500] "POST /kwsrmcab/Wsrmcab HTTP/1.1" 200 39129
201.245.192.253 - - [22/Jan/2024:04:25:02 -0500] "POST /kwsrmcab/Wsrmcab HTTP/1.1" 200 35976
216.244.66.195 - - [22/Jan/2024:04:25:36 -0500] "GET /robots.txt HTTP/1.1" 404 1018
172.22.2.4 - - [22/Jan/2024:04:26:33 -0500] "GET /BLA/boletinlegal/robots.txt HTTP/1.1" 404 1037
172.22.2.4 - - [22/Jan/2024:04:26:33 -0500] "GET /BLA/boletinlegal/robots.txt HTTP/1.1" 404 1037
172.22.2.4 - - [22/Jan/2024:04:26:37 -0500] "GET /BLA/boletinlegal/Circulares/2017/Circular%20No.%201%20del%2030%20de%20Marzo%20de%202017.pdf HTTP/1.1" 304 -
216.245.221.92 - - [22/Jan/2024:04:26:54 -0500] "HEAD / HTTP/1.1" 200 -
172.22.2.4 - - [22/Jan/2024:04:26:19 -0500] "GET /BLA/boletinlegal/ HTTP/1.1" 200 32715
201.245.192.253 - - [22/Jan/2024:04:27:47 -0500] "POST /kwsrmcab/Wsrmcab  HTTP/1.1" 200 213
13.40.178.181 - - [22/Jan/2024:04:27:54 -0500] "\x9b\x06\x14\x87\xd9w\x88\x1a`\x10\x04\xb0x\x19" 400 226
201.245.192.253 - - [22/Jan/2024:04:29:24 -0500] "POST /kwsrmcab/Wsrmcab HTTP/1.1" 200 36136
172.22.2.4 - - [22/Jan/2024:04:27:50 -0500] "HEAD /BLA/boletinlegal/ HTTP/1.1" 200 -
201.245.192.253 - - [22/Jan/2024:04:30:07 -0500] "POST /kwsrmcab/Wsrmcab HTTP/1.1" 200 35976
172.22.2.4 - - [22/Jan/2024:04:28:41 -0500] "GET /BLA/boletinlegal/ HTTP/1.1" 200 59050
216.245.221.92 - - [22/Jan/2024:04:31:54 -0500] "HEAD / HTTP/1.1" 200 -
201.245.192.253 - - [22/Jan/2024:04:32:44 -0500] "POST /kwsrmcab/Wsrmcab  HTTP/1.1" 200 213
13.40.178.181 - - [22/Jan/2024:04:34:17 -0500] "M^\xa6\x9f\xae\x85l\b`\x11\x04\xb0=c" 400 226
201.245.192.253 - - [22/Jan/2024:04:34:58 -0500] "POST /kwsrmcab/Wsrmcab HTTP/1.1" 200 39129
201.245.192.253 - - [22/Jan/2024:04:35:01 -0500] "POST /kwsrmcab/Wsrmcab HTTP/1.1" 200 35976
172.22.2.4 - - [22/Jan/2024:04:33:40 -0500] "HEAD /BLA/boletinlegal/ HTTP/1.1" 200 -
172.22.2.4 - - [22/Jan/2024:04:34:31 -0500] "GET /BLA/boletinlegal/ HTTP/1.1" 200 60996
185.233.19.182 - - [22/Jan/2024:04:36:17 -0500] "GET / HTTP/1.1" 200 319
216.245.221.92 - - [22/Jan/2024:04:36:54 -0500] "HEAD / HTTP/1.1" 200 -
201.245.192.253 - - [22/Jan/2024:04:37:44 -0500] "POST /kwsrmcab/Wsrmcab  HTTP/1.1" 200 213
201.245.192.253 - - [22/Jan/2024:04:39:24 -0500] "POST /kwsrmcab/Wsrmcab HTTP/1.1" 200 36136
201.245.192.253 - - [22/Jan/2024:04:40:07 -0500] "POST /kwsrmcab/Wsrmcab HTTP/1.1" 200 35976
69.63.189.5 - - [22/Jan/2024:04:40:27 -0500] "GET /galeria/nivo-slider/demo/images/banneraccionpopular.jpeg HTTP/1.1" 200 41707
172.22.2.4 - - [22/Jan/2024:04:39:30 -0500] "HEAD /BLA/boletinlegal/ HTTP/1.1" 200 -
146.19.24.23 - - [22/Jan/2024:04:41:22 -0500] "GET / HTTP/1.1" 200 319
216.245.221.92 - - [22/Jan/2024:04:41:54 -0500] "HEAD / HTTP/1.1" 200 -
172.22.2.4 - - [22/Jan/2024:04:40:21 -0500] "GET /BLA/boletinlegal/ HTTP/1.1" 200 58666
201.245.192.253 - - [22/Jan/2024:04:42:42 -0500] "POST /kwsrmcab/Wsrmcab  HTTP/1.1" 200 213
172.22.2.4 - - [22/Jan/2024:04:43:34 -0500] "GET /BLA/boletinlegal/Circulares/2012/Circular%20No.%202%20del%2014%20de%20Marzo%20de%202012.pdf HTTP/1.1" 200 113666
216.245.221.92 - - [22/Jan/2024:04:46:54 -0500] "HEAD / HTTP/1.1" 200 -
172.22.2.4 - - [22/Jan/2024:04:45:20 -0500] "HEAD /BLA/boletinlegal/ HTTP/1.1" 200 -
216.244.66.195 - - [22/Jan/2024:04:47:20 -0500] "GET /BLA/resoluciones/AUTOS%202022/4205.pdf HTTP/1.1" 200 401959
216.244.66.195 - - [22/Jan/2024:04:47:29 -0500] "GET /BLA/resoluciones/AUTOS%202022/4984.pdf HTTP/1.1" 200 363070
201.245.192.253 - - [22/Jan/2024:04:47:41 -0500] "POST /kwsrmcab/Wsrmcab  HTTP/1.1" 200 213
172.22.2.4 - - [22/Jan/2024:04:46:11 -0500] "GET /BLA/boletinlegal/ HTTP/1.1" 200 58666
66.249.66.37 - - [22/Jan/2024:04:49:31 -0500] "GET /el-agua-recurso-vital-para-la-conservacion-de-los-ecosistemas.html HTTP/1.1" 304 -
173.252.107.117 - - [22/Jan/2024:04:50:10 -0500] "GET /garza-azul-nueva-ave-registrada-en-el-humedal-el-burro.html HTTP/1.1" 200 890
66.249.66.38 - - [22/Jan/2024:04:51:12 -0500] "GET /inscribete-y-participa-en-las-caminatas-ecologicas-de-marzo.html HTTP/1.1" 200 924
152.203.255.1 - - [22/Jan/2024:04:51:30 -0500] "GET /sipse/faces/index.xhtml HTTP/1.1" 200 677
152.203.255.1 - - [22/Jan/2024:04:51:30 -0500] "GET /sipse/faces/javax.faces.resource/theme.css?ln=primefaces-sipse HTTP/1.1" 304 -
152.203.255.1 - - [22/Jan/2024:04:51:30 -0500] "GET /sipse/faces/faces/autenticacion.xhtml HTTP/1.1" 200 12401
152.203.255.1 - - [22/Jan/2024:04:51:30 -0500] "GET /sipse/js/disable_browser_buttons.js HTTP/1.1" 304 -
152.203.255.1 - - [22/Jan/2024:04:51:30 -0500] "GET /sipse/js/funciones.js HTTP/1.1" 304 -
152.203.255.1 - - [22/Jan/2024:04:51:30 -0500] "GET /sipse/css/custom_css_sg_prime_login.css HTTP/1.1" 304 -
152.203.255.1 - - [22/Jan/2024:04:51:30 -0500] "GET /sipse/faces/javax.faces.resource/primefaces.css?ln=primefaces&v=4.0 HTTP/1.1" 304 -
152.203.255.1 - - [22/Jan/2024:04:51:30 -0500] "GET /sipse/faces/javax.faces.resource/layout/layout.css?ln=primefaces&v=4.0 HTTP/1.1" 304 -
152.203.255.1 - - [22/Jan/2024:04:51:30 -0500] "GET /sipse/css/custom_css_sg.css HTTP/1.1" 304 -
152.203.255.1 - - [22/Jan/2024:04:51:30 -0500] "GET /sipse/faces/javax.faces.resource/theme.css?ln=primefaces-sipse HTTP/1.1" 304 -
152.203.255.1 - - [22/Jan/2024:04:51:30 -0500] "GET /sipse/faces/javax.faces.resource/layout/layout.js?ln=primefaces&v=4.0 HTTP/1.1" 304 -
152.203.255.1 - - [22/Jan/2024:04:51:30 -0500] "GET /sipse/faces/javax.faces.resource/jquery/jquery.js?ln=primefaces&v=4.0 HTTP/1.1" 304 -
152.203.255.1 - - [22/Jan/2024:04:51:30 -0500] "GET /sipse/faces/javax.faces.resource/jquery/jquery-plugins.js?ln=primefaces&v=4.0 HTTP/1.1" 304 -
152.203.255.1 - - [22/Jan/2024:04:51:30 -0500] "GET /sipse/faces/javax.faces.resource/primefaces.js?ln=primefaces&v=4.0 HTTP/1.1" 304 -
152.203.255.1 - - [22/Jan/2024:04:51:31 -0500] "GET /sipse/css/imagen/logoSDG.png HTTP/1.1" 304 -
152.203.255.1 - - [22/Jan/2024:04:51:31 -0500] "GET /sipse/css/imagen/loginimg.png HTTP/1.1" 304 -
152.203.255.1 - - [22/Jan/2024:04:51:31 -0500] "GET /sipse/faces/javax.faces.resource/images/ui-icons_898989_256x240.png?ln=primefaces-aristo HTTP/1.1" 304 -
216.245.221.92 - - [22/Jan/2024:04:51:54 -0500] "HEAD / HTTP/1.1" 200 -
34.66.102.235 - - [22/Jan/2024:04:52:30 -0500] "\x16\x03\x01" 400 226
34.66.102.235 - - [22/Jan/2024:04:52:33 -0500] "OPTIONS / HTTP/1.0" 200 -
201.245.192.253 - - [22/Jan/2024:04:52:40 -0500] "POST /kwsrmcab/Wsrmcab  HTTP/1.1" 200 213
172.22.2.4 - - [22/Jan/2024:04:51:10 -0500] "HEAD /BLA/boletinlegal/ HTTP/1.1" 200 -
66.249.66.21 - - [22/Jan/2024:04:53:01 -0500] "GET /robots.txt HTTP/1.1" 404 1018
66.249.66.19 - - [22/Jan/2024:04:53:01 -0500] "GET /BLA/resoluciones/RESOLUCIONES%202021/3158.pdf HTTP/1.1" 304 -
152.203.255.1 - - [22/Jan/2024:04:53:13 -0500] "POST /sipse/faces/autenticacion.xhtml HTTP/1.1" 200 2183
152.203.255.1 - - [22/Jan/2024:04:53:14 -0500] "GET /sipse/faces/javax.faces.resource/messages/messages.png?ln=primefaces&v=4.0 HTTP/1.1" 304 -
152.203.255.1 - - [22/Jan/2024:04:53:14 -0500] "POST /sipse/faces/autenticacion.xhtml HTTP/1.1" 200 2183
152.203.255.1 - - [22/Jan/2024:04:53:24 -0500] "POST /sipse/faces/autenticacion.xhtml HTTP/1.1" 200 2223
152.203.255.1 - - [22/Jan/2024:04:53:29 -0500] "POST /sipse/faces/autenticacion.xhtml HTTP/1.1" 200 16458
152.203.255.1 - - [22/Jan/2024:04:53:29 -0500] "GET /sipse/faces/javax.faces.resource/theme.css?ln=primefaces-sipse HTTP/1.1" 304 -
152.203.255.1 - - [22/Jan/2024:04:53:29 -0500] "GET /sipse/faces/javax.faces.resource/primefaces.css?ln=primefaces&v=4.0 HTTP/1.1" 304 -
152.203.255.1 - - [22/Jan/2024:04:53:29 -0500] "GET /sipse/faces/javax.faces.resource/layout/layout.css?ln=primefaces&v=4.0 HTTP/1.1" 304 -
152.203.255.1 - - [22/Jan/2024:04:53:29 -0500] "GET /sipse/css/custom_css_sg_prime.css HTTP/1.1" 304 -
152.203.255.1 - - [22/Jan/2024:04:53:29 -0500] "GET /sipse/js/jquery.min.js HTTP/1.1" 304 -
152.203.255.1 - - [22/Jan/2024:04:53:29 -0500] "GET /sipse/faces/javax.faces.resource/jquery/jquery.js?ln=primefaces&v=4.0 HTTP/1.1" 304 -
152.203.255.1 - - [22/Jan/2024:04:53:29 -0500] "GET /sipse/faces/javax.faces.resource/jquery/jquery-plugins.js?ln=primefaces&v=4.0 HTTP/1.1" 304 -
152.203.255.1 - - [22/Jan/2024:04:53:29 -0500] "GET /sipse/faces/javax.faces.resource/primefaces.js?ln=primefaces&v=4.0 HTTP/1.1" 304 -
152.203.255.1 - - [22/Jan/2024:04:53:29 -0500] "GET /sipse/faces/javax.faces.resource/layout/layout.js?ln=primefaces&v=4.0 HTTP/1.1" 304 -
152.203.255.1 - - [22/Jan/2024:04:53:29 -0500] "GET /sipse/css/v_mergente.css HTTP/1.1" 304 -
152.203.255.1 - - [22/Jan/2024:04:53:29 -0500] "GET /sipse/imagenes/logoAplicacion.jpg HTTP/1.1" 304 -
152.203.255.1 - - [22/Jan/2024:04:53:29 -0500] "GET /sipse/imagenes/cargando.gif HTTP/1.1" 304 -
152.203.255.1 - - [22/Jan/2024:04:53:29 -0500] "GET /sipse/css/imagen/contrasena.png HTTP/1.1" 404 383
152.203.255.1 - - [22/Jan/2024:04:53:32 -0500] "GET /sipse/faces/javax.faces.resource/images/ui-bg_flat_0_2d5972_40x100.png?ln=primefaces-aristo HTTP/1.1" 304 -
152.203.255.1 - - [22/Jan/2024:04:53:32 -0500] "POST /sipse/faces/bienvenido.xhtml HTTP/1.1" 200 2658
152.203.255.1 - - [22/Jan/2024:04:53:33 -0500] "POST /sipse/faces/bienvenido.xhtml HTTP/1.1" 200 64228
152.203.255.1 - - [22/Jan/2024:04:53:34 -0500] "GET /sipse/faces/javax.faces.resource/theme.css?ln=primefaces-sipse HTTP/1.1" 304 -
152.203.255.1 - - [22/Jan/2024:04:53:34 -0500] "GET /sipse/faces/javax.faces.resource/primefaces.css?ln=primefaces&v=4.0 HTTP/1.1" 304 -
152.203.255.1 - - [22/Jan/2024:04:53:34 -0500] "GET /sipse/faces/javax.faces.resource/layout/layout.css?ln=primefaces&v=4.0 HTTP/1.1" 304 -
152.203.255.1 - - [22/Jan/2024:04:53:34 -0500] "GET /sipse/faces/javax.faces.resource/jquery/jquery.js?ln=primefaces&v=4.0 HTTP/1.1" 304 -
152.203.255.1 - - [22/Jan/2024:04:53:34 -0500] "GET /sipse/faces/javax.faces.resource/jquery/jquery-plugins.js?ln=primefaces&v=4.0 HTTP/1.1" 304 -
152.203.255.1 - - [22/Jan/2024:04:53:34 -0500] "GET /sipse/faces/javax.faces.resource/primefaces.js?ln=primefaces&v=4.0 HTTP/1.1" 304 -
152.203.255.1 - - [22/Jan/2024:04:53:35 -0500] "GET /sipse/faces/javax.faces.resource/layout/layout.js?ln=primefaces&v=4.0 HTTP/1.1" 304 -
152.203.255.1 - - [22/Jan/2024:04:53:35 -0500] "POST /sipse/faces/presentacion/financiero/solicitudProceso/listarSolicitudProceso.xhtml HTTP/1.1" 200 1560
152.203.255.1 - - [22/Jan/2024:04:53:38 -0500] "POST /sipse/faces/presentacion/financiero/solicitudProceso/listarSolicitudProceso.xhtml HTTP/1.1" 200 34639
152.203.255.1 - - [22/Jan/2024:04:53:39 -0500] "POST /sipse/faces/presentacion/financiero/solicitudProceso/listarSolicitudProceso.xhtml HTTP/1.1" 200 34927
152.203.255.1 - - [22/Jan/2024:04:53:40 -0500] "POST /sipse/faces/presentacion/financiero/solicitudProceso/listarSolicitudProceso.xhtml HTTP/1.1" 200 13502
152.203.255.1 - - [22/Jan/2024:04:53:41 -0500] "POST /sipse/faces/presentacion/financiero/solicitudProceso/listarSolicitudProceso.xhtml HTTP/1.1" 200 34923
172.22.2.4 - - [22/Jan/2024:04:52:01 -0500] "GET /BLA/boletinlegal/ HTTP/1.1" 200 60996
152.203.255.1 - - [22/Jan/2024:04:53:42 -0500] "POST /sipse/faces/presentacion/financiero/solicitudProceso/listarSolicitudProceso.xhtml HTTP/1.1" 200 17061
152.203.255.1 - - [22/Jan/2024:04:53:43 -0500] "POST /sipse/faces/presentacion/financiero/solicitudProceso/listarSolicitudProceso.xhtml HTTP/1.1" 200 7973
152.203.255.1 - - [22/Jan/2024:04:53:48 -0500] "POST /sipse/faces/presentacion/financiero/solicitudProceso/listarSolicitudProceso.xhtml HTTP/1.1" 200 132923
152.203.255.1 - - [22/Jan/2024:04:53:49 -0500] "GET /sipse/faces/javax.faces.resource/theme.css?ln=primefaces-sipse HTTP/1.1" 304 -
152.203.255.1 - - [22/Jan/2024:04:53:49 -0500] "GET /sipse/faces/javax.faces.resource/primefaces.css?ln=primefaces&v=4.0 HTTP/1.1" 304 -
152.203.255.1 - - [22/Jan/2024:04:53:49 -0500] "GET /sipse/faces/javax.faces.resource/layout/layout.css?ln=primefaces&v=4.0 HTTP/1.1" 304 -
152.203.255.1 - - [22/Jan/2024:04:53:49 -0500] "GET /sipse/faces/javax.faces.resource/jquery/jquery.js?ln=primefaces&v=4.0 HTTP/1.1" 304 -
152.203.255.1 - - [22/Jan/2024:04:53:49 -0500] "GET /sipse/faces/javax.faces.resource/jquery/jquery-plugins.js?ln=primefaces&v=4.0 HTTP/1.1" 304 -
152.203.255.1 - - [22/Jan/2024:04:53:49 -0500] "GET /sipse/faces/javax.faces.resource/primefaces.js?ln=primefaces&v=4.0 HTTP/1.1" 304 -
152.203.255.1 - - [22/Jan/2024:04:53:49 -0500] "GET /sipse/faces/javax.faces.resource/layout/layout.js?ln=primefaces&v=4.0 HTTP/1.1" 304 -
216.245.221.92 - - [22/Jan/2024:04:56:54 -0500] "HEAD / HTTP/1.1" 200 -
216.244.66.195 - - [22/Jan/2024:04:57:36 -0500] "GET /BLA/resoluciones/AUTOS%202015/1463.pdf HTTP/1.1" 200 301894
201.245.192.253 - - [22/Jan/2024:04:57:39 -0500] "POST /kwsrmcab/Wsrmcab  HTTP/1.1" 200 213
216.244.66.195 - - [22/Jan/2024:04:57:43 -0500] "GET /BLA/resoluciones/AUTOS%202015/2011.pdf HTTP/1.1" 200 575552
216.244.66.195 - - [22/Jan/2024:04:57:49 -0500] "GET /BLA/resoluciones/AUTOS%202015/3632.pdf HTTP/1.1" 200 507509
216.244.66.195 - - [22/Jan/2024:04:57:53 -0500] "GET /BLA/resoluciones/AUTOS%202018/0066.pdf HTTP/1.1" 200 308366
216.244.66.195 - - [22/Jan/2024:04:57:58 -0500] "GET /BLA/resoluciones/AUTOS%202018/0615.pdf HTTP/1.1" 200 291914
216.244.66.195 - - [22/Jan/2024:04:58:02 -0500] "GET /BLA/resoluciones/AUTOS%202018/1042.pdf HTTP/1.1" 200 281269
216.244.66.195 - - [22/Jan/2024:04:58:05 -0500] "GET /BLA/resoluciones/AUTOS%202018/1770.pdf HTTP/1.1" 200 294406
216.244.66.195 - - [22/Jan/2024:04:58:08 -0500] "GET /BLA/resoluciones/AUTOS%202018/2406.pdf HTTP/1.1" 200 276998
216.244.66.195 - - [22/Jan/2024:04:58:11 -0500] "GET /BLA/resoluciones/AUTOS%202018/3289.pdf HTTP/1.1" 200 278093
141.147.155.248 - - [22/Jan/2024:04:58:13 -0500] "GET /worm0.PhP7 HTTP/1.1" 404 1049
216.244.66.195 - - [22/Jan/2024:04:58:14 -0500] "GET /BLA/resoluciones/AUTOS%202018/4038.pdf HTTP/1.1" 200 243125
216.244.66.195 - - [22/Jan/2024:04:58:16 -0500] "GET /BLA/resoluciones/AUTOS%202019/1532.pdf HTTP/1.1" 200 274506
216.244.66.195 - - [22/Jan/2024:04:58:19 -0500] "GET /BLA/resoluciones/AUTOS%202019/3141.pdf HTTP/1.1" 200 221567
141.147.155.248 - - [22/Jan/2024:04:58:21 -0500] "GET /alfanew.PhP7 HTTP/1.1" 404 1049
216.244.66.195 - - [22/Jan/2024:04:58:21 -0500] "GET /BLA/resoluciones/AUTOS%202022/0757.pdf HTTP/1.1" 200 372143
216.244.66.195 - - [22/Jan/2024:04:58:24 -0500] "GET /BLA/resoluciones/AUTOS%202022/0981.pdf HTTP/1.1" 200 390257
216.244.66.195 - - [22/Jan/2024:04:58:27 -0500] "GET /BLA/resoluciones/AUTOS%202022/1325.pdf HTTP/1.1" 200 389271
141.147.155.248 - - [22/Jan/2024:04:58:27 -0500] "GET /gawean.PhP7 HTTP/1.1" 404 1049
172.22.2.4 - - [22/Jan/2024:04:57:00 -0500] "HEAD /BLA/boletinlegal/ HTTP/1.1" 200 -
216.244.66.195 - - [22/Jan/2024:04:58:43 -0500] "GET /BLA/resoluciones/AUTOS%202022/1556.pdf HTTP/1.1" 200 453331
216.244.66.195 - - [22/Jan/2024:04:58:56 -0500] "GET /BLA/resoluciones/AUTOS%202022/1874.pdf HTTP/1.1" 200 393348
159.69.179.16 - - [22/Jan/2024:04:59:06 -0500] "GET / HTTP/1.1" 200 4720
216.244.66.195 - - [22/Jan/2024:04:59:08 -0500] "GET /BLA/resoluciones/AUTOS%202022/2395.pdf HTTP/1.1" 200 391237
216.244.66.195 - - [22/Jan/2024:04:59:18 -0500] "GET /BLA/resoluciones/AUTOS%202022/2874.pdf HTTP/1.1" 200 448662
216.244.66.195 - - [22/Jan/2024:04:59:27 -0500] "GET /BLA/resoluciones/AUTOS%202022/3066.pdf HTTP/1.1" 200 405149
172.22.2.4 - - [22/Jan/2024:04:57:51 -0500] "GET /BLA/boletinlegal/ HTTP/1.1" 200 58666
152.203.255.1 - - [22/Jan/2024:04:59:50 -0500] "GET /sipse/faces/index.xhtml HTTP/1.1" 200 677
152.203.255.1 - - [22/Jan/2024:04:59:50 -0500] "GET /sipse/faces/javax.faces.resource/theme.css?ln=primefaces-sipse HTTP/1.1" 304 -
152.203.255.1 - - [22/Jan/2024:04:59:50 -0500] "GET /sipse/faces/faces/autenticacion.xhtml HTTP/1.1" 200 12401
152.203.255.1 - - [22/Jan/2024:04:59:51 -0500] "GET /sipse/faces/javax.faces.resource/theme.css?ln=primefaces-sipse HTTP/1.1" 304 -
152.203.255.1 - - [22/Jan/2024:04:59:51 -0500] "GET /sipse/faces/javax.faces.resource/primefaces.css?ln=primefaces&v=4.0 HTTP/1.1" 304 -
152.203.255.1 - - [22/Jan/2024:04:59:51 -0500] "GET /sipse/faces/javax.faces.resource/layout/layout.css?ln=primefaces&v=4.0 HTTP/1.1" 304 -
152.203.255.1 - - [22/Jan/2024:04:59:51 -0500] "GET /sipse/faces/javax.faces.resource/jquery/jquery.js?ln=primefaces&v=4.0 HTTP/1.1" 304 -
152.203.255.1 - - [22/Jan/2024:04:59:51 -0500] "GET /sipse/faces/javax.faces.resource/jquery/jquery-plugins.js?ln=primefaces&v=4.0 HTTP/1.1" 304 -
152.203.255.1 - - [22/Jan/2024:04:59:51 -0500] "GET /sipse/faces/javax.faces.resource/layout/layout.js?ln=primefaces&v=4.0 HTTP/1.1" 304 -
152.203.255.1 - - [22/Jan/2024:04:59:51 -0500] "GET /sipse/faces/javax.faces.resource/primefaces.js?ln=primefaces&v=4.0 HTTP/1.1" 304 -
216.244.66.195 - - [22/Jan/2024:04:59:50 -0500] "GET /BLA/resoluciones/AUTOS%202022/3152.pdf HTTP/1.1" 200 763105
152.203.255.1 - - [22/Jan/2024:04:59:51 -0500] "GET /sipse/faces/javax.faces.resource/images/ui-icons_898989_256x240.png?ln=primefaces-aristo HTTP/1.1" 304 -
216.244.66.195 - - [22/Jan/2024:05:00:10 -0500] "GET /BLA/resoluciones/AUTOS%202022/3476.pdf HTTP/1.1" 200 1175423
152.203.255.1 - - [22/Jan/2024:05:00:10 -0500] "POST /sipse/faces/autenticacion.xhtml HTTP/1.1" 200 2223
152.203.255.1 - - [22/Jan/2024:05:00:11 -0500] "GET /sipse/faces/javax.faces.resource/messages/messages.png?ln=primefaces&v=4.0 HTTP/1.1" 304 -
152.203.255.1 - - [22/Jan/2024:05:00:12 -0500] "POST /sipse/faces/autenticacion.xhtml HTTP/1.1" 200 16458
152.203.255.1 - - [22/Jan/2024:05:00:12 -0500] "GET /sipse/faces/javax.faces.resource/theme.css?ln=primefaces-sipse HTTP/1.1" 304 -
152.203.255.1 - - [22/Jan/2024:05:00:12 -0500] "GET /sipse/faces/javax.faces.resource/primefaces.css?ln=primefaces&v=4.0 HTTP/1.1" 304 -
152.203.255.1 - - [22/Jan/2024:05:00:13 -0500] "GET /sipse/faces/javax.faces.resource/jquery/jquery.js?ln=primefaces&v=4.0 HTTP/1.1" 304 -
152.203.255.1 - - [22/Jan/2024:05:00:13 -0500] "GET /sipse/faces/javax.faces.resource/layout/layout.css?ln=primefaces&v=4.0 HTTP/1.1" 304 -
152.203.255.1 - - [22/Jan/2024:05:00:13 -0500] "GET /sipse/faces/javax.faces.resource/jquery/jquery-plugins.js?ln=primefaces&v=4.0 HTTP/1.1" 304 -
152.203.255.1 - - [22/Jan/2024:05:00:13 -0500] "GET /sipse/faces/javax.faces.resource/primefaces.js?ln=primefaces&v=4.0 HTTP/1.1" 304 -
152.203.255.1 - - [22/Jan/2024:05:00:13 -0500] "GET /sipse/faces/javax.faces.resource/layout/layout.js?ln=primefaces&v=4.0 HTTP/1.1" 304 -
152.203.255.1 - - [22/Jan/2024:05:00:13 -0500] "GET /sipse/css/imagen/contrasena.png HTTP/1.1" 404 383
152.203.255.1 - - [22/Jan/2024:05:00:16 -0500] "GET /sipse/faces/javax.faces.resource/images/ui-bg_flat_0_2d5972_40x100.png?ln=primefaces-aristo HTTP/1.1" 304 -
152.203.255.1 - - [22/Jan/2024:05:00:16 -0500] "POST /sipse/faces/bienvenido.xhtml HTTP/1.1" 200 2658
152.203.255.1 - - [22/Jan/2024:05:00:17 -0500] "POST /sipse/faces/bienvenido.xhtml HTTP/1.1" 200 64228
152.203.255.1 - - [22/Jan/2024:05:00:18 -0500] "GET /sipse/faces/javax.faces.resource/theme.css?ln=primefaces-sipse HTTP/1.1" 304 -
152.203.255.1 - - [22/Jan/2024:05:00:18 -0500] "GET /sipse/faces/javax.faces.resource/primefaces.css?ln=primefaces&v=4.0 HTTP/1.1" 304 -
152.203.255.1 - - [22/Jan/2024:05:00:18 -0500] "GET /sipse/faces/javax.faces.resource/layout/layout.css?ln=primefaces&v=4.0 HTTP/1.1" 304 -
152.203.255.1 - - [22/Jan/2024:05:00:19 -0500] "GET /sipse/faces/javax.faces.resource/jquery/jquery.js?ln=primefaces&v=4.0 HTTP/1.1" 304 -
152.203.255.1 - - [22/Jan/2024:05:00:19 -0500] "GET /sipse/faces/javax.faces.resource/jquery/jquery-plugins.js?ln=primefaces&v=4.0 HTTP/1.1" 304 -
152.203.255.1 - - [22/Jan/2024:05:00:19 -0500] "GET /sipse/faces/javax.faces.resource/primefaces.js?ln=primefaces&v=4.0 HTTP/1.1" 304 -
152.203.255.1 - - [22/Jan/2024:05:00:19 -0500] "GET /sipse/faces/javax.faces.resource/layout/layout.js?ln=primefaces&v=4.0 HTTP/1.1" 304 -
152.203.255.1 - - [22/Jan/2024:05:00:19 -0500] "POST /sipse/faces/presentacion/financiero/solicitudProceso/listarSolicitudProceso.xhtml HTTP/1.1" 200 1560
216.244.66.195 - - [22/Jan/2024:05:00:27 -0500] "GET /BLA/resoluciones/AUTOS%202022/4320.pdf HTTP/1.1" 200 699745
216.244.66.195 - - [22/Jan/2024:05:00:44 -0500] "GET /BLA/resoluciones/AUTOS%202022/4700.pdf HTTP/1.1" 200 1129211
152.203.255.1 - - [22/Jan/2024:05:00:57 -0500] "POST /sipse/faces/presentacion/financiero/solicitudProceso/listarSolicitudProceso.xhtml HTTP/1.1" 200 34639
152.203.255.1 - - [22/Jan/2024:05:00:57 -0500] "POST /sipse/faces/presentacion/financiero/solicitudProceso/listarSolicitudProceso.xhtml HTTP/1.1" 200 34651
152.203.255.1 - - [22/Jan/2024:05:00:58 -0500] "POST /sipse/faces/presentacion/financiero/solicitudProceso/listarSolicitudProceso.xhtml HTTP/1.1" 200 4853
152.203.255.1 - - [22/Jan/2024:05:00:58 -0500] "POST /sipse/faces/presentacion/financiero/solicitudProceso/listarSolicitudProceso.xhtml HTTP/1.1" 200 4865
152.203.255.1 - - [22/Jan/2024:05:00:59 -0500] "POST /sipse/faces/presentacion/financiero/solicitudProceso/listarSolicitudProceso.xhtml HTTP/1.1" 200 4857
152.203.255.1 - - [22/Jan/2024:05:01:00 -0500] "POST /sipse/faces/presentacion/financiero/solicitudProceso/listarSolicitudProceso.xhtml HTTP/1.1" 200 34647
216.244.66.195 - - [22/Jan/2024:05:01:00 -0500] "GET /BLA/resoluciones/AUTOS%202022/5353.pdf HTTP/1.1" 200 500839
152.203.255.1 - - [22/Jan/2024:05:01:01 -0500] "POST /sipse/faces/presentacion/financiero/solicitudProceso/listarSolicitudProceso.xhtml HTTP/1.1" 200 17061
152.203.255.1 - - [22/Jan/2024:05:01:01 -0500] "POST /sipse/faces/presentacion/financiero/solicitudProceso/listarSolicitudProceso.xhtml HTTP/1.1" 200 17069
152.203.255.1 - - [22/Jan/2024:05:01:02 -0500] "POST /sipse/faces/presentacion/financiero/solicitudProceso/listarSolicitudProceso.xhtml HTTP/1.1" 200 17061
152.203.255.1 - - [22/Jan/2024:05:01:05 -0500] "POST /sipse/faces/presentacion/financiero/solicitudProceso/listarSolicitudProceso.xhtml HTTP/1.1" 200 7973
216.244.66.195 - - [22/Jan/2024:05:01:15 -0500] "GET /BLA/resoluciones/RESOLUCIONES%202011/0048.pdf HTTP/1.1" 200 280854
162.55.166.12 - - [22/Jan/2024:05:01:26 -0500] "GET / HTTP/1.1" 200 4720
216.244.66.195 - - [22/Jan/2024:05:01:31 -0500] "GET /BLA/resoluciones/RESOLUCIONES%202011/0105.pdf HTTP/1.1" 200 356854
216.244.66.195 - - [22/Jan/2024:05:01:43 -0500] "GET /BLA/resoluciones/RESOLUCIONES%202011/0255.pdf HTTP/1.1" 200 303680
216.245.221.92 - - [22/Jan/2024:05:01:54 -0500] "HEAD / HTTP/1.1" 200 -
216.244.66.195 - - [22/Jan/2024:05:02:11 -0500] "GET /BLA/resoluciones/RESOLUCIONES%202011/0282.pdf HTTP/1.1" 200 72243
216.244.66.195 - - [22/Jan/2024:05:02:33 -0500] "GET /BLA/resoluciones/RESOLUCIONES%202011/0433.pdf HTTP/1.1" 200 76943
201.245.192.253 - - [22/Jan/2024:05:02:38 -0500] "POST /kwsrmcab/Wsrmcab  HTTP/1.1" 200 213
216.244.66.195 - - [22/Jan/2024:05:02:53 -0500] "GET /BLA/resoluciones/RESOLUCIONES%202011/0448.pdf HTTP/1.1" 200 370919
216.244.66.195 - - [22/Jan/2024:05:03:13 -0500] "GET /BLA/resoluciones/RESOLUCIONES%202011/0553.pdf HTTP/1.1" 200 68629
216.244.66.195 - - [22/Jan/2024:05:03:31 -0500] "GET /BLA/resoluciones/RESOLUCIONES%202011/0562.pdf HTTP/1.1" 200 356431
216.244.66.195 - - [22/Jan/2024:05:03:53 -0500] "GET /BLA/resoluciones/RESOLUCIONES%202011/0858.pdf HTTP/1.1" 200 370566
216.244.66.195 - - [22/Jan/2024:05:04:15 -0500] "GET /BLA/resoluciones/RESOLUCIONES%202011/1045.pdf HTTP/1.1" 200 72063
172.22.2.4 - - [22/Jan/2024:05:02:50 -0500] "HEAD /BLA/boletinlegal/ HTTP/1.1" 200 -
216.244.66.195 - - [22/Jan/2024:05:04:31 -0500] "GET /BLA/resoluciones/RESOLUCIONES%202011/1322.pdf HTTP/1.1" 200 66173
216.244.66.195 - - [22/Jan/2024:05:04:46 -0500] "GET /BLA/resoluciones/RESOLUCIONES%202011/1634.pdf HTTP/1.1" 200 266280
216.244.66.195 - - [22/Jan/2024:05:05:01 -0500] "GET /BLA/resoluciones/RESOLUCIONES%202011/2281.pdf HTTP/1.1" 200 89893
172.22.2.4 - - [22/Jan/2024:05:03:41 -0500] "GET /BLA/boletinlegal/ HTTP/1.1" 200 60996
172.22.2.4 - - [22/Jan/2024:05:06:30 -0500] "GET /BLA/boletinlegal/Circulares/2013/Circular%20No.%204%20del%2005%20de%20junio%20de%202013.pdf HTTP/1.1" 200 130461
216.245.221.92 - - [22/Jan/2024:05:06:54 -0500] "HEAD / HTTP/1.1" 200 -
17.241.227.186 - - [22/Jan/2024:05:07:11 -0500] "GET /feria-de-negocios-verdes-hecho-en-bogoti-emprendedores-comprometidos-con-el-medioambiente.html HTTP/1.1" 200 776
201.245.192.253 - - [22/Jan/2024:05:07:36 -0500] "POST /kwsrmcab/Wsrmcab  HTTP/1.1" 200 213
172.22.2.4 - - [22/Jan/2024:05:07:49 -0500] "GET /BLA/boletinlegal/Circulares/2023/CIRCULAR%20No.%2000002%20DEL%2020%20DE%20FEBRERO%20DEL%202023.pdf HTTP/1.1" 200 333231
40.77.167.53 - - [22/Jan/2024:05:08:30 -0500] "GET /BLA/resoluciones/AUTOS%202023/5798.pdf HTTP/1.1" 200 394473
172.22.2.4 - - [22/Jan/2024:05:08:40 -0500] "HEAD /BLA/boletinlegal/ HTTP/1.1" 200 -
172.22.2.4 - - [22/Jan/2024:05:09:31 -0500] "GET /BLA/boletinlegal/ HTTP/1.1" 200 60996
216.245.221.92 - - [22/Jan/2024:05:11:54 -0500] "HEAD / HTTP/1.1" 200 -
201.245.192.253 - - [22/Jan/2024:05:12:35 -0500] "POST /kwsrmcab/Wsrmcab  HTTP/1.1" 200 213
201.245.192.253 - - [22/Jan/2024:05:14:57 -0500] "POST /kwsrmcab/Wsrmcab HTTP/1.1" 200 39143
201.245.192.253 - - [22/Jan/2024:05:15:00 -0500] "POST /kwsrmcab/Wsrmcab HTTP/1.1" 200 35965
172.22.2.4 - - [22/Jan/2024:05:14:30 -0500] "HEAD /BLA/boletinlegal/ HTTP/1.1" 200 -
40.77.167.35 - - [22/Jan/2024:05:16:33 -0500] "GET /portaldeninos/humedal-juan-amarillo-2/ HTTP/1.1" 503 1037
216.245.221.92 - - [22/Jan/2024:05:16:54 -0500] "HEAD / HTTP/1.1" 200 -
152.203.255.1 - - [22/Jan/2024:05:16:54 -0500] "POST /sipse/faces/presentacion/financiero/solicitudProceso/listarSolicitudProceso.xhtml HTTP/1.1" 200 132923
152.203.255.1 - - [22/Jan/2024:05:16:55 -0500] "GET /sipse/faces/javax.faces.resource/theme.css?ln=primefaces-sipse HTTP/1.1" 304 -
152.203.255.1 - - [22/Jan/2024:05:16:55 -0500] "GET /sipse/faces/javax.faces.resource/layout/layout.css?ln=primefaces&v=4.0 HTTP/1.1" 304 -
152.203.255.1 - - [22/Jan/2024:05:16:55 -0500] "GET /sipse/faces/javax.faces.resource/primefaces.css?ln=primefaces&v=4.0 HTTP/1.1" 304 -
152.203.255.1 - - [22/Jan/2024:05:16:55 -0500] "GET /sipse/css/imagen/contrasena.png HTTP/1.1" 404 383
152.203.255.1 - - [22/Jan/2024:05:16:56 -0500] "GET /sipse/faces/javax.faces.resource/jquery/jquery.js?ln=primefaces&v=4.0 HTTP/1.1" 304 -
152.203.255.1 - - [22/Jan/2024:05:16:56 -0500] "GET /sipse/faces/javax.faces.resource/jquery/jquery-plugins.js?ln=primefaces&v=4.0 HTTP/1.1" 304 -
152.203.255.1 - - [22/Jan/2024:05:16:56 -0500] "GET /sipse/faces/javax.faces.resource/primefaces.js?ln=primefaces&v=4.0 HTTP/1.1" 304 -
152.203.255.1 - - [22/Jan/2024:05:16:56 -0500] "GET /sipse/faces/javax.faces.resource/layout/layout.js?ln=primefaces&v=4.0 HTTP/1.1" 304 -
172.22.2.4 - - [22/Jan/2024:05:15:21 -0500] "GET /BLA/boletinlegal/ HTTP/1.1" 200 58666
201.245.192.253 - - [22/Jan/2024:05:17:34 -0500] "POST /kwsrmcab/Wsrmcab  HTTP/1.1" 200 213
152.203.255.1 - - [22/Jan/2024:05:18:08 -0500] "POST /sipse/faces/presentacion/financiero/solicitudProceso/consultarSolicitudProceso.xhtml HTTP/1.1" 200 55011
152.203.255.1 - - [22/Jan/2024:05:18:08 -0500] "GET /sipse/faces/javax.faces.resource/theme.css?ln=primefaces-sipse HTTP/1.1" 304 -
152.203.255.1 - - [22/Jan/2024:05:18:08 -0500] "GET /sipse/faces/javax.faces.resource/layout/layout.css?ln=primefaces&v=4.0 HTTP/1.1" 304 -
152.203.255.1 - - [22/Jan/2024:05:18:08 -0500] "GET /sipse/faces/javax.faces.resource/primefaces.css?ln=primefaces&v=4.0 HTTP/1.1" 304 -
152.203.255.1 - - [22/Jan/2024:05:18:09 -0500] "GET /sipse/faces/javax.faces.resource/jquery/jquery.js?ln=primefaces&v=4.0 HTTP/1.1" 304 -
152.203.255.1 - - [22/Jan/2024:05:18:09 -0500] "GET /sipse/faces/javax.faces.resource/jquery/jquery-plugins.js?ln=primefaces&v=4.0 HTTP/1.1" 304 -
152.203.255.1 - - [22/Jan/2024:05:18:09 -0500] "GET /sipse/faces/javax.faces.resource/primefaces.js?ln=primefaces&v=4.0 HTTP/1.1" 304 -
152.203.255.1 - - [22/Jan/2024:05:18:09 -0500] "GET /sipse/faces/javax.faces.resource/layout/layout.js?ln=primefaces&v=4.0 HTTP/1.1" 304 -
152.203.255.1 - - [22/Jan/2024:05:18:09 -0500] "GET /sipse/css/imagen/contrasena.png HTTP/1.1" 404 383
152.203.255.1 - - [22/Jan/2024:05:18:20 -0500] "POST /sipse/faces/presentacion/financiero/estudioPrevio/personalSolicitado/personalSolicitadoSolicitudProceso.xhtml HTTP/1.1" 200 57644
152.203.255.1 - - [22/Jan/2024:05:18:21 -0500] "GET /sipse/faces/javax.faces.resource/theme.css?ln=primefaces-sipse HTTP/1.1" 304 -
152.203.255.1 - - [22/Jan/2024:05:18:21 -0500] "GET /sipse/faces/javax.faces.resource/primefaces.css?ln=primefaces&v=4.0 HTTP/1.1" 304 -
152.203.255.1 - - [22/Jan/2024:05:18:21 -0500] "GET /sipse/faces/javax.faces.resource/layout/layout.css?ln=primefaces&v=4.0 HTTP/1.1" 304 -
152.203.255.1 - - [22/Jan/2024:05:18:21 -0500] "GET /sipse/faces/javax.faces.resource/primefaces.js?ln=primefaces&v=4.0 HTTP/1.1" 304 -
152.203.255.1 - - [22/Jan/2024:05:18:21 -0500] "GET /sipse/faces/javax.faces.resource/jquery/jquery.js?ln=primefaces&v=4.0 HTTP/1.1" 304 -
152.203.255.1 - - [22/Jan/2024:05:18:21 -0500] "GET /sipse/faces/javax.faces.resource/jquery/jquery-plugins.js?ln=primefaces&v=4.0 HTTP/1.1" 304 -
152.203.255.1 - - [22/Jan/2024:05:18:21 -0500] "GET /sipse/faces/javax.faces.resource/layout/layout.js?ln=primefaces&v=4.0 HTTP/1.1" 304 -
152.203.255.1 - - [22/Jan/2024:05:18:21 -0500] "GET /sipse/css/imagen/contrasena.png HTTP/1.1" 404 383
152.203.255.1 - - [22/Jan/2024:05:18:21 -0500] "GET /sipse/faces/javax.faces.resource/images/ui-icons_898989_256x240.png?ln=primefaces-aristo HTTP/1.1" 304 -
152.203.255.1 - - [22/Jan/2024:05:18:25 -0500] "POST /sipse/faces/presentacion/financiero/estudioPrevio/personalSolicitado/personalSolicitadoSolicitudProceso.xhtml HTTP/1.1" 200 56386
152.203.255.1 - - [22/Jan/2024:05:18:26 -0500] "GET /sipse/faces/javax.faces.resource/theme.css?ln=primefaces-sipse HTTP/1.1" 304 -
152.203.255.1 - - [22/Jan/2024:05:18:26 -0500] "GET /sipse/faces/javax.faces.resource/primefaces.css?ln=primefaces&v=4.0 HTTP/1.1" 304 -
152.203.255.1 - - [22/Jan/2024:05:18:26 -0500] "GET /sipse/faces/javax.faces.resource/layout/layout.css?ln=primefaces&v=4.0 HTTP/1.1" 304 -
152.203.255.1 - - [22/Jan/2024:05:18:26 -0500] "GET /sipse/faces/javax.faces.resource/jquery/jquery.js?ln=primefaces&v=4.0 HTTP/1.1" 304 -
152.203.255.1 - - [22/Jan/2024:05:18:26 -0500] "GET /sipse/faces/javax.faces.resource/jquery/jquery-plugins.js?ln=primefaces&v=4.0 HTTP/1.1" 304 -
152.203.255.1 - - [22/Jan/2024:05:18:26 -0500] "GET /sipse/faces/javax.faces.resource/primefaces.js?ln=primefaces&v=4.0 HTTP/1.1" 304 -
152.203.255.1 - - [22/Jan/2024:05:18:26 -0500] "GET /sipse/faces/javax.faces.resource/layout/layout.js?ln=primefaces&v=4.0 HTTP/1.1" 304 -
152.203.255.1 - - [22/Jan/2024:05:18:32 -0500] "POST /sipse/faces/presentacion/financiero/estudioPrevio/personalSolicitado/personalSolicitadoSolicitudProceso.xhtml HTTP/1.1" 200 55115
152.203.255.1 - - [22/Jan/2024:05:18:32 -0500] "GET /sipse/faces/javax.faces.resource/theme.css?ln=primefaces-sipse HTTP/1.1" 304 -
152.203.255.1 - - [22/Jan/2024:05:18:32 -0500] "GET /sipse/faces/javax.faces.resource/primefaces.css?ln=primefaces&v=4.0 HTTP/1.1" 304 -
152.203.255.1 - - [22/Jan/2024:05:18:32 -0500] "GET /sipse/faces/javax.faces.resource/layout/layout.css?ln=primefaces&v=4.0 HTTP/1.1" 304 -
152.203.255.1 - - [22/Jan/2024:05:18:32 -0500] "GET /sipse/faces/javax.faces.resource/jquery/jquery.js?ln=primefaces&v=4.0 HTTP/1.1" 304 -
152.203.255.1 - - [22/Jan/2024:05:18:32 -0500] "GET /sipse/faces/javax.faces.resource/jquery/jquery-plugins.js?ln=primefaces&v=4.0 HTTP/1.1" 304 -
152.203.255.1 - - [22/Jan/2024:05:18:32 -0500] "GET /sipse/faces/javax.faces.resource/primefaces.js?ln=primefaces&v=4.0 HTTP/1.1" 304 -
152.203.255.1 - - [22/Jan/2024:05:18:32 -0500] "GET /sipse/faces/javax.faces.resource/layout/layout.js?ln=primefaces&v=4.0 HTTP/1.1" 304 -
152.203.255.1 - - [22/Jan/2024:05:18:45 -0500] "GET /sipse/faces/javax.faces.resource/images/ui-bg_flat_0_2d5972_40x100.png?ln=primefaces-aristo HTTP/1.1" 304 -
152.203.255.1 - - [22/Jan/2024:05:18:45 -0500] "POST /sipse/faces/presentacion/financiero/estudioPrevio/personalSolicitado/personalSolicitadoSolicitudProceso.xhtml HTTP/1.1" 200 36871
152.203.255.1 - - [22/Jan/2024:05:18:45 -0500] "GET /sipse/faces/javax.faces.resource/primefaces.css?ln=primefaces&v=4.0 HTTP/1.1" 304 -
152.203.255.1 - - [22/Jan/2024:05:18:45 -0500] "GET /sipse/faces/javax.faces.resource/theme.css?ln=primefaces-sipse HTTP/1.1" 304 -
152.203.255.1 - - [22/Jan/2024:05:18:45 -0500] "GET /sipse/faces/javax.faces.resource/layout/layout.css?ln=primefaces&v=4.0 HTTP/1.1" 304 -
152.203.255.1 - - [22/Jan/2024:05:18:45 -0500] "GET /sipse/faces/javax.faces.resource/jquery/jquery.js?ln=primefaces&v=4.0 HTTP/1.1" 304 -
152.203.255.1 - - [22/Jan/2024:05:18:45 -0500] "GET /sipse/faces/javax.faces.resource/jquery/jquery-plugins.js?ln=primefaces&v=4.0 HTTP/1.1" 304 -
152.203.255.1 - - [22/Jan/2024:05:18:45 -0500] "GET /sipse/faces/javax.faces.resource/primefaces.js?ln=primefaces&v=4.0 HTTP/1.1" 304 -
152.203.255.1 - - [22/Jan/2024:05:18:45 -0500] "GET /sipse/faces/javax.faces.resource/layout/layout.js?ln=primefaces&v=4.0 HTTP/1.1" 304 -
152.203.255.1 - - [22/Jan/2024:05:18:49 -0500] "POST /sipse/faces/presentacion/financiero/estudioPrevio/personalSolicitado/asociarProfesionPersonalSolicitado.xhtml HTTP/1.1" 200 14053
152.203.255.1 - - [22/Jan/2024:05:18:49 -0500] "POST /sipse/faces/presentacion/financiero/estudioPrevio/personalSolicitado/asociarProfesionPersonalSolicitado.xhtml HTTP/1.1" 200 14053
152.203.255.1 - - [22/Jan/2024:05:18:50 -0500] "POST /sipse/faces/presentacion/financiero/estudioPrevio/personalSolicitado/asociarProfesionPersonalSolicitado.xhtml HTTP/1.1" 200 14053
152.203.255.1 - - [22/Jan/2024:05:18:52 -0500] "POST /sipse/faces/presentacion/financiero/estudioPrevio/personalSolicitado/asociarProfesionPersonalSolicitado.xhtml HTTP/1.1" 200 7239
152.203.255.1 - - [22/Jan/2024:05:18:53 -0500] "POST /sipse/faces/presentacion/financiero/estudioPrevio/personalSolicitado/asociarProfesionPersonalSolicitado.xhtml HTTP/1.1" 200 7243
152.203.255.1 - - [22/Jan/2024:05:18:56 -0500] "GET /sipse/faces/javax.faces.resource/images/ui-icons_898989_256x240.png?ln=primefaces-aristo HTTP/1.1" 304 -
152.203.255.1 - - [22/Jan/2024:05:19:02 -0500] "POST /sipse/faces/presentacion/financiero/estudioPrevio/personalSolicitado/asociarProfesionPersonalSolicitado.xhtml HTTP/1.1" 200 57132
152.203.255.1 - - [22/Jan/2024:05:19:02 -0500] "GET /sipse/faces/javax.faces.resource/theme.css?ln=primefaces-sipse HTTP/1.1" 304 -
152.203.255.1 - - [22/Jan/2024:05:19:02 -0500] "GET /sipse/faces/javax.faces.resource/primefaces.css?ln=primefaces&v=4.0 HTTP/1.1" 304 -
152.203.255.1 - - [22/Jan/2024:05:19:02 -0500] "GET /sipse/faces/javax.faces.resource/layout/layout.css?ln=primefaces&v=4.0 HTTP/1.1" 304 -
152.203.255.1 - - [22/Jan/2024:05:19:02 -0500] "GET /sipse/faces/javax.faces.resource/jquery/jquery.js?ln=primefaces&v=4.0 HTTP/1.1" 304 -
152.203.255.1 - - [22/Jan/2024:05:19:02 -0500] "GET /sipse/faces/javax.faces.resource/jquery/jquery-plugins.js?ln=primefaces&v=4.0 HTTP/1.1" 304 -
152.203.255.1 - - [22/Jan/2024:05:19:02 -0500] "GET /sipse/faces/javax.faces.resource/primefaces.js?ln=primefaces&v=4.0 HTTP/1.1" 304 -
152.203.255.1 - - [22/Jan/2024:05:19:02 -0500] "GET /sipse/faces/javax.faces.resource/layout/layout.js?ln=primefaces&v=4.0 HTTP/1.1" 304 -
201.245.192.253 - - [22/Jan/2024:05:19:24 -0500] "POST /kwsrmcab/Wsrmcab HTTP/1.1" 200 35989
216.244.66.195 - - [22/Jan/2024:05:19:51 -0500] "GET /robots.txt HTTP/1.1" 404 1018
152.203.255.1 - - [22/Jan/2024:05:19:59 -0500] "GET /sipse/faces/javax.faces.resource/theme.css?ln=primefaces-sipse HTTP/1.1" 304 -
152.203.255.1 - - [22/Jan/2024:05:19:59 -0500] "GET /sipse/faces/javax.faces.resource/primefaces.css?ln=primefaces&v=4.0 HTTP/1.1" 304 -
152.203.255.1 - - [22/Jan/2024:05:19:59 -0500] "GET /sipse/faces/javax.faces.resource/layout/layout.css?ln=primefaces&v=4.0 HTTP/1.1" 304 -
152.203.255.1 - - [22/Jan/2024:05:19:59 -0500] "GET /sipse/faces/javax.faces.resource/jquery/jquery.js?ln=primefaces&v=4.0 HTTP/1.1" 304 -
