66.249.66.21 - - [17/Feb/2024:16:11:36 -0500] "GET /BLA/resoluciones/RESOLUCIONES%202008/0133.pdf HTTP/1.1" 200 254715
156.59.198.135 - - [17/Feb/2024:16:11:38 -0500] "GET /BLA/resoluciones/AUTOS%202023/07870.pdf HTTP/1.0" 200 367736
172.22.2.4 - - [17/Feb/2024:16:10:06 -0500] "HEAD /BLA/boletinlegal/ HTTP/1.1" 200 -
156.59.198.136 - - [17/Feb/2024:16:12:02 -0500] "GET /BLA/resoluciones/AUTOS%202023/07278.pdf HTTP/1.0" 200 377368
216.245.221.92 - - [17/Feb/2024:16:12:08 -0500] "HEAD / HTTP/1.1" 200 -
156.59.198.136 - - [17/Feb/2024:16:12:27 -0500] "GET /BLA/resoluciones/AUTOS%202023/07652.pdf HTTP/1.0" 200 376594
172.22.2.4 - - [17/Feb/2024:16:10:56 -0500] "GET /BLA/boletinlegal/ HTTP/1.1" 200 58711
207.46.13.64 - - [17/Feb/2024:16:12:48 -0500] "GET /empresas-con-impacto-ambiental-positivo-unanse-a-la-edicion-2023-de-negocios-verdes-mas-cerca-de-ti.html HTTP/1.1" 200 878
156.59.198.135 - - [17/Feb/2024:16:12:51 -0500] "GET /BLA/resoluciones/AUTOS%202023/05853.pdf HTTP/1.0" 200 398001
156.59.198.135 - - [17/Feb/2024:16:13:15 -0500] "GET /BLA/resoluciones/AUTOS%202023/05744.pdf HTTP/1.0" 200 377327
172.22.2.4 - - [17/Feb/2024:16:13:17 -0500] "GET /BLA/boletinlegal/Directivas/2014/Directiva%20No.%205%20del%2026%20de%20Diciembre%20de%202014.pdf HTTP/1.1" 200 3424865
156.59.198.135 - - [17/Feb/2024:16:13:40 -0500] "GET /BLA/resoluciones/AUTOS%202023/03178.pdf HTTP/1.0" 200 1718900
156.59.198.135 - - [17/Feb/2024:16:14:05 -0500] "GET /BLA/resoluciones/AUTOS%202023/05270.pdf HTTP/1.0" 200 928082
156.59.198.136 - - [17/Feb/2024:16:14:29 -0500] "GET /BLA/resoluciones/AUTOS%202023/03037.pdf HTTP/1.0" 200 354154
201.245.192.253 - - [17/Feb/2024:16:14:31 -0500] "POST /kwsrmcab/Wsrmcab  HTTP/1.1" 200 40533
156.59.198.136 - - [17/Feb/2024:16:14:54 -0500] "GET /BLA/resoluciones/AUTOS%202023/05877.pdf HTTP/1.0" 200 419135
156.59.198.135 - - [17/Feb/2024:16:15:20 -0500] "GET /BLA/resoluciones/AUTOS%202023/05931.pdf HTTP/1.0" 200 686595
156.59.198.135 - - [17/Feb/2024:16:15:43 -0500] "GET /BLA/resoluciones/AUTOS%202023/05845.pdf HTTP/1.0" 200 388025
191.156.146.170 - - [17/Feb/2024:16:15:45 -0500] "POST /sipse/faces/presentacion/financiero/solicitudProceso/listarSolicitudProceso.xhtml HTTP/1.1" 200 23111
156.59.198.135 - - [17/Feb/2024:16:16:08 -0500] "GET /BLA/resoluciones/AUTOS%202023/03878.pdf HTTP/1.0" 200 749932
191.156.154.176 - - [17/Feb/2024:16:16:06 -0500] "POST /sipse/faces/presentacion/financiero/solicitudProceso/listarSolicitudProceso.xhtml HTTP/1.1" 200 129921
191.156.154.176 - - [17/Feb/2024:16:16:12 -0500] "GET /sipse/faces/javax.faces.resource/theme.css?ln=primefaces-sipse HTTP/1.1" 304 -
191.156.153.21 - - [17/Feb/2024:16:16:12 -0500] "GET /sipse/faces/javax.faces.resource/primefaces.css?ln=primefaces&v=4.0 HTTP/1.1" 304 -
191.156.153.107 - - [17/Feb/2024:16:16:12 -0500] "GET /sipse/faces/javax.faces.resource/jquery/jquery.js?ln=primefaces&v=4.0 HTTP/1.1" 304 -
191.156.148.15 - - [17/Feb/2024:16:16:12 -0500] "GET /sipse/faces/javax.faces.resource/layout/layout.css?ln=primefaces&v=4.0 HTTP/1.1" 304 -
191.156.153.107 - - [17/Feb/2024:16:16:12 -0500] "GET /sipse/faces/javax.faces.resource/jquery/jquery-plugins.js?ln=primefaces&v=4.0 HTTP/1.1" 304 -
191.156.153.107 - - [17/Feb/2024:16:16:12 -0500] "GET /sipse/faces/javax.faces.resource/primefaces.js?ln=primefaces&v=4.0 HTTP/1.1" 304 -
191.156.153.107 - - [17/Feb/2024:16:16:12 -0500] "GET /sipse/faces/javax.faces.resource/layout/layout.js?ln=primefaces&v=4.0 HTTP/1.1" 304 -
191.156.153.107 - - [17/Feb/2024:16:16:13 -0500] "GET /sipse/css/imagen/contrasena.png HTTP/1.1" 404 383
191.156.153.107 - - [17/Feb/2024:16:16:16 -0500] "POST /sipse/faces/presentacion/financiero/solicitudProceso/consultarSolicitudProceso.xhtml HTTP/1.1" 200 21228
191.156.154.176 - - [17/Feb/2024:16:16:16 -0500] "GET /sipse/faces/javax.faces.resource/theme.css?ln=primefaces-sipse HTTP/1.1" 304 -
191.156.148.15 - - [17/Feb/2024:16:16:16 -0500] "GET /sipse/faces/javax.faces.resource/primefaces.css?ln=primefaces&v=4.0 HTTP/1.1" 304 -
191.156.153.21 - - [17/Feb/2024:16:16:16 -0500] "GET /sipse/faces/javax.faces.resource/layout/layout.css?ln=primefaces&v=4.0 HTTP/1.1" 304 -
191.156.148.15 - - [17/Feb/2024:16:16:17 -0500] "GET /sipse/faces/javax.faces.resource/jquery/jquery-plugins.js?ln=primefaces&v=4.0 HTTP/1.1" 304 -
191.156.155.185 - - [17/Feb/2024:16:16:17 -0500] "GET /sipse/faces/javax.faces.resource/jquery/jquery.js?ln=primefaces&v=4.0 HTTP/1.1" 304 -
191.156.148.15 - - [17/Feb/2024:16:16:17 -0500] "GET /sipse/faces/javax.faces.resource/fileupload/fileupload.css?ln=primefaces&v=4.0 HTTP/1.1" 304 -
191.156.153.21 - - [17/Feb/2024:16:16:17 -0500] "GET /sipse/faces/javax.faces.resource/layout/layout.js?ln=primefaces&v=4.0 HTTP/1.1" 304 -
191.156.154.176 - - [17/Feb/2024:16:16:17 -0500] "GET /sipse/faces/javax.faces.resource/primefaces.js?ln=primefaces&v=4.0 HTTP/1.1" 304 -
191.156.153.107 - - [17/Feb/2024:16:16:17 -0500] "GET /sipse/faces/javax.faces.resource/fileupload/fileupload.js?ln=primefaces&v=4.0 HTTP/1.1" 304 -
191.156.153.107 - - [17/Feb/2024:16:16:17 -0500] "GET /sipse/css/imagen/contrasena.png HTTP/1.1" 404 383
156.59.198.135 - - [17/Feb/2024:16:16:35 -0500] "GET /BLA/resoluciones/AUTOS%202023/05627.pdf HTTP/1.0" 200 383680
52.167.144.194 - - [17/Feb/2024:16:16:51 -0500] "GET /BLA/resoluciones/index.php?dir=RESOLUCIONES+2006%2FRES+2006+1801-1850%2F HTTP/1.1" 200 12357
191.156.148.15 - - [17/Feb/2024:16:16:55 -0500] "GET /sipse/faces/javax.faces.resource/theme.css?ln=primefaces-sipse HTTP/1.1" 304 -
191.156.154.176 - - [17/Feb/2024:16:16:55 -0500] "GET /sipse/faces/javax.faces.resource/layout/layout.css?ln=primefaces&v=4.0 HTTP/1.1" 304 -
191.156.154.201 - - [17/Feb/2024:16:16:55 -0500] "GET /sipse/faces/javax.faces.resource/primefaces.css?ln=primefaces&v=4.0 HTTP/1.1" 304 -
191.156.152.122 - - [17/Feb/2024:16:16:55 -0500] "GET /sipse/faces/javax.faces.resource/jquery/jquery.js?ln=primefaces&v=4.0 HTTP/1.1" 304 -
191.156.150.169 - - [17/Feb/2024:16:16:55 -0500] "GET /sipse/faces/javax.faces.resource/jquery/jquery-plugins.js?ln=primefaces&v=4.0 HTTP/1.1" 304 -
191.156.148.15 - - [17/Feb/2024:16:16:55 -0500] "GET /sipse/faces/javax.faces.resource/primefaces.js?ln=primefaces&v=4.0 HTTP/1.1" 304 -
191.156.154.176 - - [17/Feb/2024:16:16:55 -0500] "GET /sipse/faces/javax.faces.resource/layout/layout.js?ln=primefaces&v=4.0 HTTP/1.1" 304 -
191.156.154.176 - - [17/Feb/2024:16:16:55 -0500] "GET /sipse/css/imagen/contrasena.png HTTP/1.1" 404 383
191.156.154.201 - - [17/Feb/2024:16:16:52 -0500] "POST /sipse/faces/presentacion/sistema/anexos/cargarAnexoSolicitudProceso.xhtml HTTP/1.1" 200 178489
156.59.198.135 - - [17/Feb/2024:16:17:00 -0500] "GET /BLA/resoluciones/AUTOS%202023/03685.pdf HTTP/1.0" 200 461354
191.156.154.176 - - [17/Feb/2024:16:17:04 -0500] "GET /sipse/faces/javax.faces.resource/theme.css?ln=primefaces-sipse HTTP/1.1" 304 -
191.156.148.15 - - [17/Feb/2024:16:17:04 -0500] "GET /sipse/faces/javax.faces.resource/primefaces.css?ln=primefaces&v=4.0 HTTP/1.1" 304 -
191.156.152.122 - - [17/Feb/2024:16:17:04 -0500] "GET /sipse/faces/javax.faces.resource/layout/layout.css?ln=primefaces&v=4.0 HTTP/1.1" 304 -
191.156.154.201 - - [17/Feb/2024:16:17:04 -0500] "GET /sipse/faces/javax.faces.resource/jquery/jquery-plugins.js?ln=primefaces&v=4.0 HTTP/1.1" 304 -
191.156.150.169 - - [17/Feb/2024:16:17:04 -0500] "GET /sipse/faces/javax.faces.resource/jquery/jquery.js?ln=primefaces&v=4.0 HTTP/1.1" 304 -
191.156.150.169 - - [17/Feb/2024:16:17:04 -0500] "GET /sipse/faces/javax.faces.resource/fileupload/fileupload.js?ln=primefaces&v=4.0 HTTP/1.1" 304 -
191.156.148.15 - - [17/Feb/2024:16:17:04 -0500] "GET /sipse/faces/javax.faces.resource/layout/layout.js?ln=primefaces&v=4.0 HTTP/1.1" 304 -
191.156.152.122 - - [17/Feb/2024:16:17:04 -0500] "GET /sipse/faces/javax.faces.resource/fileupload/fileupload.css?ln=primefaces&v=4.0 HTTP/1.1" 304 -
191.156.154.176 - - [17/Feb/2024:16:17:04 -0500] "GET /sipse/faces/javax.faces.resource/primefaces.js?ln=primefaces&v=4.0 HTTP/1.1" 304 -
191.156.154.201 - - [17/Feb/2024:16:17:03 -0500] "POST /sipse/faces/presentacion/financiero/solicitudProceso/consultarSolicitudProceso.xhtml HTTP/1.1" 200 21228
216.245.221.92 - - [17/Feb/2024:16:17:06 -0500] "HEAD / HTTP/1.1" 200 -
191.156.152.122 - - [17/Feb/2024:16:17:19 -0500] "GET /sipse/faces/javax.faces.resource/theme.css?ln=primefaces-sipse HTTP/1.1" 304 -
191.156.154.176 - - [17/Feb/2024:16:17:19 -0500] "GET /sipse/faces/javax.faces.resource/primefaces.css?ln=primefaces&v=4.0 HTTP/1.1" 304 -
191.156.148.15 - - [17/Feb/2024:16:17:19 -0500] "GET /sipse/faces/javax.faces.resource/layout/layout.css?ln=primefaces&v=4.0 HTTP/1.1" 304 -
191.156.150.169 - - [17/Feb/2024:16:17:19 -0500] "GET /sipse/faces/javax.faces.resource/jquery/jquery.js?ln=primefaces&v=4.0 HTTP/1.1" 304 -
191.156.154.201 - - [17/Feb/2024:16:17:19 -0500] "GET /sipse/faces/javax.faces.resource/jquery/jquery-plugins.js?ln=primefaces&v=4.0 HTTP/1.1" 304 -
191.156.152.122 - - [17/Feb/2024:16:17:19 -0500] "GET /sipse/faces/javax.faces.resource/primefaces.js?ln=primefaces&v=4.0 HTTP/1.1" 304 -
191.156.154.176 - - [17/Feb/2024:16:17:19 -0500] "GET /sipse/faces/javax.faces.resource/layout/layout.js?ln=primefaces&v=4.0 HTTP/1.1" 304 -
156.59.198.136 - - [17/Feb/2024:16:17:27 -0500] "GET /BLA/resoluciones/AUTOS%202023/05834.pdf HTTP/1.0" 200 397128
191.156.154.201 - - [17/Feb/2024:16:17:15 -0500] "POST /sipse/faces/presentacion/sistema/anexos/cargarAnexoSolicitudProceso.xhtml HTTP/1.1" 200 180287
172.22.2.4 - - [17/Feb/2024:16:15:56 -0500] "HEAD /BLA/boletinlegal/ HTTP/1.1" 200 -
191.156.155.185 - - [17/Feb/2024:16:17:37 -0500] "GET /sipse/faces/javax.faces.resource/theme.css?ln=primefaces-sipse HTTP/1.1" 304 -
191.156.153.21 - - [17/Feb/2024:16:17:37 -0500] "GET /sipse/faces/javax.faces.resource/primefaces.css?ln=primefaces&v=4.0 HTTP/1.1" 304 -
191.156.145.23 - - [17/Feb/2024:16:17:37 -0500] "GET /sipse/faces/javax.faces.resource/layout/layout.css?ln=primefaces&v=4.0 HTTP/1.1" 304 -
191.156.146.170 - - [17/Feb/2024:16:17:37 -0500] "GET /sipse/faces/javax.faces.resource/jquery/jquery.js?ln=primefaces&v=4.0 HTTP/1.1" 304 -
191.156.145.23 - - [17/Feb/2024:16:17:37 -0500] "GET /sipse/faces/javax.faces.resource/fileupload/fileupload.css?ln=primefaces&v=4.0 HTTP/1.1" 304 -
191.156.155.185 - - [17/Feb/2024:16:17:37 -0500] "GET /sipse/faces/javax.faces.resource/jquery/jquery-plugins.js?ln=primefaces&v=4.0 HTTP/1.1" 304 -
191.156.145.23 - - [17/Feb/2024:16:17:37 -0500] "GET /sipse/faces/javax.faces.resource/layout/layout.js?ln=primefaces&v=4.0 HTTP/1.1" 304 -
191.156.146.170 - - [17/Feb/2024:16:17:37 -0500] "GET /sipse/faces/javax.faces.resource/fileupload/fileupload.js?ln=primefaces&v=4.0 HTTP/1.1" 304 -
191.156.153.21 - - [17/Feb/2024:16:17:37 -0500] "GET /sipse/faces/javax.faces.resource/primefaces.js?ln=primefaces&v=4.0 HTTP/1.1" 304 -
191.156.154.201 - - [17/Feb/2024:16:17:36 -0500] "POST /sipse/faces/presentacion/financiero/solicitudProceso/consultarSolicitudProceso.xhtml HTTP/1.1" 200 21228
156.59.198.136 - - [17/Feb/2024:16:17:51 -0500] "GET /BLA/resoluciones/AUTOS%202023/02830.pdf HTTP/1.0" 200 743266
191.156.150.169 - - [17/Feb/2024:16:18:08 -0500] "GET /sipse/faces/javax.faces.resource/theme.css?ln=primefaces-sipse HTTP/1.1" 304 -
191.156.153.21 - - [17/Feb/2024:16:18:08 -0500] "GET /sipse/faces/javax.faces.resource/jquery/jquery-plugins.js?ln=primefaces&v=4.0 HTTP/1.1" 304 -
191.156.152.122 - - [17/Feb/2024:16:18:08 -0500] "GET /sipse/faces/javax.faces.resource/jquery/jquery.js?ln=primefaces&v=4.0 HTTP/1.1" 304 -
191.156.150.169 - - [17/Feb/2024:16:18:08 -0500] "GET /sipse/faces/javax.faces.resource/primefaces.js?ln=primefaces&v=4.0 HTTP/1.1" 304 -
191.156.145.23 - - [17/Feb/2024:16:18:08 -0500] "GET /sipse/faces/javax.faces.resource/layout/layout.css?ln=primefaces&v=4.0 HTTP/1.1" 304 -
191.156.154.201 - - [17/Feb/2024:16:18:08 -0500] "GET /sipse/faces/javax.faces.resource/primefaces.css?ln=primefaces&v=4.0 HTTP/1.1" 304 -
191.156.150.169 - - [17/Feb/2024:16:18:08 -0500] "GET /sipse/faces/javax.faces.resource/layout/layout.js?ln=primefaces&v=4.0 HTTP/1.1" 304 -
191.156.154.201 - - [17/Feb/2024:16:17:54 -0500] "POST /sipse/faces/presentacion/sistema/anexos/cargarAnexoSolicitudProceso.xhtml HTTP/1.1" 200 182116
156.59.198.136 - - [17/Feb/2024:16:18:14 -0500] "GET /BLA/resoluciones/AUTOS%202023/05836.pdf HTTP/1.0" 200 473456
191.156.154.201 - - [17/Feb/2024:16:18:22 -0500] "GET /sipse/faces/javax.faces.resource/images/ui-icons_898989_256x240.png?ln=primefaces-aristo HTTP/1.1" 304 -
172.22.2.4 - - [17/Feb/2024:16:16:46 -0500] "GET /BLA/boletinlegal/ HTTP/1.1" 200 59074
191.156.154.201 - - [17/Feb/2024:16:18:26 -0500] "POST /sipse/faces/presentacion/financiero/solicitudProceso/consultarSolicitudProceso.xhtml HTTP/1.1" 200 87020
156.59.198.135 - - [17/Feb/2024:16:18:39 -0500] "GET /BLA/resoluciones/AUTOS%202023/03887.pdf HTTP/1.0" 200 447677
191.156.148.15 - - [17/Feb/2024:16:18:51 -0500] "GET /sipse/faces/javax.faces.resource/images/ui-bg_flat_0_2d5972_40x100.png?ln=primefaces-aristo HTTP/1.1" 304 -
191.156.154.201 - - [17/Feb/2024:16:18:51 -0500] "POST /sipse/faces/presentacion/financiero/solicitudProceso/consultarSolicitudProceso.xhtml HTTP/1.1" 200 39567
191.156.154.201 - - [17/Feb/2024:16:18:56 -0500] "GET /sipse/faces/javax.faces.resource/theme.css?ln=primefaces-sipse HTTP/1.1" 304 -
191.156.148.15 - - [17/Feb/2024:16:18:56 -0500] "GET /sipse/faces/javax.faces.resource/primefaces.css?ln=primefaces&v=4.0 HTTP/1.1" 304 -
191.156.153.107 - - [17/Feb/2024:16:18:56 -0500] "GET /sipse/faces/javax.faces.resource/layout/layout.css?ln=primefaces&v=4.0 HTTP/1.1" 304 -
191.156.146.170 - - [17/Feb/2024:16:18:56 -0500] "GET /sipse/faces/javax.faces.resource/jquery/jquery.js?ln=primefaces&v=4.0 HTTP/1.1" 304 -
191.156.153.107 - - [17/Feb/2024:16:18:57 -0500] "GET /sipse/faces/javax.faces.resource/jquery/jquery-plugins.js?ln=primefaces&v=4.0 HTTP/1.1" 304 -
191.156.153.107 - - [17/Feb/2024:16:18:57 -0500] "GET /sipse/faces/javax.faces.resource/primefaces.js?ln=primefaces&v=4.0 HTTP/1.1" 304 -
191.156.153.107 - - [17/Feb/2024:16:18:57 -0500] "GET /sipse/faces/javax.faces.resource/layout/layout.js?ln=primefaces&v=4.0 HTTP/1.1" 304 -
156.59.198.135 - - [17/Feb/2024:16:19:02 -0500] "GET /BLA/resoluciones/AUTOS%202023/07415.pdf HTTP/1.0" 200 401560
201.245.192.253 - - [17/Feb/2024:16:19:04 -0500] "POST /kwsrmcab/Wsrmcab HTTP/1.1" 200 38146
201.245.192.253 - - [17/Feb/2024:16:19:07 -0500] "POST /kwsrmcab/Wsrmcab HTTP/1.1" 200 39404
191.156.153.28 - - [17/Feb/2024:16:19:20 -0500] "GET /sipse/faces/javax.faces.resource/theme.css?ln=primefaces-sipse HTTP/1.1" 304 -
191.156.145.23 - - [17/Feb/2024:16:19:20 -0500] "GET /sipse/faces/javax.faces.resource/jquery/jquery-plugins.js?ln=primefaces&v=4.0 HTTP/1.1" 304 -
191.156.155.185 - - [17/Feb/2024:16:19:20 -0500] "GET /sipse/faces/javax.faces.resource/primefaces.css?ln=primefaces&v=4.0 HTTP/1.1" 304 -
191.156.158.240 - - [17/Feb/2024:16:19:20 -0500] "GET /sipse/faces/javax.faces.resource/jquery/jquery.js?ln=primefaces&v=4.0 HTTP/1.1" 304 -
191.156.153.28 - - [17/Feb/2024:16:19:20 -0500] "GET /sipse/faces/javax.faces.resource/layout/layout.css?ln=primefaces&v=4.0 HTTP/1.1" 304 -
191.156.153.28 - - [17/Feb/2024:16:19:20 -0500] "GET /sipse/faces/javax.faces.resource/primefaces.js?ln=primefaces&v=4.0 HTTP/1.1" 304 -
191.156.158.240 - - [17/Feb/2024:16:19:20 -0500] "GET /sipse/faces/javax.faces.resource/layout/layout.js?ln=primefaces&v=4.0 HTTP/1.1" 304 -
191.156.152.122 - - [17/Feb/2024:16:19:19 -0500] "POST /sipse/faces/presentacion/financiero/estudioPrevio/personalSolicitado/expedirExperienciaIdoneidad.xhtml HTTP/1.1" 200 42496
191.156.152.122 - - [17/Feb/2024:16:19:26 -0500] "POST /sipse/faces/presentacion/contratacion/contrato/adicionarSupervisor.xhtml HTTP/1.1" 200 16849
156.59.198.136 - - [17/Feb/2024:16:19:27 -0500] "GET /BLA/resoluciones/AUTOS%202023/01765.pdf HTTP/1.0" 200 466683
201.245.192.253 - - [17/Feb/2024:16:19:25 -0500] "POST /kwsrmcab/Wsrmcab HTTP/1.1" 200 37964
191.156.145.23 - - [17/Feb/2024:16:19:29 -0500] "GET /sipse/faces/javax.faces.resource/primefaces.css?ln=primefaces&v=4.0 HTTP/1.1" 304 -
191.156.153.28 - - [17/Feb/2024:16:19:29 -0500] "GET /sipse/faces/javax.faces.resource/jquery/jquery-plugins.js?ln=primefaces&v=4.0 HTTP/1.1" 304 -
191.156.158.240 - - [17/Feb/2024:16:19:29 -0500] "GET /sipse/faces/javax.faces.resource/theme.css?ln=primefaces-sipse HTTP/1.1" 304 -
191.156.153.28 - - [17/Feb/2024:16:19:29 -0500] "GET /sipse/faces/javax.faces.resource/jquery/jquery.js?ln=primefaces&v=4.0 HTTP/1.1" 304 -
191.156.155.185 - - [17/Feb/2024:16:19:29 -0500] "GET /sipse/faces/javax.faces.resource/layout/layout.css?ln=primefaces&v=4.0 HTTP/1.1" 304 -
191.156.152.122 - - [17/Feb/2024:16:19:29 -0500] "POST /sipse/faces/presentacion/contratacion/contrato/adicionarSupervisor.xhtml HTTP/1.1" 200 43878
191.156.158.240 - - [17/Feb/2024:16:19:29 -0500] "GET /sipse/faces/javax.faces.resource/layout/layout.js?ln=primefaces&v=4.0 HTTP/1.1" 304 -
191.156.153.28 - - [17/Feb/2024:16:19:29 -0500] "GET /sipse/faces/javax.faces.resource/primefaces.js?ln=primefaces&v=4.0 HTTP/1.1" 304 -
191.156.152.122 - - [17/Feb/2024:16:19:32 -0500] "POST /sipse/faces/presentacion/financiero/estudioPrevio/personalSolicitado/expedirExperienciaIdoneidad.xhtml HTTP/1.1" 200 5677
191.156.153.28 - - [17/Feb/2024:16:19:32 -0500] "GET /sipse/faces/javax.faces.resource/layout/layout.css?ln=primefaces&v=4.0 HTTP/1.1" 304 -
191.156.152.122 - - [17/Feb/2024:16:19:32 -0500] "GET /sipse/faces/javax.faces.resource/theme.css?ln=primefaces-sipse HTTP/1.1" 304 -
191.156.155.185 - - [17/Feb/2024:16:19:32 -0500] "GET /sipse/faces/javax.faces.resource/jquery/jquery.js?ln=primefaces&v=4.0 HTTP/1.1" 304 -
191.156.158.240 - - [17/Feb/2024:16:19:32 -0500] "GET /sipse/faces/javax.faces.resource/primefaces.css?ln=primefaces&v=4.0 HTTP/1.1" 304 -
191.156.145.23 - - [17/Feb/2024:16:19:32 -0500] "GET /sipse/faces/javax.faces.resource/jquery/jquery-plugins.js?ln=primefaces&v=4.0 HTTP/1.1" 304 -
191.156.145.23 - - [17/Feb/2024:16:19:33 -0500] "GET /sipse/faces/javax.faces.resource/primefaces.js?ln=primefaces&v=4.0 HTTP/1.1" 304 -
191.156.158.240 - - [17/Feb/2024:16:19:33 -0500] "GET /sipse/faces/javax.faces.resource/layout/layout.js?ln=primefaces&v=4.0 HTTP/1.1" 304 -
201.245.192.253 - - [17/Feb/2024:16:19:31 -0500] "POST /kwsrmcab/Wsrmcab  HTTP/1.1" 200 40533
191.156.153.28 - - [17/Feb/2024:16:19:32 -0500] "POST /sipse/faces/presentacion/financiero/estudioPrevio/personalSolicitado/expedirExperienciaIdoneidad.xhtml HTTP/1.1" 200 32246
191.156.153.28 - - [17/Feb/2024:16:19:36 -0500] "POST /sipse/faces/presentacion/contratacion/procesoContractual/registrarInvitacionContratista.xhtml HTTP/1.1" 200 9689
52.167.144.25 - - [17/Feb/2024:16:19:51 -0500] "GET /BLA/resoluciones/index.php?dir=RESOLUCIONES+2006%2FRES+2006+651-700%2F HTTP/1.1" 200 12252
156.59.198.136 - - [17/Feb/2024:16:19:52 -0500] "GET /BLA/resoluciones/AUTOS%202023/05897.pdf HTTP/1.0" 200 884447
191.156.153.21 - - [17/Feb/2024:16:19:54 -0500] "POST /sipse/faces/presentacion/contratacion/procesoContractual/registrarInvitacionContratista.xhtml HTTP/1.1" 200 9263
191.156.153.21 - - [17/Feb/2024:16:19:56 -0500] "GET /sipse/faces/javax.faces.resource/images/ui-icons_898989_256x240.png?ln=primefaces-aristo HTTP/1.1" 304 -
191.156.153.21 - - [17/Feb/2024:16:19:57 -0500] "POST /sipse/faces/presentacion/contratacion/procesoContractual/registrarInvitacionContratista.xhtml HTTP/1.1" 200 41706
191.156.153.21 - - [17/Feb/2024:16:20:00 -0500] "GET /sipse/faces/javax.faces.resource/theme.css?ln=primefaces-sipse HTTP/1.1" 304 -
191.156.152.122 - - [17/Feb/2024:16:20:00 -0500] "GET /sipse/faces/javax.faces.resource/primefaces.css?ln=primefaces&v=4.0 HTTP/1.1" 304 -
191.156.155.185 - - [17/Feb/2024:16:20:00 -0500] "GET /sipse/faces/javax.faces.resource/jquery/jquery.js?ln=primefaces&v=4.0 HTTP/1.1" 304 -
191.156.154.176 - - [17/Feb/2024:16:20:00 -0500] "GET /sipse/faces/javax.faces.resource/layout/layout.css?ln=primefaces&v=4.0 HTTP/1.1" 304 -
191.156.155.185 - - [17/Feb/2024:16:20:00 -0500] "GET /sipse/faces/javax.faces.resource/jquery/jquery-plugins.js?ln=primefaces&v=4.0 HTTP/1.1" 304 -
191.156.155.185 - - [17/Feb/2024:16:20:00 -0500] "GET /sipse/faces/javax.faces.resource/primefaces.js?ln=primefaces&v=4.0 HTTP/1.1" 304 -
191.156.155.185 - - [17/Feb/2024:16:20:01 -0500] "GET /sipse/faces/javax.faces.resource/layout/layout.js?ln=primefaces&v=4.0 HTTP/1.1" 304 -
191.156.155.185 - - [17/Feb/2024:16:20:03 -0500] "POST /sipse/faces/presentacion/financiero/estudioPrevio/personalSolicitado/expedirExperienciaIdoneidad.xhtml HTTP/1.1" 200 22817
191.156.152.122 - - [17/Feb/2024:16:20:05 -0500] "GET /sipse/faces/javax.faces.resource/layout/layout.css?ln=primefaces&v=4.0 HTTP/1.1" 304 -
191.156.155.185 - - [17/Feb/2024:16:20:05 -0500] "GET /sipse/faces/javax.faces.resource/theme.css?ln=primefaces-sipse HTTP/1.1" 304 -
191.156.154.176 - - [17/Feb/2024:16:20:05 -0500] "GET /sipse/faces/javax.faces.resource/primefaces.css?ln=primefaces&v=4.0 HTTP/1.1" 304 -
191.156.153.21 - - [17/Feb/2024:16:20:05 -0500] "GET /sipse/faces/javax.faces.resource/jquery/jquery.js?ln=primefaces&v=4.0 HTTP/1.1" 304 -
191.156.153.21 - - [17/Feb/2024:16:20:05 -0500] "GET /sipse/faces/javax.faces.resource/jquery/jquery-plugins.js?ln=primefaces&v=4.0 HTTP/1.1" 304 -
191.156.153.21 - - [17/Feb/2024:16:20:05 -0500] "GET /sipse/faces/javax.faces.resource/primefaces.js?ln=primefaces&v=4.0 HTTP/1.1" 304 -
191.156.153.21 - - [17/Feb/2024:16:20:05 -0500] "GET /sipse/faces/javax.faces.resource/layout/layout.js?ln=primefaces&v=4.0 HTTP/1.1" 304 -
201.245.192.253 - - [17/Feb/2024:16:20:12 -0500] "POST /kwsrmcab/Wsrmcab HTTP/1.1" 200 39404
156.59.198.136 - - [17/Feb/2024:16:20:16 -0500] "GET /BLA/resoluciones/AUTOS%202023/05733.pdf HTTP/1.0" 200 612944
156.59.198.135 - - [17/Feb/2024:16:20:40 -0500] "GET /BLA/resoluciones/AUTOS%202023/07414.pdf HTTP/1.0" 200 381137
152.203.144.48 - - [17/Feb/2024:16:21:00 -0500] "OPTIONS /kwssiamovil/sm/setfile/f? HTTP/1.1" 200 13
152.203.144.48 - - [17/Feb/2024:16:21:00 -0500] "POST /kwssiamovil/sm/setfile/f? HTTP/1.1" 200 381
152.203.144.48 - - [17/Feb/2024:16:21:03 -0500] "OPTIONS /kwssiamovil/sm/setfile/f? HTTP/1.1" 200 13
156.59.198.135 - - [17/Feb/2024:16:21:04 -0500] "GET /BLA/resoluciones/AUTOS%202023/05867.pdf HTTP/1.0" 200 424636
152.203.144.48 - - [17/Feb/2024:16:21:03 -0500] "POST /kwssiamovil/sm/setfile/f? HTTP/1.1" 200 381
152.203.144.48 - - [17/Feb/2024:16:21:05 -0500] "OPTIONS /kwssiamovil/sm/setfile/f? HTTP/1.1" 200 13
152.203.144.48 - - [17/Feb/2024:16:21:06 -0500] "POST /kwssiamovil/sm/setfile/f? HTTP/1.1" 200 381
152.203.144.48 - - [17/Feb/2024:16:21:08 -0500] "OPTIONS /kwssiamovil/sm/setfile/f? HTTP/1.1" 200 13
152.203.144.48 - - [17/Feb/2024:16:21:09 -0500] "POST /kwssiamovil/sm/setfile/f? HTTP/1.1" 200 381
152.203.144.48 - - [17/Feb/2024:16:21:12 -0500] "OPTIONS /kwssiamovil/sm/setfile/f? HTTP/1.1" 200 13
152.203.144.48 - - [17/Feb/2024:16:21:12 -0500] "POST /kwssiamovil/sm/setfile/f? HTTP/1.1" 200 381
152.203.144.48 - - [17/Feb/2024:16:21:25 -0500] "GET /kwssiamovil/sm/acme/a?s=U2FsdGVkX19ODQ0BBREHrLCAiux4+cIGas2Wt/U30y0miWcoNN0wLSi++sNti+woREU/x+P2fOyPQpTAWfNo8CBbRb48eaOxW+RXi0qpvIrZklvarxxDgVNMPvny2Nh8KvnAExXFnJdIzwKwMEViPsL+ySzR74f9j0/WDPQi46D9RhY1t+q03W8rqanqxsxWNfCGYpHteFXeOujwN3C4DjQHPDyRXqS1VtwU9WDCKMc9SW686mcx+FyoadIP1D1K31BZZNMO20dZNASESOSzYg==&u=U2FsdGVkX181HdhA4uGUFWws2tbANLA+aYiGZ1IY6IWA3GoCqrD3GFC5ucNmhbkE&y=U2FsdGVkX1/eAep1xPcmk/juj/1Rqo9grzMAlt6r+BLEFtkn4Ca+RiRMQpkti9+w HTTP/1.1" 200 26
152.203.144.48 - - [17/Feb/2024:16:21:25 -0500] "GET /kwssiamovil/sm/acme/a?s=U2FsdGVkX19LmXQ4lVqzX7uzBF5YJwIicBE54J/UP9coWEyQ0ErFP0zqjM31HRSMDxm8w3s/m5uRcVc1Ra/jJlokHQ4mM29/ZAerXLDUh1tNNH4pLxIIp9wMZQRqdahJxhB3B0bTRdDCm43a7VxXmFBxWXchpM3anEJjbdFOqkqfTey7rhk0m5qGOcqfzcJ+yZvVEs/BQrenhBH/nZik/0yODz63K55ZBGgS6imveBT24nmvlx6vO37aLZvugOHOwhBwQmSiZ4SsLUTeLKe1TGy6Qj0mfDa9qw8aOzyE4W9hMAqbD5xwRx0T6JCtHZcRjVAyBBqxrvncdZtEt2Wfei6b0hVzZ8znZ0/g/XIY8td0Nc6sKh8Oq6IBA/PWRLUioOU3IxlNGfCJaIRsj0IMVEqax27Z0UEQYPeY1ig4zvpsuVo4Iha0OQCRagX2bJFSlLuo6yeBy0bDndKMXRjyhhtQ5u+lPPzjv9AGRfCJgT8nqcw8ET2+x+8zgWHzgVCDLdIaJNN9Xeuqki9GiZnQJxzwSMSBy7abmBqnD7NUxReEi5SEoyjldwtKxiuCmxvSZc7xHAXcfeW+rRyW+R4/WvpfnDsGAJLifEz5Qo4B9OX1ez2Fi9vhlG8eoFGVIY+3XrFCOJeCdfeQ4/+5XFe92F8/5+5AL44e4Kf+DZ36hrNPQXLut0S6Le7V0pBzGGUYHlus4O1ks6g0EGSU5Zru83F6dm2TxhB9Nl+ei0p8ntXjjm/7PbVmyWcgZWEuK+3+Df3NWPe8y1u5tPpvFrRvRFfzoD7qr3X86IPP2g8aZkaZnCjchXG2iT6tZ80l14EghxddqUl0ubG+0VtWx0uiephN6OOQMm2TFbOXVS2jea6Vn/MqwD4eqDTao2sy9ChoUQ/GzrX8aTqtBjMgYBy1TPRtpXm9ShKmDOfRBQQXMRritFfFJCBh8n7pS6OeNRfYXnimVJhw9n0EXIK3YcY65VTZLgIAunqzN5ZBq4AmMCxZOSbz4vkrD75sgYYaZs+yA+w3+wQedn3qXej4OrLVmr05T2qAbTTqNcPeBxMWPB8+miRtyewVLm8uG2w9tXIqpVSYfUSwNEET9PYSBydwbIN7CaAzk4rq6b1XSPE+IK+FclBKNIKGkyCWdFeFJ6C7k6anc9P6GB4K4u17QcImlgok6vFIbLqBKeFaK4ojHnp4TPa8pApX8mGIT7hFIAh5+H1pozfybr6o/KKlIB4bp9uEfl/LSlzV4cnd73mXbiYoWP8CfsnZJnrk5jGaPcRnK2kIQ7XevHHFCKZ7xqowqRy2EfUiVX64n4YjJtU2aM07iuMLDTBDlo8qP31UpfRxG3A9Bhzy/rkb/Nlu3+wBNQxbIpMGJ+dRtWyvGRyqYenbhErnfI0d3WlgzlCZedFKYqeBHAhn+q5JSqDjEmnTw/BilEyaOauWAKPJsaQMNP/1a8c8y6fB3F+eFF7NvMT3DONcFTLmxdeldTeA7rTOo/E1oVdxYyk22UpKpARTCPmsC2ZMrOwOqaHMbvXu5iEzHOqa7dcKT20w9d0Yhfo5Nh9vKMRi+W1Kkxwmw2hcO1jXmuUP75k+/xtUtEeJ7WsSnszUazcCzM9dHHXReO4pSw==&u=U2FsdGVkX181HdhA4uGUFWws2tbANLA+aYiGZ1IY6IWA3GoCqrD3GFC5ucNmhbkE&y=U2FsdGVkX1/eAep1xPcmk/juj/1Rqo9grzMAlt6r+BLEFtkn4Ca+RiRMQpkti9+w HTTP/1.1" 200 26
152.203.144.48 - - [17/Feb/2024:16:21:26 -0500] "GET /kwssiamovil/sm/acme/a?s=U2FsdGVkX1899LkQkRWe1WfGNJeO1K00tI9StOvyQkE41LpVXtA/wkbL9bRU80I8CTItvaDDexAJhiJk2mn3A43zRWyfRFCo2A7ULAy32lzXozPwpu1DbrElu8Bq38PmMSsX2iqWOEz0prg8wDAgAn84xwXeH9tBJcBJtMIr+HU=&u=U2FsdGVkX181HdhA4uGUFWws2tbANLA+aYiGZ1IY6IWA3GoCqrD3GFC5ucNmhbkE&y=U2FsdGVkX1/eAep1xPcmk/juj/1Rqo9grzMAlt6r+BLEFtkn4Ca+RiRMQpkti9+w HTTP/1.1" 200 26
152.203.144.48 - - [17/Feb/2024:16:21:26 -0500] "GET /kwssiamovil/sm/acme/a?s=U2FsdGVkX1/7Th6alPIu1kTJtMQrVyYNPRSC6cUTd1c0b8Lv7UgeVv1QZ/pja283Yi0fNlkpNfhKYUuGFCUGqbCJRl0Z9pxRs9Ng9QqJVjoy2ymxgFe9Hr1WuLIoOigqgeFBGEGbx7zrXXfpfb5Upto/KmWg6VwVdzbzEZf0KEU=&u=U2FsdGVkX181HdhA4uGUFWws2tbANLA+aYiGZ1IY6IWA3GoCqrD3GFC5ucNmhbkE&y=U2FsdGVkX1/eAep1xPcmk/juj/1Rqo9grzMAlt6r+BLEFtkn4Ca+RiRMQpkti9+w HTTP/1.1" 200 26
152.203.144.48 - - [17/Feb/2024:16:21:26 -0500] "GET /kwssiamovil/sm/acme/a?s=U2FsdGVkX18ileS44hNy8cXTKqSrECMKzfuNwa+TxdQ7pwlJmyd2l8UwNDgCCruFMKbolnPmLOmAgXUQxa/uVaxnPMtBGo0Z5pKVyaZiiR669I0M1EnsDfBY0q3cmrK/vNXXTRX64ukKBwHuSjFba5ZjPy+2xr6y4iNeAn3M5fI=&u=U2FsdGVkX181HdhA4uGUFWws2tbANLA+aYiGZ1IY6IWA3GoCqrD3GFC5ucNmhbkE&y=U2FsdGVkX1/eAep1xPcmk/juj/1Rqo9grzMAlt6r+BLEFtkn4Ca+RiRMQpkti9+w HTTP/1.1" 200 26
152.203.144.48 - - [17/Feb/2024:16:21:27 -0500] "GET /kwssiamovil/sm/acme/a?s=U2FsdGVkX1/ns6qumIwjNJj0S34foAa/UpjxTteXjqjAJ4X99BA+WyM7iegUseOGsGhn1t4wBzZOi69swLk2mDqBcpmV1BSW2NsSbLofNsPrAQjuN0zb+NywLEiH6ht6EBn4QhcEbPQTatFMQVZn5hVdU36TVVymaY4ZUm8cp72LLOK2hLZkbovLU2MFClEg8MLNq2zOdLHi+cxKCbv+vQ==&u=U2FsdGVkX181HdhA4uGUFWws2tbANLA+aYiGZ1IY6IWA3GoCqrD3GFC5ucNmhbkE&y=U2FsdGVkX1/eAep1xPcmk/juj/1Rqo9grzMAlt6r+BLEFtkn4Ca+RiRMQpkti9+w HTTP/1.1" 200 26
152.203.144.48 - - [17/Feb/2024:16:21:27 -0500] "GET /kwssiamovil/sm/acme/a?s=U2FsdGVkX1+o6PdSgJnCO1hZjc1hopUiQRC2gZTOhrkQkS9Dke6OgEukb2yLx8Ng/S3pvzcASOAvvIQ3RT0Uax7Kg3KpLbKWM9MpRT+1hqZ2Jt+JBe8RukwzeVuEGxlGkkVsSd4pDbtSFTKE8vQkdovHqZ9STPZD7bak7gCE5ZiwGrBfJj8igBEpgBcpq37em1QJi8KtJuWi8X3M4ldxRQ==&u=U2FsdGVkX181HdhA4uGUFWws2tbANLA+aYiGZ1IY6IWA3GoCqrD3GFC5ucNmhbkE&y=U2FsdGVkX1/eAep1xPcmk/juj/1Rqo9grzMAlt6r+BLEFtkn4Ca+RiRMQpkti9+w HTTP/1.1" 200 26
152.203.144.48 - - [17/Feb/2024:16:21:27 -0500] "GET /kwssiamovil/sm/acme/a?s=U2FsdGVkX1/G3jFOGt6WKpJT5O0EaDAef84yEMfIfggd9XLsrEPdJCbrhlDvbefdaVu9EVAFeVbejbRslW4mSPUzXonetta2F3fKgmn0CJbKo4Yl/eLM1hIChZ8Nq7fy+vY7ahHANdufj7dxLHFrCVXV08Ru//hmy8SHRTFf8FtETesFQVBFOleRj0LQmspX&u=U2FsdGVkX181HdhA4uGUFWws2tbANLA+aYiGZ1IY6IWA3GoCqrD3GFC5ucNmhbkE&y=U2FsdGVkX1/eAep1xPcmk/juj/1Rqo9grzMAlt6r+BLEFtkn4Ca+RiRMQpkti9+w HTTP/1.1" 200 26
152.203.144.48 - - [17/Feb/2024:16:21:27 -0500] "GET /kwssiamovil/sm/acme/a?s=U2FsdGVkX1/fhDC7T8N64KRwTBHKk3uHlCfXv2NPSxrlwMX5O3NYKbYpVMNsOAuric5wI+OF4SEFbXziaqHf7G74m6HKt91p2JJ5tlDfz5UcriXjB9N3kqJ1siEkjYLhhxhBhuEKrZibKZ607wBt/Gxvz+PVxN2E45FBcuXdHkE31SK111v8pYv8ey7MkDc7jZm0abYFOOK0RJPAzJDFqg==&u=U2FsdGVkX181HdhA4uGUFWws2tbANLA+aYiGZ1IY6IWA3GoCqrD3GFC5ucNmhbkE&y=U2FsdGVkX1/eAep1xPcmk/juj/1Rqo9grzMAlt6r+BLEFtkn4Ca+RiRMQpkti9+w HTTP/1.1" 200 26
152.203.144.48 - - [17/Feb/2024:16:21:27 -0500] "GET /kwssiamovil/sm/acme/a?s=U2FsdGVkX19/gU/WhonNGTgH8rqJFG7w06UkVj0kND4v4B91cRqjI8nIB+XMV9m1/5hATYSDLVjO7T7CkH97rMH9ZbH6plXuxZFZJInT475e+/d68bqJTj/rVVQb1PgzF4sLOj3ma4MnbegRmLH89GqHRCfA1K3Ex2UHm1Msmn9EbqEoXzIORmhG8hgODJRA&u=U2FsdGVkX181HdhA4uGUFWws2tbANLA+aYiGZ1IY6IWA3GoCqrD3GFC5ucNmhbkE&y=U2FsdGVkX1/eAep1xPcmk/juj/1Rqo9grzMAlt6r+BLEFtkn4Ca+RiRMQpkti9+w HTTP/1.1" 200 26
152.203.144.48 - - [17/Feb/2024:16:21:28 -0500] "GET /kwssiamovil/sm/acme/a?s=U2FsdGVkX1/kK4Hq1EUoBmhNeelkMenvW8pM59aQwqv7Da5JmlxqPxreaIkri/Xn+t+dCgYErkrnuiCxBR7cF2Y2ggMNngDiRiA+3ziZmFHDEY9dTuWHqxkci1CmWxD1Gl2iMWr+BZV0VMuWpLmaBPgH1I4DBg/+pwbR/XlAcymg5dxEqwenYv3Nesj4dNFO0ZCAqbOhMFy/e1bN+Fr6Ww==&u=U2FsdGVkX181HdhA4uGUFWws2tbANLA+aYiGZ1IY6IWA3GoCqrD3GFC5ucNmhbkE&y=U2FsdGVkX1/eAep1xPcmk/juj/1Rqo9grzMAlt6r+BLEFtkn4Ca+RiRMQpkti9+w HTTP/1.1" 200 26
156.59.198.136 - - [17/Feb/2024:16:21:28 -0500] "GET /BLA/resoluciones/AUTOS%202023/07653.pdf HTTP/1.0" 200 379595
152.203.144.48 - - [17/Feb/2024:16:21:28 -0500] "GET /kwssiamovil/sm/acme/a?s=U2FsdGVkX18vnZcNwQqS73/SXDHnhCLKuLsaDzk+9kpVhuHXPnnSa8a7KhhgrNvYYcnVUV/xJlQbNtJ7GA7lC2jf5NP7dGEiRMpsAynZ0P87EhyW/V6Ua+E94nFmvqDRgqBEPOIybZEpP0VXh2aOfga7i79owa52unOZOxBvKQEjmDt4zwfpHFMgjf6v1zwmqR0ys/EnFPAwSFQHt+M3nA==&u=U2FsdGVkX181HdhA4uGUFWws2tbANLA+aYiGZ1IY6IWA3GoCqrD3GFC5ucNmhbkE&y=U2FsdGVkX1/eAep1xPcmk/juj/1Rqo9grzMAlt6r+BLEFtkn4Ca+RiRMQpkti9+w HTTP/1.1" 200 26
152.203.144.48 - - [17/Feb/2024:16:21:28 -0500] "GET /kwssiamovil/sm/acme/a?s=U2FsdGVkX1/S1/6cuZOwmn0VyO+b+5Ppsa1CB+oT4PAeBmjq+hs5Ya+My6QzpPdP+eWTwkdKHx9dEoyPgWh7ZvXhp8LB7TfWbiNLk+b0POxYOZmN/aj6zvDl2hCp40Ti0NRUkED9ev9svGoCtGTm4OBaqh/ns8oKLfGrc71qt23fd/i8oW39W1+HDuWllaDUowB8dY0adeM7CcKzf0CvVA==&u=U2FsdGVkX181HdhA4uGUFWws2tbANLA+aYiGZ1IY6IWA3GoCqrD3GFC5ucNmhbkE&y=U2FsdGVkX1/eAep1xPcmk/juj/1Rqo9grzMAlt6r+BLEFtkn4Ca+RiRMQpkti9+w HTTP/1.1" 200 26
152.203.144.48 - - [17/Feb/2024:16:21:28 -0500] "GET /kwssiamovil/sm/acme/a?s=U2FsdGVkX1/5LI1dmP4NBJokC2u4eh8NgHDCaVC3PT+wDmLa8GYOunmanqs9R0IWKiKQYhZHreJaLPvuWxop58yFy5DoZ8gZSorJBSOBApAtGhKi+JXiYuOumtP6/W7JTfIDAZYqewvVw/ACYE7C9GdOZkDr9Q8IhSWZXPpmADDXq0BLnur0dlWm958ZxBA6kfuUYEN0oYxawQ5TmTwcFQ==&u=U2FsdGVkX181HdhA4uGUFWws2tbANLA+aYiGZ1IY6IWA3GoCqrD3GFC5ucNmhbkE&y=U2FsdGVkX1/eAep1xPcmk/juj/1Rqo9grzMAlt6r+BLEFtkn4Ca+RiRMQpkti9+w HTTP/1.1" 200 26
152.203.144.48 - - [17/Feb/2024:16:21:29 -0500] "GET /kwssiamovil/sm/acme/a?s=U2FsdGVkX19IEM8i6Ie5OK4G3q62IlfIRIvl6BV8AydDsSNzKiCy5j0zTrNIrBw+mc+qiAp2aI98rro4wBmuCHXn5k3S6MhGMtXs3DLxHeH4s2y4bcZ/FbN2pvR/vLYdcvimf93wuzNFrDqiswCVwYItDVRPuT6RhSQCIk3MHjChYCoDJhwJ8BoMC5NnIMZ+oIRiZ3l7NpcHF9aKV1Ri5Q==&u=U2FsdGVkX181HdhA4uGUFWws2tbANLA+aYiGZ1IY6IWA3GoCqrD3GFC5ucNmhbkE&y=U2FsdGVkX1/eAep1xPcmk/juj/1Rqo9grzMAlt6r+BLEFtkn4Ca+RiRMQpkti9+w HTTP/1.1" 200 26
152.203.144.48 - - [17/Feb/2024:16:21:29 -0500] "GET /kwssiamovil/sm/acme/a?s=U2FsdGVkX18FLGY+N8veq0YTSDLYilvPIglzVgouBudnQyw5s3vxpwHRJcm6ESGp2pFI4E5EDiuDdTd9vjj3L50X677lGwLqegCrMf5DUYNbjadetxTl1MzJ4lGBqQZofVjEnQ92bOduyOB3DlxNHglJX3Et8WrlBr/KeSvMe096FCuHugrZMW8FKEcAKB1/etFilcNTq51N+mR6crDDZA==&u=U2FsdGVkX181HdhA4uGUFWws2tbANLA+aYiGZ1IY6IWA3GoCqrD3GFC5ucNmhbkE&y=U2FsdGVkX1/eAep1xPcmk/juj/1Rqo9grzMAlt6r+BLEFtkn4Ca+RiRMQpkti9+w HTTP/1.1" 200 26
152.203.144.48 - - [17/Feb/2024:16:21:45 -0500] "GET /kwssiamovil/sm/acme/u?s=U2FsdGVkX1/naltbCGxxm4Hy2A/Qc08Vw0yEcnZ0Lc3lZ2kgD6ugHv1woVMe4GR6AOK8GfaZ0ewzdRvSNSWBvmucN5+7VWb17bKBGrpKmI7eClXtCgHEhs/g/bx837xNRX4HINAZZEOSORa+EdVBaNMJa3/eXie7G+kmnPkgBPw=&u=U2FsdGVkX181HdhA4uGUFWws2tbANLA+aYiGZ1IY6IWA3GoCqrD3GFC5ucNmhbkE&y=U2FsdGVkX1/eAep1xPcmk/juj/1Rqo9grzMAlt6r+BLEFtkn4Ca+RiRMQpkti9+w HTTP/1.1" 200 60
156.59.198.135 - - [17/Feb/2024:16:21:53 -0500] "GET /BLA/resoluciones/AUTOS%202023/05691.pdf HTTP/1.0" 200 443137
216.245.221.92 - - [17/Feb/2024:16:22:06 -0500] "HEAD / HTTP/1.1" 200 -
156.59.198.136 - - [17/Feb/2024:16:22:18 -0500] "GET /BLA/resoluciones/AUTOS%202023/05486.pdf HTTP/1.0" 200 394734
186.102.19.75 - - [17/Feb/2024:16:22:42 -0500] "GET /kwssiamovil/sm/acme/a?s=U2FsdGVkX18JtZLL3HmectbYvZFuSH8oiKTc6AII+3sKHpzu6RIvpGcQjQ94yNgP0pEkxVpZbPREarQJlfEMvFzyUFa0lat4fi3iha30eSjrQSTdwTk8wQpdtD0tG330NOft4ufYJGTOAOXBduScP7ekdvAXUss9ullCcacm9V3R8pL5qhoSwNWzDxXLs8YN2lXJaTOOj/Vem731mtXr2YshDFrotP767x/VM2etu9FmpDNe7K9GxXPUpE0J+mJ0t6n4YDsTnkymXuGTUBGqJA==&u=U2FsdGVkX1/UoEfNOd2Enr3yXQ3QxOenJ4BxgvjIawc=&y=U2FsdGVkX19utCSIaDCBNo+dLZyhbh4UfLgz9WaOu4ij05IUxph0AM7gUnWbBdZ3 HTTP/1.1" 200 26
186.102.19.75 - - [17/Feb/2024:16:22:42 -0500] "GET /kwssiamovil/sm/acme/a?s=U2FsdGVkX1/ClvStL5yZxomg7sfO7zDMAJUh4wX/EKcFvH+P/SxrqrBH6i8mJdE2YK0LWO37PTZfySy1YrvmpnV80LgJuKxJ8cIRvcoPsfAfFyFf3cmWG8NLE1643B8XbcnHvCSaf7NXn6M3w/bqClp41Zv7vtnJ3HiZ2G/TBXqRCPRR9yJaH+RImsu4JlLMogtKRinOVxmNgaJHj0kaZ1o1WSNWdMBq1cMmKpjKHw/FzVvoHyH+Q5inYZ5tB/GKkcmBxE7j8+I+hU8Fexh+gGYMo51J0YKg9EcLrC6tpBmiU/XmtMmIS1/Yyi1FAGIuB8r1zQrpyCjGpIavI5nEc/3XFxhW1zxQOFtH/UaN0+jItzMflPVacVp7eJ0BGQlDH+B0GNhGzedzj31k6IQERMhzPNriOTGZiBIdP415qVdQMMs6hyd43m0QTg+2remP5/0qCg51O0zSpg5VoCFhs6TXiG6QAb60rFuF1Ym1LBFfpqh8PHceJmPyE4Zg7U3enIgJVRESYwin/j9QDp1pbhpEGi/bi9WIq/uz/QwLP2v3ESyhCVpLGI6gkCL0q4cfWWWMSjifZFzzjtTgGHTpowHkuBEOGaTTkNJQ4AooCQ/ReA0SJe0IbBeWQ/Mq8j4NEZ6kDyyrAh0Ph2GeYk4IgvnRn2y0VYOLZwmOIJjhJOSoNdXSMRMhb0Jw9pG8eQ4jktuCCk/IxsseOen+c1kR4PRvs00RGi+d7lJ/fXpYGP4SwNjM7t1667uA8aJEKjY99t7MDwPj7m1PW/54JZ+Ujuh0/p6G6PJ+711F43Ka1bEVhTsRT5fBg4VZTQLviLgteZLpE/60cVnIpMbQ8cttGeV4IEynOwJpp1aA07/X3+swr8u/AQM9+H2c7CJgLoDvKNCJj5mhspmD+tzxgLVvNfI14esE9Lq2N9N6J4d8MkAiVADQzTNbabxndiqs7SRVHaPxSWARigQI7c9WdIPL3/sgyeNTP3VXTcJNlcARmJLA+7Z/tNPRX+jvrntD6lk5Zmx1AfIA7shaQbRvXQHBTMchXhUuUcP3E0+/wsfAPSmLfzUJHO3sJNbbxvhEIm54NsIW0x04ffZPzPlPhB6xt+dUNh1PwxgBr1bbsiTPpVXDG00XXe0t4OKLuxUw5QZdoKeN8RI1QJoR9G49QLIEUv9y4sxTdmGjunA0z3nnBUiHse6GNSsIKPJ+1HJg2zramjNHleGfyCmpeWEQ3T58g8SCBUY0LZ1hhkkh41mJDQmHJDluzkwx52zm48Q4F1Vc6ZElxK9TLIDiUUY3xWbAbJ9PNUmHI/vp4C27jfnWvxgxyy9fpnlYPYIM56kFDz8UA55ZkyqCD+KMpcZDOBWjDfjMWF9xUOY8H1Cvh9GnxPyg1XT8PK5KEG3VDo1l7YI7qenhKVmMhEZY40uhJYfjC4wt75zC1oQU5rIXcleu7ORB/zBR+WaFse7W9/3u51T7M7TGLFU55d+uxhKZH/cHIEuhTL/b+RZrjtHXsEght8Wh0fkSZ2cGnogIW41D7v4LQKVa99QhWaJifLNfn/TQKgLqbsGhsPuF7hVQQykoxT8NNu1pfN+UaC8buLLskvtdTcG1OWsSQshkv129/JFqloX3XPCQ10YjcDOkwZtjk9EZbw57MS26LG/hiOmn0z2T7Gg1l5OQn0LdeM+B2ZADsX47b5/7oIIkruijShi9aszfdGUuS8xZxxqf8pF0a+ORDro1NVdv1LccR20jdatxALlvehctmdyMF3slcideR/cIrn04sCIDMSpVQMHptWBcAeccccwQh5rsOU7M3ksqNd6QLZAxfoDspzediq138oJAt80KoF8R+W74dLzSTWXfR93a+EAkKdKOJ1EVA7jsBwlwcnVkKp/YKKK2mEFcJJdUgemtG/jZ5Kqx5wK1heeAqB+FcJpwmaiSxtQdXDUrxb2jkfUbAxFCaG7ExZyEz/Y1Cro1qkkMbVjI6Lwz5rO14uBgBRv1sK0u/PBOuSgltBMngEqrGKxJUg0QENz02hRddcTCXtMcgtg16d7YxBlnrPCEVwPjKTAn06W3hsidJs0CgBUxi+Y+u/2Iyymv04XxKzKH3t7QaAgJlcMQREIErbZok4VZXP5+8Aig8ouiH22j4q1N8eB+kmmLAfOb8NEpLAPMbnXF6wgeywcZQzLaCdHkaPulwQlueWwxAfXRGjyF7u0BvlPmeDlSksjUhnzqE/BVxmE8HMonf8jqLTbogzwwAHQNND+QnG8JWHwmDpC21qXi8XlTRRhDbC1KDnCX9qnX2m/hxCQY4mOB7n1FTGcdRwMLBm4zjfZTNMGoS3QTAGL18Q6EpmV7LwKEQNx47lSVkGPP1TGhYhqJN3T8NdV/DNmsYGRDnXKrROLHYTqrZofCxwB577iBD88JI/tfiWLoXeR9N2v4+enfwoGUvXSLjw9q16ZDGpAd9AeYS3N2TZ9lAE9sQXrBKg+IQw0yTa8fg2oGD/apZnlkPnyozyLwqCbGAnc5yylUpPak36zzQGFBp+VZD2k/GcwOamU=&u=U2FsdGVkX1/UoEfNOd2Enr3yXQ3QxOenJ4BxgvjIawc=&y=U2FsdGVkX19utCSIaDCBNo+dLZyhbh4UfLgz9WaOu4ij05IUxph0AM7gUnWbBdZ3 HTTP/1.1" 200 26
186.102.19.75 - - [17/Feb/2024:16:22:42 -0500] "GET /kwssiamovil/sm/acme/a?s=U2FsdGVkX19NVLIVi2gY7U4x+czmn9JD9DxHkO7+07xplVYLuAZfGhcUWnzCI5MxvGQga5PbQLnCTmP1xQ2UHB2pDua74EBihJ6M3Vefb6Q9npu4/HvSjTlInHzI1jH3NrEEQ/DR3zA5mPrW1cdqWbO06t24V89+vTXbBbNh91c=&u=U2FsdGVkX1/UoEfNOd2Enr3yXQ3QxOenJ4BxgvjIawc=&y=U2FsdGVkX19utCSIaDCBNo+dLZyhbh4UfLgz9WaOu4ij05IUxph0AM7gUnWbBdZ3 HTTP/1.1" 200 26
156.59.198.136 - - [17/Feb/2024:16:22:42 -0500] "GET /BLA/resoluciones/AUTOS%202023/05851.pdf HTTP/1.0" 200 396910
186.102.19.75 - - [17/Feb/2024:16:22:42 -0500] "GET /kwssiamovil/sm/acme/a?s=U2FsdGVkX19wjwH9IXzPXBkfI5ZgYKUa8Q5ReaI8W7++PGVJtZ+Xbi5rJGdw/epejWq7cS5kJMvyQLeGVqmn+NXnd2R/axmSDvsJs4bv1RsvmvE7hwJtGasCZktjNrJEwrg7sDFMr5dtBcVcH0p69SEfzuQGWldefY6xSLv33z0=&u=U2FsdGVkX1/UoEfNOd2Enr3yXQ3QxOenJ4BxgvjIawc=&y=U2FsdGVkX19utCSIaDCBNo+dLZyhbh4UfLgz9WaOu4ij05IUxph0AM7gUnWbBdZ3 HTTP/1.1" 200 26
186.102.19.75 - - [17/Feb/2024:16:22:43 -0500] "GET /kwssiamovil/sm/acme/a?s=U2FsdGVkX18wqDU0SaC+tD/cnBNUmIuroCr20+4FRS+RCvuIuBHRv5p+nHaAywSIdjyadAKe+viGwLOfL7h4+3+kqtQOYbBzg99oSHC017IuKPRD2UQWak7uNadc1Oa5rP89IhwTUmPvmt61tVOJLV5Dfni+1/2Wx5CWFH9ZGoI=&u=U2FsdGVkX1/UoEfNOd2Enr3yXQ3QxOenJ4BxgvjIawc=&y=U2FsdGVkX19utCSIaDCBNo+dLZyhbh4UfLgz9WaOu4ij05IUxph0AM7gUnWbBdZ3 HTTP/1.1" 200 26
186.102.19.75 - - [17/Feb/2024:16:22:43 -0500] "GET /kwssiamovil/sm/acme/a?s=U2FsdGVkX1/C92IDBoSgXZKbDemZlMzj6/LbRA9p7i8wUSDiW2UOov53ia4cPA9MckCa6G8J1SkxOGPuZFGOWRsDWQYiiZD+pmwrbdH3qRlPkun36dBPJ5Z4c8n4AU100Z6YxUfbEZLmDslyz0w6i2R44hu2MPTdu76IRWbyZZvJzenGEauLGbwDKKGKlDtv&u=U2FsdGVkX1/UoEfNOd2Enr3yXQ3QxOenJ4BxgvjIawc=&y=U2FsdGVkX19utCSIaDCBNo+dLZyhbh4UfLgz9WaOu4ij05IUxph0AM7gUnWbBdZ3 HTTP/1.1" 200 26
156.59.198.135 - - [17/Feb/2024:16:23:06 -0500] "GET /BLA/resoluciones/AUTOS%202023/01698.pdf HTTP/1.0" 200 397010
172.22.2.4 - - [17/Feb/2024:16:21:46 -0500] "HEAD /BLA/boletinlegal/ HTTP/1.1" 200 -
156.59.198.135 - - [17/Feb/2024:16:23:31 -0500] "GET /BLA/resoluciones/AUTOS%202023/05929.pdf HTTP/1.0" 200 666992
156.59.198.135 - - [17/Feb/2024:16:23:55 -0500] "GET /BLA/resoluciones/AUTOS%202023/05753.pdf HTTP/1.0" 200 478185
172.22.2.4 - - [17/Feb/2024:16:22:36 -0500] "GET /BLA/boletinlegal/ HTTP/1.1" 200 60721
156.59.198.135 - - [17/Feb/2024:16:24:19 -0500] "GET /BLA/resoluciones/AUTOS%202023/04124.pdf HTTP/1.0" 200 388424
201.245.192.253 - - [17/Feb/2024:16:24:29 -0500] "POST /kwsrmcab/Wsrmcab  HTTP/1.1" 200 40533
181.53.12.90 - - [17/Feb/2024:16:24:34 -0500] "POST /sipse/faces/presentacion/financiero/solicitudProceso/listarSolicitudProceso.xhtml HTTP/1.1" 200 5380
181.53.12.90 - - [17/Feb/2024:16:24:40 -0500] "POST /sipse/faces/presentacion/financiero/solicitudProceso/listarSolicitudProceso.xhtml HTTP/1.1" 200 118191
181.53.12.90 - - [17/Feb/2024:16:24:41 -0500] "GET /sipse/faces/javax.faces.resource/theme.css?ln=primefaces-sipse HTTP/1.1" 304 -
181.53.12.90 - - [17/Feb/2024:16:24:41 -0500] "GET /sipse/faces/javax.faces.resource/layout/layout.css?ln=primefaces&v=4.0 HTTP/1.1" 304 -
181.53.12.90 - - [17/Feb/2024:16:24:41 -0500] "GET /sipse/css/imagen/contrasena.png HTTP/1.1" 404 383
181.53.12.90 - - [17/Feb/2024:16:24:41 -0500] "GET /sipse/faces/javax.faces.resource/primefaces.css?ln=primefaces&v=4.0 HTTP/1.1" 304 -
181.53.12.90 - - [17/Feb/2024:16:24:41 -0500] "GET /sipse/faces/javax.faces.resource/jquery/jquery.js?ln=primefaces&v=4.0 HTTP/1.1" 304 -
181.53.12.90 - - [17/Feb/2024:16:24:41 -0500] "GET /sipse/faces/javax.faces.resource/jquery/jquery-plugins.js?ln=primefaces&v=4.0 HTTP/1.1" 304 -
181.53.12.90 - - [17/Feb/2024:16:24:41 -0500] "GET /sipse/faces/javax.faces.resource/primefaces.js?ln=primefaces&v=4.0 HTTP/1.1" 304 -
181.53.12.90 - - [17/Feb/2024:16:24:41 -0500] "GET /sipse/faces/javax.faces.resource/layout/layout.js?ln=primefaces&v=4.0 HTTP/1.1" 304 -
156.59.198.136 - - [17/Feb/2024:16:24:45 -0500] "GET /BLA/resoluciones/AUTOS%202023/05718.pdf HTTP/1.0" 200 353421
173.252.83.10 - - [17/Feb/2024:16:24:53 -0500] "GET /centro-vive-la-secretaria-de-ambiente-realiza-actividades-de-sensibilizacion-para-recuperar-este-punto-de-la-ciudad.html HTTP/1.1" 200 1012
156.59.198.136 - - [17/Feb/2024:16:25:09 -0500] "GET /BLA/resoluciones/AUTOS%202023/05896.pdf HTTP/1.0" 200 968015
156.59.198.136 - - [17/Feb/2024:16:25:35 -0500] "GET /BLA/resoluciones/AUTOS%202023/10106.pdf HTTP/1.0" 200 399763
181.53.12.90 - - [17/Feb/2024:16:25:39 -0500] "POST /sipse/faces/presentacion/financiero/solicitudProceso/consultarSolicitudProceso.xhtml HTTP/1.1" 200 19434
181.53.12.90 - - [17/Feb/2024:16:25:39 -0500] "GET /sipse/faces/javax.faces.resource/theme.css?ln=primefaces-sipse HTTP/1.1" 304 -
181.53.12.90 - - [17/Feb/2024:16:25:39 -0500] "GET /sipse/faces/javax.faces.resource/primefaces.css?ln=primefaces&v=4.0 HTTP/1.1" 304 -
181.53.12.90 - - [17/Feb/2024:16:25:40 -0500] "GET /sipse/faces/javax.faces.resource/fileupload/fileupload.css?ln=primefaces&v=4.0 HTTP/1.1" 304 -
181.53.12.90 - - [17/Feb/2024:16:25:40 -0500] "GET /sipse/faces/javax.faces.resource/layout/layout.css?ln=primefaces&v=4.0 HTTP/1.1" 304 -
181.53.12.90 - - [17/Feb/2024:16:25:40 -0500] "GET /sipse/faces/javax.faces.resource/jquery/jquery.js?ln=primefaces&v=4.0 HTTP/1.1" 304 -
181.53.12.90 - - [17/Feb/2024:16:25:40 -0500] "GET /sipse/faces/javax.faces.resource/jquery/jquery-plugins.js?ln=primefaces&v=4.0 HTTP/1.1" 304 -
181.53.12.90 - - [17/Feb/2024:16:25:40 -0500] "GET /sipse/faces/javax.faces.resource/primefaces.js?ln=primefaces&v=4.0 HTTP/1.1" 304 -
181.53.12.90 - - [17/Feb/2024:16:25:40 -0500] "GET /sipse/faces/javax.faces.resource/layout/layout.js?ln=primefaces&v=4.0 HTTP/1.1" 304 -
181.53.12.90 - - [17/Feb/2024:16:25:40 -0500] "GET /sipse/faces/javax.faces.resource/fileupload/fileupload.js?ln=primefaces&v=4.0 HTTP/1.1" 304 -
181.53.12.90 - - [17/Feb/2024:16:25:40 -0500] "GET /sipse/faces/javax.faces.resource/images/ui-icons_898989_256x240.png?ln=primefaces-aristo HTTP/1.1" 304 -
181.53.12.90 - - [17/Feb/2024:16:25:40 -0500] "GET /sipse/css/imagen/contrasena.png HTTP/1.1" 404 383
156.59.198.136 - - [17/Feb/2024:16:25:58 -0500] "GET /BLA/resoluciones/AUTOS%202023/04781.pdf HTTP/1.0" 200 513062
156.59.198.136 - - [17/Feb/2024:16:26:22 -0500] "GET /BLA/resoluciones/AUTOS%202023/03227.pdf HTTP/1.0" 200 414259
181.53.12.90 - - [17/Feb/2024:16:26:30 -0500] "GET /sipse/faces/javax.faces.resource/primefaces.css?ln=primefaces&v=4.0 HTTP/1.1" 304 -
181.53.12.90 - - [17/Feb/2024:16:26:30 -0500] "GET /sipse/faces/javax.faces.resource/theme.css?ln=primefaces-sipse HTTP/1.1" 304 -
181.53.12.90 - - [17/Feb/2024:16:26:29 -0500] "POST /sipse/faces/presentacion/sistema/anexos/cargarAnexoSolicitudProceso.xhtml HTTP/1.1" 200 165617
181.53.12.90 - - [17/Feb/2024:16:26:30 -0500] "GET /sipse/faces/javax.faces.resource/layout/layout.css?ln=primefaces&v=4.0 HTTP/1.1" 304 -
181.53.12.90 - - [17/Feb/2024:16:26:30 -0500] "GET /sipse/faces/javax.faces.resource/jquery/jquery-plugins.js?ln=primefaces&v=4.0 HTTP/1.1" 304 -
181.53.12.90 - - [17/Feb/2024:16:26:30 -0500] "GET /sipse/faces/javax.faces.resource/jquery/jquery.js?ln=primefaces&v=4.0 HTTP/1.1" 304 -
181.53.12.90 - - [17/Feb/2024:16:26:30 -0500] "GET /sipse/faces/javax.faces.resource/primefaces.js?ln=primefaces&v=4.0 HTTP/1.1" 304 -
181.53.12.90 - - [17/Feb/2024:16:26:30 -0500] "GET /sipse/faces/javax.faces.resource/layout/layout.js?ln=primefaces&v=4.0 HTTP/1.1" 304 -
181.53.12.90 - - [17/Feb/2024:16:26:30 -0500] "GET /sipse/css/imagen/contrasena.png HTTP/1.1" 404 383
181.53.12.90 - - [17/Feb/2024:16:26:30 -0500] "GET /sipse/faces/javax.faces.resource/images/ui-icons_898989_256x240.png?ln=primefaces-aristo HTTP/1.1" 304 -
181.53.12.90 - - [17/Feb/2024:16:26:34 -0500] "POST /sipse/faces/presentacion/financiero/solicitudProceso/consultarSolicitudProceso.xhtml HTTP/1.1" 200 19434
181.53.12.90 - - [17/Feb/2024:16:26:34 -0500] "GET /sipse/faces/javax.faces.resource/layout/layout.css?ln=primefaces&v=4.0 HTTP/1.1" 304 -
181.53.12.90 - - [17/Feb/2024:16:26:34 -0500] "GET /sipse/faces/javax.faces.resource/primefaces.js?ln=primefaces&v=4.0 HTTP/1.1" 304 -
181.53.12.90 - - [17/Feb/2024:16:26:34 -0500] "GET /sipse/faces/javax.faces.resource/jquery/jquery.js?ln=primefaces&v=4.0 HTTP/1.1" 304 -
181.53.12.90 - - [17/Feb/2024:16:26:34 -0500] "GET /sipse/faces/javax.faces.resource/jquery/jquery-plugins.js?ln=primefaces&v=4.0 HTTP/1.1" 304 -
181.53.12.90 - - [17/Feb/2024:16:26:34 -0500] "GET /sipse/faces/javax.faces.resource/primefaces.css?ln=primefaces&v=4.0 HTTP/1.1" 304 -
181.53.12.90 - - [17/Feb/2024:16:26:34 -0500] "GET /sipse/faces/javax.faces.resource/theme.css?ln=primefaces-sipse HTTP/1.1" 304 -
181.53.12.90 - - [17/Feb/2024:16:26:34 -0500] "GET /sipse/faces/javax.faces.resource/fileupload/fileupload.css?ln=primefaces&v=4.0 HTTP/1.1" 304 -
181.53.12.90 - - [17/Feb/2024:16:26:34 -0500] "GET /sipse/faces/javax.faces.resource/fileupload/fileupload.js?ln=primefaces&v=4.0 HTTP/1.1" 304 -
181.53.12.90 - - [17/Feb/2024:16:26:34 -0500] "GET /sipse/faces/javax.faces.resource/layout/layout.js?ln=primefaces&v=4.0 HTTP/1.1" 304 -
181.53.12.90 - - [17/Feb/2024:16:26:44 -0500] "POST /sipse/faces/presentacion/sistema/anexos/cargarAnexoSolicitudProceso.xhtml HTTP/1.1" 200 167443
181.53.12.90 - - [17/Feb/2024:16:26:45 -0500] "GET /sipse/faces/javax.faces.resource/theme.css?ln=primefaces-sipse HTTP/1.1" 304 -
181.53.12.90 - - [17/Feb/2024:16:26:45 -0500] "GET /sipse/faces/javax.faces.resource/jquery/jquery-plugins.js?ln=primefaces&v=4.0 HTTP/1.1" 304 -
181.53.12.90 - - [17/Feb/2024:16:26:45 -0500] "GET /sipse/faces/javax.faces.resource/jquery/jquery.js?ln=primefaces&v=4.0 HTTP/1.1" 304 -
181.53.12.90 - - [17/Feb/2024:16:26:45 -0500] "GET /sipse/faces/javax.faces.resource/primefaces.css?ln=primefaces&v=4.0 HTTP/1.1" 304 -
181.53.12.90 - - [17/Feb/2024:16:26:45 -0500] "GET /sipse/faces/javax.faces.resource/layout/layout.css?ln=primefaces&v=4.0 HTTP/1.1" 304 -
181.53.12.90 - - [17/Feb/2024:16:26:45 -0500] "GET /sipse/faces/javax.faces.resource/primefaces.js?ln=primefaces&v=4.0 HTTP/1.1" 304 -
181.53.12.90 - - [17/Feb/2024:16:26:45 -0500] "GET /sipse/faces/javax.faces.resource/layout/layout.js?ln=primefaces&v=4.0 HTTP/1.1" 304 -
156.59.198.136 - - [17/Feb/2024:16:26:48 -0500] "GET /BLA/resoluciones/AUTOS%202023/05886.pdf HTTP/1.0" 200 424634
181.53.12.90 - - [17/Feb/2024:16:26:59 -0500] "GET /sipse/faces/javax.faces.resource/images/ui-icons_898989_256x240.png?ln=primefaces-aristo HTTP/1.1" 304 -
216.245.221.92 - - [17/Feb/2024:16:27:06 -0500] "HEAD / HTTP/1.1" 200 -
181.53.12.90 - - [17/Feb/2024:16:27:06 -0500] "GET /sipse/faces/javax.faces.resource/images/ui-bg_flat_0_2d5972_40x100.png?ln=primefaces-aristo HTTP/1.1" 304 -
181.53.12.90 - - [17/Feb/2024:16:27:07 -0500] "POST /sipse/faces/presentacion/financiero/solicitudProceso/consultarSolicitudProceso.xhtml HTTP/1.1" 200 44341
181.53.12.90 - - [17/Feb/2024:16:27:07 -0500] "GET /sipse/faces/javax.faces.resource/primefaces.css?ln=primefaces&v=4.0 HTTP/1.1" 304 -
181.53.12.90 - - [17/Feb/2024:16:27:07 -0500] "GET /sipse/faces/javax.faces.resource/theme.css?ln=primefaces-sipse HTTP/1.1" 304 -
181.53.12.90 - - [17/Feb/2024:16:27:07 -0500] "GET /sipse/faces/javax.faces.resource/layout/layout.css?ln=primefaces&v=4.0 HTTP/1.1" 304 -
181.53.12.90 - - [17/Feb/2024:16:27:07 -0500] "GET /sipse/faces/javax.faces.resource/jquery/jquery.js?ln=primefaces&v=4.0 HTTP/1.1" 304 -
181.53.12.90 - - [17/Feb/2024:16:27:07 -0500] "GET /sipse/faces/javax.faces.resource/jquery/jquery-plugins.js?ln=primefaces&v=4.0 HTTP/1.1" 304 -
181.53.12.90 - - [17/Feb/2024:16:27:07 -0500] "GET /sipse/faces/javax.faces.resource/primefaces.js?ln=primefaces&v=4.0 HTTP/1.1" 304 -
181.53.12.90 - - [17/Feb/2024:16:27:07 -0500] "GET /sipse/faces/javax.faces.resource/layout/layout.js?ln=primefaces&v=4.0 HTTP/1.1" 304 -
156.59.198.136 - - [17/Feb/2024:16:27:11 -0500] "GET /BLA/resoluciones/AUTOS%202023/05821.pdf HTTP/1.0" 200 382863
181.53.12.90 - - [17/Feb/2024:16:27:16 -0500] "POST /sipse/faces/presentacion/financiero/estudioPrevio/personalSolicitado/personalSolicitadoSolicitudProceso.xhtml HTTP/1.1" 200 7027
156.59.198.135 - - [17/Feb/2024:16:27:36 -0500] "GET /BLA/resoluciones/AUTOS%202023/05866.pdf HTTP/1.0" 200 396466
156.59.198.135 - - [17/Feb/2024:16:28:01 -0500] "GET /BLA/resoluciones/AUTOS%202023/00777.pdf HTTP/1.0" 200 391458
152.32.142.250 - - [17/Feb/2024:16:28:04 -0500] "GET / HTTP/1.1" 200 319
152.32.142.250 - - [17/Feb/2024:16:28:06 -0500] "\x16\x03\x01" 400 226
152.32.142.250 - - [17/Feb/2024:16:28:07 -0500] "t3 12.1.2" 400 946
40.77.167.60 - - [17/Feb/2024:16:28:09 -0500] "GET /BLA/resoluciones/index.php?dir=RESOLUCIONES+2003%2FRES+2003+1951-2000%2F HTTP/1.1" 200 12149
181.53.12.90 - - [17/Feb/2024:16:28:10 -0500] "POST /sipse/faces/presentacion/financiero/estudioPrevio/personalSolicitado/personalSolicitadoSolicitudProceso.xhtml HTTP/1.1" 200 36844
181.53.12.90 - - [17/Feb/2024:16:28:11 -0500] "GET /sipse/faces/javax.faces.resource/theme.css?ln=primefaces-sipse HTTP/1.1" 304 -
181.53.12.90 - - [17/Feb/2024:16:28:11 -0500] "GET /sipse/faces/javax.faces.resource/primefaces.css?ln=primefaces&v=4.0 HTTP/1.1" 304 -
181.53.12.90 - - [17/Feb/2024:16:28:11 -0500] "GET /sipse/faces/javax.faces.resource/layout/layout.css?ln=primefaces&v=4.0 HTTP/1.1" 304 -
181.53.12.90 - - [17/Feb/2024:16:28:11 -0500] "GET /sipse/faces/javax.faces.resource/jquery/jquery.js?ln=primefaces&v=4.0 HTTP/1.1" 304 -
181.53.12.90 - - [17/Feb/2024:16:28:11 -0500] "GET /sipse/faces/javax.faces.resource/jquery/jquery-plugins.js?ln=primefaces&v=4.0 HTTP/1.1" 304 -
181.53.12.90 - - [17/Feb/2024:16:28:11 -0500] "GET /sipse/faces/javax.faces.resource/primefaces.js?ln=primefaces&v=4.0 HTTP/1.1" 304 -
181.53.12.90 - - [17/Feb/2024:16:28:11 -0500] "GET /sipse/faces/javax.faces.resource/layout/layout.js?ln=primefaces&v=4.0 HTTP/1.1" 304 -
181.53.12.90 - - [17/Feb/2024:16:28:18 -0500] "POST /sipse/faces/presentacion/financiero/estudioPrevio/personalSolicitado/asociarProfesionPersonalSolicitado.xhtml HTTP/1.1" 200 21032
47.128.55.104 - - [17/Feb/2024:16:28:27 -0500] "GET /BLA/resoluciones/dlf/dirup.png HTTP/1.1" 200 644
47.128.55.104 - - [17/Feb/2024:16:28:27 -0500] "GET /BLA/resoluciones/dlf/pdf.gif HTTP/1.1" 200 272
47.128.55.104 - - [17/Feb/2024:16:28:26 -0500] "GET /BLA/resoluciones/index.php?dir=Notificaciones%2FRESOLUCIONES%202019%2F&order=asc&sort=date HTTP/1.1" 200 40760
