190.84.43.161 - - [17/Feb/2024:09:18:47 -0500] "POST /sipse/faces/presentacion/financiero/estudioPrevio/personalSolicitado/asociarEspecializacionPersonalSolicitado.xhtml HTTP/1.1" 200 58193
190.84.43.161 - - [17/Feb/2024:09:18:51 -0500] "POST /sipse/faces/presentacion/financiero/estudioPrevio/personalSolicitado/personalSolicitadoSolicitudProceso.xhtml HTTP/1.1" 200 33678
190.84.43.161 - - [17/Feb/2024:09:18:51 -0500] "GET /sipse/faces/javax.faces.resource/primefaces.css?ln=primefaces&v=4.0 HTTP/1.1" 304 -
190.84.43.161 - - [17/Feb/2024:09:18:51 -0500] "GET /sipse/faces/javax.faces.resource/layout/layout.css?ln=primefaces&v=4.0 HTTP/1.1" 304 -
190.84.43.161 - - [17/Feb/2024:09:18:51 -0500] "GET /sipse/faces/javax.faces.resource/theme.css?ln=primefaces-sipse HTTP/1.1" 304 -
190.84.43.161 - - [17/Feb/2024:09:18:51 -0500] "GET /sipse/faces/javax.faces.resource/jquery/jquery.js?ln=primefaces&v=4.0 HTTP/1.1" 304 -
190.84.43.161 - - [17/Feb/2024:09:18:51 -0500] "GET /sipse/faces/javax.faces.resource/jquery/jquery-plugins.js?ln=primefaces&v=4.0 HTTP/1.1" 304 -
190.84.43.161 - - [17/Feb/2024:09:18:52 -0500] "GET /sipse/faces/javax.faces.resource/primefaces.js?ln=primefaces&v=4.0 HTTP/1.1" 304 -
190.84.43.161 - - [17/Feb/2024:09:18:52 -0500] "GET /sipse/faces/javax.faces.resource/layout/layout.js?ln=primefaces&v=4.0 HTTP/1.1" 304 -
190.84.43.161 - - [17/Feb/2024:09:19:07 -0500] "POST /sipse/faces/presentacion/financiero/estudioPrevio/personalSolicitado/asociarEspecializacionPersonalSolicitado.xhtml HTTP/1.1" 200 7313
201.245.192.253 - - [17/Feb/2024:09:19:06 -0500] "POST /kwsrmcab/Wsrmcab HTTP/1.1" 200 36583
201.245.192.253 - - [17/Feb/2024:09:19:08 -0500] "POST /kwsrmcab/Wsrmcab HTTP/1.1" 200 36665
190.84.43.161 - - [17/Feb/2024:09:19:14 -0500] "GET /sipse/faces/javax.faces.resource/theme.css?ln=primefaces-sipse HTTP/1.1" 304 -
190.84.43.161 - - [17/Feb/2024:09:19:13 -0500] "POST /sipse/faces/presentacion/financiero/estudioPrevio/personalSolicitado/asociarEspecializacionPersonalSolicitado.xhtml HTTP/1.1" 200 59379
190.84.43.161 - - [17/Feb/2024:09:19:14 -0500] "GET /sipse/faces/javax.faces.resource/primefaces.css?ln=primefaces&v=4.0 HTTP/1.1" 304 -
190.84.43.161 - - [17/Feb/2024:09:19:14 -0500] "GET /sipse/faces/javax.faces.resource/layout/layout.css?ln=primefaces&v=4.0 HTTP/1.1" 304 -
190.84.43.161 - - [17/Feb/2024:09:19:14 -0500] "GET /sipse/faces/javax.faces.resource/jquery/jquery.js?ln=primefaces&v=4.0 HTTP/1.1" 304 -
190.84.43.161 - - [17/Feb/2024:09:19:14 -0500] "GET /sipse/faces/javax.faces.resource/jquery/jquery-plugins.js?ln=primefaces&v=4.0 HTTP/1.1" 304 -
190.84.43.161 - - [17/Feb/2024:09:19:14 -0500] "GET /sipse/faces/javax.faces.resource/primefaces.js?ln=primefaces&v=4.0 HTTP/1.1" 304 -
190.84.43.161 - - [17/Feb/2024:09:19:14 -0500] "GET /sipse/faces/javax.faces.resource/layout/layout.js?ln=primefaces&v=4.0 HTTP/1.1" 304 -
172.22.2.4 - - [17/Feb/2024:09:19:26 -0500] "GET /BLA/boletinlegal/consulta_normativa.php?tipo=Resolucion&sector=Aire&ano=&resuelve=limites%20maximos%20permisibles HTTP/1.1" 200 454
201.245.192.253 - - [17/Feb/2024:09:19:26 -0500] "POST /kwsrmcab/Wsrmcab HTTP/1.1" 200 38205
172.22.2.4 - - [17/Feb/2024:09:19:28 -0500] "GET /BLA/boletinlegal/consulta_normativa.php?tipo=Resolucion&sector=Aire&ano=&resuelve=limites%20maximos%20permisibles HTTP/1.1" 200 454
172.22.2.4 - - [17/Feb/2024:09:19:32 -0500] "GET /BLA/boletinlegal/consulta_normativa.php?tipo=Resolucion&sector=Aire&ano=2022&resuelve=limites%20maximos%20permisibles HTTP/1.1" 200 454
190.84.43.161 - - [17/Feb/2024:09:19:35 -0500] "POST /sipse/faces/presentacion/financiero/estudioPrevio/personalSolicitado/personalSolicitadoSolicitudProceso.xhtml HTTP/1.1" 200 33683
190.84.43.161 - - [17/Feb/2024:09:19:36 -0500] "GET /sipse/faces/javax.faces.resource/theme.css?ln=primefaces-sipse HTTP/1.1" 304 -
190.84.43.161 - - [17/Feb/2024:09:19:36 -0500] "GET /sipse/faces/javax.faces.resource/primefaces.css?ln=primefaces&v=4.0 HTTP/1.1" 304 -
190.84.43.161 - - [17/Feb/2024:09:19:36 -0500] "GET /sipse/faces/javax.faces.resource/jquery/jquery.js?ln=primefaces&v=4.0 HTTP/1.1" 304 -
190.84.43.161 - - [17/Feb/2024:09:19:36 -0500] "GET /sipse/faces/javax.faces.resource/layout/layout.css?ln=primefaces&v=4.0 HTTP/1.1" 304 -
190.84.43.161 - - [17/Feb/2024:09:19:36 -0500] "GET /sipse/faces/javax.faces.resource/jquery/jquery-plugins.js?ln=primefaces&v=4.0 HTTP/1.1" 304 -
190.84.43.161 - - [17/Feb/2024:09:19:37 -0500] "GET /sipse/faces/javax.faces.resource/primefaces.js?ln=primefaces&v=4.0 HTTP/1.1" 304 -
190.84.43.161 - - [17/Feb/2024:09:19:37 -0500] "GET /sipse/faces/javax.faces.resource/layout/layout.js?ln=primefaces&v=4.0 HTTP/1.1" 304 -
190.84.43.161 - - [17/Feb/2024:09:19:40 -0500] "POST /sipse/faces/presentacion/financiero/estudioPrevio/personalSolicitado/asociarEspecializacionPersonalSolicitado.xhtml HTTP/1.1" 200 1478
66.249.66.20 - - [17/Feb/2024:09:19:44 -0500] "GET /BLA/resoluciones/Notificaciones/AUTOS%202023/1451.pdf HTTP/1.1" 200 417886
190.84.43.161 - - [17/Feb/2024:09:19:49 -0500] "POST /sipse/faces/presentacion/financiero/estudioPrevio/personalSolicitado/asociarEspecializacionPersonalSolicitado.xhtml HTTP/1.1" 200 1474
190.84.43.161 - - [17/Feb/2024:09:19:50 -0500] "POST /sipse/faces/presentacion/financiero/estudioPrevio/personalSolicitado/asociarEspecializacionPersonalSolicitado.xhtml HTTP/1.1" 200 1474
190.84.43.161 - - [17/Feb/2024:09:19:53 -0500] "POST /sipse/faces/presentacion/financiero/estudioPrevio/personalSolicitado/asociarEspecializacionPersonalSolicitado.xhtml HTTP/1.1" 200 2221
190.84.43.161 - - [17/Feb/2024:09:19:57 -0500] "POST /sipse/faces/presentacion/financiero/estudioPrevio/personalSolicitado/asociarEspecializacionPersonalSolicitado.xhtml HTTP/1.1" 200 59449
190.84.43.161 - - [17/Feb/2024:09:19:57 -0500] "GET /sipse/faces/javax.faces.resource/theme.css?ln=primefaces-sipse HTTP/1.1" 304 -
190.84.43.161 - - [17/Feb/2024:09:19:57 -0500] "GET /sipse/faces/javax.faces.resource/primefaces.css?ln=primefaces&v=4.0 HTTP/1.1" 304 -
190.84.43.161 - - [17/Feb/2024:09:19:57 -0500] "GET /sipse/faces/javax.faces.resource/primefaces.js?ln=primefaces&v=4.0 HTTP/1.1" 304 -
190.84.43.161 - - [17/Feb/2024:09:19:57 -0500] "GET /sipse/faces/javax.faces.resource/layout/layout.css?ln=primefaces&v=4.0 HTTP/1.1" 304 -
190.84.43.161 - - [17/Feb/2024:09:19:57 -0500] "GET /sipse/faces/javax.faces.resource/jquery/jquery-plugins.js?ln=primefaces&v=4.0 HTTP/1.1" 304 -
190.84.43.161 - - [17/Feb/2024:09:19:57 -0500] "GET /sipse/faces/javax.faces.resource/jquery/jquery.js?ln=primefaces&v=4.0 HTTP/1.1" 304 -
190.84.43.161 - - [17/Feb/2024:09:19:57 -0500] "GET /sipse/faces/javax.faces.resource/layout/layout.js?ln=primefaces&v=4.0 HTTP/1.1" 304 -
172.22.2.4 - - [17/Feb/2024:09:20:00 -0500] "GET /BLA/boletinlegal/consulta_normativa.php?tipo=Resolucion&sector=emisiones&ano=2022&resuelve=limites%20maximos%20permisibles HTTP/1.1" 200 454
190.84.43.161 - - [17/Feb/2024:09:19:59 -0500] "POST /sipse/faces/presentacion/financiero/estudioPrevio/personalSolicitado/personalSolicitadoSolicitudProceso.xhtml HTTP/1.1" 200 33688
190.84.43.161 - - [17/Feb/2024:09:20:01 -0500] "GET /sipse/faces/javax.faces.resource/layout/layout.css?ln=primefaces&v=4.0 HTTP/1.1" 304 -
190.84.43.161 - - [17/Feb/2024:09:20:01 -0500] "GET /sipse/faces/javax.faces.resource/theme.css?ln=primefaces-sipse HTTP/1.1" 304 -
190.84.43.161 - - [17/Feb/2024:09:20:01 -0500] "GET /sipse/faces/javax.faces.resource/primefaces.css?ln=primefaces&v=4.0 HTTP/1.1" 304 -
190.84.43.161 - - [17/Feb/2024:09:20:01 -0500] "GET /sipse/faces/javax.faces.resource/jquery/jquery.js?ln=primefaces&v=4.0 HTTP/1.1" 304 -
190.84.43.161 - - [17/Feb/2024:09:20:01 -0500] "GET /sipse/faces/javax.faces.resource/jquery/jquery-plugins.js?ln=primefaces&v=4.0 HTTP/1.1" 304 -
52.167.144.199 - - [17/Feb/2024:09:20:01 -0500] "GET /Publicaciones/2024EE07681.pdf HTTP/1.1" 404 227
190.84.43.161 - - [17/Feb/2024:09:20:01 -0500] "GET /sipse/faces/javax.faces.resource/primefaces.js?ln=primefaces&v=4.0 HTTP/1.1" 304 -
190.84.43.161 - - [17/Feb/2024:09:20:01 -0500] "GET /sipse/faces/javax.faces.resource/layout/layout.js?ln=primefaces&v=4.0 HTTP/1.1" 304 -
201.245.192.253 - - [17/Feb/2024:09:20:13 -0500] "POST /kwsrmcab/Wsrmcab HTTP/1.1" 200 36665
172.22.2.4 - - [17/Feb/2024:09:20:18 -0500] "GET /BLA/boletinlegal/normativa.php HTTP/1.1" 200 8397
190.84.43.161 - - [17/Feb/2024:09:20:18 -0500] "POST /sipse/faces/presentacion/financiero/estudioPrevio/personalSolicitado/asociarEspecializacionPersonalSolicitado.xhtml HTTP/1.1" 200 1454
172.22.2.4 - - [17/Feb/2024:09:20:19 -0500] "GET /BLA/boletinlegal/actos.php HTTP/1.1" 200 9738
172.22.2.4 - - [17/Feb/2024:09:20:19 -0500] "GET /BLA/boletinlegal/js/ajax_actos.js HTTP/1.1" 200 1322
172.22.2.4 - - [17/Feb/2024:09:20:19 -0500] "GET /BLA/boletinlegal/images/green-yellow-blue-pink-th.png HTTP/1.1" 200 7394
190.84.43.161 - - [17/Feb/2024:09:20:22 -0500] "POST /sipse/faces/presentacion/financiero/estudioPrevio/personalSolicitado/asociarEspecializacionPersonalSolicitado.xhtml HTTP/1.1" 200 1450
190.84.43.161 - - [17/Feb/2024:09:20:23 -0500] "POST /sipse/faces/presentacion/financiero/estudioPrevio/personalSolicitado/asociarEspecializacionPersonalSolicitado.xhtml HTTP/1.1" 200 1454
172.22.2.4 - - [17/Feb/2024:09:20:26 -0500] "GET /BLA/boletinlegal/doctrina.php HTTP/1.1" 200 5667
172.22.2.4 - - [17/Feb/2024:09:20:26 -0500] "GET /BLA/boletinlegal/js/ajax_doctrina.js HTTP/1.1" 200 772
172.22.2.4 - - [17/Feb/2024:09:20:26 -0500] "GET /BLA/boletinlegal/images/sub_ul_li.gif HTTP/1.1" 200 343
190.84.43.161 - - [17/Feb/2024:09:20:27 -0500] "POST /sipse/faces/presentacion/financiero/estudioPrevio/personalSolicitado/asociarEspecializacionPersonalSolicitado.xhtml HTTP/1.1" 200 1446
172.22.2.4 - - [17/Feb/2024:09:20:27 -0500] "GET /BLA/boletinlegal/jurisprudencia.php HTTP/1.1" 200 17637
172.22.2.4 - - [17/Feb/2024:09:20:27 -0500] "GET /BLA/boletinlegal/images/jurisprudencia.png HTTP/1.1" 200 66721
190.84.43.161 - - [17/Feb/2024:09:20:27 -0500] "POST /sipse/faces/presentacion/financiero/estudioPrevio/personalSolicitado/asociarEspecializacionPersonalSolicitado.xhtml HTTP/1.1" 200 1450
172.22.2.4 - - [17/Feb/2024:09:20:29 -0500] "GET /BLA/boletinlegal/conceptos.php HTTP/1.1" 200 7588
172.22.2.4 - - [17/Feb/2024:09:20:29 -0500] "GET /BLA/boletinlegal/js/ajax_conceptos.js HTTP/1.1" 200 1326
190.84.43.161 - - [17/Feb/2024:09:20:32 -0500] "POST /sipse/faces/presentacion/financiero/estudioPrevio/personalSolicitado/asociarEspecializacionPersonalSolicitado.xhtml HTTP/1.1" 200 1450
190.84.43.161 - - [17/Feb/2024:09:20:35 -0500] "POST /sipse/faces/presentacion/financiero/estudioPrevio/personalSolicitado/asociarEspecializacionPersonalSolicitado.xhtml HTTP/1.1" 200 1450
190.84.43.161 - - [17/Feb/2024:09:20:36 -0500] "POST /sipse/faces/presentacion/financiero/estudioPrevio/personalSolicitado/asociarEspecializacionPersonalSolicitado.xhtml HTTP/1.1" 200 1450
190.84.43.161 - - [17/Feb/2024:09:20:40 -0500] "POST /sipse/faces/presentacion/financiero/estudioPrevio/personalSolicitado/asociarEspecializacionPersonalSolicitado.xhtml HTTP/1.1" 200 18689
190.84.43.161 - - [17/Feb/2024:09:20:42 -0500] "POST /sipse/faces/presentacion/financiero/estudioPrevio/personalSolicitado/asociarEspecializacionPersonalSolicitado.xhtml HTTP/1.1" 200 1434
172.22.2.4 - - [17/Feb/2024:09:20:44 -0500] "GET /BLA/boletinlegal/normativa.php HTTP/1.1" 200 8397
190.84.43.161 - - [17/Feb/2024:09:20:45 -0500] "POST /sipse/faces/presentacion/financiero/estudioPrevio/personalSolicitado/asociarEspecializacionPersonalSolicitado.xhtml HTTP/1.1" 200 1434
190.84.43.161 - - [17/Feb/2024:09:20:46 -0500] "POST /sipse/faces/presentacion/financiero/estudioPrevio/personalSolicitado/asociarEspecializacionPersonalSolicitado.xhtml HTTP/1.1" 200 1430
190.84.43.161 - - [17/Feb/2024:09:20:48 -0500] "POST /sipse/faces/presentacion/financiero/estudioPrevio/personalSolicitado/asociarEspecializacionPersonalSolicitado.xhtml HTTP/1.1" 200 18689
190.84.43.161 - - [17/Feb/2024:09:20:59 -0500] "POST /sipse/faces/presentacion/financiero/estudioPrevio/personalSolicitado/asociarEspecializacionPersonalSolicitado.xhtml HTTP/1.1" 200 18634
172.22.2.4 - - [17/Feb/2024:09:20:05 -0500] "GET /BLA/boletinlegal/index.php HTTP/1.1" 200 32715
190.84.43.161 - - [17/Feb/2024:09:21:11 -0500] "POST /sipse/faces/presentacion/financiero/estudioPrevio/personalSolicitado/asociarEspecializacionPersonalSolicitado.xhtml HTTP/1.1" 200 13521
201.245.192.253 - - [17/Feb/2024:09:21:15 -0500] "POST /kwsrmcab/Wsrmcab  HTTP/1.1" 200 40533
190.84.43.161 - - [17/Feb/2024:09:21:23 -0500] "POST /sipse/faces/presentacion/financiero/estudioPrevio/personalSolicitado/asociarEspecializacionPersonalSolicitado.xhtml HTTP/1.1" 200 17887
172.22.2.4 - - [17/Feb/2024:09:21:23 -0500] "GET /BLA/boletinlegal/consulta_normativa.php?tipo=Resolucion&sector=Aire&ano=&resuelve=limites%20m%E1ximos%20permisibles%20de%20e HTTP/1.1" 200 454
190.84.43.161 - - [17/Feb/2024:09:21:24 -0500] "POST /sipse/faces/presentacion/financiero/estudioPrevio/personalSolicitado/asociarEspecializacionPersonalSolicitado.xhtml HTTP/1.1" 200 18319
172.22.2.4 - - [17/Feb/2024:09:20:43 -0500] "GET /BLA/boletinlegal/index.php HTTP/1.1" 200 24523
172.22.2.4 - - [17/Feb/2024:09:20:17 -0500] "GET /BLA/boletinlegal/index.php HTTP/1.1" 200 48416
216.245.221.92 - - [17/Feb/2024:09:22:07 -0500] "HEAD / HTTP/1.1" 200 -
190.84.43.161 - - [17/Feb/2024:09:22:14 -0500] "POST /sipse/faces/presentacion/financiero/estudioPrevio/personalSolicitado/asociarEspecializacionPersonalSolicitado.xhtml HTTP/1.1" 200 1482
172.22.2.4 - - [17/Feb/2024:09:21:29 -0500] "GET /BLA/boletinlegal/index.php HTTP/1.1" 200 54291
190.84.43.161 - - [17/Feb/2024:09:23:11 -0500] "POST /sipse/faces/presentacion/financiero/estudioPrevio/personalSolicitado/asociarEspecializacionPersonalSolicitado.xhtml HTTP/1.1" 200 1474
190.84.43.161 - - [17/Feb/2024:09:23:15 -0500] "POST /sipse/faces/presentacion/financiero/estudioPrevio/personalSolicitado/asociarEspecializacionPersonalSolicitado.xhtml HTTP/1.1" 200 1438
190.84.43.161 - - [17/Feb/2024:09:23:18 -0500] "POST /sipse/faces/presentacion/financiero/estudioPrevio/personalSolicitado/asociarEspecializacionPersonalSolicitado.xhtml HTTP/1.1" 200 1446
190.84.43.161 - - [17/Feb/2024:09:23:20 -0500] "POST /sipse/faces/presentacion/financiero/estudioPrevio/personalSolicitado/asociarEspecializacionPersonalSolicitado.xhtml HTTP/1.1" 200 1438
172.22.2.4 - - [17/Feb/2024:09:21:44 -0500] "HEAD /BLA/boletinlegal/ HTTP/1.1" 200 -
190.84.43.161 - - [17/Feb/2024:09:23:25 -0500] "POST /sipse/faces/presentacion/financiero/estudioPrevio/personalSolicitado/asociarEspecializacionPersonalSolicitado.xhtml HTTP/1.1" 200 3030
190.84.43.161 - - [17/Feb/2024:09:23:26 -0500] "POST /sipse/faces/presentacion/financiero/estudioPrevio/personalSolicitado/asociarEspecializacionPersonalSolicitado.xhtml HTTP/1.1" 200 3026
190.84.43.161 - - [17/Feb/2024:09:23:35 -0500] "GET /sipse/faces/javax.faces.resource/primefaces.css?ln=primefaces&v=4.0 HTTP/1.1" 304 -
190.84.43.161 - - [17/Feb/2024:09:23:35 -0500] "GET /sipse/faces/javax.faces.resource/theme.css?ln=primefaces-sipse HTTP/1.1" 304 -
190.84.43.161 - - [17/Feb/2024:09:23:34 -0500] "POST /sipse/faces/presentacion/financiero/estudioPrevio/personalSolicitado/asociarEspecializacionPersonalSolicitado.xhtml HTTP/1.1" 200 59449
190.84.43.161 - - [17/Feb/2024:09:23:35 -0500] "GET /sipse/faces/javax.faces.resource/primefaces.js?ln=primefaces&v=4.0 HTTP/1.1" 304 -
190.84.43.161 - - [17/Feb/2024:09:23:35 -0500] "GET /sipse/faces/javax.faces.resource/layout/layout.js?ln=primefaces&v=4.0 HTTP/1.1" 304 -
190.84.43.161 - - [17/Feb/2024:09:23:35 -0500] "GET /sipse/faces/javax.faces.resource/jquery/jquery-plugins.js?ln=primefaces&v=4.0 HTTP/1.1" 304 -
190.84.43.161 - - [17/Feb/2024:09:23:35 -0500] "GET /sipse/faces/javax.faces.resource/layout/layout.css?ln=primefaces&v=4.0 HTTP/1.1" 304 -
190.84.43.161 - - [17/Feb/2024:09:23:35 -0500] "GET /sipse/faces/javax.faces.resource/jquery/jquery.js?ln=primefaces&v=4.0 HTTP/1.1" 304 -
190.84.43.161 - - [17/Feb/2024:09:23:42 -0500] "GET /sipse/faces/javax.faces.resource/theme.css?ln=primefaces-sipse HTTP/1.1" 304 -
190.84.43.161 - - [17/Feb/2024:09:23:42 -0500] "GET /sipse/faces/javax.faces.resource/jquery/jquery.js?ln=primefaces&v=4.0 HTTP/1.1" 304 -
190.84.43.161 - - [17/Feb/2024:09:23:42 -0500] "GET /sipse/faces/javax.faces.resource/primefaces.css?ln=primefaces&v=4.0 HTTP/1.1" 304 -
190.84.43.161 - - [17/Feb/2024:09:23:42 -0500] "GET /sipse/faces/javax.faces.resource/layout/layout.css?ln=primefaces&v=4.0 HTTP/1.1" 304 -
190.84.43.161 - - [17/Feb/2024:09:23:42 -0500] "GET /sipse/faces/javax.faces.resource/jquery/jquery-plugins.js?ln=primefaces&v=4.0 HTTP/1.1" 304 -
190.84.43.161 - - [17/Feb/2024:09:23:42 -0500] "GET /sipse/faces/javax.faces.resource/primefaces.js?ln=primefaces&v=4.0 HTTP/1.1" 304 -
190.84.43.161 - - [17/Feb/2024:09:23:42 -0500] "GET /sipse/faces/javax.faces.resource/layout/layout.js?ln=primefaces&v=4.0 HTTP/1.1" 304 -
190.84.43.161 - - [17/Feb/2024:09:23:41 -0500] "POST /sipse/faces/presentacion/financiero/estudioPrevio/personalSolicitado/personalSolicitadoSolicitudProceso.xhtml HTTP/1.1" 200 179320
190.84.43.161 - - [17/Feb/2024:09:24:00 -0500] "POST /sipse/faces/presentacion/financiero/solicitudProceso/consultarSolicitudProceso.xhtml HTTP/1.1" 200 56085
190.84.43.161 - - [17/Feb/2024:09:24:00 -0500] "GET /sipse/faces/javax.faces.resource/theme.css?ln=primefaces-sipse HTTP/1.1" 304 -
190.84.43.161 - - [17/Feb/2024:09:24:00 -0500] "GET /sipse/faces/javax.faces.resource/primefaces.css?ln=primefaces&v=4.0 HTTP/1.1" 304 -
190.84.43.161 - - [17/Feb/2024:09:24:01 -0500] "GET /sipse/faces/javax.faces.resource/layout/layout.css?ln=primefaces&v=4.0 HTTP/1.1" 304 -
190.84.43.161 - - [17/Feb/2024:09:24:01 -0500] "GET /sipse/faces/javax.faces.resource/jquery/jquery.js?ln=primefaces&v=4.0 HTTP/1.1" 304 -
190.84.43.161 - - [17/Feb/2024:09:24:01 -0500] "GET /sipse/faces/javax.faces.resource/jquery/jquery-plugins.js?ln=primefaces&v=4.0 HTTP/1.1" 304 -
190.84.43.161 - - [17/Feb/2024:09:24:01 -0500] "GET /sipse/faces/javax.faces.resource/primefaces.js?ln=primefaces&v=4.0 HTTP/1.1" 304 -
190.84.43.161 - - [17/Feb/2024:09:24:01 -0500] "GET /sipse/faces/javax.faces.resource/layout/layout.js?ln=primefaces&v=4.0 HTTP/1.1" 304 -
190.84.43.161 - - [17/Feb/2024:09:24:14 -0500] "GET /sipse/faces/javax.faces.resource/theme.css?ln=primefaces-sipse HTTP/1.1" 304 -
190.84.43.161 - - [17/Feb/2024:09:24:14 -0500] "GET /sipse/faces/javax.faces.resource/primefaces.css?ln=primefaces&v=4.0 HTTP/1.1" 304 -
190.84.43.161 - - [17/Feb/2024:09:24:14 -0500] "GET /sipse/faces/javax.faces.resource/jquery/jquery.js?ln=primefaces&v=4.0 HTTP/1.1" 304 -
190.84.43.161 - - [17/Feb/2024:09:24:14 -0500] "GET /sipse/faces/javax.faces.resource/layout/layout.css?ln=primefaces&v=4.0 HTTP/1.1" 304 -
190.84.43.161 - - [17/Feb/2024:09:24:14 -0500] "GET /sipse/faces/javax.faces.resource/jquery/jquery-plugins.js?ln=primefaces&v=4.0 HTTP/1.1" 304 -
190.84.43.161 - - [17/Feb/2024:09:24:14 -0500] "GET /sipse/faces/javax.faces.resource/primefaces.js?ln=primefaces&v=4.0 HTTP/1.1" 304 -
190.84.43.161 - - [17/Feb/2024:09:24:14 -0500] "GET /sipse/faces/javax.faces.resource/layout/layout.js?ln=primefaces&v=4.0 HTTP/1.1" 304 -
172.22.2.4 - - [17/Feb/2024:09:22:34 -0500] "GET /BLA/boletinlegal/ HTTP/1.1" 200 57880
190.84.43.161 - - [17/Feb/2024:09:24:13 -0500] "POST /sipse/faces/presentacion/financiero/estudioPrevio/personalSolicitado/personalSolicitadoSolicitudProceso.xhtml HTTP/1.1" 200 179320
190.84.43.161 - - [17/Feb/2024:09:24:23 -0500] "POST /sipse/faces/presentacion/financiero/solicitudProceso/consultarSolicitudProceso.xhtml HTTP/1.1" 200 37901
190.84.43.161 - - [17/Feb/2024:09:24:27 -0500] "GET /sipse/faces/javax.faces.resource/theme.css?ln=primefaces-sipse HTTP/1.1" 304 -
190.84.43.161 - - [17/Feb/2024:09:24:27 -0500] "GET /sipse/faces/javax.faces.resource/primefaces.css?ln=primefaces&v=4.0 HTTP/1.1" 304 -
190.84.43.161 - - [17/Feb/2024:09:24:27 -0500] "GET /sipse/faces/javax.faces.resource/jquery/jquery.js?ln=primefaces&v=4.0 HTTP/1.1" 304 -
190.84.43.161 - - [17/Feb/2024:09:24:27 -0500] "GET /sipse/faces/javax.faces.resource/layout/layout.css?ln=primefaces&v=4.0 HTTP/1.1" 304 -
190.84.43.161 - - [17/Feb/2024:09:24:27 -0500] "GET /sipse/faces/javax.faces.resource/jquery/jquery-plugins.js?ln=primefaces&v=4.0 HTTP/1.1" 304 -
190.84.43.161 - - [17/Feb/2024:09:24:28 -0500] "GET /sipse/faces/javax.faces.resource/primefaces.js?ln=primefaces&v=4.0 HTTP/1.1" 304 -
190.84.43.161 - - [17/Feb/2024:09:24:28 -0500] "GET /sipse/faces/javax.faces.resource/layout/layout.js?ln=primefaces&v=4.0 HTTP/1.1" 304 -
190.84.43.161 - - [17/Feb/2024:09:24:28 -0500] "POST /sipse/faces/presentacion/financiero/solicitudProceso/listarSolicitudProceso.xhtml HTTP/1.1" 200 1392
190.84.43.161 - - [17/Feb/2024:09:24:32 -0500] "POST /sipse/faces/presentacion/financiero/solicitudProceso/listarSolicitudProceso.xhtml HTTP/1.1" 200 120507
190.84.43.161 - - [17/Feb/2024:09:24:34 -0500] "GET /sipse/faces/javax.faces.resource/theme.css?ln=primefaces-sipse HTTP/1.1" 304 -
190.84.43.161 - - [17/Feb/2024:09:24:34 -0500] "GET /sipse/faces/javax.faces.resource/primefaces.css?ln=primefaces&v=4.0 HTTP/1.1" 304 -
190.84.43.161 - - [17/Feb/2024:09:24:34 -0500] "GET /sipse/faces/javax.faces.resource/layout/layout.css?ln=primefaces&v=4.0 HTTP/1.1" 304 -
190.84.43.161 - - [17/Feb/2024:09:24:34 -0500] "GET /sipse/faces/javax.faces.resource/jquery/jquery.js?ln=primefaces&v=4.0 HTTP/1.1" 304 -
190.84.43.161 - - [17/Feb/2024:09:24:35 -0500] "GET /sipse/faces/javax.faces.resource/jquery/jquery-plugins.js?ln=primefaces&v=4.0 HTTP/1.1" 304 -
190.84.43.161 - - [17/Feb/2024:09:24:35 -0500] "GET /sipse/faces/javax.faces.resource/primefaces.js?ln=primefaces&v=4.0 HTTP/1.1" 304 -
190.84.43.161 - - [17/Feb/2024:09:24:35 -0500] "GET /sipse/faces/javax.faces.resource/layout/layout.js?ln=primefaces&v=4.0 HTTP/1.1" 304 -
201.245.192.253 - - [17/Feb/2024:09:26:15 -0500] "POST /kwsrmcab/Wsrmcab  HTTP/1.1" 200 40533
216.245.221.92 - - [17/Feb/2024:09:27:07 -0500] "HEAD / HTTP/1.1" 200 -
66.249.66.37 - - [17/Feb/2024:09:28:55 -0500] "GET /cumpleanos-485-de-bogota-inscribete-a-las-jornadas-de-monitoreo-a-la-biodiversidad.html HTTP/1.1" 200 847
201.245.192.253 - - [17/Feb/2024:09:29:06 -0500] "POST /kwsrmcab/Wsrmcab HTTP/1.1" 200 36583
201.245.192.253 - - [17/Feb/2024:09:29:09 -0500] "POST /kwsrmcab/Wsrmcab HTTP/1.1" 200 36665
172.22.2.4 - - [17/Feb/2024:09:27:34 -0500] "HEAD /BLA/boletinlegal/ HTTP/1.1" 200 -
201.245.192.253 - - [17/Feb/2024:09:29:27 -0500] "POST /kwsrmcab/Wsrmcab HTTP/1.1" 200 38205
172.22.2.4 - - [17/Feb/2024:09:28:24 -0500] "GET /BLA/boletinlegal/ HTTP/1.1" 200 60721
201.245.192.253 - - [17/Feb/2024:09:30:17 -0500] "POST /kwsrmcab/Wsrmcab HTTP/1.1" 200 36665
201.245.192.253 - - [17/Feb/2024:09:31:13 -0500] "POST /kwsrmcab/Wsrmcab  HTTP/1.1" 200 40533
216.245.221.92 - - [17/Feb/2024:09:32:07 -0500] "HEAD / HTTP/1.1" 200 -
172.22.2.4 - - [17/Feb/2024:09:33:24 -0500] "HEAD /BLA/boletinlegal/ HTTP/1.1" 200 -
172.22.2.4 - - [17/Feb/2024:09:34:14 -0500] "GET /BLA/boletinlegal/ HTTP/1.1" 200 56182
201.245.192.253 - - [17/Feb/2024:09:36:11 -0500] "POST /kwsrmcab/Wsrmcab  HTTP/1.1" 200 40533
52.167.144.229 - - [17/Feb/2024:09:35:04 -0500] "GET /BLA/boletinlegal/index.php HTTP/1.1" 200 58711
66.249.66.20 - - [17/Feb/2024:09:36:44 -0500] "GET /Publicaciones/2023EE297293.pdf HTTP/1.1" 404 228
66.249.66.20 - - [17/Feb/2024:09:36:45 -0500] "GET /Publicaciones/2023EE297500.pdf HTTP/1.1" 404 228
216.245.221.92 - - [17/Feb/2024:09:37:07 -0500] "HEAD / HTTP/1.1" 200 -
201.245.192.253 - - [17/Feb/2024:09:39:05 -0500] "POST /kwsrmcab/Wsrmcab HTTP/1.1" 200 36583
191.156.234.163 - - [17/Feb/2024:09:39:09 -0500] "GET /sipse/faces/javax.faces.resource/theme.css?ln=primefaces-sipse HTTP/1.1" 304 -
191.156.234.163 - - [17/Feb/2024:09:39:09 -0500] "GET /sipse/faces/faces/autenticacion.xhtml HTTP/1.1" 200 12405
191.156.234.163 - - [17/Feb/2024:09:39:09 -0500] "GET /sipse/faces/javax.faces.resource/theme.css?ln=primefaces-sipse HTTP/1.1" 304 -
191.156.226.138 - - [17/Feb/2024:09:39:09 -0500] "GET /sipse/faces/javax.faces.resource/layout/layout.css?ln=primefaces&v=4.0 HTTP/1.1" 304 -
191.156.234.163 - - [17/Feb/2024:09:39:09 -0500] "GET /sipse/css/custom_css_sg.css HTTP/1.1" 304 -
191.156.226.138 - - [17/Feb/2024:09:39:09 -0500] "GET /sipse/js/funciones.js HTTP/1.1" 304 -
191.156.234.163 - - [17/Feb/2024:09:39:09 -0500] "GET /sipse/faces/javax.faces.resource/primefaces.css?ln=primefaces&v=4.0 HTTP/1.1" 304 -
191.156.234.163 - - [17/Feb/2024:09:39:09 -0500] "GET /sipse/css/custom_css_sg_prime_login.css HTTP/1.1" 304 -
191.156.234.163 - - [17/Feb/2024:09:39:09 -0500] "GET /sipse/faces/javax.faces.resource/jquery/jquery.js?ln=primefaces&v=4.0 HTTP/1.1" 304 -
191.156.226.138 - - [17/Feb/2024:09:39:09 -0500] "GET /sipse/js/disable_browser_buttons.js HTTP/1.1" 304 -
191.156.234.163 - - [17/Feb/2024:09:39:09 -0500] "GET /sipse/faces/javax.faces.resource/layout/layout.js?ln=primefaces&v=4.0 HTTP/1.1" 304 -
191.156.234.163 - - [17/Feb/2024:09:39:09 -0500] "GET /sipse/faces/javax.faces.resource/primefaces.js?ln=primefaces&v=4.0 HTTP/1.1" 304 -
191.156.234.163 - - [17/Feb/2024:09:39:09 -0500] "GET /sipse/faces/javax.faces.resource/jquery/jquery-plugins.js?ln=primefaces&v=4.0 HTTP/1.1" 304 -
191.156.234.163 - - [17/Feb/2024:09:39:09 -0500] "GET /sipse/css/imagen/loginimg.png HTTP/1.1" 304 -
191.156.234.163 - - [17/Feb/2024:09:39:09 -0500] "GET /sipse/css/imagen/logoSDG.png HTTP/1.1" 304 -
191.156.234.163 - - [17/Feb/2024:09:39:09 -0500] "GET /sipse/faces/javax.faces.resource/images/ui-icons_898989_256x240.png?ln=primefaces-aristo HTTP/1.1" 304 -
201.245.192.253 - - [17/Feb/2024:09:39:08 -0500] "POST /kwsrmcab/Wsrmcab HTTP/1.1" 200 36665
201.245.192.253 - - [17/Feb/2024:09:39:26 -0500] "POST /kwsrmcab/Wsrmcab HTTP/1.1" 200 38205
201.245.192.253 - - [17/Feb/2024:09:40:17 -0500] "POST /kwsrmcab/Wsrmcab HTTP/1.1" 200 36665
172.22.2.4 - - [17/Feb/2024:09:39:14 -0500] "HEAD /BLA/boletinlegal/ HTTP/1.1" 200 -
201.245.192.253 - - [17/Feb/2024:09:41:10 -0500] "POST /kwsrmcab/Wsrmcab  HTTP/1.1" 200 40533
172.22.2.4 - - [17/Feb/2024:09:40:04 -0500] "GET /BLA/boletinlegal/ HTTP/1.1" 200 59074
216.245.221.92 - - [17/Feb/2024:09:42:07 -0500] "HEAD / HTTP/1.1" 200 -
201.245.192.253 - - [17/Feb/2024:09:46:08 -0500] "POST /kwsrmcab/Wsrmcab  HTTP/1.1" 200 40533
172.22.2.4 - - [17/Feb/2024:09:45:03 -0500] "HEAD /BLA/boletinlegal/ HTTP/1.1" 200 -
216.245.221.92 - - [17/Feb/2024:09:47:07 -0500] "HEAD / HTTP/1.1" 200 -
40.77.167.1 - - [17/Feb/2024:09:47:17 -0500] "GET /BLA/boletinlegal/doctrina.php HTTP/1.1" 200 5667
40.77.167.79 - - [17/Feb/2024:09:47:22 -0500] "GET /sipse/faces/faces/autenticacion.xhtml HTTP/1.1" 200 12727
172.22.2.4 - - [17/Feb/2024:09:45:54 -0500] "GET /BLA/boletinlegal/ HTTP/1.1" 200 60721
201.245.192.253 - - [17/Feb/2024:09:51:07 -0500] "POST /kwsrmcab/Wsrmcab  HTTP/1.1" 200 40533
173.252.95.120 - - [17/Feb/2024:09:51:56 -0500] "GET /distrito-firma-siete-nuevos-pagos-por-servicios-ambientales-en-la-ruralidad-de-bogota-ya-van-mas-de-1100-hectareas.html HTTP/1.1" 200 853
216.245.221.92 - - [17/Feb/2024:09:52:07 -0500] "HEAD / HTTP/1.1" 200 -
172.22.2.4 - - [17/Feb/2024:09:50:53 -0500] "HEAD /BLA/boletinlegal/ HTTP/1.1" 200 -
172.22.2.4 - - [17/Feb/2024:09:51:44 -0500] "GET /BLA/boletinlegal/ HTTP/1.1" 200 59074
74.125.210.174 - - [17/Feb/2024:09:53:30 -0500] "GET /images/jardines-verticales_optimized.jpeg HTTP/1.1" 200 138197
201.245.192.253 - - [17/Feb/2024:09:56:06 -0500] "POST /kwsrmcab/Wsrmcab  HTTP/1.1" 200 40533
161.10.185.136 - - [17/Feb/2024:09:56:22 -0500] "GET /sipse/js/funciones.js HTTP/1.1" 304 -
161.10.185.136 - - [17/Feb/2024:09:56:22 -0500] "GET /sipse/css/custom_css_sg.css HTTP/1.1" 304 -
161.10.185.136 - - [17/Feb/2024:09:56:22 -0500] "GET /sipse/css/custom_css_sg_prime_login.css HTTP/1.1" 304 -
161.10.185.136 - - [17/Feb/2024:09:56:22 -0500] "GET /sipse/faces/javax.faces.resource/primefaces.css?ln=primefaces&v=4.0 HTTP/1.1" 304 -
161.10.185.136 - - [17/Feb/2024:09:56:22 -0500] "GET /sipse/faces/javax.faces.resource/layout/layout.css?ln=primefaces&v=4.0 HTTP/1.1" 304 -
161.10.185.136 - - [17/Feb/2024:09:56:22 -0500] "GET /sipse/faces/javax.faces.resource/theme.css?ln=primefaces-sipse HTTP/1.1" 304 -
161.10.185.136 - - [17/Feb/2024:09:56:22 -0500] "GET /sipse/js/disable_browser_buttons.js HTTP/1.1" 304 -
161.10.185.136 - - [17/Feb/2024:09:56:22 -0500] "GET /sipse/faces/javax.faces.resource/jquery/jquery-plugins.js?ln=primefaces&v=4.0 HTTP/1.1" 304 -
161.10.185.136 - - [17/Feb/2024:09:56:22 -0500] "GET /sipse/faces/javax.faces.resource/jquery/jquery.js?ln=primefaces&v=4.0 HTTP/1.1" 304 -
161.10.185.136 - - [17/Feb/2024:09:56:22 -0500] "GET /sipse/faces/javax.faces.resource/layout/layout.js?ln=primefaces&v=4.0 HTTP/1.1" 304 -
161.10.185.136 - - [17/Feb/2024:09:56:22 -0500] "GET /sipse/faces/javax.faces.resource/primefaces.js?ln=primefaces&v=4.0 HTTP/1.1" 304 -
161.10.185.136 - - [17/Feb/2024:09:56:23 -0500] "GET /sipse/css/imagen/logoSDG.png HTTP/1.1" 304 -
161.10.185.136 - - [17/Feb/2024:09:56:23 -0500] "GET /sipse/css/imagen/loginimg.png HTTP/1.1" 304 -
161.10.185.136 - - [17/Feb/2024:09:56:23 -0500] "GET /sipse/faces/javax.faces.resource/images/ui-icons_898989_256x240.png?ln=primefaces-aristo HTTP/1.1" 304 -
161.10.185.136 - - [17/Feb/2024:09:56:24 -0500] "GET /sipse/faces/faces/faces/faces/faces/faces/index.xhtml HTTP/1.1" 200 677
161.10.185.136 - - [17/Feb/2024:09:56:24 -0500] "GET /sipse/faces/javax.faces.resource/theme.css?ln=primefaces-sipse HTTP/1.1" 304 -
161.10.185.136 - - [17/Feb/2024:09:56:24 -0500] "GET /sipse/faces/faces/faces/faces/faces/faces/faces/autenticacion.xhtml HTTP/1.1" 200 12405
161.10.185.136 - - [17/Feb/2024:09:56:24 -0500] "GET /sipse/faces/javax.faces.resource/theme.css?ln=primefaces-sipse HTTP/1.1" 304 -
161.10.185.136 - - [17/Feb/2024:09:56:24 -0500] "GET /sipse/faces/javax.faces.resource/primefaces.css?ln=primefaces&v=4.0 HTTP/1.1" 304 -
161.10.185.136 - - [17/Feb/2024:09:56:24 -0500] "GET /sipse/faces/javax.faces.resource/layout/layout.css?ln=primefaces&v=4.0 HTTP/1.1" 304 -
161.10.185.136 - - [17/Feb/2024:09:56:24 -0500] "GET /sipse/faces/javax.faces.resource/jquery/jquery.js?ln=primefaces&v=4.0 HTTP/1.1" 304 -
161.10.185.136 - - [17/Feb/2024:09:56:24 -0500] "GET /sipse/faces/javax.faces.resource/jquery/jquery-plugins.js?ln=primefaces&v=4.0 HTTP/1.1" 304 -
161.10.185.136 - - [17/Feb/2024:09:56:24 -0500] "GET /sipse/faces/javax.faces.resource/primefaces.js?ln=primefaces&v=4.0 HTTP/1.1" 304 -
161.10.185.136 - - [17/Feb/2024:09:56:24 -0500] "GET /sipse/faces/javax.faces.resource/layout/layout.js?ln=primefaces&v=4.0 HTTP/1.1" 304 -
216.245.221.92 - - [17/Feb/2024:09:57:07 -0500] "HEAD / HTTP/1.1" 200 -
173.252.107.10 - - [17/Feb/2024:09:57:41 -0500] "GET /proximo-4-de-octubre-simulacro-distrital-de-evacuacion-dia-y-noche.html HTTP/1.1" 200 783
173.252.107.8 - - [17/Feb/2024:09:57:41 -0500] "GET /proximo-4-de-octubre-simulacro-distrital-de-evacuacion-dia-y-noche.html HTTP/1.1" 200 783
173.252.87.5 - - [17/Feb/2024:09:57:41 -0500] "GET /images/simulacro.jpg HTTP/1.1" 200 70588
186.31.3.132 - - [17/Feb/2024:09:58:10 -0500] "OPTIONS /kwssiamovil/sm/setfile/f? HTTP/1.1" 200 13
186.31.3.132 - - [17/Feb/2024:09:58:10 -0500] "POST /kwssiamovil/sm/setfile/f? HTTP/1.1" 200 381
186.31.3.132 - - [17/Feb/2024:09:58:17 -0500] "GET /kwssiamovil/sm/acme/a?s=U2FsdGVkX1+/Ls7H3AfRxbBd+Abr9+XdzU6kvQnwv+nT43IgwztiMGe/Cx3Fn5AqquaOp/ZaKAJJoRkyOCNS3o4oYLqWY0SjlE/HFsZvnT0DrCOuOa4JDzNrmGz1cXwL9jsMQwrsikceYD+zdKIWJ9wY8pae1eC+uEVEAFLAERgKMT9nmnAwZyev1ldjTxGDarNLm9145yi89DtCbJM+ktY/wx7Vjm461X5icqv2fAOkiu2gflMEjxRxZw4P4rAJwcDy8y5ExHN8kKvtmGJDQg==&u=U2FsdGVkX19DUbizkWXeCHXmpCg0TbBAXEOAUz2MVOo=&y=U2FsdGVkX19PfcjkGtoXlyBjbimpruJhTRVL38LiN5Y= HTTP/1.1" 200 26
186.31.3.132 - - [17/Feb/2024:09:58:18 -0500] "GET /kwssiamovil/sm/acme/a?s=U2FsdGVkX1+5JummteidhaCzXHgMJ4nG14x7sNTQYjPQemYCyvwLceDLavwTFSLm3/lpQywZxgtO/tO/t8THSRRivTHQJ6lAQPY2M8DQ3bV8mLkgLwwkeUQTyTEOYZebi67PCCfihi27hwaZbkQG/6V1kS9q0KBDOydf3ajCD4lsM18oqEFT2W083mftzIBlc4QNsge1r3LCkJR67hcIMrvPH1sRXSjAcC4LXJEuALr1b0HHUcTlrhQZIF5uwO1HEmulrVjEjs9NTjxFLqH6b3oqAxfbPhscQOdyFlYh2lhKvsz5xTEy3edklbXbiJggLyokePTlWtbN9oq427O+EnBqOz23IgwvdrMAz9qRARWWK9+pTEWnk+bDeWg20junNOGqOIVNRJDD8GvQ+wTuRUYcX9TzC7Dax3GtKvJWt/JthDqNm1uzOs7HrRnWo2dbl2DAl8Xzn5FNcGjRmJ4Y/RlsZH77cO9K3Qvi9NZDTa9pXeogsuo+0CksI3c8NUGepGSapaufXAhQX8DUwBAsHM+06DNhTvB1nUgyHd3nNb87hKATX/uf2yOTqKzG1ecUAnbcdihhLIsi2NR8nbHfBGUKGy5FT9dkkCPrqwG9pIzhCAbcP49sV5uGNJdJ1ji84pBwSDLLP3cGr96SxA6wb1mtc+fdhMgID4pAn35bHpeyXxcWltbEots3UK3g1ydbejBFHLor3X63OUETccJ/yEXPx+v5k9Q+d3okXAvN84Rgb6dT7E8I8UghixeV8ZZWgNS78djtRV6Fuhm5xISLSbkymyBFSSPnNeV6suIAcfL9v3JP2jN3+2BsY3eku4WnLBxJPmE2IpRCcgjAJO4bI17MgN3VmkZhUFaeNqt6fAslP80DiusDczwVU2jN4XnoXaOMWV/btQVEdgqBW5OOEmrwlDD5TmtoBHGBawLJxlVs842cu66Y4bon4nZ5dmVhkARgA3p9nKY1cpICd1lzwpNkGtuzo735NvdI5uwJV4Vl14vLU/FeGrn1/vx4ZEhPMzmEzzW0r0QGa3oLEZNvyvwekO5uSRAzCxpE30LYczxnBSa94MizGZPhwN19Yo2zJ/f/MSJJ4wElK3OIib8FUoqJ721X+x0sswRfRcAgGeEVuqbPJ1o3gcTcJE6FlhGtwl6S0oR9aIEOvlTffFb3ESaZ0s0PNe2nDBHEbrDOieMZcc9kV3gtnU9wX8GQAQxBGxtWarIBcV3lXNm5Psg32OaCOoB2KuPzSikMmvXc+T8Xn10CE/pqUEQLRfUWVwLjPW4k4p1AXLC/VoLSCfbxXOFsvIfwZSG32beXIODGDv4pCVCqN6u3CrcDWciBMN4tTyA/XXqgvsBdNgfxl959et/HifiuKImzYI8dmSRlkQVfwHOo8msrCOJMYi2371E36R1X79vzYxRlg8k3tkY3+YMEk44Ve6ZFzY/pv7PFzVfCWrrq/tvXDZnND+XbduUeR4N6rJHifkRDsmEB0SLNRzavdFay/cvDRYJ32bfOQ0cLmcMPvPJlWnTRMrzmsaBnVWXlT5kCBW5PeDtPr5IwofrYlxK2IIaRiDcHAgnUf7ASW720FkTzvNE5eaSSJALhE0bS6ssfRhLMle1lkn4txrMa0cmQ7nRSn3W/sYME94fXSVac6xziwMyKYNWAXR66tEP6ECn3Jnc8XaQCvZV2TyKevYJAOXDMV/Adp8ttbgoROvfEkkdFnNZtw9PRX9t2UiWu7I9QtJnvXIts7JN3Uj3S59cPk9WmzcEH05IKtwdaS2ZS/lHBfqxpiTSZMEy20BCEArm6JQjAY4HyKp9GufmKy5888guRHJw4U1EpGYivPMxIAiF4FkPhoXAR6/Z4athi2vv/EK0s4jvrDg/+wsXweJ3wmy/YxN/x3X51yx/RDBc0fN+puP7rD+4RvQQrlZal4BRTdaq3ka3He3V7K3ZeWdYaACWrGbDfEArhT/mtFOt5c5NYzQrhZznFpYfDjRN2+WDmvOOQA6KZSrGDgofqWmar/aL23S0kPV0HV2AFi4nY2TdN5sXplUdyw31chpFMt7OJ6ZS8+Mm/12ANKBjij4KZTWJRxtTkPnYsWYTg1DqIuiBLzYMrhoC+QCLuVpoGv3NFm5dNVRrgbryS7ustvTBwhH/9GcErm7B3Cst00h1aiVmCxHLFDzsh4qIXjlc7ofolvagGrhElNjFfaqQ8qfRj0cddlz1efNa8V8GtVyGk3oSDUoV0ae/WiAGfHBV0a5kOCV/GJbXzFuBP8vTYc2JsvTnO1JlIuWdDiQ43MRdT9U0wE8JhCaU0CltzxhkWoybS5b9089OaP4vcQ1CEgbNjvDiWhRNnvsg3tGVqzpjpA9ibRLfNIPMX3J9fZbJnRUXE2GFWnRJcwUZbsUjy/GgNb61t5zUX467Aep8hJXiwQ8/dGARsofkjkRVsxJs9OOAtWrHckSBgdBcYVdxhd7kBGa3AQXt1iaYvrXnn4XAlLAsJQNIhsAECznAEwdhcULdKLWLawk334wTwlvNVylgnO6BCg5JP/Uj6r2+gCp2QXsWc+v8X7zNimJP8t4i/1LXvbW4giaNN9LqUYX8UfFcXnzejk8bo5qgPu4NuZQpKQoLtAF+Ml4qs2BmZjiP06xXvOXdVUeG7R1ncJg==&u=U2FsdGVkX19DUbizkWXeCHXmpCg0TbBAXEOAUz2MVOo=&y=U2FsdGVkX19PfcjkGtoXlyBjbimpruJhTRVL38LiN5Y= HTTP/1.1" 200 26
186.31.3.132 - - [17/Feb/2024:09:58:19 -0500] "GET /kwssiamovil/sm/acme/a?s=U2FsdGVkX19qbCxcTUuNpe+cqMmwYMD+iPtQE8sw0HMXf6FcyjLEOZ0jq71+OAjEo02e7gCjcQKrJnuczFLDexs8A7Eb7wXoBZQYedqn8LaTZN9aBN5hehebDr4aGx2U7diKzUkhQwYVjAr4v5Jz2B4p5ogdQk2Ags3P5Y4B4Yw=&u=U2FsdGVkX19DUbizkWXeCHXmpCg0TbBAXEOAUz2MVOo=&y=U2FsdGVkX19PfcjkGtoXlyBjbimpruJhTRVL38LiN5Y= HTTP/1.1" 200 26
186.31.3.132 - - [17/Feb/2024:09:58:19 -0500] "GET /kwssiamovil/sm/acme/a?s=U2FsdGVkX197aXI3EAIh88Uz0sCU4Lc4r827pPQe3cBQyizNnrIVVR13gb07Zmm0Sj+78CIpJ6L3zofsarqAEmY4oyHN26NHJn9vXLjLVndhDjROg1+QNAysn3CkOjggbYpWlHTrXgycbyMZvxlk3dd0C9+RXUdVyTXZXmR3Ep0=&u=U2FsdGVkX19DUbizkWXeCHXmpCg0TbBAXEOAUz2MVOo=&y=U2FsdGVkX19PfcjkGtoXlyBjbimpruJhTRVL38LiN5Y= HTTP/1.1" 200 26
186.31.3.132 - - [17/Feb/2024:09:58:19 -0500] "GET /kwssiamovil/sm/acme/a?s=U2FsdGVkX1+ANg7Y4s4i1/aE+Eblm749Wl5bwIvup5KMXD0QrvMyTGMaI0TZP7F2MlXXcJpLLOU7fnHmpoM8b3j8LwSn6CLRGfsRiZ38f5ie10AYrkP3+N41WvRrK64l98n6dcE4C5d49agxPJbUlantcjviaQdfBd6DKIYMIFo=&u=U2FsdGVkX19DUbizkWXeCHXmpCg0TbBAXEOAUz2MVOo=&y=U2FsdGVkX19PfcjkGtoXlyBjbimpruJhTRVL38LiN5Y= HTTP/1.1" 200 26
186.31.3.132 - - [17/Feb/2024:09:58:20 -0500] "GET /kwssiamovil/sm/acme/a?s=U2FsdGVkX1+2XaeGCZOGKwBRcRMfAgWKx6OJdbiGC2tiPvKlzE3PrdiG+YUekhz6PjFxjhfkJYtStoIikpXjkS1+FLJ6ZIX26t+ALi+mHAUipmOUvOy8jFKTg7FC9zQPwUVgIMrshVm2cqaAw74hgGKA1nvqDhk+MDPDfk6Ukn5tJd8drWArN4Q9HMlvJvO5&u=U2FsdGVkX19DUbizkWXeCHXmpCg0TbBAXEOAUz2MVOo=&y=U2FsdGVkX19PfcjkGtoXlyBjbimpruJhTRVL38LiN5Y= HTTP/1.1" 200 26
186.31.3.132 - - [17/Feb/2024:09:58:20 -0500] "GET /kwssiamovil/sm/acme/a?s=U2FsdGVkX1+XZrrcPqgZjKWprBU9iYyxtEzpvmfcb6ApQuXrJXwFW5rVArTOMiJDxEBkr2/NNJHFZ0pcAZAdqytw0f6O64tINZH6RIQb+XyWeInMKCm3ewhZk/+2I4sNWXA2y7koJM9K9594d379ZJ+P55/7TffR+96BOthiDaY7Mc1nN9Dh1ZIT3DDPOM+4ezdtffr15qCvFtscJHgOHD4NDcySQdQXbPTA42/5SBuHo5YBooGoJQHRRgSzorwHTAYjKWpDmlHBEPMdk014g1IS5KMs/Pl1h4U3ZnLhbQJXsh4y8X2eOiOPTREMEya3C9xqfQM+TNSaxaRRMw55fWRR/ko9DJgCNH7GWnhUqKsaHCRccMshcXicJ9S1RMxdd8qPpaemUJ0Ku9+hgDIXDFzR/+Uf8dOevP3QXRQzlGS7z4XrIR5fgwmyvWAyPkZMi4ptnqf6UIbRM92EerKbbbUo3MvMdL/pzAjb91QOeXELgVgv7UKqIOP2hIJkHbwqxnHZPgv4yJlY6OYFQzTMiFDlyzviiOXCBTZuGvuGE6hf3OQsuRXm4t+ZjEV6itzv5IUP6OtyYnXVJXqQBfzO/g==&u=U2FsdGVkX19DUbizkWXeCHXmpCg0TbBAXEOAUz2MVOo=&y=U2FsdGVkX19PfcjkGtoXlyBjbimpruJhTRVL38LiN5Y= HTTP/1.1" 200 26
186.31.3.132 - - [17/Feb/2024:09:58:20 -0500] "GET /kwssiamovil/sm/acme/a?s=U2FsdGVkX188Go6thb7n45GHCN3Fe6UqLcXQwMgbbJ/LSFavpM1JXy1K3npIZvSXSpq0nZl/y07gbI/4GaCmwm1oWbohXgfV8L3GDIStZnZgSeQqyim//CgOey+jBzYfzEr8TzRMUQdrk7SZbp1bWl5kQMdIoDx9CRuk382zRtDc7kRlR0uyUoUk1MdlaHobDH2FOY82pmiAa5cqFu20G9Jikg3HER19I/CWf3VJCEqqENDbgLF2p8WC3CAihCE9Cj7PWE44yu71iDg9wedG+hTSrVcSQI67YMk8aaU8Y9D5UTIirAR4lf6WBSTISgt3/ztf/Sq28SPxPA8K1ZBlQq8wV0plyAAEruqB8sq7sHlvX0dETET849DG2OgtU2ErgXfdKg5P45mxcQNvJvSNZckbfRjj2CFxiDpUJvEtRRY16LIbdfhdDEQ/8hDQqL6rHLX3gTQnqxVExahKZ8EI/1IXzM0QIsllyuASKSZqlzsj+FWeQsxkLNsF+xG+IqWb7Vj3TfbA/Hb4NGryr1ZwSu/d5ghZWVIq8LJC4f8B8L4tSAOyfUs3WSNil4xptg/7&u=U2FsdGVkX19DUbizkWXeCHXmpCg0TbBAXEOAUz2MVOo=&y=U2FsdGVkX19PfcjkGtoXlyBjbimpruJhTRVL38LiN5Y= HTTP/1.1" 200 26
172.22.2.4 - - [17/Feb/2024:09:56:43 -0500] "HEAD /BLA/boletinlegal/ HTTP/1.1" 200 -
172.22.2.4 - - [17/Feb/2024:09:58:40 -0500] "GET /BLA/boletinlegal/js/ajax_conceptos.js HTTP/1.1" 200 1326
172.22.2.4 - - [17/Feb/2024:09:58:40 -0500] "GET /BLA/boletinlegal/style.css HTTP/1.1" 200 9406
172.22.2.4 - - [17/Feb/2024:09:58:41 -0500] "GET /BLA/boletinlegal/styles2.css HTTP/1.1" 200 1838
172.22.2.4 - - [17/Feb/2024:09:58:45 -0500] "GET /BLA/boletinlegal/niceforms-default.css HTTP/1.1" 200 6694
172.22.2.4 - - [17/Feb/2024:09:58:45 -0500] "GET /BLA/boletinlegal/niceforms.js HTTP/1.1" 200 22876
66.249.66.38 - - [17/Feb/2024:09:59:09 -0500] "GET /balance-ambiental-dia-sin-carro-y-sin-moto-mediodia.html HTTP/1.1" 200 710
172.22.2.4 - - [17/Feb/2024:09:57:34 -0500] "GET /BLA/boletinlegal/ HTTP/1.1" 200 59074
201.245.192.253 - - [17/Feb/2024:10:01:05 -0500] "POST /kwsrmcab/Wsrmcab  HTTP/1.1" 200 40533
216.245.221.92 - - [17/Feb/2024:10:02:07 -0500] "HEAD / HTTP/1.1" 200 -
66.249.66.19 - - [17/Feb/2024:10:02:28 -0500] "GET /bla/resoluciones/RESOLUCIONES%202010/7385.pdf HTTP/1.1" 200 156805
66.249.66.21 - - [17/Feb/2024:10:02:29 -0500] "GET /BLA/resoluciones/RESOLUCIONES%202016/1694.pdf HTTP/1.1" 200 287833
172.22.2.4 - - [17/Feb/2024:10:02:33 -0500] "HEAD /BLA/boletinlegal/ HTTP/1.1" 200 -
172.22.2.4 - - [17/Feb/2024:10:04:34 -0500] "GET /BLA/boletinlegal/favicon.ico HTTP/1.1" 404 1018
172.22.2.4 - - [17/Feb/2024:10:04:15 -0500] "GET /BLA/boletinlegal/ HTTP/1.1" 200 20427
186.154.114.101 - - [17/Feb/2024:10:05:00 -0500] "GET /sipse/faces/faces/ HTTP/1.1" 302 -
186.154.114.101 - - [17/Feb/2024:10:05:00 -0500] "GET /sipse/faces/autenticacion.xhtml HTTP/1.1" 200 12405
186.154.114.101 - - [17/Feb/2024:10:05:01 -0500] "GET /sipse/js/disable_browser_buttons.js HTTP/1.1" 200 3230
186.154.114.101 - - [17/Feb/2024:10:05:01 -0500] "GET /sipse/css/custom_css_sg.css HTTP/1.1" 200 9694
186.154.114.101 - - [17/Feb/2024:10:05:01 -0500] "GET /sipse/css/custom_css_sg_prime_login.css HTTP/1.1" 200 443
186.154.114.101 - - [17/Feb/2024:10:05:01 -0500] "GET /sipse/js/funciones.js HTTP/1.1" 200 12592
186.154.114.101 - - [17/Feb/2024:10:05:01 -0500] "GET /sipse/faces/javax.faces.resource/theme.css?ln=primefaces-sipse HTTP/1.1" 304 -
186.154.114.101 - - [17/Feb/2024:10:05:01 -0500] "GET /sipse/faces/javax.faces.resource/primefaces.css?ln=primefaces&v=4.0 HTTP/1.1" 304 -
186.154.114.101 - - [17/Feb/2024:10:05:01 -0500] "GET /sipse/faces/javax.faces.resource/layout/layout.css?ln=primefaces&v=4.0 HTTP/1.1" 304 -
186.154.114.101 - - [17/Feb/2024:10:05:01 -0500] "GET /sipse/faces/javax.faces.resource/jquery/jquery.js?ln=primefaces&v=4.0 HTTP/1.1" 304 -
186.154.114.101 - - [17/Feb/2024:10:05:01 -0500] "GET /sipse/faces/javax.faces.resource/jquery/jquery-plugins.js?ln=primefaces&v=4.0 HTTP/1.1" 304 -
186.154.114.101 - - [17/Feb/2024:10:05:01 -0500] "GET /sipse/faces/javax.faces.resource/primefaces.js?ln=primefaces&v=4.0 HTTP/1.1" 304 -
186.154.114.101 - - [17/Feb/2024:10:05:01 -0500] "GET /sipse/faces/javax.faces.resource/layout/layout.js?ln=primefaces&v=4.0 HTTP/1.1" 304 -
186.154.114.101 - - [17/Feb/2024:10:05:01 -0500] "GET /sipse/faces/javax.faces.resource/images/ui-icons_898989_256x240.png?ln=primefaces-aristo HTTP/1.1" 304 -
186.154.114.101 - - [17/Feb/2024:10:05:01 -0500] "GET /sipse/css/imagen/logoSDG.png HTTP/1.1" 200 53064
186.154.114.101 - - [17/Feb/2024:10:05:01 -0500] "GET /sipse/css/imagen/loginimg.png HTTP/1.1" 200 71635
186.154.114.101 - - [17/Feb/2024:10:05:02 -0500] "GET /sipse/faces/index.xhtml HTTP/1.1" 200 677
186.154.114.101 - - [17/Feb/2024:10:05:02 -0500] "GET /sipse/faces/javax.faces.resource/theme.css?ln=primefaces-sipse HTTP/1.1" 304 -
186.154.114.101 - - [17/Feb/2024:10:05:02 -0500] "GET /sipse/faces/faces/autenticacion.xhtml HTTP/1.1" 200 12405
186.154.114.101 - - [17/Feb/2024:10:05:02 -0500] "GET /sipse/faces/javax.faces.resource/theme.css?ln=primefaces-sipse HTTP/1.1" 304 -
186.154.114.101 - - [17/Feb/2024:10:05:02 -0500] "GET /sipse/faces/javax.faces.resource/primefaces.css?ln=primefaces&v=4.0 HTTP/1.1" 304 -
186.154.114.101 - - [17/Feb/2024:10:05:02 -0500] "GET /sipse/faces/javax.faces.resource/layout/layout.css?ln=primefaces&v=4.0 HTTP/1.1" 304 -
186.154.114.101 - - [17/Feb/2024:10:05:02 -0500] "GET /sipse/faces/javax.faces.resource/jquery/jquery.js?ln=primefaces&v=4.0 HTTP/1.1" 304 -
186.154.114.101 - - [17/Feb/2024:10:05:02 -0500] "GET /sipse/faces/javax.faces.resource/jquery/jquery-plugins.js?ln=primefaces&v=4.0 HTTP/1.1" 304 -
186.154.114.101 - - [17/Feb/2024:10:05:02 -0500] "GET /sipse/faces/javax.faces.resource/primefaces.js?ln=primefaces&v=4.0 HTTP/1.1" 304 -
186.154.114.101 - - [17/Feb/2024:10:05:02 -0500] "GET /sipse/faces/javax.faces.resource/layout/layout.js?ln=primefaces&v=4.0 HTTP/1.1" 304 -
172.22.2.4 - - [17/Feb/2024:10:03:24 -0500] "GET /BLA/boletinlegal/ HTTP/1.1" 200 51552
186.154.114.101 - - [17/Feb/2024:10:05:05 -0500] "POST /sipse/faces/autenticacion.xhtml HTTP/1.1" 200 11224
186.154.114.101 - - [17/Feb/2024:10:05:05 -0500] "GET /sipse/css/custom_css_sg_prime.css HTTP/1.1" 200 5201
186.154.114.101 - - [17/Feb/2024:10:05:05 -0500] "GET /sipse/faces/javax.faces.resource/primefaces.css?ln=primefaces&v=4.0 HTTP/1.1" 304 -
186.154.114.101 - - [17/Feb/2024:10:05:05 -0500] "GET /sipse/faces/javax.faces.resource/layout/layout.css?ln=primefaces&v=4.0 HTTP/1.1" 304 -
186.154.114.101 - - [17/Feb/2024:10:05:05 -0500] "GET /sipse/faces/javax.faces.resource/theme.css?ln=primefaces-sipse HTTP/1.1" 304 -
186.154.114.101 - - [17/Feb/2024:10:05:05 -0500] "GET /sipse/faces/javax.faces.resource/jquery/jquery.js?ln=primefaces&v=4.0 HTTP/1.1" 304 -
186.154.114.101 - - [17/Feb/2024:10:05:05 -0500] "GET /sipse/faces/javax.faces.resource/jquery/jquery-plugins.js?ln=primefaces&v=4.0 HTTP/1.1" 304 -
186.154.114.101 - - [17/Feb/2024:10:05:05 -0500] "GET /sipse/faces/javax.faces.resource/primefaces.js?ln=primefaces&v=4.0 HTTP/1.1" 304 -
186.154.114.101 - - [17/Feb/2024:10:05:05 -0500] "GET /sipse/faces/javax.faces.resource/layout/layout.js?ln=primefaces&v=4.0 HTTP/1.1" 304 -
186.154.114.101 - - [17/Feb/2024:10:05:05 -0500] "GET /sipse/faces/javax.faces.resource/messages/messages.png?ln=primefaces&v=4.0 HTTP/1.1" 304 -
186.154.114.101 - - [17/Feb/2024:10:05:06 -0500] "GET /sipse/faces/javax.faces.resource/images/ui-icons_898989_256x240.png?ln=primefaces-aristo HTTP/1.1" 304 -
172.22.2.4 - - [17/Feb/2024:10:04:18 -0500] "GET /BLA/boletinlegal/ HTTP/1.1" 200 32715
201.245.192.253 - - [17/Feb/2024:10:06:04 -0500] "POST /kwsrmcab/Wsrmcab  HTTP/1.1" 200 40533
172.22.2.4 - - [17/Feb/2024:10:06:20 -0500] "GET /BLA/boletinlegal/actos.php HTTP/1.1" 200 9738
172.22.2.4 - - [17/Feb/2024:10:06:21 -0500] "GET /BLA/boletinlegal/js/lib.js HTTP/1.1" 200 6474
172.22.2.4 - - [17/Feb/2024:10:06:22 -0500] "GET /BLA/boletinlegal/styles2.css HTTP/1.1" 200 1838
172.22.2.4 - - [17/Feb/2024:10:06:22 -0500] "GET /BLA/boletinlegal/js/jquery1.js HTTP/1.1" 200 29846
172.22.2.4 - - [17/Feb/2024:10:06:22 -0500] "GET /BLA/boletinlegal/style.css HTTP/1.1" 200 9406
172.22.2.4 - - [17/Feb/2024:10:06:22 -0500] "GET /BLA/boletinlegal/niceforms-default.css HTTP/1.1" 200 6694
172.22.2.4 - - [17/Feb/2024:10:06:22 -0500] "GET /BLA/boletinlegal/js/popup.js HTTP/1.1" 200 1270
172.22.2.4 - - [17/Feb/2024:10:06:22 -0500] "GET /BLA/boletinlegal/js/ajax_actos.js HTTP/1.1" 200 1322
172.22.2.4 - - [17/Feb/2024:10:06:22 -0500] "GET /BLA/boletinlegal/niceforms.js HTTP/1.1" 200 22876
199.16.157.180 - - [17/Feb/2024:10:06:51 -0500] "GET /centro-vive-la-secretaria-de-ambiente-realiza-actividades-de-sensibilizacion-para-recuperar-este-punto-de-la-ciudad.html HTTP/1.1" 200 1012
199.16.157.183 - - [17/Feb/2024:10:06:51 -0500] "GET /robots.txt HTTP/1.1" 404 1034
199.16.157.183 - - [17/Feb/2024:10:06:51 -0500] "GET /centro-vive-la-secretaria-de-ambiente-realiza-actividades-de-sensibilizacion-para-recuperar-este-punto-de-la-ciudad.html HTTP/1.1" 200 1012
199.16.157.182 - - [17/Feb/2024:10:06:51 -0500] "GET /images/SensibilizacionSDA.jpeg HTTP/1.1" 200 57772
199.16.157.182 - - [17/Feb/2024:10:06:51 -0500] "GET /images/SensibilizacionSDA.jpeg HTTP/1.1" 200 57772
172.22.2.4 - - [17/Feb/2024:10:06:51 -0500] "GET /BLA/boletinlegal/js/jquery.js HTTP/1.1" 200 57254
172.22.2.4 - - [17/Feb/2024:10:06:51 -0500] "GET /BLA/boletinlegal/js/jquery.scrollShow.js HTTP/1.1" 200 4586
199.16.157.180 - - [17/Feb/2024:10:06:54 -0500] "GET /images/SensibilizacionSDA.jpeg HTTP/1.1" 200 57772
216.245.221.92 - - [17/Feb/2024:10:07:07 -0500] "HEAD / HTTP/1.1" 200 -
172.22.2.4 - - [17/Feb/2024:10:06:50 -0500] "GET /BLA/boletinlegal/ HTTP/1.1" 200 40907
172.22.2.4 - - [17/Feb/2024:10:07:07 -0500] "GET /BLA/boletinlegal/ HTTP/1.1" 200 59074
172.22.2.4 - - [17/Feb/2024:10:08:23 -0500] "HEAD /BLA/boletinlegal/ HTTP/1.1" 200 -
199.16.157.181 - - [17/Feb/2024:10:10:41 -0500] "GET /images/SensibilizacionSDA.jpeg HTTP/1.1" 200 57772
199.16.157.180 - - [17/Feb/2024:10:10:42 -0500] "GET /centro-vive-la-secretaria-de-ambiente-realiza-actividades-de-sensibilizacion-para-recuperar-este-punto-de-la-ciudad.html HTTP/1.1" 200 1012
173.252.127.18 - - [17/Feb/2024:10:10:52 -0500] "GET /centro-vive-la-secretaria-de-ambiente-realiza-actividades-de-sensibilizacion-para-recuperar-este-punto-de-la-ciudad.html HTTP/1.1" 206 1012
173.252.127.10 - - [17/Feb/2024:10:10:53 -0500] "GET /images/SensibilizacionSDA.jpeg HTTP/1.1" 200 57772
173.252.127.116 - - [17/Feb/2024:10:10:54 -0500] "GET /images/SensibilizacionSDA.jpeg HTTP/1.1" 200 57772
172.22.2.4 - - [17/Feb/2024:10:09:14 -0500] "GET /BLA/boletinlegal/ HTTP/1.1" 200 59074
173.252.127.5 - - [17/Feb/2024:10:10:54 -0500] "GET /centro-vive-la-secretaria-de-ambiente-realiza-actividades-de-sensibilizacion-para-recuperar-este-punto-de-la-ciudad.html HTTP/1.1" 200 1012
173.252.127.4 - - [17/Feb/2024:10:10:54 -0500] "GET /centro-vive-la-secretaria-de-ambiente-realiza-actividades-de-sensibilizacion-para-recuperar-este-punto-de-la-ciudad.html HTTP/1.1" 200 1012
213.186.1.245 - - [17/Feb/2024:10:10:55 -0500] "GET /robots.txt HTTP/1.1" 404 1034
173.252.83.6 - - [17/Feb/2024:10:10:55 -0500] "GET /centro-vive-la-secretaria-de-ambiente-realiza-actividades-de-sensibilizacion-para-recuperar-este-punto-de-la-ciudad.html HTTP/1.1" 200 1012
69.171.249.7 - - [17/Feb/2024:10:10:56 -0500] "GET /centro-vive-la-secretaria-de-ambiente-realiza-actividades-de-sensibilizacion-para-recuperar-este-punto-de-la-ciudad.html HTTP/1.1" 200 1012
201.245.192.253 - - [17/Feb/2024:10:11:03 -0500] "POST /kwsrmcab/Wsrmcab  HTTP/1.1" 200 40533
69.171.249.117 - - [17/Feb/2024:10:11:34 -0500] "GET /centro-vive-la-secretaria-de-ambiente-realiza-actividades-de-sensibilizacion-para-recuperar-este-punto-de-la-ciudad.html HTTP/1.1" 200 1012
168.119.76.134 - - [17/Feb/2024:10:11:49 -0500] "GET /robots.txt HTTP/1.1" 404 1034
168.119.76.134 - - [17/Feb/2024:10:11:49 -0500] "GET /centro-vive-la-secretaria-de-ambiente-realiza-actividades-de-sensibilizacion-para-recuperar-este-punto-de-la-ciudad.html HTTP/1.1" 200 1012
216.245.221.92 - - [17/Feb/2024:10:12:07 -0500] "HEAD / HTTP/1.1" 200 -
173.252.107.8 - - [17/Feb/2024:10:12:38 -0500] "GET /centro-vive-la-secretaria-de-ambiente-realiza-actividades-de-sensibilizacion-para-recuperar-este-punto-de-la-ciudad.html HTTP/1.1" 200 1012
172.22.2.4 - - [17/Feb/2024:10:13:12 -0500] "GET /BLA/boletinlegal/Circulares/2012/Circular%20No.%207%20del%2008%20de%20Agosto%20de%202012.pdf HTTP/1.1" 200 972955
186.31.3.132 - - [17/Feb/2024:10:14:01 -0500] "GET /kwssiamovil/sm/acme/a?s=U2FsdGVkX18qXCSyBtX0zB38xaYKPYtLfPt+MGPNVkBLgE0GtJz2ZaU3ZzLAYndI/jTgdJjrOaZ+0e6ujnJYa9cUwIctxeREYIwZswncIVKH0tuZWe+96/7UdGLAqETdayUus5WoA/NgoHk6rj7JVgTyfD3riCnq+WWKFb0W5Xqc58bX12LqLCfEx4u5L8HRxgVoAxgQnr7dtNvT4mKibImTqJZHqxnDLIVih+KBaBx44J6mwQ86FRQkNEQCat99KU0Baa/Lg0q7j4beatpxAw==&u=U2FsdGVkX19DUbizkWXeCHXmpCg0TbBAXEOAUz2MVOo=&y=U2FsdGVkX19PfcjkGtoXlyBjbimpruJhTRVL38LiN5Y= HTTP/1.1" 200 26
