191.156.227.133 - - [17/Feb/2024:15:40:33 -0500] "GET /sipse/faces/javax.faces.resource/jquery/jquery-plugins.js?ln=primefaces&v=4.0 HTTP/1.1" 304 -
191.156.227.133 - - [17/Feb/2024:15:40:33 -0500] "GET /sipse/faces/javax.faces.resource/primefaces.js?ln=primefaces&v=4.0 HTTP/1.1" 304 -
191.156.227.133 - - [17/Feb/2024:15:40:33 -0500] "GET /sipse/faces/javax.faces.resource/layout/layout.js?ln=primefaces&v=4.0 HTTP/1.1" 304 -
191.156.225.129 - - [17/Feb/2024:15:41:14 -0500] "GET /sipse/faces/javax.faces.resource/theme.css?ln=primefaces-sipse HTTP/1.1" 304 -
191.156.227.133 - - [17/Feb/2024:15:41:14 -0500] "GET /sipse/faces/javax.faces.resource/primefaces.css?ln=primefaces&v=4.0 HTTP/1.1" 304 -
191.156.227.133 - - [17/Feb/2024:15:41:14 -0500] "GET /sipse/faces/javax.faces.resource/layout/layout.css?ln=primefaces&v=4.0 HTTP/1.1" 304 -
191.156.227.133 - - [17/Feb/2024:15:41:14 -0500] "GET /sipse/faces/javax.faces.resource/jquery/jquery.js?ln=primefaces&v=4.0 HTTP/1.1" 304 -
191.156.227.133 - - [17/Feb/2024:15:41:14 -0500] "GET /sipse/faces/javax.faces.resource/jquery/jquery-plugins.js?ln=primefaces&v=4.0 HTTP/1.1" 304 -
191.156.227.133 - - [17/Feb/2024:15:41:14 -0500] "GET /sipse/faces/javax.faces.resource/primefaces.js?ln=primefaces&v=4.0 HTTP/1.1" 304 -
191.156.227.133 - - [17/Feb/2024:15:41:14 -0500] "GET /sipse/faces/javax.faces.resource/layout/layout.js?ln=primefaces&v=4.0 HTTP/1.1" 304 -
191.156.227.133 - - [17/Feb/2024:15:41:13 -0500] "POST /sipse/faces/presentacion/financiero/estudioPrevio/personalSolicitado/asociarExperienciaContratista.xhtml HTTP/1.1" 200 51749
181.53.12.90 - - [17/Feb/2024:15:41:23 -0500] "POST /sipse/faces/presentacion/financiero/solicitudProceso/listarSolicitudProceso.xhtml HTTP/1.1" 200 57116
181.53.12.90 - - [17/Feb/2024:15:41:24 -0500] "POST /sipse/faces/presentacion/financiero/solicitudProceso/listarSolicitudProceso.xhtml HTTP/1.1" 200 57116
181.53.12.90 - - [17/Feb/2024:15:41:24 -0500] "POST /sipse/faces/presentacion/financiero/solicitudProceso/listarSolicitudProceso.xhtml HTTP/1.1" 200 1556
181.53.12.90 - - [17/Feb/2024:15:41:24 -0500] "POST /sipse/faces/presentacion/financiero/solicitudProceso/listarSolicitudProceso.xhtml HTTP/1.1" 200 1552
181.53.12.90 - - [17/Feb/2024:15:41:28 -0500] "POST /sipse/faces/presentacion/financiero/solicitudProceso/listarSolicitudProceso.xhtml HTTP/1.1" 200 5383
191.156.225.129 - - [17/Feb/2024:15:41:25 -0500] "POST /sipse/faces/presentacion/financiero/estudioPrevio/personalSolicitado/expedirExperienciaIdoneidad.xhtml HTTP/1.1" 200 22817
181.53.12.90 - - [17/Feb/2024:15:41:31 -0500] "POST /sipse/faces/presentacion/financiero/solicitudProceso/listarSolicitudProceso.xhtml HTTP/1.1" 200 5375
191.156.225.129 - - [17/Feb/2024:15:41:36 -0500] "GET /sipse/faces/javax.faces.resource/theme.css?ln=primefaces-sipse HTTP/1.1" 304 -
191.156.225.129 - - [17/Feb/2024:15:41:36 -0500] "GET /sipse/faces/javax.faces.resource/layout/layout.css?ln=primefaces&v=4.0 HTTP/1.1" 304 -
191.156.225.129 - - [17/Feb/2024:15:41:36 -0500] "GET /sipse/faces/javax.faces.resource/primefaces.css?ln=primefaces&v=4.0 HTTP/1.1" 304 -
191.156.227.133 - - [17/Feb/2024:15:41:37 -0500] "GET /sipse/faces/javax.faces.resource/jquery/jquery.js?ln=primefaces&v=4.0 HTTP/1.1" 304 -
191.156.227.133 - - [17/Feb/2024:15:41:37 -0500] "GET /sipse/faces/javax.faces.resource/jquery/jquery-plugins.js?ln=primefaces&v=4.0 HTTP/1.1" 304 -
191.156.227.133 - - [17/Feb/2024:15:41:38 -0500] "GET /sipse/faces/javax.faces.resource/primefaces.js?ln=primefaces&v=4.0 HTTP/1.1" 304 -
191.156.227.133 - - [17/Feb/2024:15:41:38 -0500] "GET /sipse/faces/javax.faces.resource/layout/layout.js?ln=primefaces&v=4.0 HTTP/1.1" 304 -
181.53.12.90 - - [17/Feb/2024:15:41:54 -0500] "POST /sipse/faces/presentacion/financiero/solicitudProceso/listarSolicitudProceso.xhtml HTTP/1.1" 200 5392
216.245.221.92 - - [17/Feb/2024:15:42:07 -0500] "HEAD / HTTP/1.1" 200 -
156.59.198.135 - - [17/Feb/2024:15:42:09 -0500] "GET /BLA/resoluciones/AUTOS%202023/05822.pdf HTTP/1.0" 200 379305
191.156.227.133 - - [17/Feb/2024:15:42:16 -0500] "GET /sipse/faces/javax.faces.resource/theme.css?ln=primefaces-sipse HTTP/1.1" 304 -
191.156.227.133 - - [17/Feb/2024:15:42:16 -0500] "GET /sipse/faces/javax.faces.resource/primefaces.css?ln=primefaces&v=4.0 HTTP/1.1" 304 -
191.156.225.129 - - [17/Feb/2024:15:42:16 -0500] "GET /sipse/faces/javax.faces.resource/layout/layout.css?ln=primefaces&v=4.0 HTTP/1.1" 304 -
191.156.225.129 - - [17/Feb/2024:15:42:16 -0500] "GET /sipse/faces/javax.faces.resource/jquery/jquery.js?ln=primefaces&v=4.0 HTTP/1.1" 304 -
191.156.227.133 - - [17/Feb/2024:15:42:16 -0500] "GET /sipse/faces/javax.faces.resource/jquery/jquery-plugins.js?ln=primefaces&v=4.0 HTTP/1.1" 304 -
191.156.225.129 - - [17/Feb/2024:15:42:16 -0500] "GET /sipse/faces/javax.faces.resource/primefaces.js?ln=primefaces&v=4.0 HTTP/1.1" 304 -
191.156.227.133 - - [17/Feb/2024:15:42:15 -0500] "POST /sipse/faces/presentacion/financiero/estudioPrevio/personalSolicitado/asociarExperienciaContratista.xhtml HTTP/1.1" 200 54243
191.156.225.129 - - [17/Feb/2024:15:42:16 -0500] "GET /sipse/faces/javax.faces.resource/layout/layout.js?ln=primefaces&v=4.0 HTTP/1.1" 304 -
191.156.227.133 - - [17/Feb/2024:15:42:23 -0500] "POST /sipse/faces/presentacion/financiero/estudioPrevio/personalSolicitado/expedirExperienciaIdoneidad.xhtml HTTP/1.1" 200 22817
191.156.227.133 - - [17/Feb/2024:15:42:30 -0500] "GET /sipse/faces/javax.faces.resource/theme.css?ln=primefaces-sipse HTTP/1.1" 304 -
191.156.225.129 - - [17/Feb/2024:15:42:30 -0500] "GET /sipse/faces/javax.faces.resource/primefaces.css?ln=primefaces&v=4.0 HTTP/1.1" 304 -
191.156.225.129 - - [17/Feb/2024:15:42:30 -0500] "GET /sipse/faces/javax.faces.resource/layout/layout.css?ln=primefaces&v=4.0 HTTP/1.1" 304 -
191.156.227.133 - - [17/Feb/2024:15:42:30 -0500] "GET /sipse/faces/javax.faces.resource/jquery/jquery.js?ln=primefaces&v=4.0 HTTP/1.1" 304 -
191.156.225.129 - - [17/Feb/2024:15:42:31 -0500] "GET /sipse/faces/javax.faces.resource/jquery/jquery-plugins.js?ln=primefaces&v=4.0 HTTP/1.1" 304 -
191.156.225.129 - - [17/Feb/2024:15:42:31 -0500] "GET /sipse/faces/javax.faces.resource/primefaces.js?ln=primefaces&v=4.0 HTTP/1.1" 304 -
191.156.225.129 - - [17/Feb/2024:15:42:32 -0500] "GET /sipse/faces/javax.faces.resource/layout/layout.js?ln=primefaces&v=4.0 HTTP/1.1" 304 -
156.59.198.136 - - [17/Feb/2024:15:42:34 -0500] "GET /BLA/resoluciones/AUTOS%202023/03366.pdf HTTP/1.0" 200 2529468
172.22.2.4 - - [17/Feb/2024:15:40:55 -0500] "HEAD /BLA/boletinlegal/ HTTP/1.1" 200 -
172.22.2.4 - - [17/Feb/2024:15:42:50 -0500] "GET /BLA/boletinlegal/actos.php HTTP/1.1" 200 9738
172.22.2.4 - - [17/Feb/2024:15:42:50 -0500] "GET /BLA/boletinlegal/styles2.css HTTP/1.1" 200 1838
172.22.2.4 - - [17/Feb/2024:15:42:50 -0500] "GET /BLA/boletinlegal/js/ajax_actos.js HTTP/1.1" 200 1322
172.22.2.4 - - [17/Feb/2024:15:42:50 -0500] "GET /BLA/boletinlegal/style.css HTTP/1.1" 200 9406
172.22.2.4 - - [17/Feb/2024:15:42:50 -0500] "GET /BLA/boletinlegal/niceforms-default.css HTTP/1.1" 200 6694
172.22.2.4 - - [17/Feb/2024:15:42:50 -0500] "GET /BLA/boletinlegal/js/lib.js HTTP/1.1" 200 6474
172.22.2.4 - - [17/Feb/2024:15:42:50 -0500] "GET /BLA/boletinlegal/niceforms.js HTTP/1.1" 200 22876
172.22.2.4 - - [17/Feb/2024:15:42:50 -0500] "GET /BLA/boletinlegal/js/popup.js HTTP/1.1" 200 1270
172.22.2.4 - - [17/Feb/2024:15:42:50 -0500] "GET /BLA/boletinlegal/js/jquery1.js HTTP/1.1" 200 29846
172.22.2.4 - - [17/Feb/2024:15:42:50 -0500] "GET /BLA/boletinlegal/images/cabezote%20BLEGAL.jpg HTTP/1.1" 200 118164
172.22.2.4 - - [17/Feb/2024:15:42:50 -0500] "GET /BLA/boletinlegal/images/subscribe-icon-big.png HTTP/1.1" 200 47702
172.22.2.4 - - [17/Feb/2024:15:42:50 -0500] "GET /BLA/boletinlegal/images/historia.png HTTP/1.1" 200 52775
172.22.2.4 - - [17/Feb/2024:15:42:50 -0500] "GET /BLA/boletinlegal/images/registro-usuarios.png HTTP/1.1" 200 8106
172.22.2.4 - - [17/Feb/2024:15:42:50 -0500] "GET /BLA/boletinlegal/images/icono-email.png HTTP/1.1" 200 5544
172.22.2.4 - - [17/Feb/2024:15:42:50 -0500] "GET /BLA/boletinlegal/images/tel.png HTTP/1.1" 200 14477
172.22.2.4 - - [17/Feb/2024:15:42:50 -0500] "GET /BLA/boletinlegal/images/green-yellow-blue-pink-th.png HTTP/1.1" 200 7394
172.22.2.4 - - [17/Feb/2024:15:42:50 -0500] "GET /BLA/boletinlegal/images/body_bg.jpg HTTP/1.1" 200 1601
172.22.2.4 - - [17/Feb/2024:15:42:50 -0500] "GET /BLA/boletinlegal/images/menu_lft.gif HTTP/1.1" 200 1713
172.22.2.4 - - [17/Feb/2024:15:42:50 -0500] "GET /BLA/boletinlegal/images/menu_rght.gif HTTP/1.1" 200 1627
172.22.2.4 - - [17/Feb/2024:15:42:50 -0500] "GET /BLA/boletinlegal/images/menu_bg.jpg HTTP/1.1" 200 620
172.22.2.4 - - [17/Feb/2024:15:42:50 -0500] "GET /BLA/boletinlegal/images/bg_top.jpg HTTP/1.1" 200 522
172.22.2.4 - - [17/Feb/2024:15:42:50 -0500] "GET /BLA/boletinlegal/images/hover.jpg HTTP/1.1" 200 640
172.22.2.4 - - [17/Feb/2024:15:42:50 -0500] "GET /BLA/boletinlegal/images/text.jpg HTTP/1.1" 200 568
172.22.2.4 - - [17/Feb/2024:15:42:50 -0500] "GET /BLA/boletinlegal/images/footer_bg.jpg HTTP/1.1" 200 586
172.22.2.4 - - [17/Feb/2024:15:42:50 -0500] "GET /BLA/boletinlegal/images/footer_bg_l.jpg HTTP/1.1" 200 776
172.22.2.4 - - [17/Feb/2024:15:42:50 -0500] "GET /BLA/boletinlegal/img/0.png HTTP/1.1" 200 110
172.22.2.4 - - [17/Feb/2024:15:42:50 -0500] "GET /BLA/boletinlegal/img/select-left.png HTTP/1.1" 200 263
172.22.2.4 - - [17/Feb/2024:15:42:50 -0500] "GET /BLA/boletinlegal/img/select-right.png HTTP/1.1" 200 44019
172.22.2.4 - - [17/Feb/2024:15:42:50 -0500] "GET /BLA/boletinlegal/img/button-left.png HTTP/1.1" 200 57071
172.22.2.4 - - [17/Feb/2024:15:42:50 -0500] "GET /BLA/boletinlegal/img/button.png HTTP/1.1" 200 43241
172.22.2.4 - - [17/Feb/2024:15:42:50 -0500] "GET /BLA/boletinlegal/img/button-right.png HTTP/1.1" 200 57878
172.22.2.4 - - [17/Feb/2024:15:42:50 -0500] "GET /BLA/boletinlegal/favicon.ico HTTP/1.1" 404 1326
172.22.2.4 - - [17/Feb/2024:15:42:58 -0500] "GET /BLA/boletinlegal/consulta_actos.php?tipo=resoluciones&no=02317&usuario=&sector=&fecha=2024&resuelve= HTTP/1.1" 200 626
156.59.198.136 - - [17/Feb/2024:15:43:00 -0500] "GET /BLA/resoluciones/AUTOS%202023/04324.pdf HTTP/1.0" 200 371120
191.156.225.129 - - [17/Feb/2024:15:43:08 -0500] "GET /sipse/faces/javax.faces.resource/theme.css?ln=primefaces-sipse HTTP/1.1" 304 -
191.156.225.129 - - [17/Feb/2024:15:43:08 -0500] "GET /sipse/faces/javax.faces.resource/primefaces.css?ln=primefaces&v=4.0 HTTP/1.1" 304 -
191.156.225.129 - - [17/Feb/2024:15:43:08 -0500] "GET /sipse/faces/javax.faces.resource/layout/layout.css?ln=primefaces&v=4.0 HTTP/1.1" 304 -
191.156.227.133 - - [17/Feb/2024:15:43:08 -0500] "GET /sipse/faces/javax.faces.resource/jquery/jquery.js?ln=primefaces&v=4.0 HTTP/1.1" 304 -
191.156.225.129 - - [17/Feb/2024:15:43:08 -0500] "GET /sipse/faces/javax.faces.resource/primefaces.js?ln=primefaces&v=4.0 HTTP/1.1" 304 -
191.156.225.129 - - [17/Feb/2024:15:43:08 -0500] "GET /sipse/faces/javax.faces.resource/jquery/jquery-plugins.js?ln=primefaces&v=4.0 HTTP/1.1" 304 -
191.156.225.129 - - [17/Feb/2024:15:43:04 -0500] "POST /sipse/faces/presentacion/financiero/estudioPrevio/personalSolicitado/asociarExperienciaContratista.xhtml HTTP/1.1" 200 56675
191.156.225.129 - - [17/Feb/2024:15:43:08 -0500] "GET /sipse/faces/javax.faces.resource/layout/layout.js?ln=primefaces&v=4.0 HTTP/1.1" 304 -
172.22.2.4 - - [17/Feb/2024:15:43:10 -0500] "GET /BLA/boletinlegal/consulta_actos.php?tipo=resoluciones&no=02317&usuario=&sector=&fecha=2023&resuelve= HTTP/1.1" 200 626
191.156.225.129 - - [17/Feb/2024:15:43:11 -0500] "POST /sipse/faces/presentacion/financiero/estudioPrevio/personalSolicitado/expedirExperienciaIdoneidad.xhtml HTTP/1.1" 200 22817
191.156.225.129 - - [17/Feb/2024:15:43:12 -0500] "GET /sipse/faces/javax.faces.resource/theme.css?ln=primefaces-sipse HTTP/1.1" 304 -
191.156.225.129 - - [17/Feb/2024:15:43:12 -0500] "GET /sipse/faces/javax.faces.resource/layout/layout.css?ln=primefaces&v=4.0 HTTP/1.1" 304 -
191.156.225.129 - - [17/Feb/2024:15:43:12 -0500] "GET /sipse/faces/javax.faces.resource/primefaces.css?ln=primefaces&v=4.0 HTTP/1.1" 304 -
191.156.227.133 - - [17/Feb/2024:15:43:12 -0500] "GET /sipse/faces/javax.faces.resource/jquery/jquery.js?ln=primefaces&v=4.0 HTTP/1.1" 304 -
191.156.225.129 - - [17/Feb/2024:15:43:12 -0500] "GET /sipse/faces/javax.faces.resource/jquery/jquery-plugins.js?ln=primefaces&v=4.0 HTTP/1.1" 304 -
191.156.225.129 - - [17/Feb/2024:15:43:12 -0500] "GET /sipse/faces/javax.faces.resource/primefaces.js?ln=primefaces&v=4.0 HTTP/1.1" 304 -
191.156.225.129 - - [17/Feb/2024:15:43:12 -0500] "GET /sipse/faces/javax.faces.resource/layout/layout.js?ln=primefaces&v=4.0 HTTP/1.1" 304 -
172.22.2.4 - - [17/Feb/2024:15:43:13 -0500] "GET /BLA/boletinlegal/consulta_actos.php?tipo=resoluciones&no=02317&usuario=&sector=&fecha=2023&resuelve= HTTP/1.1" 200 626
156.59.198.135 - - [17/Feb/2024:15:43:23 -0500] "GET /BLA/resoluciones/AUTOS%202023/03914.pdf HTTP/1.0" 200 412545
172.22.2.4 - - [17/Feb/2024:15:41:45 -0500] "GET /BLA/boletinlegal/ HTTP/1.1" 200 60721
172.22.2.4 - - [17/Feb/2024:15:43:27 -0500] "GET /BLA/boletinlegal/consulta_actos.php?tipo=resoluciones&no=02317&usuario=&sector=&fecha=2023&resuelve= HTTP/1.1" 200 626
172.22.2.4 - - [17/Feb/2024:15:43:32 -0500] "GET /BLA/boletinlegal/consulta_actos.php?tipo=resoluciones&no=02317&usuario=900348327&sector=&fecha=2023&resuelve= HTTP/1.1" 200 626
181.53.12.90 - - [17/Feb/2024:15:43:39 -0500] "POST /sipse/faces/presentacion/financiero/solicitudProceso/listarSolicitudProceso.xhtml HTTP/1.1" 200 5380
172.22.2.4 - - [17/Feb/2024:15:43:40 -0500] "GET /BLA/boletinlegal/consulta_actos.php?tipo=resoluciones&no=00054&usuario=&sector=&fecha=2023&resuelve= HTTP/1.1" 200 626
191.156.225.129 - - [17/Feb/2024:15:43:45 -0500] "GET /sipse/faces/javax.faces.resource/theme.css?ln=primefaces-sipse HTTP/1.1" 304 -
191.156.227.133 - - [17/Feb/2024:15:43:45 -0500] "GET /sipse/faces/javax.faces.resource/primefaces.css?ln=primefaces&v=4.0 HTTP/1.1" 304 -
191.156.225.129 - - [17/Feb/2024:15:43:45 -0500] "GET /sipse/faces/javax.faces.resource/primefaces.js?ln=primefaces&v=4.0 HTTP/1.1" 304 -
191.156.227.133 - - [17/Feb/2024:15:43:45 -0500] "GET /sipse/faces/javax.faces.resource/layout/layout.css?ln=primefaces&v=4.0 HTTP/1.1" 304 -
191.156.225.129 - - [17/Feb/2024:15:43:45 -0500] "GET /sipse/faces/javax.faces.resource/jquery/jquery.js?ln=primefaces&v=4.0 HTTP/1.1" 304 -
191.156.227.133 - - [17/Feb/2024:15:43:45 -0500] "GET /sipse/faces/javax.faces.resource/jquery/jquery-plugins.js?ln=primefaces&v=4.0 HTTP/1.1" 304 -
191.156.227.133 - - [17/Feb/2024:15:43:45 -0500] "GET /sipse/faces/javax.faces.resource/layout/layout.js?ln=primefaces&v=4.0 HTTP/1.1" 304 -
191.156.227.133 - - [17/Feb/2024:15:43:43 -0500] "POST /sipse/faces/presentacion/financiero/estudioPrevio/personalSolicitado/asociarExperienciaContratista.xhtml HTTP/1.1" 200 59107
156.59.198.136 - - [17/Feb/2024:15:43:48 -0500] "GET /BLA/resoluciones/AUTOS%202023/08410.pdf HTTP/1.0" 200 503218
191.156.225.129 - - [17/Feb/2024:15:43:54 -0500] "POST /sipse/faces/presentacion/financiero/estudioPrevio/personalSolicitado/expedirExperienciaIdoneidad.xhtml HTTP/1.1" 200 22817
191.156.227.133 - - [17/Feb/2024:15:44:00 -0500] "GET /sipse/faces/javax.faces.resource/primefaces.css?ln=primefaces&v=4.0 HTTP/1.1" 304 -
191.156.225.129 - - [17/Feb/2024:15:44:00 -0500] "GET /sipse/faces/javax.faces.resource/theme.css?ln=primefaces-sipse HTTP/1.1" 304 -
191.156.227.133 - - [17/Feb/2024:15:44:00 -0500] "GET /sipse/faces/javax.faces.resource/layout/layout.css?ln=primefaces&v=4.0 HTTP/1.1" 304 -
191.156.225.129 - - [17/Feb/2024:15:44:01 -0500] "GET /sipse/faces/javax.faces.resource/jquery/jquery.js?ln=primefaces&v=4.0 HTTP/1.1" 304 -
191.156.225.129 - - [17/Feb/2024:15:44:02 -0500] "GET /sipse/faces/javax.faces.resource/jquery/jquery-plugins.js?ln=primefaces&v=4.0 HTTP/1.1" 304 -
191.156.225.129 - - [17/Feb/2024:15:44:02 -0500] "GET /sipse/faces/javax.faces.resource/primefaces.js?ln=primefaces&v=4.0 HTTP/1.1" 304 -
191.156.225.129 - - [17/Feb/2024:15:44:02 -0500] "GET /sipse/faces/javax.faces.resource/layout/layout.js?ln=primefaces&v=4.0 HTTP/1.1" 304 -
156.59.198.135 - - [17/Feb/2024:15:44:13 -0500] "GET /BLA/resoluciones/AUTOS%202023/05883.pdf HTTP/1.0" 200 420979
52.167.144.238 - - [17/Feb/2024:15:44:29 -0500] "GET /BLA/resoluciones/index.php?dir=RESOLUCIONES+2002%2FRES+2002+351-400%2F HTTP/1.1" 200 12209
191.156.225.129 - - [17/Feb/2024:15:44:36 -0500] "GET /sipse/faces/javax.faces.resource/primefaces.css?ln=primefaces&v=4.0 HTTP/1.1" 304 -
191.156.225.129 - - [17/Feb/2024:15:44:36 -0500] "GET /sipse/faces/javax.faces.resource/theme.css?ln=primefaces-sipse HTTP/1.1" 304 -
191.156.227.133 - - [17/Feb/2024:15:44:36 -0500] "POST /sipse/faces/presentacion/financiero/estudioPrevio/personalSolicitado/asociarExperienciaContratista.xhtml HTTP/1.1" 200 61499
191.156.225.129 - - [17/Feb/2024:15:44:37 -0500] "GET /sipse/faces/javax.faces.resource/jquery/jquery.js?ln=primefaces&v=4.0 HTTP/1.1" 304 -
191.156.225.129 - - [17/Feb/2024:15:44:37 -0500] "GET /sipse/faces/javax.faces.resource/layout/layout.css?ln=primefaces&v=4.0 HTTP/1.1" 304 -
191.156.225.129 - - [17/Feb/2024:15:44:37 -0500] "GET /sipse/faces/javax.faces.resource/jquery/jquery-plugins.js?ln=primefaces&v=4.0 HTTP/1.1" 304 -
191.156.225.129 - - [17/Feb/2024:15:44:37 -0500] "GET /sipse/faces/javax.faces.resource/primefaces.js?ln=primefaces&v=4.0 HTTP/1.1" 304 -
191.156.225.129 - - [17/Feb/2024:15:44:37 -0500] "GET /sipse/faces/javax.faces.resource/layout/layout.js?ln=primefaces&v=4.0 HTTP/1.1" 304 -
156.59.198.135 - - [17/Feb/2024:15:44:39 -0500] "GET /BLA/resoluciones/AUTOS%202023/00100.pdf HTTP/1.0" 200 516651
191.156.227.133 - - [17/Feb/2024:15:44:39 -0500] "POST /sipse/faces/presentacion/financiero/estudioPrevio/personalSolicitado/expedirExperienciaIdoneidad.xhtml HTTP/1.1" 200 22817
191.156.225.129 - - [17/Feb/2024:15:44:40 -0500] "GET /sipse/faces/javax.faces.resource/layout/layout.css?ln=primefaces&v=4.0 HTTP/1.1" 304 -
191.156.225.129 - - [17/Feb/2024:15:44:40 -0500] "GET /sipse/faces/javax.faces.resource/primefaces.css?ln=primefaces&v=4.0 HTTP/1.1" 304 -
191.156.227.133 - - [17/Feb/2024:15:44:40 -0500] "GET /sipse/faces/javax.faces.resource/theme.css?ln=primefaces-sipse HTTP/1.1" 304 -
191.156.227.133 - - [17/Feb/2024:15:44:40 -0500] "GET /sipse/faces/javax.faces.resource/jquery/jquery.js?ln=primefaces&v=4.0 HTTP/1.1" 304 -
191.156.227.133 - - [17/Feb/2024:15:44:40 -0500] "GET /sipse/faces/javax.faces.resource/jquery/jquery-plugins.js?ln=primefaces&v=4.0 HTTP/1.1" 304 -
191.156.227.133 - - [17/Feb/2024:15:44:40 -0500] "GET /sipse/faces/javax.faces.resource/primefaces.js?ln=primefaces&v=4.0 HTTP/1.1" 304 -
191.156.227.133 - - [17/Feb/2024:15:44:40 -0500] "GET /sipse/faces/javax.faces.resource/layout/layout.js?ln=primefaces&v=4.0 HTTP/1.1" 304 -
201.245.192.253 - - [17/Feb/2024:15:44:40 -0500] "POST /kwsrmcab/Wsrmcab  HTTP/1.1" 200 40533
156.59.198.135 - - [17/Feb/2024:15:45:03 -0500] "GET /BLA/resoluciones/AUTOS%202023/07863.pdf HTTP/1.0" 200 361138
186.102.87.208 - - [17/Feb/2024:15:45:08 -0500] "GET /kwssiamovil/sm/acme/a?s=U2FsdGVkX18LStkGTB03nm4cD9jPrFL2sbJrd1yQ/EqcMNnLgKufwyqWc+3YKkYv3zFZinVkvex684Hw5fROEMz1HlsE1R/owkFdYG9ZyxWHKqR8fFA1BkTTMO8i4Hs6rfNJmb+YLgCeTwsUbRu7IqbOeW1LiyYZXYCaAKNlTUiW32tqS9kas06OucEZQXVpFniMXZjIS/w6QVKhyrY+3mUxTyKzihgYnvtTKcETdtx+tSercQ1MRuKY8HyDsjptkUyBxoy6Hm6ZCaAdtAjWBg==&u=U2FsdGVkX181q5QUhjwjCvhtf/60mtf+EYQGil0hpmw=&y=U2FsdGVkX1+y1d2SxOc3cDEY1QbQgGKAvcr4lrw7vVFCChDhhV5aV72sS1HgMNj0 HTTP/1.1" 200 26
186.102.87.208 - - [17/Feb/2024:15:45:09 -0500] "GET /kwssiamovil/sm/acme/a?s=U2FsdGVkX19UplC9EjI812MdR25hkzR00PbQck1N3FVGbXIVZjSFVnGrMZLbr11xr3M5S8/fUut/QtRZ1myXjVkQK0ikuijSIJiCAnXOFLagHaJqFMyHRzFU9ApINBtJhoTMaJHQx2TgLah7VuILv4EdVULqyDbjiTMHHUBg23F6jlHji/hgBSLM63Fg5vwEmILPNQbDGHfRMSi3nXlkdydvNCspXnypme0/lxFFXmX+ysDKa8uoR8sq43Bfq8p3It+TNMh3OP2wtbk7XXboqncimmZms4Wk8aM12DZ/Z5KH6tYrFAeFm/AH336u0YdUSJk0xkcg2kRZVzGjwS+RDjkMRa6McESYu9e8bYdnoXu2qLN5Hrk2q56wgCFhBZ8NYf2onAR0uUcBNNSWboPqt7Akrr0BIpPN+FjoPlviUu7xiZu1YPEPWdZGw9kVb4+nqDhQ42K5YNPc7kJkHRkoQaUfrcigWPfD1RMzzptzRW73+swtjlPapY5ImzuQfuLhrijr56kEDH8mtpMsRK3WouWuv8PpAY1oVY7XzJPTEwuZVIF49wTj68gvo76nPfkk6EWNx0yqtafwIIR7vpcXyPhC4p0YQNUNcs55xIjjH0X4ku7noG6BkD+uvYSrIFvVUpj4mBDTtVaRemwiG23BFNpt3Sk7c0B4JcDU8pZFx2VPpOh8UmvOqu/kQqz9MRfCZZ9vRNoRenfM02vjL6DoMt2K0ntUPuJgbI+RK44rX7R3CNfIY8g+MwE4nfM5F8lR88uxiqUHqUtqvvIGVacFqofRN1Sfsda/2UFhp5wGO60Ll5ZsmeARreVAOz17hRQjSNHRWp4fYidlX9Mhy/4jGtko3Dxl56yTagI1bposoGU/dXpHRVLI/5vxRSrYQxI6rYcGeMpRXXn3ao6bmaxsZMlZ3wVPd19ydbeEUnUtv1pUZSrzUU5GwPA9TAzKoBnih/NjvYeKa+XwMtCx1j6iHdue/Gg1bgw/qEoUtm/LShfHmyb7vI76MBLX66GwBMTWTsZ5ksynsFO+LI0JCFj8ikvUcIFJRdd2/ZQ/KHd39v6SD5J99ZQABpspX6B6/yfWJnsznt8P76U2K7K2Q2q386E0mp/o8Uo83dWNTPkdtGMMKUOlo+N/DNnNR5cI2h49d1GY0kW9e1B4muvRxeon5Ig5sKYFbd238UXf2EBIJj5wQRrQn/GlK7SZ8rMSMvNdVyzgXKPnH4A4AiibiCU8Ra5O4T9JR+MaEuadEsK0QTHy1Q3U06AlLXK908/2jRDgVkSi/uXR1rsFc68zDLGOzk4FeAOSpUwKtePzi4hYnnjGmypS/hpC5FqIvHg/w+23CBu2L+3B0MhdeaZHlS/hGsnLG9i+WR+IW2LY5A3DcrDnw0nUsOeKU9o62gA57XLgIVhXxw1V3UKWtIUHEE1VE/nNl7dX+yj1YArV0nHs+37I9U3Qjd0FrWpeJm0Z5N1swG8y5JXxoFG5lUt4aTTg21I91Ha1mgsXqwR9k6Z/LJtsQg7IQNdNJdF34EsdR1WFwFvsPye40TqWs0azDDCHy0Yhi3eyaPsQFGQyjyiGdj0QAWP0IHF83X29zweL6xH/xlzb8s5xIcNbdwFHrc9+2jAFZvEs7kf9IyEIDbdenaNgj2GKNQbXS14+98Z1EaYMKrESYEJ0XBjuwluTeQh0uuYJNiOuHMVXVgcyCQD1CXjVHGl2lf3WFrRc/crxUbBNzQhzS3h+ZPyrvX2U7TdmHg==&u=U2FsdGVkX181q5QUhjwjCvhtf/60mtf+EYQGil0hpmw=&y=U2FsdGVkX1+y1d2SxOc3cDEY1QbQgGKAvcr4lrw7vVFCChDhhV5aV72sS1HgMNj0 HTTP/1.1" 200 26
186.102.87.208 - - [17/Feb/2024:15:45:09 -0500] "GET /kwssiamovil/sm/acme/a?s=U2FsdGVkX1+BvFI3qvHICOTtKuofX4dv8buZQxPSsH4l4q2/2Gm86Hp95HcqytMwE5Fza+XlyaKb4uGw14hNYjfcoLXz6sjL19cL7oKOVulpxeaRhP2rCIDPHo3Re3iY3ZAjvUsmxEIl7E0xNA4uZkoGqpdbMlxJ9i/TEYPG4pc=&u=U2FsdGVkX181q5QUhjwjCvhtf/60mtf+EYQGil0hpmw=&y=U2FsdGVkX1+y1d2SxOc3cDEY1QbQgGKAvcr4lrw7vVFCChDhhV5aV72sS1HgMNj0 HTTP/1.1" 200 26
186.102.87.208 - - [17/Feb/2024:15:45:10 -0500] "GET /kwssiamovil/sm/acme/a?s=U2FsdGVkX19BcJvoJTpGv3jCHk3xbZz/dOR2X8K0GoUxrtuyoYKcg936rD3Gxt3XOKYVEhOkM222W+4/KAidud4PFJ6EtDg6vPbH7Kw7+qj/N3y2fn7/SenxUW9R5ks5efzfuRSMvz+DnJZdLBAWgFyfID1ZyjUFGHKf7m9m0lA=&u=U2FsdGVkX181q5QUhjwjCvhtf/60mtf+EYQGil0hpmw=&y=U2FsdGVkX1+y1d2SxOc3cDEY1QbQgGKAvcr4lrw7vVFCChDhhV5aV72sS1HgMNj0 HTTP/1.1" 200 26
186.102.87.208 - - [17/Feb/2024:15:45:10 -0500] "GET /kwssiamovil/sm/acme/a?s=U2FsdGVkX19Qbrfktr7/x8CEBgtGRb1Iu+5jpsW+72k0DO8MV1A9ThaeulgUMzSbmj8O5Ep1epeAH2pLtV0cXSJROqSrKlEpYL4cparmGm27kebL5pdloFwgb9lBS+AQ4O1Cj5GHDoFVDjsDqjh9wiCTOm+thQ8A8ngKGBui7b8=&u=U2FsdGVkX181q5QUhjwjCvhtf/60mtf+EYQGil0hpmw=&y=U2FsdGVkX1+y1d2SxOc3cDEY1QbQgGKAvcr4lrw7vVFCChDhhV5aV72sS1HgMNj0 HTTP/1.1" 200 26
186.102.87.208 - - [17/Feb/2024:15:45:10 -0500] "GET /kwssiamovil/sm/acme/a?s=U2FsdGVkX19yWpzNJS/5MV4Bxk8Px8YyKDayVKFEd1E4Ixicjrjy5TzN682o3wfxmEv/oheGBkgExspT6Ky1dSiMkuCvAnkkOSncngojlpV1ESxRXpN8bHyCpgahDRddj6aIbH2Q6DbceAmVJUJ07i7owkCjgDjCJqh9/SCa3q2Aa2brkMRaiYVzOU9Z+jSeOXsgsB7QgGBMl4u9d6Yb7w==&u=U2FsdGVkX181q5QUhjwjCvhtf/60mtf+EYQGil0hpmw=&y=U2FsdGVkX1+y1d2SxOc3cDEY1QbQgGKAvcr4lrw7vVFCChDhhV5aV72sS1HgMNj0 HTTP/1.1" 200 26
156.59.198.135 - - [17/Feb/2024:15:45:28 -0500] "GET /BLA/resoluciones/AUTOS%202023/03201.pdf HTTP/1.0" 200 889311
191.156.225.129 - - [17/Feb/2024:15:45:46 -0500] "GET /sipse/faces/javax.faces.resource/primefaces.css?ln=primefaces&v=4.0 HTTP/1.1" 304 -
191.156.227.133 - - [17/Feb/2024:15:45:46 -0500] "GET /sipse/faces/javax.faces.resource/theme.css?ln=primefaces-sipse HTTP/1.1" 304 -
191.156.227.133 - - [17/Feb/2024:15:45:46 -0500] "GET /sipse/faces/javax.faces.resource/layout/layout.css?ln=primefaces&v=4.0 HTTP/1.1" 304 -
191.156.227.133 - - [17/Feb/2024:15:45:46 -0500] "GET /sipse/faces/javax.faces.resource/jquery/jquery.js?ln=primefaces&v=4.0 HTTP/1.1" 304 -
191.156.225.129 - - [17/Feb/2024:15:45:46 -0500] "GET /sipse/faces/javax.faces.resource/jquery/jquery-plugins.js?ln=primefaces&v=4.0 HTTP/1.1" 304 -
191.156.225.129 - - [17/Feb/2024:15:45:46 -0500] "GET /sipse/faces/javax.faces.resource/primefaces.js?ln=primefaces&v=4.0 HTTP/1.1" 304 -
172.22.2.4 - - [17/Feb/2024:15:45:46 -0500] "GET /BLA/boletinlegal/normativa.php HTTP/1.1" 200 8397
191.156.227.133 - - [17/Feb/2024:15:45:49 -0500] "GET /sipse/faces/javax.faces.resource/layout/layout.js?ln=primefaces&v=4.0 HTTP/1.1" 304 -
191.156.225.129 - - [17/Feb/2024:15:45:45 -0500] "POST /sipse/faces/presentacion/financiero/estudioPrevio/personalSolicitado/asociarExperienciaContratista.xhtml HTTP/1.1" 200 63919
156.59.198.136 - - [17/Feb/2024:15:45:53 -0500] "GET /BLA/resoluciones/AUTOS%202023/00810.pdf HTTP/1.0" 200 387642
191.156.225.129 - - [17/Feb/2024:15:45:52 -0500] "POST /sipse/faces/presentacion/financiero/estudioPrevio/personalSolicitado/expedirExperienciaIdoneidad.xhtml HTTP/1.1" 200 139242
191.156.225.129 - - [17/Feb/2024:15:46:01 -0500] "GET /sipse/faces/javax.faces.resource/theme.css?ln=primefaces-sipse HTTP/1.1" 304 -
191.156.227.133 - - [17/Feb/2024:15:46:01 -0500] "GET /sipse/faces/javax.faces.resource/primefaces.css?ln=primefaces&v=4.0 HTTP/1.1" 304 -
191.156.227.133 - - [17/Feb/2024:15:46:01 -0500] "GET /sipse/faces/javax.faces.resource/layout/layout.css?ln=primefaces&v=4.0 HTTP/1.1" 304 -
191.156.227.133 - - [17/Feb/2024:15:46:01 -0500] "GET /sipse/faces/javax.faces.resource/jquery/jquery.js?ln=primefaces&v=4.0 HTTP/1.1" 304 -
191.156.227.133 - - [17/Feb/2024:15:46:02 -0500] "GET /sipse/faces/javax.faces.resource/jquery/jquery-plugins.js?ln=primefaces&v=4.0 HTTP/1.1" 304 -
191.156.227.133 - - [17/Feb/2024:15:46:02 -0500] "GET /sipse/faces/javax.faces.resource/primefaces.js?ln=primefaces&v=4.0 HTTP/1.1" 304 -
191.156.227.133 - - [17/Feb/2024:15:46:02 -0500] "GET /sipse/faces/javax.faces.resource/layout/layout.js?ln=primefaces&v=4.0 HTTP/1.1" 304 -
191.156.227.133 - - [17/Feb/2024:15:46:06 -0500] "POST /sipse/faces/presentacion/financiero/solicitudProceso/consultarSolicitudProceso.xhtml HTTP/1.1" 200 5598
156.59.198.135 - - [17/Feb/2024:15:46:18 -0500] "GET /BLA/resoluciones/AUTOS%202023/07361.pdf HTTP/1.0" 200 707426
191.156.227.133 - - [17/Feb/2024:15:46:18 -0500] "POST /sipse/faces/presentacion/financiero/solicitudProceso/consultarSolicitudProceso.xhtml HTTP/1.1" 200 21228
191.156.227.133 - - [17/Feb/2024:15:46:18 -0500] "GET /sipse/faces/javax.faces.resource/theme.css?ln=primefaces-sipse HTTP/1.1" 304 -
191.156.227.133 - - [17/Feb/2024:15:46:19 -0500] "GET /sipse/faces/javax.faces.resource/primefaces.js?ln=primefaces&v=4.0 HTTP/1.1" 304 -
191.156.227.133 - - [17/Feb/2024:15:46:19 -0500] "GET /sipse/faces/javax.faces.resource/primefaces.css?ln=primefaces&v=4.0 HTTP/1.1" 304 -
191.156.225.129 - - [17/Feb/2024:15:46:19 -0500] "GET /sipse/faces/javax.faces.resource/layout/layout.css?ln=primefaces&v=4.0 HTTP/1.1" 304 -
191.156.225.129 - - [17/Feb/2024:15:46:19 -0500] "GET /sipse/faces/javax.faces.resource/jquery/jquery.js?ln=primefaces&v=4.0 HTTP/1.1" 304 -
191.156.227.133 - - [17/Feb/2024:15:46:19 -0500] "GET /sipse/faces/javax.faces.resource/jquery/jquery-plugins.js?ln=primefaces&v=4.0 HTTP/1.1" 304 -
191.156.225.129 - - [17/Feb/2024:15:46:19 -0500] "GET /sipse/faces/javax.faces.resource/fileupload/fileupload.css?ln=primefaces&v=4.0 HTTP/1.1" 304 -
191.156.227.133 - - [17/Feb/2024:15:46:19 -0500] "GET /sipse/faces/javax.faces.resource/fileupload/fileupload.js?ln=primefaces&v=4.0 HTTP/1.1" 304 -
191.156.225.129 - - [17/Feb/2024:15:46:19 -0500] "GET /sipse/faces/javax.faces.resource/layout/layout.js?ln=primefaces&v=4.0 HTTP/1.1" 304 -
52.167.144.203 - - [17/Feb/2024:15:46:38 -0500] "GET /Publicaciones/2023EE300927.pdf HTTP/1.1" 404 228
156.59.198.136 - - [17/Feb/2024:15:46:41 -0500] "GET /BLA/resoluciones/AUTOS%202023/07864.pdf HTTP/1.0" 200 343727
191.156.227.133 - - [17/Feb/2024:15:46:58 -0500] "GET /sipse/faces/javax.faces.resource/theme.css?ln=primefaces-sipse HTTP/1.1" 304 -
191.156.225.129 - - [17/Feb/2024:15:46:58 -0500] "GET /sipse/faces/javax.faces.resource/primefaces.css?ln=primefaces&v=4.0 HTTP/1.1" 304 -
191.156.225.129 - - [17/Feb/2024:15:46:58 -0500] "GET /sipse/faces/javax.faces.resource/layout/layout.css?ln=primefaces&v=4.0 HTTP/1.1" 304 -
191.156.227.133 - - [17/Feb/2024:15:46:58 -0500] "GET /sipse/faces/javax.faces.resource/jquery/jquery-plugins.js?ln=primefaces&v=4.0 HTTP/1.1" 304 -
191.156.227.133 - - [17/Feb/2024:15:46:58 -0500] "GET /sipse/faces/javax.faces.resource/jquery/jquery.js?ln=primefaces&v=4.0 HTTP/1.1" 304 -
191.156.225.129 - - [17/Feb/2024:15:46:58 -0500] "GET /sipse/faces/javax.faces.resource/primefaces.js?ln=primefaces&v=4.0 HTTP/1.1" 304 -
191.156.225.129 - - [17/Feb/2024:15:46:58 -0500] "GET /sipse/faces/javax.faces.resource/layout/layout.js?ln=primefaces&v=4.0 HTTP/1.1" 304 -
191.156.225.129 - - [17/Feb/2024:15:46:51 -0500] "POST /sipse/faces/presentacion/sistema/anexos/cargarAnexoSolicitudProceso.xhtml HTTP/1.1" 200 187801
156.59.198.135 - - [17/Feb/2024:15:47:06 -0500] "GET /BLA/resoluciones/AUTOS%202023/05810.pdf HTTP/1.0" 200 391757
216.245.221.92 - - [17/Feb/2024:15:47:06 -0500] "HEAD / HTTP/1.1" 200 -
191.156.227.133 - - [17/Feb/2024:15:47:08 -0500] "GET /sipse/faces/javax.faces.resource/theme.css?ln=primefaces-sipse HTTP/1.1" 304 -
191.156.227.133 - - [17/Feb/2024:15:47:08 -0500] "GET /sipse/faces/javax.faces.resource/jquery/jquery.js?ln=primefaces&v=4.0 HTTP/1.1" 304 -
191.156.225.129 - - [17/Feb/2024:15:47:08 -0500] "GET /sipse/faces/javax.faces.resource/primefaces.css?ln=primefaces&v=4.0 HTTP/1.1" 304 -
191.156.227.133 - - [17/Feb/2024:15:47:08 -0500] "GET /sipse/faces/javax.faces.resource/jquery/jquery-plugins.js?ln=primefaces&v=4.0 HTTP/1.1" 304 -
191.156.225.129 - - [17/Feb/2024:15:47:08 -0500] "GET /sipse/faces/javax.faces.resource/layout/layout.css?ln=primefaces&v=4.0 HTTP/1.1" 304 -
191.156.227.133 - - [17/Feb/2024:15:47:08 -0500] "GET /sipse/faces/javax.faces.resource/layout/layout.js?ln=primefaces&v=4.0 HTTP/1.1" 304 -
191.156.225.129 - - [17/Feb/2024:15:47:08 -0500] "GET /sipse/faces/javax.faces.resource/primefaces.js?ln=primefaces&v=4.0 HTTP/1.1" 304 -
191.156.227.133 - - [17/Feb/2024:15:47:08 -0500] "GET /sipse/faces/javax.faces.resource/fileupload/fileupload.js?ln=primefaces&v=4.0 HTTP/1.1" 304 -
191.156.225.129 - - [17/Feb/2024:15:47:08 -0500] "GET /sipse/faces/javax.faces.resource/fileupload/fileupload.css?ln=primefaces&v=4.0 HTTP/1.1" 304 -
191.156.225.129 - - [17/Feb/2024:15:47:07 -0500] "POST /sipse/faces/presentacion/financiero/solicitudProceso/consultarSolicitudProceso.xhtml HTTP/1.1" 200 21228
191.156.227.133 - - [17/Feb/2024:15:47:25 -0500] "GET /sipse/faces/javax.faces.resource/theme.css?ln=primefaces-sipse HTTP/1.1" 304 -
191.156.225.129 - - [17/Feb/2024:15:47:25 -0500] "GET /sipse/faces/javax.faces.resource/primefaces.css?ln=primefaces&v=4.0 HTTP/1.1" 304 -
191.156.227.133 - - [17/Feb/2024:15:47:25 -0500] "GET /sipse/faces/javax.faces.resource/layout/layout.css?ln=primefaces&v=4.0 HTTP/1.1" 304 -
191.156.227.133 - - [17/Feb/2024:15:47:25 -0500] "GET /sipse/faces/javax.faces.resource/jquery/jquery.js?ln=primefaces&v=4.0 HTTP/1.1" 304 -
191.156.227.133 - - [17/Feb/2024:15:47:25 -0500] "GET /sipse/faces/javax.faces.resource/jquery/jquery-plugins.js?ln=primefaces&v=4.0 HTTP/1.1" 304 -
191.156.225.129 - - [17/Feb/2024:15:47:25 -0500] "GET /sipse/faces/javax.faces.resource/primefaces.js?ln=primefaces&v=4.0 HTTP/1.1" 304 -
191.156.227.133 - - [17/Feb/2024:15:47:25 -0500] "GET /sipse/faces/javax.faces.resource/layout/layout.js?ln=primefaces&v=4.0 HTTP/1.1" 304 -
156.59.198.136 - - [17/Feb/2024:15:47:31 -0500] "GET /BLA/resoluciones/AUTOS%202023/01764.pdf HTTP/1.0" 200 483767
191.156.225.129 - - [17/Feb/2024:15:47:15 -0500] "POST /sipse/faces/presentacion/sistema/anexos/cargarAnexoSolicitudProceso.xhtml HTTP/1.1" 200 189608
191.156.225.129 - - [17/Feb/2024:15:47:38 -0500] "GET /sipse/faces/javax.faces.resource/layout/layout.css?ln=primefaces&v=4.0 HTTP/1.1" 304 -
191.156.227.133 - - [17/Feb/2024:15:47:38 -0500] "GET /sipse/faces/javax.faces.resource/primefaces.css?ln=primefaces&v=4.0 HTTP/1.1" 304 -
191.156.227.133 - - [17/Feb/2024:15:47:38 -0500] "GET /sipse/faces/javax.faces.resource/theme.css?ln=primefaces-sipse HTTP/1.1" 304 -
191.156.227.133 - - [17/Feb/2024:15:47:39 -0500] "GET /sipse/faces/javax.faces.resource/jquery/jquery.js?ln=primefaces&v=4.0 HTTP/1.1" 304 -
191.156.227.133 - - [17/Feb/2024:15:47:39 -0500] "GET /sipse/faces/javax.faces.resource/jquery/jquery-plugins.js?ln=primefaces&v=4.0 HTTP/1.1" 304 -
191.156.225.129 - - [17/Feb/2024:15:47:39 -0500] "GET /sipse/faces/javax.faces.resource/fileupload/fileupload.css?ln=primefaces&v=4.0 HTTP/1.1" 304 -
191.156.225.129 - - [17/Feb/2024:15:47:39 -0500] "GET /sipse/faces/javax.faces.resource/primefaces.js?ln=primefaces&v=4.0 HTTP/1.1" 304 -
191.156.227.133 - - [17/Feb/2024:15:47:39 -0500] "GET /sipse/faces/javax.faces.resource/layout/layout.js?ln=primefaces&v=4.0 HTTP/1.1" 304 -
191.156.225.129 - - [17/Feb/2024:15:47:39 -0500] "GET /sipse/faces/javax.faces.resource/fileupload/fileupload.js?ln=primefaces&v=4.0 HTTP/1.1" 304 -
191.156.225.129 - - [17/Feb/2024:15:47:38 -0500] "POST /sipse/faces/presentacion/financiero/solicitudProceso/consultarSolicitudProceso.xhtml HTTP/1.1" 200 21228
191.156.227.133 - - [17/Feb/2024:15:47:49 -0500] "GET /sipse/faces/javax.faces.resource/jquery/jquery.js?ln=primefaces&v=4.0 HTTP/1.1" 304 -
191.156.227.133 - - [17/Feb/2024:15:47:49 -0500] "GET /sipse/faces/javax.faces.resource/jquery/jquery-plugins.js?ln=primefaces&v=4.0 HTTP/1.1" 304 -
191.156.227.133 - - [17/Feb/2024:15:47:49 -0500] "GET /sipse/faces/javax.faces.resource/layout/layout.css?ln=primefaces&v=4.0 HTTP/1.1" 304 -
191.156.225.129 - - [17/Feb/2024:15:47:49 -0500] "GET /sipse/faces/javax.faces.resource/theme.css?ln=primefaces-sipse HTTP/1.1" 304 -
191.156.225.129 - - [17/Feb/2024:15:47:49 -0500] "GET /sipse/faces/javax.faces.resource/primefaces.css?ln=primefaces&v=4.0 HTTP/1.1" 304 -
191.156.227.133 - - [17/Feb/2024:15:47:50 -0500] "GET /sipse/faces/javax.faces.resource/primefaces.js?ln=primefaces&v=4.0 HTTP/1.1" 304 -
191.156.227.133 - - [17/Feb/2024:15:47:50 -0500] "GET /sipse/faces/javax.faces.resource/layout/layout.js?ln=primefaces&v=4.0 HTTP/1.1" 304 -
156.59.198.136 - - [17/Feb/2024:15:47:55 -0500] "GET /BLA/resoluciones/AUTOS%202023/05855.pdf HTTP/1.0" 200 399847
191.156.225.129 - - [17/Feb/2024:15:47:47 -0500] "POST /sipse/faces/presentacion/sistema/anexos/cargarAnexoSolicitudProceso.xhtml HTTP/1.1" 200 191419
156.59.198.136 - - [17/Feb/2024:15:48:19 -0500] "GET /BLA/resoluciones/AUTOS%202023/05848.pdf HTTP/1.0" 200 396522
172.22.2.4 - - [17/Feb/2024:15:46:45 -0500] "HEAD /BLA/boletinlegal/ HTTP/1.1" 200 -
156.59.198.135 - - [17/Feb/2024:15:48:44 -0500] "GET /BLA/resoluciones/AUTOS%202023/03965.pdf HTTP/1.0" 200 428496
156.59.198.136 - - [17/Feb/2024:15:49:08 -0500] "GET /BLA/resoluciones/AUTOS%202023/01700.pdf HTTP/1.0" 200 391606
172.22.2.4 - - [17/Feb/2024:15:47:35 -0500] "GET /BLA/boletinlegal/ HTTP/1.1" 200 59074
156.59.198.135 - - [17/Feb/2024:15:49:33 -0500] "GET /BLA/resoluciones/AUTOS%202023/05843.pdf HTTP/1.0" 200 397376
147.45.47.104 - - [17/Feb/2024:15:49:33 -0500] "GET /BLA/boletinlegal/admin/index.php:cpenagos:12273396 HTTP/1.1" 403 1006
201.245.192.253 - - [17/Feb/2024:15:49:38 -0500] "POST /kwsrmcab/Wsrmcab  HTTP/1.1" 200 40533
156.59.198.135 - - [17/Feb/2024:15:49:57 -0500] "GET /BLA/resoluciones/AUTOS%202023/09866.pdf HTTP/1.0" 200 390139
156.59.198.136 - - [17/Feb/2024:15:50:21 -0500] "GET /BLA/resoluciones/AUTOS%202023/05849.pdf HTTP/1.0" 200 397154
156.59.198.136 - - [17/Feb/2024:15:50:46 -0500] "GET /BLA/resoluciones/AUTOS%202023/04430.pdf HTTP/1.0" 200 401249
181.53.12.90 - - [17/Feb/2024:15:50:54 -0500] "POST /sipse/faces/presentacion/financiero/solicitudProceso/listarSolicitudProceso.xhtml HTTP/1.1" 200 5392
40.77.167.254 - - [17/Feb/2024:15:51:08 -0500] "GET /BLA/resoluciones/index.php?dir=RESOLUCIONES+2006%2FRES+2006++2851-2900%2F HTTP/1.1" 200 12177
156.59.198.136 - - [17/Feb/2024:15:51:10 -0500] "GET /BLA/resoluciones/AUTOS%202023/05717.pdf HTTP/1.0" 200 352115
156.59.198.136 - - [17/Feb/2024:15:51:36 -0500] "GET /BLA/resoluciones/AUTOS%202023/03204.pdf HTTP/1.0" 200 1034502
156.59.198.135 - - [17/Feb/2024:15:52:01 -0500] "GET /BLA/resoluciones/AUTOS%202023/06860.pdf HTTP/1.0" 200 406902
216.245.221.92 - - [17/Feb/2024:15:52:06 -0500] "HEAD / HTTP/1.1" 200 -
156.59.198.136 - - [17/Feb/2024:15:52:24 -0500] "GET /BLA/resoluciones/AUTOS%202023/05856.pdf HTTP/1.0" 200 604508
156.59.198.135 - - [17/Feb/2024:15:52:51 -0500] "GET /BLA/resoluciones/AUTOS%202023/00226.pdf HTTP/1.0" 200 420931
156.59.198.136 - - [17/Feb/2024:15:53:14 -0500] "GET /BLA/resoluciones/AUTOS%202023/07682.pdf HTTP/1.0" 200 506613
40.77.167.32 - - [17/Feb/2024:15:53:22 -0500] "GET /BLA/resoluciones/index.php?dir=AUTOS+2008%2F HTTP/1.1" 200 569644
156.59.198.136 - - [17/Feb/2024:15:53:40 -0500] "GET /BLA/resoluciones/AUTOS%202023/03605.pdf HTTP/1.0" 200 788718
156.59.198.136 - - [17/Feb/2024:15:54:03 -0500] "GET /BLA/resoluciones/AUTOS%202023/07649.pdf HTTP/1.0" 200 366597
40.77.167.254 - - [17/Feb/2024:15:54:09 -0500] "GET /BLA/resoluciones/index.php?dir=AUTOS+2022%2F HTTP/1.1" 200 511928
172.22.2.4 - - [17/Feb/2024:15:52:35 -0500] "HEAD /BLA/boletinlegal/ HTTP/1.1" 200 -
172.22.2.4 - - [17/Feb/2024:15:54:25 -0500] "GET /BLA/boletinlegal/actos.php HTTP/1.1" 200 9738
156.59.198.136 - - [17/Feb/2024:15:54:27 -0500] "GET /BLA/resoluciones/AUTOS%202023/07862.pdf HTTP/1.0" 200 342167
201.245.192.253 - - [17/Feb/2024:15:54:37 -0500] "POST /kwsrmcab/Wsrmcab  HTTP/1.1" 200 40533
172.22.2.4 - - [17/Feb/2024:15:54:42 -0500] "GET /BLA/boletinlegal/normativa.php HTTP/1.1" 200 8397
156.59.198.136 - - [17/Feb/2024:15:54:52 -0500] "GET /BLA/resoluciones/AUTOS%202023/01906.pdf HTTP/1.0" 200 408543
172.22.2.4 - - [17/Feb/2024:15:54:54 -0500] "GET /BLA/boletinlegal/js/ajax_normativa.js HTTP/1.1" 200 1154
172.22.2.4 - - [17/Feb/2024:15:53:25 -0500] "GET /BLA/boletinlegal/ HTTP/1.1" 200 58711
66.249.66.21 - - [17/Feb/2024:15:55:07 -0500] "GET /BLA/resoluciones/Notificaciones/RESOLUCIONES%202023/1594.pdf HTTP/1.1" 200 7132168
156.59.198.135 - - [17/Feb/2024:15:55:17 -0500] "GET /BLA/resoluciones/AUTOS%202023/05740.pdf HTTP/1.0" 200 467778
156.59.198.135 - - [17/Feb/2024:15:55:41 -0500] "GET /BLA/resoluciones/AUTOS%202023/03234.pdf HTTP/1.0" 200 352060
156.59.198.136 - - [17/Feb/2024:15:56:06 -0500] "GET /BLA/resoluciones/AUTOS%202023/05736.pdf HTTP/1.0" 200 476545
47.128.116.133 - - [17/Feb/2024:15:56:31 -0500] "GET /BLA/resoluciones/dlf/unknown.png HTTP/1.1" 200 266
47.128.116.133 - - [17/Feb/2024:15:56:31 -0500] "GET /BLA/resoluciones/dlf/dirup.png HTTP/1.1" 200 644
47.128.116.133 - - [17/Feb/2024:15:56:31 -0500] "GET /BLA/resoluciones/index.php?dir=RESOLUCIONES%202006%2FRES%202006%20951-1000%2F&order=desc&sort=size HTTP/1.1" 200 12307
52.167.144.214 - - [17/Feb/2024:15:56:47 -0500] "GET /BLA/resoluciones/index.php?dir=RESOLUCIONES+2003%2FRES+2003+451-500%2F HTTP/1.1" 200 11311
156.59.198.136 - - [17/Feb/2024:15:56:56 -0500] "GET /BLA/resoluciones/AUTOS%202023/03078.pdf HTTP/1.0" 200 413642
216.245.221.92 - - [17/Feb/2024:15:57:07 -0500] "HEAD / HTTP/1.1" 200 -
156.59.198.135 - - [17/Feb/2024:15:57:19 -0500] "GET /BLA/resoluciones/AUTOS%202023/05507.pdf HTTP/1.0" 200 742570
156.59.198.136 - - [17/Feb/2024:15:57:44 -0500] "GET /BLA/resoluciones/AUTOS%202023/05825.pdf HTTP/1.0" 200 395572
156.59.198.136 - - [17/Feb/2024:15:58:07 -0500] "GET /BLA/resoluciones/AUTOS%202023/07364.pdf HTTP/1.0" 200 395113
66.249.66.20 - - [17/Feb/2024:15:58:21 -0500] "GET /BLA/resoluciones/Notificaciones/RESOLUCIONES%202023/0264.pdf HTTP/1.1" 200 9406971
106.75.98.215 - - [17/Feb/2024:15:58:24 -0500] "GET / HTTP/1.1" 200 319
156.59.198.136 - - [17/Feb/2024:15:58:32 -0500] "GET /BLA/resoluciones/AUTOS%202023/05181.pdf HTTP/1.0" 200 940859
156.59.198.135 - - [17/Feb/2024:15:58:56 -0500] "GET /BLA/resoluciones/AUTOS%202023/00224.pdf HTTP/1.0" 200 387980
52.167.144.23 - - [17/Feb/2024:15:59:08 -0500] "GET /BLA/resoluciones/index.php?dir=RESOLUCIONES+2007%2FRES+2007+4101+AL+4200%2F HTTP/1.1" 200 26886
156.59.198.136 - - [17/Feb/2024:15:59:20 -0500] "GET /BLA/resoluciones/AUTOS%202023/05887.pdf HTTP/1.0" 200 416288
173.252.95.2 - - [17/Feb/2024:15:59:27 -0500] "GET /soratama-en-los-cerros-orientales-un-rincon-ideal-para-los-mamiferos.html HTTP/1.1" 200 804
173.252.95.119 - - [17/Feb/2024:15:59:27 -0500] "GET /soratama-en-los-cerros-orientales-un-rincon-ideal-para-los-mamiferos.html HTTP/1.1" 200 804
201.245.192.253 - - [17/Feb/2024:15:59:35 -0500] "POST /kwsrmcab/Wsrmcab  HTTP/1.1" 200 40533
156.59.198.136 - - [17/Feb/2024:15:59:44 -0500] "GET /BLA/resoluciones/AUTOS%202023/06744.pdf HTTP/1.0" 200 475325
172.22.2.4 - - [17/Feb/2024:15:58:25 -0500] "HEAD /BLA/boletinlegal/ HTTP/1.1" 200 -
66.249.66.21 - - [17/Feb/2024:16:00:08 -0500] "GET /BLA/resoluciones/AUTOS%202008/1957.pdf HTTP/1.1" 200 87238
156.59.198.135 - - [17/Feb/2024:16:00:09 -0500] "GET /BLA/resoluciones/AUTOS%202023/03240.pdf HTTP/1.0" 200 345893
173.252.95.3 - - [17/Feb/2024:16:00:32 -0500] "GET /centro-vive-la-secretaria-de-ambiente-realiza-actividades-de-sensibilizacion-para-recuperar-este-punto-de-la-ciudad.html HTTP/1.1" 200 1012
156.59.198.135 - - [17/Feb/2024:16:00:35 -0500] "GET /BLA/resoluciones/AUTOS%202023/05842.pdf HTTP/1.0" 200 395195
172.22.2.4 - - [17/Feb/2024:15:59:16 -0500] "GET /BLA/boletinlegal/ HTTP/1.1" 200 47247
156.59.198.136 - - [17/Feb/2024:16:01:00 -0500] "GET /BLA/resoluciones/AUTOS%202023/05737.pdf HTTP/1.0" 200 468300
69.63.189.8 - - [17/Feb/2024:16:01:08 -0500] "GET /centro-vive-la-secretaria-de-ambiente-realiza-actividades-de-sensibilizacion-para-recuperar-este-punto-de-la-ciudad.html HTTP/1.1" 200 1012
172.22.2.4 - - [17/Feb/2024:16:01:10 -0500] "GET /BLA/boletinlegal/jurisprudencia/analisis/AnalisisC-035-16.docx HTTP/1.1" 200 25011
172.22.2.4 - - [17/Feb/2024:15:59:45 -0500] "GET /BLA/boletinlegal/ HTTP/1.1" 200 45003
156.59.198.136 - - [17/Feb/2024:16:01:24 -0500] "GET /BLA/resoluciones/AUTOS%202023/07648.pdf HTTP/1.0" 200 379587
156.59.198.136 - - [17/Feb/2024:16:01:49 -0500] "GET /BLA/resoluciones/AUTOS%202023/05861.pdf HTTP/1.0" 200 420049
69.171.231.2 - - [17/Feb/2024:16:02:04 -0500] "GET /centro-vive-la-secretaria-de-ambiente-realiza-actividades-de-sensibilizacion-para-recuperar-este-punto-de-la-ciudad.html HTTP/1.1" 200 1012
69.171.231.1 - - [17/Feb/2024:16:02:05 -0500] "GET /centro-vive-la-secretaria-de-ambiente-realiza-actividades-de-sensibilizacion-para-recuperar-este-punto-de-la-ciudad.html HTTP/1.1" 200 1012
216.245.221.92 - - [17/Feb/2024:16:02:06 -0500] "HEAD / HTTP/1.1" 200 -
156.59.198.135 - - [17/Feb/2024:16:02:14 -0500] "GET /BLA/resoluciones/AUTOS%202023/00743.pdf HTTP/1.0" 200 371881
185.224.128.55 - - [17/Feb/2024:16:02:29 -0500] "GET / HTTP/1.1" 200 319
156.59.198.135 - - [17/Feb/2024:16:02:38 -0500] "GET /BLA/resoluciones/AUTOS%202023/07869.pdf HTTP/1.0" 200 374122
156.59.198.136 - - [17/Feb/2024:16:03:03 -0500] "GET /BLA/resoluciones/AUTOS%202023/00258.pdf HTTP/1.0" 200 421116
173.252.107.6 - - [17/Feb/2024:16:03:22 -0500] "GET /centro-vive-la-secretaria-de-ambiente-realiza-actividades-de-sensibilizacion-para-recuperar-este-punto-de-la-ciudad.html HTTP/1.1" 200 1012
66.249.66.19 - - [17/Feb/2024:16:03:27 -0500] "GET /BLA/resoluciones/RESOLUCIONES%202009/5117.pdf HTTP/1.1" 200 1180504
156.59.198.135 - - [17/Feb/2024:16:03:29 -0500] "GET /BLA/resoluciones/AUTOS%202023/00257.pdf HTTP/1.0" 200 417341
156.59.198.136 - - [17/Feb/2024:16:03:53 -0500] "GET /BLA/resoluciones/AUTOS%202023/05670.pdf HTTP/1.0" 200 401186
156.59.198.136 - - [17/Feb/2024:16:04:18 -0500] "GET /BLA/resoluciones/AUTOS%202023/05739.pdf HTTP/1.0" 200 465674
201.245.192.253 - - [17/Feb/2024:16:04:35 -0500] "POST /kwsrmcab/Wsrmcab  HTTP/1.1" 200 40533
156.59.198.135 - - [17/Feb/2024:16:04:43 -0500] "GET /BLA/resoluciones/AUTOS%202023/03860.pdf HTTP/1.0" 200 410839
66.220.149.7 - - [17/Feb/2024:16:04:46 -0500] "GET /centro-vive-la-secretaria-de-ambiente-realiza-actividades-de-sensibilizacion-para-recuperar-este-punto-de-la-ciudad.html HTTP/1.1" 206 1012
66.220.149.6 - - [17/Feb/2024:16:04:46 -0500] "GET /centro-vive-la-secretaria-de-ambiente-realiza-actividades-de-sensibilizacion-para-recuperar-este-punto-de-la-ciudad.html HTTP/1.1" 206 1012
66.220.149.18 - - [17/Feb/2024:16:04:47 -0500] "GET /centro-vive-la-secretaria-de-ambiente-realiza-actividades-de-sensibilizacion-para-recuperar-este-punto-de-la-ciudad.html HTTP/1.1" 200 1012
66.220.149.119 - - [17/Feb/2024:16:04:47 -0500] "GET /centro-vive-la-secretaria-de-ambiente-realiza-actividades-de-sensibilizacion-para-recuperar-este-punto-de-la-ciudad.html HTTP/1.1" 200 1012
172.22.2.4 - - [17/Feb/2024:16:05:02 -0500] "GET /BLA/boletinlegal/actos.php HTTP/1.1" 200 9738
156.59.198.136 - - [17/Feb/2024:16:05:07 -0500] "GET /BLA/resoluciones/AUTOS%202023/05749.pdf HTTP/1.0" 200 499948
66.249.66.20 - - [17/Feb/2024:16:05:14 -0500] "GET /webfile/normas/ley%20527.pdf HTTP/1.1" 404 1100
156.59.198.136 - - [17/Feb/2024:16:05:32 -0500] "GET /BLA/resoluciones/AUTOS%202023/01763.pdf HTTP/1.0" 200 520947
172.22.2.4 - - [17/Feb/2024:16:05:52 -0500] "GET /BLA/boletinlegal/js/ajax_actos.js HTTP/1.1" 200 1322
172.22.2.4 - - [17/Feb/2024:16:05:55 -0500] "GET /BLA/boletinlegal/niceforms-default.css HTTP/1.1" 200 6694
172.22.2.4 - - [17/Feb/2024:16:04:16 -0500] "HEAD /BLA/boletinlegal/ HTTP/1.1" 200 -
156.59.198.135 - - [17/Feb/2024:16:05:56 -0500] "GET /BLA/resoluciones/AUTOS%202023/03973.pdf HTTP/1.0" 200 1665137
172.22.2.4 - - [17/Feb/2024:16:05:56 -0500] "GET /BLA/boletinlegal/style.css HTTP/1.1" 200 9406
172.22.2.4 - - [17/Feb/2024:16:05:57 -0500] "GET /BLA/boletinlegal/styles2.css HTTP/1.1" 200 1838
40.77.167.7 - - [17/Feb/2024:16:06:17 -0500] "GET /BLA/resoluciones/RESOLUCIONES%202021/0061.pdf HTTP/1.1" 200 312529
156.59.198.135 - - [17/Feb/2024:16:06:20 -0500] "GET /BLA/resoluciones/AUTOS%202023/03814.pdf HTTP/1.0" 200 413263
156.59.198.135 - - [17/Feb/2024:16:06:44 -0500] "GET /BLA/resoluciones/AUTOS%202023/07860.pdf HTTP/1.0" 200 322259
172.22.2.4 - - [17/Feb/2024:16:05:06 -0500] "GET /BLA/boletinlegal/ HTTP/1.1" 200 59074
149.56.25.49 - - [17/Feb/2024:16:06:50 -0500] "GET /centro-vive-la-secretaria-de-ambiente-realiza-actividades-de-sensibilizacion-para-recuperar-este-punto-de-la-ciudad.html HTTP/1.1" 200 1012
66.249.66.20 - - [17/Feb/2024:16:06:53 -0500] "GET /Publicaciones/2023EE286726.pdf HTTP/1.1" 404 228
216.245.221.92 - - [17/Feb/2024:16:07:06 -0500] "HEAD / HTTP/1.1" 200 -
156.59.198.135 - - [17/Feb/2024:16:07:09 -0500] "GET /BLA/resoluciones/AUTOS%202023/05893.pdf HTTP/1.0" 200 981643
66.249.66.20 - - [17/Feb/2024:16:07:24 -0500] "GET /BLA/resoluciones/RESOLUCIONES%202007/RES%202007%203501%20AL%203600/RESOLUCION%203526%20DE%202007.pdf HTTP/1.1" 200 208928
156.59.198.135 - - [17/Feb/2024:16:07:34 -0500] "GET /BLA/resoluciones/AUTOS%202023/08762.pdf HTTP/1.0" 200 542014
40.77.167.7 - - [17/Feb/2024:16:07:36 -0500] "GET /BLA/resoluciones/AUTOS%202023/1490.pdf HTTP/1.1" 200 515813
156.59.198.135 - - [17/Feb/2024:16:07:58 -0500] "GET /BLA/resoluciones/AUTOS%202023/04597.pdf HTTP/1.0" 200 397476
40.77.167.59 - - [17/Feb/2024:16:07:59 -0500] "GET /BLA/resoluciones/RESOLUCIONES%202009/4950.pdf HTTP/1.1" 200 465068
156.59.198.135 - - [17/Feb/2024:16:08:22 -0500] "GET /BLA/resoluciones/AUTOS%202023/01893.pdf HTTP/1.0" 200 950148
156.59.198.135 - - [17/Feb/2024:16:08:47 -0500] "GET /BLA/resoluciones/AUTOS%202023/03702.pdf HTTP/1.0" 200 1646771
156.59.198.135 - - [17/Feb/2024:16:09:11 -0500] "GET /BLA/resoluciones/AUTOS%202023/07647.pdf HTTP/1.0" 200 381818
191.156.227.133 - - [17/Feb/2024:16:09:23 -0500] "POST /sipse/faces/presentacion/financiero/solicitudProceso/consultarSolicitudProceso.xhtml HTTP/1.1" 200 36784
191.156.225.129 - - [17/Feb/2024:16:09:24 -0500] "GET /sipse/faces/javax.faces.resource/primefaces.css?ln=primefaces&v=4.0 HTTP/1.1" 304 -
191.156.227.133 - - [17/Feb/2024:16:09:24 -0500] "GET /sipse/faces/javax.faces.resource/theme.css?ln=primefaces-sipse HTTP/1.1" 304 -
191.156.225.129 - - [17/Feb/2024:16:09:25 -0500] "GET /sipse/faces/javax.faces.resource/jquery/jquery.js?ln=primefaces&v=4.0 HTTP/1.1" 304 -
191.156.225.129 - - [17/Feb/2024:16:09:25 -0500] "GET /sipse/faces/javax.faces.resource/jquery/jquery-plugins.js?ln=primefaces&v=4.0 HTTP/1.1" 304 -
191.156.225.129 - - [17/Feb/2024:16:09:25 -0500] "GET /sipse/faces/javax.faces.resource/primefaces.js?ln=primefaces&v=4.0 HTTP/1.1" 304 -
191.156.225.129 - - [17/Feb/2024:16:09:25 -0500] "GET /sipse/faces/javax.faces.resource/layout/layout.js?ln=primefaces&v=4.0 HTTP/1.1" 304 -
191.156.227.133 - - [17/Feb/2024:16:09:25 -0500] "GET /sipse/css/imagen/contrasena.png HTTP/1.1" 404 383
191.156.225.129 - - [17/Feb/2024:16:09:25 -0500] "GET /sipse/faces/javax.faces.resource/layout/layout.css?ln=primefaces&v=4.0 HTTP/1.1" 304 -
191.156.225.129 - - [17/Feb/2024:16:09:25 -0500] "GET /sipse/faces/javax.faces.resource/images/ui-icons_898989_256x240.png?ln=primefaces-aristo HTTP/1.1" 304 -
191.156.227.133 - - [17/Feb/2024:16:09:25 -0500] "GET /sipse/faces/javax.faces.resource/images/ui-bg_flat_0_2d5972_40x100.png?ln=primefaces-aristo HTTP/1.1" 304 -
191.156.225.129 - - [17/Feb/2024:16:09:25 -0500] "POST /sipse/faces/presentacion/financiero/solicitudProceso/listarSolicitudProceso.xhtml HTTP/1.1" 200 1392
201.245.192.253 - - [17/Feb/2024:16:09:33 -0500] "POST /kwsrmcab/Wsrmcab  HTTP/1.1" 200 40533
156.59.198.135 - - [17/Feb/2024:16:09:36 -0500] "GET /BLA/resoluciones/AUTOS%202023/02907.pdf HTTP/1.0" 200 459498
156.59.198.136 - - [17/Feb/2024:16:10:00 -0500] "GET /BLA/resoluciones/AUTOS%202023/00260.pdf HTTP/1.0" 200 416476
156.59.198.135 - - [17/Feb/2024:16:10:24 -0500] "GET /BLA/resoluciones/AUTOS%202023/05888.pdf HTTP/1.0" 200 409955
156.59.198.135 - - [17/Feb/2024:16:10:49 -0500] "GET /BLA/resoluciones/AUTOS%202023/06741.pdf HTTP/1.0" 200 478460
156.59.198.135 - - [17/Feb/2024:16:11:14 -0500] "GET /BLA/resoluciones/AUTOS%202023/06742.pdf HTTP/1.0" 200 453307
