181.53.12.90 - - [17/Feb/2024:16:34:24 -0500] "GET /sipse/faces/javax.faces.resource/jquery/jquery-plugins.js?ln=primefaces&v=4.0 HTTP/1.1" 304 -
181.53.12.90 - - [17/Feb/2024:16:34:24 -0500] "GET /sipse/faces/javax.faces.resource/primefaces.js?ln=primefaces&v=4.0 HTTP/1.1" 304 -
181.53.12.90 - - [17/Feb/2024:16:34:24 -0500] "GET /sipse/faces/javax.faces.resource/layout/layout.js?ln=primefaces&v=4.0 HTTP/1.1" 304 -
181.53.12.90 - - [17/Feb/2024:16:34:24 -0500] "POST /sipse/faces/presentacion/financiero/solicitudProceso/listarSolicitudProceso.xhtml HTTP/1.1" 200 1556
181.53.12.90 - - [17/Feb/2024:16:34:26 -0500] "POST /sipse/faces/presentacion/financiero/solicitudProceso/listarSolicitudProceso.xhtml HTTP/1.1" 200 19761
201.245.192.253 - - [17/Feb/2024:16:34:27 -0500] "POST /kwsrmcab/Wsrmcab  HTTP/1.1" 200 40533
40.77.167.20 - - [17/Feb/2024:16:34:33 -0500] "GET /BLA/resoluciones/RESOLUCIONES%202022/2839.pdf HTTP/1.1" 304 -
191.156.154.176 - - [17/Feb/2024:16:34:11 -0500] "POST /sipse/faces/bienvenido.xhtml HTTP/1.1" 200 17781
191.156.225.129 - - [17/Feb/2024:14:54:43 -0500] "POST /sipse/faces/presentacion/financiero/estudioPrevio/personalSolicitado/asociarExperienciaContratista.xhtml HTTP/1.1" 400 1022
172.22.2.4 - - [17/Feb/2024:16:33:26 -0500] "HEAD /BLA/boletinlegal/ HTTP/1.1" 200 -
40.77.167.27 - - [17/Feb/2024:16:35:09 -0500] "GET /BLA/resoluciones/AUTOS%202019/1960.pdf HTTP/1.1" 304 -
40.77.167.27 - - [17/Feb/2024:16:35:31 -0500] "GET /BLA/resoluciones/index.php?dir=RESOLUCIONES+2005%2FRES+2005+1351-1400%2F HTTP/1.1" 200 12356
181.53.12.90 - - [17/Feb/2024:16:35:40 -0500] "POST /sipse/faces/presentacion/financiero/solicitudProceso/listarSolicitudProceso.xhtml HTTP/1.1" 200 911
181.53.12.90 - - [17/Feb/2024:16:35:42 -0500] "GET /sipse/faces/faces/autenticacion HTTP/1.1" 302 -
181.53.12.90 - - [17/Feb/2024:16:35:42 -0500] "GET /sipse/faces/autenticacion.xhtml HTTP/1.1" 200 12405
181.53.12.90 - - [17/Feb/2024:16:35:43 -0500] "GET /sipse/faces/javax.faces.resource/primefaces.css?ln=primefaces&v=4.0 HTTP/1.1" 304 -
181.53.12.90 - - [17/Feb/2024:16:35:43 -0500] "GET /sipse/faces/javax.faces.resource/theme.css?ln=primefaces-sipse HTTP/1.1" 304 -
181.53.12.90 - - [17/Feb/2024:16:35:43 -0500] "GET /sipse/faces/javax.faces.resource/jquery/jquery.js?ln=primefaces&v=4.0 HTTP/1.1" 304 -
181.53.12.90 - - [17/Feb/2024:16:35:43 -0500] "GET /sipse/faces/javax.faces.resource/layout/layout.css?ln=primefaces&v=4.0 HTTP/1.1" 304 -
181.53.12.90 - - [17/Feb/2024:16:35:43 -0500] "GET /sipse/faces/javax.faces.resource/jquery/jquery-plugins.js?ln=primefaces&v=4.0 HTTP/1.1" 304 -
181.53.12.90 - - [17/Feb/2024:16:35:43 -0500] "GET /sipse/faces/javax.faces.resource/primefaces.js?ln=primefaces&v=4.0 HTTP/1.1" 304 -
181.53.12.90 - - [17/Feb/2024:16:35:43 -0500] "GET /sipse/faces/javax.faces.resource/layout/layout.js?ln=primefaces&v=4.0 HTTP/1.1" 304 -
181.53.12.90 - - [17/Feb/2024:16:35:46 -0500] "POST /sipse/faces/autenticacion.xhtml HTTP/1.1" 200 16912
181.53.12.90 - - [17/Feb/2024:16:35:46 -0500] "GET /sipse/faces/javax.faces.resource/layout/layout.css?ln=primefaces&v=4.0 HTTP/1.1" 304 -
181.53.12.90 - - [17/Feb/2024:16:35:46 -0500] "GET /sipse/faces/javax.faces.resource/primefaces.css?ln=primefaces&v=4.0 HTTP/1.1" 304 -
181.53.12.90 - - [17/Feb/2024:16:35:46 -0500] "GET /sipse/faces/javax.faces.resource/theme.css?ln=primefaces-sipse HTTP/1.1" 304 -
181.53.12.90 - - [17/Feb/2024:16:35:46 -0500] "GET /sipse/faces/javax.faces.resource/jquery/jquery.js?ln=primefaces&v=4.0 HTTP/1.1" 304 -
181.53.12.90 - - [17/Feb/2024:16:35:46 -0500] "GET /sipse/faces/javax.faces.resource/jquery/jquery-plugins.js?ln=primefaces&v=4.0 HTTP/1.1" 304 -
181.53.12.90 - - [17/Feb/2024:16:35:46 -0500] "GET /sipse/faces/javax.faces.resource/primefaces.js?ln=primefaces&v=4.0 HTTP/1.1" 304 -
181.53.12.90 - - [17/Feb/2024:16:35:46 -0500] "GET /sipse/faces/javax.faces.resource/layout/layout.js?ln=primefaces&v=4.0 HTTP/1.1" 304 -
181.53.12.90 - - [17/Feb/2024:16:35:49 -0500] "POST /sipse/faces/bienvenido.xhtml HTTP/1.1" 200 2658
181.53.12.90 - - [17/Feb/2024:16:35:50 -0500] "POST /sipse/faces/bienvenido.xhtml HTTP/1.1" 200 64270
181.53.12.90 - - [17/Feb/2024:16:35:50 -0500] "GET /sipse/faces/javax.faces.resource/layout/layout.css?ln=primefaces&v=4.0 HTTP/1.1" 304 -
181.53.12.90 - - [17/Feb/2024:16:35:50 -0500] "GET /sipse/faces/javax.faces.resource/primefaces.css?ln=primefaces&v=4.0 HTTP/1.1" 304 -
181.53.12.90 - - [17/Feb/2024:16:35:50 -0500] "GET /sipse/faces/javax.faces.resource/theme.css?ln=primefaces-sipse HTTP/1.1" 304 -
181.53.12.90 - - [17/Feb/2024:16:35:50 -0500] "GET /sipse/faces/javax.faces.resource/jquery/jquery.js?ln=primefaces&v=4.0 HTTP/1.1" 304 -
181.53.12.90 - - [17/Feb/2024:16:35:50 -0500] "GET /sipse/faces/javax.faces.resource/jquery/jquery-plugins.js?ln=primefaces&v=4.0 HTTP/1.1" 304 -
181.53.12.90 - - [17/Feb/2024:16:35:50 -0500] "GET /sipse/faces/javax.faces.resource/primefaces.js?ln=primefaces&v=4.0 HTTP/1.1" 304 -
181.53.12.90 - - [17/Feb/2024:16:35:50 -0500] "GET /sipse/faces/javax.faces.resource/layout/layout.js?ln=primefaces&v=4.0 HTTP/1.1" 304 -
181.53.12.90 - - [17/Feb/2024:16:35:51 -0500] "POST /sipse/faces/presentacion/financiero/solicitudProceso/listarSolicitudProceso.xhtml HTTP/1.1" 200 1556
172.22.2.4 - - [17/Feb/2024:16:35:51 -0500] "GET /BLA/boletinlegal/Circulares/2023/CIRCULAR%20No.%2000003%20DEL%2021%20DE%20FEBRERO%20DEL%202023.pdf HTTP/1.1" 200 355302
181.53.12.90 - - [17/Feb/2024:16:35:54 -0500] "POST /sipse/faces/presentacion/financiero/solicitudProceso/listarSolicitudProceso.xhtml HTTP/1.1" 200 4669
172.22.2.4 - - [17/Feb/2024:16:35:57 -0500] "GET /BLA/boletinlegal/Circulares/2023/CIRCULAR%20No.%2000002%20DEL%2020%20DE%20FEBRERO%20DEL%202023.pdf HTTP/1.1" 200 333231
172.22.2.4 - - [17/Feb/2024:16:34:17 -0500] "GET /BLA/boletinlegal/ HTTP/1.1" 200 60721
181.53.12.90 - - [17/Feb/2024:16:35:57 -0500] "POST /sipse/faces/presentacion/financiero/solicitudProceso/listarSolicitudProceso.xhtml HTTP/1.1" 200 122280
181.53.12.90 - - [17/Feb/2024:16:35:58 -0500] "GET /sipse/faces/javax.faces.resource/layout/layout.css?ln=primefaces&v=4.0 HTTP/1.1" 304 -
181.53.12.90 - - [17/Feb/2024:16:35:58 -0500] "GET /sipse/faces/javax.faces.resource/theme.css?ln=primefaces-sipse HTTP/1.1" 304 -
181.53.12.90 - - [17/Feb/2024:16:35:58 -0500] "GET /sipse/faces/javax.faces.resource/primefaces.css?ln=primefaces&v=4.0 HTTP/1.1" 304 -
181.53.12.90 - - [17/Feb/2024:16:35:58 -0500] "GET /sipse/faces/javax.faces.resource/jquery/jquery.js?ln=primefaces&v=4.0 HTTP/1.1" 304 -
181.53.12.90 - - [17/Feb/2024:16:35:58 -0500] "GET /sipse/faces/javax.faces.resource/jquery/jquery-plugins.js?ln=primefaces&v=4.0 HTTP/1.1" 304 -
181.53.12.90 - - [17/Feb/2024:16:35:58 -0500] "GET /sipse/faces/javax.faces.resource/primefaces.js?ln=primefaces&v=4.0 HTTP/1.1" 304 -
181.53.12.90 - - [17/Feb/2024:16:35:58 -0500] "GET /sipse/faces/javax.faces.resource/layout/layout.js?ln=primefaces&v=4.0 HTTP/1.1" 304 -
172.22.2.4 - - [17/Feb/2024:16:36:07 -0500] "GET /BLA/boletinlegal/Circulares/2019/.pdf HTTP/1.1" 404 1218
181.53.12.90 - - [17/Feb/2024:16:36:06 -0500] "POST /sipse/faces/presentacion/financiero/solicitudProceso/consultarSolicitudProceso.xhtml HTTP/1.1" 200 64703
181.53.12.90 - - [17/Feb/2024:16:36:08 -0500] "GET /sipse/faces/javax.faces.resource/layout/layout.css?ln=primefaces&v=4.0 HTTP/1.1" 304 -
181.53.12.90 - - [17/Feb/2024:16:36:08 -0500] "GET /sipse/faces/javax.faces.resource/theme.css?ln=primefaces-sipse HTTP/1.1" 304 -
181.53.12.90 - - [17/Feb/2024:16:36:08 -0500] "GET /sipse/faces/javax.faces.resource/primefaces.css?ln=primefaces&v=4.0 HTTP/1.1" 304 -
181.53.12.90 - - [17/Feb/2024:16:36:08 -0500] "GET /sipse/faces/javax.faces.resource/jquery/jquery.js?ln=primefaces&v=4.0 HTTP/1.1" 304 -
181.53.12.90 - - [17/Feb/2024:16:36:08 -0500] "GET /sipse/faces/javax.faces.resource/jquery/jquery-plugins.js?ln=primefaces&v=4.0 HTTP/1.1" 304 -
181.53.12.90 - - [17/Feb/2024:16:36:08 -0500] "GET /sipse/faces/javax.faces.resource/primefaces.js?ln=primefaces&v=4.0 HTTP/1.1" 304 -
181.53.12.90 - - [17/Feb/2024:16:36:08 -0500] "GET /sipse/faces/javax.faces.resource/layout/layout.js?ln=primefaces&v=4.0 HTTP/1.1" 304 -
181.53.12.90 - - [17/Feb/2024:16:36:08 -0500] "POST /sipse/faces/presentacion/financiero/solicitudProceso/listarSolicitudProceso.xhtml HTTP/1.1" 200 1556
172.22.2.4 - - [17/Feb/2024:16:36:16 -0500] "GET /BLA/boletinlegal/Circulares/024%09/CIRCULAR%20No.%2000003%20DEL%2016%20DE%20FEBRERO%20DEL%202024%09.pdf HTTP/1.1" 403 1026
172.22.2.4 - - [17/Feb/2024:16:36:19 -0500] "GET /BLA/boletinlegal/Circulares/024%09/CIRCULAR%20No.%2000003%20DEL%2016%20DE%20FEBRERO%20DEL%202024%09.pdf HTTP/1.1" 403 1026
181.53.12.90 - - [17/Feb/2024:16:36:19 -0500] "POST /sipse/faces/presentacion/financiero/solicitudProceso/listarSolicitudProceso.xhtml HTTP/1.1" 200 911
172.22.2.4 - - [17/Feb/2024:16:36:22 -0500] "GET /BLA/boletinlegal/Circulares/024%09/CIRCULAR%20No.%2000003%20DEL%2016%20DE%20FEBRERO%20DEL%202024%09.pdf HTTP/1.1" 403 1026
172.22.2.4 - - [17/Feb/2024:16:36:25 -0500] "GET /BLA/boletinlegal/Circulares/024%09/CIRCULAR%20No.%2000003%20DEL%2016%20DE%20FEBRERO%20DEL%202024%09.pdf HTTP/1.1" 403 1026
172.22.2.4 - - [17/Feb/2024:16:36:27 -0500] "GET /BLA/boletinlegal/Circulares/024%09/CIRCULAR%20No.%2000003%20DEL%2016%20DE%20FEBRERO%20DEL%202024%09.pdf HTTP/1.1" 403 1026
66.249.66.20 - - [17/Feb/2024:16:36:54 -0500] "GET /Publicaciones/2023EE286528.pdf HTTP/1.1" 404 228
216.245.221.92 - - [17/Feb/2024:16:37:06 -0500] "HEAD / HTTP/1.1" 200 -
173.252.95.8 - - [17/Feb/2024:16:37:51 -0500] "GET /guadalupe-aguanoso-un-nuevo-tramo-de-camino-para-disfrutar-en-los-cerros-orientales.html HTTP/1.1" 200 795
201.245.192.253 - - [17/Feb/2024:16:39:04 -0500] "POST /kwsrmcab/Wsrmcab HTTP/1.1" 200 38146
201.245.192.253 - - [17/Feb/2024:16:39:07 -0500] "POST /kwsrmcab/Wsrmcab HTTP/1.1" 200 39404
201.245.192.253 - - [17/Feb/2024:16:39:26 -0500] "POST /kwsrmcab/Wsrmcab HTTP/1.1" 200 37964
201.245.192.253 - - [17/Feb/2024:16:39:27 -0500] "POST /kwsrmcab/Wsrmcab  HTTP/1.1" 200 40533
207.46.13.230 - - [17/Feb/2024:16:39:47 -0500] "GET /robots.txt HTTP/1.1" 404 1035
207.46.13.127 - - [17/Feb/2024:16:39:52 -0500] "GET /portaldeninos/?s=2024 HTTP/1.1" 200 85855
201.245.192.253 - - [17/Feb/2024:16:40:11 -0500] "POST /kwsrmcab/Wsrmcab HTTP/1.1" 200 39404
66.249.66.19 - - [17/Feb/2024:16:40:49 -0500] "GET /BLA/resoluciones/RESOLUCIONES%202009/1230.pdf HTTP/1.1" 200 395410
172.22.2.4 - - [17/Feb/2024:16:39:16 -0500] "HEAD /BLA/boletinlegal/ HTTP/1.1" 200 -
172.22.2.4 - - [17/Feb/2024:16:40:07 -0500] "GET /BLA/boletinlegal/ HTTP/1.1" 200 59074
216.245.221.92 - - [17/Feb/2024:16:42:06 -0500] "HEAD / HTTP/1.1" 200 -
201.245.192.253 - - [17/Feb/2024:16:44:25 -0500] "POST /kwsrmcab/Wsrmcab  HTTP/1.1" 200 40533
66.249.66.21 - - [17/Feb/2024:16:45:10 -0500] "GET /BLA/resoluciones/RESOLUCIONES%202010/7243.pdf HTTP/1.1" 200 393450
40.77.167.7 - - [17/Feb/2024:16:45:32 -0500] "GET /BLA/resoluciones/index.php?dir=RESOLUCIONES+2007%2FRES+2007+1101+AL+1200%2F HTTP/1.1" 200 26852
172.22.2.4 - - [17/Feb/2024:16:45:06 -0500] "HEAD /BLA/boletinlegal/ HTTP/1.1" 200 -
216.245.221.92 - - [17/Feb/2024:16:47:06 -0500] "HEAD / HTTP/1.1" 200 -
146.19.24.28 - - [17/Feb/2024:16:47:23 -0500] "GET / HTTP/1.1" 200 319
52.167.144.191 - - [17/Feb/2024:16:47:32 -0500] "GET /BLA/resoluciones/AUTOS%202021/0291.pdf HTTP/1.1" 304 -
172.22.2.4 - - [17/Feb/2024:16:45:57 -0500] "GET /BLA/boletinlegal/ HTTP/1.1" 200 59074
201.245.192.253 - - [17/Feb/2024:16:49:24 -0500] "POST /kwsrmcab/Wsrmcab  HTTP/1.1" 200 40533
173.252.111.119 - - [17/Feb/2024:16:50:43 -0500] "GET /images/30%20de%20enero%20Entrenubes%20alcalde.jpeg HTTP/1.1" 200 64486
173.252.111.119 - - [17/Feb/2024:16:50:43 -0500] "GET /images/31%20de%20enero%20humedal%20La%20Conejera.jpg HTTP/1.1" 200 33808
173.252.111.4 - - [17/Feb/2024:16:50:47 -0500] "GET /images/Comprimida%20incendios.jpg HTTP/1.1" 200 23316
173.252.111.2 - - [17/Feb/2024:16:50:47 -0500] "GET /images/Rueda%20de%20prensa.jpeg HTTP/1.1" 200 58715
173.252.111.9 - - [17/Feb/2024:16:50:48 -0500] "GET /images/24%20de%20enero%20sendero.JPG HTTP/1.1" 200 59121
173.252.111.10 - - [17/Feb/2024:16:50:48 -0500] "GET /images/25%20Incendio%20declaratoria.jpeg HTTP/1.1" 200 90327
216.245.221.92 - - [17/Feb/2024:16:52:06 -0500] "HEAD / HTTP/1.1" 200 -
172.22.2.4 - - [17/Feb/2024:16:50:57 -0500] "HEAD /BLA/boletinlegal/ HTTP/1.1" 200 -
52.167.144.145 - - [17/Feb/2024:16:52:53 -0500] "GET /BLA/resoluciones/index.php?dir=RESOLUCIONES+2006%2FRES+2006+851-900%2F HTTP/1.1" 200 12234
172.22.2.4 - - [17/Feb/2024:16:51:47 -0500] "GET /BLA/boletinlegal/ HTTP/1.1" 200 60721
54.39.177.48 - - [17/Feb/2024:16:54:08 -0500] "GET /centro-vive-la-secretaria-de-ambiente-realiza-actividades-de-sensibilizacion-para-recuperar-este-punto-de-la-ciudad.html HTTP/1.1" 200 1012
201.245.192.253 - - [17/Feb/2024:16:54:22 -0500] "POST /kwsrmcab/Wsrmcab  HTTP/1.1" 200 40533
186.29.196.181 - - [17/Feb/2024:16:55:38 -0500] "GET /BLA/resoluciones/RESOLUCIONES%202017/2767.pdf HTTP/1.1" 200 2357434
186.29.196.181 - - [17/Feb/2024:16:55:39 -0500] "GET /BLA/resoluciones/RESOLUCIONES%202017/2767.pdf HTTP/1.1" 206 63674
52.167.144.137 - - [17/Feb/2024:16:56:14 -0500] "GET /BLA/resoluciones/AUTOS%202021/2703.pdf HTTP/1.1" 304 -
52.167.144.137 - - [17/Feb/2024:16:56:15 -0500] "GET /BLA/resoluciones/index.php?dir=RESOLUCIONES+2003%2FRES+2003+251-300%2F HTTP/1.1" 200 11115
52.167.144.236 - - [17/Feb/2024:16:56:21 -0500] "GET /BLA/resoluciones/AUTOS%202021/0600.pdf HTTP/1.1" 304 -
66.249.66.20 - - [17/Feb/2024:16:56:41 -0500] "GET /BLA/resoluciones/Notificaciones/RESOLUCIONES%202022/4565.pdf HTTP/1.1" 200 375467
216.245.221.92 - - [17/Feb/2024:16:57:06 -0500] "HEAD / HTTP/1.1" 200 -
66.249.66.19 - - [17/Feb/2024:16:57:14 -0500] "GET /BLA/resoluciones/RESOLUCIONES%202010/1690.pdf HTTP/1.1" 200 365308
173.252.79.7 - - [17/Feb/2024:16:58:01 -0500] "GET /images/Caminatas%20(1)%20(2).jpeg HTTP/1.1" 200 81411
172.22.2.4 - - [17/Feb/2024:16:56:46 -0500] "HEAD /BLA/boletinlegal/ HTTP/1.1" 200 -
173.252.95.18 - - [17/Feb/2024:16:58:53 -0500] "GET /agendate-para-participar-en-las-caminatas-ecologicas-de-febrero.html HTTP/1.1" 200 830
172.22.2.4 - - [17/Feb/2024:16:57:37 -0500] "GET /BLA/boletinlegal/ HTTP/1.1" 200 58711
201.245.192.253 - - [17/Feb/2024:16:59:20 -0500] "POST /kwsrmcab/Wsrmcab  HTTP/1.1" 200 40533
216.245.221.92 - - [17/Feb/2024:17:02:06 -0500] "HEAD / HTTP/1.1" 200 -
69.171.231.6 - - [17/Feb/2024:17:04:04 -0500] "GET /images/mujeres-que-reverdecen.jpg HTTP/1.1" 200 31358
66.249.66.19 - - [17/Feb/2024:17:04:15 -0500] "GET /BLA/resoluciones/Notificaciones/RESOLUCIONES%202022/5332.pdf HTTP/1.1" 200 442646
172.22.2.4 - - [17/Feb/2024:17:02:37 -0500] "HEAD /BLA/boletinlegal/ HTTP/1.1" 200 -
201.245.192.253 - - [17/Feb/2024:17:04:19 -0500] "POST /kwsrmcab/Wsrmcab  HTTP/1.1" 200 40533
172.22.2.4 - - [17/Feb/2024:17:03:27 -0500] "GET /BLA/boletinlegal/ HTTP/1.1" 200 59074
216.245.221.92 - - [17/Feb/2024:17:07:06 -0500] "HEAD / HTTP/1.1" 200 -
66.249.66.19 - - [17/Feb/2024:17:07:10 -0500] "GET /pdc/actos/1731.pdf HTTP/1.1" 200 724138
66.249.66.19 - - [17/Feb/2024:17:07:29 -0500] "GET /BLA/resoluciones/AUTOS%202014/2771.pdf HTTP/1.1" 200 465836
186.102.19.75 - - [17/Feb/2024:17:08:35 -0500] "GET /kwssiamovil/sm/acme/a?s=U2FsdGVkX1/IQ0zyrMcWWStIHibh9aa5xI/0JayLaTeNMr/KVKrB8HxEHLn9F5Sc9wyzlmhCdRzSRcSYG6RirEb9f+8gNYrnLNvNzQNAi42ZJQyXQaJr2Ao9ztSGSTffV+tvczgw26I8P6sDxjZEgMciwWEiR0emiOMl3BqSy3S3yZzmymm0L9Rp7AR/t4Gz9BN4hqc57au1aMj0/ooFcyejBK1D1CQPRLCELNhxTKlFpnrVygdiqBCwdlqBWCbBgMp3ZtzECkFeQtnGxHgu8A==&u=U2FsdGVkX1/UoEfNOd2Enr3yXQ3QxOenJ4BxgvjIawc=&y=U2FsdGVkX19utCSIaDCBNo+dLZyhbh4UfLgz9WaOu4ij05IUxph0AM7gUnWbBdZ3 HTTP/1.1" 200 26
186.102.19.75 - - [17/Feb/2024:17:08:36 -0500] "GET /kwssiamovil/sm/acme/a?s=U2FsdGVkX1+pYRIqVpqhGZFdPEh4CyUvEumuYFxjvxRIilWkfi1yZoj9fRCosDYaY1p59q5Yicq2Urd2Bfmo/fqAwTKUYEl12YMbDTThIlXZIAr8rM9sQyYgq2BVeeP0SgvZXgrNtItGQfksno5ByrG6Hhtz0ogbBUn+FcjRzkaCQA2SzNvtGaKrDSQAENs1hc8YJBS0Zl1v6U9WThq2s7cOvpAMjDA4ndAcLMyZmHHcylBBWidC1VlndgB11wWq0krEkFOShbJ/SbnLW6oNYe5LC2xzuMB3CFuINWT3VNyMg47ZbJuFFw9DToRxnq255UwZ/vqACiuXPcqeNzlSqzb56+FRNgT6c3vRDJ1tQvA/Ox7Fq2FhSm3H/8ngZ7yuKzcWlYiXhdF59oIApYr43zm7tcLglRok+ve0cRMnE7WGo0KLm/ZuARNUQrdZ/mDUGXLPxVVhUZqZ674pDACMZvSNdXGhoKlUVGOmEpJ3+Ql45LUoIZ8Tn93u4+0zyjsTgKJk1jrx5whdhyX09f752iG7+Y8ksm5hmQI4ZrjOfjnD1g1Mjrrp2wtc/ef59nILhwOMa5iaMoPjbTFSkFWDpcb8xKToFNftivPRzlTummpJnSQUsEipcH7y/vExl6HZFLyNeI4TzTOkkzeVNmpwPgeqD+nh4zzUhXbopxKED2acxUsna8ICee/7JaQvQd2l5nnuZgE4v/NJ09fUe9YYvjPNA6nRhC2oxGGxyuxzp/i/xSX+OZlmDt94LQsH0XlUgolXuM86f5Sgk8Myeb4CrJzcuA8rohty2SJif7jYGm4BeLrFUr3UOuwh6D8BnEOX3F9dUD9DAW4ynWqS9fVi+4Te59erg8PECEjms01uV02y0tmRMiK/q1OBeWJcMczeGOu5HkKsXl8xKbXT1NEwK/tfulozL7U1TJUjrx+EKp8mBnsCcTwsaV3KP3qFEu32xa6vs2EpcSo8kxe2mkDJ05mlqntki4W0S6eC3OCoI8TXYS4VsprSRmDYREVQDKquLo8cFZE9r0pm6UH9D82pOV7Bo1R0A4ECQ+lNxPOb7/ErZGD+4Ho0QqMCDxMVwG5i2kImR7eQxcHyjbczYCJRwKjvQRNt5rrQXA1XHipz/NJgmjmLomdkd9AVErp1DCEYX16NTcTpzMYnGHJW6qZPuRiBbRjFNoJXXHIAPgcCUb9NcjUyVGDjiCDooo5vYVk2/dZHglUjg956g7/AkINKl4zvppeZUeXAqMBfiyhYibnep1bxB1w8yCObO17uuGjrU8GxiRwNdUD16bquAUd+3heLnedFfQRf6J2OTRUqO/HZ8yYJxkFPh2wh1XuoUndQd/bAV3JqVYZoNo4i+V9zLfsf/zv6XG5kt1cDZM6u3evfT0kVG1vu7GFDZdwrNNU70oIiDEfMqsnvptF/iXD+Tbo8Q7hiZ3gcFLhdyyiYiaz8ayouW4NHeL116diLxD3S6AVsGwNDaSB5FVKsc1H/TcsnMThq+V5rAuC152H3GruEnfBIeDEViFCPZB6BpVMrY3OpR9EYR+C+LaTUfVy2IajxH+x0QJiedEx5qnOKJC4u6CB0Gi7ftUv+m25vGS/LrpVq4+g24jE3vYGw3X2M2tkUq54v/U1DZQtD9uCuH8U5CX9orsuMuTe2w9vNn7N5tb0HFi5a/1CgnKqzbOnuY8MDTfLgIPqJw+I6O50mGEDCiJHyhjYSbgzEmkf2JGWCQo7lWKVQuMYXwPhrQzDqASDWlsC4+FEvBya6+LemdYbW34sONdtNbgtc5AKOzr+B4KiSZ+7bk2U76HY3JnLBKB/YEFA4KMR92vy29XJGdi/IGx4t3gRvIqDZdsyU9h7CV4VaO9gx+2onEuNfE1H6bkbNCqeIfwJ48slnVmJu5SGqu6rmlH8vvb2DNwJpUwjf0OXwwyG0j+4Tx8dBL2C6CFjigUYpK0YFnopr86m/Nqd2I8d1F5jXrhoAEGst40HORIjaDJXTb36YP32r8e3Jl7bwXz3AkNcowPsfMunLULue+UTnUkUGHUuR5kApTyFFy3NlqxuQmmxyP0JD2QBslqz8dxAnxMhWyW3Nkuqet49OlmzAOqbFk3oHBx1yFwXmE+UC9vyluN/fhe7HfrQ503iaIk3DsDMKX+xSb6yyUHE2mrcFPiGdyMPRvvS7i1dCEqmBnWPyeppQVDyLl/ulfHgvAcpPGSb7UzZTRLVcmzhhD53akD6Y7QShO7vQwYH9gn6H9NPM98mn/un05lpowHPEpCu2j6tNeEjVtQF5BC/SC2SzxkrhXqHVyJp1YyVzHPjbyN8XwJYLVROED9lpXX8BUajmcL2aQBdkyh4AI9k=&u=U2FsdGVkX1/UoEfNOd2Enr3yXQ3QxOenJ4BxgvjIawc=&y=U2FsdGVkX19utCSIaDCBNo+dLZyhbh4UfLgz9WaOu4ij05IUxph0AM7gUnWbBdZ3 HTTP/1.1" 200 26
186.102.19.75 - - [17/Feb/2024:17:08:37 -0500] "GET /kwssiamovil/sm/acme/a?s=U2FsdGVkX19yMUi3TydGaWWyN6YHgiZn1sxabmIyzmhb7FGj2EFI7HhcJMppoa9F50nNEQrPdgB+gohKt7EvVvXIF08wR7r2GRCSxSxu34rJt12KhlXf9IA86ZiXD1yP/xDKaPfVy/fPrVj+t3va+Bt1tqR7EWdFX/b42PBGS6w=&u=U2FsdGVkX1/UoEfNOd2Enr3yXQ3QxOenJ4BxgvjIawc=&y=U2FsdGVkX19utCSIaDCBNo+dLZyhbh4UfLgz9WaOu4ij05IUxph0AM7gUnWbBdZ3 HTTP/1.1" 200 26
186.102.19.75 - - [17/Feb/2024:17:08:37 -0500] "GET /kwssiamovil/sm/acme/a?s=U2FsdGVkX1+CT8AzGzAnbtCpyxKelfnCV9as/tC/whp5VRxf5Tk+tDs8I9+VTF2nK5Q4GrCv1T0ItnGEY0nEpjA/w1NOKjNt7G4VykY1kO4cwx8b25fEEVsucqJ+HdvmzNOKtbHYjC5vW0uvvFTprJ8OeqswKhR1uKxYbd68pvQ=&u=U2FsdGVkX1/UoEfNOd2Enr3yXQ3QxOenJ4BxgvjIawc=&y=U2FsdGVkX19utCSIaDCBNo+dLZyhbh4UfLgz9WaOu4ij05IUxph0AM7gUnWbBdZ3 HTTP/1.1" 200 26
186.102.19.75 - - [17/Feb/2024:17:08:37 -0500] "GET /kwssiamovil/sm/acme/a?s=U2FsdGVkX1/bC5+vLpIyRHj4FAlYvGf1Dc983OMd3V/lR8yfHbLeSx2nUIWAXIuxnWD2PI5y8pKTIW/+amtQxvEkJ3dZ82zVwTuukrujvTzzD8ggfv0Fm4KipniSk0UozMUfdsnId7vg1PcZf3qhj5q+knt2gWF9YUNRaEPjGmI=&u=U2FsdGVkX1/UoEfNOd2Enr3yXQ3QxOenJ4BxgvjIawc=&y=U2FsdGVkX19utCSIaDCBNo+dLZyhbh4UfLgz9WaOu4ij05IUxph0AM7gUnWbBdZ3 HTTP/1.1" 200 26
186.102.19.75 - - [17/Feb/2024:17:08:37 -0500] "GET /kwssiamovil/sm/acme/a?s=U2FsdGVkX19EeNHONwLi4rF8jUn5mCng5mhOY6jZcL+xHzjKb4T5DW/O0rRvSOMeujl5GerioY19BMwUT8S47Zqe1C7D7koCBqFuuXFiL+B4rnNNBM5WVTS84K1qCYBmAkWR84+LDA6GJpZFx+HcqTgJN/2LYDsLG+LeRH8UE3uwuWlRieHd08tRmUCfe2uq&u=U2FsdGVkX1/UoEfNOd2Enr3yXQ3QxOenJ4BxgvjIawc=&y=U2FsdGVkX19utCSIaDCBNo+dLZyhbh4UfLgz9WaOu4ij05IUxph0AM7gUnWbBdZ3 HTTP/1.1" 200 26
201.245.192.253 - - [17/Feb/2024:17:09:18 -0500] "POST /kwsrmcab/Wsrmcab  HTTP/1.1" 200 40533
66.249.66.20 - - [17/Feb/2024:17:09:58 -0500] "GET /BLA/resoluciones/RESOLUCIONES%202007/RES%202007%204101%20AL%204200/RESOLUCION%204194%20DE%202007.pdf HTTP/1.1" 200 287290
172.22.2.4 - - [17/Feb/2024:17:08:26 -0500] "HEAD /BLA/boletinlegal/ HTTP/1.1" 200 -
172.22.2.4 - - [17/Feb/2024:17:09:17 -0500] "GET /BLA/boletinlegal/ HTTP/1.1" 200 60721
216.245.221.92 - - [17/Feb/2024:17:12:06 -0500] "HEAD / HTTP/1.1" 200 -
31.220.88.155 - - [17/Feb/2024:17:12:41 -0500] "\x16\x03\x01\x01\xc0\x01" 400 226
66.249.66.19 - - [17/Feb/2024:17:13:03 -0500] "GET /BLA/resoluciones/Notificaciones/RESOLUCIONES%202023/519.pdf HTTP/1.1" 200 345699
201.245.192.253 - - [17/Feb/2024:17:14:18 -0500] "POST /kwsrmcab/Wsrmcab  HTTP/1.1" 200 40533
40.77.167.55 - - [17/Feb/2024:17:14:52 -0500] "GET /portaldeninos/2018/06/06/hola-mundo-2/feed/ HTTP/1.1" 200 982
186.102.74.73 - - [17/Feb/2024:17:15:33 -0500] "GET /kwssiamovil/sm/ldap/au?x=U2FsdGVkX19ULia3XaeWTd5RzfUoSdOOH1vJdirkwjhE7eMRohF918cQ1uu5eh+1&y=U2FsdGVkX19RGXU+BNJLDkXUaIDgFpDMMwPKURTUHUl6zAqy7m1ntrvgssF+d0Xv HTTP/1.1" 200 30
186.102.74.73 - - [17/Feb/2024:17:15:33 -0500] "GET /kwssiamovil/sm/acme/s?s=U2FsdGVkX19Cp65rIab1YtEnc6AYQeayPWAnEkE6bZ/Oms4lqNTTdelk5/YGCDf288/uv7EJ1LLz11kbmPLfsscIhMA5T24t92AFP3hTnSI=&u=U2FsdGVkX183nUXCO40+e7WIeYMeWjpknivwCdqD/aA=&y=U2FsdGVkX19RGXU+BNJLDkXUaIDgFpDMMwPKURTUHUl6zAqy7m1ntrvgssF+d0Xv HTTP/1.1" 200 97
186.102.74.73 - - [17/Feb/2024:17:15:33 -0500] "GET /kwssiamovil/sm/acme/s?s=U2FsdGVkX1/ojWrwW8zYvhXCay1BunIoK+wG8uP2K/OXnNy9UqFkEpg8PZqxRu/T7r7TD0NboPou8w35yLSxGhiZjY8vBcSLv61CkRk2RBTKvTXBolrM7ZG5sWxS3/fYG7ujX17lr1reEJ8vAvOJEiFi5UUY0NYmhzjrmzZ6EsHRBdSG+Nudfehfj6Sqep08Kv9XhJggZVmXrEyT6vk2wL0oYka0ccSsAQiElaMk0rwdP5CGemJuF1ASY8pRtne20xGmsknjjAyfEpamlp8vy5HVQVbkHw+zhU1VaJgpRj/n115ns8rOg/0aBbz+Qx4NjbeCDh3bgk2pdoUDVcP7SoPD6JNkXhgmpD5KDFFrcW4cWyfMRRK3GaDIvXLslzGkRANDaN8QzekQHcY+mrnyRYNmZRnKK0v+TE5TJm76e3xOV7Jn5VUGbLt2A4tA++g+EcUppsmvp5jkP77hncKEcdaawBc4PzICVtTNGIrHbLU9QRzH0JCDKExkkFITGWy+aDk+X4RTpHNAV2u8RLjNIjcH3tgyeo26hAPr5r5FADxepJGp8JWN5vN4q1fRIA56JHcFSOYNzkh6ZEoQTgy3vBiJvjg5dM8veCJtZXyUwc028NTSgE6yRwzEiv0mbxgH38KSWWLdYIv5hzsf5vPJBddrunUNj0QpCK9GYhdBaubPxlJaRsSjUGQqz+mJa76rRLIN35oOZwyyyW5bdO6yIW/QbeU77RzkY5Va5lKi32Y2JhfMYBKf9IGh9pnXk6oelVVdfy+rSkqKkG6xLbGN7HLfzJhwIFi1QDi2oZQAdOpFrubp3gWVmC7WB5ex3FQAB+qDt2MUjOFPLM7ToYHUc/hKVcz9+LNRnHee3+J2vglJkYrKnFLOEB6F4ZaY9S7BdhFLwifAhRGo+IoFPAKEeUn6Ry/WTYukNSng+gfwhYOLGglP7hL+9ZiXDUeQDgsLu7MefpC9KVMXOzH6tG5eiQYzVyMFG26XVNIgxcr79F7BDboE7B9Pv7VD4TrW6WPl+JodKZlR3P+jffWDDmTGyCPDuzUsSuqCudXrWC8oFTNCfuVWseoKZkqAETTd8FVPxurRjlaVL70og43rva/Y8XFODNLxpX4bVbJ0HuV1HhHrZlI9wTTxNoDbPahWNMug6l6Nr8+vbacOtRJiNgF5ZKhFgcBcB3W2sgSqGENixhWR+7SJs2ASV3stQRoZijoyA1fdiX9TwjhhGNyQfiLGitngWa+sepoweiJ6B7XmUPc0Yz2FomqGcnJSSn0Lpv6yZYxQjCTexsJ1lQWIiASkJ76J+1geeS/V2nsU5wU3zblUhHg4kPdYtk8bjO6gL2AIgcijw1eV+IjkaI8mmuJecxgVsflvKSMBocSZFR1HfXghFAxwQ4VzBEb4ESnGLmm5eanzugM+N/hHfCnDtDW+/8hJLy+afky1PY2tWqQVv+6dbNGYkmDJisO2X/LyhZnVSlwaIwVfgeaX9J/vKU8OKGZ/a3AlQCvqxoLJw6u6LNRUO0fASR38Z3I6nLCgX7NfHGDqkr271vuDy+CgaMFl6dYY2Q+LE3SByXE+XhAksDpuuiq3Txj26X5tLJ18pLJ8gaYE6mHN6GR6wywMCa9zJru7l+jpH+crILXCehWEAMLKQIIW4JxJdKxbRU148KpHaxdG0A46LzDo61AW852uoAePPWo2YVACyNnI7ZsjO49p4eg5ClTsH61zQ53MubHiaJ9zh1hxWd+6yxpBUVM9dPhyI/Ub/aDAXGyoc8QnBLw=&u=U2FsdGVkX183nUXCO40+e7WIeYMeWjpknivwCdqD/aA=&y=U2FsdGVkX19RGXU+BNJLDkXUaIDgFpDMMwPKURTUHUl6zAqy7m1ntrvgssF+d0Xv HTTP/1.1" 200 1693
186.102.74.73 - - [17/Feb/2024:17:15:33 -0500] "GET /kwssiamovil/sm/acme/s?s=U2FsdGVkX1/1cniVt+RM6OXjikeWL3aHc27LtR5Wef44EkIRG0pOgw8aFUWMTBBNxWFcmMov5sBq3lWTUNWaSVb2lecyY9d6qcpYJcB7/67D9+kE3/rS9jiTSXwpTS807pCxEtBm73WZf4jZ5DxdNAMqV0UgFtkMLyxSnIgUNB0l9J0UBicI8YIOz7/5+ZcgO/OnzhBv6uzBsSnGu05e/Gw8hFxFVGN1IpxYZ/dtw2B6urNm8EjUcD7+zaLiNGutwTPMndA5athBzbvI/b36r8y9+2AKqeC8fShsyzReg1zlI4S8gIGK74l0clPhW31oGX+GPd92kQMSO6L0DDxdPsm6iAwidFhupDeSr1oonMX2/mbCKaH6R+5OxA0zeaBmaZ9r2/VYP2878nxZYiNdZzvjtG6gcYRLKPB0UAgrPdMSCvo2a9fV6zSWg0N5PEORcjg2hTXOIXFSFU/uwvTS9J8y4kqKnS4pLKex6tA/qW5WaFKheC69eg+tXgPQsVJ6XaGlPxaqaCFHI6fvDEwU7o7GrqpnAlfqEMVeX2qdB0qkCnGtsw2eoNCd8xrEL5raH0gY8278bUZc9gTWTPFJA36pkwULwipgv9e5Uyn6llfLxgtdNkxt5CAjsx4Pp978Nl/Xfo44pXDABWIUVHIeobAwe5NTjcEZhO+MDNjmTx8WEp7lnI7lW6XVZ/GMQxFywBEiO2PwucNvjBGSMPcqmBc6sH8ZZ8ndysfWH4sOfQXgADkWbCk1/e69t4IEDSdW&u=U2FsdGVkX183nUXCO40+e7WIeYMeWjpknivwCdqD/aA=&y=U2FsdGVkX19RGXU+BNJLDkXUaIDgFpDMMwPKURTUHUl6zAqy7m1ntrvgssF+d0Xv HTTP/1.1" 200 208
186.102.74.73 - - [17/Feb/2024:17:15:34 -0500] "GET /kwssiamovil/sm/cjson/pre?f=1&x=U2FsdGVkX19ULia3XaeWTd5RzfUoSdOOH1vJdirkwjhE7eMRohF918cQ1uu5eh+1 HTTP/1.1" 200 32032
172.22.2.4 - - [17/Feb/2024:17:14:16 -0500] "HEAD /BLA/boletinlegal/ HTTP/1.1" 200 -
172.22.2.4 - - [17/Feb/2024:17:16:21 -0500] "GET /BLA/boletinlegal/robots.txt HTTP/1.1" 404 1038
172.22.2.4 - - [17/Feb/2024:17:16:24 -0500] "HEAD /BLA/boletinlegal/images/historia.png HTTP/1.1" 200 -
172.22.2.4 - - [17/Feb/2024:17:15:07 -0500] "GET /BLA/boletinlegal/ HTTP/1.1" 200 59958
216.245.221.92 - - [17/Feb/2024:17:17:06 -0500] "HEAD / HTTP/1.1" 200 -
66.249.66.19 - - [17/Feb/2024:17:19:03 -0500] "GET /BLA/resoluciones/Notificaciones/RESOLUCIONES%202022/4485.pdf HTTP/1.1" 200 359265
201.245.192.253 - - [17/Feb/2024:17:19:04 -0500] "POST /kwsrmcab/Wsrmcab HTTP/1.1" 200 38016
201.245.192.253 - - [17/Feb/2024:17:19:06 -0500] "POST /kwsrmcab/Wsrmcab HTTP/1.1" 200 39396
66.249.66.19 - - [17/Feb/2024:17:19:18 -0500] "GET /resoluciones/RESOLUCIONES%202008/1691.pdf HTTP/1.1" 404 1018
201.245.192.253 - - [17/Feb/2024:17:19:16 -0500] "POST /kwsrmcab/Wsrmcab  HTTP/1.1" 200 40533
201.245.192.253 - - [17/Feb/2024:17:19:25 -0500] "POST /kwsrmcab/Wsrmcab HTTP/1.1" 200 37966
173.252.79.120 - - [17/Feb/2024:17:19:57 -0500] "GET /images/Comprimida%20incendios.jpg HTTP/1.1" 200 23316
201.245.192.253 - - [17/Feb/2024:17:20:10 -0500] "POST /kwsrmcab/Wsrmcab HTTP/1.1" 200 39396
172.22.2.4 - - [17/Feb/2024:17:21:10 -0500] "GET /BLA/boletinlegal/jurisprudencia/analisis/AnalisisT-606-15.docx HTTP/1.1" 200 26698
172.22.2.4 - - [17/Feb/2024:17:21:11 -0500] "GET /BLA/boletinlegal/apple-touch-icon-120x120-precomposed.png HTTP/1.1" 404 1140
172.22.2.4 - - [17/Feb/2024:17:21:11 -0500] "GET /BLA/boletinlegal/apple-touch-icon-120x120.png HTTP/1.1" 404 1140
172.22.2.4 - - [17/Feb/2024:17:21:11 -0500] "GET /BLA/boletinlegal/apple-touch-icon-precomposed.png HTTP/1.1" 404 1140
172.22.2.4 - - [17/Feb/2024:17:21:11 -0500] "GET /BLA/boletinlegal/apple-touch-icon.png HTTP/1.1" 404 1140
172.22.2.4 - - [17/Feb/2024:17:21:11 -0500] "GET /BLA/boletinlegal/favicon.ico HTTP/1.1" 404 1140
172.22.2.4 - - [17/Feb/2024:17:21:11 -0500] "GET /BLA/boletinlegal/apple-touch-icon-120x120-precomposed.png HTTP/1.1" 404 1140
172.22.2.4 - - [17/Feb/2024:17:21:11 -0500] "GET /BLA/boletinlegal/apple-touch-icon-120x120.png HTTP/1.1" 404 1140
172.22.2.4 - - [17/Feb/2024:17:21:11 -0500] "GET /BLA/boletinlegal/apple-touch-icon-precomposed.png HTTP/1.1" 404 1140
172.22.2.4 - - [17/Feb/2024:17:21:12 -0500] "GET /BLA/boletinlegal/apple-touch-icon.png HTTP/1.1" 404 1140
172.22.2.4 - - [17/Feb/2024:17:21:12 -0500] "GET /BLA/boletinlegal/favicon.ico HTTP/1.1" 404 1140
66.249.66.21 - - [17/Feb/2024:17:21:12 -0500] "GET /BLA/resoluciones/RESOLUCIONES%202009/1201.pdf HTTP/1.1" 200 459366
173.252.79.6 - - [17/Feb/2024:17:21:45 -0500] "GET /images/presentaci\xc3\xb3n%20convenci\xc3\xb3n.jpg HTTP/1.1" 404 1034
172.22.2.4 - - [17/Feb/2024:17:20:07 -0500] "HEAD /BLA/boletinlegal/ HTTP/1.1" 200 -
172.22.2.4 - - [17/Feb/2024:17:21:55 -0500] "GET /BLA/boletinlegal/robots.txt HTTP/1.1" 404 1038
172.22.2.4 - - [17/Feb/2024:17:21:57 -0500] "GET /BLA/boletinlegal/sugerencias.php HTTP/1.1" 200 8615
172.22.2.4 - - [17/Feb/2024:17:21:58 -0500] "GET /BLA/boletinlegal/doctrina.php HTTP/1.1" 200 5667
172.22.2.4 - - [17/Feb/2024:17:21:58 -0500] "GET /BLA/boletinlegal/conceptos.php HTTP/1.1" 200 7588
216.245.221.92 - - [17/Feb/2024:17:22:06 -0500] "HEAD / HTTP/1.1" 200 -
40.77.167.52 - - [17/Feb/2024:17:22:25 -0500] "GET /BLA/resoluciones/index.php?dir=RESOLUCIONES+2005%2FRES+2005+3101-3150%2F HTTP/1.1" 200 12367
172.22.2.4 - - [17/Feb/2024:17:20:57 -0500] "GET /BLA/boletinlegal/ HTTP/1.1" 200 60371
66.249.66.19 - - [17/Feb/2024:17:23:45 -0500] "GET /BLA/resoluciones/Notificaciones/AUTOS%202021/1952.pdf HTTP/1.1" 200 377608
66.249.66.19 - - [17/Feb/2024:17:23:55 -0500] "GET /Publicaciones/2023EE218929.pdf HTTP/1.1" 404 228
201.245.192.253 - - [17/Feb/2024:17:24:15 -0500] "POST /kwsrmcab/Wsrmcab  HTTP/1.1" 200 40533
172.22.2.4 - - [17/Feb/2024:17:25:31 -0500] "GET /BLA/boletinlegal/Circulares/2017/Circular%20No.%202%20del%201%20de%20Septiembre%20de%202017.pdf HTTP/1.1" 304 -
66.249.66.19 - - [17/Feb/2024:17:26:20 -0500] "GET /BLA/resoluciones/Notificaciones/RESOLUCIONES%202022/5099.pdf HTTP/1.1" 200 358834
66.249.66.19 - - [17/Feb/2024:17:26:32 -0500] "GET /BLA/resoluciones/RESOLUCIONES%202009/3479.pdf HTTP/1.1" 200 664395
186.154.32.78 - - [17/Feb/2024:17:26:34 -0500] "GET /sipse/faces/presentacion/financiero/solicitudProceso/consultarSolicitudProceso.xhtml HTTP/1.1" 302 -
216.245.221.92 - - [17/Feb/2024:17:27:06 -0500] "HEAD / HTTP/1.1" 200 -
172.22.2.4 - - [17/Feb/2024:17:27:36 -0500] "GET /BLA/boletinlegal/jurisprudencia/analisis/AnalisisT-606-15.docx HTTP/1.1" 200 26698
172.22.2.4 - - [17/Feb/2024:17:25:57 -0500] "HEAD /BLA/boletinlegal/ HTTP/1.1" 200 -
172.22.2.4 - - [17/Feb/2024:17:27:38 -0500] "GET /BLA/boletinlegal/apple-touch-icon-120x120-precomposed.png HTTP/1.1" 404 1140
172.22.2.4 - - [17/Feb/2024:17:27:39 -0500] "GET /BLA/boletinlegal/apple-touch-icon-120x120.png HTTP/1.1" 404 1140
172.22.2.4 - - [17/Feb/2024:17:27:39 -0500] "GET /BLA/boletinlegal/apple-touch-icon-precomposed.png HTTP/1.1" 404 1140
172.22.2.4 - - [17/Feb/2024:17:27:39 -0500] "GET /BLA/boletinlegal/apple-touch-icon.png HTTP/1.1" 404 1140
172.22.2.4 - - [17/Feb/2024:17:27:39 -0500] "GET /BLA/boletinlegal/favicon.ico HTTP/1.1" 404 1140
172.22.2.4 - - [17/Feb/2024:17:27:39 -0500] "GET /BLA/boletinlegal/apple-touch-icon-120x120-precomposed.png HTTP/1.1" 404 1140
172.22.2.4 - - [17/Feb/2024:17:27:39 -0500] "GET /BLA/boletinlegal/apple-touch-icon-120x120.png HTTP/1.1" 404 1140
172.22.2.4 - - [17/Feb/2024:17:27:39 -0500] "GET /BLA/boletinlegal/apple-touch-icon-precomposed.png HTTP/1.1" 404 1140
172.22.2.4 - - [17/Feb/2024:17:27:39 -0500] "GET /BLA/boletinlegal/apple-touch-icon.png HTTP/1.1" 404 1140
172.22.2.4 - - [17/Feb/2024:17:27:39 -0500] "GET /BLA/boletinlegal/favicon.ico HTTP/1.1" 404 1140
66.249.66.19 - - [17/Feb/2024:17:27:40 -0500] "GET /resoluciones/RESOLUCIONES%202008/1916.pdf HTTP/1.1" 404 1018
172.22.2.4 - - [17/Feb/2024:17:26:48 -0500] "GET /BLA/boletinlegal/ HTTP/1.1" 200 57880
201.245.192.253 - - [17/Feb/2024:17:29:04 -0500] "POST /kwsrmcab/Wsrmcab HTTP/1.1" 200 38016
201.245.192.253 - - [17/Feb/2024:17:29:06 -0500] "POST /kwsrmcab/Wsrmcab HTTP/1.1" 200 39396
201.245.192.253 - - [17/Feb/2024:17:29:13 -0500] "POST /kwsrmcab/Wsrmcab  HTTP/1.1" 200 40533
201.245.192.253 - - [17/Feb/2024:17:29:25 -0500] "POST /kwsrmcab/Wsrmcab HTTP/1.1" 200 37966
167.94.138.126 - - [17/Feb/2024:17:30:12 -0500] "GET / HTTP/1.1" 200 319
201.245.192.253 - - [17/Feb/2024:17:30:12 -0500] "POST /kwsrmcab/Wsrmcab HTTP/1.1" 200 39396
167.94.138.126 - - [17/Feb/2024:17:30:15 -0500] "GET / HTTP/1.1" 200 319
167.94.138.126 - - [17/Feb/2024:17:30:15 -0500] "PRI * HTTP/2.0" 400 946
167.94.138.126 - - [17/Feb/2024:17:30:16 -0500] "GET /favicon.ico HTTP/1.1" 200 7782
66.249.66.19 - - [17/Feb/2024:17:30:20 -0500] "GET /BLA/resoluciones/AUTOS%202008/2310.pdf HTTP/1.1" 200 85070
172.22.2.4 - - [17/Feb/2024:17:30:25 -0500] "GET /BLA/boletinlegal/actos.php HTTP/1.1" 200 9738
172.22.2.4 - - [17/Feb/2024:17:30:26 -0500] "GET /BLA/boletinlegal/js/ajax_actos.js HTTP/1.1" 200 1322
20.198.193.97 - - [17/Feb/2024:17:30:46 -0500] "GET /Publicaciones/2024EE12468.pdf HTTP/1.1" 404 227
198.235.24.112 - - [17/Feb/2024:17:31:52 -0500] "\x16\x03\x01" 400 226
198.235.24.112 - - [17/Feb/2024:17:31:52 -0500] "\x16\x03\x01" 400 226
162.55.175.138 - - [17/Feb/2024:17:32:05 -0500] "GET / HTTP/1.1" 200 4720
172.22.2.4 - - [17/Feb/2024:17:30:26 -0500] "GET /BLA/boletinlegal/index.php HTTP/1.1" 200 62301
216.245.221.92 - - [17/Feb/2024:17:32:06 -0500] "HEAD / HTTP/1.1" 200 -
152.203.54.15 - - [17/Feb/2024:17:32:40 -0500] "GET /sipse/faces/index.xhtml HTTP/1.1" 200 677
152.203.54.15 - - [17/Feb/2024:17:32:40 -0500] "GET /sipse/faces/javax.faces.resource/theme.css?ln=primefaces-sipse HTTP/1.1" 304 -
152.203.54.15 - - [17/Feb/2024:17:32:40 -0500] "GET /sipse/faces/faces/autenticacion.xhtml HTTP/1.1" 200 12405
152.203.54.15 - - [17/Feb/2024:17:32:40 -0500] "GET /sipse/js/disable_browser_buttons.js HTTP/1.1" 304 -
152.203.54.15 - - [17/Feb/2024:17:32:40 -0500] "GET /sipse/faces/javax.faces.resource/theme.css?ln=primefaces-sipse HTTP/1.1" 304 -
152.203.54.15 - - [17/Feb/2024:17:32:40 -0500] "GET /sipse/css/custom_css_sg.css HTTP/1.1" 304 -
152.203.54.15 - - [17/Feb/2024:17:32:40 -0500] "GET /sipse/faces/javax.faces.resource/primefaces.css?ln=primefaces&v=4.0 HTTP/1.1" 304 -
152.203.54.15 - - [17/Feb/2024:17:32:40 -0500] "GET /sipse/css/custom_css_sg_prime_login.css HTTP/1.1" 304 -
152.203.54.15 - - [17/Feb/2024:17:32:40 -0500] "GET /sipse/faces/javax.faces.resource/layout/layout.css?ln=primefaces&v=4.0 HTTP/1.1" 304 -
152.203.54.15 - - [17/Feb/2024:17:32:40 -0500] "GET /sipse/faces/javax.faces.resource/jquery/jquery-plugins.js?ln=primefaces&v=4.0 HTTP/1.1" 304 -
152.203.54.15 - - [17/Feb/2024:17:32:40 -0500] "GET /sipse/faces/javax.faces.resource/primefaces.js?ln=primefaces&v=4.0 HTTP/1.1" 304 -
152.203.54.15 - - [17/Feb/2024:17:32:40 -0500] "GET /sipse/js/funciones.js HTTP/1.1" 304 -
152.203.54.15 - - [17/Feb/2024:17:32:40 -0500] "GET /sipse/faces/javax.faces.resource/jquery/jquery.js?ln=primefaces&v=4.0 HTTP/1.1" 304 -
152.203.54.15 - - [17/Feb/2024:17:32:40 -0500] "GET /sipse/faces/javax.faces.resource/layout/layout.js?ln=primefaces&v=4.0 HTTP/1.1" 304 -
152.203.54.15 - - [17/Feb/2024:17:32:40 -0500] "GET /sipse/css/imagen/logoSDG.png HTTP/1.1" 304 -
152.203.54.15 - - [17/Feb/2024:17:32:40 -0500] "GET /sipse/css/imagen/loginimg.png HTTP/1.1" 304 -
152.203.54.15 - - [17/Feb/2024:17:32:40 -0500] "GET /sipse/faces/javax.faces.resource/images/ui-icons_898989_256x240.png?ln=primefaces-aristo HTTP/1.1" 304 -
152.203.54.15 - - [17/Feb/2024:17:32:43 -0500] "POST /sipse/faces/autenticacion.xhtml HTTP/1.1" 200 2220
152.203.54.15 - - [17/Feb/2024:17:32:43 -0500] "GET /sipse/faces/javax.faces.resource/messages/messages.png?ln=primefaces&v=4.0 HTTP/1.1" 304 -
152.203.54.15 - - [17/Feb/2024:17:32:44 -0500] "POST /sipse/faces/autenticacion.xhtml HTTP/1.1" 200 16473
152.203.54.15 - - [17/Feb/2024:17:32:44 -0500] "GET /sipse/css/custom_css_sg_prime.css HTTP/1.1" 304 -
152.203.54.15 - - [17/Feb/2024:17:32:44 -0500] "GET /sipse/js/jquery.min.js HTTP/1.1" 304 -
152.203.54.15 - - [17/Feb/2024:17:32:44 -0500] "GET /sipse/faces/javax.faces.resource/theme.css?ln=primefaces-sipse HTTP/1.1" 304 -
152.203.54.15 - - [17/Feb/2024:17:32:44 -0500] "GET /sipse/faces/javax.faces.resource/layout/layout.css?ln=primefaces&v=4.0 HTTP/1.1" 304 -
152.203.54.15 - - [17/Feb/2024:17:32:44 -0500] "GET /sipse/faces/javax.faces.resource/primefaces.css?ln=primefaces&v=4.0 HTTP/1.1" 304 -
152.203.54.15 - - [17/Feb/2024:17:32:44 -0500] "GET /sipse/faces/javax.faces.resource/jquery/jquery.js?ln=primefaces&v=4.0 HTTP/1.1" 304 -
152.203.54.15 - - [17/Feb/2024:17:32:45 -0500] "GET /sipse/faces/javax.faces.resource/jquery/jquery-plugins.js?ln=primefaces&v=4.0 HTTP/1.1" 304 -
152.203.54.15 - - [17/Feb/2024:17:32:45 -0500] "GET /sipse/faces/javax.faces.resource/primefaces.js?ln=primefaces&v=4.0 HTTP/1.1" 304 -
152.203.54.15 - - [17/Feb/2024:17:32:45 -0500] "GET /sipse/faces/javax.faces.resource/layout/layout.js?ln=primefaces&v=4.0 HTTP/1.1" 304 -
152.203.54.15 - - [17/Feb/2024:17:32:45 -0500] "GET /sipse/css/v_mergente.css HTTP/1.1" 304 -
152.203.54.15 - - [17/Feb/2024:17:32:45 -0500] "GET /sipse/imagenes/logoAplicacion.jpg HTTP/1.1" 304 -
152.203.54.15 - - [17/Feb/2024:17:32:45 -0500] "GET /sipse/imagenes/cargando.gif HTTP/1.1" 304 -
152.203.54.15 - - [17/Feb/2024:17:32:45 -0500] "GET /sipse/css/imagen/contrasena.png HTTP/1.1" 404 383
152.203.54.15 - - [17/Feb/2024:17:32:48 -0500] "GET /sipse/faces/javax.faces.resource/images/ui-bg_flat_0_2d5972_40x100.png?ln=primefaces-aristo HTTP/1.1" 304 -
152.203.54.15 - - [17/Feb/2024:17:32:48 -0500] "POST /sipse/faces/bienvenido.xhtml HTTP/1.1" 200 2658
152.203.54.15 - - [17/Feb/2024:17:32:49 -0500] "POST /sipse/faces/bienvenido.xhtml HTTP/1.1" 200 65577
152.203.54.15 - - [17/Feb/2024:17:32:54 -0500] "GET /sipse/faces/javax.faces.resource/theme.css?ln=primefaces-sipse HTTP/1.1" 304 -
152.203.54.15 - - [17/Feb/2024:17:32:54 -0500] "GET /sipse/faces/javax.faces.resource/primefaces.css?ln=primefaces&v=4.0 HTTP/1.1" 304 -
152.203.54.15 - - [17/Feb/2024:17:32:54 -0500] "GET /sipse/faces/javax.faces.resource/layout/layout.css?ln=primefaces&v=4.0 HTTP/1.1" 304 -
152.203.54.15 - - [17/Feb/2024:17:32:54 -0500] "GET /sipse/faces/javax.faces.resource/jquery/jquery.js?ln=primefaces&v=4.0 HTTP/1.1" 304 -
152.203.54.15 - - [17/Feb/2024:17:32:54 -0500] "GET /sipse/faces/javax.faces.resource/jquery/jquery-plugins.js?ln=primefaces&v=4.0 HTTP/1.1" 304 -
152.203.54.15 - - [17/Feb/2024:17:32:54 -0500] "GET /sipse/faces/javax.faces.resource/primefaces.js?ln=primefaces&v=4.0 HTTP/1.1" 304 -
152.203.54.15 - - [17/Feb/2024:17:32:54 -0500] "GET /sipse/faces/javax.faces.resource/layout/layout.js?ln=primefaces&v=4.0 HTTP/1.1" 304 -
152.203.54.15 - - [17/Feb/2024:17:32:54 -0500] "POST /sipse/faces/presentacion/financiero/solicitudProceso/listarSolicitudProceso.xhtml HTTP/1.1" 200 1556
152.203.54.15 - - [17/Feb/2024:17:33:00 -0500] "POST /sipse/faces/presentacion/financiero/solicitudProceso/listarSolicitudProceso.xhtml HTTP/1.1" 200 48325
152.203.54.15 - - [17/Feb/2024:17:33:00 -0500] "POST /sipse/faces/presentacion/financiero/solicitudProceso/listarSolicitudProceso.xhtml HTTP/1.1" 200 48341
152.203.54.15 - - [17/Feb/2024:17:33:03 -0500] "POST /sipse/faces/presentacion/financiero/solicitudProceso/listarSolicitudProceso.xhtml HTTP/1.1" 200 21501
152.203.54.15 - - [17/Feb/2024:17:33:07 -0500] "POST /sipse/faces/presentacion/financiero/solicitudProceso/listarSolicitudProceso.xhtml HTTP/1.1" 200 139917
152.203.54.15 - - [17/Feb/2024:17:33:08 -0500] "GET /sipse/faces/javax.faces.resource/layout/layout.css?ln=primefaces&v=4.0 HTTP/1.1" 304 -
152.203.54.15 - - [17/Feb/2024:17:33:08 -0500] "GET /sipse/faces/javax.faces.resource/primefaces.css?ln=primefaces&v=4.0 HTTP/1.1" 304 -
152.203.54.15 - - [17/Feb/2024:17:33:08 -0500] "GET /sipse/faces/javax.faces.resource/theme.css?ln=primefaces-sipse HTTP/1.1" 304 -
152.203.54.15 - - [17/Feb/2024:17:33:08 -0500] "GET /sipse/faces/javax.faces.resource/jquery/jquery.js?ln=primefaces&v=4.0 HTTP/1.1" 304 -
152.203.54.15 - - [17/Feb/2024:17:33:08 -0500] "GET /sipse/faces/javax.faces.resource/jquery/jquery-plugins.js?ln=primefaces&v=4.0 HTTP/1.1" 304 -
152.203.54.15 - - [17/Feb/2024:17:33:08 -0500] "GET /sipse/faces/javax.faces.resource/primefaces.js?ln=primefaces&v=4.0 HTTP/1.1" 304 -
152.203.54.15 - - [17/Feb/2024:17:33:08 -0500] "GET /sipse/faces/javax.faces.resource/layout/layout.js?ln=primefaces&v=4.0 HTTP/1.1" 304 -
152.203.54.15 - - [17/Feb/2024:17:33:16 -0500] "GET /sipse/faces/javax.faces.resource/primefaces.css?ln=primefaces&v=4.0 HTTP/1.1" 304 -
152.203.54.15 - - [17/Feb/2024:17:33:16 -0500] "GET /sipse/faces/javax.faces.resource/theme.css?ln=primefaces-sipse HTTP/1.1" 304 -
152.203.54.15 - - [17/Feb/2024:17:33:16 -0500] "GET /sipse/faces/javax.faces.resource/layout/layout.css?ln=primefaces&v=4.0 HTTP/1.1" 304 -
152.203.54.15 - - [17/Feb/2024:17:33:16 -0500] "POST /sipse/faces/presentacion/financiero/solicitudProceso/consultarSolicitudProceso.xhtml HTTP/1.1" 200 35416
152.203.54.15 - - [17/Feb/2024:17:33:16 -0500] "GET /sipse/faces/javax.faces.resource/jquery/jquery.js?ln=primefaces&v=4.0 HTTP/1.1" 304 -
152.203.54.15 - - [17/Feb/2024:17:33:16 -0500] "GET /sipse/faces/javax.faces.resource/jquery/jquery-plugins.js?ln=primefaces&v=4.0 HTTP/1.1" 304 -
152.203.54.15 - - [17/Feb/2024:17:33:16 -0500] "GET /sipse/faces/javax.faces.resource/layout/layout.js?ln=primefaces&v=4.0 HTTP/1.1" 304 -
152.203.54.15 - - [17/Feb/2024:17:33:16 -0500] "GET /sipse/faces/javax.faces.resource/primefaces.js?ln=primefaces&v=4.0 HTTP/1.1" 304 -
47.128.17.88 - - [17/Feb/2024:17:33:17 -0500] "GET /BLA/resoluciones/dlf/dirup.png HTTP/1.1" 200 644
47.128.17.88 - - [17/Feb/2024:17:33:17 -0500] "GET /BLA/resoluciones/dlf/unknown.png HTTP/1.1" 200 266
47.128.17.88 - - [17/Feb/2024:17:33:16 -0500] "GET /BLA/resoluciones/index.php?dir=RESOLUCIONES%202006%2FRES%202006%20801-850%2F&order=asc&sort=name HTTP/1.1" 200 12230
172.22.2.4 - - [17/Feb/2024:17:31:48 -0500] "HEAD /BLA/boletinlegal/ HTTP/1.1" 200 -
172.22.2.4 - - [17/Feb/2024:17:33:38 -0500] "GET /BLA/boletinlegal/Circulares/024/CIRCULAR%20No.%2000003%20DEL%2016%20DE%20FEBRERO%20DEL%202024.pdf HTTP/1.1" 404 1038
152.203.54.15 - - [17/Feb/2024:17:33:43 -0500] "GET /sipse/faces/javax.faces.resource/theme.css?ln=primefaces-sipse HTTP/1.1" 304 -
152.203.54.15 - - [17/Feb/2024:17:33:43 -0500] "GET /sipse/faces/javax.faces.resource/primefaces.css?ln=primefaces&v=4.0 HTTP/1.1" 304 -
152.203.54.15 - - [17/Feb/2024:17:33:43 -0500] "GET /sipse/faces/javax.faces.resource/layout/layout.css?ln=primefaces&v=4.0 HTTP/1.1" 304 -
152.203.54.15 - - [17/Feb/2024:17:33:43 -0500] "POST /sipse/faces/presentacion/financiero/solicitudProceso/consultarHistorialSolProceso.xhtml HTTP/1.1" 200 185663
152.203.54.15 - - [17/Feb/2024:17:33:43 -0500] "GET /sipse/faces/javax.faces.resource/jquery/jquery.js?ln=primefaces&v=4.0 HTTP/1.1" 304 -
152.203.54.15 - - [17/Feb/2024:17:33:43 -0500] "GET /sipse/faces/javax.faces.resource/jquery/jquery-plugins.js?ln=primefaces&v=4.0 HTTP/1.1" 304 -
152.203.54.15 - - [17/Feb/2024:17:33:43 -0500] "GET /sipse/faces/javax.faces.resource/primefaces.js?ln=primefaces&v=4.0 HTTP/1.1" 304 -
152.203.54.15 - - [17/Feb/2024:17:33:43 -0500] "GET /sipse/faces/javax.faces.resource/layout/layout.js?ln=primefaces&v=4.0 HTTP/1.1" 304 -
152.203.54.15 - - [17/Feb/2024:17:33:56 -0500] "POST /sipse/faces/presentacion/financiero/solicitudProceso/consultarSolicitudProceso.xhtml HTTP/1.1" 200 5514
172.22.2.4 - - [17/Feb/2024:17:32:26 -0500] "GET /BLA/boletinlegal/ HTTP/1.1" 200 43974
201.245.192.253 - - [17/Feb/2024:17:34:12 -0500] "POST /kwsrmcab/Wsrmcab  HTTP/1.1" 200 40533
172.22.2.4 - - [17/Feb/2024:17:32:39 -0500] "GET /BLA/boletinlegal/ HTTP/1.1" 200 46036
152.203.54.15 - - [17/Feb/2024:17:35:04 -0500] "POST /sipse/faces/presentacion/financiero/solicitudProceso/consultarSolicitudProceso.xhtml HTTP/1.1" 200 40852
152.203.54.15 - - [17/Feb/2024:17:35:08 -0500] "GET /sipse/faces/javax.faces.resource/theme.css?ln=primefaces-sipse HTTP/1.1" 304 -
152.203.54.15 - - [17/Feb/2024:17:35:08 -0500] "GET /sipse/faces/javax.faces.resource/primefaces.css?ln=primefaces&v=4.0 HTTP/1.1" 304 -
152.203.54.15 - - [17/Feb/2024:17:35:08 -0500] "GET /sipse/faces/javax.faces.resource/layout/layout.css?ln=primefaces&v=4.0 HTTP/1.1" 304 -
152.203.54.15 - - [17/Feb/2024:17:35:08 -0500] "GET /sipse/faces/javax.faces.resource/jquery/jquery-plugins.js?ln=primefaces&v=4.0 HTTP/1.1" 304 -
152.203.54.15 - - [17/Feb/2024:17:35:08 -0500] "GET /sipse/faces/javax.faces.resource/jquery/jquery.js?ln=primefaces&v=4.0 HTTP/1.1" 304 -
152.203.54.15 - - [17/Feb/2024:17:35:08 -0500] "GET /sipse/faces/javax.faces.resource/primefaces.js?ln=primefaces&v=4.0 HTTP/1.1" 304 -
152.203.54.15 - - [17/Feb/2024:17:35:08 -0500] "GET /sipse/faces/javax.faces.resource/layout/layout.js?ln=primefaces&v=4.0 HTTP/1.1" 304 -
152.203.54.15 - - [17/Feb/2024:17:35:09 -0500] "POST /sipse/faces/presentacion/financiero/solicitudProceso/listarSolicitudProceso.xhtml HTTP/1.1" 200 1392
152.203.54.15 - - [17/Feb/2024:17:35:12 -0500] "POST /sipse/faces/presentacion/financiero/solicitudProceso/listarSolicitudProceso.xhtml HTTP/1.1" 200 1388
172.22.2.4 - - [17/Feb/2024:17:35:38 -0500] "GET /BLA/boletinlegal/style.css HTTP/1.1" 200 9406
172.22.2.4 - - [17/Feb/2024:17:35:38 -0500] "GET /BLA/boletinlegal/styles2.css HTTP/1.1" 200 1838
172.22.2.4 - - [17/Feb/2024:17:35:38 -0500] "GET /BLA/boletinlegal/js/jquery.js HTTP/1.1" 200 57254
172.22.2.4 - - [17/Feb/2024:17:35:38 -0500] "GET /BLA/boletinlegal/js/jquery.scrollShow.js HTTP/1.1" 200 4586
172.22.2.4 - - [17/Feb/2024:17:35:38 -0500] "GET /BLA/boletinlegal/js/jquery.scrollTo-min.js HTTP/1.1" 200 1150
172.22.2.4 - - [17/Feb/2024:17:35:38 -0500] "GET /BLA/boletinlegal/images/cabezote%20BLEGAL.jpg HTTP/1.1" 200 118164
172.22.2.4 - - [17/Feb/2024:17:35:38 -0500] "GET /BLA/boletinlegal/images/screen_1.png HTTP/1.1" 200 202547
172.22.2.4 - - [17/Feb/2024:17:35:38 -0500] "GET /BLA/boletinlegal/images/subscribe-icon-big.png HTTP/1.1" 200 47702
172.22.2.4 - - [17/Feb/2024:17:35:38 -0500] "GET /BLA/boletinlegal/images/historia.png HTTP/1.1" 200 52775
172.22.2.4 - - [17/Feb/2024:17:35:38 -0500] "GET /BLA/boletinlegal/images/registro-usuarios.png HTTP/1.1" 200 8106
172.22.2.4 - - [17/Feb/2024:17:35:38 -0500] "GET /BLA/boletinlegal/images/arr_l.jpg HTTP/1.1" 200 1979
172.22.2.4 - - [17/Feb/2024:17:35:38 -0500] "GET /BLA/boletinlegal/images/launch.jpg HTTP/1.1" 200 14577
172.22.2.4 - - [17/Feb/2024:17:35:38 -0500] "GET /BLA/boletinlegal/images/body_bg.jpg HTTP/1.1" 200 1601
172.22.2.4 - - [17/Feb/2024:17:35:39 -0500] "GET /BLA/boletinlegal/images/menu_lft.gif HTTP/1.1" 200 1713
172.22.2.4 - - [17/Feb/2024:17:35:39 -0500] "GET /BLA/boletinlegal/images/menu_rght.gif HTTP/1.1" 200 1627
172.22.2.4 - - [17/Feb/2024:17:35:39 -0500] "GET /BLA/boletinlegal/images/bg_top.jpg HTTP/1.1" 200 522
172.22.2.4 - - [17/Feb/2024:17:35:39 -0500] "GET /BLA/boletinlegal/images/menu_bg.jpg HTTP/1.1" 200 620
172.22.2.4 - - [17/Feb/2024:17:35:39 -0500] "GET /BLA/boletinlegal/images/text.jpg HTTP/1.1" 200 568
172.22.2.4 - - [17/Feb/2024:17:35:39 -0500] "GET /BLA/boletinlegal/images/hover.jpg HTTP/1.1" 200 640
172.22.2.4 - - [17/Feb/2024:17:35:42 -0500] "GET /BLA/boletinlegal/conceptos.php HTTP/1.1" 200 7588
172.22.2.4 - - [17/Feb/2024:17:35:42 -0500] "GET /BLA/boletinlegal/js/ajax_conceptos.js HTTP/1.1" 200 1326
172.22.2.4 - - [17/Feb/2024:17:35:42 -0500] "GET /BLA/boletinlegal/niceforms-default.css HTTP/1.1" 200 6694
172.22.2.4 - - [17/Feb/2024:17:35:42 -0500] "GET /BLA/boletinlegal/niceforms.js HTTP/1.1" 200 22876
172.22.2.4 - - [17/Feb/2024:17:35:42 -0500] "GET /BLA/boletinlegal/images/tel.png HTTP/1.1" 200 14477
172.22.2.4 - - [17/Feb/2024:17:35:42 -0500] "GET /BLA/boletinlegal/images/icono-email.png HTTP/1.1" 200 5544
172.22.2.4 - - [17/Feb/2024:17:35:42 -0500] "GET /BLA/boletinlegal/images/footer_bg.jpg HTTP/1.1" 200 586
172.22.2.4 - - [17/Feb/2024:17:35:42 -0500] "GET /BLA/boletinlegal/images/footer_bg_l.jpg HTTP/1.1" 200 776
172.22.2.4 - - [17/Feb/2024:17:35:42 -0500] "GET /BLA/boletinlegal/img/0.png HTTP/1.1" 200 110
172.22.2.4 - - [17/Feb/2024:17:35:42 -0500] "GET /BLA/boletinlegal/img/select-left.png HTTP/1.1" 200 263
172.22.2.4 - - [17/Feb/2024:17:35:42 -0500] "GET /BLA/boletinlegal/img/select-right.png HTTP/1.1" 200 44019
172.22.2.4 - - [17/Feb/2024:17:35:42 -0500] "GET /BLA/boletinlegal/img/button-left.png HTTP/1.1" 200 57071
172.22.2.4 - - [17/Feb/2024:17:35:42 -0500] "GET /BLA/boletinlegal/img/button.png HTTP/1.1" 200 43241
172.22.2.4 - - [17/Feb/2024:17:35:42 -0500] "GET /BLA/boletinlegal/img/button-right.png HTTP/1.1" 200 57878
172.22.2.4 - - [17/Feb/2024:17:35:42 -0500] "GET /BLA/boletinlegal/favicon.ico HTTP/1.1" 404 1334
172.22.2.4 - - [17/Feb/2024:17:35:53 -0500] "GET /BLA/boletinlegal/consulta_conceptos.php?no=&solicitante=&radicado_entrada=&fecha_concepto=2020&objeto= HTTP/1.1" 200 53495
172.22.2.4 - - [17/Feb/2024:17:35:53 -0500] "GET /BLA/boletinlegal/images/pdf.gif HTTP/1.1" 200 567
172.22.2.4 - - [17/Feb/2024:17:35:53 -0500] "GET /BLA/boletinlegal/images/background.gif HTTP/1.1" 200 -
172.22.2.4 - - [17/Feb/2024:17:35:38 -0500] "GET /BLA/boletinlegal/ HTTP/1.1" 200 24523
172.22.2.4 - - [17/Feb/2024:17:36:16 -0500] "GET /BLA/boletinlegal/consulta_conceptos.php?no=&solicitante=&radicado_entrada=&fecha_concepto=2021&objeto= HTTP/1.1" 200 36487
172.22.2.4 - - [17/Feb/2024:17:36:19 -0500] "GET /BLA/boletinlegal/Circulares/024%09/CIRCULAR%20No.%2000003%20DEL%2016%20DE%20FEBRERO%20DEL%202024%09.pdf HTTP/1.1" 403 1026
172.22.2.4 - - [17/Feb/2024:17:36:22 -0500] "GET /BLA/boletinlegal/Circulares/024%09/CIRCULAR%20No.%2000003%20DEL%2016%20DE%20FEBRERO%20DEL%202024%09.pdf HTTP/1.1" 403 1026
172.22.2.4 - - [17/Feb/2024:17:36:25 -0500] "GET /BLA/boletinlegal/Circulares/024%09/CIRCULAR%20No.%2000003%20DEL%2016%20DE%20FEBRERO%20DEL%202024%09.pdf HTTP/1.1" 403 1026
172.22.2.4 - - [17/Feb/2024:17:36:27 -0500] "GET /BLA/boletinlegal/Circulares/024%09/CIRCULAR%20No.%2000003%20DEL%2016%20DE%20FEBRERO%20DEL%202024%09.pdf HTTP/1.1" 403 1026
172.22.2.4 - - [17/Feb/2024:17:36:30 -0500] "GET /BLA/boletinlegal/Circulares/024%09/CIRCULAR%20No.%2000003%20DEL%2016%20DE%20FEBRERO%20DEL%202024%09.pdf HTTP/1.1" 403 1026
172.22.2.4 - - [17/Feb/2024:17:36:36 -0500] "GET /BLA/boletinlegal/consulta_conceptos.php?no=&solicitante=&radicado_entrada=&fecha_concepto=2022&objeto= HTTP/1.1" 200 34640
172.22.2.4 - - [17/Feb/2024:17:36:45 -0500] "GET /BLA/boletinlegal/consulta_conceptos.php?no=&solicitante=&radicado_entrada=&fecha_concepto=2023&objeto= HTTP/1.1" 200 29450
216.245.221.92 - - [17/Feb/2024:17:37:06 -0500] "HEAD / HTTP/1.1" 200 -
31.220.88.155 - - [17/Feb/2024:17:37:34 -0500] "GET /admin/config.php HTTP/1.0" 404 1018
172.22.2.4 - - [17/Feb/2024:17:38:37 -0500] "GET /BLA/boletinlegal/Circulares/2010/Circular%2006%20de%208%20de%20septiembre%20de%202010.pdf HTTP/1.1" 304 -
201.245.192.253 - - [17/Feb/2024:17:39:04 -0500] "POST /kwsrmcab/Wsrmcab HTTP/1.1" 200 38016
201.245.192.253 - - [17/Feb/2024:17:39:07 -0500] "POST /kwsrmcab/Wsrmcab HTTP/1.1" 200 39396
66.249.66.21 - - [17/Feb/2024:17:39:11 -0500] "GET /BLA/resoluciones/RESOLUCIONES%202015/1054.pdf HTTP/1.1" 200 487632
