186.86.33.180 - - [18/Feb/2024:14:25:40 -0500] "GET /sipse/faces/faces/autenticacion.xhtml HTTP/1.1" 200 12405
186.86.33.180 - - [18/Feb/2024:14:25:40 -0500] "GET /sipse/faces/javax.faces.resource/primefaces.css?ln=primefaces&v=4.0 HTTP/1.1" 304 -
186.86.33.180 - - [18/Feb/2024:14:25:40 -0500] "GET /sipse/css/custom_css_sg.css HTTP/1.1" 304 -
186.86.33.180 - - [18/Feb/2024:14:25:40 -0500] "GET /sipse/faces/javax.faces.resource/jquery/jquery-plugins.js?ln=primefaces&v=4.0 HTTP/1.1" 304 -
186.86.33.180 - - [18/Feb/2024:14:25:40 -0500] "GET /sipse/js/disable_browser_buttons.js HTTP/1.1" 304 -
186.86.33.180 - - [18/Feb/2024:14:25:40 -0500] "GET /sipse/faces/javax.faces.resource/theme.css?ln=primefaces-sipse HTTP/1.1" 304 -
186.86.33.180 - - [18/Feb/2024:14:25:40 -0500] "GET /sipse/faces/javax.faces.resource/jquery/jquery.js?ln=primefaces&v=4.0 HTTP/1.1" 304 -
186.86.33.180 - - [18/Feb/2024:14:25:40 -0500] "GET /sipse/faces/javax.faces.resource/layout/layout.css?ln=primefaces&v=4.0 HTTP/1.1" 304 -
186.86.33.180 - - [18/Feb/2024:14:25:40 -0500] "GET /sipse/faces/javax.faces.resource/layout/layout.js?ln=primefaces&v=4.0 HTTP/1.1" 304 -
186.86.33.180 - - [18/Feb/2024:14:25:40 -0500] "GET /sipse/js/funciones.js HTTP/1.1" 304 -
186.86.33.180 - - [18/Feb/2024:14:25:40 -0500] "GET /sipse/faces/javax.faces.resource/primefaces.js?ln=primefaces&v=4.0 HTTP/1.1" 304 -
186.86.33.180 - - [18/Feb/2024:14:25:40 -0500] "GET /sipse/css/custom_css_sg_prime_login.css HTTP/1.1" 304 -
186.86.33.180 - - [18/Feb/2024:14:25:40 -0500] "GET /sipse/faces/javax.faces.resource/images/ui-icons_898989_256x240.png?ln=primefaces-aristo HTTP/1.1" 304 -
186.86.33.180 - - [18/Feb/2024:14:25:40 -0500] "GET /sipse/css/imagen/logoSDG.png HTTP/1.1" 200 53064
186.86.33.180 - - [18/Feb/2024:14:25:40 -0500] "GET /sipse/css/imagen/loginimg.png HTTP/1.1" 200 71635
186.86.33.180 - - [18/Feb/2024:14:25:42 -0500] "POST /sipse/faces/autenticacion.xhtml HTTP/1.1" 200 12181
186.86.33.180 - - [18/Feb/2024:14:25:42 -0500] "GET /sipse/faces/javax.faces.resource/jquery/jquery.js?ln=primefaces&v=4.0 HTTP/1.1" 304 -
186.86.33.180 - - [18/Feb/2024:14:25:42 -0500] "GET /sipse/css/custom_css_sg_prime.css HTTP/1.1" 304 -
186.86.33.180 - - [18/Feb/2024:14:25:42 -0500] "GET /sipse/faces/javax.faces.resource/jquery/jquery-plugins.js?ln=primefaces&v=4.0 HTTP/1.1" 304 -
186.86.33.180 - - [18/Feb/2024:14:25:42 -0500] "GET /sipse/faces/javax.faces.resource/primefaces.js?ln=primefaces&v=4.0 HTTP/1.1" 304 -
186.86.33.180 - - [18/Feb/2024:14:25:42 -0500] "GET /sipse/faces/javax.faces.resource/layout/layout.js?ln=primefaces&v=4.0 HTTP/1.1" 304 -
186.86.33.180 - - [18/Feb/2024:14:25:42 -0500] "GET /sipse/faces/javax.faces.resource/messages/messages.png?ln=primefaces&v=4.0 HTTP/1.1" 304 -
47.128.28.255 - - [18/Feb/2024:14:25:44 -0500] "GET /portaldeninos/wp-content/uploads/2021/06/titulo-videos-ni%C3%B1os.png HTTP/1.1" 200 10502
186.86.33.180 - - [18/Feb/2024:14:25:44 -0500] "POST /sipse/faces/presentacion/sistema/seguridad/seleccionRol.xhtml HTTP/1.1" 200 6545
186.86.33.180 - - [18/Feb/2024:14:25:45 -0500] "POST /sipse/faces/presentacion/sistema/seguridad/seleccionRol.xhtml HTTP/1.1" 200 18901
186.86.33.180 - - [18/Feb/2024:14:25:45 -0500] "GET /sipse/js/jquery.min.js HTTP/1.1" 304 -
186.86.33.180 - - [18/Feb/2024:14:25:45 -0500] "GET /sipse/faces/javax.faces.resource/jquery/jquery.js?ln=primefaces&v=4.0 HTTP/1.1" 304 -
186.86.33.180 - - [18/Feb/2024:14:25:45 -0500] "GET /sipse/faces/javax.faces.resource/jquery/jquery-plugins.js?ln=primefaces&v=4.0 HTTP/1.1" 304 -
186.86.33.180 - - [18/Feb/2024:14:25:45 -0500] "GET /sipse/faces/javax.faces.resource/primefaces.js?ln=primefaces&v=4.0 HTTP/1.1" 304 -
186.86.33.180 - - [18/Feb/2024:14:25:45 -0500] "GET /sipse/faces/javax.faces.resource/layout/layout.js?ln=primefaces&v=4.0 HTTP/1.1" 304 -
186.86.33.180 - - [18/Feb/2024:14:25:45 -0500] "GET /sipse/imagenes/cargando.gif HTTP/1.1" 304 -
186.86.33.180 - - [18/Feb/2024:14:25:45 -0500] "GET /sipse/imagenes/logoAplicacion.jpg HTTP/1.1" 304 -
186.86.33.180 - - [18/Feb/2024:14:25:45 -0500] "GET /sipse/css/v_mergente.css HTTP/1.1" 304 -
186.86.33.180 - - [18/Feb/2024:14:25:45 -0500] "GET /sipse/css/imagen/contrasena.png HTTP/1.1" 404 383
186.86.33.180 - - [18/Feb/2024:14:25:46 -0500] "GET /sipse/faces/javax.faces.resource/images/ui-bg_flat_0_2d5972_40x100.png?ln=primefaces-aristo HTTP/1.1" 304 -
186.86.33.180 - - [18/Feb/2024:14:25:46 -0500] "POST /sipse/faces/bienvenido.xhtml HTTP/1.1" 200 3887
47.128.28.255 - - [18/Feb/2024:14:25:45 -0500] "GET /portaldeninos/wp-content/uploads/2021/06/titulo-humedales-ni%C3%B1os.png HTTP/1.1" 200 13361
186.86.33.180 - - [18/Feb/2024:14:25:47 -0500] "POST /sipse/faces/bienvenido.xhtml HTTP/1.1" 200 43342
186.86.33.180 - - [18/Feb/2024:14:25:47 -0500] "GET /sipse/faces/javax.faces.resource/jquery/jquery.js?ln=primefaces&v=4.0 HTTP/1.1" 304 -
186.86.33.180 - - [18/Feb/2024:14:25:47 -0500] "GET /sipse/faces/javax.faces.resource/jquery/jquery-plugins.js?ln=primefaces&v=4.0 HTTP/1.1" 304 -
186.86.33.180 - - [18/Feb/2024:14:25:47 -0500] "GET /sipse/faces/javax.faces.resource/primefaces.js?ln=primefaces&v=4.0 HTTP/1.1" 304 -
186.86.33.180 - - [18/Feb/2024:14:25:47 -0500] "GET /sipse/faces/javax.faces.resource/layout/layout.js?ln=primefaces&v=4.0 HTTP/1.1" 304 -
186.86.33.180 - - [18/Feb/2024:14:25:48 -0500] "POST /sipse/faces/presentacion/financiero/solicitudProceso/consultar.xhtml HTTP/1.1" 200 46870
47.128.28.255 - - [18/Feb/2024:14:25:36 -0500] "GET /portaldeninos/wp-content/uploads/2020/01/Tierra-escenario.jpg HTTP/1.1" 200 181491
186.86.33.180 - - [18/Feb/2024:14:26:01 -0500] "POST /sipse/faces/presentacion/financiero/solicitudProceso/consultar.xhtml HTTP/1.1" 200 30989
47.128.28.255 - - [18/Feb/2024:14:25:34 -0500] "GET /portaldeninos/wp-content/uploads/2020/01/Frailejon-escenario.jpg HTTP/1.1" 200 357472
47.128.28.255 - - [18/Feb/2024:14:26:04 -0500] "GET /portaldeninos/wp-content/uploads/2020/05/ig.jpg HTTP/1.1" 200 11470
47.128.28.255 - - [18/Feb/2024:14:26:04 -0500] "GET /portaldeninos/wp-content/uploads/2020/05/fb.jpg HTTP/1.1" 200 9893
47.128.28.255 - - [18/Feb/2024:14:25:34 -0500] "GET /portaldeninos/wp-content/uploads/2018/10/oso.jpg HTTP/1.1" 200 301318
47.128.28.255 - - [18/Feb/2024:14:25:39 -0500] "GET /portaldeninos/wp-content/uploads/2018/11/caneca.jpg HTTP/1.1" 200 262661
47.128.28.255 - - [18/Feb/2024:14:26:06 -0500] "GET /portaldeninos/wp-content/uploads/2020/06/tw.jpg HTTP/1.1" 200 11056
47.128.28.255 - - [18/Feb/2024:14:26:06 -0500] "GET /portaldeninos/wp-content/uploads/2020/06/yt.jpg HTTP/1.1" 200 10577
186.86.33.180 - - [18/Feb/2024:14:26:06 -0500] "POST /sipse/faces/presentacion/financiero/solicitudProceso/consultar.xhtml HTTP/1.1" 200 911
47.128.28.255 - - [18/Feb/2024:14:25:36 -0500] "GET /portaldeninos/wp-content/uploads/2018/11/tigrillo.jpg HTTP/1.1" 200 402961
168.119.61.24 - - [18/Feb/2024:14:26:07 -0500] "GET / HTTP/1.1" 200 4720
47.128.28.255 - - [18/Feb/2024:14:26:07 -0500] "GET /portaldeninos/wp-json/pum/v1/analytics/?event=open&pid=1126&_cache=1708284365132 HTTP/1.1" 204 -
47.128.28.255 - - [18/Feb/2024:14:25:47 -0500] "GET /portaldeninos/wp-content/uploads/2022/08/HUmedalConejera03-1.jpg HTTP/1.1" 200 301315
47.128.28.255 - - [18/Feb/2024:14:25:58 -0500] "GET /portaldeninos/wp-content/uploads/2022/08/Infograf%C3%ADa-humedales-actualizada.png HTTP/1.1" 200 235783
216.245.221.92 - - [18/Feb/2024:14:27:04 -0500] "HEAD / HTTP/1.1" 200 -
186.102.74.63 - - [18/Feb/2024:14:27:18 -0500] "GET /favicon.ico HTTP/1.1" 200 7782
186.102.74.63 - - [18/Feb/2024:14:27:19 -0500] "GET /kwssiamovil/sm/cjson/pre?f=1&x=U2FsdGVkX19vpnVF0nGKqtyvKUUNkEhKq88669L91bXFJyEn1vsy1xIOXVn/GyYw HTTP/1.1" 200 77
201.245.192.253 - - [18/Feb/2024:14:27:23 -0500] "POST /kwsrmcab/Wsrmcab  HTTP/1.1" 200 40533
172.22.2.4 - - [18/Feb/2024:14:26:21 -0500] "HEAD /BLA/boletinlegal/ HTTP/1.1" 200 -
172.22.2.4 - - [18/Feb/2024:14:27:12 -0500] "GET /BLA/boletinlegal/ HTTP/1.1" 200 59074
201.245.192.253 - - [18/Feb/2024:14:29:31 -0500] "POST /kwsrmcab/Wsrmcab HTTP/1.1" 200 38131
201.245.192.253 - - [18/Feb/2024:14:29:33 -0500] "POST /kwsrmcab/Wsrmcab HTTP/1.1" 200 39388
216.244.66.195 - - [18/Feb/2024:14:30:31 -0500] "GET /BLA/resoluciones/AUTOS%202021/1562.pdf HTTP/1.1" 200 358034
216.244.66.195 - - [18/Feb/2024:14:31:18 -0500] "GET /BLA/resoluciones/AUTOS%202021/1686.pdf HTTP/1.1" 200 417419
186.102.74.63 - - [18/Feb/2024:14:31:38 -0500] "GET /kwssiamovil/sm/cjson/pre?f=1&x=U2FsdGVkX19vpnVF0nGKqtyvKUUNkEhKq88669L91bXFJyEn1vsy1xIOXVn/GyYw HTTP/1.1" 200 32032
186.102.74.63 - - [18/Feb/2024:14:31:54 -0500] "GET /kwssiamovil/sm/cjson/pre?f=1&x=U2FsdGVkX19vpnVF0nGKqtyvKUUNkEhKq88669L91bXFJyEn1vsy1xIOXVn/GyYw HTTP/1.1" 200 32032
186.102.74.63 - - [18/Feb/2024:14:31:59 -0500] "GET /kwssiamovil/sm/cjson/pre?f=1&x=U2FsdGVkX19vpnVF0nGKqtyvKUUNkEhKq88669L91bXFJyEn1vsy1xIOXVn/GyYw HTTP/1.1" 200 32032
216.245.221.92 - - [18/Feb/2024:14:32:03 -0500] "HEAD / HTTP/1.1" 200 -
216.244.66.195 - - [18/Feb/2024:14:32:06 -0500] "GET /BLA/resoluciones/AUTOS%202021/1778.pdf HTTP/1.1" 200 340635
114.119.138.107 - - [18/Feb/2024:14:32:19 -0500] "GET /BLA/resoluciones/index.php?dir=AUTOS%2B2017/&sort=size&order=asc HTTP/1.1" 200 14291
186.102.74.63 - - [18/Feb/2024:14:32:20 -0500] "GET /kwssiamovil/sm/des/cjson/pre?f=1&x=U2FsdGVkX19vpnVF0nGKqtyvKUUNkEhKq88669L91bXFJyEn1vsy1xIOXVn/GyYw HTTP/1.1" 200 32032
216.244.66.195 - - [18/Feb/2024:14:32:50 -0500] "GET /BLA/resoluciones/AUTOS%202021/2200.pdf HTTP/1.1" 200 356082
157.55.39.49 - - [18/Feb/2024:14:33:08 -0500] "GET /BLA/boletinlegal/Circulares/2013/Circular%20No.%208%20del%201%20de%20Noviembre%20de%202013.pdf HTTP/1.1" 304 -
186.102.74.63 - - [18/Feb/2024:14:33:36 -0500] "GET /kwssiamovil/sm/ldap/au?x=U2FsdGVkX1/u5/OUkngKpIZ78cAlIyE8zC0Q0sCdsMK4IyNuBDe9C659L88Sv0Ei&y=U2FsdGVkX1+QDI/axRnrRNucVzVbBR/ZKCjaiHNVIAkNg9XGweWSANGSJAaSbPIq HTTP/1.1" 200 30
186.102.74.63 - - [18/Feb/2024:14:33:36 -0500] "GET /kwssiamovil/sm/acme/s?s=U2FsdGVkX19a4KgjQQZXoIX3R2GLhRDzEh2g2bVgWZ3JSlV4lPnW6QSqx0BvxeAwqk9pRJ4wRr2znaELux5ujdJ9PGp4iK631YpBhgxDmAQ=&u=U2FsdGVkX18ymXMu9cevmlE0AqAu+6udqpsdhOTNeC0=&y=U2FsdGVkX1+QDI/axRnrRNucVzVbBR/ZKCjaiHNVIAkNg9XGweWSANGSJAaSbPIq HTTP/1.1" 200 97
216.244.66.195 - - [18/Feb/2024:14:33:37 -0500] "GET /BLA/resoluciones/AUTOS%202021/3265.pdf HTTP/1.1" 200 388062
201.245.192.253 - - [18/Feb/2024:14:33:49 -0500] "POST /kwsrmcab/Wsrmcab  HTTP/1.1" 200 40533
172.22.2.4 - - [18/Feb/2024:14:32:12 -0500] "HEAD /BLA/boletinlegal/ HTTP/1.1" 200 -
216.244.66.195 - - [18/Feb/2024:14:34:23 -0500] "GET /BLA/resoluciones/AUTOS%202021/3542.pdf HTTP/1.1" 200 418206
172.22.2.4 - - [18/Feb/2024:14:33:03 -0500] "GET /BLA/boletinlegal/ HTTP/1.1" 200 59074
186.102.74.63 - - [18/Feb/2024:14:34:44 -0500] "GET /kwssiamovil/sm/des/ldap/au?x=U2FsdGVkX18hYGN/iEXnLGdv3vwu7LhWowLmxaGZWPC2BeCXVBdLqLH3xB27YIgh&y=U2FsdGVkX188trNLYakejbdEt4lsQHmc78kEJLzOf/HpVyHWu8W7aPzAdldQsdKL HTTP/1.1" 200 30
186.102.74.63 - - [18/Feb/2024:14:34:44 -0500] "GET /kwssiamovil/sm/des/acme/s?s=U2FsdGVkX1+UuugmW7XlObu5SgkqLR97uMGakRZdHDido13gkdrIaZAocxNwQyRtYz26wsqqNHez+v2YDrLqy0lLuD5llfrNArgZdgK4kIs=&u=U2FsdGVkX19DeD9yt0hJyD6XoFa+rGIN3KEl7MqBVgI=&y=U2FsdGVkX188trNLYakejbdEt4lsQHmc78kEJLzOf/HpVyHWu8W7aPzAdldQsdKL HTTP/1.1" 200 97
186.102.74.63 - - [18/Feb/2024:14:34:44 -0500] "GET /kwssiamovil/sm/des/acme/s?s=U2FsdGVkX19HCqZH/1XNGKmSQJPaC3AjuSTSM0EtdnOUPCoCm8kuu8VCJqQEJE+WHDejfmjvLilSP50cD05oWw66D2IOcT+olUoFMEQRon1ggup/YYSFWbHlrKSl0Tl6jjzZZpyfOhJsgmiXn1EiAexNnljP6aICVbQcNEX3Is/gkDhbbDzX7JEWvSzj/2bmFI7ZMAjEuALO6LcMHSlZmji6oN6CnrlamJ7Hf/mISfLBYyRjxIQBUvJt89swBVDoFeDez3Eqp6pmT15ddtGp7DIipzPlrcX/cjw9PzadTNznhKC7IcnNPvgTDnoaEqcyDcAIjzNoAuxFeQzSgcp0MoO9uA2Z5SeNX8OXoXmiL6mPCFoWkeQEdFEdZcn7o/Qs5p1BJVXg6iqmU8FJLiUpGKx9se3h/orfq8LUE1lEced0nuOA/uhoiYpt3iKbYDonigKFU87LitTyR4OdcKjnIEFIetllx2Ltme5p6pv/K81av9D5ftwBVDtM5Oo25Wid7XT5NsHR6B2c5llHHCy8WwZkwJzOGsk5+r7rdIQfSFw0mqZIZG+amsOgtZra/bDI/Gmivdzs6Xai+nJ7AoStoRbv8ayp8TVh1pSwMmCkIoLbx5WzmLp2NHCJtqB9ra1WfqkS/NNs0hfRm2oWOQNTrt9w/N3wuUL83rqKRTF6/g0rosLr3e6DYN90PAEdynjsBS4fgixzqWyKflMYQpnwf3S9sfDohsZXWV1jCshTuS+hr9XbP9K6O9ufsJ1ZYFVGsP1ujXZptKw0RDpbuxiF8sAtmmPtVwtO8/6J+zNw39I5bq+ZHG6i/YSRr1fS+IW2wvd+6/RdpUXfMBsvQPzDNlKmS9FshaQSEb7Cqdov5spKVSbs+4TeXK0kJJ8SwQKgITqctbIw8JMwFqZp5NX7lBCMh+KWQlo5jmB7bmKxC/Ef7YZM6iB1p5NHxMIk5dDepOKEPCi7v4gP20P62A8tOwXASpGsv/ncujl+FhkNw63oULc8WXsHs8xBoDMEqMUuDhzM52G2NozpFlyoAutnG1gYFObVha4IhPVSs7pwo3LvZnfEyRH/WpI+P+eUzLmsjIkeZEwuAnMfPXXVGuTaaFcjen+XT3/Rre2BwVlFB24swMLs8DglTvyIw9KMq0o7YBjO1pMlpnazXTpnrCV7XMIvv5TnljZ+gbZc4vUinSPJPyk+/O/1pNHud+npKKl8vsJeyX8YAuX+QurJQopzSX2r9hwRXvV9gykBlXRKxGDzU5/4afpNLEyLKm7wlCiY+CRTpVGAMeKqcLYx8eXChsKJeqG8G1Oxg2cU6qHxrMKKGAYFFpLIXAGiLkqZexYQdxBxkKhDQZPSt06YuL9tZRrbKVoc/I2zsEMOLaAo6o1htg8umNQ3b5QYK8ns0qfsFvAn6VBtgnnGivayNMZPq7EvGh8KA9+N1lIN69Zj5ZhBbF1vq6uiNw6k+PYorVIQjde8ESBwf6+H2W4bm9NQsvBeoFL3R0v155yPF9GpdVAYv/zXJ4Lxj9J877e52pdcLtodPrukDdSwF+LkrNXJCIBIEaNwt2AiiBwJAPqTuo06z7ZZ8/N5UzF9caAG8JXEyBOrzSbkvcoUHhPUD7CaoLpGwFfHBxfUyXKUtBmhmyauPL7A9bQY9Ua8kEDCHdZh75It1p4LdXo9573I/teHtwe1E9O9K/wYciOxsyZNN4sL4fZQ9KrG4RlgX/OHY60PDyckOhyWvat71ED3VFeS6xSRvGirSFXdmfYmRNHkCDs=&u=U2FsdGVkX19DeD9yt0hJyD6XoFa+rGIN3KEl7MqBVgI=&y=U2FsdGVkX188trNLYakejbdEt4lsQHmc78kEJLzOf/HpVyHWu8W7aPzAdldQsdKL HTTP/1.1" 200 539
186.102.74.63 - - [18/Feb/2024:14:34:45 -0500] "GET /kwssiamovil/sm/des/acme/s?s=U2FsdGVkX1/4lgfqpjbindgQVzHCoqIUQKFlykPfYZ1mYK2e9NIQOMcej9Y8Ljd9/X3Me7pZ+AZX6tX0kdjZnEAX7mAmoCg6Z5pszsEi813pS0GhhtJb1dQzqFRpm82PMVjIbrQdJtvnnZbW8eomk0OaUG3l7ilzB3gnc6iqLy2+KGGm08Dl9+6OtbWa0U9xR9bVN3QBQJx9WA4BW5VgeKaRNo7AVx9vtmIouZhUyoKEmPKkFeilkQfNsmLQmqvj5/aEMZfx9h1N8//+62y+Yr0bBST4cojQ1bxhZD6JX8SM4qd03xqwJsDAt+U56SMaVjD34kRLH/HlHYis50UJ00q8QX2DyDOhdAojl2e0XNAbBXRf/hzWgOtqIibeK+JfKuZTSk8ppi8OHR51fTOEtrYuHHoTBlhdeTCm6UPepdRa2pNdGcz/BB+/V+Cc6TnA3+yhrwQuDmx3qpG3b+u9uSppBKeReBxlCVbnF+mFCIpn418CbMMDwZBX3A+TCcZz8eqB7RBEAhfLaqdb3EV4mDivSSJ8d45O+NHWsur8615x56KFHOukrQ4t0DlZOz11SLaQCpd2Py5LZKpu2sL4Bl5/K+2vinDuAKCUl0ad4a85Szef5p5W+3LAOLUaf8civAV3dn7COcbddKFMczAcLzPPdhT0HTh7PeAmrEPaHT2Zu3DQYIHRvRNjPgmAm9bNInUjA++jd1ZbfEYzG0/DW137Fk2k9JSmW38mUiuD32ys3+TXJztdZl/1gaNOpwi/&u=U2FsdGVkX19DeD9yt0hJyD6XoFa+rGIN3KEl7MqBVgI=&y=U2FsdGVkX188trNLYakejbdEt4lsQHmc78kEJLzOf/HpVyHWu8W7aPzAdldQsdKL HTTP/1.1" 200 222
186.102.74.63 - - [18/Feb/2024:14:34:45 -0500] "GET /kwssiamovil/sm/des/cjson/pre?f=19&x=U2FsdGVkX18hYGN/iEXnLGdv3vwu7LhWowLmxaGZWPC2BeCXVBdLqLH3xB27YIgh HTTP/1.1" 200 68759
216.244.66.195 - - [18/Feb/2024:14:35:11 -0500] "GET /BLA/resoluciones/AUTOS%202021/3926.pdf HTTP/1.1" 200 385713
216.244.66.195 - - [18/Feb/2024:14:35:50 -0500] "GET /BLA/resoluciones/AUTOS%202021/4221.pdf HTTP/1.1" 200 354698
216.244.66.195 - - [18/Feb/2024:14:36:29 -0500] "GET /BLA/resoluciones/AUTOS%202021/4258.pdf HTTP/1.1" 200 412164
40.77.167.7 - - [18/Feb/2024:14:37:02 -0500] "GET /BLA/resoluciones/AUTOS%202021/4233.pdf HTTP/1.1" 304 -
216.245.221.92 - - [18/Feb/2024:14:37:03 -0500] "HEAD / HTTP/1.1" 200 -
216.244.66.195 - - [18/Feb/2024:14:37:10 -0500] "GET /BLA/resoluciones/AUTOS%202021/4336.pdf HTTP/1.1" 200 462861
216.244.66.195 - - [18/Feb/2024:14:37:48 -0500] "GET /BLA/resoluciones/AUTOS%202021/4438.pdf HTTP/1.1" 200 403620
216.244.66.195 - - [18/Feb/2024:14:38:30 -0500] "GET /BLA/resoluciones/AUTOS%202021/4490.pdf HTTP/1.1" 200 352998
146.19.24.28 - - [18/Feb/2024:14:38:33 -0500] "GET / HTTP/1.1" 200 319
216.244.66.195 - - [18/Feb/2024:14:39:11 -0500] "GET /BLA/resoluciones/AUTOS%202021/4532.pdf HTTP/1.1" 200 347903
201.245.192.253 - - [18/Feb/2024:14:39:31 -0500] "POST /kwsrmcab/Wsrmcab HTTP/1.1" 200 38131
201.245.192.253 - - [18/Feb/2024:14:39:33 -0500] "POST /kwsrmcab/Wsrmcab HTTP/1.1" 200 39388
172.22.2.4 - - [18/Feb/2024:14:38:01 -0500] "HEAD /BLA/boletinlegal/ HTTP/1.1" 200 -
201.245.192.253 - - [18/Feb/2024:14:39:40 -0500] "POST /kwsrmcab/Wsrmcab  HTTP/1.1" 200 40533
172.22.2.4 - - [18/Feb/2024:14:38:52 -0500] "GET /BLA/boletinlegal/ HTTP/1.1" 200 60721
216.245.221.92 - - [18/Feb/2024:14:42:03 -0500] "HEAD / HTTP/1.1" 200 -
172.22.2.4 - - [18/Feb/2024:14:42:57 -0500] "GET /BLA/boletinlegal/actos.php HTTP/1.1" 200 9738
172.22.2.4 - - [18/Feb/2024:14:42:58 -0500] "GET /BLA/boletinlegal/favicon.ico HTTP/1.1" 404 1326
181.237.82.171 - - [18/Feb/2024:14:43:12 -0500] "GET /BLA/resoluciones/ HTTP/1.1" 200 14105
181.237.82.171 - - [18/Feb/2024:14:43:15 -0500] "GET /BLA/resoluciones/index.php?dir=AUTOS+2023%2F HTTP/1.1" 200 500698
172.22.2.4 - - [18/Feb/2024:14:42:56 -0500] "GET /BLA/boletinlegal/ HTTP/1.1" 200 56770
201.245.192.253 - - [18/Feb/2024:14:44:54 -0500] "POST /kwsrmcab/Wsrmcab  HTTP/1.1" 200 40533
172.22.2.4 - - [18/Feb/2024:14:43:51 -0500] "HEAD /BLA/boletinlegal/ HTTP/1.1" 200 -
172.22.2.4 - - [18/Feb/2024:14:44:42 -0500] "GET /BLA/boletinlegal/ HTTP/1.1" 200 59074
216.245.221.92 - - [18/Feb/2024:14:47:03 -0500] "HEAD / HTTP/1.1" 200 -
201.245.192.253 - - [18/Feb/2024:14:47:15 -0500] "GET /sipse/faces/autenticacion.xhtml HTTP/1.1" 200 12727
201.245.192.253 - - [18/Feb/2024:14:47:15 -0500] "GET /sipse/faces/javax.faces.resource/layout/layout.css;jsessionid=W96Bb67hbBdo+Wj0cr9Cg4BE.undefined?ln=primefaces&v=4.0 HTTP/1.1" 200 542
201.245.192.253 - - [18/Feb/2024:14:47:15 -0500] "GET /sipse/css/custom_css_sg.css HTTP/1.1" 200 9694
201.245.192.253 - - [18/Feb/2024:14:47:15 -0500] "GET /sipse/faces/javax.faces.resource/jquery/jquery.js;jsessionid=W96Bb67hbBdo+Wj0cr9Cg4BE.undefined?ln=primefaces&v=4.0 HTTP/1.1" 200 105384
201.245.192.253 - - [18/Feb/2024:14:47:15 -0500] "GET /sipse/faces/javax.faces.resource/layout/layout.js;jsessionid=W96Bb67hbBdo+Wj0cr9Cg4BE.undefined?ln=primefaces&v=4.0 HTTP/1.1" 200 87560
201.245.192.253 - - [18/Feb/2024:14:47:15 -0500] "GET /sipse/css/custom_css_sg_prime_login.css HTTP/1.1" 200 443
201.245.192.253 - - [18/Feb/2024:14:47:15 -0500] "GET /sipse/faces/javax.faces.resource/jquery/jquery-plugins.js;jsessionid=W96Bb67hbBdo+Wj0cr9Cg4BE.undefined?ln=primefaces&v=4.0 HTTP/1.1" 200 220526
201.245.192.253 - - [18/Feb/2024:14:47:15 -0500] "GET /sipse/faces/javax.faces.resource/primefaces.css;jsessionid=W96Bb67hbBdo+Wj0cr9Cg4BE.undefined?ln=primefaces&v=4.0 HTTP/1.1" 200 53295
201.245.192.253 - - [18/Feb/2024:14:47:15 -0500] "GET /sipse/faces/javax.faces.resource/primefaces.js;jsessionid=W96Bb67hbBdo+Wj0cr9Cg4BE.undefined?ln=primefaces&v=4.0 HTTP/1.1" 200 276924
201.245.192.253 - - [18/Feb/2024:14:47:15 -0500] "GET /sipse/faces/javax.faces.resource/theme.css?ln=primefaces-sipse HTTP/1.1" 200 50058
201.245.192.253 - - [18/Feb/2024:14:47:15 -0500] "GET /sipse/faces/javax.faces.resource/images/ui-icons_898989_256x240.png?ln=primefaces-aristo HTTP/1.1" 200 5355
201.245.192.253 - - [18/Feb/2024:14:47:15 -0500] "GET /sipse/css/imagen/logoSDG.png HTTP/1.1" 200 53064
201.245.192.253 - - [18/Feb/2024:14:47:15 -0500] "GET /sipse/css/imagen/loginimg.png HTTP/1.1" 200 71635
201.245.192.253 - - [18/Feb/2024:14:47:15 -0500] "GET /favicon.ico HTTP/1.1" 200 7782
201.245.192.253 - - [18/Feb/2024:14:47:15 -0500] "GET /sipse/faces/index.xhtml HTTP/1.1" 200 677
201.245.192.253 - - [18/Feb/2024:14:47:15 -0500] "GET /sipse/faces/javax.faces.resource/theme.css?ln=primefaces-sipse HTTP/1.1" 304 -
201.245.192.253 - - [18/Feb/2024:14:47:16 -0500] "GET /sipse/faces/faces/autenticacion.xhtml HTTP/1.1" 200 12405
201.245.192.253 - - [18/Feb/2024:14:47:16 -0500] "GET /sipse/faces/javax.faces.resource/theme.css?ln=primefaces-sipse HTTP/1.1" 304 -
201.245.192.253 - - [18/Feb/2024:14:47:16 -0500] "GET /sipse/faces/javax.faces.resource/layout/layout.css?ln=primefaces&v=4.0 HTTP/1.1" 200 542
201.245.192.253 - - [18/Feb/2024:14:47:16 -0500] "GET /sipse/faces/javax.faces.resource/primefaces.css?ln=primefaces&v=4.0 HTTP/1.1" 200 53295
201.245.192.253 - - [18/Feb/2024:14:47:16 -0500] "GET /sipse/faces/javax.faces.resource/jquery/jquery.js?ln=primefaces&v=4.0 HTTP/1.1" 304 -
201.245.192.253 - - [18/Feb/2024:14:47:16 -0500] "GET /sipse/faces/javax.faces.resource/jquery/jquery-plugins.js?ln=primefaces&v=4.0 HTTP/1.1" 304 -
201.245.192.253 - - [18/Feb/2024:14:47:16 -0500] "GET /sipse/faces/javax.faces.resource/primefaces.js?ln=primefaces&v=4.0 HTTP/1.1" 304 -
201.245.192.253 - - [18/Feb/2024:14:47:16 -0500] "GET /sipse/faces/javax.faces.resource/layout/layout.js?ln=primefaces&v=4.0 HTTP/1.1" 304 -
201.245.192.253 - - [18/Feb/2024:14:47:16 -0500] "GET /sipse/faces/javax.faces.resource/images/ui-icons_898989_256x240.png?ln=primefaces-aristo HTTP/1.1" 304 -
216.244.66.195 - - [18/Feb/2024:14:50:26 -0500] "GET /robots.txt HTTP/1.1" 404 1018
172.22.2.4 - - [18/Feb/2024:14:49:41 -0500] "HEAD /BLA/boletinlegal/ HTTP/1.1" 200 -
201.245.192.253 - - [18/Feb/2024:14:51:44 -0500] "POST /kwsrmcab/Wsrmcab  HTTP/1.1" 200 40533
216.245.221.92 - - [18/Feb/2024:14:52:03 -0500] "HEAD / HTTP/1.1" 200 -
172.22.2.4 - - [18/Feb/2024:14:50:33 -0500] "GET /BLA/boletinlegal/ HTTP/1.1" 200 59074
40.77.167.70 - - [18/Feb/2024:14:53:09 -0500] "GET /portaldeninos/?s=2023 HTTP/1.1" 200 87105
216.245.221.92 - - [18/Feb/2024:14:57:03 -0500] "HEAD / HTTP/1.1" 200 -
172.22.2.4 - - [18/Feb/2024:14:55:32 -0500] "HEAD /BLA/boletinlegal/ HTTP/1.1" 200 -
181.53.12.90 - - [18/Feb/2024:14:57:24 -0500] "GET /sipse/faces/index.xhtml HTTP/1.1" 200 677
181.53.12.90 - - [18/Feb/2024:14:57:24 -0500] "GET /sipse/faces/javax.faces.resource/theme.css?ln=primefaces-sipse HTTP/1.1" 304 -
181.53.12.90 - - [18/Feb/2024:14:57:25 -0500] "GET /sipse/faces/faces/autenticacion.xhtml HTTP/1.1" 200 12405
181.53.12.90 - - [18/Feb/2024:14:57:25 -0500] "GET /sipse/css/custom_css_sg.css HTTP/1.1" 304 -
181.53.12.90 - - [18/Feb/2024:14:57:25 -0500] "GET /sipse/faces/javax.faces.resource/theme.css?ln=primefaces-sipse HTTP/1.1" 304 -
181.53.12.90 - - [18/Feb/2024:14:57:25 -0500] "GET /sipse/faces/javax.faces.resource/layout/layout.css?ln=primefaces&v=4.0 HTTP/1.1" 304 -
181.53.12.90 - - [18/Feb/2024:14:57:25 -0500] "GET /sipse/faces/javax.faces.resource/primefaces.css?ln=primefaces&v=4.0 HTTP/1.1" 304 -
181.53.12.90 - - [18/Feb/2024:14:57:25 -0500] "GET /sipse/css/custom_css_sg_prime_login.css HTTP/1.1" 304 -
181.53.12.90 - - [18/Feb/2024:14:57:25 -0500] "GET /sipse/js/disable_browser_buttons.js HTTP/1.1" 304 -
181.53.12.90 - - [18/Feb/2024:14:57:25 -0500] "GET /sipse/js/funciones.js HTTP/1.1" 304 -
181.53.12.90 - - [18/Feb/2024:14:57:25 -0500] "GET /sipse/faces/javax.faces.resource/jquery/jquery.js?ln=primefaces&v=4.0 HTTP/1.1" 304 -
181.53.12.90 - - [18/Feb/2024:14:57:25 -0500] "GET /sipse/faces/javax.faces.resource/jquery/jquery-plugins.js?ln=primefaces&v=4.0 HTTP/1.1" 304 -
181.53.12.90 - - [18/Feb/2024:14:57:25 -0500] "GET /sipse/faces/javax.faces.resource/layout/layout.js?ln=primefaces&v=4.0 HTTP/1.1" 304 -
181.53.12.90 - - [18/Feb/2024:14:57:25 -0500] "GET /sipse/faces/javax.faces.resource/primefaces.js?ln=primefaces&v=4.0 HTTP/1.1" 304 -
181.53.12.90 - - [18/Feb/2024:14:57:25 -0500] "GET /sipse/faces/javax.faces.resource/images/ui-icons_898989_256x240.png?ln=primefaces-aristo HTTP/1.1" 304 -
181.53.12.90 - - [18/Feb/2024:14:57:25 -0500] "GET /sipse/css/imagen/logoSDG.png HTTP/1.1" 304 -
181.53.12.90 - - [18/Feb/2024:14:57:25 -0500] "GET /sipse/css/imagen/loginimg.png HTTP/1.1" 304 -
181.53.12.90 - - [18/Feb/2024:14:57:28 -0500] "POST /sipse/faces/autenticacion.xhtml HTTP/1.1" 200 16295
181.53.12.90 - - [18/Feb/2024:14:57:29 -0500] "GET /sipse/css/custom_css_sg_prime.css HTTP/1.1" 304 -
181.53.12.90 - - [18/Feb/2024:14:57:29 -0500] "GET /sipse/faces/javax.faces.resource/theme.css?ln=primefaces-sipse HTTP/1.1" 304 -
181.53.12.90 - - [18/Feb/2024:14:57:29 -0500] "GET /sipse/faces/javax.faces.resource/layout/layout.css?ln=primefaces&v=4.0 HTTP/1.1" 304 -
181.53.12.90 - - [18/Feb/2024:14:57:29 -0500] "GET /sipse/faces/javax.faces.resource/primefaces.css?ln=primefaces&v=4.0 HTTP/1.1" 304 -
181.53.12.90 - - [18/Feb/2024:14:57:29 -0500] "GET /sipse/js/jquery.min.js HTTP/1.1" 304 -
181.53.12.90 - - [18/Feb/2024:14:57:29 -0500] "GET /sipse/faces/javax.faces.resource/jquery/jquery.js?ln=primefaces&v=4.0 HTTP/1.1" 304 -
181.53.12.90 - - [18/Feb/2024:14:57:29 -0500] "GET /sipse/faces/javax.faces.resource/jquery/jquery-plugins.js?ln=primefaces&v=4.0 HTTP/1.1" 304 -
181.53.12.90 - - [18/Feb/2024:14:57:29 -0500] "GET /sipse/faces/javax.faces.resource/primefaces.js?ln=primefaces&v=4.0 HTTP/1.1" 304 -
181.53.12.90 - - [18/Feb/2024:14:57:29 -0500] "GET /sipse/faces/javax.faces.resource/layout/layout.js?ln=primefaces&v=4.0 HTTP/1.1" 304 -
181.53.12.90 - - [18/Feb/2024:14:57:29 -0500] "GET /sipse/css/v_mergente.css HTTP/1.1" 304 -
181.53.12.90 - - [18/Feb/2024:14:57:29 -0500] "GET /sipse/css/imagen/contrasena.png HTTP/1.1" 404 383
181.53.12.90 - - [18/Feb/2024:14:57:29 -0500] "GET /sipse/imagenes/cargando.gif HTTP/1.1" 304 -
181.53.12.90 - - [18/Feb/2024:14:57:29 -0500] "GET /sipse/imagenes/logoAplicacion.jpg HTTP/1.1" 304 -
181.53.12.90 - - [18/Feb/2024:14:57:29 -0500] "GET /sipse/faces/javax.faces.resource/messages/messages.png?ln=primefaces&v=4.0 HTTP/1.1" 304 -
181.53.12.90 - - [18/Feb/2024:14:57:32 -0500] "GET /sipse/faces/javax.faces.resource/images/ui-bg_flat_0_2d5972_40x100.png?ln=primefaces-aristo HTTP/1.1" 304 -
181.53.12.90 - - [18/Feb/2024:14:57:32 -0500] "POST /sipse/faces/bienvenido.xhtml HTTP/1.1" 200 1471
181.53.12.90 - - [18/Feb/2024:14:57:34 -0500] "POST /sipse/faces/bienvenido.xhtml HTTP/1.1" 200 63854
181.53.12.90 - - [18/Feb/2024:14:57:34 -0500] "GET /sipse/faces/javax.faces.resource/primefaces.css?ln=primefaces&v=4.0 HTTP/1.1" 304 -
181.53.12.90 - - [18/Feb/2024:14:57:34 -0500] "GET /sipse/faces/javax.faces.resource/theme.css?ln=primefaces-sipse HTTP/1.1" 304 -
181.53.12.90 - - [18/Feb/2024:14:57:34 -0500] "GET /sipse/faces/javax.faces.resource/layout/layout.css?ln=primefaces&v=4.0 HTTP/1.1" 304 -
181.53.12.90 - - [18/Feb/2024:14:57:34 -0500] "GET /sipse/faces/javax.faces.resource/jquery/jquery.js?ln=primefaces&v=4.0 HTTP/1.1" 304 -
181.53.12.90 - - [18/Feb/2024:14:57:34 -0500] "GET /sipse/faces/javax.faces.resource/jquery/jquery-plugins.js?ln=primefaces&v=4.0 HTTP/1.1" 304 -
181.53.12.90 - - [18/Feb/2024:14:57:35 -0500] "GET /sipse/faces/javax.faces.resource/primefaces.js?ln=primefaces&v=4.0 HTTP/1.1" 304 -
181.53.12.90 - - [18/Feb/2024:14:57:35 -0500] "GET /sipse/faces/javax.faces.resource/layout/layout.js?ln=primefaces&v=4.0 HTTP/1.1" 304 -
181.53.12.90 - - [18/Feb/2024:14:57:35 -0500] "POST /sipse/faces/presentacion/financiero/solicitudProceso/listarSolicitudProceso.xhtml HTTP/1.1" 200 1556
181.53.12.90 - - [18/Feb/2024:14:57:37 -0500] "POST /sipse/faces/presentacion/financiero/solicitudProceso/listarSolicitudProceso.xhtml HTTP/1.1" 200 2245
181.53.12.90 - - [18/Feb/2024:14:57:39 -0500] "POST /sipse/faces/presentacion/financiero/solicitudProceso/listarSolicitudProceso.xhtml HTTP/1.1" 200 38453
181.53.12.90 - - [18/Feb/2024:14:57:40 -0500] "GET /sipse/faces/javax.faces.resource/theme.css?ln=primefaces-sipse HTTP/1.1" 304 -
181.53.12.90 - - [18/Feb/2024:14:57:40 -0500] "GET /sipse/faces/javax.faces.resource/layout/layout.css?ln=primefaces&v=4.0 HTTP/1.1" 304 -
181.53.12.90 - - [18/Feb/2024:14:57:40 -0500] "GET /sipse/faces/javax.faces.resource/jquery/jquery.js?ln=primefaces&v=4.0 HTTP/1.1" 304 -
181.53.12.90 - - [18/Feb/2024:14:57:40 -0500] "GET /sipse/faces/javax.faces.resource/primefaces.css?ln=primefaces&v=4.0 HTTP/1.1" 304 -
181.53.12.90 - - [18/Feb/2024:14:57:40 -0500] "GET /sipse/faces/javax.faces.resource/jquery/jquery-plugins.js?ln=primefaces&v=4.0 HTTP/1.1" 304 -
181.53.12.90 - - [18/Feb/2024:14:57:40 -0500] "GET /sipse/faces/javax.faces.resource/primefaces.js?ln=primefaces&v=4.0 HTTP/1.1" 304 -
181.53.12.90 - - [18/Feb/2024:14:57:40 -0500] "GET /sipse/faces/javax.faces.resource/layout/layout.js?ln=primefaces&v=4.0 HTTP/1.1" 304 -
181.53.12.90 - - [18/Feb/2024:14:57:40 -0500] "POST /sipse/faces/presentacion/financiero/solicitudProceso/consultar.xhtml HTTP/1.1" 200 31741
181.53.12.90 - - [18/Feb/2024:14:57:43 -0500] "POST /sipse/faces/presentacion/financiero/solicitudProceso/consultar.xhtml HTTP/1.1" 200 13073
181.53.12.90 - - [18/Feb/2024:14:58:01 -0500] "POST /sipse/faces/presentacion/financiero/solicitudProceso/consultar.xhtml HTTP/1.1" 200 157819
181.53.12.90 - - [18/Feb/2024:14:58:02 -0500] "GET /sipse/faces/javax.faces.resource/theme.css?ln=primefaces-sipse HTTP/1.1" 304 -
181.53.12.90 - - [18/Feb/2024:14:58:02 -0500] "GET /sipse/faces/javax.faces.resource/primefaces.css?ln=primefaces&v=4.0 HTTP/1.1" 304 -
181.53.12.90 - - [18/Feb/2024:14:58:02 -0500] "GET /sipse/faces/javax.faces.resource/layout/layout.css?ln=primefaces&v=4.0 HTTP/1.1" 304 -
181.53.12.90 - - [18/Feb/2024:14:58:02 -0500] "GET /sipse/faces/javax.faces.resource/jquery/jquery.js?ln=primefaces&v=4.0 HTTP/1.1" 304 -
181.53.12.90 - - [18/Feb/2024:14:58:02 -0500] "GET /sipse/faces/javax.faces.resource/jquery/jquery-plugins.js?ln=primefaces&v=4.0 HTTP/1.1" 304 -
181.53.12.90 - - [18/Feb/2024:14:58:02 -0500] "GET /sipse/faces/javax.faces.resource/primefaces.js?ln=primefaces&v=4.0 HTTP/1.1" 304 -
181.53.12.90 - - [18/Feb/2024:14:58:02 -0500] "GET /sipse/faces/javax.faces.resource/layout/layout.js?ln=primefaces&v=4.0 HTTP/1.1" 304 -
172.22.2.4 - - [18/Feb/2024:14:56:23 -0500] "GET /BLA/boletinlegal/ HTTP/1.1" 200 59074
52.167.144.191 - - [18/Feb/2024:14:58:04 -0500] "GET /BLA/resoluciones/RESOLUCIONES%202009/4950.pdf HTTP/1.1" 200 465068
181.53.12.90 - - [18/Feb/2024:14:58:08 -0500] "POST /sipse/faces/presentacion/financiero/solicitudProceso/consultarSolicitudProceso.xhtml HTTP/1.1" 200 4357597
172.22.2.4 - - [18/Feb/2024:14:59:08 -0500] "POST /BLA/boletinlegal/dns-query HTTP/1.1" 406 -
216.245.221.92 - - [18/Feb/2024:15:02:03 -0500] "HEAD / HTTP/1.1" 200 -
172.22.2.4 - - [18/Feb/2024:15:02:11 -0500] "GET /BLA/boletinlegal/actos.php HTTP/1.1" 200 9738
172.22.2.4 - - [18/Feb/2024:15:02:11 -0500] "GET /BLA/boletinlegal/favicon.ico HTTP/1.1" 404 1326
181.54.80.133 - - [18/Feb/2024:15:02:15 -0500] "GET /BLA/resoluciones/ HTTP/1.1" 200 14105
181.54.80.133 - - [18/Feb/2024:15:02:18 -0500] "GET /BLA/resoluciones/index.php?dir=AUTOS+2023%2F HTTP/1.1" 200 500698
172.22.2.4 - - [18/Feb/2024:15:01:23 -0500] "HEAD /BLA/boletinlegal/ HTTP/1.1" 200 -
172.22.2.4 - - [18/Feb/2024:15:02:16 -0500] "GET /BLA/boletinlegal/ HTTP/1.1" 200 59074
66.249.66.38 - - [18/Feb/2024:15:05:00 -0500] "GET /desde-el- HTTP/1.1" 404 1034
40.77.167.65 - - [18/Feb/2024:15:05:09 -0500] "GET /Publicaciones/2023EE300927.pdf HTTP/1.1" 404 228
216.245.221.92 - - [18/Feb/2024:15:07:03 -0500] "HEAD / HTTP/1.1" 200 -
191.108.57.140 - - [18/Feb/2024:15:08:05 -0500] "GET /kwssiamovil/sm/ldap/au?x=U2FsdGVkX1/1SEsXCeHG0h3gVGBYRtvkVfy6f5yIkmS1ibZDshfsDLJkbHrYfhnz&y=U2FsdGVkX1/DRwcihSD3eaC9LRcpCUl8oZyTkbgN5gjzor5j9Ws99FpzljPqmVo6 HTTP/1.1" 200 30
191.108.57.140 - - [18/Feb/2024:15:08:05 -0500] "GET /kwssiamovil/sm/acme/s?s=U2FsdGVkX19VbhsqeLw7f40WSR106V3iE0orhsOqTvsj2ET/Bwf77KoqvwGEarUmZLXx/yMpDS2AfSm0oXczQ3ecOj9NEUSWP+eNDzNHYTA=&u=U2FsdGVkX1/w6RPAUP6789y5nMVjuceqrXSxOQBY0q8xBEVGhgmjS4aN7GQH92Te&y=U2FsdGVkX1/DRwcihSD3eaC9LRcpCUl8oZyTkbgN5gjzor5j9Ws99FpzljPqmVo6 HTTP/1.1" 200 97
191.108.57.140 - - [18/Feb/2024:15:08:05 -0500] "GET /kwssiamovil/sm/acme/s?s=U2FsdGVkX19iU7FZUGcLRdebq0g9ZyYD8u1p1X1lU3rtRU1qQ0Uu54Mdsx6VMbIU8fI03vmAmGWVH+qXStLe8tMUVeS8wf1Beug9AokoQIIXecYhdTMJ8tPs5Ow6OfAoPfSv+3Uw7Brs5sXL+qylkQbuWwBrJHaxccO6fqjVplunXAqnfoy/3xVXIWypw8YVxxyrYP1xm9BKza5VdkiwRl0R9ohv0k4T5L4THu96AOH4t/hbry7GUV1NE1mytd/quruOI1vYIzhHSTsXXy6IVkDKYOLNi+omoAceF3lAGzDnlV/UFuLWNVx7Ks5kJNJF69MGTE7v2XqBAy7fRiNZ1w0YIm34GWX7JzDaiCG21GPZLd3CsbQxgu4KixhJ1cR7U+bdx9nwIMYPLUSqteRfukWR0LyNu/y/r70vTFj9kYKQBAaOXLj3RTwjPZ5dNQwJySYda1UvDnfW63t/9IYdE7fhCoyaQC5DsXrUu+8Z5BZTlbniF4mn5icwa1HnRT+1lrhd0eNFDfRB+0lezOE+Po7eab7WqlDMYaAbQXePkQq2AHNBg0JkJZtlrtZxkoxlzxhYPJcumaRIfEfl8JD9jSVSKbFJUsF6IeXP27q9p/Er6khZfw6V/ODmZ07kV1iJC3d/ey0cA7xMKiRw983SmS6HbeQ35SXfEz3RzyJTdFRaGI8wg7Y6JLu1RA21EFr2WOIDdCqrbrCFfXoVqDCiGDkw92737dwHWu9R01HClTyrC9N9/t6memB+8jYylXvlXdEDuFgn27fSJ5Qmvuy2yRSL6ONe6ispt9gmDhEIxZEXtA/eXFTO+1rIyg1TuRUO1E7rstCa3SMPyoaNchk0z69+uYWemEdV60CmtFSk0PFIxZE5C9qcSBi87U6Zx/1zOKPvssIP+0mNUe6/uPvlCbouYnEqQaICZ80nfVoZamRahToa4V5mFpYmrbqaV+0T2tGBIS8rQnU77EtNCQuHoVOYP4n9Gwx4YK2KeUuIAXfrQHwKPTEkBFO3IDLKaMO345hBTP3XYg/3vjn/O5isx7a33vbbGjhWwqs/x/XA/XylvHssfXsAe0tYAtHBNbYJK2vDrywsC0FFGJx14h9nsBYq4hRm3Pl1XdRgUX95iZujlaWYKpKJ6i8mGno2n67oB1cw3C6AFs9RCxUXITIq0MXFn4wIQeLLbLwCTHJdLpsGDARMIDihPZedBn0RAumF7z1+p5q7Y6xNbYFfBWf91iHv9SPvcfsTdgZ262FjvomeoYvR06erd2sS4o79FdKsAn8nQuPv+DLsHyJqF5Yo4efpAxar9m3ctEt24o3kSR+hXeqHrBFHIpsGT78XwvTbkrT8Jq4OFNEQBbK/tuqlln4Z9FaTtLIJJTHYIPtE7udhqbecKmyeh/03vD7wNgUQ1kDwlwUj258grW03QecHstjB7Q+Baqou4NT2Z4YAzCkmGlZOPMmRNXbcLBmoRcmK+PEBNqJLnRUJu1oCRNEpFHgmM2UWP9Aq6BtDxYvG4uSIqbEMiaAbx5m5Dxf5PkKk0vFDnLsPtYGXkpsmIUcC1gbysQys4i9B7LuubP8hyaNAtTsxg37FQXTi805zm6AUF/MzjzXr+lNWIRnwmYxfdhgRIU4zd2PjRo/l7spBrYxHWNGhd6FWL9suQ/w0MdYxSkhMBh8OPaofbAxbyx4/Ci0iJZecwUwg+CTU4LnqKsGtMxt8Tkaltj8wOZ8QibMUWJ+N2lJdckXquYFPCgcUer77clbTkKDXMXzgZfrUXSIn8N3YeyDOKsBNeM0y26Cc&u=U2FsdGVkX1/w6RPAUP6789y5nMVjuceqrXSxOQBY0q8xBEVGhgmjS4aN7GQH92Te&y=U2FsdGVkX1/DRwcihSD3eaC9LRcpCUl8oZyTkbgN5gjzor5j9Ws99FpzljPqmVo6 HTTP/1.1" 200 3833
191.108.57.140 - - [18/Feb/2024:15:08:06 -0500] "GET /kwssiamovil/sm/acme/s?s=U2FsdGVkX1+M1Lsgs9h4NLExCikQ06N9CtpQkU8xkdlFdztM2GjwFHCMAKH+W66YHbrSNyGgHksA2oNFyvC19fs//NwXpS2v38ewDNmykKdiGZ37zzBaNFk3BTdsTGRp4JXQqorIpf2fgVh8gRKWZ5e5H+8Qf2MIvs/J55jinlqnUkTddr7odR6/kLAuOXEIREkqLTJdQ+FG+Wdow3mpYyitlKqP+A0dqOTFvgT0AJdbE/RCf3lPufr9qLmE5Q0d7ac3dTdJ48M9UotxE1KFnJlzmJnzsHhxMjEESguSMKsUCK3scnHcXNuwAmnpQBkv206y/PhRjb8fWIpG4Ok3WuaugIZ/9ujsTW8lglx+b3nMsRxA++9WQiXkEcHqpRrNnP0gkokENNz/k7OmITGXIZ1uAg83/MRhkYXAKVYpkhkeaM5KdaxZIdQTGaxZUbXMoubP5+YdsIf7eBfW82XmnoU3C1MzbHDPulpgGTYgBMwvJAguSFnBhbGpCWWcV8N8Y8rgUmg7DoYjLsnSv0vWgZZBpbTHY7pKvnpfwg19jdDsqvFfz6ZgN46eetiRh2HUQWqaKtMlgnEF8KmchD7a5ouyI5vfeX6hQpmSE5XGOsUQdqAfGNrNgZ2lRypzS4ka6m8ySUvHF5qyL2Xzal5GYMtRANz0m4uGHDBA3/lEkY+6jhitpRSoQIfj25+qPCCzBcHbw5MRc+QalgeGlBqB4vwnGXTTY+Y3mYEaQSCePJlogk8RN9ejhmgF4jOqJ7rH&u=U2FsdGVkX1/w6RPAUP6789y5nMVjuceqrXSxOQBY0q8xBEVGhgmjS4aN7GQH92Te&y=U2FsdGVkX1/DRwcihSD3eaC9LRcpCUl8oZyTkbgN5gjzor5j9Ws99FpzljPqmVo6 HTTP/1.1" 200 208
191.108.57.140 - - [18/Feb/2024:15:08:06 -0500] "GET /kwssiamovil/sm/cjson/pre?f=1&x=U2FsdGVkX1/1SEsXCeHG0h3gVGBYRtvkVfy6f5yIkmS1ibZDshfsDLJkbHrYfhnz HTTP/1.1" 200 32032
172.22.2.4 - - [18/Feb/2024:15:07:14 -0500] "HEAD /BLA/boletinlegal/ HTTP/1.1" 200 -
172.22.2.4 - - [18/Feb/2024:15:08:05 -0500] "GET /BLA/boletinlegal/ HTTP/1.1" 200 60721
40.77.167.8 - - [18/Feb/2024:15:10:02 -0500] "GET /sipse/faces/faces/autenticacion.xhtml HTTP/1.1" 200 12727
69.63.184.6 - - [18/Feb/2024:15:10:27 -0500] "GET /images/Comprimida%20incendios.jpg HTTP/1.1" 200 23316
216.245.221.92 - - [18/Feb/2024:15:12:03 -0500] "HEAD / HTTP/1.1" 200 -
157.55.39.223 - - [18/Feb/2024:15:13:03 -0500] "GET /robots.txt HTTP/1.1" 404 1018
92.117.254.248 - - [18/Feb/2024:15:13:07 -0500] "GET / HTTP/1.0" 200 319
42.236.17.114 - - [18/Feb/2024:15:14:06 -0500] "GET /portaldeninos/ HTTP/1.1" 200 110175
172.22.2.4 - - [18/Feb/2024:15:13:04 -0500] "HEAD /BLA/boletinlegal/ HTTP/1.1" 200 -
172.22.2.4 - - [18/Feb/2024:15:13:56 -0500] "GET /BLA/boletinlegal/ HTTP/1.1" 200 57476
172.22.2.4 - - [18/Feb/2024:15:15:55 -0500] "GET /BLA/boletinlegal/owa/auth/x.js HTTP/1.1" 404 1018
47.128.60.168 - - [18/Feb/2024:15:16:16 -0500] "GET /BLA/resoluciones/index.php?dir=RESOLUCIONES%202003%2FRES%202003%201551-1601%2F&order=desc&sort=name HTTP/1.1" 200 12155
47.128.60.168 - - [18/Feb/2024:15:16:17 -0500] "GET /BLA/resoluciones/dlf/dirup.png HTTP/1.1" 200 644
47.128.60.168 - - [18/Feb/2024:15:16:17 -0500] "GET /BLA/resoluciones/dlf/unknown.png HTTP/1.1" 200 266
186.102.24.102 - - [18/Feb/2024:15:16:44 -0500] "OPTIONS /kwssiamovil/sm/setfile/f? HTTP/1.1" 200 13
186.102.24.102 - - [18/Feb/2024:15:16:44 -0500] "POST /kwssiamovil/sm/setfile/f? HTTP/1.1" 200 381
186.102.24.102 - - [18/Feb/2024:15:16:54 -0500] "GET /kwssiamovil/sm/acme/a?s=U2FsdGVkX18IO3rjCqwgj4LUsM4R0P0MhG+6oh7mpKpDaB+llFF9IV+ATRDzwsQbv4zZu+VWTne50heuQi5NXQCg6xObftvz6Rfo+jPMBFyOjiAX/u7FoFZcQlxyoP0o7tFPiwMa49sYjuLQmh/lpQFZYYtlkHlh6nYrPa4A6FKQpad8GkFEQz+Pb4GtOChp28AugGNy/3zuZJDVFJe1unJ6fH0ELuqWINcFoHnPdxZuQWuCv12BUkuJOA6LGlQCHLHYvkLmARJ/gaXEZaxSxA==&u=U2FsdGVkX1/XAIBu5Da8cqa5D5dKnJH0HKEm1YMUgLLFwBMp5uxPZnKHqLEL3d1B&y=U2FsdGVkX1/qHkspfsOxXsXdnY/towp4x75eM2cZHAk9ylLLOEug4ES2w8HXEogl HTTP/1.1" 200 26
186.102.24.102 - - [18/Feb/2024:15:16:55 -0500] "GET /kwssiamovil/sm/acme/a?s=U2FsdGVkX1/DkSVIcjd5RXodQE1iXSIkQxAhk/+8czsdd+DSV+9Ygz2FR8uz4v5d3B2yLRmhtQqTQReJVD7EoF4NMfAIMQSb9XlnJKkTPRSnLgruFG4czYJC0QOj9rKYh+aamdR/oh9S9Z7iFo33ReZBzIgUMZIEn37gFYJQooj/J7gQmaNFzIQMf05W85wvw/8HIKFWM+5HilfMHnyPlM4R6zsGsgntvepA90TqWmFunQfobhHCtVKZDfOgHvwYdEL01dP5i6DUVYrG8tFHUewmjVFQpwGc5/rzWdbqmZy2rSyEd86wMFbWv8zSr5VwJTN8qtJ/AgxHUAgBpDJZGX4MPlqXzEE7Fz2XZUTXooLNSAyNpTkrhVPEstAx8lXzAS4N3Ws2VXn7EtC9kXceBSAydpP2twXvTtWlEMQgOSbqy4yOi0563AIM35U1z//xPY7wbgAM/MINNpxqQOrR1bS2667F3eWCH3BSQFKKp3DSrIbTxhpXWOHm0j2thdrF36fxkiEM9ePNZja4JPfC2zTCEMiSXHZdad3RXEmPqEVj9DBw/PUOaTK29qwio+aKymh2YvV5K8e01N/Q4gm/eJAg3jKtbdwjWuH7f8QnWBOKvkrjyTS1sDcmrl2wUzpwZNqwqanT9L2aQ0mcqeTAXYEPgkeN9BLAbHt/zkp4JgK56KrVg77VCJ9pFrlBqWPxuPK79s+0WRHwKZ4aR/ZgKPL08TTM8sviICjuzv9OOpBw4nYv3frmfchJvowyMJ7tqTERdLDJMwkOL2qcSfrTEG98wWMybL5Bh6DlrSkXCF9pgoLfqE+DIRrn9vZFy5V6PMcqxKVfS7Sf5EOsjUWoibsLlUu/zfhhXiOgJaGpHu3i26XQZFvdvNKJMGE7OKyApRrCp2AJR9A8CBzcIM88KwJvcaKrsN/Uwgnu8Ghts5pLmUuOembEIALtHsqN38XxXrwjj3EF5zxkaDIO0g9gNI28kFtWZzab5ZbQD5xMgx0tagAs7NULiXkunAX/Va4jhf4/PeiFmKeK7ZKMbLBT/1GkRPQiejg+MZNGi/KqH8pNHeUcQJ/0WHQULY3n0prLrXMsNVkeJqGB39iiBxFCYMtdVNm2yTT8weRIRO0rG5YcS4/D5+PTmhwUgl2LD4h9L7bgdu1nURS1A5DCTtB/OqRTAikc38GoJFejD8IYzq4+UtY5+8GhgycPhEHbkNJL8vMnWwLaLPQidTkeZK+zFFDwz3nEkzZ3WFqcuIqRzGUi7j4YCrRQ6vyraL6rJGBQcpsjHl26+4on3uevK9w0DRXOTXlvpjDEuWTC/V9hCetCopQwUjHH9EgIRhLOMwykfQphD1Apw3dHqlZagp8lOwSyPL5hMDoFjxZ5K0sY/y08OJZU7JUH7RA6q1k6VL0qu4bxTEuyrkSUE97fNfth666XGHR2rCL+cV6okbVAUzgc6yQ1cQZImil+fL7pEaZHh6TaUgEay/VTB5l3BZQmSzEfbzYjQhs/HfRJ5z7Q24jh2k7M2ktHdBzGLMuoybygZo6GIWCX9SwOMy7VQszlh5n8M+DJIjXkpcgVwRjf63uPOiYaw08bPXvsqQrMeIYsqCjT6iNa4Xgpt4ABX4UwL7sz9WmzSkCZxrc1HoA99MPsrfbwpdcSYm3DlAc/PAO+q8grGImijFSVAqU+ExKn1ga/63IKJOLI7MztBxdk+FDk+cPSkN8imAqiIXWHW8bpOgg4nmmTWE8RYXRTYxtCNit7aMdZiwDmlnib8z/IAJrA2BE2C82WIQgQEUw9q1DmS/nGdxdrf8HWXv0caRMWFQDJsSX4B87cltM54P+wv6m8+9J59D8L12XjNXq5F9fJg/2eEpy/7Osa/rt60PPdMls/NNR3xY1XyzoiWFjeK8I=&u=U2FsdGVkX1/XAIBu5Da8cqa5D5dKnJH0HKEm1YMUgLLFwBMp5uxPZnKHqLEL3d1B&y=U2FsdGVkX1/qHkspfsOxXsXdnY/towp4x75eM2cZHAk9ylLLOEug4ES2w8HXEogl HTTP/1.1" 200 26
186.102.24.102 - - [18/Feb/2024:15:16:56 -0500] "GET /kwssiamovil/sm/acme/a?s=U2FsdGVkX19scQrjPnncZvZg2VSt003DyTZ2QgToAoiygfqsJhEbRkewguzrESEn4HwwqN5r6D6qpsE/JaICAS4Wh/plqkRhUKwSQ9qLBjj/AW/6D6gULbcE0/SiWToLfN2S6gpkooea07wnpof0ZkSy7vR8c0FQzypldPgyPjE=&u=U2FsdGVkX1/XAIBu5Da8cqa5D5dKnJH0HKEm1YMUgLLFwBMp5uxPZnKHqLEL3d1B&y=U2FsdGVkX1/qHkspfsOxXsXdnY/towp4x75eM2cZHAk9ylLLOEug4ES2w8HXEogl HTTP/1.1" 200 26
186.102.24.102 - - [18/Feb/2024:15:16:56 -0500] "GET /kwssiamovil/sm/acme/a?s=U2FsdGVkX1+kD6q2AHaAzJb7DGtQ7/tqEqpppU7rNd9bz9UDwNfQLlfn8/nQ5Q/46GkbLVJz/CCDhLDdbhas3bEMSgv3udzduUGWetGZT4woqjVFLKjx3lv+AAV4q2fGQn3G6LqicBZ0FCRv9O5o7cwSaZF+pX7k1vHBzjTar2w=&u=U2FsdGVkX1/XAIBu5Da8cqa5D5dKnJH0HKEm1YMUgLLFwBMp5uxPZnKHqLEL3d1B&y=U2FsdGVkX1/qHkspfsOxXsXdnY/towp4x75eM2cZHAk9ylLLOEug4ES2w8HXEogl HTTP/1.1" 200 26
186.102.24.102 - - [18/Feb/2024:15:16:57 -0500] "GET /kwssiamovil/sm/acme/a?s=U2FsdGVkX18kSc5F6SKssqf/Xm3tczYqFnGvrTuJ5gL0EbSdKsA22ydycB6MMmzrxyC2BYar+x9VNlr3QTz89SJVh8wt1a/SqaRYmwQ9MrygxAjl8EV8slTKnd7iyi/jHp9aasVQrgT2WxwLKkSlGvPF6ZVqKcZ/QD09n2/Lfes=&u=U2FsdGVkX1/XAIBu5Da8cqa5D5dKnJH0HKEm1YMUgLLFwBMp5uxPZnKHqLEL3d1B&y=U2FsdGVkX1/qHkspfsOxXsXdnY/towp4x75eM2cZHAk9ylLLOEug4ES2w8HXEogl HTTP/1.1" 200 26
186.102.24.102 - - [18/Feb/2024:15:16:57 -0500] "GET /kwssiamovil/sm/acme/a?s=U2FsdGVkX18nixpLIYLVJN+fa/9aw7YMGWzSc4fStOpjuP4POPr21FngG2mZBpzTmbNqsvzrmWiRpiGfzUBSAL1/3RYxPPR2jh2RpPYp/5grBuOK9hbiTV+oMumQvkkca7Bkpbuwcjjma8S70i3exaDnlNXWfa1WXfebmB6Y+ALpn2O7uE1SBtSKS0lxK/iNqq5mz//AIQjiLmivOeYQKg==&u=U2FsdGVkX1/XAIBu5Da8cqa5D5dKnJH0HKEm1YMUgLLFwBMp5uxPZnKHqLEL3d1B&y=U2FsdGVkX1/qHkspfsOxXsXdnY/towp4x75eM2cZHAk9ylLLOEug4ES2w8HXEogl HTTP/1.1" 200 26
186.102.24.102 - - [18/Feb/2024:15:16:57 -0500] "GET /kwssiamovil/sm/acme/a?s=U2FsdGVkX194tMMyJO81iIWNh6SGEPBd1IzScaDBCXZyhvnlAxpt/51IjQBy2uCS2P1DIQcB+3PUo02fopAV/uHOVe9XfycoFYkx4gl6hyVnCXZw/qBAuM1gvPyT7oEkP+11Q3S8P/sz5Ek8uDoryWTuFzppF7/CYacLNhRU2q9AyjQIQSG9fi29sV0gPorW8KEAKXpX52h+7SmP7KBV7Q==&u=U2FsdGVkX1/XAIBu5Da8cqa5D5dKnJH0HKEm1YMUgLLFwBMp5uxPZnKHqLEL3d1B&y=U2FsdGVkX1/qHkspfsOxXsXdnY/towp4x75eM2cZHAk9ylLLOEug4ES2w8HXEogl HTTP/1.1" 200 26
186.102.24.102 - - [18/Feb/2024:15:16:58 -0500] "GET /kwssiamovil/sm/acme/a?s=U2FsdGVkX18RNA3sNo7gqTvUjIa8vErGH4/Ryy2QUfbTQzXOZ02/mS0yCAzi65srJm7o7lGxV5hlXVuhk2NkVUseedOhCdsgwAyam6lxnWN/q//7hZiLk2N4phel9O4ZvtuF9rtIcyDSzFc6CtZgxi9ibQw3+MwBp6kkQ/SOoifZ93gkSHP+eeLNy9wMIHMn&u=U2FsdGVkX1/XAIBu5Da8cqa5D5dKnJH0HKEm1YMUgLLFwBMp5uxPZnKHqLEL3d1B&y=U2FsdGVkX1/qHkspfsOxXsXdnY/towp4x75eM2cZHAk9ylLLOEug4ES2w8HXEogl HTTP/1.1" 200 26
216.245.221.92 - - [18/Feb/2024:15:17:03 -0500] "HEAD / HTTP/1.1" 200 -
167.94.138.35 - - [18/Feb/2024:15:17:30 -0500] "GET /portaldeninos HTTP/1.1" 404 1035
167.94.138.35 - - [18/Feb/2024:15:17:31 -0500] "PRI * HTTP/2.0" 400 946
201.245.192.253 - - [18/Feb/2024:15:19:30 -0500] "POST /kwsrmcab/Wsrmcab HTTP/1.1" 200 38461
201.245.192.253 - - [18/Feb/2024:15:19:33 -0500] "POST /kwsrmcab/Wsrmcab HTTP/1.1" 200 39400
191.156.224.166 - - [18/Feb/2024:15:20:01 -0500] "GET /distrito-alcanza-meta-de-1000-hectareas-ya-con-pagos-por-servicios-ambientales.html HTTP/1.1" 206 828
191.156.224.166 - - [18/Feb/2024:15:20:01 -0500] "GET /images/pago-por-servicios.jpeg HTTP/1.1" 206 93573
172.22.2.4 - - [18/Feb/2024:15:18:55 -0500] "HEAD /BLA/boletinlegal/ HTTP/1.1" 200 -
172.22.2.4 - - [18/Feb/2024:15:19:47 -0500] "GET /BLA/boletinlegal/ HTTP/1.1" 200 59074
216.245.221.92 - - [18/Feb/2024:15:22:03 -0500] "HEAD / HTTP/1.1" 200 -
216.244.66.195 - - [18/Feb/2024:15:23:20 -0500] "GET /BLA/resoluciones/AUTOS%202021/3016.pdf HTTP/1.1" 200 368908
216.244.66.195 - - [18/Feb/2024:15:24:00 -0500] "GET /BLA/resoluciones/AUTOS%202021/3743.pdf HTTP/1.1" 200 442578
216.244.66.195 - - [18/Feb/2024:15:24:44 -0500] "GET /BLA/resoluciones/AUTOS%202021/3952.pdf HTTP/1.1" 200 397587
186.84.89.37 - - [18/Feb/2024:15:25:14 -0500] "GET /agendate-para-participar-en-las-caminatas-ecologicas-de-febrero.html?fbclid=IwAR3ExmW5FxuIIoldlt6SijbMTv6TCdvV9JvJW1sNZ-IMWoT1xe9fUW9PJcQ HTTP/1.1" 200 830
216.244.66.195 - - [18/Feb/2024:15:25:16 -0500] "GET /BLA/resoluciones/AUTOS%202021/4445.pdf HTTP/1.1" 200 378388
216.244.66.195 - - [18/Feb/2024:15:25:45 -0500] "GET /BLA/resoluciones/AUTOS%202021/4592.pdf HTTP/1.1" 200 388821
52.167.144.180 - - [18/Feb/2024:15:25:47 -0500] "GET /BLA/resoluciones/RESOLUCIONES%202022/3419.pdf HTTP/1.1" 304 -
181.53.12.90 - - [18/Feb/2024:15:26:11 -0500] "POST /sipse/faces/presentacion/financiero/solicitudProceso/consultarSolicitudProceso.xhtml HTTP/1.1" 200 64427
181.53.12.90 - - [18/Feb/2024:15:26:12 -0500] "GET /sipse/faces/javax.faces.resource/theme.css?ln=primefaces-sipse HTTP/1.1" 304 -
181.53.12.90 - - [18/Feb/2024:15:26:12 -0500] "GET /sipse/faces/javax.faces.resource/primefaces.css?ln=primefaces&v=4.0 HTTP/1.1" 304 -
181.53.12.90 - - [18/Feb/2024:15:26:12 -0500] "GET /sipse/faces/javax.faces.resource/jquery/jquery.js?ln=primefaces&v=4.0 HTTP/1.1" 304 -
181.53.12.90 - - [18/Feb/2024:15:26:12 -0500] "GET /sipse/faces/javax.faces.resource/layout/layout.css?ln=primefaces&v=4.0 HTTP/1.1" 304 -
181.53.12.90 - - [18/Feb/2024:15:26:12 -0500] "GET /sipse/faces/javax.faces.resource/jquery/jquery-plugins.js?ln=primefaces&v=4.0 HTTP/1.1" 304 -
181.53.12.90 - - [18/Feb/2024:15:26:12 -0500] "GET /sipse/faces/javax.faces.resource/primefaces.js?ln=primefaces&v=4.0 HTTP/1.1" 304 -
181.53.12.90 - - [18/Feb/2024:15:26:12 -0500] "GET /sipse/faces/javax.faces.resource/layout/layout.js?ln=primefaces&v=4.0 HTTP/1.1" 304 -
181.53.12.90 - - [18/Feb/2024:15:26:12 -0500] "POST /sipse/faces/presentacion/financiero/solicitudProceso/listarSolicitudProceso.xhtml HTTP/1.1" 200 57689
181.53.12.90 - - [18/Feb/2024:15:26:12 -0500] "POST /sipse/faces/presentacion/financiero/solicitudProceso/listarSolicitudProceso.xhtml HTTP/1.1" 200 57689
181.53.12.90 - - [18/Feb/2024:15:26:13 -0500] "POST /sipse/faces/presentacion/financiero/solicitudProceso/listarSolicitudProceso.xhtml HTTP/1.1" 200 57689
181.53.12.90 - - [18/Feb/2024:15:26:13 -0500] "POST /sipse/faces/presentacion/financiero/solicitudProceso/listarSolicitudProceso.xhtml HTTP/1.1" 200 1556
181.53.12.90 - - [18/Feb/2024:15:26:14 -0500] "POST /sipse/faces/presentacion/financiero/solicitudProceso/listarSolicitudProceso.xhtml HTTP/1.1" 200 1552
181.53.12.90 - - [18/Feb/2024:15:26:14 -0500] "POST /sipse/faces/presentacion/financiero/solicitudProceso/listarSolicitudProceso.xhtml HTTP/1.1" 200 1564
181.53.12.90 - - [18/Feb/2024:15:26:15 -0500] "POST /sipse/faces/presentacion/financiero/solicitudProceso/listarSolicitudProceso.xhtml HTTP/1.1" 200 1552
181.53.12.90 - - [18/Feb/2024:15:26:17 -0500] "POST /sipse/faces/presentacion/financiero/solicitudProceso/listarSolicitudProceso.xhtml HTTP/1.1" 200 5409
216.244.66.195 - - [18/Feb/2024:15:26:18 -0500] "GET /BLA/resoluciones/AUTOS%202021/4634.pdf HTTP/1.1" 200 408949
181.53.12.90 - - [18/Feb/2024:15:26:22 -0500] "POST /sipse/faces/presentacion/financiero/solicitudProceso/listarSolicitudProceso.xhtml HTTP/1.1" 200 118782
181.53.12.90 - - [18/Feb/2024:15:26:23 -0500] "GET /sipse/faces/javax.faces.resource/theme.css?ln=primefaces-sipse HTTP/1.1" 304 -
181.53.12.90 - - [18/Feb/2024:15:26:23 -0500] "GET /sipse/faces/javax.faces.resource/primefaces.css?ln=primefaces&v=4.0 HTTP/1.1" 304 -
181.53.12.90 - - [18/Feb/2024:15:26:23 -0500] "GET /sipse/faces/javax.faces.resource/layout/layout.css?ln=primefaces&v=4.0 HTTP/1.1" 304 -
181.53.12.90 - - [18/Feb/2024:15:26:23 -0500] "GET /sipse/faces/javax.faces.resource/jquery/jquery.js?ln=primefaces&v=4.0 HTTP/1.1" 304 -
181.53.12.90 - - [18/Feb/2024:15:26:23 -0500] "GET /sipse/faces/javax.faces.resource/jquery/jquery-plugins.js?ln=primefaces&v=4.0 HTTP/1.1" 304 -
181.53.12.90 - - [18/Feb/2024:15:26:23 -0500] "GET /sipse/faces/javax.faces.resource/primefaces.js?ln=primefaces&v=4.0 HTTP/1.1" 304 -
181.53.12.90 - - [18/Feb/2024:15:26:23 -0500] "GET /sipse/faces/javax.faces.resource/layout/layout.js?ln=primefaces&v=4.0 HTTP/1.1" 304 -
172.22.2.4 - - [18/Feb/2024:15:24:46 -0500] "HEAD /BLA/boletinlegal/ HTTP/1.1" 200 -
181.53.12.90 - - [18/Feb/2024:15:26:28 -0500] "POST /sipse/faces/presentacion/financiero/solicitudProceso/consultarSolicitudProceso.xhtml HTTP/1.1" 200 20007
181.53.12.90 - - [18/Feb/2024:15:26:28 -0500] "GET /sipse/faces/javax.faces.resource/layout/layout.css?ln=primefaces&v=4.0 HTTP/1.1" 304 -
181.53.12.90 - - [18/Feb/2024:15:26:28 -0500] "GET /sipse/faces/javax.faces.resource/theme.css?ln=primefaces-sipse HTTP/1.1" 304 -
181.53.12.90 - - [18/Feb/2024:15:26:28 -0500] "GET /sipse/faces/javax.faces.resource/primefaces.css?ln=primefaces&v=4.0 HTTP/1.1" 304 -
181.53.12.90 - - [18/Feb/2024:15:26:28 -0500] "GET /sipse/faces/javax.faces.resource/jquery/jquery.js?ln=primefaces&v=4.0 HTTP/1.1" 304 -
181.53.12.90 - - [18/Feb/2024:15:26:28 -0500] "GET /sipse/faces/javax.faces.resource/primefaces.js?ln=primefaces&v=4.0 HTTP/1.1" 304 -
181.53.12.90 - - [18/Feb/2024:15:26:28 -0500] "GET /sipse/faces/javax.faces.resource/fileupload/fileupload.css?ln=primefaces&v=4.0 HTTP/1.1" 304 -
181.53.12.90 - - [18/Feb/2024:15:26:28 -0500] "GET /sipse/faces/javax.faces.resource/fileupload/fileupload.js?ln=primefaces&v=4.0 HTTP/1.1" 304 -
181.53.12.90 - - [18/Feb/2024:15:26:28 -0500] "GET /sipse/faces/javax.faces.resource/jquery/jquery-plugins.js?ln=primefaces&v=4.0 HTTP/1.1" 304 -
181.53.12.90 - - [18/Feb/2024:15:26:28 -0500] "GET /sipse/faces/javax.faces.resource/layout/layout.js?ln=primefaces&v=4.0 HTTP/1.1" 304 -
216.244.66.195 - - [18/Feb/2024:15:26:46 -0500] "GET /BLA/resoluciones/AUTOS%202021/4648.pdf HTTP/1.1" 200 419249
47.128.27.128 - - [18/Feb/2024:15:27:01 -0500] "GET /BLA/resoluciones/dlf/dirup.png HTTP/1.1" 200 644
47.128.27.128 - - [18/Feb/2024:15:27:01 -0500] "GET /BLA/resoluciones/dlf/pdf.gif HTTP/1.1" 200 272
216.245.221.92 - - [18/Feb/2024:15:27:03 -0500] "HEAD / HTTP/1.1" 200 -
181.53.12.90 - - [18/Feb/2024:15:27:11 -0500] "GET /sipse/faces/javax.faces.resource/theme.css?ln=primefaces-sipse HTTP/1.1" 304 -
181.53.12.90 - - [18/Feb/2024:15:27:11 -0500] "GET /sipse/faces/javax.faces.resource/primefaces.css?ln=primefaces&v=4.0 HTTP/1.1" 304 -
181.53.12.90 - - [18/Feb/2024:15:27:11 -0500] "GET /sipse/faces/javax.faces.resource/layout/layout.js?ln=primefaces&v=4.0 HTTP/1.1" 304 -
181.53.12.90 - - [18/Feb/2024:15:27:11 -0500] "GET /sipse/faces/javax.faces.resource/layout/layout.css?ln=primefaces&v=4.0 HTTP/1.1" 304 -
181.53.12.90 - - [18/Feb/2024:15:27:11 -0500] "GET /sipse/faces/javax.faces.resource/jquery/jquery.js?ln=primefaces&v=4.0 HTTP/1.1" 304 -
181.53.12.90 - - [18/Feb/2024:15:27:11 -0500] "GET /sipse/faces/javax.faces.resource/jquery/jquery-plugins.js?ln=primefaces&v=4.0 HTTP/1.1" 304 -
181.53.12.90 - - [18/Feb/2024:15:27:10 -0500] "POST /sipse/faces/presentacion/sistema/anexos/cargarAnexoSolicitudProceso.xhtml HTTP/1.1" 200 166208
181.53.12.90 - - [18/Feb/2024:15:27:11 -0500] "GET /sipse/faces/javax.faces.resource/primefaces.js?ln=primefaces&v=4.0 HTTP/1.1" 304 -
216.244.66.195 - - [18/Feb/2024:15:27:13 -0500] "GET /BLA/resoluciones/AUTOS%202021/5397.pdf HTTP/1.1" 200 373674
181.53.12.90 - - [18/Feb/2024:15:27:16 -0500] "POST /sipse/faces/presentacion/financiero/solicitudProceso/consultarSolicitudProceso.xhtml HTTP/1.1" 200 20007
181.53.12.90 - - [18/Feb/2024:15:27:16 -0500] "GET /sipse/faces/javax.faces.resource/primefaces.css?ln=primefaces&v=4.0 HTTP/1.1" 304 -
181.53.12.90 - - [18/Feb/2024:15:27:16 -0500] "GET /sipse/faces/javax.faces.resource/jquery/jquery-plugins.js?ln=primefaces&v=4.0 HTTP/1.1" 304 -
181.53.12.90 - - [18/Feb/2024:15:27:16 -0500] "GET /sipse/faces/javax.faces.resource/layout/layout.css?ln=primefaces&v=4.0 HTTP/1.1" 304 -
