172.22.2.4 - - [22/Feb/2024:02:55:15 -0500] "GET /BLA/boletinlegal/ HTTP/1.1" 200 60730
216.245.221.92 - - [22/Feb/2024:02:57:25 -0500] "HEAD / HTTP/1.1" 200 -
216.244.66.195 - - [22/Feb/2024:02:57:28 -0500] "GET /BLA/resoluciones/AUTOS%202021/1907.pdf HTTP/1.1" 200 349970
216.244.66.195 - - [22/Feb/2024:02:58:04 -0500] "GET /BLA/resoluciones/AUTOS%202021/2148.pdf HTTP/1.1" 200 365967
201.245.192.253 - - [22/Feb/2024:02:58:48 -0500] "POST /forms/lservlet;jsessionid=ac16012b30d6512f16d4b5014e798f65c06316b1cd61.e3iSbxaKaheRe34NaNuLc30MaN90n6jAmljGr5XDqQLvpAe HTTP/1.1" 200 2
216.244.66.195 - - [22/Feb/2024:02:58:51 -0500] "GET /BLA/resoluciones/AUTOS%202021/3829.pdf HTTP/1.1" 200 343824
216.244.66.195 - - [22/Feb/2024:02:59:35 -0500] "GET /BLA/resoluciones/AUTOS%202021/4550.pdf HTTP/1.1" 200 364968
216.244.66.195 - - [22/Feb/2024:03:00:18 -0500] "GET /BLA/resoluciones/AUTOS%202023/2357.pdf HTTP/1.1" 200 428740
201.245.192.253 - - [22/Feb/2024:03:00:48 -0500] "POST /forms/lservlet;jsessionid=ac16012b30d6512f16d4b5014e798f65c06316b1cd61.e3iSbxaKaheRe34NaNuLc30MaN90n6jAmljGr5XDqQLvpAe HTTP/1.1" 200 2
216.244.66.195 - - [22/Feb/2024:03:01:03 -0500] "GET /BLA/resoluciones/AUTOS%202023/2391.pdf HTTP/1.1" 200 437975
172.22.2.4 - - [22/Feb/2024:03:00:14 -0500] "HEAD /BLA/boletinlegal/ HTTP/1.1" 200 -
216.244.66.195 - - [22/Feb/2024:03:01:59 -0500] "GET /BLA/resoluciones/AUTOS%202023/2886.pdf HTTP/1.1" 200 655336
216.245.221.92 - - [22/Feb/2024:03:02:25 -0500] "HEAD / HTTP/1.1" 200 -
172.22.2.4 - - [22/Feb/2024:03:01:05 -0500] "GET /BLA/boletinlegal/ HTTP/1.1" 200 59083
201.245.192.253 - - [22/Feb/2024:03:02:48 -0500] "POST /forms/lservlet;jsessionid=ac16012b30d6512f16d4b5014e798f65c06316b1cd61.e3iSbxaKaheRe34NaNuLc30MaN90n6jAmljGr5XDqQLvpAe HTTP/1.1" 200 2
216.244.66.195 - - [22/Feb/2024:03:02:49 -0500] "GET /BLA/resoluciones/AUTOS%202023/3030.pdf HTTP/1.1" 200 386432
172.22.2.4 - - [22/Feb/2024:03:03:28 -0500] "GET /BLA/boletinlegal/normativa.php HTTP/1.1" 200 8397
216.244.66.195 - - [22/Feb/2024:03:03:37 -0500] "GET /BLA/resoluciones/AUTOS%202023/3277.pdf HTTP/1.1" 200 404989
216.244.66.195 - - [22/Feb/2024:03:04:18 -0500] "GET /BLA/resoluciones/AUTOS%202023/3449.pdf HTTP/1.1" 200 512740
201.245.192.253 - - [22/Feb/2024:03:04:48 -0500] "POST /forms/lservlet;jsessionid=ac16012b30d6512f16d4b5014e798f65c06316b1cd61.e3iSbxaKaheRe34NaNuLc30MaN90n6jAmljGr5XDqQLvpAe HTTP/1.1" 200 2
216.244.66.195 - - [22/Feb/2024:03:04:58 -0500] "GET /BLA/resoluciones/AUTOS%202023/3469.pdf HTTP/1.1" 200 388216
216.244.66.195 - - [22/Feb/2024:03:05:32 -0500] "GET /BLA/resoluciones/AUTOS%202023/3704.pdf HTTP/1.1" 200 321959
216.244.66.195 - - [22/Feb/2024:03:06:38 -0500] "GET /BLA/resoluciones/AUTOS%202021/0118.pdf HTTP/1.1" 200 424333
201.245.192.253 - - [22/Feb/2024:03:06:48 -0500] "POST /forms/lservlet;jsessionid=ac16012b30d6512f16d4b5014e798f65c06316b1cd61.e3iSbxaKaheRe34NaNuLc30MaN90n6jAmljGr5XDqQLvpAe HTTP/1.1" 200 2
40.77.167.36 - - [22/Feb/2024:03:07:10 -0500] "GET /BLA/resoluciones/AUTOS%202021/5395.pdf HTTP/1.1" 200 312834
216.244.66.195 - - [22/Feb/2024:03:07:18 -0500] "GET /BLA/resoluciones/AUTOS%202021/0539.pdf HTTP/1.1" 200 353459
216.245.221.92 - - [22/Feb/2024:03:07:25 -0500] "HEAD / HTTP/1.1" 200 -
52.70.240.171 - - [22/Feb/2024:03:07:39 -0500] "GET /robots.txt HTTP/1.1" 404 1035
23.22.35.162 - - [22/Feb/2024:03:07:40 -0500] "GET /portaldeninos/ HTTP/1.1" 200 110175
172.22.2.4 - - [22/Feb/2024:03:06:04 -0500] "HEAD /BLA/boletinlegal/ HTTP/1.1" 200 -
216.244.66.195 - - [22/Feb/2024:03:07:48 -0500] "GET /BLA/resoluciones/AUTOS%202021/1218.pdf HTTP/1.1" 200 516372
216.244.66.195 - - [22/Feb/2024:03:08:20 -0500] "GET /BLA/resoluciones/AUTOS%202021/1726.pdf HTTP/1.1" 200 1261493
172.22.2.4 - - [22/Feb/2024:03:06:55 -0500] "GET /BLA/boletinlegal/ HTTP/1.1" 200 60380
201.245.192.253 - - [22/Feb/2024:03:08:48 -0500] "POST /forms/lservlet;jsessionid=ac16012b30d6512f16d4b5014e798f65c06316b1cd61.e3iSbxaKaheRe34NaNuLc30MaN90n6jAmljGr5XDqQLvpAe HTTP/1.1" 200 2
216.244.66.195 - - [22/Feb/2024:03:09:07 -0500] "GET /BLA/resoluciones/AUTOS%202021/2170.pdf HTTP/1.1" 200 573055
216.244.66.195 - - [22/Feb/2024:03:09:39 -0500] "GET /BLA/resoluciones/AUTOS%202021/3286.pdf HTTP/1.1" 200 664705
216.244.66.195 - - [22/Feb/2024:03:10:19 -0500] "GET /BLA/resoluciones/AUTOS%202021/5293.pdf HTTP/1.1" 200 401036
201.245.192.253 - - [22/Feb/2024:03:10:48 -0500] "POST /forms/lservlet;jsessionid=ac16012b30d6512f16d4b5014e798f65c06316b1cd61.e3iSbxaKaheRe34NaNuLc30MaN90n6jAmljGr5XDqQLvpAe HTTP/1.1" 200 2
216.244.66.195 - - [22/Feb/2024:03:10:54 -0500] "GET /BLA/resoluciones/AUTOS%202023/0507.pdf HTTP/1.1" 200 390921
216.244.66.195 - - [22/Feb/2024:03:11:23 -0500] "GET /BLA/resoluciones/AUTOS%202023/1672.pdf HTTP/1.1" 200 427115
91.103.252.194 - - [22/Feb/2024:03:11:45 -0500] "GET /BLA/boletinlegal/admin/index.php HTTP/1.1" 200 2324
216.244.66.195 - - [22/Feb/2024:03:11:52 -0500] "GET /BLA/resoluciones/AUTOS%202023/1738.pdf HTTP/1.1" 200 399088
69.63.184.1 - - [22/Feb/2024:03:12:13 -0500] "GET /images/24%20de%20febrero%20Sendero%20guadalupe%202.jpeg HTTP/1.1" 200 70964
216.244.66.195 - - [22/Feb/2024:03:12:20 -0500] "GET /BLA/resoluciones/AUTOS%202023/2536.pdf HTTP/1.1" 200 1300641
216.245.221.92 - - [22/Feb/2024:03:12:25 -0500] "HEAD / HTTP/1.1" 200 -
201.245.192.253 - - [22/Feb/2024:03:12:48 -0500] "POST /forms/lservlet;jsessionid=ac16012b30d6512f16d4b5014e798f65c06316b1cd61.e3iSbxaKaheRe34NaNuLc30MaN90n6jAmljGr5XDqQLvpAe HTTP/1.1" 200 2
216.244.66.195 - - [22/Feb/2024:03:13:08 -0500] "GET /BLA/resoluciones/AUTOS%202023/3077.pdf HTTP/1.1" 200 923517
172.22.2.4 - - [22/Feb/2024:03:11:54 -0500] "HEAD /BLA/boletinlegal/ HTTP/1.1" 200 -
172.22.2.4 - - [22/Feb/2024:03:12:45 -0500] "GET /BLA/boletinlegal/ HTTP/1.1" 200 59083
52.167.144.228 - - [22/Feb/2024:03:14:27 -0500] "GET /BLA/resoluciones/RESOLUCIONES%202022/2819.pdf HTTP/1.1" 304 -
201.245.192.253 - - [22/Feb/2024:03:14:48 -0500] "POST /forms/lservlet;jsessionid=ac16012b30d6512f16d4b5014e798f65c06316b1cd61.e3iSbxaKaheRe34NaNuLc30MaN90n6jAmljGr5XDqQLvpAe HTTP/1.1" 200 2
31.13.103.119 - - [22/Feb/2024:03:15:07 -0500] "GET /convocatoria-acercar-2024-una-oportunidad-para-que-tu-empresa-sea-mas-sostenible.html HTTP/1.1" 200 913
69.171.251.11 - - [22/Feb/2024:03:15:12 -0500] "GET /convocatoria-acercar-2024-una-oportunidad-para-que-tu-empresa-sea-mas-sostenible.html HTTP/1.1" 206 913
69.171.251.8 - - [22/Feb/2024:03:15:13 -0500] "GET /convocatoria-acercar-2024-una-oportunidad-para-que-tu-empresa-sea-mas-sostenible.html HTTP/1.1" 200 913
69.171.251.7 - - [22/Feb/2024:03:15:13 -0500] "GET /convocatoria-acercar-2024-una-oportunidad-para-que-tu-empresa-sea-mas-sostenible.html HTTP/1.1" 200 913
69.171.251.117 - - [22/Feb/2024:03:15:18 -0500] "GET /convocatoria-acercar-2024-una-oportunidad-para-que-tu-empresa-sea-mas-sostenible.html HTTP/1.1" 200 913
201.245.192.253 - - [22/Feb/2024:03:16:48 -0500] "POST /forms/lservlet;jsessionid=ac16012b30d6512f16d4b5014e798f65c06316b1cd61.e3iSbxaKaheRe34NaNuLc30MaN90n6jAmljGr5XDqQLvpAe HTTP/1.1" 200 2
216.245.221.92 - - [22/Feb/2024:03:17:25 -0500] "HEAD / HTTP/1.1" 200 -
201.245.192.253 - - [22/Feb/2024:03:18:48 -0500] "POST /forms/lservlet;jsessionid=ac16012b30d6512f16d4b5014e798f65c06316b1cd61.e3iSbxaKaheRe34NaNuLc30MaN90n6jAmljGr5XDqQLvpAe HTTP/1.1" 200 2
172.22.2.4 - - [22/Feb/2024:03:17:44 -0500] "HEAD /BLA/boletinlegal/ HTTP/1.1" 200 -
172.22.2.4 - - [22/Feb/2024:03:18:35 -0500] "GET /BLA/boletinlegal/ HTTP/1.1" 200 57485
201.245.192.253 - - [22/Feb/2024:03:20:15 -0500] "POST /kwsrmcab/Wsrmcab HTTP/1.1" 200 38964
201.245.192.253 - - [22/Feb/2024:03:20:18 -0500] "POST /kwsrmcab/Wsrmcab HTTP/1.1" 200 37897
201.245.192.253 - - [22/Feb/2024:03:20:18 -0500] "POST /kwsrmcab/Wsrmcab HTTP/1.1" 200 38033
201.245.192.253 - - [22/Feb/2024:03:20:48 -0500] "POST /forms/lservlet;jsessionid=ac16012b30d6512f16d4b5014e798f65c06316b1cd61.e3iSbxaKaheRe34NaNuLc30MaN90n6jAmljGr5XDqQLvpAe HTTP/1.1" 200 2
201.245.192.253 - - [22/Feb/2024:03:21:07 -0500] "POST /kwsrmcab/Wsrmcab HTTP/1.1" 200 37897
40.77.167.59 - - [22/Feb/2024:03:19:51 -0500] "GET /BLA/boletinlegal/ HTTP/1.1" 200 61913
40.77.167.59 - - [22/Feb/2024:03:21:45 -0500] "GET /BLA/resoluciones/RESOLUCIONES%202022/0009.pdf HTTP/1.1" 304 -
52.149.22.85 - - [22/Feb/2024:03:22:17 -0500] "GET /Publicaciones/2024EE25683.pdf HTTP/1.1" 404 227
40.77.167.59 - - [22/Feb/2024:03:22:19 -0500] "GET /Publicaciones/2023EE255481.pdf HTTP/1.1" 404 228
216.245.221.92 - - [22/Feb/2024:03:22:25 -0500] "HEAD / HTTP/1.1" 200 -
201.245.192.253 - - [22/Feb/2024:03:22:48 -0500] "POST /forms/lservlet;jsessionid=ac16012b30d6512f16d4b5014e798f65c06316b1cd61.e3iSbxaKaheRe34NaNuLc30MaN90n6jAmljGr5XDqQLvpAe HTTP/1.1" 200 2
40.77.167.10 - - [22/Feb/2024:03:22:57 -0500] "GET /BLA/resoluciones/AUTOS%202022/6069.pdf HTTP/1.1" 200 378615
201.245.192.253 - - [22/Feb/2024:03:24:48 -0500] "POST /forms/lservlet;jsessionid=ac16012b30d6512f16d4b5014e798f65c06316b1cd61.e3iSbxaKaheRe34NaNuLc30MaN90n6jAmljGr5XDqQLvpAe HTTP/1.1" 200 2
172.22.2.4 - - [22/Feb/2024:03:23:34 -0500] "HEAD /BLA/boletinlegal/ HTTP/1.1" 200 -
52.70.240.171 - - [22/Feb/2024:03:25:40 -0500] "GET /robots.txt HTTP/1.1" 404 1034
40.77.167.235 - - [22/Feb/2024:03:25:53 -0500] "GET /BLA/resoluciones/AUTOS%202023/5694.pdf HTTP/1.1" 200 422091
172.22.2.4 - - [22/Feb/2024:03:25:56 -0500] "GET /BLA/boletinlegal/actos.php HTTP/1.1" 200 9738
172.22.2.4 - - [22/Feb/2024:03:24:25 -0500] "GET /BLA/boletinlegal/ HTTP/1.1" 200 60730
168.119.252.253 - - [22/Feb/2024:03:26:20 -0500] "GET / HTTP/1.1" 200 4720
23.22.35.162 - - [22/Feb/2024:03:26:39 -0500] "GET /desde-el-paramo-mas-grande-del-mundo-sumapaz-bogota-se-alista-para-ser-sede-de-la-cop16.html HTTP/1.1" 200 981
23.22.35.162 - - [22/Feb/2024:03:26:44 -0500] "GET /distrito-exalto-a-246-empresas-de-bogota-por-su-alto-desempeno-y-responsabilidad-ambiental-durante-2023.html HTTP/1.1" 200 1039
201.245.192.253 - - [22/Feb/2024:03:26:48 -0500] "POST /forms/lservlet;jsessionid=ac16012b30d6512f16d4b5014e798f65c06316b1cd61.e3iSbxaKaheRe34NaNuLc30MaN90n6jAmljGr5XDqQLvpAe HTTP/1.1" 200 2
40.77.167.10 - - [22/Feb/2024:03:27:16 -0500] "GET /BLA/resoluciones/RESOLUCIONES%202008/4569.pdf HTTP/1.1" 304 -
216.245.221.92 - - [22/Feb/2024:03:27:25 -0500] "HEAD / HTTP/1.1" 200 -
52.167.144.192 - - [22/Feb/2024:03:27:38 -0500] "GET /BLA/resoluciones/index.php?dir=AUTOS+2011%2F HTTP/1.1" 200 638400
201.245.192.253 - - [22/Feb/2024:03:28:48 -0500] "POST /forms/lservlet;jsessionid=ac16012b30d6512f16d4b5014e798f65c06316b1cd61.e3iSbxaKaheRe34NaNuLc30MaN90n6jAmljGr5XDqQLvpAe HTTP/1.1" 200 2
40.77.167.230 - - [22/Feb/2024:03:30:12 -0500] "GET /BLA/resoluciones/RESOLUCIONES%202023/3034.pdf HTTP/1.1" 200 3148044
201.245.192.253 - - [22/Feb/2024:03:30:15 -0500] "POST /kwsrmcab/Wsrmcab HTTP/1.1" 200 38964
201.245.192.253 - - [22/Feb/2024:03:30:18 -0500] "POST /kwsrmcab/Wsrmcab HTTP/1.1" 200 37897
201.245.192.253 - - [22/Feb/2024:03:30:18 -0500] "POST /kwsrmcab/Wsrmcab HTTP/1.1" 200 38033
52.167.144.192 - - [22/Feb/2024:03:30:26 -0500] "GET /images/RMCAB.jpg HTTP/1.1" 200 49926
201.245.192.253 - - [22/Feb/2024:03:30:48 -0500] "POST /forms/lservlet;jsessionid=ac16012b30d6512f16d4b5014e798f65c06316b1cd61.e3iSbxaKaheRe34NaNuLc30MaN90n6jAmljGr5XDqQLvpAe HTTP/1.1" 200 2
172.22.2.4 - - [22/Feb/2024:03:29:24 -0500] "HEAD /BLA/boletinlegal/ HTTP/1.1" 200 -
201.245.192.253 - - [22/Feb/2024:03:31:05 -0500] "POST /kwsrmcab/Wsrmcab HTTP/1.1" 200 37897
173.252.79.120 - - [22/Feb/2024:03:31:27 -0500] "GET /images/Convocatoria%20Acercar%202024%20(1)%20(1).jpeg HTTP/1.1" 200 61100
69.171.231.9 - - [22/Feb/2024:03:31:39 -0500] "GET /convocatoria-acercar-2024-una-oportunidad-para-que-tu-empresa-sea-mas-sostenible.html HTTP/1.1" 200 913
172.22.2.4 - - [22/Feb/2024:03:30:15 -0500] "GET /BLA/boletinlegal/ HTTP/1.1" 200 59083
91.103.252.194 - - [22/Feb/2024:03:32:23 -0500] "GET /BLA/boletinlegal/admin/index.php HTTP/1.1" 200 2324
216.245.221.92 - - [22/Feb/2024:03:32:25 -0500] "HEAD / HTTP/1.1" 200 -
52.167.144.138 - - [22/Feb/2024:03:32:31 -0500] "GET /BLA/resoluciones/AUTOS%202021/6741.pdf HTTP/1.1" 304 -
201.245.192.253 - - [22/Feb/2024:03:32:48 -0500] "POST /forms/lservlet;jsessionid=ac16012b30d6512f16d4b5014e798f65c06316b1cd61.e3iSbxaKaheRe34NaNuLc30MaN90n6jAmljGr5XDqQLvpAe HTTP/1.1" 200 2
172.22.2.4 - - [22/Feb/2024:03:32:51 -0500] "GET /BLA/boletinlegal/documentos-importantes.php HTTP/1.1" 200 4883
201.245.192.253 - - [22/Feb/2024:03:34:48 -0500] "POST /forms/lservlet;jsessionid=ac16012b30d6512f16d4b5014e798f65c06316b1cd61.e3iSbxaKaheRe34NaNuLc30MaN90n6jAmljGr5XDqQLvpAe HTTP/1.1" 200 2
40.77.167.230 - - [22/Feb/2024:03:35:42 -0500] "GET /BLA/resoluciones/Notificaciones/REGISTROS%202020/01029.pdf HTTP/1.1" 200 203713
201.245.192.253 - - [22/Feb/2024:03:36:48 -0500] "POST /forms/lservlet;jsessionid=ac16012b30d6512f16d4b5014e798f65c06316b1cd61.e3iSbxaKaheRe34NaNuLc30MaN90n6jAmljGr5XDqQLvpAe HTTP/1.1" 200 2
172.22.2.4 - - [22/Feb/2024:03:35:14 -0500] "HEAD /BLA/boletinlegal/ HTTP/1.1" 200 -
216.245.221.92 - - [22/Feb/2024:03:37:25 -0500] "HEAD / HTTP/1.1" 200 -
172.22.2.4 - - [22/Feb/2024:03:36:05 -0500] "GET /BLA/boletinlegal/ HTTP/1.1" 200 59083
165.154.36.91 - - [22/Feb/2024:03:38:09 -0500] "GET / HTTP/1.1" 200 319
172.22.2.4 - - [22/Feb/2024:03:38:22 -0500] "GET /BLA/boletinlegal/actos.php HTTP/1.1" 200 9738
201.245.192.253 - - [22/Feb/2024:03:38:48 -0500] "POST /forms/lservlet;jsessionid=ac16012b30d6512f16d4b5014e798f65c06316b1cd61.e3iSbxaKaheRe34NaNuLc30MaN90n6jAmljGr5XDqQLvpAe HTTP/1.1" 200 2
40.77.167.54 - - [22/Feb/2024:03:39:11 -0500] "GET /semana-bogota-reverdece-politica-publica-de-accion-climatica-es-una-realidad.html HTTP/1.1" 200 891
52.167.144.222 - - [22/Feb/2024:03:39:59 -0500] "GET /BLA/resoluciones/Notificaciones/REGISTROS%202020/1313.pdf HTTP/1.1" 200 279711
66.249.66.19 - - [22/Feb/2024:03:40:01 -0500] "GET /BLA/resoluciones/AUTOS%202014/6717.pdf HTTP/1.1" 304 -
201.245.192.253 - - [22/Feb/2024:03:40:15 -0500] "POST /kwsrmcab/Wsrmcab HTTP/1.1" 200 38964
201.245.192.253 - - [22/Feb/2024:03:40:18 -0500] "POST /kwsrmcab/Wsrmcab HTTP/1.1" 200 37897
201.245.192.253 - - [22/Feb/2024:03:40:19 -0500] "POST /kwsrmcab/Wsrmcab HTTP/1.1" 200 38033
201.245.192.253 - - [22/Feb/2024:03:40:48 -0500] "POST /forms/lservlet;jsessionid=ac16012b30d6512f16d4b5014e798f65c06316b1cd61.e3iSbxaKaheRe34NaNuLc30MaN90n6jAmljGr5XDqQLvpAe HTTP/1.1" 200 2
201.245.192.253 - - [22/Feb/2024:03:41:07 -0500] "POST /kwsrmcab/Wsrmcab HTTP/1.1" 200 37897
52.167.144.222 - - [22/Feb/2024:03:41:09 -0500] "GET /BLA/resoluciones/RESOLUCIONES%202010/6306.pdf HTTP/1.1" 304 -
172.22.2.4 - - [22/Feb/2024:03:42:13 -0500] "GET /BLA/boletinlegal/normativa.php HTTP/1.1" 200 8397
52.167.144.226 - - [22/Feb/2024:03:42:22 -0500] "GET /BLA/resoluciones/index.php?dir=RESOLUCIONES+2023%2F HTTP/1.1" 200 140793
216.245.221.92 - - [22/Feb/2024:03:42:25 -0500] "HEAD / HTTP/1.1" 200 -
172.22.2.4 - - [22/Feb/2024:03:41:04 -0500] "HEAD /BLA/boletinlegal/ HTTP/1.1" 200 -
201.245.192.253 - - [22/Feb/2024:03:42:48 -0500] "POST /forms/lservlet;jsessionid=ac16012b30d6512f16d4b5014e798f65c06316b1cd61.e3iSbxaKaheRe34NaNuLc30MaN90n6jAmljGr5XDqQLvpAe HTTP/1.1" 200 2
106.75.166.156 - - [22/Feb/2024:03:43:28 -0500] "GET / HTTP/1.1" 200 319
106.75.166.156 - - [22/Feb/2024:03:43:29 -0500] "GET /favicon.ico HTTP/1.1" 200 7782
172.22.2.4 - - [22/Feb/2024:03:41:55 -0500] "GET /BLA/boletinlegal/ HTTP/1.1" 200 60730
40.77.167.54 - - [22/Feb/2024:03:44:41 -0500] "GET /documents/10184/4893230/Llantaton-2023.jpg/c7c411c8-aa83-4a51-bddf-810113921ffe?t=1686265128313 HTTP/1.1" 404 1034
201.245.192.253 - - [22/Feb/2024:03:44:48 -0500] "POST /forms/lservlet;jsessionid=ac16012b30d6512f16d4b5014e798f65c06316b1cd61.e3iSbxaKaheRe34NaNuLc30MaN90n6jAmljGr5XDqQLvpAe HTTP/1.1" 200 2
216.244.66.195 - - [22/Feb/2024:03:45:15 -0500] "GET /robots.txt HTTP/1.1" 404 1018
172.22.2.4 - - [22/Feb/2024:03:45:23 -0500] "GET /BLA/boletinlegal/Directivas/2011/Directiva%20No.%202%20del%2017%20de%20Mayo%20de%202011.pdf HTTP/1.1" 200 495382
172.22.2.4 - - [22/Feb/2024:03:45:40 -0500] "GET /BLA/boletinlegal/actos.php HTTP/1.1" 200 9738
201.245.192.253 - - [22/Feb/2024:03:46:48 -0500] "POST /forms/lservlet;jsessionid=ac16012b30d6512f16d4b5014e798f65c06316b1cd61.e3iSbxaKaheRe34NaNuLc30MaN90n6jAmljGr5XDqQLvpAe HTTP/1.1" 200 2
172.22.2.4 - - [22/Feb/2024:03:47:05 -0500] "GET /BLA/boletinlegal/robots.txt HTTP/1.1" 404 1038
172.22.2.4 - - [22/Feb/2024:03:46:51 -0500] "GET /BLA/boletinlegal/ HTTP/1.1" 200 20427
216.245.221.92 - - [22/Feb/2024:03:47:25 -0500] "HEAD / HTTP/1.1" 200 -
172.22.2.4 - - [22/Feb/2024:03:46:54 -0500] "HEAD /BLA/boletinlegal/ HTTP/1.1" 200 -
201.245.192.253 - - [22/Feb/2024:03:48:48 -0500] "POST /forms/lservlet;jsessionid=ac16012b30d6512f16d4b5014e798f65c06316b1cd61.e3iSbxaKaheRe34NaNuLc30MaN90n6jAmljGr5XDqQLvpAe HTTP/1.1" 200 2
172.22.2.4 - - [22/Feb/2024:03:47:45 -0500] "GET /BLA/boletinlegal/ HTTP/1.1" 200 60730
40.77.167.10 - - [22/Feb/2024:03:49:45 -0500] "GET /sitemap_index.xml HTTP/1.1" 404 1018
201.245.192.253 - - [22/Feb/2024:03:50:48 -0500] "POST /forms/lservlet;jsessionid=ac16012b30d6512f16d4b5014e798f65c06316b1cd61.e3iSbxaKaheRe34NaNuLc30MaN90n6jAmljGr5XDqQLvpAe HTTP/1.1" 200 2
162.55.162.137 - - [22/Feb/2024:03:51:24 -0500] "GET / HTTP/1.1" 200 4720
190.211.252.66 - - [22/Feb/2024:03:51:34 -0500] "GET / HTTP/1.1" 200 319
17.241.227.220 - - [22/Feb/2024:03:52:23 -0500] "GET /alcalde-carlos-fernando-galan-posesiono-a-adriana-soto-como-nueva-secretaria-de-ambiente.html HTTP/1.1" 200 888
216.245.221.92 - - [22/Feb/2024:03:52:25 -0500] "HEAD / HTTP/1.1" 200 -
201.245.192.253 - - [22/Feb/2024:03:52:48 -0500] "POST /forms/lservlet;jsessionid=ac16012b30d6512f16d4b5014e798f65c06316b1cd61.e3iSbxaKaheRe34NaNuLc30MaN90n6jAmljGr5XDqQLvpAe HTTP/1.1" 200 2
157.55.39.55 - - [22/Feb/2024:03:53:12 -0500] "GET /favicon.ico HTTP/1.1" 200 7782
172.22.2.4 - - [22/Feb/2024:03:52:44 -0500] "HEAD /BLA/boletinlegal/ HTTP/1.1" 200 -
201.245.192.253 - - [22/Feb/2024:03:54:48 -0500] "POST /forms/lservlet;jsessionid=ac16012b30d6512f16d4b5014e798f65c06316b1cd61.e3iSbxaKaheRe34NaNuLc30MaN90n6jAmljGr5XDqQLvpAe HTTP/1.1" 200 2
172.22.2.4 - - [22/Feb/2024:03:53:35 -0500] "GET /BLA/boletinlegal/ HTTP/1.1" 200 59083
69.63.184.9 - - [22/Feb/2024:03:55:28 -0500] "GET /images/Rmasar%2018%20de%20febrero%20Grupo.jpg HTTP/1.1" 200 68398
157.55.39.12 - - [22/Feb/2024:03:55:53 -0500] "GET /participa-en-la-convocatoria-para-el-aseguramiento-metrologico-de-la-red-de-monitoreo-de-calidad-del-aire-de-bogota.html HTTP/1.1" 200 848
201.245.192.253 - - [22/Feb/2024:03:56:48 -0500] "POST /forms/lservlet;jsessionid=ac16012b30d6512f16d4b5014e798f65c06316b1cd61.e3iSbxaKaheRe34NaNuLc30MaN90n6jAmljGr5XDqQLvpAe HTTP/1.1" 200 2
216.245.221.92 - - [22/Feb/2024:03:57:25 -0500] "HEAD / HTTP/1.1" 200 -
201.245.192.253 - - [22/Feb/2024:03:58:48 -0500] "POST /forms/lservlet;jsessionid=ac16012b30d6512f16d4b5014e798f65c06316b1cd61.e3iSbxaKaheRe34NaNuLc30MaN90n6jAmljGr5XDqQLvpAe HTTP/1.1" 200 2
172.22.2.4 - - [22/Feb/2024:03:58:34 -0500] "HEAD /BLA/boletinlegal/ HTTP/1.1" 200 -
40.77.167.65 - - [22/Feb/2024:04:00:34 -0500] "GET /BLA/resoluciones/index.php?dir=RESOLUCIONES+2008%2F HTTP/1.1" 200 976272
201.245.192.253 - - [22/Feb/2024:04:00:48 -0500] "POST /forms/lservlet;jsessionid=ac16012b30d6512f16d4b5014e798f65c06316b1cd61.e3iSbxaKaheRe34NaNuLc30MaN90n6jAmljGr5XDqQLvpAe HTTP/1.1" 200 2
172.22.2.4 - - [22/Feb/2024:03:59:25 -0500] "GET /BLA/boletinlegal/ HTTP/1.1" 200 60730
91.103.252.194 - - [22/Feb/2024:04:01:06 -0500] "GET /BLA/boletinlegal/admin/index.php HTTP/1.1" 200 2324
216.244.66.195 - - [22/Feb/2024:04:01:08 -0500] "GET /BLA/resoluciones/AUTOS%202023/1980.pdf HTTP/1.1" 200 447073
216.244.66.195 - - [22/Feb/2024:04:01:18 -0500] "GET /BLA/resoluciones/AUTOS%202023/2285.pdf HTTP/1.1" 200 642668
216.244.66.195 - - [22/Feb/2024:04:01:25 -0500] "GET /BLA/resoluciones/AUTOS%202023/2401.pdf HTTP/1.1" 200 407656
216.244.66.195 - - [22/Feb/2024:04:01:32 -0500] "GET /BLA/resoluciones/AUTOS%202023/2829.pdf HTTP/1.1" 200 416567
216.244.66.195 - - [22/Feb/2024:04:01:38 -0500] "GET /BLA/resoluciones/AUTOS%202023/3490.pdf HTTP/1.1" 200 425643
216.245.221.92 - - [22/Feb/2024:04:02:25 -0500] "HEAD / HTTP/1.1" 200 -
201.245.192.253 - - [22/Feb/2024:04:02:48 -0500] "POST /forms/lservlet;jsessionid=ac16012b30d6512f16d4b5014e798f65c06316b1cd61.e3iSbxaKaheRe34NaNuLc30MaN90n6jAmljGr5XDqQLvpAe HTTP/1.1" 200 2
66.249.66.20 - - [22/Feb/2024:04:04:29 -0500] "GET /bla/resoluciones/RESOLUCIONES%202010/7385.pdf HTTP/1.1" 200 156805
66.249.66.20 - - [22/Feb/2024:04:04:30 -0500] "GET /BLA/resoluciones/RESOLUCIONES%202016/1694.pdf HTTP/1.1" 200 287833
201.245.192.253 - - [22/Feb/2024:04:04:48 -0500] "POST /forms/lservlet;jsessionid=ac16012b30d6512f16d4b5014e798f65c06316b1cd61.e3iSbxaKaheRe34NaNuLc30MaN90n6jAmljGr5XDqQLvpAe HTTP/1.1" 200 2
207.46.13.229 - - [22/Feb/2024:04:05:18 -0500] "GET /robots.txt HTTP/1.1" 404 1049
157.55.39.15 - - [22/Feb/2024:04:05:27 -0500] "GET /BLA/boletinlegal/Circulares/2011/Circular%20No.%202%20del%2031%20de%20Mayo%20de%202011.pdf HTTP/1.1" 304 -
172.22.2.4 - - [22/Feb/2024:04:04:24 -0500] "HEAD /BLA/boletinlegal/ HTTP/1.1" 200 -
201.245.192.253 - - [22/Feb/2024:04:06:48 -0500] "POST /forms/lservlet;jsessionid=ac16012b30d6512f16d4b5014e798f65c06316b1cd61.e3iSbxaKaheRe34NaNuLc30MaN90n6jAmljGr5XDqQLvpAe HTTP/1.1" 200 2
172.22.2.4 - - [22/Feb/2024:04:05:15 -0500] "GET /BLA/boletinlegal/ HTTP/1.1" 200 59083
216.245.221.92 - - [22/Feb/2024:04:07:25 -0500] "HEAD / HTTP/1.1" 200 -
201.245.192.253 - - [22/Feb/2024:04:08:48 -0500] "POST /forms/lservlet;jsessionid=ac16012b30d6512f16d4b5014e798f65c06316b1cd61.e3iSbxaKaheRe34NaNuLc30MaN90n6jAmljGr5XDqQLvpAe HTTP/1.1" 200 2
66.249.66.21 - - [22/Feb/2024:04:09:55 -0500] "GET /BLA/resoluciones/Notificaciones/RESOLUCIONES%202023/0271.pdf HTTP/1.1" 200 3924573
201.245.192.253 - - [22/Feb/2024:04:10:48 -0500] "POST /forms/lservlet;jsessionid=ac16012b30d6512f16d4b5014e798f65c06316b1cd61.e3iSbxaKaheRe34NaNuLc30MaN90n6jAmljGr5XDqQLvpAe HTTP/1.1" 200 2
172.22.2.4 - - [22/Feb/2024:04:10:14 -0500] "HEAD /BLA/boletinlegal/ HTTP/1.1" 200 -
216.245.221.92 - - [22/Feb/2024:04:12:25 -0500] "HEAD / HTTP/1.1" 200 -
172.22.2.4 - - [22/Feb/2024:04:11:05 -0500] "GET /BLA/boletinlegal/ HTTP/1.1" 200 60730
201.245.192.253 - - [22/Feb/2024:04:12:48 -0500] "POST /forms/lservlet;jsessionid=ac16012b30d6512f16d4b5014e798f65c06316b1cd61.e3iSbxaKaheRe34NaNuLc30MaN90n6jAmljGr5XDqQLvpAe HTTP/1.1" 200 2
40.77.167.65 - - [22/Feb/2024:04:13:50 -0500] "GET /portaldeninos/wp-content/plugins/gallery-videos/JS/Total-Soft-Gallery-Video-Widget.js?ver=4.9.8 HTTP/1.1" 200 80264
40.77.167.65 - - [22/Feb/2024:04:13:51 -0500] "GET /portaldeninos/wp-content/themes/betheme/assets/animations/animations.min.css?ver=20.9.6 HTTP/1.1" 200 58508
40.77.167.65 - - [22/Feb/2024:04:13:51 -0500] "GET /portaldeninos/wp-content/themes/betheme/js/menu.js?ver=20.9.6 HTTP/1.1" 200 2449
40.77.167.65 - - [22/Feb/2024:04:13:52 -0500] "GET /portaldeninos/wp-includes/js/jquery/ui/accordion.min.js?ver=1.11.4 HTTP/1.1" 200 8584
40.77.167.65 - - [22/Feb/2024:04:13:52 -0500] "GET /portaldeninos/wp-includes/js/jquery/ui/mouse.min.js?ver=1.11.4 HTTP/1.1" 200 3148
40.77.167.65 - - [22/Feb/2024:04:13:52 -0500] "GET /portaldeninos/wp-includes/js/jquery/ui/widget.min.js?ver=1.11.4 HTTP/1.1" 200 6908
40.77.167.65 - - [22/Feb/2024:04:13:52 -0500] "GET /portaldeninos/wp-includes/js/jquery/ui/tabs.min.js?ver=1.11.4 HTTP/1.1" 200 12110
40.77.167.65 - - [22/Feb/2024:04:13:52 -0500] "GET /portaldeninos/wp-includes/js/wp-embed.min.js?ver=4.9.8 HTTP/1.1" 200 1398
207.46.13.127 - - [22/Feb/2024:04:13:57 -0500] "GET /portaldeninos/wp-content/themes/betheme/assets/animations/animations.min.js?ver=20.9.6 HTTP/1.1" 200 1896
207.46.13.127 - - [22/Feb/2024:04:13:58 -0500] "GET /portaldeninos/wp-content/themes/betheme/assets/jplayer/jplayer.min.js?ver=20.9.6 HTTP/1.1" 200 52702
207.46.13.127 - - [22/Feb/2024:04:13:58 -0500] "GET /portaldeninos/wp-content/themes/betheme/css/shortcodes.css?ver=20.9.6 HTTP/1.1" 200 138889
207.46.13.127 - - [22/Feb/2024:04:13:59 -0500] "GET /portaldeninos/wp-content/themes/betheme/js/plugins.js?ver=20.9.6 HTTP/1.1" 200 197151
207.46.13.127 - - [22/Feb/2024:04:14:00 -0500] "GET /portaldeninos/wp-content/themes/betheme/style.css?ver=20.9.6 HTTP/1.1" 200 287
207.46.13.127 - - [22/Feb/2024:04:14:00 -0500] "GET /portaldeninos/wp-includes/js/jquery/ui/core.min.js?ver=1.11.4 HTTP/1.1" 200 4000
207.46.13.127 - - [22/Feb/2024:04:14:00 -0500] "GET /portaldeninos/wp-includes/js/jquery/ui/sortable.min.js?ver=1.11.4 HTTP/1.1" 200 24899
207.46.13.127 - - [22/Feb/2024:04:14:01 -0500] "GET /portaldeninos/wp-includes/js/wp-emoji-release.min.js?ver=4.9.8 HTTP/1.1" 200 12026
52.167.144.180 - - [22/Feb/2024:04:14:05 -0500] "GET /portaldeninos/wp-content/plugins/gallery-videos/CSS/Total-Soft-Gallery-Video-Widget.css?ver=4.9.8 HTTP/1.1" 200 51554
52.167.144.180 - - [22/Feb/2024:04:14:06 -0500] "GET /portaldeninos/wp-content/plugins/gallery-videos/CSS/totalsoft.css?ver=4.9.8 HTTP/1.1" 200 40622
52.167.144.180 - - [22/Feb/2024:04:14:06 -0500] "GET /portaldeninos/wp-content/plugins/gallery-videos/JS/modernizr.custom.js?ver=4.9.8 HTTP/1.1" 200 9019
52.167.144.180 - - [22/Feb/2024:04:14:07 -0500] "GET /portaldeninos/wp-content/themes/betheme/assets/jplayer/css/jplayer.blue.monday.css?ver=20.9.6 HTTP/1.1" 200 9834
52.167.144.180 - - [22/Feb/2024:04:14:07 -0500] "GET /portaldeninos/wp-content/themes/betheme/assets/ui/jquery.ui.all.css?ver=20.9.6 HTTP/1.1" 200 18765
52.167.144.180 - - [22/Feb/2024:04:14:07 -0500] "GET /portaldeninos/wp-content/themes/betheme/css/base.css?ver=20.9.6 HTTP/1.1" 200 57283
52.167.144.180 - - [22/Feb/2024:04:14:08 -0500] "GET /portaldeninos/wp-content/themes/betheme/css/responsive.css?ver=20.9.6 HTTP/1.1" 200 55740
52.167.144.180 - - [22/Feb/2024:04:14:08 -0500] "GET /portaldeninos/wp-content/themes/betheme/css/layout.css?ver=20.9.6 HTTP/1.1" 200 116639
52.167.144.180 - - [22/Feb/2024:04:14:08 -0500] "GET /portaldeninos/wp-content/themes/betheme/js/scripts.js?ver=20.9.6 HTTP/1.1" 200 77162
52.167.144.180 - - [22/Feb/2024:04:14:09 -0500] "GET /portaldeninos/wp-content/uploads/useanyfont/uaf.css?ver=1589905315 HTTP/1.1" 200 408
52.167.144.180 - - [22/Feb/2024:04:14:09 -0500] "GET /portaldeninos/wp-includes/js/jquery/jquery-migrate.min.js?ver=1.4.1 HTTP/1.1" 200 10056
52.167.144.180 - - [22/Feb/2024:04:14:09 -0500] "GET /portaldeninos/wp-includes/js/jquery/jquery.js?ver=1.12.4 HTTP/1.1" 200 97184
216.244.66.195 - - [22/Feb/2024:04:14:27 -0500] "GET /BLA/resoluciones/AUTOS%202021/0201.pdf HTTP/1.1" 200 411825
216.244.66.195 - - [22/Feb/2024:04:14:42 -0500] "GET /BLA/resoluciones/AUTOS%202021/0223.pdf HTTP/1.1" 200 357835
201.245.192.253 - - [22/Feb/2024:04:14:48 -0500] "POST /forms/lservlet;jsessionid=ac16012b30d6512f16d4b5014e798f65c06316b1cd61.e3iSbxaKaheRe34NaNuLc30MaN90n6jAmljGr5XDqQLvpAe HTTP/1.1" 200 2
172.22.2.4 - - [22/Feb/2024:04:13:15 -0500] "GET /BLA/boletinlegal/ HTTP/1.1" 200 63104
216.244.66.195 - - [22/Feb/2024:04:14:56 -0500] "GET /BLA/resoluciones/AUTOS%202021/0532.pdf HTTP/1.1" 200 342697
216.244.66.195 - - [22/Feb/2024:04:15:12 -0500] "GET /BLA/resoluciones/AUTOS%202021/0534.pdf HTTP/1.1" 200 344651
216.244.66.195 - - [22/Feb/2024:04:15:23 -0500] "GET /BLA/resoluciones/AUTOS%202021/0627.pdf HTTP/1.1" 200 336138
216.244.66.195 - - [22/Feb/2024:04:15:34 -0500] "GET /BLA/resoluciones/AUTOS%202021/0817.pdf HTTP/1.1" 200 543054
172.22.2.4 - - [22/Feb/2024:04:15:34 -0500] "GET /BLA/boletinlegal/Directivas/2011/Directiva%20No.%2010%20del%2028%20de%20Septiembre%20de%202011.pdf HTTP/1.1" 200 465887
216.244.66.195 - - [22/Feb/2024:04:15:46 -0500] "GET /BLA/resoluciones/AUTOS%202021/1435.pdf HTTP/1.1" 200 528777
52.167.144.236 - - [22/Feb/2024:04:16:01 -0500] "GET /caminatas-ecologicas-en-bogota-inscribete-y-participa-en-los-recorridos-de-abril.html HTTP/1.1" 200 868
164.90.202.89 - - [22/Feb/2024:04:16:05 -0500] "GET / HTTP/1.1" 200 319
216.244.66.195 - - [22/Feb/2024:04:16:25 -0500] "GET /BLA/resoluciones/AUTOS%202023/0175.pdf HTTP/1.1" 200 347159
201.245.192.253 - - [22/Feb/2024:04:16:48 -0500] "POST /forms/lservlet;jsessionid=ac16012b30d6512f16d4b5014e798f65c06316b1cd61.e3iSbxaKaheRe34NaNuLc30MaN90n6jAmljGr5XDqQLvpAe HTTP/1.1" 200 2
216.244.66.195 - - [22/Feb/2024:04:16:57 -0500] "GET /BLA/resoluciones/AUTOS%202023/1071.pdf HTTP/1.1" 200 405624
172.22.2.4 - - [22/Feb/2024:04:17:16 -0500] "GET /BLA/boletinlegal/sitemaps.xml HTTP/1.1" 404 1037
216.245.221.92 - - [22/Feb/2024:04:17:25 -0500] "HEAD / HTTP/1.1" 200 -
216.244.66.195 - - [22/Feb/2024:04:17:29 -0500] "GET /BLA/resoluciones/AUTOS%202023/1517.pdf HTTP/1.1" 200 403636
172.22.2.4 - - [22/Feb/2024:04:16:04 -0500] "HEAD /BLA/boletinlegal/ HTTP/1.1" 200 -
216.244.66.195 - - [22/Feb/2024:04:18:09 -0500] "GET /BLA/resoluciones/AUTOS%202023/1573.pdf HTTP/1.1" 200 468226
172.22.2.4 - - [22/Feb/2024:04:16:55 -0500] "GET /BLA/boletinlegal/ HTTP/1.1" 200 59083
201.245.192.253 - - [22/Feb/2024:04:18:48 -0500] "POST /forms/lservlet;jsessionid=ac16012b30d6512f16d4b5014e798f65c06316b1cd61.e3iSbxaKaheRe34NaNuLc30MaN90n6jAmljGr5XDqQLvpAe HTTP/1.1" 200 2
216.244.66.195 - - [22/Feb/2024:04:18:50 -0500] "GET /BLA/resoluciones/AUTOS%202023/1666.pdf HTTP/1.1" 200 464497
216.244.66.195 - - [22/Feb/2024:04:19:35 -0500] "GET /BLA/resoluciones/AUTOS%202023/1697.pdf HTTP/1.1" 200 501709
201.245.192.253 - - [22/Feb/2024:04:20:15 -0500] "POST /kwsrmcab/Wsrmcab HTTP/1.1" 200 38958
201.245.192.253 - - [22/Feb/2024:04:20:18 -0500] "GET /kwsrmcab/Wsrmcab?wsdl HTTP/1.1" 200 6948
201.245.192.253 - - [22/Feb/2024:04:20:17 -0500] "POST /kwsrmcab/Wsrmcab HTTP/1.1" 200 38217
201.245.192.253 - - [22/Feb/2024:04:20:18 -0500] "POST /kwsrmcab/Wsrmcab HTTP/1.1" 200 37889
216.244.66.195 - - [22/Feb/2024:04:20:25 -0500] "GET /BLA/resoluciones/AUTOS%202023/1823.pdf HTTP/1.1" 200 407640
201.245.192.253 - - [22/Feb/2024:04:20:48 -0500] "POST /forms/lservlet;jsessionid=ac16012b30d6512f16d4b5014e798f65c06316b1cd61.e3iSbxaKaheRe34NaNuLc30MaN90n6jAmljGr5XDqQLvpAe HTTP/1.1" 200 2
52.167.144.236 - - [22/Feb/2024:04:20:52 -0500] "GET /concentracion-de-material-particulado-disminuye-y-secretaria-de-ambiente-levanta-alerta-fase-i-por-calidad-del-aire.html HTTP/1.1" 200 927
216.244.66.195 - - [22/Feb/2024:04:21:08 -0500] "GET /BLA/resoluciones/AUTOS%202023/1831.pdf HTTP/1.1" 200 434600
201.245.192.253 - - [22/Feb/2024:04:21:07 -0500] "POST /kwsrmcab/Wsrmcab HTTP/1.1" 200 38217
216.244.66.195 - - [22/Feb/2024:04:21:50 -0500] "GET /BLA/resoluciones/AUTOS%202023/2303.pdf HTTP/1.1" 200 946628
172.22.2.4 - - [22/Feb/2024:04:22:06 -0500] "GET /BLA/boletinlegal/jurisprudencia.php HTTP/1.1" 200 17637
216.245.221.92 - - [22/Feb/2024:04:22:25 -0500] "HEAD / HTTP/1.1" 200 -
216.244.66.195 - - [22/Feb/2024:04:22:41 -0500] "GET /BLA/resoluciones/AUTOS%202023/2544.pdf HTTP/1.1" 200 1020796
201.245.192.253 - - [22/Feb/2024:04:22:48 -0500] "POST /forms/lservlet;jsessionid=ac16012b30d6512f16d4b5014e798f65c06316b1cd61.e3iSbxaKaheRe34NaNuLc30MaN90n6jAmljGr5XDqQLvpAe HTTP/1.1" 200 2
172.22.2.4 - - [22/Feb/2024:04:22:52 -0500] "GET /BLA/boletinlegal/js/jquery1.js HTTP/1.1" 200 29846
172.22.2.4 - - [22/Feb/2024:04:22:52 -0500] "GET /BLA/boletinlegal/js/popup.js HTTP/1.1" 200 1270
172.22.2.4 - - [22/Feb/2024:04:22:56 -0500] "GET /BLA/boletinlegal/js/lib.js HTTP/1.1" 200 6474
216.244.66.195 - - [22/Feb/2024:04:23:31 -0500] "GET /BLA/resoluciones/AUTOS%202023/3338.pdf HTTP/1.1" 200 957902
172.22.2.4 - - [22/Feb/2024:04:21:54 -0500] "HEAD /BLA/boletinlegal/ HTTP/1.1" 200 -
172.22.2.4 - - [22/Feb/2024:04:22:45 -0500] "GET /BLA/boletinlegal/ HTTP/1.1" 200 59083
185.242.226.10 - - [22/Feb/2024:04:24:35 -0500] "GET / HTTP/1.1" 200 319
201.245.192.253 - - [22/Feb/2024:04:24:48 -0500] "POST /forms/lservlet;jsessionid=ac16012b30d6512f16d4b5014e798f65c06316b1cd61.e3iSbxaKaheRe34NaNuLc30MaN90n6jAmljGr5XDqQLvpAe HTTP/1.1" 200 2
201.245.192.253 - - [22/Feb/2024:04:26:48 -0500] "POST /forms/lservlet;jsessionid=ac16012b30d6512f16d4b5014e798f65c06316b1cd61.e3iSbxaKaheRe34NaNuLc30MaN90n6jAmljGr5XDqQLvpAe HTTP/1.1" 200 2
173.252.83.4 - - [22/Feb/2024:04:27:01 -0500] "GET /images/27%20de%20enero%20Soratama.jpg HTTP/1.1" 200 63397
216.245.221.92 - - [22/Feb/2024:04:27:25 -0500] "HEAD / HTTP/1.1" 200 -
40.77.167.70 - - [22/Feb/2024:04:28:44 -0500] "GET /BLA/resoluciones/RESOLUCIONES%202010/4188.pdf HTTP/1.1" 200 397400
201.245.192.253 - - [22/Feb/2024:04:28:48 -0500] "POST /forms/lservlet;jsessionid=ac16012b30d6512f16d4b5014e798f65c06316b1cd61.e3iSbxaKaheRe34NaNuLc30MaN90n6jAmljGr5XDqQLvpAe HTTP/1.1" 200 2
172.22.2.4 - - [22/Feb/2024:04:27:44 -0500] "HEAD /BLA/boletinlegal/ HTTP/1.1" 200 -
172.22.2.4 - - [22/Feb/2024:04:28:35 -0500] "GET /BLA/boletinlegal/ HTTP/1.1" 200 59083
201.245.192.253 - - [22/Feb/2024:04:30:15 -0500] "POST /kwsrmcab/Wsrmcab HTTP/1.1" 200 38958
201.245.192.253 - - [22/Feb/2024:04:30:18 -0500] "POST /kwsrmcab/Wsrmcab HTTP/1.1" 200 38217
201.245.192.253 - - [22/Feb/2024:04:30:18 -0500] "POST /kwsrmcab/Wsrmcab HTTP/1.1" 200 37889
40.77.188.192 - - [22/Feb/2024:04:30:23 -0500] "GET /portaldeninos/wp-content/themes/betheme/fonts/mfn-icons.woff?93978679 HTTP/1.1" 200 80932
201.245.192.253 - - [22/Feb/2024:04:30:48 -0500] "POST /forms/lservlet;jsessionid=ac16012b30d6512f16d4b5014e798f65c06316b1cd61.e3iSbxaKaheRe34NaNuLc30MaN90n6jAmljGr5XDqQLvpAe HTTP/1.1" 200 2
201.245.192.253 - - [22/Feb/2024:04:31:07 -0500] "POST /kwsrmcab/Wsrmcab HTTP/1.1" 200 38217
172.22.2.4 - - [22/Feb/2024:04:31:45 -0500] "GET /BLA/boletinlegal/robots.txt HTTP/1.1" 404 1038
172.22.2.4 - - [22/Feb/2024:04:31:46 -0500] "GET /BLA/boletinlegal/Circulares/2012/Circular%20No.%2014%20del%2011%20de%20Septiembre%20de%202012.pdf HTTP/1.1" 200 3427471
40.77.167.1 - - [22/Feb/2024:04:31:57 -0500] "GET /BLA/resoluciones/index.php?dir=AUTOS+2022%2F HTTP/1.1" 200 511928
172.22.2.4 - - [22/Feb/2024:04:32:12 -0500] "GET /BLA/boletinlegal/robots.txt HTTP/1.1" 404 1038
216.245.221.92 - - [22/Feb/2024:04:32:25 -0500] "HEAD / HTTP/1.1" 200 -
201.245.192.253 - - [22/Feb/2024:04:32:48 -0500] "POST /forms/lservlet;jsessionid=ac16012b30d6512f16d4b5014e798f65c06316b1cd61.e3iSbxaKaheRe34NaNuLc30MaN90n6jAmljGr5XDqQLvpAe HTTP/1.1" 200 2
66.249.72.33 - - [22/Feb/2024:04:32:57 -0500] "GET /robots.txt HTTP/1.1" 404 1035
66.249.72.32 - - [22/Feb/2024:04:32:57 -0500] "GET /portaldeninos/2021/06/06/ciudadanos-disfrutaron-del-tunel-ambiental-en-el-parque-de-los-novios/ HTTP/1.1" 200 105118
172.22.2.4 - - [22/Feb/2024:04:33:11 -0500] "GET /BLA/boletinlegal/Circulares/2022/CIRCULAR%20No.%2000005%20DEL%2030%20DE%20JUNIO%20DEL%202022.pdf HTTP/1.1" 200 370015
172.22.2.4 - - [22/Feb/2024:04:32:14 -0500] "GET /BLA/boletinlegal/index.php HTTP/1.1" 200 61446
45.136.6.209 - - [22/Feb/2024:04:34:17 -0500] "GET / HTTP/1.1" 200 319
201.245.192.253 - - [22/Feb/2024:04:34:48 -0500] "POST /forms/lservlet;jsessionid=ac16012b30d6512f16d4b5014e798f65c06316b1cd61.e3iSbxaKaheRe34NaNuLc30MaN90n6jAmljGr5XDqQLvpAe HTTP/1.1" 200 2
172.22.2.4 - - [22/Feb/2024:04:35:14 -0500] "GET /BLA/boletinlegal/Circulares/2012/Circular%20No.%205%20del%2027%20de%20Abril%20de%202012.pdf HTTP/1.1" 200 216613
172.22.2.4 - - [22/Feb/2024:04:33:34 -0500] "HEAD /BLA/boletinlegal/ HTTP/1.1" 200 -
172.22.2.4 - - [22/Feb/2024:04:34:25 -0500] "GET /BLA/boletinlegal/ HTTP/1.1" 200 60730
201.245.192.253 - - [22/Feb/2024:04:36:48 -0500] "POST /forms/lservlet;jsessionid=ac16012b30d6512f16d4b5014e798f65c06316b1cd61.e3iSbxaKaheRe34NaNuLc30MaN90n6jAmljGr5XDqQLvpAe HTTP/1.1" 200 2
216.245.221.92 - - [22/Feb/2024:04:37:25 -0500] "HEAD / HTTP/1.1" 200 -
172.22.2.4 - - [22/Feb/2024:04:37:28 -0500] "GET /BLA/boletinlegal/Circulares/2017/Circular%20No.%202%20del%201%20de%20Septiembre%20de%202017.pdf HTTP/1.1" 200 152575
172.22.2.4 - - [22/Feb/2024:04:37:34 -0500] "GET /BLA/boletinlegal/Circulares/2020/Circular%20No.%2000018%20del%2002%20de%20diciembre%20del%202020.pdf HTTP/1.1" 200 276868
52.167.144.238 - - [22/Feb/2024:04:38:30 -0500] "GET /svr-ciudadano/ HTTP/1.1" 200 73476
52.167.144.238 - - [22/Feb/2024:04:38:31 -0500] "GET /sitemap_index.xml HTTP/1.1" 404 1018
114.119.135.199 - - [22/Feb/2024:04:38:42 -0500] "GET /BLA/resoluciones/index.php?dir=Notificaciones/REGISTROS%2B2019/&sort=date&order=desc HTTP/1.1" 200 14364
201.245.192.253 - - [22/Feb/2024:04:38:48 -0500] "POST /forms/lservlet;jsessionid=ac16012b30d6512f16d4b5014e798f65c06316b1cd61.e3iSbxaKaheRe34NaNuLc30MaN90n6jAmljGr5XDqQLvpAe HTTP/1.1" 200 2
40.77.167.52 - - [22/Feb/2024:04:39:48 -0500] "GET /BLA/resoluciones/RESOLUCIONES%202023/1231.pdf HTTP/1.1" 200 580466
201.245.192.253 - - [22/Feb/2024:04:40:15 -0500] "POST /kwsrmcab/Wsrmcab HTTP/1.1" 200 38958
201.245.192.253 - - [22/Feb/2024:04:40:17 -0500] "POST /kwsrmcab/Wsrmcab HTTP/1.1" 200 38217
201.245.192.253 - - [22/Feb/2024:04:40:18 -0500] "POST /kwsrmcab/Wsrmcab HTTP/1.1" 200 37889
52.167.144.137 - - [22/Feb/2024:04:38:44 -0500] "GET /BLA/boletinlegal/index.php HTTP/1.1" 200 56779
201.245.192.253 - - [22/Feb/2024:04:40:48 -0500] "POST /forms/lservlet;jsessionid=ac16012b30d6512f16d4b5014e798f65c06316b1cd61.e3iSbxaKaheRe34NaNuLc30MaN90n6jAmljGr5XDqQLvpAe HTTP/1.1" 200 2
172.22.2.4 - - [22/Feb/2024:04:39:24 -0500] "HEAD /BLA/boletinlegal/ HTTP/1.1" 200 -
201.245.192.253 - - [22/Feb/2024:04:41:05 -0500] "POST /kwsrmcab/Wsrmcab HTTP/1.1" 200 38217
66.249.66.19 - - [22/Feb/2024:04:41:46 -0500] "GET /BLA/resoluciones/RESOLUCIONES%202007/RES%202007%201%20AL%20100/RESOLUCION%200006%20DE%202007.pdf HTTP/1.1" 200 263078
172.22.2.4 - - [22/Feb/2024:04:40:15 -0500] "GET /BLA/boletinlegal/ HTTP/1.1" 200 54300
172.22.2.4 - - [22/Feb/2024:04:41:58 -0500] "GET /BLA/boletinlegal/Directivas/2018/Directiva%20No.%2026%20del%2028%20de%20diciembre%20de%202018.pdf HTTP/1.1" 200 332220
216.245.221.92 - - [22/Feb/2024:04:42:25 -0500] "HEAD / HTTP/1.1" 200 -
66.249.66.19 - - [22/Feb/2024:04:42:28 -0500] "GET /resoluciones/RESOLUCIONES%202009/2869.pdf HTTP/1.1" 404 1018
201.245.192.253 - - [22/Feb/2024:04:42:48 -0500] "POST /forms/lservlet;jsessionid=ac16012b30d6512f16d4b5014e798f65c06316b1cd61.e3iSbxaKaheRe34NaNuLc30MaN90n6jAmljGr5XDqQLvpAe HTTP/1.1" 200 2
172.22.2.4 - - [22/Feb/2024:04:44:07 -0500] "GET /BLA/boletinlegal/Directivas/2017/Directiva%20No.%2002%20del%2017%20de%20Enero%20de%202017.pdf HTTP/1.1" 200 3521427
201.245.192.253 - - [22/Feb/2024:04:44:48 -0500] "POST /forms/lservlet;jsessionid=ac16012b30d6512f16d4b5014e798f65c06316b1cd61.e3iSbxaKaheRe34NaNuLc30MaN90n6jAmljGr5XDqQLvpAe HTTP/1.1" 200 2
172.22.2.4 - - [22/Feb/2024:04:46:28 -0500] "GET /BLA/boletinlegal/jurisprudencia/analisis/SENTENCIA%20C-703%20DE%202010.xls HTTP/1.1" 304 -
201.245.192.253 - - [22/Feb/2024:04:46:48 -0500] "POST /forms/lservlet;jsessionid=ac16012b30d6512f16d4b5014e798f65c06316b1cd61.e3iSbxaKaheRe34NaNuLc30MaN90n6jAmljGr5XDqQLvpAe HTTP/1.1" 200 2
172.22.2.4 - - [22/Feb/2024:04:45:14 -0500] "HEAD /BLA/boletinlegal/ HTTP/1.1" 200 -
216.245.221.92 - - [22/Feb/2024:04:47:25 -0500] "HEAD / HTTP/1.1" 200 -
172.22.2.4 - - [22/Feb/2024:04:46:05 -0500] "GET /BLA/boletinlegal/ HTTP/1.1" 200 59083
201.245.192.253 - - [22/Feb/2024:04:48:48 -0500] "POST /forms/lservlet;jsessionid=ac16012b30d6512f16d4b5014e798f65c06316b1cd61.e3iSbxaKaheRe34NaNuLc30MaN90n6jAmljGr5XDqQLvpAe HTTP/1.1" 200 2
40.77.167.235 - - [22/Feb/2024:04:49:08 -0500] "GET /semana-ambiental-2022-del-31-de-mayo-al-5-de-junio-se-celebrara-en-bogota.html HTTP/1.1" 200 799
104.152.52.10 - - [22/Feb/2024:04:49:20 -0500] "GET / HTTP/1.0" 200 319
3.236.145.153 - - [22/Feb/2024:04:49:53 -0500] "GET /robots.txt HTTP/1.1" 404 1034
3.236.145.153 - - [22/Feb/2024:04:49:54 -0500] "GET / HTTP/1.1" 200 4720
216.244.66.195 - - [22/Feb/2024:04:50:28 -0500] "GET /robots.txt HTTP/1.1" 404 1018
201.245.192.253 - - [22/Feb/2024:04:50:48 -0500] "POST /forms/lservlet;jsessionid=ac16012b30d6512f16d4b5014e798f65c06316b1cd61.e3iSbxaKaheRe34NaNuLc30MaN90n6jAmljGr5XDqQLvpAe HTTP/1.1" 200 2
66.249.66.19 - - [22/Feb/2024:04:50:51 -0500] "GET /BLA/resoluciones/RESOLUCIONES%202010/7788.pdf HTTP/1.1" 200 99697
172.22.2.4 - - [22/Feb/2024:04:52:11 -0500] "GET /BLA/boletinlegal/Circulares/2012/Circular%20No.%209%20del%2021%20de%20Agosto%20de%202012.pdf HTTP/1.1" 200 1402289
172.22.2.4 - - [22/Feb/2024:04:52:13 -0500] "GET /BLA/boletinlegal/Circulares/2019/.pdf HTTP/1.1" 404 1038
216.245.221.92 - - [22/Feb/2024:04:52:25 -0500] "HEAD / HTTP/1.1" 200 -
172.22.2.4 - - [22/Feb/2024:04:51:04 -0500] "HEAD /BLA/boletinlegal/ HTTP/1.1" 200 -
201.245.192.253 - - [22/Feb/2024:04:52:48 -0500] "POST /forms/lservlet;jsessionid=ac16012b30d6512f16d4b5014e798f65c06316b1cd61.e3iSbxaKaheRe34NaNuLc30MaN90n6jAmljGr5XDqQLvpAe HTTP/1.1" 200 2
172.22.2.4 - - [22/Feb/2024:04:51:55 -0500] "GET /BLA/boletinlegal/ HTTP/1.1" 200 59083
172.22.2.4 - - [22/Feb/2024:04:53:45 -0500] "GET /BLA/boletinlegal/Circulares/2019/Circular%20No.%20006%20del%2008%20de%20Febrero%20de%202019.pdf HTTP/1.1" 200 674401
40.77.167.10 - - [22/Feb/2024:04:53:50 -0500] "GET /BLA/resoluciones/AUTOS%202023/5009.pdf HTTP/1.1" 200 536888
201.245.192.253 - - [22/Feb/2024:04:54:48 -0500] "POST /forms/lservlet;jsessionid=ac16012b30d6512f16d4b5014e798f65c06316b1cd61.e3iSbxaKaheRe34NaNuLc30MaN90n6jAmljGr5XDqQLvpAe HTTP/1.1" 200 2
172.22.2.4 - - [22/Feb/2024:04:55:13 -0500] "GET /BLA/boletinlegal/Circulares/2020/Circular%2000010%20del%2027%20de%20julio%20de%202020.pdf HTTP/1.1" 200 422655
172.22.2.4 - - [22/Feb/2024:04:55:30 -0500] "GET /BLA/boletinlegal/Directivas/2017/Directiva%20No.%2006%20del%2016%20de%20Agosto%20de%202017.pdf HTTP/1.1" 200 310598
172.22.2.4 - - [22/Feb/2024:04:56:34 -0500] "GET /BLA/boletinlegal/Directivas/2022/DIRECTIVA%20No.%2000001%20DEL%2015%20DE%20JUNIO%20DEL%202022.pdf HTTP/1.1" 200 290944
201.245.192.253 - - [22/Feb/2024:04:56:48 -0500] "POST /forms/lservlet;jsessionid=ac16012b30d6512f16d4b5014e798f65c06316b1cd61.e3iSbxaKaheRe34NaNuLc30MaN90n6jAmljGr5XDqQLvpAe HTTP/1.1" 200 2
216.245.221.92 - - [22/Feb/2024:04:57:25 -0500] "HEAD / HTTP/1.1" 200 -
172.22.2.4 - - [22/Feb/2024:04:58:25 -0500] "GET /BLA/boletinlegal/Directivas/2015/Directiva%20No.%2001%20del%2014%20de%20Enero%20de%202015.pdf HTTP/1.1" 200 1416322
172.22.2.4 - - [22/Feb/2024:04:56:54 -0500] "HEAD /BLA/boletinlegal/ HTTP/1.1" 200 -
201.245.192.253 - - [22/Feb/2024:04:58:48 -0500] "POST /forms/lservlet;jsessionid=ac16012b30d6512f16d4b5014e798f65c06316b1cd61.e3iSbxaKaheRe34NaNuLc30MaN90n6jAmljGr5XDqQLvpAe HTTP/1.1" 200 2
173.252.127.22 - - [22/Feb/2024:04:58:53 -0500] "GET /convocatoria-acercar-2024-una-oportunidad-para-que-tu-empresa-sea-mas-sostenible.html HTTP/1.1" 200 913
173.252.127.116 - - [22/Feb/2024:04:58:53 -0500] "GET /convocatoria-acercar-2024-una-oportunidad-para-que-tu-empresa-sea-mas-sostenible.html HTTP/1.1" 200 913
172.22.2.4 - - [22/Feb/2024:04:57:45 -0500] "GET /BLA/boletinlegal/ HTTP/1.1" 200 59083
173.252.83.116 - - [22/Feb/2024:04:59:38 -0500] "GET /images/Convocatoria%20Acercar%202024%20(1)%20(1).jpeg HTTP/1.1" 200 61100
52.167.144.194 - - [22/Feb/2024:04:59:45 -0500] "GET /Publicaciones/2024EE31862.pdf HTTP/1.1" 404 227
201.245.192.253 - - [22/Feb/2024:05:00:48 -0500] "POST /forms/lservlet;jsessionid=ac16012b30d6512f16d4b5014e798f65c06316b1cd61.e3iSbxaKaheRe34NaNuLc30MaN90n6jAmljGr5XDqQLvpAe HTTP/1.1" 200 2
172.22.2.4 - - [22/Feb/2024:05:00:58 -0500] "GET /BLA/boletinlegal/Circulares/2021/CIRCULAR%20No.%2000006%20DEL%2005%20DE%20AGOSTO%20DEL%202021.pdf HTTP/1.1" 200 249615
66.249.66.20 - - [22/Feb/2024:05:02:10 -0500] "GET /robots.txt HTTP/1.1" 404 1018
66.249.66.19 - - [22/Feb/2024:05:02:10 -0500] "GET /BLA/resoluciones/RESOLUCIONES%202011/2546.pdf HTTP/1.1" 200 761300
216.245.221.92 - - [22/Feb/2024:05:02:25 -0500] "HEAD / HTTP/1.1" 200 -
201.245.192.253 - - [22/Feb/2024:05:02:48 -0500] "POST /forms/lservlet;jsessionid=ac16012b30d6512f16d4b5014e798f65c06316b1cd61.e3iSbxaKaheRe34NaNuLc30MaN90n6jAmljGr5XDqQLvpAe HTTP/1.1" 200 2
52.167.144.203 - - [22/Feb/2024:05:03:36 -0500] "GET /BLA/boletinlegal/jurisprudencia.php HTTP/1.1" 200 17637
216.244.66.195 - - [22/Feb/2024:05:04:01 -0500] "GET /BLA/resoluciones/AUTOS%202023/2073.pdf HTTP/1.1" 200 394110
216.244.66.195 - - [22/Feb/2024:05:04:23 -0500] "GET /BLA/resoluciones/AUTOS%202023/2842.pdf HTTP/1.1" 200 396946
172.22.2.4 - - [22/Feb/2024:05:02:44 -0500] "HEAD /BLA/boletinlegal/ HTTP/1.1" 200 -
201.245.192.253 - - [22/Feb/2024:05:04:48 -0500] "POST /forms/lservlet;jsessionid=ac16012b30d6512f16d4b5014e798f65c06316b1cd61.e3iSbxaKaheRe34NaNuLc30MaN90n6jAmljGr5XDqQLvpAe HTTP/1.1" 200 2
40.77.167.73 - - [22/Feb/2024:05:04:50 -0500] "GET /te-contamos-como-instalar-un-contenedor-para-baterias-de-litio-en-tu-establecimiento.html HTTP/1.1" 200 892
216.244.66.195 - - [22/Feb/2024:05:05:02 -0500] "GET /BLA/resoluciones/AUTOS%202023/3493.pdf HTTP/1.1" 200 504262
172.22.2.4 - - [22/Feb/2024:05:03:35 -0500] "GET /BLA/boletinlegal/ HTTP/1.1" 200 60730
66.249.66.21 - - [22/Feb/2024:05:05:31 -0500] "GET /BLA/resoluciones/RESOLUCIONES%202010/6152.pdf HTTP/1.1" 200 655796
172.22.2.4 - - [22/Feb/2024:05:05:50 -0500] "GET /BLA/boletinlegal/Circulares/2012/Circular%20No.%2011%20del%2027%20de%20Agosto%20de%202012.pdf HTTP/1.1" 200 526945
66.249.66.21 - - [22/Feb/2024:05:06:28 -0500] "GET /BLA/resoluciones/RESOLUCIONES%202010/6975.pdf HTTP/1.1" 200 378188
201.245.192.253 - - [22/Feb/2024:05:06:48 -0500] "POST /forms/lservlet;jsessionid=ac16012b30d6512f16d4b5014e798f65c06316b1cd61.e3iSbxaKaheRe34NaNuLc30MaN90n6jAmljGr5XDqQLvpAe HTTP/1.1" 200 2
114.119.132.238 - - [22/Feb/2024:05:07:21 -0500] "GET /BLA/resoluciones/index.php?dir=AUTOS%2B2017/&sort=date&order=asc HTTP/1.1" 200 14291
216.245.221.92 - - [22/Feb/2024:05:07:25 -0500] "HEAD / HTTP/1.1" 200 -
172.22.2.4 - - [22/Feb/2024:05:07:56 -0500] "GET /BLA/boletinlegal/Circulares/2015/Circular%20No.%202%20del%201%20de%20julio%20de%202015.pdf HTTP/1.1" 200 752890
52.167.144.236 - - [22/Feb/2024:05:08:03 -0500] "GET /BLA/resoluciones/RESOLUCIONES%202021/3872.pdf HTTP/1.1" 304 -
172.22.2.4 - - [22/Feb/2024:05:08:28 -0500] "GET /BLA/boletinlegal/Circulares/2017/Circular%20No.%20011%20del%2005%20de%20julio%20de%202017.pdf HTTP/1.1" 200 965526
172.22.2.4 - - [22/Feb/2024:05:08:41 -0500] "GET /BLA/boletinlegal/Circulares/2018/CIRCULAR%20COJUNTA%20042%20DE%202018.pdf HTTP/1.1" 200 515008
201.245.192.253 - - [22/Feb/2024:05:08:48 -0500] "POST /forms/lservlet;jsessionid=ac16012b30d6512f16d4b5014e798f65c06316b1cd61.e3iSbxaKaheRe34NaNuLc30MaN90n6jAmljGr5XDqQLvpAe HTTP/1.1" 200 2
66.249.66.21 - - [22/Feb/2024:05:08:52 -0500] "GET /BLA/resoluciones/RESOLUCIONES%202009/0582.pdf HTTP/1.1" 200 290453
216.244.66.195 - - [22/Feb/2024:05:09:15 -0500] "GET /BLA/resoluciones/AUTOS%202021/0243.pdf HTTP/1.1" 200 426114
66.249.66.20 - - [22/Feb/2024:05:09:55 -0500] "GET /Publicaciones/2023EE312724.pdf HTTP/1.1" 404 228
66.249.66.19 - - [22/Feb/2024:05:09:58 -0500] "GET /Publicaciones/2023EE300483.pdf HTTP/1.1" 404 228
216.244.66.195 - - [22/Feb/2024:05:10:03 -0500] "GET /BLA/resoluciones/AUTOS%202021/0458.pdf HTTP/1.1" 200 406381
172.22.2.4 - - [22/Feb/2024:05:08:34 -0500] "HEAD /BLA/boletinlegal/ HTTP/1.1" 200 -
201.245.192.253 - - [22/Feb/2024:05:10:48 -0500] "POST /forms/lservlet;jsessionid=ac16012b30d6512f16d4b5014e798f65c06316b1cd61.e3iSbxaKaheRe34NaNuLc30MaN90n6jAmljGr5XDqQLvpAe HTTP/1.1" 200 2
216.244.66.195 - - [22/Feb/2024:05:10:52 -0500] "GET /BLA/resoluciones/AUTOS%202021/0542.pdf HTTP/1.1" 200 353801
172.22.2.4 - - [22/Feb/2024:05:09:25 -0500] "GET /BLA/boletinlegal/ HTTP/1.1" 200 59083
172.22.2.4 - - [22/Feb/2024:05:11:15 -0500] "GET /BLA/boletinlegal/Directivas/2011/Directiva%20No.%206%20del%208%20de%20Septiembre%20de%202011.pdf HTTP/1.1" 200 996625
172.22.2.4 - - [22/Feb/2024:05:11:26 -0500] "GET /BLA/boletinlegal/Directivas/2009/Directiva%20No.%20del%2023%20de%20Diciembre%20de%202009.pdf HTTP/1.1" 200 1636862
216.244.66.195 - - [22/Feb/2024:05:11:41 -0500] "GET /BLA/resoluciones/AUTOS%202021/0792.pdf HTTP/1.1" 200 341988
185.224.128.55 - - [22/Feb/2024:05:12:07 -0500] "GET / HTTP/1.1" 200 319
216.245.221.92 - - [22/Feb/2024:05:12:25 -0500] "HEAD / HTTP/1.1" 200 -
216.244.66.195 - - [22/Feb/2024:05:12:27 -0500] "GET /BLA/resoluciones/AUTOS%202021/2344.pdf HTTP/1.1" 200 397656
172.22.2.4 - - [22/Feb/2024:05:12:40 -0500] "GET /BLA/boletinlegal/robots.txt HTTP/1.1" 404 1037
172.22.2.4 - - [22/Feb/2024:05:12:41 -0500] "GET /BLA/boletinlegal/robots.txt HTTP/1.1" 404 1037
52.167.144.212 - - [22/Feb/2024:05:12:45 -0500] "GET /BLA/resoluciones/ HTTP/1.1" 200 14105
201.245.192.253 - - [22/Feb/2024:05:12:48 -0500] "POST /forms/lservlet;jsessionid=ac16012b30d6512f16d4b5014e798f65c06316b1cd61.e3iSbxaKaheRe34NaNuLc30MaN90n6jAmljGr5XDqQLvpAe HTTP/1.1" 200 2
172.22.2.4 - - [22/Feb/2024:05:12:52 -0500] "GET /BLA/boletinlegal/sitemaps.xml HTTP/1.1" 404 1037
216.244.66.195 - - [22/Feb/2024:05:13:12 -0500] "GET /BLA/resoluciones/AUTOS%202021/2552.pdf HTTP/1.1" 200 1945647
172.22.2.4 - - [22/Feb/2024:05:13:29 -0500] "GET /BLA/boletinlegal/normativa.php HTTP/1.1" 200 8397
185.224.128.200 - - [22/Feb/2024:05:13:59 -0500] "GET / HTTP/1.1" 200 319
216.244.66.195 - - [22/Feb/2024:05:14:02 -0500] "GET /BLA/resoluciones/AUTOS%202021/2774.pdf HTTP/1.1" 200 1197214
66.249.66.21 - - [22/Feb/2024:05:14:28 -0500] "GET /BLA/resoluciones/AUTOS%202008/0536.pdf HTTP/1.1" 200 173328
201.245.192.253 - - [22/Feb/2024:05:14:48 -0500] "POST /forms/lservlet;jsessionid=ac16012b30d6512f16d4b5014e798f65c06316b1cd61.e3iSbxaKaheRe34NaNuLc30MaN90n6jAmljGr5XDqQLvpAe HTTP/1.1" 200 2
216.244.66.195 - - [22/Feb/2024:05:14:53 -0500] "GET /BLA/resoluciones/AUTOS%202021/4042.pdf HTTP/1.1" 200 761179
52.167.144.176 - - [22/Feb/2024:05:15:00 -0500] "GET /Publicaciones/2023EE305165.pdf HTTP/1.1" 404 228
172.22.2.4 - - [22/Feb/2024:05:15:05 -0500] "GET /BLA/boletinlegal/Circulares/2019/Circular%20No.%200003%20del%2031%20de%20Enero%20de%202019.pdf HTTP/1.1" 200 164676
216.244.66.195 - - [22/Feb/2024:05:15:43 -0500] "GET /BLA/resoluciones/AUTOS%202021/4049.pdf HTTP/1.1" 200 367242
