!C99Shell v. 1.0 pre-release build #13!

Software: Apache. PHP/5.5.15 

uname -a: Windows NT SVR-DMZ 6.1 build 7600 (Windows Server 2008 R2 Enterprise Edition) i586 

SYSTEM 

Safe-mode: OFF (not secure)

E:\nuevo\apache\logs\   drwxrwxrwx
Free 7.33 GB of 239.26 GB (3.07%)
Detected drives: [ a ] [ c ] [ d ] [ e ] [ f ]
Home    Back    Forward    UPDIR    Refresh    Search    Buffer    Encoder    Tools    Proc.    FTP brute    Sec.    SQL    PHP-code    Update    Feedback    Self remove    Logout    


Viewing file:     access.2024.03.04.log (7.4 MB)      -rw-rw-rw-
Select action/file-type:
(+) | (+) | (+) | Code (+) | Session (+) | (+) | SDB (+) | (+) | (+) | (+) | (+) | (+) |
186.102.13.80 - - [04/Mar/2024:00:00:12 -0500] "GET /kwssiamovil/sm/ldap/au?x=U2FsdGVkX18OrLCOhnM+yVz5YiV+w5WAzOOds6EnqYvT57IFbHQbHgXh/9dV0b65&y=U2FsdGVkX1+5l3ZnFhUA0YF/Tm5YaMTI4y325YKNO/k8EuOXM4nV0aqo9LqagDka HTTP/1.1" 200 30
186.102.13.80 - - [04/Mar/2024:00:00:12 -0500] "GET /kwssiamovil/sm/acme/s?s=U2FsdGVkX1/ziU0glN6DwW2raZxDyn84LTcp8Kjnqo2alRtbmDkOKz+XLM7oDNEnvxYcov5o+MlSY7C1VHd4CYuVNeGaVQfltkETRZEFVRE=&u=U2FsdGVkX19qDxe7k+KpSE0SRj2/vzSKK9wyI9tNUt+KK1F3gwFHqRYTLJFwD1mx&y=U2FsdGVkX1+5l3ZnFhUA0YF/Tm5YaMTI4y325YKNO/k8EuOXM4nV0aqo9LqagDka HTTP/1.1" 200 97
186.102.13.80 - - [04/Mar/2024:00:00:12 -0500] "GET /kwssiamovil/sm/acme/s?s=U2FsdGVkX19GCaeOsMoskaG7iaOEPhNNXvslmd92Fr2Jk11JFVnhAoNVdyftCPUL2ONlGmX3EGRfqDg9qgE5KU9K9bVrwdXkuRZ8ceGj2YmRggQHwmocmu4RWrwYJYUQWXGHdGrpXqRbd1TTzC65KSRQpBeXbSWK/l0ljcPB/xwAzljTV/cE/KAYytvyMaSkdup1+RY8O/HdZ1cIf+e6T6XzjOBfn4n+uLDwEHLy1S+zh+L12mTKRicZ1Uk4MQ7Uw2sdhd5xD3rSSanMK78GDINFb3WlOgKwzFR09NgCiGNhOW+pypcZc/xPcc3g54EnxadT2vWy+KqxCtdcjIg5UKYhv5RFAhvWjM+t3YAdBf5fC0HgjuuexTAGyWOS/oThw3k6t3saGcLOmMJcevWrQH7dikIKHYekezbjJtfmYux8LbPeAu2S8qtTSTsZwtPwCzrjaNhCnlrqAnuROvZaUBPrJzGcQJ3fxZ0StAKAsKLglVaGtv+qEjzmYW4mcljkFU/WyiVyhlE0YFWJXwTWxBruca50DlhN8K7+3+eM5Upgr4VEF6kXSjMKywH3qtE2wsjzOnncxWAfaDQOrJdlvgGc9JP0jIO2t9sGI3ul5POwWJ7OZMYU3ciYs5Vamiw5AnCZjhrDC7exmEQL7iNR8gQkY7xaxtoKuiCjDoSqC/wztGCqUU5DxxYdEs5FI5llI+LlrFCUankyN/Y+deHLlFw+6xByKOn+ubbDk2rgpCFZX9fC3qjsG32+QGesKBdUDdSDIzOuUamBTjQ8aOMRzpLslog0ZV0+hSn2Y8QVAAZAMXcodVPqesFtqTphi33+qSANJFhUuUKTXfEW8DTD7yrE2Dl1qz9ZJ75/iDr2hXGgdG2GuGCv7XpO8Xd1YleNmqce0BLg25V5Pu57SEe+YoTYYNaM1XlqqyAL8LADJuHaBktl9igtgGFC4NkbUiPlQkZDS6uuCC3mMLgnkzDJE8mnRGmLVNUzN/yO0e6n9821qLm3Ztoy5fIfyCou8DIy7mbKtgyzsB3IXzsT34bZAxQFdjZTt51E8dI68rOZCaQZKoUWvFE3Dn+5FDK/rNIOvYoZTipFRmDAdsPapi0uIRdjtIbUxUmH91QrzNzJB1eMHw53uPeMkZEpqAs4DWw1q0RaJr8RBuzCnGgOHe0hN+79sHHy5QtGVYCqZ/n5W/YwM+D9qTQMpyWqaaC0m4VbGEiAcfSUg658SwJMN7jmiaRdohb0ungqDIpoio3pwbMn8h1RNcx+dK99CyP5k54TSpRb33qdlUQlmkmZfYbEACWjbgNHHlO0Fqgnel7ZOTAhxYFnYoji1DhT8CL1yt1if2kWbOXBEyC9jjeb57BaPNMuywi5D0xffPsRT1/C1D5Nj1ukQBSaSSipKaatqw7MzGeAdS0IcsJ8GKkif5EiemLr6+qMWm2loMtMhUy6TFxpgB7BvfA2AEP/pUgbN9BLCcxxCYSq3PnmoeXxMXAOVIs3K1XuMCF8wxdfdiR2giCJIIUEWIgyAOtlWxuhu7yT271ZZN9t20DR9eMDp5ljr/Kndvg5bzcj/LukMRGUgoD/Q0joaWdqAcbw+HXCSXv7AKFFUFPR7i6wWSkaOwQQygLBudKNgafQTxKwG+Mnln+6JEcrbMxiBipV9owiBTWfApECCJOG2RXrb8Ix2CMH2UXNjapElphtW6yjCxZ0Qm+Y8Aw40zN5OiKVqn4ifsvHwFmFgLm3jXBwRLJ2voDHt+0AUF8RNOI4IPUW7dmm0g57EZDUuyKSPpBvGPGhh0lq&u=U2FsdGVkX19qDxe7k+KpSE0SRj2/vzSKK9wyI9tNUt+KK1F3gwFHqRYTLJFwD1mx&y=U2FsdGVkX1+5l3ZnFhUA0YF/Tm5YaMTI4y325YKNO/k8EuOXM4nV0aqo9LqagDka HTTP/1.1" 200 1691
186.102.13.80 - - [04/Mar/2024:00:00:13 -0500] "GET /kwssiamovil/sm/acme/s?s=U2FsdGVkX1+z9MR8DhJFKhkzUkKhThfE2oIFloE/B7bAc2PU22WYZdhy4QgFqla8C9+yvxmNj754IsMUsTzQ15jREvAjijDkz8K71jx6IwDX0UbhQ6HenGgoBkb1VuH7EnRAFd+/riq55vlQ0w+uAP3lcAGNyDh6YN7JRI9FwLFY7eGreOQTwNTSpi3txWm33MGbsJBw1eQkub/YdxyHsKM8hQX/YmHxPymkyC3A7cRWr0DgHxZAvVYT+Mehi46DFNUL3Kd28jjKg8MXXel6FHaWSwG7fmgjmEARe1dJ+4WxJkLqLcGlQ6DXOSyjW/n7Z/0UgFO0e/bd0P5k97afJkakIJg/tXoVO9CD0AfG2je/qeiEE5hXyjpRUT4ehEaCB40slMGkbNlUa/om7tvzhrkBbZKT5Nl+Vpnqo1oqucjv4y4UFWOSVKVrDAJcxZ3NG1vQgsS4fwsu+pfJhGUp608Y7glAONpE/oqn6TwhewhcxyMfZIm/WL0wL+/iSdwvmSjgBtJCTREP2d8nsYB8vmuGgu7pam2rENzS3GgPSppVr2dg1msGy2gujhkVAMs3pMIQlglaKZPin7xay3MHn8p+f4BRAimN+ftF+UPg62TGHQxtOcgyXZIhcTXXbjgRYojC4Rn2c5YK4+xkDNh7XUyjtzyEEGyTqJkqEOSsRfho/Pyiiytvq7w/kIRD/kSfIIjtSYsoWVyQct66+j3Wwu1Ttv+A9WGCw1A06jgeQfsKiEsXKEFoqboShTh/NRom&u=U2FsdGVkX19qDxe7k+KpSE0SRj2/vzSKK9wyI9tNUt+KK1F3gwFHqRYTLJFwD1mx&y=U2FsdGVkX1+5l3ZnFhUA0YF/Tm5YaMTI4y325YKNO/k8EuOXM4nV0aqo9LqagDka HTTP/1.1" 200 208
186.102.13.80 - - [04/Mar/2024:00:00:13 -0500] "GET /kwssiamovil/sm/cjson/pre?f=1&x=U2FsdGVkX18OrLCOhnM+yVz5YiV+w5WAzOOds6EnqYvT57IFbHQbHgXh/9dV0b65 HTTP/1.1" 200 30244
216.245.221.92 - - [04/Mar/2024:00:01:25 -0500] "HEAD / HTTP/1.1" 200 -
172.22.2.4 - - [04/Mar/2024:00:00:01 -0500] "HEAD /BLA/boletinlegal/ HTTP/1.1" 200 -
200.119.39.88 - - [04/Mar/2024:00:02:02 -0500] "GET /kwssiamovil/sm/acme/u?s=U2FsdGVkX1/CQYwPlmfIRpFy9jf7qS9USCaubgsGESj3o2QxZEw7OOR3pObQUbQsLxlA5yi84rY9MnfP9XrR6FJX09AWhSS6cvcVeLAc65xZT1Pr8R2ylJRO9VDEKxyV4mCP5rEkGyJB7uy8wg67t+VRKyyfEWd3hh3v3hcsJiE=&u=U2FsdGVkX1/NtzGX1/MdJYGQ5YTqn1IlSYSvZof3dS0=&y=U2FsdGVkX18g/Q92l2e7Kg3h29zYxrwZALIZR0ue20rjb1SPGQBVaCKRkoM5xoS3 HTTP/1.1" 200 60
172.22.2.4 - - [04/Mar/2024:00:00:52 -0500] "GET /BLA/boletinlegal/ HTTP/1.1" 200 55442
172.22.2.4 - - [04/Mar/2024:00:01:54 -0500] "GET /BLA/boletinlegal/ HTTP/1.1" 200 59967
201.245.192.253 - - [04/Mar/2024:00:04:35 -0500] "POST /kwsrmcab/Wsrmcab  HTTP/1.1" 405 104
162.55.37.179 - - [04/Mar/2024:00:04:35 -0500] "GET / HTTP/1.1" 200 4720
216.245.221.92 - - [04/Mar/2024:00:06:25 -0500] "HEAD / HTTP/1.1" 200 -
207.46.13.54 - - [04/Mar/2024:00:06:40 -0500] "GET /documents/10184/3896751/Musgo+SDA+(1)+(1).png/62965099-842e-4300-8043-f4692e430d5c?t=1668891415066 HTTP/1.1" 404 1034
172.22.2.4 - - [04/Mar/2024:00:05:51 -0500] "HEAD /BLA/boletinlegal/ HTTP/1.1" 200 -
190.27.90.146 - - [04/Mar/2024:00:07:52 -0500] "GET /sipse/faces/index.xhtml HTTP/1.1" 200 677
190.27.90.146 - - [04/Mar/2024:00:07:52 -0500] "GET /sipse/faces/javax.faces.resource/theme.css?ln=primefaces-sipse HTTP/1.1" 304 -
190.27.90.146 - - [04/Mar/2024:00:07:52 -0500] "GET /sipse/faces/faces/autenticacion.xhtml HTTP/1.1" 200 12409
190.27.90.146 - - [04/Mar/2024:00:07:52 -0500] "GET /sipse/faces/javax.faces.resource/theme.css?ln=primefaces-sipse HTTP/1.1" 304 -
190.27.90.146 - - [04/Mar/2024:00:07:52 -0500] "GET /sipse/faces/javax.faces.resource/primefaces.css?ln=primefaces&v=4.0 HTTP/1.1" 304 -
190.27.90.146 - - [04/Mar/2024:00:07:52 -0500] "GET /sipse/faces/javax.faces.resource/layout/layout.css?ln=primefaces&v=4.0 HTTP/1.1" 304 -
190.27.90.146 - - [04/Mar/2024:00:07:52 -0500] "GET /sipse/faces/javax.faces.resource/jquery/jquery.js?ln=primefaces&v=4.0 HTTP/1.1" 304 -
190.27.90.146 - - [04/Mar/2024:00:07:52 -0500] "GET /sipse/faces/javax.faces.resource/jquery/jquery-plugins.js?ln=primefaces&v=4.0 HTTP/1.1" 304 -
190.27.90.146 - - [04/Mar/2024:00:07:52 -0500] "GET /sipse/faces/javax.faces.resource/primefaces.js?ln=primefaces&v=4.0 HTTP/1.1" 304 -
190.27.90.146 - - [04/Mar/2024:00:07:52 -0500] "GET /sipse/faces/javax.faces.resource/layout/layout.js?ln=primefaces&v=4.0 HTTP/1.1" 304 -
190.27.90.146 - - [04/Mar/2024:00:07:53 -0500] "GET /sipse/faces/javax.faces.resource/images/ui-icons_898989_256x240.png?ln=primefaces-aristo HTTP/1.1" 304 -
190.27.90.146 - - [04/Mar/2024:00:07:56 -0500] "POST /sipse/faces/autenticacion.xhtml HTTP/1.1" 200 16315
190.27.90.146 - - [04/Mar/2024:00:07:56 -0500] "GET /sipse/faces/javax.faces.resource/theme.css?ln=primefaces-sipse HTTP/1.1" 304 -
190.27.90.146 - - [04/Mar/2024:00:07:56 -0500] "GET /sipse/faces/javax.faces.resource/layout/layout.css?ln=primefaces&v=4.0 HTTP/1.1" 304 -
190.27.90.146 - - [04/Mar/2024:00:07:56 -0500] "GET /sipse/faces/javax.faces.resource/primefaces.css?ln=primefaces&v=4.0 HTTP/1.1" 304 -
190.27.90.146 - - [04/Mar/2024:00:07:56 -0500] "GET /sipse/faces/javax.faces.resource/jquery/jquery.js?ln=primefaces&v=4.0 HTTP/1.1" 304 -
190.27.90.146 - - [04/Mar/2024:00:07:56 -0500] "GET /sipse/faces/javax.faces.resource/jquery/jquery-plugins.js?ln=primefaces&v=4.0 HTTP/1.1" 304 -
190.27.90.146 - - [04/Mar/2024:00:07:56 -0500] "GET /sipse/faces/javax.faces.resource/primefaces.js?ln=primefaces&v=4.0 HTTP/1.1" 304 -
190.27.90.146 - - [04/Mar/2024:00:07:56 -0500] "GET /sipse/faces/javax.faces.resource/layout/layout.js?ln=primefaces&v=4.0 HTTP/1.1" 304 -
190.27.90.146 - - [04/Mar/2024:00:07:56 -0500] "GET /sipse/css/imagen/contrasena.png HTTP/1.1" 404 383
190.27.90.146 - - [04/Mar/2024:00:07:57 -0500] "GET /sipse/faces/javax.faces.resource/messages/messages.png?ln=primefaces&v=4.0 HTTP/1.1" 304 -
190.27.90.146 - - [04/Mar/2024:00:08:01 -0500] "GET /sipse/faces/javax.faces.resource/images/ui-bg_flat_0_2d5972_40x100.png?ln=primefaces-aristo HTTP/1.1" 200 183
190.27.90.146 - - [04/Mar/2024:00:08:01 -0500] "POST /sipse/faces/bienvenido.xhtml HTTP/1.1" 200 1471
190.27.90.146 - - [04/Mar/2024:00:08:02 -0500] "POST /sipse/faces/bienvenido.xhtml HTTP/1.1" 200 61365
190.27.90.146 - - [04/Mar/2024:00:08:02 -0500] "GET /sipse/faces/javax.faces.resource/primefaces.css?ln=primefaces&v=4.0 HTTP/1.1" 304 -
190.27.90.146 - - [04/Mar/2024:00:08:02 -0500] "GET /sipse/faces/javax.faces.resource/layout/layout.css?ln=primefaces&v=4.0 HTTP/1.1" 304 -
190.27.90.146 - - [04/Mar/2024:00:08:02 -0500] "GET /sipse/faces/javax.faces.resource/theme.css?ln=primefaces-sipse HTTP/1.1" 304 -
190.27.90.146 - - [04/Mar/2024:00:08:02 -0500] "GET /sipse/faces/javax.faces.resource/jquery/jquery.js?ln=primefaces&v=4.0 HTTP/1.1" 304 -
190.27.90.146 - - [04/Mar/2024:00:08:02 -0500] "GET /sipse/faces/javax.faces.resource/jquery/jquery-plugins.js?ln=primefaces&v=4.0 HTTP/1.1" 304 -
190.27.90.146 - - [04/Mar/2024:00:08:03 -0500] "GET /sipse/faces/javax.faces.resource/primefaces.js?ln=primefaces&v=4.0 HTTP/1.1" 304 -
190.27.90.146 - - [04/Mar/2024:00:08:03 -0500] "GET /sipse/faces/javax.faces.resource/layout/layout.js?ln=primefaces&v=4.0 HTTP/1.1" 304 -
190.27.90.146 - - [04/Mar/2024:00:08:03 -0500] "POST /sipse/faces/presentacion/financiero/solicitudProceso/listarSolicitudProceso.xhtml HTTP/1.1" 200 1556
190.27.90.146 - - [04/Mar/2024:00:08:07 -0500] "POST /sipse/faces/presentacion/financiero/solicitudProceso/listarSolicitudProceso.xhtml HTTP/1.1" 200 19734
172.22.2.4 - - [04/Mar/2024:00:06:42 -0500] "GET /BLA/boletinlegal/ HTTP/1.1" 200 54300
190.27.90.146 - - [04/Mar/2024:00:08:24 -0500] "POST /sipse/faces/presentacion/financiero/solicitudProceso/listarSolicitudProceso.xhtml HTTP/1.1" 200 139187
190.27.90.146 - - [04/Mar/2024:00:08:27 -0500] "GET /sipse/faces/javax.faces.resource/theme.css?ln=primefaces-sipse HTTP/1.1" 304 -
190.27.90.146 - - [04/Mar/2024:00:08:27 -0500] "GET /sipse/faces/javax.faces.resource/primefaces.css?ln=primefaces&v=4.0 HTTP/1.1" 304 -
190.27.90.146 - - [04/Mar/2024:00:08:27 -0500] "GET /sipse/faces/javax.faces.resource/layout/layout.css?ln=primefaces&v=4.0 HTTP/1.1" 304 -
190.27.90.146 - - [04/Mar/2024:00:08:27 -0500] "GET /sipse/faces/javax.faces.resource/jquery/jquery.js?ln=primefaces&v=4.0 HTTP/1.1" 304 -
190.27.90.146 - - [04/Mar/2024:00:08:27 -0500] "GET /sipse/faces/javax.faces.resource/jquery/jquery-plugins.js?ln=primefaces&v=4.0 HTTP/1.1" 304 -
190.27.90.146 - - [04/Mar/2024:00:08:27 -0500] "GET /sipse/faces/javax.faces.resource/primefaces.js?ln=primefaces&v=4.0 HTTP/1.1" 304 -
190.27.90.146 - - [04/Mar/2024:00:08:27 -0500] "GET /sipse/faces/javax.faces.resource/layout/layout.js?ln=primefaces&v=4.0 HTTP/1.1" 304 -
190.27.90.146 - - [04/Mar/2024:00:08:57 -0500] "POST /sipse/faces/presentacion/financiero/solicitudProceso/consultarSolicitudProceso.xhtml HTTP/1.1" 200 49905
190.27.90.146 - - [04/Mar/2024:00:09:00 -0500] "GET /sipse/faces/javax.faces.resource/theme.css?ln=primefaces-sipse HTTP/1.1" 304 -
190.27.90.146 - - [04/Mar/2024:00:09:00 -0500] "GET /sipse/faces/javax.faces.resource/primefaces.css?ln=primefaces&v=4.0 HTTP/1.1" 304 -
190.27.90.146 - - [04/Mar/2024:00:09:00 -0500] "GET /sipse/faces/javax.faces.resource/layout/layout.css?ln=primefaces&v=4.0 HTTP/1.1" 304 -
190.27.90.146 - - [04/Mar/2024:00:09:00 -0500] "GET /sipse/faces/javax.faces.resource/jquery/jquery.js?ln=primefaces&v=4.0 HTTP/1.1" 304 -
190.27.90.146 - - [04/Mar/2024:00:09:00 -0500] "GET /sipse/faces/javax.faces.resource/jquery/jquery-plugins.js?ln=primefaces&v=4.0 HTTP/1.1" 304 -
190.27.90.146 - - [04/Mar/2024:00:09:00 -0500] "GET /sipse/faces/javax.faces.resource/primefaces.js?ln=primefaces&v=4.0 HTTP/1.1" 304 -
190.27.90.146 - - [04/Mar/2024:00:09:00 -0500] "GET /sipse/faces/javax.faces.resource/layout/layout.js?ln=primefaces&v=4.0 HTTP/1.1" 304 -
190.27.90.146 - - [04/Mar/2024:00:09:01 -0500] "POST /sipse/faces/presentacion/financiero/solicitudProceso/listarSolicitudProceso.xhtml HTTP/1.1" 200 1492
190.27.90.146 - - [04/Mar/2024:00:09:26 -0500] "POST /sipse/faces/presentacion/financiero/solicitudProceso/listarSolicitudProceso.xhtml HTTP/1.1" 200 4886
201.245.192.253 - - [04/Mar/2024:00:09:32 -0500] "POST /kwsrmcab/Wsrmcab  HTTP/1.1" 405 104
190.27.90.146 - - [04/Mar/2024:00:09:43 -0500] "POST /sipse/faces/presentacion/financiero/solicitudProceso/listarSolicitudProceso.xhtml HTTP/1.1" 200 16843
216.245.221.92 - - [04/Mar/2024:00:11:25 -0500] "HEAD / HTTP/1.1" 200 -
190.27.90.146 - - [04/Mar/2024:00:11:35 -0500] "POST /sipse/faces/presentacion/financiero/solicitudProceso/listarSolicitudProceso.xhtml HTTP/1.1" 200 151187
190.27.90.146 - - [04/Mar/2024:00:11:36 -0500] "GET /sipse/faces/javax.faces.resource/theme.css?ln=primefaces-sipse HTTP/1.1" 304 -
190.27.90.146 - - [04/Mar/2024:00:11:36 -0500] "GET /sipse/faces/javax.faces.resource/layout/layout.css?ln=primefaces&v=4.0 HTTP/1.1" 304 -
190.27.90.146 - - [04/Mar/2024:00:11:36 -0500] "GET /sipse/faces/javax.faces.resource/primefaces.css?ln=primefaces&v=4.0 HTTP/1.1" 304 -
190.27.90.146 - - [04/Mar/2024:00:11:36 -0500] "GET /sipse/faces/javax.faces.resource/jquery/jquery.js?ln=primefaces&v=4.0 HTTP/1.1" 304 -
190.27.90.146 - - [04/Mar/2024:00:11:36 -0500] "GET /sipse/faces/javax.faces.resource/jquery/jquery-plugins.js?ln=primefaces&v=4.0 HTTP/1.1" 304 -
190.27.90.146 - - [04/Mar/2024:00:11:36 -0500] "GET /sipse/faces/javax.faces.resource/primefaces.js?ln=primefaces&v=4.0 HTTP/1.1" 304 -
190.27.90.146 - - [04/Mar/2024:00:11:36 -0500] "GET /sipse/faces/javax.faces.resource/layout/layout.js?ln=primefaces&v=4.0 HTTP/1.1" 304 -
190.27.90.146 - - [04/Mar/2024:00:12:08 -0500] "POST /sipse/faces/presentacion/financiero/solicitudProceso/consultarSolicitudProceso.xhtml HTTP/1.1" 200 60465
190.27.90.146 - - [04/Mar/2024:00:13:00 -0500] "POST /sipse/faces/presentacion/financiero/solicitudProceso/consultarSolicitudProceso.xhtml HTTP/1.1" 200 167995
172.22.2.4 - - [04/Mar/2024:00:11:41 -0500] "HEAD /BLA/boletinlegal/ HTTP/1.1" 200 -
190.27.90.146 - - [04/Mar/2024:00:13:39 -0500] "POST /sipse/faces/presentacion/financiero/solicitudProceso/consultarSolicitudProceso.xhtml HTTP/1.1" 200 5514
172.22.2.4 - - [04/Mar/2024:00:12:32 -0500] "GET /BLA/boletinlegal/ HTTP/1.1" 200 54300
40.77.167.43 - - [04/Mar/2024:00:14:25 -0500] "GET /BLA/resoluciones/RESOLUCIONES%202021/2490.pdf HTTP/1.1" 304 -
201.245.192.253 - - [04/Mar/2024:00:14:31 -0500] "POST /kwsrmcab/Wsrmcab  HTTP/1.1" 405 104
216.245.221.92 - - [04/Mar/2024:00:16:25 -0500] "HEAD / HTTP/1.1" 200 -
172.22.2.4 - - [04/Mar/2024:00:18:34 -0500] "GET /BLA/boletinlegal/jurisprudencia.php HTTP/1.1" 200 17637
190.27.90.146 - - [04/Mar/2024:00:18:57 -0500] "POST /sipse/faces/presentacion/financiero/solicitudProceso/consultarSolicitudProceso.xhtml HTTP/1.1" 200 47006
190.27.90.146 - - [04/Mar/2024:00:18:59 -0500] "GET /sipse/faces/javax.faces.resource/theme.css?ln=primefaces-sipse HTTP/1.1" 304 -
190.27.90.146 - - [04/Mar/2024:00:18:59 -0500] "GET /sipse/faces/javax.faces.resource/primefaces.css?ln=primefaces&v=4.0 HTTP/1.1" 304 -
190.27.90.146 - - [04/Mar/2024:00:18:59 -0500] "GET /sipse/faces/javax.faces.resource/layout/layout.css?ln=primefaces&v=4.0 HTTP/1.1" 304 -
190.27.90.146 - - [04/Mar/2024:00:18:59 -0500] "GET /sipse/faces/javax.faces.resource/jquery/jquery.js?ln=primefaces&v=4.0 HTTP/1.1" 304 -
190.27.90.146 - - [04/Mar/2024:00:18:59 -0500] "GET /sipse/faces/javax.faces.resource/jquery/jquery-plugins.js?ln=primefaces&v=4.0 HTTP/1.1" 304 -
190.27.90.146 - - [04/Mar/2024:00:18:59 -0500] "GET /sipse/faces/javax.faces.resource/primefaces.js?ln=primefaces&v=4.0 HTTP/1.1" 304 -
190.27.90.146 - - [04/Mar/2024:00:18:59 -0500] "GET /sipse/faces/javax.faces.resource/layout/layout.js?ln=primefaces&v=4.0 HTTP/1.1" 304 -
190.27.90.146 - - [04/Mar/2024:00:19:00 -0500] "POST /sipse/faces/presentacion/financiero/solicitudProceso/listarSolicitudProceso.xhtml HTTP/1.1" 200 1480
190.27.90.146 - - [04/Mar/2024:00:19:10 -0500] "POST /sipse/faces/presentacion/financiero/solicitudProceso/listarSolicitudProceso.xhtml HTTP/1.1" 200 13885
172.22.2.4 - - [04/Mar/2024:00:17:31 -0500] "HEAD /BLA/boletinlegal/ HTTP/1.1" 200 -
201.245.192.253 - - [04/Mar/2024:00:19:22 -0500] "POST /kwsrmcab/Wsrmcab HTTP/1.1" 405 104
201.245.192.253 - - [04/Mar/2024:00:19:22 -0500] "POST /kwsrmcab/Wsrmcab HTTP/1.1" 405 104
190.27.90.146 - - [04/Mar/2024:00:19:23 -0500] "POST /sipse/faces/presentacion/financiero/solicitudProceso/listarSolicitudProceso.xhtml HTTP/1.1" 200 31488
201.245.192.253 - - [04/Mar/2024:00:19:29 -0500] "POST /kwsrmcab/Wsrmcab  HTTP/1.1" 405 104
201.245.192.253 - - [04/Mar/2024:00:19:39 -0500] "POST /kwsrmcab/Wsrmcab HTTP/1.1" 405 104
201.245.192.253 - - [04/Mar/2024:00:19:39 -0500] "POST /kwsrmcab/Wsrmcab HTTP/1.1" 405 104
172.22.2.4 - - [04/Mar/2024:00:18:22 -0500] "GET /BLA/boletinlegal/ HTTP/1.1" 200 60380
47.128.27.100 - - [04/Mar/2024:00:21:19 -0500] "GET /BLA/resoluciones/dlf/styles.css HTTP/1.1" 200 3049
47.128.27.100 - - [04/Mar/2024:00:21:20 -0500] "GET /BLA/resoluciones/dlf/pdf.gif HTTP/1.1" 200 272
47.128.27.100 - - [04/Mar/2024:00:21:21 -0500] "GET /BLA/resoluciones/dlf/dirup.png HTTP/1.1" 200 644
216.245.221.92 - - [04/Mar/2024:00:21:25 -0500] "HEAD / HTTP/1.1" 200 -
47.128.27.100 - - [04/Mar/2024:00:21:18 -0500] "GET /BLA/resoluciones/index.php?dir=RESOLUCIONES%202019/&sort=date&order=asc HTTP/1.1" 200 264856
47.128.27.100 - - [04/Mar/2024:00:21:47 -0500] "GET /BLA/resoluciones/dlf/archive.png HTTP/1.1" 200 632
190.27.90.146 - - [04/Mar/2024:00:23:38 -0500] "POST /sipse/faces/presentacion/financiero/solicitudProceso/listarSolicitudProceso.xhtml HTTP/1.1" 200 4884
190.27.90.146 - - [04/Mar/2024:00:23:40 -0500] "POST /sipse/faces/presentacion/financiero/solicitudProceso/listarSolicitudProceso.xhtml HTTP/1.1" 200 145403
190.27.90.146 - - [04/Mar/2024:00:23:41 -0500] "GET /sipse/faces/javax.faces.resource/theme.css?ln=primefaces-sipse HTTP/1.1" 304 -
190.27.90.146 - - [04/Mar/2024:00:23:41 -0500] "GET /sipse/faces/javax.faces.resource/primefaces.css?ln=primefaces&v=4.0 HTTP/1.1" 304 -
190.27.90.146 - - [04/Mar/2024:00:23:41 -0500] "GET /sipse/css/imagen/contrasena.png HTTP/1.1" 404 383
190.27.90.146 - - [04/Mar/2024:00:23:41 -0500] "GET /sipse/faces/javax.faces.resource/layout/layout.css?ln=primefaces&v=4.0 HTTP/1.1" 304 -
190.27.90.146 - - [04/Mar/2024:00:23:41 -0500] "GET /sipse/faces/javax.faces.resource/jquery/jquery.js?ln=primefaces&v=4.0 HTTP/1.1" 304 -
190.27.90.146 - - [04/Mar/2024:00:23:41 -0500] "GET /sipse/faces/javax.faces.resource/jquery/jquery-plugins.js?ln=primefaces&v=4.0 HTTP/1.1" 304 -
190.27.90.146 - - [04/Mar/2024:00:23:41 -0500] "GET /sipse/faces/javax.faces.resource/primefaces.js?ln=primefaces&v=4.0 HTTP/1.1" 304 -
190.27.90.146 - - [04/Mar/2024:00:23:41 -0500] "GET /sipse/faces/javax.faces.resource/layout/layout.js?ln=primefaces&v=4.0 HTTP/1.1" 304 -
190.27.90.146 - - [04/Mar/2024:00:23:46 -0500] "POST /sipse/faces/presentacion/financiero/solicitudProceso/consultarSolicitudProceso.xhtml HTTP/1.1" 200 19419
190.27.90.146 - - [04/Mar/2024:00:23:46 -0500] "GET /sipse/faces/javax.faces.resource/fileupload/fileupload.css?ln=primefaces&v=4.0 HTTP/1.1" 200 1330
190.27.90.146 - - [04/Mar/2024:00:23:46 -0500] "GET /sipse/faces/javax.faces.resource/primefaces.css?ln=primefaces&v=4.0 HTTP/1.1" 304 -
190.27.90.146 - - [04/Mar/2024:00:23:46 -0500] "GET /sipse/faces/javax.faces.resource/theme.css?ln=primefaces-sipse HTTP/1.1" 304 -
190.27.90.146 - - [04/Mar/2024:00:23:46 -0500] "GET /sipse/faces/javax.faces.resource/layout/layout.css?ln=primefaces&v=4.0 HTTP/1.1" 304 -
190.27.90.146 - - [04/Mar/2024:00:23:46 -0500] "GET /sipse/faces/javax.faces.resource/jquery/jquery.js?ln=primefaces&v=4.0 HTTP/1.1" 304 -
190.27.90.146 - - [04/Mar/2024:00:23:46 -0500] "GET /sipse/faces/javax.faces.resource/fileupload/fileupload.js?ln=primefaces&v=4.0 HTTP/1.1" 200 28091
190.27.90.146 - - [04/Mar/2024:00:23:46 -0500] "GET /sipse/faces/javax.faces.resource/jquery/jquery-plugins.js?ln=primefaces&v=4.0 HTTP/1.1" 304 -
190.27.90.146 - - [04/Mar/2024:00:23:46 -0500] "GET /sipse/faces/javax.faces.resource/primefaces.js?ln=primefaces&v=4.0 HTTP/1.1" 304 -
190.27.90.146 - - [04/Mar/2024:00:23:46 -0500] "GET /sipse/faces/javax.faces.resource/layout/layout.js?ln=primefaces&v=4.0 HTTP/1.1" 304 -
190.27.90.146 - - [04/Mar/2024:00:23:47 -0500] "GET /sipse/css/imagen/contrasena.png HTTP/1.1" 404 383
190.27.90.146 - - [04/Mar/2024:00:23:47 -0500] "GET /sipse/faces/javax.faces.resource/images/ui-icons_898989_256x240.png?ln=primefaces-aristo HTTP/1.1" 304 -
172.22.2.4 - - [04/Mar/2024:00:22:12 -0500] "GET /BLA/boletinlegal/ HTTP/1.1" 200 61093
190.27.90.146 - - [04/Mar/2024:00:23:59 -0500] "GET /sipse/faces/javax.faces.resource/jquery/jquery-plugins.js?ln=primefaces&v=4.0 HTTP/1.1" 304 -
190.27.90.146 - - [04/Mar/2024:00:23:59 -0500] "GET /sipse/faces/javax.faces.resource/theme.css?ln=primefaces-sipse HTTP/1.1" 304 -
190.27.90.146 - - [04/Mar/2024:00:23:59 -0500] "GET /sipse/faces/javax.faces.resource/layout/layout.css?ln=primefaces&v=4.0 HTTP/1.1" 304 -
190.27.90.146 - - [04/Mar/2024:00:23:59 -0500] "GET /sipse/faces/javax.faces.resource/jquery/jquery.js?ln=primefaces&v=4.0 HTTP/1.1" 304 -
190.27.90.146 - - [04/Mar/2024:00:23:59 -0500] "GET /sipse/faces/javax.faces.resource/primefaces.css?ln=primefaces&v=4.0 HTTP/1.1" 304 -
190.27.90.146 - - [04/Mar/2024:00:23:58 -0500] "POST /sipse/faces/presentacion/sistema/anexos/cargarAnexoSolicitudProceso.xhtml HTTP/1.1" 200 193515
190.27.90.146 - - [04/Mar/2024:00:23:59 -0500] "GET /sipse/faces/javax.faces.resource/primefaces.js?ln=primefaces&v=4.0 HTTP/1.1" 304 -
190.27.90.146 - - [04/Mar/2024:00:23:59 -0500] "GET /sipse/faces/javax.faces.resource/layout/layout.js?ln=primefaces&v=4.0 HTTP/1.1" 304 -
190.27.90.146 - - [04/Mar/2024:00:24:01 -0500] "GET /sipse/faces/javax.faces.resource/images/ui-icons_898989_256x240.png?ln=primefaces-aristo HTTP/1.1" 304 -
190.27.90.146 - - [04/Mar/2024:00:24:07 -0500] "GET /sipse/faces/javax.faces.resource/images/ui-bg_flat_0_2d5972_40x100.png?ln=primefaces-aristo HTTP/1.1" 304 -
190.27.90.146 - - [04/Mar/2024:00:24:07 -0500] "POST /sipse/faces/presentacion/financiero/solicitudProceso/consultarSolicitudProceso.xhtml HTTP/1.1" 200 6198
190.27.90.146 - - [04/Mar/2024:00:24:07 -0500] "GET /sipse/faces/javax.faces.resource/messages/messages.png?ln=primefaces&v=4.0 HTTP/1.1" 304 -
190.27.90.146 - - [04/Mar/2024:00:24:08 -0500] "POST /sipse/faces/presentacion/financiero/solicitudProceso/consultarSolicitudProceso.xhtml HTTP/1.1" 200 6198
190.27.90.146 - - [04/Mar/2024:00:24:09 -0500] "POST /sipse/faces/presentacion/financiero/solicitudProceso/consultarSolicitudProceso.xhtml HTTP/1.1" 200 35033
190.27.90.146 - - [04/Mar/2024:00:24:11 -0500] "GET /sipse/faces/javax.faces.resource/theme.css?ln=primefaces-sipse HTTP/1.1" 304 -
190.27.90.146 - - [04/Mar/2024:00:24:11 -0500] "GET /sipse/faces/javax.faces.resource/primefaces.css?ln=primefaces&v=4.0 HTTP/1.1" 304 -
190.27.90.146 - - [04/Mar/2024:00:24:11 -0500] "GET /sipse/faces/javax.faces.resource/layout/layout.css?ln=primefaces&v=4.0 HTTP/1.1" 304 -
190.27.90.146 - - [04/Mar/2024:00:24:12 -0500] "GET /sipse/faces/javax.faces.resource/jquery/jquery.js?ln=primefaces&v=4.0 HTTP/1.1" 304 -
190.27.90.146 - - [04/Mar/2024:00:24:12 -0500] "GET /sipse/faces/javax.faces.resource/jquery/jquery-plugins.js?ln=primefaces&v=4.0 HTTP/1.1" 304 -
190.27.90.146 - - [04/Mar/2024:00:24:12 -0500] "GET /sipse/faces/javax.faces.resource/primefaces.js?ln=primefaces&v=4.0 HTTP/1.1" 304 -
190.27.90.146 - - [04/Mar/2024:00:24:12 -0500] "GET /sipse/faces/javax.faces.resource/layout/layout.js?ln=primefaces&v=4.0 HTTP/1.1" 304 -
190.27.90.146 - - [04/Mar/2024:00:24:12 -0500] "POST /sipse/faces/presentacion/financiero/solicitudProceso/listarSolicitudProceso.xhtml HTTP/1.1" 200 1392
201.245.192.253 - - [04/Mar/2024:00:24:28 -0500] "POST /kwsrmcab/Wsrmcab  HTTP/1.1" 405 104
172.22.2.4 - - [04/Mar/2024:00:23:21 -0500] "HEAD /BLA/boletinlegal/ HTTP/1.1" 200 -
162.55.165.184 - - [04/Mar/2024:00:25:32 -0500] "GET / HTTP/1.1" 200 4720
172.22.2.4 - - [04/Mar/2024:00:24:12 -0500] "GET /BLA/boletinlegal/ HTTP/1.1" 200 58720
216.245.221.92 - - [04/Mar/2024:00:26:25 -0500] "HEAD / HTTP/1.1" 200 -
40.77.167.19 - - [04/Mar/2024:00:26:44 -0500] "GET /BLA/resoluciones/AUTOS%202019/5218.pdf HTTP/1.1" 304 -
201.245.192.253 - - [04/Mar/2024:00:29:22 -0500] "POST /kwsrmcab/Wsrmcab HTTP/1.1" 405 104
201.245.192.253 - - [04/Mar/2024:00:29:22 -0500] "POST /kwsrmcab/Wsrmcab HTTP/1.1" 405 104
201.245.192.253 - - [04/Mar/2024:00:29:27 -0500] "POST /kwsrmcab/Wsrmcab  HTTP/1.1" 405 104
201.245.192.253 - - [04/Mar/2024:00:29:38 -0500] "POST /kwsrmcab/Wsrmcab HTTP/1.1" 405 104
201.245.192.253 - - [04/Mar/2024:00:29:39 -0500] "POST /kwsrmcab/Wsrmcab HTTP/1.1" 405 104
172.22.2.4 - - [04/Mar/2024:00:29:11 -0500] "HEAD /BLA/boletinlegal/ HTTP/1.1" 200 -
216.245.221.92 - - [04/Mar/2024:00:31:25 -0500] "HEAD / HTTP/1.1" 200 -
172.22.2.4 - - [04/Mar/2024:00:30:02 -0500] "GET /BLA/boletinlegal/ HTTP/1.1" 200 59083
205.210.31.219 - - [04/Mar/2024:00:33:31 -0500] "GET / HTTP/1.0" 200 319
201.245.192.253 - - [04/Mar/2024:00:34:25 -0500] "POST /kwsrmcab/Wsrmcab  HTTP/1.1" 405 104
66.249.66.19 - - [04/Mar/2024:00:36:13 -0500] "GET /robots.txt HTTP/1.1" 404 1018
66.249.66.19 - - [04/Mar/2024:00:36:13 -0500] "GET /siipev/Diseno%20de%20Elementos%20de%20Mobiliario%20Urbano/Diseno%20pertenecientes%20al%20mobiliario%20urbano%20M10-M160/PARTE%20A/Dise%C3%B1o%20de%20Elementos%20M-82.pdf HTTP/1.1" 304 -
216.245.221.92 - - [04/Mar/2024:00:36:25 -0500] "HEAD / HTTP/1.1" 200 -
172.22.2.4 - - [04/Mar/2024:00:35:01 -0500] "HEAD /BLA/boletinlegal/ HTTP/1.1" 200 -
216.244.66.195 - - [04/Mar/2024:00:36:50 -0500] "GET /robots.txt HTTP/1.1" 404 1018
172.22.2.4 - - [04/Mar/2024:00:35:52 -0500] "GET /BLA/boletinlegal/ HTTP/1.1" 200 58273
201.245.192.253 - - [04/Mar/2024:00:39:22 -0500] "POST /kwsrmcab/Wsrmcab HTTP/1.1" 405 104
201.245.192.253 - - [04/Mar/2024:00:39:22 -0500] "POST /kwsrmcab/Wsrmcab HTTP/1.1" 405 104
201.245.192.253 - - [04/Mar/2024:00:39:24 -0500] "POST /kwsrmcab/Wsrmcab  HTTP/1.1" 405 104
201.245.192.253 - - [04/Mar/2024:00:39:39 -0500] "POST /kwsrmcab/Wsrmcab HTTP/1.1" 405 104
201.245.192.253 - - [04/Mar/2024:00:39:39 -0500] "POST /kwsrmcab/Wsrmcab HTTP/1.1" 405 104
20.27.20.29 - - [04/Mar/2024:00:40:46 -0500] "GET /Publicaciones/2024EE31885.pdf HTTP/1.1" 404 227
207.46.13.6 - - [04/Mar/2024:00:41:24 -0500] "GET /BLA/resoluciones/RESOLUCIONES%202013/0219.pdf HTTP/1.1" 200 661188
216.245.221.92 - - [04/Mar/2024:00:41:25 -0500] "HEAD / HTTP/1.1" 200 -
172.22.2.4 - - [04/Mar/2024:00:40:51 -0500] "HEAD /BLA/boletinlegal/ HTTP/1.1" 200 -
172.22.2.4 - - [04/Mar/2024:00:41:42 -0500] "GET /BLA/boletinlegal/ HTTP/1.1" 200 53818
201.245.192.253 - - [04/Mar/2024:00:44:22 -0500] "POST /kwsrmcab/Wsrmcab  HTTP/1.1" 405 104
216.245.221.92 - - [04/Mar/2024:00:46:25 -0500] "HEAD / HTTP/1.1" 200 -
172.22.2.4 - - [04/Mar/2024:00:46:41 -0500] "HEAD /BLA/boletinlegal/ HTTP/1.1" 200 -
172.22.2.4 - - [04/Mar/2024:00:47:32 -0500] "GET /BLA/boletinlegal/ HTTP/1.1" 200 58273
201.245.192.253 - - [04/Mar/2024:00:49:20 -0500] "POST /kwsrmcab/Wsrmcab  HTTP/1.1" 405 104
216.245.221.92 - - [04/Mar/2024:00:51:25 -0500] "HEAD / HTTP/1.1" 200 -
172.22.2.4 - - [04/Mar/2024:00:52:31 -0500] "HEAD /BLA/boletinlegal/ HTTP/1.1" 200 -
201.245.192.253 - - [04/Mar/2024:00:54:19 -0500] "POST /kwsrmcab/Wsrmcab  HTTP/1.1" 405 104
172.22.2.4 - - [04/Mar/2024:00:53:22 -0500] "GET /BLA/boletinlegal/ HTTP/1.1" 200 58273
157.55.39.10 - - [04/Mar/2024:00:55:45 -0500] "GET /BLA/resoluciones/index.php?dir=AUTOS+2023%2F HTTP/1.1" 200 502693
216.245.221.92 - - [04/Mar/2024:00:56:25 -0500] "HEAD / HTTP/1.1" 200 -
201.245.192.253 - - [04/Mar/2024:00:59:18 -0500] "POST /kwsrmcab/Wsrmcab  HTTP/1.1" 405 104
52.167.144.203 - - [04/Mar/2024:00:59:50 -0500] "GET /BLA/resoluciones/AUTOS%202020/3633.pdf HTTP/1.1" 200 366096
172.22.2.4 - - [04/Mar/2024:00:58:21 -0500] "HEAD /BLA/boletinlegal/ HTTP/1.1" 200 -
172.22.2.4 - - [04/Mar/2024:00:59:12 -0500] "GET /BLA/boletinlegal/ HTTP/1.1" 200 58273
216.245.221.92 - - [04/Mar/2024:01:01:25 -0500] "HEAD / HTTP/1.1" 200 -
109.205.117.142 - - [04/Mar/2024:01:02:43 -0500] "GET / HTTP/1.1" 200 319
201.245.192.253 - - [04/Mar/2024:01:04:17 -0500] "POST /kwsrmcab/Wsrmcab  HTTP/1.1" 405 104
172.22.2.4 - - [04/Mar/2024:01:04:11 -0500] "HEAD /BLA/boletinlegal/ HTTP/1.1" 200 -
40.77.167.18 - - [04/Mar/2024:01:06:12 -0500] "GET /documents/10184/4574863/actividades-dia-de-la-tierra-2023.jpg/b9629977-eb50-4084-9eb7-6489140a6bd5?t=1682204337607 HTTP/1.1" 404 1034
216.245.221.92 - - [04/Mar/2024:01:06:25 -0500] "HEAD / HTTP/1.1" 200 -
172.22.2.4 - - [04/Mar/2024:01:05:02 -0500] "GET /BLA/boletinlegal/ HTTP/1.1" 200 60380
173.252.95.13 - - [04/Mar/2024:01:07:47 -0500] "GET /images/mercados-campesinos-5-mayo.jpg HTTP/1.1" 200 95848
201.245.192.253 - - [04/Mar/2024:01:09:15 -0500] "POST /kwsrmcab/Wsrmcab  HTTP/1.1" 405 104
216.245.221.92 - - [04/Mar/2024:01:11:25 -0500] "HEAD / HTTP/1.1" 200 -
172.22.2.4 - - [04/Mar/2024:01:10:01 -0500] "HEAD /BLA/boletinlegal/ HTTP/1.1" 200 -
77.237.162.22 - - [04/Mar/2024:01:12:28 -0500] "GET / HTTP/1.1" 200 319
172.22.2.4 - - [04/Mar/2024:01:10:52 -0500] "GET /BLA/boletinlegal/ HTTP/1.1" 200 53419
201.245.192.253 - - [04/Mar/2024:01:14:14 -0500] "POST /kwsrmcab/Wsrmcab  HTTP/1.1" 405 104
172.22.2.4 - - [04/Mar/2024:01:14:27 -0500] "GET /BLA/boletinlegal/Circulares/2021/CIRCULAR%20No.%2000009%20DEL%2001%20DE%20OCTUBRE%20DEL%202021.pdf HTTP/1.1" 200 320793
157.55.39.204 - - [04/Mar/2024:01:15:09 -0500] "GET /BLA/resoluciones/AUTOS%202022/0521.pdf HTTP/1.1" 304 -
216.245.221.92 - - [04/Mar/2024:01:16:25 -0500] "HEAD / HTTP/1.1" 200 -
172.22.2.4 - - [04/Mar/2024:01:15:51 -0500] "HEAD /BLA/boletinlegal/ HTTP/1.1" 200 -
172.22.2.4 - - [04/Mar/2024:01:16:42 -0500] "GET /BLA/boletinlegal/ HTTP/1.1" 200 53818
201.245.192.253 - - [04/Mar/2024:01:19:11 -0500] "POST /kwsrmcab/Wsrmcab  HTTP/1.1" 405 104
201.245.192.253 - - [04/Mar/2024:01:19:22 -0500] "POST /kwsrmcab/Wsrmcab HTTP/1.1" 405 104
201.245.192.253 - - [04/Mar/2024:01:19:22 -0500] "POST /kwsrmcab/Wsrmcab HTTP/1.1" 405 104
201.245.192.253 - - [04/Mar/2024:01:19:38 -0500] "POST /kwsrmcab/Wsrmcab HTTP/1.1" 405 104
201.245.192.253 - - [04/Mar/2024:01:19:39 -0500] "POST /kwsrmcab/Wsrmcab HTTP/1.1" 405 104
40.77.167.254 - - [04/Mar/2024:01:21:22 -0500] "GET /Publicaciones/2023EE89187.pdf HTTP/1.1" 404 227
216.245.221.92 - - [04/Mar/2024:01:21:25 -0500] "HEAD / HTTP/1.1" 200 -
191.156.227.57 - - [04/Mar/2024:01:21:51 -0500] "-" 408 -
172.22.2.4 - - [04/Mar/2024:01:21:41 -0500] "HEAD /BLA/boletinlegal/ HTTP/1.1" 200 -
173.252.107.118 - - [04/Mar/2024:01:24:00 -0500] "GET /alcaldes-lideres-mundiales-y-organizaciones-internacionales-reconocen-a-bogota-como-ejemplo-de-lucha-contra-el-cambio-climatico.html HTTP/1.1" 200 1056
173.252.107.111 - - [04/Mar/2024:01:24:00 -0500] "GET /images/desayuno-por-el-clima-del-c40-cop26-3-nov.jpg HTTP/1.1" 200 103146
201.245.192.253 - - [04/Mar/2024:01:24:11 -0500] "POST /kwsrmcab/Wsrmcab  HTTP/1.1" 405 104
172.22.2.4 - - [04/Mar/2024:01:22:32 -0500] "GET /BLA/boletinlegal/ HTTP/1.1" 200 53419
216.245.221.92 - - [04/Mar/2024:01:26:25 -0500] "HEAD / HTTP/1.1" 200 -
172.22.2.4 - - [04/Mar/2024:01:26:34 -0500] "GET /BLA/boletinlegal/robots.txt HTTP/1.1" 404 1038
152.61.128.50 - - [04/Mar/2024:01:26:58 -0500] "GET / HTTP/1.1" 200 319
201.245.192.253 - - [04/Mar/2024:01:29:09 -0500] "POST /kwsrmcab/Wsrmcab  HTTP/1.1" 405 104
172.22.2.4 - - [04/Mar/2024:01:27:31 -0500] "HEAD /BLA/boletinlegal/ HTTP/1.1" 200 -
201.245.192.253 - - [04/Mar/2024:01:29:22 -0500] "POST /kwsrmcab/Wsrmcab HTTP/1.1" 405 104
201.245.192.253 - - [04/Mar/2024:01:29:22 -0500] "POST /kwsrmcab/Wsrmcab HTTP/1.1" 405 104
201.245.192.253 - - [04/Mar/2024:01:29:38 -0500] "POST /kwsrmcab/Wsrmcab HTTP/1.1" 405 104
201.245.192.253 - - [04/Mar/2024:01:29:38 -0500] "POST /kwsrmcab/Wsrmcab HTTP/1.1" 405 104
172.22.2.4 - - [04/Mar/2024:01:28:22 -0500] "GET /BLA/boletinlegal/ HTTP/1.1" 200 53419
216.245.221.92 - - [04/Mar/2024:01:31:25 -0500] "HEAD / HTTP/1.1" 200 -
168.119.52.80 - - [04/Mar/2024:01:33:33 -0500] "GET / HTTP/1.1" 200 4720
201.245.192.253 - - [04/Mar/2024:01:34:08 -0500] "POST /kwsrmcab/Wsrmcab  HTTP/1.1" 405 104
207.46.13.127 - - [04/Mar/2024:01:34:36 -0500] "GET /BLA/resoluciones/index.php?dir=RESOLUCIONES+2017%2F HTTP/1.1" 200 290461
172.22.2.4 - - [04/Mar/2024:01:33:21 -0500] "HEAD /BLA/boletinlegal/ HTTP/1.1" 200 -
5.62.34.22 - - [04/Mar/2024:01:35:50 -0500] "GET /assets/frontend/js/bootstrap.min.js HTTP/1.1" 404 1022
172.22.2.4 - - [04/Mar/2024:01:34:12 -0500] "GET /BLA/boletinlegal/ HTTP/1.1" 200 59083
216.245.221.92 - - [04/Mar/2024:01:36:25 -0500] "HEAD / HTTP/1.1" 200 -
172.22.2.4 - - [04/Mar/2024:01:36:53 -0500] "GET /BLA/boletinlegal/robots.txt HTTP/1.1" 404 1038
201.245.192.253 - - [04/Mar/2024:01:39:06 -0500] "POST /kwsrmcab/Wsrmcab  HTTP/1.1" 405 104
201.245.192.253 - - [04/Mar/2024:01:39:22 -0500] "POST /kwsrmcab/Wsrmcab HTTP/1.1" 405 104
201.245.192.253 - - [04/Mar/2024:01:39:22 -0500] "POST /kwsrmcab/Wsrmcab HTTP/1.1" 405 104
201.245.192.253 - - [04/Mar/2024:01:39:38 -0500] "POST /kwsrmcab/Wsrmcab HTTP/1.1" 405 104
201.245.192.253 - - [04/Mar/2024:01:39:38 -0500] "POST /kwsrmcab/Wsrmcab HTTP/1.1" 405 104
172.22.2.4 - - [04/Mar/2024:01:39:11 -0500] "HEAD /BLA/boletinlegal/ HTTP/1.1" 200 -
216.245.221.92 - - [04/Mar/2024:01:41:25 -0500] "HEAD / HTTP/1.1" 200 -
172.22.2.4 - - [04/Mar/2024:01:40:02 -0500] "GET /BLA/boletinlegal/ HTTP/1.1" 200 58720
201.245.192.253 - - [04/Mar/2024:01:44:05 -0500] "POST /kwsrmcab/Wsrmcab  HTTP/1.1" 405 104
216.245.221.92 - - [04/Mar/2024:01:46:25 -0500] "HEAD / HTTP/1.1" 200 -
172.22.2.4 - - [04/Mar/2024:01:45:01 -0500] "HEAD /BLA/boletinlegal/ HTTP/1.1" 200 -
172.22.2.4 - - [04/Mar/2024:01:45:52 -0500] "GET /BLA/boletinlegal/ HTTP/1.1" 200 58273
52.167.144.137 - - [04/Mar/2024:01:48:55 -0500] "GET /BLA/resoluciones/index.php?dir=RESOLUCIONES+2024%2F HTTP/1.1" 200 3780
172.22.2.4 - - [04/Mar/2024:01:49:01 -0500] "GET /BLA/boletinlegal/Directivas/?C=D;O=D HTTP/1.1" 200 535
201.245.192.253 - - [04/Mar/2024:01:49:03 -0500] "POST /kwsrmcab/Wsrmcab  HTTP/1.1" 405 104
40.77.167.65 - - [04/Mar/2024:01:50:25 -0500] "GET /BLA/resoluciones/AUTOS%202022/2951.pdf HTTP/1.1" 200 1590823
216.245.221.92 - - [04/Mar/2024:01:51:25 -0500] "HEAD / HTTP/1.1" 200 -
172.22.2.4 - - [04/Mar/2024:01:50:51 -0500] "HEAD /BLA/boletinlegal/ HTTP/1.1" 200 -
172.22.2.4 - - [04/Mar/2024:01:51:42 -0500] "GET /BLA/boletinlegal/ HTTP/1.1" 200 58273
201.245.192.253 - - [04/Mar/2024:01:54:02 -0500] "POST /kwsrmcab/Wsrmcab  HTTP/1.1" 405 104
216.245.221.92 - - [04/Mar/2024:01:56:25 -0500] "HEAD / HTTP/1.1" 200 -
172.22.2.4 - - [04/Mar/2024:01:56:41 -0500] "HEAD /BLA/boletinlegal/ HTTP/1.1" 200 -
201.245.192.253 - - [04/Mar/2024:01:59:00 -0500] "POST /kwsrmcab/Wsrmcab  HTTP/1.1" 405 104
172.22.2.4 - - [04/Mar/2024:01:57:32 -0500] "GET /BLA/boletinlegal/ HTTP/1.1" 200 58273
216.245.221.92 - - [04/Mar/2024:02:01:25 -0500] "HEAD / HTTP/1.1" 200 -
201.245.192.253 - - [04/Mar/2024:02:03:59 -0500] "POST /kwsrmcab/Wsrmcab  HTTP/1.1" 405 104
172.22.2.4 - - [04/Mar/2024:02:02:31 -0500] "HEAD /BLA/boletinlegal/ HTTP/1.1" 200 -
172.22.2.4 - - [04/Mar/2024:02:03:22 -0500] "GET /BLA/boletinlegal/ HTTP/1.1" 200 58273
216.245.221.92 - - [04/Mar/2024:02:06:25 -0500] "HEAD / HTTP/1.1" 200 -
40.77.167.48 - - [04/Mar/2024:02:08:17 -0500] "GET /BLA/resoluciones/AUTOS%202020/4393.pdf HTTP/1.1" 200 731765
201.245.192.253 - - [04/Mar/2024:02:08:58 -0500] "POST /kwsrmcab/Wsrmcab  HTTP/1.1" 405 104
207.46.13.154 - - [04/Mar/2024:02:09:18 -0500] "GET /BLA/resoluciones/AUTOS%202023/03814.pdf HTTP/1.1" 200 413263
143.198.52.102 - - [04/Mar/2024:02:09:28 -0500] "GET /users/sign_in HTTP/1.1" 404 1018
172.22.2.4 - - [04/Mar/2024:02:08:21 -0500] "HEAD /BLA/boletinlegal/ HTTP/1.1" 200 -
143.198.52.102 - - [04/Mar/2024:02:10:10 -0500] "GET /users/sign_in HTTP/1.1" 404 1018
172.22.2.4 - - [04/Mar/2024:02:09:12 -0500] "GET /BLA/boletinlegal/ HTTP/1.1" 200 53818
216.245.221.92 - - [04/Mar/2024:02:11:25 -0500] "HEAD / HTTP/1.1" 200 -
201.245.192.253 - - [04/Mar/2024:02:13:56 -0500] "POST /kwsrmcab/Wsrmcab  HTTP/1.1" 405 104
157.55.39.49 - - [04/Mar/2024:02:14:03 -0500] "GET /BLA/resoluciones/index.php?dir=AUTOS+2019%2F HTTP/1.1" 200 392067
172.22.2.4 - - [04/Mar/2024:02:14:11 -0500] "HEAD /BLA/boletinlegal/ HTTP/1.1" 200 -
216.245.221.92 - - [04/Mar/2024:02:16:25 -0500] "HEAD / HTTP/1.1" 200 -
172.22.2.4 - - [04/Mar/2024:02:15:02 -0500] "GET /BLA/boletinlegal/ HTTP/1.1" 200 60380
201.245.192.253 - - [04/Mar/2024:02:18:53 -0500] "POST /kwsrmcab/Wsrmcab  HTTP/1.1" 405 104
168.119.253.69 - - [04/Mar/2024:02:19:02 -0500] "GET / HTTP/1.1" 200 4720
66.249.66.21 - - [04/Mar/2024:02:19:09 -0500] "GET /Residuos/textiles/files/guia_textiles.pdf HTTP/1.1" 200 12356716
201.245.192.253 - - [04/Mar/2024:02:19:22 -0500] "POST /kwsrmcab/Wsrmcab HTTP/1.1" 405 104
201.245.192.253 - - [04/Mar/2024:02:19:22 -0500] "POST /kwsrmcab/Wsrmcab HTTP/1.1" 405 104
201.245.192.253 - - [04/Mar/2024:02:19:38 -0500] "POST /kwsrmcab/Wsrmcab HTTP/1.1" 405 104
201.245.192.253 - - [04/Mar/2024:02:19:38 -0500] "POST /kwsrmcab/Wsrmcab HTTP/1.1" 405 104
216.245.221.92 - - [04/Mar/2024:02:21:25 -0500] "HEAD / HTTP/1.1" 200 -
17.241.75.240 - - [04/Mar/2024:02:21:36 -0500] "GET /semana-bogota-reverdece-135-nuevos-arboles-para-el-humedal-la-conejera.html HTTP/1.1" 200 814
172.22.2.4 - - [04/Mar/2024:02:20:01 -0500] "HEAD /BLA/boletinlegal/ HTTP/1.1" 200 -
172.22.2.4 - - [04/Mar/2024:02:20:52 -0500] "GET /BLA/boletinlegal/ HTTP/1.1" 200 58720
201.245.192.253 - - [04/Mar/2024:02:23:52 -0500] "POST /kwsrmcab/Wsrmcab  HTTP/1.1" 405 104
152.61.128.50 - - [04/Mar/2024:02:24:14 -0500] "GET /arcgis/services/Calidad_del_Agua_WQI/MapServer/WMSServer?request=GetCapabilities&service=WMS HTTP/1.1" 503 1020
152.61.128.50 - - [04/Mar/2024:02:24:16 -0500] "GET /arcgis/services/Calidad_del_Agua_WQI/MapServer/WMSServer?SERVICE=WMS&REQUEST=GetCapabilities HTTP/1.1" 503 1020
152.61.128.50 - - [04/Mar/2024:02:24:16 -0500] "GET /arcgis/services/Calidad_del_Agua_WQI/MapServer/WMSServer?WMTVER=1.0.0&REQUEST=capabilities HTTP/1.1" 503 1020
216.245.221.92 - - [04/Mar/2024:02:26:25 -0500] "HEAD / HTTP/1.1" 200 -
172.22.2.4 - - [04/Mar/2024:02:25:51 -0500] "HEAD /BLA/boletinlegal/ HTTP/1.1" 200 -
172.22.2.4 - - [04/Mar/2024:02:26:42 -0500] "GET /BLA/boletinlegal/ HTTP/1.1" 200 58273
201.245.192.253 - - [04/Mar/2024:02:28:50 -0500] "POST /kwsrmcab/Wsrmcab  HTTP/1.1" 405 104
40.77.167.24 - - [04/Mar/2024:02:28:55 -0500] "GET /sipse/faces/faces/autenticacion.xhtml HTTP/1.1" 200 12722
207.46.13.102 - - [04/Mar/2024:02:29:00 -0500] "GET /BLA/resoluciones/index.php?dir=RESOLUCIONES+2023%2F HTTP/1.1" 200 140793
201.245.192.253 - - [04/Mar/2024:02:29:22 -0500] "POST /kwsrmcab/Wsrmcab HTTP/1.1" 405 104
201.245.192.253 - - [04/Mar/2024:02:29:22 -0500] "POST /kwsrmcab/Wsrmcab HTTP/1.1" 405 104
201.245.192.253 - - [04/Mar/2024:02:29:38 -0500] "POST /kwsrmcab/Wsrmcab HTTP/1.1" 405 104
201.245.192.253 - - [04/Mar/2024:02:29:38 -0500] "POST /kwsrmcab/Wsrmcab HTTP/1.1" 405 104
216.245.221.92 - - [04/Mar/2024:02:31:25 -0500] "HEAD / HTTP/1.1" 200 -
66.249.66.38 - - [04/Mar/2024:02:31:53 -0500] "GET /areas-protegidas-acciones-para-la-prevencion-de-incendios-forestales.html HTTP/1.1" 200 804
66.249.66.37 - - [04/Mar/2024:02:31:54 -0500] "GET /las-tres-caminatas-para-cerrar-el-ano-entre-la-naturaleza.html HTTP/1.1" 304 -
66.249.66.39 - - [04/Mar/2024:02:31:55 -0500] "GET /distrito-planto-mas-de-300-arboles-en-corredor-vial-de-la-aurora-en-usme-para-celebrar-el-dia-mundial-del-arbol.html HTTP/1.1" 200 1023
172.22.2.4 - - [04/Mar/2024:02:31:41 -0500] "HEAD /BLA/boletinlegal/ HTTP/1.1" 200 -
201.245.192.253 - - [04/Mar/2024:02:33:48 -0500] "POST /kwsrmcab/Wsrmcab  HTTP/1.1" 405 104
172.22.2.4 - - [04/Mar/2024:02:32:32 -0500] "GET /BLA/boletinlegal/ HTTP/1.1" 200 58273
216.245.221.92 - - [04/Mar/2024:02:36:25 -0500] "HEAD / HTTP/1.1" 200 -
201.245.192.253 - - [04/Mar/2024:02:38:47 -0500] "POST /kwsrmcab/Wsrmcab  HTTP/1.1" 405 104
172.22.2.4 - - [04/Mar/2024:02:37:31 -0500] "HEAD /BLA/boletinlegal/ HTTP/1.1" 200 -
201.245.192.253 - - [04/Mar/2024:02:39:21 -0500] "POST /kwsrmcab/Wsrmcab HTTP/1.1" 405 104
201.245.192.253 - - [04/Mar/2024:02:39:21 -0500] "POST /kwsrmcab/Wsrmcab HTTP/1.1" 405 104
201.245.192.253 - - [04/Mar/2024:02:39:39 -0500] "POST /kwsrmcab/Wsrmcab HTTP/1.1" 405 104
201.245.192.253 - - [04/Mar/2024:02:39:39 -0500] "POST /kwsrmcab/Wsrmcab HTTP/1.1" 405 104
172.22.2.4 - - [04/Mar/2024:02:38:22 -0500] "GET /BLA/boletinlegal/ HTTP/1.1" 200 58273
216.245.221.92 - - [04/Mar/2024:02:41:25 -0500] "HEAD / HTTP/1.1" 200 -
201.245.192.253 - - [04/Mar/2024:02:43:46 -0500] "POST /kwsrmcab/Wsrmcab  HTTP/1.1" 405 104
47.128.118.122 - - [04/Mar/2024:02:44:22 -0500] "GET /BLA/resoluciones/dlf/unknown.png HTTP/1.1" 200 266
47.128.118.122 - - [04/Mar/2024:02:44:22 -0500] "GET /BLA/resoluciones/dlf/dirup.png HTTP/1.1" 200 644
47.128.118.122 - - [04/Mar/2024:02:44:21 -0500] "GET /BLA/resoluciones/index.php?dir=RESOLUCIONES%202005/RES%202005%202101-2150/&sort=size&order=asc HTTP/1.1" 200 12346
172.98.33.113 - - [04/Mar/2024:02:44:29 -0500] "GET / HTTP/1.1" 200 319
172.98.33.71 - - [04/Mar/2024:02:44:30 -0500] "GET /nice%20ports%2C/Tri%6Eity.txt%2ebak HTTP/1.0" 404 1019
172.98.33.128 - - [04/Mar/2024:02:44:30 -0500] "GET / HTTP/1.0" 200 319
172.98.33.116 - - [04/Mar/2024:02:44:31 -0500] "GET /nice%20ports%2C/Tri%6Eity.txt%2ebak HTTP/1.0" 404 1019
172.98.33.127 - - [04/Mar/2024:02:44:31 -0500] "GET / HTTP/1.0" 200 319
172.22.2.4 - - [04/Mar/2024:02:43:21 -0500] "HEAD /BLA/boletinlegal/ HTTP/1.1" 200 -
207.46.13.14 - - [04/Mar/2024:02:45:23 -0500] "GET /BLA/resoluciones/RESOLUCIONES%202021/0568.pdf HTTP/1.1" 200 500985
40.77.167.43 - - [04/Mar/2024:02:45:49 -0500] "GET /BLA/resoluciones/AUTOS%202013/2791.pdf HTTP/1.1" 304 -
172.22.2.4 - - [04/Mar/2024:02:44:12 -0500] "GET /BLA/boletinlegal/ HTTP/1.1" 200 58273
216.245.221.92 - - [04/Mar/2024:02:46:25 -0500] "HEAD / HTTP/1.1" 200 -
201.245.192.253 - - [04/Mar/2024:02:48:45 -0500] "POST /kwsrmcab/Wsrmcab  HTTP/1.1" 405 104
172.22.2.4 - - [04/Mar/2024:02:49:11 -0500] "HEAD /BLA/boletinlegal/ HTTP/1.1" 200 -
216.245.221.92 - - [04/Mar/2024:02:51:25 -0500] "HEAD / HTTP/1.1" 200 -
172.22.2.4 - - [04/Mar/2024:02:50:02 -0500] "GET /BLA/boletinlegal/ HTTP/1.1" 200 53419
201.245.192.253 - - [04/Mar/2024:02:53:43 -0500] "POST /kwsrmcab/Wsrmcab  HTTP/1.1" 405 104
216.245.221.92 - - [04/Mar/2024:02:56:25 -0500] "HEAD / HTTP/1.1" 200 -
172.22.2.4 - - [04/Mar/2024:02:55:01 -0500] "HEAD /BLA/boletinlegal/ HTTP/1.1" 200 -
172.22.2.4 - - [04/Mar/2024:02:55:52 -0500] "GET /BLA/boletinlegal/ HTTP/1.1" 200 53419
201.245.192.253 - - [04/Mar/2024:02:58:42 -0500] "POST /kwsrmcab/Wsrmcab  HTTP/1.1" 405 104
3.129.60.23 - - [04/Mar/2024:03:01:04 -0500] "GET /galeria/galeria/fotos/Humedal-la-conejera4P.jpg HTTP/1.1" 200 33365
216.245.221.92 - - [04/Mar/2024:03:01:25 -0500] "HEAD / HTTP/1.1" 200 -
172.22.2.4 - - [04/Mar/2024:03:00:51 -0500] "HEAD /BLA/boletinlegal/ HTTP/1.1" 200 -
172.22.2.4 - - [04/Mar/2024:03:01:42 -0500] "GET /BLA/boletinlegal/ HTTP/1.1" 200 59967
201.245.192.253 - - [04/Mar/2024:03:03:42 -0500] "POST /kwsrmcab/Wsrmcab  HTTP/1.1" 405 104
216.245.221.92 - - [04/Mar/2024:03:06:25 -0500] "HEAD / HTTP/1.1" 200 -
172.22.2.4 - - [04/Mar/2024:03:06:41 -0500] "HEAD /BLA/boletinlegal/ HTTP/1.1" 200 -
201.245.192.253 - - [04/Mar/2024:03:08:40 -0500] "POST /kwsrmcab/Wsrmcab  HTTP/1.1" 405 104
172.22.2.4 - - [04/Mar/2024:03:07:32 -0500] "GET /BLA/boletinlegal/ HTTP/1.1" 200 59083
52.167.144.24 - - [04/Mar/2024:03:09:53 -0500] "GET /BLA/resoluciones/index.php?dir=AUTOS+2011%2F HTTP/1.1" 200 638566
216.245.221.92 - - [04/Mar/2024:03:11:25 -0500] "HEAD / HTTP/1.1" 200 -
201.245.192.253 - - [04/Mar/2024:03:13:39 -0500] "POST /kwsrmcab/Wsrmcab  HTTP/1.1" 405 104
172.22.2.4 - - [04/Mar/2024:03:12:31 -0500] "HEAD /BLA/boletinlegal/ HTTP/1.1" 200 -
172.22.2.4 - - [04/Mar/2024:03:13:22 -0500] "GET /BLA/boletinlegal/ HTTP/1.1" 200 55823
52.167.144.17 - - [04/Mar/2024:03:15:02 -0500] "GET /galeria/mapa/3MapaBogot%C3%A1.jpg HTTP/1.1" 200 688183
17.241.227.21 - - [04/Mar/2024:03:15:18 -0500] "GET /como-debe-ser-el-manejo-del-ruido-en-bogota.html HTTP/1.1" 200 765
172.22.2.4 - - [04/Mar/2024:03:14:14 -0500] "HEAD /BLA/boletinlegal/ HTTP/1.1" 200 -
216.245.221.92 - - [04/Mar/2024:03:16:25 -0500] "HEAD / HTTP/1.1" 200 -
66.249.66.39 - - [04/Mar/2024:03:16:53 -0500] "GET /mas-de-1000-personas-participaron-en-la-convencion-de-emergencia-climatica-una-mirada-optimista-y-un-llamado-a-la-accion.html HTTP/1.1" 304 -
201.245.192.253 - - [04/Mar/2024:03:18:37 -0500] "POST /kwsrmcab/Wsrmcab  HTTP/1.1" 405 104
201.245.192.253 - - [04/Mar/2024:03:19:21 -0500] "POST /kwsrmcab/Wsrmcab HTTP/1.1" 405 104
201.245.192.253 - - [04/Mar/2024:03:19:21 -0500] "POST /kwsrmcab/Wsrmcab HTTP/1.1" 405 104
201.245.192.253 - - [04/Mar/2024:03:19:38 -0500] "POST /kwsrmcab/Wsrmcab HTTP/1.1" 405 104
201.245.192.253 - - [04/Mar/2024:03:19:38 -0500] "POST /kwsrmcab/Wsrmcab HTTP/1.1" 405 104
172.22.2.4 - - [04/Mar/2024:03:18:21 -0500] "HEAD /BLA/boletinlegal/ HTTP/1.1" 200 -
172.22.2.4 - - [04/Mar/2024:03:19:12 -0500] "GET /BLA/boletinlegal/ HTTP/1.1" 200 58720
216.245.221.92 - - [04/Mar/2024:03:21:25 -0500] "HEAD / HTTP/1.1" 200 -
201.245.192.253 - - [04/Mar/2024:03:23:36 -0500] "POST /kwsrmcab/Wsrmcab  HTTP/1.1" 405 104
172.22.2.4 - - [04/Mar/2024:03:24:11 -0500] "HEAD /BLA/boletinlegal/ HTTP/1.1" 200 -
216.245.221.92 - - [04/Mar/2024:03:26:25 -0500] "HEAD / HTTP/1.1" 200 -
172.22.2.4 - - [04/Mar/2024:03:25:02 -0500] "GET /BLA/boletinlegal/ HTTP/1.1" 200 58273
54.36.149.75 - - [04/Mar/2024:03:27:37 -0500] "GET /robots.txt HTTP/1.1" 404 1018
51.222.253.15 - - [04/Mar/2024:03:27:38 -0500] "GET /catalogoisis/ HTTP/1.1" 200 8575
51.222.253.15 - - [04/Mar/2024:03:27:40 -0500] "GET /catalogoisis/Js/Enter.js HTTP/1.1" 200 1208
51.222.253.9 - - [04/Mar/2024:03:27:40 -0500] "GET /catalogoisis/Js/Cookies.js HTTP/1.1" 200 1369
51.222.253.12 - - [04/Mar/2024:03:27:41 -0500] "GET /catalogoisis/Js/LimpiarCombinada.js HTTP/1.1" 200 207
51.222.253.8 - - [04/Mar/2024:03:27:41 -0500] "GET /catalogoisis/Js/Go.js HTTP/1.1" 200 364
51.222.253.10 - - [04/Mar/2024:03:27:42 -0500] "GET /catalogoisis/Css/Busqueda.css HTTP/1.1" 200 1995
51.222.253.17 - - [04/Mar/2024:03:27:42 -0500] "GET /catalogoisis/Js/Remote.js HTTP/1.1" 200 436
51.222.253.17 - - [04/Mar/2024:03:27:42 -0500] "GET /catalogoisis/Js/AceptarLimpiar.js HTTP/1.1" 200 331
51.222.253.1 - - [04/Mar/2024:03:27:43 -0500] "GET /catalogoisis/Js/CriterioCombinada.js HTTP/1.1" 200 1843
51.222.253.3 - - [04/Mar/2024:03:27:43 -0500] "GET /catalogoisis/Js/Numero.js HTTP/1.1" 200 398
201.245.192.253 - - [04/Mar/2024:03:28:34 -0500] "POST /kwsrmcab/Wsrmcab  HTTP/1.1" 405 104
201.245.192.253 - - [04/Mar/2024:03:29:21 -0500] "POST /kwsrmcab/Wsrmcab HTTP/1.1" 405 104
201.245.192.253 - - [04/Mar/2024:03:29:21 -0500] "POST /kwsrmcab/Wsrmcab HTTP/1.1" 405 104
201.245.192.253 - - [04/Mar/2024:03:29:38 -0500] "POST /kwsrmcab/Wsrmcab HTTP/1.1" 405 104
201.245.192.253 - - [04/Mar/2024:03:29:38 -0500] "POST /kwsrmcab/Wsrmcab HTTP/1.1" 405 104
216.245.221.92 - - [04/Mar/2024:03:31:25 -0500] "HEAD / HTTP/1.1" 200 -
172.22.2.4 - - [04/Mar/2024:03:30:01 -0500] "HEAD /BLA/boletinlegal/ HTTP/1.1" 200 -
172.22.2.4 - - [04/Mar/2024:03:31:34 -0500] "GET /BLA/boletinlegal/ HTTP/1.1" 200 24523
172.22.2.4 - - [04/Mar/2024:03:30:52 -0500] "GET /BLA/boletinlegal/ HTTP/1.1" 200 51133
172.22.2.4 - - [04/Mar/2024:03:32:08 -0500] "OPTIONS /BLA/boletinlegal/ HTTP/1.1" 200 40907
201.245.192.253 - - [04/Mar/2024:03:33:33 -0500] "POST /kwsrmcab/Wsrmcab  HTTP/1.1" 405 104
34.78.249.41 - - [04/Mar/2024:03:35:09 -0500] "GET / HTTP/1.1" 200 319
216.245.221.92 - - [04/Mar/2024:03:36:25 -0500] "HEAD / HTTP/1.1" 200 -
172.22.2.4 - - [04/Mar/2024:03:35:51 -0500] "HEAD /BLA/boletinlegal/ HTTP/1.1" 200 -
172.22.2.4 - - [04/Mar/2024:03:36:42 -0500] "GET /BLA/boletinlegal/ HTTP/1.1" 200 53818
201.245.192.253 - - [04/Mar/2024:03:38:31 -0500] "POST /kwsrmcab/Wsrmcab  HTTP/1.1" 405 104
201.245.192.253 - - [04/Mar/2024:03:39:22 -0500] "POST /kwsrmcab/Wsrmcab HTTP/1.1" 405 104
201.245.192.253 - - [04/Mar/2024:03:39:22 -0500] "POST /kwsrmcab/Wsrmcab HTTP/1.1" 405 104
201.245.192.253 - - [04/Mar/2024:03:39:38 -0500] "POST /kwsrmcab/Wsrmcab HTTP/1.1" 405 104
201.245.192.253 - - [04/Mar/2024:03:39:38 -0500] "POST /kwsrmcab/Wsrmcab HTTP/1.1" 405 104
216.245.221.92 - - [04/Mar/2024:03:41:25 -0500] "HEAD / HTTP/1.1" 200 -
207.46.13.230 - - [04/Mar/2024:03:43:07 -0500] "GET /robots.txt HTTP/1.1" 404 1035
52.167.144.238 - - [04/Mar/2024:03:43:12 -0500] "GET /sitemap_index.xml HTTP/1.1" 404 1035
172.22.2.4 - - [04/Mar/2024:03:41:41 -0500] "HEAD /BLA/boletinlegal/ HTTP/1.1" 200 -
201.245.192.253 - - [04/Mar/2024:03:43:29 -0500] "POST /kwsrmcab/Wsrmcab  HTTP/1.1" 405 104
40.77.167.53 - - [04/Mar/2024:03:44:04 -0500] "GET /BLA/resoluciones/AUTOS%202020/3704.pdf HTTP/1.1" 200 425781
172.22.2.4 - - [04/Mar/2024:03:42:32 -0500] "GET /BLA/boletinlegal/ HTTP/1.1" 200 53818
172.22.2.4 - - [04/Mar/2024:03:44:13 -0500] "GET /BLA/boletinlegal/normativa.php HTTP/1.1" 200 8397
216.245.221.92 - - [04/Mar/2024:03:46:25 -0500] "HEAD / HTTP/1.1" 200 -
