!C99Shell v. 1.0 pre-release build #13!

Software: Apache. PHP/5.5.15 

uname -a: Windows NT SVR-DMZ 6.1 build 7600 (Windows Server 2008 R2 Enterprise Edition) i586 

SYSTEM 

Safe-mode: OFF (not secure)

E:\nuevo\apache\logs\   drwxrwxrwx
Free 7.33 GB of 239.26 GB (3.06%)
Detected drives: [ a ] [ c ] [ d ] [ e ] [ f ]
Home    Back    Forward    UPDIR    Refresh    Search    Buffer    Encoder    Tools    Proc.    FTP brute    Sec.    SQL    PHP-code    Update    Feedback    Self remove    Logout    


Viewing file:     access.2024.03.13.log (6.17 MB)      -rw-rw-rw-
Select action/file-type:
(+) | (+) | (+) | Code (+) | Session (+) | (+) | SDB (+) | (+) | (+) | (+) | (+) | (+) |
181.32.216.15 - - [13/Mar/2024:00:00:12 -0500] "GET /sipse/faces/javax.faces.resource/theme.css?ln=primefaces-sipse HTTP/1.1" 304 -
181.32.216.15 - - [13/Mar/2024:00:00:12 -0500] "GET /sipse/faces/javax.faces.resource/primefaces.js?ln=primefaces&v=4.0 HTTP/1.1" 304 -
181.32.216.15 - - [13/Mar/2024:00:00:12 -0500] "GET /sipse/faces/javax.faces.resource/jquery/jquery-plugins.js?ln=primefaces&v=4.0 HTTP/1.1" 304 -
181.32.216.15 - - [13/Mar/2024:00:00:12 -0500] "GET /sipse/faces/javax.faces.resource/primefaces.css?ln=primefaces&v=4.0 HTTP/1.1" 304 -
181.32.216.15 - - [13/Mar/2024:00:00:12 -0500] "GET /sipse/faces/javax.faces.resource/layout/layout.css?ln=primefaces&v=4.0 HTTP/1.1" 304 -
181.32.216.15 - - [13/Mar/2024:00:00:12 -0500] "GET /sipse/faces/javax.faces.resource/jquery/jquery.js?ln=primefaces&v=4.0 HTTP/1.1" 304 -
181.32.216.15 - - [13/Mar/2024:00:00:12 -0500] "GET /sipse/faces/javax.faces.resource/layout/layout.js?ln=primefaces&v=4.0 HTTP/1.1" 304 -
181.32.216.15 - - [13/Mar/2024:00:00:11 -0500] "POST /sipse/faces/presentacion/financiero/solicitudProceso/consultarHistorialSolProceso.xhtml HTTP/1.1" 200 170756
181.32.216.15 - - [13/Mar/2024:00:00:23 -0500] "POST /sipse/faces/presentacion/financiero/solicitudProceso/consultarSolicitudProceso.xhtml HTTP/1.1" 200 74640
201.245.192.253 - - [13/Mar/2024:00:00:28 -0500] "POST /forms/lservlet;jsessionid=ac16012b30d685a1338798bb45e4a50ba3dcf25e0c41.e3iSbxaKaheRe3iNc3uNbNmQay1ynknvrkLOlQzNp65In0 HTTP/1.1" 200 2
74.125.215.164 - - [13/Mar/2024:00:00:37 -0500] "GET /BLA/resoluciones/AUTOS%202015/0134.pdf HTTP/1.1" 200 560290
216.245.221.92 - - [13/Mar/2024:00:00:45 -0500] "HEAD / HTTP/1.1" 200 -
201.245.192.253 - - [13/Mar/2024:00:01:05 -0500] "POST /kwsrmcab/Wsrmcab  HTTP/1.1" 200 39632
201.245.192.253 - - [13/Mar/2024:00:01:42 -0500] "POST /forms/lservlet;jsessionid=ac16012b30d6ffc3935d0d6846ca81ce8caf5a7e0f89.e3iSbxaKaheRe3iNc3uNbNmQay1ynknvrkLOlQzNp65In0 HTTP/1.1" 200 2
172.22.2.4 - - [13/Mar/2024:00:00:23 -0500] "HEAD /BLA/boletinlegal/ HTTP/1.1" 200 -
201.245.192.253 - - [13/Mar/2024:00:02:28 -0500] "POST /forms/lservlet;jsessionid=ac16012b30d685a1338798bb45e4a50ba3dcf25e0c41.e3iSbxaKaheRe3iNc3uNbNmQay1ynknvrkLOlQzNp65In0 HTTP/1.1" 200 2
157.55.39.10 - - [13/Mar/2024:00:02:40 -0500] "GET /Publicaciones/2023EE255816.pdf HTTP/1.1" 404 228
172.22.2.4 - - [13/Mar/2024:00:01:13 -0500] "GET /BLA/boletinlegal/ HTTP/1.1" 200 58273
201.245.192.253 - - [13/Mar/2024:00:03:42 -0500] "POST /forms/lservlet;jsessionid=ac16012b30d6ffc3935d0d6846ca81ce8caf5a7e0f89.e3iSbxaKaheRe3iNc3uNbNmQay1ynknvrkLOlQzNp65In0 HTTP/1.1" 200 2
66.249.66.20 - - [13/Mar/2024:00:03:49 -0500] "GET /portel_dama/libreria/php/2006/ECOSISTEMAS%20FINAL%20web_mz27/restauracion/sitio/22_proye/xtras_in/cni_3.pdf HTTP/1.1" 404 1018
74.125.210.198 - - [13/Mar/2024:00:04:08 -0500] "GET /BLA/resoluciones/AUTOS%202015/0148.pdf HTTP/1.1" 200 512338
201.245.192.253 - - [13/Mar/2024:00:04:28 -0500] "POST /forms/lservlet;jsessionid=ac16012b30d685a1338798bb45e4a50ba3dcf25e0c41.e3iSbxaKaheRe3iNc3uNbNmQay1ynknvrkLOlQzNp65In0 HTTP/1.1" 200 2
181.53.13.226 - - [13/Mar/2024:00:04:38 -0500] "GET /Publicaciones/SSFFS-01541-2024.zip HTTP/1.1" 200 4879441
181.53.13.226 - - [13/Mar/2024:00:05:27 -0500] "GET /Publicaciones/SSFFS-00817-2024.zip HTTP/1.1" 206 1
181.53.13.226 - - [13/Mar/2024:00:05:27 -0500] "GET /Publicaciones/SSFFS-00817-2024.zip HTTP/1.1" 206 22881217
201.245.192.253 - - [13/Mar/2024:00:05:42 -0500] "POST /forms/lservlet;jsessionid=ac16012b30d6ffc3935d0d6846ca81ce8caf5a7e0f89.e3iSbxaKaheRe3iNc3uNbNmQay1ynknvrkLOlQzNp65In0 HTTP/1.1" 200 2
216.245.221.92 - - [13/Mar/2024:00:05:45 -0500] "HEAD / HTTP/1.1" 200 -
201.245.192.253 - - [13/Mar/2024:00:06:05 -0500] "POST /kwsrmcab/Wsrmcab  HTTP/1.1" 200 39632
201.245.192.253 - - [13/Mar/2024:00:06:28 -0500] "POST /forms/lservlet;jsessionid=ac16012b30d685a1338798bb45e4a50ba3dcf25e0c41.e3iSbxaKaheRe3iNc3uNbNmQay1ynknvrkLOlQzNp65In0 HTTP/1.1" 200 2
181.32.216.15 - - [13/Mar/2024:00:06:38 -0500] "POST /sipse/faces/presentacion/financiero/solicitudProceso/consultarSolicitudProceso.xhtml HTTP/1.1" 200 84206
181.32.216.15 - - [13/Mar/2024:00:06:39 -0500] "GET /sipse/faces/javax.faces.resource/theme.css?ln=primefaces-sipse HTTP/1.1" 304 -
181.32.216.15 - - [13/Mar/2024:00:06:39 -0500] "GET /sipse/faces/javax.faces.resource/primefaces.css?ln=primefaces&v=4.0 HTTP/1.1" 304 -
181.32.216.15 - - [13/Mar/2024:00:06:39 -0500] "GET /sipse/faces/javax.faces.resource/layout/layout.css?ln=primefaces&v=4.0 HTTP/1.1" 304 -
181.32.216.15 - - [13/Mar/2024:00:06:39 -0500] "GET /sipse/faces/javax.faces.resource/jquery/jquery.js?ln=primefaces&v=4.0 HTTP/1.1" 304 -
181.32.216.15 - - [13/Mar/2024:00:06:39 -0500] "GET /sipse/faces/javax.faces.resource/jquery/jquery-plugins.js?ln=primefaces&v=4.0 HTTP/1.1" 304 -
181.32.216.15 - - [13/Mar/2024:00:06:39 -0500] "GET /sipse/faces/javax.faces.resource/primefaces.js?ln=primefaces&v=4.0 HTTP/1.1" 304 -
181.32.216.15 - - [13/Mar/2024:00:06:39 -0500] "GET /sipse/faces/javax.faces.resource/layout/layout.js?ln=primefaces&v=4.0 HTTP/1.1" 304 -
173.252.87.18 - - [13/Mar/2024:00:06:41 -0500] "GET /images/Rueda%20de%20prensa.jpeg HTTP/1.1" 200 58715
181.32.216.15 - - [13/Mar/2024:00:06:45 -0500] "POST /sipse/faces/presentacion/financiero/solicitudProceso/crearModificarSolicitudProceso.xhtml HTTP/1.1" 200 7661
181.32.216.15 - - [13/Mar/2024:00:06:46 -0500] "POST /sipse/faces/presentacion/financiero/solicitudProceso/crearModificarSolicitudProceso.xhtml HTTP/1.1" 200 21244
181.32.216.15 - - [13/Mar/2024:00:06:46 -0500] "GET /sipse/faces/javax.faces.resource/theme.css?ln=primefaces-sipse HTTP/1.1" 304 -
181.32.216.15 - - [13/Mar/2024:00:06:46 -0500] "GET /sipse/faces/javax.faces.resource/primefaces.css?ln=primefaces&v=4.0 HTTP/1.1" 304 -
181.32.216.15 - - [13/Mar/2024:00:06:46 -0500] "GET /sipse/faces/javax.faces.resource/layout/layout.css?ln=primefaces&v=4.0 HTTP/1.1" 304 -
181.32.216.15 - - [13/Mar/2024:00:06:46 -0500] "GET /sipse/faces/javax.faces.resource/fileupload/fileupload.css?ln=primefaces&v=4.0 HTTP/1.1" 304 -
181.32.216.15 - - [13/Mar/2024:00:06:46 -0500] "GET /sipse/faces/javax.faces.resource/jquery/jquery-plugins.js?ln=primefaces&v=4.0 HTTP/1.1" 304 -
181.32.216.15 - - [13/Mar/2024:00:06:46 -0500] "GET /sipse/faces/javax.faces.resource/layout/layout.js?ln=primefaces&v=4.0 HTTP/1.1" 304 -
181.32.216.15 - - [13/Mar/2024:00:06:46 -0500] "GET /sipse/faces/javax.faces.resource/primefaces.js?ln=primefaces&v=4.0 HTTP/1.1" 304 -
181.32.216.15 - - [13/Mar/2024:00:06:46 -0500] "GET /sipse/faces/javax.faces.resource/jquery/jquery.js?ln=primefaces&v=4.0 HTTP/1.1" 304 -
181.32.216.15 - - [13/Mar/2024:00:06:46 -0500] "GET /sipse/faces/javax.faces.resource/fileupload/fileupload.js?ln=primefaces&v=4.0 HTTP/1.1" 304 -
181.32.216.15 - - [13/Mar/2024:00:06:56 -0500] "POST /sipse/faces/presentacion/sistema/anexos/cargarAnexoSolicitudProceso.xhtml HTTP/1.1" 200 87710
181.32.216.15 - - [13/Mar/2024:00:06:57 -0500] "GET /sipse/faces/javax.faces.resource/theme.css?ln=primefaces-sipse HTTP/1.1" 304 -
181.32.216.15 - - [13/Mar/2024:00:06:57 -0500] "GET /sipse/faces/javax.faces.resource/primefaces.css?ln=primefaces&v=4.0 HTTP/1.1" 304 -
181.32.216.15 - - [13/Mar/2024:00:06:57 -0500] "GET /sipse/faces/javax.faces.resource/layout/layout.css?ln=primefaces&v=4.0 HTTP/1.1" 304 -
181.32.216.15 - - [13/Mar/2024:00:06:57 -0500] "GET /sipse/faces/javax.faces.resource/jquery/jquery.js?ln=primefaces&v=4.0 HTTP/1.1" 304 -
181.32.216.15 - - [13/Mar/2024:00:06:57 -0500] "GET /sipse/faces/javax.faces.resource/primefaces.js?ln=primefaces&v=4.0 HTTP/1.1" 304 -
181.32.216.15 - - [13/Mar/2024:00:06:57 -0500] "GET /sipse/faces/javax.faces.resource/jquery/jquery-plugins.js?ln=primefaces&v=4.0 HTTP/1.1" 304 -
181.32.216.15 - - [13/Mar/2024:00:06:57 -0500] "GET /sipse/faces/javax.faces.resource/layout/layout.js?ln=primefaces&v=4.0 HTTP/1.1" 304 -
201.245.192.253 - - [13/Mar/2024:00:07:42 -0500] "POST /forms/lservlet;jsessionid=ac16012b30d6ffc3935d0d6846ca81ce8caf5a7e0f89.e3iSbxaKaheRe3iNc3uNbNmQay1ynknvrkLOlQzNp65In0 HTTP/1.1" 200 2
181.32.216.15 - - [13/Mar/2024:00:07:51 -0500] "GET /sipse/faces/javax.faces.resource/jquery/jquery.js?ln=primefaces&v=4.0 HTTP/1.1" 304 -
181.32.216.15 - - [13/Mar/2024:00:07:51 -0500] "GET /sipse/faces/javax.faces.resource/theme.css?ln=primefaces-sipse HTTP/1.1" 304 -
181.32.216.15 - - [13/Mar/2024:00:07:51 -0500] "GET /sipse/faces/javax.faces.resource/jquery/jquery-plugins.js?ln=primefaces&v=4.0 HTTP/1.1" 304 -
181.32.216.15 - - [13/Mar/2024:00:07:51 -0500] "GET /sipse/faces/javax.faces.resource/primefaces.css?ln=primefaces&v=4.0 HTTP/1.1" 304 -
181.32.216.15 - - [13/Mar/2024:00:07:51 -0500] "GET /sipse/faces/javax.faces.resource/layout/layout.css?ln=primefaces&v=4.0 HTTP/1.1" 304 -
181.32.216.15 - - [13/Mar/2024:00:07:50 -0500] "POST /sipse/faces/presentacion/financiero/solicitudProceso/crearModificarSolicitudProceso.xhtml HTTP/1.1" 200 168992
181.32.216.15 - - [13/Mar/2024:00:07:51 -0500] "GET /sipse/faces/javax.faces.resource/primefaces.js?ln=primefaces&v=4.0 HTTP/1.1" 304 -
181.32.216.15 - - [13/Mar/2024:00:07:51 -0500] "GET /sipse/faces/javax.faces.resource/layout/layout.js?ln=primefaces&v=4.0 HTTP/1.1" 304 -
172.22.2.4 - - [13/Mar/2024:00:06:13 -0500] "HEAD /BLA/boletinlegal/ HTTP/1.1" 200 -
201.245.215.107 - - [13/Mar/2024:00:07:56 -0500] "GET /sipse/faces/index.xhtml HTTP/1.1" 200 677
201.245.215.107 - - [13/Mar/2024:00:07:58 -0500] "GET /sipse/faces/javax.faces.resource/theme.css?ln=primefaces-sipse HTTP/1.1" 304 -
201.245.215.107 - - [13/Mar/2024:00:07:58 -0500] "GET /sipse/faces/faces/autenticacion.xhtml HTTP/1.1" 200 12415
201.245.215.107 - - [13/Mar/2024:00:07:58 -0500] "GET /sipse/faces/javax.faces.resource/theme.css?ln=primefaces-sipse HTTP/1.1" 304 -
201.245.215.107 - - [13/Mar/2024:00:07:58 -0500] "GET /sipse/faces/javax.faces.resource/primefaces.css?ln=primefaces&v=4.0 HTTP/1.1" 304 -
201.245.215.107 - - [13/Mar/2024:00:07:58 -0500] "GET /sipse/faces/javax.faces.resource/layout/layout.css?ln=primefaces&v=4.0 HTTP/1.1" 304 -
201.245.215.107 - - [13/Mar/2024:00:07:59 -0500] "GET /sipse/faces/javax.faces.resource/jquery/jquery-plugins.js?ln=primefaces&v=4.0 HTTP/1.1" 304 -
201.245.215.107 - - [13/Mar/2024:00:07:59 -0500] "GET /sipse/faces/javax.faces.resource/jquery/jquery.js?ln=primefaces&v=4.0 HTTP/1.1" 304 -
201.245.215.107 - - [13/Mar/2024:00:07:59 -0500] "GET /sipse/faces/javax.faces.resource/primefaces.js?ln=primefaces&v=4.0 HTTP/1.1" 304 -
201.245.215.107 - - [13/Mar/2024:00:07:59 -0500] "GET /sipse/faces/javax.faces.resource/layout/layout.js?ln=primefaces&v=4.0 HTTP/1.1" 304 -
201.245.215.107 - - [13/Mar/2024:00:07:59 -0500] "GET /sipse/faces/javax.faces.resource/images/ui-icons_898989_256x240.png?ln=primefaces-aristo HTTP/1.1" 304 -
201.245.215.107 - - [13/Mar/2024:00:08:03 -0500] "POST /sipse/faces/autenticacion.xhtml HTTP/1.1" 200 16919
201.245.215.107 - - [13/Mar/2024:00:08:03 -0500] "GET /sipse/faces/javax.faces.resource/theme.css?ln=primefaces-sipse HTTP/1.1" 304 -
201.245.215.107 - - [13/Mar/2024:00:08:03 -0500] "GET /sipse/faces/javax.faces.resource/primefaces.css?ln=primefaces&v=4.0 HTTP/1.1" 304 -
201.245.215.107 - - [13/Mar/2024:00:08:03 -0500] "GET /sipse/faces/javax.faces.resource/layout/layout.css?ln=primefaces&v=4.0 HTTP/1.1" 304 -
201.245.215.107 - - [13/Mar/2024:00:08:03 -0500] "GET /sipse/faces/javax.faces.resource/jquery/jquery.js?ln=primefaces&v=4.0 HTTP/1.1" 304 -
201.245.215.107 - - [13/Mar/2024:00:08:03 -0500] "GET /sipse/faces/javax.faces.resource/jquery/jquery-plugins.js?ln=primefaces&v=4.0 HTTP/1.1" 304 -
201.245.215.107 - - [13/Mar/2024:00:08:03 -0500] "GET /sipse/faces/javax.faces.resource/primefaces.js?ln=primefaces&v=4.0 HTTP/1.1" 304 -
201.245.215.107 - - [13/Mar/2024:00:08:03 -0500] "GET /sipse/faces/javax.faces.resource/layout/layout.js?ln=primefaces&v=4.0 HTTP/1.1" 304 -
201.245.215.107 - - [13/Mar/2024:00:08:03 -0500] "GET /sipse/css/imagen/contrasena.png HTTP/1.1" 404 383
201.245.215.107 - - [13/Mar/2024:00:08:03 -0500] "GET /sipse/faces/javax.faces.resource/messages/messages.png?ln=primefaces&v=4.0 HTTP/1.1" 304 -
201.245.215.107 - - [13/Mar/2024:00:08:05 -0500] "GET /sipse/faces/javax.faces.resource/images/ui-bg_flat_0_2d5972_40x100.png?ln=primefaces-aristo HTTP/1.1" 304 -
201.245.215.107 - - [13/Mar/2024:00:08:05 -0500] "POST /sipse/faces/bienvenido.xhtml HTTP/1.1" 200 2658
201.245.215.107 - - [13/Mar/2024:00:08:05 -0500] "POST /sipse/faces/bienvenido.xhtml HTTP/1.1" 200 36245
201.245.215.107 - - [13/Mar/2024:00:08:06 -0500] "GET /sipse/faces/javax.faces.resource/theme.css?ln=primefaces-sipse HTTP/1.1" 304 -
201.245.215.107 - - [13/Mar/2024:00:08:06 -0500] "GET /sipse/faces/javax.faces.resource/primefaces.css?ln=primefaces&v=4.0 HTTP/1.1" 304 -
201.245.215.107 - - [13/Mar/2024:00:08:06 -0500] "GET /sipse/faces/javax.faces.resource/layout/layout.css?ln=primefaces&v=4.0 HTTP/1.1" 304 -
201.245.215.107 - - [13/Mar/2024:00:08:06 -0500] "GET /sipse/faces/javax.faces.resource/jquery/jquery.js?ln=primefaces&v=4.0 HTTP/1.1" 304 -
201.245.215.107 - - [13/Mar/2024:00:08:06 -0500] "GET /sipse/faces/javax.faces.resource/jquery/jquery-plugins.js?ln=primefaces&v=4.0 HTTP/1.1" 304 -
201.245.215.107 - - [13/Mar/2024:00:08:06 -0500] "GET /sipse/faces/javax.faces.resource/primefaces.js?ln=primefaces&v=4.0 HTTP/1.1" 304 -
201.245.215.107 - - [13/Mar/2024:00:08:06 -0500] "GET /sipse/faces/javax.faces.resource/layout/layout.js?ln=primefaces&v=4.0 HTTP/1.1" 304 -
201.245.215.107 - - [13/Mar/2024:00:08:06 -0500] "POST /sipse/faces/presentacion/financiero/solicitudProceso/listarSolicitudProceso.xhtml HTTP/1.1" 200 1392
172.22.2.4 - - [13/Mar/2024:00:08:07 -0500] "GET /BLA/boletinlegal/robots.txt HTTP/1.1" 404 1038
152.201.215.190 - - [13/Mar/2024:00:08:09 -0500] "GET /kwssiamovil/sm/acme/a?s=U2FsdGVkX1/7tmRe09K6CnmNT/zB0XrFu+m2hRrFgOjsj3WHCiA0eHdgipYyVOZwcoNH/Q6H6OkvbKAdJXXZ3W3xLeEV2CCaoZXSl4m0p+UsilPZVeakWvjxtMu5bBHpm7CMKJMFCUA55e01EvSfgte9hX+2WaC+XeazrM3c6+0xFztzFSMteBwvQ9fnpdT+672ntkAdqYVb5r+qlac2E90ueRDh+RPkrNfIrIKkFB7CptrwYYUHJT8IvEbNIqKxs4zIc6Mpm+YQDKJkuJXCvA==&u=U2FsdGVkX18k9v11SHOqQxq6+S2dcXbrLQK4RdawsqEDcwBivxKjbQ3fXROUco9E&y=U2FsdGVkX19eZKaZy3wOBhP+9FieD0x5v6kOa36Ypgj/NSB3vTjy3AGw0BLh/auK HTTP/1.1" 200 26
152.201.215.190 - - [13/Mar/2024:00:08:09 -0500] "GET /kwssiamovil/sm/acme/a?s=U2FsdGVkX188p8Wru2zs41A+c9U3IWsVh6KhdyuyjTGtW0RIVPLTpJcy+AVwfPmDjb36SRZYwEv4qhEuxRyo3wlzyl0rQkeF/tCI0XfSsn8qdMw9LPOgU6TyOo6JwhijQyUV9/6vs2hS10O2CvnRpGZcJQYpvGjDnwNs0NWLo63gtNe8XvIaci8hBH/xP/RSnJ0IhHuRsQqtUqtHY0+zbpgJAHc61kmYdSZjweDhAjeAcNvthMmiINqwMqFmrAiCFhYhlzAA7PTiW2yb0r7Wyab3AN4wsCjq1e/qvEY4DtJqZyqfyztFQcd1DaWykH8xULHWjAuAbBVCmpjz6NYwWkmU+NIdpWkd7fjSXhqdpykcTHEIGRXoox3L5UDUyKf9moZ3q87rw0zMhxIEr5Prsax8E+Uqd0PvG4LhqsXcXq5wyV9SFCmOs58uWsVoPCrY8qDXnNrP2Hkh2uGsRU3U33GyydZBbzTE/anBH11z7jEm/NkkUXyeDVtX3xrA4rSrxpEsTMqUzsXraCc47c+fwGW6rh/CmjHzswCpXvu6FHKhyx92Ee9UuctdRSLe37Oj/PKJGntoULsD4//5CXGDA747JwPcqm/GtgA8Xpp2GOmEKCiwl91g1m2BcjW8y8kWA4mF//qSkGeARF8pzlYVsDcwVjoPzN6wGKiFZCsbWV3AIXCjql4Kz+OoWAXlOCPQHG9EJ8d1NbG8wiN8plz7Cpww+UAn689gZsL7hCGab+iW/Nr2ksu7guQ2LYH0tuQRHn1AxbPacTmRlJo7RBmuUau1LFBIBgt7NhikjtdbQ23/Yu/nIiEAgPJ5YmtF3rYtFIOiodOfNmKNZy9F9bLVzBN7MB/Hb7MZ1lmGucqet7DPy77Hq/uOYLD1mI5GQHRHH/nxH0Crmcd5Nnm5Xc3XKrm0Lk9jbLCKfKI+fJbh4EjHY462LbynUwQ+F+L7AG5HeoEymRZBlEFtOVhMZuo7R6s8YSSZQLTQrtXwRPHyKeoHMECxvGw/a3yQ73lEmvxUJnLBei+3dUJv4XxfKUsNsrulIHk2iyFGnuIjvCMlp29HkhwSTy4yNR1m11fddFRi6B+v9Jc1gHu70aujYbsGzv32MgCjrfdhbot+E1hFEKSD+A8aFipEaVpDlzhND3rRz3zBe1dsrzERBQS4a4CDdWtZpFpN+NL9+HEOJqqgxhxBL/9x4S17ymFR0aNGem6rOlh23hJQdM7rw6Rhv1wraxtFZqTMk1LmtoojR1Thyu8rrdsGZC+JJs6qcV0NClVbq/KYQ8u8X17wIdpcaqTdxP0EO5KjV84mGIN8N26+kI/Hp4J5tQ3v7AzRFps0OIDjcD1R6BQ07Q8fRET8Iqn3G49Q4Rt/PrCTc/Edvtg+C4f9mi31tbp3E/ege1ETUVfhjy3kWzcU4G11LIQ/Q9H27ciyh6B6hNT7qIs2YgmqtJb6QnOzAew+vHpScRnvQGSCbfixzcF1kulOWmClmgS0StD4kZrnqgHhk0YBs+Dm5EWw4b3BUDspFcqIl/auXGhKh8sNqq4W+KvVUkjF2fe/Kv3kVJAU6wQCd4RaUSIAHeAgaDzg8XB2OACC8wM1p/XrTrkAlh3jEwyOt19x0jyRgJ5pb4JmNPGkXXcg92y3CBI7bTVAajDG/2QBcwUrZVc6vfTpa3r2S8qnItHPD+Ccvqll8rzi1yaW/dAnrrFNvYMOsBbQis0AXB/8Z8Us2Phwdhz3ThKl6atiAfKNbx9FyWv3CsuEh8C1HnaMKoeg3uxIVUAuXHYOA0sV6vt/aUm2leWtgXg+ztNGHSVTIm7HWpbNfoRVNTXtCM4hn7wgD/MoM3SeVHexsjpkwoAi8TvUViTIviQM/aiNSnEfDB7C0kybvHEHl+J6IZ/UBJnoXQXXcIRRsZvCRMfR18JxAoopKxABY9tPQyBDwtNhtbwTdz1niZX/4a7hY8B+ZNdVzjDUYPGXPK8z6y4yAPANiFXuOjsu/VtCr+Insrwp9J0fsQ/RnkGGoSFSxRcUFqwLSPmNITgSNmmMdkdL/ttu8Z8emDTuSFkpRWG0ZHd1S8JejxXBN2vfXlewCy3OZGvWG83m3S79B+MsSbNuM5lmqwQyt6TGqCm3vUZM8CbXPwC2iur2YPLgIsRh11mHbhijKbLizM5mrQU8uKMmQurEPlCCUkXBLDGhsF9nsg1e32ID5Y2YTdtyBptw+gfqni4B7Cg4gD/zUu3SU7ZibcmzC8nJeCNHCrAUBma9cjlSWwzfhGh9Xb3oVgwDyKcwKShQ1G6s2dEeGkh4Wzmxwy/H1MGD3dAUzWFjKanKdx62HrhsISlBa5sL1WRZc5yJTDs3Cb9JU2/ruFICnARmEhchUXSZbWaxLEcSFj92cE+u/xr8kOqtfG+Ol7wYdO5cS4rZrww=&u=U2FsdGVkX18k9v11SHOqQxq6+S2dcXbrLQK4RdawsqEDcwBivxKjbQ3fXROUco9E&y=U2FsdGVkX19eZKaZy3wOBhP+9FieD0x5v6kOa36Ypgj/NSB3vTjy3AGw0BLh/auK HTTP/1.1" 200 26
152.201.215.190 - - [13/Mar/2024:00:08:10 -0500] "GET /kwssiamovil/sm/acme/a?s=U2FsdGVkX1+YqJFDOgo+RH3eavu209hTTsRrR/PMceLtforiubE3vcvmGR6ve15IpB22F4cX4JY0vrC0S4ehRmQ5ObwUzmvZvX5G+whGMxNfMttOb54b7KCkA5mqaFfzjXj2W9eI8dbh/Bc0VPrKt+sZjuP5s6G61+Y2w5PcAWg=&u=U2FsdGVkX18k9v11SHOqQxq6+S2dcXbrLQK4RdawsqEDcwBivxKjbQ3fXROUco9E&y=U2FsdGVkX19eZKaZy3wOBhP+9FieD0x5v6kOa36Ypgj/NSB3vTjy3AGw0BLh/auK HTTP/1.1" 200 26
152.201.215.190 - - [13/Mar/2024:00:08:10 -0500] "GET /kwssiamovil/sm/acme/a?s=U2FsdGVkX1/M5Rr4isxOjzQN7P2ZMzk1sT4OOfj1ZX93TOpyzOiHPKHIHCaQjFOmBtEt2YoCWOxN0Ood17T7LWSCh9HTEtUR8pbBACeDSLCx57FZAOxkbfmw6ujSnlQ051OWVPamtz1X/jHQwvYAksCehk8U/dgRLalGlbYHgOc=&u=U2FsdGVkX18k9v11SHOqQxq6+S2dcXbrLQK4RdawsqEDcwBivxKjbQ3fXROUco9E&y=U2FsdGVkX19eZKaZy3wOBhP+9FieD0x5v6kOa36Ypgj/NSB3vTjy3AGw0BLh/auK HTTP/1.1" 200 26
152.201.215.190 - - [13/Mar/2024:00:08:10 -0500] "GET /kwssiamovil/sm/acme/a?s=U2FsdGVkX1/2kkKslbwL+SIeHxv8N6SNU08l2d3zNBLqYvfqB5yITuTb31F87t9/zrGGSF2FyyzXNPfy91yH6SNRuFACmIFXPTK7RtpFrz55bgnZ+Ffn4osVud0qhyjiX+4Ecp67o//N20t6HL+Gzr0kW+ZKG/zqLAjA5BwD8kA=&u=U2FsdGVkX18k9v11SHOqQxq6+S2dcXbrLQK4RdawsqEDcwBivxKjbQ3fXROUco9E&y=U2FsdGVkX19eZKaZy3wOBhP+9FieD0x5v6kOa36Ypgj/NSB3vTjy3AGw0BLh/auK HTTP/1.1" 200 26
152.201.215.190 - - [13/Mar/2024:00:08:10 -0500] "GET /kwssiamovil/sm/acme/a?s=U2FsdGVkX1+lTmKgiuzZL/mOWbL5QhsOvJtfBMpijmgGuiqxGxD3QTb5QLXcZK/5zmC+q5we+1QeUrRt3V/4DPZ4Mez6lb4MyKPUJ7+wFBp/IhDAQkCvGntxGf5HROmvG2/v5j1pATrTsBI4W5VTz5TrR3+q9qt4j6SEQU9Cku5fObA/lW9R4cYQF5NNGp4qwYgK6e4RW1fWDKHGJiz1XQ==&u=U2FsdGVkX18k9v11SHOqQxq6+S2dcXbrLQK4RdawsqEDcwBivxKjbQ3fXROUco9E&y=U2FsdGVkX19eZKaZy3wOBhP+9FieD0x5v6kOa36Ypgj/NSB3vTjy3AGw0BLh/auK HTTP/1.1" 200 26
201.245.215.107 - - [13/Mar/2024:00:08:09 -0500] "POST /sipse/faces/presentacion/financiero/solicitudProceso/listarSolicitudProceso.xhtml HTTP/1.1" 200 147746
201.245.215.107 - - [13/Mar/2024:00:08:10 -0500] "GET /sipse/faces/javax.faces.resource/theme.css?ln=primefaces-sipse HTTP/1.1" 304 -
201.245.215.107 - - [13/Mar/2024:00:08:10 -0500] "GET /sipse/faces/javax.faces.resource/primefaces.css?ln=primefaces&v=4.0 HTTP/1.1" 304 -
201.245.215.107 - - [13/Mar/2024:00:08:10 -0500] "GET /sipse/faces/javax.faces.resource/layout/layout.css?ln=primefaces&v=4.0 HTTP/1.1" 304 -
201.245.215.107 - - [13/Mar/2024:00:08:10 -0500] "GET /sipse/faces/javax.faces.resource/jquery/jquery.js?ln=primefaces&v=4.0 HTTP/1.1" 304 -
201.245.215.107 - - [13/Mar/2024:00:08:10 -0500] "GET /sipse/faces/javax.faces.resource/jquery/jquery-plugins.js?ln=primefaces&v=4.0 HTTP/1.1" 304 -
201.245.215.107 - - [13/Mar/2024:00:08:11 -0500] "GET /sipse/faces/javax.faces.resource/primefaces.js?ln=primefaces&v=4.0 HTTP/1.1" 304 -
201.245.215.107 - - [13/Mar/2024:00:08:11 -0500] "GET /sipse/faces/javax.faces.resource/layout/layout.js?ln=primefaces&v=4.0 HTTP/1.1" 304 -
201.245.192.253 - - [13/Mar/2024:00:08:28 -0500] "POST /forms/lservlet;jsessionid=ac16012b30d685a1338798bb45e4a50ba3dcf25e0c41.e3iSbxaKaheRe3iNc3uNbNmQay1ynknvrkLOlQzNp65In0 HTTP/1.1" 200 2
172.22.1.61 - - [13/Mar/2024:00:08:17 -0500] "GET /reportes_sipse/sdg/ServletFirma?solicitud=24886 HTTP/1.1" 200 -
172.22.2.4 - - [13/Mar/2024:00:07:03 -0500] "GET /BLA/boletinlegal/ HTTP/1.1" 200 52358
201.245.215.107 - - [13/Mar/2024:00:08:17 -0500] "POST /sipse/faces/presentacion/financiero/solicitudProceso/consultarSolicitudProceso.xhtml HTTP/1.1" 200 33630
201.245.215.107 - - [13/Mar/2024:00:08:45 -0500] "GET /sipse/faces/javax.faces.resource/theme.css?ln=primefaces-sipse HTTP/1.1" 304 -
201.245.215.107 - - [13/Mar/2024:00:08:45 -0500] "GET /sipse/faces/javax.faces.resource/primefaces.css?ln=primefaces&v=4.0 HTTP/1.1" 304 -
201.245.215.107 - - [13/Mar/2024:00:08:45 -0500] "GET /sipse/faces/javax.faces.resource/layout/layout.css?ln=primefaces&v=4.0 HTTP/1.1" 304 -
201.245.215.107 - - [13/Mar/2024:00:08:45 -0500] "GET /sipse/faces/javax.faces.resource/jquery/jquery.js?ln=primefaces&v=4.0 HTTP/1.1" 304 -
201.245.215.107 - - [13/Mar/2024:00:08:45 -0500] "GET /sipse/faces/javax.faces.resource/jquery/jquery-plugins.js?ln=primefaces&v=4.0 HTTP/1.1" 304 -
201.245.215.107 - - [13/Mar/2024:00:08:45 -0500] "GET /sipse/faces/javax.faces.resource/primefaces.js?ln=primefaces&v=4.0 HTTP/1.1" 304 -
201.245.215.107 - - [13/Mar/2024:00:08:45 -0500] "GET /sipse/faces/javax.faces.resource/layout/layout.js?ln=primefaces&v=4.0 HTTP/1.1" 304 -
201.245.215.107 - - [13/Mar/2024:00:08:45 -0500] "POST /sipse/faces/presentacion/financiero/solicitudProceso/listarSolicitudProceso.xhtml HTTP/1.1" 200 1372
201.245.215.107 - - [13/Mar/2024:00:08:50 -0500] "POST /sipse/faces/presentacion/financiero/solicitudProceso/listarSolicitudProceso.xhtml HTTP/1.1" 200 2673
201.245.215.107 - - [13/Mar/2024:00:08:51 -0500] "POST /sipse/faces/presentacion/financiero/solicitudProceso/listarSolicitudProceso.xhtml HTTP/1.1" 200 40839
201.245.215.107 - - [13/Mar/2024:00:08:51 -0500] "GET /sipse/faces/javax.faces.resource/theme.css?ln=primefaces-sipse HTTP/1.1" 304 -
201.245.215.107 - - [13/Mar/2024:00:08:51 -0500] "GET /sipse/faces/javax.faces.resource/layout/layout.css?ln=primefaces&v=4.0 HTTP/1.1" 304 -
201.245.215.107 - - [13/Mar/2024:00:08:51 -0500] "GET /sipse/faces/javax.faces.resource/primefaces.css?ln=primefaces&v=4.0 HTTP/1.1" 304 -
201.245.215.107 - - [13/Mar/2024:00:08:51 -0500] "GET /sipse/faces/javax.faces.resource/jquery/jquery.js?ln=primefaces&v=4.0 HTTP/1.1" 304 -
201.245.215.107 - - [13/Mar/2024:00:08:51 -0500] "GET /sipse/faces/javax.faces.resource/jquery/jquery-plugins.js?ln=primefaces&v=4.0 HTTP/1.1" 304 -
201.245.215.107 - - [13/Mar/2024:00:08:51 -0500] "GET /sipse/faces/javax.faces.resource/primefaces.js?ln=primefaces&v=4.0 HTTP/1.1" 304 -
201.245.215.107 - - [13/Mar/2024:00:08:51 -0500] "GET /sipse/faces/javax.faces.resource/layout/layout.js?ln=primefaces&v=4.0 HTTP/1.1" 304 -
201.245.215.107 - - [13/Mar/2024:00:08:51 -0500] "POST /sipse/faces/presentacion/financiero/solicitudProceso/consultar.xhtml HTTP/1.1" 200 34137
201.245.215.107 - - [13/Mar/2024:00:08:51 -0500] "POST /sipse/faces/presentacion/financiero/solicitudProceso/consultar.xhtml HTTP/1.1" 200 34137
201.245.215.107 - - [13/Mar/2024:00:08:51 -0500] "POST /sipse/faces/presentacion/financiero/solicitudProceso/consultar.xhtml HTTP/1.1" 200 34137
201.245.215.107 - - [13/Mar/2024:00:08:54 -0500] "POST /sipse/faces/presentacion/financiero/solicitudProceso/consultar.xhtml HTTP/1.1" 200 12996
201.245.215.107 - - [13/Mar/2024:00:09:04 -0500] "POST /sipse/faces/presentacion/financiero/solicitudProceso/consultar.xhtml HTTP/1.1" 200 123444
201.245.215.107 - - [13/Mar/2024:00:09:05 -0500] "GET /sipse/faces/javax.faces.resource/theme.css?ln=primefaces-sipse HTTP/1.1" 304 -
201.245.215.107 - - [13/Mar/2024:00:09:05 -0500] "GET /sipse/faces/javax.faces.resource/primefaces.css?ln=primefaces&v=4.0 HTTP/1.1" 304 -
201.245.215.107 - - [13/Mar/2024:00:09:05 -0500] "GET /sipse/faces/javax.faces.resource/layout/layout.css?ln=primefaces&v=4.0 HTTP/1.1" 304 -
201.245.215.107 - - [13/Mar/2024:00:09:05 -0500] "GET /sipse/faces/javax.faces.resource/jquery/jquery.js?ln=primefaces&v=4.0 HTTP/1.1" 304 -
201.245.215.107 - - [13/Mar/2024:00:09:05 -0500] "GET /sipse/faces/javax.faces.resource/jquery/jquery-plugins.js?ln=primefaces&v=4.0 HTTP/1.1" 304 -
201.245.215.107 - - [13/Mar/2024:00:09:05 -0500] "GET /sipse/faces/javax.faces.resource/primefaces.js?ln=primefaces&v=4.0 HTTP/1.1" 304 -
201.245.215.107 - - [13/Mar/2024:00:09:05 -0500] "GET /sipse/faces/javax.faces.resource/layout/layout.js?ln=primefaces&v=4.0 HTTP/1.1" 304 -
201.245.192.253 - - [13/Mar/2024:00:09:42 -0500] "POST /forms/lservlet;jsessionid=ac16012b30d6ffc3935d0d6846ca81ce8caf5a7e0f89.e3iSbxaKaheRe3iNc3uNbNmQay1ynknvrkLOlQzNp65In0 HTTP/1.1" 200 2
172.22.2.4 - - [13/Mar/2024:00:08:08 -0500] "GET /BLA/boletinlegal/index.php HTTP/1.1" 200 43983
172.22.2.4 - - [13/Mar/2024:00:08:09 -0500] "GET /BLA/boletinlegal/ HTTP/1.1" 200 43983
201.245.192.253 - - [13/Mar/2024:00:10:28 -0500] "POST /forms/lservlet;jsessionid=ac16012b30d685a1338798bb45e4a50ba3dcf25e0c41.e3iSbxaKaheRe3iNc3uNbNmQay1ynknvrkLOlQzNp65In0 HTTP/1.1" 200 2
172.22.2.4 - - [13/Mar/2024:00:09:08 -0500] "GET /BLA/boletinlegal/index.php HTTP/1.1" 200 49099
181.32.216.15 - - [13/Mar/2024:00:10:39 -0500] "POST /sipse/faces/presentacion/financiero/solicitudProceso/consultarSolicitudProceso.xhtml HTTP/1.1" 200 21244
181.32.216.15 - - [13/Mar/2024:00:10:39 -0500] "GET /sipse/faces/javax.faces.resource/primefaces.css?ln=primefaces&v=4.0 HTTP/1.1" 304 -
181.32.216.15 - - [13/Mar/2024:00:10:39 -0500] "GET /sipse/faces/javax.faces.resource/theme.css?ln=primefaces-sipse HTTP/1.1" 304 -
181.32.216.15 - - [13/Mar/2024:00:10:39 -0500] "GET /sipse/faces/javax.faces.resource/layout/layout.css?ln=primefaces&v=4.0 HTTP/1.1" 304 -
181.32.216.15 - - [13/Mar/2024:00:10:39 -0500] "GET /sipse/faces/javax.faces.resource/layout/layout.js?ln=primefaces&v=4.0 HTTP/1.1" 304 -
181.32.216.15 - - [13/Mar/2024:00:10:39 -0500] "GET /sipse/faces/javax.faces.resource/jquery/jquery-plugins.js?ln=primefaces&v=4.0 HTTP/1.1" 304 -
181.32.216.15 - - [13/Mar/2024:00:10:39 -0500] "GET /sipse/faces/javax.faces.resource/jquery/jquery.js?ln=primefaces&v=4.0 HTTP/1.1" 304 -
181.32.216.15 - - [13/Mar/2024:00:10:39 -0500] "GET /sipse/faces/javax.faces.resource/fileupload/fileupload.css?ln=primefaces&v=4.0 HTTP/1.1" 304 -
181.32.216.15 - - [13/Mar/2024:00:10:39 -0500] "GET /sipse/faces/javax.faces.resource/primefaces.js?ln=primefaces&v=4.0 HTTP/1.1" 304 -
181.32.216.15 - - [13/Mar/2024:00:10:39 -0500] "GET /sipse/faces/javax.faces.resource/fileupload/fileupload.js?ln=primefaces&v=4.0 HTTP/1.1" 304 -
216.245.221.92 - - [13/Mar/2024:00:10:45 -0500] "HEAD / HTTP/1.1" 200 -
181.32.216.15 - - [13/Mar/2024:00:10:47 -0500] "GET /sipse/faces/javax.faces.resource/theme.css?ln=primefaces-sipse HTTP/1.1" 304 -
181.32.216.15 - - [13/Mar/2024:00:10:47 -0500] "GET /sipse/faces/javax.faces.resource/primefaces.css?ln=primefaces&v=4.0 HTTP/1.1" 304 -
181.32.216.15 - - [13/Mar/2024:00:10:47 -0500] "GET /sipse/faces/javax.faces.resource/jquery/jquery.js?ln=primefaces&v=4.0 HTTP/1.1" 304 -
181.32.216.15 - - [13/Mar/2024:00:10:47 -0500] "GET /sipse/faces/javax.faces.resource/layout/layout.css?ln=primefaces&v=4.0 HTTP/1.1" 304 -
181.32.216.15 - - [13/Mar/2024:00:10:47 -0500] "GET /sipse/faces/javax.faces.resource/jquery/jquery-plugins.js?ln=primefaces&v=4.0 HTTP/1.1" 304 -
181.32.216.15 - - [13/Mar/2024:00:10:47 -0500] "GET /sipse/faces/javax.faces.resource/primefaces.js?ln=primefaces&v=4.0 HTTP/1.1" 304 -
181.32.216.15 - - [13/Mar/2024:00:10:46 -0500] "POST /sipse/faces/presentacion/sistema/anexos/cargarAnexoSolicitudProceso.xhtml HTTP/1.1" 200 170794
181.32.216.15 - - [13/Mar/2024:00:10:47 -0500] "GET /sipse/faces/javax.faces.resource/layout/layout.js?ln=primefaces&v=4.0 HTTP/1.1" 304 -
201.245.192.253 - - [13/Mar/2024:00:11:03 -0500] "POST /kwsrmcab/Wsrmcab  HTTP/1.1" 200 39632
201.245.192.253 - - [13/Mar/2024:00:11:42 -0500] "POST /forms/lservlet;jsessionid=ac16012b30d6ffc3935d0d6846ca81ce8caf5a7e0f89.e3iSbxaKaheRe3iNc3uNbNmQay1ynknvrkLOlQzNp65In0 HTTP/1.1" 200 2
201.245.192.253 - - [13/Mar/2024:00:12:28 -0500] "POST /forms/lservlet;jsessionid=ac16012b30d685a1338798bb45e4a50ba3dcf25e0c41.e3iSbxaKaheRe3iNc3uNbNmQay1ynknvrkLOlQzNp65In0 HTTP/1.1" 200 2
181.32.216.15 - - [13/Mar/2024:00:12:28 -0500] "POST /sipse/faces/presentacion/financiero/solicitudProceso/consultarSolicitudProceso.xhtml HTTP/1.1" 200 37517
181.32.216.15 - - [13/Mar/2024:00:12:31 -0500] "GET /sipse/faces/javax.faces.resource/theme.css?ln=primefaces-sipse HTTP/1.1" 304 -
181.32.216.15 - - [13/Mar/2024:00:12:31 -0500] "GET /sipse/faces/javax.faces.resource/layout/layout.css?ln=primefaces&v=4.0 HTTP/1.1" 304 -
181.32.216.15 - - [13/Mar/2024:00:12:31 -0500] "GET /sipse/faces/javax.faces.resource/primefaces.css?ln=primefaces&v=4.0 HTTP/1.1" 304 -
181.32.216.15 - - [13/Mar/2024:00:12:31 -0500] "GET /sipse/faces/javax.faces.resource/jquery/jquery.js?ln=primefaces&v=4.0 HTTP/1.1" 304 -
181.32.216.15 - - [13/Mar/2024:00:12:31 -0500] "GET /sipse/faces/javax.faces.resource/jquery/jquery-plugins.js?ln=primefaces&v=4.0 HTTP/1.1" 304 -
181.32.216.15 - - [13/Mar/2024:00:12:31 -0500] "GET /sipse/faces/javax.faces.resource/primefaces.js?ln=primefaces&v=4.0 HTTP/1.1" 304 -
181.32.216.15 - - [13/Mar/2024:00:12:31 -0500] "GET /sipse/faces/javax.faces.resource/layout/layout.js?ln=primefaces&v=4.0 HTTP/1.1" 304 -
181.32.216.15 - - [13/Mar/2024:00:12:31 -0500] "POST /sipse/faces/presentacion/financiero/solicitudProceso/listarSolicitudProceso.xhtml HTTP/1.1" 200 1392
181.32.216.15 - - [13/Mar/2024:00:12:55 -0500] "POST /sipse/faces/presentacion/financiero/solicitudProceso/listarSolicitudProceso.xhtml HTTP/1.1" 200 5950
181.32.216.15 - - [13/Mar/2024:00:12:58 -0500] "POST /sipse/faces/presentacion/financiero/solicitudProceso/listarSolicitudProceso.xhtml HTTP/1.1" 200 124898
181.32.216.15 - - [13/Mar/2024:00:12:58 -0500] "GET /sipse/faces/javax.faces.resource/theme.css?ln=primefaces-sipse HTTP/1.1" 304 -
181.32.216.15 - - [13/Mar/2024:00:12:58 -0500] "GET /sipse/faces/javax.faces.resource/layout/layout.css?ln=primefaces&v=4.0 HTTP/1.1" 304 -
181.32.216.15 - - [13/Mar/2024:00:12:58 -0500] "GET /sipse/faces/javax.faces.resource/primefaces.css?ln=primefaces&v=4.0 HTTP/1.1" 304 -
181.32.216.15 - - [13/Mar/2024:00:12:58 -0500] "GET /sipse/faces/javax.faces.resource/jquery/jquery.js?ln=primefaces&v=4.0 HTTP/1.1" 304 -
181.32.216.15 - - [13/Mar/2024:00:12:58 -0500] "GET /sipse/faces/javax.faces.resource/jquery/jquery-plugins.js?ln=primefaces&v=4.0 HTTP/1.1" 304 -
181.32.216.15 - - [13/Mar/2024:00:12:58 -0500] "GET /sipse/faces/javax.faces.resource/primefaces.js?ln=primefaces&v=4.0 HTTP/1.1" 304 -
181.32.216.15 - - [13/Mar/2024:00:12:58 -0500] "GET /sipse/faces/javax.faces.resource/layout/layout.js?ln=primefaces&v=4.0 HTTP/1.1" 304 -
181.32.216.15 - - [13/Mar/2024:00:13:06 -0500] "POST /sipse/faces/presentacion/financiero/solicitudProceso/consultarSolicitudProceso.xhtml HTTP/1.1" 200 27761
181.32.216.15 - - [13/Mar/2024:00:13:07 -0500] "GET /sipse/faces/javax.faces.resource/theme.css?ln=primefaces-sipse HTTP/1.1" 304 -
181.32.216.15 - - [13/Mar/2024:00:13:07 -0500] "GET /sipse/faces/javax.faces.resource/primefaces.css?ln=primefaces&v=4.0 HTTP/1.1" 304 -
181.32.216.15 - - [13/Mar/2024:00:13:07 -0500] "GET /sipse/faces/javax.faces.resource/layout/layout.css?ln=primefaces&v=4.0 HTTP/1.1" 304 -
181.32.216.15 - - [13/Mar/2024:00:13:07 -0500] "GET /sipse/faces/javax.faces.resource/layout/layout.js?ln=primefaces&v=4.0 HTTP/1.1" 304 -
181.32.216.15 - - [13/Mar/2024:00:13:07 -0500] "GET /sipse/faces/javax.faces.resource/jquery/jquery.js?ln=primefaces&v=4.0 HTTP/1.1" 304 -
181.32.216.15 - - [13/Mar/2024:00:13:07 -0500] "GET /sipse/faces/javax.faces.resource/jquery/jquery-plugins.js?ln=primefaces&v=4.0 HTTP/1.1" 304 -
181.32.216.15 - - [13/Mar/2024:00:13:07 -0500] "GET /sipse/faces/javax.faces.resource/primefaces.js?ln=primefaces&v=4.0 HTTP/1.1" 304 -
181.32.216.15 - - [13/Mar/2024:00:13:27 -0500] "POST /sipse/faces/presentacion/financiero/solicitudProceso/consultarHistorialSolProceso.xhtml HTTP/1.1" 200 170932
181.32.216.15 - - [13/Mar/2024:00:13:28 -0500] "GET /sipse/faces/javax.faces.resource/theme.css?ln=primefaces-sipse HTTP/1.1" 304 -
181.32.216.15 - - [13/Mar/2024:00:13:28 -0500] "GET /sipse/faces/javax.faces.resource/primefaces.css?ln=primefaces&v=4.0 HTTP/1.1" 304 -
181.32.216.15 - - [13/Mar/2024:00:13:28 -0500] "GET /sipse/faces/javax.faces.resource/layout/layout.css?ln=primefaces&v=4.0 HTTP/1.1" 304 -
181.32.216.15 - - [13/Mar/2024:00:13:28 -0500] "GET /sipse/faces/javax.faces.resource/jquery/jquery-plugins.js?ln=primefaces&v=4.0 HTTP/1.1" 304 -
181.32.216.15 - - [13/Mar/2024:00:13:28 -0500] "GET /sipse/faces/javax.faces.resource/jquery/jquery.js?ln=primefaces&v=4.0 HTTP/1.1" 304 -
181.32.216.15 - - [13/Mar/2024:00:13:28 -0500] "GET /sipse/faces/javax.faces.resource/primefaces.js?ln=primefaces&v=4.0 HTTP/1.1" 304 -
181.32.216.15 - - [13/Mar/2024:00:13:28 -0500] "GET /sipse/faces/javax.faces.resource/layout/layout.js?ln=primefaces&v=4.0 HTTP/1.1" 304 -
201.245.192.253 - - [13/Mar/2024:00:13:42 -0500] "POST /forms/lservlet;jsessionid=ac16012b30d6ffc3935d0d6846ca81ce8caf5a7e0f89.e3iSbxaKaheRe3iNc3uNbNmQay1ynknvrkLOlQzNp65In0 HTTP/1.1" 200 2
172.22.2.4 - - [13/Mar/2024:00:12:03 -0500] "HEAD /BLA/boletinlegal/ HTTP/1.1" 200 -
201.245.192.253 - - [13/Mar/2024:00:14:28 -0500] "POST /forms/lservlet;jsessionid=ac16012b30d685a1338798bb45e4a50ba3dcf25e0c41.e3iSbxaKaheRe3iNc3uNbNmQay1ynknvrkLOlQzNp65In0 HTTP/1.1" 200 2
172.22.2.4 - - [13/Mar/2024:00:12:53 -0500] "GET /BLA/boletinlegal/ HTTP/1.1" 200 58273
74.125.210.198 - - [13/Mar/2024:00:14:49 -0500] "GET /BLA/resoluciones/AUTOS%202015/0146.pdf HTTP/1.1" 200 597842
201.245.215.107 - - [13/Mar/2024:00:15:20 -0500] "POST /sipse/faces/presentacion/financiero/solicitudProceso/consultarSolicitudProceso.xhtml HTTP/1.1" 200 44068
201.245.215.107 - - [13/Mar/2024:00:15:20 -0500] "GET /sipse/faces/javax.faces.resource/theme.css?ln=primefaces-sipse HTTP/1.1" 304 -
201.245.215.107 - - [13/Mar/2024:00:15:20 -0500] "GET /sipse/faces/javax.faces.resource/primefaces.css?ln=primefaces&v=4.0 HTTP/1.1" 304 -
201.245.215.107 - - [13/Mar/2024:00:15:20 -0500] "GET /sipse/faces/javax.faces.resource/layout/layout.css?ln=primefaces&v=4.0 HTTP/1.1" 304 -
201.245.215.107 - - [13/Mar/2024:00:15:20 -0500] "GET /sipse/faces/javax.faces.resource/jquery/jquery.js?ln=primefaces&v=4.0 HTTP/1.1" 304 -
201.245.215.107 - - [13/Mar/2024:00:15:20 -0500] "GET /sipse/faces/javax.faces.resource/jquery/jquery-plugins.js?ln=primefaces&v=4.0 HTTP/1.1" 304 -
201.245.215.107 - - [13/Mar/2024:00:15:20 -0500] "GET /sipse/faces/javax.faces.resource/primefaces.js?ln=primefaces&v=4.0 HTTP/1.1" 304 -
201.245.215.107 - - [13/Mar/2024:00:15:20 -0500] "GET /sipse/faces/javax.faces.resource/layout/layout.js?ln=primefaces&v=4.0 HTTP/1.1" 304 -
201.245.215.107 - - [13/Mar/2024:00:15:21 -0500] "POST /sipse/faces/presentacion/financiero/solicitudProceso/consultar.xhtml HTTP/1.1" 200 37366
201.245.215.107 - - [13/Mar/2024:00:15:21 -0500] "POST /sipse/faces/presentacion/financiero/solicitudProceso/consultar.xhtml HTTP/1.1" 200 37366
201.245.215.107 - - [13/Mar/2024:00:15:21 -0500] "POST /sipse/faces/presentacion/financiero/solicitudProceso/consultar.xhtml HTTP/1.1" 200 37366
201.245.215.107 - - [13/Mar/2024:00:15:21 -0500] "POST /sipse/faces/presentacion/financiero/solicitudProceso/consultar.xhtml HTTP/1.1" 200 37366
201.245.215.107 - - [13/Mar/2024:00:15:21 -0500] "POST /sipse/faces/presentacion/financiero/solicitudProceso/consultar.xhtml HTTP/1.1" 200 37366
201.245.215.107 - - [13/Mar/2024:00:15:26 -0500] "POST /sipse/faces/presentacion/financiero/solicitudProceso/consultar.xhtml HTTP/1.1" 200 12920
201.245.215.107 - - [13/Mar/2024:00:15:29 -0500] "POST /sipse/faces/presentacion/financiero/solicitudProceso/consultar.xhtml HTTP/1.1" 200 12928
201.245.215.107 - - [13/Mar/2024:00:15:30 -0500] "POST /sipse/faces/presentacion/financiero/solicitudProceso/consultar.xhtml HTTP/1.1" 200 123140
201.245.215.107 - - [13/Mar/2024:00:15:31 -0500] "GET /sipse/faces/javax.faces.resource/theme.css?ln=primefaces-sipse HTTP/1.1" 304 -
201.245.215.107 - - [13/Mar/2024:00:15:31 -0500] "GET /sipse/faces/javax.faces.resource/primefaces.css?ln=primefaces&v=4.0 HTTP/1.1" 304 -
201.245.215.107 - - [13/Mar/2024:00:15:31 -0500] "GET /sipse/faces/javax.faces.resource/layout/layout.css?ln=primefaces&v=4.0 HTTP/1.1" 304 -
201.245.215.107 - - [13/Mar/2024:00:15:31 -0500] "GET /sipse/faces/javax.faces.resource/jquery/jquery.js?ln=primefaces&v=4.0 HTTP/1.1" 304 -
201.245.215.107 - - [13/Mar/2024:00:15:31 -0500] "GET /sipse/faces/javax.faces.resource/jquery/jquery-plugins.js?ln=primefaces&v=4.0 HTTP/1.1" 304 -
201.245.215.107 - - [13/Mar/2024:00:15:31 -0500] "GET /sipse/faces/javax.faces.resource/primefaces.js?ln=primefaces&v=4.0 HTTP/1.1" 304 -
201.245.215.107 - - [13/Mar/2024:00:15:31 -0500] "GET /sipse/faces/javax.faces.resource/layout/layout.js?ln=primefaces&v=4.0 HTTP/1.1" 304 -
201.245.215.107 - - [13/Mar/2024:00:15:40 -0500] "POST /sipse/faces/presentacion/financiero/solicitudProceso/consultarSolicitudProceso.xhtml HTTP/1.1" 200 31647
201.245.215.107 - - [13/Mar/2024:00:15:40 -0500] "GET /sipse/faces/javax.faces.resource/theme.css?ln=primefaces-sipse HTTP/1.1" 304 -
201.245.215.107 - - [13/Mar/2024:00:15:40 -0500] "GET /sipse/faces/javax.faces.resource/layout/layout.css?ln=primefaces&v=4.0 HTTP/1.1" 304 -
201.245.215.107 - - [13/Mar/2024:00:15:40 -0500] "GET /sipse/faces/javax.faces.resource/primefaces.css?ln=primefaces&v=4.0 HTTP/1.1" 304 -
201.245.215.107 - - [13/Mar/2024:00:15:40 -0500] "GET /sipse/faces/javax.faces.resource/jquery/jquery.js?ln=primefaces&v=4.0 HTTP/1.1" 304 -
201.245.215.107 - - [13/Mar/2024:00:15:40 -0500] "GET /sipse/faces/javax.faces.resource/jquery/jquery-plugins.js?ln=primefaces&v=4.0 HTTP/1.1" 304 -
201.245.215.107 - - [13/Mar/2024:00:15:40 -0500] "GET /sipse/faces/javax.faces.resource/primefaces.js?ln=primefaces&v=4.0 HTTP/1.1" 304 -
201.245.215.107 - - [13/Mar/2024:00:15:40 -0500] "GET /sipse/faces/javax.faces.resource/layout/layout.js?ln=primefaces&v=4.0 HTTP/1.1" 304 -
201.245.192.253 - - [13/Mar/2024:00:15:42 -0500] "POST /forms/lservlet;jsessionid=ac16012b30d6ffc3935d0d6846ca81ce8caf5a7e0f89.e3iSbxaKaheRe3iNc3uNbNmQay1ynknvrkLOlQzNp65In0 HTTP/1.1" 200 2
216.245.221.92 - - [13/Mar/2024:00:15:45 -0500] "HEAD / HTTP/1.1" 200 -
201.245.192.253 - - [13/Mar/2024:00:16:01 -0500] "POST /kwsrmcab/Wsrmcab  HTTP/1.1" 200 39632
181.32.216.15 - - [13/Mar/2024:00:16:19 -0500] "POST /sipse/faces/presentacion/financiero/solicitudProceso/consultarSolicitudProceso.xhtml HTTP/1.1" 200 75914
201.245.192.253 - - [13/Mar/2024:00:16:28 -0500] "POST /forms/lservlet;jsessionid=ac16012b30d685a1338798bb45e4a50ba3dcf25e0c41.e3iSbxaKaheRe3iNc3uNbNmQay1ynknvrkLOlQzNp65In0 HTTP/1.1" 200 2
69.171.231.6 - - [13/Mar/2024:00:17:39 -0500] "GET /images/Comprimida%20incendios.jpg HTTP/1.1" 200 23316
201.245.192.253 - - [13/Mar/2024:00:17:42 -0500] "POST /forms/lservlet;jsessionid=ac16012b30d6ffc3935d0d6846ca81ce8caf5a7e0f89.e3iSbxaKaheRe3iNc3uNbNmQay1ynknvrkLOlQzNp65In0 HTTP/1.1" 200 2
201.245.192.253 - - [13/Mar/2024:00:18:28 -0500] "POST /forms/lservlet;jsessionid=ac16012b30d685a1338798bb45e4a50ba3dcf25e0c41.e3iSbxaKaheRe3iNc3uNbNmQay1ynknvrkLOlQzNp65In0 HTTP/1.1" 200 2
172.22.2.4 - - [13/Mar/2024:00:17:53 -0500] "HEAD /BLA/boletinlegal/ HTTP/1.1" 200 -
201.245.192.253 - - [13/Mar/2024:00:19:42 -0500] "POST /forms/lservlet;jsessionid=ac16012b30d6ffc3935d0d6846ca81ce8caf5a7e0f89.e3iSbxaKaheRe3iNc3uNbNmQay1ynknvrkLOlQzNp65In0 HTTP/1.1" 200 2
201.245.192.253 - - [13/Mar/2024:00:19:39 -0500] "POST /kwsrmcab/Wsrmcab HTTP/1.1" 200 37460
201.245.192.253 - - [13/Mar/2024:00:19:48 -0500] "POST /kwsrmcab/Wsrmcab HTTP/1.1" 200 213
216.244.66.195 - - [13/Mar/2024:00:19:54 -0500] "GET /BLA/resoluciones/RESOLUCIONES%201997/1135.pdf HTTP/1.1" 200 123390
216.244.66.195 - - [13/Mar/2024:00:20:01 -0500] "GET /BLA/resoluciones/RESOLUCIONES%202016/1629.pdf HTTP/1.1" 200 530784
201.245.192.253 - - [13/Mar/2024:00:20:05 -0500] "POST /kwsrmcab/Wsrmcab HTTP/1.1" 200 37500
216.244.66.195 - - [13/Mar/2024:00:20:06 -0500] "GET /BLA/resoluciones/RESOLUCIONES%202016/2296.pdf HTTP/1.1" 200 365908
216.244.66.195 - - [13/Mar/2024:00:20:11 -0500] "GET /BLA/resoluciones/RESOLUCIONES%202016/2554.pdf HTTP/1.1" 200 479844
216.244.66.195 - - [13/Mar/2024:00:20:16 -0500] "GET /BLA/resoluciones/RESOLUCIONES%202016/2562.pdf HTTP/1.1" 200 748331
172.22.2.4 - - [13/Mar/2024:00:18:43 -0500] "GET /BLA/boletinlegal/ HTTP/1.1" 200 59967
201.245.192.253 - - [13/Mar/2024:00:20:28 -0500] "POST /forms/lservlet;jsessionid=ac16012b30d685a1338798bb45e4a50ba3dcf25e0c41.e3iSbxaKaheRe3iNc3uNbNmQay1ynknvrkLOlQzNp65In0 HTTP/1.1" 200 2
216.245.221.92 - - [13/Mar/2024:00:20:45 -0500] "HEAD / HTTP/1.1" 200 -
216.244.66.195 - - [13/Mar/2024:00:20:53 -0500] "GET /BLA/resoluciones/RESOLUCIONES%202017/0228.pdf HTTP/1.1" 200 465922
201.245.192.253 - - [13/Mar/2024:00:20:57 -0500] "POST /kwsrmcab/Wsrmcab HTTP/1.1" 200 213
201.245.192.253 - - [13/Mar/2024:00:21:00 -0500] "POST /kwsrmcab/Wsrmcab  HTTP/1.1" 200 39632
216.244.66.195 - - [13/Mar/2024:00:21:24 -0500] "GET /BLA/resoluciones/RESOLUCIONES%202017/0286.pdf HTTP/1.1" 200 379166
201.245.192.253 - - [13/Mar/2024:00:21:42 -0500] "POST /forms/lservlet;jsessionid=ac16012b30d6ffc3935d0d6846ca81ce8caf5a7e0f89.e3iSbxaKaheRe3iNc3uNbNmQay1ynknvrkLOlQzNp65In0 HTTP/1.1" 200 2
216.244.66.195 - - [13/Mar/2024:00:21:54 -0500] "GET /BLA/resoluciones/RESOLUCIONES%202017/0499.pdf HTTP/1.1" 200 367935
216.244.66.195 - - [13/Mar/2024:00:22:22 -0500] "GET /BLA/resoluciones/RESOLUCIONES%202017/0606.pdf HTTP/1.1" 200 575717
201.245.192.253 - - [13/Mar/2024:00:22:28 -0500] "POST /forms/lservlet;jsessionid=ac16012b30d685a1338798bb45e4a50ba3dcf25e0c41.e3iSbxaKaheRe3iNc3uNbNmQay1ynknvrkLOlQzNp65In0 HTTP/1.1" 200 2
216.244.66.195 - - [13/Mar/2024:00:22:50 -0500] "GET /BLA/resoluciones/RESOLUCIONES%202017/0901.pdf HTTP/1.1" 200 785527
74.125.210.199 - - [13/Mar/2024:00:23:00 -0500] "GET /Residuos/lavanderias/files/guia_lavanderias.pdf HTTP/1.1" 200 15421112
216.244.66.195 - - [13/Mar/2024:00:23:17 -0500] "GET /BLA/resoluciones/RESOLUCIONES%202017/1032.pdf HTTP/1.1" 200 792055
66.249.66.21 - - [13/Mar/2024:00:23:35 -0500] "GET /portel_dama/libreria/php/2006/ECOSISTEMAS%20FINAL%20web_mz27/restauracion/sitio/55_artic/xtras/10.pdf HTTP/1.1" 404 1018
201.245.192.253 - - [13/Mar/2024:00:23:42 -0500] "POST /forms/lservlet;jsessionid=ac16012b30d6ffc3935d0d6846ca81ce8caf5a7e0f89.e3iSbxaKaheRe3iNc3uNbNmQay1ynknvrkLOlQzNp65In0 HTTP/1.1" 200 2
216.244.66.195 - - [13/Mar/2024:00:23:43 -0500] "GET /BLA/resoluciones/RESOLUCIONES%202017/1180.pdf HTTP/1.1" 200 350075
216.244.66.195 - - [13/Mar/2024:00:24:07 -0500] "GET /BLA/resoluciones/RESOLUCIONES%202017/1187.pdf HTTP/1.1" 200 562983
201.245.192.253 - - [13/Mar/2024:00:24:28 -0500] "POST /forms/lservlet;jsessionid=ac16012b30d685a1338798bb45e4a50ba3dcf25e0c41.e3iSbxaKaheRe3iNc3uNbNmQay1ynknvrkLOlQzNp65In0 HTTP/1.1" 200 2
216.244.66.195 - - [13/Mar/2024:00:24:31 -0500] "GET /BLA/resoluciones/RESOLUCIONES%202017/1600.pdf HTTP/1.1" 200 599335
152.201.215.190 - - [13/Mar/2024:00:24:33 -0500] "GET /kwssiamovil/sm/acme/a?s=U2FsdGVkX19IKw215M9cG3DXXHTSemiRohGReZin8mkgd+YRm6iZnp7Hh6wt67xytlJp1Q/lFXEn4Q4xa65HxMEKaJwJ3HxkIIzLop33uuVTSX9nD65KTF0r8ZA2RsQ+Hzes9N744sPBCTlZTDxOGlWTQ5S8aFW4PAfCSHBJY6YQTG8wox8pIDKvkGmcr2ncxpzvk0MOnzslFhDr4A6s6FC0y8HFBrHFnCtSG1OsBx6k93g794PiFUXDBV53xwQ9liW6q93+D6AIzEXR9Is79A==&u=U2FsdGVkX18k9v11SHOqQxq6+S2dcXbrLQK4RdawsqEDcwBivxKjbQ3fXROUco9E&y=U2FsdGVkX19eZKaZy3wOBhP+9FieD0x5v6kOa36Ypgj/NSB3vTjy3AGw0BLh/auK HTTP/1.1" 200 26
152.201.215.190 - - [13/Mar/2024:00:24:34 -0500] "GET /kwssiamovil/sm/acme/a?s=U2FsdGVkX1+if0EeT6XnwkUFMUMKwApdEvcGLPl9nZWHeYsUzuGuGlnAC2ObHSnsdEnZjkCwUNMOuN2IK76WHVH+z91h5sfoPEOcIvcFqOulqtqhdFlK0XXOw+MY5mMoFD+6yxdphlcQiPrC1cAVxfkdEQn0EkYWodSwUU6xpN53wbWvF1RKLQHAP6QIe3ZD5ikiDhIcKe8ahNa6Q6J4ndpzlH9QNeWdcSUG0fkaCDK/KwQeOEmcAdhve6S22Nb9ysM3NWeO3j3p/Hc/6g/wyMrK1gYPjXDW2fxgxaBqOaXYgWJ3QLZ1PujBu6WQQ3X4/18U6XQvKYyeOigBc+4nYUPUUM8gXyrd2keVza/vbiSoZPmnYAOi7KwpQxb6MdCHNJLHAWcXY1HIQIA9CN43vAxiHK3QMSH9F/GaZocZ4HzsgnkSrmZDKeMF9/jg2umPXSECwC7lpJUZVB7wCfQpkHV60w1NvcWGQbhHsmNjWh1FmMHvhn3jQ1h+smH/ei0XtS9lPHzQMkjounGzzORd6MiVw9d1MNvnhyJLSDWruCQwmrO+uvgYgdtYHET6xfnzcflWJaN1M6E0Z251s3LzUTQpPT4RXh9BkXq69cnwIywixOKNEBrZwsy+seM+doOISIWO/0RKPZwuBu4XOB50PLJ1d/1nCUHHw4oahx3NiSJecoKil2Y7y6DFALcwke1qot8rBCR8YjIN7+fNCaNcMCkhdt7IZkLJh+fJoiktiQDyXxHQkoXiQ8hblHDUeOo1RU1EkKxuMRVxaB9hQnQtuAE853fLuRY08q2LXKhnrSPQ3OfLHSMKncuR7DN0Qv1X8ke3Gyy7N33w+PHZuVCxR3R0M7VYIkLzFZ/A8J+NYNzfpfEp2QZL6psqvzSTnydFHVQToyBajUce7BwIoswl7vYHAs7Rgl4kFyqwwCiPieCA3BY6ErfrKTBJk1hPT39eGDK6iYY2X64bz/9aZhVNoKRGGYw5a2iFHsd7jH7dYzE8OnOsW1miJZCFitYWWOKTSuV3uH15Lp4cyyTBMpB2dvf0OtJaPqy4WNL3lnrAKIdtv/oe5xNthqOGQT7AP7GYVRcJqP4mjNgspiQwBJm7V5wuicnu5B1wx33hhPM1PpoWQKbPwzWgGc13nqKakFJQ+CkWL2dgV2kzDNHjac49lQ1V0N5EeZb84OGCdNpACPfJcbGHw76mjgvxlbXrDCu4lRTmf1FCc7DTYvprhs8bx0CwfUsCaZakmqUuE+obVsvJxM/BpyrozMfBHNWR5c/sO3GbVaoBVeFfXT/M6i1DStrdcNcP0Eoz/TRdckNNnwe3nBa1cLBATp7/93ZZrdYQgaQRn1RYIZ312eQ1uA+bmTuQodYocU3LeSkESSrKSaVvvb2RY4lNljeCvdB7V4vK6uO0/NZ7C/3j7j9qhtXZ5Hrh5H115Sc4/mYFINmcR07Jwux/AJpYhxdgyRkvI12Rur4U7/ZRYwxQVJN4uZDE3718yJ9ppc6NlD1bxqB09UtMUJCxkFj2J96SD+szWjdpivGGYZ0rb8px3muNUwguQUOWhifqDs8Z6DRv9wUP3gvx1WfST+WXhlHPUnqA+mULU9JeYLFmXQUmjRi5ACNoSl13IOlQ/XSHCWYruhSPsNaf9UXdWyM3z1SW04MvOSXmBxOAC1FeffAvAEbGUHcQyRyskDAmxlwyYMOzPwBJxPwcm8F7KPr3nHjRuuT+ePvwrcUWAdE1HcHCP/Yj5q525t4zqx637eWs441uJET0t1PBbHJfYrQmLoAaURv7hC9dAZioR8KYEnzISORLXrPpx/HHchyInj62F2PiQ0OCpqxIkNu2uYGhLFdhpcgXs802VXsnrYqTLfvnsr08vzRqF5CbQDvXtNU+9cqOxGpzdR+/p8pT0Bs/1zRGCD/mamuPEE+4ikL87YlzIcdy0HN+H0q2lTpVDIXnqMjDxDp295tDkyEbJQug6V+vTtifr+FsKWli2po/lH/CZpuV/U4/PA2C6ku51tg8n/ACNhuzL5usMTZTEh7y9gRlHdX/atrDKHkqIKioLarzYPX8yrRi+wwRej0DZFWdGBeLDWEtItWQVllBkfP4YL6Q0JyKvfGw7cvDSvKnkbg/H7qk3XztXAsl7tZ2ZuM04fdQD1CiNFyeNkCciV+NIleTFGlmPdlsC/WQKMGOa7JfAtbdIBlWZZs8qpe9KvLhVQo/izSCbCfu4HM+/Y8nMRfKq9BdH5vUM8jAPRgwA3DfSvu76B5uNRYgU8k54RS6DGUy9vDoTrWd4lRzEXkw75QJTlkQxPCpTre8Q0gNdz/okOjymiPsgg==&u=U2FsdGVkX18k9v11SHOqQxq6+S2dcXbrLQK4RdawsqEDcwBivxKjbQ3fXROUco9E&y=U2FsdGVkX19eZKaZy3wOBhP+9FieD0x5v6kOa36Ypgj/NSB3vTjy3AGw0BLh/auK HTTP/1.1" 200 26
152.201.215.190 - - [13/Mar/2024:00:24:34 -0500] "GET /kwssiamovil/sm/acme/a?s=U2FsdGVkX1/QoOUja3T6N2bgcxnM34GKLZTTdg13UKdXRgVtHnvTO08bbSOAjQomeEdhkVib0a1fhya/uSHtbNTtkXKQL3xzUdskHjOvIQ1wyRHQ25JY2wxEyriMjaDgYKVnXRvDvENUJK4Go4Ocyf3NFstD1cNK+phmITc3/FY=&u=U2FsdGVkX18k9v11SHOqQxq6+S2dcXbrLQK4RdawsqEDcwBivxKjbQ3fXROUco9E&y=U2FsdGVkX19eZKaZy3wOBhP+9FieD0x5v6kOa36Ypgj/NSB3vTjy3AGw0BLh/auK HTTP/1.1" 200 26
152.201.215.190 - - [13/Mar/2024:00:24:35 -0500] "GET /kwssiamovil/sm/acme/a?s=U2FsdGVkX19fwzOuXiQkNQoWV9Yac7LM3xHQxOhHj1SX/TfGndmLBJ6B+wOgYimndfaH72UQKgmEDBtnOMj63fSbIhHYXqb/wXeK9s31LdE1q2ntgjMQje2wEzfw7n0ktkKqdTS1oDJ4mFm+PDCXoeUEkpqZDeKf2+0OKjanngE=&u=U2FsdGVkX18k9v11SHOqQxq6+S2dcXbrLQK4RdawsqEDcwBivxKjbQ3fXROUco9E&y=U2FsdGVkX19eZKaZy3wOBhP+9FieD0x5v6kOa36Ypgj/NSB3vTjy3AGw0BLh/auK HTTP/1.1" 200 26
152.201.215.190 - - [13/Mar/2024:00:24:35 -0500] "GET /kwssiamovil/sm/acme/a?s=U2FsdGVkX19HDagbW0VuvYyBgJFBPMuMI8qUKIluCSXGKx6cl8Xpr0+cWyxBjy/i8lb4YBvAnsJMcemOZym15pJhVpywkqSBHgyBDUm3JV3h8Qr5xr4HCWbBpGM69ZBH91ujfIho1v+E+31dDRoNNUaVWyCmYJ3/hvtFm8F96hw=&u=U2FsdGVkX18k9v11SHOqQxq6+S2dcXbrLQK4RdawsqEDcwBivxKjbQ3fXROUco9E&y=U2FsdGVkX19eZKaZy3wOBhP+9FieD0x5v6kOa36Ypgj/NSB3vTjy3AGw0BLh/auK HTTP/1.1" 200 26
152.201.215.190 - - [13/Mar/2024:00:24:35 -0500] "GET /kwssiamovil/sm/acme/a?s=U2FsdGVkX18NNn/bgTwAzdCVpPl68qf2ScuaFZtLHrTz79nYB//5kfBK9Efe/WTUiVyJXd+wVePIrx/Mx+uLEdq3TPmBHlVZYK4koB3dBrB0nOgL77RWFNnYqyNUr/IHvnqEfkcrR43G/H1rogc0IKslWN9D9eK1B7TYvpZPDJWwUqC/zos+OPO6MUPCZqJYzuo+AXLECvIZb3XZrgaP8Q==&u=U2FsdGVkX18k9v11SHOqQxq6+S2dcXbrLQK4RdawsqEDcwBivxKjbQ3fXROUco9E&y=U2FsdGVkX19eZKaZy3wOBhP+9FieD0x5v6kOa36Ypgj/NSB3vTjy3AGw0BLh/auK HTTP/1.1" 200 26
216.244.66.195 - - [13/Mar/2024:00:24:54 -0500] "GET /BLA/resoluciones/RESOLUCIONES%202017/1801.pdf HTTP/1.1" 200 610285
216.244.66.195 - - [13/Mar/2024:00:25:15 -0500] "GET /BLA/resoluciones/RESOLUCIONES%202017/1826.pdf HTTP/1.1" 200 628507
172.22.2.4 - - [13/Mar/2024:00:23:42 -0500] "HEAD /BLA/boletinlegal/ HTTP/1.1" 200 -
216.244.66.195 - - [13/Mar/2024:00:25:37 -0500] "GET /BLA/resoluciones/RESOLUCIONES%202017/1854.pdf HTTP/1.1" 200 422548
201.245.192.253 - - [13/Mar/2024:00:25:42 -0500] "POST /forms/lservlet;jsessionid=ac16012b30d6ffc3935d0d6846ca81ce8caf5a7e0f89.e3iSbxaKaheRe3iNc3uNbNmQay1ynknvrkLOlQzNp65In0 HTTP/1.1" 200 2
216.245.221.92 - - [13/Mar/2024:00:25:45 -0500] "HEAD / HTTP/1.1" 200 -
216.244.66.195 - - [13/Mar/2024:00:25:57 -0500] "GET /BLA/resoluciones/RESOLUCIONES%202017/1909.pdf HTTP/1.1" 200 476410
201.245.192.253 - - [13/Mar/2024:00:25:57 -0500] "POST /kwsrmcab/Wsrmcab  HTTP/1.1" 200 39632
66.249.66.19 - - [13/Mar/2024:00:26:06 -0500] "GET /BLA/resoluciones/RESOLUCIONES%202009/6046.pdf HTTP/1.1" 200 491887
172.22.2.4 - - [13/Mar/2024:00:24:33 -0500] "GET /BLA/boletinlegal/ HTTP/1.1" 200 53419
216.244.66.195 - - [13/Mar/2024:00:26:15 -0500] "GET /BLA/resoluciones/RESOLUCIONES%202017/2298.pdf HTTP/1.1" 200 514070
201.245.192.253 - - [13/Mar/2024:00:26:28 -0500] "POST /forms/lservlet;jsessionid=ac16012b30d685a1338798bb45e4a50ba3dcf25e0c41.e3iSbxaKaheRe3iNc3uNbNmQay1ynknvrkLOlQzNp65In0 HTTP/1.1" 200 2
