!C99Shell v. 1.0 pre-release build #13!

Software: Apache. PHP/5.5.15 

uname -a: Windows NT SVR-DMZ 6.1 build 7600 (Windows Server 2008 R2 Enterprise Edition) i586 

SYSTEM 

Safe-mode: OFF (not secure)

E:\nuevo\apache\logs\   drwxrwxrwx
Free 7.33 GB of 239.26 GB (3.07%)
Detected drives: [ a ] [ c ] [ d ] [ e ] [ f ]
Home    Back    Forward    UPDIR    Refresh    Search    Buffer    Encoder    Tools    Proc.    FTP brute    Sec.    SQL    PHP-code    Update    Feedback    Self remove    Logout    


Viewing file:     access.2024.03.15.log (4.54 MB)      -rw-rw-rw-
Select action/file-type:
(+) | (+) | (+) | Code (+) | Session (+) | (+) | SDB (+) | (+) | (+) | (+) | (+) | (+) |
201.245.192.253 - - [15/Mar/2024:00:00:22 -0500] "POST /forms/lservlet;jsessionid=ac16012b30d60c378208792d4757a508e4811830dca4.e3iSbxaKaheRe3iNc3uNbNmQay1ynknvrkLOlQzNp65In0 HTTP/1.1" 200 2
113.198.137.150 - - [15/Mar/2024:00:00:27 -0500] "GET /manager/html HTTP/1.1" 404 1018
201.245.192.253 - - [14/Mar/2024:22:20:30 -0500] "POST /kwsrmcab/Wsrmcab HTTP/1.1" 502 1155
201.245.192.253 - - [14/Mar/2024:22:20:57 -0500] "GET /kwsrmcab/Wsrmcab?wsdl HTTP/1.1" 502 1154
66.249.66.21 - - [15/Mar/2024:00:01:19 -0500] "GET /Publicaciones/2024EE58247.pdf HTTP/1.1" 304 -
172.22.2.4 - - [15/Mar/2024:00:00:42 -0500] "GET /BLA/boletinlegal/ HTTP/1.1" 200 32715
201.245.192.253 - - [15/Mar/2024:00:01:41 -0500] "POST /forms/lservlet;jsessionid=ac16012b30d672fb2ec093aa4748bf0691d1e088fe72.e3iSbxaKaheRe3iNc3uNbNmQay1ynknvrkLOlQzNp65In0 HTTP/1.1" 200 2
201.245.192.253 - - [15/Mar/2024:00:02:22 -0500] "POST /forms/lservlet;jsessionid=ac16012b30d60c378208792d4757a508e4811830dca4.e3iSbxaKaheRe3iNc3uNbNmQay1ynknvrkLOlQzNp65In0 HTTP/1.1" 200 2
66.249.66.21 - - [15/Mar/2024:00:02:58 -0500] "GET /BLA/resoluciones/RESOLUCIONES%202008/1547.pdf HTTP/1.1" 200 240912
216.245.221.92 - - [15/Mar/2024:00:03:38 -0500] "HEAD / HTTP/1.1" 200 -
201.245.192.253 - - [15/Mar/2024:00:03:41 -0500] "POST /forms/lservlet;jsessionid=ac16012b30d672fb2ec093aa4748bf0691d1e088fe72.e3iSbxaKaheRe3iNc3uNbNmQay1ynknvrkLOlQzNp65In0 HTTP/1.1" 200 2
172.22.2.4 - - [15/Mar/2024:00:02:16 -0500] "HEAD /BLA/boletinlegal/ HTTP/1.1" 200 -
201.245.192.253 - - [15/Mar/2024:00:04:22 -0500] "POST /forms/lservlet;jsessionid=ac16012b30d60c378208792d4757a508e4811830dca4.e3iSbxaKaheRe3iNc3uNbNmQay1ynknvrkLOlQzNp65In0 HTTP/1.1" 200 2
201.245.192.253 - - [14/Mar/2024:22:24:37 -0500] "POST /kwsrmcab/Wsrmcab  HTTP/1.1" 502 1155
172.22.2.4 - - [15/Mar/2024:00:03:07 -0500] "GET /BLA/boletinlegal/ HTTP/1.1" 200 53419
186.102.48.162 - - [14/Mar/2024:22:25:00 -0500] "GET /kwssiamovil/sm/acme/a?s=U2FsdGVkX19YXGrb4xnuItnvTVe5dbFD2OgeqnOmh/Qr4/cDJchmMEqwirRi0Ld1vqvwzcfWZDkcuCiAsTjN82B+zPu64ZZvxN3v8vVguPLnPls2gLIvf2occafyt4ioCB2v5ORuxGHT7s67D3EWwMFx1mb7GSM0G2Y9xwt4Ox4WK9xXmooyWgldloXZnEQOIM3iO3lJ7uKRzjxL7TWeNvs2IqLWlRUsA0UOot0LkVvs2qi+pcCCPg6IkXSWFgG/wgt4mQGjTeLnotOwiNKuRQ==&u=U2FsdGVkX18i8V+EFAK+n54ms3Uo0zd/t+2gSifje6Q=&y=U2FsdGVkX19gcSSQHyCOjUmKWOJrChw4kPhvY6WPJRHKRssRAtHj6x0szZ6FDNuw HTTP/1.1" 502 1342
201.245.192.253 - - [15/Mar/2024:00:05:41 -0500] "POST /forms/lservlet;jsessionid=ac16012b30d672fb2ec093aa4748bf0691d1e088fe72.e3iSbxaKaheRe3iNc3uNbNmQay1ynknvrkLOlQzNp65In0 HTTP/1.1" 200 2
201.245.192.253 - - [15/Mar/2024:00:06:22 -0500] "POST /forms/lservlet;jsessionid=ac16012b30d60c378208792d4757a508e4811830dca4.e3iSbxaKaheRe3iNc3uNbNmQay1ynknvrkLOlQzNp65In0 HTTP/1.1" 200 2
201.245.192.253 - - [15/Mar/2024:00:07:41 -0500] "POST /forms/lservlet;jsessionid=ac16012b30d672fb2ec093aa4748bf0691d1e088fe72.e3iSbxaKaheRe3iNc3uNbNmQay1ynknvrkLOlQzNp65In0 HTTP/1.1" 200 2
201.245.192.253 - - [15/Mar/2024:00:08:22 -0500] "POST /forms/lservlet;jsessionid=ac16012b30d60c378208792d4757a508e4811830dca4.e3iSbxaKaheRe3iNc3uNbNmQay1ynknvrkLOlQzNp65In0 HTTP/1.1" 200 2
66.249.66.39 - - [15/Mar/2024:00:08:32 -0500] "GET /con-plantacion-de-arboles-sigue-la-consolidacion-de-los-conectores-ecosistemicos-en-bogota.html HTTP/1.1" 304 -
216.245.221.92 - - [15/Mar/2024:00:08:38 -0500] "HEAD / HTTP/1.1" 200 -
201.245.192.253 - - [14/Mar/2024:22:29:29 -0500] "POST /kwsrmcab/Wsrmcab HTTP/1.1" 502 1155
201.245.192.253 - - [14/Mar/2024:22:29:35 -0500] "POST /kwsrmcab/Wsrmcab  HTTP/1.1" 502 1155
201.245.192.253 - - [15/Mar/2024:00:09:41 -0500] "POST /forms/lservlet;jsessionid=ac16012b30d672fb2ec093aa4748bf0691d1e088fe72.e3iSbxaKaheRe3iNc3uNbNmQay1ynknvrkLOlQzNp65In0 HTTP/1.1" 200 2
172.22.2.4 - - [15/Mar/2024:00:08:07 -0500] "HEAD /BLA/boletinlegal/ HTTP/1.1" 200 -
201.245.192.253 - - [14/Mar/2024:22:29:56 -0500] "GET /kwsrmcab/Wsrmcab?wsdl HTTP/1.1" 502 1154
201.245.192.253 - - [15/Mar/2024:00:10:22 -0500] "POST /forms/lservlet;jsessionid=ac16012b30d60c378208792d4757a508e4811830dca4.e3iSbxaKaheRe3iNc3uNbNmQay1ynknvrkLOlQzNp65In0 HTTP/1.1" 200 2
201.245.192.253 - - [14/Mar/2024:22:30:29 -0500] "POST /kwsrmcab/Wsrmcab HTTP/1.1" 502 1155
172.22.2.4 - - [15/Mar/2024:00:08:57 -0500] "GET /BLA/boletinlegal/ HTTP/1.1" 200 51986
172.22.2.4 - - [15/Mar/2024:00:10:58 -0500] "GET /BLA/boletinlegal/consulta_actos.php?tipo=resoluciones&no=1676&usuario=&sector=&fecha=2023&resuelve= HTTP/1.1" 200 1118
201.245.192.253 - - [15/Mar/2024:00:11:41 -0500] "POST /forms/lservlet;jsessionid=ac16012b30d672fb2ec093aa4748bf0691d1e088fe72.e3iSbxaKaheRe3iNc3uNbNmQay1ynknvrkLOlQzNp65In0 HTTP/1.1" 200 2
172.22.2.4 - - [15/Mar/2024:00:10:04 -0500] "HEAD /BLA/boletinlegal/ HTTP/1.1" 200 -
66.249.66.20 - - [15/Mar/2024:00:11:56 -0500] "GET /BLA/resoluciones/Notificaciones/REGISTROS%202016/1856.pdf HTTP/1.1" 200 476499
201.245.192.253 - - [14/Mar/2024:22:31:57 -0500] "GET /kwsrmcab/Wsrmcab?wsdl HTTP/1.1" 502 1154
172.22.2.4 - - [15/Mar/2024:00:12:05 -0500] "GET /BLA/boletinlegal/actuator/env HTTP/1.1" 404 1018
172.22.2.4 - - [15/Mar/2024:00:10:41 -0500] "GET /BLA/boletinlegal/ HTTP/1.1" 200 51986
201.245.192.253 - - [15/Mar/2024:00:12:23 -0500] "POST /forms/lservlet;jsessionid=ac16012b30d60c378208792d4757a508e4811830dca4.e3iSbxaKaheRe3iNc3uNbNmQay1ynknvrkLOlQzNp65In0 HTTP/1.1" 200 2
59.178.232.142 - - [15/Mar/2024:00:12:38 -0500] "GET / HTTP/1.1" 200 319
216.245.221.92 - - [15/Mar/2024:00:13:38 -0500] "HEAD / HTTP/1.1" 200 -
201.245.192.253 - - [15/Mar/2024:00:13:41 -0500] "POST /forms/lservlet;jsessionid=ac16012b30d672fb2ec093aa4748bf0691d1e088fe72.e3iSbxaKaheRe3iNc3uNbNmQay1ynknvrkLOlQzNp65In0 HTTP/1.1" 200 2
201.245.192.253 - - [15/Mar/2024:00:14:22 -0500] "POST /forms/lservlet;jsessionid=ac16012b30d60c378208792d4757a508e4811830dca4.e3iSbxaKaheRe3iNc3uNbNmQay1ynknvrkLOlQzNp65In0 HTTP/1.1" 200 2
201.245.192.253 - - [14/Mar/2024:22:34:33 -0500] "POST /kwsrmcab/Wsrmcab  HTTP/1.1" 502 1155
172.22.2.4 - - [15/Mar/2024:00:13:57 -0500] "HEAD /BLA/boletinlegal/ HTTP/1.1" 200 -
201.245.192.253 - - [15/Mar/2024:00:15:41 -0500] "POST /forms/lservlet;jsessionid=ac16012b30d672fb2ec093aa4748bf0691d1e088fe72.e3iSbxaKaheRe3iNc3uNbNmQay1ynknvrkLOlQzNp65In0 HTTP/1.1" 200 2
172.22.2.4 - - [15/Mar/2024:00:15:45 -0500] "GET /BLA/boletinlegal/robots.txt HTTP/1.1" 404 1038
172.22.2.4 - - [15/Mar/2024:00:15:47 -0500] "GET /BLA/boletinlegal/actos.php HTTP/1.1" 200 9738
172.22.2.4 - - [15/Mar/2024:00:15:48 -0500] "GET /BLA/boletinlegal/js/jquery1.js HTTP/1.1" 200 29846
172.22.2.4 - - [15/Mar/2024:00:15:49 -0500] "GET /BLA/boletinlegal/js/lib.js HTTP/1.1" 200 6474
172.22.2.4 - - [15/Mar/2024:00:15:49 -0500] "GET /BLA/boletinlegal/js/popup.js HTTP/1.1" 200 1270
172.22.2.4 - - [15/Mar/2024:00:15:49 -0500] "GET /BLA/boletinlegal/js/ajax_actos.js HTTP/1.1" 200 1322
186.102.110.68 - - [14/Mar/2024:22:35:54 -0500] "GET /kwssiamovil/sm/ldap/au?x=U2FsdGVkX18O/Djccku0HNit6w6W7GPfWkuBdWFj1ryHagNsYLwzVC5f0xWQg3TF&y=U2FsdGVkX1/wDThuoHe+s9leSQNw8bGmbFOHiwnG+4k= HTTP/1.1" 502 1344
186.102.110.68 - - [14/Mar/2024:22:35:55 -0500] "GET /kwssiamovil/sm/ldap/au?x=U2FsdGVkX1/HdLXTSYniUyJn9dGnxd0+jPB8OpuIqV41JWycC3n6e9HAUQezMUiZ&y=U2FsdGVkX198EyJC6SOJZnhmimtaLRZwMXEYjclEN78= HTTP/1.1" 502 1344
186.102.110.68 - - [14/Mar/2024:22:35:55 -0500] "GET /kwssiamovil/sm/ldap/au?x=U2FsdGVkX1/TMwXBuuyggsP4iPJ/m7zaM/hTWJF/LlPLllcJU5iXTnhYQ1psK1fW&y=U2FsdGVkX1/VlEgY1xpbxN9uxaxzVJJyeaaki3aZzoM= HTTP/1.1" 502 1344
186.102.110.68 - - [14/Mar/2024:22:35:55 -0500] "GET /kwssiamovil/sm/ldap/au?x=U2FsdGVkX19EeMN++7k9HW8DOWVQVdvBiijo9UojryIjTI7m/TGy+fs383hSCU8s&y=U2FsdGVkX18QlZyfsXEyaxeR5mfX8C59b2g0Cabe7xk= HTTP/1.1" 502 1344
186.102.110.68 - - [14/Mar/2024:22:35:56 -0500] "GET /kwssiamovil/sm/ldap/au?x=U2FsdGVkX1/3fkvNWjzWCe9tYEgix+PKZI10c8XxvxCedWc8sTF5do3BOhor7l1n&y=U2FsdGVkX1+Ao7uIVCFa5OGoRX+Fk/3Z07L8484Bl/g= HTTP/1.1" 502 1344
201.245.192.253 - - [15/Mar/2024:00:16:22 -0500] "POST /forms/lservlet;jsessionid=ac16012b30d60c378208792d4757a508e4811830dca4.e3iSbxaKaheRe3iNc3uNbNmQay1ynknvrkLOlQzNp65In0 HTTP/1.1" 200 2
172.22.2.4 - - [15/Mar/2024:00:16:26 -0500] "GET /BLA/boletinlegal/robots.txt HTTP/1.1" 404 1038
172.22.2.4 - - [15/Mar/2024:00:14:47 -0500] "GET /BLA/boletinlegal/ HTTP/1.1" 200 58273
69.171.249.117 - - [15/Mar/2024:00:17:21 -0500] "GET /images/pieza-arbolado-jbb-15-dic.jpg HTTP/1.1" 200 210305
201.245.192.253 - - [15/Mar/2024:00:17:41 -0500] "POST /forms/lservlet;jsessionid=ac16012b30d672fb2ec093aa4748bf0691d1e088fe72.e3iSbxaKaheRe3iNc3uNbNmQay1ynknvrkLOlQzNp65In0 HTTP/1.1" 200 2
201.245.192.253 - - [15/Mar/2024:00:18:23 -0500] "POST /forms/lservlet;jsessionid=ac16012b30d60c378208792d4757a508e4811830dca4.e3iSbxaKaheRe3iNc3uNbNmQay1ynknvrkLOlQzNp65In0 HTTP/1.1" 200 2
216.245.221.92 - - [15/Mar/2024:00:18:38 -0500] "HEAD / HTTP/1.1" 200 -
52.167.144.138 - - [15/Mar/2024:00:19:05 -0500] "GET /portaldeninos/wp-content/uploads/2020/11/Juan-Amarillo-B-768x432.jpg HTTP/1.1" 200 62229
66.249.66.19 - - [15/Mar/2024:00:19:27 -0500] "GET /BLA/resoluciones/RESOLUCIONES%202009/7957.pdf HTTP/1.1" 200 122192
201.245.192.253 - - [14/Mar/2024:22:39:30 -0500] "POST /kwsrmcab/Wsrmcab HTTP/1.1" 502 1155
201.245.192.253 - - [14/Mar/2024:22:39:32 -0500] "POST /kwsrmcab/Wsrmcab  HTTP/1.1" 502 1155
201.245.192.253 - - [15/Mar/2024:00:19:41 -0500] "POST /forms/lservlet;jsessionid=ac16012b30d672fb2ec093aa4748bf0691d1e088fe72.e3iSbxaKaheRe3iNc3uNbNmQay1ynknvrkLOlQzNp65In0 HTTP/1.1" 200 2
201.245.192.253 - - [14/Mar/2024:22:39:57 -0500] "GET /kwsrmcab/Wsrmcab?wsdl HTTP/1.1" 502 1154
201.245.192.253 - - [15/Mar/2024:00:20:23 -0500] "POST /forms/lservlet;jsessionid=ac16012b30d60c378208792d4757a508e4811830dca4.e3iSbxaKaheRe3iNc3uNbNmQay1ynknvrkLOlQzNp65In0 HTTP/1.1" 200 2
201.245.192.253 - - [14/Mar/2024:22:40:30 -0500] "GET /kwsrmcab/Wsrmcab?wsdl HTTP/1.1" 502 1154
66.249.66.20 - - [15/Mar/2024:00:21:02 -0500] "GET /Publicaciones/2024EE04158.pdf HTTP/1.1" 404 227
172.22.2.4 - - [15/Mar/2024:00:19:47 -0500] "HEAD /BLA/boletinlegal/ HTTP/1.1" 200 -
201.245.192.253 - - [15/Mar/2024:00:21:41 -0500] "POST /forms/lservlet;jsessionid=ac16012b30d672fb2ec093aa4748bf0691d1e088fe72.e3iSbxaKaheRe3iNc3uNbNmQay1ynknvrkLOlQzNp65In0 HTTP/1.1" 200 2
201.245.192.253 - - [14/Mar/2024:22:41:57 -0500] "GET /kwsrmcab/Wsrmcab?wsdl HTTP/1.1" 502 1154
172.22.2.4 - - [15/Mar/2024:00:20:37 -0500] "GET /BLA/boletinlegal/ HTTP/1.1" 200 53818
201.245.192.253 - - [15/Mar/2024:00:22:23 -0500] "POST /forms/lservlet;jsessionid=ac16012b30d60c378208792d4757a508e4811830dca4.e3iSbxaKaheRe3iNc3uNbNmQay1ynknvrkLOlQzNp65In0 HTTP/1.1" 200 2
216.245.221.92 - - [15/Mar/2024:00:23:38 -0500] "HEAD / HTTP/1.1" 200 -
201.245.192.253 - - [15/Mar/2024:00:23:41 -0500] "POST /forms/lservlet;jsessionid=ac16012b30d672fb2ec093aa4748bf0691d1e088fe72.e3iSbxaKaheRe3iNc3uNbNmQay1ynknvrkLOlQzNp65In0 HTTP/1.1" 200 2
40.77.167.10 - - [15/Mar/2024:00:23:50 -0500] "GET /BLA/resoluciones/AUTOS%202014/6374.pdf HTTP/1.1" 304 -
47.128.54.81 - - [15/Mar/2024:00:23:55 -0500] "GET /BLA/resoluciones/AUTOS%202021/0245.php?act=f&d=E%3A%5Cnuevo%5Chtdocs%5CBLA%5Cresoluciones%5CAUTOS+2021&f=4044.pdf&ft=edit HTTP/1.1" 200 3105
47.128.54.81 - - [15/Mar/2024:00:23:56 -0500] "GET /BLA/resoluciones/AUTOS%202021/0245.php?act=img&img=ext_gif HTTP/1.1" 200 175
47.128.54.81 - - [15/Mar/2024:00:23:56 -0500] "GET /BLA/resoluciones/AUTOS%202021/0245.php?act=img&img=ext_pdf HTTP/1.1" 200 1034
47.128.54.81 - - [15/Mar/2024:00:23:56 -0500] "GET /BLA/resoluciones/AUTOS%202021/0245.php?act=img&img=change HTTP/1.1" 200 290
47.128.54.81 - - [15/Mar/2024:00:23:56 -0500] "GET /BLA/resoluciones/AUTOS%202021/0245.php?act=img&img=ext_exe HTTP/1.1" 200 118
47.128.54.81 - - [15/Mar/2024:00:23:56 -0500] "GET /BLA/resoluciones/AUTOS%202021/0245.php?act=img&img=ext_txt HTTP/1.1" 200 132
47.128.54.81 - - [15/Mar/2024:00:23:56 -0500] "GET /BLA/resoluciones/AUTOS%202021/0245.php?act=img&img=ext_diz HTTP/1.1" 200 1027
47.128.54.81 - - [15/Mar/2024:00:23:57 -0500] "GET /BLA/resoluciones/AUTOS%202021/0245.php?act=img&img=download HTTP/1.1" 200 161
47.128.54.81 - - [15/Mar/2024:00:23:57 -0500] "GET /BLA/resoluciones/AUTOS%202021/0245.php?act=img&img=ext_rtf HTTP/1.1" 200 164
47.128.54.81 - - [15/Mar/2024:00:23:57 -0500] "GET /BLA/resoluciones/AUTOS%202021/0245.php?act=img&img=ext_html HTTP/1.1" 200 230
47.128.54.81 - - [15/Mar/2024:00:23:57 -0500] "GET /BLA/resoluciones/AUTOS%202021/0245.php?act=img&img=ext_ini HTTP/1.1" 200 134
47.128.120.7 - - [15/Mar/2024:00:24:19 -0500] "GET /BLA/resoluciones/AUTOS%202021/0245.php?act=f&d=E%3A%5Cnuevo%5Chtdocs%5CBLA%5Cresoluciones%5CAUTOS+2021&f=1592.pdf&ft=download HTTP/1.1" 200 978599
201.245.192.253 - - [15/Mar/2024:00:24:23 -0500] "POST /forms/lservlet;jsessionid=ac16012b30d60c378208792d4757a508e4811830dca4.e3iSbxaKaheRe3iNc3uNbNmQay1ynknvrkLOlQzNp65In0 HTTP/1.1" 200 2
201.245.192.253 - - [14/Mar/2024:22:44:31 -0500] "POST /kwsrmcab/Wsrmcab  HTTP/1.1" 502 1155
47.128.37.154 - - [15/Mar/2024:00:25:21 -0500] "GET /BLA/resoluciones/AUTOS%202021/0245.php?act=f&d=E%3A%5Cnuevo%5Chtdocs%5CBLA%5Cresoluciones%5CAUTOS+2021&f=4092.pdf HTTP/1.1" 200 3034
47.128.37.154 - - [15/Mar/2024:00:25:22 -0500] "GET /BLA/resoluciones/AUTOS%202021/0245.php?act=img&img=ext_exe HTTP/1.1" 200 118
47.128.37.154 - - [15/Mar/2024:00:25:22 -0500] "GET /BLA/resoluciones/AUTOS%202021/0245.php?act=img&img=ext_txt HTTP/1.1" 200 132
47.128.37.154 - - [15/Mar/2024:00:25:22 -0500] "GET /BLA/resoluciones/AUTOS%202021/0245.php?act=img&img=ext_diz HTTP/1.1" 200 1027
47.128.37.154 - - [15/Mar/2024:00:25:22 -0500] "GET /BLA/resoluciones/AUTOS%202021/0245.php?act=img&img=ext_gif HTTP/1.1" 200 175
47.128.37.154 - - [15/Mar/2024:00:25:22 -0500] "GET /BLA/resoluciones/AUTOS%202021/0245.php?act=img&img=ext_pdf HTTP/1.1" 200 1034
47.128.37.154 - - [15/Mar/2024:00:25:22 -0500] "GET /BLA/resoluciones/AUTOS%202021/0245.php?act=img&img=ext_html HTTP/1.1" 200 230
47.128.37.154 - - [15/Mar/2024:00:25:22 -0500] "GET /BLA/resoluciones/AUTOS%202021/0245.php?act=img&img=download HTTP/1.1" 200 161
47.128.37.154 - - [15/Mar/2024:00:25:22 -0500] "GET /BLA/resoluciones/AUTOS%202021/0245.php?act=img&img=ext_rtf HTTP/1.1" 200 164
47.128.37.154 - - [15/Mar/2024:00:25:22 -0500] "GET /BLA/resoluciones/AUTOS%202021/0245.php?act=img&img=ext_ini HTTP/1.1" 200 134
47.128.37.154 - - [15/Mar/2024:00:25:22 -0500] "GET /BLA/resoluciones/AUTOS%202021/0245.php?act=img&img=change HTTP/1.1" 200 290
201.245.192.253 - - [15/Mar/2024:00:25:41 -0500] "POST /forms/lservlet;jsessionid=ac16012b30d672fb2ec093aa4748bf0691d1e088fe72.e3iSbxaKaheRe3iNc3uNbNmQay1ynknvrkLOlQzNp65In0 HTTP/1.1" 200 2
47.128.29.228 - - [15/Mar/2024:00:25:44 -0500] "GET /BLA/resoluciones/AUTOS%202021/0245.php?act=chmod&d=E%3A%5Cnuevo%5Chtdocs%5CBLA%5Cresoluciones%5CAUTOS+2021&f=0480.pdf HTTP/1.1" 200 2902
47.128.114.13 - - [15/Mar/2024:00:26:08 -0500] "GET /BLA/resoluciones/AUTOS%202021/0245.php?act=f&d=E%3A%5Cnuevo%5Chtdocs%5CBLA%5Cresoluciones%5CAUTOS+2021&f=1446.pdf HTTP/1.1" 200 3035
47.128.114.13 - - [15/Mar/2024:00:26:09 -0500] "GET /BLA/resoluciones/AUTOS%202021/0245.php?act=img&img=ext_html HTTP/1.1" 200 230
47.128.114.13 - - [15/Mar/2024:00:26:09 -0500] "GET /BLA/resoluciones/AUTOS%202021/0245.php?act=img&img=ext_diz HTTP/1.1" 200 1027
47.128.114.13 - - [15/Mar/2024:00:26:09 -0500] "GET /BLA/resoluciones/AUTOS%202021/0245.php?act=img&img=ext_exe HTTP/1.1" 200 118
47.128.114.13 - - [15/Mar/2024:00:26:09 -0500] "GET /BLA/resoluciones/AUTOS%202021/0245.php?act=img&img=ext_pdf HTTP/1.1" 200 1034
47.128.114.13 - - [15/Mar/2024:00:26:09 -0500] "GET /BLA/resoluciones/AUTOS%202021/0245.php?act=img&img=ext_gif HTTP/1.1" 200 175
47.128.114.13 - - [15/Mar/2024:00:26:09 -0500] "GET /BLA/resoluciones/AUTOS%202021/0245.php?act=img&img=ext_txt HTTP/1.1" 200 132
47.128.114.13 - - [15/Mar/2024:00:26:10 -0500] "GET /BLA/resoluciones/AUTOS%202021/0245.php?act=img&img=download HTTP/1.1" 200 161
47.128.114.13 - - [15/Mar/2024:00:26:10 -0500] "GET /BLA/resoluciones/AUTOS%202021/0245.php?act=img&img=ext_rtf HTTP/1.1" 200 164
47.128.114.13 - - [15/Mar/2024:00:26:10 -0500] "GET /BLA/resoluciones/AUTOS%202021/0245.php?act=img&img=change HTTP/1.1" 200 290
47.128.114.13 - - [15/Mar/2024:00:26:10 -0500] "GET /BLA/resoluciones/AUTOS%202021/0245.php?act=img&img=ext_ini HTTP/1.1" 200 134
201.245.192.253 - - [15/Mar/2024:00:26:23 -0500] "POST /forms/lservlet;jsessionid=ac16012b30d60c378208792d4757a508e4811830dca4.e3iSbxaKaheRe3iNc3uNbNmQay1ynknvrkLOlQzNp65In0 HTTP/1.1" 200 2
47.128.27.76 - - [15/Mar/2024:00:26:33 -0500] "GET /BLA/resoluciones/AUTOS%202021/0245.php?act=chmod&d=E%3A%5Cnuevo%5Chtdocs%5CBLA%5Cresoluciones%5CAUTOS+2021&f=6377.pdf HTTP/1.1" 200 2902
47.128.32.46 - - [15/Mar/2024:00:26:56 -0500] "GET /BLA/resoluciones/AUTOS%202021/0245.php?act=chmod&d=E%3A%5Cnuevo%5Chtdocs%5CBLA%5Cresoluciones%5CAUTOS+2021&f=4442.pdf HTTP/1.1" 200 2902
172.22.2.4 - - [15/Mar/2024:00:25:36 -0500] "HEAD /BLA/boletinlegal/ HTTP/1.1" 200 -
47.128.59.242 - - [15/Mar/2024:00:27:23 -0500] "GET /BLA/resoluciones/AUTOS%202021/0245.php?act=f&d=E%3A%5Cnuevo%5Chtdocs%5CBLA%5Cresoluciones%5CAUTOS+2021&f=1845.pdf HTTP/1.1" 200 3035
47.128.59.242 - - [15/Mar/2024:00:27:24 -0500] "GET /BLA/resoluciones/AUTOS%202021/0245.php?act=img&img=ext_gif HTTP/1.1" 200 175
47.128.59.242 - - [15/Mar/2024:00:27:24 -0500] "GET /BLA/resoluciones/AUTOS%202021/0245.php?act=img&img=ext_diz HTTP/1.1" 200 1027
47.128.59.242 - - [15/Mar/2024:00:27:24 -0500] "GET /BLA/resoluciones/AUTOS%202021/0245.php?act=img&img=ext_exe HTTP/1.1" 200 118
47.128.59.242 - - [15/Mar/2024:00:27:24 -0500] "GET /BLA/resoluciones/AUTOS%202021/0245.php?act=img&img=ext_txt HTTP/1.1" 200 132
47.128.59.242 - - [15/Mar/2024:00:27:24 -0500] "GET /BLA/resoluciones/AUTOS%202021/0245.php?act=img&img=ext_pdf HTTP/1.1" 200 1034
47.128.59.242 - - [15/Mar/2024:00:27:24 -0500] "GET /BLA/resoluciones/AUTOS%202021/0245.php?act=img&img=ext_html HTTP/1.1" 200 230
47.128.59.242 - - [15/Mar/2024:00:27:24 -0500] "GET /BLA/resoluciones/AUTOS%202021/0245.php?act=img&img=ext_rtf HTTP/1.1" 200 164
47.128.59.242 - - [15/Mar/2024:00:27:24 -0500] "GET /BLA/resoluciones/AUTOS%202021/0245.php?act=img&img=download HTTP/1.1" 200 161
47.128.59.242 - - [15/Mar/2024:00:27:24 -0500] "GET /BLA/resoluciones/AUTOS%202021/0245.php?act=img&img=change HTTP/1.1" 200 290
47.128.59.242 - - [15/Mar/2024:00:27:24 -0500] "GET /BLA/resoluciones/AUTOS%202021/0245.php?act=img&img=ext_ini HTTP/1.1" 200 134
201.245.192.253 - - [15/Mar/2024:00:27:41 -0500] "POST /forms/lservlet;jsessionid=ac16012b30d672fb2ec093aa4748bf0691d1e088fe72.e3iSbxaKaheRe3iNc3uNbNmQay1ynknvrkLOlQzNp65In0 HTTP/1.1" 200 2
172.22.2.4 - - [15/Mar/2024:00:26:27 -0500] "GET /BLA/boletinlegal/ HTTP/1.1" 200 60380
201.245.192.253 - - [15/Mar/2024:00:28:23 -0500] "POST /forms/lservlet;jsessionid=ac16012b30d60c378208792d4757a508e4811830dca4.e3iSbxaKaheRe3iNc3uNbNmQay1ynknvrkLOlQzNp65In0 HTTP/1.1" 200 2
216.245.221.92 - - [15/Mar/2024:00:28:38 -0500] "HEAD / HTTP/1.1" 200 -
172.22.2.4 - - [15/Mar/2024:00:28:17 -0500] "GET /BLA/boletinlegal/ HTTP/1.1" 200 36811
152.61.128.50 - - [15/Mar/2024:00:29:14 -0500] "GET / HTTP/1.1" 200 319
52.167.144.230 - - [15/Mar/2024:00:29:25 -0500] "GET /BLA/resoluciones/AUTOS%202021/1215.pdf HTTP/1.1" 304 -
201.245.192.253 - - [14/Mar/2024:22:49:29 -0500] "POST /kwsrmcab/Wsrmcab  HTTP/1.1" 502 1155
201.245.192.253 - - [15/Mar/2024:00:29:41 -0500] "POST /forms/lservlet;jsessionid=ac16012b30d672fb2ec093aa4748bf0691d1e088fe72.e3iSbxaKaheRe3iNc3uNbNmQay1ynknvrkLOlQzNp65In0 HTTP/1.1" 200 2
201.245.192.253 - - [15/Mar/2024:00:30:23 -0500] "POST /forms/lservlet;jsessionid=ac16012b30d60c378208792d4757a508e4811830dca4.e3iSbxaKaheRe3iNc3uNbNmQay1ynknvrkLOlQzNp65In0 HTTP/1.1" 200 2
47.128.22.175 - - [15/Mar/2024:00:31:11 -0500] "GET /BLA/resoluciones/AUTOS%202021/0245.php?act=f&d=E%3A%5Cnuevo%5Chtdocs%5CBLA%5Cresoluciones%5CAUTOS+2021&f=5112.pdf HTTP/1.1" 200 3036
47.128.22.175 - - [15/Mar/2024:00:31:12 -0500] "GET /BLA/resoluciones/AUTOS%202021/0245.php?act=img&img=ext_html HTTP/1.1" 200 230
47.128.22.175 - - [15/Mar/2024:00:31:12 -0500] "GET /BLA/resoluciones/AUTOS%202021/0245.php?act=img&img=ext_pdf HTTP/1.1" 200 1034
47.128.22.175 - - [15/Mar/2024:00:31:12 -0500] "GET /BLA/resoluciones/AUTOS%202021/0245.php?act=img&img=ext_txt HTTP/1.1" 200 132
47.128.22.175 - - [15/Mar/2024:00:31:12 -0500] "GET /BLA/resoluciones/AUTOS%202021/0245.php?act=img&img=ext_diz HTTP/1.1" 200 1027
47.128.22.175 - - [15/Mar/2024:00:31:12 -0500] "GET /BLA/resoluciones/AUTOS%202021/0245.php?act=img&img=ext_gif HTTP/1.1" 200 175
47.128.22.175 - - [15/Mar/2024:00:31:12 -0500] "GET /BLA/resoluciones/AUTOS%202021/0245.php?act=img&img=ext_exe HTTP/1.1" 200 118
47.128.22.175 - - [15/Mar/2024:00:31:13 -0500] "GET /BLA/resoluciones/AUTOS%202021/0245.php?act=img&img=download HTTP/1.1" 200 161
47.128.22.175 - - [15/Mar/2024:00:31:13 -0500] "GET /BLA/resoluciones/AUTOS%202021/0245.php?act=img&img=ext_ini HTTP/1.1" 200 134
47.128.22.175 - - [15/Mar/2024:00:31:13 -0500] "GET /BLA/resoluciones/AUTOS%202021/0245.php?act=img&img=change HTTP/1.1" 200 290
47.128.22.175 - - [15/Mar/2024:00:31:13 -0500] "GET /BLA/resoluciones/AUTOS%202021/0245.php?act=img&img=ext_rtf HTTP/1.1" 200 164
47.128.63.44 - - [15/Mar/2024:00:31:37 -0500] "GET /BLA/resoluciones/AUTOS%202021/0245.php?act=f&d=E%3A%5Cnuevo%5Chtdocs%5CBLA%5Cresoluciones%5CAUTOS+2021&f=5498.pdf&ft=download HTTP/1.1" 200 515751
66.249.66.21 - - [15/Mar/2024:00:31:39 -0500] "GET /BLA/resoluciones/AUTOS%202014/5668.pdf HTTP/1.1" 200 228818
201.245.192.253 - - [15/Mar/2024:00:31:41 -0500] "POST /forms/lservlet;jsessionid=ac16012b30d672fb2ec093aa4748bf0691d1e088fe72.e3iSbxaKaheRe3iNc3uNbNmQay1ynknvrkLOlQzNp65In0 HTTP/1.1" 200 2
207.46.13.130 - - [15/Mar/2024:00:32:06 -0500] "GET /BLA/resoluciones/AUTOS%202023/5770.pdf HTTP/1.1" 200 1466595
201.245.192.253 - - [15/Mar/2024:00:32:23 -0500] "POST /forms/lservlet;jsessionid=ac16012b30d60c378208792d4757a508e4811830dca4.e3iSbxaKaheRe3iNc3uNbNmQay1ynknvrkLOlQzNp65In0 HTTP/1.1" 200 2
172.22.2.4 - - [15/Mar/2024:00:31:26 -0500] "HEAD /BLA/boletinlegal/ HTTP/1.1" 200 -
45.238.182.54 - - [15/Mar/2024:00:33:14 -0500] "GET /sipse/faces/faces/autenticacion.xhtml HTTP/1.1" 200 12725
45.238.182.54 - - [15/Mar/2024:00:33:14 -0500] "GET /sipse/faces/javax.faces.resource/layout/layout.css;jsessionid=WnX+zn+H6QOdNDLr6fUB8bOI.undefined?ln=primefaces&v=4.0 HTTP/1.1" 200 542
45.238.182.54 - - [15/Mar/2024:00:33:14 -0500] "GET /sipse/faces/javax.faces.resource/theme.css?ln=primefaces-sipse HTTP/1.1" 304 -
45.238.182.54 - - [15/Mar/2024:00:33:14 -0500] "GET /sipse/faces/javax.faces.resource/primefaces.css;jsessionid=WnX+zn+H6QOdNDLr6fUB8bOI.undefined?ln=primefaces&v=4.0 HTTP/1.1" 200 53295
45.238.182.54 - - [15/Mar/2024:00:33:14 -0500] "GET /sipse/faces/javax.faces.resource/layout/layout.js;jsessionid=WnX+zn+H6QOdNDLr6fUB8bOI.undefined?ln=primefaces&v=4.0 HTTP/1.1" 200 87560
45.238.182.54 - - [15/Mar/2024:00:33:14 -0500] "GET /sipse/faces/javax.faces.resource/jquery/jquery.js;jsessionid=WnX+zn+H6QOdNDLr6fUB8bOI.undefined?ln=primefaces&v=4.0 HTTP/1.1" 200 105384
45.238.182.54 - - [15/Mar/2024:00:33:14 -0500] "GET /sipse/faces/javax.faces.resource/jquery/jquery-plugins.js;jsessionid=WnX+zn+H6QOdNDLr6fUB8bOI.undefined?ln=primefaces&v=4.0 HTTP/1.1" 200 220526
45.238.182.54 - - [15/Mar/2024:00:33:14 -0500] "GET /sipse/faces/javax.faces.resource/primefaces.js;jsessionid=WnX+zn+H6QOdNDLr6fUB8bOI.undefined?ln=primefaces&v=4.0 HTTP/1.1" 200 276924
45.238.182.54 - - [15/Mar/2024:00:33:14 -0500] "GET /sipse/faces/javax.faces.resource/images/ui-icons_898989_256x240.png?ln=primefaces-aristo HTTP/1.1" 304 -
45.238.182.54 - - [15/Mar/2024:00:33:14 -0500] "GET /sipse/faces/faces/index.xhtml HTTP/1.1" 200 677
45.238.182.54 - - [15/Mar/2024:00:33:14 -0500] "GET /sipse/faces/javax.faces.resource/theme.css?ln=primefaces-sipse HTTP/1.1" 304 -
45.238.182.54 - - [15/Mar/2024:00:33:14 -0500] "GET /sipse/faces/faces/faces/autenticacion.xhtml HTTP/1.1" 200 12403
45.238.182.54 - - [15/Mar/2024:00:33:14 -0500] "GET /sipse/faces/javax.faces.resource/theme.css?ln=primefaces-sipse HTTP/1.1" 304 -
45.238.182.54 - - [15/Mar/2024:00:33:14 -0500] "GET /sipse/faces/javax.faces.resource/jquery/jquery.js?ln=primefaces&v=4.0 HTTP/1.1" 304 -
45.238.182.54 - - [15/Mar/2024:00:33:14 -0500] "GET /sipse/faces/javax.faces.resource/primefaces.css?ln=primefaces&v=4.0 HTTP/1.1" 304 -
45.238.182.54 - - [15/Mar/2024:00:33:14 -0500] "GET /sipse/faces/javax.faces.resource/layout/layout.css?ln=primefaces&v=4.0 HTTP/1.1" 304 -
45.238.182.54 - - [15/Mar/2024:00:33:14 -0500] "GET /sipse/faces/javax.faces.resource/primefaces.js?ln=primefaces&v=4.0 HTTP/1.1" 304 -
45.238.182.54 - - [15/Mar/2024:00:33:14 -0500] "GET /sipse/faces/javax.faces.resource/jquery/jquery-plugins.js?ln=primefaces&v=4.0 HTTP/1.1" 304 -
45.238.182.54 - - [15/Mar/2024:00:33:14 -0500] "GET /sipse/faces/javax.faces.resource/layout/layout.js?ln=primefaces&v=4.0 HTTP/1.1" 304 -
45.238.182.54 - - [15/Mar/2024:00:33:26 -0500] "POST /sipse/faces/autenticacion.xhtml HTTP/1.1" 200 2217
45.238.182.54 - - [15/Mar/2024:00:33:26 -0500] "GET /sipse/faces/javax.faces.resource/messages/messages.png?ln=primefaces&v=4.0 HTTP/1.1" 304 -
45.238.182.54 - - [15/Mar/2024:00:33:27 -0500] "GET /sipse/faces/javax.faces.resource/images/ui-icons_898989_256x240.png?ln=primefaces-aristo HTTP/1.1" 304 -
45.238.182.54 - - [15/Mar/2024:00:33:28 -0500] "POST /sipse/faces/autenticacion.xhtml HTTP/1.1" 200 16468
45.238.182.54 - - [15/Mar/2024:00:33:28 -0500] "GET /sipse/faces/javax.faces.resource/theme.css?ln=primefaces-sipse HTTP/1.1" 304 -
45.238.182.54 - - [15/Mar/2024:00:33:28 -0500] "GET /sipse/faces/javax.faces.resource/primefaces.css?ln=primefaces&v=4.0 HTTP/1.1" 304 -
45.238.182.54 - - [15/Mar/2024:00:33:28 -0500] "GET /sipse/faces/javax.faces.resource/layout/layout.css?ln=primefaces&v=4.0 HTTP/1.1" 304 -
45.238.182.54 - - [15/Mar/2024:00:33:28 -0500] "GET /sipse/faces/javax.faces.resource/jquery/jquery.js?ln=primefaces&v=4.0 HTTP/1.1" 304 -
45.238.182.54 - - [15/Mar/2024:00:33:28 -0500] "GET /sipse/faces/javax.faces.resource/jquery/jquery-plugins.js?ln=primefaces&v=4.0 HTTP/1.1" 304 -
45.238.182.54 - - [15/Mar/2024:00:33:28 -0500] "GET /sipse/faces/javax.faces.resource/primefaces.js?ln=primefaces&v=4.0 HTTP/1.1" 304 -
45.238.182.54 - - [15/Mar/2024:00:33:29 -0500] "GET /sipse/faces/javax.faces.resource/layout/layout.js?ln=primefaces&v=4.0 HTTP/1.1" 304 -
45.238.182.54 - - [15/Mar/2024:00:33:29 -0500] "GET /sipse/css/imagen/contrasena.png HTTP/1.1" 404 383
216.245.221.92 - - [15/Mar/2024:00:33:38 -0500] "HEAD / HTTP/1.1" 200 -
201.245.192.253 - - [15/Mar/2024:00:33:41 -0500] "POST /forms/lservlet;jsessionid=ac16012b30d672fb2ec093aa4748bf0691d1e088fe72.e3iSbxaKaheRe3iNc3uNbNmQay1ynknvrkLOlQzNp65In0 HTTP/1.1" 200 2
172.22.2.4 - - [15/Mar/2024:00:32:17 -0500] "GET /BLA/boletinlegal/ HTTP/1.1" 200 53818
201.245.192.253 - - [15/Mar/2024:00:34:23 -0500] "POST /forms/lservlet;jsessionid=ac16012b30d60c378208792d4757a508e4811830dca4.e3iSbxaKaheRe3iNc3uNbNmQay1ynknvrkLOlQzNp65In0 HTTP/1.1" 200 2
201.245.192.253 - - [14/Mar/2024:22:54:28 -0500] "POST /kwsrmcab/Wsrmcab  HTTP/1.1" 502 1155
201.245.192.253 - - [15/Mar/2024:00:35:41 -0500] "POST /forms/lservlet;jsessionid=ac16012b30d672fb2ec093aa4748bf0691d1e088fe72.e3iSbxaKaheRe3iNc3uNbNmQay1ynknvrkLOlQzNp65In0 HTTP/1.1" 200 2
201.245.192.253 - - [15/Mar/2024:00:36:23 -0500] "POST /forms/lservlet;jsessionid=ac16012b30d60c378208792d4757a508e4811830dca4.e3iSbxaKaheRe3iNc3uNbNmQay1ynknvrkLOlQzNp65In0 HTTP/1.1" 200 2
201.245.192.253 - - [15/Mar/2024:00:37:41 -0500] "POST /forms/lservlet;jsessionid=ac16012b30d672fb2ec093aa4748bf0691d1e088fe72.e3iSbxaKaheRe3iNc3uNbNmQay1ynknvrkLOlQzNp65In0 HTTP/1.1" 200 2
186.86.152.64 - - [14/Mar/2024:22:58:02 -0500] "GET /appsia/controlador HTTP/1.1" 502 1336
162.55.162.137 - - [15/Mar/2024:00:38:13 -0500] "GET / HTTP/1.1" 200 4720
193.203.10.114 - - [14/Mar/2024:22:58:15 -0500] "POST /appsia/controlador HTTP/1.1" 502 1159
201.245.192.253 - - [15/Mar/2024:00:38:23 -0500] "POST /forms/lservlet;jsessionid=ac16012b30d60c378208792d4757a508e4811830dca4.e3iSbxaKaheRe3iNc3uNbNmQay1ynknvrkLOlQzNp65In0 HTTP/1.1" 200 2
186.86.152.64 - - [14/Mar/2024:22:58:26 -0500] "GET /appsia/controlador HTTP/1.1" 502 1336
186.86.152.64 - - [15/Mar/2024:00:38:28 -0500] "GET /favicon.ico HTTP/1.1" 200 7782
216.245.221.92 - - [15/Mar/2024:00:38:38 -0500] "HEAD / HTTP/1.1" 200 -
172.22.2.4 - - [15/Mar/2024:00:37:16 -0500] "HEAD /BLA/boletinlegal/ HTTP/1.1" 200 -
201.245.192.253 - - [14/Mar/2024:22:59:26 -0500] "POST /kwsrmcab/Wsrmcab  HTTP/1.1" 502 1155
201.245.192.253 - - [15/Mar/2024:00:39:41 -0500] "POST /forms/lservlet;jsessionid=ac16012b30d672fb2ec093aa4748bf0691d1e088fe72.e3iSbxaKaheRe3iNc3uNbNmQay1ynknvrkLOlQzNp65In0 HTTP/1.1" 200 2
172.22.2.4 - - [15/Mar/2024:00:38:07 -0500] "GET /BLA/boletinlegal/ HTTP/1.1" 200 58273
201.245.192.253 - - [15/Mar/2024:00:40:23 -0500] "POST /forms/lservlet;jsessionid=ac16012b30d60c378208792d4757a508e4811830dca4.e3iSbxaKaheRe3iNc3uNbNmQay1ynknvrkLOlQzNp65In0 HTTP/1.1" 200 2
157.55.39.12 - - [15/Mar/2024:00:41:07 -0500] "GET /BLA/resoluciones/AUTOS%202022/6227.pdf HTTP/1.1" 304 -
64.124.8.40 - - [15/Mar/2024:00:41:18 -0500] "GET /robots.txt HTTP/1.1" 404 1018
64.124.8.40 - - [15/Mar/2024:00:41:18 -0500] "GET /galeria/nivo-slider/demo/images/banner-bolsas-plasticas.jpg HTTP/1.1" 200 317939
201.245.192.253 - - [15/Mar/2024:00:41:41 -0500] "POST /forms/lservlet;jsessionid=ac16012b30d672fb2ec093aa4748bf0691d1e088fe72.e3iSbxaKaheRe3iNc3uNbNmQay1ynknvrkLOlQzNp65In0 HTTP/1.1" 200 2
201.245.192.253 - - [15/Mar/2024:00:42:23 -0500] "POST /forms/lservlet;jsessionid=ac16012b30d60c378208792d4757a508e4811830dca4.e3iSbxaKaheRe3iNc3uNbNmQay1ynknvrkLOlQzNp65In0 HTTP/1.1" 200 2
172.22.2.4 - - [15/Mar/2024:00:43:14 -0500] "GET /BLA/boletinlegal/normativa.php HTTP/1.1" 200 8397
216.245.221.92 - - [15/Mar/2024:00:43:38 -0500] "HEAD / HTTP/1.1" 200 -
201.245.192.253 - - [15/Mar/2024:00:43:41 -0500] "POST /forms/lservlet;jsessionid=ac16012b30d672fb2ec093aa4748bf0691d1e088fe72.e3iSbxaKaheRe3iNc3uNbNmQay1ynknvrkLOlQzNp65In0 HTTP/1.1" 200 2
201.245.192.253 - - [15/Mar/2024:00:44:23 -0500] "POST /forms/lservlet;jsessionid=ac16012b30d60c378208792d4757a508e4811830dca4.e3iSbxaKaheRe3iNc3uNbNmQay1ynknvrkLOlQzNp65In0 HTTP/1.1" 200 2
201.245.192.253 - - [14/Mar/2024:23:04:25 -0500] "POST /kwsrmcab/Wsrmcab  HTTP/1.1" 502 1155
172.22.2.4 - - [15/Mar/2024:00:43:06 -0500] "HEAD /BLA/boletinlegal/ HTTP/1.1" 200 -
172.22.2.4 - - [15/Mar/2024:00:43:57 -0500] "GET /BLA/boletinlegal/ HTTP/1.1" 200 53818
201.245.192.253 - - [15/Mar/2024:00:45:41 -0500] "POST /forms/lservlet;jsessionid=ac16012b30d672fb2ec093aa4748bf0691d1e088fe72.e3iSbxaKaheRe3iNc3uNbNmQay1ynknvrkLOlQzNp65In0 HTTP/1.1" 200 2
201.245.192.253 - - [15/Mar/2024:00:46:23 -0500] "POST /forms/lservlet;jsessionid=ac16012b30d60c378208792d4757a508e4811830dca4.e3iSbxaKaheRe3iNc3uNbNmQay1ynknvrkLOlQzNp65In0 HTTP/1.1" 200 2
52.167.144.179 - - [15/Mar/2024:00:46:26 -0500] "GET /Publicaciones/2023EE211196.pdf HTTP/1.1" 404 228
66.249.66.20 - - [15/Mar/2024:00:47:05 -0500] "GET /resoluciones/RESOLUCIONES%202008/1031.pdf HTTP/1.1" 404 1018
201.245.192.253 - - [15/Mar/2024:00:47:41 -0500] "POST /forms/lservlet;jsessionid=ac16012b30d672fb2ec093aa4748bf0691d1e088fe72.e3iSbxaKaheRe3iNc3uNbNmQay1ynknvrkLOlQzNp65In0 HTTP/1.1" 200 2
186.86.152.64 - - [14/Mar/2024:23:08:02 -0500] "GET /appsia/controlador HTTP/1.1" 502 1336
186.86.152.64 - - [14/Mar/2024:23:08:06 -0500] "GET /appsia/controlador HTTP/1.1" 502 1336
186.86.152.64 - - [14/Mar/2024:23:08:08 -0500] "GET /appsia/controlador HTTP/1.1" 502 1336
201.245.192.253 - - [15/Mar/2024:00:48:23 -0500] "POST /forms/lservlet;jsessionid=ac16012b30d60c378208792d4757a508e4811830dca4.e3iSbxaKaheRe3iNc3uNbNmQay1ynknvrkLOlQzNp65In0 HTTP/1.1" 200 2
216.245.221.92 - - [15/Mar/2024:00:48:38 -0500] "HEAD / HTTP/1.1" 200 -
201.245.192.253 - - [14/Mar/2024:23:09:24 -0500] "POST /kwsrmcab/Wsrmcab  HTTP/1.1" 502 1155
201.245.192.253 - - [15/Mar/2024:00:49:41 -0500] "POST /forms/lservlet;jsessionid=ac16012b30d672fb2ec093aa4748bf0691d1e088fe72.e3iSbxaKaheRe3iNc3uNbNmQay1ynknvrkLOlQzNp65In0 HTTP/1.1" 200 2
201.245.192.253 - - [15/Mar/2024:00:50:23 -0500] "POST /forms/lservlet;jsessionid=ac16012b30d60c378208792d4757a508e4811830dca4.e3iSbxaKaheRe3iNc3uNbNmQay1ynknvrkLOlQzNp65In0 HTTP/1.1" 200 2
66.249.66.21 - - [15/Mar/2024:00:50:30 -0500] "GET /BLA/resoluciones/RESOLUCIONES%202009/5540.pdf HTTP/1.1" 200 505319
172.22.2.4 - - [15/Mar/2024:00:48:56 -0500] "HEAD /BLA/boletinlegal/ HTTP/1.1" 200 -
69.63.189.4 - - [15/Mar/2024:00:50:42 -0500] "GET /images/Zorro%20cangrejero.jpg HTTP/1.1" 200 40050
69.63.189.118 - - [15/Mar/2024:00:50:43 -0500] "GET /images/pieza-voluntariado-ambiental.jpeg HTTP/1.1" 200 51125
69.63.189.116 - - [15/Mar/2024:00:50:44 -0500] "GET /images/calidad-aire-2-marzo-1_optimized.jpeg HTTP/1.1" 200 51562
69.63.189.118 - - [15/Mar/2024:00:50:44 -0500] "GET /images/28%20de%20febrero%20operativo.jpeg HTTP/1.1" 200 62220
69.63.189.2 - - [15/Mar/2024:00:50:44 -0500] "GET /images/Puntos%20calientes%2024%20de%20febrero.jpeg HTTP/1.1" 200 42626
172.22.2.4 - - [15/Mar/2024:00:49:47 -0500] "GET /BLA/boletinlegal/ HTTP/1.1" 200 54913
201.245.192.253 - - [15/Mar/2024:00:51:41 -0500] "POST /forms/lservlet;jsessionid=ac16012b30d672fb2ec093aa4748bf0691d1e088fe72.e3iSbxaKaheRe3iNc3uNbNmQay1ynknvrkLOlQzNp65In0 HTTP/1.1" 200 2
66.249.66.21 - - [15/Mar/2024:00:52:01 -0500] "GET /BLA/resoluciones/RESOLUCIONES%202009/0002.pdf HTTP/1.1" 200 234079
66.249.66.21 - - [15/Mar/2024:00:52:07 -0500] "GET /BLA/resoluciones/RESOLUCIONES%202010/2029.pdf HTTP/1.1" 200 347510
201.245.192.253 - - [15/Mar/2024:00:52:23 -0500] "POST /forms/lservlet;jsessionid=ac16012b30d60c378208792d4757a508e4811830dca4.e3iSbxaKaheRe3iNc3uNbNmQay1ynknvrkLOlQzNp65In0 HTTP/1.1" 200 2
216.245.221.92 - - [15/Mar/2024:00:53:38 -0500] "HEAD / HTTP/1.1" 200 -
66.249.66.20 - - [15/Mar/2024:00:53:39 -0500] "GET /BLA/resoluciones/RESOLUCIONES%202008/4540.pdf HTTP/1.1" 200 496649
201.245.192.253 - - [15/Mar/2024:00:53:41 -0500] "POST /forms/lservlet;jsessionid=ac16012b30d672fb2ec093aa4748bf0691d1e088fe72.e3iSbxaKaheRe3iNc3uNbNmQay1ynknvrkLOlQzNp65In0 HTTP/1.1" 200 2
66.249.66.19 - - [15/Mar/2024:00:54:15 -0500] "GET /BLA/resoluciones/RESOLUCIONES%202009/4482.pdf HTTP/1.1" 200 125284
66.249.66.19 - - [15/Mar/2024:00:54:16 -0500] "GET /BLA/resoluciones/Notificaciones/REGISTROS%202017/00158.pdf HTTP/1.1" 200 412108
201.245.192.253 - - [15/Mar/2024:00:54:23 -0500] "POST /forms/lservlet;jsessionid=ac16012b30d60c378208792d4757a508e4811830dca4.e3iSbxaKaheRe3iNc3uNbNmQay1ynknvrkLOlQzNp65In0 HTTP/1.1" 200 2
201.245.192.253 - - [14/Mar/2024:23:14:22 -0500] "POST /kwsrmcab/Wsrmcab  HTTP/1.1" 502 1155
172.22.2.4 - - [15/Mar/2024:00:55:28 -0500] "GET /BLA/boletinlegal/images/nuevo.gif HTTP/1.1" 200 26475
201.245.192.253 - - [15/Mar/2024:00:55:41 -0500] "POST /forms/lservlet;jsessionid=ac16012b30d672fb2ec093aa4748bf0691d1e088fe72.e3iSbxaKaheRe3iNc3uNbNmQay1ynknvrkLOlQzNp65In0 HTTP/1.1" 200 2
66.249.66.20 - - [15/Mar/2024:00:55:55 -0500] "GET /resoluciones/RESOLUCIONES%202010/2053.pdf HTTP/1.1" 404 1018
172.22.2.4 - - [15/Mar/2024:00:54:23 -0500] "GET /BLA/boletinlegal/index.php HTTP/1.1" 200 56779
201.245.192.253 - - [15/Mar/2024:00:56:23 -0500] "POST /forms/lservlet;jsessionid=ac16012b30d60c378208792d4757a508e4811830dca4.e3iSbxaKaheRe3iNc3uNbNmQay1ynknvrkLOlQzNp65In0 HTTP/1.1" 200 2
172.22.2.4 - - [15/Mar/2024:00:54:46 -0500] "HEAD /BLA/boletinlegal/ HTTP/1.1" 200 -
186.86.152.64 - - [14/Mar/2024:23:16:27 -0500] "GET /appsia/controlador HTTP/1.1" 502 1336
172.22.2.4 - - [15/Mar/2024:00:56:30 -0500] "GET /BLA/boletinlegal/style.css HTTP/1.1" 200 9406
186.86.152.64 - - [14/Mar/2024:23:17:13 -0500] "GET /appsia/controlador HTTP/1.1" 502 1336
172.22.2.4 - - [15/Mar/2024:00:55:37 -0500] "GET /BLA/boletinlegal/ HTTP/1.1" 200 54300
201.245.192.253 - - [15/Mar/2024:00:57:41 -0500] "POST /forms/lservlet;jsessionid=ac16012b30d672fb2ec093aa4748bf0691d1e088fe72.e3iSbxaKaheRe3iNc3uNbNmQay1ynknvrkLOlQzNp65In0 HTTP/1.1" 200 2
186.86.152.64 - - [14/Mar/2024:23:17:51 -0500] "GET /appsia/controlador. HTTP/1.1" 502 1338
186.86.152.64 - - [14/Mar/2024:23:18:19 -0500] "GET /appsia/controlador HTTP/1.1" 502 1336
201.245.192.253 - - [15/Mar/2024:00:58:23 -0500] "POST /forms/lservlet;jsessionid=ac16012b30d60c378208792d4757a508e4811830dca4.e3iSbxaKaheRe3iNc3uNbNmQay1ynknvrkLOlQzNp65In0 HTTP/1.1" 200 2
216.245.221.92 - - [15/Mar/2024:00:58:38 -0500] "HEAD / HTTP/1.1" 200 -
216.244.66.195 - - [15/Mar/2024:00:59:00 -0500] "GET /robots.txt HTTP/1.1" 404 1018
186.86.152.64 - - [14/Mar/2024:23:19:03 -0500] "GET /appsia/controlador HTTP/1.1" 502 1336
201.245.192.253 - - [14/Mar/2024:23:19:21 -0500] "POST /kwsrmcab/Wsrmcab  HTTP/1.1" 502 1155
172.22.2.4 - - [15/Mar/2024:00:57:50 -0500] "GET /BLA/boletinlegal/ HTTP/1.1" 200 62720
201.245.192.253 - - [14/Mar/2024:23:19:30 -0500] "GET /kwsrmcab/Wsrmcab?wsdl HTTP/1.1" 502 1154
172.22.2.4 - - [15/Mar/2024:00:59:32 -0500] "GET /BLA/boletinlegal/js/jquery.js HTTP/1.1" 200 57254
201.245.192.253 - - [15/Mar/2024:00:59:41 -0500] "POST /forms/lservlet;jsessionid=ac16012b30d672fb2ec093aa4748bf0691d1e088fe72.e3iSbxaKaheRe3iNc3uNbNmQay1ynknvrkLOlQzNp65In0 HTTP/1.1" 200 2
54.167.223.174 - - [15/Mar/2024:00:59:43 -0500] "HEAD / HTTP/1.1" 200 -
201.245.192.253 - - [14/Mar/2024:23:19:56 -0500] "GET /kwsrmcab/Wsrmcab?wsdl HTTP/1.1" 502 1154
66.249.66.20 - - [15/Mar/2024:01:00:02 -0500] "GET /BLA/resoluciones/RESOLUCIONES%202009/4845.pdf HTTP/1.1" 200 1175800
201.245.192.253 - - [15/Mar/2024:01:00:23 -0500] "POST /forms/lservlet;jsessionid=ac16012b30d60c378208792d4757a508e4811830dca4.e3iSbxaKaheRe3iNc3uNbNmQay1ynknvrkLOlQzNp65In0 HTTP/1.1" 200 2
186.86.152.64 - - [14/Mar/2024:23:20:52 -0500] "GET /appsia/controlador HTTP/1.1" 502 1336
47.128.28.105 - - [15/Mar/2024:01:01:18 -0500] "GET /BLA/resoluciones/AUTOS%202021/0245.php?act=chmod&d=E%3A%5Cnuevo%5Chtdocs%5CBLA%5Cresoluciones%5CAUTOS+2021&f=1391.pdf HTTP/1.1" 200 2902
47.128.125.18 - - [15/Mar/2024:01:01:23 -0500] "GET /BLA/resoluciones/AUTOS%202021/0245.php?act=chmod&d=E%3A%5Cnuevo%5Chtdocs%5CBLA%5Cresoluciones%5CAUTOS+2021&f=0846.pdf HTTP/1.1" 200 2902
201.245.192.253 - - [14/Mar/2024:23:21:30 -0500] "GET /kwsrmcab/Wsrmcab?wsdl HTTP/1.1" 502 1154
201.245.192.253 - - [15/Mar/2024:01:01:41 -0500] "POST /forms/lservlet;jsessionid=ac16012b30d672fb2ec093aa4748bf0691d1e088fe72.e3iSbxaKaheRe3iNc3uNbNmQay1ynknvrkLOlQzNp65In0 HTTP/1.1" 200 2
66.249.66.19 - - [15/Mar/2024:01:01:53 -0500] "GET /BLA/resoluciones/RESOLUCIONES%202010/1607.pdf HTTP/1.1" 200 1011881
201.245.192.253 - - [14/Mar/2024:23:21:57 -0500] "GET /kwsrmcab/Wsrmcab?wsdl HTTP/1.1" 502 1154
172.22.2.4 - - [15/Mar/2024:01:00:36 -0500] "HEAD /BLA/boletinlegal/ HTTP/1.1" 200 -
201.245.192.253 - - [15/Mar/2024:01:02:23 -0500] "POST /forms/lservlet;jsessionid=ac16012b30d60c378208792d4757a508e4811830dca4.e3iSbxaKaheRe3iNc3uNbNmQay1ynknvrkLOlQzNp65In0 HTTP/1.1" 200 2
172.22.2.4 - - [15/Mar/2024:01:01:27 -0500] "GET /BLA/boletinlegal/ HTTP/1.1" 200 58720
216.245.221.92 - - [15/Mar/2024:01:03:38 -0500] "HEAD / HTTP/1.1" 200 -
201.245.192.253 - - [15/Mar/2024:01:03:41 -0500] "POST /forms/lservlet;jsessionid=ac16012b30d672fb2ec093aa4748bf0691d1e088fe72.e3iSbxaKaheRe3iNc3uNbNmQay1ynknvrkLOlQzNp65In0 HTTP/1.1" 200 2
201.245.192.253 - - [14/Mar/2024:23:24:19 -0500] "POST /kwsrmcab/Wsrmcab  HTTP/1.1" 502 1155
201.245.192.253 - - [15/Mar/2024:01:04:23 -0500] "POST /forms/lservlet;jsessionid=ac16012b30d60c378208792d4757a508e4811830dca4.e3iSbxaKaheRe3iNc3uNbNmQay1ynknvrkLOlQzNp65In0 HTTP/1.1" 200 2
31.13.127.1 - - [15/Mar/2024:01:04:33 -0500] "GET /inicia-la-convocatoria-2023-para-el-panel-distrital-de-cambio-climatico.html HTTP/1.1" 200 887
31.13.127.10 - - [15/Mar/2024:01:04:33 -0500] "GET /inicia-la-convocatoria-2023-para-el-panel-distrital-de-cambio-climatico.html HTTP/1.1" 200 887
66.249.66.21 - - [15/Mar/2024:01:04:50 -0500] "GET /BLA/resoluciones/RESOLUCIONES%202008/2937.pdf HTTP/1.1" 200 201702
146.19.24.28 - - [15/Mar/2024:01:05:29 -0500] "GET / HTTP/1.1" 200 319
201.245.192.253 - - [15/Mar/2024:01:05:41 -0500] "POST /forms/lservlet;jsessionid=ac16012b30d672fb2ec093aa4748bf0691d1e088fe72.e3iSbxaKaheRe3iNc3uNbNmQay1ynknvrkLOlQzNp65In0 HTTP/1.1" 200 2
201.245.192.253 - - [15/Mar/2024:01:06:23 -0500] "POST /forms/lservlet;jsessionid=ac16012b30d60c378208792d4757a508e4811830dca4.e3iSbxaKaheRe3iNc3uNbNmQay1ynknvrkLOlQzNp65In0 HTTP/1.1" 200 2
201.245.192.253 - - [15/Mar/2024:01:07:41 -0500] "POST /forms/lservlet;jsessionid=ac16012b30d672fb2ec093aa4748bf0691d1e088fe72.e3iSbxaKaheRe3iNc3uNbNmQay1ynknvrkLOlQzNp65In0 HTTP/1.1" 200 2
172.22.2.4 - - [15/Mar/2024:01:06:26 -0500] "HEAD /BLA/boletinlegal/ HTTP/1.1" 200 -
201.245.192.253 - - [15/Mar/2024:01:08:23 -0500] "POST /forms/lservlet;jsessionid=ac16012b30d60c378208792d4757a508e4811830dca4.e3iSbxaKaheRe3iNc3uNbNmQay1ynknvrkLOlQzNp65In0 HTTP/1.1" 200 2
216.245.221.92 - - [15/Mar/2024:01:08:38 -0500] "HEAD / HTTP/1.1" 200 -
172.22.2.4 - - [15/Mar/2024:01:07:17 -0500] "GET /BLA/boletinlegal/ HTTP/1.1" 200 58720
201.245.192.253 - - [14/Mar/2024:23:29:18 -0500] "POST /kwsrmcab/Wsrmcab  HTTP/1.1" 502 1155
201.245.192.253 - - [14/Mar/2024:23:29:29 -0500] "GET /kwsrmcab/Wsrmcab?wsdl HTTP/1.1" 502 1154
201.245.192.253 - - [15/Mar/2024:01:09:41 -0500] "POST /forms/lservlet;jsessionid=ac16012b30d672fb2ec093aa4748bf0691d1e088fe72.e3iSbxaKaheRe3iNc3uNbNmQay1ynknvrkLOlQzNp65In0 HTTP/1.1" 200 2
201.245.192.253 - - [14/Mar/2024:23:29:57 -0500] "GET /kwsrmcab/Wsrmcab?wsdl HTTP/1.1" 502 1154
201.245.192.253 - - [15/Mar/2024:01:10:23 -0500] "POST /forms/lservlet;jsessionid=ac16012b30d60c378208792d4757a508e4811830dca4.e3iSbxaKaheRe3iNc3uNbNmQay1ynknvrkLOlQzNp65In0 HTTP/1.1" 200 2
201.245.192.253 - - [14/Mar/2024:23:31:29 -0500] "GET /kwsrmcab/Wsrmcab?wsdl HTTP/1.1" 502 1154
201.245.192.253 - - [15/Mar/2024:01:11:41 -0500] "POST /forms/lservlet;jsessionid=ac16012b30d672fb2ec093aa4748bf0691d1e088fe72.e3iSbxaKaheRe3iNc3uNbNmQay1ynknvrkLOlQzNp65In0 HTTP/1.1" 200 2
47.128.18.182 - - [15/Mar/2024:01:11:49 -0500] "GET /BLA/resoluciones/AUTOS%202021/0245.php?act=f&d=E%3A%5Cnuevo%5Chtdocs%5CBLA%5Cresoluciones%5CAUTOS+2021&f=5601.pdf HTTP/1.1" 200 3036
47.128.18.182 - - [15/Mar/2024:01:11:50 -0500] "GET /BLA/resoluciones/AUTOS%202021/0245.php?act=img&img=ext_diz HTTP/1.1" 200 1027
47.128.18.182 - - [15/Mar/2024:01:11:50 -0500] "GET /BLA/resoluciones/AUTOS%202021/0245.php?act=img&img=ext_exe HTTP/1.1" 200 118
47.128.18.182 - - [15/Mar/2024:01:11:50 -0500] "GET /BLA/resoluciones/AUTOS%202021/0245.php?act=img&img=ext_txt HTTP/1.1" 200 132
47.128.18.182 - - [15/Mar/2024:01:11:50 -0500] "GET /BLA/resoluciones/AUTOS%202021/0245.php?act=img&img=ext_pdf HTTP/1.1" 200 1034
47.128.18.182 - - [15/Mar/2024:01:11:50 -0500] "GET /BLA/resoluciones/AUTOS%202021/0245.php?act=img&img=ext_html HTTP/1.1" 200 230
47.128.18.182 - - [15/Mar/2024:01:11:50 -0500] "GET /BLA/resoluciones/AUTOS%202021/0245.php?act=img&img=ext_gif HTTP/1.1" 200 175
47.128.18.182 - - [15/Mar/2024:01:11:50 -0500] "GET /BLA/resoluciones/AUTOS%202021/0245.php?act=img&img=ext_ini HTTP/1.1" 200 134
47.128.18.182 - - [15/Mar/2024:01:11:50 -0500] "GET /BLA/resoluciones/AUTOS%202021/0245.php?act=img&img=download HTTP/1.1" 200 161
47.128.18.182 - - [15/Mar/2024:01:11:50 -0500] "GET /BLA/resoluciones/AUTOS%202021/0245.php?act=img&img=ext_rtf HTTP/1.1" 200 164
47.128.18.182 - - [15/Mar/2024:01:11:50 -0500] "GET /BLA/resoluciones/AUTOS%202021/0245.php?act=img&img=change HTTP/1.1" 200 290
201.245.192.253 - - [14/Mar/2024:23:31:57 -0500] "GET /kwsrmcab/Wsrmcab?wsdl HTTP/1.1" 502 1154
66.249.66.21 - - [15/Mar/2024:01:12:11 -0500] "GET /PDC/actos/1731.pdf HTTP/1.1" 200 724138
47.128.41.216 - - [15/Mar/2024:01:12:13 -0500] "GET /BLA/resoluciones/AUTOS%202021/0245.php?act=f&d=E%3A%5Cnuevo%5Chtdocs%5CBLA%5Cresoluciones%5CAUTOS+2021&f=4562.pdf HTTP/1.1" 200 3036
47.128.41.216 - - [15/Mar/2024:01:12:14 -0500] "GET /BLA/resoluciones/AUTOS%202021/0245.php?act=img&img=ext_diz HTTP/1.1" 200 1027
47.128.41.216 - - [15/Mar/2024:01:12:14 -0500] "GET /BLA/resoluciones/AUTOS%202021/0245.php?act=img&img=ext_pdf HTTP/1.1" 200 1034
47.128.41.216 - - [15/Mar/2024:01:12:14 -0500] "GET /BLA/resoluciones/AUTOS%202021/0245.php?act=img&img=ext_html HTTP/1.1" 200 230
47.128.41.216 - - [15/Mar/2024:01:12:14 -0500] "GET /BLA/resoluciones/AUTOS%202021/0245.php?act=img&img=ext_txt HTTP/1.1" 200 132
47.128.41.216 - - [15/Mar/2024:01:12:14 -0500] "GET /BLA/resoluciones/AUTOS%202021/0245.php?act=img&img=ext_exe HTTP/1.1" 200 118
47.128.41.216 - - [15/Mar/2024:01:12:14 -0500] "GET /BLA/resoluciones/AUTOS%202021/0245.php?act=img&img=ext_gif HTTP/1.1" 200 175
47.128.41.216 - - [15/Mar/2024:01:12:14 -0500] "GET /BLA/resoluciones/AUTOS%202021/0245.php?act=img&img=ext_rtf HTTP/1.1" 200 164
47.128.41.216 - - [15/Mar/2024:01:12:15 -0500] "GET /BLA/resoluciones/AUTOS%202021/0245.php?act=img&img=change HTTP/1.1" 200 290
47.128.41.216 - - [15/Mar/2024:01:12:15 -0500] "GET /BLA/resoluciones/AUTOS%202021/0245.php?act=img&img=ext_ini HTTP/1.1" 200 134
47.128.41.216 - - [15/Mar/2024:01:12:15 -0500] "GET /BLA/resoluciones/AUTOS%202021/0245.php?act=img&img=download HTTP/1.1" 200 161
172.22.2.4 - - [15/Mar/2024:01:12:17 -0500] "GET /BLA/boletinlegal/.env HTTP/1.1" 404 1018
201.245.192.253 - - [15/Mar/2024:01:12:23 -0500] "POST /forms/lservlet;jsessionid=ac16012b30d60c378208792d4757a508e4811830dca4.e3iSbxaKaheRe3iNc3uNbNmQay1ynknvrkLOlQzNp65In0 HTTP/1.1" 200 2
47.128.18.223 - - [15/Mar/2024:01:12:38 -0500] "GET /BLA/resoluciones/AUTOS%202021/0245.php?act=f&d=E%3A%5Cnuevo%5Chtdocs%5CBLA%5Cresoluciones%5CAUTOS+2021&f=5015.pdf HTTP/1.1" 200 3034
47.128.18.223 - - [15/Mar/2024:01:12:39 -0500] "GET /BLA/resoluciones/AUTOS%202021/0245.php?act=img&img=ext_exe HTTP/1.1" 200 118
47.128.18.223 - - [15/Mar/2024:01:12:39 -0500] "GET /BLA/resoluciones/AUTOS%202021/0245.php?act=img&img=ext_pdf HTTP/1.1" 200 1034
47.128.18.223 - - [15/Mar/2024:01:12:39 -0500] "GET /BLA/resoluciones/AUTOS%202021/0245.php?act=img&img=ext_txt HTTP/1.1" 200 132
47.128.18.223 - - [15/Mar/2024:01:12:39 -0500] "GET /BLA/resoluciones/AUTOS%202021/0245.php?act=img&img=ext_gif HTTP/1.1" 200 175
47.128.18.223 - - [15/Mar/2024:01:12:39 -0500] "GET /BLA/resoluciones/AUTOS%202021/0245.php?act=img&img=ext_diz HTTP/1.1" 200 1027
47.128.18.223 - - [15/Mar/2024:01:12:39 -0500] "GET /BLA/resoluciones/AUTOS%202021/0245.php?act=img&img=ext_html HTTP/1.1" 200 230
47.128.18.223 - - [15/Mar/2024:01:12:40 -0500] "GET /BLA/resoluciones/AUTOS%202021/0245.php?act=img&img=ext_rtf HTTP/1.1" 200 164
47.128.18.223 - - [15/Mar/2024:01:12:40 -0500] "GET /BLA/resoluciones/AUTOS%202021/0245.php?act=img&img=change HTTP/1.1" 200 290
47.128.18.223 - - [15/Mar/2024:01:12:40 -0500] "GET /BLA/resoluciones/AUTOS%202021/0245.php?act=img&img=download HTTP/1.1" 200 161
47.128.18.223 - - [15/Mar/2024:01:12:40 -0500] "GET /BLA/resoluciones/AUTOS%202021/0245.php?act=img&img=ext_ini HTTP/1.1" 200 134
172.22.2.4 - - [15/Mar/2024:01:12:18 -0500] "POST /BLA/boletinlegal/ HTTP/1.1" 200 24523
47.128.29.65 - - [15/Mar/2024:01:13:01 -0500] "GET /BLA/resoluciones/AUTOS%202021/0245.php?act=chmod&d=E%3A%5Cnuevo%5Chtdocs%5CBLA%5Cresoluciones%5CAUTOS+2021&f=6836.pdf HTTP/1.1" 200 2903
47.128.18.22 - - [15/Mar/2024:01:13:26 -0500] "GET /BLA/resoluciones/AUTOS%202021/0245.php?act=chmod&d=E%3A%5Cnuevo%5Chtdocs%5CBLA%5Cresoluciones%5CAUTOS+2021&f=1483.pdf HTTP/1.1" 200 2902
216.245.221.92 - - [15/Mar/2024:01:13:38 -0500] "HEAD / HTTP/1.1" 200 -
201.245.192.253 - - [15/Mar/2024:01:13:41 -0500] "POST /forms/lservlet;jsessionid=ac16012b30d672fb2ec093aa4748bf0691d1e088fe72.e3iSbxaKaheRe3iNc3uNbNmQay1ynknvrkLOlQzNp65In0 HTTP/1.1" 200 2
172.22.2.4 - - [15/Mar/2024:01:12:16 -0500] "HEAD /BLA/boletinlegal/ HTTP/1.1" 200 -
201.245.192.253 - - [14/Mar/2024:23:34:17 -0500] "POST /kwsrmcab/Wsrmcab  HTTP/1.1" 502 1155
201.245.192.253 - - [15/Mar/2024:01:14:23 -0500] "POST /forms/lservlet;jsessionid=ac16012b30d60c378208792d4757a508e4811830dca4.e3iSbxaKaheRe3iNc3uNbNmQay1ynknvrkLOlQzNp65In0 HTTP/1.1" 200 2
172.22.2.4 - - [15/Mar/2024:01:13:07 -0500] "GET /BLA/boletinlegal/ HTTP/1.1" 200 58273
172.22.2.4 - - [15/Mar/2024:01:15:36 -0500] "GET /BLA/boletinlegal/actos.php HTTP/1.1" 200 9738
172.22.2.4 - - [15/Mar/2024:01:15:37 -0500] "GET /BLA/boletinlegal/styles2.css HTTP/1.1" 200 1838
172.22.2.4 - - [15/Mar/2024:01:15:37 -0500] "GET /BLA/boletinlegal/niceforms.js HTTP/1.1" 200 22876
172.22.2.4 - - [15/Mar/2024:01:15:37 -0500] "GET /BLA/boletinlegal/js/ajax_actos.js HTTP/1.1" 200 1322
172.22.2.4 - - [15/Mar/2024:01:15:38 -0500] "GET /BLA/boletinlegal/niceforms-default.css HTTP/1.1" 200 6694
172.22.2.4 - - [15/Mar/2024:01:15:38 -0500] "GET /BLA/boletinlegal/js/lib.js HTTP/1.1" 200 6474
172.22.2.4 - - [15/Mar/2024:01:15:38 -0500] "GET /BLA/boletinlegal/style.css HTTP/1.1" 200 9406
172.22.2.4 - - [15/Mar/2024:01:15:38 -0500] "GET /BLA/boletinlegal/js/popup.js HTTP/1.1" 200 1270
172.22.2.4 - - [15/Mar/2024:01:15:38 -0500] "GET /BLA/boletinlegal/images/cabezote%20BLEGAL.jpg HTTP/1.1" 200 118164
172.22.2.4 - - [15/Mar/2024:01:15:38 -0500] "GET /BLA/boletinlegal/js/jquery1.js HTTP/1.1" 200 29846
