186.102.85.19 - - [15/Mar/2024:09:25:17 -0500] "GET /kwssiamovil/sm/acme/s?s=U2FsdGVkX18pQ4Cjtvv5ckvW7wReIaB8aO544OtFg3PcHZlFNtVY21aL+RZFAp0aQGkc/uAebFVQdK72Zp8eVXgLlvFMVxHU6ZdGcqeKHbpKWKue5YuEzO0eppKDk9uvwNWaHQVig7cMPlGs64JcprXXZ0FFMbS7rLZjPi+1klRWJ32wpPK/t0QgTElHgihkxkc8oj8Sndr5X5SPH6xr1Zb1zj8XWEpN+z4BRkU8SCBH4EshWnpsTsVkQsM5VVQbfa5MDhqzfIsQA6MgpXyOphM/OD+arRaM0q30E3nr0dnUJ/B6V4k1aX6DZegfvT2BYedW8rUmPJtecuSqY+47Z+lEMiSM6C8D1aThmUqKMkc+hBVCoy8tJwthwDTelOEF+yi3KUGnW3RPdrqF6/tmD3PKfIJOpkgfpOdELvyHDg6K8NTNZ7sCa0ZTfd99fFj6uTD/QSHqOr27C4qEeZsUMUYP93bI7iM+OZD7fcSNTyluCWYUG9TDxWJ2rGuDPMvpWjRaWYLpTfUu3gv8ibEJ882Yrv8WOzVzX+QJM7pkoSZR7x7jO0bi+yaUTNwpjgtn1bupliOok5L1MHMgpO5TpXaqaKSwoLhgFkgyi0Wz/T9DY3ptcp80BI4DgwWC9xQVXGdXN+274ou7K7G5EAu1hsioRWpeNlMJL9nKPGJWvoMA7JzRtZOPrSdigH4ew/kEisMBkCjFyBeg3ps1GWMTsFOSHupFXVtWzQZSfJZD5T+snSqvKDU+iEYJ41ssxNReJti/TDCKOTa18s0CWsFlsXLdmpbLCGMk5oJgRU4oY3G+y0tM+gWPxyZTpG9i8XuntnVo3n0wQFKEKuEWH6mYQAuiin/VV0draPODvntVN+6ClyySVmLTX+IagLEXpKiw1GzkIR5QJH0XB1lFDk877Lke/6/9fTW3Y3dky83YJYZJP+BrSgtq6n1Qgcl6AuXoXhV77cuvaT6zrIAPykGOxP9ngazSRX03MnWoXgTHcSE1c/eYIi3wCEc8xZiIccwBz5yZeCksBUHxI+ns1rEs8v/c4zroHUr67GKJvofgM7S38v5vzvXKCITdkEmbEhW/DWiPh8noNRatuYb17VX01auf6qOKfqojhywTwLInF1INWbjTWTPlchf8IRnkFXeI+xNSn+eoHX0401VI5/dE2lJYG/qR51op1Lt7pEEsL12DstpnitiHx1nPkjKWPUI8L9MAmZN1Rqc92gNUJcLDp1zUBdJ+22Ysib6ENkRgSZP4z7CNF4UY9k9ba+pG6T85u5M4i0+HmxJkZzq9LE59IIcTMaG7plpqH8W9G7cRP4T5FCjlZk+8q/rs6rvPpIlLUV9tKmKTp+quleX6wZziHeQLQmJXh9zWjmirgUdvSuFtL2tMDxhqw+RI2k5QB2i+Uzp4/wvwAFDFpnhv15KgD0s+oyeAftzRwKXDzcaHsJeqmGCbCoTP43RSz+1xKsburVGSGwhin//xbwWMCeMV9WDHiWUZ5IqUj8Jv9+VYkzRt6nmXCwRL7tYk0ZWTcJ1uKl/NPpM/ROxEFTEIy8M0jb5ShzYyjT/PnelYQgS4+AE2Zk+ttanL255mC3B6NElaC3hRO+GrA8y1yzKVx8Ez3P848XM/ZsmUyjIIkHRx8FMmXG8DMqBuTHpZ+Xk5EA0O5ca4mqhkU/aulee+DSfAPai5nHbeYra88qyWrT1k+pIh218weWwdY+g+Hi2k7xNob1vCG6KrzRDlXtaBd0QgmOIGwtpfgSl8gWUS0b3RxWQ=&u=U2FsdGVkX1+1k9Nxgb1j/BTNp5EtuBHz1Wy4dlcdhzc=&y=U2FsdGVkX185Dt4f3ZbYmzb4AfPgKpEJADCIJSDZRgo= HTTP/1.1" 200 1182
186.102.85.19 - - [15/Mar/2024:09:25:17 -0500] "GET /kwssiamovil/sm/acme/s?s=U2FsdGVkX18DqaEFlglqsMTE1Hb7oQXiyLxSqlIyHz5OHn+8kcAJkPpu6GHfc56Rnv8ZyjZBN/63dGa2cnAeAn3jjAeqKrasQW7wzMsHlVxEWKnXbg+mUF5YGaiu1NLXyvaqT8gKZkV0m03MKiVPtLjYPvu1MbQWO0qwKle4Hk9W3J5+02ioBZt5mLjxv+d4RAywwlQtKZvyRrTRkTow30UjqaB8bKp9ZYRvz9DB89BpVEG/T1jcN8LgiGcSm9vMlfFke9MN19uazeGJXbdo3R2v53tTBL+xBB1wPeGJo6cFesn1ejP5iOd4rXEvLOINSo9P2YJsfkDJjCPURjJNzasSXZslPiNdLRHy9qO7KKd04BUOiGmewz3SNZRBQaNjjGY7oMbDWot0LeY93l0PFCxktYtLwYZzY9dpL0cb3m/HNm/6sWzBR1ILXmKpL2UFbLWBvDfrNjDWQhQedKnmi+7En27LQZSyD1s4A2VQ8wvL+hQJf8H7YJQd/me67TRttXW7MNcHstC/tHU13eyWBpQCDJgt4l3SvGbIjNt9a+OLa52ZD1br5WqfBKLk8OM+ndck5CfGqVZsUeUUgJNx0BsD9BnGkYafJ7lt7gyK0Wwndz1p972Y2D0vInJddKIBnWjY6ZHn2dY2WPkXW58HhbtKoMdHGrqnoUXu/Yk7fCEsemtwIQiyz4UHu/QTw9fmRvjFMGg6ddSlKFcIx2aojTG89f4rh3pgTzC+XtU4XepTcgt51GEIEDEQhJ305x+v&u=U2FsdGVkX1+1k9Nxgb1j/BTNp5EtuBHz1Wy4dlcdhzc=&y=U2FsdGVkX185Dt4f3ZbYmzb4AfPgKpEJADCIJSDZRgo= HTTP/1.1" 200 208
172.22.2.4 - - [15/Mar/2024:09:24:38 -0500] "GET /BLA/boletinlegal/ HTTP/1.1" 200 24523
186.102.85.19 - - [15/Mar/2024:09:25:17 -0500] "GET /kwssiamovil/sm/cjson/pre?f=1&x=U2FsdGVkX19TPnl6FfEN1F2OqP1CBc+kBpp95eYF8+Rm8P8ntGWqLh9EAGvR2d7U HTTP/1.1" 200 30244
190.69.60.88 - - [15/Mar/2024:09:25:18 -0500] "POST /sipse/faces/presentacion/financiero/solicitudProceso/detalleSolicitudProcesoOtrosPagos.xhtml HTTP/1.1" 200 10173
186.102.107.6 - - [15/Mar/2024:09:25:23 -0500] "POST /sipse/faces/presentacion/financiero/solicitudProceso/consultar.xhtml HTTP/1.1" 200 12851
201.245.192.253 - - [15/Mar/2024:09:25:27 -0500] "POST /sipse/faces/presentacion/financiero/solicitudProceso/listarSolicitudProceso.xhtml HTTP/1.1" 200 44370
190.69.60.88 - - [15/Mar/2024:09:25:32 -0500] "POST /sipse/faces/presentacion/financiero/solicitudProceso/detalleSolicitudProcesoOtrosPagos.xhtml HTTP/1.1" 200 10169
201.245.192.253 - - [15/Mar/2024:09:25:31 -0500] "POST /sipse/faces/presentacion/financiero/solicitudProceso/listarSolicitudProceso.xhtml HTTP/1.1" 200 44382
201.245.192.253 - - [15/Mar/2024:09:25:34 -0500] "POST /sipse/faces/presentacion/financiero/solicitudProceso/listarSolicitudProceso.xhtml HTTP/1.1" 200 33137
190.69.60.88 - - [15/Mar/2024:09:25:38 -0500] "POST /sipse/faces/presentacion/financiero/solicitudProceso/detalleSolicitudProcesoOtrosPagos.xhtml HTTP/1.1" 200 11704
186.102.107.6 - - [15/Mar/2024:09:25:35 -0500] "POST /sipse/faces/presentacion/financiero/solicitudProceso/consultar.xhtml HTTP/1.1" 200 159973
186.102.107.6 - - [15/Mar/2024:09:25:40 -0500] "GET /sipse/faces/javax.faces.resource/theme.css?ln=primefaces-sipse HTTP/1.1" 304 -
186.102.107.6 - - [15/Mar/2024:09:25:40 -0500] "GET /sipse/faces/javax.faces.resource/primefaces.css?ln=primefaces&v=4.0 HTTP/1.1" 304 -
186.102.107.6 - - [15/Mar/2024:09:25:40 -0500] "GET /sipse/faces/javax.faces.resource/jquery/jquery.js?ln=primefaces&v=4.0 HTTP/1.1" 304 -
186.102.107.6 - - [15/Mar/2024:09:25:40 -0500] "GET /sipse/faces/javax.faces.resource/layout/layout.css?ln=primefaces&v=4.0 HTTP/1.1" 304 -
186.102.107.6 - - [15/Mar/2024:09:25:40 -0500] "GET /sipse/faces/javax.faces.resource/jquery/jquery-plugins.js?ln=primefaces&v=4.0 HTTP/1.1" 304 -
186.102.107.6 - - [15/Mar/2024:09:25:40 -0500] "GET /sipse/faces/javax.faces.resource/primefaces.js?ln=primefaces&v=4.0 HTTP/1.1" 304 -
186.102.107.6 - - [15/Mar/2024:09:25:41 -0500] "GET /sipse/faces/javax.faces.resource/layout/layout.js?ln=primefaces&v=4.0 HTTP/1.1" 304 -
190.69.60.88 - - [15/Mar/2024:09:25:42 -0500] "POST /sipse/faces/presentacion/financiero/solicitudProceso/detalleSolicitudProcesoOtrosPagos.xhtml HTTP/1.1" 200 11756
201.245.192.253 - - [15/Mar/2024:09:25:42 -0500] "POST /forms/lservlet;jsessionid=ac16012b30d672fb2ec093aa4748bf0691d1e088fe72.e3iSbxaKaheRe3iNc3uNbNmQay1ynknvrkLOlQzNp65In0 HTTP/1.1" 200 2
190.69.60.88 - - [15/Mar/2024:09:25:54 -0500] "POST /sipse/faces/presentacion/financiero/solicitudProceso/detalleSolicitudProcesoOtrosPagos.xhtml HTTP/1.1" 200 31055
190.69.60.88 - - [15/Mar/2024:09:25:55 -0500] "GET /sipse/faces/javax.faces.resource/theme.css?ln=primefaces-sipse HTTP/1.1" 304 -
190.69.60.88 - - [15/Mar/2024:09:25:55 -0500] "GET /sipse/faces/javax.faces.resource/layout/layout.css?ln=primefaces&v=4.0 HTTP/1.1" 304 -
190.69.60.88 - - [15/Mar/2024:09:25:55 -0500] "GET /sipse/faces/javax.faces.resource/primefaces.css?ln=primefaces&v=4.0 HTTP/1.1" 304 -
190.69.60.88 - - [15/Mar/2024:09:25:55 -0500] "GET /sipse/faces/javax.faces.resource/jquery/jquery.js?ln=primefaces&v=4.0 HTTP/1.1" 304 -
190.69.60.88 - - [15/Mar/2024:09:25:55 -0500] "GET /sipse/faces/javax.faces.resource/jquery/jquery-plugins.js?ln=primefaces&v=4.0 HTTP/1.1" 304 -
190.69.60.88 - - [15/Mar/2024:09:25:55 -0500] "GET /sipse/css/imagen/contrasena.png HTTP/1.1" 404 383
190.69.60.88 - - [15/Mar/2024:09:25:55 -0500] "GET /sipse/faces/javax.faces.resource/primefaces.js?ln=primefaces&v=4.0 HTTP/1.1" 304 -
190.69.60.88 - - [15/Mar/2024:09:25:55 -0500] "GET /sipse/faces/javax.faces.resource/layout/layout.js?ln=primefaces&v=4.0 HTTP/1.1" 304 -
190.69.60.88 - - [15/Mar/2024:09:25:55 -0500] "POST /sipse/faces/presentacion/financiero/solicitudProceso/solicitudProcesoOtrosPagos.xhtml HTTP/1.1" 200 24319
190.69.60.88 - - [15/Mar/2024:09:25:55 -0500] "POST /sipse/faces/presentacion/financiero/solicitudProceso/solicitudProcesoOtrosPagos.xhtml HTTP/1.1" 200 24319
190.69.60.88 - - [15/Mar/2024:09:25:57 -0500] "POST /sipse/faces/presentacion/financiero/solicitudProceso/solicitudProcesoOtrosPagos.xhtml HTTP/1.1" 200 54995
190.69.60.88 - - [15/Mar/2024:09:25:58 -0500] "GET /sipse/faces/javax.faces.resource/theme.css?ln=primefaces-sipse HTTP/1.1" 304 -
190.69.60.88 - - [15/Mar/2024:09:25:58 -0500] "GET /sipse/faces/javax.faces.resource/layout/layout.css?ln=primefaces&v=4.0 HTTP/1.1" 304 -
190.69.60.88 - - [15/Mar/2024:09:25:58 -0500] "GET /sipse/faces/javax.faces.resource/primefaces.css?ln=primefaces&v=4.0 HTTP/1.1" 304 -
190.69.60.88 - - [15/Mar/2024:09:25:58 -0500] "GET /sipse/faces/javax.faces.resource/fileupload/fileupload.css?ln=primefaces&v=4.0 HTTP/1.1" 304 -
190.69.60.88 - - [15/Mar/2024:09:25:58 -0500] "GET /sipse/faces/javax.faces.resource/jquery/jquery.js?ln=primefaces&v=4.0 HTTP/1.1" 304 -
190.69.60.88 - - [15/Mar/2024:09:25:58 -0500] "GET /sipse/faces/javax.faces.resource/jquery/jquery-plugins.js?ln=primefaces&v=4.0 HTTP/1.1" 304 -
190.69.60.88 - - [15/Mar/2024:09:25:58 -0500] "GET /sipse/faces/javax.faces.resource/primefaces.js?ln=primefaces&v=4.0 HTTP/1.1" 304 -
190.69.60.88 - - [15/Mar/2024:09:25:58 -0500] "GET /sipse/faces/javax.faces.resource/layout/layout.js?ln=primefaces&v=4.0 HTTP/1.1" 304 -
190.69.60.88 - - [15/Mar/2024:09:25:58 -0500] "GET /sipse/faces/javax.faces.resource/fileupload/fileupload.js?ln=primefaces&v=4.0 HTTP/1.1" 304 -
186.102.107.6 - - [15/Mar/2024:09:26:07 -0500] "POST /sipse/faces/presentacion/financiero/solicitudProceso/consultarSolicitudProceso.xhtml HTTP/1.1" 200 5514
190.69.60.88 - - [15/Mar/2024:09:26:10 -0500] "POST /sipse/faces/presentacion/financiero/solicitudProceso/detalleSolicitudProcesoOtrosPagos.xhtml HTTP/1.1" 200 8033
190.69.60.88 - - [15/Mar/2024:09:26:17 -0500] "POST /sipse/faces/presentacion/financiero/solicitudProceso/detalleSolicitudProcesoOtrosPagos.xhtml HTTP/1.1" 200 9625
201.245.192.253 - - [15/Mar/2024:09:26:24 -0500] "POST /kwsrmcab/Wsrmcab  HTTP/1.1" 200 39632
190.69.60.88 - - [15/Mar/2024:09:26:25 -0500] "POST /sipse/faces/presentacion/financiero/solicitudProceso/detalleSolicitudProcesoOtrosPagos.xhtml HTTP/1.1" 200 198
190.69.60.88 - - [15/Mar/2024:09:26:25 -0500] "GET /sipse/faces/presentacion/financiero/solicitudProceso/registroSolicitudProcesoOtrosPagos.xhtml HTTP/1.1" 200 44513
190.69.60.88 - - [15/Mar/2024:09:26:25 -0500] "GET /sipse/faces/javax.faces.resource/theme.css?ln=primefaces-sipse HTTP/1.1" 304 -
190.69.60.88 - - [15/Mar/2024:09:26:25 -0500] "GET /sipse/faces/javax.faces.resource/jquery/jquery.js?ln=primefaces&v=4.0 HTTP/1.1" 304 -
190.69.60.88 - - [15/Mar/2024:09:26:25 -0500] "GET /sipse/faces/javax.faces.resource/layout/layout.css?ln=primefaces&v=4.0 HTTP/1.1" 304 -
190.69.60.88 - - [15/Mar/2024:09:26:25 -0500] "GET /sipse/faces/javax.faces.resource/primefaces.css?ln=primefaces&v=4.0 HTTP/1.1" 304 -
190.69.60.88 - - [15/Mar/2024:09:26:25 -0500] "GET /sipse/faces/javax.faces.resource/fileupload/fileupload.css?ln=primefaces&v=4.0 HTTP/1.1" 304 -
190.69.60.88 - - [15/Mar/2024:09:26:25 -0500] "GET /sipse/faces/javax.faces.resource/jquery/jquery-plugins.js?ln=primefaces&v=4.0 HTTP/1.1" 304 -
190.69.60.88 - - [15/Mar/2024:09:26:25 -0500] "GET /sipse/faces/javax.faces.resource/layout/layout.js?ln=primefaces&v=4.0 HTTP/1.1" 304 -
190.69.60.88 - - [15/Mar/2024:09:26:25 -0500] "GET /sipse/faces/javax.faces.resource/primefaces.js?ln=primefaces&v=4.0 HTTP/1.1" 304 -
190.69.60.88 - - [15/Mar/2024:09:26:25 -0500] "GET /sipse/faces/javax.faces.resource/fileupload/fileupload.js?ln=primefaces&v=4.0 HTTP/1.1" 304 -
190.69.60.88 - - [15/Mar/2024:09:26:25 -0500] "GET /sipse/faces/javax.faces.resource/jsf.js?ln=javax.faces&stage=Development HTTP/1.1" 200 110326
201.245.192.253 - - [15/Mar/2024:09:26:27 -0500] "POST /forms/lservlet;jsessionid=ac16012b30d60c378208792d4757a508e4811830dca4.e3iSbxaKaheRe3iNc3uNbNmQay1ynknvrkLOlQzNp65In0 HTTP/1.1" 200 2
172.22.2.4 - - [15/Mar/2024:09:24:57 -0500] "HEAD /BLA/boletinlegal/ HTTP/1.1" 200 -
186.102.107.6 - - [15/Mar/2024:09:26:57 -0500] "POST /sipse/faces/presentacion/financiero/solicitudProceso/consultarSolicitudProceso.xhtml HTTP/1.1" 200 6014
66.249.77.166 - - [15/Mar/2024:09:26:58 -0500] "GET /BLA/resoluciones/RESOLUCIONES%202009/4082.pdf HTTP/1.1" 200 521211
190.27.141.228 - - [15/Mar/2024:09:27:02 -0500] "GET /kwssiamovil/sm/ldap/au?x=U2FsdGVkX1+WHI8NzE47t9KVe1uSOaEjve36clsM0JH5bgDA+4hK/MmuWJcNeL54&y=U2FsdGVkX19Yd+VnFZuA6IIULoJcVbXNpJZTsY5o1WfptkO3duNIJ3tpK4HsYyDL HTTP/1.1" 200 30
190.27.141.228 - - [15/Mar/2024:09:27:03 -0500] "GET /kwssiamovil/sm/acme/s?s=U2FsdGVkX18+mIXMjZGppwim9kNtWda2+ElIyDDoPXeBkkqQuR17FSUZBSAzFYrRM9yN+H0LpPbRI/7E6b+Y8tDEFKmpPDQpl9uncdE9TVk=&u=U2FsdGVkX1/kYBAqurjf2g7dLZGw5of4X4xxHqb5Ao6u5FTCg0Qj8y4kAnhNPVMF&y=U2FsdGVkX19Yd+VnFZuA6IIULoJcVbXNpJZTsY5o1WfptkO3duNIJ3tpK4HsYyDL HTTP/1.1" 200 97
190.27.141.228 - - [15/Mar/2024:09:27:03 -0500] "GET /kwssiamovil/sm/acme/s?s=U2FsdGVkX1/Tkz703UBZOu9dQfCZ0yWuIF1iTu9HgsI0Nzn8yNdHFqYZnYEA6K5gOwRk1HsKOLvxNWWEnJLDqZ5KypDuJ0m0iA9LpXRrC6cV+A1Qbge5ZGyX/gDt/Dl2VNJ5qtvaV2GXTe3m9waegWnFEi3p8ODiTkQYKcq7IMb8S7rRMj9wzVYDhDi/X/rJ0N0gHVuq2XiWa43++Ehq+Z5R9PqkA6WKT6jupO9vmkYnFw0LIxpsXs9F1iTPQlrBquBIpHxzTMK1CdPApA917hY1n/CqvwFS3mJE4AY8hpoik/ezAeiF7S5wei0RL6Z74oqR3V1HDKGu0DDNQQnYMD9Ndf1ccV98fhhd9GAOk/uZBITjdm6nq8pKGtJb16hQYAXu4+ijGBpWmyXmwixAJRfC3rorVcgVb1xgZJrP3ugxyDOPnmnuYUMcK5oRDZ0mpOv2Y2/3LtDaBYY2BzuGlV7kclX2bD/KOeWYp3rrBIO9lxRTx7z1uGofb7f+M4UGwpffSuIAmdZviJpL/LQVjzWAIxSK8v/SHAmBWAn9R53tBBKRptbkowlD8evn+HIogHZnBVfedWUtF1xCIuBu1yOCcCALuqis/PCwDYmM3FnRmAolr5AEQyZd9nmrUSxuIgZl7T+zaVrBQmWlXuPKS9cZZXhbp7zfEHn3BLx2ktBb/i+uELeBDxuPI8XUw+FaBmUlPokCGO+DLRFUuIwswT9U3gQN8IvJ2B4Kt8lmA72oU63gnMURfwi2D8oqfuiTOvvj0HfYrfvwQac16+31xG94rULgZdZ62BupExzw0MgI4Z3JZdQr6LgR9yjkrouW9g04uH1hHa3nDtNyjQha0+mratzy69tvQdDVrgxN6z7uCpa3x7MWI9OYq35Zpz2fZ+Xz8hgnFKMUcjzsq8WD2JHTuemLMjceuP0t+ccils3XjXitdnQ+NmIDMDoi8rU/CkHhyL2O1UWQ0HIvzOHH8nFcyEGVkzywLSh3XjOfWAa5KtTqCPXFAmv4tdh3nnOtSgNyV9cwpSiMSutio1m+b06kTkcD+v9V1tC1JiOONlCE5ALmvtHmpPhnIQD/CA8WOTL2OtgYpNAl6+XQB3jrA/nF5FVlpDDH/SoeWGcgdKbvZF/ezgS3C1EwwGiDrCgPhgfix1H0Vhh4XtZI2EcgSP1OL8y5iCi67l71uo/ofhQc1Ga52MsOMHi3Rhd54TkG7O9cppcjew0kYddl+gA3yhKXRE/6K4nozi1LGcIdJGFumIW98Qen3KOgJZROIVJsDcyq6QdbHRMCWQsgPIa7lPLyiZKlO6OnKUKnjMdMauyMhcb30WlbrvFab2gQIe2qljyWSSYMNNqs9CWQicwzGDzp4OP4VFDL1U73UOe87m1UnkSVoDZFNHUmLKW0vr7+Q2Nh/ovQ6JJ/hXvgZC8DEmN4e7ge/Kz27cXlHcFSa/9aO++3hRrGFhycIjpp1EfHS7NuwCiWO2WqpR+ar0u5AbnGN6Vk7QPk+iZe+pOzMqm7otZjs7u05LzbNG0MCYBd4S0YizaTMlgI1EzXLJhS4iBBJwUOUnt/XM3Duo0vZyK9/jkoRwffGWd/GpbaznFq49CJ96pZ+AhekKlRM77KWc1RnmqjVtYYUQj/MUwEwMGmnWBjYrL5CqaV52pNHZz9Xwr0PtKQGWp+F6aFahYHEavhKEvi0rS5tdoq3LhCQbTHs2TGJAUDOBJUjZiR2Z1b9HHYEhlVVj0QYCA1MupM8NzX/vSiPze+pu5xC1muWih+wmk/URQ1/A6MdwYvKmYR&u=U2FsdGVkX1/kYBAqurjf2g7dLZGw5of4X4xxHqb5Ao6u5FTCg0Qj8y4kAnhNPVMF&y=U2FsdGVkX19Yd+VnFZuA6IIULoJcVbXNpJZTsY5o1WfptkO3duNIJ3tpK4HsYyDL HTTP/1.1" 200 7097
190.27.141.228 - - [15/Mar/2024:09:27:03 -0500] "GET /kwssiamovil/sm/acme/s?s=U2FsdGVkX1/b6xqM/14LB/iIUcecaT3+pjtaTpBu6BUXSF6SN4fxP8qV2pubxR17OrQgbIaCVDYijZztAbF0QKzhagkEcekLq40UjkSb2dCzJGQpTc6Elg0QW7BvNQWhufin4XkwAu8CXeMDdia8otOCSeH8MyteKGgjzAvXid0sXp2EwuGWyWrWxsnDSJVigQu8O7y8MobKC3NmiWA0FbrKFPmV+pNEo4mAMN2/jlVCE+q/IPjHhjnzKVD+1iir3CWuyImfIYMLzPXW7KbvB0mVtaHea6M0Y5/LAHfq4pHqWEc6zz1UuN0QhnSQe2J/8mjIPvdzTGXo3N3+nFLXoWDGsYGqdMCt2wCSN2mKYljmz26XxTJWUFT8Y7t2h860CEKYtWANxP8OK81HO5oMNA7K+1RX4bpigX4M45KqWy6ZXxxKAP8xk7fqHz9P0l5zYJ1H4ZmZIKuXkRD3eiMDWvgJFfw9UjP7xCbT9g/HQEnhKW+LSs5qO18XVAlSHZCDfk2D3aJElL6A+ruN/p08dIqOcWhtMipvWXshGdRZ0l4eZqco55mxWcHt7Z3Up6NbfQRH2BDZ0efidUsUGKsQOUKex1pEarQrj3SGjvsrzhjsIfT2vnoYO8rb4DV7THa+jWWH7N7Ru0TdWmaOftuwWEiEFEGULGlGjkUR7PJkLK/L204B8+pKJrjP4QN4JV77Oxt15j9x5dNSmsgutG0KXFHV2EpWTvLYLMBpBXXzXHyyflL6tgXgRUFGSBTSdZSVFhSbFsLh0zcl6VZYaV1h3w==&u=U2FsdGVkX1/kYBAqurjf2g7dLZGw5of4X4xxHqb5Ao6u5FTCg0Qj8y4kAnhNPVMF&y=U2FsdGVkX19Yd+VnFZuA6IIULoJcVbXNpJZTsY5o1WfptkO3duNIJ3tpK4HsYyDL HTTP/1.1" 200 354
190.27.141.228 - - [15/Mar/2024:09:27:04 -0500] "GET /kwssiamovil/sm/cjson/pre?f=1&x=U2FsdGVkX1+WHI8NzE47t9KVe1uSOaEjve36clsM0JH5bgDA+4hK/MmuWJcNeL54 HTTP/1.1" 200 30244
190.27.141.228 - - [15/Mar/2024:09:27:04 -0500] "GET /kwssiamovil/sm/cjson/pre?f=18&x=U2FsdGVkX1+WHI8NzE47t9KVe1uSOaEjve36clsM0JH5bgDA+4hK/MmuWJcNeL54 HTTP/1.1" 200 32013
186.102.107.6 - - [15/Mar/2024:09:27:01 -0500] "POST /sipse/faces/presentacion/financiero/solicitudProceso/consultarSolicitudProceso.xhtml HTTP/1.1" 200 65598
186.102.107.6 - - [15/Mar/2024:09:27:05 -0500] "GET /sipse/faces/javax.faces.resource/theme.css?ln=primefaces-sipse HTTP/1.1" 304 -
186.102.107.6 - - [15/Mar/2024:09:27:05 -0500] "GET /sipse/faces/javax.faces.resource/primefaces.css?ln=primefaces&v=4.0 HTTP/1.1" 304 -
186.102.107.6 - - [15/Mar/2024:09:27:05 -0500] "GET /sipse/faces/javax.faces.resource/layout/layout.css?ln=primefaces&v=4.0 HTTP/1.1" 304 -
186.102.107.6 - - [15/Mar/2024:09:27:08 -0500] "GET /sipse/faces/javax.faces.resource/jquery/jquery.js?ln=primefaces&v=4.0 HTTP/1.1" 304 -
186.102.107.6 - - [15/Mar/2024:09:27:10 -0500] "GET /sipse/faces/javax.faces.resource/jquery/jquery-plugins.js?ln=primefaces&v=4.0 HTTP/1.1" 304 -
186.102.107.6 - - [15/Mar/2024:09:27:11 -0500] "GET /sipse/faces/javax.faces.resource/primefaces.js?ln=primefaces&v=4.0 HTTP/1.1" 304 -
186.102.107.6 - - [15/Mar/2024:09:27:11 -0500] "GET /sipse/faces/javax.faces.resource/layout/layout.js?ln=primefaces&v=4.0 HTTP/1.1" 304 -
186.102.107.6 - - [15/Mar/2024:09:27:11 -0500] "POST /sipse/faces/presentacion/financiero/solicitudProceso/listarSolicitudProceso.xhtml HTTP/1.1" 200 58864
186.102.107.6 - - [15/Mar/2024:09:27:12 -0500] "POST /sipse/faces/presentacion/financiero/solicitudProceso/listarSolicitudProceso.xhtml HTTP/1.1" 200 58864
172.22.2.4 - - [15/Mar/2024:09:25:34 -0500] "GET /BLA/boletinlegal/ HTTP/1.1" 200 57485
186.102.107.6 - - [15/Mar/2024:09:27:13 -0500] "POST /sipse/faces/presentacion/financiero/solicitudProceso/listarSolicitudProceso.xhtml HTTP/1.1" 200 1556
186.102.107.6 - - [15/Mar/2024:09:27:16 -0500] "POST /sipse/faces/presentacion/financiero/solicitudProceso/listarSolicitudProceso.xhtml HTTP/1.1" 200 1552
66.249.77.166 - - [15/Mar/2024:09:27:22 -0500] "GET /portel_dama/libreria/php/2006/ECOSISTEMAS%20FINAL%20web_mz27/xxxxx%20incendios/sitio/xtras/2.pdf HTTP/1.1" 404 1018
186.102.107.6 - - [15/Mar/2024:09:27:20 -0500] "POST /sipse/faces/presentacion/financiero/solicitudProceso/listarSolicitudProceso.xhtml HTTP/1.1" 200 1564
66.249.77.164 - - [15/Mar/2024:09:27:29 -0500] "GET /BLA/resoluciones/RESOLUCIONES%202010/1451.pdf HTTP/1.1" 200 356600
201.245.192.253 - - [15/Mar/2024:09:27:42 -0500] "POST /forms/lservlet;jsessionid=ac16012b30d672fb2ec093aa4748bf0691d1e088fe72.e3iSbxaKaheRe3iNc3uNbNmQay1ynknvrkLOlQzNp65In0 HTTP/1.1" 200 2
190.69.60.88 - - [15/Mar/2024:09:27:50 -0500] "POST /sipse/faces/presentacion/financiero/solicitudProceso/registroSolicitudProcesoOtrosPagos.xhtml HTTP/1.1" 200 190
190.69.60.88 - - [15/Mar/2024:09:27:53 -0500] "GET /sipse/faces/presentacion/financiero/solicitudProceso/solicitudProcesoOtrosPagos.xhtml HTTP/1.1" 200 33770
190.69.60.88 - - [15/Mar/2024:09:27:53 -0500] "GET /sipse/faces/javax.faces.resource/theme.css?ln=primefaces-sipse HTTP/1.1" 304 -
190.69.60.88 - - [15/Mar/2024:09:27:53 -0500] "GET /sipse/faces/javax.faces.resource/layout/layout.css?ln=primefaces&v=4.0 HTTP/1.1" 304 -
190.69.60.88 - - [15/Mar/2024:09:27:53 -0500] "GET /sipse/faces/javax.faces.resource/primefaces.css?ln=primefaces&v=4.0 HTTP/1.1" 304 -
190.69.60.88 - - [15/Mar/2024:09:27:53 -0500] "GET /sipse/faces/javax.faces.resource/jquery/jquery.js?ln=primefaces&v=4.0 HTTP/1.1" 304 -
190.69.60.88 - - [15/Mar/2024:09:27:53 -0500] "GET /sipse/faces/javax.faces.resource/jquery/jquery-plugins.js?ln=primefaces&v=4.0 HTTP/1.1" 304 -
190.69.60.88 - - [15/Mar/2024:09:27:53 -0500] "GET /sipse/faces/javax.faces.resource/layout/layout.js?ln=primefaces&v=4.0 HTTP/1.1" 304 -
190.69.60.88 - - [15/Mar/2024:09:27:53 -0500] "GET /sipse/faces/javax.faces.resource/primefaces.js?ln=primefaces&v=4.0 HTTP/1.1" 304 -
190.69.60.88 - - [15/Mar/2024:09:27:53 -0500] "GET /sipse/faces/javax.faces.resource/messages/messages.png?ln=primefaces&v=4.0 HTTP/1.1" 304 -
190.69.60.88 - - [15/Mar/2024:09:27:56 -0500] "POST /sipse/faces/presentacion/financiero/solicitudProceso/solicitudProcesoOtrosPagos.xhtml HTTP/1.1" 200 58182
190.69.60.88 - - [15/Mar/2024:09:27:57 -0500] "GET /sipse/faces/javax.faces.resource/primefaces.css?ln=primefaces&v=4.0 HTTP/1.1" 304 -
190.69.60.88 - - [15/Mar/2024:09:27:57 -0500] "GET /sipse/faces/javax.faces.resource/fileupload/fileupload.css?ln=primefaces&v=4.0 HTTP/1.1" 304 -
190.69.60.88 - - [15/Mar/2024:09:27:57 -0500] "GET /sipse/faces/javax.faces.resource/layout/layout.css?ln=primefaces&v=4.0 HTTP/1.1" 304 -
190.69.60.88 - - [15/Mar/2024:09:27:57 -0500] "GET /sipse/faces/javax.faces.resource/theme.css?ln=primefaces-sipse HTTP/1.1" 304 -
190.69.60.88 - - [15/Mar/2024:09:27:57 -0500] "GET /sipse/faces/javax.faces.resource/jquery/jquery.js?ln=primefaces&v=4.0 HTTP/1.1" 304 -
190.69.60.88 - - [15/Mar/2024:09:27:57 -0500] "GET /sipse/faces/javax.faces.resource/jquery/jquery-plugins.js?ln=primefaces&v=4.0 HTTP/1.1" 304 -
190.69.60.88 - - [15/Mar/2024:09:27:57 -0500] "GET /sipse/faces/javax.faces.resource/primefaces.js?ln=primefaces&v=4.0 HTTP/1.1" 304 -
190.69.60.88 - - [15/Mar/2024:09:27:57 -0500] "GET /sipse/faces/javax.faces.resource/layout/layout.js?ln=primefaces&v=4.0 HTTP/1.1" 304 -
190.69.60.88 - - [15/Mar/2024:09:27:57 -0500] "GET /sipse/faces/javax.faces.resource/fileupload/fileupload.js?ln=primefaces&v=4.0 HTTP/1.1" 304 -
201.245.192.253 - - [15/Mar/2024:09:28:07 -0500] "GET /appsia/controlador HTTP/1.1" 200 4799
201.245.192.253 - - [15/Mar/2024:09:28:07 -0500] "GET /favicon.ico HTTP/1.1" 200 7782
66.249.77.165 - - [15/Mar/2024:09:28:13 -0500] "GET /resoluciones/RESOLUCIONES%202009/0582.pdf HTTP/1.1" 404 1018
201.245.192.253 - - [15/Mar/2024:09:28:27 -0500] "POST /forms/lservlet;jsessionid=ac16012b30d60c378208792d4757a508e4811830dca4.e3iSbxaKaheRe3iNc3uNbNmQay1ynknvrkLOlQzNp65In0 HTTP/1.1" 200 2
114.119.132.238 - - [15/Mar/2024:09:28:31 -0500] "GET /BLA/resoluciones/index.php?dir=RESOLUCIONES%2B2011/&sort=name&order=asc HTTP/1.1" 200 14312
216.245.221.92 - - [15/Mar/2024:09:28:37 -0500] "HEAD / HTTP/1.1" 200 -
66.249.77.165 - - [15/Mar/2024:09:28:45 -0500] "GET /BLA/resoluciones/Notificaciones/REGISTROS%202017/158.pdf HTTP/1.1" 200 311000
201.245.192.253 - - [15/Mar/2024:09:29:28 -0500] "GET /mesa/contrasena.pdf HTTP/1.1" 200 443199
201.245.192.253 - - [15/Mar/2024:09:29:28 -0500] "GET /mesa/contrasena.pdf HTTP/1.1" 206 1
201.245.192.253 - - [15/Mar/2024:09:29:29 -0500] "GET /mesa/contrasena.pdf HTTP/1.1" 206 326671
201.245.192.253 - - [15/Mar/2024:09:29:27 -0500] "POST /kwsrmcab/Wsrmcab HTTP/1.1" 200 37227
201.245.192.253 - - [15/Mar/2024:09:29:30 -0500] "POST /kwsrmcab/Wsrmcab HTTP/1.1" 200 37366
201.245.192.253 - - [15/Mar/2024:09:29:42 -0500] "POST /forms/lservlet;jsessionid=ac16012b30d672fb2ec093aa4748bf0691d1e088fe72.e3iSbxaKaheRe3iNc3uNbNmQay1ynknvrkLOlQzNp65In0 HTTP/1.1" 200 2
172.22.2.4 - - [15/Mar/2024:09:28:05 -0500] "HEAD /BLA/boletinlegal/ HTTP/1.1" 200 -
201.245.192.253 - - [15/Mar/2024:09:29:55 -0500] "POST /kwsrmcab/Wsrmcab HTTP/1.1" 200 37384
200.118.80.167 - - [15/Mar/2024:09:30:04 -0500] "POST /sipse/faces/presentacion/financiero/solicitudProceso/consultar.xhtml HTTP/1.1" 200 12849
201.245.192.253 - - [15/Mar/2024:09:14:07 -0500] "POST /reportes_sipse/sdg/ServletReporte?seguimiento_procesos& HTTP/1.1" 200 24592
200.118.80.167 - - [15/Mar/2024:09:30:20 -0500] "POST /sipse/faces/presentacion/financiero/solicitudProceso/consultar.xhtml HTTP/1.1" 200 12831
201.245.192.253 - - [15/Mar/2024:09:30:27 -0500] "POST /forms/lservlet;jsessionid=ac16012b30d60c378208792d4757a508e4811830dca4.e3iSbxaKaheRe3iNc3uNbNmQay1ynknvrkLOlQzNp65In0 HTTP/1.1" 200 2
200.118.80.167 - - [15/Mar/2024:09:30:32 -0500] "POST /sipse/faces/presentacion/financiero/solicitudProceso/consultar.xhtml HTTP/1.1" 200 12928
172.22.2.4 - - [15/Mar/2024:09:28:56 -0500] "GET /BLA/boletinlegal/ HTTP/1.1" 200 58273
201.245.192.253 - - [15/Mar/2024:09:30:34 -0500] "POST /kwsrmcab/Wsrmcab HTTP/1.1" 200 37366
200.118.80.167 - - [15/Mar/2024:09:30:45 -0500] "POST /sipse/faces/presentacion/financiero/solicitudProceso/consultar.xhtml HTTP/1.1" 200 12930
114.119.132.170 - - [15/Mar/2024:09:30:45 -0500] "GET /BLA/resoluciones/index.php?dir=RESOLUCIONES%2B2009/&sort=size&order=asc HTTP/1.1" 200 14312
190.69.60.88 - - [15/Mar/2024:09:30:52 -0500] "POST /sipse/faces/presentacion/financiero/solicitudProceso/detalleSolicitudProcesoOtrosPagos.xhtml HTTP/1.1" 200 190
190.69.60.88 - - [15/Mar/2024:09:30:53 -0500] "GET /sipse/faces/presentacion/financiero/solicitudProceso/solicitudProcesoOtrosPagos.xhtml HTTP/1.1" 200 33815
190.69.60.88 - - [15/Mar/2024:09:30:53 -0500] "GET /sipse/faces/javax.faces.resource/theme.css?ln=primefaces-sipse HTTP/1.1" 304 -
190.69.60.88 - - [15/Mar/2024:09:30:53 -0500] "GET /sipse/faces/javax.faces.resource/primefaces.css?ln=primefaces&v=4.0 HTTP/1.1" 304 -
190.69.60.88 - - [15/Mar/2024:09:30:53 -0500] "GET /sipse/faces/javax.faces.resource/jquery/jquery-plugins.js?ln=primefaces&v=4.0 HTTP/1.1" 304 -
190.69.60.88 - - [15/Mar/2024:09:30:53 -0500] "GET /sipse/faces/javax.faces.resource/layout/layout.css?ln=primefaces&v=4.0 HTTP/1.1" 304 -
190.69.60.88 - - [15/Mar/2024:09:30:53 -0500] "GET /sipse/faces/javax.faces.resource/primefaces.js?ln=primefaces&v=4.0 HTTP/1.1" 304 -
190.69.60.88 - - [15/Mar/2024:09:30:53 -0500] "GET /sipse/faces/javax.faces.resource/jquery/jquery.js?ln=primefaces&v=4.0 HTTP/1.1" 304 -
190.69.60.88 - - [15/Mar/2024:09:30:53 -0500] "GET /sipse/faces/javax.faces.resource/layout/layout.js?ln=primefaces&v=4.0 HTTP/1.1" 304 -
190.69.60.88 - - [15/Mar/2024:09:31:02 -0500] "GET /sipse/faces/index.xhtml HTTP/1.1" 200 677
190.69.60.88 - - [15/Mar/2024:09:31:02 -0500] "GET /sipse/faces/javax.faces.resource/theme.css?ln=primefaces-sipse HTTP/1.1" 304 -
190.69.60.88 - - [15/Mar/2024:09:31:02 -0500] "GET /sipse/faces/faces/autenticacion.xhtml HTTP/1.1" 200 12411
190.69.60.88 - - [15/Mar/2024:09:31:02 -0500] "GET /sipse/faces/javax.faces.resource/theme.css?ln=primefaces-sipse HTTP/1.1" 304 -
190.69.60.88 - - [15/Mar/2024:09:31:02 -0500] "GET /sipse/faces/javax.faces.resource/primefaces.css?ln=primefaces&v=4.0 HTTP/1.1" 304 -
190.69.60.88 - - [15/Mar/2024:09:31:02 -0500] "GET /sipse/faces/javax.faces.resource/layout/layout.css?ln=primefaces&v=4.0 HTTP/1.1" 304 -
190.69.60.88 - - [15/Mar/2024:09:31:02 -0500] "GET /sipse/faces/javax.faces.resource/jquery/jquery.js?ln=primefaces&v=4.0 HTTP/1.1" 304 -
190.69.60.88 - - [15/Mar/2024:09:31:02 -0500] "GET /sipse/faces/javax.faces.resource/primefaces.js?ln=primefaces&v=4.0 HTTP/1.1" 304 -
190.69.60.88 - - [15/Mar/2024:09:31:02 -0500] "GET /sipse/faces/javax.faces.resource/jquery/jquery-plugins.js?ln=primefaces&v=4.0 HTTP/1.1" 304 -
190.69.60.88 - - [15/Mar/2024:09:31:02 -0500] "GET /sipse/faces/javax.faces.resource/layout/layout.js?ln=primefaces&v=4.0 HTTP/1.1" 304 -
201.245.192.253 - - [15/Mar/2024:09:31:00 -0500] "POST /sipse/faces/presentacion/proyectos/proyecto/proyecto.xhtml HTTP/1.1" 200 72007
201.245.192.253 - - [15/Mar/2024:09:31:03 -0500] "GET /sipse/faces/javax.faces.resource/jquery/jquery.js?ln=primefaces&v=4.0 HTTP/1.1" 304 -
201.245.192.253 - - [15/Mar/2024:09:31:03 -0500] "GET /sipse/faces/javax.faces.resource/jquery/jquery-plugins.js?ln=primefaces&v=4.0 HTTP/1.1" 304 -
201.245.192.253 - - [15/Mar/2024:09:31:03 -0500] "GET /sipse/faces/javax.faces.resource/primefaces.js?ln=primefaces&v=4.0 HTTP/1.1" 304 -
201.245.192.253 - - [15/Mar/2024:09:31:03 -0500] "GET /sipse/faces/javax.faces.resource/layout/layout.js?ln=primefaces&v=4.0 HTTP/1.1" 304 -
190.69.60.88 - - [15/Mar/2024:09:31:11 -0500] "POST /sipse/faces/autenticacion.xhtml HTTP/1.1" 200 16916
190.69.60.88 - - [15/Mar/2024:09:31:12 -0500] "GET /sipse/faces/javax.faces.resource/primefaces.css?ln=primefaces&v=4.0 HTTP/1.1" 304 -
190.69.60.88 - - [15/Mar/2024:09:31:12 -0500] "GET /sipse/faces/javax.faces.resource/theme.css?ln=primefaces-sipse HTTP/1.1" 304 -
190.69.60.88 - - [15/Mar/2024:09:31:12 -0500] "GET /sipse/faces/javax.faces.resource/layout/layout.css?ln=primefaces&v=4.0 HTTP/1.1" 304 -
190.69.60.88 - - [15/Mar/2024:09:31:12 -0500] "GET /sipse/faces/javax.faces.resource/jquery/jquery.js?ln=primefaces&v=4.0 HTTP/1.1" 304 -
190.69.60.88 - - [15/Mar/2024:09:31:12 -0500] "GET /sipse/faces/javax.faces.resource/jquery/jquery-plugins.js?ln=primefaces&v=4.0 HTTP/1.1" 304 -
190.69.60.88 - - [15/Mar/2024:09:31:12 -0500] "GET /sipse/faces/javax.faces.resource/primefaces.js?ln=primefaces&v=4.0 HTTP/1.1" 304 -
190.69.60.88 - - [15/Mar/2024:09:31:12 -0500] "GET /sipse/faces/javax.faces.resource/layout/layout.js?ln=primefaces&v=4.0 HTTP/1.1" 304 -
190.69.60.88 - - [15/Mar/2024:09:31:15 -0500] "POST /sipse/faces/bienvenido.xhtml HTTP/1.1" 200 2073
190.69.60.88 - - [15/Mar/2024:09:31:15 -0500] "POST /sipse/faces/bienvenido.xhtml HTTP/1.1" 200 2658
190.69.60.88 - - [15/Mar/2024:09:31:16 -0500] "POST /sipse/faces/bienvenido.xhtml HTTP/1.1" 200 32043
190.69.60.88 - - [15/Mar/2024:09:31:16 -0500] "GET /sipse/faces/javax.faces.resource/theme.css?ln=primefaces-sipse HTTP/1.1" 304 -
190.69.60.88 - - [15/Mar/2024:09:31:16 -0500] "GET /sipse/faces/javax.faces.resource/primefaces.css?ln=primefaces&v=4.0 HTTP/1.1" 304 -
190.69.60.88 - - [15/Mar/2024:09:31:16 -0500] "GET /sipse/faces/javax.faces.resource/layout/layout.css?ln=primefaces&v=4.0 HTTP/1.1" 304 -
190.69.60.88 - - [15/Mar/2024:09:31:16 -0500] "GET /sipse/faces/javax.faces.resource/jquery/jquery.js?ln=primefaces&v=4.0 HTTP/1.1" 304 -
190.69.60.88 - - [15/Mar/2024:09:31:16 -0500] "GET /sipse/faces/javax.faces.resource/jquery/jquery-plugins.js?ln=primefaces&v=4.0 HTTP/1.1" 304 -
190.69.60.88 - - [15/Mar/2024:09:31:16 -0500] "GET /sipse/faces/javax.faces.resource/primefaces.js?ln=primefaces&v=4.0 HTTP/1.1" 304 -
190.69.60.88 - - [15/Mar/2024:09:31:16 -0500] "GET /sipse/faces/javax.faces.resource/layout/layout.js?ln=primefaces&v=4.0 HTTP/1.1" 304 -
190.69.60.88 - - [15/Mar/2024:09:31:18 -0500] "POST /sipse/faces/presentacion/financiero/solicitudProceso/solicitudProcesoOtrosPagos.xhtml HTTP/1.1" 200 56604
190.69.60.88 - - [15/Mar/2024:09:31:19 -0500] "GET /sipse/faces/javax.faces.resource/theme.css?ln=primefaces-sipse HTTP/1.1" 304 -
190.69.60.88 - - [15/Mar/2024:09:31:19 -0500] "GET /sipse/faces/javax.faces.resource/fileupload/fileupload.css?ln=primefaces&v=4.0 HTTP/1.1" 304 -
190.69.60.88 - - [15/Mar/2024:09:31:19 -0500] "GET /sipse/faces/javax.faces.resource/primefaces.css?ln=primefaces&v=4.0 HTTP/1.1" 304 -
190.69.60.88 - - [15/Mar/2024:09:31:19 -0500] "GET /sipse/faces/javax.faces.resource/layout/layout.css?ln=primefaces&v=4.0 HTTP/1.1" 304 -
190.69.60.88 - - [15/Mar/2024:09:31:19 -0500] "GET /sipse/faces/javax.faces.resource/jquery/jquery.js?ln=primefaces&v=4.0 HTTP/1.1" 304 -
190.69.60.88 - - [15/Mar/2024:09:31:19 -0500] "GET /sipse/faces/javax.faces.resource/jquery/jquery-plugins.js?ln=primefaces&v=4.0 HTTP/1.1" 304 -
190.69.60.88 - - [15/Mar/2024:09:31:19 -0500] "GET /sipse/faces/javax.faces.resource/primefaces.js?ln=primefaces&v=4.0 HTTP/1.1" 304 -
190.69.60.88 - - [15/Mar/2024:09:31:19 -0500] "GET /sipse/faces/javax.faces.resource/layout/layout.js?ln=primefaces&v=4.0 HTTP/1.1" 304 -
190.69.60.88 - - [15/Mar/2024:09:31:19 -0500] "GET /sipse/faces/javax.faces.resource/fileupload/fileupload.js?ln=primefaces&v=4.0 HTTP/1.1" 304 -
201.245.192.253 - - [15/Mar/2024:09:31:22 -0500] "POST /kwsrmcab/Wsrmcab  HTTP/1.1" 200 39632
190.69.60.88 - - [15/Mar/2024:09:31:24 -0500] "POST /sipse/faces/presentacion/financiero/solicitudProceso/detalleSolicitudProcesoOtrosPagos.xhtml HTTP/1.1" 200 190
190.69.60.88 - - [15/Mar/2024:09:31:24 -0500] "GET /sipse/faces/presentacion/financiero/solicitudProceso/solicitudProcesoOtrosPagos.xhtml HTTP/1.1" 200 31779
190.69.60.88 - - [15/Mar/2024:09:31:24 -0500] "GET /sipse/faces/javax.faces.resource/theme.css?ln=primefaces-sipse HTTP/1.1" 304 -
190.69.60.88 - - [15/Mar/2024:09:31:24 -0500] "GET /sipse/faces/javax.faces.resource/primefaces.css?ln=primefaces&v=4.0 HTTP/1.1" 304 -
190.69.60.88 - - [15/Mar/2024:09:31:24 -0500] "GET /sipse/faces/javax.faces.resource/layout/layout.css?ln=primefaces&v=4.0 HTTP/1.1" 304 -
190.69.60.88 - - [15/Mar/2024:09:31:24 -0500] "GET /sipse/faces/javax.faces.resource/jquery/jquery.js?ln=primefaces&v=4.0 HTTP/1.1" 304 -
190.69.60.88 - - [15/Mar/2024:09:31:24 -0500] "GET /sipse/faces/javax.faces.resource/jquery/jquery-plugins.js?ln=primefaces&v=4.0 HTTP/1.1" 304 -
190.69.60.88 - - [15/Mar/2024:09:31:24 -0500] "GET /sipse/faces/javax.faces.resource/primefaces.js?ln=primefaces&v=4.0 HTTP/1.1" 304 -
190.69.60.88 - - [15/Mar/2024:09:31:24 -0500] "GET /sipse/faces/javax.faces.resource/layout/layout.js?ln=primefaces&v=4.0 HTTP/1.1" 304 -
201.245.192.253 - - [15/Mar/2024:09:31:25 -0500] "POST /sipse/faces/presentacion/proyectos/proyecto/presupuesto/presupuestoEntreActividades/seleccionarActividadesOrigen.xhtml HTTP/1.1" 200 1844
200.118.80.167 - - [15/Mar/2024:09:31:26 -0500] "POST /sipse/faces/presentacion/financiero/solicitudProceso/consultar.xhtml HTTP/1.1" 200 12940
201.245.192.253 - - [15/Mar/2024:09:31:40 -0500] "POST /sipse/faces/presentacion/proyectos/proyecto/presupuesto/presupuestoEntreActividades/seleccionarActividadesOrigen.xhtml HTTP/1.1" 200 68269
201.245.192.253 - - [15/Mar/2024:09:31:41 -0500] "GET /sipse/faces/javax.faces.resource/jquery/jquery.js?ln=primefaces&v=4.0 HTTP/1.1" 304 -
201.245.192.253 - - [15/Mar/2024:09:31:41 -0500] "GET /sipse/faces/javax.faces.resource/jquery/jquery-plugins.js?ln=primefaces&v=4.0 HTTP/1.1" 304 -
201.245.192.253 - - [15/Mar/2024:09:31:41 -0500] "GET /sipse/faces/javax.faces.resource/primefaces.js?ln=primefaces&v=4.0 HTTP/1.1" 304 -
201.245.192.253 - - [15/Mar/2024:09:31:41 -0500] "GET /sipse/faces/javax.faces.resource/layout/layout.js?ln=primefaces&v=4.0 HTTP/1.1" 304 -
201.245.192.253 - - [15/Mar/2024:09:31:42 -0500] "POST /forms/lservlet;jsessionid=ac16012b30d672fb2ec093aa4748bf0691d1e088fe72.e3iSbxaKaheRe3iNc3uNbNmQay1ynknvrkLOlQzNp65In0 HTTP/1.1" 200 2
200.118.80.167 - - [15/Mar/2024:09:31:47 -0500] "POST /sipse/faces/presentacion/financiero/solicitudProceso/consultar.xhtml HTTP/1.1" 200 12918
200.118.80.167 - - [15/Mar/2024:09:32:00 -0500] "POST /sipse/faces/presentacion/financiero/solicitudProceso/consultar.xhtml HTTP/1.1" 200 12922
201.245.192.253 - - [15/Mar/2024:09:32:02 -0500] "POST /sipse/faces/presentacion/proyectos/proyecto/presupuesto/presupuestoEntreActividades/seleccionarActividadesDestino.xhtml HTTP/1.1" 200 36817
201.245.192.253 - - [15/Mar/2024:09:32:03 -0500] "GET /sipse/faces/javax.faces.resource/jquery/jquery.js?ln=primefaces&v=4.0 HTTP/1.1" 304 -
201.245.192.253 - - [15/Mar/2024:09:32:03 -0500] "GET /sipse/faces/javax.faces.resource/jquery/jquery-plugins.js?ln=primefaces&v=4.0 HTTP/1.1" 304 -
201.245.192.253 - - [15/Mar/2024:09:32:03 -0500] "GET /sipse/faces/javax.faces.resource/primefaces.js?ln=primefaces&v=4.0 HTTP/1.1" 304 -
201.245.192.253 - - [15/Mar/2024:09:32:03 -0500] "GET /sipse/faces/javax.faces.resource/layout/layout.js?ln=primefaces&v=4.0 HTTP/1.1" 304 -
201.245.192.253 - - [15/Mar/2024:09:24:04 -0500] "POST /reportes_sipse/sdg/ServletReporte?seguimiento_procesos& HTTP/1.1" 200 336979
172.22.2.4 - - [15/Mar/2024:09:32:09 -0500] "GET /BLA/boletinlegal/actos.php HTTP/1.1" 200 9738
172.22.2.4 - - [15/Mar/2024:09:32:10 -0500] "GET /BLA/boletinlegal/js/ajax_actos.js HTTP/1.1" 200 1322
172.22.2.4 - - [15/Mar/2024:09:32:10 -0500] "GET /BLA/boletinlegal/niceforms.js HTTP/1.1" 200 22876
172.22.2.4 - - [15/Mar/2024:09:32:10 -0500] "GET /BLA/boletinlegal/styles2.css HTTP/1.1" 200 1838
172.22.2.4 - - [15/Mar/2024:09:32:10 -0500] "GET /BLA/boletinlegal/niceforms-default.css HTTP/1.1" 200 6694
172.22.2.4 - - [15/Mar/2024:09:32:10 -0500] "GET /BLA/boletinlegal/style.css HTTP/1.1" 200 9406
172.22.2.4 - - [15/Mar/2024:09:32:10 -0500] "GET /BLA/boletinlegal/js/lib.js HTTP/1.1" 200 6474
172.22.2.4 - - [15/Mar/2024:09:32:10 -0500] "GET /BLA/boletinlegal/js/jquery1.js HTTP/1.1" 200 29846
172.22.2.4 - - [15/Mar/2024:09:32:10 -0500] "GET /BLA/boletinlegal/js/popup.js HTTP/1.1" 200 1270
172.22.2.4 - - [15/Mar/2024:09:32:10 -0500] "GET /BLA/boletinlegal/images/cabezote%20BLEGAL.jpg HTTP/1.1" 200 118164
172.22.2.4 - - [15/Mar/2024:09:32:10 -0500] "GET /BLA/boletinlegal/images/subscribe-icon-big.png HTTP/1.1" 200 47702
172.22.2.4 - - [15/Mar/2024:09:32:10 -0500] "GET /BLA/boletinlegal/images/registro-usuarios.png HTTP/1.1" 200 8106
172.22.2.4 - - [15/Mar/2024:09:32:10 -0500] "GET /BLA/boletinlegal/images/green-yellow-blue-pink-th.png HTTP/1.1" 200 7394
172.22.2.4 - - [15/Mar/2024:09:32:10 -0500] "GET /BLA/boletinlegal/images/historia.png HTTP/1.1" 200 52775
172.22.2.4 - - [15/Mar/2024:09:32:10 -0500] "GET /BLA/boletinlegal/images/tel.png HTTP/1.1" 200 14477
172.22.2.4 - - [15/Mar/2024:09:32:10 -0500] "GET /BLA/boletinlegal/images/icono-email.png HTTP/1.1" 200 5544
172.22.2.4 - - [15/Mar/2024:09:32:10 -0500] "GET /BLA/boletinlegal/images/body_bg.jpg HTTP/1.1" 200 1601
172.22.2.4 - - [15/Mar/2024:09:32:10 -0500] "GET /BLA/boletinlegal/images/menu_lft.gif HTTP/1.1" 200 1713
172.22.2.4 - - [15/Mar/2024:09:32:10 -0500] "GET /BLA/boletinlegal/images/menu_rght.gif HTTP/1.1" 200 1627
172.22.2.4 - - [15/Mar/2024:09:32:10 -0500] "GET /BLA/boletinlegal/images/bg_top.jpg HTTP/1.1" 200 522
172.22.2.4 - - [15/Mar/2024:09:32:10 -0500] "GET /BLA/boletinlegal/images/menu_bg.jpg HTTP/1.1" 200 620
172.22.2.4 - - [15/Mar/2024:09:32:10 -0500] "GET /BLA/boletinlegal/images/hover.jpg HTTP/1.1" 200 640
172.22.2.4 - - [15/Mar/2024:09:32:10 -0500] "GET /BLA/boletinlegal/images/text.jpg HTTP/1.1" 200 568
172.22.2.4 - - [15/Mar/2024:09:32:10 -0500] "GET /BLA/boletinlegal/images/footer_bg.jpg HTTP/1.1" 200 586
172.22.2.4 - - [15/Mar/2024:09:32:10 -0500] "GET /BLA/boletinlegal/images/footer_bg_l.jpg HTTP/1.1" 200 776
172.22.2.4 - - [15/Mar/2024:09:32:10 -0500] "GET /BLA/boletinlegal/img/0.png HTTP/1.1" 200 110
172.22.2.4 - - [15/Mar/2024:09:32:10 -0500] "GET /BLA/boletinlegal/img/select-right.png HTTP/1.1" 200 44019
172.22.2.4 - - [15/Mar/2024:09:32:10 -0500] "GET /BLA/boletinlegal/img/button-right.png HTTP/1.1" 200 57878
172.22.2.4 - - [15/Mar/2024:09:32:10 -0500] "GET /BLA/boletinlegal/img/select-left.png HTTP/1.1" 200 263
172.22.2.4 - - [15/Mar/2024:09:32:10 -0500] "GET /BLA/boletinlegal/img/button-left.png HTTP/1.1" 200 57071
172.22.2.4 - - [15/Mar/2024:09:32:10 -0500] "GET /BLA/boletinlegal/img/button.png HTTP/1.1" 200 43241
172.22.2.4 - - [15/Mar/2024:09:32:10 -0500] "GET /BLA/boletinlegal/favicon.ico HTTP/1.1" 404 1326
200.118.80.167 - - [15/Mar/2024:09:32:11 -0500] "POST /sipse/faces/presentacion/financiero/solicitudProceso/consultar.xhtml HTTP/1.1" 200 12888
201.245.192.253 - - [15/Mar/2024:09:32:12 -0500] "GET /BLA/resoluciones/ HTTP/1.1" 200 14105
201.245.192.253 - - [15/Mar/2024:09:32:13 -0500] "GET /BLA/resoluciones/dlf/styles.css HTTP/1.1" 200 3049
201.245.192.253 - - [15/Mar/2024:09:32:13 -0500] "GET /BLA/resoluciones/dlf/bg.gif HTTP/1.1" 200 54
201.245.192.253 - - [15/Mar/2024:09:32:13 -0500] "GET /BLA/resoluciones/dlf/folder.png HTTP/1.1" 200 410
201.245.192.253 - - [15/Mar/2024:09:32:13 -0500] "GET /favicon.ico HTTP/1.1" 200 7782
201.245.192.253 - - [15/Mar/2024:09:32:21 -0500] "GET /BLA/resoluciones/dlf/dirup.png HTTP/1.1" 200 644
201.245.192.253 - - [15/Mar/2024:09:32:21 -0500] "GET /BLA/resoluciones/dlf/pdf.gif HTTP/1.1" 200 272
201.245.192.253 - - [15/Mar/2024:09:32:21 -0500] "GET /BLA/resoluciones/dlf/archive.png HTTP/1.1" 200 632
201.245.192.253 - - [15/Mar/2024:09:32:21 -0500] "GET /BLA/resoluciones/index.php?dir=RESOLUCIONES+2023%2F HTTP/1.1" 200 146678
201.245.192.253 - - [15/Mar/2024:09:32:22 -0500] "POST /sipse/faces/presentacion/proyectos/proyecto/presupuesto/presupuestoEntreActividades/resumen.xhtml HTTP/1.1" 200 70753
201.245.192.253 - - [15/Mar/2024:09:32:22 -0500] "GET /sipse/faces/javax.faces.resource/jquery/jquery.js?ln=primefaces&v=4.0 HTTP/1.1" 304 -
201.245.192.253 - - [15/Mar/2024:09:32:22 -0500] "GET /sipse/faces/javax.faces.resource/layout/layout.css?ln=primefaces&v=4.0 HTTP/1.1" 304 -
201.245.192.253 - - [15/Mar/2024:09:32:22 -0500] "GET /sipse/faces/javax.faces.resource/primefaces.css?ln=primefaces&v=4.0 HTTP/1.1" 304 -
201.245.192.253 - - [15/Mar/2024:09:32:22 -0500] "GET /sipse/faces/javax.faces.resource/theme.css?ln=primefaces-sipse HTTP/1.1" 304 -
201.245.192.253 - - [15/Mar/2024:09:32:22 -0500] "GET /sipse/faces/javax.faces.resource/primefaces.js?ln=primefaces&v=4.0 HTTP/1.1" 304 -
201.245.192.253 - - [15/Mar/2024:09:32:22 -0500] "GET /sipse/faces/javax.faces.resource/jquery/jquery-plugins.js?ln=primefaces&v=4.0 HTTP/1.1" 304 -
201.245.192.253 - - [15/Mar/2024:09:32:22 -0500] "GET /sipse/faces/javax.faces.resource/layout/layout.js?ln=primefaces&v=4.0 HTTP/1.1" 304 -
201.245.192.253 - - [15/Mar/2024:09:32:23 -0500] "GET /sipse/faces/javax.faces.resource/spacer/dot_clear.gif?ln=primefaces&v=4.0 HTTP/1.1" 304 -
201.245.192.253 - - [15/Mar/2024:09:32:23 -0500] "GET /sipse/faces/javax.faces.resource/images/ui-icons_898989_256x240.png?ln=primefaces-aristo HTTP/1.1" 304 -
201.245.192.253 - - [15/Mar/2024:09:32:26 -0500] "POST /sipse/faces/presentacion/proyectos/proyecto/presupuesto/presupuestoEntreActividades/seleccionarActividadesDestino.xhtml HTTP/1.1" 200 75321
201.245.192.253 - - [15/Mar/2024:09:32:26 -0500] "GET /sipse/faces/javax.faces.resource/primefaces.css?ln=primefaces&v=4.0 HTTP/1.1" 304 -
201.245.192.253 - - [15/Mar/2024:09:32:26 -0500] "GET /sipse/faces/javax.faces.resource/theme.css?ln=primefaces-sipse HTTP/1.1" 304 -
201.245.192.253 - - [15/Mar/2024:09:32:26 -0500] "GET /sipse/faces/javax.faces.resource/layout/layout.css?ln=primefaces&v=4.0 HTTP/1.1" 304 -
201.245.192.253 - - [15/Mar/2024:09:32:26 -0500] "GET /sipse/faces/javax.faces.resource/jquery/jquery.js?ln=primefaces&v=4.0 HTTP/1.1" 304 -
201.245.192.253 - - [15/Mar/2024:09:32:26 -0500] "GET /sipse/faces/javax.faces.resource/jquery/jquery-plugins.js?ln=primefaces&v=4.0 HTTP/1.1" 304 -
201.245.192.253 - - [15/Mar/2024:09:32:26 -0500] "GET /sipse/faces/javax.faces.resource/primefaces.js?ln=primefaces&v=4.0 HTTP/1.1" 304 -
201.245.192.253 - - [15/Mar/2024:09:32:26 -0500] "GET /sipse/faces/javax.faces.resource/layout/layout.js?ln=primefaces&v=4.0 HTTP/1.1" 304 -
201.245.192.253 - - [15/Mar/2024:09:32:26 -0500] "GET /sipse/faces/javax.faces.resource/spacer/dot_clear.gif?ln=primefaces&v=4.0 HTTP/1.1" 304 -
201.245.192.253 - - [15/Mar/2024:09:32:26 -0500] "GET /sipse/faces/javax.faces.resource/images/ui-icons_898989_256x240.png?ln=primefaces-aristo HTTP/1.1" 304 -
201.245.192.253 - - [15/Mar/2024:09:32:27 -0500] "POST /forms/lservlet;jsessionid=ac16012b30d60c378208792d4757a508e4811830dca4.e3iSbxaKaheRe3iNc3uNbNmQay1ynknvrkLOlQzNp65In0 HTTP/1.1" 200 2
201.245.192.253 - - [15/Mar/2024:09:32:30 -0500] "GET /BLA/resoluciones/RESOLUCIONES%202023/1038.pdf HTTP/1.1" 200 498627
201.245.192.253 - - [15/Mar/2024:09:32:36 -0500] "GET /sipse/faces/javax.faces.resource/images/ui-bg_flat_0_2d5972_40x100.png?ln=primefaces-aristo HTTP/1.1" 304 -
201.245.192.253 - - [15/Mar/2024:09:32:36 -0500] "POST /sipse/faces/presentacion/proyectos/proyecto/presupuesto/presupuestoEntreActividades/seleccionarActividadesOrigen.xhtml HTTP/1.1" 200 1844
207.46.13.102 - - [15/Mar/2024:09:32:44 -0500] "GET /BLA/resoluciones/RESOLUCIONES%202022/0496.pdf HTTP/1.1" 304 -
201.245.192.253 - - [15/Mar/2024:09:32:43 -0500] "POST /sipse/faces/presentacion/proyectos/proyecto/presupuesto/presupuestoEntreActividades/seleccionarActividadesOrigen.xhtml HTTP/1.1" 200 68269
201.245.192.253 - - [15/Mar/2024:09:32:44 -0500] "GET /sipse/faces/javax.faces.resource/jquery/jquery.js?ln=primefaces&v=4.0 HTTP/1.1" 304 -
201.245.192.253 - - [15/Mar/2024:09:32:44 -0500] "GET /sipse/faces/javax.faces.resource/jquery/jquery-plugins.js?ln=primefaces&v=4.0 HTTP/1.1" 304 -
201.245.192.253 - - [15/Mar/2024:09:32:44 -0500] "GET /sipse/faces/javax.faces.resource/primefaces.js?ln=primefaces&v=4.0 HTTP/1.1" 304 -
201.245.192.253 - - [15/Mar/2024:09:32:44 -0500] "GET /sipse/faces/javax.faces.resource/layout/layout.js?ln=primefaces&v=4.0 HTTP/1.1" 304 -
201.245.192.253 - - [15/Mar/2024:09:32:57 -0500] "POST /sipse/faces/presentacion/proyectos/proyecto/presupuesto/presupuestoEntreActividades/seleccionarActividadesDestino.xhtml HTTP/1.1" 200 36821
201.245.192.253 - - [15/Mar/2024:09:32:58 -0500] "GET /sipse/faces/javax.faces.resource/jquery/jquery.js?ln=primefaces&v=4.0 HTTP/1.1" 304 -
201.245.192.253 - - [15/Mar/2024:09:32:58 -0500] "GET /sipse/faces/javax.faces.resource/jquery/jquery-plugins.js?ln=primefaces&v=4.0 HTTP/1.1" 304 -
201.245.192.253 - - [15/Mar/2024:09:32:58 -0500] "GET /sipse/faces/javax.faces.resource/primefaces.js?ln=primefaces&v=4.0 HTTP/1.1" 304 -
201.245.192.253 - - [15/Mar/2024:09:32:58 -0500] "GET /sipse/faces/javax.faces.resource/layout/layout.js?ln=primefaces&v=4.0 HTTP/1.1" 304 -
181.56.63.127 - - [15/Mar/2024:09:33:14 -0500] "GET /iboca-presenta-intermitencia-seguimiento-de-calidad-del-aire-se-hace-por-medio-de-la-red-de-monitoreo.html HTTP/1.1" 200 1027
201.245.192.253 - - [15/Mar/2024:09:33:15 -0500] "POST /sipse/faces/presentacion/proyectos/proyecto/presupuesto/presupuestoEntreActividades/resumen.xhtml HTTP/1.1" 200 2331
216.245.221.92 - - [15/Mar/2024:09:33:37 -0500] "HEAD / HTTP/1.1" 200 -
201.245.192.253 - - [15/Mar/2024:09:33:42 -0500] "POST /forms/lservlet;jsessionid=ac16012b30d672fb2ec093aa4748bf0691d1e088fe72.e3iSbxaKaheRe3iNc3uNbNmQay1ynknvrkLOlQzNp65In0 HTTP/1.1" 200 2
200.118.80.167 - - [15/Mar/2024:09:33:46 -0500] "POST /sipse/faces/presentacion/financiero/solicitudProceso/consultar.xhtml HTTP/1.1" 200 12797
201.245.192.253 - - [15/Mar/2024:09:33:48 -0500] "POST /sipse/faces/presentacion/proyectos/proyecto/presupuesto/presupuestoEntreActividades/resumen.xhtml HTTP/1.1" 200 3060
201.245.192.253 - - [15/Mar/2024:09:33:48 -0500] "POST /sipse/faces/presentacion/proyectos/proyecto/presupuesto/presupuestoEntreActividades/resumen.xhtml HTTP/1.1" 200 2532
201.245.192.253 - - [15/Mar/2024:09:33:59 -0500] "POST /sipse/faces/presentacion/proyectos/proyecto/presupuesto/presupuestoEntreActividades/resumen.xhtml HTTP/1.1" 200 2364
201.245.192.253 - - [15/Mar/2024:09:34:00 -0500] "POST /sipse/faces/presentacion/proyectos/proyecto/presupuesto/presupuestoEntreActividades/resumen.xhtml HTTP/1.1" 200 2364
201.245.192.253 - - [15/Mar/2024:09:34:02 -0500] "POST /sipse/faces/presentacion/proyectos/proyecto/presupuesto/presupuestoEntreActividades/resumen.xhtml HTTP/1.1" 200 2364
201.245.192.253 - - [15/Mar/2024:09:34:03 -0500] "POST /sipse/faces/presentacion/proyectos/proyecto/presupuesto/presupuestoEntreActividades/resumen.xhtml HTTP/1.1" 200 2364
200.118.80.167 - - [15/Mar/2024:09:34:08 -0500] "POST /sipse/faces/presentacion/financiero/solicitudProceso/consultar.xhtml HTTP/1.1" 200 12910
201.245.192.253 - - [15/Mar/2024:09:34:27 -0500] "POST /forms/lservlet;jsessionid=ac16012b30d60c378208792d4757a508e4811830dca4.e3iSbxaKaheRe3iNc3uNbNmQay1ynknvrkLOlQzNp65In0 HTTP/1.1" 200 2
186.102.107.6 - - [15/Mar/2024:09:34:26 -0500] "POST /sipse/faces/presentacion/financiero/solicitudProceso/listarSolicitudProceso.xhtml HTTP/1.1" 200 35908
186.102.107.6 - - [15/Mar/2024:09:34:32 -0500] "POST /sipse/faces/presentacion/financiero/solicitudProceso/listarSolicitudProceso.xhtml HTTP/1.1" 200 36830
201.245.192.253 - - [15/Mar/2024:09:34:34 -0500] "POST /sipse/faces/presentacion/proyectos/proyecto/presupuesto/presupuestoEntreActividades/resumen.xhtml HTTP/1.1" 200 2777
201.245.192.253 - - [15/Mar/2024:09:34:34 -0500] "GET /sipse/faces/javax.faces.resource/messages/messages.png?ln=primefaces&v=4.0 HTTP/1.1" 304 -
186.102.107.6 - - [15/Mar/2024:09:34:34 -0500] "POST /sipse/faces/presentacion/financiero/solicitudProceso/listarSolicitudProceso.xhtml HTTP/1.1" 200 37858
200.118.80.167 - - [15/Mar/2024:09:34:38 -0500] "POST /sipse/faces/presentacion/financiero/solicitudProceso/consultar.xhtml HTTP/1.1" 200 12854
186.102.107.6 - - [15/Mar/2024:09:34:39 -0500] "POST /sipse/faces/presentacion/financiero/solicitudProceso/listarSolicitudProceso.xhtml HTTP/1.1" 200 36795
186.102.107.6 - - [15/Mar/2024:09:34:42 -0500] "POST /sipse/faces/presentacion/financiero/solicitudProceso/listarSolicitudProceso.xhtml HTTP/1.1" 200 36799
186.102.107.6 - - [15/Mar/2024:09:34:43 -0500] "POST /sipse/faces/presentacion/financiero/solicitudProceso/listarSolicitudProceso.xhtml HTTP/1.1" 200 36795
201.245.192.253 - - [15/Mar/2024:09:34:44 -0500] "POST /sipse/faces/presentacion/proyectos/proyecto/presupuesto/presupuestoEntreActividades/resumen.xhtml HTTP/1.1" 200 2532
201.245.192.253 - - [15/Mar/2024:09:34:45 -0500] "POST /sipse/faces/presentacion/proyectos/proyecto/presupuesto/presupuestoEntreActividades/resumen.xhtml HTTP/1.1" 200 2528
201.245.192.253 - - [15/Mar/2024:09:34:47 -0500] "POST /sipse/faces/presentacion/proyectos/proyecto/presupuesto/presupuestoEntreActividades/resumen.xhtml HTTP/1.1" 200 2532
186.102.107.6 - - [15/Mar/2024:09:34:47 -0500] "POST /sipse/faces/presentacion/financiero/solicitudProceso/listarSolicitudProceso.xhtml HTTP/1.1" 200 10090
201.245.192.253 - - [15/Mar/2024:09:34:47 -0500] "POST /sipse/faces/presentacion/proyectos/proyecto/presupuesto/presupuestoEntreActividades/resumen.xhtml HTTP/1.1" 200 2528
201.245.192.253 - - [15/Mar/2024:09:34:53 -0500] "POST /sipse/faces/presentacion/proyectos/proyecto/presupuesto/presupuestoEntreActividades/resumen.xhtml HTTP/1.1" 200 2532
201.245.192.253 - - [15/Mar/2024:09:34:56 -0500] "POST /sipse/faces/presentacion/proyectos/proyecto/presupuesto/presupuestoEntreActividades/resumen.xhtml HTTP/1.1" 200 2528
201.245.192.253 - - [15/Mar/2024:09:34:57 -0500] "POST /sipse/faces/presentacion/proyectos/proyecto/presupuesto/presupuestoEntreActividades/resumen.xhtml HTTP/1.1" 200 2528
201.245.192.253 - - [15/Mar/2024:09:34:59 -0500] "POST /sipse/faces/presentacion/proyectos/proyecto/presupuesto/presupuestoEntreActividades/resumen.xhtml HTTP/1.1" 200 2528
201.245.192.253 - - [15/Mar/2024:09:35:00 -0500] "POST /sipse/faces/presentacion/proyectos/proyecto/presupuesto/presupuestoEntreActividades/resumen.xhtml HTTP/1.1" 200 3228
200.118.80.167 - - [15/Mar/2024:09:35:03 -0500] "POST /sipse/faces/presentacion/financiero/solicitudProceso/consultar.xhtml HTTP/1.1" 200 12842
186.102.107.6 - - [15/Mar/2024:09:35:01 -0500] "POST /sipse/faces/presentacion/financiero/solicitudProceso/listarSolicitudProceso.xhtml HTTP/1.1" 200 129661
