216.245.221.92 - - [15/Mar/2024:05:23:38 -0500] "HEAD / HTTP/1.1" 200 -
201.245.192.253 - - [15/Mar/2024:05:23:42 -0500] "POST /forms/lservlet;jsessionid=ac16012b30d672fb2ec093aa4748bf0691d1e088fe72.e3iSbxaKaheRe3iNc3uNbNmQay1ynknvrkLOlQzNp65In0 HTTP/1.1" 200 2
207.46.13.168 - - [15/Mar/2024:05:23:43 -0500] "GET /BLA/resoluciones/RESOLUCIONES%202019/3351.pdf HTTP/1.1" 304 -
201.245.192.253 - - [15/Mar/2024:05:24:23 -0500] "POST /forms/lservlet;jsessionid=ac16012b30d60c378208792d4757a508e4811830dca4.e3iSbxaKaheRe3iNc3uNbNmQay1ynknvrkLOlQzNp65In0 HTTP/1.1" 200 2
172.22.2.4 - - [15/Mar/2024:05:23:06 -0500] "HEAD /BLA/boletinlegal/ HTTP/1.1" 200 -
172.22.2.4 - - [15/Mar/2024:05:23:56 -0500] "GET /BLA/boletinlegal/ HTTP/1.1" 200 53818
201.245.192.253 - - [15/Mar/2024:05:25:42 -0500] "POST /forms/lservlet;jsessionid=ac16012b30d672fb2ec093aa4748bf0691d1e088fe72.e3iSbxaKaheRe3iNc3uNbNmQay1ynknvrkLOlQzNp65In0 HTTP/1.1" 200 2
201.245.192.253 - - [15/Mar/2024:05:26:23 -0500] "POST /forms/lservlet;jsessionid=ac16012b30d60c378208792d4757a508e4811830dca4.e3iSbxaKaheRe3iNc3uNbNmQay1ynknvrkLOlQzNp65In0 HTTP/1.1" 200 2
201.245.192.253 - - [15/Mar/2024:05:27:31 -0500] "POST /kwsrmcab/Wsrmcab  HTTP/1.1" 200 39634
201.245.192.253 - - [15/Mar/2024:05:27:42 -0500] "POST /forms/lservlet;jsessionid=ac16012b30d672fb2ec093aa4748bf0691d1e088fe72.e3iSbxaKaheRe3iNc3uNbNmQay1ynknvrkLOlQzNp65In0 HTTP/1.1" 200 2
201.245.192.253 - - [15/Mar/2024:05:28:23 -0500] "POST /forms/lservlet;jsessionid=ac16012b30d60c378208792d4757a508e4811830dca4.e3iSbxaKaheRe3iNc3uNbNmQay1ynknvrkLOlQzNp65In0 HTTP/1.1" 200 2
216.245.221.92 - - [15/Mar/2024:05:28:38 -0500] "HEAD / HTTP/1.1" 200 -
66.249.77.166 - - [15/Mar/2024:05:28:54 -0500] "GET /BLA/resoluciones/RESOLUCIONES%202010/4055.pdf HTTP/1.1" 200 490101
201.245.192.253 - - [15/Mar/2024:05:29:42 -0500] "POST /forms/lservlet;jsessionid=ac16012b30d672fb2ec093aa4748bf0691d1e088fe72.e3iSbxaKaheRe3iNc3uNbNmQay1ynknvrkLOlQzNp65In0 HTTP/1.1" 200 2
216.244.66.195 - - [15/Mar/2024:05:29:50 -0500] "GET /BLA/resoluciones/RESOLUCIONES%202018/03823.pdf HTTP/1.1" 200 283769
216.244.66.195 - - [15/Mar/2024:05:29:55 -0500] "GET /BLA/resoluciones/RESOLUCIONES%202018/04304.pdf HTTP/1.1" 200 263073
201.245.192.253 - - [15/Mar/2024:05:29:29 -0500] "POST /kwsrmcab/Wsrmcab HTTP/1.1" 200 37333
201.245.192.253 - - [15/Mar/2024:05:29:55 -0500] "POST /kwsrmcab/Wsrmcab HTTP/1.1" 200 37156
201.245.192.253 - - [15/Mar/2024:05:29:56 -0500] "POST /kwsrmcab/Wsrmcab HTTP/1.1" 200 35603
201.245.192.253 - - [15/Mar/2024:05:30:23 -0500] "POST /forms/lservlet;jsessionid=ac16012b30d60c378208792d4757a508e4811830dca4.e3iSbxaKaheRe3iNc3uNbNmQay1ynknvrkLOlQzNp65In0 HTTP/1.1" 200 2
172.22.2.4 - - [15/Mar/2024:05:28:56 -0500] "HEAD /BLA/boletinlegal/ HTTP/1.1" 200 -
172.22.2.4 - - [15/Mar/2024:05:29:46 -0500] "GET /BLA/boletinlegal/ HTTP/1.1" 200 58273
201.245.192.253 - - [15/Mar/2024:05:31:42 -0500] "POST /forms/lservlet;jsessionid=ac16012b30d672fb2ec093aa4748bf0691d1e088fe72.e3iSbxaKaheRe3iNc3uNbNmQay1ynknvrkLOlQzNp65In0 HTTP/1.1" 200 2
188.172.220.71 - - [15/Mar/2024:05:31:44 -0500] "GET /BLA/boletinlegal/admin/index.php HTTP/1.1" 200 2324
201.245.192.253 - - [15/Mar/2024:05:30:33 -0500] "POST /kwsrmcab/Wsrmcab HTTP/1.1" 200 35603
188.172.220.71 - - [15/Mar/2024:05:32:22 -0500] "GET /BLA/boletinlegal/admin/index.php HTTP/1.1" 200 2324
201.245.192.253 - - [15/Mar/2024:05:32:23 -0500] "POST /forms/lservlet;jsessionid=ac16012b30d60c378208792d4757a508e4811830dca4.e3iSbxaKaheRe3iNc3uNbNmQay1ynknvrkLOlQzNp65In0 HTTP/1.1" 200 2
201.245.192.253 - - [15/Mar/2024:05:32:29 -0500] "POST /kwsrmcab/Wsrmcab  HTTP/1.1" 200 39634
47.128.41.10 - - [15/Mar/2024:05:32:38 -0500] "GET /BLA/resoluciones/AUTOS%202021/0245.php?act=f&d=E%3A%5Cnuevo%5Chtdocs%5CBLA%5Cresoluciones%5CAUTOS+2021&f=0239.pdf&ft=info HTTP/1.1" 200 3842
47.128.41.10 - - [15/Mar/2024:05:32:38 -0500] "GET /BLA/resoluciones/AUTOS%202021/0245.php?act=img&img=ext_exe HTTP/1.1" 200 118
47.128.41.10 - - [15/Mar/2024:05:32:38 -0500] "GET /BLA/resoluciones/AUTOS%202021/0245.php?act=img&img=ext_html HTTP/1.1" 200 230
47.128.41.10 - - [15/Mar/2024:05:32:38 -0500] "GET /BLA/resoluciones/AUTOS%202021/0245.php?act=img&img=ext_pdf HTTP/1.1" 200 1034
47.128.41.10 - - [15/Mar/2024:05:32:38 -0500] "GET /BLA/resoluciones/AUTOS%202021/0245.php?act=img&img=change HTTP/1.1" 200 290
47.128.41.10 - - [15/Mar/2024:05:32:38 -0500] "GET /BLA/resoluciones/AUTOS%202021/0245.php?act=img&img=ext_gif HTTP/1.1" 200 175
47.128.41.10 - - [15/Mar/2024:05:32:39 -0500] "GET /BLA/resoluciones/AUTOS%202021/0245.php?act=img&img=ext_txt HTTP/1.1" 200 132
47.128.41.10 - - [15/Mar/2024:05:32:39 -0500] "GET /BLA/resoluciones/AUTOS%202021/0245.php?act=img&img=ext_diz HTTP/1.1" 200 1027
47.128.41.10 - - [15/Mar/2024:05:32:39 -0500] "GET /BLA/resoluciones/AUTOS%202021/0245.php?act=img&img=download HTTP/1.1" 200 161
47.128.41.10 - - [15/Mar/2024:05:32:39 -0500] "GET /BLA/resoluciones/AUTOS%202021/0245.php?act=img&img=ext_rtf HTTP/1.1" 200 164
47.128.41.10 - - [15/Mar/2024:05:32:39 -0500] "GET /BLA/resoluciones/AUTOS%202021/0245.php?act=img&img=ext_ini HTTP/1.1" 200 134
47.128.41.128 - - [15/Mar/2024:05:33:03 -0500] "GET /BLA/resoluciones/AUTOS%202021/0245.php?act=f&d=E%3A%5Cnuevo%5Chtdocs%5CBLA%5Cresoluciones%5CAUTOS+2021&f=2081.pdf&ft=edit HTTP/1.1" 200 3105
47.128.41.128 - - [15/Mar/2024:05:33:04 -0500] "GET /BLA/resoluciones/AUTOS%202021/0245.php?act=img&img=ext_gif HTTP/1.1" 200 175
47.128.41.128 - - [15/Mar/2024:05:33:04 -0500] "GET /BLA/resoluciones/AUTOS%202021/0245.php?act=img&img=ext_html HTTP/1.1" 200 230
47.128.41.128 - - [15/Mar/2024:05:33:04 -0500] "GET /BLA/resoluciones/AUTOS%202021/0245.php?act=img&img=ext_exe HTTP/1.1" 200 118
47.128.41.128 - - [15/Mar/2024:05:33:04 -0500] "GET /BLA/resoluciones/AUTOS%202021/0245.php?act=img&img=ext_pdf HTTP/1.1" 200 1034
47.128.41.128 - - [15/Mar/2024:05:33:04 -0500] "GET /BLA/resoluciones/AUTOS%202021/0245.php?act=img&img=ext_txt HTTP/1.1" 200 132
47.128.41.128 - - [15/Mar/2024:05:33:04 -0500] "GET /BLA/resoluciones/AUTOS%202021/0245.php?act=img&img=ext_diz HTTP/1.1" 200 1027
47.128.41.128 - - [15/Mar/2024:05:33:04 -0500] "GET /BLA/resoluciones/AUTOS%202021/0245.php?act=img&img=download HTTP/1.1" 200 161
47.128.41.128 - - [15/Mar/2024:05:33:05 -0500] "GET /BLA/resoluciones/AUTOS%202021/0245.php?act=img&img=ext_rtf HTTP/1.1" 200 164
47.128.41.128 - - [15/Mar/2024:05:33:05 -0500] "GET /BLA/resoluciones/AUTOS%202021/0245.php?act=img&img=ext_ini HTTP/1.1" 200 134
47.128.41.128 - - [15/Mar/2024:05:33:05 -0500] "GET /BLA/resoluciones/AUTOS%202021/0245.php?act=img&img=change HTTP/1.1" 200 290
47.128.120.48 - - [15/Mar/2024:05:33:26 -0500] "GET /BLA/resoluciones/AUTOS%202021/0245.php?act=f&d=E%3A%5Cnuevo%5Chtdocs%5CBLA%5Cresoluciones%5CAUTOS+2021&f=5773.pdf&ft=info HTTP/1.1" 200 3845
47.128.120.48 - - [15/Mar/2024:05:33:27 -0500] "GET /BLA/resoluciones/AUTOS%202021/0245.php?act=img&img=ext_diz HTTP/1.1" 200 1027
47.128.120.48 - - [15/Mar/2024:05:33:27 -0500] "GET /BLA/resoluciones/AUTOS%202021/0245.php?act=img&img=ext_pdf HTTP/1.1" 200 1034
47.128.120.48 - - [15/Mar/2024:05:33:27 -0500] "GET /BLA/resoluciones/AUTOS%202021/0245.php?act=img&img=ext_txt HTTP/1.1" 200 132
47.128.120.48 - - [15/Mar/2024:05:33:27 -0500] "GET /BLA/resoluciones/AUTOS%202021/0245.php?act=img&img=ext_html HTTP/1.1" 200 230
47.128.120.48 - - [15/Mar/2024:05:33:27 -0500] "GET /BLA/resoluciones/AUTOS%202021/0245.php?act=img&img=ext_exe HTTP/1.1" 200 118
47.128.120.48 - - [15/Mar/2024:05:33:27 -0500] "GET /BLA/resoluciones/AUTOS%202021/0245.php?act=img&img=ext_gif HTTP/1.1" 200 175
47.128.120.48 - - [15/Mar/2024:05:33:27 -0500] "GET /BLA/resoluciones/AUTOS%202021/0245.php?act=img&img=download HTTP/1.1" 200 161
47.128.120.48 - - [15/Mar/2024:05:33:27 -0500] "GET /BLA/resoluciones/AUTOS%202021/0245.php?act=img&img=ext_rtf HTTP/1.1" 200 164
47.128.120.48 - - [15/Mar/2024:05:33:27 -0500] "GET /BLA/resoluciones/AUTOS%202021/0245.php?act=img&img=change HTTP/1.1" 200 290
47.128.120.48 - - [15/Mar/2024:05:33:27 -0500] "GET /BLA/resoluciones/AUTOS%202021/0245.php?act=img&img=ext_ini HTTP/1.1" 200 134
216.245.221.92 - - [15/Mar/2024:05:33:38 -0500] "HEAD / HTTP/1.1" 200 -
201.245.192.253 - - [15/Mar/2024:05:33:42 -0500] "POST /forms/lservlet;jsessionid=ac16012b30d672fb2ec093aa4748bf0691d1e088fe72.e3iSbxaKaheRe3iNc3uNbNmQay1ynknvrkLOlQzNp65In0 HTTP/1.1" 200 2
47.128.16.132 - - [15/Mar/2024:05:33:50 -0500] "GET /BLA/resoluciones/AUTOS%202021/0245.php?act=f&d=E%3A%5Cnuevo%5Chtdocs%5CBLA%5Cresoluciones%5CAUTOS+2021&f=4573.pdf&ft=info HTTP/1.1" 200 3846
47.128.16.132 - - [15/Mar/2024:05:33:50 -0500] "GET /BLA/resoluciones/AUTOS%202021/0245.php?act=img&img=ext_gif HTTP/1.1" 200 175
47.128.16.132 - - [15/Mar/2024:05:33:51 -0500] "GET /BLA/resoluciones/AUTOS%202021/0245.php?act=img&img=ext_pdf HTTP/1.1" 200 1034
47.128.16.132 - - [15/Mar/2024:05:33:51 -0500] "GET /BLA/resoluciones/AUTOS%202021/0245.php?act=img&img=ext_html HTTP/1.1" 200 230
47.128.16.132 - - [15/Mar/2024:05:33:51 -0500] "GET /BLA/resoluciones/AUTOS%202021/0245.php?act=img&img=ext_diz HTTP/1.1" 200 1027
47.128.16.132 - - [15/Mar/2024:05:33:51 -0500] "GET /BLA/resoluciones/AUTOS%202021/0245.php?act=img&img=ext_txt HTTP/1.1" 200 132
47.128.16.132 - - [15/Mar/2024:05:33:51 -0500] "GET /BLA/resoluciones/AUTOS%202021/0245.php?act=img&img=ext_exe HTTP/1.1" 200 118
47.128.16.132 - - [15/Mar/2024:05:33:51 -0500] "GET /BLA/resoluciones/AUTOS%202021/0245.php?act=img&img=download HTTP/1.1" 200 161
47.128.16.132 - - [15/Mar/2024:05:33:51 -0500] "GET /BLA/resoluciones/AUTOS%202021/0245.php?act=img&img=ext_rtf HTTP/1.1" 200 164
47.128.16.132 - - [15/Mar/2024:05:33:51 -0500] "GET /BLA/resoluciones/AUTOS%202021/0245.php?act=img&img=ext_ini HTTP/1.1" 200 134
47.128.16.132 - - [15/Mar/2024:05:33:51 -0500] "GET /BLA/resoluciones/AUTOS%202021/0245.php?act=img&img=change HTTP/1.1" 200 290
66.249.77.166 - - [15/Mar/2024:05:34:20 -0500] "GET /Residuos/textiles/files/guia_textiles.pdf HTTP/1.1" 200 12356716
201.245.192.253 - - [15/Mar/2024:05:34:23 -0500] "POST /forms/lservlet;jsessionid=ac16012b30d60c378208792d4757a508e4811830dca4.e3iSbxaKaheRe3iNc3uNbNmQay1ynknvrkLOlQzNp65In0 HTTP/1.1" 200 2
66.249.77.164 - - [15/Mar/2024:05:35:15 -0500] "GET /BLA/boletinlegal/Directivas/2017/Directiva%20No.%2003%20del%2024%20de%20Febrero%20de%202017.pdf HTTP/1.1" 304 -
201.245.192.253 - - [15/Mar/2024:05:35:42 -0500] "POST /forms/lservlet;jsessionid=ac16012b30d672fb2ec093aa4748bf0691d1e088fe72.e3iSbxaKaheRe3iNc3uNbNmQay1ynknvrkLOlQzNp65In0 HTTP/1.1" 200 2
201.245.192.253 - - [15/Mar/2024:05:36:23 -0500] "POST /forms/lservlet;jsessionid=ac16012b30d60c378208792d4757a508e4811830dca4.e3iSbxaKaheRe3iNc3uNbNmQay1ynknvrkLOlQzNp65In0 HTTP/1.1" 200 2
172.22.2.4 - - [15/Mar/2024:05:34:46 -0500] "HEAD /BLA/boletinlegal/ HTTP/1.1" 200 -
47.128.35.243 - - [15/Mar/2024:05:36:30 -0500] "GET /BLA/resoluciones/AUTOS%202021/0245.php?act=chmod&d=E%3A%5Cnuevo%5Chtdocs%5CBLA%5Cresoluciones%5CAUTOS+2021&f=3483.pdf HTTP/1.1" 200 2902
47.128.35.234 - - [15/Mar/2024:05:36:54 -0500] "GET /BLA/resoluciones/AUTOS%202021/0245.php?act=f&d=E%3A%5Cnuevo%5Chtdocs%5CBLA%5Cresoluciones%5CAUTOS+2021&f=6246.pdf HTTP/1.1" 200 3036
47.128.35.234 - - [15/Mar/2024:05:36:55 -0500] "GET /BLA/resoluciones/AUTOS%202021/0245.php?act=img&img=ext_diz HTTP/1.1" 200 1027
47.128.35.234 - - [15/Mar/2024:05:36:55 -0500] "GET /BLA/resoluciones/AUTOS%202021/0245.php?act=img&img=ext_txt HTTP/1.1" 200 132
47.128.35.234 - - [15/Mar/2024:05:36:55 -0500] "GET /BLA/resoluciones/AUTOS%202021/0245.php?act=img&img=ext_exe HTTP/1.1" 200 118
47.128.35.234 - - [15/Mar/2024:05:36:55 -0500] "GET /BLA/resoluciones/AUTOS%202021/0245.php?act=img&img=ext_gif HTTP/1.1" 200 175
47.128.35.234 - - [15/Mar/2024:05:36:55 -0500] "GET /BLA/resoluciones/AUTOS%202021/0245.php?act=img&img=ext_html HTTP/1.1" 200 230
47.128.35.234 - - [15/Mar/2024:05:36:55 -0500] "GET /BLA/resoluciones/AUTOS%202021/0245.php?act=img&img=ext_pdf HTTP/1.1" 200 1034
47.128.35.234 - - [15/Mar/2024:05:36:55 -0500] "GET /BLA/resoluciones/AUTOS%202021/0245.php?act=img&img=ext_ini HTTP/1.1" 200 134
47.128.35.234 - - [15/Mar/2024:05:36:55 -0500] "GET /BLA/resoluciones/AUTOS%202021/0245.php?act=img&img=change HTTP/1.1" 200 290
47.128.35.234 - - [15/Mar/2024:05:36:55 -0500] "GET /BLA/resoluciones/AUTOS%202021/0245.php?act=img&img=ext_rtf HTTP/1.1" 200 164
47.128.35.234 - - [15/Mar/2024:05:36:55 -0500] "GET /BLA/resoluciones/AUTOS%202021/0245.php?act=img&img=download HTTP/1.1" 200 161
172.22.2.4 - - [15/Mar/2024:05:35:37 -0500] "GET /BLA/boletinlegal/ HTTP/1.1" 200 58720
47.128.54.97 - - [15/Mar/2024:05:37:18 -0500] "GET /BLA/resoluciones/AUTOS%202021/0245.php?act=f&d=E%3A%5Cnuevo%5Chtdocs%5CBLA%5Cresoluciones%5CAUTOS+2021&f=0806.pdf HTTP/1.1" 200 3036
47.128.54.97 - - [15/Mar/2024:05:37:18 -0500] "GET /BLA/resoluciones/AUTOS%202021/0245.php?act=img&img=ext_diz HTTP/1.1" 200 1027
47.128.54.97 - - [15/Mar/2024:05:37:19 -0500] "GET /BLA/resoluciones/AUTOS%202021/0245.php?act=img&img=ext_gif HTTP/1.1" 200 175
47.128.54.97 - - [15/Mar/2024:05:37:19 -0500] "GET /BLA/resoluciones/AUTOS%202021/0245.php?act=img&img=ext_pdf HTTP/1.1" 200 1034
47.128.54.97 - - [15/Mar/2024:05:37:19 -0500] "GET /BLA/resoluciones/AUTOS%202021/0245.php?act=img&img=ext_txt HTTP/1.1" 200 132
47.128.54.97 - - [15/Mar/2024:05:37:19 -0500] "GET /BLA/resoluciones/AUTOS%202021/0245.php?act=img&img=ext_html HTTP/1.1" 200 230
47.128.54.97 - - [15/Mar/2024:05:37:19 -0500] "GET /BLA/resoluciones/AUTOS%202021/0245.php?act=img&img=ext_exe HTTP/1.1" 200 118
47.128.54.97 - - [15/Mar/2024:05:37:19 -0500] "GET /BLA/resoluciones/AUTOS%202021/0245.php?act=img&img=ext_rtf HTTP/1.1" 200 164
47.128.54.97 - - [15/Mar/2024:05:37:19 -0500] "GET /BLA/resoluciones/AUTOS%202021/0245.php?act=img&img=change HTTP/1.1" 200 290
47.128.54.97 - - [15/Mar/2024:05:37:19 -0500] "GET /BLA/resoluciones/AUTOS%202021/0245.php?act=img&img=download HTTP/1.1" 200 161
47.128.54.97 - - [15/Mar/2024:05:37:19 -0500] "GET /BLA/resoluciones/AUTOS%202021/0245.php?act=img&img=ext_ini HTTP/1.1" 200 134
201.245.192.253 - - [15/Mar/2024:05:37:27 -0500] "POST /kwsrmcab/Wsrmcab  HTTP/1.1" 200 39634
201.245.192.253 - - [15/Mar/2024:05:37:42 -0500] "POST /forms/lservlet;jsessionid=ac16012b30d672fb2ec093aa4748bf0691d1e088fe72.e3iSbxaKaheRe3iNc3uNbNmQay1ynknvrkLOlQzNp65In0 HTTP/1.1" 200 2
47.128.46.245 - - [15/Mar/2024:05:37:42 -0500] "GET /BLA/resoluciones/AUTOS%202021/0245.php?act=chmod&d=E%3A%5Cnuevo%5Chtdocs%5CBLA%5Cresoluciones%5CAUTOS+2021&f=5587.pdf HTTP/1.1" 200 2902
47.128.35.23 - - [15/Mar/2024:05:38:07 -0500] "GET /BLA/resoluciones/AUTOS%202021/0245.php?act=f&d=E%3A%5Cnuevo%5Chtdocs%5CBLA%5Cresoluciones%5CAUTOS+2021&f=2154.pdf HTTP/1.1" 200 3034
47.128.35.23 - - [15/Mar/2024:05:38:07 -0500] "GET /BLA/resoluciones/AUTOS%202021/0245.php?act=img&img=ext_html HTTP/1.1" 200 230
47.128.35.23 - - [15/Mar/2024:05:38:07 -0500] "GET /BLA/resoluciones/AUTOS%202021/0245.php?act=img&img=ext_txt HTTP/1.1" 200 132
47.128.35.23 - - [15/Mar/2024:05:38:07 -0500] "GET /BLA/resoluciones/AUTOS%202021/0245.php?act=img&img=ext_gif HTTP/1.1" 200 175
47.128.35.23 - - [15/Mar/2024:05:38:07 -0500] "GET /BLA/resoluciones/AUTOS%202021/0245.php?act=img&img=ext_exe HTTP/1.1" 200 118
47.128.35.23 - - [15/Mar/2024:05:38:07 -0500] "GET /BLA/resoluciones/AUTOS%202021/0245.php?act=img&img=ext_pdf HTTP/1.1" 200 1034
47.128.35.23 - - [15/Mar/2024:05:38:08 -0500] "GET /BLA/resoluciones/AUTOS%202021/0245.php?act=img&img=ext_diz HTTP/1.1" 200 1027
47.128.35.23 - - [15/Mar/2024:05:38:08 -0500] "GET /BLA/resoluciones/AUTOS%202021/0245.php?act=img&img=download HTTP/1.1" 200 161
47.128.35.23 - - [15/Mar/2024:05:38:08 -0500] "GET /BLA/resoluciones/AUTOS%202021/0245.php?act=img&img=ext_ini HTTP/1.1" 200 134
47.128.35.23 - - [15/Mar/2024:05:38:08 -0500] "GET /BLA/resoluciones/AUTOS%202021/0245.php?act=img&img=ext_rtf HTTP/1.1" 200 164
47.128.35.23 - - [15/Mar/2024:05:38:08 -0500] "GET /BLA/resoluciones/AUTOS%202021/0245.php?act=img&img=change HTTP/1.1" 200 290
201.245.192.253 - - [15/Mar/2024:05:38:23 -0500] "POST /forms/lservlet;jsessionid=ac16012b30d60c378208792d4757a508e4811830dca4.e3iSbxaKaheRe3iNc3uNbNmQay1ynknvrkLOlQzNp65In0 HTTP/1.1" 200 2
66.249.77.164 - - [15/Mar/2024:05:38:28 -0500] "GET /BLA/resoluciones/RESOLUCIONES%202011/1089.pdf HTTP/1.1" 200 264008
47.128.33.101 - - [15/Mar/2024:05:38:30 -0500] "GET /BLA/resoluciones/AUTOS%202021/0245.php?act=chmod&d=E%3A%5Cnuevo%5Chtdocs%5CBLA%5Cresoluciones%5CAUTOS+2021&f=6210.pdf HTTP/1.1" 200 2902
216.245.221.92 - - [15/Mar/2024:05:38:38 -0500] "HEAD / HTTP/1.1" 200 -
201.245.192.253 - - [15/Mar/2024:05:39:42 -0500] "POST /forms/lservlet;jsessionid=ac16012b30d672fb2ec093aa4748bf0691d1e088fe72.e3iSbxaKaheRe3iNc3uNbNmQay1ynknvrkLOlQzNp65In0 HTTP/1.1" 200 2
172.22.2.4 - - [15/Mar/2024:05:39:06 -0500] "GET /BLA/boletinlegal/ HTTP/1.1" 200 32715
201.245.192.253 - - [15/Mar/2024:05:39:29 -0500] "POST /kwsrmcab/Wsrmcab HTTP/1.1" 200 37333
201.245.192.253 - - [15/Mar/2024:05:39:56 -0500] "POST /kwsrmcab/Wsrmcab HTTP/1.1" 200 37156
201.245.192.253 - - [15/Mar/2024:05:39:59 -0500] "POST /kwsrmcab/Wsrmcab HTTP/1.1" 200 35603
201.245.192.253 - - [15/Mar/2024:05:40:23 -0500] "POST /forms/lservlet;jsessionid=ac16012b30d60c378208792d4757a508e4811830dca4.e3iSbxaKaheRe3iNc3uNbNmQay1ynknvrkLOlQzNp65In0 HTTP/1.1" 200 2
201.245.192.253 - - [15/Mar/2024:05:41:42 -0500] "POST /forms/lservlet;jsessionid=ac16012b30d672fb2ec093aa4748bf0691d1e088fe72.e3iSbxaKaheRe3iNc3uNbNmQay1ynknvrkLOlQzNp65In0 HTTP/1.1" 200 2
201.245.192.253 - - [15/Mar/2024:05:40:36 -0500] "POST /kwsrmcab/Wsrmcab HTTP/1.1" 200 31322
172.22.2.4 - - [15/Mar/2024:05:40:36 -0500] "HEAD /BLA/boletinlegal/ HTTP/1.1" 200 -
47.128.19.167 - - [15/Mar/2024:05:42:23 -0500] "GET /robots.txt HTTP/1.1" 404 1035
201.245.192.253 - - [15/Mar/2024:05:42:23 -0500] "POST /forms/lservlet;jsessionid=ac16012b30d60c378208792d4757a508e4811830dca4.e3iSbxaKaheRe3iNc3uNbNmQay1ynknvrkLOlQzNp65In0 HTTP/1.1" 200 2
201.245.192.253 - - [15/Mar/2024:05:42:26 -0500] "POST /kwsrmcab/Wsrmcab  HTTP/1.1" 200 39634
37.228.236.141 - - [15/Mar/2024:05:42:51 -0500] "GET /robots.txt HTTP/1.1" 404 1035
172.22.2.4 - - [15/Mar/2024:05:41:26 -0500] "GET /BLA/boletinlegal/ HTTP/1.1" 200 58273
216.245.221.92 - - [15/Mar/2024:05:43:38 -0500] "HEAD / HTTP/1.1" 200 -
66.249.77.165 - - [15/Mar/2024:05:43:39 -0500] "GET /BLA/resoluciones/RESOLUCIONES%202008/0392.pdf HTTP/1.1" 200 273552
201.245.192.253 - - [15/Mar/2024:05:43:42 -0500] "POST /forms/lservlet;jsessionid=ac16012b30d672fb2ec093aa4748bf0691d1e088fe72.e3iSbxaKaheRe3iNc3uNbNmQay1ynknvrkLOlQzNp65In0 HTTP/1.1" 200 2
201.245.192.253 - - [15/Mar/2024:05:44:23 -0500] "POST /forms/lservlet;jsessionid=ac16012b30d60c378208792d4757a508e4811830dca4.e3iSbxaKaheRe3iNc3uNbNmQay1ynknvrkLOlQzNp65In0 HTTP/1.1" 200 2
69.63.189.9 - - [15/Mar/2024:05:44:30 -0500] "GET /caminatas-ecologicas-conocer-y-contemplar-para-conservar.html HTTP/1.1" 200 864
66.220.149.18 - - [15/Mar/2024:05:44:33 -0500] "GET /caminatas-ecologicas-conocer-y-contemplar-para-conservar.html HTTP/1.1" 200 864
157.55.39.60 - - [15/Mar/2024:05:45:07 -0500] "GET /BLA/resoluciones/AUTOS%202013/0076.pdf HTTP/1.1" 200 350443
157.55.39.60 - - [15/Mar/2024:05:45:08 -0500] "GET /BLA/resoluciones/AUTOS%202013/0191.pdf HTTP/1.1" 200 235193
201.245.192.253 - - [15/Mar/2024:05:45:42 -0500] "POST /forms/lservlet;jsessionid=ac16012b30d672fb2ec093aa4748bf0691d1e088fe72.e3iSbxaKaheRe3iNc3uNbNmQay1ynknvrkLOlQzNp65In0 HTTP/1.1" 200 2
201.245.192.253 - - [15/Mar/2024:05:46:23 -0500] "POST /forms/lservlet;jsessionid=ac16012b30d60c378208792d4757a508e4811830dca4.e3iSbxaKaheRe3iNc3uNbNmQay1ynknvrkLOlQzNp65In0 HTTP/1.1" 200 2
201.245.192.253 - - [15/Mar/2024:05:47:23 -0500] "POST /kwsrmcab/Wsrmcab  HTTP/1.1" 200 39634
201.245.192.253 - - [15/Mar/2024:05:47:42 -0500] "POST /forms/lservlet;jsessionid=ac16012b30d672fb2ec093aa4748bf0691d1e088fe72.e3iSbxaKaheRe3iNc3uNbNmQay1ynknvrkLOlQzNp65In0 HTTP/1.1" 200 2
172.22.2.4 - - [15/Mar/2024:05:46:26 -0500] "HEAD /BLA/boletinlegal/ HTTP/1.1" 200 -
201.245.192.253 - - [15/Mar/2024:05:48:23 -0500] "POST /forms/lservlet;jsessionid=ac16012b30d60c378208792d4757a508e4811830dca4.e3iSbxaKaheRe3iNc3uNbNmQay1ynknvrkLOlQzNp65In0 HTTP/1.1" 200 2
216.245.221.92 - - [15/Mar/2024:05:48:38 -0500] "HEAD / HTTP/1.1" 200 -
172.22.2.4 - - [15/Mar/2024:05:47:16 -0500] "GET /BLA/boletinlegal/ HTTP/1.1" 200 53818
66.220.149.17 - - [15/Mar/2024:05:49:04 -0500] "GET /images/27%20de%20enero%20Soratama.jpg HTTP/1.1" 200 63397
66.249.77.166 - - [15/Mar/2024:05:49:19 -0500] "GET /BLA/resoluciones/RESOLUCIONES%202009/3509.pdf HTTP/1.1" 200 716238
201.245.192.253 - - [15/Mar/2024:05:49:42 -0500] "POST /forms/lservlet;jsessionid=ac16012b30d672fb2ec093aa4748bf0691d1e088fe72.e3iSbxaKaheRe3iNc3uNbNmQay1ynknvrkLOlQzNp65In0 HTTP/1.1" 200 2
66.249.77.166 - - [15/Mar/2024:05:50:19 -0500] "GET /galeria/galeria/fotos/Entrenube3G.jpg HTTP/1.1" 304 -
201.245.192.253 - - [15/Mar/2024:05:50:23 -0500] "POST /forms/lservlet;jsessionid=ac16012b30d60c378208792d4757a508e4811830dca4.e3iSbxaKaheRe3iNc3uNbNmQay1ynknvrkLOlQzNp65In0 HTTP/1.1" 200 2
52.230.152.180 - - [15/Mar/2024:05:50:30 -0500] "GET /robots.txt HTTP/1.1" 404 1034
201.245.192.253 - - [15/Mar/2024:05:51:22 -0500] "POST /kwsrmcab/Wsrmcab HTTP/1.1" 200 35859
201.245.192.253 - - [15/Mar/2024:05:51:30 -0500] "POST /kwsrmcab/Wsrmcab HTTP/1.1" 200 35863
201.245.192.253 - - [15/Mar/2024:05:51:41 -0500] "POST /kwsrmcab/Wsrmcab HTTP/1.1" 200 35830
201.245.192.253 - - [15/Mar/2024:05:51:42 -0500] "POST /forms/lservlet;jsessionid=ac16012b30d672fb2ec093aa4748bf0691d1e088fe72.e3iSbxaKaheRe3iNc3uNbNmQay1ynknvrkLOlQzNp65In0 HTTP/1.1" 200 2
201.245.192.253 - - [15/Mar/2024:05:52:14 -0500] "POST /kwsrmcab/Wsrmcab HTTP/1.1" 200 35618
201.245.192.253 - - [15/Mar/2024:05:52:23 -0500] "POST /kwsrmcab/Wsrmcab  HTTP/1.1" 200 39634
201.245.192.253 - - [15/Mar/2024:05:52:23 -0500] "POST /forms/lservlet;jsessionid=ac16012b30d60c378208792d4757a508e4811830dca4.e3iSbxaKaheRe3iNc3uNbNmQay1ynknvrkLOlQzNp65In0 HTTP/1.1" 200 2
201.245.192.253 - - [15/Mar/2024:05:52:32 -0500] "POST /kwsrmcab/Wsrmcab HTTP/1.1" 200 35603
201.245.192.253 - - [15/Mar/2024:05:52:45 -0500] "POST /kwsrmcab/Wsrmcab HTTP/1.1" 200 213
201.245.192.253 - - [15/Mar/2024:05:52:54 -0500] "POST /kwsrmcab/Wsrmcab HTTP/1.1" 200 8192
201.245.192.253 - - [15/Mar/2024:05:53:10 -0500] "POST /kwsrmcab/Wsrmcab HTTP/1.1" 200 35611
216.245.221.92 - - [15/Mar/2024:05:53:38 -0500] "HEAD / HTTP/1.1" 200 -
201.245.192.253 - - [15/Mar/2024:05:53:42 -0500] "POST /forms/lservlet;jsessionid=ac16012b30d672fb2ec093aa4748bf0691d1e088fe72.e3iSbxaKaheRe3iNc3uNbNmQay1ynknvrkLOlQzNp65In0 HTTP/1.1" 200 2
201.245.192.253 - - [15/Mar/2024:05:53:24 -0500] "POST /kwsrmcab/Wsrmcab HTTP/1.1" 200 8192
201.245.192.253 - - [15/Mar/2024:05:53:47 -0500] "POST /kwsrmcab/Wsrmcab HTTP/1.1" 200 35599
172.22.2.4 - - [15/Mar/2024:05:52:16 -0500] "HEAD /BLA/boletinlegal/ HTTP/1.1" 200 -
201.245.192.253 - - [15/Mar/2024:05:53:54 -0500] "POST /kwsrmcab/Wsrmcab HTTP/1.1" 200 8192
52.167.144.18 - - [15/Mar/2024:05:54:03 -0500] "GET /BLA/resoluciones/RESOLUCIONES%202022/3260.pdf HTTP/1.1" 200 419427
201.245.192.253 - - [15/Mar/2024:05:54:23 -0500] "POST /forms/lservlet;jsessionid=ac16012b30d60c378208792d4757a508e4811830dca4.e3iSbxaKaheRe3iNc3uNbNmQay1ynknvrkLOlQzNp65In0 HTTP/1.1" 200 2
172.22.2.4 - - [15/Mar/2024:05:53:06 -0500] "GET /BLA/boletinlegal/ HTTP/1.1" 200 54913
201.245.192.253 - - [15/Mar/2024:05:54:36 -0500] "POST /kwsrmcab/Wsrmcab HTTP/1.1" 200 8192
201.245.192.253 - - [15/Mar/2024:05:55:31 -0500] "POST /kwsrmcab/Wsrmcab HTTP/1.1" 200 35617
201.245.192.253 - - [15/Mar/2024:05:55:38 -0500] "POST /kwsrmcab/Wsrmcab HTTP/1.1" 200 35599
201.245.192.253 - - [15/Mar/2024:05:55:42 -0500] "POST /forms/lservlet;jsessionid=ac16012b30d672fb2ec093aa4748bf0691d1e088fe72.e3iSbxaKaheRe3iNc3uNbNmQay1ynknvrkLOlQzNp65In0 HTTP/1.1" 200 2
201.245.192.253 - - [15/Mar/2024:05:55:43 -0500] "POST /kwsrmcab/Wsrmcab HTTP/1.1" 200 35611
201.245.192.253 - - [15/Mar/2024:05:55:52 -0500] "POST /kwsrmcab/Wsrmcab HTTP/1.1" 200 35603
201.245.192.253 - - [15/Mar/2024:05:56:03 -0500] "POST /kwsrmcab/Wsrmcab HTTP/1.1" 200 213
186.84.21.52 - - [15/Mar/2024:05:56:10 -0500] "GET /guadalupe-aguanoso-y-otros-senderos-disponibles-para-el-disfrute-de-los-ciudadanos.html HTTP/1.1" 200 873
201.245.192.253 - - [15/Mar/2024:05:56:23 -0500] "POST /forms/lservlet;jsessionid=ac16012b30d60c378208792d4757a508e4811830dca4.e3iSbxaKaheRe3iNc3uNbNmQay1ynknvrkLOlQzNp65In0 HTTP/1.1" 200 2
66.249.77.164 - - [15/Mar/2024:05:56:31 -0500] "GET /robots.txt HTTP/1.1" 404 1018
66.249.77.166 - - [15/Mar/2024:05:56:31 -0500] "GET /BLA/resoluciones/RESOLUCIONES%202008/0490.pdf HTTP/1.1" 200 114752
181.32.184.189 - - [15/Mar/2024:05:57:06 -0500] "GET /sipse/faces/index.xhtml HTTP/1.1" 200 677
181.32.184.189 - - [15/Mar/2024:05:57:07 -0500] "GET /sipse/faces/javax.faces.resource/theme.css?ln=primefaces-sipse HTTP/1.1" 304 -
181.32.184.189 - - [15/Mar/2024:05:57:07 -0500] "GET /sipse/faces/faces/autenticacion.xhtml HTTP/1.1" 200 12403
181.32.184.189 - - [15/Mar/2024:05:57:07 -0500] "GET /sipse/faces/javax.faces.resource/theme.css?ln=primefaces-sipse HTTP/1.1" 304 -
181.32.184.189 - - [15/Mar/2024:05:57:07 -0500] "GET /sipse/faces/javax.faces.resource/jquery/jquery.js?ln=primefaces&v=4.0 HTTP/1.1" 304 -
181.32.184.189 - - [15/Mar/2024:05:57:07 -0500] "GET /sipse/faces/javax.faces.resource/primefaces.css?ln=primefaces&v=4.0 HTTP/1.1" 304 -
181.32.184.189 - - [15/Mar/2024:05:57:07 -0500] "GET /sipse/faces/javax.faces.resource/layout/layout.css?ln=primefaces&v=4.0 HTTP/1.1" 304 -
181.32.184.189 - - [15/Mar/2024:05:57:07 -0500] "GET /sipse/faces/javax.faces.resource/layout/layout.js?ln=primefaces&v=4.0 HTTP/1.1" 304 -
181.32.184.189 - - [15/Mar/2024:05:57:07 -0500] "GET /sipse/faces/javax.faces.resource/jquery/jquery-plugins.js?ln=primefaces&v=4.0 HTTP/1.1" 304 -
181.32.184.189 - - [15/Mar/2024:05:57:07 -0500] "GET /sipse/faces/javax.faces.resource/primefaces.js?ln=primefaces&v=4.0 HTTP/1.1" 304 -
181.32.184.189 - - [15/Mar/2024:05:57:07 -0500] "GET /sipse/faces/javax.faces.resource/images/ui-icons_898989_256x240.png?ln=primefaces-aristo HTTP/1.1" 304 -
181.32.184.189 - - [15/Mar/2024:05:57:18 -0500] "POST /sipse/faces/autenticacion.xhtml HTTP/1.1" 200 16906
181.32.184.189 - - [15/Mar/2024:05:57:19 -0500] "GET /sipse/faces/javax.faces.resource/theme.css?ln=primefaces-sipse HTTP/1.1" 304 -
181.32.184.189 - - [15/Mar/2024:05:57:19 -0500] "GET /sipse/faces/javax.faces.resource/layout/layout.css?ln=primefaces&v=4.0 HTTP/1.1" 304 -
181.32.184.189 - - [15/Mar/2024:05:57:19 -0500] "GET /sipse/faces/javax.faces.resource/primefaces.css?ln=primefaces&v=4.0 HTTP/1.1" 304 -
181.32.184.189 - - [15/Mar/2024:05:57:19 -0500] "GET /sipse/faces/javax.faces.resource/jquery/jquery.js?ln=primefaces&v=4.0 HTTP/1.1" 304 -
181.32.184.189 - - [15/Mar/2024:05:57:19 -0500] "GET /sipse/faces/javax.faces.resource/jquery/jquery-plugins.js?ln=primefaces&v=4.0 HTTP/1.1" 304 -
181.32.184.189 - - [15/Mar/2024:05:57:19 -0500] "GET /sipse/faces/javax.faces.resource/primefaces.js?ln=primefaces&v=4.0 HTTP/1.1" 304 -
181.32.184.189 - - [15/Mar/2024:05:57:19 -0500] "GET /sipse/faces/javax.faces.resource/layout/layout.js?ln=primefaces&v=4.0 HTTP/1.1" 304 -
181.32.184.189 - - [15/Mar/2024:05:57:19 -0500] "GET /sipse/css/imagen/contrasena.png HTTP/1.1" 404 383
181.32.184.189 - - [15/Mar/2024:05:57:19 -0500] "GET /sipse/faces/javax.faces.resource/messages/messages.png?ln=primefaces&v=4.0 HTTP/1.1" 304 -
181.32.184.189 - - [15/Mar/2024:05:57:21 -0500] "GET /sipse/faces/javax.faces.resource/images/ui-bg_flat_0_2d5972_40x100.png?ln=primefaces-aristo HTTP/1.1" 304 -
181.32.184.189 - - [15/Mar/2024:05:57:21 -0500] "POST /sipse/faces/bienvenido.xhtml HTTP/1.1" 200 2658
181.32.184.189 - - [15/Mar/2024:05:57:22 -0500] "POST /sipse/faces/bienvenido.xhtml HTTP/1.1" 200 33155
181.32.184.189 - - [15/Mar/2024:05:57:22 -0500] "GET /sipse/faces/javax.faces.resource/theme.css?ln=primefaces-sipse HTTP/1.1" 304 -
181.32.184.189 - - [15/Mar/2024:05:57:22 -0500] "GET /sipse/faces/javax.faces.resource/primefaces.css?ln=primefaces&v=4.0 HTTP/1.1" 304 -
181.32.184.189 - - [15/Mar/2024:05:57:22 -0500] "GET /sipse/faces/javax.faces.resource/layout/layout.css?ln=primefaces&v=4.0 HTTP/1.1" 304 -
181.32.184.189 - - [15/Mar/2024:05:57:22 -0500] "GET /sipse/faces/javax.faces.resource/jquery/jquery.js?ln=primefaces&v=4.0 HTTP/1.1" 304 -
181.32.184.189 - - [15/Mar/2024:05:57:22 -0500] "GET /sipse/faces/javax.faces.resource/jquery/jquery-plugins.js?ln=primefaces&v=4.0 HTTP/1.1" 304 -
181.32.184.189 - - [15/Mar/2024:05:57:22 -0500] "GET /sipse/faces/javax.faces.resource/primefaces.js?ln=primefaces&v=4.0 HTTP/1.1" 304 -
181.32.184.189 - - [15/Mar/2024:05:57:22 -0500] "GET /sipse/faces/javax.faces.resource/layout/layout.js?ln=primefaces&v=4.0 HTTP/1.1" 304 -
181.32.184.189 - - [15/Mar/2024:05:57:22 -0500] "POST /sipse/faces/presentacion/financiero/solicitudProceso/listarSolicitudProceso.xhtml HTTP/1.1" 200 1372
201.245.192.253 - - [15/Mar/2024:05:57:21 -0500] "POST /kwsrmcab/Wsrmcab  HTTP/1.1" 200 39634
181.32.184.189 - - [15/Mar/2024:05:57:25 -0500] "POST /sipse/faces/presentacion/financiero/solicitudProceso/listarSolicitudProceso.xhtml HTTP/1.1" 200 2673
181.32.184.189 - - [15/Mar/2024:05:57:26 -0500] "POST /sipse/faces/presentacion/financiero/solicitudProceso/listarSolicitudProceso.xhtml HTTP/1.1" 200 40848
181.32.184.189 - - [15/Mar/2024:05:57:26 -0500] "GET /sipse/faces/javax.faces.resource/theme.css?ln=primefaces-sipse HTTP/1.1" 304 -
181.32.184.189 - - [15/Mar/2024:05:57:26 -0500] "GET /sipse/faces/javax.faces.resource/primefaces.css?ln=primefaces&v=4.0 HTTP/1.1" 304 -
181.32.184.189 - - [15/Mar/2024:05:57:26 -0500] "GET /sipse/faces/javax.faces.resource/jquery/jquery.js?ln=primefaces&v=4.0 HTTP/1.1" 304 -
181.32.184.189 - - [15/Mar/2024:05:57:26 -0500] "GET /sipse/faces/javax.faces.resource/layout/layout.css?ln=primefaces&v=4.0 HTTP/1.1" 304 -
181.32.184.189 - - [15/Mar/2024:05:57:26 -0500] "GET /sipse/faces/javax.faces.resource/jquery/jquery-plugins.js?ln=primefaces&v=4.0 HTTP/1.1" 304 -
181.32.184.189 - - [15/Mar/2024:05:57:26 -0500] "GET /sipse/faces/javax.faces.resource/primefaces.js?ln=primefaces&v=4.0 HTTP/1.1" 304 -
181.32.184.189 - - [15/Mar/2024:05:57:26 -0500] "GET /sipse/faces/javax.faces.resource/layout/layout.js?ln=primefaces&v=4.0 HTTP/1.1" 304 -
181.32.184.189 - - [15/Mar/2024:05:57:26 -0500] "POST /sipse/faces/presentacion/financiero/solicitudProceso/consultar.xhtml HTTP/1.1" 200 34137
199.16.157.181 - - [15/Mar/2024:05:57:28 -0500] "GET /images/cr%C3%B3nica-29-nov-1_optimized.jpeg HTTP/1.1" 404 1034
181.32.184.189 - - [15/Mar/2024:05:57:31 -0500] "POST /sipse/faces/presentacion/financiero/solicitudProceso/consultar.xhtml HTTP/1.1" 200 12826
186.144.236.44 - - [15/Mar/2024:05:57:41 -0500] "GET /BLA/resoluciones/ HTTP/1.1" 200 14105
186.144.236.44 - - [15/Mar/2024:05:57:41 -0500] "GET /BLA/resoluciones/dlf/styles.css HTTP/1.1" 200 3049
186.144.236.44 - - [15/Mar/2024:05:57:41 -0500] "GET /BLA/resoluciones/dlf/folder.png HTTP/1.1" 200 410
186.144.236.44 - - [15/Mar/2024:05:57:41 -0500] "GET /BLA/resoluciones/dlf/bg.gif HTTP/1.1" 200 54
201.245.192.253 - - [15/Mar/2024:05:57:42 -0500] "POST /forms/lservlet;jsessionid=ac16012b30d672fb2ec093aa4748bf0691d1e088fe72.e3iSbxaKaheRe3iNc3uNbNmQay1ynknvrkLOlQzNp65In0 HTTP/1.1" 200 2
186.144.236.44 - - [15/Mar/2024:05:57:44 -0500] "GET /BLA/resoluciones/dlf/dirup.png HTTP/1.1" 200 644
186.144.236.44 - - [15/Mar/2024:05:57:44 -0500] "GET /BLA/resoluciones/dlf/pdf.gif HTTP/1.1" 200 272
186.144.236.44 - - [15/Mar/2024:05:57:44 -0500] "GET /BLA/resoluciones/index.php?dir=RESOLUCIONES+2022%2F HTTP/1.1" 200 326264
186.144.236.44 - - [15/Mar/2024:05:57:44 -0500] "GET /BLA/resoluciones/dlf/archive.png HTTP/1.1" 200 632
186.144.236.44 - - [15/Mar/2024:05:57:47 -0500] "GET /BLA/resoluciones/RESOLUCIONES%202022/0146.pdf HTTP/1.1" 200 458995
201.245.192.253 - - [15/Mar/2024:05:58:23 -0500] "POST /forms/lservlet;jsessionid=ac16012b30d60c378208792d4757a508e4811830dca4.e3iSbxaKaheRe3iNc3uNbNmQay1ynknvrkLOlQzNp65In0 HTTP/1.1" 200 2
216.245.221.92 - - [15/Mar/2024:05:58:38 -0500] "HEAD / HTTP/1.1" 200 -
186.144.236.44 - - [15/Mar/2024:05:59:36 -0500] "GET /BLA/resoluciones/index.php?dir=RESOLUCIONES+2023%2F HTTP/1.1" 200 146678
186.144.236.44 - - [15/Mar/2024:05:59:39 -0500] "GET /BLA/resoluciones/RESOLUCIONES%202023/0177.pdf HTTP/1.1" 200 487857
201.245.192.253 - - [15/Mar/2024:05:59:42 -0500] "POST /forms/lservlet;jsessionid=ac16012b30d672fb2ec093aa4748bf0691d1e088fe72.e3iSbxaKaheRe3iNc3uNbNmQay1ynknvrkLOlQzNp65In0 HTTP/1.1" 200 2
66.249.77.166 - - [15/Mar/2024:05:59:43 -0500] "GET /BLA/resoluciones/RESOLUCIONES%202009/4153.pdf HTTP/1.1" 200 780888
172.22.2.4 - - [15/Mar/2024:05:58:06 -0500] "HEAD /BLA/boletinlegal/ HTTP/1.1" 200 -
66.249.77.165 - - [15/Mar/2024:05:59:49 -0500] "GET /BLA/resoluciones/RESOLUCIONES%202011/3477.pdf HTTP/1.1" 200 534308
201.245.192.253 - - [15/Mar/2024:06:00:23 -0500] "POST /forms/lservlet;jsessionid=ac16012b30d60c378208792d4757a508e4811830dca4.e3iSbxaKaheRe3iNc3uNbNmQay1ynknvrkLOlQzNp65In0 HTTP/1.1" 200 2
172.22.2.4 - - [15/Mar/2024:05:58:56 -0500] "GET /BLA/boletinlegal/ HTTP/1.1" 200 58720
186.144.236.44 - - [15/Mar/2024:06:00:45 -0500] "GET /BLA/resoluciones/index.php?dir=RESOLUCIONES+2023%2F HTTP/1.1" 200 146678
66.249.77.166 - - [15/Mar/2024:06:01:15 -0500] "GET /BLA/resoluciones/RESOLUCIONES%202010/6249.pdf HTTP/1.1" 200 611472
201.245.192.253 - - [15/Mar/2024:06:01:42 -0500] "POST /forms/lservlet;jsessionid=ac16012b30d672fb2ec093aa4748bf0691d1e088fe72.e3iSbxaKaheRe3iNc3uNbNmQay1ynknvrkLOlQzNp65In0 HTTP/1.1" 200 2
172.22.2.4 - - [15/Mar/2024:06:01:53 -0500] "GET /BLA/boletinlegal/owa/ HTTP/1.1" 404 1018
201.245.192.253 - - [15/Mar/2024:06:02:20 -0500] "POST /kwsrmcab/Wsrmcab  HTTP/1.1" 200 39634
201.245.192.253 - - [15/Mar/2024:06:02:23 -0500] "POST /forms/lservlet;jsessionid=ac16012b30d60c378208792d4757a508e4811830dca4.e3iSbxaKaheRe3iNc3uNbNmQay1ynknvrkLOlQzNp65In0 HTTP/1.1" 200 2
40.77.167.17 - - [15/Mar/2024:06:02:24 -0500] "GET /BLA/resoluciones/Notificaciones/REGISTROS%202020/0411.pdf HTTP/1.1" 200 255997
40.77.167.17 - - [15/Mar/2024:06:02:26 -0500] "GET /BLA/resoluciones/index.php?dir=RESOLUCIONES+2017%2F HTTP/1.1" 200 294094
201.245.192.253 - - [15/Mar/2024:06:03:03 -0500] "POST /kwsrmcab/Wsrmcab HTTP/1.1" 200 213
201.245.192.253 - - [15/Mar/2024:06:03:30 -0500] "POST /kwsrmcab/Wsrmcab HTTP/1.1" 200 35603
216.245.221.92 - - [15/Mar/2024:06:03:38 -0500] "HEAD / HTTP/1.1" 200 -
172.22.2.4 - - [15/Mar/2024:06:03:39 -0500] "GET /BLA/boletinlegal/robots.txt HTTP/1.1" 404 1037
172.22.2.4 - - [15/Mar/2024:06:03:40 -0500] "GET /BLA/boletinlegal/robots.txt HTTP/1.1" 404 1037
201.245.192.253 - - [15/Mar/2024:06:03:42 -0500] "POST /forms/lservlet;jsessionid=ac16012b30d672fb2ec093aa4748bf0691d1e088fe72.e3iSbxaKaheRe3iNc3uNbNmQay1ynknvrkLOlQzNp65In0 HTTP/1.1" 200 2
201.245.192.253 - - [15/Mar/2024:06:03:57 -0500] "POST /kwsrmcab/Wsrmcab HTTP/1.1" 200 35611
201.245.192.253 - - [15/Mar/2024:06:04:07 -0500] "POST /kwsrmcab/Wsrmcab HTTP/1.1" 200 213
201.245.192.253 - - [15/Mar/2024:06:04:23 -0500] "POST /forms/lservlet;jsessionid=ac16012b30d60c378208792d4757a508e4811830dca4.e3iSbxaKaheRe3iNc3uNbNmQay1ynknvrkLOlQzNp65In0 HTTP/1.1" 200 2
66.249.77.164 - - [15/Mar/2024:06:05:12 -0500] "GET /BLA/resoluciones/AUTOS%202013/2203.pdf HTTP/1.1" 200 573228
172.22.2.4 - - [15/Mar/2024:06:03:50 -0500] "GET /BLA/boletinlegal/ HTTP/1.1" 200 51561
172.22.2.4 - - [15/Mar/2024:06:03:56 -0500] "HEAD /BLA/boletinlegal/ HTTP/1.1" 200 -
201.245.192.253 - - [15/Mar/2024:06:05:42 -0500] "POST /forms/lservlet;jsessionid=ac16012b30d672fb2ec093aa4748bf0691d1e088fe72.e3iSbxaKaheRe3iNc3uNbNmQay1ynknvrkLOlQzNp65In0 HTTP/1.1" 200 2
201.245.192.253 - - [15/Mar/2024:06:06:23 -0500] "POST /forms/lservlet;jsessionid=ac16012b30d60c378208792d4757a508e4811830dca4.e3iSbxaKaheRe3iNc3uNbNmQay1ynknvrkLOlQzNp65In0 HTTP/1.1" 200 2
172.22.2.4 - - [15/Mar/2024:06:04:46 -0500] "GET /BLA/boletinlegal/ HTTP/1.1" 200 53419
172.22.2.4 - - [15/Mar/2024:06:06:45 -0500] "GET /BLA/boletinlegal/style.css HTTP/1.1" 200 9406
172.22.2.4 - - [15/Mar/2024:06:06:49 -0500] "GET /BLA/boletinlegal/js/jquery.js HTTP/1.1" 200 57254
172.22.2.4 - - [15/Mar/2024:06:06:50 -0500] "GET /BLA/boletinlegal/js/jquery.scrollShow.js HTTP/1.1" 200 4586
172.22.2.4 - - [15/Mar/2024:06:06:51 -0500] "GET /BLA/boletinlegal/js/jquery.scrollTo-min.js HTTP/1.1" 200 1150
172.22.2.4 - - [15/Mar/2024:06:06:51 -0500] "GET /BLA/boletinlegal/styles2.css HTTP/1.1" 200 1838
173.252.83.3 - - [15/Mar/2024:06:06:56 -0500] "GET /images/Rueda%20de%20prensa.jpeg HTTP/1.1" 200 58715
201.245.192.253 - - [15/Mar/2024:06:07:18 -0500] "POST /kwsrmcab/Wsrmcab  HTTP/1.1" 200 39634
201.245.192.253 - - [15/Mar/2024:06:07:42 -0500] "POST /forms/lservlet;jsessionid=ac16012b30d672fb2ec093aa4748bf0691d1e088fe72.e3iSbxaKaheRe3iNc3uNbNmQay1ynknvrkLOlQzNp65In0 HTTP/1.1" 200 2
201.245.192.253 - - [15/Mar/2024:06:08:18 -0500] "POST /kwsrmcab/Wsrmcab HTTP/1.1" 200 213
201.245.192.253 - - [15/Mar/2024:06:08:23 -0500] "POST /forms/lservlet;jsessionid=ac16012b30d60c378208792d4757a508e4811830dca4.e3iSbxaKaheRe3iNc3uNbNmQay1ynknvrkLOlQzNp65In0 HTTP/1.1" 200 2
201.245.192.253 - - [15/Mar/2024:06:08:26 -0500] "POST /kwsrmcab/Wsrmcab HTTP/1.1" 200 35603
216.245.221.92 - - [15/Mar/2024:06:08:38 -0500] "HEAD / HTTP/1.1" 200 -
66.249.77.166 - - [15/Mar/2024:06:09:24 -0500] "GET /Publicaciones/2024EE32719.pdf HTTP/1.1" 404 227
201.245.192.253 - - [15/Mar/2024:06:08:54 -0500] "POST /kwsrmcab/Wsrmcab HTTP/1.1" 200 213
201.245.192.253 - - [15/Mar/2024:06:09:36 -0500] "POST /kwsrmcab/Wsrmcab HTTP/1.1" 200 213
201.245.192.253 - - [15/Mar/2024:06:09:42 -0500] "POST /forms/lservlet;jsessionid=ac16012b30d672fb2ec093aa4748bf0691d1e088fe72.e3iSbxaKaheRe3iNc3uNbNmQay1ynknvrkLOlQzNp65In0 HTTP/1.1" 200 2
201.245.192.253 - - [15/Mar/2024:06:09:44 -0500] "POST /kwsrmcab/Wsrmcab HTTP/1.1" 200 35611
201.245.192.253 - - [15/Mar/2024:06:10:04 -0500] "POST /kwsrmcab/Wsrmcab HTTP/1.1" 200 213
201.245.192.253 - - [15/Mar/2024:06:10:19 -0500] "POST /kwsrmcab/Wsrmcab HTTP/1.1" 200 35603
201.245.192.253 - - [15/Mar/2024:06:10:23 -0500] "POST /forms/lservlet;jsessionid=ac16012b30d60c378208792d4757a508e4811830dca4.e3iSbxaKaheRe3iNc3uNbNmQay1ynknvrkLOlQzNp65In0 HTTP/1.1" 200 2
207.46.13.125 - - [15/Mar/2024:06:10:50 -0500] "GET /BLA/resoluciones/RESOLUCIONES%202023/3035.pdf HTTP/1.1" 304 -
172.22.2.4 - - [15/Mar/2024:06:09:46 -0500] "HEAD /BLA/boletinlegal/ HTTP/1.1" 200 -
201.245.192.253 - - [15/Mar/2024:06:11:42 -0500] "POST /forms/lservlet;jsessionid=ac16012b30d672fb2ec093aa4748bf0691d1e088fe72.e3iSbxaKaheRe3iNc3uNbNmQay1ynknvrkLOlQzNp65In0 HTTP/1.1" 200 2
66.249.77.164 - - [15/Mar/2024:06:11:58 -0500] "GET /portel_dama/libreria/pdf/ecosistemas/restauracion/sitio/22_proye/xtras_in/3a.pdf HTTP/1.1" 404 1018
172.22.2.4 - - [15/Mar/2024:06:10:36 -0500] "GET /BLA/boletinlegal/ HTTP/1.1" 200 55442
201.245.192.253 - - [15/Mar/2024:06:12:17 -0500] "POST /kwsrmcab/Wsrmcab  HTTP/1.1" 200 39632
201.245.192.253 - - [15/Mar/2024:06:12:23 -0500] "POST /forms/lservlet;jsessionid=ac16012b30d60c378208792d4757a508e4811830dca4.e3iSbxaKaheRe3iNc3uNbNmQay1ynknvrkLOlQzNp65In0 HTTP/1.1" 200 2
168.119.52.80 - - [15/Mar/2024:06:12:43 -0500] "GET / HTTP/1.1" 200 4720
66.249.77.166 - - [15/Mar/2024:06:12:49 -0500] "GET /BLA/resoluciones/RESOLUCIONES%202009/0853.pdf HTTP/1.1" 200 297902
172.22.2.4 - - [15/Mar/2024:06:12:52 -0500] "GET /BLA/boletinlegal/owa/ HTTP/1.1" 404 1018
201.245.192.253 - - [15/Mar/2024:06:13:02 -0500] "POST /kwsrmcab/Wsrmcab HTTP/1.1" 200 8192
201.245.192.253 - - [15/Mar/2024:06:13:15 -0500] "POST /kwsrmcab/Wsrmcab HTTP/1.1" 200 35638
216.245.221.92 - - [15/Mar/2024:06:13:38 -0500] "HEAD / HTTP/1.1" 200 -
201.245.192.253 - - [15/Mar/2024:06:13:42 -0500] "POST /forms/lservlet;jsessionid=ac16012b30d672fb2ec093aa4748bf0691d1e088fe72.e3iSbxaKaheRe3iNc3uNbNmQay1ynknvrkLOlQzNp65In0 HTTP/1.1" 200 2
66.249.77.166 - - [15/Mar/2024:06:13:53 -0500] "GET /BLA/resoluciones/RESOLUCIONES%202010/3997.pdf HTTP/1.1" 200 401359
201.245.192.253 - - [15/Mar/2024:06:14:23 -0500] "POST /forms/lservlet;jsessionid=ac16012b30d60c378208792d4757a508e4811830dca4.e3iSbxaKaheRe3iNc3uNbNmQay1ynknvrkLOlQzNp65In0 HTTP/1.1" 200 2
66.249.77.164 - - [15/Mar/2024:06:14:48 -0500] "GET /resoluciones/RESOLUCIONES%202010/0128.pdf HTTP/1.1" 404 1018
66.249.77.165 - - [15/Mar/2024:06:14:53 -0500] "GET /BLA/resoluciones/RESOLUCIONES%202009/1800.pdf HTTP/1.1" 200 770609
201.245.192.253 - - [15/Mar/2024:06:15:42 -0500] "POST /forms/lservlet;jsessionid=ac16012b30d672fb2ec093aa4748bf0691d1e088fe72.e3iSbxaKaheRe3iNc3uNbNmQay1ynknvrkLOlQzNp65In0 HTTP/1.1" 200 2
201.245.192.253 - - [15/Mar/2024:06:16:23 -0500] "POST /forms/lservlet;jsessionid=ac16012b30d60c378208792d4757a508e4811830dca4.e3iSbxaKaheRe3iNc3uNbNmQay1ynknvrkLOlQzNp65In0 HTTP/1.1" 200 2
201.245.192.253 - - [15/Mar/2024:06:15:03 -0500] "POST /kwsrmcab/Wsrmcab HTTP/1.1" 200 14506
201.245.192.253 - - [15/Mar/2024:06:16:27 -0500] "POST /kwsrmcab/Wsrmcab HTTP/1.1" 200 35638
201.245.192.253 - - [15/Mar/2024:06:17:15 -0500] "POST /kwsrmcab/Wsrmcab  HTTP/1.1" 200 39632
172.22.2.4 - - [15/Mar/2024:06:15:36 -0500] "HEAD /BLA/boletinlegal/ HTTP/1.1" 200 -
201.245.192.253 - - [15/Mar/2024:06:17:42 -0500] "POST /forms/lservlet;jsessionid=ac16012b30d672fb2ec093aa4748bf0691d1e088fe72.e3iSbxaKaheRe3iNc3uNbNmQay1ynknvrkLOlQzNp65In0 HTTP/1.1" 200 2
47.128.22.186 - - [15/Mar/2024:06:17:56 -0500] "GET /BLA/resoluciones/AUTOS%202021/0245.php?act=chmod&d=E%3A%5Cnuevo%5Chtdocs%5CBLA%5Cresoluciones%5CAUTOS+2021&f=2937.pdf HTTP/1.1" 200 2902
172.22.2.4 - - [15/Mar/2024:06:16:26 -0500] "GET /BLA/boletinlegal/ HTTP/1.1" 200 58273
47.128.52.243 - - [15/Mar/2024:06:18:17 -0500] "GET /BLA/resoluciones/AUTOS%202021/0245.php?act=chmod&d=E%3A%5Cnuevo%5Chtdocs%5CBLA%5Cresoluciones%5CAUTOS+2021&f=2703.pdf HTTP/1.1" 200 2902
201.245.192.253 - - [15/Mar/2024:06:18:23 -0500] "POST /forms/lservlet;jsessionid=ac16012b30d60c378208792d4757a508e4811830dca4.e3iSbxaKaheRe3iNc3uNbNmQay1ynknvrkLOlQzNp65In0 HTTP/1.1" 200 2
216.245.221.92 - - [15/Mar/2024:06:18:37 -0500] "HEAD / HTTP/1.1" 200 -
47.128.24.240 - - [15/Mar/2024:06:18:40 -0500] "GET /BLA/resoluciones/AUTOS%202021/0245.php?act=chmod&d=E%3A%5Cnuevo%5Chtdocs%5CBLA%5Cresoluciones%5CAUTOS+2021&f=5025.pdf HTTP/1.1" 200 2902
66.249.77.166 - - [15/Mar/2024:06:18:52 -0500] "GET /resoluciones/RESOLUCIONES%202009/0131.pdf HTTP/1.1" 404 1018
47.128.52.211 - - [15/Mar/2024:06:19:05 -0500] "GET /BLA/resoluciones/AUTOS%202021/0245.php?act=f&d=E%3A%5Cnuevo%5Chtdocs%5CBLA%5Cresoluciones%5CAUTOS+2021&f=0043.pdf HTTP/1.1" 200 3035
47.128.52.211 - - [15/Mar/2024:06:19:06 -0500] "GET /BLA/resoluciones/AUTOS%202021/0245.php?act=img&img=ext_diz HTTP/1.1" 200 1027
47.128.52.211 - - [15/Mar/2024:06:19:06 -0500] "GET /BLA/resoluciones/AUTOS%202021/0245.php?act=img&img=ext_txt HTTP/1.1" 200 132
47.128.52.211 - - [15/Mar/2024:06:19:06 -0500] "GET /BLA/resoluciones/AUTOS%202021/0245.php?act=img&img=ext_pdf HTTP/1.1" 200 1034
47.128.52.211 - - [15/Mar/2024:06:19:06 -0500] "GET /BLA/resoluciones/AUTOS%202021/0245.php?act=img&img=ext_gif HTTP/1.1" 200 175
47.128.52.211 - - [15/Mar/2024:06:19:06 -0500] "GET /BLA/resoluciones/AUTOS%202021/0245.php?act=img&img=ext_html HTTP/1.1" 200 230
47.128.52.211 - - [15/Mar/2024:06:19:06 -0500] "GET /BLA/resoluciones/AUTOS%202021/0245.php?act=img&img=ext_exe HTTP/1.1" 200 118
47.128.52.211 - - [15/Mar/2024:06:19:06 -0500] "GET /BLA/resoluciones/AUTOS%202021/0245.php?act=img&img=download HTTP/1.1" 200 161
47.128.52.211 - - [15/Mar/2024:06:19:06 -0500] "GET /BLA/resoluciones/AUTOS%202021/0245.php?act=img&img=ext_ini HTTP/1.1" 200 134
47.128.52.211 - - [15/Mar/2024:06:19:06 -0500] "GET /BLA/resoluciones/AUTOS%202021/0245.php?act=img&img=ext_rtf HTTP/1.1" 200 164
47.128.52.211 - - [15/Mar/2024:06:19:06 -0500] "GET /BLA/resoluciones/AUTOS%202021/0245.php?act=img&img=change HTTP/1.1" 200 290
66.249.77.164 - - [15/Mar/2024:06:19:12 -0500] "GET /BLA/resoluciones/RESOLUCIONES%202010/0516.pdf HTTP/1.1" 200 655898
47.128.24.254 - - [15/Mar/2024:06:19:28 -0500] "GET /BLA/resoluciones/AUTOS%202021/0245.php?act=f&d=E%3A%5Cnuevo%5Chtdocs%5CBLA%5Cresoluciones%5CAUTOS+2021&f=1780.pdf HTTP/1.1" 200 3036
201.245.192.253 - - [15/Mar/2024:06:19:28 -0500] "POST /kwsrmcab/Wsrmcab HTTP/1.1" 200 37199
47.128.24.254 - - [15/Mar/2024:06:19:29 -0500] "GET /BLA/resoluciones/AUTOS%202021/0245.php?act=img&img=ext_txt HTTP/1.1" 200 132
201.245.192.253 - - [15/Mar/2024:06:19:29 -0500] "POST /kwsrmcab/Wsrmcab HTTP/1.1" 200 35638
47.128.24.254 - - [15/Mar/2024:06:19:29 -0500] "GET /BLA/resoluciones/AUTOS%202021/0245.php?act=img&img=ext_exe HTTP/1.1" 200 118
47.128.24.254 - - [15/Mar/2024:06:19:29 -0500] "GET /BLA/resoluciones/AUTOS%202021/0245.php?act=img&img=ext_html HTTP/1.1" 200 230
47.128.24.254 - - [15/Mar/2024:06:19:29 -0500] "GET /BLA/resoluciones/AUTOS%202021/0245.php?act=img&img=ext_pdf HTTP/1.1" 200 1034
47.128.24.254 - - [15/Mar/2024:06:19:29 -0500] "GET /BLA/resoluciones/AUTOS%202021/0245.php?act=img&img=ext_diz HTTP/1.1" 200 1027
47.128.24.254 - - [15/Mar/2024:06:19:29 -0500] "GET /BLA/resoluciones/AUTOS%202021/0245.php?act=img&img=ext_gif HTTP/1.1" 200 175
47.128.24.254 - - [15/Mar/2024:06:19:30 -0500] "GET /BLA/resoluciones/AUTOS%202021/0245.php?act=img&img=download HTTP/1.1" 200 161
47.128.24.254 - - [15/Mar/2024:06:19:30 -0500] "GET /BLA/resoluciones/AUTOS%202021/0245.php?act=img&img=ext_rtf HTTP/1.1" 200 164
47.128.24.254 - - [15/Mar/2024:06:19:30 -0500] "GET /BLA/resoluciones/AUTOS%202021/0245.php?act=img&img=ext_ini HTTP/1.1" 200 134
47.128.24.254 - - [15/Mar/2024:06:19:30 -0500] "GET /BLA/resoluciones/AUTOS%202021/0245.php?act=img&img=change HTTP/1.1" 200 290
201.245.192.253 - - [15/Mar/2024:06:19:42 -0500] "POST /forms/lservlet;jsessionid=ac16012b30d672fb2ec093aa4748bf0691d1e088fe72.e3iSbxaKaheRe3iNc3uNbNmQay1ynknvrkLOlQzNp65In0 HTTP/1.1" 200 2
47.128.17.57 - - [15/Mar/2024:06:19:53 -0500] "GET /BLA/resoluciones/AUTOS%202021/0245.php?act=chmod&d=E%3A%5Cnuevo%5Chtdocs%5CBLA%5Cresoluciones%5CAUTOS+2021&f=3144.pdf HTTP/1.1" 200 2902
52.167.144.182 - - [15/Mar/2024:06:19:54 -0500] "GET /Publicaciones/2023EE255836.pdf HTTP/1.1" 404 228
201.245.192.253 - - [15/Mar/2024:06:19:55 -0500] "POST /kwsrmcab/Wsrmcab HTTP/1.1" 200 37496
47.128.44.176 - - [15/Mar/2024:06:20:17 -0500] "GET /BLA/resoluciones/AUTOS%202021/0245.php?act=chmod&d=E%3A%5Cnuevo%5Chtdocs%5CBLA%5Cresoluciones%5CAUTOS+2021&f=5890.pdf HTTP/1.1" 200 2902
201.245.192.253 - - [15/Mar/2024:06:20:23 -0500] "POST /forms/lservlet;jsessionid=ac16012b30d60c378208792d4757a508e4811830dca4.e3iSbxaKaheRe3iNc3uNbNmQay1ynknvrkLOlQzNp65In0 HTTP/1.1" 200 2
201.245.192.253 - - [15/Mar/2024:06:20:35 -0500] "POST /kwsrmcab/Wsrmcab HTTP/1.1" 200 35638
201.245.192.253 - - [15/Mar/2024:06:21:42 -0500] "POST /forms/lservlet;jsessionid=ac16012b30d672fb2ec093aa4748bf0691d1e088fe72.e3iSbxaKaheRe3iNc3uNbNmQay1ynknvrkLOlQzNp65In0 HTTP/1.1" 200 2
201.245.192.253 - - [15/Mar/2024:06:22:14 -0500] "POST /kwsrmcab/Wsrmcab  HTTP/1.1" 200 39632
201.245.192.253 - - [15/Mar/2024:06:22:23 -0500] "POST /forms/lservlet;jsessionid=ac16012b30d60c378208792d4757a508e4811830dca4.e3iSbxaKaheRe3iNc3uNbNmQay1ynknvrkLOlQzNp65In0 HTTP/1.1" 200 2
172.22.2.4 - - [15/Mar/2024:06:21:26 -0500] "HEAD /BLA/boletinlegal/ HTTP/1.1" 200 -
47.128.59.173 - - [15/Mar/2024:06:23:10 -0500] "GET /BLA/resoluciones/AUTOS%202021/0245.php?act=f&d=E%3A%5Cnuevo%5Chtdocs%5CBLA%5Cresoluciones%5CAUTOS+2021&f=6217.pdf HTTP/1.1" 200 3036
47.128.59.173 - - [15/Mar/2024:06:23:11 -0500] "GET /BLA/resoluciones/AUTOS%202021/0245.php?act=img&img=ext_diz HTTP/1.1" 200 1027
47.128.59.173 - - [15/Mar/2024:06:23:11 -0500] "GET /BLA/resoluciones/AUTOS%202021/0245.php?act=img&img=ext_html HTTP/1.1" 200 230
47.128.59.173 - - [15/Mar/2024:06:23:11 -0500] "GET /BLA/resoluciones/AUTOS%202021/0245.php?act=img&img=ext_gif HTTP/1.1" 200 175
47.128.59.173 - - [15/Mar/2024:06:23:11 -0500] "GET /BLA/resoluciones/AUTOS%202021/0245.php?act=img&img=ext_pdf HTTP/1.1" 200 1034
47.128.59.173 - - [15/Mar/2024:06:23:11 -0500] "GET /BLA/resoluciones/AUTOS%202021/0245.php?act=img&img=ext_exe HTTP/1.1" 200 118
47.128.59.173 - - [15/Mar/2024:06:23:11 -0500] "GET /BLA/resoluciones/AUTOS%202021/0245.php?act=img&img=ext_txt HTTP/1.1" 200 132
47.128.59.173 - - [15/Mar/2024:06:23:11 -0500] "GET /BLA/resoluciones/AUTOS%202021/0245.php?act=img&img=download HTTP/1.1" 200 161
47.128.59.173 - - [15/Mar/2024:06:23:11 -0500] "GET /BLA/resoluciones/AUTOS%202021/0245.php?act=img&img=ext_ini HTTP/1.1" 200 134
47.128.59.173 - - [15/Mar/2024:06:23:12 -0500] "GET /BLA/resoluciones/AUTOS%202021/0245.php?act=img&img=ext_rtf HTTP/1.1" 200 164
47.128.59.173 - - [15/Mar/2024:06:23:12 -0500] "GET /BLA/resoluciones/AUTOS%202021/0245.php?act=img&img=change HTTP/1.1" 200 290
47.128.25.6 - - [15/Mar/2024:06:23:34 -0500] "GET /BLA/resoluciones/AUTOS%202021/0245.php?act=f&d=E%3A%5Cnuevo%5Chtdocs%5CBLA%5Cresoluciones%5CAUTOS+2021&f=4756.pdf HTTP/1.1" 200 3036
47.128.25.6 - - [15/Mar/2024:06:23:35 -0500] "GET /BLA/resoluciones/AUTOS%202021/0245.php?act=img&img=ext_exe HTTP/1.1" 200 118
47.128.25.6 - - [15/Mar/2024:06:23:35 -0500] "GET /BLA/resoluciones/AUTOS%202021/0245.php?act=img&img=ext_diz HTTP/1.1" 200 1027
47.128.25.6 - - [15/Mar/2024:06:23:35 -0500] "GET /BLA/resoluciones/AUTOS%202021/0245.php?act=img&img=ext_html HTTP/1.1" 200 230
47.128.25.6 - - [15/Mar/2024:06:23:35 -0500] "GET /BLA/resoluciones/AUTOS%202021/0245.php?act=img&img=ext_pdf HTTP/1.1" 200 1034
47.128.25.6 - - [15/Mar/2024:06:23:35 -0500] "GET /BLA/resoluciones/AUTOS%202021/0245.php?act=img&img=ext_rtf HTTP/1.1" 200 164
47.128.25.6 - - [15/Mar/2024:06:23:35 -0500] "GET /BLA/resoluciones/AUTOS%202021/0245.php?act=img&img=ext_txt HTTP/1.1" 200 132
