201.245.192.253 - - [18/Mar/2024:05:46:36 -0500] "POST /forms/lservlet;jsessionid=ac16012b30d60c378208792d4757a508e4811830dca4.e3iSbxaKaheRe3iNc3uNbNmQay1ynknvrkLOlQzNp65In0 HTTP/1.1" 200 2
216.245.221.92 - - [18/Mar/2024:05:47:01 -0500] "HEAD / HTTP/1.1" 200 -
172.22.2.4 - - [18/Mar/2024:05:45:25 -0500] "GET /BLA/boletinlegal/ HTTP/1.1" 200 56779
173.252.95.6 - - [18/Mar/2024:05:47:53 -0500] "GET /images/negocios-verdes-mayo-2022.jpg HTTP/1.1" 200 48000
201.245.192.253 - - [18/Mar/2024:05:47:55 -0500] "POST /forms/lservlet;jsessionid=ac16012b30d672fb2ec093aa4748bf0691d1e088fe72.e3iSbxaKaheRe3iNc3uNbNmQay1ynknvrkLOlQzNp65In0 HTTP/1.1" 200 2
201.245.192.253 - - [18/Mar/2024:05:48:36 -0500] "POST /forms/lservlet;jsessionid=ac16012b30d60c378208792d4757a508e4811830dca4.e3iSbxaKaheRe3iNc3uNbNmQay1ynknvrkLOlQzNp65In0 HTTP/1.1" 200 2
201.245.192.253 - - [18/Mar/2024:05:49:55 -0500] "POST /forms/lservlet;jsessionid=ac16012b30d672fb2ec093aa4748bf0691d1e088fe72.e3iSbxaKaheRe3iNc3uNbNmQay1ynknvrkLOlQzNp65In0 HTTP/1.1" 200 2
157.55.39.54 - - [18/Mar/2024:05:50:06 -0500] "GET /portaldeninos/humedal-tibanica-2/ HTTP/1.1" 200 87771
201.245.192.253 - - [18/Mar/2024:05:50:10 -0500] "POST /kwsrmcab/Wsrmcab  HTTP/1.1" 200 37824
207.46.13.78 - - [18/Mar/2024:05:50:14 -0500] "GET /pdc/actos/307.pdf HTTP/1.1" 304 -
201.245.192.253 - - [18/Mar/2024:05:50:36 -0500] "POST /forms/lservlet;jsessionid=ac16012b30d60c378208792d4757a508e4811830dca4.e3iSbxaKaheRe3iNc3uNbNmQay1ynknvrkLOlQzNp65In0 HTTP/1.1" 200 2
110.244.12.225 - - [18/Mar/2024:05:50:50 -0500] "GET / HTTP/1.1" 200 319
110.244.12.225 - - [18/Mar/2024:05:50:59 -0500] "GET / HTTP/1.1" 200 319
207.46.13.78 - - [18/Mar/2024:05:51:14 -0500] "GET /BLA/resoluciones/RESOLUCIONES%202019/0427.pdf HTTP/1.1" 200 265237
201.245.192.253 - - [18/Mar/2024:05:51:55 -0500] "POST /forms/lservlet;jsessionid=ac16012b30d672fb2ec093aa4748bf0691d1e088fe72.e3iSbxaKaheRe3iNc3uNbNmQay1ynknvrkLOlQzNp65In0 HTTP/1.1" 200 2
216.245.221.92 - - [18/Mar/2024:05:52:01 -0500] "HEAD / HTTP/1.1" 200 -
172.22.2.4 - - [18/Mar/2024:05:50:24 -0500] "HEAD /BLA/boletinlegal/ HTTP/1.1" 200 -
201.245.192.253 - - [18/Mar/2024:05:52:36 -0500] "POST /forms/lservlet;jsessionid=ac16012b30d60c378208792d4757a508e4811830dca4.e3iSbxaKaheRe3iNc3uNbNmQay1ynknvrkLOlQzNp65In0 HTTP/1.1" 200 2
172.22.2.4 - - [18/Mar/2024:05:51:15 -0500] "GET /BLA/boletinlegal/ HTTP/1.1" 200 58720
201.245.192.253 - - [18/Mar/2024:05:53:55 -0500] "POST /forms/lservlet;jsessionid=ac16012b30d672fb2ec093aa4748bf0691d1e088fe72.e3iSbxaKaheRe3iNc3uNbNmQay1ynknvrkLOlQzNp65In0 HTTP/1.1" 200 2
201.245.192.253 - - [18/Mar/2024:05:54:36 -0500] "POST /forms/lservlet;jsessionid=ac16012b30d60c378208792d4757a508e4811830dca4.e3iSbxaKaheRe3iNc3uNbNmQay1ynknvrkLOlQzNp65In0 HTTP/1.1" 200 2
201.245.192.253 - - [18/Mar/2024:05:55:09 -0500] "POST /kwsrmcab/Wsrmcab  HTTP/1.1" 200 37824
185.191.171.9 - - [18/Mar/2024:05:55:15 -0500] "GET /robots.txt HTTP/1.1" 404 1035
185.191.171.1 - - [18/Mar/2024:05:55:15 -0500] "GET /portaldeninos/que-es-cambio-climatico HTTP/1.1" 301 -
185.191.171.9 - - [18/Mar/2024:05:55:17 -0500] "GET /portaldeninos/que-es-cambio-climatico/ HTTP/1.1" 200 86727
85.208.96.197 - - [18/Mar/2024:05:55:20 -0500] "GET /sitemap.xml HTTP/1.1" 404 1035
201.245.192.253 - - [18/Mar/2024:05:55:55 -0500] "POST /forms/lservlet;jsessionid=ac16012b30d672fb2ec093aa4748bf0691d1e088fe72.e3iSbxaKaheRe3iNc3uNbNmQay1ynknvrkLOlQzNp65In0 HTTP/1.1" 200 2
172.22.2.4 - - [18/Mar/2024:05:54:24 -0500] "HEAD /BLA/boletinlegal/ HTTP/1.1" 200 -
123.160.233.41 - - [18/Mar/2024:05:56:28 -0500] "GET / HTTP/1.1" 200 319
207.46.13.14 - - [18/Mar/2024:05:56:35 -0500] "GET /BLA/resoluciones/RESOLUCIONES%202021/0664.pdf HTTP/1.1" 200 674124
201.245.192.253 - - [18/Mar/2024:05:56:36 -0500] "POST /forms/lservlet;jsessionid=ac16012b30d60c378208792d4757a508e4811830dca4.e3iSbxaKaheRe3iNc3uNbNmQay1ynknvrkLOlQzNp65In0 HTTP/1.1" 200 2
207.46.13.14 - - [18/Mar/2024:05:56:37 -0500] "GET /BLA/resoluciones/RESOLUCIONES%202017/0073.pdf HTTP/1.1" 200 461898
172.22.2.4 - - [18/Mar/2024:05:55:06 -0500] "GET /BLA/boletinlegal/ HTTP/1.1" 200 56191
216.245.221.92 - - [18/Mar/2024:05:57:01 -0500] "HEAD / HTTP/1.1" 200 -
183.160.195.52 - - [18/Mar/2024:05:57:06 -0500] "GET / HTTP/1.1" 200 319
119.163.44.26 - - [18/Mar/2024:05:57:17 -0500] "GET /favicon.ico HTTP/1.1" 200 7782
36.106.166.253 - - [18/Mar/2024:05:57:32 -0500] "GET /favicon.ico HTTP/1.1" 200 7782
172.22.2.4 - - [18/Mar/2024:05:56:14 -0500] "HEAD /BLA/boletinlegal/ HTTP/1.1" 200 -
201.245.192.253 - - [18/Mar/2024:05:57:55 -0500] "POST /forms/lservlet;jsessionid=ac16012b30d672fb2ec093aa4748bf0691d1e088fe72.e3iSbxaKaheRe3iNc3uNbNmQay1ynknvrkLOlQzNp65In0 HTTP/1.1" 200 2
51.222.253.14 - - [18/Mar/2024:05:58:32 -0500] "GET /robots.txt HTTP/1.1" 404 1018
201.245.192.253 - - [18/Mar/2024:05:58:36 -0500] "POST /forms/lservlet;jsessionid=ac16012b30d60c378208792d4757a508e4811830dca4.e3iSbxaKaheRe3iNc3uNbNmQay1ynknvrkLOlQzNp65In0 HTTP/1.1" 200 2
172.22.2.4 - - [18/Mar/2024:05:57:05 -0500] "GET /BLA/boletinlegal/ HTTP/1.1" 200 54913
201.245.192.253 - - [18/Mar/2024:05:59:55 -0500] "POST /forms/lservlet;jsessionid=ac16012b30d672fb2ec093aa4748bf0691d1e088fe72.e3iSbxaKaheRe3iNc3uNbNmQay1ynknvrkLOlQzNp65In0 HTTP/1.1" 200 2
201.245.192.253 - - [18/Mar/2024:06:00:07 -0500] "POST /kwsrmcab/Wsrmcab  HTTP/1.1" 200 37824
181.32.221.59 - - [18/Mar/2024:06:00:14 -0500] "GET /sipse/faces/javax.faces.resource/images/ui-bg_flat_0_2d5972_40x100.png?ln=primefaces-aristo HTTP/1.1" 304 -
181.32.221.59 - - [18/Mar/2024:06:00:14 -0500] "POST /sipse/faces/presentacion/financiero/solicitudProceso/consultarSolicitudProceso.xhtml HTTP/1.1" 200 36864
181.32.221.59 - - [18/Mar/2024:06:00:14 -0500] "GET /sipse/faces/javax.faces.resource/theme.css?ln=primefaces-sipse HTTP/1.1" 304 -
181.32.221.59 - - [18/Mar/2024:06:00:14 -0500] "GET /sipse/faces/javax.faces.resource/primefaces.css?ln=primefaces&v=4.0 HTTP/1.1" 304 -
181.32.221.59 - - [18/Mar/2024:06:00:14 -0500] "GET /sipse/faces/javax.faces.resource/layout/layout.css?ln=primefaces&v=4.0 HTTP/1.1" 304 -
181.32.221.59 - - [18/Mar/2024:06:00:15 -0500] "GET /sipse/faces/javax.faces.resource/jquery/jquery.js?ln=primefaces&v=4.0 HTTP/1.1" 304 -
181.32.221.59 - - [18/Mar/2024:06:00:15 -0500] "GET /sipse/faces/javax.faces.resource/jquery/jquery-plugins.js?ln=primefaces&v=4.0 HTTP/1.1" 304 -
181.32.221.59 - - [18/Mar/2024:06:00:15 -0500] "GET /sipse/faces/javax.faces.resource/primefaces.js?ln=primefaces&v=4.0 HTTP/1.1" 304 -
181.32.221.59 - - [18/Mar/2024:06:00:15 -0500] "GET /sipse/faces/javax.faces.resource/layout/layout.js?ln=primefaces&v=4.0 HTTP/1.1" 304 -
181.32.221.59 - - [18/Mar/2024:06:00:15 -0500] "GET /sipse/css/imagen/contrasena.png HTTP/1.1" 404 383
181.32.221.59 - - [18/Mar/2024:06:00:15 -0500] "POST /sipse/faces/presentacion/financiero/solicitudProceso/listarSolicitudProceso.xhtml HTTP/1.1" 200 1392
181.32.221.59 - - [18/Mar/2024:06:00:17 -0500] "POST /sipse/faces/presentacion/financiero/solicitudProceso/listarSolicitudProceso.xhtml HTTP/1.1" 200 5956
52.167.144.180 - - [18/Mar/2024:06:00:20 -0500] "GET /BLA/resoluciones/AUTOS%202013/2760.pdf HTTP/1.1" 304 -
181.32.221.59 - - [18/Mar/2024:06:00:20 -0500] "POST /sipse/faces/presentacion/financiero/solicitudProceso/listarSolicitudProceso.xhtml HTTP/1.1" 200 130844
181.32.221.59 - - [18/Mar/2024:06:00:21 -0500] "GET /sipse/faces/javax.faces.resource/theme.css?ln=primefaces-sipse HTTP/1.1" 304 -
181.32.221.59 - - [18/Mar/2024:06:00:21 -0500] "GET /sipse/faces/javax.faces.resource/primefaces.css?ln=primefaces&v=4.0 HTTP/1.1" 304 -
181.32.221.59 - - [18/Mar/2024:06:00:21 -0500] "GET /sipse/faces/javax.faces.resource/layout/layout.css?ln=primefaces&v=4.0 HTTP/1.1" 304 -
181.32.221.59 - - [18/Mar/2024:06:00:21 -0500] "GET /sipse/faces/javax.faces.resource/jquery/jquery.js?ln=primefaces&v=4.0 HTTP/1.1" 304 -
181.32.221.59 - - [18/Mar/2024:06:00:21 -0500] "GET /sipse/faces/javax.faces.resource/jquery/jquery-plugins.js?ln=primefaces&v=4.0 HTTP/1.1" 304 -
181.32.221.59 - - [18/Mar/2024:06:00:21 -0500] "GET /sipse/faces/javax.faces.resource/primefaces.js?ln=primefaces&v=4.0 HTTP/1.1" 304 -
181.32.221.59 - - [18/Mar/2024:06:00:21 -0500] "GET /sipse/faces/javax.faces.resource/layout/layout.js?ln=primefaces&v=4.0 HTTP/1.1" 304 -
181.32.221.59 - - [18/Mar/2024:06:00:21 -0500] "GET /sipse/css/imagen/contrasena.png HTTP/1.1" 404 383
201.245.192.253 - - [18/Mar/2024:06:00:36 -0500] "POST /forms/lservlet;jsessionid=ac16012b30d60c378208792d4757a508e4811830dca4.e3iSbxaKaheRe3iNc3uNbNmQay1ynknvrkLOlQzNp65In0 HTTP/1.1" 200 2
181.32.221.59 - - [18/Mar/2024:06:00:42 -0500] "POST /sipse/faces/presentacion/financiero/solicitudProceso/consultarSolicitudProceso.xhtml HTTP/1.1" 200 21239
181.32.221.59 - - [18/Mar/2024:06:00:42 -0500] "GET /sipse/faces/javax.faces.resource/theme.css?ln=primefaces-sipse HTTP/1.1" 304 -
181.32.221.59 - - [18/Mar/2024:06:00:42 -0500] "GET /sipse/faces/javax.faces.resource/primefaces.css?ln=primefaces&v=4.0 HTTP/1.1" 304 -
181.32.221.59 - - [18/Mar/2024:06:00:42 -0500] "GET /sipse/faces/javax.faces.resource/layout/layout.css?ln=primefaces&v=4.0 HTTP/1.1" 304 -
181.32.221.59 - - [18/Mar/2024:06:00:42 -0500] "GET /sipse/faces/javax.faces.resource/primefaces.js?ln=primefaces&v=4.0 HTTP/1.1" 304 -
181.32.221.59 - - [18/Mar/2024:06:00:42 -0500] "GET /sipse/faces/javax.faces.resource/fileupload/fileupload.css?ln=primefaces&v=4.0 HTTP/1.1" 304 -
181.32.221.59 - - [18/Mar/2024:06:00:42 -0500] "GET /sipse/faces/javax.faces.resource/jquery/jquery.js?ln=primefaces&v=4.0 HTTP/1.1" 304 -
181.32.221.59 - - [18/Mar/2024:06:00:42 -0500] "GET /sipse/faces/javax.faces.resource/jquery/jquery-plugins.js?ln=primefaces&v=4.0 HTTP/1.1" 304 -
181.32.221.59 - - [18/Mar/2024:06:00:42 -0500] "GET /sipse/faces/javax.faces.resource/layout/layout.js?ln=primefaces&v=4.0 HTTP/1.1" 304 -
181.32.221.59 - - [18/Mar/2024:06:00:42 -0500] "GET /sipse/faces/javax.faces.resource/fileupload/fileupload.js?ln=primefaces&v=4.0 HTTP/1.1" 304 -
181.32.221.59 - - [18/Mar/2024:06:00:42 -0500] "GET /sipse/css/imagen/contrasena.png HTTP/1.1" 404 383
181.32.221.59 - - [18/Mar/2024:06:00:42 -0500] "GET /sipse/faces/javax.faces.resource/images/ui-icons_898989_256x240.png?ln=primefaces-aristo HTTP/1.1" 304 -
181.32.221.59 - - [18/Mar/2024:06:01:17 -0500] "GET /sipse/faces/javax.faces.resource/theme.css?ln=primefaces-sipse HTTP/1.1" 304 -
181.32.221.59 - - [18/Mar/2024:06:01:17 -0500] "GET /sipse/faces/javax.faces.resource/primefaces.css?ln=primefaces&v=4.0 HTTP/1.1" 304 -
181.32.221.59 - - [18/Mar/2024:06:01:17 -0500] "GET /sipse/faces/javax.faces.resource/layout/layout.css?ln=primefaces&v=4.0 HTTP/1.1" 304 -
181.32.221.59 - - [18/Mar/2024:06:01:17 -0500] "GET /sipse/faces/javax.faces.resource/jquery/jquery.js?ln=primefaces&v=4.0 HTTP/1.1" 304 -
181.32.221.59 - - [18/Mar/2024:06:01:17 -0500] "GET /sipse/faces/javax.faces.resource/jquery/jquery-plugins.js?ln=primefaces&v=4.0 HTTP/1.1" 304 -
181.32.221.59 - - [18/Mar/2024:06:01:17 -0500] "GET /sipse/faces/javax.faces.resource/primefaces.js?ln=primefaces&v=4.0 HTTP/1.1" 304 -
181.32.221.59 - - [18/Mar/2024:06:01:17 -0500] "GET /sipse/faces/javax.faces.resource/layout/layout.js?ln=primefaces&v=4.0 HTTP/1.1" 304 -
181.32.221.59 - - [18/Mar/2024:06:01:16 -0500] "POST /sipse/faces/presentacion/sistema/anexos/cargarAnexoSolicitudProceso.xhtml HTTP/1.1" 200 179624
181.32.221.59 - - [18/Mar/2024:06:01:18 -0500] "GET /sipse/css/imagen/contrasena.png HTTP/1.1" 404 383
181.32.221.59 - - [18/Mar/2024:06:01:18 -0500] "GET /sipse/faces/javax.faces.resource/images/ui-icons_898989_256x240.png?ln=primefaces-aristo HTTP/1.1" 304 -
201.245.192.253 - - [18/Mar/2024:06:01:55 -0500] "POST /forms/lservlet;jsessionid=ac16012b30d672fb2ec093aa4748bf0691d1e088fe72.e3iSbxaKaheRe3iNc3uNbNmQay1ynknvrkLOlQzNp65In0 HTTP/1.1" 200 2
40.77.167.50 - - [18/Mar/2024:06:01:58 -0500] "GET /BLA/resoluciones/AUTOS%202020/4007.pdf HTTP/1.1" 304 -
216.245.221.92 - - [18/Mar/2024:06:02:01 -0500] "HEAD / HTTP/1.1" 200 -
201.245.192.253 - - [18/Mar/2024:06:02:36 -0500] "POST /forms/lservlet;jsessionid=ac16012b30d60c378208792d4757a508e4811830dca4.e3iSbxaKaheRe3iNc3uNbNmQay1ynknvrkLOlQzNp65In0 HTTP/1.1" 200 2
181.32.221.59 - - [18/Mar/2024:06:03:39 -0500] "POST /sipse/faces/presentacion/financiero/solicitudProceso/consultarSolicitudProceso.xhtml HTTP/1.1" 200 21239
181.32.221.59 - - [18/Mar/2024:06:03:39 -0500] "GET /sipse/faces/javax.faces.resource/theme.css?ln=primefaces-sipse HTTP/1.1" 304 -
181.32.221.59 - - [18/Mar/2024:06:03:39 -0500] "GET /sipse/faces/javax.faces.resource/primefaces.css?ln=primefaces&v=4.0 HTTP/1.1" 304 -
181.32.221.59 - - [18/Mar/2024:06:03:39 -0500] "GET /sipse/faces/javax.faces.resource/fileupload/fileupload.css?ln=primefaces&v=4.0 HTTP/1.1" 304 -
181.32.221.59 - - [18/Mar/2024:06:03:39 -0500] "GET /sipse/faces/javax.faces.resource/layout/layout.css?ln=primefaces&v=4.0 HTTP/1.1" 304 -
181.32.221.59 - - [18/Mar/2024:06:03:39 -0500] "GET /sipse/faces/javax.faces.resource/jquery/jquery.js?ln=primefaces&v=4.0 HTTP/1.1" 304 -
181.32.221.59 - - [18/Mar/2024:06:03:39 -0500] "GET /sipse/faces/javax.faces.resource/jquery/jquery-plugins.js?ln=primefaces&v=4.0 HTTP/1.1" 304 -
181.32.221.59 - - [18/Mar/2024:06:03:39 -0500] "GET /sipse/faces/javax.faces.resource/primefaces.js?ln=primefaces&v=4.0 HTTP/1.1" 304 -
181.32.221.59 - - [18/Mar/2024:06:03:39 -0500] "GET /sipse/faces/javax.faces.resource/fileupload/fileupload.js?ln=primefaces&v=4.0 HTTP/1.1" 304 -
181.32.221.59 - - [18/Mar/2024:06:03:39 -0500] "GET /sipse/faces/javax.faces.resource/layout/layout.js?ln=primefaces&v=4.0 HTTP/1.1" 304 -
181.32.221.59 - - [18/Mar/2024:06:03:39 -0500] "GET /sipse/css/imagen/contrasena.png HTTP/1.1" 404 383
181.32.221.59 - - [18/Mar/2024:06:03:39 -0500] "GET /sipse/faces/javax.faces.resource/images/ui-icons_898989_256x240.png?ln=primefaces-aristo HTTP/1.1" 304 -
172.22.2.4 - - [18/Mar/2024:06:02:04 -0500] "HEAD /BLA/boletinlegal/ HTTP/1.1" 200 -
201.245.192.253 - - [18/Mar/2024:06:03:55 -0500] "POST /forms/lservlet;jsessionid=ac16012b30d672fb2ec093aa4748bf0691d1e088fe72.e3iSbxaKaheRe3iNc3uNbNmQay1ynknvrkLOlQzNp65In0 HTTP/1.1" 200 2
181.32.221.59 - - [18/Mar/2024:06:04:11 -0500] "GET /sipse/faces/javax.faces.resource/theme.css?ln=primefaces-sipse HTTP/1.1" 304 -
181.32.221.59 - - [18/Mar/2024:06:04:10 -0500] "POST /sipse/faces/presentacion/sistema/anexos/cargarAnexoSolicitudProceso.xhtml HTTP/1.1" 200 181450
181.32.221.59 - - [18/Mar/2024:06:04:11 -0500] "GET /sipse/faces/javax.faces.resource/layout/layout.css?ln=primefaces&v=4.0 HTTP/1.1" 304 -
181.32.221.59 - - [18/Mar/2024:06:04:11 -0500] "GET /sipse/faces/javax.faces.resource/jquery/jquery-plugins.js?ln=primefaces&v=4.0 HTTP/1.1" 304 -
181.32.221.59 - - [18/Mar/2024:06:04:11 -0500] "GET /sipse/faces/javax.faces.resource/jquery/jquery.js?ln=primefaces&v=4.0 HTTP/1.1" 304 -
181.32.221.59 - - [18/Mar/2024:06:04:11 -0500] "GET /sipse/faces/javax.faces.resource/primefaces.js?ln=primefaces&v=4.0 HTTP/1.1" 304 -
181.32.221.59 - - [18/Mar/2024:06:04:11 -0500] "GET /sipse/faces/javax.faces.resource/primefaces.css?ln=primefaces&v=4.0 HTTP/1.1" 304 -
181.32.221.59 - - [18/Mar/2024:06:04:11 -0500] "GET /sipse/faces/javax.faces.resource/layout/layout.js?ln=primefaces&v=4.0 HTTP/1.1" 304 -
181.32.221.59 - - [18/Mar/2024:06:04:11 -0500] "GET /sipse/faces/javax.faces.resource/images/ui-icons_898989_256x240.png?ln=primefaces-aristo HTTP/1.1" 304 -
181.32.221.59 - - [18/Mar/2024:06:04:11 -0500] "GET /sipse/css/imagen/contrasena.png HTTP/1.1" 404 383
172.22.2.4 - - [18/Mar/2024:06:02:55 -0500] "GET /BLA/boletinlegal/ HTTP/1.1" 200 58720
201.245.192.253 - - [18/Mar/2024:06:04:36 -0500] "POST /forms/lservlet;jsessionid=ac16012b30d60c378208792d4757a508e4811830dca4.e3iSbxaKaheRe3iNc3uNbNmQay1ynknvrkLOlQzNp65In0 HTTP/1.1" 200 2
201.245.192.253 - - [18/Mar/2024:06:05:06 -0500] "POST /kwsrmcab/Wsrmcab  HTTP/1.1" 200 37824
181.32.221.59 - - [18/Mar/2024:06:05:10 -0500] "POST /sipse/faces/presentacion/financiero/solicitudProceso/consultarSolicitudProceso.xhtml HTTP/1.1" 200 75647
181.32.221.59 - - [18/Mar/2024:06:05:41 -0500] "GET /sipse/faces/javax.faces.resource/images/ui-bg_flat_0_2d5972_40x100.png?ln=primefaces-aristo HTTP/1.1" 304 -
181.32.221.59 - - [18/Mar/2024:06:05:41 -0500] "POST /sipse/faces/presentacion/financiero/solicitudProceso/consultarSolicitudProceso.xhtml HTTP/1.1" 200 39583
181.32.221.59 - - [18/Mar/2024:06:05:41 -0500] "GET /sipse/faces/javax.faces.resource/theme.css?ln=primefaces-sipse HTTP/1.1" 304 -
181.32.221.59 - - [18/Mar/2024:06:05:41 -0500] "GET /sipse/faces/javax.faces.resource/primefaces.css?ln=primefaces&v=4.0 HTTP/1.1" 304 -
181.32.221.59 - - [18/Mar/2024:06:05:41 -0500] "GET /sipse/faces/javax.faces.resource/layout/layout.css?ln=primefaces&v=4.0 HTTP/1.1" 304 -
181.32.221.59 - - [18/Mar/2024:06:05:41 -0500] "GET /sipse/faces/javax.faces.resource/jquery/jquery.js?ln=primefaces&v=4.0 HTTP/1.1" 304 -
181.32.221.59 - - [18/Mar/2024:06:05:41 -0500] "GET /sipse/faces/javax.faces.resource/jquery/jquery-plugins.js?ln=primefaces&v=4.0 HTTP/1.1" 304 -
181.32.221.59 - - [18/Mar/2024:06:05:41 -0500] "GET /sipse/faces/javax.faces.resource/primefaces.js?ln=primefaces&v=4.0 HTTP/1.1" 304 -
181.32.221.59 - - [18/Mar/2024:06:05:41 -0500] "GET /sipse/faces/javax.faces.resource/layout/layout.js?ln=primefaces&v=4.0 HTTP/1.1" 304 -
181.32.221.59 - - [18/Mar/2024:06:05:41 -0500] "GET /sipse/css/imagen/contrasena.png HTTP/1.1" 404 383
201.245.192.253 - - [18/Mar/2024:06:05:55 -0500] "POST /forms/lservlet;jsessionid=ac16012b30d672fb2ec093aa4748bf0691d1e088fe72.e3iSbxaKaheRe3iNc3uNbNmQay1ynknvrkLOlQzNp65In0 HTTP/1.1" 200 2
181.32.221.59 - - [18/Mar/2024:06:06:10 -0500] "POST /sipse/faces/presentacion/financiero/estudioPrevio/personalSolicitado/expedirExperienciaIdoneidad.xhtml HTTP/1.1" 200 5677
181.32.221.59 - - [18/Mar/2024:06:06:10 -0500] "POST /sipse/faces/presentacion/financiero/estudioPrevio/personalSolicitado/expedirExperienciaIdoneidad.xhtml HTTP/1.1" 200 32256
181.32.221.59 - - [18/Mar/2024:06:06:10 -0500] "GET /sipse/faces/javax.faces.resource/primefaces.css?ln=primefaces&v=4.0 HTTP/1.1" 304 -
181.32.221.59 - - [18/Mar/2024:06:06:10 -0500] "GET /sipse/faces/javax.faces.resource/theme.css?ln=primefaces-sipse HTTP/1.1" 304 -
181.32.221.59 - - [18/Mar/2024:06:06:10 -0500] "GET /sipse/faces/javax.faces.resource/jquery/jquery.js?ln=primefaces&v=4.0 HTTP/1.1" 304 -
181.32.221.59 - - [18/Mar/2024:06:06:10 -0500] "GET /sipse/faces/javax.faces.resource/layout/layout.js?ln=primefaces&v=4.0 HTTP/1.1" 304 -
181.32.221.59 - - [18/Mar/2024:06:06:10 -0500] "GET /sipse/faces/javax.faces.resource/jquery/jquery-plugins.js?ln=primefaces&v=4.0 HTTP/1.1" 304 -
181.32.221.59 - - [18/Mar/2024:06:06:10 -0500] "GET /sipse/faces/javax.faces.resource/layout/layout.css?ln=primefaces&v=4.0 HTTP/1.1" 304 -
181.32.221.59 - - [18/Mar/2024:06:06:10 -0500] "GET /sipse/faces/javax.faces.resource/primefaces.js?ln=primefaces&v=4.0 HTTP/1.1" 304 -
181.32.221.59 - - [18/Mar/2024:06:06:10 -0500] "GET /sipse/css/imagen/contrasena.png HTTP/1.1" 404 383
181.32.221.59 - - [18/Mar/2024:06:06:10 -0500] "GET /sipse/faces/javax.faces.resource/images/ui-icons_898989_256x240.png?ln=primefaces-aristo HTTP/1.1" 304 -
181.32.221.59 - - [18/Mar/2024:06:06:12 -0500] "GET /sipse/faces/javax.faces.resource/images/ui-bg_flat_0_2d5972_40x100.png?ln=primefaces-aristo HTTP/1.1" 304 -
181.32.221.59 - - [18/Mar/2024:06:06:12 -0500] "POST /sipse/faces/presentacion/contratacion/procesoContractual/registrarInvitacionContratista.xhtml HTTP/1.1" 200 9689
181.32.221.59 - - [18/Mar/2024:06:06:31 -0500] "POST /sipse/faces/presentacion/contratacion/procesoContractual/registrarInvitacionContratista.xhtml HTTP/1.1" 200 9264
181.32.221.59 - - [18/Mar/2024:06:06:34 -0500] "POST /sipse/faces/presentacion/contratacion/procesoContractual/registrarInvitacionContratista.xhtml HTTP/1.1" 200 40534
181.32.221.59 - - [18/Mar/2024:06:06:34 -0500] "GET /sipse/faces/javax.faces.resource/theme.css?ln=primefaces-sipse HTTP/1.1" 304 -
181.32.221.59 - - [18/Mar/2024:06:06:34 -0500] "GET /sipse/faces/javax.faces.resource/primefaces.css?ln=primefaces&v=4.0 HTTP/1.1" 304 -
181.32.221.59 - - [18/Mar/2024:06:06:34 -0500] "GET /sipse/faces/javax.faces.resource/layout/layout.css?ln=primefaces&v=4.0 HTTP/1.1" 304 -
181.32.221.59 - - [18/Mar/2024:06:06:34 -0500] "GET /sipse/faces/javax.faces.resource/jquery/jquery.js?ln=primefaces&v=4.0 HTTP/1.1" 304 -
181.32.221.59 - - [18/Mar/2024:06:06:34 -0500] "GET /sipse/faces/javax.faces.resource/jquery/jquery-plugins.js?ln=primefaces&v=4.0 HTTP/1.1" 304 -
181.32.221.59 - - [18/Mar/2024:06:06:34 -0500] "GET /sipse/faces/javax.faces.resource/primefaces.js?ln=primefaces&v=4.0 HTTP/1.1" 304 -
181.32.221.59 - - [18/Mar/2024:06:06:34 -0500] "GET /sipse/faces/javax.faces.resource/layout/layout.js?ln=primefaces&v=4.0 HTTP/1.1" 304 -
201.245.192.253 - - [18/Mar/2024:06:06:36 -0500] "POST /forms/lservlet;jsessionid=ac16012b30d60c378208792d4757a508e4811830dca4.e3iSbxaKaheRe3iNc3uNbNmQay1ynknvrkLOlQzNp65In0 HTTP/1.1" 200 2
181.32.221.59 - - [18/Mar/2024:06:06:40 -0500] "POST /sipse/faces/presentacion/financiero/estudioPrevio/personalSolicitado/expedirExperienciaIdoneidad.xhtml HTTP/1.1" 200 22828
181.32.221.59 - - [18/Mar/2024:06:06:40 -0500] "GET /sipse/faces/javax.faces.resource/theme.css?ln=primefaces-sipse HTTP/1.1" 304 -
181.32.221.59 - - [18/Mar/2024:06:06:40 -0500] "GET /sipse/faces/javax.faces.resource/layout/layout.css?ln=primefaces&v=4.0 HTTP/1.1" 304 -
181.32.221.59 - - [18/Mar/2024:06:06:40 -0500] "GET /sipse/faces/javax.faces.resource/primefaces.css?ln=primefaces&v=4.0 HTTP/1.1" 304 -
181.32.221.59 - - [18/Mar/2024:06:06:40 -0500] "GET /sipse/faces/javax.faces.resource/jquery/jquery.js?ln=primefaces&v=4.0 HTTP/1.1" 304 -
181.32.221.59 - - [18/Mar/2024:06:06:40 -0500] "GET /sipse/faces/javax.faces.resource/jquery/jquery-plugins.js?ln=primefaces&v=4.0 HTTP/1.1" 304 -
181.32.221.59 - - [18/Mar/2024:06:06:40 -0500] "GET /sipse/faces/javax.faces.resource/primefaces.js?ln=primefaces&v=4.0 HTTP/1.1" 304 -
181.32.221.59 - - [18/Mar/2024:06:06:40 -0500] "GET /sipse/faces/javax.faces.resource/layout/layout.js?ln=primefaces&v=4.0 HTTP/1.1" 304 -
216.245.221.92 - - [18/Mar/2024:06:07:01 -0500] "HEAD / HTTP/1.1" 200 -
181.32.221.59 - - [18/Mar/2024:06:07:14 -0500] "POST /sipse/faces/presentacion/financiero/estudioPrevio/personalSolicitado/asociarExperienciaContratista.xhtml HTTP/1.1" 200 45797
181.32.221.59 - - [18/Mar/2024:06:07:15 -0500] "GET /sipse/faces/javax.faces.resource/primefaces.css?ln=primefaces&v=4.0 HTTP/1.1" 304 -
181.32.221.59 - - [18/Mar/2024:06:07:15 -0500] "GET /sipse/faces/javax.faces.resource/theme.css?ln=primefaces-sipse HTTP/1.1" 304 -
181.32.221.59 - - [18/Mar/2024:06:07:15 -0500] "GET /sipse/faces/javax.faces.resource/primefaces.js?ln=primefaces&v=4.0 HTTP/1.1" 304 -
181.32.221.59 - - [18/Mar/2024:06:07:15 -0500] "GET /sipse/faces/javax.faces.resource/jquery/jquery.js?ln=primefaces&v=4.0 HTTP/1.1" 304 -
181.32.221.59 - - [18/Mar/2024:06:07:15 -0500] "GET /sipse/faces/javax.faces.resource/layout/layout.css?ln=primefaces&v=4.0 HTTP/1.1" 304 -
181.32.221.59 - - [18/Mar/2024:06:07:15 -0500] "GET /sipse/faces/javax.faces.resource/jquery/jquery-plugins.js?ln=primefaces&v=4.0 HTTP/1.1" 304 -
181.32.221.59 - - [18/Mar/2024:06:07:15 -0500] "GET /sipse/faces/javax.faces.resource/layout/layout.js?ln=primefaces&v=4.0 HTTP/1.1" 304 -
181.32.221.59 - - [18/Mar/2024:06:07:22 -0500] "POST /sipse/faces/presentacion/financiero/estudioPrevio/personalSolicitado/expedirExperienciaIdoneidad.xhtml HTTP/1.1" 200 22828
181.32.221.59 - - [18/Mar/2024:06:07:22 -0500] "GET /sipse/faces/javax.faces.resource/theme.css?ln=primefaces-sipse HTTP/1.1" 304 -
181.32.221.59 - - [18/Mar/2024:06:07:22 -0500] "GET /sipse/faces/javax.faces.resource/layout/layout.css?ln=primefaces&v=4.0 HTTP/1.1" 304 -
181.32.221.59 - - [18/Mar/2024:06:07:22 -0500] "GET /sipse/faces/javax.faces.resource/primefaces.css?ln=primefaces&v=4.0 HTTP/1.1" 304 -
181.32.221.59 - - [18/Mar/2024:06:07:22 -0500] "GET /sipse/faces/javax.faces.resource/jquery/jquery.js?ln=primefaces&v=4.0 HTTP/1.1" 304 -
181.32.221.59 - - [18/Mar/2024:06:07:22 -0500] "GET /sipse/faces/javax.faces.resource/jquery/jquery-plugins.js?ln=primefaces&v=4.0 HTTP/1.1" 304 -
181.32.221.59 - - [18/Mar/2024:06:07:22 -0500] "GET /sipse/faces/javax.faces.resource/primefaces.js?ln=primefaces&v=4.0 HTTP/1.1" 304 -
181.32.221.59 - - [18/Mar/2024:06:07:22 -0500] "GET /sipse/faces/javax.faces.resource/layout/layout.js?ln=primefaces&v=4.0 HTTP/1.1" 304 -
181.32.221.59 - - [18/Mar/2024:06:07:42 -0500] "POST /sipse/faces/presentacion/financiero/estudioPrevio/personalSolicitado/asociarExperienciaContratista.xhtml HTTP/1.1" 200 48323
181.32.221.59 - - [18/Mar/2024:06:07:42 -0500] "GET /sipse/faces/javax.faces.resource/theme.css?ln=primefaces-sipse HTTP/1.1" 304 -
181.32.221.59 - - [18/Mar/2024:06:07:42 -0500] "GET /sipse/faces/javax.faces.resource/primefaces.css?ln=primefaces&v=4.0 HTTP/1.1" 304 -
181.32.221.59 - - [18/Mar/2024:06:07:42 -0500] "GET /sipse/faces/javax.faces.resource/layout/layout.css?ln=primefaces&v=4.0 HTTP/1.1" 304 -
181.32.221.59 - - [18/Mar/2024:06:07:42 -0500] "GET /sipse/faces/javax.faces.resource/jquery/jquery.js?ln=primefaces&v=4.0 HTTP/1.1" 304 -
181.32.221.59 - - [18/Mar/2024:06:07:42 -0500] "GET /sipse/faces/javax.faces.resource/layout/layout.js?ln=primefaces&v=4.0 HTTP/1.1" 304 -
181.32.221.59 - - [18/Mar/2024:06:07:42 -0500] "GET /sipse/faces/javax.faces.resource/primefaces.js?ln=primefaces&v=4.0 HTTP/1.1" 304 -
181.32.221.59 - - [18/Mar/2024:06:07:42 -0500] "GET /sipse/faces/javax.faces.resource/jquery/jquery-plugins.js?ln=primefaces&v=4.0 HTTP/1.1" 304 -
181.32.221.59 - - [18/Mar/2024:06:07:49 -0500] "POST /sipse/faces/presentacion/financiero/estudioPrevio/personalSolicitado/expedirExperienciaIdoneidad.xhtml HTTP/1.1" 200 22828
181.32.221.59 - - [18/Mar/2024:06:07:49 -0500] "GET /sipse/faces/javax.faces.resource/theme.css?ln=primefaces-sipse HTTP/1.1" 304 -
181.32.221.59 - - [18/Mar/2024:06:07:49 -0500] "GET /sipse/faces/javax.faces.resource/layout/layout.css?ln=primefaces&v=4.0 HTTP/1.1" 304 -
181.32.221.59 - - [18/Mar/2024:06:07:49 -0500] "GET /sipse/faces/javax.faces.resource/primefaces.css?ln=primefaces&v=4.0 HTTP/1.1" 304 -
181.32.221.59 - - [18/Mar/2024:06:07:49 -0500] "GET /sipse/faces/javax.faces.resource/jquery/jquery.js?ln=primefaces&v=4.0 HTTP/1.1" 304 -
181.32.221.59 - - [18/Mar/2024:06:07:49 -0500] "GET /sipse/faces/javax.faces.resource/jquery/jquery-plugins.js?ln=primefaces&v=4.0 HTTP/1.1" 304 -
181.32.221.59 - - [18/Mar/2024:06:07:49 -0500] "GET /sipse/faces/javax.faces.resource/primefaces.js?ln=primefaces&v=4.0 HTTP/1.1" 304 -
181.32.221.59 - - [18/Mar/2024:06:07:49 -0500] "GET /sipse/faces/javax.faces.resource/layout/layout.js?ln=primefaces&v=4.0 HTTP/1.1" 304 -
201.245.192.253 - - [18/Mar/2024:06:07:55 -0500] "POST /forms/lservlet;jsessionid=ac16012b30d672fb2ec093aa4748bf0691d1e088fe72.e3iSbxaKaheRe3iNc3uNbNmQay1ynknvrkLOlQzNp65In0 HTTP/1.1" 200 2
181.32.221.59 - - [18/Mar/2024:06:08:13 -0500] "POST /sipse/faces/presentacion/financiero/estudioPrevio/personalSolicitado/asociarExperienciaContratista.xhtml HTTP/1.1" 200 50746
181.32.221.59 - - [18/Mar/2024:06:08:13 -0500] "GET /sipse/faces/javax.faces.resource/theme.css?ln=primefaces-sipse HTTP/1.1" 304 -
181.32.221.59 - - [18/Mar/2024:06:08:13 -0500] "GET /sipse/faces/javax.faces.resource/primefaces.css?ln=primefaces&v=4.0 HTTP/1.1" 304 -
181.32.221.59 - - [18/Mar/2024:06:08:13 -0500] "GET /sipse/faces/javax.faces.resource/jquery/jquery.js?ln=primefaces&v=4.0 HTTP/1.1" 304 -
181.32.221.59 - - [18/Mar/2024:06:08:13 -0500] "GET /sipse/faces/javax.faces.resource/layout/layout.css?ln=primefaces&v=4.0 HTTP/1.1" 304 -
181.32.221.59 - - [18/Mar/2024:06:08:13 -0500] "GET /sipse/faces/javax.faces.resource/primefaces.js?ln=primefaces&v=4.0 HTTP/1.1" 304 -
181.32.221.59 - - [18/Mar/2024:06:08:13 -0500] "GET /sipse/faces/javax.faces.resource/jquery/jquery-plugins.js?ln=primefaces&v=4.0 HTTP/1.1" 304 -
181.32.221.59 - - [18/Mar/2024:06:08:13 -0500] "GET /sipse/faces/javax.faces.resource/layout/layout.js?ln=primefaces&v=4.0 HTTP/1.1" 304 -
181.32.221.59 - - [18/Mar/2024:06:08:17 -0500] "POST /sipse/faces/presentacion/financiero/estudioPrevio/personalSolicitado/expedirExperienciaIdoneidad.xhtml HTTP/1.1" 200 22828
181.32.221.59 - - [18/Mar/2024:06:08:17 -0500] "GET /sipse/faces/javax.faces.resource/theme.css?ln=primefaces-sipse HTTP/1.1" 304 -
181.32.221.59 - - [18/Mar/2024:06:08:17 -0500] "GET /sipse/faces/javax.faces.resource/primefaces.css?ln=primefaces&v=4.0 HTTP/1.1" 304 -
181.32.221.59 - - [18/Mar/2024:06:08:17 -0500] "GET /sipse/faces/javax.faces.resource/layout/layout.css?ln=primefaces&v=4.0 HTTP/1.1" 304 -
181.32.221.59 - - [18/Mar/2024:06:08:17 -0500] "GET /sipse/faces/javax.faces.resource/jquery/jquery.js?ln=primefaces&v=4.0 HTTP/1.1" 304 -
181.32.221.59 - - [18/Mar/2024:06:08:17 -0500] "GET /sipse/faces/javax.faces.resource/jquery/jquery-plugins.js?ln=primefaces&v=4.0 HTTP/1.1" 304 -
181.32.221.59 - - [18/Mar/2024:06:08:17 -0500] "GET /sipse/faces/javax.faces.resource/primefaces.js?ln=primefaces&v=4.0 HTTP/1.1" 304 -
181.32.221.59 - - [18/Mar/2024:06:08:17 -0500] "GET /sipse/faces/javax.faces.resource/layout/layout.js?ln=primefaces&v=4.0 HTTP/1.1" 304 -
201.245.192.253 - - [18/Mar/2024:06:08:36 -0500] "POST /forms/lservlet;jsessionid=ac16012b30d60c378208792d4757a508e4811830dca4.e3iSbxaKaheRe3iNc3uNbNmQay1ynknvrkLOlQzNp65In0 HTTP/1.1" 200 2
181.32.221.59 - - [18/Mar/2024:06:09:25 -0500] "POST /sipse/faces/presentacion/financiero/estudioPrevio/personalSolicitado/asociarExperienciaContratista.xhtml HTTP/1.1" 200 53234
181.32.221.59 - - [18/Mar/2024:06:09:25 -0500] "GET /sipse/faces/javax.faces.resource/theme.css?ln=primefaces-sipse HTTP/1.1" 304 -
181.32.221.59 - - [18/Mar/2024:06:09:25 -0500] "GET /sipse/faces/javax.faces.resource/layout/layout.js?ln=primefaces&v=4.0 HTTP/1.1" 304 -
181.32.221.59 - - [18/Mar/2024:06:09:25 -0500] "GET /sipse/faces/javax.faces.resource/primefaces.css?ln=primefaces&v=4.0 HTTP/1.1" 304 -
181.32.221.59 - - [18/Mar/2024:06:09:25 -0500] "GET /sipse/faces/javax.faces.resource/layout/layout.css?ln=primefaces&v=4.0 HTTP/1.1" 304 -
181.32.221.59 - - [18/Mar/2024:06:09:25 -0500] "GET /sipse/faces/javax.faces.resource/jquery/jquery.js?ln=primefaces&v=4.0 HTTP/1.1" 304 -
181.32.221.59 - - [18/Mar/2024:06:09:25 -0500] "GET /sipse/faces/javax.faces.resource/jquery/jquery-plugins.js?ln=primefaces&v=4.0 HTTP/1.1" 304 -
181.32.221.59 - - [18/Mar/2024:06:09:25 -0500] "GET /sipse/faces/javax.faces.resource/primefaces.js?ln=primefaces&v=4.0 HTTP/1.1" 304 -
181.32.221.59 - - [18/Mar/2024:06:09:29 -0500] "POST /sipse/faces/presentacion/financiero/estudioPrevio/personalSolicitado/expedirExperienciaIdoneidad.xhtml HTTP/1.1" 200 22828
181.32.221.59 - - [18/Mar/2024:06:09:29 -0500] "GET /sipse/faces/javax.faces.resource/theme.css?ln=primefaces-sipse HTTP/1.1" 304 -
181.32.221.59 - - [18/Mar/2024:06:09:29 -0500] "GET /sipse/faces/javax.faces.resource/primefaces.css?ln=primefaces&v=4.0 HTTP/1.1" 304 -
181.32.221.59 - - [18/Mar/2024:06:09:29 -0500] "GET /sipse/faces/javax.faces.resource/layout/layout.css?ln=primefaces&v=4.0 HTTP/1.1" 304 -
181.32.221.59 - - [18/Mar/2024:06:09:29 -0500] "GET /sipse/faces/javax.faces.resource/jquery/jquery.js?ln=primefaces&v=4.0 HTTP/1.1" 304 -
181.32.221.59 - - [18/Mar/2024:06:09:29 -0500] "GET /sipse/faces/javax.faces.resource/jquery/jquery-plugins.js?ln=primefaces&v=4.0 HTTP/1.1" 304 -
181.32.221.59 - - [18/Mar/2024:06:09:29 -0500] "GET /sipse/faces/javax.faces.resource/primefaces.js?ln=primefaces&v=4.0 HTTP/1.1" 304 -
181.32.221.59 - - [18/Mar/2024:06:09:29 -0500] "GET /sipse/faces/javax.faces.resource/layout/layout.js?ln=primefaces&v=4.0 HTTP/1.1" 304 -
172.22.2.4 - - [18/Mar/2024:06:07:54 -0500] "HEAD /BLA/boletinlegal/ HTTP/1.1" 200 -
201.245.192.253 - - [18/Mar/2024:06:09:55 -0500] "POST /forms/lservlet;jsessionid=ac16012b30d672fb2ec093aa4748bf0691d1e088fe72.e3iSbxaKaheRe3iNc3uNbNmQay1ynknvrkLOlQzNp65In0 HTTP/1.1" 200 2
181.32.221.59 - - [18/Mar/2024:06:09:56 -0500] "POST /sipse/faces/presentacion/financiero/estudioPrevio/personalSolicitado/asociarExperienciaContratista.xhtml HTTP/1.1" 200 55685
181.32.221.59 - - [18/Mar/2024:06:09:57 -0500] "GET /sipse/faces/javax.faces.resource/theme.css?ln=primefaces-sipse HTTP/1.1" 304 -
181.32.221.59 - - [18/Mar/2024:06:09:57 -0500] "GET /sipse/faces/javax.faces.resource/primefaces.css?ln=primefaces&v=4.0 HTTP/1.1" 304 -
181.32.221.59 - - [18/Mar/2024:06:09:57 -0500] "GET /sipse/faces/javax.faces.resource/layout/layout.css?ln=primefaces&v=4.0 HTTP/1.1" 304 -
181.32.221.59 - - [18/Mar/2024:06:09:57 -0500] "GET /sipse/faces/javax.faces.resource/jquery/jquery.js?ln=primefaces&v=4.0 HTTP/1.1" 304 -
181.32.221.59 - - [18/Mar/2024:06:09:57 -0500] "GET /sipse/faces/javax.faces.resource/jquery/jquery-plugins.js?ln=primefaces&v=4.0 HTTP/1.1" 304 -
181.32.221.59 - - [18/Mar/2024:06:09:57 -0500] "GET /sipse/faces/javax.faces.resource/primefaces.js?ln=primefaces&v=4.0 HTTP/1.1" 304 -
181.32.221.59 - - [18/Mar/2024:06:09:57 -0500] "GET /sipse/faces/javax.faces.resource/layout/layout.js?ln=primefaces&v=4.0 HTTP/1.1" 304 -
181.32.221.59 - - [18/Mar/2024:06:10:02 -0500] "POST /sipse/faces/presentacion/financiero/estudioPrevio/personalSolicitado/expedirExperienciaIdoneidad.xhtml HTTP/1.1" 200 22828
181.32.221.59 - - [18/Mar/2024:06:10:02 -0500] "GET /sipse/faces/javax.faces.resource/primefaces.css?ln=primefaces&v=4.0 HTTP/1.1" 304 -
181.32.221.59 - - [18/Mar/2024:06:10:02 -0500] "GET /sipse/faces/javax.faces.resource/layout/layout.css?ln=primefaces&v=4.0 HTTP/1.1" 304 -
181.32.221.59 - - [18/Mar/2024:06:10:02 -0500] "GET /sipse/faces/javax.faces.resource/theme.css?ln=primefaces-sipse HTTP/1.1" 304 -
181.32.221.59 - - [18/Mar/2024:06:10:02 -0500] "GET /sipse/faces/javax.faces.resource/jquery/jquery.js?ln=primefaces&v=4.0 HTTP/1.1" 304 -
181.32.221.59 - - [18/Mar/2024:06:10:02 -0500] "GET /sipse/faces/javax.faces.resource/jquery/jquery-plugins.js?ln=primefaces&v=4.0 HTTP/1.1" 304 -
181.32.221.59 - - [18/Mar/2024:06:10:02 -0500] "GET /sipse/faces/javax.faces.resource/primefaces.js?ln=primefaces&v=4.0 HTTP/1.1" 304 -
181.32.221.59 - - [18/Mar/2024:06:10:02 -0500] "GET /sipse/faces/javax.faces.resource/layout/layout.js?ln=primefaces&v=4.0 HTTP/1.1" 304 -
13.56.33.4 - - [18/Mar/2024:06:10:04 -0500] "HEAD / HTTP/1.1" 200 -
201.245.192.253 - - [18/Mar/2024:06:10:03 -0500] "POST /kwsrmcab/Wsrmcab  HTTP/1.1" 200 37824
181.32.221.59 - - [18/Mar/2024:06:10:19 -0500] "POST /sipse/faces/presentacion/financiero/estudioPrevio/personalSolicitado/asociarExperienciaContratista.xhtml HTTP/1.1" 200 58230
181.32.221.59 - - [18/Mar/2024:06:10:20 -0500] "GET /sipse/faces/javax.faces.resource/primefaces.css?ln=primefaces&v=4.0 HTTP/1.1" 304 -
181.32.221.59 - - [18/Mar/2024:06:10:20 -0500] "GET /sipse/faces/javax.faces.resource/theme.css?ln=primefaces-sipse HTTP/1.1" 304 -
181.32.221.59 - - [18/Mar/2024:06:10:20 -0500] "GET /sipse/faces/javax.faces.resource/jquery/jquery-plugins.js?ln=primefaces&v=4.0 HTTP/1.1" 304 -
181.32.221.59 - - [18/Mar/2024:06:10:20 -0500] "GET /sipse/faces/javax.faces.resource/layout/layout.css?ln=primefaces&v=4.0 HTTP/1.1" 304 -
181.32.221.59 - - [18/Mar/2024:06:10:20 -0500] "GET /sipse/faces/javax.faces.resource/jquery/jquery.js?ln=primefaces&v=4.0 HTTP/1.1" 304 -
181.32.221.59 - - [18/Mar/2024:06:10:20 -0500] "GET /sipse/faces/javax.faces.resource/primefaces.js?ln=primefaces&v=4.0 HTTP/1.1" 304 -
181.32.221.59 - - [18/Mar/2024:06:10:20 -0500] "GET /sipse/faces/javax.faces.resource/layout/layout.js?ln=primefaces&v=4.0 HTTP/1.1" 304 -
172.22.2.4 - - [18/Mar/2024:06:08:45 -0500] "GET /BLA/boletinlegal/ HTTP/1.1" 200 60380
181.32.221.59 - - [18/Mar/2024:06:10:27 -0500] "POST /sipse/faces/presentacion/financiero/estudioPrevio/personalSolicitado/expedirExperienciaIdoneidad.xhtml HTTP/1.1" 200 42507
181.32.221.59 - - [18/Mar/2024:06:10:27 -0500] "GET /sipse/faces/javax.faces.resource/theme.css?ln=primefaces-sipse HTTP/1.1" 304 -
181.32.221.59 - - [18/Mar/2024:06:10:27 -0500] "GET /sipse/faces/javax.faces.resource/jquery/jquery-plugins.js?ln=primefaces&v=4.0 HTTP/1.1" 304 -
181.32.221.59 - - [18/Mar/2024:06:10:27 -0500] "GET /sipse/faces/javax.faces.resource/primefaces.css?ln=primefaces&v=4.0 HTTP/1.1" 304 -
181.32.221.59 - - [18/Mar/2024:06:10:27 -0500] "GET /sipse/faces/javax.faces.resource/layout/layout.css?ln=primefaces&v=4.0 HTTP/1.1" 304 -
181.32.221.59 - - [18/Mar/2024:06:10:27 -0500] "GET /sipse/faces/javax.faces.resource/jquery/jquery.js?ln=primefaces&v=4.0 HTTP/1.1" 304 -
181.32.221.59 - - [18/Mar/2024:06:10:27 -0500] "GET /sipse/faces/javax.faces.resource/primefaces.js?ln=primefaces&v=4.0 HTTP/1.1" 304 -
181.32.221.59 - - [18/Mar/2024:06:10:27 -0500] "GET /sipse/faces/javax.faces.resource/layout/layout.js?ln=primefaces&v=4.0 HTTP/1.1" 304 -
181.32.221.59 - - [18/Mar/2024:06:10:32 -0500] "POST /sipse/faces/presentacion/contratacion/contrato/adicionarSupervisor.xhtml HTTP/1.1" 200 17101
181.32.221.59 - - [18/Mar/2024:06:10:36 -0500] "POST /sipse/faces/presentacion/contratacion/contrato/adicionarSupervisor.xhtml HTTP/1.1" 200 59347
181.32.221.59 - - [18/Mar/2024:06:10:36 -0500] "GET /sipse/faces/javax.faces.resource/theme.css?ln=primefaces-sipse HTTP/1.1" 304 -
181.32.221.59 - - [18/Mar/2024:06:10:36 -0500] "GET /sipse/faces/javax.faces.resource/primefaces.js?ln=primefaces&v=4.0 HTTP/1.1" 304 -
181.32.221.59 - - [18/Mar/2024:06:10:36 -0500] "GET /sipse/faces/javax.faces.resource/jquery/jquery.js?ln=primefaces&v=4.0 HTTP/1.1" 304 -
181.32.221.59 - - [18/Mar/2024:06:10:36 -0500] "GET /sipse/faces/javax.faces.resource/primefaces.css?ln=primefaces&v=4.0 HTTP/1.1" 304 -
181.32.221.59 - - [18/Mar/2024:06:10:36 -0500] "GET /sipse/faces/javax.faces.resource/layout/layout.js?ln=primefaces&v=4.0 HTTP/1.1" 304 -
181.32.221.59 - - [18/Mar/2024:06:10:36 -0500] "GET /sipse/faces/javax.faces.resource/jquery/jquery-plugins.js?ln=primefaces&v=4.0 HTTP/1.1" 304 -
181.32.221.59 - - [18/Mar/2024:06:10:36 -0500] "GET /sipse/faces/javax.faces.resource/layout/layout.css?ln=primefaces&v=4.0 HTTP/1.1" 304 -
201.245.192.253 - - [18/Mar/2024:06:10:36 -0500] "POST /forms/lservlet;jsessionid=ac16012b30d60c378208792d4757a508e4811830dca4.e3iSbxaKaheRe3iNc3uNbNmQay1ynknvrkLOlQzNp65In0 HTTP/1.1" 200 2
181.32.221.59 - - [18/Mar/2024:06:10:42 -0500] "POST /sipse/faces/presentacion/financiero/estudioPrevio/personalSolicitado/expedirExperienciaIdoneidad.xhtml HTTP/1.1" 200 139466
181.32.221.59 - - [18/Mar/2024:06:10:43 -0500] "GET /sipse/faces/javax.faces.resource/theme.css?ln=primefaces-sipse HTTP/1.1" 304 -
181.32.221.59 - - [18/Mar/2024:06:10:43 -0500] "GET /sipse/faces/javax.faces.resource/layout/layout.css?ln=primefaces&v=4.0 HTTP/1.1" 304 -
181.32.221.59 - - [18/Mar/2024:06:10:43 -0500] "GET /sipse/faces/javax.faces.resource/primefaces.css?ln=primefaces&v=4.0 HTTP/1.1" 304 -
181.32.221.59 - - [18/Mar/2024:06:10:43 -0500] "GET /sipse/faces/javax.faces.resource/jquery/jquery.js?ln=primefaces&v=4.0 HTTP/1.1" 304 -
181.32.221.59 - - [18/Mar/2024:06:10:43 -0500] "GET /sipse/faces/javax.faces.resource/jquery/jquery-plugins.js?ln=primefaces&v=4.0 HTTP/1.1" 304 -
181.32.221.59 - - [18/Mar/2024:06:10:43 -0500] "GET /sipse/faces/javax.faces.resource/primefaces.js?ln=primefaces&v=4.0 HTTP/1.1" 304 -
181.32.221.59 - - [18/Mar/2024:06:10:43 -0500] "GET /sipse/faces/javax.faces.resource/layout/layout.js?ln=primefaces&v=4.0 HTTP/1.1" 304 -
181.32.221.59 - - [18/Mar/2024:06:11:18 -0500] "POST /sipse/faces/presentacion/financiero/solicitudProceso/consultarSolicitudProceso.xhtml HTTP/1.1" 200 5618
201.245.192.253 - - [18/Mar/2024:06:11:55 -0500] "POST /forms/lservlet;jsessionid=ac16012b30d672fb2ec093aa4748bf0691d1e088fe72.e3iSbxaKaheRe3iNc3uNbNmQay1ynknvrkLOlQzNp65In0 HTTP/1.1" 200 2
216.245.221.92 - - [18/Mar/2024:06:12:01 -0500] "HEAD / HTTP/1.1" 200 -
186.102.84.228 - - [18/Mar/2024:06:12:19 -0500] "GET /kwssiamovil/sm/ldap/au?x=U2FsdGVkX18mlpF/mIbeImSKT09DnwNGv9l6E4wrLq6J1Rub/XS8D1//mjl0q1+0&y=U2FsdGVkX18MHe8Q7A+t7E8p1lbPRt6RVwk7iNuogTJDoxU2J7mWTcbgH+eXtbCL HTTP/1.1" 200 30
186.102.84.228 - - [18/Mar/2024:06:12:20 -0500] "GET /kwssiamovil/sm/acme/s?s=U2FsdGVkX1+GrJiFdLchQu1PugJHgN/he84WwmmZJNsbpPbzukktbbx7aJq71yo7LS0pUhvlEYZwjJPaXaBM+9S3i8nIPtQ3QiVUOzmmTgM=&u=U2FsdGVkX18cmJYHVe41A3S2DftiG/uqNbW9rQaR0AI=&y=U2FsdGVkX18MHe8Q7A+t7E8p1lbPRt6RVwk7iNuogTJDoxU2J7mWTcbgH+eXtbCL HTTP/1.1" 200 97
186.102.59.92 - - [18/Mar/2024:06:12:20 -0500] "GET /kwssiamovil/sm/acme/a?s=U2FsdGVkX182TVRJQ9yu+foNpfHNSG5K7RlzNODGf5+m4hDb8Pz39J2y6P9+mAOcjwgvOiPTgMynHn49B0zf1qr7ISxD8auGD+HIHMojPGIx0daDOQcfFRqKjWruqQysNJDtHgOGvLgu0fJYyfDBcgTRcdb2Q9sPcEAyagPtT7/qZiRhs1mZieDQt8+ahYKtikBZS0VI1ol1Y1qN5joJ6qkPUlTz1EGylpRSxxbVARL04sH8AQaHhCUmhQxMa/D7dhUXZJsugk9scu7HZzYaBA==&u=U2FsdGVkX1/HUunYO8HDRQLug5TcW0cmZvqJmxm86V0=&y=U2FsdGVkX18Xkcg9l7lCTcOIboWTod6IAw+lmF0etbnlhADHCluH92OT+nfmdhEr HTTP/1.1" 200 26
186.102.84.228 - - [18/Mar/2024:06:12:20 -0500] "GET /kwssiamovil/sm/acme/s?s=U2FsdGVkX1/OJ4UBlpHi8YWcNZLV+z68keMCe1155JMtEk45zosTDhFtM31WTJFyPNaLPXQ/J1PhYlv1noj++dxZk6rYvSfDrFSNGFNUgYrjqb/Ght97Afw4NyAlqMj/4FyYO7D0z6YkdtT3VJhnB9jUzpigyGfaRITSr8qH3WXejzwcCIJcrzul08sWdiKofIdYNNegTYfBqglKzbjPK4v4+X7Maq9DNS41klYLX1rZocedEshAvLrIMCRgbQ0sGM+WzGqbK0Lk4dv0W8CLWCe+w2gAt72H+2/kF2+lVQwbhbkaMDqHpzXw67KnND6UWYF6qSWfqgHHX/Y1lWpYT8NMxaUb20ngZTt/M5uLee0Pw6Lp6NPbzOsjh/IhZwzpM0D4QSDPH+rd7jO0po1TdUExTQld1a6xTWcg7uaK5red950lb6T73xXHg3FRQRM2OdXA/2utIUrHDOOI/Aq5guBjZPVES+s4sL3ZdMMT1F502guWzdLqdmP1M1CHNl5qOlmlKSniJ89WGvPmFWnLNW2qEPgGKWrUjxrXWU6KKmVZVuxcchXp2tX1IYiercEIIC0gIi5ZIyWskuO4W0KeOzW8a4KZQqg4L+48tYCq/rUQAAjfzTspcpm2cSkc8XM7DwYnZNbUjzNzM99OFCL92HfLrGNpSFZS4Mpk/JNVxDEwGVteltlExe2QoQvjOCNF3SSOyf3sbQZpg1g5JlBPFvEYL5TU015rpwRs1qK6p0E6Mingve8SGnWZebQVT0hr8V2owGuwJkb8zM7hz4mQ3DPYZFxRhhkJRVUccDwYEN4LxhO8cyRf9FWPvezOPgywZJ3tGiprKHpfA2H1IphJl4HckHZ5hwXz7dPrTSTuyhge3sQZ1T/9FlP0YTKnb3gWV3lJ4eexWDJDtkb4WXbrDsgCfmJhKguoLUgDeg1LZgxtJP0ieJ8TnQgrbZ11Lf27FWiJWR1+ayf3Djlb2jGSTewydXW3qsQmpi+yXmSPp7sqGvLUnzATkchPSB0lql2qihLz8NWUEy2hhXdwRjPgisqVOgOj+aFf+zI0VcYjvMx2jF7WFSd4jdljkEbrDWRF3rFbrug6CunN1UcA9UNJjs15MtXVNZFHmOiDec2hlSAvqvDfmP4aM8BR32kkrc7kRCjTgDiOjqbunnpvoYOQx7wbxVARNTooC1Hs2vYyGknzSqJOnuM9naxhrxXDaEcd4EA3rhfYFqaI/m+Glc9a9phaYFn8HsgE/Utao7XWM0iH7iF0EJ9Uh0Ch/tpLkygR4gPWhvZIlHo/vAMLOSEJl0DVg90ZMCVDkIuYx9UfeE3Vwpqd2X3vu2Yp3MdcAWBRwQUUwaXdTJkWaC6SO17XhKRkMEjemo03FJEe3MUyAQgfZ0Ze7U2aSfywAZrp5ZSsYL8mOHAQ8UZVzhGTOgPb849d2OUMeO6a4Gnun8tapXbiJaLEIFWL1baUzkruG2058r9yZuqiUtgjkhhm3QmTHX47lH6BTc8CpHCptUNUWU1yPjECb05NLXG/S+Cfwf1gV2z0iLPKo8O+osb2hop38Bgk3vkUqhzdAnLVw3hEaQ09Lh0CRG/dfbyV6ySSdRHUEYg4Pzk730V5y0mTUUu+33dRQl7AqACAs/uD48iTEiyWrMU+FYcEsIy9P4CX1bKuOBPyvZmfOVlszL5J2pPB12dW4//X762teCXzbIohF4tPShFwh8tyOftxiAaSUDvu11fdJ/fGv7hdnsD1SQ2mJqR9xV60eZdz/seR34p0jrM=&u=U2FsdGVkX18cmJYHVe41A3S2DftiG/uqNbW9rQaR0AI=&y=U2FsdGVkX18MHe8Q7A+t7E8p1lbPRt6RVwk7iNuogTJDoxU2J7mWTcbgH+eXtbCL HTTP/1.1" 200 4407
186.102.84.228 - - [18/Mar/2024:06:12:20 -0500] "GET /kwssiamovil/sm/acme/s?s=U2FsdGVkX18+chwVxGoi6idrwJwdn20nQ+WAl7a+E8up1j/a6ZQqgMUkEk0Dbb3etFLo/ynS8lRrY6f/kxoAivtGLTHlGMDbJxKxlhn4FLSgizex57lcmjvS5aLI2sGSyuIgunFrzRFyWXsPFxy7wtzz1hMkZG0hI8J782TxYBlSo/kYU0zHX8i15NWVGx1NRMnEx9KH9pAzmoDFdKW7s3vOOApawFFwkWEDTvt4i9g/rwQTqGzpMvok0P6hgCNMu9IDG+6ol8qriYDQR6YdDdaRLijuPCT7rm0VPZAkpMCcjWEm2Wzdw1Yo52NXNDticevsg1HZMCTusuH3IZavzCTdMgPfxelBnK1YsLqYOSWR5BBoEeOzBexBanzcdL0rbWAvSGXeD5nMqX7Ku7+A2V2vEMmwC6jUmoKQk4DAzufVksdAgCv0uJDT3UoHmBubf4/nvUps1ZhVlIap4khiVCpEuIw7aaZfWDEvNA+o1omFkcdyf+wZtSNgrEO2aOqg5i8UyH2sd+CgX0L0oWLcArAfhc5GzHwaJPu5AVHuG+a/rzoUHyVqAARNR4o/GUe7awXTVBlqs/P3gmaG3Z2xP7SOUEdQ0kgRHCH8sAV9v1oLEyLEu/xoeKkzYHoA56i9zP6v/XL/JfxyOnPp8+zYeVi2zMMuiH5/cHTUHZiyDmRp4tsXh7860rrFoD5huZyEWskJwTpewItNYBoknmp7YesiNVcsaqGNZtyZUn6ZVTDbUpoozcDdS9nFGE8Fszo2&u=U2FsdGVkX18cmJYHVe41A3S2DftiG/uqNbW9rQaR0AI=&y=U2FsdGVkX18MHe8Q7A+t7E8p1lbPRt6RVwk7iNuogTJDoxU2J7mWTcbgH+eXtbCL HTTP/1.1" 200 208
186.102.59.92 - - [18/Mar/2024:06:12:20 -0500] "GET /kwssiamovil/sm/acme/a?s=U2FsdGVkX19Fwi7x11MeAlzMOOCjLaFY/1BkbUEOiVF69GXEthNgIxMm+F67slokoiWPRAGHMa4ogJF5rIkw74raT/kghWj2O/OZBK3Yg0QSZZ6wSxHD4694w79Bc1NWw4dbZtrpqOlsbiG3xfN20ME5li7ftZ4q4yZ2/bacb29P/INabNqDiaHsY1xE2N8gP5I1kTdWevd9HZnoYhTUcg8GI6qPR89ucUp1+5ZEXWdxJqs6j4SmhTWtAajuT/KLRSb/ZnqXmrJr3ECcPu0owC80W7uj8gsflQPuX5as05LtNGo17ir42zxkQDm6i9O/qFUDO4b4gtoqmri4SqfLvmeXyXZ6vp+YjLfoQ9Jb7UACsUA5zUQBcAk3bMZI+GoSffs6EFfxjVB3iiuHF9v4BnZjo1qHgGHjsTHQkjyC8+CbT0DlSid7Cr8fPW7RLgBqqQXpGS61DqmKpMSalyktGeQm0AJadGMC4oVejBeMWjFG6MOxAgwO/tbP3CQ6zso2ZRZzSsjxj7V1OGu4c+xT+wBqbsXIsaRYNyBkit5Rk5cStWbeV9JhtbiWsuRPH/KW3V0wOvJkBnGta9cmPk6PhIyzd89L3Ec448qUjTYH8RQbxFZlqxD5eajQkmMyGGL/Q3/QukgLneFCMTu4E6+4NI7POpgGe+ZiwcZzyVZp41DmOqdcWOjebB99uSBvtTo6/Vlrt6a7c21sfSePb7Kk+Ghx7VSFtPH2zG/bPrGuTo910YNk05+iq8sGDcy00dYkatZz7ZqD52h+MhtG865HubC2LxITBto3t9evYv5prrdjjIE2GHqgRy+f2cPoQ0elvmkQEd9vdM//nUMdGyzoI6Ew7L3Wq3IHn8QDlqTRJwQWZQnTfKDrShg23OkZko1kV3ifQsjLyVCRgfpgyeHVJfyjIKmg1xx/k5rqlTXYUxTy5WGkPRPkvCjfPr/8+eHBb2VbaXH/3tkx49wzwtxNrcmB4uyhbu3eEJBm5PoJnOThU7veyCtO9RYVCGEINL1k16I31lSUpfYEbTTDKeRCXYzwu82WXqTsfRwfvrsTqX4beJyJYpNU6++bgmb8xX0wnPsSE9Z1tGhAFudk6E7LyUDEV5rS4vKCJx2FLC0j8uT96rXFOErQEGiLLUAlAsN8l7ss5XLfW6CL4zQgmGdhnm6zmVBId7ybMKeGJRV7PR4eer+HV53s+45peqh3kXdUdY2snQ/T9aF6Z13LH4Z+ydFVq4clmMp+QbYzPiuhV/RSDvYkSS0l8XVIM0a/1XHFGm8uL2s4MciTgcXCSH0PxH8Dlw9JWiImjWcnk2k2oxeTi6ylnZp4K6Sd97XyJNB6KNMSwOAL072BzwFYTqVdXK+OXihCMMaRz+rqOeV38iVtjiXUBy6jlqCw7iSMhD4hYn7wpxRkyIJ440kvDIeGvg==&u=U2FsdGVkX1/HUunYO8HDRQLug5TcW0cmZvqJmxm86V0=&y=U2FsdGVkX18Xkcg9l7lCTcOIboWTod6IAw+lmF0etbnlhADHCluH92OT+nfmdhEr HTTP/1.1" 200 26
186.102.59.92 - - [18/Mar/2024:06:12:20 -0500] "GET /kwssiamovil/sm/acme/a?s=U2FsdGVkX1/nyP/IVsdiKU3eZYMUNpPdxXIDa9FlJLeOntzB7wYzEIqK64gopeVkK9tRdt8bJW8mhT78nvVWA/yDdN5Bq268mv2XqVb1tdqfhS2IgpvdnUm7umo3W6v71nNpVUiOVGE/KPcPb+xfSlWAMmX497ut81WdTyDM/bI=&u=U2FsdGVkX1/HUunYO8HDRQLug5TcW0cmZvqJmxm86V0=&y=U2FsdGVkX18Xkcg9l7lCTcOIboWTod6IAw+lmF0etbnlhADHCluH92OT+nfmdhEr HTTP/1.1" 200 26
186.102.59.92 - - [18/Mar/2024:06:12:21 -0500] "GET /kwssiamovil/sm/acme/a?s=U2FsdGVkX18kDPg3WVOs5qeP97VhKJozvjdSdQrCAVgtUTdRJBcqgJEqYx/zTZ+J2XlL5UKaQlRZeEQw/k5X+ARYfdXaOqaPb42BPIJiDleaK9yKhwWmuRwZhpXiygQRGQgqjEi05CDxKi6n4uLLzp1EKyiGxzozNbpCt9ulmgY=&u=U2FsdGVkX1/HUunYO8HDRQLug5TcW0cmZvqJmxm86V0=&y=U2FsdGVkX18Xkcg9l7lCTcOIboWTod6IAw+lmF0etbnlhADHCluH92OT+nfmdhEr HTTP/1.1" 200 26
186.102.59.92 - - [18/Mar/2024:06:12:21 -0500] "GET /kwssiamovil/sm/acme/a?s=U2FsdGVkX1+QM+nSCIHEDk0GUqivTpoBXneZJ3rWje5KbOxZJLscuf6xfxE8EakzWB0YEfL4/xBNPJstFSKR+p/WOyOZuJ9KeM5qzVTBah65enWnvOcHbvrdRAZgUS2zqYu4WqlusypzSh6du3d20Ym2i6gX1p0+N0iswbDOqJg=&u=U2FsdGVkX1/HUunYO8HDRQLug5TcW0cmZvqJmxm86V0=&y=U2FsdGVkX18Xkcg9l7lCTcOIboWTod6IAw+lmF0etbnlhADHCluH92OT+nfmdhEr HTTP/1.1" 200 26
186.102.59.92 - - [18/Mar/2024:06:12:21 -0500] "GET /kwssiamovil/sm/acme/a?s=U2FsdGVkX19ZVzLKJHcHwM8nNkhHt0Bh1rtvAOOrSnpfNQ94Vr+MZHQa6yaDOT6C3m1iEMWkW0wzGbP2+BDbVNF7YIqPRbOPbm3OhoP0jUxilI1BSKbdOjLMP6weYIOOzws5k4Q3iIeXyCIwdJNXigiU9hEaeRvmAoL2OM5OpVZ2BT9QxlKYmQ6MuJJYgk0U&u=U2FsdGVkX1/HUunYO8HDRQLug5TcW0cmZvqJmxm86V0=&y=U2FsdGVkX18Xkcg9l7lCTcOIboWTod6IAw+lmF0etbnlhADHCluH92OT+nfmdhEr HTTP/1.1" 200 26
186.102.84.228 - - [18/Mar/2024:06:12:20 -0500] "GET /kwssiamovil/sm/cjson/pre?f=1&x=U2FsdGVkX18mlpF/mIbeImSKT09DnwNGv9l6E4wrLq6J1Rub/XS8D1//mjl0q1+0 HTTP/1.1" 200 30244
47.128.110.67 - - [18/Mar/2024:06:12:33 -0500] "GET /BLA/resoluciones/AUTOS%202021/0245.php?act=f&d=E%3A%5Cnuevo%5Chtdocs%5CBLA%5Cresoluciones%5CAUTOS+2021&f=6739.pdf&ft=info HTTP/1.1" 200 3848
47.128.110.67 - - [18/Mar/2024:06:12:34 -0500] "GET /BLA/resoluciones/AUTOS%202021/0245.php?act=img&img=ext_diz HTTP/1.1" 200 1027
47.128.110.67 - - [18/Mar/2024:06:12:34 -0500] "GET /BLA/resoluciones/AUTOS%202021/0245.php?act=img&img=ext_txt HTTP/1.1" 200 132
47.128.110.67 - - [18/Mar/2024:06:12:34 -0500] "GET /BLA/resoluciones/AUTOS%202021/0245.php?act=img&img=ext_pdf HTTP/1.1" 200 1034
47.128.110.67 - - [18/Mar/2024:06:12:34 -0500] "GET /BLA/resoluciones/AUTOS%202021/0245.php?act=img&img=ext_html HTTP/1.1" 200 230
47.128.110.67 - - [18/Mar/2024:06:12:34 -0500] "GET /BLA/resoluciones/AUTOS%202021/0245.php?act=img&img=ext_exe HTTP/1.1" 200 118
47.128.110.67 - - [18/Mar/2024:06:12:34 -0500] "GET /BLA/resoluciones/AUTOS%202021/0245.php?act=img&img=ext_gif HTTP/1.1" 200 175
47.128.110.67 - - [18/Mar/2024:06:12:34 -0500] "GET /BLA/resoluciones/AUTOS%202021/0245.php?act=img&img=change HTTP/1.1" 200 290
47.128.110.67 - - [18/Mar/2024:06:12:35 -0500] "GET /BLA/resoluciones/AUTOS%202021/0245.php?act=img&img=download HTTP/1.1" 200 161
47.128.110.67 - - [18/Mar/2024:06:12:35 -0500] "GET /BLA/resoluciones/AUTOS%202021/0245.php?act=img&img=ext_rtf HTTP/1.1" 200 164
47.128.110.67 - - [18/Mar/2024:06:12:35 -0500] "GET /BLA/resoluciones/AUTOS%202021/0245.php?act=img&img=ext_ini HTTP/1.1" 200 134
201.245.192.253 - - [18/Mar/2024:06:12:36 -0500] "POST /forms/lservlet;jsessionid=ac16012b30d60c378208792d4757a508e4811830dca4.e3iSbxaKaheRe3iNc3uNbNmQay1ynknvrkLOlQzNp65In0 HTTP/1.1" 200 2
173.252.95.17 - - [18/Mar/2024:06:12:53 -0500] "GET /images/mujeres-reverdecen-humedales-2-febrero.jpg HTTP/1.1" 200 47327
66.220.149.120 - - [18/Mar/2024:06:12:54 -0500] "GET /images/mujeres-reverdecen-humedales-2-febrero.jpg HTTP/1.1" 200 47327
181.32.221.59 - - [18/Mar/2024:06:12:57 -0500] "POST /sipse/faces/presentacion/financiero/solicitudProceso/consultarSolicitudProceso.xhtml HTTP/1.1" 200 7026
181.32.221.59 - - [18/Mar/2024:06:12:58 -0500] "GET /sipse/faces/javax.faces.resource/messages/messages.png?ln=primefaces&v=4.0 HTTP/1.1" 304 -
181.32.221.59 - - [18/Mar/2024:06:13:06 -0500] "POST /sipse/faces/presentacion/financiero/solicitudProceso/consultarSolicitudProceso.xhtml HTTP/1.1" 200 37518
181.32.221.59 - - [18/Mar/2024:06:13:09 -0500] "GET /sipse/faces/javax.faces.resource/theme.css?ln=primefaces-sipse HTTP/1.1" 304 -
