186.102.111.27 - - [18/Mar/2024:06:38:33 -0500] "GET /sipse/faces/javax.faces.resource/primefaces.js?ln=primefaces&v=4.0 HTTP/1.1" 304 -
186.102.111.27 - - [18/Mar/2024:06:38:33 -0500] "GET /sipse/faces/javax.faces.resource/layout/layout.js?ln=primefaces&v=4.0 HTTP/1.1" 304 -
201.245.192.253 - - [18/Mar/2024:06:38:36 -0500] "POST /forms/lservlet;jsessionid=ac16012b30d60c378208792d4757a508e4811830dca4.e3iSbxaKaheRe3iNc3uNbNmQay1ynknvrkLOlQzNp65In0 HTTP/1.1" 200 2
172.22.2.4 - - [18/Mar/2024:06:37:04 -0500] "HEAD /BLA/boletinlegal/ HTTP/1.1" 200 -
172.22.1.61 - - [18/Mar/2024:06:38:38 -0500] "GET /reportes_sipse/sdg/ServletFirma?solicitud=25144 HTTP/1.1" 200 -
186.102.111.27 - - [18/Mar/2024:06:38:38 -0500] "POST /sipse/faces/presentacion/financiero/solicitudProceso/consultarSolicitudProceso.xhtml HTTP/1.1" 200 36777
186.102.111.27 - - [18/Mar/2024:06:39:01 -0500] "GET /sipse/faces/javax.faces.resource/theme.css?ln=primefaces-sipse HTTP/1.1" 304 -
186.102.111.27 - - [18/Mar/2024:06:39:01 -0500] "GET /sipse/faces/javax.faces.resource/primefaces.css?ln=primefaces&v=4.0 HTTP/1.1" 304 -
186.102.111.27 - - [18/Mar/2024:06:39:01 -0500] "GET /sipse/faces/javax.faces.resource/layout/layout.css?ln=primefaces&v=4.0 HTTP/1.1" 304 -
186.102.111.27 - - [18/Mar/2024:06:39:01 -0500] "GET /sipse/faces/javax.faces.resource/jquery/jquery.js?ln=primefaces&v=4.0 HTTP/1.1" 304 -
186.102.111.27 - - [18/Mar/2024:06:39:01 -0500] "GET /sipse/faces/javax.faces.resource/jquery/jquery-plugins.js?ln=primefaces&v=4.0 HTTP/1.1" 304 -
186.102.111.27 - - [18/Mar/2024:06:39:02 -0500] "GET /sipse/faces/javax.faces.resource/primefaces.js?ln=primefaces&v=4.0 HTTP/1.1" 304 -
186.102.111.27 - - [18/Mar/2024:06:39:02 -0500] "GET /sipse/faces/javax.faces.resource/layout/layout.js?ln=primefaces&v=4.0 HTTP/1.1" 304 -
186.102.111.27 - - [18/Mar/2024:06:39:02 -0500] "POST /sipse/faces/presentacion/financiero/solicitudProceso/listarSolicitudProceso.xhtml HTTP/1.1" 200 1392
186.102.111.27 - - [18/Mar/2024:06:39:05 -0500] "POST /sipse/faces/presentacion/financiero/solicitudProceso/listarSolicitudProceso.xhtml HTTP/1.1" 200 134554
186.102.111.27 - - [18/Mar/2024:06:39:06 -0500] "GET /sipse/faces/javax.faces.resource/theme.css?ln=primefaces-sipse HTTP/1.1" 304 -
186.102.111.27 - - [18/Mar/2024:06:39:06 -0500] "GET /sipse/faces/javax.faces.resource/primefaces.css?ln=primefaces&v=4.0 HTTP/1.1" 304 -
186.102.111.27 - - [18/Mar/2024:06:39:06 -0500] "GET /sipse/faces/javax.faces.resource/layout/layout.css?ln=primefaces&v=4.0 HTTP/1.1" 304 -
186.102.111.27 - - [18/Mar/2024:06:39:06 -0500] "GET /sipse/faces/javax.faces.resource/jquery/jquery.js?ln=primefaces&v=4.0 HTTP/1.1" 304 -
186.102.111.27 - - [18/Mar/2024:06:39:06 -0500] "GET /sipse/faces/javax.faces.resource/jquery/jquery-plugins.js?ln=primefaces&v=4.0 HTTP/1.1" 304 -
186.102.111.27 - - [18/Mar/2024:06:39:06 -0500] "GET /sipse/faces/javax.faces.resource/primefaces.js?ln=primefaces&v=4.0 HTTP/1.1" 304 -
186.102.111.27 - - [18/Mar/2024:06:39:06 -0500] "GET /sipse/faces/javax.faces.resource/layout/layout.js?ln=primefaces&v=4.0 HTTP/1.1" 304 -
186.102.111.27 - - [18/Mar/2024:06:39:13 -0500] "POST /sipse/faces/presentacion/financiero/solicitudProceso/consultarSolicitudProceso.xhtml HTTP/1.1" 200 33645
186.102.111.27 - - [18/Mar/2024:06:39:15 -0500] "GET /sipse/faces/javax.faces.resource/theme.css?ln=primefaces-sipse HTTP/1.1" 304 -
186.102.111.27 - - [18/Mar/2024:06:39:15 -0500] "GET /sipse/faces/javax.faces.resource/primefaces.css?ln=primefaces&v=4.0 HTTP/1.1" 304 -
186.102.111.27 - - [18/Mar/2024:06:39:15 -0500] "GET /sipse/faces/javax.faces.resource/layout/layout.css?ln=primefaces&v=4.0 HTTP/1.1" 304 -
186.102.111.27 - - [18/Mar/2024:06:39:15 -0500] "GET /sipse/faces/javax.faces.resource/jquery/jquery.js?ln=primefaces&v=4.0 HTTP/1.1" 304 -
186.102.111.27 - - [18/Mar/2024:06:39:15 -0500] "GET /sipse/faces/javax.faces.resource/jquery/jquery-plugins.js?ln=primefaces&v=4.0 HTTP/1.1" 304 -
186.102.111.27 - - [18/Mar/2024:06:39:15 -0500] "GET /sipse/faces/javax.faces.resource/primefaces.js?ln=primefaces&v=4.0 HTTP/1.1" 304 -
186.102.111.27 - - [18/Mar/2024:06:39:15 -0500] "GET /sipse/faces/javax.faces.resource/layout/layout.js?ln=primefaces&v=4.0 HTTP/1.1" 304 -
186.102.111.27 - - [18/Mar/2024:06:39:15 -0500] "POST /sipse/faces/presentacion/financiero/solicitudProceso/listarSolicitudProceso.xhtml HTTP/1.1" 200 1372
201.245.192.253 - - [18/Mar/2024:06:39:14 -0500] "POST /kwsrmcab/Wsrmcab HTTP/1.1" 200 37462
201.245.192.253 - - [18/Mar/2024:06:39:17 -0500] "POST /kwsrmcab/Wsrmcab HTTP/1.1" 200 37691
186.102.111.27 - - [18/Mar/2024:06:39:18 -0500] "POST /sipse/faces/presentacion/financiero/solicitudProceso/listarSolicitudProceso.xhtml HTTP/1.1" 200 24765
186.102.111.27 - - [18/Mar/2024:06:39:19 -0500] "POST /sipse/faces/presentacion/financiero/solicitudProceso/listarSolicitudProceso.xhtml HTTP/1.1" 200 24761
186.102.111.27 - - [18/Mar/2024:06:39:19 -0500] "POST /sipse/faces/presentacion/financiero/solicitudProceso/listarSolicitudProceso.xhtml HTTP/1.1" 200 24757
186.102.111.27 - - [18/Mar/2024:06:39:20 -0500] "POST /sipse/faces/presentacion/financiero/solicitudProceso/listarSolicitudProceso.xhtml HTTP/1.1" 200 24761
186.102.111.27 - - [18/Mar/2024:06:39:20 -0500] "POST /sipse/faces/presentacion/financiero/solicitudProceso/listarSolicitudProceso.xhtml HTTP/1.1" 200 24761
186.102.111.27 - - [18/Mar/2024:06:39:21 -0500] "POST /sipse/faces/presentacion/financiero/solicitudProceso/listarSolicitudProceso.xhtml HTTP/1.1" 200 24765
186.102.111.27 - - [18/Mar/2024:06:39:22 -0500] "POST /sipse/faces/presentacion/financiero/solicitudProceso/listarSolicitudProceso.xhtml HTTP/1.1" 200 24757
186.102.111.27 - - [18/Mar/2024:06:39:22 -0500] "POST /sipse/faces/presentacion/financiero/solicitudProceso/listarSolicitudProceso.xhtml HTTP/1.1" 200 24761
186.102.111.27 - - [18/Mar/2024:06:39:23 -0500] "POST /sipse/faces/presentacion/financiero/solicitudProceso/listarSolicitudProceso.xhtml HTTP/1.1" 200 1420
186.102.111.27 - - [18/Mar/2024:06:39:23 -0500] "POST /sipse/faces/presentacion/financiero/solicitudProceso/listarSolicitudProceso.xhtml HTTP/1.1" 200 1420
186.102.111.27 - - [18/Mar/2024:06:39:23 -0500] "POST /sipse/faces/presentacion/financiero/solicitudProceso/listarSolicitudProceso.xhtml HTTP/1.1" 200 1420
186.102.111.27 - - [18/Mar/2024:06:39:23 -0500] "POST /sipse/faces/presentacion/financiero/solicitudProceso/listarSolicitudProceso.xhtml HTTP/1.1" 200 1420
186.102.111.27 - - [18/Mar/2024:06:39:23 -0500] "POST /sipse/faces/presentacion/financiero/solicitudProceso/listarSolicitudProceso.xhtml HTTP/1.1" 200 1420
186.102.111.27 - - [18/Mar/2024:06:39:24 -0500] "POST /sipse/faces/presentacion/financiero/solicitudProceso/listarSolicitudProceso.xhtml HTTP/1.1" 200 1420
186.102.111.27 - - [18/Mar/2024:06:39:24 -0500] "POST /sipse/faces/presentacion/financiero/solicitudProceso/listarSolicitudProceso.xhtml HTTP/1.1" 200 1420
186.102.111.27 - - [18/Mar/2024:06:39:24 -0500] "POST /sipse/faces/presentacion/financiero/solicitudProceso/listarSolicitudProceso.xhtml HTTP/1.1" 200 1420
186.102.111.27 - - [18/Mar/2024:06:39:26 -0500] "POST /sipse/faces/presentacion/financiero/solicitudProceso/listarSolicitudProceso.xhtml HTTP/1.1" 200 2673
186.102.111.27 - - [18/Mar/2024:06:39:28 -0500] "POST /sipse/faces/presentacion/financiero/solicitudProceso/listarSolicitudProceso.xhtml HTTP/1.1" 200 39088
186.102.111.27 - - [18/Mar/2024:06:39:28 -0500] "GET /sipse/faces/javax.faces.resource/theme.css?ln=primefaces-sipse HTTP/1.1" 304 -
186.102.111.27 - - [18/Mar/2024:06:39:28 -0500] "GET /sipse/faces/javax.faces.resource/primefaces.css?ln=primefaces&v=4.0 HTTP/1.1" 304 -
186.102.111.27 - - [18/Mar/2024:06:39:28 -0500] "GET /sipse/faces/javax.faces.resource/layout/layout.css?ln=primefaces&v=4.0 HTTP/1.1" 304 -
186.102.111.27 - - [18/Mar/2024:06:39:28 -0500] "GET /sipse/faces/javax.faces.resource/jquery/jquery.js?ln=primefaces&v=4.0 HTTP/1.1" 304 -
186.102.111.27 - - [18/Mar/2024:06:39:28 -0500] "GET /sipse/faces/javax.faces.resource/jquery/jquery-plugins.js?ln=primefaces&v=4.0 HTTP/1.1" 304 -
186.102.111.27 - - [18/Mar/2024:06:39:28 -0500] "GET /sipse/faces/javax.faces.resource/primefaces.js?ln=primefaces&v=4.0 HTTP/1.1" 304 -
186.102.111.27 - - [18/Mar/2024:06:39:28 -0500] "GET /sipse/faces/javax.faces.resource/layout/layout.js?ln=primefaces&v=4.0 HTTP/1.1" 304 -
186.102.111.27 - - [18/Mar/2024:06:39:28 -0500] "POST /sipse/faces/presentacion/financiero/solicitudProceso/consultar.xhtml HTTP/1.1" 200 32379
186.102.111.27 - - [18/Mar/2024:06:39:29 -0500] "POST /sipse/faces/presentacion/financiero/solicitudProceso/consultar.xhtml HTTP/1.1" 200 32379
186.102.111.27 - - [18/Mar/2024:06:39:29 -0500] "POST /sipse/faces/presentacion/financiero/solicitudProceso/consultar.xhtml HTTP/1.1" 200 32379
186.102.111.27 - - [18/Mar/2024:06:39:29 -0500] "POST /sipse/faces/presentacion/financiero/solicitudProceso/consultar.xhtml HTTP/1.1" 200 32379
186.102.111.27 - - [18/Mar/2024:06:39:30 -0500] "POST /sipse/faces/presentacion/financiero/solicitudProceso/consultar.xhtml HTTP/1.1" 200 32379
186.102.111.27 - - [18/Mar/2024:06:39:30 -0500] "POST /sipse/faces/presentacion/financiero/solicitudProceso/consultar.xhtml HTTP/1.1" 200 32379
186.102.111.27 - - [18/Mar/2024:06:39:30 -0500] "POST /sipse/faces/presentacion/financiero/solicitudProceso/consultar.xhtml HTTP/1.1" 200 32379
172.22.2.4 - - [18/Mar/2024:06:37:55 -0500] "GET /BLA/boletinlegal/ HTTP/1.1" 200 60380
186.102.111.27 - - [18/Mar/2024:06:39:38 -0500] "POST /sipse/faces/presentacion/financiero/solicitudProceso/consultar.xhtml HTTP/1.1" 200 12826
201.245.192.253 - - [18/Mar/2024:06:39:43 -0500] "POST /kwsrmcab/Wsrmcab HTTP/1.1" 200 37376
201.245.192.253 - - [18/Mar/2024:06:39:55 -0500] "POST /forms/lservlet;jsessionid=ac16012b30d672fb2ec093aa4748bf0691d1e088fe72.e3iSbxaKaheRe3iNc3uNbNmQay1ynknvrkLOlQzNp65In0 HTTP/1.1" 200 2
201.245.192.253 - - [18/Mar/2024:06:39:55 -0500] "POST /kwsrmcab/Wsrmcab  HTTP/1.1" 200 37824
201.245.192.253 - - [18/Mar/2024:06:40:36 -0500] "POST /forms/lservlet;jsessionid=ac16012b30d60c378208792d4757a508e4811830dca4.e3iSbxaKaheRe3iNc3uNbNmQay1ynknvrkLOlQzNp65In0 HTTP/1.1" 200 2
201.245.192.253 - - [18/Mar/2024:06:40:35 -0500] "POST /kwsrmcab/Wsrmcab HTTP/1.1" 200 37691
186.155.23.154 - - [18/Mar/2024:06:40:39 -0500] "GET /sipse/faces/faces/autenticacion.xhtml HTTP/1.1" 200 12401
186.155.23.154 - - [18/Mar/2024:06:40:39 -0500] "GET /sipse/css/custom_css_sg.css HTTP/1.1" 200 9694
186.155.23.154 - - [18/Mar/2024:06:40:39 -0500] "GET /sipse/css/custom_css_sg_prime_login.css HTTP/1.1" 200 443
186.155.23.154 - - [18/Mar/2024:06:40:39 -0500] "GET /sipse/faces/javax.faces.resource/layout/layout.css?ln=primefaces&v=4.0 HTTP/1.1" 200 542
186.155.23.154 - - [18/Mar/2024:06:40:39 -0500] "GET /sipse/faces/javax.faces.resource/primefaces.css?ln=primefaces&v=4.0 HTTP/1.1" 200 53295
186.155.23.154 - - [18/Mar/2024:06:40:39 -0500] "GET /sipse/faces/javax.faces.resource/theme.css?ln=primefaces-sipse HTTP/1.1" 200 50058
186.155.23.154 - - [18/Mar/2024:06:40:40 -0500] "GET /sipse/js/disable_browser_buttons.js HTTP/1.1" 304 -
186.155.23.154 - - [18/Mar/2024:06:40:40 -0500] "GET /sipse/js/funciones.js HTTP/1.1" 304 -
186.155.23.154 - - [18/Mar/2024:06:40:42 -0500] "GET /sipse/faces/javax.faces.resource/jquery/jquery.js?ln=primefaces&v=4.0 HTTP/1.1" 304 -
186.155.23.154 - - [18/Mar/2024:06:40:42 -0500] "GET /sipse/faces/javax.faces.resource/jquery/jquery-plugins.js?ln=primefaces&v=4.0 HTTP/1.1" 304 -
186.155.23.154 - - [18/Mar/2024:06:40:42 -0500] "GET /sipse/faces/javax.faces.resource/primefaces.js?ln=primefaces&v=4.0 HTTP/1.1" 304 -
186.155.23.154 - - [18/Mar/2024:06:40:42 -0500] "GET /sipse/faces/javax.faces.resource/layout/layout.js?ln=primefaces&v=4.0 HTTP/1.1" 304 -
186.155.23.154 - - [18/Mar/2024:06:40:47 -0500] "GET /favicon.ico HTTP/1.1" 200 7782
186.155.23.154 - - [18/Mar/2024:06:40:47 -0500] "GET /sipse/faces/javax.faces.resource/images/ui-icons_898989_256x240.png?ln=primefaces-aristo HTTP/1.1" 200 5355
186.155.23.154 - - [18/Mar/2024:06:40:47 -0500] "GET /sipse/css/imagen/loginimg.png HTTP/1.1" 200 71635
186.155.23.154 - - [18/Mar/2024:06:40:47 -0500] "GET /sipse/css/imagen/logoSDG.png HTTP/1.1" 200 53064
186.155.23.154 - - [18/Mar/2024:06:40:47 -0500] "GET /sipse/faces/faces/index.xhtml HTTP/1.1" 200 677
186.155.23.154 - - [18/Mar/2024:06:40:47 -0500] "GET /sipse/faces/javax.faces.resource/theme.css?ln=primefaces-sipse HTTP/1.1" 304 -
186.155.23.154 - - [18/Mar/2024:06:40:47 -0500] "GET /sipse/faces/faces/faces/autenticacion.xhtml HTTP/1.1" 200 12401
186.155.23.154 - - [18/Mar/2024:06:40:47 -0500] "GET /sipse/faces/javax.faces.resource/theme.css?ln=primefaces-sipse HTTP/1.1" 304 -
186.155.23.154 - - [18/Mar/2024:06:40:47 -0500] "GET /sipse/faces/javax.faces.resource/primefaces.css?ln=primefaces&v=4.0 HTTP/1.1" 304 -
186.155.23.154 - - [18/Mar/2024:06:40:47 -0500] "GET /sipse/faces/javax.faces.resource/layout/layout.css?ln=primefaces&v=4.0 HTTP/1.1" 304 -
186.155.23.154 - - [18/Mar/2024:06:40:47 -0500] "GET /sipse/faces/javax.faces.resource/jquery/jquery.js?ln=primefaces&v=4.0 HTTP/1.1" 304 -
186.155.23.154 - - [18/Mar/2024:06:40:47 -0500] "GET /sipse/faces/javax.faces.resource/jquery/jquery-plugins.js?ln=primefaces&v=4.0 HTTP/1.1" 304 -
186.155.23.154 - - [18/Mar/2024:06:40:47 -0500] "GET /sipse/faces/javax.faces.resource/primefaces.js?ln=primefaces&v=4.0 HTTP/1.1" 304 -
186.155.23.154 - - [18/Mar/2024:06:40:47 -0500] "GET /sipse/faces/javax.faces.resource/layout/layout.js?ln=primefaces&v=4.0 HTTP/1.1" 304 -
186.155.23.154 - - [18/Mar/2024:06:40:48 -0500] "GET /sipse/faces/javax.faces.resource/images/ui-icons_898989_256x240.png?ln=primefaces-aristo HTTP/1.1" 304 -
186.102.59.92 - - [18/Mar/2024:06:41:33 -0500] "GET /kwssiamovil/sm/acme/a?s=U2FsdGVkX1/9y5A5pFzJz+3ltxQrP7FyZAjUeReVfjqgX3G44OKkFuy2cIrQY/9K3XWdzGDIcjaZdEJXMj2M+pzbpP2alHUpmKLGZU7oM5PZA8hzB2NUk7gJEAoo+jQzxW6Ef4T3Ka+kZzqfeW6s+pzsXJRNAJ1fbsiXXu13Q7QIarRCEq1e/c9TEQHLpLPR59eh9Iw8HjP4JE6aBp57zSJP//eEqzhI2Sw2JfgA62g802tU1R5pU4x/L7MeDyvMPhGpmRQB626Jvwseo80Xaw==&u=U2FsdGVkX1/HUunYO8HDRQLug5TcW0cmZvqJmxm86V0=&y=U2FsdGVkX18Xkcg9l7lCTcOIboWTod6IAw+lmF0etbnlhADHCluH92OT+nfmdhEr HTTP/1.1" 200 26
186.102.59.92 - - [18/Mar/2024:06:41:33 -0500] "GET /kwssiamovil/sm/acme/a?s=U2FsdGVkX1/W+pxBVb5rZX5FPgli6b/4/Vk86n0B1okgdjLUauD898rnlKvw+p3KpNV7akwKWlAbRyO/6Iu2oX8OhL3hCVBrJ/VVjE0fmHwJl0xvHzf9VIieSxdHnwin4yeCWmkQQgYrqEucXIjTdTklhZxvzUx5pzLJ+VZKxtFvuDLpG1DGypxSL4RoQHFW74QNAnbHgIln8DDHRE0YMJEm1VdSgj39xK+qu5OS/T1dKnH8y6AKPDdecziW3xaXc8PUXRcFsXbe9c2abf/chwFaletNAVCVhsbMF/R62oLyeSKV22IM5qeRd58DaWDAdo3VTPkGkXDdWykUyC+ibr/Xywbk6k0i3D6g5mYFImmzIuA60wflrlP14RPqvNBGxQlLgOVuyjR0Kg2NvX2ALY4vnwxksf3dENse1WwbSZ7KPnXUe4mSKD95XdT44SengI/G+KWWi8qPbnsgo+lvIbbZBHYXnZJp97E++tD1rs+QeB/xp8vGxmAcDrYPIyVJWTCgfQdD0xk7slegQzYvIIak5Zcn2crU/pGiXOi5I3goBTdisyFTa+biuMk4VmQeggiuhXxcUtCttWp2/bWZeM9HajH9DxVyN5VUOHHcLL0+RAx+mLGa0VyLRXiH+MIhccBcs5dg5ndguWYEc0VjD25Lor3thrFRY27Baa+h8vudSSQV06jxr1P8Xh8TjP79H42FMAi42EArp5jFTwTvzgVHSU93OhiaacLOaJxaiTEMTvnFuECxf0DP24RnLqMLfeNb3X+WG7lGejjCdx7FNMunjQzzG+u0TOIuA+mO+XYbQ/P8SoUpcgiMpzZjQyRcnGAWsF/8iL4BRe2n981T4lxWgHvZW0kgUJUo8OtyyijSSyl1f2TsZm2AL33t2coAscllMvfHg9mixPGxsQMXDwHcE7BjunSTPb3BieomeJZjgP6vKFDy2eM03GT/EY8ckurBVwuH87H+PZ29+MWexrMPYE1FuGkB/FDmL0i0J3mJyiPPX5/CsDUeOLL45DB3SjsFY/BSYJFxfrPpXkOkx7vOw4BzgVuOR+A4a8oMbIuPYEcoGjO5L6xJmOqqbTGvpvvPKfenAGMV4fRm1rUZ4SoKt24Oo7j145U+J9/QHi4cXIj0UvyLhSlHyeM+ewSTorUe5dbS1c0oVe/kftDeJvtK1I+wLKjVwKl+TWdp5CV1IzN1XGgG8NRdqa2nAeqWE3/f3PCjC7hMwZ6bNMNfCDfVfiefuCtd0ADl4ToHx29PGKBcSY6REhT77rvtKWT3VuqwwB2wATJgpoFpk+d+EWnPibK5gLdQdERdgAvxXnSP/ZPN7bwvw16es7hTH90fcJ9IgZz7LagsT0nsgsBW3BEEcLU0uEFQz6f3Ej9hDyT42sdMkp7Cx3lrx6PTXa+MD5Yd1cxeeGYY5SDiY91Kdw==&u=U2FsdGVkX1/HUunYO8HDRQLug5TcW0cmZvqJmxm86V0=&y=U2FsdGVkX18Xkcg9l7lCTcOIboWTod6IAw+lmF0etbnlhADHCluH92OT+nfmdhEr HTTP/1.1" 200 26
186.102.59.92 - - [18/Mar/2024:06:41:33 -0500] "GET /kwssiamovil/sm/acme/a?s=U2FsdGVkX1+JloE97KpERfXTVKlbme1e0aLvhBpcXaZWCfYoHZEb7Xs0X/ZUoLPlahlN+qyb00XiTf41uJHuYu3ktWQWij3EQqjs+pkOKMl5BqCLcF2ieDRFilgDpSJpMuCbCKanQecUPJxBvD1UJLF7EbY/7dsKf5EzScBAEC4=&u=U2FsdGVkX1/HUunYO8HDRQLug5TcW0cmZvqJmxm86V0=&y=U2FsdGVkX18Xkcg9l7lCTcOIboWTod6IAw+lmF0etbnlhADHCluH92OT+nfmdhEr HTTP/1.1" 200 26
186.102.59.92 - - [18/Mar/2024:06:41:34 -0500] "GET /kwssiamovil/sm/acme/a?s=U2FsdGVkX1/rwTuY9DxZFJ1aHYRBVFv6U1uLUH5JRN1pRsAtUp3sOm+6L5BLHLhnq1RZUF1q+uvSaetwJrMUl1qEisjHsyoqntqyCH6V/1h3UT6RsHky2yIdYsCg+oC/VxXcJ+3MaWvt/P7S/OXXa6wKY4f32NGfmssNtu1odfY=&u=U2FsdGVkX1/HUunYO8HDRQLug5TcW0cmZvqJmxm86V0=&y=U2FsdGVkX18Xkcg9l7lCTcOIboWTod6IAw+lmF0etbnlhADHCluH92OT+nfmdhEr HTTP/1.1" 200 26
186.102.59.92 - - [18/Mar/2024:06:41:34 -0500] "GET /kwssiamovil/sm/acme/a?s=U2FsdGVkX1++MI3XOQCD7px1Dk2G0P2D/DtqNYuo6t5znjf1ff+pQlL2PfZMYq8PY2PnIu8tfJeeFHuIbMhg6rxmbEuqPObiKwp1SSn58dk2I8P9boo8uUDm9TmgefyhCgPu9qPLNASXjfstsKrEESeYqe/5qR/8yEaX/naLbD8=&u=U2FsdGVkX1/HUunYO8HDRQLug5TcW0cmZvqJmxm86V0=&y=U2FsdGVkX18Xkcg9l7lCTcOIboWTod6IAw+lmF0etbnlhADHCluH92OT+nfmdhEr HTTP/1.1" 200 26
186.102.59.92 - - [18/Mar/2024:06:41:34 -0500] "GET /kwssiamovil/sm/acme/a?s=U2FsdGVkX18aJ2BtwhvCRS7UtN/Gvto6/RAalGO/XBoFfwxuD4DFhmsIC55TaC8fr0eWvNyojoPccKwrWzM5d5Ekc+w4mTB/oW9bzLCWFnydim8La3MCUBBTzUXMWU9bpE77VmFhTEP5XBlSUr3t+e8iiutoDOPs1ozdnw7JbO2kFtPb4oi9oNfNxLSNQh7T&u=U2FsdGVkX1/HUunYO8HDRQLug5TcW0cmZvqJmxm86V0=&y=U2FsdGVkX18Xkcg9l7lCTcOIboWTod6IAw+lmF0etbnlhADHCluH92OT+nfmdhEr HTTP/1.1" 200 26
40.77.167.9 - - [18/Mar/2024:06:41:35 -0500] "GET /BLA/resoluciones/AUTOS%202013/2699.pdf HTTP/1.1" 304 -
201.245.192.253 - - [18/Mar/2024:06:41:55 -0500] "POST /forms/lservlet;jsessionid=ac16012b30d672fb2ec093aa4748bf0691d1e088fe72.e3iSbxaKaheRe3iNc3uNbNmQay1ynknvrkLOlQzNp65In0 HTTP/1.1" 200 2
216.245.221.92 - - [18/Mar/2024:06:42:01 -0500] "HEAD / HTTP/1.1" 200 -
172.22.2.4 - - [18/Mar/2024:06:42:30 -0500] "GET /BLA/boletinlegal/robots.txt HTTP/1.1" 404 1038
172.22.2.4 - - [18/Mar/2024:06:42:31 -0500] "GET /BLA/boletinlegal/Directivas/2011/Directiva%20No.%208%20del%2020%20de%20Septiembre%20de%202011.pdf HTTP/1.1" 200 727150
201.245.192.253 - - [18/Mar/2024:06:42:36 -0500] "POST /forms/lservlet;jsessionid=ac16012b30d60c378208792d4757a508e4811830dca4.e3iSbxaKaheRe3iNc3uNbNmQay1ynknvrkLOlQzNp65In0 HTTP/1.1" 200 2
173.252.127.118 - - [18/Mar/2024:06:42:45 -0500] "GET /si-te-gusta-la-pintura-el-dibujo-o-la-fotografia-el-concurso-a-vuelo-de-pajaro-es-para-ti.html HTTP/1.1" 200 861
173.252.127.116 - - [18/Mar/2024:06:42:45 -0500] "GET /si-te-gusta-la-pintura-el-dibujo-o-la-fotografia-el-concurso-a-vuelo-de-pajaro-es-para-ti.html HTTP/1.1" 200 861
201.245.192.253 - - [18/Mar/2024:06:43:55 -0500] "POST /forms/lservlet;jsessionid=ac16012b30d672fb2ec093aa4748bf0691d1e088fe72.e3iSbxaKaheRe3iNc3uNbNmQay1ynknvrkLOlQzNp65In0 HTTP/1.1" 200 2
173.252.79.112 - - [18/Mar/2024:06:44:25 -0500] "GET /images/Moda%20Centro%20Vive%201%20(1)%20(1).jpeg HTTP/1.1" 200 44031
172.22.2.4 - - [18/Mar/2024:06:42:54 -0500] "HEAD /BLA/boletinlegal/ HTTP/1.1" 200 -
201.245.192.253 - - [18/Mar/2024:06:44:36 -0500] "POST /forms/lservlet;jsessionid=ac16012b30d60c378208792d4757a508e4811830dca4.e3iSbxaKaheRe3iNc3uNbNmQay1ynknvrkLOlQzNp65In0 HTTP/1.1" 200 2
201.245.192.253 - - [18/Mar/2024:06:44:54 -0500] "POST /kwsrmcab/Wsrmcab  HTTP/1.1" 200 37824
172.22.2.4 - - [18/Mar/2024:06:43:45 -0500] "GET /BLA/boletinlegal/ HTTP/1.1" 200 59083
201.245.192.253 - - [18/Mar/2024:06:45:55 -0500] "POST /forms/lservlet;jsessionid=ac16012b30d672fb2ec093aa4748bf0691d1e088fe72.e3iSbxaKaheRe3iNc3uNbNmQay1ynknvrkLOlQzNp65In0 HTTP/1.1" 200 2
207.46.13.151 - - [18/Mar/2024:06:46:23 -0500] "GET /portaldeninos/gestion-del-riesgo-incendios-forestales/ HTTP/1.1" 200 86825
201.245.192.253 - - [18/Mar/2024:06:46:36 -0500] "POST /forms/lservlet;jsessionid=ac16012b30d60c378208792d4757a508e4811830dca4.e3iSbxaKaheRe3iNc3uNbNmQay1ynknvrkLOlQzNp65In0 HTTP/1.1" 200 2
216.245.221.92 - - [18/Mar/2024:06:47:01 -0500] "HEAD / HTTP/1.1" 200 -
186.102.59.92 - - [18/Mar/2024:06:47:23 -0500] "GET /kwssiamovil/sm/acme/u?s=U2FsdGVkX1/3F3zNu8t9HCxzpbUQ4GnotistVGobH1CzOKKIuTDyJ56+EvZGvpAiDJLj5w4JgbVPXPk59eXgzGYuvZU4a4lKOYah3d7foC6F0ugCqxLNxZeli7SnR3RkO9ZH26FY4WvTASiILFD/nAgXCY2P+3Bqck1lsdeo+ms=&u=U2FsdGVkX1/HUunYO8HDRQLug5TcW0cmZvqJmxm86V0=&y=U2FsdGVkX18Xkcg9l7lCTcOIboWTod6IAw+lmF0etbnlhADHCluH92OT+nfmdhEr HTTP/1.1" 200 60
201.245.192.253 - - [18/Mar/2024:06:47:55 -0500] "POST /forms/lservlet;jsessionid=ac16012b30d672fb2ec093aa4748bf0691d1e088fe72.e3iSbxaKaheRe3iNc3uNbNmQay1ynknvrkLOlQzNp65In0 HTTP/1.1" 200 2
201.245.192.253 - - [18/Mar/2024:06:48:36 -0500] "POST /forms/lservlet;jsessionid=ac16012b30d60c378208792d4757a508e4811830dca4.e3iSbxaKaheRe3iNc3uNbNmQay1ynknvrkLOlQzNp65In0 HTTP/1.1" 200 2
201.245.192.253 - - [18/Mar/2024:06:49:54 -0500] "POST /kwsrmcab/Wsrmcab  HTTP/1.1" 200 37824
201.245.192.253 - - [18/Mar/2024:06:49:55 -0500] "POST /forms/lservlet;jsessionid=ac16012b30d672fb2ec093aa4748bf0691d1e088fe72.e3iSbxaKaheRe3iNc3uNbNmQay1ynknvrkLOlQzNp65In0 HTTP/1.1" 200 2
172.22.2.4 - - [18/Mar/2024:06:50:14 -0500] "GET /BLA/boletinlegal/actos.php HTTP/1.1" 200 9738
172.22.2.4 - - [18/Mar/2024:06:48:44 -0500] "HEAD /BLA/boletinlegal/ HTTP/1.1" 200 -
201.245.192.253 - - [18/Mar/2024:06:50:36 -0500] "POST /forms/lservlet;jsessionid=ac16012b30d60c378208792d4757a508e4811830dca4.e3iSbxaKaheRe3iNc3uNbNmQay1ynknvrkLOlQzNp65In0 HTTP/1.1" 200 2
172.22.2.4 - - [18/Mar/2024:06:49:35 -0500] "GET /BLA/boletinlegal/ HTTP/1.1" 200 59967
201.245.192.253 - - [18/Mar/2024:06:51:55 -0500] "POST /forms/lservlet;jsessionid=ac16012b30d672fb2ec093aa4748bf0691d1e088fe72.e3iSbxaKaheRe3iNc3uNbNmQay1ynknvrkLOlQzNp65In0 HTTP/1.1" 200 2
216.245.221.92 - - [18/Mar/2024:06:52:01 -0500] "HEAD / HTTP/1.1" 200 -
201.245.192.253 - - [18/Mar/2024:06:52:36 -0500] "POST /forms/lservlet;jsessionid=ac16012b30d60c378208792d4757a508e4811830dca4.e3iSbxaKaheRe3iNc3uNbNmQay1ynknvrkLOlQzNp65In0 HTTP/1.1" 200 2
201.245.192.253 - - [18/Mar/2024:06:53:55 -0500] "POST /forms/lservlet;jsessionid=ac16012b30d672fb2ec093aa4748bf0691d1e088fe72.e3iSbxaKaheRe3iNc3uNbNmQay1ynknvrkLOlQzNp65In0 HTTP/1.1" 200 2
201.245.192.253 - - [18/Mar/2024:06:54:36 -0500] "POST /forms/lservlet;jsessionid=ac16012b30d60c378208792d4757a508e4811830dca4.e3iSbxaKaheRe3iNc3uNbNmQay1ynknvrkLOlQzNp65In0 HTTP/1.1" 200 2
172.22.2.4 - - [18/Mar/2024:06:52:58 -0500] "HEAD /BLA/boletinlegal/ HTTP/1.1" 200 -
201.245.192.253 - - [18/Mar/2024:06:54:53 -0500] "POST /kwsrmcab/Wsrmcab  HTTP/1.1" 200 37824
172.22.2.4 - - [18/Mar/2024:06:53:33 -0500] "GET /BLA/boletinlegal/ HTTP/1.1" 200 56779
201.245.192.253 - - [18/Mar/2024:06:55:55 -0500] "POST /forms/lservlet;jsessionid=ac16012b30d672fb2ec093aa4748bf0691d1e088fe72.e3iSbxaKaheRe3iNc3uNbNmQay1ynknvrkLOlQzNp65In0 HTTP/1.1" 200 2
172.22.2.4 - - [18/Mar/2024:06:54:34 -0500] "HEAD /BLA/boletinlegal/ HTTP/1.1" 200 -
201.245.192.253 - - [18/Mar/2024:06:56:36 -0500] "POST /forms/lservlet;jsessionid=ac16012b30d60c378208792d4757a508e4811830dca4.e3iSbxaKaheRe3iNc3uNbNmQay1ynknvrkLOlQzNp65In0 HTTP/1.1" 200 2
168.119.252.242 - - [18/Mar/2024:06:56:39 -0500] "GET / HTTP/1.1" 200 4720
17.241.75.145 - - [18/Mar/2024:06:56:53 -0500] "GET /el-distrito-cierra-con-broche-de-oro-su-semana-pyba.html HTTP/1.1" 200 781
65.154.226.167 - - [18/Mar/2024:06:56:53 -0500] "GET / HTTP/1.1" 200 319
216.244.66.195 - - [18/Mar/2024:06:56:59 -0500] "GET /BLA/resoluciones/RESOLUCIONES%202018/03824.pdf HTTP/1.1" 200 284779
216.245.221.92 - - [18/Mar/2024:06:57:01 -0500] "HEAD / HTTP/1.1" 200 -
172.22.2.4 - - [18/Mar/2024:06:55:25 -0500] "GET /BLA/boletinlegal/ HTTP/1.1" 200 54300
201.245.192.253 - - [18/Mar/2024:06:57:55 -0500] "POST /forms/lservlet;jsessionid=ac16012b30d672fb2ec093aa4748bf0691d1e088fe72.e3iSbxaKaheRe3iNc3uNbNmQay1ynknvrkLOlQzNp65In0 HTTP/1.1" 200 2
216.244.66.195 - - [18/Mar/2024:06:58:08 -0500] "GET /BLA/resoluciones/AUTOS%202016/0622.pdf HTTP/1.1" 200 472652
201.245.192.253 - - [18/Mar/2024:06:58:36 -0500] "POST /forms/lservlet;jsessionid=ac16012b30d60c378208792d4757a508e4811830dca4.e3iSbxaKaheRe3iNc3uNbNmQay1ynknvrkLOlQzNp65In0 HTTP/1.1" 200 2
216.244.66.195 - - [18/Mar/2024:06:58:37 -0500] "GET /BLA/resoluciones/AUTOS%202016/1096.pdf HTTP/1.1" 200 526990
216.244.66.195 - - [18/Mar/2024:06:59:19 -0500] "GET /BLA/resoluciones/AUTOS%202016/1244.pdf HTTP/1.1" 200 334041
201.245.192.253 - - [18/Mar/2024:06:59:51 -0500] "POST /kwsrmcab/Wsrmcab  HTTP/1.1" 200 37824
201.245.192.253 - - [18/Mar/2024:06:59:55 -0500] "POST /forms/lservlet;jsessionid=ac16012b30d672fb2ec093aa4748bf0691d1e088fe72.e3iSbxaKaheRe3iNc3uNbNmQay1ynknvrkLOlQzNp65In0 HTTP/1.1" 200 2
216.244.66.195 - - [18/Mar/2024:06:59:55 -0500] "GET /BLA/resoluciones/AUTOS%202016/1305.pdf HTTP/1.1" 200 437156
216.244.66.195 - - [18/Mar/2024:07:00:25 -0500] "GET /BLA/resoluciones/AUTOS%202016/1399.pdf HTTP/1.1" 200 290119
201.245.192.253 - - [18/Mar/2024:07:00:36 -0500] "POST /forms/lservlet;jsessionid=ac16012b30d60c378208792d4757a508e4811830dca4.e3iSbxaKaheRe3iNc3uNbNmQay1ynknvrkLOlQzNp65In0 HTTP/1.1" 200 2
181.53.13.222 - - [18/Mar/2024:07:00:48 -0500] "GET /sipse/faces/index.xhtml HTTP/1.1" 200 677
181.53.13.222 - - [18/Mar/2024:07:00:48 -0500] "GET /sipse/faces/javax.faces.resource/theme.css?ln=primefaces-sipse HTTP/1.1" 304 -
181.53.13.222 - - [18/Mar/2024:07:00:49 -0500] "GET /sipse/faces/faces/autenticacion.xhtml HTTP/1.1" 200 12401
181.53.13.222 - - [18/Mar/2024:07:00:49 -0500] "GET /sipse/js/disable_browser_buttons.js HTTP/1.1" 304 -
181.53.13.222 - - [18/Mar/2024:07:00:49 -0500] "GET /sipse/faces/javax.faces.resource/theme.css?ln=primefaces-sipse HTTP/1.1" 304 -
181.53.13.222 - - [18/Mar/2024:07:00:49 -0500] "GET /sipse/js/funciones.js HTTP/1.1" 304 -
181.53.13.222 - - [18/Mar/2024:07:00:49 -0500] "GET /sipse/css/custom_css_sg.css HTTP/1.1" 304 -
181.53.13.222 - - [18/Mar/2024:07:00:49 -0500] "GET /sipse/css/custom_css_sg_prime_login.css HTTP/1.1" 304 -
181.53.13.222 - - [18/Mar/2024:07:00:49 -0500] "GET /sipse/faces/javax.faces.resource/primefaces.css?ln=primefaces&v=4.0 HTTP/1.1" 304 -
181.53.13.222 - - [18/Mar/2024:07:00:49 -0500] "GET /sipse/faces/javax.faces.resource/layout/layout.css?ln=primefaces&v=4.0 HTTP/1.1" 304 -
181.53.13.222 - - [18/Mar/2024:07:00:49 -0500] "GET /sipse/faces/javax.faces.resource/jquery/jquery.js?ln=primefaces&v=4.0 HTTP/1.1" 304 -
181.53.13.222 - - [18/Mar/2024:07:00:49 -0500] "GET /sipse/faces/javax.faces.resource/primefaces.js?ln=primefaces&v=4.0 HTTP/1.1" 304 -
181.53.13.222 - - [18/Mar/2024:07:00:49 -0500] "GET /sipse/faces/javax.faces.resource/jquery/jquery-plugins.js?ln=primefaces&v=4.0 HTTP/1.1" 304 -
181.53.13.222 - - [18/Mar/2024:07:00:49 -0500] "GET /sipse/faces/javax.faces.resource/layout/layout.js?ln=primefaces&v=4.0 HTTP/1.1" 304 -
181.53.13.222 - - [18/Mar/2024:07:00:49 -0500] "GET /sipse/css/imagen/loginimg.png HTTP/1.1" 304 -
181.53.13.222 - - [18/Mar/2024:07:00:49 -0500] "GET /sipse/faces/javax.faces.resource/images/ui-icons_898989_256x240.png?ln=primefaces-aristo HTTP/1.1" 304 -
181.53.13.222 - - [18/Mar/2024:07:00:49 -0500] "GET /sipse/css/imagen/logoSDG.png HTTP/1.1" 200 53064
216.244.66.195 - - [18/Mar/2024:07:00:54 -0500] "GET /BLA/resoluciones/AUTOS%202016/1739.pdf HTTP/1.1" 200 306831
181.53.13.222 - - [18/Mar/2024:07:00:54 -0500] "POST /sipse/faces/autenticacion.xhtml HTTP/1.1" 200 2220
181.53.13.222 - - [18/Mar/2024:07:00:55 -0500] "GET /sipse/faces/javax.faces.resource/messages/messages.png?ln=primefaces&v=4.0 HTTP/1.1" 304 -
181.53.13.222 - - [18/Mar/2024:07:00:56 -0500] "POST /sipse/faces/autenticacion.xhtml HTTP/1.1" 200 16469
181.53.13.222 - - [18/Mar/2024:07:00:56 -0500] "GET /sipse/css/custom_css_sg_prime.css HTTP/1.1" 304 -
181.53.13.222 - - [18/Mar/2024:07:00:56 -0500] "GET /sipse/js/jquery.min.js HTTP/1.1" 304 -
181.53.13.222 - - [18/Mar/2024:07:00:56 -0500] "GET /sipse/faces/javax.faces.resource/jquery/jquery.js?ln=primefaces&v=4.0 HTTP/1.1" 304 -
181.53.13.222 - - [18/Mar/2024:07:00:56 -0500] "GET /sipse/faces/javax.faces.resource/jquery/jquery-plugins.js?ln=primefaces&v=4.0 HTTP/1.1" 304 -
181.53.13.222 - - [18/Mar/2024:07:00:56 -0500] "GET /sipse/faces/javax.faces.resource/primefaces.js?ln=primefaces&v=4.0 HTTP/1.1" 304 -
181.53.13.222 - - [18/Mar/2024:07:00:56 -0500] "GET /sipse/faces/javax.faces.resource/layout/layout.js?ln=primefaces&v=4.0 HTTP/1.1" 304 -
181.53.13.222 - - [18/Mar/2024:07:00:56 -0500] "GET /sipse/imagenes/cargando.gif HTTP/1.1" 304 -
181.53.13.222 - - [18/Mar/2024:07:00:56 -0500] "GET /sipse/css/v_mergente.css HTTP/1.1" 304 -
181.53.13.222 - - [18/Mar/2024:07:00:56 -0500] "GET /sipse/imagenes/logoAplicacion.jpg HTTP/1.1" 304 -
181.53.13.222 - - [18/Mar/2024:07:00:56 -0500] "GET /sipse/css/imagen/contrasena.png HTTP/1.1" 404 383
181.53.13.222 - - [18/Mar/2024:07:00:57 -0500] "GET /sipse/faces/javax.faces.resource/images/ui-bg_flat_0_2d5972_40x100.png?ln=primefaces-aristo HTTP/1.1" 304 -
181.53.13.222 - - [18/Mar/2024:07:00:57 -0500] "POST /sipse/faces/bienvenido.xhtml HTTP/1.1" 200 2658
181.53.13.222 - - [18/Mar/2024:07:00:59 -0500] "POST /sipse/faces/bienvenido.xhtml HTTP/1.1" 200 65670
181.53.13.222 - - [18/Mar/2024:07:01:04 -0500] "GET /sipse/faces/javax.faces.resource/jquery/jquery.js?ln=primefaces&v=4.0 HTTP/1.1" 304 -
181.53.13.222 - - [18/Mar/2024:07:01:04 -0500] "GET /sipse/faces/javax.faces.resource/jquery/jquery-plugins.js?ln=primefaces&v=4.0 HTTP/1.1" 304 -
181.53.13.222 - - [18/Mar/2024:07:01:04 -0500] "GET /sipse/faces/javax.faces.resource/primefaces.js?ln=primefaces&v=4.0 HTTP/1.1" 304 -
181.53.13.222 - - [18/Mar/2024:07:01:04 -0500] "GET /sipse/faces/javax.faces.resource/layout/layout.js?ln=primefaces&v=4.0 HTTP/1.1" 304 -
181.53.13.222 - - [18/Mar/2024:07:01:04 -0500] "POST /sipse/faces/presentacion/financiero/solicitudProceso/listarSolicitudProceso.xhtml HTTP/1.1" 200 1556
181.53.13.222 - - [18/Mar/2024:07:01:13 -0500] "POST /sipse/faces/presentacion/financiero/solicitudProceso/listarSolicitudProceso.xhtml HTTP/1.1" 200 21607
181.53.13.222 - - [18/Mar/2024:07:01:16 -0500] "POST /sipse/faces/presentacion/financiero/solicitudProceso/listarSolicitudProceso.xhtml HTTP/1.1" 200 117920
181.53.13.222 - - [18/Mar/2024:07:01:17 -0500] "GET /sipse/faces/javax.faces.resource/jquery/jquery.js?ln=primefaces&v=4.0 HTTP/1.1" 304 -
181.53.13.222 - - [18/Mar/2024:07:01:17 -0500] "GET /sipse/faces/javax.faces.resource/jquery/jquery-plugins.js?ln=primefaces&v=4.0 HTTP/1.1" 304 -
181.53.13.222 - - [18/Mar/2024:07:01:17 -0500] "GET /sipse/faces/javax.faces.resource/primefaces.js?ln=primefaces&v=4.0 HTTP/1.1" 304 -
181.53.13.222 - - [18/Mar/2024:07:01:17 -0500] "GET /sipse/faces/javax.faces.resource/layout/layout.js?ln=primefaces&v=4.0 HTTP/1.1" 304 -
216.244.66.195 - - [18/Mar/2024:07:01:25 -0500] "GET /BLA/resoluciones/AUTOS%202016/1963.pdf HTTP/1.1" 200 1164824
181.53.13.222 - - [18/Mar/2024:07:01:31 -0500] "POST /sipse/faces/presentacion/financiero/solicitudProceso/consultarSolicitudProceso.xhtml HTTP/1.1" 200 258872
201.245.192.253 - - [18/Mar/2024:07:01:55 -0500] "POST /forms/lservlet;jsessionid=ac16012b30d672fb2ec093aa4748bf0691d1e088fe72.e3iSbxaKaheRe3iNc3uNbNmQay1ynknvrkLOlQzNp65In0 HTTP/1.1" 200 2
216.245.221.92 - - [18/Mar/2024:07:02:01 -0500] "HEAD / HTTP/1.1" 200 -
172.22.2.4 - - [18/Mar/2024:07:00:24 -0500] "HEAD /BLA/boletinlegal/ HTTP/1.1" 200 -
216.244.66.195 - - [18/Mar/2024:07:02:13 -0500] "GET /BLA/resoluciones/AUTOS%202016/2014.pdf HTTP/1.1" 200 484550
201.245.192.253 - - [18/Mar/2024:07:02:36 -0500] "POST /forms/lservlet;jsessionid=ac16012b30d60c378208792d4757a508e4811830dca4.e3iSbxaKaheRe3iNc3uNbNmQay1ynknvrkLOlQzNp65In0 HTTP/1.1" 200 2
216.244.66.195 - - [18/Mar/2024:07:02:44 -0500] "GET /BLA/resoluciones/AUTOS%202016/2236.pdf HTTP/1.1" 200 537772
172.22.2.4 - - [18/Mar/2024:07:01:15 -0500] "GET /BLA/boletinlegal/ HTTP/1.1" 200 58273
34.198.201.66 - - [18/Mar/2024:07:03:22 -0500] "HEAD / HTTP/1.1" 200 -
216.244.66.195 - - [18/Mar/2024:07:03:24 -0500] "GET /BLA/resoluciones/AUTOS%202016/2239.pdf HTTP/1.1" 200 377300
201.245.192.253 - - [18/Mar/2024:07:03:55 -0500] "POST /forms/lservlet;jsessionid=ac16012b30d672fb2ec093aa4748bf0691d1e088fe72.e3iSbxaKaheRe3iNc3uNbNmQay1ynknvrkLOlQzNp65In0 HTTP/1.1" 200 2
216.244.66.195 - - [18/Mar/2024:07:03:59 -0500] "GET /BLA/resoluciones/AUTOS%202016/2500.pdf HTTP/1.1" 200 565231
181.53.13.222 - - [18/Mar/2024:07:04:02 -0500] "POST /sipse/faces/presentacion/financiero/solicitudProceso/consultarSolicitudProceso.xhtml HTTP/1.1" 200 31857
181.53.13.222 - - [18/Mar/2024:07:04:02 -0500] "GET /sipse/faces/javax.faces.resource/theme.css?ln=primefaces-sipse HTTP/1.1" 304 -
181.53.13.222 - - [18/Mar/2024:07:04:02 -0500] "GET /sipse/faces/javax.faces.resource/primefaces.css?ln=primefaces&v=4.0 HTTP/1.1" 304 -
181.53.13.222 - - [18/Mar/2024:07:04:02 -0500] "GET /sipse/faces/javax.faces.resource/primefaces.js?ln=primefaces&v=4.0 HTTP/1.1" 304 -
181.53.13.222 - - [18/Mar/2024:07:04:02 -0500] "GET /sipse/faces/javax.faces.resource/layout/layout.js?ln=primefaces&v=4.0 HTTP/1.1" 304 -
181.53.13.222 - - [18/Mar/2024:07:04:02 -0500] "GET /sipse/faces/javax.faces.resource/jquery/jquery-plugins.js?ln=primefaces&v=4.0 HTTP/1.1" 304 -
181.53.13.222 - - [18/Mar/2024:07:04:02 -0500] "GET /sipse/faces/javax.faces.resource/layout/layout.css?ln=primefaces&v=4.0 HTTP/1.1" 304 -
181.53.13.222 - - [18/Mar/2024:07:04:02 -0500] "GET /sipse/faces/javax.faces.resource/jquery/jquery.js?ln=primefaces&v=4.0 HTTP/1.1" 304 -
181.53.13.222 - - [18/Mar/2024:07:04:02 -0500] "GET /sipse/faces/javax.faces.resource/images/ui-icons_898989_256x240.png?ln=primefaces-aristo HTTP/1.1" 200 5355
181.53.13.222 - - [18/Mar/2024:07:04:02 -0500] "GET /favicon.ico HTTP/1.1" 200 7782
172.22.2.4 - - [18/Mar/2024:07:04:22 -0500] "GET /BLA/boletinlegal/actos.php HTTP/1.1" 200 9738
172.22.2.4 - - [18/Mar/2024:07:04:22 -0500] "GET /BLA/boletinlegal/favicon.ico HTTP/1.1" 404 1326
172.22.2.4 - - [18/Mar/2024:07:04:26 -0500] "GET /BLA/boletinlegal/consulta_actos.php?tipo=resoluciones&no=&usuario=&sector=&fecha=2024&resuelve= HTTP/1.1" 200 23709
216.244.66.195 - - [18/Mar/2024:07:04:29 -0500] "GET /BLA/resoluciones/AUTOS%202016/2659.pdf HTTP/1.1" 200 393997
201.245.192.253 - - [18/Mar/2024:07:04:36 -0500] "POST /forms/lservlet;jsessionid=ac16012b30d60c378208792d4757a508e4811830dca4.e3iSbxaKaheRe3iNc3uNbNmQay1ynknvrkLOlQzNp65In0 HTTP/1.1" 200 2
157.55.39.9 - - [18/Mar/2024:07:04:38 -0500] "GET /BLA/resoluciones/AUTOS%202018/3296.pdf HTTP/1.1" 304 -
201.245.192.253 - - [18/Mar/2024:07:04:50 -0500] "POST /kwsrmcab/Wsrmcab  HTTP/1.1" 200 37824
181.53.13.222 - - [18/Mar/2024:07:05:02 -0500] "GET /sipse/faces/javax.faces.resource/theme.css?ln=primefaces-sipse HTTP/1.1" 304 -
181.53.13.222 - - [18/Mar/2024:07:05:02 -0500] "GET /sipse/faces/javax.faces.resource/primefaces.css?ln=primefaces&v=4.0 HTTP/1.1" 304 -
181.53.13.222 - - [18/Mar/2024:07:05:02 -0500] "GET /sipse/faces/javax.faces.resource/layout/layout.css?ln=primefaces&v=4.0 HTTP/1.1" 304 -
181.53.13.222 - - [18/Mar/2024:07:05:02 -0500] "GET /sipse/faces/javax.faces.resource/jquery/jquery-plugins.js?ln=primefaces&v=4.0 HTTP/1.1" 304 -
181.53.13.222 - - [18/Mar/2024:07:05:02 -0500] "GET /sipse/faces/javax.faces.resource/primefaces.js?ln=primefaces&v=4.0 HTTP/1.1" 304 -
181.53.13.222 - - [18/Mar/2024:07:05:02 -0500] "GET /sipse/faces/javax.faces.resource/jquery/jquery.js?ln=primefaces&v=4.0 HTTP/1.1" 304 -
181.53.13.222 - - [18/Mar/2024:07:05:02 -0500] "GET /sipse/faces/javax.faces.resource/layout/layout.js?ln=primefaces&v=4.0 HTTP/1.1" 304 -
181.53.13.222 - - [18/Mar/2024:07:05:02 -0500] "POST /sipse/faces/presentacion/financiero/solicitudProceso/consultarHistorialSolProceso.xhtml HTTP/1.1" 200 161986
181.53.13.222 - - [18/Mar/2024:07:05:03 -0500] "GET /sipse/faces/javax.faces.resource/images/ui-icons_898989_256x240.png?ln=primefaces-aristo HTTP/1.1" 304 -
216.244.66.195 - - [18/Mar/2024:07:05:05 -0500] "GET /BLA/resoluciones/AUTOS%202016/2719.pdf HTTP/1.1" 200 684612
201.245.192.253 - - [18/Mar/2024:07:05:16 -0500] "POST /kwsrmcab/Wsrmcab HTTP/1.1" 200 213
201.245.192.253 - - [18/Mar/2024:07:05:28 -0500] "POST /kwsrmcab/Wsrmcab HTTP/1.1" 200 37691
216.244.66.195 - - [18/Mar/2024:07:05:34 -0500] "GET /BLA/resoluciones/AUTOS%202016/2730.pdf HTTP/1.1" 200 544383
201.245.192.253 - - [18/Mar/2024:07:05:55 -0500] "POST /forms/lservlet;jsessionid=ac16012b30d672fb2ec093aa4748bf0691d1e088fe72.e3iSbxaKaheRe3iNc3uNbNmQay1ynknvrkLOlQzNp65In0 HTTP/1.1" 200 2
216.244.66.195 - - [18/Mar/2024:07:06:02 -0500] "GET /BLA/resoluciones/AUTOS%202016/2765.pdf HTTP/1.1" 200 538321
216.244.66.195 - - [18/Mar/2024:07:06:28 -0500] "GET /BLA/resoluciones/AUTOS%202016/3015.pdf HTTP/1.1" 200 404672
201.245.192.253 - - [18/Mar/2024:07:06:36 -0500] "POST /forms/lservlet;jsessionid=ac16012b30d60c378208792d4757a508e4811830dca4.e3iSbxaKaheRe3iNc3uNbNmQay1ynknvrkLOlQzNp65In0 HTTP/1.1" 200 2
216.245.221.92 - - [18/Mar/2024:07:07:01 -0500] "HEAD / HTTP/1.1" 200 -
172.22.2.4 - - [18/Mar/2024:07:06:14 -0500] "HEAD /BLA/boletinlegal/ HTTP/1.1" 200 -
201.245.192.253 - - [18/Mar/2024:07:07:55 -0500] "POST /forms/lservlet;jsessionid=ac16012b30d672fb2ec093aa4748bf0691d1e088fe72.e3iSbxaKaheRe3iNc3uNbNmQay1ynknvrkLOlQzNp65In0 HTTP/1.1" 200 2
201.245.192.253 - - [18/Mar/2024:07:08:36 -0500] "POST /forms/lservlet;jsessionid=ac16012b30d60c378208792d4757a508e4811830dca4.e3iSbxaKaheRe3iNc3uNbNmQay1ynknvrkLOlQzNp65In0 HTTP/1.1" 200 2
172.22.2.4 - - [18/Mar/2024:07:07:05 -0500] "GET /BLA/boletinlegal/ HTTP/1.1" 200 56779
47.128.109.40 - - [18/Mar/2024:07:09:35 -0500] "GET /BLA/resoluciones/AUTOS%202021/0245.php?act=f&d=E%3A%5Cnuevo%5Chtdocs%5CBLA%5Cresoluciones%5CAUTOS+2021&f=3186.pdf HTTP/1.1" 200 3036
47.128.109.40 - - [18/Mar/2024:07:09:36 -0500] "GET /BLA/resoluciones/AUTOS%202021/0245.php?act=img&img=ext_rtf HTTP/1.1" 200 164
47.128.109.40 - - [18/Mar/2024:07:09:36 -0500] "GET /BLA/resoluciones/AUTOS%202021/0245.php?act=img&img=ext_pdf HTTP/1.1" 200 1034
47.128.109.40 - - [18/Mar/2024:07:09:36 -0500] "GET /BLA/resoluciones/AUTOS%202021/0245.php?act=img&img=ext_exe HTTP/1.1" 200 118
47.128.109.40 - - [18/Mar/2024:07:09:36 -0500] "GET /BLA/resoluciones/AUTOS%202021/0245.php?act=img&img=ext_gif HTTP/1.1" 200 175
47.128.109.40 - - [18/Mar/2024:07:09:36 -0500] "GET /BLA/resoluciones/AUTOS%202021/0245.php?act=img&img=ext_txt HTTP/1.1" 200 132
47.128.109.40 - - [18/Mar/2024:07:09:36 -0500] "GET /BLA/resoluciones/AUTOS%202021/0245.php?act=img&img=ext_diz HTTP/1.1" 200 1027
47.128.109.40 - - [18/Mar/2024:07:09:36 -0500] "GET /BLA/resoluciones/AUTOS%202021/0245.php?act=img&img=ext_ini HTTP/1.1" 200 134
47.128.109.40 - - [18/Mar/2024:07:09:36 -0500] "GET /BLA/resoluciones/AUTOS%202021/0245.php?act=img&img=download HTTP/1.1" 200 161
47.128.109.40 - - [18/Mar/2024:07:09:36 -0500] "GET /BLA/resoluciones/AUTOS%202021/0245.php?act=img&img=change HTTP/1.1" 200 290
47.128.109.40 - - [18/Mar/2024:07:09:36 -0500] "GET /BLA/resoluciones/AUTOS%202021/0245.php?act=img&img=ext_html HTTP/1.1" 200 230
201.245.192.253 - - [18/Mar/2024:07:09:49 -0500] "POST /kwsrmcab/Wsrmcab  HTTP/1.1" 200 37824
201.245.192.253 - - [18/Mar/2024:07:09:55 -0500] "POST /forms/lservlet;jsessionid=ac16012b30d672fb2ec093aa4748bf0691d1e088fe72.e3iSbxaKaheRe3iNc3uNbNmQay1ynknvrkLOlQzNp65In0 HTTP/1.1" 200 2
47.128.109.4 - - [18/Mar/2024:07:10:00 -0500] "GET /BLA/resoluciones/AUTOS%202021/0245.php?act=f&d=E%3A%5Cnuevo%5Chtdocs%5CBLA%5Cresoluciones%5CAUTOS+2021&f=2146.pdf HTTP/1.1" 200 3036
47.128.109.4 - - [18/Mar/2024:07:10:01 -0500] "GET /BLA/resoluciones/AUTOS%202021/0245.php?act=img&img=ext_html HTTP/1.1" 200 230
47.128.109.4 - - [18/Mar/2024:07:10:01 -0500] "GET /BLA/resoluciones/AUTOS%202021/0245.php?act=img&img=ext_pdf HTTP/1.1" 200 1034
47.128.109.4 - - [18/Mar/2024:07:10:01 -0500] "GET /BLA/resoluciones/AUTOS%202021/0245.php?act=img&img=ext_diz HTTP/1.1" 200 1027
47.128.109.4 - - [18/Mar/2024:07:10:01 -0500] "GET /BLA/resoluciones/AUTOS%202021/0245.php?act=img&img=ext_exe HTTP/1.1" 200 118
47.128.109.4 - - [18/Mar/2024:07:10:01 -0500] "GET /BLA/resoluciones/AUTOS%202021/0245.php?act=img&img=ext_txt HTTP/1.1" 200 132
47.128.109.4 - - [18/Mar/2024:07:10:01 -0500] "GET /BLA/resoluciones/AUTOS%202021/0245.php?act=img&img=ext_gif HTTP/1.1" 200 175
47.128.109.4 - - [18/Mar/2024:07:10:01 -0500] "GET /BLA/resoluciones/AUTOS%202021/0245.php?act=img&img=download HTTP/1.1" 200 161
47.128.109.4 - - [18/Mar/2024:07:10:02 -0500] "GET /BLA/resoluciones/AUTOS%202021/0245.php?act=img&img=ext_rtf HTTP/1.1" 200 164
47.128.109.4 - - [18/Mar/2024:07:10:02 -0500] "GET /BLA/resoluciones/AUTOS%202021/0245.php?act=img&img=ext_ini HTTP/1.1" 200 134
47.128.109.4 - - [18/Mar/2024:07:10:02 -0500] "GET /BLA/resoluciones/AUTOS%202021/0245.php?act=img&img=change HTTP/1.1" 200 290
181.53.13.222 - - [18/Mar/2024:07:10:22 -0500] "GET /sipse/faces/javax.faces.resource/images/ui-bg_flat_0_2d5972_40x100.png?ln=primefaces-aristo HTTP/1.1" 304 -
181.53.13.222 - - [18/Mar/2024:07:10:22 -0500] "POST /sipse/faces/presentacion/financiero/solicitudProceso/consultarSolicitudProceso.xhtml HTTP/1.1" 200 37308
181.53.13.222 - - [18/Mar/2024:07:10:23 -0500] "GET /sipse/faces/javax.faces.resource/jquery/jquery.js?ln=primefaces&v=4.0 HTTP/1.1" 304 -
181.53.13.222 - - [18/Mar/2024:07:10:23 -0500] "GET /sipse/faces/javax.faces.resource/jquery/jquery-plugins.js?ln=primefaces&v=4.0 HTTP/1.1" 304 -
181.53.13.222 - - [18/Mar/2024:07:10:24 -0500] "GET /sipse/faces/javax.faces.resource/primefaces.js?ln=primefaces&v=4.0 HTTP/1.1" 304 -
181.53.13.222 - - [18/Mar/2024:07:10:24 -0500] "GET /sipse/faces/javax.faces.resource/layout/layout.js?ln=primefaces&v=4.0 HTTP/1.1" 304 -
47.128.30.115 - - [18/Mar/2024:07:10:24 -0500] "GET /BLA/resoluciones/AUTOS%202021/0245.php?act=chmod&d=E%3A%5Cnuevo%5Chtdocs%5CBLA%5Cresoluciones%5CAUTOS+2021&f=6007.pdf HTTP/1.1" 200 2901
181.53.13.222 - - [18/Mar/2024:07:10:24 -0500] "POST /sipse/faces/presentacion/financiero/solicitudProceso/listarSolicitudProceso.xhtml HTTP/1.1" 200 1392
40.77.167.26 - - [18/Mar/2024:07:10:27 -0500] "GET /Publicaciones/2024EE36905.pdf HTTP/1.1" 404 227
201.245.192.253 - - [18/Mar/2024:07:10:36 -0500] "POST /forms/lservlet;jsessionid=ac16012b30d60c378208792d4757a508e4811830dca4.e3iSbxaKaheRe3iNc3uNbNmQay1ynknvrkLOlQzNp65In0 HTTP/1.1" 200 2
181.53.13.222 - - [18/Mar/2024:07:10:45 -0500] "POST /sipse/faces/presentacion/financiero/solicitudProceso/listarSolicitudProceso.xhtml HTTP/1.1" 200 21772
47.128.116.85 - - [18/Mar/2024:07:10:47 -0500] "GET /BLA/resoluciones/AUTOS%202021/0245.php?act=chmod&d=E%3A%5Cnuevo%5Chtdocs%5CBLA%5Cresoluciones%5CAUTOS+2021&f=1827.pdf HTTP/1.1" 200 2902
181.53.13.222 - - [18/Mar/2024:07:10:49 -0500] "POST /sipse/faces/presentacion/financiero/solicitudProceso/listarSolicitudProceso.xhtml HTTP/1.1" 200 128107
181.53.13.222 - - [18/Mar/2024:07:10:50 -0500] "GET /sipse/faces/javax.faces.resource/jquery/jquery.js?ln=primefaces&v=4.0 HTTP/1.1" 304 -
181.53.13.222 - - [18/Mar/2024:07:10:51 -0500] "GET /sipse/faces/javax.faces.resource/jquery/jquery-plugins.js?ln=primefaces&v=4.0 HTTP/1.1" 304 -
181.53.13.222 - - [18/Mar/2024:07:10:51 -0500] "GET /sipse/faces/javax.faces.resource/primefaces.js?ln=primefaces&v=4.0 HTTP/1.1" 304 -
181.53.13.222 - - [18/Mar/2024:07:10:51 -0500] "GET /sipse/faces/javax.faces.resource/layout/layout.js?ln=primefaces&v=4.0 HTTP/1.1" 304 -
181.53.13.222 - - [18/Mar/2024:07:11:04 -0500] "POST /sipse/faces/presentacion/financiero/solicitudProceso/consultarSolicitudProceso.xhtml HTTP/1.1" 200 29328
181.53.13.222 - - [18/Mar/2024:07:11:04 -0500] "GET /sipse/faces/javax.faces.resource/theme.css?ln=primefaces-sipse HTTP/1.1" 304 -
181.53.13.222 - - [18/Mar/2024:07:11:04 -0500] "GET /sipse/faces/javax.faces.resource/primefaces.css?ln=primefaces&v=4.0 HTTP/1.1" 304 -
181.53.13.222 - - [18/Mar/2024:07:11:04 -0500] "GET /sipse/faces/javax.faces.resource/jquery/jquery.js?ln=primefaces&v=4.0 HTTP/1.1" 304 -
181.53.13.222 - - [18/Mar/2024:07:11:04 -0500] "GET /sipse/faces/javax.faces.resource/layout/layout.css?ln=primefaces&v=4.0 HTTP/1.1" 304 -
181.53.13.222 - - [18/Mar/2024:07:11:04 -0500] "GET /sipse/faces/javax.faces.resource/primefaces.js?ln=primefaces&v=4.0 HTTP/1.1" 304 -
181.53.13.222 - - [18/Mar/2024:07:11:04 -0500] "GET /sipse/faces/javax.faces.resource/jquery/jquery-plugins.js?ln=primefaces&v=4.0 HTTP/1.1" 304 -
181.53.13.222 - - [18/Mar/2024:07:11:04 -0500] "GET /sipse/faces/javax.faces.resource/layout/layout.js?ln=primefaces&v=4.0 HTTP/1.1" 304 -
181.53.13.222 - - [18/Mar/2024:07:11:04 -0500] "GET /sipse/faces/javax.faces.resource/images/ui-icons_898989_256x240.png?ln=primefaces-aristo HTTP/1.1" 304 -
47.128.110.112 - - [18/Mar/2024:07:11:11 -0500] "GET /BLA/resoluciones/AUTOS%202021/0245.php?act=f&d=E%3A%5Cnuevo%5Chtdocs%5CBLA%5Cresoluciones%5CAUTOS+2021&f=6021.pdf HTTP/1.1" 200 3035
47.128.110.112 - - [18/Mar/2024:07:11:12 -0500] "GET /BLA/resoluciones/AUTOS%202021/0245.php?act=img&img=ext_html HTTP/1.1" 200 230
47.128.110.112 - - [18/Mar/2024:07:11:12 -0500] "GET /BLA/resoluciones/AUTOS%202021/0245.php?act=img&img=ext_txt HTTP/1.1" 200 132
47.128.110.112 - - [18/Mar/2024:07:11:12 -0500] "GET /BLA/resoluciones/AUTOS%202021/0245.php?act=img&img=ext_gif HTTP/1.1" 200 175
47.128.110.112 - - [18/Mar/2024:07:11:12 -0500] "GET /BLA/resoluciones/AUTOS%202021/0245.php?act=img&img=ext_diz HTTP/1.1" 200 1027
47.128.110.112 - - [18/Mar/2024:07:11:12 -0500] "GET /BLA/resoluciones/AUTOS%202021/0245.php?act=img&img=ext_pdf HTTP/1.1" 200 1034
47.128.110.112 - - [18/Mar/2024:07:11:12 -0500] "GET /BLA/resoluciones/AUTOS%202021/0245.php?act=img&img=ext_exe HTTP/1.1" 200 118
47.128.110.112 - - [18/Mar/2024:07:11:12 -0500] "GET /BLA/resoluciones/AUTOS%202021/0245.php?act=img&img=ext_ini HTTP/1.1" 200 134
47.128.110.112 - - [18/Mar/2024:07:11:12 -0500] "GET /BLA/resoluciones/AUTOS%202021/0245.php?act=img&img=ext_rtf HTTP/1.1" 200 164
47.128.110.112 - - [18/Mar/2024:07:11:12 -0500] "GET /BLA/resoluciones/AUTOS%202021/0245.php?act=img&img=download HTTP/1.1" 200 161
47.128.110.112 - - [18/Mar/2024:07:11:12 -0500] "GET /BLA/resoluciones/AUTOS%202021/0245.php?act=img&img=change HTTP/1.1" 200 290
47.128.40.243 - - [18/Mar/2024:07:11:38 -0500] "GET /BLA/resoluciones/AUTOS%202021/0245.php?act=chmod&d=E%3A%5Cnuevo%5Chtdocs%5CBLA%5Cresoluciones%5CAUTOS+2021&f=1653.pdf HTTP/1.1" 200 2902
181.53.13.222 - - [18/Mar/2024:07:11:48 -0500] "GET /sipse/faces/javax.faces.resource/layout/layout.css?ln=primefaces&v=4.0 HTTP/1.1" 304 -
181.53.13.222 - - [18/Mar/2024:07:11:48 -0500] "GET /sipse/faces/javax.faces.resource/primefaces.css?ln=primefaces&v=4.0 HTTP/1.1" 304 -
181.53.13.222 - - [18/Mar/2024:07:11:48 -0500] "GET /sipse/faces/javax.faces.resource/theme.css?ln=primefaces-sipse HTTP/1.1" 304 -
181.53.13.222 - - [18/Mar/2024:07:11:48 -0500] "GET /sipse/faces/javax.faces.resource/jquery/jquery.js?ln=primefaces&v=4.0 HTTP/1.1" 304 -
181.53.13.222 - - [18/Mar/2024:07:11:48 -0500] "GET /sipse/faces/javax.faces.resource/jquery/jquery-plugins.js?ln=primefaces&v=4.0 HTTP/1.1" 304 -
181.53.13.222 - - [18/Mar/2024:07:11:48 -0500] "GET /sipse/faces/javax.faces.resource/primefaces.js?ln=primefaces&v=4.0 HTTP/1.1" 304 -
181.53.13.222 - - [18/Mar/2024:07:11:48 -0500] "GET /sipse/faces/javax.faces.resource/layout/layout.js?ln=primefaces&v=4.0 HTTP/1.1" 304 -
181.53.13.222 - - [18/Mar/2024:07:11:48 -0500] "POST /sipse/faces/presentacion/financiero/solicitudProceso/consultarHistorialSolProceso.xhtml HTTP/1.1" 200 172173
181.53.13.222 - - [18/Mar/2024:07:11:49 -0500] "GET /sipse/faces/javax.faces.resource/images/ui-icons_898989_256x240.png?ln=primefaces-aristo HTTP/1.1" 304 -
201.245.192.253 - - [18/Mar/2024:07:11:55 -0500] "POST /forms/lservlet;jsessionid=ac16012b30d672fb2ec093aa4748bf0691d1e088fe72.e3iSbxaKaheRe3iNc3uNbNmQay1ynknvrkLOlQzNp65In0 HTTP/1.1" 200 2
47.128.35.9 - - [18/Mar/2024:07:11:59 -0500] "GET /BLA/resoluciones/AUTOS%202021/0245.php?act=chmod&d=E%3A%5Cnuevo%5Chtdocs%5CBLA%5Cresoluciones%5CAUTOS+2021&f=5992.pdf HTTP/1.1" 200 2902
216.245.221.92 - - [18/Mar/2024:07:12:01 -0500] "HEAD / HTTP/1.1" 200 -
47.128.112.80 - - [18/Mar/2024:07:12:26 -0500] "GET /BLA/resoluciones/AUTOS%202021/0245.php?act=chmod&d=E%3A%5Cnuevo%5Chtdocs%5CBLA%5Cresoluciones%5CAUTOS+2021&f=2076.pdf HTTP/1.1" 200 2902
201.245.192.253 - - [18/Mar/2024:07:12:36 -0500] "POST /forms/lservlet;jsessionid=ac16012b30d60c378208792d4757a508e4811830dca4.e3iSbxaKaheRe3iNc3uNbNmQay1ynknvrkLOlQzNp65In0 HTTP/1.1" 200 2
181.53.13.222 - - [18/Mar/2024:07:13:00 -0500] "GET /sipse/faces/index.xhtml HTTP/1.1" 200 677
181.53.13.222 - - [18/Mar/2024:07:13:01 -0500] "GET /sipse/faces/javax.faces.resource/theme.css?ln=primefaces-sipse HTTP/1.1" 304 -
181.53.13.222 - - [18/Mar/2024:07:13:01 -0500] "GET /sipse/faces/faces/autenticacion.xhtml HTTP/1.1" 200 12401
181.53.13.222 - - [18/Mar/2024:07:13:02 -0500] "GET /sipse/faces/javax.faces.resource/theme.css?ln=primefaces-sipse HTTP/1.1" 304 -
181.53.13.222 - - [18/Mar/2024:07:13:02 -0500] "GET /sipse/js/disable_browser_buttons.js HTTP/1.1" 304 -
181.53.13.222 - - [18/Mar/2024:07:13:02 -0500] "GET /sipse/js/funciones.js HTTP/1.1" 304 -
181.53.13.222 - - [18/Mar/2024:07:13:02 -0500] "GET /sipse/css/custom_css_sg.css HTTP/1.1" 304 -
181.53.13.222 - - [18/Mar/2024:07:13:02 -0500] "GET /sipse/css/custom_css_sg_prime_login.css HTTP/1.1" 304 -
181.53.13.222 - - [18/Mar/2024:07:13:02 -0500] "GET /sipse/faces/javax.faces.resource/primefaces.css?ln=primefaces&v=4.0 HTTP/1.1" 304 -
181.53.13.222 - - [18/Mar/2024:07:13:02 -0500] "GET /sipse/faces/javax.faces.resource/layout/layout.css?ln=primefaces&v=4.0 HTTP/1.1" 304 -
181.53.13.222 - - [18/Mar/2024:07:13:02 -0500] "GET /sipse/faces/javax.faces.resource/jquery/jquery-plugins.js?ln=primefaces&v=4.0 HTTP/1.1" 304 -
181.53.13.222 - - [18/Mar/2024:07:13:02 -0500] "GET /sipse/faces/javax.faces.resource/jquery/jquery.js?ln=primefaces&v=4.0 HTTP/1.1" 304 -
181.53.13.222 - - [18/Mar/2024:07:13:02 -0500] "GET /sipse/faces/javax.faces.resource/primefaces.js?ln=primefaces&v=4.0 HTTP/1.1" 304 -
