47.128.121.174 - - [18/Mar/2024:01:00:09 -0500] "GET /BLA/resoluciones/AUTOS%202021/0245.php?act=img&img=ext_ini HTTP/1.1" 200 134
52.70.240.171 - - [18/Mar/2024:01:00:19 -0500] "GET /robots.txt HTTP/1.1" 404 1018
172.22.2.4 - - [18/Mar/2024:00:58:45 -0500] "HEAD /BLA/boletinlegal/ HTTP/1.1" 200 -
47.128.121.16 - - [18/Mar/2024:01:00:34 -0500] "GET /robots.txt HTTP/1.1" 404 1018
201.245.192.253 - - [18/Mar/2024:01:00:35 -0500] "POST /forms/lservlet;jsessionid=ac16012b30d60c378208792d4757a508e4811830dca4.e3iSbxaKaheRe3iNc3uNbNmQay1ynknvrkLOlQzNp65In0 HTTP/1.1" 200 2
159.223.41.7 - - [18/Mar/2024:01:01:02 -0500] "GET /robots.txt HTTP/1.1" 404 1018
172.22.2.4 - - [18/Mar/2024:00:59:34 -0500] "HEAD /BLA/boletinlegal/ HTTP/1.1" 200 -
172.22.2.4 - - [18/Mar/2024:00:59:36 -0500] "GET /BLA/boletinlegal/ HTTP/1.1" 200 46859
201.245.192.253 - - [18/Mar/2024:01:01:35 -0500] "POST /kwsrmcab/Wsrmcab  HTTP/1.1" 200 37824
201.245.192.253 - - [18/Mar/2024:01:01:54 -0500] "POST /forms/lservlet;jsessionid=ac16012b30d672fb2ec093aa4748bf0691d1e088fe72.e3iSbxaKaheRe3iNc3uNbNmQay1ynknvrkLOlQzNp65In0 HTTP/1.1" 200 2
172.22.2.4 - - [18/Mar/2024:01:00:16 -0500] "GET /BLA/boletinlegal/ HTTP/1.1" 200 55823
216.245.221.92 - - [18/Mar/2024:01:02:02 -0500] "HEAD / HTTP/1.1" 200 -
201.245.192.253 - - [18/Mar/2024:01:02:35 -0500] "POST /forms/lservlet;jsessionid=ac16012b30d60c378208792d4757a508e4811830dca4.e3iSbxaKaheRe3iNc3uNbNmQay1ynknvrkLOlQzNp65In0 HTTP/1.1" 200 2
201.245.192.253 - - [18/Mar/2024:01:03:54 -0500] "POST /forms/lservlet;jsessionid=ac16012b30d672fb2ec093aa4748bf0691d1e088fe72.e3iSbxaKaheRe3iNc3uNbNmQay1ynknvrkLOlQzNp65In0 HTTP/1.1" 200 2
201.245.192.253 - - [18/Mar/2024:01:04:35 -0500] "POST /forms/lservlet;jsessionid=ac16012b30d60c378208792d4757a508e4811830dca4.e3iSbxaKaheRe3iNc3uNbNmQay1ynknvrkLOlQzNp65In0 HTTP/1.1" 200 2
201.245.192.253 - - [18/Mar/2024:01:05:54 -0500] "POST /forms/lservlet;jsessionid=ac16012b30d672fb2ec093aa4748bf0691d1e088fe72.e3iSbxaKaheRe3iNc3uNbNmQay1ynknvrkLOlQzNp65In0 HTTP/1.1" 200 2
172.22.2.4 - - [18/Mar/2024:01:04:35 -0500] "HEAD /BLA/boletinlegal/ HTTP/1.1" 200 -
201.245.192.253 - - [18/Mar/2024:01:06:35 -0500] "POST /forms/lservlet;jsessionid=ac16012b30d60c378208792d4757a508e4811830dca4.e3iSbxaKaheRe3iNc3uNbNmQay1ynknvrkLOlQzNp65In0 HTTP/1.1" 200 2
201.245.192.253 - - [18/Mar/2024:01:06:33 -0500] "POST /kwsrmcab/Wsrmcab  HTTP/1.1" 200 37824
216.245.221.92 - - [18/Mar/2024:01:07:02 -0500] "HEAD / HTTP/1.1" 200 -
172.22.2.4 - - [18/Mar/2024:01:05:26 -0500] "GET /BLA/boletinlegal/ HTTP/1.1" 200 60380
3.224.220.101 - - [18/Mar/2024:01:07:17 -0500] "GET /BLA/resoluciones/AUTOS%20 HTTP/1.1" 404 1018
200.118.16.147 - - [18/Mar/2024:01:07:45 -0500] "POST /sipse/faces/presentacion/financiero/solicitudProceso/consultarSolicitudProceso.xhtml HTTP/1.1" 200 53899
200.118.16.147 - - [18/Mar/2024:01:07:45 -0500] "GET /sipse/faces/javax.faces.resource/theme.css?ln=primefaces-sipse HTTP/1.1" 304 -
200.118.16.147 - - [18/Mar/2024:01:07:45 -0500] "GET /sipse/faces/javax.faces.resource/jquery/jquery.js?ln=primefaces&v=4.0 HTTP/1.1" 304 -
200.118.16.147 - - [18/Mar/2024:01:07:45 -0500] "GET /sipse/faces/javax.faces.resource/primefaces.css?ln=primefaces&v=4.0 HTTP/1.1" 304 -
200.118.16.147 - - [18/Mar/2024:01:07:45 -0500] "GET /sipse/faces/javax.faces.resource/layout/layout.css?ln=primefaces&v=4.0 HTTP/1.1" 304 -
200.118.16.147 - - [18/Mar/2024:01:07:45 -0500] "GET /sipse/faces/javax.faces.resource/jquery/jquery-plugins.js?ln=primefaces&v=4.0 HTTP/1.1" 304 -
200.118.16.147 - - [18/Mar/2024:01:07:45 -0500] "GET /sipse/faces/javax.faces.resource/primefaces.js?ln=primefaces&v=4.0 HTTP/1.1" 304 -
200.118.16.147 - - [18/Mar/2024:01:07:45 -0500] "GET /sipse/faces/javax.faces.resource/layout/layout.js?ln=primefaces&v=4.0 HTTP/1.1" 304 -
200.118.16.147 - - [18/Mar/2024:01:07:45 -0500] "GET /sipse/faces/javax.faces.resource/images/ui-icons_898989_256x240.png?ln=primefaces-aristo HTTP/1.1" 304 -
200.118.16.147 - - [18/Mar/2024:01:07:45 -0500] "GET /sipse/faces/javax.faces.resource/images/ui-bg_flat_0_2d5972_40x100.png?ln=primefaces-aristo HTTP/1.1" 304 -
200.118.16.147 - - [18/Mar/2024:01:07:45 -0500] "POST /sipse/faces/presentacion/financiero/solicitudProceso/listarSolicitudProceso.xhtml HTTP/1.1" 200 1492
200.118.16.147 - - [18/Mar/2024:01:07:46 -0500] "POST /sipse/faces/presentacion/financiero/solicitudProceso/listarSolicitudProceso.xhtml HTTP/1.1" 200 1496
200.118.16.147 - - [18/Mar/2024:01:07:49 -0500] "POST /sipse/faces/presentacion/financiero/solicitudProceso/listarSolicitudProceso.xhtml HTTP/1.1" 200 142264
200.118.16.147 - - [18/Mar/2024:01:07:50 -0500] "GET /sipse/faces/javax.faces.resource/jquery/jquery.js?ln=primefaces&v=4.0 HTTP/1.1" 304 -
200.118.16.147 - - [18/Mar/2024:01:07:50 -0500] "GET /sipse/faces/javax.faces.resource/jquery/jquery-plugins.js?ln=primefaces&v=4.0 HTTP/1.1" 304 -
200.118.16.147 - - [18/Mar/2024:01:07:50 -0500] "GET /sipse/faces/javax.faces.resource/primefaces.js?ln=primefaces&v=4.0 HTTP/1.1" 304 -
200.118.16.147 - - [18/Mar/2024:01:07:50 -0500] "GET /sipse/faces/javax.faces.resource/layout/layout.js?ln=primefaces&v=4.0 HTTP/1.1" 304 -
201.245.192.253 - - [18/Mar/2024:01:07:54 -0500] "POST /forms/lservlet;jsessionid=ac16012b30d672fb2ec093aa4748bf0691d1e088fe72.e3iSbxaKaheRe3iNc3uNbNmQay1ynknvrkLOlQzNp65In0 HTTP/1.1" 200 2
201.245.192.253 - - [18/Mar/2024:01:08:35 -0500] "POST /forms/lservlet;jsessionid=ac16012b30d60c378208792d4757a508e4811830dca4.e3iSbxaKaheRe3iNc3uNbNmQay1ynknvrkLOlQzNp65In0 HTTP/1.1" 200 2
162.55.171.94 - - [18/Mar/2024:01:09:17 -0500] "GET / HTTP/1.1" 200 4720
201.245.192.253 - - [18/Mar/2024:01:09:54 -0500] "POST /forms/lservlet;jsessionid=ac16012b30d672fb2ec093aa4748bf0691d1e088fe72.e3iSbxaKaheRe3iNc3uNbNmQay1ynknvrkLOlQzNp65In0 HTTP/1.1" 200 2
201.245.192.253 - - [18/Mar/2024:01:10:35 -0500] "POST /forms/lservlet;jsessionid=ac16012b30d60c378208792d4757a508e4811830dca4.e3iSbxaKaheRe3iNc3uNbNmQay1ynknvrkLOlQzNp65In0 HTTP/1.1" 200 2
201.245.192.253 - - [18/Mar/2024:01:11:31 -0500] "POST /kwsrmcab/Wsrmcab  HTTP/1.1" 200 37824
201.245.192.253 - - [18/Mar/2024:01:11:54 -0500] "POST /forms/lservlet;jsessionid=ac16012b30d672fb2ec093aa4748bf0691d1e088fe72.e3iSbxaKaheRe3iNc3uNbNmQay1ynknvrkLOlQzNp65In0 HTTP/1.1" 200 2
216.245.221.92 - - [18/Mar/2024:01:12:02 -0500] "HEAD / HTTP/1.1" 200 -
200.118.16.147 - - [18/Mar/2024:01:12:03 -0500] "POST /sipse/faces/presentacion/financiero/solicitudProceso/consultarSolicitudProceso.xhtml HTTP/1.1" 200 53899
200.118.16.147 - - [18/Mar/2024:01:12:04 -0500] "GET /sipse/faces/javax.faces.resource/theme.css?ln=primefaces-sipse HTTP/1.1" 304 -
200.118.16.147 - - [18/Mar/2024:01:12:04 -0500] "GET /sipse/faces/javax.faces.resource/layout/layout.js?ln=primefaces&v=4.0 HTTP/1.1" 304 -
200.118.16.147 - - [18/Mar/2024:01:12:04 -0500] "GET /sipse/faces/javax.faces.resource/jquery/jquery.js?ln=primefaces&v=4.0 HTTP/1.1" 304 -
200.118.16.147 - - [18/Mar/2024:01:12:04 -0500] "GET /sipse/faces/javax.faces.resource/primefaces.css?ln=primefaces&v=4.0 HTTP/1.1" 304 -
200.118.16.147 - - [18/Mar/2024:01:12:04 -0500] "GET /sipse/faces/javax.faces.resource/primefaces.js?ln=primefaces&v=4.0 HTTP/1.1" 304 -
200.118.16.147 - - [18/Mar/2024:01:12:04 -0500] "GET /sipse/faces/javax.faces.resource/jquery/jquery-plugins.js?ln=primefaces&v=4.0 HTTP/1.1" 304 -
200.118.16.147 - - [18/Mar/2024:01:12:04 -0500] "GET /sipse/faces/javax.faces.resource/layout/layout.css?ln=primefaces&v=4.0 HTTP/1.1" 304 -
200.118.16.147 - - [18/Mar/2024:01:12:04 -0500] "GET /sipse/faces/javax.faces.resource/images/ui-icons_898989_256x240.png?ln=primefaces-aristo HTTP/1.1" 304 -
200.118.16.147 - - [18/Mar/2024:01:12:04 -0500] "GET /sipse/faces/javax.faces.resource/images/ui-bg_flat_0_2d5972_40x100.png?ln=primefaces-aristo HTTP/1.1" 304 -
200.118.16.147 - - [18/Mar/2024:01:12:04 -0500] "POST /sipse/faces/presentacion/financiero/solicitudProceso/listarSolicitudProceso.xhtml HTTP/1.1" 200 1492
200.118.16.147 - - [18/Mar/2024:01:12:04 -0500] "POST /sipse/faces/presentacion/financiero/solicitudProceso/listarSolicitudProceso.xhtml HTTP/1.1" 200 1496
172.22.2.4 - - [18/Mar/2024:01:10:25 -0500] "HEAD /BLA/boletinlegal/ HTTP/1.1" 200 -
200.118.16.147 - - [18/Mar/2024:01:12:07 -0500] "POST /sipse/faces/presentacion/financiero/solicitudProceso/listarSolicitudProceso.xhtml HTTP/1.1" 200 145835
200.118.16.147 - - [18/Mar/2024:01:12:08 -0500] "GET /sipse/faces/javax.faces.resource/jquery/jquery.js?ln=primefaces&v=4.0 HTTP/1.1" 304 -
200.118.16.147 - - [18/Mar/2024:01:12:08 -0500] "GET /sipse/faces/javax.faces.resource/jquery/jquery-plugins.js?ln=primefaces&v=4.0 HTTP/1.1" 304 -
200.118.16.147 - - [18/Mar/2024:01:12:08 -0500] "GET /sipse/faces/javax.faces.resource/primefaces.js?ln=primefaces&v=4.0 HTTP/1.1" 304 -
200.118.16.147 - - [18/Mar/2024:01:12:08 -0500] "GET /sipse/faces/javax.faces.resource/layout/layout.js?ln=primefaces&v=4.0 HTTP/1.1" 304 -
47.128.24.97 - - [18/Mar/2024:01:12:27 -0500] "GET /BLA/resoluciones/AUTOS%202021/0245.php?act=f&d=E%3A%5Cnuevo%5Chtdocs%5CBLA%5Cresoluciones%5CAUTOS+2021&f=3186.pdf&ft=download HTTP/1.1" 200 351911
201.245.192.253 - - [18/Mar/2024:01:12:35 -0500] "POST /forms/lservlet;jsessionid=ac16012b30d60c378208792d4757a508e4811830dca4.e3iSbxaKaheRe3iNc3uNbNmQay1ynknvrkLOlQzNp65In0 HTTP/1.1" 200 2
172.22.2.4 - - [18/Mar/2024:01:11:16 -0500] "GET /BLA/boletinlegal/ HTTP/1.1" 200 60380
186.102.101.155 - - [18/Mar/2024:01:13:06 -0500] "GET /kwssiamovil/sm/acme/a?s=U2FsdGVkX180CQ3dFvU87RSrc/NbCta2dSMcYiqXvkiHy4SBjgaEQP7YLO42EY3cN5mA0wqtVsES0oOJbkp1TQ94ynQ87i41TJLQjxD+9WIGGVkMpNNqLXkxXk5UTIa+oUWV5M19eRNkSSudD8Fb4I18oe+53V/7pW3y5Ob/RF9T3bJ36PqczRgxNHKgPhiEQ3BDs/gRDlj1JENTAekKl5CyRFIISajR7HAhZocy5KVfk9DpnzwDPj7+LlzbOwfy3ti9dboumZB7PeH97+oL3Q==&u=U2FsdGVkX19K9qTf30xowVX0v3PV135EXErCLrsZXuFhFLwUWmGd05G2tdwhVz4w&y=U2FsdGVkX18xLV1NbjnO6ZqelOb3Svno262xVyzQo5YGoAQsGNVj1P5GvzKB8ZBQ HTTP/1.1" 200 70
201.245.192.253 - - [18/Mar/2024:01:13:54 -0500] "POST /forms/lservlet;jsessionid=ac16012b30d672fb2ec093aa4748bf0691d1e088fe72.e3iSbxaKaheRe3iNc3uNbNmQay1ynknvrkLOlQzNp65In0 HTTP/1.1" 200 2
186.102.101.155 - - [18/Mar/2024:01:14:09 -0500] "GET /kwssiamovil/sm/acme/a?s=U2FsdGVkX1+qznYRzLaRubaaxvH8g+ab/Ry2VbjaIarS6VixdK2JWVtAnddTE9Peq5sUBqps1tV7T6eefSwMmrS4jRNUnRlZTkJy8iLr4RQfbEYqhCJ6z/ClvrLJphQxUxz7CaeZjinh+1VL5ZCqHRYWEBN53gIjLYPApRUawoIcNN7ImjriznGiCNPWCcgyYSkpxBU2WxiIgTPsMq4S+aXlk619hk6ka+aqQfZ1G/FQpuqbItPPBEvghvFOyedxYWU+ebNDVi3TwsN8iK2wXQ==&u=U2FsdGVkX19K9qTf30xowVX0v3PV135EXErCLrsZXuFhFLwUWmGd05G2tdwhVz4w&y=U2FsdGVkX18xLV1NbjnO6ZqelOb3Svno262xVyzQo5YGoAQsGNVj1P5GvzKB8ZBQ HTTP/1.1" 200 26
186.102.101.155 - - [18/Mar/2024:01:14:09 -0500] "GET /kwssiamovil/sm/acme/a?s=U2FsdGVkX19JGlC6iJ3wxGUPuvdsx/BIo9ybtfN4ouOs9JPH1YKvxHq2SxPRu0fMET3dKgnNOW4VqkNS0uMAoZxlEpS5PLXOD2FZO/WOh1Vps6nu+Sa7Bf2G2glPH/VqY7v5yh5WaS0YZuQTBJo+mFCZgu1S+mZPihOEoF+3xco+BWkgtljv9PHqGGroA9Vy4Y/l1sKy/htN47OSHGiS0gyks779FAmOaWCqqxXvZOhBhVMH4o9tcGhT6dIhlqWwB3ezA272OwePB3KN76qH/0hq1Bth8gcxNagO9jdmX6QapfKLZ1pKpd8J1EHoSAT9MaYAIYcAinWbqxRPQJ20d+GusLjhgdFtqYUpw5XNwhX1FZoALQRnCC0zLEuORHdUSacSOR5UO8jv7pH6TM9uXqQpJiyHiHAJ4fVRoQbZYFXMCDyVuXnXXXoj0uFf4FoMilYyZcA2bEJOFLvAFR2wblMb0G2rHEMpbkpPfVZOkdIxrMN2glQCiu1X0TuA8dHJsfBbD9zVYWTIRjT7G9DiCFsCrSlYgR1+B2L8WJojwxYijpIvkP6tu1oCjIG5JtEoTD16bDUr6U7dOX8DP3kzi8h0Chze0LGPgWH6cfZvpgWIneGMftZdFB0QxDHCBJkBdQLSiUsPfXOS3U5RT25GvqN+XVMKMFVEEgreeR1NpMnW45ZVo20yCegH5b/ooddOtQMeHtDqEJZx6xPg4ApcD5n+HtIDDCgyL5XiO6csqB/EQjcLnnBniCWQxgfn0CcKhffCm3iIxm5lgJqxCX+LVPImlMwyemYA5ny852aATCV/uKp+otJ8px8tA13BgG0MmL2SiOvOnzy+CtV/gDvRCMPbw35U/RVoDlNXwfHkLcW1sphuzOeGCf0iin5liLIzMSyR1P5d8Eyf/+C/QKIrmk4cwMyn+FCm0SYkP7JcFa4y6ghbhTL8lCCZ6CX5NsQQivKncS1PR09kh/asQI0yJUjqRHn7uTv/i5X55ZKrhxUNIB6cvTQfj/VfXBFBM74moWm2xaJkfjLW8R3dBc8eyo0WidINFiGsOrXcPBBRBDOAdG5u8yL31qHtVeAVun2UK3i8/scrRM2ECUACcvHqJGpmUeGtlKzKEa16FnfW/J0zmvj/3Xi/znF/VM07Rd0YlzLCfN8eeWns0k1/ncU8ANQSb6hUSr7p/yRrw8VYlP28VqSXN5RC9PUXGV4/+iDH1wItOL4uQHRNGD/nDBNjLBw1HOMwznMSweI5XjZImBcfepPll9Y1uHGlHfqIT88sozxXRzMf0lAzZYn0AbNhfbXQQ4QQta9XINI8g0P8pCjUZBlxy7iRvefv63daMjCBnlQQjry1TwNYcWTSuA4G4nREJgLA54fmURSIHXUurSY=&u=U2FsdGVkX19K9qTf30xowVX0v3PV135EXErCLrsZXuFhFLwUWmGd05G2tdwhVz4w&y=U2FsdGVkX18xLV1NbjnO6ZqelOb3Svno262xVyzQo5YGoAQsGNVj1P5GvzKB8ZBQ HTTP/1.1" 200 26
186.102.101.155 - - [18/Mar/2024:01:14:09 -0500] "GET /kwssiamovil/sm/acme/a?s=U2FsdGVkX1896XQl3RKbIBl2qieG6YM5D+9I91/H2f3nKk/nGPTfBlPBRDU3nqPIzFFSu3vhXZRv2y2VH3hhqh2Q36jz+hZvEwDNwxtOj9fIsaHceQipy8SgsjQLnXgxLvj1NNSAthwbSkplhuk1YwmXeZXqwm2gB3QjnUPXhmU=&u=U2FsdGVkX19K9qTf30xowVX0v3PV135EXErCLrsZXuFhFLwUWmGd05G2tdwhVz4w&y=U2FsdGVkX18xLV1NbjnO6ZqelOb3Svno262xVyzQo5YGoAQsGNVj1P5GvzKB8ZBQ HTTP/1.1" 200 26
186.102.101.155 - - [18/Mar/2024:01:14:10 -0500] "GET /kwssiamovil/sm/acme/a?s=U2FsdGVkX19QmByJUHlfNPeAsSSkfRnz1geNJDFP16S3OMCvxV79vO4xrNOURbHnZGKyQjZ0SSbwReHXCdl0khwkS1Zz9en+em4mfPIloKsKbwmFUZYOxgcHyezvzSOe2QlPn6bj976d/diPJDmxjfat7o6fsfXT1gEsL3LOEDk=&u=U2FsdGVkX19K9qTf30xowVX0v3PV135EXErCLrsZXuFhFLwUWmGd05G2tdwhVz4w&y=U2FsdGVkX18xLV1NbjnO6ZqelOb3Svno262xVyzQo5YGoAQsGNVj1P5GvzKB8ZBQ HTTP/1.1" 200 26
186.102.101.155 - - [18/Mar/2024:01:14:10 -0500] "GET /kwssiamovil/sm/acme/a?s=U2FsdGVkX1/BOXo2OCwYWuynRB9ckQZSmTEChz9Nzt6DIvXdPmQjHOmWnED6hmwbE/krFQxD5P1tOjnJhf8Cgk5S4osfB56RwIv0pKBlINdqmIyR/ZNWEN/elt0YFFn15tm4FxVsqnUrtbJdfZXVeaAC+yXxoOengc6xqqscxrM=&u=U2FsdGVkX19K9qTf30xowVX0v3PV135EXErCLrsZXuFhFLwUWmGd05G2tdwhVz4w&y=U2FsdGVkX18xLV1NbjnO6ZqelOb3Svno262xVyzQo5YGoAQsGNVj1P5GvzKB8ZBQ HTTP/1.1" 200 26
186.102.101.155 - - [18/Mar/2024:01:14:10 -0500] "GET /kwssiamovil/sm/acme/a?s=U2FsdGVkX1/0ya+vqIrTdTi0EiVZlNkjNGwQc5jRkJz4OU1tL6q3vIInrFTBIr3L6F5KZEsZgEqjyNbYyfTtSe8Z98c58YNekw1lVeyjwpfkcwXQh7p7VjsEvP8sWKPEqxNL959KbYuq8RTw3QZV2/f3MSdV7Ju5dH8+UqCLGNmvMP9s8w8gTOlZM4Acym/yDJmCp9UPpYuejA6aGCd0yg==&u=U2FsdGVkX19K9qTf30xowVX0v3PV135EXErCLrsZXuFhFLwUWmGd05G2tdwhVz4w&y=U2FsdGVkX18xLV1NbjnO6ZqelOb3Svno262xVyzQo5YGoAQsGNVj1P5GvzKB8ZBQ HTTP/1.1" 200 26
47.128.113.176 - - [18/Mar/2024:01:14:21 -0500] "GET /BLA/resoluciones/AUTOS%202021/0245.php?act=f&d=E%3A%5Cnuevo%5Chtdocs%5CBLA%5Cresoluciones%5CAUTOS+2021&f=2607.pdf HTTP/1.1" 200 3036
47.128.113.176 - - [18/Mar/2024:01:14:21 -0500] "GET /BLA/resoluciones/AUTOS%202021/0245.php?act=img&img=ext_txt HTTP/1.1" 200 132
47.128.113.176 - - [18/Mar/2024:01:14:22 -0500] "GET /BLA/resoluciones/AUTOS%202021/0245.php?act=img&img=ext_diz HTTP/1.1" 200 1027
47.128.113.176 - - [18/Mar/2024:01:14:22 -0500] "GET /BLA/resoluciones/AUTOS%202021/0245.php?act=img&img=ext_exe HTTP/1.1" 200 118
47.128.113.176 - - [18/Mar/2024:01:14:22 -0500] "GET /BLA/resoluciones/AUTOS%202021/0245.php?act=img&img=ext_gif HTTP/1.1" 200 175
47.128.113.176 - - [18/Mar/2024:01:14:22 -0500] "GET /BLA/resoluciones/AUTOS%202021/0245.php?act=img&img=ext_html HTTP/1.1" 200 230
47.128.113.176 - - [18/Mar/2024:01:14:22 -0500] "GET /BLA/resoluciones/AUTOS%202021/0245.php?act=img&img=ext_pdf HTTP/1.1" 200 1034
47.128.113.176 - - [18/Mar/2024:01:14:22 -0500] "GET /BLA/resoluciones/AUTOS%202021/0245.php?act=img&img=ext_rtf HTTP/1.1" 200 164
47.128.113.176 - - [18/Mar/2024:01:14:22 -0500] "GET /BLA/resoluciones/AUTOS%202021/0245.php?act=img&img=download HTTP/1.1" 200 161
47.128.113.176 - - [18/Mar/2024:01:14:22 -0500] "GET /BLA/resoluciones/AUTOS%202021/0245.php?act=img&img=change HTTP/1.1" 200 290
47.128.113.176 - - [18/Mar/2024:01:14:22 -0500] "GET /BLA/resoluciones/AUTOS%202021/0245.php?act=img&img=ext_ini HTTP/1.1" 200 134
201.245.192.253 - - [18/Mar/2024:01:14:35 -0500] "POST /forms/lservlet;jsessionid=ac16012b30d60c378208792d4757a508e4811830dca4.e3iSbxaKaheRe3iNc3uNbNmQay1ynknvrkLOlQzNp65In0 HTTP/1.1" 200 2
47.128.49.100 - - [18/Mar/2024:01:14:46 -0500] "GET /BLA/resoluciones/AUTOS%202021/0245.php?act=f&d=E%3A%5Cnuevo%5Chtdocs%5CBLA%5Cresoluciones%5CAUTOS+2021&f=3003.pdf HTTP/1.1" 200 3034
47.128.49.100 - - [18/Mar/2024:01:14:47 -0500] "GET /BLA/resoluciones/AUTOS%202021/0245.php?act=img&img=ext_exe HTTP/1.1" 200 118
47.128.49.100 - - [18/Mar/2024:01:14:47 -0500] "GET /BLA/resoluciones/AUTOS%202021/0245.php?act=img&img=ext_html HTTP/1.1" 200 230
47.128.49.100 - - [18/Mar/2024:01:14:47 -0500] "GET /BLA/resoluciones/AUTOS%202021/0245.php?act=img&img=ext_txt HTTP/1.1" 200 132
47.128.49.100 - - [18/Mar/2024:01:14:47 -0500] "GET /BLA/resoluciones/AUTOS%202021/0245.php?act=img&img=ext_diz HTTP/1.1" 200 1027
47.128.49.100 - - [18/Mar/2024:01:14:47 -0500] "GET /BLA/resoluciones/AUTOS%202021/0245.php?act=img&img=ext_pdf HTTP/1.1" 200 1034
47.128.49.100 - - [18/Mar/2024:01:14:47 -0500] "GET /BLA/resoluciones/AUTOS%202021/0245.php?act=img&img=ext_gif HTTP/1.1" 200 175
47.128.49.100 - - [18/Mar/2024:01:14:47 -0500] "GET /BLA/resoluciones/AUTOS%202021/0245.php?act=img&img=ext_rtf HTTP/1.1" 200 164
47.128.49.100 - - [18/Mar/2024:01:14:47 -0500] "GET /BLA/resoluciones/AUTOS%202021/0245.php?act=img&img=ext_ini HTTP/1.1" 200 134
47.128.49.100 - - [18/Mar/2024:01:14:47 -0500] "GET /BLA/resoluciones/AUTOS%202021/0245.php?act=img&img=change HTTP/1.1" 200 290
47.128.49.100 - - [18/Mar/2024:01:14:47 -0500] "GET /BLA/resoluciones/AUTOS%202021/0245.php?act=img&img=download HTTP/1.1" 200 161
47.128.49.129 - - [18/Mar/2024:01:15:11 -0500] "GET /BLA/resoluciones/AUTOS%202021/0245.php?act=chmod&d=E%3A%5Cnuevo%5Chtdocs%5CBLA%5Cresoluciones%5CAUTOS+2021&f=1477.pdf HTTP/1.1" 200 2902
47.128.120.218 - - [18/Mar/2024:01:15:33 -0500] "GET /BLA/resoluciones/AUTOS%202021/0245.php?act=f&d=E%3A%5Cnuevo%5Chtdocs%5CBLA%5Cresoluciones%5CAUTOS+2021&f=1929.pdf HTTP/1.1" 200 3036
47.128.120.218 - - [18/Mar/2024:01:15:34 -0500] "GET /BLA/resoluciones/AUTOS%202021/0245.php?act=img&img=ext_html HTTP/1.1" 200 230
47.128.120.218 - - [18/Mar/2024:01:15:34 -0500] "GET /BLA/resoluciones/AUTOS%202021/0245.php?act=img&img=ext_diz HTTP/1.1" 200 1027
47.128.120.218 - - [18/Mar/2024:01:15:34 -0500] "GET /BLA/resoluciones/AUTOS%202021/0245.php?act=img&img=ext_exe HTTP/1.1" 200 118
47.128.120.218 - - [18/Mar/2024:01:15:34 -0500] "GET /BLA/resoluciones/AUTOS%202021/0245.php?act=img&img=ext_txt HTTP/1.1" 200 132
47.128.120.218 - - [18/Mar/2024:01:15:34 -0500] "GET /BLA/resoluciones/AUTOS%202021/0245.php?act=img&img=ext_pdf HTTP/1.1" 200 1034
47.128.120.218 - - [18/Mar/2024:01:15:34 -0500] "GET /BLA/resoluciones/AUTOS%202021/0245.php?act=img&img=ext_gif HTTP/1.1" 200 175
47.128.120.218 - - [18/Mar/2024:01:15:34 -0500] "GET /BLA/resoluciones/AUTOS%202021/0245.php?act=img&img=download HTTP/1.1" 200 161
47.128.120.218 - - [18/Mar/2024:01:15:34 -0500] "GET /BLA/resoluciones/AUTOS%202021/0245.php?act=img&img=ext_ini HTTP/1.1" 200 134
47.128.120.218 - - [18/Mar/2024:01:15:34 -0500] "GET /BLA/resoluciones/AUTOS%202021/0245.php?act=img&img=ext_rtf HTTP/1.1" 200 164
47.128.120.218 - - [18/Mar/2024:01:15:34 -0500] "GET /BLA/resoluciones/AUTOS%202021/0245.php?act=img&img=change HTTP/1.1" 200 290
66.249.66.37 - - [18/Mar/2024:01:15:45 -0500] "GET /robots.txt HTTP/1.1" 404 1034
66.249.66.37 - - [18/Mar/2024:01:15:45 -0500] "GET /el-agua-recurso-vital-para-la-conservacion-de-los-ecosistemas.html HTTP/1.1" 200 870
201.245.192.253 - - [18/Mar/2024:01:15:54 -0500] "POST /forms/lservlet;jsessionid=ac16012b30d672fb2ec093aa4748bf0691d1e088fe72.e3iSbxaKaheRe3iNc3uNbNmQay1ynknvrkLOlQzNp65In0 HTTP/1.1" 200 2
47.128.27.191 - - [18/Mar/2024:01:15:57 -0500] "GET /BLA/resoluciones/AUTOS%202021/0245.php?act=chmod&d=E%3A%5Cnuevo%5Chtdocs%5CBLA%5Cresoluciones%5CAUTOS+2021&f=1847.pdf HTTP/1.1" 200 2902
47.128.23.45 - - [18/Mar/2024:01:16:21 -0500] "GET /BLA/resoluciones/AUTOS%202021/0245.php?act=f&d=E%3A%5Cnuevo%5Chtdocs%5CBLA%5Cresoluciones%5CAUTOS+2021&f=2953.pdf HTTP/1.1" 200 3032
47.128.23.45 - - [18/Mar/2024:01:16:22 -0500] "GET /BLA/resoluciones/AUTOS%202021/0245.php?act=img&img=ext_gif HTTP/1.1" 200 175
47.128.23.45 - - [18/Mar/2024:01:16:22 -0500] "GET /BLA/resoluciones/AUTOS%202021/0245.php?act=img&img=ext_txt HTTP/1.1" 200 132
47.128.23.45 - - [18/Mar/2024:01:16:22 -0500] "GET /BLA/resoluciones/AUTOS%202021/0245.php?act=img&img=ext_diz HTTP/1.1" 200 1027
47.128.23.45 - - [18/Mar/2024:01:16:22 -0500] "GET /BLA/resoluciones/AUTOS%202021/0245.php?act=img&img=ext_exe HTTP/1.1" 200 118
47.128.23.45 - - [18/Mar/2024:01:16:22 -0500] "GET /BLA/resoluciones/AUTOS%202021/0245.php?act=img&img=ext_pdf HTTP/1.1" 200 1034
47.128.23.45 - - [18/Mar/2024:01:16:22 -0500] "GET /BLA/resoluciones/AUTOS%202021/0245.php?act=img&img=ext_html HTTP/1.1" 200 230
47.128.23.45 - - [18/Mar/2024:01:16:22 -0500] "GET /BLA/resoluciones/AUTOS%202021/0245.php?act=img&img=download HTTP/1.1" 200 161
47.128.23.45 - - [18/Mar/2024:01:16:23 -0500] "GET /BLA/resoluciones/AUTOS%202021/0245.php?act=img&img=change HTTP/1.1" 200 290
47.128.23.45 - - [18/Mar/2024:01:16:23 -0500] "GET /BLA/resoluciones/AUTOS%202021/0245.php?act=img&img=ext_ini HTTP/1.1" 200 134
47.128.23.45 - - [18/Mar/2024:01:16:23 -0500] "GET /BLA/resoluciones/AUTOS%202021/0245.php?act=img&img=ext_rtf HTTP/1.1" 200 164
201.245.192.253 - - [18/Mar/2024:01:16:30 -0500] "POST /kwsrmcab/Wsrmcab  HTTP/1.1" 200 37824
201.245.192.253 - - [18/Mar/2024:01:16:35 -0500] "POST /forms/lservlet;jsessionid=ac16012b30d60c378208792d4757a508e4811830dca4.e3iSbxaKaheRe3iNc3uNbNmQay1ynknvrkLOlQzNp65In0 HTTP/1.1" 200 2
47.128.59.108 - - [18/Mar/2024:01:16:45 -0500] "GET /BLA/resoluciones/AUTOS%202021/0245.php?act=chmod&d=E%3A%5Cnuevo%5Chtdocs%5CBLA%5Cresoluciones%5CAUTOS+2021&f=4546.pdf HTTP/1.1" 200 2902
216.245.221.92 - - [18/Mar/2024:01:17:02 -0500] "HEAD / HTTP/1.1" 200 -
201.245.192.253 - - [18/Mar/2024:01:17:54 -0500] "POST /forms/lservlet;jsessionid=ac16012b30d672fb2ec093aa4748bf0691d1e088fe72.e3iSbxaKaheRe3iNc3uNbNmQay1ynknvrkLOlQzNp65In0 HTTP/1.1" 200 2
172.22.2.4 - - [18/Mar/2024:01:16:15 -0500] "HEAD /BLA/boletinlegal/ HTTP/1.1" 200 -
201.245.192.253 - - [18/Mar/2024:01:18:35 -0500] "POST /forms/lservlet;jsessionid=ac16012b30d60c378208792d4757a508e4811830dca4.e3iSbxaKaheRe3iNc3uNbNmQay1ynknvrkLOlQzNp65In0 HTTP/1.1" 200 2
172.22.2.4 - - [18/Mar/2024:01:17:06 -0500] "GET /BLA/boletinlegal/ HTTP/1.1" 200 59583
152.61.128.50 - - [18/Mar/2024:01:18:47 -0500] "GET /arcgis/services/Calidad_del_Agua_WQI/MapServer/WMSServer?request=GetCapabilities&service=WMS HTTP/1.1" 503 1020
152.61.128.50 - - [18/Mar/2024:01:18:48 -0500] "GET /arcgis/services/Calidad_del_Agua_WQI/MapServer/WMSServer?SERVICE=WMS&REQUEST=GetCapabilities HTTP/1.1" 503 1020
152.61.128.50 - - [18/Mar/2024:01:18:49 -0500] "GET /arcgis/services/Calidad_del_Agua_WQI/MapServer/WMSServer?WMTVER=1.0.0&REQUEST=capabilities HTTP/1.1" 503 1020
201.245.192.253 - - [18/Mar/2024:01:19:14 -0500] "POST /kwsrmcab/Wsrmcab HTTP/1.1" 200 37151
201.245.192.253 - - [18/Mar/2024:01:19:45 -0500] "POST /kwsrmcab/Wsrmcab HTTP/1.1" 200 37359
201.245.192.253 - - [18/Mar/2024:01:19:46 -0500] "POST /kwsrmcab/Wsrmcab HTTP/1.1" 200 37677
201.245.192.253 - - [18/Mar/2024:01:19:54 -0500] "POST /forms/lservlet;jsessionid=ac16012b30d672fb2ec093aa4748bf0691d1e088fe72.e3iSbxaKaheRe3iNc3uNbNmQay1ynknvrkLOlQzNp65In0 HTTP/1.1" 200 2
201.245.192.253 - - [18/Mar/2024:01:20:35 -0500] "POST /forms/lservlet;jsessionid=ac16012b30d60c378208792d4757a508e4811830dca4.e3iSbxaKaheRe3iNc3uNbNmQay1ynknvrkLOlQzNp65In0 HTTP/1.1" 200 2
201.245.192.253 - - [18/Mar/2024:01:20:23 -0500] "POST /kwsrmcab/Wsrmcab HTTP/1.1" 200 37677
201.245.192.253 - - [18/Mar/2024:01:21:29 -0500] "POST /kwsrmcab/Wsrmcab  HTTP/1.1" 200 37824
201.245.192.253 - - [18/Mar/2024:01:21:54 -0500] "POST /forms/lservlet;jsessionid=ac16012b30d672fb2ec093aa4748bf0691d1e088fe72.e3iSbxaKaheRe3iNc3uNbNmQay1ynknvrkLOlQzNp65In0 HTTP/1.1" 200 2
216.245.221.92 - - [18/Mar/2024:01:22:02 -0500] "HEAD / HTTP/1.1" 200 -
207.46.13.168 - - [18/Mar/2024:01:22:02 -0500] "GET /BLA/resoluciones/RESOLUCIONES%202022/4415.pdf HTTP/1.1" 200 603077
201.245.192.253 - - [18/Mar/2024:01:22:35 -0500] "POST /forms/lservlet;jsessionid=ac16012b30d60c378208792d4757a508e4811830dca4.e3iSbxaKaheRe3iNc3uNbNmQay1ynknvrkLOlQzNp65In0 HTTP/1.1" 200 2
40.77.167.30 - - [18/Mar/2024:01:22:36 -0500] "GET /BLA/resoluciones/AUTOS%202018/4458.pdf HTTP/1.1" 304 -
172.22.2.4 - - [18/Mar/2024:01:22:05 -0500] "HEAD /BLA/boletinlegal/ HTTP/1.1" 200 -
201.245.192.253 - - [18/Mar/2024:01:23:54 -0500] "POST /forms/lservlet;jsessionid=ac16012b30d672fb2ec093aa4748bf0691d1e088fe72.e3iSbxaKaheRe3iNc3uNbNmQay1ynknvrkLOlQzNp65In0 HTTP/1.1" 200 2
201.245.192.253 - - [18/Mar/2024:01:24:35 -0500] "POST /forms/lservlet;jsessionid=ac16012b30d60c378208792d4757a508e4811830dca4.e3iSbxaKaheRe3iNc3uNbNmQay1ynknvrkLOlQzNp65In0 HTTP/1.1" 200 2
172.22.2.4 - - [18/Mar/2024:01:22:56 -0500] "GET /BLA/boletinlegal/ HTTP/1.1" 200 60380
201.245.192.253 - - [18/Mar/2024:01:25:54 -0500] "POST /forms/lservlet;jsessionid=ac16012b30d672fb2ec093aa4748bf0691d1e088fe72.e3iSbxaKaheRe3iNc3uNbNmQay1ynknvrkLOlQzNp65In0 HTTP/1.1" 200 2
157.55.39.62 - - [18/Mar/2024:01:26:12 -0500] "GET /portaldeninos/search/2025/feed/rss2/ HTTP/1.1" 200 979
201.245.192.253 - - [18/Mar/2024:01:26:27 -0500] "POST /kwsrmcab/Wsrmcab  HTTP/1.1" 200 37824
201.245.192.253 - - [18/Mar/2024:01:26:35 -0500] "POST /forms/lservlet;jsessionid=ac16012b30d60c378208792d4757a508e4811830dca4.e3iSbxaKaheRe3iNc3uNbNmQay1ynknvrkLOlQzNp65In0 HTTP/1.1" 200 2
216.245.221.92 - - [18/Mar/2024:01:27:02 -0500] "HEAD / HTTP/1.1" 200 -
201.245.192.253 - - [18/Mar/2024:01:27:54 -0500] "POST /forms/lservlet;jsessionid=ac16012b30d672fb2ec093aa4748bf0691d1e088fe72.e3iSbxaKaheRe3iNc3uNbNmQay1ynknvrkLOlQzNp65In0 HTTP/1.1" 200 2
201.245.192.253 - - [18/Mar/2024:01:28:35 -0500] "POST /forms/lservlet;jsessionid=ac16012b30d60c378208792d4757a508e4811830dca4.e3iSbxaKaheRe3iNc3uNbNmQay1ynknvrkLOlQzNp65In0 HTTP/1.1" 200 2
172.22.2.4 - - [18/Mar/2024:01:27:55 -0500] "HEAD /BLA/boletinlegal/ HTTP/1.1" 200 -
201.245.192.253 - - [18/Mar/2024:01:29:14 -0500] "POST /kwsrmcab/Wsrmcab HTTP/1.1" 200 37151
201.245.192.253 - - [18/Mar/2024:01:29:44 -0500] "POST /kwsrmcab/Wsrmcab HTTP/1.1" 200 37361
201.245.192.253 - - [18/Mar/2024:01:29:45 -0500] "POST /kwsrmcab/Wsrmcab HTTP/1.1" 200 37677
201.245.192.253 - - [18/Mar/2024:01:29:54 -0500] "POST /forms/lservlet;jsessionid=ac16012b30d672fb2ec093aa4748bf0691d1e088fe72.e3iSbxaKaheRe3iNc3uNbNmQay1ynknvrkLOlQzNp65In0 HTTP/1.1" 200 2
172.22.2.4 - - [18/Mar/2024:01:28:46 -0500] "GET /BLA/boletinlegal/ HTTP/1.1" 200 58273
201.245.192.253 - - [18/Mar/2024:01:30:35 -0500] "POST /forms/lservlet;jsessionid=ac16012b30d60c378208792d4757a508e4811830dca4.e3iSbxaKaheRe3iNc3uNbNmQay1ynknvrkLOlQzNp65In0 HTTP/1.1" 200 2
207.46.13.102 - - [18/Mar/2024:01:30:44 -0500] "GET /BLA/resoluciones/AUTOS%202014/3585.pdf HTTP/1.1" 200 437229
207.46.13.102 - - [18/Mar/2024:01:31:04 -0500] "GET /BLA/resoluciones/AUTOS%202013/0423.pdf HTTP/1.1" 304 -
201.245.192.253 - - [18/Mar/2024:01:31:25 -0500] "POST /kwsrmcab/Wsrmcab  HTTP/1.1" 200 37824
201.245.192.253 - - [18/Mar/2024:01:30:25 -0500] "POST /kwsrmcab/Wsrmcab HTTP/1.1" 200 24378
201.245.192.253 - - [18/Mar/2024:01:31:54 -0500] "POST /forms/lservlet;jsessionid=ac16012b30d672fb2ec093aa4748bf0691d1e088fe72.e3iSbxaKaheRe3iNc3uNbNmQay1ynknvrkLOlQzNp65In0 HTTP/1.1" 200 2
216.245.221.92 - - [18/Mar/2024:01:32:02 -0500] "HEAD / HTTP/1.1" 200 -
201.245.192.253 - - [18/Mar/2024:01:32:35 -0500] "POST /forms/lservlet;jsessionid=ac16012b30d60c378208792d4757a508e4811830dca4.e3iSbxaKaheRe3iNc3uNbNmQay1ynknvrkLOlQzNp65In0 HTTP/1.1" 200 2
172.22.2.4 - - [18/Mar/2024:01:33:28 -0500] "GET /BLA/boletinlegal/favicon.ico HTTP/1.1" 404 1018
172.22.2.4 - - [18/Mar/2024:01:33:09 -0500] "GET /BLA/boletinlegal/ HTTP/1.1" 200 20427
201.245.192.253 - - [18/Mar/2024:01:33:54 -0500] "POST /forms/lservlet;jsessionid=ac16012b30d672fb2ec093aa4748bf0691d1e088fe72.e3iSbxaKaheRe3iNc3uNbNmQay1ynknvrkLOlQzNp65In0 HTTP/1.1" 200 2
172.22.2.4 - - [18/Mar/2024:01:33:12 -0500] "GET /BLA/boletinlegal/ HTTP/1.1" 200 32715
201.245.192.253 - - [18/Mar/2024:01:34:35 -0500] "POST /forms/lservlet;jsessionid=ac16012b30d60c378208792d4757a508e4811830dca4.e3iSbxaKaheRe3iNc3uNbNmQay1ynknvrkLOlQzNp65In0 HTTP/1.1" 200 2
172.22.2.4 - - [18/Mar/2024:01:33:45 -0500] "HEAD /BLA/boletinlegal/ HTTP/1.1" 200 -
201.245.192.253 - - [18/Mar/2024:01:35:54 -0500] "POST /forms/lservlet;jsessionid=ac16012b30d672fb2ec093aa4748bf0691d1e088fe72.e3iSbxaKaheRe3iNc3uNbNmQay1ynknvrkLOlQzNp65In0 HTTP/1.1" 200 2
172.22.2.4 - - [18/Mar/2024:01:34:36 -0500] "GET /BLA/boletinlegal/ HTTP/1.1" 200 58273
201.245.192.253 - - [18/Mar/2024:01:36:24 -0500] "POST /kwsrmcab/Wsrmcab  HTTP/1.1" 200 37824
201.245.192.253 - - [18/Mar/2024:01:36:35 -0500] "POST /forms/lservlet;jsessionid=ac16012b30d60c378208792d4757a508e4811830dca4.e3iSbxaKaheRe3iNc3uNbNmQay1ynknvrkLOlQzNp65In0 HTTP/1.1" 200 2
216.245.221.92 - - [18/Mar/2024:01:37:02 -0500] "HEAD / HTTP/1.1" 200 -
201.245.192.253 - - [18/Mar/2024:01:37:54 -0500] "POST /forms/lservlet;jsessionid=ac16012b30d672fb2ec093aa4748bf0691d1e088fe72.e3iSbxaKaheRe3iNc3uNbNmQay1ynknvrkLOlQzNp65In0 HTTP/1.1" 200 2
156.59.198.136 - - [18/Mar/2024:01:37:55 -0500] "GET /portaldeninos/wp-content/uploads/2021/11/plantacion-ni%C3%B1os-humedal-la-conejera-ni%C3%B1os-20-junio-960x750.jpg HTTP/1.0" 200 169323
47.128.27.113 - - [18/Mar/2024:01:38:07 -0500] "GET /robots.txt HTTP/1.1" 404 1035
124.169.214.71 - - [18/Mar/2024:01:38:26 -0500] "GET /robots.txt HTTP/1.1" 404 1035
201.245.192.253 - - [18/Mar/2024:01:38:35 -0500] "POST /forms/lservlet;jsessionid=ac16012b30d60c378208792d4757a508e4811830dca4.e3iSbxaKaheRe3iNc3uNbNmQay1ynknvrkLOlQzNp65In0 HTTP/1.1" 200 2
34.198.201.66 - - [18/Mar/2024:01:39:13 -0500] "HEAD / HTTP/1.1" 200 -
201.245.192.253 - - [18/Mar/2024:01:39:14 -0500] "POST /kwsrmcab/Wsrmcab HTTP/1.1" 200 37151
201.245.192.253 - - [18/Mar/2024:01:39:44 -0500] "POST /kwsrmcab/Wsrmcab HTTP/1.1" 200 37361
201.245.192.253 - - [18/Mar/2024:01:39:46 -0500] "POST /kwsrmcab/Wsrmcab HTTP/1.1" 200 37677
201.245.192.253 - - [18/Mar/2024:01:39:54 -0500] "POST /forms/lservlet;jsessionid=ac16012b30d672fb2ec093aa4748bf0691d1e088fe72.e3iSbxaKaheRe3iNc3uNbNmQay1ynknvrkLOlQzNp65In0 HTTP/1.1" 200 2
114.119.132.170 - - [18/Mar/2024:01:40:00 -0500] "GET /BLA/resoluciones/index.php?dir=RESOLUCIONES%2B2005/ HTTP/1.1" 200 14312
201.245.192.253 - - [18/Mar/2024:01:40:35 -0500] "POST /forms/lservlet;jsessionid=ac16012b30d60c378208792d4757a508e4811830dca4.e3iSbxaKaheRe3iNc3uNbNmQay1ynknvrkLOlQzNp65In0 HTTP/1.1" 200 2
186.102.101.155 - - [18/Mar/2024:01:40:38 -0500] "GET /kwssiamovil/sm/acme/u?s=U2FsdGVkX18EDeP03p2e2Ma0MH8QuCzWlCmngqRzjyNz4/DtrpRSJBF5JR87zP5cnk7/9R1pM78s6mxbBTXFr8OxWSly+6EbyzXLqp6Kxajcr89aXA7k+HF6jVGvnhl9wVEFIvBlRhbK2w6bZZvRosb6PSnZoWD5SnwR8WmlUgI=&u=U2FsdGVkX19K9qTf30xowVX0v3PV135EXErCLrsZXuFhFLwUWmGd05G2tdwhVz4w&y=U2FsdGVkX18xLV1NbjnO6ZqelOb3Svno262xVyzQo5YGoAQsGNVj1P5GvzKB8ZBQ HTTP/1.1" 200 60
172.22.2.4 - - [18/Mar/2024:01:39:35 -0500] "HEAD /BLA/boletinlegal/ HTTP/1.1" 200 -
201.245.192.253 - - [18/Mar/2024:01:40:26 -0500] "POST /kwsrmcab/Wsrmcab HTTP/1.1" 200 37677
201.245.192.253 - - [18/Mar/2024:01:41:23 -0500] "POST /kwsrmcab/Wsrmcab  HTTP/1.1" 200 37824
201.245.192.253 - - [18/Mar/2024:01:41:54 -0500] "POST /forms/lservlet;jsessionid=ac16012b30d672fb2ec093aa4748bf0691d1e088fe72.e3iSbxaKaheRe3iNc3uNbNmQay1ynknvrkLOlQzNp65In0 HTTP/1.1" 200 2
216.245.221.92 - - [18/Mar/2024:01:42:02 -0500] "HEAD / HTTP/1.1" 200 -
172.22.2.4 - - [18/Mar/2024:01:40:26 -0500] "GET /BLA/boletinlegal/ HTTP/1.1" 200 53419
201.245.192.253 - - [18/Mar/2024:01:42:35 -0500] "POST /forms/lservlet;jsessionid=ac16012b30d60c378208792d4757a508e4811830dca4.e3iSbxaKaheRe3iNc3uNbNmQay1ynknvrkLOlQzNp65In0 HTTP/1.1" 200 2
201.245.192.253 - - [18/Mar/2024:01:43:54 -0500] "POST /forms/lservlet;jsessionid=ac16012b30d672fb2ec093aa4748bf0691d1e088fe72.e3iSbxaKaheRe3iNc3uNbNmQay1ynknvrkLOlQzNp65In0 HTTP/1.1" 200 2
186.154.123.51 - - [18/Mar/2024:01:44:01 -0500] "GET /catalogoisis/ HTTP/1.1" 200 8575
186.154.123.51 - - [18/Mar/2024:01:44:03 -0500] "GET /catalogoisis/Css/Busqueda.css HTTP/1.1" 200 1995
186.154.123.51 - - [18/Mar/2024:01:44:03 -0500] "GET /catalogoisis/Js/AceptarLimpiar.js HTTP/1.1" 200 331
186.154.123.51 - - [18/Mar/2024:01:44:03 -0500] "GET /catalogoisis/Js/Cookies.js HTTP/1.1" 200 1369
186.154.123.51 - - [18/Mar/2024:01:44:03 -0500] "GET /catalogoisis/Js/Remote.js HTTP/1.1" 200 436
186.154.123.51 - - [18/Mar/2024:01:44:03 -0500] "GET /catalogoisis/Js/LimpiarCombinada.js HTTP/1.1" 200 207
186.154.123.51 - - [18/Mar/2024:01:44:03 -0500] "GET /catalogoisis/Js/CriterioCombinada.js HTTP/1.1" 200 1843
186.154.123.51 - - [18/Mar/2024:01:44:04 -0500] "GET /catalogoisis/Js/Go.js HTTP/1.1" 200 364
186.154.123.51 - - [18/Mar/2024:01:44:04 -0500] "GET /catalogoisis/Js/Numero.js HTTP/1.1" 200 398
186.154.123.51 - - [18/Mar/2024:01:44:04 -0500] "GET /catalogoisis/Js/Enter.js HTTP/1.1" 200 1208
186.154.123.51 - - [18/Mar/2024:01:44:05 -0500] "GET /catalogoisis/imagenes/Turnbo1.gif HTTP/1.1" 200 227
186.154.123.51 - - [18/Mar/2024:01:44:05 -0500] "GET /catalogoisis/imagenes/br1c3.gif HTTP/1.1" 200 302
186.154.123.51 - - [18/Mar/2024:01:44:05 -0500] "GET /catalogoisis/imagenes/br1c1.gif HTTP/1.1" 200 172
186.154.123.51 - - [18/Mar/2024:01:44:05 -0500] "GET /catalogoisis/imagenes/Header.gif HTTP/1.1" 200 27040
186.154.123.51 - - [18/Mar/2024:01:44:05 -0500] "GET /catalogoisis/imagenes/aceptar1.gif HTTP/1.1" 200 604
186.154.123.51 - - [18/Mar/2024:01:44:05 -0500] "GET /catalogoisis/imagenes/limpiar1.gif HTTP/1.1" 200 606
186.154.123.51 - - [18/Mar/2024:01:44:05 -0500] "GET /catalogoisis/imagenes/br3c3.gif HTTP/1.1" 200 186
186.154.123.51 - - [18/Mar/2024:01:44:05 -0500] "GET /catalogoisis/imagenes/br2c1.gif HTTP/1.1" 200 297
186.154.123.51 - - [18/Mar/2024:01:44:05 -0500] "GET /catalogoisis/imagenes/br3c1.gif HTTP/1.1" 200 177
186.154.123.51 - - [18/Mar/2024:01:44:05 -0500] "GET /catalogoisis/imagenes/br2c3.gif HTTP/1.1" 200 416
186.154.123.51 - - [18/Mar/2024:01:44:05 -0500] "GET /catalogoisis/imagenes/br2c2.gif HTTP/1.1" 200 302
186.154.123.51 - - [18/Mar/2024:01:44:05 -0500] "GET /catalogoisis/imagenes/br3c2.gif HTTP/1.1" 200 285
186.154.123.51 - - [18/Mar/2024:01:44:05 -0500] "GET /catalogoisis/imagenes/br1c2.gif HTTP/1.1" 200 297
186.154.123.51 - - [18/Mar/2024:01:44:06 -0500] "GET /favicon.ico HTTP/1.1" 200 7782
201.245.192.253 - - [18/Mar/2024:01:44:35 -0500] "POST /forms/lservlet;jsessionid=ac16012b30d60c378208792d4757a508e4811830dca4.e3iSbxaKaheRe3iNc3uNbNmQay1ynknvrkLOlQzNp65In0 HTTP/1.1" 200 2
216.244.66.195 - - [18/Mar/2024:01:45:45 -0500] "GET /robots.txt HTTP/1.1" 404 1018
201.245.192.253 - - [18/Mar/2024:01:45:54 -0500] "POST /forms/lservlet;jsessionid=ac16012b30d672fb2ec093aa4748bf0691d1e088fe72.e3iSbxaKaheRe3iNc3uNbNmQay1ynknvrkLOlQzNp65In0 HTTP/1.1" 200 2
201.245.192.253 - - [18/Mar/2024:01:46:22 -0500] "POST /kwsrmcab/Wsrmcab  HTTP/1.1" 200 37824
201.245.192.253 - - [18/Mar/2024:01:46:35 -0500] "POST /forms/lservlet;jsessionid=ac16012b30d60c378208792d4757a508e4811830dca4.e3iSbxaKaheRe3iNc3uNbNmQay1ynknvrkLOlQzNp65In0 HTTP/1.1" 200 2
216.245.221.92 - - [18/Mar/2024:01:47:02 -0500] "HEAD / HTTP/1.1" 200 -
172.22.2.4 - - [18/Mar/2024:01:45:25 -0500] "HEAD /BLA/boletinlegal/ HTTP/1.1" 200 -
201.245.192.253 - - [18/Mar/2024:01:47:54 -0500] "POST /forms/lservlet;jsessionid=ac16012b30d672fb2ec093aa4748bf0691d1e088fe72.e3iSbxaKaheRe3iNc3uNbNmQay1ynknvrkLOlQzNp65In0 HTTP/1.1" 200 2
172.22.2.4 - - [18/Mar/2024:01:46:16 -0500] "GET /BLA/boletinlegal/ HTTP/1.1" 200 58273
201.245.192.253 - - [18/Mar/2024:01:48:35 -0500] "POST /forms/lservlet;jsessionid=ac16012b30d60c378208792d4757a508e4811830dca4.e3iSbxaKaheRe3iNc3uNbNmQay1ynknvrkLOlQzNp65In0 HTTP/1.1" 200 2
164.52.0.94 - - [18/Mar/2024:01:48:43 -0500] "GET /portaldeninos/ HTTP/1.1" 200 110175
52.167.144.222 - - [18/Mar/2024:01:49:46 -0500] "GET /BLA/resoluciones/AUTOS%202018/0590.pdf HTTP/1.1" 304 -
201.245.192.253 - - [18/Mar/2024:01:49:54 -0500] "POST /forms/lservlet;jsessionid=ac16012b30d672fb2ec093aa4748bf0691d1e088fe72.e3iSbxaKaheRe3iNc3uNbNmQay1ynknvrkLOlQzNp65In0 HTTP/1.1" 200 2
172.22.2.4 - - [18/Mar/2024:01:49:57 -0500] "GET /BLA/boletinlegal/robots.txt HTTP/1.1" 404 1140
207.46.13.14 - - [18/Mar/2024:01:50:10 -0500] "GET /Publicaciones/2023EE230701.pdf HTTP/1.1" 404 228
201.245.192.253 - - [18/Mar/2024:01:50:35 -0500] "POST /forms/lservlet;jsessionid=ac16012b30d60c378208792d4757a508e4811830dca4.e3iSbxaKaheRe3iNc3uNbNmQay1ynknvrkLOlQzNp65In0 HTTP/1.1" 200 2
201.245.192.253 - - [18/Mar/2024:01:51:21 -0500] "POST /kwsrmcab/Wsrmcab  HTTP/1.1" 200 37824
201.245.192.253 - - [18/Mar/2024:01:51:54 -0500] "POST /forms/lservlet;jsessionid=ac16012b30d672fb2ec093aa4748bf0691d1e088fe72.e3iSbxaKaheRe3iNc3uNbNmQay1ynknvrkLOlQzNp65In0 HTTP/1.1" 200 2
216.245.221.92 - - [18/Mar/2024:01:52:02 -0500] "HEAD / HTTP/1.1" 200 -
201.245.192.253 - - [18/Mar/2024:01:52:35 -0500] "POST /forms/lservlet;jsessionid=ac16012b30d60c378208792d4757a508e4811830dca4.e3iSbxaKaheRe3iNc3uNbNmQay1ynknvrkLOlQzNp65In0 HTTP/1.1" 200 2
172.22.2.4 - - [18/Mar/2024:01:51:15 -0500] "HEAD /BLA/boletinlegal/ HTTP/1.1" 200 -
168.119.253.32 - - [18/Mar/2024:01:53:21 -0500] "GET / HTTP/1.1" 200 4720
172.22.2.4 - - [18/Mar/2024:01:52:05 -0500] "GET /BLA/boletinlegal/ HTTP/1.1" 200 58273
201.245.192.253 - - [18/Mar/2024:01:53:54 -0500] "POST /forms/lservlet;jsessionid=ac16012b30d672fb2ec093aa4748bf0691d1e088fe72.e3iSbxaKaheRe3iNc3uNbNmQay1ynknvrkLOlQzNp65In0 HTTP/1.1" 200 2
201.245.192.253 - - [18/Mar/2024:01:54:35 -0500] "POST /forms/lservlet;jsessionid=ac16012b30d60c378208792d4757a508e4811830dca4.e3iSbxaKaheRe3iNc3uNbNmQay1ynknvrkLOlQzNp65In0 HTTP/1.1" 200 2
201.245.192.253 - - [18/Mar/2024:01:55:54 -0500] "POST /forms/lservlet;jsessionid=ac16012b30d672fb2ec093aa4748bf0691d1e088fe72.e3iSbxaKaheRe3iNc3uNbNmQay1ynknvrkLOlQzNp65In0 HTTP/1.1" 200 2
201.245.192.253 - - [18/Mar/2024:01:56:20 -0500] "POST /kwsrmcab/Wsrmcab  HTTP/1.1" 200 37824
201.245.192.253 - - [18/Mar/2024:01:56:35 -0500] "POST /forms/lservlet;jsessionid=ac16012b30d60c378208792d4757a508e4811830dca4.e3iSbxaKaheRe3iNc3uNbNmQay1ynknvrkLOlQzNp65In0 HTTP/1.1" 200 2
216.245.221.92 - - [18/Mar/2024:01:57:02 -0500] "HEAD / HTTP/1.1" 200 -
201.245.192.253 - - [18/Mar/2024:01:57:54 -0500] "POST /forms/lservlet;jsessionid=ac16012b30d672fb2ec093aa4748bf0691d1e088fe72.e3iSbxaKaheRe3iNc3uNbNmQay1ynknvrkLOlQzNp65In0 HTTP/1.1" 200 2
201.245.192.253 - - [18/Mar/2024:01:58:35 -0500] "POST /forms/lservlet;jsessionid=ac16012b30d60c378208792d4757a508e4811830dca4.e3iSbxaKaheRe3iNc3uNbNmQay1ynknvrkLOlQzNp65In0 HTTP/1.1" 200 2
172.22.2.4 - - [18/Mar/2024:01:57:05 -0500] "HEAD /BLA/boletinlegal/ HTTP/1.1" 200 -
172.22.2.4 - - [18/Mar/2024:01:57:55 -0500] "GET /BLA/boletinlegal/ HTTP/1.1" 200 54300
201.245.192.253 - - [18/Mar/2024:01:59:54 -0500] "POST /forms/lservlet;jsessionid=ac16012b30d672fb2ec093aa4748bf0691d1e088fe72.e3iSbxaKaheRe3iNc3uNbNmQay1ynknvrkLOlQzNp65In0 HTTP/1.1" 200 2
201.245.192.253 - - [18/Mar/2024:02:00:35 -0500] "POST /forms/lservlet;jsessionid=ac16012b30d60c378208792d4757a508e4811830dca4.e3iSbxaKaheRe3iNc3uNbNmQay1ynknvrkLOlQzNp65In0 HTTP/1.1" 200 2
172.22.2.4 - - [18/Mar/2024:01:59:15 -0500] "HEAD /BLA/boletinlegal/ HTTP/1.1" 200 -
201.245.192.253 - - [18/Mar/2024:02:01:18 -0500] "POST /kwsrmcab/Wsrmcab  HTTP/1.1" 200 37824
172.22.2.4 - - [18/Mar/2024:01:59:50 -0500] "GET /BLA/boletinlegal/ HTTP/1.1" 200 57136
201.245.192.253 - - [18/Mar/2024:02:01:54 -0500] "POST /forms/lservlet;jsessionid=ac16012b30d672fb2ec093aa4748bf0691d1e088fe72.e3iSbxaKaheRe3iNc3uNbNmQay1ynknvrkLOlQzNp65In0 HTTP/1.1" 200 2
216.245.221.92 - - [18/Mar/2024:02:02:02 -0500] "HEAD / HTTP/1.1" 200 -
201.245.192.253 - - [18/Mar/2024:02:02:35 -0500] "POST /forms/lservlet;jsessionid=ac16012b30d60c378208792d4757a508e4811830dca4.e3iSbxaKaheRe3iNc3uNbNmQay1ynknvrkLOlQzNp65In0 HTTP/1.1" 200 2
165.22.43.181 - - [18/Mar/2024:02:02:56 -0500] "GET /.git/config HTTP/1.1" 404 1018
208.100.26.248 - - [18/Mar/2024:02:03:05 -0500] "GET / HTTP/1.1" 200 319
201.245.192.253 - - [18/Mar/2024:02:03:54 -0500] "POST /forms/lservlet;jsessionid=ac16012b30d672fb2ec093aa4748bf0691d1e088fe72.e3iSbxaKaheRe3iNc3uNbNmQay1ynknvrkLOlQzNp65In0 HTTP/1.1" 200 2
52.167.144.17 - - [18/Mar/2024:02:04:19 -0500] "GET /BLA/resoluciones/RESOLUCIONES%202004/RESOLUCION%20212%20DE%202004.PDF HTTP/1.1" 200 947470
172.22.2.4 - - [18/Mar/2024:02:02:55 -0500] "HEAD /BLA/boletinlegal/ HTTP/1.1" 200 -
201.245.192.253 - - [18/Mar/2024:02:04:35 -0500] "POST /forms/lservlet;jsessionid=ac16012b30d60c378208792d4757a508e4811830dca4.e3iSbxaKaheRe3iNc3uNbNmQay1ynknvrkLOlQzNp65In0 HTTP/1.1" 200 2
172.22.2.4 - - [18/Mar/2024:02:03:45 -0500] "GET /BLA/boletinlegal/ HTTP/1.1" 200 53419
201.245.192.253 - - [18/Mar/2024:02:05:54 -0500] "POST /forms/lservlet;jsessionid=ac16012b30d672fb2ec093aa4748bf0691d1e088fe72.e3iSbxaKaheRe3iNc3uNbNmQay1ynknvrkLOlQzNp65In0 HTTP/1.1" 200 2
201.245.192.253 - - [18/Mar/2024:02:06:16 -0500] "POST /kwsrmcab/Wsrmcab  HTTP/1.1" 200 37824
201.245.192.253 - - [18/Mar/2024:02:06:35 -0500] "POST /forms/lservlet;jsessionid=ac16012b30d60c378208792d4757a508e4811830dca4.e3iSbxaKaheRe3iNc3uNbNmQay1ynknvrkLOlQzNp65In0 HTTP/1.1" 200 2
216.245.221.92 - - [18/Mar/2024:02:07:02 -0500] "HEAD / HTTP/1.1" 200 -
172.22.2.4 - - [18/Mar/2024:02:07:16 -0500] "GET /BLA/boletinlegal/jurisprudencia.php HTTP/1.1" 200 17637
34.198.201.66 - - [18/Mar/2024:02:07:18 -0500] "HEAD / HTTP/1.1" 200 -
201.245.192.253 - - [18/Mar/2024:02:07:54 -0500] "POST /forms/lservlet;jsessionid=ac16012b30d672fb2ec093aa4748bf0691d1e088fe72.e3iSbxaKaheRe3iNc3uNbNmQay1ynknvrkLOlQzNp65In0 HTTP/1.1" 200 2
172.22.2.4 - - [18/Mar/2024:02:08:13 -0500] "GET /BLA/boletinlegal/js/lib.js HTTP/1.1" 200 6474
172.22.2.4 - - [18/Mar/2024:02:08:17 -0500] "GET /BLA/boletinlegal/js/jquery1.js HTTP/1.1" 200 29846
172.22.2.4 - - [18/Mar/2024:02:08:17 -0500] "GET /BLA/boletinlegal/js/popup.js HTTP/1.1" 200 1270
201.245.192.253 - - [18/Mar/2024:02:08:35 -0500] "POST /forms/lservlet;jsessionid=ac16012b30d60c378208792d4757a508e4811830dca4.e3iSbxaKaheRe3iNc3uNbNmQay1ynknvrkLOlQzNp65In0 HTTP/1.1" 200 2
201.245.192.253 - - [18/Mar/2024:02:09:54 -0500] "POST /forms/lservlet;jsessionid=ac16012b30d672fb2ec093aa4748bf0691d1e088fe72.e3iSbxaKaheRe3iNc3uNbNmQay1ynknvrkLOlQzNp65In0 HTTP/1.1" 200 2
172.22.2.4 - - [18/Mar/2024:02:08:45 -0500] "HEAD /BLA/boletinlegal/ HTTP/1.1" 200 -
201.245.192.253 - - [18/Mar/2024:02:10:35 -0500] "POST /forms/lservlet;jsessionid=ac16012b30d60c378208792d4757a508e4811830dca4.e3iSbxaKaheRe3iNc3uNbNmQay1ynknvrkLOlQzNp65In0 HTTP/1.1" 200 2
172.22.2.4 - - [18/Mar/2024:02:09:35 -0500] "GET /BLA/boletinlegal/ HTTP/1.1" 200 53818
201.245.192.253 - - [18/Mar/2024:02:11:15 -0500] "POST /kwsrmcab/Wsrmcab  HTTP/1.1" 200 37824
201.245.192.253 - - [18/Mar/2024:02:11:54 -0500] "POST /forms/lservlet;jsessionid=ac16012b30d672fb2ec093aa4748bf0691d1e088fe72.e3iSbxaKaheRe3iNc3uNbNmQay1ynknvrkLOlQzNp65In0 HTTP/1.1" 200 2
216.245.221.92 - - [18/Mar/2024:02:12:02 -0500] "HEAD / HTTP/1.1" 200 -
201.245.192.253 - - [18/Mar/2024:02:12:35 -0500] "POST /forms/lservlet;jsessionid=ac16012b30d60c378208792d4757a508e4811830dca4.e3iSbxaKaheRe3iNc3uNbNmQay1ynknvrkLOlQzNp65In0 HTTP/1.1" 200 2
201.245.192.253 - - [18/Mar/2024:02:13:54 -0500] "POST /forms/lservlet;jsessionid=ac16012b30d672fb2ec093aa4748bf0691d1e088fe72.e3iSbxaKaheRe3iNc3uNbNmQay1ynknvrkLOlQzNp65In0 HTTP/1.1" 200 2
201.245.192.253 - - [18/Mar/2024:02:14:35 -0500] "POST /forms/lservlet;jsessionid=ac16012b30d60c378208792d4757a508e4811830dca4.e3iSbxaKaheRe3iNc3uNbNmQay1ynknvrkLOlQzNp65In0 HTTP/1.1" 200 2
201.245.192.253 - - [18/Mar/2024:02:15:54 -0500] "POST /forms/lservlet;jsessionid=ac16012b30d672fb2ec093aa4748bf0691d1e088fe72.e3iSbxaKaheRe3iNc3uNbNmQay1ynknvrkLOlQzNp65In0 HTTP/1.1" 200 2
201.245.192.253 - - [18/Mar/2024:02:16:13 -0500] "POST /kwsrmcab/Wsrmcab  HTTP/1.1" 200 37824
172.22.2.4 - - [18/Mar/2024:02:14:35 -0500] "HEAD /BLA/boletinlegal/ HTTP/1.1" 200 -
201.245.192.253 - - [18/Mar/2024:02:16:35 -0500] "POST /forms/lservlet;jsessionid=ac16012b30d60c378208792d4757a508e4811830dca4.e3iSbxaKaheRe3iNc3uNbNmQay1ynknvrkLOlQzNp65In0 HTTP/1.1" 200 2
216.245.221.92 - - [18/Mar/2024:02:17:02 -0500] "HEAD / HTTP/1.1" 200 -
172.22.2.4 - - [18/Mar/2024:02:15:25 -0500] "GET /BLA/boletinlegal/ HTTP/1.1" 200 58273
201.245.192.253 - - [18/Mar/2024:02:17:54 -0500] "POST /forms/lservlet;jsessionid=ac16012b30d672fb2ec093aa4748bf0691d1e088fe72.e3iSbxaKaheRe3iNc3uNbNmQay1ynknvrkLOlQzNp65In0 HTTP/1.1" 200 2
201.245.192.253 - - [18/Mar/2024:02:18:35 -0500] "POST /forms/lservlet;jsessionid=ac16012b30d60c378208792d4757a508e4811830dca4.e3iSbxaKaheRe3iNc3uNbNmQay1ynknvrkLOlQzNp65In0 HTTP/1.1" 200 2
201.245.192.253 - - [18/Mar/2024:02:19:44 -0500] "GET /kwsrmcab/Wsrmcab?wsdl HTTP/1.1" 200 6948
201.245.192.253 - - [18/Mar/2024:02:19:44 -0500] "POST /kwsrmcab/Wsrmcab HTTP/1.1" 200 37368
201.245.192.253 - - [18/Mar/2024:02:19:14 -0500] "POST /kwsrmcab/Wsrmcab HTTP/1.1" 200 36859
201.245.192.253 - - [18/Mar/2024:02:19:45 -0500] "GET /kwsrmcab/Wsrmcab?wsdl HTTP/1.1" 200 6948
201.245.192.253 - - [18/Mar/2024:02:19:45 -0500] "POST /kwsrmcab/Wsrmcab HTTP/1.1" 200 37693
172.22.2.4 - - [18/Mar/2024:02:19:53 -0500] "GET /BLA/boletinlegal/normativa.php HTTP/1.1" 200 8397
172.22.2.4 - - [18/Mar/2024:02:19:53 -0500] "GET /BLA/boletinlegal/js/ajax_normativa.js HTTP/1.1" 200 1154
201.245.192.253 - - [18/Mar/2024:02:19:54 -0500] "POST /forms/lservlet;jsessionid=ac16012b30d672fb2ec093aa4748bf0691d1e088fe72.e3iSbxaKaheRe3iNc3uNbNmQay1ynknvrkLOlQzNp65In0 HTTP/1.1" 200 2
34.140.130.61 - - [18/Mar/2024:02:20:05 -0500] "GET / HTTP/1.1" 200 319
201.245.192.253 - - [18/Mar/2024:02:20:23 -0500] "POST /kwsrmcab/Wsrmcab HTTP/1.1" 200 37693
201.245.192.253 - - [18/Mar/2024:02:20:35 -0500] "POST /forms/lservlet;jsessionid=ac16012b30d60c378208792d4757a508e4811830dca4.e3iSbxaKaheRe3iNc3uNbNmQay1ynknvrkLOlQzNp65In0 HTTP/1.1" 200 2
172.22.2.4 - - [18/Mar/2024:02:21:07 -0500] "GET /BLA/boletinlegal/robots.txt HTTP/1.1" 404 1038
201.245.192.253 - - [18/Mar/2024:02:21:11 -0500] "POST /kwsrmcab/Wsrmcab  HTTP/1.1" 200 37824
172.22.2.4 - - [18/Mar/2024:02:21:51 -0500] "GET /BLA/boletinlegal/robots.txt HTTP/1.1" 404 1038
201.245.192.253 - - [18/Mar/2024:02:21:54 -0500] "POST /forms/lservlet;jsessionid=ac16012b30d672fb2ec093aa4748bf0691d1e088fe72.e3iSbxaKaheRe3iNc3uNbNmQay1ynknvrkLOlQzNp65In0 HTTP/1.1" 200 2
216.245.221.92 - - [18/Mar/2024:02:22:02 -0500] "HEAD / HTTP/1.1" 200 -
172.22.2.4 - - [18/Mar/2024:02:20:25 -0500] "HEAD /BLA/boletinlegal/ HTTP/1.1" 200 -
201.245.192.253 - - [18/Mar/2024:02:22:35 -0500] "POST /forms/lservlet;jsessionid=ac16012b30d60c378208792d4757a508e4811830dca4.e3iSbxaKaheRe3iNc3uNbNmQay1ynknvrkLOlQzNp65In0 HTTP/1.1" 200 2
172.22.2.4 - - [18/Mar/2024:02:21:15 -0500] "GET /BLA/boletinlegal/ HTTP/1.1" 200 58273
52.167.144.138 - - [18/Mar/2024:02:22:59 -0500] "GET /BLA/resoluciones/RESOLUCIONES%202022/2798.pdf HTTP/1.1" 200 869668
201.245.192.253 - - [18/Mar/2024:02:23:54 -0500] "POST /forms/lservlet;jsessionid=ac16012b30d672fb2ec093aa4748bf0691d1e088fe72.e3iSbxaKaheRe3iNc3uNbNmQay1ynknvrkLOlQzNp65In0 HTTP/1.1" 200 2
201.245.192.253 - - [18/Mar/2024:02:24:35 -0500] "POST /forms/lservlet;jsessionid=ac16012b30d60c378208792d4757a508e4811830dca4.e3iSbxaKaheRe3iNc3uNbNmQay1ynknvrkLOlQzNp65In0 HTTP/1.1" 200 2
216.244.66.195 - - [18/Mar/2024:02:25:27 -0500] "GET /BLA/resoluciones/RESOLUCIONES%202023/03074.pdf HTTP/1.1" 200 504485
201.245.192.253 - - [18/Mar/2024:02:25:54 -0500] "POST /forms/lservlet;jsessionid=ac16012b30d672fb2ec093aa4748bf0691d1e088fe72.e3iSbxaKaheRe3iNc3uNbNmQay1ynknvrkLOlQzNp65In0 HTTP/1.1" 200 2
201.245.192.253 - - [18/Mar/2024:02:26:10 -0500] "POST /kwsrmcab/Wsrmcab  HTTP/1.1" 200 37824
201.245.192.253 - - [18/Mar/2024:02:26:35 -0500] "POST /forms/lservlet;jsessionid=ac16012b30d60c378208792d4757a508e4811830dca4.e3iSbxaKaheRe3iNc3uNbNmQay1ynknvrkLOlQzNp65In0 HTTP/1.1" 200 2
216.245.221.92 - - [18/Mar/2024:02:27:02 -0500] "HEAD / HTTP/1.1" 200 -
114.119.132.238 - - [18/Mar/2024:02:27:47 -0500] "GET /BLA/resoluciones/index.php?dir=Notificaciones/REGISTROS%2B2023/&sort=size&order=asc HTTP/1.1" 200 14365
201.245.192.253 - - [18/Mar/2024:02:27:54 -0500] "POST /forms/lservlet;jsessionid=ac16012b30d672fb2ec093aa4748bf0691d1e088fe72.e3iSbxaKaheRe3iNc3uNbNmQay1ynknvrkLOlQzNp65In0 HTTP/1.1" 200 2
172.22.2.4 - - [18/Mar/2024:02:26:15 -0500] "HEAD /BLA/boletinlegal/ HTTP/1.1" 200 -
201.245.192.253 - - [18/Mar/2024:02:28:35 -0500] "POST /forms/lservlet;jsessionid=ac16012b30d60c378208792d4757a508e4811830dca4.e3iSbxaKaheRe3iNc3uNbNmQay1ynknvrkLOlQzNp65In0 HTTP/1.1" 200 2
172.22.2.4 - - [18/Mar/2024:02:27:05 -0500] "GET /BLA/boletinlegal/ HTTP/1.1" 200 59967
201.245.192.253 - - [18/Mar/2024:02:29:45 -0500] "POST /kwsrmcab/Wsrmcab HTTP/1.1" 200 37368
201.245.192.253 - - [18/Mar/2024:02:29:14 -0500] "POST /kwsrmcab/Wsrmcab HTTP/1.1" 200 36859
201.245.192.253 - - [18/Mar/2024:02:29:46 -0500] "POST /kwsrmcab/Wsrmcab HTTP/1.1" 200 37693
201.245.192.253 - - [18/Mar/2024:02:29:54 -0500] "POST /forms/lservlet;jsessionid=ac16012b30d672fb2ec093aa4748bf0691d1e088fe72.e3iSbxaKaheRe3iNc3uNbNmQay1ynknvrkLOlQzNp65In0 HTTP/1.1" 200 2
172.22.2.4 - - [18/Mar/2024:02:28:52 -0500] "HEAD /BLA/boletinlegal/ HTTP/1.1" 200 -
201.245.192.253 - - [18/Mar/2024:02:30:35 -0500] "POST /forms/lservlet;jsessionid=ac16012b30d60c378208792d4757a508e4811830dca4.e3iSbxaKaheRe3iNc3uNbNmQay1ynknvrkLOlQzNp65In0 HTTP/1.1" 200 2
201.245.192.253 - - [18/Mar/2024:02:30:28 -0500] "POST /kwsrmcab/Wsrmcab HTTP/1.1" 200 37693
201.245.192.253 - - [18/Mar/2024:02:31:08 -0500] "POST /kwsrmcab/Wsrmcab  HTTP/1.1" 200 37824
172.22.2.4 - - [18/Mar/2024:02:29:31 -0500] "GET /BLA/boletinlegal/ HTTP/1.1" 200 51133
47.128.98.137 - - [18/Mar/2024:02:31:29 -0500] "GET /BLA/resoluciones/AUTOS%202021/0245.php?act=f&d=E%3A%5Cnuevo%5Chtdocs%5CBLA%5Cresoluciones%5CAUTOS+2021%5C&f=6211.pdf&ft=sdb&white=1 HTTP/1.1" 200 3015
47.128.98.137 - - [18/Mar/2024:02:31:30 -0500] "GET /BLA/resoluciones/AUTOS%202021/0245.php?act=img&img=ext_gif HTTP/1.1" 200 175
47.128.98.137 - - [18/Mar/2024:02:31:30 -0500] "GET /BLA/resoluciones/AUTOS%202021/0245.php?act=img&img=ext_exe HTTP/1.1" 200 118
