181.53.13.222 - - [18/Mar/2024:07:13:02 -0500] "GET /sipse/faces/javax.faces.resource/layout/layout.js?ln=primefaces&v=4.0 HTTP/1.1" 304 -
181.53.13.222 - - [18/Mar/2024:07:13:02 -0500] "GET /sipse/css/imagen/logoSDG.png HTTP/1.1" 304 -
181.53.13.222 - - [18/Mar/2024:07:13:02 -0500] "GET /sipse/css/imagen/loginimg.png HTTP/1.1" 304 -
181.53.13.222 - - [18/Mar/2024:07:13:02 -0500] "GET /sipse/faces/javax.faces.resource/images/ui-icons_898989_256x240.png?ln=primefaces-aristo HTTP/1.1" 304 -
172.22.2.4 - - [18/Mar/2024:07:12:04 -0500] "HEAD /BLA/boletinlegal/ HTTP/1.1" 200 -
201.245.192.253 - - [18/Mar/2024:07:13:55 -0500] "POST /forms/lservlet;jsessionid=ac16012b30d672fb2ec093aa4748bf0691d1e088fe72.e3iSbxaKaheRe3iNc3uNbNmQay1ynknvrkLOlQzNp65In0 HTTP/1.1" 200 2
172.22.2.4 - - [18/Mar/2024:07:12:50 -0500] "GET /BLA/boletinlegal/ HTTP/1.1" 200 43983
172.22.2.4 - - [18/Mar/2024:07:12:55 -0500] "GET /BLA/boletinlegal/ HTTP/1.1" 200 44737
201.245.192.253 - - [18/Mar/2024:07:14:36 -0500] "POST /forms/lservlet;jsessionid=ac16012b30d60c378208792d4757a508e4811830dca4.e3iSbxaKaheRe3iNc3uNbNmQay1ynknvrkLOlQzNp65In0 HTTP/1.1" 200 2
201.245.192.253 - - [18/Mar/2024:07:14:47 -0500] "POST /kwsrmcab/Wsrmcab  HTTP/1.1" 200 37824
185.68.184.80 - - [18/Mar/2024:07:14:48 -0500] "GET /BLA/boletinlegal/admin/index.php HTTP/1.1" 200 2324
185.14.194.126 - - [18/Mar/2024:07:14:48 -0500] "GET /BLA/boletinlegal/admin/index.php HTTP/1.1" 200 2324
201.245.192.253 - - [18/Mar/2024:07:15:55 -0500] "POST /forms/lservlet;jsessionid=ac16012b30d672fb2ec093aa4748bf0691d1e088fe72.e3iSbxaKaheRe3iNc3uNbNmQay1ynknvrkLOlQzNp65In0 HTTP/1.1" 200 2
201.245.192.253 - - [18/Mar/2024:07:16:36 -0500] "POST /forms/lservlet;jsessionid=ac16012b30d60c378208792d4757a508e4811830dca4.e3iSbxaKaheRe3iNc3uNbNmQay1ynknvrkLOlQzNp65In0 HTTP/1.1" 200 2
216.245.221.92 - - [18/Mar/2024:07:17:01 -0500] "HEAD / HTTP/1.1" 200 -
181.53.13.222 - - [18/Mar/2024:07:17:50 -0500] "POST /sipse/faces/presentacion/financiero/solicitudProceso/consultarSolicitudProceso.xhtml HTTP/1.1" 200 21235
181.53.13.222 - - [18/Mar/2024:07:17:51 -0500] "GET /sipse/faces/javax.faces.resource/theme.css?ln=primefaces-sipse HTTP/1.1" 304 -
181.53.13.222 - - [18/Mar/2024:07:17:51 -0500] "GET /sipse/faces/javax.faces.resource/fileupload/fileupload.css?ln=primefaces&v=4.0 HTTP/1.1" 304 -
181.53.13.222 - - [18/Mar/2024:07:17:51 -0500] "GET /sipse/faces/javax.faces.resource/jquery/jquery.js?ln=primefaces&v=4.0 HTTP/1.1" 304 -
181.53.13.222 - - [18/Mar/2024:07:17:51 -0500] "GET /sipse/faces/javax.faces.resource/jquery/jquery-plugins.js?ln=primefaces&v=4.0 HTTP/1.1" 304 -
181.53.13.222 - - [18/Mar/2024:07:17:51 -0500] "GET /sipse/faces/javax.faces.resource/layout/layout.js?ln=primefaces&v=4.0 HTTP/1.1" 304 -
181.53.13.222 - - [18/Mar/2024:07:17:51 -0500] "GET /sipse/faces/javax.faces.resource/primefaces.js?ln=primefaces&v=4.0 HTTP/1.1" 304 -
181.53.13.222 - - [18/Mar/2024:07:17:51 -0500] "GET /sipse/faces/javax.faces.resource/primefaces.css?ln=primefaces&v=4.0 HTTP/1.1" 304 -
181.53.13.222 - - [18/Mar/2024:07:17:51 -0500] "GET /sipse/faces/javax.faces.resource/layout/layout.css?ln=primefaces&v=4.0 HTTP/1.1" 304 -
181.53.13.222 - - [18/Mar/2024:07:17:51 -0500] "GET /sipse/faces/javax.faces.resource/fileupload/fileupload.js?ln=primefaces&v=4.0 HTTP/1.1" 304 -
181.53.13.222 - - [18/Mar/2024:07:17:51 -0500] "GET /sipse/faces/javax.faces.resource/images/ui-icons_898989_256x240.png?ln=primefaces-aristo HTTP/1.1" 304 -
201.245.192.253 - - [18/Mar/2024:07:17:55 -0500] "POST /forms/lservlet;jsessionid=ac16012b30d672fb2ec093aa4748bf0691d1e088fe72.e3iSbxaKaheRe3iNc3uNbNmQay1ynknvrkLOlQzNp65In0 HTTP/1.1" 200 2
181.53.13.222 - - [18/Mar/2024:07:17:59 -0500] "GET /sipse/faces/javax.faces.resource/theme.css?ln=primefaces-sipse HTTP/1.1" 304 -
181.53.13.222 - - [18/Mar/2024:07:17:59 -0500] "GET /sipse/faces/javax.faces.resource/primefaces.css?ln=primefaces&v=4.0 HTTP/1.1" 304 -
181.53.13.222 - - [18/Mar/2024:07:17:59 -0500] "GET /sipse/faces/javax.faces.resource/jquery/jquery.js?ln=primefaces&v=4.0 HTTP/1.1" 304 -
181.53.13.222 - - [18/Mar/2024:07:17:59 -0500] "GET /sipse/faces/javax.faces.resource/layout/layout.css?ln=primefaces&v=4.0 HTTP/1.1" 304 -
181.53.13.222 - - [18/Mar/2024:07:17:59 -0500] "GET /sipse/faces/javax.faces.resource/jquery/jquery-plugins.js?ln=primefaces&v=4.0 HTTP/1.1" 304 -
181.53.13.222 - - [18/Mar/2024:07:17:59 -0500] "GET /sipse/faces/javax.faces.resource/primefaces.js?ln=primefaces&v=4.0 HTTP/1.1" 304 -
181.53.13.222 - - [18/Mar/2024:07:17:59 -0500] "GET /sipse/faces/javax.faces.resource/layout/layout.js?ln=primefaces&v=4.0 HTTP/1.1" 304 -
181.53.13.222 - - [18/Mar/2024:07:17:59 -0500] "POST /sipse/faces/presentacion/sistema/anexos/cargarAnexoSolicitudProceso.xhtml HTTP/1.1" 200 173985
181.53.13.222 - - [18/Mar/2024:07:17:59 -0500] "GET /sipse/faces/javax.faces.resource/images/ui-icons_898989_256x240.png?ln=primefaces-aristo HTTP/1.1" 304 -
181.53.13.222 - - [18/Mar/2024:07:18:17 -0500] "POST /sipse/faces/presentacion/financiero/solicitudProceso/consultarSolicitudProceso.xhtml HTTP/1.1" 200 29328
181.53.13.222 - - [18/Mar/2024:07:18:18 -0500] "GET /sipse/faces/javax.faces.resource/theme.css?ln=primefaces-sipse HTTP/1.1" 304 -
181.53.13.222 - - [18/Mar/2024:07:18:18 -0500] "GET /sipse/faces/javax.faces.resource/jquery/jquery-plugins.js?ln=primefaces&v=4.0 HTTP/1.1" 304 -
181.53.13.222 - - [18/Mar/2024:07:18:18 -0500] "GET /sipse/faces/javax.faces.resource/jquery/jquery.js?ln=primefaces&v=4.0 HTTP/1.1" 304 -
181.53.13.222 - - [18/Mar/2024:07:18:18 -0500] "GET /sipse/faces/javax.faces.resource/primefaces.css?ln=primefaces&v=4.0 HTTP/1.1" 304 -
181.53.13.222 - - [18/Mar/2024:07:18:18 -0500] "GET /sipse/faces/javax.faces.resource/primefaces.js?ln=primefaces&v=4.0 HTTP/1.1" 304 -
181.53.13.222 - - [18/Mar/2024:07:18:18 -0500] "GET /sipse/faces/javax.faces.resource/layout/layout.css?ln=primefaces&v=4.0 HTTP/1.1" 304 -
181.53.13.222 - - [18/Mar/2024:07:18:18 -0500] "GET /sipse/faces/javax.faces.resource/layout/layout.js?ln=primefaces&v=4.0 HTTP/1.1" 304 -
181.53.13.222 - - [18/Mar/2024:07:18:18 -0500] "GET /sipse/faces/javax.faces.resource/images/ui-icons_898989_256x240.png?ln=primefaces-aristo HTTP/1.1" 304 -
201.245.192.253 - - [18/Mar/2024:07:18:36 -0500] "POST /forms/lservlet;jsessionid=ac16012b30d60c378208792d4757a508e4811830dca4.e3iSbxaKaheRe3iNc3uNbNmQay1ynknvrkLOlQzNp65In0 HTTP/1.1" 200 2
181.53.13.222 - - [18/Mar/2024:07:18:38 -0500] "GET /sipse/faces/javax.faces.resource/theme.css?ln=primefaces-sipse HTTP/1.1" 304 -
181.53.13.222 - - [18/Mar/2024:07:18:38 -0500] "GET /sipse/faces/javax.faces.resource/layout/layout.css?ln=primefaces&v=4.0 HTTP/1.1" 304 -
181.53.13.222 - - [18/Mar/2024:07:18:38 -0500] "GET /sipse/faces/javax.faces.resource/primefaces.css?ln=primefaces&v=4.0 HTTP/1.1" 304 -
181.53.13.222 - - [18/Mar/2024:07:18:38 -0500] "GET /sipse/faces/javax.faces.resource/jquery/jquery.js?ln=primefaces&v=4.0 HTTP/1.1" 304 -
181.53.13.222 - - [18/Mar/2024:07:18:38 -0500] "GET /sipse/faces/javax.faces.resource/jquery/jquery-plugins.js?ln=primefaces&v=4.0 HTTP/1.1" 304 -
181.53.13.222 - - [18/Mar/2024:07:18:38 -0500] "GET /sipse/faces/javax.faces.resource/layout/layout.js?ln=primefaces&v=4.0 HTTP/1.1" 304 -
181.53.13.222 - - [18/Mar/2024:07:18:38 -0500] "GET /sipse/faces/javax.faces.resource/primefaces.js?ln=primefaces&v=4.0 HTTP/1.1" 304 -
181.53.13.222 - - [18/Mar/2024:07:18:38 -0500] "POST /sipse/faces/presentacion/financiero/solicitudProceso/consultarHistorialSolProceso.xhtml HTTP/1.1" 200 173985
181.53.13.222 - - [18/Mar/2024:07:18:39 -0500] "GET /sipse/faces/javax.faces.resource/images/ui-icons_898989_256x240.png?ln=primefaces-aristo HTTP/1.1" 304 -
181.53.13.222 - - [18/Mar/2024:07:18:51 -0500] "POST /sipse/faces/presentacion/financiero/solicitudProceso/consultarSolicitudProceso.xhtml HTTP/1.1" 200 56347
181.53.13.222 - - [18/Mar/2024:07:19:03 -0500] "POST /sipse/faces/presentacion/financiero/solicitudProceso/consultarSolicitudProceso.xhtml HTTP/1.1" 200 29328
181.53.13.222 - - [18/Mar/2024:07:19:03 -0500] "GET /sipse/faces/javax.faces.resource/theme.css?ln=primefaces-sipse HTTP/1.1" 304 -
181.53.13.222 - - [18/Mar/2024:07:19:03 -0500] "GET /sipse/faces/javax.faces.resource/primefaces.js?ln=primefaces&v=4.0 HTTP/1.1" 304 -
181.53.13.222 - - [18/Mar/2024:07:19:03 -0500] "GET /sipse/faces/javax.faces.resource/jquery/jquery-plugins.js?ln=primefaces&v=4.0 HTTP/1.1" 304 -
181.53.13.222 - - [18/Mar/2024:07:19:03 -0500] "GET /sipse/faces/javax.faces.resource/jquery/jquery.js?ln=primefaces&v=4.0 HTTP/1.1" 304 -
181.53.13.222 - - [18/Mar/2024:07:19:03 -0500] "GET /sipse/faces/javax.faces.resource/layout/layout.js?ln=primefaces&v=4.0 HTTP/1.1" 304 -
181.53.13.222 - - [18/Mar/2024:07:19:03 -0500] "GET /sipse/faces/javax.faces.resource/layout/layout.css?ln=primefaces&v=4.0 HTTP/1.1" 304 -
181.53.13.222 - - [18/Mar/2024:07:19:03 -0500] "GET /sipse/faces/javax.faces.resource/primefaces.css?ln=primefaces&v=4.0 HTTP/1.1" 304 -
181.53.13.222 - - [18/Mar/2024:07:19:03 -0500] "GET /sipse/faces/javax.faces.resource/images/ui-icons_898989_256x240.png?ln=primefaces-aristo HTTP/1.1" 304 -
181.53.13.222 - - [18/Mar/2024:07:19:09 -0500] "GET /sipse/faces/javax.faces.resource/theme.css?ln=primefaces-sipse HTTP/1.1" 304 -
181.53.13.222 - - [18/Mar/2024:07:19:09 -0500] "GET /sipse/faces/javax.faces.resource/primefaces.css?ln=primefaces&v=4.0 HTTP/1.1" 304 -
181.53.13.222 - - [18/Mar/2024:07:19:09 -0500] "GET /sipse/faces/javax.faces.resource/layout/layout.css?ln=primefaces&v=4.0 HTTP/1.1" 304 -
181.53.13.222 - - [18/Mar/2024:07:19:09 -0500] "GET /sipse/faces/javax.faces.resource/jquery/jquery.js?ln=primefaces&v=4.0 HTTP/1.1" 304 -
181.53.13.222 - - [18/Mar/2024:07:19:09 -0500] "GET /sipse/faces/javax.faces.resource/jquery/jquery-plugins.js?ln=primefaces&v=4.0 HTTP/1.1" 304 -
181.53.13.222 - - [18/Mar/2024:07:19:09 -0500] "GET /sipse/faces/javax.faces.resource/primefaces.js?ln=primefaces&v=4.0 HTTP/1.1" 304 -
181.53.13.222 - - [18/Mar/2024:07:19:09 -0500] "POST /sipse/faces/presentacion/financiero/solicitudProceso/consultarHistorialSolProceso.xhtml HTTP/1.1" 200 173985
181.53.13.222 - - [18/Mar/2024:07:19:09 -0500] "GET /sipse/faces/javax.faces.resource/layout/layout.js?ln=primefaces&v=4.0 HTTP/1.1" 304 -
181.53.13.222 - - [18/Mar/2024:07:19:10 -0500] "GET /sipse/faces/javax.faces.resource/images/ui-icons_898989_256x240.png?ln=primefaces-aristo HTTP/1.1" 304 -
201.245.192.253 - - [18/Mar/2024:07:19:14 -0500] "POST /kwsrmcab/Wsrmcab HTTP/1.1" 200 37654
201.245.192.253 - - [18/Mar/2024:07:19:17 -0500] "POST /kwsrmcab/Wsrmcab HTTP/1.1" 200 37704
216.244.66.195 - - [18/Mar/2024:07:19:28 -0500] "GET /robots.txt HTTP/1.1" 404 1018
172.22.2.4 - - [18/Mar/2024:07:17:54 -0500] "HEAD /BLA/boletinlegal/ HTTP/1.1" 200 -
173.252.107.3 - - [18/Mar/2024:07:19:36 -0500] "GET /distrito-cierra-preventivamente-los-caminos-de-los-cerros-para-evitar-incendios-forestales.html HTTP/1.1" 200 982
173.252.107.119 - - [18/Mar/2024:07:19:36 -0500] "GET /distrito-cierra-preventivamente-los-caminos-de-los-cerros-para-evitar-incendios-forestales.html HTTP/1.1" 200 982
201.245.192.253 - - [18/Mar/2024:07:19:43 -0500] "POST /kwsrmcab/Wsrmcab HTTP/1.1" 200 37404
201.245.192.253 - - [18/Mar/2024:07:19:46 -0500] "POST /kwsrmcab/Wsrmcab  HTTP/1.1" 200 37824
40.77.167.60 - - [18/Mar/2024:07:19:54 -0500] "GET /BLA/resoluciones/RESOLUCIONES%202021/3872.pdf HTTP/1.1" 304 -
201.245.192.253 - - [18/Mar/2024:07:19:55 -0500] "POST /forms/lservlet;jsessionid=ac16012b30d672fb2ec093aa4748bf0691d1e088fe72.e3iSbxaKaheRe3iNc3uNbNmQay1ynknvrkLOlQzNp65In0 HTTP/1.1" 200 2
181.53.13.250 - - [18/Mar/2024:07:19:56 -0500] "GET /BLA/resoluciones/dlf/styles.css HTTP/1.1" 200 3049
181.53.13.250 - - [18/Mar/2024:07:19:56 -0500] "GET /BLA/resoluciones/dlf/pdf.gif HTTP/1.1" 200 272
181.53.13.250 - - [18/Mar/2024:07:19:56 -0500] "GET /BLA/resoluciones/dlf/dirup.png HTTP/1.1" 200 644
181.53.13.250 - - [18/Mar/2024:07:19:56 -0500] "GET /BLA/resoluciones/dlf/archive.png HTTP/1.1" 200 632
181.53.13.250 - - [18/Mar/2024:07:19:56 -0500] "GET /BLA/resoluciones/dlf/bg.gif HTTP/1.1" 200 54
181.53.13.250 - - [18/Mar/2024:07:19:56 -0500] "GET /BLA/resoluciones/index.php?dir=RESOLUCIONES+2021%2F HTTP/1.1" 200 445796
181.53.13.250 - - [18/Mar/2024:07:19:58 -0500] "GET /BLA/resoluciones/ HTTP/1.1" 200 14105
181.53.13.250 - - [18/Mar/2024:07:19:58 -0500] "GET /BLA/resoluciones/dlf/folder.png HTTP/1.1" 200 410
181.53.13.250 - - [18/Mar/2024:07:20:01 -0500] "GET /BLA/resoluciones/index.php?dir=RESOLUCIONES+2020%2F HTTP/1.1" 200 170605
181.53.13.250 - - [18/Mar/2024:07:20:06 -0500] "GET /BLA/resoluciones/RESOLUCIONES%202020/0278.pdf HTTP/1.1" 200 597872
172.22.2.4 - - [18/Mar/2024:07:18:45 -0500] "GET /BLA/boletinlegal/ HTTP/1.1" 200 59967
201.245.192.253 - - [18/Mar/2024:07:20:35 -0500] "POST /kwsrmcab/Wsrmcab HTTP/1.1" 200 37704
201.245.192.253 - - [18/Mar/2024:07:20:36 -0500] "POST /forms/lservlet;jsessionid=ac16012b30d60c378208792d4757a508e4811830dca4.e3iSbxaKaheRe3iNc3uNbNmQay1ynknvrkLOlQzNp65In0 HTTP/1.1" 200 2
201.245.192.253 - - [18/Mar/2024:07:21:55 -0500] "POST /forms/lservlet;jsessionid=ac16012b30d672fb2ec093aa4748bf0691d1e088fe72.e3iSbxaKaheRe3iNc3uNbNmQay1ynknvrkLOlQzNp65In0 HTTP/1.1" 200 2
216.245.221.92 - - [18/Mar/2024:07:22:01 -0500] "HEAD / HTTP/1.1" 200 -
201.245.192.253 - - [18/Mar/2024:07:22:36 -0500] "POST /forms/lservlet;jsessionid=ac16012b30d60c378208792d4757a508e4811830dca4.e3iSbxaKaheRe3iNc3uNbNmQay1ynknvrkLOlQzNp65In0 HTTP/1.1" 200 2
201.245.192.253 - - [18/Mar/2024:07:23:55 -0500] "POST /forms/lservlet;jsessionid=ac16012b30d672fb2ec093aa4748bf0691d1e088fe72.e3iSbxaKaheRe3iNc3uNbNmQay1ynknvrkLOlQzNp65In0 HTTP/1.1" 200 2
172.22.2.4 - - [18/Mar/2024:07:22:24 -0500] "HEAD /BLA/boletinlegal/ HTTP/1.1" 200 -
181.53.13.222 - - [18/Mar/2024:07:24:34 -0500] "GET /sipse/faces/javax.faces.resource/images/ui-bg_flat_0_2d5972_40x100.png?ln=primefaces-aristo HTTP/1.1" 304 -
181.53.13.222 - - [18/Mar/2024:07:24:34 -0500] "POST /sipse/faces/presentacion/financiero/solicitudProceso/consultarSolicitudProceso.xhtml HTTP/1.1" 200 37473
181.53.13.222 - - [18/Mar/2024:07:24:35 -0500] "GET /sipse/faces/javax.faces.resource/jquery/jquery.js?ln=primefaces&v=4.0 HTTP/1.1" 304 -
181.53.13.222 - - [18/Mar/2024:07:24:35 -0500] "GET /sipse/faces/javax.faces.resource/jquery/jquery-plugins.js?ln=primefaces&v=4.0 HTTP/1.1" 304 -
181.53.13.222 - - [18/Mar/2024:07:24:35 -0500] "GET /sipse/faces/javax.faces.resource/primefaces.js?ln=primefaces&v=4.0 HTTP/1.1" 304 -
181.53.13.222 - - [18/Mar/2024:07:24:35 -0500] "GET /sipse/faces/javax.faces.resource/layout/layout.js?ln=primefaces&v=4.0 HTTP/1.1" 304 -
201.245.192.253 - - [18/Mar/2024:07:24:36 -0500] "POST /forms/lservlet;jsessionid=ac16012b30d60c378208792d4757a508e4811830dca4.e3iSbxaKaheRe3iNc3uNbNmQay1ynknvrkLOlQzNp65In0 HTTP/1.1" 200 2
181.53.13.222 - - [18/Mar/2024:07:24:36 -0500] "POST /sipse/faces/presentacion/financiero/solicitudProceso/listarSolicitudProceso.xhtml HTTP/1.1" 200 1392
172.22.2.4 - - [18/Mar/2024:07:23:00 -0500] "GET /BLA/boletinlegal/ HTTP/1.1" 200 51986
201.245.192.253 - - [18/Mar/2024:07:24:44 -0500] "POST /kwsrmcab/Wsrmcab  HTTP/1.1" 200 37824
181.53.13.222 - - [18/Mar/2024:07:24:51 -0500] "POST /sipse/faces/presentacion/financiero/solicitudProceso/listarSolicitudProceso.xhtml HTTP/1.1" 200 21656
181.53.13.222 - - [18/Mar/2024:07:24:53 -0500] "POST /sipse/faces/presentacion/financiero/solicitudProceso/listarSolicitudProceso.xhtml HTTP/1.1" 200 119969
181.53.13.222 - - [18/Mar/2024:07:24:54 -0500] "GET /sipse/faces/javax.faces.resource/jquery/jquery.js?ln=primefaces&v=4.0 HTTP/1.1" 304 -
181.53.13.222 - - [18/Mar/2024:07:24:54 -0500] "GET /sipse/faces/javax.faces.resource/jquery/jquery-plugins.js?ln=primefaces&v=4.0 HTTP/1.1" 304 -
181.53.13.222 - - [18/Mar/2024:07:24:54 -0500] "GET /sipse/faces/javax.faces.resource/primefaces.js?ln=primefaces&v=4.0 HTTP/1.1" 304 -
181.53.13.222 - - [18/Mar/2024:07:24:55 -0500] "GET /sipse/faces/javax.faces.resource/layout/layout.js?ln=primefaces&v=4.0 HTTP/1.1" 304 -
172.22.2.4 - - [18/Mar/2024:07:23:44 -0500] "HEAD /BLA/boletinlegal/ HTTP/1.1" 200 -
201.245.192.253 - - [18/Mar/2024:07:25:55 -0500] "POST /forms/lservlet;jsessionid=ac16012b30d672fb2ec093aa4748bf0691d1e088fe72.e3iSbxaKaheRe3iNc3uNbNmQay1ynknvrkLOlQzNp65In0 HTTP/1.1" 200 2
172.22.2.4 - - [18/Mar/2024:07:24:35 -0500] "GET /BLA/boletinlegal/ HTTP/1.1" 200 53419
201.245.192.253 - - [18/Mar/2024:07:26:36 -0500] "POST /forms/lservlet;jsessionid=ac16012b30d60c378208792d4757a508e4811830dca4.e3iSbxaKaheRe3iNc3uNbNmQay1ynknvrkLOlQzNp65In0 HTTP/1.1" 200 2
216.245.221.92 - - [18/Mar/2024:07:27:01 -0500] "HEAD / HTTP/1.1" 200 -
47.128.121.74 - - [18/Mar/2024:07:27:09 -0500] "GET /BLA/resoluciones/AUTOS%202021/0245.php?act=f&d=E%3A%5Cnuevo%5Chtdocs%5CBLA%5Cresoluciones%5CAUTOS+2021&f=5337.pdf&ft=download HTTP/1.1" 200 384679
47.128.63.197 - - [18/Mar/2024:07:27:33 -0500] "GET /BLA/resoluciones/AUTOS%202021/0245.php?act=f&d=E%3A%5Cnuevo%5Chtdocs%5CBLA%5Cresoluciones%5CAUTOS+2021%5C&f=0540.pdf&ft=ini&white=1 HTTP/1.1" 200 3015
47.128.63.197 - - [18/Mar/2024:07:27:34 -0500] "GET /BLA/resoluciones/AUTOS%202021/0245.php?act=img&img=download HTTP/1.1" 200 161
47.128.63.197 - - [18/Mar/2024:07:27:34 -0500] "GET /BLA/resoluciones/AUTOS%202021/0245.php?act=img&img=ext_exe HTTP/1.1" 200 118
47.128.63.197 - - [18/Mar/2024:07:27:34 -0500] "GET /BLA/resoluciones/AUTOS%202021/0245.php?act=img&img=ext_diz HTTP/1.1" 200 1027
47.128.63.197 - - [18/Mar/2024:07:27:34 -0500] "GET /BLA/resoluciones/AUTOS%202021/0245.php?act=img&img=ext_html HTTP/1.1" 200 230
47.128.63.197 - - [18/Mar/2024:07:27:34 -0500] "GET /BLA/resoluciones/AUTOS%202021/0245.php?act=img&img=ext_pdf HTTP/1.1" 200 1034
47.128.63.197 - - [18/Mar/2024:07:27:34 -0500] "GET /BLA/resoluciones/AUTOS%202021/0245.php?act=img&img=ext_txt HTTP/1.1" 200 132
47.128.63.197 - - [18/Mar/2024:07:27:35 -0500] "GET /BLA/resoluciones/AUTOS%202021/0245.php?act=img&img=ext_rtf HTTP/1.1" 200 164
47.128.63.197 - - [18/Mar/2024:07:27:35 -0500] "GET /BLA/resoluciones/AUTOS%202021/0245.php?act=img&img=change HTTP/1.1" 200 290
47.128.63.197 - - [18/Mar/2024:07:27:35 -0500] "GET /BLA/resoluciones/AUTOS%202021/0245.php?act=img&img=ext_ini HTTP/1.1" 200 134
47.128.63.197 - - [18/Mar/2024:07:27:35 -0500] "GET /BLA/resoluciones/AUTOS%202021/0245.php?act=img&img=ext_gif HTTP/1.1" 200 175
201.245.192.253 - - [18/Mar/2024:07:27:42 -0500] "GET /sipse/faces/faces/autenticacion.xhtml HTTP/1.1" 200 12723
201.245.192.253 - - [18/Mar/2024:07:27:42 -0500] "GET /sipse/css/custom_css_sg.css HTTP/1.1" 200 9694
201.245.192.253 - - [18/Mar/2024:07:27:42 -0500] "GET /sipse/css/custom_css_sg_prime_login.css HTTP/1.1" 200 443
201.245.192.253 - - [18/Mar/2024:07:27:42 -0500] "GET /sipse/js/disable_browser_buttons.js HTTP/1.1" 304 -
201.245.192.253 - - [18/Mar/2024:07:27:42 -0500] "GET /sipse/faces/javax.faces.resource/layout/layout.css;jsessionid=-3QoDLAnLKgAJRXzuNOu9IIN.undefined?ln=primefaces&v=4.0 HTTP/1.1" 200 542
201.245.192.253 - - [18/Mar/2024:07:27:42 -0500] "GET /sipse/faces/javax.faces.resource/jquery/jquery.js;jsessionid=-3QoDLAnLKgAJRXzuNOu9IIN.undefined?ln=primefaces&v=4.0 HTTP/1.1" 200 105384
201.245.192.253 - - [18/Mar/2024:07:27:42 -0500] "GET /sipse/js/funciones.js HTTP/1.1" 304 -
201.245.192.253 - - [18/Mar/2024:07:27:42 -0500] "GET /sipse/faces/javax.faces.resource/jquery/jquery-plugins.js;jsessionid=-3QoDLAnLKgAJRXzuNOu9IIN.undefined?ln=primefaces&v=4.0 HTTP/1.1" 200 220526
201.245.192.253 - - [18/Mar/2024:07:27:42 -0500] "GET /sipse/faces/javax.faces.resource/primefaces.js;jsessionid=-3QoDLAnLKgAJRXzuNOu9IIN.undefined?ln=primefaces&v=4.0 HTTP/1.1" 200 276924
201.245.192.253 - - [18/Mar/2024:07:27:42 -0500] "GET /sipse/faces/javax.faces.resource/theme.css?ln=primefaces-sipse HTTP/1.1" 200 50058
201.245.192.253 - - [18/Mar/2024:07:27:42 -0500] "GET /sipse/faces/javax.faces.resource/primefaces.css;jsessionid=-3QoDLAnLKgAJRXzuNOu9IIN.undefined?ln=primefaces&v=4.0 HTTP/1.1" 200 53295
201.245.192.253 - - [18/Mar/2024:07:27:42 -0500] "GET /sipse/faces/javax.faces.resource/layout/layout.js;jsessionid=-3QoDLAnLKgAJRXzuNOu9IIN.undefined?ln=primefaces&v=4.0 HTTP/1.1" 200 87560
201.245.192.253 - - [18/Mar/2024:07:27:42 -0500] "GET /sipse/faces/javax.faces.resource/images/ui-icons_898989_256x240.png?ln=primefaces-aristo HTTP/1.1" 200 5355
201.245.192.253 - - [18/Mar/2024:07:27:42 -0500] "GET /sipse/css/imagen/logoSDG.png HTTP/1.1" 200 53064
201.245.192.253 - - [18/Mar/2024:07:27:42 -0500] "GET /sipse/css/imagen/loginimg.png HTTP/1.1" 200 71635
201.245.192.253 - - [18/Mar/2024:07:27:42 -0500] "GET /sipse/faces/faces/index.xhtml HTTP/1.1" 200 677
201.245.192.253 - - [18/Mar/2024:07:27:42 -0500] "GET /sipse/faces/javax.faces.resource/theme.css?ln=primefaces-sipse HTTP/1.1" 304 -
201.245.192.253 - - [18/Mar/2024:07:27:42 -0500] "GET /favicon.ico HTTP/1.1" 200 7782
201.245.192.253 - - [18/Mar/2024:07:27:42 -0500] "GET /sipse/faces/faces/faces/autenticacion.xhtml HTTP/1.1" 200 12401
201.245.192.253 - - [18/Mar/2024:07:27:42 -0500] "GET /sipse/faces/javax.faces.resource/theme.css?ln=primefaces-sipse HTTP/1.1" 304 -
201.245.192.253 - - [18/Mar/2024:07:27:42 -0500] "GET /sipse/faces/javax.faces.resource/layout/layout.css?ln=primefaces&v=4.0 HTTP/1.1" 200 542
201.245.192.253 - - [18/Mar/2024:07:27:42 -0500] "GET /sipse/faces/javax.faces.resource/primefaces.css?ln=primefaces&v=4.0 HTTP/1.1" 200 53295
201.245.192.253 - - [18/Mar/2024:07:27:42 -0500] "GET /sipse/faces/javax.faces.resource/jquery/jquery.js?ln=primefaces&v=4.0 HTTP/1.1" 304 -
201.245.192.253 - - [18/Mar/2024:07:27:42 -0500] "GET /sipse/faces/javax.faces.resource/jquery/jquery-plugins.js?ln=primefaces&v=4.0 HTTP/1.1" 304 -
201.245.192.253 - - [18/Mar/2024:07:27:43 -0500] "GET /sipse/faces/javax.faces.resource/primefaces.js?ln=primefaces&v=4.0 HTTP/1.1" 304 -
201.245.192.253 - - [18/Mar/2024:07:27:43 -0500] "GET /sipse/faces/javax.faces.resource/layout/layout.js?ln=primefaces&v=4.0 HTTP/1.1" 304 -
201.245.192.253 - - [18/Mar/2024:07:27:43 -0500] "GET /sipse/faces/javax.faces.resource/images/ui-icons_898989_256x240.png?ln=primefaces-aristo HTTP/1.1" 304 -
201.245.192.253 - - [18/Mar/2024:07:27:55 -0500] "POST /forms/lservlet;jsessionid=ac16012b30d672fb2ec093aa4748bf0691d1e088fe72.e3iSbxaKaheRe3iNc3uNbNmQay1ynknvrkLOlQzNp65In0 HTTP/1.1" 200 2
47.128.121.78 - - [18/Mar/2024:07:27:57 -0500] "GET /BLA/resoluciones/AUTOS%202021/0245.php?act=f&d=E%3A%5Cnuevo%5Chtdocs%5CBLA%5Cresoluciones%5CAUTOS+2021&f=1716.pdf&ft=info HTTP/1.1" 200 3848
47.128.121.78 - - [18/Mar/2024:07:27:58 -0500] "GET /BLA/resoluciones/AUTOS%202021/0245.php?act=img&img=ext_html HTTP/1.1" 200 230
47.128.121.78 - - [18/Mar/2024:07:27:58 -0500] "GET /BLA/resoluciones/AUTOS%202021/0245.php?act=img&img=ext_exe HTTP/1.1" 200 118
47.128.121.78 - - [18/Mar/2024:07:27:58 -0500] "GET /BLA/resoluciones/AUTOS%202021/0245.php?act=img&img=ext_gif HTTP/1.1" 200 175
47.128.121.78 - - [18/Mar/2024:07:27:58 -0500] "GET /BLA/resoluciones/AUTOS%202021/0245.php?act=img&img=ext_txt HTTP/1.1" 200 132
47.128.121.78 - - [18/Mar/2024:07:27:58 -0500] "GET /BLA/resoluciones/AUTOS%202021/0245.php?act=img&img=ext_pdf HTTP/1.1" 200 1034
47.128.121.78 - - [18/Mar/2024:07:27:58 -0500] "GET /BLA/resoluciones/AUTOS%202021/0245.php?act=img&img=ext_diz HTTP/1.1" 200 1027
47.128.121.78 - - [18/Mar/2024:07:27:58 -0500] "GET /BLA/resoluciones/AUTOS%202021/0245.php?act=img&img=download HTTP/1.1" 200 161
47.128.121.78 - - [18/Mar/2024:07:27:58 -0500] "GET /BLA/resoluciones/AUTOS%202021/0245.php?act=img&img=ext_ini HTTP/1.1" 200 134
47.128.121.78 - - [18/Mar/2024:07:27:58 -0500] "GET /BLA/resoluciones/AUTOS%202021/0245.php?act=img&img=change HTTP/1.1" 200 290
47.128.121.78 - - [18/Mar/2024:07:27:58 -0500] "GET /BLA/resoluciones/AUTOS%202021/0245.php?act=img&img=ext_rtf HTTP/1.1" 200 164
47.128.124.48 - - [18/Mar/2024:07:28:21 -0500] "GET /BLA/resoluciones/AUTOS%202021/0245.php?act=f&d=E%3A%5Cnuevo%5Chtdocs%5CBLA%5Cresoluciones%5CAUTOS+2021&f=2971.pdf&ft=edit HTTP/1.1" 200 3103
47.128.124.48 - - [18/Mar/2024:07:28:22 -0500] "GET /BLA/resoluciones/AUTOS%202021/0245.php?act=img&img=ext_gif HTTP/1.1" 200 175
47.128.124.48 - - [18/Mar/2024:07:28:22 -0500] "GET /BLA/resoluciones/AUTOS%202021/0245.php?act=img&img=ext_txt HTTP/1.1" 200 132
47.128.124.48 - - [18/Mar/2024:07:28:22 -0500] "GET /BLA/resoluciones/AUTOS%202021/0245.php?act=img&img=ext_exe HTTP/1.1" 200 118
47.128.124.48 - - [18/Mar/2024:07:28:22 -0500] "GET /BLA/resoluciones/AUTOS%202021/0245.php?act=img&img=ext_pdf HTTP/1.1" 200 1034
47.128.124.48 - - [18/Mar/2024:07:28:22 -0500] "GET /BLA/resoluciones/AUTOS%202021/0245.php?act=img&img=ext_html HTTP/1.1" 200 230
47.128.124.48 - - [18/Mar/2024:07:28:22 -0500] "GET /BLA/resoluciones/AUTOS%202021/0245.php?act=img&img=ext_diz HTTP/1.1" 200 1027
47.128.124.48 - - [18/Mar/2024:07:28:22 -0500] "GET /BLA/resoluciones/AUTOS%202021/0245.php?act=img&img=ext_ini HTTP/1.1" 200 134
47.128.124.48 - - [18/Mar/2024:07:28:22 -0500] "GET /BLA/resoluciones/AUTOS%202021/0245.php?act=img&img=download HTTP/1.1" 200 161
47.128.124.48 - - [18/Mar/2024:07:28:22 -0500] "GET /BLA/resoluciones/AUTOS%202021/0245.php?act=img&img=change HTTP/1.1" 200 290
47.128.124.48 - - [18/Mar/2024:07:28:22 -0500] "GET /BLA/resoluciones/AUTOS%202021/0245.php?act=img&img=ext_rtf HTTP/1.1" 200 164
201.245.192.253 - - [18/Mar/2024:07:28:36 -0500] "POST /forms/lservlet;jsessionid=ac16012b30d60c378208792d4757a508e4811830dca4.e3iSbxaKaheRe3iNc3uNbNmQay1ynknvrkLOlQzNp65In0 HTTP/1.1" 200 2
201.245.192.253 - - [18/Mar/2024:07:29:13 -0500] "POST /kwsrmcab/Wsrmcab HTTP/1.1" 200 37654
201.245.192.253 - - [18/Mar/2024:07:29:16 -0500] "POST /kwsrmcab/Wsrmcab HTTP/1.1" 200 37704
207.46.13.126 - - [18/Mar/2024:07:29:26 -0500] "GET /BLA/resoluciones/RESOLUCIONES%202022/3872.pdf HTTP/1.1" 304 -
201.245.192.253 - - [18/Mar/2024:07:29:43 -0500] "POST /kwsrmcab/Wsrmcab  HTTP/1.1" 200 37824
201.245.192.253 - - [18/Mar/2024:07:29:43 -0500] "POST /kwsrmcab/Wsrmcab HTTP/1.1" 200 37404
201.245.192.253 - - [18/Mar/2024:07:29:55 -0500] "POST /forms/lservlet;jsessionid=ac16012b30d672fb2ec093aa4748bf0691d1e088fe72.e3iSbxaKaheRe3iNc3uNbNmQay1ynknvrkLOlQzNp65In0 HTTP/1.1" 200 2
201.245.192.253 - - [18/Mar/2024:07:30:33 -0500] "POST /kwsrmcab/Wsrmcab HTTP/1.1" 200 37704
52.15.147.27 - - [18/Mar/2024:07:30:34 -0500] "HEAD / HTTP/1.1" 200 -
201.245.192.253 - - [18/Mar/2024:07:30:36 -0500] "POST /forms/lservlet;jsessionid=ac16012b30d60c378208792d4757a508e4811830dca4.e3iSbxaKaheRe3iNc3uNbNmQay1ynknvrkLOlQzNp65In0 HTTP/1.1" 200 2
172.22.2.4 - - [18/Mar/2024:07:29:34 -0500] "HEAD /BLA/boletinlegal/ HTTP/1.1" 200 -
201.245.192.253 - - [18/Mar/2024:07:31:55 -0500] "POST /forms/lservlet;jsessionid=ac16012b30d672fb2ec093aa4748bf0691d1e088fe72.e3iSbxaKaheRe3iNc3uNbNmQay1ynknvrkLOlQzNp65In0 HTTP/1.1" 200 2
216.245.221.92 - - [18/Mar/2024:07:32:01 -0500] "HEAD / HTTP/1.1" 200 -
172.22.2.4 - - [18/Mar/2024:07:30:25 -0500] "GET /BLA/boletinlegal/ HTTP/1.1" 200 58273
201.245.192.253 - - [18/Mar/2024:07:32:36 -0500] "POST /forms/lservlet;jsessionid=ac16012b30d60c378208792d4757a508e4811830dca4.e3iSbxaKaheRe3iNc3uNbNmQay1ynknvrkLOlQzNp65In0 HTTP/1.1" 200 2
201.245.192.253 - - [18/Mar/2024:07:32:40 -0500] "POST /kwsrmcab/Wsrmcab HTTP/1.1" 200 37704
195.110.38.168 - - [18/Mar/2024:07:32:45 -0500] "GET /wp-login.php HTTP/1.1" 404 1034
201.245.192.253 - - [18/Mar/2024:07:33:55 -0500] "POST /forms/lservlet;jsessionid=ac16012b30d672fb2ec093aa4748bf0691d1e088fe72.e3iSbxaKaheRe3iNc3uNbNmQay1ynknvrkLOlQzNp65In0 HTTP/1.1" 200 2
201.245.192.253 - - [18/Mar/2024:07:34:36 -0500] "POST /forms/lservlet;jsessionid=ac16012b30d60c378208792d4757a508e4811830dca4.e3iSbxaKaheRe3iNc3uNbNmQay1ynknvrkLOlQzNp65In0 HTTP/1.1" 200 2
201.245.192.253 - - [18/Mar/2024:07:34:42 -0500] "POST /kwsrmcab/Wsrmcab  HTTP/1.1" 200 37824
157.55.39.54 - - [18/Mar/2024:07:35:21 -0500] "GET /BLA/resoluciones/index.php?dir=AUTOS+1997%2F HTTP/1.1" 200 2025
201.245.192.253 - - [18/Mar/2024:07:35:55 -0500] "POST /forms/lservlet;jsessionid=ac16012b30d672fb2ec093aa4748bf0691d1e088fe72.e3iSbxaKaheRe3iNc3uNbNmQay1ynknvrkLOlQzNp65In0 HTTP/1.1" 200 2
31.13.115.8 - - [18/Mar/2024:07:36:02 -0500] "GET /calidad-del-aire-de-bogota-empieza-a-deteriorarse-producto-de-incendios-forestales.html HTTP/1.1" 200 741
31.13.115.2 - - [18/Mar/2024:07:36:02 -0500] "GET /calidad-del-aire-de-bogota-empieza-a-deteriorarse-producto-de-incendios-forestales.html HTTP/1.1" 200 741
201.245.192.253 - - [18/Mar/2024:07:36:36 -0500] "POST /forms/lservlet;jsessionid=ac16012b30d60c378208792d4757a508e4811830dca4.e3iSbxaKaheRe3iNc3uNbNmQay1ynknvrkLOlQzNp65In0 HTTP/1.1" 200 2
216.245.221.92 - - [18/Mar/2024:07:37:01 -0500] "HEAD / HTTP/1.1" 200 -
172.22.2.4 - - [18/Mar/2024:07:35:24 -0500] "HEAD /BLA/boletinlegal/ HTTP/1.1" 200 -
172.22.2.4 - - [18/Mar/2024:07:36:15 -0500] "GET /BLA/boletinlegal/ HTTP/1.1" 200 58273
201.245.192.253 - - [18/Mar/2024:07:37:55 -0500] "POST /forms/lservlet;jsessionid=ac16012b30d672fb2ec093aa4748bf0691d1e088fe72.e3iSbxaKaheRe3iNc3uNbNmQay1ynknvrkLOlQzNp65In0 HTTP/1.1" 200 2
201.245.192.253 - - [18/Mar/2024:07:38:36 -0500] "POST /forms/lservlet;jsessionid=ac16012b30d60c378208792d4757a508e4811830dca4.e3iSbxaKaheRe3iNc3uNbNmQay1ynknvrkLOlQzNp65In0 HTTP/1.1" 200 2
201.245.192.253 - - [18/Mar/2024:07:39:14 -0500] "POST /kwsrmcab/Wsrmcab HTTP/1.1" 200 37654
201.245.192.253 - - [18/Mar/2024:07:39:16 -0500] "POST /kwsrmcab/Wsrmcab HTTP/1.1" 200 37704
201.245.192.253 - - [18/Mar/2024:07:39:40 -0500] "POST /kwsrmcab/Wsrmcab  HTTP/1.1" 200 37824
201.245.192.253 - - [18/Mar/2024:07:39:43 -0500] "POST /kwsrmcab/Wsrmcab HTTP/1.1" 200 37404
201.245.192.253 - - [18/Mar/2024:07:39:55 -0500] "POST /forms/lservlet;jsessionid=ac16012b30d672fb2ec093aa4748bf0691d1e088fe72.e3iSbxaKaheRe3iNc3uNbNmQay1ynknvrkLOlQzNp65In0 HTTP/1.1" 200 2
201.245.192.253 - - [18/Mar/2024:07:40:33 -0500] "POST /kwsrmcab/Wsrmcab HTTP/1.1" 200 37704
201.245.192.253 - - [18/Mar/2024:07:40:36 -0500] "POST /forms/lservlet;jsessionid=ac16012b30d60c378208792d4757a508e4811830dca4.e3iSbxaKaheRe3iNc3uNbNmQay1ynknvrkLOlQzNp65In0 HTTP/1.1" 200 2
201.245.192.253 - - [18/Mar/2024:07:41:55 -0500] "POST /forms/lservlet;jsessionid=ac16012b30d672fb2ec093aa4748bf0691d1e088fe72.e3iSbxaKaheRe3iNc3uNbNmQay1ynknvrkLOlQzNp65In0 HTTP/1.1" 200 2
216.245.221.92 - - [18/Mar/2024:07:42:01 -0500] "HEAD / HTTP/1.1" 200 -
201.245.192.253 - - [18/Mar/2024:07:42:36 -0500] "POST /forms/lservlet;jsessionid=ac16012b30d60c378208792d4757a508e4811830dca4.e3iSbxaKaheRe3iNc3uNbNmQay1ynknvrkLOlQzNp65In0 HTTP/1.1" 200 2
172.22.2.4 - - [18/Mar/2024:07:41:14 -0500] "HEAD /BLA/boletinlegal/ HTTP/1.1" 200 -
172.22.2.4 - - [18/Mar/2024:07:42:05 -0500] "GET /BLA/boletinlegal/ HTTP/1.1" 200 59967
201.245.192.253 - - [18/Mar/2024:07:43:55 -0500] "POST /forms/lservlet;jsessionid=ac16012b30d672fb2ec093aa4748bf0691d1e088fe72.e3iSbxaKaheRe3iNc3uNbNmQay1ynknvrkLOlQzNp65In0 HTTP/1.1" 200 2
201.245.192.253 - - [18/Mar/2024:07:44:36 -0500] "POST /forms/lservlet;jsessionid=ac16012b30d60c378208792d4757a508e4811830dca4.e3iSbxaKaheRe3iNc3uNbNmQay1ynknvrkLOlQzNp65In0 HTTP/1.1" 200 2
201.245.192.253 - - [18/Mar/2024:07:44:38 -0500] "POST /kwsrmcab/Wsrmcab  HTTP/1.1" 200 37824
201.245.192.253 - - [18/Mar/2024:07:45:55 -0500] "POST /forms/lservlet;jsessionid=ac16012b30d672fb2ec093aa4748bf0691d1e088fe72.e3iSbxaKaheRe3iNc3uNbNmQay1ynknvrkLOlQzNp65In0 HTTP/1.1" 200 2
201.245.192.253 - - [18/Mar/2024:07:46:36 -0500] "POST /forms/lservlet;jsessionid=ac16012b30d60c378208792d4757a508e4811830dca4.e3iSbxaKaheRe3iNc3uNbNmQay1ynknvrkLOlQzNp65In0 HTTP/1.1" 200 2
216.245.221.92 - - [18/Mar/2024:07:47:01 -0500] "HEAD / HTTP/1.1" 200 -
186.102.96.88 - - [18/Mar/2024:07:47:20 -0500] "GET /kwssiamovil/sm/ldap/au?x=U2FsdGVkX18sSoFNmjNOCmqQEfh+w0b7apAlDlg+wWlp2SicxOkDknn5szp1rXvv&y=U2FsdGVkX18fT8oNePrdglPuQQbXxR8GIINUnUh2ImwqAZHkiJnZ6bmZVinAPO1g HTTP/1.1" 200 30
186.102.96.88 - - [18/Mar/2024:07:47:20 -0500] "GET /kwssiamovil/sm/acme/s?s=U2FsdGVkX1+k8Rue6AiaY+RccmBy1b9/i6m5X+3zrM4Rve2r+Rs14Ymnja/3kDxFY069rmcY+FHH9ycVSjqkEqkiDP6SP69esrlMYxy++18=&u=U2FsdGVkX1+R/6GjKBpuwqMtlutnaI+fcW6arir5uaFbxLvrblkbIGBae6JKcYK7&y=U2FsdGVkX18fT8oNePrdglPuQQbXxR8GIINUnUh2ImwqAZHkiJnZ6bmZVinAPO1g HTTP/1.1" 200 97
186.102.96.88 - - [18/Mar/2024:07:47:20 -0500] "GET /kwssiamovil/sm/acme/s?s=U2FsdGVkX19+PazmOaiTYEN6VpeN2XwfOaxskC/CaX5P7kFmiIYKLAkrP05TZciJfJjrpbdH1mUUANIHeIoIYYmPneuQ+yZREmRe79FhMuKgo/n/2EO652DpW0c79bsFDWeUUtoUFsQOh9LwZVhN0JJauipsj9CuY3VbqSZsGCMlgOCdWOwQRoVVxGOd2xo5TMgi1SrC573zbbi20Oghtqh4UxVq5o9o2y3Aq8b+cklIGvqQRWbB/qc0SOFdv8U6noMt7MxxWfG4bUHJG1vE5U0BlDTmHi5W375s/xi8uLAsdrf0blfKqWvAOM8QQETArv6sNbtY7vs0QoHFtxhtSXSsCZjP75N4mvO7QqN0WUEIIXwsahsEAq9Eb7oec3o7NT2UtdP3dzYKHgFC1lVnm9gcCDhdz1itsH07DrdBqKXFEqVIs2/W+pKQAUHuOOAn1fatfpTrRFLOQMXxLR8tWfQ1mmZh+puEvYjdxj0d7EmKHNKR/cZuRYbHp/pnRHUJ5r7ZXvUnSOaSX8cC/CHmnR8IHCsSExj9aU/Ll5uL3JAIBjs/jlxF8nDIh3+45Y7DJcscojd6PjOr4ZLvXPJoJcOs4G+29aw+ZnwzCzU2ud2Ymmrh9GrOtDhJAnZKE2iwFSYbOEQKDh7Oo3xwTc3H5dulXEpFiy8+xHOoBlLsEfyADE83MqZjFyBJ9AcDTTwyjOfiHITBlFOsmxc5y9juxAQzW7exq8MVBS5HQbfNN4m6zjuLOErv2eba+X2HaELDiQZFvvrPRftnt6alHiZ+2SOqYZndOvaxVibzJh1Mi9Jkf4GSlcna40BH/BpOMqKpU9gH8H5O26iTslpoZ9zRZJ4XyRb3lm76X6/JErZItwKKackjjagLmoFWJ3YFOl+Px4cTxsc/m2JMIO2wj0ThVsRtJUZ0Xt3vZ1CG6fJ3mo0K3dU60g3r3Hszv5lNmN6af2I79ymU3g5PcG0IofdV/4mD4xCUR/IZWEgyLWItJdkN8lSmtvyHfNaFpZDILMuzXxUuMOQPiidVWdbXUpIlM+kATWaFFNkr42Oo/pm7gEPVpVsJ3Vuja6Tf40EAc0i4oSLxehayzeOyXGc8vgox8CHluQeIGRINvcaJ+Oft+1SOvYejd0NWIqqTbp/mErQw9hLSuGkWxkUQbbtuA5x/5SVifQ0hFBPWNEONsFsVGrmNGKVzoHyiZVbBAaWhg4yS3E8QcQol+H0Y48dgytKraJr/+bRWIyTAvTuKMkjTDgAGEzGPdgdcSu9bEuYbbdc6ZP264T3mX4SCyJnfzlEuZ6vCMIstk09xlvwXN9MX8uV4Bxw+97uziNRT9G3fSr34FLPaeMJdtMYisfPSGcYTJ/YHoer5SVWibefyz5UyyympWpnmyYAukWdUf7nUvUstHk+AiqPTPIvVbpSKb7qreW7xcUXe+WIdgdYzg+ywkAX7xxbYh2qrOsTTy+4DgU2FbMJWRfrCxHS86wP043MdJVFwdMs8oPN0P3DAxUg73wCHyzUnbanERSVEz1d5P6NcfWKUXFOsWy87O1N2VsBhp0et7ZZjdOBzq+/LRPjTrBrjbJAQhhHY9JLp9IdSF6PjaVmebxgcU7m6aOh/zeICaH3zaDssVLpl/Y6NMnV7lohyiQvYLAbg/jyhdI4zLChOzGdbq1EruuqSeJZKJfZ8PUL+11K8YKrQb63z2b65RGFRcW+MnvvMevP2bgNJNLJNhyhOj5bQFg4Co6o8EKqfgPXNwX2u/7UHnSoCxwbB26f27xOFHhG61tKdZPIdSHY8&u=U2FsdGVkX1+R/6GjKBpuwqMtlutnaI+fcW6arir5uaFbxLvrblkbIGBae6JKcYK7&y=U2FsdGVkX18fT8oNePrdglPuQQbXxR8GIINUnUh2ImwqAZHkiJnZ6bmZVinAPO1g HTTP/1.1" 200 537
186.102.96.88 - - [18/Mar/2024:07:47:20 -0500] "GET /kwssiamovil/sm/acme/s?s=U2FsdGVkX19M67zbEtLZqUHWjIlDR+wPZXp9/n9gtB52tO5Hm5dWqm1igZUc7u9ZcX0RPmbpoK/Dqs00wc6HR9IozPo53yY2lqo6iI05Pf3a9AgqTkD17iRuRX7aag9VOiGuK3l6GgnPDEYuw+Njzaz8X25ss3Ok5lald9tIn4ewwXTfa6zwIBrP7RPJ/OnQ/e+izPovR/Nb2o/NBeetU4CNeJ3O5dDEU1LDe2mRXL5L/mT0fWfNTB1vPJU44RJGetyvaVwng77SMKsIukezmiugsX0RY5vCxCkSeKedlyWMltGj70gjejEzNRSdjXT6JjYcgd/daLFE9uC6kDHa5Z0BB0Mf3t9txkkSiY7gkI3BL/SP6o5s9a/WfBOI68dvYh44BmzSZJmhVnzQuNNxh9da5ky8MCC7NOT2tWFODmrkldUKqq2IBfj44QRDGF+dpCCny0ct4EB3tHp8VyPBGuXScZdzze3AS0HXIqd2b7YZBk5PltlpnFWA4Hlc6SkpsmZfgm0RCjCZvTnKkxV34foDiBE+NQnBXY75h1K8cL7z+QN1LuVYjS+ZBZVqVAUoVMD/c08T+RLIxg92khEg+m4zZaJWvADFdPoMc9DD0Z+nn6srOKioxBuxpK/Dqax9x3rCvlhwDiZyDPxYRDkK/wD72Q6JzSbnnK4ITQZHm6DeuPeIKllVq9xb1ZzJNX6CZ4tmAb0Lc+cKVktC2DaVRhpdqQFY/2g27FGrllEz3O58TcgQwp/P2ujbXUXPg3o+&u=U2FsdGVkX1+R/6GjKBpuwqMtlutnaI+fcW6arir5uaFbxLvrblkbIGBae6JKcYK7&y=U2FsdGVkX18fT8oNePrdglPuQQbXxR8GIINUnUh2ImwqAZHkiJnZ6bmZVinAPO1g HTTP/1.1" 200 352
186.102.96.88 - - [18/Mar/2024:07:47:21 -0500] "GET /kwssiamovil/sm/cjson/pre?f=9&x=U2FsdGVkX18sSoFNmjNOCmqQEfh+w0b7apAlDlg+wWlp2SicxOkDknn5szp1rXvv HTTP/1.1" 200 23812
186.102.96.88 - - [18/Mar/2024:07:47:21 -0500] "GET /kwssiamovil/sm/cjson/pre?f=18&x=U2FsdGVkX18sSoFNmjNOCmqQEfh+w0b7apAlDlg+wWlp2SicxOkDknn5szp1rXvv HTTP/1.1" 200 32013
201.245.192.253 - - [18/Mar/2024:07:47:55 -0500] "POST /forms/lservlet;jsessionid=ac16012b30d672fb2ec093aa4748bf0691d1e088fe72.e3iSbxaKaheRe3iNc3uNbNmQay1ynknvrkLOlQzNp65In0 HTTP/1.1" 200 2
201.245.192.253 - - [18/Mar/2024:07:48:36 -0500] "POST /forms/lservlet;jsessionid=ac16012b30d60c378208792d4757a508e4811830dca4.e3iSbxaKaheRe3iNc3uNbNmQay1ynknvrkLOlQzNp65In0 HTTP/1.1" 200 2
172.22.2.4 - - [18/Mar/2024:07:47:04 -0500] "HEAD /BLA/boletinlegal/ HTTP/1.1" 200 -
40.77.167.132 - - [18/Mar/2024:07:49:31 -0500] "GET /galeria/galeria/jquery.fancybox.js?v=2.1.5 HTTP/1.1" 200 48706
172.22.2.4 - - [18/Mar/2024:07:47:55 -0500] "GET /BLA/boletinlegal/ HTTP/1.1" 200 59083
207.46.13.36 - - [18/Mar/2024:07:49:36 -0500] "GET /galeria/galeria/jquery.fancybox.css?v=2.1.5 HTTP/1.1" 200 4895
201.245.192.253 - - [18/Mar/2024:07:49:37 -0500] "POST /kwsrmcab/Wsrmcab  HTTP/1.1" 200 37824
201.245.192.253 - - [18/Mar/2024:07:49:55 -0500] "POST /forms/lservlet;jsessionid=ac16012b30d672fb2ec093aa4748bf0691d1e088fe72.e3iSbxaKaheRe3iNc3uNbNmQay1ynknvrkLOlQzNp65In0 HTTP/1.1" 200 2
201.245.192.253 - - [18/Mar/2024:07:50:36 -0500] "POST /forms/lservlet;jsessionid=ac16012b30d60c378208792d4757a508e4811830dca4.e3iSbxaKaheRe3iNc3uNbNmQay1ynknvrkLOlQzNp65In0 HTTP/1.1" 200 2
17.241.75.88 - - [18/Mar/2024:07:51:19 -0500] "GET /alcaldia-de-bogota-y-fundacion-exito-entregaron-en-ciudad-bolivar-la-primera-terraza-verde-de-la-capital.html HTTP/1.1" 200 852
201.245.192.253 - - [18/Mar/2024:07:51:55 -0500] "POST /forms/lservlet;jsessionid=ac16012b30d672fb2ec093aa4748bf0691d1e088fe72.e3iSbxaKaheRe3iNc3uNbNmQay1ynknvrkLOlQzNp65In0 HTTP/1.1" 200 2
216.245.221.92 - - [18/Mar/2024:07:52:01 -0500] "HEAD / HTTP/1.1" 200 -
201.245.192.253 - - [18/Mar/2024:07:52:36 -0500] "POST /forms/lservlet;jsessionid=ac16012b30d60c378208792d4757a508e4811830dca4.e3iSbxaKaheRe3iNc3uNbNmQay1ynknvrkLOlQzNp65In0 HTTP/1.1" 200 2
216.244.66.195 - - [18/Mar/2024:07:52:55 -0500] "GET /BLA/resoluciones/AUTOS%202016/2210.pdf HTTP/1.1" 200 482278
216.244.66.195 - - [18/Mar/2024:07:53:34 -0500] "GET /BLA/resoluciones/AUTOS%202016/2369.pdf HTTP/1.1" 200 374195
186.29.34.149 - - [18/Mar/2024:07:53:42 -0500] "GET /sipse/faces/faces/autenticacion.xhtml HTTP/1.1" 200 12723
186.29.34.149 - - [18/Mar/2024:07:53:43 -0500] "GET /sipse/faces/javax.faces.resource/layout/layout.css;jsessionid=dH7JqweF0e9RgXlwGUJRkwJC.undefined?ln=primefaces&v=4.0 HTTP/1.1" 200 542
186.29.34.149 - - [18/Mar/2024:07:53:43 -0500] "GET /sipse/css/custom_css_sg_prime_login.css HTTP/1.1" 304 -
186.29.34.149 - - [18/Mar/2024:07:53:43 -0500] "GET /sipse/css/custom_css_sg.css HTTP/1.1" 304 -
186.29.34.149 - - [18/Mar/2024:07:53:43 -0500] "GET /sipse/faces/javax.faces.resource/theme.css?ln=primefaces-sipse HTTP/1.1" 304 -
186.29.34.149 - - [18/Mar/2024:07:53:43 -0500] "GET /sipse/js/disable_browser_buttons.js HTTP/1.1" 304 -
186.29.34.149 - - [18/Mar/2024:07:53:43 -0500] "GET /sipse/js/funciones.js HTTP/1.1" 304 -
186.29.34.149 - - [18/Mar/2024:07:53:43 -0500] "GET /sipse/faces/javax.faces.resource/layout/layout.js;jsessionid=dH7JqweF0e9RgXlwGUJRkwJC.undefined?ln=primefaces&v=4.0 HTTP/1.1" 200 87560
186.29.34.149 - - [18/Mar/2024:07:53:43 -0500] "GET /sipse/faces/javax.faces.resource/primefaces.css;jsessionid=dH7JqweF0e9RgXlwGUJRkwJC.undefined?ln=primefaces&v=4.0 HTTP/1.1" 200 53295
186.29.34.149 - - [18/Mar/2024:07:53:43 -0500] "GET /sipse/faces/javax.faces.resource/jquery/jquery-plugins.js;jsessionid=dH7JqweF0e9RgXlwGUJRkwJC.undefined?ln=primefaces&v=4.0 HTTP/1.1" 200 220526
186.29.34.149 - - [18/Mar/2024:07:53:43 -0500] "GET /sipse/faces/javax.faces.resource/primefaces.js;jsessionid=dH7JqweF0e9RgXlwGUJRkwJC.undefined?ln=primefaces&v=4.0 HTTP/1.1" 200 276924
186.29.34.149 - - [18/Mar/2024:07:53:43 -0500] "GET /sipse/faces/javax.faces.resource/jquery/jquery.js;jsessionid=dH7JqweF0e9RgXlwGUJRkwJC.undefined?ln=primefaces&v=4.0 HTTP/1.1" 200 105384
186.29.34.149 - - [18/Mar/2024:07:53:43 -0500] "GET /sipse/css/imagen/logoSDG.png HTTP/1.1" 304 -
186.29.34.149 - - [18/Mar/2024:07:53:43 -0500] "GET /sipse/css/imagen/loginimg.png HTTP/1.1" 304 -
186.29.34.149 - - [18/Mar/2024:07:53:43 -0500] "GET /sipse/faces/javax.faces.resource/images/ui-icons_898989_256x240.png?ln=primefaces-aristo HTTP/1.1" 304 -
186.29.34.149 - - [18/Mar/2024:07:53:43 -0500] "GET /sipse/faces/faces/index.xhtml HTTP/1.1" 200 677
186.29.34.149 - - [18/Mar/2024:07:53:43 -0500] "GET /sipse/faces/javax.faces.resource/theme.css?ln=primefaces-sipse HTTP/1.1" 304 -
186.29.34.149 - - [18/Mar/2024:07:53:43 -0500] "GET /sipse/faces/faces/faces/autenticacion.xhtml HTTP/1.1" 200 12401
186.29.34.149 - - [18/Mar/2024:07:53:43 -0500] "GET /sipse/faces/javax.faces.resource/layout/layout.css?ln=primefaces&v=4.0 HTTP/1.1" 304 -
186.29.34.149 - - [18/Mar/2024:07:53:43 -0500] "GET /sipse/faces/javax.faces.resource/layout/layout.js?ln=primefaces&v=4.0 HTTP/1.1" 304 -
186.29.34.149 - - [18/Mar/2024:07:53:43 -0500] "GET /sipse/faces/javax.faces.resource/primefaces.css?ln=primefaces&v=4.0 HTTP/1.1" 304 -
186.29.34.149 - - [18/Mar/2024:07:53:43 -0500] "GET /sipse/faces/javax.faces.resource/theme.css?ln=primefaces-sipse HTTP/1.1" 304 -
186.29.34.149 - - [18/Mar/2024:07:53:43 -0500] "GET /sipse/faces/javax.faces.resource/primefaces.js?ln=primefaces&v=4.0 HTTP/1.1" 304 -
186.29.34.149 - - [18/Mar/2024:07:53:43 -0500] "GET /sipse/faces/javax.faces.resource/jquery/jquery.js?ln=primefaces&v=4.0 HTTP/1.1" 304 -
186.29.34.149 - - [18/Mar/2024:07:53:43 -0500] "GET /sipse/faces/javax.faces.resource/jquery/jquery-plugins.js?ln=primefaces&v=4.0 HTTP/1.1" 304 -
186.29.34.149 - - [18/Mar/2024:07:53:46 -0500] "POST /sipse/faces/autenticacion.xhtml HTTP/1.1" 200 2219
186.29.34.149 - - [18/Mar/2024:07:53:47 -0500] "GET /sipse/faces/javax.faces.resource/messages/messages.png?ln=primefaces&v=4.0 HTTP/1.1" 304 -
186.29.34.149 - - [18/Mar/2024:07:53:48 -0500] "GET /sipse/faces/javax.faces.resource/images/ui-icons_898989_256x240.png?ln=primefaces-aristo HTTP/1.1" 304 -
186.29.34.149 - - [18/Mar/2024:07:53:48 -0500] "POST /sipse/faces/autenticacion.xhtml HTTP/1.1" 200 16467
186.29.34.149 - - [18/Mar/2024:07:53:49 -0500] "GET /sipse/faces/javax.faces.resource/theme.css?ln=primefaces-sipse HTTP/1.1" 304 -
186.29.34.149 - - [18/Mar/2024:07:53:49 -0500] "GET /sipse/faces/javax.faces.resource/primefaces.css?ln=primefaces&v=4.0 HTTP/1.1" 304 -
186.29.34.149 - - [18/Mar/2024:07:53:49 -0500] "GET /sipse/faces/javax.faces.resource/layout/layout.css?ln=primefaces&v=4.0 HTTP/1.1" 304 -
186.29.34.149 - - [18/Mar/2024:07:53:49 -0500] "GET /sipse/js/jquery.min.js HTTP/1.1" 304 -
186.29.34.149 - - [18/Mar/2024:07:53:49 -0500] "GET /sipse/css/custom_css_sg_prime.css HTTP/1.1" 304 -
186.29.34.149 - - [18/Mar/2024:07:53:49 -0500] "GET /sipse/faces/javax.faces.resource/jquery/jquery.js?ln=primefaces&v=4.0 HTTP/1.1" 304 -
186.29.34.149 - - [18/Mar/2024:07:53:49 -0500] "GET /sipse/faces/javax.faces.resource/jquery/jquery-plugins.js?ln=primefaces&v=4.0 HTTP/1.1" 304 -
186.29.34.149 - - [18/Mar/2024:07:53:49 -0500] "GET /sipse/faces/javax.faces.resource/primefaces.js?ln=primefaces&v=4.0 HTTP/1.1" 304 -
186.29.34.149 - - [18/Mar/2024:07:53:49 -0500] "GET /sipse/faces/javax.faces.resource/layout/layout.js?ln=primefaces&v=4.0 HTTP/1.1" 304 -
186.29.34.149 - - [18/Mar/2024:07:53:49 -0500] "GET /sipse/css/v_mergente.css HTTP/1.1" 304 -
186.29.34.149 - - [18/Mar/2024:07:53:49 -0500] "GET /sipse/imagenes/cargando.gif HTTP/1.1" 304 -
186.29.34.149 - - [18/Mar/2024:07:53:49 -0500] "GET /sipse/imagenes/logoAplicacion.jpg HTTP/1.1" 304 -
186.29.34.149 - - [18/Mar/2024:07:53:49 -0500] "GET /sipse/css/imagen/contrasena.png HTTP/1.1" 404 383
186.29.34.149 - - [18/Mar/2024:07:53:51 -0500] "GET /sipse/faces/javax.faces.resource/images/ui-bg_flat_0_2d5972_40x100.png?ln=primefaces-aristo HTTP/1.1" 304 -
186.29.34.149 - - [18/Mar/2024:07:53:51 -0500] "POST /sipse/faces/bienvenido.xhtml HTTP/1.1" 200 2658
186.29.34.149 - - [18/Mar/2024:07:53:52 -0500] "POST /sipse/faces/bienvenido.xhtml HTTP/1.1" 200 65719
186.29.34.149 - - [18/Mar/2024:07:53:52 -0500] "GET /sipse/faces/javax.faces.resource/primefaces.css?ln=primefaces&v=4.0 HTTP/1.1" 304 -
186.29.34.149 - - [18/Mar/2024:07:53:52 -0500] "GET /sipse/faces/javax.faces.resource/theme.css?ln=primefaces-sipse HTTP/1.1" 304 -
186.29.34.149 - - [18/Mar/2024:07:53:52 -0500] "GET /sipse/faces/javax.faces.resource/layout/layout.css?ln=primefaces&v=4.0 HTTP/1.1" 304 -
186.29.34.149 - - [18/Mar/2024:07:53:52 -0500] "GET /sipse/faces/javax.faces.resource/jquery/jquery.js?ln=primefaces&v=4.0 HTTP/1.1" 304 -
186.29.34.149 - - [18/Mar/2024:07:53:52 -0500] "GET /sipse/faces/javax.faces.resource/jquery/jquery-plugins.js?ln=primefaces&v=4.0 HTTP/1.1" 304 -
186.29.34.149 - - [18/Mar/2024:07:53:52 -0500] "GET /sipse/faces/javax.faces.resource/primefaces.js?ln=primefaces&v=4.0 HTTP/1.1" 304 -
186.29.34.149 - - [18/Mar/2024:07:53:53 -0500] "GET /sipse/faces/javax.faces.resource/layout/layout.js?ln=primefaces&v=4.0 HTTP/1.1" 304 -
186.29.34.149 - - [18/Mar/2024:07:53:53 -0500] "POST /sipse/faces/presentacion/financiero/solicitudProceso/listarSolicitudProceso.xhtml HTTP/1.1" 200 1556
201.245.192.253 - - [18/Mar/2024:07:53:55 -0500] "POST /forms/lservlet;jsessionid=ac16012b30d672fb2ec093aa4748bf0691d1e088fe72.e3iSbxaKaheRe3iNc3uNbNmQay1ynknvrkLOlQzNp65In0 HTTP/1.1" 200 2
186.29.34.149 - - [18/Mar/2024:07:53:56 -0500] "POST /sipse/faces/presentacion/financiero/solicitudProceso/listarSolicitudProceso.xhtml HTTP/1.1" 200 17311
216.244.66.195 - - [18/Mar/2024:07:54:10 -0500] "GET /BLA/resoluciones/AUTOS%202016/2445.pdf HTTP/1.1" 200 316470
172.22.2.4 - - [18/Mar/2024:07:52:33 -0500] "HEAD /BLA/boletinlegal/ HTTP/1.1" 200 -
186.29.34.149 - - [18/Mar/2024:07:54:32 -0500] "POST /sipse/faces/presentacion/financiero/solicitudProceso/listarSolicitudProceso.xhtml HTTP/1.1" 200 141559
186.29.34.149 - - [18/Mar/2024:07:54:33 -0500] "GET /sipse/faces/javax.faces.resource/theme.css?ln=primefaces-sipse HTTP/1.1" 304 -
186.29.34.149 - - [18/Mar/2024:07:54:33 -0500] "GET /sipse/faces/javax.faces.resource/primefaces.css?ln=primefaces&v=4.0 HTTP/1.1" 304 -
186.29.34.149 - - [18/Mar/2024:07:54:33 -0500] "GET /sipse/faces/javax.faces.resource/layout/layout.css?ln=primefaces&v=4.0 HTTP/1.1" 304 -
186.29.34.149 - - [18/Mar/2024:07:54:33 -0500] "GET /sipse/faces/javax.faces.resource/jquery/jquery.js?ln=primefaces&v=4.0 HTTP/1.1" 304 -
186.29.34.149 - - [18/Mar/2024:07:54:33 -0500] "GET /sipse/faces/javax.faces.resource/jquery/jquery-plugins.js?ln=primefaces&v=4.0 HTTP/1.1" 304 -
186.29.34.149 - - [18/Mar/2024:07:54:33 -0500] "GET /sipse/faces/javax.faces.resource/primefaces.js?ln=primefaces&v=4.0 HTTP/1.1" 304 -
186.29.34.149 - - [18/Mar/2024:07:54:33 -0500] "GET /sipse/faces/javax.faces.resource/layout/layout.js?ln=primefaces&v=4.0 HTTP/1.1" 304 -
172.22.2.4 - - [18/Mar/2024:07:52:54 -0500] "HEAD /BLA/boletinlegal/ HTTP/1.1" 200 -
201.245.192.253 - - [18/Mar/2024:07:54:36 -0500] "POST /forms/lservlet;jsessionid=ac16012b30d60c378208792d4757a508e4811830dca4.e3iSbxaKaheRe3iNc3uNbNmQay1ynknvrkLOlQzNp65In0 HTTP/1.1" 200 2
201.245.192.253 - - [18/Mar/2024:07:54:35 -0500] "POST /kwsrmcab/Wsrmcab  HTTP/1.1" 200 37824
172.22.2.4 - - [18/Mar/2024:07:54:38 -0500] "GET /BLA/boletinlegal/robots.txt HTTP/1.1" 404 1038
186.29.34.149 - - [18/Mar/2024:07:54:37 -0500] "POST /sipse/faces/presentacion/financiero/solicitudProceso/consultarSolicitudProceso.xhtml HTTP/1.1" 200 35038
186.29.34.149 - - [18/Mar/2024:07:54:38 -0500] "GET /sipse/faces/javax.faces.resource/primefaces.css?ln=primefaces&v=4.0 HTTP/1.1" 304 -
186.29.34.149 - - [18/Mar/2024:07:54:38 -0500] "GET /sipse/faces/javax.faces.resource/theme.css?ln=primefaces-sipse HTTP/1.1" 304 -
186.29.34.149 - - [18/Mar/2024:07:54:38 -0500] "GET /sipse/faces/javax.faces.resource/layout/layout.css?ln=primefaces&v=4.0 HTTP/1.1" 304 -
186.29.34.149 - - [18/Mar/2024:07:54:38 -0500] "GET /sipse/faces/javax.faces.resource/jquery/jquery.js?ln=primefaces&v=4.0 HTTP/1.1" 304 -
186.29.34.149 - - [18/Mar/2024:07:54:38 -0500] "GET /sipse/faces/javax.faces.resource/jquery/jquery-plugins.js?ln=primefaces&v=4.0 HTTP/1.1" 304 -
186.29.34.149 - - [18/Mar/2024:07:54:38 -0500] "GET /sipse/faces/javax.faces.resource/primefaces.js?ln=primefaces&v=4.0 HTTP/1.1" 304 -
186.29.34.149 - - [18/Mar/2024:07:54:38 -0500] "GET /sipse/faces/javax.faces.resource/layout/layout.js?ln=primefaces&v=4.0 HTTP/1.1" 304 -
216.244.66.195 - - [18/Mar/2024:07:54:42 -0500] "GET /BLA/resoluciones/AUTOS%202016/2542.pdf HTTP/1.1" 200 561485
172.22.2.4 - - [18/Mar/2024:07:53:09 -0500] "GET /BLA/boletinlegal/ HTTP/1.1" 200 44737
201.245.192.253 - - [18/Mar/2024:07:54:49 -0500] "GET /sipse/faces/index.xhtml HTTP/1.1" 200 677
201.245.192.253 - - [18/Mar/2024:07:54:49 -0500] "GET /sipse/faces/javax.faces.resource/theme.css?ln=primefaces-sipse HTTP/1.1" 304 -
201.245.192.253 - - [18/Mar/2024:07:54:50 -0500] "GET /sipse/faces/faces/autenticacion.xhtml HTTP/1.1" 200 12401
201.245.192.253 - - [18/Mar/2024:07:54:50 -0500] "GET /sipse/js/disable_browser_buttons.js HTTP/1.1" 304 -
201.245.192.253 - - [18/Mar/2024:07:54:50 -0500] "GET /sipse/js/funciones.js HTTP/1.1" 304 -
201.245.192.253 - - [18/Mar/2024:07:54:50 -0500] "GET /sipse/css/custom_css_sg.css HTTP/1.1" 304 -
201.245.192.253 - - [18/Mar/2024:07:54:50 -0500] "GET /sipse/css/custom_css_sg_prime_login.css HTTP/1.1" 304 -
201.245.192.253 - - [18/Mar/2024:07:54:50 -0500] "GET /sipse/faces/javax.faces.resource/theme.css?ln=primefaces-sipse HTTP/1.1" 304 -
201.245.192.253 - - [18/Mar/2024:07:54:50 -0500] "GET /sipse/faces/javax.faces.resource/primefaces.css?ln=primefaces&v=4.0 HTTP/1.1" 304 -
201.245.192.253 - - [18/Mar/2024:07:54:50 -0500] "GET /sipse/faces/javax.faces.resource/jquery/jquery.js?ln=primefaces&v=4.0 HTTP/1.1" 304 -
201.245.192.253 - - [18/Mar/2024:07:54:50 -0500] "GET /sipse/faces/javax.faces.resource/layout/layout.css?ln=primefaces&v=4.0 HTTP/1.1" 304 -
201.245.192.253 - - [18/Mar/2024:07:54:50 -0500] "GET /sipse/faces/javax.faces.resource/jquery/jquery-plugins.js?ln=primefaces&v=4.0 HTTP/1.1" 304 -
201.245.192.253 - - [18/Mar/2024:07:54:50 -0500] "GET /sipse/faces/javax.faces.resource/primefaces.js?ln=primefaces&v=4.0 HTTP/1.1" 304 -
201.245.192.253 - - [18/Mar/2024:07:54:50 -0500] "GET /sipse/faces/javax.faces.resource/layout/layout.js?ln=primefaces&v=4.0 HTTP/1.1" 304 -
