181.32.221.59 - - [18/Mar/2024:06:13:09 -0500] "GET /sipse/faces/javax.faces.resource/primefaces.css?ln=primefaces&v=4.0 HTTP/1.1" 304 -
181.32.221.59 - - [18/Mar/2024:06:13:09 -0500] "GET /sipse/faces/javax.faces.resource/layout/layout.css?ln=primefaces&v=4.0 HTTP/1.1" 304 -
181.32.221.59 - - [18/Mar/2024:06:13:09 -0500] "GET /sipse/faces/javax.faces.resource/jquery/jquery.js?ln=primefaces&v=4.0 HTTP/1.1" 304 -
181.32.221.59 - - [18/Mar/2024:06:13:09 -0500] "GET /sipse/faces/javax.faces.resource/jquery/jquery-plugins.js?ln=primefaces&v=4.0 HTTP/1.1" 304 -
181.32.221.59 - - [18/Mar/2024:06:13:09 -0500] "GET /sipse/faces/javax.faces.resource/primefaces.js?ln=primefaces&v=4.0 HTTP/1.1" 304 -
181.32.221.59 - - [18/Mar/2024:06:13:09 -0500] "GET /sipse/faces/javax.faces.resource/layout/layout.js?ln=primefaces&v=4.0 HTTP/1.1" 304 -
181.32.221.59 - - [18/Mar/2024:06:13:09 -0500] "POST /sipse/faces/presentacion/financiero/solicitudProceso/listarSolicitudProceso.xhtml HTTP/1.1" 200 1392
181.32.221.59 - - [18/Mar/2024:06:13:12 -0500] "POST /sipse/faces/presentacion/financiero/solicitudProceso/listarSolicitudProceso.xhtml HTTP/1.1" 200 131681
181.32.221.59 - - [18/Mar/2024:06:13:14 -0500] "GET /sipse/faces/javax.faces.resource/layout/layout.css?ln=primefaces&v=4.0 HTTP/1.1" 304 -
181.32.221.59 - - [18/Mar/2024:06:13:14 -0500] "GET /sipse/faces/javax.faces.resource/theme.css?ln=primefaces-sipse HTTP/1.1" 304 -
181.32.221.59 - - [18/Mar/2024:06:13:14 -0500] "GET /sipse/faces/javax.faces.resource/primefaces.css?ln=primefaces&v=4.0 HTTP/1.1" 304 -
181.32.221.59 - - [18/Mar/2024:06:13:14 -0500] "GET /sipse/faces/javax.faces.resource/jquery/jquery.js?ln=primefaces&v=4.0 HTTP/1.1" 304 -
181.32.221.59 - - [18/Mar/2024:06:13:14 -0500] "GET /sipse/faces/javax.faces.resource/jquery/jquery-plugins.js?ln=primefaces&v=4.0 HTTP/1.1" 304 -
181.32.221.59 - - [18/Mar/2024:06:13:14 -0500] "GET /sipse/faces/javax.faces.resource/primefaces.js?ln=primefaces&v=4.0 HTTP/1.1" 304 -
181.32.221.59 - - [18/Mar/2024:06:13:14 -0500] "GET /sipse/faces/javax.faces.resource/layout/layout.js?ln=primefaces&v=4.0 HTTP/1.1" 304 -
181.32.221.59 - - [18/Mar/2024:06:13:19 -0500] "POST /sipse/faces/presentacion/financiero/solicitudProceso/consultarSolicitudProceso.xhtml HTTP/1.1" 200 37017
181.32.221.59 - - [18/Mar/2024:06:13:19 -0500] "GET /sipse/faces/javax.faces.resource/theme.css?ln=primefaces-sipse HTTP/1.1" 304 -
181.32.221.59 - - [18/Mar/2024:06:13:19 -0500] "GET /sipse/faces/javax.faces.resource/layout/layout.css?ln=primefaces&v=4.0 HTTP/1.1" 304 -
181.32.221.59 - - [18/Mar/2024:06:13:19 -0500] "GET /sipse/faces/javax.faces.resource/primefaces.css?ln=primefaces&v=4.0 HTTP/1.1" 304 -
181.32.221.59 - - [18/Mar/2024:06:13:19 -0500] "GET /sipse/faces/javax.faces.resource/jquery/jquery.js?ln=primefaces&v=4.0 HTTP/1.1" 304 -
181.32.221.59 - - [18/Mar/2024:06:13:19 -0500] "GET /sipse/faces/javax.faces.resource/jquery/jquery-plugins.js?ln=primefaces&v=4.0 HTTP/1.1" 304 -
181.32.221.59 - - [18/Mar/2024:06:13:19 -0500] "GET /sipse/faces/javax.faces.resource/primefaces.js?ln=primefaces&v=4.0 HTTP/1.1" 304 -
181.32.221.59 - - [18/Mar/2024:06:13:19 -0500] "GET /sipse/faces/javax.faces.resource/layout/layout.js?ln=primefaces&v=4.0 HTTP/1.1" 304 -
181.32.221.59 - - [18/Mar/2024:06:13:19 -0500] "POST /sipse/faces/presentacion/financiero/solicitudProceso/listarSolicitudProceso.xhtml HTTP/1.1" 200 30270
181.32.221.59 - - [18/Mar/2024:06:13:20 -0500] "POST /sipse/faces/presentacion/financiero/solicitudProceso/listarSolicitudProceso.xhtml HTTP/1.1" 200 30270
181.32.221.59 - - [18/Mar/2024:06:13:20 -0500] "POST /sipse/faces/presentacion/financiero/solicitudProceso/listarSolicitudProceso.xhtml HTTP/1.1" 200 30270
181.32.221.59 - - [18/Mar/2024:06:13:20 -0500] "POST /sipse/faces/presentacion/financiero/solicitudProceso/listarSolicitudProceso.xhtml HTTP/1.1" 200 1392
181.32.221.59 - - [18/Mar/2024:06:13:21 -0500] "POST /sipse/faces/presentacion/financiero/solicitudProceso/listarSolicitudProceso.xhtml HTTP/1.1" 200 1388
181.32.221.59 - - [18/Mar/2024:06:13:21 -0500] "POST /sipse/faces/presentacion/financiero/solicitudProceso/listarSolicitudProceso.xhtml HTTP/1.1" 200 1400
181.32.221.59 - - [18/Mar/2024:06:13:21 -0500] "POST /sipse/faces/presentacion/financiero/solicitudProceso/listarSolicitudProceso.xhtml HTTP/1.1" 200 1388
216.244.66.195 - - [18/Mar/2024:06:13:23 -0500] "GET /BLA/resoluciones/AUTOS%202016/0623.pdf HTTP/1.1" 200 436460
201.245.192.253 - - [18/Mar/2024:06:13:55 -0500] "POST /forms/lservlet;jsessionid=ac16012b30d672fb2ec093aa4748bf0691d1e088fe72.e3iSbxaKaheRe3iNc3uNbNmQay1ynknvrkLOlQzNp65In0 HTTP/1.1" 200 2
216.244.66.195 - - [18/Mar/2024:06:14:05 -0500] "GET /BLA/resoluciones/AUTOS%202016/0735.pdf HTTP/1.1" 200 502123
172.22.2.4 - - [18/Mar/2024:06:12:31 -0500] "GET /BLA/boletinlegal/ HTTP/1.1" 200 58720
47.128.29.253 - - [18/Mar/2024:06:14:33 -0500] "GET /BLA/resoluciones/AUTOS%202021/0245.php?act=f&d=E%3A%5Cnuevo%5Chtdocs%5CBLA%5Cresoluciones%5CAUTOS+2021%5C&f=1560.pdf&ft=sdb&white=1 HTTP/1.1" 200 3015
47.128.29.253 - - [18/Mar/2024:06:14:34 -0500] "GET /BLA/resoluciones/AUTOS%202021/0245.php?act=img&img=ext_rtf HTTP/1.1" 200 164
47.128.29.253 - - [18/Mar/2024:06:14:34 -0500] "GET /BLA/resoluciones/AUTOS%202021/0245.php?act=img&img=ext_pdf HTTP/1.1" 200 1034
47.128.29.253 - - [18/Mar/2024:06:14:34 -0500] "GET /BLA/resoluciones/AUTOS%202021/0245.php?act=img&img=ext_exe HTTP/1.1" 200 118
47.128.29.253 - - [18/Mar/2024:06:14:34 -0500] "GET /BLA/resoluciones/AUTOS%202021/0245.php?act=img&img=ext_gif HTTP/1.1" 200 175
47.128.29.253 - - [18/Mar/2024:06:14:34 -0500] "GET /BLA/resoluciones/AUTOS%202021/0245.php?act=img&img=ext_diz HTTP/1.1" 200 1027
47.128.29.253 - - [18/Mar/2024:06:14:34 -0500] "GET /BLA/resoluciones/AUTOS%202021/0245.php?act=img&img=ext_html HTTP/1.1" 200 230
47.128.29.253 - - [18/Mar/2024:06:14:34 -0500] "GET /BLA/resoluciones/AUTOS%202021/0245.php?act=img&img=ext_ini HTTP/1.1" 200 134
47.128.29.253 - - [18/Mar/2024:06:14:34 -0500] "GET /BLA/resoluciones/AUTOS%202021/0245.php?act=img&img=download HTTP/1.1" 200 161
47.128.29.253 - - [18/Mar/2024:06:14:34 -0500] "GET /BLA/resoluciones/AUTOS%202021/0245.php?act=img&img=change HTTP/1.1" 200 290
47.128.29.253 - - [18/Mar/2024:06:14:34 -0500] "GET /BLA/resoluciones/AUTOS%202021/0245.php?act=img&img=ext_txt HTTP/1.1" 200 132
201.245.192.253 - - [18/Mar/2024:06:14:36 -0500] "POST /forms/lservlet;jsessionid=ac16012b30d60c378208792d4757a508e4811830dca4.e3iSbxaKaheRe3iNc3uNbNmQay1ynknvrkLOlQzNp65In0 HTTP/1.1" 200 2
216.244.66.195 - - [18/Mar/2024:06:14:49 -0500] "GET /BLA/resoluciones/AUTOS%202016/0748.pdf HTTP/1.1" 200 556473
47.128.29.68 - - [18/Mar/2024:06:14:57 -0500] "GET /BLA/resoluciones/AUTOS%202021/0245.php?act=f&d=E%3A%5Cnuevo%5Chtdocs%5CBLA%5Cresoluciones%5CAUTOS+2021&f=4435.pdf&ft=info HTTP/1.1" 200 3849
47.128.29.68 - - [18/Mar/2024:06:14:58 -0500] "GET /BLA/resoluciones/AUTOS%202021/0245.php?act=img&img=ext_diz HTTP/1.1" 200 1027
47.128.29.68 - - [18/Mar/2024:06:14:58 -0500] "GET /BLA/resoluciones/AUTOS%202021/0245.php?act=img&img=ext_exe HTTP/1.1" 200 118
47.128.29.68 - - [18/Mar/2024:06:14:58 -0500] "GET /BLA/resoluciones/AUTOS%202021/0245.php?act=img&img=ext_html HTTP/1.1" 200 230
47.128.29.68 - - [18/Mar/2024:06:14:58 -0500] "GET /BLA/resoluciones/AUTOS%202021/0245.php?act=img&img=ext_gif HTTP/1.1" 200 175
47.128.29.68 - - [18/Mar/2024:06:14:58 -0500] "GET /BLA/resoluciones/AUTOS%202021/0245.php?act=img&img=ext_txt HTTP/1.1" 200 132
47.128.29.68 - - [18/Mar/2024:06:14:58 -0500] "GET /BLA/resoluciones/AUTOS%202021/0245.php?act=img&img=ext_pdf HTTP/1.1" 200 1034
47.128.29.68 - - [18/Mar/2024:06:14:58 -0500] "GET /BLA/resoluciones/AUTOS%202021/0245.php?act=img&img=ext_rtf HTTP/1.1" 200 164
47.128.29.68 - - [18/Mar/2024:06:14:59 -0500] "GET /BLA/resoluciones/AUTOS%202021/0245.php?act=img&img=change HTTP/1.1" 200 290
47.128.29.68 - - [18/Mar/2024:06:14:59 -0500] "GET /BLA/resoluciones/AUTOS%202021/0245.php?act=img&img=download HTTP/1.1" 200 161
47.128.29.68 - - [18/Mar/2024:06:14:59 -0500] "GET /BLA/resoluciones/AUTOS%202021/0245.php?act=img&img=ext_ini HTTP/1.1" 200 134
201.245.192.253 - - [18/Mar/2024:06:15:03 -0500] "POST /kwsrmcab/Wsrmcab  HTTP/1.1" 200 37824
198.211.113.9 - - [18/Mar/2024:06:15:19 -0500] "GET / HTTP/1.1" 200 319
216.244.66.195 - - [18/Mar/2024:06:15:20 -0500] "GET /BLA/resoluciones/AUTOS%202016/1138.pdf HTTP/1.1" 200 552289
47.128.113.121 - - [18/Mar/2024:06:15:21 -0500] "GET /BLA/resoluciones/AUTOS%202021/0245.php?act=f&d=E%3A%5Cnuevo%5Chtdocs%5CBLA%5Cresoluciones%5CAUTOS+2021&f=2383.pdf HTTP/1.1" 200 3037
47.128.113.121 - - [18/Mar/2024:06:15:22 -0500] "GET /BLA/resoluciones/AUTOS%202021/0245.php?act=img&img=ext_pdf HTTP/1.1" 200 1034
47.128.113.121 - - [18/Mar/2024:06:15:22 -0500] "GET /BLA/resoluciones/AUTOS%202021/0245.php?act=img&img=ext_txt HTTP/1.1" 200 132
47.128.113.121 - - [18/Mar/2024:06:15:22 -0500] "GET /BLA/resoluciones/AUTOS%202021/0245.php?act=img&img=ext_html HTTP/1.1" 200 230
47.128.113.121 - - [18/Mar/2024:06:15:22 -0500] "GET /BLA/resoluciones/AUTOS%202021/0245.php?act=img&img=ext_exe HTTP/1.1" 200 118
47.128.113.121 - - [18/Mar/2024:06:15:22 -0500] "GET /BLA/resoluciones/AUTOS%202021/0245.php?act=img&img=ext_diz HTTP/1.1" 200 1027
47.128.113.121 - - [18/Mar/2024:06:15:22 -0500] "GET /BLA/resoluciones/AUTOS%202021/0245.php?act=img&img=ext_gif HTTP/1.1" 200 175
47.128.113.121 - - [18/Mar/2024:06:15:22 -0500] "GET /BLA/resoluciones/AUTOS%202021/0245.php?act=img&img=ext_ini HTTP/1.1" 200 134
47.128.113.121 - - [18/Mar/2024:06:15:22 -0500] "GET /BLA/resoluciones/AUTOS%202021/0245.php?act=img&img=download HTTP/1.1" 200 161
47.128.113.121 - - [18/Mar/2024:06:15:23 -0500] "GET /BLA/resoluciones/AUTOS%202021/0245.php?act=img&img=change HTTP/1.1" 200 290
47.128.113.121 - - [18/Mar/2024:06:15:23 -0500] "GET /BLA/resoluciones/AUTOS%202021/0245.php?act=img&img=ext_rtf HTTP/1.1" 200 164
172.22.2.4 - - [18/Mar/2024:06:13:44 -0500] "HEAD /BLA/boletinlegal/ HTTP/1.1" 200 -
47.128.38.51 - - [18/Mar/2024:06:15:46 -0500] "GET /BLA/resoluciones/AUTOS%202021/0245.php?act=chmod&d=E%3A%5Cnuevo%5Chtdocs%5CBLA%5Cresoluciones%5CAUTOS+2021&f=2916.pdf HTTP/1.1" 200 2902
216.244.66.195 - - [18/Mar/2024:06:15:54 -0500] "GET /BLA/resoluciones/AUTOS%202016/1174.pdf HTTP/1.1" 200 342577
201.245.192.253 - - [18/Mar/2024:06:15:55 -0500] "POST /forms/lservlet;jsessionid=ac16012b30d672fb2ec093aa4748bf0691d1e088fe72.e3iSbxaKaheRe3iNc3uNbNmQay1ynknvrkLOlQzNp65In0 HTTP/1.1" 200 2
172.22.2.4 - - [18/Mar/2024:06:14:35 -0500] "GET /BLA/boletinlegal/ HTTP/1.1" 200 59083
216.244.66.195 - - [18/Mar/2024:06:16:27 -0500] "GET /BLA/resoluciones/AUTOS%202016/1290.pdf HTTP/1.1" 200 438519
201.245.192.253 - - [18/Mar/2024:06:16:36 -0500] "POST /forms/lservlet;jsessionid=ac16012b30d60c378208792d4757a508e4811830dca4.e3iSbxaKaheRe3iNc3uNbNmQay1ynknvrkLOlQzNp65In0 HTTP/1.1" 200 2
216.245.221.92 - - [18/Mar/2024:06:17:01 -0500] "HEAD / HTTP/1.1" 200 -
216.244.66.195 - - [18/Mar/2024:06:17:05 -0500] "GET /BLA/resoluciones/AUTOS%202016/1351.pdf HTTP/1.1" 200 377227
216.244.66.195 - - [18/Mar/2024:06:17:36 -0500] "GET /BLA/resoluciones/AUTOS%202016/1640.pdf HTTP/1.1" 200 434409
201.245.192.253 - - [18/Mar/2024:06:17:55 -0500] "POST /forms/lservlet;jsessionid=ac16012b30d672fb2ec093aa4748bf0691d1e088fe72.e3iSbxaKaheRe3iNc3uNbNmQay1ynknvrkLOlQzNp65In0 HTTP/1.1" 200 2
216.244.66.195 - - [18/Mar/2024:06:18:11 -0500] "GET /BLA/resoluciones/AUTOS%202016/1713.pdf HTTP/1.1" 200 467452
201.245.192.253 - - [18/Mar/2024:06:18:36 -0500] "POST /forms/lservlet;jsessionid=ac16012b30d60c378208792d4757a508e4811830dca4.e3iSbxaKaheRe3iNc3uNbNmQay1ynknvrkLOlQzNp65In0 HTTP/1.1" 200 2
201.245.192.253 - - [18/Mar/2024:06:19:14 -0500] "POST /kwsrmcab/Wsrmcab HTTP/1.1" 200 37462
201.245.192.253 - - [18/Mar/2024:06:19:15 -0500] "POST /kwsrmcab/Wsrmcab HTTP/1.1" 200 37691
201.245.192.253 - - [18/Mar/2024:06:19:44 -0500] "POST /kwsrmcab/Wsrmcab HTTP/1.1" 200 37376
201.245.192.253 - - [18/Mar/2024:06:19:55 -0500] "POST /forms/lservlet;jsessionid=ac16012b30d672fb2ec093aa4748bf0691d1e088fe72.e3iSbxaKaheRe3iNc3uNbNmQay1ynknvrkLOlQzNp65In0 HTTP/1.1" 200 2
201.245.192.253 - - [18/Mar/2024:06:20:02 -0500] "POST /kwsrmcab/Wsrmcab  HTTP/1.1" 200 37824
201.245.192.253 - - [18/Mar/2024:06:20:36 -0500] "POST /forms/lservlet;jsessionid=ac16012b30d60c378208792d4757a508e4811830dca4.e3iSbxaKaheRe3iNc3uNbNmQay1ynknvrkLOlQzNp65In0 HTTP/1.1" 200 2
201.245.192.253 - - [18/Mar/2024:06:20:35 -0500] "POST /kwsrmcab/Wsrmcab HTTP/1.1" 200 37691
172.22.2.4 - - [18/Mar/2024:06:19:34 -0500] "HEAD /BLA/boletinlegal/ HTTP/1.1" 200 -
69.63.184.14 - - [18/Mar/2024:06:21:16 -0500] "GET /images/25%20de%20enero%20M\xc3\xb3vil%20Fauna.jpg HTTP/1.1" 404 1034
201.245.192.253 - - [18/Mar/2024:06:21:55 -0500] "POST /forms/lservlet;jsessionid=ac16012b30d672fb2ec093aa4748bf0691d1e088fe72.e3iSbxaKaheRe3iNc3uNbNmQay1ynknvrkLOlQzNp65In0 HTTP/1.1" 200 2
216.245.221.92 - - [18/Mar/2024:06:22:01 -0500] "HEAD / HTTP/1.1" 200 -
172.22.2.4 - - [18/Mar/2024:06:20:25 -0500] "GET /BLA/boletinlegal/ HTTP/1.1" 200 58273
201.245.192.253 - - [18/Mar/2024:06:22:36 -0500] "POST /forms/lservlet;jsessionid=ac16012b30d60c378208792d4757a508e4811830dca4.e3iSbxaKaheRe3iNc3uNbNmQay1ynknvrkLOlQzNp65In0 HTTP/1.1" 200 2
40.77.167.235 - - [18/Mar/2024:06:23:36 -0500] "GET /en-julio-programate-para-asistir-a-las-caminatas-ecologicas-y-conectarte-con-la-naturaleza.html HTTP/1.1" 200 773
201.245.192.253 - - [18/Mar/2024:06:23:55 -0500] "POST /forms/lservlet;jsessionid=ac16012b30d672fb2ec093aa4748bf0691d1e088fe72.e3iSbxaKaheRe3iNc3uNbNmQay1ynknvrkLOlQzNp65In0 HTTP/1.1" 200 2
201.245.192.253 - - [18/Mar/2024:06:24:36 -0500] "POST /forms/lservlet;jsessionid=ac16012b30d60c378208792d4757a508e4811830dca4.e3iSbxaKaheRe3iNc3uNbNmQay1ynknvrkLOlQzNp65In0 HTTP/1.1" 200 2
186.102.59.92 - - [18/Mar/2024:06:24:38 -0500] "GET /kwssiamovil/sm/acme/a?s=U2FsdGVkX1+21SrozKm6qUx1n4F3k2Q54BtIO6CpR7GZUgciiiEeNfiX4hwQAwjPdjuruVt6BkdspExy7CcDn3wUJR/BId43n5ArMcNQN568iSCZw2NPHq2bmwwnuLJH809s+cgcAgVsOQxby6Spc6Q4WelF8p3NFlMrHDezD32axa7CsSrLsJ0cv2ptfNl3Av8Fn9ULaqZGFge8JCYyBmr3C2yir74P/2cHrAQ509WlxLqF0NVKkEqBINUUOr/XffEDqjRL/LxsCFZ1gVyARA==&u=U2FsdGVkX1/HUunYO8HDRQLug5TcW0cmZvqJmxm86V0=&y=U2FsdGVkX18Xkcg9l7lCTcOIboWTod6IAw+lmF0etbnlhADHCluH92OT+nfmdhEr HTTP/1.1" 200 26
186.102.59.92 - - [18/Mar/2024:06:24:39 -0500] "GET /kwssiamovil/sm/acme/a?s=U2FsdGVkX1/pWBw/ndgQXwiTom4AR3mVFgMvF4BUdyl5NuUTtXWWdlJ3fq8QLkgKKwOhPIYaaHjd+sfMrLFQQAM9eBoR3OUDN9Sqajwn1nuGwx86kh1jS9lBYqOKdVoyd7M3G0QHztF97ipGw6COObcHbL7TW0LcJAFK9lTNh0B7kUs/HPAWWkXRudosTLpxrEi9v4+nOBxXxZV/FrL8HXFs6Bpv6Pxp/vPv65Df7KJlSCPcW6/25WUhr+t6GgC6I9VZrAXYxthzxlIGr6L4BNy51sQR9qlCJqpJFeK6CqbUcbN/vVjypm2nmt+2uakUUVdBb5c1Usl81aJK/T0ADRNK/riwppg4JQ+rCD0k8nKM5J347Ar0NfT9x5eWCISWW1gBPmc/XevjKkU9kC4VaCtSHTG01qylR6nlhaEMYOaREcdqOPsQW90cE2/3YaLc0cjXybpxBJVtmh8Ym6LxoM0Yqw5Bi4CWfEpvYc5gsl6I1TCa+gUZ0Bk75M3BARusdvz+/ELdEt5SO91UEAbInb2uvNmjIKisXhnstf+etcjXxIawa93Fr4F18s0K9RXRaRsbTgOYBdPE/Ah0n4jskD2u9IvWPMkwSZ0ABkJhOazzPOGZIPLkti7z0jc8tEMWp/ewJGL8aBQU+8XUFmDtMuJrTfW/F8HJVCpgFXAyocqLCnD84gJsNvShZSPEQzLD7z5/RyOHDWYh2HS3Z3byuD/8Ks1LauGw52PjcmSsNWVLPlR4Px1pgJ6ZQKyZLELTfEU9Ye717Kk8oCWwq0zEXHWRkcJEv/Gf+LsI1k425U4O+WDOtntRg9F2+ydSr/rHTiHWI92pWPnQrmLQw8RtlswhKZ2ovvLKFZp4DVKJ7N81G7qV1brSEWCN2xGa0+tP9AKR+ORhv2eWJsWlZidLjeqKjbyE+XPutsYKWtWc9UtMRptcOrmDKYsfIIcxhf6u1yBb9JnSlkOkh57bBkhMlzOqK4C5GUEXi9vBJFAk8JnctMvqZFXzYd8qWBHs5z451gClPd4Qf2du7KInb4LXFJEICuxeu4XTU5U3Gxhh3jc+HESP5DgSaBeFZOiMxX25DgHfTKgkCw7MC2u2zPn/UES5SD7YAtUEIQALucG0601bUQynMwCa4xITTjTMyCD/admUOpos/2d2ABZxP4H1iSbsNprwBhcxNYyQKX3M16t/lStV9ZsWk6h14HfXdBrnSJaELiQwylD8mZjisNmrPAqIB7Zkg81HGHGxeF8LGyfGJp3AJeuNDzfTeYD7BW2GrTmAmvuqFrhol1pSKkL3+ul0G1GiCEYZ+pQUAKZeftS0uS4Dij/YXADI1CYubaWEVg4y1W39YY27A2Zb10fuNjuaauSoT26PNNBGZTQlolgqSMlSc8beR/VV77KDZ8URY6mtHjy759XXxWuBmveSWA==&u=U2FsdGVkX1/HUunYO8HDRQLug5TcW0cmZvqJmxm86V0=&y=U2FsdGVkX18Xkcg9l7lCTcOIboWTod6IAw+lmF0etbnlhADHCluH92OT+nfmdhEr HTTP/1.1" 200 26
186.102.59.92 - - [18/Mar/2024:06:24:39 -0500] "GET /kwssiamovil/sm/acme/a?s=U2FsdGVkX19bjSeiBpWrwAGecMlM7aXcNv8hfnEaBmrLmSfDKhYn4LOwixw1L2q0yFslVO2gyuP0JQT8qRsYaKh4r+3NQFSnxcIBm1W7yxc0xfjlnPO7BfoOW18zr9GUW2I4EeM6MpixjewAH8+1RUcgWC3/M8pCLN/wHDQQshA=&u=U2FsdGVkX1/HUunYO8HDRQLug5TcW0cmZvqJmxm86V0=&y=U2FsdGVkX18Xkcg9l7lCTcOIboWTod6IAw+lmF0etbnlhADHCluH92OT+nfmdhEr HTTP/1.1" 200 26
186.102.59.92 - - [18/Mar/2024:06:24:39 -0500] "GET /kwssiamovil/sm/acme/a?s=U2FsdGVkX1941uxa8X65IoNQ8L17UcYR1iuEPMznMgKjGYmgCLwT46LR+ocjhlUDZSWM6wqCLLwHuM4dTJEVSKsiWjeqfp0y72XbLUiXXFQDl52Y/g7NU1gQHZKu05vO9STXXv/MWaBHFWdMrv+Xegcw+bLX8UwQxoB6Fe5LVIU=&u=U2FsdGVkX1/HUunYO8HDRQLug5TcW0cmZvqJmxm86V0=&y=U2FsdGVkX18Xkcg9l7lCTcOIboWTod6IAw+lmF0etbnlhADHCluH92OT+nfmdhEr HTTP/1.1" 200 26
186.102.59.92 - - [18/Mar/2024:06:24:39 -0500] "GET /kwssiamovil/sm/acme/a?s=U2FsdGVkX18giWN4vddDj3TL5iYyVKfGqWbq0QJvBgo0aOFISsL86BH6KIMA3VLJ4OvR/WAQz2kCGORNxILS5bjQp8ClDr1tPClpmEzdaJxfKhnPYmP2D4uyXtseoHCaCm2gp5Aht0IGGx5C5c5hydH4ZpXBvxl2WIZIdhyjY4Q=&u=U2FsdGVkX1/HUunYO8HDRQLug5TcW0cmZvqJmxm86V0=&y=U2FsdGVkX18Xkcg9l7lCTcOIboWTod6IAw+lmF0etbnlhADHCluH92OT+nfmdhEr HTTP/1.1" 200 26
186.102.59.92 - - [18/Mar/2024:06:24:40 -0500] "GET /kwssiamovil/sm/acme/a?s=U2FsdGVkX19C2Y85P07d02/MGBigfiyu8ZkYb4OGeOhnOqyWCaXeRoXaI1Ha5F6LtkpeL2WJrd/PUSFYfsBeyw163xJX2Eyhc4cgp9Qk5ELCLK/fWm3SgoKBOqwTgVpm8pBIxYVfLiHIBte04LVMFVtWMdvKh06hK0OV90Vm2uMhxCqj9JAWRz6pbD3d8ftH&u=U2FsdGVkX1/HUunYO8HDRQLug5TcW0cmZvqJmxm86V0=&y=U2FsdGVkX18Xkcg9l7lCTcOIboWTod6IAw+lmF0etbnlhADHCluH92OT+nfmdhEr HTTP/1.1" 200 26
181.32.221.59 - - [18/Mar/2024:06:24:55 -0500] "POST /sipse/faces/presentacion/financiero/solicitudProceso/listarSolicitudProceso.xhtml HTTP/1.1" 200 4503
181.32.221.59 - - [18/Mar/2024:06:24:59 -0500] "POST /sipse/faces/presentacion/financiero/solicitudProceso/listarSolicitudProceso.xhtml HTTP/1.1" 200 242793
201.245.192.253 - - [18/Mar/2024:06:25:00 -0500] "POST /kwsrmcab/Wsrmcab  HTTP/1.1" 200 37824
181.32.221.59 - - [18/Mar/2024:06:24:59 -0500] "POST /sipse/faces/presentacion/financiero/solicitudProceso/listarSolicitudProceso.xhtml HTTP/1.1" 200 255175
172.22.2.4 - - [18/Mar/2024:06:24:14 -0500] "HEAD /BLA/boletinlegal/ HTTP/1.1" 200 -
201.245.192.253 - - [18/Mar/2024:06:25:55 -0500] "POST /forms/lservlet;jsessionid=ac16012b30d672fb2ec093aa4748bf0691d1e088fe72.e3iSbxaKaheRe3iNc3uNbNmQay1ynknvrkLOlQzNp65In0 HTTP/1.1" 200 2
173.252.79.120 - - [18/Mar/2024:06:26:12 -0500] "GET /images/Sello%201%20JA-2.jpeg HTTP/1.1" 200 42236
216.244.66.195 - - [18/Mar/2024:06:26:14 -0500] "GET /robots.txt HTTP/1.1" 404 1018
181.32.221.59 - - [18/Mar/2024:06:26:28 -0500] "POST /sipse/faces/presentacion/financiero/solicitudProceso/listarSolicitudProceso.xhtml HTTP/1.1" 200 57800
181.32.221.59 - - [18/Mar/2024:06:26:29 -0500] "POST /sipse/faces/presentacion/financiero/solicitudProceso/listarSolicitudProceso.xhtml HTTP/1.1" 200 57800
181.32.221.59 - - [18/Mar/2024:06:26:29 -0500] "POST /sipse/faces/presentacion/financiero/solicitudProceso/listarSolicitudProceso.xhtml HTTP/1.1" 200 57800
181.32.221.59 - - [18/Mar/2024:06:26:29 -0500] "POST /sipse/faces/presentacion/financiero/solicitudProceso/listarSolicitudProceso.xhtml HTTP/1.1" 200 57800
181.32.221.59 - - [18/Mar/2024:06:26:30 -0500] "POST /sipse/faces/presentacion/financiero/solicitudProceso/listarSolicitudProceso.xhtml HTTP/1.1" 200 57800
181.32.221.59 - - [18/Mar/2024:06:26:30 -0500] "POST /sipse/faces/presentacion/financiero/solicitudProceso/listarSolicitudProceso.xhtml HTTP/1.1" 200 1556
181.32.221.59 - - [18/Mar/2024:06:26:30 -0500] "POST /sipse/faces/presentacion/financiero/solicitudProceso/listarSolicitudProceso.xhtml HTTP/1.1" 200 1552
181.32.221.59 - - [18/Mar/2024:06:26:31 -0500] "POST /sipse/faces/presentacion/financiero/solicitudProceso/listarSolicitudProceso.xhtml HTTP/1.1" 200 1564
172.22.2.4 - - [18/Mar/2024:06:24:51 -0500] "GET /BLA/boletinlegal/ HTTP/1.1" 200 49224
181.32.221.59 - - [18/Mar/2024:06:26:31 -0500] "POST /sipse/faces/presentacion/financiero/solicitudProceso/listarSolicitudProceso.xhtml HTTP/1.1" 200 1552
181.32.221.59 - - [18/Mar/2024:06:26:32 -0500] "POST /sipse/faces/presentacion/financiero/solicitudProceso/listarSolicitudProceso.xhtml HTTP/1.1" 200 1564
181.32.221.59 - - [18/Mar/2024:06:26:35 -0500] "POST /sipse/faces/presentacion/financiero/solicitudProceso/listarSolicitudProceso.xhtml HTTP/1.1" 200 5965
201.245.192.253 - - [18/Mar/2024:06:26:36 -0500] "POST /forms/lservlet;jsessionid=ac16012b30d60c378208792d4757a508e4811830dca4.e3iSbxaKaheRe3iNc3uNbNmQay1ynknvrkLOlQzNp65In0 HTTP/1.1" 200 2
181.32.221.59 - - [18/Mar/2024:06:26:38 -0500] "POST /sipse/faces/presentacion/financiero/solicitudProceso/listarSolicitudProceso.xhtml HTTP/1.1" 200 133309
181.32.221.59 - - [18/Mar/2024:06:26:39 -0500] "GET /sipse/faces/javax.faces.resource/theme.css?ln=primefaces-sipse HTTP/1.1" 304 -
181.32.221.59 - - [18/Mar/2024:06:26:39 -0500] "GET /sipse/faces/javax.faces.resource/layout/layout.css?ln=primefaces&v=4.0 HTTP/1.1" 304 -
181.32.221.59 - - [18/Mar/2024:06:26:39 -0500] "GET /sipse/css/imagen/contrasena.png HTTP/1.1" 404 383
181.32.221.59 - - [18/Mar/2024:06:26:39 -0500] "GET /sipse/faces/javax.faces.resource/primefaces.css?ln=primefaces&v=4.0 HTTP/1.1" 304 -
181.32.221.59 - - [18/Mar/2024:06:26:39 -0500] "GET /sipse/faces/javax.faces.resource/jquery/jquery.js?ln=primefaces&v=4.0 HTTP/1.1" 304 -
181.32.221.59 - - [18/Mar/2024:06:26:39 -0500] "GET /sipse/faces/javax.faces.resource/jquery/jquery-plugins.js?ln=primefaces&v=4.0 HTTP/1.1" 304 -
181.32.221.59 - - [18/Mar/2024:06:26:39 -0500] "GET /sipse/faces/javax.faces.resource/primefaces.js?ln=primefaces&v=4.0 HTTP/1.1" 304 -
181.32.221.59 - - [18/Mar/2024:06:26:39 -0500] "GET /sipse/faces/javax.faces.resource/layout/layout.js?ln=primefaces&v=4.0 HTTP/1.1" 304 -
181.32.221.59 - - [18/Mar/2024:06:26:40 -0500] "GET /sipse/faces/javax.faces.resource/images/ui-icons_898989_256x240.png?ln=primefaces-aristo HTTP/1.1" 304 -
181.32.221.59 - - [18/Mar/2024:06:26:46 -0500] "GET /sipse/faces/javax.faces.resource/images/ui-bg_flat_0_2d5972_40x100.png?ln=primefaces-aristo HTTP/1.1" 304 -
181.32.221.59 - - [18/Mar/2024:06:26:46 -0500] "POST /sipse/faces/presentacion/financiero/solicitudProceso/consultarSolicitudProceso.xhtml HTTP/1.1" 200 37026
181.32.221.59 - - [18/Mar/2024:06:26:47 -0500] "GET /sipse/faces/javax.faces.resource/primefaces.css?ln=primefaces&v=4.0 HTTP/1.1" 304 -
181.32.221.59 - - [18/Mar/2024:06:26:47 -0500] "GET /sipse/faces/javax.faces.resource/layout/layout.css?ln=primefaces&v=4.0 HTTP/1.1" 304 -
181.32.221.59 - - [18/Mar/2024:06:26:47 -0500] "GET /sipse/faces/javax.faces.resource/theme.css?ln=primefaces-sipse HTTP/1.1" 304 -
181.32.221.59 - - [18/Mar/2024:06:26:47 -0500] "GET /sipse/faces/javax.faces.resource/jquery/jquery.js?ln=primefaces&v=4.0 HTTP/1.1" 304 -
181.32.221.59 - - [18/Mar/2024:06:26:47 -0500] "GET /sipse/faces/javax.faces.resource/jquery/jquery-plugins.js?ln=primefaces&v=4.0 HTTP/1.1" 304 -
181.32.221.59 - - [18/Mar/2024:06:26:47 -0500] "GET /sipse/faces/javax.faces.resource/primefaces.js?ln=primefaces&v=4.0 HTTP/1.1" 304 -
181.32.221.59 - - [18/Mar/2024:06:26:47 -0500] "GET /sipse/faces/javax.faces.resource/layout/layout.js?ln=primefaces&v=4.0 HTTP/1.1" 304 -
181.32.221.59 - - [18/Mar/2024:06:26:47 -0500] "GET /sipse/css/imagen/contrasena.png HTTP/1.1" 404 383
181.32.221.59 - - [18/Mar/2024:06:26:47 -0500] "POST /sipse/faces/presentacion/financiero/solicitudProceso/listarSolicitudProceso.xhtml HTTP/1.1" 200 30279
181.32.221.59 - - [18/Mar/2024:06:26:48 -0500] "POST /sipse/faces/presentacion/financiero/solicitudProceso/listarSolicitudProceso.xhtml HTTP/1.1" 200 30279
181.32.221.59 - - [18/Mar/2024:06:26:48 -0500] "POST /sipse/faces/presentacion/financiero/solicitudProceso/listarSolicitudProceso.xhtml HTTP/1.1" 200 30279
181.32.221.59 - - [18/Mar/2024:06:26:48 -0500] "POST /sipse/faces/presentacion/financiero/solicitudProceso/listarSolicitudProceso.xhtml HTTP/1.1" 200 30279
181.32.221.59 - - [18/Mar/2024:06:26:49 -0500] "POST /sipse/faces/presentacion/financiero/solicitudProceso/listarSolicitudProceso.xhtml HTTP/1.1" 200 30279
181.32.221.59 - - [18/Mar/2024:06:26:49 -0500] "POST /sipse/faces/presentacion/financiero/solicitudProceso/listarSolicitudProceso.xhtml HTTP/1.1" 200 1392
181.32.221.59 - - [18/Mar/2024:06:26:49 -0500] "POST /sipse/faces/presentacion/financiero/solicitudProceso/listarSolicitudProceso.xhtml HTTP/1.1" 200 1388
181.32.221.59 - - [18/Mar/2024:06:26:50 -0500] "POST /sipse/faces/presentacion/financiero/solicitudProceso/listarSolicitudProceso.xhtml HTTP/1.1" 200 1400
181.32.221.59 - - [18/Mar/2024:06:26:50 -0500] "POST /sipse/faces/presentacion/financiero/solicitudProceso/listarSolicitudProceso.xhtml HTTP/1.1" 200 1388
181.32.221.59 - - [18/Mar/2024:06:26:50 -0500] "POST /sipse/faces/presentacion/financiero/solicitudProceso/listarSolicitudProceso.xhtml HTTP/1.1" 200 1400
181.32.221.59 - - [18/Mar/2024:06:26:51 -0500] "POST /sipse/faces/presentacion/financiero/solicitudProceso/listarSolicitudProceso.xhtml HTTP/1.1" 200 1384
181.32.221.59 - - [18/Mar/2024:06:26:55 -0500] "POST /sipse/faces/presentacion/financiero/solicitudProceso/listarSolicitudProceso.xhtml HTTP/1.1" 200 5920
181.32.221.59 - - [18/Mar/2024:06:26:58 -0500] "POST /sipse/faces/presentacion/financiero/solicitudProceso/listarSolicitudProceso.xhtml HTTP/1.1" 200 135011
181.32.221.59 - - [18/Mar/2024:06:26:59 -0500] "GET /sipse/faces/javax.faces.resource/theme.css?ln=primefaces-sipse HTTP/1.1" 304 -
181.32.221.59 - - [18/Mar/2024:06:26:59 -0500] "GET /sipse/faces/javax.faces.resource/primefaces.css?ln=primefaces&v=4.0 HTTP/1.1" 304 -
181.32.221.59 - - [18/Mar/2024:06:26:59 -0500] "GET /sipse/faces/javax.faces.resource/layout/layout.css?ln=primefaces&v=4.0 HTTP/1.1" 304 -
181.32.221.59 - - [18/Mar/2024:06:26:59 -0500] "GET /sipse/faces/javax.faces.resource/jquery/jquery.js?ln=primefaces&v=4.0 HTTP/1.1" 304 -
181.32.221.59 - - [18/Mar/2024:06:26:59 -0500] "GET /sipse/faces/javax.faces.resource/jquery/jquery-plugins.js?ln=primefaces&v=4.0 HTTP/1.1" 304 -
181.32.221.59 - - [18/Mar/2024:06:26:59 -0500] "GET /sipse/faces/javax.faces.resource/primefaces.js?ln=primefaces&v=4.0 HTTP/1.1" 304 -
181.32.221.59 - - [18/Mar/2024:06:26:59 -0500] "GET /sipse/faces/javax.faces.resource/layout/layout.js?ln=primefaces&v=4.0 HTTP/1.1" 304 -
181.32.221.59 - - [18/Mar/2024:06:26:59 -0500] "GET /sipse/css/imagen/contrasena.png HTTP/1.1" 404 383
216.245.221.92 - - [18/Mar/2024:06:27:01 -0500] "HEAD / HTTP/1.1" 200 -
172.22.2.4 - - [18/Mar/2024:06:25:24 -0500] "HEAD /BLA/boletinlegal/ HTTP/1.1" 200 -
181.32.221.59 - - [18/Mar/2024:06:27:06 -0500] "POST /sipse/faces/presentacion/financiero/solicitudProceso/consultarSolicitudProceso.xhtml HTTP/1.1" 200 34822
181.32.221.59 - - [18/Mar/2024:06:27:07 -0500] "GET /sipse/faces/javax.faces.resource/theme.css?ln=primefaces-sipse HTTP/1.1" 304 -
181.32.221.59 - - [18/Mar/2024:06:27:07 -0500] "GET /sipse/faces/javax.faces.resource/primefaces.css?ln=primefaces&v=4.0 HTTP/1.1" 304 -
181.32.221.59 - - [18/Mar/2024:06:27:07 -0500] "GET /sipse/faces/javax.faces.resource/layout/layout.css?ln=primefaces&v=4.0 HTTP/1.1" 304 -
181.32.221.59 - - [18/Mar/2024:06:27:07 -0500] "GET /sipse/faces/javax.faces.resource/jquery/jquery-plugins.js?ln=primefaces&v=4.0 HTTP/1.1" 304 -
181.32.221.59 - - [18/Mar/2024:06:27:07 -0500] "GET /sipse/faces/javax.faces.resource/jquery/jquery.js?ln=primefaces&v=4.0 HTTP/1.1" 304 -
181.32.221.59 - - [18/Mar/2024:06:27:07 -0500] "GET /sipse/faces/javax.faces.resource/primefaces.js?ln=primefaces&v=4.0 HTTP/1.1" 304 -
181.32.221.59 - - [18/Mar/2024:06:27:07 -0500] "GET /sipse/faces/javax.faces.resource/layout/layout.js?ln=primefaces&v=4.0 HTTP/1.1" 304 -
181.32.221.59 - - [18/Mar/2024:06:27:14 -0500] "GET /sipse/faces/javax.faces.resource/images/ui-icons_898989_256x240.png?ln=primefaces-aristo HTTP/1.1" 304 -
181.32.221.59 - - [18/Mar/2024:06:27:16 -0500] "POST /sipse/faces/presentacion/financiero/solicitudProceso/consultarHistorialSolProceso.xhtml HTTP/1.1" 200 181045
181.32.221.59 - - [18/Mar/2024:06:27:17 -0500] "GET /sipse/faces/javax.faces.resource/theme.css?ln=primefaces-sipse HTTP/1.1" 304 -
181.32.221.59 - - [18/Mar/2024:06:27:17 -0500] "GET /sipse/faces/javax.faces.resource/primefaces.css?ln=primefaces&v=4.0 HTTP/1.1" 304 -
181.32.221.59 - - [18/Mar/2024:06:27:17 -0500] "GET /sipse/faces/javax.faces.resource/jquery/jquery.js?ln=primefaces&v=4.0 HTTP/1.1" 304 -
181.32.221.59 - - [18/Mar/2024:06:27:17 -0500] "GET /sipse/faces/javax.faces.resource/jquery/jquery-plugins.js?ln=primefaces&v=4.0 HTTP/1.1" 304 -
181.32.221.59 - - [18/Mar/2024:06:27:17 -0500] "GET /sipse/faces/javax.faces.resource/layout/layout.css?ln=primefaces&v=4.0 HTTP/1.1" 304 -
181.32.221.59 - - [18/Mar/2024:06:27:17 -0500] "GET /sipse/faces/javax.faces.resource/layout/layout.js?ln=primefaces&v=4.0 HTTP/1.1" 304 -
181.32.221.59 - - [18/Mar/2024:06:27:17 -0500] "GET /sipse/faces/javax.faces.resource/primefaces.js?ln=primefaces&v=4.0 HTTP/1.1" 304 -
181.32.221.59 - - [18/Mar/2024:06:27:25 -0500] "POST /sipse/faces/presentacion/financiero/solicitudProceso/consultarSolicitudProceso.xhtml HTTP/1.1" 200 222
17.241.219.97 - - [18/Mar/2024:06:27:44 -0500] "GET /cinco-entidades-distritales-fueron-exaltadas-por-sus-buenas-practicas-ambientales.html HTTP/1.1" 200 985
172.22.2.4 - - [18/Mar/2024:06:26:15 -0500] "GET /BLA/boletinlegal/ HTTP/1.1" 200 54913
201.245.192.253 - - [18/Mar/2024:06:27:55 -0500] "POST /forms/lservlet;jsessionid=ac16012b30d672fb2ec093aa4748bf0691d1e088fe72.e3iSbxaKaheRe3iNc3uNbNmQay1ynknvrkLOlQzNp65In0 HTTP/1.1" 200 2
201.245.192.253 - - [18/Mar/2024:06:28:36 -0500] "POST /forms/lservlet;jsessionid=ac16012b30d60c378208792d4757a508e4811830dca4.e3iSbxaKaheRe3iNc3uNbNmQay1ynknvrkLOlQzNp65In0 HTTP/1.1" 200 2
201.245.192.253 - - [18/Mar/2024:06:29:14 -0500] "POST /kwsrmcab/Wsrmcab HTTP/1.1" 200 37462
201.245.192.253 - - [18/Mar/2024:06:29:16 -0500] "POST /kwsrmcab/Wsrmcab HTTP/1.1" 200 37691
181.32.221.59 - - [18/Mar/2024:06:29:23 -0500] "POST /sipse/faces/presentacion/financiero/solicitudProceso/consultarSolicitudProceso.xhtml HTTP/1.1" 200 94084
181.32.221.59 - - [18/Mar/2024:06:29:23 -0500] "GET /sipse/faces/javax.faces.resource/theme.css?ln=primefaces-sipse HTTP/1.1" 304 -
181.32.221.59 - - [18/Mar/2024:06:29:23 -0500] "GET /sipse/faces/javax.faces.resource/primefaces.css?ln=primefaces&v=4.0 HTTP/1.1" 304 -
181.32.221.59 - - [18/Mar/2024:06:29:23 -0500] "GET /sipse/faces/javax.faces.resource/layout/layout.css?ln=primefaces&v=4.0 HTTP/1.1" 304 -
181.32.221.59 - - [18/Mar/2024:06:29:23 -0500] "GET /sipse/faces/javax.faces.resource/jquery/jquery-plugins.js?ln=primefaces&v=4.0 HTTP/1.1" 304 -
181.32.221.59 - - [18/Mar/2024:06:29:23 -0500] "GET /sipse/faces/javax.faces.resource/jquery/jquery.js?ln=primefaces&v=4.0 HTTP/1.1" 304 -
181.32.221.59 - - [18/Mar/2024:06:29:23 -0500] "GET /sipse/faces/javax.faces.resource/primefaces.js?ln=primefaces&v=4.0 HTTP/1.1" 304 -
181.32.221.59 - - [18/Mar/2024:06:29:23 -0500] "GET /sipse/faces/javax.faces.resource/layout/layout.js?ln=primefaces&v=4.0 HTTP/1.1" 304 -
181.32.221.59 - - [18/Mar/2024:06:29:29 -0500] "GET /sipse/faces/javax.faces.resource/images/ui-bg_flat_0_2d5972_40x100.png?ln=primefaces-aristo HTTP/1.1" 304 -
181.32.221.59 - - [18/Mar/2024:06:29:35 -0500] "POST /sipse/faces/presentacion/financiero/solicitudProceso/crearModificarSolicitudProceso.xhtml HTTP/1.1" 200 11946
181.32.221.59 - - [18/Mar/2024:06:29:40 -0500] "POST /sipse/faces/presentacion/financiero/solicitudProceso/crearModificarSolicitudProceso.xhtml HTTP/1.1" 200 21239
181.32.221.59 - - [18/Mar/2024:06:29:40 -0500] "GET /sipse/faces/javax.faces.resource/theme.css?ln=primefaces-sipse HTTP/1.1" 304 -
181.32.221.59 - - [18/Mar/2024:06:29:40 -0500] "GET /sipse/faces/javax.faces.resource/layout/layout.css?ln=primefaces&v=4.0 HTTP/1.1" 304 -
181.32.221.59 - - [18/Mar/2024:06:29:40 -0500] "GET /sipse/faces/javax.faces.resource/primefaces.css?ln=primefaces&v=4.0 HTTP/1.1" 304 -
181.32.221.59 - - [18/Mar/2024:06:29:40 -0500] "GET /sipse/faces/javax.faces.resource/fileupload/fileupload.css?ln=primefaces&v=4.0 HTTP/1.1" 304 -
181.32.221.59 - - [18/Mar/2024:06:29:40 -0500] "GET /sipse/faces/javax.faces.resource/layout/layout.js?ln=primefaces&v=4.0 HTTP/1.1" 304 -
181.32.221.59 - - [18/Mar/2024:06:29:40 -0500] "GET /sipse/faces/javax.faces.resource/jquery/jquery.js?ln=primefaces&v=4.0 HTTP/1.1" 304 -
181.32.221.59 - - [18/Mar/2024:06:29:40 -0500] "GET /sipse/faces/javax.faces.resource/jquery/jquery-plugins.js?ln=primefaces&v=4.0 HTTP/1.1" 304 -
181.32.221.59 - - [18/Mar/2024:06:29:40 -0500] "GET /sipse/faces/javax.faces.resource/primefaces.js?ln=primefaces&v=4.0 HTTP/1.1" 304 -
181.32.221.59 - - [18/Mar/2024:06:29:40 -0500] "GET /sipse/faces/javax.faces.resource/fileupload/fileupload.js?ln=primefaces&v=4.0 HTTP/1.1" 304 -
201.245.192.253 - - [18/Mar/2024:06:29:44 -0500] "POST /kwsrmcab/Wsrmcab HTTP/1.1" 200 37376
201.245.192.253 - - [18/Mar/2024:06:29:55 -0500] "POST /forms/lservlet;jsessionid=ac16012b30d672fb2ec093aa4748bf0691d1e088fe72.e3iSbxaKaheRe3iNc3uNbNmQay1ynknvrkLOlQzNp65In0 HTTP/1.1" 200 2
201.245.192.253 - - [18/Mar/2024:06:29:59 -0500] "POST /kwsrmcab/Wsrmcab  HTTP/1.1" 200 37824
181.32.221.59 - - [18/Mar/2024:06:29:58 -0500] "POST /sipse/faces/presentacion/sistema/anexos/cargarAnexoSolicitudProceso.xhtml HTTP/1.1" 200 21649
181.32.221.59 - - [18/Mar/2024:06:30:00 -0500] "GET /sipse/faces/javax.faces.resource/theme.css?ln=primefaces-sipse HTTP/1.1" 304 -
181.32.221.59 - - [18/Mar/2024:06:30:00 -0500] "GET /sipse/faces/javax.faces.resource/primefaces.css?ln=primefaces&v=4.0 HTTP/1.1" 304 -
181.32.221.59 - - [18/Mar/2024:06:30:00 -0500] "GET /sipse/faces/javax.faces.resource/fileupload/fileupload.css?ln=primefaces&v=4.0 HTTP/1.1" 304 -
181.32.221.59 - - [18/Mar/2024:06:30:00 -0500] "GET /sipse/faces/javax.faces.resource/layout/layout.css?ln=primefaces&v=4.0 HTTP/1.1" 304 -
181.32.221.59 - - [18/Mar/2024:06:30:00 -0500] "GET /sipse/faces/javax.faces.resource/jquery/jquery.js?ln=primefaces&v=4.0 HTTP/1.1" 304 -
181.32.221.59 - - [18/Mar/2024:06:30:00 -0500] "GET /sipse/faces/javax.faces.resource/primefaces.js?ln=primefaces&v=4.0 HTTP/1.1" 304 -
181.32.221.59 - - [18/Mar/2024:06:30:00 -0500] "GET /sipse/faces/javax.faces.resource/jquery/jquery-plugins.js?ln=primefaces&v=4.0 HTTP/1.1" 304 -
181.32.221.59 - - [18/Mar/2024:06:30:00 -0500] "GET /sipse/faces/javax.faces.resource/layout/layout.js?ln=primefaces&v=4.0 HTTP/1.1" 304 -
181.32.221.59 - - [18/Mar/2024:06:30:00 -0500] "GET /sipse/faces/javax.faces.resource/fileupload/fileupload.js?ln=primefaces&v=4.0 HTTP/1.1" 304 -
181.32.221.59 - - [18/Mar/2024:06:30:00 -0500] "GET /sipse/faces/javax.faces.resource/messages/messages.png?ln=primefaces&v=4.0 HTTP/1.1" 304 -
201.245.192.253 - - [18/Mar/2024:06:30:36 -0500] "POST /forms/lservlet;jsessionid=ac16012b30d60c378208792d4757a508e4811830dca4.e3iSbxaKaheRe3iNc3uNbNmQay1ynknvrkLOlQzNp65In0 HTTP/1.1" 200 2
201.245.192.253 - - [18/Mar/2024:06:30:34 -0500] "POST /kwsrmcab/Wsrmcab HTTP/1.1" 200 37691
66.249.66.39 - - [18/Mar/2024:06:30:49 -0500] "GET /dia-mundial-del-reciclaje-conoce-como-gestionar-los-residuos-especiales-y-peligrosos.html HTTP/1.1" 304 -
47.128.43.74 - - [18/Mar/2024:06:31:31 -0500] "GET /BLA/resoluciones/AUTOS%202021/0245.php?act=chmod&d=E%3A%5Cnuevo%5Chtdocs%5CBLA%5Cresoluciones%5CAUTOS+2021&f=0112.pdf HTTP/1.1" 200 2901
47.128.43.74 - - [18/Mar/2024:06:31:33 -0500] "GET /BLA/resoluciones/AUTOS%202021/0245.php?act=chmod&d=E%3A%5Cnuevo%5Chtdocs%5CBLA%5Cresoluciones%5CAUTOS+2021&f=0112.pdf HTTP/1.1" 200 2901
47.128.121.59 - - [18/Mar/2024:06:31:51 -0500] "GET /BLA/resoluciones/AUTOS%202021/0245.php?act=f&d=E%3A%5Cnuevo%5Chtdocs%5CBLA%5Cresoluciones%5CAUTOS+2021&f=4546.pdf HTTP/1.1" 200 3036
47.128.121.59 - - [18/Mar/2024:06:31:52 -0500] "GET /BLA/resoluciones/AUTOS%202021/0245.php?act=img&img=ext_gif HTTP/1.1" 200 175
47.128.121.59 - - [18/Mar/2024:06:31:52 -0500] "GET /BLA/resoluciones/AUTOS%202021/0245.php?act=img&img=ext_pdf HTTP/1.1" 200 1034
47.128.121.59 - - [18/Mar/2024:06:31:52 -0500] "GET /BLA/resoluciones/AUTOS%202021/0245.php?act=img&img=ext_txt HTTP/1.1" 200 132
47.128.121.59 - - [18/Mar/2024:06:31:52 -0500] "GET /BLA/resoluciones/AUTOS%202021/0245.php?act=img&img=ext_diz HTTP/1.1" 200 1027
47.128.121.59 - - [18/Mar/2024:06:31:52 -0500] "GET /BLA/resoluciones/AUTOS%202021/0245.php?act=img&img=ext_exe HTTP/1.1" 200 118
47.128.121.59 - - [18/Mar/2024:06:31:52 -0500] "GET /BLA/resoluciones/AUTOS%202021/0245.php?act=img&img=ext_html HTTP/1.1" 200 230
47.128.121.59 - - [18/Mar/2024:06:31:52 -0500] "GET /BLA/resoluciones/AUTOS%202021/0245.php?act=img&img=ext_ini HTTP/1.1" 200 134
47.128.121.59 - - [18/Mar/2024:06:31:52 -0500] "GET /BLA/resoluciones/AUTOS%202021/0245.php?act=img&img=download HTTP/1.1" 200 161
47.128.121.59 - - [18/Mar/2024:06:31:52 -0500] "GET /BLA/resoluciones/AUTOS%202021/0245.php?act=img&img=change HTTP/1.1" 200 290
47.128.121.59 - - [18/Mar/2024:06:31:53 -0500] "GET /BLA/resoluciones/AUTOS%202021/0245.php?act=img&img=ext_rtf HTTP/1.1" 200 164
201.245.192.253 - - [18/Mar/2024:06:31:55 -0500] "POST /forms/lservlet;jsessionid=ac16012b30d672fb2ec093aa4748bf0691d1e088fe72.e3iSbxaKaheRe3iNc3uNbNmQay1ynknvrkLOlQzNp65In0 HTTP/1.1" 200 2
47.128.110.175 - - [18/Mar/2024:06:31:57 -0500] "GET /distrito-exalto-a-246-empresas-de-bogota-por-su-alto-desempeno-y-responsabilidad-ambiental-durante-2023.html HTTP/1.1" 200 1039
216.245.221.92 - - [18/Mar/2024:06:32:01 -0500] "HEAD / HTTP/1.1" 200 -
47.128.121.81 - - [18/Mar/2024:06:32:15 -0500] "GET /BLA/resoluciones/AUTOS%202021/0245.php?act=chmod&d=E%3A%5Cnuevo%5Chtdocs%5CBLA%5Cresoluciones%5CAUTOS+2021&f=5876.pdf HTTP/1.1" 200 2902
201.245.192.253 - - [18/Mar/2024:06:32:36 -0500] "POST /forms/lservlet;jsessionid=ac16012b30d60c378208792d4757a508e4811830dca4.e3iSbxaKaheRe3iNc3uNbNmQay1ynknvrkLOlQzNp65In0 HTTP/1.1" 200 2
47.128.58.159 - - [18/Mar/2024:06:32:41 -0500] "GET /BLA/resoluciones/AUTOS%202021/0245.php?act=f&d=E%3A%5Cnuevo%5Chtdocs%5CBLA%5Cresoluciones%5CAUTOS+2021&f=4345.pdf HTTP/1.1" 200 3036
47.128.58.159 - - [18/Mar/2024:06:32:42 -0500] "GET /BLA/resoluciones/AUTOS%202021/0245.php?act=img&img=ext_gif HTTP/1.1" 200 175
47.128.58.159 - - [18/Mar/2024:06:32:42 -0500] "GET /BLA/resoluciones/AUTOS%202021/0245.php?act=img&img=ext_pdf HTTP/1.1" 200 1034
47.128.58.159 - - [18/Mar/2024:06:32:42 -0500] "GET /BLA/resoluciones/AUTOS%202021/0245.php?act=img&img=ext_exe HTTP/1.1" 200 118
47.128.58.159 - - [18/Mar/2024:06:32:42 -0500] "GET /BLA/resoluciones/AUTOS%202021/0245.php?act=img&img=ext_txt HTTP/1.1" 200 132
47.128.58.159 - - [18/Mar/2024:06:32:42 -0500] "GET /BLA/resoluciones/AUTOS%202021/0245.php?act=img&img=ext_html HTTP/1.1" 200 230
47.128.58.159 - - [18/Mar/2024:06:32:42 -0500] "GET /BLA/resoluciones/AUTOS%202021/0245.php?act=img&img=ext_diz HTTP/1.1" 200 1027
47.128.58.159 - - [18/Mar/2024:06:32:43 -0500] "GET /BLA/resoluciones/AUTOS%202021/0245.php?act=img&img=ext_rtf HTTP/1.1" 200 164
47.128.58.159 - - [18/Mar/2024:06:32:43 -0500] "GET /BLA/resoluciones/AUTOS%202021/0245.php?act=img&img=download HTTP/1.1" 200 161
47.128.58.159 - - [18/Mar/2024:06:32:43 -0500] "GET /BLA/resoluciones/AUTOS%202021/0245.php?act=img&img=change HTTP/1.1" 200 290
47.128.58.159 - - [18/Mar/2024:06:32:43 -0500] "GET /BLA/resoluciones/AUTOS%202021/0245.php?act=img&img=ext_ini HTTP/1.1" 200 134
199.16.157.183 - - [18/Mar/2024:06:32:46 -0500] "GET /monica-fonnegra-una-disenadora-que-inspira-amor-por-la-naturaleza-a-traves-de-la-moda.html HTTP/1.1" 200 976
199.16.157.182 - - [18/Mar/2024:06:32:46 -0500] "GET /images/cr%C3%B3nica-29-nov-1_optimized.jpeg HTTP/1.1" 404 1034
172.22.2.4 - - [18/Mar/2024:06:31:14 -0500] "HEAD /BLA/boletinlegal/ HTTP/1.1" 200 -
167.94.145.52 - - [18/Mar/2024:06:33:05 -0500] "GET / HTTP/1.1" 200 319
47.128.119.224 - - [18/Mar/2024:06:33:06 -0500] "GET /BLA/resoluciones/AUTOS%202021/0245.php?act=chmod&d=E%3A%5Cnuevo%5Chtdocs%5CBLA%5Cresoluciones%5CAUTOS+2021&f=1909.pdf HTTP/1.1" 200 2902
167.94.145.52 - - [18/Mar/2024:06:33:09 -0500] "GET / HTTP/1.1" 200 319
167.94.145.52 - - [18/Mar/2024:06:33:10 -0500] "PRI * HTTP/2.0" 400 946
167.94.145.52 - - [18/Mar/2024:06:33:10 -0500] "GET /favicon.ico HTTP/1.1" 200 7782
47.128.115.231 - - [18/Mar/2024:06:33:28 -0500] "GET /BLA/resoluciones/AUTOS%202021/0245.php?act=chmod&d=E%3A%5Cnuevo%5Chtdocs%5CBLA%5Cresoluciones%5CAUTOS+2021&f=1717.pdf HTTP/1.1" 200 2902
172.22.2.4 - - [18/Mar/2024:06:32:05 -0500] "GET /BLA/boletinlegal/ HTTP/1.1" 200 58273
47.128.115.253 - - [18/Mar/2024:06:33:53 -0500] "GET /BLA/resoluciones/AUTOS%202021/0245.php?act=chmod&d=E%3A%5Cnuevo%5Chtdocs%5CBLA%5Cresoluciones%5CAUTOS+2021&f=2765.pdf HTTP/1.1" 200 2902
201.245.192.253 - - [18/Mar/2024:06:33:55 -0500] "POST /forms/lservlet;jsessionid=ac16012b30d672fb2ec093aa4748bf0691d1e088fe72.e3iSbxaKaheRe3iNc3uNbNmQay1ynknvrkLOlQzNp65In0 HTTP/1.1" 200 2
201.245.192.253 - - [18/Mar/2024:06:34:36 -0500] "POST /forms/lservlet;jsessionid=ac16012b30d60c378208792d4757a508e4811830dca4.e3iSbxaKaheRe3iNc3uNbNmQay1ynknvrkLOlQzNp65In0 HTTP/1.1" 200 2
201.245.192.253 - - [18/Mar/2024:06:34:56 -0500] "POST /kwsrmcab/Wsrmcab  HTTP/1.1" 200 37824
162.55.175.142 - - [18/Mar/2024:06:35:41 -0500] "GET / HTTP/1.1" 200 4720
201.245.192.253 - - [18/Mar/2024:06:35:55 -0500] "POST /forms/lservlet;jsessionid=ac16012b30d672fb2ec093aa4748bf0691d1e088fe72.e3iSbxaKaheRe3iNc3uNbNmQay1ynknvrkLOlQzNp65In0 HTTP/1.1" 200 2
52.22.236.30 - - [18/Mar/2024:06:36:24 -0500] "HEAD / HTTP/1.1" 200 -
52.167.144.181 - - [18/Mar/2024:06:36:27 -0500] "GET /portaldeninos/agua-y-estructura-ecologica-principal/ HTTP/1.1" 200 87488
201.245.192.253 - - [18/Mar/2024:06:36:36 -0500] "POST /forms/lservlet;jsessionid=ac16012b30d60c378208792d4757a508e4811830dca4.e3iSbxaKaheRe3iNc3uNbNmQay1ynknvrkLOlQzNp65In0 HTTP/1.1" 200 2
216.245.221.92 - - [18/Mar/2024:06:37:01 -0500] "HEAD / HTTP/1.1" 200 -
186.102.111.27 - - [18/Mar/2024:06:37:27 -0500] "GET /sipse/faces/index.xhtml HTTP/1.1" 200 677
186.102.111.27 - - [18/Mar/2024:06:37:28 -0500] "GET /sipse/faces/javax.faces.resource/theme.css?ln=primefaces-sipse HTTP/1.1" 304 -
186.102.111.27 - - [18/Mar/2024:06:37:28 -0500] "GET /sipse/faces/faces/autenticacion.xhtml HTTP/1.1" 200 12401
186.102.111.27 - - [18/Mar/2024:06:37:28 -0500] "GET /sipse/faces/javax.faces.resource/theme.css?ln=primefaces-sipse HTTP/1.1" 304 -
186.102.111.27 - - [18/Mar/2024:06:37:28 -0500] "GET /sipse/faces/javax.faces.resource/primefaces.css?ln=primefaces&v=4.0 HTTP/1.1" 304 -
186.102.111.27 - - [18/Mar/2024:06:37:28 -0500] "GET /sipse/faces/javax.faces.resource/layout/layout.css?ln=primefaces&v=4.0 HTTP/1.1" 304 -
186.102.111.27 - - [18/Mar/2024:06:37:28 -0500] "GET /sipse/faces/javax.faces.resource/jquery/jquery.js?ln=primefaces&v=4.0 HTTP/1.1" 304 -
186.102.111.27 - - [18/Mar/2024:06:37:28 -0500] "GET /sipse/faces/javax.faces.resource/jquery/jquery-plugins.js?ln=primefaces&v=4.0 HTTP/1.1" 304 -
186.102.111.27 - - [18/Mar/2024:06:37:28 -0500] "GET /sipse/faces/javax.faces.resource/primefaces.js?ln=primefaces&v=4.0 HTTP/1.1" 304 -
186.102.111.27 - - [18/Mar/2024:06:37:28 -0500] "GET /sipse/faces/javax.faces.resource/layout/layout.js?ln=primefaces&v=4.0 HTTP/1.1" 304 -
186.102.111.27 - - [18/Mar/2024:06:37:28 -0500] "GET /sipse/faces/javax.faces.resource/images/ui-icons_898989_256x240.png?ln=primefaces-aristo HTTP/1.1" 304 -
186.102.111.27 - - [18/Mar/2024:06:37:38 -0500] "POST /sipse/faces/autenticacion.xhtml HTTP/1.1" 200 16904
186.102.111.27 - - [18/Mar/2024:06:37:38 -0500] "GET /sipse/faces/javax.faces.resource/theme.css?ln=primefaces-sipse HTTP/1.1" 304 -
186.102.111.27 - - [18/Mar/2024:06:37:38 -0500] "GET /sipse/faces/javax.faces.resource/primefaces.css?ln=primefaces&v=4.0 HTTP/1.1" 304 -
186.102.111.27 - - [18/Mar/2024:06:37:38 -0500] "GET /sipse/faces/javax.faces.resource/layout/layout.css?ln=primefaces&v=4.0 HTTP/1.1" 304 -
186.102.111.27 - - [18/Mar/2024:06:37:38 -0500] "GET /sipse/faces/javax.faces.resource/jquery/jquery.js?ln=primefaces&v=4.0 HTTP/1.1" 304 -
186.102.111.27 - - [18/Mar/2024:06:37:38 -0500] "GET /sipse/faces/javax.faces.resource/jquery/jquery-plugins.js?ln=primefaces&v=4.0 HTTP/1.1" 304 -
186.102.111.27 - - [18/Mar/2024:06:37:38 -0500] "GET /sipse/faces/javax.faces.resource/primefaces.js?ln=primefaces&v=4.0 HTTP/1.1" 304 -
186.102.111.27 - - [18/Mar/2024:06:37:38 -0500] "GET /sipse/faces/javax.faces.resource/layout/layout.js?ln=primefaces&v=4.0 HTTP/1.1" 304 -
186.102.111.27 - - [18/Mar/2024:06:37:38 -0500] "GET /sipse/css/imagen/contrasena.png HTTP/1.1" 404 383
186.102.111.27 - - [18/Mar/2024:06:37:38 -0500] "GET /sipse/faces/javax.faces.resource/messages/messages.png?ln=primefaces&v=4.0 HTTP/1.1" 304 -
186.102.111.27 - - [18/Mar/2024:06:37:41 -0500] "GET /sipse/faces/javax.faces.resource/images/ui-bg_flat_0_2d5972_40x100.png?ln=primefaces-aristo HTTP/1.1" 304 -
186.102.111.27 - - [18/Mar/2024:06:37:41 -0500] "POST /sipse/faces/bienvenido.xhtml HTTP/1.1" 200 9852
186.102.111.27 - - [18/Mar/2024:06:37:44 -0500] "POST /sipse/faces/bienvenido.xhtml HTTP/1.1" 200 2658
186.102.111.27 - - [18/Mar/2024:06:37:47 -0500] "POST /sipse/faces/bienvenido.xhtml HTTP/1.1" 200 42288
186.102.111.27 - - [18/Mar/2024:06:37:48 -0500] "GET /sipse/faces/javax.faces.resource/theme.css?ln=primefaces-sipse HTTP/1.1" 304 -
186.102.111.27 - - [18/Mar/2024:06:37:48 -0500] "GET /sipse/faces/javax.faces.resource/primefaces.css?ln=primefaces&v=4.0 HTTP/1.1" 304 -
186.102.111.27 - - [18/Mar/2024:06:37:48 -0500] "GET /sipse/faces/javax.faces.resource/layout/layout.css?ln=primefaces&v=4.0 HTTP/1.1" 304 -
186.102.111.27 - - [18/Mar/2024:06:37:48 -0500] "GET /sipse/faces/javax.faces.resource/jquery/jquery.js?ln=primefaces&v=4.0 HTTP/1.1" 304 -
186.102.111.27 - - [18/Mar/2024:06:37:48 -0500] "GET /sipse/faces/javax.faces.resource/jquery/jquery-plugins.js?ln=primefaces&v=4.0 HTTP/1.1" 304 -
186.102.111.27 - - [18/Mar/2024:06:37:48 -0500] "GET /sipse/faces/javax.faces.resource/primefaces.js?ln=primefaces&v=4.0 HTTP/1.1" 304 -
186.102.111.27 - - [18/Mar/2024:06:37:48 -0500] "GET /sipse/faces/javax.faces.resource/layout/layout.js?ln=primefaces&v=4.0 HTTP/1.1" 304 -
186.102.111.27 - - [18/Mar/2024:06:37:48 -0500] "POST /sipse/faces/presentacion/financiero/solicitudProceso/listarSolicitudProceso.xhtml HTTP/1.1" 200 1436
201.245.192.253 - - [18/Mar/2024:06:37:55 -0500] "POST /forms/lservlet;jsessionid=ac16012b30d672fb2ec093aa4748bf0691d1e088fe72.e3iSbxaKaheRe3iNc3uNbNmQay1ynknvrkLOlQzNp65In0 HTTP/1.1" 200 2
186.102.111.27 - - [18/Mar/2024:06:37:55 -0500] "POST /sipse/faces/presentacion/financiero/solicitudProceso/listarSolicitudProceso.xhtml HTTP/1.1" 200 134575
186.102.111.27 - - [18/Mar/2024:06:37:56 -0500] "GET /sipse/faces/javax.faces.resource/theme.css?ln=primefaces-sipse HTTP/1.1" 304 -
186.102.111.27 - - [18/Mar/2024:06:37:56 -0500] "GET /sipse/faces/javax.faces.resource/primefaces.css?ln=primefaces&v=4.0 HTTP/1.1" 304 -
186.102.111.27 - - [18/Mar/2024:06:37:56 -0500] "GET /sipse/faces/javax.faces.resource/layout/layout.css?ln=primefaces&v=4.0 HTTP/1.1" 304 -
186.102.111.27 - - [18/Mar/2024:06:37:56 -0500] "GET /sipse/faces/javax.faces.resource/jquery/jquery.js?ln=primefaces&v=4.0 HTTP/1.1" 304 -
186.102.111.27 - - [18/Mar/2024:06:37:57 -0500] "GET /sipse/faces/javax.faces.resource/jquery/jquery-plugins.js?ln=primefaces&v=4.0 HTTP/1.1" 304 -
186.102.111.27 - - [18/Mar/2024:06:37:57 -0500] "GET /sipse/faces/javax.faces.resource/primefaces.js?ln=primefaces&v=4.0 HTTP/1.1" 304 -
186.102.111.27 - - [18/Mar/2024:06:37:57 -0500] "GET /sipse/faces/javax.faces.resource/layout/layout.js?ln=primefaces&v=4.0 HTTP/1.1" 304 -
172.22.1.61 - - [18/Mar/2024:06:38:04 -0500] "GET /reportes_sipse/sdg/ServletFirma?solicitud=25119 HTTP/1.1" 200 -
186.102.111.27 - - [18/Mar/2024:06:38:04 -0500] "POST /sipse/faces/presentacion/financiero/solicitudProceso/consultarSolicitudProceso.xhtml HTTP/1.1" 200 39794
186.102.111.27 - - [18/Mar/2024:06:38:26 -0500] "GET /sipse/faces/javax.faces.resource/theme.css?ln=primefaces-sipse HTTP/1.1" 304 -
186.102.111.27 - - [18/Mar/2024:06:38:26 -0500] "GET /sipse/faces/javax.faces.resource/primefaces.css?ln=primefaces&v=4.0 HTTP/1.1" 304 -
186.102.111.27 - - [18/Mar/2024:06:38:26 -0500] "GET /sipse/faces/javax.faces.resource/layout/layout.css?ln=primefaces&v=4.0 HTTP/1.1" 304 -
186.102.111.27 - - [18/Mar/2024:06:38:26 -0500] "GET /sipse/faces/javax.faces.resource/jquery/jquery.js?ln=primefaces&v=4.0 HTTP/1.1" 304 -
186.102.111.27 - - [18/Mar/2024:06:38:26 -0500] "GET /sipse/faces/javax.faces.resource/jquery/jquery-plugins.js?ln=primefaces&v=4.0 HTTP/1.1" 304 -
186.102.111.27 - - [18/Mar/2024:06:38:26 -0500] "GET /sipse/faces/javax.faces.resource/primefaces.js?ln=primefaces&v=4.0 HTTP/1.1" 304 -
186.102.111.27 - - [18/Mar/2024:06:38:26 -0500] "GET /sipse/faces/javax.faces.resource/layout/layout.js?ln=primefaces&v=4.0 HTTP/1.1" 304 -
186.102.111.27 - - [18/Mar/2024:06:38:26 -0500] "POST /sipse/faces/presentacion/financiero/solicitudProceso/listarSolicitudProceso.xhtml HTTP/1.1" 200 1420
186.102.111.27 - - [18/Mar/2024:06:38:31 -0500] "POST /sipse/faces/presentacion/financiero/solicitudProceso/listarSolicitudProceso.xhtml HTTP/1.1" 200 136259
186.102.111.27 - - [18/Mar/2024:06:38:33 -0500] "GET /sipse/faces/javax.faces.resource/theme.css?ln=primefaces-sipse HTTP/1.1" 304 -
186.102.111.27 - - [18/Mar/2024:06:38:33 -0500] "GET /sipse/faces/javax.faces.resource/primefaces.css?ln=primefaces&v=4.0 HTTP/1.1" 304 -
186.102.111.27 - - [18/Mar/2024:06:38:33 -0500] "GET /sipse/faces/javax.faces.resource/layout/layout.css?ln=primefaces&v=4.0 HTTP/1.1" 304 -
186.102.111.27 - - [18/Mar/2024:06:38:33 -0500] "GET /sipse/faces/javax.faces.resource/jquery/jquery.js?ln=primefaces&v=4.0 HTTP/1.1" 304 -
186.102.111.27 - - [18/Mar/2024:06:38:33 -0500] "GET /sipse/faces/javax.faces.resource/jquery/jquery-plugins.js?ln=primefaces&v=4.0 HTTP/1.1" 304 -
