191.156.187.7 - - [25/Mar/2024:20:33:03 -0500] "GET /BLA/resoluciones/Notificaciones/AUTOS%202022/02540.pdf HTTP/1.1" 200 352403
186.154.121.31 - - [25/Mar/2024:20:33:03 -0500] "GET /sipse/faces/javax.faces.resource/theme.css?ln=primefaces-sipse HTTP/1.1" 304 -
191.156.187.101 - - [25/Mar/2024:20:33:04 -0500] "GET /favicon.ico HTTP/1.1" 200 7782
191.156.182.227 - - [25/Mar/2024:20:33:04 -0500] "GET /BLA/resoluciones/Notificaciones/AUTOS%202022/02540.pdf HTTP/1.1" 206 65536
186.154.121.31 - - [25/Mar/2024:20:33:04 -0500] "GET /sipse/js/disable_browser_buttons.js HTTP/1.1" 304 -
191.156.187.101 - - [25/Mar/2024:20:33:04 -0500] "GET /BLA/resoluciones/Notificaciones/AUTOS%202022/02540.pdf HTTP/1.1" 206 24723
186.154.121.31 - - [25/Mar/2024:20:33:04 -0500] "GET /sipse/css/imagen/logoSDG.png HTTP/1.1" 304 -
186.154.121.31 - - [25/Mar/2024:20:33:04 -0500] "GET /sipse/css/imagen/loginimg.png HTTP/1.1" 304 -
186.154.121.31 - - [25/Mar/2024:20:33:04 -0500] "GET /sipse/faces/javax.faces.resource/images/ui-icons_898989_256x240.png?ln=primefaces-aristo HTTP/1.1" 304 -
191.156.187.101 - - [25/Mar/2024:20:33:04 -0500] "GET /BLA/resoluciones/Notificaciones/AUTOS%202022/02540.pdf HTTP/1.1" 206 65536
191.156.187.101 - - [25/Mar/2024:20:33:04 -0500] "GET /BLA/resoluciones/Notificaciones/AUTOS%202022/02540.pdf HTTP/1.1" 206 65536
191.156.182.227 - - [25/Mar/2024:20:33:04 -0500] "GET /BLA/resoluciones/Notificaciones/AUTOS%202022/02540.pdf HTTP/1.1" 206 65536
186.154.121.31 - - [25/Mar/2024:20:33:09 -0500] "POST /sipse/faces/autenticacion.xhtml HTTP/1.1" 200 16166
186.154.121.31 - - [25/Mar/2024:20:33:09 -0500] "GET /sipse/css/custom_css_sg_prime.css HTTP/1.1" 304 -
186.154.121.31 - - [25/Mar/2024:20:33:09 -0500] "GET /sipse/faces/javax.faces.resource/theme.css?ln=primefaces-sipse HTTP/1.1" 304 -
186.154.121.31 - - [25/Mar/2024:20:33:09 -0500] "GET /sipse/faces/javax.faces.resource/layout/layout.css?ln=primefaces&v=4.0 HTTP/1.1" 304 -
186.154.121.31 - - [25/Mar/2024:20:33:09 -0500] "GET /sipse/faces/javax.faces.resource/primefaces.css?ln=primefaces&v=4.0 HTTP/1.1" 304 -
186.154.121.31 - - [25/Mar/2024:20:33:09 -0500] "GET /sipse/js/jquery.min.js HTTP/1.1" 304 -
186.154.121.31 - - [25/Mar/2024:20:33:09 -0500] "GET /sipse/faces/javax.faces.resource/jquery/jquery.js?ln=primefaces&v=4.0 HTTP/1.1" 304 -
186.154.121.31 - - [25/Mar/2024:20:33:09 -0500] "GET /sipse/faces/javax.faces.resource/jquery/jquery-plugins.js?ln=primefaces&v=4.0 HTTP/1.1" 304 -
186.154.121.31 - - [25/Mar/2024:20:33:10 -0500] "GET /sipse/faces/javax.faces.resource/primefaces.js?ln=primefaces&v=4.0 HTTP/1.1" 304 -
186.154.121.31 - - [25/Mar/2024:20:33:10 -0500] "GET /sipse/faces/javax.faces.resource/layout/layout.js?ln=primefaces&v=4.0 HTTP/1.1" 304 -
186.154.121.31 - - [25/Mar/2024:20:33:10 -0500] "GET /sipse/imagenes/cargando.gif HTTP/1.1" 304 -
186.154.121.31 - - [25/Mar/2024:20:33:10 -0500] "GET /sipse/css/v_mergente.css HTTP/1.1" 304 -
186.154.121.31 - - [25/Mar/2024:20:33:10 -0500] "GET /sipse/imagenes/logoAplicacion.jpg HTTP/1.1" 304 -
186.154.121.31 - - [25/Mar/2024:20:33:10 -0500] "GET /sipse/css/imagen/contrasena.png HTTP/1.1" 404 383
186.154.121.31 - - [25/Mar/2024:20:33:10 -0500] "GET /sipse/faces/javax.faces.resource/messages/messages.png?ln=primefaces&v=4.0 HTTP/1.1" 304 -
186.154.121.31 - - [25/Mar/2024:20:33:14 -0500] "GET /sipse/faces/javax.faces.resource/images/ui-bg_flat_0_2d5972_40x100.png?ln=primefaces-aristo HTTP/1.1" 304 -
186.154.121.31 - - [25/Mar/2024:20:33:14 -0500] "POST /sipse/faces/bienvenido.xhtml HTTP/1.1" 200 1473
186.154.121.31 - - [25/Mar/2024:20:33:15 -0500] "POST /sipse/faces/bienvenido.xhtml HTTP/1.1" 200 37762
186.154.121.31 - - [25/Mar/2024:20:33:16 -0500] "GET /sipse/faces/javax.faces.resource/theme.css?ln=primefaces-sipse HTTP/1.1" 304 -
186.154.121.31 - - [25/Mar/2024:20:33:16 -0500] "GET /sipse/faces/javax.faces.resource/layout/layout.css?ln=primefaces&v=4.0 HTTP/1.1" 304 -
186.154.121.31 - - [25/Mar/2024:20:33:16 -0500] "GET /sipse/faces/javax.faces.resource/primefaces.css?ln=primefaces&v=4.0 HTTP/1.1" 304 -
186.154.121.31 - - [25/Mar/2024:20:33:16 -0500] "GET /sipse/faces/javax.faces.resource/jquery/jquery.js?ln=primefaces&v=4.0 HTTP/1.1" 304 -
186.154.121.31 - - [25/Mar/2024:20:33:16 -0500] "GET /sipse/faces/javax.faces.resource/jquery/jquery-plugins.js?ln=primefaces&v=4.0 HTTP/1.1" 304 -
186.154.121.31 - - [25/Mar/2024:20:33:16 -0500] "GET /sipse/faces/javax.faces.resource/primefaces.js?ln=primefaces&v=4.0 HTTP/1.1" 304 -
186.154.121.31 - - [25/Mar/2024:20:33:16 -0500] "GET /sipse/faces/javax.faces.resource/layout/layout.js?ln=primefaces&v=4.0 HTTP/1.1" 304 -
186.154.121.31 - - [25/Mar/2024:20:33:20 -0500] "POST /sipse/faces/presentacion/financiero/solicitudProceso/consultar.xhtml HTTP/1.1" 200 12876
186.154.121.31 - - [25/Mar/2024:20:33:24 -0500] "POST /sipse/faces/presentacion/financiero/solicitudProceso/consultar.xhtml HTTP/1.1" 200 153168
186.154.121.31 - - [25/Mar/2024:20:33:25 -0500] "GET /sipse/faces/javax.faces.resource/theme.css?ln=primefaces-sipse HTTP/1.1" 304 -
186.154.121.31 - - [25/Mar/2024:20:33:25 -0500] "GET /sipse/faces/javax.faces.resource/primefaces.css?ln=primefaces&v=4.0 HTTP/1.1" 304 -
186.154.121.31 - - [25/Mar/2024:20:33:25 -0500] "GET /sipse/faces/javax.faces.resource/layout/layout.css?ln=primefaces&v=4.0 HTTP/1.1" 304 -
186.154.121.31 - - [25/Mar/2024:20:33:25 -0500] "GET /sipse/faces/javax.faces.resource/jquery/jquery.js?ln=primefaces&v=4.0 HTTP/1.1" 304 -
186.154.121.31 - - [25/Mar/2024:20:33:26 -0500] "GET /sipse/faces/javax.faces.resource/jquery/jquery-plugins.js?ln=primefaces&v=4.0 HTTP/1.1" 304 -
186.154.121.31 - - [25/Mar/2024:20:33:26 -0500] "GET /sipse/faces/javax.faces.resource/primefaces.js?ln=primefaces&v=4.0 HTTP/1.1" 304 -
186.154.121.31 - - [25/Mar/2024:20:33:26 -0500] "GET /sipse/faces/javax.faces.resource/layout/layout.js?ln=primefaces&v=4.0 HTTP/1.1" 304 -
201.245.192.253 - - [25/Mar/2024:20:31:31 -0500] "POST /kwsrmcab/Wsrmcab HTTP/1.1" 200 14506
191.156.177.211 - - [25/Mar/2024:20:33:23 -0500] "POST /sipse/faces/presentacion/financiero/solicitudProceso/consultarSolicitudProceso.xhtml HTTP/1.1" 200 19332
201.245.192.253 - - [25/Mar/2024:20:34:22 -0500] "POST /kwsrmcab/Wsrmcab  HTTP/1.1" 200 39660
172.22.2.4 - - [25/Mar/2024:20:32:50 -0500] "GET /BLA/boletinlegal/ HTTP/1.1" 200 62720
216.245.221.92 - - [25/Mar/2024:20:34:45 -0500] "HEAD / HTTP/1.1" 200 -
47.128.40.215 - - [25/Mar/2024:20:34:50 -0500] "GET /BLA/resoluciones/AUTOS%202021/0245.php?act=f&d=E%3A%5Cnuevo%5Chtdocs%5Ccumbreclima%5Cwp-includes&f=class-wp-theme.php&ft=download HTTP/1.1" 200 39525
191.156.182.224 - - [25/Mar/2024:20:32:59 -0500] "POST /sipse/faces/presentacion/financiero/solicitudProceso/consultarSolicitudProceso.xhtml HTTP/1.1" 200 129158
216.244.66.195 - - [25/Mar/2024:20:35:10 -0500] "GET /BLA/resoluciones/AUTOS%202016/1154.pdf HTTP/1.1" 200 338442
186.28.136.245 - - [25/Mar/2024:20:35:32 -0500] "POST /sipse/faces/presentacion/financiero/solicitudProceso/consultar.xhtml HTTP/1.1" 200 12907
186.28.136.245 - - [25/Mar/2024:20:35:46 -0500] "POST /sipse/faces/presentacion/financiero/solicitudProceso/consultar.xhtml HTTP/1.1" 200 12899
191.156.178.4 - - [25/Mar/2024:20:35:46 -0500] "GET /sipse/faces/index.xhtml HTTP/1.1" 200 677
191.156.178.4 - - [25/Mar/2024:20:35:47 -0500] "GET /sipse/faces/javax.faces.resource/theme.css?ln=primefaces-sipse HTTP/1.1" 304 -
191.156.182.226 - - [25/Mar/2024:20:35:49 -0500] "GET /sipse/faces/javax.faces.resource/theme.css?ln=primefaces-sipse HTTP/1.1" 304 -
191.156.182.226 - - [25/Mar/2024:20:35:49 -0500] "GET /sipse/faces/javax.faces.resource/primefaces.css?ln=primefaces&v=4.0 HTTP/1.1" 304 -
191.156.182.226 - - [25/Mar/2024:20:35:49 -0500] "GET /sipse/faces/javax.faces.resource/layout/layout.css?ln=primefaces&v=4.0 HTTP/1.1" 304 -
191.156.182.224 - - [25/Mar/2024:20:35:50 -0500] "GET /sipse/faces/javax.faces.resource/jquery/jquery.js?ln=primefaces&v=4.0 HTTP/1.1" 304 -
191.156.177.211 - - [25/Mar/2024:20:35:50 -0500] "GET /sipse/faces/javax.faces.resource/jquery/jquery-plugins.js?ln=primefaces&v=4.0 HTTP/1.1" 304 -
191.156.182.226 - - [25/Mar/2024:20:35:50 -0500] "GET /sipse/faces/javax.faces.resource/primefaces.js?ln=primefaces&v=4.0 HTTP/1.1" 304 -
191.156.182.226 - - [25/Mar/2024:20:35:50 -0500] "GET /sipse/faces/javax.faces.resource/layout/layout.js?ln=primefaces&v=4.0 HTTP/1.1" 304 -
216.244.66.195 - - [25/Mar/2024:20:35:51 -0500] "GET /BLA/resoluciones/AUTOS%202016/1583.pdf HTTP/1.1" 200 334811
181.237.180.46 - - [25/Mar/2024:20:35:51 -0500] "GET /appsia/controlador HTTP/1.1" 200 4799
181.237.180.46 - - [25/Mar/2024:20:35:52 -0500] "GET /appsia/css/estilos.css HTTP/1.1" 200 4804
181.237.180.46 - - [25/Mar/2024:20:35:52 -0500] "GET /appsia/scripts/validarIngreso.js HTTP/1.1" 200 851
181.237.180.46 - - [25/Mar/2024:20:35:52 -0500] "GET /appsia/images/cabezoteHojaVida.png HTTP/1.1" 200 32493
181.237.180.46 - - [25/Mar/2024:20:35:52 -0500] "GET /appsia/images/logo_bogota_p.png HTTP/1.1" 200 14951
181.237.180.46 - - [25/Mar/2024:20:35:52 -0500] "GET /favicon.ico HTTP/1.1" 200 7782
191.156.178.4 - - [25/Mar/2024:20:35:49 -0500] "GET /sipse/faces/faces/autenticacion.xhtml HTTP/1.1" 200 12415
191.156.182.224 - - [25/Mar/2024:20:35:54 -0500] "GET /sipse/faces/javax.faces.resource/images/ui-icons_898989_256x240.png?ln=primefaces-aristo HTTP/1.1" 304 -
191.156.182.224 - - [25/Mar/2024:20:35:56 -0500] "POST /sipse/faces/autenticacion.xhtml HTTP/1.1" 200 2217
191.156.182.224 - - [25/Mar/2024:20:35:59 -0500] "GET /sipse/faces/javax.faces.resource/messages/messages.png?ln=primefaces&v=4.0 HTTP/1.1" 304 -
191.156.178.4 - - [25/Mar/2024:20:35:59 -0500] "POST /sipse/faces/autenticacion.xhtml HTTP/1.1" 200 2225
191.156.178.4 - - [25/Mar/2024:20:36:06 -0500] "POST /sipse/faces/autenticacion.xhtml HTTP/1.1" 200 2221
191.156.178.4 - - [25/Mar/2024:20:36:08 -0500] "POST /sipse/faces/autenticacion.xhtml HTTP/1.1" 200 16372
191.156.178.4 - - [25/Mar/2024:20:36:11 -0500] "GET /sipse/faces/javax.faces.resource/theme.css?ln=primefaces-sipse HTTP/1.1" 304 -
191.156.182.224 - - [25/Mar/2024:20:36:11 -0500] "GET /sipse/faces/javax.faces.resource/primefaces.css?ln=primefaces&v=4.0 HTTP/1.1" 304 -
191.156.182.0 - - [25/Mar/2024:20:36:11 -0500] "GET /sipse/faces/javax.faces.resource/jquery/jquery.js?ln=primefaces&v=4.0 HTTP/1.1" 304 -
191.156.185.219 - - [25/Mar/2024:20:36:11 -0500] "GET /sipse/faces/javax.faces.resource/layout/layout.css?ln=primefaces&v=4.0 HTTP/1.1" 304 -
191.156.182.0 - - [25/Mar/2024:20:36:13 -0500] "GET /sipse/faces/javax.faces.resource/jquery/jquery-plugins.js?ln=primefaces&v=4.0 HTTP/1.1" 304 -
191.156.182.0 - - [25/Mar/2024:20:36:14 -0500] "GET /sipse/faces/javax.faces.resource/primefaces.js?ln=primefaces&v=4.0 HTTP/1.1" 304 -
191.156.182.0 - - [25/Mar/2024:20:36:15 -0500] "GET /sipse/faces/javax.faces.resource/layout/layout.js?ln=primefaces&v=4.0 HTTP/1.1" 304 -
191.156.182.0 - - [25/Mar/2024:20:36:15 -0500] "GET /sipse/css/imagen/contrasena.png HTTP/1.1" 404 383
186.28.136.245 - - [25/Mar/2024:20:36:20 -0500] "POST /sipse/faces/presentacion/financiero/solicitudProceso/consultar.xhtml HTTP/1.1" 200 12940
181.237.180.46 - - [25/Mar/2024:20:36:31 -0500] "POST /appsia/controlador HTTP/1.1" 200 5437
216.244.66.195 - - [25/Mar/2024:20:36:32 -0500] "GET /BLA/resoluciones/AUTOS%202016/2696.pdf HTTP/1.1" 200 1078534
191.156.182.94 - - [25/Mar/2024:20:36:35 -0500] "POST /sipse/faces/bienvenido.xhtml HTTP/1.1" 200 2658
191.156.182.94 - - [25/Mar/2024:20:36:36 -0500] "GET /sipse/faces/javax.faces.resource/images/ui-bg_flat_0_2d5972_40x100.png?ln=primefaces-aristo HTTP/1.1" 304 -
181.237.180.46 - - [25/Mar/2024:20:36:37 -0500] "POST /appsia/controlador HTTP/1.1" 200 7759
186.28.136.245 - - [25/Mar/2024:20:36:40 -0500] "POST /sipse/faces/presentacion/financiero/solicitudProceso/consultar.xhtml HTTP/1.1" 200 134545
186.28.136.245 - - [25/Mar/2024:20:36:42 -0500] "GET /sipse/faces/javax.faces.resource/theme.css?ln=primefaces-sipse HTTP/1.1" 304 -
186.28.136.245 - - [25/Mar/2024:20:36:42 -0500] "GET /sipse/faces/javax.faces.resource/primefaces.css?ln=primefaces&v=4.0 HTTP/1.1" 304 -
186.28.136.245 - - [25/Mar/2024:20:36:42 -0500] "GET /sipse/faces/javax.faces.resource/layout/layout.css?ln=primefaces&v=4.0 HTTP/1.1" 304 -
186.28.136.245 - - [25/Mar/2024:20:36:42 -0500] "GET /sipse/faces/javax.faces.resource/jquery/jquery.js?ln=primefaces&v=4.0 HTTP/1.1" 304 -
186.28.136.245 - - [25/Mar/2024:20:36:42 -0500] "GET /sipse/faces/javax.faces.resource/jquery/jquery-plugins.js?ln=primefaces&v=4.0 HTTP/1.1" 304 -
186.28.136.245 - - [25/Mar/2024:20:36:42 -0500] "GET /sipse/faces/javax.faces.resource/primefaces.js?ln=primefaces&v=4.0 HTTP/1.1" 304 -
186.28.136.245 - - [25/Mar/2024:20:36:42 -0500] "GET /sipse/faces/javax.faces.resource/layout/layout.js?ln=primefaces&v=4.0 HTTP/1.1" 304 -
186.28.136.245 - - [25/Mar/2024:20:36:42 -0500] "GET /sipse/css/imagen/contrasena.png HTTP/1.1" 404 383
181.237.180.46 - - [25/Mar/2024:20:36:45 -0500] "POST /appsia/controlador HTTP/1.1" 200 6624
181.237.180.46 - - [25/Mar/2024:20:36:48 -0500] "POST /appsia/controlador HTTP/1.1" 200 11641
172.22.2.4 - - [25/Mar/2024:20:36:55 -0500] "GET /BLA/boletinlegal/Circulares/2019/.pdf HTTP/1.1" 404 1218
191.156.182.94 - - [25/Mar/2024:20:36:38 -0500] "POST /sipse/faces/bienvenido.xhtml HTTP/1.1" 200 64144
191.156.182.94 - - [25/Mar/2024:20:36:58 -0500] "GET /sipse/faces/javax.faces.resource/theme.css?ln=primefaces-sipse HTTP/1.1" 304 -
191.156.182.226 - - [25/Mar/2024:20:36:59 -0500] "GET /sipse/faces/javax.faces.resource/jquery/jquery.js?ln=primefaces&v=4.0 HTTP/1.1" 304 -
191.156.178.179 - - [25/Mar/2024:20:36:59 -0500] "GET /sipse/faces/javax.faces.resource/layout/layout.css?ln=primefaces&v=4.0 HTTP/1.1" 304 -
191.156.181.205 - - [25/Mar/2024:20:37:00 -0500] "GET /sipse/faces/javax.faces.resource/primefaces.css?ln=primefaces&v=4.0 HTTP/1.1" 304 -
191.156.182.226 - - [25/Mar/2024:20:37:00 -0500] "GET /sipse/faces/javax.faces.resource/jquery/jquery-plugins.js?ln=primefaces&v=4.0 HTTP/1.1" 304 -
191.156.178.179 - - [25/Mar/2024:20:37:01 -0500] "GET /sipse/css/imagen/contrasena.png HTTP/1.1" 404 383
191.156.181.205 - - [25/Mar/2024:20:37:01 -0500] "GET /sipse/faces/javax.faces.resource/primefaces.js?ln=primefaces&v=4.0 HTTP/1.1" 304 -
191.156.178.179 - - [25/Mar/2024:20:37:02 -0500] "GET /sipse/faces/javax.faces.resource/layout/layout.js?ln=primefaces&v=4.0 HTTP/1.1" 304 -
191.156.178.179 - - [25/Mar/2024:20:37:04 -0500] "POST /sipse/faces/presentacion/financiero/solicitudProceso/listarSolicitudProceso.xhtml HTTP/1.1" 200 1560
216.244.66.195 - - [25/Mar/2024:20:37:24 -0500] "GET /BLA/resoluciones/AUTOS%202016/2792.pdf HTTP/1.1" 200 420658
191.156.178.179 - - [25/Mar/2024:20:37:29 -0500] "POST /sipse/faces/presentacion/financiero/solicitudProceso/listarSolicitudProceso.xhtml HTTP/1.1" 200 23115
172.22.2.4 - - [25/Mar/2024:20:36:00 -0500] "HEAD /BLA/boletinlegal/ HTTP/1.1" 200 -
52.167.144.166 - - [25/Mar/2024:20:38:08 -0500] "GET /BLA/resoluciones/RESOLUCIONES%202023/02825.pdf HTTP/1.1" 200 461078
216.244.66.195 - - [25/Mar/2024:20:38:12 -0500] "GET /BLA/resoluciones/AUTOS%202016/2842.pdf HTTP/1.1" 200 278203
173.252.107.9 - - [25/Mar/2024:20:38:17 -0500] "GET /dia-mundial-de-los-humedales-mas-de-60-aves-alzaron-vuelo-en-el-humedal-el-tunjo.html HTTP/1.1" 200 885
173.252.107.5 - - [25/Mar/2024:20:38:17 -0500] "GET /dia-mundial-de-los-humedales-mas-de-60-aves-alzaron-vuelo-en-el-humedal-el-tunjo.html HTTP/1.1" 200 885
191.156.178.179 - - [25/Mar/2024:20:37:33 -0500] "POST /sipse/faces/presentacion/financiero/solicitudProceso/listarSolicitudProceso.xhtml HTTP/1.1" 200 137486
191.156.178.179 - - [25/Mar/2024:20:38:20 -0500] "GET /sipse/faces/javax.faces.resource/theme.css?ln=primefaces-sipse HTTP/1.1" 304 -
191.156.185.219 - - [25/Mar/2024:20:38:20 -0500] "GET /sipse/faces/javax.faces.resource/layout/layout.css?ln=primefaces&v=4.0 HTTP/1.1" 304 -
191.156.185.219 - - [25/Mar/2024:20:38:20 -0500] "GET /sipse/faces/javax.faces.resource/jquery/jquery.js?ln=primefaces&v=4.0 HTTP/1.1" 304 -
191.156.182.0 - - [25/Mar/2024:20:38:20 -0500] "GET /sipse/faces/javax.faces.resource/primefaces.css?ln=primefaces&v=4.0 HTTP/1.1" 304 -
191.156.185.219 - - [25/Mar/2024:20:38:20 -0500] "GET /sipse/faces/javax.faces.resource/jquery/jquery-plugins.js?ln=primefaces&v=4.0 HTTP/1.1" 304 -
191.156.185.219 - - [25/Mar/2024:20:38:20 -0500] "GET /sipse/faces/javax.faces.resource/primefaces.js?ln=primefaces&v=4.0 HTTP/1.1" 304 -
191.156.185.219 - - [25/Mar/2024:20:38:20 -0500] "GET /sipse/faces/javax.faces.resource/layout/layout.js?ln=primefaces&v=4.0 HTTP/1.1" 304 -
191.156.185.219 - - [25/Mar/2024:20:38:21 -0500] "GET /sipse/css/imagen/contrasena.png HTTP/1.1" 404 383
172.22.2.4 - - [25/Mar/2024:20:36:51 -0500] "GET /BLA/boletinlegal/ HTTP/1.1" 200 58720
191.156.181.205 - - [25/Mar/2024:20:38:37 -0500] "GET /sipse/faces/javax.faces.resource/theme.css?ln=primefaces-sipse HTTP/1.1" 304 -
191.156.185.219 - - [25/Mar/2024:20:38:34 -0500] "POST /sipse/faces/presentacion/financiero/solicitudProceso/consultarSolicitudProceso.xhtml HTTP/1.1" 200 21118
191.156.177.206 - - [25/Mar/2024:20:38:38 -0500] "GET /sipse/faces/javax.faces.resource/primefaces.css?ln=primefaces&v=4.0 HTTP/1.1" 304 -
191.156.177.107 - - [25/Mar/2024:20:38:38 -0500] "GET /sipse/faces/javax.faces.resource/layout/layout.css?ln=primefaces&v=4.0 HTTP/1.1" 304 -
191.156.178.4 - - [25/Mar/2024:20:38:38 -0500] "GET /sipse/faces/javax.faces.resource/fileupload/fileupload.css?ln=primefaces&v=4.0 HTTP/1.1" 304 -
191.156.181.205 - - [25/Mar/2024:20:38:38 -0500] "GET /sipse/faces/javax.faces.resource/jquery/jquery.js?ln=primefaces&v=4.0 HTTP/1.1" 304 -
191.156.177.206 - - [25/Mar/2024:20:38:39 -0500] "GET /sipse/faces/javax.faces.resource/jquery/jquery-plugins.js?ln=primefaces&v=4.0 HTTP/1.1" 304 -
191.156.185.219 - - [25/Mar/2024:20:38:39 -0500] "GET /sipse/faces/javax.faces.resource/primefaces.js?ln=primefaces&v=4.0 HTTP/1.1" 304 -
191.156.178.4 - - [25/Mar/2024:20:38:39 -0500] "GET /sipse/faces/javax.faces.resource/layout/layout.js?ln=primefaces&v=4.0 HTTP/1.1" 304 -
191.156.181.205 - - [25/Mar/2024:20:38:39 -0500] "GET /sipse/faces/javax.faces.resource/fileupload/fileupload.js?ln=primefaces&v=4.0 HTTP/1.1" 304 -
66.249.66.20 - - [25/Mar/2024:20:38:45 -0500] "GET /Publicaciones/2024EE55854.pdf HTTP/1.1" 200 223224
173.252.107.118 - - [25/Mar/2024:20:38:50 -0500] "GET /images/Comprimida%20incendios.jpg HTTP/1.1" 200 23316
216.244.66.195 - - [25/Mar/2024:20:38:52 -0500] "GET /BLA/resoluciones/RESOLUCIONES%202019/01330.pdf HTTP/1.1" 200 337779
173.252.87.119 - - [25/Mar/2024:20:38:53 -0500] "GET /images/Comprimida%20incendios.jpg HTTP/1.1" 200 23316
186.28.136.245 - - [25/Mar/2024:20:39:08 -0500] "POST /sipse/faces/presentacion/financiero/solicitudProceso/consultarSolicitudProceso.xhtml HTTP/1.1" 200 51883
186.28.136.245 - - [25/Mar/2024:20:39:09 -0500] "GET /sipse/faces/javax.faces.resource/theme.css?ln=primefaces-sipse HTTP/1.1" 304 -
186.28.136.245 - - [25/Mar/2024:20:39:09 -0500] "GET /sipse/faces/javax.faces.resource/primefaces.css?ln=primefaces&v=4.0 HTTP/1.1" 304 -
186.28.136.245 - - [25/Mar/2024:20:39:09 -0500] "GET /sipse/faces/javax.faces.resource/layout/layout.css?ln=primefaces&v=4.0 HTTP/1.1" 304 -
186.28.136.245 - - [25/Mar/2024:20:39:09 -0500] "GET /sipse/faces/javax.faces.resource/jquery/jquery.js?ln=primefaces&v=4.0 HTTP/1.1" 304 -
186.28.136.245 - - [25/Mar/2024:20:39:09 -0500] "GET /sipse/faces/javax.faces.resource/primefaces.js?ln=primefaces&v=4.0 HTTP/1.1" 304 -
186.28.136.245 - - [25/Mar/2024:20:39:09 -0500] "GET /sipse/faces/javax.faces.resource/jquery/jquery-plugins.js?ln=primefaces&v=4.0 HTTP/1.1" 304 -
186.28.136.245 - - [25/Mar/2024:20:39:09 -0500] "GET /sipse/faces/javax.faces.resource/layout/layout.js?ln=primefaces&v=4.0 HTTP/1.1" 304 -
186.28.136.245 - - [25/Mar/2024:20:39:10 -0500] "GET /sipse/faces/javax.faces.resource/images/ui-icons_898989_256x240.png?ln=primefaces-aristo HTTP/1.1" 304 -
186.28.136.245 - - [25/Mar/2024:20:39:10 -0500] "GET /sipse/css/imagen/contrasena.png HTTP/1.1" 404 383
201.245.192.253 - - [25/Mar/2024:20:39:21 -0500] "POST /kwsrmcab/Wsrmcab  HTTP/1.1" 200 39660
201.245.192.253 - - [25/Mar/2024:20:39:37 -0500] "POST /kwsrmcab/Wsrmcab HTTP/1.1" 200 39836
201.245.192.253 - - [25/Mar/2024:20:39:38 -0500] "POST /kwsrmcab/Wsrmcab HTTP/1.1" 200 38311
216.244.66.195 - - [25/Mar/2024:20:39:42 -0500] "GET /BLA/resoluciones/RESOLUCIONES%202021/00290.pdf HTTP/1.1" 200 479289
216.245.221.92 - - [25/Mar/2024:20:39:45 -0500] "HEAD / HTTP/1.1" 200 -
201.245.192.253 - - [25/Mar/2024:20:40:14 -0500] "POST /kwsrmcab/Wsrmcab HTTP/1.1" 200 38312
173.252.79.8 - - [25/Mar/2024:20:40:21 -0500] "GET /mas-de-20-kilos-de-palma-silvestre-incautados-en-dos-localidades-de-bogota.html HTTP/1.1" 200 946
173.252.79.118 - - [25/Mar/2024:20:40:21 -0500] "GET /mas-de-20-kilos-de-palma-silvestre-incautados-en-dos-localidades-de-bogota.html HTTP/1.1" 200 946
216.244.66.195 - - [25/Mar/2024:20:40:35 -0500] "GET /BLA/resoluciones/RESOLUCIONES%202023/00296.pdf HTTP/1.1" 200 444341
180.102.134.69 - - [25/Mar/2024:20:40:46 -0500] "GET / HTTP/1.1" 200 319
66.249.66.19 - - [25/Mar/2024:20:40:48 -0500] "GET /Publicaciones/2024EE59862.pdf HTTP/1.1" 200 224412
181.237.180.46 - - [25/Mar/2024:20:41:03 -0500] "POST /appsia/controlador HTTP/1.1" 200 75997
181.237.180.46 - - [25/Mar/2024:20:41:06 -0500] "POST /appsia/controlador HTTP/1.1" 200 75997
181.237.180.46 - - [25/Mar/2024:20:41:08 -0500] "POST /appsia/controlador HTTP/1.1" 200 75997
191.156.177.107 - - [25/Mar/2024:20:39:01 -0500] "POST /sipse/faces/presentacion/sistema/anexos/cargarAnexoSolicitudProceso.xhtml HTTP/1.1" 500 383
201.245.192.253 - - [25/Mar/2024:20:41:22 -0500] "POST /kwsrmcab/Wsrmcab HTTP/1.1" 200 38311
216.244.66.195 - - [25/Mar/2024:20:41:29 -0500] "GET /BLA/resoluciones/RESOLUCIONES%202023/02984.pdf HTTP/1.1" 200 1519790
191.156.182.94 - - [25/Mar/2024:20:41:38 -0500] "GET /sipse/faces/index.xhtml HTTP/1.1" 200 677
191.156.182.94 - - [25/Mar/2024:20:41:39 -0500] "GET /sipse/faces/javax.faces.resource/theme.css?ln=primefaces-sipse HTTP/1.1" 304 -
191.156.185.219 - - [25/Mar/2024:20:41:39 -0500] "GET /sipse/faces/javax.faces.resource/theme.css?ln=primefaces-sipse HTTP/1.1" 304 -
191.156.182.94 - - [25/Mar/2024:20:41:39 -0500] "GET /sipse/faces/faces/autenticacion.xhtml HTTP/1.1" 200 12415
191.156.181.205 - - [25/Mar/2024:20:41:39 -0500] "GET /sipse/faces/javax.faces.resource/primefaces.css?ln=primefaces&v=4.0 HTTP/1.1" 304 -
191.156.182.0 - - [25/Mar/2024:20:41:39 -0500] "GET /sipse/faces/javax.faces.resource/layout/layout.css?ln=primefaces&v=4.0 HTTP/1.1" 304 -
191.156.178.179 - - [25/Mar/2024:20:41:39 -0500] "GET /sipse/faces/javax.faces.resource/jquery/jquery-plugins.js?ln=primefaces&v=4.0 HTTP/1.1" 304 -
191.156.185.219 - - [25/Mar/2024:20:41:39 -0500] "GET /sipse/faces/javax.faces.resource/jquery/jquery.js?ln=primefaces&v=4.0 HTTP/1.1" 304 -
191.156.181.41 - - [25/Mar/2024:20:41:39 -0500] "GET /sipse/faces/javax.faces.resource/primefaces.js?ln=primefaces&v=4.0 HTTP/1.1" 304 -
191.156.181.205 - - [25/Mar/2024:20:41:39 -0500] "GET /sipse/faces/javax.faces.resource/layout/layout.js?ln=primefaces&v=4.0 HTTP/1.1" 304 -
191.156.182.94 - - [25/Mar/2024:20:41:40 -0500] "GET /sipse/faces/javax.faces.resource/images/ui-icons_898989_256x240.png?ln=primefaces-aristo HTTP/1.1" 304 -
191.156.182.94 - - [25/Mar/2024:20:41:42 -0500] "POST /sipse/faces/autenticacion.xhtml HTTP/1.1" 200 2217
191.156.182.94 - - [25/Mar/2024:20:41:43 -0500] "GET /sipse/faces/javax.faces.resource/messages/messages.png?ln=primefaces&v=4.0 HTTP/1.1" 304 -
191.156.182.94 - - [25/Mar/2024:20:41:49 -0500] "POST /sipse/faces/autenticacion.xhtml HTTP/1.1" 200 16372
191.156.182.94 - - [25/Mar/2024:20:41:49 -0500] "GET /sipse/faces/javax.faces.resource/theme.css?ln=primefaces-sipse HTTP/1.1" 304 -
191.156.181.41 - - [25/Mar/2024:20:41:50 -0500] "GET /sipse/faces/javax.faces.resource/primefaces.css?ln=primefaces&v=4.0 HTTP/1.1" 304 -
191.156.181.205 - - [25/Mar/2024:20:41:50 -0500] "GET /sipse/faces/javax.faces.resource/layout/layout.css?ln=primefaces&v=4.0 HTTP/1.1" 304 -
191.156.185.219 - - [25/Mar/2024:20:41:50 -0500] "GET /sipse/faces/javax.faces.resource/jquery/jquery.js?ln=primefaces&v=4.0 HTTP/1.1" 304 -
191.156.185.219 - - [25/Mar/2024:20:41:50 -0500] "GET /sipse/faces/javax.faces.resource/jquery/jquery-plugins.js?ln=primefaces&v=4.0 HTTP/1.1" 304 -
191.156.185.219 - - [25/Mar/2024:20:41:50 -0500] "GET /sipse/faces/javax.faces.resource/primefaces.js?ln=primefaces&v=4.0 HTTP/1.1" 304 -
191.156.185.219 - - [25/Mar/2024:20:41:50 -0500] "GET /sipse/faces/javax.faces.resource/layout/layout.js?ln=primefaces&v=4.0 HTTP/1.1" 304 -
191.156.185.219 - - [25/Mar/2024:20:41:50 -0500] "GET /sipse/css/imagen/contrasena.png HTTP/1.1" 404 383
191.156.178.4 - - [25/Mar/2024:20:41:53 -0500] "GET /sipse/faces/javax.faces.resource/images/ui-bg_flat_0_2d5972_40x100.png?ln=primefaces-aristo HTTP/1.1" 304 -
191.156.182.226 - - [25/Mar/2024:20:41:53 -0500] "POST /sipse/faces/bienvenido.xhtml HTTP/1.1" 200 2658
186.28.136.245 - - [25/Mar/2024:20:41:54 -0500] "GET /sipse/faces/javax.faces.resource/images/ui-bg_flat_0_2d5972_40x100.png?ln=primefaces-aristo HTTP/1.1" 304 -
186.28.136.245 - - [25/Mar/2024:20:41:54 -0500] "POST /sipse/faces/presentacion/financiero/solicitudProceso/consultarHistorialSolProceso.xhtml HTTP/1.1" 200 43913
186.28.136.245 - - [25/Mar/2024:20:41:55 -0500] "GET /sipse/faces/javax.faces.resource/theme.css?ln=primefaces-sipse HTTP/1.1" 304 -
186.28.136.245 - - [25/Mar/2024:20:41:55 -0500] "GET /sipse/faces/javax.faces.resource/primefaces.css?ln=primefaces&v=4.0 HTTP/1.1" 304 -
186.28.136.245 - - [25/Mar/2024:20:41:55 -0500] "GET /sipse/faces/javax.faces.resource/layout/layout.css?ln=primefaces&v=4.0 HTTP/1.1" 304 -
186.28.136.245 - - [25/Mar/2024:20:41:55 -0500] "GET /sipse/faces/javax.faces.resource/jquery/jquery.js?ln=primefaces&v=4.0 HTTP/1.1" 304 -
186.28.136.245 - - [25/Mar/2024:20:41:55 -0500] "GET /sipse/faces/javax.faces.resource/jquery/jquery-plugins.js?ln=primefaces&v=4.0 HTTP/1.1" 304 -
186.28.136.245 - - [25/Mar/2024:20:41:55 -0500] "GET /sipse/faces/javax.faces.resource/primefaces.js?ln=primefaces&v=4.0 HTTP/1.1" 304 -
186.28.136.245 - - [25/Mar/2024:20:41:55 -0500] "GET /sipse/faces/javax.faces.resource/layout/layout.js?ln=primefaces&v=4.0 HTTP/1.1" 304 -
186.28.136.245 - - [25/Mar/2024:20:41:55 -0500] "GET /sipse/css/imagen/contrasena.png HTTP/1.1" 404 383
186.28.136.245 - - [25/Mar/2024:20:41:59 -0500] "POST /sipse/faces/presentacion/financiero/solicitudProceso/consultar.xhtml HTTP/1.1" 200 12881
191.156.182.226 - - [25/Mar/2024:20:41:54 -0500] "POST /sipse/faces/bienvenido.xhtml HTTP/1.1" 200 64144
191.156.182.226 - - [25/Mar/2024:20:42:01 -0500] "GET /sipse/faces/javax.faces.resource/theme.css?ln=primefaces-sipse HTTP/1.1" 304 -
191.156.178.4 - - [25/Mar/2024:20:42:01 -0500] "GET /sipse/faces/javax.faces.resource/primefaces.css?ln=primefaces&v=4.0 HTTP/1.1" 304 -
191.156.182.226 - - [25/Mar/2024:20:42:01 -0500] "GET /sipse/faces/javax.faces.resource/jquery/jquery.js?ln=primefaces&v=4.0 HTTP/1.1" 304 -
191.156.182.224 - - [25/Mar/2024:20:42:01 -0500] "GET /sipse/faces/javax.faces.resource/layout/layout.css?ln=primefaces&v=4.0 HTTP/1.1" 304 -
191.156.182.226 - - [25/Mar/2024:20:42:01 -0500] "GET /sipse/faces/javax.faces.resource/jquery/jquery-plugins.js?ln=primefaces&v=4.0 HTTP/1.1" 304 -
191.156.182.226 - - [25/Mar/2024:20:42:01 -0500] "GET /sipse/css/imagen/contrasena.png HTTP/1.1" 404 383
191.156.182.224 - - [25/Mar/2024:20:42:01 -0500] "GET /sipse/faces/javax.faces.resource/primefaces.js?ln=primefaces&v=4.0 HTTP/1.1" 304 -
191.156.182.224 - - [25/Mar/2024:20:42:01 -0500] "GET /sipse/faces/javax.faces.resource/layout/layout.js?ln=primefaces&v=4.0 HTTP/1.1" 304 -
191.156.182.224 - - [25/Mar/2024:20:42:02 -0500] "POST /sipse/faces/presentacion/financiero/solicitudProceso/listarSolicitudProceso.xhtml HTTP/1.1" 200 1560
191.156.182.224 - - [25/Mar/2024:20:42:13 -0500] "POST /sipse/faces/presentacion/financiero/solicitudProceso/listarSolicitudProceso.xhtml HTTP/1.1" 200 23115
216.244.66.195 - - [25/Mar/2024:20:42:19 -0500] "GET /BLA/resoluciones/RESOLUCIONES%202023/03152.pdf HTTP/1.1" 200 552757
186.28.136.245 - - [25/Mar/2024:20:42:19 -0500] "POST /sipse/faces/presentacion/financiero/solicitudProceso/consultar.xhtml HTTP/1.1" 200 12885
191.156.182.224 - - [25/Mar/2024:20:42:27 -0500] "POST /sipse/faces/presentacion/financiero/solicitudProceso/listarSolicitudProceso.xhtml HTTP/1.1" 200 137486
191.156.182.224 - - [25/Mar/2024:20:42:38 -0500] "GET /sipse/faces/javax.faces.resource/theme.css?ln=primefaces-sipse HTTP/1.1" 304 -
191.156.178.179 - - [25/Mar/2024:20:42:38 -0500] "GET /sipse/faces/javax.faces.resource/primefaces.css?ln=primefaces&v=4.0 HTTP/1.1" 304 -
191.156.177.206 - - [25/Mar/2024:20:42:38 -0500] "GET /sipse/faces/javax.faces.resource/jquery/jquery.js?ln=primefaces&v=4.0 HTTP/1.1" 304 -
191.156.181.41 - - [25/Mar/2024:20:42:38 -0500] "GET /sipse/faces/javax.faces.resource/layout/layout.css?ln=primefaces&v=4.0 HTTP/1.1" 304 -
191.156.177.206 - - [25/Mar/2024:20:42:38 -0500] "GET /sipse/faces/javax.faces.resource/jquery/jquery-plugins.js?ln=primefaces&v=4.0 HTTP/1.1" 304 -
191.156.177.206 - - [25/Mar/2024:20:42:38 -0500] "GET /sipse/faces/javax.faces.resource/primefaces.js?ln=primefaces&v=4.0 HTTP/1.1" 304 -
191.156.177.206 - - [25/Mar/2024:20:42:39 -0500] "GET /sipse/faces/javax.faces.resource/layout/layout.js?ln=primefaces&v=4.0 HTTP/1.1" 304 -
191.156.177.206 - - [25/Mar/2024:20:42:39 -0500] "GET /sipse/css/imagen/contrasena.png HTTP/1.1" 404 383
191.156.181.41 - - [25/Mar/2024:20:42:50 -0500] "GET /sipse/faces/javax.faces.resource/theme.css?ln=primefaces-sipse HTTP/1.1" 304 -
191.156.178.179 - - [25/Mar/2024:20:42:50 -0500] "GET /sipse/faces/javax.faces.resource/primefaces.css?ln=primefaces&v=4.0 HTTP/1.1" 304 -
191.156.182.224 - - [25/Mar/2024:20:42:50 -0500] "GET /sipse/faces/javax.faces.resource/layout/layout.css?ln=primefaces&v=4.0 HTTP/1.1" 304 -
191.156.182.224 - - [25/Mar/2024:20:42:51 -0500] "GET /sipse/faces/javax.faces.resource/jquery/jquery.js?ln=primefaces&v=4.0 HTTP/1.1" 304 -
191.156.178.179 - - [25/Mar/2024:20:42:51 -0500] "GET /sipse/faces/javax.faces.resource/jquery/jquery-plugins.js?ln=primefaces&v=4.0 HTTP/1.1" 304 -
191.156.181.41 - - [25/Mar/2024:20:42:51 -0500] "GET /sipse/faces/javax.faces.resource/primefaces.js?ln=primefaces&v=4.0 HTTP/1.1" 304 -
191.156.182.0 - - [25/Mar/2024:20:42:52 -0500] "GET /sipse/faces/javax.faces.resource/fileupload/fileupload.css?ln=primefaces&v=4.0 HTTP/1.1" 304 -
191.156.178.4 - - [25/Mar/2024:20:42:52 -0500] "GET /sipse/faces/javax.faces.resource/layout/layout.js?ln=primefaces&v=4.0 HTTP/1.1" 304 -
191.156.182.224 - - [25/Mar/2024:20:42:52 -0500] "GET /sipse/faces/javax.faces.resource/fileupload/fileupload.js?ln=primefaces&v=4.0 HTTP/1.1" 304 -
191.156.182.224 - - [25/Mar/2024:20:42:52 -0500] "GET /sipse/css/imagen/contrasena.png HTTP/1.1" 404 383
191.156.178.4 - - [25/Mar/2024:20:42:52 -0500] "GET /sipse/faces/javax.faces.resource/images/ui-icons_898989_256x240.png?ln=primefaces-aristo HTTP/1.1" 304 -
191.156.177.206 - - [25/Mar/2024:20:42:49 -0500] "POST /sipse/faces/presentacion/financiero/solicitudProceso/consultarSolicitudProceso.xhtml HTTP/1.1" 200 21118
40.77.167.75 - - [25/Mar/2024:20:42:59 -0500] "GET /BLA/resoluciones/AUTOS%202023/5694.pdf HTTP/1.1" 200 422091
216.244.66.195 - - [25/Mar/2024:20:43:09 -0500] "GET /BLA/resoluciones/RESOLUCIONES%202024/00448.pdf HTTP/1.1" 200 369357
186.28.136.245 - - [25/Mar/2024:20:43:16 -0500] "POST /sipse/faces/presentacion/financiero/solicitudProceso/consultar.xhtml HTTP/1.1" 200 134465
186.28.136.245 - - [25/Mar/2024:20:43:17 -0500] "GET /sipse/faces/javax.faces.resource/theme.css?ln=primefaces-sipse HTTP/1.1" 304 -
186.28.136.245 - - [25/Mar/2024:20:43:17 -0500] "GET /sipse/faces/javax.faces.resource/primefaces.css?ln=primefaces&v=4.0 HTTP/1.1" 304 -
186.28.136.245 - - [25/Mar/2024:20:43:17 -0500] "GET /sipse/faces/javax.faces.resource/layout/layout.css?ln=primefaces&v=4.0 HTTP/1.1" 304 -
186.28.136.245 - - [25/Mar/2024:20:43:17 -0500] "GET /sipse/faces/javax.faces.resource/jquery/jquery.js?ln=primefaces&v=4.0 HTTP/1.1" 304 -
186.28.136.245 - - [25/Mar/2024:20:43:17 -0500] "GET /sipse/faces/javax.faces.resource/jquery/jquery-plugins.js?ln=primefaces&v=4.0 HTTP/1.1" 304 -
186.28.136.245 - - [25/Mar/2024:20:43:17 -0500] "GET /sipse/faces/javax.faces.resource/primefaces.js?ln=primefaces&v=4.0 HTTP/1.1" 304 -
186.28.136.245 - - [25/Mar/2024:20:43:17 -0500] "GET /sipse/faces/javax.faces.resource/layout/layout.js?ln=primefaces&v=4.0 HTTP/1.1" 304 -
186.28.136.245 - - [25/Mar/2024:20:43:17 -0500] "GET /sipse/css/imagen/contrasena.png HTTP/1.1" 404 383
186.28.136.245 - - [25/Mar/2024:20:43:23 -0500] "POST /sipse/faces/presentacion/financiero/solicitudProceso/consultarSolicitudProceso.xhtml HTTP/1.1" 200 41847
186.28.136.245 - - [25/Mar/2024:20:43:24 -0500] "GET /sipse/faces/javax.faces.resource/primefaces.css?ln=primefaces&v=4.0 HTTP/1.1" 304 -
186.28.136.245 - - [25/Mar/2024:20:43:24 -0500] "GET /sipse/faces/javax.faces.resource/layout/layout.css?ln=primefaces&v=4.0 HTTP/1.1" 304 -
186.28.136.245 - - [25/Mar/2024:20:43:24 -0500] "GET /sipse/faces/javax.faces.resource/theme.css?ln=primefaces-sipse HTTP/1.1" 304 -
186.28.136.245 - - [25/Mar/2024:20:43:24 -0500] "GET /sipse/faces/javax.faces.resource/jquery/jquery-plugins.js?ln=primefaces&v=4.0 HTTP/1.1" 304 -
186.28.136.245 - - [25/Mar/2024:20:43:24 -0500] "GET /sipse/faces/javax.faces.resource/jquery/jquery.js?ln=primefaces&v=4.0 HTTP/1.1" 304 -
186.28.136.245 - - [25/Mar/2024:20:43:24 -0500] "GET /sipse/faces/javax.faces.resource/primefaces.js?ln=primefaces&v=4.0 HTTP/1.1" 304 -
186.28.136.245 - - [25/Mar/2024:20:43:24 -0500] "GET /sipse/faces/javax.faces.resource/layout/layout.js?ln=primefaces&v=4.0 HTTP/1.1" 304 -
172.22.2.4 - - [25/Mar/2024:20:41:51 -0500] "HEAD /BLA/boletinlegal/ HTTP/1.1" 200 -
191.156.178.179 - - [25/Mar/2024:20:43:54 -0500] "GET /sipse/faces/javax.faces.resource/theme.css?ln=primefaces-sipse HTTP/1.1" 304 -
191.156.177.211 - - [25/Mar/2024:20:43:54 -0500] "GET /sipse/faces/javax.faces.resource/primefaces.css?ln=primefaces&v=4.0 HTTP/1.1" 304 -
191.156.182.226 - - [25/Mar/2024:20:43:54 -0500] "GET /sipse/faces/javax.faces.resource/layout/layout.css?ln=primefaces&v=4.0 HTTP/1.1" 304 -
191.156.185.219 - - [25/Mar/2024:20:43:54 -0500] "GET /sipse/faces/javax.faces.resource/jquery/jquery.js?ln=primefaces&v=4.0 HTTP/1.1" 304 -
191.156.178.179 - - [25/Mar/2024:20:43:54 -0500] "GET /sipse/faces/javax.faces.resource/jquery/jquery-plugins.js?ln=primefaces&v=4.0 HTTP/1.1" 304 -
191.156.177.211 - - [25/Mar/2024:20:43:54 -0500] "GET /sipse/faces/javax.faces.resource/primefaces.js?ln=primefaces&v=4.0 HTTP/1.1" 304 -
191.156.182.226 - - [25/Mar/2024:20:43:54 -0500] "GET /sipse/faces/javax.faces.resource/layout/layout.js?ln=primefaces&v=4.0 HTTP/1.1" 304 -
191.156.178.179 - - [25/Mar/2024:20:43:55 -0500] "GET /sipse/css/imagen/contrasena.png HTTP/1.1" 404 383
191.156.182.226 - - [25/Mar/2024:20:43:55 -0500] "GET /sipse/faces/javax.faces.resource/images/ui-icons_898989_256x240.png?ln=primefaces-aristo HTTP/1.1" 304 -
216.244.66.195 - - [25/Mar/2024:20:43:58 -0500] "GET /BLA/resoluciones/AUTOS%202007/1962.pdf HTTP/1.1" 200 836451
191.156.185.219 - - [25/Mar/2024:20:43:42 -0500] "POST /sipse/faces/presentacion/sistema/anexos/cargarAnexoSolicitudProceso.xhtml HTTP/1.1" 200 185093
191.156.185.219 - - [25/Mar/2024:20:44:07 -0500] "POST /sipse/faces/presentacion/financiero/solicitudProceso/consultarSolicitudProceso.xhtml HTTP/1.1" 200 21118
191.156.182.226 - - [25/Mar/2024:20:44:08 -0500] "GET /sipse/faces/javax.faces.resource/theme.css?ln=primefaces-sipse HTTP/1.1" 304 -
191.156.178.179 - - [25/Mar/2024:20:44:08 -0500] "GET /sipse/faces/javax.faces.resource/primefaces.css?ln=primefaces&v=4.0 HTTP/1.1" 304 -
191.156.177.211 - - [25/Mar/2024:20:44:08 -0500] "GET /sipse/faces/javax.faces.resource/layout/layout.css?ln=primefaces&v=4.0 HTTP/1.1" 304 -
191.156.185.219 - - [25/Mar/2024:20:44:08 -0500] "GET /sipse/faces/javax.faces.resource/jquery/jquery.js?ln=primefaces&v=4.0 HTTP/1.1" 304 -
191.156.178.4 - - [25/Mar/2024:20:44:08 -0500] "GET /sipse/faces/javax.faces.resource/fileupload/fileupload.css?ln=primefaces&v=4.0 HTTP/1.1" 304 -
191.156.182.226 - - [25/Mar/2024:20:44:08 -0500] "GET /sipse/faces/javax.faces.resource/jquery/jquery-plugins.js?ln=primefaces&v=4.0 HTTP/1.1" 304 -
191.156.177.211 - - [25/Mar/2024:20:44:08 -0500] "GET /sipse/faces/javax.faces.resource/primefaces.js?ln=primefaces&v=4.0 HTTP/1.1" 304 -
191.156.178.179 - - [25/Mar/2024:20:44:08 -0500] "GET /sipse/faces/javax.faces.resource/layout/layout.js?ln=primefaces&v=4.0 HTTP/1.1" 304 -
191.156.185.219 - - [25/Mar/2024:20:44:08 -0500] "GET /sipse/faces/javax.faces.resource/fileupload/fileupload.js?ln=primefaces&v=4.0 HTTP/1.1" 304 -
172.22.2.4 - - [25/Mar/2024:20:42:41 -0500] "GET /BLA/boletinlegal/ HTTP/1.1" 200 58720
201.245.192.253 - - [25/Mar/2024:20:44:19 -0500] "POST /kwsrmcab/Wsrmcab  HTTP/1.1" 200 39660
191.156.178.4 - - [25/Mar/2024:20:44:33 -0500] "GET /sipse/faces/javax.faces.resource/theme.css?ln=primefaces-sipse HTTP/1.1" 304 -
191.156.182.226 - - [25/Mar/2024:20:44:33 -0500] "GET /sipse/faces/javax.faces.resource/primefaces.css?ln=primefaces&v=4.0 HTTP/1.1" 304 -
191.156.178.4 - - [25/Mar/2024:20:44:33 -0500] "GET /sipse/faces/javax.faces.resource/layout/layout.css?ln=primefaces&v=4.0 HTTP/1.1" 304 -
191.156.178.4 - - [25/Mar/2024:20:44:33 -0500] "GET /sipse/faces/javax.faces.resource/jquery/jquery.js?ln=primefaces&v=4.0 HTTP/1.1" 304 -
191.156.182.226 - - [25/Mar/2024:20:44:33 -0500] "GET /sipse/faces/javax.faces.resource/jquery/jquery-plugins.js?ln=primefaces&v=4.0 HTTP/1.1" 304 -
191.156.178.4 - - [25/Mar/2024:20:44:33 -0500] "GET /sipse/faces/javax.faces.resource/primefaces.js?ln=primefaces&v=4.0 HTTP/1.1" 304 -
191.156.178.4 - - [25/Mar/2024:20:44:34 -0500] "GET /sipse/faces/javax.faces.resource/layout/layout.js?ln=primefaces&v=4.0 HTTP/1.1" 304 -
186.102.8.74 - - [25/Mar/2024:20:44:37 -0500] "GET /kwssiamovil/sm/acme/u?s=U2FsdGVkX18Ut88BPXUrYDAemHtN/UHegih7aFs8DXqHWdlJVsqGfCRs5RCTW141GNGtmFAmhcKec31J/RsuYmvQtK9GmMw65sw9RwPGIeEJzhR6G+4z9ct6e3u2s5RNGFYQ5ZLa6mVnBDQydPn4nPdM4tYG6kqZMefU/6h0u3Y=&u=U2FsdGVkX19FaLnz2itXwUCzzP2U67H2UNY3mChPnkE=&y=U2FsdGVkX1+LUw1UT1XlKvrZYXUJeoH0KWI8Cas2oEFn3jZ+TtqSEC4Z/sFPHNTk HTTP/1.1" 200 60
216.245.221.92 - - [25/Mar/2024:20:44:45 -0500] "HEAD / HTTP/1.1" 200 -
216.244.66.195 - - [25/Mar/2024:20:44:48 -0500] "GET /BLA/resoluciones/AUTOS%202010/0801.pdf HTTP/1.1" 200 185795
191.156.178.179 - - [25/Mar/2024:20:44:24 -0500] "POST /sipse/faces/presentacion/sistema/anexos/cargarAnexoSolicitudProceso.xhtml HTTP/1.1" 200 186877
216.244.66.195 - - [25/Mar/2024:20:45:25 -0500] "GET /BLA/resoluciones/AUTOS%202010/1133.pdf HTTP/1.1" 200 189505
66.249.66.19 - - [25/Mar/2024:20:45:41 -0500] "GET /Publicaciones/2024EE50736.pdf HTTP/1.1" 404 227
191.156.181.41 - - [25/Mar/2024:20:45:41 -0500] "GET /sipse/faces/javax.faces.resource/images/ui-bg_flat_0_2d5972_40x100.png?ln=primefaces-aristo HTTP/1.1" 304 -
191.156.181.41 - - [25/Mar/2024:20:45:42 -0500] "GET /sipse/faces/javax.faces.resource/images/ui-icons_898989_256x240.png?ln=primefaces-aristo HTTP/1.1" 304 -
191.156.178.179 - - [25/Mar/2024:20:45:42 -0500] "POST /sipse/faces/presentacion/financiero/solicitudProceso/consultarSolicitudProceso.xhtml HTTP/1.1" 200 36878
216.244.66.195 - - [25/Mar/2024:20:46:06 -0500] "GET /BLA/resoluciones/AUTOS%202010/1386.pdf HTTP/1.1" 200 235620
191.156.182.0 - - [25/Mar/2024:20:46:20 -0500] "GET /sipse/faces/javax.faces.resource/jquery/jquery.js?ln=primefaces&v=4.0 HTTP/1.1" 304 -
191.156.182.0 - - [25/Mar/2024:20:46:20 -0500] "GET /sipse/faces/javax.faces.resource/primefaces.css?ln=primefaces&v=4.0 HTTP/1.1" 304 -
191.156.182.0 - - [25/Mar/2024:20:46:21 -0500] "GET /sipse/faces/javax.faces.resource/theme.css?ln=primefaces-sipse HTTP/1.1" 304 -
191.156.182.0 - - [25/Mar/2024:20:46:22 -0500] "GET /sipse/faces/javax.faces.resource/jquery/jquery-plugins.js?ln=primefaces&v=4.0 HTTP/1.1" 304 -
191.156.177.206 - - [25/Mar/2024:20:46:22 -0500] "GET /sipse/faces/javax.faces.resource/layout/layout.css?ln=primefaces&v=4.0 HTTP/1.1" 304 -
191.156.182.0 - - [25/Mar/2024:20:46:25 -0500] "GET /sipse/faces/javax.faces.resource/primefaces.js?ln=primefaces&v=4.0 HTTP/1.1" 304 -
191.156.182.0 - - [25/Mar/2024:20:46:26 -0500] "GET /sipse/css/imagen/contrasena.png HTTP/1.1" 404 383
191.156.182.0 - - [25/Mar/2024:20:46:26 -0500] "GET /sipse/faces/javax.faces.resource/layout/layout.js?ln=primefaces&v=4.0 HTTP/1.1" 304 -
191.156.182.0 - - [25/Mar/2024:20:46:28 -0500] "GET /sipse/faces/javax.faces.resource/messages/messages.png?ln=primefaces&v=4.0 HTTP/1.1" 304 -
191.156.182.0 - - [25/Mar/2024:20:46:27 -0500] "POST /sipse/faces/presentacion/financiero/solicitudProceso/listarSolicitudProceso.xhtml HTTP/1.1" 200 1400
216.244.66.195 - - [25/Mar/2024:20:46:38 -0500] "GET /BLA/resoluciones/AUTOS%202010/1658.pdf HTTP/1.1" 200 244611
216.244.66.195 - - [25/Mar/2024:20:47:16 -0500] "GET /BLA/resoluciones/AUTOS%202010/2353.pdf HTTP/1.1" 200 1657173
191.156.182.224 - - [25/Mar/2024:20:47:09 -0500] "POST /sipse/faces/presentacion/financiero/solicitudProceso/listarSolicitudProceso.xhtml HTTP/1.1" 200 137600
216.244.66.195 - - [25/Mar/2024:20:48:07 -0500] "GET /BLA/resoluciones/AUTOS%202010/2904.pdf HTTP/1.1" 200 84680
186.28.136.245 - - [25/Mar/2024:20:48:30 -0500] "GET /sipse/faces/javax.faces.resource/images/ui-bg_flat_0_2d5972_40x100.png?ln=primefaces-aristo HTTP/1.1" 304 -
186.28.136.245 - - [25/Mar/2024:20:48:30 -0500] "POST /sipse/faces/presentacion/financiero/solicitudProceso/consultarHistorialSolProceso.xhtml HTTP/1.1" 200 43858
186.28.136.245 - - [25/Mar/2024:20:48:30 -0500] "GET /sipse/faces/javax.faces.resource/theme.css?ln=primefaces-sipse HTTP/1.1" 304 -
186.28.136.245 - - [25/Mar/2024:20:48:30 -0500] "GET /sipse/faces/javax.faces.resource/primefaces.css?ln=primefaces&v=4.0 HTTP/1.1" 304 -
186.28.136.245 - - [25/Mar/2024:20:48:30 -0500] "GET /sipse/faces/javax.faces.resource/layout/layout.css?ln=primefaces&v=4.0 HTTP/1.1" 304 -
186.28.136.245 - - [25/Mar/2024:20:48:30 -0500] "GET /sipse/faces/javax.faces.resource/jquery/jquery.js?ln=primefaces&v=4.0 HTTP/1.1" 304 -
186.28.136.245 - - [25/Mar/2024:20:48:30 -0500] "GET /sipse/faces/javax.faces.resource/jquery/jquery-plugins.js?ln=primefaces&v=4.0 HTTP/1.1" 304 -
186.28.136.245 - - [25/Mar/2024:20:48:30 -0500] "GET /sipse/faces/javax.faces.resource/primefaces.js?ln=primefaces&v=4.0 HTTP/1.1" 304 -
186.28.136.245 - - [25/Mar/2024:20:48:30 -0500] "GET /sipse/faces/javax.faces.resource/layout/layout.js?ln=primefaces&v=4.0 HTTP/1.1" 304 -
186.28.136.245 - - [25/Mar/2024:20:48:30 -0500] "GET /sipse/faces/javax.faces.resource/images/ui-icons_898989_256x240.png?ln=primefaces-aristo HTTP/1.1" 304 -
186.28.136.245 - - [25/Mar/2024:20:48:33 -0500] "POST /sipse/faces/presentacion/financiero/solicitudProceso/consultar.xhtml HTTP/1.1" 200 12832
216.244.66.195 - - [25/Mar/2024:20:48:41 -0500] "GET /BLA/resoluciones/AUTOS%202010/3615.pdf HTTP/1.1" 200 202702
186.28.136.245 - - [25/Mar/2024:20:48:50 -0500] "POST /sipse/faces/presentacion/financiero/solicitudProceso/consultar.xhtml HTTP/1.1" 200 37218
186.28.136.245 - - [25/Mar/2024:20:48:51 -0500] "POST /sipse/faces/presentacion/financiero/solicitudProceso/consultar.xhtml HTTP/1.1" 200 37218
186.28.136.245 - - [25/Mar/2024:20:48:56 -0500] "POST /sipse/faces/presentacion/financiero/solicitudProceso/consultar.xhtml HTTP/1.1" 200 12883
186.28.136.245 - - [25/Mar/2024:20:49:16 -0500] "POST /sipse/faces/presentacion/financiero/solicitudProceso/consultar.xhtml HTTP/1.1" 200 12908
216.244.66.195 - - [25/Mar/2024:20:49:19 -0500] "GET /BLA/resoluciones/AUTOS%202010/4398.pdf HTTP/1.1" 200 144939
201.245.192.253 - - [25/Mar/2024:20:49:17 -0500] "POST /kwsrmcab/Wsrmcab  HTTP/1.1" 200 39660
172.22.2.4 - - [25/Mar/2024:20:47:41 -0500] "HEAD /BLA/boletinlegal/ HTTP/1.1" 200 -
186.28.136.245 - - [25/Mar/2024:20:49:30 -0500] "POST /sipse/faces/presentacion/financiero/solicitudProceso/consultar.xhtml HTTP/1.1" 200 12872
216.245.221.92 - - [25/Mar/2024:20:49:45 -0500] "HEAD / HTTP/1.1" 200 -
216.244.66.195 - - [25/Mar/2024:20:49:59 -0500] "GET /BLA/resoluciones/AUTOS%202010/5416.pdf HTTP/1.1" 200 210782
186.28.136.245 - - [25/Mar/2024:20:50:01 -0500] "POST /sipse/faces/presentacion/financiero/solicitudProceso/consultar.xhtml HTTP/1.1" 200 12908
172.22.2.4 - - [25/Mar/2024:20:48:32 -0500] "GET /BLA/boletinlegal/ HTTP/1.1" 200 60380
216.244.66.195 - - [25/Mar/2024:20:50:40 -0500] "GET /BLA/resoluciones/AUTOS%202010/5488.pdf HTTP/1.1" 200 142267
172.22.2.4 - - [25/Mar/2024:20:51:05 -0500] "GET /BLA/boletinlegal/actos.php HTTP/1.1" 200 9738
172.22.2.4 - - [25/Mar/2024:20:51:06 -0500] "GET /BLA/boletinlegal/images/registro-usuarios.png HTTP/1.1" 200 8106
172.22.2.4 - - [25/Mar/2024:20:51:06 -0500] "GET /BLA/boletinlegal/images/green-yellow-blue-pink-th.png HTTP/1.1" 200 7394
172.22.2.4 - - [25/Mar/2024:20:51:06 -0500] "GET /BLA/boletinlegal/images/tel.png HTTP/1.1" 200 14477
172.22.2.4 - - [25/Mar/2024:20:51:06 -0500] "GET /BLA/boletinlegal/images/icono-email.png HTTP/1.1" 200 5544
172.22.2.4 - - [25/Mar/2024:20:51:07 -0500] "GET /BLA/boletinlegal/images/menu_lft.gif HTTP/1.1" 200 1713
172.22.2.4 - - [25/Mar/2024:20:51:07 -0500] "GET /BLA/boletinlegal/images/menu_rght.gif HTTP/1.1" 200 1627
172.22.2.4 - - [25/Mar/2024:20:51:07 -0500] "GET /BLA/boletinlegal/images/bg_top.jpg HTTP/1.1" 200 522
172.22.2.4 - - [25/Mar/2024:20:51:07 -0500] "GET /BLA/boletinlegal/images/menu_bg.jpg HTTP/1.1" 200 620
172.22.2.4 - - [25/Mar/2024:20:51:07 -0500] "GET /BLA/boletinlegal/images/text.jpg HTTP/1.1" 200 568
172.22.2.4 - - [25/Mar/2024:20:51:07 -0500] "GET /BLA/boletinlegal/images/hover.jpg HTTP/1.1" 200 640
172.22.2.4 - - [25/Mar/2024:20:51:07 -0500] "GET /BLA/boletinlegal/images/footer_bg_l.jpg HTTP/1.1" 200 776
172.22.2.4 - - [25/Mar/2024:20:51:07 -0500] "GET /BLA/boletinlegal/img/0.png HTTP/1.1" 200 110
172.22.2.4 - - [25/Mar/2024:20:51:07 -0500] "GET /BLA/boletinlegal/img/select-left.png HTTP/1.1" 200 263
172.22.2.4 - - [25/Mar/2024:20:51:07 -0500] "GET /BLA/boletinlegal/img/select-right.png HTTP/1.1" 200 44019
172.22.2.4 - - [25/Mar/2024:20:51:07 -0500] "GET /BLA/boletinlegal/img/button-left.png HTTP/1.1" 200 57071
172.22.2.4 - - [25/Mar/2024:20:51:07 -0500] "GET /BLA/boletinlegal/img/button.png HTTP/1.1" 200 43241
172.22.2.4 - - [25/Mar/2024:20:51:07 -0500] "GET /BLA/boletinlegal/img/button-right.png HTTP/1.1" 200 57878
216.244.66.195 - - [25/Mar/2024:20:51:14 -0500] "GET /BLA/resoluciones/AUTOS%202010/5536.pdf HTTP/1.1" 200 1090337
186.28.136.245 - - [25/Mar/2024:20:51:49 -0500] "POST /sipse/faces/presentacion/financiero/solicitudProceso/consultar.xhtml HTTP/1.1" 200 12856
186.28.136.245 - - [25/Mar/2024:20:52:04 -0500] "POST /sipse/faces/presentacion/financiero/solicitudProceso/consultar.xhtml HTTP/1.1" 200 12831
216.244.66.195 - - [25/Mar/2024:20:52:04 -0500] "GET /BLA/resoluciones/AUTOS%202010/5571.pdf HTTP/1.1" 200 333107
216.244.66.195 - - [25/Mar/2024:20:52:50 -0500] "GET /BLA/resoluciones/AUTOS%202010/6662.pdf HTTP/1.1" 200 374724
66.249.66.21 - - [25/Mar/2024:20:52:57 -0500] "GET /Publicaciones/2024EE54940.pdf HTTP/1.1" 404 227
216.244.66.195 - - [25/Mar/2024:20:53:33 -0500] "GET /BLA/resoluciones/AUTOS%202023/3512.pdf HTTP/1.1" 200 439976
181.53.13.250 - - [25/Mar/2024:20:53:35 -0500] "GET /BLA/resoluciones/ HTTP/1.1" 200 14105
181.53.13.250 - - [25/Mar/2024:20:53:35 -0500] "GET /BLA/resoluciones/dlf/styles.css HTTP/1.1" 200 3049
181.53.13.250 - - [25/Mar/2024:20:53:35 -0500] "GET /BLA/resoluciones/dlf/bg.gif HTTP/1.1" 200 54
181.53.13.250 - - [25/Mar/2024:20:53:35 -0500] "GET /BLA/resoluciones/dlf/folder.png HTTP/1.1" 200 410
181.53.13.250 - - [25/Mar/2024:20:53:41 -0500] "GET /BLA/resoluciones/dlf/dirup.png HTTP/1.1" 200 644
181.53.13.250 - - [25/Mar/2024:20:53:41 -0500] "GET /BLA/resoluciones/dlf/pdf.gif HTTP/1.1" 200 272
181.53.13.250 - - [25/Mar/2024:20:53:41 -0500] "GET /BLA/resoluciones/dlf/archive.png HTTP/1.1" 200 632
181.53.13.250 - - [25/Mar/2024:20:53:40 -0500] "GET /BLA/resoluciones/index.php?dir=RESOLUCIONES+2019%2F HTTP/1.1" 200 265203
181.53.13.250 - - [25/Mar/2024:20:53:43 -0500] "GET /BLA/resoluciones/index.php?dir=RESOLUCIONES+2020%2F HTTP/1.1" 200 170605
66.249.66.21 - - [25/Mar/2024:20:54:09 -0500] "GET /Publicaciones/2024EE51372.pdf HTTP/1.1" 404 227
216.244.66.195 - - [25/Mar/2024:20:54:15 -0500] "GET /BLA/resoluciones/RESOLUCIONES%202016/1661.pdf HTTP/1.1" 200 298108
201.245.192.253 - - [25/Mar/2024:20:54:16 -0500] "POST /kwsrmcab/Wsrmcab  HTTP/1.1" 200 39660
216.245.221.92 - - [25/Mar/2024:20:54:45 -0500] "HEAD / HTTP/1.1" 200 -
216.244.66.195 - - [25/Mar/2024:20:54:56 -0500] "GET /BLA/resoluciones/AUTOS%202012/2388.pdf HTTP/1.1" 200 314616
186.28.136.245 - - [25/Mar/2024:20:55:04 -0500] "POST /sipse/faces/presentacion/financiero/solicitudProceso/consultar.xhtml HTTP/1.1" 200 12861
172.22.2.4 - - [25/Mar/2024:20:53:31 -0500] "HEAD /BLA/boletinlegal/ HTTP/1.1" 200 -
186.28.136.245 - - [25/Mar/2024:20:55:22 -0500] "POST /sipse/faces/presentacion/financiero/solicitudProceso/consultar.xhtml HTTP/1.1" 200 12869
216.244.66.195 - - [25/Mar/2024:20:55:30 -0500] "GET /BLA/resoluciones/AUTOS%202019/0147.pdf HTTP/1.1" 200 248265
186.28.136.245 - - [25/Mar/2024:20:55:50 -0500] "POST /sipse/faces/presentacion/financiero/solicitudProceso/consultar.xhtml HTTP/1.1" 200 12900
216.244.66.195 - - [25/Mar/2024:20:56:00 -0500] "GET /BLA/resoluciones/AUTOS%202019/0206.pdf HTTP/1.1" 200 273432
172.22.2.4 - - [25/Mar/2024:20:54:22 -0500] "GET /BLA/boletinlegal/ HTTP/1.1" 200 53818
