191.111.47.8 - - [25/Mar/2024:21:09:10 -0500] "POST /sipse/faces/presentacion/financiero/solicitudProceso/listarSolicitudProceso.xhtml HTTP/1.1" 200 1568
191.111.47.8 - - [25/Mar/2024:21:09:12 -0500] "POST /sipse/faces/presentacion/financiero/solicitudProceso/listarSolicitudProceso.xhtml HTTP/1.1" 200 4808
47.128.43.212 - - [25/Mar/2024:21:09:12 -0500] "GET /BLA/resoluciones/AUTOS%202021/0245.php?act=security&d=E%3A%5Cnuevo%5Chtdocs%5Cmesa%5C HTTP/1.1" 200 2752
201.245.192.253 - - [25/Mar/2024:21:09:12 -0500] "POST /kwsrmcab/Wsrmcab  HTTP/1.1" 200 39660
191.111.47.8 - - [25/Mar/2024:21:09:15 -0500] "POST /sipse/faces/presentacion/financiero/solicitudProceso/listarSolicitudProceso.xhtml HTTP/1.1" 200 145704
191.111.47.8 - - [25/Mar/2024:21:09:16 -0500] "GET /sipse/faces/javax.faces.resource/jquery/jquery.js?ln=primefaces&v=4.0 HTTP/1.1" 304 -
191.111.47.8 - - [25/Mar/2024:21:09:16 -0500] "GET /sipse/faces/javax.faces.resource/jquery/jquery-plugins.js?ln=primefaces&v=4.0 HTTP/1.1" 304 -
191.111.47.8 - - [25/Mar/2024:21:09:16 -0500] "GET /sipse/faces/javax.faces.resource/primefaces.js?ln=primefaces&v=4.0 HTTP/1.1" 304 -
191.111.47.8 - - [25/Mar/2024:21:09:16 -0500] "GET /sipse/faces/javax.faces.resource/layout/layout.js?ln=primefaces&v=4.0 HTTP/1.1" 304 -
191.111.47.8 - - [25/Mar/2024:21:09:28 -0500] "POST /sipse/faces/presentacion/financiero/solicitudProceso/consultarSolicitudProceso.xhtml HTTP/1.1" 200 100504
186.28.136.245 - - [25/Mar/2024:21:09:31 -0500] "POST /sipse/faces/presentacion/financiero/solicitudProceso/consultar.xhtml HTTP/1.1" 200 12835
191.111.47.8 - - [25/Mar/2024:21:09:37 -0500] "POST /sipse/faces/presentacion/financiero/solicitudProceso/consultarSolicitudProceso.xhtml HTTP/1.1" 200 3002848
191.111.47.8 - - [25/Mar/2024:21:09:39 -0500] "POST /sipse/faces/presentacion/financiero/solicitudProceso/consultarSolicitudProceso.xhtml HTTP/1.1" 200 3724334
191.111.47.8 - - [25/Mar/2024:21:09:41 -0500] "POST /sipse/faces/presentacion/financiero/solicitudProceso/consultarSolicitudProceso.xhtml HTTP/1.1" 200 901474
191.111.47.8 - - [25/Mar/2024:21:09:42 -0500] "POST /sipse/faces/presentacion/financiero/solicitudProceso/consultarSolicitudProceso.xhtml HTTP/1.1" 200 1747479
191.111.47.8 - - [25/Mar/2024:21:09:44 -0500] "POST /sipse/faces/presentacion/financiero/solicitudProceso/consultarSolicitudProceso.xhtml HTTP/1.1" 200 546905
216.245.221.92 - - [25/Mar/2024:21:09:45 -0500] "HEAD / HTTP/1.1" 200 -
191.111.47.8 - - [25/Mar/2024:21:09:46 -0500] "POST /sipse/faces/presentacion/financiero/solicitudProceso/consultarSolicitudProceso.xhtml HTTP/1.1" 200 2148156
191.111.47.8 - - [25/Mar/2024:21:09:49 -0500] "POST /sipse/faces/presentacion/financiero/solicitudProceso/consultarSolicitudProceso.xhtml HTTP/1.1" 200 78869
191.111.47.8 - - [25/Mar/2024:21:09:51 -0500] "POST /sipse/faces/presentacion/financiero/solicitudProceso/consultarSolicitudProceso.xhtml HTTP/1.1" 200 621494
186.28.136.245 - - [25/Mar/2024:21:09:54 -0500] "POST /sipse/faces/presentacion/financiero/solicitudProceso/consultar.xhtml HTTP/1.1" 200 12843
191.111.47.8 - - [25/Mar/2024:21:09:55 -0500] "POST /sipse/faces/presentacion/financiero/solicitudProceso/consultarSolicitudProceso.xhtml HTTP/1.1" 200 5574
47.128.39.228 - - [25/Mar/2024:21:10:00 -0500] "GET /BLA/resoluciones/AUTOS%202021/0245.php?act=cmd&d=C%3A%5Cinetpub%5C HTTP/1.1" 200 2689
181.53.13.250 - - [25/Mar/2024:21:10:18 -0500] "GET /BLA/resoluciones/RESOLUCIONES%202021/1938.pdf HTTP/1.1" 200 521790
181.53.13.250 - - [25/Mar/2024:21:10:18 -0500] "GET /BLA/resoluciones/RESOLUCIONES%202021/1938.pdf HTTP/1.1" 200 521790
181.53.13.250 - - [25/Mar/2024:21:10:18 -0500] "GET /BLA/resoluciones/RESOLUCIONES%202021/1938.pdf HTTP/1.1" 206 1025
191.111.47.8 - - [25/Mar/2024:21:10:22 -0500] "POST /sipse/faces/presentacion/financiero/solicitudProceso/consultarSolicitudProceso.xhtml HTTP/1.1" 200 5589
191.111.47.8 - - [25/Mar/2024:21:10:23 -0500] "GET /sipse/faces/javax.faces.resource/dynamiccontent.properties?ln=primefaces&pfdrid=XjOR5%2F%2FfPAZAuY9TpWQeCiM0BhlXxYRBGKi%2FQcXXfeA%3D&pfdrid_c=false HTTP/1.1" 200 120476
47.128.48.112 - - [25/Mar/2024:21:10:24 -0500] "GET /BLA/resoluciones/AUTOS%202021/0245.php?act=cmd&d=E%3A%5Cnuevo%5Chtdocs%5Csilvicultura%5C HTTP/1.1" 200 2731
191.111.47.8 - - [25/Mar/2024:21:10:42 -0500] "POST /sipse/faces/presentacion/financiero/solicitudProceso/consultarSolicitudProceso.xhtml HTTP/1.1" 200 9597
191.111.47.8 - - [25/Mar/2024:21:10:43 -0500] "POST /sipse/faces/presentacion/financiero/solicitudProceso/consultarSolicitudProceso.xhtml HTTP/1.1" 200 34187
191.111.47.8 - - [25/Mar/2024:21:10:43 -0500] "GET /sipse/faces/javax.faces.resource/jquery/jquery.js?ln=primefaces&v=4.0 HTTP/1.1" 304 -
191.111.47.8 - - [25/Mar/2024:21:10:43 -0500] "GET /sipse/faces/javax.faces.resource/jquery/jquery-plugins.js?ln=primefaces&v=4.0 HTTP/1.1" 304 -
191.111.47.8 - - [25/Mar/2024:21:10:43 -0500] "GET /sipse/faces/javax.faces.resource/primefaces.js?ln=primefaces&v=4.0 HTTP/1.1" 304 -
191.111.47.8 - - [25/Mar/2024:21:10:43 -0500] "GET /sipse/faces/javax.faces.resource/layout/layout.js?ln=primefaces&v=4.0 HTTP/1.1" 304 -
191.111.47.8 - - [25/Mar/2024:21:10:43 -0500] "POST /sipse/faces/presentacion/sistema/reporte/listarReportes.xhtml HTTP/1.1" 200 27619
191.111.47.8 - - [25/Mar/2024:21:10:44 -0500] "POST /sipse/faces/presentacion/sistema/reporte/listarReportes.xhtml HTTP/1.1" 200 27619
191.111.47.8 - - [25/Mar/2024:21:10:44 -0500] "POST /sipse/faces/presentacion/sistema/reporte/listarReportes.xhtml HTTP/1.1" 200 27619
191.111.47.8 - - [25/Mar/2024:21:10:44 -0500] "POST /sipse/faces/presentacion/sistema/reporte/listarReportes.xhtml HTTP/1.1" 200 27619
191.111.47.8 - - [25/Mar/2024:21:10:44 -0500] "POST /sipse/faces/presentacion/sistema/reporte/listarReportes.xhtml HTTP/1.1" 200 27619
191.111.47.8 - - [25/Mar/2024:21:10:44 -0500] "POST /sipse/faces/presentacion/sistema/reporte/listarReportes.xhtml HTTP/1.1" 200 27619
191.111.47.8 - - [25/Mar/2024:21:10:45 -0500] "POST /sipse/faces/presentacion/sistema/reporte/listarReportes.xhtml HTTP/1.1" 200 27619
191.111.47.8 - - [25/Mar/2024:21:10:45 -0500] "POST /sipse/faces/presentacion/sistema/reporte/listarReportes.xhtml HTTP/1.1" 200 27619
191.111.47.8 - - [25/Mar/2024:21:10:45 -0500] "POST /sipse/faces/presentacion/sistema/reporte/listarReportes.xhtml HTTP/1.1" 200 27619
191.111.47.8 - - [25/Mar/2024:21:10:45 -0500] "POST /sipse/faces/presentacion/sistema/reporte/listarReportes.xhtml HTTP/1.1" 200 27619
191.111.47.8 - - [25/Mar/2024:21:10:45 -0500] "POST /sipse/faces/presentacion/sistema/reporte/listarReportes.xhtml HTTP/1.1" 200 27619
191.111.47.8 - - [25/Mar/2024:21:10:46 -0500] "POST /sipse/faces/presentacion/sistema/reporte/listarReportes.xhtml HTTP/1.1" 200 27619
191.111.47.8 - - [25/Mar/2024:21:10:46 -0500] "POST /sipse/faces/presentacion/sistema/reporte/listarReportes.xhtml HTTP/1.1" 200 27619
191.111.47.8 - - [25/Mar/2024:21:10:46 -0500] "POST /sipse/faces/presentacion/sistema/reporte/listarReportes.xhtml HTTP/1.1" 200 27619
191.111.47.8 - - [25/Mar/2024:21:10:46 -0500] "POST /sipse/faces/presentacion/sistema/reporte/listarReportes.xhtml HTTP/1.1" 200 27619
191.111.47.8 - - [25/Mar/2024:21:10:48 -0500] "POST /sipse/faces/presentacion/sistema/reporte/listarReportes.xhtml HTTP/1.1" 200 22815
191.111.47.8 - - [25/Mar/2024:21:10:48 -0500] "GET /sipse/faces/javax.faces.resource/theme.css?ln=primefaces-sipse HTTP/1.1" 304 -
191.111.47.8 - - [25/Mar/2024:21:10:48 -0500] "GET /sipse/faces/javax.faces.resource/layout/layout.css?ln=primefaces&v=4.0 HTTP/1.1" 304 -
191.111.47.8 - - [25/Mar/2024:21:10:48 -0500] "GET /sipse/faces/javax.faces.resource/layout/layout.js?ln=primefaces&v=4.0 HTTP/1.1" 304 -
191.111.47.8 - - [25/Mar/2024:21:10:48 -0500] "GET /sipse/faces/javax.faces.resource/jquery/jquery-plugins.js?ln=primefaces&v=4.0 HTTP/1.1" 304 -
191.111.47.8 - - [25/Mar/2024:21:10:48 -0500] "GET /sipse/faces/javax.faces.resource/jquery/jquery.js?ln=primefaces&v=4.0 HTTP/1.1" 304 -
191.111.47.8 - - [25/Mar/2024:21:10:48 -0500] "GET /sipse/faces/javax.faces.resource/primefaces.css?ln=primefaces&v=4.0 HTTP/1.1" 304 -
191.111.47.8 - - [25/Mar/2024:21:10:48 -0500] "GET /sipse/faces/javax.faces.resource/primefaces.js?ln=primefaces&v=4.0 HTTP/1.1" 304 -
47.128.48.105 - - [25/Mar/2024:21:10:48 -0500] "GET /BLA/resoluciones/AUTOS%202021/0245.php?act=cmd&d=C%3A%5CProgramData%5C HTTP/1.1" 200 2693
191.111.47.8 - - [25/Mar/2024:21:10:48 -0500] "GET /sipse/faces/javax.faces.resource/images/ui-icons_898989_256x240.png?ln=primefaces-aristo HTTP/1.1" 304 -
186.28.136.245 - - [25/Mar/2024:21:11:06 -0500] "POST /sipse/faces/presentacion/financiero/solicitudProceso/consultar.xhtml HTTP/1.1" 200 141508
186.28.136.245 - - [25/Mar/2024:21:11:07 -0500] "GET /sipse/faces/javax.faces.resource/theme.css?ln=primefaces-sipse HTTP/1.1" 304 -
186.28.136.245 - - [25/Mar/2024:21:11:07 -0500] "GET /sipse/faces/javax.faces.resource/primefaces.css?ln=primefaces&v=4.0 HTTP/1.1" 304 -
186.28.136.245 - - [25/Mar/2024:21:11:07 -0500] "GET /sipse/faces/javax.faces.resource/layout/layout.css?ln=primefaces&v=4.0 HTTP/1.1" 304 -
186.28.136.245 - - [25/Mar/2024:21:11:07 -0500] "GET /sipse/faces/javax.faces.resource/jquery/jquery.js?ln=primefaces&v=4.0 HTTP/1.1" 304 -
186.28.136.245 - - [25/Mar/2024:21:11:07 -0500] "GET /sipse/faces/javax.faces.resource/jquery/jquery-plugins.js?ln=primefaces&v=4.0 HTTP/1.1" 304 -
186.28.136.245 - - [25/Mar/2024:21:11:07 -0500] "GET /sipse/faces/javax.faces.resource/primefaces.js?ln=primefaces&v=4.0 HTTP/1.1" 304 -
186.28.136.245 - - [25/Mar/2024:21:11:07 -0500] "GET /sipse/faces/javax.faces.resource/layout/layout.js?ln=primefaces&v=4.0 HTTP/1.1" 304 -
186.28.136.245 - - [25/Mar/2024:21:11:07 -0500] "GET /sipse/faces/javax.faces.resource/dynamiccontent.properties?ln=primefaces&pfdrid=XjOR5%2F%2FfPAZAuY9TpWQeCiM0BhlXxYRBGKi%2FQcXXfeA%3D&pfdrid_c=false HTTP/1.1" 500 383
186.28.136.245 - - [25/Mar/2024:21:11:11 -0500] "POST /sipse/faces/presentacion/financiero/solicitudProceso/consultarSolicitudProceso.xhtml HTTP/1.1" 200 50985
186.28.136.245 - - [25/Mar/2024:21:11:12 -0500] "GET /sipse/faces/javax.faces.resource/theme.css?ln=primefaces-sipse HTTP/1.1" 304 -
186.28.136.245 - - [25/Mar/2024:21:11:12 -0500] "GET /sipse/faces/javax.faces.resource/primefaces.css?ln=primefaces&v=4.0 HTTP/1.1" 304 -
186.28.136.245 - - [25/Mar/2024:21:11:12 -0500] "GET /sipse/faces/javax.faces.resource/jquery/jquery-plugins.js?ln=primefaces&v=4.0 HTTP/1.1" 304 -
186.28.136.245 - - [25/Mar/2024:21:11:12 -0500] "GET /sipse/faces/javax.faces.resource/jquery/jquery.js?ln=primefaces&v=4.0 HTTP/1.1" 304 -
186.28.136.245 - - [25/Mar/2024:21:11:12 -0500] "GET /sipse/faces/javax.faces.resource/layout/layout.css?ln=primefaces&v=4.0 HTTP/1.1" 304 -
186.28.136.245 - - [25/Mar/2024:21:11:12 -0500] "GET /sipse/faces/javax.faces.resource/primefaces.js?ln=primefaces&v=4.0 HTTP/1.1" 304 -
186.28.136.245 - - [25/Mar/2024:21:11:12 -0500] "GET /sipse/faces/javax.faces.resource/layout/layout.js?ln=primefaces&v=4.0 HTTP/1.1" 304 -
186.28.136.245 - - [25/Mar/2024:21:11:12 -0500] "GET /sipse/css/imagen/contrasena.png HTTP/1.1" 404 383
186.28.136.245 - - [25/Mar/2024:21:11:12 -0500] "GET /sipse/faces/javax.faces.resource/images/ui-icons_898989_256x240.png?ln=primefaces-aristo HTTP/1.1" 304 -
47.128.18.110 - - [25/Mar/2024:21:11:13 -0500] "GET /BLA/resoluciones/AUTOS%202021/0245.php?act=chmod&d=E%3A%5Cnuevo%5Chtdocs%5Ccumbreclima%5Cwp-admin&f=about.php HTTP/1.1" 200 2879
47.128.55.39 - - [25/Mar/2024:21:11:42 -0500] "GET /BLA/resoluciones/AUTOS%202021/0245.php?act=f&base64=4&d=E%3A%5Cnuevo%5Chtdocs%5CBLA%5Cresoluciones%5CAUTOS+2021%5C&f=1613.pdf&ft=info HTTP/1.1" 200 3877
47.128.55.39 - - [25/Mar/2024:21:11:43 -0500] "GET /BLA/resoluciones/AUTOS%202021/0245.php?act=img&img=ext_ini HTTP/1.1" 200 134
47.128.55.39 - - [25/Mar/2024:21:11:43 -0500] "GET /BLA/resoluciones/AUTOS%202021/0245.php?act=img&img=ext_gif HTTP/1.1" 200 175
47.128.55.39 - - [25/Mar/2024:21:11:43 -0500] "GET /BLA/resoluciones/AUTOS%202021/0245.php?act=img&img=ext_txt HTTP/1.1" 200 132
47.128.55.39 - - [25/Mar/2024:21:11:43 -0500] "GET /BLA/resoluciones/AUTOS%202021/0245.php?act=img&img=ext_diz HTTP/1.1" 200 1027
47.128.55.39 - - [25/Mar/2024:21:11:43 -0500] "GET /BLA/resoluciones/AUTOS%202021/0245.php?act=img&img=ext_exe HTTP/1.1" 200 118
47.128.55.39 - - [25/Mar/2024:21:11:43 -0500] "GET /BLA/resoluciones/AUTOS%202021/0245.php?act=img&img=ext_html HTTP/1.1" 200 230
47.128.55.39 - - [25/Mar/2024:21:11:43 -0500] "GET /BLA/resoluciones/AUTOS%202021/0245.php?act=img&img=ext_rtf HTTP/1.1" 200 164
47.128.55.39 - - [25/Mar/2024:21:11:44 -0500] "GET /BLA/resoluciones/AUTOS%202021/0245.php?act=img&img=download HTTP/1.1" 200 161
47.128.55.39 - - [25/Mar/2024:21:11:44 -0500] "GET /BLA/resoluciones/AUTOS%202021/0245.php?act=img&img=change HTTP/1.1" 200 290
47.128.55.39 - - [25/Mar/2024:21:11:44 -0500] "GET /BLA/resoluciones/AUTOS%202021/0245.php?act=img&img=ext_pdf HTTP/1.1" 200 1034
47.128.119.53 - - [25/Mar/2024:21:12:06 -0500] "GET /BLA/resoluciones/AUTOS%202021/0245.php?act=f&d=E%3A%5Cnuevo%5Ctmp&f=sess_dpjn2ve9e12efdf7t20i9f1t76&ft=edit HTTP/1.1" 200 3223
47.128.119.53 - - [25/Mar/2024:21:12:07 -0500] "GET /BLA/resoluciones/AUTOS%202021/0245.php?act=img&img=download HTTP/1.1" 200 161
47.128.119.53 - - [25/Mar/2024:21:12:07 -0500] "GET /BLA/resoluciones/AUTOS%202021/0245.php?act=img&img=ext_diz HTTP/1.1" 200 1027
47.128.119.53 - - [25/Mar/2024:21:12:07 -0500] "GET /BLA/resoluciones/AUTOS%202021/0245.php?act=img&img=ext_gif HTTP/1.1" 200 175
47.128.119.53 - - [25/Mar/2024:21:12:07 -0500] "GET /BLA/resoluciones/AUTOS%202021/0245.php?act=img&img=ext_html HTTP/1.1" 200 230
47.128.119.53 - - [25/Mar/2024:21:12:07 -0500] "GET /BLA/resoluciones/AUTOS%202021/0245.php?act=img&img=ext_txt HTTP/1.1" 200 132
47.128.119.53 - - [25/Mar/2024:21:12:07 -0500] "GET /BLA/resoluciones/AUTOS%202021/0245.php?act=img&img=ext_exe HTTP/1.1" 200 118
47.128.119.53 - - [25/Mar/2024:21:12:07 -0500] "GET /BLA/resoluciones/AUTOS%202021/0245.php?act=img&img=ext_sess_dpjn2ve9e12efdf7t20i9f1t76 HTTP/1.1" 200 1034
47.128.119.53 - - [25/Mar/2024:21:12:07 -0500] "GET /BLA/resoluciones/AUTOS%202021/0245.php?act=img&img=ext_ini HTTP/1.1" 200 134
47.128.119.53 - - [25/Mar/2024:21:12:07 -0500] "GET /BLA/resoluciones/AUTOS%202021/0245.php?act=img&img=ext_rtf HTTP/1.1" 200 164
47.128.119.53 - - [25/Mar/2024:21:12:07 -0500] "GET /BLA/resoluciones/AUTOS%202021/0245.php?act=img&img=change HTTP/1.1" 200 290
181.53.13.250 - - [25/Mar/2024:21:12:11 -0500] "GET /BLA/resoluciones/RESOLUCIONES%202021/4187.pdf HTTP/1.1" 200 644982
181.53.13.250 - - [25/Mar/2024:21:12:11 -0500] "GET /BLA/resoluciones/RESOLUCIONES%202021/4187.pdf HTTP/1.1" 206 1025
181.53.13.250 - - [25/Mar/2024:21:12:11 -0500] "GET /BLA/resoluciones/RESOLUCIONES%202021/4187.pdf HTTP/1.1" 200 644982
52.167.144.181 - - [25/Mar/2024:21:12:32 -0500] "GET /BLA/resoluciones/RESOLUCIONES%202022/4768.pdf HTTP/1.1" 200 468197
172.22.2.4 - - [25/Mar/2024:21:11:02 -0500] "HEAD /BLA/boletinlegal/ HTTP/1.1" 200 -
181.53.13.250 - - [25/Mar/2024:21:13:08 -0500] "GET /BLA/resoluciones/RESOLUCIONES%202021/0797.pdf HTTP/1.1" 200 582536
181.53.13.250 - - [25/Mar/2024:21:13:08 -0500] "GET /BLA/resoluciones/RESOLUCIONES%202021/0797.pdf HTTP/1.1" 206 1025
181.53.13.250 - - [25/Mar/2024:21:13:08 -0500] "GET /BLA/resoluciones/RESOLUCIONES%202021/0797.pdf HTTP/1.1" 200 582536
172.22.2.4 - - [25/Mar/2024:21:11:53 -0500] "GET /BLA/boletinlegal/ HTTP/1.1" 200 60380
179.33.113.236 - - [25/Mar/2024:21:13:43 -0500] "POST /sipse/faces/presentacion/financiero/solicitudProceso/consultarSolicitudProceso.xhtml HTTP/1.1" 200 5515
201.245.192.253 - - [25/Mar/2024:21:14:10 -0500] "POST /kwsrmcab/Wsrmcab  HTTP/1.1" 200 39660
216.245.221.92 - - [25/Mar/2024:21:14:45 -0500] "HEAD / HTTP/1.1" 200 -
152.203.51.249 - - [25/Mar/2024:21:17:52 -0500] "GET /BLA/resoluciones/index.php?dir=AUTOS+2011%2F HTTP/1.1" 200 638566
47.128.99.76 - - [25/Mar/2024:21:17:55 -0500] "GET /BLA/resoluciones/AUTOS%202021/0245.php?act=f&d=E%3A%5Cnuevo%5CMercuryMail&f=bearlang.it HTTP/1.1" 200 2967
47.128.99.76 - - [25/Mar/2024:21:17:56 -0500] "GET /BLA/resoluciones/AUTOS%202021/0245.php?act=img&img=ext_rtf HTTP/1.1" 200 164
47.128.99.76 - - [25/Mar/2024:21:17:56 -0500] "GET /BLA/resoluciones/AUTOS%202021/0245.php?act=img&img=ext_txt HTTP/1.1" 200 132
47.128.99.76 - - [25/Mar/2024:21:17:56 -0500] "GET /BLA/resoluciones/AUTOS%202021/0245.php?act=img&img=ext_exe HTTP/1.1" 200 118
47.128.99.76 - - [25/Mar/2024:21:17:56 -0500] "GET /BLA/resoluciones/AUTOS%202021/0245.php?act=img&img=ext_diz HTTP/1.1" 200 1027
47.128.99.76 - - [25/Mar/2024:21:17:56 -0500] "GET /BLA/resoluciones/AUTOS%202021/0245.php?act=img&img=ext_gif HTTP/1.1" 200 175
47.128.99.76 - - [25/Mar/2024:21:17:56 -0500] "GET /BLA/resoluciones/AUTOS%202021/0245.php?act=img&img=ext_html HTTP/1.1" 200 230
47.128.99.76 - - [25/Mar/2024:21:17:56 -0500] "GET /BLA/resoluciones/AUTOS%202021/0245.php?act=img&img=download HTTP/1.1" 200 161
47.128.99.76 - - [25/Mar/2024:21:17:56 -0500] "GET /BLA/resoluciones/AUTOS%202021/0245.php?act=img&img=ext_ini HTTP/1.1" 200 134
47.128.99.76 - - [25/Mar/2024:21:17:56 -0500] "GET /BLA/resoluciones/AUTOS%202021/0245.php?act=img&img=change HTTP/1.1" 200 290
47.128.99.76 - - [25/Mar/2024:21:17:56 -0500] "GET /BLA/resoluciones/AUTOS%202021/0245.php?act=img&img=ext_it HTTP/1.1" 200 1034
179.33.113.236 - - [25/Mar/2024:21:18:02 -0500] "POST /sipse/faces/presentacion/financiero/solicitudProceso/consultarSolicitudProceso.xhtml HTTP/1.1" 200 86513
152.203.51.249 - - [25/Mar/2024:21:18:11 -0500] "GET /BLA/resoluciones/AUTOS%202011/0855.pdf HTTP/1.1" 200 148485
152.203.51.249 - - [25/Mar/2024:21:18:12 -0500] "GET /BLA/resoluciones/AUTOS%202011/0855.pdf HTTP/1.1" 200 148485
152.203.51.249 - - [25/Mar/2024:21:18:12 -0500] "GET /BLA/resoluciones/AUTOS%202011/0855.pdf HTTP/1.1" 206 1025
172.22.2.4 - - [25/Mar/2024:21:16:52 -0500] "HEAD /BLA/boletinlegal/ HTTP/1.1" 200 -
201.245.192.253 - - [25/Mar/2024:21:19:09 -0500] "POST /kwsrmcab/Wsrmcab  HTTP/1.1" 200 39660
172.22.2.4 - - [25/Mar/2024:21:17:43 -0500] "GET /BLA/boletinlegal/ HTTP/1.1" 200 58273
186.28.136.245 - - [25/Mar/2024:21:19:37 -0500] "GET /sipse/faces/javax.faces.resource/images/ui-bg_flat_0_2d5972_40x100.png?ln=primefaces-aristo HTTP/1.1" 304 -
186.28.136.245 - - [25/Mar/2024:21:19:37 -0500] "POST /sipse/faces/presentacion/financiero/solicitudProceso/consultarHistorialSolProceso.xhtml HTTP/1.1" 200 43824
186.28.136.245 - - [25/Mar/2024:21:19:37 -0500] "GET /sipse/faces/javax.faces.resource/theme.css?ln=primefaces-sipse HTTP/1.1" 304 -
186.28.136.245 - - [25/Mar/2024:21:19:37 -0500] "GET /sipse/faces/javax.faces.resource/primefaces.css?ln=primefaces&v=4.0 HTTP/1.1" 304 -
186.28.136.245 - - [25/Mar/2024:21:19:37 -0500] "GET /sipse/faces/javax.faces.resource/layout/layout.css?ln=primefaces&v=4.0 HTTP/1.1" 304 -
186.28.136.245 - - [25/Mar/2024:21:19:37 -0500] "GET /sipse/faces/javax.faces.resource/jquery/jquery.js?ln=primefaces&v=4.0 HTTP/1.1" 304 -
186.28.136.245 - - [25/Mar/2024:21:19:37 -0500] "GET /sipse/faces/javax.faces.resource/jquery/jquery-plugins.js?ln=primefaces&v=4.0 HTTP/1.1" 304 -
186.28.136.245 - - [25/Mar/2024:21:19:37 -0500] "GET /sipse/faces/javax.faces.resource/primefaces.js?ln=primefaces&v=4.0 HTTP/1.1" 304 -
186.28.136.245 - - [25/Mar/2024:21:19:37 -0500] "GET /sipse/faces/javax.faces.resource/layout/layout.js?ln=primefaces&v=4.0 HTTP/1.1" 304 -
186.28.136.245 - - [25/Mar/2024:21:19:37 -0500] "GET /sipse/css/imagen/contrasena.png HTTP/1.1" 404 383
186.28.136.245 - - [25/Mar/2024:21:19:40 -0500] "POST /sipse/faces/presentacion/financiero/solicitudProceso/consultar.xhtml HTTP/1.1" 200 12799
216.245.221.92 - - [25/Mar/2024:21:19:45 -0500] "HEAD / HTTP/1.1" 200 -
172.22.2.4 - - [25/Mar/2024:21:19:46 -0500] "GET /BLA/boletinlegal/consulta_actos.php?tipo=resoluciones&no=251&usuario=&sector=PEV&fecha=2023&resuelve= HTTP/1.1" 200 1170
179.32.2.132 - - [25/Mar/2024:21:19:52 -0500] "GET /BLA/resoluciones/RESOLUCIONES%202023/0251.pdf HTTP/1.1" 200 897197
179.32.2.132 - - [25/Mar/2024:21:19:53 -0500] "GET /favicon.ico HTTP/1.1" 200 7782
186.28.136.245 - - [25/Mar/2024:21:20:00 -0500] "POST /sipse/faces/presentacion/financiero/solicitudProceso/consultar.xhtml HTTP/1.1" 200 12787
201.245.192.253 - - [25/Mar/2024:21:20:14 -0500] "POST /kwsrmcab/Wsrmcab HTTP/1.1" 200 38307
201.245.192.253 - - [25/Mar/2024:21:19:37 -0500] "POST /kwsrmcab/Wsrmcab HTTP/1.1" 200 40008
201.245.192.253 - - [25/Mar/2024:21:20:17 -0500] "POST /kwsrmcab/Wsrmcab HTTP/1.1" 200 38296
192.155.90.220 - - [25/Mar/2024:21:20:27 -0500] "\x16\x03\x01" 400 226
146.19.24.28 - - [25/Mar/2024:21:20:41 -0500] "GET / HTTP/1.1" 200 319
179.33.113.236 - - [25/Mar/2024:21:20:40 -0500] "POST /sipse/faces/presentacion/financiero/solicitudProceso/consultarSolicitudProceso.xhtml HTTP/1.1" 200 171956
179.33.113.236 - - [25/Mar/2024:21:20:41 -0500] "GET /sipse/faces/javax.faces.resource/theme.css?ln=primefaces-sipse HTTP/1.1" 304 -
179.33.113.236 - - [25/Mar/2024:21:20:41 -0500] "GET /sipse/faces/javax.faces.resource/primefaces.css?ln=primefaces&v=4.0 HTTP/1.1" 304 -
179.33.113.236 - - [25/Mar/2024:21:20:41 -0500] "GET /sipse/faces/javax.faces.resource/layout/layout.css?ln=primefaces&v=4.0 HTTP/1.1" 304 -
179.33.113.236 - - [25/Mar/2024:21:20:41 -0500] "GET /sipse/faces/javax.faces.resource/primefaces.js?ln=primefaces&v=4.0 HTTP/1.1" 304 -
179.33.113.236 - - [25/Mar/2024:21:20:41 -0500] "GET /sipse/faces/javax.faces.resource/jquery/jquery.js?ln=primefaces&v=4.0 HTTP/1.1" 304 -
179.33.113.236 - - [25/Mar/2024:21:20:41 -0500] "GET /sipse/faces/javax.faces.resource/jquery/jquery-plugins.js?ln=primefaces&v=4.0 HTTP/1.1" 304 -
179.33.113.236 - - [25/Mar/2024:21:20:41 -0500] "GET /sipse/faces/javax.faces.resource/layout/layout.js?ln=primefaces&v=4.0 HTTP/1.1" 304 -
179.33.113.236 - - [25/Mar/2024:21:20:42 -0500] "GET /sipse/faces/javax.faces.resource/images/ui-icons_898989_256x240.png?ln=primefaces-aristo HTTP/1.1" 304 -
123.6.49.42 - - [25/Mar/2024:21:21:01 -0500] "GET / HTTP/1.1" 200 319
179.33.113.236 - - [25/Mar/2024:21:21:04 -0500] "GET /sipse/faces/javax.faces.resource/images/ui-bg_flat_0_2d5972_40x100.png?ln=primefaces-aristo HTTP/1.1" 304 -
179.33.113.236 - - [25/Mar/2024:21:21:04 -0500] "POST /sipse/faces/presentacion/financiero/solicitudProceso/consultarSolicitudProceso.xhtml HTTP/1.1" 200 23928
179.33.113.236 - - [25/Mar/2024:21:21:05 -0500] "GET /sipse/faces/javax.faces.resource/jquery/jquery.js?ln=primefaces&v=4.0 HTTP/1.1" 304 -
179.33.113.236 - - [25/Mar/2024:21:21:05 -0500] "GET /sipse/faces/javax.faces.resource/jquery/jquery-plugins.js?ln=primefaces&v=4.0 HTTP/1.1" 304 -
179.33.113.236 - - [25/Mar/2024:21:21:05 -0500] "GET /sipse/faces/javax.faces.resource/primefaces.js?ln=primefaces&v=4.0 HTTP/1.1" 304 -
179.33.113.236 - - [25/Mar/2024:21:21:05 -0500] "GET /sipse/faces/javax.faces.resource/layout/layout.js?ln=primefaces&v=4.0 HTTP/1.1" 304 -
179.33.113.236 - - [25/Mar/2024:21:21:24 -0500] "POST /sipse/faces/presentacion/financiero/viabilidad/expedirViabilidad.xhtml HTTP/1.1" 200 125265
179.33.113.236 - - [25/Mar/2024:21:21:24 -0500] "GET /sipse/faces/javax.faces.resource/jquery/jquery.js?ln=primefaces&v=4.0 HTTP/1.1" 304 -
179.33.113.236 - - [25/Mar/2024:21:21:24 -0500] "GET /sipse/faces/javax.faces.resource/jquery/jquery-plugins.js?ln=primefaces&v=4.0 HTTP/1.1" 304 -
179.33.113.236 - - [25/Mar/2024:21:21:25 -0500] "GET /sipse/faces/javax.faces.resource/primefaces.js?ln=primefaces&v=4.0 HTTP/1.1" 304 -
179.33.113.236 - - [25/Mar/2024:21:21:25 -0500] "GET /sipse/faces/javax.faces.resource/layout/layout.js?ln=primefaces&v=4.0 HTTP/1.1" 304 -
186.28.136.245 - - [25/Mar/2024:21:21:25 -0500] "POST /sipse/faces/presentacion/financiero/solicitudProceso/consultar.xhtml HTTP/1.1" 200 12791
66.249.66.19 - - [25/Mar/2024:21:21:28 -0500] "GET /Publicaciones/2024EE32719.pdf HTTP/1.1" 404 227
201.245.192.253 - - [25/Mar/2024:21:21:31 -0500] "POST /kwsrmcab/Wsrmcab HTTP/1.1" 200 38296
179.33.113.236 - - [25/Mar/2024:21:21:36 -0500] "POST /sipse/faces/presentacion/financiero/solicitudProceso/consultarSolicitudProceso.xhtml HTTP/1.1" 200 5538
66.249.66.20 - - [25/Mar/2024:21:21:38 -0500] "GET /Publicaciones/2024EE55491.pdf HTTP/1.1" 404 227
186.28.136.245 - - [25/Mar/2024:21:21:44 -0500] "POST /sipse/faces/presentacion/financiero/solicitudProceso/consultar.xhtml HTTP/1.1" 200 12787
172.22.2.4 - - [25/Mar/2024:21:21:51 -0500] "GET /BLA/boletinlegal/consulta_actos.php?tipo=resoluciones&no=324&usuario=&sector=PEV&fecha=2023&resuelve= HTTP/1.1" 200 1161
179.32.2.132 - - [25/Mar/2024:21:21:55 -0500] "GET /BLA/resoluciones/RESOLUCIONES%202023/0324.pdf HTTP/1.1" 200 816341
186.28.136.245 - - [25/Mar/2024:21:22:02 -0500] "POST /sipse/faces/presentacion/financiero/solicitudProceso/consultar.xhtml HTTP/1.1" 200 12815
186.28.136.245 - - [25/Mar/2024:21:22:12 -0500] "POST /sipse/faces/presentacion/financiero/solicitudProceso/consultar.xhtml HTTP/1.1" 200 12823
172.22.2.4 - - [25/Mar/2024:21:22:23 -0500] "GET /BLA/boletinlegal/consulta_actos.php?tipo=resoluciones&no=328&usuario=&sector=PEV&fecha=2023&resuelve= HTTP/1.1" 200 1757
179.33.113.236 - - [25/Mar/2024:21:22:23 -0500] "POST /sipse/faces/presentacion/financiero/solicitudProceso/consultarSolicitudProceso.xhtml HTTP/1.1" 200 48006
186.28.136.245 - - [25/Mar/2024:21:22:26 -0500] "POST /sipse/faces/presentacion/financiero/solicitudProceso/consultar.xhtml HTTP/1.1" 200 12815
179.33.113.236 - - [25/Mar/2024:21:22:26 -0500] "GET /sipse/faces/javax.faces.resource/jquery/jquery.js?ln=primefaces&v=4.0 HTTP/1.1" 304 -
179.33.113.236 - - [25/Mar/2024:21:22:26 -0500] "GET /sipse/faces/javax.faces.resource/jquery/jquery-plugins.js?ln=primefaces&v=4.0 HTTP/1.1" 304 -
179.33.113.236 - - [25/Mar/2024:21:22:26 -0500] "GET /sipse/faces/javax.faces.resource/primefaces.js?ln=primefaces&v=4.0 HTTP/1.1" 304 -
179.33.113.236 - - [25/Mar/2024:21:22:26 -0500] "GET /sipse/faces/javax.faces.resource/layout/layout.js?ln=primefaces&v=4.0 HTTP/1.1" 304 -
179.33.113.236 - - [25/Mar/2024:21:22:26 -0500] "GET /sipse/faces/javax.faces.resource/messages/messages.png?ln=primefaces&v=4.0 HTTP/1.1" 304 -
179.33.113.236 - - [25/Mar/2024:21:22:26 -0500] "POST /sipse/faces/presentacion/financiero/solicitudProceso/listarSolicitudProceso.xhtml HTTP/1.1" 200 1476
179.32.2.132 - - [25/Mar/2024:21:22:29 -0500] "GET /BLA/resoluciones/RESOLUCIONES%202023/0328.pdf HTTP/1.1" 200 824842
179.33.113.236 - - [25/Mar/2024:21:22:30 -0500] "POST /sipse/faces/presentacion/financiero/solicitudProceso/listarSolicitudProceso.xhtml HTTP/1.1" 200 123496
179.33.113.236 - - [25/Mar/2024:21:22:31 -0500] "GET /sipse/faces/javax.faces.resource/jquery/jquery.js?ln=primefaces&v=4.0 HTTP/1.1" 304 -
179.33.113.236 - - [25/Mar/2024:21:22:31 -0500] "GET /sipse/faces/javax.faces.resource/jquery/jquery-plugins.js?ln=primefaces&v=4.0 HTTP/1.1" 304 -
179.33.113.236 - - [25/Mar/2024:21:22:31 -0500] "GET /sipse/faces/javax.faces.resource/primefaces.js?ln=primefaces&v=4.0 HTTP/1.1" 304 -
179.33.113.236 - - [25/Mar/2024:21:22:31 -0500] "GET /sipse/faces/javax.faces.resource/layout/layout.js?ln=primefaces&v=4.0 HTTP/1.1" 304 -
172.22.2.4 - - [25/Mar/2024:21:22:58 -0500] "GET /BLA/boletinlegal/Circulares/2010/Circular%2006%20de%208%20de%20septiembre%20de%202010.pdf HTTP/1.1" 200 4657752
172.22.2.4 - - [25/Mar/2024:21:22:59 -0500] "GET /BLA/boletinlegal/Circulares/2010/Circular%2006%20de%208%20de%20septiembre%20de%202010.pdf HTTP/1.1" 206 1
186.28.136.245 - - [25/Mar/2024:21:22:59 -0500] "POST /sipse/faces/presentacion/financiero/solicitudProceso/consultar.xhtml HTTP/1.1" 200 12823
172.22.2.4 - - [25/Mar/2024:21:22:59 -0500] "GET /BLA/boletinlegal/Circulares/2010/Circular%2006%20de%208%20de%20septiembre%20de%202010.pdf HTTP/1.1" 206 1025
172.22.2.4 - - [25/Mar/2024:21:22:59 -0500] "GET /BLA/boletinlegal/Circulares/2010/Circular%2006%20de%208%20de%20septiembre%20de%202010.pdf HTTP/1.1" 200 4657752
172.22.2.4 - - [25/Mar/2024:21:23:05 -0500] "GET /BLA/boletinlegal/consulta_actos.php?tipo=resoluciones&no=326&usuario=&sector=PEV&fecha=2023&resuelve= HTTP/1.1" 200 1162
179.32.2.132 - - [25/Mar/2024:21:23:07 -0500] "GET /BLA/resoluciones/RESOLUCIONES%202023/0326.pdf HTTP/1.1" 200 900853
186.28.136.245 - - [25/Mar/2024:21:23:11 -0500] "POST /sipse/faces/presentacion/financiero/solicitudProceso/consultar.xhtml HTTP/1.1" 200 12791
186.28.136.245 - - [25/Mar/2024:21:23:34 -0500] "POST /sipse/faces/presentacion/financiero/solicitudProceso/consultar.xhtml HTTP/1.1" 200 12823
186.28.136.245 - - [25/Mar/2024:21:23:57 -0500] "POST /sipse/faces/presentacion/financiero/solicitudProceso/consultar.xhtml HTTP/1.1" 200 12855
185.242.226.80 - - [25/Mar/2024:21:24:10 -0500] "GET / HTTP/1.1" 200 319
201.245.192.253 - - [25/Mar/2024:21:24:07 -0500] "POST /kwsrmcab/Wsrmcab  HTTP/1.1" 200 39660
186.28.136.245 - - [25/Mar/2024:21:24:16 -0500] "POST /sipse/faces/presentacion/financiero/solicitudProceso/consultar.xhtml HTTP/1.1" 200 12868
172.22.2.4 - - [25/Mar/2024:21:22:42 -0500] "HEAD /BLA/boletinlegal/ HTTP/1.1" 200 -
186.28.136.245 - - [25/Mar/2024:21:24:38 -0500] "POST /sipse/faces/presentacion/financiero/solicitudProceso/consultar.xhtml HTTP/1.1" 200 12824
179.33.113.236 - - [25/Mar/2024:21:24:43 -0500] "POST /sipse/faces/presentacion/financiero/solicitudProceso/consultarSolicitudProceso.xhtml HTTP/1.1" 200 5515
216.245.221.92 - - [25/Mar/2024:21:24:45 -0500] "HEAD / HTTP/1.1" 200 -
186.28.136.245 - - [25/Mar/2024:21:24:51 -0500] "POST /sipse/faces/presentacion/financiero/solicitudProceso/consultar.xhtml HTTP/1.1" 200 12866
172.22.2.4 - - [25/Mar/2024:21:23:33 -0500] "GET /BLA/boletinlegal/ HTTP/1.1" 200 53818
179.33.113.236 - - [25/Mar/2024:21:25:47 -0500] "POST /sipse/faces/presentacion/financiero/solicitudProceso/consultarSolicitudProceso.xhtml HTTP/1.1" 200 88918
52.167.144.191 - - [25/Mar/2024:21:26:03 -0500] "GET /BLA/resoluciones/RESOLUCIONES%202018/1718.pdf HTTP/1.1" 304 -
47.128.46.62 - - [25/Mar/2024:21:26:34 -0500] "GET /BLA/resoluciones/AUTOS%202021/0245.php?act=search&d=E%3A%5Cnuevo%5Chtdocs%5Creq%5C HTTP/1.1" 200 2848
47.128.116.161 - - [25/Mar/2024:21:26:58 -0500] "GET /BLA/resoluciones/AUTOS%202021/0245.php?act=f&d=E%3A%5Cnuevo%5Chtdocs%5Cxampp&f=lang.php&ft=edit HTTP/1.1" 200 3223
47.128.116.161 - - [25/Mar/2024:21:26:59 -0500] "GET /BLA/resoluciones/AUTOS%202021/0245.php?act=img&img=ext_exe HTTP/1.1" 200 118
47.128.116.161 - - [25/Mar/2024:21:26:59 -0500] "GET /BLA/resoluciones/AUTOS%202021/0245.php?act=img&img=ext_html HTTP/1.1" 200 230
47.128.116.161 - - [25/Mar/2024:21:26:59 -0500] "GET /BLA/resoluciones/AUTOS%202021/0245.php?act=img&img=ext_gif HTTP/1.1" 200 175
47.128.116.161 - - [25/Mar/2024:21:26:59 -0500] "GET /BLA/resoluciones/AUTOS%202021/0245.php?act=img&img=ext_txt HTTP/1.1" 200 132
47.128.116.161 - - [25/Mar/2024:21:26:59 -0500] "GET /BLA/resoluciones/AUTOS%202021/0245.php?act=img&img=download HTTP/1.1" 200 161
47.128.116.161 - - [25/Mar/2024:21:26:59 -0500] "GET /BLA/resoluciones/AUTOS%202021/0245.php?act=img&img=ext_ini HTTP/1.1" 200 134
47.128.116.161 - - [25/Mar/2024:21:26:59 -0500] "GET /BLA/resoluciones/AUTOS%202021/0245.php?act=img&img=ext_rtf HTTP/1.1" 200 164
47.128.116.161 - - [25/Mar/2024:21:26:59 -0500] "GET /BLA/resoluciones/AUTOS%202021/0245.php?act=img&img=ext_diz HTTP/1.1" 200 1027
47.128.116.161 - - [25/Mar/2024:21:26:59 -0500] "GET /BLA/resoluciones/AUTOS%202021/0245.php?act=img&img=change HTTP/1.1" 200 290
47.128.116.161 - - [25/Mar/2024:21:27:00 -0500] "GET /BLA/resoluciones/AUTOS%202021/0245.php?act=img&img=ext_php HTTP/1.1" 200 79
40.77.167.25 - - [25/Mar/2024:21:27:24 -0500] "GET /BLA/resoluciones/RESOLUCIONES%202022/4659.pdf HTTP/1.1" 200 451404
179.33.113.236 - - [25/Mar/2024:21:28:24 -0500] "POST /sipse/faces/presentacion/financiero/solicitudProceso/consultarSolicitudProceso.xhtml HTTP/1.1" 200 171826
179.33.113.236 - - [25/Mar/2024:21:28:25 -0500] "GET /sipse/faces/javax.faces.resource/theme.css?ln=primefaces-sipse HTTP/1.1" 304 -
179.33.113.236 - - [25/Mar/2024:21:28:25 -0500] "GET /sipse/faces/javax.faces.resource/primefaces.js?ln=primefaces&v=4.0 HTTP/1.1" 304 -
179.33.113.236 - - [25/Mar/2024:21:28:25 -0500] "GET /sipse/faces/javax.faces.resource/primefaces.css?ln=primefaces&v=4.0 HTTP/1.1" 304 -
179.33.113.236 - - [25/Mar/2024:21:28:25 -0500] "GET /sipse/faces/javax.faces.resource/layout/layout.css?ln=primefaces&v=4.0 HTTP/1.1" 304 -
179.33.113.236 - - [25/Mar/2024:21:28:25 -0500] "GET /sipse/faces/javax.faces.resource/jquery/jquery-plugins.js?ln=primefaces&v=4.0 HTTP/1.1" 304 -
179.33.113.236 - - [25/Mar/2024:21:28:25 -0500] "GET /sipse/faces/javax.faces.resource/jquery/jquery.js?ln=primefaces&v=4.0 HTTP/1.1" 304 -
179.33.113.236 - - [25/Mar/2024:21:28:25 -0500] "GET /sipse/faces/javax.faces.resource/layout/layout.js?ln=primefaces&v=4.0 HTTP/1.1" 304 -
179.33.113.236 - - [25/Mar/2024:21:28:25 -0500] "GET /sipse/faces/javax.faces.resource/images/ui-icons_898989_256x240.png?ln=primefaces-aristo HTTP/1.1" 304 -
172.22.2.4 - - [25/Mar/2024:21:28:27 -0500] "GET /BLA/boletinlegal/jurisprudencia/analisis/AnalisisT-606-15.docx HTTP/1.1" 200 26698
172.22.2.4 - - [25/Mar/2024:21:28:28 -0500] "GET /BLA/boletinlegal/apple-touch-icon-120x120-precomposed.png HTTP/1.1" 404 1140
172.22.2.4 - - [25/Mar/2024:21:28:28 -0500] "GET /BLA/boletinlegal/apple-touch-icon-120x120.png HTTP/1.1" 404 1140
172.22.2.4 - - [25/Mar/2024:21:28:29 -0500] "GET /BLA/boletinlegal/apple-touch-icon-precomposed.png HTTP/1.1" 404 1140
172.22.2.4 - - [25/Mar/2024:21:28:29 -0500] "GET /BLA/boletinlegal/apple-touch-icon.png HTTP/1.1" 404 1140
172.22.2.4 - - [25/Mar/2024:21:28:29 -0500] "GET /BLA/boletinlegal/favicon.ico HTTP/1.1" 404 1140
172.22.2.4 - - [25/Mar/2024:21:28:29 -0500] "GET /BLA/boletinlegal/apple-touch-icon-120x120-precomposed.png HTTP/1.1" 404 1140
172.22.2.4 - - [25/Mar/2024:21:28:29 -0500] "GET /BLA/boletinlegal/apple-touch-icon-120x120.png HTTP/1.1" 404 1140
172.22.2.4 - - [25/Mar/2024:21:28:29 -0500] "GET /BLA/boletinlegal/apple-touch-icon-precomposed.png HTTP/1.1" 404 1140
172.22.2.4 - - [25/Mar/2024:21:28:29 -0500] "GET /BLA/boletinlegal/apple-touch-icon.png HTTP/1.1" 404 1140
172.22.2.4 - - [25/Mar/2024:21:28:29 -0500] "GET /BLA/boletinlegal/favicon.ico HTTP/1.1" 404 1140
179.33.113.236 - - [25/Mar/2024:21:28:34 -0500] "GET /sipse/faces/javax.faces.resource/images/ui-bg_flat_0_2d5972_40x100.png?ln=primefaces-aristo HTTP/1.1" 304 -
179.33.113.236 - - [25/Mar/2024:21:28:34 -0500] "POST /sipse/faces/presentacion/financiero/solicitudProceso/consultarSolicitudProceso.xhtml HTTP/1.1" 200 23928
179.33.113.236 - - [25/Mar/2024:21:28:34 -0500] "GET /sipse/faces/javax.faces.resource/jquery/jquery.js?ln=primefaces&v=4.0 HTTP/1.1" 304 -
179.33.113.236 - - [25/Mar/2024:21:28:34 -0500] "GET /sipse/faces/javax.faces.resource/jquery/jquery-plugins.js?ln=primefaces&v=4.0 HTTP/1.1" 304 -
179.33.113.236 - - [25/Mar/2024:21:28:34 -0500] "GET /sipse/faces/javax.faces.resource/primefaces.js?ln=primefaces&v=4.0 HTTP/1.1" 304 -
179.33.113.236 - - [25/Mar/2024:21:28:34 -0500] "GET /sipse/faces/javax.faces.resource/layout/layout.js?ln=primefaces&v=4.0 HTTP/1.1" 304 -
179.33.113.236 - - [25/Mar/2024:21:28:48 -0500] "POST /sipse/faces/presentacion/financiero/viabilidad/expedirViabilidad.xhtml HTTP/1.1" 200 125135
179.33.113.236 - - [25/Mar/2024:21:28:49 -0500] "GET /sipse/faces/javax.faces.resource/jquery/jquery.js?ln=primefaces&v=4.0 HTTP/1.1" 304 -
179.33.113.236 - - [25/Mar/2024:21:28:49 -0500] "GET /sipse/faces/javax.faces.resource/jquery/jquery-plugins.js?ln=primefaces&v=4.0 HTTP/1.1" 304 -
179.33.113.236 - - [25/Mar/2024:21:28:49 -0500] "GET /sipse/faces/javax.faces.resource/primefaces.js?ln=primefaces&v=4.0 HTTP/1.1" 304 -
179.33.113.236 - - [25/Mar/2024:21:28:49 -0500] "GET /sipse/faces/javax.faces.resource/layout/layout.js?ln=primefaces&v=4.0 HTTP/1.1" 304 -
179.33.113.236 - - [25/Mar/2024:21:29:00 -0500] "POST /sipse/faces/presentacion/financiero/solicitudProceso/consultarSolicitudProceso.xhtml HTTP/1.1" 200 45091
179.33.113.236 - - [25/Mar/2024:21:29:02 -0500] "GET /sipse/faces/javax.faces.resource/jquery/jquery.js?ln=primefaces&v=4.0 HTTP/1.1" 304 -
179.33.113.236 - - [25/Mar/2024:21:29:03 -0500] "GET /sipse/faces/javax.faces.resource/jquery/jquery-plugins.js?ln=primefaces&v=4.0 HTTP/1.1" 304 -
179.33.113.236 - - [25/Mar/2024:21:29:03 -0500] "GET /sipse/faces/javax.faces.resource/primefaces.js?ln=primefaces&v=4.0 HTTP/1.1" 304 -
179.33.113.236 - - [25/Mar/2024:21:29:03 -0500] "GET /sipse/faces/javax.faces.resource/layout/layout.js?ln=primefaces&v=4.0 HTTP/1.1" 304 -
179.33.113.236 - - [25/Mar/2024:21:29:03 -0500] "GET /sipse/faces/javax.faces.resource/messages/messages.png?ln=primefaces&v=4.0 HTTP/1.1" 304 -
179.33.113.236 - - [25/Mar/2024:21:29:03 -0500] "POST /sipse/faces/presentacion/financiero/solicitudProceso/listarSolicitudProceso.xhtml HTTP/1.1" 200 1460
201.245.192.253 - - [25/Mar/2024:21:29:06 -0500] "POST /kwsrmcab/Wsrmcab  HTTP/1.1" 200 14501
201.245.192.253 - - [25/Mar/2024:21:29:37 -0500] "POST /kwsrmcab/Wsrmcab HTTP/1.1" 200 40008
201.245.192.253 - - [25/Mar/2024:21:29:37 -0500] "POST /kwsrmcab/Wsrmcab HTTP/1.1" 200 38296
216.245.221.92 - - [25/Mar/2024:21:29:45 -0500] "HEAD / HTTP/1.1" 200 -
179.33.113.236 - - [25/Mar/2024:21:29:52 -0500] "POST /sipse/faces/presentacion/financiero/solicitudProceso/listarSolicitudProceso.xhtml HTTP/1.1" 200 124054
179.33.113.236 - - [25/Mar/2024:21:29:53 -0500] "GET /sipse/faces/javax.faces.resource/jquery/jquery.js?ln=primefaces&v=4.0 HTTP/1.1" 304 -
179.33.113.236 - - [25/Mar/2024:21:29:53 -0500] "GET /sipse/faces/javax.faces.resource/jquery/jquery-plugins.js?ln=primefaces&v=4.0 HTTP/1.1" 304 -
179.33.113.236 - - [25/Mar/2024:21:29:53 -0500] "GET /sipse/faces/javax.faces.resource/primefaces.js?ln=primefaces&v=4.0 HTTP/1.1" 304 -
179.33.113.236 - - [25/Mar/2024:21:29:53 -0500] "GET /sipse/faces/javax.faces.resource/layout/layout.js?ln=primefaces&v=4.0 HTTP/1.1" 304 -
172.22.2.4 - - [25/Mar/2024:21:28:32 -0500] "HEAD /BLA/boletinlegal/ HTTP/1.1" 200 -
201.245.192.253 - - [25/Mar/2024:21:30:16 -0500] "POST /kwsrmcab/Wsrmcab  HTTP/1.1" 200 39660
201.245.192.253 - - [25/Mar/2024:21:30:14 -0500] "POST /kwsrmcab/Wsrmcab HTTP/1.1" 200 38307
216.244.66.195 - - [25/Mar/2024:21:30:47 -0500] "GET /BLA/resoluciones/AUTOS%202010/0535.pdf HTTP/1.1" 200 179077
172.22.2.4 - - [25/Mar/2024:21:29:23 -0500] "GET /BLA/boletinlegal/ HTTP/1.1" 200 53419
172.22.2.4 - - [25/Mar/2024:21:31:08 -0500] "GET /BLA/boletinlegal/jurisprudencia/analisis/AnalisisT-606-15.docx HTTP/1.1" 200 26698
172.22.2.4 - - [25/Mar/2024:21:31:08 -0500] "GET /BLA/boletinlegal/apple-touch-icon-120x120-precomposed.png HTTP/1.1" 404 1140
172.22.2.4 - - [25/Mar/2024:21:31:09 -0500] "GET /BLA/boletinlegal/apple-touch-icon-120x120.png HTTP/1.1" 404 1140
172.22.2.4 - - [25/Mar/2024:21:31:09 -0500] "GET /BLA/boletinlegal/apple-touch-icon-precomposed.png HTTP/1.1" 404 1140
172.22.2.4 - - [25/Mar/2024:21:31:09 -0500] "GET /BLA/boletinlegal/apple-touch-icon.png HTTP/1.1" 404 1140
172.22.2.4 - - [25/Mar/2024:21:31:09 -0500] "GET /BLA/boletinlegal/favicon.ico HTTP/1.1" 404 1140
172.22.2.4 - - [25/Mar/2024:21:31:09 -0500] "GET /BLA/boletinlegal/apple-touch-icon-120x120-precomposed.png HTTP/1.1" 404 1140
172.22.2.4 - - [25/Mar/2024:21:31:09 -0500] "GET /BLA/boletinlegal/apple-touch-icon-120x120.png HTTP/1.1" 404 1140
172.22.2.4 - - [25/Mar/2024:21:31:09 -0500] "GET /BLA/boletinlegal/apple-touch-icon-precomposed.png HTTP/1.1" 404 1140
172.22.2.4 - - [25/Mar/2024:21:31:09 -0500] "GET /BLA/boletinlegal/apple-touch-icon.png HTTP/1.1" 404 1140
172.22.2.4 - - [25/Mar/2024:21:31:09 -0500] "GET /BLA/boletinlegal/favicon.ico HTTP/1.1" 404 1140
216.244.66.195 - - [25/Mar/2024:21:31:23 -0500] "GET /BLA/resoluciones/AUTOS%202010/1436.pdf HTTP/1.1" 200 186911
201.245.192.253 - - [25/Mar/2024:21:31:17 -0500] "POST /kwsrmcab/Wsrmcab  HTTP/1.1" 200 14501
201.245.192.253 - - [25/Mar/2024:21:31:32 -0500] "POST /kwsrmcab/Wsrmcab HTTP/1.1" 200 38296
216.244.66.195 - - [25/Mar/2024:21:32:02 -0500] "GET /BLA/resoluciones/AUTOS%202010/1876.pdf HTTP/1.1" 200 216415
31.13.127.14 - - [25/Mar/2024:21:32:36 -0500] "GET /distrito-declara-alerta-fase-1-por-calidad-del-aire-en-toda-la-ciudad.html HTTP/1.1" 200 838
216.244.66.195 - - [25/Mar/2024:21:32:41 -0500] "GET /BLA/resoluciones/AUTOS%202010/2205.pdf HTTP/1.1" 200 1460829
191.111.47.8 - - [25/Mar/2024:21:33:31 -0500] "GET /sipse/faces/javax.faces.resource/images/ui-bg_flat_0_2d5972_40x100.png?ln=primefaces-aristo HTTP/1.1" 200 183
216.244.66.195 - - [25/Mar/2024:21:33:31 -0500] "GET /BLA/resoluciones/AUTOS%202010/4363.pdf HTTP/1.1" 200 707736
191.111.47.8 - - [25/Mar/2024:21:33:31 -0500] "POST /sipse/faces/presentacion/sistema/reporte/ventanaVerReporteParametros.xhtml HTTP/1.1" 200 40247
191.111.47.8 - - [25/Mar/2024:21:33:32 -0500] "GET /sipse/faces/javax.faces.resource/jquery/jquery.js?ln=primefaces&v=4.0 HTTP/1.1" 304 -
191.111.47.8 - - [25/Mar/2024:21:33:32 -0500] "GET /sipse/faces/javax.faces.resource/jquery/jquery-plugins.js?ln=primefaces&v=4.0 HTTP/1.1" 304 -
191.111.47.8 - - [25/Mar/2024:21:33:32 -0500] "GET /sipse/faces/javax.faces.resource/primefaces.js?ln=primefaces&v=4.0 HTTP/1.1" 304 -
191.111.47.8 - - [25/Mar/2024:21:33:32 -0500] "GET /sipse/faces/javax.faces.resource/layout/layout.js?ln=primefaces&v=4.0 HTTP/1.1" 304 -
191.111.47.8 - - [25/Mar/2024:21:33:32 -0500] "POST /sipse/faces/presentacion/financiero/solicitudProceso/listarSolicitudProceso.xhtml HTTP/1.1" 200 1400
191.111.47.8 - - [25/Mar/2024:21:33:34 -0500] "POST /sipse/faces/presentacion/financiero/solicitudProceso/listarSolicitudProceso.xhtml HTTP/1.1" 200 4916
201.245.192.253 - - [25/Mar/2024:21:33:35 -0500] "POST /kwsrmcab/Wsrmcab  HTTP/1.1" 200 39660
191.111.47.8 - - [25/Mar/2024:21:33:36 -0500] "POST /sipse/faces/presentacion/financiero/solicitudProceso/listarSolicitudProceso.xhtml HTTP/1.1" 200 156597
191.111.47.8 - - [25/Mar/2024:21:33:37 -0500] "GET /sipse/faces/javax.faces.resource/jquery/jquery.js?ln=primefaces&v=4.0 HTTP/1.1" 304 -
191.111.47.8 - - [25/Mar/2024:21:33:37 -0500] "GET /sipse/faces/javax.faces.resource/jquery/jquery-plugins.js?ln=primefaces&v=4.0 HTTP/1.1" 304 -
191.111.47.8 - - [25/Mar/2024:21:33:37 -0500] "GET /sipse/faces/javax.faces.resource/primefaces.js?ln=primefaces&v=4.0 HTTP/1.1" 304 -
191.111.47.8 - - [25/Mar/2024:21:33:37 -0500] "GET /sipse/faces/javax.faces.resource/layout/layout.js?ln=primefaces&v=4.0 HTTP/1.1" 304 -
191.111.47.8 - - [25/Mar/2024:21:33:49 -0500] "POST /sipse/faces/presentacion/financiero/solicitudProceso/consultarSolicitudProceso.xhtml HTTP/1.1" 200 138832
191.111.47.8 - - [25/Mar/2024:21:33:52 -0500] "POST /sipse/faces/presentacion/financiero/solicitudProceso/consultarSolicitudProceso.xhtml HTTP/1.1" 200 1958811
191.111.47.8 - - [25/Mar/2024:21:33:54 -0500] "POST /sipse/faces/presentacion/financiero/solicitudProceso/consultarSolicitudProceso.xhtml HTTP/1.1" 200 1569012
191.111.47.8 - - [25/Mar/2024:21:33:56 -0500] "POST /sipse/faces/presentacion/financiero/solicitudProceso/consultarSolicitudProceso.xhtml HTTP/1.1" 200 1989561
201.245.192.253 - - [25/Mar/2024:21:32:26 -0500] "POST /kwsrmcab/Wsrmcab  HTTP/1.1" 200 21429
191.111.47.8 - - [25/Mar/2024:21:34:00 -0500] "POST /sipse/faces/presentacion/financiero/solicitudProceso/consultarSolicitudProceso.xhtml HTTP/1.1" 200 812846
191.111.47.8 - - [25/Mar/2024:21:34:03 -0500] "POST /sipse/faces/presentacion/financiero/solicitudProceso/consultarSolicitudProceso.xhtml HTTP/1.1" 200 205711
191.111.47.8 - - [25/Mar/2024:21:34:06 -0500] "POST /sipse/faces/presentacion/financiero/solicitudProceso/consultarSolicitudProceso.xhtml HTTP/1.1" 200 2195139
191.111.47.8 - - [25/Mar/2024:21:34:09 -0500] "POST /sipse/faces/presentacion/financiero/solicitudProceso/consultarSolicitudProceso.xhtml HTTP/1.1" 200 577536
191.111.47.8 - - [25/Mar/2024:21:34:14 -0500] "POST /sipse/faces/presentacion/financiero/solicitudProceso/consultarSolicitudProceso.xhtml HTTP/1.1" 200 358760
191.111.47.8 - - [25/Mar/2024:21:34:16 -0500] "POST /sipse/faces/presentacion/financiero/solicitudProceso/consultarSolicitudProceso.xhtml HTTP/1.1" 200 287013
191.111.47.8 - - [25/Mar/2024:21:34:18 -0500] "POST /sipse/faces/presentacion/financiero/solicitudProceso/consultarSolicitudProceso.xhtml HTTP/1.1" 200 77079
191.111.47.8 - - [25/Mar/2024:21:34:20 -0500] "POST /sipse/faces/presentacion/financiero/solicitudProceso/consultarSolicitudProceso.xhtml HTTP/1.1" 200 638008
216.244.66.195 - - [25/Mar/2024:21:34:21 -0500] "GET /BLA/resoluciones/AUTOS%202010/4475.pdf HTTP/1.1" 200 218181
191.111.47.8 - - [25/Mar/2024:21:34:24 -0500] "POST /sipse/faces/presentacion/financiero/solicitudProceso/consultarSolicitudProceso.xhtml HTTP/1.1" 200 5574
172.22.2.4 - - [25/Mar/2024:21:32:51 -0500] "GET /BLA/boletinlegal/ HTTP/1.1" 200 61913
191.111.47.8 - - [25/Mar/2024:21:34:33 -0500] "POST /sipse/faces/presentacion/financiero/solicitudProceso/consultarSolicitudProceso.xhtml HTTP/1.1" 200 5589
191.111.47.8 - - [25/Mar/2024:21:34:33 -0500] "GET /sipse/faces/javax.faces.resource/dynamiccontent.properties?ln=primefaces&pfdrid=XjOR5%2F%2FfPAZAuY9TpWQeCiM0BhlXxYRBGKi%2FQcXXfeA%3D&pfdrid_c=false HTTP/1.1" 200 120638
201.245.192.253 - - [25/Mar/2024:21:34:35 -0500] "POST /kwsrmcab/Wsrmcab  HTTP/1.1" 200 39660
216.245.221.92 - - [25/Mar/2024:21:34:45 -0500] "HEAD / HTTP/1.1" 200 -
191.111.47.8 - - [25/Mar/2024:21:34:52 -0500] "POST /sipse/faces/presentacion/financiero/solicitudProceso/consultarSolicitudProceso.xhtml HTTP/1.1" 200 34187
191.111.47.8 - - [25/Mar/2024:21:34:53 -0500] "GET /sipse/faces/javax.faces.resource/jquery/jquery.js?ln=primefaces&v=4.0 HTTP/1.1" 304 -
191.111.47.8 - - [25/Mar/2024:21:34:53 -0500] "GET /sipse/faces/javax.faces.resource/jquery/jquery-plugins.js?ln=primefaces&v=4.0 HTTP/1.1" 304 -
191.111.47.8 - - [25/Mar/2024:21:34:53 -0500] "GET /sipse/faces/javax.faces.resource/primefaces.js?ln=primefaces&v=4.0 HTTP/1.1" 304 -
191.111.47.8 - - [25/Mar/2024:21:34:53 -0500] "GET /sipse/faces/javax.faces.resource/layout/layout.js?ln=primefaces&v=4.0 HTTP/1.1" 304 -
191.111.47.8 - - [25/Mar/2024:21:34:53 -0500] "POST /sipse/faces/presentacion/sistema/reporte/listarReportes.xhtml HTTP/1.1" 200 27619
191.111.47.8 - - [25/Mar/2024:21:34:53 -0500] "POST /sipse/faces/presentacion/sistema/reporte/listarReportes.xhtml HTTP/1.1" 200 27619
191.111.47.8 - - [25/Mar/2024:21:34:57 -0500] "POST /sipse/faces/presentacion/sistema/reporte/listarReportes.xhtml HTTP/1.1" 200 22815
191.111.47.8 - - [25/Mar/2024:21:34:57 -0500] "GET /sipse/faces/javax.faces.resource/theme.css?ln=primefaces-sipse HTTP/1.1" 304 -
191.111.47.8 - - [25/Mar/2024:21:34:57 -0500] "GET /sipse/faces/javax.faces.resource/primefaces.js?ln=primefaces&v=4.0 HTTP/1.1" 304 -
191.111.47.8 - - [25/Mar/2024:21:34:57 -0500] "GET /sipse/faces/javax.faces.resource/jquery/jquery-plugins.js?ln=primefaces&v=4.0 HTTP/1.1" 304 -
191.111.47.8 - - [25/Mar/2024:21:34:57 -0500] "GET /sipse/faces/javax.faces.resource/layout/layout.js?ln=primefaces&v=4.0 HTTP/1.1" 304 -
191.111.47.8 - - [25/Mar/2024:21:34:57 -0500] "GET /sipse/faces/javax.faces.resource/primefaces.css?ln=primefaces&v=4.0 HTTP/1.1" 304 -
191.111.47.8 - - [25/Mar/2024:21:34:57 -0500] "GET /sipse/faces/javax.faces.resource/layout/layout.css?ln=primefaces&v=4.0 HTTP/1.1" 200 542
191.111.47.8 - - [25/Mar/2024:21:34:57 -0500] "GET /sipse/faces/javax.faces.resource/jquery/jquery.js?ln=primefaces&v=4.0 HTTP/1.1" 304 -
191.111.47.8 - - [25/Mar/2024:21:34:57 -0500] "GET /sipse/faces/javax.faces.resource/images/ui-icons_898989_256x240.png?ln=primefaces-aristo HTTP/1.1" 200 5355
216.244.66.195 - - [25/Mar/2024:21:35:02 -0500] "GET /BLA/resoluciones/AUTOS%202010/5201.pdf HTTP/1.1" 200 206151
179.33.113.236 - - [25/Mar/2024:21:35:09 -0500] "POST /sipse/faces/presentacion/financiero/solicitudProceso/consultarSolicitudProceso.xhtml HTTP/1.1" 200 5535
172.22.2.4 - - [25/Mar/2024:21:35:26 -0500] "GET /BLA/boletinlegal/actos.php HTTP/1.1" 200 9738
172.22.2.4 - - [25/Mar/2024:21:35:26 -0500] "GET /BLA/boletinlegal/styles2.css HTTP/1.1" 200 1838
172.22.2.4 - - [25/Mar/2024:21:35:26 -0500] "GET /BLA/boletinlegal/js/ajax_actos.js HTTP/1.1" 200 1322
172.22.2.4 - - [25/Mar/2024:21:35:26 -0500] "GET /BLA/boletinlegal/niceforms-default.css HTTP/1.1" 200 6694
172.22.2.4 - - [25/Mar/2024:21:35:26 -0500] "GET /BLA/boletinlegal/style.css HTTP/1.1" 200 9406
172.22.2.4 - - [25/Mar/2024:21:35:26 -0500] "GET /BLA/boletinlegal/js/lib.js HTTP/1.1" 200 6474
172.22.2.4 - - [25/Mar/2024:21:35:26 -0500] "GET /BLA/boletinlegal/niceforms.js HTTP/1.1" 200 22876
172.22.2.4 - - [25/Mar/2024:21:35:26 -0500] "GET /BLA/boletinlegal/js/popup.js HTTP/1.1" 200 1270
172.22.2.4 - - [25/Mar/2024:21:35:26 -0500] "GET /BLA/boletinlegal/js/jquery1.js HTTP/1.1" 200 29846
172.22.2.4 - - [25/Mar/2024:21:35:26 -0500] "GET /BLA/boletinlegal/images/cabezote%20BLEGAL.jpg HTTP/1.1" 200 118164
172.22.2.4 - - [25/Mar/2024:21:35:26 -0500] "GET /BLA/boletinlegal/images/subscribe-icon-big.png HTTP/1.1" 200 47702
172.22.2.4 - - [25/Mar/2024:21:35:26 -0500] "GET /BLA/boletinlegal/images/green-yellow-blue-pink-th.png HTTP/1.1" 200 7394
172.22.2.4 - - [25/Mar/2024:21:35:26 -0500] "GET /BLA/boletinlegal/images/tel.png HTTP/1.1" 200 14477
172.22.2.4 - - [25/Mar/2024:21:35:26 -0500] "GET /BLA/boletinlegal/images/registro-usuarios.png HTTP/1.1" 200 8106
172.22.2.4 - - [25/Mar/2024:21:35:26 -0500] "GET /BLA/boletinlegal/images/historia.png HTTP/1.1" 200 52775
172.22.2.4 - - [25/Mar/2024:21:35:26 -0500] "GET /BLA/boletinlegal/images/bg_top.jpg HTTP/1.1" 200 522
172.22.2.4 - - [25/Mar/2024:21:35:26 -0500] "GET /BLA/boletinlegal/images/icono-email.png HTTP/1.1" 200 5544
172.22.2.4 - - [25/Mar/2024:21:35:26 -0500] "GET /BLA/boletinlegal/images/menu_rght.gif HTTP/1.1" 200 1627
172.22.2.4 - - [25/Mar/2024:21:35:26 -0500] "GET /BLA/boletinlegal/images/body_bg.jpg HTTP/1.1" 200 1601
