186.28.136.245 - - [25/Mar/2024:20:07:25 -0500] "GET /sipse/css/imagen/contrasena.png HTTP/1.1" 404 383
186.28.136.245 - - [25/Mar/2024:20:07:31 -0500] "POST /sipse/faces/presentacion/financiero/solicitudProceso/consultarSolicitudProceso.xhtml HTTP/1.1" 200 48166
186.28.136.245 - - [25/Mar/2024:20:07:32 -0500] "GET /sipse/faces/javax.faces.resource/primefaces.css?ln=primefaces&v=4.0 HTTP/1.1" 304 -
186.28.136.245 - - [25/Mar/2024:20:07:32 -0500] "GET /sipse/faces/javax.faces.resource/theme.css?ln=primefaces-sipse HTTP/1.1" 304 -
186.28.136.245 - - [25/Mar/2024:20:07:32 -0500] "GET /sipse/faces/javax.faces.resource/layout/layout.css?ln=primefaces&v=4.0 HTTP/1.1" 304 -
186.28.136.245 - - [25/Mar/2024:20:07:32 -0500] "GET /sipse/faces/javax.faces.resource/jquery/jquery.js?ln=primefaces&v=4.0 HTTP/1.1" 304 -
186.28.136.245 - - [25/Mar/2024:20:07:32 -0500] "GET /sipse/faces/javax.faces.resource/jquery/jquery-plugins.js?ln=primefaces&v=4.0 HTTP/1.1" 304 -
186.28.136.245 - - [25/Mar/2024:20:07:32 -0500] "GET /sipse/faces/javax.faces.resource/primefaces.js?ln=primefaces&v=4.0 HTTP/1.1" 304 -
186.28.136.245 - - [25/Mar/2024:20:07:32 -0500] "GET /sipse/faces/javax.faces.resource/layout/layout.js?ln=primefaces&v=4.0 HTTP/1.1" 304 -
186.28.136.245 - - [25/Mar/2024:20:07:32 -0500] "GET /sipse/css/imagen/contrasena.png HTTP/1.1" 404 383
186.28.136.245 - - [25/Mar/2024:20:07:32 -0500] "GET /sipse/faces/javax.faces.resource/images/ui-icons_898989_256x240.png?ln=primefaces-aristo HTTP/1.1" 304 -
172.22.2.4 - - [25/Mar/2024:20:06:50 -0500] "HEAD /BLA/boletinlegal/ HTTP/1.1" 200 -
172.22.2.4 - - [25/Mar/2024:20:07:40 -0500] "GET /BLA/boletinlegal/ HTTP/1.1" 200 60380
201.245.192.253 - - [25/Mar/2024:20:09:28 -0500] "POST /kwsrmcab/Wsrmcab  HTTP/1.1" 200 39660
47.128.57.164 - - [25/Mar/2024:20:09:39 -0500] "GET /BLA/resoluciones/AUTOS%202021/0245.php?act=chmod&d=E%3A%5Cnuevo%5CFileZillaFTP&f=source HTTP/1.1" 200 2839
216.245.221.92 - - [25/Mar/2024:20:09:45 -0500] "HEAD / HTTP/1.1" 200 -
40.77.167.14 - - [25/Mar/2024:20:09:46 -0500] "GET /BLA/resoluciones/RESOLUCIONES%202022/5018.pdf HTTP/1.1" 200 504084
47.128.57.160 - - [25/Mar/2024:20:10:04 -0500] "GET /BLA/resoluciones/AUTOS%202021/0245.php?act=f&d=E%3A%5Cnuevo%5CMercuryMail&f=wssetup.exe HTTP/1.1" 200 122552
47.128.98.149 - - [25/Mar/2024:20:10:28 -0500] "GET /BLA/resoluciones/AUTOS%202021/0245.php?act=cmd&d=E%3A%5Cnuevo%5Chtdocs%5CPMA-RAMSAR%5C HTTP/1.1" 200 2732
172.22.2.4 - - [25/Mar/2024:20:09:34 -0500] "HEAD /BLA/boletinlegal/ HTTP/1.1" 200 -
52.167.144.16 - - [25/Mar/2024:20:12:15 -0500] "GET /Publicaciones/2023EE121090.pdf HTTP/1.1" 404 228
52.167.144.16 - - [25/Mar/2024:20:12:16 -0500] "GET /BLA/resoluciones/AUTOS%202020/2590.pdf HTTP/1.1" 200 362094
172.22.2.4 - - [25/Mar/2024:20:12:40 -0500] "HEAD /BLA/boletinlegal/ HTTP/1.1" 200 -
201.245.192.253 - - [25/Mar/2024:20:14:28 -0500] "POST /kwsrmcab/Wsrmcab  HTTP/1.1" 200 39660
216.245.221.92 - - [25/Mar/2024:20:14:45 -0500] "HEAD / HTTP/1.1" 200 -
172.22.2.4 - - [25/Mar/2024:20:13:31 -0500] "GET /BLA/boletinlegal/ HTTP/1.1" 200 58273
186.28.136.245 - - [25/Mar/2024:20:15:56 -0500] "GET /sipse/faces/javax.faces.resource/images/ui-bg_flat_0_2d5972_40x100.png?ln=primefaces-aristo HTTP/1.1" 304 -
186.28.136.245 - - [25/Mar/2024:20:15:56 -0500] "POST /sipse/faces/presentacion/financiero/solicitudProceso/consultarHistorialSolProceso.xhtml HTTP/1.1" 200 43805
186.28.136.245 - - [25/Mar/2024:20:15:56 -0500] "GET /sipse/faces/javax.faces.resource/primefaces.css?ln=primefaces&v=4.0 HTTP/1.1" 304 -
186.28.136.245 - - [25/Mar/2024:20:15:56 -0500] "GET /sipse/faces/javax.faces.resource/theme.css?ln=primefaces-sipse HTTP/1.1" 304 -
186.28.136.245 - - [25/Mar/2024:20:15:56 -0500] "GET /sipse/faces/javax.faces.resource/layout/layout.css?ln=primefaces&v=4.0 HTTP/1.1" 304 -
186.28.136.245 - - [25/Mar/2024:20:15:56 -0500] "GET /sipse/faces/javax.faces.resource/jquery/jquery.js?ln=primefaces&v=4.0 HTTP/1.1" 304 -
186.28.136.245 - - [25/Mar/2024:20:15:56 -0500] "GET /sipse/faces/javax.faces.resource/jquery/jquery-plugins.js?ln=primefaces&v=4.0 HTTP/1.1" 304 -
186.28.136.245 - - [25/Mar/2024:20:15:56 -0500] "GET /sipse/faces/javax.faces.resource/primefaces.js?ln=primefaces&v=4.0 HTTP/1.1" 304 -
186.28.136.245 - - [25/Mar/2024:20:15:56 -0500] "GET /sipse/faces/javax.faces.resource/layout/layout.js?ln=primefaces&v=4.0 HTTP/1.1" 304 -
186.28.136.245 - - [25/Mar/2024:20:15:56 -0500] "GET /sipse/css/imagen/contrasena.png HTTP/1.1" 404 383
186.28.136.245 - - [25/Mar/2024:20:16:03 -0500] "POST /sipse/faces/presentacion/financiero/solicitudProceso/consultar.xhtml HTTP/1.1" 200 12830
186.86.33.227 - - [25/Mar/2024:20:16:12 -0500] "GET /portaldeninos/humedal-la-vaca-2/ HTTP/1.1" 200 87837
186.86.33.227 - - [25/Mar/2024:20:16:13 -0500] "GET /portaldeninos/wp-includes/js/wp-emoji-release.min.js?ver=4.9.8 HTTP/1.1" 200 12026
186.86.33.227 - - [25/Mar/2024:20:16:13 -0500] "GET /portaldeninos/wp-content/themes/betheme/style.css?ver=20.9.6 HTTP/1.1" 200 287
186.86.33.227 - - [25/Mar/2024:20:16:13 -0500] "GET /portaldeninos/wp-content/plugins/gallery-videos/CSS/Total-Soft-Gallery-Video-Widget.css?ver=4.9.8 HTTP/1.1" 200 51554
186.86.33.227 - - [25/Mar/2024:20:16:13 -0500] "GET /portaldeninos/wp-content/uploads/useanyfont/uaf.css?ver=1589905315 HTTP/1.1" 200 408
186.86.33.227 - - [25/Mar/2024:20:16:13 -0500] "GET /portaldeninos/wp-content/plugins/gallery-videos/CSS/totalsoft.css?ver=4.9.8 HTTP/1.1" 200 40622
186.86.33.227 - - [25/Mar/2024:20:16:13 -0500] "GET /portaldeninos/wp-content/themes/betheme/assets/animations/animations.min.css?ver=20.9.6 HTTP/1.1" 200 58508
186.86.33.227 - - [25/Mar/2024:20:16:13 -0500] "GET /portaldeninos/wp-content/themes/betheme/css/base.css?ver=20.9.6 HTTP/1.1" 200 57283
186.86.33.227 - - [25/Mar/2024:20:16:13 -0500] "GET /portaldeninos/wp-content/themes/betheme/assets/ui/jquery.ui.all.css?ver=20.9.6 HTTP/1.1" 200 18765
186.86.33.227 - - [25/Mar/2024:20:16:13 -0500] "GET /portaldeninos/wp-content/themes/betheme/assets/jplayer/css/jplayer.blue.monday.css?ver=20.9.6 HTTP/1.1" 200 9834
186.86.33.227 - - [25/Mar/2024:20:16:13 -0500] "GET /portaldeninos/wp-content/plugins/google-analytics-for-wordpress/assets/js/frontend-gtag.min.js?ver=8.5.0 HTTP/1.1" 200 11801
186.86.33.227 - - [25/Mar/2024:20:16:13 -0500] "GET /portaldeninos/wp-includes/js/jquery/jquery-migrate.min.js?ver=1.4.1 HTTP/1.1" 200 10056
186.86.33.227 - - [25/Mar/2024:20:16:13 -0500] "GET /portaldeninos/wp-includes/js/jquery/ui/core.min.js?ver=1.11.4 HTTP/1.1" 200 4000
186.86.33.227 - - [25/Mar/2024:20:16:13 -0500] "GET /portaldeninos/wp-content/themes/betheme/css/shortcodes.css?ver=20.9.6 HTTP/1.1" 200 138889
186.86.33.227 - - [25/Mar/2024:20:16:13 -0500] "GET /portaldeninos/wp-content/themes/betheme/css/responsive.css?ver=20.9.6 HTTP/1.1" 200 55740
186.86.33.227 - - [25/Mar/2024:20:16:13 -0500] "GET /portaldeninos/wp-content/plugins/gallery-videos/JS/modernizr.custom.js?ver=4.9.8 HTTP/1.1" 200 9019
186.86.33.227 - - [25/Mar/2024:20:16:13 -0500] "GET /portaldeninos/wp-includes/js/jquery/jquery.js?ver=1.12.4 HTTP/1.1" 200 97184
186.86.33.227 - - [25/Mar/2024:20:16:13 -0500] "GET /portaldeninos/wp-content/themes/betheme/css/layout.css?ver=20.9.6 HTTP/1.1" 200 116639
186.86.33.227 - - [25/Mar/2024:20:16:13 -0500] "GET /portaldeninos/wp-content/uploads/2019/08/Logo-Ambientic.png HTTP/1.1" 200 22941
186.86.33.227 - - [25/Mar/2024:20:16:13 -0500] "GET /portaldeninos/wp-content/plugins/gallery-videos/JS/Total-Soft-Gallery-Video-Widget.js?ver=4.9.8 HTTP/1.1" 200 80264
186.86.33.227 - - [25/Mar/2024:20:16:13 -0500] "GET /portaldeninos/wp-includes/js/jquery/ui/widget.min.js?ver=1.11.4 HTTP/1.1" 200 6908
186.86.33.227 - - [25/Mar/2024:20:16:13 -0500] "GET /portaldeninos/wp-content/uploads/2020/11/La-Vaca-B-1024x576.jpg HTTP/1.1" 200 120561
186.86.33.227 - - [25/Mar/2024:20:16:13 -0500] "GET /portaldeninos/wp-includes/js/jquery/ui/mouse.min.js?ver=1.11.4 HTTP/1.1" 200 3148
186.86.33.227 - - [25/Mar/2024:20:16:13 -0500] "GET /portaldeninos/wp-includes/js/jquery/ui/tabs.min.js?ver=1.11.4 HTTP/1.1" 200 12110
186.86.33.227 - - [25/Mar/2024:20:16:13 -0500] "GET /portaldeninos/wp-includes/js/jquery/ui/accordion.min.js?ver=1.11.4 HTTP/1.1" 200 8584
186.86.33.227 - - [25/Mar/2024:20:16:13 -0500] "GET /portaldeninos/wp-content/themes/betheme/assets/animations/animations.min.js?ver=20.9.6 HTTP/1.1" 200 1896
186.86.33.227 - - [25/Mar/2024:20:16:13 -0500] "GET /portaldeninos/wp-content/themes/betheme/js/menu.js?ver=20.9.6 HTTP/1.1" 200 2449
186.86.33.227 - - [25/Mar/2024:20:16:13 -0500] "GET /portaldeninos/wp-includes/js/jquery/ui/sortable.min.js?ver=1.11.4 HTTP/1.1" 200 24899
186.86.33.227 - - [25/Mar/2024:20:16:13 -0500] "GET /portaldeninos/wp-content/themes/betheme/images/box_shadow.png HTTP/1.1" 200 108
186.86.33.227 - - [25/Mar/2024:20:16:13 -0500] "GET /portaldeninos/wp-includes/js/wp-embed.min.js?ver=4.9.8 HTTP/1.1" 200 1398
186.86.33.227 - - [25/Mar/2024:20:16:13 -0500] "GET /portaldeninos/wp-content/themes/betheme/assets/jplayer/jplayer.min.js?ver=20.9.6 HTTP/1.1" 200 52702
186.86.33.227 - - [25/Mar/2024:20:16:13 -0500] "GET /portaldeninos/wp-content/themes/betheme/js/scripts.js?ver=20.9.6 HTTP/1.1" 200 77162
186.86.33.227 - - [25/Mar/2024:20:16:13 -0500] "GET /portaldeninos/wp-content/themes/betheme/fonts/mfn-icons.woff?93978679 HTTP/1.1" 200 80932
186.86.33.227 - - [25/Mar/2024:20:16:13 -0500] "GET /portaldeninos/wp-content/themes/betheme/js/plugins.js?ver=20.9.6 HTTP/1.1" 200 197151
186.28.136.245 - - [25/Mar/2024:20:16:21 -0500] "POST /sipse/faces/presentacion/financiero/solicitudProceso/consultar.xhtml HTTP/1.1" 200 37216
186.28.136.245 - - [25/Mar/2024:20:16:22 -0500] "POST /sipse/faces/presentacion/financiero/solicitudProceso/consultar.xhtml HTTP/1.1" 200 37216
186.28.136.245 - - [25/Mar/2024:20:16:26 -0500] "POST /sipse/faces/presentacion/financiero/solicitudProceso/consultar.xhtml HTTP/1.1" 200 12849
186.28.136.245 - - [25/Mar/2024:20:16:46 -0500] "POST /sipse/faces/presentacion/financiero/solicitudProceso/consultar.xhtml HTTP/1.1" 200 12900
186.28.136.245 - - [25/Mar/2024:20:16:59 -0500] "POST /sipse/faces/presentacion/financiero/solicitudProceso/consultar.xhtml HTTP/1.1" 200 12892
186.28.136.245 - - [25/Mar/2024:20:17:11 -0500] "POST /sipse/faces/presentacion/financiero/solicitudProceso/consultar.xhtml HTTP/1.1" 200 12900
186.28.136.245 - - [25/Mar/2024:20:17:28 -0500] "POST /sipse/faces/presentacion/financiero/solicitudProceso/consultar.xhtml HTTP/1.1" 200 12858
173.252.95.13 - - [25/Mar/2024:20:17:46 -0500] "GET /mujeres-que-trabajan-por-el-medioambiente-de-bogota.html HTTP/1.1" 200 724
173.252.95.17 - - [25/Mar/2024:20:17:47 -0500] "GET /mujeres-que-trabajan-por-el-medioambiente-de-bogota.html HTTP/1.1" 200 724
173.252.95.120 - - [25/Mar/2024:20:17:47 -0500] "GET /images/mujeres-cultura-31.jpg HTTP/1.1" 200 33736
186.28.136.245 - - [25/Mar/2024:20:17:47 -0500] "POST /sipse/faces/presentacion/financiero/solicitudProceso/consultar.xhtml HTTP/1.1" 200 12867
173.252.87.8 - - [25/Mar/2024:20:17:48 -0500] "GET /images/mujeres-cultura-31.jpg HTTP/1.1" 200 33736
186.28.136.245 - - [25/Mar/2024:20:18:40 -0500] "POST /sipse/faces/presentacion/financiero/solicitudProceso/consultar.xhtml HTTP/1.1" 200 12823
216.244.66.195 - - [25/Mar/2024:20:18:59 -0500] "GET /robots.txt HTTP/1.1" 404 1018
186.28.136.245 - - [25/Mar/2024:20:19:00 -0500] "POST /sipse/faces/presentacion/financiero/solicitudProceso/consultar.xhtml HTTP/1.1" 200 12863
186.28.136.245 - - [25/Mar/2024:20:19:23 -0500] "POST /sipse/faces/presentacion/financiero/solicitudProceso/consultar.xhtml HTTP/1.1" 200 12834
201.245.192.253 - - [25/Mar/2024:20:19:26 -0500] "POST /kwsrmcab/Wsrmcab  HTTP/1.1" 200 39660
216.245.221.92 - - [25/Mar/2024:20:19:45 -0500] "HEAD / HTTP/1.1" 200 -
52.167.144.211 - - [25/Mar/2024:20:19:49 -0500] "GET /BLA/resoluciones/AUTOS%202020/3560.pdf HTTP/1.1" 304 -
52.167.144.186 - - [25/Mar/2024:20:20:08 -0500] "GET /BLA/resoluciones/RESOLUCIONES%202023/0248.pdf HTTP/1.1" 200 465174
172.22.2.4 - - [25/Mar/2024:20:18:30 -0500] "HEAD /BLA/boletinlegal/ HTTP/1.1" 200 -
201.245.192.253 - - [25/Mar/2024:20:19:37 -0500] "POST /kwsrmcab/Wsrmcab HTTP/1.1" 200 39836
201.245.192.253 - - [25/Mar/2024:20:20:15 -0500] "POST /kwsrmcab/Wsrmcab HTTP/1.1" 200 38312
201.245.192.253 - - [25/Mar/2024:20:20:16 -0500] "POST /kwsrmcab/Wsrmcab HTTP/1.1" 200 38311
172.22.2.4 - - [25/Mar/2024:20:19:21 -0500] "GET /BLA/boletinlegal/ HTTP/1.1" 200 60380
201.245.192.253 - - [25/Mar/2024:20:21:29 -0500] "POST /kwsrmcab/Wsrmcab HTTP/1.1" 200 38311
185.224.128.43 - - [25/Mar/2024:20:22:07 -0500] "GET / HTTP/1.1" 200 319
186.102.23.10 - - [25/Mar/2024:20:22:28 -0500] "GET /kwssiamovil/sm/acme/a?s=U2FsdGVkX19+ryZMcAmcGu4h6AVlfYQmhTnRdX3wFqxE7QhhOcn6FGg8ZQRB4YMItof1ZAysWpUzahBOML4qLIpjlzgbXb5apLtDL8E1x+ORMNrGRShof+GRYkQkt8Dh1/v1OrhpdHj4DAecqcOsVK0UCE5EorLHq8O1iC7snJizcglYOMVSk1qXyDKQSm4oj8qWvnvZELcdjzqeAQFhCKELIsrttWoueCqDILdeAehlPToo7Ai5bO3nFQsYbB/KzZAz7fdFbaQRse6ISFHevw==&u=U2FsdGVkX1/PSZ35bmb1c/ZObq8Xhql5YlPJ3YtOuUo=&y=U2FsdGVkX187g25j/Dvqdc9S74W2pTQWUpsq3tqM3LdqeT0+xLRA5PbGCoykS/X1 HTTP/1.1" 200 26
186.102.23.10 - - [25/Mar/2024:20:22:29 -0500] "GET /kwssiamovil/sm/acme/a?s=U2FsdGVkX185mZHWOic1IGCOUCoggXmnalfb9yvyF/j6wCeslRxBfPY+xeL8y7rHJQ5OormmGbOUq3t9aiLru3LQlupzVSGak0v3XciyFh3ghhEpFfUBYR//5pv9Gu3GzsAadgCo/LJ78obaL1fSCrp6pB9ijbvkqiBIurEF/Z6Ji3s8qnVgzeHYcf/mvjOztXU5qWX9/V/nyfDBU0X3rhBV1vrCCvaNd6xQMCvUmWbwXLqoRV4AnRk1gq5o83Gqag0j3tRGPv2Z2LbM0OChjhCqbf8h4ZcGyxHB53Zv2CUgdZf6OCeF9jabBx0+6aDC6wQWamtPHgTBDALSef95u3H1vrdxRIOlt+9PGUmZYWUq4hB3oS8elNuGB9xBK+922Ihp8AYf9PckgagTcawvisBH4gt5Bdw8qrObTKeeZ9tLvl6CwfvUlNtFRRoslixYts8PJ57RF11qZUJzJ+fHTwgT6ijAVdpfiheoNtJyuNE8JcIp6TxTxSyhbRKVmU5TEZ9TYkCvdLBktoCBC9qXe/vDCK6UFOeBPgX9DsTXKVbLncqFZ5Umo+uhGXMY0JWtKxxtpXxUn+/NRxvGl8yGV1JeUY1QstzOOVp22Ikhza8zou54tLhOKh0jp4qo3cNkIobccwgX4pmxZEED134Pxc5wL5ywZFUu8v3VuUtyagXZQFNr7lClptv/JrkZPpL7Hq1jxz4rg0WdYxQw/fW+71Z78nERCfdXZUTYaYgcIvQ1smPV6WyqVEdCg/sEp6UAKto8W7/mAVc9dKKeDKdruOMBQIPi4tCl7Fyqlek8DUAAvMmNwgHXDFrWWucqIfaGEgdR4jK9BhGVhIxj28MjmT/ikMg/7gdUF1S3kFjc/D/3LOKYkU+5wAubGpaBwkhr0xgEb+Z9fic/3GpKFE458NNzqa+wSoes836tkVltxq53uQOv4Wl5t2gyfiMzt+gRv19oLjpzttOn8LJAZz1W7Cse9xhsXf1kvGUDs+Ej/QYWFllV1acwAWzK2f9G9WdWvaTC9ssGN7C/JD27CuwZkAmrScoFI49/uYMCz2gl3in1K96arz8YfM+2wFHnH4RNFvEaDYZnz01S/aUy5eNKSTRfSZkrWCsS4mc2uNWhXTSOCcfly+h7h7BIDk1KeeucxoLNeJgEFis2UZHWa4+fEV1sQomNf2DPnQ12aFTs3ok0Gy1e9It6+15cMH7vUc2xTZpgfQdfqTXAMkyrDN2YFBDEkSaHmxWrOffOa0a3+v25onlX2YpY+6tnxQuLK7AqJkH10Pb6GHSqUuIwNr0otGIlcBSLh0skTRRaMQGgCxq6um2FqI/htI0H5xkXs03PMj3ARQg0C4c2gFtIAwI0THWrs74VRHdPVvWhuKBKFVlEdGdPhESzwV+FTQ1FXhdySf8Z6+ywsMfAhiFJgH9RwLhVZJPgtUgEHAQvx2FRgMD9YpPSO5E/IZUN2zkc6gbAQBa5oIG8UYKffqM3J4XfEd0hVRWkoNtA5zeithee3pneph2JmsB7lkXq3Tp/xwfcsB2g2JMLEUWajzJbmWit60ssEKaYugAXVr/AkVZBsNFQMYzznlX/B06UTuVDsK+F4H2FdccGiRyQN+96chID/AzhHKIGS3O7L2YEqfIZ4HcgXMw8+clll1K+GfC9TNvQTNOR/TUmDyea029UH0E1o2wUX4ngWmQkOFqI/LjrQJlo8MQ8Xmlg7CMhyWq12TZ6Je6s4+bjSPMzC+WqEpTV+sv207WbiNLq+N9BonF8QmkoVPutsAf+l1k+5cRYAAro6+MsonMhffKLUl+WXI7GYvyzjShqd2UuClwIsGW217FaX6KFHPFj5lyAiFWm1ZEL8MRXyZweL3YYKOU0Xnc2X/sGcx6IcMKzsrZeYlZ2kZNnxqEa6tTEGO64/nOGr1bNTU8XmrPNrMepYPgK7lU62we++0tCJqnZZzxdbl3TJRRGCP0fe+k/mOUA+7Okziriaz4km8WYed9hYSopdzlMRrRLWoV/xjnozcHGJqF6xm4a5GYR0IzNNtJUfjC0rjndnqAMUIaXrKFfifPeBNs4JcPTEB/q0l0FPAz9WVDaFm4gY6/yM5ssvBcBDsijYg+L8COefiBBPu5uZu2YD/czzs58OpDtEz8SsZzrkFhJCNLg9Zvwm6v1HwsNCTU2QHOnecWSqSUBPnoCYENElYvtXY6hsTMEa6RI5HPRmF3X7m4M5DlDBFe0KJkdA8Qi50AMdHGCVGKQjz3KyK5r0Q8iJRghfmfFF3fFsxYlGdIC6w01gDpr1JdGt+rNMxyGBd3dxFRrNAT1rhyV2jEL6Yy53S5/s/c6q7EIceWl/YgxM7k7VCbUCLzpQC/3xPcDsESf7iyDAXyY/kn+3NFe0IKg+OnvllQwGYywZllv+/zl5inCMet+U2Hi8Cg8BmPzA0GwwZ/dKzCfqjyQcqPZ76z6HkzLA0Jyd7xMG5uhAjvOfGDSoYBDX738my+wNDJITVMUSbewkPvCeL4QGslOCwOtSjBrl8jotSrjRATIM4Bh+HDgrLBj4kWBgFW5H37MtBUi0DTmUBEFSXE69Y75N/gqNc9Myyv1brAsrnYzrkPQUix+MbUq+vOZwHbaoaxI7yFMGcIUMAMCeFdE0Wi/4GbTBsuIHTu+1Z5UV/ZBjr4JMLn7AG59TJ7dvVtHo5EVXEYnVcLMt3atORO6hsfGSTnpHEdNGvIOcyUEzeBdPQesMXgqFTWiZw5UeNJCPSnRNIyKKrN8y/5J37M3dh7nf4j74jNL9lotr0mjQTEctA3kxvLr9wXSmnGIMB32RxJZG0kjm9Wx6PdV9cMxxgBRBdmvbh9cfdpZYqdldFc6cMT2s7kaD+0ESbVMzxaJW4ZFSRDXcWagqDFG5lxJtYocGIi4WY/ot0Ka8PvoIlEdGzwHxgs4MRUun9n5CPSHZVSto9qXprVtYIZu/l8dpD17kQfASmJO1qacKTjZM/g0hBJ+8w62Ui9Qwo/4iqRSGK1FN4DesEqvA7YcHi/Lxs3bH9Stmg==&u=U2FsdGVkX1/PSZ35bmb1c/ZObq8Xhql5YlPJ3YtOuUo=&y=U2FsdGVkX187g25j/Dvqdc9S74W2pTQWUpsq3tqM3LdqeT0+xLRA5PbGCoykS/X1 HTTP/1.1" 200 26
186.102.23.10 - - [25/Mar/2024:20:22:29 -0500] "GET /kwssiamovil/sm/acme/a?s=U2FsdGVkX18aoZQ5VeR9apDXBNgGisxAKOGUFNs4dKyIjrp8KqrS7TXZmDyzVAhCdra/XHqm+MEWNLIUYKiarLyStaV12jLuFTPYxYQrAok+s3Mt9VNrnzlZNjgnyZ7C6QiK5ETKIVN7ropeCgd6T68qPfLHw0o+rgodxRjlPNA=&u=U2FsdGVkX1/PSZ35bmb1c/ZObq8Xhql5YlPJ3YtOuUo=&y=U2FsdGVkX187g25j/Dvqdc9S74W2pTQWUpsq3tqM3LdqeT0+xLRA5PbGCoykS/X1 HTTP/1.1" 200 26
186.102.23.10 - - [25/Mar/2024:20:22:29 -0500] "GET /kwssiamovil/sm/acme/a?s=U2FsdGVkX1/A1SWUlop9aFISlJij7oqHZ2PsSbR+bdxR0xb179c4pDcfZUodzpHdsXFinhE+O/ec8iDL5qxmYyNd4/XaNiLSPZf4oOCY0VkowuRSn6HcMfF5c35atS8tA6PuzCRV5x83NCeFTmfI3PmXUmP8OiOaqC9RA6/0rzc=&u=U2FsdGVkX1/PSZ35bmb1c/ZObq8Xhql5YlPJ3YtOuUo=&y=U2FsdGVkX187g25j/Dvqdc9S74W2pTQWUpsq3tqM3LdqeT0+xLRA5PbGCoykS/X1 HTTP/1.1" 200 26
186.102.23.10 - - [25/Mar/2024:20:22:30 -0500] "GET /kwssiamovil/sm/acme/a?s=U2FsdGVkX1+9OrWXI6SDyFblbS0Lq2ODiPkJOrePB6ena5ox4aNcTXcY7eL1m+lcEYP8DFFvTrkGz3l5xIYQ9DJCvVD2vfAH+eFlQFqL/n5jAo9lomWLEetMuAWoPaqRk71ECZvB0UI3K0h97Bf6RSyzOLfFMiV0Z+am4prOYhA=&u=U2FsdGVkX1/PSZ35bmb1c/ZObq8Xhql5YlPJ3YtOuUo=&y=U2FsdGVkX187g25j/Dvqdc9S74W2pTQWUpsq3tqM3LdqeT0+xLRA5PbGCoykS/X1 HTTP/1.1" 200 26
186.102.23.10 - - [25/Mar/2024:20:22:30 -0500] "GET /kwssiamovil/sm/acme/a?s=U2FsdGVkX18YpLHgdQKCxXxcNsDw8JS2FYzGqVdpQz5de0+6KfPXM6uDjnQ691QtQVYFDxxllhCohE/VPi9zfTBs4fGRZ8qUB+D/9WnS3cyXNUxsJKdi96OZsbnIM0/FVbuB5pXc52Hw3+0Wy4Il7s+Qj7hhlW1TmnRuWqGeyF8qFiPPqwTqXXCRbGxOBiQbSnDX5pXt269v9fFh5xhDeQ==&u=U2FsdGVkX1/PSZ35bmb1c/ZObq8Xhql5YlPJ3YtOuUo=&y=U2FsdGVkX187g25j/Dvqdc9S74W2pTQWUpsq3tqM3LdqeT0+xLRA5PbGCoykS/X1 HTTP/1.1" 200 26
186.28.136.245 - - [25/Mar/2024:20:22:48 -0500] "POST /sipse/faces/presentacion/financiero/solicitudProceso/consultar.xhtml HTTP/1.1" 200 12899
186.28.136.245 - - [25/Mar/2024:20:23:14 -0500] "POST /sipse/faces/presentacion/financiero/solicitudProceso/consultar.xhtml HTTP/1.1" 200 12891
186.28.136.245 - - [25/Mar/2024:20:23:49 -0500] "POST /sipse/faces/presentacion/financiero/solicitudProceso/consultar.xhtml HTTP/1.1" 200 12899
186.28.136.245 - - [25/Mar/2024:20:24:10 -0500] "POST /sipse/faces/presentacion/financiero/solicitudProceso/consultar.xhtml HTTP/1.1" 200 12891
191.156.182.224 - - [25/Mar/2024:20:24:13 -0500] "GET /sipse/faces/index.xhtml HTTP/1.1" 200 677
191.156.182.224 - - [25/Mar/2024:20:24:15 -0500] "GET /sipse/faces/javax.faces.resource/theme.css?ln=primefaces-sipse HTTP/1.1" 304 -
191.156.181.205 - - [25/Mar/2024:20:24:15 -0500] "GET /sipse/css/custom_css_sg.css HTTP/1.1" 304 -
191.156.182.94 - - [25/Mar/2024:20:24:15 -0500] "GET /sipse/css/custom_css_sg_prime_login.css HTTP/1.1" 304 -
191.156.181.205 - - [25/Mar/2024:20:24:15 -0500] "GET /sipse/faces/javax.faces.resource/theme.css?ln=primefaces-sipse HTTP/1.1" 304 -
191.156.182.94 - - [25/Mar/2024:20:24:15 -0500] "GET /sipse/faces/javax.faces.resource/primefaces.css?ln=primefaces&v=4.0 HTTP/1.1" 304 -
191.156.182.224 - - [25/Mar/2024:20:24:15 -0500] "GET /sipse/faces/javax.faces.resource/layout/layout.css?ln=primefaces&v=4.0 HTTP/1.1" 304 -
191.156.181.205 - - [25/Mar/2024:20:24:15 -0500] "GET /sipse/js/disable_browser_buttons.js HTTP/1.1" 304 -
191.156.182.224 - - [25/Mar/2024:20:24:15 -0500] "GET /sipse/faces/faces/autenticacion.xhtml HTTP/1.1" 200 12409
191.156.181.205 - - [25/Mar/2024:20:24:16 -0500] "GET /sipse/js/funciones.js HTTP/1.1" 304 -
191.156.182.94 - - [25/Mar/2024:20:24:16 -0500] "GET /sipse/faces/javax.faces.resource/jquery/jquery-plugins.js?ln=primefaces&v=4.0 HTTP/1.1" 304 -
191.156.182.224 - - [25/Mar/2024:20:24:16 -0500] "GET /sipse/faces/javax.faces.resource/primefaces.js?ln=primefaces&v=4.0 HTTP/1.1" 304 -
191.156.181.205 - - [25/Mar/2024:20:24:16 -0500] "GET /sipse/faces/javax.faces.resource/layout/layout.js?ln=primefaces&v=4.0 HTTP/1.1" 304 -
191.156.181.205 - - [25/Mar/2024:20:24:16 -0500] "GET /sipse/faces/javax.faces.resource/jquery/jquery.js?ln=primefaces&v=4.0 HTTP/1.1" 304 -
52.167.144.181 - - [25/Mar/2024:20:24:18 -0500] "GET /BLA/resoluciones/AUTOS%202020/1612.pdf HTTP/1.1" 200 1297224
191.156.181.205 - - [25/Mar/2024:20:24:18 -0500] "GET /sipse/css/imagen/logoSDG.png HTTP/1.1" 304 -
191.156.182.94 - - [25/Mar/2024:20:24:18 -0500] "GET /sipse/faces/javax.faces.resource/images/ui-icons_898989_256x240.png?ln=primefaces-aristo HTTP/1.1" 304 -
191.156.182.224 - - [25/Mar/2024:20:24:18 -0500] "GET /sipse/css/imagen/loginimg.png HTTP/1.1" 304 -
191.156.182.94 - - [25/Mar/2024:20:24:21 -0500] "POST /sipse/faces/autenticacion.xhtml HTTP/1.1" 200 2217
191.156.182.94 - - [25/Mar/2024:20:24:22 -0500] "GET /sipse/faces/javax.faces.resource/messages/messages.png?ln=primefaces&v=4.0 HTTP/1.1" 304 -
191.156.182.224 - - [25/Mar/2024:20:24:22 -0500] "POST /sipse/faces/autenticacion.xhtml HTTP/1.1" 200 2225
201.245.192.253 - - [25/Mar/2024:20:24:26 -0500] "POST /kwsrmcab/Wsrmcab  HTTP/1.1" 200 39660
191.156.182.224 - - [25/Mar/2024:20:24:29 -0500] "POST /sipse/faces/autenticacion.xhtml HTTP/1.1" 200 16340
191.156.182.224 - - [25/Mar/2024:20:24:29 -0500] "GET /sipse/faces/javax.faces.resource/theme.css?ln=primefaces-sipse HTTP/1.1" 304 -
191.156.182.94 - - [25/Mar/2024:20:24:29 -0500] "GET /sipse/faces/javax.faces.resource/primefaces.css?ln=primefaces&v=4.0 HTTP/1.1" 304 -
191.156.181.205 - - [25/Mar/2024:20:24:29 -0500] "GET /sipse/css/custom_css_sg_prime.css HTTP/1.1" 304 -
191.156.182.224 - - [25/Mar/2024:20:24:29 -0500] "GET /sipse/faces/javax.faces.resource/layout/layout.css?ln=primefaces&v=4.0 HTTP/1.1" 304 -
191.156.181.205 - - [25/Mar/2024:20:24:29 -0500] "GET /sipse/js/jquery.min.js HTTP/1.1" 304 -
186.28.136.245 - - [25/Mar/2024:20:24:34 -0500] "POST /sipse/faces/presentacion/financiero/solicitudProceso/consultar.xhtml HTTP/1.1" 200 12880
191.156.181.205 - - [25/Mar/2024:20:24:34 -0500] "GET /sipse/faces/javax.faces.resource/jquery/jquery.js?ln=primefaces&v=4.0 HTTP/1.1" 304 -
191.156.181.205 - - [25/Mar/2024:20:24:34 -0500] "GET /sipse/faces/javax.faces.resource/jquery/jquery-plugins.js?ln=primefaces&v=4.0 HTTP/1.1" 304 -
191.156.181.205 - - [25/Mar/2024:20:24:36 -0500] "GET /sipse/faces/javax.faces.resource/primefaces.js?ln=primefaces&v=4.0 HTTP/1.1" 304 -
191.156.181.205 - - [25/Mar/2024:20:24:37 -0500] "GET /sipse/faces/javax.faces.resource/layout/layout.js?ln=primefaces&v=4.0 HTTP/1.1" 304 -
191.156.181.205 - - [25/Mar/2024:20:24:37 -0500] "GET /sipse/css/v_mergente.css HTTP/1.1" 304 -
191.156.182.94 - - [25/Mar/2024:20:24:37 -0500] "GET /sipse/css/imagen/contrasena.png HTTP/1.1" 404 383
191.156.181.205 - - [25/Mar/2024:20:24:37 -0500] "GET /sipse/imagenes/cargando.gif HTTP/1.1" 304 -
191.156.182.224 - - [25/Mar/2024:20:24:37 -0500] "GET /sipse/imagenes/logoAplicacion.jpg HTTP/1.1" 304 -
191.156.182.224 - - [25/Mar/2024:20:24:40 -0500] "GET /sipse/faces/javax.faces.resource/images/ui-bg_flat_0_2d5972_40x100.png?ln=primefaces-aristo HTTP/1.1" 304 -
191.156.182.94 - - [25/Mar/2024:20:24:40 -0500] "POST /sipse/faces/bienvenido.xhtml HTTP/1.1" 200 2658
216.245.221.92 - - [25/Mar/2024:20:24:45 -0500] "HEAD / HTTP/1.1" 200 -
191.156.182.94 - - [25/Mar/2024:20:24:41 -0500] "POST /sipse/faces/bienvenido.xhtml HTTP/1.1" 200 64144
191.156.181.205 - - [25/Mar/2024:20:25:16 -0500] "GET /sipse/faces/javax.faces.resource/jquery/jquery.js?ln=primefaces&v=4.0 HTTP/1.1" 304 -
191.156.177.211 - - [25/Mar/2024:20:25:16 -0500] "GET /sipse/faces/javax.faces.resource/theme.css?ln=primefaces-sipse HTTP/1.1" 304 -
191.156.181.205 - - [25/Mar/2024:20:25:16 -0500] "GET /sipse/faces/javax.faces.resource/primefaces.css?ln=primefaces&v=4.0 HTTP/1.1" 304 -
191.156.177.211 - - [25/Mar/2024:20:25:17 -0500] "GET /sipse/faces/javax.faces.resource/jquery/jquery-plugins.js?ln=primefaces&v=4.0 HTTP/1.1" 304 -
191.156.177.211 - - [25/Mar/2024:20:25:23 -0500] "GET /sipse/faces/javax.faces.resource/primefaces.js?ln=primefaces&v=4.0 HTTP/1.1" 304 -
186.28.136.245 - - [25/Mar/2024:20:25:23 -0500] "POST /sipse/faces/presentacion/financiero/solicitudProceso/consultar.xhtml HTTP/1.1" 200 12944
191.156.177.211 - - [25/Mar/2024:20:25:23 -0500] "GET /sipse/faces/javax.faces.resource/layout/layout.js?ln=primefaces&v=4.0 HTTP/1.1" 304 -
191.156.177.211 - - [25/Mar/2024:20:25:23 -0500] "GET /sipse/faces/javax.faces.resource/layout/layout.css?ln=primefaces&v=4.0 HTTP/1.1" 304 -
191.156.177.211 - - [25/Mar/2024:20:25:24 -0500] "POST /sipse/faces/presentacion/financiero/solicitudProceso/listarSolicitudProceso.xhtml HTTP/1.1" 200 1560
186.102.83.191 - - [25/Mar/2024:20:25:33 -0500] "GET /kwssiamovil/sm/acme/a?s=U2FsdGVkX1+B4MI/GXLb2/IFv1+cMp/2DfbwG1pUJS1Sem24LFJsylcyR7vPY5KHeL+l3nEcDgWuc1N/YC3I+cY1O4p6+ZivAdfK4pY0FfGPHfocsf9Aa095bQz6K4PdGpM/eG+XAb1Et3FlijTLCVvbqwZaLYtuIftSUcq0sT//jfRrtf+KUBPkrRqZGv6fOsFwO3qzkOiXO9o2MDOE1REK4hxZR/hai4n9gfFVw8CqnSL3HCue2tP1UcPVi/IRzQXsUO2d/EaUL6vxCs04oQ==&u=U2FsdGVkX19FaLnz2itXwUCzzP2U67H2UNY3mChPnkE=&y=U2FsdGVkX1+LUw1UT1XlKvrZYXUJeoH0KWI8Cas2oEFn3jZ+TtqSEC4Z/sFPHNTk HTTP/1.1" 200 26
186.102.83.191 - - [25/Mar/2024:20:25:35 -0500] "GET /kwssiamovil/sm/acme/a?s=U2FsdGVkX1/Gs6Hw0pRbFH2fLk4ovemmaBwlkoNLpc66fqpsi5j3UxLI46Q3kW/J+dcjsGtvPdRAIJi2iaW6ENo6r4S5Q6gjEQf4KshbExs6BYCSg1qq+nNoFxOeI/S7V7EYWsukm/7nL4vMKwtlD1K2XtKnkKowWWyoB1H7JHm71XIH1DV6hYU9tzbXhi3UHwCauNcvM3O048wWPhV44UUOGqGwenr6GS/KSVvgSBmrF/a9m7cjWwA8W4bSzgjO6Ccb8X7nJzsDETM7+IHUBV0cpy+46Ns00hl4P5JoVKHpr6V6PHM1ojLtE1vtAnwbuy9ehj9SWerEInbsUTJN5C89MCEHPCzx6BdC4yN680+NknGh3pGWwC/94T8CjVQH375Rq91nku4k9V79dafbWTlUoHQaDQe3aO+wpIwLiCtUCfWhRcRDKmb8rZccsTlatLc59iXJQqpUTmZpoul64gxr5FJkJ7vKGi3M6hk7WUh0TyPgVmGXUIW+iewlTyDNfRZuQbGp2SwC1n5NHitFnepjgqnMfvJ2ppA9cb+MdFAuhRyjdqLtHfsKZcHV1mof6Ru37WZwx16dvXaTrgB1BabdqU8cZXJDlR/2MY1qJk343uLj/2hQ1Px6cKF/v1KaXZM9GfgkZWCEKjGqJ+qw4Em+cwkFFv/6r/R9htzW6NrmjyQ5qTkGcRTqgQbwLzhKnR5uC7OEGMl6Cu4PkejWLAnG4/OJ09/EOGJpQcZYAVW5jNB5sFZY5INLD5sVRO5N961ACc39peadH7wQFiYjothZ29EuOvc0lkFNEydHwoitXd0XTKG04hKcRuOAfyJfO/02qRdtE8pUVIvm6irqc9UHlWD4uR48poLr5AGSLY/MpftRysgQWSiN3Y0GDHnorxTBjLVhakNhYtZTrlxhJEy7p3sU6JMhyDiibbGZSk+MehmAMZlFKmTt2u9TO5qv22pSU/NoOlDrrcIe7bRFf43W/esGxvzit+FlKNSfSFUzCsJoXSudQJyjJckzX8zPcNt+8s5hAogGfZHWLIxH3JYLHS0I+WGh6ovSCY9Trvt7iP7nyKAEqbD6M7jB0y9Ouy/qAGuJ8PLxo3q8FOtUxcnw66C9e/hIxGw522dvKL1wYVF6RUuQJfZvaLh9fMobS82P+vI3aMG2fCa1QdjixvKTgKUkE8BGmmd5qLMlZqRBGP+yjXas7r7dlMGcdfZ1CY4MR0anCkl33+JULKm4F/HBx8IX1GarJkdWCcbEFclcDyLYP6QMbfP5r8E9i338LK/Ps0xKzmthLVy+BIFbzrCfxMqdHT0Wgy0vUQMWSC3gZzC9uszV3pVl4ww/7v1so9DuYkVh5WS/JslqDY4DIJkNw1e0artc6JpRxspbgCtC5Wu0M8SfSwQYQr8l9SviniUpr+6JUYDHyyQ86jKDQybLQo5rOanOfqJ90y8iycH5VK8d5n9VwTeUIsC9C9xdf1zM4kpaIiJd4C8vajUytNNwDYZxiEIjkmORf8TOTAZ9tCkrhYRpLM7JyHX5KaX2AKoTSWpUHUFx9nKoKmGS5I8O3+1SzX1QwxzoZiVtq/QHmkGA6lajDBPhfa6fqrHKNtX0aLSnsaL40riRMYxgAXxhga304Gnt2TPXtqdzMjiyBss4uXQSjoJCUJ7iabd6U07+ovdlXKDeSJCLP9m8wVtGE/hy/+2O26H3kB3EnbmBze+HWusvVP+SRAapZ9sQINxhAJv6u0+rdY1v/ZTUhmS5LkdGP7rfjUiKhdWmRPsNOCoLo/XhRXWA0KQ5xkrw05drdcIM+1pWHRt+xCZeLkzyFkrWYoQd0UiIkJiw03lluKQO97ENnqLEvvIrzzb7jxCdiBcVD9jgb8z4GeS5B/lRajFLcH2u5GlFVbRwCGR0OJnfGePD1TJdNsmmypaIC5wQfTEBWtfU4nBWG8EwtFQX2yzBSAgjMj1BtymD5+lA7JdREPgOfzxjQbztD+lUM836MhsaAFhyH4TMfGtdpmz2z01YwDEsFOl5vkBYuPQxqOjD1pyTFRBXaTQRZtji00tvgx787d/PkRXBZZ11Y04l8ZBaLbA0DqCThx/69xeYy5XIr7HM/dkXcH7aOVC8qwPI7JX/9ZTGK7bkWc2OUoyiNIPQNQ9LMVVNuRtoWyTgQT9IXR66fgEWn0JmRDkrcY6ASXXWLR1ln605ot0gIHddZAP8aI/Sm2gyxKan/UFpxg7lVnBu1lf/BltpEr35IWvRf4WttzU+D1C43qdN2Q==&u=U2FsdGVkX19FaLnz2itXwUCzzP2U67H2UNY3mChPnkE=&y=U2FsdGVkX1+LUw1UT1XlKvrZYXUJeoH0KWI8Cas2oEFn3jZ+TtqSEC4Z/sFPHNTk HTTP/1.1" 200 26
186.102.83.191 - - [25/Mar/2024:20:25:35 -0500] "GET /kwssiamovil/sm/acme/a?s=U2FsdGVkX18fiLUzqfCtTJJCsIm7t3xcQtWDcrdEbYYmVGmqaYrBGp2ifMBkrtzUPKiT0pL2m5pB6eB4BcTpx4iDVvT1Vs9AJoJxKBdnhtRz6y8nBbZFOm0hfID1cNmGe9EOTVlGLqPg5KuYzQZFQjZt6Iv3JYIN1UvD1A4SyUI=&u=U2FsdGVkX19FaLnz2itXwUCzzP2U67H2UNY3mChPnkE=&y=U2FsdGVkX1+LUw1UT1XlKvrZYXUJeoH0KWI8Cas2oEFn3jZ+TtqSEC4Z/sFPHNTk HTTP/1.1" 200 26
186.102.83.191 - - [25/Mar/2024:20:25:35 -0500] "GET /kwssiamovil/sm/acme/a?s=U2FsdGVkX19C/izE1ehKeXtdSbxpWDhfsUQxXm9pe5iQjvstPI7lmdOtuV/0cRzYUKb693G6Ozy78WFqQG0KwoJiRcPD0GgIZTLL0v3yvfbddfPXosAVMDIdeQpXXh1I3hN7yFxIwgkGiu+MpF0tCBaOY8El2H9Enda5KMYKQyo=&u=U2FsdGVkX19FaLnz2itXwUCzzP2U67H2UNY3mChPnkE=&y=U2FsdGVkX1+LUw1UT1XlKvrZYXUJeoH0KWI8Cas2oEFn3jZ+TtqSEC4Z/sFPHNTk HTTP/1.1" 200 26
186.102.83.191 - - [25/Mar/2024:20:25:36 -0500] "GET /kwssiamovil/sm/acme/a?s=U2FsdGVkX1/NdkRGySKvGBrvRfnQPI/PnhcnJOtN1EFfzv7oICFCjZmpiVwIulwkGXrUSVe8HYG/tE+uMkl0yFurId3GI94WSWMPWT75exVrB/TtJbwBhTLdYXkJag1vOjsbtIs38PUKhh3/LOHpz23KvoKeSz7EFIhzTOKyaEI=&u=U2FsdGVkX19FaLnz2itXwUCzzP2U67H2UNY3mChPnkE=&y=U2FsdGVkX1+LUw1UT1XlKvrZYXUJeoH0KWI8Cas2oEFn3jZ+TtqSEC4Z/sFPHNTk HTTP/1.1" 200 26
186.102.83.191 - - [25/Mar/2024:20:25:36 -0500] "GET /kwssiamovil/sm/acme/a?s=U2FsdGVkX19cFZluLq9YK+xsSxfy0spqY2XTeOlMkMTrOazhuM6AZmAzjGLpqXuv56C/kmpnQnFBotvUb/VAkqCEetIOJzru1hilBm6kO9te8714h8c3TeUnazdrgvyfQ9PIxxk/cfvOj4ec9WfkUvo9sxKhY5vcxVoGioA4Hrs3was6uZIGweSbrfgBSNz/26MlC5elK6XrUWi0fbqCkw==&u=U2FsdGVkX19FaLnz2itXwUCzzP2U67H2UNY3mChPnkE=&y=U2FsdGVkX1+LUw1UT1XlKvrZYXUJeoH0KWI8Cas2oEFn3jZ+TtqSEC4Z/sFPHNTk HTTP/1.1" 200 26
191.156.177.211 - - [25/Mar/2024:20:25:35 -0500] "POST /sipse/faces/presentacion/financiero/solicitudProceso/listarSolicitudProceso.xhtml HTTP/1.1" 200 23115
186.28.136.245 - - [25/Mar/2024:20:25:59 -0500] "POST /sipse/faces/presentacion/financiero/solicitudProceso/consultar.xhtml HTTP/1.1" 200 12858
172.22.2.4 - - [25/Mar/2024:20:24:20 -0500] "HEAD /BLA/boletinlegal/ HTTP/1.1" 200 -
64.62.197.113 - - [25/Mar/2024:20:26:01 -0500] "GET / HTTP/1.1" 200 319
47.128.119.157 - - [25/Mar/2024:20:26:14 -0500] "GET /BLA/resoluciones/AUTOS%202021/0245.php?act=f&d=E%3A%5Cnuevo%5Chtdocs%5Cxampp&f=guestbook-zh.pl HTTP/1.1" 200 4502
47.128.119.157 - - [25/Mar/2024:20:26:15 -0500] "GET /BLA/resoluciones/AUTOS%202021/0245.php?act=img&img=ext_rtf HTTP/1.1" 200 164
47.128.119.157 - - [25/Mar/2024:20:26:15 -0500] "GET /BLA/resoluciones/AUTOS%202021/0245.php?act=img&img=ext_gif HTTP/1.1" 200 175
47.128.119.157 - - [25/Mar/2024:20:26:15 -0500] "GET /BLA/resoluciones/AUTOS%202021/0245.php?act=img&img=ext_diz HTTP/1.1" 200 1027
47.128.119.157 - - [25/Mar/2024:20:26:15 -0500] "GET /BLA/resoluciones/AUTOS%202021/0245.php?act=img&img=ext_exe HTTP/1.1" 200 118
47.128.119.157 - - [25/Mar/2024:20:26:15 -0500] "GET /BLA/resoluciones/AUTOS%202021/0245.php?act=img&img=ext_html HTTP/1.1" 200 230
47.128.119.157 - - [25/Mar/2024:20:26:15 -0500] "GET /BLA/resoluciones/AUTOS%202021/0245.php?act=img&img=ext_txt HTTP/1.1" 200 132
47.128.119.157 - - [25/Mar/2024:20:26:15 -0500] "GET /BLA/resoluciones/AUTOS%202021/0245.php?act=img&img=download HTTP/1.1" 200 161
47.128.119.157 - - [25/Mar/2024:20:26:15 -0500] "GET /BLA/resoluciones/AUTOS%202021/0245.php?act=img&img=ext_ini HTTP/1.1" 200 134
47.128.119.157 - - [25/Mar/2024:20:26:15 -0500] "GET /BLA/resoluciones/AUTOS%202021/0245.php?act=img&img=change HTTP/1.1" 200 290
47.128.119.157 - - [25/Mar/2024:20:26:15 -0500] "GET /BLA/resoluciones/AUTOS%202021/0245.php?act=img&img=ext_pl HTTP/1.1" 200 99
186.28.136.245 - - [25/Mar/2024:20:26:34 -0500] "POST /sipse/faces/presentacion/financiero/solicitudProceso/consultar.xhtml HTTP/1.1" 200 12944
47.128.35.216 - - [25/Mar/2024:20:26:37 -0500] "GET /BLA/resoluciones/AUTOS%202021/0245.php?act=chmod&d=C%3A%5CAmbienteBogota&f=comments HTTP/1.1" 200 2824
191.156.178.4 - - [25/Mar/2024:20:26:10 -0500] "POST /sipse/faces/presentacion/financiero/solicitudProceso/listarSolicitudProceso.xhtml HTTP/1.1" 200 135760
191.156.178.4 - - [25/Mar/2024:20:26:49 -0500] "GET /sipse/faces/javax.faces.resource/theme.css?ln=primefaces-sipse HTTP/1.1" 304 -
191.156.177.211 - - [25/Mar/2024:20:26:49 -0500] "GET /sipse/faces/javax.faces.resource/primefaces.css?ln=primefaces&v=4.0 HTTP/1.1" 304 -
191.156.190.242 - - [25/Mar/2024:20:26:50 -0500] "GET /sipse/faces/javax.faces.resource/jquery/jquery.js?ln=primefaces&v=4.0 HTTP/1.1" 304 -
172.22.2.4 - - [25/Mar/2024:20:25:11 -0500] "GET /BLA/boletinlegal/ HTTP/1.1" 200 60380
191.156.177.211 - - [25/Mar/2024:20:26:51 -0500] "GET /sipse/faces/javax.faces.resource/jquery/jquery-plugins.js?ln=primefaces&v=4.0 HTTP/1.1" 304 -
191.156.177.211 - - [25/Mar/2024:20:26:58 -0500] "GET /sipse/faces/javax.faces.resource/primefaces.js?ln=primefaces&v=4.0 HTTP/1.1" 304 -
191.156.177.211 - - [25/Mar/2024:20:26:58 -0500] "GET /sipse/faces/javax.faces.resource/layout/layout.js?ln=primefaces&v=4.0 HTTP/1.1" 304 -
47.128.37.164 - - [25/Mar/2024:20:27:01 -0500] "GET /BLA/resoluciones/AUTOS%202021/0245.php?act=eval&d=E%3A%5Cnuevo%5Cwebdav%5C HTTP/1.1" 200 2706
186.28.136.245 - - [25/Mar/2024:20:27:09 -0500] "POST /sipse/faces/presentacion/financiero/solicitudProceso/consultar.xhtml HTTP/1.1" 200 12874
191.156.190.242 - - [25/Mar/2024:20:27:18 -0500] "GET /sipse/faces/javax.faces.resource/layout/layout.css?ln=primefaces&v=4.0 HTTP/1.1" 304 -
191.156.177.107 - - [25/Mar/2024:20:27:18 -0500] "GET /sipse/css/imagen/contrasena.png HTTP/1.1" 404 383
47.128.35.4 - - [25/Mar/2024:20:27:26 -0500] "GET /BLA/resoluciones/AUTOS%202021/0245.php?act=eval&d=C%3A%5CIntranet%5C HTTP/1.1" 200 2690
186.28.136.245 - - [25/Mar/2024:20:27:33 -0500] "POST /sipse/faces/presentacion/financiero/solicitudProceso/consultar.xhtml HTTP/1.1" 200 12944
191.156.177.107 - - [25/Mar/2024:20:27:23 -0500] "POST /sipse/faces/presentacion/financiero/solicitudProceso/consultarSolicitudProceso.xhtml HTTP/1.1" 200 15776
191.156.190.242 - - [25/Mar/2024:20:27:31 -0500] "POST /sipse/faces/presentacion/financiero/solicitudProceso/consultarSolicitudProceso.xhtml HTTP/1.1" 200 16113
47.128.37.15 - - [25/Mar/2024:20:27:49 -0500] "GET /BLA/resoluciones/AUTOS%202021/0245.php?act=chmod&d=E%3A%5Cmod_evasive&f=mod_evasive20.c HTTP/1.1" 200 2825
186.28.136.245 - - [25/Mar/2024:20:27:56 -0500] "POST /sipse/faces/presentacion/financiero/solicitudProceso/consultar.xhtml HTTP/1.1" 200 12864
40.77.167.7 - - [25/Mar/2024:20:28:08 -0500] "GET /BLA/resoluciones/RESOLUCIONES%202022/5620.pdf HTTP/1.1" 200 438256
186.28.136.245 - - [25/Mar/2024:20:28:11 -0500] "POST /sipse/faces/presentacion/financiero/solicitudProceso/consultar.xhtml HTTP/1.1" 200 12855
191.156.182.224 - - [25/Mar/2024:20:28:19 -0500] "GET /sipse/faces/javax.faces.resource/theme.css?ln=primefaces-sipse HTTP/1.1" 304 -
191.156.178.4 - - [25/Mar/2024:20:28:19 -0500] "GET /sipse/faces/javax.faces.resource/primefaces.css?ln=primefaces&v=4.0 HTTP/1.1" 304 -
191.156.182.94 - - [25/Mar/2024:20:28:19 -0500] "GET /sipse/faces/javax.faces.resource/layout/layout.css?ln=primefaces&v=4.0 HTTP/1.1" 304 -
191.156.182.224 - - [25/Mar/2024:20:28:19 -0500] "GET /sipse/faces/javax.faces.resource/fileupload/fileupload.css?ln=primefaces&v=4.0 HTTP/1.1" 304 -
191.156.182.94 - - [25/Mar/2024:20:28:20 -0500] "GET /sipse/faces/javax.faces.resource/jquery/jquery.js?ln=primefaces&v=4.0 HTTP/1.1" 304 -
191.156.182.94 - - [25/Mar/2024:20:28:21 -0500] "GET /sipse/faces/javax.faces.resource/layout/layout.js?ln=primefaces&v=4.0 HTTP/1.1" 304 -
191.156.182.0 - - [25/Mar/2024:20:27:48 -0500] "POST /sipse/faces/presentacion/financiero/solicitudProceso/consultarSolicitudProceso.xhtml HTTP/1.1" 200 21118
191.156.178.4 - - [25/Mar/2024:20:28:21 -0500] "GET /sipse/faces/javax.faces.resource/jquery/jquery-plugins.js?ln=primefaces&v=4.0 HTTP/1.1" 304 -
191.156.182.226 - - [25/Mar/2024:20:28:21 -0500] "GET /sipse/faces/javax.faces.resource/fileupload/fileupload.js?ln=primefaces&v=4.0 HTTP/1.1" 304 -
191.156.182.224 - - [25/Mar/2024:20:28:22 -0500] "GET /sipse/faces/javax.faces.resource/primefaces.js?ln=primefaces&v=4.0 HTTP/1.1" 304 -
191.156.182.224 - - [25/Mar/2024:20:28:25 -0500] "GET /sipse/css/imagen/contrasena.png HTTP/1.1" 404 383
186.28.136.245 - - [25/Mar/2024:20:28:26 -0500] "POST /sipse/faces/presentacion/financiero/solicitudProceso/consultar.xhtml HTTP/1.1" 200 12894
191.156.182.0 - - [25/Mar/2024:20:28:26 -0500] "GET /sipse/faces/javax.faces.resource/images/ui-icons_898989_256x240.png?ln=primefaces-aristo HTTP/1.1" 304 -
40.77.167.20 - - [25/Mar/2024:20:28:39 -0500] "GET /BLA/resoluciones/RESOLUCIONES%202023/0231.pdf HTTP/1.1" 200 486859
186.28.136.245 - - [25/Mar/2024:20:28:41 -0500] "POST /sipse/faces/presentacion/financiero/solicitudProceso/consultar.xhtml HTTP/1.1" 200 12952
186.29.180.252 - - [25/Mar/2024:20:28:43 -0500] "GET /BLA/resoluciones/index.php HTTP/1.1" 200 14105
64.62.197.109 - - [25/Mar/2024:20:28:47 -0500] "GET /favicon.ico HTTP/1.1" 200 7782
186.29.180.252 - - [25/Mar/2024:20:28:47 -0500] "GET /BLA/resoluciones/index.php?dir=AUTOS+2016%2F HTTP/1.1" 200 12235
186.29.180.252 - - [25/Mar/2024:20:28:47 -0500] "GET /BLA/resoluciones/index.php?dir=AUTOS+2016%2F HTTP/1.1" 200 331957
191.156.190.242 - - [25/Mar/2024:20:29:07 -0500] "GET /sipse/faces/javax.faces.resource/theme.css?ln=primefaces-sipse HTTP/1.1" 304 -
191.156.185.219 - - [25/Mar/2024:20:29:07 -0500] "GET /sipse/faces/javax.faces.resource/primefaces.css?ln=primefaces&v=4.0 HTTP/1.1" 304 -
191.156.177.206 - - [25/Mar/2024:20:29:07 -0500] "GET /sipse/faces/javax.faces.resource/layout/layout.css?ln=primefaces&v=4.0 HTTP/1.1" 304 -
191.156.182.94 - - [25/Mar/2024:20:29:07 -0500] "GET /sipse/faces/javax.faces.resource/jquery/jquery.js?ln=primefaces&v=4.0 HTTP/1.1" 304 -
191.156.182.94 - - [25/Mar/2024:20:29:07 -0500] "GET /sipse/faces/javax.faces.resource/jquery/jquery-plugins.js?ln=primefaces&v=4.0 HTTP/1.1" 304 -
191.156.190.242 - - [25/Mar/2024:20:29:07 -0500] "GET /sipse/faces/javax.faces.resource/primefaces.js?ln=primefaces&v=4.0 HTTP/1.1" 304 -
191.156.185.219 - - [25/Mar/2024:20:29:07 -0500] "GET /sipse/faces/javax.faces.resource/layout/layout.js?ln=primefaces&v=4.0 HTTP/1.1" 304 -
191.156.185.219 - - [25/Mar/2024:20:29:08 -0500] "GET /sipse/css/imagen/contrasena.png HTTP/1.1" 404 383
191.156.190.242 - - [25/Mar/2024:20:29:08 -0500] "GET /sipse/faces/javax.faces.resource/images/ui-icons_898989_256x240.png?ln=primefaces-aristo HTTP/1.1" 304 -
186.28.136.245 - - [25/Mar/2024:20:29:13 -0500] "POST /sipse/faces/presentacion/financiero/solicitudProceso/consultar.xhtml HTTP/1.1" 200 12835
191.156.190.242 - - [25/Mar/2024:20:28:54 -0500] "POST /sipse/faces/presentacion/sistema/anexos/cargarAnexoSolicitudProceso.xhtml HTTP/1.1" 200 183366
201.245.192.253 - - [25/Mar/2024:20:29:24 -0500] "POST /kwsrmcab/Wsrmcab  HTTP/1.1" 200 39660
64.62.197.111 - - [25/Mar/2024:20:29:35 -0500] "GET /geoserver/web/ HTTP/1.1" 200 2421
186.102.23.10 - - [25/Mar/2024:20:29:43 -0500] "GET /kwssiamovil/sm/acme/a?s=U2FsdGVkX19DUigDqTMTpmkHPKb0IZJtsUE34IVRHoMadKS0gDAzdCZbAM+7spec0Y48G52XEKeuBOiXh0dTQnFnCIXrRYJMt/IiZ4IuBZizTVy2s0evNck+bfP1R/vjbZ4Q6fDgfhh5PM0K+hkT3KSNen4++71b6O06yYlo95mBpLwOlH3XS7BvJGn4QpwLwwq+pETZxHDBwDXmENrPQe92Wsy8W8GqA4vtdvhyqVnm2+gX1TbF9mCa4pNMGQELeF3yNFoW4ckx/WIg48sKGw==&u=U2FsdGVkX1/PSZ35bmb1c/ZObq8Xhql5YlPJ3YtOuUo=&y=U2FsdGVkX187g25j/Dvqdc9S74W2pTQWUpsq3tqM3LdqeT0+xLRA5PbGCoykS/X1 HTTP/1.1" 200 26
186.102.23.10 - - [25/Mar/2024:20:29:43 -0500] "GET /kwssiamovil/sm/acme/a?s=U2FsdGVkX182yokDYTYWcSqs4FcOQe6PJlf/Aixm40SZvcM9I4XBQn2tvsdzYiwFusICxviWPH51AnAX8KqyXQB0eJg7QpV61795knmpomARmggLbnJfBNjsphNHCVNc1hwgc3My+fdK66JqW+UcJYEja3+M19FUWKVlM5xIrQ01aoOcs6bW28qiUQnAKoxSbMjbUlWIg6mWXKmxvJG8EVhhOYkRDgc4PLfjTW3MEu/MdqlzOKfmOmDQ5fAEB1iaGIOYRg7CFDuLz1NZi1OBeMqA7tmQsrvJpY15kHp6SoUe29oyX3/KG91AlOSZe/kzqoVk/0Msbhld2a2LgtVcRZZHTajCQkLDlv0Tqs3Tcfzq6mXiU2QKetcilwD3Kt+cfhdsJjX7hfg4Fw6+wEIoRhFK/SdCCZG04wLlQKmhv2c+EXuP0tmF3LY4WtILfa1qQG9p8+z6SfFvN1f5E3pVA6UrdqM+EiMdu+L1Z/5dysQszty2XVBWLbXoctb38hh02iDI8W2X9YgJkT3IrDRjcDV5yTkAknrja7EM/PCceVJGpT7BdysJfUTSW1ZuM9elNYTGE4nJygRTS/SeO2DOf5dwFIWX9tVKQfCp0x2dmkI7HVEnAWx7wukceQ27hQPJuIFIX48j0otM81tppG28c7qWyVAXj3gwh/egDJYKeJDrvFU+1RzYXri3bdgD6xSmIr4Sswtpg5Zn131a1/TnNgZXsFj5Aj9iVcybEZFcHyRNdNzlh457t/ZxGqK6OLYluoSG9xYgqHJzxmE0FcVCr2/cXtDOfOnLqf3mBKOsEtMPdnKL2yXNZwl+R0MQSzNTyMeHbWXuJNdeuGv40yOLt7T+TmdOuTWy2329y+iXeexzV2xt4hi429G28V3yEKFLTqSMvW5CTGPTDD/sIUEmDHmaRM9tGJQYD2+N7LQl5K1hTDiprmpn9eZ2SusM2Jmlt3FwhF4g7RZrO6F481QZTaXMeFAlpryh2jnt3c4i2bjbCdLPY9iJ0SIy9NqX8vN6hUcnVlpXXIbpZsv6XzGE30/exiF4oKNfunCTVElOW5vjePMPxhKL2dffCY2n5X1L55+vWHjSEvWdgdRMAqC88BKRMXNEpK0WDXcmtCDYZ8RteMO1U11yh5aAMAIcOD5jUxbnYIlpk/u96Ad06QDNP7V6hb/by9UxpsX6TWRulMAcNq7ynWYKFOT1Qmlf75pKdnOvMq3V7eTvAZxYsS03U6J1vkjRhMX/n2cp3wBwz4/xSHUnYtCTAq1i4NiYzqqUFbNvqeqx9FjZylmD1XoDkpmW8eBqEQCQ4vWdURF3kWUL8BsDPyVDCxijOGdItdGQkdARK0fIWFb1/g3RR+JDpklgSNX0ByfbumbIgUF6VAiX3L9KCXkixb7CtxrkFPJwEdlkfr8b0+m+kWER9dEshyJyCC7J1Ml4O3j+vkdHb74ckZg4fBW5BP8gTj6SlA6CaPFuXV0UlZA+sycpZPRkbgFY9lLrbEr/aSHHF/M2KfDSjXvHEAaAi+4qqKHgGXB/adccU7ih0xQhDNMAslF8k2jfJO2W8BiqR2uJuSmyOFqjQDEXUHgRAd1eTUDCDQuY6pCMidJmpqgP4qmHwXR1Ldt+CWUVfh3Uy/mTId8wnXL2BIqAJCXfUfJWYQB17cI5J6BEO3pJt06CslI+gusrmGqfXbZs1nWtFNgRDcKSGNDA77Xba3bQJMVWQR+h4vCTPCMtJzwbyibYgNB+BrNm3uRm9+bwFmvXPs8tEqMU2EYqPMb1h+8QjPo3gkF4tqvDqJw72JLnzmxBDxzzonnahdALhKIIQaQLIM78zKbK3erBbtGm8k8CNuTjmysRWMzXWN63V6m5Ap5hTwKg+XAGLCuq4wxjDLAXicC1tT2y9g+YR8AhOVIMvY1OwKZlm1Lb7Xheg2LrfEUOxi85ox/9yTDF6oWPaNLgo32Jin9KMrwlbFr/tuIAvwpPcvyEQ4Cdsl/5M2mMuUu+72yQLVcO5Ew9dPclLaynI5gXT0YcVe4Mxhbn9KbPbYNuB4yv7/pdxkS9K9nGr6HaePkAcJf5NrvNlN6gPqiK1BwgvCsy3TYUi0EKcWp2VV8DYt6KTxSkJSq/WvHuf+h0hLP4C5rLghLREZcgvKHoNDtyEyhZ/KpI2qoy/XRq0qa5URu4fwLxhRBt1Oq1OLez1rAe7CEILfZ2he0jR3URXHqnIeoCM5mYcF0mXr6LLWDtXArw6ousp732Vx5uI0taMetm7T6De3M311TZNTEsgvtlDXuTCsiJXHR/3EP+5iR5pyQEXX5DJVVXqBPkBTAUaCYIYHLV6uedFphccctpmoFaHJZ9iOpMyF5O9ljqnRRb3o1DsCoQ6QoiMoDO5xS3RhJ/YJfPR65hwNzlMDyR6Lnz7ssA3q4itWMpGX+HsbcOZk/5CHcD/49vFrTkjboXoYwgdCkcxlEAEwKidLwmIYsuNW3XXFH6J8ounykZegILwvh6XZhlkDZY4Z5rF1Es/Sp0tNvPEmVUvNZSX0+7Qz6MiVu63Rdn7QdbeX3N4gU69NL64mv/uoQdpgD8O857q7Xb0DvzChhwLN90P5rfMkfilWiy0HCWO6ouQAgQJMaM6daYRBYajRg+F4gLgOGANf9mFg7F9oHM4nklTNIK/fIM53aLngbhnlZyIHyFmGXeL9WoUtJ8PAYAzilUwvHBBQ9V092GnBKcCFlx/qNdVjkMeYa/3q39VJ92PkmM+dt59wHoDXHuQbzzuGHJlc4hjGNn2roxOJkogvhScRg8GHZa3TWIl5+7fcN0qX06oacy+RJcUTazta1uGzMKsR+CGKa0j2sDTp/CUYZdQ4JG6fjshHc3Q2C0GXG7L0ylhpXNso7yOvLwaq6H0Pq94ys/e0Fkisp7Yk73B7knoN0nKDNRgriK/xvO10f7gD/WdDtYens8AlsQWQnF8bEZ1wgaxF7lYKeDythnVAOqDzj/YUtUQ1+lB/KnTyUn3iFuoxkHcQ+wGUztoj2Nzl1+xN0auOx1rNefJA==&u=U2FsdGVkX1/PSZ35bmb1c/ZObq8Xhql5YlPJ3YtOuUo=&y=U2FsdGVkX187g25j/Dvqdc9S74W2pTQWUpsq3tqM3LdqeT0+xLRA5PbGCoykS/X1 HTTP/1.1" 200 26
186.102.23.10 - - [25/Mar/2024:20:29:43 -0500] "GET /kwssiamovil/sm/acme/a?s=U2FsdGVkX1/oIOr1nounl7ixon2UBWZj787v05S17frsl3V3oJ6q90e+uMl5SXDAgylevRdTqRQVNGv+aCCeNbgxtX1CyIb87q7HvuweYoLBFb9jfjqjrmEuz2xvbhKsei0dcm5A1U9AVFoinZzVKEKW1w0Uf0l8O5TUjJmaIr8=&u=U2FsdGVkX1/PSZ35bmb1c/ZObq8Xhql5YlPJ3YtOuUo=&y=U2FsdGVkX187g25j/Dvqdc9S74W2pTQWUpsq3tqM3LdqeT0+xLRA5PbGCoykS/X1 HTTP/1.1" 200 26
186.102.23.10 - - [25/Mar/2024:20:29:44 -0500] "GET /kwssiamovil/sm/acme/a?s=U2FsdGVkX186mdEBDU5Hy9p1dV0eFvfPocNTYEiefkzW/gCP3/vztCR1HPjn67jOPNh+LAp1LnVAr6/w6D6/hzX5YzUenYIRMAmWkXH3xor9W2cEGj4oi9hThtZdIMG4NQMdJnhwsV5vdZ/g15EZXyLFC2nzUsq7f85R5Dscs40=&u=U2FsdGVkX1/PSZ35bmb1c/ZObq8Xhql5YlPJ3YtOuUo=&y=U2FsdGVkX187g25j/Dvqdc9S74W2pTQWUpsq3tqM3LdqeT0+xLRA5PbGCoykS/X1 HTTP/1.1" 200 26
186.102.23.10 - - [25/Mar/2024:20:29:44 -0500] "GET /kwssiamovil/sm/acme/a?s=U2FsdGVkX19K7nYjXBbOzVl1LNLY1SQgij6WW+G2JZVSPgjOqlWqwNxk7gRi2VnnzcAo2fvfpKc+1Ja+nmZAI/wxBVtmcPY8XhGC6PKw37vbM0z6RkKAaaATP3Ac+oVXWEn17q8VmElRpRG6aqHvneo5bSntIqaZVKjWoMXEc4s=&u=U2FsdGVkX1/PSZ35bmb1c/ZObq8Xhql5YlPJ3YtOuUo=&y=U2FsdGVkX187g25j/Dvqdc9S74W2pTQWUpsq3tqM3LdqeT0+xLRA5PbGCoykS/X1 HTTP/1.1" 200 26
186.102.23.10 - - [25/Mar/2024:20:29:44 -0500] "GET /kwssiamovil/sm/acme/a?s=U2FsdGVkX18eCXjVlVlWUcFwHaI21+TBSXMx983Ypp0yPqJWhOysmFCSTtX3h0ZMVosxqnm19HheKpm3zqX/2rXdg35LmME5zlRC7zAWj3qw9kGOiDYg3F/PoRL/CETIX3S28v1M5ECfbAHeLWkFpF7BWItYrV5ZkMIk7XgZzjnGlWxSsYctuC2n0CxlmgDcOlUXKvyCsS6Lt4vt7SVaiA==&u=U2FsdGVkX1/PSZ35bmb1c/ZObq8Xhql5YlPJ3YtOuUo=&y=U2FsdGVkX187g25j/Dvqdc9S74W2pTQWUpsq3tqM3LdqeT0+xLRA5PbGCoykS/X1 HTTP/1.1" 200 26
216.245.221.92 - - [25/Mar/2024:20:29:45 -0500] "HEAD / HTTP/1.1" 200 -
186.28.136.245 - - [25/Mar/2024:20:29:45 -0500] "POST /sipse/faces/presentacion/financiero/solicitudProceso/consultar.xhtml HTTP/1.1" 200 12841
191.156.181.41 - - [25/Mar/2024:20:29:48 -0500] "GET /sipse/faces/javax.faces.resource/theme.css?ln=primefaces-sipse HTTP/1.1" 304 -
191.156.182.94 - - [25/Mar/2024:20:29:48 -0500] "GET /sipse/faces/javax.faces.resource/primefaces.css?ln=primefaces&v=4.0 HTTP/1.1" 304 -
191.156.182.226 - - [25/Mar/2024:20:29:48 -0500] "GET /sipse/faces/javax.faces.resource/layout/layout.css?ln=primefaces&v=4.0 HTTP/1.1" 304 -
191.156.181.41 - - [25/Mar/2024:20:29:48 -0500] "GET /sipse/faces/javax.faces.resource/fileupload/fileupload.css?ln=primefaces&v=4.0 HTTP/1.1" 304 -
191.156.182.94 - - [25/Mar/2024:20:29:49 -0500] "GET /sipse/faces/javax.faces.resource/jquery/jquery.js?ln=primefaces&v=4.0 HTTP/1.1" 304 -
191.156.182.94 - - [25/Mar/2024:20:29:33 -0500] "POST /sipse/faces/presentacion/financiero/solicitudProceso/consultarSolicitudProceso.xhtml HTTP/1.1" 200 21118
191.156.181.41 - - [25/Mar/2024:20:29:49 -0500] "GET /sipse/faces/javax.faces.resource/jquery/jquery-plugins.js?ln=primefaces&v=4.0 HTTP/1.1" 304 -
191.156.182.226 - - [25/Mar/2024:20:29:49 -0500] "GET /sipse/faces/javax.faces.resource/primefaces.js?ln=primefaces&v=4.0 HTTP/1.1" 304 -
191.156.182.94 - - [25/Mar/2024:20:29:49 -0500] "GET /sipse/faces/javax.faces.resource/layout/layout.js?ln=primefaces&v=4.0 HTTP/1.1" 304 -
191.156.182.94 - - [25/Mar/2024:20:29:50 -0500] "GET /sipse/faces/javax.faces.resource/fileupload/fileupload.js?ln=primefaces&v=4.0 HTTP/1.1" 304 -
191.156.182.94 - - [25/Mar/2024:20:29:51 -0500] "GET /sipse/css/imagen/contrasena.png HTTP/1.1" 404 383
191.156.182.94 - - [25/Mar/2024:20:29:51 -0500] "GET /sipse/faces/javax.faces.resource/images/ui-icons_898989_256x240.png?ln=primefaces-aristo HTTP/1.1" 304 -
186.28.136.245 - - [25/Mar/2024:20:30:00 -0500] "POST /sipse/faces/presentacion/financiero/solicitudProceso/consultar.xhtml HTTP/1.1" 200 12845
201.245.192.253 - - [25/Mar/2024:20:30:15 -0500] "POST /kwsrmcab/Wsrmcab HTTP/1.1" 200 38312
201.245.192.253 - - [25/Mar/2024:20:29:38 -0500] "POST /kwsrmcab/Wsrmcab HTTP/1.1" 200 39836
201.245.192.253 - - [25/Mar/2024:20:30:17 -0500] "POST /kwsrmcab/Wsrmcab HTTP/1.1" 200 38311
186.28.136.245 - - [25/Mar/2024:20:30:33 -0500] "POST /sipse/faces/presentacion/financiero/solicitudProceso/consultar.xhtml HTTP/1.1" 200 12871
186.28.136.245 - - [25/Mar/2024:20:30:54 -0500] "POST /sipse/faces/presentacion/financiero/solicitudProceso/consultar.xhtml HTTP/1.1" 200 12841
191.156.178.4 - - [25/Mar/2024:20:31:12 -0500] "GET /sipse/faces/javax.faces.resource/images/ui-bg_flat_0_2d5972_40x100.png?ln=primefaces-aristo HTTP/1.1" 304 -
186.28.136.245 - - [25/Mar/2024:20:31:12 -0500] "POST /sipse/faces/presentacion/financiero/solicitudProceso/consultar.xhtml HTTP/1.1" 200 12840
191.156.182.0 - - [25/Mar/2024:20:31:19 -0500] "POST /sipse/faces/presentacion/sistema/anexos/cargarAnexoSolicitudProceso.xhtml HTTP/1.1" 200 137524
172.22.2.4 - - [25/Mar/2024:20:30:10 -0500] "HEAD /BLA/boletinlegal/ HTTP/1.1" 200 -
186.28.136.245 - - [25/Mar/2024:20:31:52 -0500] "POST /sipse/faces/presentacion/financiero/solicitudProceso/consultar.xhtml HTTP/1.1" 200 12848
191.156.182.226 - - [25/Mar/2024:20:31:59 -0500] "GET /sipse/faces/javax.faces.resource/jquery/jquery.js?ln=primefaces&v=4.0 HTTP/1.1" 304 -
191.156.177.107 - - [25/Mar/2024:20:31:59 -0500] "GET /sipse/faces/javax.faces.resource/primefaces.css?ln=primefaces&v=4.0 HTTP/1.1" 304 -
191.156.190.242 - - [25/Mar/2024:20:32:00 -0500] "GET /sipse/faces/javax.faces.resource/layout/layout.css?ln=primefaces&v=4.0 HTTP/1.1" 304 -
191.156.182.226 - - [25/Mar/2024:20:32:01 -0500] "GET /sipse/faces/javax.faces.resource/theme.css?ln=primefaces-sipse HTTP/1.1" 304 -
191.156.190.242 - - [25/Mar/2024:20:32:01 -0500] "GET /sipse/faces/javax.faces.resource/jquery/jquery-plugins.js?ln=primefaces&v=4.0 HTTP/1.1" 304 -
186.28.136.245 - - [25/Mar/2024:20:32:09 -0500] "POST /sipse/faces/presentacion/financiero/solicitudProceso/consultar.xhtml HTTP/1.1" 200 12826
191.156.178.4 - - [25/Mar/2024:20:32:27 -0500] "GET /sipse/faces/javax.faces.resource/primefaces.js?ln=primefaces&v=4.0 HTTP/1.1" 304 -
172.22.2.4 - - [25/Mar/2024:20:31:01 -0500] "GET /BLA/boletinlegal/ HTTP/1.1" 200 58720
191.156.181.41 - - [25/Mar/2024:20:32:55 -0500] "GET /sipse/faces/javax.faces.resource/layout/layout.js?ln=primefaces&v=4.0 HTTP/1.1" 304 -
191.156.181.41 - - [25/Mar/2024:20:32:57 -0500] "GET /sipse/css/imagen/contrasena.png HTTP/1.1" 404 383
186.154.121.31 - - [25/Mar/2024:20:33:02 -0500] "GET /sipse/faces/index.xhtml HTTP/1.1" 200 677
186.154.121.31 - - [25/Mar/2024:20:33:03 -0500] "GET /sipse/faces/javax.faces.resource/theme.css?ln=primefaces-sipse HTTP/1.1" 304 -
186.154.121.31 - - [25/Mar/2024:20:33:03 -0500] "GET /sipse/faces/faces/autenticacion.xhtml HTTP/1.1" 200 12409
186.154.121.31 - - [25/Mar/2024:20:33:03 -0500] "GET /sipse/js/funciones.js HTTP/1.1" 304 -
186.154.121.31 - - [25/Mar/2024:20:33:03 -0500] "GET /sipse/css/custom_css_sg.css HTTP/1.1" 304 -
186.154.121.31 - - [25/Mar/2024:20:33:03 -0500] "GET /sipse/faces/javax.faces.resource/primefaces.css?ln=primefaces&v=4.0 HTTP/1.1" 304 -
186.154.121.31 - - [25/Mar/2024:20:33:03 -0500] "GET /sipse/faces/javax.faces.resource/layout/layout.css?ln=primefaces&v=4.0 HTTP/1.1" 304 -
186.154.121.31 - - [25/Mar/2024:20:33:03 -0500] "GET /sipse/faces/javax.faces.resource/jquery/jquery.js?ln=primefaces&v=4.0 HTTP/1.1" 304 -
186.154.121.31 - - [25/Mar/2024:20:33:03 -0500] "GET /sipse/css/custom_css_sg_prime_login.css HTTP/1.1" 304 -
186.154.121.31 - - [25/Mar/2024:20:33:03 -0500] "GET /sipse/faces/javax.faces.resource/jquery/jquery-plugins.js?ln=primefaces&v=4.0 HTTP/1.1" 304 -
186.154.121.31 - - [25/Mar/2024:20:33:03 -0500] "GET /sipse/faces/javax.faces.resource/primefaces.js?ln=primefaces&v=4.0 HTTP/1.1" 304 -
186.154.121.31 - - [25/Mar/2024:20:33:03 -0500] "GET /sipse/faces/javax.faces.resource/layout/layout.js?ln=primefaces&v=4.0 HTTP/1.1" 304 -
