190.156.204.37 - - [25/Mar/2024:23:20:05 -0500] "POST /sipse/faces/presentacion/financiero/solicitudProceso/crearModificarSolicitudProceso.xhtml HTTP/1.1" 200 20115
216.244.66.195 - - [25/Mar/2024:23:20:06 -0500] "GET /BLA/resoluciones/RESOLUCIONES%202019/2005.pdf HTTP/1.1" 200 499864
190.156.204.37 - - [25/Mar/2024:23:20:07 -0500] "POST /sipse/faces/presentacion/financiero/solicitudProceso/crearModificarSolicitudProceso.xhtml HTTP/1.1" 200 138215
190.156.204.37 - - [25/Mar/2024:23:20:10 -0500] "GET /sipse/faces/javax.faces.resource/theme.css?ln=primefaces-sipse HTTP/1.1" 304 -
190.156.204.37 - - [25/Mar/2024:23:20:10 -0500] "GET /sipse/faces/javax.faces.resource/primefaces.css?ln=primefaces&v=4.0 HTTP/1.1" 304 -
190.156.204.37 - - [25/Mar/2024:23:20:10 -0500] "GET /sipse/faces/javax.faces.resource/layout/layout.css?ln=primefaces&v=4.0 HTTP/1.1" 304 -
190.156.204.37 - - [25/Mar/2024:23:20:10 -0500] "GET /sipse/faces/javax.faces.resource/jquery/jquery.js?ln=primefaces&v=4.0 HTTP/1.1" 304 -
190.156.204.37 - - [25/Mar/2024:23:20:10 -0500] "GET /sipse/faces/javax.faces.resource/jquery/jquery-plugins.js?ln=primefaces&v=4.0 HTTP/1.1" 304 -
190.156.204.37 - - [25/Mar/2024:23:20:10 -0500] "GET /sipse/faces/javax.faces.resource/primefaces.js?ln=primefaces&v=4.0 HTTP/1.1" 304 -
190.156.204.37 - - [25/Mar/2024:23:20:10 -0500] "GET /sipse/faces/javax.faces.resource/layout/layout.js?ln=primefaces&v=4.0 HTTP/1.1" 304 -
190.156.204.37 - - [25/Mar/2024:23:20:10 -0500] "GET /sipse/faces/javax.faces.resource/messages/messages.png?ln=primefaces&v=4.0 HTTP/1.1" 304 -
201.245.192.253 - - [25/Mar/2024:23:20:14 -0500] "POST /kwsrmcab/Wsrmcab HTTP/1.1" 200 38316
40.77.167.18 - - [25/Mar/2024:23:20:22 -0500] "GET /Publicaciones/2023EE201903.pdf HTTP/1.1" 404 228
190.156.204.37 - - [25/Mar/2024:23:20:23 -0500] "GET /sipse/faces/javax.faces.resource/theme.css?ln=primefaces-sipse HTTP/1.1" 304 -
190.156.204.37 - - [25/Mar/2024:23:20:23 -0500] "GET /sipse/faces/faces/autenticacion.xhtml HTTP/1.1" 200 12415
190.156.204.37 - - [25/Mar/2024:23:20:23 -0500] "GET /sipse/faces/javax.faces.resource/theme.css?ln=primefaces-sipse HTTP/1.1" 304 -
190.156.204.37 - - [25/Mar/2024:23:20:23 -0500] "GET /sipse/faces/javax.faces.resource/layout/layout.css?ln=primefaces&v=4.0 HTTP/1.1" 304 -
190.156.204.37 - - [25/Mar/2024:23:20:23 -0500] "GET /sipse/faces/javax.faces.resource/primefaces.css?ln=primefaces&v=4.0 HTTP/1.1" 304 -
190.156.204.37 - - [25/Mar/2024:23:20:23 -0500] "GET /sipse/faces/javax.faces.resource/jquery/jquery.js?ln=primefaces&v=4.0 HTTP/1.1" 304 -
190.156.204.37 - - [25/Mar/2024:23:20:23 -0500] "GET /sipse/faces/javax.faces.resource/jquery/jquery-plugins.js?ln=primefaces&v=4.0 HTTP/1.1" 304 -
190.156.204.37 - - [25/Mar/2024:23:20:23 -0500] "GET /sipse/faces/javax.faces.resource/primefaces.js?ln=primefaces&v=4.0 HTTP/1.1" 304 -
190.156.204.37 - - [25/Mar/2024:23:20:23 -0500] "GET /sipse/faces/javax.faces.resource/layout/layout.js?ln=primefaces&v=4.0 HTTP/1.1" 304 -
190.156.204.37 - - [25/Mar/2024:23:20:23 -0500] "GET /sipse/faces/javax.faces.resource/images/ui-icons_898989_256x240.png?ln=primefaces-aristo HTTP/1.1" 304 -
216.244.66.195 - - [25/Mar/2024:23:20:29 -0500] "GET /BLA/resoluciones/RESOLUCIONES%202019/2010.pdf HTTP/1.1" 200 309757
216.244.66.195 - - [25/Mar/2024:23:20:58 -0500] "GET /BLA/resoluciones/RESOLUCIONES%202019/2118.pdf HTTP/1.1" 200 291871
172.22.2.4 - - [25/Mar/2024:23:19:31 -0500] "HEAD /BLA/boletinlegal/ HTTP/1.1" 200 -
216.244.66.195 - - [25/Mar/2024:23:21:21 -0500] "GET /BLA/resoluciones/RESOLUCIONES%202019/2354.pdf HTTP/1.1" 200 225440
201.245.192.253 - - [25/Mar/2024:23:21:29 -0500] "POST /kwsrmcab/Wsrmcab HTTP/1.1" 200 38319
216.244.66.195 - - [25/Mar/2024:23:21:43 -0500] "GET /BLA/resoluciones/RESOLUCIONES%202019/2859.pdf HTTP/1.1" 200 1433088
172.22.2.4 - - [25/Mar/2024:23:20:22 -0500] "GET /BLA/boletinlegal/ HTTP/1.1" 200 58273
216.244.66.195 - - [25/Mar/2024:23:22:04 -0500] "GET /BLA/resoluciones/RESOLUCIONES%202019/2950.pdf HTTP/1.1" 200 412665
216.244.66.195 - - [25/Mar/2024:23:22:26 -0500] "GET /BLA/resoluciones/RESOLUCIONES%202019/2973.pdf HTTP/1.1" 200 295363
216.244.66.195 - - [25/Mar/2024:23:22:44 -0500] "GET /BLA/resoluciones/RESOLUCIONES%202019/3370.pdf HTTP/1.1" 200 782198
186.29.85.194 - - [25/Mar/2024:23:23:00 -0500] "HEAD /BLA/resoluciones/RESOLUCIONES%202021/2960.pdf HTTP/1.1" 200 -
186.29.85.194 - - [25/Mar/2024:23:23:00 -0500] "GET /BLA/resoluciones/RESOLUCIONES%202021/2960.pdf HTTP/1.1" 200 488735
186.116.220.221 - - [25/Mar/2024:23:23:10 -0500] "GET /galeria/galeria/jquery.fancybox.css?v=2.1.5 HTTP/1.1" 200 4895
186.116.220.221 - - [25/Mar/2024:23:23:10 -0500] "GET /galeria/galeria/jquery.fancybox.js?v=2.1.5 HTTP/1.1" 200 48706
66.249.66.20 - - [25/Mar/2024:23:23:14 -0500] "GET /BLA/resoluciones/AUTOS%202009/2587.pdf HTTP/1.1" 200 86907
216.244.66.195 - - [25/Mar/2024:23:23:28 -0500] "GET /BLA/resoluciones/RESOLUCIONES%202019/3744.pdf HTTP/1.1" 200 295487
186.29.85.194 - - [25/Mar/2024:23:23:57 -0500] "HEAD /BLA/resoluciones/RESOLUCIONES%202021/2950.pdf HTTP/1.1" 200 -
186.29.85.194 - - [25/Mar/2024:23:23:57 -0500] "GET /BLA/resoluciones/RESOLUCIONES%202021/2950.pdf HTTP/1.1" 200 1044537
216.244.66.195 - - [25/Mar/2024:23:24:03 -0500] "GET /BLA/resoluciones/AUTOS%202019/1906.pdf HTTP/1.1" 200 330852
201.245.192.253 - - [25/Mar/2024:23:24:04 -0500] "POST /kwsrmcab/Wsrmcab  HTTP/1.1" 200 39660
186.29.85.194 - - [25/Mar/2024:23:24:19 -0500] "HEAD /BLA/resoluciones/RESOLUCIONES%202021/2949.pdf HTTP/1.1" 200 -
186.29.85.194 - - [25/Mar/2024:23:24:19 -0500] "GET /BLA/resoluciones/RESOLUCIONES%202021/2949.pdf HTTP/1.1" 200 485296
216.244.66.195 - - [25/Mar/2024:23:24:36 -0500] "GET /BLA/resoluciones/AUTOS%202019/2286.pdf HTTP/1.1" 200 347135
186.29.85.194 - - [25/Mar/2024:23:24:38 -0500] "HEAD /BLA/resoluciones/RESOLUCIONES%202021/2903.pdf HTTP/1.1" 200 -
186.29.85.194 - - [25/Mar/2024:23:24:38 -0500] "GET /BLA/resoluciones/RESOLUCIONES%202021/2903.pdf HTTP/1.1" 200 474460
52.167.144.166 - - [25/Mar/2024:23:24:44 -0500] "GET /BLA/resoluciones/RESOLUCIONES%202023/03030.pdf HTTP/1.1" 200 485981
216.245.221.92 - - [25/Mar/2024:23:24:45 -0500] "HEAD / HTTP/1.1" 200 -
186.29.85.194 - - [25/Mar/2024:23:24:53 -0500] "HEAD /BLA/resoluciones/RESOLUCIONES%202021/2894.pdf HTTP/1.1" 200 -
186.29.85.194 - - [25/Mar/2024:23:24:53 -0500] "GET /BLA/resoluciones/RESOLUCIONES%202021/2894.pdf HTTP/1.1" 200 426462
47.128.25.174 - - [25/Mar/2024:23:25:03 -0500] "GET /BLA/resoluciones/AUTOS%202021/0245.php?act=chmod&d=E%3A%5Cnuevo%5Cmailoutput&f=mail-20150724-1628-64000.txt HTTP/1.1" 200 2862
216.244.66.195 - - [25/Mar/2024:23:25:05 -0500] "GET /BLA/resoluciones/AUTOS%202019/2718.pdf HTTP/1.1" 200 255155
186.29.85.194 - - [25/Mar/2024:23:25:14 -0500] "HEAD /BLA/resoluciones/RESOLUCIONES%202021/2870.pdf HTTP/1.1" 200 -
186.29.85.194 - - [25/Mar/2024:23:25:14 -0500] "GET /BLA/resoluciones/RESOLUCIONES%202021/2870.pdf HTTP/1.1" 200 471619
47.128.41.137 - - [25/Mar/2024:23:25:27 -0500] "GET /BLA/resoluciones/AUTOS%202021/0245.php?act=eval&d=E%3A%5Cnuevo%5Chtdocs%5Cjs%5C HTTP/1.1" 200 2718
216.244.66.195 - - [25/Mar/2024:23:25:32 -0500] "GET /BLA/resoluciones/AUTOS%202019/3112.pdf HTTP/1.1" 200 264882
186.29.85.194 - - [25/Mar/2024:23:25:33 -0500] "HEAD /BLA/resoluciones/RESOLUCIONES%202021/2865.pdf HTTP/1.1" 200 -
186.29.85.194 - - [25/Mar/2024:23:25:33 -0500] "GET /BLA/resoluciones/RESOLUCIONES%202021/2865.pdf HTTP/1.1" 200 467959
47.128.118.99 - - [25/Mar/2024:23:25:51 -0500] "GET /BLA/resoluciones/AUTOS%202021/0245.php?act=security&d=E%3A%5Cnuevo%5Chtdocs%5CSIIPEV%5C HTTP/1.1" 200 2755
186.29.85.194 - - [25/Mar/2024:23:25:59 -0500] "HEAD /BLA/resoluciones/RESOLUCIONES%202021/2842.pdf HTTP/1.1" 200 -
186.29.85.194 - - [25/Mar/2024:23:26:00 -0500] "GET /BLA/resoluciones/RESOLUCIONES%202021/2842.pdf HTTP/1.1" 200 491028
216.244.66.195 - - [25/Mar/2024:23:26:01 -0500] "GET /BLA/resoluciones/AUTOS%202019/3449.pdf HTTP/1.1" 200 344164
47.128.96.45 - - [25/Mar/2024:23:26:16 -0500] "GET /BLA/resoluciones/AUTOS%202021/0245.php?act=chmod&d=E%3A%5Cnuevo%5Chtdocs%5CMetadatos_final_2014&f=Gen_Respel_Indust.xml HTTP/1.1" 200 2885
186.29.85.194 - - [25/Mar/2024:23:26:22 -0500] "HEAD /BLA/resoluciones/RESOLUCIONES%202021/2812.pdf HTTP/1.1" 200 -
186.29.85.194 - - [25/Mar/2024:23:26:22 -0500] "GET /BLA/resoluciones/RESOLUCIONES%202021/2812.pdf HTTP/1.1" 200 446303
216.244.66.195 - - [25/Mar/2024:23:26:27 -0500] "GET /BLA/resoluciones/AUTOS%202019/3469.pdf HTTP/1.1" 200 388886
47.128.118.36 - - [25/Mar/2024:23:26:39 -0500] "GET /BLA/resoluciones/AUTOS%202021/0245.php?act=cmd&d=E%3A%5Cnuevo%5Chtdocs%5Crequerimientos_old%5C HTTP/1.1" 200 2739
216.244.66.195 - - [25/Mar/2024:23:26:51 -0500] "GET /BLA/resoluciones/AUTOS%202019/3845.pdf HTTP/1.1" 200 263864
172.22.2.4 - - [25/Mar/2024:23:25:21 -0500] "HEAD /BLA/boletinlegal/ HTTP/1.1" 200 -
47.128.54.139 - - [25/Mar/2024:23:27:03 -0500] "GET /BLA/resoluciones/AUTOS%202021/0245.php?act=chmod&d=E%3A%5Cmod_evasive%5C HTTP/1.1" 200 2810
186.29.85.194 - - [25/Mar/2024:23:27:08 -0500] "HEAD /BLA/resoluciones/RESOLUCIONES%202021/2809.pdf HTTP/1.1" 200 -
186.29.85.194 - - [25/Mar/2024:23:27:08 -0500] "GET /BLA/resoluciones/RESOLUCIONES%202021/2809.pdf HTTP/1.1" 200 434488
216.244.66.195 - - [25/Mar/2024:23:27:15 -0500] "GET /BLA/resoluciones/AUTOS%202019/4082.pdf HTTP/1.1" 200 292597
52.167.144.2 - - [25/Mar/2024:23:27:20 -0500] "GET /galeria/galeria/jquery.fancybox.css?v=2.1.5 HTTP/1.1" 200 4895
216.244.66.195 - - [25/Mar/2024:23:27:37 -0500] "GET /BLA/resoluciones/AUTOS%202019/4497.pdf HTTP/1.1" 200 353987
186.29.85.194 - - [25/Mar/2024:23:27:38 -0500] "HEAD /BLA/resoluciones/RESOLUCIONES%202021/2808.pdf HTTP/1.1" 200 -
186.29.85.194 - - [25/Mar/2024:23:27:39 -0500] "GET /BLA/resoluciones/RESOLUCIONES%202021/2808.pdf HTTP/1.1" 200 464987
172.22.2.4 - - [25/Mar/2024:23:26:11 -0500] "GET /BLA/boletinlegal/ HTTP/1.1" 200 59967
216.244.66.195 - - [25/Mar/2024:23:27:58 -0500] "GET /BLA/resoluciones/AUTOS%202023/1905.pdf HTTP/1.1" 200 419069
186.29.85.194 - - [25/Mar/2024:23:27:59 -0500] "HEAD /BLA/resoluciones/RESOLUCIONES%202021/2807.pdf HTTP/1.1" 200 -
186.29.85.194 - - [25/Mar/2024:23:27:59 -0500] "GET /BLA/resoluciones/RESOLUCIONES%202021/2807.pdf HTTP/1.1" 200 497274
216.244.66.195 - - [25/Mar/2024:23:28:19 -0500] "GET /BLA/resoluciones/AUTOS%202023/3086.pdf HTTP/1.1" 200 1173841
186.29.85.194 - - [25/Mar/2024:23:28:20 -0500] "HEAD /BLA/resoluciones/RESOLUCIONES%202021/2806.pdf HTTP/1.1" 200 -
186.29.85.194 - - [25/Mar/2024:23:28:20 -0500] "GET /BLA/resoluciones/RESOLUCIONES%202021/2806.pdf HTTP/1.1" 200 465504
186.29.85.194 - - [25/Mar/2024:23:28:41 -0500] "HEAD /BLA/resoluciones/RESOLUCIONES%202021/2752.pdf HTTP/1.1" 200 -
186.29.85.194 - - [25/Mar/2024:23:28:41 -0500] "GET /BLA/resoluciones/RESOLUCIONES%202021/2752.pdf HTTP/1.1" 200 601838
201.245.192.253 - - [25/Mar/2024:23:29:02 -0500] "POST /kwsrmcab/Wsrmcab  HTTP/1.1" 200 39660
186.29.85.194 - - [25/Mar/2024:23:29:06 -0500] "HEAD /BLA/resoluciones/RESOLUCIONES%202021/2659.pdf HTTP/1.1" 200 -
186.29.85.194 - - [25/Mar/2024:23:29:06 -0500] "GET /BLA/resoluciones/RESOLUCIONES%202021/2659.pdf HTTP/1.1" 200 506105
201.245.192.253 - - [25/Mar/2024:23:29:37 -0500] "POST /kwsrmcab/Wsrmcab HTTP/1.1" 200 39825
201.245.192.253 - - [25/Mar/2024:23:29:39 -0500] "POST /kwsrmcab/Wsrmcab HTTP/1.1" 200 38319
216.245.221.92 - - [25/Mar/2024:23:29:45 -0500] "HEAD / HTTP/1.1" 200 -
186.155.150.199 - - [25/Mar/2024:23:29:50 -0500] "POST /sipse/faces/presentacion/financiero/solicitudProceso/consultarSolicitudProceso.xhtml HTTP/1.1" 200 4675
186.155.150.199 - - [25/Mar/2024:23:29:51 -0500] "POST /sipse/faces/presentacion/financiero/solicitudProceso/consultarSolicitudProceso.xhtml HTTP/1.1" 200 56102
186.155.150.199 - - [25/Mar/2024:23:29:52 -0500] "GET /sipse/faces/javax.faces.resource/theme.css?ln=primefaces-sipse HTTP/1.1" 304 -
186.155.150.199 - - [25/Mar/2024:23:29:52 -0500] "GET /sipse/faces/javax.faces.resource/jquery/jquery.js?ln=primefaces&v=4.0 HTTP/1.1" 304 -
186.155.150.199 - - [25/Mar/2024:23:29:52 -0500] "GET /sipse/faces/javax.faces.resource/layout/layout.css?ln=primefaces&v=4.0 HTTP/1.1" 304 -
186.155.150.199 - - [25/Mar/2024:23:29:52 -0500] "GET /sipse/faces/javax.faces.resource/primefaces.css?ln=primefaces&v=4.0 HTTP/1.1" 304 -
186.155.150.199 - - [25/Mar/2024:23:29:52 -0500] "GET /sipse/faces/javax.faces.resource/jquery/jquery-plugins.js?ln=primefaces&v=4.0 HTTP/1.1" 304 -
186.155.150.199 - - [25/Mar/2024:23:29:52 -0500] "GET /sipse/css/imagen/contrasena.png HTTP/1.1" 404 383
186.155.150.199 - - [25/Mar/2024:23:29:52 -0500] "GET /sipse/faces/javax.faces.resource/primefaces.js?ln=primefaces&v=4.0 HTTP/1.1" 304 -
186.155.150.199 - - [25/Mar/2024:23:29:52 -0500] "GET /sipse/faces/javax.faces.resource/layout/layout.js?ln=primefaces&v=4.0 HTTP/1.1" 304 -
186.155.150.199 - - [25/Mar/2024:23:29:53 -0500] "POST /sipse/faces/presentacion/financiero/solicitudProceso/listarSolicitudProceso.xhtml HTTP/1.1" 200 49496
186.155.150.199 - - [25/Mar/2024:23:29:53 -0500] "POST /sipse/faces/presentacion/financiero/solicitudProceso/listarSolicitudProceso.xhtml HTTP/1.1" 200 49496
186.155.150.199 - - [25/Mar/2024:23:29:53 -0500] "POST /sipse/faces/presentacion/financiero/solicitudProceso/listarSolicitudProceso.xhtml HTTP/1.1" 200 1544
186.155.150.199 - - [25/Mar/2024:23:29:54 -0500] "POST /sipse/faces/presentacion/financiero/solicitudProceso/listarSolicitudProceso.xhtml HTTP/1.1" 200 1544
186.155.150.199 - - [25/Mar/2024:23:29:54 -0500] "POST /sipse/faces/presentacion/financiero/solicitudProceso/listarSolicitudProceso.xhtml HTTP/1.1" 200 1548
201.245.192.253 - - [25/Mar/2024:23:30:14 -0500] "POST /kwsrmcab/Wsrmcab HTTP/1.1" 200 38316
172.22.2.4 - - [25/Mar/2024:23:30:22 -0500] "GET /BLA/boletinlegal/robots.txt HTTP/1.1" 404 1038
172.22.2.4 - - [25/Mar/2024:23:30:23 -0500] "GET /BLA/boletinlegal/Directivas/2009/Directiva%20No.%20del%2023%20de%20Diciembre%20de%202009.pdf HTTP/1.1" 200 1636862
47.128.31.134 - - [25/Mar/2024:23:30:48 -0500] "GET /BLA/resoluciones/AUTOS%202021/0245.php?act=f&d=E%3A%5Cnuevo%5Chtdocs%5CBLA%5Cresoluciones%5CAUTOS+2021&f=0530.pdf&ft=edit HTTP/1.1" 200 3105
47.128.31.134 - - [25/Mar/2024:23:30:48 -0500] "GET /BLA/resoluciones/AUTOS%202021/0245.php?act=img&img=ext_rtf HTTP/1.1" 200 164
47.128.31.134 - - [25/Mar/2024:23:30:49 -0500] "GET /BLA/resoluciones/AUTOS%202021/0245.php?act=img&img=ext_pdf HTTP/1.1" 200 1034
47.128.31.134 - - [25/Mar/2024:23:30:49 -0500] "GET /BLA/resoluciones/AUTOS%202021/0245.php?act=img&img=ext_exe HTTP/1.1" 200 118
47.128.31.134 - - [25/Mar/2024:23:30:49 -0500] "GET /BLA/resoluciones/AUTOS%202021/0245.php?act=img&img=ext_diz HTTP/1.1" 200 1027
47.128.31.134 - - [25/Mar/2024:23:30:49 -0500] "GET /BLA/resoluciones/AUTOS%202021/0245.php?act=img&img=ext_txt HTTP/1.1" 200 132
47.128.31.134 - - [25/Mar/2024:23:30:49 -0500] "GET /BLA/resoluciones/AUTOS%202021/0245.php?act=img&img=ext_gif HTTP/1.1" 200 175
47.128.31.134 - - [25/Mar/2024:23:30:49 -0500] "GET /BLA/resoluciones/AUTOS%202021/0245.php?act=img&img=change HTTP/1.1" 200 290
47.128.31.134 - - [25/Mar/2024:23:30:49 -0500] "GET /BLA/resoluciones/AUTOS%202021/0245.php?act=img&img=ext_ini HTTP/1.1" 200 134
47.128.31.134 - - [25/Mar/2024:23:30:49 -0500] "GET /BLA/resoluciones/AUTOS%202021/0245.php?act=img&img=download HTTP/1.1" 200 161
47.128.31.134 - - [25/Mar/2024:23:30:49 -0500] "GET /BLA/resoluciones/AUTOS%202021/0245.php?act=img&img=ext_html HTTP/1.1" 200 230
186.29.85.194 - - [25/Mar/2024:23:30:56 -0500] "HEAD /BLA/resoluciones/RESOLUCIONES%202021/2658.pdf HTTP/1.1" 200 -
186.29.85.194 - - [25/Mar/2024:23:30:56 -0500] "GET /BLA/resoluciones/RESOLUCIONES%202021/2658.pdf HTTP/1.1" 200 458940
47.128.31.111 - - [25/Mar/2024:23:31:12 -0500] "GET /BLA/resoluciones/AUTOS%202021/0245.php?act=f&d=E%3A%5Cnuevo%5CMercuryMail&f=libtidy.dll&ft=download HTTP/1.1" 200 394432
186.29.85.194 - - [25/Mar/2024:23:31:23 -0500] "HEAD /BLA/resoluciones/RESOLUCIONES%202021/2657.pdf HTTP/1.1" 200 -
186.29.85.194 - - [25/Mar/2024:23:31:23 -0500] "GET /BLA/resoluciones/RESOLUCIONES%202021/2657.pdf HTTP/1.1" 200 583509
201.245.192.253 - - [25/Mar/2024:23:31:28 -0500] "POST /kwsrmcab/Wsrmcab HTTP/1.1" 200 38319
47.128.99.65 - - [25/Mar/2024:23:31:37 -0500] "GET /BLA/resoluciones/AUTOS%202021/0245.php?act=f&d=E%3A%5Cnuevo%5Chtdocs%5CBLA%5Cresoluciones%5CAUTOS+2021%5C&f=4022.pdf&ft=download&white=1 HTTP/1.1" 200 351911
186.29.85.194 - - [25/Mar/2024:23:31:40 -0500] "HEAD /BLA/resoluciones/RESOLUCIONES%202021/2626.pdf HTTP/1.1" 200 -
186.29.85.194 - - [25/Mar/2024:23:31:40 -0500] "GET /BLA/resoluciones/RESOLUCIONES%202021/2626.pdf HTTP/1.1" 200 464609
186.29.85.194 - - [25/Mar/2024:23:31:55 -0500] "HEAD /BLA/resoluciones/RESOLUCIONES%202021/2625.pdf HTTP/1.1" 200 -
186.29.85.194 - - [25/Mar/2024:23:31:55 -0500] "GET /BLA/resoluciones/RESOLUCIONES%202021/2625.pdf HTTP/1.1" 200 561655
186.155.150.199 - - [25/Mar/2024:23:31:58 -0500] "POST /sipse/faces/presentacion/financiero/solicitudProceso/listarSolicitudProceso.xhtml HTTP/1.1" 200 147696
186.155.150.199 - - [25/Mar/2024:23:32:00 -0500] "GET /sipse/faces/javax.faces.resource/theme.css?ln=primefaces-sipse HTTP/1.1" 304 -
186.155.150.199 - - [25/Mar/2024:23:32:00 -0500] "GET /sipse/faces/javax.faces.resource/primefaces.css?ln=primefaces&v=4.0 HTTP/1.1" 304 -
186.155.150.199 - - [25/Mar/2024:23:32:00 -0500] "GET /sipse/faces/javax.faces.resource/layout/layout.css?ln=primefaces&v=4.0 HTTP/1.1" 304 -
186.155.150.199 - - [25/Mar/2024:23:32:00 -0500] "GET /sipse/faces/javax.faces.resource/jquery/jquery.js?ln=primefaces&v=4.0 HTTP/1.1" 304 -
186.155.150.199 - - [25/Mar/2024:23:32:00 -0500] "GET /sipse/faces/javax.faces.resource/jquery/jquery-plugins.js?ln=primefaces&v=4.0 HTTP/1.1" 304 -
186.155.150.199 - - [25/Mar/2024:23:32:00 -0500] "GET /sipse/faces/javax.faces.resource/primefaces.js?ln=primefaces&v=4.0 HTTP/1.1" 304 -
186.155.150.199 - - [25/Mar/2024:23:32:00 -0500] "GET /sipse/faces/javax.faces.resource/layout/layout.js?ln=primefaces&v=4.0 HTTP/1.1" 304 -
47.128.34.30 - - [25/Mar/2024:23:32:00 -0500] "GET /BLA/resoluciones/AUTOS%202021/0245.php?act=chmod&d=E%3A%5Cnuevo%5Chtdocs%5Ccumbreclima%5Cwp-includes&f=SimplePie HTTP/1.1" 200 2879
186.155.150.199 - - [25/Mar/2024:23:32:00 -0500] "GET /sipse/css/imagen/contrasena.png HTTP/1.1" 404 383
186.155.150.199 - - [25/Mar/2024:23:32:07 -0500] "POST /sipse/faces/presentacion/financiero/solicitudProceso/consultarSolicitudProceso.xhtml HTTP/1.1" 200 137533
186.29.85.194 - - [25/Mar/2024:23:32:16 -0500] "HEAD /BLA/resoluciones/RESOLUCIONES%202021/2624.pdf HTTP/1.1" 200 -
186.29.85.194 - - [25/Mar/2024:23:32:16 -0500] "GET /BLA/resoluciones/RESOLUCIONES%202021/2624.pdf HTTP/1.1" 200 460540
116.202.20.140 - - [25/Mar/2024:23:32:34 -0500] "GET / HTTP/1.1" 200 4720
186.155.150.199 - - [25/Mar/2024:23:32:39 -0500] "POST /sipse/faces/presentacion/financiero/solicitudProceso/consultarSolicitudProceso.xhtml HTTP/1.1" 200 94045
172.22.2.4 - - [25/Mar/2024:23:31:11 -0500] "HEAD /BLA/boletinlegal/ HTTP/1.1" 200 -
186.29.85.194 - - [25/Mar/2024:23:33:00 -0500] "HEAD /BLA/resoluciones/RESOLUCIONES%202021/2623.pdf HTTP/1.1" 200 -
186.29.85.194 - - [25/Mar/2024:23:33:00 -0500] "GET /BLA/resoluciones/RESOLUCIONES%202021/2623.pdf HTTP/1.1" 200 480030
186.29.85.194 - - [25/Mar/2024:23:33:18 -0500] "HEAD /BLA/resoluciones/RESOLUCIONES%202021/2622.pdf HTTP/1.1" 200 -
186.29.85.194 - - [25/Mar/2024:23:33:19 -0500] "GET /BLA/resoluciones/RESOLUCIONES%202021/2622.pdf HTTP/1.1" 200 477422
186.155.150.199 - - [25/Mar/2024:23:33:29 -0500] "POST /sipse/faces/presentacion/financiero/solicitudProceso/consultarSolicitudProceso.xhtml HTTP/1.1" 200 53586
186.155.150.199 - - [25/Mar/2024:23:33:32 -0500] "GET /sipse/faces/javax.faces.resource/theme.css?ln=primefaces-sipse HTTP/1.1" 304 -
186.155.150.199 - - [25/Mar/2024:23:33:32 -0500] "GET /sipse/faces/javax.faces.resource/jquery/jquery.js?ln=primefaces&v=4.0 HTTP/1.1" 304 -
186.155.150.199 - - [25/Mar/2024:23:33:32 -0500] "GET /sipse/faces/javax.faces.resource/jquery/jquery-plugins.js?ln=primefaces&v=4.0 HTTP/1.1" 304 -
186.155.150.199 - - [25/Mar/2024:23:33:32 -0500] "GET /sipse/faces/javax.faces.resource/primefaces.js?ln=primefaces&v=4.0 HTTP/1.1" 304 -
186.155.150.199 - - [25/Mar/2024:23:33:32 -0500] "GET /sipse/faces/javax.faces.resource/layout/layout.js?ln=primefaces&v=4.0 HTTP/1.1" 304 -
186.155.150.199 - - [25/Mar/2024:23:33:32 -0500] "GET /sipse/faces/javax.faces.resource/primefaces.css?ln=primefaces&v=4.0 HTTP/1.1" 304 -
186.155.150.199 - - [25/Mar/2024:23:33:32 -0500] "GET /sipse/faces/javax.faces.resource/layout/layout.css?ln=primefaces&v=4.0 HTTP/1.1" 304 -
186.155.150.199 - - [25/Mar/2024:23:33:32 -0500] "GET /sipse/css/imagen/contrasena.png HTTP/1.1" 404 383
186.155.150.199 - - [25/Mar/2024:23:33:32 -0500] "POST /sipse/faces/presentacion/financiero/solicitudProceso/listarSolicitudProceso.xhtml HTTP/1.1" 200 1528
186.155.150.199 - - [25/Mar/2024:23:33:32 -0500] "GET /sipse/faces/javax.faces.resource/messages/messages.png?ln=primefaces&v=4.0 HTTP/1.1" 304 -
186.29.85.194 - - [25/Mar/2024:23:33:38 -0500] "HEAD /BLA/resoluciones/RESOLUCIONES%202021/2621.pdf HTTP/1.1" 200 -
186.29.85.194 - - [25/Mar/2024:23:33:38 -0500] "GET /BLA/resoluciones/RESOLUCIONES%202021/2621.pdf HTTP/1.1" 200 536556
172.22.2.4 - - [25/Mar/2024:23:32:02 -0500] "GET /BLA/boletinlegal/ HTTP/1.1" 200 53818
186.155.150.199 - - [25/Mar/2024:23:33:50 -0500] "POST /sipse/faces/presentacion/financiero/solicitudProceso/listarSolicitudProceso.xhtml HTTP/1.1" 200 4718
186.155.150.199 - - [25/Mar/2024:23:33:56 -0500] "POST /sipse/faces/presentacion/financiero/solicitudProceso/listarSolicitudProceso.xhtml HTTP/1.1" 200 16785
201.245.192.253 - - [25/Mar/2024:23:34:01 -0500] "POST /kwsrmcab/Wsrmcab  HTTP/1.1" 200 39660
172.22.2.4 - - [25/Mar/2024:23:32:48 -0500] "GET /BLA/boletinlegal/ HTTP/1.1" 200 57889
186.29.85.194 - - [25/Mar/2024:23:34:28 -0500] "HEAD /BLA/resoluciones/RESOLUCIONES%202021/2620.pdf HTTP/1.1" 200 -
186.29.85.194 - - [25/Mar/2024:23:34:28 -0500] "GET /BLA/resoluciones/RESOLUCIONES%202021/2620.pdf HTTP/1.1" 200 435687
216.245.221.92 - - [25/Mar/2024:23:34:45 -0500] "HEAD / HTTP/1.1" 200 -
186.29.85.194 - - [25/Mar/2024:23:34:53 -0500] "HEAD /BLA/resoluciones/RESOLUCIONES%202021/2610.pdf HTTP/1.1" 200 -
186.29.85.194 - - [25/Mar/2024:23:34:53 -0500] "GET /BLA/resoluciones/RESOLUCIONES%202021/2610.pdf HTTP/1.1" 200 461756
186.29.85.194 - - [25/Mar/2024:23:35:10 -0500] "HEAD /BLA/resoluciones/RESOLUCIONES%202021/2608.pdf HTTP/1.1" 200 -
186.29.85.194 - - [25/Mar/2024:23:35:10 -0500] "GET /BLA/resoluciones/RESOLUCIONES%202021/2608.pdf HTTP/1.1" 200 531052
186.29.85.194 - - [25/Mar/2024:23:35:33 -0500] "HEAD /BLA/resoluciones/RESOLUCIONES%202021/2580.pdf HTTP/1.1" 200 -
186.29.85.194 - - [25/Mar/2024:23:35:33 -0500] "GET /BLA/resoluciones/RESOLUCIONES%202021/2580.pdf HTTP/1.1" 200 484196
186.29.85.194 - - [25/Mar/2024:23:35:54 -0500] "HEAD /BLA/resoluciones/RESOLUCIONES%202021/2495.pdf HTTP/1.1" 200 -
186.29.85.194 - - [25/Mar/2024:23:35:54 -0500] "GET /BLA/resoluciones/RESOLUCIONES%202021/2495.pdf HTTP/1.1" 200 500883
186.29.85.194 - - [25/Mar/2024:23:36:20 -0500] "HEAD /BLA/resoluciones/RESOLUCIONES%202021/2494.pdf HTTP/1.1" 200 -
186.29.85.194 - - [25/Mar/2024:23:36:20 -0500] "GET /BLA/resoluciones/RESOLUCIONES%202021/2494.pdf HTTP/1.1" 200 532600
186.29.85.194 - - [25/Mar/2024:23:36:43 -0500] "HEAD /BLA/resoluciones/RESOLUCIONES%202021/2493.pdf HTTP/1.1" 200 -
186.29.85.194 - - [25/Mar/2024:23:36:44 -0500] "GET /BLA/resoluciones/RESOLUCIONES%202021/2493.pdf HTTP/1.1" 200 499505
172.22.2.4 - - [25/Mar/2024:23:36:49 -0500] "GET /BLA/boletinlegal/Circulares/2019/.pdf HTTP/1.1" 404 1218
207.46.13.116 - - [25/Mar/2024:23:37:09 -0500] "GET /portaldeninos/wp-includes/js/jquery/ui/accordion.min.js?ver=1.11.4 HTTP/1.1" 200 8584
207.46.13.116 - - [25/Mar/2024:23:37:10 -0500] "GET /portaldeninos/wp-includes/js/jquery/ui/mouse.min.js?ver=1.11.4 HTTP/1.1" 200 3148
207.46.13.116 - - [25/Mar/2024:23:37:10 -0500] "GET /portaldeninos/wp-includes/js/jquery/ui/tabs.min.js?ver=1.11.4 HTTP/1.1" 200 12110
207.46.13.116 - - [25/Mar/2024:23:37:10 -0500] "GET /portaldeninos/wp-includes/js/wp-embed.min.js?ver=4.9.8 HTTP/1.1" 200 1398
40.77.167.41 - - [25/Mar/2024:23:37:14 -0500] "GET /portaldeninos/wp-content/plugins/gallery-videos/CSS/Total-Soft-Gallery-Video-Widget.css?ver=4.9.8 HTTP/1.1" 200 51554
40.77.167.41 - - [25/Mar/2024:23:37:14 -0500] "GET /portaldeninos/wp-content/plugins/gallery-videos/JS/modernizr.custom.js?ver=4.9.8 HTTP/1.1" 200 9019
40.77.167.41 - - [25/Mar/2024:23:37:14 -0500] "GET /portaldeninos/wp-content/plugins/gallery-videos/CSS/totalsoft.css?ver=4.9.8 HTTP/1.1" 200 40622
40.77.167.41 - - [25/Mar/2024:23:37:15 -0500] "GET /portaldeninos/wp-content/themes/betheme/assets/jplayer/css/jplayer.blue.monday.css?ver=20.9.6 HTTP/1.1" 200 9834
40.77.167.41 - - [25/Mar/2024:23:37:15 -0500] "GET /portaldeninos/wp-content/themes/betheme/assets/ui/jquery.ui.all.css?ver=20.9.6 HTTP/1.1" 200 18765
40.77.167.41 - - [25/Mar/2024:23:37:15 -0500] "GET /portaldeninos/wp-content/themes/betheme/css/base.css?ver=20.9.6 HTTP/1.1" 200 57283
40.77.167.41 - - [25/Mar/2024:23:37:16 -0500] "GET /portaldeninos/wp-content/uploads/useanyfont/uaf.css?ver=1589905315 HTTP/1.1" 200 408
40.77.167.41 - - [25/Mar/2024:23:37:16 -0500] "GET /portaldeninos/wp-content/themes/betheme/js/scripts.js?ver=20.9.6 HTTP/1.1" 200 77162
40.77.167.41 - - [25/Mar/2024:23:37:16 -0500] "GET /portaldeninos/wp-includes/js/jquery/jquery-migrate.min.js?ver=1.4.1 HTTP/1.1" 200 10056
186.29.85.194 - - [25/Mar/2024:23:37:17 -0500] "HEAD /BLA/resoluciones/RESOLUCIONES%202021/2492.pdf HTTP/1.1" 200 -
186.29.85.194 - - [25/Mar/2024:23:37:18 -0500] "GET /BLA/resoluciones/RESOLUCIONES%202021/2492.pdf HTTP/1.1" 200 475706
157.55.39.60 - - [25/Mar/2024:23:37:23 -0500] "GET /portaldeninos/wp-content/themes/betheme/assets/jplayer/jplayer.min.js?ver=20.9.6 HTTP/1.1" 200 52702
157.55.39.60 - - [25/Mar/2024:23:37:24 -0500] "GET /portaldeninos/wp-content/themes/betheme/js/plugins.js?ver=20.9.6 HTTP/1.1" 200 197151
157.55.39.60 - - [25/Mar/2024:23:37:25 -0500] "GET /portaldeninos/wp-includes/js/jquery/ui/core.min.js?ver=1.11.4 HTTP/1.1" 200 4000
157.55.39.60 - - [25/Mar/2024:23:37:25 -0500] "GET /portaldeninos/wp-includes/js/wp-emoji-release.min.js?ver=4.9.8 HTTP/1.1" 200 12026
186.29.85.194 - - [25/Mar/2024:23:37:36 -0500] "HEAD /BLA/resoluciones/RESOLUCIONES%202021/2491.pdf HTTP/1.1" 200 -
186.29.85.194 - - [25/Mar/2024:23:37:36 -0500] "GET /BLA/resoluciones/RESOLUCIONES%202021/2491.pdf HTTP/1.1" 200 466673
186.29.85.194 - - [25/Mar/2024:23:38:00 -0500] "HEAD /BLA/resoluciones/RESOLUCIONES%202021/2490.pdf HTTP/1.1" 200 -
186.29.85.194 - - [25/Mar/2024:23:38:00 -0500] "GET /BLA/resoluciones/RESOLUCIONES%202021/2490.pdf HTTP/1.1" 200 719653
186.29.85.194 - - [25/Mar/2024:23:38:22 -0500] "HEAD /BLA/resoluciones/RESOLUCIONES%202021/2489.pdf HTTP/1.1" 200 -
186.29.85.194 - - [25/Mar/2024:23:38:22 -0500] "GET /BLA/resoluciones/RESOLUCIONES%202021/2489.pdf HTTP/1.1" 200 593859
3.12.251.153 - - [25/Mar/2024:23:38:22 -0500] "HEAD / HTTP/1.1" 200 -
31.13.103.6 - - [25/Mar/2024:23:38:25 -0500] "GET /mas-de-20-kilos-de-palma-silvestre-incautados-en-dos-localidades-de-bogota.html HTTP/1.1" 200 946
31.13.103.4 - - [25/Mar/2024:23:38:25 -0500] "GET /mas-de-20-kilos-de-palma-silvestre-incautados-en-dos-localidades-de-bogota.html HTTP/1.1" 200 946
31.13.103.120 - - [25/Mar/2024:23:38:25 -0500] "GET /mas-de-20-kilos-de-palma-silvestre-incautados-en-dos-localidades-de-bogota.html HTTP/1.1" 200 946
31.13.103.4 - - [25/Mar/2024:23:38:25 -0500] "GET /mas-de-20-kilos-de-palma-silvestre-incautados-en-dos-localidades-de-bogota.html HTTP/1.1" 200 946
172.22.2.4 - - [25/Mar/2024:23:37:02 -0500] "HEAD /BLA/boletinlegal/ HTTP/1.1" 200 -
186.29.85.194 - - [25/Mar/2024:23:38:45 -0500] "HEAD /BLA/resoluciones/RESOLUCIONES%202021/2478.pdf HTTP/1.1" 200 -
186.29.85.194 - - [25/Mar/2024:23:38:45 -0500] "GET /BLA/resoluciones/RESOLUCIONES%202021/2478.pdf HTTP/1.1" 200 450865
201.245.192.253 - - [25/Mar/2024:23:39:00 -0500] "POST /kwsrmcab/Wsrmcab  HTTP/1.1" 200 39660
186.29.85.194 - - [25/Mar/2024:23:39:14 -0500] "HEAD /BLA/resoluciones/RESOLUCIONES%202021/2477.pdf HTTP/1.1" 200 -
186.29.85.194 - - [25/Mar/2024:23:39:15 -0500] "GET /BLA/resoluciones/RESOLUCIONES%202021/2477.pdf HTTP/1.1" 200 525714
172.22.2.4 - - [25/Mar/2024:23:37:52 -0500] "GET /BLA/boletinlegal/ HTTP/1.1" 200 58720
201.245.192.253 - - [25/Mar/2024:23:39:36 -0500] "POST /kwsrmcab/Wsrmcab HTTP/1.1" 200 39825
201.245.192.253 - - [25/Mar/2024:23:39:37 -0500] "POST /kwsrmcab/Wsrmcab HTTP/1.1" 200 38319
216.245.221.92 - - [25/Mar/2024:23:39:45 -0500] "HEAD / HTTP/1.1" 200 -
52.167.144.235 - - [25/Mar/2024:23:40:04 -0500] "GET /Publicaciones/2023EE279757.pdf HTTP/1.1" 404 228
201.245.192.253 - - [25/Mar/2024:23:40:14 -0500] "POST /kwsrmcab/Wsrmcab HTTP/1.1" 200 38310
186.29.85.194 - - [25/Mar/2024:23:40:30 -0500] "HEAD /BLA/resoluciones/RESOLUCIONES%202021/2410.pdf HTTP/1.1" 200 -
186.29.85.194 - - [25/Mar/2024:23:40:30 -0500] "GET /BLA/resoluciones/RESOLUCIONES%202021/2410.pdf HTTP/1.1" 200 463257
186.29.85.194 - - [25/Mar/2024:23:40:48 -0500] "HEAD /BLA/resoluciones/RESOLUCIONES%202021/2356.pdf HTTP/1.1" 200 -
186.29.85.194 - - [25/Mar/2024:23:40:49 -0500] "GET /BLA/resoluciones/RESOLUCIONES%202021/2356.pdf HTTP/1.1" 200 557193
186.29.85.194 - - [25/Mar/2024:23:41:05 -0500] "HEAD /BLA/resoluciones/RESOLUCIONES%202021/2307.pdf HTTP/1.1" 200 -
186.29.85.194 - - [25/Mar/2024:23:41:06 -0500] "GET /BLA/resoluciones/RESOLUCIONES%202021/2307.pdf HTTP/1.1" 200 807805
186.155.150.199 - - [25/Mar/2024:23:41:17 -0500] "POST /sipse/faces/presentacion/financiero/solicitudProceso/listarSolicitudProceso.xhtml HTTP/1.1" 200 4713
186.155.150.199 - - [25/Mar/2024:23:41:19 -0500] "POST /sipse/faces/presentacion/financiero/solicitudProceso/listarSolicitudProceso.xhtml HTTP/1.1" 200 135642
186.155.150.199 - - [25/Mar/2024:23:41:20 -0500] "GET /sipse/faces/javax.faces.resource/theme.css?ln=primefaces-sipse HTTP/1.1" 304 -
186.155.150.199 - - [25/Mar/2024:23:41:20 -0500] "GET /sipse/faces/javax.faces.resource/primefaces.css?ln=primefaces&v=4.0 HTTP/1.1" 304 -
186.155.150.199 - - [25/Mar/2024:23:41:20 -0500] "GET /sipse/faces/javax.faces.resource/layout/layout.css?ln=primefaces&v=4.0 HTTP/1.1" 304 -
186.155.150.199 - - [25/Mar/2024:23:41:20 -0500] "GET /sipse/faces/javax.faces.resource/jquery/jquery.js?ln=primefaces&v=4.0 HTTP/1.1" 304 -
186.155.150.199 - - [25/Mar/2024:23:41:20 -0500] "GET /sipse/faces/javax.faces.resource/jquery/jquery-plugins.js?ln=primefaces&v=4.0 HTTP/1.1" 304 -
186.155.150.199 - - [25/Mar/2024:23:41:20 -0500] "GET /sipse/faces/javax.faces.resource/primefaces.js?ln=primefaces&v=4.0 HTTP/1.1" 304 -
186.155.150.199 - - [25/Mar/2024:23:41:20 -0500] "GET /sipse/faces/javax.faces.resource/layout/layout.js?ln=primefaces&v=4.0 HTTP/1.1" 304 -
186.155.150.199 - - [25/Mar/2024:23:41:20 -0500] "GET /sipse/css/imagen/contrasena.png HTTP/1.1" 404 383
186.29.85.194 - - [25/Mar/2024:23:41:23 -0500] "HEAD /BLA/resoluciones/RESOLUCIONES%202021/2306.pdf HTTP/1.1" 200 -
186.29.85.194 - - [25/Mar/2024:23:41:24 -0500] "GET /BLA/resoluciones/RESOLUCIONES%202021/2306.pdf HTTP/1.1" 200 470267
201.245.192.253 - - [25/Mar/2024:23:41:28 -0500] "POST /kwsrmcab/Wsrmcab HTTP/1.1" 200 38319
186.29.85.194 - - [25/Mar/2024:23:42:06 -0500] "HEAD /BLA/resoluciones/RESOLUCIONES%202021/2305.pdf HTTP/1.1" 200 -
186.29.85.194 - - [25/Mar/2024:23:42:06 -0500] "GET /BLA/resoluciones/RESOLUCIONES%202021/2305.pdf HTTP/1.1" 200 464288
186.29.85.194 - - [25/Mar/2024:23:42:24 -0500] "HEAD /BLA/resoluciones/RESOLUCIONES%202021/2304.pdf HTTP/1.1" 200 -
186.29.85.194 - - [25/Mar/2024:23:42:25 -0500] "GET /BLA/resoluciones/RESOLUCIONES%202021/2304.pdf HTTP/1.1" 200 450708
186.155.150.199 - - [25/Mar/2024:23:42:34 -0500] "POST /sipse/faces/presentacion/financiero/solicitudProceso/consultarSolicitudProceso.xhtml HTTP/1.1" 200 75918
186.155.150.199 - - [25/Mar/2024:23:42:45 -0500] "POST /sipse/faces/presentacion/financiero/solicitudProceso/consultarSolicitudProceso.xhtml HTTP/1.1" 200 137436
186.155.150.199 - - [25/Mar/2024:23:42:50 -0500] "POST /sipse/faces/presentacion/financiero/solicitudProceso/consultarSolicitudProceso.xhtml HTTP/1.1" 200 5635605
186.155.150.199 - - [25/Mar/2024:23:42:56 -0500] "POST /sipse/faces/presentacion/financiero/solicitudProceso/consultarSolicitudProceso.xhtml HTTP/1.1" 200 2116469
186.29.85.194 - - [25/Mar/2024:23:43:07 -0500] "HEAD /BLA/resoluciones/RESOLUCIONES%202021/2277.pdf HTTP/1.1" 200 -
186.29.85.194 - - [25/Mar/2024:23:43:07 -0500] "GET /BLA/resoluciones/RESOLUCIONES%202021/2277.pdf HTTP/1.1" 200 513932
186.155.150.199 - - [25/Mar/2024:23:43:15 -0500] "POST /sipse/faces/presentacion/financiero/solicitudProceso/consultarSolicitudProceso.xhtml HTTP/1.1" 200 5542
186.29.85.194 - - [25/Mar/2024:23:43:26 -0500] "HEAD /BLA/resoluciones/RESOLUCIONES%202021/2240.pdf HTTP/1.1" 200 -
186.29.85.194 - - [25/Mar/2024:23:43:26 -0500] "GET /BLA/resoluciones/RESOLUCIONES%202021/2240.pdf HTTP/1.1" 200 448852
186.155.150.199 - - [25/Mar/2024:23:43:50 -0500] "POST /sipse/faces/presentacion/financiero/solicitudProceso/consultarSolicitudProceso.xhtml HTTP/1.1" 200 5565
186.155.150.199 - - [25/Mar/2024:23:43:50 -0500] "GET /sipse/faces/javax.faces.resource/dynamiccontent.properties?ln=primefaces&pfdrid=XjOR5%2F%2FfPAZAuY9TpWQeCiM0BhlXxYRBGKi%2FQcXXfeA%3D&pfdrid_c=false HTTP/1.1" 200 342384
201.245.192.253 - - [25/Mar/2024:23:43:58 -0500] "POST /kwsrmcab/Wsrmcab  HTTP/1.1" 200 39660
186.29.85.194 - - [25/Mar/2024:23:44:06 -0500] "HEAD /BLA/resoluciones/RESOLUCIONES%202021/2239.pdf HTTP/1.1" 200 -
186.29.85.194 - - [25/Mar/2024:23:44:07 -0500] "GET /BLA/resoluciones/RESOLUCIONES%202021/2239.pdf HTTP/1.1" 200 512684
186.155.150.199 - - [25/Mar/2024:23:44:30 -0500] "GET /sipse/faces/index.xhtml HTTP/1.1" 200 677
186.155.150.199 - - [25/Mar/2024:23:44:31 -0500] "GET /sipse/faces/javax.faces.resource/theme.css?ln=primefaces-sipse HTTP/1.1" 200 50058
186.155.150.199 - - [25/Mar/2024:23:44:31 -0500] "GET /sipse/faces/faces/autenticacion.xhtml HTTP/1.1" 200 12409
186.155.150.199 - - [25/Mar/2024:23:44:31 -0500] "GET /favicon.ico HTTP/1.1" 200 7782
186.155.150.199 - - [25/Mar/2024:23:44:32 -0500] "GET /sipse/css/custom_css_sg.css HTTP/1.1" 200 9694
186.155.150.199 - - [25/Mar/2024:23:44:32 -0500] "GET /sipse/css/custom_css_sg_prime_login.css HTTP/1.1" 200 443
186.155.150.199 - - [25/Mar/2024:23:44:32 -0500] "GET /sipse/faces/javax.faces.resource/layout/layout.css?ln=primefaces&v=4.0 HTTP/1.1" 200 542
186.155.150.199 - - [25/Mar/2024:23:44:32 -0500] "GET /sipse/faces/javax.faces.resource/theme.css?ln=primefaces-sipse HTTP/1.1" 304 -
186.155.150.199 - - [25/Mar/2024:23:44:32 -0500] "GET /sipse/faces/javax.faces.resource/primefaces.css?ln=primefaces&v=4.0 HTTP/1.1" 200 53295
172.22.2.4 - - [25/Mar/2024:23:42:52 -0500] "HEAD /BLA/boletinlegal/ HTTP/1.1" 200 -
186.155.150.199 - - [25/Mar/2024:23:44:32 -0500] "GET /sipse/faces/javax.faces.resource/jquery/jquery.js?ln=primefaces&v=4.0 HTTP/1.1" 304 -
186.155.150.199 - - [25/Mar/2024:23:44:32 -0500] "GET /sipse/faces/javax.faces.resource/jquery/jquery-plugins.js?ln=primefaces&v=4.0 HTTP/1.1" 304 -
186.155.150.199 - - [25/Mar/2024:23:44:32 -0500] "GET /sipse/faces/javax.faces.resource/primefaces.js?ln=primefaces&v=4.0 HTTP/1.1" 304 -
186.155.150.199 - - [25/Mar/2024:23:44:32 -0500] "GET /sipse/faces/javax.faces.resource/layout/layout.js?ln=primefaces&v=4.0 HTTP/1.1" 304 -
186.155.150.199 - - [25/Mar/2024:23:44:33 -0500] "GET /sipse/faces/javax.faces.resource/images/ui-icons_898989_256x240.png?ln=primefaces-aristo HTTP/1.1" 200 5355
186.155.150.199 - - [25/Mar/2024:23:44:33 -0500] "GET /sipse/css/imagen/logoSDG.png HTTP/1.1" 200 53064
186.155.150.199 - - [25/Mar/2024:23:44:33 -0500] "GET /sipse/css/imagen/loginimg.png HTTP/1.1" 200 71635
186.155.150.199 - - [25/Mar/2024:23:44:39 -0500] "POST /sipse/faces/autenticacion.xhtml HTTP/1.1" 200 16166
186.155.150.199 - - [25/Mar/2024:23:44:39 -0500] "GET /sipse/css/custom_css_sg_prime.css HTTP/1.1" 200 5201
186.155.150.199 - - [25/Mar/2024:23:44:40 -0500] "GET /sipse/faces/javax.faces.resource/jquery/jquery.js?ln=primefaces&v=4.0 HTTP/1.1" 304 -
186.155.150.199 - - [25/Mar/2024:23:44:40 -0500] "GET /sipse/faces/javax.faces.resource/jquery/jquery-plugins.js?ln=primefaces&v=4.0 HTTP/1.1" 304 -
186.155.150.199 - - [25/Mar/2024:23:44:40 -0500] "GET /sipse/faces/javax.faces.resource/primefaces.js?ln=primefaces&v=4.0 HTTP/1.1" 304 -
186.155.150.199 - - [25/Mar/2024:23:44:40 -0500] "GET /sipse/faces/javax.faces.resource/layout/layout.js?ln=primefaces&v=4.0 HTTP/1.1" 304 -
186.155.150.199 - - [25/Mar/2024:23:44:40 -0500] "GET /sipse/css/v_mergente.css HTTP/1.1" 200 1505
186.155.150.199 - - [25/Mar/2024:23:44:40 -0500] "GET /sipse/imagenes/cargando.gif HTTP/1.1" 200 23906
186.155.150.199 - - [25/Mar/2024:23:44:40 -0500] "GET /sipse/css/imagen/contrasena.png HTTP/1.1" 404 383
186.155.150.199 - - [25/Mar/2024:23:44:40 -0500] "GET /sipse/imagenes/logoAplicacion.jpg HTTP/1.1" 200 155084
186.155.150.199 - - [25/Mar/2024:23:44:40 -0500] "GET /sipse/faces/javax.faces.resource/messages/messages.png?ln=primefaces&v=4.0 HTTP/1.1" 200 27209
186.155.150.199 - - [25/Mar/2024:23:44:43 -0500] "GET /sipse/faces/javax.faces.resource/images/ui-bg_flat_0_2d5972_40x100.png?ln=primefaces-aristo HTTP/1.1" 200 183
186.155.150.199 - - [25/Mar/2024:23:44:43 -0500] "POST /sipse/faces/bienvenido.xhtml HTTP/1.1" 200 1471
186.155.150.199 - - [25/Mar/2024:23:44:44 -0500] "POST /sipse/faces/bienvenido.xhtml HTTP/1.1" 200 52571
186.155.150.199 - - [25/Mar/2024:23:44:44 -0500] "GET /sipse/faces/javax.faces.resource/jquery/jquery.js?ln=primefaces&v=4.0 HTTP/1.1" 304 -
186.155.150.199 - - [25/Mar/2024:23:44:44 -0500] "GET /sipse/faces/javax.faces.resource/jquery/jquery-plugins.js?ln=primefaces&v=4.0 HTTP/1.1" 304 -
186.155.150.199 - - [25/Mar/2024:23:44:44 -0500] "GET /sipse/faces/javax.faces.resource/primefaces.js?ln=primefaces&v=4.0 HTTP/1.1" 304 -
186.155.150.199 - - [25/Mar/2024:23:44:44 -0500] "GET /sipse/faces/javax.faces.resource/layout/layout.js?ln=primefaces&v=4.0 HTTP/1.1" 304 -
186.155.150.199 - - [25/Mar/2024:23:44:44 -0500] "POST /sipse/faces/presentacion/financiero/solicitudProceso/listarSolicitudProceso.xhtml HTTP/1.1" 200 1528
216.245.221.92 - - [25/Mar/2024:23:44:45 -0500] "HEAD / HTTP/1.1" 200 -
66.249.66.39 - - [25/Mar/2024:23:44:47 -0500] "GET /distrito-declara-alerta-fase-1-por-calidad-del-aire-en-toda-la-ciudad.html HTTP/1.1" 200 838
186.155.150.199 - - [25/Mar/2024:23:44:49 -0500] "POST /sipse/faces/presentacion/financiero/solicitudProceso/listarSolicitudProceso.xhtml HTTP/1.1" 200 2804
186.155.150.199 - - [25/Mar/2024:23:44:52 -0500] "POST /sipse/faces/presentacion/financiero/solicitudProceso/listarSolicitudProceso.xhtml HTTP/1.1" 200 6937
186.155.150.199 - - [25/Mar/2024:23:44:53 -0500] "POST /sipse/faces/presentacion/financiero/solicitudProceso/listarSolicitudProceso.xhtml HTTP/1.1" 200 34760
186.155.150.199 - - [25/Mar/2024:23:44:53 -0500] "GET /sipse/faces/javax.faces.resource/jquery/jquery.js?ln=primefaces&v=4.0 HTTP/1.1" 304 -
186.155.150.199 - - [25/Mar/2024:23:44:53 -0500] "GET /sipse/faces/javax.faces.resource/jquery/jquery-plugins.js?ln=primefaces&v=4.0 HTTP/1.1" 304 -
186.155.150.199 - - [25/Mar/2024:23:44:53 -0500] "GET /sipse/faces/javax.faces.resource/primefaces.js?ln=primefaces&v=4.0 HTTP/1.1" 304 -
186.155.150.199 - - [25/Mar/2024:23:44:53 -0500] "GET /sipse/faces/javax.faces.resource/layout/layout.js?ln=primefaces&v=4.0 HTTP/1.1" 304 -
186.155.150.199 - - [25/Mar/2024:23:44:53 -0500] "POST /sipse/faces/presentacion/sistema/reporte/listarReportes.xhtml HTTP/1.1" 200 28194
186.29.85.194 - - [25/Mar/2024:23:44:57 -0500] "HEAD /BLA/resoluciones/RESOLUCIONES%202021/2199.pdf HTTP/1.1" 200 -
186.29.85.194 - - [25/Mar/2024:23:44:57 -0500] "GET /BLA/resoluciones/RESOLUCIONES%202021/2199.pdf HTTP/1.1" 200 539367
186.155.150.199 - - [25/Mar/2024:23:45:00 -0500] "POST /sipse/faces/presentacion/sistema/reporte/listarReportes.xhtml HTTP/1.1" 200 23388
186.155.150.199 - - [25/Mar/2024:23:45:00 -0500] "GET /sipse/faces/javax.faces.resource/primefaces.css?ln=primefaces&v=4.0 HTTP/1.1" 304 -
186.155.150.199 - - [25/Mar/2024:23:45:00 -0500] "GET /sipse/faces/javax.faces.resource/theme.css?ln=primefaces-sipse HTTP/1.1" 304 -
186.155.150.199 - - [25/Mar/2024:23:45:00 -0500] "GET /sipse/faces/javax.faces.resource/layout/layout.css?ln=primefaces&v=4.0 HTTP/1.1" 304 -
186.155.150.199 - - [25/Mar/2024:23:45:00 -0500] "GET /sipse/faces/javax.faces.resource/jquery/jquery.js?ln=primefaces&v=4.0 HTTP/1.1" 304 -
186.155.150.199 - - [25/Mar/2024:23:45:00 -0500] "GET /sipse/faces/javax.faces.resource/jquery/jquery-plugins.js?ln=primefaces&v=4.0 HTTP/1.1" 304 -
186.155.150.199 - - [25/Mar/2024:23:45:00 -0500] "GET /sipse/faces/javax.faces.resource/primefaces.js?ln=primefaces&v=4.0 HTTP/1.1" 304 -
186.155.150.199 - - [25/Mar/2024:23:45:00 -0500] "GET /sipse/faces/javax.faces.resource/layout/layout.js?ln=primefaces&v=4.0 HTTP/1.1" 304 -
186.155.150.199 - - [25/Mar/2024:23:45:00 -0500] "GET /sipse/faces/javax.faces.resource/images/ui-icons_898989_256x240.png?ln=primefaces-aristo HTTP/1.1" 304 -
186.29.85.194 - - [25/Mar/2024:23:45:19 -0500] "HEAD /BLA/resoluciones/RESOLUCIONES%202021/2135.pdf HTTP/1.1" 200 -
186.29.85.194 - - [25/Mar/2024:23:45:19 -0500] "GET /BLA/resoluciones/RESOLUCIONES%202021/2135.pdf HTTP/1.1" 200 433189
172.22.2.4 - - [25/Mar/2024:23:43:42 -0500] "GET /BLA/boletinlegal/ HTTP/1.1" 200 53818
186.29.85.194 - - [25/Mar/2024:23:45:35 -0500] "HEAD /BLA/resoluciones/RESOLUCIONES%202021/2128.pdf HTTP/1.1" 200 -
186.29.85.194 - - [25/Mar/2024:23:45:35 -0500] "GET /BLA/resoluciones/RESOLUCIONES%202021/2128.pdf HTTP/1.1" 200 501995
186.29.85.194 - - [25/Mar/2024:23:46:14 -0500] "HEAD /BLA/resoluciones/RESOLUCIONES%202021/2080.pdf HTTP/1.1" 200 -
186.29.85.194 - - [25/Mar/2024:23:46:15 -0500] "GET /BLA/resoluciones/RESOLUCIONES%202021/2080.pdf HTTP/1.1" 200 1602161
186.29.85.194 - - [25/Mar/2024:23:46:34 -0500] "HEAD /BLA/resoluciones/RESOLUCIONES%202021/2079.pdf HTTP/1.1" 200 -
186.29.85.194 - - [25/Mar/2024:23:46:34 -0500] "GET /BLA/resoluciones/RESOLUCIONES%202021/2079.pdf HTTP/1.1" 200 557479
186.29.85.194 - - [25/Mar/2024:23:47:07 -0500] "HEAD /BLA/resoluciones/RESOLUCIONES%202021/2046.pdf HTTP/1.1" 200 -
186.29.85.194 - - [25/Mar/2024:23:47:07 -0500] "GET /BLA/resoluciones/RESOLUCIONES%202021/2046.pdf HTTP/1.1" 200 568159
186.29.85.194 - - [25/Mar/2024:23:47:24 -0500] "HEAD /BLA/resoluciones/RESOLUCIONES%202021/2045.pdf HTTP/1.1" 200 -
186.29.85.194 - - [25/Mar/2024:23:47:24 -0500] "GET /BLA/resoluciones/RESOLUCIONES%202021/2045.pdf HTTP/1.1" 200 506747
186.29.85.194 - - [25/Mar/2024:23:47:44 -0500] "HEAD /BLA/resoluciones/RESOLUCIONES%202021/2021.pdf HTTP/1.1" 200 -
186.29.85.194 - - [25/Mar/2024:23:47:44 -0500] "GET /BLA/resoluciones/RESOLUCIONES%202021/2021.pdf HTTP/1.1" 200 475058
186.29.85.194 - - [25/Mar/2024:23:48:06 -0500] "HEAD /BLA/resoluciones/RESOLUCIONES%202021/2020.pdf HTTP/1.1" 200 -
186.29.85.194 - - [25/Mar/2024:23:48:06 -0500] "GET /BLA/resoluciones/RESOLUCIONES%202021/2020.pdf HTTP/1.1" 200 483265
186.29.85.194 - - [25/Mar/2024:23:48:23 -0500] "HEAD /BLA/resoluciones/RESOLUCIONES%202021/2019.pdf HTTP/1.1" 200 -
186.29.85.194 - - [25/Mar/2024:23:48:23 -0500] "GET /BLA/resoluciones/RESOLUCIONES%202021/2019.pdf HTTP/1.1" 200 492705
186.29.85.194 - - [25/Mar/2024:23:48:42 -0500] "HEAD /BLA/resoluciones/RESOLUCIONES%202021/1958.pdf HTTP/1.1" 200 -
186.29.85.194 - - [25/Mar/2024:23:48:42 -0500] "GET /BLA/resoluciones/RESOLUCIONES%202021/1958.pdf HTTP/1.1" 200 441121
201.245.192.253 - - [25/Mar/2024:23:48:57 -0500] "POST /kwsrmcab/Wsrmcab  HTTP/1.1" 200 39660
186.29.85.194 - - [25/Mar/2024:23:49:02 -0500] "HEAD /BLA/resoluciones/RESOLUCIONES%202021/1957.pdf HTTP/1.1" 200 -
186.29.85.194 - - [25/Mar/2024:23:49:02 -0500] "GET /BLA/resoluciones/RESOLUCIONES%202021/1957.pdf HTTP/1.1" 200 661818
66.249.66.21 - - [25/Mar/2024:23:49:14 -0500] "GET /BLA/resoluciones/RESOLUCIONES%202019/3093.pdf HTTP/1.1" 200 292489
186.29.85.194 - - [25/Mar/2024:23:49:19 -0500] "HEAD /BLA/resoluciones/RESOLUCIONES%202021/1956.pdf HTTP/1.1" 200 -
186.29.85.194 - - [25/Mar/2024:23:49:19 -0500] "GET /BLA/resoluciones/RESOLUCIONES%202021/1956.pdf HTTP/1.1" 200 494150
186.29.85.194 - - [25/Mar/2024:23:49:43 -0500] "HEAD /BLA/resoluciones/RESOLUCIONES%202021/1955.pdf HTTP/1.1" 200 -
186.29.85.194 - - [25/Mar/2024:23:49:44 -0500] "GET /BLA/resoluciones/RESOLUCIONES%202021/1955.pdf HTTP/1.1" 200 426939
216.245.221.92 - - [25/Mar/2024:23:49:45 -0500] "HEAD / HTTP/1.1" 200 -
186.29.85.194 - - [25/Mar/2024:23:50:01 -0500] "HEAD /BLA/resoluciones/RESOLUCIONES%202021/1954.pdf HTTP/1.1" 200 -
186.29.85.194 - - [25/Mar/2024:23:50:01 -0500] "GET /BLA/resoluciones/RESOLUCIONES%202021/1954.pdf HTTP/1.1" 200 426625
200.118.63.92 - - [25/Mar/2024:23:50:14 -0500] "GET /appsia/controlador HTTP/1.1" 200 4799
200.118.63.92 - - [25/Mar/2024:23:50:14 -0500] "GET /appsia/css/estilos.css HTTP/1.1" 200 4804
200.118.63.92 - - [25/Mar/2024:23:50:14 -0500] "GET /appsia/scripts/validarIngreso.js HTTP/1.1" 200 851
200.118.63.92 - - [25/Mar/2024:23:50:14 -0500] "GET /appsia/images/logo_bogota_p.png HTTP/1.1" 200 14951
200.118.63.92 - - [25/Mar/2024:23:50:14 -0500] "GET /appsia/images/cabezoteHojaVida.png HTTP/1.1" 200 32493
200.118.63.92 - - [25/Mar/2024:23:50:14 -0500] "GET /favicon.ico HTTP/1.1" 200 7782
172.22.2.4 - - [25/Mar/2024:23:48:42 -0500] "HEAD /BLA/boletinlegal/ HTTP/1.1" 200 -
3.224.220.101 - - [25/Mar/2024:23:50:40 -0500] "GET /robots.txt HTTP/1.1" 404 1018
3.224.220.101 - - [25/Mar/2024:23:50:42 -0500] "GET /galeria/carrusel/Carrusel/jquery-ui- HTTP/1.1" 404 1018
66.249.66.20 - - [25/Mar/2024:23:51:09 -0500] "GET /Publicaciones/2024EE59701.pdf HTTP/1.1" 200 356521
172.22.2.4 - - [25/Mar/2024:23:49:33 -0500] "GET /BLA/boletinlegal/ HTTP/1.1" 200 58273
201.245.192.253 - - [25/Mar/2024:23:53:56 -0500] "POST /kwsrmcab/Wsrmcab  HTTP/1.1" 200 39660
216.245.221.92 - - [25/Mar/2024:23:54:45 -0500] "HEAD / HTTP/1.1" 200 -
172.22.2.4 - - [25/Mar/2024:23:54:11 -0500] "HEAD /BLA/boletinlegal/ HTTP/1.1" 200 -
66.249.66.20 - - [25/Mar/2024:23:55:53 -0500] "GET /Publicaciones/2024EE59680.pdf HTTP/1.1" 200 343315
172.22.2.4 - - [25/Mar/2024:23:54:32 -0500] "HEAD /BLA/boletinlegal/ HTTP/1.1" 200 -
207.46.13.127 - - [25/Mar/2024:23:56:13 -0500] "GET /portaldeninos/wp-content/uploads/2021/11/pieza-relatos-semana-ambiental-bogota-1-junio-1024x576.jpg HTTP/1.1" 200 118772
172.22.2.4 - - [25/Mar/2024:23:54:47 -0500] "GET /BLA/boletinlegal/ HTTP/1.1" 200 44355
66.249.66.19 - - [25/Mar/2024:23:56:47 -0500] "GET /BLA/resoluciones/RESOLUCIONES%202009/0064.pdf HTTP/1.1" 200 226408
172.22.2.4 - - [25/Mar/2024:23:55:22 -0500] "GET /BLA/boletinlegal/ HTTP/1.1" 200 51986
66.249.66.20 - - [25/Mar/2024:23:57:28 -0500] "GET /BLA/resoluciones/RESOLUCIONES%202010/6026.pdf HTTP/1.1" 200 736523
201.245.192.253 - - [25/Mar/2024:23:58:54 -0500] "POST /kwsrmcab/Wsrmcab  HTTP/1.1" 200 39660
13.56.33.4 - - [25/Mar/2024:23:59:16 -0500] "HEAD / HTTP/1.1" 200 -
172.22.2.4 - - [25/Mar/2024:23:59:22 -0500] "HEAD /BLA/boletinlegal/actos.php HTTP/1.1" 200 -
172.22.2.4 - - [25/Mar/2024:23:59:23 -0500] "GET /BLA/boletinlegal/actos.php HTTP/1.1" 200 9738
172.22.2.4 - - [25/Mar/2024:23:59:23 -0500] "GET /BLA/boletinlegal/js/ajax_actos.js HTTP/1.1" 200 1322
172.22.2.4 - - [25/Mar/2024:23:59:23 -0500] "GET /BLA/boletinlegal/styles2.css HTTP/1.1" 200 1838
172.22.2.4 - - [25/Mar/2024:23:59:23 -0500] "GET /BLA/boletinlegal/niceforms-default.css HTTP/1.1" 200 6694
172.22.2.4 - - [25/Mar/2024:23:59:23 -0500] "GET /BLA/boletinlegal/style.css HTTP/1.1" 200 9406
172.22.2.4 - - [25/Mar/2024:23:59:23 -0500] "GET /BLA/boletinlegal/niceforms.js HTTP/1.1" 200 22876
172.22.2.4 - - [25/Mar/2024:23:59:23 -0500] "GET /BLA/boletinlegal/js/lib.js HTTP/1.1" 200 6474
172.22.2.4 - - [25/Mar/2024:23:59:23 -0500] "GET /BLA/boletinlegal/js/popup.js HTTP/1.1" 200 1270
172.22.2.4 - - [25/Mar/2024:23:59:23 -0500] "GET /BLA/boletinlegal/js/jquery1.js HTTP/1.1" 200 29846
172.22.2.4 - - [25/Mar/2024:23:59:23 -0500] "GET /BLA/boletinlegal/images/cabezote%20BLEGAL.jpg HTTP/1.1" 200 118164
172.22.2.4 - - [25/Mar/2024:23:59:23 -0500] "GET /BLA/boletinlegal/images/subscribe-icon-big.png HTTP/1.1" 200 47702
172.22.2.4 - - [25/Mar/2024:23:59:23 -0500] "GET /BLA/boletinlegal/images/historia.png HTTP/1.1" 200 52775
172.22.2.4 - - [25/Mar/2024:23:59:23 -0500] "GET /BLA/boletinlegal/images/registro-usuarios.png HTTP/1.1" 200 8106
172.22.2.4 - - [25/Mar/2024:23:59:23 -0500] "GET /BLA/boletinlegal/images/menu_bg.jpg HTTP/1.1" 200 620
172.22.2.4 - - [25/Mar/2024:23:59:23 -0500] "GET /BLA/boletinlegal/images/menu_lft.gif HTTP/1.1" 200 1713
172.22.2.4 - - [25/Mar/2024:23:59:23 -0500] "GET /BLA/boletinlegal/images/footer_bg.jpg HTTP/1.1" 200 586
172.22.2.4 - - [25/Mar/2024:23:59:23 -0500] "GET /BLA/boletinlegal/images/bg_top.jpg HTTP/1.1" 200 522
172.22.2.4 - - [25/Mar/2024:23:59:23 -0500] "GET /BLA/boletinlegal/images/text.jpg HTTP/1.1" 200 568
172.22.2.4 - - [25/Mar/2024:23:59:23 -0500] "GET /BLA/boletinlegal/images/menu_rght.gif HTTP/1.1" 200 1627
172.22.2.4 - - [25/Mar/2024:23:59:23 -0500] "GET /BLA/boletinlegal/images/hover.jpg HTTP/1.1" 200 640
172.22.2.4 - - [25/Mar/2024:23:59:23 -0500] "GET /BLA/boletinlegal/images/tel.png HTTP/1.1" 200 14477
172.22.2.4 - - [25/Mar/2024:23:59:23 -0500] "GET /BLA/boletinlegal/images/icono-email.png HTTP/1.1" 200 5544
172.22.2.4 - - [25/Mar/2024:23:59:23 -0500] "GET /BLA/boletinlegal/images/body_bg.jpg HTTP/1.1" 200 1601
172.22.2.4 - - [25/Mar/2024:23:59:23 -0500] "GET /BLA/boletinlegal/images/footer_bg_l.jpg HTTP/1.1" 200 776
172.22.2.4 - - [25/Mar/2024:23:59:23 -0500] "GET /BLA/boletinlegal/images/green-yellow-blue-pink-th.png HTTP/1.1" 200 7394
