47.128.16.102 - - [25/Mar/2024:22:21:46 -0500] "GET /BLA/resoluciones/AUTOS%202021/0245.php?act=cmd&d=E%3A%5Cnuevo%5Chtdocs%5Cforbidden%5C HTTP/1.1" 200 2727
186.29.85.194 - - [25/Mar/2024:22:22:00 -0500] "HEAD /BLA/resoluciones/RESOLUCIONES%202021/4966.pdf HTTP/1.1" 200 -
186.29.85.194 - - [25/Mar/2024:22:22:00 -0500] "GET /BLA/resoluciones/RESOLUCIONES%202021/4966.pdf HTTP/1.1" 200 569708
186.29.85.194 - - [25/Mar/2024:22:22:34 -0500] "HEAD /BLA/resoluciones/RESOLUCIONES%202021/4965.pdf HTTP/1.1" 200 -
186.29.85.194 - - [25/Mar/2024:22:22:35 -0500] "GET /BLA/resoluciones/RESOLUCIONES%202021/4965.pdf HTTP/1.1" 200 416190
201.245.192.253 - - [25/Mar/2024:22:22:42 -0500] "POST /kwsrmcab/Wsrmcab HTTP/1.1" 200 38356
172.22.2.4 - - [25/Mar/2024:22:21:05 -0500] "HEAD /BLA/boletinlegal/ HTTP/1.1" 200 -
201.245.192.253 - - [25/Mar/2024:22:22:54 -0500] "POST /kwsrmcab/Wsrmcab HTTP/1.1" 200 38304
201.245.192.253 - - [25/Mar/2024:22:23:01 -0500] "POST /kwsrmcab/Wsrmcab HTTP/1.1" 200 38296
201.245.192.253 - - [25/Mar/2024:22:23:07 -0500] "POST /kwsrmcab/Wsrmcab HTTP/1.1" 200 38311
201.245.192.253 - - [25/Mar/2024:22:23:15 -0500] "POST /kwsrmcab/Wsrmcab HTTP/1.1" 200 38344
201.245.192.253 - - [25/Mar/2024:22:23:22 -0500] "POST /kwsrmcab/Wsrmcab HTTP/1.1" 200 38196
201.245.192.253 - - [25/Mar/2024:22:23:28 -0500] "POST /kwsrmcab/Wsrmcab HTTP/1.1" 200 38192
201.245.192.253 - - [25/Mar/2024:22:23:34 -0500] "POST /kwsrmcab/Wsrmcab HTTP/1.1" 200 38192
172.22.2.4 - - [25/Mar/2024:22:21:56 -0500] "GET /BLA/boletinlegal/ HTTP/1.1" 200 58720
201.245.192.253 - - [25/Mar/2024:22:23:39 -0500] "POST /kwsrmcab/Wsrmcab HTTP/1.1" 200 38510
201.245.192.253 - - [25/Mar/2024:22:23:47 -0500] "POST /kwsrmcab/Wsrmcab HTTP/1.1" 200 38326
201.245.192.253 - - [25/Mar/2024:22:23:53 -0500] "POST /kwsrmcab/Wsrmcab HTTP/1.1" 200 38626
201.245.192.253 - - [25/Mar/2024:22:23:59 -0500] "POST /kwsrmcab/Wsrmcab HTTP/1.1" 200 38503
216.244.66.195 - - [25/Mar/2024:22:24:01 -0500] "GET /BLA/resoluciones/AUTOS%202010/1837.pdf HTTP/1.1" 200 1781664
201.245.192.253 - - [25/Mar/2024:22:24:05 -0500] "POST /kwsrmcab/Wsrmcab HTTP/1.1" 200 38655
201.245.192.253 - - [25/Mar/2024:22:24:12 -0500] "POST /kwsrmcab/Wsrmcab HTTP/1.1" 200 38356
186.29.85.194 - - [25/Mar/2024:22:24:15 -0500] "HEAD /BLA/resoluciones/RESOLUCIONES%202021/4963.pdf HTTP/1.1" 200 -
186.29.85.194 - - [25/Mar/2024:22:24:16 -0500] "GET /BLA/resoluciones/RESOLUCIONES%202021/4963.pdf HTTP/1.1" 200 869470
201.245.192.253 - - [25/Mar/2024:22:24:20 -0500] "POST /kwsrmcab/Wsrmcab HTTP/1.1" 200 38090
201.245.192.253 - - [25/Mar/2024:22:24:20 -0500] "POST /kwsrmcab/Wsrmcab  HTTP/1.1" 200 39660
201.245.192.253 - - [25/Mar/2024:22:24:25 -0500] "POST /kwsrmcab/Wsrmcab HTTP/1.1" 200 38094
201.245.192.253 - - [25/Mar/2024:22:24:32 -0500] "POST /kwsrmcab/Wsrmcab HTTP/1.1" 200 37937
201.245.192.253 - - [25/Mar/2024:22:24:37 -0500] "POST /kwsrmcab/Wsrmcab HTTP/1.1" 200 38084
201.245.192.253 - - [25/Mar/2024:22:24:43 -0500] "POST /kwsrmcab/Wsrmcab HTTP/1.1" 200 38069
216.245.221.92 - - [25/Mar/2024:22:24:45 -0500] "HEAD / HTTP/1.1" 200 -
186.29.85.194 - - [25/Mar/2024:22:24:45 -0500] "HEAD /BLA/resoluciones/RESOLUCIONES%202021/4961.pdf HTTP/1.1" 200 -
186.29.85.194 - - [25/Mar/2024:22:24:46 -0500] "GET /BLA/resoluciones/RESOLUCIONES%202021/4961.pdf HTTP/1.1" 200 420677
201.245.192.253 - - [25/Mar/2024:22:24:48 -0500] "POST /kwsrmcab/Wsrmcab HTTP/1.1" 200 38075
52.167.144.209 - - [25/Mar/2024:22:24:50 -0500] "GET /BLA/resoluciones/RESOLUCIONES%202023/02839.pdf HTTP/1.1" 200 475398
216.244.66.195 - - [25/Mar/2024:22:24:51 -0500] "GET /BLA/resoluciones/AUTOS%202012/0168.pdf HTTP/1.1" 200 331859
201.245.192.253 - - [25/Mar/2024:22:24:57 -0500] "POST /kwsrmcab/Wsrmcab HTTP/1.1" 200 38077
186.29.85.194 - - [25/Mar/2024:22:25:04 -0500] "HEAD /BLA/resoluciones/RESOLUCIONES%202021/4755.pdf HTTP/1.1" 200 -
186.29.85.194 - - [25/Mar/2024:22:25:04 -0500] "GET /BLA/resoluciones/RESOLUCIONES%202021/4755.pdf HTTP/1.1" 200 781546
201.245.192.253 - - [25/Mar/2024:22:25:06 -0500] "POST /kwsrmcab/Wsrmcab HTTP/1.1" 200 38084
201.245.192.253 - - [25/Mar/2024:22:25:11 -0500] "POST /kwsrmcab/Wsrmcab HTTP/1.1" 200 38056
201.245.192.253 - - [25/Mar/2024:22:25:17 -0500] "POST /kwsrmcab/Wsrmcab HTTP/1.1" 200 38304
186.29.85.194 - - [25/Mar/2024:22:25:23 -0500] "HEAD /BLA/resoluciones/RESOLUCIONES%202021/4750.pdf HTTP/1.1" 200 -
186.29.85.194 - - [25/Mar/2024:22:25:23 -0500] "GET /BLA/resoluciones/RESOLUCIONES%202021/4750.pdf HTTP/1.1" 200 1845719
216.244.66.195 - - [25/Mar/2024:22:25:35 -0500] "GET /BLA/resoluciones/AUTOS%202019/0426.pdf HTTP/1.1" 200 254713
186.29.85.194 - - [25/Mar/2024:22:25:40 -0500] "HEAD /BLA/resoluciones/RESOLUCIONES%202021/4739.pdf HTTP/1.1" 200 -
186.29.85.194 - - [25/Mar/2024:22:25:40 -0500] "GET /BLA/resoluciones/RESOLUCIONES%202021/4739.pdf HTTP/1.1" 200 500638
216.244.66.195 - - [25/Mar/2024:22:26:15 -0500] "GET /BLA/resoluciones/AUTOS%202019/1323.pdf HTTP/1.1" 200 215111
186.29.85.194 - - [25/Mar/2024:22:26:19 -0500] "HEAD /BLA/resoluciones/RESOLUCIONES%202021/4738.pdf HTTP/1.1" 200 -
186.29.85.194 - - [25/Mar/2024:22:26:19 -0500] "GET /BLA/resoluciones/RESOLUCIONES%202021/4738.pdf HTTP/1.1" 200 564146
69.171.251.2 - - [25/Mar/2024:22:26:29 -0500] "GET /images/FEP%20SDA%20(1)%20(1).jpeg HTTP/1.1" 200 53469
186.29.85.194 - - [25/Mar/2024:22:26:38 -0500] "HEAD /BLA/resoluciones/RESOLUCIONES%202021/4737.pdf HTTP/1.1" 200 -
186.29.85.194 - - [25/Mar/2024:22:26:38 -0500] "GET /BLA/resoluciones/RESOLUCIONES%202021/4737.pdf HTTP/1.1" 200 426556
66.220.149.22 - - [25/Mar/2024:22:26:51 -0500] "GET /festival-estereo-picnic-la-secretaria-de-ambiente-emite-recomendaciones-a-organizadores-y-asistentes-para-que-sea-un-evento-ambientalmente-responsable.html HTTP/1.1" 206 1053
216.244.66.195 - - [25/Mar/2024:22:26:51 -0500] "GET /BLA/resoluciones/AUTOS%202019/1512.pdf HTTP/1.1" 200 318576
66.220.149.21 - - [25/Mar/2024:22:26:51 -0500] "GET /festival-estereo-picnic-la-secretaria-de-ambiente-emite-recomendaciones-a-organizadores-y-asistentes-para-que-sea-un-evento-ambientalmente-responsable.html HTTP/1.1" 200 1053
186.29.85.194 - - [25/Mar/2024:22:26:54 -0500] "HEAD /BLA/resoluciones/RESOLUCIONES%202021/4736.pdf HTTP/1.1" 200 -
186.29.85.194 - - [25/Mar/2024:22:26:54 -0500] "GET /BLA/resoluciones/RESOLUCIONES%202021/4736.pdf HTTP/1.1" 200 421242
66.220.149.119 - - [25/Mar/2024:22:26:57 -0500] "GET /festival-estereo-picnic-la-secretaria-de-ambiente-emite-recomendaciones-a-organizadores-y-asistentes-para-que-sea-un-evento-ambientalmente-responsable.html HTTP/1.1" 200 1053
66.220.149.12 - - [25/Mar/2024:22:26:57 -0500] "GET /festival-estereo-picnic-la-secretaria-de-ambiente-emite-recomendaciones-a-organizadores-y-asistentes-para-que-sea-un-evento-ambientalmente-responsable.html HTTP/1.1" 200 1053
186.29.85.194 - - [25/Mar/2024:22:27:09 -0500] "HEAD /BLA/resoluciones/RESOLUCIONES%202021/4734.pdf HTTP/1.1" 200 -
186.29.85.194 - - [25/Mar/2024:22:27:10 -0500] "GET /BLA/resoluciones/RESOLUCIONES%202021/4734.pdf HTTP/1.1" 200 440143
216.244.66.195 - - [25/Mar/2024:22:27:31 -0500] "GET /BLA/resoluciones/AUTOS%202019/2028.pdf HTTP/1.1" 200 502340
216.244.66.195 - - [25/Mar/2024:22:28:15 -0500] "GET /BLA/resoluciones/AUTOS%202019/2171.pdf HTTP/1.1" 200 255145
186.29.85.194 - - [25/Mar/2024:22:28:20 -0500] "HEAD /BLA/resoluciones/RESOLUCIONES%202021/4733.pdf HTTP/1.1" 200 -
186.29.85.194 - - [25/Mar/2024:22:28:20 -0500] "GET /BLA/resoluciones/RESOLUCIONES%202021/4733.pdf HTTP/1.1" 200 422795
172.22.2.4 - - [25/Mar/2024:22:26:56 -0500] "HEAD /BLA/boletinlegal/ HTTP/1.1" 200 -
216.244.66.195 - - [25/Mar/2024:22:28:48 -0500] "GET /BLA/resoluciones/AUTOS%202019/3471.pdf HTTP/1.1" 200 481711
186.29.85.194 - - [25/Mar/2024:22:28:50 -0500] "HEAD /BLA/resoluciones/RESOLUCIONES%202021/4732.pdf HTTP/1.1" 200 -
186.29.85.194 - - [25/Mar/2024:22:28:50 -0500] "GET /BLA/resoluciones/RESOLUCIONES%202021/4732.pdf HTTP/1.1" 200 411684
31.13.115.8 - - [25/Mar/2024:22:28:54 -0500] "GET /mas-de-20-kilos-de-palma-silvestre-incautados-en-dos-localidades-de-bogota.html HTTP/1.1" 200 946
66.249.66.19 - - [25/Mar/2024:22:28:57 -0500] "GET /BLA/resoluciones/Notificaciones/RESOLUCIONES%202023/00511.pdf HTTP/1.1" 304 -
186.29.85.194 - - [25/Mar/2024:22:29:07 -0500] "HEAD /BLA/resoluciones/RESOLUCIONES%202021/4730.pdf HTTP/1.1" 200 -
186.29.85.194 - - [25/Mar/2024:22:29:08 -0500] "GET /BLA/resoluciones/RESOLUCIONES%202021/4730.pdf HTTP/1.1" 200 498577
201.245.192.253 - - [25/Mar/2024:22:29:18 -0500] "POST /kwsrmcab/Wsrmcab  HTTP/1.1" 200 39660
172.22.2.4 - - [25/Mar/2024:22:27:47 -0500] "GET /BLA/boletinlegal/ HTTP/1.1" 200 59967
216.244.66.195 - - [25/Mar/2024:22:29:29 -0500] "GET /BLA/resoluciones/AUTOS%202019/3480.pdf HTTP/1.1" 200 429116
201.245.192.253 - - [25/Mar/2024:22:29:37 -0500] "POST /kwsrmcab/Wsrmcab HTTP/1.1" 200 39830
201.245.192.253 - - [25/Mar/2024:22:29:39 -0500] "POST /kwsrmcab/Wsrmcab HTTP/1.1" 200 38304
66.249.66.38 - - [25/Mar/2024:22:29:39 -0500] "GET /dia-mundial-del-reciclaje-conoce-como-gestionar-los-residuos-especiales-y-peligrosos.html HTTP/1.1" 304 -
216.245.221.92 - - [25/Mar/2024:22:29:45 -0500] "HEAD / HTTP/1.1" 200 -
47.128.57.89 - - [25/Mar/2024:22:29:49 -0500] "GET /portaldeninos/wp-content/themes/betheme/style.css?ver=20.9.6 HTTP/1.1" 200 287
47.128.57.89 - - [25/Mar/2024:22:29:46 -0500] "GET /portaldeninos/2018/06/06/hola-mundo-3-2-2/ HTTP/1.1" 200 94319
47.128.57.89 - - [25/Mar/2024:22:29:50 -0500] "GET /portaldeninos/wp-content/themes/betheme/assets/ui/jquery.ui.all.css?ver=20.9.6 HTTP/1.1" 200 18765
47.128.57.89 - - [25/Mar/2024:22:29:49 -0500] "GET /portaldeninos/wp-content/plugins/gallery-videos/CSS/totalsoft.css?ver=4.9.8 HTTP/1.1" 200 40622
47.128.57.89 - - [25/Mar/2024:22:29:49 -0500] "GET /portaldeninos/wp-content/plugins/gallery-videos/CSS/Total-Soft-Gallery-Video-Widget.css?ver=4.9.8 HTTP/1.1" 200 51554
47.128.57.89 - - [25/Mar/2024:22:29:49 -0500] "GET /portaldeninos/wp-content/themes/betheme/css/responsive.css?ver=20.9.6 HTTP/1.1" 200 55740
47.128.57.89 - - [25/Mar/2024:22:29:51 -0500] "GET /portaldeninos/wp-content/uploads/useanyfont/uaf.css?ver=1589905315 HTTP/1.1" 200 408
47.128.57.89 - - [25/Mar/2024:22:29:49 -0500] "GET /portaldeninos/wp-content/themes/betheme/css/layout.css?ver=20.9.6 HTTP/1.1" 200 116639
47.128.57.89 - - [25/Mar/2024:22:29:49 -0500] "GET /portaldeninos/wp-content/themes/betheme/css/shortcodes.css?ver=20.9.6 HTTP/1.1" 200 138889
47.128.57.89 - - [25/Mar/2024:22:29:50 -0500] "GET /portaldeninos/wp-content/themes/betheme/assets/animations/animations.min.css?ver=20.9.6 HTTP/1.1" 200 58508
47.128.57.89 - - [25/Mar/2024:22:29:51 -0500] "GET /portaldeninos/wp-content/themes/betheme/css/base.css?ver=20.9.6 HTTP/1.1" 200 57283
47.128.57.89 - - [25/Mar/2024:22:29:51 -0500] "GET /portaldeninos/wp-content/themes/betheme/assets/jplayer/css/jplayer.blue.monday.css?ver=20.9.6 HTTP/1.1" 200 9834
47.128.57.89 - - [25/Mar/2024:22:29:51 -0500] "GET /portaldeninos/wp-content/plugins/google-analytics-for-wordpress/assets/js/frontend-gtag.min.js?ver=8.5.0 HTTP/1.1" 200 11801
47.128.57.89 - - [25/Mar/2024:22:29:51 -0500] "GET /portaldeninos/wp-includes/js/jquery/ui/core.min.js?ver=1.11.4 HTTP/1.1" 200 4000
47.128.57.89 - - [25/Mar/2024:22:29:51 -0500] "GET /portaldeninos/wp-includes/js/jquery/jquery-migrate.min.js?ver=1.4.1 HTTP/1.1" 200 10056
47.128.57.89 - - [25/Mar/2024:22:29:52 -0500] "GET /portaldeninos/wp-content/plugins/gallery-videos/JS/modernizr.custom.js?ver=4.9.8 HTTP/1.1" 200 9019
47.128.57.89 - - [25/Mar/2024:22:29:52 -0500] "GET /portaldeninos/wp-includes/js/jquery/ui/mouse.min.js?ver=1.11.4 HTTP/1.1" 200 3148
47.128.57.89 - - [25/Mar/2024:22:29:52 -0500] "GET /portaldeninos/wp-includes/js/jquery/ui/tabs.min.js?ver=1.11.4 HTTP/1.1" 200 12110
47.128.57.89 - - [25/Mar/2024:22:29:51 -0500] "GET /portaldeninos/wp-includes/js/jquery/jquery.js?ver=1.12.4 HTTP/1.1" 200 97184
47.128.57.89 - - [25/Mar/2024:22:29:52 -0500] "GET /portaldeninos/wp-content/plugins/gallery-videos/JS/Total-Soft-Gallery-Video-Widget.js?ver=4.9.8 HTTP/1.1" 200 80264
47.128.57.89 - - [25/Mar/2024:22:29:52 -0500] "GET /portaldeninos/wp-includes/js/jquery/ui/widget.min.js?ver=1.11.4 HTTP/1.1" 200 6908
47.128.57.89 - - [25/Mar/2024:22:29:52 -0500] "GET /portaldeninos/wp-includes/js/jquery/ui/sortable.min.js?ver=1.11.4 HTTP/1.1" 200 24899
47.128.57.89 - - [25/Mar/2024:22:29:53 -0500] "GET /portaldeninos/wp-includes/js/comment-reply.min.js?ver=4.9.8 HTTP/1.1" 200 1078
47.128.57.89 - - [25/Mar/2024:22:29:53 -0500] "GET /portaldeninos/wp-includes/js/wp-embed.min.js?ver=4.9.8 HTTP/1.1" 200 1398
47.128.57.89 - - [25/Mar/2024:22:29:52 -0500] "GET /portaldeninos/wp-content/themes/betheme/assets/jplayer/jplayer.min.js?ver=20.9.6 HTTP/1.1" 200 52702
47.128.57.89 - - [25/Mar/2024:22:29:53 -0500] "GET /portaldeninos/wp-content/themes/betheme/js/menu.js?ver=20.9.6 HTTP/1.1" 200 2449
47.128.57.89 - - [25/Mar/2024:22:29:53 -0500] "GET /portaldeninos/wp-content/themes/betheme/assets/animations/animations.min.js?ver=20.9.6 HTTP/1.1" 200 1896
47.128.57.89 - - [25/Mar/2024:22:29:53 -0500] "GET /portaldeninos/wp-includes/js/jquery/ui/accordion.min.js?ver=1.11.4 HTTP/1.1" 200 8584
47.128.57.89 - - [25/Mar/2024:22:29:53 -0500] "GET /portaldeninos/wp-content/themes/betheme/js/scripts.js?ver=20.9.6 HTTP/1.1" 200 77162
47.128.57.89 - - [25/Mar/2024:22:29:52 -0500] "GET /portaldeninos/wp-content/themes/betheme/js/plugins.js?ver=20.9.6 HTTP/1.1" 200 197151
47.128.57.89 - - [25/Mar/2024:22:29:53 -0500] "GET /portaldeninos/wp-includes/js/wp-emoji-release.min.js?ver=4.9.8 HTTP/1.1" 200 12026
47.128.57.89 - - [25/Mar/2024:22:29:53 -0500] "GET /portaldeninos/wp-content/uploads/2019/08/Logo-Ambientic.png HTTP/1.1" 200 22941
216.244.66.195 - - [25/Mar/2024:22:30:07 -0500] "GET /BLA/resoluciones/AUTOS%202019/3782.pdf HTTP/1.1" 200 288762
186.29.85.194 - - [25/Mar/2024:22:30:14 -0500] "HEAD /BLA/resoluciones/RESOLUCIONES%202021/4723.pdf HTTP/1.1" 200 -
186.29.85.194 - - [25/Mar/2024:22:30:14 -0500] "GET /BLA/resoluciones/RESOLUCIONES%202021/4723.pdf HTTP/1.1" 200 494152
201.245.192.253 - - [25/Mar/2024:22:30:14 -0500] "POST /kwsrmcab/Wsrmcab HTTP/1.1" 200 38145
216.244.66.195 - - [25/Mar/2024:22:30:43 -0500] "GET /BLA/resoluciones/AUTOS%202019/4439.pdf HTTP/1.1" 200 274174
216.244.66.195 - - [25/Mar/2024:22:31:18 -0500] "GET /BLA/resoluciones/index.php?dir=RESOLUCIONES+2003%2FRES+2003+1801-1850%2F HTTP/1.1" 200 12154
52.167.144.21 - - [25/Mar/2024:22:31:20 -0500] "GET /BLA/resoluciones/RESOLUCIONES%202023/1422.pdf HTTP/1.1" 200 468080
201.245.192.253 - - [25/Mar/2024:22:31:29 -0500] "POST /kwsrmcab/Wsrmcab HTTP/1.1" 200 38304
52.167.144.185 - - [25/Mar/2024:22:31:59 -0500] "GET /BLA/resoluciones/RESOLUCIONES%202022/5670.pdf HTTP/1.1" 200 2418728
186.29.85.194 - - [25/Mar/2024:22:32:00 -0500] "HEAD /BLA/resoluciones/RESOLUCIONES%202021/4692.pdf HTTP/1.1" 200 -
186.29.85.194 - - [25/Mar/2024:22:32:01 -0500] "GET /BLA/resoluciones/RESOLUCIONES%202021/4692.pdf HTTP/1.1" 200 446185
186.29.85.194 - - [25/Mar/2024:22:32:16 -0500] "GET /BLA/resoluciones/RESOLUCIONES%202021/4691.pdf HTTP/1.1" 200 659695
186.29.85.194 - - [25/Mar/2024:22:32:36 -0500] "HEAD /BLA/resoluciones/RESOLUCIONES%202021/4686.pdf HTTP/1.1" 200 -
186.29.85.194 - - [25/Mar/2024:22:32:37 -0500] "GET /BLA/resoluciones/RESOLUCIONES%202021/4686.pdf HTTP/1.1" 200 504135
186.29.85.194 - - [25/Mar/2024:22:32:58 -0500] "HEAD /BLA/resoluciones/RESOLUCIONES%202021/4685.pdf HTTP/1.1" 200 -
186.29.85.194 - - [25/Mar/2024:22:32:58 -0500] "GET /BLA/resoluciones/RESOLUCIONES%202021/4685.pdf HTTP/1.1" 200 514771
186.85.234.113 - - [25/Mar/2024:22:33:10 -0500] "POST /sipse/faces/presentacion/financiero/solicitudProceso/consultarSolicitudProceso.xhtml HTTP/1.1" 200 1787118
186.29.85.194 - - [25/Mar/2024:22:33:20 -0500] "HEAD /BLA/resoluciones/RESOLUCIONES%202021/4477.pdf HTTP/1.1" 200 -
186.29.85.194 - - [25/Mar/2024:22:33:21 -0500] "GET /BLA/resoluciones/RESOLUCIONES%202021/4477.pdf HTTP/1.1" 200 429208
186.29.85.194 - - [25/Mar/2024:22:33:48 -0500] "HEAD /BLA/resoluciones/RESOLUCIONES%202021/4471.pdf HTTP/1.1" 200 -
186.29.85.194 - - [25/Mar/2024:22:33:49 -0500] "GET /BLA/resoluciones/RESOLUCIONES%202021/4471.pdf HTTP/1.1" 200 443732
186.85.234.113 - - [25/Mar/2024:22:33:56 -0500] "POST /sipse/faces/presentacion/financiero/solicitudProceso/consultarSolicitudProceso.xhtml HTTP/1.1" 200 1873473
186.29.85.194 - - [25/Mar/2024:22:34:03 -0500] "HEAD /BLA/resoluciones/RESOLUCIONES%202021/4470.pdf HTTP/1.1" 200 -
186.29.85.194 - - [25/Mar/2024:22:34:03 -0500] "GET /BLA/resoluciones/RESOLUCIONES%202021/4470.pdf HTTP/1.1" 200 429039
201.245.192.253 - - [25/Mar/2024:22:34:18 -0500] "POST /kwsrmcab/Wsrmcab  HTTP/1.1" 200 39660
186.29.85.194 - - [25/Mar/2024:22:34:21 -0500] "HEAD /BLA/resoluciones/RESOLUCIONES%202021/4469.pdf HTTP/1.1" 200 -
186.29.85.194 - - [25/Mar/2024:22:34:21 -0500] "GET /BLA/resoluciones/RESOLUCIONES%202021/4469.pdf HTTP/1.1" 200 458150
172.22.2.4 - - [25/Mar/2024:22:32:46 -0500] "HEAD /BLA/boletinlegal/ HTTP/1.1" 200 -
186.29.85.194 - - [25/Mar/2024:22:34:36 -0500] "HEAD /BLA/resoluciones/RESOLUCIONES%202021/4453.pdf HTTP/1.1" 200 -
172.22.2.4 - - [25/Mar/2024:22:32:56 -0500] "GET /BLA/boletinlegal/ HTTP/1.1" 200 49224
186.29.85.194 - - [25/Mar/2024:22:34:36 -0500] "GET /BLA/resoluciones/RESOLUCIONES%202021/4453.pdf HTTP/1.1" 200 435891
216.245.221.92 - - [25/Mar/2024:22:34:45 -0500] "HEAD / HTTP/1.1" 200 -
186.85.234.113 - - [25/Mar/2024:22:34:47 -0500] "POST /sipse/faces/presentacion/financiero/solicitudProceso/consultarSolicitudProceso.xhtml HTTP/1.1" 200 2305691
186.29.85.194 - - [25/Mar/2024:22:34:54 -0500] "HEAD /BLA/resoluciones/RESOLUCIONES%202021/4383.pdf HTTP/1.1" 200 -
186.29.85.194 - - [25/Mar/2024:22:34:55 -0500] "GET /BLA/resoluciones/RESOLUCIONES%202021/4383.pdf HTTP/1.1" 200 504140
186.29.85.194 - - [25/Mar/2024:22:35:13 -0500] "HEAD /BLA/resoluciones/RESOLUCIONES%202021/4382.pdf HTTP/1.1" 200 -
186.29.85.194 - - [25/Mar/2024:22:35:13 -0500] "GET /BLA/resoluciones/RESOLUCIONES%202021/4382.pdf HTTP/1.1" 200 551859
186.85.234.113 - - [25/Mar/2024:22:34:58 -0500] "POST /sipse/faces/presentacion/financiero/solicitudProceso/consultarSolicitudProceso.xhtml HTTP/1.1" 200 5667537
172.22.2.4 - - [25/Mar/2024:22:33:37 -0500] "GET /BLA/boletinlegal/ HTTP/1.1" 200 53419
186.29.85.194 - - [25/Mar/2024:22:35:29 -0500] "HEAD /BLA/resoluciones/RESOLUCIONES%202021/4343.pdf HTTP/1.1" 200 -
186.29.85.194 - - [25/Mar/2024:22:35:29 -0500] "GET /BLA/resoluciones/RESOLUCIONES%202021/4343.pdf HTTP/1.1" 200 479214
186.29.85.194 - - [25/Mar/2024:22:35:46 -0500] "HEAD /BLA/resoluciones/RESOLUCIONES%202021/4337.pdf HTTP/1.1" 200 -
186.29.85.194 - - [25/Mar/2024:22:35:46 -0500] "GET /BLA/resoluciones/RESOLUCIONES%202021/4337.pdf HTTP/1.1" 200 481727
186.29.85.194 - - [25/Mar/2024:22:36:01 -0500] "HEAD /BLA/resoluciones/RESOLUCIONES%202021/4336.pdf HTTP/1.1" 200 -
186.29.85.194 - - [25/Mar/2024:22:36:01 -0500] "GET /BLA/resoluciones/RESOLUCIONES%202021/4336.pdf HTTP/1.1" 200 480254
191.104.111.75 - - [25/Mar/2024:22:36:09 -0500] "POST /sipse/faces/presentacion/financiero/solicitudProceso/consultarHistorialSolProceso.xhtml HTTP/1.1" 302 -
191.104.111.75 - - [25/Mar/2024:22:36:09 -0500] "GET /sipse/faces/javax.faces.resource/images/ui-bg_flat_0_2d5972_40x100.png?ln=primefaces-aristo HTTP/1.1" 304 -
191.104.111.75 - - [25/Mar/2024:22:36:09 -0500] "GET /sipse/faces/autenticacion.xhtml HTTP/1.1" 200 1099
191.104.111.75 - - [25/Mar/2024:22:36:12 -0500] "POST /sipse/faces/presentacion/financiero/solicitudProceso/consultarHistorialSolProceso.xhtml HTTP/1.1" 302 -
191.104.111.75 - - [25/Mar/2024:22:36:12 -0500] "GET /sipse/faces/autenticacion.xhtml HTTP/1.1" 200 1099
191.104.111.75 - - [25/Mar/2024:22:36:19 -0500] "POST /sipse/faces/presentacion/financiero/solicitudProceso/consultarHistorialSolProceso.xhtml HTTP/1.1" 302 -
191.104.111.75 - - [25/Mar/2024:22:36:19 -0500] "GET /sipse/faces/autenticacion.xhtml HTTP/1.1" 200 1099
20.96.142.158 - - [25/Mar/2024:22:36:19 -0500] "GET /images/jardines-verticales_optimized.jpeg HTTP/1.1" 200 138197
191.104.111.75 - - [25/Mar/2024:22:36:23 -0500] "POST /sipse/faces/presentacion/financiero/solicitudProceso/consultarHistorialSolProceso.xhtml HTTP/1.1" 302 -
191.104.111.75 - - [25/Mar/2024:22:36:23 -0500] "GET /sipse/faces/autenticacion.xhtml HTTP/1.1" 200 1099
191.104.111.75 - - [25/Mar/2024:22:36:34 -0500] "POST /sipse/faces/presentacion/financiero/solicitudProceso/consultarHistorialSolProceso.xhtml HTTP/1.1" 302 -
191.104.111.75 - - [25/Mar/2024:22:36:34 -0500] "GET /sipse/faces/autenticacion.xhtml HTTP/1.1" 200 1099
191.104.111.75 - - [25/Mar/2024:22:36:36 -0500] "POST /sipse/faces/presentacion/financiero/solicitudProceso/consultarHistorialSolProceso.xhtml HTTP/1.1" 302 -
191.104.111.75 - - [25/Mar/2024:22:36:36 -0500] "GET /sipse/faces/autenticacion.xhtml HTTP/1.1" 200 1099
191.104.111.75 - - [25/Mar/2024:22:36:37 -0500] "POST /sipse/faces/presentacion/financiero/solicitudProceso/consultarHistorialSolProceso.xhtml HTTP/1.1" 302 -
191.104.111.75 - - [25/Mar/2024:22:36:37 -0500] "GET /sipse/faces/autenticacion.xhtml HTTP/1.1" 200 1099
191.104.111.75 - - [25/Mar/2024:22:36:39 -0500] "POST /sipse/faces/presentacion/financiero/solicitudProceso/consultarHistorialSolProceso.xhtml HTTP/1.1" 302 -
191.104.111.75 - - [25/Mar/2024:22:36:39 -0500] "GET /sipse/faces/autenticacion.xhtml HTTP/1.1" 200 1099
186.29.85.194 - - [25/Mar/2024:22:36:42 -0500] "HEAD /BLA/resoluciones/RESOLUCIONES%202021/4335.pdf HTTP/1.1" 200 -
186.29.85.194 - - [25/Mar/2024:22:36:42 -0500] "GET /BLA/resoluciones/RESOLUCIONES%202021/4335.pdf HTTP/1.1" 200 469576
191.104.111.75 - - [25/Mar/2024:22:36:44 -0500] "GET /sipse/faces/faces/autenticacion.xhtml HTTP/1.1" 200 12409
191.104.111.75 - - [25/Mar/2024:22:36:44 -0500] "GET /sipse/faces/javax.faces.resource/primefaces.css?ln=primefaces&v=4.0 HTTP/1.1" 304 -
191.104.111.75 - - [25/Mar/2024:22:36:44 -0500] "GET /sipse/faces/javax.faces.resource/theme.css?ln=primefaces-sipse HTTP/1.1" 304 -
191.104.111.75 - - [25/Mar/2024:22:36:44 -0500] "GET /sipse/faces/javax.faces.resource/layout/layout.css?ln=primefaces&v=4.0 HTTP/1.1" 304 -
191.104.111.75 - - [25/Mar/2024:22:36:44 -0500] "GET /sipse/faces/javax.faces.resource/jquery/jquery.js?ln=primefaces&v=4.0 HTTP/1.1" 304 -
191.104.111.75 - - [25/Mar/2024:22:36:44 -0500] "GET /sipse/faces/javax.faces.resource/jquery/jquery-plugins.js?ln=primefaces&v=4.0 HTTP/1.1" 304 -
191.104.111.75 - - [25/Mar/2024:22:36:44 -0500] "GET /sipse/faces/javax.faces.resource/layout/layout.js?ln=primefaces&v=4.0 HTTP/1.1" 304 -
191.104.111.75 - - [25/Mar/2024:22:36:44 -0500] "GET /sipse/faces/javax.faces.resource/primefaces.js?ln=primefaces&v=4.0 HTTP/1.1" 304 -
191.104.111.75 - - [25/Mar/2024:22:36:44 -0500] "GET /sipse/faces/javax.faces.resource/images/ui-icons_898989_256x240.png?ln=primefaces-aristo HTTP/1.1" 304 -
191.104.111.75 - - [25/Mar/2024:22:36:48 -0500] "POST /sipse/faces/autenticacion.xhtml HTTP/1.1" 200 2220
191.104.111.75 - - [25/Mar/2024:22:36:48 -0500] "GET /sipse/faces/javax.faces.resource/messages/messages.png?ln=primefaces&v=4.0 HTTP/1.1" 304 -
191.104.111.75 - - [25/Mar/2024:22:36:53 -0500] "POST /sipse/faces/autenticacion.xhtml HTTP/1.1" 200 16355
191.104.111.75 - - [25/Mar/2024:22:36:53 -0500] "GET /sipse/faces/javax.faces.resource/primefaces.css?ln=primefaces&v=4.0 HTTP/1.1" 304 -
191.104.111.75 - - [25/Mar/2024:22:36:53 -0500] "GET /sipse/faces/javax.faces.resource/layout/layout.css?ln=primefaces&v=4.0 HTTP/1.1" 304 -
191.104.111.75 - - [25/Mar/2024:22:36:53 -0500] "GET /sipse/faces/javax.faces.resource/theme.css?ln=primefaces-sipse HTTP/1.1" 304 -
191.104.111.75 - - [25/Mar/2024:22:36:53 -0500] "GET /sipse/faces/javax.faces.resource/jquery/jquery.js?ln=primefaces&v=4.0 HTTP/1.1" 304 -
191.104.111.75 - - [25/Mar/2024:22:36:53 -0500] "GET /sipse/faces/javax.faces.resource/jquery/jquery-plugins.js?ln=primefaces&v=4.0 HTTP/1.1" 304 -
191.104.111.75 - - [25/Mar/2024:22:36:53 -0500] "GET /sipse/faces/javax.faces.resource/primefaces.js?ln=primefaces&v=4.0 HTTP/1.1" 304 -
191.104.111.75 - - [25/Mar/2024:22:36:53 -0500] "GET /sipse/faces/javax.faces.resource/layout/layout.js?ln=primefaces&v=4.0 HTTP/1.1" 304 -
191.104.111.75 - - [25/Mar/2024:22:36:54 -0500] "GET /sipse/css/imagen/contrasena.png HTTP/1.1" 404 383
172.22.2.4 - - [25/Mar/2024:22:36:54 -0500] "GET /BLA/boletinlegal/Circulares/2019/.pdf HTTP/1.1" 404 1218
191.104.111.75 - - [25/Mar/2024:22:37:09 -0500] "GET /sipse/faces/javax.faces.resource/images/ui-bg_flat_0_2d5972_40x100.png?ln=primefaces-aristo HTTP/1.1" 304 -
191.104.111.75 - - [25/Mar/2024:22:37:09 -0500] "POST /sipse/faces/bienvenido.xhtml HTTP/1.1" 200 2658
191.104.111.75 - - [25/Mar/2024:22:37:10 -0500] "POST /sipse/faces/bienvenido.xhtml HTTP/1.1" 200 64444
191.104.111.75 - - [25/Mar/2024:22:37:13 -0500] "GET /sipse/faces/javax.faces.resource/primefaces.css?ln=primefaces&v=4.0 HTTP/1.1" 304 -
191.104.111.75 - - [25/Mar/2024:22:37:13 -0500] "GET /sipse/faces/javax.faces.resource/theme.css?ln=primefaces-sipse HTTP/1.1" 304 -
191.104.111.75 - - [25/Mar/2024:22:37:13 -0500] "GET /sipse/faces/javax.faces.resource/layout/layout.css?ln=primefaces&v=4.0 HTTP/1.1" 304 -
191.104.111.75 - - [25/Mar/2024:22:37:13 -0500] "GET /sipse/faces/javax.faces.resource/jquery/jquery.js?ln=primefaces&v=4.0 HTTP/1.1" 304 -
191.104.111.75 - - [25/Mar/2024:22:37:13 -0500] "GET /sipse/faces/javax.faces.resource/jquery/jquery-plugins.js?ln=primefaces&v=4.0 HTTP/1.1" 304 -
191.104.111.75 - - [25/Mar/2024:22:37:13 -0500] "GET /sipse/faces/javax.faces.resource/primefaces.js?ln=primefaces&v=4.0 HTTP/1.1" 304 -
191.104.111.75 - - [25/Mar/2024:22:37:13 -0500] "GET /sipse/faces/javax.faces.resource/layout/layout.js?ln=primefaces&v=4.0 HTTP/1.1" 304 -
191.104.111.75 - - [25/Mar/2024:22:37:13 -0500] "POST /sipse/faces/presentacion/financiero/solicitudProceso/listarSolicitudProceso.xhtml HTTP/1.1" 200 1560
191.104.111.75 - - [25/Mar/2024:22:37:17 -0500] "POST /sipse/faces/presentacion/financiero/solicitudProceso/listarSolicitudProceso.xhtml HTTP/1.1" 200 39708
191.104.111.75 - - [25/Mar/2024:22:37:19 -0500] "POST /sipse/faces/presentacion/financiero/solicitudProceso/listarSolicitudProceso.xhtml HTTP/1.1" 200 13676
186.180.129.60 - - [25/Mar/2024:22:37:22 -0500] "-" 408 -
191.104.111.75 - - [25/Mar/2024:22:37:25 -0500] "POST /sipse/faces/presentacion/financiero/solicitudProceso/listarSolicitudProceso.xhtml HTTP/1.1" 200 136675
191.104.111.75 - - [25/Mar/2024:22:37:27 -0500] "GET /sipse/faces/javax.faces.resource/layout/layout.css?ln=primefaces&v=4.0 HTTP/1.1" 304 -
191.104.111.75 - - [25/Mar/2024:22:37:27 -0500] "GET /sipse/faces/javax.faces.resource/primefaces.css?ln=primefaces&v=4.0 HTTP/1.1" 304 -
191.104.111.75 - - [25/Mar/2024:22:37:27 -0500] "GET /sipse/faces/javax.faces.resource/theme.css?ln=primefaces-sipse HTTP/1.1" 304 -
191.104.111.75 - - [25/Mar/2024:22:37:27 -0500] "GET /sipse/faces/javax.faces.resource/jquery/jquery.js?ln=primefaces&v=4.0 HTTP/1.1" 304 -
191.104.111.75 - - [25/Mar/2024:22:37:27 -0500] "GET /sipse/faces/javax.faces.resource/jquery/jquery-plugins.js?ln=primefaces&v=4.0 HTTP/1.1" 304 -
191.104.111.75 - - [25/Mar/2024:22:37:27 -0500] "GET /sipse/faces/javax.faces.resource/primefaces.js?ln=primefaces&v=4.0 HTTP/1.1" 304 -
191.104.111.75 - - [25/Mar/2024:22:37:27 -0500] "GET /sipse/faces/javax.faces.resource/layout/layout.js?ln=primefaces&v=4.0 HTTP/1.1" 304 -
191.104.111.75 - - [25/Mar/2024:22:37:45 -0500] "POST /sipse/faces/presentacion/financiero/solicitudProceso/consultarSolicitudProceso.xhtml HTTP/1.1" 200 38863
191.104.111.75 - - [25/Mar/2024:22:37:46 -0500] "GET /sipse/faces/javax.faces.resource/theme.css?ln=primefaces-sipse HTTP/1.1" 304 -
191.104.111.75 - - [25/Mar/2024:22:37:46 -0500] "GET /sipse/faces/javax.faces.resource/primefaces.css?ln=primefaces&v=4.0 HTTP/1.1" 304 -
191.104.111.75 - - [25/Mar/2024:22:37:46 -0500] "GET /sipse/faces/javax.faces.resource/layout/layout.js?ln=primefaces&v=4.0 HTTP/1.1" 304 -
191.104.111.75 - - [25/Mar/2024:22:37:46 -0500] "GET /sipse/faces/javax.faces.resource/primefaces.js?ln=primefaces&v=4.0 HTTP/1.1" 304 -
191.104.111.75 - - [25/Mar/2024:22:37:46 -0500] "GET /sipse/faces/javax.faces.resource/jquery/jquery.js?ln=primefaces&v=4.0 HTTP/1.1" 304 -
191.104.111.75 - - [25/Mar/2024:22:37:46 -0500] "GET /sipse/faces/javax.faces.resource/layout/layout.css?ln=primefaces&v=4.0 HTTP/1.1" 304 -
191.104.111.75 - - [25/Mar/2024:22:37:46 -0500] "GET /sipse/faces/javax.faces.resource/jquery/jquery-plugins.js?ln=primefaces&v=4.0 HTTP/1.1" 304 -
186.29.85.194 - - [25/Mar/2024:22:38:06 -0500] "HEAD /BLA/resoluciones/RESOLUCIONES%202021/4334.pdf HTTP/1.1" 200 -
186.29.85.194 - - [25/Mar/2024:22:38:06 -0500] "GET /BLA/resoluciones/RESOLUCIONES%202021/4334.pdf HTTP/1.1" 200 531927
186.29.85.194 - - [25/Mar/2024:22:38:26 -0500] "HEAD /BLA/resoluciones/RESOLUCIONES%202021/4333.pdf HTTP/1.1" 200 -
186.29.85.194 - - [25/Mar/2024:22:38:26 -0500] "GET /BLA/resoluciones/RESOLUCIONES%202021/4333.pdf HTTP/1.1" 200 463713
186.29.85.194 - - [25/Mar/2024:22:38:45 -0500] "HEAD /BLA/resoluciones/RESOLUCIONES%202021/4189.pdf HTTP/1.1" 200 -
186.29.85.194 - - [25/Mar/2024:22:38:45 -0500] "GET /BLA/resoluciones/RESOLUCIONES%202021/4189.pdf HTTP/1.1" 200 438542
186.29.85.194 - - [25/Mar/2024:22:39:09 -0500] "HEAD /BLA/resoluciones/RESOLUCIONES%202021/4188.pdf HTTP/1.1" 200 -
186.29.85.194 - - [25/Mar/2024:22:39:10 -0500] "GET /BLA/resoluciones/RESOLUCIONES%202021/4188.pdf HTTP/1.1" 200 499693
201.245.192.253 - - [25/Mar/2024:22:39:17 -0500] "POST /kwsrmcab/Wsrmcab  HTTP/1.1" 200 39660
201.245.192.253 - - [25/Mar/2024:22:39:37 -0500] "POST /kwsrmcab/Wsrmcab HTTP/1.1" 200 39830
201.245.192.253 - - [25/Mar/2024:22:39:40 -0500] "POST /kwsrmcab/Wsrmcab HTTP/1.1" 200 38304
216.245.221.92 - - [25/Mar/2024:22:39:46 -0500] "HEAD / HTTP/1.1" 200 -
186.29.85.194 - - [25/Mar/2024:22:40:05 -0500] "HEAD /BLA/resoluciones/RESOLUCIONES%202021/4186.pdf HTTP/1.1" 200 -
186.29.85.194 - - [25/Mar/2024:22:40:05 -0500] "GET /BLA/resoluciones/RESOLUCIONES%202021/4186.pdf HTTP/1.1" 200 2310005
201.245.192.253 - - [25/Mar/2024:22:40:14 -0500] "POST /kwsrmcab/Wsrmcab HTTP/1.1" 200 38145
172.22.2.4 - - [25/Mar/2024:22:38:36 -0500] "HEAD /BLA/boletinlegal/ HTTP/1.1" 200 -
186.29.85.194 - - [25/Mar/2024:22:40:23 -0500] "HEAD /BLA/resoluciones/RESOLUCIONES%202021/4122.pdf HTTP/1.1" 200 -
186.29.85.194 - - [25/Mar/2024:22:40:24 -0500] "GET /BLA/resoluciones/RESOLUCIONES%202021/4122.pdf HTTP/1.1" 200 589792
186.29.85.194 - - [25/Mar/2024:22:40:43 -0500] "HEAD /BLA/resoluciones/RESOLUCIONES%202021/4121.pdf HTTP/1.1" 200 -
186.29.85.194 - - [25/Mar/2024:22:40:43 -0500] "GET /BLA/resoluciones/RESOLUCIONES%202021/4121.pdf HTTP/1.1" 200 479912
191.111.47.8 - - [25/Mar/2024:22:40:47 -0500] "GET /sipse/faces/javax.faces.resource/images/ui-bg_flat_0_2d5972_40x100.png?ln=primefaces-aristo HTTP/1.1" 200 183
191.111.47.8 - - [25/Mar/2024:22:40:47 -0500] "POST /sipse/faces/presentacion/sistema/reporte/ventanaVerReporteParametros.xhtml HTTP/1.1" 200 40268
191.111.47.8 - - [25/Mar/2024:22:40:47 -0500] "GET /sipse/faces/javax.faces.resource/jquery/jquery.js?ln=primefaces&v=4.0 HTTP/1.1" 304 -
191.111.47.8 - - [25/Mar/2024:22:40:47 -0500] "GET /sipse/faces/javax.faces.resource/jquery/jquery-plugins.js?ln=primefaces&v=4.0 HTTP/1.1" 304 -
191.111.47.8 - - [25/Mar/2024:22:40:47 -0500] "GET /sipse/faces/javax.faces.resource/primefaces.js?ln=primefaces&v=4.0 HTTP/1.1" 304 -
191.111.47.8 - - [25/Mar/2024:22:40:47 -0500] "GET /sipse/faces/javax.faces.resource/layout/layout.js?ln=primefaces&v=4.0 HTTP/1.1" 304 -
191.111.47.8 - - [25/Mar/2024:22:40:48 -0500] "POST /sipse/faces/presentacion/financiero/solicitudProceso/listarSolicitudProceso.xhtml HTTP/1.1" 200 1400
191.111.47.8 - - [25/Mar/2024:22:40:50 -0500] "POST /sipse/faces/presentacion/financiero/solicitudProceso/listarSolicitudProceso.xhtml HTTP/1.1" 200 1973
191.111.47.8 - - [25/Mar/2024:22:40:50 -0500] "POST /sipse/faces/presentacion/financiero/solicitudProceso/listarSolicitudProceso.xhtml HTTP/1.1" 200 4837
191.111.47.8 - - [25/Mar/2024:22:40:51 -0500] "POST /sipse/faces/presentacion/financiero/solicitudProceso/listarSolicitudProceso.xhtml HTTP/1.1" 200 4829
191.111.47.8 - - [25/Mar/2024:22:40:52 -0500] "POST /sipse/faces/presentacion/financiero/solicitudProceso/listarSolicitudProceso.xhtml HTTP/1.1" 200 146297
191.111.47.8 - - [25/Mar/2024:22:40:53 -0500] "GET /sipse/faces/javax.faces.resource/jquery/jquery.js?ln=primefaces&v=4.0 HTTP/1.1" 304 -
191.111.47.8 - - [25/Mar/2024:22:40:53 -0500] "GET /sipse/faces/javax.faces.resource/jquery/jquery-plugins.js?ln=primefaces&v=4.0 HTTP/1.1" 304 -
191.111.47.8 - - [25/Mar/2024:22:40:53 -0500] "GET /sipse/faces/javax.faces.resource/primefaces.js?ln=primefaces&v=4.0 HTTP/1.1" 304 -
191.111.47.8 - - [25/Mar/2024:22:40:53 -0500] "GET /sipse/faces/javax.faces.resource/layout/layout.js?ln=primefaces&v=4.0 HTTP/1.1" 304 -
66.249.66.19 - - [25/Mar/2024:22:40:57 -0500] "GET /resoluciones/RESOLUCIONES%202010/3435.pdf HTTP/1.1" 404 1018
181.53.12.6 - - [25/Mar/2024:22:40:57 -0500] "GET /sipse/faces/index.xhtml HTTP/1.1" 200 677
181.53.12.6 - - [25/Mar/2024:22:40:57 -0500] "GET /sipse/faces/javax.faces.resource/theme.css?ln=primefaces-sipse HTTP/1.1" 304 -
181.53.12.6 - - [25/Mar/2024:22:40:57 -0500] "GET /sipse/faces/faces/autenticacion.xhtml HTTP/1.1" 200 12409
181.53.12.6 - - [25/Mar/2024:22:40:57 -0500] "GET /sipse/js/disable_browser_buttons.js HTTP/1.1" 200 3230
181.53.12.6 - - [25/Mar/2024:22:40:57 -0500] "GET /sipse/css/custom_css_sg.css HTTP/1.1" 200 9694
181.53.12.6 - - [25/Mar/2024:22:40:57 -0500] "GET /sipse/css/custom_css_sg_prime_login.css HTTP/1.1" 200 443
181.53.12.6 - - [25/Mar/2024:22:40:57 -0500] "GET /sipse/js/funciones.js HTTP/1.1" 200 12592
181.53.12.6 - - [25/Mar/2024:22:40:57 -0500] "GET /sipse/faces/javax.faces.resource/theme.css?ln=primefaces-sipse HTTP/1.1" 304 -
181.53.12.6 - - [25/Mar/2024:22:40:57 -0500] "GET /sipse/faces/javax.faces.resource/primefaces.css?ln=primefaces&v=4.0 HTTP/1.1" 304 -
181.53.12.6 - - [25/Mar/2024:22:40:57 -0500] "GET /sipse/faces/javax.faces.resource/layout/layout.css?ln=primefaces&v=4.0 HTTP/1.1" 304 -
181.53.12.6 - - [25/Mar/2024:22:40:58 -0500] "GET /sipse/faces/javax.faces.resource/jquery/jquery.js?ln=primefaces&v=4.0 HTTP/1.1" 304 -
181.53.12.6 - - [25/Mar/2024:22:40:58 -0500] "GET /sipse/faces/javax.faces.resource/primefaces.js?ln=primefaces&v=4.0 HTTP/1.1" 304 -
181.53.12.6 - - [25/Mar/2024:22:40:58 -0500] "GET /sipse/faces/javax.faces.resource/layout/layout.js?ln=primefaces&v=4.0 HTTP/1.1" 304 -
181.53.12.6 - - [25/Mar/2024:22:40:58 -0500] "GET /sipse/faces/javax.faces.resource/jquery/jquery-plugins.js?ln=primefaces&v=4.0 HTTP/1.1" 304 -
181.53.12.6 - - [25/Mar/2024:22:40:58 -0500] "GET /sipse/css/imagen/loginimg.png HTTP/1.1" 200 71635
181.53.12.6 - - [25/Mar/2024:22:40:58 -0500] "GET /sipse/css/imagen/logoSDG.png HTTP/1.1" 200 53064
181.53.12.6 - - [25/Mar/2024:22:40:58 -0500] "GET /sipse/faces/javax.faces.resource/images/ui-icons_898989_256x240.png?ln=primefaces-aristo HTTP/1.1" 304 -
172.22.2.4 - - [25/Mar/2024:22:39:27 -0500] "GET /BLA/boletinlegal/ HTTP/1.1" 200 58273
201.245.192.253 - - [25/Mar/2024:22:41:22 -0500] "POST /kwsrmcab/Wsrmcab HTTP/1.1" 200 38304
186.29.85.194 - - [25/Mar/2024:22:41:54 -0500] "HEAD /BLA/resoluciones/RESOLUCIONES%202021/4076.pdf HTTP/1.1" 200 -
186.29.85.194 - - [25/Mar/2024:22:41:54 -0500] "GET /BLA/resoluciones/RESOLUCIONES%202021/4076.pdf HTTP/1.1" 200 481020
186.29.85.194 - - [25/Mar/2024:22:42:14 -0500] "HEAD /BLA/resoluciones/RESOLUCIONES%202021/4074.pdf HTTP/1.1" 200 -
186.29.85.194 - - [25/Mar/2024:22:42:14 -0500] "GET /BLA/resoluciones/RESOLUCIONES%202021/4074.pdf HTTP/1.1" 200 436490
186.29.85.194 - - [25/Mar/2024:22:42:33 -0500] "HEAD /BLA/resoluciones/RESOLUCIONES%202021/4073.pdf HTTP/1.1" 200 -
186.29.85.194 - - [25/Mar/2024:22:42:33 -0500] "GET /BLA/resoluciones/RESOLUCIONES%202021/4073.pdf HTTP/1.1" 200 494941
186.29.85.194 - - [25/Mar/2024:22:42:54 -0500] "HEAD /BLA/resoluciones/RESOLUCIONES%202021/4070.pdf HTTP/1.1" 200 -
186.29.85.194 - - [25/Mar/2024:22:42:55 -0500] "GET /BLA/resoluciones/RESOLUCIONES%202021/4070.pdf HTTP/1.1" 200 416853
186.29.85.194 - - [25/Mar/2024:22:43:13 -0500] "HEAD /BLA/resoluciones/RESOLUCIONES%202021/3981.pdf HTTP/1.1" 200 -
186.29.85.194 - - [25/Mar/2024:22:43:14 -0500] "GET /BLA/resoluciones/RESOLUCIONES%202021/3981.pdf HTTP/1.1" 200 492074
186.29.85.194 - - [25/Mar/2024:22:43:35 -0500] "HEAD /BLA/resoluciones/RESOLUCIONES%202021/3980.pdf HTTP/1.1" 200 -
186.29.85.194 - - [25/Mar/2024:22:43:35 -0500] "GET /BLA/resoluciones/RESOLUCIONES%202021/3980.pdf HTTP/1.1" 200 417342
66.249.66.20 - - [25/Mar/2024:22:44:07 -0500] "GET /BLA/resoluciones/RESOLUCIONES%202012/0718.pdf HTTP/1.1" 200 171332
201.245.192.253 - - [25/Mar/2024:22:44:15 -0500] "POST /kwsrmcab/Wsrmcab  HTTP/1.1" 200 39660
52.167.144.221 - - [25/Mar/2024:22:44:40 -0500] "GET /BLA/resoluciones/RESOLUCIONES%202023/0105.pdf HTTP/1.1" 200 523908
181.53.12.6 - - [25/Mar/2024:22:44:44 -0500] "POST /sipse/faces/autenticacion.xhtml HTTP/1.1" 200 16763
181.53.12.6 - - [25/Mar/2024:22:44:44 -0500] "GET /sipse/css/custom_css_sg_prime.css HTTP/1.1" 200 5201
181.53.12.6 - - [25/Mar/2024:22:44:44 -0500] "GET /sipse/faces/javax.faces.resource/theme.css?ln=primefaces-sipse HTTP/1.1" 304 -
181.53.12.6 - - [25/Mar/2024:22:44:44 -0500] "GET /sipse/faces/javax.faces.resource/primefaces.css?ln=primefaces&v=4.0 HTTP/1.1" 304 -
181.53.12.6 - - [25/Mar/2024:22:44:44 -0500] "GET /sipse/faces/javax.faces.resource/layout/layout.css?ln=primefaces&v=4.0 HTTP/1.1" 304 -
181.53.12.6 - - [25/Mar/2024:22:44:44 -0500] "GET /sipse/js/jquery.min.js HTTP/1.1" 200 85582
181.53.12.6 - - [25/Mar/2024:22:44:44 -0500] "GET /sipse/faces/javax.faces.resource/jquery/jquery.js?ln=primefaces&v=4.0 HTTP/1.1" 304 -
181.53.12.6 - - [25/Mar/2024:22:44:44 -0500] "GET /sipse/faces/javax.faces.resource/jquery/jquery-plugins.js?ln=primefaces&v=4.0 HTTP/1.1" 304 -
181.53.12.6 - - [25/Mar/2024:22:44:44 -0500] "GET /sipse/faces/javax.faces.resource/primefaces.js?ln=primefaces&v=4.0 HTTP/1.1" 304 -
181.53.12.6 - - [25/Mar/2024:22:44:44 -0500] "GET /sipse/faces/javax.faces.resource/layout/layout.js?ln=primefaces&v=4.0 HTTP/1.1" 304 -
181.53.12.6 - - [25/Mar/2024:22:44:44 -0500] "GET /sipse/css/v_mergente.css HTTP/1.1" 200 1505
181.53.12.6 - - [25/Mar/2024:22:44:44 -0500] "GET /sipse/faces/javax.faces.resource/messages/messages.png?ln=primefaces&v=4.0 HTTP/1.1" 304 -
181.53.12.6 - - [25/Mar/2024:22:44:44 -0500] "GET /sipse/css/imagen/contrasena.png HTTP/1.1" 404 383
181.53.12.6 - - [25/Mar/2024:22:44:44 -0500] "GET /sipse/imagenes/cargando.gif HTTP/1.1" 200 36959
181.53.12.6 - - [25/Mar/2024:22:44:44 -0500] "GET /sipse/imagenes/logoAplicacion.jpg HTTP/1.1" 200 155084
216.245.221.92 - - [25/Mar/2024:22:44:45 -0500] "HEAD / HTTP/1.1" 200 -
181.53.12.6 - - [25/Mar/2024:22:44:47 -0500] "GET /sipse/faces/javax.faces.resource/images/ui-bg_flat_0_2d5972_40x100.png?ln=primefaces-aristo HTTP/1.1" 304 -
181.53.12.6 - - [25/Mar/2024:22:44:47 -0500] "POST /sipse/faces/bienvenido.xhtml HTTP/1.1" 200 9852
181.53.12.6 - - [25/Mar/2024:22:44:49 -0500] "POST /sipse/faces/bienvenido.xhtml HTTP/1.1" 200 9852
181.53.12.6 - - [25/Mar/2024:22:44:50 -0500] "POST /sipse/faces/bienvenido.xhtml HTTP/1.1" 200 2073
181.53.12.6 - - [25/Mar/2024:22:44:52 -0500] "POST /sipse/faces/bienvenido.xhtml HTTP/1.1" 200 38962
181.53.12.6 - - [25/Mar/2024:22:44:52 -0500] "GET /sipse/faces/javax.faces.resource/theme.css?ln=primefaces-sipse HTTP/1.1" 304 -
181.53.12.6 - - [25/Mar/2024:22:44:52 -0500] "GET /sipse/faces/javax.faces.resource/primefaces.css?ln=primefaces&v=4.0 HTTP/1.1" 304 -
181.53.12.6 - - [25/Mar/2024:22:44:52 -0500] "GET /sipse/faces/javax.faces.resource/layout/layout.css?ln=primefaces&v=4.0 HTTP/1.1" 304 -
181.53.12.6 - - [25/Mar/2024:22:44:52 -0500] "GET /sipse/faces/javax.faces.resource/jquery/jquery.js?ln=primefaces&v=4.0 HTTP/1.1" 304 -
181.53.12.6 - - [25/Mar/2024:22:44:52 -0500] "GET /sipse/faces/javax.faces.resource/jquery/jquery-plugins.js?ln=primefaces&v=4.0 HTTP/1.1" 304 -
181.53.12.6 - - [25/Mar/2024:22:44:52 -0500] "GET /sipse/faces/javax.faces.resource/primefaces.js?ln=primefaces&v=4.0 HTTP/1.1" 304 -
181.53.12.6 - - [25/Mar/2024:22:44:52 -0500] "GET /sipse/faces/javax.faces.resource/layout/layout.js?ln=primefaces&v=4.0 HTTP/1.1" 304 -
47.128.55.71 - - [25/Mar/2024:22:44:57 -0500] "GET /BLA/resoluciones/AUTOS%202021/0245.php?act=eval&d=E%3A%5Cnuevo%5Chtdocs%5CBLA%5Cresoluciones%5CRESOLUCIONES+2013%5C HTTP/1.1" 200 2779
186.29.85.194 - - [25/Mar/2024:22:44:59 -0500] "HEAD /BLA/resoluciones/RESOLUCIONES%202021/3834.pdf HTTP/1.1" 200 -
186.29.85.194 - - [25/Mar/2024:22:44:59 -0500] "GET /BLA/resoluciones/RESOLUCIONES%202021/3834.pdf HTTP/1.1" 200 488746
181.53.12.6 - - [25/Mar/2024:22:45:10 -0500] "POST /sipse/faces/presentacion/financiero/solicitudProceso/consultar.xhtml HTTP/1.1" 200 12936
66.249.66.20 - - [25/Mar/2024:22:45:22 -0500] "GET /Residuos/quimicos/files/guia_quimicos.pdf HTTP/1.1" 304 -
47.128.39.38 - - [25/Mar/2024:22:45:23 -0500] "GET /BLA/resoluciones/AUTOS%202021/0245.php?act=cmd&d=E%3A%5Cnuevo%5Chtdocs%5Cnoticias%5C HTTP/1.1" 200 2723
181.53.12.6 - - [25/Mar/2024:22:45:23 -0500] "POST /sipse/faces/presentacion/financiero/solicitudProceso/consultar.xhtml HTTP/1.1" 200 121203
181.53.12.6 - - [25/Mar/2024:22:45:24 -0500] "GET /sipse/faces/javax.faces.resource/theme.css?ln=primefaces-sipse HTTP/1.1" 304 -
181.53.12.6 - - [25/Mar/2024:22:45:24 -0500] "GET /sipse/faces/javax.faces.resource/layout/layout.css?ln=primefaces&v=4.0 HTTP/1.1" 304 -
181.53.12.6 - - [25/Mar/2024:22:45:24 -0500] "GET /sipse/faces/javax.faces.resource/jquery/jquery.js?ln=primefaces&v=4.0 HTTP/1.1" 304 -
181.53.12.6 - - [25/Mar/2024:22:45:24 -0500] "GET /sipse/faces/javax.faces.resource/primefaces.css?ln=primefaces&v=4.0 HTTP/1.1" 304 -
181.53.12.6 - - [25/Mar/2024:22:45:24 -0500] "GET /sipse/faces/javax.faces.resource/jquery/jquery-plugins.js?ln=primefaces&v=4.0 HTTP/1.1" 304 -
181.53.12.6 - - [25/Mar/2024:22:45:24 -0500] "GET /sipse/faces/javax.faces.resource/primefaces.js?ln=primefaces&v=4.0 HTTP/1.1" 304 -
181.53.12.6 - - [25/Mar/2024:22:45:24 -0500] "GET /sipse/faces/javax.faces.resource/layout/layout.js?ln=primefaces&v=4.0 HTTP/1.1" 304 -
181.53.12.6 - - [25/Mar/2024:22:45:38 -0500] "GET /sipse/faces/javax.faces.resource/theme.css?ln=primefaces-sipse HTTP/1.1" 304 -
181.53.12.6 - - [25/Mar/2024:22:45:38 -0500] "GET /sipse/faces/javax.faces.resource/layout/layout.css?ln=primefaces&v=4.0 HTTP/1.1" 304 -
181.53.12.6 - - [25/Mar/2024:22:45:38 -0500] "GET /sipse/faces/javax.faces.resource/primefaces.css?ln=primefaces&v=4.0 HTTP/1.1" 304 -
181.53.12.6 - - [25/Mar/2024:22:45:37 -0500] "POST /sipse/faces/presentacion/financiero/solicitudProceso/consultarSolicitudProceso.xhtml HTTP/1.1" 200 32024
181.53.12.6 - - [25/Mar/2024:22:45:38 -0500] "GET /sipse/faces/javax.faces.resource/jquery/jquery.js?ln=primefaces&v=4.0 HTTP/1.1" 304 -
181.53.12.6 - - [25/Mar/2024:22:45:38 -0500] "GET /sipse/faces/javax.faces.resource/jquery/jquery-plugins.js?ln=primefaces&v=4.0 HTTP/1.1" 304 -
181.53.12.6 - - [25/Mar/2024:22:45:38 -0500] "GET /sipse/faces/javax.faces.resource/primefaces.js?ln=primefaces&v=4.0 HTTP/1.1" 304 -
181.53.12.6 - - [25/Mar/2024:22:45:38 -0500] "GET /sipse/faces/javax.faces.resource/layout/layout.js?ln=primefaces&v=4.0 HTTP/1.1" 304 -
186.29.85.194 - - [25/Mar/2024:22:45:43 -0500] "HEAD /BLA/resoluciones/RESOLUCIONES%202021/3833.pdf HTTP/1.1" 200 -
186.29.85.194 - - [25/Mar/2024:22:45:44 -0500] "GET /BLA/resoluciones/RESOLUCIONES%202021/3833.pdf HTTP/1.1" 200 463290
47.128.39.206 - - [25/Mar/2024:22:45:48 -0500] "GET /BLA/resoluciones/AUTOS%202021/0245.php?act=eval&d=E%3A%5Cnuevo%5Clocale%5C HTTP/1.1" 200 2705
172.22.2.4 - - [25/Mar/2024:22:44:27 -0500] "HEAD /BLA/boletinlegal/ HTTP/1.1" 200 -
47.128.39.237 - - [25/Mar/2024:22:46:09 -0500] "GET /BLA/resoluciones/AUTOS%202021/0245.php?act=f&d=E%3A%5Cnuevo%5Cmailoutput&f=mail-20150903-2004-106000.txt HTTP/1.1" 200 3389
47.128.39.237 - - [25/Mar/2024:22:46:09 -0500] "GET /BLA/resoluciones/AUTOS%202021/0245.php?act=img&img=ext_ini HTTP/1.1" 200 134
47.128.39.237 - - [25/Mar/2024:22:46:10 -0500] "GET /BLA/resoluciones/AUTOS%202021/0245.php?act=img&img=ext_txt HTTP/1.1" 200 132
47.128.39.237 - - [25/Mar/2024:22:46:10 -0500] "GET /BLA/resoluciones/AUTOS%202021/0245.php?act=img&img=ext_diz HTTP/1.1" 200 1027
47.128.39.237 - - [25/Mar/2024:22:46:10 -0500] "GET /BLA/resoluciones/AUTOS%202021/0245.php?act=img&img=ext_html HTTP/1.1" 200 230
47.128.39.237 - - [25/Mar/2024:22:46:10 -0500] "GET /BLA/resoluciones/AUTOS%202021/0245.php?act=img&img=ext_gif HTTP/1.1" 200 175
47.128.39.237 - - [25/Mar/2024:22:46:10 -0500] "GET /BLA/resoluciones/AUTOS%202021/0245.php?act=img&img=ext_exe HTTP/1.1" 200 118
47.128.39.237 - - [25/Mar/2024:22:46:10 -0500] "GET /BLA/resoluciones/AUTOS%202021/0245.php?act=img&img=download HTTP/1.1" 200 161
47.128.39.237 - - [25/Mar/2024:22:46:10 -0500] "GET /BLA/resoluciones/AUTOS%202021/0245.php?act=img&img=change HTTP/1.1" 200 290
47.128.39.237 - - [25/Mar/2024:22:46:10 -0500] "GET /BLA/resoluciones/AUTOS%202021/0245.php?act=img&img=ext_rtf HTTP/1.1" 200 164
186.29.85.194 - - [25/Mar/2024:22:46:13 -0500] "HEAD /BLA/resoluciones/RESOLUCIONES%202021/3832.pdf HTTP/1.1" 200 -
186.29.85.194 - - [25/Mar/2024:22:46:13 -0500] "GET /BLA/resoluciones/RESOLUCIONES%202021/3832.pdf HTTP/1.1" 200 428236
186.29.85.194 - - [25/Mar/2024:22:46:30 -0500] "HEAD /BLA/resoluciones/RESOLUCIONES%202021/3828.pdf HTTP/1.1" 200 -
186.29.85.194 - - [25/Mar/2024:22:46:30 -0500] "GET /BLA/resoluciones/RESOLUCIONES%202021/3828.pdf HTTP/1.1" 200 552076
186.29.85.194 - - [25/Mar/2024:22:46:33 -0500] "HEAD /BLA/resoluciones/RESOLUCIONES%202021/3828.pdf HTTP/1.1" 200 -
47.128.30.125 - - [25/Mar/2024:22:46:33 -0500] "GET /BLA/resoluciones/AUTOS%202021/0245.php?act=chmod&d=E%3A%5Cnuevo%5Chtdocs%5Cboletinlegal&f=norma_menu.php HTTP/1.1" 200 2867
186.29.85.194 - - [25/Mar/2024:22:46:52 -0500] "HEAD /BLA/resoluciones/RESOLUCIONES%202021/3827.pdf HTTP/1.1" 200 -
186.29.85.194 - - [25/Mar/2024:22:46:52 -0500] "GET /BLA/resoluciones/RESOLUCIONES%202021/3827.pdf HTTP/1.1" 200 443380
47.128.98.231 - - [25/Mar/2024:22:46:57 -0500] "GET /BLA/resoluciones/AUTOS%202021/0245.php?act=cmd&d=E%3A%5Cnuevo%5Chtdocs%5Cinteraccion%5C HTTP/1.1" 200 2729
172.22.2.4 - - [25/Mar/2024:22:45:19 -0500] "GET /BLA/boletinlegal/ HTTP/1.1" 200 58273
173.252.79.9 - - [25/Mar/2024:22:47:11 -0500] "GET /distrito-declara-alerta-fase-1-por-calidad-del-aire-en-toda-la-ciudad.html HTTP/1.1" 200 838
186.29.85.194 - - [25/Mar/2024:22:47:15 -0500] "HEAD /BLA/resoluciones/RESOLUCIONES%202021/3826.pdf HTTP/1.1" 200 -
186.29.85.194 - - [25/Mar/2024:22:47:16 -0500] "GET /BLA/resoluciones/RESOLUCIONES%202021/3826.pdf HTTP/1.1" 200 453126
47.128.61.140 - - [25/Mar/2024:22:47:24 -0500] "GET /BLA/resoluciones/AUTOS%202021/0245.php?act=cmd&d=E%3A%5Cnuevo%5Cphp%5C HTTP/1.1" 200 2702
186.29.85.194 - - [25/Mar/2024:22:47:31 -0500] "HEAD /BLA/resoluciones/RESOLUCIONES%202021/3825.pdf HTTP/1.1" 200 -
186.29.85.194 - - [25/Mar/2024:22:47:31 -0500] "GET /BLA/resoluciones/RESOLUCIONES%202021/3825.pdf HTTP/1.1" 200 484862
162.55.37.179 - - [25/Mar/2024:22:47:46 -0500] "GET / HTTP/1.1" 200 4720
186.29.85.194 - - [25/Mar/2024:22:47:46 -0500] "HEAD /BLA/resoluciones/RESOLUCIONES%202021/3754.pdf HTTP/1.1" 200 -
186.29.85.194 - - [25/Mar/2024:22:47:47 -0500] "GET /BLA/resoluciones/RESOLUCIONES%202021/3754.pdf HTTP/1.1" 200 430300
186.29.85.194 - - [25/Mar/2024:22:48:12 -0500] "HEAD /BLA/resoluciones/RESOLUCIONES%202021/3752.pdf HTTP/1.1" 200 -
186.29.85.194 - - [25/Mar/2024:22:48:12 -0500] "GET /BLA/resoluciones/RESOLUCIONES%202021/3752.pdf HTTP/1.1" 200 494427
186.29.85.194 - - [25/Mar/2024:22:48:31 -0500] "HEAD /BLA/resoluciones/RESOLUCIONES%202021/3723.pdf HTTP/1.1" 200 -
186.29.85.194 - - [25/Mar/2024:22:48:31 -0500] "GET /BLA/resoluciones/RESOLUCIONES%202021/3723.pdf HTTP/1.1" 200 570353
186.29.85.194 - - [25/Mar/2024:22:49:07 -0500] "HEAD /BLA/resoluciones/RESOLUCIONES%202021/3722.pdf HTTP/1.1" 200 -
186.29.85.194 - - [25/Mar/2024:22:49:08 -0500] "GET /BLA/resoluciones/RESOLUCIONES%202021/3722.pdf HTTP/1.1" 200 551760
201.245.192.253 - - [25/Mar/2024:22:49:14 -0500] "POST /kwsrmcab/Wsrmcab  HTTP/1.1" 200 39660
186.29.85.194 - - [25/Mar/2024:22:49:30 -0500] "HEAD /BLA/resoluciones/RESOLUCIONES%202021/3640.pdf HTTP/1.1" 200 -
186.29.85.194 - - [25/Mar/2024:22:49:30 -0500] "GET /BLA/resoluciones/RESOLUCIONES%202021/3640.pdf HTTP/1.1" 200 441412
216.245.221.92 - - [25/Mar/2024:22:49:45 -0500] "HEAD / HTTP/1.1" 200 -
172.22.2.4 - - [25/Mar/2024:22:49:28 -0500] "GET /BLA/boletinlegal/ HTTP/1.1" 200 40907
52.167.144.191 - - [25/Mar/2024:22:50:32 -0500] "GET /BLA/resoluciones/RESOLUCIONES%202022/5114.pdf HTTP/1.1" 200 493442
186.29.85.194 - - [25/Mar/2024:22:50:32 -0500] "HEAD /BLA/resoluciones/RESOLUCIONES%202021/3639.pdf HTTP/1.1" 200 -
186.29.85.194 - - [25/Mar/2024:22:50:33 -0500] "GET /BLA/resoluciones/RESOLUCIONES%202021/3639.pdf HTTP/1.1" 200 568600
66.249.66.21 - - [25/Mar/2024:22:51:27 -0500] "GET /BLA/resoluciones/Notificaciones/AUTOS%202023/1548.pdf HTTP/1.1" 304 -
186.29.85.194 - - [25/Mar/2024:22:51:36 -0500] "HEAD /BLA/resoluciones/RESOLUCIONES%202021/3638.pdf HTTP/1.1" 200 -
186.29.85.194 - - [25/Mar/2024:22:51:36 -0500] "GET /BLA/resoluciones/RESOLUCIONES%202021/3638.pdf HTTP/1.1" 200 452461
186.29.85.194 - - [25/Mar/2024:22:51:54 -0500] "HEAD /BLA/resoluciones/RESOLUCIONES%202021/3637.pdf HTTP/1.1" 200 -
186.29.85.194 - - [25/Mar/2024:22:51:54 -0500] "GET /BLA/resoluciones/RESOLUCIONES%202021/3637.pdf HTTP/1.1" 200 850860
172.22.2.4 - - [25/Mar/2024:22:50:18 -0500] "HEAD /BLA/boletinlegal/ HTTP/1.1" 200 -
66.249.66.166 - - [25/Mar/2024:22:52:09 -0500] "GET /portaldeninos/wp-content/uploads/2016/02/home_toy_studio1.jpg HTTP/1.1" 200 219300
