186.28.136.245 - - [25/Mar/2024:20:56:14 -0500] "POST /sipse/faces/presentacion/financiero/solicitudProceso/consultar.xhtml HTTP/1.1" 200 12866
216.244.66.195 - - [25/Mar/2024:20:56:41 -0500] "GET /BLA/resoluciones/AUTOS%202019/1907.pdf HTTP/1.1" 200 307956
52.167.144.209 - - [25/Mar/2024:20:56:50 -0500] "GET /BLA/resoluciones/AUTOS%202021/5123.pdf HTTP/1.1" 304 -
186.180.129.60 - - [25/Mar/2024:20:56:56 -0500] "GET /sipse/faces/index.xhtml HTTP/1.1" 200 677
186.180.129.60 - - [25/Mar/2024:20:56:56 -0500] "GET /sipse/faces/javax.faces.resource/theme.css?ln=primefaces-sipse HTTP/1.1" 304 -
186.180.129.60 - - [25/Mar/2024:20:56:56 -0500] "GET /favicon.ico HTTP/1.1" 200 7782
186.180.129.60 - - [25/Mar/2024:20:56:56 -0500] "GET /sipse/faces/faces/autenticacion.xhtml HTTP/1.1" 200 12409
186.180.129.60 - - [25/Mar/2024:20:56:56 -0500] "GET /sipse/css/custom_css_sg.css HTTP/1.1" 304 -
186.180.129.60 - - [25/Mar/2024:20:56:56 -0500] "GET /sipse/css/custom_css_sg_prime_login.css HTTP/1.1" 304 -
186.180.129.60 - - [25/Mar/2024:20:56:56 -0500] "GET /sipse/faces/javax.faces.resource/theme.css?ln=primefaces-sipse HTTP/1.1" 304 -
186.180.129.60 - - [25/Mar/2024:20:56:56 -0500] "GET /sipse/faces/javax.faces.resource/layout/layout.css?ln=primefaces&v=4.0 HTTP/1.1" 304 -
186.180.129.60 - - [25/Mar/2024:20:56:56 -0500] "GET /sipse/js/funciones.js HTTP/1.1" 304 -
186.180.129.60 - - [25/Mar/2024:20:56:56 -0500] "GET /sipse/js/disable_browser_buttons.js HTTP/1.1" 304 -
186.180.129.60 - - [25/Mar/2024:20:56:56 -0500] "GET /sipse/faces/javax.faces.resource/primefaces.css?ln=primefaces&v=4.0 HTTP/1.1" 304 -
186.180.129.60 - - [25/Mar/2024:20:56:56 -0500] "GET /sipse/faces/javax.faces.resource/jquery/jquery.js?ln=primefaces&v=4.0 HTTP/1.1" 304 -
186.180.129.60 - - [25/Mar/2024:20:56:57 -0500] "GET /sipse/faces/javax.faces.resource/jquery/jquery-plugins.js?ln=primefaces&v=4.0 HTTP/1.1" 304 -
186.180.129.60 - - [25/Mar/2024:20:56:57 -0500] "GET /sipse/faces/javax.faces.resource/primefaces.js?ln=primefaces&v=4.0 HTTP/1.1" 304 -
186.180.129.60 - - [25/Mar/2024:20:56:57 -0500] "GET /sipse/faces/javax.faces.resource/layout/layout.js?ln=primefaces&v=4.0 HTTP/1.1" 304 -
186.180.129.60 - - [25/Mar/2024:20:56:57 -0500] "GET /sipse/css/imagen/logoSDG.png HTTP/1.1" 304 -
186.180.129.60 - - [25/Mar/2024:20:56:57 -0500] "GET /sipse/css/imagen/loginimg.png HTTP/1.1" 304 -
186.180.129.60 - - [25/Mar/2024:20:56:57 -0500] "GET /sipse/faces/javax.faces.resource/images/ui-icons_898989_256x240.png?ln=primefaces-aristo HTTP/1.1" 304 -
186.28.136.245 - - [25/Mar/2024:20:57:02 -0500] "POST /sipse/faces/presentacion/financiero/solicitudProceso/consultar.xhtml HTTP/1.1" 200 12838
186.180.129.60 - - [25/Mar/2024:20:57:11 -0500] "POST /sipse/faces/autenticacion.xhtml HTTP/1.1" 200 2219
186.180.129.60 - - [25/Mar/2024:20:57:11 -0500] "GET /sipse/faces/javax.faces.resource/messages/messages.png?ln=primefaces&v=4.0 HTTP/1.1" 304 -
216.244.66.195 - - [25/Mar/2024:20:57:20 -0500] "GET /BLA/resoluciones/AUTOS%202019/2771.pdf HTTP/1.1" 200 266418
186.28.136.245 - - [25/Mar/2024:20:57:20 -0500] "POST /sipse/faces/presentacion/financiero/solicitudProceso/consultar.xhtml HTTP/1.1" 200 12774
186.180.129.60 - - [25/Mar/2024:20:57:21 -0500] "POST /sipse/faces/autenticacion.xhtml HTTP/1.1" 200 16349
186.180.129.60 - - [25/Mar/2024:20:57:21 -0500] "GET /sipse/css/custom_css_sg_prime.css HTTP/1.1" 304 -
186.180.129.60 - - [25/Mar/2024:20:57:21 -0500] "GET /sipse/faces/javax.faces.resource/theme.css?ln=primefaces-sipse HTTP/1.1" 304 -
186.180.129.60 - - [25/Mar/2024:20:57:21 -0500] "GET /sipse/faces/javax.faces.resource/primefaces.css?ln=primefaces&v=4.0 HTTP/1.1" 304 -
186.180.129.60 - - [25/Mar/2024:20:57:21 -0500] "GET /sipse/js/jquery.min.js HTTP/1.1" 304 -
186.180.129.60 - - [25/Mar/2024:20:57:21 -0500] "GET /sipse/faces/javax.faces.resource/layout/layout.css?ln=primefaces&v=4.0 HTTP/1.1" 304 -
186.180.129.60 - - [25/Mar/2024:20:57:21 -0500] "GET /sipse/faces/javax.faces.resource/jquery/jquery.js?ln=primefaces&v=4.0 HTTP/1.1" 304 -
186.180.129.60 - - [25/Mar/2024:20:57:21 -0500] "GET /sipse/faces/javax.faces.resource/jquery/jquery-plugins.js?ln=primefaces&v=4.0 HTTP/1.1" 304 -
186.180.129.60 - - [25/Mar/2024:20:57:21 -0500] "GET /sipse/faces/javax.faces.resource/primefaces.js?ln=primefaces&v=4.0 HTTP/1.1" 304 -
186.180.129.60 - - [25/Mar/2024:20:57:21 -0500] "GET /sipse/faces/javax.faces.resource/layout/layout.js?ln=primefaces&v=4.0 HTTP/1.1" 304 -
186.180.129.60 - - [25/Mar/2024:20:57:22 -0500] "GET /sipse/css/v_mergente.css HTTP/1.1" 304 -
186.180.129.60 - - [25/Mar/2024:20:57:22 -0500] "GET /sipse/imagenes/cargando.gif HTTP/1.1" 304 -
186.180.129.60 - - [25/Mar/2024:20:57:22 -0500] "GET /sipse/imagenes/logoAplicacion.jpg HTTP/1.1" 304 -
186.180.129.60 - - [25/Mar/2024:20:57:22 -0500] "GET /sipse/css/imagen/contrasena.png HTTP/1.1" 404 383
186.180.129.60 - - [25/Mar/2024:20:57:28 -0500] "GET /sipse/faces/javax.faces.resource/images/ui-bg_flat_0_2d5972_40x100.png?ln=primefaces-aristo HTTP/1.1" 304 -
186.180.129.60 - - [25/Mar/2024:20:57:28 -0500] "POST /sipse/faces/bienvenido.xhtml HTTP/1.1" 200 2060
186.180.129.60 - - [25/Mar/2024:20:57:29 -0500] "POST /sipse/faces/bienvenido.xhtml HTTP/1.1" 200 38779
186.180.129.60 - - [25/Mar/2024:20:57:30 -0500] "GET /sipse/faces/javax.faces.resource/layout/layout.css?ln=primefaces&v=4.0 HTTP/1.1" 304 -
186.180.129.60 - - [25/Mar/2024:20:57:30 -0500] "GET /sipse/faces/javax.faces.resource/primefaces.css?ln=primefaces&v=4.0 HTTP/1.1" 304 -
186.180.129.60 - - [25/Mar/2024:20:57:30 -0500] "GET /sipse/faces/javax.faces.resource/theme.css?ln=primefaces-sipse HTTP/1.1" 304 -
186.180.129.60 - - [25/Mar/2024:20:57:30 -0500] "GET /sipse/faces/javax.faces.resource/jquery/jquery.js?ln=primefaces&v=4.0 HTTP/1.1" 304 -
186.180.129.60 - - [25/Mar/2024:20:57:30 -0500] "GET /sipse/faces/javax.faces.resource/jquery/jquery-plugins.js?ln=primefaces&v=4.0 HTTP/1.1" 304 -
186.180.129.60 - - [25/Mar/2024:20:57:30 -0500] "GET /sipse/faces/javax.faces.resource/primefaces.js?ln=primefaces&v=4.0 HTTP/1.1" 304 -
186.180.129.60 - - [25/Mar/2024:20:57:30 -0500] "GET /sipse/faces/javax.faces.resource/layout/layout.js?ln=primefaces&v=4.0 HTTP/1.1" 304 -
186.180.129.60 - - [25/Mar/2024:20:57:31 -0500] "POST /sipse/faces/presentacion/financiero/solicitudProceso/listarSolicitudProceso.xhtml HTTP/1.1" 200 1420
186.28.136.245 - - [25/Mar/2024:20:57:44 -0500] "POST /sipse/faces/presentacion/financiero/solicitudProceso/consultar.xhtml HTTP/1.1" 200 12855
216.244.66.195 - - [25/Mar/2024:20:57:55 -0500] "GET /BLA/resoluciones/AUTOS%202019/3030.pdf HTTP/1.1" 200 260528
186.28.136.245 - - [25/Mar/2024:20:58:13 -0500] "POST /sipse/faces/presentacion/financiero/solicitudProceso/consultar.xhtml HTTP/1.1" 200 12863
216.244.66.195 - - [25/Mar/2024:20:58:25 -0500] "GET /BLA/resoluciones/AUTOS%202019/3058.pdf HTTP/1.1" 200 269538
186.28.136.245 - - [25/Mar/2024:20:58:40 -0500] "POST /sipse/faces/presentacion/financiero/solicitudProceso/consultar.xhtml HTTP/1.1" 200 12855
186.28.136.245 - - [25/Mar/2024:20:58:55 -0500] "POST /sipse/faces/presentacion/financiero/solicitudProceso/consultar.xhtml HTTP/1.1" 200 12833
216.244.66.195 - - [25/Mar/2024:20:58:56 -0500] "GET /BLA/resoluciones/AUTOS%202021/0749.pdf HTTP/1.1" 200 356691
201.245.192.253 - - [25/Mar/2024:20:59:14 -0500] "POST /kwsrmcab/Wsrmcab  HTTP/1.1" 200 39660
186.28.136.245 - - [25/Mar/2024:20:59:19 -0500] "POST /sipse/faces/presentacion/financiero/solicitudProceso/consultar.xhtml HTTP/1.1" 200 12918
216.244.66.195 - - [25/Mar/2024:20:59:26 -0500] "GET /BLA/resoluciones/AUTOS%202021/0819.pdf HTTP/1.1" 200 383762
181.237.180.46 - - [25/Mar/2024:20:59:37 -0500] "POST /appsia/controlador HTTP/1.1" 200 7759
191.156.38.89 - - [25/Mar/2024:20:59:41 -0500] "GET /sipse/faces/javax.faces.resource/theme.css?ln=primefaces-sipse HTTP/1.1" 304 -
191.156.42.112 - - [25/Mar/2024:20:59:41 -0500] "GET /sipse/faces/javax.faces.resource/primefaces.css?ln=primefaces&v=4.0 HTTP/1.1" 304 -
191.156.38.89 - - [25/Mar/2024:20:59:41 -0500] "GET /sipse/faces/javax.faces.resource/layout/layout.css?ln=primefaces&v=4.0 HTTP/1.1" 304 -
191.156.46.240 - - [25/Mar/2024:20:59:41 -0500] "GET /sipse/faces/javax.faces.resource/jquery/jquery-plugins.js?ln=primefaces&v=4.0 HTTP/1.1" 304 -
191.156.45.7 - - [25/Mar/2024:20:59:41 -0500] "GET /sipse/faces/javax.faces.resource/layout/layout.js?ln=primefaces&v=4.0 HTTP/1.1" 304 -
191.156.40.186 - - [25/Mar/2024:20:59:41 -0500] "GET /sipse/faces/javax.faces.resource/primefaces.js?ln=primefaces&v=4.0 HTTP/1.1" 304 -
191.156.42.112 - - [25/Mar/2024:20:59:41 -0500] "GET /sipse/faces/faces/autenticacion.xhtml HTTP/1.1" 200 12417
191.156.46.240 - - [25/Mar/2024:20:59:42 -0500] "GET /sipse/faces/javax.faces.resource/jquery/jquery.js?ln=primefaces&v=4.0 HTTP/1.1" 304 -
191.156.46.240 - - [25/Mar/2024:20:59:42 -0500] "GET /sipse/faces/javax.faces.resource/images/ui-icons_898989_256x240.png?ln=primefaces-aristo HTTP/1.1" 304 -
186.28.136.245 - - [25/Mar/2024:20:59:44 -0500] "POST /sipse/faces/presentacion/financiero/solicitudProceso/consultar.xhtml HTTP/1.1" 200 12902
216.245.221.92 - - [25/Mar/2024:20:59:45 -0500] "HEAD / HTTP/1.1" 200 -
216.244.66.195 - - [25/Mar/2024:20:59:54 -0500] "GET /BLA/resoluciones/AUTOS%202021/1160.pdf HTTP/1.1" 200 455031
191.156.46.240 - - [25/Mar/2024:20:59:54 -0500] "POST /sipse/faces/autenticacion.xhtml HTTP/1.1" 200 2219
191.156.46.240 - - [25/Mar/2024:20:59:54 -0500] "GET /sipse/faces/javax.faces.resource/messages/messages.png?ln=primefaces&v=4.0 HTTP/1.1" 304 -
191.156.46.240 - - [25/Mar/2024:20:59:55 -0500] "POST /sipse/faces/autenticacion.xhtml HTTP/1.1" 200 16381
191.156.45.7 - - [25/Mar/2024:20:59:56 -0500] "GET /sipse/faces/javax.faces.resource/layout/layout.css?ln=primefaces&v=4.0 HTTP/1.1" 304 -
191.156.46.240 - - [25/Mar/2024:20:59:56 -0500] "GET /sipse/faces/javax.faces.resource/theme.css?ln=primefaces-sipse HTTP/1.1" 304 -
191.156.42.112 - - [25/Mar/2024:20:59:56 -0500] "GET /sipse/faces/javax.faces.resource/primefaces.css?ln=primefaces&v=4.0 HTTP/1.1" 304 -
191.156.42.112 - - [25/Mar/2024:20:59:56 -0500] "GET /sipse/faces/javax.faces.resource/jquery/jquery.js?ln=primefaces&v=4.0 HTTP/1.1" 304 -
191.156.42.112 - - [25/Mar/2024:20:59:56 -0500] "GET /sipse/faces/javax.faces.resource/jquery/jquery-plugins.js?ln=primefaces&v=4.0 HTTP/1.1" 304 -
191.156.42.112 - - [25/Mar/2024:20:59:56 -0500] "GET /sipse/faces/javax.faces.resource/primefaces.js?ln=primefaces&v=4.0 HTTP/1.1" 304 -
191.156.42.112 - - [25/Mar/2024:20:59:56 -0500] "GET /sipse/faces/javax.faces.resource/layout/layout.js?ln=primefaces&v=4.0 HTTP/1.1" 304 -
191.156.42.112 - - [25/Mar/2024:20:59:56 -0500] "GET /sipse/css/imagen/contrasena.png HTTP/1.1" 404 383
191.156.42.112 - - [25/Mar/2024:21:00:00 -0500] "GET /sipse/faces/javax.faces.resource/images/ui-bg_flat_0_2d5972_40x100.png?ln=primefaces-aristo HTTP/1.1" 304 -
191.156.46.240 - - [25/Mar/2024:21:00:00 -0500] "POST /sipse/faces/bienvenido.xhtml HTTP/1.1" 200 2060
191.156.46.240 - - [25/Mar/2024:21:00:01 -0500] "POST /sipse/faces/bienvenido.xhtml HTTP/1.1" 200 38779
191.156.45.7 - - [25/Mar/2024:21:00:02 -0500] "GET /sipse/faces/javax.faces.resource/layout/layout.css?ln=primefaces&v=4.0 HTTP/1.1" 304 -
191.156.46.240 - - [25/Mar/2024:21:00:02 -0500] "GET /sipse/faces/javax.faces.resource/theme.css?ln=primefaces-sipse HTTP/1.1" 304 -
191.156.42.112 - - [25/Mar/2024:21:00:02 -0500] "GET /sipse/faces/javax.faces.resource/primefaces.css?ln=primefaces&v=4.0 HTTP/1.1" 304 -
191.156.46.240 - - [25/Mar/2024:21:00:02 -0500] "GET /sipse/faces/javax.faces.resource/jquery/jquery.js?ln=primefaces&v=4.0 HTTP/1.1" 304 -
191.156.46.240 - - [25/Mar/2024:21:00:02 -0500] "GET /sipse/faces/javax.faces.resource/jquery/jquery-plugins.js?ln=primefaces&v=4.0 HTTP/1.1" 304 -
191.156.46.240 - - [25/Mar/2024:21:00:02 -0500] "GET /sipse/faces/javax.faces.resource/primefaces.js?ln=primefaces&v=4.0 HTTP/1.1" 304 -
191.156.46.240 - - [25/Mar/2024:21:00:02 -0500] "GET /sipse/faces/javax.faces.resource/layout/layout.js?ln=primefaces&v=4.0 HTTP/1.1" 304 -
191.156.46.240 - - [25/Mar/2024:21:00:02 -0500] "POST /sipse/faces/presentacion/financiero/solicitudProceso/listarSolicitudProceso.xhtml HTTP/1.1" 200 1420
186.28.136.245 - - [25/Mar/2024:21:00:08 -0500] "POST /sipse/faces/presentacion/financiero/solicitudProceso/consultar.xhtml HTTP/1.1" 200 129729
186.28.136.245 - - [25/Mar/2024:21:00:09 -0500] "GET /sipse/faces/javax.faces.resource/theme.css?ln=primefaces-sipse HTTP/1.1" 304 -
186.28.136.245 - - [25/Mar/2024:21:00:09 -0500] "GET /sipse/faces/javax.faces.resource/primefaces.css?ln=primefaces&v=4.0 HTTP/1.1" 304 -
186.28.136.245 - - [25/Mar/2024:21:00:09 -0500] "GET /sipse/faces/javax.faces.resource/layout/layout.css?ln=primefaces&v=4.0 HTTP/1.1" 304 -
186.28.136.245 - - [25/Mar/2024:21:00:09 -0500] "GET /sipse/faces/javax.faces.resource/jquery/jquery.js?ln=primefaces&v=4.0 HTTP/1.1" 304 -
186.28.136.245 - - [25/Mar/2024:21:00:09 -0500] "GET /sipse/faces/javax.faces.resource/jquery/jquery-plugins.js?ln=primefaces&v=4.0 HTTP/1.1" 304 -
186.28.136.245 - - [25/Mar/2024:21:00:09 -0500] "GET /sipse/faces/javax.faces.resource/primefaces.js?ln=primefaces&v=4.0 HTTP/1.1" 304 -
186.28.136.245 - - [25/Mar/2024:21:00:09 -0500] "GET /sipse/faces/javax.faces.resource/layout/layout.js?ln=primefaces&v=4.0 HTTP/1.1" 304 -
191.156.46.240 - - [25/Mar/2024:21:00:08 -0500] "POST /sipse/faces/presentacion/financiero/solicitudProceso/listarSolicitudProceso.xhtml HTTP/1.1" 200 164573
191.156.42.112 - - [25/Mar/2024:21:00:10 -0500] "GET /sipse/faces/javax.faces.resource/primefaces.css?ln=primefaces&v=4.0 HTTP/1.1" 304 -
191.156.45.7 - - [25/Mar/2024:21:00:10 -0500] "GET /sipse/faces/javax.faces.resource/layout/layout.css?ln=primefaces&v=4.0 HTTP/1.1" 304 -
191.156.46.240 - - [25/Mar/2024:21:00:10 -0500] "GET /sipse/faces/javax.faces.resource/theme.css?ln=primefaces-sipse HTTP/1.1" 304 -
191.156.46.240 - - [25/Mar/2024:21:00:10 -0500] "GET /sipse/faces/javax.faces.resource/jquery/jquery.js?ln=primefaces&v=4.0 HTTP/1.1" 304 -
191.156.46.240 - - [25/Mar/2024:21:00:10 -0500] "GET /sipse/faces/javax.faces.resource/jquery/jquery-plugins.js?ln=primefaces&v=4.0 HTTP/1.1" 304 -
191.156.46.240 - - [25/Mar/2024:21:00:10 -0500] "GET /sipse/faces/javax.faces.resource/primefaces.js?ln=primefaces&v=4.0 HTTP/1.1" 304 -
191.156.46.240 - - [25/Mar/2024:21:00:10 -0500] "GET /sipse/faces/javax.faces.resource/layout/layout.js?ln=primefaces&v=4.0 HTTP/1.1" 304 -
186.28.136.245 - - [25/Mar/2024:21:00:14 -0500] "POST /sipse/faces/presentacion/financiero/solicitudProceso/consultarSolicitudProceso.xhtml HTTP/1.1" 200 37985
186.28.136.245 - - [25/Mar/2024:21:00:15 -0500] "GET /sipse/faces/javax.faces.resource/theme.css?ln=primefaces-sipse HTTP/1.1" 304 -
186.28.136.245 - - [25/Mar/2024:21:00:15 -0500] "GET /sipse/faces/javax.faces.resource/primefaces.css?ln=primefaces&v=4.0 HTTP/1.1" 304 -
186.28.136.245 - - [25/Mar/2024:21:00:15 -0500] "GET /sipse/faces/javax.faces.resource/layout/layout.css?ln=primefaces&v=4.0 HTTP/1.1" 304 -
186.28.136.245 - - [25/Mar/2024:21:00:15 -0500] "GET /sipse/faces/javax.faces.resource/jquery/jquery.js?ln=primefaces&v=4.0 HTTP/1.1" 304 -
186.28.136.245 - - [25/Mar/2024:21:00:15 -0500] "GET /sipse/faces/javax.faces.resource/jquery/jquery-plugins.js?ln=primefaces&v=4.0 HTTP/1.1" 304 -
186.28.136.245 - - [25/Mar/2024:21:00:15 -0500] "GET /sipse/faces/javax.faces.resource/primefaces.js?ln=primefaces&v=4.0 HTTP/1.1" 304 -
186.28.136.245 - - [25/Mar/2024:21:00:15 -0500] "GET /sipse/faces/javax.faces.resource/layout/layout.js?ln=primefaces&v=4.0 HTTP/1.1" 304 -
191.156.42.112 - - [25/Mar/2024:21:00:19 -0500] "GET /sipse/faces/javax.faces.resource/primefaces.css?ln=primefaces&v=4.0 HTTP/1.1" 304 -
191.156.45.7 - - [25/Mar/2024:21:00:19 -0500] "GET /sipse/faces/javax.faces.resource/theme.css?ln=primefaces-sipse HTTP/1.1" 304 -
191.156.41.159 - - [25/Mar/2024:21:00:19 -0500] "GET /sipse/faces/javax.faces.resource/layout/layout.css?ln=primefaces&v=4.0 HTTP/1.1" 304 -
191.156.46.240 - - [25/Mar/2024:21:00:18 -0500] "POST /sipse/faces/presentacion/financiero/solicitudProceso/consultarSolicitudProceso.xhtml HTTP/1.1" 200 48044
191.156.45.123 - - [25/Mar/2024:21:00:19 -0500] "GET /sipse/faces/javax.faces.resource/jquery/jquery.js?ln=primefaces&v=4.0 HTTP/1.1" 304 -
191.156.42.112 - - [25/Mar/2024:21:00:19 -0500] "GET /sipse/faces/javax.faces.resource/jquery/jquery-plugins.js?ln=primefaces&v=4.0 HTTP/1.1" 304 -
191.156.45.7 - - [25/Mar/2024:21:00:19 -0500] "GET /sipse/faces/javax.faces.resource/primefaces.js?ln=primefaces&v=4.0 HTTP/1.1" 304 -
191.156.41.159 - - [25/Mar/2024:21:00:19 -0500] "GET /sipse/faces/javax.faces.resource/layout/layout.js?ln=primefaces&v=4.0 HTTP/1.1" 304 -
216.244.66.195 - - [25/Mar/2024:21:00:20 -0500] "GET /BLA/resoluciones/AUTOS%202023/0471.pdf HTTP/1.1" 200 331928
186.28.136.245 - - [25/Mar/2024:21:00:40 -0500] "POST /sipse/faces/presentacion/financiero/solicitudProceso/consultarHistorialSolProceso.xhtml HTTP/1.1" 200 175859
186.28.136.245 - - [25/Mar/2024:21:00:41 -0500] "GET /sipse/faces/javax.faces.resource/theme.css?ln=primefaces-sipse HTTP/1.1" 304 -
186.28.136.245 - - [25/Mar/2024:21:00:41 -0500] "GET /sipse/faces/javax.faces.resource/primefaces.css?ln=primefaces&v=4.0 HTTP/1.1" 304 -
186.28.136.245 - - [25/Mar/2024:21:00:41 -0500] "GET /sipse/faces/javax.faces.resource/jquery/jquery-plugins.js?ln=primefaces&v=4.0 HTTP/1.1" 304 -
186.28.136.245 - - [25/Mar/2024:21:00:41 -0500] "GET /sipse/faces/javax.faces.resource/layout/layout.css?ln=primefaces&v=4.0 HTTP/1.1" 304 -
186.28.136.245 - - [25/Mar/2024:21:00:41 -0500] "GET /sipse/faces/javax.faces.resource/jquery/jquery.js?ln=primefaces&v=4.0 HTTP/1.1" 304 -
186.28.136.245 - - [25/Mar/2024:21:00:41 -0500] "GET /sipse/faces/javax.faces.resource/primefaces.js?ln=primefaces&v=4.0 HTTP/1.1" 304 -
186.28.136.245 - - [25/Mar/2024:21:00:41 -0500] "GET /sipse/faces/javax.faces.resource/layout/layout.js?ln=primefaces&v=4.0 HTTP/1.1" 304 -
216.244.66.195 - - [25/Mar/2024:21:00:55 -0500] "GET /BLA/resoluciones/AUTOS%202023/0580.pdf HTTP/1.1" 200 407175
172.22.2.4 - - [25/Mar/2024:20:59:21 -0500] "HEAD /BLA/boletinlegal/ HTTP/1.1" 200 -
191.156.42.127 - - [25/Mar/2024:21:01:15 -0500] "GET /sipse/faces/javax.faces.resource/theme.css?ln=primefaces-sipse HTTP/1.1" 304 -
191.156.45.131 - - [25/Mar/2024:21:01:15 -0500] "GET /sipse/faces/javax.faces.resource/primefaces.css?ln=primefaces&v=4.0 HTTP/1.1" 304 -
191.156.46.240 - - [25/Mar/2024:21:01:15 -0500] "GET /sipse/faces/javax.faces.resource/layout/layout.css?ln=primefaces&v=4.0 HTTP/1.1" 304 -
191.156.42.127 - - [25/Mar/2024:21:01:15 -0500] "GET /sipse/faces/javax.faces.resource/jquery/jquery-plugins.js?ln=primefaces&v=4.0 HTTP/1.1" 304 -
191.156.45.123 - - [25/Mar/2024:21:01:15 -0500] "GET /sipse/faces/javax.faces.resource/jquery/jquery.js?ln=primefaces&v=4.0 HTTP/1.1" 304 -
191.156.40.230 - - [25/Mar/2024:21:01:15 -0500] "GET /sipse/faces/javax.faces.resource/primefaces.js?ln=primefaces&v=4.0 HTTP/1.1" 304 -
191.156.45.131 - - [25/Mar/2024:21:01:15 -0500] "GET /sipse/faces/javax.faces.resource/layout/layout.js?ln=primefaces&v=4.0 HTTP/1.1" 304 -
191.156.45.7 - - [25/Mar/2024:21:01:14 -0500] "POST /sipse/faces/presentacion/financiero/solicitudProceso/consultarHistorialSolProceso.xhtml HTTP/1.1" 200 210415
66.249.66.20 - - [25/Mar/2024:21:01:18 -0500] "GET /BLA/resoluciones/Notificaciones/AUTOS%202023/6049.pdf HTTP/1.1" 304 -
216.244.66.195 - - [25/Mar/2024:21:01:23 -0500] "GET /BLA/resoluciones/AUTOS%202023/0784.pdf HTTP/1.1" 200 395101
186.28.136.245 - - [25/Mar/2024:21:01:39 -0500] "POST /sipse/faces/presentacion/financiero/solicitudProceso/consultarSolicitudProceso.xhtml HTTP/1.1" 200 43875
186.28.136.245 - - [25/Mar/2024:21:01:39 -0500] "GET /sipse/faces/javax.faces.resource/theme.css?ln=primefaces-sipse HTTP/1.1" 304 -
186.28.136.245 - - [25/Mar/2024:21:01:39 -0500] "GET /sipse/faces/javax.faces.resource/layout/layout.css?ln=primefaces&v=4.0 HTTP/1.1" 304 -
186.28.136.245 - - [25/Mar/2024:21:01:39 -0500] "GET /sipse/faces/javax.faces.resource/primefaces.css?ln=primefaces&v=4.0 HTTP/1.1" 304 -
186.28.136.245 - - [25/Mar/2024:21:01:39 -0500] "GET /sipse/faces/javax.faces.resource/jquery/jquery.js?ln=primefaces&v=4.0 HTTP/1.1" 304 -
186.28.136.245 - - [25/Mar/2024:21:01:39 -0500] "GET /sipse/faces/javax.faces.resource/jquery/jquery-plugins.js?ln=primefaces&v=4.0 HTTP/1.1" 304 -
186.28.136.245 - - [25/Mar/2024:21:01:39 -0500] "GET /sipse/faces/javax.faces.resource/primefaces.js?ln=primefaces&v=4.0 HTTP/1.1" 304 -
186.28.136.245 - - [25/Mar/2024:21:01:39 -0500] "GET /sipse/faces/javax.faces.resource/layout/layout.js?ln=primefaces&v=4.0 HTTP/1.1" 304 -
186.28.136.245 - - [25/Mar/2024:21:01:42 -0500] "POST /sipse/faces/presentacion/financiero/solicitudProceso/consultar.xhtml HTTP/1.1" 200 12854
191.156.42.127 - - [25/Mar/2024:21:01:42 -0500] "GET /sipse/faces/javax.faces.resource/theme.css?ln=primefaces-sipse HTTP/1.1" 304 -
191.156.42.112 - - [25/Mar/2024:21:01:42 -0500] "GET /sipse/faces/javax.faces.resource/primefaces.css?ln=primefaces&v=4.0 HTTP/1.1" 304 -
191.156.38.89 - - [25/Mar/2024:21:01:42 -0500] "GET /sipse/faces/javax.faces.resource/primefaces.js?ln=primefaces&v=4.0 HTTP/1.1" 304 -
191.156.40.230 - - [25/Mar/2024:21:01:42 -0500] "GET /sipse/faces/javax.faces.resource/jquery/jquery-plugins.js?ln=primefaces&v=4.0 HTTP/1.1" 304 -
191.156.45.131 - - [25/Mar/2024:21:01:42 -0500] "GET /sipse/faces/javax.faces.resource/layout/layout.css?ln=primefaces&v=4.0 HTTP/1.1" 304 -
191.156.42.127 - - [25/Mar/2024:21:01:42 -0500] "GET /sipse/faces/javax.faces.resource/jquery/jquery.js?ln=primefaces&v=4.0 HTTP/1.1" 304 -
191.156.42.112 - - [25/Mar/2024:21:01:43 -0500] "GET /sipse/faces/javax.faces.resource/layout/layout.js?ln=primefaces&v=4.0 HTTP/1.1" 304 -
191.156.38.89 - - [25/Mar/2024:21:01:41 -0500] "POST /sipse/faces/presentacion/financiero/solicitudProceso/consultarSolicitudProceso.xhtml HTTP/1.1" 200 211247
181.53.13.250 - - [25/Mar/2024:21:01:47 -0500] "GET /BLA/resoluciones/index.php?dir=RESOLUCIONES+2020%2F HTTP/1.1" 200 170605
216.244.66.195 - - [25/Mar/2024:21:01:51 -0500] "GET /BLA/resoluciones/AUTOS%202023/0967.pdf HTTP/1.1" 200 526876
181.53.13.250 - - [25/Mar/2024:21:01:51 -0500] "GET /BLA/resoluciones/RESOLUCIONES%202020/1432.pdf HTTP/1.1" 200 539480
181.53.13.250 - - [25/Mar/2024:21:01:52 -0500] "GET /BLA/resoluciones/RESOLUCIONES%202020/1432.pdf HTTP/1.1" 206 1025
181.53.13.250 - - [25/Mar/2024:21:01:52 -0500] "GET /BLA/resoluciones/RESOLUCIONES%202020/1432.pdf HTTP/1.1" 200 539480
172.22.2.4 - - [25/Mar/2024:21:00:12 -0500] "GET /BLA/boletinlegal/ HTTP/1.1" 200 59583
186.28.136.245 - - [25/Mar/2024:21:01:59 -0500] "POST /sipse/faces/presentacion/financiero/solicitudProceso/consultar.xhtml HTTP/1.1" 200 12956
191.156.38.89 - - [25/Mar/2024:21:01:58 -0500] "POST /sipse/faces/presentacion/financiero/solicitudProceso/consultarSolicitudProceso.xhtml HTTP/1.1" 200 36278
191.156.38.89 - - [25/Mar/2024:21:02:01 -0500] "GET /sipse/faces/javax.faces.resource/theme.css?ln=primefaces-sipse HTTP/1.1" 304 -
191.156.42.112 - - [25/Mar/2024:21:02:01 -0500] "GET /sipse/faces/javax.faces.resource/primefaces.css?ln=primefaces&v=4.0 HTTP/1.1" 304 -
191.156.38.89 - - [25/Mar/2024:21:02:01 -0500] "GET /sipse/faces/javax.faces.resource/jquery/jquery.js?ln=primefaces&v=4.0 HTTP/1.1" 304 -
191.156.42.112 - - [25/Mar/2024:21:02:01 -0500] "GET /sipse/faces/javax.faces.resource/layout/layout.css?ln=primefaces&v=4.0 HTTP/1.1" 304 -
191.156.42.112 - - [25/Mar/2024:21:02:01 -0500] "GET /sipse/faces/javax.faces.resource/jquery/jquery-plugins.js?ln=primefaces&v=4.0 HTTP/1.1" 304 -
191.156.42.112 - - [25/Mar/2024:21:02:02 -0500] "GET /sipse/faces/javax.faces.resource/primefaces.js?ln=primefaces&v=4.0 HTTP/1.1" 304 -
191.156.42.112 - - [25/Mar/2024:21:02:02 -0500] "GET /sipse/faces/javax.faces.resource/layout/layout.js?ln=primefaces&v=4.0 HTTP/1.1" 304 -
191.156.42.112 - - [25/Mar/2024:21:02:02 -0500] "POST /sipse/faces/presentacion/financiero/solicitudProceso/listarSolicitudProceso.xhtml HTTP/1.1" 200 1400
191.156.42.112 - - [25/Mar/2024:21:02:06 -0500] "POST /sipse/faces/presentacion/financiero/solicitudProceso/listarSolicitudProceso.xhtml HTTP/1.1" 200 126515
191.156.42.112 - - [25/Mar/2024:21:02:07 -0500] "GET /sipse/faces/javax.faces.resource/theme.css?ln=primefaces-sipse HTTP/1.1" 304 -
191.156.42.112 - - [25/Mar/2024:21:02:07 -0500] "GET /sipse/faces/javax.faces.resource/layout/layout.css?ln=primefaces&v=4.0 HTTP/1.1" 304 -
191.156.38.89 - - [25/Mar/2024:21:02:07 -0500] "GET /sipse/faces/javax.faces.resource/primefaces.css?ln=primefaces&v=4.0 HTTP/1.1" 304 -
191.156.42.112 - - [25/Mar/2024:21:02:07 -0500] "GET /sipse/faces/javax.faces.resource/jquery/jquery.js?ln=primefaces&v=4.0 HTTP/1.1" 304 -
191.156.42.112 - - [25/Mar/2024:21:02:07 -0500] "GET /sipse/faces/javax.faces.resource/jquery/jquery-plugins.js?ln=primefaces&v=4.0 HTTP/1.1" 304 -
191.156.42.112 - - [25/Mar/2024:21:02:07 -0500] "GET /sipse/faces/javax.faces.resource/primefaces.js?ln=primefaces&v=4.0 HTTP/1.1" 304 -
191.156.42.112 - - [25/Mar/2024:21:02:07 -0500] "GET /sipse/faces/javax.faces.resource/layout/layout.js?ln=primefaces&v=4.0 HTTP/1.1" 304 -
191.156.42.112 - - [25/Mar/2024:21:02:13 -0500] "GET /sipse/faces/javax.faces.resource/theme.css?ln=primefaces-sipse HTTP/1.1" 304 -
191.156.38.89 - - [25/Mar/2024:21:02:13 -0500] "GET /sipse/faces/javax.faces.resource/primefaces.css?ln=primefaces&v=4.0 HTTP/1.1" 304 -
191.156.40.186 - - [25/Mar/2024:21:02:13 -0500] "GET /sipse/faces/javax.faces.resource/layout/layout.css?ln=primefaces&v=4.0 HTTP/1.1" 304 -
191.156.45.123 - - [25/Mar/2024:21:02:13 -0500] "GET /sipse/faces/javax.faces.resource/jquery/jquery.js?ln=primefaces&v=4.0 HTTP/1.1" 304 -
191.156.38.89 - - [25/Mar/2024:21:02:13 -0500] "GET /sipse/faces/javax.faces.resource/jquery/jquery-plugins.js?ln=primefaces&v=4.0 HTTP/1.1" 304 -
191.156.42.112 - - [25/Mar/2024:21:02:13 -0500] "GET /sipse/faces/javax.faces.resource/primefaces.js?ln=primefaces&v=4.0 HTTP/1.1" 304 -
191.156.42.112 - - [25/Mar/2024:21:02:13 -0500] "GET /sipse/faces/javax.faces.resource/layout/layout.js?ln=primefaces&v=4.0 HTTP/1.1" 304 -
191.156.42.112 - - [25/Mar/2024:21:02:12 -0500] "POST /sipse/faces/presentacion/financiero/solicitudProceso/consultarSolicitudProceso.xhtml HTTP/1.1" 200 173204
186.28.136.245 - - [25/Mar/2024:21:02:16 -0500] "POST /sipse/faces/presentacion/financiero/solicitudProceso/consultar.xhtml HTTP/1.1" 200 37326
186.28.136.245 - - [25/Mar/2024:21:02:16 -0500] "POST /sipse/faces/presentacion/financiero/solicitudProceso/consultar.xhtml HTTP/1.1" 200 37326
216.244.66.195 - - [25/Mar/2024:21:02:17 -0500] "GET /BLA/resoluciones/AUTOS%202023/1429.pdf HTTP/1.1" 200 480323
186.28.136.245 - - [25/Mar/2024:21:02:20 -0500] "POST /sipse/faces/presentacion/financiero/solicitudProceso/consultar.xhtml HTTP/1.1" 200 12833
186.28.136.245 - - [25/Mar/2024:21:02:38 -0500] "POST /sipse/faces/presentacion/financiero/solicitudProceso/consultar.xhtml HTTP/1.1" 200 12830
191.156.46.240 - - [25/Mar/2024:21:02:38 -0500] "POST /sipse/faces/presentacion/financiero/solicitudProceso/consultarSolicitudProceso.xhtml HTTP/1.1" 200 23936
191.156.46.240 - - [25/Mar/2024:21:02:39 -0500] "GET /sipse/faces/javax.faces.resource/theme.css?ln=primefaces-sipse HTTP/1.1" 304 -
191.156.46.240 - - [25/Mar/2024:21:02:39 -0500] "GET /sipse/faces/javax.faces.resource/jquery/jquery.js?ln=primefaces&v=4.0 HTTP/1.1" 304 -
191.156.40.186 - - [25/Mar/2024:21:02:39 -0500] "GET /sipse/faces/javax.faces.resource/primefaces.css?ln=primefaces&v=4.0 HTTP/1.1" 304 -
191.156.40.186 - - [25/Mar/2024:21:02:39 -0500] "GET /sipse/faces/javax.faces.resource/jquery/jquery-plugins.js?ln=primefaces&v=4.0 HTTP/1.1" 304 -
191.156.40.186 - - [25/Mar/2024:21:02:39 -0500] "GET /sipse/css/imagen/contrasena.png HTTP/1.1" 404 383
191.156.40.186 - - [25/Mar/2024:21:02:39 -0500] "GET /sipse/faces/javax.faces.resource/primefaces.js?ln=primefaces&v=4.0 HTTP/1.1" 304 -
191.156.46.240 - - [25/Mar/2024:21:02:39 -0500] "GET /sipse/faces/javax.faces.resource/layout/layout.css?ln=primefaces&v=4.0 HTTP/1.1" 304 -
191.156.40.186 - - [25/Mar/2024:21:02:39 -0500] "GET /sipse/faces/javax.faces.resource/layout/layout.js?ln=primefaces&v=4.0 HTTP/1.1" 304 -
191.156.40.186 - - [25/Mar/2024:21:02:40 -0500] "GET /sipse/faces/javax.faces.resource/images/ui-icons_898989_256x240.png?ln=primefaces-aristo HTTP/1.1" 304 -
52.167.144.185 - - [25/Mar/2024:21:02:40 -0500] "GET /BLA/resoluciones/RESOLUCIONES%202022/3849.pdf HTTP/1.1" 200 460601
191.156.45.123 - - [25/Mar/2024:21:03:02 -0500] "GET /sipse/faces/javax.faces.resource/images/ui-bg_flat_0_2d5972_40x100.png?ln=primefaces-aristo HTTP/1.1" 304 -
191.156.40.186 - - [25/Mar/2024:21:03:02 -0500] "POST /sipse/faces/presentacion/financiero/viabilidad/expedirViabilidad.xhtml HTTP/1.1" 200 128177
191.156.45.123 - - [25/Mar/2024:21:03:03 -0500] "GET /sipse/faces/javax.faces.resource/primefaces.css?ln=primefaces&v=4.0 HTTP/1.1" 304 -
191.156.40.186 - - [25/Mar/2024:21:03:03 -0500] "GET /sipse/faces/javax.faces.resource/theme.css?ln=primefaces-sipse HTTP/1.1" 304 -
191.156.42.127 - - [25/Mar/2024:21:03:03 -0500] "GET /sipse/faces/javax.faces.resource/layout/layout.css?ln=primefaces&v=4.0 HTTP/1.1" 304 -
191.156.40.186 - - [25/Mar/2024:21:03:03 -0500] "GET /sipse/faces/javax.faces.resource/jquery/jquery.js?ln=primefaces&v=4.0 HTTP/1.1" 304 -
191.156.40.186 - - [25/Mar/2024:21:03:03 -0500] "GET /sipse/faces/javax.faces.resource/jquery/jquery-plugins.js?ln=primefaces&v=4.0 HTTP/1.1" 304 -
191.156.40.186 - - [25/Mar/2024:21:03:03 -0500] "GET /sipse/faces/javax.faces.resource/primefaces.js?ln=primefaces&v=4.0 HTTP/1.1" 304 -
191.156.40.186 - - [25/Mar/2024:21:03:03 -0500] "GET /sipse/faces/javax.faces.resource/layout/layout.js?ln=primefaces&v=4.0 HTTP/1.1" 304 -
52.167.144.185 - - [25/Mar/2024:21:03:10 -0500] "GET /BLA/resoluciones/RESOLUCIONES%202011/1726.pdf HTTP/1.1" 200 144667
191.156.40.186 - - [25/Mar/2024:21:03:14 -0500] "POST /sipse/faces/presentacion/financiero/solicitudProceso/consultarSolicitudProceso.xhtml HTTP/1.1" 200 32938
191.156.40.186 - - [25/Mar/2024:21:03:17 -0500] "GET /sipse/faces/javax.faces.resource/theme.css?ln=primefaces-sipse HTTP/1.1" 304 -
191.156.45.123 - - [25/Mar/2024:21:03:17 -0500] "GET /sipse/faces/javax.faces.resource/layout/layout.css?ln=primefaces&v=4.0 HTTP/1.1" 304 -
191.156.42.127 - - [25/Mar/2024:21:03:17 -0500] "GET /sipse/faces/javax.faces.resource/primefaces.css?ln=primefaces&v=4.0 HTTP/1.1" 304 -
191.156.45.123 - - [25/Mar/2024:21:03:17 -0500] "GET /sipse/faces/javax.faces.resource/jquery/jquery.js?ln=primefaces&v=4.0 HTTP/1.1" 304 -
191.156.45.123 - - [25/Mar/2024:21:03:17 -0500] "GET /sipse/faces/javax.faces.resource/jquery/jquery-plugins.js?ln=primefaces&v=4.0 HTTP/1.1" 304 -
191.156.45.123 - - [25/Mar/2024:21:03:17 -0500] "GET /sipse/faces/javax.faces.resource/primefaces.js?ln=primefaces&v=4.0 HTTP/1.1" 304 -
191.156.45.123 - - [25/Mar/2024:21:03:17 -0500] "GET /sipse/faces/javax.faces.resource/layout/layout.js?ln=primefaces&v=4.0 HTTP/1.1" 304 -
191.156.45.123 - - [25/Mar/2024:21:03:17 -0500] "GET /sipse/faces/javax.faces.resource/messages/messages.png?ln=primefaces&v=4.0 HTTP/1.1" 304 -
172.22.2.4 - - [25/Mar/2024:21:03:17 -0500] "GET /BLA/boletinlegal/normativa.php HTTP/1.1" 200 8397
191.156.45.123 - - [25/Mar/2024:21:03:18 -0500] "POST /sipse/faces/presentacion/financiero/solicitudProceso/listarSolicitudProceso.xhtml HTTP/1.1" 200 1376
186.28.136.245 - - [25/Mar/2024:21:03:26 -0500] "POST /sipse/faces/presentacion/financiero/solicitudProceso/consultar.xhtml HTTP/1.1" 200 12824
186.28.136.245 - - [25/Mar/2024:21:03:38 -0500] "POST /sipse/faces/presentacion/financiero/solicitudProceso/consultar.xhtml HTTP/1.1" 200 138045
186.28.136.245 - - [25/Mar/2024:21:03:39 -0500] "GET /sipse/faces/javax.faces.resource/theme.css?ln=primefaces-sipse HTTP/1.1" 304 -
186.28.136.245 - - [25/Mar/2024:21:03:39 -0500] "GET /sipse/faces/javax.faces.resource/primefaces.css?ln=primefaces&v=4.0 HTTP/1.1" 304 -
186.28.136.245 - - [25/Mar/2024:21:03:39 -0500] "GET /sipse/faces/javax.faces.resource/layout/layout.css?ln=primefaces&v=4.0 HTTP/1.1" 304 -
186.28.136.245 - - [25/Mar/2024:21:03:39 -0500] "GET /sipse/faces/javax.faces.resource/jquery/jquery.js?ln=primefaces&v=4.0 HTTP/1.1" 304 -
186.28.136.245 - - [25/Mar/2024:21:03:39 -0500] "GET /sipse/faces/javax.faces.resource/jquery/jquery-plugins.js?ln=primefaces&v=4.0 HTTP/1.1" 304 -
186.28.136.245 - - [25/Mar/2024:21:03:39 -0500] "GET /sipse/faces/javax.faces.resource/primefaces.js?ln=primefaces&v=4.0 HTTP/1.1" 304 -
186.28.136.245 - - [25/Mar/2024:21:03:39 -0500] "GET /sipse/faces/javax.faces.resource/layout/layout.js?ln=primefaces&v=4.0 HTTP/1.1" 304 -
186.28.136.245 - - [25/Mar/2024:21:03:43 -0500] "POST /sipse/faces/presentacion/financiero/solicitudProceso/consultarSolicitudProceso.xhtml HTTP/1.1" 200 48166
186.28.136.245 - - [25/Mar/2024:21:03:44 -0500] "GET /sipse/faces/javax.faces.resource/layout/layout.css?ln=primefaces&v=4.0 HTTP/1.1" 304 -
186.28.136.245 - - [25/Mar/2024:21:03:44 -0500] "GET /sipse/faces/javax.faces.resource/primefaces.css?ln=primefaces&v=4.0 HTTP/1.1" 304 -
186.28.136.245 - - [25/Mar/2024:21:03:44 -0500] "GET /sipse/faces/javax.faces.resource/theme.css?ln=primefaces-sipse HTTP/1.1" 304 -
186.28.136.245 - - [25/Mar/2024:21:03:44 -0500] "GET /sipse/faces/javax.faces.resource/layout/layout.js?ln=primefaces&v=4.0 HTTP/1.1" 304 -
186.28.136.245 - - [25/Mar/2024:21:03:44 -0500] "GET /sipse/faces/javax.faces.resource/jquery/jquery.js?ln=primefaces&v=4.0 HTTP/1.1" 304 -
186.28.136.245 - - [25/Mar/2024:21:03:44 -0500] "GET /sipse/faces/javax.faces.resource/jquery/jquery-plugins.js?ln=primefaces&v=4.0 HTTP/1.1" 304 -
186.28.136.245 - - [25/Mar/2024:21:03:44 -0500] "GET /sipse/faces/javax.faces.resource/primefaces.js?ln=primefaces&v=4.0 HTTP/1.1" 304 -
201.245.192.253 - - [25/Mar/2024:21:04:13 -0500] "POST /kwsrmcab/Wsrmcab  HTTP/1.1" 200 39660
186.28.136.245 - - [25/Mar/2024:21:04:36 -0500] "POST /sipse/faces/presentacion/financiero/solicitudProceso/consultarHistorialSolProceso.xhtml HTTP/1.1" 200 184175
186.28.136.245 - - [25/Mar/2024:21:04:37 -0500] "GET /sipse/faces/javax.faces.resource/theme.css?ln=primefaces-sipse HTTP/1.1" 304 -
186.28.136.245 - - [25/Mar/2024:21:04:37 -0500] "GET /sipse/faces/javax.faces.resource/layout/layout.css?ln=primefaces&v=4.0 HTTP/1.1" 304 -
186.28.136.245 - - [25/Mar/2024:21:04:37 -0500] "GET /sipse/faces/javax.faces.resource/jquery/jquery.js?ln=primefaces&v=4.0 HTTP/1.1" 304 -
186.28.136.245 - - [25/Mar/2024:21:04:37 -0500] "GET /sipse/faces/javax.faces.resource/primefaces.css?ln=primefaces&v=4.0 HTTP/1.1" 304 -
186.28.136.245 - - [25/Mar/2024:21:04:37 -0500] "GET /sipse/faces/javax.faces.resource/primefaces.js?ln=primefaces&v=4.0 HTTP/1.1" 304 -
186.28.136.245 - - [25/Mar/2024:21:04:37 -0500] "GET /sipse/faces/javax.faces.resource/jquery/jquery-plugins.js?ln=primefaces&v=4.0 HTTP/1.1" 304 -
186.28.136.245 - - [25/Mar/2024:21:04:37 -0500] "GET /sipse/faces/javax.faces.resource/layout/layout.js?ln=primefaces&v=4.0 HTTP/1.1" 304 -
186.28.136.245 - - [25/Mar/2024:21:04:41 -0500] "POST /sipse/faces/presentacion/financiero/solicitudProceso/consultarSolicitudProceso.xhtml HTTP/1.1" 200 43805
186.28.136.245 - - [25/Mar/2024:21:04:41 -0500] "GET /sipse/faces/javax.faces.resource/theme.css?ln=primefaces-sipse HTTP/1.1" 304 -
186.28.136.245 - - [25/Mar/2024:21:04:41 -0500] "GET /sipse/faces/javax.faces.resource/primefaces.css?ln=primefaces&v=4.0 HTTP/1.1" 304 -
186.28.136.245 - - [25/Mar/2024:21:04:41 -0500] "GET /sipse/faces/javax.faces.resource/layout/layout.css?ln=primefaces&v=4.0 HTTP/1.1" 304 -
186.28.136.245 - - [25/Mar/2024:21:04:41 -0500] "GET /sipse/faces/javax.faces.resource/jquery/jquery.js?ln=primefaces&v=4.0 HTTP/1.1" 304 -
186.28.136.245 - - [25/Mar/2024:21:04:41 -0500] "GET /sipse/faces/javax.faces.resource/jquery/jquery-plugins.js?ln=primefaces&v=4.0 HTTP/1.1" 304 -
186.28.136.245 - - [25/Mar/2024:21:04:41 -0500] "GET /sipse/faces/javax.faces.resource/primefaces.js?ln=primefaces&v=4.0 HTTP/1.1" 304 -
186.28.136.245 - - [25/Mar/2024:21:04:41 -0500] "GET /sipse/faces/javax.faces.resource/layout/layout.js?ln=primefaces&v=4.0 HTTP/1.1" 304 -
186.28.136.245 - - [25/Mar/2024:21:04:44 -0500] "POST /sipse/faces/presentacion/financiero/solicitudProceso/consultar.xhtml HTTP/1.1" 200 12743
216.245.221.92 - - [25/Mar/2024:21:04:45 -0500] "HEAD / HTTP/1.1" 200 -
172.22.2.4 - - [25/Mar/2024:21:03:55 -0500] "GET /BLA/boletinlegal/ HTTP/1.1" 200 40907
186.28.136.245 - - [25/Mar/2024:21:05:06 -0500] "POST /sipse/faces/presentacion/financiero/solicitudProceso/consultar.xhtml HTTP/1.1" 200 12723
186.28.136.245 - - [25/Mar/2024:21:05:25 -0500] "POST /sipse/faces/presentacion/financiero/solicitudProceso/consultar.xhtml HTTP/1.1" 200 12835
186.28.136.245 - - [25/Mar/2024:21:05:28 -0500] "POST /sipse/faces/presentacion/financiero/solicitudProceso/consultar.xhtml HTTP/1.1" 200 136266
186.28.136.245 - - [25/Mar/2024:21:05:29 -0500] "GET /sipse/faces/javax.faces.resource/theme.css?ln=primefaces-sipse HTTP/1.1" 304 -
186.28.136.245 - - [25/Mar/2024:21:05:29 -0500] "GET /sipse/faces/javax.faces.resource/primefaces.css?ln=primefaces&v=4.0 HTTP/1.1" 304 -
186.28.136.245 - - [25/Mar/2024:21:05:29 -0500] "GET /sipse/faces/javax.faces.resource/layout/layout.css?ln=primefaces&v=4.0 HTTP/1.1" 304 -
186.28.136.245 - - [25/Mar/2024:21:05:29 -0500] "GET /sipse/faces/javax.faces.resource/jquery/jquery.js?ln=primefaces&v=4.0 HTTP/1.1" 304 -
186.28.136.245 - - [25/Mar/2024:21:05:29 -0500] "GET /sipse/faces/javax.faces.resource/jquery/jquery-plugins.js?ln=primefaces&v=4.0 HTTP/1.1" 304 -
186.28.136.245 - - [25/Mar/2024:21:05:29 -0500] "GET /sipse/faces/javax.faces.resource/primefaces.js?ln=primefaces&v=4.0 HTTP/1.1" 304 -
186.28.136.245 - - [25/Mar/2024:21:05:29 -0500] "GET /sipse/faces/javax.faces.resource/layout/layout.js?ln=primefaces&v=4.0 HTTP/1.1" 304 -
186.28.136.245 - - [25/Mar/2024:21:05:34 -0500] "POST /sipse/faces/presentacion/financiero/solicitudProceso/consultarSolicitudProceso.xhtml HTTP/1.1" 200 40362
186.28.136.245 - - [25/Mar/2024:21:05:35 -0500] "GET /sipse/faces/javax.faces.resource/theme.css?ln=primefaces-sipse HTTP/1.1" 304 -
186.28.136.245 - - [25/Mar/2024:21:05:35 -0500] "GET /sipse/faces/javax.faces.resource/layout/layout.css?ln=primefaces&v=4.0 HTTP/1.1" 304 -
186.28.136.245 - - [25/Mar/2024:21:05:35 -0500] "GET /sipse/faces/javax.faces.resource/primefaces.css?ln=primefaces&v=4.0 HTTP/1.1" 304 -
186.28.136.245 - - [25/Mar/2024:21:05:35 -0500] "GET /sipse/faces/javax.faces.resource/primefaces.js?ln=primefaces&v=4.0 HTTP/1.1" 304 -
186.28.136.245 - - [25/Mar/2024:21:05:35 -0500] "GET /sipse/faces/javax.faces.resource/jquery/jquery-plugins.js?ln=primefaces&v=4.0 HTTP/1.1" 304 -
186.28.136.245 - - [25/Mar/2024:21:05:35 -0500] "GET /sipse/faces/javax.faces.resource/jquery/jquery.js?ln=primefaces&v=4.0 HTTP/1.1" 304 -
186.28.136.245 - - [25/Mar/2024:21:05:35 -0500] "GET /sipse/faces/javax.faces.resource/layout/layout.js?ln=primefaces&v=4.0 HTTP/1.1" 304 -
186.28.136.245 - - [25/Mar/2024:21:05:40 -0500] "POST /sipse/faces/presentacion/financiero/solicitudProceso/consultarHistorialSolProceso.xhtml HTTP/1.1" 200 182396
186.28.136.245 - - [25/Mar/2024:21:05:41 -0500] "GET /sipse/faces/javax.faces.resource/theme.css?ln=primefaces-sipse HTTP/1.1" 304 -
186.28.136.245 - - [25/Mar/2024:21:05:41 -0500] "GET /sipse/faces/javax.faces.resource/jquery/jquery-plugins.js?ln=primefaces&v=4.0 HTTP/1.1" 304 -
186.28.136.245 - - [25/Mar/2024:21:05:41 -0500] "GET /sipse/faces/javax.faces.resource/primefaces.css?ln=primefaces&v=4.0 HTTP/1.1" 304 -
186.28.136.245 - - [25/Mar/2024:21:05:41 -0500] "GET /sipse/faces/javax.faces.resource/layout/layout.css?ln=primefaces&v=4.0 HTTP/1.1" 304 -
186.28.136.245 - - [25/Mar/2024:21:05:41 -0500] "GET /sipse/faces/javax.faces.resource/jquery/jquery.js?ln=primefaces&v=4.0 HTTP/1.1" 304 -
186.28.136.245 - - [25/Mar/2024:21:05:41 -0500] "GET /sipse/faces/javax.faces.resource/primefaces.js?ln=primefaces&v=4.0 HTTP/1.1" 304 -
186.28.136.245 - - [25/Mar/2024:21:05:41 -0500] "GET /sipse/faces/javax.faces.resource/layout/layout.js?ln=primefaces&v=4.0 HTTP/1.1" 304 -
186.28.136.245 - - [25/Mar/2024:21:05:41 -0500] "POST /sipse/faces/presentacion/financiero/solicitudProceso/consultarSolicitudProceso.xhtml HTTP/1.1" 200 43816
186.28.136.245 - - [25/Mar/2024:21:05:42 -0500] "GET /sipse/faces/javax.faces.resource/jquery/jquery.js?ln=primefaces&v=4.0 HTTP/1.1" 304 -
186.28.136.245 - - [25/Mar/2024:21:05:42 -0500] "GET /sipse/faces/javax.faces.resource/jquery/jquery-plugins.js?ln=primefaces&v=4.0 HTTP/1.1" 304 -
186.28.136.245 - - [25/Mar/2024:21:05:42 -0500] "GET /sipse/faces/javax.faces.resource/primefaces.js?ln=primefaces&v=4.0 HTTP/1.1" 304 -
186.28.136.245 - - [25/Mar/2024:21:05:42 -0500] "GET /sipse/faces/javax.faces.resource/layout/layout.js?ln=primefaces&v=4.0 HTTP/1.1" 304 -
172.22.2.4 - - [25/Mar/2024:21:06:10 -0500] "GET /BLA/boletinlegal/Circulares/2010/Circular%2005%20de%208%20de%20septiembre%20de%202010.pdf HTTP/1.1" 304 -
186.28.136.245 - - [25/Mar/2024:21:06:49 -0500] "POST /sipse/faces/presentacion/financiero/solicitudProceso/consultar.xhtml HTTP/1.1" 200 12898
172.22.2.4 - - [25/Mar/2024:21:05:12 -0500] "HEAD /BLA/boletinlegal/ HTTP/1.1" 200 -
172.22.2.4 - - [25/Mar/2024:21:06:52 -0500] "GET /BLA/boletinlegal/Circulares/2024/CIRCULAR%20No.%2000002%20DEL%2031%20DE%20ENERO%20DEL%202024.pdf HTTP/1.1" 200 382171
172.22.2.4 - - [25/Mar/2024:21:06:03 -0500] "GET /BLA/boletinlegal/ HTTP/1.1" 200 58273
216.244.66.195 - - [25/Mar/2024:21:08:13 -0500] "GET /robots.txt HTTP/1.1" 404 1018
186.28.136.245 - - [25/Mar/2024:21:08:31 -0500] "POST /sipse/faces/presentacion/financiero/solicitudProceso/consultar.xhtml HTTP/1.1" 200 12914
191.111.47.8 - - [25/Mar/2024:21:08:42 -0500] "POST /sipse/faces/presentacion/financiero/solicitudProceso/consultarSolicitudProceso.xhtml HTTP/1.1" 200 40840
191.111.47.8 - - [25/Mar/2024:21:08:43 -0500] "GET /sipse/faces/javax.faces.resource/jquery/jquery.js?ln=primefaces&v=4.0 HTTP/1.1" 304 -
191.111.47.8 - - [25/Mar/2024:21:08:43 -0500] "GET /sipse/faces/javax.faces.resource/jquery/jquery-plugins.js?ln=primefaces&v=4.0 HTTP/1.1" 304 -
191.111.47.8 - - [25/Mar/2024:21:08:43 -0500] "GET /sipse/faces/javax.faces.resource/primefaces.js?ln=primefaces&v=4.0 HTTP/1.1" 304 -
191.111.47.8 - - [25/Mar/2024:21:08:43 -0500] "GET /sipse/faces/javax.faces.resource/layout/layout.js?ln=primefaces&v=4.0 HTTP/1.1" 304 -
191.111.47.8 - - [25/Mar/2024:21:08:43 -0500] "POST /sipse/faces/presentacion/financiero/solicitudProceso/consultar.xhtml HTTP/1.1" 200 34258
191.111.47.8 - - [25/Mar/2024:21:08:43 -0500] "POST /sipse/faces/presentacion/financiero/solicitudProceso/consultar.xhtml HTTP/1.1" 200 34258
191.111.47.8 - - [25/Mar/2024:21:08:44 -0500] "POST /sipse/faces/presentacion/financiero/solicitudProceso/consultar.xhtml HTTP/1.1" 200 34258
191.111.47.8 - - [25/Mar/2024:21:08:44 -0500] "POST /sipse/faces/presentacion/financiero/solicitudProceso/consultar.xhtml HTTP/1.1" 200 34258
191.111.47.8 - - [25/Mar/2024:21:08:44 -0500] "POST /sipse/faces/presentacion/financiero/solicitudProceso/consultar.xhtml HTTP/1.1" 200 34258
191.111.47.8 - - [25/Mar/2024:21:08:44 -0500] "POST /sipse/faces/presentacion/financiero/solicitudProceso/consultar.xhtml HTTP/1.1" 200 34258
191.111.47.8 - - [25/Mar/2024:21:08:44 -0500] "POST /sipse/faces/presentacion/financiero/solicitudProceso/consultar.xhtml HTTP/1.1" 200 34258
191.111.47.8 - - [25/Mar/2024:21:08:45 -0500] "POST /sipse/faces/presentacion/financiero/solicitudProceso/consultar.xhtml HTTP/1.1" 200 34258
191.111.47.8 - - [25/Mar/2024:21:08:45 -0500] "POST /sipse/faces/presentacion/financiero/solicitudProceso/consultar.xhtml HTTP/1.1" 200 34258
191.111.47.8 - - [25/Mar/2024:21:08:45 -0500] "POST /sipse/faces/presentacion/financiero/solicitudProceso/consultar.xhtml HTTP/1.1" 200 34258
191.111.47.8 - - [25/Mar/2024:21:08:45 -0500] "POST /sipse/faces/presentacion/financiero/solicitudProceso/consultar.xhtml HTTP/1.1" 200 34258
191.111.47.8 - - [25/Mar/2024:21:08:45 -0500] "POST /sipse/faces/presentacion/financiero/solicitudProceso/consultar.xhtml HTTP/1.1" 200 34258
181.53.13.250 - - [25/Mar/2024:21:08:47 -0500] "GET /BLA/resoluciones/index.php?dir=RESOLUCIONES+2022%2F HTTP/1.1" 200 326264
181.53.13.250 - - [25/Mar/2024:21:08:50 -0500] "GET /BLA/resoluciones/index.php?dir=RESOLUCIONES+2021%2F HTTP/1.1" 200 445796
186.28.136.245 - - [25/Mar/2024:21:08:54 -0500] "POST /sipse/faces/presentacion/financiero/solicitudProceso/consultar.xhtml HTTP/1.1" 200 12847
181.53.13.250 - - [25/Mar/2024:21:08:57 -0500] "GET /BLA/resoluciones/RESOLUCIONES%202021/1181.pdf HTTP/1.1" 200 1479523
181.53.13.250 - - [25/Mar/2024:21:08:57 -0500] "GET /BLA/resoluciones/RESOLUCIONES%202021/1181.pdf HTTP/1.1" 206 1025
181.53.13.250 - - [25/Mar/2024:21:08:57 -0500] "GET /BLA/resoluciones/RESOLUCIONES%202021/1181.pdf HTTP/1.1" 200 1479523
191.111.47.8 - - [25/Mar/2024:21:09:00 -0500] "POST /sipse/faces/presentacion/financiero/solicitudProceso/consultar.xhtml HTTP/1.1" 200 2631
191.111.47.8 - - [25/Mar/2024:21:09:02 -0500] "POST /sipse/faces/presentacion/financiero/solicitudProceso/consultar.xhtml HTTP/1.1" 200 62132
191.111.47.8 - - [25/Mar/2024:21:09:02 -0500] "GET /sipse/faces/javax.faces.resource/jquery/jquery.js?ln=primefaces&v=4.0 HTTP/1.1" 304 -
191.111.47.8 - - [25/Mar/2024:21:09:02 -0500] "GET /sipse/faces/javax.faces.resource/jquery/jquery-plugins.js?ln=primefaces&v=4.0 HTTP/1.1" 304 -
191.111.47.8 - - [25/Mar/2024:21:09:02 -0500] "GET /sipse/faces/javax.faces.resource/primefaces.js?ln=primefaces&v=4.0 HTTP/1.1" 304 -
191.111.47.8 - - [25/Mar/2024:21:09:02 -0500] "GET /sipse/faces/javax.faces.resource/layout/layout.js?ln=primefaces&v=4.0 HTTP/1.1" 304 -
191.111.47.8 - - [25/Mar/2024:21:09:02 -0500] "POST /sipse/faces/presentacion/financiero/solicitudProceso/listarSolicitudProceso.xhtml HTTP/1.1" 200 55524
191.111.47.8 - - [25/Mar/2024:21:09:03 -0500] "POST /sipse/faces/presentacion/financiero/solicitudProceso/listarSolicitudProceso.xhtml HTTP/1.1" 200 55524
191.111.47.8 - - [25/Mar/2024:21:09:03 -0500] "POST /sipse/faces/presentacion/financiero/solicitudProceso/listarSolicitudProceso.xhtml HTTP/1.1" 200 55524
191.111.47.8 - - [25/Mar/2024:21:09:03 -0500] "POST /sipse/faces/presentacion/financiero/solicitudProceso/listarSolicitudProceso.xhtml HTTP/1.1" 200 55524
191.111.47.8 - - [25/Mar/2024:21:09:04 -0500] "POST /sipse/faces/presentacion/financiero/solicitudProceso/listarSolicitudProceso.xhtml HTTP/1.1" 200 55524
191.111.47.8 - - [25/Mar/2024:21:09:04 -0500] "POST /sipse/faces/presentacion/financiero/solicitudProceso/listarSolicitudProceso.xhtml HTTP/1.1" 200 55524
191.111.47.8 - - [25/Mar/2024:21:09:04 -0500] "POST /sipse/faces/presentacion/financiero/solicitudProceso/listarSolicitudProceso.xhtml HTTP/1.1" 200 55524
191.111.47.8 - - [25/Mar/2024:21:09:05 -0500] "POST /sipse/faces/presentacion/financiero/solicitudProceso/listarSolicitudProceso.xhtml HTTP/1.1" 200 55524
191.111.47.8 - - [25/Mar/2024:21:09:05 -0500] "POST /sipse/faces/presentacion/financiero/solicitudProceso/listarSolicitudProceso.xhtml HTTP/1.1" 200 55524
191.111.47.8 - - [25/Mar/2024:21:09:05 -0500] "POST /sipse/faces/presentacion/financiero/solicitudProceso/listarSolicitudProceso.xhtml HTTP/1.1" 200 55524
191.111.47.8 - - [25/Mar/2024:21:09:06 -0500] "POST /sipse/faces/presentacion/financiero/solicitudProceso/listarSolicitudProceso.xhtml HTTP/1.1" 200 55524
191.111.47.8 - - [25/Mar/2024:21:09:06 -0500] "POST /sipse/faces/presentacion/financiero/solicitudProceso/listarSolicitudProceso.xhtml HTTP/1.1" 200 55524
191.111.47.8 - - [25/Mar/2024:21:09:06 -0500] "POST /sipse/faces/presentacion/financiero/solicitudProceso/listarSolicitudProceso.xhtml HTTP/1.1" 200 55524
191.111.47.8 - - [25/Mar/2024:21:09:07 -0500] "POST /sipse/faces/presentacion/financiero/solicitudProceso/listarSolicitudProceso.xhtml HTTP/1.1" 200 1560
191.111.47.8 - - [25/Mar/2024:21:09:07 -0500] "POST /sipse/faces/presentacion/financiero/solicitudProceso/listarSolicitudProceso.xhtml HTTP/1.1" 200 1568
191.111.47.8 - - [25/Mar/2024:21:09:07 -0500] "POST /sipse/faces/presentacion/financiero/solicitudProceso/listarSolicitudProceso.xhtml HTTP/1.1" 200 1568
191.111.47.8 - - [25/Mar/2024:21:09:07 -0500] "POST /sipse/faces/presentacion/financiero/solicitudProceso/listarSolicitudProceso.xhtml HTTP/1.1" 200 1564
191.111.47.8 - - [25/Mar/2024:21:09:07 -0500] "POST /sipse/faces/presentacion/financiero/solicitudProceso/listarSolicitudProceso.xhtml HTTP/1.1" 200 1564
191.111.47.8 - - [25/Mar/2024:21:09:08 -0500] "POST /sipse/faces/presentacion/financiero/solicitudProceso/listarSolicitudProceso.xhtml HTTP/1.1" 200 1564
191.111.47.8 - - [25/Mar/2024:21:09:08 -0500] "POST /sipse/faces/presentacion/financiero/solicitudProceso/listarSolicitudProceso.xhtml HTTP/1.1" 200 1564
191.111.47.8 - - [25/Mar/2024:21:09:08 -0500] "POST /sipse/faces/presentacion/financiero/solicitudProceso/listarSolicitudProceso.xhtml HTTP/1.1" 200 1568
191.111.47.8 - - [25/Mar/2024:21:09:08 -0500] "POST /sipse/faces/presentacion/financiero/solicitudProceso/listarSolicitudProceso.xhtml HTTP/1.1" 200 1564
191.111.47.8 - - [25/Mar/2024:21:09:09 -0500] "POST /sipse/faces/presentacion/financiero/solicitudProceso/listarSolicitudProceso.xhtml HTTP/1.1" 200 1564
191.111.47.8 - - [25/Mar/2024:21:09:09 -0500] "POST /sipse/faces/presentacion/financiero/solicitudProceso/listarSolicitudProceso.xhtml HTTP/1.1" 200 1564
191.111.47.8 - - [25/Mar/2024:21:09:09 -0500] "POST /sipse/faces/presentacion/financiero/solicitudProceso/listarSolicitudProceso.xhtml HTTP/1.1" 200 1568
191.111.47.8 - - [25/Mar/2024:21:09:09 -0500] "POST /sipse/faces/presentacion/financiero/solicitudProceso/listarSolicitudProceso.xhtml HTTP/1.1" 200 1564
