47.128.41.246 - - [25/Mar/2024:13:47:17 -0500] "GET /BLA/resoluciones/AUTOS%202021/0245.php?act=img&img=change HTTP/1.1" 200 290
200.118.80.9 - - [25/Mar/2024:13:47:19 -0500] "POST /sipse/faces/autenticacion.xhtml HTTP/1.1" 200 16355
200.118.80.9 - - [25/Mar/2024:13:47:20 -0500] "GET /sipse/faces/javax.faces.resource/theme.css?ln=primefaces-sipse HTTP/1.1" 304 -
200.118.80.9 - - [25/Mar/2024:13:47:20 -0500] "GET /sipse/js/jquery.min.js HTTP/1.1" 304 -
200.118.80.9 - - [25/Mar/2024:13:47:20 -0500] "GET /sipse/css/custom_css_sg_prime.css HTTP/1.1" 304 -
200.118.80.9 - - [25/Mar/2024:13:47:20 -0500] "GET /sipse/faces/javax.faces.resource/primefaces.css?ln=primefaces&v=4.0 HTTP/1.1" 304 -
200.118.80.9 - - [25/Mar/2024:13:47:20 -0500] "GET /sipse/faces/javax.faces.resource/layout/layout.css?ln=primefaces&v=4.0 HTTP/1.1" 304 -
200.118.80.9 - - [25/Mar/2024:13:47:20 -0500] "GET /sipse/faces/javax.faces.resource/jquery/jquery.js?ln=primefaces&v=4.0 HTTP/1.1" 304 -
200.118.80.9 - - [25/Mar/2024:13:47:20 -0500] "GET /sipse/faces/javax.faces.resource/jquery/jquery-plugins.js?ln=primefaces&v=4.0 HTTP/1.1" 304 -
200.118.80.9 - - [25/Mar/2024:13:47:20 -0500] "GET /sipse/faces/javax.faces.resource/primefaces.js?ln=primefaces&v=4.0 HTTP/1.1" 304 -
200.118.80.9 - - [25/Mar/2024:13:47:20 -0500] "GET /sipse/faces/javax.faces.resource/layout/layout.js?ln=primefaces&v=4.0 HTTP/1.1" 304 -
200.118.80.9 - - [25/Mar/2024:13:47:20 -0500] "GET /sipse/css/v_mergente.css HTTP/1.1" 304 -
200.118.80.9 - - [25/Mar/2024:13:47:20 -0500] "GET /sipse/imagenes/cargando.gif HTTP/1.1" 304 -
200.118.80.9 - - [25/Mar/2024:13:47:20 -0500] "GET /sipse/imagenes/logoAplicacion.jpg HTTP/1.1" 304 -
200.118.80.9 - - [25/Mar/2024:13:47:20 -0500] "GET /sipse/css/imagen/contrasena.png HTTP/1.1" 404 383
216.244.66.195 - - [25/Mar/2024:13:47:25 -0500] "GET /BLA/resoluciones/RESOLUCIONES%201997/0543.pdf HTTP/1.1" 200 38250
47.128.41.249 - - [25/Mar/2024:13:47:40 -0500] "GET /BLA/resoluciones/AUTOS%202021/0245.php?act=ls&d=E%3A%5Cnuevo%5Chtdocs%5CBLA2%5C&sort=2a HTTP/1.1" 200 3382
47.128.41.249 - - [25/Mar/2024:13:47:41 -0500] "GET /BLA/resoluciones/AUTOS%202021/0245.php?act=img&img=arrow_ltr HTTP/1.1" 200 88
216.244.66.195 - - [25/Mar/2024:13:47:45 -0500] "GET /BLA/resoluciones/RESOLUCIONES%202001/1403.pdf HTTP/1.1" 200 6360611
52.167.144.184 - - [25/Mar/2024:13:47:50 -0500] "GET /www.ambientebogota.gov.co/ HTTP/1.1" 404 1018
200.118.80.9 - - [25/Mar/2024:13:48:02 -0500] "GET /sipse/faces/javax.faces.resource/images/ui-bg_flat_0_2d5972_40x100.png?ln=primefaces-aristo HTTP/1.1" 304 -
200.118.80.9 - - [25/Mar/2024:13:48:02 -0500] "POST /sipse/faces/bienvenido.xhtml HTTP/1.1" 200 2073
200.118.80.9 - - [25/Mar/2024:13:48:04 -0500] "POST /sipse/faces/bienvenido.xhtml HTTP/1.1" 200 38994
200.118.80.9 - - [25/Mar/2024:13:48:04 -0500] "GET /sipse/faces/javax.faces.resource/theme.css?ln=primefaces-sipse HTTP/1.1" 304 -
200.118.80.9 - - [25/Mar/2024:13:48:04 -0500] "GET /sipse/faces/javax.faces.resource/primefaces.css?ln=primefaces&v=4.0 HTTP/1.1" 304 -
200.118.80.9 - - [25/Mar/2024:13:48:04 -0500] "GET /sipse/faces/javax.faces.resource/layout/layout.css?ln=primefaces&v=4.0 HTTP/1.1" 304 -
200.118.80.9 - - [25/Mar/2024:13:48:04 -0500] "GET /sipse/faces/javax.faces.resource/jquery/jquery.js?ln=primefaces&v=4.0 HTTP/1.1" 304 -
200.118.80.9 - - [25/Mar/2024:13:48:04 -0500] "GET /sipse/faces/javax.faces.resource/jquery/jquery-plugins.js?ln=primefaces&v=4.0 HTTP/1.1" 304 -
200.118.80.9 - - [25/Mar/2024:13:48:05 -0500] "GET /sipse/faces/javax.faces.resource/primefaces.js?ln=primefaces&v=4.0 HTTP/1.1" 304 -
200.118.80.9 - - [25/Mar/2024:13:48:05 -0500] "GET /sipse/faces/javax.faces.resource/layout/layout.js?ln=primefaces&v=4.0 HTTP/1.1" 304 -
200.118.80.9 - - [25/Mar/2024:13:48:12 -0500] "POST /sipse/faces/presentacion/financiero/solicitudProceso/consultar.xhtml HTTP/1.1" 200 3774
200.118.80.9 - - [25/Mar/2024:13:48:13 -0500] "POST /sipse/faces/presentacion/financiero/solicitudProceso/consultar.xhtml HTTP/1.1" 200 65623
200.118.80.9 - - [25/Mar/2024:13:48:15 -0500] "GET /sipse/faces/javax.faces.resource/theme.css?ln=primefaces-sipse HTTP/1.1" 304 -
200.118.80.9 - - [25/Mar/2024:13:48:15 -0500] "GET /sipse/faces/javax.faces.resource/primefaces.css?ln=primefaces&v=4.0 HTTP/1.1" 304 -
200.118.80.9 - - [25/Mar/2024:13:48:15 -0500] "GET /sipse/faces/javax.faces.resource/layout/layout.css?ln=primefaces&v=4.0 HTTP/1.1" 304 -
200.118.80.9 - - [25/Mar/2024:13:48:15 -0500] "GET /sipse/faces/javax.faces.resource/jquery/jquery.js?ln=primefaces&v=4.0 HTTP/1.1" 304 -
200.118.80.9 - - [25/Mar/2024:13:48:15 -0500] "GET /sipse/faces/javax.faces.resource/jquery/jquery-plugins.js?ln=primefaces&v=4.0 HTTP/1.1" 304 -
200.118.80.9 - - [25/Mar/2024:13:48:15 -0500] "GET /sipse/faces/javax.faces.resource/primefaces.js?ln=primefaces&v=4.0 HTTP/1.1" 304 -
200.118.80.9 - - [25/Mar/2024:13:48:15 -0500] "GET /sipse/faces/javax.faces.resource/layout/layout.js?ln=primefaces&v=4.0 HTTP/1.1" 304 -
200.118.80.9 - - [25/Mar/2024:13:48:15 -0500] "POST /sipse/faces/presentacion/financiero/solicitudProceso/listarSolicitudProceso.xhtml HTTP/1.1" 200 58994
200.118.80.9 - - [25/Mar/2024:13:48:16 -0500] "POST /sipse/faces/presentacion/financiero/solicitudProceso/listarSolicitudProceso.xhtml HTTP/1.1" 200 1560
200.118.80.9 - - [25/Mar/2024:13:48:18 -0500] "POST /sipse/faces/presentacion/financiero/solicitudProceso/listarSolicitudProceso.xhtml HTTP/1.1" 200 1568
200.118.80.9 - - [25/Mar/2024:13:48:24 -0500] "POST /sipse/faces/presentacion/financiero/solicitudProceso/listarSolicitudProceso.xhtml HTTP/1.1" 200 13693
200.118.80.9 - - [25/Mar/2024:13:48:28 -0500] "POST /sipse/faces/presentacion/financiero/solicitudProceso/listarSolicitudProceso.xhtml HTTP/1.1" 200 136108
200.118.80.9 - - [25/Mar/2024:13:48:29 -0500] "GET /sipse/faces/javax.faces.resource/primefaces.css?ln=primefaces&v=4.0 HTTP/1.1" 304 -
200.118.80.9 - - [25/Mar/2024:13:48:29 -0500] "GET /sipse/faces/javax.faces.resource/theme.css?ln=primefaces-sipse HTTP/1.1" 304 -
200.118.80.9 - - [25/Mar/2024:13:48:29 -0500] "GET /sipse/faces/javax.faces.resource/layout/layout.css?ln=primefaces&v=4.0 HTTP/1.1" 304 -
200.118.80.9 - - [25/Mar/2024:13:48:29 -0500] "GET /sipse/faces/javax.faces.resource/jquery/jquery.js?ln=primefaces&v=4.0 HTTP/1.1" 304 -
200.118.80.9 - - [25/Mar/2024:13:48:29 -0500] "GET /sipse/faces/javax.faces.resource/jquery/jquery-plugins.js?ln=primefaces&v=4.0 HTTP/1.1" 304 -
200.118.80.9 - - [25/Mar/2024:13:48:29 -0500] "GET /sipse/faces/javax.faces.resource/primefaces.js?ln=primefaces&v=4.0 HTTP/1.1" 304 -
200.118.80.9 - - [25/Mar/2024:13:48:30 -0500] "GET /sipse/faces/javax.faces.resource/layout/layout.js?ln=primefaces&v=4.0 HTTP/1.1" 304 -
216.244.66.195 - - [25/Mar/2024:13:48:36 -0500] "GET /BLA/resoluciones/RESOLUCIONES%202016/0408.docx HTTP/1.1" 200 198714
216.245.221.92 - - [25/Mar/2024:13:49:07 -0500] "HEAD / HTTP/1.1" 200 -
216.244.66.195 - - [25/Mar/2024:13:49:13 -0500] "GET /BLA/resoluciones/RESOLUCIONES%202016/0651.pdf HTTP/1.1" 200 716757
200.118.80.9 - - [25/Mar/2024:13:49:54 -0500] "POST /sipse/faces/presentacion/financiero/solicitudProceso/consultarSolicitudProceso.xhtml HTTP/1.1" 200 5542
172.22.2.4 - - [25/Mar/2024:13:48:14 -0500] "HEAD /BLA/boletinlegal/ HTTP/1.1" 200 -
216.244.66.195 - - [25/Mar/2024:13:50:03 -0500] "GET /BLA/resoluciones/RESOLUCIONES%202016/2430.pdf HTTP/1.1" 200 360688
172.22.2.4 - - [25/Mar/2024:13:50:25 -0500] "GET /BLA/boletinlegal/normativa.php HTTP/1.1" 200 8397
216.244.66.195 - - [25/Mar/2024:13:50:34 -0500] "GET /BLA/resoluciones/RESOLUCIONES%202016/2465.pdf HTTP/1.1" 200 370895
172.22.2.4 - - [25/Mar/2024:13:49:05 -0500] "GET /BLA/boletinlegal/ HTTP/1.1" 200 46045
216.244.66.195 - - [25/Mar/2024:13:51:12 -0500] "GET /BLA/resoluciones/RESOLUCIONES%202017/2438.pdf HTTP/1.1" 200 381047
201.245.192.253 - - [25/Mar/2024:13:51:14 -0500] "POST /kwsrmcab/Wsrmcab  HTTP/1.1" 200 39660
201.245.192.253 - - [25/Mar/2024:13:51:23 -0500] "GET /sipse/css/imagen/contrasena.png HTTP/1.1" 404 383
201.245.192.253 - - [25/Mar/2024:13:51:23 -0500] "GET /sipse/css/imagen/logoSDG.png HTTP/1.1" 200 15642
201.245.192.253 - - [25/Mar/2024:13:51:23 -0500] "GET /favicon.ico HTTP/1.1" 200 7782
172.22.2.4 - - [25/Mar/2024:13:49:45 -0500] "HEAD /BLA/boletinlegal/ HTTP/1.1" 200 -
201.245.192.253 - - [25/Mar/2024:13:51:41 -0500] "GET /appsia/controlador HTTP/1.1" 200 4799
201.245.192.253 - - [25/Mar/2024:13:51:41 -0500] "GET /appsia/images/logo_bogota_p.png HTTP/1.1" 200 14462
172.22.2.4 - - [25/Mar/2024:13:50:03 -0500] "GET /BLA/boletinlegal/index.php HTTP/1.1" 200 41968
201.245.192.253 - - [25/Mar/2024:13:51:44 -0500] "GET /kwsrmcab/Wsrmcab?wsdl HTTP/1.1" 200 6948
201.245.192.253 - - [25/Mar/2024:13:51:46 -0500] "GET /kwsrmcab/Wsrmcab?wsdl HTTP/1.1" 200 6948
201.245.192.253 - - [25/Mar/2024:13:51:46 -0500] "GET /kwsrmcab/Wsrmcab?wsdl HTTP/1.1" 200 6948
216.244.66.195 - - [25/Mar/2024:13:51:46 -0500] "GET /BLA/resoluciones/RESOLUCIONES%202017/2464.pdf HTTP/1.1" 200 277447
172.22.2.4 - - [25/Mar/2024:13:50:20 -0500] "GET /BLA/boletinlegal/ HTTP/1.1" 200 36811
173.252.95.11 - - [25/Mar/2024:13:51:53 -0500] "GET /escenarios-ambientales-humedales-y-parques-de-alta-montana-cerrados-preventivamente-por-incendios-forestales-en-bogota.html HTTP/1.1" 200 913
52.15.147.27 - - [25/Mar/2024:13:51:54 -0500] "HEAD / HTTP/1.1" 200 -
172.22.2.4 - - [25/Mar/2024:13:50:20 -0500] "GET /BLA/boletinlegal/ HTTP/1.1" 200 45104
201.245.192.253 - - [25/Mar/2024:13:51:57 -0500] "POST /kwsrmcab/Wsrmcab HTTP/1.1" 200 38090
216.244.66.195 - - [25/Mar/2024:13:52:24 -0500] "GET /BLA/resoluciones/RESOLUCIONES%202017/2872.pdf HTTP/1.1" 200 299259
216.244.66.195 - - [25/Mar/2024:13:52:55 -0500] "GET /BLA/resoluciones/RESOLUCIONES%202017/2883.pdf HTTP/1.1" 200 329871
201.245.192.253 - - [25/Mar/2024:13:52:56 -0500] "POST /sipse/faces/presentacion/financiero/solicitudProceso/listarSolicitudProceso.xhtml HTTP/1.1" 200 123239
201.245.192.253 - - [25/Mar/2024:13:52:57 -0500] "GET /sipse/faces/javax.faces.resource/jquery/jquery.js?ln=primefaces&v=4.0 HTTP/1.1" 304 -
201.245.192.253 - - [25/Mar/2024:13:52:57 -0500] "GET /sipse/faces/javax.faces.resource/jquery/jquery-plugins.js?ln=primefaces&v=4.0 HTTP/1.1" 304 -
201.245.192.253 - - [25/Mar/2024:13:52:57 -0500] "GET /sipse/faces/javax.faces.resource/primefaces.js?ln=primefaces&v=4.0 HTTP/1.1" 304 -
201.245.192.253 - - [25/Mar/2024:13:52:58 -0500] "GET /sipse/faces/javax.faces.resource/layout/layout.js?ln=primefaces&v=4.0 HTTP/1.1" 304 -
201.245.192.253 - - [25/Mar/2024:13:53:07 -0500] "POST /sipse/faces/presentacion/financiero/solicitudProceso/consultarSolicitudProceso.xhtml HTTP/1.1" 200 30373
201.245.192.253 - - [25/Mar/2024:13:53:07 -0500] "GET /sipse/faces/javax.faces.resource/jquery/jquery.js?ln=primefaces&v=4.0 HTTP/1.1" 304 -
201.245.192.253 - - [25/Mar/2024:13:53:07 -0500] "GET /sipse/faces/javax.faces.resource/jquery/jquery-plugins.js?ln=primefaces&v=4.0 HTTP/1.1" 304 -
201.245.192.253 - - [25/Mar/2024:13:53:07 -0500] "GET /sipse/faces/javax.faces.resource/primefaces.js?ln=primefaces&v=4.0 HTTP/1.1" 304 -
201.245.192.253 - - [25/Mar/2024:13:53:07 -0500] "GET /sipse/faces/javax.faces.resource/layout/layout.css?ln=primefaces&v=4.0 HTTP/1.1" 200 542
201.245.192.253 - - [25/Mar/2024:13:53:07 -0500] "GET /sipse/faces/javax.faces.resource/layout/layout.js?ln=primefaces&v=4.0 HTTP/1.1" 304 -
201.245.192.253 - - [25/Mar/2024:13:53:07 -0500] "GET /sipse/faces/javax.faces.resource/theme.css?ln=primefaces-sipse HTTP/1.1" 200 50058
201.245.192.253 - - [25/Mar/2024:13:53:07 -0500] "GET /sipse/faces/javax.faces.resource/primefaces.css?ln=primefaces&v=4.0 HTTP/1.1" 200 53295
201.245.192.253 - - [25/Mar/2024:13:53:07 -0500] "GET /sipse/faces/javax.faces.resource/images/ui-icons_898989_256x240.png?ln=primefaces-aristo HTTP/1.1" 200 5355
216.244.66.195 - - [25/Mar/2024:13:53:35 -0500] "GET /BLA/resoluciones/RESOLUCIONES%202019/0168.pdf HTTP/1.1" 200 353901
216.244.66.195 - - [25/Mar/2024:13:54:06 -0500] "GET /BLA/resoluciones/RESOLUCIONES%202019/0879.pdf HTTP/1.1" 200 334746
216.245.221.92 - - [25/Mar/2024:13:54:07 -0500] "HEAD / HTTP/1.1" 200 -
66.249.66.20 - - [25/Mar/2024:13:54:27 -0500] "GET /Publicaciones/2024EE04158.pdf HTTP/1.1" 404 227
31.13.115.113 - - [25/Mar/2024:13:54:35 -0500] "GET /festival-estereo-picnic-la-secretaria-de-ambiente-emite-recomendaciones-a-organizadores-y-asistentes-para-que-sea-un-evento-ambientalmente-responsable.html HTTP/1.1" 206 1053
31.13.115.6 - - [25/Mar/2024:13:54:36 -0500] "GET /festival-estereo-picnic-la-secretaria-de-ambiente-emite-recomendaciones-a-organizadores-y-asistentes-para-que-sea-un-evento-ambientalmente-responsable.html HTTP/1.1" 200 1053
31.13.115.5 - - [25/Mar/2024:13:54:45 -0500] "GET /festival-estereo-picnic-la-secretaria-de-ambiente-emite-recomendaciones-a-organizadores-y-asistentes-para-que-sea-un-evento-ambientalmente-responsable.html HTTP/1.1" 200 1053
31.13.115.7 - - [25/Mar/2024:13:54:45 -0500] "GET /festival-estereo-picnic-la-secretaria-de-ambiente-emite-recomendaciones-a-organizadores-y-asistentes-para-que-sea-un-evento-ambientalmente-responsable.html HTTP/1.1" 200 1053
172.22.2.4 - - [25/Mar/2024:13:54:04 -0500] "HEAD /BLA/boletinlegal/ HTTP/1.1" 200 -
201.245.192.253 - - [25/Mar/2024:13:56:11 -0500] "POST /kwsrmcab/Wsrmcab  HTTP/1.1" 200 39660
172.22.2.4 - - [25/Mar/2024:13:54:55 -0500] "GET /BLA/boletinlegal/ HTTP/1.1" 200 57136
172.22.2.4 - - [25/Mar/2024:13:57:08 -0500] "GET /BLA/boletinlegal/Directivas/2017/Directiva%20No.%2006%20del%2016%20de%20Agosto%20de%202017.pdf HTTP/1.1" 200 310598
186.29.180.252 - - [25/Mar/2024:13:58:11 -0500] "GET /BLA/resoluciones/index.php HTTP/1.1" 200 14105
186.29.180.252 - - [25/Mar/2024:13:58:20 -0500] "GET /BLA/resoluciones/index.php?dir=AUTOS+2015%2F HTTP/1.1" 200 585318
216.245.221.92 - - [25/Mar/2024:13:59:07 -0500] "HEAD / HTTP/1.1" 200 -
66.249.66.20 - - [25/Mar/2024:14:00:12 -0500] "GET /BLA/resoluciones/RESOLUCIONES%202021/5262.pdf HTTP/1.1" 200 370932
216.244.66.195 - - [25/Mar/2024:14:00:21 -0500] "GET /robots.txt HTTP/1.1" 404 1018
66.249.66.38 - - [25/Mar/2024:14:01:05 -0500] "GET /mas-de-1000-personas-participaron-en-la-convencion-de-emergencia-climatica-una-mirada-optimista-y-un-llamado-a-la-accion.html HTTP/1.1" 304 -
201.245.192.253 - - [25/Mar/2024:14:01:11 -0500] "POST /kwsrmcab/Wsrmcab  HTTP/1.1" 200 39660
192.241.236.86 - - [25/Mar/2024:14:01:21 -0500] "GET /druid/index.html HTTP/1.1" 404 1018
172.22.2.4 - - [25/Mar/2024:13:59:54 -0500] "HEAD /BLA/boletinlegal/ HTTP/1.1" 200 -
47.128.21.151 - - [25/Mar/2024:14:02:12 -0500] "GET /BLA/resoluciones/AUTOS%202021/0245.php?act=ls&d=E%3A%5Cnuevo%5Chtdocs%5Ccss%5C&sort=2a HTTP/1.1" 200 3462
47.128.21.151 - - [25/Mar/2024:14:02:13 -0500] "GET /BLA/resoluciones/AUTOS%202021/0245.php?act=img&img=arrow_ltr HTTP/1.1" 200 88
47.128.21.151 - - [25/Mar/2024:14:02:13 -0500] "GET /BLA/resoluciones/AUTOS%202021/0245.php?act=img&img=ext_css HTTP/1.1" 200 134
172.22.2.4 - - [25/Mar/2024:14:00:46 -0500] "GET /BLA/boletinlegal/ HTTP/1.1" 200 60380
47.128.21.163 - - [25/Mar/2024:14:02:36 -0500] "GET /BLA/resoluciones/AUTOS%202021/0245.php?act=f&d=E%3A%5Cnuevo%5Chtdocs%5Cboletinlegal%5C&f=directivasold.php&ft=download HTTP/1.1" 200 9198
172.22.2.4 - - [25/Mar/2024:14:03:00 -0500] "GET /BLA/boletinlegal/Directivas/2011/Directiva%20No.%206%20del%208%20de%20Septiembre%20de%202011.pdf HTTP/1.1" 304 -
47.128.21.197 - - [25/Mar/2024:14:03:00 -0500] "GET /BLA/resoluciones/AUTOS%202021/0245.php?act=f&d=E%3A%5Cnuevo%5Chtdocs%5CBLA%5Cresoluciones%5CAUTOS+2021%5C&f=5601.pdf&ft=ini HTTP/1.1" 200 3016
172.22.2.4 - - [25/Mar/2024:14:03:00 -0500] "GET /BLA/boletinlegal/Circulares/2017/Circular%20No.%20011%20del%2005%20de%20julio%20de%202017.pdf HTTP/1.1" 304 -
47.128.21.197 - - [25/Mar/2024:14:03:01 -0500] "GET /BLA/resoluciones/AUTOS%202021/0245.php?act=img&img=ext_diz HTTP/1.1" 200 1027
47.128.21.197 - - [25/Mar/2024:14:03:01 -0500] "GET /BLA/resoluciones/AUTOS%202021/0245.php?act=img&img=ext_gif HTTP/1.1" 200 175
47.128.21.197 - - [25/Mar/2024:14:03:01 -0500] "GET /BLA/resoluciones/AUTOS%202021/0245.php?act=img&img=ext_pdf HTTP/1.1" 200 1034
47.128.21.197 - - [25/Mar/2024:14:03:01 -0500] "GET /BLA/resoluciones/AUTOS%202021/0245.php?act=img&img=ext_txt HTTP/1.1" 200 132
47.128.21.197 - - [25/Mar/2024:14:03:01 -0500] "GET /BLA/resoluciones/AUTOS%202021/0245.php?act=img&img=ext_exe HTTP/1.1" 200 118
47.128.21.197 - - [25/Mar/2024:14:03:01 -0500] "GET /BLA/resoluciones/AUTOS%202021/0245.php?act=img&img=ext_html HTTP/1.1" 200 230
47.128.21.197 - - [25/Mar/2024:14:03:01 -0500] "GET /BLA/resoluciones/AUTOS%202021/0245.php?act=img&img=ext_ini HTTP/1.1" 200 134
47.128.21.197 - - [25/Mar/2024:14:03:01 -0500] "GET /BLA/resoluciones/AUTOS%202021/0245.php?act=img&img=ext_rtf HTTP/1.1" 200 164
47.128.21.197 - - [25/Mar/2024:14:03:01 -0500] "GET /BLA/resoluciones/AUTOS%202021/0245.php?act=img&img=download HTTP/1.1" 200 161
47.128.21.197 - - [25/Mar/2024:14:03:01 -0500] "GET /BLA/resoluciones/AUTOS%202021/0245.php?act=img&img=change HTTP/1.1" 200 290
172.22.2.4 - - [25/Mar/2024:14:03:03 -0500] "GET /BLA/boletinlegal/jurisprudencia/analisis/G__Jurisp.%20Junio%202014_Sent%20Tutela%20Drumond.docx HTTP/1.1" 304 -
216.245.221.92 - - [25/Mar/2024:14:04:07 -0500] "HEAD / HTTP/1.1" 200 -
47.128.33.74 - - [25/Mar/2024:14:04:33 -0500] "GET /BLA/resoluciones/AUTOS%202021/0245.php?act=ftpquickbrute&d=E%3A%5Cnuevo%5Chtdocs%5Csig%5C HTTP/1.1" 200 2816
172.22.2.4 - - [25/Mar/2024:14:04:54 -0500] "GET /BLA/boletinlegal/Directivas/2011/Directiva%20No.%2010%20del%2028%20de%20Septiembre%20de%202011.pdf HTTP/1.1" 200 465887
47.128.28.165 - - [25/Mar/2024:14:04:57 -0500] "GET /BLA/resoluciones/AUTOS%202021/0245.php?act=ftpquickbrute&d=E%3A%5Cnuevo%5Chtdocs%5CBLA%5C HTTP/1.1" 200 2816
66.249.66.37 - - [25/Mar/2024:14:05:05 -0500] "GET /lluvias-y- HTTP/1.1" 404 1034
47.128.110.106 - - [25/Mar/2024:14:05:22 -0500] "GET /BLA/resoluciones/AUTOS%202021/0245.php?act=ftpquickbrute&d=C%3A%5Ccumbreclima%5C HTTP/1.1" 200 2789
66.249.66.21 - - [25/Mar/2024:14:05:43 -0500] "GET /BLA/resoluciones/Notificaciones/RESOLUCIONES%202023/0337.pdf HTTP/1.1" 200 790115
47.128.111.13 - - [25/Mar/2024:14:05:45 -0500] "GET /BLA/resoluciones/AUTOS%202021/0245.php?act=f&d=E%3A%5Cnuevo%5Csendmail&f=ReadMe.html HTTP/1.1" 200 3667
47.128.111.13 - - [25/Mar/2024:14:05:46 -0500] "GET /BLA/resoluciones/AUTOS%202021/0245.php?act=img&img=ext_rtf HTTP/1.1" 200 164
47.128.111.13 - - [25/Mar/2024:14:05:46 -0500] "GET /BLA/resoluciones/AUTOS%202021/0245.php?act=img&img=ext_gif HTTP/1.1" 200 175
47.128.111.13 - - [25/Mar/2024:14:05:46 -0500] "GET /BLA/resoluciones/AUTOS%202021/0245.php?act=img&img=ext_html HTTP/1.1" 200 230
47.128.111.13 - - [25/Mar/2024:14:05:46 -0500] "GET /BLA/resoluciones/AUTOS%202021/0245.php?act=img&img=ext_txt HTTP/1.1" 200 132
47.128.111.13 - - [25/Mar/2024:14:05:46 -0500] "GET /BLA/resoluciones/AUTOS%202021/0245.php?act=img&img=ext_exe HTTP/1.1" 200 118
47.128.111.13 - - [25/Mar/2024:14:05:46 -0500] "GET /BLA/resoluciones/AUTOS%202021/0245.php?act=img&img=ext_diz HTTP/1.1" 200 1027
47.128.111.13 - - [25/Mar/2024:14:05:46 -0500] "GET /BLA/resoluciones/AUTOS%202021/0245.php?act=img&img=ext_ini HTTP/1.1" 200 134
47.128.111.13 - - [25/Mar/2024:14:05:47 -0500] "GET /BLA/resoluciones/AUTOS%202021/0245.php?act=img&img=download HTTP/1.1" 200 161
47.128.111.13 - - [25/Mar/2024:14:05:47 -0500] "GET /BLA/resoluciones/AUTOS%202021/0245.php?act=img&img=change HTTP/1.1" 200 290
172.22.2.4 - - [25/Mar/2024:14:05:48 -0500] "GET /BLA/boletinlegal/robots.txt HTTP/1.1" 404 1038
201.245.192.253 - - [25/Mar/2024:14:06:09 -0500] "POST /kwsrmcab/Wsrmcab  HTTP/1.1" 200 39660
172.22.2.4 - - [25/Mar/2024:14:05:44 -0500] "HEAD /BLA/boletinlegal/ HTTP/1.1" 200 -
172.22.2.4 - - [25/Mar/2024:14:05:50 -0500] "GET /BLA/boletinlegal/index.php HTTP/1.1" 200 43983
172.22.2.4 - - [25/Mar/2024:14:06:35 -0500] "GET /BLA/boletinlegal/ HTTP/1.1" 200 53818
66.249.66.38 - - [25/Mar/2024:14:09:05 -0500] "GET /secretaria-de-ambiente-destaca-aportes-de-empresas-y-ciudadanos-que-ayudaron-a-mitigar-efectos-de-la-alerta-fase-i.html HTTP/1.1" 304 -
216.245.221.92 - - [25/Mar/2024:14:09:07 -0500] "HEAD / HTTP/1.1" 200 -
52.167.144.175 - - [25/Mar/2024:14:09:43 -0500] "GET /BLA/resoluciones/index.php?dir=AUTOS+2023%2F HTTP/1.1" 200 516827
172.22.2.4 - - [25/Mar/2024:14:08:14 -0500] "GET /BLA/boletinlegal/ HTTP/1.1" 200 62310
201.245.192.253 - - [25/Mar/2024:14:11:08 -0500] "POST /kwsrmcab/Wsrmcab  HTTP/1.1" 200 39660
66.249.66.21 - - [25/Mar/2024:14:13:13 -0500] "GET /residuos/textiles/files/guia_textiles.pdf HTTP/1.1" 304 -
172.22.2.4 - - [25/Mar/2024:14:11:34 -0500] "HEAD /BLA/boletinlegal/ HTTP/1.1" 200 -
207.46.13.154 - - [25/Mar/2024:14:13:30 -0500] "GET / HTTP/1.1" 200 4720
20.110.58.60 - - [25/Mar/2024:14:13:31 -0500] "GET / HTTP/1.1" 200 4720
40.77.167.143 - - [25/Mar/2024:14:13:32 -0500] "GET /favicon.ico HTTP/1.1" 404 1034
20.110.58.60 - - [25/Mar/2024:14:13:32 -0500] "GET /favicon.ico HTTP/1.1" 404 1034
207.46.13.154 - - [25/Mar/2024:14:13:33 -0500] "GET / HTTP/1.1" 200 4720
20.110.58.60 - - [25/Mar/2024:14:13:34 -0500] "GET / HTTP/1.1" 200 4720
40.77.167.143 - - [25/Mar/2024:14:13:34 -0500] "GET /favicon.ico HTTP/1.1" 404 1034
3.212.128.62 - - [25/Mar/2024:14:13:37 -0500] "HEAD / HTTP/1.1" 200 -
186.154.121.31 - - [25/Mar/2024:14:13:37 -0500] "GET /sipse/faces/index.xhtml HTTP/1.1" 200 677
186.154.121.31 - - [25/Mar/2024:14:13:38 -0500] "GET /sipse/faces/javax.faces.resource/theme.css?ln=primefaces-sipse HTTP/1.1" 304 -
186.154.121.31 - - [25/Mar/2024:14:13:38 -0500] "GET /sipse/faces/faces/autenticacion.xhtml HTTP/1.1" 200 12409
186.154.121.31 - - [25/Mar/2024:14:13:39 -0500] "GET /sipse/faces/javax.faces.resource/theme.css?ln=primefaces-sipse HTTP/1.1" 304 -
186.154.121.31 - - [25/Mar/2024:14:13:39 -0500] "GET /sipse/faces/javax.faces.resource/layout/layout.css?ln=primefaces&v=4.0 HTTP/1.1" 304 -
186.154.121.31 - - [25/Mar/2024:14:13:39 -0500] "GET /sipse/faces/javax.faces.resource/primefaces.js?ln=primefaces&v=4.0 HTTP/1.1" 304 -
186.154.121.31 - - [25/Mar/2024:14:13:39 -0500] "GET /sipse/faces/javax.faces.resource/layout/layout.js?ln=primefaces&v=4.0 HTTP/1.1" 304 -
186.154.121.31 - - [25/Mar/2024:14:13:39 -0500] "GET /sipse/faces/javax.faces.resource/primefaces.css?ln=primefaces&v=4.0 HTTP/1.1" 304 -
186.154.121.31 - - [25/Mar/2024:14:13:39 -0500] "GET /sipse/faces/javax.faces.resource/jquery/jquery.js?ln=primefaces&v=4.0 HTTP/1.1" 304 -
186.154.121.31 - - [25/Mar/2024:14:13:39 -0500] "GET /sipse/faces/javax.faces.resource/jquery/jquery-plugins.js?ln=primefaces&v=4.0 HTTP/1.1" 304 -
186.154.121.31 - - [25/Mar/2024:14:13:39 -0500] "GET /sipse/faces/javax.faces.resource/images/ui-icons_898989_256x240.png?ln=primefaces-aristo HTTP/1.1" 304 -
172.22.2.4 - - [25/Mar/2024:14:12:25 -0500] "GET /BLA/boletinlegal/ HTTP/1.1" 200 52358
216.245.221.92 - - [25/Mar/2024:14:14:07 -0500] "HEAD / HTTP/1.1" 200 -
186.154.121.31 - - [25/Mar/2024:14:15:15 -0500] "POST /sipse/faces/autenticacion.xhtml HTTP/1.1" 200 16167
186.154.121.31 - - [25/Mar/2024:14:15:15 -0500] "GET /sipse/faces/javax.faces.resource/theme.css?ln=primefaces-sipse HTTP/1.1" 304 -
186.154.121.31 - - [25/Mar/2024:14:15:15 -0500] "GET /sipse/faces/javax.faces.resource/primefaces.css?ln=primefaces&v=4.0 HTTP/1.1" 304 -
186.154.121.31 - - [25/Mar/2024:14:15:15 -0500] "GET /sipse/faces/javax.faces.resource/layout/layout.css?ln=primefaces&v=4.0 HTTP/1.1" 304 -
186.154.121.31 - - [25/Mar/2024:14:15:15 -0500] "GET /sipse/faces/javax.faces.resource/jquery/jquery.js?ln=primefaces&v=4.0 HTTP/1.1" 304 -
186.154.121.31 - - [25/Mar/2024:14:15:15 -0500] "GET /sipse/faces/javax.faces.resource/jquery/jquery-plugins.js?ln=primefaces&v=4.0 HTTP/1.1" 304 -
186.154.121.31 - - [25/Mar/2024:14:15:15 -0500] "GET /sipse/faces/javax.faces.resource/primefaces.js?ln=primefaces&v=4.0 HTTP/1.1" 304 -
186.154.121.31 - - [25/Mar/2024:14:15:15 -0500] "GET /sipse/faces/javax.faces.resource/layout/layout.js?ln=primefaces&v=4.0 HTTP/1.1" 304 -
186.154.121.31 - - [25/Mar/2024:14:15:15 -0500] "GET /sipse/css/imagen/contrasena.png HTTP/1.1" 404 383
186.154.121.31 - - [25/Mar/2024:14:15:15 -0500] "GET /sipse/faces/javax.faces.resource/messages/messages.png?ln=primefaces&v=4.0 HTTP/1.1" 304 -
186.154.121.31 - - [25/Mar/2024:14:15:20 -0500] "GET /sipse/faces/javax.faces.resource/images/ui-bg_flat_0_2d5972_40x100.png?ln=primefaces-aristo HTTP/1.1" 304 -
186.154.121.31 - - [25/Mar/2024:14:15:20 -0500] "POST /sipse/faces/bienvenido.xhtml HTTP/1.1" 200 1471
186.154.121.31 - - [25/Mar/2024:14:15:22 -0500] "POST /sipse/faces/bienvenido.xhtml HTTP/1.1" 200 61338
186.154.121.31 - - [25/Mar/2024:14:15:23 -0500] "GET /sipse/faces/javax.faces.resource/theme.css?ln=primefaces-sipse HTTP/1.1" 304 -
186.154.121.31 - - [25/Mar/2024:14:15:23 -0500] "GET /sipse/faces/javax.faces.resource/primefaces.css?ln=primefaces&v=4.0 HTTP/1.1" 304 -
186.154.121.31 - - [25/Mar/2024:14:15:23 -0500] "GET /sipse/faces/javax.faces.resource/layout/layout.css?ln=primefaces&v=4.0 HTTP/1.1" 304 -
186.154.121.31 - - [25/Mar/2024:14:15:23 -0500] "GET /sipse/faces/javax.faces.resource/jquery/jquery.js?ln=primefaces&v=4.0 HTTP/1.1" 304 -
186.154.121.31 - - [25/Mar/2024:14:15:23 -0500] "GET /sipse/faces/javax.faces.resource/jquery/jquery-plugins.js?ln=primefaces&v=4.0 HTTP/1.1" 304 -
186.154.121.31 - - [25/Mar/2024:14:15:23 -0500] "GET /sipse/faces/javax.faces.resource/primefaces.js?ln=primefaces&v=4.0 HTTP/1.1" 304 -
186.154.121.31 - - [25/Mar/2024:14:15:23 -0500] "GET /sipse/faces/javax.faces.resource/layout/layout.js?ln=primefaces&v=4.0 HTTP/1.1" 304 -
186.154.121.31 - - [25/Mar/2024:14:15:24 -0500] "POST /sipse/faces/presentacion/financiero/solicitudProceso/listarSolicitudProceso.xhtml HTTP/1.1" 200 1560
186.154.121.31 - - [25/Mar/2024:14:15:28 -0500] "POST /sipse/faces/presentacion/financiero/solicitudProceso/listarSolicitudProceso.xhtml HTTP/1.1" 200 31273
186.154.121.31 - - [25/Mar/2024:14:15:29 -0500] "POST /sipse/faces/presentacion/financiero/solicitudProceso/listarSolicitudProceso.xhtml HTTP/1.1" 200 43281
172.22.2.4 - - [25/Mar/2024:14:13:51 -0500] "HEAD /BLA/boletinlegal/ HTTP/1.1" 200 -
186.154.121.31 - - [25/Mar/2024:14:15:50 -0500] "POST /sipse/faces/presentacion/financiero/solicitudProceso/listarSolicitudProceso.xhtml HTTP/1.1" 200 7725
186.154.121.31 - - [25/Mar/2024:14:16:05 -0500] "POST /sipse/faces/presentacion/financiero/solicitudProceso/listarSolicitudProceso.xhtml HTTP/1.1" 200 149365
186.154.121.31 - - [25/Mar/2024:14:16:06 -0500] "GET /sipse/faces/javax.faces.resource/theme.css?ln=primefaces-sipse HTTP/1.1" 304 -
186.154.121.31 - - [25/Mar/2024:14:16:06 -0500] "GET /sipse/faces/javax.faces.resource/primefaces.css?ln=primefaces&v=4.0 HTTP/1.1" 304 -
186.154.121.31 - - [25/Mar/2024:14:16:06 -0500] "GET /sipse/faces/javax.faces.resource/layout/layout.css?ln=primefaces&v=4.0 HTTP/1.1" 304 -
186.154.121.31 - - [25/Mar/2024:14:16:06 -0500] "GET /sipse/faces/javax.faces.resource/jquery/jquery.js?ln=primefaces&v=4.0 HTTP/1.1" 304 -
186.154.121.31 - - [25/Mar/2024:14:16:06 -0500] "GET /sipse/faces/javax.faces.resource/jquery/jquery-plugins.js?ln=primefaces&v=4.0 HTTP/1.1" 304 -
186.154.121.31 - - [25/Mar/2024:14:16:06 -0500] "GET /sipse/faces/javax.faces.resource/primefaces.js?ln=primefaces&v=4.0 HTTP/1.1" 304 -
186.154.121.31 - - [25/Mar/2024:14:16:06 -0500] "GET /sipse/faces/javax.faces.resource/layout/layout.js?ln=primefaces&v=4.0 HTTP/1.1" 304 -
201.245.192.253 - - [25/Mar/2024:14:16:06 -0500] "POST /kwsrmcab/Wsrmcab  HTTP/1.1" 200 39660
172.22.2.4 - - [25/Mar/2024:14:14:28 -0500] "GET /BLA/boletinlegal/ HTTP/1.1" 200 57485
186.154.121.31 - - [25/Mar/2024:14:16:27 -0500] "POST /sipse/faces/presentacion/financiero/solicitudProceso/consultarSolicitudProceso.xhtml HTTP/1.1" 200 5574
40.77.167.50 - - [25/Mar/2024:14:16:34 -0500] "GET /BLA/resoluciones/RESOLUCIONES%202022/5016.pdf HTTP/1.1" 200 510557
66.249.66.19 - - [25/Mar/2024:14:16:54 -0500] "GET /BLA/resoluciones/Notificaciones/RESOLUCIONES%202023/0268.pdf HTTP/1.1" 304 -
114.119.132.170 - - [25/Mar/2024:14:17:59 -0500] "GET /BLA/resoluciones/index.php?dir=RESOLUCIONES%2B1994/ HTTP/1.1" 200 14312
172.22.2.4 - - [25/Mar/2024:14:17:24 -0500] "HEAD /BLA/boletinlegal/ HTTP/1.1" 200 -
216.245.221.92 - - [25/Mar/2024:14:19:07 -0500] "HEAD / HTTP/1.1" 200 -
172.22.2.4 - - [25/Mar/2024:14:19:19 -0500] "GET /BLA/boletinlegal/actos.php HTTP/1.1" 200 9738
172.22.2.4 - - [25/Mar/2024:14:19:19 -0500] "GET /BLA/boletinlegal/js/ajax_actos.js HTTP/1.1" 200 1322
172.22.2.4 - - [25/Mar/2024:14:19:19 -0500] "GET /BLA/boletinlegal/styles2.css HTTP/1.1" 200 1838
172.22.2.4 - - [25/Mar/2024:14:19:19 -0500] "GET /BLA/boletinlegal/niceforms-default.css HTTP/1.1" 200 6694
172.22.2.4 - - [25/Mar/2024:14:19:19 -0500] "GET /BLA/boletinlegal/style.css HTTP/1.1" 200 9406
172.22.2.4 - - [25/Mar/2024:14:19:19 -0500] "GET /BLA/boletinlegal/js/lib.js HTTP/1.1" 200 6474
172.22.2.4 - - [25/Mar/2024:14:19:19 -0500] "GET /BLA/boletinlegal/niceforms.js HTTP/1.1" 200 22876
172.22.2.4 - - [25/Mar/2024:14:19:19 -0500] "GET /BLA/boletinlegal/js/jquery1.js HTTP/1.1" 200 29846
172.22.2.4 - - [25/Mar/2024:14:19:19 -0500] "GET /BLA/boletinlegal/images/cabezote%20BLEGAL.jpg HTTP/1.1" 200 118164
172.22.2.4 - - [25/Mar/2024:14:19:19 -0500] "GET /BLA/boletinlegal/js/popup.js HTTP/1.1" 200 1270
172.22.2.4 - - [25/Mar/2024:14:19:19 -0500] "GET /BLA/boletinlegal/images/subscribe-icon-big.png HTTP/1.1" 200 47702
172.22.2.4 - - [25/Mar/2024:14:19:19 -0500] "GET /BLA/boletinlegal/images/historia.png HTTP/1.1" 200 52775
172.22.2.4 - - [25/Mar/2024:14:19:19 -0500] "GET /BLA/boletinlegal/images/registro-usuarios.png HTTP/1.1" 200 8106
172.22.2.4 - - [25/Mar/2024:14:19:19 -0500] "GET /BLA/boletinlegal/images/green-yellow-blue-pink-th.png HTTP/1.1" 200 7394
172.22.2.4 - - [25/Mar/2024:14:19:19 -0500] "GET /BLA/boletinlegal/images/tel.png HTTP/1.1" 200 14477
172.22.2.4 - - [25/Mar/2024:14:19:19 -0500] "GET /BLA/boletinlegal/images/icono-email.png HTTP/1.1" 200 5544
172.22.2.4 - - [25/Mar/2024:14:19:19 -0500] "GET /BLA/boletinlegal/images/body_bg.jpg HTTP/1.1" 200 1601
172.22.2.4 - - [25/Mar/2024:14:19:19 -0500] "GET /BLA/boletinlegal/images/menu_lft.gif HTTP/1.1" 200 1713
172.22.2.4 - - [25/Mar/2024:14:19:19 -0500] "GET /BLA/boletinlegal/images/menu_rght.gif HTTP/1.1" 200 1627
172.22.2.4 - - [25/Mar/2024:14:19:19 -0500] "GET /BLA/boletinlegal/images/bg_top.jpg HTTP/1.1" 200 522
172.22.2.4 - - [25/Mar/2024:14:19:19 -0500] "GET /BLA/boletinlegal/images/menu_bg.jpg HTTP/1.1" 200 620
172.22.2.4 - - [25/Mar/2024:14:19:19 -0500] "GET /BLA/boletinlegal/images/hover.jpg HTTP/1.1" 200 640
172.22.2.4 - - [25/Mar/2024:14:19:19 -0500] "GET /BLA/boletinlegal/images/text.jpg HTTP/1.1" 200 568
172.22.2.4 - - [25/Mar/2024:14:19:19 -0500] "GET /BLA/boletinlegal/images/footer_bg.jpg HTTP/1.1" 200 586
172.22.2.4 - - [25/Mar/2024:14:19:19 -0500] "GET /BLA/boletinlegal/images/footer_bg_l.jpg HTTP/1.1" 200 776
172.22.2.4 - - [25/Mar/2024:14:19:20 -0500] "GET /BLA/boletinlegal/img/0.png HTTP/1.1" 200 110
172.22.2.4 - - [25/Mar/2024:14:19:20 -0500] "GET /BLA/boletinlegal/img/select-left.png HTTP/1.1" 200 263
172.22.2.4 - - [25/Mar/2024:14:19:20 -0500] "GET /BLA/boletinlegal/img/select-right.png HTTP/1.1" 200 44019
172.22.2.4 - - [25/Mar/2024:14:19:20 -0500] "GET /BLA/boletinlegal/img/button-left.png HTTP/1.1" 200 57071
172.22.2.4 - - [25/Mar/2024:14:19:20 -0500] "GET /BLA/boletinlegal/img/button.png HTTP/1.1" 200 43241
172.22.2.4 - - [25/Mar/2024:14:19:20 -0500] "GET /BLA/boletinlegal/img/button-right.png HTTP/1.1" 200 57878
172.22.2.4 - - [25/Mar/2024:14:19:20 -0500] "GET /BLA/boletinlegal/favicon.ico HTTP/1.1" 404 1326
172.22.2.4 - - [25/Mar/2024:14:19:31 -0500] "GET /BLA/boletinlegal/consulta_actos.php?tipo=resoluciones&no=1796&usuario=&sector=&fecha=2017&resuelve= HTTP/1.1" 200 1089
172.22.2.4 - - [25/Mar/2024:14:19:31 -0500] "GET /BLA/boletinlegal/images/pdf.gif HTTP/1.1" 200 567
179.32.2.132 - - [25/Mar/2024:14:19:35 -0500] "GET /BLA/resoluciones/RESOLUCIONES%202017/1796.pdf HTTP/1.1" 200 577147
172.22.2.4 - - [25/Mar/2024:14:19:39 -0500] "GET /BLA/boletinlegal/jurisprudencia/analisis/Analisis%20jurisprudencial%20Sentencia%20C-366-11.doc HTTP/1.1" 304 -
172.22.2.4 - - [25/Mar/2024:14:18:15 -0500] "GET /BLA/boletinlegal/ HTTP/1.1" 200 58720
201.245.192.253 - - [25/Mar/2024:14:19:39 -0500] "POST /kwsrmcab/Wsrmcab HTTP/1.1" 200 39857
201.245.192.253 - - [25/Mar/2024:14:20:02 -0500] "POST /kwsrmcab/Wsrmcab HTTP/1.1" 200 38495
172.22.2.4 - - [25/Mar/2024:14:20:05 -0500] "GET /BLA/boletinlegal/jurisprudencia/analisis/SENTENCIA%20C-703%20DE%202010.xls HTTP/1.1" 304 -
201.245.192.253 - - [25/Mar/2024:14:20:16 -0500] "POST /kwsrmcab/Wsrmcab HTTP/1.1" 200 38013
181.53.12.175 - - [25/Mar/2024:14:20:53 -0500] "GET /BLA/resoluciones/ HTTP/1.1" 200 14105
172.22.2.4 - - [25/Mar/2024:14:20:55 -0500] "GET /BLA/boletinlegal/Circulares/2023/CIRCULAR%20No.%2000006%20DEL%2013%20DE%20JULIO%20DEL%202023.pdf HTTP/1.1" 304 -
181.53.12.175 - - [25/Mar/2024:14:21:05 -0500] "GET /BLA/resoluciones/dlf/styles.css HTTP/1.1" 200 3049
181.53.12.175 - - [25/Mar/2024:14:21:05 -0500] "GET /BLA/resoluciones/ HTTP/1.1" 200 14105
201.245.192.253 - - [25/Mar/2024:14:21:05 -0500] "POST /kwsrmcab/Wsrmcab  HTTP/1.1" 200 39660
181.53.12.175 - - [25/Mar/2024:14:21:18 -0500] "GET /BLA/resoluciones/dlf/folder.png HTTP/1.1" 200 410
181.53.12.175 - - [25/Mar/2024:14:21:18 -0500] "GET /BLA/resoluciones/dlf/bg.gif HTTP/1.1" 200 54
172.22.2.4 - - [25/Mar/2024:14:21:20 -0500] "GET /BLA/boletinlegal/jurisprudencia/analisis/CUADRO%20ANALISIS%20SENTENCIA%20T-411%20DE%201992.doc HTTP/1.1" 304 -
181.53.12.175 - - [25/Mar/2024:14:21:31 -0500] "GET /BLA/resoluciones/index.php?dir=AUTOS+2022%2F HTTP/1.1" 200 12235
181.53.12.175 - - [25/Mar/2024:14:21:31 -0500] "GET /BLA/resoluciones/index.php?dir=AUTOS+2022%2F HTTP/1.1" 200 512260
181.53.12.175 - - [25/Mar/2024:14:21:32 -0500] "GET /BLA/resoluciones/dlf/dirup.png HTTP/1.1" 200 644
181.53.12.175 - - [25/Mar/2024:14:21:32 -0500] "GET /BLA/resoluciones/dlf/pdf.gif HTTP/1.1" 200 272
181.53.12.175 - - [25/Mar/2024:14:21:32 -0500] "GET /BLA/resoluciones/dlf/archive.png HTTP/1.1" 200 632
181.78.209.199 - - [25/Mar/2024:14:21:40 -0500] "GET /sipse/faces/javax.faces.resource/images/ui-bg_flat_0_2d5972_40x100.png?ln=primefaces-aristo HTTP/1.1" 304 -
181.78.209.199 - - [25/Mar/2024:14:21:40 -0500] "POST /sipse/faces/presentacion/financiero/solicitudProceso/consultarSolicitudProceso.xhtml HTTP/1.1" 200 43800
181.78.209.199 - - [25/Mar/2024:14:21:43 -0500] "GET /sipse/faces/javax.faces.resource/theme.css?ln=primefaces-sipse HTTP/1.1" 304 -
181.78.209.199 - - [25/Mar/2024:14:21:43 -0500] "GET /sipse/faces/javax.faces.resource/jquery/jquery.js?ln=primefaces&v=4.0 HTTP/1.1" 304 -
181.78.209.199 - - [25/Mar/2024:14:21:44 -0500] "GET /sipse/faces/javax.faces.resource/jquery/jquery-plugins.js?ln=primefaces&v=4.0 HTTP/1.1" 304 -
181.78.209.199 - - [25/Mar/2024:14:22:05 -0500] "GET /sipse/faces/javax.faces.resource/primefaces.js?ln=primefaces&v=4.0 HTTP/1.1" 304 -
181.78.209.199 - - [25/Mar/2024:14:22:07 -0500] "GET /sipse/faces/javax.faces.resource/layout/layout.js?ln=primefaces&v=4.0 HTTP/1.1" 304 -
201.245.192.253 - - [25/Mar/2024:14:21:45 -0500] "POST /kwsrmcab/Wsrmcab HTTP/1.1" 200 38495
181.78.209.199 - - [25/Mar/2024:14:22:27 -0500] "GET /sipse/faces/javax.faces.resource/primefaces.css?ln=primefaces&v=4.0 HTTP/1.1" 304 -
181.78.209.199 - - [25/Mar/2024:14:22:27 -0500] "GET /sipse/faces/javax.faces.resource/layout/layout.css?ln=primefaces&v=4.0 HTTP/1.1" 304 -
181.78.209.199 - - [25/Mar/2024:14:22:27 -0500] "GET /sipse/css/imagen/contrasena.png HTTP/1.1" 404 383
66.249.66.20 - - [25/Mar/2024:14:22:45 -0500] "GET /BLA/resoluciones/Notificaciones/RESOLUCIONES%202021/2604.pdf HTTP/1.1" 200 895743
172.22.2.4 - - [25/Mar/2024:14:22:57 -0500] "GET /BLA/boletinlegal/Directivas/2016/Directiva%20No.%2002%20del%2019%20de%20Abril%20de%202016.pdf HTTP/1.1" 200 11898321
66.249.66.21 - - [25/Mar/2024:14:23:32 -0500] "GET /Publicaciones/2024EE53840.pdf HTTP/1.1" 404 227
66.249.66.21 - - [25/Mar/2024:14:23:32 -0500] "GET /Publicaciones/2024EE56816.pdf HTTP/1.1" 200 368481
66.249.66.19 - - [25/Mar/2024:14:23:37 -0500] "GET /Publicaciones/2024EE51582.pdf HTTP/1.1" 404 227
66.249.66.19 - - [25/Mar/2024:14:23:41 -0500] "GET /Publicaciones/2024EE52814.pdf HTTP/1.1" 404 227
66.249.66.19 - - [25/Mar/2024:14:23:47 -0500] "GET /Publicaciones/2024EE57283.pdf HTTP/1.1" 200 271004
66.249.66.19 - - [25/Mar/2024:14:23:49 -0500] "GET /Publicaciones/2024EE58913.pdf HTTP/1.1" 200 362076
66.249.66.19 - - [25/Mar/2024:14:23:51 -0500] "GET /Publicaciones/2024EE51603.pdf HTTP/1.1" 404 227
66.249.66.19 - - [25/Mar/2024:14:23:52 -0500] "GET /Publicaciones/2024EE59689.pdf HTTP/1.1" 200 351702
66.249.66.19 - - [25/Mar/2024:14:24:00 -0500] "GET /Publicaciones/2024EE55754.pdf HTTP/1.1" 200 348394
186.102.102.111 - - [25/Mar/2024:14:24:01 -0500] "GET /kwssiamovil/sm/acme/a?s=U2FsdGVkX19lbF1yLLp54T+kXl5Qcoc3RyVJ8O7z9PjeXYrqIvDnIxbLbTT+WVKuKc6DMXw7XmAnBWI1My9llEF5/D0+DlHJFErAiSUb+hDuk00c2SpH9OjzCFjK3jFTCutlMLTr4LgJe19UZjGd6iQV1E5hdyCCqWXbO064puwaCCIc+EeYxbM9AJgD8ktRpV2iNjkHNm9zwIDnd8f/f3MwRSufXigyLKz7yrn1bVlrOmldrJik4vEPwT7+71R0lMPhKgb+BD4Devsz1lbR+A==&u=U2FsdGVkX1+qb54Xo1mGb1iHjHOhrduRjhQzD4ITEqGC9YQyZfDu7bp8DvbNS8dM&y=U2FsdGVkX18cbOiCZLkh2rTPRnbcLMnzkfbK3wPYsE/gSau1JIlC5iTGjTQTJO+Z HTTP/1.1" 200 26
186.102.102.111 - - [25/Mar/2024:14:24:01 -0500] "GET /kwssiamovil/sm/acme/a?s=U2FsdGVkX1+jpDDnD44SeTqjoxIp9/q7uzgoA/EeXgkafjIcMKjg5DlHW3nbztORx1mKrJSY5nzWO2B8wjTFGEqOxcUELAPIFWE3vaGaehHCUZwohExVE7zbHfyziFO9jYz0JVdV0jscZL5uCX1TLnT9WrHSwBzU6h3Zc8+8DUQ/gsHPvVs4Zv56bfRdRQawSTP+e0hSj/vphwl/AI42KR9YRBhRPMaouiNdegmitB/y7uuHPGLsyR4V775VDPcoB5ParVtZSJoCAXio4SOZtfXsOA8yx5IvTdg2CPYl4fidKW7Si+kWyBsPAPfPSBqY0GBeEfd3DubwyBSd3Ni6cB589U6GdUA8koFxi+72e51+ZdBJVo6pHN5A9F+7gpho6ON3QYTgo+mUbp1C1KnPVQu+X/8gFp3ttGkzx0Znl/YOqYOdVh51Fi48dzvpTA+0hhYqOXF0jGxi6OfGlzw1eO6hC0ugLqR8zAdjnYElGjH5Bp0M92Esl9SUthHr6VXYiO7uVmYeZnltHt3LTjPILKDsb8jP5GaV1T/jc4+DY8CCNoetJZoVW/JuOq8kELR4JEvt4kcS2e7gVDqOBY/6FALCp8UwabKML6Ud7zUz0s4D+lBLOskPFvC4+akwwEmUESdqhpytxyywMeg/nQjGCd/n+8/Y+/tqDkC/jJZGDJqh3NEpet6Px6aQWJdfRywzgmefJRMhkozfULTwegKuPoQ4nKsfheqKIMiiQNUAS6ZudNhDFrArB7VFzn0qxbM6GA28dGvfmQkYKGlyoMbxLJ6xZPOutpC0cJoZNoh4tFNOpOlducVA/8s85ZNQIh9ZI1bVGHWdMrRXprs5ChTpQvaLLxfUx4zv6kf6MOfSghrU8PMVML90BSR4m7Yhk53DSe6DFlc3kGFzbcilJU2wi+PPsnFd/05SsAlW7H90idJEe0pvYiqncwIyUSea1JnqH+gAphnvlML4Tyu32cy9qX5Mx5shnne40442yVv82vsMfxYKI3KCc1AcRJqD3d/AciGfGuGBYHlFrTUZNGrTP41A4njhOenggH1kA93GkUMd0qyILUsp8Cb+dShs1stPJVq5EoeJrMmjQvtLdvkOIGQss01gTzQ6OhphoDbNdS3Eyx3JQeE6T2cA6wsdAQh4IiKVXy56IdCOSJE4NZkT/JYFuviWIBama5gjAv2J9IrrBkavyq8Uz/F1j9NavVeUNJQ4qe5gZBc0FD+Ly5ubjPp+jkzsmmuaHmiYvUntgoUm8V3MxIRjdOWb+MjD2yVGO35apcvZUmF3F83TPzFpIQeew70q/0WpUnIm8yZ9kLPU2mC/r4XmGRpStC+CUS8H4V2SjBDPGfckVqXnjMRf/hrR4AOwxazCczTq4ZAHwL4/QTG+ulrTRwoU5JA8S55Ez3HAP4gs/cNNpD478yLC5kkgQdBSslfCFhFHcv1WYwRXEWoLumroJISkhfBkN45b82ISiWe9KiI2kC/c0BlAwgMrKEh6FjyOssKuzYA+Q7TpEaJkRVbvJ24lfr5DztsF/+phV6gZE5xhmBcorNzbX+MPg51tYfBuvFH7RSYVXtIFsLa/mQCTgSznW2H5OiOD4LFDvp9cJejJKDtHwT0FqosCl9ryiakKHay4cwxN6SsyHxH6Vi3NE7AEQFeQkoI/YXpS8uHpL1D9hSnbMenAdPeqwYQSXUQFpq8wwNVPxUvzJGDFrvjd3uMQ2Hsqqj7qMD+rP4sOjuRthq4inexJbFz2EBbz7fRlzXQDPnWeW0U/ert2rLOawCPGJAk1RU0NIZNZJi/mRCVhXYCAAkAKU52dSSOD34Wecw6gvtMit2f9olkCXA0I01GTHggIC1qOei9XPGpXRP9EvTWfJa+rgO1RKBXk2liJO3Iy/dEN/B9+hNbWssGcnoHALTMoppBiupeVj9UK8L15lalNyABjYcemzuqdeA2oeAJ9cSZCeGSq1SnPAMVuhdRYUVJkY44CcB8VTS8iHqTilXUGVsQo1f5hq4rOlbU13iTlUdNdkYQFeFUv5PDE1WtHHOXoKqmJDRjrYi298OzaOenTFNtH5G9Aw/jHE2FXbDxeAike1u2VIjjg4eL59c9wmDhmhfOZQa9GsQrHjX42ea0RVjJrEZWEIWFkz6TE6iMtmrA9xLzF8fWUQh0UlgCiLOWEEXkghgzBkTgCGYGUzlOt0r/KuA==&u=U2FsdGVkX1+qb54Xo1mGb1iHjHOhrduRjhQzD4ITEqGC9YQyZfDu7bp8DvbNS8dM&y=U2FsdGVkX18cbOiCZLkh2rTPRnbcLMnzkfbK3wPYsE/gSau1JIlC5iTGjTQTJO+Z HTTP/1.1" 200 26
186.102.102.111 - - [25/Mar/2024:14:24:01 -0500] "GET /kwssiamovil/sm/acme/a?s=U2FsdGVkX1/aH9R5oHIJNC6MaW42GDVIiainI0bNjBhnw+5Q8AWFfaDv4ZReVU9Wn/vtMXD1nnyrI6iVzOQPH6iodRSeVVhimfP0rVSuiQrNDViBi9oV7ojUHVog+t8EXJKkLFtuhsaoZlDKFt7Yjr7TDTFXNiGsLa4isCJJomU=&u=U2FsdGVkX1+qb54Xo1mGb1iHjHOhrduRjhQzD4ITEqGC9YQyZfDu7bp8DvbNS8dM&y=U2FsdGVkX18cbOiCZLkh2rTPRnbcLMnzkfbK3wPYsE/gSau1JIlC5iTGjTQTJO+Z HTTP/1.1" 200 26
186.102.102.111 - - [25/Mar/2024:14:24:02 -0500] "GET /kwssiamovil/sm/acme/a?s=U2FsdGVkX19pT0l3zJSQIcJKCBs17Z7wS8GESTXqiwdoIjlSvhH+QYc+dWVAlEgufDezFwk5pT6LtLLChHnRP7hwAmcQNL8HGQ0sZPbGXpeE+gQ/nskKyiGYYYGjAiKKViAYAwWuioi0O9FF5mNzgTwZi9WR1BK3YbaHWluhGhE=&u=U2FsdGVkX1+qb54Xo1mGb1iHjHOhrduRjhQzD4ITEqGC9YQyZfDu7bp8DvbNS8dM&y=U2FsdGVkX18cbOiCZLkh2rTPRnbcLMnzkfbK3wPYsE/gSau1JIlC5iTGjTQTJO+Z HTTP/1.1" 200 26
186.102.102.111 - - [25/Mar/2024:14:24:02 -0500] "GET /kwssiamovil/sm/acme/a?s=U2FsdGVkX1+xhj3FR2dqf0YWMLk9ulDNMakYX1sChfCxFxjJuGnHAS0MVvSPXSyscJvwWKvfLBIVy7ioWbfP95rWLt6WG2qJk/lq5jL6bPa5dlfVwDkpwmsj16b4j9uzSaewvz1kd+Evh3wLgiNcbMKusJ7szv6Q4svRof9IE5k=&u=U2FsdGVkX1+qb54Xo1mGb1iHjHOhrduRjhQzD4ITEqGC9YQyZfDu7bp8DvbNS8dM&y=U2FsdGVkX18cbOiCZLkh2rTPRnbcLMnzkfbK3wPYsE/gSau1JIlC5iTGjTQTJO+Z HTTP/1.1" 200 26
186.102.102.111 - - [25/Mar/2024:14:24:02 -0500] "GET /kwssiamovil/sm/acme/a?s=U2FsdGVkX195AWQ5B5U29Fykb4pYz9UlESnnJ3MG5uGgIXaB/+HKLhJOZxzh12RaWJsZQTe9H+SMfC1KLz2Y3O1PYa64V9/Jg/AZFdbimCWoaE0PawvGDBbh9HyU8Xr3p377rM0ltgu15Bb3BFOX1ADHIkm72jUUOdnaA9RC2FfDNkD6bhspSSkxy/mec6SwJVUOJwRSlBzuKft7sb1olA==&u=U2FsdGVkX1+qb54Xo1mGb1iHjHOhrduRjhQzD4ITEqGC9YQyZfDu7bp8DvbNS8dM&y=U2FsdGVkX18cbOiCZLkh2rTPRnbcLMnzkfbK3wPYsE/gSau1JIlC5iTGjTQTJO+Z HTTP/1.1" 200 26
216.245.221.92 - - [25/Mar/2024:14:24:07 -0500] "HEAD / HTTP/1.1" 200 -
66.249.66.19 - - [25/Mar/2024:14:24:13 -0500] "GET /Publicaciones/2024EE59868.pdf HTTP/1.1" 200 223378
66.249.66.20 - - [25/Mar/2024:14:24:19 -0500] "GET /Publicaciones/2024EE56870.pdf HTTP/1.1" 200 223389
66.249.66.19 - - [25/Mar/2024:14:24:20 -0500] "GET /Publicaciones/2024EE51588.pdf HTTP/1.1" 404 227
66.249.66.19 - - [25/Mar/2024:14:24:21 -0500] "GET /Publicaciones/2024EE52255.pdf HTTP/1.1" 404 227
172.22.2.4 - - [25/Mar/2024:14:23:14 -0500] "HEAD /BLA/boletinlegal/ HTTP/1.1" 200 -
172.22.2.4 - - [25/Mar/2024:14:23:21 -0500] "GET /BLA/boletinlegal/ HTTP/1.1" 200 52783
66.249.66.21 - - [25/Mar/2024:14:25:09 -0500] "GET /Publicaciones/2024EE59859.pdf HTTP/1.1" 200 223364
186.154.121.31 - - [25/Mar/2024:14:25:10 -0500] "POST /sipse/faces/presentacion/financiero/solicitudProceso/consultarSolicitudProceso.xhtml HTTP/1.1" 200 37548
186.154.121.31 - - [25/Mar/2024:14:25:11 -0500] "GET /sipse/faces/javax.faces.resource/theme.css?ln=primefaces-sipse HTTP/1.1" 304 -
186.154.121.31 - - [25/Mar/2024:14:25:11 -0500] "GET /sipse/faces/javax.faces.resource/primefaces.css?ln=primefaces&v=4.0 HTTP/1.1" 304 -
186.154.121.31 - - [25/Mar/2024:14:25:11 -0500] "GET /sipse/faces/javax.faces.resource/layout/layout.css?ln=primefaces&v=4.0 HTTP/1.1" 304 -
186.154.121.31 - - [25/Mar/2024:14:25:11 -0500] "GET /sipse/faces/javax.faces.resource/jquery/jquery.js?ln=primefaces&v=4.0 HTTP/1.1" 304 -
186.154.121.31 - - [25/Mar/2024:14:25:11 -0500] "GET /sipse/faces/javax.faces.resource/jquery/jquery-plugins.js?ln=primefaces&v=4.0 HTTP/1.1" 304 -
186.154.121.31 - - [25/Mar/2024:14:25:11 -0500] "GET /sipse/css/imagen/contrasena.png HTTP/1.1" 404 383
186.154.121.31 - - [25/Mar/2024:14:25:11 -0500] "GET /sipse/faces/javax.faces.resource/primefaces.js?ln=primefaces&v=4.0 HTTP/1.1" 304 -
66.249.66.20 - - [25/Mar/2024:14:25:10 -0500] "GET /Publicaciones/2024EE57928.pdf HTTP/1.1" 200 435261
186.154.121.31 - - [25/Mar/2024:14:25:11 -0500] "GET /sipse/faces/javax.faces.resource/layout/layout.js?ln=primefaces&v=4.0 HTTP/1.1" 304 -
186.154.121.31 - - [25/Mar/2024:14:25:11 -0500] "POST /sipse/faces/presentacion/financiero/solicitudProceso/listarSolicitudProceso.xhtml HTTP/1.1" 200 30942
181.78.209.199 - - [25/Mar/2024:14:25:11 -0500] "POST /sipse/faces/presentacion/financiero/solicitudProceso/consultar.xhtml HTTP/1.1" 200 12796
186.154.121.31 - - [25/Mar/2024:14:25:12 -0500] "POST /sipse/faces/presentacion/financiero/solicitudProceso/listarSolicitudProceso.xhtml HTTP/1.1" 200 30942
186.154.121.31 - - [25/Mar/2024:14:25:12 -0500] "POST /sipse/faces/presentacion/financiero/solicitudProceso/listarSolicitudProceso.xhtml HTTP/1.1" 200 1420
186.154.121.31 - - [25/Mar/2024:14:25:13 -0500] "POST /sipse/faces/presentacion/financiero/solicitudProceso/listarSolicitudProceso.xhtml HTTP/1.1" 200 1424
186.154.121.31 - - [25/Mar/2024:14:25:13 -0500] "POST /sipse/faces/presentacion/financiero/solicitudProceso/listarSolicitudProceso.xhtml HTTP/1.1" 200 1424
66.249.66.19 - - [25/Mar/2024:14:25:23 -0500] "GET /Publicaciones/2024EE52750.pdf HTTP/1.1" 404 227
66.249.66.20 - - [25/Mar/2024:14:25:31 -0500] "GET /Publicaciones/2024EE56873.pdf HTTP/1.1" 200 223395
66.249.66.21 - - [25/Mar/2024:14:25:32 -0500] "GET /Publicaciones/2024EE58232.pdf HTTP/1.1" 200 223450
40.77.167.67 - - [25/Mar/2024:14:25:35 -0500] "GET /BLA/resoluciones/RESOLUCIONES%202022/5022.pdf HTTP/1.1" 200 442009
66.249.66.19 - - [25/Mar/2024:14:25:37 -0500] "GET /Publicaciones/2024EE49703.pdf HTTP/1.1" 404 227
172.22.2.4 - - [25/Mar/2024:14:24:05 -0500] "GET /BLA/boletinlegal/ HTTP/1.1" 200 55823
201.245.192.253 - - [25/Mar/2024:14:26:04 -0500] "POST /kwsrmcab/Wsrmcab  HTTP/1.1" 200 39660
66.249.66.19 - - [25/Mar/2024:14:26:23 -0500] "GET /Publicaciones/2024EE59389.pdf HTTP/1.1" 200 223303
66.249.66.21 - - [25/Mar/2024:14:26:41 -0500] "GET /Publicaciones/2024EE52948.pdf HTTP/1.1" 404 227
66.249.66.21 - - [25/Mar/2024:14:27:32 -0500] "GET /Publicaciones/2024EE53301.pdf HTTP/1.1" 404 227
172.22.2.4 - - [25/Mar/2024:14:27:39 -0500] "GET /BLA/boletinlegal/Circulares/2012/Circular%20No.%207%20del%2008%20de%20Agosto%20de%202012.pdf HTTP/1.1" 200 972955
216.245.221.92 - - [25/Mar/2024:14:29:07 -0500] "HEAD / HTTP/1.1" 200 -
66.249.66.19 - - [25/Mar/2024:14:29:08 -0500] "GET /Publicaciones/2024EE55862.pdf HTTP/1.1" 404 227
66.249.66.19 - - [25/Mar/2024:14:29:24 -0500] "GET /Publicaciones/2024EE59657.pdf HTTP/1.1" 200 251752
186.154.121.31 - - [25/Mar/2024:14:29:29 -0500] "POST /sipse/faces/presentacion/financiero/solicitudProceso/listarSolicitudProceso.xhtml HTTP/1.1" 200 13586
186.154.121.31 - - [25/Mar/2024:14:29:36 -0500] "POST /sipse/faces/presentacion/financiero/solicitudProceso/listarSolicitudProceso.xhtml HTTP/1.1" 200 137874
186.154.121.31 - - [25/Mar/2024:14:29:37 -0500] "GET /sipse/faces/javax.faces.resource/theme.css?ln=primefaces-sipse HTTP/1.1" 304 -
186.154.121.31 - - [25/Mar/2024:14:29:37 -0500] "GET /sipse/faces/javax.faces.resource/layout/layout.css?ln=primefaces&v=4.0 HTTP/1.1" 304 -
186.154.121.31 - - [25/Mar/2024:14:29:37 -0500] "GET /sipse/faces/javax.faces.resource/primefaces.css?ln=primefaces&v=4.0 HTTP/1.1" 304 -
186.154.121.31 - - [25/Mar/2024:14:29:37 -0500] "GET /sipse/faces/javax.faces.resource/jquery/jquery.js?ln=primefaces&v=4.0 HTTP/1.1" 304 -
186.154.121.31 - - [25/Mar/2024:14:29:37 -0500] "GET /sipse/faces/javax.faces.resource/jquery/jquery-plugins.js?ln=primefaces&v=4.0 HTTP/1.1" 304 -
186.154.121.31 - - [25/Mar/2024:14:29:37 -0500] "GET /sipse/faces/javax.faces.resource/primefaces.js?ln=primefaces&v=4.0 HTTP/1.1" 304 -
186.154.121.31 - - [25/Mar/2024:14:29:37 -0500] "GET /sipse/faces/javax.faces.resource/layout/layout.js?ln=primefaces&v=4.0 HTTP/1.1" 304 -
186.154.121.31 - - [25/Mar/2024:14:29:37 -0500] "GET /sipse/css/imagen/contrasena.png HTTP/1.1" 404 383
186.154.121.31 - - [25/Mar/2024:14:29:50 -0500] "POST /sipse/faces/presentacion/financiero/solicitudProceso/consultarSolicitudProceso.xhtml HTTP/1.1" 200 1374799
201.245.192.253 - - [25/Mar/2024:14:30:16 -0500] "POST /kwsrmcab/Wsrmcab HTTP/1.1" 200 38013
201.245.192.253 - - [25/Mar/2024:14:29:38 -0500] "POST /kwsrmcab/Wsrmcab HTTP/1.1" 200 39857
201.245.192.253 - - [25/Mar/2024:14:30:18 -0500] "POST /kwsrmcab/Wsrmcab HTTP/1.1" 200 38495
172.22.2.4 - - [25/Mar/2024:14:30:25 -0500] "GET /BLA/boletinlegal/jurisprudencia/analisis/AnalisisT-095-16.docx HTTP/1.1" 304 -
172.22.2.4 - - [25/Mar/2024:14:30:40 -0500] "GET /BLA/boletinlegal/actos.php HTTP/1.1" 200 9738
186.84.91.78 - - [25/Mar/2024:14:30:42 -0500] "GET /BLA/resoluciones/ HTTP/1.1" 200 14105
172.22.2.4 - - [25/Mar/2024:14:29:04 -0500] "HEAD /BLA/boletinlegal/ HTTP/1.1" 200 -
186.84.91.78 - - [25/Mar/2024:14:30:46 -0500] "GET /BLA/resoluciones/index.php?dir=AUTOS+2022%2F HTTP/1.1" 200 512260
66.249.66.21 - - [25/Mar/2024:14:30:57 -0500] "GET /Publicaciones/2024EE53260.pdf HTTP/1.1" 404 227
201.245.192.253 - - [25/Mar/2024:14:31:02 -0500] "POST /kwsrmcab/Wsrmcab  HTTP/1.1" 200 39660
201.245.192.253 - - [25/Mar/2024:14:31:12 -0500] "POST /kwsrmcab/Wsrmcab HTTP/1.1" 200 38495
172.22.2.4 - - [25/Mar/2024:14:29:55 -0500] "GET /BLA/boletinlegal/ HTTP/1.1" 200 58273
66.249.66.21 - - [25/Mar/2024:14:32:33 -0500] "GET /Publicaciones/2024EE58073.pdf HTTP/1.1" 200 1216010
66.249.66.20 - - [25/Mar/2024:14:32:51 -0500] "GET /Publicaciones/2024EE56868.pdf HTTP/1.1" 200 223357
66.249.66.19 - - [25/Mar/2024:14:32:55 -0500] "GET /Publicaciones/2024EE54611.pdf HTTP/1.1" 404 227
181.78.209.199 - - [25/Mar/2024:14:33:14 -0500] "GET /sipse/faces/index.xhtml HTTP/1.1" 200 677
181.78.209.199 - - [25/Mar/2024:14:33:18 -0500] "GET /sipse/faces/javax.faces.resource/theme.css?ln=primefaces-sipse HTTP/1.1" 304 -
66.249.66.19 - - [25/Mar/2024:14:33:33 -0500] "GET /Publicaciones/2024EE59864.pdf HTTP/1.1" 200 223385
172.22.2.4 - - [25/Mar/2024:14:33:55 -0500] "GET /BLA/boletinlegal/.git/config HTTP/1.1" 404 1018
66.249.66.20 - - [25/Mar/2024:14:34:00 -0500] "GET /Publicaciones/2024EE49572.pdf HTTP/1.1" 404 227
216.245.221.92 - - [25/Mar/2024:14:34:07 -0500] "HEAD / HTTP/1.1" 200 -
181.78.209.199 - - [25/Mar/2024:14:34:10 -0500] "GET /sipse/faces/faces/autenticacion.xhtml HTTP/1.1" 200 12418
181.78.209.199 - - [25/Mar/2024:14:34:11 -0500] "GET /sipse/faces/javax.faces.resource/theme.css?ln=primefaces-sipse HTTP/1.1" 304 -
