181.78.209.199 - - [25/Mar/2024:14:34:11 -0500] "GET /sipse/faces/javax.faces.resource/jquery/jquery.js?ln=primefaces&v=4.0 HTTP/1.1" 304 -
181.78.209.199 - - [25/Mar/2024:14:34:11 -0500] "GET /sipse/faces/javax.faces.resource/primefaces.css?ln=primefaces&v=4.0 HTTP/1.1" 304 -
181.78.209.199 - - [25/Mar/2024:14:34:11 -0500] "GET /sipse/faces/javax.faces.resource/primefaces.js?ln=primefaces&v=4.0 HTTP/1.1" 304 -
181.78.209.199 - - [25/Mar/2024:14:34:11 -0500] "GET /sipse/faces/javax.faces.resource/layout/layout.css?ln=primefaces&v=4.0 HTTP/1.1" 304 -
181.78.209.199 - - [25/Mar/2024:14:34:11 -0500] "GET /sipse/faces/javax.faces.resource/layout/layout.js?ln=primefaces&v=4.0 HTTP/1.1" 304 -
181.78.209.199 - - [25/Mar/2024:14:34:11 -0500] "GET /sipse/faces/javax.faces.resource/jquery/jquery-plugins.js?ln=primefaces&v=4.0 HTTP/1.1" 304 -
181.78.209.199 - - [25/Mar/2024:14:34:12 -0500] "GET /sipse/faces/javax.faces.resource/images/ui-icons_898989_256x240.png?ln=primefaces-aristo HTTP/1.1" 304 -
52.167.144.170 - - [25/Mar/2024:14:34:15 -0500] "GET /BLA/resoluciones/RESOLUCIONES%202023/03228.pdf HTTP/1.1" 200 548105
66.249.66.19 - - [25/Mar/2024:14:34:22 -0500] "GET /Publicaciones/2024EE53659.pdf HTTP/1.1" 404 227
20.26.44.163 - - [25/Mar/2024:14:34:28 -0500] "GET /Publicaciones/2023EE275501.pdf HTTP/1.1" 404 228
181.78.209.199 - - [25/Mar/2024:14:34:39 -0500] "POST /sipse/faces/autenticacion.xhtml HTTP/1.1" 200 2220
181.78.209.199 - - [25/Mar/2024:14:34:42 -0500] "GET /sipse/faces/javax.faces.resource/messages/messages.png?ln=primefaces&v=4.0 HTTP/1.1" 304 -
181.78.209.199 - - [25/Mar/2024:14:34:42 -0500] "POST /sipse/faces/autenticacion.xhtml HTTP/1.1" 200 2228
181.78.209.199 - - [25/Mar/2024:14:34:47 -0500] "POST /sipse/faces/autenticacion.xhtml HTTP/1.1" 200 16361
181.78.209.199 - - [25/Mar/2024:14:34:48 -0500] "GET /sipse/faces/javax.faces.resource/theme.css?ln=primefaces-sipse HTTP/1.1" 304 -
181.78.209.199 - - [25/Mar/2024:14:34:49 -0500] "GET /sipse/faces/javax.faces.resource/jquery/jquery.js?ln=primefaces&v=4.0 HTTP/1.1" 304 -
181.78.209.199 - - [25/Mar/2024:14:34:49 -0500] "GET /sipse/faces/javax.faces.resource/primefaces.css?ln=primefaces&v=4.0 HTTP/1.1" 304 -
181.78.209.199 - - [25/Mar/2024:14:34:49 -0500] "GET /sipse/faces/javax.faces.resource/layout/layout.css?ln=primefaces&v=4.0 HTTP/1.1" 304 -
181.78.209.199 - - [25/Mar/2024:14:34:50 -0500] "GET /sipse/faces/javax.faces.resource/jquery/jquery-plugins.js?ln=primefaces&v=4.0 HTTP/1.1" 304 -
181.78.209.199 - - [25/Mar/2024:14:34:50 -0500] "GET /sipse/faces/javax.faces.resource/primefaces.js?ln=primefaces&v=4.0 HTTP/1.1" 304 -
181.78.209.199 - - [25/Mar/2024:14:34:51 -0500] "GET /sipse/faces/javax.faces.resource/layout/layout.js?ln=primefaces&v=4.0 HTTP/1.1" 304 -
181.78.209.199 - - [25/Mar/2024:14:34:51 -0500] "GET /sipse/css/imagen/contrasena.png HTTP/1.1" 404 383
181.78.209.199 - - [25/Mar/2024:14:34:53 -0500] "GET /sipse/faces/javax.faces.resource/images/ui-bg_flat_0_2d5972_40x100.png?ln=primefaces-aristo HTTP/1.1" 304 -
181.78.209.199 - - [25/Mar/2024:14:34:54 -0500] "POST /sipse/faces/bienvenido.xhtml HTTP/1.1" 200 2658
52.167.144.170 - - [25/Mar/2024:14:34:56 -0500] "GET /BLA/resoluciones/RESOLUCIONES%202022/4663.pdf HTTP/1.1" 200 484062
181.78.209.199 - - [25/Mar/2024:14:34:56 -0500] "POST /sipse/faces/bienvenido.xhtml HTTP/1.1" 200 2073
181.78.209.199 - - [25/Mar/2024:14:34:57 -0500] "POST /sipse/faces/bienvenido.xhtml HTTP/1.1" 200 40724
181.78.209.199 - - [25/Mar/2024:14:34:58 -0500] "GET /sipse/faces/javax.faces.resource/primefaces.css?ln=primefaces&v=4.0 HTTP/1.1" 304 -
181.78.209.199 - - [25/Mar/2024:14:34:58 -0500] "GET /sipse/faces/javax.faces.resource/theme.css?ln=primefaces-sipse HTTP/1.1" 304 -
181.78.209.199 - - [25/Mar/2024:14:34:59 -0500] "GET /sipse/faces/javax.faces.resource/jquery/jquery.js?ln=primefaces&v=4.0 HTTP/1.1" 304 -
181.78.209.199 - - [25/Mar/2024:14:34:59 -0500] "GET /sipse/faces/javax.faces.resource/layout/layout.css?ln=primefaces&v=4.0 HTTP/1.1" 304 -
181.78.209.199 - - [25/Mar/2024:14:35:00 -0500] "GET /sipse/faces/javax.faces.resource/jquery/jquery-plugins.js?ln=primefaces&v=4.0 HTTP/1.1" 304 -
181.78.209.199 - - [25/Mar/2024:14:35:00 -0500] "GET /sipse/faces/javax.faces.resource/primefaces.js?ln=primefaces&v=4.0 HTTP/1.1" 304 -
181.78.209.199 - - [25/Mar/2024:14:35:01 -0500] "GET /sipse/faces/javax.faces.resource/layout/layout.js?ln=primefaces&v=4.0 HTTP/1.1" 304 -
66.249.66.19 - - [25/Mar/2024:14:35:04 -0500] "GET /Publicaciones/2024EE58247.pdf HTTP/1.1" 200 222873
66.249.66.38 - - [25/Mar/2024:14:35:24 -0500] "GET /secretaria-de-ambiente-adelanta-rehabilitacion-de-un-tayra-mamifero-entregado-en-bogota.html HTTP/1.1" 200 786
181.78.209.199 - - [25/Mar/2024:14:35:48 -0500] "POST /sipse/faces/presentacion/financiero/solicitudProceso/consultar.xhtml HTTP/1.1" 200 12796
201.245.192.253 - - [25/Mar/2024:14:36:00 -0500] "POST /kwsrmcab/Wsrmcab  HTTP/1.1" 200 39660
18.116.205.62 - - [25/Mar/2024:14:36:10 -0500] "HEAD / HTTP/1.1" 200 -
181.78.209.199 - - [25/Mar/2024:14:36:20 -0500] "POST /sipse/faces/presentacion/financiero/solicitudProceso/consultar.xhtml HTTP/1.1" 200 168388
181.78.209.199 - - [25/Mar/2024:14:36:22 -0500] "GET /sipse/faces/javax.faces.resource/theme.css?ln=primefaces-sipse HTTP/1.1" 304 -
181.78.209.199 - - [25/Mar/2024:14:36:22 -0500] "GET /sipse/faces/javax.faces.resource/jquery/jquery.js?ln=primefaces&v=4.0 HTTP/1.1" 304 -
181.78.209.199 - - [25/Mar/2024:14:36:22 -0500] "GET /sipse/faces/javax.faces.resource/primefaces.css?ln=primefaces&v=4.0 HTTP/1.1" 304 -
181.78.209.199 - - [25/Mar/2024:14:36:22 -0500] "GET /sipse/faces/javax.faces.resource/layout/layout.css?ln=primefaces&v=4.0 HTTP/1.1" 304 -
181.78.209.199 - - [25/Mar/2024:14:36:23 -0500] "GET /sipse/faces/javax.faces.resource/jquery/jquery-plugins.js?ln=primefaces&v=4.0 HTTP/1.1" 304 -
181.78.209.199 - - [25/Mar/2024:14:36:23 -0500] "GET /sipse/faces/javax.faces.resource/primefaces.js?ln=primefaces&v=4.0 HTTP/1.1" 304 -
181.78.209.199 - - [25/Mar/2024:14:36:23 -0500] "GET /sipse/faces/javax.faces.resource/layout/layout.js?ln=primefaces&v=4.0 HTTP/1.1" 304 -
172.22.2.4 - - [25/Mar/2024:14:36:30 -0500] "GET /BLA/boletinlegal/Directivas/2016/Directiva%20No.%2002%20del%2019%20de%20Abril%20de%202016.pdf HTTP/1.1" 200 11898321
181.78.209.199 - - [25/Mar/2024:14:36:32 -0500] "POST /sipse/faces/presentacion/financiero/solicitudProceso/consultarSolicitudProceso.xhtml HTTP/1.1" 200 5522
172.22.2.4 - - [25/Mar/2024:14:34:54 -0500] "HEAD /BLA/boletinlegal/ HTTP/1.1" 200 -
172.22.2.4 - - [25/Mar/2024:14:35:45 -0500] "GET /BLA/boletinlegal/ HTTP/1.1" 200 58273
190.156.180.76 - - [25/Mar/2024:14:38:30 -0500] "GET /BLA/resoluciones/dlf/styles.css HTTP/1.1" 200 3049
190.156.180.76 - - [25/Mar/2024:14:38:30 -0500] "GET /BLA/resoluciones/index.php?dir= HTTP/1.1" 200 14105
190.156.180.76 - - [25/Mar/2024:14:38:30 -0500] "GET /BLA/resoluciones/dlf/folder.png HTTP/1.1" 200 410
190.156.180.76 - - [25/Mar/2024:14:38:30 -0500] "GET /BLA/resoluciones/dlf/bg.gif HTTP/1.1" 200 54
190.156.180.76 - - [25/Mar/2024:14:38:30 -0500] "GET /favicon.ico HTTP/1.1" 200 7782
190.156.180.76 - - [25/Mar/2024:14:38:39 -0500] "GET /BLA/resoluciones/dlf/pdf.gif HTTP/1.1" 200 272
190.156.180.76 - - [25/Mar/2024:14:38:39 -0500] "GET /BLA/resoluciones/dlf/dirup.png HTTP/1.1" 200 644
190.156.180.76 - - [25/Mar/2024:14:38:38 -0500] "GET /BLA/resoluciones/index.php?dir=RESOLUCIONES+2018%2F HTTP/1.1" 200 285275
66.249.66.19 - - [25/Mar/2024:14:38:40 -0500] "GET /Publicaciones/2024EE52830.pdf HTTP/1.1" 404 227
190.156.180.76 - - [25/Mar/2024:14:38:57 -0500] "GET /BLA/resoluciones/RESOLUCIONES%202018/2228.pdf HTTP/1.1" 200 398313
190.156.180.76 - - [25/Mar/2024:14:38:57 -0500] "GET /BLA/resoluciones/RESOLUCIONES%202018/2228.pdf HTTP/1.1" 206 1025
190.156.180.76 - - [25/Mar/2024:14:38:57 -0500] "GET /BLA/resoluciones/RESOLUCIONES%202018/2228.pdf HTTP/1.1" 200 398313
216.245.221.92 - - [25/Mar/2024:14:39:07 -0500] "HEAD / HTTP/1.1" 200 -
66.249.66.19 - - [25/Mar/2024:14:39:12 -0500] "GET /Publicaciones/2024EE54920.pdf HTTP/1.1" 404 227
66.249.66.19 - - [25/Mar/2024:14:39:25 -0500] "GET /Publicaciones/2024EE55851.pdf HTTP/1.1" 404 227
201.245.192.253 - - [25/Mar/2024:14:39:39 -0500] "POST /kwsrmcab/Wsrmcab HTTP/1.1" 200 39857
201.245.192.253 - - [25/Mar/2024:14:39:42 -0500] "POST /kwsrmcab/Wsrmcab HTTP/1.1" 200 38495
66.249.66.21 - - [25/Mar/2024:14:40:02 -0500] "GET /Publicaciones/2024EE51590.pdf HTTP/1.1" 404 227
47.128.62.249 - - [25/Mar/2024:14:40:02 -0500] "GET /robots.txt HTTP/1.1" 404 1034
181.155.152.186 - - [25/Mar/2024:14:40:10 -0500] "GET /sipse/faces/index.xhtml HTTP/1.1" 200 677
181.155.152.186 - - [25/Mar/2024:14:40:11 -0500] "GET /sipse/faces/javax.faces.resource/theme.css?ln=primefaces-sipse HTTP/1.1" 304 -
181.155.152.186 - - [25/Mar/2024:14:40:12 -0500] "GET /sipse/css/custom_css_sg_prime_login.css HTTP/1.1" 200 443
181.155.152.186 - - [25/Mar/2024:14:40:12 -0500] "GET /sipse/faces/javax.faces.resource/theme.css?ln=primefaces-sipse HTTP/1.1" 304 -
181.155.152.186 - - [25/Mar/2024:14:40:12 -0500] "GET /sipse/faces/javax.faces.resource/primefaces.css?ln=primefaces&v=4.0 HTTP/1.1" 304 -
181.155.152.186 - - [25/Mar/2024:14:40:12 -0500] "GET /sipse/faces/javax.faces.resource/layout/layout.css?ln=primefaces&v=4.0 HTTP/1.1" 304 -
181.155.152.186 - - [25/Mar/2024:14:40:12 -0500] "GET /sipse/js/disable_browser_buttons.js HTTP/1.1" 200 3230
181.155.152.186 - - [25/Mar/2024:14:40:11 -0500] "GET /sipse/faces/faces/autenticacion.xhtml HTTP/1.1" 200 12409
181.155.152.186 - - [25/Mar/2024:14:40:12 -0500] "GET /sipse/css/custom_css_sg.css HTTP/1.1" 200 9694
181.155.152.186 - - [25/Mar/2024:14:40:12 -0500] "GET /sipse/faces/javax.faces.resource/jquery/jquery.js?ln=primefaces&v=4.0 HTTP/1.1" 304 -
181.155.152.186 - - [25/Mar/2024:14:40:12 -0500] "GET /sipse/faces/javax.faces.resource/jquery/jquery-plugins.js?ln=primefaces&v=4.0 HTTP/1.1" 304 -
181.155.152.186 - - [25/Mar/2024:14:40:12 -0500] "GET /sipse/faces/javax.faces.resource/primefaces.js?ln=primefaces&v=4.0 HTTP/1.1" 304 -
181.155.152.186 - - [25/Mar/2024:14:40:12 -0500] "GET /sipse/faces/javax.faces.resource/layout/layout.js?ln=primefaces&v=4.0 HTTP/1.1" 304 -
181.155.152.186 - - [25/Mar/2024:14:40:12 -0500] "GET /sipse/js/funciones.js HTTP/1.1" 200 12592
181.155.152.186 - - [25/Mar/2024:14:40:13 -0500] "GET /sipse/faces/javax.faces.resource/images/ui-icons_898989_256x240.png?ln=primefaces-aristo HTTP/1.1" 304 -
181.155.152.186 - - [25/Mar/2024:14:40:13 -0500] "GET /sipse/css/imagen/logoSDG.png HTTP/1.1" 200 53064
181.155.152.186 - - [25/Mar/2024:14:40:13 -0500] "GET /sipse/css/imagen/loginimg.png HTTP/1.1" 200 71635
201.245.192.253 - - [25/Mar/2024:14:40:15 -0500] "POST /kwsrmcab/Wsrmcab HTTP/1.1" 200 38013
172.22.2.4 - - [25/Mar/2024:14:38:41 -0500] "HEAD /BLA/boletinlegal/ HTTP/1.1" 200 -
216.244.66.195 - - [25/Mar/2024:14:40:25 -0500] "GET /BLA/resoluciones/RESOLUCIONES%202015/1391.pdf HTTP/1.1" 200 384095
172.22.2.4 - - [25/Mar/2024:14:40:37 -0500] "GET /BLA/boletinlegal/robots.txt HTTP/1.1" 404 1038
172.22.2.4 - - [25/Mar/2024:14:40:37 -0500] "GET /BLA/boletinlegal/Directivas/2014/Directiva%20No.%205%20del%2026%20de%20Diciembre%20de%202014.pdf HTTP/1.1" 200 3424865
216.244.66.195 - - [25/Mar/2024:14:40:40 -0500] "GET /BLA/resoluciones/RESOLUCIONES%202016/01953.pdf HTTP/1.1" 200 370383
216.244.66.195 - - [25/Mar/2024:14:40:51 -0500] "GET /BLA/resoluciones/RESOLUCIONES%202017/02353.pdf HTTP/1.1" 200 274769
172.22.2.4 - - [25/Mar/2024:14:40:54 -0500] "GET /BLA/boletinlegal/Directivas/2019/Directiva%20008%20del%2001%20de%20noviembre%20de%202019.pdf HTTP/1.1" 200 1382642
201.245.192.253 - - [25/Mar/2024:14:40:59 -0500] "POST /kwsrmcab/Wsrmcab  HTTP/1.1" 200 39660
75.147.169.41 - - [25/Mar/2024:14:40:59 -0500] "GET /robots.txt HTTP/1.1" 404 1034
172.22.2.4 - - [25/Mar/2024:14:39:20 -0500] "GET /BLA/boletinlegal/ HTTP/1.1" 200 56779
181.155.152.186 - - [25/Mar/2024:14:41:01 -0500] "POST /sipse/faces/autenticacion.xhtml HTTP/1.1" 200 2220
181.155.152.186 - - [25/Mar/2024:14:41:01 -0500] "GET /sipse/faces/javax.faces.resource/messages/messages.png?ln=primefaces&v=4.0 HTTP/1.1" 304 -
181.155.152.186 - - [25/Mar/2024:14:41:02 -0500] "POST /sipse/faces/autenticacion.xhtml HTTP/1.1" 200 16355
181.155.152.186 - - [25/Mar/2024:14:41:03 -0500] "GET /sipse/faces/javax.faces.resource/theme.css?ln=primefaces-sipse HTTP/1.1" 304 -
181.155.152.186 - - [25/Mar/2024:14:41:03 -0500] "GET /sipse/faces/javax.faces.resource/primefaces.css?ln=primefaces&v=4.0 HTTP/1.1" 304 -
181.155.152.186 - - [25/Mar/2024:14:41:03 -0500] "GET /sipse/faces/javax.faces.resource/layout/layout.css?ln=primefaces&v=4.0 HTTP/1.1" 304 -
181.155.152.186 - - [25/Mar/2024:14:41:03 -0500] "GET /sipse/css/custom_css_sg_prime.css HTTP/1.1" 200 5201
181.155.152.186 - - [25/Mar/2024:14:41:03 -0500] "GET /sipse/js/jquery.min.js HTTP/1.1" 200 85582
181.155.152.186 - - [25/Mar/2024:14:41:03 -0500] "GET /sipse/faces/javax.faces.resource/jquery/jquery.js?ln=primefaces&v=4.0 HTTP/1.1" 304 -
66.249.66.21 - - [25/Mar/2024:14:41:03 -0500] "GET /Publicaciones/2024EE55861.pdf HTTP/1.1" 200 223321
181.155.152.186 - - [25/Mar/2024:14:41:03 -0500] "GET /sipse/faces/javax.faces.resource/jquery/jquery-plugins.js?ln=primefaces&v=4.0 HTTP/1.1" 304 -
181.155.152.186 - - [25/Mar/2024:14:41:04 -0500] "GET /sipse/faces/javax.faces.resource/primefaces.js?ln=primefaces&v=4.0 HTTP/1.1" 304 -
181.155.152.186 - - [25/Mar/2024:14:41:04 -0500] "GET /sipse/faces/javax.faces.resource/layout/layout.js?ln=primefaces&v=4.0 HTTP/1.1" 304 -
181.155.152.186 - - [25/Mar/2024:14:41:04 -0500] "GET /sipse/css/v_mergente.css HTTP/1.1" 200 1505
181.155.152.186 - - [25/Mar/2024:14:41:04 -0500] "GET /sipse/css/imagen/contrasena.png HTTP/1.1" 404 383
181.155.152.186 - - [25/Mar/2024:14:41:04 -0500] "GET /sipse/imagenes/cargando.gif HTTP/1.1" 200 36959
201.245.192.253 - - [25/Mar/2024:14:41:04 -0500] "POST /kwsrmcab/Wsrmcab HTTP/1.1" 200 38495
181.155.152.186 - - [25/Mar/2024:14:41:04 -0500] "GET /sipse/imagenes/logoAplicacion.jpg HTTP/1.1" 200 155084
181.155.152.186 - - [25/Mar/2024:14:41:08 -0500] "GET /sipse/faces/javax.faces.resource/images/ui-bg_flat_0_2d5972_40x100.png?ln=primefaces-aristo HTTP/1.1" 304 -
181.155.152.186 - - [25/Mar/2024:14:41:08 -0500] "POST /sipse/faces/bienvenido.xhtml HTTP/1.1" 200 2073
216.244.66.195 - - [25/Mar/2024:14:41:09 -0500] "GET /BLA/resoluciones/RESOLUCIONES%202023/01902.pdf HTTP/1.1" 200 501847
181.155.152.186 - - [25/Mar/2024:14:41:13 -0500] "POST /sipse/faces/bienvenido.xhtml HTTP/1.1" 200 38994
181.155.152.186 - - [25/Mar/2024:14:41:13 -0500] "GET /sipse/faces/javax.faces.resource/theme.css?ln=primefaces-sipse HTTP/1.1" 304 -
181.155.152.186 - - [25/Mar/2024:14:41:13 -0500] "GET /sipse/faces/javax.faces.resource/primefaces.css?ln=primefaces&v=4.0 HTTP/1.1" 304 -
181.155.152.186 - - [25/Mar/2024:14:41:13 -0500] "GET /sipse/faces/javax.faces.resource/layout/layout.css?ln=primefaces&v=4.0 HTTP/1.1" 304 -
181.155.152.186 - - [25/Mar/2024:14:41:14 -0500] "GET /sipse/faces/javax.faces.resource/jquery/jquery.js?ln=primefaces&v=4.0 HTTP/1.1" 304 -
181.155.152.186 - - [25/Mar/2024:14:41:14 -0500] "GET /sipse/faces/javax.faces.resource/jquery/jquery-plugins.js?ln=primefaces&v=4.0 HTTP/1.1" 304 -
181.155.152.186 - - [25/Mar/2024:14:41:14 -0500] "GET /sipse/faces/javax.faces.resource/primefaces.js?ln=primefaces&v=4.0 HTTP/1.1" 304 -
181.155.152.186 - - [25/Mar/2024:14:41:14 -0500] "GET /sipse/faces/javax.faces.resource/layout/layout.js?ln=primefaces&v=4.0 HTTP/1.1" 304 -
216.244.66.195 - - [25/Mar/2024:14:41:23 -0500] "GET /BLA/resoluciones/RESOLUCIONES%202023/03233.pdf HTTP/1.1" 200 5166071
54.144.92.60 - - [25/Mar/2024:14:41:28 -0500] "GET / HTTP/1.1" 200 319
181.155.152.186 - - [25/Mar/2024:14:41:34 -0500] "POST /sipse/faces/presentacion/financiero/solicitudProceso/consultar.xhtml HTTP/1.1" 200 12833
172.22.2.4 - - [25/Mar/2024:14:41:47 -0500] "GET /BLA/boletinlegal/jurisprudencia/analisis/CUADRO%20SENTENCIA%20T-299%20DE%202008.doc HTTP/1.1" 304 -
216.244.66.195 - - [25/Mar/2024:14:42:04 -0500] "GET /BLA/resoluciones/RESOLUCIONES%202023/2445.pdf HTTP/1.1" 200 462293
181.155.152.186 - - [25/Mar/2024:14:42:05 -0500] "POST /sipse/faces/presentacion/financiero/solicitudProceso/consultar.xhtml HTTP/1.1" 200 12848
172.22.2.4 - - [25/Mar/2024:14:40:44 -0500] "HEAD /BLA/boletinlegal/ HTTP/1.1" 200 -
66.249.66.166 - - [25/Mar/2024:14:42:24 -0500] "GET /portaldeninos/2021/06/01/agroecologia-tips-para-germinar-semillas-en-casa/ HTTP/1.1" 200 105801
181.155.152.186 - - [25/Mar/2024:14:42:27 -0500] "POST /sipse/faces/presentacion/financiero/solicitudProceso/consultar.xhtml HTTP/1.1" 200 12840
216.244.66.195 - - [25/Mar/2024:14:42:33 -0500] "GET /BLA/resoluciones/RESOLUCIONES%202024/00372.pdf HTTP/1.1" 200 431139
181.155.152.186 - - [25/Mar/2024:14:42:46 -0500] "POST /sipse/faces/presentacion/financiero/solicitudProceso/consultar.xhtml HTTP/1.1" 200 12880
181.155.152.186 - - [25/Mar/2024:14:43:03 -0500] "POST /sipse/faces/presentacion/financiero/solicitudProceso/consultar.xhtml HTTP/1.1" 200 12871
66.249.66.19 - - [25/Mar/2024:14:43:07 -0500] "GET /Publicaciones/2024EE52778.pdf HTTP/1.1" 404 227
172.22.2.4 - - [25/Mar/2024:14:41:35 -0500] "GET /BLA/boletinlegal/ HTTP/1.1" 200 53419
181.155.152.186 - - [25/Mar/2024:14:43:21 -0500] "POST /sipse/faces/presentacion/financiero/solicitudProceso/consultar.xhtml HTTP/1.1" 200 12880
216.245.221.92 - - [25/Mar/2024:14:44:07 -0500] "HEAD / HTTP/1.1" 200 -
216.244.66.195 - - [25/Mar/2024:14:44:18 -0500] "GET /BLA/resoluciones/RESOLUCIONES%202001/2360.pdf HTTP/1.1" 200 275419
216.244.66.195 - - [25/Mar/2024:14:44:41 -0500] "GET /BLA/resoluciones/RESOLUCIONES%202016/2439.pdf HTTP/1.1" 200 361150
47.128.21.204 - - [25/Mar/2024:14:44:43 -0500] "GET /BLA/resoluciones/AUTOS%202021/0245.php?act=f&d=E%3A%5Cnuevo%5Chtdocs%5CBLA%5Cresoluciones%5CAUTOS+2021&f=6040.pdf&ft=info HTTP/1.1" 200 3846
47.128.21.204 - - [25/Mar/2024:14:44:44 -0500] "GET /BLA/resoluciones/AUTOS%202021/0245.php?act=img&img=ext_txt HTTP/1.1" 200 132
47.128.21.204 - - [25/Mar/2024:14:44:44 -0500] "GET /BLA/resoluciones/AUTOS%202021/0245.php?act=img&img=ext_gif HTTP/1.1" 200 175
47.128.21.204 - - [25/Mar/2024:14:44:44 -0500] "GET /BLA/resoluciones/AUTOS%202021/0245.php?act=img&img=ext_html HTTP/1.1" 200 230
47.128.21.204 - - [25/Mar/2024:14:44:44 -0500] "GET /BLA/resoluciones/AUTOS%202021/0245.php?act=img&img=ext_pdf HTTP/1.1" 200 1034
47.128.21.204 - - [25/Mar/2024:14:44:44 -0500] "GET /BLA/resoluciones/AUTOS%202021/0245.php?act=img&img=ext_exe HTTP/1.1" 200 118
47.128.21.204 - - [25/Mar/2024:14:44:44 -0500] "GET /BLA/resoluciones/AUTOS%202021/0245.php?act=img&img=ext_diz HTTP/1.1" 200 1027
47.128.21.204 - - [25/Mar/2024:14:44:44 -0500] "GET /BLA/resoluciones/AUTOS%202021/0245.php?act=img&img=download HTTP/1.1" 200 161
47.128.21.204 - - [25/Mar/2024:14:44:44 -0500] "GET /BLA/resoluciones/AUTOS%202021/0245.php?act=img&img=ext_ini HTTP/1.1" 200 134
47.128.21.204 - - [25/Mar/2024:14:44:44 -0500] "GET /BLA/resoluciones/AUTOS%202021/0245.php?act=img&img=change HTTP/1.1" 200 290
47.128.21.204 - - [25/Mar/2024:14:44:44 -0500] "GET /BLA/resoluciones/AUTOS%202021/0245.php?act=img&img=ext_rtf HTTP/1.1" 200 164
172.22.2.4 - - [25/Mar/2024:14:45:01 -0500] "GET /BLA/boletinlegal/consulta_actos.php?tipo=resoluciones&no=562&usuario=&sector=&fecha=2020&resuelve= HTTP/1.1" 200 2457
172.22.2.4 - - [25/Mar/2024:14:45:01 -0500] "GET /BLA/boletinlegal/images/background.gif HTTP/1.1" 200 -
216.244.66.195 - - [25/Mar/2024:14:45:03 -0500] "GET /BLA/resoluciones/RESOLUCIONES%202017/2481.pdf HTTP/1.1" 200 305984
179.32.2.132 - - [25/Mar/2024:14:45:05 -0500] "GET /BLA/resoluciones/RESOLUCIONES%202020/0562.pdf HTTP/1.1" 200 233024
52.167.144.166 - - [25/Mar/2024:14:45:15 -0500] "GET /BLA/resoluciones/index.php?dir=RESOLUCIONES+2008%2F HTTP/1.1" 200 976272
66.249.66.19 - - [25/Mar/2024:14:45:17 -0500] "GET /Publicaciones/2024EE12468.pdf HTTP/1.1" 404 227
216.244.66.195 - - [25/Mar/2024:14:45:28 -0500] "GET /BLA/resoluciones/RESOLUCIONES%202017/2491.pdf HTTP/1.1" 200 278628
20.27.20.21 - - [25/Mar/2024:14:45:30 -0500] "GET /www.ambientebogota.gov.co/ HTTP/1.1" 404 1018
66.249.66.20 - - [25/Mar/2024:14:45:39 -0500] "GET /Publicaciones/2024EE57274.pdf HTTP/1.1" 200 356684
66.249.66.19 - - [25/Mar/2024:14:45:49 -0500] "GET /Publicaciones/2024EE55855.pdf HTTP/1.1" 200 223258
216.244.66.195 - - [25/Mar/2024:14:45:51 -0500] "GET /BLA/resoluciones/RESOLUCIONES%202017/2850.pdf HTTP/1.1" 200 280635
201.245.192.253 - - [25/Mar/2024:14:45:58 -0500] "POST /kwsrmcab/Wsrmcab  HTTP/1.1" 200 39660
47.128.48.223 - - [25/Mar/2024:14:46:09 -0500] "GET /BLA/resoluciones/AUTOS%202021/0245.php?act=chmod&d=E%3A%5Cnuevo%5Chtdocs%5CAutoliquidacion2020&f=Aceites-Residuos-Estaciones- HTTP/1.1" 200 2878
216.244.66.195 - - [25/Mar/2024:14:46:09 -0500] "GET /BLA/resoluciones/RESOLUCIONES%202017/3679.pdf HTTP/1.1" 200 489966
216.244.66.195 - - [25/Mar/2024:14:46:28 -0500] "GET /BLA/resoluciones/RESOLUCIONES%202019/0858.pdf HTTP/1.1" 200 322876
47.128.34.205 - - [25/Mar/2024:14:46:33 -0500] "GET /BLA/resoluciones/AUTOS%202021/0245.php?act=ftpquickbrute&d=E%3A%5Cnuevo%5Cperl%5C HTTP/1.1" 200 2800
216.244.66.195 - - [25/Mar/2024:14:46:45 -0500] "GET /BLA/resoluciones/RESOLUCIONES%202019/2246.pdf HTTP/1.1" 200 284315
47.128.57.110 - - [25/Mar/2024:14:46:57 -0500] "GET /BLA/resoluciones/AUTOS%202021/0245.php?act=ftpquickbrute&d=E%3A%5Cnuevo%5Chtdocs%5Cqr%5C HTTP/1.1" 200 2814
216.244.66.195 - - [25/Mar/2024:14:47:00 -0500] "GET /BLA/resoluciones/RESOLUCIONES%202019/2320.pdf HTTP/1.1" 200 282170
216.244.66.195 - - [25/Mar/2024:14:47:15 -0500] "GET /BLA/resoluciones/RESOLUCIONES%202019/2351.pdf HTTP/1.1" 200 214925
47.128.34.25 - - [25/Mar/2024:14:47:21 -0500] "GET /BLA/resoluciones/AUTOS%202021/0245.php?act=encoder&d=E%3A%5Cnuevo%5Chtdocs%5Csig%5CDireccionamiento+Estrategico%5C HTTP/1.1" 200 3107
216.244.66.195 - - [25/Mar/2024:14:47:29 -0500] "GET /BLA/resoluciones/RESOLUCIONES%202019/2873.pdf HTTP/1.1" 200 522399
216.244.66.195 - - [25/Mar/2024:14:47:42 -0500] "GET /BLA/resoluciones/RESOLUCIONES%202019/2995.pdf HTTP/1.1" 200 443773
172.22.2.4 - - [25/Mar/2024:14:47:52 -0500] "GET /BLA/boletinlegal/Circulares/2022/CIRCULAR%20No.%2000009%20DEL%2010%20DE%20OCTUBRE%20DEL%202022.pdf HTTP/1.1" 304 -
216.244.66.195 - - [25/Mar/2024:14:47:54 -0500] "GET /BLA/resoluciones/RESOLUCIONES%202019/3169.pdf HTTP/1.1" 200 271606
66.249.66.21 - - [25/Mar/2024:14:48:01 -0500] "GET /Publicaciones/2024EE59871.pdf HTTP/1.1" 200 223279
216.244.66.195 - - [25/Mar/2024:14:48:05 -0500] "GET /BLA/resoluciones/RESOLUCIONES%202019/3211.pdf HTTP/1.1" 200 393290
66.249.66.20 - - [25/Mar/2024:14:48:11 -0500] "GET /Publicaciones/2024EE53385.pdf HTTP/1.1" 404 227
172.22.2.4 - - [25/Mar/2024:14:46:34 -0500] "HEAD /BLA/boletinlegal/ HTTP/1.1" 200 -
40.77.167.25 - - [25/Mar/2024:14:48:17 -0500] "GET /sipse/faces/autenticacion.xhtml HTTP/1.1" 200 12731
172.22.2.4 - - [25/Mar/2024:14:47:25 -0500] "GET /BLA/boletinlegal/ HTTP/1.1" 200 58720
216.245.221.92 - - [25/Mar/2024:14:49:07 -0500] "HEAD / HTTP/1.1" 200 -
201.245.192.253 - - [25/Mar/2024:14:50:57 -0500] "POST /kwsrmcab/Wsrmcab  HTTP/1.1" 200 39660
66.249.66.20 - - [25/Mar/2024:14:51:05 -0500] "GET /Publicaciones/2024EE56819.pdf HTTP/1.1" 200 356882
66.249.66.19 - - [25/Mar/2024:14:51:21 -0500] "GET /Publicaciones/2024EE58241.pdf HTTP/1.1" 200 223271
66.249.66.21 - - [25/Mar/2024:14:51:37 -0500] "GET /Publicaciones/2024EE55975.pdf HTTP/1.1" 200 356485
66.249.66.20 - - [25/Mar/2024:14:51:49 -0500] "GET /Publicaciones/2024EE56872.pdf HTTP/1.1" 200 223401
66.249.66.19 - - [25/Mar/2024:14:52:05 -0500] "GET /Publicaciones/2024EE55297.pdf HTTP/1.1" 404 227
66.249.66.19 - - [25/Mar/2024:14:52:20 -0500] "GET /Publicaciones/2024EE55848.pdf HTTP/1.1" 200 223255
216.244.66.195 - - [25/Mar/2024:14:52:23 -0500] "GET /robots.txt HTTP/1.1" 404 1018
66.249.66.20 - - [25/Mar/2024:14:52:43 -0500] "GET /Publicaciones/2024EE59172.pdf HTTP/1.1" 200 1535141
172.22.2.4 - - [25/Mar/2024:14:52:24 -0500] "HEAD /BLA/boletinlegal/ HTTP/1.1" 200 -
216.245.221.92 - - [25/Mar/2024:14:54:07 -0500] "HEAD / HTTP/1.1" 200 -
66.249.66.20 - - [25/Mar/2024:14:54:11 -0500] "GET /Publicaciones/2024EE55863.pdf HTTP/1.1" 404 227
66.249.66.20 - - [25/Mar/2024:14:54:23 -0500] "GET /Publicaciones/2024EE52937.pdf HTTP/1.1" 404 227
66.249.66.20 - - [25/Mar/2024:14:54:43 -0500] "GET /Publicaciones/2024EE50777.pdf HTTP/1.1" 404 227
172.22.2.4 - - [25/Mar/2024:14:53:15 -0500] "GET /BLA/boletinlegal/ HTTP/1.1" 200 58273
66.249.66.19 - - [25/Mar/2024:14:55:08 -0500] "GET /Publicaciones/2024EE58226.pdf HTTP/1.1" 200 223359
71.183.139.107 - - [25/Mar/2024:14:55:27 -0500] "GET / HTTP/1.1" 200 319
71.183.139.107 - - [25/Mar/2024:14:55:27 -0500] "GET /favicon.ico HTTP/1.1" 200 7782
71.183.139.107 - - [25/Mar/2024:14:55:28 -0500] "GET /image/lgbg.jpg HTTP/1.1" 404 1018
71.183.139.107 - - [25/Mar/2024:14:55:29 -0500] "GET /login.rsp HTTP/1.1" 404 1018
66.249.66.21 - - [25/Mar/2024:14:55:29 -0500] "GET /galeria/galeria/fotos/cusumbo4G.jpg HTTP/1.1" 200 292522
66.249.66.20 - - [25/Mar/2024:14:55:38 -0500] "GET /Publicaciones/2024EE53924.pdf HTTP/1.1" 404 227
172.22.2.4 - - [25/Mar/2024:14:55:50 -0500] "GET /BLA/boletinlegal/jurisprudencia.php HTTP/1.1" 200 17637
66.249.66.19 - - [25/Mar/2024:14:55:54 -0500] "GET /Publicaciones/2024EE55859.pdf HTTP/1.1" 200 223356
201.245.192.253 - - [25/Mar/2024:14:55:56 -0500] "POST /kwsrmcab/Wsrmcab  HTTP/1.1" 200 39660
172.22.2.4 - - [25/Mar/2024:14:56:05 -0500] "GET /BLA/boletinlegal/js/jquery1.js HTTP/1.1" 200 29846
172.22.2.4 - - [25/Mar/2024:14:56:06 -0500] "GET /BLA/boletinlegal/js/popup.js HTTP/1.1" 200 1270
66.249.66.19 - - [25/Mar/2024:14:56:10 -0500] "GET /Publicaciones/2024EE55600.pdf HTTP/1.1" 404 227
172.22.2.4 - - [25/Mar/2024:14:56:10 -0500] "GET /BLA/boletinlegal/js/lib.js HTTP/1.1" 200 6474
66.249.66.19 - - [25/Mar/2024:14:57:14 -0500] "GET /Publicaciones/2024EE55746.pdf HTTP/1.1" 200 3426890
52.8.208.143 - - [25/Mar/2024:14:57:30 -0500] "HEAD / HTTP/1.1" 200 -
66.249.66.20 - - [25/Mar/2024:14:57:30 -0500] "GET /Publicaciones/2024EE56348.pdf HTTP/1.1" 200 591497
66.249.66.20 - - [25/Mar/2024:14:57:46 -0500] "GET /Publicaciones/2024EE60113.pdf HTTP/1.1" 200 223776
66.249.66.19 - - [25/Mar/2024:14:58:00 -0500] "GET /Publicaciones/2024EE52940.pdf HTTP/1.1" 404 227
66.249.66.19 - - [25/Mar/2024:14:58:13 -0500] "GET /Publicaciones/2024EE29469.pdf HTTP/1.1" 404 227
66.249.66.21 - - [25/Mar/2024:14:58:37 -0500] "GET /Publicaciones/2024EE55491.pdf HTTP/1.1" 404 227
186.102.69.21 - - [25/Mar/2024:14:58:40 -0500] "GET /kwssiamovil/sm/ldap/au?x=U2FsdGVkX1/XWhY3gVdpSAiioxdvbmuBLW70yL+q7UGJfsiWzr51cp/gr5jmUeNx&y=U2FsdGVkX1+DBiTJWfvAPsxzuqxS+YayJ5K8taLCHslXvn5sF2I06m89ahhksfUe HTTP/1.1" 200 31
186.102.69.21 - - [25/Mar/2024:14:58:41 -0500] "GET /kwssiamovil/sm/ldap/au?x=U2FsdGVkX1/3PScvOuKFaGo6kQ950roIWOkFoGKpDlQWfTOXqYHMDy8NCPz4XssZ&y=U2FsdGVkX1+a0bTIvo847dAJVkSw2GHUHoqpi4aSvKi11SjmB3pTpeqBlCbK2nsU HTTP/1.1" 200 31
66.249.66.20 - - [25/Mar/2024:14:58:55 -0500] "GET /Publicaciones/2024EE55485.pdf HTTP/1.1" 404 227
186.102.69.21 - - [25/Mar/2024:14:58:55 -0500] "GET /kwssiamovil/sm/ldap/au?x=U2FsdGVkX1+4ul8fbG27y2wUz4LR/vO9Hk47Aih/cA+fwCxOkpEcsHCPBd7XVnPS&y=U2FsdGVkX1+lDU0vMOSxprZALXS4SGyCfHkNP2z3lqRyMBn23wl9DFFn7+7MKOEn HTTP/1.1" 200 30
186.102.69.21 - - [25/Mar/2024:14:58:56 -0500] "GET /kwssiamovil/sm/acme/s?s=U2FsdGVkX19NBaKOJoj42IEdqIUntkODoR3emJRIy+vd/gAua2QWXHpCoEtOENY+v0adhHp+0yxZDksExfZ4MALz2yDgfXzC5QWdVq0xVoA=&u=U2FsdGVkX19quOnw5QgX8aX2R36pbQYCPst4U4B6oHZ41uCK74vBUzO40ASMDIIf&y=U2FsdGVkX1+lDU0vMOSxprZALXS4SGyCfHkNP2z3lqRyMBn23wl9DFFn7+7MKOEn HTTP/1.1" 200 97
186.102.69.21 - - [25/Mar/2024:14:58:56 -0500] "GET /kwssiamovil/sm/acme/s?s=U2FsdGVkX18p6++HQHrP0V9lZK0hPVLJZIQXKzrtfK3fsegO8cmKAFKTxq+w4VI3ZN1QAftlahcNSPui7o8TjZRxtk5hHEjRwGHKeAR+mHXlftv/M2+dknYCT+kYlZX6jF+X1LEPMRtbN84hq1st8HMbFW6n3TzWFvnqzEX5XkiljJ7Io1AvzfT/WcXPuOygI8pHauZj7HGsREa77VQnvI2dt51rZNFqLPQnRjTLJgKp4n8Z36W4/ZtAtSZFA6qMkzEOs3nY9moQsm4xe4tbIT9gIK/7CCITI8e92ZdYofUEVNkZWTRhfvJm64HRGIuIXadYTED/6LwEZiTfGNu759+x9QAG6zrlgMPc0OJsHRQ2jjNdzghcA4W5iPGmg/jBXoBS8qnoazaz7R1ICoWnjqFkWYVcmdfTnU5syHPX+S7Gge7ge2DmT3BIAoXZ2WEMZsIj7Uqbs/DZ7F1mFaO/aqHzXacgxGvdy2PDuOtPLrvMfMLTTgWqLc1qoUlbzy10KHO5bKucn+44kLoX/oRWzOUk2FDLVFma5LO1LrIKzCreiznQENN/VVQyiTsoncH9Kv8Tb/A/661KvwZo0vcyNfNm9xCB44Rl7D74T/MDEhIrZcoZ3GiUqABFpMJdTP9Zn0KaehYeZcgibmbOPzBBQR8bkGzVetRNnfK2h7lEW0wCmY33zL5/Ipcuc6HKxySoI1SJ7b70hJNAlcOkSpom1NLB5cNs9xKXptYKOaG2lZ6gAndLi60SH76TVZK4WWg2z51U7n1t+lkA5qt33i11aVyAHihIMoqP6bl6JA8y8FrVqZ6A3RLH77Ta0aFW25Mj78n17/rqM56XA/9FAXQtNE9K3q4An6RAgT//IiA1VSlAwDvao3+OezeuoEfJIjrl9ctqxSrKtKhUzS/jV1Uz0P1hgv6l5MWsPyeV849op5NOFNJ3L/ng+1XKcuKQo2Ha3OXdMqorJ7Fpni8WCbmTzKW+CJMUrbHf172i9xPWUPUfVBB6oUVdrnQQKwTEwgJCayo6iMEXNu82H8sKkY2cjOnt9IbHmMLVRaYIdkSgZIgKsoeq8K2SKpQ3djd+/C4p+t/BgZ6qeaAkbRuqvyWk10+UT67s526QURjmiU5O59vzdrjeoT6YJou9pCDGMaK12M6uNLBEMHpAWtJiOESgYDF5Qd7m8zO+R360wpwi0IqfCnH0XLHGZutPrrQsAdU9xs1+pCIKhwWkWdQiLq4FPFNMS7jpeGt5gIT9w5N266NiuWqSwjkSm68PAu8dhwBpft0p5NDZq5jGhyQyTLY/7MlJwcKX/gGcMrnMJ+fE2jDoz0G00brtVPIJmO5efybyY3aXNAVPN2rUeQ8aChdNnzsajVZ3GAynH7bUE393fGqmQ4dsuA/kiz6XPg5lPHOw+0znnAkar2Vj4hRMDZckZQmkvxMaa09ptzz362MbS9oe/U9XlSdM1n0Jj90H4mK7Fgub99hQjXLthWNnDwhr1GXimrvt3vCE9q4/QOQYv7cikJG80ZEabureXWeTrD/JpwHjfK0113zWpWPrUXmPgz9BSs/x0216xc0zjQkcjH/gzgZZNu+5HqX4HwGNPA46nwVYSCRPuy91JCiXdFMjlo5Q3JM5Y8JWyapTnPepYE2b87DwKBhjEMpmlDte3DP2QjUEGC5H3DejR+7MGrgi40lzi69SKqtgVz2O1oKKGpNwCfgh8dst1iBURuSC0THmQ/1AkcqIZN8wqb196EA6nYdIWRphfK2NvKNUF0zvauo1ET2mu668C/Sa9zOE344r&u=U2FsdGVkX19quOnw5QgX8aX2R36pbQYCPst4U4B6oHZ41uCK74vBUzO40ASMDIIf&y=U2FsdGVkX1+lDU0vMOSxprZALXS4SGyCfHkNP2z3lqRyMBn23wl9DFFn7+7MKOEn HTTP/1.1" 200 1692
186.102.69.21 - - [25/Mar/2024:14:58:56 -0500] "GET /kwssiamovil/sm/acme/s?s=U2FsdGVkX1/vwuNYVPknDjx6jNufaGOzY/kmaSYpsb0H0V2AWrZ5EIUxeZ9+ieUX3L07mGci5LV3OwrZomdu1E0cIM6pYaQApH3hoVGgkuzga/2kmSvQIcSeVbCHXNWBs79HmxVxPjTKzsGkiFVXaJjEGAEJOXifXoPqvnGHqtPdFzHCTtWM1C33bsDTO/PbBOzWFDYBck5eB2RVvJlmgVveYY86trSaaIIPFT6kzqMX3tPV1dd1YAFyOcJv/IVWZVLuw0AredcH29Iht3ihspaMUryslkAhtsY2EhP7xx68C0JI9mKJkWFW4r5B7i30UiIBksFvgu4l94M7mvkyCVDoqwGGHbIXrudK3kd2vXihrOmxIODPd4YLG5JV0inrcQ2PFIe0HVWSpeRTkPSDiWb/Q9LQX1022PloV9oX0sAkQkwEextC/cBGg6401nP2Pkl/dXPJSRI+RLz3s8JZQCIvkw47FRkagw0fxXxsA6YFtG0F9segoYkwDMfbOVP2ZJsB0IkdOgG8xxR7dKIbPzu6j5xhqOZF1mU4swcjtKdp2P66dUSj3pMkoElejnzB3jeMDUpBVOZWEme2BmPlE/3kb0dy4GPDvF15Q1N+J7c8dsWcrglnJkw/5NbxJPqIcTS2Fdtwx8d/ntZn0JvNiwjUV+vMkpMuOgnG7D0COZPaxhmywruS+I+s36eD3Q06RurXvz3x+1HlL+HDpSmQ/EQwLuS/oQvc3a4Rp3QWn8BNqnjB+xvHshfkYManHFtG&u=U2FsdGVkX19quOnw5QgX8aX2R36pbQYCPst4U4B6oHZ41uCK74vBUzO40ASMDIIf&y=U2FsdGVkX1+lDU0vMOSxprZALXS4SGyCfHkNP2z3lqRyMBn23wl9DFFn7+7MKOEn HTTP/1.1" 200 208
186.102.69.21 - - [25/Mar/2024:14:58:56 -0500] "GET /kwssiamovil/sm/cjson/pre?f=1&x=U2FsdGVkX1+4ul8fbG27y2wUz4LR/vO9Hk47Aih/cA+fwCxOkpEcsHCPBd7XVnPS HTTP/1.1" 200 30244
216.245.221.92 - - [25/Mar/2024:14:59:07 -0500] "HEAD / HTTP/1.1" 200 -
66.249.66.19 - - [25/Mar/2024:14:59:10 -0500] "GET /Publicaciones/2024EE55871.pdf HTTP/1.1" 404 227
66.249.66.19 - - [25/Mar/2024:14:59:45 -0500] "GET /Publicaciones/2024EE58917.pdf HTTP/1.1" 200 223347
186.28.136.245 - - [25/Mar/2024:14:59:51 -0500] "POST /sipse/faces/presentacion/financiero/solicitudProceso/consultarSolicitudProceso.xhtml HTTP/1.1" 200 36776
186.28.136.245 - - [25/Mar/2024:14:59:51 -0500] "GET /sipse/faces/javax.faces.resource/theme.css?ln=primefaces-sipse HTTP/1.1" 304 -
186.28.136.245 - - [25/Mar/2024:14:59:51 -0500] "GET /sipse/faces/javax.faces.resource/primefaces.css?ln=primefaces&v=4.0 HTTP/1.1" 304 -
186.28.136.245 - - [25/Mar/2024:14:59:51 -0500] "GET /sipse/faces/javax.faces.resource/layout/layout.css?ln=primefaces&v=4.0 HTTP/1.1" 304 -
186.28.136.245 - - [25/Mar/2024:14:59:51 -0500] "GET /sipse/faces/javax.faces.resource/jquery/jquery.js?ln=primefaces&v=4.0 HTTP/1.1" 304 -
186.28.136.245 - - [25/Mar/2024:14:59:51 -0500] "GET /sipse/faces/javax.faces.resource/jquery/jquery-plugins.js?ln=primefaces&v=4.0 HTTP/1.1" 304 -
186.28.136.245 - - [25/Mar/2024:14:59:52 -0500] "GET /sipse/faces/javax.faces.resource/primefaces.js?ln=primefaces&v=4.0 HTTP/1.1" 304 -
186.28.136.245 - - [25/Mar/2024:14:59:52 -0500] "GET /sipse/faces/javax.faces.resource/layout/layout.js?ln=primefaces&v=4.0 HTTP/1.1" 304 -
186.28.136.245 - - [25/Mar/2024:14:59:52 -0500] "GET /sipse/css/imagen/contrasena.png HTTP/1.1" 404 383
186.28.136.245 - - [25/Mar/2024:14:59:52 -0500] "POST /sipse/faces/presentacion/financiero/solicitudProceso/listarSolicitudProceso.xhtml HTTP/1.1" 200 30147
186.28.136.245 - - [25/Mar/2024:14:59:52 -0500] "POST /sipse/faces/presentacion/financiero/solicitudProceso/listarSolicitudProceso.xhtml HTTP/1.1" 200 30147
172.22.2.4 - - [25/Mar/2024:14:58:14 -0500] "HEAD /BLA/boletinlegal/ HTTP/1.1" 200 -
186.28.136.245 - - [25/Mar/2024:14:59:52 -0500] "POST /sipse/faces/presentacion/financiero/solicitudProceso/listarSolicitudProceso.xhtml HTTP/1.1" 200 1400
186.28.136.245 - - [25/Mar/2024:14:59:54 -0500] "POST /sipse/faces/presentacion/financiero/solicitudProceso/listarSolicitudProceso.xhtml HTTP/1.1" 200 1396
186.28.136.245 - - [25/Mar/2024:14:59:56 -0500] "POST /sipse/faces/presentacion/financiero/solicitudProceso/listarSolicitudProceso.xhtml HTTP/1.1" 200 1408
40.77.167.65 - - [25/Mar/2024:14:59:59 -0500] "GET /BLA/resoluciones/RESOLUCIONES%202019/0915.pdf HTTP/1.1" 200 443211
66.249.66.19 - - [25/Mar/2024:15:00:01 -0500] "GET /Publicaciones/2024EE54758.pdf HTTP/1.1" 404 227
186.28.136.245 - - [25/Mar/2024:15:00:02 -0500] "POST /sipse/faces/presentacion/financiero/solicitudProceso/listarSolicitudProceso.xhtml HTTP/1.1" 200 2693
186.28.136.245 - - [25/Mar/2024:15:00:03 -0500] "POST /sipse/faces/presentacion/financiero/solicitudProceso/listarSolicitudProceso.xhtml HTTP/1.1" 200 40752
186.28.136.245 - - [25/Mar/2024:15:00:03 -0500] "GET /sipse/faces/javax.faces.resource/theme.css?ln=primefaces-sipse HTTP/1.1" 304 -
186.28.136.245 - - [25/Mar/2024:15:00:03 -0500] "GET /sipse/faces/javax.faces.resource/primefaces.css?ln=primefaces&v=4.0 HTTP/1.1" 304 -
186.28.136.245 - - [25/Mar/2024:15:00:03 -0500] "GET /sipse/faces/javax.faces.resource/layout/layout.css?ln=primefaces&v=4.0 HTTP/1.1" 304 -
186.28.136.245 - - [25/Mar/2024:15:00:03 -0500] "GET /sipse/faces/javax.faces.resource/jquery/jquery.js?ln=primefaces&v=4.0 HTTP/1.1" 304 -
186.28.136.245 - - [25/Mar/2024:15:00:03 -0500] "GET /sipse/faces/javax.faces.resource/jquery/jquery-plugins.js?ln=primefaces&v=4.0 HTTP/1.1" 304 -
186.28.136.245 - - [25/Mar/2024:15:00:03 -0500] "GET /sipse/faces/javax.faces.resource/primefaces.js?ln=primefaces&v=4.0 HTTP/1.1" 304 -
186.28.136.245 - - [25/Mar/2024:15:00:03 -0500] "GET /sipse/faces/javax.faces.resource/layout/layout.js?ln=primefaces&v=4.0 HTTP/1.1" 304 -
186.28.136.245 - - [25/Mar/2024:15:00:03 -0500] "GET /sipse/css/imagen/contrasena.png HTTP/1.1" 404 383
186.28.136.245 - - [25/Mar/2024:15:00:03 -0500] "POST /sipse/faces/presentacion/financiero/solicitudProceso/consultar.xhtml HTTP/1.1" 200 34149
186.28.136.245 - - [25/Mar/2024:15:00:04 -0500] "POST /sipse/faces/presentacion/financiero/solicitudProceso/consultar.xhtml HTTP/1.1" 200 34149
186.28.136.245 - - [25/Mar/2024:15:00:04 -0500] "POST /sipse/faces/presentacion/financiero/solicitudProceso/consultar.xhtml HTTP/1.1" 200 34149
186.28.136.245 - - [25/Mar/2024:15:00:06 -0500] "POST /sipse/faces/presentacion/financiero/solicitudProceso/consultar.xhtml HTTP/1.1" 200 12833
186.28.136.245 - - [25/Mar/2024:15:00:32 -0500] "POST /sipse/faces/presentacion/financiero/solicitudProceso/consultar.xhtml HTTP/1.1" 200 12848
186.28.136.245 - - [25/Mar/2024:15:00:45 -0500] "POST /sipse/faces/presentacion/financiero/solicitudProceso/consultar.xhtml HTTP/1.1" 200 12840
172.22.2.4 - - [25/Mar/2024:14:59:05 -0500] "GET /BLA/boletinlegal/ HTTP/1.1" 200 60380
201.245.192.253 - - [25/Mar/2024:15:00:55 -0500] "POST /kwsrmcab/Wsrmcab  HTTP/1.1" 200 39660
186.28.136.245 - - [25/Mar/2024:15:00:57 -0500] "POST /sipse/faces/presentacion/financiero/solicitudProceso/consultar.xhtml HTTP/1.1" 200 12880
66.249.66.21 - - [25/Mar/2024:15:01:02 -0500] "GET /Publicaciones/2024EE55866.pdf HTTP/1.1" 404 227
186.28.136.245 - - [25/Mar/2024:15:01:11 -0500] "POST /sipse/faces/presentacion/financiero/solicitudProceso/consultar.xhtml HTTP/1.1" 200 12871
186.28.136.245 - - [25/Mar/2024:15:01:23 -0500] "POST /sipse/faces/presentacion/financiero/solicitudProceso/consultar.xhtml HTTP/1.1" 200 12880
186.102.102.111 - - [25/Mar/2024:15:01:45 -0500] "GET /kwssiamovil/sm/acme/a?s=U2FsdGVkX19gzqG9NF559eiFE1HY+XXu73gEVK10YGUUSutl/xyWOCa4NHFYhRktoH6eS8Lzkap0y6pfqGXMeaXRsVNotuWBANHuzXlOUDy3XTX0U1afR2wRnqGHOBSTLqkmUdb2MeuDOQzd5cMNRLVHLU4fJSxxh800Ysov2vva40A02djm2uD1+o4XI4sN7SOT+m/7GC3/iBNTWoOkhHzS1Z9MArATnXM4o91T47TkEQLGvZbDbCZE6IlSmBmrR9tHzpgpdtcVEnxk+DzlxQ==&u=U2FsdGVkX1+qb54Xo1mGb1iHjHOhrduRjhQzD4ITEqGC9YQyZfDu7bp8DvbNS8dM&y=U2FsdGVkX18cbOiCZLkh2rTPRnbcLMnzkfbK3wPYsE/gSau1JIlC5iTGjTQTJO+Z HTTP/1.1" 200 26
186.102.102.111 - - [25/Mar/2024:15:01:46 -0500] "GET /kwssiamovil/sm/acme/a?s=U2FsdGVkX1+NlytsRv+8OSgZYr1Mp4fiOf2E+N4Wk6+GpCUrW5/phVcaGOOQ+OgoiE7Z7/M0JVeEqUaR89tq1Xa9UBlh5Dc6fBhWWcaJBod9znsFgfaqB28CtPeqwc5JhnCdRzlQTvitO7e+hDHunZdTRqISz6+pHoNs4BnGEUiNwIqTQXBsXGwFXeteuT2BJcY2haFe6u7sSsmfR9KzOI7k8xm9l3/2rum9YhQiJKDM5SICZHXskkjFYc7fmPne6KLOrW46dn3PUk9X0U2FjQxqd7QUsz3I/OhcQTk725xtXSkaQXtOhP2VIJpx8swpjPfwgIYRfDjDFZdenmiKHC42aBYN+cD2LwEyzFxTnoG2zOAW0w/XCCuOLM7UesFHgGxFj3QZXl1pIaVP1r+igwOYe2lBv1LbnN+3IyWIOb54rcTNqYl8/SBOHzaFa1hpK5kK0ozz2eIE6ZC433Xa0+4UCG8pNIN645RRsXCH2f9o0uw0tEMrRHZmXdLMWIaYQBM6JbKx3jtAlGECUYUT8unAU6Nb8oOy0Uf/AipKHNXHhKKUV5NVcySsH7p3X9FW+C9/UmCvxtqNq6OLYnb8etXrQxDMQtUmzQHwTmtZ1iJVy52PROqUzoBtEEGbjMZOyUvWxFP8bYxCmxeb39vBRczpAeD7vItErLPMajxRIx1VW09/0Fk3zUblI2/9gRYB5Nggi3DDMAckKYMtfMlLnPvvBLHETCX8l6t8blAEG8LeEyI2FjAqWVTPd75NXb3TfijBcNvUScVyhfQv7jHsSNR0jYoXYoVRX6A9sUtUova3kFIw0XEUPPTTAUWb/mQAvGKm1Xqi5GZo1qa2e2QUT5R6lO0e2QVvvfCzk38ylPjMJL36FsiAj+pu2PFPX+PrqhHvlcvMxZRgzqoUFM4o9C25TUhnqP/pcUF6BakUbSJhPP+73hkSEvbw2bsRBRxxr1Qf4oV7IOcQPUEymJJiIM6kAvlNY2a82xCjBWULNJM/AWYzAtGVsq9ST6+y8fsh+SN+hByYSk7x477qPS5N1epSCueHtsVEcYZPPFGy0Dy0n83HK90zKDWw3CDEQ3MtQfuICz/tNt+xHC/PlxM1qpeWkjx36qDGMVXaRlNANcBaClks6y4AGmygRpL04wS1ntjy5hzEi74dGL7ZGLXzHdnDP+fZzfIZEsyx26k7aOe7zBqV2cLhK9O3Jlz/+qLBKImjcD5+K/yT7kcsrreyMHv3IG7uOffshT/uCppbY62wHgv/furnqMbAHjjjLa5DqQFl5q2gm+tdX4mwijjdfxK2m7JP3kVKGM5RNXwIIohYoes27qzX1QjAO1+M/nouWNYljEhopksItvbalp8bJH9E47aW3xjFEKlWn2LVWA12mnMbyA2O97qblYKynPcJ9o/J8JxHn7Lidc0fuXC/zWLjvlx26Xakb7pZ+uiPPp/AmtEFJQBtqnRQnYdztpUyUJmIWkvq1Byb5wEKj7gHE8JXA665MfVsEexFCooT+RPQjD6Q0WrdC0zO4NOpmznDzUQBFKIsxCz/oe3cxan0ILfsWcZe/TkHvAA5hqWs8uYJopFjQtJvjLUvOnwT3RrrXolQwfu8Mb48a0Qz4EHN22oZac25VSJXtX/S91T9zoKyh5CH1i34Uu9RJEKPLPEyjovCmwpz8dqanF/tH/w9TVaA1ZTKTSjcvyFbD3aydKtXRPFu8se+ym5wNhtWpVlBQ8EfsP7h8/O2sgceET2TCtp6ARdVlbP7wVsjnjBZ967EviVkh+WOxo8GG0XeWob4T8MnELlCPNVI6Pi/qVJI6KDVxxZLGtVKj5ATJEJsncC2Ve2TgCcmoKJ4LdlwgnLL/a+DwQDzILoaOe3p3aUe4FwbNOynN22Yf1ZxrjAw27zUYkGB6chDfjUKMp5Vuszqb26LTXuiDM+LuZxF/jD9DEIxD1UxZmm7VEO6tTIbwaYwTErJMO6ECKAAggXC4h/mpFNaTImUlbrFlT9uhArgNGeVml8i+VFJxP0BtMz3cZjwIePBk4DZ7L18B5w9RbNXQKXPu01PnO7ikNWmThMw5iuc9Ru2EuPjC6SjYqpM5BqDJ8s5RLuknyft/NaIuzmq1+9iYwgq3K2DXQ9/ZARkQtkbphEdmXXVewRmUMxvp3WCASlFDl5eeOApwCiY2XAJ&u=U2FsdGVkX1+qb54Xo1mGb1iHjHOhrduRjhQzD4ITEqGC9YQyZfDu7bp8DvbNS8dM&y=U2FsdGVkX18cbOiCZLkh2rTPRnbcLMnzkfbK3wPYsE/gSau1JIlC5iTGjTQTJO+Z HTTP/1.1" 200 26
186.102.102.111 - - [25/Mar/2024:15:01:46 -0500] "GET /kwssiamovil/sm/acme/a?s=U2FsdGVkX18dRW4kVFuF3wPFMtFwjuuE+djPt23M31MNvHd8J1KxhAszyL4aTtBGFQikn8agn1fgqXzoo7CGvgobaMbvVBdfecOhiZm69UjxjXLAMUwNoTgK1rK7gxJQ61B5SrTV8EuVm1gCOE/N2HrtK/OT0xw31AN7K2Vfgc0=&u=U2FsdGVkX1+qb54Xo1mGb1iHjHOhrduRjhQzD4ITEqGC9YQyZfDu7bp8DvbNS8dM&y=U2FsdGVkX18cbOiCZLkh2rTPRnbcLMnzkfbK3wPYsE/gSau1JIlC5iTGjTQTJO+Z HTTP/1.1" 200 26
186.102.102.111 - - [25/Mar/2024:15:01:47 -0500] "GET /kwssiamovil/sm/acme/a?s=U2FsdGVkX1/qWrNeKMsKJQrZe0BqoY+XvGU+7Njd7TYvH9eU6AAxqpbrGmAEdLVfNeAdnxQvjaMYArmtPTmsouQI6JC27Ecf8VbUsl0em6/f5JVSvaW3EKTjUFAzfEaBVtwBhJ4wMYbpG9K2tjSZb9LoJzJz/FNVBFpugTKhvOk=&u=U2FsdGVkX1+qb54Xo1mGb1iHjHOhrduRjhQzD4ITEqGC9YQyZfDu7bp8DvbNS8dM&y=U2FsdGVkX18cbOiCZLkh2rTPRnbcLMnzkfbK3wPYsE/gSau1JIlC5iTGjTQTJO+Z HTTP/1.1" 200 26
186.102.102.111 - - [25/Mar/2024:15:01:47 -0500] "GET /kwssiamovil/sm/acme/a?s=U2FsdGVkX19bWGxfZbhtVH+8Z7gFTyD1UBpYvTVgARnJcxnP0r4g/V2MooVo8qRbPNkGMfPnmRo3AcB5vs6GzH2Ie4oqAyCw/rVUFS1aA08HNHbg4kNz5pqjup1XzIkZ2DHA3stMEFgchNHLazSUjzDt2b0G+epH4zn6NLncuFI=&u=U2FsdGVkX1+qb54Xo1mGb1iHjHOhrduRjhQzD4ITEqGC9YQyZfDu7bp8DvbNS8dM&y=U2FsdGVkX18cbOiCZLkh2rTPRnbcLMnzkfbK3wPYsE/gSau1JIlC5iTGjTQTJO+Z HTTP/1.1" 200 26
186.102.102.111 - - [25/Mar/2024:15:01:47 -0500] "GET /kwssiamovil/sm/acme/a?s=U2FsdGVkX1/Vh3p0uwu+ugTj3IF5Lhawrwseh5o+cYThJnYNSeTGaBTLOZ3cbiDCRkgIcADrYgcbYi5O5kSAZTWmnUmgq8NaDBdy0C6Pkvotq57wEqdoQm2S+sbApLECwlib2osW2/ch76J5uGdMiqWUXeTlJVqe3O1QHkuS4UA5ylsuXAzv8JwBfF8j41s8HAuctmsSGmrGtbod1VlvnA==&u=U2FsdGVkX1+qb54Xo1mGb1iHjHOhrduRjhQzD4ITEqGC9YQyZfDu7bp8DvbNS8dM&y=U2FsdGVkX18cbOiCZLkh2rTPRnbcLMnzkfbK3wPYsE/gSau1JIlC5iTGjTQTJO+Z HTTP/1.1" 200 26
66.249.66.19 - - [25/Mar/2024:15:01:55 -0500] "GET /Residuos/cosmeticos/files/guia_cosmeticos-aseo.pdf HTTP/1.1" 304 -
181.78.209.199 - - [25/Mar/2024:15:02:15 -0500] "POST /sipse/faces/presentacion/financiero/solicitudProceso/consultarSolicitudProceso.xhtml HTTP/1.1" 200 65765
181.78.209.199 - - [25/Mar/2024:15:02:17 -0500] "GET /sipse/faces/javax.faces.resource/theme.css?ln=primefaces-sipse HTTP/1.1" 304 -
181.78.209.199 - - [25/Mar/2024:15:02:18 -0500] "GET /sipse/faces/javax.faces.resource/jquery/jquery.js?ln=primefaces&v=4.0 HTTP/1.1" 304 -
181.78.209.199 - - [25/Mar/2024:15:02:18 -0500] "GET /sipse/faces/javax.faces.resource/primefaces.css?ln=primefaces&v=4.0 HTTP/1.1" 304 -
181.78.209.199 - - [25/Mar/2024:15:02:18 -0500] "GET /sipse/faces/javax.faces.resource/layout/layout.css?ln=primefaces&v=4.0 HTTP/1.1" 304 -
181.78.209.199 - - [25/Mar/2024:15:02:18 -0500] "GET /sipse/faces/javax.faces.resource/jquery/jquery-plugins.js?ln=primefaces&v=4.0 HTTP/1.1" 304 -
181.78.209.199 - - [25/Mar/2024:15:02:18 -0500] "GET /sipse/css/imagen/contrasena.png HTTP/1.1" 404 383
181.78.209.199 - - [25/Mar/2024:15:02:18 -0500] "GET /sipse/faces/javax.faces.resource/primefaces.js?ln=primefaces&v=4.0 HTTP/1.1" 304 -
181.78.209.199 - - [25/Mar/2024:15:02:18 -0500] "GET /sipse/faces/javax.faces.resource/layout/layout.js?ln=primefaces&v=4.0 HTTP/1.1" 304 -
181.78.209.199 - - [25/Mar/2024:15:02:18 -0500] "POST /sipse/faces/presentacion/financiero/solicitudProceso/listarSolicitudProceso.xhtml HTTP/1.1" 200 59164
181.78.209.199 - - [25/Mar/2024:15:02:19 -0500] "POST /sipse/faces/presentacion/financiero/solicitudProceso/listarSolicitudProceso.xhtml HTTP/1.1" 200 59164
181.78.209.199 - - [25/Mar/2024:15:02:20 -0500] "POST /sipse/faces/presentacion/financiero/solicitudProceso/listarSolicitudProceso.xhtml HTTP/1.1" 200 1560
181.78.209.199 - - [25/Mar/2024:15:02:21 -0500] "POST /sipse/faces/presentacion/financiero/solicitudProceso/listarSolicitudProceso.xhtml HTTP/1.1" 200 1568
189.189.110.206 - - [25/Mar/2024:15:02:23 -0500] "GET /sipse/faces/autenticacion.xhtml HTTP/1.1" 200 12731
181.78.209.199 - - [25/Mar/2024:15:02:23 -0500] "POST /sipse/faces/presentacion/financiero/solicitudProceso/listarSolicitudProceso.xhtml HTTP/1.1" 200 1568
66.249.66.19 - - [25/Mar/2024:15:02:35 -0500] "GET /Publicaciones/2024EE53817.pdf HTTP/1.1" 404 227
66.249.66.19 - - [25/Mar/2024:15:02:38 -0500] "GET /Publicaciones/2024EE55605.pdf HTTP/1.1" 404 227
66.249.66.20 - - [25/Mar/2024:15:02:50 -0500] "GET /Publicaciones/2024EE59881.pdf HTTP/1.1" 200 1954627
66.249.66.20 - - [25/Mar/2024:15:02:53 -0500] "GET /Publicaciones/2024EE57924.pdf HTTP/1.1" 200 457738
66.249.66.19 - - [25/Mar/2024:15:02:56 -0500] "GET /Publicaciones/2024EE53364.pdf HTTP/1.1" 404 227
66.249.66.19 - - [25/Mar/2024:15:03:04 -0500] "GET /Publicaciones/2024EE59703.pdf HTTP/1.1" 200 296003
172.22.2.4 - - [25/Mar/2024:15:03:05 -0500] "GET /BLA/boletinlegal/robots.txt HTTP/1.1" 404 1038
172.22.2.4 - - [25/Mar/2024:15:03:05 -0500] "GET /BLA/boletinlegal/Directivas/2017/Directiva%20No.%2006%20del%2016%20de%20Agosto%20de%202017.pdf HTTP/1.1" 304 -
189.189.110.206 - - [25/Mar/2024:15:03:47 -0500] "GET /sipse/faces/faces/autenticacion.xhtml HTTP/1.1" 200 12409
66.249.66.19 - - [25/Mar/2024:15:03:51 -0500] "GET /Publicaciones/2024EE56869.pdf HTTP/1.1" 200 223393
172.22.2.4 - - [25/Mar/2024:15:02:22 -0500] "HEAD /BLA/boletinlegal/ HTTP/1.1" 200 -
181.78.209.199 - - [25/Mar/2024:15:04:05 -0500] "POST /sipse/faces/presentacion/financiero/solicitudProceso/listarSolicitudProceso.xhtml HTTP/1.1" 200 31647
173.252.95.10 - - [25/Mar/2024:15:04:06 -0500] "GET /reciclaton-empresarial-2023-como-inscribirse-a-la-primera-jornada-del-ano.html HTTP/1.1" 200 705
173.252.95.4 - - [25/Mar/2024:15:04:06 -0500] "GET /reciclaton-empresarial-2023-como-inscribirse-a-la-primera-jornada-del-ano.html HTTP/1.1" 200 705
216.245.221.92 - - [25/Mar/2024:15:04:07 -0500] "HEAD / HTTP/1.1" 200 -
66.249.66.20 - - [25/Mar/2024:15:04:07 -0500] "GET /Publicaciones/2024EE53839.pdf HTTP/1.1" 404 227
181.78.209.199 - - [25/Mar/2024:15:04:10 -0500] "POST /sipse/faces/presentacion/financiero/solicitudProceso/listarSolicitudProceso.xhtml HTTP/1.1" 200 31695
181.78.209.199 - - [25/Mar/2024:15:04:13 -0500] "POST /sipse/faces/presentacion/financiero/solicitudProceso/listarSolicitudProceso.xhtml HTTP/1.1" 200 32411
134.209.15.212 - - [25/Mar/2024:15:04:16 -0500] "GET // HTTP/1.1" 200 319
181.78.209.199 - - [25/Mar/2024:15:04:39 -0500] "POST /sipse/faces/presentacion/financiero/solicitudProceso/listarSolicitudProceso.xhtml HTTP/1.1" 200 131752
181.78.209.199 - - [25/Mar/2024:15:04:41 -0500] "GET /sipse/faces/javax.faces.resource/theme.css?ln=primefaces-sipse HTTP/1.1" 304 -
181.78.209.199 - - [25/Mar/2024:15:04:41 -0500] "GET /sipse/faces/javax.faces.resource/jquery/jquery.js?ln=primefaces&v=4.0 HTTP/1.1" 304 -
181.78.209.199 - - [25/Mar/2024:15:04:41 -0500] "GET /sipse/faces/javax.faces.resource/primefaces.css?ln=primefaces&v=4.0 HTTP/1.1" 304 -
181.78.209.199 - - [25/Mar/2024:15:04:41 -0500] "GET /sipse/faces/javax.faces.resource/layout/layout.css?ln=primefaces&v=4.0 HTTP/1.1" 304 -
181.78.209.199 - - [25/Mar/2024:15:04:41 -0500] "GET /sipse/faces/javax.faces.resource/jquery/jquery-plugins.js?ln=primefaces&v=4.0 HTTP/1.1" 304 -
181.78.209.199 - - [25/Mar/2024:15:04:41 -0500] "GET /sipse/faces/javax.faces.resource/primefaces.js?ln=primefaces&v=4.0 HTTP/1.1" 304 -
181.78.209.199 - - [25/Mar/2024:15:04:41 -0500] "GET /sipse/faces/javax.faces.resource/layout/layout.js?ln=primefaces&v=4.0 HTTP/1.1" 304 -
181.78.209.199 - - [25/Mar/2024:15:04:41 -0500] "GET /sipse/css/imagen/contrasena.png HTTP/1.1" 404 383
172.22.2.4 - - [25/Mar/2024:15:03:02 -0500] "GET /BLA/boletinlegal/ HTTP/1.1" 200 45535
66.249.66.21 - - [25/Mar/2024:15:04:51 -0500] "GET /BLA/resoluciones/RESOLUCIONES%25202015/0350.pdf HTTP/1.1" 404 1018
181.78.209.199 - - [25/Mar/2024:15:05:07 -0500] "POST /sipse/faces/presentacion/financiero/solicitudProceso/consultarSolicitudProceso.xhtml HTTP/1.1" 200 40565
181.78.209.199 - - [25/Mar/2024:15:05:07 -0500] "GET /sipse/faces/javax.faces.resource/theme.css?ln=primefaces-sipse HTTP/1.1" 304 -
181.78.209.199 - - [25/Mar/2024:15:05:08 -0500] "GET /sipse/faces/javax.faces.resource/jquery/jquery.js?ln=primefaces&v=4.0 HTTP/1.1" 304 -
181.78.209.199 - - [25/Mar/2024:15:05:08 -0500] "GET /sipse/faces/javax.faces.resource/primefaces.css?ln=primefaces&v=4.0 HTTP/1.1" 304 -
181.78.209.199 - - [25/Mar/2024:15:05:08 -0500] "GET /sipse/faces/javax.faces.resource/layout/layout.css?ln=primefaces&v=4.0 HTTP/1.1" 304 -
181.78.209.199 - - [25/Mar/2024:15:05:08 -0500] "GET /sipse/faces/javax.faces.resource/jquery/jquery-plugins.js?ln=primefaces&v=4.0 HTTP/1.1" 304 -
181.78.209.199 - - [25/Mar/2024:15:05:08 -0500] "GET /sipse/faces/javax.faces.resource/primefaces.js?ln=primefaces&v=4.0 HTTP/1.1" 304 -
181.78.209.199 - - [25/Mar/2024:15:05:08 -0500] "GET /sipse/faces/javax.faces.resource/layout/layout.js?ln=primefaces&v=4.0 HTTP/1.1" 304 -
181.78.209.199 - - [25/Mar/2024:15:05:08 -0500] "GET /sipse/css/imagen/contrasena.png HTTP/1.1" 404 383
66.249.66.19 - - [25/Mar/2024:15:05:08 -0500] "GET /Publicaciones/2024EE58951.pdf HTTP/1.1" 200 895262
66.249.66.37 - - [25/Mar/2024:15:05:16 -0500] "GET /distrito-planto-mas-de-300-arboles-en-corredor-vial-de-la-aurora-en-usme-para-celebrar-el-dia-mundial-del-arbol.html HTTP/1.1" 200 1023
66.249.66.39 - - [25/Mar/2024:15:05:16 -0500] "GET /secretaria-de-ambiente-instalo-movil-en-la-quebrada-la-vieja-para-atender-a-la-fauna-silvestre.html HTTP/1.1" 304 -
172.22.2.4 - - [25/Mar/2024:15:03:53 -0500] "GET /BLA/boletinlegal/index.php HTTP/1.1" 200 44737
181.78.209.199 - - [25/Mar/2024:15:05:40 -0500] "GET /sipse/faces/javax.faces.resource/theme.css?ln=primefaces-sipse HTTP/1.1" 304 -
181.78.209.199 - - [25/Mar/2024:15:05:40 -0500] "GET /sipse/faces/javax.faces.resource/primefaces.css?ln=primefaces&v=4.0 HTTP/1.1" 304 -
181.78.209.199 - - [25/Mar/2024:15:05:39 -0500] "POST /sipse/faces/presentacion/financiero/estudioPrevio/personalSolicitado/expedirExperienciaIdoneidad.xhtml HTTP/1.1" 200 43570
181.78.209.199 - - [25/Mar/2024:15:05:40 -0500] "GET /sipse/faces/javax.faces.resource/jquery/jquery.js?ln=primefaces&v=4.0 HTTP/1.1" 304 -
181.78.209.199 - - [25/Mar/2024:15:05:40 -0500] "GET /sipse/faces/javax.faces.resource/layout/layout.css?ln=primefaces&v=4.0 HTTP/1.1" 304 -
181.78.209.199 - - [25/Mar/2024:15:05:40 -0500] "GET /sipse/faces/javax.faces.resource/jquery/jquery-plugins.js?ln=primefaces&v=4.0 HTTP/1.1" 304 -
181.78.209.199 - - [25/Mar/2024:15:05:40 -0500] "GET /sipse/faces/javax.faces.resource/primefaces.js?ln=primefaces&v=4.0 HTTP/1.1" 304 -
181.78.209.199 - - [25/Mar/2024:15:05:40 -0500] "GET /sipse/faces/javax.faces.resource/layout/layout.js?ln=primefaces&v=4.0 HTTP/1.1" 304 -
181.78.209.199 - - [25/Mar/2024:15:05:40 -0500] "GET /sipse/css/imagen/contrasena.png HTTP/1.1" 404 383
