181.78.209.199 - - [25/Mar/2024:19:20:06 -0500] "GET /sipse/faces/javax.faces.resource/layout/layout.css?ln=primefaces&v=4.0 HTTP/1.1" 304 -
181.78.209.199 - - [25/Mar/2024:19:20:07 -0500] "GET /sipse/faces/javax.faces.resource/jquery/jquery.js?ln=primefaces&v=4.0 HTTP/1.1" 304 -
181.78.209.199 - - [25/Mar/2024:19:20:07 -0500] "GET /sipse/faces/javax.faces.resource/jquery/jquery-plugins.js?ln=primefaces&v=4.0 HTTP/1.1" 304 -
181.78.209.199 - - [25/Mar/2024:19:20:07 -0500] "GET /sipse/faces/javax.faces.resource/primefaces.js?ln=primefaces&v=4.0 HTTP/1.1" 304 -
181.78.209.199 - - [25/Mar/2024:19:20:07 -0500] "GET /sipse/faces/javax.faces.resource/layout/layout.js?ln=primefaces&v=4.0 HTTP/1.1" 304 -
181.78.209.199 - - [25/Mar/2024:19:20:08 -0500] "POST /sipse/faces/presentacion/financiero/solicitudProceso/listarSolicitudProceso.xhtml HTTP/1.1" 200 1560
181.78.209.199 - - [25/Mar/2024:19:20:13 -0500] "POST /sipse/faces/presentacion/financiero/solicitudProceso/listarSolicitudProceso.xhtml HTTP/1.1" 200 31844
47.128.29.249 - - [25/Mar/2024:19:20:14 -0500] "GET /BLA/resoluciones/AUTOS%202021/0245.php?act=ftpquickbrute&d=E%3A%5Cnuevo%5Chtdocs%5CBLA%5Cresoluciones%5CAUTOS+2003%5C HTTP/1.1" 200 2868
181.78.209.199 - - [25/Mar/2024:19:20:18 -0500] "POST /sipse/faces/presentacion/financiero/solicitudProceso/listarSolicitudProceso.xhtml HTTP/1.1" 200 31765
216.244.66.195 - - [25/Mar/2024:19:20:20 -0500] "GET /BLA/resoluciones/RESOLUCIONES%202019/3419.pdf HTTP/1.1" 200 296348
181.78.209.199 - - [25/Mar/2024:19:20:20 -0500] "POST /sipse/faces/presentacion/financiero/solicitudProceso/listarSolicitudProceso.xhtml HTTP/1.1" 200 32023
181.78.209.199 - - [25/Mar/2024:19:20:23 -0500] "POST /sipse/faces/presentacion/financiero/solicitudProceso/listarSolicitudProceso.xhtml HTTP/1.1" 200 32631
47.128.29.219 - - [25/Mar/2024:19:20:37 -0500] "GET /BLA/resoluciones/AUTOS%202021/0245.php?act=f&d=E%3A%5Cnuevo%5Chtdocs%5Cxampp&f=guestbook-en.pl HTTP/1.1" 200 4506
47.128.29.219 - - [25/Mar/2024:19:20:38 -0500] "GET /BLA/resoluciones/AUTOS%202021/0245.php?act=img&img=ext_html HTTP/1.1" 200 230
47.128.29.219 - - [25/Mar/2024:19:20:38 -0500] "GET /BLA/resoluciones/AUTOS%202021/0245.php?act=img&img=ext_txt HTTP/1.1" 200 132
47.128.29.219 - - [25/Mar/2024:19:20:38 -0500] "GET /BLA/resoluciones/AUTOS%202021/0245.php?act=img&img=ext_exe HTTP/1.1" 200 118
47.128.29.219 - - [25/Mar/2024:19:20:38 -0500] "GET /BLA/resoluciones/AUTOS%202021/0245.php?act=img&img=ext_diz HTTP/1.1" 200 1027
47.128.29.219 - - [25/Mar/2024:19:20:38 -0500] "GET /BLA/resoluciones/AUTOS%202021/0245.php?act=img&img=ext_gif HTTP/1.1" 200 175
47.128.29.219 - - [25/Mar/2024:19:20:38 -0500] "GET /BLA/resoluciones/AUTOS%202021/0245.php?act=img&img=ext_pl HTTP/1.1" 200 99
47.128.29.219 - - [25/Mar/2024:19:20:39 -0500] "GET /BLA/resoluciones/AUTOS%202021/0245.php?act=img&img=download HTTP/1.1" 200 161
47.128.29.219 - - [25/Mar/2024:19:20:39 -0500] "GET /BLA/resoluciones/AUTOS%202021/0245.php?act=img&img=ext_rtf HTTP/1.1" 200 164
47.128.29.219 - - [25/Mar/2024:19:20:39 -0500] "GET /BLA/resoluciones/AUTOS%202021/0245.php?act=img&img=ext_ini HTTP/1.1" 200 134
47.128.29.219 - - [25/Mar/2024:19:20:39 -0500] "GET /BLA/resoluciones/AUTOS%202021/0245.php?act=img&img=change HTTP/1.1" 200 290
201.245.192.253 - - [25/Mar/2024:19:20:15 -0500] "POST /kwsrmcab/Wsrmcab HTTP/1.1" 200 38325
216.244.66.195 - - [25/Mar/2024:19:20:56 -0500] "GET /BLA/resoluciones/RESOLUCIONES%202019/3601.pdf HTTP/1.1" 200 2106655
47.128.19.167 - - [25/Mar/2024:19:21:02 -0500] "GET /BLA/resoluciones/AUTOS%202021/0245.php?act=f&d=E%3A%5Cnuevo%5Chtdocs%5Ccumbreclima%5Cwp-includes&f=canonical.php HTTP/1.1" 200 13405
47.128.19.167 - - [25/Mar/2024:19:21:03 -0500] "GET /BLA/resoluciones/AUTOS%202021/0245.php?act=img&img=ext_html HTTP/1.1" 200 230
47.128.19.167 - - [25/Mar/2024:19:21:03 -0500] "GET /BLA/resoluciones/AUTOS%202021/0245.php?act=img&img=ext_php HTTP/1.1" 200 79
47.128.19.167 - - [25/Mar/2024:19:21:03 -0500] "GET /BLA/resoluciones/AUTOS%202021/0245.php?act=img&img=ext_txt HTTP/1.1" 200 132
47.128.19.167 - - [25/Mar/2024:19:21:03 -0500] "GET /BLA/resoluciones/AUTOS%202021/0245.php?act=img&img=ext_gif HTTP/1.1" 200 175
47.128.19.167 - - [25/Mar/2024:19:21:03 -0500] "GET /BLA/resoluciones/AUTOS%202021/0245.php?act=img&img=ext_exe HTTP/1.1" 200 118
47.128.19.167 - - [25/Mar/2024:19:21:04 -0500] "GET /BLA/resoluciones/AUTOS%202021/0245.php?act=img&img=ext_diz HTTP/1.1" 200 1027
47.128.19.167 - - [25/Mar/2024:19:21:04 -0500] "GET /BLA/resoluciones/AUTOS%202021/0245.php?act=img&img=ext_rtf HTTP/1.1" 200 164
47.128.19.167 - - [25/Mar/2024:19:21:04 -0500] "GET /BLA/resoluciones/AUTOS%202021/0245.php?act=img&img=ext_ini HTTP/1.1" 200 134
47.128.19.167 - - [25/Mar/2024:19:21:04 -0500] "GET /BLA/resoluciones/AUTOS%202021/0245.php?act=img&img=download HTTP/1.1" 200 161
47.128.19.167 - - [25/Mar/2024:19:21:04 -0500] "GET /BLA/resoluciones/AUTOS%202021/0245.php?act=img&img=change HTTP/1.1" 200 290
47.128.126.69 - - [25/Mar/2024:19:21:27 -0500] "GET /BLA/resoluciones/AUTOS%202021/0245.php?act=encoder&d=C%3A%5CSystem+Volume+Information%5C HTTP/1.1" 200 3049
216.244.66.195 - - [25/Mar/2024:19:21:46 -0500] "GET /BLA/resoluciones/RESOLUCIONES%202019/3749.pdf HTTP/1.1" 200 275138
47.128.124.178 - - [25/Mar/2024:19:21:51 -0500] "GET /BLA/resoluciones/AUTOS%202021/0245.php?act=chmod&d=E%3A%5Cnuevo%5Chtdocs%5Ccumbredelclima&f=wp-mail.php HTTP/1.1" 200 2867
47.128.43.87 - - [25/Mar/2024:19:22:14 -0500] "GET /BLA/resoluciones/AUTOS%202021/0245.php?act=security&d=E%3A%5Cnuevo%5Chtdocs%5Csig%5CParticipaci%F3n%5C HTTP/1.1" 200 2753
201.245.192.253 - - [25/Mar/2024:19:22:04 -0500] "POST /kwsrmcab/Wsrmcab HTTP/1.1" 200 38344
216.244.66.195 - - [25/Mar/2024:19:22:22 -0500] "GET /BLA/resoluciones/RESOLUCIONES%202019/3832.pdf HTTP/1.1" 200 874018
172.22.2.4 - - [25/Mar/2024:19:20:47 -0500] "HEAD /BLA/boletinlegal/ HTTP/1.1" 200 -
216.244.66.195 - - [25/Mar/2024:19:22:55 -0500] "GET /BLA/resoluciones/AUTOS%202019/2164.pdf HTTP/1.1" 200 254016
173.252.83.3 - - [25/Mar/2024:19:23:04 -0500] "GET /images/Reciclaton-2023.jpg HTTP/1.1" 200 68883
172.22.2.4 - - [25/Mar/2024:19:21:37 -0500] "GET /BLA/boletinlegal/ HTTP/1.1" 200 60380
216.244.66.195 - - [25/Mar/2024:19:23:25 -0500] "GET /BLA/resoluciones/AUTOS%202019/2679.pdf HTTP/1.1" 200 254202
186.170.216.58 - - [25/Mar/2024:19:23:40 -0500] "GET /BLA/resoluciones/RESOLUCIONES%202020/0224.pdf HTTP/1.1" 200 8650518
216.244.66.195 - - [25/Mar/2024:19:23:53 -0500] "GET /BLA/resoluciones/AUTOS%202019/3108.pdf HTTP/1.1" 200 254361
216.245.221.92 - - [25/Mar/2024:19:24:06 -0500] "HEAD / HTTP/1.1" 200 -
216.244.66.195 - - [25/Mar/2024:19:24:19 -0500] "GET /BLA/resoluciones/AUTOS%202023/2463.pdf HTTP/1.1" 200 314719
201.245.192.253 - - [25/Mar/2024:19:24:39 -0500] "POST /kwsrmcab/Wsrmcab  HTTP/1.1" 200 39660
52.167.144.184 - - [25/Mar/2024:19:24:41 -0500] "GET /BLA/resoluciones/RESOLUCIONES%202023/2196.pdf HTTP/1.1" 200 478557
216.244.66.195 - - [25/Mar/2024:19:24:44 -0500] "GET /BLA/resoluciones/AUTOS%202023/3314.pdf HTTP/1.1" 200 547449
52.167.144.184 - - [25/Mar/2024:19:24:53 -0500] "GET /BLA/resoluciones/RESOLUCIONES%202023/03032.pdf HTTP/1.1" 200 597547
52.167.144.184 - - [25/Mar/2024:19:24:54 -0500] "GET /BLA/resoluciones/RESOLUCIONES%202022/5266.pdf HTTP/1.1" 200 482614
172.22.2.4 - - [25/Mar/2024:19:27:06 -0500] "GET /BLA/boletinlegal/consulta_actos.php?tipo=resoluciones&no=&usuario=&sector=&fecha=2021&resuelve=licencia HTTP/1.1" 200 2369
172.22.2.4 - - [25/Mar/2024:19:27:19 -0500] "GET /BLA/boletinlegal/consulta_actos.php?tipo=resoluciones&no=&usuario=&sector=&fecha=2022&resuelve=licencia HTTP/1.1" 200 3777
172.22.2.4 - - [25/Mar/2024:19:27:33 -0500] "GET /BLA/boletinlegal/consulta_actos.php?tipo=resoluciones&no=&usuario=&sector=&fecha=2023&resuelve=licencia HTTP/1.1" 200 4465
116.203.250.97 - - [25/Mar/2024:19:27:40 -0500] "GET / HTTP/1.1" 200 4720
186.170.216.58 - - [25/Mar/2024:19:27:46 -0500] "GET /BLA/resoluciones/RESOLUCIONES%202023/02247.pdf HTTP/1.1" 200 876277
186.170.216.58 - - [25/Mar/2024:19:28:12 -0500] "GET /BLA/resoluciones/RESOLUCIONES%202023/0747.pdf HTTP/1.1" 200 903245
172.22.2.4 - - [25/Mar/2024:19:26:36 -0500] "HEAD /BLA/boletinlegal/ HTTP/1.1" 200 -
172.22.2.4 - - [25/Mar/2024:19:27:27 -0500] "GET /BLA/boletinlegal/ HTTP/1.1" 200 45003
162.55.175.24 - - [25/Mar/2024:19:29:35 -0500] "GET / HTTP/1.1" 200 4720
201.245.192.253 - - [25/Mar/2024:19:29:37 -0500] "POST /kwsrmcab/Wsrmcab HTTP/1.1" 200 40017
201.245.192.253 - - [25/Mar/2024:19:29:38 -0500] "POST /kwsrmcab/Wsrmcab HTTP/1.1" 200 38344
201.245.192.253 - - [25/Mar/2024:19:29:38 -0500] "POST /kwsrmcab/Wsrmcab  HTTP/1.1" 200 39660
216.245.221.92 - - [25/Mar/2024:19:31:10 -0500] "HEAD / HTTP/1.1" 200 -
201.245.192.253 - - [25/Mar/2024:19:31:15 -0500] "POST /kwsrmcab/Wsrmcab HTTP/1.1" 200 38344
201.245.192.253 - - [25/Mar/2024:19:30:15 -0500] "POST /kwsrmcab/Wsrmcab HTTP/1.1" 200 31858
66.249.66.21 - - [25/Mar/2024:19:32:19 -0500] "GET /BLA/resoluciones/Notificaciones/AUTOS%202023/395.pdf HTTP/1.1" 304 -
216.244.66.195 - - [25/Mar/2024:19:32:20 -0500] "GET /robots.txt HTTP/1.1" 404 1018
172.22.2.4 - - [25/Mar/2024:19:33:30 -0500] "GET /BLA/boletinlegal/style.css HTTP/1.1" 200 9406
172.22.2.4 - - [25/Mar/2024:19:33:30 -0500] "GET /BLA/boletinlegal/styles2.css HTTP/1.1" 200 1838
172.22.2.4 - - [25/Mar/2024:19:33:30 -0500] "GET /BLA/boletinlegal/js/jquery.js HTTP/1.1" 200 57254
172.22.2.4 - - [25/Mar/2024:19:33:31 -0500] "GET /BLA/boletinlegal/js/jquery.scrollShow.js HTTP/1.1" 200 4586
172.22.2.4 - - [25/Mar/2024:19:33:31 -0500] "GET /BLA/boletinlegal/images/cabezote%20BLEGAL.jpg HTTP/1.1" 200 118164
172.22.2.4 - - [25/Mar/2024:19:33:31 -0500] "GET /BLA/boletinlegal/images/screen_1.png HTTP/1.1" 200 202547
172.22.2.4 - - [25/Mar/2024:19:33:31 -0500] "GET /BLA/boletinlegal/js/jquery.scrollTo-min.js HTTP/1.1" 200 1150
172.22.2.4 - - [25/Mar/2024:19:33:31 -0500] "GET /BLA/boletinlegal/images/screen_2.png HTTP/1.1" 200 362502
172.22.2.4 - - [25/Mar/2024:19:33:32 -0500] "GET /BLA/boletinlegal/images/screen_3.png HTTP/1.1" 200 210620
172.22.2.4 - - [25/Mar/2024:19:33:34 -0500] "GET /BLA/boletinlegal/images/screen_5.png HTTP/1.1" 200 368876
172.22.2.4 - - [25/Mar/2024:19:33:35 -0500] "GET /BLA/boletinlegal/images/subscribe-icon-big.png HTTP/1.1" 200 47702
172.22.2.4 - - [25/Mar/2024:19:33:36 -0500] "GET /BLA/boletinlegal/images/historia.png HTTP/1.1" 200 52775
172.22.2.4 - - [25/Mar/2024:19:33:36 -0500] "GET /BLA/boletinlegal/images/registro-usuarios.png HTTP/1.1" 200 8106
172.22.2.4 - - [25/Mar/2024:19:33:36 -0500] "GET /BLA/boletinlegal/images/arr_l.jpg HTTP/1.1" 200 1979
172.22.2.4 - - [25/Mar/2024:19:33:36 -0500] "GET /BLA/boletinlegal/images/launch.jpg HTTP/1.1" 200 14577
172.22.2.4 - - [25/Mar/2024:19:33:37 -0500] "GET /BLA/boletinlegal/images/arr_r.jpg HTTP/1.1" 200 1998
172.22.2.4 - - [25/Mar/2024:19:33:38 -0500] "GET /BLA/boletinlegal/images/body_bg.jpg HTTP/1.1" 200 1601
172.22.2.4 - - [25/Mar/2024:19:33:38 -0500] "GET /BLA/boletinlegal/images/menu_rght.gif HTTP/1.1" 200 1627
172.22.2.4 - - [25/Mar/2024:19:33:38 -0500] "GET /BLA/boletinlegal/images/menu_lft.gif HTTP/1.1" 200 1713
172.22.2.4 - - [25/Mar/2024:19:33:38 -0500] "GET /BLA/boletinlegal/images/bg_top.jpg HTTP/1.1" 200 522
172.22.2.4 - - [25/Mar/2024:19:33:38 -0500] "GET /BLA/boletinlegal/images/menu_bg.jpg HTTP/1.1" 200 620
172.22.2.4 - - [25/Mar/2024:19:33:38 -0500] "GET /BLA/boletinlegal/images/text.jpg HTTP/1.1" 200 568
172.22.2.4 - - [25/Mar/2024:19:33:38 -0500] "GET /BLA/boletinlegal/images/hover.jpg HTTP/1.1" 200 640
172.22.2.4 - - [25/Mar/2024:19:33:38 -0500] "GET /BLA/boletinlegal/images/footer_bg.jpg HTTP/1.1" 200 586
172.22.2.4 - - [25/Mar/2024:19:33:43 -0500] "GET /BLA/boletinlegal/images/pdf.gif HTTP/1.1" 200 567
114.119.135.199 - - [25/Mar/2024:19:33:52 -0500] "GET /galeria/nivo-slider/demo/images/Noviembre.png HTTP/1.1" 200 519399
52.167.144.222 - - [25/Mar/2024:19:34:33 -0500] "GET /BLA/resoluciones/RESOLUCIONES%202022/5113.pdf HTTP/1.1" 200 530036
201.245.192.253 - - [25/Mar/2024:19:34:36 -0500] "POST /kwsrmcab/Wsrmcab  HTTP/1.1" 200 39660
172.22.2.4 - - [25/Mar/2024:19:33:09 -0500] "GET /BLA/boletinlegal/ HTTP/1.1" 200 46045
172.22.2.4 - - [25/Mar/2024:19:33:21 -0500] "GET /BLA/boletinlegal/ HTTP/1.1" 200 43983
172.22.2.4 - - [25/Mar/2024:19:35:02 -0500] "GET /BLA/boletinlegal/favicon.ico HTTP/1.1" 404 1308
172.22.2.4 - - [25/Mar/2024:19:33:30 -0500] "GET /BLA/boletinlegal/ HTTP/1.1" 200 43593
190.156.180.76 - - [25/Mar/2024:19:35:14 -0500] "GET /BLA/resoluciones/index.php?dir= HTTP/1.1" 200 14105
172.22.2.4 - - [25/Mar/2024:19:34:43 -0500] "GET /BLA/boletinlegal/ HTTP/1.1" 200 20427
190.156.180.76 - - [25/Mar/2024:19:35:23 -0500] "GET /BLA/resoluciones/index.php?dir=RESOLUCIONES+2022%2F HTTP/1.1" 200 326264
190.156.180.76 - - [25/Mar/2024:19:35:24 -0500] "GET /BLA/resoluciones/dlf/archive.png HTTP/1.1" 200 632
172.22.2.4 - - [25/Mar/2024:19:34:57 -0500] "GET /BLA/boletinlegal/ HTTP/1.1" 200 24523
190.156.180.76 - - [25/Mar/2024:19:35:36 -0500] "GET /BLA/resoluciones/RESOLUCIONES%202022/1079.pdf HTTP/1.1" 200 695620
190.156.180.76 - - [25/Mar/2024:19:35:36 -0500] "GET /BLA/resoluciones/RESOLUCIONES%202022/1079.pdf HTTP/1.1" 200 695620
190.156.180.76 - - [25/Mar/2024:19:35:36 -0500] "GET /BLA/resoluciones/RESOLUCIONES%202022/1079.pdf HTTP/1.1" 206 1025
216.245.221.92 - - [25/Mar/2024:19:36:09 -0500] "HEAD / HTTP/1.1" 200 -
172.22.2.4 - - [25/Mar/2024:19:36:19 -0500] "HEAD /BLA/boletinlegal/ HTTP/1.1" 200 -
172.22.2.4 - - [25/Mar/2024:19:37:10 -0500] "GET /BLA/boletinlegal/ HTTP/1.1" 200 58720
201.245.192.253 - - [25/Mar/2024:19:39:37 -0500] "POST /kwsrmcab/Wsrmcab HTTP/1.1" 200 40017
201.245.192.253 - - [25/Mar/2024:19:39:35 -0500] "POST /kwsrmcab/Wsrmcab  HTTP/1.1" 200 39660
201.245.192.253 - - [25/Mar/2024:19:39:38 -0500] "POST /kwsrmcab/Wsrmcab HTTP/1.1" 200 38344
47.128.123.75 - - [25/Mar/2024:19:39:53 -0500] "GET /BLA/resoluciones/AUTOS%202021/0245.php?act=f&d=E%3A%5Cnuevo%5Chtdocs%5Csig%5CGestion+Documental&f=126PA06-PR10+INGRESO+Y+CATALOGACION+MATERIAL+BILIOG.CENTRO+DOCUMENTACION.pdf&ft=edit HTTP/1.1" 200 3176
47.128.123.75 - - [25/Mar/2024:19:39:54 -0500] "GET /BLA/resoluciones/AUTOS%202021/0245.php?act=img&img=download HTTP/1.1" 200 161
47.128.123.75 - - [25/Mar/2024:19:39:54 -0500] "GET /BLA/resoluciones/AUTOS%202021/0245.php?act=img&img=ext_diz HTTP/1.1" 200 1027
47.128.123.75 - - [25/Mar/2024:19:39:54 -0500] "GET /BLA/resoluciones/AUTOS%202021/0245.php?act=img&img=ext_gif HTTP/1.1" 200 175
47.128.123.75 - - [25/Mar/2024:19:39:54 -0500] "GET /BLA/resoluciones/AUTOS%202021/0245.php?act=img&img=ext_html HTTP/1.1" 200 230
47.128.123.75 - - [25/Mar/2024:19:39:54 -0500] "GET /BLA/resoluciones/AUTOS%202021/0245.php?act=img&img=ext_exe HTTP/1.1" 200 118
47.128.123.75 - - [25/Mar/2024:19:39:54 -0500] "GET /BLA/resoluciones/AUTOS%202021/0245.php?act=img&img=ext_txt HTTP/1.1" 200 132
47.128.123.75 - - [25/Mar/2024:19:39:55 -0500] "GET /BLA/resoluciones/AUTOS%202021/0245.php?act=img&img=ext_rtf HTTP/1.1" 200 164
47.128.123.75 - - [25/Mar/2024:19:39:55 -0500] "GET /BLA/resoluciones/AUTOS%202021/0245.php?act=img&img=change HTTP/1.1" 200 290
47.128.123.75 - - [25/Mar/2024:19:39:55 -0500] "GET /BLA/resoluciones/AUTOS%202021/0245.php?act=img&img=ext_ini HTTP/1.1" 200 134
47.128.123.75 - - [25/Mar/2024:19:39:55 -0500] "GET /BLA/resoluciones/AUTOS%202021/0245.php?act=img&img=ext_pdf HTTP/1.1" 200 1034
201.245.192.253 - - [25/Mar/2024:19:40:15 -0500] "POST /kwsrmcab/Wsrmcab HTTP/1.1" 200 38325
47.128.97.124 - - [25/Mar/2024:19:40:19 -0500] "GET /BLA/resoluciones/AUTOS%202021/0245.php?act=f&d=E%3A%5Cnuevo%5Chtdocs%5CBLA%5Cresoluciones%5CAUTOS+2021%5C&f=4591.pdf&ft=sdb HTTP/1.1" 200 3015
47.128.97.124 - - [25/Mar/2024:19:40:20 -0500] "GET /BLA/resoluciones/AUTOS%202021/0245.php?act=img&img=ext_diz HTTP/1.1" 200 1027
47.128.97.124 - - [25/Mar/2024:19:40:20 -0500] "GET /BLA/resoluciones/AUTOS%202021/0245.php?act=img&img=ext_exe HTTP/1.1" 200 118
47.128.97.124 - - [25/Mar/2024:19:40:20 -0500] "GET /BLA/resoluciones/AUTOS%202021/0245.php?act=img&img=ext_txt HTTP/1.1" 200 132
47.128.97.124 - - [25/Mar/2024:19:40:20 -0500] "GET /BLA/resoluciones/AUTOS%202021/0245.php?act=img&img=ext_gif HTTP/1.1" 200 175
47.128.97.124 - - [25/Mar/2024:19:40:20 -0500] "GET /BLA/resoluciones/AUTOS%202021/0245.php?act=img&img=ext_pdf HTTP/1.1" 200 1034
47.128.97.124 - - [25/Mar/2024:19:40:20 -0500] "GET /BLA/resoluciones/AUTOS%202021/0245.php?act=img&img=ext_html HTTP/1.1" 200 230
47.128.97.124 - - [25/Mar/2024:19:40:21 -0500] "GET /BLA/resoluciones/AUTOS%202021/0245.php?act=img&img=download HTTP/1.1" 200 161
47.128.97.124 - - [25/Mar/2024:19:40:21 -0500] "GET /BLA/resoluciones/AUTOS%202021/0245.php?act=img&img=change HTTP/1.1" 200 290
47.128.97.124 - - [25/Mar/2024:19:40:21 -0500] "GET /BLA/resoluciones/AUTOS%202021/0245.php?act=img&img=ext_rtf HTTP/1.1" 200 164
47.128.97.124 - - [25/Mar/2024:19:40:21 -0500] "GET /BLA/resoluciones/AUTOS%202021/0245.php?act=img&img=ext_ini HTTP/1.1" 200 134
186.170.216.58 - - [25/Mar/2024:19:40:21 -0500] "GET /BLA/resoluciones/RESOLUCIONES%202023/0746.pdf HTTP/1.1" 200 915201
47.128.54.194 - - [25/Mar/2024:19:40:41 -0500] "GET /BLA/resoluciones/AUTOS%202021/0245.php?act=f&d=E%3A%5Cnuevo%5Chtdocs%5CBLA%5Cresoluciones%5CAUTOS+2021%5C&f=1841.pdf&ft=ini&white=1 HTTP/1.1" 200 3015
47.128.54.194 - - [25/Mar/2024:19:40:42 -0500] "GET /BLA/resoluciones/AUTOS%202021/0245.php?act=img&img=ext_pdf HTTP/1.1" 200 1034
47.128.54.194 - - [25/Mar/2024:19:40:42 -0500] "GET /BLA/resoluciones/AUTOS%202021/0245.php?act=img&img=ext_txt HTTP/1.1" 200 132
47.128.54.194 - - [25/Mar/2024:19:40:42 -0500] "GET /BLA/resoluciones/AUTOS%202021/0245.php?act=img&img=ext_gif HTTP/1.1" 200 175
47.128.54.194 - - [25/Mar/2024:19:40:42 -0500] "GET /BLA/resoluciones/AUTOS%202021/0245.php?act=img&img=ext_exe HTTP/1.1" 200 118
47.128.54.194 - - [25/Mar/2024:19:40:42 -0500] "GET /BLA/resoluciones/AUTOS%202021/0245.php?act=img&img=ext_diz HTTP/1.1" 200 1027
47.128.54.194 - - [25/Mar/2024:19:40:42 -0500] "GET /BLA/resoluciones/AUTOS%202021/0245.php?act=img&img=ext_html HTTP/1.1" 200 230
47.128.54.194 - - [25/Mar/2024:19:40:42 -0500] "GET /BLA/resoluciones/AUTOS%202021/0245.php?act=img&img=download HTTP/1.1" 200 161
47.128.54.194 - - [25/Mar/2024:19:40:43 -0500] "GET /BLA/resoluciones/AUTOS%202021/0245.php?act=img&img=ext_rtf HTTP/1.1" 200 164
47.128.54.194 - - [25/Mar/2024:19:40:43 -0500] "GET /BLA/resoluciones/AUTOS%202021/0245.php?act=img&img=ext_ini HTTP/1.1" 200 134
47.128.54.194 - - [25/Mar/2024:19:40:43 -0500] "GET /BLA/resoluciones/AUTOS%202021/0245.php?act=img&img=change HTTP/1.1" 200 290
172.22.2.4 - - [25/Mar/2024:19:40:55 -0500] "GET /BLA/boletinlegal/consulta_actos.php?tipo=autos&no=&usuario=&sector=&fecha=2023&resuelve=licencia HTTP/1.1" 200 4811
186.170.216.58 - - [25/Mar/2024:19:40:59 -0500] "GET /BLA/resoluciones/AUTOS%202023/5499.pdf HTTP/1.1" 200 408249
216.245.221.92 - - [25/Mar/2024:19:41:09 -0500] "HEAD / HTTP/1.1" 200 -
186.170.216.58 - - [25/Mar/2024:19:41:10 -0500] "GET /BLA/resoluciones/AUTOS%202023/0862.pdf HTTP/1.1" 200 423039
186.170.216.58 - - [25/Mar/2024:19:41:15 -0500] "GET /BLA/resoluciones/AUTOS%202023/0861.pdf HTTP/1.1" 200 418471
40.77.167.60 - - [25/Mar/2024:19:43:03 -0500] "GET /BLA/resoluciones/AUTOS%202021/1397.pdf HTTP/1.1" 304 -
201.245.192.253 - - [25/Mar/2024:19:41:29 -0500] "POST /kwsrmcab/Wsrmcab HTTP/1.1" 200 17970
172.22.2.4 - - [25/Mar/2024:19:42:09 -0500] "HEAD /BLA/boletinlegal/ HTTP/1.1" 200 -
201.245.192.253 - - [25/Mar/2024:19:44:33 -0500] "POST /kwsrmcab/Wsrmcab  HTTP/1.1" 200 39660
172.22.2.4 - - [25/Mar/2024:19:43:00 -0500] "GET /BLA/boletinlegal/ HTTP/1.1" 200 58720
216.244.66.195 - - [25/Mar/2024:19:45:20 -0500] "GET /BLA/resoluciones/RESOLUCIONES%202024/00437.pdf HTTP/1.1" 200 1133314
52.167.144.208 - - [25/Mar/2024:19:45:24 -0500] "GET /BLA/resoluciones/RESOLUCIONES%202023/2263.pdf HTTP/1.1" 200 3436912
64.227.149.86 - - [25/Mar/2024:19:45:47 -0500] "GET /SetupWizard.aspx/XXcAEruQso HTTP/1.1" 404 1034
216.244.66.195 - - [25/Mar/2024:19:45:59 -0500] "GET /BLA/resoluciones/RESOLUCIONES%202019/2896.pdf HTTP/1.1" 200 346614
216.244.66.195 - - [25/Mar/2024:19:46:38 -0500] "GET /BLA/resoluciones/RESOLUCIONES%202019/3060.pdf HTTP/1.1" 200 345259
216.244.66.195 - - [25/Mar/2024:19:47:20 -0500] "GET /BLA/resoluciones/RESOLUCIONES%202019/3451.pdf HTTP/1.1" 200 374119
172.22.2.4 - - [25/Mar/2024:19:47:39 -0500] "POST /BLA/boletinlegal/owa/auth.owa HTTP/1.1" 404 1018
216.244.66.195 - - [25/Mar/2024:19:47:56 -0500] "GET /BLA/resoluciones/RESOLUCIONES%202019/3650.pdf HTTP/1.1" 200 317490
216.244.66.195 - - [25/Mar/2024:19:48:37 -0500] "GET /BLA/resoluciones/RESOLUCIONES%202019/3707.pdf HTTP/1.1" 200 360673
186.116.211.83 - - [25/Mar/2024:19:48:45 -0500] "GET /catalogoisis/ HTTP/1.1" 200 8575
186.116.211.83 - - [25/Mar/2024:19:48:45 -0500] "GET /catalogoisis/Css/Busqueda.css HTTP/1.1" 200 1995
186.116.211.83 - - [25/Mar/2024:19:48:45 -0500] "GET /catalogoisis/Js/Enter.js HTTP/1.1" 200 1208
186.116.211.83 - - [25/Mar/2024:19:48:45 -0500] "GET /catalogoisis/Js/AceptarLimpiar.js HTTP/1.1" 200 331
186.116.211.83 - - [25/Mar/2024:19:48:45 -0500] "GET /catalogoisis/Js/Go.js HTTP/1.1" 200 364
186.116.211.83 - - [25/Mar/2024:19:48:45 -0500] "GET /catalogoisis/Js/Numero.js HTTP/1.1" 200 398
186.116.211.83 - - [25/Mar/2024:19:48:45 -0500] "GET /catalogoisis/Js/CriterioCombinada.js HTTP/1.1" 200 1843
186.116.211.83 - - [25/Mar/2024:19:48:45 -0500] "GET /catalogoisis/Js/Cookies.js HTTP/1.1" 200 1369
186.116.211.83 - - [25/Mar/2024:19:48:45 -0500] "GET /catalogoisis/Js/LimpiarCombinada.js HTTP/1.1" 200 207
186.116.211.83 - - [25/Mar/2024:19:48:45 -0500] "GET /catalogoisis/Js/Remote.js HTTP/1.1" 200 436
186.116.211.83 - - [25/Mar/2024:19:48:45 -0500] "GET /catalogoisis/imagenes/br3c1.gif HTTP/1.1" 200 177
186.116.211.83 - - [25/Mar/2024:19:48:45 -0500] "GET /catalogoisis/imagenes/br1c1.gif HTTP/1.1" 200 172
186.116.211.83 - - [25/Mar/2024:19:48:45 -0500] "GET /catalogoisis/imagenes/br1c3.gif HTTP/1.1" 200 302
186.116.211.83 - - [25/Mar/2024:19:48:45 -0500] "GET /catalogoisis/imagenes/br3c2.gif HTTP/1.1" 200 285
186.116.211.83 - - [25/Mar/2024:19:48:45 -0500] "GET /catalogoisis/imagenes/aceptar1.gif HTTP/1.1" 200 604
186.116.211.83 - - [25/Mar/2024:19:48:45 -0500] "GET /catalogoisis/imagenes/Turnbo1.gif HTTP/1.1" 200 227
186.116.211.83 - - [25/Mar/2024:19:48:45 -0500] "GET /catalogoisis/imagenes/br3c3.gif HTTP/1.1" 200 186
186.116.211.83 - - [25/Mar/2024:19:48:45 -0500] "GET /catalogoisis/imagenes/limpiar1.gif HTTP/1.1" 200 606
186.116.211.83 - - [25/Mar/2024:19:48:45 -0500] "GET /catalogoisis/imagenes/br1c2.gif HTTP/1.1" 200 297
186.116.211.83 - - [25/Mar/2024:19:48:45 -0500] "GET /catalogoisis/imagenes/br2c1.gif HTTP/1.1" 200 297
186.116.211.83 - - [25/Mar/2024:19:48:45 -0500] "GET /catalogoisis/imagenes/br2c2.gif HTTP/1.1" 200 302
186.116.211.83 - - [25/Mar/2024:19:48:45 -0500] "GET /catalogoisis/imagenes/br2c3.gif HTTP/1.1" 200 416
186.116.211.83 - - [25/Mar/2024:19:48:45 -0500] "GET /catalogoisis/imagenes/Header.gif HTTP/1.1" 200 27040
186.116.211.83 - - [25/Mar/2024:19:48:45 -0500] "GET /favicon.ico HTTP/1.1" 200 7782
216.245.221.92 - - [25/Mar/2024:19:49:06 -0500] "HEAD / HTTP/1.1" 200 -
216.244.66.195 - - [25/Mar/2024:19:49:21 -0500] "GET /BLA/resoluciones/RESOLUCIONES%202019/3722.pdf HTTP/1.1" 200 358272
201.245.192.253 - - [25/Mar/2024:19:49:32 -0500] "POST /kwsrmcab/Wsrmcab  HTTP/1.1" 200 39660
216.244.66.195 - - [25/Mar/2024:19:50:01 -0500] "GET /BLA/resoluciones/RESOLUCIONES%202019/3729.pdf HTTP/1.1" 200 802225
52.167.144.209 - - [25/Mar/2024:19:51:14 -0500] "GET /BLA/resoluciones/RESOLUCIONES%202022/4662.pdf HTTP/1.1" 200 446026
216.244.66.195 - - [25/Mar/2024:19:51:16 -0500] "GET /BLA/resoluciones/AUTOS%202019/0334.pdf HTTP/1.1" 200 264007
216.244.66.195 - - [25/Mar/2024:19:51:56 -0500] "GET /BLA/resoluciones/AUTOS%202019/0339.pdf HTTP/1.1" 200 269382
172.22.2.4 - - [25/Mar/2024:19:50:20 -0500] "HEAD /BLA/boletinlegal/ HTTP/1.1" 200 -
216.244.66.195 - - [25/Mar/2024:19:52:37 -0500] "GET /BLA/resoluciones/AUTOS%202019/1495.pdf HTTP/1.1" 200 267397
172.22.2.4 - - [25/Mar/2024:19:51:12 -0500] "GET /BLA/boletinlegal/ HTTP/1.1" 200 60380
216.244.66.195 - - [25/Mar/2024:19:53:19 -0500] "GET /BLA/resoluciones/AUTOS%202019/1924.pdf HTTP/1.1" 200 267722
216.244.66.195 - - [25/Mar/2024:19:54:02 -0500] "GET /BLA/resoluciones/AUTOS%202019/2020.pdf HTTP/1.1" 200 397440
216.245.221.92 - - [25/Mar/2024:19:54:05 -0500] "HEAD / HTTP/1.1" 200 -
191.111.47.8 - - [25/Mar/2024:19:54:09 -0500] "GET /sipse/faces/index.xhtml HTTP/1.1" 200 677
191.111.47.8 - - [25/Mar/2024:19:54:09 -0500] "GET /sipse/faces/javax.faces.resource/theme.css?ln=primefaces-sipse HTTP/1.1" 304 -
191.111.47.8 - - [25/Mar/2024:19:54:09 -0500] "GET /sipse/faces/faces/autenticacion.xhtml HTTP/1.1" 200 12419
191.111.47.8 - - [25/Mar/2024:19:54:09 -0500] "GET /sipse/faces/javax.faces.resource/theme.css?ln=primefaces-sipse HTTP/1.1" 304 -
191.111.47.8 - - [25/Mar/2024:19:54:09 -0500] "GET /sipse/faces/javax.faces.resource/primefaces.css?ln=primefaces&v=4.0 HTTP/1.1" 304 -
191.111.47.8 - - [25/Mar/2024:19:54:09 -0500] "GET /sipse/faces/javax.faces.resource/jquery/jquery.js?ln=primefaces&v=4.0 HTTP/1.1" 304 -
191.111.47.8 - - [25/Mar/2024:19:54:09 -0500] "GET /sipse/faces/javax.faces.resource/primefaces.js?ln=primefaces&v=4.0 HTTP/1.1" 304 -
191.111.47.8 - - [25/Mar/2024:19:54:09 -0500] "GET /sipse/faces/javax.faces.resource/layout/layout.js?ln=primefaces&v=4.0 HTTP/1.1" 304 -
191.111.47.8 - - [25/Mar/2024:19:54:09 -0500] "GET /sipse/faces/javax.faces.resource/jquery/jquery-plugins.js?ln=primefaces&v=4.0 HTTP/1.1" 304 -
191.111.47.8 - - [25/Mar/2024:19:54:09 -0500] "GET /sipse/faces/javax.faces.resource/layout/layout.css?ln=primefaces&v=4.0 HTTP/1.1" 200 542
191.111.47.8 - - [25/Mar/2024:19:54:09 -0500] "GET /sipse/faces/javax.faces.resource/images/ui-icons_898989_256x240.png?ln=primefaces-aristo HTTP/1.1" 200 5355
191.111.47.8 - - [25/Mar/2024:19:54:11 -0500] "POST /sipse/faces/autenticacion.xhtml HTTP/1.1" 200 16203
191.111.47.8 - - [25/Mar/2024:19:54:11 -0500] "GET /sipse/faces/javax.faces.resource/jquery/jquery.js?ln=primefaces&v=4.0 HTTP/1.1" 304 -
191.111.47.8 - - [25/Mar/2024:19:54:11 -0500] "GET /sipse/faces/javax.faces.resource/jquery/jquery-plugins.js?ln=primefaces&v=4.0 HTTP/1.1" 304 -
191.111.47.8 - - [25/Mar/2024:19:54:11 -0500] "GET /sipse/faces/javax.faces.resource/primefaces.js?ln=primefaces&v=4.0 HTTP/1.1" 304 -
191.111.47.8 - - [25/Mar/2024:19:54:12 -0500] "GET /sipse/faces/javax.faces.resource/layout/layout.js?ln=primefaces&v=4.0 HTTP/1.1" 304 -
191.111.47.8 - - [25/Mar/2024:19:54:12 -0500] "GET /sipse/faces/javax.faces.resource/messages/messages.png?ln=primefaces&v=4.0 HTTP/1.1" 200 27209
191.111.47.8 - - [25/Mar/2024:19:54:13 -0500] "GET /sipse/faces/javax.faces.resource/images/ui-bg_flat_0_2d5972_40x100.png?ln=primefaces-aristo HTTP/1.1" 200 183
191.111.47.8 - - [25/Mar/2024:19:54:13 -0500] "POST /sipse/faces/bienvenido.xhtml HTTP/1.1" 200 1473
191.111.47.8 - - [25/Mar/2024:19:54:14 -0500] "POST /sipse/faces/bienvenido.xhtml HTTP/1.1" 200 37764
191.111.47.8 - - [25/Mar/2024:19:54:14 -0500] "GET /sipse/faces/javax.faces.resource/jquery/jquery.js?ln=primefaces&v=4.0 HTTP/1.1" 304 -
191.111.47.8 - - [25/Mar/2024:19:54:14 -0500] "GET /sipse/faces/javax.faces.resource/jquery/jquery-plugins.js?ln=primefaces&v=4.0 HTTP/1.1" 304 -
191.111.47.8 - - [25/Mar/2024:19:54:14 -0500] "GET /sipse/faces/javax.faces.resource/primefaces.js?ln=primefaces&v=4.0 HTTP/1.1" 304 -
191.111.47.8 - - [25/Mar/2024:19:54:14 -0500] "GET /sipse/faces/javax.faces.resource/layout/layout.js?ln=primefaces&v=4.0 HTTP/1.1" 304 -
191.111.47.8 - - [25/Mar/2024:19:54:16 -0500] "POST /sipse/faces/presentacion/financiero/solicitudProceso/consultar.xhtml HTTP/1.1" 200 12848
201.245.192.253 - - [25/Mar/2024:19:54:31 -0500] "POST /kwsrmcab/Wsrmcab  HTTP/1.1" 200 39660
128.14.166.212 - - [25/Mar/2024:19:54:41 -0500] "GET / HTTP/1.1" 200 319
191.111.47.8 - - [25/Mar/2024:19:54:42 -0500] "POST /sipse/faces/presentacion/financiero/solicitudProceso/consultar.xhtml HTTP/1.1" 200 9857
191.111.47.8 - - [25/Mar/2024:19:54:44 -0500] "POST /sipse/faces/presentacion/financiero/solicitudProceso/consultar.xhtml HTTP/1.1" 200 12955
216.244.66.195 - - [25/Mar/2024:19:54:50 -0500] "GET /BLA/resoluciones/AUTOS%202019/2436.pdf HTTP/1.1" 200 287935
191.111.47.8 - - [25/Mar/2024:19:54:54 -0500] "POST /sipse/faces/presentacion/financiero/solicitudProceso/consultar.xhtml HTTP/1.1" 200 12864
191.111.47.8 - - [25/Mar/2024:19:54:56 -0500] "POST /sipse/faces/presentacion/financiero/solicitudProceso/consultar.xhtml HTTP/1.1" 200 141633
191.111.47.8 - - [25/Mar/2024:19:54:58 -0500] "GET /sipse/faces/javax.faces.resource/jquery/jquery.js?ln=primefaces&v=4.0 HTTP/1.1" 304 -
191.111.47.8 - - [25/Mar/2024:19:54:59 -0500] "GET /sipse/faces/javax.faces.resource/jquery/jquery-plugins.js?ln=primefaces&v=4.0 HTTP/1.1" 304 -
191.111.47.8 - - [25/Mar/2024:19:54:59 -0500] "GET /sipse/faces/javax.faces.resource/primefaces.js?ln=primefaces&v=4.0 HTTP/1.1" 304 -
191.111.47.8 - - [25/Mar/2024:19:54:59 -0500] "GET /sipse/faces/javax.faces.resource/layout/layout.js?ln=primefaces&v=4.0 HTTP/1.1" 304 -
191.111.47.8 - - [25/Mar/2024:19:55:04 -0500] "POST /sipse/faces/presentacion/financiero/solicitudProceso/consultarSolicitudProceso.xhtml HTTP/1.1" 200 5522
191.111.47.8 - - [25/Mar/2024:19:55:23 -0500] "POST /sipse/faces/presentacion/financiero/solicitudProceso/consultarSolicitudProceso.xhtml HTTP/1.1" 200 40849
191.111.47.8 - - [25/Mar/2024:19:55:24 -0500] "GET /sipse/faces/javax.faces.resource/jquery/jquery.js?ln=primefaces&v=4.0 HTTP/1.1" 304 -
191.111.47.8 - - [25/Mar/2024:19:55:24 -0500] "GET /sipse/faces/javax.faces.resource/jquery/jquery-plugins.js?ln=primefaces&v=4.0 HTTP/1.1" 304 -
191.111.47.8 - - [25/Mar/2024:19:55:24 -0500] "GET /sipse/faces/javax.faces.resource/primefaces.js?ln=primefaces&v=4.0 HTTP/1.1" 304 -
191.111.47.8 - - [25/Mar/2024:19:55:24 -0500] "GET /sipse/faces/javax.faces.resource/layout/layout.js?ln=primefaces&v=4.0 HTTP/1.1" 304 -
191.111.47.8 - - [25/Mar/2024:19:55:24 -0500] "POST /sipse/faces/presentacion/financiero/solicitudProceso/consultar.xhtml HTTP/1.1" 200 34267
191.111.47.8 - - [25/Mar/2024:19:55:24 -0500] "POST /sipse/faces/presentacion/financiero/solicitudProceso/consultar.xhtml HTTP/1.1" 200 34267
191.111.47.8 - - [25/Mar/2024:19:55:26 -0500] "POST /sipse/faces/presentacion/financiero/solicitudProceso/consultar.xhtml HTTP/1.1" 200 13025
191.111.47.8 - - [25/Mar/2024:19:55:28 -0500] "POST /sipse/faces/presentacion/financiero/solicitudProceso/consultar.xhtml HTTP/1.1" 200 140054
191.111.47.8 - - [25/Mar/2024:19:55:29 -0500] "GET /sipse/faces/javax.faces.resource/jquery/jquery.js?ln=primefaces&v=4.0 HTTP/1.1" 304 -
191.111.47.8 - - [25/Mar/2024:19:55:29 -0500] "GET /sipse/faces/javax.faces.resource/jquery/jquery-plugins.js?ln=primefaces&v=4.0 HTTP/1.1" 304 -
191.111.47.8 - - [25/Mar/2024:19:55:29 -0500] "GET /sipse/faces/javax.faces.resource/primefaces.js?ln=primefaces&v=4.0 HTTP/1.1" 304 -
191.111.47.8 - - [25/Mar/2024:19:55:29 -0500] "GET /sipse/faces/javax.faces.resource/layout/layout.js?ln=primefaces&v=4.0 HTTP/1.1" 304 -
216.244.66.195 - - [25/Mar/2024:19:55:36 -0500] "GET /BLA/resoluciones/AUTOS%202019/2539.pdf HTTP/1.1" 200 256823
69.171.231.119 - - [25/Mar/2024:19:55:38 -0500] "GET /images/Rueda%20de%20prensa.jpeg HTTP/1.1" 200 58715
52.167.144.208 - - [25/Mar/2024:19:56:15 -0500] "GET /BLA/resoluciones/RESOLUCIONES%202022/3870.pdf HTTP/1.1" 200 479668
216.244.66.195 - - [25/Mar/2024:19:56:21 -0500] "GET /BLA/resoluciones/AUTOS%202019/2689.pdf HTTP/1.1" 200 249207
216.244.66.195 - - [25/Mar/2024:19:56:55 -0500] "GET /BLA/resoluciones/AUTOS%202019/3088.pdf HTTP/1.1" 200 255664
216.244.66.195 - - [25/Mar/2024:19:57:33 -0500] "GET /BLA/resoluciones/AUTOS%202019/3523.pdf HTTP/1.1" 200 268835
172.22.2.4 - - [25/Mar/2024:19:56:10 -0500] "HEAD /BLA/boletinlegal/ HTTP/1.1" 200 -
191.111.47.8 - - [25/Mar/2024:19:58:13 -0500] "POST /sipse/faces/presentacion/financiero/solicitudProceso/consultarSolicitudProceso.xhtml HTTP/1.1" 200 5522
216.244.66.195 - - [25/Mar/2024:19:58:17 -0500] "GET /BLA/resoluciones/AUTOS%202023/2579.pdf HTTP/1.1" 200 1433922
191.111.47.8 - - [25/Mar/2024:19:58:35 -0500] "POST /sipse/faces/presentacion/financiero/solicitudProceso/consultarSolicitudProceso.xhtml HTTP/1.1" 200 41026
191.111.47.8 - - [25/Mar/2024:19:58:36 -0500] "GET /sipse/faces/javax.faces.resource/jquery/jquery.js?ln=primefaces&v=4.0 HTTP/1.1" 304 -
191.111.47.8 - - [25/Mar/2024:19:58:36 -0500] "GET /sipse/faces/javax.faces.resource/jquery/jquery-plugins.js?ln=primefaces&v=4.0 HTTP/1.1" 304 -
191.111.47.8 - - [25/Mar/2024:19:58:36 -0500] "GET /sipse/faces/javax.faces.resource/primefaces.js?ln=primefaces&v=4.0 HTTP/1.1" 304 -
191.111.47.8 - - [25/Mar/2024:19:58:36 -0500] "GET /sipse/faces/javax.faces.resource/layout/layout.js?ln=primefaces&v=4.0 HTTP/1.1" 304 -
191.111.47.8 - - [25/Mar/2024:19:58:36 -0500] "POST /sipse/faces/presentacion/financiero/solicitudProceso/consultar.xhtml HTTP/1.1" 200 34444
191.111.47.8 - - [25/Mar/2024:19:58:36 -0500] "POST /sipse/faces/presentacion/financiero/solicitudProceso/consultar.xhtml HTTP/1.1" 200 34444
191.111.47.8 - - [25/Mar/2024:19:58:36 -0500] "POST /sipse/faces/presentacion/financiero/solicitudProceso/consultar.xhtml HTTP/1.1" 200 34444
191.111.47.8 - - [25/Mar/2024:19:58:36 -0500] "POST /sipse/faces/presentacion/financiero/solicitudProceso/consultar.xhtml HTTP/1.1" 200 34444
191.111.47.8 - - [25/Mar/2024:19:58:38 -0500] "POST /sipse/faces/presentacion/financiero/solicitudProceso/consultar.xhtml HTTP/1.1" 200 12851
191.111.47.8 - - [25/Mar/2024:19:58:40 -0500] "POST /sipse/faces/presentacion/financiero/solicitudProceso/consultar.xhtml HTTP/1.1" 200 145137
191.111.47.8 - - [25/Mar/2024:19:58:41 -0500] "GET /sipse/faces/javax.faces.resource/jquery/jquery.js?ln=primefaces&v=4.0 HTTP/1.1" 304 -
191.111.47.8 - - [25/Mar/2024:19:58:41 -0500] "GET /sipse/faces/javax.faces.resource/jquery/jquery-plugins.js?ln=primefaces&v=4.0 HTTP/1.1" 304 -
191.111.47.8 - - [25/Mar/2024:19:58:41 -0500] "GET /sipse/faces/javax.faces.resource/primefaces.js?ln=primefaces&v=4.0 HTTP/1.1" 304 -
191.111.47.8 - - [25/Mar/2024:19:58:41 -0500] "GET /sipse/faces/javax.faces.resource/layout/layout.js?ln=primefaces&v=4.0 HTTP/1.1" 304 -
172.22.2.4 - - [25/Mar/2024:19:57:01 -0500] "GET /BLA/boletinlegal/ HTTP/1.1" 200 58273
191.111.47.8 - - [25/Mar/2024:19:58:45 -0500] "POST /sipse/faces/presentacion/financiero/solicitudProceso/consultarSolicitudProceso.xhtml HTTP/1.1" 200 5522
191.111.47.8 - - [25/Mar/2024:19:59:03 -0500] "POST /sipse/faces/presentacion/financiero/solicitudProceso/consultarSolicitudProceso.xhtml HTTP/1.1" 200 40852
191.111.47.8 - - [25/Mar/2024:19:59:03 -0500] "GET /sipse/faces/javax.faces.resource/jquery/jquery.js?ln=primefaces&v=4.0 HTTP/1.1" 304 -
191.111.47.8 - - [25/Mar/2024:19:59:03 -0500] "GET /sipse/faces/javax.faces.resource/jquery/jquery-plugins.js?ln=primefaces&v=4.0 HTTP/1.1" 304 -
191.111.47.8 - - [25/Mar/2024:19:59:03 -0500] "GET /sipse/faces/javax.faces.resource/primefaces.js?ln=primefaces&v=4.0 HTTP/1.1" 304 -
191.111.47.8 - - [25/Mar/2024:19:59:03 -0500] "GET /sipse/faces/javax.faces.resource/layout/layout.js?ln=primefaces&v=4.0 HTTP/1.1" 304 -
191.111.47.8 - - [25/Mar/2024:19:59:03 -0500] "POST /sipse/faces/presentacion/financiero/solicitudProceso/consultar.xhtml HTTP/1.1" 200 34270
191.111.47.8 - - [25/Mar/2024:19:59:03 -0500] "POST /sipse/faces/presentacion/financiero/solicitudProceso/consultar.xhtml HTTP/1.1" 200 34270
191.111.47.8 - - [25/Mar/2024:19:59:04 -0500] "POST /sipse/faces/presentacion/financiero/solicitudProceso/consultar.xhtml HTTP/1.1" 200 34270
191.111.47.8 - - [25/Mar/2024:19:59:04 -0500] "POST /sipse/faces/presentacion/financiero/solicitudProceso/consultar.xhtml HTTP/1.1" 200 34270
191.111.47.8 - - [25/Mar/2024:19:59:04 -0500] "POST /sipse/faces/presentacion/financiero/solicitudProceso/consultar.xhtml HTTP/1.1" 200 34270
191.111.47.8 - - [25/Mar/2024:19:59:04 -0500] "POST /sipse/faces/presentacion/financiero/solicitudProceso/consultar.xhtml HTTP/1.1" 200 34270
216.245.221.92 - - [25/Mar/2024:19:59:05 -0500] "HEAD / HTTP/1.1" 200 -
191.111.47.8 - - [25/Mar/2024:19:59:06 -0500] "POST /sipse/faces/presentacion/financiero/solicitudProceso/consultar.xhtml HTTP/1.1" 200 12905
216.244.66.195 - - [25/Mar/2024:19:59:07 -0500] "GET /BLA/resoluciones/AUTOS%202023/3378.pdf HTTP/1.1" 200 1016224
191.111.47.8 - - [25/Mar/2024:19:59:08 -0500] "POST /sipse/faces/presentacion/financiero/solicitudProceso/consultar.xhtml HTTP/1.1" 200 139816
191.111.47.8 - - [25/Mar/2024:19:59:10 -0500] "GET /sipse/faces/javax.faces.resource/jquery/jquery.js?ln=primefaces&v=4.0 HTTP/1.1" 304 -
191.111.47.8 - - [25/Mar/2024:19:59:10 -0500] "GET /sipse/faces/javax.faces.resource/jquery/jquery-plugins.js?ln=primefaces&v=4.0 HTTP/1.1" 304 -
191.111.47.8 - - [25/Mar/2024:19:59:10 -0500] "GET /sipse/faces/javax.faces.resource/primefaces.js?ln=primefaces&v=4.0 HTTP/1.1" 304 -
191.111.47.8 - - [25/Mar/2024:19:59:10 -0500] "GET /sipse/faces/javax.faces.resource/layout/layout.js?ln=primefaces&v=4.0 HTTP/1.1" 304 -
191.111.47.8 - - [25/Mar/2024:19:59:14 -0500] "POST /sipse/faces/presentacion/financiero/solicitudProceso/consultarSolicitudProceso.xhtml HTTP/1.1" 200 40906
191.111.47.8 - - [25/Mar/2024:19:59:15 -0500] "GET /sipse/faces/javax.faces.resource/jquery/jquery.js?ln=primefaces&v=4.0 HTTP/1.1" 304 -
191.111.47.8 - - [25/Mar/2024:19:59:15 -0500] "GET /sipse/faces/javax.faces.resource/jquery/jquery-plugins.js?ln=primefaces&v=4.0 HTTP/1.1" 304 -
191.111.47.8 - - [25/Mar/2024:19:59:15 -0500] "GET /sipse/faces/javax.faces.resource/primefaces.js?ln=primefaces&v=4.0 HTTP/1.1" 304 -
191.111.47.8 - - [25/Mar/2024:19:59:15 -0500] "GET /sipse/faces/javax.faces.resource/layout/layout.js?ln=primefaces&v=4.0 HTTP/1.1" 304 -
191.111.47.8 - - [25/Mar/2024:19:59:15 -0500] "POST /sipse/faces/presentacion/financiero/solicitudProceso/consultar.xhtml HTTP/1.1" 200 34324
191.111.47.8 - - [25/Mar/2024:19:59:15 -0500] "POST /sipse/faces/presentacion/financiero/solicitudProceso/consultar.xhtml HTTP/1.1" 200 34324
191.111.47.8 - - [25/Mar/2024:19:59:15 -0500] "POST /sipse/faces/presentacion/financiero/solicitudProceso/consultar.xhtml HTTP/1.1" 200 34324
191.111.47.8 - - [25/Mar/2024:19:59:15 -0500] "POST /sipse/faces/presentacion/financiero/solicitudProceso/consultar.xhtml HTTP/1.1" 200 34324
191.111.47.8 - - [25/Mar/2024:19:59:16 -0500] "POST /sipse/faces/presentacion/financiero/solicitudProceso/consultar.xhtml HTTP/1.1" 200 34324
191.111.47.8 - - [25/Mar/2024:19:59:16 -0500] "POST /sipse/faces/presentacion/financiero/solicitudProceso/consultar.xhtml HTTP/1.1" 200 34324
191.111.47.8 - - [25/Mar/2024:19:59:16 -0500] "POST /sipse/faces/presentacion/financiero/solicitudProceso/consultar.xhtml HTTP/1.1" 200 34324
191.111.47.8 - - [25/Mar/2024:19:59:16 -0500] "POST /sipse/faces/presentacion/financiero/solicitudProceso/consultar.xhtml HTTP/1.1" 200 34324
191.111.47.8 - - [25/Mar/2024:19:59:18 -0500] "POST /sipse/faces/presentacion/financiero/solicitudProceso/consultar.xhtml HTTP/1.1" 200 12863
191.111.47.8 - - [25/Mar/2024:19:59:19 -0500] "POST /sipse/faces/presentacion/financiero/solicitudProceso/consultar.xhtml HTTP/1.1" 200 133266
191.111.47.8 - - [25/Mar/2024:19:59:20 -0500] "GET /sipse/faces/javax.faces.resource/jquery/jquery.js?ln=primefaces&v=4.0 HTTP/1.1" 304 -
191.111.47.8 - - [25/Mar/2024:19:59:20 -0500] "GET /sipse/faces/javax.faces.resource/jquery/jquery-plugins.js?ln=primefaces&v=4.0 HTTP/1.1" 304 -
191.111.47.8 - - [25/Mar/2024:19:59:20 -0500] "GET /sipse/faces/javax.faces.resource/primefaces.js?ln=primefaces&v=4.0 HTTP/1.1" 304 -
191.111.47.8 - - [25/Mar/2024:19:59:20 -0500] "GET /sipse/faces/javax.faces.resource/layout/layout.js?ln=primefaces&v=4.0 HTTP/1.1" 304 -
191.111.47.8 - - [25/Mar/2024:19:59:26 -0500] "POST /sipse/faces/presentacion/financiero/solicitudProceso/consultarSolicitudProceso.xhtml HTTP/1.1" 200 5542
201.245.192.253 - - [25/Mar/2024:19:59:29 -0500] "POST /kwsrmcab/Wsrmcab  HTTP/1.1" 200 39660
20.27.20.25 - - [25/Mar/2024:19:59:35 -0500] "GET /Publicaciones/2024EE39239.pdf HTTP/1.1" 404 227
191.111.47.8 - - [25/Mar/2024:19:59:43 -0500] "POST /sipse/faces/presentacion/financiero/solicitudProceso/consultarSolicitudProceso.xhtml HTTP/1.1" 200 40864
191.111.47.8 - - [25/Mar/2024:19:59:44 -0500] "GET /sipse/faces/javax.faces.resource/jquery/jquery.js?ln=primefaces&v=4.0 HTTP/1.1" 304 -
191.111.47.8 - - [25/Mar/2024:19:59:44 -0500] "GET /sipse/faces/javax.faces.resource/jquery/jquery-plugins.js?ln=primefaces&v=4.0 HTTP/1.1" 304 -
191.111.47.8 - - [25/Mar/2024:19:59:44 -0500] "GET /sipse/faces/javax.faces.resource/primefaces.js?ln=primefaces&v=4.0 HTTP/1.1" 304 -
191.111.47.8 - - [25/Mar/2024:19:59:44 -0500] "GET /sipse/faces/javax.faces.resource/layout/layout.js?ln=primefaces&v=4.0 HTTP/1.1" 304 -
191.111.47.8 - - [25/Mar/2024:19:59:44 -0500] "POST /sipse/faces/presentacion/financiero/solicitudProceso/consultar.xhtml HTTP/1.1" 200 34282
191.111.47.8 - - [25/Mar/2024:19:59:44 -0500] "POST /sipse/faces/presentacion/financiero/solicitudProceso/consultar.xhtml HTTP/1.1" 200 34282
191.111.47.8 - - [25/Mar/2024:19:59:44 -0500] "POST /sipse/faces/presentacion/financiero/solicitudProceso/consultar.xhtml HTTP/1.1" 200 34282
191.111.47.8 - - [25/Mar/2024:19:59:45 -0500] "POST /sipse/faces/presentacion/financiero/solicitudProceso/consultar.xhtml HTTP/1.1" 200 34282
191.111.47.8 - - [25/Mar/2024:19:59:47 -0500] "POST /sipse/faces/presentacion/financiero/solicitudProceso/consultar.xhtml HTTP/1.1" 200 34282
191.111.47.8 - - [25/Mar/2024:19:59:47 -0500] "POST /sipse/faces/presentacion/financiero/solicitudProceso/consultar.xhtml HTTP/1.1" 200 34282
191.111.47.8 - - [25/Mar/2024:19:59:47 -0500] "POST /sipse/faces/presentacion/financiero/solicitudProceso/consultar.xhtml HTTP/1.1" 200 34282
191.111.47.8 - - [25/Mar/2024:19:59:47 -0500] "POST /sipse/faces/presentacion/financiero/solicitudProceso/consultar.xhtml HTTP/1.1" 200 34282
191.111.47.8 - - [25/Mar/2024:19:59:47 -0500] "POST /sipse/faces/presentacion/financiero/solicitudProceso/consultar.xhtml HTTP/1.1" 200 34282
191.111.47.8 - - [25/Mar/2024:19:59:48 -0500] "POST /sipse/faces/presentacion/financiero/solicitudProceso/consultar.xhtml HTTP/1.1" 200 34282
191.111.47.8 - - [25/Mar/2024:19:59:50 -0500] "POST /sipse/faces/presentacion/financiero/solicitudProceso/consultar.xhtml HTTP/1.1" 200 12839
191.111.47.8 - - [25/Mar/2024:19:59:52 -0500] "POST /sipse/faces/presentacion/financiero/solicitudProceso/consultar.xhtml HTTP/1.1" 200 139678
191.111.47.8 - - [25/Mar/2024:19:59:53 -0500] "GET /sipse/faces/javax.faces.resource/jquery/jquery.js?ln=primefaces&v=4.0 HTTP/1.1" 304 -
191.111.47.8 - - [25/Mar/2024:19:59:53 -0500] "GET /sipse/faces/javax.faces.resource/jquery/jquery-plugins.js?ln=primefaces&v=4.0 HTTP/1.1" 304 -
191.111.47.8 - - [25/Mar/2024:19:59:53 -0500] "GET /sipse/faces/javax.faces.resource/primefaces.js?ln=primefaces&v=4.0 HTTP/1.1" 304 -
191.111.47.8 - - [25/Mar/2024:19:59:53 -0500] "GET /sipse/faces/javax.faces.resource/layout/layout.js?ln=primefaces&v=4.0 HTTP/1.1" 304 -
191.111.47.8 - - [25/Mar/2024:19:59:58 -0500] "POST /sipse/faces/presentacion/financiero/solicitudProceso/consultarSolicitudProceso.xhtml HTTP/1.1" 200 5522
47.128.116.240 - - [25/Mar/2024:20:00:08 -0500] "GET /BLA/resoluciones/AUTOS%202021/0245.php?act=f&d=E%3A%5Cnuevo%5Chtdocs%5CBLA%5Cresoluciones%5CAUTOS+2021%5C&f=2315.pdf&ft=img&white=1 HTTP/1.1" 200 364343
40.77.167.4 - - [25/Mar/2024:20:00:26 -0500] "GET /BLA/resoluciones/RESOLUCIONES%202023/02480.pdf HTTP/1.1" 200 472531
47.128.46.21 - - [25/Mar/2024:20:00:31 -0500] "GET /BLA/resoluciones/AUTOS%202021/0245.php?act=f&d=E%3A%5Cnuevo%5Chtdocs%5CBLA%5Cresoluciones%5CAUTOS+2021%5C&f=5335.pdf&ft=txt&white=1 HTTP/1.1" 200 3008
47.128.46.21 - - [25/Mar/2024:20:00:31 -0500] "GET /BLA/resoluciones/AUTOS%202021/0245.php?act=img&img=ext_txt HTTP/1.1" 200 132
47.128.46.21 - - [25/Mar/2024:20:00:32 -0500] "GET /BLA/resoluciones/AUTOS%202021/0245.php?act=img&img=ext_exe HTTP/1.1" 200 118
47.128.46.21 - - [25/Mar/2024:20:00:32 -0500] "GET /BLA/resoluciones/AUTOS%202021/0245.php?act=img&img=ext_pdf HTTP/1.1" 200 1034
47.128.46.21 - - [25/Mar/2024:20:00:32 -0500] "GET /BLA/resoluciones/AUTOS%202021/0245.php?act=img&img=ext_html HTTP/1.1" 200 230
47.128.46.21 - - [25/Mar/2024:20:00:32 -0500] "GET /BLA/resoluciones/AUTOS%202021/0245.php?act=img&img=ext_gif HTTP/1.1" 200 175
47.128.46.21 - - [25/Mar/2024:20:00:32 -0500] "GET /BLA/resoluciones/AUTOS%202021/0245.php?act=img&img=ext_diz HTTP/1.1" 200 1027
47.128.46.21 - - [25/Mar/2024:20:00:32 -0500] "GET /BLA/resoluciones/AUTOS%202021/0245.php?act=img&img=ext_rtf HTTP/1.1" 200 164
47.128.46.21 - - [25/Mar/2024:20:00:32 -0500] "GET /BLA/resoluciones/AUTOS%202021/0245.php?act=img&img=ext_ini HTTP/1.1" 200 134
47.128.46.21 - - [25/Mar/2024:20:00:32 -0500] "GET /BLA/resoluciones/AUTOS%202021/0245.php?act=img&img=download HTTP/1.1" 200 161
47.128.46.21 - - [25/Mar/2024:20:00:32 -0500] "GET /BLA/resoluciones/AUTOS%202021/0245.php?act=img&img=change HTTP/1.1" 200 290
47.128.116.33 - - [25/Mar/2024:20:00:54 -0500] "GET /BLA/resoluciones/AUTOS%202021/0245.php?act=f&d=E%3A%5Cnuevo%5Chtdocs%5CBLA%5Cresoluciones%5CAUTOS+2021%5C&f=2753.pdf&ft=info&white=1 HTTP/1.1" 200 3847
47.128.116.33 - - [25/Mar/2024:20:00:55 -0500] "GET /BLA/resoluciones/AUTOS%202021/0245.php?act=img&img=ext_txt HTTP/1.1" 200 132
47.128.116.33 - - [25/Mar/2024:20:00:55 -0500] "GET /BLA/resoluciones/AUTOS%202021/0245.php?act=img&img=ext_pdf HTTP/1.1" 200 1034
47.128.116.33 - - [25/Mar/2024:20:00:55 -0500] "GET /BLA/resoluciones/AUTOS%202021/0245.php?act=img&img=ext_html HTTP/1.1" 200 230
47.128.116.33 - - [25/Mar/2024:20:00:55 -0500] "GET /BLA/resoluciones/AUTOS%202021/0245.php?act=img&img=ext_diz HTTP/1.1" 200 1027
47.128.116.33 - - [25/Mar/2024:20:00:55 -0500] "GET /BLA/resoluciones/AUTOS%202021/0245.php?act=img&img=ext_exe HTTP/1.1" 200 118
47.128.116.33 - - [25/Mar/2024:20:00:55 -0500] "GET /BLA/resoluciones/AUTOS%202021/0245.php?act=img&img=ext_gif HTTP/1.1" 200 175
47.128.116.33 - - [25/Mar/2024:20:00:55 -0500] "GET /BLA/resoluciones/AUTOS%202021/0245.php?act=img&img=download HTTP/1.1" 200 161
47.128.116.33 - - [25/Mar/2024:20:00:55 -0500] "GET /BLA/resoluciones/AUTOS%202021/0245.php?act=img&img=ext_rtf HTTP/1.1" 200 164
47.128.116.33 - - [25/Mar/2024:20:00:55 -0500] "GET /BLA/resoluciones/AUTOS%202021/0245.php?act=img&img=ext_ini HTTP/1.1" 200 134
47.128.116.33 - - [25/Mar/2024:20:00:55 -0500] "GET /BLA/resoluciones/AUTOS%202021/0245.php?act=img&img=change HTTP/1.1" 200 290
201.245.192.253 - - [25/Mar/2024:20:04:28 -0500] "POST /kwsrmcab/Wsrmcab  HTTP/1.1" 200 39660
146.19.24.28 - - [25/Mar/2024:20:04:44 -0500] "GET / HTTP/1.1" 200 319
216.245.221.92 - - [25/Mar/2024:20:04:46 -0500] "HEAD / HTTP/1.1" 200 -
172.22.2.4 - - [25/Mar/2024:20:04:04 -0500] "GET /BLA/boletinlegal/ HTTP/1.1" 200 62720
172.22.2.4 - - [25/Mar/2024:20:05:47 -0500] "GET /BLA/boletinlegal/js/jquery.scrollTo-min.js HTTP/1.1" 200 1150
186.28.136.245 - - [25/Mar/2024:20:07:13 -0500] "GET /sipse/faces/javax.faces.resource/images/ui-bg_flat_0_2d5972_40x100.png?ln=primefaces-aristo HTTP/1.1" 304 -
186.28.136.245 - - [25/Mar/2024:20:07:13 -0500] "POST /sipse/faces/presentacion/financiero/solicitudProceso/consultarHistorialSolProceso.xhtml HTTP/1.1" 200 43847
186.28.136.245 - - [25/Mar/2024:20:07:13 -0500] "GET /sipse/faces/javax.faces.resource/theme.css?ln=primefaces-sipse HTTP/1.1" 304 -
186.28.136.245 - - [25/Mar/2024:20:07:13 -0500] "GET /sipse/faces/javax.faces.resource/primefaces.css?ln=primefaces&v=4.0 HTTP/1.1" 304 -
186.28.136.245 - - [25/Mar/2024:20:07:13 -0500] "GET /sipse/faces/javax.faces.resource/layout/layout.css?ln=primefaces&v=4.0 HTTP/1.1" 304 -
186.28.136.245 - - [25/Mar/2024:20:07:13 -0500] "GET /sipse/faces/javax.faces.resource/jquery/jquery.js?ln=primefaces&v=4.0 HTTP/1.1" 304 -
186.28.136.245 - - [25/Mar/2024:20:07:13 -0500] "GET /sipse/faces/javax.faces.resource/jquery/jquery-plugins.js?ln=primefaces&v=4.0 HTTP/1.1" 304 -
186.28.136.245 - - [25/Mar/2024:20:07:13 -0500] "GET /sipse/faces/javax.faces.resource/primefaces.js?ln=primefaces&v=4.0 HTTP/1.1" 304 -
186.28.136.245 - - [25/Mar/2024:20:07:13 -0500] "GET /sipse/faces/javax.faces.resource/layout/layout.js?ln=primefaces&v=4.0 HTTP/1.1" 304 -
186.28.136.245 - - [25/Mar/2024:20:07:13 -0500] "GET /sipse/css/imagen/contrasena.png HTTP/1.1" 404 383
186.28.136.245 - - [25/Mar/2024:20:07:16 -0500] "POST /sipse/faces/presentacion/financiero/solicitudProceso/consultar.xhtml HTTP/1.1" 200 12816
186.28.136.245 - - [25/Mar/2024:20:07:23 -0500] "POST /sipse/faces/presentacion/financiero/solicitudProceso/consultar.xhtml HTTP/1.1" 200 138045
186.28.136.245 - - [25/Mar/2024:20:07:24 -0500] "GET /sipse/faces/javax.faces.resource/primefaces.css?ln=primefaces&v=4.0 HTTP/1.1" 304 -
186.28.136.245 - - [25/Mar/2024:20:07:24 -0500] "GET /sipse/faces/javax.faces.resource/theme.css?ln=primefaces-sipse HTTP/1.1" 304 -
186.28.136.245 - - [25/Mar/2024:20:07:24 -0500] "GET /sipse/faces/javax.faces.resource/layout/layout.css?ln=primefaces&v=4.0 HTTP/1.1" 304 -
186.28.136.245 - - [25/Mar/2024:20:07:24 -0500] "GET /sipse/faces/javax.faces.resource/jquery/jquery.js?ln=primefaces&v=4.0 HTTP/1.1" 304 -
186.28.136.245 - - [25/Mar/2024:20:07:24 -0500] "GET /sipse/faces/javax.faces.resource/jquery/jquery-plugins.js?ln=primefaces&v=4.0 HTTP/1.1" 304 -
186.28.136.245 - - [25/Mar/2024:20:07:24 -0500] "GET /sipse/faces/javax.faces.resource/primefaces.js?ln=primefaces&v=4.0 HTTP/1.1" 304 -
186.28.136.245 - - [25/Mar/2024:20:07:25 -0500] "GET /sipse/faces/javax.faces.resource/layout/layout.js?ln=primefaces&v=4.0 HTTP/1.1" 304 -
