45.238.182.130 - - [25/Mar/2024:21:59:52 -0500] "GET /sipse/faces/javax.faces.resource/layout/layout.js?ln=primefaces&v=4.0 HTTP/1.1" 304 -
45.238.182.130 - - [25/Mar/2024:21:59:53 -0500] "POST /sipse/faces/presentacion/financiero/solicitudProceso/listarSolicitudProceso.xhtml HTTP/1.1" 200 1400
45.238.182.130 - - [25/Mar/2024:21:59:59 -0500] "POST /sipse/faces/presentacion/financiero/solicitudProceso/listarSolicitudProceso.xhtml HTTP/1.1" 200 167469
45.238.182.130 - - [25/Mar/2024:22:00:00 -0500] "GET /sipse/faces/javax.faces.resource/theme.css?ln=primefaces-sipse HTTP/1.1" 304 -
45.238.182.130 - - [25/Mar/2024:22:00:00 -0500] "GET /sipse/faces/javax.faces.resource/primefaces.css?ln=primefaces&v=4.0 HTTP/1.1" 304 -
45.238.182.130 - - [25/Mar/2024:22:00:00 -0500] "GET /sipse/faces/javax.faces.resource/layout/layout.css?ln=primefaces&v=4.0 HTTP/1.1" 304 -
45.238.182.130 - - [25/Mar/2024:22:00:00 -0500] "GET /sipse/faces/javax.faces.resource/jquery/jquery.js?ln=primefaces&v=4.0 HTTP/1.1" 304 -
45.238.182.130 - - [25/Mar/2024:22:00:00 -0500] "GET /sipse/faces/javax.faces.resource/jquery/jquery-plugins.js?ln=primefaces&v=4.0 HTTP/1.1" 304 -
45.238.182.130 - - [25/Mar/2024:22:00:00 -0500] "GET /sipse/faces/javax.faces.resource/primefaces.js?ln=primefaces&v=4.0 HTTP/1.1" 304 -
45.238.182.130 - - [25/Mar/2024:22:00:00 -0500] "GET /sipse/faces/javax.faces.resource/layout/layout.js?ln=primefaces&v=4.0 HTTP/1.1" 304 -
186.102.8.74 - - [25/Mar/2024:22:00:05 -0500] "GET /kwssiamovil/sm/acme/u?s=U2FsdGVkX199YnqKCm2NzK5bT1iQX7YeyFZGKzZOOu+sej0LxW3LfgLDBXE/SoS4nuQfpNrLDKxDjasZ0/LWzm6W8U9zNgnaabnLvWy6uheWZ3Mm+wylNNCxsl0+fDKIJBxf4TpaD7RJu6q7QfWaI7Lov0qco/k3DFpdgSwQ0Lg=&u=U2FsdGVkX19FaLnz2itXwUCzzP2U67H2UNY3mChPnkE=&y=U2FsdGVkX1+LUw1UT1XlKvrZYXUJeoH0KWI8Cas2oEFn3jZ+TtqSEC4Z/sFPHNTk HTTP/1.1" 200 60
45.238.182.130 - - [25/Mar/2024:22:00:06 -0500] "GET /sipse/faces/javax.faces.resource/theme.css?ln=primefaces-sipse HTTP/1.1" 304 -
45.238.182.130 - - [25/Mar/2024:22:00:06 -0500] "GET /sipse/faces/javax.faces.resource/primefaces.css?ln=primefaces&v=4.0 HTTP/1.1" 304 -
45.238.182.130 - - [25/Mar/2024:22:00:06 -0500] "GET /sipse/faces/javax.faces.resource/layout/layout.css?ln=primefaces&v=4.0 HTTP/1.1" 304 -
45.238.182.130 - - [25/Mar/2024:22:00:06 -0500] "GET /sipse/faces/javax.faces.resource/jquery/jquery.js?ln=primefaces&v=4.0 HTTP/1.1" 304 -
45.238.182.130 - - [25/Mar/2024:22:00:06 -0500] "GET /sipse/faces/javax.faces.resource/primefaces.js?ln=primefaces&v=4.0 HTTP/1.1" 304 -
45.238.182.130 - - [25/Mar/2024:22:00:06 -0500] "GET /sipse/faces/javax.faces.resource/jquery/jquery-plugins.js?ln=primefaces&v=4.0 HTTP/1.1" 304 -
45.238.182.130 - - [25/Mar/2024:22:00:06 -0500] "GET /sipse/faces/javax.faces.resource/layout/layout.js?ln=primefaces&v=4.0 HTTP/1.1" 304 -
45.238.182.130 - - [25/Mar/2024:22:00:05 -0500] "POST /sipse/faces/presentacion/financiero/solicitudProceso/consultarSolicitudProceso.xhtml HTTP/1.1" 200 47517
172.22.2.4 - - [25/Mar/2024:21:58:35 -0500] "GET /BLA/boletinlegal/ HTTP/1.1" 200 59583
186.85.234.113 - - [25/Mar/2024:22:00:22 -0500] "POST /sipse/faces/presentacion/financiero/solicitudProceso/consultarSolicitudProceso.xhtml HTTP/1.1" 200 1806414
45.238.182.130 - - [25/Mar/2024:22:00:33 -0500] "GET /sipse/faces/javax.faces.resource/theme.css?ln=primefaces-sipse HTTP/1.1" 304 -
45.238.182.130 - - [25/Mar/2024:22:00:33 -0500] "GET /sipse/faces/javax.faces.resource/primefaces.css?ln=primefaces&v=4.0 HTTP/1.1" 304 -
45.238.182.130 - - [25/Mar/2024:22:00:33 -0500] "GET /sipse/faces/javax.faces.resource/layout/layout.css?ln=primefaces&v=4.0 HTTP/1.1" 304 -
45.238.182.130 - - [25/Mar/2024:22:00:33 -0500] "GET /sipse/faces/javax.faces.resource/jquery/jquery.js?ln=primefaces&v=4.0 HTTP/1.1" 304 -
45.238.182.130 - - [25/Mar/2024:22:00:33 -0500] "GET /sipse/faces/javax.faces.resource/jquery/jquery-plugins.js?ln=primefaces&v=4.0 HTTP/1.1" 304 -
45.238.182.130 - - [25/Mar/2024:22:00:33 -0500] "GET /sipse/faces/javax.faces.resource/primefaces.js?ln=primefaces&v=4.0 HTTP/1.1" 304 -
45.238.182.130 - - [25/Mar/2024:22:00:33 -0500] "GET /sipse/faces/javax.faces.resource/layout/layout.js?ln=primefaces&v=4.0 HTTP/1.1" 304 -
45.238.182.130 - - [25/Mar/2024:22:00:32 -0500] "POST /sipse/faces/presentacion/financiero/solicitudProceso/consultarHistorialSolProceso.xhtml HTTP/1.1" 200 213311
186.85.234.113 - - [25/Mar/2024:22:00:39 -0500] "POST /sipse/faces/presentacion/financiero/solicitudProceso/consultarSolicitudProceso.xhtml HTTP/1.1" 200 1667113
186.85.234.113 - - [25/Mar/2024:22:00:48 -0500] "POST /sipse/faces/presentacion/financiero/solicitudProceso/consultarSolicitudProceso.xhtml HTTP/1.1" 200 2511866
45.238.182.130 - - [25/Mar/2024:22:01:05 -0500] "POST /sipse/faces/presentacion/financiero/solicitudProceso/consultarSolicitudProceso.xhtml HTTP/1.1" 200 84877
179.33.113.236 - - [25/Mar/2024:22:01:29 -0500] "POST /sipse/faces/presentacion/financiero/solicitudProceso/consultarSolicitudProceso.xhtml HTTP/1.1" 200 5515
45.238.182.130 - - [25/Mar/2024:22:01:40 -0500] "GET /sipse/faces/javax.faces.resource/theme.css?ln=primefaces-sipse HTTP/1.1" 304 -
45.238.182.130 - - [25/Mar/2024:22:01:40 -0500] "GET /sipse/faces/javax.faces.resource/primefaces.css?ln=primefaces&v=4.0 HTTP/1.1" 304 -
45.238.182.130 - - [25/Mar/2024:22:01:40 -0500] "GET /sipse/faces/javax.faces.resource/layout/layout.css?ln=primefaces&v=4.0 HTTP/1.1" 304 -
45.238.182.130 - - [25/Mar/2024:22:01:40 -0500] "GET /sipse/faces/javax.faces.resource/jquery/jquery.js?ln=primefaces&v=4.0 HTTP/1.1" 304 -
45.238.182.130 - - [25/Mar/2024:22:01:40 -0500] "GET /sipse/faces/javax.faces.resource/jquery/jquery-plugins.js?ln=primefaces&v=4.0 HTTP/1.1" 304 -
45.238.182.130 - - [25/Mar/2024:22:01:40 -0500] "GET /sipse/faces/javax.faces.resource/primefaces.js?ln=primefaces&v=4.0 HTTP/1.1" 304 -
45.238.182.130 - - [25/Mar/2024:22:01:40 -0500] "GET /sipse/faces/javax.faces.resource/layout/layout.js?ln=primefaces&v=4.0 HTTP/1.1" 304 -
45.238.182.130 - - [25/Mar/2024:22:01:39 -0500] "POST /sipse/faces/presentacion/financiero/solicitudProceso/consultarSolicitudProceso.xhtml HTTP/1.1" 200 214136
172.22.2.4 - - [25/Mar/2024:22:01:44 -0500] "GET /BLA/boletinlegal/consulta_actos.php?tipo=resoluciones&no=3426&usuario=&sector=&fecha=2018&resuelve= HTTP/1.1" 200 1344
45.238.182.130 - - [25/Mar/2024:22:01:47 -0500] "POST /sipse/faces/presentacion/financiero/solicitudProceso/consultarSolicitudProceso.xhtml HTTP/1.1" 200 32937
45.238.182.130 - - [25/Mar/2024:22:01:49 -0500] "GET /sipse/faces/javax.faces.resource/theme.css?ln=primefaces-sipse HTTP/1.1" 304 -
45.238.182.130 - - [25/Mar/2024:22:01:49 -0500] "GET /sipse/faces/javax.faces.resource/layout/layout.css?ln=primefaces&v=4.0 HTTP/1.1" 304 -
45.238.182.130 - - [25/Mar/2024:22:01:49 -0500] "GET /sipse/faces/javax.faces.resource/primefaces.css?ln=primefaces&v=4.0 HTTP/1.1" 304 -
45.238.182.130 - - [25/Mar/2024:22:01:49 -0500] "GET /sipse/faces/javax.faces.resource/jquery/jquery.js?ln=primefaces&v=4.0 HTTP/1.1" 304 -
45.238.182.130 - - [25/Mar/2024:22:01:49 -0500] "GET /sipse/faces/javax.faces.resource/jquery/jquery-plugins.js?ln=primefaces&v=4.0 HTTP/1.1" 304 -
45.238.182.130 - - [25/Mar/2024:22:01:50 -0500] "GET /sipse/faces/javax.faces.resource/primefaces.js?ln=primefaces&v=4.0 HTTP/1.1" 304 -
45.238.182.130 - - [25/Mar/2024:22:01:50 -0500] "GET /sipse/faces/javax.faces.resource/layout/layout.js?ln=primefaces&v=4.0 HTTP/1.1" 304 -
45.238.182.130 - - [25/Mar/2024:22:01:50 -0500] "POST /sipse/faces/presentacion/financiero/solicitudProceso/listarSolicitudProceso.xhtml HTTP/1.1" 200 1376
181.61.78.137 - - [25/Mar/2024:22:01:54 -0500] "GET /BLA/resoluciones/RESOLUCIONES%202018/3426.pdf HTTP/1.1" 200 358419
181.61.78.137 - - [25/Mar/2024:22:01:55 -0500] "GET /BLA/resoluciones/RESOLUCIONES%202018/3426.pdf HTTP/1.1" 206 1025
181.61.78.137 - - [25/Mar/2024:22:01:55 -0500] "GET /BLA/resoluciones/RESOLUCIONES%202018/3426.pdf HTTP/1.1" 200 358419
66.249.66.20 - - [25/Mar/2024:22:02:53 -0500] "GET /BLA/resoluciones/RESOLUCIONES%202010/7419.pdf HTTP/1.1" 200 283928
40.77.167.243 - - [25/Mar/2024:22:02:57 -0500] "GET /BLA/resoluciones/RESOLUCIONES%202022/4436.pdf HTTP/1.1" 200 1330590
179.33.113.236 - - [25/Mar/2024:22:02:57 -0500] "POST /sipse/faces/presentacion/financiero/solicitudProceso/consultarSolicitudProceso.xhtml HTTP/1.1" 200 88912
186.29.85.194 - - [25/Mar/2024:22:03:00 -0500] "HEAD /BLA/resoluciones/RESOLUCIONES%202021/5679.pdf HTTP/1.1" 200 -
186.29.85.194 - - [25/Mar/2024:22:03:00 -0500] "GET /BLA/resoluciones/RESOLUCIONES%202021/5679.pdf HTTP/1.1" 200 455476
201.245.192.253 - - [25/Mar/2024:22:04:25 -0500] "POST /kwsrmcab/Wsrmcab  HTTP/1.1" 200 39660
216.245.221.92 - - [25/Mar/2024:22:04:45 -0500] "HEAD / HTTP/1.1" 200 -
172.22.2.4 - - [25/Mar/2024:22:03:34 -0500] "HEAD /BLA/boletinlegal/ HTTP/1.1" 200 -
179.33.113.236 - - [25/Mar/2024:22:05:35 -0500] "POST /sipse/faces/presentacion/financiero/solicitudProceso/consultarSolicitudProceso.xhtml HTTP/1.1" 200 171783
179.33.113.236 - - [25/Mar/2024:22:05:36 -0500] "GET /sipse/faces/javax.faces.resource/theme.css?ln=primefaces-sipse HTTP/1.1" 304 -
179.33.113.236 - - [25/Mar/2024:22:05:36 -0500] "GET /sipse/faces/javax.faces.resource/layout/layout.css?ln=primefaces&v=4.0 HTTP/1.1" 304 -
179.33.113.236 - - [25/Mar/2024:22:05:36 -0500] "GET /sipse/faces/javax.faces.resource/jquery/jquery-plugins.js?ln=primefaces&v=4.0 HTTP/1.1" 304 -
179.33.113.236 - - [25/Mar/2024:22:05:36 -0500] "GET /sipse/faces/javax.faces.resource/primefaces.css?ln=primefaces&v=4.0 HTTP/1.1" 304 -
179.33.113.236 - - [25/Mar/2024:22:05:36 -0500] "GET /sipse/faces/javax.faces.resource/jquery/jquery.js?ln=primefaces&v=4.0 HTTP/1.1" 304 -
179.33.113.236 - - [25/Mar/2024:22:05:36 -0500] "GET /sipse/faces/javax.faces.resource/primefaces.js?ln=primefaces&v=4.0 HTTP/1.1" 304 -
179.33.113.236 - - [25/Mar/2024:22:05:36 -0500] "GET /sipse/faces/javax.faces.resource/layout/layout.js?ln=primefaces&v=4.0 HTTP/1.1" 304 -
179.33.113.236 - - [25/Mar/2024:22:05:36 -0500] "GET /sipse/faces/javax.faces.resource/images/ui-icons_898989_256x240.png?ln=primefaces-aristo HTTP/1.1" 304 -
179.33.113.236 - - [25/Mar/2024:22:05:40 -0500] "GET /sipse/faces/javax.faces.resource/images/ui-bg_flat_0_2d5972_40x100.png?ln=primefaces-aristo HTTP/1.1" 304 -
179.33.113.236 - - [25/Mar/2024:22:05:40 -0500] "POST /sipse/faces/presentacion/financiero/solicitudProceso/consultarSolicitudProceso.xhtml HTTP/1.1" 200 23928
179.33.113.236 - - [25/Mar/2024:22:05:41 -0500] "GET /sipse/faces/javax.faces.resource/jquery/jquery.js?ln=primefaces&v=4.0 HTTP/1.1" 304 -
179.33.113.236 - - [25/Mar/2024:22:05:41 -0500] "GET /sipse/faces/javax.faces.resource/jquery/jquery-plugins.js?ln=primefaces&v=4.0 HTTP/1.1" 304 -
179.33.113.236 - - [25/Mar/2024:22:05:41 -0500] "GET /sipse/faces/javax.faces.resource/primefaces.js?ln=primefaces&v=4.0 HTTP/1.1" 304 -
179.33.113.236 - - [25/Mar/2024:22:05:41 -0500] "GET /sipse/faces/javax.faces.resource/layout/layout.js?ln=primefaces&v=4.0 HTTP/1.1" 304 -
179.33.113.236 - - [25/Mar/2024:22:05:51 -0500] "POST /sipse/faces/presentacion/financiero/viabilidad/expedirViabilidad.xhtml HTTP/1.1" 200 125092
179.33.113.236 - - [25/Mar/2024:22:05:52 -0500] "GET /sipse/faces/javax.faces.resource/jquery/jquery.js?ln=primefaces&v=4.0 HTTP/1.1" 304 -
179.33.113.236 - - [25/Mar/2024:22:05:52 -0500] "GET /sipse/faces/javax.faces.resource/jquery/jquery-plugins.js?ln=primefaces&v=4.0 HTTP/1.1" 304 -
179.33.113.236 - - [25/Mar/2024:22:05:52 -0500] "GET /sipse/faces/javax.faces.resource/primefaces.js?ln=primefaces&v=4.0 HTTP/1.1" 304 -
179.33.113.236 - - [25/Mar/2024:22:05:52 -0500] "GET /sipse/faces/javax.faces.resource/layout/layout.js?ln=primefaces&v=4.0 HTTP/1.1" 304 -
66.249.66.20 - - [25/Mar/2024:22:05:58 -0500] "GET /BLA/resoluciones/RESOLUCIONES%202008/3950.pdf HTTP/1.1" 200 679181
172.22.2.4 - - [25/Mar/2024:22:04:25 -0500] "GET /BLA/boletinlegal/ HTTP/1.1" 200 58273
179.33.113.236 - - [25/Mar/2024:22:06:03 -0500] "POST /sipse/faces/presentacion/financiero/solicitudProceso/consultarSolicitudProceso.xhtml HTTP/1.1" 200 35968
179.33.113.236 - - [25/Mar/2024:22:06:05 -0500] "GET /sipse/faces/javax.faces.resource/jquery/jquery.js?ln=primefaces&v=4.0 HTTP/1.1" 304 -
179.33.113.236 - - [25/Mar/2024:22:06:05 -0500] "GET /sipse/faces/javax.faces.resource/jquery/jquery-plugins.js?ln=primefaces&v=4.0 HTTP/1.1" 304 -
179.33.113.236 - - [25/Mar/2024:22:06:05 -0500] "GET /sipse/faces/javax.faces.resource/primefaces.js?ln=primefaces&v=4.0 HTTP/1.1" 304 -
179.33.113.236 - - [25/Mar/2024:22:06:05 -0500] "GET /sipse/faces/javax.faces.resource/layout/layout.js?ln=primefaces&v=4.0 HTTP/1.1" 304 -
179.33.113.236 - - [25/Mar/2024:22:06:06 -0500] "GET /sipse/faces/javax.faces.resource/messages/messages.png?ln=primefaces&v=4.0 HTTP/1.1" 304 -
179.33.113.236 - - [25/Mar/2024:22:06:06 -0500] "POST /sipse/faces/presentacion/financiero/solicitudProceso/listarSolicitudProceso.xhtml HTTP/1.1" 200 1400
66.249.66.20 - - [25/Mar/2024:22:06:28 -0500] "GET /Publicaciones/2024EE34999.pdf HTTP/1.1" 404 227
46.161.63.92 - - [25/Mar/2024:22:06:56 -0500] "GET /BLA/boletinlegal/admin/index.php HTTP/1.1" 200 2324
45.138.103.88 - - [25/Mar/2024:22:06:56 -0500] "GET /BLA/boletinlegal/admin/index.php HTTP/1.1" 200 2324
147.78.180.123 - - [25/Mar/2024:22:06:56 -0500] "GET /BLA/boletinlegal/admin/index.php HTTP/1.1" 200 2324
201.245.192.253 - - [25/Mar/2024:22:09:24 -0500] "POST /kwsrmcab/Wsrmcab  HTTP/1.1" 200 39660
66.249.66.20 - - [25/Mar/2024:22:09:41 -0500] "GET /portel_dama/libreria/pdf/ecosistemas/areas_prot/sitio/xtras/2.pdf HTTP/1.1" 404 1018
186.29.85.194 - - [25/Mar/2024:22:09:42 -0500] "HEAD /BLA/resoluciones/RESOLUCIONES%202021/0029.pdf HTTP/1.1" 200 -
186.29.85.194 - - [25/Mar/2024:22:09:42 -0500] "GET /BLA/resoluciones/RESOLUCIONES%202021/0029.pdf HTTP/1.1" 200 581242
216.245.221.92 - - [25/Mar/2024:22:09:45 -0500] "HEAD / HTTP/1.1" 200 -
52.167.144.237 - - [25/Mar/2024:22:09:55 -0500] "GET /BLA/resoluciones/RESOLUCIONES%202022/0334.pdf HTTP/1.1" 200 415689
52.167.144.237 - - [25/Mar/2024:22:09:55 -0500] "GET /BLA/resoluciones/RESOLUCIONES%202022/1480.pdf HTTP/1.1" 200 435834
52.167.144.237 - - [25/Mar/2024:22:09:56 -0500] "GET /BLA/resoluciones/RESOLUCIONES%202022/3569.pdf HTTP/1.1" 200 480246
52.167.144.237 - - [25/Mar/2024:22:09:56 -0500] "GET /BLA/resoluciones/RESOLUCIONES%202022/3550.pdf HTTP/1.1" 200 452830
52.167.144.237 - - [25/Mar/2024:22:09:56 -0500] "GET /BLA/resoluciones/RESOLUCIONES%202022/2366.pdf HTTP/1.1" 200 547661
52.167.144.237 - - [25/Mar/2024:22:09:56 -0500] "GET /BLA/resoluciones/RESOLUCIONES%202022/3631.pdf HTTP/1.1" 200 476910
52.167.144.237 - - [25/Mar/2024:22:09:56 -0500] "GET /BLA/resoluciones/RESOLUCIONES%202022/3579.pdf HTTP/1.1" 200 456302
52.167.144.237 - - [25/Mar/2024:22:09:57 -0500] "GET /BLA/resoluciones/RESOLUCIONES%202022/0169.pdf HTTP/1.1" 200 431561
52.167.144.237 - - [25/Mar/2024:22:09:57 -0500] "GET /BLA/resoluciones/RESOLUCIONES%202022/2373.pdf HTTP/1.1" 200 452864
52.167.144.237 - - [25/Mar/2024:22:09:57 -0500] "GET /BLA/resoluciones/RESOLUCIONES%202022/0333.pdf HTTP/1.1" 200 467989
52.167.144.237 - - [25/Mar/2024:22:09:57 -0500] "GET /BLA/resoluciones/RESOLUCIONES%202022/1410.pdf HTTP/1.1" 200 965328
52.167.144.237 - - [25/Mar/2024:22:09:58 -0500] "GET /BLA/resoluciones/RESOLUCIONES%202022/2102.pdf HTTP/1.1" 200 1393502
52.167.144.237 - - [25/Mar/2024:22:09:58 -0500] "GET /BLA/resoluciones/RESOLUCIONES%202022/3603.pdf HTTP/1.1" 200 436864
52.167.144.237 - - [25/Mar/2024:22:09:59 -0500] "GET /BLA/resoluciones/RESOLUCIONES%202022/3632.pdf HTTP/1.1" 200 463312
52.167.144.237 - - [25/Mar/2024:22:09:59 -0500] "GET /BLA/resoluciones/RESOLUCIONES%202022/3560.pdf HTTP/1.1" 200 417844
52.167.144.237 - - [25/Mar/2024:22:09:59 -0500] "GET /BLA/resoluciones/RESOLUCIONES%202022/0686.pdf HTTP/1.1" 200 487170
52.167.144.237 - - [25/Mar/2024:22:09:59 -0500] "GET /BLA/resoluciones/RESOLUCIONES%202022/0684.pdf HTTP/1.1" 200 477256
52.167.144.237 - - [25/Mar/2024:22:10:00 -0500] "GET /BLA/resoluciones/RESOLUCIONES%202022/1407.pdf HTTP/1.1" 200 1169973
52.167.144.15 - - [25/Mar/2024:22:10:12 -0500] "GET /BLA/resoluciones/RESOLUCIONES%202022/0189.pdf HTTP/1.1" 200 512431
52.167.144.237 - - [25/Mar/2024:22:10:13 -0500] "GET /BLA/resoluciones/RESOLUCIONES%202022/0147.pdf HTTP/1.1" 200 706442
52.167.144.237 - - [25/Mar/2024:22:10:13 -0500] "GET /BLA/resoluciones/RESOLUCIONES%202022/2800.pdf HTTP/1.1" 200 498587
52.167.144.237 - - [25/Mar/2024:22:10:14 -0500] "GET /BLA/resoluciones/RESOLUCIONES%202022/0332.pdf HTTP/1.1" 200 451932
52.167.144.237 - - [25/Mar/2024:22:10:14 -0500] "GET /BLA/resoluciones/RESOLUCIONES%202022/0730.pdf HTTP/1.1" 200 461175
52.167.144.237 - - [25/Mar/2024:22:10:14 -0500] "GET /BLA/resoluciones/RESOLUCIONES%202022/2471.pdf HTTP/1.1" 200 480850
52.167.144.14 - - [25/Mar/2024:22:10:23 -0500] "GET /BLA/resoluciones/RESOLUCIONES%202022/0321.pdf HTTP/1.1" 200 758859
52.167.144.237 - - [25/Mar/2024:22:10:25 -0500] "GET /BLA/resoluciones/RESOLUCIONES%202022/1066.pdf HTTP/1.1" 200 529558
52.167.144.237 - - [25/Mar/2024:22:10:26 -0500] "GET /BLA/resoluciones/RESOLUCIONES%202022/0190.pdf HTTP/1.1" 200 560937
52.167.144.237 - - [25/Mar/2024:22:10:26 -0500] "GET /BLA/resoluciones/RESOLUCIONES%202022/0728.pdf HTTP/1.1" 200 451061
52.167.144.237 - - [25/Mar/2024:22:10:27 -0500] "GET /BLA/resoluciones/RESOLUCIONES%202022/1990.pdf HTTP/1.1" 200 481162
52.167.144.237 - - [25/Mar/2024:22:10:27 -0500] "GET /BLA/resoluciones/RESOLUCIONES%202022/3582.pdf HTTP/1.1" 200 476305
52.167.144.209 - - [25/Mar/2024:22:10:30 -0500] "GET /BLA/resoluciones/RESOLUCIONES%202022/3462.pdf HTTP/1.1" 200 446616
52.167.144.209 - - [25/Mar/2024:22:10:31 -0500] "GET /BLA/resoluciones/RESOLUCIONES%202022/0576.pdf HTTP/1.1" 200 444729
52.167.144.209 - - [25/Mar/2024:22:10:31 -0500] "GET /BLA/resoluciones/RESOLUCIONES%202022/1405.pdf HTTP/1.1" 200 687327
52.167.144.209 - - [25/Mar/2024:22:10:31 -0500] "GET /BLA/resoluciones/RESOLUCIONES%202022/3604.pdf HTTP/1.1" 200 520793
52.167.144.209 - - [25/Mar/2024:22:10:31 -0500] "GET /BLA/resoluciones/RESOLUCIONES%202022/3559.pdf HTTP/1.1" 200 429034
52.167.144.209 - - [25/Mar/2024:22:10:32 -0500] "GET /BLA/resoluciones/RESOLUCIONES%202022/3846.pdf HTTP/1.1" 200 764862
52.167.144.209 - - [25/Mar/2024:22:10:32 -0500] "GET /BLA/resoluciones/RESOLUCIONES%202022/0193.pdf HTTP/1.1" 200 506625
52.167.144.209 - - [25/Mar/2024:22:10:32 -0500] "GET /BLA/resoluciones/RESOLUCIONES%202022/0192.pdf HTTP/1.1" 200 452826
52.167.144.209 - - [25/Mar/2024:22:10:32 -0500] "GET /BLA/resoluciones/RESOLUCIONES%202022/3650.pdf HTTP/1.1" 200 439420
52.167.144.209 - - [25/Mar/2024:22:10:33 -0500] "GET /BLA/resoluciones/RESOLUCIONES%202022/1031.pdf HTTP/1.1" 200 475605
52.167.144.209 - - [25/Mar/2024:22:10:33 -0500] "GET /BLA/resoluciones/RESOLUCIONES%202022/0188.pdf HTTP/1.1" 200 533011
52.167.144.209 - - [25/Mar/2024:22:10:33 -0500] "GET /BLA/resoluciones/RESOLUCIONES%202022/0055.pdf HTTP/1.1" 200 1043118
52.167.144.209 - - [25/Mar/2024:22:10:33 -0500] "GET /BLA/resoluciones/RESOLUCIONES%202022/1474.pdf HTTP/1.1" 200 646583
52.167.144.209 - - [25/Mar/2024:22:10:34 -0500] "GET /BLA/resoluciones/RESOLUCIONES%202022/0561.pdf HTTP/1.1" 200 467906
52.167.144.209 - - [25/Mar/2024:22:10:34 -0500] "GET /BLA/resoluciones/RESOLUCIONES%202022/0185.pdf HTTP/1.1" 200 451553
52.167.144.209 - - [25/Mar/2024:22:10:34 -0500] "GET /BLA/resoluciones/RESOLUCIONES%202022/0685.pdf HTTP/1.1" 200 482951
52.167.144.209 - - [25/Mar/2024:22:10:34 -0500] "GET /BLA/resoluciones/RESOLUCIONES%202022/2385.pdf HTTP/1.1" 200 505676
52.167.144.209 - - [25/Mar/2024:22:10:35 -0500] "GET /BLA/resoluciones/RESOLUCIONES%202022/1070.pdf HTTP/1.1" 200 539358
52.167.144.209 - - [25/Mar/2024:22:10:35 -0500] "GET /BLA/resoluciones/RESOLUCIONES%202022/1989.pdf HTTP/1.1" 200 428142
52.167.144.209 - - [25/Mar/2024:22:10:35 -0500] "GET /BLA/resoluciones/RESOLUCIONES%202022/1540.pdf HTTP/1.1" 200 508992
52.167.144.209 - - [25/Mar/2024:22:10:35 -0500] "GET /BLA/resoluciones/RESOLUCIONES%202022/1401.pdf HTTP/1.1" 200 719798
191.156.182.94 - - [25/Mar/2024:20:30:00 -0500] "POST /sipse/faces/presentacion/sistema/anexos/cargarAnexoSolicitudProceso.xhtml HTTP/1.1" 400 1022
52.167.144.237 - - [25/Mar/2024:22:10:51 -0500] "GET /BLA/resoluciones/RESOLUCIONES%202022/0559.pdf HTTP/1.1" 200 577170
52.167.144.237 - - [25/Mar/2024:22:10:52 -0500] "GET /BLA/resoluciones/RESOLUCIONES%202022/3335.pdf HTTP/1.1" 200 531779
52.167.144.237 - - [25/Mar/2024:22:10:52 -0500] "GET /BLA/resoluciones/RESOLUCIONES%202022/3580.pdf HTTP/1.1" 200 448487
52.167.144.237 - - [25/Mar/2024:22:10:52 -0500] "GET /BLA/resoluciones/RESOLUCIONES%202022/3438.pdf HTTP/1.1" 200 442136
52.167.144.237 - - [25/Mar/2024:22:10:52 -0500] "GET /BLA/resoluciones/RESOLUCIONES%202022/3005.pdf HTTP/1.1" 304 -
52.167.144.237 - - [25/Mar/2024:22:10:56 -0500] "GET /BLA/resoluciones/RESOLUCIONES%202022/3583.pdf HTTP/1.1" 200 479587
52.167.144.237 - - [25/Mar/2024:22:10:56 -0500] "GET /BLA/resoluciones/RESOLUCIONES%202022/3337.pdf HTTP/1.1" 200 527851
52.167.144.237 - - [25/Mar/2024:22:10:56 -0500] "GET /BLA/resoluciones/RESOLUCIONES%202022/1079.pdf HTTP/1.1" 304 -
52.167.144.237 - - [25/Mar/2024:22:10:56 -0500] "GET /BLA/resoluciones/RESOLUCIONES%202022/3551.pdf HTTP/1.1" 200 507993
52.167.144.237 - - [25/Mar/2024:22:10:56 -0500] "GET /BLA/resoluciones/RESOLUCIONES%202022/3847.pdf HTTP/1.1" 200 483302
52.167.144.237 - - [25/Mar/2024:22:10:57 -0500] "GET /BLA/resoluciones/RESOLUCIONES%202022/2836.pdf HTTP/1.1" 200 492501
52.167.144.237 - - [25/Mar/2024:22:10:57 -0500] "GET /BLA/resoluciones/RESOLUCIONES%202022/3651.pdf HTTP/1.1" 200 431162
52.167.144.237 - - [25/Mar/2024:22:10:57 -0500] "GET /BLA/resoluciones/RESOLUCIONES%202022/3528.pdf HTTP/1.1" 200 420009
52.167.144.237 - - [25/Mar/2024:22:10:58 -0500] "GET /BLA/resoluciones/RESOLUCIONES%202022/2803.pdf HTTP/1.1" 200 474503
52.167.144.237 - - [25/Mar/2024:22:10:58 -0500] "GET /BLA/resoluciones/RESOLUCIONES%202022/3257.pdf HTTP/1.1" 200 525915
52.167.144.237 - - [25/Mar/2024:22:10:58 -0500] "GET /BLA/resoluciones/RESOLUCIONES%202022/2976.pdf HTTP/1.1" 200 445962
52.167.144.237 - - [25/Mar/2024:22:10:58 -0500] "GET /BLA/resoluciones/RESOLUCIONES%202022/3273.pdf HTTP/1.1" 304 -
52.167.144.237 - - [25/Mar/2024:22:10:58 -0500] "GET /BLA/resoluciones/RESOLUCIONES%202022/3380.pdf HTTP/1.1" 200 510347
52.167.144.237 - - [25/Mar/2024:22:10:59 -0500] "GET /BLA/resoluciones/RESOLUCIONES%202022/0624.pdf HTTP/1.1" 200 616449
172.22.2.4 - - [25/Mar/2024:22:09:24 -0500] "HEAD /BLA/boletinlegal/ HTTP/1.1" 200 -
52.167.144.200 - - [25/Mar/2024:22:11:09 -0500] "GET /BLA/resoluciones/RESOLUCIONES%202022/1411.pdf HTTP/1.1" 200 753983
52.167.144.200 - - [25/Mar/2024:22:11:10 -0500] "GET /BLA/resoluciones/RESOLUCIONES%202022/3332.pdf HTTP/1.1" 200 485587
52.167.144.200 - - [25/Mar/2024:22:11:11 -0500] "GET /BLA/resoluciones/RESOLUCIONES%202022/3596.pdf HTTP/1.1" 200 430258
52.167.144.200 - - [25/Mar/2024:22:11:11 -0500] "GET /BLA/resoluciones/RESOLUCIONES%202022/0563.pdf HTTP/1.1" 200 469262
52.167.144.200 - - [25/Mar/2024:22:11:11 -0500] "GET /BLA/resoluciones/RESOLUCIONES%202022/0687.pdf HTTP/1.1" 200 486628
52.167.144.200 - - [25/Mar/2024:22:11:12 -0500] "GET /BLA/resoluciones/RESOLUCIONES%202022/3329.pdf HTTP/1.1" 200 582319
52.167.144.200 - - [25/Mar/2024:22:11:12 -0500] "GET /BLA/resoluciones/RESOLUCIONES%202022/3620.pdf HTTP/1.1" 200 449318
52.167.144.200 - - [25/Mar/2024:22:11:12 -0500] "GET /BLA/resoluciones/RESOLUCIONES%202022/3602.pdf HTTP/1.1" 200 448521
52.167.144.200 - - [25/Mar/2024:22:11:12 -0500] "GET /BLA/resoluciones/RESOLUCIONES%202022/0803.pdf HTTP/1.1" 200 463793
52.167.144.200 - - [25/Mar/2024:22:11:13 -0500] "GET /BLA/resoluciones/RESOLUCIONES%202022/2229.pdf HTTP/1.1" 200 449876
52.167.144.200 - - [25/Mar/2024:22:11:13 -0500] "GET /BLA/resoluciones/RESOLUCIONES%202022/0802.pdf HTTP/1.1" 200 494927
52.167.144.200 - - [25/Mar/2024:22:11:13 -0500] "GET /BLA/resoluciones/RESOLUCIONES%202022/3530.pdf HTTP/1.1" 200 450783
52.167.144.200 - - [25/Mar/2024:22:11:14 -0500] "GET /BLA/resoluciones/RESOLUCIONES%202022/3460.pdf HTTP/1.1" 200 407978
52.167.144.200 - - [25/Mar/2024:22:11:14 -0500] "GET /BLA/resoluciones/RESOLUCIONES%202022/0191.pdf HTTP/1.1" 200 501821
52.167.144.200 - - [25/Mar/2024:22:11:14 -0500] "GET /BLA/resoluciones/RESOLUCIONES%202022/3258.pdf HTTP/1.1" 200 485816
52.167.144.200 - - [25/Mar/2024:22:11:14 -0500] "GET /BLA/resoluciones/RESOLUCIONES%202022/0187.pdf HTTP/1.1" 200 473559
52.167.144.200 - - [25/Mar/2024:22:11:15 -0500] "GET /BLA/resoluciones/RESOLUCIONES%202022/0801.pdf HTTP/1.1" 200 516328
52.167.144.200 - - [25/Mar/2024:22:11:15 -0500] "GET /BLA/resoluciones/RESOLUCIONES%202022/3661.pdf HTTP/1.1" 200 496042
52.167.144.200 - - [25/Mar/2024:22:11:15 -0500] "GET /BLA/resoluciones/RESOLUCIONES%202022/1988.pdf HTTP/1.1" 200 467944
52.167.144.200 - - [25/Mar/2024:22:11:15 -0500] "GET /BLA/resoluciones/RESOLUCIONES%202022/1067.pdf HTTP/1.1" 200 2335164
52.167.144.200 - - [25/Mar/2024:22:11:16 -0500] "GET /BLA/resoluciones/RESOLUCIONES%202022/0562.pdf HTTP/1.1" 200 472267
52.167.144.200 - - [25/Mar/2024:22:11:16 -0500] "GET /BLA/resoluciones/RESOLUCIONES%202022/0558.pdf HTTP/1.1" 200 809581
52.167.144.200 - - [25/Mar/2024:22:11:16 -0500] "GET /BLA/resoluciones/RESOLUCIONES%202022/1406.pdf HTTP/1.1" 200 1443167
52.167.144.200 - - [25/Mar/2024:22:11:16 -0500] "GET /BLA/resoluciones/RESOLUCIONES%202022/0145.pdf HTTP/1.1" 200 440988
52.167.144.200 - - [25/Mar/2024:22:11:16 -0500] "GET /BLA/resoluciones/RESOLUCIONES%202022/0729.pdf HTTP/1.1" 200 505800
52.167.144.200 - - [25/Mar/2024:22:11:17 -0500] "GET /BLA/resoluciones/RESOLUCIONES%202022/0325.pdf HTTP/1.1" 200 448585
52.167.144.200 - - [25/Mar/2024:22:11:17 -0500] "GET /BLA/resoluciones/RESOLUCIONES%202021/5679.pdf HTTP/1.1" 200 455476
52.167.144.209 - - [25/Mar/2024:22:11:37 -0500] "GET /BLA/resoluciones/RESOLUCIONES%202022/0144.pdf HTTP/1.1" 200 429846
52.167.144.209 - - [25/Mar/2024:22:11:38 -0500] "GET /BLA/resoluciones/RESOLUCIONES%202022/0731.pdf HTTP/1.1" 304 -
52.167.144.209 - - [25/Mar/2024:22:11:38 -0500] "GET /BLA/resoluciones/RESOLUCIONES%202022/0965.pdf HTTP/1.1" 200 562171
52.167.144.209 - - [25/Mar/2024:22:11:38 -0500] "GET /BLA/resoluciones/RESOLUCIONES%202022/0324.pdf HTTP/1.1" 200 537061
52.167.144.209 - - [25/Mar/2024:22:11:39 -0500] "GET /BLA/resoluciones/RESOLUCIONES%202022/2801.pdf HTTP/1.1" 200 510440
52.167.144.209 - - [25/Mar/2024:22:11:46 -0500] "GET /BLA/resoluciones/RESOLUCIONES%202022/0331.pdf HTTP/1.1" 200 494080
52.167.144.209 - - [25/Mar/2024:22:11:46 -0500] "GET /BLA/resoluciones/RESOLUCIONES%202022/3524.pdf HTTP/1.1" 200 454236
52.167.144.209 - - [25/Mar/2024:22:11:46 -0500] "GET /BLA/resoluciones/RESOLUCIONES%202022/2562.pdf HTTP/1.1" 200 488377
52.167.144.209 - - [25/Mar/2024:22:11:46 -0500] "GET /BLA/resoluciones/RESOLUCIONES%202022/3333.pdf HTTP/1.1" 200 534059
52.167.144.209 - - [25/Mar/2024:22:11:46 -0500] "GET /BLA/resoluciones/RESOLUCIONES%202022/1412.pdf HTTP/1.1" 200 599674
52.167.144.209 - - [25/Mar/2024:22:11:47 -0500] "GET /BLA/resoluciones/RESOLUCIONES%202022/0969.pdf HTTP/1.1" 200 483382
52.167.144.209 - - [25/Mar/2024:22:11:47 -0500] "GET /BLA/resoluciones/RESOLUCIONES%202022/3558.pdf HTTP/1.1" 304 -
52.167.144.200 - - [25/Mar/2024:22:11:52 -0500] "GET /BLA/resoluciones/RESOLUCIONES%202022/3334.pdf HTTP/1.1" 304 -
52.167.144.200 - - [25/Mar/2024:22:11:52 -0500] "GET /BLA/resoluciones/RESOLUCIONES%202022/2799.pdf HTTP/1.1" 200 432723
52.167.144.200 - - [25/Mar/2024:22:11:53 -0500] "GET /BLA/resoluciones/RESOLUCIONES%202022/2980.pdf HTTP/1.1" 304 -
52.167.144.200 - - [25/Mar/2024:22:11:53 -0500] "GET /BLA/resoluciones/RESOLUCIONES%202022/3523.pdf HTTP/1.1" 200 496821
52.167.144.200 - - [25/Mar/2024:22:11:53 -0500] "GET /BLA/resoluciones/RESOLUCIONES%202022/1538.pdf HTTP/1.1" 200 687396
52.167.144.200 - - [25/Mar/2024:22:11:53 -0500] "GET /BLA/resoluciones/RESOLUCIONES%202022/3830.pdf HTTP/1.1" 200 430978
52.167.144.200 - - [25/Mar/2024:22:11:54 -0500] "GET /BLA/resoluciones/RESOLUCIONES%202022/3261.pdf HTTP/1.1" 200 474743
52.167.144.200 - - [25/Mar/2024:22:11:54 -0500] "GET /BLA/resoluciones/RESOLUCIONES%202022/3633.pdf HTTP/1.1" 304 -
52.167.144.200 - - [25/Mar/2024:22:11:54 -0500] "GET /BLA/resoluciones/RESOLUCIONES%202022/2374.pdf HTTP/1.1" 200 445106
52.167.144.200 - - [25/Mar/2024:22:11:54 -0500] "GET /BLA/resoluciones/RESOLUCIONES%202022/0186.pdf HTTP/1.1" 200 1457748
52.167.144.200 - - [25/Mar/2024:22:11:55 -0500] "GET /BLA/resoluciones/RESOLUCIONES%202022/1518.pdf HTTP/1.1" 304 -
172.22.2.4 - - [25/Mar/2024:22:10:15 -0500] "GET /BLA/boletinlegal/ HTTP/1.1" 200 56779
172.22.2.4 - - [25/Mar/2024:22:12:17 -0500] "GET /BLA/boletinlegal/actos.php HTTP/1.1" 200 9738
172.22.2.4 - - [25/Mar/2024:22:12:18 -0500] "GET /BLA/boletinlegal/robots.txt HTTP/1.1" 404 1134
172.22.2.4 - - [25/Mar/2024:22:12:47 -0500] "GET /BLA/boletinlegal/consulta_actos.php?tipo=resoluciones&no=2808&usuario=&sector=&fecha=2021&resuelve= HTTP/1.1" 200 1089
181.61.78.137 - - [25/Mar/2024:22:12:49 -0500] "GET /BLA/resoluciones/RESOLUCIONES%202021/2808.pdf HTTP/1.1" 200 464987
181.61.78.137 - - [25/Mar/2024:22:12:49 -0500] "GET /BLA/resoluciones/RESOLUCIONES%202021/2808.pdf HTTP/1.1" 200 464987
181.61.78.137 - - [25/Mar/2024:22:12:49 -0500] "GET /BLA/resoluciones/RESOLUCIONES%202021/2808.pdf HTTP/1.1" 206 1025
186.29.85.194 - - [25/Mar/2024:22:12:59 -0500] "HEAD /BLA/resoluciones/RESOLUCIONES%202021/5678.pdf HTTP/1.1" 200 -
186.29.85.194 - - [25/Mar/2024:22:12:59 -0500] "GET /BLA/resoluciones/RESOLUCIONES%202021/5678.pdf HTTP/1.1" 200 958485
191.156.181.41 - - [25/Mar/2024:20:33:11 -0500] "POST /sipse/faces/presentacion/financiero/solicitudProceso/consultarSolicitudProceso.xhtml HTTP/1.1" 400 1022
172.22.2.4 - - [25/Mar/2024:22:13:13 -0500] "GET /BLA/boletinlegal/Circulares/2011/Circular%20No.%201%20del%2012%20de%20Abril%20de%202011.pdf HTTP/1.1" 304 -
66.249.66.20 - - [25/Mar/2024:22:13:18 -0500] "GET /portel_dama/libreria/pdf/2.pdf HTTP/1.1" 404 1018
186.29.85.194 - - [25/Mar/2024:22:13:21 -0500] "HEAD /BLA/resoluciones/RESOLUCIONES%202021/5677.pdf HTTP/1.1" 200 -
186.29.85.194 - - [25/Mar/2024:22:13:21 -0500] "GET /BLA/resoluciones/RESOLUCIONES%202021/5677.pdf HTTP/1.1" 200 634698
186.29.85.194 - - [25/Mar/2024:22:13:37 -0500] "HEAD /BLA/resoluciones/RESOLUCIONES%202021/5676.pdf HTTP/1.1" 200 -
186.29.85.194 - - [25/Mar/2024:22:13:37 -0500] "GET /BLA/resoluciones/RESOLUCIONES%202021/5676.pdf HTTP/1.1" 200 864285
47.128.124.234 - - [25/Mar/2024:22:13:52 -0500] "GET /BLA/resoluciones/AUTOS%202021/0245.php?act=f&d=E%3A%5Cnuevo%5Chtdocs%5CBLA%5Cresoluciones%5CAUTOS+2021%5C&f=4155.pdf&ft=download&white=1 HTTP/1.1" 200 347815
186.29.85.194 - - [25/Mar/2024:22:13:57 -0500] "HEAD /BLA/resoluciones/RESOLUCIONES%202021/5675.pdf HTTP/1.1" 200 -
186.29.85.194 - - [25/Mar/2024:22:13:58 -0500] "GET /BLA/resoluciones/RESOLUCIONES%202021/5675.pdf HTTP/1.1" 200 1042857
172.22.2.4 - - [25/Mar/2024:22:12:19 -0500] "GET /BLA/boletinlegal/ HTTP/1.1" 200 62720
186.29.85.194 - - [25/Mar/2024:22:14:15 -0500] "HEAD /BLA/resoluciones/RESOLUCIONES%202021/5674.pdf HTTP/1.1" 200 -
186.29.85.194 - - [25/Mar/2024:22:14:15 -0500] "GET /BLA/resoluciones/RESOLUCIONES%202021/5674.pdf HTTP/1.1" 200 989654
47.128.124.239 - - [25/Mar/2024:22:14:16 -0500] "GET /BLA/resoluciones/AUTOS%202021/0245.php?act=f&d=E%3A%5Cnuevo%5Chtdocs%5CBLA%5Cresoluciones%5CAUTOS+2021&f=4638.pdf&ft=info HTTP/1.1" 200 3847
47.128.124.239 - - [25/Mar/2024:22:14:16 -0500] "GET /BLA/resoluciones/AUTOS%202021/0245.php?act=img&img=ext_rtf HTTP/1.1" 200 164
47.128.124.239 - - [25/Mar/2024:22:14:16 -0500] "GET /BLA/resoluciones/AUTOS%202021/0245.php?act=img&img=ext_ini HTTP/1.1" 200 134
47.128.124.239 - - [25/Mar/2024:22:14:16 -0500] "GET /BLA/resoluciones/AUTOS%202021/0245.php?act=img&img=ext_gif HTTP/1.1" 200 175
47.128.124.239 - - [25/Mar/2024:22:14:16 -0500] "GET /BLA/resoluciones/AUTOS%202021/0245.php?act=img&img=ext_exe HTTP/1.1" 200 118
47.128.124.239 - - [25/Mar/2024:22:14:16 -0500] "GET /BLA/resoluciones/AUTOS%202021/0245.php?act=img&img=change HTTP/1.1" 200 290
47.128.124.239 - - [25/Mar/2024:22:14:16 -0500] "GET /BLA/resoluciones/AUTOS%202021/0245.php?act=img&img=download HTTP/1.1" 200 161
47.128.124.239 - - [25/Mar/2024:22:14:17 -0500] "GET /BLA/resoluciones/AUTOS%202021/0245.php?act=img&img=ext_pdf HTTP/1.1" 200 1034
47.128.124.239 - - [25/Mar/2024:22:14:17 -0500] "GET /BLA/resoluciones/AUTOS%202021/0245.php?act=img&img=ext_html HTTP/1.1" 200 230
47.128.124.239 - - [25/Mar/2024:22:14:17 -0500] "GET /BLA/resoluciones/AUTOS%202021/0245.php?act=img&img=ext_diz HTTP/1.1" 200 1027
47.128.124.239 - - [25/Mar/2024:22:14:17 -0500] "GET /BLA/resoluciones/AUTOS%202021/0245.php?act=img&img=ext_txt HTTP/1.1" 200 132
201.245.192.253 - - [25/Mar/2024:22:14:23 -0500] "POST /kwsrmcab/Wsrmcab  HTTP/1.1" 200 39660
186.29.85.194 - - [25/Mar/2024:22:14:32 -0500] "HEAD /BLA/resoluciones/RESOLUCIONES%202021/5630.pdf HTTP/1.1" 200 -
186.29.85.194 - - [25/Mar/2024:22:14:32 -0500] "GET /BLA/resoluciones/RESOLUCIONES%202021/5630.pdf HTTP/1.1" 200 608900
47.128.124.245 - - [25/Mar/2024:22:14:40 -0500] "GET /BLA/resoluciones/AUTOS%202021/0245.php?act=f&d=E%3A%5Cnuevo%5Chtdocs%5CBLA%5Cresoluciones%5CAUTOS+2021%5C&f=4111.pdf&ft=edit&white=1 HTTP/1.1" 200 3103
47.128.124.245 - - [25/Mar/2024:22:14:41 -0500] "GET /BLA/resoluciones/AUTOS%202021/0245.php?act=img&img=ext_gif HTTP/1.1" 200 175
47.128.124.245 - - [25/Mar/2024:22:14:41 -0500] "GET /BLA/resoluciones/AUTOS%202021/0245.php?act=img&img=download HTTP/1.1" 200 161
47.128.124.245 - - [25/Mar/2024:22:14:41 -0500] "GET /BLA/resoluciones/AUTOS%202021/0245.php?act=img&img=change HTTP/1.1" 200 290
47.128.124.245 - - [25/Mar/2024:22:14:41 -0500] "GET /BLA/resoluciones/AUTOS%202021/0245.php?act=img&img=ext_exe HTTP/1.1" 200 118
47.128.124.245 - - [25/Mar/2024:22:14:41 -0500] "GET /BLA/resoluciones/AUTOS%202021/0245.php?act=img&img=ext_rtf HTTP/1.1" 200 164
47.128.124.245 - - [25/Mar/2024:22:14:41 -0500] "GET /BLA/resoluciones/AUTOS%202021/0245.php?act=img&img=ext_txt HTTP/1.1" 200 132
47.128.124.245 - - [25/Mar/2024:22:14:42 -0500] "GET /BLA/resoluciones/AUTOS%202021/0245.php?act=img&img=ext_pdf HTTP/1.1" 200 1034
47.128.124.245 - - [25/Mar/2024:22:14:42 -0500] "GET /BLA/resoluciones/AUTOS%202021/0245.php?act=img&img=ext_html HTTP/1.1" 200 230
47.128.124.245 - - [25/Mar/2024:22:14:42 -0500] "GET /BLA/resoluciones/AUTOS%202021/0245.php?act=img&img=ext_diz HTTP/1.1" 200 1027
47.128.124.245 - - [25/Mar/2024:22:14:42 -0500] "GET /BLA/resoluciones/AUTOS%202021/0245.php?act=img&img=ext_ini HTTP/1.1" 200 134
216.245.221.92 - - [25/Mar/2024:22:14:45 -0500] "HEAD / HTTP/1.1" 200 -
186.29.85.194 - - [25/Mar/2024:22:14:47 -0500] "HEAD /BLA/resoluciones/RESOLUCIONES%202021/5576.pdf HTTP/1.1" 200 -
186.29.85.194 - - [25/Mar/2024:22:14:47 -0500] "GET /BLA/resoluciones/RESOLUCIONES%202021/5576.pdf HTTP/1.1" 200 627151
191.156.181.205 - - [25/Mar/2024:20:34:47 -0500] "POST /sipse/faces/presentacion/financiero/solicitudProceso/consultarSolicitudProceso.xhtml HTTP/1.1" 408 221
66.249.66.167 - - [25/Mar/2024:22:14:47 -0500] "GET /portaldeninos/2021/06/20/mas-de-130-arboles-fueron-plantados-en-el-humedal-la-conejera-con-comunidad-educativa/ HTTP/1.1" 200 107808
186.84.90.92 - - [25/Mar/2024:22:15:01 -0500] "GET /kwssiamovil/sm/ldap/au?x=U2FsdGVkX19XzKC63DVjH8FBnN4ncgDljZBI9/S1pgzSnFOij1bSnNOwpDikksVY&y=U2FsdGVkX1+wu9Qezto1dqW9+1+sJ79xEuNNW5pQlYsGtBv720cBCQ7VbBKmsytF HTTP/1.1" 200 30
186.84.90.92 - - [25/Mar/2024:22:15:01 -0500] "GET /kwssiamovil/sm/acme/s?s=U2FsdGVkX18rnqDfIMsaa4o94NaVMldefLRvhSWjbZK8xMyrLNALelm3BvOgClF25EXcjOX3wu9f/pBHS7kA+Dx4LdBR23ZrIOC8PrQ/Q8A=&u=U2FsdGVkX1+qzBGX4yO94zdrgJFbf5P7pw3ExjPMV24=&y=U2FsdGVkX1+wu9Qezto1dqW9+1+sJ79xEuNNW5pQlYsGtBv720cBCQ7VbBKmsytF HTTP/1.1" 200 97
186.84.90.92 - - [25/Mar/2024:22:15:01 -0500] "GET /kwssiamovil/sm/acme/s?s=U2FsdGVkX18wvu19CZfRS3EnDokbus6jzDzoFqHnB4E09BbvyY4ElbnRqMgPnsYr8DZd2+RcEH5Fe+ymEgcgV91PwveXWTbXkF0z828vOq28RMjrktRqkKkUYlodHdz5FRKDbCyEI7TrdasWsUhsUb/314kyekcJTj1K9h2z1dmk/pej1ZkTxoXWW4lnyFMhPheCfHhu18cOgGAics3pxgYp5X3Li640ZGfw6AdrOo6wNOQNsLxOFXS6C8fb8nb+a7hYqrTzLC8hmViVEIJux44ht0/nXCtq/QsXjvA8lkHkCjJOtBj2Wf+VBWpWCRcj7T7NTaUDYYU3Rxr0eaZVWcFfSbHDFVawRychdunYiQdFFtYwrAh8KAzJThNPDNp7T3YTMf5wKH6u7JUOyIoAl7+IYTiF0Qej9VEutMM9GwSFcoejj9OegoyRDtugkGfGnMdmuGpeZMOnXlQ28t3ZydH6ZUG/I+90AOm/E7eGoD6md0xAN0c5N/27BoYLcEqZA1bUSG7IDhoE2e/WnFouOJqmWDGq7RMD6g2HWobgpzLkMPAYCX4EnRtHQHJKUP5oHiAM1lpy6wZwJUNmmfOpffLXm96ZuxHvHQmddzhnbQP9v9EYSu6xpIpdpTYGXvwQqIIsAtpW40yJAmKxoRt7AA7RZcxj3DYFqcx3Gl7LBCwScvmSMoQy4VVDB5ai4glmsybdo7C6x3ekRFB89Mq4l+XWDR2zlD8r9niEkmEr1T0HPP022lZp+OnRHkFh5mIYTNjd8B9hFrFbNEq7wGsuLxUb8Rx5FPGYuEgZstrsG4OGFjnpkktNzDIbimyJkO/o54LqTzjXRBlvcJifYfq7e/bPyGBrI1TgT3qk+ISdsBm+g3D0C7MMRMcKFhngshfTHdx0mX1lr462TUZAYHM3Att4m37/SEINNSN98QME2bNWZPai/kgphghHSyNmIeKirZ2YIcw7OhRmfTdKit2calkS2+fNaF/YhV9t32oO+NGjF2xVE7WPME3jGeP0tiDjfzPfA3Vs2nGr/yy8LZ3poamK2arIUZqVygnChf0suuXxSzqq8wAHNZLsY7sBBryM7AW/ICIlMli/KrGsJu0P8sW2ct+4dIxkj01ZAK/pOBwauZuLKxjNHqsgvUcWpmATaEbxh5fnguf5VE6VH/4NWjeXw38snIcQ+vVXz+wNvc/j19qVZSm/wHQGZLio8207tzJmpuijPfpAAeS/hMPN4PB/D/Cd9sombpKUETexbJu4XEtGjaxfTMv7JbxTpBGosa58ZQnvDu1KtkdRQxE3N8q7RzBuNExX/WW5DM012yV+trQedR4GsN6FZ8kvX6irvGklbYQrL8m8GYjpOwhMtixbS9AJZFGGGsQrGVHw864ATVeJZyl7uoayRPcKiisedpK0AkWhng/aP8qIdtpYIpQMJiE5tBTQUTqPOdZo1vsW0kpF2OgZyTud54sOeIh4AuEmDBb/V4fPguUMT4NKxKtDayDsGL+jXMJ/iD8ReYF3w3uvsUPjcZEacDaaj1klruanD3CHkpPzYnWhiN/uF8ko4ugRzxs8vi8NbBLvVRqVCXMjWVTZcr/awWE0/znloi50QYx7iekgsAnK1FvClFBbUmPkW8XIA6uabbu8WQJspxsGDAzr+AUYxbziIUOQNwH++wEpm6i70b9nOPi/FbK3kFwC3tEJPh7if1NI5bjb+TJ6VrNhM7QevWFqPHENZDo03aqDWwKvWvv7LrUkreZP1TSRj2x9pEsdQqo68Xs=&u=U2FsdGVkX1+qzBGX4yO94zdrgJFbf5P7pw3ExjPMV24=&y=U2FsdGVkX1+wu9Qezto1dqW9+1+sJ79xEuNNW5pQlYsGtBv720cBCQ7VbBKmsytF HTTP/1.1" 200 1519
186.84.90.92 - - [25/Mar/2024:22:15:01 -0500] "GET /kwssiamovil/sm/acme/s?s=U2FsdGVkX19UngiceWhzH2TxH1hlsmfSDNDi8v5F2zlTiLW4c8q2/jeg5eCCktALuvRUOJrrTfAGriKjtnbgoc3zWs3tKR1u5lhiGtF9hBhYwMJUyshtId2USDW+FaUg9eKy+oyEuw2fmzk4GEkstURYV8VKMtUStj0UYT6MqFRcuBMDF7z7c4rYkB5oJk7yySyuNjVr52xI4cC1cmHPh8Ff9/IEM9PB2hm7RRW8yDtqGqt0WVazXwFVazbqHacbrkLLIoSMktEwUumDIpryLDn75BfNog/6b2QTpFbZV+mzo95nudzThHB3b+aELyLjgUtfigUZvzUkkDcaAaOIWiqZVBV7cGrJfIYWAnk1JzkKXRv8/EW9k9i4IJvbISF1poUjm0gV+yXiBBUGxlGCnmnrRrvjz80P5bxpJwGhvjYhj9c5rNeiY8We8kPMRw0T2mTp493dBZfmD2w9VS2i9id1XxdPDgVqyytoGt0vh3ej/C45tDEd0aoofrMC+gZjhZjPM1ycSiXlY5/3PGF5jXxSqKwSIA766qD4nfTi9ZlPrgIhqEr18lDQvN53Yz4iX3YNp2LZn0QF/UfbMk5z1xcuhkg4fsV6PXcCTT7PjKZ/irzUDMgk1snQV+8GYO0bw2eQ2jYiQPX4zUcMPFZ4/EKSiNBpE+tO7RFLh9sYYRks8FVqj2ssaKeJzR1DYWZuDSKNs6XZWSnsFKPEIZ6X3hjOelrPbSFFgjDAJrHgsTmLK+fuHSfuT2z5azT5c2P5&u=U2FsdGVkX1+qzBGX4yO94zdrgJFbf5P7pw3ExjPMV24=&y=U2FsdGVkX1+wu9Qezto1dqW9+1+sJ79xEuNNW5pQlYsGtBv720cBCQ7VbBKmsytF HTTP/1.1" 200 352
186.84.90.92 - - [25/Mar/2024:22:15:01 -0500] "GET /kwssiamovil/sm/cjson/pre?f=9&x=U2FsdGVkX19XzKC63DVjH8FBnN4ncgDljZBI9/S1pgzSnFOij1bSnNOwpDikksVY HTTP/1.1" 200 23812
186.84.90.92 - - [25/Mar/2024:22:15:01 -0500] "GET /kwssiamovil/sm/cjson/pre?f=18&x=U2FsdGVkX19XzKC63DVjH8FBnN4ncgDljZBI9/S1pgzSnFOij1bSnNOwpDikksVY HTTP/1.1" 200 32013
186.29.85.194 - - [25/Mar/2024:22:15:03 -0500] "HEAD /BLA/resoluciones/RESOLUCIONES%202021/5575.pdf HTTP/1.1" 200 -
47.128.42.49 - - [25/Mar/2024:22:15:04 -0500] "GET /BLA/resoluciones/AUTOS%202021/0245.php?act=f&d=E%3A%5Cnuevo%5Chtdocs%5CBLA%5Cresoluciones%5CAUTOS+2021%5C&f=4069.pdf&ft=edit&white=1 HTTP/1.1" 200 3104
186.29.85.194 - - [25/Mar/2024:22:15:04 -0500] "GET /BLA/resoluciones/RESOLUCIONES%202021/5575.pdf HTTP/1.1" 200 674602
47.128.42.49 - - [25/Mar/2024:22:15:04 -0500] "GET /BLA/resoluciones/AUTOS%202021/0245.php?act=img&img=ext_diz HTTP/1.1" 200 1027
47.128.42.49 - - [25/Mar/2024:22:15:04 -0500] "GET /BLA/resoluciones/AUTOS%202021/0245.php?act=img&img=ext_exe HTTP/1.1" 200 118
47.128.42.49 - - [25/Mar/2024:22:15:04 -0500] "GET /BLA/resoluciones/AUTOS%202021/0245.php?act=img&img=ext_pdf HTTP/1.1" 200 1034
47.128.42.49 - - [25/Mar/2024:22:15:04 -0500] "GET /BLA/resoluciones/AUTOS%202021/0245.php?act=img&img=ext_html HTTP/1.1" 200 230
47.128.42.49 - - [25/Mar/2024:22:15:04 -0500] "GET /BLA/resoluciones/AUTOS%202021/0245.php?act=img&img=ext_gif HTTP/1.1" 200 175
47.128.42.49 - - [25/Mar/2024:22:15:04 -0500] "GET /BLA/resoluciones/AUTOS%202021/0245.php?act=img&img=ext_txt HTTP/1.1" 200 132
47.128.42.49 - - [25/Mar/2024:22:15:05 -0500] "GET /BLA/resoluciones/AUTOS%202021/0245.php?act=img&img=change HTTP/1.1" 200 290
47.128.42.49 - - [25/Mar/2024:22:15:05 -0500] "GET /BLA/resoluciones/AUTOS%202021/0245.php?act=img&img=download HTTP/1.1" 200 161
47.128.42.49 - - [25/Mar/2024:22:15:05 -0500] "GET /BLA/resoluciones/AUTOS%202021/0245.php?act=img&img=ext_rtf HTTP/1.1" 200 164
47.128.42.49 - - [25/Mar/2024:22:15:05 -0500] "GET /BLA/resoluciones/AUTOS%202021/0245.php?act=img&img=ext_ini HTTP/1.1" 200 134
191.156.181.41 - - [25/Mar/2024:20:34:24 -0500] "POST /sipse/faces/presentacion/financiero/solicitudProceso/consultarSolicitudProceso.xhtml HTTP/1.1" 400 1022
66.220.149.19 - - [25/Mar/2024:22:15:09 -0500] "GET /images/reunion-planta-termovalorizacion-11-mayo.jpg HTTP/1.1" 200 34782
186.29.85.194 - - [25/Mar/2024:22:15:23 -0500] "HEAD /BLA/resoluciones/RESOLUCIONES%202021/5574.pdf HTTP/1.1" 200 -
186.29.85.194 - - [25/Mar/2024:22:15:23 -0500] "GET /BLA/resoluciones/RESOLUCIONES%202021/5574.pdf HTTP/1.1" 200 413862
191.156.177.211 - - [25/Mar/2024:20:33:33 -0500] "POST /sipse/faces/presentacion/financiero/solicitudProceso/consultarSolicitudProceso.xhtml HTTP/1.1" 400 1022
216.244.66.195 - - [25/Mar/2024:22:15:54 -0500] "GET /BLA/resoluciones/AUTOS%202016/2511.pdf HTTP/1.1" 200 513225
186.29.85.194 - - [25/Mar/2024:22:16:06 -0500] "HEAD /BLA/resoluciones/RESOLUCIONES%202021/5573.pdf HTTP/1.1" 200 -
186.29.85.194 - - [25/Mar/2024:22:16:06 -0500] "GET /BLA/resoluciones/RESOLUCIONES%202021/5573.pdf HTTP/1.1" 200 448109
186.29.85.194 - - [25/Mar/2024:22:16:22 -0500] "HEAD /BLA/resoluciones/RESOLUCIONES%202021/5571.pdf HTTP/1.1" 200 -
186.29.85.194 - - [25/Mar/2024:22:16:22 -0500] "GET /BLA/resoluciones/RESOLUCIONES%202021/5571.pdf HTTP/1.1" 200 420355
199.16.157.183 - - [25/Mar/2024:22:16:32 -0500] "GET /images/presentaci%C3%B3n%20convenci%C3%B3n.jpg HTTP/1.1" 404 1034
216.244.66.195 - - [25/Mar/2024:22:16:42 -0500] "GET /BLA/resoluciones/AUTOS%202016/3135.pdf HTTP/1.1" 200 386232
172.22.2.4 - - [25/Mar/2024:22:15:15 -0500] "HEAD /BLA/boletinlegal/ HTTP/1.1" 200 -
52.167.144.209 - - [25/Mar/2024:22:16:58 -0500] "GET /BLA/resoluciones/RESOLUCIONES%202010/7773.pdf HTTP/1.1" 200 1546322
186.29.85.194 - - [25/Mar/2024:22:17:12 -0500] "HEAD /BLA/resoluciones/RESOLUCIONES%202021/5570.pdf HTTP/1.1" 200 -
186.29.85.194 - - [25/Mar/2024:22:17:12 -0500] "GET /BLA/resoluciones/RESOLUCIONES%202021/5570.pdf HTTP/1.1" 200 554550
216.244.66.195 - - [25/Mar/2024:22:17:27 -0500] "GET /BLA/resoluciones/AUTOS%202016/1133.pdf HTTP/1.1" 200 1577745
186.29.85.194 - - [25/Mar/2024:22:17:31 -0500] "HEAD /BLA/resoluciones/RESOLUCIONES%202021/5569.pdf HTTP/1.1" 200 -
186.29.85.194 - - [25/Mar/2024:22:17:32 -0500] "GET /BLA/resoluciones/RESOLUCIONES%202021/5569.pdf HTTP/1.1" 200 492963
172.22.2.4 - - [25/Mar/2024:22:16:06 -0500] "GET /BLA/boletinlegal/ HTTP/1.1" 200 59083
216.244.66.195 - - [25/Mar/2024:22:18:00 -0500] "GET /BLA/resoluciones/RESOLUCIONES%202016/2202.pdf HTTP/1.1" 200 285672
186.29.85.194 - - [25/Mar/2024:22:18:45 -0500] "HEAD /BLA/resoluciones/RESOLUCIONES%202021/5568.pdf HTTP/1.1" 200 -
186.29.85.194 - - [25/Mar/2024:22:18:46 -0500] "GET /BLA/resoluciones/RESOLUCIONES%202021/5568.pdf HTTP/1.1" 200 453418
173.252.79.5 - - [25/Mar/2024:22:18:50 -0500] "GET /images/reunion-planta-termovalorizacion-11-mayo.jpg HTTP/1.1" 200 34782
186.29.85.194 - - [25/Mar/2024:22:19:03 -0500] "HEAD /BLA/resoluciones/RESOLUCIONES%202021/5567.pdf HTTP/1.1" 200 -
186.29.85.194 - - [25/Mar/2024:22:19:03 -0500] "GET /BLA/resoluciones/RESOLUCIONES%202021/5567.pdf HTTP/1.1" 200 542651
186.29.85.194 - - [25/Mar/2024:22:19:21 -0500] "HEAD /BLA/resoluciones/RESOLUCIONES%202021/5460.pdf HTTP/1.1" 200 -
186.29.85.194 - - [25/Mar/2024:22:19:22 -0500] "GET /BLA/resoluciones/RESOLUCIONES%202021/5460.pdf HTTP/1.1" 200 442744
201.245.192.253 - - [25/Mar/2024:22:19:22 -0500] "POST /kwsrmcab/Wsrmcab  HTTP/1.1" 200 39660
201.245.192.253 - - [25/Mar/2024:22:19:37 -0500] "POST /kwsrmcab/Wsrmcab HTTP/1.1" 200 39830
201.245.192.253 - - [25/Mar/2024:22:19:37 -0500] "POST /kwsrmcab/Wsrmcab HTTP/1.1" 200 38304
186.29.85.194 - - [25/Mar/2024:22:19:40 -0500] "HEAD /BLA/resoluciones/RESOLUCIONES%202021/5399.pdf HTTP/1.1" 200 -
186.29.85.194 - - [25/Mar/2024:22:19:40 -0500] "GET /BLA/resoluciones/RESOLUCIONES%202021/5399.pdf HTTP/1.1" 200 415893
216.245.221.92 - - [25/Mar/2024:22:19:45 -0500] "HEAD / HTTP/1.1" 200 -
186.29.85.194 - - [25/Mar/2024:22:19:58 -0500] "HEAD /BLA/resoluciones/RESOLUCIONES%202021/5309.pdf HTTP/1.1" 200 -
186.29.85.194 - - [25/Mar/2024:22:19:58 -0500] "GET /BLA/resoluciones/RESOLUCIONES%202021/5309.pdf HTTP/1.1" 200 487488
186.85.234.113 - - [25/Mar/2024:22:20:04 -0500] "POST /sipse/faces/presentacion/financiero/solicitudProceso/consultarSolicitudProceso.xhtml HTTP/1.1" 200 43702
186.85.234.113 - - [25/Mar/2024:22:20:05 -0500] "GET /sipse/faces/javax.faces.resource/theme.css?ln=primefaces-sipse HTTP/1.1" 304 -
186.85.234.113 - - [25/Mar/2024:22:20:05 -0500] "GET /sipse/faces/javax.faces.resource/layout/layout.css?ln=primefaces&v=4.0 HTTP/1.1" 304 -
186.85.234.113 - - [25/Mar/2024:22:20:05 -0500] "GET /sipse/faces/javax.faces.resource/primefaces.css?ln=primefaces&v=4.0 HTTP/1.1" 304 -
186.85.234.113 - - [25/Mar/2024:22:20:05 -0500] "GET /sipse/faces/javax.faces.resource/jquery/jquery.js?ln=primefaces&v=4.0 HTTP/1.1" 304 -
186.85.234.113 - - [25/Mar/2024:22:20:05 -0500] "GET /sipse/faces/javax.faces.resource/jquery/jquery-plugins.js?ln=primefaces&v=4.0 HTTP/1.1" 304 -
186.85.234.113 - - [25/Mar/2024:22:20:05 -0500] "GET /sipse/faces/javax.faces.resource/primefaces.js?ln=primefaces&v=4.0 HTTP/1.1" 304 -
186.85.234.113 - - [25/Mar/2024:22:20:05 -0500] "GET /sipse/faces/javax.faces.resource/layout/layout.js?ln=primefaces&v=4.0 HTTP/1.1" 304 -
186.85.234.113 - - [25/Mar/2024:22:20:05 -0500] "POST /sipse/faces/presentacion/financiero/solicitudProceso/consultar.xhtml HTTP/1.1" 200 37127
186.85.234.113 - - [25/Mar/2024:22:20:06 -0500] "POST /sipse/faces/presentacion/financiero/solicitudProceso/consultar.xhtml HTTP/1.1" 200 37127
186.85.234.113 - - [25/Mar/2024:22:20:06 -0500] "POST /sipse/faces/presentacion/financiero/solicitudProceso/consultar.xhtml HTTP/1.1" 200 37127
201.245.192.253 - - [25/Mar/2024:22:20:15 -0500] "POST /kwsrmcab/Wsrmcab HTTP/1.1" 200 38145
172.22.2.4 - - [25/Mar/2024:22:20:18 -0500] "GET /BLA/boletinlegal/Circulares/2024/CIRCULAR%20No.%2000003%20DEL%2016%20DE%20FEBRERO%20DEL%202024.pdf HTTP/1.1" 200 262750
172.22.2.4 - - [25/Mar/2024:22:20:19 -0500] "GET /BLA/boletinlegal/Circulares/2024/CIRCULAR%20No.%2000003%20DEL%2016%20DE%20FEBRERO%20DEL%202024.pdf HTTP/1.1" 206 1025
172.22.2.4 - - [25/Mar/2024:22:20:19 -0500] "GET /BLA/boletinlegal/Circulares/2024/CIRCULAR%20No.%2000003%20DEL%2016%20DE%20FEBRERO%20DEL%202024.pdf HTTP/1.1" 200 262750
186.29.85.194 - - [25/Mar/2024:22:20:24 -0500] "HEAD /BLA/resoluciones/RESOLUCIONES%202021/5308.pdf HTTP/1.1" 200 -
186.29.85.194 - - [25/Mar/2024:22:20:24 -0500] "GET /BLA/resoluciones/RESOLUCIONES%202021/5308.pdf HTTP/1.1" 200 619237
186.29.85.194 - - [25/Mar/2024:22:20:42 -0500] "HEAD /BLA/resoluciones/RESOLUCIONES%202021/5306.pdf HTTP/1.1" 200 -
186.29.85.194 - - [25/Mar/2024:22:20:42 -0500] "GET /BLA/resoluciones/RESOLUCIONES%202021/5306.pdf HTTP/1.1" 200 656431
186.29.85.194 - - [25/Mar/2024:22:20:59 -0500] "HEAD /BLA/resoluciones/RESOLUCIONES%202021/5211.pdf HTTP/1.1" 200 -
186.29.85.194 - - [25/Mar/2024:22:20:59 -0500] "GET /BLA/resoluciones/RESOLUCIONES%202021/5211.pdf HTTP/1.1" 200 538978
186.85.234.113 - - [25/Mar/2024:22:21:09 -0500] "POST /sipse/faces/presentacion/financiero/solicitudProceso/consultar.xhtml HTTP/1.1" 200 13049
186.85.234.113 - - [25/Mar/2024:22:21:12 -0500] "POST /sipse/faces/presentacion/financiero/solicitudProceso/consultar.xhtml HTTP/1.1" 200 179502
186.85.234.113 - - [25/Mar/2024:22:21:14 -0500] "GET /sipse/faces/javax.faces.resource/theme.css?ln=primefaces-sipse HTTP/1.1" 304 -
186.85.234.113 - - [25/Mar/2024:22:21:14 -0500] "GET /sipse/faces/javax.faces.resource/layout/layout.css?ln=primefaces&v=4.0 HTTP/1.1" 304 -
186.85.234.113 - - [25/Mar/2024:22:21:14 -0500] "GET /sipse/faces/javax.faces.resource/primefaces.css?ln=primefaces&v=4.0 HTTP/1.1" 304 -
186.85.234.113 - - [25/Mar/2024:22:21:14 -0500] "GET /sipse/faces/javax.faces.resource/jquery/jquery.js?ln=primefaces&v=4.0 HTTP/1.1" 304 -
186.85.234.113 - - [25/Mar/2024:22:21:14 -0500] "GET /sipse/faces/javax.faces.resource/jquery/jquery-plugins.js?ln=primefaces&v=4.0 HTTP/1.1" 304 -
186.85.234.113 - - [25/Mar/2024:22:21:14 -0500] "GET /sipse/faces/javax.faces.resource/primefaces.js?ln=primefaces&v=4.0 HTTP/1.1" 304 -
186.85.234.113 - - [25/Mar/2024:22:21:14 -0500] "GET /sipse/faces/javax.faces.resource/layout/layout.js?ln=primefaces&v=4.0 HTTP/1.1" 304 -
186.29.85.194 - - [25/Mar/2024:22:21:18 -0500] "HEAD /BLA/resoluciones/RESOLUCIONES%202021/4969.pdf HTTP/1.1" 200 -
186.29.85.194 - - [25/Mar/2024:22:21:19 -0500] "GET /BLA/resoluciones/RESOLUCIONES%202021/4969.pdf HTTP/1.1" 200 448109
186.85.234.113 - - [25/Mar/2024:22:21:29 -0500] "POST /sipse/faces/presentacion/financiero/solicitudProceso/consultarSolicitudProceso.xhtml HTTP/1.1" 200 5522
201.245.192.253 - - [25/Mar/2024:22:21:29 -0500] "POST /kwsrmcab/Wsrmcab HTTP/1.1" 200 38304
186.29.85.194 - - [25/Mar/2024:22:21:34 -0500] "HEAD /BLA/resoluciones/RESOLUCIONES%202021/4967.pdf HTTP/1.1" 200 -
186.29.85.194 - - [25/Mar/2024:22:21:35 -0500] "GET /BLA/resoluciones/RESOLUCIONES%202021/4967.pdf HTTP/1.1" 200 603543
