201.245.192.253 - - [25/Mar/2024:01:20:30 -0500] "POST /kwsrmcab/Wsrmcab  HTTP/1.1" 200 39660
186.29.85.194 - - [25/Mar/2024:01:20:43 -0500] "HEAD /BLA/resoluciones/RESOLUCIONES%202022/0145.pdf HTTP/1.1" 200 -
186.29.85.194 - - [25/Mar/2024:01:20:44 -0500] "GET /BLA/resoluciones/RESOLUCIONES%202022/0145.pdf HTTP/1.1" 200 440988
186.29.85.194 - - [25/Mar/2024:01:21:11 -0500] "HEAD /BLA/resoluciones/RESOLUCIONES%202022/0144.pdf HTTP/1.1" 200 -
186.29.85.194 - - [25/Mar/2024:01:21:11 -0500] "GET /BLA/resoluciones/RESOLUCIONES%202022/0144.pdf HTTP/1.1" 200 429846
186.29.85.194 - - [25/Mar/2024:01:21:50 -0500] "HEAD /BLA/resoluciones/RESOLUCIONES%202022/0139.pdf HTTP/1.1" 200 -
186.29.85.194 - - [25/Mar/2024:01:21:50 -0500] "GET /BLA/resoluciones/RESOLUCIONES%202022/0139.pdf HTTP/1.1" 200 793893
52.167.144.214 - - [25/Mar/2024:01:22:12 -0500] "GET /BLA/resoluciones/RESOLUCIONES%202010/1454.pdf HTTP/1.1" 200 313885
186.29.85.194 - - [25/Mar/2024:01:22:13 -0500] "HEAD /BLA/resoluciones/RESOLUCIONES%202022/0055.pdf HTTP/1.1" 200 -
186.29.85.194 - - [25/Mar/2024:01:22:14 -0500] "GET /BLA/resoluciones/RESOLUCIONES%202022/0055.pdf HTTP/1.1" 200 1043118
172.22.2.4 - - [25/Mar/2024:01:20:35 -0500] "HEAD /BLA/boletinlegal/ HTTP/1.1" 200 -
23.22.35.162 - - [25/Mar/2024:01:22:37 -0500] "GET /galeria/galeria/fotos/cusumbo4G.jpg HTTP/1.1" 200 292522
172.22.2.4 - - [25/Mar/2024:01:21:26 -0500] "GET /BLA/boletinlegal/ HTTP/1.1" 200 44737
216.245.221.92 - - [25/Mar/2024:01:23:08 -0500] "HEAD / HTTP/1.1" 200 -
172.22.2.4 - - [25/Mar/2024:01:21:37 -0500] "GET /BLA/boletinlegal/ HTTP/1.1" 200 46045
152.61.128.50 - - [25/Mar/2024:01:23:30 -0500] "GET /arcgis/services/Calidad_del_Agua_WQI/MapServer/WMSServer?request=GetCapabilities&service=WMS HTTP/1.1" 503 1020
152.61.128.50 - - [25/Mar/2024:01:23:32 -0500] "GET /arcgis/services/Calidad_del_Agua_WQI/MapServer/WMSServer?SERVICE=WMS&REQUEST=GetCapabilities HTTP/1.1" 503 1020
152.61.128.50 - - [25/Mar/2024:01:23:32 -0500] "GET /arcgis/services/Calidad_del_Agua_WQI/MapServer/WMSServer?WMTVER=1.0.0&REQUEST=capabilities HTTP/1.1" 503 1020
201.245.192.253 - - [25/Mar/2024:01:25:28 -0500] "POST /kwsrmcab/Wsrmcab  HTTP/1.1" 200 39660
172.22.2.4 - - [25/Mar/2024:01:26:25 -0500] "HEAD /BLA/boletinlegal/ HTTP/1.1" 200 -
216.245.221.92 - - [25/Mar/2024:01:28:08 -0500] "HEAD / HTTP/1.1" 200 -
201.245.192.253 - - [25/Mar/2024:01:28:41 -0500] "POST /kwsrmcab/Wsrmcab HTTP/1.1" 200 39738
201.245.192.253 - - [25/Mar/2024:01:28:41 -0500] "POST /kwsrmcab/Wsrmcab HTTP/1.1" 200 38062
172.22.2.4 - - [25/Mar/2024:01:27:16 -0500] "GET /BLA/boletinlegal/ HTTP/1.1" 200 54300
201.245.192.253 - - [25/Mar/2024:01:29:17 -0500] "POST /kwsrmcab/Wsrmcab HTTP/1.1" 200 40061
172.22.2.4 - - [25/Mar/2024:01:29:28 -0500] "GET /BLA/boletinlegal/Circulares/2011/Circular%20No.%204%20del%2014%20de%20Julio%20de%202011.pdf HTTP/1.1" 200 399895
201.245.192.253 - - [25/Mar/2024:01:30:14 -0500] "POST /kwsrmcab/Wsrmcab HTTP/1.1" 200 38062
201.245.192.253 - - [25/Mar/2024:01:30:26 -0500] "POST /kwsrmcab/Wsrmcab  HTTP/1.1" 200 39660
71.6.232.22 - - [25/Mar/2024:01:32:56 -0500] "GET / HTTP/1.1" 200 319
216.245.221.92 - - [25/Mar/2024:01:33:08 -0500] "HEAD / HTTP/1.1" 200 -
172.22.2.4 - - [25/Mar/2024:01:32:15 -0500] "HEAD /BLA/boletinlegal/ HTTP/1.1" 200 -
216.244.66.195 - - [25/Mar/2024:01:34:21 -0500] "GET /BLA/resoluciones/AUTOS%202024/01603.pdf HTTP/1.1" 200 420240
207.46.13.14 - - [25/Mar/2024:01:34:39 -0500] "GET /documents/10184/5220716/calidad+del+agua+fuentes+superficiales+bogot%C3%A1.png/33adf1d3-759e-48e7-932c-1ce087b51c64?t=1693324137124 HTTP/1.1" 404 1034
172.22.2.4 - - [25/Mar/2024:01:33:06 -0500] "GET /BLA/boletinlegal/ HTTP/1.1" 200 58273
216.244.66.195 - - [25/Mar/2024:01:35:05 -0500] "GET /BLA/resoluciones/RESOLUCIONES%202023/02247.pdf HTTP/1.1" 200 876277
185.224.128.38 - - [25/Mar/2024:01:35:18 -0500] "GET / HTTP/1.1" 200 319
201.245.192.253 - - [25/Mar/2024:01:35:24 -0500] "POST /kwsrmcab/Wsrmcab  HTTP/1.1" 503 1020
216.244.66.195 - - [25/Mar/2024:01:35:55 -0500] "GET /BLA/resoluciones/RESOLUCIONES%202023/1718.pdf HTTP/1.1" 200 393727
201.245.192.253 - - [25/Mar/2024:01:36:24 -0500] "POST /kwsrmcab/Wsrmcab  HTTP/1.1" 503 1020
216.244.66.195 - - [25/Mar/2024:01:36:40 -0500] "GET /BLA/resoluciones/RESOLUCIONES%202023/2373.pdf HTTP/1.1" 200 434815
201.245.192.253 - - [25/Mar/2024:01:37:22 -0500] "POST /kwsrmcab/Wsrmcab  HTTP/1.1" 200 39660
216.244.66.195 - - [25/Mar/2024:01:37:23 -0500] "GET /BLA/resoluciones/RESOLUCIONES%202023/2925.pdf HTTP/1.1" 200 453182
216.245.221.92 - - [25/Mar/2024:01:38:08 -0500] "HEAD / HTTP/1.1" 200 -
201.245.192.253 - - [25/Mar/2024:01:38:22 -0500] "POST /kwsrmcab/Wsrmcab  HTTP/1.1" 200 39660
172.22.2.4 - - [25/Mar/2024:01:36:47 -0500] "GET /BLA/boletinlegal/ HTTP/1.1" 200 60730
201.245.192.253 - - [25/Mar/2024:01:38:41 -0500] "POST /kwsrmcab/Wsrmcab HTTP/1.1" 200 39738
201.245.192.253 - - [25/Mar/2024:01:38:41 -0500] "POST /kwsrmcab/Wsrmcab HTTP/1.1" 200 38062
201.245.192.253 - - [25/Mar/2024:01:39:17 -0500] "POST /kwsrmcab/Wsrmcab HTTP/1.1" 200 40061
172.22.2.4 - - [25/Mar/2024:01:38:05 -0500] "HEAD /BLA/boletinlegal/ HTTP/1.1" 200 -
172.22.2.4 - - [25/Mar/2024:01:39:54 -0500] "POST /BLA/boletinlegal/dns-query HTTP/1.1" 406 -
172.22.2.4 - - [25/Mar/2024:01:39:57 -0500] "GET /BLA/boletinlegal/dns-query?dns=jzwBAAABAAAAAAAABmdvb2dsZQNjb20AAAEAAQ HTTP/1.1" 406 -
201.245.192.253 - - [25/Mar/2024:01:40:13 -0500] "POST /kwsrmcab/Wsrmcab HTTP/1.1" 200 38062
172.22.2.4 - - [25/Mar/2024:01:38:56 -0500] "GET /BLA/boletinlegal/ HTTP/1.1" 200 60380
47.128.111.179 - - [25/Mar/2024:01:42:52 -0500] "GET /BLA/resoluciones/AUTOS%202021/0245.php?act=ftpquickbrute&d=E%3A%5Cnuevo%5Chtdocs%5CBLA%5Cresoluciones%5CRESOLUCIONES+2010%5C HTTP/1.1" 200 2869
216.245.221.92 - - [25/Mar/2024:01:43:08 -0500] "HEAD / HTTP/1.1" 200 -
47.128.115.232 - - [25/Mar/2024:01:43:14 -0500] "GET /BLA/resoluciones/AUTOS%202021/0245.php?act=encoder&d=E%3A%5Cnuevo%5CphpMyAdmin2%5C HTTP/1.1" 200 3054
47.128.111.192 - - [25/Mar/2024:01:43:39 -0500] "GET /BLA/resoluciones/AUTOS%202021/0245.php?act=ftpquickbrute&d=E%3A%5Cnuevo%5Chtdocs%5Ctransparencia%5C HTTP/1.1" 200 2822
201.245.192.253 - - [25/Mar/2024:01:43:20 -0500] "POST /kwsrmcab/Wsrmcab  HTTP/1.1" 200 39660
47.128.111.165 - - [25/Mar/2024:01:44:02 -0500] "GET /BLA/resoluciones/AUTOS%202021/0245.php?act=security&d=E%3A%5Cnuevo%5Chtdocs%5Ccss%5C HTTP/1.1" 200 2747
207.46.13.116 - - [25/Mar/2024:01:44:09 -0500] "GET /dos-mamiferos-y-63-aves-volvieron-a-la-libertad-en-el-humedal-la-conejera.html HTTP/1.1" 200 877
47.128.115.5 - - [25/Mar/2024:01:44:26 -0500] "GET /BLA/resoluciones/AUTOS%202021/0245.php?act=security&d=E%3A%5Cnuevo%5Chtdocs%5Cgaleria%5C HTTP/1.1" 200 2750
47.128.63.6 - - [25/Mar/2024:01:44:51 -0500] "GET /BLA/resoluciones/AUTOS%202021/0245.php?act=chmod&d=E%3A%5Cnuevo%5CFileZillaFTP&f=Uninstall.exe HTTP/1.1" 200 2844
47.128.124.242 - - [25/Mar/2024:01:45:17 -0500] "GET /BLA/resoluciones/AUTOS%202021/0245.php?act=ftpquickbrute&d=E%3A%5Cnuevo%5Chtdocs%5CBLA%5Cresoluciones%5CRESOLUCIONES+1994%5C HTTP/1.1" 200 2870
172.22.2.4 - - [25/Mar/2024:01:43:55 -0500] "HEAD /BLA/boletinlegal/ HTTP/1.1" 200 -
201.245.192.253 - - [25/Mar/2024:01:44:28 -0500] "POST /kwsrmcab/Wsrmcab  HTTP/1.1" 200 14501
201.245.192.253 - - [25/Mar/2024:01:45:36 -0500] "POST /kwsrmcab/Wsrmcab  HTTP/1.1" 200 39660
47.128.114.150 - - [25/Mar/2024:01:45:38 -0500] "GET /BLA/resoluciones/AUTOS%202021/0245.php?act=cmd&d=E%3A%5Cnuevo%5Clocale%5C HTTP/1.1" 200 2702
172.22.2.4 - - [25/Mar/2024:01:44:46 -0500] "GET /BLA/boletinlegal/ HTTP/1.1" 200 59967
201.245.192.253 - - [25/Mar/2024:01:46:37 -0500] "POST /kwsrmcab/Wsrmcab  HTTP/1.1" 200 39660
216.245.221.92 - - [25/Mar/2024:01:48:08 -0500] "HEAD / HTTP/1.1" 200 -
168.119.253.6 - - [25/Mar/2024:01:49:04 -0500] "GET / HTTP/1.1" 200 4720
168.119.253.69 - - [25/Mar/2024:01:49:10 -0500] "GET / HTTP/1.1" 200 4720
172.22.2.4 - - [25/Mar/2024:01:47:45 -0500] "GET /BLA/boletinlegal/ HTTP/1.1" 200 62720
168.119.48.175 - - [25/Mar/2024:01:49:48 -0500] "GET / HTTP/1.1" 200 4720
172.22.2.4 - - [25/Mar/2024:01:49:45 -0500] "HEAD /BLA/boletinlegal/ HTTP/1.1" 200 -
172.22.2.4 - - [25/Mar/2024:01:50:36 -0500] "GET /BLA/boletinlegal/ HTTP/1.1" 200 58720
201.245.192.253 - - [25/Mar/2024:01:51:37 -0500] "POST /kwsrmcab/Wsrmcab  HTTP/1.1" 200 21429
114.119.138.107 - - [25/Mar/2024:01:52:44 -0500] "GET /galeria/galeria/fotos/Soratama3G.jpg HTTP/1.1" 200 159434
201.245.192.253 - - [25/Mar/2024:01:52:45 -0500] "POST /kwsrmcab/Wsrmcab  HTTP/1.1" 200 39660
216.245.221.92 - - [25/Mar/2024:01:53:08 -0500] "HEAD / HTTP/1.1" 200 -
201.245.192.253 - - [25/Mar/2024:01:53:44 -0500] "POST /kwsrmcab/Wsrmcab  HTTP/1.1" 200 39660
52.167.144.168 - - [25/Mar/2024:01:55:34 -0500] "GET /Publicaciones/2024EE47581.pdf HTTP/1.1" 404 227
47.128.97.68 - - [25/Mar/2024:01:57:10 -0500] "GET /distrito-exalto-a-246-empresas-de-bogota-por-su-alto-desempeno-y-responsabilidad-ambiental-durante-2023.html HTTP/1.1" 200 1039
172.22.2.4 - - [25/Mar/2024:01:55:35 -0500] "HEAD /BLA/boletinlegal/ HTTP/1.1" 200 -
172.22.2.4 - - [25/Mar/2024:01:57:41 -0500] "GET /BLA/boletinlegal/actos.php HTTP/1.1" 200 9738
172.22.2.4 - - [25/Mar/2024:01:57:41 -0500] "GET /BLA/boletinlegal/styles2.css HTTP/1.1" 200 1838
172.22.2.4 - - [25/Mar/2024:01:57:42 -0500] "GET /BLA/boletinlegal/style.css HTTP/1.1" 200 9406
172.22.2.4 - - [25/Mar/2024:01:56:26 -0500] "GET /BLA/boletinlegal/ HTTP/1.1" 200 54913
216.245.221.92 - - [25/Mar/2024:01:58:08 -0500] "HEAD / HTTP/1.1" 200 -
172.22.2.4 - - [25/Mar/2024:01:59:09 -0500] "GET /BLA/boletinlegal/favicon.ico HTTP/1.1" 404 1018
172.22.2.4 - - [25/Mar/2024:01:58:49 -0500] "GET /BLA/boletinlegal/ HTTP/1.1" 200 20427
40.77.167.65 - - [25/Mar/2024:01:59:25 -0500] "GET /BLA/resoluciones/RESOLUCIONES%202022/1695.pdf HTTP/1.1" 200 589765
172.22.2.4 - - [25/Mar/2024:01:58:53 -0500] "GET /BLA/boletinlegal/ HTTP/1.1" 200 32715
47.128.61.24 - - [25/Mar/2024:01:59:47 -0500] "GET /robots.txt HTTP/1.1" 404 1034
201.245.192.253 - - [25/Mar/2024:01:59:51 -0500] "POST /kwsrmcab/Wsrmcab  HTTP/1.1" 200 39660
201.245.192.253 - - [25/Mar/2024:01:58:42 -0500] "POST /kwsrmcab/Wsrmcab  HTTP/1.1" 200 21429
161.29.239.23 - - [25/Mar/2024:02:00:24 -0500] "GET /robots.txt HTTP/1.1" 404 1034
201.245.192.253 - - [25/Mar/2024:02:00:52 -0500] "POST /kwsrmcab/Wsrmcab  HTTP/1.1" 200 39660
216.244.66.195 - - [25/Mar/2024:02:01:01 -0500] "GET /robots.txt HTTP/1.1" 404 1018
146.19.24.28 - - [25/Mar/2024:02:02:16 -0500] "GET / HTTP/1.1" 200 319
172.22.2.4 - - [25/Mar/2024:02:01:25 -0500] "HEAD /BLA/boletinlegal/ HTTP/1.1" 200 -
216.245.221.92 - - [25/Mar/2024:02:03:08 -0500] "HEAD / HTTP/1.1" 200 -
52.167.144.221 - - [25/Mar/2024:02:03:44 -0500] "GET /BLA/resoluciones/AUTOS%202013/0039.pdf HTTP/1.1" 304 -
172.22.2.4 - - [25/Mar/2024:02:02:16 -0500] "GET /BLA/boletinlegal/ HTTP/1.1" 200 58273
201.245.192.253 - - [25/Mar/2024:02:05:50 -0500] "POST /kwsrmcab/Wsrmcab  HTTP/1.1" 200 39660
47.128.57.172 - - [25/Mar/2024:02:06:59 -0500] "GET /distrito-exalto-a-246-empresas-de-bogota-por-su-alto-desempeno-y-responsabilidad-ambiental-durante-2023.html HTTP/1.1" 200 1039
52.167.144.16 - - [25/Mar/2024:02:07:26 -0500] "GET /caminatas-ecologicas-conocer-y-contemplar-para-conservar.html HTTP/1.1" 200 864
216.245.221.92 - - [25/Mar/2024:02:08:08 -0500] "HEAD / HTTP/1.1" 200 -
207.46.13.14 - - [25/Mar/2024:02:08:32 -0500] "GET /documents/10184/5220716/calidad+del+agua+fuentes+superficiales+bogot%C3%A1.png/33adf1d3-759e-48e7-932c-1ce087b51c64?t=1693324137124 HTTP/1.1" 404 1034
47.128.33.52 - - [25/Mar/2024:02:08:54 -0500] "GET /BLA/resoluciones/AUTOS%202021/0245.php?act=ftpquickbrute&d=E%3A%5Cnuevo%5Chtdocs%5CBLA%5Cresoluciones%5CRESOLUCIONES+2004%5C HTTP/1.1" 200 2871
172.22.2.4 - - [25/Mar/2024:02:07:15 -0500] "HEAD /BLA/boletinlegal/ HTTP/1.1" 200 -
172.22.2.4 - - [25/Mar/2024:02:08:59 -0500] "GET /BLA/boletinlegal/style.css HTTP/1.1" 200 9406
172.22.2.4 - - [25/Mar/2024:02:08:59 -0500] "GET /BLA/boletinlegal/js/jquery.js HTTP/1.1" 200 57254
172.22.2.4 - - [25/Mar/2024:02:08:59 -0500] "GET /BLA/boletinlegal/styles2.css HTTP/1.1" 200 1838
172.22.2.4 - - [25/Mar/2024:02:08:59 -0500] "GET /BLA/boletinlegal/js/jquery.scrollTo-min.js HTTP/1.1" 200 1150
172.22.2.4 - - [25/Mar/2024:02:08:59 -0500] "GET /BLA/boletinlegal/js/jquery.scrollShow.js HTTP/1.1" 200 4586
172.22.2.4 - - [25/Mar/2024:02:08:59 -0500] "GET /BLA/boletinlegal/images/cabezote%20BLEGAL.jpg HTTP/1.1" 200 118164
172.22.2.4 - - [25/Mar/2024:02:08:59 -0500] "GET /BLA/boletinlegal/images/screen_1.png HTTP/1.1" 200 202547
172.22.2.4 - - [25/Mar/2024:02:08:59 -0500] "GET /BLA/boletinlegal/images/subscribe-icon-big.png HTTP/1.1" 200 47702
172.22.2.4 - - [25/Mar/2024:02:08:59 -0500] "GET /BLA/boletinlegal/images/historia.png HTTP/1.1" 200 52775
172.22.2.4 - - [25/Mar/2024:02:08:59 -0500] "GET /BLA/boletinlegal/images/registro-usuarios.png HTTP/1.1" 200 8106
172.22.2.4 - - [25/Mar/2024:02:08:59 -0500] "GET /BLA/boletinlegal/images/arr_l.jpg HTTP/1.1" 200 1979
172.22.2.4 - - [25/Mar/2024:02:08:59 -0500] "GET /BLA/boletinlegal/images/launch.jpg HTTP/1.1" 200 14577
172.22.2.4 - - [25/Mar/2024:02:08:59 -0500] "GET /BLA/boletinlegal/images/body_bg.jpg HTTP/1.1" 200 1601
172.22.2.4 - - [25/Mar/2024:02:08:59 -0500] "GET /BLA/boletinlegal/images/menu_lft.gif HTTP/1.1" 200 1713
172.22.2.4 - - [25/Mar/2024:02:08:59 -0500] "GET /BLA/boletinlegal/images/menu_rght.gif HTTP/1.1" 200 1627
172.22.2.4 - - [25/Mar/2024:02:08:59 -0500] "GET /BLA/boletinlegal/images/bg_top.jpg HTTP/1.1" 200 522
172.22.2.4 - - [25/Mar/2024:02:08:59 -0500] "GET /BLA/boletinlegal/images/menu_bg.jpg HTTP/1.1" 200 620
172.22.2.4 - - [25/Mar/2024:02:08:59 -0500] "GET /BLA/boletinlegal/images/hover.jpg HTTP/1.1" 200 640
172.22.2.4 - - [25/Mar/2024:02:08:59 -0500] "GET /BLA/boletinlegal/images/text.jpg HTTP/1.1" 200 568
172.22.2.4 - - [25/Mar/2024:02:09:07 -0500] "GET /BLA/boletinlegal/images/screen_2.png HTTP/1.1" 200 362502
172.22.2.4 - - [25/Mar/2024:02:09:07 -0500] "GET /BLA/boletinlegal/images/screen_3.png HTTP/1.1" 200 210620
172.22.2.4 - - [25/Mar/2024:02:09:07 -0500] "GET /BLA/boletinlegal/images/screen_5.png HTTP/1.1" 200 368876
172.22.2.4 - - [25/Mar/2024:02:09:07 -0500] "GET /BLA/boletinlegal/images/arr_r.jpg HTTP/1.1" 200 1998
172.22.2.4 - - [25/Mar/2024:02:09:07 -0500] "GET /BLA/boletinlegal/images/footer_bg.jpg HTTP/1.1" 200 586
172.22.2.4 - - [25/Mar/2024:02:09:17 -0500] "GET /BLA/boletinlegal/images/pdf.gif HTTP/1.1" 200 567
47.128.46.222 - - [25/Mar/2024:02:09:19 -0500] "GET /BLA/resoluciones/AUTOS%202021/0245.php?act=ftpquickbrute&d=E%3A%5Cnuevo%5Chtdocs%5CBLA%5Cresoluciones%5CRESOLUCIONES+2011%5C HTTP/1.1" 200 2871
47.128.46.211 - - [25/Mar/2024:02:09:44 -0500] "GET /BLA/resoluciones/AUTOS%202021/0245.php?act=chmod&d=E%3A%5Cnuevo%5CMercuryMail&f=wssetup.hlp HTTP/1.1" 200 2848
172.22.2.4 - - [25/Mar/2024:02:08:06 -0500] "GET /BLA/boletinlegal/ HTTP/1.1" 200 53818
47.128.120.149 - - [25/Mar/2024:02:10:06 -0500] "GET /BLA/resoluciones/AUTOS%202021/0245.php?act=f&d=E%3A%5Cnuevo%5CFileZillaFTP&f=FileZilla+Server+Interface.xml HTTP/1.1" 200 2980
47.128.120.149 - - [25/Mar/2024:02:10:07 -0500] "GET /BLA/resoluciones/AUTOS%202021/0245.php?act=img&img=ext_rtf HTTP/1.1" 200 164
47.128.120.149 - - [25/Mar/2024:02:10:07 -0500] "GET /BLA/resoluciones/AUTOS%202021/0245.php?act=img&img=ext_exe HTTP/1.1" 200 118
47.128.120.149 - - [25/Mar/2024:02:10:07 -0500] "GET /BLA/resoluciones/AUTOS%202021/0245.php?act=img&img=ext_txt HTTP/1.1" 200 132
47.128.120.149 - - [25/Mar/2024:02:10:07 -0500] "GET /BLA/resoluciones/AUTOS%202021/0245.php?act=img&img=ext_diz HTTP/1.1" 200 1027
47.128.120.149 - - [25/Mar/2024:02:10:07 -0500] "GET /BLA/resoluciones/AUTOS%202021/0245.php?act=img&img=ext_html HTTP/1.1" 200 230
47.128.120.149 - - [25/Mar/2024:02:10:07 -0500] "GET /BLA/resoluciones/AUTOS%202021/0245.php?act=img&img=ext_gif HTTP/1.1" 200 175
47.128.120.149 - - [25/Mar/2024:02:10:07 -0500] "GET /BLA/resoluciones/AUTOS%202021/0245.php?act=img&img=download HTTP/1.1" 200 161
47.128.120.149 - - [25/Mar/2024:02:10:07 -0500] "GET /BLA/resoluciones/AUTOS%202021/0245.php?act=img&img=ext_ini HTTP/1.1" 200 134
47.128.120.149 - - [25/Mar/2024:02:10:07 -0500] "GET /BLA/resoluciones/AUTOS%202021/0245.php?act=img&img=change HTTP/1.1" 200 290
47.128.120.149 - - [25/Mar/2024:02:10:07 -0500] "GET /BLA/resoluciones/AUTOS%202021/0245.php?act=img&img=ext_xml HTTP/1.1" 200 231
172.22.2.4 - - [25/Mar/2024:02:08:58 -0500] "GET /BLA/boletinlegal/ HTTP/1.1" 200 45003
47.128.33.48 - - [25/Mar/2024:02:10:31 -0500] "GET /BLA/resoluciones/AUTOS%202021/0245.php?act=f&d=E%3A%5Cnuevo%5CMercuryMail&f=bearlang.hu HTTP/1.1" 200 2963
47.128.33.48 - - [25/Mar/2024:02:10:31 -0500] "GET /BLA/resoluciones/AUTOS%202021/0245.php?act=img&img=ext_hu HTTP/1.1" 200 1034
47.128.33.48 - - [25/Mar/2024:02:10:32 -0500] "GET /BLA/resoluciones/AUTOS%202021/0245.php?act=img&img=ext_txt HTTP/1.1" 200 132
47.128.33.48 - - [25/Mar/2024:02:10:32 -0500] "GET /BLA/resoluciones/AUTOS%202021/0245.php?act=img&img=ext_exe HTTP/1.1" 200 118
47.128.33.48 - - [25/Mar/2024:02:10:32 -0500] "GET /BLA/resoluciones/AUTOS%202021/0245.php?act=img&img=ext_diz HTTP/1.1" 200 1027
47.128.33.48 - - [25/Mar/2024:02:10:32 -0500] "GET /BLA/resoluciones/AUTOS%202021/0245.php?act=img&img=ext_gif HTTP/1.1" 200 175
47.128.33.48 - - [25/Mar/2024:02:10:32 -0500] "GET /BLA/resoluciones/AUTOS%202021/0245.php?act=img&img=ext_html HTTP/1.1" 200 230
47.128.33.48 - - [25/Mar/2024:02:10:32 -0500] "GET /BLA/resoluciones/AUTOS%202021/0245.php?act=img&img=ext_rtf HTTP/1.1" 200 164
47.128.33.48 - - [25/Mar/2024:02:10:32 -0500] "GET /BLA/resoluciones/AUTOS%202021/0245.php?act=img&img=change HTTP/1.1" 200 290
47.128.33.48 - - [25/Mar/2024:02:10:32 -0500] "GET /BLA/resoluciones/AUTOS%202021/0245.php?act=img&img=download HTTP/1.1" 200 161
47.128.33.48 - - [25/Mar/2024:02:10:32 -0500] "GET /BLA/resoluciones/AUTOS%202021/0245.php?act=img&img=ext_ini HTTP/1.1" 200 134
98.64.96.28 - - [25/Mar/2024:02:10:47 -0500] "GET /Publicaciones/2023EE255782.pdf HTTP/1.1" 404 228
201.245.192.253 - - [25/Mar/2024:02:10:50 -0500] "POST /kwsrmcab/Wsrmcab  HTTP/1.1" 200 39660
47.128.61.40 - - [25/Mar/2024:02:10:56 -0500] "GET /BLA/resoluciones/AUTOS%202021/0245.php?act=chmod&d=E%3A%5Cnuevo%5Ccgi-bin%5C HTTP/1.1" 200 2824
173.252.107.112 - - [25/Mar/2024:02:11:59 -0500] "GET /distrito-firma-acuerdos-de-conservacion-con-academia-y-sociedad-civil-para-proteger-22-hectareas-en-suba-y-cerros-orientales.html HTTP/1.1" 200 1062
173.252.107.2 - - [25/Mar/2024:02:11:59 -0500] "GET /distrito-firma-acuerdos-de-conservacion-con-academia-y-sociedad-civil-para-proteger-22-hectareas-en-suba-y-cerros-orientales.html HTTP/1.1" 200 1062
173.252.87.119 - - [25/Mar/2024:02:12:00 -0500] "GET /images/Acuerdos1.jpeg HTTP/1.1" 200 59889
216.245.221.92 - - [25/Mar/2024:02:13:08 -0500] "HEAD / HTTP/1.1" 200 -
172.22.2.4 - - [25/Mar/2024:02:13:05 -0500] "HEAD /BLA/boletinlegal/ HTTP/1.1" 200 -
172.22.2.4 - - [25/Mar/2024:02:13:56 -0500] "GET /BLA/boletinlegal/ HTTP/1.1" 200 60380
201.245.192.253 - - [25/Mar/2024:02:15:48 -0500] "POST /kwsrmcab/Wsrmcab  HTTP/1.1" 200 39660
216.245.221.92 - - [25/Mar/2024:02:18:08 -0500] "HEAD / HTTP/1.1" 200 -
201.245.192.253 - - [25/Mar/2024:02:18:41 -0500] "POST /kwsrmcab/Wsrmcab HTTP/1.1" 200 39733
201.245.192.253 - - [25/Mar/2024:02:19:17 -0500] "POST /kwsrmcab/Wsrmcab HTTP/1.1" 200 40068
201.245.192.253 - - [25/Mar/2024:02:19:19 -0500] "POST /kwsrmcab/Wsrmcab HTTP/1.1" 200 38092
47.128.39.98 - - [25/Mar/2024:02:19:31 -0500] "GET /BLA/resoluciones/AUTOS%202021/0245.php?act=ftpquickbrute&d=E%3A%5Cnuevo%5Chtdocs%5CBLA%5Cresoluciones%5CRESOLUCIONES+2014%5C HTTP/1.1" 200 2871
201.245.192.253 - - [25/Mar/2024:02:20:14 -0500] "POST /kwsrmcab/Wsrmcab HTTP/1.1" 200 38092
172.22.2.4 - - [25/Mar/2024:02:18:55 -0500] "HEAD /BLA/boletinlegal/ HTTP/1.1" 200 -
201.245.192.253 - - [25/Mar/2024:02:20:47 -0500] "POST /kwsrmcab/Wsrmcab  HTTP/1.1" 200 39660
172.22.2.4 - - [25/Mar/2024:02:19:46 -0500] "GET /BLA/boletinlegal/ HTTP/1.1" 200 58273
98.64.96.19 - - [25/Mar/2024:02:21:28 -0500] "GET /Publicaciones/2024EE47581.pdf HTTP/1.1" 404 227
216.245.221.92 - - [25/Mar/2024:02:23:08 -0500] "HEAD / HTTP/1.1" 200 -
40.77.167.5 - - [25/Mar/2024:02:25:47 -0500] "GET /Publicaciones/2023EE133339.pdf HTTP/1.1" 404 228
201.245.192.253 - - [25/Mar/2024:02:25:45 -0500] "POST /kwsrmcab/Wsrmcab  HTTP/1.1" 200 14501
172.22.2.4 - - [25/Mar/2024:02:24:45 -0500] "HEAD /BLA/boletinlegal/ HTTP/1.1" 200 -
172.22.2.4 - - [25/Mar/2024:02:25:36 -0500] "GET /BLA/boletinlegal/ HTTP/1.1" 200 59083
172.22.2.4 - - [25/Mar/2024:02:27:46 -0500] "GET /BLA/boletinlegal/normativa.php HTTP/1.1" 200 8397
172.22.2.4 - - [25/Mar/2024:02:27:46 -0500] "GET /BLA/boletinlegal/js/ajax_normativa.js HTTP/1.1" 200 1154
201.245.192.253 - - [25/Mar/2024:02:28:02 -0500] "POST /kwsrmcab/Wsrmcab  HTTP/1.1" 200 39660
216.245.221.92 - - [25/Mar/2024:02:28:08 -0500] "HEAD / HTTP/1.1" 200 -
201.245.192.253 - - [25/Mar/2024:02:26:53 -0500] "POST /kwsrmcab/Wsrmcab  HTTP/1.1" 200 21429
201.245.192.253 - - [25/Mar/2024:02:28:40 -0500] "POST /kwsrmcab/Wsrmcab HTTP/1.1" 200 39733
201.245.192.253 - - [25/Mar/2024:02:28:40 -0500] "POST /kwsrmcab/Wsrmcab HTTP/1.1" 200 38092
201.245.192.253 - - [25/Mar/2024:02:29:03 -0500] "POST /kwsrmcab/Wsrmcab  HTTP/1.1" 200 39660
201.245.192.253 - - [25/Mar/2024:02:29:17 -0500] "POST /kwsrmcab/Wsrmcab HTTP/1.1" 200 40068
201.245.192.253 - - [25/Mar/2024:02:30:13 -0500] "GET /kwsrmcab/Wsrmcab?wsdl HTTP/1.1" 200 6948
201.245.192.253 - - [25/Mar/2024:02:30:13 -0500] "POST /kwsrmcab/Wsrmcab HTTP/1.1" 200 38092
40.77.167.75 - - [25/Mar/2024:02:31:36 -0500] "GET /Publicaciones/2024EE35186.pdf HTTP/1.1" 404 227
172.22.2.4 - - [25/Mar/2024:02:30:35 -0500] "HEAD /BLA/boletinlegal/ HTTP/1.1" 200 -
172.22.2.4 - - [25/Mar/2024:02:31:26 -0500] "GET /BLA/boletinlegal/ HTTP/1.1" 200 59083
216.245.221.92 - - [25/Mar/2024:02:33:08 -0500] "HEAD / HTTP/1.1" 200 -
40.77.167.10 - - [25/Mar/2024:02:34:38 -0500] "GET /BLA/resoluciones/AUTOS%202021/1786.pdf HTTP/1.1" 304 -
201.245.192.253 - - [25/Mar/2024:02:35:11 -0500] "POST /kwsrmcab/Wsrmcab  HTTP/1.1" 200 39660
201.245.192.253 - - [25/Mar/2024:02:34:02 -0500] "POST /kwsrmcab/Wsrmcab  HTTP/1.1" 200 39660
157.55.39.61 - - [25/Mar/2024:02:35:43 -0500] "GET /portaldeninos/wp-content/uploads/2019/09/Roble-%C3%A1rboles.jpg HTTP/1.1" 200 416546
201.245.192.253 - - [25/Mar/2024:02:36:12 -0500] "POST /kwsrmcab/Wsrmcab  HTTP/1.1" 200 39660
172.22.2.4 - - [25/Mar/2024:02:36:25 -0500] "HEAD /BLA/boletinlegal/ HTTP/1.1" 200 -
216.245.221.92 - - [25/Mar/2024:02:38:08 -0500] "HEAD / HTTP/1.1" 200 -
201.245.192.253 - - [25/Mar/2024:02:38:40 -0500] "POST /kwsrmcab/Wsrmcab HTTP/1.1" 200 39735
201.245.192.253 - - [25/Mar/2024:02:38:42 -0500] "POST /kwsrmcab/Wsrmcab HTTP/1.1" 200 38092
47.128.32.137 - - [25/Mar/2024:02:38:49 -0500] "GET /BLA/resoluciones/AUTOS%202021/0245.php?act=security&d=E%3A%5Cnuevo%5Chtdocs%5Csig%5CGesti%F3n+Ambiental%5C HTTP/1.1" 200 2757
172.22.2.4 - - [25/Mar/2024:02:37:16 -0500] "GET /BLA/boletinlegal/ HTTP/1.1" 200 59083
47.128.32.12 - - [25/Mar/2024:02:39:14 -0500] "GET /BLA/resoluciones/AUTOS%202021/0245.php?act=f&d=E%3A%5Cnuevo%5Chtdocs%5CBLA%5Cresoluciones%5CAUTOS+2021&f=1585.pdf&ft=download HTTP/1.1" 200 634090
201.245.192.253 - - [25/Mar/2024:02:39:17 -0500] "POST /kwsrmcab/Wsrmcab HTTP/1.1" 200 40070
47.128.32.137 - - [25/Mar/2024:02:39:37 -0500] "GET /BLA/resoluciones/AUTOS%202021/0245.php?act=f&d=E%3A%5Cnuevo%5Chtdocs%5C&f=applications.html&ft=ini&white=1 HTTP/1.1" 200 2946
47.128.32.137 - - [25/Mar/2024:02:39:38 -0500] "GET /BLA/resoluciones/AUTOS%202021/0245.php?act=img&img=ext_rtf HTTP/1.1" 200 164
47.128.32.137 - - [25/Mar/2024:02:39:38 -0500] "GET /BLA/resoluciones/AUTOS%202021/0245.php?act=img&img=ext_diz HTTP/1.1" 200 1027
47.128.32.137 - - [25/Mar/2024:02:39:38 -0500] "GET /BLA/resoluciones/AUTOS%202021/0245.php?act=img&img=ext_exe HTTP/1.1" 200 118
47.128.32.137 - - [25/Mar/2024:02:39:38 -0500] "GET /BLA/resoluciones/AUTOS%202021/0245.php?act=img&img=ext_html HTTP/1.1" 200 230
47.128.32.137 - - [25/Mar/2024:02:39:38 -0500] "GET /BLA/resoluciones/AUTOS%202021/0245.php?act=img&img=ext_gif HTTP/1.1" 200 175
47.128.32.137 - - [25/Mar/2024:02:39:38 -0500] "GET /BLA/resoluciones/AUTOS%202021/0245.php?act=img&img=ext_ini HTTP/1.1" 200 134
47.128.32.137 - - [25/Mar/2024:02:39:38 -0500] "GET /BLA/resoluciones/AUTOS%202021/0245.php?act=img&img=download HTTP/1.1" 200 161
47.128.32.137 - - [25/Mar/2024:02:39:38 -0500] "GET /BLA/resoluciones/AUTOS%202021/0245.php?act=img&img=ext_txt HTTP/1.1" 200 132
47.128.32.137 - - [25/Mar/2024:02:39:38 -0500] "GET /BLA/resoluciones/AUTOS%202021/0245.php?act=img&img=change HTTP/1.1" 200 290
47.128.42.239 - - [25/Mar/2024:02:40:01 -0500] "GET /BLA/resoluciones/AUTOS%202021/0245.php?act=f&d=E%3A%5Cnuevo%5Chtdocs%5CBLA%5Cresoluciones%5CAUTOS+2021%5C&f=3694.pdf&ft=info&white=1 HTTP/1.1" 200 3843
47.128.42.239 - - [25/Mar/2024:02:40:02 -0500] "GET /BLA/resoluciones/AUTOS%202021/0245.php?act=img&img=ext_diz HTTP/1.1" 200 1027
47.128.42.239 - - [25/Mar/2024:02:40:02 -0500] "GET /BLA/resoluciones/AUTOS%202021/0245.php?act=img&img=ext_txt HTTP/1.1" 200 132
47.128.42.239 - - [25/Mar/2024:02:40:02 -0500] "GET /BLA/resoluciones/AUTOS%202021/0245.php?act=img&img=ext_html HTTP/1.1" 200 230
47.128.42.239 - - [25/Mar/2024:02:40:02 -0500] "GET /BLA/resoluciones/AUTOS%202021/0245.php?act=img&img=ext_gif HTTP/1.1" 200 175
47.128.42.239 - - [25/Mar/2024:02:40:02 -0500] "GET /BLA/resoluciones/AUTOS%202021/0245.php?act=img&img=ext_exe HTTP/1.1" 200 118
47.128.42.239 - - [25/Mar/2024:02:40:02 -0500] "GET /BLA/resoluciones/AUTOS%202021/0245.php?act=img&img=ext_pdf HTTP/1.1" 200 1034
47.128.42.239 - - [25/Mar/2024:02:40:02 -0500] "GET /BLA/resoluciones/AUTOS%202021/0245.php?act=img&img=ext_ini HTTP/1.1" 200 134
47.128.42.239 - - [25/Mar/2024:02:40:02 -0500] "GET /BLA/resoluciones/AUTOS%202021/0245.php?act=img&img=change HTTP/1.1" 200 290
47.128.42.239 - - [25/Mar/2024:02:40:02 -0500] "GET /BLA/resoluciones/AUTOS%202021/0245.php?act=img&img=ext_rtf HTTP/1.1" 200 164
47.128.42.239 - - [25/Mar/2024:02:40:02 -0500] "GET /BLA/resoluciones/AUTOS%202021/0245.php?act=img&img=download HTTP/1.1" 200 161
201.245.192.253 - - [25/Mar/2024:02:40:12 -0500] "POST /kwsrmcab/Wsrmcab HTTP/1.1" 200 38092
201.245.192.253 - - [25/Mar/2024:02:42:19 -0500] "POST /kwsrmcab/Wsrmcab  HTTP/1.1" 200 39660
201.245.192.253 - - [25/Mar/2024:02:41:11 -0500] "POST /kwsrmcab/Wsrmcab  HTTP/1.1" 200 24370
216.245.221.92 - - [25/Mar/2024:02:43:08 -0500] "HEAD / HTTP/1.1" 200 -
201.245.192.253 - - [25/Mar/2024:02:43:19 -0500] "POST /kwsrmcab/Wsrmcab  HTTP/1.1" 200 39660
172.22.2.4 - - [25/Mar/2024:02:42:15 -0500] "HEAD /BLA/boletinlegal/ HTTP/1.1" 200 -
172.22.2.4 - - [25/Mar/2024:02:43:06 -0500] "GET /BLA/boletinlegal/ HTTP/1.1" 200 58720
216.244.66.195 - - [25/Mar/2024:02:44:52 -0500] "GET /BLA/resoluciones/RESOLUCIONES%202017/02159.pdf HTTP/1.1" 200 270907
216.244.66.195 - - [25/Mar/2024:02:44:58 -0500] "GET /BLA/resoluciones/RESOLUCIONES%202023/01471.pdf HTTP/1.1" 200 1009580
216.244.66.195 - - [25/Mar/2024:02:45:04 -0500] "GET /BLA/resoluciones/RESOLUCIONES%202023/2768.pdf HTTP/1.1" 200 1189594
172.22.2.4 - - [25/Mar/2024:02:47:52 -0500] "GET /BLA/boletinlegal/robots.txt HTTP/1.1" 404 1038
216.245.221.92 - - [25/Mar/2024:02:48:08 -0500] "HEAD / HTTP/1.1" 200 -
201.245.192.253 - - [25/Mar/2024:02:48:18 -0500] "POST /kwsrmcab/Wsrmcab  HTTP/1.1" 200 39660
172.22.2.4 - - [25/Mar/2024:02:47:52 -0500] "GET /BLA/boletinlegal/ HTTP/1.1" 200 54300
172.22.2.4 - - [25/Mar/2024:02:48:05 -0500] "HEAD /BLA/boletinlegal/ HTTP/1.1" 200 -
172.22.2.4 - - [25/Mar/2024:02:48:56 -0500] "GET /BLA/boletinlegal/ HTTP/1.1" 200 57485
146.19.24.28 - - [25/Mar/2024:02:50:41 -0500] "GET / HTTP/1.1" 200 319
216.245.221.92 - - [25/Mar/2024:02:53:08 -0500] "HEAD / HTTP/1.1" 200 -
201.245.192.253 - - [25/Mar/2024:02:53:16 -0500] "POST /kwsrmcab/Wsrmcab  HTTP/1.1" 200 39660
216.244.66.195 - - [25/Mar/2024:02:53:53 -0500] "GET /robots.txt HTTP/1.1" 404 1018
167.172.120.214 - - [25/Mar/2024:02:55:12 -0500] "\x16\x03\x01" 400 226
167.172.120.214 - - [25/Mar/2024:02:55:13 -0500] "\x16\x03\x01" 400 226
167.172.120.214 - - [25/Mar/2024:02:55:13 -0500] "GET / HTTP/1.1" 200 319
167.172.120.214 - - [25/Mar/2024:02:55:13 -0500] "GET /form.html HTTP/1.1" 404 1018
167.172.120.214 - - [25/Mar/2024:02:55:14 -0500] "GET /upl.php HTTP/1.1" 404 1018
167.172.120.214 - - [25/Mar/2024:02:55:14 -0500] "\x16\x03\x01" 400 226
167.172.120.214 - - [25/Mar/2024:02:55:14 -0500] "GET /geoip/ HTTP/1.1" 404 1018
167.172.120.214 - - [25/Mar/2024:02:55:14 -0500] "GET /favicon.ico HTTP/1.1" 200 7782
167.172.120.214 - - [25/Mar/2024:02:55:15 -0500] "GET /1.php HTTP/1.1" 404 1018
167.172.120.214 - - [25/Mar/2024:02:55:15 -0500] "GET /bundle.js HTTP/1.1" 404 1018
167.172.120.214 - - [25/Mar/2024:02:55:15 -0500] "GET /files/ HTTP/1.1" 404 1018
167.172.120.214 - - [25/Mar/2024:02:55:15 -0500] "GET /systembc/password.php HTTP/1.1" 404 1018
167.172.120.214 - - [25/Mar/2024:02:55:16 -0500] "GET /password.php HTTP/1.1" 404 1018
167.172.120.214 - - [25/Mar/2024:02:55:16 -0500] "GET /info.php HTTP/1.1" 404 1018
47.128.25.100 - - [25/Mar/2024:02:55:35 -0500] "GET /BLA/resoluciones/AUTOS%202021/0245.php?act=ftpquickbrute&d=E%3A%5Cnuevo%5Chtdocs%5CBLA%5Cresoluciones%5CRESOLUCIONES+1999%5C HTTP/1.1" 200 2869
172.22.2.4 - - [25/Mar/2024:02:53:55 -0500] "HEAD /BLA/boletinlegal/ HTTP/1.1" 200 -
47.128.58.33 - - [25/Mar/2024:02:56:00 -0500] "GET /BLA/resoluciones/AUTOS%202021/0245.php?act=f&d=E%3A%5Cnuevo%5Chtdocs%5Cxampp&f=guestbook-it.pl HTTP/1.1" 200 4507
47.128.58.33 - - [25/Mar/2024:02:56:01 -0500] "GET /BLA/resoluciones/AUTOS%202021/0245.php?act=img&img=download HTTP/1.1" 200 161
47.128.58.33 - - [25/Mar/2024:02:56:01 -0500] "GET /BLA/resoluciones/AUTOS%202021/0245.php?act=img&img=ext_diz HTTP/1.1" 200 1027
47.128.58.33 - - [25/Mar/2024:02:56:01 -0500] "GET /BLA/resoluciones/AUTOS%202021/0245.php?act=img&img=ext_exe HTTP/1.1" 200 118
47.128.58.33 - - [25/Mar/2024:02:56:01 -0500] "GET /BLA/resoluciones/AUTOS%202021/0245.php?act=img&img=ext_txt HTTP/1.1" 200 132
47.128.58.33 - - [25/Mar/2024:02:56:01 -0500] "GET /BLA/resoluciones/AUTOS%202021/0245.php?act=img&img=ext_html HTTP/1.1" 200 230
47.128.58.33 - - [25/Mar/2024:02:56:01 -0500] "GET /BLA/resoluciones/AUTOS%202021/0245.php?act=img&img=ext_gif HTTP/1.1" 200 175
47.128.58.33 - - [25/Mar/2024:02:56:01 -0500] "GET /BLA/resoluciones/AUTOS%202021/0245.php?act=img&img=ext_rtf HTTP/1.1" 200 164
47.128.58.33 - - [25/Mar/2024:02:56:01 -0500] "GET /BLA/resoluciones/AUTOS%202021/0245.php?act=img&img=change HTTP/1.1" 200 290
47.128.58.33 - - [25/Mar/2024:02:56:01 -0500] "GET /BLA/resoluciones/AUTOS%202021/0245.php?act=img&img=ext_ini HTTP/1.1" 200 134
47.128.58.33 - - [25/Mar/2024:02:56:01 -0500] "GET /BLA/resoluciones/AUTOS%202021/0245.php?act=img&img=ext_pl HTTP/1.1" 200 99
47.128.118.184 - - [25/Mar/2024:02:56:23 -0500] "GET /BLA/resoluciones/AUTOS%202021/0245.php?act=f&d=E%3A%5Cnuevo%5Chtdocs%5Cboletinlegal&f=analyticstracking.php HTTP/1.1" 200 3310
47.128.118.184 - - [25/Mar/2024:02:56:24 -0500] "GET /BLA/resoluciones/AUTOS%202021/0245.php?act=img&img=ext_php HTTP/1.1" 200 79
47.128.118.184 - - [25/Mar/2024:02:56:24 -0500] "GET /BLA/resoluciones/AUTOS%202021/0245.php?act=img&img=ext_txt HTTP/1.1" 200 132
47.128.118.184 - - [25/Mar/2024:02:56:24 -0500] "GET /BLA/resoluciones/AUTOS%202021/0245.php?act=img&img=ext_exe HTTP/1.1" 200 118
47.128.118.184 - - [25/Mar/2024:02:56:24 -0500] "GET /BLA/resoluciones/AUTOS%202021/0245.php?act=img&img=ext_gif HTTP/1.1" 200 175
47.128.118.184 - - [25/Mar/2024:02:56:24 -0500] "GET /BLA/resoluciones/AUTOS%202021/0245.php?act=img&img=ext_html HTTP/1.1" 200 230
47.128.118.184 - - [25/Mar/2024:02:56:24 -0500] "GET /BLA/resoluciones/AUTOS%202021/0245.php?act=img&img=ext_diz HTTP/1.1" 200 1027
47.128.118.184 - - [25/Mar/2024:02:56:24 -0500] "GET /BLA/resoluciones/AUTOS%202021/0245.php?act=img&img=ext_rtf HTTP/1.1" 200 164
47.128.118.184 - - [25/Mar/2024:02:56:24 -0500] "GET /BLA/resoluciones/AUTOS%202021/0245.php?act=img&img=download HTTP/1.1" 200 161
47.128.118.184 - - [25/Mar/2024:02:56:24 -0500] "GET /BLA/resoluciones/AUTOS%202021/0245.php?act=img&img=ext_ini HTTP/1.1" 200 134
47.128.118.184 - - [25/Mar/2024:02:56:25 -0500] "GET /BLA/resoluciones/AUTOS%202021/0245.php?act=img&img=change HTTP/1.1" 200 290
172.22.2.4 - - [25/Mar/2024:02:54:46 -0500] "GET /BLA/boletinlegal/ HTTP/1.1" 200 59083
185.242.226.10 - - [25/Mar/2024:02:56:40 -0500] "GET /portaldeninos/ HTTP/1.1" 200 110175
47.128.43.118 - - [25/Mar/2024:02:56:48 -0500] "GET /BLA/resoluciones/AUTOS%202021/0245.php?act=eval&d=E%3A%5Cnuevo%5Chtdocs%5Ccalculadora%5C HTTP/1.1" 200 2726
47.128.62.208 - - [25/Mar/2024:02:57:11 -0500] "GET /BLA/resoluciones/AUTOS%202021/0245.php?act=chmod&d=E%3A%5Cnuevo%5Ccgi-bin&f=cgi.cgi HTTP/1.1" 200 2836
47.128.61.158 - - [25/Mar/2024:02:57:37 -0500] "GET /BLA/resoluciones/AUTOS%202021/0245.php?act=chmod&d=E%3A%5Cnuevo%5CphpMyAdmin2&f=LICENSE HTTP/1.1" 200 2845
52.167.144.185 - - [25/Mar/2024:02:57:51 -0500] "GET /BLA/resoluciones/AUTOS%202019/1738.pdf HTTP/1.1" 304 -
47.128.60.92 - - [25/Mar/2024:02:57:59 -0500] "GET /BLA/resoluciones/AUTOS%202021/0245.php?act=cmd&d=C%3A%5CExtranet%5C HTTP/1.1" 200 2689
216.245.221.92 - - [25/Mar/2024:02:58:08 -0500] "HEAD / HTTP/1.1" 200 -
201.245.192.253 - - [25/Mar/2024:02:58:15 -0500] "POST /kwsrmcab/Wsrmcab  HTTP/1.1" 200 39660
47.128.61.100 - - [25/Mar/2024:02:58:23 -0500] "GET /BLA/resoluciones/AUTOS%202021/0245.php?act=ftpquickbrute&d=E%3A%5Cnuevo%5Chtdocs%5CBLA%5Cresoluciones%5CRESOLUCIONES+2018%5C HTTP/1.1" 200 2871
172.22.2.4 - - [25/Mar/2024:02:59:45 -0500] "HEAD /BLA/boletinlegal/ HTTP/1.1" 200 -
172.22.2.4 - - [25/Mar/2024:03:00:36 -0500] "GET /BLA/boletinlegal/ HTTP/1.1" 200 58273
216.245.221.92 - - [25/Mar/2024:03:03:08 -0500] "HEAD / HTTP/1.1" 200 -
201.245.192.253 - - [25/Mar/2024:03:03:14 -0500] "POST /kwsrmcab/Wsrmcab  HTTP/1.1" 200 39660
51.222.253.6 - - [25/Mar/2024:03:04:14 -0500] "GET /robots.txt HTTP/1.1" 404 1018
172.22.2.4 - - [25/Mar/2024:03:06:48 -0500] "GET /BLA/boletinlegal/sitemap.xml.gz HTTP/1.1" 404 1038
172.22.2.4 - - [25/Mar/2024:03:05:35 -0500] "HEAD /BLA/boletinlegal/ HTTP/1.1" 200 -
172.22.2.4 - - [25/Mar/2024:03:06:26 -0500] "GET /BLA/boletinlegal/ HTTP/1.1" 200 58273
216.245.221.92 - - [25/Mar/2024:03:08:08 -0500] "HEAD / HTTP/1.1" 200 -
201.245.192.253 - - [25/Mar/2024:03:08:12 -0500] "POST /kwsrmcab/Wsrmcab  HTTP/1.1" 200 39660
172.22.2.4 - - [25/Mar/2024:03:11:25 -0500] "HEAD /BLA/boletinlegal/ HTTP/1.1" 200 -
216.245.221.92 - - [25/Mar/2024:03:13:08 -0500] "HEAD / HTTP/1.1" 200 -
201.245.192.253 - - [25/Mar/2024:03:13:11 -0500] "POST /kwsrmcab/Wsrmcab  HTTP/1.1" 200 39660
172.22.2.4 - - [25/Mar/2024:03:12:16 -0500] "GET /BLA/boletinlegal/ HTTP/1.1" 200 53419
52.167.144.185 - - [25/Mar/2024:03:17:02 -0500] "GET /BLA/resoluciones/AUTOS%202019/1389.pdf HTTP/1.1" 304 -
199.45.155.33 - - [25/Mar/2024:03:17:16 -0500] "GET / HTTP/1.1" 200 319
199.45.155.33 - - [25/Mar/2024:03:17:20 -0500] "GET / HTTP/1.1" 200 319
199.45.155.33 - - [25/Mar/2024:03:17:20 -0500] "PRI * HTTP/2.0" 400 946
199.45.155.33 - - [25/Mar/2024:03:17:21 -0500] "GET /favicon.ico HTTP/1.1" 200 7782
216.245.221.92 - - [25/Mar/2024:03:18:08 -0500] "HEAD / HTTP/1.1" 200 -
201.245.192.253 - - [25/Mar/2024:03:18:09 -0500] "POST /kwsrmcab/Wsrmcab  HTTP/1.1" 200 39660
172.22.2.4 - - [25/Mar/2024:03:17:15 -0500] "HEAD /BLA/boletinlegal/ HTTP/1.1" 200 -
201.245.192.253 - - [25/Mar/2024:03:18:41 -0500] "POST /kwsrmcab/Wsrmcab HTTP/1.1" 200 39704
201.245.192.253 - - [25/Mar/2024:03:19:16 -0500] "POST /kwsrmcab/Wsrmcab HTTP/1.1" 200 40064
201.245.192.253 - - [25/Mar/2024:03:19:17 -0500] "GET /kwsrmcab/Wsrmcab?wsdl HTTP/1.1" 200 6948
201.245.192.253 - - [25/Mar/2024:03:19:18 -0500] "POST /kwsrmcab/Wsrmcab HTTP/1.1" 200 38081
172.22.2.4 - - [25/Mar/2024:03:18:06 -0500] "GET /BLA/boletinlegal/ HTTP/1.1" 200 53419
201.245.192.253 - - [25/Mar/2024:03:20:07 -0500] "POST /kwsrmcab/Wsrmcab HTTP/1.1" 200 38081
216.245.221.92 - - [25/Mar/2024:03:23:08 -0500] "HEAD / HTTP/1.1" 200 -
201.245.192.253 - - [25/Mar/2024:03:23:09 -0500] "POST /kwsrmcab/Wsrmcab  HTTP/1.1" 200 39660
172.22.2.4 - - [25/Mar/2024:03:23:05 -0500] "HEAD /BLA/boletinlegal/ HTTP/1.1" 200 -
47.128.96.117 - - [25/Mar/2024:03:25:33 -0500] "GET /BLA/resoluciones/AUTOS%202021/0245.php?act=f&d=E%3A%5Cnuevo%5CMercuryMail&f=bcardc32.hlp&ft=edit HTTP/1.1" 200 3028
47.128.96.117 - - [25/Mar/2024:03:25:33 -0500] "GET /BLA/resoluciones/AUTOS%202021/0245.php?act=img&img=change HTTP/1.1" 200 290
47.128.96.117 - - [25/Mar/2024:03:25:33 -0500] "GET /BLA/resoluciones/AUTOS%202021/0245.php?act=img&img=ext_hlp HTTP/1.1" 200 1034
47.128.96.117 - - [25/Mar/2024:03:25:33 -0500] "GET /BLA/resoluciones/AUTOS%202021/0245.php?act=img&img=ext_html HTTP/1.1" 200 230
47.128.96.117 - - [25/Mar/2024:03:25:34 -0500] "GET /BLA/resoluciones/AUTOS%202021/0245.php?act=img&img=ext_exe HTTP/1.1" 200 118
47.128.96.117 - - [25/Mar/2024:03:25:33 -0500] "GET /BLA/resoluciones/AUTOS%202021/0245.php?act=img&img=ext_gif HTTP/1.1" 200 175
47.128.96.117 - - [25/Mar/2024:03:25:34 -0500] "GET /BLA/resoluciones/AUTOS%202021/0245.php?act=img&img=ext_txt HTTP/1.1" 200 132
47.128.96.117 - - [25/Mar/2024:03:25:34 -0500] "GET /BLA/resoluciones/AUTOS%202021/0245.php?act=img&img=ext_ini HTTP/1.1" 200 134
47.128.96.117 - - [25/Mar/2024:03:25:34 -0500] "GET /BLA/resoluciones/AUTOS%202021/0245.php?act=img&img=download HTTP/1.1" 200 161
47.128.96.117 - - [25/Mar/2024:03:25:34 -0500] "GET /BLA/resoluciones/AUTOS%202021/0245.php?act=img&img=ext_rtf HTTP/1.1" 200 164
47.128.96.117 - - [25/Mar/2024:03:25:34 -0500] "GET /BLA/resoluciones/AUTOS%202021/0245.php?act=img&img=ext_diz HTTP/1.1" 200 1027
172.22.2.4 - - [25/Mar/2024:03:23:56 -0500] "GET /BLA/boletinlegal/ HTTP/1.1" 200 58720
47.128.124.51 - - [25/Mar/2024:03:25:58 -0500] "GET /BLA/resoluciones/AUTOS%202021/0245.php?act=f&d=E%3A%5Cnuevo%5Chtdocs%5Ccumbreclima%5Cwp-admin%5C&f=ms-options.php&ft=phpsess HTTP/1.1" 200 3137
47.128.124.51 - - [25/Mar/2024:03:25:59 -0500] "GET /BLA/resoluciones/AUTOS%202021/0245.php?act=img&img=ext_html HTTP/1.1" 200 230
47.128.124.51 - - [25/Mar/2024:03:25:59 -0500] "GET /BLA/resoluciones/AUTOS%202021/0245.php?act=img&img=ext_diz HTTP/1.1" 200 1027
47.128.124.51 - - [25/Mar/2024:03:25:59 -0500] "GET /BLA/resoluciones/AUTOS%202021/0245.php?act=img&img=ext_exe HTTP/1.1" 200 118
47.128.124.51 - - [25/Mar/2024:03:25:59 -0500] "GET /BLA/resoluciones/AUTOS%202021/0245.php?act=img&img=ext_txt HTTP/1.1" 200 132
47.128.124.51 - - [25/Mar/2024:03:25:59 -0500] "GET /BLA/resoluciones/AUTOS%202021/0245.php?act=img&img=ext_php HTTP/1.1" 200 79
47.128.124.51 - - [25/Mar/2024:03:25:59 -0500] "GET /BLA/resoluciones/AUTOS%202021/0245.php?act=img&img=ext_gif HTTP/1.1" 200 175
47.128.124.51 - - [25/Mar/2024:03:26:00 -0500] "GET /BLA/resoluciones/AUTOS%202021/0245.php?act=img&img=ext_ini HTTP/1.1" 200 134
47.128.124.51 - - [25/Mar/2024:03:26:00 -0500] "GET /BLA/resoluciones/AUTOS%202021/0245.php?act=img&img=download HTTP/1.1" 200 161
47.128.124.51 - - [25/Mar/2024:03:26:00 -0500] "GET /BLA/resoluciones/AUTOS%202021/0245.php?act=img&img=change HTTP/1.1" 200 290
47.128.124.51 - - [25/Mar/2024:03:26:00 -0500] "GET /BLA/resoluciones/AUTOS%202021/0245.php?act=img&img=ext_rtf HTTP/1.1" 200 164
47.128.36.17 - - [25/Mar/2024:03:26:22 -0500] "GET /BLA/resoluciones/AUTOS%202021/0245.php?act=ls&d=C%3A%5Cdmz%5C&sort=0a HTTP/1.1" 200 5669
47.128.36.17 - - [25/Mar/2024:03:26:24 -0500] "GET /BLA/resoluciones/AUTOS%202021/0245.php?act=img&img=ext_bat HTTP/1.1" 200 131
47.128.36.17 - - [25/Mar/2024:03:26:24 -0500] "GET /BLA/resoluciones/AUTOS%202021/0245.php?act=img&img=ext_txt HTTP/1.1" 200 132
47.128.36.17 - - [25/Mar/2024:03:26:24 -0500] "GET /BLA/resoluciones/AUTOS%202021/0245.php?act=img&img=ext_ini HTTP/1.1" 200 134
47.128.36.17 - - [25/Mar/2024:03:26:24 -0500] "GET /BLA/resoluciones/AUTOS%202021/0245.php?act=img&img=ext_log HTTP/1.1" 200 163
47.128.36.17 - - [25/Mar/2024:03:26:24 -0500] "GET /BLA/resoluciones/AUTOS%202021/0245.php?act=img&img=ext_dat HTTP/1.1" 200 1034
47.128.36.17 - - [25/Mar/2024:03:26:24 -0500] "GET /BLA/resoluciones/AUTOS%202021/0245.php?act=img&img=ext_exe HTTP/1.1" 200 118
47.128.36.17 - - [25/Mar/2024:03:26:24 -0500] "GET /BLA/resoluciones/AUTOS%202021/0245.php?act=img&img=arrow_ltr HTTP/1.1" 200 88
40.77.167.26 - - [25/Mar/2024:03:26:30 -0500] "GET /Publicaciones/2023EE129999.pdf HTTP/1.1" 404 228
47.128.124.27 - - [25/Mar/2024:03:26:45 -0500] "GET /BLA/resoluciones/AUTOS%202021/0245.php?act=f&d=E%3A%5Cnuevo%5Chtdocs%5CBLA%5Cresoluciones%5CAUTOS+2021%5C&f=1211.pdf&ft=phpsess&white=1 HTTP/1.1" 200 3938
47.128.124.27 - - [25/Mar/2024:03:26:45 -0500] "GET /BLA/resoluciones/AUTOS%202021/0245.php?act=img&img=ext_diz HTTP/1.1" 200 1027
47.128.124.27 - - [25/Mar/2024:03:26:46 -0500] "GET /BLA/resoluciones/AUTOS%202021/0245.php?act=img&img=ext_html HTTP/1.1" 200 230
47.128.124.27 - - [25/Mar/2024:03:26:46 -0500] "GET /BLA/resoluciones/AUTOS%202021/0245.php?act=img&img=ext_txt HTTP/1.1" 200 132
47.128.124.27 - - [25/Mar/2024:03:26:46 -0500] "GET /BLA/resoluciones/AUTOS%202021/0245.php?act=img&img=ext_pdf HTTP/1.1" 200 1034
47.128.124.27 - - [25/Mar/2024:03:26:46 -0500] "GET /BLA/resoluciones/AUTOS%202021/0245.php?act=img&img=ext_gif HTTP/1.1" 200 175
47.128.124.27 - - [25/Mar/2024:03:26:46 -0500] "GET /BLA/resoluciones/AUTOS%202021/0245.php?act=img&img=ext_exe HTTP/1.1" 200 118
47.128.124.27 - - [25/Mar/2024:03:26:46 -0500] "GET /BLA/resoluciones/AUTOS%202021/0245.php?act=img&img=ext_rtf HTTP/1.1" 200 164
47.128.124.27 - - [25/Mar/2024:03:26:46 -0500] "GET /BLA/resoluciones/AUTOS%202021/0245.php?act=img&img=download HTTP/1.1" 200 161
47.128.124.27 - - [25/Mar/2024:03:26:46 -0500] "GET /BLA/resoluciones/AUTOS%202021/0245.php?act=img&img=ext_ini HTTP/1.1" 200 134
47.128.124.27 - - [25/Mar/2024:03:26:46 -0500] "GET /BLA/resoluciones/AUTOS%202021/0245.php?act=img&img=change HTTP/1.1" 200 290
201.245.192.253 - - [25/Mar/2024:03:28:06 -0500] "POST /kwsrmcab/Wsrmcab  HTTP/1.1" 200 39660
216.245.221.92 - - [25/Mar/2024:03:28:08 -0500] "HEAD / HTTP/1.1" 200 -
201.245.192.253 - - [25/Mar/2024:03:28:40 -0500] "POST /kwsrmcab/Wsrmcab HTTP/1.1" 200 39704
201.245.192.253 - - [25/Mar/2024:03:28:41 -0500] "POST /kwsrmcab/Wsrmcab HTTP/1.1" 200 38081
201.245.192.253 - - [25/Mar/2024:03:29:16 -0500] "POST /kwsrmcab/Wsrmcab HTTP/1.1" 200 40064
172.22.2.4 - - [25/Mar/2024:03:28:55 -0500] "HEAD /BLA/boletinlegal/ HTTP/1.1" 200 -
172.22.2.4 - - [25/Mar/2024:03:29:46 -0500] "GET /BLA/boletinlegal/ HTTP/1.1" 200 59083
201.245.192.253 - - [25/Mar/2024:03:30:07 -0500] "POST /kwsrmcab/Wsrmcab HTTP/1.1" 200 28386
201.245.192.253 - - [25/Mar/2024:03:33:04 -0500] "POST /kwsrmcab/Wsrmcab  HTTP/1.1" 200 39660
216.245.221.92 - - [25/Mar/2024:03:33:08 -0500] "HEAD / HTTP/1.1" 200 -
172.22.2.4 - - [25/Mar/2024:03:32:16 -0500] "OPTIONS /BLA/boletinlegal/ HTTP/1.1" 200 45003
172.22.2.4 - - [25/Mar/2024:03:33:54 -0500] "GET /BLA/boletinlegal/ HTTP/1.1" 200 53818
172.22.2.4 - - [25/Mar/2024:03:34:45 -0500] "HEAD /BLA/boletinlegal/ HTTP/1.1" 200 -
172.22.2.4 - - [25/Mar/2024:03:35:36 -0500] "GET /BLA/boletinlegal/ HTTP/1.1" 200 58273
201.245.192.253 - - [25/Mar/2024:03:38:03 -0500] "POST /kwsrmcab/Wsrmcab  HTTP/1.1" 200 39660
216.245.221.92 - - [25/Mar/2024:03:38:08 -0500] "HEAD / HTTP/1.1" 200 -
201.245.192.253 - - [25/Mar/2024:03:38:41 -0500] "POST /kwsrmcab/Wsrmcab HTTP/1.1" 200 39704
201.245.192.253 - - [25/Mar/2024:03:38:41 -0500] "POST /kwsrmcab/Wsrmcab HTTP/1.1" 200 38081
201.245.192.253 - - [25/Mar/2024:03:39:17 -0500] "POST /kwsrmcab/Wsrmcab HTTP/1.1" 200 40064
201.245.192.253 - - [25/Mar/2024:03:40:12 -0500] "POST /kwsrmcab/Wsrmcab HTTP/1.1" 200 38081
172.22.2.4 - - [25/Mar/2024:03:40:35 -0500] "HEAD /BLA/boletinlegal/ HTTP/1.1" 200 -
201.245.192.253 - - [25/Mar/2024:03:43:02 -0500] "POST /kwsrmcab/Wsrmcab  HTTP/1.1" 200 39660
172.22.2.4 - - [25/Mar/2024:03:41:26 -0500] "GET /BLA/boletinlegal/ HTTP/1.1" 200 55823
216.245.221.92 - - [25/Mar/2024:03:43:08 -0500] "HEAD / HTTP/1.1" 200 -
47.128.28.150 - - [25/Mar/2024:03:43:36 -0500] "GET /distrito-exalto-a-246-empresas-de-bogota-por-su-alto-desempeno-y-responsabilidad-ambiental-durante-2023.html HTTP/1.1" 200 1039
172.22.2.4 - - [25/Mar/2024:03:44:19 -0500] "GET /BLA/boletinlegal/actos.php HTTP/1.1" 200 9738
172.22.2.4 - - [25/Mar/2024:03:44:54 -0500] "GET /BLA/boletinlegal/js/jquery.scrollTo-min.js HTTP/1.1" 200 1150
172.22.2.4 - - [25/Mar/2024:03:44:55 -0500] "GET /BLA/boletinlegal/js/jquery.js HTTP/1.1" 200 57254
172.22.2.4 - - [25/Mar/2024:03:44:55 -0500] "GET /BLA/boletinlegal/js/jquery.scrollShow.js HTTP/1.1" 200 4586
172.22.2.4 - - [25/Mar/2024:03:44:53 -0500] "GET /BLA/boletinlegal/ HTTP/1.1" 200 40907
201.245.192.253 - - [25/Mar/2024:03:48:01 -0500] "POST /kwsrmcab/Wsrmcab  HTTP/1.1" 200 39660
172.22.2.4 - - [25/Mar/2024:03:46:25 -0500] "HEAD /BLA/boletinlegal/ HTTP/1.1" 200 -
216.245.221.92 - - [25/Mar/2024:03:48:08 -0500] "HEAD / HTTP/1.1" 200 -
172.22.2.4 - - [25/Mar/2024:03:48:46 -0500] "GET /BLA/boletinlegal/favicon.ico HTTP/1.1" 404 1043
172.22.2.4 - - [25/Mar/2024:03:47:16 -0500] "GET /BLA/boletinlegal/ HTTP/1.1" 200 52358
172.22.2.4 - - [25/Mar/2024:03:48:25 -0500] "GET /BLA/boletinlegal/ HTTP/1.1" 200 20427
157.55.39.15 - - [25/Mar/2024:03:49:31 -0500] "GET /alcaldia-de-bogota-y-fundacion-exito-entregaron-en-ciudad-bolivar-la-primera-terraza-verde-de-la-capital.html HTTP/1.1" 200 852
172.22.2.4 - - [25/Mar/2024:03:48:30 -0500] "GET /BLA/boletinlegal/ HTTP/1.1" 200 32715
172.22.2.4 - - [25/Mar/2024:03:48:31 -0500] "GET /BLA/boletinlegal/ HTTP/1.1" 200 53818
172.22.2.4 - - [25/Mar/2024:03:50:47 -0500] "GET /BLA/boletinlegal/dns-query?dns=AAABAAABAAAAAAAAA3d3dwdleGFtcGxlA2NvbQAAAQAB HTTP/1.1" 406 -
201.245.192.253 - - [25/Mar/2024:03:53:00 -0500] "POST /kwsrmcab/Wsrmcab  HTTP/1.1" 200 39660
216.245.221.92 - - [25/Mar/2024:03:53:08 -0500] "HEAD / HTTP/1.1" 200 -
172.22.2.4 - - [25/Mar/2024:03:52:15 -0500] "HEAD /BLA/boletinlegal/ HTTP/1.1" 200 -
172.22.2.4 - - [25/Mar/2024:03:53:06 -0500] "GET /BLA/boletinlegal/ HTTP/1.1" 200 58273
172.22.2.4 - - [25/Mar/2024:03:55:13 -0500] "GET /BLA/boletinlegal/sitemap.xml.gz HTTP/1.1" 404 1038
201.245.192.253 - - [25/Mar/2024:03:57:59 -0500] "POST /kwsrmcab/Wsrmcab  HTTP/1.1" 200 39660
216.245.221.92 - - [25/Mar/2024:03:58:08 -0500] "HEAD / HTTP/1.1" 200 -
52.167.144.21 - - [25/Mar/2024:03:59:03 -0500] "GET /Publicaciones/2024EE05972.pdf HTTP/1.1" 404 227
172.22.2.4 - - [25/Mar/2024:03:58:05 -0500] "HEAD /BLA/boletinlegal/ HTTP/1.1" 200 -
40.77.167.7 - - [25/Mar/2024:04:00:05 -0500] "GET /BLA/resoluciones/AUTOS%202022/2604.pdf HTTP/1.1" 304 -
172.22.2.4 - - [25/Mar/2024:03:58:56 -0500] "GET /BLA/boletinlegal/ HTTP/1.1" 200 58273
201.245.192.253 - - [25/Mar/2024:04:02:57 -0500] "POST /kwsrmcab/Wsrmcab  HTTP/1.1" 200 39660
216.245.221.92 - - [25/Mar/2024:04:03:08 -0500] "HEAD / HTTP/1.1" 200 -
172.22.2.4 - - [25/Mar/2024:04:03:55 -0500] "HEAD /BLA/boletinlegal/ HTTP/1.1" 200 -
45.165.12.21 - - [25/Mar/2024:04:05:50 -0500] "GET / HTTP/1.1" 200 319
172.22.2.4 - - [25/Mar/2024:04:04:46 -0500] "GET /BLA/boletinlegal/ HTTP/1.1" 200 59967
201.245.192.253 - - [25/Mar/2024:04:07:56 -0500] "POST /kwsrmcab/Wsrmcab  HTTP/1.1" 200 39660
216.245.221.92 - - [25/Mar/2024:04:08:08 -0500] "HEAD / HTTP/1.1" 200 -
172.22.2.4 - - [25/Mar/2024:04:09:45 -0500] "HEAD /BLA/boletinlegal/ HTTP/1.1" 200 -
172.22.2.4 - - [25/Mar/2024:04:10:36 -0500] "GET /BLA/boletinlegal/ HTTP/1.1" 200 60380
201.245.192.253 - - [25/Mar/2024:04:12:55 -0500] "POST /kwsrmcab/Wsrmcab  HTTP/1.1" 200 39660
216.245.221.92 - - [25/Mar/2024:04:13:08 -0500] "HEAD / HTTP/1.1" 200 -
172.22.2.4 - - [25/Mar/2024:04:15:35 -0500] "HEAD /BLA/boletinlegal/ HTTP/1.1" 200 -
201.245.192.253 - - [25/Mar/2024:04:17:53 -0500] "POST /kwsrmcab/Wsrmcab  HTTP/1.1" 200 39660
172.22.2.4 - - [25/Mar/2024:04:16:26 -0500] "GET /BLA/boletinlegal/ HTTP/1.1" 200 60380
216.245.221.92 - - [25/Mar/2024:04:18:08 -0500] "HEAD / HTTP/1.1" 200 -
201.245.192.253 - - [25/Mar/2024:04:18:40 -0500] "POST /kwsrmcab/Wsrmcab HTTP/1.1" 200 39729
201.245.192.253 - - [25/Mar/2024:04:19:16 -0500] "POST /kwsrmcab/Wsrmcab HTTP/1.1" 200 40074
201.245.192.253 - - [25/Mar/2024:04:19:19 -0500] "POST /kwsrmcab/Wsrmcab HTTP/1.1" 200 38079
201.245.192.253 - - [25/Mar/2024:04:20:14 -0500] "POST /kwsrmcab/Wsrmcab HTTP/1.1" 200 38079
47.128.19.254 - - [25/Mar/2024:04:21:56 -0500] "GET /BLA/resoluciones/AUTOS%202021/0245.php?act=f&d=E%3A%5Cnuevo%5Chtdocs%5CBLA%5Cresoluciones%5CAUTOS+2021&f=5268.pdf&ft=download HTTP/1.1" 200 383795
199.16.157.182 - - [25/Mar/2024:04:22:02 -0500] "GET /images/Chingaza%20(2)%20(1)%20(1).jpg HTTP/1.1" 404 1034
199.16.157.183 - - [25/Mar/2024:04:22:03 -0500] "GET /images/Chingaza%20(2)%20(1)%20(1).jpg HTTP/1.1" 404 1034
51.222.253.5 - - [25/Mar/2024:04:22:08 -0500] "GET /catalogoisis/ HTTP/1.1" 200 8575
47.128.19.221 - - [25/Mar/2024:04:22:20 -0500] "GET /BLA/resoluciones/AUTOS%202021/0245.php?act=f&d=E%3A%5Cnuevo%5Chtdocs%5CBLA%5Cresoluciones%5CAUTOS+2021&f=5272.pdf HTTP/1.1" 200 3032
47.128.19.221 - - [25/Mar/2024:04:22:20 -0500] "GET /BLA/resoluciones/AUTOS%202021/0245.php?act=img&img=ext_pdf HTTP/1.1" 200 1034
47.128.19.221 - - [25/Mar/2024:04:22:20 -0500] "GET /BLA/resoluciones/AUTOS%202021/0245.php?act=img&img=ext_txt HTTP/1.1" 200 132
47.128.19.221 - - [25/Mar/2024:04:22:21 -0500] "GET /BLA/resoluciones/AUTOS%202021/0245.php?act=img&img=ext_html HTTP/1.1" 200 230
47.128.19.221 - - [25/Mar/2024:04:22:21 -0500] "GET /BLA/resoluciones/AUTOS%202021/0245.php?act=img&img=ext_gif HTTP/1.1" 200 175
47.128.19.221 - - [25/Mar/2024:04:22:21 -0500] "GET /BLA/resoluciones/AUTOS%202021/0245.php?act=img&img=ext_diz HTTP/1.1" 200 1027
