172.22.2.4 - - [25/Mar/2024:21:35:26 -0500] "GET /BLA/boletinlegal/images/menu_lft.gif HTTP/1.1" 200 1713
172.22.2.4 - - [25/Mar/2024:21:35:26 -0500] "GET /BLA/boletinlegal/images/hover.jpg HTTP/1.1" 200 640
172.22.2.4 - - [25/Mar/2024:21:35:26 -0500] "GET /BLA/boletinlegal/images/footer_bg.jpg HTTP/1.1" 200 586
172.22.2.4 - - [25/Mar/2024:21:35:26 -0500] "GET /BLA/boletinlegal/images/text.jpg HTTP/1.1" 200 568
172.22.2.4 - - [25/Mar/2024:21:35:26 -0500] "GET /BLA/boletinlegal/images/footer_bg_l.jpg HTTP/1.1" 200 776
172.22.2.4 - - [25/Mar/2024:21:35:26 -0500] "GET /BLA/boletinlegal/images/menu_bg.jpg HTTP/1.1" 200 620
172.22.2.4 - - [25/Mar/2024:21:35:26 -0500] "GET /BLA/boletinlegal/img/select-right.png HTTP/1.1" 200 44019
172.22.2.4 - - [25/Mar/2024:21:35:26 -0500] "GET /BLA/boletinlegal/img/button.png HTTP/1.1" 200 43241
172.22.2.4 - - [25/Mar/2024:21:35:26 -0500] "GET /BLA/boletinlegal/img/select-left.png HTTP/1.1" 200 263
172.22.2.4 - - [25/Mar/2024:21:35:26 -0500] "GET /BLA/boletinlegal/img/0.png HTTP/1.1" 200 110
172.22.2.4 - - [25/Mar/2024:21:35:26 -0500] "GET /BLA/boletinlegal/img/button-left.png HTTP/1.1" 200 57071
172.22.2.4 - - [25/Mar/2024:21:35:26 -0500] "GET /BLA/boletinlegal/img/button-right.png HTTP/1.1" 200 57878
172.22.2.4 - - [25/Mar/2024:21:35:39 -0500] "GET /BLA/boletinlegal/consulta_actos.php?tipo=resoluciones&no=00913&usuario=&sector=&fecha=2020&resuelve= HTTP/1.1" 200 626
216.244.66.195 - - [25/Mar/2024:21:35:41 -0500] "GET /BLA/resoluciones/AUTOS%202010/5263.pdf HTTP/1.1" 200 324617
172.22.2.4 - - [25/Mar/2024:21:35:59 -0500] "GET /BLA/boletinlegal/consulta_actos.php?tipo=resoluciones&no=0913&usuario=&sector=&fecha=2020&resuelve= HTTP/1.1" 200 1102
172.22.2.4 - - [25/Mar/2024:21:35:59 -0500] "GET /BLA/boletinlegal/images/pdf.gif HTTP/1.1" 200 567
181.61.78.137 - - [25/Mar/2024:21:36:01 -0500] "GET /BLA/resoluciones/RESOLUCIONES%202020/0913.pdf HTTP/1.1" 200 645938
181.61.78.137 - - [25/Mar/2024:21:36:01 -0500] "GET /BLA/resoluciones/RESOLUCIONES%202020/0913.pdf HTTP/1.1" 200 645938
181.61.78.137 - - [25/Mar/2024:21:36:01 -0500] "GET /BLA/resoluciones/RESOLUCIONES%202020/0913.pdf HTTP/1.1" 206 1025
172.22.2.4 - - [25/Mar/2024:21:34:22 -0500] "HEAD /BLA/boletinlegal/ HTTP/1.1" 200 -
66.249.66.165 - - [25/Mar/2024:21:36:09 -0500] "GET /portaldeninos/wp-content/uploads/2016/02/home_toy_pic5.jpg HTTP/1.1" 200 58607
216.244.66.195 - - [25/Mar/2024:21:36:26 -0500] "GET /BLA/resoluciones/AUTOS%202010/5485.pdf HTTP/1.1" 200 138625
172.22.2.4 - - [25/Mar/2024:21:36:52 -0500] "GET /BLA/boletinlegal/Circulares/2019/.pdf HTTP/1.1" 404 1218
172.22.2.4 - - [25/Mar/2024:21:35:13 -0500] "GET /BLA/boletinlegal/ HTTP/1.1" 200 58720
216.244.66.195 - - [25/Mar/2024:21:36:57 -0500] "GET /BLA/resoluciones/AUTOS%202010/6358.pdf HTTP/1.1" 200 995187
179.33.113.236 - - [25/Mar/2024:21:36:59 -0500] "POST /sipse/faces/presentacion/financiero/solicitudProceso/consultarSolicitudProceso.xhtml HTTP/1.1" 200 85243
52.167.144.226 - - [25/Mar/2024:21:37:15 -0500] "GET /BLA/resoluciones/RESOLUCIONES%202022/4983.pdf HTTP/1.1" 200 498422
216.244.66.195 - - [25/Mar/2024:21:37:48 -0500] "GET /BLA/resoluciones/AUTOS%202010/6582.pdf HTTP/1.1" 200 152961
179.33.113.236 - - [25/Mar/2024:21:37:56 -0500] "POST /sipse/faces/presentacion/financiero/solicitudProceso/consultarSolicitudProceso.xhtml HTTP/1.1" 200 44599
179.33.113.236 - - [25/Mar/2024:21:37:57 -0500] "GET /sipse/faces/javax.faces.resource/jquery/jquery.js?ln=primefaces&v=4.0 HTTP/1.1" 304 -
179.33.113.236 - - [25/Mar/2024:21:37:57 -0500] "GET /sipse/faces/javax.faces.resource/jquery/jquery-plugins.js?ln=primefaces&v=4.0 HTTP/1.1" 304 -
179.33.113.236 - - [25/Mar/2024:21:37:57 -0500] "GET /sipse/faces/javax.faces.resource/primefaces.js?ln=primefaces&v=4.0 HTTP/1.1" 304 -
179.33.113.236 - - [25/Mar/2024:21:37:57 -0500] "GET /sipse/faces/javax.faces.resource/layout/layout.js?ln=primefaces&v=4.0 HTTP/1.1" 304 -
179.33.113.236 - - [25/Mar/2024:21:37:57 -0500] "POST /sipse/faces/presentacion/financiero/solicitudProceso/listarSolicitudProceso.xhtml HTTP/1.1" 200 37980
179.33.113.236 - - [25/Mar/2024:21:37:57 -0500] "POST /sipse/faces/presentacion/financiero/solicitudProceso/listarSolicitudProceso.xhtml HTTP/1.1" 200 37980
179.33.113.236 - - [25/Mar/2024:21:37:57 -0500] "POST /sipse/faces/presentacion/financiero/solicitudProceso/listarSolicitudProceso.xhtml HTTP/1.1" 200 37980
179.33.113.236 - - [25/Mar/2024:21:37:57 -0500] "POST /sipse/faces/presentacion/financiero/solicitudProceso/listarSolicitudProceso.xhtml HTTP/1.1" 200 37980
179.33.113.236 - - [25/Mar/2024:21:37:58 -0500] "POST /sipse/faces/presentacion/financiero/solicitudProceso/listarSolicitudProceso.xhtml HTTP/1.1" 200 1460
179.33.113.236 - - [25/Mar/2024:21:37:58 -0500] "POST /sipse/faces/presentacion/financiero/solicitudProceso/listarSolicitudProceso.xhtml HTTP/1.1" 200 1460
179.33.113.236 - - [25/Mar/2024:21:37:58 -0500] "POST /sipse/faces/presentacion/financiero/solicitudProceso/listarSolicitudProceso.xhtml HTTP/1.1" 200 1476
179.33.113.236 - - [25/Mar/2024:21:37:58 -0500] "POST /sipse/faces/presentacion/financiero/solicitudProceso/listarSolicitudProceso.xhtml HTTP/1.1" 200 1460
179.33.113.236 - - [25/Mar/2024:21:37:59 -0500] "POST /sipse/faces/presentacion/financiero/solicitudProceso/listarSolicitudProceso.xhtml HTTP/1.1" 200 1476
179.33.113.236 - - [25/Mar/2024:21:38:10 -0500] "POST /sipse/faces/presentacion/financiero/solicitudProceso/listarSolicitudProceso.xhtml HTTP/1.1" 200 124263
179.33.113.236 - - [25/Mar/2024:21:38:11 -0500] "GET /sipse/faces/javax.faces.resource/jquery/jquery.js?ln=primefaces&v=4.0 HTTP/1.1" 304 -
179.33.113.236 - - [25/Mar/2024:21:38:11 -0500] "GET /sipse/faces/javax.faces.resource/jquery/jquery-plugins.js?ln=primefaces&v=4.0 HTTP/1.1" 304 -
179.33.113.236 - - [25/Mar/2024:21:38:11 -0500] "GET /sipse/faces/javax.faces.resource/primefaces.js?ln=primefaces&v=4.0 HTTP/1.1" 304 -
179.33.113.236 - - [25/Mar/2024:21:38:11 -0500] "GET /sipse/faces/javax.faces.resource/layout/layout.js?ln=primefaces&v=4.0 HTTP/1.1" 304 -
216.244.66.195 - - [25/Mar/2024:21:38:23 -0500] "GET /BLA/resoluciones/AUTOS%202010/6636.pdf HTTP/1.1" 200 155753
216.244.66.195 - - [25/Mar/2024:21:39:02 -0500] "GET /BLA/resoluciones/AUTOS%202010/6885.pdf HTTP/1.1" 200 176813
201.245.192.253 - - [25/Mar/2024:21:39:33 -0500] "POST /kwsrmcab/Wsrmcab  HTTP/1.1" 200 39660
201.245.192.253 - - [25/Mar/2024:21:39:37 -0500] "POST /kwsrmcab/Wsrmcab HTTP/1.1" 200 40008
201.245.192.253 - - [25/Mar/2024:21:39:37 -0500] "POST /kwsrmcab/Wsrmcab HTTP/1.1" 200 38296
216.244.66.195 - - [25/Mar/2024:21:39:39 -0500] "GET /BLA/resoluciones/AUTOS%202010/6942.pdf HTTP/1.1" 200 317078
216.245.221.92 - - [25/Mar/2024:21:39:45 -0500] "HEAD / HTTP/1.1" 200 -
179.33.113.236 - - [25/Mar/2024:21:39:56 -0500] "POST /sipse/faces/presentacion/financiero/solicitudProceso/consultarSolicitudProceso.xhtml HTTP/1.1" 200 89713
179.33.113.236 - - [25/Mar/2024:21:40:06 -0500] "POST /sipse/faces/presentacion/financiero/solicitudProceso/consultarSolicitudProceso.xhtml HTTP/1.1" 200 5535
66.249.66.20 - - [25/Mar/2024:21:40:15 -0500] "GET /BLA/resoluciones/RESOLUCIONES%202010/6040.pdf HTTP/1.1" 200 42310
201.245.192.253 - - [25/Mar/2024:21:40:15 -0500] "POST /kwsrmcab/Wsrmcab HTTP/1.1" 200 38307
216.244.66.195 - - [25/Mar/2024:21:40:18 -0500] "GET /BLA/resoluciones/AUTOS%202011/3894.pdf HTTP/1.1" 200 193157
66.249.66.21 - - [25/Mar/2024:21:40:33 -0500] "GET /BLA/resoluciones/RESOLUCIONES%202008/1691.pdf HTTP/1.1" 200 226215
216.244.66.195 - - [25/Mar/2024:21:40:54 -0500] "GET /BLA/resoluciones/AUTOS%202019/0065.pdf HTTP/1.1" 200 267966
216.244.66.195 - - [25/Mar/2024:21:41:28 -0500] "GET /BLA/resoluciones/AUTOS%202019/0146.pdf HTTP/1.1" 200 249464
201.245.192.253 - - [25/Mar/2024:21:41:30 -0500] "POST /kwsrmcab/Wsrmcab HTTP/1.1" 200 38296
172.22.2.4 - - [25/Mar/2024:21:40:12 -0500] "HEAD /BLA/boletinlegal/ HTTP/1.1" 200 -
216.244.66.195 - - [25/Mar/2024:21:42:01 -0500] "GET /BLA/resoluciones/AUTOS%202019/0337.pdf HTTP/1.1" 200 262181
216.244.66.195 - - [25/Mar/2024:21:42:28 -0500] "GET /BLA/resoluciones/AUTOS%202019/1441.pdf HTTP/1.1" 200 258896
172.22.2.4 - - [25/Mar/2024:21:41:03 -0500] "GET /BLA/boletinlegal/ HTTP/1.1" 200 60380
216.244.66.195 - - [25/Mar/2024:21:42:56 -0500] "GET /BLA/resoluciones/AUTOS%202019/1560.pdf HTTP/1.1" 200 261601
216.244.66.195 - - [25/Mar/2024:21:43:21 -0500] "GET /BLA/resoluciones/AUTOS%202019/2159.pdf HTTP/1.1" 200 254767
216.244.66.195 - - [25/Mar/2024:21:43:48 -0500] "GET /BLA/resoluciones/AUTOS%202019/2453.pdf HTTP/1.1" 200 343845
216.244.66.195 - - [25/Mar/2024:21:44:12 -0500] "GET /BLA/resoluciones/AUTOS%202019/2918.pdf HTTP/1.1" 200 339188
201.245.192.253 - - [25/Mar/2024:21:44:33 -0500] "POST /kwsrmcab/Wsrmcab  HTTP/1.1" 200 39660
216.244.66.195 - - [25/Mar/2024:21:44:42 -0500] "GET /BLA/resoluciones/AUTOS%202019/3105.pdf HTTP/1.1" 200 254485
216.245.221.92 - - [25/Mar/2024:21:44:45 -0500] "HEAD / HTTP/1.1" 200 -
216.244.66.195 - - [25/Mar/2024:21:45:06 -0500] "GET /BLA/resoluciones/AUTOS%202019/3109.pdf HTTP/1.1" 200 255965
216.244.66.195 - - [25/Mar/2024:21:45:29 -0500] "GET /BLA/resoluciones/AUTOS%202019/4151.pdf HTTP/1.1" 200 282222
179.33.113.236 - - [25/Mar/2024:21:45:44 -0500] "POST /sipse/faces/presentacion/financiero/solicitudProceso/consultarSolicitudProceso.xhtml HTTP/1.1" 200 172904
179.33.113.236 - - [25/Mar/2024:21:45:45 -0500] "GET /sipse/faces/javax.faces.resource/primefaces.css?ln=primefaces&v=4.0 HTTP/1.1" 304 -
179.33.113.236 - - [25/Mar/2024:21:45:45 -0500] "GET /sipse/faces/javax.faces.resource/jquery/jquery.js?ln=primefaces&v=4.0 HTTP/1.1" 304 -
179.33.113.236 - - [25/Mar/2024:21:45:45 -0500] "GET /sipse/faces/javax.faces.resource/layout/layout.css?ln=primefaces&v=4.0 HTTP/1.1" 304 -
179.33.113.236 - - [25/Mar/2024:21:45:45 -0500] "GET /sipse/faces/javax.faces.resource/jquery/jquery-plugins.js?ln=primefaces&v=4.0 HTTP/1.1" 304 -
179.33.113.236 - - [25/Mar/2024:21:45:45 -0500] "GET /sipse/faces/javax.faces.resource/primefaces.js?ln=primefaces&v=4.0 HTTP/1.1" 304 -
179.33.113.236 - - [25/Mar/2024:21:45:45 -0500] "GET /sipse/faces/javax.faces.resource/layout/layout.js?ln=primefaces&v=4.0 HTTP/1.1" 304 -
179.33.113.236 - - [25/Mar/2024:21:45:45 -0500] "GET /sipse/faces/javax.faces.resource/theme.css?ln=primefaces-sipse HTTP/1.1" 200 50058
179.33.113.236 - - [25/Mar/2024:21:45:46 -0500] "GET /sipse/faces/javax.faces.resource/images/ui-icons_898989_256x240.png?ln=primefaces-aristo HTTP/1.1" 304 -
179.33.113.236 - - [25/Mar/2024:21:45:50 -0500] "GET /sipse/faces/javax.faces.resource/images/ui-bg_flat_0_2d5972_40x100.png?ln=primefaces-aristo HTTP/1.1" 304 -
179.33.113.236 - - [25/Mar/2024:21:45:50 -0500] "POST /sipse/faces/presentacion/financiero/solicitudProceso/consultarSolicitudProceso.xhtml HTTP/1.1" 200 5611
216.244.66.195 - - [25/Mar/2024:21:45:52 -0500] "GET /BLA/resoluciones/AUTOS%202019/4222.pdf HTTP/1.1" 200 237068
179.33.113.236 - - [25/Mar/2024:21:45:56 -0500] "POST /sipse/faces/presentacion/financiero/solicitudProceso/consultarSolicitudProceso.xhtml HTTP/1.1" 200 23928
179.33.113.236 - - [25/Mar/2024:21:45:57 -0500] "GET /sipse/faces/javax.faces.resource/jquery/jquery.js?ln=primefaces&v=4.0 HTTP/1.1" 304 -
179.33.113.236 - - [25/Mar/2024:21:45:57 -0500] "GET /sipse/faces/javax.faces.resource/jquery/jquery-plugins.js?ln=primefaces&v=4.0 HTTP/1.1" 304 -
179.33.113.236 - - [25/Mar/2024:21:45:57 -0500] "GET /sipse/faces/javax.faces.resource/primefaces.js?ln=primefaces&v=4.0 HTTP/1.1" 304 -
179.33.113.236 - - [25/Mar/2024:21:45:57 -0500] "GET /sipse/faces/javax.faces.resource/layout/layout.js?ln=primefaces&v=4.0 HTTP/1.1" 304 -
179.33.113.236 - - [25/Mar/2024:21:46:11 -0500] "POST /sipse/faces/presentacion/financiero/viabilidad/expedirViabilidad.xhtml HTTP/1.1" 200 125925
179.33.113.236 - - [25/Mar/2024:21:46:11 -0500] "GET /sipse/faces/javax.faces.resource/jquery/jquery.js?ln=primefaces&v=4.0 HTTP/1.1" 304 -
179.33.113.236 - - [25/Mar/2024:21:46:11 -0500] "GET /sipse/faces/javax.faces.resource/jquery/jquery-plugins.js?ln=primefaces&v=4.0 HTTP/1.1" 304 -
179.33.113.236 - - [25/Mar/2024:21:46:11 -0500] "GET /sipse/faces/javax.faces.resource/primefaces.js?ln=primefaces&v=4.0 HTTP/1.1" 304 -
179.33.113.236 - - [25/Mar/2024:21:46:11 -0500] "GET /sipse/faces/javax.faces.resource/layout/layout.js?ln=primefaces&v=4.0 HTTP/1.1" 304 -
216.244.66.195 - - [25/Mar/2024:21:46:16 -0500] "GET /BLA/resoluciones/AUTOS%202019/4453.pdf HTTP/1.1" 200 271552
216.244.66.195 - - [25/Mar/2024:21:46:35 -0500] "GET /BLA/resoluciones/RESOLUCIONES%202019/0215.pdf HTTP/1.1" 200 368541
179.33.113.236 - - [25/Mar/2024:21:46:43 -0500] "POST /sipse/faces/presentacion/financiero/solicitudProceso/consultarSolicitudProceso.xhtml HTTP/1.1" 200 42022
179.33.113.236 - - [25/Mar/2024:21:46:45 -0500] "GET /sipse/faces/javax.faces.resource/jquery/jquery.js?ln=primefaces&v=4.0 HTTP/1.1" 304 -
179.33.113.236 - - [25/Mar/2024:21:46:45 -0500] "GET /sipse/faces/javax.faces.resource/jquery/jquery-plugins.js?ln=primefaces&v=4.0 HTTP/1.1" 304 -
179.33.113.236 - - [25/Mar/2024:21:46:45 -0500] "GET /sipse/faces/javax.faces.resource/primefaces.js?ln=primefaces&v=4.0 HTTP/1.1" 304 -
179.33.113.236 - - [25/Mar/2024:21:46:45 -0500] "GET /sipse/faces/javax.faces.resource/layout/layout.js?ln=primefaces&v=4.0 HTTP/1.1" 304 -
179.33.113.236 - - [25/Mar/2024:21:46:45 -0500] "GET /sipse/faces/javax.faces.resource/messages/messages.png?ln=primefaces&v=4.0 HTTP/1.1" 304 -
179.33.113.236 - - [25/Mar/2024:21:46:45 -0500] "POST /sipse/faces/presentacion/financiero/solicitudProceso/listarSolicitudProceso.xhtml HTTP/1.1" 200 1440
179.33.113.236 - - [25/Mar/2024:21:47:03 -0500] "POST /sipse/faces/presentacion/financiero/solicitudProceso/listarSolicitudProceso.xhtml HTTP/1.1" 200 123731
179.33.113.236 - - [25/Mar/2024:21:47:04 -0500] "GET /sipse/faces/javax.faces.resource/jquery/jquery.js?ln=primefaces&v=4.0 HTTP/1.1" 304 -
179.33.113.236 - - [25/Mar/2024:21:47:04 -0500] "GET /sipse/faces/javax.faces.resource/jquery/jquery-plugins.js?ln=primefaces&v=4.0 HTTP/1.1" 304 -
179.33.113.236 - - [25/Mar/2024:21:47:04 -0500] "GET /sipse/faces/javax.faces.resource/primefaces.js?ln=primefaces&v=4.0 HTTP/1.1" 304 -
179.33.113.236 - - [25/Mar/2024:21:47:04 -0500] "GET /sipse/faces/javax.faces.resource/layout/layout.js?ln=primefaces&v=4.0 HTTP/1.1" 304 -
40.77.167.22 - - [25/Mar/2024:21:47:26 -0500] "GET /BLA/resoluciones/AUTOS%202021/6253.pdf HTTP/1.1" 304 -
172.22.2.4 - - [25/Mar/2024:21:46:03 -0500] "HEAD /BLA/boletinlegal/ HTTP/1.1" 200 -
172.22.2.4 - - [25/Mar/2024:21:46:53 -0500] "GET /BLA/boletinlegal/ HTTP/1.1" 200 58273
186.85.234.113 - - [25/Mar/2024:21:48:37 -0500] "POST /sipse/faces/presentacion/financiero/solicitudProceso/listarSolicitudProceso.xhtml HTTP/1.1" 200 911
186.85.234.113 - - [25/Mar/2024:21:48:40 -0500] "GET /sipse/faces/presentacion/financiero/solicitudAnulacion/faces/autenticacion HTTP/1.1" 302 -
186.85.234.113 - - [25/Mar/2024:21:48:41 -0500] "GET /sipse/faces/autenticacion.xhtml HTTP/1.1" 200 12409
186.85.234.113 - - [25/Mar/2024:21:48:41 -0500] "GET /sipse/faces/javax.faces.resource/jquery/jquery.js?ln=primefaces&v=4.0 HTTP/1.1" 304 -
186.85.234.113 - - [25/Mar/2024:21:48:41 -0500] "GET /sipse/css/custom_css_sg_prime_login.css HTTP/1.1" 304 -
186.85.234.113 - - [25/Mar/2024:21:48:41 -0500] "GET /sipse/faces/javax.faces.resource/primefaces.css?ln=primefaces&v=4.0 HTTP/1.1" 304 -
186.85.234.113 - - [25/Mar/2024:21:48:41 -0500] "GET /sipse/faces/javax.faces.resource/primefaces.js?ln=primefaces&v=4.0 HTTP/1.1" 304 -
186.85.234.113 - - [25/Mar/2024:21:48:41 -0500] "GET /sipse/faces/javax.faces.resource/jquery/jquery-plugins.js?ln=primefaces&v=4.0 HTTP/1.1" 304 -
186.85.234.113 - - [25/Mar/2024:21:48:41 -0500] "GET /sipse/faces/javax.faces.resource/theme.css?ln=primefaces-sipse HTTP/1.1" 304 -
186.85.234.113 - - [25/Mar/2024:21:48:41 -0500] "GET /sipse/faces/javax.faces.resource/layout/layout.css?ln=primefaces&v=4.0 HTTP/1.1" 304 -
186.85.234.113 - - [25/Mar/2024:21:48:41 -0500] "GET /sipse/faces/javax.faces.resource/layout/layout.js?ln=primefaces&v=4.0 HTTP/1.1" 304 -
186.85.234.113 - - [25/Mar/2024:21:48:42 -0500] "GET /sipse/css/imagen/loginimg.png HTTP/1.1" 304 -
186.85.234.113 - - [25/Mar/2024:21:48:42 -0500] "GET /sipse/faces/javax.faces.resource/images/ui-icons_898989_256x240.png?ln=primefaces-aristo HTTP/1.1" 304 -
186.85.234.113 - - [25/Mar/2024:21:48:52 -0500] "POST /sipse/faces/autenticacion.xhtml HTTP/1.1" 200 2220
186.85.234.113 - - [25/Mar/2024:21:48:52 -0500] "GET /sipse/faces/javax.faces.resource/messages/messages.png?ln=primefaces&v=4.0 HTTP/1.1" 304 -
186.85.234.113 - - [25/Mar/2024:21:49:00 -0500] "POST /sipse/faces/autenticacion.xhtml HTTP/1.1" 200 16327
186.85.234.113 - - [25/Mar/2024:21:49:00 -0500] "GET /sipse/faces/javax.faces.resource/theme.css?ln=primefaces-sipse HTTP/1.1" 304 -
186.85.234.113 - - [25/Mar/2024:21:49:00 -0500] "GET /sipse/faces/javax.faces.resource/primefaces.css?ln=primefaces&v=4.0 HTTP/1.1" 304 -
186.85.234.113 - - [25/Mar/2024:21:49:00 -0500] "GET /sipse/faces/javax.faces.resource/layout/layout.css?ln=primefaces&v=4.0 HTTP/1.1" 304 -
186.85.234.113 - - [25/Mar/2024:21:49:00 -0500] "GET /sipse/faces/javax.faces.resource/jquery/jquery.js?ln=primefaces&v=4.0 HTTP/1.1" 304 -
186.85.234.113 - - [25/Mar/2024:21:49:00 -0500] "GET /sipse/faces/javax.faces.resource/jquery/jquery-plugins.js?ln=primefaces&v=4.0 HTTP/1.1" 304 -
186.85.234.113 - - [25/Mar/2024:21:49:00 -0500] "GET /sipse/faces/javax.faces.resource/primefaces.js?ln=primefaces&v=4.0 HTTP/1.1" 304 -
186.85.234.113 - - [25/Mar/2024:21:49:00 -0500] "GET /sipse/faces/javax.faces.resource/layout/layout.js?ln=primefaces&v=4.0 HTTP/1.1" 304 -
186.85.234.113 - - [25/Mar/2024:21:49:00 -0500] "GET /sipse/css/v_mergente.css HTTP/1.1" 304 -
186.85.234.113 - - [25/Mar/2024:21:49:00 -0500] "GET /sipse/imagenes/logoAplicacion.jpg HTTP/1.1" 304 -
186.85.234.113 - - [25/Mar/2024:21:49:00 -0500] "GET /sipse/css/imagen/contrasena.png HTTP/1.1" 404 383
186.85.234.113 - - [25/Mar/2024:21:49:03 -0500] "GET /sipse/faces/javax.faces.resource/images/ui-bg_flat_0_2d5972_40x100.png?ln=primefaces-aristo HTTP/1.1" 304 -
186.85.234.113 - - [25/Mar/2024:21:49:03 -0500] "POST /sipse/faces/bienvenido.xhtml HTTP/1.1" 200 2658
186.85.234.113 - - [25/Mar/2024:21:49:04 -0500] "POST /sipse/faces/bienvenido.xhtml HTTP/1.1" 200 64647
186.85.234.113 - - [25/Mar/2024:21:49:06 -0500] "GET /sipse/faces/javax.faces.resource/theme.css?ln=primefaces-sipse HTTP/1.1" 304 -
186.85.234.113 - - [25/Mar/2024:21:49:06 -0500] "GET /sipse/faces/javax.faces.resource/layout/layout.css?ln=primefaces&v=4.0 HTTP/1.1" 304 -
186.85.234.113 - - [25/Mar/2024:21:49:06 -0500] "GET /sipse/faces/javax.faces.resource/primefaces.css?ln=primefaces&v=4.0 HTTP/1.1" 304 -
186.85.234.113 - - [25/Mar/2024:21:49:06 -0500] "GET /sipse/faces/javax.faces.resource/jquery/jquery.js?ln=primefaces&v=4.0 HTTP/1.1" 304 -
186.85.234.113 - - [25/Mar/2024:21:49:06 -0500] "GET /sipse/faces/javax.faces.resource/jquery/jquery-plugins.js?ln=primefaces&v=4.0 HTTP/1.1" 304 -
186.85.234.113 - - [25/Mar/2024:21:49:06 -0500] "GET /sipse/faces/javax.faces.resource/primefaces.js?ln=primefaces&v=4.0 HTTP/1.1" 304 -
186.85.234.113 - - [25/Mar/2024:21:49:06 -0500] "GET /sipse/faces/javax.faces.resource/layout/layout.js?ln=primefaces&v=4.0 HTTP/1.1" 304 -
66.249.66.21 - - [25/Mar/2024:21:49:06 -0500] "GET /BLA/resoluciones/Notificaciones/AUTOS%202024/00521.pdf HTTP/1.1" 304 -
186.85.234.113 - - [25/Mar/2024:21:49:06 -0500] "POST /sipse/faces/presentacion/financiero/solicitudProceso/listarSolicitudProceso.xhtml HTTP/1.1" 200 1560
186.85.234.113 - - [25/Mar/2024:21:49:10 -0500] "POST /sipse/faces/presentacion/financiero/solicitudProceso/listarSolicitudProceso.xhtml HTTP/1.1" 200 31694
191.111.47.8 - - [25/Mar/2024:21:49:13 -0500] "GET /sipse/faces/javax.faces.resource/images/ui-bg_flat_0_2d5972_40x100.png?ln=primefaces-aristo HTTP/1.1" 304 -
191.111.47.8 - - [25/Mar/2024:21:49:13 -0500] "POST /sipse/faces/presentacion/sistema/reporte/ventanaVerReporteParametros.xhtml HTTP/1.1" 200 40355
191.111.47.8 - - [25/Mar/2024:21:49:13 -0500] "GET /sipse/faces/javax.faces.resource/jquery/jquery.js?ln=primefaces&v=4.0 HTTP/1.1" 304 -
191.111.47.8 - - [25/Mar/2024:21:49:13 -0500] "GET /sipse/faces/javax.faces.resource/jquery/jquery-plugins.js?ln=primefaces&v=4.0 HTTP/1.1" 304 -
191.111.47.8 - - [25/Mar/2024:21:49:13 -0500] "GET /sipse/faces/javax.faces.resource/primefaces.js?ln=primefaces&v=4.0 HTTP/1.1" 304 -
191.111.47.8 - - [25/Mar/2024:21:49:13 -0500] "GET /sipse/faces/javax.faces.resource/layout/layout.js?ln=primefaces&v=4.0 HTTP/1.1" 304 -
191.111.47.8 - - [25/Mar/2024:21:49:13 -0500] "POST /sipse/faces/presentacion/financiero/solicitudProceso/listarSolicitudProceso.xhtml HTTP/1.1" 200 1400
191.111.47.8 - - [25/Mar/2024:21:49:15 -0500] "POST /sipse/faces/presentacion/financiero/solicitudProceso/listarSolicitudProceso.xhtml HTTP/1.1" 200 4829
191.111.47.8 - - [25/Mar/2024:21:49:17 -0500] "POST /sipse/faces/presentacion/financiero/solicitudProceso/listarSolicitudProceso.xhtml HTTP/1.1" 200 146290
191.111.47.8 - - [25/Mar/2024:21:49:18 -0500] "GET /sipse/faces/javax.faces.resource/jquery/jquery.js?ln=primefaces&v=4.0 HTTP/1.1" 304 -
191.111.47.8 - - [25/Mar/2024:21:49:18 -0500] "GET /sipse/faces/javax.faces.resource/jquery/jquery-plugins.js?ln=primefaces&v=4.0 HTTP/1.1" 304 -
191.111.47.8 - - [25/Mar/2024:21:49:18 -0500] "GET /sipse/faces/javax.faces.resource/primefaces.js?ln=primefaces&v=4.0 HTTP/1.1" 304 -
191.111.47.8 - - [25/Mar/2024:21:49:18 -0500] "GET /sipse/faces/javax.faces.resource/layout/layout.js?ln=primefaces&v=4.0 HTTP/1.1" 304 -
191.111.47.8 - - [25/Mar/2024:21:49:25 -0500] "POST /sipse/faces/presentacion/financiero/solicitudProceso/consultarSolicitudProceso.xhtml HTTP/1.1" 200 649704
191.111.47.8 - - [25/Mar/2024:21:49:27 -0500] "POST /sipse/faces/presentacion/financiero/solicitudProceso/consultarSolicitudProceso.xhtml HTTP/1.1" 200 76604
201.245.192.253 - - [25/Mar/2024:21:49:30 -0500] "POST /kwsrmcab/Wsrmcab  HTTP/1.1" 200 39660
191.111.47.8 - - [25/Mar/2024:21:49:31 -0500] "POST /sipse/faces/presentacion/financiero/solicitudProceso/consultarSolicitudProceso.xhtml HTTP/1.1" 200 5859045
191.111.47.8 - - [25/Mar/2024:21:49:34 -0500] "POST /sipse/faces/presentacion/financiero/solicitudProceso/consultarSolicitudProceso.xhtml HTTP/1.1" 200 2141676
191.111.47.8 - - [25/Mar/2024:21:49:38 -0500] "POST /sipse/faces/presentacion/financiero/solicitudProceso/consultarSolicitudProceso.xhtml HTTP/1.1" 200 138832
191.111.47.8 - - [25/Mar/2024:21:49:41 -0500] "POST /sipse/faces/presentacion/financiero/solicitudProceso/consultarSolicitudProceso.xhtml HTTP/1.1" 200 5574
216.245.221.92 - - [25/Mar/2024:21:49:45 -0500] "HEAD / HTTP/1.1" 200 -
191.111.47.8 - - [25/Mar/2024:21:49:54 -0500] "POST /sipse/faces/presentacion/financiero/solicitudProceso/consultarSolicitudProceso.xhtml HTTP/1.1" 200 5589
191.111.47.8 - - [25/Mar/2024:21:49:54 -0500] "GET /sipse/faces/javax.faces.resource/dynamiccontent.properties?ln=primefaces&pfdrid=XjOR5%2F%2FfPAZAuY9TpWQeCiM0BhlXxYRBGKi%2FQcXXfeA%3D&pfdrid_c=false HTTP/1.1" 200 120564
186.85.234.113 - - [25/Mar/2024:21:49:59 -0500] "POST /sipse/faces/presentacion/financiero/solicitudProceso/listarSolicitudProceso.xhtml HTTP/1.1" 200 31642
191.111.47.8 - - [25/Mar/2024:21:50:08 -0500] "POST /sipse/faces/presentacion/financiero/solicitudProceso/consultarSolicitudProceso.xhtml HTTP/1.1" 200 34187
191.111.47.8 - - [25/Mar/2024:21:50:08 -0500] "GET /sipse/faces/javax.faces.resource/jquery/jquery.js?ln=primefaces&v=4.0 HTTP/1.1" 304 -
191.111.47.8 - - [25/Mar/2024:21:50:08 -0500] "GET /sipse/faces/javax.faces.resource/jquery/jquery-plugins.js?ln=primefaces&v=4.0 HTTP/1.1" 304 -
191.111.47.8 - - [25/Mar/2024:21:50:08 -0500] "GET /sipse/faces/javax.faces.resource/primefaces.js?ln=primefaces&v=4.0 HTTP/1.1" 304 -
191.111.47.8 - - [25/Mar/2024:21:50:08 -0500] "GET /sipse/faces/javax.faces.resource/layout/layout.js?ln=primefaces&v=4.0 HTTP/1.1" 304 -
191.111.47.8 - - [25/Mar/2024:21:50:08 -0500] "POST /sipse/faces/presentacion/sistema/reporte/listarReportes.xhtml HTTP/1.1" 200 27619
191.111.47.8 - - [25/Mar/2024:21:50:09 -0500] "POST /sipse/faces/presentacion/sistema/reporte/listarReportes.xhtml HTTP/1.1" 200 27619
191.111.47.8 - - [25/Mar/2024:21:50:10 -0500] "POST /sipse/faces/presentacion/sistema/reporte/listarReportes.xhtml HTTP/1.1" 200 22815
191.111.47.8 - - [25/Mar/2024:21:50:10 -0500] "GET /sipse/faces/javax.faces.resource/theme.css?ln=primefaces-sipse HTTP/1.1" 304 -
191.111.47.8 - - [25/Mar/2024:21:50:10 -0500] "GET /sipse/faces/javax.faces.resource/layout/layout.css?ln=primefaces&v=4.0 HTTP/1.1" 304 -
191.111.47.8 - - [25/Mar/2024:21:50:10 -0500] "GET /sipse/faces/javax.faces.resource/primefaces.js?ln=primefaces&v=4.0 HTTP/1.1" 304 -
191.111.47.8 - - [25/Mar/2024:21:50:10 -0500] "GET /sipse/faces/javax.faces.resource/jquery/jquery-plugins.js?ln=primefaces&v=4.0 HTTP/1.1" 304 -
191.111.47.8 - - [25/Mar/2024:21:50:10 -0500] "GET /sipse/faces/javax.faces.resource/layout/layout.js?ln=primefaces&v=4.0 HTTP/1.1" 304 -
191.111.47.8 - - [25/Mar/2024:21:50:10 -0500] "GET /sipse/faces/javax.faces.resource/jquery/jquery.js?ln=primefaces&v=4.0 HTTP/1.1" 304 -
191.111.47.8 - - [25/Mar/2024:21:50:10 -0500] "GET /sipse/faces/javax.faces.resource/primefaces.css?ln=primefaces&v=4.0 HTTP/1.1" 304 -
191.111.47.8 - - [25/Mar/2024:21:50:10 -0500] "GET /sipse/faces/javax.faces.resource/images/ui-icons_898989_256x240.png?ln=primefaces-aristo HTTP/1.1" 200 5355
186.85.234.113 - - [25/Mar/2024:21:50:18 -0500] "POST /sipse/faces/presentacion/financiero/solicitudProceso/listarSolicitudProceso.xhtml HTTP/1.1" 200 32411
186.102.8.74 - - [25/Mar/2024:21:50:23 -0500] "GET /kwssiamovil/sm/acme/a?s=U2FsdGVkX1/7YfWQSTuQcFwnAOebSUwp5IXN5OgaCUZj1yzS0tmNJ1mUzubxNPa5yPGIBePDbe5Ql4pE7txVirMfrV/DKZW3u2b9SlRErUpfm4Moqokipx9jCE8IvZ3XS8dbbrUqvuzto8B3yYoZl/h9WdCP5BdXY7z0IjZ9jjAZBUp7yRwK4F52pTeNLspSFWs43at9ZX2SqlSMpjgtR2B9L57NrrLAhEUaTb0fSOTnxSiBWTM99XEDeixe5vz7+mpmLmCoBaIxBAk9MtZF1w==&u=U2FsdGVkX19FaLnz2itXwUCzzP2U67H2UNY3mChPnkE=&y=U2FsdGVkX1+LUw1UT1XlKvrZYXUJeoH0KWI8Cas2oEFn3jZ+TtqSEC4Z/sFPHNTk HTTP/1.1" 200 26
186.102.8.74 - - [25/Mar/2024:21:50:24 -0500] "GET /kwssiamovil/sm/acme/a?s=U2FsdGVkX18x4HCACBCnnV1GHHxkKBHyGtSiyH6cauIlaRTKRpHUKVTQO44PGowVpJyKe69yCxuGlm+75VZ4toItQnDnLxCa7jwgS+yW7sS7D8vahMzkMqf/Ej2VYUmsB3J6ce6ypSMyvDjaf+ziAyvwo3ThMgRwLFHMNMdz33sEN82qb5ZhxVPLyRPikToAgXUdd+uxdzojLEVp8Im3Pea1zTjCVk6CiVk/G1IU7bncMw32R306YUW0juUsQMr/eCp1DfLmSyaw7h5/61hgeMkJ3f4f+h7ThMRhhoPb7SMQUAaLh6v6/w8bC3ZIdKEKEgceZoWTVPRNhxCBotopoDA3oBSCNAqk41d7nT5RGpynwS4LK1YPSS/2pdttmg3Bg6AE0T2DUoJpaIvMj93XUGM45SHB0pXfmWgkjYbjS8eaUuTlJH+sn6C386ZpcMNrMt8yZqzLqzpEyF1fZFKwsE8b/iiUxHIfq5quUjkHsFvnPh9SZpFVU7wwmsnW01Fj7n5u92EMY/g6ixfzYWT8yzh4OoQemEDLG0S2huMONO5vjY0u+myVxGecqs79z24/Plq0D/JQtXJIB7gMPGZWXb9sL/dhQCNF2N7aQ7G66zUOEB+YzIJoomCLbhA6J9agcrfrqhEN5CbrjaIyADpBaHWcDUjbmGNuOswrdO0X0ZgbgChdzJpE9RoESjWDoHccPJLgYsREnq/9SQyW2HA50bsT8keR1bikxwR9cqxebm55162p6zZlKyETdI9oODXy9+SwEcCuW4v+uGxkh7pd+06A5hwJtYen8lQmeHpwN53fbUx+7JPzL+mm5TvBZYUIrxGCGR7deovttyy8KlqoCp+qT665fcMjF3HUwgG4zegAYmd6r2LBM6bPQr9HpRsc522OJX2XSR+o6hU8/7HWnNwftewOEeyH+G1CAIP+TPsRFpMgr0536xeLd8gGERcjrZZphQWAuKqaRnwIGSHgwpWqWwx6ThIgIrcY8jPFMiLC97u4A1o0Tpk5Am2xB6V97tB9QOsdDgAj68SVUBFgL8htN8utNt72YO9L54qqVup3b2I9FIrU3l04uafBA79y0WPGpB2rpjPn7MRnGRiwh427R9VvwCMehIG/cDLDkcZrMxfNDWpSL65J4rA8QvPZ5SGWBrP9a9LVhFkZ9eWoYAsYuSXyvf1b5bIfbL1CbfhFo66XcHjvlj0Vv/e/+BlNsvguNnI6Iv7DqbAKJoGZiVyJShAIwNI1VAtOC6wQu03KIMDHSEX8jKyZVjiuCRppLGBGUPgn6mDNbjzKtU55CJZhJh0qRDGAog/nlb781oT5TAGWVMEK7na1dwY6nZjHBkDNjYa0KBjHAitfjeYjucpe9BzKyp+EqYx74kot+SRTYO1MLQWLUbJHSwqxZ/l0f6TsM3+3qyMB9tPjHLbXdrdPRdT6EVWGtch8bglbV4TEhozIZgXt4nSA4lXWCgoTklNHuNLwMQtC3+aAGBZtL5opFaBurfvgdlbCzxqftD5AhrEjNm7+SmIybJVc9hPJiCiR73aLK+D3Y+sxBTFEd0ppAGgIQhjT4BMZg9+WHlzoaAr4PcNB/+CHZF+3uf0rkouwPutbT2oT5X7048ZNI4IWloqgk7m3SVPaZ0hNVebxkY9ZMwCvmkSydDcKt/jyNJLSolz2el5UchrE2pv3cO+M/Qf3Wd/ruD32zaMPfsMMGygY0RaNW1+5XY+XMZgyB98bKlEFzvO07MTHORsiHMpuPltT89SPF4tv1lwsq7UeDZY6P6bMHJJvJ9OOfCN3jaLoCcjHkrXe5yPXzsXI92Tg6o+111+JRWo4cpS3A/9Ozug9VSN5SjJFL1oRg+W5t3xWhKFd7yz5hepkqP3MjOy71J4RwSPPk8LffI34vrXOWP90Y9pwSUvJvfnMYsmg&u=U2FsdGVkX19FaLnz2itXwUCzzP2U67H2UNY3mChPnkE=&y=U2FsdGVkX1+LUw1UT1XlKvrZYXUJeoH0KWI8Cas2oEFn3jZ+TtqSEC4Z/sFPHNTk HTTP/1.1" 200 26
186.102.8.74 - - [25/Mar/2024:21:50:24 -0500] "GET /kwssiamovil/sm/acme/a?s=U2FsdGVkX1+ai7mczeOH0JdFGoIURMeP+LnILfWIVWpMhCJdpsU2x6Vx+A5bHkQBqr9TNq0w819o7hhirtixrATDwMjVWyPjBgls1FAUjFo9rfRhz+WOHJhTkHTcX3mgi7e5yhSbHhB9jezO+Sj9VDN8NLNRgvYjP/sUO28d4Ho=&u=U2FsdGVkX19FaLnz2itXwUCzzP2U67H2UNY3mChPnkE=&y=U2FsdGVkX1+LUw1UT1XlKvrZYXUJeoH0KWI8Cas2oEFn3jZ+TtqSEC4Z/sFPHNTk HTTP/1.1" 200 26
186.102.8.74 - - [25/Mar/2024:21:50:24 -0500] "GET /kwssiamovil/sm/acme/a?s=U2FsdGVkX19RuXzft43j7XmzioUmqzIm8tSZz/kAmlyGCDV/5Iz/r0He+QFHUO0M2Gq/JI3B1zdcd7XWo56EhY7rnIDZPRqXaM8hCKR5vW3rtV1C7PaTxyNrOVXd1lM7ihG//kS2eqxw/fMOQ+OiqUlBfrHoD02GBLu9IdZvciE=&u=U2FsdGVkX19FaLnz2itXwUCzzP2U67H2UNY3mChPnkE=&y=U2FsdGVkX1+LUw1UT1XlKvrZYXUJeoH0KWI8Cas2oEFn3jZ+TtqSEC4Z/sFPHNTk HTTP/1.1" 200 26
186.102.8.74 - - [25/Mar/2024:21:50:24 -0500] "GET /kwssiamovil/sm/acme/a?s=U2FsdGVkX19FZFBAKfgFMYRXWQW8UumDJJ0QK7j4fCjqQpalIWps4d00iAR4s8mbw2Aip4xthCMlogrYuZdxYi2iXggATVgG6ua9W0I1E+eY42yzfYDtUgEgOfA64I42yjJb38Ju+8OPGsL8qM2eVuGmqPMtbLxNjHDEZrtYqrw=&u=U2FsdGVkX19FaLnz2itXwUCzzP2U67H2UNY3mChPnkE=&y=U2FsdGVkX1+LUw1UT1XlKvrZYXUJeoH0KWI8Cas2oEFn3jZ+TtqSEC4Z/sFPHNTk HTTP/1.1" 200 26
186.102.8.74 - - [25/Mar/2024:21:50:25 -0500] "GET /kwssiamovil/sm/acme/a?s=U2FsdGVkX1+7rDY2/9L1uN7Ma0DC4SXewxx2GUK+u6hvC+Tvm+gHEHzBezuLactlC3N/rgjmZ+QrIDff9hkHRaE+PZdZg0WZ5DnMf0CYF7fQmoKOOp1NFKMjARgZDDSMQJM34+Enoov19sBPkhzRL/nv0AYYV4YMvN8pSsFphrRKWtAcTpJ/GjQIlptLu19Ns2U9aVqlr6oBRqFBpwpaYA==&u=U2FsdGVkX19FaLnz2itXwUCzzP2U67H2UNY3mChPnkE=&y=U2FsdGVkX1+LUw1UT1XlKvrZYXUJeoH0KWI8Cas2oEFn3jZ+TtqSEC4Z/sFPHNTk HTTP/1.1" 200 26
179.33.113.236 - - [25/Mar/2024:21:50:59 -0500] "POST /sipse/faces/presentacion/financiero/solicitudProceso/consultarSolicitudProceso.xhtml HTTP/1.1" 200 5515
186.85.234.113 - - [25/Mar/2024:21:51:06 -0500] "POST /sipse/faces/presentacion/financiero/solicitudProceso/listarSolicitudProceso.xhtml HTTP/1.1" 200 3453
186.85.234.113 - - [25/Mar/2024:21:51:07 -0500] "POST /sipse/faces/presentacion/financiero/solicitudProceso/listarSolicitudProceso.xhtml HTTP/1.1" 200 40724
186.85.234.113 - - [25/Mar/2024:21:51:08 -0500] "GET /sipse/faces/javax.faces.resource/theme.css?ln=primefaces-sipse HTTP/1.1" 304 -
186.85.234.113 - - [25/Mar/2024:21:51:08 -0500] "GET /sipse/faces/javax.faces.resource/jquery/jquery.js?ln=primefaces&v=4.0 HTTP/1.1" 304 -
186.85.234.113 - - [25/Mar/2024:21:51:08 -0500] "GET /sipse/faces/javax.faces.resource/layout/layout.css?ln=primefaces&v=4.0 HTTP/1.1" 304 -
186.85.234.113 - - [25/Mar/2024:21:51:08 -0500] "GET /sipse/faces/javax.faces.resource/primefaces.css?ln=primefaces&v=4.0 HTTP/1.1" 304 -
186.85.234.113 - - [25/Mar/2024:21:51:08 -0500] "GET /sipse/faces/javax.faces.resource/jquery/jquery-plugins.js?ln=primefaces&v=4.0 HTTP/1.1" 304 -
186.85.234.113 - - [25/Mar/2024:21:51:08 -0500] "GET /sipse/faces/javax.faces.resource/primefaces.js?ln=primefaces&v=4.0 HTTP/1.1" 304 -
186.85.234.113 - - [25/Mar/2024:21:51:08 -0500] "GET /sipse/faces/javax.faces.resource/layout/layout.js?ln=primefaces&v=4.0 HTTP/1.1" 304 -
186.85.234.113 - - [25/Mar/2024:21:51:08 -0500] "POST /sipse/faces/presentacion/financiero/solicitudProceso/consultar.xhtml HTTP/1.1" 200 34149
186.85.234.113 - - [25/Mar/2024:21:51:31 -0500] "POST /sipse/faces/presentacion/financiero/solicitudProceso/consultar.xhtml HTTP/1.1" 200 12741
186.85.234.113 - - [25/Mar/2024:21:51:35 -0500] "POST /sipse/faces/presentacion/financiero/solicitudProceso/consultar.xhtml HTTP/1.1" 200 163181
186.85.234.113 - - [25/Mar/2024:21:51:36 -0500] "GET /sipse/faces/javax.faces.resource/theme.css?ln=primefaces-sipse HTTP/1.1" 304 -
186.85.234.113 - - [25/Mar/2024:21:51:36 -0500] "GET /sipse/faces/javax.faces.resource/layout/layout.css?ln=primefaces&v=4.0 HTTP/1.1" 304 -
186.85.234.113 - - [25/Mar/2024:21:51:36 -0500] "GET /sipse/faces/javax.faces.resource/jquery/jquery.js?ln=primefaces&v=4.0 HTTP/1.1" 304 -
186.85.234.113 - - [25/Mar/2024:21:51:36 -0500] "GET /sipse/faces/javax.faces.resource/primefaces.css?ln=primefaces&v=4.0 HTTP/1.1" 304 -
186.85.234.113 - - [25/Mar/2024:21:51:36 -0500] "GET /sipse/faces/javax.faces.resource/jquery/jquery-plugins.js?ln=primefaces&v=4.0 HTTP/1.1" 304 -
186.85.234.113 - - [25/Mar/2024:21:51:36 -0500] "GET /sipse/faces/javax.faces.resource/primefaces.js?ln=primefaces&v=4.0 HTTP/1.1" 304 -
186.85.234.113 - - [25/Mar/2024:21:51:36 -0500] "GET /sipse/faces/javax.faces.resource/layout/layout.js?ln=primefaces&v=4.0 HTTP/1.1" 304 -
186.85.234.113 - - [25/Mar/2024:21:51:46 -0500] "POST /sipse/faces/presentacion/financiero/solicitudProceso/consultarSolicitudProceso.xhtml HTTP/1.1" 200 5522
172.22.2.4 - - [25/Mar/2024:21:51:53 -0500] "HEAD /BLA/boletinlegal/ HTTP/1.1" 200 -
172.22.2.4 - - [25/Mar/2024:21:53:41 -0500] "GET /BLA/boletinlegal/robots.txt HTTP/1.1" 404 1038
172.22.2.4 - - [25/Mar/2024:21:53:41 -0500] "GET /BLA/boletinlegal/images/launch.jpg HTTP/1.1" 304 -
172.22.2.4 - - [25/Mar/2024:21:54:06 -0500] "GET /BLA/boletinlegal/actos.php HTTP/1.1" 200 9738
181.61.246.110 - - [25/Mar/2024:21:54:23 -0500] "GET /BLA/resoluciones/ HTTP/1.1" 200 14105
181.61.246.110 - - [25/Mar/2024:21:54:23 -0500] "GET /favicon.ico HTTP/1.1" 200 7782
172.22.2.4 - - [25/Mar/2024:21:52:45 -0500] "GET /BLA/boletinlegal/ HTTP/1.1" 200 58720
201.245.192.253 - - [25/Mar/2024:21:54:28 -0500] "POST /kwsrmcab/Wsrmcab  HTTP/1.1" 200 39660
181.61.246.110 - - [25/Mar/2024:21:54:33 -0500] "GET /BLA/resoluciones/index.php?dir=RESOLUCIONES+2000%2F HTTP/1.1" 200 29016
216.245.221.92 - - [25/Mar/2024:21:54:45 -0500] "HEAD / HTTP/1.1" 200 -
179.33.113.236 - - [25/Mar/2024:21:54:48 -0500] "POST /sipse/faces/presentacion/financiero/solicitudProceso/consultarSolicitudProceso.xhtml HTTP/1.1" 200 87393
172.22.2.4 - - [25/Mar/2024:21:55:31 -0500] "GET /BLA/boletinlegal/images/green-yellow-blue-pink-th.png HTTP/1.1" 304 -
181.61.246.110 - - [25/Mar/2024:21:55:42 -0500] "GET /BLA/resoluciones/RESOLUCIONES%202000/2000%201300-1349.tif HTTP/1.1" 200 5095471
66.249.66.19 - - [25/Mar/2024:21:56:10 -0500] "GET /BLA/resoluciones/RESOLUCIONES%202010/6908.pdf HTTP/1.1" 200 248065
52.167.144.184 - - [25/Mar/2024:21:56:54 -0500] "GET /Publicaciones/2024EE47667.pdf HTTP/1.1" 404 227
216.244.66.195 - - [25/Mar/2024:21:57:57 -0500] "GET /robots.txt HTTP/1.1" 404 1018
186.84.91.78 - - [25/Mar/2024:21:58:21 -0500] "GET /appsia/controlador HTTP/1.1" 200 4799
186.84.91.78 - - [25/Mar/2024:21:58:21 -0500] "GET /appsia/css/estilos.css HTTP/1.1" 200 4804
186.84.91.78 - - [25/Mar/2024:21:58:21 -0500] "GET /appsia/scripts/validarIngreso.js HTTP/1.1" 200 851
186.84.91.78 - - [25/Mar/2024:21:58:21 -0500] "GET /appsia/images/logo_bogota_p.png HTTP/1.1" 200 14951
186.84.91.78 - - [25/Mar/2024:21:58:21 -0500] "GET /appsia/images/cabezoteHojaVida.png HTTP/1.1" 200 32493
179.33.113.236 - - [25/Mar/2024:21:58:28 -0500] "POST /sipse/faces/presentacion/financiero/solicitudProceso/consultarSolicitudProceso.xhtml HTTP/1.1" 200 20525
179.33.113.236 - - [25/Mar/2024:21:58:29 -0500] "GET /sipse/faces/javax.faces.resource/primefaces.css?ln=primefaces&v=4.0 HTTP/1.1" 304 -
179.33.113.236 - - [25/Mar/2024:21:58:29 -0500] "GET /sipse/faces/javax.faces.resource/layout/layout.css?ln=primefaces&v=4.0 HTTP/1.1" 304 -
179.33.113.236 - - [25/Mar/2024:21:58:29 -0500] "GET /sipse/faces/javax.faces.resource/jquery/jquery.js?ln=primefaces&v=4.0 HTTP/1.1" 304 -
179.33.113.236 - - [25/Mar/2024:21:58:29 -0500] "GET /sipse/faces/javax.faces.resource/jquery/jquery-plugins.js?ln=primefaces&v=4.0 HTTP/1.1" 304 -
179.33.113.236 - - [25/Mar/2024:21:58:29 -0500] "GET /sipse/faces/javax.faces.resource/primefaces.js?ln=primefaces&v=4.0 HTTP/1.1" 304 -
179.33.113.236 - - [25/Mar/2024:21:58:29 -0500] "GET /sipse/faces/javax.faces.resource/layout/layout.js?ln=primefaces&v=4.0 HTTP/1.1" 304 -
179.33.113.236 - - [25/Mar/2024:21:58:29 -0500] "GET /sipse/faces/javax.faces.resource/fileupload/fileupload.css?ln=primefaces&v=4.0 HTTP/1.1" 200 1330
179.33.113.236 - - [25/Mar/2024:21:58:28 -0500] "GET /sipse/faces/javax.faces.resource/theme.css?ln=primefaces-sipse HTTP/1.1" 200 50058
179.33.113.236 - - [25/Mar/2024:21:58:29 -0500] "GET /sipse/faces/javax.faces.resource/fileupload/fileupload.js?ln=primefaces&v=4.0 HTTP/1.1" 304 -
179.33.113.236 - - [25/Mar/2024:21:58:29 -0500] "GET /sipse/faces/javax.faces.resource/images/ui-icons_898989_256x240.png?ln=primefaces-aristo HTTP/1.1" 200 5355
179.33.113.236 - - [25/Mar/2024:21:58:35 -0500] "POST /sipse/faces/presentacion/sistema/anexos/cargarAnexoSolicitudProceso.xhtml HTTP/1.1" 200 171993
179.33.113.236 - - [25/Mar/2024:21:58:36 -0500] "GET /sipse/faces/javax.faces.resource/theme.css?ln=primefaces-sipse HTTP/1.1" 304 -
179.33.113.236 - - [25/Mar/2024:21:58:36 -0500] "GET /sipse/faces/javax.faces.resource/primefaces.css?ln=primefaces&v=4.0 HTTP/1.1" 304 -
179.33.113.236 - - [25/Mar/2024:21:58:36 -0500] "GET /sipse/faces/javax.faces.resource/layout/layout.css?ln=primefaces&v=4.0 HTTP/1.1" 304 -
179.33.113.236 - - [25/Mar/2024:21:58:36 -0500] "GET /sipse/faces/javax.faces.resource/jquery/jquery.js?ln=primefaces&v=4.0 HTTP/1.1" 304 -
179.33.113.236 - - [25/Mar/2024:21:58:36 -0500] "GET /sipse/faces/javax.faces.resource/jquery/jquery-plugins.js?ln=primefaces&v=4.0 HTTP/1.1" 304 -
179.33.113.236 - - [25/Mar/2024:21:58:36 -0500] "GET /sipse/faces/javax.faces.resource/primefaces.js?ln=primefaces&v=4.0 HTTP/1.1" 304 -
179.33.113.236 - - [25/Mar/2024:21:58:36 -0500] "GET /sipse/faces/javax.faces.resource/layout/layout.js?ln=primefaces&v=4.0 HTTP/1.1" 304 -
179.33.113.236 - - [25/Mar/2024:21:58:36 -0500] "GET /sipse/faces/javax.faces.resource/images/ui-icons_898989_256x240.png?ln=primefaces-aristo HTTP/1.1" 304 -
179.33.113.236 - - [25/Mar/2024:21:58:47 -0500] "POST /sipse/faces/presentacion/financiero/solicitudProceso/consultarSolicitudProceso.xhtml HTTP/1.1" 200 172802
179.33.113.236 - - [25/Mar/2024:21:58:48 -0500] "GET /sipse/faces/javax.faces.resource/primefaces.css?ln=primefaces&v=4.0 HTTP/1.1" 304 -
179.33.113.236 - - [25/Mar/2024:21:58:48 -0500] "GET /sipse/faces/javax.faces.resource/theme.css?ln=primefaces-sipse HTTP/1.1" 304 -
179.33.113.236 - - [25/Mar/2024:21:58:48 -0500] "GET /sipse/faces/javax.faces.resource/layout/layout.css?ln=primefaces&v=4.0 HTTP/1.1" 304 -
179.33.113.236 - - [25/Mar/2024:21:58:48 -0500] "GET /sipse/faces/javax.faces.resource/primefaces.js?ln=primefaces&v=4.0 HTTP/1.1" 304 -
179.33.113.236 - - [25/Mar/2024:21:58:48 -0500] "GET /sipse/faces/javax.faces.resource/jquery/jquery.js?ln=primefaces&v=4.0 HTTP/1.1" 304 -
179.33.113.236 - - [25/Mar/2024:21:58:48 -0500] "GET /sipse/faces/javax.faces.resource/jquery/jquery-plugins.js?ln=primefaces&v=4.0 HTTP/1.1" 304 -
179.33.113.236 - - [25/Mar/2024:21:58:48 -0500] "GET /sipse/faces/javax.faces.resource/layout/layout.js?ln=primefaces&v=4.0 HTTP/1.1" 304 -
179.33.113.236 - - [25/Mar/2024:21:58:48 -0500] "GET /sipse/faces/javax.faces.resource/images/ui-icons_898989_256x240.png?ln=primefaces-aristo HTTP/1.1" 304 -
186.84.91.78 - - [25/Mar/2024:21:59:03 -0500] "POST /appsia/controlador HTTP/1.1" 200 5437
179.33.113.236 - - [25/Mar/2024:21:59:07 -0500] "GET /sipse/faces/javax.faces.resource/images/ui-bg_flat_0_2d5972_40x100.png?ln=primefaces-aristo HTTP/1.1" 304 -
179.33.113.236 - - [25/Mar/2024:21:59:07 -0500] "POST /sipse/faces/presentacion/financiero/solicitudProceso/consultarSolicitudProceso.xhtml HTTP/1.1" 200 23928
179.33.113.236 - - [25/Mar/2024:21:59:07 -0500] "GET /sipse/faces/javax.faces.resource/jquery/jquery.js?ln=primefaces&v=4.0 HTTP/1.1" 304 -
179.33.113.236 - - [25/Mar/2024:21:59:08 -0500] "GET /sipse/faces/javax.faces.resource/jquery/jquery-plugins.js?ln=primefaces&v=4.0 HTTP/1.1" 304 -
179.33.113.236 - - [25/Mar/2024:21:59:08 -0500] "GET /sipse/faces/javax.faces.resource/primefaces.js?ln=primefaces&v=4.0 HTTP/1.1" 304 -
179.33.113.236 - - [25/Mar/2024:21:59:08 -0500] "GET /sipse/faces/javax.faces.resource/layout/layout.js?ln=primefaces&v=4.0 HTTP/1.1" 304 -
186.84.91.78 - - [25/Mar/2024:21:59:12 -0500] "POST /appsia/controlador HTTP/1.1" 200 7727
186.84.91.78 - - [25/Mar/2024:21:59:12 -0500] "GET /appsia/images/logo_escudo.png HTTP/1.1" 200 36965
179.33.113.236 - - [25/Mar/2024:21:59:18 -0500] "POST /sipse/faces/presentacion/financiero/viabilidad/expedirViabilidad.xhtml HTTP/1.1" 200 127775
179.33.113.236 - - [25/Mar/2024:21:59:19 -0500] "GET /sipse/faces/javax.faces.resource/jquery/jquery.js?ln=primefaces&v=4.0 HTTP/1.1" 304 -
179.33.113.236 - - [25/Mar/2024:21:59:19 -0500] "GET /sipse/faces/javax.faces.resource/jquery/jquery-plugins.js?ln=primefaces&v=4.0 HTTP/1.1" 304 -
179.33.113.236 - - [25/Mar/2024:21:59:19 -0500] "GET /sipse/faces/javax.faces.resource/primefaces.js?ln=primefaces&v=4.0 HTTP/1.1" 304 -
179.33.113.236 - - [25/Mar/2024:21:59:19 -0500] "GET /sipse/faces/javax.faces.resource/layout/layout.js?ln=primefaces&v=4.0 HTTP/1.1" 304 -
198.235.24.60 - - [25/Mar/2024:21:59:23 -0500] "GET / HTTP/1.0" 200 319
172.22.2.4 - - [25/Mar/2024:21:57:44 -0500] "HEAD /BLA/boletinlegal/ HTTP/1.1" 200 -
201.245.192.253 - - [25/Mar/2024:21:59:28 -0500] "POST /kwsrmcab/Wsrmcab  HTTP/1.1" 200 39660
40.77.167.50 - - [25/Mar/2024:21:59:31 -0500] "GET /incendios-forestales-como-prevenirlos-y-aportar-al-cuidado-de-los-ecosistemas.html HTTP/1.1" 200 883
45.238.182.130 - - [25/Mar/2024:21:59:32 -0500] "GET /sipse/faces/faces/ HTTP/1.1" 302 -
45.238.182.130 - - [25/Mar/2024:21:59:32 -0500] "GET /sipse/faces/autenticacion.xhtml HTTP/1.1" 200 12409
179.33.113.236 - - [25/Mar/2024:21:59:30 -0500] "POST /sipse/faces/presentacion/financiero/solicitudProceso/consultarSolicitudProceso.xhtml HTTP/1.1" 200 38853
179.33.113.236 - - [25/Mar/2024:21:59:32 -0500] "GET /sipse/faces/javax.faces.resource/jquery/jquery.js?ln=primefaces&v=4.0 HTTP/1.1" 304 -
179.33.113.236 - - [25/Mar/2024:21:59:32 -0500] "GET /sipse/faces/javax.faces.resource/jquery/jquery-plugins.js?ln=primefaces&v=4.0 HTTP/1.1" 304 -
45.238.182.130 - - [25/Mar/2024:21:59:32 -0500] "GET /sipse/js/disable_browser_buttons.js HTTP/1.1" 304 -
45.238.182.130 - - [25/Mar/2024:21:59:32 -0500] "GET /sipse/css/custom_css_sg.css HTTP/1.1" 304 -
45.238.182.130 - - [25/Mar/2024:21:59:32 -0500] "GET /sipse/css/custom_css_sg_prime_login.css HTTP/1.1" 304 -
45.238.182.130 - - [25/Mar/2024:21:59:32 -0500] "GET /sipse/faces/javax.faces.resource/layout/layout.css?ln=primefaces&v=4.0 HTTP/1.1" 304 -
45.238.182.130 - - [25/Mar/2024:21:59:32 -0500] "GET /sipse/faces/javax.faces.resource/theme.css?ln=primefaces-sipse HTTP/1.1" 304 -
45.238.182.130 - - [25/Mar/2024:21:59:32 -0500] "GET /sipse/js/funciones.js HTTP/1.1" 304 -
45.238.182.130 - - [25/Mar/2024:21:59:32 -0500] "GET /sipse/faces/javax.faces.resource/primefaces.css?ln=primefaces&v=4.0 HTTP/1.1" 304 -
45.238.182.130 - - [25/Mar/2024:21:59:32 -0500] "GET /sipse/faces/javax.faces.resource/jquery/jquery.js?ln=primefaces&v=4.0 HTTP/1.1" 304 -
45.238.182.130 - - [25/Mar/2024:21:59:32 -0500] "GET /sipse/faces/javax.faces.resource/jquery/jquery-plugins.js?ln=primefaces&v=4.0 HTTP/1.1" 304 -
45.238.182.130 - - [25/Mar/2024:21:59:32 -0500] "GET /sipse/faces/javax.faces.resource/primefaces.js?ln=primefaces&v=4.0 HTTP/1.1" 304 -
45.238.182.130 - - [25/Mar/2024:21:59:32 -0500] "GET /sipse/faces/javax.faces.resource/layout/layout.js?ln=primefaces&v=4.0 HTTP/1.1" 304 -
179.33.113.236 - - [25/Mar/2024:21:59:32 -0500] "GET /sipse/faces/javax.faces.resource/primefaces.js?ln=primefaces&v=4.0 HTTP/1.1" 304 -
45.238.182.130 - - [25/Mar/2024:21:59:32 -0500] "GET /sipse/css/imagen/logoSDG.png HTTP/1.1" 304 -
45.238.182.130 - - [25/Mar/2024:21:59:32 -0500] "GET /sipse/css/imagen/loginimg.png HTTP/1.1" 304 -
45.238.182.130 - - [25/Mar/2024:21:59:32 -0500] "GET /sipse/faces/javax.faces.resource/images/ui-icons_898989_256x240.png?ln=primefaces-aristo HTTP/1.1" 304 -
179.33.113.236 - - [25/Mar/2024:21:59:32 -0500] "GET /sipse/faces/javax.faces.resource/layout/layout.js?ln=primefaces&v=4.0 HTTP/1.1" 304 -
45.238.182.130 - - [25/Mar/2024:21:59:32 -0500] "GET /sipse/faces/index.xhtml HTTP/1.1" 200 677
179.33.113.236 - - [25/Mar/2024:21:59:32 -0500] "GET /sipse/faces/javax.faces.resource/messages/messages.png?ln=primefaces&v=4.0 HTTP/1.1" 304 -
45.238.182.130 - - [25/Mar/2024:21:59:33 -0500] "GET /sipse/faces/javax.faces.resource/theme.css?ln=primefaces-sipse HTTP/1.1" 304 -
179.33.113.236 - - [25/Mar/2024:21:59:33 -0500] "POST /sipse/faces/presentacion/financiero/solicitudProceso/listarSolicitudProceso.xhtml HTTP/1.1" 200 1420
45.238.182.130 - - [25/Mar/2024:21:59:33 -0500] "GET /sipse/faces/faces/autenticacion.xhtml HTTP/1.1" 200 12409
45.238.182.130 - - [25/Mar/2024:21:59:33 -0500] "GET /sipse/faces/javax.faces.resource/layout/layout.css?ln=primefaces&v=4.0 HTTP/1.1" 304 -
45.238.182.130 - - [25/Mar/2024:21:59:33 -0500] "GET /sipse/faces/javax.faces.resource/jquery/jquery.js?ln=primefaces&v=4.0 HTTP/1.1" 304 -
45.238.182.130 - - [25/Mar/2024:21:59:33 -0500] "GET /sipse/faces/javax.faces.resource/primefaces.css?ln=primefaces&v=4.0 HTTP/1.1" 304 -
45.238.182.130 - - [25/Mar/2024:21:59:33 -0500] "GET /sipse/faces/javax.faces.resource/jquery/jquery-plugins.js?ln=primefaces&v=4.0 HTTP/1.1" 304 -
45.238.182.130 - - [25/Mar/2024:21:59:33 -0500] "GET /sipse/faces/javax.faces.resource/theme.css?ln=primefaces-sipse HTTP/1.1" 304 -
45.238.182.130 - - [25/Mar/2024:21:59:33 -0500] "GET /sipse/faces/javax.faces.resource/primefaces.js?ln=primefaces&v=4.0 HTTP/1.1" 304 -
45.238.182.130 - - [25/Mar/2024:21:59:33 -0500] "GET /sipse/faces/javax.faces.resource/layout/layout.js?ln=primefaces&v=4.0 HTTP/1.1" 304 -
45.238.182.130 - - [25/Mar/2024:21:59:39 -0500] "POST /sipse/faces/autenticacion.xhtml HTTP/1.1" 200 2217
45.238.182.130 - - [25/Mar/2024:21:59:39 -0500] "GET /sipse/faces/javax.faces.resource/messages/messages.png?ln=primefaces&v=4.0 HTTP/1.1" 304 -
45.238.182.130 - - [25/Mar/2024:21:59:40 -0500] "GET /sipse/faces/javax.faces.resource/images/ui-icons_898989_256x240.png?ln=primefaces-aristo HTTP/1.1" 304 -
45.238.182.130 - - [25/Mar/2024:21:59:41 -0500] "POST /sipse/faces/autenticacion.xhtml HTTP/1.1" 200 16348
45.238.182.130 - - [25/Mar/2024:21:59:41 -0500] "GET /sipse/css/custom_css_sg_prime.css HTTP/1.1" 304 -
45.238.182.130 - - [25/Mar/2024:21:59:41 -0500] "GET /sipse/faces/javax.faces.resource/theme.css?ln=primefaces-sipse HTTP/1.1" 304 -
45.238.182.130 - - [25/Mar/2024:21:59:41 -0500] "GET /sipse/faces/javax.faces.resource/primefaces.css?ln=primefaces&v=4.0 HTTP/1.1" 304 -
45.238.182.130 - - [25/Mar/2024:21:59:41 -0500] "GET /sipse/faces/javax.faces.resource/layout/layout.css?ln=primefaces&v=4.0 HTTP/1.1" 304 -
45.238.182.130 - - [25/Mar/2024:21:59:41 -0500] "GET /sipse/js/jquery.min.js HTTP/1.1" 304 -
45.238.182.130 - - [25/Mar/2024:21:59:41 -0500] "GET /sipse/faces/javax.faces.resource/jquery/jquery.js?ln=primefaces&v=4.0 HTTP/1.1" 304 -
45.238.182.130 - - [25/Mar/2024:21:59:41 -0500] "GET /sipse/faces/javax.faces.resource/jquery/jquery-plugins.js?ln=primefaces&v=4.0 HTTP/1.1" 304 -
45.238.182.130 - - [25/Mar/2024:21:59:41 -0500] "GET /sipse/faces/javax.faces.resource/primefaces.js?ln=primefaces&v=4.0 HTTP/1.1" 304 -
45.238.182.130 - - [25/Mar/2024:21:59:41 -0500] "GET /sipse/faces/javax.faces.resource/layout/layout.js?ln=primefaces&v=4.0 HTTP/1.1" 304 -
45.238.182.130 - - [25/Mar/2024:21:59:41 -0500] "GET /sipse/css/v_mergente.css HTTP/1.1" 304 -
45.238.182.130 - - [25/Mar/2024:21:59:41 -0500] "GET /sipse/imagenes/cargando.gif HTTP/1.1" 304 -
45.238.182.130 - - [25/Mar/2024:21:59:41 -0500] "GET /sipse/imagenes/logoAplicacion.jpg HTTP/1.1" 304 -
45.238.182.130 - - [25/Mar/2024:21:59:41 -0500] "GET /sipse/css/imagen/contrasena.png HTTP/1.1" 404 383
179.33.113.236 - - [25/Mar/2024:21:59:43 -0500] "POST /sipse/faces/presentacion/financiero/solicitudProceso/listarSolicitudProceso.xhtml HTTP/1.1" 200 123437
179.33.113.236 - - [25/Mar/2024:21:59:44 -0500] "GET /sipse/faces/javax.faces.resource/jquery/jquery.js?ln=primefaces&v=4.0 HTTP/1.1" 304 -
179.33.113.236 - - [25/Mar/2024:21:59:44 -0500] "GET /sipse/faces/javax.faces.resource/jquery/jquery-plugins.js?ln=primefaces&v=4.0 HTTP/1.1" 304 -
179.33.113.236 - - [25/Mar/2024:21:59:44 -0500] "GET /sipse/faces/javax.faces.resource/primefaces.js?ln=primefaces&v=4.0 HTTP/1.1" 304 -
179.33.113.236 - - [25/Mar/2024:21:59:44 -0500] "GET /sipse/faces/javax.faces.resource/layout/layout.js?ln=primefaces&v=4.0 HTTP/1.1" 304 -
216.245.221.92 - - [25/Mar/2024:21:59:45 -0500] "HEAD / HTTP/1.1" 200 -
45.238.182.130 - - [25/Mar/2024:21:59:51 -0500] "GET /sipse/faces/javax.faces.resource/images/ui-bg_flat_0_2d5972_40x100.png?ln=primefaces-aristo HTTP/1.1" 304 -
45.238.182.130 - - [25/Mar/2024:21:59:51 -0500] "POST /sipse/faces/bienvenido.xhtml HTTP/1.1" 200 2060
45.238.182.130 - - [25/Mar/2024:21:59:52 -0500] "POST /sipse/faces/bienvenido.xhtml HTTP/1.1" 200 35548
45.238.182.130 - - [25/Mar/2024:21:59:52 -0500] "GET /sipse/faces/javax.faces.resource/layout/layout.css?ln=primefaces&v=4.0 HTTP/1.1" 304 -
45.238.182.130 - - [25/Mar/2024:21:59:52 -0500] "GET /sipse/faces/javax.faces.resource/theme.css?ln=primefaces-sipse HTTP/1.1" 304 -
45.238.182.130 - - [25/Mar/2024:21:59:52 -0500] "GET /sipse/faces/javax.faces.resource/primefaces.css?ln=primefaces&v=4.0 HTTP/1.1" 304 -
45.238.182.130 - - [25/Mar/2024:21:59:52 -0500] "GET /sipse/faces/javax.faces.resource/jquery/jquery.js?ln=primefaces&v=4.0 HTTP/1.1" 304 -
45.238.182.130 - - [25/Mar/2024:21:59:52 -0500] "GET /sipse/faces/javax.faces.resource/jquery/jquery-plugins.js?ln=primefaces&v=4.0 HTTP/1.1" 304 -
45.238.182.130 - - [25/Mar/2024:21:59:52 -0500] "GET /sipse/faces/javax.faces.resource/primefaces.js?ln=primefaces&v=4.0 HTTP/1.1" 304 -
