190.70.192.175 - - [26/Mar/2024:08:45:43 -0500] "GET /sipse/faces/javax.faces.resource/primefaces.js?ln=primefaces&v=4.0 HTTP/1.1" 304 -
190.70.192.175 - - [26/Mar/2024:08:45:43 -0500] "GET /sipse/faces/javax.faces.resource/layout/layout.js?ln=primefaces&v=4.0 HTTP/1.1" 304 -
190.70.192.175 - - [26/Mar/2024:08:45:42 -0500] "POST /sipse/faces/presentacion/sistema/anexos/cargarAnexoSolicitudProceso.xhtml HTTP/1.1" 200 203483
191.97.8.110 - - [26/Mar/2024:08:45:43 -0500] "POST /sipse/faces/presentacion/financiero/solicitudProceso/consultarSolicitudProceso.xhtml HTTP/1.1" 200 25074
191.156.62.59 - - [26/Mar/2024:08:45:32 -0500] "POST /sipse/faces/presentacion/financiero/contrato/consultarContratosSolicitudProceso.xhtml HTTP/1.1" 200 79165
191.97.8.110 - - [26/Mar/2024:08:45:44 -0500] "GET /sipse/faces/javax.faces.resource/theme.css?ln=primefaces-sipse HTTP/1.1" 304 -
191.97.8.110 - - [26/Mar/2024:08:45:44 -0500] "GET /sipse/faces/javax.faces.resource/layout/layout.css?ln=primefaces&v=4.0 HTTP/1.1" 304 -
191.97.8.110 - - [26/Mar/2024:08:45:44 -0500] "GET /sipse/faces/javax.faces.resource/primefaces.css?ln=primefaces&v=4.0 HTTP/1.1" 304 -
191.97.8.110 - - [26/Mar/2024:08:45:44 -0500] "GET /sipse/faces/javax.faces.resource/jquery/jquery.js?ln=primefaces&v=4.0 HTTP/1.1" 304 -
191.97.8.110 - - [26/Mar/2024:08:45:44 -0500] "GET /sipse/faces/javax.faces.resource/jquery/jquery-plugins.js?ln=primefaces&v=4.0 HTTP/1.1" 304 -
191.97.8.110 - - [26/Mar/2024:08:45:44 -0500] "GET /sipse/css/imagen/contrasena.png HTTP/1.1" 404 383
191.97.8.110 - - [26/Mar/2024:08:45:44 -0500] "GET /sipse/faces/javax.faces.resource/primefaces.js?ln=primefaces&v=4.0 HTTP/1.1" 304 -
191.97.8.110 - - [26/Mar/2024:08:45:44 -0500] "GET /sipse/faces/javax.faces.resource/layout/layout.js?ln=primefaces&v=4.0 HTTP/1.1" 304 -
172.22.2.4 - - [26/Mar/2024:08:45:46 -0500] "GET /BLA/boletinlegal/normativa.php HTTP/1.1" 200 8397
172.22.2.4 - - [26/Mar/2024:08:45:46 -0500] "GET /BLA/boletinlegal/favicon.ico HTTP/1.1" 404 1334
190.70.192.175 - - [26/Mar/2024:08:45:48 -0500] "POST /sipse/faces/presentacion/financiero/solicitudProceso/consultarSolicitudProceso.xhtml HTTP/1.1" 200 21130
190.70.192.175 - - [26/Mar/2024:08:45:48 -0500] "GET /sipse/faces/javax.faces.resource/theme.css?ln=primefaces-sipse HTTP/1.1" 304 -
190.70.192.175 - - [26/Mar/2024:08:45:48 -0500] "GET /sipse/faces/javax.faces.resource/primefaces.css?ln=primefaces&v=4.0 HTTP/1.1" 304 -
190.70.192.175 - - [26/Mar/2024:08:45:48 -0500] "GET /sipse/faces/javax.faces.resource/jquery/jquery-plugins.js?ln=primefaces&v=4.0 HTTP/1.1" 304 -
190.70.192.175 - - [26/Mar/2024:08:45:48 -0500] "GET /sipse/faces/javax.faces.resource/layout/layout.css?ln=primefaces&v=4.0 HTTP/1.1" 304 -
190.70.192.175 - - [26/Mar/2024:08:45:48 -0500] "GET /sipse/faces/javax.faces.resource/jquery/jquery.js?ln=primefaces&v=4.0 HTTP/1.1" 304 -
190.70.192.175 - - [26/Mar/2024:08:45:48 -0500] "GET /sipse/faces/javax.faces.resource/fileupload/fileupload.css?ln=primefaces&v=4.0 HTTP/1.1" 304 -
190.70.192.175 - - [26/Mar/2024:08:45:48 -0500] "GET /sipse/faces/javax.faces.resource/primefaces.js?ln=primefaces&v=4.0 HTTP/1.1" 304 -
190.70.192.175 - - [26/Mar/2024:08:45:48 -0500] "GET /sipse/faces/javax.faces.resource/layout/layout.js?ln=primefaces&v=4.0 HTTP/1.1" 304 -
190.70.192.175 - - [26/Mar/2024:08:45:48 -0500] "GET /sipse/faces/javax.faces.resource/fileupload/fileupload.js?ln=primefaces&v=4.0 HTTP/1.1" 304 -
186.102.71.247 - - [26/Mar/2024:08:45:52 -0500] "GET /kwssiamovil/sm/acme/s?s=U2FsdGVkX18jRFHH5466lRypJPlxPlOZboczyQC3OiE5g2FzuWO5pGis0iNv9YT1Um/NC/LokuYWXYVEujA6A602e7BedcHtYuc3PwpdLhZnUIi+7FQ9toUOEbLF4JttAoxbc4cHxAdrx7q5zhXaPahKNaIW+lvpHC71K2iIW4MdCJYyAikg7ohIcj0lXF+zHrOXrKjC5MlhXT54jlDXSCZcYNNN/2ufp1UphS7NtmcjNMdO8fPuZdvJtwozaCXSH/W0zdnTnCJxxuxFdHedJ3vowqCSDKiiJ+YVO4NkThKPuJWId2BI5MmcOIM9GtCXVw926R1vesSB5NcMStXVs2xUzdFHjH5hL+xGLWN0Nb+mcHwMMqllnkvq+AxK8xNC&u=U2FsdGVkX19C/94krFKUx+2RHa2XPZq1FheXMNwOuc8=&y=U2FsdGVkX1+hyYqsN/wKJs14XnWcR8LnY3jzFCsTz9HGCUE93PcThBScIABMFq9w HTTP/1.1" 200 91
186.102.71.247 - - [26/Mar/2024:08:45:52 -0500] "GET /kwssiamovil/sm/acme/s?s=U2FsdGVkX190J3T/rBoXOhu2gWllPH1DG2S2hOz/wVGiRptC05K/ikWlBRUjKaGKrpcf0sqGIZJ43DcPaHho/AOyNgoQNjj/LrCUf9hwANlNfepHVB4VDBwVE+08BpB2JeABcYFSA9rsu2PCa0YwUl0aZLLW8fwTHXmXZxSEKBQdBusUwmXRAE7+FuA+lmxUvZzOBnuwiU1x0M0cRMdfStCk6kyxf5h0uDfFP560T7qULnr91NQwHRrX0jKhW4zUPSeEsSGRgZZs+pHYAZK9xquAHtbFY/n+CBF8CN676qihwfcrTP2AMsQYzYaZe2vrToynZaSa9w8+HX7u7QFQO3sjy9bM0+enPA7vUEhxgfvsDdBetsU5zfj3WGyn1CMpQqbM797a7eF7bqhYLXnxHY89n2PhNhcU4HoGI6DwEvpeSznbjGyt9hZ3t8WOs4N5sReH5vAlDCxhNyvnzXSZAg==&u=U2FsdGVkX19C/94krFKUx+2RHa2XPZq1FheXMNwOuc8=&y=U2FsdGVkX1+hyYqsN/wKJs14XnWcR8LnY3jzFCsTz9HGCUE93PcThBScIABMFq9w HTTP/1.1" 200 91
186.102.71.247 - - [26/Mar/2024:08:45:52 -0500] "OPTIONS /kwssiamovil/sm/setfile/f? HTTP/1.1" 200 13
172.22.2.4 - - [26/Mar/2024:08:45:53 -0500] "GET /BLA/boletinlegal/actos.php HTTP/1.1" 200 9738
172.22.2.4 - - [26/Mar/2024:08:45:53 -0500] "GET /BLA/boletinlegal/favicon.ico HTTP/1.1" 404 1326
190.70.192.175 - - [26/Mar/2024:08:45:53 -0500] "GET /sipse/faces/javax.faces.resource/theme.css?ln=primefaces-sipse HTTP/1.1" 304 -
190.70.192.175 - - [26/Mar/2024:08:45:53 -0500] "GET /sipse/faces/javax.faces.resource/jquery/jquery-plugins.js?ln=primefaces&v=4.0 HTTP/1.1" 304 -
190.70.192.175 - - [26/Mar/2024:08:45:53 -0500] "GET /sipse/faces/javax.faces.resource/layout/layout.css?ln=primefaces&v=4.0 HTTP/1.1" 304 -
190.70.192.175 - - [26/Mar/2024:08:45:53 -0500] "GET /sipse/faces/javax.faces.resource/jquery/jquery.js?ln=primefaces&v=4.0 HTTP/1.1" 304 -
190.70.192.175 - - [26/Mar/2024:08:45:53 -0500] "GET /sipse/faces/javax.faces.resource/primefaces.css?ln=primefaces&v=4.0 HTTP/1.1" 304 -
190.70.192.175 - - [26/Mar/2024:08:45:53 -0500] "GET /sipse/faces/javax.faces.resource/layout/layout.js?ln=primefaces&v=4.0 HTTP/1.1" 304 -
190.70.192.175 - - [26/Mar/2024:08:45:53 -0500] "GET /sipse/faces/javax.faces.resource/primefaces.js?ln=primefaces&v=4.0 HTTP/1.1" 304 -
190.70.192.175 - - [26/Mar/2024:08:45:52 -0500] "POST /sipse/faces/presentacion/sistema/anexos/cargarAnexoSolicitudProceso.xhtml HTTP/1.1" 200 205286
191.156.62.59 - - [26/Mar/2024:08:45:44 -0500] "POST /sipse/faces/presentacion/financiero/contrato/consultarContratosSolicitudProceso.xhtml HTTP/1.1" 200 79185
161.18.127.42 - - [26/Mar/2024:08:45:56 -0500] "GET /BLA/resoluciones/ HTTP/1.1" 200 14105
172.22.2.4 - - [26/Mar/2024:08:45:56 -0500] "GET /BLA/boletinlegal/consulta_normativa.php?tipo=Decreto&sector=Aire&ano=2022&resuelve=gas HTTP/1.1" 200 454
172.22.2.4 - - [26/Mar/2024:08:45:56 -0500] "GET /BLA/boletinlegal/consulta_normativa.php?tipo=Decreto&sector=Aire&ano=2022&resuelve=gas HTTP/1.1" 200 454
186.102.71.247 - - [26/Mar/2024:08:45:52 -0500] "POST /kwssiamovil/sm/setfile/f? HTTP/1.1" 200 381
161.18.127.42 - - [26/Mar/2024:08:45:58 -0500] "GET /BLA/resoluciones/index.php?dir=AUTOS+2023%2F HTTP/1.1" 200 516827
172.22.2.4 - - [26/Mar/2024:08:45:59 -0500] "GET /BLA/boletinlegal/consulta_normativa.php?tipo=Decreto&sector=Aire&ano=2022&resuelve=gas HTTP/1.1" 200 454
186.102.71.247 - - [26/Mar/2024:08:45:59 -0500] "OPTIONS /kwssiamovil/sm/setfile/f? HTTP/1.1" 200 13
172.22.2.4 - - [26/Mar/2024:08:45:59 -0500] "GET /BLA/boletinlegal/consulta_normativa.php?tipo=Decreto&sector=Aire&ano=2022&resuelve=gas HTTP/1.1" 200 454
186.102.71.247 - - [26/Mar/2024:08:45:59 -0500] "POST /kwssiamovil/sm/setfile/f? HTTP/1.1" 200 381
201.245.192.253 - - [26/Mar/2024:08:46:00 -0500] "POST /sipse/faces/presentacion/financiero/solicitudProceso/listarSolicitudProceso.xhtml HTTP/1.1" 200 146532
201.245.192.253 - - [26/Mar/2024:08:46:03 -0500] "GET /sipse/faces/javax.faces.resource/theme.css?ln=primefaces-sipse HTTP/1.1" 304 -
201.245.192.253 - - [26/Mar/2024:08:46:03 -0500] "GET /sipse/faces/javax.faces.resource/primefaces.css?ln=primefaces&v=4.0 HTTP/1.1" 304 -
201.245.192.253 - - [26/Mar/2024:08:46:03 -0500] "GET /sipse/faces/javax.faces.resource/layout/layout.css?ln=primefaces&v=4.0 HTTP/1.1" 304 -
201.245.192.253 - - [26/Mar/2024:08:46:03 -0500] "GET /sipse/faces/javax.faces.resource/jquery/jquery.js?ln=primefaces&v=4.0 HTTP/1.1" 304 -
201.245.192.253 - - [26/Mar/2024:08:46:03 -0500] "GET /sipse/faces/javax.faces.resource/jquery/jquery-plugins.js?ln=primefaces&v=4.0 HTTP/1.1" 304 -
186.102.71.247 - - [26/Mar/2024:08:46:03 -0500] "OPTIONS /kwssiamovil/sm/setfile/f? HTTP/1.1" 200 13
201.245.192.253 - - [26/Mar/2024:08:46:03 -0500] "GET /sipse/faces/javax.faces.resource/primefaces.js?ln=primefaces&v=4.0 HTTP/1.1" 304 -
201.245.192.253 - - [26/Mar/2024:08:46:03 -0500] "GET /sipse/faces/javax.faces.resource/layout/layout.js?ln=primefaces&v=4.0 HTTP/1.1" 304 -
201.245.192.253 - - [26/Mar/2024:08:46:04 -0500] "GET /sipse/faces/javax.faces.resource/images/ui-icons_898989_256x240.png?ln=primefaces-aristo HTTP/1.1" 304 -
201.245.192.253 - - [26/Mar/2024:08:46:04 -0500] "POST /sipse/faces/presentacion/financiero/solicitudAnulacion/solicitudAnulacion.xhtml HTTP/1.1" 200 52587
201.245.192.253 - - [26/Mar/2024:08:46:06 -0500] "GET /sipse/faces/javax.faces.resource/primefaces.css?ln=primefaces&v=4.0 HTTP/1.1" 304 -
201.245.192.253 - - [26/Mar/2024:08:46:06 -0500] "GET /sipse/faces/javax.faces.resource/layout/layout.css?ln=primefaces&v=4.0 HTTP/1.1" 304 -
201.245.192.253 - - [26/Mar/2024:08:46:06 -0500] "GET /sipse/faces/javax.faces.resource/theme.css?ln=primefaces-sipse HTTP/1.1" 304 -
201.245.192.253 - - [26/Mar/2024:08:46:06 -0500] "GET /sipse/faces/javax.faces.resource/fileupload/fileupload.css?ln=primefaces&v=4.0 HTTP/1.1" 200 1330
201.245.192.253 - - [26/Mar/2024:08:46:06 -0500] "GET /sipse/faces/javax.faces.resource/jquery/jquery.js?ln=primefaces&v=4.0 HTTP/1.1" 304 -
201.245.192.253 - - [26/Mar/2024:08:46:06 -0500] "GET /sipse/faces/javax.faces.resource/jquery/jquery-plugins.js?ln=primefaces&v=4.0 HTTP/1.1" 304 -
201.245.192.253 - - [26/Mar/2024:08:46:06 -0500] "GET /sipse/faces/javax.faces.resource/primefaces.js?ln=primefaces&v=4.0 HTTP/1.1" 304 -
201.245.192.253 - - [26/Mar/2024:08:46:06 -0500] "GET /sipse/faces/javax.faces.resource/layout/layout.js?ln=primefaces&v=4.0 HTTP/1.1" 304 -
201.245.192.253 - - [26/Mar/2024:08:46:06 -0500] "GET /sipse/faces/javax.faces.resource/fileupload/fileupload.js?ln=primefaces&v=4.0 HTTP/1.1" 200 28091
201.245.192.253 - - [26/Mar/2024:08:46:05 -0500] "POST /sipse/faces/presentacion/financiero/solicitudProceso/consultarSolicitudProceso.xhtml HTTP/1.1" 200 5537
201.245.192.253 - - [26/Mar/2024:08:46:06 -0500] "GET /sipse/faces/javax.faces.resource/dynamiccontent.properties?ln=primefaces&pfdrid=XjOR5%2F%2FfPAZAuY9TpWQeCiM0BhlXxYRBGKi%2FQcXXfeA%3D&pfdrid_c=false HTTP/1.1" 200 110119
191.97.8.110 - - [26/Mar/2024:08:46:05 -0500] "POST /sipse/faces/presentacion/financiero/noHay/crearNoHay.xhtml HTTP/1.1" 200 136409
191.97.8.110 - - [26/Mar/2024:08:46:07 -0500] "GET /sipse/faces/javax.faces.resource/theme.css?ln=primefaces-sipse HTTP/1.1" 304 -
191.97.8.110 - - [26/Mar/2024:08:46:07 -0500] "GET /sipse/faces/javax.faces.resource/primefaces.css?ln=primefaces&v=4.0 HTTP/1.1" 304 -
191.97.8.110 - - [26/Mar/2024:08:46:07 -0500] "GET /sipse/faces/javax.faces.resource/layout/layout.css?ln=primefaces&v=4.0 HTTP/1.1" 304 -
191.97.8.110 - - [26/Mar/2024:08:46:07 -0500] "GET /sipse/faces/javax.faces.resource/jquery/jquery.js?ln=primefaces&v=4.0 HTTP/1.1" 304 -
191.97.8.110 - - [26/Mar/2024:08:46:07 -0500] "GET /sipse/faces/javax.faces.resource/jquery/jquery-plugins.js?ln=primefaces&v=4.0 HTTP/1.1" 304 -
191.97.8.110 - - [26/Mar/2024:08:46:07 -0500] "GET /sipse/faces/javax.faces.resource/primefaces.js?ln=primefaces&v=4.0 HTTP/1.1" 304 -
191.97.8.110 - - [26/Mar/2024:08:46:07 -0500] "GET /sipse/faces/javax.faces.resource/layout/layout.js?ln=primefaces&v=4.0 HTTP/1.1" 304 -
191.97.8.110 - - [26/Mar/2024:08:46:07 -0500] "GET /sipse/css/imagen/contrasena.png HTTP/1.1" 404 383
191.97.8.110 - - [26/Mar/2024:08:46:07 -0500] "GET /sipse/faces/javax.faces.resource/dynamiccontent.properties?ln=primefaces&pfdrid=XjOR5%2F%2FfPAZAuY9TpWQeCiM0BhlXxYRBGKi%2FQcXXfeA%3D&pfdrid_c=false HTTP/1.1" 500 383
172.22.2.4 - - [26/Mar/2024:08:46:07 -0500] "GET /BLA/boletinlegal/consulta_normativa.php?tipo=Decreto&sector=competencia-estructura&ano=2022&resuelve=gas HTTP/1.1" 200 454
190.70.192.175 - - [26/Mar/2024:08:45:58 -0500] "POST /sipse/faces/presentacion/financiero/solicitudProceso/consultarSolicitudProceso.xhtml HTTP/1.1" 200 37823
190.70.192.175 - - [26/Mar/2024:08:46:08 -0500] "GET /sipse/faces/javax.faces.resource/theme.css?ln=primefaces-sipse HTTP/1.1" 304 -
190.70.192.175 - - [26/Mar/2024:08:46:08 -0500] "GET /sipse/faces/javax.faces.resource/primefaces.css?ln=primefaces&v=4.0 HTTP/1.1" 304 -
190.70.192.175 - - [26/Mar/2024:08:46:08 -0500] "GET /sipse/faces/javax.faces.resource/layout/layout.css?ln=primefaces&v=4.0 HTTP/1.1" 304 -
190.70.192.175 - - [26/Mar/2024:08:46:08 -0500] "GET /sipse/faces/javax.faces.resource/jquery/jquery.js?ln=primefaces&v=4.0 HTTP/1.1" 304 -
190.70.192.175 - - [26/Mar/2024:08:46:08 -0500] "GET /sipse/faces/javax.faces.resource/jquery/jquery-plugins.js?ln=primefaces&v=4.0 HTTP/1.1" 304 -
190.70.192.175 - - [26/Mar/2024:08:46:08 -0500] "GET /sipse/faces/javax.faces.resource/primefaces.js?ln=primefaces&v=4.0 HTTP/1.1" 304 -
190.70.192.175 - - [26/Mar/2024:08:46:08 -0500] "GET /sipse/faces/javax.faces.resource/layout/layout.js?ln=primefaces&v=4.0 HTTP/1.1" 304 -
172.22.1.61 - - [26/Mar/2024:08:46:08 -0500] "GET /reportes_sipse/sdg/ServletFirma?solicitud=24846 HTTP/1.1" 200 -
47.128.118.152 - - [26/Mar/2024:08:46:10 -0500] "GET /BLA/resoluciones/AUTOS%202021/0245.php?act=f&d=E%3A%5Cnuevo%5Chtdocs%5CBLA%5Cresoluciones%5CAUTOS+2021&f=0703.pdf HTTP/1.1" 200 3035
191.156.62.59 - - [26/Mar/2024:08:45:55 -0500] "POST /sipse/faces/presentacion/financiero/contrato/consultarContratosSolicitudProceso.xhtml HTTP/1.1" 200 79165
186.102.71.247 - - [26/Mar/2024:08:46:03 -0500] "POST /kwssiamovil/sm/setfile/f? HTTP/1.1" 200 381
47.128.118.152 - - [26/Mar/2024:08:46:11 -0500] "GET /BLA/resoluciones/AUTOS%202021/0245.php?act=img&img=ext_html HTTP/1.1" 200 230
47.128.118.152 - - [26/Mar/2024:08:46:11 -0500] "GET /BLA/resoluciones/AUTOS%202021/0245.php?act=img&img=ext_pdf HTTP/1.1" 200 1034
47.128.118.152 - - [26/Mar/2024:08:46:11 -0500] "GET /BLA/resoluciones/AUTOS%202021/0245.php?act=img&img=ext_txt HTTP/1.1" 200 132
47.128.118.152 - - [26/Mar/2024:08:46:11 -0500] "GET /BLA/resoluciones/AUTOS%202021/0245.php?act=img&img=ext_gif HTTP/1.1" 200 175
47.128.118.152 - - [26/Mar/2024:08:46:11 -0500] "GET /BLA/resoluciones/AUTOS%202021/0245.php?act=img&img=ext_diz HTTP/1.1" 200 1027
47.128.118.152 - - [26/Mar/2024:08:46:11 -0500] "GET /BLA/resoluciones/AUTOS%202021/0245.php?act=img&img=ext_exe HTTP/1.1" 200 118
186.102.71.247 - - [26/Mar/2024:08:46:11 -0500] "OPTIONS /kwssiamovil/sm/setfile/f? HTTP/1.1" 200 13
47.128.118.152 - - [26/Mar/2024:08:46:12 -0500] "GET /BLA/resoluciones/AUTOS%202021/0245.php?act=img&img=change HTTP/1.1" 200 290
47.128.118.152 - - [26/Mar/2024:08:46:12 -0500] "GET /BLA/resoluciones/AUTOS%202021/0245.php?act=img&img=download HTTP/1.1" 200 161
47.128.118.152 - - [26/Mar/2024:08:46:12 -0500] "GET /BLA/resoluciones/AUTOS%202021/0245.php?act=img&img=ext_rtf HTTP/1.1" 200 164
47.128.118.152 - - [26/Mar/2024:08:46:12 -0500] "GET /BLA/resoluciones/AUTOS%202021/0245.php?act=img&img=ext_ini HTTP/1.1" 200 134
201.245.192.253 - - [26/Mar/2024:08:46:08 -0500] "POST /sipse/faces/presentacion/financiero/solicitudProceso/consultarSolicitudProceso.xhtml HTTP/1.1" 200 33516
201.245.192.253 - - [26/Mar/2024:08:46:12 -0500] "GET /sipse/faces/javax.faces.resource/primefaces.css?ln=primefaces&v=4.0 HTTP/1.1" 304 -
201.245.192.253 - - [26/Mar/2024:08:46:12 -0500] "GET /sipse/faces/javax.faces.resource/layout/layout.css?ln=primefaces&v=4.0 HTTP/1.1" 304 -
201.245.192.253 - - [26/Mar/2024:08:46:12 -0500] "GET /sipse/faces/javax.faces.resource/theme.css?ln=primefaces-sipse HTTP/1.1" 304 -
201.245.192.253 - - [26/Mar/2024:08:46:12 -0500] "GET /sipse/faces/javax.faces.resource/jquery/jquery.js?ln=primefaces&v=4.0 HTTP/1.1" 304 -
201.245.192.253 - - [26/Mar/2024:08:46:12 -0500] "GET /sipse/faces/javax.faces.resource/jquery/jquery-plugins.js?ln=primefaces&v=4.0 HTTP/1.1" 304 -
201.245.192.253 - - [26/Mar/2024:08:46:12 -0500] "GET /sipse/faces/javax.faces.resource/primefaces.js?ln=primefaces&v=4.0 HTTP/1.1" 304 -
201.245.192.253 - - [26/Mar/2024:08:46:13 -0500] "GET /sipse/faces/javax.faces.resource/layout/layout.js?ln=primefaces&v=4.0 HTTP/1.1" 304 -
201.245.192.253 - - [26/Mar/2024:08:46:13 -0500] "POST /sipse/faces/presentacion/financiero/solicitudProceso/listarSolicitudProceso.xhtml HTTP/1.1" 200 1376
190.70.192.175 - - [26/Mar/2024:08:46:08 -0500] "POST /sipse/faces/presentacion/financiero/solicitudProceso/listarSolicitudProceso.xhtml HTTP/1.1" 200 1400
186.102.71.247 - - [26/Mar/2024:08:46:12 -0500] "POST /kwssiamovil/sm/setfile/f? HTTP/1.1" 200 381
201.245.192.253 - - [26/Mar/2024:08:46:15 -0500] "POST /sipse/faces/presentacion/financiero/solicitudAnulacion/registrarSolicitudAnulacion.xhtml HTTP/1.1" 200 3473
186.102.71.247 - - [26/Mar/2024:08:46:15 -0500] "OPTIONS /kwssiamovil/sm/setfile/f? HTTP/1.1" 200 13
172.22.2.4 - - [26/Mar/2024:08:46:16 -0500] "GET /BLA/boletinlegal/consulta_normativa.php?tipo=Decreto&sector=concesion&ano=2022&resuelve=gas HTTP/1.1" 200 454
191.97.8.110 - - [26/Mar/2024:08:46:15 -0500] "POST /sipse/faces/presentacion/financiero/solicitudProceso/consultarSolicitudProceso.xhtml HTTP/1.1" 200 64788
191.97.8.110 - - [26/Mar/2024:08:46:17 -0500] "GET /sipse/faces/javax.faces.resource/theme.css?ln=primefaces-sipse HTTP/1.1" 304 -
191.97.8.110 - - [26/Mar/2024:08:46:17 -0500] "GET /sipse/faces/javax.faces.resource/jquery/jquery.js?ln=primefaces&v=4.0 HTTP/1.1" 304 -
191.97.8.110 - - [26/Mar/2024:08:46:17 -0500] "GET /sipse/faces/javax.faces.resource/jquery/jquery-plugins.js?ln=primefaces&v=4.0 HTTP/1.1" 304 -
191.97.8.110 - - [26/Mar/2024:08:46:17 -0500] "GET /sipse/faces/javax.faces.resource/primefaces.js?ln=primefaces&v=4.0 HTTP/1.1" 304 -
191.97.8.110 - - [26/Mar/2024:08:46:17 -0500] "GET /sipse/faces/javax.faces.resource/layout/layout.js?ln=primefaces&v=4.0 HTTP/1.1" 304 -
191.97.8.110 - - [26/Mar/2024:08:46:17 -0500] "GET /sipse/faces/javax.faces.resource/layout/layout.css?ln=primefaces&v=4.0 HTTP/1.1" 304 -
191.97.8.110 - - [26/Mar/2024:08:46:17 -0500] "GET /sipse/faces/javax.faces.resource/primefaces.css?ln=primefaces&v=4.0 HTTP/1.1" 304 -
191.97.8.110 - - [26/Mar/2024:08:46:17 -0500] "GET /sipse/css/imagen/contrasena.png HTTP/1.1" 404 383
191.97.8.110 - - [26/Mar/2024:08:46:17 -0500] "POST /sipse/faces/presentacion/financiero/solicitudProceso/listarSolicitudProceso.xhtml HTTP/1.1" 200 1560
186.102.71.247 - - [26/Mar/2024:08:46:16 -0500] "POST /kwssiamovil/sm/setfile/f? HTTP/1.1" 200 381
190.70.192.175 - - [26/Mar/2024:08:46:19 -0500] "POST /sipse/faces/presentacion/financiero/solicitudProceso/listarSolicitudProceso.xhtml HTTP/1.1" 200 21720
186.102.71.247 - - [26/Mar/2024:08:46:19 -0500] "OPTIONS /kwssiamovil/sm/setfile/f? HTTP/1.1" 200 13
186.102.71.247 - - [26/Mar/2024:08:46:20 -0500] "POST /kwssiamovil/sm/setfile/f? HTTP/1.1" 200 381
186.102.71.247 - - [26/Mar/2024:08:46:22 -0500] "OPTIONS /kwssiamovil/sm/setfile/f? HTTP/1.1" 200 13
172.22.2.4 - - [26/Mar/2024:08:46:22 -0500] "GET /BLA/boletinlegal/consulta_normativa.php?tipo=Decreto&sector=emisiones&ano=2022&resuelve=gas HTTP/1.1" 200 454
186.102.71.247 - - [26/Mar/2024:08:46:22 -0500] "POST /kwssiamovil/sm/setfile/f? HTTP/1.1" 200 381
186.102.71.247 - - [26/Mar/2024:08:46:24 -0500] "OPTIONS /kwssiamovil/sm/setfile/f? HTTP/1.1" 200 13
186.102.71.247 - - [26/Mar/2024:08:46:24 -0500] "POST /kwssiamovil/sm/setfile/f? HTTP/1.1" 200 381
201.245.192.253 - - [26/Mar/2024:08:46:26 -0500] "POST /sipse/faces/presentacion/financiero/solicitudProceso/listarSolicitudProceso.xhtml HTTP/1.1" 200 911
201.245.192.253 - - [26/Mar/2024:08:46:26 -0500] "POST /sipse/faces/presentacion/financiero/solicitudProceso/consultarSolicitudProceso.xhtml HTTP/1.1" 200 25999
201.245.192.253 - - [26/Mar/2024:08:46:26 -0500] "GET /sipse/faces/javax.faces.resource/theme.css?ln=primefaces-sipse HTTP/1.1" 304 -
201.245.192.253 - - [26/Mar/2024:08:46:26 -0500] "GET /sipse/faces/javax.faces.resource/primefaces.css?ln=primefaces&v=4.0 HTTP/1.1" 304 -
201.245.192.253 - - [26/Mar/2024:08:46:26 -0500] "GET /sipse/faces/javax.faces.resource/jquery/jquery.js?ln=primefaces&v=4.0 HTTP/1.1" 304 -
201.245.192.253 - - [26/Mar/2024:08:46:26 -0500] "GET /sipse/faces/javax.faces.resource/layout/layout.css?ln=primefaces&v=4.0 HTTP/1.1" 304 -
201.245.192.253 - - [26/Mar/2024:08:46:26 -0500] "GET /sipse/faces/javax.faces.resource/jquery/jquery-plugins.js?ln=primefaces&v=4.0 HTTP/1.1" 304 -
201.245.192.253 - - [26/Mar/2024:08:46:26 -0500] "GET /sipse/faces/javax.faces.resource/primefaces.js?ln=primefaces&v=4.0 HTTP/1.1" 304 -
201.245.192.253 - - [26/Mar/2024:08:46:26 -0500] "GET /sipse/faces/javax.faces.resource/layout/layout.js?ln=primefaces&v=4.0 HTTP/1.1" 304 -
201.245.192.253 - - [26/Mar/2024:08:46:26 -0500] "GET /sipse/faces/javax.faces.resource/images/ui-icons_898989_256x240.png?ln=primefaces-aristo HTTP/1.1" 304 -
186.102.71.247 - - [26/Mar/2024:08:46:27 -0500] "OPTIONS /kwssiamovil/sm/setfile/f? HTTP/1.1" 200 13
172.22.2.4 - - [26/Mar/2024:08:46:29 -0500] "GET /BLA/boletinlegal/consulta_normativa.php?tipo=Decreto&sector=fauna&ano=2022&resuelve=gas HTTP/1.1" 200 454
186.102.71.247 - - [26/Mar/2024:08:46:27 -0500] "POST /kwssiamovil/sm/setfile/f? HTTP/1.1" 200 381
186.102.71.247 - - [26/Mar/2024:08:46:32 -0500] "OPTIONS /kwssiamovil/sm/setfile/f? HTTP/1.1" 200 13
186.102.71.247 - - [26/Mar/2024:08:46:32 -0500] "POST /kwssiamovil/sm/setfile/f? HTTP/1.1" 200 381
186.102.71.247 - - [26/Mar/2024:08:46:32 -0500] "GET /kwssiamovil/sm/acme/s?s=U2FsdGVkX199tuJdZsqhYL0YacxsbsgTj9h3vYjRZ4o/wKdlVARwG93+0hRZjUUbjPd2qlsSkcFtmiVhg2R5k3MkFhNk/QrWorCbxo8qtiw4VL6DoGLdDzd1YrCmpgDUe+KOgcMqJffsIKx5Tqq27VwP38h3tdxbZrd+QvLMPKs6qL51CjXtWEE2msWlJTp5WRtzZCgG8+nyPDFLScYEbQWzoMENBp8M1+WWP7G/NvAvlvkIR4s0M3gAHAHgifd/DwLxdPZFsU+dQAz3z+XOLtdeLIw6/SEAbeYOiiT1AcuhIJ/+ljglc0RkXdb1nCNeqC2tX8XSCp+yecvIx8meOLKlktqBNSqLjLpayhABeC2sP5YGrMMe5kympwxMslu4&u=U2FsdGVkX19C/94krFKUx+2RHa2XPZq1FheXMNwOuc8=&y=U2FsdGVkX1+hyYqsN/wKJs14XnWcR8LnY3jzFCsTz9HGCUE93PcThBScIABMFq9w HTTP/1.1" 200 91
186.102.71.247 - - [26/Mar/2024:08:46:33 -0500] "GET /kwssiamovil/sm/acme/s?s=U2FsdGVkX1+1zS6kEqkEByN9hiOKkU0Z1KYY1a1vnSxb0lJn075PEqpCMVpw90qhm6agoRqF9DRcJYj8ngSgXl9zO6NbSLx1DrrPBZDCEuXDLjCHOyOtqMOCJ5Yprb2nGdxjruafEBbzC3TkHQCU6u4LHDDX8bH8WBMC9k5B8xgrj6+myrfRep3phOVP4/Q/lJ0Wsv7gx0bvbdGvOGyryrMtWROb4RF9qTpisw6M467DXQX970tTWd+tomDBfVXon5N0a8JD+6yTzixp2Jlm2TsElrWv1QbDmbM+wYvqYq9EqJ1Pju77J5YqcRGokZX1DczheBPEOckyvrIvefZMZwl2vaRx6bXpQ0wPYszltzIlyLKE8oINXRXP4R6qSh93YwME8GLnLjH/HSsL8q0RsY0qB4hFvfGWHkK3tk4rR7K1Y3FbEyijg2CrpM94ZsWqMwC9dIPU2x7Nz8rNqsJxdg==&u=U2FsdGVkX19C/94krFKUx+2RHa2XPZq1FheXMNwOuc8=&y=U2FsdGVkX1+hyYqsN/wKJs14XnWcR8LnY3jzFCsTz9HGCUE93PcThBScIABMFq9w HTTP/1.1" 200 91
191.156.62.17 - - [26/Mar/2024:08:46:23 -0500] "POST /sipse/faces/presentacion/financiero/contrato/consultarContratosSolicitudProceso.xhtml HTTP/1.1" 200 79181
201.245.192.253 - - [26/Mar/2024:08:46:34 -0500] "GET /sipse/faces/javax.faces.resource/images/ui-bg_flat_0_2d5972_40x100.png?ln=primefaces-aristo HTTP/1.1" 304 -
172.22.2.4 - - [26/Mar/2024:08:46:34 -0500] "GET /BLA/boletinlegal/consulta_normativa.php?tipo=Decreto&sector=flora&ano=2022&resuelve=gas HTTP/1.1" 200 454
201.245.192.253 - - [26/Mar/2024:08:46:34 -0500] "POST /sipse/faces/presentacion/financiero/solicitudProceso/registrarAnotacion.xhtml HTTP/1.1" 200 126441
201.245.192.253 - - [26/Mar/2024:08:46:34 -0500] "GET /sipse/faces/javax.faces.resource/jquery/jquery.js?ln=primefaces&v=4.0 HTTP/1.1" 304 -
201.245.192.253 - - [26/Mar/2024:08:46:34 -0500] "GET /sipse/faces/javax.faces.resource/jquery/jquery-plugins.js?ln=primefaces&v=4.0 HTTP/1.1" 304 -
201.245.192.253 - - [26/Mar/2024:08:46:34 -0500] "GET /sipse/faces/javax.faces.resource/primefaces.js?ln=primefaces&v=4.0 HTTP/1.1" 304 -
201.245.192.253 - - [26/Mar/2024:08:46:35 -0500] "GET /sipse/faces/javax.faces.resource/layout/layout.js?ln=primefaces&v=4.0 HTTP/1.1" 304 -
201.245.192.253 - - [26/Mar/2024:08:46:35 -0500] "GET /sipse/faces/javax.faces.resource/dynamiccontent.properties?ln=primefaces&pfdrid=XjOR5%2F%2FfPAZAuY9TpWQeCiM0BhlXxYRBGKi%2FQcXXfeA%3D&pfdrid_c=false HTTP/1.1" 500 383
47.128.39.144 - - [26/Mar/2024:08:46:36 -0500] "GET /BLA/resoluciones/AUTOS%202021/0245.php?act=f&d=E%3A%5Cnuevo%5C&f=ctlscript.bat&ft=notepad HTTP/1.1" 200 2918
201.245.192.253 - - [26/Mar/2024:08:46:37 -0500] "GET /sipse/faces/faces/faces/autenticacion HTTP/1.1" 302 -
201.245.192.253 - - [26/Mar/2024:08:46:37 -0500] "GET /sipse/faces/autenticacion.xhtml HTTP/1.1" 200 12410
201.245.192.253 - - [26/Mar/2024:08:46:37 -0500] "GET /sipse/faces/javax.faces.resource/primefaces.css?ln=primefaces&v=4.0 HTTP/1.1" 304 -
201.245.192.253 - - [26/Mar/2024:08:46:37 -0500] "GET /sipse/faces/javax.faces.resource/theme.css?ln=primefaces-sipse HTTP/1.1" 304 -
201.245.192.253 - - [26/Mar/2024:08:46:37 -0500] "GET /sipse/faces/javax.faces.resource/layout/layout.css?ln=primefaces&v=4.0 HTTP/1.1" 304 -
201.245.192.253 - - [26/Mar/2024:08:46:37 -0500] "GET /sipse/faces/javax.faces.resource/jquery/jquery.js?ln=primefaces&v=4.0 HTTP/1.1" 304 -
201.245.192.253 - - [26/Mar/2024:08:46:37 -0500] "GET /sipse/faces/javax.faces.resource/primefaces.js?ln=primefaces&v=4.0 HTTP/1.1" 304 -
201.245.192.253 - - [26/Mar/2024:08:46:37 -0500] "GET /sipse/faces/javax.faces.resource/jquery/jquery-plugins.js?ln=primefaces&v=4.0 HTTP/1.1" 304 -
201.245.192.253 - - [26/Mar/2024:08:46:37 -0500] "GET /sipse/faces/javax.faces.resource/layout/layout.js?ln=primefaces&v=4.0 HTTP/1.1" 304 -
191.97.8.110 - - [26/Mar/2024:08:46:37 -0500] "POST /sipse/faces/presentacion/financiero/solicitudProceso/listarSolicitudProceso.xhtml HTTP/1.1" 200 33753
191.97.8.110 - - [26/Mar/2024:08:46:38 -0500] "POST /sipse/faces/presentacion/financiero/solicitudProceso/listarSolicitudProceso.xhtml HTTP/1.1" 200 33952
172.22.2.4 - - [26/Mar/2024:08:46:38 -0500] "GET /BLA/boletinlegal/consulta_normativa.php?tipo=Decreto&sector=hidrocarburos&ano=2022&resuelve=gas HTTP/1.1" 200 454
201.245.192.253 - - [26/Mar/2024:08:46:37 -0500] "POST /sipse/faces/presentacion/financiero/solicitudProceso/consultarSolicitudProceso.xhtml HTTP/1.1" 200 38508
201.245.192.253 - - [26/Mar/2024:08:46:39 -0500] "GET /sipse/faces/javax.faces.resource/jquery/jquery.js?ln=primefaces&v=4.0 HTTP/1.1" 304 -
201.245.192.253 - - [26/Mar/2024:08:46:39 -0500] "GET /sipse/faces/javax.faces.resource/jquery/jquery-plugins.js?ln=primefaces&v=4.0 HTTP/1.1" 304 -
201.245.192.253 - - [26/Mar/2024:08:46:39 -0500] "GET /sipse/faces/javax.faces.resource/primefaces.js?ln=primefaces&v=4.0 HTTP/1.1" 304 -
201.245.192.253 - - [26/Mar/2024:08:46:39 -0500] "GET /sipse/faces/javax.faces.resource/layout/layout.js?ln=primefaces&v=4.0 HTTP/1.1" 304 -
191.97.8.110 - - [26/Mar/2024:08:46:39 -0500] "POST /sipse/faces/presentacion/financiero/solicitudProceso/listarSolicitudProceso.xhtml HTTP/1.1" 200 28479
186.102.71.247 - - [26/Mar/2024:08:46:39 -0500] "GET /kwssiamovil/sm/acme/a?s=U2FsdGVkX1+t9wXjUZNhV0x9tqKnKHvc6tU8t1TykBZMAj3bnbLhJw6DVX9ojfJ2v5wmwhJN4nn4k6aYa/0lR6oF6Q1rrS5U9waQmcYyFgML4zJM6Cf77GsEXMmlX5z1Z3P/xnxxJoM3MAtJkXTwt5fzhSD+mEA67S4C1Tktub4oFp1FNspMppnyBPuoznc0fBSPEwSbmVwItkvJV5fVbcDaIdheANBW/FNqMxYCf+XRqOIUJx0CkjXF/aaZr4/qcg7Gzhf761PLi/cuThx6jw==&u=U2FsdGVkX19C/94krFKUx+2RHa2XPZq1FheXMNwOuc8=&y=U2FsdGVkX1+hyYqsN/wKJs14XnWcR8LnY3jzFCsTz9HGCUE93PcThBScIABMFq9w HTTP/1.1" 200 26
201.245.192.253 - - [26/Mar/2024:08:46:40 -0500] "GET /sipse/faces/javax.faces.resource/messages/messages.png?ln=primefaces&v=4.0 HTTP/1.1" 304 -
201.245.192.253 - - [26/Mar/2024:08:46:40 -0500] "POST /sipse/faces/presentacion/financiero/solicitudProceso/listarSolicitudProceso.xhtml HTTP/1.1" 200 1400
186.102.71.247 - - [26/Mar/2024:08:46:40 -0500] "GET /kwssiamovil/sm/acme/u?s=U2FsdGVkX1/DOZ7huLfQJgE+ZWynh1ypVqeJLG72Fg3brMR6lxszzDORXK86Ma/FOxYlVdZApZ6PwRgRTRwyoJ984rLXWbSHAfpHvehjlqm/cz/WOW7xs4RTPPntdd3ELchmXO5aSdGxJfBvUI0ULA==&u=U2FsdGVkX19C/94krFKUx+2RHa2XPZq1FheXMNwOuc8=&y=U2FsdGVkX1+hyYqsN/wKJs14XnWcR8LnY3jzFCsTz9HGCUE93PcThBScIABMFq9w HTTP/1.1" 200 60
186.102.71.247 - - [26/Mar/2024:08:46:40 -0500] "GET /kwssiamovil/sm/acme/a?s=U2FsdGVkX1/Krs7E1Ja/qSMie+ZkTwIApw1bw6UDDFMU5Jaodcah7NShyov3ol4YzJOcuMNg97DDLyZhZr1Sdut7oiT4DRP+8sEipGJ/ypVZ3UXjIRcTVydCclfExBqtBys9XfPG1ptDRs8NRWjBHo9f4yXfC1f///E8lwB6Nnb5V9EMx+NroiIWm1E6a2gvj76GU4hA6Vd9zuIZKgxLpwRPJixYE+ZV6aE2KnDKL2dKNjn1Adi7olfBju/OT8t8&u=U2FsdGVkX19C/94krFKUx+2RHa2XPZq1FheXMNwOuc8=&y=U2FsdGVkX1+hyYqsN/wKJs14XnWcR8LnY3jzFCsTz9HGCUE93PcThBScIABMFq9w HTTP/1.1" 200 25
186.102.71.247 - - [26/Mar/2024:08:46:40 -0500] "GET /kwssiamovil/sm/acme/a?s=U2FsdGVkX1/H/AcvLg/1TpQnTCgHaek++3hNtrA7LbILZ9/WQ7rPxK92gMeKhQFKqJ4vnz1QGRZT67FKA4ajccAWSTo09990VYJQLiRnlpiGHubrtzGlRK6FcYGFTpx2juxGnH39rs1aJFnXt4ixIiM8htVQ0JLBMBiY420b8psOufg0+nAo9DJERmNri3A7CjaD26LsAE/Vv26r4U4yPdC9/wKtNeUfJCPl6OJQKHVtpvCIYh9DYuWvH6BcgpnA&u=U2FsdGVkX19C/94krFKUx+2RHa2XPZq1FheXMNwOuc8=&y=U2FsdGVkX1+hyYqsN/wKJs14XnWcR8LnY3jzFCsTz9HGCUE93PcThBScIABMFq9w HTTP/1.1" 200 25
186.102.71.247 - - [26/Mar/2024:08:46:40 -0500] "GET /kwssiamovil/sm/acme/a?s=U2FsdGVkX1+Lh34zqIJrtFo6xQ8QyFNXRpJ5oUvOMOJFrx+k0iN0hJX6ppE7a80+8FglFXCVJQf/uZuMKTnEb7iJ2zsHhDNNnaNg5y8xX8tAGWg9Twn5CU1dzigVHmM+HWSmFD34b1hHWJv7JrbnnyQhFSxFVVpAdXcTFsJwqrg+HwJB356DksLByJlSO/abVLEkw/2FRg/2KMh8CH3J0g==&u=U2FsdGVkX19C/94krFKUx+2RHa2XPZq1FheXMNwOuc8=&y=U2FsdGVkX1+hyYqsN/wKJs14XnWcR8LnY3jzFCsTz9HGCUE93PcThBScIABMFq9w HTTP/1.1" 200 25
186.102.71.247 - - [26/Mar/2024:08:46:41 -0500] "GET /kwssiamovil/sm/acme/u?s=U2FsdGVkX19Wpud2yVpks0X6MY/2SRL0aFkvmAKPRGIp+NMYWR3iV1eX84sMG5raOpBqP6n1tUDcAHNZP+9XLH1QZ/SaaCePYZYI8ObUuP1aDwPLpkcPK7rVRKum99k2HA9XJCYa4USc2tWLiX74ylNowKYPgdHktjxAgIIiNDpFTrCWS8DE6bBek4NgXwswMZxWIQ+7Z5TJwT6/lixNdAkTf+XsnBKAUxrtkQZsJAK4X50lWLwqQq09KvJw8RlQon0JhQRU8nRUUSU9gOpp65ZoVreCLFqspGQgEmr+PUDMsFnbHVZFTLqtxGwjihubGRSb6i0YjedJD0H3Qo0sZPC638b2HJheqzeIDBqwQpPdNul36Yhq/x47P/IxAedq088loer6VkC9Co9M5wxY9/g/iBAp4I8H4gKeCxhkV6mS9TIrDQTeIAe5EXMxq+SJEu44jDPKphCBBMrgcNU7Sm9CQwzizXtod9QT0XaAR1jzjMmkSQ6OkMbg4dljxPbKotZUauepD1YgXlZMjaaZU90Ny4UQWh8vYVflWLUjQ5DcTjzJSxEFUqXnRd/1/OgvvLrBWxiXKKAUn9mbg2HeJTqxnK0NzlQZMjli/voSf6dX39jy7FMkoqaOwqFgDfPKLfD7gvZwuxmyeNT1W/D+CcPNPCkKoiYase70DIZuz13qmVFt659JsEZzLSVYGyLwuGn0VcY+YhJcA+ww3DUSLolNwdJIrZP+c37/MeNXGAjqTH7kHmGUBVvvw/ISCo569CtF57eKWFqa0+QluqlmhOn8hab4ZQOLZqji+bwdd118uHE7yOIzfQHkQOws+coy83VcwQYQE0dFDkvctsdRZARFqKH+ubLft8/JycQfUenZqxyliSgOmw/lH4wmD3PU9ZJ1yGtuUNjOYRGJY7EBFy25HeaG2V6YYiTKCIMYpMZMfmDs9po9bUsMlyl2A82PyoXMKMfWkjAR2qowpIJgDoJTY+Kzvc0BgSEzT1blCmpUuqHFpeu52IFgkfR+EEHZS3QrwOQm3BmxJp8YEkh8scVayIcnRfP+zTPA5SOxh+kVZqtJ2VWeysRVOq1X5t1k3vOewMPDneFYJNPuze/yYFR5Io87hujFS62m2fbahuwpdGdT5ufkeHPQUJGiT1b22PCsr1pli0LDYxrzHQRIGNTc7xk/p5MLssL3Lu2LuxIINBAEjwqtnGJxWDl6Dueph2++CYQ5pqA5rXrFqv8OguMaz0P9+ugiK6GHxVMeZMb/q3f6FpsxrUnYoq44qLOsnDcSnYNGD5qtk1Y4f5EgTZewNZqT/XZKMiBxjMOgVdGmWiN8NHsnUiuy3H5Nns+Q&u=U2FsdGVkX19C/94krFKUx+2RHa2XPZq1FheXMNwOuc8=&y=U2FsdGVkX1+hyYqsN/wKJs14XnWcR8LnY3jzFCsTz9HGCUE93PcThBScIABMFq9w HTTP/1.1" 200 60
186.102.71.247 - - [26/Mar/2024:08:46:41 -0500] "GET /kwssiamovil/sm/acme/a?s=U2FsdGVkX18NuG1wU/McgdhpwxOKLZE1REOyY7WKer6xSAJqpKVamdQZdxBf9jk4aE+EqJRxE3Y0DQnrB8tT+iPsJQAiM2s63WBAeJnV4KsXkTlgbgRkqoUbVO85Q7a4fsUDdcrhgQkLX76y1Ye+6N/g1XGeGbNdqWPbjm7gZgYvt8wC4BAgOHi16g4eNzoW&u=U2FsdGVkX19C/94krFKUx+2RHa2XPZq1FheXMNwOuc8=&y=U2FsdGVkX1+hyYqsN/wKJs14XnWcR8LnY3jzFCsTz9HGCUE93PcThBScIABMFq9w HTTP/1.1" 200 26
186.102.71.247 - - [26/Mar/2024:08:46:41 -0500] "GET /kwssiamovil/sm/acme/a?s=U2FsdGVkX1//T+7shgUtHZhl9PDdVlU5rl0xCArm0akSjtCG+19yKEYOiy9pdj8ucHb1y0G1g4KKeSCxoC1tfq1lGuI43l3XSfQojupUJM/L4pvQMDn4Lmc1kLN4BIGelHQNUymAfkzG63MqvsF6d3mcIk92UZHA3Enh6M7S4Yw=&u=U2FsdGVkX19C/94krFKUx+2RHa2XPZq1FheXMNwOuc8=&y=U2FsdGVkX1+hyYqsN/wKJs14XnWcR8LnY3jzFCsTz9HGCUE93PcThBScIABMFq9w HTTP/1.1" 200 26
186.102.71.247 - - [26/Mar/2024:08:46:41 -0500] "GET /kwssiamovil/sm/acme/a?s=U2FsdGVkX1+waPIqGk1no5ELihOdMAEifFp3GnSJIjQDjhW00O1qmyZrLkiZ45UfM0KH4Vnqc7qsQqqyxmaKgPCq4PFs/2ygMZa8rJVNosgBXL/XpE18UQhKlatOicFur3x5FAGs7xlkI4MDjoxVmzoLU8zj1jUcLAwyss6/O8Otqco9e9VsHYdPLYghlWQJW4n9kV1889srcFaZlXrm0A==&u=U2FsdGVkX19C/94krFKUx+2RHa2XPZq1FheXMNwOuc8=&y=U2FsdGVkX1+hyYqsN/wKJs14XnWcR8LnY3jzFCsTz9HGCUE93PcThBScIABMFq9w HTTP/1.1" 200 25
186.102.71.247 - - [26/Mar/2024:08:46:41 -0500] "GET /kwssiamovil/sm/acme/a?s=U2FsdGVkX1/an2Mu4TRUwWdqPiZ4CpMIZKR0sg2fqk7lAWRRKvi4d7cnHHHX8r4Qqz0wEsRo94rRRu5hqIVCu3BOGGEkHEFDPnr1YyWUW1kI1utYyehEv8RFKiUjpZ9DQoSaXFv6tN1Vir3gpaYopJlvPLCvbsSdvQ98EDHC9/NFRUcucG3g3zUpHjWOPvaT&u=U2FsdGVkX19C/94krFKUx+2RHa2XPZq1FheXMNwOuc8=&y=U2FsdGVkX1+hyYqsN/wKJs14XnWcR8LnY3jzFCsTz9HGCUE93PcThBScIABMFq9w HTTP/1.1" 200 25
186.102.71.247 - - [26/Mar/2024:08:46:42 -0500] "GET /kwssiamovil/sm/acme/a?s=U2FsdGVkX1/4bzRgGpsxqfY8aSmyIRKKvEgsFfqlxCKgUcQymRSQ0RH5PLCSJf0Ib7eGb0iPdoKM3NxW9n4Y+CeerxSeTn5YqtTjqO+gJJSIO3YOlUQ4D9DPFQqHqZZjohGFCZoIdqfQUp+7l3yQFdZ8U2g970qKWhRJ7JpuBKDNOQAISNe8QGVGn+F03Dx5xFk24Bg4XhE7HiVWasTbFWRfW5rz21vBUo7PlIugk7Ezb8puFZFpYkw8kcsaJJGoS/l3CahWcAWbvBLsB0WO5ppDmMH4P7qtLCWFzxKiEromrmMMGA3tijJBsvxYxKmMh+HlxSuRe3iLRK4MIisjVsEJZlIEVrdOFw2McCSTL4LfVo574Kg6B/bS4rGgQXgJv0XJBCpWPoLE2YaHoo+IIw==&u=U2FsdGVkX19C/94krFKUx+2RHa2XPZq1FheXMNwOuc8=&y=U2FsdGVkX1+hyYqsN/wKJs14XnWcR8LnY3jzFCsTz9HGCUE93PcThBScIABMFq9w HTTP/1.1" 200 25
186.102.71.247 - - [26/Mar/2024:08:46:42 -0500] "GET /kwssiamovil/sm/acme/a?s=U2FsdGVkX18K8ScnzlpCK13Aa86mSwD/0S1voZARDw5FS858Xv74Hx1PdZ4qK93Y+6YE1k9DIIdAaaQN+Fnd/vjQPssINqxmAYKF4/5QsNRCYRFQDacMXOKk3A+32mLCrYaBT+OYy1WZbpv2hn4uMFafhadnFloxsdr6kcB2xqOW8IytRWoVrllqss1kelDk&u=U2FsdGVkX19C/94krFKUx+2RHa2XPZq1FheXMNwOuc8=&y=U2FsdGVkX1+hyYqsN/wKJs14XnWcR8LnY3jzFCsTz9HGCUE93PcThBScIABMFq9w HTTP/1.1" 200 26
186.102.71.247 - - [26/Mar/2024:08:46:42 -0500] "GET /kwssiamovil/sm/acme/a?s=U2FsdGVkX19o6OUkoH/TFolSBOUggs3WHJhKRnoJAlkf9MXVChf2rWDa5p/JI5NCKGduug/rhTi3DAj+BUJzBwU7euvnelLSnPyULUqml/blPfQS2DUUoy7VucGcSu50aGYBpkhPWPUpwh/Uhdvg686pctTk3iBFA0KUO6pCyrJOhklwdFVESICTYKwDzVit9j9ndSdMS3nXK9qQmG0xNlv5jigH6mg7td/9iYVby3Oj2vA8BAvGsUW9vtGN/0j695GorDRD9vBsj/Y1tgpgeXFFs2c+4CoVEdlPvQKaJ6lNH6ThNEUGFHMDADHoJ2Bp8KsDDwBnjDeqChVQXLfctPRuChECknhG6v3jvTRWE/InKH44PqZgDphqJTlrGxN+&u=U2FsdGVkX19C/94krFKUx+2RHa2XPZq1FheXMNwOuc8=&y=U2FsdGVkX1+hyYqsN/wKJs14XnWcR8LnY3jzFCsTz9HGCUE93PcThBScIABMFq9w HTTP/1.1" 200 26
186.102.71.247 - - [26/Mar/2024:08:46:42 -0500] "GET /kwssiamovil/sm/acme/a?s=U2FsdGVkX1/nZBaDoQ25WJzsjbGKT7fhk1pvYqQuulE/7Dpp209Z/puOoQ9th8N3NCr4rlRkgrfD5QEL9JWsLVJQJNfd13t9W/+DrMF3NMS3cRc9eNb2wzOxSAvGtMIYrthC3vRxF9TDbJmv30zql/lnQTzTKOr2L97qrmRahsk0ooLE2qBXZrr0eQSjRrdtljZRd4MK52uoooyCfR4XUql9Wi5e3yqWi69gUzGxO2E=&u=U2FsdGVkX19C/94krFKUx+2RHa2XPZq1FheXMNwOuc8=&y=U2FsdGVkX1+hyYqsN/wKJs14XnWcR8LnY3jzFCsTz9HGCUE93PcThBScIABMFq9w HTTP/1.1" 200 25
186.102.71.247 - - [26/Mar/2024:08:46:42 -0500] "GET /kwssiamovil/sm/acme/a?s=U2FsdGVkX19C3XNk9WiJzlzw9jGG3F2Eyp0v+lfjWvkj1u+Bgtqmltx1xtbMtuC0iq3E1DY2VvnUss091CVVZt2Q9B9NRgDurZnoCH76mZvFWangUPw9WRV8PbqEftGEAfbYwHugBuiuA4+NnnhaX/9dSUPqtR07gxL8OTgXApsLS3Ida6fvR9C0lz++l7NGobVZJ1OccV1lbcqeudxlug==&u=U2FsdGVkX19C/94krFKUx+2RHa2XPZq1FheXMNwOuc8=&y=U2FsdGVkX1+hyYqsN/wKJs14XnWcR8LnY3jzFCsTz9HGCUE93PcThBScIABMFq9w HTTP/1.1" 200 26
186.102.71.247 - - [26/Mar/2024:08:46:42 -0500] "GET /kwssiamovil/sm/acme/a?s=U2FsdGVkX1+lgvHPoiI2SJZj4/Y/HutmdpyKIihE5cGdjwyIL56uKBo32ND9UYnDXQ3gkeWqlyD6EDklG2fNrMsJ6WsZU27SOzl3G2FrNoqbrx2BhfoF8lsPjLTMste7AV6SJwaz9T/g64jmmukLtReN7JtJGuXoroCf93LbIcPbqDI22rOqzMMZG6thB9f8w44ldXPZtQPGF1WnWw6yl6UiZL76I6eHTloz8OUZxTI=&u=U2FsdGVkX19C/94krFKUx+2RHa2XPZq1FheXMNwOuc8=&y=U2FsdGVkX1+hyYqsN/wKJs14XnWcR8LnY3jzFCsTz9HGCUE93PcThBScIABMFq9w HTTP/1.1" 200 25
186.102.71.247 - - [26/Mar/2024:08:46:43 -0500] "GET /kwssiamovil/sm/acme/a?s=U2FsdGVkX19acCrwf7GIHgxJJyyJeajnPmeGTQaWlbBSMghgT+F6jPXHbcslOGdS2KYiCAbgw13wvXLEEiBBkdmtU0UEDWTbIkNGm9jZrBucyWDUH3/QGG4Tj5/oS4iHPT4q/Yqrp1otuUXZkRTZTjscLmpgk+9MMf6L9Jwa+r1J2Xk/BbCChqBKyhN4E3zMhJozLoG76+JLIwL1nRz3qQ==&u=U2FsdGVkX19C/94krFKUx+2RHa2XPZq1FheXMNwOuc8=&y=U2FsdGVkX1+hyYqsN/wKJs14XnWcR8LnY3jzFCsTz9HGCUE93PcThBScIABMFq9w HTTP/1.1" 200 26
186.102.71.247 - - [26/Mar/2024:08:46:43 -0500] "GET /kwssiamovil/sm/acme/a?s=U2FsdGVkX18ho6gLnj3AVm1M0RSYkUpgCK9LjLsOseReHOcUBOklwqGSY/vaeh5eemUtNA1Y1NhfsoUp8ICUOTo4Gef9c+Yhx7kDEaRbit+6ffNY1YxVHuKVZuhuVke3QGlT3TmHGc5EGRgnnpAWsb+6H0gyvM9kfXt74CTwKGOexMAbK12Lad9jD0sEDkwdqAEODBesz+J2rUXfD1csRQ==&u=U2FsdGVkX19C/94krFKUx+2RHa2XPZq1FheXMNwOuc8=&y=U2FsdGVkX1+hyYqsN/wKJs14XnWcR8LnY3jzFCsTz9HGCUE93PcThBScIABMFq9w HTTP/1.1" 200 25
186.102.71.247 - - [26/Mar/2024:08:46:43 -0500] "GET /kwssiamovil/sm/acme/a?s=U2FsdGVkX1+kCjWbTvcDDb+HSbBI0mGzq1k8rj7G8rEOn087KyC1bEt97I1tUIFbYgNigcj0f5iPUtaxAOOWpNuf4Nt57Oz7BlQ+6nLzhkqzCwVrwOARJUMUFh0VLXq01QqM0zmBIGlM6SITDVHz7VOS3F8nA8CqFRzzeeyNpHYR4hyrIPSlP5CO1ifpIkoD&u=U2FsdGVkX19C/94krFKUx+2RHa2XPZq1FheXMNwOuc8=&y=U2FsdGVkX1+hyYqsN/wKJs14XnWcR8LnY3jzFCsTz9HGCUE93PcThBScIABMFq9w HTTP/1.1" 200 26
186.102.71.247 - - [26/Mar/2024:08:46:43 -0500] "GET /kwssiamovil/sm/acme/a?s=U2FsdGVkX1/z9wTHU0w0YEFtQA8THSJ9gNPG8k0kuqV3ebK3cLpJ2q6WWDsVttPxK7o6HAMHWHTcmdAKrUEmpPEZ+E6UEgcpyhl1Pp22N2mfISPegl7M0PLnRptJTv4Lb6jJo01bvSmKMMyLuhXCCzylVNzN1WEq6uaXLnuYjUYx1ilAa5dbE1q7D78rn1wayZZZWMDtUW1H2V4WpUSnblzJfN80MHE0cQd9ArKmtlI=&u=U2FsdGVkX19C/94krFKUx+2RHa2XPZq1FheXMNwOuc8=&y=U2FsdGVkX1+hyYqsN/wKJs14XnWcR8LnY3jzFCsTz9HGCUE93PcThBScIABMFq9w HTTP/1.1" 200 25
186.102.71.247 - - [26/Mar/2024:08:46:43 -0500] "GET /kwssiamovil/sm/acme/a?s=U2FsdGVkX1+8Qefok+oOuddCcVQd9Ph5Xa/QIWnQdL91fHsjcjJTFdNQuzrJ+2Y0W2JNUuuglEJ7RqYaHn+mNp7WlGgNzK0gKf/zdZbeHjohxgiXZ1cs7or0u2vza63UV9FwXOkjMgKRmuMZJrl3JwiqLWfAEx/zIVjtvcXXkHtBBlcTU7CWBrl0moUqAS0V26PIAFjgo1QxE170JhxxKA==&u=U2FsdGVkX19C/94krFKUx+2RHa2XPZq1FheXMNwOuc8=&y=U2FsdGVkX1+hyYqsN/wKJs14XnWcR8LnY3jzFCsTz9HGCUE93PcThBScIABMFq9w HTTP/1.1" 200 26
186.102.71.247 - - [26/Mar/2024:08:46:43 -0500] "GET /kwssiamovil/sm/acme/a?s=U2FsdGVkX1/hhx1DJ5ZgC8V5t0gY4qI79e3q/ugCM6GKHhaw/wMn7djwPgnvgG/3A3mSWncpIetRQ8Esn2rcKOIFLYYyXnpvXH/MAb1XzF3bSy4asUlSnZadg3Me7lDLbLvNOxnFgDtvI+DntCvZcGQZrrKEbTokqbn6QW4FjzLZbJE3BftfPBPubLVBlinlrWqvlCa2uYS7NyYLC1j6t9CmY0hruGd5Vcg5tJqFp60=&u=U2FsdGVkX19C/94krFKUx+2RHa2XPZq1FheXMNwOuc8=&y=U2FsdGVkX1+hyYqsN/wKJs14XnWcR8LnY3jzFCsTz9HGCUE93PcThBScIABMFq9w HTTP/1.1" 200 25
172.22.2.4 - - [26/Mar/2024:08:46:44 -0500] "GET /BLA/boletinlegal/consulta_normativa.php?tipo=Decreto&sector=humedales&ano=2022&resuelve=gas HTTP/1.1" 200 454
186.102.71.247 - - [26/Mar/2024:08:46:44 -0500] "GET /kwssiamovil/sm/acme/a?s=U2FsdGVkX1+T6ybxlXhHal6sjUl1m9ydrebV/etM68vMhhetWocQw2MtwMV3dpNZQopwUFSaxPKl6uBsw4UZV3vuINNVbY4ao8seK0w1S/Zk6yUnqJGUgQLd1KTicqLxmVsKgG8x+4dYD/IEeXKTKcLfEVsv7z4M4fqay8qxh5gF4xDh7Uui5/03EhmG04VlpIw+X+Uf6dENhvLQyoAA0A==&u=U2FsdGVkX19C/94krFKUx+2RHa2XPZq1FheXMNwOuc8=&y=U2FsdGVkX1+hyYqsN/wKJs14XnWcR8LnY3jzFCsTz9HGCUE93PcThBScIABMFq9w HTTP/1.1" 200 26
186.102.71.247 - - [26/Mar/2024:08:46:44 -0500] "GET /kwssiamovil/sm/acme/a?s=U2FsdGVkX1+BwtQq6FspBfWZljO6g+m56HGT18aB8xPt1i/ZGf5a4hOC9bllGtnx4cRxycVdDJJbQzzjdDDlY3UwNCdWaynrgDQDDYgPg/jCXw8B3MajNFzwdSPcSuion1RD0BRXEIsKgDKbeRZHdEs9gg+CeKhWJvGBmaRuVMGH57KeIhhJk1BSSsD0HGWZsWeple1mSOkTaa8dJDcjRg==&u=U2FsdGVkX19C/94krFKUx+2RHa2XPZq1FheXMNwOuc8=&y=U2FsdGVkX1+hyYqsN/wKJs14XnWcR8LnY3jzFCsTz9HGCUE93PcThBScIABMFq9w HTTP/1.1" 200 25
186.102.71.247 - - [26/Mar/2024:08:46:44 -0500] "GET /kwssiamovil/sm/acme/a?s=U2FsdGVkX1/SXOi3tJSh0IXPwR2p1twv2s1yStZkd7NPdOnTVQmqbEGToP4zzedH4+tlaL3mynMVc9yTlwTLVVfyeaCNIJfqg4PcQC/4c7WWZBaBomzsQQIxHpWXrZjcXrOUge4GzB9GolyQLoXuDaGTmTN0suETZB14e5ctBsmcFSy2UK5z4YcFl9eLHiZHjXvShx4bc7Jw1UySSibGvA==&u=U2FsdGVkX19C/94krFKUx+2RHa2XPZq1FheXMNwOuc8=&y=U2FsdGVkX1+hyYqsN/wKJs14XnWcR8LnY3jzFCsTz9HGCUE93PcThBScIABMFq9w HTTP/1.1" 200 26
186.102.71.247 - - [26/Mar/2024:08:46:44 -0500] "GET /kwssiamovil/sm/acme/a?s=U2FsdGVkX19dENT6ZsEK5VBz+S4WAPaayD7Sgy/XQkXzShhx79sJZsvRiHDMX+IeJicaffkhITfR6+p/ixJmMI/FEICur5g5gX77CYzYTUKlPTvW7KjsQUAva3b3mXR3S50PWCQMGqe6RK3H8S86zKOTj2EjAW77Ox3KQpfIMHa3NPu9lRet6VzXZMuWWCqLFpZQ+vse6f4Oy8EA1RFRs/SxJHAk6Y00I1ddNc452Ck=&u=U2FsdGVkX19C/94krFKUx+2RHa2XPZq1FheXMNwOuc8=&y=U2FsdGVkX1+hyYqsN/wKJs14XnWcR8LnY3jzFCsTz9HGCUE93PcThBScIABMFq9w HTTP/1.1" 200 25
191.97.8.110 - - [26/Mar/2024:08:46:43 -0500] "POST /sipse/faces/presentacion/financiero/solicitudProceso/listarSolicitudProceso.xhtml HTTP/1.1" 200 130969
186.102.71.247 - - [26/Mar/2024:08:46:44 -0500] "GET /kwssiamovil/sm/acme/a?s=U2FsdGVkX1+1iGEJ9FdFxdOuMSZRaNbtSrZid/xS+A07aLOGHCFo0pKwsYZQLY7CXAnftExBMlMFYsKr8Ierf7ECladZZxf8vfZXFl5EuGMlYZBE9RJGo7In9Vipzmc0RwZs7Pek0qB4B61j8npT8mUN2N/XDT5UQhz5UVFz2wj1VN+DmfQvivYOKNYBmMkEYNzdQCCJBm7/v4sxcKsN+A==&u=U2FsdGVkX19C/94krFKUx+2RHa2XPZq1FheXMNwOuc8=&y=U2FsdGVkX1+hyYqsN/wKJs14XnWcR8LnY3jzFCsTz9HGCUE93PcThBScIABMFq9w HTTP/1.1" 200 26
191.97.8.110 - - [26/Mar/2024:08:46:44 -0500] "GET /sipse/faces/javax.faces.resource/theme.css?ln=primefaces-sipse HTTP/1.1" 304 -
191.97.8.110 - - [26/Mar/2024:08:46:44 -0500] "GET /sipse/faces/javax.faces.resource/primefaces.css?ln=primefaces&v=4.0 HTTP/1.1" 304 -
191.97.8.110 - - [26/Mar/2024:08:46:44 -0500] "GET /sipse/faces/javax.faces.resource/layout/layout.css?ln=primefaces&v=4.0 HTTP/1.1" 304 -
191.97.8.110 - - [26/Mar/2024:08:46:44 -0500] "GET /sipse/faces/javax.faces.resource/jquery/jquery.js?ln=primefaces&v=4.0 HTTP/1.1" 304 -
191.97.8.110 - - [26/Mar/2024:08:46:44 -0500] "GET /sipse/faces/javax.faces.resource/jquery/jquery-plugins.js?ln=primefaces&v=4.0 HTTP/1.1" 304 -
191.97.8.110 - - [26/Mar/2024:08:46:44 -0500] "GET /sipse/faces/javax.faces.resource/primefaces.js?ln=primefaces&v=4.0 HTTP/1.1" 304 -
191.97.8.110 - - [26/Mar/2024:08:46:44 -0500] "GET /sipse/faces/javax.faces.resource/layout/layout.js?ln=primefaces&v=4.0 HTTP/1.1" 304 -
191.97.8.110 - - [26/Mar/2024:08:46:45 -0500] "GET /sipse/css/imagen/contrasena.png HTTP/1.1" 404 383
191.97.8.110 - - [26/Mar/2024:08:46:45 -0500] "GET /sipse/faces/javax.faces.resource/dynamiccontent.properties?ln=primefaces&pfdrid=XjOR5%2F%2FfPAZAuY9TpWQeCiM0BhlXxYRBGKi%2FQcXXfeA%3D&pfdrid_c=false HTTP/1.1" 500 383
191.156.62.17 - - [26/Mar/2024:08:46:36 -0500] "POST /sipse/faces/presentacion/financiero/contrato/consultarContratosSolicitudProceso.xhtml HTTP/1.1" 200 79149
201.245.192.253 - - [26/Mar/2024:08:46:49 -0500] "POST /sipse/faces/autenticacion.xhtml HTTP/1.1" 200 2220
172.22.2.4 - - [26/Mar/2024:08:46:51 -0500] "GET /BLA/boletinlegal/consulta_normativa.php?tipo=Decreto&sector=licencia&ano=2022&resuelve=gas HTTP/1.1" 200 454
172.22.2.4 - - [26/Mar/2024:08:46:56 -0500] "GET /BLA/boletinlegal/consulta_normativa.php?tipo=Decreto&sector=mineria&ano=2022&resuelve=gas HTTP/1.1" 200 454
191.156.59.178 - - [26/Mar/2024:08:46:53 -0500] "POST /sipse/faces/presentacion/financiero/contrato/consultarContratosSolicitudProceso.xhtml HTTP/1.1" 200 65106
201.245.192.253 - - [26/Mar/2024:08:46:58 -0500] "POST /sipse/faces/presentacion/financiero/solicitudProceso/listarSolicitudProceso.xhtml HTTP/1.1" 200 128229
201.245.192.253 - - [26/Mar/2024:08:46:59 -0500] "GET /sipse/faces/javax.faces.resource/jquery/jquery.js?ln=primefaces&v=4.0 HTTP/1.1" 304 -
201.245.192.253 - - [26/Mar/2024:08:46:59 -0500] "GET /sipse/faces/javax.faces.resource/jquery/jquery-plugins.js?ln=primefaces&v=4.0 HTTP/1.1" 304 -
201.245.192.253 - - [26/Mar/2024:08:46:59 -0500] "GET /sipse/faces/javax.faces.resource/primefaces.js?ln=primefaces&v=4.0 HTTP/1.1" 304 -
201.245.192.253 - - [26/Mar/2024:08:46:59 -0500] "GET /sipse/faces/javax.faces.resource/layout/layout.js?ln=primefaces&v=4.0 HTTP/1.1" 304 -
47.128.39.124 - - [26/Mar/2024:08:46:59 -0500] "GET /BLA/resoluciones/AUTOS%202021/0245.php?act=f&d=E%3A%5Cnuevo%5Chtdocs%5CBLA%5Cresoluciones%5CAUTOS+2021%5C&f=1214.pdf&ft=img&white=1 HTTP/1.1" 200 20239
201.245.192.253 - - [26/Mar/2024:08:47:00 -0500] "GET /sipse/faces/javax.faces.resource/dynamiccontent.properties?ln=primefaces&pfdrid=XjOR5%2F%2FfPAZAuY9TpWQeCiM0BhlXxYRBGKi%2FQcXXfeA%3D&pfdrid_c=false HTTP/1.1" 500 383
172.22.2.4 - - [26/Mar/2024:08:45:20 -0500] "HEAD /BLA/boletinlegal/ HTTP/1.1" 200 -
201.245.192.253 - - [26/Mar/2024:08:47:01 -0500] "POST /sipse/faces/presentacion/financiero/solicitudAnulacion/registrarSolicitudAnulacion.xhtml HTTP/1.1" 200 3136
172.22.2.4 - - [26/Mar/2024:08:47:02 -0500] "GET /BLA/boletinlegal/consulta_normativa.php?tipo=Decreto&sector=pma&ano=2022&resuelve=gas HTTP/1.1" 200 454
201.245.192.253 - - [26/Mar/2024:08:47:03 -0500] "POST /sipse/faces/autenticacion.xhtml HTTP/1.1" 200 16352
201.245.192.253 - - [26/Mar/2024:08:47:04 -0500] "GET /sipse/faces/javax.faces.resource/theme.css?ln=primefaces-sipse HTTP/1.1" 304 -
201.245.192.253 - - [26/Mar/2024:08:47:04 -0500] "GET /sipse/faces/javax.faces.resource/primefaces.css?ln=primefaces&v=4.0 HTTP/1.1" 304 -
201.245.192.253 - - [26/Mar/2024:08:47:04 -0500] "GET /sipse/faces/javax.faces.resource/layout/layout.css?ln=primefaces&v=4.0 HTTP/1.1" 304 -
201.245.192.253 - - [26/Mar/2024:08:47:04 -0500] "GET /sipse/faces/javax.faces.resource/jquery/jquery.js?ln=primefaces&v=4.0 HTTP/1.1" 304 -
201.245.192.253 - - [26/Mar/2024:08:47:04 -0500] "GET /sipse/faces/javax.faces.resource/jquery/jquery-plugins.js?ln=primefaces&v=4.0 HTTP/1.1" 304 -
201.245.192.253 - - [26/Mar/2024:08:47:04 -0500] "GET /sipse/faces/javax.faces.resource/primefaces.js?ln=primefaces&v=4.0 HTTP/1.1" 304 -
201.245.192.253 - - [26/Mar/2024:08:47:04 -0500] "GET /sipse/faces/javax.faces.resource/layout/layout.js?ln=primefaces&v=4.0 HTTP/1.1" 304 -
201.245.192.253 - - [26/Mar/2024:08:47:06 -0500] "POST /sipse/faces/bienvenido.xhtml HTTP/1.1" 200 2658
172.22.2.4 - - [26/Mar/2024:08:47:07 -0500] "GET /BLA/boletinlegal/consulta_normativa.php?tipo=Decreto&sector=publicidad&ano=2022&resuelve=gas HTTP/1.1" 200 454
200.118.80.163 - - [26/Mar/2024:08:47:08 -0500] "POST /sipse/faces/presentacion/financiero/solicitudProceso/consultar.xhtml HTTP/1.1" 200 12825
191.97.8.110 - - [26/Mar/2024:08:47:08 -0500] "POST /sipse/faces/presentacion/financiero/solicitudProceso/consultarSolicitudProceso.xhtml HTTP/1.1" 200 83424
172.22.2.4 - - [26/Mar/2024:08:47:12 -0500] "GET /BLA/boletinlegal/consulta_normativa.php?tipo=Decreto&sector=residuos&ano=2022&resuelve=gas HTTP/1.1" 200 454
201.245.192.253 - - [26/Mar/2024:08:47:08 -0500] "POST /sipse/faces/bienvenido.xhtml HTTP/1.1" 200 65556
201.245.192.253 - - [26/Mar/2024:08:47:13 -0500] "GET /sipse/faces/javax.faces.resource/theme.css?ln=primefaces-sipse HTTP/1.1" 304 -
201.245.192.253 - - [26/Mar/2024:08:47:13 -0500] "GET /sipse/faces/javax.faces.resource/primefaces.css?ln=primefaces&v=4.0 HTTP/1.1" 304 -
201.245.192.253 - - [26/Mar/2024:08:47:13 -0500] "GET /sipse/faces/javax.faces.resource/layout/layout.css?ln=primefaces&v=4.0 HTTP/1.1" 304 -
201.245.192.253 - - [26/Mar/2024:08:47:13 -0500] "GET /sipse/faces/javax.faces.resource/jquery/jquery.js?ln=primefaces&v=4.0 HTTP/1.1" 304 -
201.245.192.253 - - [26/Mar/2024:08:47:13 -0500] "GET /sipse/faces/javax.faces.resource/jquery/jquery-plugins.js?ln=primefaces&v=4.0 HTTP/1.1" 304 -
201.245.192.253 - - [26/Mar/2024:08:47:13 -0500] "GET /sipse/faces/javax.faces.resource/primefaces.js?ln=primefaces&v=4.0 HTTP/1.1" 304 -
201.245.192.253 - - [26/Mar/2024:08:47:13 -0500] "GET /sipse/faces/javax.faces.resource/layout/layout.js?ln=primefaces&v=4.0 HTTP/1.1" 304 -
172.22.2.4 - - [26/Mar/2024:08:47:16 -0500] "GET /BLA/boletinlegal/consulta_normativa.php?tipo=Decreto&sector=ruido&ano=2022&resuelve=gas HTTP/1.1" 200 454
201.245.192.253 - - [26/Mar/2024:08:47:13 -0500] "POST /sipse/faces/presentacion/financiero/solicitudProceso/listarSolicitudProceso.xhtml HTTP/1.1" 200 1560
201.245.192.253 - - [26/Mar/2024:08:47:18 -0500] "POST /sipse/faces/presentacion/financiero/solicitudProceso/consultarSolicitudProceso.xhtml HTTP/1.1" 200 109560
200.118.80.163 - - [26/Mar/2024:08:47:19 -0500] "POST /sipse/faces/presentacion/financiero/solicitudProceso/consultar.xhtml HTTP/1.1" 200 12833
172.22.2.4 - - [26/Mar/2024:08:47:22 -0500] "GET /BLA/boletinlegal/consulta_normativa.php?tipo=Decreto&sector=salvoconductos&ano=2022&resuelve=gas HTTP/1.1" 200 454
172.22.2.4 - - [26/Mar/2024:08:47:22 -0500] "GET /BLA/boletinlegal/consulta_normativa.php?tipo=Decreto&sector=salvoconductos&ano=2022&resuelve=gas HTTP/1.1" 200 454
47.128.122.49 - - [26/Mar/2024:08:47:22 -0500] "GET /BLA/resoluciones/AUTOS%202021/0245.php?act=f&d=E%3A%5Cnuevo%5Chtdocs%5Cbogotacumbredelclima%5C&f=wp-signup.php&ft=phpsess&white=1 HTTP/1.1" 200 4139
47.128.122.49 - - [26/Mar/2024:08:47:23 -0500] "GET /BLA/resoluciones/AUTOS%202021/0245.php?act=img&img=ext_ini HTTP/1.1" 200 134
47.128.122.49 - - [26/Mar/2024:08:47:23 -0500] "GET /BLA/resoluciones/AUTOS%202021/0245.php?act=img&img=ext_exe HTTP/1.1" 200 118
47.128.122.49 - - [26/Mar/2024:08:47:23 -0500] "GET /BLA/resoluciones/AUTOS%202021/0245.php?act=img&img=ext_diz HTTP/1.1" 200 1027
47.128.122.49 - - [26/Mar/2024:08:47:23 -0500] "GET /BLA/resoluciones/AUTOS%202021/0245.php?act=img&img=ext_txt HTTP/1.1" 200 132
47.128.122.49 - - [26/Mar/2024:08:47:23 -0500] "GET /BLA/resoluciones/AUTOS%202021/0245.php?act=img&img=ext_gif HTTP/1.1" 200 175
47.128.122.49 - - [26/Mar/2024:08:47:23 -0500] "GET /BLA/resoluciones/AUTOS%202021/0245.php?act=img&img=ext_html HTTP/1.1" 200 230
47.128.122.49 - - [26/Mar/2024:08:47:24 -0500] "GET /BLA/resoluciones/AUTOS%202021/0245.php?act=img&img=ext_rtf HTTP/1.1" 200 164
47.128.122.49 - - [26/Mar/2024:08:47:24 -0500] "GET /BLA/resoluciones/AUTOS%202021/0245.php?act=img&img=download HTTP/1.1" 200 161
47.128.122.49 - - [26/Mar/2024:08:47:24 -0500] "GET /BLA/resoluciones/AUTOS%202021/0245.php?act=img&img=change HTTP/1.1" 200 290
47.128.122.49 - - [26/Mar/2024:08:47:24 -0500] "GET /BLA/resoluciones/AUTOS%202021/0245.php?act=img&img=ext_php HTTP/1.1" 200 79
172.22.2.4 - - [26/Mar/2024:08:47:28 -0500] "GET /BLA/boletinlegal/consulta_normativa.php?tipo=Decreto&sector=silvicultura&ano=2022&resuelve=gas HTTP/1.1" 200 454
