201.245.192.253 - - [26/Mar/2024:04:29:36 -0500] "POST /kwsrmcab/Wsrmcab HTTP/1.1" 200 34110
216.245.221.92 - - [26/Mar/2024:04:29:43 -0500] "HEAD / HTTP/1.1" 200 -
66.249.66.20 - - [26/Mar/2024:04:30:03 -0500] "GET /BLA/resoluciones/RESOLUCIONES%202009/4480.pdf HTTP/1.1" 200 783941
201.245.192.253 - - [26/Mar/2024:04:30:14 -0500] "POST /kwsrmcab/Wsrmcab HTTP/1.1" 200 37920
172.22.2.4 - - [26/Mar/2024:04:28:41 -0500] "HEAD /BLA/boletinlegal/ HTTP/1.1" 200 -
201.245.192.253 - - [26/Mar/2024:04:30:54 -0500] "POST /kwsrmcab/Wsrmcab  HTTP/1.1" 200 39660
47.128.127.155 - - [26/Mar/2024:04:30:57 -0500] "GET /BLA/resoluciones/dlf/dirup.png HTTP/1.1" 200 644
47.128.127.155 - - [26/Mar/2024:04:30:57 -0500] "GET /BLA/resoluciones/dlf/pdf.gif HTTP/1.1" 200 272
172.22.2.4 - - [26/Mar/2024:04:29:32 -0500] "GET /BLA/boletinlegal/ HTTP/1.1" 200 58273
201.245.192.253 - - [26/Mar/2024:04:31:23 -0500] "POST /kwsrmcab/Wsrmcab HTTP/1.1" 200 34110
47.128.127.155 - - [26/Mar/2024:04:30:56 -0500] "GET /BLA/resoluciones/index.php?dir=AUTOS%202020%2F&order=asc&sort=name HTTP/1.1" 200 229323
66.249.66.21 - - [26/Mar/2024:04:33:36 -0500] "GET /BLA/resoluciones/RESOLUCIONES%202008/4510.pdf HTTP/1.1" 200 667846
52.15.147.27 - - [26/Mar/2024:04:34:10 -0500] "HEAD / HTTP/1.1" 200 -
216.245.221.92 - - [26/Mar/2024:04:34:43 -0500] "HEAD / HTTP/1.1" 200 -
201.245.192.253 - - [26/Mar/2024:04:35:51 -0500] "POST /kwsrmcab/Wsrmcab  HTTP/1.1" 200 39660
172.22.2.4 - - [26/Mar/2024:04:34:25 -0500] "HEAD /BLA/boletinlegal/ HTTP/1.1" 200 -
172.22.2.4 - - [26/Mar/2024:04:34:31 -0500] "HEAD /BLA/boletinlegal/ HTTP/1.1" 200 -
190.217.28.46 - - [26/Mar/2024:04:36:25 -0500] "GET /BLA/resoluciones/ HTTP/1.1" 200 14105
190.217.28.46 - - [26/Mar/2024:04:36:30 -0500] "GET /BLA/resoluciones/index.php?dir=RESOLUCIONES+2016%2F HTTP/1.1" 200 172500
172.22.2.4 - - [26/Mar/2024:04:35:03 -0500] "GET /BLA/boletinlegal/ HTTP/1.1" 200 49224
52.167.144.203 - - [26/Mar/2024:04:36:43 -0500] "GET /BLA/resoluciones/AUTOS%202020/3635.pdf HTTP/1.1" 200 421133
190.217.28.46 - - [26/Mar/2024:04:36:51 -0500] "GET /BLA/resoluciones/index.php HTTP/1.1" 200 14105
190.217.28.46 - - [26/Mar/2024:04:36:56 -0500] "GET /BLA/resoluciones/index.php?dir=RESOLUCIONES+2018%2F HTTP/1.1" 200 285275
172.22.2.4 - - [26/Mar/2024:04:35:22 -0500] "GET /BLA/boletinlegal/ HTTP/1.1" 200 51986
190.217.28.46 - - [26/Mar/2024:04:37:02 -0500] "GET /BLA/resoluciones/RESOLUCIONES%202018/3006.pdf HTTP/1.1" 200 391808
216.244.66.195 - - [26/Mar/2024:04:37:29 -0500] "GET /BLA/resoluciones/AUTOS%202010/1157.pdf HTTP/1.1" 200 147054
216.244.66.195 - - [26/Mar/2024:04:37:48 -0500] "GET /BLA/resoluciones/AUTOS%202010/1381.pdf HTTP/1.1" 200 287527
172.22.2.4 - - [26/Mar/2024:04:38:26 -0500] "GET /BLA/boletinlegal/Directivas/2019/Directiva%20No.%200001%20del%2011%20de%20junio%20de%202019.pdf HTTP/1.1" 200 228190
216.244.66.195 - - [26/Mar/2024:04:38:31 -0500] "GET /BLA/resoluciones/AUTOS%202010/1454.pdf HTTP/1.1" 200 268931
172.22.2.4 - - [26/Mar/2024:04:38:59 -0500] "GET /BLA/boletinlegal/Directivas/2022/DIRECTIVA%20No.%2000002%20DEL%2022%20DE%20JUNIO%20DEL%202022.pdf HTTP/1.1" 304 -
216.244.66.195 - - [26/Mar/2024:04:39:12 -0500] "GET /BLA/resoluciones/AUTOS%202010/3729.pdf HTTP/1.1" 200 35040
201.245.192.253 - - [26/Mar/2024:04:39:36 -0500] "POST /kwsrmcab/Wsrmcab HTTP/1.1" 200 40058
201.245.192.253 - - [26/Mar/2024:04:39:36 -0500] "POST /kwsrmcab/Wsrmcab HTTP/1.1" 200 34110
216.245.221.92 - - [26/Mar/2024:04:39:43 -0500] "HEAD / HTTP/1.1" 200 -
216.244.66.195 - - [26/Mar/2024:04:39:45 -0500] "GET /BLA/resoluciones/AUTOS%202010/3769.pdf HTTP/1.1" 200 287375
201.245.192.253 - - [26/Mar/2024:04:40:13 -0500] "POST /kwsrmcab/Wsrmcab HTTP/1.1" 200 37920
216.244.66.195 - - [26/Mar/2024:04:40:24 -0500] "GET /BLA/resoluciones/AUTOS%202010/4397.pdf HTTP/1.1" 200 141403
47.128.19.113 - - [26/Mar/2024:04:40:35 -0500] "GET /BLA/resoluciones/index.php?dir=AUTOS%202006%2FAUTOS%202006%20201-300%2F&order=asc&sort=name HTTP/1.1" 200 21766
47.128.19.113 - - [26/Mar/2024:04:40:37 -0500] "GET /BLA/resoluciones/dlf/dirup.png HTTP/1.1" 200 644
47.128.19.113 - - [26/Mar/2024:04:40:37 -0500] "GET /BLA/resoluciones/dlf/unknown.png HTTP/1.1" 200 266
201.245.192.253 - - [26/Mar/2024:04:40:50 -0500] "POST /kwsrmcab/Wsrmcab  HTTP/1.1" 200 39660
216.244.66.195 - - [26/Mar/2024:04:40:59 -0500] "GET /BLA/resoluciones/AUTOS%202010/4634.pdf HTTP/1.1" 200 327633
201.245.192.253 - - [26/Mar/2024:04:41:23 -0500] "POST /kwsrmcab/Wsrmcab HTTP/1.1" 200 34110
216.244.66.195 - - [26/Mar/2024:04:41:37 -0500] "GET /BLA/resoluciones/AUTOS%202010/4640.pdf HTTP/1.1" 200 547477
172.22.2.4 - - [26/Mar/2024:04:40:21 -0500] "HEAD /BLA/boletinlegal/ HTTP/1.1" 200 -
216.244.66.195 - - [26/Mar/2024:04:42:20 -0500] "GET /BLA/resoluciones/AUTOS%202010/5495.pdf HTTP/1.1" 200 214017
52.167.144.192 - - [26/Mar/2024:04:42:42 -0500] "GET /BLA/resoluciones/RESOLUCIONES%202022/5112.pdf HTTP/1.1" 200 516582
172.22.2.4 - - [26/Mar/2024:04:41:12 -0500] "GET /BLA/boletinlegal/ HTTP/1.1" 200 55823
216.244.66.195 - - [26/Mar/2024:04:42:54 -0500] "GET /BLA/resoluciones/AUTOS%202010/5531.pdf HTTP/1.1" 200 225124
216.244.66.195 - - [26/Mar/2024:04:43:30 -0500] "GET /BLA/resoluciones/AUTOS%202010/5585.pdf HTTP/1.1" 200 548936
216.244.66.195 - - [26/Mar/2024:04:44:00 -0500] "GET /BLA/resoluciones/AUTOS%202010/6360.pdf HTTP/1.1" 200 114959
216.244.66.195 - - [26/Mar/2024:04:44:27 -0500] "GET /BLA/resoluciones/AUTOS%202010/6765.pdf HTTP/1.1" 200 293293
216.245.221.92 - - [26/Mar/2024:04:44:43 -0500] "HEAD / HTTP/1.1" 200 -
216.244.66.195 - - [26/Mar/2024:04:45:05 -0500] "GET /BLA/resoluciones/AUTOS%202010/6816.pdf HTTP/1.1" 200 147983
201.245.192.253 - - [26/Mar/2024:04:45:49 -0500] "POST /kwsrmcab/Wsrmcab  HTTP/1.1" 200 39660
172.22.2.4 - - [26/Mar/2024:04:45:17 -0500] "GET /BLA/boletinlegal/ HTTP/1.1" 200 59083
66.249.66.19 - - [26/Mar/2024:04:47:15 -0500] "GET /BLA/resoluciones/RESOLUCIONES%202007/RES%202007%202201%20AL%202300/RESOLUCION%202222%20DE%202007.pdf HTTP/1.1" 200 1645105
47.128.28.188 - - [26/Mar/2024:04:47:38 -0500] "GET /BLA/resoluciones/AUTOS%202021/0245.php?act=chmod&d=E%3A%5Cnuevo%5Chtdocs%5Ccumbreclima%5Cwp-includes&f=kses.php HTTP/1.1" 200 2883
172.22.2.4 - - [26/Mar/2024:04:46:11 -0500] "HEAD /BLA/boletinlegal/ HTTP/1.1" 200 -
47.128.124.226 - - [26/Mar/2024:04:48:03 -0500] "GET /BLA/resoluciones/AUTOS%202021/0245.php?act=img&img=ext_pdf HTTP/1.1" 200 1034
47.128.124.226 - - [26/Mar/2024:04:48:03 -0500] "GET /BLA/resoluciones/AUTOS%202021/0245.php?act=img&img=ext_gif HTTP/1.1" 200 175
47.128.124.226 - - [26/Mar/2024:04:48:03 -0500] "GET /BLA/resoluciones/AUTOS%202021/0245.php?act=img&img=ext_txt HTTP/1.1" 200 132
47.128.124.226 - - [26/Mar/2024:04:48:03 -0500] "GET /BLA/resoluciones/AUTOS%202021/0245.php?act=img&img=ext_diz HTTP/1.1" 200 1027
47.128.124.226 - - [26/Mar/2024:04:48:03 -0500] "GET /BLA/resoluciones/AUTOS%202021/0245.php?act=img&img=ext_html HTTP/1.1" 200 230
47.128.124.226 - - [26/Mar/2024:04:48:03 -0500] "GET /BLA/resoluciones/AUTOS%202021/0245.php?act=img&img=ext_exe HTTP/1.1" 200 118
47.128.124.226 - - [26/Mar/2024:04:48:04 -0500] "GET /BLA/resoluciones/AUTOS%202021/0245.php?act=img&img=ext_rtf HTTP/1.1" 200 164
47.128.124.226 - - [26/Mar/2024:04:48:04 -0500] "GET /BLA/resoluciones/AUTOS%202021/0245.php?act=img&img=ext_ini HTTP/1.1" 200 134
47.128.124.226 - - [26/Mar/2024:04:48:04 -0500] "GET /BLA/resoluciones/AUTOS%202021/0245.php?act=img&img=change HTTP/1.1" 200 290
47.128.124.226 - - [26/Mar/2024:04:48:04 -0500] "GET /BLA/resoluciones/AUTOS%202021/0245.php?act=img&img=download HTTP/1.1" 200 161
47.128.124.54 - - [26/Mar/2024:04:48:26 -0500] "GET /BLA/resoluciones/AUTOS%202021/0245.php?act=feedback&d=E%3A%5Cnuevo%5Chtdocs%5Cecodirectorio%5C HTTP/1.1" 200 2910
47.128.124.226 - - [26/Mar/2024:04:48:02 -0500] "GET /BLA/resoluciones/AUTOS%202021/0245.php?act=f&d=E%3A%5Cnuevo%5Chtdocs%5CBLA%5Cresoluciones%5CAUTOS+2021%5C&f=4840.pdf&ft=html HTTP/1.1" 200 350297
172.22.2.4 - - [26/Mar/2024:04:47:02 -0500] "GET /BLA/boletinlegal/ HTTP/1.1" 200 58720
47.128.25.20 - - [26/Mar/2024:04:48:50 -0500] "GET /BLA/resoluciones/AUTOS%202021/0245.php?act=chmod&d=E%3A%5Cnuevo%5Chtdocs%5CBLA%5Cresoluciones%5CAUTOS+2021&f=6797.pdf HTTP/1.1" 200 2901
172.22.2.4 - - [26/Mar/2024:04:48:50 -0500] "GET /BLA/boletinlegal/jurisprudencia/analisis/G__Jurisp.%20Junio%202014_ANALISIS%20JURISPRUDENCIA%20C-634-12%20DECOMISO.docx HTTP/1.1" 304 -
47.128.126.92 - - [26/Mar/2024:04:49:19 -0500] "GET /robots.txt HTTP/1.1" 404 1018
47.128.119.56 - - [26/Mar/2024:04:49:38 -0500] "GET /BLA/resoluciones/index.php?dir=RESOLUCIONES+2002%2FRES+2002+351-400%2F HTTP/1.1" 200 12209
47.128.119.56 - - [26/Mar/2024:04:49:39 -0500] "GET /BLA/resoluciones/dlf/dirup.png HTTP/1.1" 200 644
47.128.119.56 - - [26/Mar/2024:04:49:39 -0500] "GET /BLA/resoluciones/dlf/unknown.png HTTP/1.1" 200 266
216.245.221.92 - - [26/Mar/2024:04:49:43 -0500] "HEAD / HTTP/1.1" 200 -
178.128.80.135 - - [26/Mar/2024:04:50:02 -0500] "GET /robots.txt HTTP/1.1" 404 1018
201.245.192.253 - - [26/Mar/2024:04:50:47 -0500] "POST /kwsrmcab/Wsrmcab  HTTP/1.1" 200 39660
172.22.2.4 - - [26/Mar/2024:04:51:44 -0500] "GET /BLA/boletinlegal/jurisprudencia/analisis/Analisis%20Jurisprudencia%20Sent%202000-00005-01.doc HTTP/1.1" 200 52736
47.128.61.74 - - [26/Mar/2024:04:53:22 -0500] "GET /BLA/resoluciones/AUTOS%202021/0245.php?act=f&d=E%3A%5Cnuevo%5Chtdocs%5CBLA%5Cresoluciones%5CAUTOS+2021&f=5515.pdf&ft=edit HTTP/1.1" 200 3105
47.128.61.74 - - [26/Mar/2024:04:53:23 -0500] "GET /BLA/resoluciones/AUTOS%202021/0245.php?act=img&img=ext_diz HTTP/1.1" 200 1027
47.128.61.74 - - [26/Mar/2024:04:53:23 -0500] "GET /BLA/resoluciones/AUTOS%202021/0245.php?act=img&img=ext_html HTTP/1.1" 200 230
47.128.61.74 - - [26/Mar/2024:04:53:23 -0500] "GET /BLA/resoluciones/AUTOS%202021/0245.php?act=img&img=ext_gif HTTP/1.1" 200 175
47.128.61.74 - - [26/Mar/2024:04:53:23 -0500] "GET /BLA/resoluciones/AUTOS%202021/0245.php?act=img&img=ext_exe HTTP/1.1" 200 118
47.128.61.74 - - [26/Mar/2024:04:53:23 -0500] "GET /BLA/resoluciones/AUTOS%202021/0245.php?act=img&img=ext_pdf HTTP/1.1" 200 1034
47.128.61.74 - - [26/Mar/2024:04:53:23 -0500] "GET /BLA/resoluciones/AUTOS%202021/0245.php?act=img&img=ext_txt HTTP/1.1" 200 132
47.128.61.74 - - [26/Mar/2024:04:53:23 -0500] "GET /BLA/resoluciones/AUTOS%202021/0245.php?act=img&img=ext_rtf HTTP/1.1" 200 164
47.128.61.74 - - [26/Mar/2024:04:53:23 -0500] "GET /BLA/resoluciones/AUTOS%202021/0245.php?act=img&img=download HTTP/1.1" 200 161
47.128.61.74 - - [26/Mar/2024:04:53:23 -0500] "GET /BLA/resoluciones/AUTOS%202021/0245.php?act=img&img=change HTTP/1.1" 200 290
47.128.61.74 - - [26/Mar/2024:04:53:23 -0500] "GET /BLA/resoluciones/AUTOS%202021/0245.php?act=img&img=ext_ini HTTP/1.1" 200 134
172.22.2.4 - - [26/Mar/2024:04:53:26 -0500] "GET /BLA/boletinlegal/Circulares/2012/Circular%20No.%205%20del%2027%20de%20Abril%20de%202012.pdf HTTP/1.1" 200 216613
172.22.2.4 - - [26/Mar/2024:04:52:01 -0500] "HEAD /BLA/boletinlegal/ HTTP/1.1" 200 -
172.22.2.4 - - [26/Mar/2024:04:52:52 -0500] "GET /BLA/boletinlegal/ HTTP/1.1" 200 58273
216.245.221.92 - - [26/Mar/2024:04:54:43 -0500] "HEAD / HTTP/1.1" 200 -
47.128.34.148 - - [26/Mar/2024:04:54:53 -0500] "GET /BLA/resoluciones/index.php?dir=RESOLUCIONES%202005%2F&order=desc&sort=date HTTP/1.1" 200 49687
47.128.34.148 - - [26/Mar/2024:04:54:53 -0500] "GET /BLA/resoluciones/dlf/folder.png HTTP/1.1" 200 410
47.128.34.148 - - [26/Mar/2024:04:54:53 -0500] "GET /BLA/resoluciones/dlf/dirup.png HTTP/1.1" 200 644
47.128.34.148 - - [26/Mar/2024:04:54:54 -0500] "GET /BLA/resoluciones/dlf/unknown.png HTTP/1.1" 200 266
47.128.34.148 - - [26/Mar/2024:04:54:54 -0500] "GET /BLA/resoluciones/dlf/pdf.gif HTTP/1.1" 200 272
172.22.2.4 - - [26/Mar/2024:04:55:29 -0500] "GET /BLA/boletinlegal/jurisprudencia/analisis/CUADRO%20ANALISIS%20SENTENCIA%20C-554%20DE%202007.doc HTTP/1.1" 200 35328
201.245.192.253 - - [26/Mar/2024:04:55:45 -0500] "POST /kwsrmcab/Wsrmcab  HTTP/1.1" 200 39660
52.22.236.30 - - [26/Mar/2024:04:56:41 -0500] "HEAD / HTTP/1.1" 200 -
216.244.66.195 - - [26/Mar/2024:04:57:08 -0500] "GET /robots.txt HTTP/1.1" 404 1018
47.128.127.194 - - [26/Mar/2024:04:57:39 -0500] "GET /BLA/resoluciones/dlf/dirup.png HTTP/1.1" 200 644
47.128.127.194 - - [26/Mar/2024:04:57:39 -0500] "GET /BLA/resoluciones/dlf/unknown.png HTTP/1.1" 200 266
47.128.127.194 - - [26/Mar/2024:04:57:38 -0500] "GET /BLA/resoluciones/index.php?dir=RESOLUCIONES%202005%2FRES%202005%202701%20-2750%2F&order=desc&sort=name HTTP/1.1" 200 12403
172.22.2.4 - - [26/Mar/2024:04:57:51 -0500] "HEAD /BLA/boletinlegal/ HTTP/1.1" 200 -
216.245.221.92 - - [26/Mar/2024:04:59:43 -0500] "HEAD / HTTP/1.1" 200 -
66.249.66.19 - - [26/Mar/2024:04:59:47 -0500] "GET /BLA/resoluciones/RESOLUCIONES%202009/5481.pdf HTTP/1.1" 200 499241
47.128.123.67 - - [26/Mar/2024:04:59:51 -0500] "GET /BLA/resoluciones/AUTOS%202021/0245.php?act=cmd&d=E%3A%5Cnuevo%5Chtdocs%5Cautodeclaracion%5C HTTP/1.1" 200 2735
47.128.63.10 - - [26/Mar/2024:05:00:14 -0500] "GET /BLA/resoluciones/AUTOS%202021/0245.php?act=d&d=E%3A%5Cnuevo%5Chtdocs%5CBLA%5Cresoluciones%5CAUTOS+2003 HTTP/1.1" 200 2798
172.22.2.4 - - [26/Mar/2024:05:00:15 -0500] "GET /BLA/boletinlegal/Directivas/2019/Directiva%20No.%200001%20del%2011%20de%20junio%20de%202019.pdf HTTP/1.1" 200 228190
172.22.2.4 - - [26/Mar/2024:04:58:42 -0500] "GET /BLA/boletinlegal/ HTTP/1.1" 200 46045
172.22.2.4 - - [26/Mar/2024:05:00:41 -0500] "GET /BLA/boletinlegal/sugerencias.php HTTP/1.1" 200 8615
172.22.2.4 - - [26/Mar/2024:05:00:41 -0500] "GET /BLA/boletinlegal/images/cabezote%20BLEGAL.jpg HTTP/1.1" 200 118164
172.22.2.4 - - [26/Mar/2024:05:00:41 -0500] "GET /BLA/boletinlegal/images/subscribe-icon-big.png HTTP/1.1" 200 47702
172.22.2.4 - - [26/Mar/2024:05:00:42 -0500] "GET /BLA/boletinlegal/images/historia.png HTTP/1.1" 200 52775
172.22.2.4 - - [26/Mar/2024:05:00:42 -0500] "GET /BLA/boletinlegal/images/registro-usuarios.png HTTP/1.1" 200 8106
172.22.2.4 - - [26/Mar/2024:05:00:42 -0500] "GET /BLA/boletinlegal/images/tel.png HTTP/1.1" 200 14477
172.22.2.4 - - [26/Mar/2024:05:00:43 -0500] "GET /BLA/boletinlegal/images/icono-email.png HTTP/1.1" 200 5544
201.245.192.253 - - [26/Mar/2024:05:00:44 -0500] "POST /kwsrmcab/Wsrmcab  HTTP/1.1" 200 39660
172.22.2.4 - - [26/Mar/2024:04:59:07 -0500] "HEAD /BLA/boletinlegal/ HTTP/1.1" 200 -
172.22.2.4 - - [26/Mar/2024:04:59:46 -0500] "GET /BLA/boletinlegal/ HTTP/1.1" 200 53419
40.77.167.67 - - [26/Mar/2024:05:02:40 -0500] "GET /secretaria-de-ambiente-unidos-por-un-nuevo-aire.html HTTP/1.1" 200 792
52.167.144.139 - - [26/Mar/2024:05:02:52 -0500] "GET /BLA/resoluciones/RESOLUCIONES%202022/4457.pdf HTTP/1.1" 200 470342
40.77.167.13 - - [26/Mar/2024:05:03:14 -0500] "GET /BLA/resoluciones/RESOLUCIONES%202023/02957.pdf HTTP/1.1" 200 478095
216.245.221.92 - - [26/Mar/2024:05:04:43 -0500] "HEAD / HTTP/1.1" 200 -
152.203.51.249 - - [26/Mar/2024:05:05:15 -0500] "GET /BLA/resoluciones/ HTTP/1.1" 200 14105
152.203.51.249 - - [26/Mar/2024:05:05:16 -0500] "GET /favicon.ico HTTP/1.1" 200 7782
172.22.2.4 - - [26/Mar/2024:05:03:41 -0500] "HEAD /BLA/boletinlegal/ HTTP/1.1" 200 -
168.119.252.242 - - [26/Mar/2024:05:05:28 -0500] "GET / HTTP/1.1" 200 4720
152.203.51.249 - - [26/Mar/2024:05:05:28 -0500] "GET /BLA/resoluciones/index.php?dir=AUTOS+2011%2F HTTP/1.1" 200 638566
114.119.135.199 - - [26/Mar/2024:05:05:38 -0500] "GET /galeria/galeria/fotos/MeandrodelSay3g.jpg HTTP/1.1" 200 365658
201.245.192.253 - - [26/Mar/2024:05:05:43 -0500] "POST /kwsrmcab/Wsrmcab  HTTP/1.1" 200 39660
152.203.51.249 - - [26/Mar/2024:05:06:04 -0500] "GET /BLA/resoluciones/AUTOS%202011/7786.pdf HTTP/1.1" 200 146704
152.203.51.249 - - [26/Mar/2024:05:06:04 -0500] "GET /BLA/resoluciones/AUTOS%202011/7786.pdf HTTP/1.1" 206 1025
152.203.51.249 - - [26/Mar/2024:05:06:04 -0500] "GET /BLA/resoluciones/AUTOS%202011/7786.pdf HTTP/1.1" 200 146704
172.22.2.4 - - [26/Mar/2024:05:04:32 -0500] "GET /BLA/boletinlegal/ HTTP/1.1" 200 59967
172.22.2.4 - - [26/Mar/2024:05:08:26 -0500] "GET /BLA/boletinlegal/Directivas/2022/DIRECTIVA%20No.%2000002%20DEL%2022%20DE%20JUNIO%20DEL%202022.pdf HTTP/1.1" 200 384175
172.22.2.4 - - [26/Mar/2024:05:08:42 -0500] "GET /BLA/boletinlegal/jurisprudencia/analisis/CUADRO%20SENTENCIA%20T-299%20DE%202008.doc HTTP/1.1" 304 -
216.245.221.92 - - [26/Mar/2024:05:09:43 -0500] "HEAD / HTTP/1.1" 200 -
201.245.192.253 - - [26/Mar/2024:05:10:41 -0500] "POST /kwsrmcab/Wsrmcab  HTTP/1.1" 200 39660
172.22.2.4 - - [26/Mar/2024:05:09:31 -0500] "HEAD /BLA/boletinlegal/ HTTP/1.1" 200 -
172.22.2.4 - - [26/Mar/2024:05:10:22 -0500] "GET /BLA/boletinlegal/ HTTP/1.1" 200 53818
47.128.119.164 - - [26/Mar/2024:05:12:47 -0500] "GET /BLA/resoluciones/AUTOS%202021/0245.php?act=f&d=E%3A%5Cnuevo%5Chtdocs%5CBLA%5Cresoluciones%5CAUTOS+2021%5C&f=0594.pdf&ft=txt&white=1 HTTP/1.1" 200 3005
47.128.119.164 - - [26/Mar/2024:05:12:48 -0500] "GET /BLA/resoluciones/AUTOS%202021/0245.php?act=img&img=ext_txt HTTP/1.1" 200 132
47.128.119.164 - - [26/Mar/2024:05:12:48 -0500] "GET /BLA/resoluciones/AUTOS%202021/0245.php?act=img&img=ext_pdf HTTP/1.1" 200 1034
47.128.119.164 - - [26/Mar/2024:05:12:48 -0500] "GET /BLA/resoluciones/AUTOS%202021/0245.php?act=img&img=ext_html HTTP/1.1" 200 230
47.128.119.164 - - [26/Mar/2024:05:12:48 -0500] "GET /BLA/resoluciones/AUTOS%202021/0245.php?act=img&img=ext_exe HTTP/1.1" 200 118
47.128.119.164 - - [26/Mar/2024:05:12:48 -0500] "GET /BLA/resoluciones/AUTOS%202021/0245.php?act=img&img=ext_diz HTTP/1.1" 200 1027
47.128.119.164 - - [26/Mar/2024:05:12:48 -0500] "GET /BLA/resoluciones/AUTOS%202021/0245.php?act=img&img=ext_gif HTTP/1.1" 200 175
47.128.119.164 - - [26/Mar/2024:05:12:48 -0500] "GET /BLA/resoluciones/AUTOS%202021/0245.php?act=img&img=ext_rtf HTTP/1.1" 200 164
47.128.119.164 - - [26/Mar/2024:05:12:48 -0500] "GET /BLA/resoluciones/AUTOS%202021/0245.php?act=img&img=change HTTP/1.1" 200 290
47.128.119.164 - - [26/Mar/2024:05:12:48 -0500] "GET /BLA/resoluciones/AUTOS%202021/0245.php?act=img&img=ext_ini HTTP/1.1" 200 134
47.128.119.164 - - [26/Mar/2024:05:12:48 -0500] "GET /BLA/resoluciones/AUTOS%202021/0245.php?act=img&img=download HTTP/1.1" 200 161
47.128.44.94 - - [26/Mar/2024:05:13:11 -0500] "GET /BLA/resoluciones/AUTOS%202021/0245.php?act=f&d=E%3A%5Cnuevo%5Chtdocs%5CBLA%5Cresoluciones%5CAUTOS+2021&f=3082.pdf&ft=info HTTP/1.1" 200 3846
47.128.44.94 - - [26/Mar/2024:05:13:12 -0500] "GET /BLA/resoluciones/AUTOS%202021/0245.php?act=img&img=ext_ini HTTP/1.1" 200 134
47.128.44.94 - - [26/Mar/2024:05:13:12 -0500] "GET /BLA/resoluciones/AUTOS%202021/0245.php?act=img&img=ext_diz HTTP/1.1" 200 1027
47.128.44.94 - - [26/Mar/2024:05:13:12 -0500] "GET /BLA/resoluciones/AUTOS%202021/0245.php?act=img&img=ext_txt HTTP/1.1" 200 132
47.128.44.94 - - [26/Mar/2024:05:13:12 -0500] "GET /BLA/resoluciones/AUTOS%202021/0245.php?act=img&img=ext_html HTTP/1.1" 200 230
47.128.44.94 - - [26/Mar/2024:05:13:12 -0500] "GET /BLA/resoluciones/AUTOS%202021/0245.php?act=img&img=ext_gif HTTP/1.1" 200 175
47.128.44.94 - - [26/Mar/2024:05:13:12 -0500] "GET /BLA/resoluciones/AUTOS%202021/0245.php?act=img&img=ext_exe HTTP/1.1" 200 118
47.128.44.94 - - [26/Mar/2024:05:13:12 -0500] "GET /BLA/resoluciones/AUTOS%202021/0245.php?act=img&img=ext_rtf HTTP/1.1" 200 164
47.128.44.94 - - [26/Mar/2024:05:13:12 -0500] "GET /BLA/resoluciones/AUTOS%202021/0245.php?act=img&img=download HTTP/1.1" 200 161
47.128.44.94 - - [26/Mar/2024:05:13:12 -0500] "GET /BLA/resoluciones/AUTOS%202021/0245.php?act=img&img=ext_pdf HTTP/1.1" 200 1034
47.128.44.94 - - [26/Mar/2024:05:13:12 -0500] "GET /BLA/resoluciones/AUTOS%202021/0245.php?act=img&img=change HTTP/1.1" 200 290
47.128.124.123 - - [26/Mar/2024:05:13:36 -0500] "GET /BLA/resoluciones/AUTOS%202021/0245.php?act=f&d=E%3A%5Cnuevo%5Chtdocs%5CBLA%5Cresoluciones%5CAUTOS+2021%5C&f=4888.pdf&ft=sdb HTTP/1.1" 200 3014
47.128.124.123 - - [26/Mar/2024:05:13:37 -0500] "GET /BLA/resoluciones/AUTOS%202021/0245.php?act=img&img=ext_diz HTTP/1.1" 200 1027
47.128.124.123 - - [26/Mar/2024:05:13:37 -0500] "GET /BLA/resoluciones/AUTOS%202021/0245.php?act=img&img=ext_pdf HTTP/1.1" 200 1034
47.128.124.123 - - [26/Mar/2024:05:13:37 -0500] "GET /BLA/resoluciones/AUTOS%202021/0245.php?act=img&img=ext_html HTTP/1.1" 200 230
47.128.124.123 - - [26/Mar/2024:05:13:37 -0500] "GET /BLA/resoluciones/AUTOS%202021/0245.php?act=img&img=change HTTP/1.1" 200 290
47.128.124.123 - - [26/Mar/2024:05:13:37 -0500] "GET /BLA/resoluciones/AUTOS%202021/0245.php?act=img&img=ext_gif HTTP/1.1" 200 175
47.128.124.123 - - [26/Mar/2024:05:13:37 -0500] "GET /BLA/resoluciones/AUTOS%202021/0245.php?act=img&img=ext_exe HTTP/1.1" 200 118
47.128.124.123 - - [26/Mar/2024:05:13:37 -0500] "GET /BLA/resoluciones/AUTOS%202021/0245.php?act=img&img=ext_ini HTTP/1.1" 200 134
47.128.124.123 - - [26/Mar/2024:05:13:37 -0500] "GET /BLA/resoluciones/AUTOS%202021/0245.php?act=img&img=ext_rtf HTTP/1.1" 200 164
47.128.124.123 - - [26/Mar/2024:05:13:37 -0500] "GET /BLA/resoluciones/AUTOS%202021/0245.php?act=img&img=ext_txt HTTP/1.1" 200 132
47.128.124.123 - - [26/Mar/2024:05:13:37 -0500] "GET /BLA/resoluciones/AUTOS%202021/0245.php?act=img&img=download HTTP/1.1" 200 161
146.19.24.28 - - [26/Mar/2024:05:13:55 -0500] "GET / HTTP/1.1" 200 319
47.128.29.123 - - [26/Mar/2024:05:13:59 -0500] "GET /BLA/resoluciones/AUTOS%202021/0245.php?act=f&d=E%3A%5Cnuevo%5Chtdocs%5Ccumbredelclima%5Cwp-includes&f=revision.php&ft=info HTTP/1.1" 200 3726
47.128.29.123 - - [26/Mar/2024:05:14:00 -0500] "GET /BLA/resoluciones/AUTOS%202021/0245.php?act=img&img=ext_ini HTTP/1.1" 200 134
47.128.29.123 - - [26/Mar/2024:05:14:00 -0500] "GET /BLA/resoluciones/AUTOS%202021/0245.php?act=img&img=ext_gif HTTP/1.1" 200 175
47.128.29.123 - - [26/Mar/2024:05:14:00 -0500] "GET /BLA/resoluciones/AUTOS%202021/0245.php?act=img&img=ext_diz HTTP/1.1" 200 1027
47.128.29.123 - - [26/Mar/2024:05:14:00 -0500] "GET /BLA/resoluciones/AUTOS%202021/0245.php?act=img&img=ext_html HTTP/1.1" 200 230
47.128.29.123 - - [26/Mar/2024:05:14:00 -0500] "GET /BLA/resoluciones/AUTOS%202021/0245.php?act=img&img=ext_exe HTTP/1.1" 200 118
47.128.29.123 - - [26/Mar/2024:05:14:00 -0500] "GET /BLA/resoluciones/AUTOS%202021/0245.php?act=img&img=ext_txt HTTP/1.1" 200 132
47.128.29.123 - - [26/Mar/2024:05:14:00 -0500] "GET /BLA/resoluciones/AUTOS%202021/0245.php?act=img&img=change HTTP/1.1" 200 290
47.128.29.123 - - [26/Mar/2024:05:14:00 -0500] "GET /BLA/resoluciones/AUTOS%202021/0245.php?act=img&img=ext_rtf HTTP/1.1" 200 164
47.128.29.123 - - [26/Mar/2024:05:14:00 -0500] "GET /BLA/resoluciones/AUTOS%202021/0245.php?act=img&img=download HTTP/1.1" 200 161
47.128.29.123 - - [26/Mar/2024:05:14:00 -0500] "GET /BLA/resoluciones/AUTOS%202021/0245.php?act=img&img=ext_php HTTP/1.1" 200 79
216.245.221.92 - - [26/Mar/2024:05:14:43 -0500] "HEAD / HTTP/1.1" 200 -
40.77.167.73 - - [26/Mar/2024:05:15:25 -0500] "GET /BLA/resoluciones/AUTOS%202022/4769.pdf HTTP/1.1" 304 -
201.245.192.253 - - [26/Mar/2024:05:15:39 -0500] "POST /kwsrmcab/Wsrmcab  HTTP/1.1" 200 39660
172.22.2.4 - - [26/Mar/2024:05:15:21 -0500] "HEAD /BLA/boletinlegal/ HTTP/1.1" 200 -
186.28.136.245 - - [26/Mar/2024:05:17:05 -0500] "GET /sipse/faces/index.xhtml HTTP/1.1" 200 677
186.28.136.245 - - [26/Mar/2024:05:17:05 -0500] "GET /sipse/faces/javax.faces.resource/theme.css?ln=primefaces-sipse HTTP/1.1" 304 -
186.28.136.245 - - [26/Mar/2024:05:17:05 -0500] "GET /sipse/faces/faces/autenticacion.xhtml HTTP/1.1" 200 12410
186.28.136.245 - - [26/Mar/2024:05:17:05 -0500] "GET /sipse/js/disable_browser_buttons.js HTTP/1.1" 304 -
186.28.136.245 - - [26/Mar/2024:05:17:05 -0500] "GET /sipse/faces/javax.faces.resource/theme.css?ln=primefaces-sipse HTTP/1.1" 304 -
186.28.136.245 - - [26/Mar/2024:05:17:05 -0500] "GET /sipse/faces/javax.faces.resource/layout/layout.css?ln=primefaces&v=4.0 HTTP/1.1" 304 -
186.28.136.245 - - [26/Mar/2024:05:17:05 -0500] "GET /sipse/js/funciones.js HTTP/1.1" 304 -
186.28.136.245 - - [26/Mar/2024:05:17:05 -0500] "GET /sipse/css/custom_css_sg.css HTTP/1.1" 304 -
186.28.136.245 - - [26/Mar/2024:05:17:05 -0500] "GET /sipse/css/custom_css_sg_prime_login.css HTTP/1.1" 304 -
186.28.136.245 - - [26/Mar/2024:05:17:05 -0500] "GET /sipse/faces/javax.faces.resource/primefaces.css?ln=primefaces&v=4.0 HTTP/1.1" 304 -
186.28.136.245 - - [26/Mar/2024:05:17:05 -0500] "GET /sipse/faces/javax.faces.resource/jquery/jquery-plugins.js?ln=primefaces&v=4.0 HTTP/1.1" 304 -
186.28.136.245 - - [26/Mar/2024:05:17:05 -0500] "GET /sipse/faces/javax.faces.resource/jquery/jquery.js?ln=primefaces&v=4.0 HTTP/1.1" 304 -
186.28.136.245 - - [26/Mar/2024:05:17:05 -0500] "GET /sipse/faces/javax.faces.resource/layout/layout.js?ln=primefaces&v=4.0 HTTP/1.1" 304 -
186.28.136.245 - - [26/Mar/2024:05:17:05 -0500] "GET /sipse/faces/javax.faces.resource/primefaces.js?ln=primefaces&v=4.0 HTTP/1.1" 304 -
186.28.136.245 - - [26/Mar/2024:05:17:06 -0500] "GET /sipse/css/imagen/loginimg.png HTTP/1.1" 304 -
186.28.136.245 - - [26/Mar/2024:05:17:06 -0500] "GET /sipse/css/imagen/logoSDG.png HTTP/1.1" 304 -
186.28.136.245 - - [26/Mar/2024:05:17:06 -0500] "GET /sipse/faces/javax.faces.resource/images/ui-icons_898989_256x240.png?ln=primefaces-aristo HTTP/1.1" 304 -
186.28.136.245 - - [26/Mar/2024:05:17:09 -0500] "POST /sipse/faces/autenticacion.xhtml HTTP/1.1" 200 2220
186.28.136.245 - - [26/Mar/2024:05:17:09 -0500] "GET /sipse/faces/javax.faces.resource/messages/messages.png?ln=primefaces&v=4.0 HTTP/1.1" 304 -
186.28.136.245 - - [26/Mar/2024:05:17:10 -0500] "POST /sipse/faces/autenticacion.xhtml HTTP/1.1" 200 16356
186.28.136.245 - - [26/Mar/2024:05:17:10 -0500] "GET /sipse/faces/javax.faces.resource/primefaces.css?ln=primefaces&v=4.0 HTTP/1.1" 304 -
186.28.136.245 - - [26/Mar/2024:05:17:10 -0500] "GET /sipse/faces/javax.faces.resource/layout/layout.css?ln=primefaces&v=4.0 HTTP/1.1" 304 -
186.28.136.245 - - [26/Mar/2024:05:17:10 -0500] "GET /sipse/css/custom_css_sg_prime.css HTTP/1.1" 304 -
186.28.136.245 - - [26/Mar/2024:05:17:10 -0500] "GET /sipse/faces/javax.faces.resource/theme.css?ln=primefaces-sipse HTTP/1.1" 304 -
186.28.136.245 - - [26/Mar/2024:05:17:10 -0500] "GET /sipse/js/jquery.min.js HTTP/1.1" 304 -
186.28.136.245 - - [26/Mar/2024:05:17:10 -0500] "GET /sipse/faces/javax.faces.resource/jquery/jquery.js?ln=primefaces&v=4.0 HTTP/1.1" 304 -
186.28.136.245 - - [26/Mar/2024:05:17:10 -0500] "GET /sipse/faces/javax.faces.resource/jquery/jquery-plugins.js?ln=primefaces&v=4.0 HTTP/1.1" 304 -
186.28.136.245 - - [26/Mar/2024:05:17:10 -0500] "GET /sipse/faces/javax.faces.resource/primefaces.js?ln=primefaces&v=4.0 HTTP/1.1" 304 -
186.28.136.245 - - [26/Mar/2024:05:17:10 -0500] "GET /sipse/faces/javax.faces.resource/layout/layout.js?ln=primefaces&v=4.0 HTTP/1.1" 304 -
186.28.136.245 - - [26/Mar/2024:05:17:10 -0500] "GET /sipse/css/v_mergente.css HTTP/1.1" 304 -
186.28.136.245 - - [26/Mar/2024:05:17:10 -0500] "GET /sipse/imagenes/cargando.gif HTTP/1.1" 304 -
186.28.136.245 - - [26/Mar/2024:05:17:10 -0500] "GET /sipse/imagenes/logoAplicacion.jpg HTTP/1.1" 304 -
186.28.136.245 - - [26/Mar/2024:05:17:10 -0500] "GET /sipse/css/imagen/contrasena.png HTTP/1.1" 404 383
186.28.136.245 - - [26/Mar/2024:05:17:12 -0500] "GET /sipse/faces/javax.faces.resource/images/ui-bg_flat_0_2d5972_40x100.png?ln=primefaces-aristo HTTP/1.1" 304 -
186.28.136.245 - - [26/Mar/2024:05:17:12 -0500] "POST /sipse/faces/bienvenido.xhtml HTTP/1.1" 200 2073
186.28.136.245 - - [26/Mar/2024:05:17:15 -0500] "POST /sipse/faces/bienvenido.xhtml HTTP/1.1" 200 38995
186.28.136.245 - - [26/Mar/2024:05:17:15 -0500] "GET /sipse/faces/javax.faces.resource/theme.css?ln=primefaces-sipse HTTP/1.1" 304 -
186.28.136.245 - - [26/Mar/2024:05:17:15 -0500] "GET /sipse/faces/javax.faces.resource/layout/layout.css?ln=primefaces&v=4.0 HTTP/1.1" 304 -
186.28.136.245 - - [26/Mar/2024:05:17:15 -0500] "GET /sipse/faces/javax.faces.resource/primefaces.css?ln=primefaces&v=4.0 HTTP/1.1" 304 -
186.28.136.245 - - [26/Mar/2024:05:17:15 -0500] "GET /sipse/faces/javax.faces.resource/jquery/jquery.js?ln=primefaces&v=4.0 HTTP/1.1" 304 -
186.28.136.245 - - [26/Mar/2024:05:17:15 -0500] "GET /sipse/faces/javax.faces.resource/jquery/jquery-plugins.js?ln=primefaces&v=4.0 HTTP/1.1" 304 -
186.28.136.245 - - [26/Mar/2024:05:17:15 -0500] "GET /sipse/faces/javax.faces.resource/primefaces.js?ln=primefaces&v=4.0 HTTP/1.1" 304 -
186.28.136.245 - - [26/Mar/2024:05:17:15 -0500] "GET /sipse/faces/javax.faces.resource/layout/layout.js?ln=primefaces&v=4.0 HTTP/1.1" 304 -
186.28.136.245 - - [26/Mar/2024:05:17:32 -0500] "POST /sipse/faces/presentacion/financiero/solicitudProceso/consultar.xhtml HTTP/1.1" 200 12830
186.28.136.245 - - [26/Mar/2024:05:17:49 -0500] "POST /sipse/faces/presentacion/financiero/solicitudProceso/consultar.xhtml HTTP/1.1" 200 12865
172.22.2.4 - - [26/Mar/2024:05:16:12 -0500] "GET /BLA/boletinlegal/ HTTP/1.1" 200 58720
186.28.136.245 - - [26/Mar/2024:05:18:30 -0500] "POST /sipse/faces/presentacion/financiero/solicitudProceso/consultar.xhtml HTTP/1.1" 200 12858
186.28.136.245 - - [26/Mar/2024:05:18:54 -0500] "POST /sipse/faces/presentacion/financiero/solicitudProceso/consultar.xhtml HTTP/1.1" 200 12909
186.28.136.245 - - [26/Mar/2024:05:19:11 -0500] "POST /sipse/faces/presentacion/financiero/solicitudProceso/consultar.xhtml HTTP/1.1" 200 139896
186.28.136.245 - - [26/Mar/2024:05:19:12 -0500] "GET /sipse/faces/javax.faces.resource/theme.css?ln=primefaces-sipse HTTP/1.1" 304 -
186.28.136.245 - - [26/Mar/2024:05:19:12 -0500] "GET /sipse/faces/javax.faces.resource/primefaces.css?ln=primefaces&v=4.0 HTTP/1.1" 304 -
186.28.136.245 - - [26/Mar/2024:05:19:12 -0500] "GET /sipse/faces/javax.faces.resource/layout/layout.css?ln=primefaces&v=4.0 HTTP/1.1" 304 -
186.28.136.245 - - [26/Mar/2024:05:19:13 -0500] "GET /sipse/faces/javax.faces.resource/jquery/jquery.js?ln=primefaces&v=4.0 HTTP/1.1" 304 -
186.28.136.245 - - [26/Mar/2024:05:19:13 -0500] "GET /sipse/faces/javax.faces.resource/jquery/jquery-plugins.js?ln=primefaces&v=4.0 HTTP/1.1" 304 -
186.28.136.245 - - [26/Mar/2024:05:19:13 -0500] "GET /sipse/faces/javax.faces.resource/primefaces.js?ln=primefaces&v=4.0 HTTP/1.1" 304 -
186.28.136.245 - - [26/Mar/2024:05:19:13 -0500] "GET /sipse/faces/javax.faces.resource/layout/layout.js?ln=primefaces&v=4.0 HTTP/1.1" 304 -
186.28.136.245 - - [26/Mar/2024:05:19:19 -0500] "POST /sipse/faces/presentacion/financiero/solicitudProceso/consultarSolicitudProceso.xhtml HTTP/1.1" 200 38108
186.28.136.245 - - [26/Mar/2024:05:19:20 -0500] "GET /sipse/faces/javax.faces.resource/theme.css?ln=primefaces-sipse HTTP/1.1" 304 -
186.28.136.245 - - [26/Mar/2024:05:19:20 -0500] "GET /sipse/faces/javax.faces.resource/layout/layout.css?ln=primefaces&v=4.0 HTTP/1.1" 304 -
186.28.136.245 - - [26/Mar/2024:05:19:20 -0500] "GET /sipse/faces/javax.faces.resource/primefaces.css?ln=primefaces&v=4.0 HTTP/1.1" 304 -
186.28.136.245 - - [26/Mar/2024:05:19:20 -0500] "GET /sipse/faces/javax.faces.resource/primefaces.js?ln=primefaces&v=4.0 HTTP/1.1" 304 -
186.28.136.245 - - [26/Mar/2024:05:19:20 -0500] "GET /sipse/faces/javax.faces.resource/jquery/jquery.js?ln=primefaces&v=4.0 HTTP/1.1" 304 -
186.28.136.245 - - [26/Mar/2024:05:19:20 -0500] "GET /sipse/faces/javax.faces.resource/jquery/jquery-plugins.js?ln=primefaces&v=4.0 HTTP/1.1" 304 -
186.28.136.245 - - [26/Mar/2024:05:19:20 -0500] "GET /sipse/faces/javax.faces.resource/layout/layout.js?ln=primefaces&v=4.0 HTTP/1.1" 304 -
201.245.192.253 - - [26/Mar/2024:05:19:36 -0500] "POST /kwsrmcab/Wsrmcab HTTP/1.1" 200 40042
201.245.192.253 - - [26/Mar/2024:05:19:36 -0500] "POST /kwsrmcab/Wsrmcab HTTP/1.1" 200 34111
216.245.221.92 - - [26/Mar/2024:05:19:43 -0500] "HEAD / HTTP/1.1" 200 -
201.245.192.253 - - [26/Mar/2024:05:20:13 -0500] "POST /kwsrmcab/Wsrmcab HTTP/1.1" 200 37914
186.28.136.245 - - [26/Mar/2024:05:20:20 -0500] "POST /sipse/faces/presentacion/financiero/solicitudProceso/consultarHistorialSolProceso.xhtml HTTP/1.1" 200 186026
186.28.136.245 - - [26/Mar/2024:05:20:21 -0500] "GET /sipse/faces/javax.faces.resource/theme.css?ln=primefaces-sipse HTTP/1.1" 304 -
186.28.136.245 - - [26/Mar/2024:05:20:21 -0500] "GET /sipse/faces/javax.faces.resource/layout/layout.css?ln=primefaces&v=4.0 HTTP/1.1" 304 -
186.28.136.245 - - [26/Mar/2024:05:20:21 -0500] "GET /sipse/faces/javax.faces.resource/primefaces.css?ln=primefaces&v=4.0 HTTP/1.1" 304 -
186.28.136.245 - - [26/Mar/2024:05:20:21 -0500] "GET /sipse/faces/javax.faces.resource/jquery/jquery.js?ln=primefaces&v=4.0 HTTP/1.1" 304 -
186.28.136.245 - - [26/Mar/2024:05:20:21 -0500] "GET /sipse/faces/javax.faces.resource/primefaces.js?ln=primefaces&v=4.0 HTTP/1.1" 304 -
186.28.136.245 - - [26/Mar/2024:05:20:21 -0500] "GET /sipse/faces/javax.faces.resource/layout/layout.js?ln=primefaces&v=4.0 HTTP/1.1" 304 -
186.28.136.245 - - [26/Mar/2024:05:20:21 -0500] "GET /sipse/faces/javax.faces.resource/jquery/jquery-plugins.js?ln=primefaces&v=4.0 HTTP/1.1" 304 -
3.212.128.62 - - [26/Mar/2024:05:20:21 -0500] "HEAD / HTTP/1.1" 200 -
198.235.24.142 - - [26/Mar/2024:05:20:23 -0500] "\x16\x03\x01" 400 226
198.235.24.142 - - [26/Mar/2024:05:20:23 -0500] "\x16\x03\x01" 400 226
201.245.192.253 - - [26/Mar/2024:05:20:38 -0500] "POST /kwsrmcab/Wsrmcab  HTTP/1.1" 200 39660
172.22.2.4 - - [26/Mar/2024:05:20:34 -0500] "GET /BLA/boletinlegal/index.php HTTP/1.1" 200 24523
201.245.192.253 - - [26/Mar/2024:05:21:23 -0500] "POST /kwsrmcab/Wsrmcab HTTP/1.1" 200 34111
186.28.136.245 - - [26/Mar/2024:05:21:53 -0500] "POST /sipse/faces/presentacion/financiero/solicitudProceso/consultarSolicitudProceso.xhtml HTTP/1.1" 200 42125
186.28.136.245 - - [26/Mar/2024:05:21:53 -0500] "GET /sipse/faces/javax.faces.resource/theme.css?ln=primefaces-sipse HTTP/1.1" 304 -
186.28.136.245 - - [26/Mar/2024:05:21:53 -0500] "GET /sipse/faces/javax.faces.resource/primefaces.css?ln=primefaces&v=4.0 HTTP/1.1" 304 -
186.28.136.245 - - [26/Mar/2024:05:21:53 -0500] "GET /sipse/faces/javax.faces.resource/layout/layout.css?ln=primefaces&v=4.0 HTTP/1.1" 304 -
186.28.136.245 - - [26/Mar/2024:05:21:53 -0500] "GET /sipse/faces/javax.faces.resource/jquery/jquery.js?ln=primefaces&v=4.0 HTTP/1.1" 304 -
186.28.136.245 - - [26/Mar/2024:05:21:53 -0500] "GET /sipse/faces/javax.faces.resource/jquery/jquery-plugins.js?ln=primefaces&v=4.0 HTTP/1.1" 304 -
186.28.136.245 - - [26/Mar/2024:05:21:53 -0500] "GET /sipse/faces/javax.faces.resource/primefaces.js?ln=primefaces&v=4.0 HTTP/1.1" 304 -
186.28.136.245 - - [26/Mar/2024:05:21:53 -0500] "GET /sipse/faces/javax.faces.resource/layout/layout.js?ln=primefaces&v=4.0 HTTP/1.1" 304 -
52.167.144.16 - - [26/Mar/2024:05:21:54 -0500] "GET /forest/ HTTP/1.1" 200 12041
186.28.136.245 - - [26/Mar/2024:05:21:57 -0500] "POST /sipse/faces/presentacion/financiero/solicitudProceso/consultar.xhtml HTTP/1.1" 200 12815
172.22.2.4 - - [26/Mar/2024:05:21:57 -0500] "GET /BLA/boletinlegal/normativa.php HTTP/1.1" 200 8397
186.28.136.245 - - [26/Mar/2024:05:22:15 -0500] "POST /sipse/faces/presentacion/financiero/solicitudProceso/consultar.xhtml HTTP/1.1" 200 12863
52.167.144.205 - - [26/Mar/2024:05:22:38 -0500] "GET /BLA/resoluciones/RESOLUCIONES%201997/0543.pdf HTTP/1.1" 200 38250
172.22.2.4 - - [26/Mar/2024:05:21:11 -0500] "HEAD /BLA/boletinlegal/ HTTP/1.1" 200 -
66.249.66.38 - - [26/Mar/2024:05:23:01 -0500] "GET /se-amplia-convocatoria-de-sembradoras-por-la-reactivaccion-para-que-20-organizaciones-ambientales-contraten-a-mas-de-mil-mujeres.html HTTP/1.1" 200 1100
172.22.2.4 - - [26/Mar/2024:05:23:05 -0500] "GET /BLA/boletinlegal/Directivas/2018/Directiva%20No.%2025%20del%2027%20de%20diciembre%20de%202018.pdf HTTP/1.1" 200 1351319
172.22.2.4 - - [26/Mar/2024:05:22:02 -0500] "GET /BLA/boletinlegal/ HTTP/1.1" 200 60380
47.128.20.75 - - [26/Mar/2024:05:24:18 -0500] "GET /BLA/resoluciones/dlf/pdf.gif HTTP/1.1" 200 272
47.128.20.75 - - [26/Mar/2024:05:24:18 -0500] "GET /BLA/resoluciones/dlf/dirup.png HTTP/1.1" 200 644
47.128.20.75 - - [26/Mar/2024:05:24:18 -0500] "GET /BLA/resoluciones/dlf/unknown.png HTTP/1.1" 200 266
47.128.20.75 - - [26/Mar/2024:05:24:17 -0500] "GET /BLA/resoluciones/index.php?dir=RESOLUCIONES%202016%2F&order=desc&sort=date HTTP/1.1" 200 172499
216.245.221.92 - - [26/Mar/2024:05:24:43 -0500] "HEAD / HTTP/1.1" 200 -
201.245.192.253 - - [26/Mar/2024:05:25:37 -0500] "POST /kwsrmcab/Wsrmcab  HTTP/1.1" 200 39660
40.77.167.54 - - [26/Mar/2024:05:25:46 -0500] "GET /planes-proyectos-y-estrategias-para-mejorar-la-calidad-del-aire-de-bogota.html HTTP/1.1" 200 757
172.22.2.4 - - [26/Mar/2024:05:26:07 -0500] "GET /BLA/boletinlegal/images/pdf.gif HTTP/1.1" 304 -
186.28.136.245 - - [26/Mar/2024:05:26:13 -0500] "POST /sipse/faces/presentacion/financiero/solicitudProceso/consultar.xhtml HTTP/1.1" 200 12834
186.28.136.245 - - [26/Mar/2024:05:26:29 -0500] "POST /sipse/faces/presentacion/financiero/solicitudProceso/consultar.xhtml HTTP/1.1" 200 12899
66.249.66.20 - - [26/Mar/2024:05:26:29 -0500] "GET /robots.txt HTTP/1.1" 404 1018
66.249.66.19 - - [26/Mar/2024:05:26:29 -0500] "GET /BLA/resoluciones/Notificaciones/AUTOS%202022/1431.pdf HTTP/1.1" 304 -
66.249.66.21 - - [26/Mar/2024:05:26:30 -0500] "GET /BLA/resoluciones/Notificaciones/AUTOS%202023/5561.pdf HTTP/1.1" 200 507338
172.22.2.4 - - [26/Mar/2024:05:24:51 -0500] "HEAD /BLA/boletinlegal/ HTTP/1.1" 200 -
186.28.136.245 - - [26/Mar/2024:05:26:50 -0500] "POST /sipse/faces/presentacion/financiero/solicitudProceso/consultar.xhtml HTTP/1.1" 200 12891
52.167.144.191 - - [26/Mar/2024:05:27:06 -0500] "GET /catalogoisis/index.php HTTP/1.1" 200 8575
172.22.2.4 - - [26/Mar/2024:05:25:27 -0500] "GET /BLA/boletinlegal/ HTTP/1.1" 200 57485
172.22.2.4 - - [26/Mar/2024:05:27:10 -0500] "GET /BLA/boletinlegal/Directivas/2011/Directiva%20No.%208%20del%2020%20de%20Septiembre%20de%202011.pdf HTTP/1.1" 200 727150
186.28.136.245 - - [26/Mar/2024:05:27:16 -0500] "POST /sipse/faces/presentacion/financiero/solicitudProceso/consultar.xhtml HTTP/1.1" 200 12899
186.28.136.245 - - [26/Mar/2024:05:27:36 -0500] "POST /sipse/faces/presentacion/financiero/solicitudProceso/consultar.xhtml HTTP/1.1" 200 12891
216.244.66.195 - - [26/Mar/2024:05:27:44 -0500] "GET /BLA/resoluciones/RESOLUCIONES%202024/00432.pdf HTTP/1.1" 200 512995
186.28.136.245 - - [26/Mar/2024:05:27:58 -0500] "POST /sipse/faces/presentacion/financiero/solicitudProceso/consultar.xhtml HTTP/1.1" 200 12880
186.28.136.245 - - [26/Mar/2024:05:28:38 -0500] "POST /sipse/faces/presentacion/financiero/solicitudProceso/consultar.xhtml HTTP/1.1" 200 12944
172.22.2.4 - - [26/Mar/2024:05:27:01 -0500] "HEAD /BLA/boletinlegal/ HTTP/1.1" 200 -
47.128.33.138 - - [26/Mar/2024:05:28:43 -0500] "GET /BLA/resoluciones/AUTOS%202021/0245.php?act=f&d=E%3A%5Cnuevo%5Chtdocs%5CBLA%5Cresoluciones%5CAUTOS+2021%5C&f=2609.pdf&ft=ini HTTP/1.1" 200 3015
47.128.33.138 - - [26/Mar/2024:05:28:44 -0500] "GET /BLA/resoluciones/AUTOS%202021/0245.php?act=img&img=change HTTP/1.1" 200 290
47.128.33.138 - - [26/Mar/2024:05:28:44 -0500] "GET /BLA/resoluciones/AUTOS%202021/0245.php?act=img&img=ext_pdf HTTP/1.1" 200 1034
47.128.33.138 - - [26/Mar/2024:05:28:44 -0500] "GET /BLA/resoluciones/AUTOS%202021/0245.php?act=img&img=ext_diz HTTP/1.1" 200 1027
47.128.33.138 - - [26/Mar/2024:05:28:44 -0500] "GET /BLA/resoluciones/AUTOS%202021/0245.php?act=img&img=ext_rtf HTTP/1.1" 200 164
47.128.33.138 - - [26/Mar/2024:05:28:44 -0500] "GET /BLA/resoluciones/AUTOS%202021/0245.php?act=img&img=ext_exe HTTP/1.1" 200 118
47.128.33.138 - - [26/Mar/2024:05:28:44 -0500] "GET /BLA/resoluciones/AUTOS%202021/0245.php?act=img&img=ext_gif HTTP/1.1" 200 175
47.128.33.138 - - [26/Mar/2024:05:28:44 -0500] "GET /BLA/resoluciones/AUTOS%202021/0245.php?act=img&img=ext_ini HTTP/1.1" 200 134
47.128.33.138 - - [26/Mar/2024:05:28:44 -0500] "GET /BLA/resoluciones/AUTOS%202021/0245.php?act=img&img=ext_html HTTP/1.1" 200 230
47.128.33.138 - - [26/Mar/2024:05:28:44 -0500] "GET /BLA/resoluciones/AUTOS%202021/0245.php?act=img&img=download HTTP/1.1" 200 161
47.128.33.138 - - [26/Mar/2024:05:28:44 -0500] "GET /BLA/resoluciones/AUTOS%202021/0245.php?act=img&img=ext_txt HTTP/1.1" 200 132
186.28.136.245 - - [26/Mar/2024:05:29:07 -0500] "POST /sipse/faces/presentacion/financiero/solicitudProceso/consultar.xhtml HTTP/1.1" 200 12862
172.22.2.4 - - [26/Mar/2024:05:27:52 -0500] "GET /BLA/boletinlegal/ HTTP/1.1" 200 58273
186.28.136.245 - - [26/Mar/2024:05:29:35 -0500] "POST /sipse/faces/presentacion/financiero/solicitudProceso/consultar.xhtml HTTP/1.1" 200 12944
201.245.192.253 - - [26/Mar/2024:05:29:35 -0500] "POST /kwsrmcab/Wsrmcab HTTP/1.1" 200 40042
201.245.192.253 - - [26/Mar/2024:05:29:36 -0500] "POST /kwsrmcab/Wsrmcab HTTP/1.1" 200 34111
216.245.221.92 - - [26/Mar/2024:05:29:43 -0500] "HEAD / HTTP/1.1" 200 -
186.28.136.245 - - [26/Mar/2024:05:29:57 -0500] "POST /sipse/faces/presentacion/financiero/solicitudProceso/consultar.xhtml HTTP/1.1" 200 12874
201.245.192.253 - - [26/Mar/2024:05:30:14 -0500] "POST /kwsrmcab/Wsrmcab HTTP/1.1" 200 37914
186.28.136.245 - - [26/Mar/2024:05:30:14 -0500] "POST /sipse/faces/presentacion/financiero/solicitudProceso/consultar.xhtml HTTP/1.1" 200 12944
52.167.144.200 - - [26/Mar/2024:05:30:19 -0500] "GET /BLA/resoluciones/RESOLUCIONES%202023/02779.pdf HTTP/1.1" 200 454143
186.28.136.245 - - [26/Mar/2024:05:30:35 -0500] "POST /sipse/faces/presentacion/financiero/solicitudProceso/consultar.xhtml HTTP/1.1" 200 12864
201.245.192.253 - - [26/Mar/2024:05:30:36 -0500] "POST /kwsrmcab/Wsrmcab  HTTP/1.1" 200 39660
186.28.136.245 - - [26/Mar/2024:05:30:57 -0500] "POST /sipse/faces/presentacion/financiero/solicitudProceso/consultar.xhtml HTTP/1.1" 200 12855
201.245.192.253 - - [26/Mar/2024:05:31:23 -0500] "POST /kwsrmcab/Wsrmcab HTTP/1.1" 200 34111
186.28.136.245 - - [26/Mar/2024:05:31:29 -0500] "POST /sipse/faces/presentacion/financiero/solicitudProceso/consultar.xhtml HTTP/1.1" 200 12890
216.244.66.195 - - [26/Mar/2024:05:31:44 -0500] "GET /BLA/resoluciones/index.php?dir=RESOLUCIONES+2002%2FRES+2002+501-550%2F HTTP/1.1" 200 12510
186.28.136.245 - - [26/Mar/2024:05:31:55 -0500] "POST /sipse/faces/presentacion/financiero/solicitudProceso/consultar.xhtml HTTP/1.1" 200 12952
186.28.136.245 - - [26/Mar/2024:05:32:16 -0500] "POST /sipse/faces/presentacion/financiero/solicitudProceso/consultar.xhtml HTTP/1.1" 200 12835
186.28.136.245 - - [26/Mar/2024:05:32:35 -0500] "POST /sipse/faces/presentacion/financiero/solicitudProceso/consultar.xhtml HTTP/1.1" 200 12841
40.77.167.143 - - [26/Mar/2024:05:32:36 -0500] "GET /BLA/resoluciones/AUTOS%202019/2719.pdf HTTP/1.1" 304 -
186.28.136.245 - - [26/Mar/2024:05:32:49 -0500] "POST /sipse/faces/presentacion/financiero/solicitudProceso/consultar.xhtml HTTP/1.1" 200 12887
66.249.66.21 - - [26/Mar/2024:05:32:50 -0500] "GET /BLA/resoluciones/RESOLUCIONES%202021/5262.pdf HTTP/1.1" 200 370932
186.28.136.245 - - [26/Mar/2024:05:32:58 -0500] "POST /sipse/faces/presentacion/financiero/solicitudProceso/consultar.xhtml HTTP/1.1" 200 130957
186.28.136.245 - - [26/Mar/2024:05:32:59 -0500] "GET /sipse/faces/javax.faces.resource/theme.css?ln=primefaces-sipse HTTP/1.1" 304 -
186.28.136.245 - - [26/Mar/2024:05:32:59 -0500] "GET /sipse/faces/javax.faces.resource/layout/layout.css?ln=primefaces&v=4.0 HTTP/1.1" 304 -
186.28.136.245 - - [26/Mar/2024:05:32:59 -0500] "GET /sipse/faces/javax.faces.resource/primefaces.css?ln=primefaces&v=4.0 HTTP/1.1" 304 -
186.28.136.245 - - [26/Mar/2024:05:32:59 -0500] "GET /sipse/css/imagen/contrasena.png HTTP/1.1" 404 383
186.28.136.245 - - [26/Mar/2024:05:32:59 -0500] "GET /sipse/faces/javax.faces.resource/jquery/jquery.js?ln=primefaces&v=4.0 HTTP/1.1" 304 -
186.28.136.245 - - [26/Mar/2024:05:32:59 -0500] "GET /sipse/faces/javax.faces.resource/jquery/jquery-plugins.js?ln=primefaces&v=4.0 HTTP/1.1" 304 -
186.28.136.245 - - [26/Mar/2024:05:32:59 -0500] "GET /sipse/faces/javax.faces.resource/primefaces.js?ln=primefaces&v=4.0 HTTP/1.1" 304 -
186.28.136.245 - - [26/Mar/2024:05:32:59 -0500] "GET /sipse/faces/javax.faces.resource/layout/layout.js?ln=primefaces&v=4.0 HTTP/1.1" 304 -
186.28.136.245 - - [26/Mar/2024:05:33:00 -0500] "GET /sipse/faces/javax.faces.resource/images/ui-icons_898989_256x240.png?ln=primefaces-aristo HTTP/1.1" 304 -
186.28.136.245 - - [26/Mar/2024:05:33:03 -0500] "POST /sipse/faces/presentacion/financiero/solicitudProceso/consultarSolicitudProceso.xhtml HTTP/1.1" 200 36316
186.28.136.245 - - [26/Mar/2024:05:33:03 -0500] "GET /sipse/faces/javax.faces.resource/primefaces.css?ln=primefaces&v=4.0 HTTP/1.1" 304 -
186.28.136.245 - - [26/Mar/2024:05:33:03 -0500] "GET /sipse/faces/javax.faces.resource/layout/layout.css?ln=primefaces&v=4.0 HTTP/1.1" 304 -
186.28.136.245 - - [26/Mar/2024:05:33:03 -0500] "GET /sipse/faces/javax.faces.resource/theme.css?ln=primefaces-sipse HTTP/1.1" 304 -
186.28.136.245 - - [26/Mar/2024:05:33:03 -0500] "GET /sipse/faces/javax.faces.resource/jquery/jquery-plugins.js?ln=primefaces&v=4.0 HTTP/1.1" 304 -
186.28.136.245 - - [26/Mar/2024:05:33:03 -0500] "GET /sipse/faces/javax.faces.resource/jquery/jquery.js?ln=primefaces&v=4.0 HTTP/1.1" 304 -
186.28.136.245 - - [26/Mar/2024:05:33:03 -0500] "GET /sipse/faces/javax.faces.resource/primefaces.js?ln=primefaces&v=4.0 HTTP/1.1" 304 -
186.28.136.245 - - [26/Mar/2024:05:33:03 -0500] "GET /sipse/faces/javax.faces.resource/layout/layout.js?ln=primefaces&v=4.0 HTTP/1.1" 304 -
186.28.136.245 - - [26/Mar/2024:05:33:03 -0500] "GET /sipse/css/imagen/contrasena.png HTTP/1.1" 404 383
172.22.2.4 - - [26/Mar/2024:05:32:51 -0500] "HEAD /BLA/boletinlegal/ HTTP/1.1" 200 -
216.245.221.92 - - [26/Mar/2024:05:34:43 -0500] "HEAD / HTTP/1.1" 200 -
172.22.2.4 - - [26/Mar/2024:05:33:42 -0500] "GET /BLA/boletinlegal/ HTTP/1.1" 200 56191
201.245.192.253 - - [26/Mar/2024:05:35:35 -0500] "POST /kwsrmcab/Wsrmcab  HTTP/1.1" 200 39660
216.244.66.195 - - [26/Mar/2024:05:36:40 -0500] "GET /BLA/resoluciones/AUTOS%202019/0625.pdf HTTP/1.1" 200 301825
172.22.2.4 - - [26/Mar/2024:05:36:55 -0500] "GET /BLA/boletinlegal/jurisprudencia/analisis/AnalisisT-606-15.docx HTTP/1.1" 304 -
216.244.66.195 - - [26/Mar/2024:05:37:10 -0500] "GET /BLA/resoluciones/AUTOS%202019/1498.pdf HTTP/1.1" 200 266688
216.244.66.195 - - [26/Mar/2024:05:37:38 -0500] "GET /BLA/resoluciones/AUTOS%202019/1558.pdf HTTP/1.1" 200 266757
216.244.66.195 - - [26/Mar/2024:05:38:08 -0500] "GET /BLA/resoluciones/AUTOS%202019/2348.pdf HTTP/1.1" 200 263987
186.28.136.245 - - [26/Mar/2024:05:38:22 -0500] "GET /sipse/faces/javax.faces.resource/images/ui-icons_898989_256x240.png?ln=primefaces-aristo HTTP/1.1" 304 -
186.28.136.245 - - [26/Mar/2024:05:38:22 -0500] "POST /sipse/faces/presentacion/financiero/solicitudProceso/consultarHistorialSolProceso.xhtml HTTP/1.1" 200 177087
186.28.136.245 - - [26/Mar/2024:05:38:23 -0500] "GET /sipse/faces/javax.faces.resource/theme.css?ln=primefaces-sipse HTTP/1.1" 304 -
186.28.136.245 - - [26/Mar/2024:05:38:23 -0500] "GET /sipse/faces/javax.faces.resource/primefaces.css?ln=primefaces&v=4.0 HTTP/1.1" 304 -
186.28.136.245 - - [26/Mar/2024:05:38:23 -0500] "GET /sipse/faces/javax.faces.resource/layout/layout.css?ln=primefaces&v=4.0 HTTP/1.1" 304 -
186.28.136.245 - - [26/Mar/2024:05:38:23 -0500] "GET /sipse/faces/javax.faces.resource/jquery/jquery.js?ln=primefaces&v=4.0 HTTP/1.1" 304 -
186.28.136.245 - - [26/Mar/2024:05:38:23 -0500] "GET /sipse/faces/javax.faces.resource/primefaces.js?ln=primefaces&v=4.0 HTTP/1.1" 304 -
186.28.136.245 - - [26/Mar/2024:05:38:23 -0500] "GET /sipse/faces/javax.faces.resource/jquery/jquery-plugins.js?ln=primefaces&v=4.0 HTTP/1.1" 304 -
186.28.136.245 - - [26/Mar/2024:05:38:23 -0500] "GET /sipse/faces/javax.faces.resource/layout/layout.js?ln=primefaces&v=4.0 HTTP/1.1" 304 -
186.28.136.245 - - [26/Mar/2024:05:38:23 -0500] "GET /sipse/css/imagen/contrasena.png HTTP/1.1" 404 383
186.28.136.245 - - [26/Mar/2024:05:38:23 -0500] "GET /sipse/faces/javax.faces.resource/images/ui-icons_898989_256x240.png?ln=primefaces-aristo HTTP/1.1" 304 -
51.222.253.9 - - [26/Mar/2024:05:38:28 -0500] "GET /robots.txt HTTP/1.1" 404 1018
216.244.66.195 - - [26/Mar/2024:05:38:34 -0500] "GET /BLA/resoluciones/AUTOS%202019/2647.pdf HTTP/1.1" 200 269423
40.77.167.2 - - [26/Mar/2024:05:38:55 -0500] "GET /BLA/resoluciones/AUTOS%202023/3859.pdf HTTP/1.1" 200 3905756
216.244.66.195 - - [26/Mar/2024:05:39:01 -0500] "GET /BLA/resoluciones/AUTOS%202019/4085.pdf HTTP/1.1" 200 237509
186.28.136.245 - - [26/Mar/2024:05:39:02 -0500] "GET /sipse/faces/javax.faces.resource/images/ui-bg_flat_0_2d5972_40x100.png?ln=primefaces-aristo HTTP/1.1" 304 -
186.28.136.245 - - [26/Mar/2024:05:39:02 -0500] "POST /sipse/faces/presentacion/financiero/solicitudProceso/consultarSolicitudProceso.xhtml HTTP/1.1" 200 42103
186.28.136.245 - - [26/Mar/2024:05:39:02 -0500] "GET /sipse/faces/javax.faces.resource/theme.css?ln=primefaces-sipse HTTP/1.1" 304 -
186.28.136.245 - - [26/Mar/2024:05:39:02 -0500] "GET /sipse/faces/javax.faces.resource/primefaces.css?ln=primefaces&v=4.0 HTTP/1.1" 304 -
186.28.136.245 - - [26/Mar/2024:05:39:02 -0500] "GET /sipse/faces/javax.faces.resource/layout/layout.css?ln=primefaces&v=4.0 HTTP/1.1" 304 -
186.28.136.245 - - [26/Mar/2024:05:39:02 -0500] "GET /sipse/faces/javax.faces.resource/jquery/jquery.js?ln=primefaces&v=4.0 HTTP/1.1" 304 -
186.28.136.245 - - [26/Mar/2024:05:39:02 -0500] "GET /sipse/faces/javax.faces.resource/jquery/jquery-plugins.js?ln=primefaces&v=4.0 HTTP/1.1" 304 -
186.28.136.245 - - [26/Mar/2024:05:39:02 -0500] "GET /sipse/faces/javax.faces.resource/primefaces.js?ln=primefaces&v=4.0 HTTP/1.1" 304 -
186.28.136.245 - - [26/Mar/2024:05:39:02 -0500] "GET /sipse/faces/javax.faces.resource/layout/layout.js?ln=primefaces&v=4.0 HTTP/1.1" 304 -
186.28.136.245 - - [26/Mar/2024:05:39:03 -0500] "GET /sipse/css/imagen/contrasena.png HTTP/1.1" 404 383
186.28.136.245 - - [26/Mar/2024:05:39:06 -0500] "POST /sipse/faces/presentacion/financiero/solicitudProceso/consultar.xhtml HTTP/1.1" 200 12863
216.244.66.195 - - [26/Mar/2024:05:39:26 -0500] "GET /BLA/resoluciones/AUTOS%202019/4164.pdf HTTP/1.1" 200 279236
186.28.136.245 - - [26/Mar/2024:05:39:29 -0500] "POST /sipse/faces/presentacion/financiero/solicitudProceso/consultar.xhtml HTTP/1.1" 200 12841
